58.39.139.200 - - [19/Sep/2021:10:02:50 +0800] "GET /xingrg/all/function/internal_message.html?_=1632016916500&CODE_STATE=getMsg HTTP/1.1" 302 -
58.39.139.200 - - [19/Sep/2021:10:02:53 +0800] "GET /xingrg/all/function/internal_message.html?_=1632016973353&CODE_STATE=getMsg HTTP/1.1" 200 27
101.85.93.96 - - [19/Sep/2021:10:02:56 +0800] "GET /xingrg/kc/buy/cgsh_order_operate.html?command=get_materiel&rest_code=00142&code=00101016057&supplier_code=00100161&order_time=2021-09-19 HTTP/1.1" 200 408
222.70.246.151 - - [19/Sep/2021:10:02:59 +0800] "GET /xingrg/all/function/internal_message.html?_=1632017003319&CODE_STATE=getMsg HTTP/1.1" 200 27
180.152.125.3 - - [19/Sep/2021:10:03:01 +0800] "GET /xingrg/all/function/internal_message.html?_=1632016957574&CODE_STATE=getMsg HTTP/1.1" 200 27
114.85.125.222 - - [19/Sep/2021:10:03:03 +0800] "GET /xingrg/check_reg.html?_=1632016964048 HTTP/1.1" 200 22
101.85.93.96 - - [19/Sep/2021:10:03:04 +0800] "GET /xingrg/kc/buy/cgsh_order_operate.html?command=get_materiel&rest_code=00142&code=00101008169&supplier_code=00100161&order_time=2021-09-19 HTTP/1.1" 200 412
124.79.246.142 - - [19/Sep/2021:10:03:13 +0800] "POST /xingrg/services/DataTransmitService HTTP/1.1" 200 524
124.79.246.142 - - [19/Sep/2021:10:03:14 +0800] "POST /xingrg/services/DataTransmitService HTTP/1.1" 200 2235
124.79.246.142 - - [19/Sep/2021:10:03:14 +0800] "POST /xingrg/services/DataTransmitService HTTP/1.1" 200 126691
114.85.125.222 - - [19/Sep/2021:10:03:14 +0800] "GET /xingrg/all/function/internal_message.html?_=1632016975451&CODE_STATE=getMsg HTTP/1.1" 200 27
58.40.7.146 - - [19/Sep/2021:10:03:18 +0800] "GET /xingrg/all/function/internal_message.html?_=1632016997036&CODE_STATE=getMsg HTTP/1.1" 200 27
222.70.179.190 - - [19/Sep/2021:10:03:18 +0800] "GET /xingrg/all/function/internal_message.html?_=1632016996797&CODE_STATE=getMsg HTTP/1.1" 200 27
116.238.248.233 - - [19/Sep/2021:10:03:20 +0800] "GET /xingrg/all/function/internal_message.html?_=1632016998436&CODE_STATE=getMsg HTTP/1.1" 200 27
101.85.93.96 - - [19/Sep/2021:10:03:24 +0800] "GET /xingrg/kc/buy/cgsh_order_operate.html?command=get_materiel&rest_code=00142&code=00101008210&supplier_code=00100161&order_time=2021-09-19 HTTP/1.1" 200 408
101.89.239.120 - - [19/Sep/2021:10:03:27 +0800] "GET /xingrg/all/function/internal_message.html?_=1632016941696&CODE_STATE=getMsg HTTP/1.1" 302 -
116.237.74.154 - - [19/Sep/2021:10:03:27 +0800] "GET /xingrg/all/function/internal_message.html?_=1632017001705&CODE_STATE=getMsg HTTP/1.1" 200 27
116.237.74.154 - - [19/Sep/2021:10:03:27 +0800] "GET /xingrg/check_reg.html?_=1632017001752 HTTP/1.1" 200 22
116.228.172.94 - - [19/Sep/2021:10:03:28 +0800] "GET /xingrg/all/function/internal_message.html?_=1632017010625&CODE_STATE=getMsg HTTP/1.1" 200 27
101.89.239.120 - - [19/Sep/2021:10:03:28 +0800] "GET /xingrg/login.html HTTP/1.1" 200 7641
116.232.53.102 - - [19/Sep/2021:10:03:29 +0800] "GET /xingrg/all/function/internal_message.html?_=1632017009254&CODE_STATE=getMsg HTTP/1.1" 200 27
61.151.178.163 - - [19/Sep/2021:10:03:32 +0800] "GET /xingrg/kc/buy/cgsh_order_operate.html?command=get_materiel&rest_code=00106&code=00101008301&supplier_code=00100007&order_time=2021-09-19 HTTP/1.1" 302 -
116.230.105.26 - - [19/Sep/2021:10:03:33 +0800] "GET /xingrg/all/function/internal_message.html?_=1632016994956&CODE_STATE=getMsg HTTP/1.1" 200 27
222.69.130.83 - - [19/Sep/2021:10:03:34 +0800] "GET /xingrg/check_reg.html?_=1632017012136 HTTP/1.1" 200 22
61.151.178.163 - - [19/Sep/2021:10:03:34 +0800] "GET /xingrg/login.html HTTP/1.1" 200 7641
101.85.93.96 - - [19/Sep/2021:10:03:35 +0800] "GET /xingrg/kc/buy/cgsh_order_operate.html?command=get_materiel&rest_code=00142&code=00101008137&supplier_code=00100161&order_time=2021-09-19 HTTP/1.1" 200 408
101.85.93.96 - - [19/Sep/2021:10:03:36 +0800] "GET /xingrg/check_reg.html?_=1632016927038 HTTP/1.1" 200 22
101.85.93.96 - - [19/Sep/2021:10:03:36 +0800] "GET /xingrg/all/function/internal_message.html?_=1632016927101&CODE_STATE=getMsg HTTP/1.1" 200 27
101.89.239.245 - - [19/Sep/2021:10:03:40 +0800] "GET /xingrg/kc/buy/cgsh_order_operate.html?command=get_materiel&rest_code=00106&code=00101008415&supplier_code=00100007&order_time=2021-09-19 HTTP/1.1" 302 -
101.89.239.245 - - [19/Sep/2021:10:03:40 +0800] "GET /xingrg/login.html HTTP/1.1" 200 7641
180.169.147.146 - - [19/Sep/2021:10:03:40 +0800] "GET /xingrg/all/function/internal_message.html?_=1632017019564&CODE_STATE=getMsg HTTP/1.1" 200 27
101.85.93.96 - - [19/Sep/2021:10:03:42 +0800] "POST /xingrg/kc/buy/cgsh_order_operate.html HTTP/1.1" 200 2065
222.69.130.83 - - [19/Sep/2021:10:03:47 +0800] "GET /xingrg/all/function/internal_message.html?_=1632017025852&CODE_STATE=getMsg HTTP/1.1" 200 27
101.85.93.96 - - [19/Sep/2021:10:03:48 +0800] "GET /xingrg/kc/buy/cgsh_order_operate.html?command=get_materiel&rest_code=00142&code=00101008298&supplier_code=00100161&order_time=2021-09-19 HTTP/1.1" 200 412
116.237.74.154 - - [19/Sep/2021:10:03:50 +0800] "POST /xingrg/kc/buy/cgsh_order_operate.html HTTP/1.1" 200 2065
58.39.139.200 - - [19/Sep/2021:10:03:50 +0800] "GET /xingrg/all/function/internal_message.html?_=1632016976505&CODE_STATE=getMsg HTTP/1.1" 302 -
58.39.139.200 - - [19/Sep/2021:10:03:53 +0800] "GET /xingrg/check_reg.html?_=1632017033354 HTTP/1.1" 200 22
58.39.139.200 - - [19/Sep/2021:10:03:53 +0800] "GET /xingrg/all/function/internal_message.html?_=1632017033357&CODE_STATE=getMsg HTTP/1.1" 200 27
222.70.246.151 - - [19/Sep/2021:10:03:59 +0800] "GET /xingrg/all/function/internal_message.html?_=1632017063338&CODE_STATE=getMsg HTTP/1.1" 200 27
101.85.93.96 - - [19/Sep/2021:10:04:00 +0800] "GET /xingrg/kc/buy/cgsh_order_operate.html?command=get_materiel&rest_code=00142&code=00101008354&supplier_code=00100161&order_time=2021-09-19 HTTP/1.1" 200 412
180.152.125.3 - - [19/Sep/2021:10:04:01 +0800] "GET /xingrg/all/function/internal_message.html?_=1632017017591&CODE_STATE=getMsg HTTP/1.1" 200 27
116.237.74.154 - - [19/Sep/2021:10:04:04 +0800] "GET /xingrg/kc/buy/cgsh_order_operate.html?command=get_materiel&rest_code=00106&code=00101008295&supplier_code=00100007&order_time=2021-09-19 HTTP/1.1" 200 412
101.85.93.96 - - [19/Sep/2021:10:04:08 +0800] "GET /xingrg/kc/buy/cgsh_order_operate.html?command=get_materiel&rest_code=00142&code=00101015070&supplier_code=00100161&order_time=2021-09-19 HTTP/1.1" 200 413
114.85.125.222 - - [19/Sep/2021:10:04:14 +0800] "GET /xingrg/all/function/internal_message.html?_=1632017035465&CODE_STATE=getMsg HTTP/1.1" 200 27
58.40.7.146 - - [19/Sep/2021:10:04:18 +0800] "GET /xingrg/all/function/internal_message.html?_=1632017057039&CODE_STATE=getMsg HTTP/1.1" 200 27
58.40.7.146 - - [19/Sep/2021:10:04:18 +0800] "GET /xingrg/check_reg.html?_=1632017057040 HTTP/1.1" 200 22
222.70.179.190 - - [19/Sep/2021:10:04:18 +0800] "GET /xingrg/all/function/internal_message.html?_=1632017056767&CODE_STATE=getMsg HTTP/1.1" 200 27
116.238.248.233 - - [19/Sep/2021:10:04:20 +0800] "GET /xingrg/all/function/internal_message.html?_=1632017058442&CODE_STATE=getMsg HTTP/1.1" 200 27
116.238.248.233 - - [19/Sep/2021:10:04:20 +0800] "GET /xingrg/check_reg.html?_=1632017058444 HTTP/1.1" 200 22
61.151.179.84 - - [19/Sep/2021:10:04:27 +0800] "GET /xingrg/check_reg.html?_=1632017001752 HTTP/1.1" 302 -
116.237.74.154 - - [19/Sep/2021:10:04:27 +0800] "GET /xingrg/all/function/internal_message.html?_=1632017061697&CODE_STATE=getMsg HTTP/1.1" 200 27
116.228.172.94 - - [19/Sep/2021:10:04:28 +0800] "GET /xingrg/all/function/internal_message.html?_=1632017070599&CODE_STATE=getMsg HTTP/1.1" 200 27
61.151.179.84 - - [19/Sep/2021:10:04:28 +0800] "GET /xingrg/login.html HTTP/1.1" 200 7641
116.232.53.102 - - [19/Sep/2021:10:04:29 +0800] "GET /xingrg/all/function/internal_message.html?_=1632017069256&CODE_STATE=getMsg HTTP/1.1" 200 27
116.232.53.102 - - [19/Sep/2021:10:04:29 +0800] "GET /xingrg/check_reg.html?_=1632017069258 HTTP/1.1" 200 22
116.230.105.26 - - [19/Sep/2021:10:04:33 +0800] "GET /xingrg/all/function/internal_message.html?_=1632017054973&CODE_STATE=getMsg HTTP/1.1" 200 27
101.85.93.96 - - [19/Sep/2021:10:04:36 +0800] "GET /xingrg/all/function/internal_message.html?_=1632016987088&CODE_STATE=getMsg HTTP/1.1" 200 27
180.169.147.146 - - [19/Sep/2021:10:04:40 +0800] "GET /xingrg/check_reg.html?_=1632017079563 HTTP/1.1" 200 22
180.169.147.146 - - [19/Sep/2021:10:04:40 +0800] "GET /xingrg/all/function/internal_message.html?_=1632017079565&CODE_STATE=getMsg HTTP/1.1" 200 27
222.69.130.83 - - [19/Sep/2021:10:04:47 +0800] "GET /xingrg/all/function/internal_message.html?_=1632017085829&CODE_STATE=getMsg HTTP/1.1" 200 27
58.39.139.200 - - [19/Sep/2021:10:04:50 +0800] "GET /xingrg/all/function/internal_message.html?_=1632017036491&CODE_STATE=getMsg HTTP/1.1" 302 -
101.85.93.96 - - [19/Sep/2021:10:04:53 +0800] "GET /xingrg/kc/buy/cgsh_order_operate.html?command=get_materiel&rest_code=00142&code=00101008323&supplier_code=00100161&order_time=2021-09-19 HTTP/1.1" 200 408
58.39.139.200 - - [19/Sep/2021:10:04:53 +0800] "GET /xingrg/all/function/internal_message.html?_=1632017093353&CODE_STATE=getMsg HTTP/1.1" 200 27
222.70.246.151 - - [19/Sep/2021:10:04:59 +0800] "GET /xingrg/all/function/internal_message.html?_=1632017123346&CODE_STATE=getMsg HTTP/1.1" 200 27
180.152.125.3 - - [19/Sep/2021:10:05:01 +0800] "GET /xingrg/all/function/internal_message.html?_=1632017077781&CODE_STATE=getMsg HTTP/1.1" 200 27
101.85.93.96 - - [19/Sep/2021:10:05:02 +0800] "GET /xingrg/kc/buy/cgsh_order_operate.html?command=get_materiel&rest_code=00142&code=00101008352&supplier_code=00100161&order_time=2021-09-19 HTTP/1.1" 200 412
180.152.125.3 - - [19/Sep/2021:10:05:05 +0800] "GET /xingrg/login.html HTTP/1.1" 200 7641
180.152.125.3 - - [19/Sep/2021:10:05:05 +0800] "GET /favicon.ico HTTP/1.1" 404 -
101.85.93.96 - - [19/Sep/2021:10:05:07 +0800] "POST /xingrg/kc/buy/cgsh_order_operate.html HTTP/1.1" 200 2065
222.69.130.83 - - [19/Sep/2021:10:05:09 +0800] "GET /xingrg/kc/buy/cgsh_order_add.html HTTP/1.1" 200 63535
222.69.130.83 - - [19/Sep/2021:10:05:10 +0800] "POST /xingrg/kc/buy/cgsh_order_operate.html HTTP/1.1" 200 8245
222.69.130.83 - - [19/Sep/2021:10:05:10 +0800] "GET /xingrg/javascript/easyui/themes/default/validatebox.css HTTP/1.1" 404 1104
101.85.93.96 - - [19/Sep/2021:10:05:13 +0800] "GET /xingrg/kc/buy/cgsh_order_operate.html?command=get_materiel&rest_code=00142&code=00101012024&supplier_code=00100161&order_time=2021-09-19 HTTP/1.1" 200 408
114.85.125.222 - - [19/Sep/2021:10:05:14 +0800] "GET /xingrg/all/function/internal_message.html?_=1632017095486&CODE_STATE=getMsg HTTP/1.1" 200 27
58.40.7.146 - - [19/Sep/2021:10:05:18 +0800] "GET /xingrg/all/function/internal_message.html?_=1632017117043&CODE_STATE=getMsg HTTP/1.1" 200 27
222.70.179.190 - - [19/Sep/2021:10:05:18 +0800] "GET /xingrg/all/function/internal_message.html?_=1632017116753&CODE_STATE=getMsg HTTP/1.1" 200 27
180.152.125.3 - - [19/Sep/2021:10:05:19 +0800] "POST /xingrg/login.do HTTP/1.1" 302 -
180.152.125.3 - - [19/Sep/2021:10:05:19 +0800] "GET /xingrg/index.html?sysBaseUrl=http%3A%2F%2F180.169.147.146%3A18081%2Fxingrg%2F&costTime=38×tamp=1632017119376 HTTP/1.1" 200 17173
180.152.125.3 - - [19/Sep/2021:10:05:19 +0800] "GET /xingrg/css/form.css HTTP/1.1" 304 -
180.152.125.3 - - [19/Sep/2021:10:05:19 +0800] "GET /xingrg/javascript/jquery_easy_ui/themes/icon.css HTTP/1.1" 304 -
180.152.125.3 - - [19/Sep/2021:10:05:19 +0800] "GET /xingrg/javascript/jquery_easy_ui/themes/default/easyui.css HTTP/1.1" 304 -
180.152.125.3 - - [19/Sep/2021:10:05:19 +0800] "GET /xingrg/javascript/jquery-1.4.2.min.js HTTP/1.1" 304 -
180.152.125.3 - - [19/Sep/2021:10:05:19 +0800] "GET /xingrg/javascript/jquery_easy_ui/jquery.easyui.min.js HTTP/1.1" 304 -
180.152.125.3 - - [19/Sep/2021:10:05:19 +0800] "GET /xingrg/javascript/jquery_easy_ui/easyui-lang-zh_CN.js HTTP/1.1" 304 -
180.152.125.3 - - [19/Sep/2021:10:05:19 +0800] "GET /xingrg/javascript/jquery.form.js HTTP/1.1" 304 -
180.152.125.3 - - [19/Sep/2021:10:05:19 +0800] "GET /favicon.ico HTTP/1.1" 404 -
180.152.125.3 - - [19/Sep/2021:10:05:19 +0800] "GET /xingrg/javascript/jquery.utils.js HTTP/1.1" 304 -
180.152.125.3 - - [19/Sep/2021:10:05:19 +0800] "GET /xingrg/javascript/jquery.timers.js HTTP/1.1" 304 -
180.152.125.3 - - [19/Sep/2021:10:05:20 +0800] "POST /xingrg/all/common/load_tree.html?tree=area_rest_tree_json&manage=1 HTTP/1.1" 200 342
180.152.125.3 - - [19/Sep/2021:10:05:20 +0800] "GET /xingrg/all/function/internal_message.html?_=1632017120092&CODE_STATE=count HTTP/1.1" 200 11
180.152.125.3 - - [19/Sep/2021:10:05:20 +0800] "GET /xingrg/check_reg.html?_=1632017120095 HTTP/1.1" 200 22
180.152.125.3 - - [19/Sep/2021:10:05:20 +0800] "POST /xingrg/load_menu.html HTTP/1.1" 200 5138
116.238.248.233 - - [19/Sep/2021:10:05:20 +0800] "GET /xingrg/all/function/internal_message.html?_=1632017118445&CODE_STATE=getMsg HTTP/1.1" 200 27
101.85.93.96 - - [19/Sep/2021:10:05:21 +0800] "GET /xingrg/kc/buy/cgsh_order_operate.html?command=get_materiel&rest_code=00142&code=00101012059&supplier_code=00100161&order_time=2021-09-19 HTTP/1.1" 200 412
116.237.74.154 - - [19/Sep/2021:10:05:22 +0800] "GET /xingrg/kc/buy/cgsh_order_operate.html?command=get_materiel&rest_code=00106&code=00101008403&supplier_code=00100007&order_time=2021-09-19 HTTP/1.1" 200 412
116.237.74.154 - - [19/Sep/2021:10:05:24 +0800] "POST /xingrg/kc/buy/cgsh_order_operate.html HTTP/1.1" 200 2065
116.237.74.154 - - [19/Sep/2021:10:05:27 +0800] "GET /xingrg/all/function/internal_message.html?_=1632017121788&CODE_STATE=getMsg HTTP/1.1" 200 27
61.151.178.163 - - [19/Sep/2021:10:05:27 +0800] "GET /xingrg/all/function/internal_message.html?_=1632017061697&CODE_STATE=getMsg HTTP/1.1" 302 -
116.228.172.94 - - [19/Sep/2021:10:05:28 +0800] "GET /xingrg/all/function/internal_message.html?_=1632017130597&CODE_STATE=getMsg HTTP/1.1" 200 27
61.151.178.163 - - [19/Sep/2021:10:05:28 +0800] "GET /xingrg/login.html HTTP/1.1" 200 7641
101.85.93.96 - - [19/Sep/2021:10:05:28 +0800] "POST /xingrg/kc/buy/cgsh_order_operate.html HTTP/1.1" 200 37
116.232.53.102 - - [19/Sep/2021:10:05:29 +0800] "GET /xingrg/all/function/internal_message.html?_=1632017129258&CODE_STATE=getMsg HTTP/1.1" 200 27
116.237.74.154 - - [19/Sep/2021:10:05:29 +0800] "GET /xingrg/kc/buy/cgsh_order_operate.html?command=get_materiel&rest_code=00106&code=00101008201&supplier_code=00100007&order_time=2021-09-19 HTTP/1.1" 200 412
180.152.125.3 - - [19/Sep/2021:10:05:29 +0800] "GET /xingrg/css/base.css HTTP/1.1" 304 -
180.152.125.3 - - [19/Sep/2021:10:05:29 +0800] "GET /xingrg/css/site.css HTTP/1.1" 304 -
180.152.125.3 - - [19/Sep/2021:10:05:29 +0800] "GET /xingrg/javascript/easyui/themes/default/easyui.css HTTP/1.1" 304 -
180.152.125.3 - - [19/Sep/2021:10:05:29 +0800] "GET /xingrg/javascript/jquery_tools/datebox.css HTTP/1.1" 304 -
180.152.125.3 - - [19/Sep/2021:10:05:29 +0800] "GET /xingrg/javascript/easyui/themes/icon.css HTTP/1.1" 304 -
180.152.125.3 - - [19/Sep/2021:10:05:29 +0800] "GET /xingrg/javascript/auto/jquery.autocomplete.css HTTP/1.1" 304 -
180.152.125.3 - - [19/Sep/2021:10:05:29 +0800] "GET /xingrg/javascript/jquery_tools/fix.css HTTP/1.1" 304 -
180.152.125.3 - - [19/Sep/2021:10:05:29 +0800] "GET /xingrg/javascript/jquery_tools/table.css HTTP/1.1" 304 -
180.152.125.3 - - [19/Sep/2021:10:05:29 +0800] "GET /xingrg/javascript/jquery_tools/jquery.tools.min.js HTTP/1.1" 304 -
180.152.125.3 - - [19/Sep/2021:10:05:30 +0800] "GET /xingrg/kc/base/yddb_order_list.html HTTP/1.1" 200 16830
101.85.93.96 - - [19/Sep/2021:10:05:30 +0800] "POST /xingrg/kc/buy/cgsh_order_operate.html HTTP/1.1" 200 20330
180.152.125.3 - - [19/Sep/2021:10:05:30 +0800] "GET /xingrg/javascript/jquery_tools/jquery.tools.extend.js HTTP/1.1" 304 -
180.152.125.3 - - [19/Sep/2021:10:05:30 +0800] "GET /xingrg/javascript/jquery_tools/jquery.tools.hotkey.js HTTP/1.1" 304 -
180.152.125.3 - - [19/Sep/2021:10:05:30 +0800] "GET /xingrg/javascript/jquery_tools/jquery.tools.table.js HTTP/1.1" 304 -
180.152.125.3 - - [19/Sep/2021:10:05:30 +0800] "GET /xingrg/javascript/auto/jquery.autocomplete.js HTTP/1.1" 304 -
180.152.125.3 - - [19/Sep/2021:10:05:30 +0800] "GET /xingrg/javascript/jquery.cookie.js HTTP/1.1" 304 -
180.152.125.3 - - [19/Sep/2021:10:05:30 +0800] "GET /xingrg/javascript/easyui/easyloader.js HTTP/1.1" 304 -
180.152.125.3 - - [19/Sep/2021:10:05:30 +0800] "GET /xingrg/javascript/jquery_tools/list_manager.js HTTP/1.1" 304 -
180.152.125.3 - - [19/Sep/2021:10:05:30 +0800] "GET /xingrg/javascript/print/LodopFuncs.js HTTP/1.1" 304 -
180.152.125.3 - - [19/Sep/2021:10:05:30 +0800] "GET /xingrg/javascript/easyui/plugins/jquery.parser.js HTTP/1.1" 304 -
180.152.125.3 - - [19/Sep/2021:10:05:30 +0800] "POST /xingrg/kc/base/yddb_list_operate.html HTTP/1.1" 200 1572
116.230.105.26 - - [19/Sep/2021:10:05:33 +0800] "GET /xingrg/all/function/internal_message.html?_=1632017114972&CODE_STATE=getMsg HTTP/1.1" 200 27
180.152.125.3 - - [19/Sep/2021:10:05:33 +0800] "POST /xingrg/kc/base/yddb_list_operate.html HTTP/1.1" 200 221
180.152.125.3 - - [19/Sep/2021:10:05:33 +0800] "POST /xingrg/kc/base/yddb_list_operate.html HTTP/1.1" 200 -
180.152.125.3 - - [19/Sep/2021:10:05:35 +0800] "POST /xingrg/kc/base/yddb_list_operate.html HTTP/1.1" 200 -
180.152.125.3 - - [19/Sep/2021:10:05:36 +0800] "POST /xingrg/kc/base/yddb_list_operate.html HTTP/1.1" 200 -
101.85.93.96 - - [19/Sep/2021:10:05:36 +0800] "GET /xingrg/all/function/internal_message.html?_=1632017047061&CODE_STATE=getMsg HTTP/1.1" 200 27
101.85.93.96 - - [19/Sep/2021:10:05:37 +0800] "POST /xingrg/kc/buy/cgsh_order_operate.html HTTP/1.1" 200 37
180.152.125.3 - - [19/Sep/2021:10:05:37 +0800] "POST /xingrg/kc/base/yddb_list_operate.html HTTP/1.1" 200 -
180.152.125.3 - - [19/Sep/2021:10:05:37 +0800] "POST /xingrg/kc/base/yddb_list_operate.html HTTP/1.1" 200 -
101.85.93.96 - - [19/Sep/2021:10:05:39 +0800] "POST /xingrg/kc/buy/cgsh_order_operate.html HTTP/1.1" 200 20330
180.152.125.3 - - [19/Sep/2021:10:05:39 +0800] "POST /xingrg/kc/base/yddb_list_operate.html HTTP/1.1" 200 -
180.152.125.3 - - [19/Sep/2021:10:05:39 +0800] "GET /xingrg/css/blue.css HTTP/1.1" 304 -
180.152.125.3 - - [19/Sep/2021:10:05:39 +0800] "GET /xingrg/javascript/pic_change.js HTTP/1.1" 304 -
180.152.125.3 - - [19/Sep/2021:10:05:39 +0800] "GET /xingrg/dwr/util.js HTTP/1.1" 304 -
180.152.125.3 - - [19/Sep/2021:10:05:39 +0800] "GET /xingrg/javascript/Calendar.js HTTP/1.1" 304 -
180.152.125.3 - - [19/Sep/2021:10:05:39 +0800] "GET /xingrg/javascript/myfunction.js HTTP/1.1" 304 -
180.152.125.3 - - [19/Sep/2021:10:05:39 +0800] "GET /xingrg/javascript/checkform.js HTTP/1.1" 304 -
180.152.125.3 - - [19/Sep/2021:10:05:40 +0800] "GET /xingrg/javascript/AjaxInfoList.js HTTP/1.1" 304 -
180.152.125.3 - - [19/Sep/2021:10:05:40 +0800] "GET /xingrg/javascript/Grid.js HTTP/1.1" 304 -
180.152.125.3 - - [19/Sep/2021:10:05:40 +0800] "GET /xingrg/javascript/ToolTips.js HTTP/1.1" 304 -
180.152.125.3 - - [19/Sep/2021:10:05:40 +0800] "GET /xingrg/kc/base/yddb_order_info.html?code=482021091800199 HTTP/1.1" 200 31330
180.152.125.3 - - [19/Sep/2021:10:05:40 +0800] "GET /xingrg/dwr/interface/AjaxYddbService.js HTTP/1.1" 200 13201
180.152.125.3 - - [19/Sep/2021:10:05:40 +0800] "GET /xingrg/dwr/interface/AjaxComOrderService.js HTTP/1.1" 200 18264
180.152.125.3 - - [19/Sep/2021:10:05:40 +0800] "GET /xingrg/dwr/engine.js HTTP/1.1" 200 43631
180.169.147.146 - - [19/Sep/2021:10:05:40 +0800] "GET /xingrg/all/function/internal_message.html?_=1632017139556&CODE_STATE=getMsg HTTP/1.1" 200 27
180.152.125.3 - - [19/Sep/2021:10:05:40 +0800] "POST /xingrg/dwr/call/plaincall/AjaxYddbService.loadMaterielItems.dwr HTTP/1.1" 200 76
180.152.125.3 - - [19/Sep/2021:10:05:43 +0800] "GET /xingrg/images/yd/bt.gif HTTP/1.1" 404 1040
101.85.93.96 - - [19/Sep/2021:10:05:44 +0800] "POST /xingrg/kc/buy/cgsh_order_operate.html HTTP/1.1" 200 37
180.152.125.3 - - [19/Sep/2021:10:05:45 +0800] "GET /xingrg/check_reg.html?_=1632017121426 HTTP/1.1" 200 22
180.152.125.3 - - [19/Sep/2021:10:05:45 +0800] "POST /xingrg/dwr/call/plaincall/AjaxComOrderService.getMaterielSearchList.dwr HTTP/1.1" 200 76
180.152.125.3 - - [19/Sep/2021:10:05:46 +0800] "POST /xingrg/dwr/call/plaincall/AjaxComOrderService.getMaterielSearchList.dwr HTTP/1.1" 200 76
222.69.130.83 - - [19/Sep/2021:10:05:47 +0800] "GET /xingrg/all/function/internal_message.html?_=1632017145918&CODE_STATE=getMsg HTTP/1.1" 200 27
116.237.74.154 - - [19/Sep/2021:10:05:47 +0800] "POST /xingrg/kc/buy/cgsh_order_operate.html HTTP/1.1" 200 37
180.152.125.3 - - [19/Sep/2021:10:05:48 +0800] "POST /xingrg/dwr/call/plaincall/AjaxComOrderService.getMaterielSearchList.dwr HTTP/1.1" 200 203
180.152.125.3 - - [19/Sep/2021:10:05:48 +0800] "POST /xingrg/dwr/call/plaincall/AjaxComOrderService.getMaterielSearchList.dwr HTTP/1.1" 200 11186
101.85.93.96 - - [19/Sep/2021:10:05:48 +0800] "POST /xingrg/kc/buy/cgsh_order_operate.html HTTP/1.1" 200 20330
180.152.125.3 - - [19/Sep/2021:10:05:48 +0800] "POST /xingrg/dwr/call/plaincall/AjaxComOrderService.getMaterielSearchList.dwr HTTP/1.1" 200 203
116.237.74.154 - - [19/Sep/2021:10:05:49 +0800] "POST /xingrg/kc/buy/cgsh_order_operate.html HTTP/1.1" 200 29819
101.85.93.96 - - [19/Sep/2021:10:05:49 +0800] "GET /xingrg/javascript/jquery_easy_ui/themes/default/images/tabs_active.png HTTP/1.1" 200 2894
180.152.125.3 - - [19/Sep/2021:10:05:49 +0800] "POST /xingrg/dwr/call/plaincall/AjaxComOrderService.getMaterielSearchList.dwr HTTP/1.1" 200 11186
180.152.125.3 - - [19/Sep/2021:10:05:50 +0800] "POST /xingrg/dwr/call/plaincall/AjaxComOrderService.getMaterielSearchList.dwr HTTP/1.1" 200 4046
180.152.125.3 - - [19/Sep/2021:10:05:50 +0800] "POST /xingrg/dwr/call/plaincall/AjaxComOrderService.getMaterielSearchList.dwr HTTP/1.1" 200 4046
222.69.130.83 - - [19/Sep/2021:10:05:50 +0800] "GET /xingrg/kc/buy/cgsh_order_operate.html?command=get_materiel&rest_code=00149&code=00101016080&supplier_code=00100036&order_time=2021-09-19 HTTP/1.1" 200 408
58.39.139.200 - - [19/Sep/2021:10:05:50 +0800] "GET /xingrg/all/function/internal_message.html?_=1632017096492&CODE_STATE=getMsg HTTP/1.1" 302 -
58.39.139.200 - - [19/Sep/2021:10:05:50 +0800] "GET /xingrg/check_reg.html?_=1632017096495 HTTP/1.1" 302 -
101.85.93.96 - - [19/Sep/2021:10:05:52 +0800] "POST /xingrg/kc/buy/cgsh_list_operate.html HTTP/1.1" 200 1690
58.39.139.200 - - [19/Sep/2021:10:05:53 +0800] "GET /xingrg/all/function/internal_message.html?_=1632017153353&CODE_STATE=getMsg HTTP/1.1" 200 27
180.152.125.3 - - [19/Sep/2021:10:05:53 +0800] "POST /xingrg/dwr/call/plaincall/AjaxYddbService.getMaterielByMap.dwr HTTP/1.1" 200 2616
180.152.125.3 - - [19/Sep/2021:10:05:55 +0800] "GET /favicon.ico HTTP/1.1" 404 -
116.237.74.154 - - [19/Sep/2021:10:05:56 +0800] "GET /xingrg/kc/buy/cgsh_order_operate.html?command=get_materiel&rest_code=00106&code=00101008141&supplier_code=00100007&order_time=2021-09-19 HTTP/1.1" 200 412
222.70.246.151 - - [19/Sep/2021:10:05:56 +0800] "GET /xingrg/check_reg.html?_=1632017181142 HTTP/1.1" 200 22
180.152.125.3 - - [19/Sep/2021:10:05:56 +0800] "POST /xingrg/login.do HTTP/1.1" 302 -
180.152.125.3 - - [19/Sep/2021:10:05:57 +0800] "GET /favicon.ico HTTP/1.1" 404 -
180.152.125.3 - - [19/Sep/2021:10:05:58 +0800] "GET /xingrg/index.html?sysBaseUrl=http%3A%2F%2F180.169.147.146%3A18081%2Fxingrg%2F&costTime=38×tamp=1632017156991 HTTP/1.1" 200 17173
180.152.125.3 - - [19/Sep/2021:10:05:58 +0800] "POST /xingrg/all/common/load_tree.html?tree=area_rest_tree_json&manage=1 HTTP/1.1" 200 342
180.152.125.3 - - [19/Sep/2021:10:05:58 +0800] "GET /xingrg/all/function/internal_message.html?_=1632017158256&CODE_STATE=count HTTP/1.1" 200 11
180.152.125.3 - - [19/Sep/2021:10:05:58 +0800] "GET /xingrg/check_reg.html?_=1632017158259 HTTP/1.1" 200 22
180.152.125.3 - - [19/Sep/2021:10:05:58 +0800] "POST /xingrg/load_menu.html HTTP/1.1" 200 5138
222.70.246.151 - - [19/Sep/2021:10:05:59 +0800] "GET /xingrg/all/function/internal_message.html?_=1632017183361&CODE_STATE=getMsg HTTP/1.1" 200 27
180.152.125.3 - - [19/Sep/2021:10:06:00 +0800] "GET /xingrg/kc/base/yddb_order_list.html HTTP/1.1" 200 16830
180.152.125.3 - - [19/Sep/2021:10:06:00 +0800] "POST /xingrg/kc/base/yddb_list_operate.html HTTP/1.1" 200 1572
180.152.125.3 - - [19/Sep/2021:10:06:01 +0800] "POST /xingrg/kc/base/yddb_list_operate.html HTTP/1.1" 200 -
180.152.125.3 - - [19/Sep/2021:10:06:01 +0800] "GET /xingrg/all/function/internal_message.html?_=1632017137791&CODE_STATE=getMsg HTTP/1.1" 200 27
180.152.125.3 - - [19/Sep/2021:10:06:01 +0800] "POST /xingrg/kc/base/yddb_list_operate.html HTTP/1.1" 200 -
180.152.125.3 - - [19/Sep/2021:10:06:02 +0800] "GET /xingrg/dwr/interface/AjaxComOrderService.js HTTP/1.1" 200 18264
180.152.125.3 - - [19/Sep/2021:10:06:02 +0800] "GET /xingrg/kc/base/yddb_order_info.html?code=482021091800199 HTTP/1.1" 200 31330
180.152.125.3 - - [19/Sep/2021:10:06:02 +0800] "GET /xingrg/dwr/interface/AjaxYddbService.js HTTP/1.1" 200 13201
180.152.125.3 - - [19/Sep/2021:10:06:02 +0800] "GET /xingrg/dwr/engine.js HTTP/1.1" 200 43631
180.152.125.3 - - [19/Sep/2021:10:06:02 +0800] "POST /xingrg/dwr/call/plaincall/AjaxYddbService.loadMaterielItems.dwr HTTP/1.1" 200 76
180.152.125.3 - - [19/Sep/2021:10:06:03 +0800] "GET /xingrg/images/yd/bt.gif HTTP/1.1" 404 1040
116.237.74.154 - - [19/Sep/2021:10:06:04 +0800] "GET /xingrg/kc/buy/cgsh_order_operate.html?command=get_materiel&rest_code=00106&code=00101008355&supplier_code=00100007&order_time=2021-09-19 HTTP/1.1" 200 408
222.69.130.83 - - [19/Sep/2021:10:06:07 +0800] "GET /xingrg/kc/buy/cgsh_order_operate.html?command=get_materiel&rest_code=00149&code=00101012017&supplier_code=00100036&order_time=2021-09-19 HTTP/1.1" 200 427
180.152.125.3 - - [19/Sep/2021:10:06:07 +0800] "POST /xingrg/dwr/call/plaincall/AjaxComOrderService.getMaterielSearchList.dwr HTTP/1.1" 200 11186
180.152.125.3 - - [19/Sep/2021:10:06:08 +0800] "POST /xingrg/dwr/call/plaincall/AjaxComOrderService.getMaterielSearchList.dwr HTTP/1.1" 200 11186
180.152.125.3 - - [19/Sep/2021:10:06:08 +0800] "POST /xingrg/dwr/call/plaincall/AjaxComOrderService.getMaterielSearchList.dwr HTTP/1.1" 200 4046
222.70.179.190 - - [19/Sep/2021:10:06:13 +0800] "GET /xingrg/kc/buy/buy_main.html HTTP/1.1" 200 12412
222.70.179.190 - - [19/Sep/2021:10:06:13 +0800] "GET /xingrg/css/new_ie.css HTTP/1.1" 404 1036
116.237.74.154 - - [19/Sep/2021:10:06:13 +0800] "GET /xingrg/kc/buy/cgsh_order_operate.html?command=get_materiel&rest_code=00106&code=00101008005&supplier_code=00100007&order_time=2021-09-19 HTTP/1.1" 200 412
222.70.179.190 - - [19/Sep/2021:10:06:13 +0800] "GET /xingrg/images/yd/bt.gif HTTP/1.1" 404 1040
180.152.125.3 - - [19/Sep/2021:10:06:13 +0800] "POST /xingrg/dwr/call/plaincall/AjaxYddbService.getMaterielByMap.dwr HTTP/1.1" 200 2651
222.70.179.190 - - [19/Sep/2021:10:06:14 +0800] "GET /xingrg/kc/buy/cgsh_order_list.html HTTP/1.1" 200 47744
114.85.125.222 - - [19/Sep/2021:10:06:14 +0800] "GET /xingrg/all/function/internal_message.html?_=1632017155493&CODE_STATE=getMsg HTTP/1.1" 200 27
222.70.179.190 - - [19/Sep/2021:10:06:15 +0800] "POST /xingrg/kc/buy/cgsh_list_operate.html HTTP/1.1" 200 876
222.70.179.190 - - [19/Sep/2021:10:06:16 +0800] "GET /xingrg/kc/buy/cgsh_order_add.html HTTP/1.1" 200 63482
222.70.179.190 - - [19/Sep/2021:10:06:16 +0800] "POST /xingrg/kc/buy/cgsh_order_operate.html HTTP/1.1" 200 8245
222.70.179.190 - - [19/Sep/2021:10:06:16 +0800] "GET /xingrg/javascript/easyui/themes/default/validatebox.css HTTP/1.1" 404 1104
222.70.179.190 - - [19/Sep/2021:10:06:16 +0800] "GET /xingrg/all/common/auto_word.html?type=employee&rest_code=00111 HTTP/1.1" 200 155
222.70.179.190 - - [19/Sep/2021:10:06:16 +0800] "GET /xingrg/all/common/auto_word.html?type=employee&rest_code=00111 HTTP/1.1" 200 155
180.152.125.3 - - [19/Sep/2021:10:06:17 +0800] "POST /xingrg/dwr/call/plaincall/AjaxYddbService.saveMaterielItem.dwr HTTP/1.1" 200 78
222.70.179.190 - - [19/Sep/2021:10:06:18 +0800] "GET /xingrg/all/function/internal_message.html?_=1632017176758&CODE_STATE=getMsg HTTP/1.1" 200 27
58.40.7.146 - - [19/Sep/2021:10:06:18 +0800] "GET /xingrg/all/function/internal_message.html?_=1632017177047&CODE_STATE=getMsg HTTP/1.1" 200 27
222.70.179.190 - - [19/Sep/2021:10:06:18 +0800] "GET /xingrg/check_reg.html?_=1632017177451 HTTP/1.1" 200 22
180.152.125.3 - - [19/Sep/2021:10:06:18 +0800] "POST /xingrg/dwr/call/plaincall/AjaxYddbService.removeMaterielItem.dwr HTTP/1.1" 200 78
116.238.248.233 - - [19/Sep/2021:10:06:20 +0800] "GET /xingrg/all/function/internal_message.html?_=1632017178443&CODE_STATE=getMsg HTTP/1.1" 200 27
180.152.125.3 - - [19/Sep/2021:10:06:21 +0800] "POST /xingrg/dwr/call/plaincall/AjaxComOrderService.getMaterielSearchList.dwr HTTP/1.1" 200 11186
180.152.125.3 - - [19/Sep/2021:10:06:21 +0800] "POST /xingrg/dwr/call/plaincall/AjaxComOrderService.getMaterielSearchList.dwr HTTP/1.1" 200 4046
116.237.74.154 - - [19/Sep/2021:10:06:22 +0800] "GET /xingrg/kc/buy/cgsh_order_operate.html?command=get_materiel&rest_code=00106&code=00101008358&supplier_code=00100007&order_time=2021-09-19 HTTP/1.1" 200 412
180.152.125.3 - - [19/Sep/2021:10:06:27 +0800] "POST /xingrg/dwr/call/plaincall/AjaxYddbService.getMaterielByMap.dwr HTTP/1.1" 200 2651
116.237.74.154 - - [19/Sep/2021:10:06:27 +0800] "GET /xingrg/all/function/internal_message.html?_=1632017181891&CODE_STATE=getMsg HTTP/1.1" 200 27
116.228.172.94 - - [19/Sep/2021:10:06:28 +0800] "GET /xingrg/all/function/internal_message.html?_=1632017190558&CODE_STATE=getMsg HTTP/1.1" 200 27
116.232.53.102 - - [19/Sep/2021:10:06:29 +0800] "GET /xingrg/all/function/internal_message.html?_=1632017189260&CODE_STATE=getMsg HTTP/1.1" 200 27
116.228.172.94 - - [19/Sep/2021:10:06:29 +0800] "GET /xingrg/check_reg.html?_=1632017191670 HTTP/1.1" 200 22
180.152.125.3 - - [19/Sep/2021:10:06:30 +0800] "GET /xingrg/images/yd/bt.gif HTTP/1.1" 404 1040
116.230.105.26 - - [19/Sep/2021:10:06:33 +0800] "GET /xingrg/all/function/internal_message.html?_=1632017174964&CODE_STATE=getMsg HTTP/1.1" 200 27
222.70.179.190 - - [19/Sep/2021:10:06:34 +0800] "GET /xingrg/kc/buy/cgsh_order_operate.html?command=get_materiel&rest_code=00111&code=00101009016&supplier_code=00100151&order_time=2021-09-19 HTTP/1.1" 200 412
116.237.74.154 - - [19/Sep/2021:10:06:34 +0800] "POST /xingrg/kc/buy/cgsh_order_operate.html HTTP/1.1" 200 2065
180.152.125.3 - - [19/Sep/2021:10:06:36 +0800] "POST /xingrg/dwr/call/plaincall/AjaxYddbService.removeMaterielItem.dwr HTTP/1.1" 200 79
101.85.93.96 - - [19/Sep/2021:10:06:36 +0800] "GET /xingrg/all/function/internal_message.html?_=1632017107048&CODE_STATE=getMsg HTTP/1.1" 200 27
222.69.130.83 - - [19/Sep/2021:10:06:38 +0800] "GET /xingrg/kc/buy/cgsh_order_operate.html?command=get_materiel&rest_code=00149&code=00101012026&supplier_code=00100036&order_time=2021-09-19 HTTP/1.1" 200 408
116.237.74.154 - - [19/Sep/2021:10:06:38 +0800] "GET /xingrg/kc/buy/cgsh_order_operate.html?command=get_materiel&rest_code=00106&code=00101008126&supplier_code=00100007&order_time=2021-09-19 HTTP/1.1" 200 412
180.152.125.3 - - [19/Sep/2021:10:06:38 +0800] "POST /xingrg/dwr/call/plaincall/AjaxComOrderService.getMaterielSearchList.dwr HTTP/1.1" 200 11187
180.152.125.3 - - [19/Sep/2021:10:06:39 +0800] "POST /xingrg/dwr/call/plaincall/AjaxComOrderService.getMaterielSearchList.dwr HTTP/1.1" 200 11187
180.152.125.3 - - [19/Sep/2021:10:06:40 +0800] "POST /xingrg/dwr/call/plaincall/AjaxComOrderService.getMaterielSearchList.dwr HTTP/1.1" 200 4047
180.169.147.146 - - [19/Sep/2021:10:06:40 +0800] "GET /xingrg/all/function/internal_message.html?_=1632017199546&CODE_STATE=getMsg HTTP/1.1" 200 27
222.69.130.83 - - [19/Sep/2021:10:06:47 +0800] "GET /xingrg/all/function/internal_message.html?_=1632017205902&CODE_STATE=getMsg HTTP/1.1" 200 27
58.39.139.200 - - [19/Sep/2021:10:06:50 +0800] "GET /xingrg/all/function/internal_message.html?_=1632017156494&CODE_STATE=getMsg HTTP/1.1" 302 -
58.39.139.200 - - [19/Sep/2021:10:06:53 +0800] "GET /xingrg/all/function/internal_message.html?_=1632017213354&CODE_STATE=getMsg HTTP/1.1" 200 27
222.69.130.83 - - [19/Sep/2021:10:06:54 +0800] "GET /xingrg/kc/buy/cgsh_order_operate.html?command=get_materiel&rest_code=00149&code=00101010092&supplier_code=00100036&order_time=2021-09-19 HTTP/1.1" 200 450
180.152.125.3 - - [19/Sep/2021:10:06:54 +0800] "POST /xingrg/dwr/call/plaincall/AjaxYddbService.getMaterielByMap.dwr HTTP/1.1" 200 2617
180.152.125.3 - - [19/Sep/2021:10:06:54 +0800] "GET /xingrg/images/yd/bt.gif HTTP/1.1" 404 1040
180.152.125.3 - - [19/Sep/2021:10:06:56 +0800] "POST /xingrg/dwr/call/plaincall/AjaxYddbService.removeMaterielItem.dwr HTTP/1.1" 200 79
180.152.125.3 - - [19/Sep/2021:10:06:57 +0800] "GET /xingrg/kc/base/check_order_list.html HTTP/1.1" 200 16343
180.152.125.3 - - [19/Sep/2021:10:06:58 +0800] "POST /xingrg/kc/base/check_list_operate.html HTTP/1.1" 200 781
180.152.125.3 - - [19/Sep/2021:10:06:58 +0800] "GET /xingrg/all/function/internal_message.html?_=1632017218264&CODE_STATE=getMsg HTTP/1.1" 200 27
180.152.125.3 - - [19/Sep/2021:10:06:58 +0800] "GET /xingrg/css/table.css HTTP/1.1" 304 -
180.152.125.3 - - [19/Sep/2021:10:06:58 +0800] "GET /xingrg/dwr/interface/AjaxComOrderService.js HTTP/1.1" 200 18264
180.152.125.3 - - [19/Sep/2021:10:06:58 +0800] "GET /xingrg/javascript/convert.js HTTP/1.1" 304 -
180.152.125.3 - - [19/Sep/2021:10:06:58 +0800] "GET /xingrg/dwr/interface/AjaxCheckService.js HTTP/1.1" 200 14003
180.152.125.3 - - [19/Sep/2021:10:06:58 +0800] "GET /xingrg/kc/base/check_order_add.html HTTP/1.1" 200 26358
180.152.125.3 - - [19/Sep/2021:10:06:58 +0800] "GET /xingrg/javascript/print/kc_print.js HTTP/1.1" 304 -
180.152.125.3 - - [19/Sep/2021:10:06:59 +0800] "GET /xingrg/dwr/engine.js HTTP/1.1" 200 43631
222.70.246.151 - - [19/Sep/2021:10:06:59 +0800] "GET /xingrg/all/function/internal_message.html?_=1632017243374&CODE_STATE=getMsg HTTP/1.1" 200 27
180.152.125.3 - - [19/Sep/2021:10:07:01 +0800] "GET /xingrg/all/function/internal_message.html?_=1632017197804&CODE_STATE=getMsg HTTP/1.1" 200 27
116.237.74.154 - - [19/Sep/2021:10:07:01 +0800] "GET /xingrg/kc/buy/cgsh_order_operate.html?command=get_materiel&rest_code=00106&code=00101008087&supplier_code=00100007&order_time=2021-09-19 HTTP/1.1" 200 412
61.151.178.197 - - [19/Sep/2021:10:07:02 +0800] "GET /xingrg/kc/buy/cgsh_order_operate.html?command=get_materiel&rest_code=00106&code=00101008355&supplier_code=00100007&order_time=2021-09-19 HTTP/1.1" 302 -
61.151.178.197 - - [19/Sep/2021:10:07:03 +0800] "GET /xingrg/login.html HTTP/1.1" 200 7641
180.152.125.3 - - [19/Sep/2021:10:07:04 +0800] "POST /xingrg/dwr/call/plaincall/AjaxCheckService.saveOrder.dwr HTTP/1.1" 200 78
180.152.125.3 - - [19/Sep/2021:10:07:04 +0800] "POST /xingrg/dwr/call/plaincall/AjaxCheckService.loadOrderItems.dwr HTTP/1.1" 200 367
180.152.125.3 - - [19/Sep/2021:10:07:05 +0800] "GET /xingrg/javascript/jquery_easy_ui/themes/default/images/button_a_bg.gif HTTP/1.1" 304 -
180.152.125.3 - - [19/Sep/2021:10:07:05 +0800] "GET /xingrg/javascript/jquery_easy_ui/themes/default/images/button_span_bg.gif HTTP/1.1" 304 -
180.152.125.3 - - [19/Sep/2021:10:07:05 +0800] "GET /xingrg/javascript/jquery_easy_ui/themes/icons/ok.png HTTP/1.1" 304 -
180.152.125.3 - - [19/Sep/2021:10:07:05 +0800] "GET /xingrg/javascript/jquery_easy_ui/themes/default/images/panel_tools.gif HTTP/1.1" 304 -
180.152.125.3 - - [19/Sep/2021:10:07:05 +0800] "GET /xingrg/javascript/jquery_easy_ui/themes/default/images/panel_title.png HTTP/1.1" 304 -
180.152.125.3 - - [19/Sep/2021:10:07:06 +0800] "POST /xingrg/kc/report/common_data.html?type=materiel_category_tree HTTP/1.1" 200 3627
180.152.125.3 - - [19/Sep/2021:10:07:09 +0800] "GET /xingrg/javascript/jquery_easy_ui/themes/default/images/tree_checkbox_1.gif HTTP/1.1" 304 -
180.152.125.3 - - [19/Sep/2021:10:07:09 +0800] "GET /xingrg/javascript/jquery_easy_ui/themes/default/images/tree_checkbox_2.gif HTTP/1.1" 304 -
116.237.74.154 - - [19/Sep/2021:10:07:10 +0800] "GET /xingrg/kc/buy/cgsh_order_operate.html?command=get_materiel&rest_code=00106&code=00101008361&supplier_code=00100007&order_time=2021-09-19 HTTP/1.1" 200 408
180.152.125.3 - - [19/Sep/2021:10:07:11 +0800] "POST /xingrg/dwr/call/plaincall/AjaxCheckService.importOrderItems.dwr HTTP/1.1" 200 78
180.152.125.3 - - [19/Sep/2021:10:07:12 +0800] "POST /xingrg/dwr/call/plaincall/AjaxCheckService.loadOrderItems.dwr HTTP/1.1" 200 69606
180.152.125.3 - - [19/Sep/2021:10:07:12 +0800] "GET /xingrg/javascript/jquery_easy_ui/themes/icons/no.png HTTP/1.1" 304 -
114.85.125.222 - - [19/Sep/2021:10:07:14 +0800] "GET /xingrg/all/function/internal_message.html?_=1632017215514&CODE_STATE=getMsg HTTP/1.1" 200 27
222.69.130.83 - - [19/Sep/2021:10:07:16 +0800] "POST /xingrg/kc/buy/cgsh_order_operate.html HTTP/1.1" 200 37
222.70.179.190 - - [19/Sep/2021:10:07:18 +0800] "GET /xingrg/all/function/internal_message.html?_=1632017236736&CODE_STATE=getMsg HTTP/1.1" 200 27
58.40.7.146 - - [19/Sep/2021:10:07:18 +0800] "GET /xingrg/all/function/internal_message.html?_=1632017237034&CODE_STATE=getMsg HTTP/1.1" 200 27
101.89.29.78 - - [19/Sep/2021:10:07:20 +0800] "GET /xingrg/kc/buy/cgsh_order_operate.html?command=get_materiel&rest_code=00106&code=00101008358&supplier_code=00100007&order_time=2021-09-19 HTTP/1.1" 302 -
116.238.248.233 - - [19/Sep/2021:10:07:20 +0800] "GET /xingrg/all/function/internal_message.html?_=1632017238445&CODE_STATE=getMsg HTTP/1.1" 200 27
116.237.74.154 - - [19/Sep/2021:10:07:20 +0800] "GET /xingrg/kc/buy/cgsh_order_operate.html?command=get_materiel&rest_code=00106&code=00101008059&supplier_code=00100007&order_time=2021-09-19 HTTP/1.1" 200 408
101.89.29.78 - - [19/Sep/2021:10:07:21 +0800] "GET /xingrg/login.html HTTP/1.1" 200 7641
222.69.130.83 - - [19/Sep/2021:10:07:21 +0800] "POST /xingrg/kc/buy/cgsh_order_operate.html HTTP/1.1" 200 12
222.69.130.83 - - [19/Sep/2021:10:07:23 +0800] "GET /xingrg/kc/buy/cgsh_order_info.html?code=212021091908259 HTTP/1.1" 200 58446
222.69.130.83 - - [19/Sep/2021:10:07:23 +0800] "GET /xingrg/javascript/easyui/themes/default/validatebox.css HTTP/1.1" 404 1104
222.69.130.83 - - [19/Sep/2021:10:07:24 +0800] "POST /xingrg/kc/buy/cgsh_order_operate.html HTTP/1.1" 200 2984
222.69.130.83 - - [19/Sep/2021:10:07:25 +0800] "GET /xingrg/kc/print/load_data.html?order_code=212021091908259&kc_code=cgsh&condition= HTTP/1.1" 200 1693
116.237.74.154 - - [19/Sep/2021:10:07:27 +0800] "GET /xingrg/all/function/internal_message.html?_=1632017241873&CODE_STATE=getMsg HTTP/1.1" 200 27
116.228.172.94 - - [19/Sep/2021:10:07:27 +0800] "GET /xingrg/all/function/internal_message.html?_=1632017250529&CODE_STATE=getMsg HTTP/1.1" 200 27
58.37.227.186 - - [19/Sep/2021:10:07:28 +0800] "GET /xingrg/check_reg.html?_=1632017115472 HTTP/1.1" 200 22
61.151.207.158 - - [19/Sep/2021:10:07:28 +0800] "GET /xingrg/all/function/internal_message.html?_=1632017181891&CODE_STATE=getMsg HTTP/1.1" 302 -
116.232.53.102 - - [19/Sep/2021:10:07:29 +0800] "GET /xingrg/all/function/internal_message.html?_=1632017249262&CODE_STATE=getMsg HTTP/1.1" 200 27
61.151.207.158 - - [19/Sep/2021:10:07:30 +0800] "GET /xingrg/login.html HTTP/1.1" 200 7641
116.230.105.26 - - [19/Sep/2021:10:07:33 +0800] "GET /xingrg/all/function/internal_message.html?_=1632017234982&CODE_STATE=getMsg HTTP/1.1" 200 27
116.230.105.26 - - [19/Sep/2021:10:07:33 +0800] "GET /xingrg/check_reg.html?_=1632017234984 HTTP/1.1" 200 22
116.237.74.154 - - [19/Sep/2021:10:07:35 +0800] "GET /xingrg/kc/buy/cgsh_order_operate.html?command=get_materiel&rest_code=00106&code=00101008350&supplier_code=00100007&order_time=2021-09-19 HTTP/1.1" 200 408
101.85.93.96 - - [19/Sep/2021:10:07:36 +0800] "GET /xingrg/all/function/internal_message.html?_=1632017167041&CODE_STATE=getMsg HTTP/1.1" 200 27
180.152.125.3 - - [19/Sep/2021:10:07:38 +0800] "GET /xingrg/javascript/jquery_easy_ui/themes/default/images/button_plain_hover.png HTTP/1.1" 304 -
180.152.125.3 - - [19/Sep/2021:10:07:39 +0800] "GET /xingrg/javascript/jquery_easy_ui/themes/default/images/button_plain_hover.png HTTP/1.1" 304 -
180.152.125.3 - - [19/Sep/2021:10:07:40 +0800] "POST /xingrg/dwr/call/plaincall/AjaxCheckService.deleteOrder.dwr HTTP/1.1" 200 78
180.169.147.146 - - [19/Sep/2021:10:07:40 +0800] "GET /xingrg/all/function/internal_message.html?_=1632017259559&CODE_STATE=getMsg HTTP/1.1" 200 27
222.69.130.83 - - [19/Sep/2021:10:07:41 +0800] "GET /xingrg/kc/buy/cgsh_order_add.html HTTP/1.1" 200 63535
180.152.125.3 - - [19/Sep/2021:10:07:41 +0800] "GET /xingrg/kc/base/check_order_list.html HTTP/1.1" 200 16343
222.69.130.83 - - [19/Sep/2021:10:07:41 +0800] "POST /xingrg/kc/buy/cgsh_order_operate.html HTTP/1.1" 200 8245
222.69.130.83 - - [19/Sep/2021:10:07:41 +0800] "GET /xingrg/javascript/easyui/themes/default/validatebox.css HTTP/1.1" 404 1104
116.238.248.233 - - [19/Sep/2021:10:07:41 +0800] "GET /xingrg/kc/mdqp/qqps_order_list.html HTTP/1.1" 200 9222
116.238.248.233 - - [19/Sep/2021:10:07:41 +0800] "GET /xingrg/dwr/util.js HTTP/1.1" 304 -
116.238.248.233 - - [19/Sep/2021:10:07:41 +0800] "GET /xingrg/dwr/interface/AjaxQqpsService.js HTTP/1.1" 200 16326
116.238.248.233 - - [19/Sep/2021:10:07:41 +0800] "GET /xingrg/dwr/interface/AjaxReportQueryService.js HTTP/1.1" 200 13203
116.238.248.233 - - [19/Sep/2021:10:07:41 +0800] "GET /xingrg/dwr/engine.js HTTP/1.1" 200 43631
116.237.74.154 - - [19/Sep/2021:10:07:42 +0800] "POST /xingrg/kc/buy/cgsh_order_operate.html HTTP/1.1" 200 2065
180.152.125.3 - - [19/Sep/2021:10:07:42 +0800] "POST /xingrg/kc/base/check_list_operate.html HTTP/1.1" 200 781
116.238.248.233 - - [19/Sep/2021:10:07:43 +0800] "GET /xingrg/kc/mdqp/qqps_order_add.html HTTP/1.1" 200 27998
116.238.248.233 - - [19/Sep/2021:10:07:43 +0800] "GET /xingrg/dwr/interface/AjaxComOrderService.js HTTP/1.1" 200 18264
116.238.248.233 - - [19/Sep/2021:10:07:43 +0800] "GET /xingrg/dwr/interface/AjaxQqpsService.js HTTP/1.1" 200 16326
180.152.125.3 - - [19/Sep/2021:10:07:43 +0800] "GET /xingrg/kc/base/yddb_order_list.html HTTP/1.1" 200 16830
116.238.248.233 - - [19/Sep/2021:10:07:43 +0800] "GET /xingrg/dwr/engine.js HTTP/1.1" 200 43631
180.152.125.3 - - [19/Sep/2021:10:07:43 +0800] "POST /xingrg/kc/base/yddb_list_operate.html HTTP/1.1" 200 1572
180.152.125.3 - - [19/Sep/2021:10:07:44 +0800] "POST /xingrg/kc/base/yddb_list_operate.html HTTP/1.1" 200 -
180.152.125.3 - - [19/Sep/2021:10:07:44 +0800] "POST /xingrg/kc/base/yddb_list_operate.html HTTP/1.1" 200 -
180.152.125.3 - - [19/Sep/2021:10:07:46 +0800] "POST /xingrg/kc/base/yddb_list_operate.html HTTP/1.1" 200 -
180.152.125.3 - - [19/Sep/2021:10:07:46 +0800] "GET /xingrg/dwr/interface/AjaxYddbService.js HTTP/1.1" 200 13201
180.152.125.3 - - [19/Sep/2021:10:07:46 +0800] "GET /xingrg/dwr/interface/AjaxComOrderService.js HTTP/1.1" 200 18264
180.152.125.3 - - [19/Sep/2021:10:07:46 +0800] "GET /xingrg/dwr/engine.js HTTP/1.1" 200 43631
180.152.125.3 - - [19/Sep/2021:10:07:46 +0800] "GET /xingrg/kc/base/yddb_order_info.html?code=482021091800199 HTTP/1.1" 200 31330
180.152.125.3 - - [19/Sep/2021:10:07:46 +0800] "POST /xingrg/dwr/call/plaincall/AjaxYddbService.loadMaterielItems.dwr HTTP/1.1" 200 76
222.69.130.83 - - [19/Sep/2021:10:07:47 +0800] "GET /xingrg/all/function/internal_message.html?_=1632017265899&CODE_STATE=getMsg HTTP/1.1" 200 27
180.152.125.3 - - [19/Sep/2021:10:07:49 +0800] "POST /xingrg/dwr/call/plaincall/AjaxComOrderService.getMaterielSearchList.dwr HTTP/1.1" 200 76
180.152.125.3 - - [19/Sep/2021:10:07:49 +0800] "POST /xingrg/dwr/call/plaincall/AjaxComOrderService.getMaterielSearchList.dwr HTTP/1.1" 200 76
180.152.125.3 - - [19/Sep/2021:10:07:50 +0800] "POST /xingrg/dwr/call/plaincall/AjaxComOrderService.getMaterielSearchList.dwr HTTP/1.1" 200 292
58.39.139.200 - - [19/Sep/2021:10:07:50 +0800] "GET /xingrg/all/function/internal_message.html?_=1632017216494&CODE_STATE=getMsg HTTP/1.1" 302 -
180.152.125.3 - - [19/Sep/2021:10:07:51 +0800] "POST /xingrg/dwr/call/plaincall/AjaxYddbService.getMaterielByMap.dwr HTTP/1.1" 200 2637
116.238.248.233 - - [19/Sep/2021:10:07:53 +0800] "POST /xingrg/dwr/call/plaincall/AjaxQqpsService.saveOrder.dwr HTTP/1.1" 200 78
58.39.139.200 - - [19/Sep/2021:10:07:53 +0800] "GET /xingrg/all/function/internal_message.html?_=1632017273354&CODE_STATE=getMsg HTTP/1.1" 200 27
116.237.74.154 - - [19/Sep/2021:10:07:56 +0800] "POST /xingrg/kc/buy/cgsh_order_operate.html HTTP/1.1" 200 37
116.237.74.154 - - [19/Sep/2021:10:07:57 +0800] "POST /xingrg/kc/buy/cgsh_order_operate.html HTTP/1.1" 200 35754
180.152.125.3 - - [19/Sep/2021:10:07:58 +0800] "GET /xingrg/all/function/internal_message.html?_=1632017278279&CODE_STATE=getMsg HTTP/1.1" 200 27
222.70.246.151 - - [19/Sep/2021:10:07:59 +0800] "GET /xingrg/all/function/internal_message.html?_=1632017303387&CODE_STATE=getMsg HTTP/1.1" 200 27
180.152.125.3 - - [19/Sep/2021:10:07:59 +0800] "POST /xingrg/dwr/call/plaincall/AjaxYddbService.saveMaterielItem.dwr HTTP/1.1" 200 78
180.152.125.3 - - [19/Sep/2021:10:08:01 +0800] "GET /xingrg/all/function/internal_message.html?_=1632017258101&CODE_STATE=getMsg HTTP/1.1" 200 27
116.238.248.233 - - [19/Sep/2021:10:08:03 +0800] "POST /xingrg/dwr/call/plaincall/AjaxQqpsService.getMaterielByCode.dwr HTTP/1.1" 200 3619
114.85.125.222 - - [19/Sep/2021:10:08:03 +0800] "GET /xingrg/check_reg.html?_=1632017264059 HTTP/1.1" 200 22
180.152.125.3 - - [19/Sep/2021:10:08:04 +0800] "POST /xingrg/dwr/call/plaincall/AjaxYddbService.checkOrder.dwr HTTP/1.1" 200 78
222.69.130.83 - - [19/Sep/2021:10:08:05 +0800] "GET /xingrg/kc/buy/cgsh_order_operate.html?command=get_materiel&rest_code=00149&code=00101006130&supplier_code=00100012&order_time=2021-09-19 HTTP/1.1" 200 427
180.152.125.3 - - [19/Sep/2021:10:08:05 +0800] "GET /xingrg/dwr/interface/AjaxYddbService.js HTTP/1.1" 200 13201
180.152.125.3 - - [19/Sep/2021:10:08:05 +0800] "GET /xingrg/dwr/interface/AjaxComOrderService.js HTTP/1.1" 200 18264
180.152.125.3 - - [19/Sep/2021:10:08:05 +0800] "GET /xingrg/dwr/engine.js HTTP/1.1" 200 43631
180.152.125.3 - - [19/Sep/2021:10:08:05 +0800] "GET /xingrg/kc/base/yddb_order_info.html?code=482021091800199 HTTP/1.1" 200 29512
180.152.125.3 - - [19/Sep/2021:10:08:06 +0800] "POST /xingrg/dwr/call/plaincall/AjaxYddbService.loadMaterielItems.dwr HTTP/1.1" 200 411
101.91.60.11 - - [19/Sep/2021:10:08:08 +0800] "GET /xingrg/kc/buy/cgsh_order_operate.html?command=get_materiel&rest_code=00106&code=00101008361&supplier_code=00100007&order_time=2021-09-19 HTTP/1.1" 302 -
101.91.60.11 - - [19/Sep/2021:10:08:08 +0800] "GET /xingrg/login.html HTTP/1.1" 200 7641
180.152.125.3 - - [19/Sep/2021:10:08:09 +0800] "GET /xingrg/kc/buy/cgsh_order_list.html HTTP/1.1" 200 47744
180.152.125.3 - - [19/Sep/2021:10:08:10 +0800] "POST /xingrg/kc/buy/cgsh_list_operate.html HTTP/1.1" 200 876
180.152.125.3 - - [19/Sep/2021:10:08:14 +0800] "POST /xingrg/services/DataTransmitService HTTP/1.1" 200 524
114.85.125.222 - - [19/Sep/2021:10:08:14 +0800] "GET /xingrg/all/function/internal_message.html?_=1632017275522&CODE_STATE=getMsg HTTP/1.1" 200 27
222.69.130.83 - - [19/Sep/2021:10:08:17 +0800] "GET /xingrg/kc/buy/cgsh_order_operate.html?command=get_materiel&rest_code=00149&code=00101006184&supplier_code=00100012&order_time=2021-09-19 HTTP/1.1" 200 408
116.238.248.233 - - [19/Sep/2021:10:08:17 +0800] "POST /xingrg/dwr/call/plaincall/AjaxQqpsService.saveMaterielItem.dwr HTTP/1.1" 200 78
222.70.179.190 - - [19/Sep/2021:10:08:18 +0800] "GET /xingrg/all/function/internal_message.html?_=1632017296713&CODE_STATE=getMsg HTTP/1.1" 200 27
101.89.239.245 - - [19/Sep/2021:10:08:18 +0800] "GET /xingrg/kc/buy/cgsh_order_operate.html?command=get_materiel&rest_code=00106&code=00101008059&supplier_code=00100007&order_time=2021-09-19 HTTP/1.1" 302 -
58.40.7.146 - - [19/Sep/2021:10:08:18 +0800] "GET /xingrg/all/function/internal_message.html?_=1632017297038&CODE_STATE=getMsg HTTP/1.1" 200 27
180.152.125.3 - - [19/Sep/2021:10:08:18 +0800] "POST /xingrg/services/DataTransmitService HTTP/1.1" 200 501
101.89.239.245 - - [19/Sep/2021:10:08:18 +0800] "GET /xingrg/login.html HTTP/1.1" 200 7641
116.238.248.233 - - [19/Sep/2021:10:08:20 +0800] "GET /xingrg/all/function/internal_message.html?_=1632017298448&CODE_STATE=getMsg HTTP/1.1" 200 27
116.238.248.233 - - [19/Sep/2021:10:08:22 +0800] "POST /xingrg/dwr/call/plaincall/AjaxQqpsService.checkOrder.dwr HTTP/1.1" 200 78
116.238.248.233 - - [19/Sep/2021:10:08:23 +0800] "GET /xingrg/kc/mdqp/qqps_order_info.html?code=302021091900416 HTTP/1.1" 200 26401
116.238.248.233 - - [19/Sep/2021:10:08:23 +0800] "GET /xingrg/dwr/interface/AjaxComOrderService.js HTTP/1.1" 200 18264
116.238.248.233 - - [19/Sep/2021:10:08:23 +0800] "GET /xingrg/dwr/interface/AjaxQqpsService.js HTTP/1.1" 200 16326
116.238.248.233 - - [19/Sep/2021:10:08:23 +0800] "GET /xingrg/dwr/engine.js HTTP/1.1" 200 43631
116.238.248.233 - - [19/Sep/2021:10:08:24 +0800] "POST /xingrg/dwr/call/plaincall/AjaxQqpsService.loadMaterielItems.dwr HTTP/1.1" 200 347
222.69.130.83 - - [19/Sep/2021:10:08:26 +0800] "GET /xingrg/kc/buy/cgsh_order_operate.html?command=get_materiel&rest_code=00149&code=00101006136&supplier_code=00100012&order_time=2021-09-19 HTTP/1.1" 200 417
116.237.74.154 - - [19/Sep/2021:10:08:27 +0800] "GET /xingrg/all/function/internal_message.html?_=1632017301868&CODE_STATE=getMsg HTTP/1.1" 200 27
116.237.74.154 - - [19/Sep/2021:10:08:27 +0800] "GET /xingrg/check_reg.html?_=1632017301869 HTTP/1.1" 200 22
116.228.172.94 - - [19/Sep/2021:10:08:28 +0800] "GET /xingrg/all/function/internal_message.html?_=1632017310541&CODE_STATE=getMsg HTTP/1.1" 200 27
116.232.53.102 - - [19/Sep/2021:10:08:29 +0800] "GET /xingrg/all/function/internal_message.html?_=1632017309264&CODE_STATE=getMsg HTTP/1.1" 200 27
101.91.60.88 - - [19/Sep/2021:10:08:29 +0800] "GET /xingrg/all/function/internal_message.html?_=1632017241873&CODE_STATE=getMsg HTTP/1.1" 302 -
101.91.60.88 - - [19/Sep/2021:10:08:29 +0800] "GET /xingrg/login.html HTTP/1.1" 200 7641
116.230.105.26 - - [19/Sep/2021:10:08:33 +0800] "GET /xingrg/all/function/internal_message.html?_=1632017294983&CODE_STATE=getMsg HTTP/1.1" 200 27
