222.70.246.151 - - [19/Sep/2021:08:30:56 +0800] "GET /xingrg/check_reg.html?_=1632011480977 HTTP/1.1" 200 22
222.70.246.151 - - [19/Sep/2021:08:30:58 +0800] "GET /xingrg/all/function/internal_message.html?_=1632011482054&CODE_STATE=getMsg HTTP/1.1" 200 27
116.238.248.233 - - [19/Sep/2021:08:30:59 +0800] "GET /xingrg/all/function/internal_message.html?_=1632011457660&CODE_STATE=getMsg HTTP/1.1" 200 27
120.253.135.82 - - [19/Sep/2021:08:31:10 +0800] "GET /xingrg/all/function/internal_message.html?_=1632011241472&CODE_STATE=getMsg HTTP/1.1" 200 27
114.85.125.222 - - [19/Sep/2021:08:31:13 +0800] "GET /xingrg/all/function/internal_message.html?_=1632011454203&CODE_STATE=getMsg HTTP/1.1" 200 27
58.40.7.146 - - [19/Sep/2021:08:31:18 +0800] "GET /xingrg/all/function/internal_message.html?_=1632011476966&CODE_STATE=getMsg HTTP/1.1" 200 27
116.230.105.26 - - [19/Sep/2021:08:31:40 +0800] "GET /xingrg/all/function/internal_message.html?_=1632011482176&CODE_STATE=getMsg HTTP/1.1" 200 27
116.230.105.26 - - [19/Sep/2021:08:31:40 +0800] "GET /xingrg/check_reg.html?_=1632011482181 HTTP/1.1" 200 22
180.169.147.146 - - [19/Sep/2021:08:31:40 +0800] "GET /xingrg/all/function/internal_message.html?_=1632011499527&CODE_STATE=getMsg HTTP/1.1" 200 27
222.70.246.151 - - [19/Sep/2021:08:31:58 +0800] "GET /xingrg/all/function/internal_message.html?_=1632011542067&CODE_STATE=getMsg HTTP/1.1" 200 27
116.238.248.233 - - [19/Sep/2021:08:31:59 +0800] "GET /xingrg/check_reg.html?_=1632011517661 HTTP/1.1" 200 22
116.238.248.233 - - [19/Sep/2021:08:31:59 +0800] "GET /xingrg/all/function/internal_message.html?_=1632011517664&CODE_STATE=getMsg HTTP/1.1" 200 27
120.253.135.82 - - [19/Sep/2021:08:32:10 +0800] "GET /xingrg/all/function/internal_message.html?_=1632011301496&CODE_STATE=getMsg HTTP/1.1" 200 27
114.85.125.222 - - [19/Sep/2021:08:32:13 +0800] "GET /xingrg/all/function/internal_message.html?_=1632011514221&CODE_STATE=getMsg HTTP/1.1" 200 27
58.40.7.146 - - [19/Sep/2021:08:32:18 +0800] "GET /xingrg/all/function/internal_message.html?_=1632011536970&CODE_STATE=getMsg HTTP/1.1" 200 27
116.230.105.26 - - [19/Sep/2021:08:32:40 +0800] "GET /xingrg/all/function/internal_message.html?_=1632011542156&CODE_STATE=getMsg HTTP/1.1" 200 27
180.169.147.146 - - [19/Sep/2021:08:32:40 +0800] "GET /xingrg/all/function/internal_message.html?_=1632011559516&CODE_STATE=getMsg HTTP/1.1" 200 27
222.70.246.151 - - [19/Sep/2021:08:32:58 +0800] "GET /xingrg/all/function/internal_message.html?_=1632011602081&CODE_STATE=getMsg HTTP/1.1" 200 27
116.238.248.233 - - [19/Sep/2021:08:32:59 +0800] "GET /xingrg/all/function/internal_message.html?_=1632011577664&CODE_STATE=getMsg HTTP/1.1" 200 27
114.85.125.222 - - [19/Sep/2021:08:33:03 +0800] "GET /xingrg/check_reg.html?_=1632011563952 HTTP/1.1" 200 22
120.253.135.82 - - [19/Sep/2021:08:33:10 +0800] "GET /xingrg/all/function/internal_message.html?_=1632011361510&CODE_STATE=getMsg HTTP/1.1" 200 27
114.85.125.222 - - [19/Sep/2021:08:33:13 +0800] "GET /xingrg/all/function/internal_message.html?_=1632011574229&CODE_STATE=getMsg HTTP/1.1" 200 27
58.40.7.146 - - [19/Sep/2021:08:33:18 +0800] "GET /xingrg/all/function/internal_message.html?_=1632011596973&CODE_STATE=getMsg HTTP/1.1" 200 27
116.230.105.26 - - [19/Sep/2021:08:33:40 +0800] "GET /xingrg/all/function/internal_message.html?_=1632011602167&CODE_STATE=getMsg HTTP/1.1" 200 27
180.169.147.146 - - [19/Sep/2021:08:33:40 +0800] "GET /xingrg/all/function/internal_message.html?_=1632011619510&CODE_STATE=getMsg HTTP/1.1" 200 27
222.70.246.151 - - [19/Sep/2021:08:33:58 +0800] "GET /xingrg/all/function/internal_message.html?_=1632011662104&CODE_STATE=getMsg HTTP/1.1" 200 27
116.238.248.233 - - [19/Sep/2021:08:33:59 +0800] "GET /xingrg/all/function/internal_message.html?_=1632011637664&CODE_STATE=getMsg HTTP/1.1" 200 27
120.253.135.82 - - [19/Sep/2021:08:34:10 +0800] "GET /xingrg/check_reg.html?_=1632011421454 HTTP/1.1" 200 22
120.253.135.82 - - [19/Sep/2021:08:34:10 +0800] "GET /xingrg/all/function/internal_message.html?_=1632011421537&CODE_STATE=getMsg HTTP/1.1" 200 27
114.85.125.222 - - [19/Sep/2021:08:34:13 +0800] "GET /xingrg/all/function/internal_message.html?_=1632011634243&CODE_STATE=getMsg HTTP/1.1" 200 27
58.40.7.146 - - [19/Sep/2021:08:34:18 +0800] "GET /xingrg/check_reg.html?_=1632011656976 HTTP/1.1" 200 22
58.40.7.146 - - [19/Sep/2021:08:34:18 +0800] "GET /xingrg/all/function/internal_message.html?_=1632011656977&CODE_STATE=getMsg HTTP/1.1" 200 27
116.230.105.26 - - [19/Sep/2021:08:34:40 +0800] "GET /xingrg/all/function/internal_message.html?_=1632011662164&CODE_STATE=getMsg HTTP/1.1" 200 27
180.169.147.146 - - [19/Sep/2021:08:34:40 +0800] "GET /xingrg/check_reg.html?_=1632011679528 HTTP/1.1" 200 22
180.169.147.146 - - [19/Sep/2021:08:34:40 +0800] "GET /xingrg/all/function/internal_message.html?_=1632011679526&CODE_STATE=getMsg HTTP/1.1" 200 27
222.70.246.151 - - [19/Sep/2021:08:34:58 +0800] "GET /xingrg/all/function/internal_message.html?_=1632011722109&CODE_STATE=getMsg HTTP/1.1" 200 27
116.238.248.233 - - [19/Sep/2021:08:34:59 +0800] "GET /xingrg/all/function/internal_message.html?_=1632011697664&CODE_STATE=getMsg HTTP/1.1" 200 27
120.253.135.82 - - [19/Sep/2021:08:35:10 +0800] "GET /xingrg/all/function/internal_message.html?_=1632011481541&CODE_STATE=getMsg HTTP/1.1" 200 27
114.85.125.222 - - [19/Sep/2021:08:35:13 +0800] "GET /xingrg/all/function/internal_message.html?_=1632011694264&CODE_STATE=getMsg HTTP/1.1" 200 27
58.40.7.146 - - [19/Sep/2021:08:35:18 +0800] "GET /xingrg/all/function/internal_message.html?_=1632011716962&CODE_STATE=getMsg HTTP/1.1" 200 27
222.69.130.83 - - [19/Sep/2021:08:35:26 +0800] "GET /favicon.ico HTTP/1.1" 404 -
116.230.105.26 - - [19/Sep/2021:08:35:40 +0800] "GET /xingrg/all/function/internal_message.html?_=1632011722153&CODE_STATE=getMsg HTTP/1.1" 200 27
180.169.147.146 - - [19/Sep/2021:08:35:40 +0800] "GET /xingrg/all/function/internal_message.html?_=1632011739524&CODE_STATE=getMsg HTTP/1.1" 200 27
222.70.246.151 - - [19/Sep/2021:08:35:56 +0800] "GET /xingrg/check_reg.html?_=1632011780996 HTTP/1.1" 200 22
222.70.246.151 - - [19/Sep/2021:08:35:58 +0800] "GET /xingrg/all/function/internal_message.html?_=1632011782122&CODE_STATE=getMsg HTTP/1.1" 200 27
116.238.248.233 - - [19/Sep/2021:08:35:59 +0800] "GET /xingrg/all/function/internal_message.html?_=1632011757677&CODE_STATE=getMsg HTTP/1.1" 200 27
120.253.135.82 - - [19/Sep/2021:08:36:10 +0800] "GET /xingrg/all/function/internal_message.html?_=1632011541617&CODE_STATE=getMsg HTTP/1.1" 200 27
114.85.125.222 - - [19/Sep/2021:08:36:13 +0800] "GET /xingrg/all/function/internal_message.html?_=1632011754270&CODE_STATE=getMsg HTTP/1.1" 200 27
58.40.7.146 - - [19/Sep/2021:08:36:18 +0800] "GET /xingrg/all/function/internal_message.html?_=1632011776965&CODE_STATE=getMsg HTTP/1.1" 200 27
116.230.105.26 - - [19/Sep/2021:08:36:40 +0800] "GET /xingrg/all/function/internal_message.html?_=1632011782157&CODE_STATE=getMsg HTTP/1.1" 200 27
116.230.105.26 - - [19/Sep/2021:08:36:40 +0800] "GET /xingrg/check_reg.html?_=1632011782159 HTTP/1.1" 200 22
180.169.147.146 - - [19/Sep/2021:08:36:40 +0800] "GET /xingrg/all/function/internal_message.html?_=1632011799520&CODE_STATE=getMsg HTTP/1.1" 200 27
222.70.246.151 - - [19/Sep/2021:08:36:58 +0800] "GET /xingrg/all/function/internal_message.html?_=1632011842135&CODE_STATE=getMsg HTTP/1.1" 200 27
116.238.248.233 - - [19/Sep/2021:08:36:59 +0800] "GET /xingrg/check_reg.html?_=1632011817677 HTTP/1.1" 200 22
116.238.248.233 - - [19/Sep/2021:08:36:59 +0800] "GET /xingrg/all/function/internal_message.html?_=1632011817680&CODE_STATE=getMsg HTTP/1.1" 200 27
120.253.135.82 - - [19/Sep/2021:08:37:10 +0800] "GET /xingrg/all/function/internal_message.html?_=1632011601643&CODE_STATE=getMsg HTTP/1.1" 200 27
114.85.125.222 - - [19/Sep/2021:08:37:13 +0800] "GET /xingrg/all/function/internal_message.html?_=1632011814289&CODE_STATE=getMsg HTTP/1.1" 200 27
58.40.7.146 - - [19/Sep/2021:08:37:18 +0800] "GET /xingrg/all/function/internal_message.html?_=1632011836968&CODE_STATE=getMsg HTTP/1.1" 200 27
116.230.105.26 - - [19/Sep/2021:08:37:40 +0800] "GET /xingrg/all/function/internal_message.html?_=1632011842164&CODE_STATE=getMsg HTTP/1.1" 200 27
180.169.147.146 - - [19/Sep/2021:08:37:40 +0800] "GET /xingrg/all/function/internal_message.html?_=1632011859514&CODE_STATE=getMsg HTTP/1.1" 200 27
222.70.246.151 - - [19/Sep/2021:08:37:58 +0800] "GET /xingrg/all/function/internal_message.html?_=1632011902149&CODE_STATE=getMsg HTTP/1.1" 200 27
116.238.248.233 - - [19/Sep/2021:08:37:59 +0800] "GET /xingrg/all/function/internal_message.html?_=1632011877665&CODE_STATE=getMsg HTTP/1.1" 200 27
114.85.125.222 - - [19/Sep/2021:08:38:03 +0800] "GET /xingrg/check_reg.html?_=1632011863954 HTTP/1.1" 200 22
222.69.130.83 - - [19/Sep/2021:08:38:07 +0800] "GET /favicon.ico HTTP/1.1" 404 -
222.69.130.83 - - [19/Sep/2021:08:38:07 +0800] "GET /favicon.ico HTTP/1.1" 404 -
120.253.135.82 - - [19/Sep/2021:08:38:10 +0800] "GET /xingrg/all/function/internal_message.html?_=1632011661660&CODE_STATE=getMsg HTTP/1.1" 200 27
114.85.125.222 - - [19/Sep/2021:08:38:13 +0800] "GET /xingrg/all/function/internal_message.html?_=1632011874298&CODE_STATE=getMsg HTTP/1.1" 200 27
58.40.7.146 - - [19/Sep/2021:08:38:18 +0800] "GET /xingrg/all/function/internal_message.html?_=1632011896971&CODE_STATE=getMsg HTTP/1.1" 200 27
222.69.130.83 - - [19/Sep/2021:08:38:31 +0800] "GET /xingrg/login.html?sysBaseUrl=http%3A%2F%2F180.169.147.146%3A18081%2Fxingrg%2F&costTime=31×tamp=1615347190560 HTTP/1.1" 200 7641
222.69.130.83 - - [19/Sep/2021:08:38:32 +0800] "GET /xingrg/images/blue/jxLogo.png HTTP/1.1" 304 -
222.69.130.83 - - [19/Sep/2021:08:38:32 +0800] "GET /xingrg/images/blue/login_bg.png HTTP/1.1" 304 -
222.69.130.83 - - [19/Sep/2021:08:38:32 +0800] "GET /xingrg/images/blue/srbg.png HTTP/1.1" 304 -
222.69.130.83 - - [19/Sep/2021:08:38:32 +0800] "GET /xingrg/images/blue/hj.png HTTP/1.1" 304 -
222.69.130.83 - - [19/Sep/2021:08:38:32 +0800] "GET /favicon.ico HTTP/1.1" 404 -
222.69.130.83 - - [19/Sep/2021:08:38:33 +0800] "POST /xingrg/login.do HTTP/1.1" 302 -
222.69.130.83 - - [19/Sep/2021:08:38:33 +0800] "GET /xingrg/javascript/jquery_easy_ui/themes/icon.css HTTP/1.1" 200 3949
222.69.130.83 - - [19/Sep/2021:08:38:33 +0800] "GET /xingrg/index.html?sysBaseUrl=http%3A%2F%2F180.169.147.146%3A18081%2Fxingrg%2F&costTime=55×tamp=1632011913429 HTTP/1.1" 200 17179
222.69.130.83 - - [19/Sep/2021:08:38:33 +0800] "GET /xingrg/css/form.css HTTP/1.1" 200 893
222.69.130.83 - - [19/Sep/2021:08:38:33 +0800] "GET /xingrg/javascript/jquery-1.4.2.min.js HTTP/1.1" 200 72205
222.69.130.83 - - [19/Sep/2021:08:38:33 +0800] "GET /xingrg/javascript/jquery_easy_ui/easyui-lang-zh_CN.js HTTP/1.1" 200 1900
222.69.130.83 - - [19/Sep/2021:08:38:33 +0800] "GET /xingrg/javascript/jquery_easy_ui/jquery.easyui.min.js HTTP/1.1" 200 213662
222.69.130.83 - - [19/Sep/2021:08:38:33 +0800] "GET /xingrg/javascript/jquery.timers.js HTTP/1.1" 200 3532
222.69.130.83 - - [19/Sep/2021:08:38:33 +0800] "GET /xingrg/javascript/jquery.utils.js HTTP/1.1" 200 11805
222.69.130.83 - - [19/Sep/2021:08:38:33 +0800] "GET /xingrg/javascript/jquery_easy_ui/themes/default/easyui.css HTTP/1.1" 200 26500
222.69.130.83 - - [19/Sep/2021:08:38:33 +0800] "GET /xingrg/javascript/jquery.form.js HTTP/1.1" 200 23110
222.69.130.83 - - [19/Sep/2021:08:38:33 +0800] "GET /favicon.ico HTTP/1.1" 404 -
222.69.130.83 - - [19/Sep/2021:08:38:33 +0800] "GET /xingrg/javascript/jquery_easy_ui/themes/icons/settle_new.png HTTP/1.1" 200 826
222.69.130.83 - - [19/Sep/2021:08:38:33 +0800] "GET /xingrg/images/blue/navBackgound.jpg HTTP/1.1" 200 12378
222.69.130.83 - - [19/Sep/2021:08:38:33 +0800] "POST /xingrg/all/common/load_tree.html?tree=area_rest_tree_json&manage=1 HTTP/1.1" 200 351
222.69.130.83 - - [19/Sep/2021:08:38:33 +0800] "GET /xingrg/check_reg.html?_=1632011911837 HTTP/1.1" 200 22
222.69.130.83 - - [19/Sep/2021:08:38:33 +0800] "GET /xingrg/all/function/internal_message.html?_=1632011911836&CODE_STATE=count HTTP/1.1" 200 11
222.69.130.83 - - [19/Sep/2021:08:38:33 +0800] "GET /xingrg/images/blue/pingpu.png HTTP/1.1" 200 231
222.69.130.83 - - [19/Sep/2021:08:38:33 +0800] "GET /xingrg/javascript/jquery_easy_ui/themes/default/images/tabs_leftarrow.png HTTP/1.1" 200 389
222.69.130.83 - - [19/Sep/2021:08:38:33 +0800] "GET /xingrg/javascript/jquery_easy_ui/themes/default/images/panel_tool_collapse.gif HTTP/1.1" 200 246
222.69.130.83 - - [19/Sep/2021:08:38:33 +0800] "GET /xingrg/javascript/jquery_easy_ui/themes/default/images/tabs_rightarrow.png HTTP/1.1" 200 395
222.69.130.83 - - [19/Sep/2021:08:38:33 +0800] "POST /xingrg/load_menu.html HTTP/1.1" 200 5138
222.69.130.83 - - [19/Sep/2021:08:38:33 +0800] "GET /xingrg/javascript/jquery_easy_ui/themes/default/images/tree_arrows.gif HTTP/1.1" 200 1043
222.69.130.83 - - [19/Sep/2021:08:38:33 +0800] "GET /xingrg/javascript/jquery_easy_ui/themes/default/images/tree_folder_open.gif HTTP/1.1" 200 956
222.69.130.83 - - [19/Sep/2021:08:38:33 +0800] "GET /xingrg/javascript/jquery_easy_ui/themes/default/images/tree_folder.gif HTTP/1.1" 200 952
222.69.130.83 - - [19/Sep/2021:08:38:33 +0800] "GET /xingrg/javascript/jquery_easy_ui/themes/icons/search_new.png HTTP/1.1" 200 586
222.69.130.83 - - [19/Sep/2021:08:38:33 +0800] "GET /xingrg/javascript/jquery_easy_ui/themes/icons/storage_new.png HTTP/1.1" 200 853
222.69.130.83 - - [19/Sep/2021:08:38:33 +0800] "GET /xingrg/javascript/jquery_easy_ui/themes/icons/forms_new.png HTTP/1.1" 200 350
222.69.130.83 - - [19/Sep/2021:08:38:33 +0800] "GET /xingrg/javascript/jquery_easy_ui/themes/default/images/tree_file.gif HTTP/1.1" 200 118
58.39.139.200 - - [19/Sep/2021:08:38:39 +0800] "GET /favicon.ico HTTP/1.1" 404 -
58.39.139.200 - - [19/Sep/2021:08:38:39 +0800] "GET /xingrg/index.html?sysBaseUrl=http%3A%2F%2F180.169.147.146%3A18081%2Fxingrg%2F&costTime=36×tamp=1585223203754 HTTP/1.1" 302 -
58.39.139.200 - - [19/Sep/2021:08:38:39 +0800] "GET /xingrg/login.html HTTP/1.1" 200 7641
58.39.139.200 - - [19/Sep/2021:08:38:40 +0800] "GET /xingrg/images/blue/jxLogo.png HTTP/1.1" 304 -
116.230.105.26 - - [19/Sep/2021:08:38:40 +0800] "GET /xingrg/all/function/internal_message.html?_=1632011902163&CODE_STATE=getMsg HTTP/1.1" 200 27
58.39.139.200 - - [19/Sep/2021:08:38:40 +0800] "GET /xingrg/images/blue/login_bg.png HTTP/1.1" 304 -
58.39.139.200 - - [19/Sep/2021:08:38:40 +0800] "GET /xingrg/images/blue/hj.png HTTP/1.1" 304 -
58.39.139.200 - - [19/Sep/2021:08:38:40 +0800] "GET /xingrg/images/blue/srbg.png HTTP/1.1" 304 -
58.39.139.200 - - [19/Sep/2021:08:38:40 +0800] "GET /favicon.ico HTTP/1.1" 404 -
180.169.147.146 - - [19/Sep/2021:08:38:40 +0800] "GET /xingrg/all/function/internal_message.html?_=1632011919530&CODE_STATE=getMsg HTTP/1.1" 200 27
58.39.139.200 - - [19/Sep/2021:08:38:50 +0800] "POST /xingrg/login.do HTTP/1.1" 200 2421
58.39.139.200 - - [19/Sep/2021:08:38:50 +0800] "GET /xingrg/javascript/myfunction.js HTTP/1.1" 304 -
58.39.139.200 - - [19/Sep/2021:08:38:50 +0800] "GET /xingrg/css/blue.css HTTP/1.1" 304 -
58.39.139.200 - - [19/Sep/2021:08:38:50 +0800] "GET /xingrg/images/blue/pic_top.gif HTTP/1.1" 304 -
58.39.139.200 - - [19/Sep/2021:08:38:50 +0800] "GET /xingrg/images/blue/pic_notice.jpg HTTP/1.1" 304 -
58.39.139.200 - - [19/Sep/2021:08:38:51 +0800] "GET /xingrg/images/blue/error_buttom.gif HTTP/1.1" 304 -
58.39.139.200 - - [19/Sep/2021:08:38:51 +0800] "GET /xingrg/images/blue/error_mid.gif HTTP/1.1" 304 -
58.39.139.200 - - [19/Sep/2021:08:38:51 +0800] "GET /xingrg/images/blue/error_top.gif HTTP/1.1" 304 -
58.39.139.200 - - [19/Sep/2021:08:38:51 +0800] "GET /favicon.ico HTTP/1.1" 404 -
58.39.139.200 - - [19/Sep/2021:08:38:51 +0800] "GET /xingrg/login.html HTTP/1.1" 200 7641
58.39.139.200 - - [19/Sep/2021:08:38:51 +0800] "GET /favicon.ico HTTP/1.1" 404 -
58.39.139.200 - - [19/Sep/2021:08:38:52 +0800] "POST /xingrg/login.do HTTP/1.1" 302 -
58.39.139.200 - - [19/Sep/2021:08:38:52 +0800] "GET /xingrg/javascript/jquery_easy_ui/themes/icon.css HTTP/1.1" 304 -
58.39.139.200 - - [19/Sep/2021:08:38:52 +0800] "GET /xingrg/javascript/jquery_easy_ui/themes/default/easyui.css HTTP/1.1" 304 -
58.39.139.200 - - [19/Sep/2021:08:38:52 +0800] "GET /xingrg/css/form.css HTTP/1.1" 304 -
58.39.139.200 - - [19/Sep/2021:08:38:52 +0800] "GET /xingrg/javascript/jquery_easy_ui/jquery.easyui.min.js HTTP/1.1" 304 -
58.39.139.200 - - [19/Sep/2021:08:38:52 +0800] "GET /xingrg/index.html?sysBaseUrl=http%3A%2F%2F180.169.147.146%3A18081%2Fxingrg%2F&costTime=43×tamp=1632011932653 HTTP/1.1" 200 17173
58.39.139.200 - - [19/Sep/2021:08:38:52 +0800] "GET /xingrg/javascript/jquery-1.4.2.min.js HTTP/1.1" 304 -
58.39.139.200 - - [19/Sep/2021:08:38:52 +0800] "GET /xingrg/javascript/jquery.utils.js HTTP/1.1" 304 -
58.39.139.200 - - [19/Sep/2021:08:38:52 +0800] "GET /xingrg/javascript/jquery.form.js HTTP/1.1" 304 -
58.39.139.200 - - [19/Sep/2021:08:38:52 +0800] "GET /xingrg/javascript/jquery_easy_ui/easyui-lang-zh_CN.js HTTP/1.1" 304 -
58.39.139.200 - - [19/Sep/2021:08:38:52 +0800] "GET /xingrg/javascript/jquery.timers.js HTTP/1.1" 304 -
58.39.139.200 - - [19/Sep/2021:08:38:52 +0800] "GET /xingrg/javascript/jquery_easy_ui/themes/icons/settle_new.png HTTP/1.1" 304 -
58.39.139.200 - - [19/Sep/2021:08:38:52 +0800] "GET /xingrg/images/blue/navBackgound.jpg HTTP/1.1" 304 -
58.39.139.200 - - [19/Sep/2021:08:38:52 +0800] "GET /favicon.ico HTTP/1.1" 404 -
58.39.139.200 - - [19/Sep/2021:08:38:52 +0800] "POST /xingrg/all/common/load_tree.html?tree=area_rest_tree_json&manage=1 HTTP/1.1" 200 3472
58.39.139.200 - - [19/Sep/2021:08:38:52 +0800] "GET /xingrg/all/function/internal_message.html?_=1632011933196&CODE_STATE=count HTTP/1.1" 200 11
58.39.139.200 - - [19/Sep/2021:08:38:52 +0800] "GET /xingrg/check_reg.html?_=1632011933196 HTTP/1.1" 200 22
58.39.139.200 - - [19/Sep/2021:08:38:52 +0800] "GET /xingrg/javascript/jquery_easy_ui/themes/default/images/tabs_leftarrow.png HTTP/1.1" 304 -
58.39.139.200 - - [19/Sep/2021:08:38:52 +0800] "GET /xingrg/javascript/jquery_easy_ui/themes/default/images/panel_tool_collapse.gif HTTP/1.1" 304 -
58.39.139.200 - - [19/Sep/2021:08:38:52 +0800] "GET /xingrg/javascript/jquery_easy_ui/themes/default/images/tabs_rightarrow.png HTTP/1.1" 304 -
58.39.139.200 - - [19/Sep/2021:08:38:52 +0800] "GET /xingrg/images/blue/pingpu.png HTTP/1.1" 304 -
58.39.139.200 - - [19/Sep/2021:08:38:52 +0800] "GET /xingrg/javascript/jquery_easy_ui/themes/default/images/tree_arrows.gif HTTP/1.1" 304 -
58.39.139.200 - - [19/Sep/2021:08:38:53 +0800] "POST /xingrg/load_menu.html HTTP/1.1" 200 5138
58.39.139.200 - - [19/Sep/2021:08:38:53 +0800] "GET /xingrg/javascript/jquery_easy_ui/themes/default/images/tree_folder_open.gif HTTP/1.1" 304 -
58.39.139.200 - - [19/Sep/2021:08:38:53 +0800] "GET /xingrg/javascript/jquery_easy_ui/themes/icons/search_new.png HTTP/1.1" 304 -
58.39.139.200 - - [19/Sep/2021:08:38:53 +0800] "GET /xingrg/javascript/jquery_easy_ui/themes/icons/storage_new.png HTTP/1.1" 304 -
58.39.139.200 - - [19/Sep/2021:08:38:53 +0800] "GET /xingrg/javascript/jquery_easy_ui/themes/icons/forms_new.png HTTP/1.1" 304 -
58.39.139.200 - - [19/Sep/2021:08:38:53 +0800] "GET /xingrg/javascript/jquery_easy_ui/themes/default/images/tree_file.gif HTTP/1.1" 304 -
58.39.139.200 - - [19/Sep/2021:08:38:53 +0800] "GET /xingrg/javascript/jquery_easy_ui/themes/default/images/tree_folder.gif HTTP/1.1" 304 -
58.39.139.200 - - [19/Sep/2021:08:38:57 +0800] "GET /xingrg/javascript/jquery_easy_ui/themes/default/images/tabs_close.gif HTTP/1.1" 304 -
58.39.139.200 - - [19/Sep/2021:08:38:57 +0800] "GET /xingrg/css/base.css HTTP/1.1" 304 -
58.39.139.200 - - [19/Sep/2021:08:38:57 +0800] "GET /xingrg/css/site.css HTTP/1.1" 304 -
58.39.139.200 - - [19/Sep/2021:08:38:57 +0800] "GET /xingrg/javascript/easyui/themes/default/easyui.css HTTP/1.1" 304 -
58.39.139.200 - - [19/Sep/2021:08:38:57 +0800] "GET /xingrg/javascript/jquery_tools/datebox.css HTTP/1.1" 304 -
58.39.139.200 - - [19/Sep/2021:08:38:57 +0800] "GET /xingrg/javascript/easyui/themes/icon.css HTTP/1.1" 304 -
58.39.139.200 - - [19/Sep/2021:08:38:57 +0800] "GET /xingrg/kc/buy/cgyd_order_list.html HTTP/1.1" 200 47211
58.39.139.200 - - [19/Sep/2021:08:38:57 +0800] "GET /xingrg/javascript/auto/jquery.autocomplete.css HTTP/1.1" 304 -
58.39.139.200 - - [19/Sep/2021:08:38:57 +0800] "GET /xingrg/javascript/jquery_tools/fix.css HTTP/1.1" 304 -
58.39.139.200 - - [19/Sep/2021:08:38:57 +0800] "GET /xingrg/javascript/jquery_tools/jquery.tools.extend.js HTTP/1.1" 304 -
58.39.139.200 - - [19/Sep/2021:08:38:57 +0800] "GET /xingrg/javascript/jquery_tools/jquery.tools.hotkey.js HTTP/1.1" 304 -
58.39.139.200 - - [19/Sep/2021:08:38:57 +0800] "GET /xingrg/javascript/jquery_tools/list_manager.js HTTP/1.1" 304 -
58.39.139.200 - - [19/Sep/2021:08:38:57 +0800] "GET /xingrg/javascript/jquery_tools/jquery.tools.table.js HTTP/1.1" 304 -
58.39.139.200 - - [19/Sep/2021:08:38:57 +0800] "GET /xingrg/javascript/jquery_tools/table.css HTTP/1.1" 304 -
58.39.139.200 - - [19/Sep/2021:08:38:57 +0800] "GET /xingrg/javascript/auto/jquery.autocomplete.js HTTP/1.1" 304 -
58.39.139.200 - - [19/Sep/2021:08:38:57 +0800] "GET /xingrg/javascript/jquery_tools/jquery.tools.min.js HTTP/1.1" 304 -
58.39.139.200 - - [19/Sep/2021:08:38:57 +0800] "GET /xingrg/javascript/easyui/easyloader.js HTTP/1.1" 304 -
58.39.139.200 - - [19/Sep/2021:08:38:57 +0800] "GET /xingrg/javascript/jquery.cookie.js HTTP/1.1" 304 -
58.39.139.200 - - [19/Sep/2021:08:38:57 +0800] "GET /xingrg/javascript/print/LodopFuncs.js HTTP/1.1" 304 -
222.70.246.151 - - [19/Sep/2021:08:38:58 +0800] "GET /xingrg/all/function/internal_message.html?_=1632011962166&CODE_STATE=getMsg HTTP/1.1" 200 27
58.39.139.200 - - [19/Sep/2021:08:38:58 +0800] "GET /xingrg/javascript/easyui/themes/icons/edit_add_new.png HTTP/1.1" 304 -
58.39.139.200 - - [19/Sep/2021:08:38:58 +0800] "GET /xingrg/javascript/easyui/themes/icons/cance_new.png HTTP/1.1" 304 -
58.39.139.200 - - [19/Sep/2021:08:38:58 +0800] "GET /xingrg/javascript/easyui/themes/icons/check_new.png HTTP/1.1" 304 -
58.39.139.200 - - [19/Sep/2021:08:38:58 +0800] "GET /xingrg/javascript/easyui/themes/icons/field_new.png HTTP/1.1" 304 -
58.39.139.200 - - [19/Sep/2021:08:38:58 +0800] "GET /xingrg/javascript/easyui/themes/icons/import_new.png HTTP/1.1" 304 -
58.39.139.200 - - [19/Sep/2021:08:38:58 +0800] "GET /xingrg/javascript/easyui/plugins/jquery.parser.js HTTP/1.1" 304 -
58.39.139.200 - - [19/Sep/2021:08:38:58 +0800] "GET /xingrg/images/control/ajaxLoader.gif HTTP/1.1" 304 -
58.39.139.200 - - [19/Sep/2021:08:38:58 +0800] "GET /xingrg/kc/buy/cgsh_order_list.html HTTP/1.1" 200 47744
58.39.139.200 - - [19/Sep/2021:08:38:58 +0800] "POST /xingrg/kc/buy/cgyd_list_operate.html HTTP/1.1" 200 976
116.238.248.233 - - [19/Sep/2021:08:38:59 +0800] "GET /xingrg/all/function/internal_message.html?_=1632011937684&CODE_STATE=getMsg HTTP/1.1" 200 27
58.39.139.200 - - [19/Sep/2021:08:38:59 +0800] "POST /xingrg/kc/buy/cgsh_list_operate.html HTTP/1.1" 200 876
58.39.139.200 - - [19/Sep/2021:08:39:00 +0800] "GET /xingrg/javascript/easyui/themes/default/images/button_plain_hover.png HTTP/1.1" 304 -
58.39.139.200 - - [19/Sep/2021:08:39:00 +0800] "GET /xingrg/javascript/pic_change.js HTTP/1.1" 304 -
58.39.139.200 - - [19/Sep/2021:08:39:00 +0800] "GET /xingrg/javascript/jquery_tools/order_manager.js HTTP/1.1" 304 -
58.39.139.200 - - [19/Sep/2021:08:39:00 +0800] "GET /xingrg/javascript/convert.js HTTP/1.1" 304 -
58.39.139.200 - - [19/Sep/2021:08:39:00 +0800] "GET /xingrg/javascript/json2.js HTTP/1.1" 304 -
58.39.139.200 - - [19/Sep/2021:08:39:00 +0800] "GET /xingrg/javascript/print/kc_print.js HTTP/1.1" 304 -
58.39.139.200 - - [19/Sep/2021:08:39:00 +0800] "GET /xingrg/kc/buy/cgsh_order_add.html HTTP/1.1" 200 63529
58.39.139.200 - - [19/Sep/2021:08:39:00 +0800] "GET /xingrg/words/20210918181453_words.js HTTP/1.1" 200 847374
58.39.139.200 - - [19/Sep/2021:08:39:00 +0800] "GET /xingrg/javascript/easyui/themes/icons/copy_new.png HTTP/1.1" 304 -
58.39.139.200 - - [19/Sep/2021:08:39:00 +0800] "GET /xingrg/javascript/easyui/themes/icons/template_new.png HTTP/1.1" 304 -
58.39.139.200 - - [19/Sep/2021:08:39:00 +0800] "GET /xingrg/javascript/easyui/themes/icons/ok.png HTTP/1.1" 304 -
58.39.139.200 - - [19/Sep/2021:08:39:00 +0800] "GET /xingrg/javascript/easyui/themes/icons/print.png HTTP/1.1" 304 -
58.39.139.200 - - [19/Sep/2021:08:39:00 +0800] "GET /xingrg/javascript/easyui/themes/default/images/menu_downarrow.png HTTP/1.1" 304 -
58.39.139.200 - - [19/Sep/2021:08:39:00 +0800] "GET /xingrg/javascript/easyui/themes/icons/cancel.png HTTP/1.1" 304 -
58.39.139.200 - - [19/Sep/2021:08:39:01 +0800] "GET /xingrg/all/common/auto_word.html?type=employee&rest_code=00105 HTTP/1.1" 200 193
58.39.139.200 - - [19/Sep/2021:08:39:01 +0800] "GET /xingrg/all/common/auto_word.html?type=employee&rest_code=00105 HTTP/1.1" 200 193
58.39.139.200 - - [19/Sep/2021:08:39:01 +0800] "GET /xingrg/javascript/easyui/themes/default/validatebox.css HTTP/1.1" 404 1104
58.39.139.200 - - [19/Sep/2021:08:39:01 +0800] "GET /xingrg/javascript/easyui/plugins/jquery.validatebox.js HTTP/1.1" 304 -
58.39.139.200 - - [19/Sep/2021:08:39:01 +0800] "GET /xingrg/javascript/easyui/plugins/jquery.numberbox.js HTTP/1.1" 304 -
58.39.139.200 - - [19/Sep/2021:08:39:01 +0800] "GET /xingrg/javascript/easyui/themes/icons/edit_remove.png HTTP/1.1" 304 -
58.39.139.200 - - [19/Sep/2021:08:39:01 +0800] "POST /xingrg/kc/buy/cgsh_order_operate.html HTTP/1.1" 200 8245
58.39.139.200 - - [19/Sep/2021:08:39:03 +0800] "GET /xingrg/javascript/auto/indicator.gif HTTP/1.1" 404 1066
120.253.135.82 - - [19/Sep/2021:08:39:10 +0800] "GET /xingrg/check_reg.html?_=1632011721465 HTTP/1.1" 200 22
120.253.135.82 - - [19/Sep/2021:08:39:10 +0800] "GET /xingrg/all/function/internal_message.html?_=1632011721674&CODE_STATE=getMsg HTTP/1.1" 200 27
114.85.125.222 - - [19/Sep/2021:08:39:13 +0800] "GET /xingrg/all/function/internal_message.html?_=1632011934310&CODE_STATE=getMsg HTTP/1.1" 200 27
58.40.7.146 - - [19/Sep/2021:08:39:18 +0800] "GET /xingrg/all/function/internal_message.html?_=1632011956973&CODE_STATE=getMsg HTTP/1.1" 200 27
58.40.7.146 - - [19/Sep/2021:08:39:18 +0800] "GET /xingrg/check_reg.html?_=1632011956975 HTTP/1.1" 200 22
222.69.130.83 - - [19/Sep/2021:08:39:33 +0800] "GET /xingrg/all/function/internal_message.html?_=1632011971853&CODE_STATE=getMsg HTTP/1.1" 200 27
116.230.105.26 - - [19/Sep/2021:08:39:40 +0800] "GET /xingrg/all/function/internal_message.html?_=1632011962165&CODE_STATE=getMsg HTTP/1.1" 200 27
180.169.147.146 - - [19/Sep/2021:08:39:40 +0800] "GET /xingrg/check_reg.html?_=1632011979521 HTTP/1.1" 200 22
180.169.147.146 - - [19/Sep/2021:08:39:40 +0800] "GET /xingrg/all/function/internal_message.html?_=1632011979522&CODE_STATE=getMsg HTTP/1.1" 200 27
58.39.139.200 - - [19/Sep/2021:08:39:52 +0800] "GET /xingrg/all/function/internal_message.html?_=1632011993223&CODE_STATE=getMsg HTTP/1.1" 200 27
58.39.139.200 - - [19/Sep/2021:08:39:56 +0800] "GET /xingrg/kc/buy/cgsh_order_operate.html?command=get_materiel&rest_code=00105&code=00101016071&supplier_code=00100034&order_time=2021-09-19 HTTP/1.1" 200 416
222.70.246.151 - - [19/Sep/2021:08:39:58 +0800] "GET /xingrg/all/function/internal_message.html?_=1632012022177&CODE_STATE=getMsg HTTP/1.1" 200 27
116.238.248.233 - - [19/Sep/2021:08:39:59 +0800] "GET /xingrg/all/function/internal_message.html?_=1632011997685&CODE_STATE=getMsg HTTP/1.1" 200 27
222.69.130.83 - - [19/Sep/2021:08:40:08 +0800] "GET /xingrg/javascript/jquery_easy_ui/themes/default/images/tabs_active.png HTTP/1.1" 200 2894
120.253.135.82 - - [19/Sep/2021:08:40:10 +0800] "GET /xingrg/all/function/internal_message.html?_=1632011781687&CODE_STATE=getMsg HTTP/1.1" 200 27
114.85.125.222 - - [19/Sep/2021:08:40:13 +0800] "GET /xingrg/all/function/internal_message.html?_=1632011994331&CODE_STATE=getMsg HTTP/1.1" 200 27
58.39.139.200 - - [19/Sep/2021:08:40:15 +0800] "GET /xingrg/kc/buy/cgsh_order_operate.html?command=get_materiel&rest_code=00105&code=00101016030&supplier_code=00100034&order_time=2021-09-19 HTTP/1.1" 200 412
58.40.7.146 - - [19/Sep/2021:08:40:18 +0800] "GET /xingrg/all/function/internal_message.html?_=1632012016979&CODE_STATE=getMsg HTTP/1.1" 200 27
58.39.139.200 - - [19/Sep/2021:08:40:30 +0800] "GET /xingrg/kc/buy/cgsh_order_operate.html?command=get_materiel&rest_code=00105&code=00101016100&supplier_code=00100034&order_time=2021-09-19 HTTP/1.1" 200 412
222.69.130.83 - - [19/Sep/2021:08:40:33 +0800] "GET /xingrg/all/function/internal_message.html?_=1632012031855&CODE_STATE=getMsg HTTP/1.1" 200 27
116.230.105.26 - - [19/Sep/2021:08:40:40 +0800] "GET /xingrg/all/function/internal_message.html?_=1632012022160&CODE_STATE=getMsg HTTP/1.1" 200 27
180.169.147.146 - - [19/Sep/2021:08:40:40 +0800] "GET /xingrg/all/function/internal_message.html?_=1632012039514&CODE_STATE=getMsg HTTP/1.1" 200 27
58.39.139.200 - - [19/Sep/2021:08:40:51 +0800] "GET /xingrg/kc/buy/cgsh_order_operate.html?command=get_materiel&rest_code=00105&code=00101012026&supplier_code=00100034&order_time=2021-09-19 HTTP/1.1" 200 408
58.39.139.200 - - [19/Sep/2021:08:40:52 +0800] "GET /xingrg/all/function/internal_message.html?_=1632012053211&CODE_STATE=getMsg HTTP/1.1" 200 27
222.70.246.151 - - [19/Sep/2021:08:40:56 +0800] "GET /xingrg/check_reg.html?_=1632012081001 HTTP/1.1" 200 22
222.70.246.151 - - [19/Sep/2021:08:40:58 +0800] "GET /xingrg/all/function/internal_message.html?_=1632012082190&CODE_STATE=getMsg HTTP/1.1" 200 27
116.238.248.233 - - [19/Sep/2021:08:40:59 +0800] "GET /xingrg/all/function/internal_message.html?_=1632012057685&CODE_STATE=getMsg HTTP/1.1" 200 27
58.39.139.200 - - [19/Sep/2021:08:41:01 +0800] "POST /xingrg/kc/buy/cgsh_order_operate.html HTTP/1.1" 200 37
58.39.139.200 - - [19/Sep/2021:08:41:02 +0800] "POST /xingrg/kc/buy/cgsh_order_operate.html HTTP/1.1" 200 4427
58.39.139.200 - - [19/Sep/2021:08:41:03 +0800] "GET /xingrg/kc/print/load_config.html?kc_code=cgsh HTTP/1.1" 200 2076
58.39.139.200 - - [19/Sep/2021:08:41:04 +0800] "GET /xingrg/kc/print/load_data.html?order_code=212021091908229&kc_code=cgsh&condition= HTTP/1.1" 200 1391
58.39.139.200 - - [19/Sep/2021:08:41:08 +0800] "GET /xingrg/kc/buy/cgsh_order_add.html HTTP/1.1" 200 63529
58.39.139.200 - - [19/Sep/2021:08:41:09 +0800] "GET /xingrg/javascript/easyui/themes/default/validatebox.css HTTP/1.1" 404 1104
58.39.139.200 - - [19/Sep/2021:08:41:09 +0800] "POST /xingrg/kc/buy/cgsh_order_operate.html HTTP/1.1" 200 8245
120.253.135.82 - - [19/Sep/2021:08:41:10 +0800] "GET /xingrg/all/function/internal_message.html?_=1632011841701&CODE_STATE=getMsg HTTP/1.1" 200 27
114.85.125.222 - - [19/Sep/2021:08:41:13 +0800] "GET /xingrg/all/function/internal_message.html?_=1632012054338&CODE_STATE=getMsg HTTP/1.1" 200 27
58.40.7.146 - - [19/Sep/2021:08:41:18 +0800] "GET /xingrg/all/function/internal_message.html?_=1632012076982&CODE_STATE=getMsg HTTP/1.1" 200 27
222.69.130.83 - - [19/Sep/2021:08:41:33 +0800] "GET /xingrg/all/function/internal_message.html?_=1632012091855&CODE_STATE=getMsg HTTP/1.1" 200 27
116.230.105.26 - - [19/Sep/2021:08:41:40 +0800] "GET /xingrg/check_reg.html?_=1632012082173 HTTP/1.1" 200 22
116.230.105.26 - - [19/Sep/2021:08:41:40 +0800] "GET /xingrg/all/function/internal_message.html?_=1632012082181&CODE_STATE=getMsg HTTP/1.1" 200 27
180.169.147.146 - - [19/Sep/2021:08:41:40 +0800] "GET /xingrg/all/function/internal_message.html?_=1632012099532&CODE_STATE=getMsg HTTP/1.1" 200 27
58.39.139.200 - - [19/Sep/2021:08:41:45 +0800] "POST /xingrg/services/DataTransmitService HTTP/1.1" 200 524
58.39.139.200 - - [19/Sep/2021:08:41:52 +0800] "GET /xingrg/all/function/internal_message.html?_=1632012113214&CODE_STATE=getMsg HTTP/1.1" 200 27
222.70.246.151 - - [19/Sep/2021:08:41:58 +0800] "GET /xingrg/all/function/internal_message.html?_=1632012142203&CODE_STATE=getMsg HTTP/1.1" 200 27
116.238.248.233 - - [19/Sep/2021:08:41:59 +0800] "GET /xingrg/all/function/internal_message.html?_=1632012117685&CODE_STATE=getMsg HTTP/1.1" 200 27
116.238.248.233 - - [19/Sep/2021:08:41:59 +0800] "GET /xingrg/check_reg.html?_=1632012117688 HTTP/1.1" 200 22
58.39.139.200 - - [19/Sep/2021:08:42:03 +0800] "GET /xingrg/kc/buy/cgsh_order_operate.html?command=get_materiel&rest_code=00105&code=00101016122&supplier_code=00100203&order_time=2021-09-19 HTTP/1.1" 200 395
120.253.135.82 - - [19/Sep/2021:08:42:10 +0800] "GET /xingrg/all/function/internal_message.html?_=1632011901724&CODE_STATE=getMsg HTTP/1.1" 200 27
114.85.125.222 - - [19/Sep/2021:08:42:13 +0800] "GET /xingrg/all/function/internal_message.html?_=1632012114358&CODE_STATE=getMsg HTTP/1.1" 200 27
58.40.7.146 - - [19/Sep/2021:08:42:18 +0800] "GET /xingrg/all/function/internal_message.html?_=1632012136983&CODE_STATE=getMsg HTTP/1.1" 200 27
58.39.139.200 - - [19/Sep/2021:08:42:25 +0800] "POST /xingrg/services/DataTransmitService HTTP/1.1" 200 501
58.39.139.200 - - [19/Sep/2021:08:42:25 +0800] "POST /xingrg/services/DataTransmitService HTTP/1.1" 200 501
58.39.139.200 - - [19/Sep/2021:08:42:27 +0800] "POST /xingrg/services/DataTransmitService HTTP/1.1" 200 501
58.39.139.200 - - [19/Sep/2021:08:42:29 +0800] "POST /xingrg/services/DataTransmitService HTTP/1.1" 200 501
58.39.139.200 - - [19/Sep/2021:08:42:29 +0800] "POST /xingrg/services/DataTransmitService HTTP/1.1" 200 501
58.39.139.200 - - [19/Sep/2021:08:42:31 +0800] "POST /xingrg/services/DataTransmitService HTTP/1.1" 200 501
58.39.139.200 - - [19/Sep/2021:08:42:31 +0800] "POST /xingrg/services/DataTransmitService HTTP/1.1" 200 501
58.39.139.200 - - [19/Sep/2021:08:42:32 +0800] "POST /xingrg/services/DataTransmitService HTTP/1.1" 200 501
58.39.139.200 - - [19/Sep/2021:08:42:32 +0800] "POST /xingrg/services/DataTransmitService HTTP/1.1" 200 412
222.69.130.83 - - [19/Sep/2021:08:42:33 +0800] "GET /xingrg/all/function/internal_message.html?_=1632012151854&CODE_STATE=getMsg HTTP/1.1" 200 27
116.230.105.26 - - [19/Sep/2021:08:42:40 +0800] "GET /xingrg/all/function/internal_message.html?_=1632012142172&CODE_STATE=getMsg HTTP/1.1" 200 27
180.169.147.146 - - [19/Sep/2021:08:42:40 +0800] "GET /xingrg/all/function/internal_message.html?_=1632012159526&CODE_STATE=getMsg HTTP/1.1" 200 27
58.39.139.200 - - [19/Sep/2021:08:42:52 +0800] "GET /xingrg/all/function/internal_message.html?_=1632012173207&CODE_STATE=getMsg HTTP/1.1" 200 27
222.70.246.151 - - [19/Sep/2021:08:42:58 +0800] "GET /xingrg/all/function/internal_message.html?_=1632012202216&CODE_STATE=getMsg HTTP/1.1" 200 27
116.238.248.233 - - [19/Sep/2021:08:42:59 +0800] "GET /xingrg/all/function/internal_message.html?_=1632012177690&CODE_STATE=getMsg HTTP/1.1" 200 27
114.85.125.222 - - [19/Sep/2021:08:43:03 +0800] "GET /xingrg/check_reg.html?_=1632012163960 HTTP/1.1" 200 22
120.253.135.82 - - [19/Sep/2021:08:43:10 +0800] "GET /xingrg/all/function/internal_message.html?_=1632011961728&CODE_STATE=getMsg HTTP/1.1" 200 27
58.39.139.200 - - [19/Sep/2021:08:43:11 +0800] "GET /xingrg/kc/buy/cgsh_order_operate.html?command=get_materiel&rest_code=00105&code=00101008256&supplier_code=00100203&order_time=2021-09-19 HTTP/1.1" 200 413
114.85.125.222 - - [19/Sep/2021:08:43:13 +0800] "GET /xingrg/all/function/internal_message.html?_=1632012174365&CODE_STATE=getMsg HTTP/1.1" 200 27
58.40.7.146 - - [19/Sep/2021:08:43:18 +0800] "GET /xingrg/all/function/internal_message.html?_=1632012196971&CODE_STATE=getMsg HTTP/1.1" 200 27
58.39.139.200 - - [19/Sep/2021:08:43:21 +0800] "GET /xingrg/kc/buy/cgsh_order_operate.html?command=get_materiel&rest_code=00105&code=00101008257&supplier_code=00100203&order_time=2021-09-19 HTTP/1.1" 200 416
58.39.139.200 - - [19/Sep/2021:08:43:28 +0800] "GET /xingrg/kc/buy/cgsh_order_operate.html?command=get_materiel&rest_code=00105&code=00101008155&supplier_code=00100203&order_time=2021-09-19 HTTP/1.1" 200 408
222.69.130.83 - - [19/Sep/2021:08:43:33 +0800] "GET /xingrg/check_reg.html?_=1632012211858 HTTP/1.1" 200 22
222.69.130.83 - - [19/Sep/2021:08:43:33 +0800] "GET /xingrg/all/function/internal_message.html?_=1632012211861&CODE_STATE=getMsg HTTP/1.1" 200 27
222.69.130.83 - - [19/Sep/2021:08:43:37 +0800] "GET /xingrg/javascript/jquery_easy_ui/themes/default/images/tabs_close.gif HTTP/1.1" 200 829
222.69.130.83 - - [19/Sep/2021:08:43:37 +0800] "GET /xingrg/css/base.css HTTP/1.1" 200 2811
222.69.130.83 - - [19/Sep/2021:08:43:37 +0800] "GET /xingrg/css/site.css HTTP/1.1" 200 7541
222.69.130.83 - - [19/Sep/2021:08:43:37 +0800] "GET /xingrg/javascript/easyui/themes/icon.css HTTP/1.1" 200 4483
222.69.130.83 - - [19/Sep/2021:08:43:37 +0800] "GET /xingrg/javascript/jquery_tools/datebox.css HTTP/1.1" 200 2597
222.69.130.83 - - [19/Sep/2021:08:43:37 +0800] "GET /xingrg/javascript/jquery_tools/fix.css HTTP/1.1" 200 1702
222.69.130.83 - - [19/Sep/2021:08:43:37 +0800] "GET /xingrg/javascript/jquery_tools/table.css HTTP/1.1" 200 1032
222.69.130.83 - - [19/Sep/2021:08:43:37 +0800] "GET /xingrg/javascript/auto/jquery.autocomplete.css HTTP/1.1" 200 587
222.69.130.83 - - [19/Sep/2021:08:43:37 +0800] "GET /xingrg/javascript/jquery_tools/jquery.tools.min.js HTTP/1.1" 200 138801
222.69.130.83 - - [19/Sep/2021:08:43:37 +0800] "GET /xingrg/javascript/jquery_tools/jquery.tools.extend.js HTTP/1.1" 200 15385
222.69.130.83 - - [19/Sep/2021:08:43:37 +0800] "GET /xingrg/javascript/jquery_tools/jquery.tools.hotkey.js HTTP/1.1" 200 3242
222.69.130.83 - - [19/Sep/2021:08:43:37 +0800] "GET /xingrg/javascript/jquery_tools/jquery.tools.table.js HTTP/1.1" 200 6994
222.69.130.83 - - [19/Sep/2021:08:43:37 +0800] "GET /xingrg/javascript/jquery_tools/list_manager.js HTTP/1.1" 200 3652
222.69.130.83 - - [19/Sep/2021:08:43:37 +0800] "GET /xingrg/javascript/easyui/easyloader.js HTTP/1.1" 200 5975
222.69.130.83 - - [19/Sep/2021:08:43:37 +0800] "GET /xingrg/javascript/jquery.cookie.js HTTP/1.1" 200 5513
222.69.130.83 - - [19/Sep/2021:08:43:37 +0800] "GET /xingrg/kc/buy/cgsh_order_list.html HTTP/1.1" 200 47750
222.69.130.83 - - [19/Sep/2021:08:43:37 +0800] "GET /xingrg/javascript/print/LodopFuncs.js HTTP/1.1" 200 5121
222.69.130.83 - - [19/Sep/2021:08:43:37 +0800] "GET /xingrg/javascript/easyui/themes/default/easyui.css HTTP/1.1" 200 30432
222.69.130.83 - - [19/Sep/2021:08:43:37 +0800] "GET /xingrg/javascript/auto/jquery.autocomplete.js HTTP/1.1" 200 21624
222.69.130.83 - - [19/Sep/2021:08:43:37 +0800] "GET /xingrg/javascript/easyui/themes/icons/edit_add_new.png HTTP/1.1" 200 2997
222.69.130.83 - - [19/Sep/2021:08:43:37 +0800] "GET /xingrg/javascript/easyui/themes/icons/field_new.png HTTP/1.1" 200 1097
222.69.130.83 - - [19/Sep/2021:08:43:37 +0800] "GET /xingrg/javascript/easyui/themes/icons/check_new.png HTTP/1.1" 200 3224
222.69.130.83 - - [19/Sep/2021:08:43:37 +0800] "GET /xingrg/javascript/easyui/themes/icons/cance_new.png HTTP/1.1" 200 3986
222.69.130.83 - - [19/Sep/2021:08:43:37 +0800] "GET /xingrg/javascript/easyui/themes/icons/import_new.png HTTP/1.1" 200 1247
222.69.130.83 - - [19/Sep/2021:08:43:37 +0800] "GET /xingrg/javascript/easyui/plugins/jquery.parser.js HTTP/1.1" 200 1142
222.69.130.83 - - [19/Sep/2021:08:43:37 +0800] "GET /xingrg/images/control/ajaxLoader.gif HTTP/1.1" 200 4659
222.69.130.83 - - [19/Sep/2021:08:43:38 +0800] "POST /xingrg/kc/buy/cgsh_list_operate.html HTTP/1.1" 200 876
116.230.105.26 - - [19/Sep/2021:08:43:40 +0800] "GET /xingrg/all/function/internal_message.html?_=1632012202171&CODE_STATE=getMsg HTTP/1.1" 200 27
180.169.147.146 - - [19/Sep/2021:08:43:40 +0800] "GET /xingrg/all/function/internal_message.html?_=1632012219516&CODE_STATE=getMsg HTTP/1.1" 200 27
58.39.139.200 - - [19/Sep/2021:08:43:40 +0800] "GET /xingrg/kc/buy/cgsh_order_operate.html?command=get_materiel&rest_code=00105&code=00101008149&supplier_code=00100203&order_time=2021-09-19 HTTP/1.1" 200 408
222.69.130.83 - - [19/Sep/2021:08:43:41 +0800] "GET /xingrg/javascript/easyui/themes/default/images/button_plain_hover.png HTTP/1.1" 200 144
222.69.130.83 - - [19/Sep/2021:08:43:42 +0800] "GET /xingrg/javascript/pic_change.js HTTP/1.1" 200 4739
222.69.130.83 - - [19/Sep/2021:08:43:42 +0800] "GET /xingrg/javascript/convert.js HTTP/1.1" 200 1239
222.69.130.83 - - [19/Sep/2021:08:43:42 +0800] "GET /xingrg/javascript/jquery_tools/order_manager.js HTTP/1.1" 200 11183
222.69.130.83 - - [19/Sep/2021:08:43:42 +0800] "GET /xingrg/kc/buy/cgsh_order_add.html HTTP/1.1" 200 63535
222.69.130.83 - - [19/Sep/2021:08:43:42 +0800] "GET /xingrg/javascript/json2.js HTTP/1.1" 200 11259
222.69.130.83 - - [19/Sep/2021:08:43:42 +0800] "GET /xingrg/javascript/print/kc_print.js HTTP/1.1" 200 11415
222.69.130.83 - - [19/Sep/2021:08:43:42 +0800] "GET /xingrg/words/20210918181453_words.js HTTP/1.1" 200 847374
222.69.130.83 - - [19/Sep/2021:08:43:42 +0800] "GET /xingrg/javascript/easyui/themes/icons/copy_new.png HTTP/1.1" 200 815
222.69.130.83 - - [19/Sep/2021:08:43:42 +0800] "GET /xingrg/javascript/easyui/themes/icons/template_new.png HTTP/1.1" 200 3956
222.69.130.83 - - [19/Sep/2021:08:43:42 +0800] "GET /xingrg/javascript/easyui/themes/icons/ok.png HTTP/1.1" 200 883
222.69.130.83 - - [19/Sep/2021:08:43:42 +0800] "GET /xingrg/javascript/easyui/themes/icons/print.png HTTP/1.1" 200 1057
222.69.130.83 - - [19/Sep/2021:08:43:42 +0800] "GET /xingrg/javascript/easyui/themes/default/images/menu_downarrow.png HTTP/1.1" 200 173
222.69.130.83 - - [19/Sep/2021:08:43:42 +0800] "GET /xingrg/javascript/easyui/themes/icons/cancel.png HTTP/1.1" 200 1133
222.69.130.83 - - [19/Sep/2021:08:43:42 +0800] "POST /xingrg/kc/buy/cgsh_order_operate.html HTTP/1.1" 200 8245
222.69.130.83 - - [19/Sep/2021:08:43:42 +0800] "GET /xingrg/javascript/easyui/themes/default/validatebox.css HTTP/1.1" 404 1104
222.69.130.83 - - [19/Sep/2021:08:43:42 +0800] "GET /xingrg/javascript/easyui/plugins/jquery.validatebox.js HTTP/1.1" 200 6103
222.69.130.83 - - [19/Sep/2021:08:43:42 +0800] "GET /xingrg/all/common/auto_word.html?type=employee&rest_code=00149 HTTP/1.1" 200 197
222.69.130.83 - - [19/Sep/2021:08:43:42 +0800] "GET /xingrg/all/common/auto_word.html?type=employee&rest_code=00149 HTTP/1.1" 200 197
222.69.130.83 - - [19/Sep/2021:08:43:42 +0800] "GET /xingrg/javascript/easyui/themes/icons/edit_remove.png HTTP/1.1" 200 625
222.69.130.83 - - [19/Sep/2021:08:43:42 +0800] "GET /xingrg/javascript/easyui/plugins/jquery.numberbox.js HTTP/1.1" 200 5213
58.39.139.200 - - [19/Sep/2021:08:43:48 +0800] "GET /xingrg/kc/buy/cgsh_order_operate.html?command=get_materiel&rest_code=00105&code=00101008312&supplier_code=00100203&order_time=2021-09-19 HTTP/1.1" 200 412
58.39.139.200 - - [19/Sep/2021:08:43:52 +0800] "GET /xingrg/check_reg.html?_=1632012233244 HTTP/1.1" 200 22
58.39.139.200 - - [19/Sep/2021:08:43:52 +0800] "GET /xingrg/all/function/internal_message.html?_=1632012233246&CODE_STATE=getMsg HTTP/1.1" 200 27
222.69.130.83 - - [19/Sep/2021:08:43:54 +0800] "GET /xingrg/javascript/auto/indicator.gif HTTP/1.1" 404 1066
58.39.139.200 - - [19/Sep/2021:08:43:55 +0800] "GET /xingrg/kc/buy/cgsh_order_operate.html?command=get_materiel&rest_code=00105&code=00101008010&supplier_code=00100203&order_time=2021-09-19 HTTP/1.1" 200 412
222.70.246.151 - - [19/Sep/2021:08:43:58 +0800] "GET /xingrg/all/function/internal_message.html?_=1632012262237&CODE_STATE=getMsg HTTP/1.1" 200 27
222.69.130.83 - - [19/Sep/2021:08:43:58 +0800] "GET /xingrg/javascript/jquery_tools/images/prev.gif HTTP/1.1" 404 1086
222.69.130.83 - - [19/Sep/2021:08:43:58 +0800] "GET /xingrg/javascript/jquery_tools/images/next.gif HTTP/1.1" 404 1086
116.238.248.233 - - [19/Sep/2021:08:43:59 +0800] "GET /xingrg/all/function/internal_message.html?_=1632012237678&CODE_STATE=getMsg HTTP/1.1" 200 27
120.253.135.82 - - [19/Sep/2021:08:44:10 +0800] "GET /xingrg/check_reg.html?_=1632012021476 HTTP/1.1" 200 22
120.253.135.82 - - [19/Sep/2021:08:44:10 +0800] "GET /xingrg/all/function/internal_message.html?_=1632012021741&CODE_STATE=getMsg HTTP/1.1" 200 27
114.85.125.222 - - [19/Sep/2021:08:44:13 +0800] "GET /xingrg/all/function/internal_message.html?_=1632012234379&CODE_STATE=getMsg HTTP/1.1" 200 27
222.69.130.83 - - [19/Sep/2021:08:44:13 +0800] "GET /xingrg/kc/buy/cgsh_order_operate.html?command=get_materiel&rest_code=00149&code=00101008323&supplier_code=00100005&order_time=2021-09-19 HTTP/1.1" 200 408
58.40.7.146 - - [19/Sep/2021:08:44:18 +0800] "GET /xingrg/all/function/internal_message.html?_=1632012256974&CODE_STATE=getMsg HTTP/1.1" 200 27
58.40.7.146 - - [19/Sep/2021:08:44:18 +0800] "GET /xingrg/check_reg.html?_=1632012256975 HTTP/1.1" 200 22
222.69.130.83 - - [19/Sep/2021:08:44:29 +0800] "GET /xingrg/kc/buy/cgsh_order_operate.html?command=get_materiel&rest_code=00149&code=00101008091&supplier_code=00100005&order_time=2021-09-19 HTTP/1.1" 200 413
222.69.130.83 - - [19/Sep/2021:08:44:33 +0800] "GET /xingrg/all/function/internal_message.html?_=1632012271859&CODE_STATE=getMsg HTTP/1.1" 200 27
222.69.130.83 - - [19/Sep/2021:08:44:38 +0800] "GET /xingrg/kc/buy/cgsh_order_operate.html?command=get_materiel&rest_code=00149&code=00101008302&supplier_code=00100005&order_time=2021-09-19 HTTP/1.1" 200 412
116.230.105.26 - - [19/Sep/2021:08:44:40 +0800] "GET /xingrg/all/function/internal_message.html?_=1632012262161&CODE_STATE=getMsg HTTP/1.1" 200 27
180.169.147.146 - - [19/Sep/2021:08:44:40 +0800] "GET /xingrg/all/function/internal_message.html?_=1632012279525&CODE_STATE=getMsg HTTP/1.1" 200 27
180.169.147.146 - - [19/Sep/2021:08:44:40 +0800] "GET /xingrg/check_reg.html?_=1632012279527 HTTP/1.1" 200 22
58.39.139.200 - - [19/Sep/2021:08:44:52 +0800] "GET /xingrg/all/function/internal_message.html?_=1632012293263&CODE_STATE=getMsg HTTP/1.1" 200 27
222.69.130.83 - - [19/Sep/2021:08:44:55 +0800] "GET /xingrg/kc/buy/cgsh_order_operate.html?command=get_materiel&rest_code=00149&code=00101008261&supplier_code=00100005&order_time=2021-09-19 HTTP/1.1" 200 408
222.70.246.151 - - [19/Sep/2021:08:44:58 +0800] "GET /xingrg/all/function/internal_message.html?_=1632012322244&CODE_STATE=getMsg HTTP/1.1" 200 27
116.238.248.233 - - [19/Sep/2021:08:44:59 +0800] "GET /xingrg/all/function/internal_message.html?_=1632012297694&CODE_STATE=getMsg HTTP/1.1" 200 27
180.152.125.3 - - [19/Sep/2021:08:45:01 +0800] "GET /favicon.ico HTTP/1.1" 404 -
120.253.135.82 - - [19/Sep/2021:08:45:10 +0800] "GET /xingrg/all/function/internal_message.html?_=1632012081755&CODE_STATE=getMsg HTTP/1.1" 200 27
180.152.125.3 - - [19/Sep/2021:08:45:11 +0800] "GET /favicon.ico HTTP/1.1" 404 -
114.85.125.222 - - [19/Sep/2021:08:45:13 +0800] "GET /xingrg/all/function/internal_message.html?_=1632012294400&CODE_STATE=getMsg HTTP/1.1" 200 27
58.40.7.146 - - [19/Sep/2021:08:45:18 +0800] "GET /xingrg/all/function/internal_message.html?_=1632012316977&CODE_STATE=getMsg HTTP/1.1" 200 27
222.69.130.83 - - [19/Sep/2021:08:45:33 +0800] "GET /xingrg/all/function/internal_message.html?_=1632012331861&CODE_STATE=getMsg HTTP/1.1" 200 27
116.230.105.26 - - [19/Sep/2021:08:45:40 +0800] "GET /xingrg/all/function/internal_message.html?_=1632012322158&CODE_STATE=getMsg HTTP/1.1" 200 27
180.169.147.146 - - [19/Sep/2021:08:45:40 +0800] "GET /xingrg/all/function/internal_message.html?_=1632012339526&CODE_STATE=getMsg HTTP/1.1" 200 27
222.69.130.83 - - [19/Sep/2021:08:45:41 +0800] "GET /xingrg/kc/buy/cgsh_order_operate.html?command=get_materiel&rest_code=00149&code=00101008072&supplier_code=00100005&order_time=2021-09-19 HTTP/1.1" 200 408
58.39.139.200 - - [19/Sep/2021:08:45:52 +0800] "GET /xingrg/all/function/internal_message.html?_=1632012353204&CODE_STATE=getMsg HTTP/1.1" 200 27
222.69.130.83 - - [19/Sep/2021:08:45:54 +0800] "GET /xingrg/kc/buy/cgsh_order_operate.html?command=get_materiel&rest_code=00149&code=00102004143&supplier_code=00100005&order_time=2021-09-19 HTTP/1.1" 200 394
222.70.246.151 - - [19/Sep/2021:08:45:56 +0800] "GET /xingrg/check_reg.html?_=1632012380998 HTTP/1.1" 200 22
222.70.246.151 - - [19/Sep/2021:08:45:58 +0800] "GET /xingrg/all/function/internal_message.html?_=1632012382257&CODE_STATE=getMsg HTTP/1.1" 200 27
116.238.248.233 - - [19/Sep/2021:08:45:59 +0800] "GET /xingrg/all/function/internal_message.html?_=1632012357697&CODE_STATE=getMsg HTTP/1.1" 200 27
58.39.139.200 - - [19/Sep/2021:08:46:04 +0800] "GET /xingrg/kc/buy/cgsh_order_operate.html?command=get_materiel&rest_code=00105&code=00101008096&supplier_code=00100203&order_time=2021-09-19 HTTP/1.1" 200 412
222.69.130.83 - - [19/Sep/2021:08:46:08 +0800] "GET /xingrg/kc/buy/cgsh_order_operate.html?command=get_materiel&rest_code=00149&code=00101008132&supplier_code=00100005&order_time=2021-09-19 HTTP/1.1" 200 408
120.253.135.82 - - [19/Sep/2021:08:46:10 +0800] "GET /xingrg/all/function/internal_message.html?_=1632012141768&CODE_STATE=getMsg HTTP/1.1" 200 27
58.39.139.200 - - [19/Sep/2021:08:46:12 +0800] "GET /xingrg/kc/buy/cgsh_order_operate.html?command=get_materiel&rest_code=00105&code=00101008088&supplier_code=00100203&order_time=2021-09-19 HTTP/1.1" 200 408
114.85.125.222 - - [19/Sep/2021:08:46:13 +0800] "GET /xingrg/all/function/internal_message.html?_=1632012354406&CODE_STATE=getMsg HTTP/1.1" 200 27
222.70.246.151 - - [19/Sep/2021:08:46:17 +0800] "POST /xingrg/services/DataTransmitService HTTP/1.1" 200 524
58.40.7.146 - - [19/Sep/2021:08:46:18 +0800] "GET /xingrg/all/function/internal_message.html?_=1632012376981&CODE_STATE=getMsg HTTP/1.1" 200 27
58.39.139.200 - - [19/Sep/2021:08:46:19 +0800] "GET /xingrg/kc/buy/cgsh_order_operate.html?command=get_materiel&rest_code=00105&code=00101008163&supplier_code=00100203&order_time=2021-09-19 HTTP/1.1" 200 409
222.69.130.83 - - [19/Sep/2021:08:46:22 +0800] "GET /xingrg/kc/buy/cgsh_order_operate.html?command=get_materiel&rest_code=00149&code=00101008055&supplier_code=00100005&order_time=2021-09-19 HTTP/1.1" 200 409
58.39.139.200 - - [19/Sep/2021:08:46:31 +0800] "GET /xingrg/kc/buy/cgsh_order_operate.html?command=get_materiel&rest_code=00105&code=00101008190&supplier_code=00100203&order_time=2021-09-19 HTTP/1.1" 200 412
222.69.130.83 - - [19/Sep/2021:08:46:33 +0800] "GET /xingrg/kc/buy/cgsh_order_operate.html?command=get_materiel&rest_code=00149&code=00101008257&supplier_code=00100005&order_time=2021-09-19 HTTP/1.1" 200 416
