116.232.53.102 - - [19/Sep/2021:11:25:45 +0800] "GET /xingrg/kc/print/load_data.html?order_code=212021091908345&kc_code=cgsh&condition= HTTP/1.1" 200 670
180.152.125.3 - - [19/Sep/2021:11:25:45 +0800] "POST /xingrg/dwr/call/plaincall/AjaxQqpsService.getMaterielByCode.dwr HTTP/1.1" 200 2603
222.69.130.83 - - [19/Sep/2021:11:25:46 +0800] "GET /xingrg/all/function/internal_message.html?_=1632021944666&CODE_STATE=getMsg HTTP/1.1" 200 27
180.152.125.3 - - [19/Sep/2021:11:25:47 +0800] "POST /xingrg/dwr/call/plaincall/AjaxQqpsService.saveMaterielItem.dwr HTTP/1.1" 200 78
116.232.53.102 - - [19/Sep/2021:11:25:48 +0800] "GET /xingrg/kc/buy/cgsh_order_add.html HTTP/1.1" 200 63523
180.152.125.3 - - [19/Sep/2021:11:25:48 +0800] "POST /xingrg/dwr/call/plaincall/AjaxQqpsService.getMaterielByCode.dwr HTTP/1.1" 200 2597
116.232.53.102 - - [19/Sep/2021:11:25:48 +0800] "POST /xingrg/kc/buy/cgsh_order_operate.html HTTP/1.1" 200 8245
116.232.53.102 - - [19/Sep/2021:11:25:48 +0800] "GET /xingrg/all/common/auto_word.html?type=employee&rest_code=00109 HTTP/1.1" 200 255
116.232.53.102 - - [19/Sep/2021:11:25:48 +0800] "GET /xingrg/all/common/auto_word.html?type=employee&rest_code=00109 HTTP/1.1" 200 255
116.232.53.102 - - [19/Sep/2021:11:25:48 +0800] "GET /xingrg/javascript/easyui/themes/default/validatebox.css HTTP/1.1" 404 1104
180.152.125.3 - - [19/Sep/2021:11:25:49 +0800] "POST /xingrg/dwr/call/plaincall/AjaxQqpsService.saveMaterielItem.dwr HTTP/1.1" 200 78
58.39.139.200 - - [19/Sep/2021:11:25:52 +0800] "GET /xingrg/all/function/internal_message.html?_=1632021953085&CODE_STATE=getMsg HTTP/1.1" 200 27
116.237.74.154 - - [19/Sep/2021:11:25:53 +0800] "GET /xingrg/kc/base/wldb_order_operate.html?command=get_materiel&rest_code=00106&base_code=0010396&code=00101019185 HTTP/1.1" 200 455
116.232.53.102 - - [19/Sep/2021:11:25:53 +0800] "GET /xingrg/kc/buy/cgsh_order_operate.html?command=get_materiel&rest_code=00109&code=00101010161&supplier_code=00100334&order_time=2021-09-19 HTTP/1.1" 200 408
116.230.105.26 - - [19/Sep/2021:11:25:55 +0800] "GET /xingrg/kc/buy/cgsh_order_operate.html?command=get_materiel&rest_code=00155&code=00101001214&supplier_code=00100090&order_time=2021-09-19 HTTP/1.1" 200 405
180.152.125.3 - - [19/Sep/2021:11:25:56 +0800] "POST /xingrg/dwr/call/plaincall/AjaxQqpsService.getMaterielByCode.dwr HTTP/1.1" 200 2629
58.39.139.200 - - [19/Sep/2021:11:25:56 +0800] "GET /xingrg/all/function/internal_message.html?_=1632021902124&CODE_STATE=getMsg HTTP/1.1" 200 27
222.70.246.151 - - [19/Sep/2021:11:25:57 +0800] "GET /xingrg/check_reg.html?_=1632021981456 HTTP/1.1" 200 22
116.237.74.154 - - [19/Sep/2021:11:25:57 +0800] "GET /xingrg/all/function/internal_message.html?_=1632021955654&CODE_STATE=getMsg HTTP/1.1" 200 27
180.152.125.3 - - [19/Sep/2021:11:25:57 +0800] "POST /xingrg/dwr/call/plaincall/AjaxQqpsService.saveMaterielItem.dwr HTTP/1.1" 200 79
222.69.130.189 - - [19/Sep/2021:11:25:58 +0800] "GET /xingrg/all/function/internal_message.html?_=1632021958297&CODE_STATE=getMsg HTTP/1.1" 200 27
116.232.53.102 - - [19/Sep/2021:11:25:59 +0800] "GET /xingrg/kc/buy/cgsh_order_operate.html?command=get_materiel&rest_code=00109&code=00101010161&supplier_code=00100334&order_time=2021-09-19 HTTP/1.1" 200 408
222.70.246.151 - - [19/Sep/2021:11:26:00 +0800] "GET /xingrg/all/function/internal_message.html?_=1632021984680&CODE_STATE=getMsg HTTP/1.1" 200 27
180.152.125.3 - - [19/Sep/2021:11:26:01 +0800] "POST /xingrg/dwr/call/plaincall/AjaxQqpsService.getMaterielByCode.dwr HTTP/1.1" 200 2584
180.152.125.3 - - [19/Sep/2021:11:26:01 +0800] "POST /xingrg/dwr/call/plaincall/AjaxQqpsService.saveMaterielItem.dwr HTTP/1.1" 200 79
120.253.135.82 - - [19/Sep/2021:11:26:05 +0800] "GET /xingrg/all/function/internal_message.html?_=1632021737270&CODE_STATE=getMsg HTTP/1.1" 200 27
180.169.147.146 - - [19/Sep/2021:11:26:06 +0800] "GET /xingrg/all/function/internal_message.html?_=1632021965547&CODE_STATE=getMsg HTTP/1.1" 200 27
116.232.53.102 - - [19/Sep/2021:11:26:09 +0800] "POST /xingrg/kc/buy/cgsh_order_operate.html HTTP/1.1" 200 37
116.237.74.154 - - [19/Sep/2021:11:26:09 +0800] "GET /xingrg/kc/base/wldb_order_operate.html?command=get_materiel&rest_code=00106&base_code=0010396&code=00101016065 HTTP/1.1" 200 468
180.152.125.3 - - [19/Sep/2021:11:26:09 +0800] "GET /xingrg/all/function/internal_message.html?_=1632021946071&CODE_STATE=getMsg HTTP/1.1" 200 27
116.238.248.233 - - [19/Sep/2021:11:26:10 +0800] "GET /xingrg/all/function/internal_message.html?_=1632021968259&CODE_STATE=getMsg HTTP/1.1" 200 27
116.232.53.102 - - [19/Sep/2021:11:26:11 +0800] "POST /xingrg/kc/buy/cgsh_order_operate.html HTTP/1.1" 200 3241
180.152.125.3 - - [19/Sep/2021:11:26:12 +0800] "GET /xingrg/all/function/internal_message.html?_=1632021972114&CODE_STATE=getMsg HTTP/1.1" 200 27
116.232.53.102 - - [19/Sep/2021:11:26:12 +0800] "GET /xingrg/kc/print/load_config.html?kc_code=cgsh HTTP/1.1" 200 2076
116.232.53.102 - - [19/Sep/2021:11:26:12 +0800] "GET /xingrg/kc/print/load_data.html?order_code=212021091908346&kc_code=cgsh&condition= HTTP/1.1" 200 887
180.152.125.3 - - [19/Sep/2021:11:26:12 +0800] "POST /xingrg/dwr/call/plaincall/AjaxQqpsService.getMaterielByCode.dwr HTTP/1.1" 200 2623
180.152.125.3 - - [19/Sep/2021:11:26:13 +0800] "POST /xingrg/dwr/call/plaincall/AjaxQqpsService.saveMaterielItem.dwr HTTP/1.1" 200 79
114.85.125.222 - - [19/Sep/2021:11:26:16 +0800] "GET /xingrg/all/function/internal_message.html?_=1632021956579&CODE_STATE=getMsg HTTP/1.1" 200 27
180.152.125.3 - - [19/Sep/2021:11:26:16 +0800] "POST /xingrg/dwr/call/plaincall/AjaxQqpsService.getMaterielByCode.dwr HTTP/1.1" 200 2623
222.70.246.151 - - [19/Sep/2021:11:26:16 +0800] "GET /xingrg/kc/buy/cgsh_order_operate.html?command=get_materiel&rest_code=00146&code=00101008038&supplier_code=00100005&order_time=2021-09-19 HTTP/1.1" 200 412
180.152.125.3 - - [19/Sep/2021:11:26:17 +0800] "POST /xingrg/dwr/call/plaincall/AjaxQqpsService.saveMaterielItem.dwr HTTP/1.1" 200 79
180.162.111.5 - - [19/Sep/2021:11:26:19 +0800] "GET /xingrg/all/function/internal_message.html?_=1632021532832&CODE_STATE=getMsg HTTP/1.1" 200 27
222.70.246.151 - - [19/Sep/2021:11:26:20 +0800] "POST /xingrg/kc/buy/cgsh_order_operate.html HTTP/1.1" 200 2065
180.157.251.224 - - [19/Sep/2021:11:26:20 +0800] "GET /xingrg/all/function/internal_message.html?_=1632021979648&CODE_STATE=getMsg HTTP/1.1" 200 27
180.152.125.3 - - [19/Sep/2021:11:26:21 +0800] "POST /xingrg/dwr/call/plaincall/AjaxQqpsService.getMaterielByCode.dwr HTTP/1.1" 200 2569
180.152.125.3 - - [19/Sep/2021:11:26:21 +0800] "POST /xingrg/dwr/call/plaincall/AjaxQqpsService.saveMaterielItem.dwr HTTP/1.1" 200 79
116.237.74.154 - - [19/Sep/2021:11:26:22 +0800] "GET /xingrg/kc/base/wldb_order_operate.html?command=get_materiel&rest_code=00106&base_code=0010396&code=00101016078 HTTP/1.1" 200 466
116.232.53.102 - - [19/Sep/2021:11:26:24 +0800] "GET /xingrg/kc/buy/cgsh_order_add.html HTTP/1.1" 200 63523
180.152.125.3 - - [19/Sep/2021:11:26:24 +0800] "POST /xingrg/dwr/call/plaincall/AjaxQqpsService.getMaterielByCode.dwr HTTP/1.1" 200 2598
116.232.53.102 - - [19/Sep/2021:11:26:24 +0800] "POST /xingrg/kc/buy/cgsh_order_operate.html HTTP/1.1" 200 8245
116.232.53.102 - - [19/Sep/2021:11:26:24 +0800] "GET /xingrg/all/common/auto_word.html?type=employee&rest_code=00109 HTTP/1.1" 200 255
116.232.53.102 - - [19/Sep/2021:11:26:24 +0800] "GET /xingrg/all/common/auto_word.html?type=employee&rest_code=00109 HTTP/1.1" 200 255
116.232.53.102 - - [19/Sep/2021:11:26:24 +0800] "GET /xingrg/javascript/easyui/themes/default/validatebox.css HTTP/1.1" 404 1104
116.237.74.154 - - [19/Sep/2021:11:26:25 +0800] "POST /xingrg/kc/base/wldb_order_operate.html HTTP/1.1" 200 1710
180.152.125.3 - - [19/Sep/2021:11:26:25 +0800] "POST /xingrg/dwr/call/plaincall/AjaxQqpsService.saveMaterielItem.dwr HTTP/1.1" 200 79
120.253.135.82 - - [19/Sep/2021:11:26:27 +0800] "GET /xingrg/all/function/internal_message.html?_=1632022003300&CODE_STATE=getMsg HTTP/1.1" 200 27
116.228.172.94 - - [19/Sep/2021:11:26:28 +0800] "GET /xingrg/all/function/internal_message.html?_=1632021990502&CODE_STATE=getMsg HTTP/1.1" 200 27
180.169.147.146 - - [19/Sep/2021:11:26:28 +0800] "GET /xingrg/all/function/internal_message.html?_=1632021982798&CODE_STATE=getMsg HTTP/1.1" 200 27
222.70.246.151 - - [19/Sep/2021:11:26:28 +0800] "GET /xingrg/kc/buy/cgsh_order_operate.html?command=get_materiel&rest_code=00146&code=00101008163&supplier_code=00100005&order_time=2021-09-19 HTTP/1.1" 200 409
222.70.179.190 - - [19/Sep/2021:11:26:28 +0800] "GET /xingrg/all/function/internal_message.html?_=1632021987367&CODE_STATE=getMsg HTTP/1.1" 200 27
116.228.172.94 - - [19/Sep/2021:11:26:28 +0800] "GET /xingrg/check_reg.html?_=1632021991463 HTTP/1.1" 200 22
116.232.53.102 - - [19/Sep/2021:11:26:29 +0800] "GET /xingrg/all/function/internal_message.html?_=1632021989425&CODE_STATE=getMsg HTTP/1.1" 200 27
180.152.125.3 - - [19/Sep/2021:11:26:30 +0800] "POST /xingrg/dwr/call/plaincall/AjaxQqpsService.getMaterielByCode.dwr HTTP/1.1" 200 2611
180.152.125.3 - - [19/Sep/2021:11:26:31 +0800] "POST /xingrg/dwr/call/plaincall/AjaxQqpsService.saveMaterielItem.dwr HTTP/1.1" 200 79
116.237.74.154 - - [19/Sep/2021:11:26:32 +0800] "GET /xingrg/all/function/internal_message.html?_=1632021985976&CODE_STATE=getMsg HTTP/1.1" 200 27
116.230.105.26 - - [19/Sep/2021:11:26:33 +0800] "GET /xingrg/all/function/internal_message.html?_=1632021974960&CODE_STATE=getMsg HTTP/1.1" 200 27
180.152.125.3 - - [19/Sep/2021:11:26:34 +0800] "POST /xingrg/dwr/call/plaincall/AjaxQqpsService.getMaterielByCode.dwr HTTP/1.1" 200 2588
180.152.125.3 - - [19/Sep/2021:11:26:35 +0800] "POST /xingrg/dwr/call/plaincall/AjaxQqpsService.saveMaterielItem.dwr HTTP/1.1" 200 79
101.85.93.96 - - [19/Sep/2021:11:26:37 +0800] "GET /xingrg/all/function/internal_message.html?_=1632021907194&CODE_STATE=getMsg HTTP/1.1" 200 27
180.152.125.3 - - [19/Sep/2021:11:26:38 +0800] "POST /xingrg/dwr/call/plaincall/AjaxQqpsService.getMaterielByCode.dwr HTTP/1.1" 200 2585
222.70.246.151 - - [19/Sep/2021:11:26:38 +0800] "GET /xingrg/kc/buy/cgsh_order_operate.html?command=get_materiel&rest_code=00146&code=00101008141&supplier_code=00100005&order_time=2021-09-19 HTTP/1.1" 200 412
180.152.125.3 - - [19/Sep/2021:11:26:39 +0800] "POST /xingrg/dwr/call/plaincall/AjaxQqpsService.saveMaterielItem.dwr HTTP/1.1" 200 79
180.169.147.146 - - [19/Sep/2021:11:26:41 +0800] "GET /xingrg/check_reg.html?_=1632022000015 HTTP/1.1" 200 22
180.169.147.146 - - [19/Sep/2021:11:26:41 +0800] "GET /xingrg/all/function/internal_message.html?_=1632022000017&CODE_STATE=getMsg HTTP/1.1" 200 27
180.152.125.3 - - [19/Sep/2021:11:26:42 +0800] "POST /xingrg/dwr/call/plaincall/AjaxQqpsService.getMaterielByCode.dwr HTTP/1.1" 200 2573
180.152.125.3 - - [19/Sep/2021:11:26:44 +0800] "POST /xingrg/dwr/call/plaincall/AjaxQqpsService.saveMaterielItem.dwr HTTP/1.1" 200 79
180.152.125.3 - - [19/Sep/2021:11:26:45 +0800] "POST /xingrg/dwr/call/plaincall/AjaxQqpsService.getMaterielByCode.dwr HTTP/1.1" 200 2584
222.69.130.83 - - [19/Sep/2021:11:26:46 +0800] "GET /xingrg/all/function/internal_message.html?_=1632022004650&CODE_STATE=getMsg HTTP/1.1" 200 27
222.70.246.151 - - [19/Sep/2021:11:26:50 +0800] "GET /xingrg/kc/buy/cgsh_order_operate.html?command=get_materiel&rest_code=00146&code=00101008355&supplier_code=00100005&order_time=2021-09-19 HTTP/1.1" 200 408
58.39.139.200 - - [19/Sep/2021:11:26:52 +0800] "GET /xingrg/all/function/internal_message.html?_=1632022013063&CODE_STATE=getMsg HTTP/1.1" 200 27
180.152.125.3 - - [19/Sep/2021:11:26:55 +0800] "POST /xingrg/dwr/call/plaincall/AjaxQqpsService.getMaterielByCode.dwr HTTP/1.1" 200 2557
116.237.74.154 - - [19/Sep/2021:11:26:55 +0800] "POST /xingrg/kc/base/wldb_order_operate.html HTTP/1.1" 200 37
116.237.74.154 - - [19/Sep/2021:11:26:56 +0800] "POST /xingrg/kc/base/wldb_order_operate.html HTTP/1.1" 200 9729
58.39.139.200 - - [19/Sep/2021:11:26:56 +0800] "GET /xingrg/all/function/internal_message.html?_=1632021962109&CODE_STATE=getMsg HTTP/1.1" 200 27
180.152.125.3 - - [19/Sep/2021:11:26:56 +0800] "POST /xingrg/dwr/call/plaincall/AjaxQqpsService.saveMaterielItem.dwr HTTP/1.1" 200 79
116.237.74.154 - - [19/Sep/2021:11:26:57 +0800] "GET /xingrg/kc/base/wldb_order_info.html?code=422021091902124 HTTP/1.1" 200 30453
116.237.74.154 - - [19/Sep/2021:11:26:58 +0800] "GET /xingrg/check_reg.html?_=1632022016626 HTTP/1.1" 200 22
116.237.74.154 - - [19/Sep/2021:11:26:58 +0800] "GET /xingrg/all/function/internal_message.html?_=1632022016625&CODE_STATE=getMsg HTTP/1.1" 200 27
116.237.74.154 - - [19/Sep/2021:11:26:58 +0800] "GET /xingrg/javascript/easyui/themes/default/validatebox.css HTTP/1.1" 404 1104
116.237.74.154 - - [19/Sep/2021:11:26:58 +0800] "POST /xingrg/kc/base/wldb_order_operate.html HTTP/1.1" 200 9729
222.69.130.189 - - [19/Sep/2021:11:26:58 +0800] "GET /xingrg/all/function/internal_message.html?_=1632022018283&CODE_STATE=getMsg HTTP/1.1" 200 27
180.152.125.3 - - [19/Sep/2021:11:26:59 +0800] "POST /xingrg/dwr/call/plaincall/AjaxQqpsService.getMaterielByCode.dwr HTTP/1.1" 200 2574
180.152.125.3 - - [19/Sep/2021:11:27:00 +0800] "POST /xingrg/dwr/call/plaincall/AjaxQqpsService.saveMaterielItem.dwr HTTP/1.1" 200 79
222.70.246.151 - - [19/Sep/2021:11:27:00 +0800] "GET /xingrg/all/function/internal_message.html?_=1632022044694&CODE_STATE=getMsg HTTP/1.1" 200 27
222.70.246.151 - - [19/Sep/2021:11:27:03 +0800] "GET /xingrg/kc/buy/cgsh_order_operate.html?command=get_materiel&rest_code=00146&code=00101008004&supplier_code=00100005&order_time=2021-09-19 HTTP/1.1" 200 416
116.237.74.154 - - [19/Sep/2021:11:27:03 +0800] "GET /xingrg/kc/base/wldb_order_add.html HTTP/1.1" 200 30438
116.237.74.154 - - [19/Sep/2021:11:27:04 +0800] "POST /xingrg/kc/base/wldb_order_operate.html HTTP/1.1" 200 6806
116.237.74.154 - - [19/Sep/2021:11:27:04 +0800] "GET /xingrg/javascript/easyui/themes/default/validatebox.css HTTP/1.1" 404 1104
180.152.125.3 - - [19/Sep/2021:11:27:04 +0800] "GET /xingrg/check_reg.html?_=1632022001169 HTTP/1.1" 200 22
116.237.74.154 - - [19/Sep/2021:11:27:05 +0800] "POST /xingrg/all/common/load_combo.html?type=base HTTP/1.1" 200 3142
120.253.135.82 - - [19/Sep/2021:11:27:05 +0800] "GET /xingrg/all/function/internal_message.html?_=1632021797279&CODE_STATE=getMsg HTTP/1.1" 200 27
180.152.125.3 - - [19/Sep/2021:11:27:05 +0800] "POST /xingrg/dwr/call/plaincall/AjaxQqpsService.getMaterielByCode.dwr HTTP/1.1" 200 2543
180.169.147.146 - - [19/Sep/2021:11:27:06 +0800] "GET /xingrg/all/function/internal_message.html?_=1632022025551&CODE_STATE=getMsg HTTP/1.1" 200 27
180.152.125.3 - - [19/Sep/2021:11:27:07 +0800] "POST /xingrg/dwr/call/plaincall/AjaxQqpsService.saveMaterielItem.dwr HTTP/1.1" 200 79
116.232.53.102 - - [19/Sep/2021:11:27:07 +0800] "GET /xingrg/kc/buy/cgsh_order_operate.html?command=get_materiel&rest_code=00109&code=00101001127&supplier_code=00100442&order_time=2021-09-19 HTTP/1.1" 200 431
116.237.74.154 - - [19/Sep/2021:11:27:08 +0800] "POST /xingrg/all/common/load_combo.html?type=base HTTP/1.1" 200 3142
180.152.125.3 - - [19/Sep/2021:11:27:09 +0800] "POST /xingrg/dwr/call/plaincall/AjaxQqpsService.getMaterielByCode.dwr HTTP/1.1" 200 2548
180.152.125.3 - - [19/Sep/2021:11:27:09 +0800] "GET /xingrg/all/function/internal_message.html?_=1632022006082&CODE_STATE=getMsg HTTP/1.1" 200 27
116.238.248.233 - - [19/Sep/2021:11:27:10 +0800] "GET /xingrg/all/function/internal_message.html?_=1632022028233&CODE_STATE=getMsg HTTP/1.1" 200 27
180.152.125.3 - - [19/Sep/2021:11:27:11 +0800] "GET /xingrg/check_reg.html?_=1632022031979 HTTP/1.1" 200 22
180.152.125.3 - - [19/Sep/2021:11:27:12 +0800] "GET /xingrg/all/function/internal_message.html?_=1632022032203&CODE_STATE=getMsg HTTP/1.1" 200 27
180.152.125.3 - - [19/Sep/2021:11:27:12 +0800] "POST /xingrg/dwr/call/plaincall/AjaxQqpsService.getMaterielByCode.dwr HTTP/1.1" 200 2548
180.152.125.3 - - [19/Sep/2021:11:27:13 +0800] "POST /xingrg/dwr/call/plaincall/AjaxQqpsService.saveMaterielItem.dwr HTTP/1.1" 200 79
116.232.53.102 - - [19/Sep/2021:11:27:15 +0800] "GET /xingrg/kc/buy/cgsh_order_operate.html?command=get_materiel&rest_code=00109&code=00101002007&supplier_code=00100442&order_time=2021-09-19 HTTP/1.1" 200 409
114.85.125.222 - - [19/Sep/2021:11:27:16 +0800] "GET /xingrg/all/function/internal_message.html?_=1632022016603&CODE_STATE=getMsg HTTP/1.1" 200 27
222.70.246.151 - - [19/Sep/2021:11:27:16 +0800] "POST /xingrg/kc/buy/cgsh_order_operate.html HTTP/1.1" 200 2065
180.152.125.3 - - [19/Sep/2021:11:27:17 +0800] "POST /xingrg/dwr/call/plaincall/AjaxQqpsService.getMaterielByCode.dwr HTTP/1.1" 200 2635
180.152.125.3 - - [19/Sep/2021:11:27:18 +0800] "POST /xingrg/dwr/call/plaincall/AjaxQqpsService.saveMaterielItem.dwr HTTP/1.1" 200 79
180.162.111.5 - - [19/Sep/2021:11:27:19 +0800] "GET /xingrg/all/function/internal_message.html?_=1632021592832&CODE_STATE=getMsg HTTP/1.1" 200 27
180.157.251.224 - - [19/Sep/2021:11:27:20 +0800] "GET /xingrg/all/function/internal_message.html?_=1632022039647&CODE_STATE=getMsg HTTP/1.1" 200 27
180.152.125.3 - - [19/Sep/2021:11:27:21 +0800] "POST /xingrg/dwr/call/plaincall/AjaxQqpsService.checkOrder.dwr HTTP/1.1" 200 79
180.152.125.3 - - [19/Sep/2021:11:27:21 +0800] "GET /xingrg/kc/mdqp/qqps_order_info.html?code=302021091900417 HTTP/1.1" 200 26472
180.152.125.3 - - [19/Sep/2021:11:27:21 +0800] "GET /xingrg/dwr/interface/AjaxQqpsService.js HTTP/1.1" 200 16326
180.152.125.3 - - [19/Sep/2021:11:27:21 +0800] "GET /xingrg/dwr/interface/AjaxComOrderService.js HTTP/1.1" 200 18264
180.152.125.3 - - [19/Sep/2021:11:27:21 +0800] "GET /xingrg/dwr/engine.js HTTP/1.1" 200 43631
180.152.125.3 - - [19/Sep/2021:11:27:23 +0800] "POST /xingrg/dwr/call/plaincall/AjaxQqpsService.loadMaterielItems.dwr HTTP/1.1" 200 5747
116.232.53.102 - - [19/Sep/2021:11:27:24 +0800] "GET /xingrg/kc/buy/cgsh_order_operate.html?command=get_materiel&rest_code=00109&code=00101002016&supplier_code=00100442&order_time=2021-09-19 HTTP/1.1" 200 413
116.230.105.26 - - [19/Sep/2021:11:27:26 +0800] "GET /xingrg/kc/buy/cgsh_order_operate.html?command=get_materiel&rest_code=00155&code=00101004094&supplier_code=00100090&order_time=2021-09-19 HTTP/1.1" 200 417
120.253.135.82 - - [19/Sep/2021:11:27:27 +0800] "GET /xingrg/check_reg.html?_=1632022063130 HTTP/1.1" 200 22
120.253.135.82 - - [19/Sep/2021:11:27:27 +0800] "GET /xingrg/all/function/internal_message.html?_=1632022063313&CODE_STATE=getMsg HTTP/1.1" 200 27
116.228.172.94 - - [19/Sep/2021:11:27:28 +0800] "GET /xingrg/all/function/internal_message.html?_=1632022050501&CODE_STATE=getMsg HTTP/1.1" 200 27
222.70.179.190 - - [19/Sep/2021:11:27:28 +0800] "GET /xingrg/all/function/internal_message.html?_=1632022047369&CODE_STATE=getMsg HTTP/1.1" 200 27
222.70.179.190 - - [19/Sep/2021:11:27:28 +0800] "GET /xingrg/check_reg.html?_=1632022047366 HTTP/1.1" 200 22
116.232.53.102 - - [19/Sep/2021:11:27:29 +0800] "GET /xingrg/all/function/internal_message.html?_=1632022049464&CODE_STATE=getMsg HTTP/1.1" 200 27
61.151.207.158 - - [19/Sep/2021:11:27:31 +0800] "GET /xingrg/all/function/internal_message.html?_=1632021985976&CODE_STATE=getMsg HTTP/1.1" 302 -
116.232.53.102 - - [19/Sep/2021:11:27:31 +0800] "GET /xingrg/kc/buy/cgsh_order_operate.html?command=get_materiel&rest_code=00109&code=00101006157&supplier_code=00100442&order_time=2021-09-19 HTTP/1.1" 200 417
116.237.74.154 - - [19/Sep/2021:11:27:32 +0800] "GET /xingrg/all/function/internal_message.html?_=1632022045954&CODE_STATE=getMsg HTTP/1.1" 200 27
61.151.207.158 - - [19/Sep/2021:11:27:32 +0800] "GET /xingrg/login.html HTTP/1.1" 200 7641
116.230.105.26 - - [19/Sep/2021:11:27:33 +0800] "GET /xingrg/all/function/internal_message.html?_=1632022034984&CODE_STATE=getMsg HTTP/1.1" 200 27
116.230.105.26 - - [19/Sep/2021:11:27:33 +0800] "GET /xingrg/check_reg.html?_=1632022034987 HTTP/1.1" 200 22
101.85.93.96 - - [19/Sep/2021:11:27:37 +0800] "GET /xingrg/all/function/internal_message.html?_=1632021967192&CODE_STATE=getMsg HTTP/1.1" 200 27
116.232.53.102 - - [19/Sep/2021:11:27:40 +0800] "GET /xingrg/kc/buy/cgsh_order_operate.html?command=get_materiel&rest_code=00109&code=00101006153&supplier_code=00100442&order_time=2021-09-19 HTTP/1.1" 200 417
180.169.147.146 - - [19/Sep/2021:11:27:41 +0800] "GET /xingrg/all/function/internal_message.html?_=1632022060016&CODE_STATE=getMsg HTTP/1.1" 200 27
222.70.246.151 - - [19/Sep/2021:11:27:42 +0800] "GET /xingrg/kc/buy/cgsh_order_operate.html?command=get_materiel&rest_code=00146&code=00101008137&supplier_code=00100005&order_time=2021-09-19 HTTP/1.1" 200 408
222.69.130.83 - - [19/Sep/2021:11:27:46 +0800] "GET /xingrg/all/function/internal_message.html?_=1632022064634&CODE_STATE=getMsg HTTP/1.1" 200 27
116.237.74.154 - - [19/Sep/2021:11:27:49 +0800] "GET /xingrg/kc/base/wldb_order_operate.html?command=get_materiel&rest_code=00106&base_code=0010396&code=00101019295 HTTP/1.1" 200 463
58.39.139.200 - - [19/Sep/2021:11:27:52 +0800] "GET /xingrg/all/function/internal_message.html?_=1632022073040&CODE_STATE=getMsg HTTP/1.1" 200 27
58.39.139.200 - - [19/Sep/2021:11:27:56 +0800] "GET /xingrg/check_reg.html?_=1632022021955 HTTP/1.1" 200 22
58.39.139.200 - - [19/Sep/2021:11:27:56 +0800] "GET /xingrg/all/function/internal_message.html?_=1632022022082&CODE_STATE=getMsg HTTP/1.1" 200 27
116.232.53.102 - - [19/Sep/2021:11:27:57 +0800] "POST /xingrg/kc/buy/cgsh_order_operate.html HTTP/1.1" 200 37
116.237.74.154 - - [19/Sep/2021:11:27:58 +0800] "GET /xingrg/all/function/internal_message.html?_=1632022076617&CODE_STATE=getMsg HTTP/1.1" 200 27
222.69.130.189 - - [19/Sep/2021:11:27:58 +0800] "GET /xingrg/all/function/internal_message.html?_=1632022078285&CODE_STATE=getMsg HTTP/1.1" 200 27
116.232.53.102 - - [19/Sep/2021:11:27:58 +0800] "POST /xingrg/kc/buy/cgsh_order_operate.html HTTP/1.1" 200 5060
116.230.105.26 - - [19/Sep/2021:11:27:58 +0800] "GET /xingrg/kc/buy/cgsh_order_operate.html?command=get_materiel&rest_code=00155&code=00101001140&supplier_code=00100090&order_time=2021-09-19 HTTP/1.1" 200 415
116.232.53.102 - - [19/Sep/2021:11:28:00 +0800] "GET /xingrg/kc/print/load_config.html?kc_code=cgsh HTTP/1.1" 200 2076
116.232.53.102 - - [19/Sep/2021:11:28:00 +0800] "GET /xingrg/kc/print/load_data.html?order_code=212021091908347&kc_code=cgsh&condition= HTTP/1.1" 200 1599
222.70.246.151 - - [19/Sep/2021:11:28:00 +0800] "GET /xingrg/all/function/internal_message.html?_=1632022104708&CODE_STATE=getMsg HTTP/1.1" 200 27
120.253.135.82 - - [19/Sep/2021:11:28:03 +0800] "GET /xingrg/check_reg.html?_=1632021854972 HTTP/1.1" 200 22
116.232.53.102 - - [19/Sep/2021:11:28:03 +0800] "GET /xingrg/kc/buy/cgsh_order_add.html HTTP/1.1" 200 63523
114.85.125.222 - - [19/Sep/2021:11:28:03 +0800] "GET /xingrg/check_reg.html?_=1632022064144 HTTP/1.1" 200 22
116.232.53.102 - - [19/Sep/2021:11:28:03 +0800] "POST /xingrg/kc/buy/cgsh_order_operate.html HTTP/1.1" 200 8245
116.232.53.102 - - [19/Sep/2021:11:28:03 +0800] "GET /xingrg/all/common/auto_word.html?type=employee&rest_code=00109 HTTP/1.1" 200 255
116.232.53.102 - - [19/Sep/2021:11:28:03 +0800] "GET /xingrg/all/common/auto_word.html?type=employee&rest_code=00109 HTTP/1.1" 200 255
116.232.53.102 - - [19/Sep/2021:11:28:03 +0800] "GET /xingrg/javascript/easyui/themes/default/validatebox.css HTTP/1.1" 404 1104
120.253.135.82 - - [19/Sep/2021:11:28:05 +0800] "GET /xingrg/all/function/internal_message.html?_=1632021857292&CODE_STATE=getMsg HTTP/1.1" 200 27
180.169.147.146 - - [19/Sep/2021:11:28:06 +0800] "GET /xingrg/all/function/internal_message.html?_=1632022085555&CODE_STATE=getMsg HTTP/1.1" 200 27
116.230.105.26 - - [19/Sep/2021:11:28:07 +0800] "GET /xingrg/kc/buy/cgsh_order_operate.html?command=get_materiel&rest_code=00155&code=00101001125&supplier_code=00100090&order_time=2021-09-19 HTTP/1.1" 200 413
180.152.125.3 - - [19/Sep/2021:11:28:09 +0800] "GET /xingrg/all/function/internal_message.html?_=1632022066096&CODE_STATE=getMsg HTTP/1.1" 200 27
116.238.248.233 - - [19/Sep/2021:11:28:10 +0800] "GET /xingrg/all/function/internal_message.html?_=1632022088219&CODE_STATE=getMsg HTTP/1.1" 200 27
116.238.248.233 - - [19/Sep/2021:11:28:10 +0800] "GET /xingrg/check_reg.html?_=1632022088782 HTTP/1.1" 200 22
116.232.53.102 - - [19/Sep/2021:11:28:10 +0800] "GET /xingrg/kc/buy/cgsh_order_operate.html?command=get_materiel&rest_code=00109&code=00101006022&supplier_code=00100324&order_time=2021-09-19 HTTP/1.1" 200 415
180.152.125.3 - - [19/Sep/2021:11:28:12 +0800] "GET /xingrg/all/function/internal_message.html?_=1632022092204&CODE_STATE=getMsg HTTP/1.1" 200 27
222.70.246.151 - - [19/Sep/2021:11:28:15 +0800] "GET /xingrg/kc/buy/cgsh_order_operate.html?command=get_materiel&rest_code=00146&code=00101008197&supplier_code=00100005&order_time=2021-09-19 HTTP/1.1" 200 416
114.85.125.222 - - [19/Sep/2021:11:28:16 +0800] "GET /xingrg/all/function/internal_message.html?_=1632022076606&CODE_STATE=getMsg HTTP/1.1" 200 27
180.162.111.5 - - [19/Sep/2021:11:28:19 +0800] "GET /xingrg/all/function/internal_message.html?_=1632021652832&CODE_STATE=getMsg HTTP/1.1" 200 27
180.157.251.224 - - [19/Sep/2021:11:28:20 +0800] "GET /xingrg/all/function/internal_message.html?_=1632022099653&CODE_STATE=getMsg HTTP/1.1" 200 27
180.157.251.224 - - [19/Sep/2021:11:28:20 +0800] "GET /xingrg/check_reg.html?_=1632022099655 HTTP/1.1" 200 22
222.70.246.151 - - [19/Sep/2021:11:28:20 +0800] "POST /xingrg/kc/buy/cgsh_order_operate.html HTTP/1.1" 200 2065
180.152.125.3 - - [19/Sep/2021:11:28:25 +0800] "GET /favicon.ico HTTP/1.1" 404 -
180.152.125.3 - - [19/Sep/2021:11:28:26 +0800] "GET /favicon.ico HTTP/1.1" 404 -
180.152.125.3 - - [19/Sep/2021:11:28:27 +0800] "GET /favicon.ico HTTP/1.1" 404 -
120.253.135.82 - - [19/Sep/2021:11:28:27 +0800] "GET /xingrg/all/function/internal_message.html?_=1632022123327&CODE_STATE=getMsg HTTP/1.1" 200 27
116.237.74.154 - - [19/Sep/2021:11:28:27 +0800] "GET /xingrg/check_reg.html?_=1632022101785 HTTP/1.1" 200 22
116.228.172.94 - - [19/Sep/2021:11:28:28 +0800] "GET /xingrg/all/function/internal_message.html?_=1632022110493&CODE_STATE=getMsg HTTP/1.1" 200 27
222.70.179.190 - - [19/Sep/2021:11:28:28 +0800] "GET /xingrg/all/function/internal_message.html?_=1632022107368&CODE_STATE=getMsg HTTP/1.1" 200 27
116.232.53.102 - - [19/Sep/2021:11:28:29 +0800] "GET /xingrg/all/function/internal_message.html?_=1632022109429&CODE_STATE=getMsg HTTP/1.1" 200 27
116.230.105.26 - - [19/Sep/2021:11:28:30 +0800] "POST /xingrg/kc/buy/cgsh_order_operate.html HTTP/1.1" 200 37
116.237.74.154 - - [19/Sep/2021:11:28:32 +0800] "GET /xingrg/all/function/internal_message.html?_=1632022105923&CODE_STATE=getMsg HTTP/1.1" 200 27
116.232.53.102 - - [19/Sep/2021:11:28:32 +0800] "POST /xingrg/kc/buy/cgsh_order_operate.html HTTP/1.1" 200 37
116.230.105.26 - - [19/Sep/2021:11:28:32 +0800] "POST /xingrg/kc/buy/cgsh_order_operate.html HTTP/1.1" 200 4452
116.230.105.26 - - [19/Sep/2021:11:28:33 +0800] "GET /xingrg/all/function/internal_message.html?_=1632022094973&CODE_STATE=getMsg HTTP/1.1" 200 27
116.232.53.102 - - [19/Sep/2021:11:28:33 +0800] "POST /xingrg/kc/buy/cgsh_order_operate.html HTTP/1.1" 200 2662
222.69.130.83 - - [19/Sep/2021:11:28:34 +0800] "GET /xingrg/check_reg.html?_=1632022112435 HTTP/1.1" 200 22
116.230.105.26 - - [19/Sep/2021:11:28:34 +0800] "GET /xingrg/kc/print/load_data.html?order_code=212021091908348&kc_code=cgsh&condition= HTTP/1.1" 200 1437
116.232.53.102 - - [19/Sep/2021:11:28:34 +0800] "GET /xingrg/kc/print/load_config.html?kc_code=cgsh HTTP/1.1" 200 2076
116.232.53.102 - - [19/Sep/2021:11:28:35 +0800] "GET /xingrg/kc/print/load_data.html?order_code=212021091908349&kc_code=cgsh&condition= HTTP/1.1" 200 676
101.85.93.96 - - [19/Sep/2021:11:28:37 +0800] "GET /xingrg/all/function/internal_message.html?_=1632022027191&CODE_STATE=getMsg HTTP/1.1" 200 27
101.85.93.96 - - [19/Sep/2021:11:28:37 +0800] "GET /xingrg/check_reg.html?_=1632022027193 HTTP/1.1" 200 22
116.232.53.102 - - [19/Sep/2021:11:28:38 +0800] "GET /xingrg/kc/buy/cgsh_order_add.html HTTP/1.1" 200 63523
116.232.53.102 - - [19/Sep/2021:11:28:38 +0800] "POST /xingrg/kc/buy/cgsh_order_operate.html HTTP/1.1" 200 8245
116.232.53.102 - - [19/Sep/2021:11:28:38 +0800] "GET /xingrg/all/common/auto_word.html?type=employee&rest_code=00109 HTTP/1.1" 200 255
116.232.53.102 - - [19/Sep/2021:11:28:38 +0800] "GET /xingrg/all/common/auto_word.html?type=employee&rest_code=00109 HTTP/1.1" 200 255
116.232.53.102 - - [19/Sep/2021:11:28:38 +0800] "GET /xingrg/javascript/easyui/themes/default/validatebox.css HTTP/1.1" 404 1104
180.169.147.146 - - [19/Sep/2021:11:28:41 +0800] "GET /xingrg/all/function/internal_message.html?_=1632022120018&CODE_STATE=getMsg HTTP/1.1" 200 27
116.232.53.102 - - [19/Sep/2021:11:28:44 +0800] "GET /xingrg/kc/buy/cgsh_order_operate.html?command=get_materiel&rest_code=00109&code=00101010079&supplier_code=00100336&order_time=2021-09-19 HTTP/1.1" 200 413
222.69.130.83 - - [19/Sep/2021:11:28:46 +0800] "GET /xingrg/all/function/internal_message.html?_=1632022124609&CODE_STATE=getMsg HTTP/1.1" 200 27
58.39.139.200 - - [19/Sep/2021:11:28:52 +0800] "GET /xingrg/all/function/internal_message.html?_=1632022133010&CODE_STATE=getMsg HTTP/1.1" 200 27
58.39.139.200 - - [19/Sep/2021:11:28:53 +0800] "GET /xingrg/check_reg.html?_=1632022133340 HTTP/1.1" 200 22
116.232.53.102 - - [19/Sep/2021:11:28:53 +0800] "POST /xingrg/kc/buy/cgsh_order_operate.html HTTP/1.1" 200 37
116.232.53.102 - - [19/Sep/2021:11:28:54 +0800] "POST /xingrg/kc/buy/cgsh_order_operate.html HTTP/1.1" 200 2658
116.232.53.102 - - [19/Sep/2021:11:28:55 +0800] "GET /xingrg/kc/print/load_config.html?kc_code=cgsh HTTP/1.1" 200 2076
116.232.53.102 - - [19/Sep/2021:11:28:55 +0800] "GET /xingrg/kc/print/load_data.html?order_code=212021091908350&kc_code=cgsh&condition= HTTP/1.1" 200 656
58.39.139.200 - - [19/Sep/2021:11:28:56 +0800] "GET /xingrg/all/function/internal_message.html?_=1632022082066&CODE_STATE=getMsg HTTP/1.1" 200 27
116.237.74.154 - - [19/Sep/2021:11:28:57 +0800] "GET /xingrg/all/function/internal_message.html?_=1632022136592&CODE_STATE=getMsg HTTP/1.1" 200 27
116.237.74.154 - - [19/Sep/2021:11:28:58 +0800] "GET /xingrg/kc/base/wldb_order_operate.html?command=get_materiel&rest_code=00106&base_code=0010396&code=00101019133 HTTP/1.1" 200 466
222.69.130.189 - - [19/Sep/2021:11:28:58 +0800] "GET /xingrg/all/function/internal_message.html?_=1632022138287&CODE_STATE=getMsg HTTP/1.1" 200 27
222.69.130.189 - - [19/Sep/2021:11:28:58 +0800] "GET /xingrg/check_reg.html?_=1632022138292 HTTP/1.1" 200 22
116.232.53.102 - - [19/Sep/2021:11:28:59 +0800] "GET /xingrg/kc/buy/cgsh_order_add.html HTTP/1.1" 200 63523
116.232.53.102 - - [19/Sep/2021:11:28:59 +0800] "POST /xingrg/kc/buy/cgsh_order_operate.html HTTP/1.1" 200 8245
116.232.53.102 - - [19/Sep/2021:11:28:59 +0800] "GET /xingrg/all/common/auto_word.html?type=employee&rest_code=00109 HTTP/1.1" 200 255
116.232.53.102 - - [19/Sep/2021:11:28:59 +0800] "GET /xingrg/javascript/easyui/themes/default/validatebox.css HTTP/1.1" 404 1104
116.232.53.102 - - [19/Sep/2021:11:28:59 +0800] "GET /xingrg/all/common/auto_word.html?type=employee&rest_code=00109 HTTP/1.1" 200 255
222.70.246.151 - - [19/Sep/2021:11:29:00 +0800] "GET /xingrg/all/function/internal_message.html?_=1632022164721&CODE_STATE=getMsg HTTP/1.1" 200 27
58.37.227.186 - - [19/Sep/2021:11:29:04 +0800] "GET /xingrg/check_reg.html?_=1632022011475 HTTP/1.1" 200 22
120.253.135.82 - - [19/Sep/2021:11:29:05 +0800] "GET /xingrg/all/function/internal_message.html?_=1632021917306&CODE_STATE=getMsg HTTP/1.1" 200 27
116.232.53.102 - - [19/Sep/2021:11:29:05 +0800] "GET /xingrg/kc/buy/cgsh_order_operate.html?command=get_materiel&rest_code=00109&code=00101012049&supplier_code=00100338&order_time=2021-09-19 HTTP/1.1" 200 431
180.169.147.146 - - [19/Sep/2021:11:29:06 +0800] "GET /xingrg/all/function/internal_message.html?_=1632022145559&CODE_STATE=getMsg HTTP/1.1" 200 27
116.238.248.233 - - [19/Sep/2021:11:29:10 +0800] "GET /xingrg/all/function/internal_message.html?_=1632022148206&CODE_STATE=getMsg HTTP/1.1" 200 27
116.237.74.154 - - [19/Sep/2021:11:29:12 +0800] "GET /xingrg/kc/base/wldb_order_operate.html?command=get_materiel&rest_code=00106&base_code=0010396&code=00101019536 HTTP/1.1" 200 471
180.152.125.3 - - [19/Sep/2021:11:29:12 +0800] "GET /xingrg/all/function/internal_message.html?_=1632022152268&CODE_STATE=getMsg HTTP/1.1" 200 27
114.85.125.222 - - [19/Sep/2021:11:29:16 +0800] "GET /xingrg/all/function/internal_message.html?_=1632022136620&CODE_STATE=getMsg HTTP/1.1" 200 27
116.232.53.102 - - [19/Sep/2021:11:29:17 +0800] "POST /xingrg/kc/buy/cgsh_order_operate.html HTTP/1.1" 200 37
116.232.53.102 - - [19/Sep/2021:11:29:18 +0800] "POST /xingrg/kc/buy/cgsh_order_operate.html HTTP/1.1" 200 2668
180.162.111.5 - - [19/Sep/2021:11:29:19 +0800] "GET /xingrg/all/function/internal_message.html?_=1632021712828&CODE_STATE=getMsg HTTP/1.1" 200 27
116.232.53.102 - - [19/Sep/2021:11:29:19 +0800] "GET /xingrg/kc/print/load_config.html?kc_code=cgsh HTTP/1.1" 200 2076
116.232.53.102 - - [19/Sep/2021:11:29:20 +0800] "GET /xingrg/kc/print/load_data.html?order_code=212021091908351&kc_code=cgsh&condition= HTTP/1.1" 200 674
180.157.251.224 - - [19/Sep/2021:11:29:20 +0800] "GET /xingrg/all/function/internal_message.html?_=1632022159655&CODE_STATE=getMsg HTTP/1.1" 200 27
222.70.246.151 - - [19/Sep/2021:11:29:21 +0800] "POST /xingrg/kc/buy/cgsh_order_operate.html HTTP/1.1" 200 2065
116.232.53.102 - - [19/Sep/2021:11:29:23 +0800] "GET /xingrg/kc/buy/cgsh_order_add.html HTTP/1.1" 200 63523
116.232.53.102 - - [19/Sep/2021:11:29:23 +0800] "POST /xingrg/kc/buy/cgsh_order_operate.html HTTP/1.1" 200 8245
116.232.53.102 - - [19/Sep/2021:11:29:23 +0800] "GET /xingrg/all/common/auto_word.html?type=employee&rest_code=00109 HTTP/1.1" 200 255
116.232.53.102 - - [19/Sep/2021:11:29:23 +0800] "GET /xingrg/all/common/auto_word.html?type=employee&rest_code=00109 HTTP/1.1" 200 255
116.232.53.102 - - [19/Sep/2021:11:29:23 +0800] "GET /xingrg/javascript/easyui/themes/default/validatebox.css HTTP/1.1" 404 1104
61.151.178.180 - - [19/Sep/2021:11:29:27 +0800] "GET /xingrg/check_reg.html?_=1632022101785 HTTP/1.1" 302 -
120.253.135.82 - - [19/Sep/2021:11:29:27 +0800] "GET /xingrg/all/function/internal_message.html?_=1632022183341&CODE_STATE=getMsg HTTP/1.1" 200 27
61.151.178.180 - - [19/Sep/2021:11:29:27 +0800] "GET /xingrg/login.html HTTP/1.1" 200 7641
116.228.172.94 - - [19/Sep/2021:11:29:28 +0800] "GET /xingrg/all/function/internal_message.html?_=1632022170497&CODE_STATE=getMsg HTTP/1.1" 200 27
222.70.179.190 - - [19/Sep/2021:11:29:28 +0800] "GET /xingrg/all/function/internal_message.html?_=1632022167367&CODE_STATE=getMsg HTTP/1.1" 200 27
116.232.53.102 - - [19/Sep/2021:11:29:29 +0800] "GET /xingrg/all/function/internal_message.html?_=1632022169431&CODE_STATE=getMsg HTTP/1.1" 200 27
116.232.53.102 - - [19/Sep/2021:11:29:29 +0800] "GET /xingrg/check_reg.html?_=1632022169433 HTTP/1.1" 200 22
116.232.53.102 - - [19/Sep/2021:11:29:29 +0800] "GET /xingrg/kc/buy/cgsh_order_operate.html?command=get_materiel&rest_code=00109&code=00101008061&supplier_code=00100339&order_time=2021-09-19 HTTP/1.1" 200 423
222.70.246.151 - - [19/Sep/2021:11:29:30 +0800] "GET /xingrg/kc/buy/cgsh_order_operate.html?command=get_materiel&rest_code=00146&code=00101008318&supplier_code=00100005&order_time=2021-09-19 HTTP/1.1" 200 408
61.151.179.84 - - [19/Sep/2021:11:29:31 +0800] "GET /xingrg/all/function/internal_message.html?_=1632022105923&CODE_STATE=getMsg HTTP/1.1" 302 -
116.237.74.154 - - [19/Sep/2021:11:29:32 +0800] "GET /xingrg/all/function/internal_message.html?_=1632022165904&CODE_STATE=getMsg HTTP/1.1" 200 27
61.151.179.84 - - [19/Sep/2021:11:29:32 +0800] "GET /xingrg/login.html HTTP/1.1" 200 7641
116.230.105.26 - - [19/Sep/2021:11:29:33 +0800] "GET /xingrg/all/function/internal_message.html?_=1632022154960&CODE_STATE=getMsg HTTP/1.1" 200 27
116.232.53.102 - - [19/Sep/2021:11:29:35 +0800] "GET /xingrg/kc/buy/cgsh_order_operate.html?command=get_materiel&rest_code=00109&code=00101008314&supplier_code=00100339&order_time=2021-09-19 HTTP/1.1" 200 413
101.85.93.96 - - [19/Sep/2021:11:29:37 +0800] "GET /xingrg/all/function/internal_message.html?_=1632022087193&CODE_STATE=getMsg HTTP/1.1" 200 27
116.237.74.154 - - [19/Sep/2021:11:29:41 +0800] "GET /xingrg/kc/base/wldb_order_operate.html?command=get_materiel&rest_code=00106&base_code=0010396&code=00101013018 HTTP/1.1" 200 429
180.169.147.146 - - [19/Sep/2021:11:29:41 +0800] "GET /xingrg/all/function/internal_message.html?_=1632022180014&CODE_STATE=getMsg HTTP/1.1" 200 27
222.70.246.151 - - [19/Sep/2021:11:29:41 +0800] "GET /xingrg/kc/buy/cgsh_order_operate.html?command=get_materiel&rest_code=00146&code=00101008352&supplier_code=00100005&order_time=2021-09-19 HTTP/1.1" 200 412
116.232.53.102 - - [19/Sep/2021:11:29:46 +0800] "GET /xingrg/kc/buy/cgsh_order_operate.html?command=get_materiel&rest_code=00109&code=00101014065&supplier_code=00100339&order_time=2021-09-19 HTTP/1.1" 200 418
222.69.130.83 - - [19/Sep/2021:11:29:46 +0800] "GET /xingrg/all/function/internal_message.html?_=1632022184594&CODE_STATE=getMsg HTTP/1.1" 200 27
58.39.139.200 - - [19/Sep/2021:11:29:52 +0800] "GET /xingrg/all/function/internal_message.html?_=1632022192989&CODE_STATE=getMsg HTTP/1.1" 200 27
116.237.74.154 - - [19/Sep/2021:11:29:52 +0800] "GET /xingrg/kc/base/wldb_order_operate.html?command=get_materiel&rest_code=00106&base_code=0010396&code=00101019405 HTTP/1.1" 200 468
116.232.53.102 - - [19/Sep/2021:11:29:53 +0800] "GET /xingrg/kc/buy/cgsh_order_operate.html?command=get_materiel&rest_code=00109&code=00101008198&supplier_code=00100339&order_time=2021-09-19 HTTP/1.1" 200 413
58.39.139.200 - - [19/Sep/2021:11:29:56 +0800] "GET /xingrg/all/function/internal_message.html?_=1632022142052&CODE_STATE=getMsg HTTP/1.1" 200 27
116.237.74.154 - - [19/Sep/2021:11:29:57 +0800] "GET /xingrg/all/function/internal_message.html?_=1632022196583&CODE_STATE=getMsg HTTP/1.1" 200 27
222.69.130.189 - - [19/Sep/2021:11:29:58 +0800] "GET /xingrg/all/function/internal_message.html?_=1632022198293&CODE_STATE=getMsg HTTP/1.1" 200 27
116.232.53.102 - - [19/Sep/2021:11:29:58 +0800] "GET /xingrg/kc/buy/cgsh_order_operate.html?command=get_materiel&rest_code=00109&code=00101008466&supplier_code=00100339&order_time=2021-09-19 HTTP/1.1" 200 399
222.70.246.151 - - [19/Sep/2021:11:30:00 +0800] "GET /xingrg/all/function/internal_message.html?_=1632022224735&CODE_STATE=getMsg HTTP/1.1" 200 27
116.237.74.154 - - [19/Sep/2021:11:30:03 +0800] "GET /xingrg/kc/base/wldb_order_operate.html?command=get_materiel&rest_code=00106&base_code=0010396&code=00101019110 HTTP/1.1" 200 474
120.253.135.82 - - [19/Sep/2021:11:30:05 +0800] "GET /xingrg/all/function/internal_message.html?_=1632021977320&CODE_STATE=getMsg HTTP/1.1" 200 27
222.70.246.151 - - [19/Sep/2021:11:30:05 +0800] "GET /xingrg/kc/buy/cgsh_order_operate.html?command=get_materiel&rest_code=00146&code=00101008005&supplier_code=00100005&order_time=2021-09-19 HTTP/1.1" 200 412
180.169.147.146 - - [19/Sep/2021:11:30:06 +0800] "GET /xingrg/all/function/internal_message.html?_=1632022205548&CODE_STATE=getMsg HTTP/1.1" 200 27
180.169.147.146 - - [19/Sep/2021:11:30:06 +0800] "GET /xingrg/check_reg.html?_=1632022205551 HTTP/1.1" 200 22
116.232.53.102 - - [19/Sep/2021:11:30:08 +0800] "POST /xingrg/kc/buy/cgsh_order_operate.html HTTP/1.1" 200 37
116.238.248.233 - - [19/Sep/2021:11:30:10 +0800] "GET /xingrg/all/function/internal_message.html?_=1632022208178&CODE_STATE=getMsg HTTP/1.1" 200 27
180.152.125.3 - - [19/Sep/2021:11:30:12 +0800] "GET /xingrg/all/function/internal_message.html?_=1632022212281&CODE_STATE=getMsg HTTP/1.1" 200 27
116.232.53.102 - - [19/Sep/2021:11:30:13 +0800] "POST /xingrg/kc/buy/cgsh_order_operate.html HTTP/1.1" 200 5039
114.85.125.222 - - [19/Sep/2021:11:30:16 +0800] "GET /xingrg/all/function/internal_message.html?_=1632022196640&CODE_STATE=getMsg HTTP/1.1" 200 27
116.232.53.102 - - [19/Sep/2021:11:30:17 +0800] "GET /xingrg/kc/print/load_config.html?kc_code=cgsh HTTP/1.1" 200 2076
116.232.53.102 - - [19/Sep/2021:11:30:17 +0800] "GET /xingrg/kc/print/load_data.html?order_code=212021091908352&kc_code=cgsh&condition= HTTP/1.1" 200 1578
180.162.111.5 - - [19/Sep/2021:11:30:19 +0800] "GET /xingrg/check_reg.html?_=1632021772830 HTTP/1.1" 200 22
180.162.111.5 - - [19/Sep/2021:11:30:19 +0800] "GET /xingrg/all/function/internal_message.html?_=1632021772828&CODE_STATE=getMsg HTTP/1.1" 200 27
180.157.251.224 - - [19/Sep/2021:11:30:20 +0800] "GET /xingrg/all/function/internal_message.html?_=1632022219654&CODE_STATE=getMsg HTTP/1.1" 200 27
116.232.53.102 - - [19/Sep/2021:11:30:21 +0800] "GET /xingrg/kc/buy/cgsh_order_add.html HTTP/1.1" 200 63523
116.232.53.102 - - [19/Sep/2021:11:30:21 +0800] "POST /xingrg/kc/buy/cgsh_order_operate.html HTTP/1.1" 200 8245
116.232.53.102 - - [19/Sep/2021:11:30:21 +0800] "GET /xingrg/all/common/auto_word.html?type=employee&rest_code=00109 HTTP/1.1" 200 255
116.232.53.102 - - [19/Sep/2021:11:30:21 +0800] "GET /xingrg/all/common/auto_word.html?type=employee&rest_code=00109 HTTP/1.1" 200 255
116.232.53.102 - - [19/Sep/2021:11:30:21 +0800] "GET /xingrg/javascript/easyui/themes/default/validatebox.css HTTP/1.1" 404 1104
222.70.246.151 - - [19/Sep/2021:11:30:22 +0800] "POST /xingrg/kc/buy/cgsh_order_operate.html HTTP/1.1" 200 2065
116.232.53.102 - - [19/Sep/2021:11:30:26 +0800] "GET /xingrg/kc/buy/cgsh_order_operate.html?command=get_materiel&rest_code=00109&code=00101004090&supplier_code=00100312&order_time=2021-09-19 HTTP/1.1" 200 391
116.237.74.154 - - [19/Sep/2021:11:30:27 +0800] "GET /xingrg/kc/base/wldb_order_operate.html?command=get_materiel&rest_code=00106&base_code=0010396&code=00101019270 HTTP/1.1" 200 464
120.253.135.82 - - [19/Sep/2021:11:30:27 +0800] "GET /xingrg/all/function/internal_message.html?_=1632022243356&CODE_STATE=getMsg HTTP/1.1" 200 27
116.228.172.94 - - [19/Sep/2021:11:30:28 +0800] "GET /xingrg/all/function/internal_message.html?_=1632022230505&CODE_STATE=getMsg HTTP/1.1" 200 27
222.70.179.190 - - [19/Sep/2021:11:30:28 +0800] "GET /xingrg/all/function/internal_message.html?_=1632022227367&CODE_STATE=getMsg HTTP/1.1" 200 27
116.232.53.102 - - [19/Sep/2021:11:30:29 +0800] "GET /xingrg/all/function/internal_message.html?_=1632022229458&CODE_STATE=getMsg HTTP/1.1" 200 27
116.237.74.154 - - [19/Sep/2021:11:30:32 +0800] "GET /xingrg/all/function/internal_message.html?_=1632022225879&CODE_STATE=getMsg HTTP/1.1" 200 27
61.151.178.217 - - [19/Sep/2021:11:30:32 +0800] "GET /xingrg/all/function/internal_message.html?_=1632022165904&CODE_STATE=getMsg HTTP/1.1" 302 -
61.151.178.217 - - [19/Sep/2021:11:30:32 +0800] "GET /xingrg/login.html HTTP/1.1" 200 7641
116.230.105.26 - - [19/Sep/2021:11:30:33 +0800] "GET /xingrg/all/function/internal_message.html?_=1632022214970&CODE_STATE=getMsg HTTP/1.1" 200 27
116.232.53.102 - - [19/Sep/2021:11:30:34 +0800] "GET /xingrg/kc/buy/cgsh_order_operate.html?command=get_materiel&rest_code=00109&code=00101004046&supplier_code=00100312&order_time=2021-09-19 HTTP/1.1" 200 417
101.85.93.96 - - [19/Sep/2021:11:30:37 +0800] "GET /xingrg/all/function/internal_message.html?_=1632022147197&CODE_STATE=getMsg HTTP/1.1" 200 27
116.232.53.102 - - [19/Sep/2021:11:30:40 +0800] "GET /xingrg/kc/buy/cgsh_order_operate.html?command=get_materiel&rest_code=00109&code=00101004067&supplier_code=00100312&order_time=2021-09-19 HTTP/1.1" 200 429
116.237.74.154 - - [19/Sep/2021:11:30:41 +0800] "GET /xingrg/kc/base/wldb_order_operate.html?command=get_materiel&rest_code=00106&base_code=0010396&code=00101019430 HTTP/1.1" 200 463
180.169.147.146 - - [19/Sep/2021:11:30:41 +0800] "GET /xingrg/all/function/internal_message.html?_=1632022240016&CODE_STATE=getMsg HTTP/1.1" 200 27
222.70.246.151 - - [19/Sep/2021:11:30:44 +0800] "GET /xingrg/kc/buy/cgsh_order_operate.html?command=get_materiel&rest_code=00146&code=00101008312&supplier_code=00100005&order_time=2021-09-19 HTTP/1.1" 200 412
222.69.130.83 - - [19/Sep/2021:11:30:46 +0800] "GET /xingrg/all/function/internal_message.html?_=1632022244584&CODE_STATE=getMsg HTTP/1.1" 200 27
116.232.53.102 - - [19/Sep/2021:11:30:52 +0800] "GET /xingrg/kc/buy/cgsh_order_operate.html?command=get_materiel&rest_code=00109&code=00101004071&supplier_code=00100312&order_time=2021-09-19 HTTP/1.1" 200 409
116.237.74.154 - - [19/Sep/2021:11:30:52 +0800] "GET /xingrg/kc/base/wldb_order_operate.html?command=get_materiel&rest_code=00106&base_code=0010396&code=00101019297 HTTP/1.1" 200 464
58.39.139.200 - - [19/Sep/2021:11:30:52 +0800] "GET /xingrg/all/function/internal_message.html?_=1632022252970&CODE_STATE=getMsg HTTP/1.1" 200 27
222.70.246.151 - - [19/Sep/2021:11:30:55 +0800] "GET /xingrg/kc/buy/cgsh_order_operate.html?command=get_materiel&rest_code=00146&code=00101015062&supplier_code=00100005&order_time=2021-09-19 HTTP/1.1" 200 412
58.39.139.200 - - [19/Sep/2021:11:30:56 +0800] "GET /xingrg/all/function/internal_message.html?_=1632022202023&CODE_STATE=getMsg HTTP/1.1" 200 27
222.70.246.151 - - [19/Sep/2021:11:30:57 +0800] "GET /xingrg/check_reg.html?_=1632022281459 HTTP/1.1" 200 22
116.237.74.154 - - [19/Sep/2021:11:30:57 +0800] "GET /xingrg/all/function/internal_message.html?_=1632022256566&CODE_STATE=getMsg HTTP/1.1" 200 27
222.69.130.189 - - [19/Sep/2021:11:30:58 +0800] "GET /xingrg/all/function/internal_message.html?_=1632022258294&CODE_STATE=getMsg HTTP/1.1" 200 27
222.70.246.151 - - [19/Sep/2021:11:31:00 +0800] "GET /xingrg/all/function/internal_message.html?_=1632022284749&CODE_STATE=getMsg HTTP/1.1" 200 27
116.237.74.154 - - [19/Sep/2021:11:31:02 +0800] "GET /xingrg/kc/base/wldb_order_operate.html?command=get_materiel&rest_code=00106&base_code=0010396&code=00101019476 HTTP/1.1" 200 480
222.70.246.151 - - [19/Sep/2021:11:31:05 +0800] "GET /xingrg/kc/buy/cgsh_order_operate.html?command=get_materiel&rest_code=00146&code=00101008230&supplier_code=00100005&order_time=2021-09-19 HTTP/1.1" 200 408
116.232.53.102 - - [19/Sep/2021:11:31:05 +0800] "GET /xingrg/kc/buy/cgsh_order_operate.html?command=get_materiel&rest_code=00109&code=00101005017&supplier_code=00100312&order_time=2021-09-19 HTTP/1.1" 200 409
120.253.135.82 - - [19/Sep/2021:11:31:05 +0800] "GET /xingrg/all/function/internal_message.html?_=1632022037402&CODE_STATE=getMsg HTTP/1.1" 200 27
180.169.147.146 - - [19/Sep/2021:11:31:06 +0800] "GET /xingrg/all/function/internal_message.html?_=1632022265558&CODE_STATE=getMsg HTTP/1.1" 200 27
116.238.248.233 - - [19/Sep/2021:11:31:09 +0800] "GET /xingrg/all/function/internal_message.html?_=1632022268165&CODE_STATE=getMsg HTTP/1.1" 200 27
180.152.125.3 - - [19/Sep/2021:11:31:12 +0800] "GET /xingrg/all/function/internal_message.html?_=1632022272292&CODE_STATE=getMsg HTTP/1.1" 200 27
116.232.53.102 - - [19/Sep/2021:11:31:15 +0800] "GET /xingrg/kc/buy/cgsh_order_operate.html?command=get_materiel&rest_code=00109&code=00101004030&supplier_code=00100312&order_time=2021-09-19 HTTP/1.1" 200 424
114.85.125.222 - - [19/Sep/2021:11:31:16 +0800] "GET /xingrg/all/function/internal_message.html?_=1632022256648&CODE_STATE=getMsg HTTP/1.1" 200 27
180.162.111.5 - - [19/Sep/2021:11:31:19 +0800] "GET /xingrg/all/function/internal_message.html?_=1632021832830&CODE_STATE=getMsg HTTP/1.1" 200 27
180.157.251.224 - - [19/Sep/2021:11:31:20 +0800] "GET /xingrg/all/function/internal_message.html?_=1632022279679&CODE_STATE=getMsg HTTP/1.1" 200 27
116.237.74.154 - - [19/Sep/2021:11:31:23 +0800] "GET /xingrg/kc/base/wldb_order_operate.html?command=get_materiel&rest_code=00106&base_code=0010396&code=00101019358 HTTP/1.1" 200 460
120.253.135.82 - - [19/Sep/2021:11:31:27 +0800] "GET /xingrg/all/function/internal_message.html?_=1632022303369&CODE_STATE=getMsg HTTP/1.1" 200 27
116.228.172.94 - - [19/Sep/2021:11:31:28 +0800] "GET /xingrg/all/function/internal_message.html?_=1632022290491&CODE_STATE=getMsg HTTP/1.1" 200 27
222.70.246.151 - - [19/Sep/2021:11:31:28 +0800] "POST /xingrg/kc/buy/cgsh_order_operate.html HTTP/1.1" 200 2065
222.70.179.190 - - [19/Sep/2021:11:31:28 +0800] "GET /xingrg/all/function/internal_message.html?_=1632022287368&CODE_STATE=getMsg HTTP/1.1" 200 27
116.228.172.94 - - [19/Sep/2021:11:31:28 +0800] "GET /xingrg/check_reg.html?_=1632022291450 HTTP/1.1" 200 22
116.232.53.102 - - [19/Sep/2021:11:31:29 +0800] "GET /xingrg/all/function/internal_message.html?_=1632022289435&CODE_STATE=getMsg HTTP/1.1" 200 27
116.237.74.154 - - [19/Sep/2021:11:31:32 +0800] "GET /xingrg/all/function/internal_message.html?_=1632022285877&CODE_STATE=getMsg HTTP/1.1" 200 27
116.230.105.26 - - [19/Sep/2021:11:31:33 +0800] "GET /xingrg/all/function/internal_message.html?_=1632022274958&CODE_STATE=getMsg HTTP/1.1" 200 27
116.232.53.102 - - [19/Sep/2021:11:31:36 +0800] "GET /xingrg/kc/buy/cgsh_order_operate.html?command=get_materiel&rest_code=00109&code=00101004023&supplier_code=00100312&order_time=2021-09-19 HTTP/1.1" 200 429
101.85.93.96 - - [19/Sep/2021:11:31:37 +0800] "GET /xingrg/all/function/internal_message.html?_=1632022207197&CODE_STATE=getMsg HTTP/1.1" 200 27
180.169.147.146 - - [19/Sep/2021:11:31:41 +0800] "GET /xingrg/check_reg.html?_=1632022300015 HTTP/1.1" 200 22
180.169.147.146 - - [19/Sep/2021:11:31:41 +0800] "GET /xingrg/all/function/internal_message.html?_=1632022300019&CODE_STATE=getMsg HTTP/1.1" 200 27
116.232.53.102 - - [19/Sep/2021:11:31:45 +0800] "GET /xingrg/kc/buy/cgsh_order_operate.html?command=get_materiel&rest_code=00109&code=00101004020&supplier_code=00100312&order_time=2021-09-19 HTTP/1.1" 200 409
116.237.74.154 - - [19/Sep/2021:11:31:46 +0800] "GET /xingrg/kc/base/wldb_order_operate.html?command=get_materiel&rest_code=00106&base_code=0010396&code=00101019398 HTTP/1.1" 200 471
222.69.130.83 - - [19/Sep/2021:11:31:46 +0800] "GET /xingrg/all/function/internal_message.html?_=1632022304569&CODE_STATE=getMsg HTTP/1.1" 200 27
116.237.74.154 - - [19/Sep/2021:11:31:47 +0800] "POST /xingrg/kc/base/wldb_order_operate.html HTTP/1.1" 200 1710
58.39.139.200 - - [19/Sep/2021:11:31:52 +0800] "GET /xingrg/all/function/internal_message.html?_=1632022312950&CODE_STATE=getMsg HTTP/1.1" 200 27
