222.69.130.83 - - [19/Sep/2021:09:56:47 +0800] "GET /xingrg/all/function/internal_message.html?_=1632016606007&CODE_STATE=getMsg HTTP/1.1" 200 27
61.151.178.177 - - [19/Sep/2021:09:56:48 +0800] "GET /xingrg/login.html HTTP/1.1" 200 7641
58.39.139.200 - - [19/Sep/2021:09:56:50 +0800] "GET /xingrg/all/function/internal_message.html?_=1632016556473&CODE_STATE=getMsg HTTP/1.1" 302 -
116.237.74.154 - - [19/Sep/2021:09:56:52 +0800] "GET /xingrg/kc/buy/cgsh_order_operate.html?command=get_materiel&rest_code=00106&code=00101008283&supplier_code=00100007&order_time=2021-09-19 HTTP/1.1" 200 408
58.39.139.200 - - [19/Sep/2021:09:56:53 +0800] "GET /xingrg/all/function/internal_message.html?_=1632016613331&CODE_STATE=getMsg HTTP/1.1" 200 27
116.237.74.154 - - [19/Sep/2021:09:56:58 +0800] "GET /xingrg/kc/buy/cgsh_order_operate.html?command=get_materiel&rest_code=00106&code=00101008163&supplier_code=00100007&order_time=2021-09-19 HTTP/1.1" 200 409
222.70.246.151 - - [19/Sep/2021:09:56:59 +0800] "GET /xingrg/all/function/internal_message.html?_=1632016643237&CODE_STATE=getMsg HTTP/1.1" 200 27
180.152.125.3 - - [19/Sep/2021:09:57:00 +0800] "GET /xingrg/all/function/internal_message.html?_=1632016597320&CODE_STATE=getMsg HTTP/1.1" 200 27
180.152.125.3 - - [19/Sep/2021:09:57:02 +0800] "POST /xingrg/kc/buy/cgsh_order_operate.html HTTP/1.1" 200 37
120.253.135.82 - - [19/Sep/2021:09:57:02 +0800] "GET /xingrg/all/function/internal_message.html?_=1632016394015&CODE_STATE=getMsg HTTP/1.1" 200 27
101.91.62.89 - - [19/Sep/2021:09:57:03 +0800] "GET /xingrg/kc/buy/cgsh_order_operate.html?command=get_materiel&rest_code=00106&code=00101008155&supplier_code=00100007&order_time=2021-09-19 HTTP/1.1" 302 -
101.91.62.89 - - [19/Sep/2021:09:57:04 +0800] "GET /xingrg/login.html HTTP/1.1" 200 7641
180.152.125.3 - - [19/Sep/2021:09:57:06 +0800] "POST /xingrg/kc/buy/cgsh_order_operate.html HTTP/1.1" 200 12
116.237.74.154 - - [19/Sep/2021:09:57:07 +0800] "GET /xingrg/kc/buy/cgsh_order_operate.html?command=get_materiel&rest_code=00106&code=00101008264&supplier_code=00100007&order_time=2021-09-19 HTTP/1.1" 200 412
222.69.130.83 - - [19/Sep/2021:09:57:10 +0800] "GET /xingrg/kc/buy/cgsh_order_operate.html?command=get_materiel&rest_code=00149&code=00101004027&supplier_code=00100083&order_time=2021-09-19 HTTP/1.1" 200 425
180.152.125.3 - - [19/Sep/2021:09:57:10 +0800] "GET /xingrg/kc/buy/cgsh_order_info.html?code=212021091908254 HTTP/1.1" 200 58346
180.152.125.3 - - [19/Sep/2021:09:57:12 +0800] "GET /xingrg/javascript/easyui/themes/default/validatebox.css HTTP/1.1" 404 1104
101.89.239.120 - - [19/Sep/2021:09:57:12 +0800] "GET /xingrg/kc/buy/cgsh_order_operate.html?command=get_materiel&rest_code=00106&code=00101008149&supplier_code=00100007&order_time=2021-09-19 HTTP/1.1" 302 -
180.152.125.3 - - [19/Sep/2021:09:57:12 +0800] "POST /xingrg/kc/buy/cgsh_order_operate.html HTTP/1.1" 200 1195
101.89.239.120 - - [19/Sep/2021:09:57:12 +0800] "GET /xingrg/login.html HTTP/1.1" 200 7641
114.85.125.222 - - [19/Sep/2021:09:57:14 +0800] "GET /xingrg/all/function/internal_message.html?_=1632016615376&CODE_STATE=getMsg HTTP/1.1" 200 27
116.237.74.154 - - [19/Sep/2021:09:57:15 +0800] "GET /xingrg/kc/buy/cgsh_order_operate.html?command=get_materiel&rest_code=00106&code=00101008356&supplier_code=00100007&order_time=2021-09-19 HTTP/1.1" 200 408
180.152.125.3 - - [19/Sep/2021:09:57:16 +0800] "GET /xingrg/kc/print/load_data.html?order_code=212021091908254&kc_code=cgsh&condition= HTTP/1.1" 200 901
58.40.7.146 - - [19/Sep/2021:09:57:18 +0800] "GET /xingrg/all/function/internal_message.html?_=1632016637031&CODE_STATE=getMsg HTTP/1.1" 200 27
222.70.179.190 - - [19/Sep/2021:09:57:18 +0800] "GET /xingrg/all/function/internal_message.html?_=1632016636959&CODE_STATE=getMsg HTTP/1.1" 200 27
61.151.178.249 - - [19/Sep/2021:09:57:18 +0800] "GET /xingrg/kc/buy/cgsh_order_operate.html?command=get_materiel&rest_code=00106&code=00101008354&supplier_code=00100007&order_time=2021-09-19 HTTP/1.1" 302 -
61.151.178.249 - - [19/Sep/2021:09:57:18 +0800] "GET /xingrg/login.html HTTP/1.1" 200 7641
116.238.248.233 - - [19/Sep/2021:09:57:20 +0800] "GET /xingrg/all/function/internal_message.html?_=1632016638429&CODE_STATE=getMsg HTTP/1.1" 200 27
116.237.74.154 - - [19/Sep/2021:09:57:23 +0800] "GET /xingrg/kc/buy/cgsh_order_operate.html?command=get_materiel&rest_code=00106&code=00101008439&supplier_code=00100007&order_time=2021-09-19 HTTP/1.1" 200 399
61.151.178.217 - - [19/Sep/2021:09:57:26 +0800] "GET /xingrg/kc/buy/cgsh_order_operate.html?command=get_materiel&rest_code=00106&code=00101008351&supplier_code=00100007&order_time=2021-09-19 HTTP/1.1" 302 -
61.151.178.217 - - [19/Sep/2021:09:57:26 +0800] "GET /xingrg/login.html HTTP/1.1" 200 7641
101.89.239.245 - - [19/Sep/2021:09:57:27 +0800] "GET /xingrg/all/function/internal_message.html?_=1632016581771&CODE_STATE=getMsg HTTP/1.1" 302 -
101.89.239.245 - - [19/Sep/2021:09:57:27 +0800] "GET /xingrg/login.html HTTP/1.1" 200 7641
116.237.74.154 - - [19/Sep/2021:09:57:27 +0800] "GET /xingrg/all/function/internal_message.html?_=1632016641714&CODE_STATE=getMsg HTTP/1.1" 200 27
58.37.227.186 - - [19/Sep/2021:09:57:28 +0800] "GET /xingrg/check_reg.html?_=1632016515492 HTTP/1.1" 200 22
116.228.172.94 - - [19/Sep/2021:09:57:28 +0800] "GET /xingrg/all/function/internal_message.html?_=1632016650735&CODE_STATE=getMsg HTTP/1.1" 200 27
116.232.53.102 - - [19/Sep/2021:09:57:29 +0800] "GET /xingrg/all/function/internal_message.html?_=1632016649241&CODE_STATE=getMsg HTTP/1.1" 200 27
101.85.93.96 - - [19/Sep/2021:09:57:29 +0800] "GET /xingrg/javascript/jquery_easy_ui/themes/default/images/tabs_close.gif HTTP/1.1" 200 829
101.85.93.96 - - [19/Sep/2021:09:57:29 +0800] "GET /xingrg/css/base.css HTTP/1.1" 200 2811
101.85.93.96 - - [19/Sep/2021:09:57:29 +0800] "GET /xingrg/javascript/jquery_tools/datebox.css HTTP/1.1" 200 2597
101.85.93.96 - - [19/Sep/2021:09:57:29 +0800] "GET /xingrg/javascript/jquery_tools/fix.css HTTP/1.1" 200 1702
101.85.93.96 - - [19/Sep/2021:09:57:29 +0800] "GET /xingrg/javascript/jquery_tools/jquery.tools.hotkey.js HTTP/1.1" 200 3242
101.85.93.96 - - [19/Sep/2021:09:57:29 +0800] "GET /xingrg/javascript/auto/jquery.autocomplete.css HTTP/1.1" 200 587
101.85.93.96 - - [19/Sep/2021:09:57:29 +0800] "GET /xingrg/css/site.css HTTP/1.1" 200 7541
101.85.93.96 - - [19/Sep/2021:09:57:29 +0800] "GET /xingrg/javascript/easyui/themes/icon.css HTTP/1.1" 200 4483
101.85.93.96 - - [19/Sep/2021:09:57:29 +0800] "GET /xingrg/javascript/jquery_tools/table.css HTTP/1.1" 200 1032
101.85.93.96 - - [19/Sep/2021:09:57:29 +0800] "GET /xingrg/javascript/jquery_tools/jquery.tools.min.js HTTP/1.1" 200 138801
116.237.74.154 - - [19/Sep/2021:09:57:29 +0800] "GET /xingrg/kc/buy/cgsh_order_operate.html?command=get_materiel&rest_code=00106&code=00101008360&supplier_code=00100007&order_time=2021-09-19 HTTP/1.1" 200 412
101.85.93.96 - - [19/Sep/2021:09:57:29 +0800] "GET /xingrg/javascript/jquery_tools/jquery.tools.table.js HTTP/1.1" 200 6994
101.85.93.96 - - [19/Sep/2021:09:57:29 +0800] "GET /xingrg/javascript/jquery_tools/list_manager.js HTTP/1.1" 200 3652
101.85.93.96 - - [19/Sep/2021:09:57:29 +0800] "GET /xingrg/javascript/easyui/easyloader.js HTTP/1.1" 200 5975
101.85.93.96 - - [19/Sep/2021:09:57:29 +0800] "GET /xingrg/javascript/jquery.cookie.js HTTP/1.1" 200 5513
101.85.93.96 - - [19/Sep/2021:09:57:29 +0800] "GET /xingrg/kc/buy/cgsh_order_list.html HTTP/1.1" 200 47750
101.85.93.96 - - [19/Sep/2021:09:57:29 +0800] "GET /xingrg/javascript/jquery_tools/jquery.tools.extend.js HTTP/1.1" 200 15385
101.85.93.96 - - [19/Sep/2021:09:57:29 +0800] "GET /xingrg/javascript/print/LodopFuncs.js HTTP/1.1" 200 5121
101.85.93.96 - - [19/Sep/2021:09:57:29 +0800] "GET /xingrg/javascript/easyui/themes/default/easyui.css HTTP/1.1" 200 30432
101.85.93.96 - - [19/Sep/2021:09:57:29 +0800] "GET /xingrg/javascript/auto/jquery.autocomplete.js HTTP/1.1" 200 21624
222.69.130.83 - - [19/Sep/2021:09:57:30 +0800] "GET /xingrg/kc/buy/cgsh_order_operate.html?command=get_materiel&rest_code=00149&code=00101004030&supplier_code=00100083&order_time=2021-09-19 HTTP/1.1" 200 426
101.85.93.96 - - [19/Sep/2021:09:57:31 +0800] "GET /xingrg/javascript/easyui/plugins/jquery.parser.js HTTP/1.1" 200 1142
101.85.93.96 - - [19/Sep/2021:09:57:31 +0800] "GET /xingrg/images/control/ajaxLoader.gif HTTP/1.1" 200 4659
101.85.93.96 - - [19/Sep/2021:09:57:31 +0800] "GET /xingrg/javascript/easyui/themes/icons/cance_new.png HTTP/1.1" 200 3986
101.85.93.96 - - [19/Sep/2021:09:57:31 +0800] "GET /xingrg/javascript/easyui/themes/icons/field_new.png HTTP/1.1" 200 1097
101.85.93.96 - - [19/Sep/2021:09:57:31 +0800] "GET /xingrg/javascript/easyui/themes/icons/import_new.png HTTP/1.1" 200 1247
101.85.93.96 - - [19/Sep/2021:09:57:31 +0800] "GET /xingrg/javascript/easyui/themes/icons/edit_add_new.png HTTP/1.1" 200 2997
101.85.93.96 - - [19/Sep/2021:09:57:31 +0800] "GET /xingrg/javascript/easyui/themes/icons/check_new.png HTTP/1.1" 200 3224
101.85.93.96 - - [19/Sep/2021:09:57:32 +0800] "POST /xingrg/kc/buy/cgsh_list_operate.html HTTP/1.1" 200 876
101.85.93.96 - - [19/Sep/2021:09:57:32 +0800] "GET /xingrg/javascript/easyui/themes/default/images/button_plain_hover.png HTTP/1.1" 200 144
101.85.93.96 - - [19/Sep/2021:09:57:32 +0800] "GET /xingrg/javascript/pic_change.js HTTP/1.1" 200 4739
101.85.93.96 - - [19/Sep/2021:09:57:32 +0800] "GET /xingrg/kc/buy/cgsh_order_add.html HTTP/1.1" 200 62645
101.85.93.96 - - [19/Sep/2021:09:57:32 +0800] "GET /xingrg/javascript/convert.js HTTP/1.1" 200 1239
101.85.93.96 - - [19/Sep/2021:09:57:32 +0800] "GET /xingrg/javascript/jquery_tools/order_manager.js HTTP/1.1" 200 11183
101.85.93.96 - - [19/Sep/2021:09:57:32 +0800] "GET /xingrg/javascript/json2.js HTTP/1.1" 200 11259
101.85.93.96 - - [19/Sep/2021:09:57:32 +0800] "GET /xingrg/javascript/print/kc_print.js HTTP/1.1" 200 11415
101.85.93.96 - - [19/Sep/2021:09:57:33 +0800] "GET /xingrg/words/20210918181453_words.js HTTP/1.1" 200 847374
116.230.105.26 - - [19/Sep/2021:09:57:33 +0800] "GET /xingrg/all/function/internal_message.html?_=1632016634970&CODE_STATE=getMsg HTTP/1.1" 200 27
116.230.105.26 - - [19/Sep/2021:09:57:33 +0800] "GET /xingrg/check_reg.html?_=1632016634975 HTTP/1.1" 200 22
101.85.93.96 - - [19/Sep/2021:09:57:33 +0800] "GET /xingrg/javascript/easyui/themes/icons/ok.png HTTP/1.1" 200 883
101.85.93.96 - - [19/Sep/2021:09:57:33 +0800] "GET /xingrg/javascript/easyui/themes/icons/copy_new.png HTTP/1.1" 200 815
101.85.93.96 - - [19/Sep/2021:09:57:33 +0800] "GET /xingrg/javascript/easyui/themes/icons/print.png HTTP/1.1" 200 1057
101.85.93.96 - - [19/Sep/2021:09:57:33 +0800] "GET /xingrg/javascript/easyui/themes/icons/template_new.png HTTP/1.1" 200 3956
101.85.93.96 - - [19/Sep/2021:09:57:33 +0800] "GET /xingrg/javascript/easyui/themes/icons/cancel.png HTTP/1.1" 200 1133
101.85.93.96 - - [19/Sep/2021:09:57:33 +0800] "GET /xingrg/javascript/easyui/themes/default/images/menu_downarrow.png HTTP/1.1" 200 173
101.85.93.96 - - [19/Sep/2021:09:57:33 +0800] "GET /xingrg/all/common/auto_word.html?type=employee&rest_code=00142 HTTP/1.1" 200 105
101.85.93.96 - - [19/Sep/2021:09:57:33 +0800] "GET /xingrg/all/common/auto_word.html?type=employee&rest_code=00142 HTTP/1.1" 200 105
101.85.93.96 - - [19/Sep/2021:09:57:33 +0800] "GET /xingrg/javascript/easyui/themes/default/validatebox.css HTTP/1.1" 404 1104
101.85.93.96 - - [19/Sep/2021:09:57:33 +0800] "GET /xingrg/javascript/easyui/plugins/jquery.validatebox.js HTTP/1.1" 200 6103
101.85.93.96 - - [19/Sep/2021:09:57:33 +0800] "POST /xingrg/kc/buy/cgsh_order_operate.html HTTP/1.1" 200 8245
101.85.93.96 - - [19/Sep/2021:09:57:33 +0800] "GET /xingrg/javascript/easyui/plugins/jquery.numberbox.js HTTP/1.1" 200 5213
101.85.93.96 - - [19/Sep/2021:09:57:33 +0800] "GET /xingrg/javascript/easyui/themes/icons/edit_remove.png HTTP/1.1" 200 625
101.85.93.96 - - [19/Sep/2021:09:57:34 +0800] "GET /xingrg/javascript/auto/indicator.gif HTTP/1.1" 404 1066
116.230.105.26 - - [19/Sep/2021:09:57:34 +0800] "GET /xingrg/kc/print/load_data.html?order_code=212021091908245&kc_code=cgsh&condition= HTTP/1.1" 200 12808
61.151.178.249 - - [19/Sep/2021:09:57:35 +0800] "GET /xingrg/kc/buy/cgsh_order_operate.html?command=get_materiel&rest_code=00106&code=00101008110&supplier_code=00100007&order_time=2021-09-19 HTTP/1.1" 302 -
61.151.178.249 - - [19/Sep/2021:09:57:35 +0800] "GET /xingrg/login.html HTTP/1.1" 200 7641
101.85.93.96 - - [19/Sep/2021:09:57:36 +0800] "GET /xingrg/all/function/internal_message.html?_=1632016567066&CODE_STATE=getMsg HTTP/1.1" 200 27
116.237.74.154 - - [19/Sep/2021:09:57:37 +0800] "GET /xingrg/kc/buy/cgsh_order_operate.html?command=get_materiel&rest_code=00106&code=00101008033&supplier_code=00100007&order_time=2021-09-19 HTTP/1.1" 200 408
180.169.147.146 - - [19/Sep/2021:09:57:40 +0800] "GET /xingrg/all/function/internal_message.html?_=1632016659546&CODE_STATE=getMsg HTTP/1.1" 200 27
116.237.74.154 - - [19/Sep/2021:09:57:43 +0800] "GET /xingrg/kc/buy/cgsh_order_operate.html?command=get_materiel&rest_code=00106&code=00101008357&supplier_code=00100007&order_time=2021-09-19 HTTP/1.1" 200 408
101.85.93.96 - - [19/Sep/2021:09:57:45 +0800] "GET /xingrg/kc/buy/cgsh_order_operate.html?command=get_materiel&rest_code=00142&code=00101008126&supplier_code=00100161&order_time=2021-09-19 HTTP/1.1" 200 412
222.69.130.83 - - [19/Sep/2021:09:57:47 +0800] "GET /xingrg/all/function/internal_message.html?_=1632016665999&CODE_STATE=getMsg HTTP/1.1" 200 27
222.69.130.83 - - [19/Sep/2021:09:57:49 +0800] "POST /xingrg/kc/buy/cgsh_order_operate.html HTTP/1.1" 200 37
61.151.207.141 - - [19/Sep/2021:09:57:50 +0800] "GET /xingrg/kc/buy/cgsh_order_operate.html?command=get_materiel&rest_code=00106&code=00101008283&supplier_code=00100007&order_time=2021-09-19 HTTP/1.1" 302 -
61.151.207.141 - - [19/Sep/2021:09:57:50 +0800] "GET /xingrg/login.html HTTP/1.1" 200 7641
58.39.139.200 - - [19/Sep/2021:09:57:50 +0800] "GET /xingrg/all/function/internal_message.html?_=1632016616474&CODE_STATE=getMsg HTTP/1.1" 302 -
116.237.74.154 - - [19/Sep/2021:09:57:51 +0800] "GET /xingrg/kc/buy/cgsh_order_operate.html?command=get_materiel&rest_code=00106&code=00101008069&supplier_code=00100007&order_time=2021-09-19 HTTP/1.1" 200 412
58.39.139.200 - - [19/Sep/2021:09:57:53 +0800] "GET /xingrg/all/function/internal_message.html?_=1632016673336&CODE_STATE=getMsg HTTP/1.1" 200 27
222.69.130.83 - - [19/Sep/2021:09:57:53 +0800] "POST /xingrg/kc/buy/cgsh_order_operate.html HTTP/1.1" 200 12
101.85.93.96 - - [19/Sep/2021:09:57:54 +0800] "GET /xingrg/kc/buy/cgsh_order_operate.html?command=get_materiel&rest_code=00142&code=00101008108&supplier_code=00100161&order_time=2021-09-19 HTTP/1.1" 200 412
61.151.207.205 - - [19/Sep/2021:09:57:57 +0800] "GET /xingrg/kc/buy/cgsh_order_operate.html?command=get_materiel&rest_code=00106&code=00101008163&supplier_code=00100007&order_time=2021-09-19 HTTP/1.1" 302 -
61.151.207.205 - - [19/Sep/2021:09:57:57 +0800] "GET /xingrg/login.html HTTP/1.1" 200 7641
222.70.246.151 - - [19/Sep/2021:09:57:59 +0800] "GET /xingrg/all/function/internal_message.html?_=1632016703251&CODE_STATE=getMsg HTTP/1.1" 200 27
180.152.125.3 - - [19/Sep/2021:09:58:00 +0800] "GET /xingrg/all/function/internal_message.html?_=1632016657338&CODE_STATE=getMsg HTTP/1.1" 200 27
120.253.135.82 - - [19/Sep/2021:09:58:02 +0800] "GET /xingrg/all/function/internal_message.html?_=1632016454027&CODE_STATE=getMsg HTTP/1.1" 200 27
101.85.93.96 - - [19/Sep/2021:09:58:02 +0800] "GET /xingrg/kc/buy/cgsh_order_operate.html?command=get_materiel&rest_code=00142&code=00101008368&supplier_code=00100161&order_time=2021-09-19 HTTP/1.1" 200 408
222.69.130.83 - - [19/Sep/2021:09:58:03 +0800] "GET /xingrg/kc/buy/cgsh_order_info.html?code=212021091908255 HTTP/1.1" 200 58442
114.85.125.222 - - [19/Sep/2021:09:58:03 +0800] "GET /xingrg/check_reg.html?_=1632016664048 HTTP/1.1" 200 22
222.69.130.83 - - [19/Sep/2021:09:58:03 +0800] "GET /xingrg/javascript/easyui/themes/default/validatebox.css HTTP/1.1" 404 1104
116.237.74.154 - - [19/Sep/2021:09:58:03 +0800] "GET /xingrg/kc/buy/cgsh_order_operate.html?command=get_materiel&rest_code=00106&code=00101008286&supplier_code=00100007&order_time=2021-09-19 HTTP/1.1" 200 408
222.69.130.83 - - [19/Sep/2021:09:58:04 +0800] "POST /xingrg/kc/buy/cgsh_order_operate.html HTTP/1.1" 200 4780
101.91.60.11 - - [19/Sep/2021:09:58:05 +0800] "GET /xingrg/kc/buy/cgsh_order_operate.html?command=get_materiel&rest_code=00106&code=00101008264&supplier_code=00100007&order_time=2021-09-19 HTTP/1.1" 302 -
101.91.60.11 - - [19/Sep/2021:09:58:06 +0800] "GET /xingrg/login.html HTTP/1.1" 200 7641
116.237.74.154 - - [19/Sep/2021:09:58:10 +0800] "GET /xingrg/kc/buy/cgsh_order_operate.html?command=get_materiel&rest_code=00106&code=00101008036&supplier_code=00100007&order_time=2021-09-19 HTTP/1.1" 200 408
116.237.74.154 - - [19/Sep/2021:09:58:13 +0800] "POST /xingrg/kc/buy/cgsh_order_operate.html HTTP/1.1" 200 2065
114.85.125.222 - - [19/Sep/2021:09:58:14 +0800] "GET /xingrg/all/function/internal_message.html?_=1632016675384&CODE_STATE=getMsg HTTP/1.1" 200 27
58.40.7.146 - - [19/Sep/2021:09:58:18 +0800] "GET /xingrg/all/function/internal_message.html?_=1632016697034&CODE_STATE=getMsg HTTP/1.1" 200 27
222.70.179.190 - - [19/Sep/2021:09:58:18 +0800] "GET /xingrg/all/function/internal_message.html?_=1632016696929&CODE_STATE=getMsg HTTP/1.1" 200 27
116.238.248.233 - - [19/Sep/2021:09:58:20 +0800] "GET /xingrg/all/function/internal_message.html?_=1632016698428&CODE_STATE=getMsg HTTP/1.1" 200 27
116.237.74.154 - - [19/Sep/2021:09:58:20 +0800] "GET /xingrg/kc/buy/cgsh_order_operate.html?command=get_materiel&rest_code=00106&code=00101008131&supplier_code=00100007&order_time=2021-09-19 HTTP/1.1" 200 408
58.39.139.200 - - [19/Sep/2021:09:58:20 +0800] "POST /xingrg/kc/buy/cgsh_order_operate.html HTTP/1.1" 200 37
58.39.139.200 - - [19/Sep/2021:09:58:24 +0800] "POST /xingrg/kc/buy/cgsh_order_operate.html HTTP/1.1" 200 56442
180.152.125.3 - - [19/Sep/2021:09:58:24 +0800] "GET /xingrg/kc/buy/cgsh_order_add.html HTTP/1.1" 200 63441
180.152.125.3 - - [19/Sep/2021:09:58:25 +0800] "POST /xingrg/kc/buy/cgsh_order_operate.html HTTP/1.1" 200 8245
101.85.93.96 - - [19/Sep/2021:09:58:26 +0800] "GET /xingrg/kc/buy/cgsh_order_operate.html?command=get_materiel&rest_code=00142&code=00101008268&supplier_code=00100161&order_time=2021-09-19 HTTP/1.1" 200 408
61.151.207.141 - - [19/Sep/2021:09:58:27 +0800] "GET /xingrg/all/function/internal_message.html?_=1632016641714&CODE_STATE=getMsg HTTP/1.1" 302 -
101.89.239.120 - - [19/Sep/2021:09:58:27 +0800] "GET /xingrg/kc/buy/cgsh_order_operate.html?command=get_materiel&rest_code=00106&code=00101008360&supplier_code=00100007&order_time=2021-09-19 HTTP/1.1" 302 -
116.237.74.154 - - [19/Sep/2021:09:58:27 +0800] "GET /xingrg/all/function/internal_message.html?_=1632016701750&CODE_STATE=getMsg HTTP/1.1" 200 27
116.237.74.154 - - [19/Sep/2021:09:58:27 +0800] "GET /xingrg/check_reg.html?_=1632016701780 HTTP/1.1" 200 22
101.89.239.120 - - [19/Sep/2021:09:58:27 +0800] "GET /xingrg/login.html HTTP/1.1" 200 7641
116.228.172.94 - - [19/Sep/2021:09:58:28 +0800] "GET /xingrg/all/function/internal_message.html?_=1632016710714&CODE_STATE=getMsg HTTP/1.1" 200 27
61.151.207.141 - - [19/Sep/2021:09:58:28 +0800] "GET /xingrg/login.html HTTP/1.1" 200 7641
180.152.125.3 - - [19/Sep/2021:09:58:29 +0800] "GET /xingrg/javascript/easyui/themes/default/validatebox.css HTTP/1.1" 404 1104
116.232.53.102 - - [19/Sep/2021:09:58:29 +0800] "GET /xingrg/all/function/internal_message.html?_=1632016709243&CODE_STATE=getMsg HTTP/1.1" 200 27
116.237.74.154 - - [19/Sep/2021:09:58:31 +0800] "GET /xingrg/kc/buy/cgsh_order_operate.html?command=get_materiel&rest_code=00106&code=00101008318&supplier_code=00100007&order_time=2021-09-19 HTTP/1.1" 200 408
116.230.105.26 - - [19/Sep/2021:09:58:33 +0800] "GET /xingrg/all/function/internal_message.html?_=1632016694979&CODE_STATE=getMsg HTTP/1.1" 200 27
101.85.93.96 - - [19/Sep/2021:09:58:33 +0800] "GET /xingrg/kc/buy/cgsh_order_operate.html?command=get_materiel&rest_code=00142&code=00101008059&supplier_code=00100161&order_time=2021-09-19 HTTP/1.1" 200 408
222.69.130.83 - - [19/Sep/2021:09:58:34 +0800] "GET /xingrg/check_reg.html?_=1632016712223 HTTP/1.1" 200 22
101.85.93.96 - - [19/Sep/2021:09:58:36 +0800] "GET /xingrg/check_reg.html?_=1632016627052 HTTP/1.1" 200 22
101.85.93.96 - - [19/Sep/2021:09:58:36 +0800] "GET /xingrg/all/function/internal_message.html?_=1632016627055&CODE_STATE=getMsg HTTP/1.1" 200 27
116.237.74.154 - - [19/Sep/2021:09:58:38 +0800] "GET /xingrg/kc/buy/cgsh_order_operate.html?command=get_materiel&rest_code=00106&code=00101008352&supplier_code=00100007&order_time=2021-09-19 HTTP/1.1" 200 412
180.169.147.146 - - [19/Sep/2021:09:58:40 +0800] "GET /xingrg/all/function/internal_message.html?_=1632016719564&CODE_STATE=getMsg HTTP/1.1" 200 27
101.85.93.96 - - [19/Sep/2021:09:58:42 +0800] "GET /xingrg/kc/buy/cgsh_order_operate.html?command=get_materiel&rest_code=00142&code=00101008199&supplier_code=00100161&order_time=2021-09-19 HTTP/1.1" 200 408
116.237.74.154 - - [19/Sep/2021:09:58:45 +0800] "GET /xingrg/kc/buy/cgsh_order_operate.html?command=get_materiel&rest_code=00106&code=00101008271&supplier_code=00100007&order_time=2021-09-19 HTTP/1.1" 200 410
222.69.130.83 - - [19/Sep/2021:09:58:47 +0800] "GET /xingrg/all/function/internal_message.html?_=1632016725972&CODE_STATE=getMsg HTTP/1.1" 200 27
61.151.207.205 - - [19/Sep/2021:09:58:48 +0800] "GET /xingrg/kc/buy/cgsh_order_operate.html?command=get_materiel&rest_code=00106&code=00101008069&supplier_code=00100007&order_time=2021-09-19 HTTP/1.1" 302 -
61.151.207.205 - - [19/Sep/2021:09:58:49 +0800] "GET /xingrg/login.html HTTP/1.1" 200 7641
58.39.139.200 - - [19/Sep/2021:09:58:50 +0800] "GET /xingrg/all/function/internal_message.html?_=1632016676475&CODE_STATE=getMsg HTTP/1.1" 302 -
101.85.93.96 - - [19/Sep/2021:09:58:51 +0800] "GET /xingrg/kc/buy/cgsh_order_operate.html?command=get_materiel&rest_code=00142&code=00101008361&supplier_code=00100161&order_time=2021-09-19 HTTP/1.1" 200 408
58.39.139.200 - - [19/Sep/2021:09:58:53 +0800] "GET /xingrg/all/function/internal_message.html?_=1632016733332&CODE_STATE=getMsg HTTP/1.1" 200 27
58.39.139.200 - - [19/Sep/2021:09:58:53 +0800] "GET /xingrg/check_reg.html?_=1632016733328 HTTP/1.1" 200 22
180.152.125.3 - - [19/Sep/2021:09:58:54 +0800] "GET /xingrg/kc/buy/cgsh_order_operate.html?command=get_materiel&rest_code=00102&code=00101006129&supplier_code=00100096&order_time=2021-09-19 HTTP/1.1" 200 431
116.237.74.154 - - [19/Sep/2021:09:58:54 +0800] "GET /xingrg/kc/buy/cgsh_order_operate.html?command=get_materiel&rest_code=00106&code=00101008353&supplier_code=00100007&order_time=2021-09-19 HTTP/1.1" 200 408
116.237.74.154 - - [19/Sep/2021:09:58:56 +0800] "POST /xingrg/kc/buy/cgsh_order_operate.html HTTP/1.1" 200 2065
101.85.93.96 - - [19/Sep/2021:09:58:58 +0800] "GET /xingrg/kc/buy/cgsh_order_operate.html?command=get_materiel&rest_code=00142&code=00101008155&supplier_code=00100161&order_time=2021-09-19 HTTP/1.1" 200 408
222.70.246.151 - - [19/Sep/2021:09:58:59 +0800] "GET /xingrg/all/function/internal_message.html?_=1632016763275&CODE_STATE=getMsg HTTP/1.1" 200 27
116.237.74.154 - - [19/Sep/2021:09:59:00 +0800] "GET /xingrg/kc/buy/cgsh_order_operate.html?command=get_materiel&rest_code=00106&code=00101008213&supplier_code=00100007&order_time=2021-09-19 HTTP/1.1" 200 412
180.152.125.3 - - [19/Sep/2021:09:59:00 +0800] "GET /xingrg/all/function/internal_message.html?_=1632016717352&CODE_STATE=getMsg HTTP/1.1" 200 27
120.253.135.82 - - [19/Sep/2021:09:59:01 +0800] "GET /xingrg/check_reg.html?_=1632016513769 HTTP/1.1" 200 22
120.253.135.82 - - [19/Sep/2021:09:59:02 +0800] "GET /xingrg/all/function/internal_message.html?_=1632016514039&CODE_STATE=getMsg HTTP/1.1" 200 27
180.152.125.3 - - [19/Sep/2021:09:59:07 +0800] "GET /xingrg/kc/buy/cgsh_order_operate.html?command=get_materiel&rest_code=00102&code=00101006109&supplier_code=00100096&order_time=2021-09-19 HTTP/1.1" 200 409
116.237.74.154 - - [19/Sep/2021:09:59:08 +0800] "GET /xingrg/kc/buy/cgsh_order_operate.html?command=get_materiel&rest_code=00106&code=00101008125&supplier_code=00100007&order_time=2021-09-19 HTTP/1.1" 200 413
61.151.178.180 - - [19/Sep/2021:09:59:09 +0800] "GET /xingrg/kc/buy/cgsh_order_operate.html?command=get_materiel&rest_code=00106&code=00101008036&supplier_code=00100007&order_time=2021-09-19 HTTP/1.1" 302 -
61.151.178.180 - - [19/Sep/2021:09:59:10 +0800] "GET /xingrg/login.html HTTP/1.1" 200 7641
222.69.130.83 - - [19/Sep/2021:09:59:12 +0800] "GET /xingrg/kc/print/load_data.html?order_code=212021091908255&kc_code=cgsh&condition= HTTP/1.1" 200 2326
114.85.125.222 - - [19/Sep/2021:09:59:14 +0800] "GET /xingrg/all/function/internal_message.html?_=1632016735397&CODE_STATE=getMsg HTTP/1.1" 200 27
116.237.74.154 - - [19/Sep/2021:09:59:16 +0800] "GET /xingrg/kc/buy/cgsh_order_operate.html?command=get_materiel&rest_code=00106&code=00101008298&supplier_code=00100007&order_time=2021-09-19 HTTP/1.1" 200 412
180.152.125.3 - - [19/Sep/2021:09:59:17 +0800] "GET /xingrg/kc/buy/cgsh_order_operate.html?command=get_materiel&rest_code=00102&code=00101010711&supplier_code=00100096&order_time=2021-09-19 HTTP/1.1" 200 392
58.40.7.146 - - [19/Sep/2021:09:59:18 +0800] "GET /xingrg/all/function/internal_message.html?_=1632016757038&CODE_STATE=getMsg HTTP/1.1" 200 27
58.40.7.146 - - [19/Sep/2021:09:59:18 +0800] "GET /xingrg/check_reg.html?_=1632016757042 HTTP/1.1" 200 22
222.70.179.190 - - [19/Sep/2021:09:59:18 +0800] "GET /xingrg/all/function/internal_message.html?_=1632016756900&CODE_STATE=getMsg HTTP/1.1" 200 27
116.238.248.233 - - [19/Sep/2021:09:59:20 +0800] "GET /xingrg/check_reg.html?_=1632016758427 HTTP/1.1" 200 22
116.238.248.233 - - [19/Sep/2021:09:59:20 +0800] "GET /xingrg/all/function/internal_message.html?_=1632016758429&CODE_STATE=getMsg HTTP/1.1" 200 27
101.85.93.96 - - [19/Sep/2021:09:59:20 +0800] "GET /xingrg/kc/buy/cgsh_order_operate.html?command=get_materiel&rest_code=00142&code=00101008097&supplier_code=00100161&order_time=2021-09-19 HTTP/1.1" 200 408
116.237.74.154 - - [19/Sep/2021:09:59:23 +0800] "POST /xingrg/kc/buy/cgsh_order_operate.html HTTP/1.1" 200 37
116.237.74.154 - - [19/Sep/2021:09:59:25 +0800] "POST /xingrg/kc/buy/cgsh_order_operate.html HTTP/1.1" 200 18003
116.237.74.154 - - [19/Sep/2021:09:59:27 +0800] "GET /xingrg/all/function/internal_message.html?_=1632016761706&CODE_STATE=getMsg HTTP/1.1" 200 27
116.228.172.94 - - [19/Sep/2021:09:59:28 +0800] "GET /xingrg/all/function/internal_message.html?_=1632016770692&CODE_STATE=getMsg HTTP/1.1" 200 27
101.89.19.197 - - [19/Sep/2021:09:59:28 +0800] "GET /xingrg/kc/buy/cgsh_order_operate.html?command=get_materiel&rest_code=00106&code=00101008318&supplier_code=00100007&order_time=2021-09-19 HTTP/1.1" 302 -
116.232.53.102 - - [19/Sep/2021:09:59:29 +0800] "GET /xingrg/all/function/internal_message.html?_=1632016769245&CODE_STATE=getMsg HTTP/1.1" 200 27
116.232.53.102 - - [19/Sep/2021:09:59:29 +0800] "GET /xingrg/check_reg.html?_=1632016769247 HTTP/1.1" 200 22
101.89.19.197 - - [19/Sep/2021:09:59:29 +0800] "GET /xingrg/login.html HTTP/1.1" 200 7641
101.85.93.96 - - [19/Sep/2021:09:59:29 +0800] "GET /xingrg/kc/buy/cgsh_order_operate.html?command=get_materiel&rest_code=00142&code=00101008355&supplier_code=00100161&order_time=2021-09-19 HTTP/1.1" 200 408
180.152.125.3 - - [19/Sep/2021:09:59:30 +0800] "GET /xingrg/kc/buy/cgsh_order_operate.html?command=get_materiel&rest_code=00102&code=00101006062&supplier_code=00100096&order_time=2021-09-19 HTTP/1.1" 200 411
116.230.105.26 - - [19/Sep/2021:09:59:33 +0800] "GET /xingrg/all/function/internal_message.html?_=1632016754981&CODE_STATE=getMsg HTTP/1.1" 200 27
58.39.139.200 - - [19/Sep/2021:09:59:35 +0800] "POST /xingrg/services/DataTransmitService HTTP/1.1" 401 565
58.39.139.200 - - [19/Sep/2021:09:59:35 +0800] "POST /xingrg/services/DataTransmitService HTTP/1.1" 200 478
58.39.139.200 - - [19/Sep/2021:09:59:35 +0800] "POST /xingrg/services/DataTransmitService HTTP/1.1" 200 1320
58.39.139.200 - - [19/Sep/2021:09:59:35 +0800] "POST /xingrg/services/DataTransmitService HTTP/1.1" 200 478
58.39.139.200 - - [19/Sep/2021:09:59:35 +0800] "POST /xingrg/services/DataTransmitService HTTP/1.1" 200 1320
58.39.139.200 - - [19/Sep/2021:09:59:35 +0800] "POST /xingrg/services/DataTransmitService HTTP/1.1" 200 524
58.39.139.200 - - [19/Sep/2021:09:59:35 +0800] "POST /xingrg/services/DataTransmitService HTTP/1.1" 200 2239
58.39.139.200 - - [19/Sep/2021:09:59:35 +0800] "POST /xingrg/services/DataTransmitService HTTP/1.1" 200 45454
58.39.139.200 - - [19/Sep/2021:09:59:35 +0800] "POST /xingrg/services/DataTransmitService HTTP/1.1" 200 19237
101.85.93.96 - - [19/Sep/2021:09:59:36 +0800] "GET /xingrg/all/function/internal_message.html?_=1632016687044&CODE_STATE=getMsg HTTP/1.1" 200 27
180.169.147.146 - - [19/Sep/2021:09:59:40 +0800] "GET /xingrg/check_reg.html?_=1632016779560 HTTP/1.1" 200 22
180.169.147.146 - - [19/Sep/2021:09:59:40 +0800] "GET /xingrg/all/function/internal_message.html?_=1632016779562&CODE_STATE=getMsg HTTP/1.1" 200 27
180.152.125.3 - - [19/Sep/2021:09:59:41 +0800] "GET /xingrg/system/info/materiel_import.html?isSelect=1&singleSelect=false HTTP/1.1" 200 5600
180.152.125.3 - - [19/Sep/2021:09:59:41 +0800] "GET /xingrg/css/blue.css HTTP/1.1" 304 -
180.152.125.3 - - [19/Sep/2021:09:59:41 +0800] "GET /xingrg/css/xtree.css HTTP/1.1" 200 880
180.152.125.3 - - [19/Sep/2021:09:59:41 +0800] "GET /xingrg/javascript/jquery_ui/themes/base/base.css HTTP/1.1" 200 28568
180.152.125.3 - - [19/Sep/2021:09:59:41 +0800] "GET /xingrg/javascript/jquery_easy_ui/themes/default/images/button_a_bg.gif HTTP/1.1" 200 1194
180.152.125.3 - - [19/Sep/2021:09:59:41 +0800] "GET /xingrg/javascript/jquery_easy_ui/themes/default/images/button_span_bg.gif HTTP/1.1" 200 2061
180.152.125.3 - - [19/Sep/2021:09:59:41 +0800] "GET /xingrg/javascript/jquery_easy_ui/themes/icons/check_new.png HTTP/1.1" 304 -
180.152.125.3 - - [19/Sep/2021:09:59:41 +0800] "GET /xingrg/javascript/jquery_easy_ui/themes/icons/search.png HTTP/1.1" 200 813
180.152.125.3 - - [19/Sep/2021:09:59:41 +0800] "GET /xingrg/javascript/jquery_easy_ui/themes/icons/edit_add.png HTTP/1.1" 200 1088
180.152.125.3 - - [19/Sep/2021:09:59:41 +0800] "GET /xingrg/javascript/jquery_easy_ui/themes/default/images/datagrid_header_bg.gif HTTP/1.1" 200 97
180.152.125.3 - - [19/Sep/2021:09:59:42 +0800] "GET /xingrg/javascript/jquery_easy_ui/themes/default/images/pagination_first.gif HTTP/1.1" 200 925
180.152.125.3 - - [19/Sep/2021:09:59:42 +0800] "GET /xingrg/javascript/jquery_easy_ui/themes/default/images/pagination_prev.gif HTTP/1.1" 200 879
180.152.125.3 - - [19/Sep/2021:09:59:42 +0800] "GET /xingrg/javascript/jquery_easy_ui/themes/default/images/pagination_next.gif HTTP/1.1" 200 875
180.152.125.3 - - [19/Sep/2021:09:59:42 +0800] "GET /xingrg/javascript/jquery_easy_ui/themes/default/images/pagination_last.gif HTTP/1.1" 200 923
180.152.125.3 - - [19/Sep/2021:09:59:42 +0800] "GET /xingrg/javascript/jquery_easy_ui/themes/default/images/pagination_load.png HTTP/1.1" 200 827
180.152.125.3 - - [19/Sep/2021:09:59:42 +0800] "POST /xingrg/all/common/load_tree.html?tree=materiel_sort_tree_json HTTP/1.1" 200 8792
180.152.125.3 - - [19/Sep/2021:09:59:42 +0800] "GET /favicon.ico HTTP/1.1" 404 -
116.230.105.26 - - [19/Sep/2021:09:59:45 +0800] "GET /xingrg/kc/buy/cgsh_order_add.html HTTP/1.1" 200 63450
116.230.105.26 - - [19/Sep/2021:09:59:45 +0800] "POST /xingrg/kc/buy/cgsh_order_operate.html HTTP/1.1" 200 8245
116.230.105.26 - - [19/Sep/2021:09:59:45 +0800] "GET /xingrg/javascript/easyui/themes/default/validatebox.css HTTP/1.1" 404 1104
222.69.130.83 - - [19/Sep/2021:09:59:47 +0800] "GET /xingrg/all/function/internal_message.html?_=1632016785947&CODE_STATE=getMsg HTTP/1.1" 200 27
58.39.139.200 - - [19/Sep/2021:09:59:50 +0800] "GET /xingrg/all/function/internal_message.html?_=1632016736475&CODE_STATE=getMsg HTTP/1.1" 302 -
101.89.29.78 - - [19/Sep/2021:09:59:52 +0800] "GET /xingrg/kc/buy/cgsh_order_operate.html?command=get_materiel&rest_code=00106&code=00101008353&supplier_code=00100007&order_time=2021-09-19 HTTP/1.1" 302 -
101.89.29.78 - - [19/Sep/2021:09:59:52 +0800] "GET /xingrg/login.html HTTP/1.1" 200 7641
116.237.74.154 - - [19/Sep/2021:09:59:52 +0800] "GET /xingrg/kc/buy/cgsh_order_operate.html?command=get_materiel&rest_code=00106&code=00101008312&supplier_code=00100007&order_time=2021-09-19 HTTP/1.1" 200 412
58.39.139.200 - - [19/Sep/2021:09:59:53 +0800] "GET /xingrg/all/function/internal_message.html?_=1632016793328&CODE_STATE=getMsg HTTP/1.1" 200 27
116.230.105.26 - - [19/Sep/2021:09:59:55 +0800] "GET /xingrg/kc/buy/cgsh_order_operate.html?command=get_materiel&rest_code=00155&code=00101002027&supplier_code=00100199&order_time=2021-09-19 HTTP/1.1" 200 415
61.151.179.84 - - [19/Sep/2021:09:59:58 +0800] "GET /xingrg/kc/buy/cgsh_order_operate.html?command=get_materiel&rest_code=00106&code=00101008213&supplier_code=00100007&order_time=2021-09-19 HTTP/1.1" 302 -
61.151.179.84 - - [19/Sep/2021:09:59:58 +0800] "GET /xingrg/login.html HTTP/1.1" 200 7641
222.70.246.151 - - [19/Sep/2021:09:59:59 +0800] "GET /xingrg/all/function/internal_message.html?_=1632016823278&CODE_STATE=getMsg HTTP/1.1" 200 27
116.237.74.154 - - [19/Sep/2021:10:00:00 +0800] "GET /xingrg/kc/buy/cgsh_order_operate.html?command=get_materiel&rest_code=00106&code=00101008010&supplier_code=00100007&order_time=2021-09-19 HTTP/1.1" 200 412
180.152.125.3 - - [19/Sep/2021:10:00:00 +0800] "GET /xingrg/all/function/internal_message.html?_=1632016777366&CODE_STATE=getMsg HTTP/1.1" 200 27
120.253.135.82 - - [19/Sep/2021:10:00:02 +0800] "GET /xingrg/all/function/internal_message.html?_=1632016574054&CODE_STATE=getMsg HTTP/1.1" 200 27
116.237.74.154 - - [19/Sep/2021:10:00:06 +0800] "GET /xingrg/kc/buy/cgsh_order_operate.html?command=get_materiel&rest_code=00106&code=00101008114&supplier_code=00100007&order_time=2021-09-19 HTTP/1.1" 200 412
101.89.239.238 - - [19/Sep/2021:10:00:06 +0800] "GET /xingrg/kc/buy/cgsh_order_operate.html?command=get_materiel&rest_code=00106&code=00101008125&supplier_code=00100007&order_time=2021-09-19 HTTP/1.1" 302 -
101.89.239.238 - - [19/Sep/2021:10:00:06 +0800] "GET /xingrg/login.html HTTP/1.1" 200 7641
116.230.105.26 - - [19/Sep/2021:10:00:08 +0800] "GET /xingrg/kc/buy/cgsh_order_operate.html?command=get_materiel&rest_code=00155&code=00101002007&supplier_code=00100199&order_time=2021-09-19 HTTP/1.1" 200 409
180.152.125.3 - - [19/Sep/2021:10:00:09 +0800] "GET /xingrg/kc/buy/cgsh_order_operate.html?command=get_materiel&rest_code=00102&code=00101016104&supplier_code=00100096&order_time=2021-09-19 HTTP/1.1" 200 408
116.237.74.154 - - [19/Sep/2021:10:00:13 +0800] "GET /xingrg/kc/buy/cgsh_order_operate.html?command=get_materiel&rest_code=00106&code=00101008588&supplier_code=00100007&order_time=2021-09-19 HTTP/1.1" 200 392
114.85.125.222 - - [19/Sep/2021:10:00:14 +0800] "GET /xingrg/all/function/internal_message.html?_=1632016795419&CODE_STATE=getMsg HTTP/1.1" 200 27
116.230.105.26 - - [19/Sep/2021:10:00:15 +0800] "GET /xingrg/kc/buy/cgsh_order_operate.html?command=get_materiel&rest_code=00155&code=00101002006&supplier_code=00100199&order_time=2021-09-19 HTTP/1.1" 200 414
116.237.74.154 - - [19/Sep/2021:10:00:15 +0800] "POST /xingrg/kc/buy/cgsh_order_operate.html HTTP/1.1" 200 2065
58.40.7.146 - - [19/Sep/2021:10:00:18 +0800] "GET /xingrg/all/function/internal_message.html?_=1632016817028&CODE_STATE=getMsg HTTP/1.1" 200 27
222.70.179.190 - - [19/Sep/2021:10:00:18 +0800] "GET /xingrg/all/function/internal_message.html?_=1632016816885&CODE_STATE=getMsg HTTP/1.1" 200 27
116.238.248.233 - - [19/Sep/2021:10:00:20 +0800] "GET /xingrg/all/function/internal_message.html?_=1632016818438&CODE_STATE=getMsg HTTP/1.1" 200 27
116.237.74.154 - - [19/Sep/2021:10:00:21 +0800] "GET /xingrg/kc/buy/cgsh_order_operate.html?command=get_materiel&rest_code=00106&code=00101015038&supplier_code=00100007&order_time=2021-09-19 HTTP/1.1" 200 419
116.230.105.26 - - [19/Sep/2021:10:00:22 +0800] "GET /xingrg/kc/buy/cgsh_order_operate.html?command=get_materiel&rest_code=00155&code=00101004038&supplier_code=00100199&order_time=2021-09-19 HTTP/1.1" 200 411
180.152.125.3 - - [19/Sep/2021:10:00:27 +0800] "GET /xingrg/kc/buy/cgsh_order_operate.html?command=get_materiel&rest_code=00102&code=00101007048&supplier_code=00100096&order_time=2021-09-19 HTTP/1.1" 200 408
116.237.74.154 - - [19/Sep/2021:10:00:27 +0800] "GET /xingrg/all/function/internal_message.html?_=1632016821772&CODE_STATE=getMsg HTTP/1.1" 200 27
116.228.172.94 - - [19/Sep/2021:10:00:28 +0800] "GET /xingrg/all/function/internal_message.html?_=1632016830739&CODE_STATE=getMsg HTTP/1.1" 200 27
101.89.29.78 - - [19/Sep/2021:10:00:28 +0800] "GET /xingrg/all/function/internal_message.html?_=1632016761706&CODE_STATE=getMsg HTTP/1.1" 302 -
116.232.53.102 - - [19/Sep/2021:10:00:29 +0800] "GET /xingrg/all/function/internal_message.html?_=1632016829247&CODE_STATE=getMsg HTTP/1.1" 200 27
101.89.29.78 - - [19/Sep/2021:10:00:29 +0800] "GET /xingrg/login.html HTTP/1.1" 200 7641
116.230.105.26 - - [19/Sep/2021:10:00:30 +0800] "GET /xingrg/kc/buy/cgsh_order_operate.html?command=get_materiel&rest_code=00155&code=00101001060&supplier_code=00100199&order_time=2021-09-19 HTTP/1.1" 200 419
116.230.105.26 - - [19/Sep/2021:10:00:33 +0800] "GET /xingrg/all/function/internal_message.html?_=1632016814995&CODE_STATE=getMsg HTTP/1.1" 200 27
101.85.93.96 - - [19/Sep/2021:10:00:36 +0800] "GET /xingrg/all/function/internal_message.html?_=1632016747048&CODE_STATE=getMsg HTTP/1.1" 200 27
180.169.147.146 - - [19/Sep/2021:10:00:40 +0800] "GET /xingrg/all/function/internal_message.html?_=1632016839556&CODE_STATE=getMsg HTTP/1.1" 200 27
180.152.125.3 - - [19/Sep/2021:10:00:42 +0800] "GET /xingrg/kc/buy/cgsh_order_operate.html?command=get_materiel&rest_code=00102&code=00101006177&supplier_code=00100096&order_time=2021-09-19 HTTP/1.1" 200 410
101.85.93.96 - - [19/Sep/2021:10:00:43 +0800] "GET /xingrg/kc/buy/cgsh_order_operate.html?command=get_materiel&rest_code=00142&code=00101008024&supplier_code=00100161&order_time=2021-09-19 HTTP/1.1" 200 408
180.152.125.3 - - [19/Sep/2021:10:00:45 +0800] "GET /xingrg/check_reg.html?_=1632016821421 HTTP/1.1" 200 22
222.69.130.83 - - [19/Sep/2021:10:00:47 +0800] "GET /xingrg/all/function/internal_message.html?_=1632016845921&CODE_STATE=getMsg HTTP/1.1" 200 27
116.230.105.26 - - [19/Sep/2021:10:00:48 +0800] "GET /xingrg/kc/buy/cgsh_order_operate.html?command=get_materiel&rest_code=00155&code=00101001075&supplier_code=00100199&order_time=2021-09-19 HTTP/1.1" 200 409
58.39.139.200 - - [19/Sep/2021:10:00:50 +0800] "GET /xingrg/check_reg.html?_=1632016796500 HTTP/1.1" 302 -
58.39.139.200 - - [19/Sep/2021:10:00:50 +0800] "GET /xingrg/all/function/internal_message.html?_=1632016796502&CODE_STATE=getMsg HTTP/1.1" 302 -
101.89.29.78 - - [19/Sep/2021:10:00:51 +0800] "GET /xingrg/kc/buy/cgsh_order_operate.html?command=get_materiel&rest_code=00106&code=00101008312&supplier_code=00100007&order_time=2021-09-19 HTTP/1.1" 302 -
116.237.74.154 - - [19/Sep/2021:10:00:51 +0800] "GET /xingrg/kc/buy/cgsh_order_operate.html?command=get_materiel&rest_code=00106&code=00101008244&supplier_code=00100007&order_time=2021-09-19 HTTP/1.1" 200 408
101.89.29.78 - - [19/Sep/2021:10:00:52 +0800] "GET /xingrg/login.html HTTP/1.1" 200 7641
58.39.139.200 - - [19/Sep/2021:10:00:53 +0800] "GET /xingrg/all/function/internal_message.html?_=1632016853334&CODE_STATE=getMsg HTTP/1.1" 200 27
101.85.93.96 - - [19/Sep/2021:10:00:56 +0800] "GET /xingrg/kc/buy/cgsh_order_operate.html?command=get_materiel&rest_code=00142&code=00101008356&supplier_code=00100161&order_time=2021-09-19 HTTP/1.1" 200 408
222.70.246.151 - - [19/Sep/2021:10:00:56 +0800] "GET /xingrg/check_reg.html?_=1632016881130 HTTP/1.1" 200 22
101.89.239.245 - - [19/Sep/2021:10:00:58 +0800] "GET /xingrg/kc/buy/cgsh_order_operate.html?command=get_materiel&rest_code=00106&code=00101008010&supplier_code=00100007&order_time=2021-09-19 HTTP/1.1" 302 -
101.89.239.245 - - [19/Sep/2021:10:00:58 +0800] "GET /xingrg/login.html HTTP/1.1" 200 7641
116.230.105.26 - - [19/Sep/2021:10:00:58 +0800] "POST /xingrg/kc/buy/cgsh_order_operate.html HTTP/1.1" 200 37
222.70.246.151 - - [19/Sep/2021:10:00:59 +0800] "GET /xingrg/all/function/internal_message.html?_=1632016883292&CODE_STATE=getMsg HTTP/1.1" 200 27
116.230.105.26 - - [19/Sep/2021:10:00:59 +0800] "POST /xingrg/kc/buy/cgsh_order_operate.html HTTP/1.1" 200 6222
116.230.105.26 - - [19/Sep/2021:10:01:00 +0800] "GET /xingrg/kc/print/load_data.html?order_code=212021091908257&kc_code=cgsh&condition= HTTP/1.1" 200 2043
180.152.125.3 - - [19/Sep/2021:10:01:00 +0800] "GET /xingrg/all/function/internal_message.html?_=1632016837380&CODE_STATE=getMsg HTTP/1.1" 200 27
116.237.74.154 - - [19/Sep/2021:10:01:04 +0800] "GET /xingrg/kc/buy/cgsh_order_operate.html?command=get_materiel&rest_code=00106&code=00101008186&supplier_code=00100007&order_time=2021-09-19 HTTP/1.1" 200 408
101.85.93.96 - - [19/Sep/2021:10:01:07 +0800] "GET /xingrg/kc/buy/cgsh_order_operate.html?command=get_materiel&rest_code=00142&code=00101008286&supplier_code=00100161&order_time=2021-09-19 HTTP/1.1" 200 408
114.85.125.222 - - [19/Sep/2021:10:01:14 +0800] "GET /xingrg/all/function/internal_message.html?_=1632016855425&CODE_STATE=getMsg HTTP/1.1" 200 27
58.40.7.146 - - [19/Sep/2021:10:01:18 +0800] "GET /xingrg/all/function/internal_message.html?_=1632016877030&CODE_STATE=getMsg HTTP/1.1" 200 27
222.70.179.190 - - [19/Sep/2021:10:01:18 +0800] "GET /xingrg/all/function/internal_message.html?_=1632016876855&CODE_STATE=getMsg HTTP/1.1" 200 27
222.70.179.190 - - [19/Sep/2021:10:01:18 +0800] "GET /xingrg/check_reg.html?_=1632016877405 HTTP/1.1" 200 22
116.237.74.154 - - [19/Sep/2021:10:01:20 +0800] "GET /xingrg/kc/buy/cgsh_order_operate.html?command=get_materiel&rest_code=00106&code=00101008224&supplier_code=00100007&order_time=2021-09-19 HTTP/1.1" 200 416
101.85.93.96 - - [19/Sep/2021:10:01:20 +0800] "GET /xingrg/kc/buy/cgsh_order_operate.html?command=get_materiel&rest_code=00142&code=00101008353&supplier_code=00100161&order_time=2021-09-19 HTTP/1.1" 200 408
116.238.248.233 - - [19/Sep/2021:10:01:20 +0800] "GET /xingrg/all/function/internal_message.html?_=1632016878437&CODE_STATE=getMsg HTTP/1.1" 200 27
116.237.74.154 - - [19/Sep/2021:10:01:27 +0800] "GET /xingrg/all/function/internal_message.html?_=1632016881691&CODE_STATE=getMsg HTTP/1.1" 200 27
116.228.172.94 - - [19/Sep/2021:10:01:28 +0800] "GET /xingrg/all/function/internal_message.html?_=1632016890662&CODE_STATE=getMsg HTTP/1.1" 200 27
101.89.19.197 - - [19/Sep/2021:10:01:28 +0800] "GET /xingrg/all/function/internal_message.html?_=1632016821772&CODE_STATE=getMsg HTTP/1.1" 302 -
116.228.172.94 - - [19/Sep/2021:10:01:28 +0800] "GET /xingrg/check_reg.html?_=1632016891136 HTTP/1.1" 200 22
101.89.19.197 - - [19/Sep/2021:10:01:28 +0800] "GET /xingrg/login.html HTTP/1.1" 200 7641
116.232.53.102 - - [19/Sep/2021:10:01:29 +0800] "GET /xingrg/all/function/internal_message.html?_=1632016889249&CODE_STATE=getMsg HTTP/1.1" 200 27
116.237.74.154 - - [19/Sep/2021:10:01:29 +0800] "POST /xingrg/kc/buy/cgsh_order_operate.html HTTP/1.1" 200 37
101.85.93.96 - - [19/Sep/2021:10:01:32 +0800] "GET /xingrg/kc/buy/cgsh_order_operate.html?command=get_materiel&rest_code=00142&code=00101008351&supplier_code=00100161&order_time=2021-09-19 HTTP/1.1" 200 408
116.230.105.26 - - [19/Sep/2021:10:01:33 +0800] "GET /xingrg/all/function/internal_message.html?_=1632016874987&CODE_STATE=getMsg HTTP/1.1" 200 27
101.85.93.96 - - [19/Sep/2021:10:01:37 +0800] "GET /xingrg/all/function/internal_message.html?_=1632016807113&CODE_STATE=getMsg HTTP/1.1" 200 27
180.169.147.146 - - [19/Sep/2021:10:01:40 +0800] "GET /xingrg/all/function/internal_message.html?_=1632016899548&CODE_STATE=getMsg HTTP/1.1" 200 27
101.85.93.96 - - [19/Sep/2021:10:01:43 +0800] "GET /xingrg/kc/buy/cgsh_order_operate.html?command=get_materiel&rest_code=00142&code=00101008350&supplier_code=00100161&order_time=2021-09-19 HTTP/1.1" 200 408
222.69.130.83 - - [19/Sep/2021:10:01:47 +0800] "GET /xingrg/all/function/internal_message.html?_=1632016905905&CODE_STATE=getMsg HTTP/1.1" 200 27
58.39.139.200 - - [19/Sep/2021:10:01:50 +0800] "GET /xingrg/all/function/internal_message.html?_=1632016856501&CODE_STATE=getMsg HTTP/1.1" 302 -
61.151.178.165 - - [19/Sep/2021:10:01:51 +0800] "GET /xingrg/kc/buy/cgsh_order_operate.html?command=get_materiel&rest_code=00106&code=00101008244&supplier_code=00100007&order_time=2021-09-19 HTTP/1.1" 302 -
61.151.178.165 - - [19/Sep/2021:10:01:51 +0800] "GET /xingrg/login.html HTTP/1.1" 200 7641
58.39.139.200 - - [19/Sep/2021:10:01:53 +0800] "GET /xingrg/all/function/internal_message.html?_=1632016913346&CODE_STATE=getMsg HTTP/1.1" 200 27
101.85.93.96 - - [19/Sep/2021:10:01:54 +0800] "GET /xingrg/kc/buy/cgsh_order_operate.html?command=get_materiel&rest_code=00142&code=00101008234&supplier_code=00100161&order_time=2021-09-19 HTTP/1.1" 200 408
222.70.246.151 - - [19/Sep/2021:10:01:59 +0800] "GET /xingrg/all/function/internal_message.html?_=1632016943306&CODE_STATE=getMsg HTTP/1.1" 200 27
180.152.125.3 - - [19/Sep/2021:10:02:00 +0800] "GET /xingrg/all/function/internal_message.html?_=1632016897393&CODE_STATE=getMsg HTTP/1.1" 200 27
101.89.239.238 - - [19/Sep/2021:10:02:02 +0800] "GET /xingrg/kc/buy/cgsh_order_operate.html?command=get_materiel&rest_code=00106&code=00101008186&supplier_code=00100007&order_time=2021-09-19 HTTP/1.1" 302 -
101.89.239.238 - - [19/Sep/2021:10:02:02 +0800] "GET /xingrg/login.html HTTP/1.1" 200 7641
114.85.125.222 - - [19/Sep/2021:10:02:14 +0800] "GET /xingrg/all/function/internal_message.html?_=1632016915447&CODE_STATE=getMsg HTTP/1.1" 200 27
116.237.74.154 - - [19/Sep/2021:10:02:15 +0800] "POST /xingrg/kc/buy/cgsh_order_operate.html HTTP/1.1" 200 23320
101.89.29.78 - - [19/Sep/2021:10:02:18 +0800] "GET /xingrg/kc/buy/cgsh_order_operate.html?command=get_materiel&rest_code=00106&code=00101008224&supplier_code=00100007&order_time=2021-09-19 HTTP/1.1" 302 -
58.40.7.146 - - [19/Sep/2021:10:02:18 +0800] "GET /xingrg/all/function/internal_message.html?_=1632016937033&CODE_STATE=getMsg HTTP/1.1" 200 27
58.39.139.200 - - [19/Sep/2021:10:02:18 +0800] "POST /xingrg/kc/buy/cgsh_order_operate.html HTTP/1.1" 200 37
222.70.179.190 - - [19/Sep/2021:10:02:18 +0800] "GET /xingrg/all/function/internal_message.html?_=1632016936827&CODE_STATE=getMsg HTTP/1.1" 200 27
101.89.29.78 - - [19/Sep/2021:10:02:18 +0800] "GET /xingrg/login.html HTTP/1.1" 200 7641
58.39.139.200 - - [19/Sep/2021:10:02:19 +0800] "POST /xingrg/kc/buy/cgsh_order_operate.html HTTP/1.1" 200 57029
116.238.248.233 - - [19/Sep/2021:10:02:20 +0800] "GET /xingrg/all/function/internal_message.html?_=1632016938437&CODE_STATE=getMsg HTTP/1.1" 200 27
101.85.93.96 - - [19/Sep/2021:10:02:20 +0800] "GET /xingrg/kc/buy/cgsh_order_operate.html?command=get_materiel&rest_code=00142&code=00101008312&supplier_code=00100161&order_time=2021-09-19 HTTP/1.1" 200 412
58.39.139.200 - - [19/Sep/2021:10:02:20 +0800] "GET /xingrg/kc/print/load_data.html?order_code=212021091908233&kc_code=cgsh&condition= HTTP/1.1" 200 21153
101.89.239.120 - - [19/Sep/2021:10:02:27 +0800] "GET /xingrg/all/function/internal_message.html?_=1632016881691&CODE_STATE=getMsg HTTP/1.1" 302 -
116.237.74.154 - - [19/Sep/2021:10:02:27 +0800] "GET /xingrg/all/function/internal_message.html?_=1632016941696&CODE_STATE=getMsg HTTP/1.1" 200 27
58.37.227.186 - - [19/Sep/2021:10:02:28 +0800] "GET /xingrg/check_reg.html?_=1632016815460 HTTP/1.1" 200 22
116.228.172.94 - - [19/Sep/2021:10:02:28 +0800] "GET /xingrg/all/function/internal_message.html?_=1632016950654&CODE_STATE=getMsg HTTP/1.1" 200 27
101.89.239.120 - - [19/Sep/2021:10:02:28 +0800] "GET /xingrg/login.html HTTP/1.1" 200 7641
101.85.93.96 - - [19/Sep/2021:10:02:28 +0800] "GET /xingrg/kc/buy/cgsh_order_operate.html?command=get_materiel&rest_code=00142&code=00101008264&supplier_code=00100161&order_time=2021-09-19 HTTP/1.1" 200 412
116.232.53.102 - - [19/Sep/2021:10:02:29 +0800] "GET /xingrg/all/function/internal_message.html?_=1632016949252&CODE_STATE=getMsg HTTP/1.1" 200 27
101.85.93.96 - - [19/Sep/2021:10:02:30 +0800] "POST /xingrg/kc/buy/cgsh_order_operate.html HTTP/1.1" 200 2065
116.230.105.26 - - [19/Sep/2021:10:02:33 +0800] "GET /xingrg/check_reg.html?_=1632016934966 HTTP/1.1" 200 22
116.230.105.26 - - [19/Sep/2021:10:02:33 +0800] "GET /xingrg/all/function/internal_message.html?_=1632016934968&CODE_STATE=getMsg HTTP/1.1" 200 27
116.237.74.154 - - [19/Sep/2021:10:02:34 +0800] "GET /xingrg/kc/buy/cgsh_order_operate.html?command=get_materiel&rest_code=00106&code=00101008301&supplier_code=00100007&order_time=2021-09-19 HTTP/1.1" 200 422
101.85.93.96 - - [19/Sep/2021:10:02:37 +0800] "GET /xingrg/all/function/internal_message.html?_=1632016867116&CODE_STATE=getMsg HTTP/1.1" 200 27
101.85.93.96 - - [19/Sep/2021:10:02:38 +0800] "GET /xingrg/kc/buy/cgsh_order_operate.html?command=get_materiel&rest_code=00142&code=00101008072&supplier_code=00100161&order_time=2021-09-19 HTTP/1.1" 200 408
180.169.147.146 - - [19/Sep/2021:10:02:40 +0800] "GET /xingrg/all/function/internal_message.html?_=1632016959546&CODE_STATE=getMsg HTTP/1.1" 200 27
116.237.74.154 - - [19/Sep/2021:10:02:41 +0800] "GET /xingrg/kc/buy/cgsh_order_operate.html?command=get_materiel&rest_code=00106&code=00101008415&supplier_code=00100007&order_time=2021-09-19 HTTP/1.1" 200 398
222.70.246.151 - - [19/Sep/2021:10:02:47 +0800] "POST /xingrg/services/DataTransmitService HTTP/1.1" 200 524
222.69.130.83 - - [19/Sep/2021:10:02:47 +0800] "GET /xingrg/all/function/internal_message.html?_=1632016965880&CODE_STATE=getMsg HTTP/1.1" 200 27
222.70.246.151 - - [19/Sep/2021:10:02:48 +0800] "POST /xingrg/services/DataTransmitService HTTP/1.1" 200 2171
222.70.246.151 - - [19/Sep/2021:10:02:49 +0800] "POST /xingrg/services/DataTransmitService HTTP/1.1" 200 155112
