116.232.55.124 - - [17/Sep/2021:09:28:56 +0800] "GET /xingrg/all/function/internal_message.html?_=1631842137874&CODE_STATE=getMsg HTTP/1.1" 200 27
116.238.168.124 - - [17/Sep/2021:09:28:57 +0800] "GET /xingrg/all/function/internal_message.html?_=1631842116197&CODE_STATE=getMsg HTTP/1.1" 200 27
116.238.248.233 - - [17/Sep/2021:09:28:59 +0800] "GET /xingrg/kc/buy/cgsh_order_operate.html?command=get_materiel&rest_code=00151&code=00101006013&supplier_code=00100096&order_time=2021-09-17 HTTP/1.1" 200 411
180.169.147.146 - - [17/Sep/2021:09:28:59 +0800] "GET /xingrg/all/function/internal_message.html?_=1631842175064&CODE_STATE=getMsg HTTP/1.1" 200 27
116.230.105.26 - - [17/Sep/2021:09:29:02 +0800] "GET /xingrg/all/function/internal_message.html?_=1631842129099&CODE_STATE=getMsg HTTP/1.1" 200 27
124.79.246.142 - - [17/Sep/2021:09:29:02 +0800] "GET /xingrg/all/function/internal_message.html?_=1631842602269&CODE_STATE=getMsg HTTP/1.1" 200 27
116.238.168.124 - - [17/Sep/2021:09:29:05 +0800] "POST /xingrg/kc/buy/cgsh_order_operate.html HTTP/1.1" 200 37
116.238.168.124 - - [17/Sep/2021:09:29:06 +0800] "POST /xingrg/kc/buy/cgsh_order_operate.html HTTP/1.1" 200 16951
101.83.145.79 - - [17/Sep/2021:09:29:08 +0800] "GET /xingrg/all/function/internal_message.html?_=1631842149957&CODE_STATE=getMsg HTTP/1.1" 200 27
222.70.246.151 - - [17/Sep/2021:09:29:09 +0800] "GET /xingrg/all/function/internal_message.html?_=1631842167023&CODE_STATE=getMsg HTTP/1.1" 200 27
120.253.135.82 - - [17/Sep/2021:09:29:09 +0800] "GET /xingrg/all/function/internal_message.html?_=1631842169560&CODE_STATE=getMsg HTTP/1.1" 200 27
114.83.220.177 - - [17/Sep/2021:09:29:12 +0800] "GET /xingrg/all/function/internal_message.html?_=1631842151393&CODE_STATE=getMsg HTTP/1.1" 200 27
124.79.76.92 - - [17/Sep/2021:09:29:13 +0800] "GET /xingrg/all/function/internal_message.html?_=1631842155377&CODE_STATE=getMsg HTTP/1.1" 302 -
222.70.179.190 - - [17/Sep/2021:09:29:18 +0800] "POST /xingrg/kc/buy/cgsh_order_operate.html HTTP/1.1" 200 37
222.70.179.190 - - [17/Sep/2021:09:29:19 +0800] "POST /xingrg/kc/buy/cgsh_order_operate.html HTTP/1.1" 200 5614
116.238.168.124 - - [17/Sep/2021:09:29:20 +0800] "POST /xingrg/kc/buy/cgsh_order_operate.html HTTP/1.1" 200 37
222.70.179.190 - - [17/Sep/2021:09:29:21 +0800] "GET /xingrg/kc/print/load_data.html?order_code=212021091707162&kc_code=cgsh&condition= HTTP/1.1" 200 1851
116.238.168.124 - - [17/Sep/2021:09:29:27 +0800] "POST /xingrg/kc/buy/cgsh_order_operate.html HTTP/1.1" 200 12
114.85.125.222 - - [17/Sep/2021:09:29:27 +0800] "GET /xingrg/all/function/internal_message.html?_=1631842151496&CODE_STATE=getMsg HTTP/1.1" 200 27
124.79.246.142 - - [17/Sep/2021:09:29:30 +0800] "GET /xingrg/all/function/internal_message.html?_=1631842272821&CODE_STATE=getMsg HTTP/1.1" 200 27
222.70.179.190 - - [17/Sep/2021:09:29:34 +0800] "GET /xingrg/kc/buy/cgsh_order_add.html HTTP/1.1" 200 63482
222.70.179.190 - - [17/Sep/2021:09:29:34 +0800] "POST /xingrg/kc/buy/cgsh_order_operate.html HTTP/1.1" 200 8245
222.70.179.190 - - [17/Sep/2021:09:29:34 +0800] "GET /xingrg/javascript/easyui/themes/default/validatebox.css HTTP/1.1" 404 1104
116.238.248.233 - - [17/Sep/2021:09:29:34 +0800] "GET /xingrg/all/function/internal_message.html?_=1631842174244&CODE_STATE=getMsg HTTP/1.1" 200 27
180.169.147.146 - - [17/Sep/2021:09:29:40 +0800] "GET /xingrg/check_reg.html?_=1631842181351 HTTP/1.1" 302 -
101.85.93.96 - - [17/Sep/2021:09:29:42 +0800] "GET /xingrg/all/function/internal_message.html?_=1631842096725&CODE_STATE=getMsg HTTP/1.1" 200 27
116.238.248.233 - - [17/Sep/2021:09:29:48 +0800] "POST /xingrg/kc/buy/cgsh_order_operate.html HTTP/1.1" 200 37
116.228.172.94 - - [17/Sep/2021:09:29:48 +0800] "GET /xingrg/all/function/internal_message.html?_=1631842203378&CODE_STATE=getMsg HTTP/1.1" 200 27
222.70.179.190 - - [17/Sep/2021:09:29:49 +0800] "GET /xingrg/all/function/internal_message.html?_=1631842180353&CODE_STATE=getMsg HTTP/1.1" 200 27
116.232.55.124 - - [17/Sep/2021:09:29:50 +0800] "GET /xingrg/kc/buy/cgsh_order_operate.html?command=get_materiel&rest_code=00156&code=00101008087&supplier_code=00100005&order_time=2021-09-17 HTTP/1.1" 200 412
116.238.248.233 - - [17/Sep/2021:09:29:51 +0800] "POST /xingrg/kc/buy/cgsh_order_operate.html HTTP/1.1" 200 12
116.237.74.154 - - [17/Sep/2021:09:29:52 +0800] "GET /xingrg/all/function/internal_message.html?_=1631842192365&CODE_STATE=getMsg HTTP/1.1" 200 27
116.238.248.233 - - [17/Sep/2021:09:29:52 +0800] "GET /xingrg/kc/buy/cgsh_order_info.html?code=212021091707163 HTTP/1.1" 200 58023
116.238.248.233 - - [17/Sep/2021:09:29:52 +0800] "GET /xingrg/javascript/easyui/themes/default/validatebox.css HTTP/1.1" 404 1104
116.238.248.233 - - [17/Sep/2021:09:29:53 +0800] "POST /xingrg/kc/buy/cgsh_order_operate.html HTTP/1.1" 200 2995
116.238.248.233 - - [17/Sep/2021:09:29:56 +0800] "GET /xingrg/kc/print/load_data.html?order_code=212021091707163&kc_code=cgsh&condition= HTTP/1.1" 200 1597
116.232.55.124 - - [17/Sep/2021:09:29:56 +0800] "GET /xingrg/all/function/internal_message.html?_=1631842197876&CODE_STATE=getMsg HTTP/1.1" 200 27
180.169.147.146 - - [17/Sep/2021:09:29:59 +0800] "GET /xingrg/all/function/internal_message.html?_=1631842235066&CODE_STATE=getMsg HTTP/1.1" 200 27
124.79.246.142 - - [17/Sep/2021:09:30:01 +0800] "GET /xingrg/check_reg.html?_=1631842661402 HTTP/1.1" 200 22
116.230.105.26 - - [17/Sep/2021:09:30:02 +0800] "GET /xingrg/all/function/internal_message.html?_=1631842189102&CODE_STATE=getMsg HTTP/1.1" 200 27
124.79.246.142 - - [17/Sep/2021:09:30:02 +0800] "GET /xingrg/all/function/internal_message.html?_=1631842662284&CODE_STATE=getMsg HTTP/1.1" 200 27
101.83.145.79 - - [17/Sep/2021:09:30:08 +0800] "GET /xingrg/all/function/internal_message.html?_=1631842209936&CODE_STATE=getMsg HTTP/1.1" 200 27
116.238.248.233 - - [17/Sep/2021:09:30:09 +0800] "POST /xingrg/all/user/operate.html HTTP/1.1" 200 36
116.238.248.233 - - [17/Sep/2021:09:30:09 +0800] "GET /xingrg/index.html?sysBaseUrl=http%3A%2F%2F180.169.147.146%3A18081%2Fxingrg%2F&costTime=148×tamp=1631775135890 HTTP/1.1" 200 17179
116.238.248.233 - - [17/Sep/2021:09:30:09 +0800] "GET /xingrg/javascript/jquery_easy_ui/themes/default/easyui.css HTTP/1.1" 304 -
116.238.248.233 - - [17/Sep/2021:09:30:09 +0800] "GET /xingrg/javascript/jquery_easy_ui/themes/icon.css HTTP/1.1" 304 -
116.238.248.233 - - [17/Sep/2021:09:30:09 +0800] "GET /xingrg/css/form.css HTTP/1.1" 304 -
116.238.248.233 - - [17/Sep/2021:09:30:09 +0800] "GET /xingrg/javascript/jquery-1.4.2.min.js HTTP/1.1" 304 -
116.238.248.233 - - [17/Sep/2021:09:30:09 +0800] "GET /xingrg/javascript/jquery_easy_ui/jquery.easyui.min.js HTTP/1.1" 304 -
116.238.248.233 - - [17/Sep/2021:09:30:09 +0800] "GET /xingrg/javascript/jquery_easy_ui/easyui-lang-zh_CN.js HTTP/1.1" 304 -
116.238.248.233 - - [17/Sep/2021:09:30:09 +0800] "GET /xingrg/javascript/jquery.form.js HTTP/1.1" 304 -
116.238.248.233 - - [17/Sep/2021:09:30:09 +0800] "GET /xingrg/javascript/jquery.utils.js HTTP/1.1" 304 -
116.238.248.233 - - [17/Sep/2021:09:30:09 +0800] "GET /xingrg/javascript/jquery.timers.js HTTP/1.1" 304 -
116.238.248.233 - - [17/Sep/2021:09:30:09 +0800] "GET /xingrg/images/blue/jxLogo.png HTTP/1.1" 304 -
116.238.248.233 - - [17/Sep/2021:09:30:09 +0800] "GET /xingrg/images/blue/navBackgound.jpg HTTP/1.1" 304 -
116.238.248.233 - - [17/Sep/2021:09:30:09 +0800] "GET /xingrg/javascript/jquery_easy_ui/themes/icons/settle_new.png HTTP/1.1" 304 -
116.238.248.233 - - [17/Sep/2021:09:30:09 +0800] "POST /xingrg/all/common/load_tree.html?tree=area_rest_tree_json&manage=1 HTTP/1.1" 200 476
116.238.248.233 - - [17/Sep/2021:09:30:09 +0800] "GET /xingrg/all/function/internal_message.html?_=1631842208976&CODE_STATE=count HTTP/1.1" 200 11
116.238.248.233 - - [17/Sep/2021:09:30:09 +0800] "GET /xingrg/check_reg.html?_=1631842208979 HTTP/1.1" 200 22
116.238.248.233 - - [17/Sep/2021:09:30:09 +0800] "GET /xingrg/javascript/jquery_easy_ui/themes/default/images/tabs_leftarrow.png HTTP/1.1" 304 -
116.238.248.233 - - [17/Sep/2021:09:30:09 +0800] "GET /xingrg/images/blue/pingpu.png HTTP/1.1" 304 -
116.238.248.233 - - [17/Sep/2021:09:30:09 +0800] "GET /xingrg/javascript/jquery_easy_ui/themes/default/images/tabs_rightarrow.png HTTP/1.1" 304 -
116.238.248.233 - - [17/Sep/2021:09:30:09 +0800] "POST /xingrg/load_menu.html HTTP/1.1" 200 5138
116.238.248.233 - - [17/Sep/2021:09:30:09 +0800] "GET /xingrg/javascript/jquery_easy_ui/themes/default/images/panel_tool_collapse.gif HTTP/1.1" 304 -
222.70.246.151 - - [17/Sep/2021:09:30:09 +0800] "GET /xingrg/all/function/internal_message.html?_=1631842227038&CODE_STATE=getMsg HTTP/1.1" 200 27
120.253.135.82 - - [17/Sep/2021:09:30:09 +0800] "GET /xingrg/all/function/internal_message.html?_=1631842229609&CODE_STATE=getMsg HTTP/1.1" 200 27
116.238.248.233 - - [17/Sep/2021:09:30:11 +0800] "GET /xingrg/kc/base/wldb_order_list.html HTTP/1.1" 200 19230
114.83.220.177 - - [17/Sep/2021:09:30:12 +0800] "GET /xingrg/all/function/internal_message.html?_=1631842211393&CODE_STATE=getMsg HTTP/1.1" 200 27
116.238.248.233 - - [17/Sep/2021:09:30:12 +0800] "POST /xingrg/kc/base/wldb_list_operate.html HTTP/1.1" 200 928
124.79.76.92 - - [17/Sep/2021:09:30:13 +0800] "GET /xingrg/all/function/internal_message.html?_=1631842215379&CODE_STATE=getMsg HTTP/1.1" 302 -
222.70.179.190 - - [17/Sep/2021:09:30:14 +0800] "GET /xingrg/kc/buy/cgsh_order_operate.html?command=get_materiel&rest_code=00111&code=00101006136&supplier_code=00100012&order_time=2021-09-17 HTTP/1.1" 200 417
116.238.248.233 - - [17/Sep/2021:09:30:16 +0800] "GET /xingrg/kc/base/wldb_order_add.html HTTP/1.1" 200 30444
116.238.248.233 - - [17/Sep/2021:09:30:16 +0800] "POST /xingrg/kc/base/wldb_order_operate.html HTTP/1.1" 200 6806
116.238.248.233 - - [17/Sep/2021:09:30:16 +0800] "GET /xingrg/all/common/auto_word.html?type=base&rest_code=00150 HTTP/1.1" 200 1653
116.238.248.233 - - [17/Sep/2021:09:30:16 +0800] "GET /xingrg/all/common/auto_word.html?type=base&rest_code=00150 HTTP/1.1" 200 1653
116.238.248.233 - - [17/Sep/2021:09:30:16 +0800] "GET /xingrg/javascript/easyui/themes/default/validatebox.css HTTP/1.1" 404 1104
116.238.168.124 - - [17/Sep/2021:09:30:17 +0800] "GET /xingrg/kc/buy/cgsh_order_info.html?code=212021091707161 HTTP/1.1" 200 58338
116.238.248.233 - - [17/Sep/2021:09:30:17 +0800] "GET /xingrg/javascript/auto/indicator.gif HTTP/1.1" 404 1066
116.238.168.124 - - [17/Sep/2021:09:30:18 +0800] "GET /xingrg/all/function/internal_message.html?_=1631842196787&CODE_STATE=getMsg HTTP/1.1" 200 27
116.238.168.124 - - [17/Sep/2021:09:30:18 +0800] "GET /xingrg/javascript/easyui/themes/default/validatebox.css HTTP/1.1" 404 1104
116.238.168.124 - - [17/Sep/2021:09:30:19 +0800] "POST /xingrg/kc/buy/cgsh_order_operate.html HTTP/1.1" 200 14889
116.238.168.124 - - [17/Sep/2021:09:30:21 +0800] "GET /xingrg/kc/print/load_config.html?kc_code=cgsh HTTP/1.1" 200 2076
116.238.168.124 - - [17/Sep/2021:09:30:22 +0800] "GET /xingrg/kc/print/load_data.html?order_code=212021091707161&kc_code=cgsh&condition= HTTP/1.1" 200 6088
116.238.248.233 - - [17/Sep/2021:09:30:25 +0800] "GET /xingrg/kc/base/wldb_order_operate.html?command=get_materiel&rest_code=00150&base_code=0010446&code=00102001130 HTTP/1.1" 200 443
116.237.74.154 - - [17/Sep/2021:09:30:26 +0800] "GET /xingrg/check_reg.html?_=1631842223571 HTTP/1.1" 200 22
114.85.125.222 - - [17/Sep/2021:09:30:27 +0800] "GET /xingrg/all/function/internal_message.html?_=1631842211510&CODE_STATE=getMsg HTTP/1.1" 200 27
116.238.248.233 - - [17/Sep/2021:09:30:29 +0800] "GET /xingrg/kc/base/wldb_order_operate.html?command=get_materiel&rest_code=00150&base_code=0010446&code=00102002465 HTTP/1.1" 200 433
124.79.246.142 - - [17/Sep/2021:09:30:30 +0800] "GET /xingrg/all/function/internal_message.html?_=1631842332820&CODE_STATE=getMsg HTTP/1.1" 200 27
116.238.248.233 - - [17/Sep/2021:09:30:40 +0800] "GET /xingrg/kc/base/wldb_order_operate.html?command=get_materiel&rest_code=00150&base_code=0010446&code=00102001008 HTTP/1.1" 200 427
222.70.179.190 - - [17/Sep/2021:09:30:40 +0800] "GET /xingrg/kc/buy/cgsh_order_operate.html?command=get_materiel&rest_code=00111&code=00101011010&supplier_code=00100012&order_time=2021-09-17 HTTP/1.1" 200 418
101.85.93.96 - - [17/Sep/2021:09:30:42 +0800] "GET /xingrg/all/function/internal_message.html?_=1631842156701&CODE_STATE=getMsg HTTP/1.1" 200 27
116.228.172.94 - - [17/Sep/2021:09:30:48 +0800] "GET /xingrg/all/function/internal_message.html?_=1631842263380&CODE_STATE=getMsg HTTP/1.1" 200 27
222.70.179.190 - - [17/Sep/2021:09:30:49 +0800] "GET /xingrg/all/function/internal_message.html?_=1631842240367&CODE_STATE=getMsg HTTP/1.1" 200 27
116.237.74.154 - - [17/Sep/2021:09:30:52 +0800] "GET /xingrg/all/function/internal_message.html?_=1631842252363&CODE_STATE=getMsg HTTP/1.1" 200 27
116.237.74.154 - - [17/Sep/2021:09:30:52 +0800] "GET /xingrg/check_reg.html?_=1631842252364 HTTP/1.1" 200 22
116.238.248.233 - - [17/Sep/2021:09:30:55 +0800] "POST /xingrg/kc/base/wldb_order_operate.html HTTP/1.1" 200 37
116.232.55.124 - - [17/Sep/2021:09:30:56 +0800] "GET /xingrg/all/function/internal_message.html?_=1631842257878&CODE_STATE=getMsg HTTP/1.1" 200 27
116.232.55.124 - - [17/Sep/2021:09:30:56 +0800] "GET /xingrg/check_reg.html?_=1631842257879 HTTP/1.1" 200 22
116.238.248.233 - - [17/Sep/2021:09:30:57 +0800] "POST /xingrg/kc/base/wldb_order_operate.html HTTP/1.1" 200 12
116.238.248.233 - - [17/Sep/2021:09:30:57 +0800] "POST /xingrg/kc/base/wldb_order_operate.html HTTP/1.1" 200 3136
116.238.168.124 - - [17/Sep/2021:09:30:57 +0800] "GET /xingrg/check_reg.html?_=1631842236051 HTTP/1.1" 200 22
222.70.179.190 - - [17/Sep/2021:09:30:57 +0800] "GET /xingrg/kc/buy/cgsh_order_operate.html?command=get_materiel&rest_code=00111&code=00101006193&supplier_code=00100012&order_time=2021-09-17 HTTP/1.1" 200 409
180.169.147.146 - - [17/Sep/2021:09:30:59 +0800] "GET /xingrg/all/function/internal_message.html?_=1631842295068&CODE_STATE=getMsg HTTP/1.1" 200 27
116.230.105.26 - - [17/Sep/2021:09:31:02 +0800] "GET /xingrg/all/function/internal_message.html?_=1631842249098&CODE_STATE=getMsg HTTP/1.1" 200 27
116.230.105.26 - - [17/Sep/2021:09:31:02 +0800] "GET /xingrg/check_reg.html?_=1631842249099 HTTP/1.1" 200 22
124.79.246.142 - - [17/Sep/2021:09:31:02 +0800] "GET /xingrg/all/function/internal_message.html?_=1631842722298&CODE_STATE=getMsg HTTP/1.1" 200 27
116.238.248.233 - - [17/Sep/2021:09:31:02 +0800] "GET /xingrg/kc/base/wldb_order_info.html?code=422021091701818 HTTP/1.1" 200 26325
116.238.248.233 - - [17/Sep/2021:09:31:02 +0800] "GET /xingrg/javascript/easyui/themes/default/validatebox.css HTTP/1.1" 404 1104
116.238.248.233 - - [17/Sep/2021:09:31:03 +0800] "POST /xingrg/kc/base/wldb_order_operate.html HTTP/1.1" 200 1409
116.238.248.233 - - [17/Sep/2021:09:31:05 +0800] "GET /xingrg/kc/base/wldb_order_add.html HTTP/1.1" 200 30444
116.238.248.233 - - [17/Sep/2021:09:31:06 +0800] "POST /xingrg/kc/base/wldb_order_operate.html HTTP/1.1" 200 6806
116.238.248.233 - - [17/Sep/2021:09:31:06 +0800] "GET /xingrg/javascript/easyui/themes/default/validatebox.css HTTP/1.1" 404 1104
101.83.145.79 - - [17/Sep/2021:09:31:07 +0800] "GET /xingrg/check_reg.html?_=1631842269210 HTTP/1.1" 200 22
101.83.145.79 - - [17/Sep/2021:09:31:08 +0800] "GET /xingrg/all/function/internal_message.html?_=1631842269930&CODE_STATE=getMsg HTTP/1.1" 200 27
116.238.248.233 - - [17/Sep/2021:09:31:09 +0800] "GET /xingrg/all/function/internal_message.html?_=1631842268993&CODE_STATE=getMsg HTTP/1.1" 200 27
222.70.246.151 - - [17/Sep/2021:09:31:09 +0800] "GET /xingrg/all/function/internal_message.html?_=1631842287064&CODE_STATE=getMsg HTTP/1.1" 200 27
120.253.135.82 - - [17/Sep/2021:09:31:09 +0800] "GET /xingrg/all/function/internal_message.html?_=1631842289618&CODE_STATE=getMsg HTTP/1.1" 200 27
114.83.220.177 - - [17/Sep/2021:09:31:12 +0800] "GET /xingrg/all/function/internal_message.html?_=1631842271401&CODE_STATE=getMsg HTTP/1.1" 200 27
124.79.76.92 - - [17/Sep/2021:09:31:13 +0800] "GET /xingrg/all/function/internal_message.html?_=1631842275382&CODE_STATE=getMsg HTTP/1.1" 302 -
124.79.76.92 - - [17/Sep/2021:09:31:13 +0800] "GET /xingrg/check_reg.html?_=1631842275383 HTTP/1.1" 302 -
222.70.179.190 - - [17/Sep/2021:09:31:13 +0800] "GET /xingrg/kc/buy/cgsh_order_operate.html?command=get_materiel&rest_code=00111&code=00101006065&supplier_code=00100012&order_time=2021-09-17 HTTP/1.1" 200 409
116.238.248.233 - - [17/Sep/2021:09:31:15 +0800] "GET /xingrg/kc/base/wldb_order_operate.html?command=get_materiel&rest_code=00150&base_code=0010445&code=00101019258 HTTP/1.1" 200 469
101.85.93.96 - - [17/Sep/2021:09:31:17 +0800] "GET /xingrg/kc/buy/cgsh_order_add.html HTTP/1.1" 200 62645
101.85.93.96 - - [17/Sep/2021:09:31:17 +0800] "POST /xingrg/kc/buy/cgsh_order_operate.html HTTP/1.1" 200 8245
101.85.93.96 - - [17/Sep/2021:09:31:17 +0800] "GET /xingrg/javascript/easyui/themes/default/validatebox.css HTTP/1.1" 404 1104
116.238.168.124 - - [17/Sep/2021:09:31:18 +0800] "GET /xingrg/all/function/internal_message.html?_=1631842256801&CODE_STATE=getMsg HTTP/1.1" 200 27
101.85.93.96 - - [17/Sep/2021:09:31:18 +0800] "GET /xingrg/javascript/auto/indicator.gif HTTP/1.1" 404 1066
116.232.55.124 - - [17/Sep/2021:09:31:20 +0800] "GET /xingrg/kc/buy/cgsh_order_operate.html?command=get_materiel&rest_code=00156&code=00101008169&supplier_code=00100005&order_time=2021-09-17 HTTP/1.1" 200 412
116.238.248.233 - - [17/Sep/2021:09:31:21 +0800] "GET /xingrg/kc/base/wldb_order_operate.html?command=get_materiel&rest_code=00150&base_code=0010445&code=00101016076 HTTP/1.1" 200 477
116.238.248.233 - - [17/Sep/2021:09:31:26 +0800] "GET /xingrg/kc/base/wldb_order_operate.html?command=get_materiel&rest_code=00150&base_code=0010445&code=00101019339 HTTP/1.1" 200 455
114.85.125.222 - - [17/Sep/2021:09:31:27 +0800] "GET /xingrg/all/function/internal_message.html?_=1631842271554&CODE_STATE=getMsg HTTP/1.1" 200 27
124.79.246.142 - - [17/Sep/2021:09:31:30 +0800] "GET /xingrg/all/function/internal_message.html?_=1631842392834&CODE_STATE=getMsg HTTP/1.1" 200 27
222.70.179.190 - - [17/Sep/2021:09:31:32 +0800] "GET /xingrg/kc/buy/cgsh_order_operate.html?command=get_materiel&rest_code=00111&code=00101006055&supplier_code=00100012&order_time=2021-09-17 HTTP/1.1" 200 409
101.85.93.96 - - [17/Sep/2021:09:31:37 +0800] "GET /xingrg/kc/buy/cgsh_order_operate.html?command=get_materiel&rest_code=00142&code=00101011005&supplier_code=00100311&order_time=2021-09-17 HTTP/1.1" 200 428
116.232.55.124 - - [17/Sep/2021:09:31:40 +0800] "GET /xingrg/kc/buy/cgsh_order_operate.html?command=get_materiel&rest_code=00156&code=00101008213&supplier_code=00100005&order_time=2021-09-17 HTTP/1.1" 200 412
116.238.248.233 - - [17/Sep/2021:09:31:40 +0800] "GET /xingrg/kc/base/wldb_order_operate.html?command=get_materiel&rest_code=00150&base_code=0010445&code=00101019390 HTTP/1.1" 200 456
101.85.93.96 - - [17/Sep/2021:09:31:42 +0800] "GET /xingrg/all/function/internal_message.html?_=1631842216677&CODE_STATE=getMsg HTTP/1.1" 200 27
222.70.179.190 - - [17/Sep/2021:09:31:44 +0800] "GET /xingrg/kc/buy/cgsh_order_operate.html?command=get_materiel&rest_code=00111&code=00101006056&supplier_code=00100012&order_time=2021-09-17 HTTP/1.1" 200 413
116.228.172.94 - - [17/Sep/2021:09:31:48 +0800] "GET /xingrg/all/function/internal_message.html?_=1631842323370&CODE_STATE=getMsg HTTP/1.1" 200 27
222.70.179.190 - - [17/Sep/2021:09:31:49 +0800] "GET /xingrg/all/function/internal_message.html?_=1631842300309&CODE_STATE=getMsg HTTP/1.1" 200 27
116.238.248.233 - - [17/Sep/2021:09:31:51 +0800] "GET /xingrg/kc/base/wldb_order_operate.html?command=get_materiel&rest_code=00150&base_code=0010445&code=00101019272 HTTP/1.1" 200 485
116.237.74.154 - - [17/Sep/2021:09:31:52 +0800] "GET /xingrg/all/function/internal_message.html?_=1631842312363&CODE_STATE=getMsg HTTP/1.1" 200 27
101.85.93.96 - - [17/Sep/2021:09:31:53 +0800] "GET /xingrg/kc/buy/cgsh_order_operate.html?command=get_materiel&rest_code=00142&code=00101011001&supplier_code=00100311&order_time=2021-09-17 HTTP/1.1" 200 423
116.232.55.124 - - [17/Sep/2021:09:31:56 +0800] "GET /xingrg/all/function/internal_message.html?_=1631842317880&CODE_STATE=getMsg HTTP/1.1" 200 27
116.238.248.233 - - [17/Sep/2021:09:31:57 +0800] "GET /xingrg/kc/base/wldb_order_operate.html?command=get_materiel&rest_code=00150&base_code=0010445&code=00101019430 HTTP/1.1" 200 463
116.232.55.124 - - [17/Sep/2021:09:31:59 +0800] "GET /xingrg/kc/buy/cgsh_order_operate.html?command=get_materiel&rest_code=00156&code=00101008256&supplier_code=00100005&order_time=2021-09-17 HTTP/1.1" 200 413
180.169.147.146 - - [17/Sep/2021:09:31:59 +0800] "GET /xingrg/all/function/internal_message.html?_=1631842355055&CODE_STATE=getMsg HTTP/1.1" 200 27
116.230.105.26 - - [17/Sep/2021:09:32:02 +0800] "GET /xingrg/all/function/internal_message.html?_=1631842309109&CODE_STATE=getMsg HTTP/1.1" 200 27
124.79.246.142 - - [17/Sep/2021:09:32:02 +0800] "GET /xingrg/all/function/internal_message.html?_=1631842782312&CODE_STATE=getMsg HTTP/1.1" 200 27
116.238.248.233 - - [17/Sep/2021:09:32:06 +0800] "GET /xingrg/kc/base/wldb_order_operate.html?command=get_materiel&rest_code=00150&base_code=0010445&code=00101019207 HTTP/1.1" 200 474
101.83.145.79 - - [17/Sep/2021:09:32:08 +0800] "GET /xingrg/all/function/internal_message.html?_=1631842329903&CODE_STATE=getMsg HTTP/1.1" 200 27
101.83.145.79 - - [17/Sep/2021:09:32:09 +0800] "POST /xingrg/kc/buy/cgsh_order_operate.html HTTP/1.1" 200 37
116.238.248.233 - - [17/Sep/2021:09:32:09 +0800] "GET /xingrg/all/function/internal_message.html?_=1631842328998&CODE_STATE=getMsg HTTP/1.1" 200 27
222.70.246.151 - - [17/Sep/2021:09:32:09 +0800] "GET /xingrg/all/function/internal_message.html?_=1631842347080&CODE_STATE=getMsg HTTP/1.1" 200 27
120.253.135.82 - - [17/Sep/2021:09:32:09 +0800] "GET /xingrg/all/function/internal_message.html?_=1631842349670&CODE_STATE=getMsg HTTP/1.1" 200 27
116.238.248.233 - - [17/Sep/2021:09:32:10 +0800] "GET /xingrg/kc/base/wldb_order_operate.html?command=get_materiel&rest_code=00150&base_code=0010445&code=00101019133 HTTP/1.1" 200 466
101.83.145.79 - - [17/Sep/2021:09:32:11 +0800] "POST /xingrg/kc/buy/cgsh_order_operate.html HTTP/1.1" 200 51689
114.83.220.177 - - [17/Sep/2021:09:32:12 +0800] "GET /xingrg/all/function/internal_message.html?_=1631842331404&CODE_STATE=getMsg HTTP/1.1" 200 27
124.79.76.92 - - [17/Sep/2021:09:32:13 +0800] "GET /xingrg/all/function/internal_message.html?_=1631842335384&CODE_STATE=getMsg HTTP/1.1" 302 -
101.83.145.79 - - [17/Sep/2021:09:32:14 +0800] "GET /xingrg/kc/print/load_data.html?order_code=212021091707154&kc_code=cgsh&condition= HTTP/1.1" 200 19125
116.238.248.233 - - [17/Sep/2021:09:32:17 +0800] "GET /xingrg/kc/base/wldb_order_operate.html?command=get_materiel&rest_code=00150&base_code=0010445&code=00101019253 HTTP/1.1" 200 467
116.238.168.124 - - [17/Sep/2021:09:32:18 +0800] "GET /xingrg/all/function/internal_message.html?_=1631842317039&CODE_STATE=getMsg HTTP/1.1" 200 27
116.232.55.124 - - [17/Sep/2021:09:32:23 +0800] "GET /xingrg/kc/buy/cgsh_order_operate.html?command=get_materiel&rest_code=00156&code=00101008155&supplier_code=00100005&order_time=2021-09-17 HTTP/1.1" 200 408
116.238.248.233 - - [17/Sep/2021:09:32:24 +0800] "GET /xingrg/kc/base/wldb_order_operate.html?command=get_materiel&rest_code=00150&base_code=0010445&code=00101019438 HTTP/1.1" 200 447
114.85.125.222 - - [17/Sep/2021:09:32:27 +0800] "GET /xingrg/all/function/internal_message.html?_=1631842331591&CODE_STATE=getMsg HTTP/1.1" 200 27
124.79.246.142 - - [17/Sep/2021:09:32:30 +0800] "GET /xingrg/check_reg.html?_=1631842452831 HTTP/1.1" 200 22
124.79.246.142 - - [17/Sep/2021:09:32:30 +0800] "GET /xingrg/all/function/internal_message.html?_=1631842452832&CODE_STATE=getMsg HTTP/1.1" 200 27
116.238.248.233 - - [17/Sep/2021:09:32:31 +0800] "GET /xingrg/kc/base/wldb_order_operate.html?command=get_materiel&rest_code=00150&base_code=0010445&code=00101019283 HTTP/1.1" 200 450
116.230.105.26 - - [17/Sep/2021:09:32:35 +0800] "GET /xingrg/kc/buy/cgsh_order_add.html HTTP/1.1" 200 63450
116.230.105.26 - - [17/Sep/2021:09:32:35 +0800] "POST /xingrg/kc/buy/cgsh_order_operate.html HTTP/1.1" 200 8245
116.230.105.26 - - [17/Sep/2021:09:32:35 +0800] "GET /xingrg/all/common/auto_word.html?type=employee&rest_code=00155 HTTP/1.1" 200 205
116.230.105.26 - - [17/Sep/2021:09:32:35 +0800] "GET /xingrg/javascript/easyui/themes/default/validatebox.css HTTP/1.1" 404 1104
116.230.105.26 - - [17/Sep/2021:09:32:35 +0800] "GET /xingrg/all/common/auto_word.html?type=employee&rest_code=00155 HTTP/1.1" 200 205
116.238.248.233 - - [17/Sep/2021:09:32:39 +0800] "GET /xingrg/kc/base/wldb_order_operate.html?command=get_materiel&rest_code=00150&base_code=0010445&code=00101019536 HTTP/1.1" 200 471
116.232.55.124 - - [17/Sep/2021:09:32:41 +0800] "POST /xingrg/services/DataTransmitService HTTP/1.1" 200 524
116.232.55.124 - - [17/Sep/2021:09:32:41 +0800] "POST /xingrg/services/DataTransmitService HTTP/1.1" 200 2495
116.232.55.124 - - [17/Sep/2021:09:32:42 +0800] "POST /xingrg/services/DataTransmitService HTTP/1.1" 200 137272
101.85.93.96 - - [17/Sep/2021:09:32:42 +0800] "GET /xingrg/all/function/internal_message.html?_=1631842276646&CODE_STATE=getMsg HTTP/1.1" 200 27
101.85.93.96 - - [17/Sep/2021:09:32:43 +0800] "POST /xingrg/kc/buy/cgsh_order_operate.html HTTP/1.1" 200 37
101.85.93.96 - - [17/Sep/2021:09:32:45 +0800] "POST /xingrg/kc/buy/cgsh_order_operate.html HTTP/1.1" 200 5028
120.253.135.82 - - [17/Sep/2021:09:32:46 +0800] "GET /xingrg/check_reg.html?_=1631842385812 HTTP/1.1" 200 22
120.253.135.82 - - [17/Sep/2021:09:32:48 +0800] "GET /xingrg/kc/pszx/mdqp_order_list.html?isBack=1 HTTP/1.1" 302 -
116.230.105.26 - - [17/Sep/2021:09:32:48 +0800] "GET /xingrg/javascript/auto/indicator.gif HTTP/1.1" 404 1066
116.232.55.124 - - [17/Sep/2021:09:32:48 +0800] "GET /xingrg/kc/buy/cgsh_order_operate.html?command=get_materiel&rest_code=00156&code=00101008149&supplier_code=00100005&order_time=2021-09-17 HTTP/1.1" 200 408
120.253.135.82 - - [17/Sep/2021:09:32:48 +0800] "GET /xingrg/kc/pszx/mdqp_order_list.html?state=10 HTTP/1.1" 200 11054
120.253.135.82 - - [17/Sep/2021:09:32:48 +0800] "GET /xingrg/images/yd/bt.gif HTTP/1.1" 404 1040
120.253.135.82 - - [17/Sep/2021:09:32:48 +0800] "GET /xingrg/images/yd/bt2.gif HTTP/1.1" 404 1042
120.253.135.82 - - [17/Sep/2021:09:32:48 +0800] "GET /xingrg/dwr/interface/AjaxReportQueryService.js HTTP/1.1" 200 13203
120.253.135.82 - - [17/Sep/2021:09:32:48 +0800] "GET /xingrg/dwr/interface/AjaxQqpsService.js HTTP/1.1" 200 16326
120.253.135.82 - - [17/Sep/2021:09:32:48 +0800] "GET /xingrg/dwr/engine.js HTTP/1.1" 200 43631
116.228.172.94 - - [17/Sep/2021:09:32:48 +0800] "GET /xingrg/all/function/internal_message.html?_=1631842383378&CODE_STATE=getMsg HTTP/1.1" 200 27
222.70.179.190 - - [17/Sep/2021:09:32:49 +0800] "GET /xingrg/all/function/internal_message.html?_=1631842360289&CODE_STATE=getMsg HTTP/1.1" 200 27
116.230.105.26 - - [17/Sep/2021:09:32:49 +0800] "GET /xingrg/javascript/jquery_tools/images/prev.gif HTTP/1.1" 404 1086
116.230.105.26 - - [17/Sep/2021:09:32:49 +0800] "GET /xingrg/javascript/jquery_tools/images/next.gif HTTP/1.1" 404 1086
116.238.248.233 - - [17/Sep/2021:09:32:50 +0800] "POST /xingrg/kc/base/wldb_order_operate.html HTTP/1.1" 200 37
116.237.74.154 - - [17/Sep/2021:09:32:52 +0800] "GET /xingrg/all/function/internal_message.html?_=1631842372364&CODE_STATE=getMsg HTTP/1.1" 200 27
120.253.135.82 - - [17/Sep/2021:09:32:54 +0800] "GET /xingrg/kc/pszx/mdqp_order_info.html?code=302021091700377 HTTP/1.1" 200 13346
120.253.135.82 - - [17/Sep/2021:09:32:54 +0800] "GET /xingrg/dwr/interface/AjaxComOrderService.js HTTP/1.1" 200 18264
120.253.135.82 - - [17/Sep/2021:09:32:54 +0800] "GET /xingrg/dwr/interface/AjaxQqpsService.js HTTP/1.1" 200 16326
120.253.135.82 - - [17/Sep/2021:09:32:54 +0800] "GET /xingrg/dwr/engine.js HTTP/1.1" 200 43631
116.238.248.233 - - [17/Sep/2021:09:32:55 +0800] "POST /xingrg/kc/base/wldb_order_operate.html HTTP/1.1" 200 12
116.238.248.233 - - [17/Sep/2021:09:32:55 +0800] "POST /xingrg/kc/base/wldb_order_operate.html HTTP/1.1" 200 7281
120.253.135.82 - - [17/Sep/2021:09:32:55 +0800] "POST /xingrg/dwr/call/plaincall/AjaxQqpsService.loadMaterielItems.dwr HTTP/1.1" 200 709
116.230.105.26 - - [17/Sep/2021:09:32:56 +0800] "GET /xingrg/kc/buy/cgsh_order_operate.html?command=get_materiel&rest_code=00155&code=00101008261&supplier_code=00100005&order_time=2021-09-17 HTTP/1.1" 200 408
116.232.55.124 - - [17/Sep/2021:09:32:56 +0800] "GET /xingrg/all/function/internal_message.html?_=1631842377882&CODE_STATE=getMsg HTTP/1.1" 200 27
116.238.248.233 - - [17/Sep/2021:09:32:59 +0800] "GET /xingrg/kc/base/wldb_order_info.html?code=422021091701819 HTTP/1.1" 200 26323
180.169.147.146 - - [17/Sep/2021:09:32:59 +0800] "GET /xingrg/all/function/internal_message.html?_=1631842415056&CODE_STATE=getMsg HTTP/1.1" 200 27
180.169.147.146 - - [17/Sep/2021:09:32:59 +0800] "GET /xingrg/check_reg.html?_=1631842415060 HTTP/1.1" 200 22
116.238.248.233 - - [17/Sep/2021:09:32:59 +0800] "GET /xingrg/javascript/easyui/themes/default/validatebox.css HTTP/1.1" 404 1104
116.238.248.233 - - [17/Sep/2021:09:33:00 +0800] "POST /xingrg/kc/base/wldb_order_operate.html HTTP/1.1" 200 5461
116.230.105.26 - - [17/Sep/2021:09:33:02 +0800] "GET /xingrg/all/function/internal_message.html?_=1631842369100&CODE_STATE=getMsg HTTP/1.1" 200 27
116.238.248.233 - - [17/Sep/2021:09:33:02 +0800] "GET /xingrg/kc/base/wldb_order_add.html HTTP/1.1" 200 30444
124.79.246.142 - - [17/Sep/2021:09:33:02 +0800] "GET /xingrg/all/function/internal_message.html?_=1631842842342&CODE_STATE=getMsg HTTP/1.1" 200 27
116.238.248.233 - - [17/Sep/2021:09:33:02 +0800] "GET /xingrg/javascript/easyui/themes/default/validatebox.css HTTP/1.1" 404 1104
116.238.248.233 - - [17/Sep/2021:09:33:02 +0800] "POST /xingrg/kc/base/wldb_order_operate.html HTTP/1.1" 200 6806
116.230.105.26 - - [17/Sep/2021:09:33:03 +0800] "GET /xingrg/kc/buy/cgsh_order_operate.html?command=get_materiel&rest_code=00155&code=00101008210&supplier_code=00100005&order_time=2021-09-17 HTTP/1.1" 200 408
101.85.93.96 - - [17/Sep/2021:09:33:05 +0800] "POST /xingrg/kc/buy/cgsh_order_operate.html HTTP/1.1" 200 37
101.83.145.79 - - [17/Sep/2021:09:33:08 +0800] "GET /xingrg/all/function/internal_message.html?_=1631842389879&CODE_STATE=getMsg HTTP/1.1" 200 27
116.238.248.233 - - [17/Sep/2021:09:33:09 +0800] "GET /xingrg/all/function/internal_message.html?_=1631842389003&CODE_STATE=getMsg HTTP/1.1" 200 27
222.70.246.151 - - [17/Sep/2021:09:33:09 +0800] "GET /xingrg/all/function/internal_message.html?_=1631842407101&CODE_STATE=getMsg HTTP/1.1" 200 27
120.253.135.82 - - [17/Sep/2021:09:33:09 +0800] "GET /xingrg/all/function/internal_message.html?_=1631842409676&CODE_STATE=getMsg HTTP/1.1" 200 27
116.230.105.26 - - [17/Sep/2021:09:33:10 +0800] "GET /xingrg/kc/buy/cgsh_order_operate.html?command=get_materiel&rest_code=00155&code=00101008358&supplier_code=00100005&order_time=2021-09-17 HTTP/1.1" 200 412
101.85.93.96 - - [17/Sep/2021:09:33:10 +0800] "POST /xingrg/kc/buy/cgsh_order_operate.html HTTP/1.1" 200 12
116.238.248.233 - - [17/Sep/2021:09:33:10 +0800] "GET /xingrg/kc/base/wldb_order_operate.html?command=get_materiel&rest_code=00150&base_code=0010450&code=00101003006 HTTP/1.1" 200 432
120.253.135.82 - - [17/Sep/2021:09:33:11 +0800] "GET /xingrg/kc/pszx/mdqp_order_list.html?isBack=1 HTTP/1.1" 302 -
120.253.135.82 - - [17/Sep/2021:09:33:11 +0800] "GET /xingrg/kc/pszx/mdqp_order_list.html?state=10 HTTP/1.1" 200 11054
120.253.135.82 - - [17/Sep/2021:09:33:11 +0800] "GET /xingrg/dwr/interface/AjaxReportQueryService.js HTTP/1.1" 200 13203
120.253.135.82 - - [17/Sep/2021:09:33:11 +0800] "GET /xingrg/dwr/interface/AjaxQqpsService.js HTTP/1.1" 200 16326
120.253.135.82 - - [17/Sep/2021:09:33:11 +0800] "GET /xingrg/dwr/engine.js HTTP/1.1" 200 43631
114.83.220.177 - - [17/Sep/2021:09:33:12 +0800] "GET /xingrg/all/function/internal_message.html?_=1631842391409&CODE_STATE=getMsg HTTP/1.1" 200 27
114.83.220.177 - - [17/Sep/2021:09:33:12 +0800] "GET /xingrg/check_reg.html?_=1631842391414 HTTP/1.1" 200 22
101.85.93.96 - - [17/Sep/2021:09:33:12 +0800] "GET /xingrg/kc/buy/cgsh_order_info.html?code=212021091707164 HTTP/1.1" 200 57557
101.85.93.96 - - [17/Sep/2021:09:33:12 +0800] "GET /xingrg/javascript/easyui/themes/default/validatebox.css HTTP/1.1" 404 1104
124.79.76.92 - - [17/Sep/2021:09:33:13 +0800] "GET /xingrg/all/function/internal_message.html?_=1631842395378&CODE_STATE=getMsg HTTP/1.1" 302 -
101.85.93.96 - - [17/Sep/2021:09:33:13 +0800] "POST /xingrg/kc/buy/cgsh_order_operate.html HTTP/1.1" 200 2977
101.85.93.96 - - [17/Sep/2021:09:33:14 +0800] "GET /xingrg/kc/print/load_data.html?order_code=212021091707164&kc_code=cgsh&condition= HTTP/1.1" 200 1619
120.253.135.82 - - [17/Sep/2021:09:33:15 +0800] "GET /xingrg/kc/pszx/mdqp_order_list.html?state=10 HTTP/1.1" 200 11054
120.253.135.82 - - [17/Sep/2021:09:33:15 +0800] "GET /xingrg/dwr/interface/AjaxQqpsService.js HTTP/1.1" 200 16326
120.253.135.82 - - [17/Sep/2021:09:33:15 +0800] "GET /xingrg/dwr/interface/AjaxReportQueryService.js HTTP/1.1" 200 13203
120.253.135.82 - - [17/Sep/2021:09:33:15 +0800] "GET /xingrg/dwr/engine.js HTTP/1.1" 200 43631
116.230.105.26 - - [17/Sep/2021:09:33:17 +0800] "GET /xingrg/kc/buy/cgsh_order_operate.html?command=get_materiel&rest_code=00155&code=00101008003&supplier_code=00100005&order_time=2021-09-17 HTTP/1.1" 200 408
116.238.168.124 - - [17/Sep/2021:09:33:18 +0800] "GET /xingrg/all/function/internal_message.html?_=1631842377046&CODE_STATE=getMsg HTTP/1.1" 200 27
101.85.93.96 - - [17/Sep/2021:09:33:19 +0800] "GET /xingrg/javascript/jquery_easy_ui/themes/default/images/tabs_active.png HTTP/1.1" 200 2894
120.253.135.82 - - [17/Sep/2021:09:33:19 +0800] "GET /xingrg/kc/pszx/mdqp_order_list.html?state=10 HTTP/1.1" 200 11054
120.253.135.82 - - [17/Sep/2021:09:33:19 +0800] "GET /xingrg/dwr/interface/AjaxReportQueryService.js HTTP/1.1" 200 13203
120.253.135.82 - - [17/Sep/2021:09:33:19 +0800] "GET /xingrg/dwr/interface/AjaxQqpsService.js HTTP/1.1" 200 16326
120.253.135.82 - - [17/Sep/2021:09:33:19 +0800] "GET /xingrg/dwr/engine.js HTTP/1.1" 200 43631
116.238.248.233 - - [17/Sep/2021:09:33:19 +0800] "GET /xingrg/kc/base/wldb_order_operate.html?command=get_materiel&rest_code=00150&base_code=0010450&code=00101004104 HTTP/1.1" 200 413
101.85.93.96 - - [17/Sep/2021:09:33:22 +0800] "POST /xingrg/kc/buy/cgsh_list_operate.html HTTP/1.1" 200 876
116.230.105.26 - - [17/Sep/2021:09:33:23 +0800] "GET /xingrg/kc/buy/cgsh_order_operate.html?command=get_materiel&rest_code=00155&code=00101008141&supplier_code=00100005&order_time=2021-09-17 HTTP/1.1" 200 412
114.85.125.222 - - [17/Sep/2021:09:33:27 +0800] "GET /xingrg/check_reg.html?_=1631842391227 HTTP/1.1" 200 22
114.85.125.222 - - [17/Sep/2021:09:33:27 +0800] "GET /xingrg/all/function/internal_message.html?_=1631842391619&CODE_STATE=getMsg HTTP/1.1" 200 27
222.70.246.151 - - [17/Sep/2021:09:33:28 +0800] "GET /xingrg/check_reg.html?_=1631842425677 HTTP/1.1" 200 22
116.230.105.26 - - [17/Sep/2021:09:33:29 +0800] "GET /xingrg/kc/buy/cgsh_order_operate.html?command=get_materiel&rest_code=00155&code=00101008087&supplier_code=00100005&order_time=2021-09-17 HTTP/1.1" 200 412
124.79.246.142 - - [17/Sep/2021:09:33:30 +0800] "GET /xingrg/all/function/internal_message.html?_=1631842512830&CODE_STATE=getMsg HTTP/1.1" 200 27
101.85.93.96 - - [17/Sep/2021:09:33:32 +0800] "GET /xingrg HTTP/1.1" 302 -
101.85.93.96 - - [17/Sep/2021:09:33:32 +0800] "GET /xingrg/index.html HTTP/1.1" 302 -
101.85.93.96 - - [17/Sep/2021:09:33:32 +0800] "GET /xingrg/login.html HTTP/1.1" 200 7641
101.85.93.96 - - [17/Sep/2021:09:33:32 +0800] "GET /favicon.ico HTTP/1.1" 404 -
101.85.93.96 - - [17/Sep/2021:09:33:33 +0800] "GET /favicon.ico HTTP/1.1" 404 -
116.230.105.26 - - [17/Sep/2021:09:33:40 +0800] "GET /xingrg/kc/buy/cgsh_order_operate.html?command=get_materiel&rest_code=00155&code=00101008108&supplier_code=00100005&order_time=2021-09-17 HTTP/1.1" 200 412
116.238.248.233 - - [17/Sep/2021:09:33:40 +0800] "GET /xingrg/kc/base/wldb_order_operate.html?command=get_materiel&rest_code=00150&base_code=0010450&code=00101001170 HTTP/1.1" 200 436
101.85.93.96 - - [17/Sep/2021:09:33:42 +0800] "POST /xingrg/login.do HTTP/1.1" 302 -
101.85.93.96 - - [17/Sep/2021:09:33:42 +0800] "GET /xingrg/index.html?sysBaseUrl=http%3A%2F%2F180.169.147.146%3A18081%2Fxingrg%2F&costTime=56×tamp=1631842422191 HTTP/1.1" 200 17179
101.85.93.96 - - [17/Sep/2021:09:33:42 +0800] "GET /favicon.ico HTTP/1.1" 404 -
101.85.93.96 - - [17/Sep/2021:09:33:42 +0800] "POST /xingrg/all/common/load_tree.html?tree=area_rest_tree_json&manage=1 HTTP/1.1" 200 351
101.85.93.96 - - [17/Sep/2021:09:33:42 +0800] "GET /xingrg/all/function/internal_message.html?_=1631842336716&CODE_STATE=count HTTP/1.1" 200 11
101.85.93.96 - - [17/Sep/2021:09:33:42 +0800] "GET /xingrg/check_reg.html?_=1631842336717 HTTP/1.1" 200 22
101.85.93.96 - - [17/Sep/2021:09:33:42 +0800] "POST /xingrg/load_menu.html HTTP/1.1" 200 5138
116.238.248.233 - - [17/Sep/2021:09:33:48 +0800] "GET /xingrg/kc/base/wldb_order_operate.html?command=get_materiel&rest_code=00150&base_code=0010450&code=00101002022 HTTP/1.1" 200 431
116.228.172.94 - - [17/Sep/2021:09:33:48 +0800] "GET /xingrg/check_reg.html?_=1631842443372 HTTP/1.1" 200 22
116.228.172.94 - - [17/Sep/2021:09:33:48 +0800] "GET /xingrg/all/function/internal_message.html?_=1631842443374&CODE_STATE=getMsg HTTP/1.1" 200 27
222.70.179.190 - - [17/Sep/2021:09:33:49 +0800] "GET /xingrg/all/function/internal_message.html?_=1631842420259&CODE_STATE=getMsg HTTP/1.1" 200 27
222.70.179.190 - - [17/Sep/2021:09:33:49 +0800] "GET /xingrg/check_reg.html?_=1631842420340 HTTP/1.1" 200 22
101.85.93.96 - - [17/Sep/2021:09:33:49 +0800] "GET /xingrg/kc/buy/cgsh_order_list.html HTTP/1.1" 200 47750
101.85.93.96 - - [17/Sep/2021:09:33:51 +0800] "POST /xingrg/kc/buy/cgsh_list_operate.html HTTP/1.1" 200 876
101.85.93.96 - - [17/Sep/2021:09:33:52 +0800] "GET /xingrg/kc/buy/cgsh_order_add.html HTTP/1.1" 200 62645
116.237.74.154 - - [17/Sep/2021:09:33:52 +0800] "GET /xingrg/all/function/internal_message.html?_=1631842432364&CODE_STATE=getMsg HTTP/1.1" 200 27
101.85.93.96 - - [17/Sep/2021:09:33:52 +0800] "GET /xingrg/javascript/easyui/themes/default/validatebox.css HTTP/1.1" 404 1104
101.85.93.96 - - [17/Sep/2021:09:33:52 +0800] "GET /xingrg/all/common/auto_word.html?type=employee&rest_code=00142 HTTP/1.1" 200 105
101.85.93.96 - - [17/Sep/2021:09:33:52 +0800] "GET /xingrg/all/common/auto_word.html?type=employee&rest_code=00142 HTTP/1.1" 200 105
101.85.93.96 - - [17/Sep/2021:09:33:52 +0800] "POST /xingrg/kc/buy/cgsh_order_operate.html HTTP/1.1" 200 8245
101.85.93.96 - - [17/Sep/2021:09:33:54 +0800] "GET /xingrg/javascript/auto/indicator.gif HTTP/1.1" 404 1066
116.232.55.124 - - [17/Sep/2021:09:33:56 +0800] "GET /xingrg/all/function/internal_message.html?_=1631842437888&CODE_STATE=getMsg HTTP/1.1" 200 27
116.238.248.233 - - [17/Sep/2021:09:33:58 +0800] "GET /xingrg/kc/base/wldb_order_operate.html?command=get_materiel&rest_code=00150&base_code=0010450&code=00101004094 HTTP/1.1" 200 419
180.169.147.146 - - [17/Sep/2021:09:33:59 +0800] "GET /xingrg/all/function/internal_message.html?_=1631842475060&CODE_STATE=getMsg HTTP/1.1" 200 27
116.230.105.26 - - [17/Sep/2021:09:34:02 +0800] "GET /xingrg/all/function/internal_message.html?_=1631842429107&CODE_STATE=getMsg HTTP/1.1" 200 27
124.79.246.142 - - [17/Sep/2021:09:34:02 +0800] "GET /xingrg/all/function/internal_message.html?_=1631842902354&CODE_STATE=getMsg HTTP/1.1" 200 27
101.85.93.96 - - [17/Sep/2021:09:34:04 +0800] "GET /xingrg/kc/buy/cgsh_order_operate.html?command=get_materiel&rest_code=00142&code=00101008126&supplier_code=00100161&order_time=2021-09-17 HTTP/1.1" 200 412
101.83.145.79 - - [17/Sep/2021:09:34:08 +0800] "GET /xingrg/all/function/internal_message.html?_=1631842449855&CODE_STATE=getMsg HTTP/1.1" 200 27
116.238.248.233 - - [17/Sep/2021:09:34:09 +0800] "GET /xingrg/all/function/internal_message.html?_=1631842449001&CODE_STATE=getMsg HTTP/1.1" 200 27
222.70.246.151 - - [17/Sep/2021:09:34:09 +0800] "GET /xingrg/all/function/internal_message.html?_=1631842467108&CODE_STATE=getMsg HTTP/1.1" 200 27
120.253.135.82 - - [17/Sep/2021:09:34:09 +0800] "GET /xingrg/all/function/internal_message.html?_=1631842469689&CODE_STATE=getMsg HTTP/1.1" 200 27
114.83.220.177 - - [17/Sep/2021:09:34:12 +0800] "GET /xingrg/all/function/internal_message.html?_=1631842451415&CODE_STATE=getMsg HTTP/1.1" 200 27
124.79.76.92 - - [17/Sep/2021:09:34:13 +0800] "GET /xingrg/all/function/internal_message.html?_=1631842455381&CODE_STATE=getMsg HTTP/1.1" 302 -
116.238.168.124 - - [17/Sep/2021:09:34:19 +0800] "GET /xingrg/all/function/internal_message.html?_=1631842437291&CODE_STATE=getMsg HTTP/1.1" 200 27
101.85.93.96 - - [17/Sep/2021:09:34:23 +0800] "GET /xingrg/kc/buy/cgsh_order_operate.html?command=get_materiel&rest_code=00142&code=00101008108&supplier_code=00100161&order_time=2021-09-17 HTTP/1.1" 200 412
114.85.125.222 - - [17/Sep/2021:09:34:27 +0800] "GET /xingrg/all/function/internal_message.html?_=1631842451628&CODE_STATE=getMsg HTTP/1.1" 200 27
116.238.248.233 - - [17/Sep/2021:09:34:28 +0800] "POST /xingrg/kc/base/wldb_order_operate.html HTTP/1.1" 200 37
116.230.105.26 - - [17/Sep/2021:09:34:29 +0800] "GET /xingrg/kc/buy/cgsh_order_operate.html?command=get_materiel&rest_code=00155&code=00101008265&supplier_code=00100005&order_time=2021-09-17 HTTP/1.1" 200 408
124.79.246.142 - - [17/Sep/2021:09:34:30 +0800] "GET /xingrg/all/function/internal_message.html?_=1631842572828&CODE_STATE=getMsg HTTP/1.1" 200 27
116.238.248.233 - - [17/Sep/2021:09:34:32 +0800] "POST /xingrg/kc/base/wldb_order_operate.html HTTP/1.1" 200 12
101.85.93.96 - - [17/Sep/2021:09:34:32 +0800] "GET /xingrg/kc/buy/cgsh_order_operate.html?command=get_materiel&rest_code=00142&code=00101008368&supplier_code=00100161&order_time=2021-09-17 HTTP/1.1" 200 408
116.238.248.233 - - [17/Sep/2021:09:34:32 +0800] "POST /xingrg/kc/base/wldb_order_operate.html HTTP/1.1" 200 4539
116.238.248.233 - - [17/Sep/2021:09:34:35 +0800] "GET /xingrg/kc/base/wldb_order_info.html?code=422021091701820 HTTP/1.1" 200 26323
116.238.248.233 - - [17/Sep/2021:09:34:35 +0800] "GET /xingrg/javascript/easyui/themes/default/validatebox.css HTTP/1.1" 404 1104
116.238.248.233 - - [17/Sep/2021:09:34:36 +0800] "POST /xingrg/kc/base/wldb_order_operate.html HTTP/1.1" 200 2777
116.238.248.233 - - [17/Sep/2021:09:34:38 +0800] "GET /xingrg/kc/base/wldb_order_add.html HTTP/1.1" 200 30444
116.238.248.233 - - [17/Sep/2021:09:34:39 +0800] "POST /xingrg/kc/base/wldb_order_operate.html HTTP/1.1" 200 6806
116.238.248.233 - - [17/Sep/2021:09:34:39 +0800] "GET /xingrg/javascript/easyui/themes/default/validatebox.css HTTP/1.1" 404 1104
116.230.105.26 - - [17/Sep/2021:09:34:39 +0800] "GET /xingrg/kc/buy/cgsh_order_operate.html?command=get_materiel&rest_code=00155&code=00101008176&supplier_code=00100005&order_time=2021-09-17 HTTP/1.1" 200 412
180.169.147.146 - - [17/Sep/2021:09:34:40 +0800] "GET /xingrg/check_reg.html?_=1631842481328 HTTP/1.1" 302 -
101.85.93.96 - - [17/Sep/2021:09:34:42 +0800] "GET /xingrg/kc/buy/cgsh_order_operate.html?command=get_materiel&rest_code=00142&code=00101008005&supplier_code=00100161&order_time=2021-09-17 HTTP/1.1" 200 412
101.85.93.96 - - [17/Sep/2021:09:34:42 +0800] "GET /xingrg/all/function/internal_message.html?_=1631842396729&CODE_STATE=getMsg HTTP/1.1" 200 27
116.230.105.26 - - [17/Sep/2021:09:34:46 +0800] "GET /xingrg/kc/buy/cgsh_order_operate.html?command=get_materiel&rest_code=00155&code=00101008256&supplier_code=00100005&order_time=2021-09-17 HTTP/1.1" 200 412
116.238.248.233 - - [17/Sep/2021:09:34:47 +0800] "GET /xingrg/kc/base/wldb_order_operate.html?command=get_materiel&rest_code=00150&base_code=0010450&code=00101004067 HTTP/1.1" 200 435
116.228.172.94 - - [17/Sep/2021:09:34:48 +0800] "GET /xingrg/all/function/internal_message.html?_=1631842503376&CODE_STATE=getMsg HTTP/1.1" 200 27
222.70.179.190 - - [17/Sep/2021:09:34:49 +0800] "GET /xingrg/all/function/internal_message.html?_=1631842480241&CODE_STATE=getMsg HTTP/1.1" 200 27
116.238.248.233 - - [17/Sep/2021:09:34:51 +0800] "POST /xingrg/kc/base/wldb_order_operate.html HTTP/1.1" 200 37
116.237.74.154 - - [17/Sep/2021:09:34:52 +0800] "GET /xingrg/all/function/internal_message.html?_=1631842492365&CODE_STATE=getMsg HTTP/1.1" 200 27
116.230.105.26 - - [17/Sep/2021:09:34:54 +0800] "GET /xingrg/kc/buy/cgsh_order_operate.html?command=get_materiel&rest_code=00155&code=00101008080&supplier_code=00100005&order_time=2021-09-17 HTTP/1.1" 200 416
116.238.248.233 - - [17/Sep/2021:09:34:55 +0800] "POST /xingrg/kc/base/wldb_order_operate.html HTTP/1.1" 200 12
116.238.248.233 - - [17/Sep/2021:09:34:55 +0800] "POST /xingrg/kc/base/wldb_order_operate.html HTTP/1.1" 200 2183
116.232.55.124 - - [17/Sep/2021:09:34:56 +0800] "GET /xingrg/all/function/internal_message.html?_=1631842497886&CODE_STATE=getMsg HTTP/1.1" 200 27
116.238.248.233 - - [17/Sep/2021:09:34:57 +0800] "GET /xingrg/kc/base/wldb_order_info.html?code=422021091701821 HTTP/1.1" 200 26320
116.238.248.233 - - [17/Sep/2021:09:34:58 +0800] "GET /xingrg/javascript/easyui/themes/default/validatebox.css HTTP/1.1" 404 1104
116.238.248.233 - - [17/Sep/2021:09:34:58 +0800] "POST /xingrg/kc/base/wldb_order_operate.html HTTP/1.1" 200 477
180.169.147.146 - - [17/Sep/2021:09:34:59 +0800] "GET /xingrg/all/function/internal_message.html?_=1631842535061&CODE_STATE=getMsg HTTP/1.1" 200 27
116.238.248.233 - - [17/Sep/2021:09:35:00 +0800] "GET /xingrg/kc/base/wldb_order_add.html HTTP/1.1" 200 30444
116.238.248.233 - - [17/Sep/2021:09:35:00 +0800] "POST /xingrg/kc/base/wldb_order_operate.html HTTP/1.1" 200 6806
116.238.248.233 - - [17/Sep/2021:09:35:00 +0800] "GET /xingrg/javascript/easyui/themes/default/validatebox.css HTTP/1.1" 404 1104
124.79.246.142 - - [17/Sep/2021:09:35:01 +0800] "GET /xingrg/check_reg.html?_=1631842961420 HTTP/1.1" 200 22
116.230.105.26 - - [17/Sep/2021:09:35:02 +0800] "GET /xingrg/all/function/internal_message.html?_=1631842489122&CODE_STATE=getMsg HTTP/1.1" 200 27
124.79.246.142 - - [17/Sep/2021:09:35:02 +0800] "GET /xingrg/all/function/internal_message.html?_=1631842962368&CODE_STATE=getMsg HTTP/1.1" 200 27
116.230.105.26 - - [17/Sep/2021:09:35:02 +0800] "GET /xingrg/kc/buy/cgsh_order_operate.html?command=get_materiel&rest_code=00155&code=00101008100&supplier_code=00100005&order_time=2021-09-17 HTTP/1.1" 200 409
101.85.93.96 - - [17/Sep/2021:09:35:03 +0800] "GET /xingrg/kc/buy/cgsh_order_operate.html?command=get_materiel&rest_code=00142&code=00101008049&supplier_code=00100161&order_time=2021-09-17 HTTP/1.1" 200 408
101.83.145.79 - - [17/Sep/2021:09:35:08 +0800] "GET /xingrg/all/function/internal_message.html?_=1631842509837&CODE_STATE=getMsg HTTP/1.1" 200 27
116.238.248.233 - - [17/Sep/2021:09:35:09 +0800] "GET /xingrg/check_reg.html?_=1631842509000 HTTP/1.1" 200 22
116.238.248.233 - - [17/Sep/2021:09:35:09 +0800] "GET /xingrg/all/function/internal_message.html?_=1631842509002&CODE_STATE=getMsg HTTP/1.1" 200 27
222.70.246.151 - - [17/Sep/2021:09:35:09 +0800] "GET /xingrg/all/function/internal_message.html?_=1631842527121&CODE_STATE=getMsg HTTP/1.1" 200 27
120.253.135.82 - - [17/Sep/2021:09:35:09 +0800] "GET /xingrg/all/function/internal_message.html?_=1631842529736&CODE_STATE=getMsg HTTP/1.1" 200 27
114.83.220.177 - - [17/Sep/2021:09:35:12 +0800] "GET /xingrg/all/function/internal_message.html?_=1631842511419&CODE_STATE=getMsg HTTP/1.1" 200 27
124.79.76.92 - - [17/Sep/2021:09:35:13 +0800] "GET /xingrg/all/function/internal_message.html?_=1631842515382&CODE_STATE=getMsg HTTP/1.1" 302 -
116.238.248.233 - - [17/Sep/2021:09:35:15 +0800] "GET /xingrg/kc/base/wldb_order_operate.html?command=get_materiel&rest_code=00150&base_code=0010445&code=00101019110 HTTP/1.1" 200 475
101.85.93.96 - - [17/Sep/2021:09:35:18 +0800] "GET /xingrg/kc/buy/cgsh_order_operate.html?command=get_materiel&rest_code=00142&code=00101008268&supplier_code=00100161&order_time=2021-09-17 HTTP/1.1" 200 408
116.238.168.124 - - [17/Sep/2021:09:35:19 +0800] "GET /xingrg/all/function/internal_message.html?_=1631842497291&CODE_STATE=getMsg HTTP/1.1" 200 27
116.228.172.94 - - [17/Sep/2021:09:35:19 +0800] "GET /xingrg/kc/base/base_main.html HTTP/1.1" 200 12142
116.228.172.94 - - [17/Sep/2021:09:35:21 +0800] "GET /xingrg/kc/buy/buy_main.html HTTP/1.1" 200 12412
116.228.172.94 - - [17/Sep/2021:09:35:21 +0800] "GET /xingrg/css/new_ie.css HTTP/1.1" 404 1036
116.230.105.26 - - [17/Sep/2021:09:35:25 +0800] "GET /xingrg/kc/buy/cgsh_order_operate.html?command=get_materiel&rest_code=00155&code=00101008331&supplier_code=00100005&order_time=2021-09-17 HTTP/1.1" 200 416
116.237.74.154 - - [17/Sep/2021:09:35:26 +0800] "GET /xingrg/check_reg.html?_=1631842523541 HTTP/1.1" 200 22
114.85.125.222 - - [17/Sep/2021:09:35:27 +0800] "GET /xingrg/all/function/internal_message.html?_=1631842511639&CODE_STATE=getMsg HTTP/1.1" 200 27
116.238.248.233 - - [17/Sep/2021:09:35:27 +0800] "GET /xingrg/kc/base/wldb_order_operate.html?command=get_materiel&rest_code=00150&base_code=0010445&code=00101019185 HTTP/1.1" 200 455
124.79.246.142 - - [17/Sep/2021:09:35:30 +0800] "GET /xingrg/all/function/internal_message.html?_=1631842632827&CODE_STATE=getMsg HTTP/1.1" 200 27
116.230.105.26 - - [17/Sep/2021:09:35:32 +0800] "GET /xingrg/kc/buy/cgsh_order_operate.html?command=get_materiel&rest_code=00155&code=00101008415&supplier_code=00100005&order_time=2021-09-17 HTTP/1.1" 200 398
101.85.93.96 - - [17/Sep/2021:09:35:34 +0800] "GET /xingrg/kc/buy/cgsh_order_operate.html?command=get_materiel&rest_code=00142&code=00101008261&supplier_code=00100161&order_time=2021-09-17 HTTP/1.1" 200 408
116.238.248.233 - - [17/Sep/2021:09:35:35 +0800] "GET /xingrg/kc/base/wldb_order_operate.html?command=get_materiel&rest_code=00150&base_code=0010445&code=00101019277 HTTP/1.1" 200 465
