116.237.74.154 - - [17/Sep/2021:10:50:39 +0800] "GET /xingrg/kc/buy/cgsh_order_list.html HTTP/1.1" 200 47744
116.238.248.233 - - [17/Sep/2021:10:50:41 +0800] "GET /xingrg/all/function/internal_message.html?_=1631847040458&CODE_STATE=getMsg HTTP/1.1" 200 27
116.237.74.154 - - [17/Sep/2021:10:50:41 +0800] "POST /xingrg/kc/buy/cgsh_list_operate.html HTTP/1.1" 200 2795
116.237.74.154 - - [17/Sep/2021:10:50:44 +0800] "POST /xingrg/kc/buy/cgsh_list_operate.html HTTP/1.1" 200 209
58.40.7.146 - - [17/Sep/2021:10:50:44 +0800] "GET /xingrg/all/function/internal_message.html?_=1631847044496&CODE_STATE=getMsg HTTP/1.1" 200 27
116.237.74.154 - - [17/Sep/2021:10:50:44 +0800] "GET /xingrg/kc/buy/cgsh_order_info.html?code=212021091707226 HTTP/1.1" 200 63497
116.237.74.154 - - [17/Sep/2021:10:50:44 +0800] "GET /xingrg/words/20210917102058_words.js HTTP/1.1" 304 -
116.237.74.154 - - [17/Sep/2021:10:50:45 +0800] "GET /xingrg/javascript/easyui/themes/default/validatebox.css HTTP/1.1" 404 1104
116.237.74.154 - - [17/Sep/2021:10:50:45 +0800] "POST /xingrg/kc/buy/cgsh_order_operate.html HTTP/1.1" 200 2668
116.238.168.124 - - [17/Sep/2021:10:50:45 +0800] "GET /xingrg/all/function/internal_message.html?_=1631847024097&CODE_STATE=getMsg HTTP/1.1" 200 27
222.70.179.190 - - [17/Sep/2021:10:50:48 +0800] "GET /xingrg/all/function/internal_message.html?_=1631847039343&CODE_STATE=getMsg HTTP/1.1" 200 27
116.237.74.154 - - [17/Sep/2021:10:50:48 +0800] "GET /xingrg/kc/buy/cgsh_order_operate.html?command=get_materiel&rest_code=00106&code=00101009016&supplier_code=00100022&order_time=2021-09-17 HTTP/1.1" 200 412
116.237.74.154 - - [17/Sep/2021:10:50:49 +0800] "GET /xingrg/check_reg.html?_=1631847046521 HTTP/1.1" 200 22
120.253.135.82 - - [17/Sep/2021:10:50:49 +0800] "GET /xingrg/all/function/internal_message.html?_=1631846822699&CODE_STATE=getMsg HTTP/1.1" 200 27
116.237.74.154 - - [17/Sep/2021:10:50:50 +0800] "GET /xingrg/all/function/internal_message.html?_=1631847047124&CODE_STATE=getMsg HTTP/1.1" 200 27
116.238.168.124 - - [17/Sep/2021:10:50:50 +0800] "POST /xingrg/all/common/load_combo.html?type=base HTTP/1.1" 200 3060
222.70.246.151 - - [17/Sep/2021:10:50:51 +0800] "GET /xingrg/kc/buy/cgsh_order_operate.html?command=get_materiel&rest_code=00146&code=00101008418&supplier_code=00100005&order_time=2021-09-17 HTTP/1.1" 200 398
120.253.135.82 - - [17/Sep/2021:10:50:51 +0800] "GET /xingrg/all/function/internal_message.html?_=1631847179022&CODE_STATE=getMsg HTTP/1.1" 200 27
116.228.172.94 - - [17/Sep/2021:10:50:51 +0800] "GET /xingrg/all/function/internal_message.html?_=1631847066399&CODE_STATE=getMsg HTTP/1.1" 200 27
116.237.74.154 - - [17/Sep/2021:10:50:52 +0800] "GET /xingrg/all/function/internal_message.html?_=1631847052230&CODE_STATE=getMsg HTTP/1.1" 200 27
116.237.74.154 - - [17/Sep/2021:10:50:52 +0800] "GET /xingrg/check_reg.html?_=1631847052657 HTTP/1.1" 200 22
222.70.246.151 - - [17/Sep/2021:10:50:54 +0800] "POST /xingrg/kc/buy/cgsh_order_operate.html HTTP/1.1" 200 2065
180.169.147.146 - - [17/Sep/2021:10:50:55 +0800] "GET /xingrg/all/function/internal_message.html?_=1631847056404&CODE_STATE=getMsg HTTP/1.1" 200 27
180.169.147.146 - - [17/Sep/2021:10:50:55 +0800] "GET /xingrg/check_reg.html?_=1631847056408 HTTP/1.1" 200 22
116.232.55.124 - - [17/Sep/2021:10:50:56 +0800] "GET /xingrg/all/function/internal_message.html?_=1631847058042&CODE_STATE=getMsg HTTP/1.1" 200 27
116.232.55.124 - - [17/Sep/2021:10:50:56 +0800] "GET /xingrg/check_reg.html?_=1631847058042 HTTP/1.1" 200 22
116.237.74.154 - - [17/Sep/2021:10:50:57 +0800] "GET /xingrg/kc/buy/cgsh_order_operate.html?command=get_materiel&rest_code=00106&code=00101009107&supplier_code=00100022&order_time=2021-09-17 HTTP/1.1" 200 398
180.169.147.146 - - [17/Sep/2021:10:50:59 +0800] "GET /xingrg/all/function/internal_message.html?_=1631847095165&CODE_STATE=getMsg HTTP/1.1" 200 27
114.83.220.177 - - [17/Sep/2021:10:51:00 +0800] "GET /xingrg/all/function/internal_message.html?_=1631847059146&CODE_STATE=getMsg HTTP/1.1" 200 27
116.238.168.124 - - [17/Sep/2021:10:51:01 +0800] "GET /xingrg/kc/base/wldb_order_operate.html?command=get_materiel&rest_code=00102&base_code=0010476&code=00101016049 HTTP/1.1" 200 445
116.230.105.26 - - [17/Sep/2021:10:51:02 +0800] "GET /xingrg/all/function/internal_message.html?_=1631847049095&CODE_STATE=getMsg HTTP/1.1" 200 27
116.230.105.26 - - [17/Sep/2021:10:51:02 +0800] "GET /xingrg/check_reg.html?_=1631847049100 HTTP/1.1" 200 22
117.184.7.30 - - [17/Sep/2021:10:51:02 +0800] "GET /xingrg/all/function/internal_message.html?_=1631847056158&CODE_STATE=getMsg HTTP/1.1" 200 27
116.238.168.124 - - [17/Sep/2021:10:51:05 +0800] "GET /xingrg/kc/base/wldb_order_operate.html?command=get_materiel&rest_code=00102&base_code=0010476&code=00101019142 HTTP/1.1" 200 450
116.237.74.154 - - [17/Sep/2021:10:51:05 +0800] "POST /xingrg/kc/buy/cgsh_order_operate.html HTTP/1.1" 200 2065
101.83.145.79 - - [17/Sep/2021:10:51:07 +0800] "GET /xingrg/all/function/internal_message.html?_=1631847068687&CODE_STATE=getMsg HTTP/1.1" 200 27
101.83.145.79 - - [17/Sep/2021:10:51:07 +0800] "GET /xingrg/check_reg.html?_=1631847069212 HTTP/1.1" 200 22
116.238.168.124 - - [17/Sep/2021:10:51:08 +0800] "GET /xingrg/check_reg.html?_=1631847046813 HTTP/1.1" 200 22
172.20.0.100 - - [17/Sep/2021:10:51:09 +0800] "GET /xingrg/all/function/internal_message.html?_=1631847070745&CODE_STATE=getMsg HTTP/1.1" 200 27
172.20.0.100 - - [17/Sep/2021:10:51:09 +0800] "GET /xingrg/check_reg.html?_=1631847070747 HTTP/1.1" 200 22
222.70.246.151 - - [17/Sep/2021:10:51:10 +0800] "GET /xingrg/all/function/internal_message.html?_=1631847088324&CODE_STATE=getMsg HTTP/1.1" 200 27
120.253.135.82 - - [17/Sep/2021:10:51:12 +0800] "GET /xingrg/all/function/internal_message.html?_=1631847091640&CODE_STATE=getMsg HTTP/1.1" 200 27
114.83.220.177 - - [17/Sep/2021:10:51:12 +0800] "GET /xingrg/all/function/internal_message.html?_=1631847071697&CODE_STATE=getMsg HTTP/1.1" 200 27
124.79.76.92 - - [17/Sep/2021:10:51:13 +0800] "GET /xingrg/check_reg.html?_=1631847075390 HTTP/1.1" 302 -
124.79.76.92 - - [17/Sep/2021:10:51:13 +0800] "GET /xingrg/all/function/internal_message.html?_=1631847075391&CODE_STATE=getMsg HTTP/1.1" 302 -
116.237.74.154 - - [17/Sep/2021:10:51:13 +0800] "POST /xingrg/kc/buy/cgsh_order_operate.html HTTP/1.1" 200 37
116.237.74.154 - - [17/Sep/2021:10:51:16 +0800] "POST /xingrg/kc/buy/cgsh_order_operate.html HTTP/1.1" 200 37
116.230.105.26 - - [17/Sep/2021:10:51:16 +0800] "GET /xingrg/kc/buy/cgsh_order_operate.html?command=get_materiel&rest_code=00155&code=00101019364&supplier_code=00100337&order_time=2021-09-17 HTTP/1.1" 200 427
222.70.246.151 - - [17/Sep/2021:10:51:16 +0800] "GET /xingrg/kc/buy/cgsh_order_operate.html?command=get_materiel&rest_code=00146&code=00101008163&supplier_code=00100005&order_time=2021-09-17 HTTP/1.1" 200 409
116.237.74.154 - - [17/Sep/2021:10:51:16 +0800] "POST /xingrg/kc/buy/cgsh_order_operate.html HTTP/1.1" 200 12
101.83.145.79 - - [17/Sep/2021:10:51:17 +0800] "GET /xingrg/kc/buy/cgsh_order_add.html HTTP/1.1" 200 63529
101.83.145.79 - - [17/Sep/2021:10:51:17 +0800] "GET /xingrg/javascript/easyui/themes/default/validatebox.css HTTP/1.1" 404 1104
101.83.145.79 - - [17/Sep/2021:10:51:17 +0800] "POST /xingrg/kc/buy/cgsh_order_operate.html HTTP/1.1" 200 8245
116.237.74.154 - - [17/Sep/2021:10:51:19 +0800] "POST /xingrg/kc/buy/cgsh_order_operate.html HTTP/1.1" 200 12
116.237.74.154 - - [17/Sep/2021:10:51:19 +0800] "GET /xingrg/kc/buy/cgsh_order_info.html?code=212021091707247 HTTP/1.1" 200 58397
116.237.74.154 - - [17/Sep/2021:10:51:19 +0800] "GET /xingrg/javascript/easyui/themes/default/validatebox.css HTTP/1.1" 404 1104
116.237.74.154 - - [17/Sep/2021:10:51:20 +0800] "GET /xingrg/kc/buy/cgsh_order_info.html?code=212021091707226 HTTP/1.1" 200 58397
116.237.74.154 - - [17/Sep/2021:10:51:20 +0800] "GET /xingrg/javascript/easyui/themes/default/validatebox.css HTTP/1.1" 404 1104
116.237.74.154 - - [17/Sep/2021:10:51:20 +0800] "POST /xingrg/kc/buy/cgsh_order_operate.html HTTP/1.1" 200 2976
116.237.74.154 - - [17/Sep/2021:10:51:20 +0800] "POST /xingrg/kc/buy/cgsh_order_operate.html HTTP/1.1" 200 618
116.237.74.154 - - [17/Sep/2021:10:51:21 +0800] "GET /xingrg/kc/print/load_data.html?order_code=212021091707247&kc_code=cgsh&condition= HTTP/1.1" 200 1631
116.238.168.124 - - [17/Sep/2021:10:51:23 +0800] "POST /xingrg/kc/base/wldb_order_operate.html HTTP/1.1" 200 37
116.237.74.154 - - [17/Sep/2021:10:51:24 +0800] "GET /xingrg/kc/print/load_data.html?order_code=212021091707226&kc_code=cgsh&condition= HTTP/1.1" 200 728
180.169.147.146 - - [17/Sep/2021:10:51:25 +0800] "GET /xingrg/check_reg.html?_=1631847087637 HTTP/1.1" 200 22
180.169.147.146 - - [17/Sep/2021:10:51:25 +0800] "GET /xingrg/all/function/internal_message.html?_=1631847087638&CODE_STATE=getMsg HTTP/1.1" 200 27
116.237.74.154 - - [17/Sep/2021:10:51:25 +0800] "GET /xingrg/kc/print/load_data.html?order_code=212021091707247&kc_code=cgsh HTTP/1.1" 200 1631
116.238.168.124 - - [17/Sep/2021:10:51:26 +0800] "POST /xingrg/kc/base/wldb_order_operate.html HTTP/1.1" 200 12
116.238.168.124 - - [17/Sep/2021:10:51:26 +0800] "POST /xingrg/kc/base/wldb_order_operate.html HTTP/1.1" 200 2692
180.169.147.146 - - [17/Sep/2021:10:51:26 +0800] "GET /xingrg/all/function/internal_message.html?_=1631847084313&CODE_STATE=getMsg HTTP/1.1" 200 27
101.83.145.79 - - [17/Sep/2021:10:51:27 +0800] "GET /xingrg/kc/buy/cgsh_order_operate.html?command=get_materiel&rest_code=00105&code=00101002006&supplier_code=00100091&order_time=2021-09-17 HTTP/1.1" 200 414
116.230.105.26 - - [17/Sep/2021:10:51:28 +0800] "GET /xingrg/kc/buy/cgsh_order_operate.html?command=get_materiel&rest_code=00155&code=00101012020&supplier_code=00100337&order_time=2021-09-17 HTTP/1.1" 200 428
222.70.246.151 - - [17/Sep/2021:10:51:28 +0800] "GET /xingrg/kc/buy/cgsh_order_operate.html?command=get_materiel&rest_code=00146&code=00101008355&supplier_code=00100005&order_time=2021-09-17 HTTP/1.1" 200 408
116.238.168.124 - - [17/Sep/2021:10:51:30 +0800] "GET /xingrg/kc/base/wldb_order_info.html?code=422021091701825 HTTP/1.1" 200 26311
124.79.246.142 - - [17/Sep/2021:10:51:30 +0800] "GET /xingrg/all/function/internal_message.html?_=1631847192874&CODE_STATE=getMsg HTTP/1.1" 200 27
101.89.239.238 - - [17/Sep/2021:10:51:32 +0800] "GET /xingrg/kc/buy/cgsh_order_operate.html?command=get_materiel&rest_code=00106&code=00101009057&supplier_code=00100022&order_time=2021-09-17 HTTP/1.1" 302 -
101.89.239.238 - - [17/Sep/2021:10:51:32 +0800] "GET /xingrg/login.html HTTP/1.1" 200 7641
116.238.168.124 - - [17/Sep/2021:10:51:33 +0800] "POST /xingrg/kc/base/wldb_order_operate.html HTTP/1.1" 200 975
116.238.168.124 - - [17/Sep/2021:10:51:33 +0800] "GET /xingrg/javascript/easyui/themes/default/validatebox.css HTTP/1.1" 404 1104
116.230.105.26 - - [17/Sep/2021:10:51:36 +0800] "GET /xingrg/kc/buy/cgsh_order_operate.html?command=get_materiel&rest_code=00155&code=00101013130&supplier_code=00100337&order_time=2021-09-17 HTTP/1.1" 200 413
116.237.74.154 - - [17/Sep/2021:10:51:38 +0800] "GET /xingrg/kc/buy/cgsh_order_add.html HTTP/1.1" 200 63488
222.70.246.151 - - [17/Sep/2021:10:51:39 +0800] "GET /xingrg/kc/buy/cgsh_order_operate.html?command=get_materiel&rest_code=00146&code=00101008004&supplier_code=00100005&order_time=2021-09-17 HTTP/1.1" 200 416
116.237.74.154 - - [17/Sep/2021:10:51:39 +0800] "GET /xingrg/javascript/easyui/themes/default/validatebox.css HTTP/1.1" 404 1104
116.237.74.154 - - [17/Sep/2021:10:51:39 +0800] "POST /xingrg/kc/buy/cgsh_order_operate.html HTTP/1.1" 200 8245
101.83.145.79 - - [17/Sep/2021:10:51:39 +0800] "GET /xingrg/kc/buy/cgsh_order_operate.html?command=get_materiel&rest_code=00105&code=00101003037&supplier_code=00100091&order_time=2021-09-17 HTTP/1.1" 200 415
116.238.248.233 - - [17/Sep/2021:10:51:41 +0800] "GET /xingrg/all/function/internal_message.html?_=1631847100439&CODE_STATE=getMsg HTTP/1.1" 200 27
116.237.74.154 - - [17/Sep/2021:10:51:42 +0800] "GET /xingrg/javascript/easyui/themes/default/tree.css HTTP/1.1" 404 1090
116.237.74.154 - - [17/Sep/2021:10:51:42 +0800] "POST /xingrg/all/common/load_tree.html?tree=supplier_tree_json&isDelete=1 HTTP/1.1" 200 57803
58.40.7.146 - - [17/Sep/2021:10:51:44 +0800] "GET /xingrg/all/function/internal_message.html?_=1631847104500&CODE_STATE=getMsg HTTP/1.1" 200 27
58.40.7.146 - - [17/Sep/2021:10:51:44 +0800] "GET /xingrg/check_reg.html?_=1631847104501 HTTP/1.1" 200 22
116.230.105.26 - - [17/Sep/2021:10:51:45 +0800] "GET /xingrg/kc/buy/cgsh_order_operate.html?command=get_materiel&rest_code=00155&code=00101013206&supplier_code=00100337&order_time=2021-09-17 HTTP/1.1" 200 413
116.238.168.124 - - [17/Sep/2021:10:51:47 +0800] "GET /xingrg/kc/base/wldb_order_add.html HTTP/1.1" 200 30434
61.151.207.158 - - [17/Sep/2021:10:51:47 +0800] "GET /xingrg/kc/buy/cgsh_order_operate.html?command=get_materiel&rest_code=00106&code=00101009016&supplier_code=00100022&order_time=2021-09-17 HTTP/1.1" 302 -
222.70.179.190 - - [17/Sep/2021:10:51:48 +0800] "GET /xingrg/all/function/internal_message.html?_=1631847099329&CODE_STATE=getMsg HTTP/1.1" 200 27
61.151.207.158 - - [17/Sep/2021:10:51:48 +0800] "GET /xingrg/login.html HTTP/1.1" 200 7641
116.238.168.124 - - [17/Sep/2021:10:51:48 +0800] "POST /xingrg/kc/base/wldb_order_operate.html HTTP/1.1" 200 6806
116.238.168.124 - - [17/Sep/2021:10:51:49 +0800] "GET /xingrg/all/function/internal_message.html?_=1631847087536&CODE_STATE=getMsg HTTP/1.1" 200 27
116.238.168.124 - - [17/Sep/2021:10:51:49 +0800] "GET /xingrg/javascript/easyui/themes/default/validatebox.css HTTP/1.1" 404 1104
120.253.135.82 - - [17/Sep/2021:10:51:49 +0800] "GET /xingrg/all/function/internal_message.html?_=1631846882727&CODE_STATE=getMsg HTTP/1.1" 200 27
116.238.168.124 - - [17/Sep/2021:10:51:50 +0800] "POST /xingrg/all/common/load_combo.html?type=base HTTP/1.1" 200 3060
120.253.135.82 - - [17/Sep/2021:10:51:50 +0800] "GET /xingrg/check_reg.html?_=1631847238110 HTTP/1.1" 200 22
116.237.74.154 - - [17/Sep/2021:10:51:50 +0800] "GET /xingrg/all/function/internal_message.html?_=1631847107120&CODE_STATE=getMsg HTTP/1.1" 200 27
116.230.105.26 - - [17/Sep/2021:10:51:51 +0800] "POST /xingrg/kc/buy/cgsh_order_operate.html HTTP/1.1" 200 37
120.253.135.82 - - [17/Sep/2021:10:51:51 +0800] "GET /xingrg/all/function/internal_message.html?_=1631847239036&CODE_STATE=getMsg HTTP/1.1" 200 27
116.228.172.94 - - [17/Sep/2021:10:51:51 +0800] "GET /xingrg/all/function/internal_message.html?_=1631847126375&CODE_STATE=getMsg HTTP/1.1" 200 27
222.70.246.151 - - [17/Sep/2021:10:51:52 +0800] "POST /xingrg/kc/buy/cgsh_order_operate.html HTTP/1.1" 200 2065
116.238.168.124 - - [17/Sep/2021:10:51:52 +0800] "POST /xingrg/all/common/load_combo.html?type=base HTTP/1.1" 200 3060
116.230.105.26 - - [17/Sep/2021:10:51:52 +0800] "POST /xingrg/kc/buy/cgsh_order_operate.html HTTP/1.1" 200 5064
116.237.74.154 - - [17/Sep/2021:10:51:52 +0800] "GET /xingrg/all/function/internal_message.html?_=1631847112212&CODE_STATE=getMsg HTTP/1.1" 200 27
101.83.145.79 - - [17/Sep/2021:10:51:54 +0800] "POST /xingrg/kc/buy/cgsh_order_operate.html HTTP/1.1" 200 37
116.230.105.26 - - [17/Sep/2021:10:51:54 +0800] "GET /xingrg/kc/print/load_data.html?order_code=212021091707250&kc_code=cgsh&condition= HTTP/1.1" 200 1620
101.83.145.79 - - [17/Sep/2021:10:51:56 +0800] "POST /xingrg/kc/buy/cgsh_order_operate.html HTTP/1.1" 200 3260
116.232.55.124 - - [17/Sep/2021:10:51:56 +0800] "GET /xingrg/all/function/internal_message.html?_=1631847118043&CODE_STATE=getMsg HTTP/1.1" 200 27
116.238.168.124 - - [17/Sep/2021:10:51:57 +0800] "GET /xingrg/kc/base/wldb_order_operate.html?command=get_materiel&rest_code=00102&base_code=0010476&code=00101019400 HTTP/1.1" 200 451
101.83.145.79 - - [17/Sep/2021:10:51:57 +0800] "GET /xingrg/kc/print/load_data.html?order_code=212021091707251&kc_code=cgsh&condition= HTTP/1.1" 200 977
222.70.246.151 - - [17/Sep/2021:10:51:59 +0800] "GET /xingrg/kc/buy/cgsh_order_operate.html?command=get_materiel&rest_code=00146&code=00101008360&supplier_code=00100005&order_time=2021-09-17 HTTP/1.1" 200 412
180.169.147.146 - - [17/Sep/2021:10:51:59 +0800] "GET /xingrg/all/function/internal_message.html?_=1631847155164&CODE_STATE=getMsg HTTP/1.1" 200 27
114.83.220.177 - - [17/Sep/2021:10:52:00 +0800] "GET /xingrg/all/function/internal_message.html?_=1631847119145&CODE_STATE=getMsg HTTP/1.1" 200 27
116.237.74.154 - - [17/Sep/2021:10:52:01 +0800] "GET /xingrg/kc/buy/cgsh_order_operate.html?command=get_materiel&rest_code=00106&code=00101008155&supplier_code=00100007&order_time=2021-09-17 HTTP/1.1" 200 408
116.230.105.26 - - [17/Sep/2021:10:52:02 +0800] "GET /xingrg/all/function/internal_message.html?_=1631847109100&CODE_STATE=getMsg HTTP/1.1" 200 27
117.184.7.30 - - [17/Sep/2021:10:52:02 +0800] "GET /xingrg/check_reg.html?_=1631847116158 HTTP/1.1" 200 22
117.184.7.30 - - [17/Sep/2021:10:52:02 +0800] "GET /xingrg/all/function/internal_message.html?_=1631847116160&CODE_STATE=getMsg HTTP/1.1" 200 27
116.238.168.124 - - [17/Sep/2021:10:52:02 +0800] "GET /xingrg/kc/base/wldb_order_operate.html?command=get_materiel&rest_code=00102&base_code=0010476&code=00101019222 HTTP/1.1" 200 453
116.230.105.26 - - [17/Sep/2021:10:52:05 +0800] "GET /xingrg/kc/buy/cgsh_order_add.html HTTP/1.1" 200 63450
116.230.105.26 - - [17/Sep/2021:10:52:05 +0800] "POST /xingrg/kc/buy/cgsh_order_operate.html HTTP/1.1" 200 8245
116.230.105.26 - - [17/Sep/2021:10:52:05 +0800] "GET /xingrg/javascript/easyui/themes/default/validatebox.css HTTP/1.1" 404 1104
101.83.145.79 - - [17/Sep/2021:10:52:07 +0800] "GET /xingrg/all/function/internal_message.html?_=1631847128663&CODE_STATE=getMsg HTTP/1.1" 200 27
116.237.74.154 - - [17/Sep/2021:10:52:09 +0800] "GET /xingrg/kc/buy/cgsh_order_operate.html?command=get_materiel&rest_code=00106&code=00101008149&supplier_code=00100007&order_time=2021-09-17 HTTP/1.1" 200 408
101.83.145.79 - - [17/Sep/2021:10:52:09 +0800] "GET /xingrg/kc/buy/cgsh_order_add.html HTTP/1.1" 200 63529
101.83.145.79 - - [17/Sep/2021:10:52:09 +0800] "GET /xingrg/javascript/easyui/themes/default/validatebox.css HTTP/1.1" 404 1104
101.83.145.79 - - [17/Sep/2021:10:52:09 +0800] "POST /xingrg/kc/buy/cgsh_order_operate.html HTTP/1.1" 200 8245
172.20.0.100 - - [17/Sep/2021:10:52:09 +0800] "GET /xingrg/all/function/internal_message.html?_=1631847130763&CODE_STATE=getMsg HTTP/1.1" 200 27
222.70.246.151 - - [17/Sep/2021:10:52:10 +0800] "GET /xingrg/all/function/internal_message.html?_=1631847148338&CODE_STATE=getMsg HTTP/1.1" 200 27
120.253.135.82 - - [17/Sep/2021:10:52:12 +0800] "GET /xingrg/all/function/internal_message.html?_=1631847151710&CODE_STATE=getMsg HTTP/1.1" 200 27
114.83.220.177 - - [17/Sep/2021:10:52:12 +0800] "GET /xingrg/all/function/internal_message.html?_=1631847131670&CODE_STATE=getMsg HTTP/1.1" 200 27
124.79.76.92 - - [17/Sep/2021:10:52:13 +0800] "GET /xingrg/all/function/internal_message.html?_=1631847135376&CODE_STATE=getMsg HTTP/1.1" 302 -
116.237.74.154 - - [17/Sep/2021:10:52:15 +0800] "GET /xingrg/kc/buy/cgsh_order_operate.html?command=get_materiel&rest_code=00106&code=00101008354&supplier_code=00100007&order_time=2021-09-17 HTTP/1.1" 200 412
116.230.105.26 - - [17/Sep/2021:10:52:15 +0800] "GET /xingrg/kc/buy/cgsh_order_operate.html?command=get_materiel&rest_code=00155&code=00101006001&supplier_code=00100404&order_time=2021-09-17 HTTP/1.1" 200 427
101.91.60.88 - - [17/Sep/2021:10:52:18 +0800] "GET /xingrg/kc/buy/cgsh_order_info.html?code=212021091707247 HTTP/1.1" 302 -
101.83.145.79 - - [17/Sep/2021:10:52:19 +0800] "GET /xingrg/kc/buy/cgsh_order_operate.html?command=get_materiel&rest_code=00105&code=00101002007&supplier_code=00100442&order_time=2021-09-17 HTTP/1.1" 200 409
101.91.60.88 - - [17/Sep/2021:10:52:19 +0800] "GET /xingrg/login.html HTTP/1.1" 200 7641
61.151.207.141 - - [17/Sep/2021:10:52:21 +0800] "GET /xingrg/kc/print/load_data.html?order_code=212021091707247&kc_code=cgsh&condition= HTTP/1.1" 302 -
61.151.207.141 - - [17/Sep/2021:10:52:21 +0800] "GET /xingrg/login.html HTTP/1.1" 200 7641
116.237.74.154 - - [17/Sep/2021:10:52:22 +0800] "GET /xingrg/kc/buy/cgsh_order_operate.html?command=get_materiel&rest_code=00106&code=00101008110&supplier_code=00100007&order_time=2021-09-17 HTTP/1.1" 200 408
180.169.147.146 - - [17/Sep/2021:10:52:25 +0800] "GET /xingrg/all/function/internal_message.html?_=1631847147637&CODE_STATE=getMsg HTTP/1.1" 200 27
180.169.147.146 - - [17/Sep/2021:10:52:26 +0800] "GET /xingrg/all/function/internal_message.html?_=1631847144283&CODE_STATE=getMsg HTTP/1.1" 200 27
116.230.105.26 - - [17/Sep/2021:10:52:27 +0800] "POST /xingrg/kc/buy/cgsh_order_operate.html HTTP/1.1" 200 37
116.230.105.26 - - [17/Sep/2021:10:52:27 +0800] "POST /xingrg/kc/buy/cgsh_order_operate.html HTTP/1.1" 200 2675
222.70.246.151 - - [17/Sep/2021:10:52:28 +0800] "GET /xingrg/kc/buy/cgsh_order_operate.html?command=get_materiel&rest_code=00146&code=00101008197&supplier_code=00100005&order_time=2021-09-17 HTTP/1.1" 200 416
116.230.105.26 - - [17/Sep/2021:10:52:28 +0800] "GET /xingrg/kc/print/load_data.html?order_code=212021091707252&kc_code=cgsh&condition= HTTP/1.1" 200 712
116.237.74.154 - - [17/Sep/2021:10:52:30 +0800] "POST /xingrg/kc/buy/cgsh_list_operate.html HTTP/1.1" 200 2056
124.79.246.142 - - [17/Sep/2021:10:52:30 +0800] "GET /xingrg/all/function/internal_message.html?_=1631847252874&CODE_STATE=getMsg HTTP/1.1" 200 27
124.79.246.142 - - [17/Sep/2021:10:52:30 +0800] "GET /xingrg/check_reg.html?_=1631847252875 HTTP/1.1" 200 22
116.237.74.154 - - [17/Sep/2021:10:52:31 +0800] "GET /xingrg/kc/buy/cgsh_order_operate.html?command=get_materiel&rest_code=00106&code=00101008038&supplier_code=00100007&order_time=2021-09-17 HTTP/1.1" 200 412
116.237.74.154 - - [17/Sep/2021:10:52:31 +0800] "POST /xingrg/kc/buy/cgsh_list_operate.html HTTP/1.1" 200 202
116.237.74.154 - - [17/Sep/2021:10:52:33 +0800] "GET /xingrg/kc/buy/cgsh_order_info.html?code=212021091707227 HTTP/1.1" 200 63493
116.237.74.154 - - [17/Sep/2021:10:52:33 +0800] "GET /xingrg/javascript/easyui/themes/default/validatebox.css HTTP/1.1" 404 1104
116.237.74.154 - - [17/Sep/2021:10:52:34 +0800] "POST /xingrg/kc/buy/cgsh_order_operate.html HTTP/1.1" 200 2661
116.237.74.154 - - [17/Sep/2021:10:52:35 +0800] "POST /xingrg/kc/buy/cgsh_list_operate.html HTTP/1.1" 200 2056
116.230.105.26 - - [17/Sep/2021:10:52:35 +0800] "GET /xingrg/kc/buy/cgsh_order_add.html HTTP/1.1" 200 63450
116.230.105.26 - - [17/Sep/2021:10:52:35 +0800] "POST /xingrg/kc/buy/cgsh_order_operate.html HTTP/1.1" 200 8245
116.230.105.26 - - [17/Sep/2021:10:52:35 +0800] "GET /xingrg/javascript/easyui/themes/default/validatebox.css HTTP/1.1" 404 1104
101.83.145.79 - - [17/Sep/2021:10:52:37 +0800] "GET /xingrg/kc/buy/cgsh_order_operate.html?command=get_materiel&rest_code=00105&code=00101002041&supplier_code=00100442&order_time=2021-09-17 HTTP/1.1" 200 409
116.237.74.154 - - [17/Sep/2021:10:52:39 +0800] "GET /xingrg/kc/buy/cgsh_order_operate.html?command=get_materiel&rest_code=00106&code=00101008283&supplier_code=00100007&order_time=2021-09-17 HTTP/1.1" 200 408
58.221.95.50 - - [17/Sep/2021:10:52:39 +0800] "GET /xingrg/check_reg.html?_=1631847160895 HTTP/1.1" 302 -
116.238.168.124 - - [17/Sep/2021:10:52:40 +0800] "GET /xingrg/kc/base/wldb_order_operate.html?command=get_materiel&rest_code=00102&base_code=0010476&code=00101019134 HTTP/1.1" 200 466
116.237.74.154 - - [17/Sep/2021:10:52:40 +0800] "POST /xingrg/kc/buy/cgsh_order_operate.html HTTP/1.1" 200 37
116.238.248.233 - - [17/Sep/2021:10:52:40 +0800] "GET /xingrg/all/function/internal_message.html?_=1631847160411&CODE_STATE=getMsg HTTP/1.1" 200 27
116.237.74.154 - - [17/Sep/2021:10:52:43 +0800] "POST /xingrg/kc/buy/cgsh_order_operate.html HTTP/1.1" 200 12
58.40.7.146 - - [17/Sep/2021:10:52:44 +0800] "GET /xingrg/all/function/internal_message.html?_=1631847164503&CODE_STATE=getMsg HTTP/1.1" 200 27
116.237.74.154 - - [17/Sep/2021:10:52:44 +0800] "GET /xingrg/kc/buy/cgsh_order_info.html?code=212021091707227 HTTP/1.1" 200 58393
116.237.74.154 - - [17/Sep/2021:10:52:44 +0800] "GET /xingrg/javascript/easyui/themes/default/validatebox.css HTTP/1.1" 404 1104
116.237.74.154 - - [17/Sep/2021:10:52:45 +0800] "POST /xingrg/kc/buy/cgsh_order_operate.html HTTP/1.1" 200 611
116.230.105.26 - - [17/Sep/2021:10:52:45 +0800] "GET /xingrg/kc/buy/cgsh_order_operate.html?command=get_materiel&rest_code=00155&code=00101007032&supplier_code=00100328&order_time=2021-09-17 HTTP/1.1" 200 413
116.237.74.154 - - [17/Sep/2021:10:52:45 +0800] "GET /xingrg/kc/buy/cgsh_order_operate.html?command=get_materiel&rest_code=00106&code=00101008163&supplier_code=00100007&order_time=2021-09-17 HTTP/1.1" 200 409
101.83.145.79 - - [17/Sep/2021:10:52:46 +0800] "GET /xingrg/kc/buy/cgsh_order_operate.html?command=get_materiel&rest_code=00105&code=00101010719&supplier_code=00100442&order_time=2021-09-17 HTTP/1.1" 200 392
120.253.135.82 - - [17/Sep/2021:10:52:46 +0800] "GET /xingrg/check_reg.html?_=1631847186068 HTTP/1.1" 200 22
116.238.168.124 - - [17/Sep/2021:10:52:47 +0800] "GET /xingrg/kc/base/wldb_order_operate.html?command=get_materiel&rest_code=00102&base_code=0010476&code=00101019066 HTTP/1.1" 200 441
116.237.74.154 - - [17/Sep/2021:10:52:47 +0800] "GET /xingrg/kc/print/load_data.html?order_code=212021091707227&kc_code=cgsh&condition= HTTP/1.1" 200 783
222.70.246.151 - - [17/Sep/2021:10:52:47 +0800] "GET /xingrg/kc/buy/cgsh_order_operate.html?command=get_materiel&rest_code=00146&code=00101008013&supplier_code=00100005&order_time=2021-09-17 HTTP/1.1" 200 408
222.70.179.190 - - [17/Sep/2021:10:52:48 +0800] "GET /xingrg/all/function/internal_message.html?_=1631847159314&CODE_STATE=getMsg HTTP/1.1" 200 27
116.238.168.124 - - [17/Sep/2021:10:52:49 +0800] "GET /xingrg/all/function/internal_message.html?_=1631847147540&CODE_STATE=getMsg HTTP/1.1" 200 27
120.253.135.82 - - [17/Sep/2021:10:52:49 +0800] "GET /xingrg/all/function/internal_message.html?_=1631846942742&CODE_STATE=getMsg HTTP/1.1" 200 27
116.237.74.154 - - [17/Sep/2021:10:52:50 +0800] "GET /xingrg/all/function/internal_message.html?_=1631847167089&CODE_STATE=getMsg HTTP/1.1" 200 27
120.253.135.82 - - [17/Sep/2021:10:52:51 +0800] "GET /xingrg/all/function/internal_message.html?_=1631847299050&CODE_STATE=getMsg HTTP/1.1" 200 27
116.228.172.94 - - [17/Sep/2021:10:52:51 +0800] "GET /xingrg/all/function/internal_message.html?_=1631847186349&CODE_STATE=getMsg HTTP/1.1" 200 27
116.237.74.154 - - [17/Sep/2021:10:52:52 +0800] "GET /xingrg/all/function/internal_message.html?_=1631847172188&CODE_STATE=getMsg HTTP/1.1" 200 27
101.83.145.79 - - [17/Sep/2021:10:52:53 +0800] "POST /xingrg/kc/buy/cgsh_order_operate.html HTTP/1.1" 200 37
116.238.168.124 - - [17/Sep/2021:10:52:53 +0800] "GET /xingrg/kc/base/wldb_order_operate.html?command=get_materiel&rest_code=00102&base_code=0010476&code=00101019127 HTTP/1.1" 200 466
116.230.105.26 - - [17/Sep/2021:10:52:55 +0800] "POST /xingrg/kc/buy/cgsh_order_operate.html HTTP/1.1" 200 37
116.237.74.154 - - [17/Sep/2021:10:52:55 +0800] "GET /xingrg/kc/buy/cgsh_order_operate.html?command=get_materiel&rest_code=00106&code=00101008361&supplier_code=00100007&order_time=2021-09-17 HTTP/1.1" 200 408
101.83.145.79 - - [17/Sep/2021:10:52:55 +0800] "POST /xingrg/kc/buy/cgsh_order_operate.html HTTP/1.1" 200 3832
116.232.55.124 - - [17/Sep/2021:10:52:56 +0800] "GET /xingrg/all/function/internal_message.html?_=1631847178046&CODE_STATE=getMsg HTTP/1.1" 200 27
116.230.105.26 - - [17/Sep/2021:10:52:56 +0800] "POST /xingrg/kc/buy/cgsh_order_operate.html HTTP/1.1" 200 2658
101.83.145.79 - - [17/Sep/2021:10:52:56 +0800] "GET /xingrg/kc/print/load_data.html?order_code=212021091707253&kc_code=cgsh&condition= HTTP/1.1" 200 1108
116.230.105.26 - - [17/Sep/2021:10:52:57 +0800] "GET /xingrg/kc/print/load_data.html?order_code=212021091707254&kc_code=cgsh&condition= HTTP/1.1" 200 680
116.238.168.124 - - [17/Sep/2021:10:52:58 +0800] "GET /xingrg/kc/base/wldb_order_operate.html?command=get_materiel&rest_code=00102&base_code=0010476&code=00101019111 HTTP/1.1" 200 453
116.237.74.154 - - [17/Sep/2021:10:52:59 +0800] "POST /xingrg/kc/buy/cgsh_list_operate.html HTTP/1.1" 200 1689
180.169.147.146 - - [17/Sep/2021:10:52:59 +0800] "GET /xingrg/check_reg.html?_=1631847215166 HTTP/1.1" 200 22
180.169.147.146 - - [17/Sep/2021:10:52:59 +0800] "GET /xingrg/all/function/internal_message.html?_=1631847215168&CODE_STATE=getMsg HTTP/1.1" 200 27
61.151.178.180 - - [17/Sep/2021:10:52:59 +0800] "GET /xingrg/kc/buy/cgsh_order_operate.html?command=get_materiel&rest_code=00106&code=00101008155&supplier_code=00100007&order_time=2021-09-17 HTTP/1.1" 302 -
61.151.178.180 - - [17/Sep/2021:10:52:59 +0800] "GET /xingrg/login.html HTTP/1.1" 200 7641
114.83.220.177 - - [17/Sep/2021:10:53:00 +0800] "GET /xingrg/all/function/internal_message.html?_=1631847179145&CODE_STATE=getMsg HTTP/1.1" 200 27
101.83.145.79 - - [17/Sep/2021:10:53:00 +0800] "GET /xingrg/kc/buy/cgsh_order_add.html HTTP/1.1" 200 63529
101.83.145.79 - - [17/Sep/2021:10:53:01 +0800] "POST /xingrg/kc/buy/cgsh_order_operate.html HTTP/1.1" 200 8245
101.83.145.79 - - [17/Sep/2021:10:53:01 +0800] "GET /xingrg/javascript/easyui/themes/default/validatebox.css HTTP/1.1" 404 1104
116.237.74.154 - - [17/Sep/2021:10:53:01 +0800] "POST /xingrg/kc/buy/cgsh_list_operate.html HTTP/1.1" 200 287
222.70.246.151 - - [17/Sep/2021:10:53:01 +0800] "GET /xingrg/kc/buy/cgsh_order_operate.html?command=get_materiel&rest_code=00146&code=00101008033&supplier_code=00100005&order_time=2021-09-17 HTTP/1.1" 200 408
116.237.74.154 - - [17/Sep/2021:10:53:02 +0800] "GET /xingrg/kc/buy/cgsh_order_operate.html?command=get_materiel&rest_code=00106&code=00101008148&supplier_code=00100007&order_time=2021-09-17 HTTP/1.1" 200 416
116.230.105.26 - - [17/Sep/2021:10:53:02 +0800] "GET /xingrg/all/function/internal_message.html?_=1631847169107&CODE_STATE=getMsg HTTP/1.1" 200 27
117.184.7.30 - - [17/Sep/2021:10:53:02 +0800] "GET /xingrg/all/function/internal_message.html?_=1631847176160&CODE_STATE=getMsg HTTP/1.1" 200 27
116.237.74.154 - - [17/Sep/2021:10:53:02 +0800] "GET /xingrg/kc/buy/cgsh_order_info.html?code=212021091707230 HTTP/1.1" 200 63493
116.237.74.154 - - [17/Sep/2021:10:53:02 +0800] "GET /xingrg/javascript/easyui/themes/default/validatebox.css HTTP/1.1" 404 1104
116.237.74.154 - - [17/Sep/2021:10:53:03 +0800] "POST /xingrg/kc/buy/cgsh_order_operate.html HTTP/1.1" 200 3268
222.70.246.151 - - [17/Sep/2021:10:53:04 +0800] "POST /xingrg/kc/buy/cgsh_order_operate.html HTTP/1.1" 200 2065
116.237.74.154 - - [17/Sep/2021:10:53:04 +0800] "POST /xingrg/kc/buy/cgsh_list_operate.html HTTP/1.1" 200 1689
116.230.105.26 - - [17/Sep/2021:10:53:06 +0800] "GET /xingrg/kc/buy/cgsh_order_add.html HTTP/1.1" 200 63450
116.230.105.26 - - [17/Sep/2021:10:53:06 +0800] "GET /xingrg/words/20210917102058_words.js HTTP/1.1" 304 -
116.230.105.26 - - [17/Sep/2021:10:53:06 +0800] "POST /xingrg/kc/buy/cgsh_order_operate.html HTTP/1.1" 200 8245
116.230.105.26 - - [17/Sep/2021:10:53:06 +0800] "GET /xingrg/javascript/easyui/themes/default/validatebox.css HTTP/1.1" 404 1104
101.89.29.78 - - [17/Sep/2021:10:53:06 +0800] "GET /xingrg/kc/buy/cgsh_order_operate.html?command=get_materiel&rest_code=00106&code=00101008149&supplier_code=00100007&order_time=2021-09-17 HTTP/1.1" 302 -
101.89.29.78 - - [17/Sep/2021:10:53:07 +0800] "GET /xingrg/login.html HTTP/1.1" 200 7641
101.83.145.79 - - [17/Sep/2021:10:53:07 +0800] "GET /xingrg/all/function/internal_message.html?_=1631847188632&CODE_STATE=getMsg HTTP/1.1" 200 27
101.83.145.79 - - [17/Sep/2021:10:53:09 +0800] "GET /xingrg/kc/buy/cgsh_order_operate.html?command=get_materiel&rest_code=00105&code=00101003003&supplier_code=00100088&order_time=2021-09-17 HTTP/1.1" 200 416
116.237.74.154 - - [17/Sep/2021:10:53:09 +0800] "GET /xingrg/kc/buy/cgsh_order_operate.html?command=get_materiel&rest_code=00106&code=00101008004&supplier_code=00100007&order_time=2021-09-17 HTTP/1.1" 200 416
172.20.0.100 - - [17/Sep/2021:10:53:09 +0800] "GET /xingrg/all/function/internal_message.html?_=1631847190753&CODE_STATE=getMsg HTTP/1.1" 200 27
222.70.246.151 - - [17/Sep/2021:10:53:10 +0800] "GET /xingrg/all/function/internal_message.html?_=1631847208352&CODE_STATE=getMsg HTTP/1.1" 200 27
120.253.135.82 - - [17/Sep/2021:10:53:12 +0800] "GET /xingrg/all/function/internal_message.html?_=1631847211730&CODE_STATE=getMsg HTTP/1.1" 200 27
116.237.74.154 - - [17/Sep/2021:10:53:12 +0800] "POST /xingrg/kc/buy/cgsh_order_operate.html HTTP/1.1" 200 37
114.83.220.177 - - [17/Sep/2021:10:53:12 +0800] "GET /xingrg/all/function/internal_message.html?_=1631847191655&CODE_STATE=getMsg HTTP/1.1" 200 27
114.83.220.177 - - [17/Sep/2021:10:53:12 +0800] "GET /xingrg/check_reg.html?_=1631847191689 HTTP/1.1" 200 22
61.151.178.165 - - [17/Sep/2021:10:53:12 +0800] "GET /xingrg/kc/buy/cgsh_order_operate.html?command=get_materiel&rest_code=00106&code=00101008354&supplier_code=00100007&order_time=2021-09-17 HTTP/1.1" 302 -
124.79.76.92 - - [17/Sep/2021:10:53:13 +0800] "GET /xingrg/all/function/internal_message.html?_=1631847195377&CODE_STATE=getMsg HTTP/1.1" 302 -
61.151.178.165 - - [17/Sep/2021:10:53:13 +0800] "GET /xingrg/login.html HTTP/1.1" 200 7641
116.230.105.26 - - [17/Sep/2021:10:53:14 +0800] "GET /xingrg/kc/buy/cgsh_order_operate.html?command=get_materiel&rest_code=00155&code=00101010696&supplier_code=00100326&order_time=2021-09-17 HTTP/1.1" 200 398
116.238.168.124 - - [17/Sep/2021:10:53:15 +0800] "POST /xingrg/kc/base/wldb_order_operate.html HTTP/1.1" 200 37
116.237.74.154 - - [17/Sep/2021:10:53:15 +0800] "POST /xingrg/kc/buy/cgsh_order_operate.html HTTP/1.1" 200 12
116.237.74.154 - - [17/Sep/2021:10:53:16 +0800] "GET /xingrg/kc/buy/cgsh_order_info.html?code=212021091707230 HTTP/1.1" 200 58393
116.237.74.154 - - [17/Sep/2021:10:53:16 +0800] "GET /xingrg/javascript/easyui/themes/default/validatebox.css HTTP/1.1" 404 1104
116.237.74.154 - - [17/Sep/2021:10:53:16 +0800] "GET /xingrg/kc/buy/cgsh_order_operate.html?command=get_materiel&rest_code=00106&code=00101008264&supplier_code=00100007&order_time=2021-09-17 HTTP/1.1" 200 412
116.237.74.154 - - [17/Sep/2021:10:53:17 +0800] "POST /xingrg/kc/buy/cgsh_order_operate.html HTTP/1.1" 200 1218
116.238.168.124 - - [17/Sep/2021:10:53:17 +0800] "POST /xingrg/kc/base/wldb_order_operate.html HTTP/1.1" 200 12
116.238.168.124 - - [17/Sep/2021:10:53:17 +0800] "POST /xingrg/kc/base/wldb_order_operate.html HTTP/1.1" 200 4710
116.237.74.154 - - [17/Sep/2021:10:53:19 +0800] "GET /xingrg/kc/print/load_data.html?order_code=212021091707230&kc_code=cgsh&condition= HTTP/1.1" 200 942
222.70.246.151 - - [17/Sep/2021:10:53:20 +0800] "GET /xingrg/kc/buy/cgsh_order_operate.html?command=get_materiel&rest_code=00146&code=00101008069&supplier_code=00100005&order_time=2021-09-17 HTTP/1.1" 200 412
101.83.145.79 - - [17/Sep/2021:10:53:20 +0800] "GET /xingrg/kc/buy/cgsh_order_operate.html?command=get_materiel&rest_code=00105&code=00101002042&supplier_code=00100088&order_time=2021-09-17 HTTP/1.1" 200 416
101.89.239.245 - - [17/Sep/2021:10:53:21 +0800] "GET /xingrg/kc/buy/cgsh_order_operate.html?command=get_materiel&rest_code=00106&code=00101008110&supplier_code=00100007&order_time=2021-09-17 HTTP/1.1" 302 -
101.89.239.245 - - [17/Sep/2021:10:53:22 +0800] "GET /xingrg/login.html HTTP/1.1" 200 7641
116.238.168.124 - - [17/Sep/2021:10:53:23 +0800] "GET /xingrg/kc/base/wldb_order_info.html?code=422021091701826 HTTP/1.1" 200 26311
116.237.74.154 - - [17/Sep/2021:10:53:24 +0800] "GET /xingrg/kc/buy/cgsh_order_operate.html?command=get_materiel&rest_code=00106&code=00101008356&supplier_code=00100007&order_time=2021-09-17 HTTP/1.1" 200 408
116.230.105.26 - - [17/Sep/2021:10:53:24 +0800] "GET /xingrg/kc/buy/cgsh_order_operate.html?command=get_materiel&rest_code=00155&code=00101007111&supplier_code=00100326&order_time=2021-09-17 HTTP/1.1" 200 417
180.169.147.146 - - [17/Sep/2021:10:53:25 +0800] "GET /xingrg/all/function/internal_message.html?_=1631847207638&CODE_STATE=getMsg HTTP/1.1" 200 27
116.238.168.124 - - [17/Sep/2021:10:53:25 +0800] "POST /xingrg/kc/base/wldb_order_operate.html HTTP/1.1" 200 2948
116.238.168.124 - - [17/Sep/2021:10:53:25 +0800] "GET /xingrg/javascript/easyui/themes/default/validatebox.css HTTP/1.1" 404 1104
180.169.147.146 - - [17/Sep/2021:10:53:26 +0800] "GET /xingrg/all/function/internal_message.html?_=1631847204268&CODE_STATE=getMsg HTTP/1.1" 200 27
222.70.246.151 - - [17/Sep/2021:10:53:28 +0800] "GET /xingrg/check_reg.html?_=1631847225764 HTTP/1.1" 200 22
116.238.168.124 - - [17/Sep/2021:10:53:28 +0800] "GET /xingrg/kc/base/wldb_order_add.html HTTP/1.1" 200 30434
61.151.207.205 - - [17/Sep/2021:10:53:28 +0800] "GET /xingrg/kc/buy/cgsh_order_operate.html?command=get_materiel&rest_code=00106&code=00101008038&supplier_code=00100007&order_time=2021-09-17 HTTP/1.1" 302 -
61.151.207.205 - - [17/Sep/2021:10:53:29 +0800] "GET /xingrg/login.html HTTP/1.1" 200 7641
116.230.105.26 - - [17/Sep/2021:10:53:29 +0800] "POST /xingrg/kc/buy/cgsh_order_operate.html HTTP/1.1" 200 37
116.238.168.124 - - [17/Sep/2021:10:53:30 +0800] "POST /xingrg/kc/base/wldb_order_operate.html HTTP/1.1" 200 6806
116.238.168.124 - - [17/Sep/2021:10:53:30 +0800] "GET /xingrg/javascript/easyui/themes/default/validatebox.css HTTP/1.1" 404 1104
124.79.246.142 - - [17/Sep/2021:10:53:30 +0800] "GET /xingrg/all/function/internal_message.html?_=1631847312873&CODE_STATE=getMsg HTTP/1.1" 200 27
116.237.74.154 - - [17/Sep/2021:10:53:30 +0800] "GET /xingrg/kc/buy/cgsh_order_operate.html?command=get_materiel&rest_code=00106&code=00101008439&supplier_code=00100007&order_time=2021-09-17 HTTP/1.1" 200 399
116.230.105.26 - - [17/Sep/2021:10:53:31 +0800] "POST /xingrg/kc/buy/cgsh_order_operate.html HTTP/1.1" 200 3254
116.230.105.26 - - [17/Sep/2021:10:53:32 +0800] "GET /xingrg/kc/print/load_data.html?order_code=212021091707255&kc_code=cgsh&condition= HTTP/1.1" 200 915
101.83.145.79 - - [17/Sep/2021:10:53:33 +0800] "GET /xingrg/kc/buy/cgsh_order_operate.html?command=get_materiel&rest_code=00105&code=00101003041&supplier_code=00100088&order_time=2021-09-17 HTTP/1.1" 200 416
116.230.105.26 - - [17/Sep/2021:10:53:36 +0800] "GET /xingrg/kc/buy/cgsh_order_add.html HTTP/1.1" 200 63450
116.230.105.26 - - [17/Sep/2021:10:53:37 +0800] "POST /xingrg/kc/buy/cgsh_order_operate.html HTTP/1.1" 200 8245
116.230.105.26 - - [17/Sep/2021:10:53:37 +0800] "GET /xingrg/javascript/easyui/themes/default/validatebox.css HTTP/1.1" 404 1104
116.237.74.154 - - [17/Sep/2021:10:53:39 +0800] "GET /xingrg/kc/buy/cgsh_order_operate.html?command=get_materiel&rest_code=00106&code=00101008137&supplier_code=00100007&order_time=2021-09-17 HTTP/1.1" 200 408
116.238.248.233 - - [17/Sep/2021:10:53:40 +0800] "GET /xingrg/all/function/internal_message.html?_=1631847220397&CODE_STATE=getMsg HTTP/1.1" 200 27
116.238.248.233 - - [17/Sep/2021:10:53:41 +0800] "GET /xingrg/check_reg.html?_=1631847221278 HTTP/1.1" 200 22
116.237.74.154 - - [17/Sep/2021:10:53:41 +0800] "GET /xingrg/kc/buy/cgsh_order_add.html HTTP/1.1" 200 63482
116.237.74.154 - - [17/Sep/2021:10:53:42 +0800] "POST /xingrg/kc/buy/cgsh_order_operate.html HTTP/1.1" 200 8245
116.237.74.154 - - [17/Sep/2021:10:53:42 +0800] "GET /xingrg/javascript/easyui/themes/default/validatebox.css HTTP/1.1" 404 1104
116.238.168.124 - - [17/Sep/2021:10:53:42 +0800] "POST /xingrg/all/common/load_combo.html?type=base HTTP/1.1" 200 3060
58.40.7.146 - - [17/Sep/2021:10:53:44 +0800] "GET /xingrg/all/function/internal_message.html?_=1631847224505&CODE_STATE=getMsg HTTP/1.1" 200 27
116.237.74.154 - - [17/Sep/2021:10:53:44 +0800] "GET /xingrg/javascript/easyui/themes/default/tree.css HTTP/1.1" 404 1090
116.237.74.154 - - [17/Sep/2021:10:53:44 +0800] "POST /xingrg/all/common/load_tree.html?tree=supplier_tree_json&isDelete=1 HTTP/1.1" 200 57803
116.230.105.26 - - [17/Sep/2021:10:53:45 +0800] "GET /xingrg/kc/buy/cgsh_order_operate.html?command=get_materiel&rest_code=00155&code=00102002504&supplier_code=00100327&order_time=2021-09-17 HTTP/1.1" 200 417
222.70.246.151 - - [17/Sep/2021:10:53:47 +0800] "POST /xingrg/kc/buy/cgsh_order_operate.html HTTP/1.1" 200 2065
101.83.145.79 - - [17/Sep/2021:10:53:48 +0800] "POST /xingrg/kc/buy/cgsh_order_operate.html HTTP/1.1" 200 37
222.70.179.190 - - [17/Sep/2021:10:53:48 +0800] "GET /xingrg/all/function/internal_message.html?_=1631847219297&CODE_STATE=getMsg HTTP/1.1" 200 27
116.228.172.94 - - [17/Sep/2021:10:53:48 +0800] "GET /xingrg/check_reg.html?_=1631847243367 HTTP/1.1" 200 22
222.70.179.190 - - [17/Sep/2021:10:53:49 +0800] "GET /xingrg/check_reg.html?_=1631847220095 HTTP/1.1" 200 22
116.238.168.124 - - [17/Sep/2021:10:53:49 +0800] "POST /xingrg/all/common/load_combo.html?type=base HTTP/1.1" 200 3060
116.238.168.124 - - [17/Sep/2021:10:53:49 +0800] "GET /xingrg/all/function/internal_message.html?_=1631847207684&CODE_STATE=getMsg HTTP/1.1" 200 27
120.253.135.82 - - [17/Sep/2021:10:53:49 +0800] "GET /xingrg/check_reg.html?_=1631847002553 HTTP/1.1" 200 22
120.253.135.82 - - [17/Sep/2021:10:53:49 +0800] "GET /xingrg/all/function/internal_message.html?_=1631847002756&CODE_STATE=getMsg HTTP/1.1" 200 27
61.151.178.165 - - [17/Sep/2021:10:53:50 +0800] "GET /xingrg/all/function/internal_message.html?_=1631847167089&CODE_STATE=getMsg HTTP/1.1" 302 -
58.40.7.146 - - [17/Sep/2021:10:53:50 +0800] "POST /xingrg/services/DataTransmitService HTTP/1.1" 200 524
116.237.74.154 - - [17/Sep/2021:10:53:50 +0800] "GET /xingrg/all/function/internal_message.html?_=1631847227104&CODE_STATE=getMsg HTTP/1.1" 200 27
61.151.207.158 - - [17/Sep/2021:10:53:51 +0800] "GET /xingrg/kc/buy/cgsh_order_operate.html?command=get_materiel&rest_code=00106&code=00101008361&supplier_code=00100007&order_time=2021-09-17 HTTP/1.1" 302 -
120.253.135.82 - - [17/Sep/2021:10:53:51 +0800] "GET /xingrg/all/function/internal_message.html?_=1631847359063&CODE_STATE=getMsg HTTP/1.1" 200 27
61.151.178.165 - - [17/Sep/2021:10:53:51 +0800] "GET /xingrg/login.html HTTP/1.1" 200 7641
116.228.172.94 - - [17/Sep/2021:10:53:51 +0800] "GET /xingrg/all/function/internal_message.html?_=1631847246325&CODE_STATE=getMsg HTTP/1.1" 200 27
61.151.207.158 - - [17/Sep/2021:10:53:51 +0800] "GET /xingrg/login.html HTTP/1.1" 200 7641
116.237.74.154 - - [17/Sep/2021:10:53:52 +0800] "GET /xingrg/all/function/internal_message.html?_=1631847232174&CODE_STATE=getMsg HTTP/1.1" 200 27
116.230.105.26 - - [17/Sep/2021:10:53:53 +0800] "POST /xingrg/kc/buy/cgsh_order_operate.html HTTP/1.1" 200 37
101.83.145.79 - - [17/Sep/2021:10:53:53 +0800] "POST /xingrg/kc/buy/cgsh_order_operate.html HTTP/1.1" 200 3259
116.230.105.26 - - [17/Sep/2021:10:53:54 +0800] "POST /xingrg/kc/buy/cgsh_order_operate.html HTTP/1.1" 200 2660
101.83.145.79 - - [17/Sep/2021:10:53:55 +0800] "GET /xingrg/kc/print/load_data.html?order_code=212021091707256&kc_code=cgsh&condition= HTTP/1.1" 200 980
116.230.105.26 - - [17/Sep/2021:10:53:55 +0800] "GET /xingrg/kc/print/load_data.html?order_code=212021091707257&kc_code=cgsh&condition= HTTP/1.1" 200 672
222.70.246.151 - - [17/Sep/2021:10:53:56 +0800] "GET /xingrg/kc/buy/cgsh_order_operate.html?command=get_materiel&rest_code=00146&code=00101008318&supplier_code=00100005&order_time=2021-09-17 HTTP/1.1" 200 408
116.232.55.124 - - [17/Sep/2021:10:53:56 +0800] "GET /xingrg/all/function/internal_message.html?_=1631847238048&CODE_STATE=getMsg HTTP/1.1" 200 27
116.238.168.124 - - [17/Sep/2021:10:53:57 +0800] "GET /xingrg/kc/base/wldb_order_operate.html?command=get_materiel&rest_code=00102&base_code=0010479&code=00101025014 HTTP/1.1" 200 463
101.83.145.79 - - [17/Sep/2021:10:53:58 +0800] "GET /xingrg/kc/buy/cgsh_order_add.html HTTP/1.1" 200 63529
101.83.145.79 - - [17/Sep/2021:10:53:58 +0800] "GET /xingrg/javascript/easyui/themes/default/validatebox.css HTTP/1.1" 404 1104
101.83.145.79 - - [17/Sep/2021:10:53:58 +0800] "POST /xingrg/kc/buy/cgsh_order_operate.html HTTP/1.1" 200 8245
180.169.147.146 - - [17/Sep/2021:10:53:59 +0800] "GET /xingrg/all/function/internal_message.html?_=1631847275166&CODE_STATE=getMsg HTTP/1.1" 200 27
114.83.220.177 - - [17/Sep/2021:10:54:00 +0800] "GET /xingrg/all/function/internal_message.html?_=1631847239160&CODE_STATE=getMsg HTTP/1.1" 200 27
116.230.105.26 - - [17/Sep/2021:10:54:00 +0800] "GET /xingrg/kc/buy/cgsh_order_add.html HTTP/1.1" 200 63450
116.238.248.233 - - [17/Sep/2021:10:54:01 +0800] "GET /xingrg/images/yd/bt2.gif HTTP/1.1" 404 1042
116.230.105.26 - - [17/Sep/2021:10:54:01 +0800] "POST /xingrg/kc/buy/cgsh_order_operate.html HTTP/1.1" 200 8245
116.230.105.26 - - [17/Sep/2021:10:54:01 +0800] "GET /xingrg/javascript/easyui/themes/default/validatebox.css HTTP/1.1" 404 1104
116.230.105.26 - - [17/Sep/2021:10:54:02 +0800] "GET /xingrg/all/function/internal_message.html?_=1631847229097&CODE_STATE=getMsg HTTP/1.1" 200 27
117.184.7.30 - - [17/Sep/2021:10:54:02 +0800] "GET /xingrg/all/function/internal_message.html?_=1631847236160&CODE_STATE=getMsg HTTP/1.1" 200 27
116.238.248.233 - - [17/Sep/2021:10:54:03 +0800] "POST /xingrg/dwr/call/plaincall/AjaxCgthService.saveOrder.dwr HTTP/1.1" 200 78
116.237.74.154 - - [17/Sep/2021:10:54:05 +0800] "GET /xingrg/kc/buy/cgsh_order_operate.html?command=get_materiel&rest_code=00106&code=00101007032&supplier_code=00100328&order_time=2021-09-17 HTTP/1.1" 200 413
101.83.145.79 - - [17/Sep/2021:10:54:07 +0800] "GET /xingrg/all/function/internal_message.html?_=1631847248659&CODE_STATE=getMsg HTTP/1.1" 200 27
222.70.246.151 - - [17/Sep/2021:10:54:07 +0800] "GET /xingrg/kc/buy/cgsh_order_operate.html?command=get_materiel&rest_code=00146&code=00101008352&supplier_code=00100005&order_time=2021-09-17 HTTP/1.1" 200 412
116.237.74.154 - - [17/Sep/2021:10:54:08 +0800] "GET /xingrg/kc/buy/cgsh_order_operate.html?command=get_materiel&rest_code=00106&code=00101008360&supplier_code=00100007&order_time=2021-09-17 HTTP/1.1" 200 412
116.238.248.233 - - [17/Sep/2021:10:54:08 +0800] "POST /xingrg/dwr/call/plaincall/AjaxCgthService.checkOrder.dwr HTTP/1.1" 200 78
172.20.0.100 - - [17/Sep/2021:10:54:09 +0800] "GET /xingrg/all/function/internal_message.html?_=1631847250751&CODE_STATE=getMsg HTTP/1.1" 200 27
101.83.145.79 - - [17/Sep/2021:10:54:09 +0800] "GET /xingrg/kc/buy/cgsh_order_operate.html?command=get_materiel&rest_code=00105&code=00101001115&supplier_code=00100089&order_time=2021-09-17 HTTP/1.1" 200 415
116.238.248.233 - - [17/Sep/2021:10:54:10 +0800] "GET /xingrg/kc/buy/cgth_order_info.html?code=232021091700016&part=buyck HTTP/1.1" 200 63016
116.238.248.233 - - [17/Sep/2021:10:54:10 +0800] "GET /xingrg/dwr/interface/AjaxComOrderService.js HTTP/1.1" 200 18264
116.238.248.233 - - [17/Sep/2021:10:54:10 +0800] "GET /xingrg/dwr/interface/AjaxCgthService.js HTTP/1.1" 200 14519
116.238.248.233 - - [17/Sep/2021:10:54:10 +0800] "GET /xingrg/dwr/engine.js HTTP/1.1" 200 43631
116.238.168.124 - - [17/Sep/2021:10:54:10 +0800] "GET /xingrg/kc/base/wldb_order_operate.html?command=get_materiel&rest_code=00102&base_code=0010480&code=00101025014 HTTP/1.1" 200 463
222.70.246.151 - - [17/Sep/2021:10:54:10 +0800] "GET /xingrg/all/function/internal_message.html?_=1631847268366&CODE_STATE=getMsg HTTP/1.1" 200 27
116.238.248.233 - - [17/Sep/2021:10:54:10 +0800] "POST /xingrg/all/common/load_tree.html?tree=supplier_tree_json&isDelete=1 HTTP/1.1" 200 57803
120.253.135.82 - - [17/Sep/2021:10:54:11 +0800] "GET /xingrg/kc/pszx/mdqp_order_list.html?state=10 HTTP/1.1" 200 10217
120.253.135.82 - - [17/Sep/2021:10:54:11 +0800] "GET /xingrg/dwr/interface/AjaxReportQueryService.js HTTP/1.1" 200 13203
120.253.135.82 - - [17/Sep/2021:10:54:11 +0800] "GET /xingrg/dwr/interface/AjaxQqpsService.js HTTP/1.1" 200 16326
120.253.135.82 - - [17/Sep/2021:10:54:11 +0800] "GET /xingrg/dwr/engine.js HTTP/1.1" 200 43631
116.238.248.233 - - [17/Sep/2021:10:54:11 +0800] "POST /xingrg/dwr/call/plaincall/AjaxCgthService.loadMaterielItems.dwr HTTP/1.1" 200 1758
120.253.135.82 - - [17/Sep/2021:10:54:12 +0800] "GET /xingrg/all/function/internal_message.html?_=1631847271745&CODE_STATE=getMsg HTTP/1.1" 200 27
114.83.220.177 - - [17/Sep/2021:10:54:12 +0800] "GET /xingrg/all/function/internal_message.html?_=1631847251641&CODE_STATE=getMsg HTTP/1.1" 200 27
116.230.105.26 - - [17/Sep/2021:10:54:12 +0800] "GET /xingrg/kc/buy/cgsh_order_operate.html?command=get_materiel&rest_code=00155&code=00101003006&supplier_code=00100092&order_time=2021-09-17 HTTP/1.1" 200 432
124.79.76.92 - - [17/Sep/2021:10:54:13 +0800] "GET /xingrg/all/function/internal_message.html?_=1631847255381&CODE_STATE=getMsg HTTP/1.1" 302 -
61.151.178.165 - - [17/Sep/2021:10:54:13 +0800] "GET /xingrg/kc/buy/cgsh_order_operate.html?command=get_materiel&rest_code=00106&code=00101008264&supplier_code=00100007&order_time=2021-09-17 HTTP/1.1" 302 -
61.151.178.165 - - [17/Sep/2021:10:54:14 +0800] "GET /xingrg/login.html HTTP/1.1" 200 7641
116.237.74.154 - - [17/Sep/2021:10:54:19 +0800] "POST /xingrg/kc/buy/cgsh_order_operate.html HTTP/1.1" 200 37
101.83.145.79 - - [17/Sep/2021:10:54:19 +0800] "POST /xingrg/kc/buy/cgsh_order_operate.html HTTP/1.1" 200 88
120.253.135.82 - - [17/Sep/2021:10:54:23 +0800] "GET /xingrg/kc/pszx/mdqp_order_list.html?state=10 HTTP/1.1" 200 10217
120.253.135.82 - - [17/Sep/2021:10:54:23 +0800] "GET /xingrg/dwr/interface/AjaxReportQueryService.js HTTP/1.1" 200 13203
120.253.135.82 - - [17/Sep/2021:10:54:23 +0800] "GET /xingrg/dwr/interface/AjaxQqpsService.js HTTP/1.1" 200 16326
120.253.135.82 - - [17/Sep/2021:10:54:23 +0800] "GET /xingrg/dwr/engine.js HTTP/1.1" 200 43631
116.230.105.26 - - [17/Sep/2021:10:54:24 +0800] "POST /xingrg/kc/buy/cgsh_order_operate.html HTTP/1.1" 200 37
116.237.74.154 - - [17/Sep/2021:10:54:24 +0800] "POST /xingrg/kc/buy/cgsh_order_operate.html HTTP/1.1" 200 12
180.169.147.146 - - [17/Sep/2021:10:54:25 +0800] "GET /xingrg/all/function/internal_message.html?_=1631847267639&CODE_STATE=getMsg HTTP/1.1" 200 27
116.237.74.154 - - [17/Sep/2021:10:54:25 +0800] "GET /xingrg/kc/buy/cgsh_order_info.html?code=212021091707258 HTTP/1.1" 200 58395
116.230.105.26 - - [17/Sep/2021:10:54:25 +0800] "POST /xingrg/kc/buy/cgsh_order_operate.html HTTP/1.1" 200 2659
