222.70.246.151 - - [17/Sep/2021:09:16:12 +0800] "GET /xingrg/javascript/json2.js HTTP/1.1" 304 -
222.70.246.151 - - [17/Sep/2021:09:16:12 +0800] "GET /xingrg/javascript/jquery_tools/order_manager.js HTTP/1.1" 304 -
222.70.246.151 - - [17/Sep/2021:09:16:12 +0800] "GET /xingrg/javascript/convert.js HTTP/1.1" 304 -
222.70.246.151 - - [17/Sep/2021:09:16:12 +0800] "GET /xingrg/javascript/print/kc_print.js HTTP/1.1" 304 -
222.70.246.151 - - [17/Sep/2021:09:16:12 +0800] "GET /xingrg/words/20210916155951_words.js HTTP/1.1" 304 -
222.70.246.151 - - [17/Sep/2021:09:16:12 +0800] "GET /xingrg/javascript/easyui/themes/default/validatebox.css HTTP/1.1" 404 1104
222.70.246.151 - - [17/Sep/2021:09:16:12 +0800] "GET /xingrg/javascript/easyui/plugins/jquery.validatebox.js HTTP/1.1" 304 -
222.70.246.151 - - [17/Sep/2021:09:16:12 +0800] "GET /xingrg/javascript/easyui/plugins/jquery.numberbox.js HTTP/1.1" 304 -
124.79.76.92 - - [17/Sep/2021:09:16:13 +0800] "GET /xingrg/check_reg.html?_=1631841375392 HTTP/1.1" 200 22
124.79.76.92 - - [17/Sep/2021:09:16:13 +0800] "GET /xingrg/all/function/internal_message.html?_=1631841375393&CODE_STATE=getMsg HTTP/1.1" 200 27
222.70.246.151 - - [17/Sep/2021:09:16:13 +0800] "POST /xingrg/kc/buy/cgsh_order_operate.html HTTP/1.1" 200 1201
116.228.172.94 - - [17/Sep/2021:09:16:18 +0800] "POST /xingrg/dwr/call/plaincall/AjaxQqpsService.getMaterielByCode.dwr HTTP/1.1" 200 1434
116.230.105.26 - - [17/Sep/2021:09:16:22 +0800] "GET /xingrg/all/function/internal_message.html?_=1631841369122&CODE_STATE=getMsg HTTP/1.1" 200 27
116.238.248.233 - - [17/Sep/2021:09:16:26 +0800] "GET /xingrg/check_reg.html?_=1631841385545 HTTP/1.1" 200 22
116.238.248.233 - - [17/Sep/2021:09:16:26 +0800] "GET /xingrg/all/function/internal_message.html?_=1631841385549&CODE_STATE=getMsg HTTP/1.1" 200 27
114.85.125.222 - - [17/Sep/2021:09:16:27 +0800] "GET /xingrg/all/function/internal_message.html?_=1631841371296&CODE_STATE=getMsg HTTP/1.1" 200 27
116.228.172.94 - - [17/Sep/2021:09:16:33 +0800] "POST /xingrg/dwr/call/plaincall/AjaxQqpsService.saveMaterielItem.dwr HTTP/1.1" 200 78
222.70.179.190 - - [17/Sep/2021:09:16:36 +0800] "GET /xingrg/login.html HTTP/1.1" 200 7641
222.70.179.190 - - [17/Sep/2021:09:16:37 +0800] "GET /favicon.ico HTTP/1.1" 404 -
116.228.172.94 - - [17/Sep/2021:09:16:48 +0800] "GET /xingrg/all/function/internal_message.html?_=1631841423377&CODE_STATE=getMsg HTTP/1.1" 200 27
120.253.135.82 - - [17/Sep/2021:09:16:49 +0800] "GET /xingrg/check_reg.html?_=1631841181593 HTTP/1.1" 200 22
116.237.74.154 - - [17/Sep/2021:09:16:52 +0800] "GET /xingrg/all/function/internal_message.html?_=1631841412311&CODE_STATE=getMsg HTTP/1.1" 200 27
116.238.168.124 - - [17/Sep/2021:09:16:57 +0800] "GET /xingrg/all/function/internal_message.html?_=1631841395925&CODE_STATE=getMsg HTTP/1.1" 200 27
120.253.135.82 - - [17/Sep/2021:09:17:01 +0800] "GET /xingrg/all/function/internal_message.html?_=1631841193794&CODE_STATE=getMsg HTTP/1.1" 200 27
124.79.246.142 - - [17/Sep/2021:09:17:01 +0800] "GET /xingrg/login.html HTTP/1.1" 200 7641
124.79.246.142 - - [17/Sep/2021:09:17:02 +0800] "GET /xingrg/all/function/internal_message.html?_=1631841882060&CODE_STATE=getMsg HTTP/1.1" 200 27
124.79.246.142 - - [17/Sep/2021:09:17:02 +0800] "GET /favicon.ico HTTP/1.1" 404 -
222.70.179.190 - - [17/Sep/2021:09:17:04 +0800] "POST /xingrg/login.do HTTP/1.1" 200 2421
222.70.179.190 - - [17/Sep/2021:09:17:04 +0800] "GET /xingrg/images/blue/pic_top.gif HTTP/1.1" 200 3656
222.70.179.190 - - [17/Sep/2021:09:17:04 +0800] "GET /xingrg/images/blue/pic_notice.jpg HTTP/1.1" 200 3583
222.70.179.190 - - [17/Sep/2021:09:17:04 +0800] "GET /xingrg/images/blue/error_buttom.gif HTTP/1.1" 200 1750
222.70.179.190 - - [17/Sep/2021:09:17:04 +0800] "GET /xingrg/images/blue/error_mid.gif HTTP/1.1" 200 215
222.70.179.190 - - [17/Sep/2021:09:17:04 +0800] "GET /xingrg/images/blue/error_top.gif HTTP/1.1" 200 1790
222.70.179.190 - - [17/Sep/2021:09:17:04 +0800] "GET /favicon.ico HTTP/1.1" 404 -
222.70.179.190 - - [17/Sep/2021:09:17:05 +0800] "GET /xingrg/login.html HTTP/1.1" 200 7641
222.70.179.190 - - [17/Sep/2021:09:17:05 +0800] "GET /favicon.ico HTTP/1.1" 404 -
101.83.145.79 - - [17/Sep/2021:09:17:09 +0800] "GET /xingrg/all/function/internal_message.html?_=1631841430266&CODE_STATE=getMsg HTTP/1.1" 200 27
222.70.246.151 - - [17/Sep/2021:09:17:09 +0800] "GET /xingrg/all/function/internal_message.html?_=1631841446814&CODE_STATE=getMsg HTTP/1.1" 200 27
120.253.135.82 - - [17/Sep/2021:09:17:09 +0800] "GET /xingrg/all/function/internal_message.html?_=1631841449300&CODE_STATE=getMsg HTTP/1.1" 200 27
114.83.220.177 - - [17/Sep/2021:09:17:12 +0800] "GET /xingrg/all/function/internal_message.html?_=1631841431362&CODE_STATE=getMsg HTTP/1.1" 200 27
116.232.55.124 - - [17/Sep/2021:09:17:12 +0800] "GET /xingrg/all/function/internal_message.html?_=1631841433860&CODE_STATE=getMsg HTTP/1.1" 200 27
124.79.76.92 - - [17/Sep/2021:09:17:13 +0800] "GET /xingrg/all/function/internal_message.html?_=1631841435380&CODE_STATE=getMsg HTTP/1.1" 200 27
116.230.105.26 - - [17/Sep/2021:09:17:22 +0800] "GET /xingrg/all/function/internal_message.html?_=1631841429124&CODE_STATE=getMsg HTTP/1.1" 200 27
116.238.248.233 - - [17/Sep/2021:09:17:26 +0800] "GET /xingrg/all/function/internal_message.html?_=1631841445549&CODE_STATE=getMsg HTTP/1.1" 200 27
114.85.125.222 - - [17/Sep/2021:09:17:27 +0800] "GET /xingrg/all/function/internal_message.html?_=1631841431301&CODE_STATE=getMsg HTTP/1.1" 200 27
124.79.246.142 - - [17/Sep/2021:09:17:30 +0800] "POST /xingrg/login.do HTTP/1.1" 302 -
124.79.246.142 - - [17/Sep/2021:09:17:30 +0800] "GET /xingrg/index.html?sysBaseUrl=http%3A%2F%2F180.169.147.146%3A18081%2Fxingrg%2F&costTime=42×tamp=1631841450440 HTTP/1.1" 200 17179
124.79.246.142 - - [17/Sep/2021:09:17:30 +0800] "POST /xingrg/all/common/load_tree.html?tree=area_rest_tree_json&manage=1 HTTP/1.1" 200 351
124.79.246.142 - - [17/Sep/2021:09:17:30 +0800] "GET /xingrg/all/function/internal_message.html?_=1631841552816&CODE_STATE=count HTTP/1.1" 200 11
124.79.246.142 - - [17/Sep/2021:09:17:30 +0800] "GET /xingrg/check_reg.html?_=1631841552817 HTTP/1.1" 200 22
124.79.246.142 - - [17/Sep/2021:09:17:30 +0800] "POST /xingrg/load_menu.html HTTP/1.1" 200 5138
124.79.246.142 - - [17/Sep/2021:09:17:30 +0800] "GET /favicon.ico HTTP/1.1" 404 -
124.79.246.142 - - [17/Sep/2021:09:17:39 +0800] "GET /xingrg/kc/buy/cgsh_order_list.html HTTP/1.1" 200 47750
124.79.246.142 - - [17/Sep/2021:09:17:40 +0800] "POST /xingrg/kc/buy/cgsh_list_operate.html HTTP/1.1" 200 876
180.169.147.146 - - [17/Sep/2021:09:17:45 +0800] "GET /favicon.ico HTTP/1.1" 404 -
120.253.135.82 - - [17/Sep/2021:09:17:46 +0800] "GET /xingrg/check_reg.html?_=1631841485791 HTTP/1.1" 200 22
116.228.172.94 - - [17/Sep/2021:09:17:48 +0800] "GET /xingrg/all/function/internal_message.html?_=1631841483389&CODE_STATE=getMsg HTTP/1.1" 200 27
180.169.147.146 - - [17/Sep/2021:09:17:50 +0800] "GET /xingrg/index.html?sysBaseUrl=http%3A%2F%2F180.169.147.146%3A18081%2Fxingrg%2F&costTime=40×tamp=1610415445867 HTTP/1.1" 302 -
180.169.147.146 - - [17/Sep/2021:09:17:50 +0800] "GET /xingrg/login.html HTTP/1.1" 200 7641
180.169.147.146 - - [17/Sep/2021:09:17:50 +0800] "GET /favicon.ico HTTP/1.1" 404 -
116.237.74.154 - - [17/Sep/2021:09:17:52 +0800] "GET /xingrg/all/function/internal_message.html?_=1631841472310&CODE_STATE=getMsg HTTP/1.1" 200 27
116.238.248.233 - - [17/Sep/2021:09:17:55 +0800] "GET /xingrg/kc/buy/cgsh_order_list.html HTTP/1.1" 200 47750
116.238.248.233 - - [17/Sep/2021:09:17:57 +0800] "POST /xingrg/kc/buy/cgsh_list_operate.html HTTP/1.1" 200 1709
116.238.168.124 - - [17/Sep/2021:09:17:57 +0800] "GET /xingrg/all/function/internal_message.html?_=1631841455950&CODE_STATE=getMsg HTTP/1.1" 200 27
180.169.147.146 - - [17/Sep/2021:09:17:59 +0800] "POST /xingrg/login.do HTTP/1.1" 302 -
180.169.147.146 - - [17/Sep/2021:09:17:59 +0800] "GET /xingrg/index.html?sysBaseUrl=http%3A%2F%2F180.169.147.146%3A18081%2Fxingrg%2F&costTime=44×tamp=1631841479207 HTTP/1.1" 200 17503
180.169.147.146 - - [17/Sep/2021:09:17:59 +0800] "GET /favicon.ico HTTP/1.1" 404 -
180.169.147.146 - - [17/Sep/2021:09:17:59 +0800] "POST /xingrg/all/common/load_tree.html?tree=area_rest_tree_json&manage=1 HTTP/1.1" 200 2338
180.169.147.146 - - [17/Sep/2021:09:17:59 +0800] "GET /xingrg/all/function/internal_message.html?_=1631841515048&CODE_STATE=count HTTP/1.1" 200 11
180.169.147.146 - - [17/Sep/2021:09:17:59 +0800] "GET /xingrg/check_reg.html?_=1631841515050 HTTP/1.1" 200 22
180.169.147.146 - - [17/Sep/2021:09:17:59 +0800] "POST /xingrg/load_menu.html HTTP/1.1" 200 11443
116.238.248.233 - - [17/Sep/2021:09:18:00 +0800] "GET /xingrg/kc/buy/cgsh_order_add.html HTTP/1.1" 200 63406
116.238.248.233 - - [17/Sep/2021:09:18:00 +0800] "GET /xingrg/words/20210916155951_words.js HTTP/1.1" 304 -
116.238.248.233 - - [17/Sep/2021:09:18:01 +0800] "POST /xingrg/kc/buy/cgsh_order_operate.html HTTP/1.1" 200 8245
116.238.248.233 - - [17/Sep/2021:09:18:01 +0800] "GET /xingrg/all/common/auto_word.html?type=employee&rest_code=00150 HTTP/1.1" 200 205
116.238.248.233 - - [17/Sep/2021:09:18:01 +0800] "GET /xingrg/javascript/easyui/themes/default/validatebox.css HTTP/1.1" 404 1104
116.238.248.233 - - [17/Sep/2021:09:18:01 +0800] "GET /xingrg/all/common/auto_word.html?type=employee&rest_code=00150 HTTP/1.1" 200 205
120.253.135.82 - - [17/Sep/2021:09:18:01 +0800] "GET /xingrg/all/function/internal_message.html?_=1631841253806&CODE_STATE=getMsg HTTP/1.1" 200 27
124.79.246.142 - - [17/Sep/2021:09:18:02 +0800] "GET /xingrg/all/function/internal_message.html?_=1631841942093&CODE_STATE=getMsg HTTP/1.1" 200 27
101.83.145.79 - - [17/Sep/2021:09:18:08 +0800] "GET /xingrg/all/function/internal_message.html?_=1631841490241&CODE_STATE=getMsg HTTP/1.1" 200 27
222.70.246.151 - - [17/Sep/2021:09:18:09 +0800] "GET /xingrg/all/function/internal_message.html?_=1631841506827&CODE_STATE=getMsg HTTP/1.1" 200 27
120.253.135.82 - - [17/Sep/2021:09:18:09 +0800] "GET /xingrg/all/function/internal_message.html?_=1631841509317&CODE_STATE=getMsg HTTP/1.1" 200 27
116.238.168.124 - - [17/Sep/2021:09:18:10 +0800] "GET /xingrg/javascript/jquery_easy_ui/themes/icons/rest.png HTTP/1.1" 304 -
116.238.168.124 - - [17/Sep/2021:09:18:10 +0800] "GET /xingrg/javascript/jquery_easy_ui/themes/icons/area.png HTTP/1.1" 304 -
116.238.248.233 - - [17/Sep/2021:09:18:11 +0800] "GET /xingrg/kc/buy/cgsh_order_operate.html?command=get_materiel&rest_code=00150&code=00101001084&supplier_code=00100096&order_time=2021-09-17 HTTP/1.1" 200 415
114.83.220.177 - - [17/Sep/2021:09:18:12 +0800] "GET /xingrg/check_reg.html?_=1631841491364 HTTP/1.1" 200 22
114.83.220.177 - - [17/Sep/2021:09:18:12 +0800] "GET /xingrg/all/function/internal_message.html?_=1631841491367&CODE_STATE=getMsg HTTP/1.1" 200 27
124.79.76.92 - - [17/Sep/2021:09:18:13 +0800] "GET /xingrg/all/function/internal_message.html?_=1631841495382&CODE_STATE=getMsg HTTP/1.1" 200 27
180.169.147.146 - - [17/Sep/2021:09:18:14 +0800] "GET /xingrg/kc/buy/buy_main.html HTTP/1.1" 200 12341
180.169.147.146 - - [17/Sep/2021:09:18:14 +0800] "GET /xingrg/css/new_ie.css HTTP/1.1" 404 1036
180.169.147.146 - - [17/Sep/2021:09:18:15 +0800] "GET /xingrg/images/yd/bt.gif HTTP/1.1" 404 1040
180.169.147.146 - - [17/Sep/2021:09:18:15 +0800] "GET /xingrg/kc/buy/cgsh_order_list.html HTTP/1.1" 200 47999
180.169.147.146 - - [17/Sep/2021:09:18:16 +0800] "POST /xingrg/kc/buy/cgsh_list_operate.html HTTP/1.1" 200 876
180.169.147.146 - - [17/Sep/2021:09:18:21 +0800] "GET /xingrg/javascript/jquery_tools/images/prev.gif HTTP/1.1" 404 1086
180.169.147.146 - - [17/Sep/2021:09:18:21 +0800] "GET /xingrg/javascript/jquery_tools/images/next.gif HTTP/1.1" 404 1086
116.230.105.26 - - [17/Sep/2021:09:18:22 +0800] "GET /xingrg/all/function/internal_message.html?_=1631841489125&CODE_STATE=getMsg HTTP/1.1" 200 27
116.238.248.233 - - [17/Sep/2021:09:18:25 +0800] "GET /xingrg/kc/buy/cgsh_order_operate.html?command=get_materiel&rest_code=00150&code=00101001075&supplier_code=00100096&order_time=2021-09-17 HTTP/1.1" 200 411
116.238.248.233 - - [17/Sep/2021:09:18:26 +0800] "GET /xingrg/all/function/internal_message.html?_=1631841505549&CODE_STATE=getMsg HTTP/1.1" 200 27
180.169.147.146 - - [17/Sep/2021:09:18:26 +0800] "GET /xingrg/javascript/easyui/themes/default/tree.css HTTP/1.1" 404 1090
180.169.147.146 - - [17/Sep/2021:09:18:26 +0800] "POST /xingrg/all/common/load_tree.html?tree=area_rest_tree_json&manage=1 HTTP/1.1" 200 2338
114.85.125.222 - - [17/Sep/2021:09:18:26 +0800] "GET /xingrg/check_reg.html?_=1631841491198 HTTP/1.1" 200 22
114.85.125.222 - - [17/Sep/2021:09:18:27 +0800] "GET /xingrg/all/function/internal_message.html?_=1631841491316&CODE_STATE=getMsg HTTP/1.1" 200 27
222.70.246.151 - - [17/Sep/2021:09:18:28 +0800] "GET /xingrg/check_reg.html?_=1631841525658 HTTP/1.1" 200 22
124.79.246.142 - - [17/Sep/2021:09:18:30 +0800] "GET /xingrg/all/function/internal_message.html?_=1631841612829&CODE_STATE=getMsg HTTP/1.1" 200 27
180.169.147.146 - - [17/Sep/2021:09:18:34 +0800] "POST /xingrg/kc/buy/cgsh_list_operate.html HTTP/1.1" 200 5420
116.238.248.233 - - [17/Sep/2021:09:18:37 +0800] "GET /xingrg/kc/buy/cgsh_order_operate.html?command=get_materiel&rest_code=00150&code=00101016080&supplier_code=00100096&order_time=2021-09-17 HTTP/1.1" 200 408
180.169.147.146 - - [17/Sep/2021:09:18:37 +0800] "POST /xingrg/kc/buy/cgsh_list_operate.html HTTP/1.1" 200 276
180.169.147.146 - - [17/Sep/2021:09:18:38 +0800] "GET /xingrg/kc/buy/cgsh_order_info.html?code=212021091606897 HTTP/1.1" 200 58658
180.169.147.146 - - [17/Sep/2021:09:18:38 +0800] "GET /xingrg/words/20210916155951_words.js HTTP/1.1" 200 845252
180.169.147.146 - - [17/Sep/2021:09:18:38 +0800] "GET /xingrg/javascript/easyui/themes/default/validatebox.css HTTP/1.1" 404 1104
180.169.147.146 - - [17/Sep/2021:09:18:39 +0800] "POST /xingrg/kc/buy/cgsh_order_operate.html HTTP/1.1" 200 1207
116.238.248.233 - - [17/Sep/2021:09:18:44 +0800] "GET /xingrg/kc/buy/cgsh_order_operate.html?command=get_materiel&rest_code=00150&code=00101012029&supplier_code=00100096&order_time=2021-09-17 HTTP/1.1" 200 412
116.228.172.94 - - [17/Sep/2021:09:18:48 +0800] "GET /xingrg/check_reg.html?_=1631841543376 HTTP/1.1" 200 22
116.228.172.94 - - [17/Sep/2021:09:18:48 +0800] "GET /xingrg/all/function/internal_message.html?_=1631841543378&CODE_STATE=getMsg HTTP/1.1" 200 27
222.70.179.190 - - [17/Sep/2021:09:18:48 +0800] "POST /xingrg/login.do HTTP/1.1" 302 -
222.70.179.190 - - [17/Sep/2021:09:18:48 +0800] "GET /xingrg/index.html?sysBaseUrl=http%3A%2F%2F180.169.147.146%3A18081%2Fxingrg%2F&costTime=42×tamp=1631841528958 HTTP/1.1" 200 17173
222.70.179.190 - - [17/Sep/2021:09:18:49 +0800] "GET /favicon.ico HTTP/1.1" 404 -
222.70.179.190 - - [17/Sep/2021:09:18:49 +0800] "POST /xingrg/all/common/load_tree.html?tree=area_rest_tree_json&manage=1 HTTP/1.1" 200 342
222.70.179.190 - - [17/Sep/2021:09:18:49 +0800] "GET /xingrg/all/function/internal_message.html?_=1631841520324&CODE_STATE=count HTTP/1.1" 200 11
222.70.179.190 - - [17/Sep/2021:09:18:49 +0800] "GET /xingrg/check_reg.html?_=1631841520325 HTTP/1.1" 200 22
222.70.179.190 - - [17/Sep/2021:09:18:49 +0800] "POST /xingrg/load_menu.html HTTP/1.1" 200 5138
116.237.74.154 - - [17/Sep/2021:09:18:52 +0800] "GET /xingrg/all/function/internal_message.html?_=1631841532307&CODE_STATE=getMsg HTTP/1.1" 200 27
116.238.168.124 - - [17/Sep/2021:09:18:57 +0800] "GET /xingrg/all/function/internal_message.html?_=1631841515976&CODE_STATE=getMsg HTTP/1.1" 200 27
180.169.147.146 - - [17/Sep/2021:09:18:59 +0800] "GET /xingrg/all/function/internal_message.html?_=1631841575051&CODE_STATE=getMsg HTTP/1.1" 200 27
120.253.135.82 - - [17/Sep/2021:09:19:01 +0800] "GET /xingrg/all/function/internal_message.html?_=1631841314020&CODE_STATE=getMsg HTTP/1.1" 200 27
222.70.179.190 - - [17/Sep/2021:09:19:01 +0800] "GET /xingrg/kc/buy/cgyd_order_list.html HTTP/1.1" 200 47211
101.83.145.79 - - [17/Sep/2021:09:19:01 +0800] "POST /xingrg/kc/buy/cgsh_order_operate.html HTTP/1.1" 200 37
124.79.246.142 - - [17/Sep/2021:09:19:02 +0800] "GET /xingrg/all/function/internal_message.html?_=1631842002103&CODE_STATE=getMsg HTTP/1.1" 200 27
222.70.179.190 - - [17/Sep/2021:09:19:02 +0800] "POST /xingrg/kc/buy/cgyd_list_operate.html HTTP/1.1" 200 976
180.169.147.146 - - [17/Sep/2021:09:19:03 +0800] "POST /xingrg/kc/buy/cgsh_list_operate.html HTTP/1.1" 200 5579
101.83.145.79 - - [17/Sep/2021:09:19:03 +0800] "POST /xingrg/kc/buy/cgsh_order_operate.html HTTP/1.1" 200 51689
180.169.147.146 - - [17/Sep/2021:09:19:07 +0800] "POST /xingrg/kc/buy/cgsh_list_operate.html HTTP/1.1" 200 273
101.83.145.79 - - [17/Sep/2021:09:19:08 +0800] "GET /xingrg/all/function/internal_message.html?_=1631841550204&CODE_STATE=getMsg HTTP/1.1" 200 27
222.70.179.190 - - [17/Sep/2021:09:19:09 +0800] "GET /xingrg/kc/buy/cgsh_order_list.html HTTP/1.1" 200 47744
222.70.246.151 - - [17/Sep/2021:09:19:09 +0800] "GET /xingrg/all/function/internal_message.html?_=1631841566841&CODE_STATE=getMsg HTTP/1.1" 200 27
120.253.135.82 - - [17/Sep/2021:09:19:09 +0800] "GET /xingrg/all/function/internal_message.html?_=1631841569330&CODE_STATE=getMsg HTTP/1.1" 200 27
222.70.179.190 - - [17/Sep/2021:09:19:10 +0800] "POST /xingrg/kc/buy/cgsh_list_operate.html HTTP/1.1" 200 876
180.169.147.146 - - [17/Sep/2021:09:19:10 +0800] "GET /xingrg/kc/buy/cgsh_order_info.html?code=212021091606902 HTTP/1.1" 200 58658
180.169.147.146 - - [17/Sep/2021:09:19:11 +0800] "GET /xingrg/javascript/easyui/themes/default/validatebox.css HTTP/1.1" 404 1104
180.169.147.146 - - [17/Sep/2021:09:19:11 +0800] "POST /xingrg/kc/buy/cgsh_order_operate.html HTTP/1.1" 200 1201
114.83.220.177 - - [17/Sep/2021:09:19:12 +0800] "GET /xingrg/all/function/internal_message.html?_=1631841551356&CODE_STATE=getMsg HTTP/1.1" 200 27
222.70.179.190 - - [17/Sep/2021:09:19:12 +0800] "GET /xingrg/kc/buy/cgsh_order_add.html HTTP/1.1" 200 63482
222.70.179.190 - - [17/Sep/2021:09:19:12 +0800] "GET /xingrg/words/20210916155951_words.js HTTP/1.1" 304 -
222.70.179.190 - - [17/Sep/2021:09:19:12 +0800] "POST /xingrg/kc/buy/cgsh_order_operate.html HTTP/1.1" 200 8245
222.70.179.190 - - [17/Sep/2021:09:19:12 +0800] "GET /xingrg/javascript/easyui/themes/default/validatebox.css HTTP/1.1" 404 1104
222.70.179.190 - - [17/Sep/2021:09:19:12 +0800] "GET /xingrg/all/common/auto_word.html?type=employee&rest_code=00111 HTTP/1.1" 200 155
222.70.179.190 - - [17/Sep/2021:09:19:12 +0800] "GET /xingrg/all/common/auto_word.html?type=employee&rest_code=00111 HTTP/1.1" 200 155
116.238.248.233 - - [17/Sep/2021:09:19:12 +0800] "GET /xingrg/kc/buy/cgsh_order_operate.html?command=get_materiel&rest_code=00150&code=00101006068&supplier_code=00100096&order_time=2021-09-17 HTTP/1.1" 200 409
124.79.76.92 - - [17/Sep/2021:09:19:13 +0800] "GET /xingrg/all/function/internal_message.html?_=1631841555383&CODE_STATE=getMsg HTTP/1.1" 200 27
222.70.179.190 - - [17/Sep/2021:09:19:16 +0800] "GET /xingrg/javascript/auto/indicator.gif HTTP/1.1" 404 1066
116.230.105.26 - - [17/Sep/2021:09:19:22 +0800] "GET /xingrg/all/function/internal_message.html?_=1631841549122&CODE_STATE=getMsg HTTP/1.1" 200 27
116.238.248.233 - - [17/Sep/2021:09:19:23 +0800] "GET /xingrg/kc/buy/cgsh_order_operate.html?command=get_materiel&rest_code=00150&code=00101006124&supplier_code=00100096&order_time=2021-09-17 HTTP/1.1" 200 411
116.238.248.233 - - [17/Sep/2021:09:19:26 +0800] "GET /xingrg/all/function/internal_message.html?_=1631841565594&CODE_STATE=getMsg HTTP/1.1" 200 27
114.85.125.222 - - [17/Sep/2021:09:19:27 +0800] "GET /xingrg/all/function/internal_message.html?_=1631841551329&CODE_STATE=getMsg HTTP/1.1" 200 27
222.70.179.190 - - [17/Sep/2021:09:19:29 +0800] "GET /xingrg/kc/buy/cgsh_order_operate.html?command=get_materiel&rest_code=00111&code=00101007184&supplier_code=00100004&order_time=2021-09-17 HTTP/1.1" 200 394
180.169.147.146 - - [17/Sep/2021:09:19:30 +0800] "POST /xingrg/kc/buy/cgsh_order_operate.html HTTP/1.1" 200 12
124.79.246.142 - - [17/Sep/2021:09:19:30 +0800] "GET /xingrg/all/function/internal_message.html?_=1631841672821&CODE_STATE=getMsg HTTP/1.1" 200 27
180.169.147.146 - - [17/Sep/2021:09:19:34 +0800] "GET /xingrg/kc/buy/cgsh_order_info.html?code=212021091606902 HTTP/1.1" 200 63501
180.169.147.146 - - [17/Sep/2021:09:19:34 +0800] "GET /xingrg/all/common/auto_word.html?type=employee&rest_code=00146 HTTP/1.1" 200 101
180.169.147.146 - - [17/Sep/2021:09:19:34 +0800] "GET /xingrg/javascript/easyui/themes/default/validatebox.css HTTP/1.1" 404 1104
180.169.147.146 - - [17/Sep/2021:09:19:34 +0800] "GET /xingrg/all/common/auto_word.html?type=employee&rest_code=00146 HTTP/1.1" 200 101
180.169.147.146 - - [17/Sep/2021:09:19:34 +0800] "POST /xingrg/kc/buy/cgsh_order_operate.html HTTP/1.1" 200 3251
180.169.147.146 - - [17/Sep/2021:09:19:40 +0800] "GET /xingrg/check_reg.html?_=1631841581396 HTTP/1.1" 302 -
116.238.248.233 - - [17/Sep/2021:09:19:47 +0800] "GET /xingrg/kc/buy/cgsh_order_operate.html?command=get_materiel&rest_code=00150&code=00101006184&supplier_code=00100096&order_time=2021-09-17 HTTP/1.1" 200 408
116.228.172.94 - - [17/Sep/2021:09:19:48 +0800] "GET /xingrg/all/function/internal_message.html?_=1631841603369&CODE_STATE=getMsg HTTP/1.1" 200 27
222.70.179.190 - - [17/Sep/2021:09:19:49 +0800] "GET /xingrg/all/function/internal_message.html?_=1631841580329&CODE_STATE=getMsg HTTP/1.1" 200 27
222.70.179.190 - - [17/Sep/2021:09:19:49 +0800] "GET /xingrg/kc/buy/cgyd_order_list.html HTTP/1.1" 200 47211
222.70.179.190 - - [17/Sep/2021:09:19:49 +0800] "POST /xingrg/kc/buy/cgyd_list_operate.html HTTP/1.1" 200 976
116.228.172.94 - - [17/Sep/2021:09:19:52 +0800] "POST /xingrg/dwr/call/plaincall/AjaxQqpsService.removeMaterielItem.dwr HTTP/1.1" 200 78
116.237.74.154 - - [17/Sep/2021:09:19:52 +0800] "GET /xingrg/all/function/internal_message.html?_=1631841592332&CODE_STATE=getMsg HTTP/1.1" 200 27
222.70.179.190 - - [17/Sep/2021:09:19:52 +0800] "GET /xingrg/kc/buy/cgyd_order_add.html HTTP/1.1" 200 56094
222.70.179.190 - - [17/Sep/2021:09:19:52 +0800] "POST /xingrg/kc/buy/cgyd_order_operate.html HTTP/1.1" 200 7066
222.70.179.190 - - [17/Sep/2021:09:19:52 +0800] "GET /xingrg/javascript/easyui/themes/default/validatebox.css HTTP/1.1" 404 1104
222.70.179.190 - - [17/Sep/2021:09:19:52 +0800] "GET /xingrg/all/common/auto_word.html?type=base&rest_code=00111 HTTP/1.1" 200 1753
116.238.168.124 - - [17/Sep/2021:09:19:57 +0800] "GET /xingrg/all/function/internal_message.html?_=1631841575981&CODE_STATE=getMsg HTTP/1.1" 200 27
116.238.248.233 - - [17/Sep/2021:09:19:59 +0800] "GET /xingrg/kc/buy/cgsh_order_operate.html?command=get_materiel&rest_code=00150&code=00101006055&supplier_code=00100096&order_time=2021-09-17 HTTP/1.1" 200 411
180.169.147.146 - - [17/Sep/2021:09:19:59 +0800] "GET /xingrg/all/function/internal_message.html?_=1631841635059&CODE_STATE=getMsg HTTP/1.1" 200 27
116.228.172.94 - - [17/Sep/2021:09:19:59 +0800] "POST /xingrg/dwr/call/plaincall/AjaxQqpsService.removeMaterielItem.dwr HTTP/1.1" 200 78
124.79.246.142 - - [17/Sep/2021:09:20:01 +0800] "GET /xingrg/check_reg.html?_=1631842061350 HTTP/1.1" 200 22
120.253.135.82 - - [17/Sep/2021:09:20:01 +0800] "GET /xingrg/all/function/internal_message.html?_=1631841374020&CODE_STATE=getMsg HTTP/1.1" 200 27
124.79.246.142 - - [17/Sep/2021:09:20:02 +0800] "GET /xingrg/all/function/internal_message.html?_=1631842062117&CODE_STATE=getMsg HTTP/1.1" 200 27
222.70.179.190 - - [17/Sep/2021:09:20:02 +0800] "GET /xingrg/kc/buy/cgyd_order_add.html HTTP/1.1" 200 56094
222.70.179.190 - - [17/Sep/2021:09:20:03 +0800] "POST /xingrg/kc/buy/cgyd_order_operate.html HTTP/1.1" 200 7066
222.70.179.190 - - [17/Sep/2021:09:20:03 +0800] "GET /xingrg/javascript/easyui/themes/default/validatebox.css HTTP/1.1" 404 1104
101.83.145.79 - - [17/Sep/2021:09:20:08 +0800] "GET /xingrg/all/function/internal_message.html?_=1631841610185&CODE_STATE=getMsg HTTP/1.1" 200 27
222.70.246.151 - - [17/Sep/2021:09:20:09 +0800] "GET /xingrg/all/function/internal_message.html?_=1631841626855&CODE_STATE=getMsg HTTP/1.1" 200 27
120.253.135.82 - - [17/Sep/2021:09:20:09 +0800] "GET /xingrg/all/function/internal_message.html?_=1631841629394&CODE_STATE=getMsg HTTP/1.1" 200 27
116.238.248.233 - - [17/Sep/2021:09:20:10 +0800] "GET /xingrg/kc/buy/cgsh_order_operate.html?command=get_materiel&rest_code=00150&code=00101006065&supplier_code=00100096&order_time=2021-09-17 HTTP/1.1" 200 409
114.83.220.177 - - [17/Sep/2021:09:20:12 +0800] "GET /xingrg/all/function/internal_message.html?_=1631841611363&CODE_STATE=getMsg HTTP/1.1" 200 27
124.79.76.92 - - [17/Sep/2021:09:20:13 +0800] "GET /xingrg/all/function/internal_message.html?_=1631841615385&CODE_STATE=getMsg HTTP/1.1" 200 27
222.70.179.190 - - [17/Sep/2021:09:20:18 +0800] "GET /xingrg/kc/buy/cgyd_order_operate.html?command=get_materiel&rest_code=00111&code=00101007184&supplier_code=00100004 HTTP/1.1" 200 394
116.228.172.94 - - [17/Sep/2021:09:20:20 +0800] "POST /xingrg/dwr/call/plaincall/AjaxQqpsService.getMaterielByCode.dwr HTTP/1.1" 200 1472
116.230.105.26 - - [17/Sep/2021:09:20:22 +0800] "GET /xingrg/check_reg.html?_=1631841609126 HTTP/1.1" 200 22
116.230.105.26 - - [17/Sep/2021:09:20:22 +0800] "GET /xingrg/all/function/internal_message.html?_=1631841609128&CODE_STATE=getMsg HTTP/1.1" 200 27
116.238.248.233 - - [17/Sep/2021:09:20:22 +0800] "GET /xingrg/kc/buy/cgsh_order_operate.html?command=get_materiel&rest_code=00150&code=00101006178&supplier_code=00100096&order_time=2021-09-17 HTTP/1.1" 200 411
222.70.246.151 - - [17/Sep/2021:09:20:23 +0800] "GET /xingrg/kc/buy/cgsh_order_list.html HTTP/1.1" 200 47750
222.70.246.151 - - [17/Sep/2021:09:20:25 +0800] "POST /xingrg/kc/buy/cgsh_list_operate.html HTTP/1.1" 200 1694
116.238.248.233 - - [17/Sep/2021:09:20:26 +0800] "GET /xingrg/all/function/internal_message.html?_=1631841625566&CODE_STATE=getMsg HTTP/1.1" 200 27
116.237.74.154 - - [17/Sep/2021:09:20:26 +0800] "GET /xingrg/check_reg.html?_=1631841623628 HTTP/1.1" 200 22
114.85.125.222 - - [17/Sep/2021:09:20:27 +0800] "GET /xingrg/all/function/internal_message.html?_=1631841611343&CODE_STATE=getMsg HTTP/1.1" 200 27
222.70.246.151 - - [17/Sep/2021:09:20:29 +0800] "POST /xingrg/kc/buy/cgsh_list_operate.html HTTP/1.1" 200 273
222.70.246.151 - - [17/Sep/2021:09:20:30 +0800] "GET /xingrg/kc/buy/cgsh_order_info.html?code=212021091606902 HTTP/1.1" 200 63501
222.70.246.151 - - [17/Sep/2021:09:20:30 +0800] "GET /xingrg/all/common/auto_word.html?type=employee&rest_code=00146 HTTP/1.1" 200 101
222.70.246.151 - - [17/Sep/2021:09:20:30 +0800] "GET /xingrg/all/common/auto_word.html?type=employee&rest_code=00146 HTTP/1.1" 200 101
222.70.246.151 - - [17/Sep/2021:09:20:30 +0800] "GET /xingrg/javascript/easyui/themes/default/validatebox.css HTTP/1.1" 404 1104
124.79.246.142 - - [17/Sep/2021:09:20:30 +0800] "GET /xingrg/all/function/internal_message.html?_=1631841732821&CODE_STATE=getMsg HTTP/1.1" 200 27
222.70.246.151 - - [17/Sep/2021:09:20:31 +0800] "POST /xingrg/kc/buy/cgsh_order_operate.html HTTP/1.1" 200 3251
222.70.179.190 - - [17/Sep/2021:09:20:32 +0800] "GET /xingrg/kc/buy/cgyd_order_operate.html?command=get_materiel&rest_code=00111&code=00101007077&supplier_code=00100004 HTTP/1.1" 200 414
116.228.172.94 - - [17/Sep/2021:09:20:34 +0800] "POST /xingrg/dwr/call/plaincall/AjaxQqpsService.saveMaterielItem.dwr HTTP/1.1" 200 78
116.238.248.233 - - [17/Sep/2021:09:20:34 +0800] "GET /xingrg/kc/buy/cgsh_order_operate.html?command=get_materiel&rest_code=00150&code=00101006112&supplier_code=00100096&order_time=2021-09-17 HTTP/1.1" 200 409
222.70.246.151 - - [17/Sep/2021:09:20:36 +0800] "GET /xingrg/javascript/auto/indicator.gif HTTP/1.1" 404 1066
116.238.248.233 - - [17/Sep/2021:09:20:43 +0800] "GET /xingrg/kc/buy/cgsh_order_operate.html?command=get_materiel&rest_code=00150&code=00101006111&supplier_code=00100096&order_time=2021-09-17 HTTP/1.1" 200 409
222.70.179.190 - - [17/Sep/2021:09:20:45 +0800] "GET /xingrg/kc/buy/cgyd_order_operate.html?command=get_materiel&rest_code=00111&code=00101007061&supplier_code=00100004 HTTP/1.1" 200 408
222.70.246.151 - - [17/Sep/2021:09:20:46 +0800] "POST /xingrg/kc/buy/cgsh_order_operate.html HTTP/1.1" 200 37
116.228.172.94 - - [17/Sep/2021:09:20:48 +0800] "GET /xingrg/all/function/internal_message.html?_=1631841663380&CODE_STATE=getMsg HTTP/1.1" 200 27
222.70.179.190 - - [17/Sep/2021:09:20:49 +0800] "GET /xingrg/all/function/internal_message.html?_=1631841640327&CODE_STATE=getMsg HTTP/1.1" 200 27
116.237.74.154 - - [17/Sep/2021:09:20:52 +0800] "GET /xingrg/all/function/internal_message.html?_=1631841652330&CODE_STATE=getMsg HTTP/1.1" 200 27
116.237.74.154 - - [17/Sep/2021:09:20:52 +0800] "GET /xingrg/check_reg.html?_=1631841652331 HTTP/1.1" 200 22
116.232.55.124 - - [17/Sep/2021:09:20:54 +0800] "GET /xingrg/login.html HTTP/1.1" 200 7641
116.232.55.124 - - [17/Sep/2021:09:20:54 +0800] "GET /favicon.ico HTTP/1.1" 404 -
222.70.246.151 - - [17/Sep/2021:09:20:54 +0800] "POST /xingrg/kc/buy/cgsh_order_operate.html HTTP/1.1" 200 12
116.228.172.94 - - [17/Sep/2021:09:20:55 +0800] "POST /xingrg/dwr/call/plaincall/AjaxQqpsService.removeMaterielItem.dwr HTTP/1.1" 200 78
116.232.55.124 - - [17/Sep/2021:09:20:56 +0800] "POST /xingrg/login.do HTTP/1.1" 302 -
116.232.55.124 - - [17/Sep/2021:09:20:56 +0800] "GET /xingrg/index.html?sysBaseUrl=http%3A%2F%2F180.169.147.146%3A18081%2Fxingrg%2F&costTime=44×tamp=1631841656225 HTTP/1.1" 200 17179
116.232.55.124 - - [17/Sep/2021:09:20:56 +0800] "POST /xingrg/all/common/load_tree.html?tree=area_rest_tree_json&manage=1 HTTP/1.1" 200 351
116.232.55.124 - - [17/Sep/2021:09:20:56 +0800] "GET /xingrg/all/function/internal_message.html?_=1631841657855&CODE_STATE=count HTTP/1.1" 200 11
116.232.55.124 - - [17/Sep/2021:09:20:56 +0800] "GET /xingrg/check_reg.html?_=1631841657856 HTTP/1.1" 200 22
116.232.55.124 - - [17/Sep/2021:09:20:56 +0800] "POST /xingrg/load_menu.html HTTP/1.1" 200 5138
116.238.168.124 - - [17/Sep/2021:09:20:57 +0800] "GET /xingrg/check_reg.html?_=1631841635829 HTTP/1.1" 200 22
116.238.168.124 - - [17/Sep/2021:09:20:57 +0800] "GET /xingrg/all/function/internal_message.html?_=1631841635995&CODE_STATE=getMsg HTTP/1.1" 200 27
222.70.246.151 - - [17/Sep/2021:09:20:58 +0800] "GET /xingrg/kc/buy/cgsh_order_info.html?code=212021091606902 HTTP/1.1" 200 58401
222.70.246.151 - - [17/Sep/2021:09:20:58 +0800] "GET /xingrg/javascript/easyui/themes/default/validatebox.css HTTP/1.1" 404 1104
116.230.105.26 - - [17/Sep/2021:09:20:58 +0800] "GET /xingrg/login.html HTTP/1.1" 200 7641
222.70.246.151 - - [17/Sep/2021:09:20:58 +0800] "POST /xingrg/kc/buy/cgsh_order_operate.html HTTP/1.1" 200 1201
116.230.105.26 - - [17/Sep/2021:09:20:58 +0800] "GET /favicon.ico HTTP/1.1" 404 -
180.169.147.146 - - [17/Sep/2021:09:20:59 +0800] "GET /xingrg/all/function/internal_message.html?_=1631841695056&CODE_STATE=getMsg HTTP/1.1" 200 27
116.230.105.26 - - [17/Sep/2021:09:21:01 +0800] "POST /xingrg/login.do HTTP/1.1" 302 -
116.230.105.26 - - [17/Sep/2021:09:21:01 +0800] "GET /xingrg/index.html?sysBaseUrl=http%3A%2F%2F180.169.147.146%3A18081%2Fxingrg%2F&costTime=38×tamp=1631841661706 HTTP/1.1" 200 17179
116.230.105.26 - - [17/Sep/2021:09:21:01 +0800] "GET /favicon.ico HTTP/1.1" 404 -
120.253.135.82 - - [17/Sep/2021:09:21:01 +0800] "GET /xingrg/all/function/internal_message.html?_=1631841434255&CODE_STATE=getMsg HTTP/1.1" 200 27
116.230.105.26 - - [17/Sep/2021:09:21:01 +0800] "POST /xingrg/all/common/load_tree.html?tree=area_rest_tree_json&manage=1 HTTP/1.1" 200 351
116.238.248.233 - - [17/Sep/2021:09:21:01 +0800] "GET /xingrg/kc/buy/cgsh_order_operate.html?command=get_materiel&rest_code=00150&code=00101007069&supplier_code=00100096&order_time=2021-09-17 HTTP/1.1" 200 414
116.230.105.26 - - [17/Sep/2021:09:21:02 +0800] "GET /xingrg/all/function/internal_message.html?_=1631841649083&CODE_STATE=count HTTP/1.1" 200 11
116.230.105.26 - - [17/Sep/2021:09:21:02 +0800] "GET /xingrg/check_reg.html?_=1631841649084 HTTP/1.1" 200 22
116.230.105.26 - - [17/Sep/2021:09:21:02 +0800] "POST /xingrg/load_menu.html HTTP/1.1" 200 5138
124.79.246.142 - - [17/Sep/2021:09:21:02 +0800] "GET /xingrg/all/function/internal_message.html?_=1631842122130&CODE_STATE=getMsg HTTP/1.1" 200 27
116.232.55.124 - - [17/Sep/2021:09:21:02 +0800] "GET /xingrg/kc/buy/buy_main.html HTTP/1.1" 200 12412
116.232.55.124 - - [17/Sep/2021:09:21:02 +0800] "GET /xingrg/css/new_ie.css HTTP/1.1" 404 1036
116.230.105.26 - - [17/Sep/2021:09:21:03 +0800] "GET /xingrg/kc/buy/cgsh_order_list.html HTTP/1.1" 200 47750
116.232.55.124 - - [17/Sep/2021:09:21:04 +0800] "GET /xingrg/kc/buy/cgsh_order_list.html HTTP/1.1" 200 47750
116.230.105.26 - - [17/Sep/2021:09:21:05 +0800] "POST /xingrg/kc/buy/cgsh_list_operate.html HTTP/1.1" 200 2410
101.83.145.79 - - [17/Sep/2021:09:21:08 +0800] "GET /xingrg/check_reg.html?_=1631841669367 HTTP/1.1" 200 22
101.83.145.79 - - [17/Sep/2021:09:21:08 +0800] "GET /xingrg/all/function/internal_message.html?_=1631841670148&CODE_STATE=getMsg HTTP/1.1" 200 27
222.70.246.151 - - [17/Sep/2021:09:21:09 +0800] "GET /xingrg/all/function/internal_message.html?_=1631841686869&CODE_STATE=getMsg HTTP/1.1" 200 27
120.253.135.82 - - [17/Sep/2021:09:21:09 +0800] "GET /xingrg/all/function/internal_message.html?_=1631841689405&CODE_STATE=getMsg HTTP/1.1" 200 27
116.230.105.26 - - [17/Sep/2021:09:21:10 +0800] "POST /xingrg/kc/buy/cgsh_list_operate.html HTTP/1.1" 200 2410
114.83.220.177 - - [17/Sep/2021:09:21:12 +0800] "GET /xingrg/all/function/internal_message.html?_=1631841671370&CODE_STATE=getMsg HTTP/1.1" 200 27
124.79.76.92 - - [17/Sep/2021:09:21:13 +0800] "GET /xingrg/all/function/internal_message.html?_=1631841675388&CODE_STATE=getMsg HTTP/1.1" 302 -
124.79.76.92 - - [17/Sep/2021:09:21:13 +0800] "GET /xingrg/check_reg.html?_=1631841675389 HTTP/1.1" 302 -
124.79.76.92 - - [17/Sep/2021:09:21:13 +0800] "GET /xingrg/login.html HTTP/1.1" 200 7641
124.79.76.92 - - [17/Sep/2021:09:21:13 +0800] "GET /xingrg/login.html HTTP/1.1" 200 7641
114.85.125.222 - - [17/Sep/2021:09:21:20 +0800] "GET /xingrg/kc/base/wldb_order_list.html HTTP/1.1" 200 19230
114.85.125.222 - - [17/Sep/2021:09:21:20 +0800] "POST /xingrg/kc/base/wldb_list_operate.html HTTP/1.1" 200 928
116.232.55.124 - - [17/Sep/2021:09:21:21 +0800] "POST /xingrg/kc/buy/cgsh_list_operate.html HTTP/1.1" 200 5131
101.83.145.79 - - [17/Sep/2021:09:21:21 +0800] "POST /xingrg/kc/buy/cgsh_order_operate.html HTTP/1.1" 200 37
114.85.125.222 - - [17/Sep/2021:09:21:21 +0800] "GET /xingrg/kc/base/wldb_order_add.html HTTP/1.1" 200 30452
114.85.125.222 - - [17/Sep/2021:09:21:22 +0800] "POST /xingrg/kc/base/wldb_order_operate.html HTTP/1.1" 200 6806
114.85.125.222 - - [17/Sep/2021:09:21:22 +0800] "GET /xingrg/all/common/auto_word.html?type=base&rest_code=00150 HTTP/1.1" 200 1653
114.85.125.222 - - [17/Sep/2021:09:21:22 +0800] "GET /xingrg/all/common/auto_word.html?type=base&rest_code=00150 HTTP/1.1" 200 1653
114.85.125.222 - - [17/Sep/2021:09:21:22 +0800] "GET /xingrg/javascript/easyui/themes/default/validatebox.css HTTP/1.1" 404 1104
114.85.125.222 - - [17/Sep/2021:09:21:23 +0800] "GET /xingrg/css/images/panel_loading.gif HTTP/1.1" 304 -
114.85.125.222 - - [17/Sep/2021:09:21:23 +0800] "POST /xingrg/all/common/load_combo.html?type=base HTTP/1.1" 200 2966
101.83.145.79 - - [17/Sep/2021:09:21:23 +0800] "POST /xingrg/kc/buy/cgsh_order_operate.html HTTP/1.1" 200 51689
116.238.168.124 - - [17/Sep/2021:09:21:25 +0800] "GET /xingrg/kc/buy/cgsh_order_operate.html?command=get_materiel&rest_code=00102&code=00101012044&supplier_code=00100096&order_time=2021-09-17 HTTP/1.1" 200 409
116.238.248.233 - - [17/Sep/2021:09:21:26 +0800] "GET /xingrg/check_reg.html?_=1631841685569 HTTP/1.1" 200 22
116.238.248.233 - - [17/Sep/2021:09:21:26 +0800] "GET /xingrg/all/function/internal_message.html?_=1631841685571&CODE_STATE=getMsg HTTP/1.1" 200 27
114.85.125.222 - - [17/Sep/2021:09:21:26 +0800] "GET /xingrg/javascript/auto/indicator.gif HTTP/1.1" 404 1066
114.85.125.222 - - [17/Sep/2021:09:21:27 +0800] "GET /xingrg/all/function/internal_message.html?_=1631841671356&CODE_STATE=getMsg HTTP/1.1" 200 27
114.83.220.177 - - [17/Sep/2021:09:21:29 +0800] "GET /xingrg/kc/buy/cgsh_order_operate.html?command=get_materiel&rest_code=00149&code=00101007048&supplier_code=00100205&order_time=2021-09-17 HTTP/1.1" 200 408
116.238.248.233 - - [17/Sep/2021:09:21:30 +0800] "GET /xingrg/kc/buy/cgsh_order_operate.html?command=get_materiel&rest_code=00150&code=00101006075&supplier_code=00100096&order_time=2021-09-17 HTTP/1.1" 200 416
124.79.246.142 - - [17/Sep/2021:09:21:30 +0800] "GET /xingrg/all/function/internal_message.html?_=1631841792834&CODE_STATE=getMsg HTTP/1.1" 200 27
116.232.55.124 - - [17/Sep/2021:09:21:31 +0800] "GET /xingrg/kc/buy/cgsh_order_add.html HTTP/1.1" 200 63535
116.232.55.124 - - [17/Sep/2021:09:21:31 +0800] "POST /xingrg/kc/buy/cgsh_order_operate.html HTTP/1.1" 200 8245
116.232.55.124 - - [17/Sep/2021:09:21:31 +0800] "GET /xingrg/all/common/auto_word.html?type=employee&rest_code=00156 HTTP/1.1" 200 51
116.232.55.124 - - [17/Sep/2021:09:21:31 +0800] "GET /xingrg/javascript/easyui/themes/default/validatebox.css HTTP/1.1" 404 1104
116.232.55.124 - - [17/Sep/2021:09:21:31 +0800] "GET /xingrg/all/common/auto_word.html?type=employee&rest_code=00156 HTTP/1.1" 200 51
114.83.220.177 - - [17/Sep/2021:09:21:34 +0800] "POST /xingrg/services/DataTransmitService HTTP/1.1" 200 501
114.83.220.177 - - [17/Sep/2021:09:21:35 +0800] "POST /xingrg/services/DataTransmitService HTTP/1.1" 200 501
116.238.168.124 - - [17/Sep/2021:09:21:36 +0800] "GET /xingrg/kc/buy/cgsh_order_operate.html?command=get_materiel&rest_code=00102&code=00101012026&supplier_code=00100096&order_time=2021-09-17 HTTP/1.1" 200 410
116.238.248.233 - - [17/Sep/2021:09:21:36 +0800] "GET /xingrg/kc/buy/cgsh_order_operate.html?command=get_materiel&rest_code=00150&code=00101006087&supplier_code=00100096&order_time=2021-09-17 HTTP/1.1" 200 409
114.85.125.222 - - [17/Sep/2021:09:21:37 +0800] "GET /xingrg/kc/base/wldb_order_operate.html?command=get_materiel&rest_code=00150&base_code=0010451&code=00101004023 HTTP/1.1" 200 431
114.83.220.177 - - [17/Sep/2021:09:21:44 +0800] "GET /xingrg/kc/buy/cgsh_order_operate.html?command=get_materiel&rest_code=00149&code=00101007061&supplier_code=00100205&order_time=2021-09-17 HTTP/1.1" 200 409
116.238.168.124 - - [17/Sep/2021:09:21:48 +0800] "GET /xingrg/kc/buy/cgsh_order_operate.html?command=get_materiel&rest_code=00102&code=00101006133&supplier_code=00100096&order_time=2021-09-17 HTTP/1.1" 200 415
116.228.172.94 - - [17/Sep/2021:09:21:48 +0800] "GET /xingrg/all/function/internal_message.html?_=1631841723386&CODE_STATE=getMsg HTTP/1.1" 200 27
120.253.135.82 - - [17/Sep/2021:09:21:49 +0800] "GET /xingrg/check_reg.html?_=1631841481598 HTTP/1.1" 200 22
222.70.179.190 - - [17/Sep/2021:09:21:49 +0800] "GET /xingrg/all/function/internal_message.html?_=1631841700339&CODE_STATE=getMsg HTTP/1.1" 200 27
114.85.125.222 - - [17/Sep/2021:09:21:50 +0800] "POST /xingrg/kc/base/wldb_order_operate.html HTTP/1.1" 200 37
114.85.125.222 - - [17/Sep/2021:09:21:52 +0800] "POST /xingrg/kc/base/wldb_order_operate.html HTTP/1.1" 200 12
114.85.125.222 - - [17/Sep/2021:09:21:52 +0800] "POST /xingrg/kc/base/wldb_order_operate.html HTTP/1.1" 200 2177
116.237.74.154 - - [17/Sep/2021:09:21:52 +0800] "GET /xingrg/all/function/internal_message.html?_=1631841712346&CODE_STATE=getMsg HTTP/1.1" 200 27
114.85.125.222 - - [17/Sep/2021:09:21:52 +0800] "GET /xingrg/kc/base/wldb_order_info.html?code=422021091701816 HTTP/1.1" 200 26327
114.85.125.222 - - [17/Sep/2021:09:21:53 +0800] "GET /xingrg/javascript/easyui/themes/default/validatebox.css HTTP/1.1" 404 1104
114.85.125.222 - - [17/Sep/2021:09:21:53 +0800] "POST /xingrg/kc/base/wldb_order_operate.html HTTP/1.1" 200 471
114.85.125.222 - - [17/Sep/2021:09:21:55 +0800] "GET /xingrg/kc/print/load_config.html?kc_code=wldb HTTP/1.1" 200 2173
114.85.125.222 - - [17/Sep/2021:09:21:55 +0800] "GET /xingrg/kc/print/load_data.html?order_code=422021091701816&kc_code=wldb&condition= HTTP/1.1" 200 588
116.232.55.124 - - [17/Sep/2021:09:21:56 +0800] "GET /xingrg/all/function/internal_message.html?_=1631841717860&CODE_STATE=getMsg HTTP/1.1" 200 27
116.238.168.124 - - [17/Sep/2021:09:21:57 +0800] "GET /xingrg/all/function/internal_message.html?_=1631841696007&CODE_STATE=getMsg HTTP/1.1" 200 27
180.169.147.146 - - [17/Sep/2021:09:21:59 +0800] "GET /xingrg/all/function/internal_message.html?_=1631841755057&CODE_STATE=getMsg HTTP/1.1" 200 27
114.83.220.177 - - [17/Sep/2021:09:21:59 +0800] "POST /xingrg/services/DataTransmitService HTTP/1.1" 200 501
116.238.248.233 - - [17/Sep/2021:09:21:59 +0800] "GET /xingrg/kc/buy/cgsh_order_operate.html?command=get_materiel&rest_code=00150&code=00101007061&supplier_code=00100096&order_time=2021-09-17 HTTP/1.1" 200 409
116.238.168.124 - - [17/Sep/2021:09:22:00 +0800] "GET /xingrg/kc/buy/cgsh_order_operate.html?command=get_materiel&rest_code=00102&code=00101006193&supplier_code=00100096&order_time=2021-09-17 HTTP/1.1" 200 411
120.253.135.82 - - [17/Sep/2021:09:22:01 +0800] "GET /xingrg/all/function/internal_message.html?_=1631841494266&CODE_STATE=getMsg HTTP/1.1" 200 27
116.230.105.26 - - [17/Sep/2021:09:22:02 +0800] "GET /xingrg/all/function/internal_message.html?_=1631841709100&CODE_STATE=getMsg HTTP/1.1" 200 27
124.79.246.142 - - [17/Sep/2021:09:22:02 +0800] "GET /xingrg/all/function/internal_message.html?_=1631842182143&CODE_STATE=getMsg HTTP/1.1" 200 27
114.83.220.177 - - [17/Sep/2021:09:22:02 +0800] "GET /xingrg/kc/buy/cgsh_order_operate.html?command=get_materiel&rest_code=00149&code=00101007059&supplier_code=00100205&order_time=2021-09-17 HTTP/1.1" 200 411
116.232.55.124 - - [17/Sep/2021:09:22:02 +0800] "GET /xingrg/javascript/jquery_tools/images/prev.gif HTTP/1.1" 404 1086
116.232.55.124 - - [17/Sep/2021:09:22:02 +0800] "GET /xingrg/javascript/jquery_tools/images/next.gif HTTP/1.1" 404 1086
114.85.125.222 - - [17/Sep/2021:09:22:08 +0800] "GET /xingrg/kc/base/wldb_order_add.html HTTP/1.1" 200 30452
114.85.125.222 - - [17/Sep/2021:09:22:08 +0800] "POST /xingrg/kc/base/wldb_order_operate.html HTTP/1.1" 200 6806
114.85.125.222 - - [17/Sep/2021:09:22:08 +0800] "GET /xingrg/javascript/easyui/themes/default/validatebox.css HTTP/1.1" 404 1104
101.83.145.79 - - [17/Sep/2021:09:22:09 +0800] "GET /xingrg/all/function/internal_message.html?_=1631841730291&CODE_STATE=getMsg HTTP/1.1" 200 27
222.70.246.151 - - [17/Sep/2021:09:22:09 +0800] "GET /xingrg/all/function/internal_message.html?_=1631841746882&CODE_STATE=getMsg HTTP/1.1" 200 27
114.85.125.222 - - [17/Sep/2021:09:22:09 +0800] "POST /xingrg/all/common/load_combo.html?type=base HTTP/1.1" 200 2966
120.253.135.82 - - [17/Sep/2021:09:22:09 +0800] "GET /xingrg/all/function/internal_message.html?_=1631841749441&CODE_STATE=getMsg HTTP/1.1" 200 27
116.228.172.94 - - [17/Sep/2021:09:22:10 +0800] "POST /xingrg/dwr/call/plaincall/AjaxQqpsService.saveOrder.dwr HTTP/1.1" 200 79
116.238.248.233 - - [17/Sep/2021:09:22:11 +0800] "GET /xingrg/kc/buy/cgsh_order_operate.html?command=get_materiel&rest_code=00150&code=00101007049&supplier_code=00100096&order_time=2021-09-17 HTTP/1.1" 200 409
114.83.220.177 - - [17/Sep/2021:09:22:12 +0800] "GET /xingrg/all/function/internal_message.html?_=1631841731371&CODE_STATE=getMsg HTTP/1.1" 200 27
124.79.76.92 - - [17/Sep/2021:09:22:13 +0800] "GET /xingrg/all/function/internal_message.html?_=1631841735395&CODE_STATE=getMsg HTTP/1.1" 302 -
116.238.168.124 - - [17/Sep/2021:09:22:14 +0800] "GET /xingrg/kc/buy/cgsh_order_operate.html?command=get_materiel&rest_code=00102&code=00101006039&supplier_code=00100096&order_time=2021-09-17 HTTP/1.1" 200 413
116.228.172.94 - - [17/Sep/2021:09:22:15 +0800] "POST /xingrg/dwr/call/plaincall/AjaxQqpsService.checkOrder.dwr HTTP/1.1" 200 79
116.228.172.94 - - [17/Sep/2021:09:22:16 +0800] "GET /xingrg/kc/mdqp/qqps_order_info.html?code=302021091700377 HTTP/1.1" 200 24415
116.228.172.94 - - [17/Sep/2021:09:22:17 +0800] "GET /xingrg/dwr/interface/AjaxComOrderService.js HTTP/1.1" 200 18264
116.228.172.94 - - [17/Sep/2021:09:22:17 +0800] "GET /xingrg/dwr/interface/AjaxQqpsService.js HTTP/1.1" 200 16326
116.228.172.94 - - [17/Sep/2021:09:22:17 +0800] "GET /xingrg/dwr/engine.js HTTP/1.1" 200 43631
114.83.220.177 - - [17/Sep/2021:09:22:17 +0800] "POST /xingrg/kc/buy/cgsh_order_operate.html HTTP/1.1" 200 37
116.228.172.94 - - [17/Sep/2021:09:22:18 +0800] "POST /xingrg/dwr/call/plaincall/AjaxQqpsService.loadMaterielItems.dwr HTTP/1.1" 200 709
114.83.220.177 - - [17/Sep/2021:09:22:20 +0800] "POST /xingrg/kc/buy/cgsh_order_operate.html HTTP/1.1" 200 12
116.238.248.233 - - [17/Sep/2021:09:22:21 +0800] "GET /xingrg/kc/buy/cgsh_order_operate.html?command=get_materiel&rest_code=00150&code=00101007023&supplier_code=00100096&order_time=2021-09-17 HTTP/1.1" 200 409
116.228.172.94 - - [17/Sep/2021:09:22:22 +0800] "GET /xingrg/kc/mdqp/qqps_order_list.html HTTP/1.1" 200 9664
116.228.172.94 - - [17/Sep/2021:09:22:22 +0800] "GET /xingrg/dwr/interface/AjaxQqpsService.js HTTP/1.1" 200 16326
116.228.172.94 - - [17/Sep/2021:09:22:22 +0800] "GET /xingrg/dwr/interface/AjaxReportQueryService.js HTTP/1.1" 200 13203
116.228.172.94 - - [17/Sep/2021:09:22:22 +0800] "GET /xingrg/dwr/engine.js HTTP/1.1" 200 43631
116.228.172.94 - - [17/Sep/2021:09:22:23 +0800] "GET /xingrg/kc/mdqp/qqps_order_list.html?isQuery=1&timeSelect=1&orderTime=day&startTime=2021-09-17&endTime=2021-09-17&state=all&query=%C8%B7++%B6%A8 HTTP/1.1" 200 9763
116.228.172.94 - - [17/Sep/2021:09:22:23 +0800] "GET /xingrg/dwr/interface/AjaxQqpsService.js HTTP/1.1" 200 16326
116.228.172.94 - - [17/Sep/2021:09:22:23 +0800] "GET /xingrg/dwr/interface/AjaxReportQueryService.js HTTP/1.1" 200 13203
116.228.172.94 - - [17/Sep/2021:09:22:23 +0800] "GET /xingrg/dwr/engine.js HTTP/1.1" 200 43631
114.83.220.177 - - [17/Sep/2021:09:22:23 +0800] "GET /xingrg/kc/buy/cgsh_order_info.html?code=212021091707156 HTTP/1.1" 200 58442
114.83.220.177 - - [17/Sep/2021:09:22:23 +0800] "GET /xingrg/javascript/easyui/themes/default/validatebox.css HTTP/1.1" 404 1104
114.83.220.177 - - [17/Sep/2021:09:22:24 +0800] "POST /xingrg/kc/buy/cgsh_order_operate.html HTTP/1.1" 200 2366
114.85.125.222 - - [17/Sep/2021:09:22:24 +0800] "GET /xingrg/kc/base/wldb_order_operate.html?command=get_materiel&rest_code=00150&base_code=0010450&code=00101004027 HTTP/1.1" 200 428
114.83.220.177 - - [17/Sep/2021:09:22:24 +0800] "POST /xingrg/services/DataTransmitService HTTP/1.1" 200 501
116.238.248.233 - - [17/Sep/2021:09:22:26 +0800] "GET /xingrg/all/function/internal_message.html?_=1631841745560&CODE_STATE=getMsg HTTP/1.1" 200 27
116.228.172.94 - - [17/Sep/2021:09:22:26 +0800] "POST /xingrg/dwr/call/plaincall/AjaxReportQueryService.getFixDate.dwr HTTP/1.1" 200 111
114.83.220.177 - - [17/Sep/2021:09:22:26 +0800] "GET /xingrg/kc/print/load_data.html?order_code=212021091707156&kc_code=cgsh&condition= HTTP/1.1" 200 1357
114.85.125.222 - - [17/Sep/2021:09:22:27 +0800] "GET /xingrg/all/function/internal_message.html?_=1631841731370&CODE_STATE=getMsg HTTP/1.1" 200 27
116.228.172.94 - - [17/Sep/2021:09:22:27 +0800] "GET /xingrg/kc/mdqp/qqps_order_list.html?isQuery=1&timeSelect=1&orderTime=month&startTime=2021-09-01&endTime=2021-09-30&state=all&query=%C8%B7++%B6%A8 HTTP/1.1" 200 10172
116.228.172.94 - - [17/Sep/2021:09:22:27 +0800] "GET /xingrg/dwr/interface/AjaxQqpsService.js HTTP/1.1" 200 16326
116.228.172.94 - - [17/Sep/2021:09:22:27 +0800] "GET /xingrg/dwr/interface/AjaxReportQueryService.js HTTP/1.1" 200 13203
116.228.172.94 - - [17/Sep/2021:09:22:27 +0800] "GET /xingrg/dwr/engine.js HTTP/1.1" 200 43631
116.238.168.124 - - [17/Sep/2021:09:22:28 +0800] "GET /xingrg/kc/buy/cgsh_order_operate.html?command=get_materiel&rest_code=00102&code=00101006029&supplier_code=00100096&order_time=2021-09-17 HTTP/1.1" 200 409
114.83.220.177 - - [17/Sep/2021:09:22:28 +0800] "POST /xingrg/services/DataTransmitService HTTP/1.1" 200 501
114.83.220.177 - - [17/Sep/2021:09:22:29 +0800] "POST /xingrg/services/DataTransmitService HTTP/1.1" 200 501
124.79.246.142 - - [17/Sep/2021:09:22:30 +0800] "GET /xingrg/check_reg.html?_=1631841852833 HTTP/1.1" 200 22
124.79.246.142 - - [17/Sep/2021:09:22:30 +0800] "GET /xingrg/all/function/internal_message.html?_=1631841852834&CODE_STATE=getMsg HTTP/1.1" 200 27
114.83.220.177 - - [17/Sep/2021:09:22:31 +0800] "GET /xingrg/javascript/jquery_easy_ui/themes/default/images/tabs_active.png HTTP/1.1" 200 2894
116.238.168.124 - - [17/Sep/2021:09:22:40 +0800] "GET /xingrg/kc/buy/cgsh_order_operate.html?command=get_materiel&rest_code=00102&code=00101016105&supplier_code=00100096&order_time=2021-09-17 HTTP/1.1" 200 409
114.85.125.222 - - [17/Sep/2021:09:22:41 +0800] "GET /xingrg/kc/base/wldb_order_operate.html?command=get_materiel&rest_code=00150&base_code=0010450&code=00101004103 HTTP/1.1" 200 421
114.83.220.177 - - [17/Sep/2021:09:22:41 +0800] "POST /xingrg/services/DataTransmitService HTTP/1.1" 200 501
114.83.220.177 - - [17/Sep/2021:09:22:43 +0800] "POST /xingrg/services/DataTransmitService HTTP/1.1" 200 501
114.83.220.177 - - [17/Sep/2021:09:22:44 +0800] "POST /xingrg/services/DataTransmitService HTTP/1.1" 200 501
116.232.55.124 - - [17/Sep/2021:09:22:45 +0800] "GET /xingrg/kc/buy/cgsh_order_operate.html?command=get_materiel&rest_code=00156&code=00101008176&supplier_code=00100005&order_time=2021-09-17 HTTP/1.1" 200 412
120.253.135.82 - - [17/Sep/2021:09:22:46 +0800] "GET /xingrg/check_reg.html?_=1631841785801 HTTP/1.1" 200 22
222.70.179.190 - - [17/Sep/2021:09:22:48 +0800] "GET /xingrg/kc/buy/cgyd_order_operate.html?command=get_materiel&rest_code=00111&code=00101008132&supplier_code=00100004 HTTP/1.1" 200 408
114.83.220.177 - - [17/Sep/2021:09:22:48 +0800] "POST /xingrg/services/DataTransmitService HTTP/1.1" 200 412
116.228.172.94 - - [17/Sep/2021:09:22:48 +0800] "GET /xingrg/all/function/internal_message.html?_=1631841783368&CODE_STATE=getMsg HTTP/1.1" 200 27
