222.70.246.151 - - [17/Sep/2021:08:27:08 +0800] "GET /xingrg/all/function/internal_message.html?_=1631838446135&CODE_STATE=getMsg HTTP/1.1" 200 27
124.79.76.92 - - [17/Sep/2021:08:27:13 +0800] "GET /xingrg/all/function/internal_message.html?_=1631838435378&CODE_STATE=getMsg HTTP/1.1" 200 27
116.238.168.124 - - [17/Sep/2021:08:27:15 +0800] "POST /xingrg/kc/buy/cgsh_list_operate.html HTTP/1.1" 200 566
116.238.168.124 - - [17/Sep/2021:08:27:16 +0800] "GET /xingrg/kc/buy/cgsh_order_info.html?code=212021091707145 HTTP/1.1" 200 63450
116.238.168.124 - - [17/Sep/2021:08:27:16 +0800] "GET /xingrg/javascript/easyui/themes/default/validatebox.css HTTP/1.1" 404 1104
116.238.168.124 - - [17/Sep/2021:08:27:17 +0800] "POST /xingrg/kc/buy/cgsh_order_operate.html HTTP/1.1" 200 13906
116.238.248.233 - - [17/Sep/2021:08:27:25 +0800] "GET /xingrg/all/function/internal_message.html?_=1631838445465&CODE_STATE=getMsg HTTP/1.1" 200 27
116.230.105.26 - - [17/Sep/2021:08:27:40 +0800] "GET /xingrg/all/function/internal_message.html?_=1631838447771&CODE_STATE=getMsg HTTP/1.1" 200 27
180.169.147.146 - - [17/Sep/2021:08:27:41 +0800] "GET /xingrg/check_reg.html?_=1631838461212 HTTP/1.1" 302 -
180.169.147.146 - - [17/Sep/2021:08:27:41 +0800] "GET /xingrg/all/function/internal_message.html?_=1631838461214&CODE_STATE=getMsg HTTP/1.1" 302 -
120.253.135.82 - - [17/Sep/2021:08:27:45 +0800] "GET /xingrg/check_reg.html?_=1631838485738 HTTP/1.1" 200 22
116.238.168.124 - - [17/Sep/2021:08:27:51 +0800] "GET /xingrg/all/function/internal_message.html?_=1631838449518&CODE_STATE=getMsg HTTP/1.1" 200 27
120.253.135.82 - - [17/Sep/2021:08:27:56 +0800] "GET /xingrg/all/function/internal_message.html?_=1631838249024&CODE_STATE=getMsg HTTP/1.1" 200 27
114.85.125.222 - - [17/Sep/2021:08:27:59 +0800] "GET /favicon.ico HTTP/1.1" 404 -
124.79.246.142 - - [17/Sep/2021:08:28:01 +0800] "GET /xingrg/all/function/internal_message.html?_=1631838941228&CODE_STATE=getMsg HTTP/1.1" 200 27
114.85.125.222 - - [17/Sep/2021:08:28:02 +0800] "GET /xingrg/login.html HTTP/1.1" 200 7641
114.85.125.222 - - [17/Sep/2021:08:28:02 +0800] "GET /xingrg/images/blue/jxLogo.png HTTP/1.1" 304 -
114.85.125.222 - - [17/Sep/2021:08:28:02 +0800] "GET /xingrg/images/blue/login_bg.png HTTP/1.1" 304 -
114.85.125.222 - - [17/Sep/2021:08:28:02 +0800] "GET /xingrg/images/blue/hj.png HTTP/1.1" 304 -
114.85.125.222 - - [17/Sep/2021:08:28:03 +0800] "GET /xingrg/images/blue/srbg.png HTTP/1.1" 304 -
114.85.125.222 - - [17/Sep/2021:08:28:03 +0800] "GET /favicon.ico HTTP/1.1" 404 -
114.85.125.222 - - [17/Sep/2021:08:28:04 +0800] "POST /xingrg/login.do HTTP/1.1" 302 -
114.85.125.222 - - [17/Sep/2021:08:28:04 +0800] "GET /xingrg/index.html?sysBaseUrl=http%3A%2F%2F180.169.147.146%3A18081%2Fxingrg%2F&costTime=144×tamp=1631838484549 HTTP/1.1" 200 17179
114.85.125.222 - - [17/Sep/2021:08:28:04 +0800] "GET /xingrg/javascript/jquery_easy_ui/themes/default/easyui.css HTTP/1.1" 304 -
114.85.125.222 - - [17/Sep/2021:08:28:04 +0800] "GET /xingrg/javascript/jquery_easy_ui/themes/icon.css HTTP/1.1" 304 -
114.85.125.222 - - [17/Sep/2021:08:28:04 +0800] "GET /xingrg/css/form.css HTTP/1.1" 304 -
114.85.125.222 - - [17/Sep/2021:08:28:04 +0800] "GET /xingrg/javascript/jquery_easy_ui/easyui-lang-zh_CN.js HTTP/1.1" 304 -
114.85.125.222 - - [17/Sep/2021:08:28:04 +0800] "GET /xingrg/javascript/jquery-1.4.2.min.js HTTP/1.1" 304 -
114.85.125.222 - - [17/Sep/2021:08:28:04 +0800] "GET /xingrg/javascript/jquery.timers.js HTTP/1.1" 304 -
114.85.125.222 - - [17/Sep/2021:08:28:04 +0800] "GET /xingrg/javascript/jquery_easy_ui/jquery.easyui.min.js HTTP/1.1" 304 -
114.85.125.222 - - [17/Sep/2021:08:28:04 +0800] "GET /xingrg/javascript/jquery.form.js HTTP/1.1" 304 -
114.85.125.222 - - [17/Sep/2021:08:28:04 +0800] "GET /xingrg/javascript/jquery.utils.js HTTP/1.1" 304 -
114.85.125.222 - - [17/Sep/2021:08:28:04 +0800] "GET /xingrg/images/blue/navBackgound.jpg HTTP/1.1" 304 -
114.85.125.222 - - [17/Sep/2021:08:28:04 +0800] "GET /xingrg/javascript/jquery_easy_ui/themes/icons/settle_new.png HTTP/1.1" 304 -
114.85.125.222 - - [17/Sep/2021:08:28:04 +0800] "GET /favicon.ico HTTP/1.1" 404 -
114.85.125.222 - - [17/Sep/2021:08:28:04 +0800] "POST /xingrg/all/common/load_tree.html?tree=area_rest_tree_json&manage=1 HTTP/1.1" 200 476
114.85.125.222 - - [17/Sep/2021:08:28:04 +0800] "GET /xingrg/images/blue/pingpu.png HTTP/1.1" 304 -
114.85.125.222 - - [17/Sep/2021:08:28:04 +0800] "GET /xingrg/javascript/jquery_easy_ui/themes/default/images/tabs_leftarrow.png HTTP/1.1" 304 -
114.85.125.222 - - [17/Sep/2021:08:28:04 +0800] "GET /xingrg/javascript/jquery_easy_ui/themes/default/images/tabs_rightarrow.png HTTP/1.1" 304 -
114.85.125.222 - - [17/Sep/2021:08:28:04 +0800] "GET /xingrg/javascript/jquery_easy_ui/themes/default/images/panel_tool_collapse.gif HTTP/1.1" 304 -
114.85.125.222 - - [17/Sep/2021:08:28:04 +0800] "GET /xingrg/all/function/internal_message.html?_=1631838469185&CODE_STATE=count HTTP/1.1" 200 11
114.85.125.222 - - [17/Sep/2021:08:28:04 +0800] "GET /xingrg/check_reg.html?_=1631838469186 HTTP/1.1" 200 22
114.85.125.222 - - [17/Sep/2021:08:28:04 +0800] "GET /xingrg/javascript/jquery_easy_ui/themes/default/images/tree_arrows.gif HTTP/1.1" 304 -
114.85.125.222 - - [17/Sep/2021:08:28:04 +0800] "POST /xingrg/load_menu.html HTTP/1.1" 200 5138
114.85.125.222 - - [17/Sep/2021:08:28:05 +0800] "GET /xingrg/javascript/jquery_easy_ui/themes/default/images/tree_folder_open.gif HTTP/1.1" 304 -
114.85.125.222 - - [17/Sep/2021:08:28:05 +0800] "GET /xingrg/javascript/jquery_easy_ui/themes/icons/storage_new.png HTTP/1.1" 304 -
114.85.125.222 - - [17/Sep/2021:08:28:05 +0800] "GET /xingrg/javascript/jquery_easy_ui/themes/icons/search_new.png HTTP/1.1" 304 -
114.85.125.222 - - [17/Sep/2021:08:28:05 +0800] "GET /xingrg/javascript/jquery_easy_ui/themes/default/images/tree_folder.gif HTTP/1.1" 304 -
114.85.125.222 - - [17/Sep/2021:08:28:05 +0800] "GET /xingrg/javascript/jquery_easy_ui/themes/icons/forms_new.png HTTP/1.1" 304 -
114.85.125.222 - - [17/Sep/2021:08:28:05 +0800] "GET /xingrg/javascript/jquery_easy_ui/themes/default/images/tree_file.gif HTTP/1.1" 304 -
116.238.168.124 - - [17/Sep/2021:08:28:07 +0800] "POST /xingrg/kc/buy/cgsh_list_operate.html HTTP/1.1" 200 2737
120.253.135.82 - - [17/Sep/2021:08:28:08 +0800] "GET /xingrg/all/function/internal_message.html?_=1631838508232&CODE_STATE=getMsg HTTP/1.1" 200 27
222.70.246.151 - - [17/Sep/2021:08:28:08 +0800] "GET /xingrg/all/function/internal_message.html?_=1631838506149&CODE_STATE=getMsg HTTP/1.1" 200 27
116.238.168.124 - - [17/Sep/2021:08:28:11 +0800] "POST /xingrg/kc/buy/cgsh_list_operate.html HTTP/1.1" 200 559
116.238.168.124 - - [17/Sep/2021:08:28:12 +0800] "GET /xingrg/kc/buy/cgsh_order_info.html?code=212021091707142 HTTP/1.1" 200 63450
116.238.168.124 - - [17/Sep/2021:08:28:12 +0800] "GET /xingrg/javascript/easyui/themes/default/validatebox.css HTTP/1.1" 404 1104
124.79.76.92 - - [17/Sep/2021:08:28:13 +0800] "GET /xingrg/all/function/internal_message.html?_=1631838495379&CODE_STATE=getMsg HTTP/1.1" 200 27
116.238.168.124 - - [17/Sep/2021:08:28:13 +0800] "POST /xingrg/kc/buy/cgsh_order_operate.html HTTP/1.1" 200 12137
114.85.125.222 - - [17/Sep/2021:08:28:14 +0800] "GET /xingrg/javascript/jquery_easy_ui/themes/default/images/tabs_close.gif HTTP/1.1" 304 -
114.85.125.222 - - [17/Sep/2021:08:28:14 +0800] "GET /xingrg/css/base.css HTTP/1.1" 304 -
114.85.125.222 - - [17/Sep/2021:08:28:14 +0800] "GET /xingrg/css/site.css HTTP/1.1" 304 -
114.85.125.222 - - [17/Sep/2021:08:28:14 +0800] "GET /xingrg/javascript/easyui/themes/icon.css HTTP/1.1" 304 -
114.85.125.222 - - [17/Sep/2021:08:28:14 +0800] "GET /xingrg/javascript/jquery_tools/jquery.tools.extend.js HTTP/1.1" 304 -
114.85.125.222 - - [17/Sep/2021:08:28:14 +0800] "GET /xingrg/javascript/easyui/themes/default/easyui.css HTTP/1.1" 304 -
114.85.125.222 - - [17/Sep/2021:08:28:14 +0800] "GET /xingrg/javascript/jquery_tools/fix.css HTTP/1.1" 304 -
114.85.125.222 - - [17/Sep/2021:08:28:14 +0800] "GET /xingrg/javascript/jquery_tools/datebox.css HTTP/1.1" 304 -
114.85.125.222 - - [17/Sep/2021:08:28:14 +0800] "GET /xingrg/javascript/auto/jquery.autocomplete.css HTTP/1.1" 304 -
114.85.125.222 - - [17/Sep/2021:08:28:14 +0800] "GET /xingrg/javascript/jquery_tools/table.css HTTP/1.1" 304 -
114.85.125.222 - - [17/Sep/2021:08:28:14 +0800] "GET /xingrg/javascript/jquery_tools/jquery.tools.min.js HTTP/1.1" 304 -
114.85.125.222 - - [17/Sep/2021:08:28:14 +0800] "GET /xingrg/javascript/jquery_tools/jquery.tools.hotkey.js HTTP/1.1" 304 -
114.85.125.222 - - [17/Sep/2021:08:28:14 +0800] "GET /xingrg/javascript/jquery.cookie.js HTTP/1.1" 304 -
114.85.125.222 - - [17/Sep/2021:08:28:14 +0800] "GET /xingrg/javascript/auto/jquery.autocomplete.js HTTP/1.1" 304 -
114.85.125.222 - - [17/Sep/2021:08:28:14 +0800] "GET /xingrg/javascript/easyui/easyloader.js HTTP/1.1" 304 -
114.85.125.222 - - [17/Sep/2021:08:28:14 +0800] "GET /xingrg/javascript/jquery_tools/jquery.tools.table.js HTTP/1.1" 304 -
114.85.125.222 - - [17/Sep/2021:08:28:14 +0800] "GET /xingrg/javascript/jquery_tools/list_manager.js HTTP/1.1" 304 -
114.85.125.222 - - [17/Sep/2021:08:28:14 +0800] "GET /xingrg/javascript/print/LodopFuncs.js HTTP/1.1" 304 -
114.85.125.222 - - [17/Sep/2021:08:28:14 +0800] "GET /xingrg/kc/buy/cgsh_order_list.html HTTP/1.1" 200 47750
114.85.125.222 - - [17/Sep/2021:08:28:14 +0800] "GET /xingrg/javascript/easyui/themes/icons/import_new.png HTTP/1.1" 304 -
114.85.125.222 - - [17/Sep/2021:08:28:14 +0800] "GET /xingrg/javascript/easyui/themes/icons/edit_add_new.png HTTP/1.1" 304 -
114.85.125.222 - - [17/Sep/2021:08:28:14 +0800] "GET /xingrg/javascript/easyui/themes/icons/check_new.png HTTP/1.1" 304 -
114.85.125.222 - - [17/Sep/2021:08:28:14 +0800] "GET /xingrg/javascript/easyui/themes/icons/field_new.png HTTP/1.1" 304 -
114.85.125.222 - - [17/Sep/2021:08:28:14 +0800] "GET /xingrg/javascript/easyui/themes/icons/cance_new.png HTTP/1.1" 304 -
114.85.125.222 - - [17/Sep/2021:08:28:14 +0800] "GET /xingrg/javascript/jquery_easy_ui/themes/icons/area.png HTTP/1.1" 304 -
114.85.125.222 - - [17/Sep/2021:08:28:14 +0800] "GET /xingrg/javascript/jquery_easy_ui/themes/icons/rest.png HTTP/1.1" 304 -
114.85.125.222 - - [17/Sep/2021:08:28:14 +0800] "GET /xingrg/images/control/ajaxLoader.gif HTTP/1.1" 304 -
114.85.125.222 - - [17/Sep/2021:08:28:14 +0800] "GET /xingrg/javascript/easyui/plugins/jquery.parser.js HTTP/1.1" 304 -
114.85.125.222 - - [17/Sep/2021:08:28:15 +0800] "POST /xingrg/kc/buy/cgsh_list_operate.html HTTP/1.1" 200 876
114.85.125.222 - - [17/Sep/2021:08:28:17 +0800] "GET /xingrg/javascript/easyui/themes/default/images/button_plain_hover.png HTTP/1.1" 304 -
114.85.125.222 - - [17/Sep/2021:08:28:19 +0800] "GET /xingrg/javascript/pic_change.js HTTP/1.1" 304 -
114.85.125.222 - - [17/Sep/2021:08:28:19 +0800] "GET /xingrg/javascript/jquery_tools/order_manager.js HTTP/1.1" 304 -
114.85.125.222 - - [17/Sep/2021:08:28:19 +0800] "GET /xingrg/javascript/convert.js HTTP/1.1" 304 -
114.85.125.222 - - [17/Sep/2021:08:28:19 +0800] "GET /xingrg/javascript/json2.js HTTP/1.1" 304 -
114.85.125.222 - - [17/Sep/2021:08:28:19 +0800] "GET /xingrg/javascript/print/kc_print.js HTTP/1.1" 304 -
114.85.125.222 - - [17/Sep/2021:08:28:19 +0800] "GET /xingrg/kc/buy/cgsh_order_add.html HTTP/1.1" 200 63418
114.85.125.222 - - [17/Sep/2021:08:28:19 +0800] "GET /xingrg/words/20210916155951_words.js HTTP/1.1" 200 845252
114.85.125.222 - - [17/Sep/2021:08:28:19 +0800] "GET /xingrg/javascript/easyui/themes/icons/copy_new.png HTTP/1.1" 304 -
114.85.125.222 - - [17/Sep/2021:08:28:19 +0800] "GET /xingrg/javascript/easyui/themes/icons/template_new.png HTTP/1.1" 304 -
114.85.125.222 - - [17/Sep/2021:08:28:19 +0800] "GET /xingrg/javascript/easyui/themes/icons/ok.png HTTP/1.1" 304 -
114.85.125.222 - - [17/Sep/2021:08:28:19 +0800] "GET /xingrg/javascript/easyui/themes/icons/print.png HTTP/1.1" 304 -
114.85.125.222 - - [17/Sep/2021:08:28:19 +0800] "GET /xingrg/javascript/easyui/themes/default/images/menu_downarrow.png HTTP/1.1" 304 -
114.85.125.222 - - [17/Sep/2021:08:28:19 +0800] "GET /xingrg/javascript/easyui/themes/icons/cancel.png HTTP/1.1" 304 -
114.85.125.222 - - [17/Sep/2021:08:28:19 +0800] "GET /xingrg/all/common/auto_word.html?type=employee&rest_code=00150 HTTP/1.1" 200 205
114.85.125.222 - - [17/Sep/2021:08:28:19 +0800] "GET /xingrg/all/common/auto_word.html?type=employee&rest_code=00150 HTTP/1.1" 200 205
114.85.125.222 - - [17/Sep/2021:08:28:19 +0800] "GET /xingrg/javascript/easyui/themes/default/validatebox.css HTTP/1.1" 404 1104
114.85.125.222 - - [17/Sep/2021:08:28:19 +0800] "GET /xingrg/javascript/easyui/plugins/jquery.validatebox.js HTTP/1.1" 304 -
114.85.125.222 - - [17/Sep/2021:08:28:19 +0800] "GET /xingrg/javascript/easyui/plugins/jquery.numberbox.js HTTP/1.1" 304 -
114.85.125.222 - - [17/Sep/2021:08:28:20 +0800] "POST /xingrg/kc/buy/cgsh_order_operate.html HTTP/1.1" 200 8245
114.85.125.222 - - [17/Sep/2021:08:28:20 +0800] "GET /xingrg/javascript/easyui/themes/icons/edit_remove.png HTTP/1.1" 304 -
114.85.125.222 - - [17/Sep/2021:08:28:21 +0800] "GET /xingrg/javascript/auto/indicator.gif HTTP/1.1" 404 1066
116.238.248.233 - - [17/Sep/2021:08:28:25 +0800] "GET /xingrg/all/function/internal_message.html?_=1631838505468&CODE_STATE=getMsg HTTP/1.1" 200 27
222.70.246.151 - - [17/Sep/2021:08:28:28 +0800] "GET /xingrg/check_reg.html?_=1631838525592 HTTP/1.1" 200 22
114.85.125.222 - - [17/Sep/2021:08:28:30 +0800] "GET /xingrg/kc/buy/cgsh_order_operate.html?command=get_materiel&rest_code=00150&code=00101008323&supplier_code=00100007&order_time=2021-09-17 HTTP/1.1" 200 408
116.230.105.26 - - [17/Sep/2021:08:28:40 +0800] "GET /xingrg/check_reg.html?_=1631838507759 HTTP/1.1" 200 22
116.230.105.26 - - [17/Sep/2021:08:28:40 +0800] "GET /xingrg/all/function/internal_message.html?_=1631838507761&CODE_STATE=getMsg HTTP/1.1" 200 27
180.169.147.146 - - [17/Sep/2021:08:28:41 +0800] "GET /xingrg/all/function/internal_message.html?_=1631838521205&CODE_STATE=getMsg HTTP/1.1" 302 -
114.85.125.222 - - [17/Sep/2021:08:28:42 +0800] "GET /xingrg/kc/buy/cgsh_order_operate.html?command=get_materiel&rest_code=00150&code=00101008261&supplier_code=00100007&order_time=2021-09-17 HTTP/1.1" 200 408
116.238.168.124 - - [17/Sep/2021:08:28:49 +0800] "GET /xingrg/check_reg.html?_=1631838508175 HTTP/1.1" 200 22
116.238.168.124 - - [17/Sep/2021:08:28:51 +0800] "GET /xingrg/all/function/internal_message.html?_=1631838509532&CODE_STATE=getMsg HTTP/1.1" 200 27
114.85.125.222 - - [17/Sep/2021:08:28:54 +0800] "GET /xingrg/kc/buy/cgsh_order_operate.html?command=get_materiel&rest_code=00150&code=00101008156&supplier_code=00100007&order_time=2021-09-17 HTTP/1.1" 200 414
120.253.135.82 - - [17/Sep/2021:08:28:56 +0800] "GET /xingrg/all/function/internal_message.html?_=1631838309264&CODE_STATE=getMsg HTTP/1.1" 200 27
124.79.246.142 - - [17/Sep/2021:08:29:01 +0800] "GET /xingrg/all/function/internal_message.html?_=1631839001236&CODE_STATE=getMsg HTTP/1.1" 200 27
114.85.125.222 - - [17/Sep/2021:08:29:03 +0800] "GET /xingrg/kc/buy/cgsh_order_operate.html?command=get_materiel&rest_code=00150&code=00101008349&supplier_code=00100007&order_time=2021-09-17 HTTP/1.1" 200 412
114.85.125.222 - - [17/Sep/2021:08:29:04 +0800] "GET /xingrg/all/function/internal_message.html?_=1631838529200&CODE_STATE=getMsg HTTP/1.1" 200 27
120.253.135.82 - - [17/Sep/2021:08:29:08 +0800] "GET /xingrg/all/function/internal_message.html?_=1631838568246&CODE_STATE=getMsg HTTP/1.1" 200 27
222.70.246.151 - - [17/Sep/2021:08:29:08 +0800] "GET /xingrg/all/function/internal_message.html?_=1631838566162&CODE_STATE=getMsg HTTP/1.1" 200 27
124.79.76.92 - - [17/Sep/2021:08:29:13 +0800] "GET /xingrg/all/function/internal_message.html?_=1631838555380&CODE_STATE=getMsg HTTP/1.1" 200 27
114.85.125.222 - - [17/Sep/2021:08:29:16 +0800] "GET /xingrg/kc/buy/cgsh_order_operate.html?command=get_materiel&rest_code=00150&code=00101008244&supplier_code=00100007&order_time=2021-09-17 HTTP/1.1" 200 408
116.238.168.124 - - [17/Sep/2021:08:29:19 +0800] "POST /xingrg/kc/buy/cgsh_list_operate.html HTTP/1.1" 200 2737
116.238.168.124 - - [17/Sep/2021:08:29:20 +0800] "POST /xingrg/kc/buy/cgsh_list_operate.html HTTP/1.1" 200 567
116.238.168.124 - - [17/Sep/2021:08:29:23 +0800] "GET /xingrg/kc/buy/cgsh_order_info.html?code=212021091707143 HTTP/1.1" 200 63450
116.238.168.124 - - [17/Sep/2021:08:29:23 +0800] "GET /xingrg/javascript/easyui/themes/default/validatebox.css HTTP/1.1" 404 1104
114.85.125.222 - - [17/Sep/2021:08:29:24 +0800] "GET /xingrg/kc/buy/cgsh_order_operate.html?command=get_materiel&rest_code=00150&code=00101008149&supplier_code=00100007&order_time=2021-09-17 HTTP/1.1" 200 408
116.238.168.124 - - [17/Sep/2021:08:29:24 +0800] "POST /xingrg/kc/buy/cgsh_order_operate.html HTTP/1.1" 200 20976
116.238.248.233 - - [17/Sep/2021:08:29:25 +0800] "GET /xingrg/all/function/internal_message.html?_=1631838565468&CODE_STATE=getMsg HTTP/1.1" 200 27
114.85.125.222 - - [17/Sep/2021:08:29:32 +0800] "GET /xingrg/kc/buy/cgsh_order_operate.html?command=get_materiel&rest_code=00150&code=00101008612&supplier_code=00100007&order_time=2021-09-17 HTTP/1.1" 200 406
116.230.105.26 - - [17/Sep/2021:08:29:40 +0800] "GET /xingrg/all/function/internal_message.html?_=1631838567766&CODE_STATE=getMsg HTTP/1.1" 200 27
180.169.147.146 - - [17/Sep/2021:08:29:41 +0800] "GET /xingrg/all/function/internal_message.html?_=1631838581216&CODE_STATE=getMsg HTTP/1.1" 302 -
114.85.125.222 - - [17/Sep/2021:08:29:42 +0800] "GET /xingrg/kc/buy/cgsh_order_operate.html?command=get_materiel&rest_code=00150&code=00101008308&supplier_code=00100007&order_time=2021-09-17 HTTP/1.1" 200 420
116.238.168.124 - - [17/Sep/2021:08:29:51 +0800] "GET /xingrg/all/function/internal_message.html?_=1631838569545&CODE_STATE=getMsg HTTP/1.1" 200 27
114.85.125.222 - - [17/Sep/2021:08:29:51 +0800] "GET /xingrg/kc/buy/cgsh_order_operate.html?command=get_materiel&rest_code=00150&code=00101008026&supplier_code=00100007&order_time=2021-09-17 HTTP/1.1" 200 409
120.253.135.82 - - [17/Sep/2021:08:29:56 +0800] "GET /xingrg/all/function/internal_message.html?_=1631838369270&CODE_STATE=getMsg HTTP/1.1" 200 27
114.85.125.222 - - [17/Sep/2021:08:29:59 +0800] "GET /xingrg/kc/buy/cgsh_order_operate.html?command=get_materiel&rest_code=00150&code=00101008096&supplier_code=00100007&order_time=2021-09-17 HTTP/1.1" 200 412
124.79.246.142 - - [17/Sep/2021:08:30:01 +0800] "GET /xingrg/check_reg.html?_=1631839061103 HTTP/1.1" 200 22
124.79.246.142 - - [17/Sep/2021:08:30:01 +0800] "GET /xingrg/all/function/internal_message.html?_=1631839061258&CODE_STATE=getMsg HTTP/1.1" 200 27
114.85.125.222 - - [17/Sep/2021:08:30:04 +0800] "GET /xingrg/all/function/internal_message.html?_=1631838589213&CODE_STATE=getMsg HTTP/1.1" 200 27
114.85.125.222 - - [17/Sep/2021:08:30:07 +0800] "GET /xingrg/kc/buy/cgsh_order_operate.html?command=get_materiel&rest_code=00150&code=00101008163&supplier_code=00100007&order_time=2021-09-17 HTTP/1.1" 200 409
120.253.135.82 - - [17/Sep/2021:08:30:08 +0800] "GET /xingrg/all/function/internal_message.html?_=1631838628292&CODE_STATE=getMsg HTTP/1.1" 200 27
222.70.246.151 - - [17/Sep/2021:08:30:08 +0800] "GET /xingrg/all/function/internal_message.html?_=1631838626176&CODE_STATE=getMsg HTTP/1.1" 200 27
124.79.76.92 - - [17/Sep/2021:08:30:13 +0800] "GET /xingrg/all/function/internal_message.html?_=1631838615382&CODE_STATE=getMsg HTTP/1.1" 200 27
114.85.125.222 - - [17/Sep/2021:08:30:14 +0800] "GET /xingrg/kc/buy/cgsh_order_operate.html?command=get_materiel&rest_code=00150&code=00101008224&supplier_code=00100007&order_time=2021-09-17 HTTP/1.1" 200 416
116.238.248.233 - - [17/Sep/2021:08:30:25 +0800] "GET /xingrg/all/function/internal_message.html?_=1631838625469&CODE_STATE=getMsg HTTP/1.1" 200 27
114.85.125.222 - - [17/Sep/2021:08:30:26 +0800] "GET /xingrg/kc/buy/cgsh_order_operate.html?command=get_materiel&rest_code=00150&code=00101008246&supplier_code=00100007&order_time=2021-09-17 HTTP/1.1" 200 408
116.237.74.154 - - [17/Sep/2021:08:30:27 +0800] "GET /xingrg/check_reg.html?_=1631838623790 HTTP/1.1" 200 22
114.85.125.222 - - [17/Sep/2021:08:30:34 +0800] "GET /xingrg/kc/buy/cgsh_order_operate.html?command=get_materiel&rest_code=00150&code=00101008220&supplier_code=00100007&order_time=2021-09-17 HTTP/1.1" 200 412
116.230.105.26 - - [17/Sep/2021:08:30:40 +0800] "GET /xingrg/all/function/internal_message.html?_=1631838627761&CODE_STATE=getMsg HTTP/1.1" 200 27
180.169.147.146 - - [17/Sep/2021:08:30:41 +0800] "GET /xingrg/all/function/internal_message.html?_=1631838641208&CODE_STATE=getMsg HTTP/1.1" 302 -
114.85.125.222 - - [17/Sep/2021:08:30:44 +0800] "GET /xingrg/kc/buy/cgsh_order_operate.html?command=get_materiel&rest_code=00150&code=00101008148&supplier_code=00100007&order_time=2021-09-17 HTTP/1.1" 200 416
116.238.168.124 - - [17/Sep/2021:08:30:51 +0800] "GET /xingrg/all/function/internal_message.html?_=1631838629558&CODE_STATE=getMsg HTTP/1.1" 200 27
120.253.135.82 - - [17/Sep/2021:08:30:57 +0800] "GET /xingrg/all/function/internal_message.html?_=1631838429492&CODE_STATE=getMsg HTTP/1.1" 200 27
114.85.125.222 - - [17/Sep/2021:08:31:00 +0800] "GET /xingrg/kc/buy/cgsh_order_operate.html?command=get_materiel&rest_code=00150&code=00101008144&supplier_code=00100007&order_time=2021-09-17 HTTP/1.1" 200 412
124.79.246.142 - - [17/Sep/2021:08:31:01 +0800] "GET /xingrg/all/function/internal_message.html?_=1631839121268&CODE_STATE=getMsg HTTP/1.1" 200 27
114.85.125.222 - - [17/Sep/2021:08:31:04 +0800] "GET /xingrg/all/function/internal_message.html?_=1631838649226&CODE_STATE=getMsg HTTP/1.1" 200 27
120.253.135.82 - - [17/Sep/2021:08:31:08 +0800] "GET /xingrg/all/function/internal_message.html?_=1631838688303&CODE_STATE=getMsg HTTP/1.1" 200 27
222.70.246.151 - - [17/Sep/2021:08:31:08 +0800] "GET /xingrg/all/function/internal_message.html?_=1631838686190&CODE_STATE=getMsg HTTP/1.1" 200 27
114.85.125.222 - - [17/Sep/2021:08:31:09 +0800] "GET /xingrg/kc/buy/cgsh_order_operate.html?command=get_materiel&rest_code=00150&code=00101008361&supplier_code=00100007&order_time=2021-09-17 HTTP/1.1" 200 408
124.79.76.92 - - [17/Sep/2021:08:31:13 +0800] "GET /xingrg/check_reg.html?_=1631838675383 HTTP/1.1" 200 22
124.79.76.92 - - [17/Sep/2021:08:31:13 +0800] "GET /xingrg/all/function/internal_message.html?_=1631838675385&CODE_STATE=getMsg HTTP/1.1" 200 27
114.85.125.222 - - [17/Sep/2021:08:31:20 +0800] "GET /xingrg/kc/buy/cgsh_order_operate.html?command=get_materiel&rest_code=00150&code=00101008356&supplier_code=00100007&order_time=2021-09-17 HTTP/1.1" 200 408
116.238.248.233 - - [17/Sep/2021:08:31:25 +0800] "GET /xingrg/check_reg.html?_=1631838685471 HTTP/1.1" 200 22
116.238.248.233 - - [17/Sep/2021:08:31:25 +0800] "GET /xingrg/all/function/internal_message.html?_=1631838685474&CODE_STATE=getMsg HTTP/1.1" 200 27
114.85.125.222 - - [17/Sep/2021:08:31:33 +0800] "GET /xingrg/kc/buy/cgsh_order_operate.html?command=get_materiel&rest_code=00150&code=00101008010&supplier_code=00100007&order_time=2021-09-17 HTTP/1.1" 200 412
116.238.168.124 - - [17/Sep/2021:08:31:38 +0800] "POST /xingrg/kc/buy/cgsh_order_operate.html HTTP/1.1" 200 37
116.230.105.26 - - [17/Sep/2021:08:31:40 +0800] "GET /xingrg/all/function/internal_message.html?_=1631838687770&CODE_STATE=getMsg HTTP/1.1" 200 27
180.169.147.146 - - [17/Sep/2021:08:31:41 +0800] "GET /xingrg/all/function/internal_message.html?_=1631838701220&CODE_STATE=getMsg HTTP/1.1" 302 -
116.238.168.124 - - [17/Sep/2021:08:31:41 +0800] "POST /xingrg/kc/buy/cgsh_order_operate.html HTTP/1.1" 200 20976
116.238.168.124 - - [17/Sep/2021:08:31:47 +0800] "POST /xingrg/kc/buy/cgsh_list_operate.html HTTP/1.1" 200 2737
120.253.135.82 - - [17/Sep/2021:08:31:49 +0800] "GET /xingrg/check_reg.html?_=1631838481546 HTTP/1.1" 200 22
114.85.125.222 - - [17/Sep/2021:08:31:49 +0800] "GET /xingrg/kc/buy/cgsh_order_operate.html?command=get_materiel&rest_code=00150&code=00101008529&supplier_code=00100007&order_time=2021-09-17 HTTP/1.1" 200 403
116.238.168.124 - - [17/Sep/2021:08:31:51 +0800] "GET /xingrg/all/function/internal_message.html?_=1631838689573&CODE_STATE=getMsg HTTP/1.1" 200 27
114.85.125.222 - - [17/Sep/2021:08:31:54 +0800] "POST /xingrg/kc/buy/cgsh_order_operate.html HTTP/1.1" 200 37
120.253.135.82 - - [17/Sep/2021:08:31:57 +0800] "GET /xingrg/all/function/internal_message.html?_=1631838489499&CODE_STATE=getMsg HTTP/1.1" 200 27
114.85.125.222 - - [17/Sep/2021:08:31:58 +0800] "POST /xingrg/kc/buy/cgsh_order_operate.html HTTP/1.1" 200 13921
124.79.246.142 - - [17/Sep/2021:08:32:01 +0800] "GET /xingrg/all/function/internal_message.html?_=1631839181278&CODE_STATE=getMsg HTTP/1.1" 200 27
116.238.168.124 - - [17/Sep/2021:08:32:03 +0800] "POST /xingrg/kc/buy/cgsh_list_operate.html HTTP/1.1" 200 567
116.238.168.124 - - [17/Sep/2021:08:32:03 +0800] "GET /xingrg/kc/buy/cgsh_order_info.html?code=212021091707144 HTTP/1.1" 200 63450
114.85.125.222 - - [17/Sep/2021:08:32:04 +0800] "GET /xingrg/all/function/internal_message.html?_=1631838709240&CODE_STATE=getMsg HTTP/1.1" 200 27
116.238.168.124 - - [17/Sep/2021:08:32:05 +0800] "GET /xingrg/javascript/easyui/themes/default/validatebox.css HTTP/1.1" 404 1104
116.238.168.124 - - [17/Sep/2021:08:32:05 +0800] "POST /xingrg/kc/buy/cgsh_order_operate.html HTTP/1.1" 200 18617
114.85.125.222 - - [17/Sep/2021:08:32:06 +0800] "GET /xingrg/kc/buy/cgsh_order_operate.html?command=get_materiel&rest_code=00150&code=00101008602&supplier_code=00100007&order_time=2021-09-17 HTTP/1.1" 200 392
120.253.135.82 - - [17/Sep/2021:08:32:08 +0800] "GET /xingrg/all/function/internal_message.html?_=1631838748341&CODE_STATE=getMsg HTTP/1.1" 200 27
222.70.246.151 - - [17/Sep/2021:08:32:08 +0800] "GET /xingrg/all/function/internal_message.html?_=1631838746202&CODE_STATE=getMsg HTTP/1.1" 200 27
114.85.125.222 - - [17/Sep/2021:08:32:12 +0800] "GET /xingrg/kc/buy/cgsh_order_operate.html?command=get_materiel&rest_code=00150&code=00101008270&supplier_code=00100007&order_time=2021-09-17 HTTP/1.1" 200 412
124.79.76.92 - - [17/Sep/2021:08:32:13 +0800] "GET /xingrg/all/function/internal_message.html?_=1631838735386&CODE_STATE=getMsg HTTP/1.1" 200 27
116.238.168.124 - - [17/Sep/2021:08:32:18 +0800] "POST /xingrg/kc/buy/cgsh_order_operate.html HTTP/1.1" 200 37
116.238.168.124 - - [17/Sep/2021:08:32:21 +0800] "POST /xingrg/kc/buy/cgsh_order_operate.html HTTP/1.1" 200 18619
116.238.248.233 - - [17/Sep/2021:08:32:25 +0800] "GET /xingrg/all/function/internal_message.html?_=1631838745474&CODE_STATE=getMsg HTTP/1.1" 200 27
116.238.168.124 - - [17/Sep/2021:08:32:27 +0800] "POST /xingrg/kc/buy/cgsh_list_operate.html HTTP/1.1" 200 2737
116.238.168.124 - - [17/Sep/2021:08:32:37 +0800] "GET /xingrg/javascript/jquery_tools/images/prev.gif HTTP/1.1" 404 1086
116.238.168.124 - - [17/Sep/2021:08:32:37 +0800] "GET /xingrg/javascript/jquery_tools/images/next.gif HTTP/1.1" 404 1086
116.238.168.124 - - [17/Sep/2021:08:32:37 +0800] "POST /xingrg/kc/buy/cgsh_list_operate.html HTTP/1.1" 200 566
116.230.105.26 - - [17/Sep/2021:08:32:40 +0800] "GET /xingrg/all/function/internal_message.html?_=1631838747771&CODE_STATE=getMsg HTTP/1.1" 200 27
180.169.147.146 - - [17/Sep/2021:08:32:41 +0800] "GET /xingrg/check_reg.html?_=1631838761209 HTTP/1.1" 302 -
180.169.147.146 - - [17/Sep/2021:08:32:41 +0800] "GET /xingrg/all/function/internal_message.html?_=1631838761211&CODE_STATE=getMsg HTTP/1.1" 302 -
114.85.125.222 - - [17/Sep/2021:08:32:42 +0800] "GET /xingrg/kc/buy/cgsh_order_operate.html?command=get_materiel&rest_code=00150&code=00101004023&supplier_code=00100007&order_time=2021-09-17 HTTP/1.1" 200 409
114.83.220.177 - - [17/Sep/2021:08:32:43 +0800] "GET /favicon.ico HTTP/1.1" 404 -
120.253.135.82 - - [17/Sep/2021:08:32:45 +0800] "GET /xingrg/check_reg.html?_=1631838785746 HTTP/1.1" 200 22
116.238.168.124 - - [17/Sep/2021:08:32:48 +0800] "GET /xingrg/kc/buy/cgsh_order_info.html?code=212021091707145 HTTP/1.1" 200 63450
116.238.168.124 - - [17/Sep/2021:08:32:49 +0800] "GET /xingrg/javascript/easyui/themes/default/validatebox.css HTTP/1.1" 404 1104
116.238.168.124 - - [17/Sep/2021:08:32:49 +0800] "POST /xingrg/kc/buy/cgsh_order_operate.html HTTP/1.1" 200 13906
116.238.168.124 - - [17/Sep/2021:08:32:52 +0800] "GET /xingrg/all/function/internal_message.html?_=1631838751106&CODE_STATE=getMsg HTTP/1.1" 200 27
114.85.125.222 - - [17/Sep/2021:08:32:54 +0800] "GET /xingrg/kc/buy/cgsh_order_operate.html?command=get_materiel&rest_code=00150&code=00101015038&supplier_code=00100007&order_time=2021-09-17 HTTP/1.1" 200 419
116.238.168.124 - - [17/Sep/2021:08:32:56 +0800] "POST /xingrg/kc/buy/cgsh_order_operate.html HTTP/1.1" 200 37
120.253.135.82 - - [17/Sep/2021:08:32:57 +0800] "GET /xingrg/all/function/internal_message.html?_=1631838549514&CODE_STATE=getMsg HTTP/1.1" 200 27
116.238.168.124 - - [17/Sep/2021:08:32:59 +0800] "POST /xingrg/kc/buy/cgsh_order_operate.html HTTP/1.1" 200 12
116.238.168.124 - - [17/Sep/2021:08:33:00 +0800] "GET /xingrg/kc/buy/cgsh_order_info.html?code=212021091707145 HTTP/1.1" 200 58348
124.79.246.142 - - [17/Sep/2021:08:33:01 +0800] "GET /xingrg/all/function/internal_message.html?_=1631839241308&CODE_STATE=getMsg HTTP/1.1" 200 27
114.83.220.177 - - [17/Sep/2021:08:33:01 +0800] "GET /favicon.ico HTTP/1.1" 404 -
114.83.220.177 - - [17/Sep/2021:08:33:01 +0800] "GET /favicon.ico HTTP/1.1" 404 -
114.85.125.222 - - [17/Sep/2021:08:33:01 +0800] "GET /xingrg/kc/buy/cgsh_order_operate.html?command=get_materiel&rest_code=00150&code=00101008357&supplier_code=00100007&order_time=2021-09-17 HTTP/1.1" 200 408
116.238.168.124 - - [17/Sep/2021:08:33:04 +0800] "GET /xingrg/javascript/easyui/themes/default/validatebox.css HTTP/1.1" 404 1104
116.238.168.124 - - [17/Sep/2021:08:33:04 +0800] "POST /xingrg/kc/buy/cgsh_order_operate.html HTTP/1.1" 200 11850
114.85.125.222 - - [17/Sep/2021:08:33:04 +0800] "GET /xingrg/check_reg.html?_=1631838769192 HTTP/1.1" 200 22
114.85.125.222 - - [17/Sep/2021:08:33:04 +0800] "GET /xingrg/all/function/internal_message.html?_=1631838769254&CODE_STATE=getMsg HTTP/1.1" 200 27
114.85.125.222 - - [17/Sep/2021:08:33:06 +0800] "POST /xingrg/kc/buy/cgsh_order_operate.html HTTP/1.1" 200 37
114.85.125.222 - - [17/Sep/2021:08:33:07 +0800] "POST /xingrg/kc/buy/cgsh_order_operate.html HTTP/1.1" 200 16877
116.238.168.124 - - [17/Sep/2021:08:33:08 +0800] "POST /xingrg/kc/buy/cgsh_list_operate.html HTTP/1.1" 200 2385
120.253.135.82 - - [17/Sep/2021:08:33:08 +0800] "GET /xingrg/all/function/internal_message.html?_=1631838808346&CODE_STATE=getMsg HTTP/1.1" 200 27
222.70.246.151 - - [17/Sep/2021:08:33:08 +0800] "GET /xingrg/all/function/internal_message.html?_=1631838806219&CODE_STATE=getMsg HTTP/1.1" 200 27
116.238.168.124 - - [17/Sep/2021:08:33:10 +0800] "POST /xingrg/kc/buy/cgsh_list_operate.html HTTP/1.1" 200 559
116.238.168.124 - - [17/Sep/2021:08:33:11 +0800] "GET /xingrg/kc/buy/cgsh_order_info.html?code=212021091707142 HTTP/1.1" 200 63450
124.79.76.92 - - [17/Sep/2021:08:33:13 +0800] "GET /xingrg/all/function/internal_message.html?_=1631838795386&CODE_STATE=getMsg HTTP/1.1" 200 27
116.238.168.124 - - [17/Sep/2021:08:33:13 +0800] "GET /xingrg/javascript/easyui/themes/default/validatebox.css HTTP/1.1" 404 1104
116.238.168.124 - - [17/Sep/2021:08:33:13 +0800] "POST /xingrg/kc/buy/cgsh_order_operate.html HTTP/1.1" 200 12137
120.253.135.82 - - [17/Sep/2021:08:33:17 +0800] "GET /xingrg/kc/report/report_main.html HTTP/1.1" 200 9370
120.253.135.82 - - [17/Sep/2021:08:33:19 +0800] "GET /xingrg/kc/base/kc_stocks.html HTTP/1.1" 200 16437
116.238.168.124 - - [17/Sep/2021:08:33:19 +0800] "POST /xingrg/kc/buy/cgsh_order_operate.html HTTP/1.1" 200 37
120.253.135.82 - - [17/Sep/2021:08:33:19 +0800] "GET /xingrg/javascript/easyui/themes/default/tree.css HTTP/1.1" 404 1090
120.253.135.82 - - [17/Sep/2021:08:33:19 +0800] "POST /xingrg/all/common/load_tree.html?tree=materiel_sort_tree_json HTTP/1.1" 200 8792
120.253.135.82 - - [17/Sep/2021:08:33:20 +0800] "POST /xingrg/all/common/load_combo.html?type=base HTTP/1.1" 200 1075
116.238.168.124 - - [17/Sep/2021:08:33:22 +0800] "POST /xingrg/kc/buy/cgsh_order_operate.html HTTP/1.1" 200 12
116.238.168.124 - - [17/Sep/2021:08:33:23 +0800] "GET /xingrg/kc/buy/cgsh_order_info.html?code=212021091707142 HTTP/1.1" 200 58348
116.238.248.233 - - [17/Sep/2021:08:33:25 +0800] "GET /xingrg/all/function/internal_message.html?_=1631838805481&CODE_STATE=getMsg HTTP/1.1" 200 27
116.238.168.124 - - [17/Sep/2021:08:33:26 +0800] "GET /xingrg/javascript/easyui/themes/default/validatebox.css HTTP/1.1" 404 1104
116.238.168.124 - - [17/Sep/2021:08:33:27 +0800] "POST /xingrg/kc/buy/cgsh_order_operate.html HTTP/1.1" 200 10082
222.70.246.151 - - [17/Sep/2021:08:33:28 +0800] "GET /xingrg/check_reg.html?_=1631838825598 HTTP/1.1" 200 22
120.253.135.82 - - [17/Sep/2021:08:33:28 +0800] "POST /xingrg/kc/base/stock_operate.html HTTP/1.1" 200 1484
116.238.168.124 - - [17/Sep/2021:08:33:32 +0800] "POST /xingrg/kc/buy/cgsh_list_operate.html HTTP/1.1" 200 2033
116.238.168.124 - - [17/Sep/2021:08:33:36 +0800] "POST /xingrg/kc/buy/cgsh_list_operate.html HTTP/1.1" 200 567
116.238.168.124 - - [17/Sep/2021:08:33:36 +0800] "GET /xingrg/kc/buy/cgsh_order_info.html?code=212021091707143 HTTP/1.1" 200 63450
116.238.168.124 - - [17/Sep/2021:08:33:37 +0800] "GET /xingrg/javascript/easyui/themes/default/validatebox.css HTTP/1.1" 404 1104
116.238.168.124 - - [17/Sep/2021:08:33:37 +0800] "POST /xingrg/kc/buy/cgsh_order_operate.html HTTP/1.1" 200 20976
116.230.105.26 - - [17/Sep/2021:08:33:40 +0800] "GET /xingrg/check_reg.html?_=1631838807762 HTTP/1.1" 200 22
116.230.105.26 - - [17/Sep/2021:08:33:40 +0800] "GET /xingrg/all/function/internal_message.html?_=1631838807763&CODE_STATE=getMsg HTTP/1.1" 200 27
180.169.147.146 - - [17/Sep/2021:08:33:41 +0800] "GET /xingrg/all/function/internal_message.html?_=1631838821226&CODE_STATE=getMsg HTTP/1.1" 302 -
116.238.168.124 - - [17/Sep/2021:08:33:45 +0800] "POST /xingrg/kc/buy/cgsh_order_operate.html HTTP/1.1" 200 37
116.238.168.124 - - [17/Sep/2021:08:33:48 +0800] "POST /xingrg/kc/buy/cgsh_order_operate.html HTTP/1.1" 200 12
116.238.168.124 - - [17/Sep/2021:08:33:49 +0800] "GET /xingrg/kc/buy/cgsh_order_info.html?code=212021091707143 HTTP/1.1" 200 58348
116.238.168.124 - - [17/Sep/2021:08:33:52 +0800] "GET /xingrg/check_reg.html?_=1631838811040 HTTP/1.1" 200 22
116.238.168.124 - - [17/Sep/2021:08:33:52 +0800] "GET /xingrg/javascript/easyui/themes/default/validatebox.css HTTP/1.1" 404 1104
116.238.168.124 - - [17/Sep/2021:08:33:52 +0800] "GET /xingrg/all/function/internal_message.html?_=1631838811112&CODE_STATE=getMsg HTTP/1.1" 200 27
116.238.168.124 - - [17/Sep/2021:08:33:53 +0800] "POST /xingrg/kc/buy/cgsh_order_operate.html HTTP/1.1" 200 18920
116.238.168.124 - - [17/Sep/2021:08:33:56 +0800] "POST /xingrg/kc/buy/cgsh_list_operate.html HTTP/1.1" 200 1679
120.253.135.82 - - [17/Sep/2021:08:33:57 +0800] "GET /xingrg/all/function/internal_message.html?_=1631838609527&CODE_STATE=getMsg HTTP/1.1" 200 27
116.238.168.124 - - [17/Sep/2021:08:33:58 +0800] "POST /xingrg/kc/buy/cgsh_list_operate.html HTTP/1.1" 200 567
116.238.168.124 - - [17/Sep/2021:08:33:59 +0800] "GET /xingrg/kc/buy/cgsh_order_info.html?code=212021091707144 HTTP/1.1" 200 63450
116.238.168.124 - - [17/Sep/2021:08:34:00 +0800] "POST /xingrg/kc/buy/cgsh_order_operate.html HTTP/1.1" 200 18619
124.79.246.142 - - [17/Sep/2021:08:34:01 +0800] "GET /xingrg/all/function/internal_message.html?_=1631839301328&CODE_STATE=getMsg HTTP/1.1" 200 27
116.238.168.124 - - [17/Sep/2021:08:34:02 +0800] "GET /xingrg/javascript/easyui/themes/default/validatebox.css HTTP/1.1" 404 1104
114.85.125.222 - - [17/Sep/2021:08:34:05 +0800] "GET /xingrg/all/function/internal_message.html?_=1631838829267&CODE_STATE=getMsg HTTP/1.1" 200 27
116.238.168.124 - - [17/Sep/2021:08:34:08 +0800] "POST /xingrg/kc/buy/cgsh_order_operate.html HTTP/1.1" 200 37
120.253.135.82 - - [17/Sep/2021:08:34:08 +0800] "GET /xingrg/all/function/internal_message.html?_=1631838868359&CODE_STATE=getMsg HTTP/1.1" 200 27
222.70.246.151 - - [17/Sep/2021:08:34:08 +0800] "GET /xingrg/all/function/internal_message.html?_=1631838866230&CODE_STATE=getMsg HTTP/1.1" 200 27
114.83.220.177 - - [17/Sep/2021:08:34:09 +0800] "GET /xingrg/login.html?sysBaseUrl=http%3A%2F%2F180.169.147.146%3A18081%2Fxingrg%2F&costTime=31×tamp=1615347190560 HTTP/1.1" 200 7641
114.83.220.177 - - [17/Sep/2021:08:34:09 +0800] "GET /xingrg/images/blue/jxLogo.png HTTP/1.1" 304 -
114.83.220.177 - - [17/Sep/2021:08:34:09 +0800] "GET /xingrg/images/blue/login_bg.png HTTP/1.1" 304 -
114.83.220.177 - - [17/Sep/2021:08:34:09 +0800] "GET /xingrg/images/blue/hj.png HTTP/1.1" 304 -
114.83.220.177 - - [17/Sep/2021:08:34:09 +0800] "GET /xingrg/images/blue/srbg.png HTTP/1.1" 304 -
114.83.220.177 - - [17/Sep/2021:08:34:09 +0800] "GET /favicon.ico HTTP/1.1" 404 -
114.83.220.177 - - [17/Sep/2021:08:34:10 +0800] "POST /xingrg/login.do HTTP/1.1" 302 -
114.83.220.177 - - [17/Sep/2021:08:34:11 +0800] "GET /xingrg/javascript/jquery_easy_ui/themes/icon.css HTTP/1.1" 200 3949
114.83.220.177 - - [17/Sep/2021:08:34:11 +0800] "GET /xingrg/index.html?sysBaseUrl=http%3A%2F%2F180.169.147.146%3A18081%2Fxingrg%2F&costTime=55×tamp=1631838850979 HTTP/1.1" 200 17179
114.83.220.177 - - [17/Sep/2021:08:34:11 +0800] "GET /xingrg/css/form.css HTTP/1.1" 200 893
114.83.220.177 - - [17/Sep/2021:08:34:11 +0800] "GET /xingrg/javascript/jquery-1.4.2.min.js HTTP/1.1" 200 72205
114.83.220.177 - - [17/Sep/2021:08:34:11 +0800] "GET /xingrg/javascript/jquery_easy_ui/jquery.easyui.min.js HTTP/1.1" 200 213662
114.83.220.177 - - [17/Sep/2021:08:34:11 +0800] "GET /xingrg/javascript/jquery_easy_ui/easyui-lang-zh_CN.js HTTP/1.1" 200 1900
114.83.220.177 - - [17/Sep/2021:08:34:11 +0800] "GET /xingrg/javascript/jquery.timers.js HTTP/1.1" 200 3532
114.83.220.177 - - [17/Sep/2021:08:34:11 +0800] "GET /xingrg/javascript/jquery_easy_ui/themes/default/easyui.css HTTP/1.1" 200 26500
114.83.220.177 - - [17/Sep/2021:08:34:11 +0800] "GET /xingrg/javascript/jquery.utils.js HTTP/1.1" 200 11805
114.83.220.177 - - [17/Sep/2021:08:34:11 +0800] "GET /xingrg/javascript/jquery.form.js HTTP/1.1" 200 23110
114.83.220.177 - - [17/Sep/2021:08:34:11 +0800] "GET /favicon.ico HTTP/1.1" 404 -
114.83.220.177 - - [17/Sep/2021:08:34:11 +0800] "GET /xingrg/javascript/jquery_easy_ui/themes/icons/settle_new.png HTTP/1.1" 200 826
114.83.220.177 - - [17/Sep/2021:08:34:11 +0800] "GET /xingrg/images/blue/navBackgound.jpg HTTP/1.1" 200 12378
114.83.220.177 - - [17/Sep/2021:08:34:11 +0800] "POST /xingrg/all/common/load_tree.html?tree=area_rest_tree_json&manage=1 HTTP/1.1" 200 351
114.83.220.177 - - [17/Sep/2021:08:34:11 +0800] "GET /xingrg/all/function/internal_message.html?_=1631838850584&CODE_STATE=count HTTP/1.1" 200 11
114.83.220.177 - - [17/Sep/2021:08:34:11 +0800] "GET /xingrg/check_reg.html?_=1631838850585 HTTP/1.1" 200 22
114.83.220.177 - - [17/Sep/2021:08:34:11 +0800] "GET /xingrg/images/blue/pingpu.png HTTP/1.1" 200 231
114.83.220.177 - - [17/Sep/2021:08:34:11 +0800] "GET /xingrg/javascript/jquery_easy_ui/themes/default/images/tabs_leftarrow.png HTTP/1.1" 200 389
114.83.220.177 - - [17/Sep/2021:08:34:11 +0800] "GET /xingrg/javascript/jquery_easy_ui/themes/default/images/tabs_rightarrow.png HTTP/1.1" 200 395
114.83.220.177 - - [17/Sep/2021:08:34:11 +0800] "GET /xingrg/javascript/jquery_easy_ui/themes/default/images/panel_tool_collapse.gif HTTP/1.1" 200 246
114.83.220.177 - - [17/Sep/2021:08:34:11 +0800] "POST /xingrg/load_menu.html HTTP/1.1" 200 5138
114.83.220.177 - - [17/Sep/2021:08:34:11 +0800] "GET /xingrg/javascript/jquery_easy_ui/themes/default/images/tree_arrows.gif HTTP/1.1" 200 1043
114.83.220.177 - - [17/Sep/2021:08:34:11 +0800] "GET /xingrg/javascript/jquery_easy_ui/themes/default/images/tree_folder_open.gif HTTP/1.1" 200 956
114.83.220.177 - - [17/Sep/2021:08:34:11 +0800] "GET /xingrg/javascript/jquery_easy_ui/themes/icons/search_new.png HTTP/1.1" 200 586
114.83.220.177 - - [17/Sep/2021:08:34:11 +0800] "GET /xingrg/javascript/jquery_easy_ui/themes/default/images/tree_folder.gif HTTP/1.1" 200 952
114.83.220.177 - - [17/Sep/2021:08:34:11 +0800] "GET /xingrg/javascript/jquery_easy_ui/themes/icons/storage_new.png HTTP/1.1" 200 853
114.83.220.177 - - [17/Sep/2021:08:34:11 +0800] "GET /xingrg/javascript/jquery_easy_ui/themes/icons/forms_new.png HTTP/1.1" 200 350
114.83.220.177 - - [17/Sep/2021:08:34:11 +0800] "GET /xingrg/javascript/jquery_easy_ui/themes/default/images/tree_file.gif HTTP/1.1" 200 118
116.238.168.124 - - [17/Sep/2021:08:34:11 +0800] "POST /xingrg/kc/buy/cgsh_order_operate.html HTTP/1.1" 200 12
124.79.76.92 - - [17/Sep/2021:08:34:13 +0800] "GET /xingrg/all/function/internal_message.html?_=1631838855390&CODE_STATE=getMsg HTTP/1.1" 200 27
116.238.168.124 - - [17/Sep/2021:08:34:13 +0800] "GET /xingrg/kc/buy/cgsh_order_info.html?code=212021091707144 HTTP/1.1" 200 58348
116.238.168.124 - - [17/Sep/2021:08:34:17 +0800] "GET /xingrg/javascript/easyui/themes/default/validatebox.css HTTP/1.1" 404 1104
114.83.220.177 - - [17/Sep/2021:08:34:17 +0800] "GET /xingrg/javascript/jquery_easy_ui/themes/default/images/tabs_close.gif HTTP/1.1" 200 829
114.83.220.177 - - [17/Sep/2021:08:34:17 +0800] "GET /xingrg/css/base.css HTTP/1.1" 200 2811
114.83.220.177 - - [17/Sep/2021:08:34:17 +0800] "GET /xingrg/css/site.css HTTP/1.1" 200 7541
114.83.220.177 - - [17/Sep/2021:08:34:17 +0800] "GET /xingrg/javascript/jquery_tools/datebox.css HTTP/1.1" 200 2597
114.83.220.177 - - [17/Sep/2021:08:34:17 +0800] "GET /xingrg/javascript/easyui/themes/icon.css HTTP/1.1" 200 4483
114.83.220.177 - - [17/Sep/2021:08:34:17 +0800] "GET /xingrg/javascript/jquery_tools/fix.css HTTP/1.1" 200 1702
114.83.220.177 - - [17/Sep/2021:08:34:17 +0800] "GET /xingrg/javascript/jquery_tools/table.css HTTP/1.1" 200 1032
114.83.220.177 - - [17/Sep/2021:08:34:17 +0800] "GET /xingrg/javascript/auto/jquery.autocomplete.css HTTP/1.1" 200 587
114.83.220.177 - - [17/Sep/2021:08:34:17 +0800] "GET /xingrg/javascript/jquery_tools/jquery.tools.min.js HTTP/1.1" 200 138801
114.83.220.177 - - [17/Sep/2021:08:34:17 +0800] "GET /xingrg/javascript/jquery_tools/jquery.tools.table.js HTTP/1.1" 200 6994
114.83.220.177 - - [17/Sep/2021:08:34:17 +0800] "GET /xingrg/javascript/jquery_tools/jquery.tools.hotkey.js HTTP/1.1" 200 3242
114.83.220.177 - - [17/Sep/2021:08:34:17 +0800] "GET /xingrg/javascript/jquery_tools/list_manager.js HTTP/1.1" 200 3652
114.83.220.177 - - [17/Sep/2021:08:34:17 +0800] "GET /xingrg/javascript/easyui/easyloader.js HTTP/1.1" 200 5975
114.83.220.177 - - [17/Sep/2021:08:34:17 +0800] "GET /xingrg/javascript/jquery.cookie.js HTTP/1.1" 200 5513
114.83.220.177 - - [17/Sep/2021:08:34:17 +0800] "GET /xingrg/kc/buy/cgsh_order_list.html HTTP/1.1" 200 47750
114.83.220.177 - - [17/Sep/2021:08:34:17 +0800] "GET /xingrg/javascript/jquery_tools/jquery.tools.extend.js HTTP/1.1" 200 15385
114.83.220.177 - - [17/Sep/2021:08:34:17 +0800] "GET /xingrg/javascript/easyui/themes/default/easyui.css HTTP/1.1" 200 30432
114.83.220.177 - - [17/Sep/2021:08:34:17 +0800] "GET /xingrg/javascript/print/LodopFuncs.js HTTP/1.1" 200 5121
114.83.220.177 - - [17/Sep/2021:08:34:17 +0800] "GET /xingrg/javascript/auto/jquery.autocomplete.js HTTP/1.1" 200 21624
114.83.220.177 - - [17/Sep/2021:08:34:17 +0800] "GET /xingrg/javascript/easyui/themes/icons/edit_add_new.png HTTP/1.1" 200 2997
114.83.220.177 - - [17/Sep/2021:08:34:17 +0800] "GET /xingrg/javascript/easyui/themes/icons/cance_new.png HTTP/1.1" 200 3986
114.83.220.177 - - [17/Sep/2021:08:34:17 +0800] "GET /xingrg/javascript/easyui/themes/icons/field_new.png HTTP/1.1" 200 1097
114.83.220.177 - - [17/Sep/2021:08:34:17 +0800] "GET /xingrg/javascript/easyui/themes/icons/check_new.png HTTP/1.1" 200 3224
114.83.220.177 - - [17/Sep/2021:08:34:17 +0800] "GET /xingrg/javascript/easyui/themes/icons/import_new.png HTTP/1.1" 200 1247
114.83.220.177 - - [17/Sep/2021:08:34:17 +0800] "GET /xingrg/javascript/easyui/plugins/jquery.parser.js HTTP/1.1" 200 1142
114.83.220.177 - - [17/Sep/2021:08:34:17 +0800] "GET /xingrg/images/control/ajaxLoader.gif HTTP/1.1" 200 4659
116.238.168.124 - - [17/Sep/2021:08:34:17 +0800] "POST /xingrg/kc/buy/cgsh_order_operate.html HTTP/1.1" 200 16563
114.83.220.177 - - [17/Sep/2021:08:34:18 +0800] "POST /xingrg/kc/buy/cgsh_list_operate.html HTTP/1.1" 200 876
114.83.220.177 - - [17/Sep/2021:08:34:18 +0800] "GET /xingrg/javascript/easyui/themes/default/images/button_plain_hover.png HTTP/1.1" 200 144
114.83.220.177 - - [17/Sep/2021:08:34:19 +0800] "GET /xingrg/javascript/pic_change.js HTTP/1.1" 200 4739
114.83.220.177 - - [17/Sep/2021:08:34:19 +0800] "GET /xingrg/javascript/convert.js HTTP/1.1" 200 1239
114.83.220.177 - - [17/Sep/2021:08:34:19 +0800] "GET /xingrg/javascript/jquery_tools/order_manager.js HTTP/1.1" 200 11183
114.83.220.177 - - [17/Sep/2021:08:34:19 +0800] "GET /xingrg/javascript/json2.js HTTP/1.1" 200 11259
114.83.220.177 - - [17/Sep/2021:08:34:19 +0800] "GET /xingrg/javascript/print/kc_print.js HTTP/1.1" 200 11415
114.83.220.177 - - [17/Sep/2021:08:34:19 +0800] "GET /xingrg/kc/buy/cgsh_order_add.html HTTP/1.1" 200 63535
114.83.220.177 - - [17/Sep/2021:08:34:19 +0800] "GET /xingrg/words/20210916155951_words.js HTTP/1.1" 200 845252
114.83.220.177 - - [17/Sep/2021:08:34:19 +0800] "GET /xingrg/javascript/easyui/themes/icons/copy_new.png HTTP/1.1" 200 815
114.83.220.177 - - [17/Sep/2021:08:34:19 +0800] "GET /xingrg/javascript/easyui/themes/icons/template_new.png HTTP/1.1" 200 3956
114.83.220.177 - - [17/Sep/2021:08:34:19 +0800] "GET /xingrg/javascript/easyui/themes/icons/ok.png HTTP/1.1" 200 883
114.83.220.177 - - [17/Sep/2021:08:34:19 +0800] "GET /xingrg/javascript/easyui/themes/icons/print.png HTTP/1.1" 200 1057
114.83.220.177 - - [17/Sep/2021:08:34:19 +0800] "GET /xingrg/javascript/easyui/themes/default/images/menu_downarrow.png HTTP/1.1" 200 173
114.83.220.177 - - [17/Sep/2021:08:34:19 +0800] "GET /xingrg/javascript/easyui/themes/icons/cancel.png HTTP/1.1" 200 1133
114.83.220.177 - - [17/Sep/2021:08:34:20 +0800] "POST /xingrg/kc/buy/cgsh_order_operate.html HTTP/1.1" 200 8245
114.83.220.177 - - [17/Sep/2021:08:34:20 +0800] "GET /xingrg/all/common/auto_word.html?type=employee&rest_code=00149 HTTP/1.1" 200 197
114.83.220.177 - - [17/Sep/2021:08:34:20 +0800] "GET /xingrg/javascript/easyui/plugins/jquery.validatebox.js HTTP/1.1" 200 6103
114.83.220.177 - - [17/Sep/2021:08:34:20 +0800] "GET /xingrg/javascript/easyui/themes/default/validatebox.css HTTP/1.1" 404 1104
114.83.220.177 - - [17/Sep/2021:08:34:20 +0800] "GET /xingrg/all/common/auto_word.html?type=employee&rest_code=00149 HTTP/1.1" 200 197
114.83.220.177 - - [17/Sep/2021:08:34:20 +0800] "GET /xingrg/javascript/easyui/themes/icons/edit_remove.png HTTP/1.1" 200 625
114.83.220.177 - - [17/Sep/2021:08:34:20 +0800] "GET /xingrg/javascript/easyui/plugins/jquery.numberbox.js HTTP/1.1" 200 5213
116.238.168.124 - - [17/Sep/2021:08:34:21 +0800] "POST /xingrg/kc/buy/cgsh_list_operate.html HTTP/1.1" 200 876
116.238.168.124 - - [17/Sep/2021:08:34:21 +0800] "POST /xingrg/kc/buy/cgsh_list_operate.html HTTP/1.1" 200 876
114.83.220.177 - - [17/Sep/2021:08:34:21 +0800] "GET /xingrg/javascript/auto/indicator.gif HTTP/1.1" 404 1066
114.83.220.177 - - [17/Sep/2021:08:34:23 +0800] "GET /xingrg/javascript/jquery_tools/images/prev.gif HTTP/1.1" 404 1086
114.83.220.177 - - [17/Sep/2021:08:34:23 +0800] "GET /xingrg/javascript/jquery_tools/images/next.gif HTTP/1.1" 404 1086
116.238.168.124 - - [17/Sep/2021:08:34:23 +0800] "GET /favicon.ico HTTP/1.1" 404 -
116.238.168.124 - - [17/Sep/2021:08:34:24 +0800] "GET /favicon.ico HTTP/1.1" 404 -
116.238.168.124 - - [17/Sep/2021:08:34:25 +0800] "GET /favicon.ico HTTP/1.1" 404 -
116.238.168.124 - - [17/Sep/2021:08:34:25 +0800] "GET /favicon.ico HTTP/1.1" 404 -
116.238.248.233 - - [17/Sep/2021:08:34:25 +0800] "GET /xingrg/all/function/internal_message.html?_=1631838865482&CODE_STATE=getMsg HTTP/1.1" 200 27
114.83.220.177 - - [17/Sep/2021:08:34:31 +0800] "GET /xingrg/kc/buy/cgsh_order_operate.html?command=get_materiel&rest_code=00149&code=00101008323&supplier_code=00100005&order_time=2021-09-17 HTTP/1.1" 200 408
116.230.105.26 - - [17/Sep/2021:08:34:40 +0800] "GET /xingrg/all/function/internal_message.html?_=1631838867751&CODE_STATE=getMsg HTTP/1.1" 200 27
180.169.147.146 - - [17/Sep/2021:08:34:41 +0800] "GET /xingrg/all/function/internal_message.html?_=1631838881213&CODE_STATE=getMsg HTTP/1.1" 302 -
114.83.220.177 - - [17/Sep/2021:08:34:46 +0800] "GET /xingrg/kc/buy/cgsh_order_operate.html?command=get_materiel&rest_code=00149&code=00101008176&supplier_code=00100005&order_time=2021-09-17 HTTP/1.1" 200 412
114.85.125.222 - - [17/Sep/2021:08:34:49 +0800] "GET /xingrg/kc/buy/cgsh_order_operate.html?command=get_materiel&rest_code=00150&code=00101008069&supplier_code=00100007&order_time=2021-09-17 HTTP/1.1" 200 412
114.85.125.222 - - [17/Sep/2021:08:34:57 +0800] "GET /xingrg/kc/buy/cgsh_order_operate.html?command=get_materiel&rest_code=00150&code=00101008286&supplier_code=00100007&order_time=2021-09-17 HTTP/1.1" 200 408
120.253.135.82 - - [17/Sep/2021:08:34:57 +0800] "GET /xingrg/all/function/internal_message.html?_=1631838669540&CODE_STATE=getMsg HTTP/1.1" 200 27
124.79.246.142 - - [17/Sep/2021:08:35:01 +0800] "GET /xingrg/check_reg.html?_=1631839361111 HTTP/1.1" 200 22
124.79.246.142 - - [17/Sep/2021:08:35:01 +0800] "GET /xingrg/all/function/internal_message.html?_=1631839361341&CODE_STATE=getMsg HTTP/1.1" 200 27
114.85.125.222 - - [17/Sep/2021:08:35:05 +0800] "GET /xingrg/all/function/internal_message.html?_=1631838889281&CODE_STATE=getMsg HTTP/1.1" 200 27
114.85.125.222 - - [17/Sep/2021:08:35:06 +0800] "GET /xingrg/kc/buy/cgsh_order_operate.html?command=get_materiel&rest_code=00150&code=00101008036&supplier_code=00100007&order_time=2021-09-17 HTTP/1.1" 200 408
120.253.135.82 - - [17/Sep/2021:08:35:08 +0800] "GET /xingrg/all/function/internal_message.html?_=1631838928415&CODE_STATE=getMsg HTTP/1.1" 200 27
