116.228.172.94 - - [17/Sep/2021:09:48:16 +0800] "GET /xingrg/dwr/engine.js HTTP/1.1" 200 43631
116.238.168.124 - - [17/Sep/2021:09:48:20 +0800] "GET /xingrg/all/function/internal_message.html?_=1631843278451&CODE_STATE=getMsg HTTP/1.1" 200 27
180.169.147.146 - - [17/Sep/2021:09:48:25 +0800] "GET /xingrg/all/function/internal_message.html?_=1631843307569&CODE_STATE=getMsg HTTP/1.1" 200 27
222.70.246.151 - - [17/Sep/2021:09:48:28 +0800] "GET /xingrg/check_reg.html?_=1631843325692 HTTP/1.1" 200 22
124.79.246.142 - - [17/Sep/2021:09:48:30 +0800] "GET /xingrg/all/function/internal_message.html?_=1631843412821&CODE_STATE=getMsg HTTP/1.1" 200 27
222.70.179.190 - - [17/Sep/2021:09:48:36 +0800] "GET /xingrg/kc/buy/cgsh_order_operate.html?command=get_materiel&rest_code=00111&code=00101008080&supplier_code=00100005&order_time=2021-09-17 HTTP/1.1" 200 416
222.70.179.190 - - [17/Sep/2021:09:48:39 +0800] "POST /xingrg/kc/buy/cgsh_order_operate.html HTTP/1.1" 200 2065
101.85.93.96 - - [17/Sep/2021:09:48:42 +0800] "GET /xingrg/check_reg.html?_=1631843236746 HTTP/1.1" 200 22
101.85.93.96 - - [17/Sep/2021:09:48:43 +0800] "GET /xingrg/all/function/internal_message.html?_=1631843237887&CODE_STATE=getMsg HTTP/1.1" 200 27
222.70.179.190 - - [17/Sep/2021:09:48:47 +0800] "GET /xingrg/kc/buy/cgsh_order_operate.html?command=get_materiel&rest_code=00111&code=00101008125&supplier_code=00100005&order_time=2021-09-17 HTTP/1.1" 200 413
116.238.248.233 - - [17/Sep/2021:09:48:48 +0800] "GET /xingrg/check_reg.html?_=1631843327757 HTTP/1.1" 200 22
116.238.248.233 - - [17/Sep/2021:09:48:48 +0800] "GET /xingrg/all/function/internal_message.html?_=1631843327761&CODE_STATE=getMsg HTTP/1.1" 200 27
116.228.172.94 - - [17/Sep/2021:09:48:48 +0800] "GET /xingrg/check_reg.html?_=1631843343367 HTTP/1.1" 200 22
116.228.172.94 - - [17/Sep/2021:09:48:48 +0800] "GET /xingrg/all/function/internal_message.html?_=1631843343370&CODE_STATE=getMsg HTTP/1.1" 200 27
222.70.179.190 - - [17/Sep/2021:09:48:49 +0800] "GET /xingrg/all/function/internal_message.html?_=1631843320000&CODE_STATE=getMsg HTTP/1.1" 200 27
222.70.179.190 - - [17/Sep/2021:09:48:49 +0800] "GET /xingrg/check_reg.html?_=1631843320281 HTTP/1.1" 200 22
120.253.135.82 - - [17/Sep/2021:09:48:50 +0800] "GET /xingrg/all/function/internal_message.html?_=1631843458180&CODE_STATE=getMsg HTTP/1.1" 200 27
116.237.74.154 - - [17/Sep/2021:09:48:52 +0800] "GET /xingrg/all/function/internal_message.html?_=1631843332415&CODE_STATE=getMsg HTTP/1.1" 200 27
58.37.227.186 - - [17/Sep/2021:09:48:55 +0800] "GET /xingrg/check_reg.html?_=1631843205824 HTTP/1.1" 302 -
58.37.227.186 - - [17/Sep/2021:09:48:55 +0800] "GET /xingrg/login.html HTTP/1.1" 200 7641
116.232.55.124 - - [17/Sep/2021:09:48:56 +0800] "GET /xingrg/all/function/internal_message.html?_=1631843337926&CODE_STATE=getMsg HTTP/1.1" 200 27
222.70.179.190 - - [17/Sep/2021:09:48:58 +0800] "GET /xingrg/kc/buy/cgsh_order_operate.html?command=get_materiel&rest_code=00111&code=00101008010&supplier_code=00100005&order_time=2021-09-17 HTTP/1.1" 200 412
58.37.227.186 - - [17/Sep/2021:09:48:59 +0800] "GET /xingrg/kc/buy/buy_main.html HTTP/1.1" 302 -
58.37.227.186 - - [17/Sep/2021:09:48:59 +0800] "GET /xingrg/login.html HTTP/1.1" 200 7641
58.37.227.186 - - [17/Sep/2021:09:48:59 +0800] "GET /xingrg/login.html HTTP/1.1" 200 7641
58.37.227.186 - - [17/Sep/2021:09:48:59 +0800] "GET /favicon.ico HTTP/1.1" 404 -
180.169.147.146 - - [17/Sep/2021:09:48:59 +0800] "GET /xingrg/all/function/internal_message.html?_=1631843375088&CODE_STATE=getMsg HTTP/1.1" 200 27
58.37.227.186 - - [17/Sep/2021:09:49:00 +0800] "POST /xingrg/login.do HTTP/1.1" 302 -
58.37.227.186 - - [17/Sep/2021:09:49:00 +0800] "GET /xingrg/index.html?sysBaseUrl=http%3A%2F%2F180.169.147.146%3A18081%2Fxingrg%2F&costTime=43×tamp=1631843340482 HTTP/1.1" 200 17179
58.37.227.186 - - [17/Sep/2021:09:49:00 +0800] "POST /xingrg/all/common/load_tree.html?tree=area_rest_tree_json&manage=1 HTTP/1.1" 200 351
58.37.227.186 - - [17/Sep/2021:09:49:00 +0800] "GET /xingrg/check_reg.html?_=1631843210791 HTTP/1.1" 200 22
58.37.227.186 - - [17/Sep/2021:09:49:00 +0800] "GET /xingrg/all/function/internal_message.html?_=1631843210790&CODE_STATE=count HTTP/1.1" 200 11
58.37.227.186 - - [17/Sep/2021:09:49:00 +0800] "GET /favicon.ico HTTP/1.1" 404 -
58.37.227.186 - - [17/Sep/2021:09:49:00 +0800] "POST /xingrg/load_menu.html HTTP/1.1" 200 5138
116.230.105.26 - - [17/Sep/2021:09:49:02 +0800] "GET /xingrg/all/function/internal_message.html?_=1631843329113&CODE_STATE=getMsg HTTP/1.1" 200 27
124.79.246.142 - - [17/Sep/2021:09:49:02 +0800] "GET /xingrg/all/function/internal_message.html?_=1631843802605&CODE_STATE=getMsg HTTP/1.1" 200 27
180.169.147.146 - - [17/Sep/2021:09:49:05 +0800] "GET /xingrg/all/function/internal_message.html?_=1631843342560&CODE_STATE=getMsg HTTP/1.1" 200 27
101.83.145.79 - - [17/Sep/2021:09:49:08 +0800] "GET /xingrg/all/function/internal_message.html?_=1631843349498&CODE_STATE=getMsg HTTP/1.1" 200 27
222.70.246.151 - - [17/Sep/2021:09:49:09 +0800] "GET /xingrg/all/function/internal_message.html?_=1631843367357&CODE_STATE=getMsg HTTP/1.1" 200 27
120.253.135.82 - - [17/Sep/2021:09:49:10 +0800] "GET /xingrg/all/function/internal_message.html?_=1631843370081&CODE_STATE=getMsg HTTP/1.1" 200 27
58.37.227.186 - - [17/Sep/2021:09:49:11 +0800] "GET /xingrg/kc/buy/buy_main.html HTTP/1.1" 200 12412
58.37.227.186 - - [17/Sep/2021:09:49:11 +0800] "GET /xingrg/css/new_ie.css HTTP/1.1" 404 1036
114.83.220.177 - - [17/Sep/2021:09:49:12 +0800] "GET /xingrg/all/function/internal_message.html?_=1631843351456&CODE_STATE=getMsg HTTP/1.1" 200 27
124.79.76.92 - - [17/Sep/2021:09:49:13 +0800] "GET /xingrg/all/function/internal_message.html?_=1631843355378&CODE_STATE=getMsg HTTP/1.1" 302 -
222.70.179.190 - - [17/Sep/2021:09:49:14 +0800] "GET /xingrg/kc/buy/cgsh_order_operate.html?command=get_materiel&rest_code=00111&code=00101008110&supplier_code=00100005&order_time=2021-09-17 HTTP/1.1" 200 408
116.238.168.124 - - [17/Sep/2021:09:49:20 +0800] "GET /xingrg/all/function/internal_message.html?_=1631843338464&CODE_STATE=getMsg HTTP/1.1" 200 27
180.169.147.146 - - [17/Sep/2021:09:49:25 +0800] "GET /xingrg/all/function/internal_message.html?_=1631843367569&CODE_STATE=getMsg HTTP/1.1" 200 27
124.79.246.142 - - [17/Sep/2021:09:49:30 +0800] "GET /xingrg/all/function/internal_message.html?_=1631843472819&CODE_STATE=getMsg HTTP/1.1" 200 27
180.169.147.146 - - [17/Sep/2021:09:49:39 +0800] "GET /xingrg/check_reg.html?_=1631843381265 HTTP/1.1" 302 -
58.37.227.186 - - [17/Sep/2021:09:49:40 +0800] "GET /xingrg/images/yd/bt.gif HTTP/1.1" 404 1040
58.37.227.186 - - [17/Sep/2021:09:49:41 +0800] "GET /xingrg/kc/buy/cgsh_order_list.html HTTP/1.1" 200 47750
58.37.227.186 - - [17/Sep/2021:09:49:42 +0800] "POST /xingrg/kc/buy/cgsh_list_operate.html HTTP/1.1" 200 876
58.37.227.186 - - [17/Sep/2021:09:49:42 +0800] "GET /xingrg/kc/buy/cgsh_order_add.html HTTP/1.1" 200 63488
58.37.227.186 - - [17/Sep/2021:09:49:42 +0800] "GET /xingrg/words/20210916155951_words.js HTTP/1.1" 304 -
58.37.227.186 - - [17/Sep/2021:09:49:43 +0800] "POST /xingrg/kc/buy/cgsh_order_operate.html HTTP/1.1" 200 8245
58.37.227.186 - - [17/Sep/2021:09:49:43 +0800] "GET /xingrg/all/common/auto_word.html?type=employee&rest_code=00141 HTTP/1.1" 200 201
58.37.227.186 - - [17/Sep/2021:09:49:43 +0800] "GET /xingrg/all/common/auto_word.html?type=employee&rest_code=00141 HTTP/1.1" 200 201
58.37.227.186 - - [17/Sep/2021:09:49:43 +0800] "GET /xingrg/javascript/easyui/themes/default/validatebox.css HTTP/1.1" 404 1104
101.85.93.96 - - [17/Sep/2021:09:49:43 +0800] "GET /xingrg/all/function/internal_message.html?_=1631843297856&CODE_STATE=getMsg HTTP/1.1" 200 27
58.37.227.186 - - [17/Sep/2021:09:49:46 +0800] "GET /xingrg/javascript/auto/indicator.gif HTTP/1.1" 404 1066
116.238.248.233 - - [17/Sep/2021:09:49:48 +0800] "GET /xingrg/all/function/internal_message.html?_=1631843387754&CODE_STATE=getMsg HTTP/1.1" 200 27
116.228.172.94 - - [17/Sep/2021:09:49:48 +0800] "GET /xingrg/all/function/internal_message.html?_=1631843403368&CODE_STATE=getMsg HTTP/1.1" 200 27
222.70.179.190 - - [17/Sep/2021:09:49:49 +0800] "GET /xingrg/all/function/internal_message.html?_=1631843380023&CODE_STATE=getMsg HTTP/1.1" 200 27
58.37.227.186 - - [17/Sep/2021:09:49:49 +0800] "GET /xingrg/javascript/jquery_tools/images/next.gif HTTP/1.1" 404 1086
58.37.227.186 - - [17/Sep/2021:09:49:49 +0800] "GET /xingrg/javascript/jquery_tools/images/prev.gif HTTP/1.1" 404 1086
222.70.179.190 - - [17/Sep/2021:09:49:50 +0800] "POST /xingrg/kc/buy/cgsh_order_operate.html HTTP/1.1" 200 2065
120.253.135.82 - - [17/Sep/2021:09:49:50 +0800] "GET /xingrg/all/function/internal_message.html?_=1631843518201&CODE_STATE=getMsg HTTP/1.1" 200 27
116.237.74.154 - - [17/Sep/2021:09:49:52 +0800] "GET /xingrg/all/function/internal_message.html?_=1631843392416&CODE_STATE=getMsg HTTP/1.1" 200 27
116.232.55.124 - - [17/Sep/2021:09:49:56 +0800] "GET /xingrg/all/function/internal_message.html?_=1631843397931&CODE_STATE=getMsg HTTP/1.1" 200 27
58.37.227.186 - - [17/Sep/2021:09:49:56 +0800] "GET /xingrg/kc/buy/cgsh_order_operate.html?command=get_materiel&rest_code=00141&code=00101016105&supplier_code=00100036&order_time=2021-09-17 HTTP/1.1" 200 409
222.70.179.190 - - [17/Sep/2021:09:49:59 +0800] "GET /xingrg/kc/buy/cgsh_order_operate.html?command=get_materiel&rest_code=00111&code=00101008163&supplier_code=00100005&order_time=2021-09-17 HTTP/1.1" 200 409
180.169.147.146 - - [17/Sep/2021:09:49:59 +0800] "GET /xingrg/all/function/internal_message.html?_=1631843435090&CODE_STATE=getMsg HTTP/1.1" 200 27
180.169.147.146 - - [17/Sep/2021:09:50:00 +0800] "POST /xingrg/kc/buy/cgsh_list_operate.html HTTP/1.1" 200 349
58.37.227.186 - - [17/Sep/2021:09:50:00 +0800] "GET /xingrg/all/function/internal_message.html?_=1631843270801&CODE_STATE=getMsg HTTP/1.1" 200 27
124.79.246.142 - - [17/Sep/2021:09:50:01 +0800] "GET /xingrg/check_reg.html?_=1631843861486 HTTP/1.1" 200 22
116.230.105.26 - - [17/Sep/2021:09:50:02 +0800] "GET /xingrg/all/function/internal_message.html?_=1631843389099&CODE_STATE=getMsg HTTP/1.1" 200 27
124.79.246.142 - - [17/Sep/2021:09:50:02 +0800] "GET /xingrg/all/function/internal_message.html?_=1631843862617&CODE_STATE=getMsg HTTP/1.1" 200 27
180.169.147.146 - - [17/Sep/2021:09:50:05 +0800] "GET /xingrg/all/function/internal_message.html?_=1631843402551&CODE_STATE=getMsg HTTP/1.1" 200 27
101.83.145.79 - - [17/Sep/2021:09:50:08 +0800] "GET /xingrg/all/function/internal_message.html?_=1631843409473&CODE_STATE=getMsg HTTP/1.1" 200 27
222.70.246.151 - - [17/Sep/2021:09:50:09 +0800] "GET /xingrg/all/function/internal_message.html?_=1631843427371&CODE_STATE=getMsg HTTP/1.1" 200 27
101.83.145.79 - - [17/Sep/2021:09:50:10 +0800] "GET /xingrg/kc/buy/cgsh_order_add.html HTTP/1.1" 200 63529
120.253.135.82 - - [17/Sep/2021:09:50:10 +0800] "GET /xingrg/all/function/internal_message.html?_=1631843430122&CODE_STATE=getMsg HTTP/1.1" 200 27
101.83.145.79 - - [17/Sep/2021:09:50:10 +0800] "POST /xingrg/kc/buy/cgsh_order_operate.html HTTP/1.1" 200 8245
101.83.145.79 - - [17/Sep/2021:09:50:10 +0800] "GET /xingrg/javascript/easyui/themes/default/validatebox.css HTTP/1.1" 404 1104
114.83.220.177 - - [17/Sep/2021:09:50:12 +0800] "GET /xingrg/all/function/internal_message.html?_=1631843411466&CODE_STATE=getMsg HTTP/1.1" 200 27
124.79.76.92 - - [17/Sep/2021:09:50:13 +0800] "GET /xingrg/all/function/internal_message.html?_=1631843415379&CODE_STATE=getMsg HTTP/1.1" 302 -
58.37.227.186 - - [17/Sep/2021:09:50:14 +0800] "GET /xingrg/kc/buy/cgsh_order_operate.html?command=get_materiel&rest_code=00141&code=00101016053&supplier_code=00100036&order_time=2021-09-17 HTTP/1.1" 200 408
116.238.168.124 - - [17/Sep/2021:09:50:20 +0800] "GET /xingrg/all/function/internal_message.html?_=1631843398817&CODE_STATE=getMsg HTTP/1.1" 200 27
101.83.145.79 - - [17/Sep/2021:09:50:20 +0800] "GET /xingrg/kc/buy/cgsh_order_operate.html?command=get_materiel&rest_code=00105&code=00101002027&supplier_code=00100397&order_time=2021-09-17 HTTP/1.1" 200 413
58.37.227.186 - - [17/Sep/2021:09:50:24 +0800] "GET /xingrg/kc/buy/cgsh_order_operate.html?command=get_materiel&rest_code=00141&code=00101016025&supplier_code=00100036&order_time=2021-09-17 HTTP/1.1" 200 408
180.169.147.146 - - [17/Sep/2021:09:50:25 +0800] "GET /xingrg/all/function/internal_message.html?_=1631843427568&CODE_STATE=getMsg HTTP/1.1" 200 27
116.237.74.154 - - [17/Sep/2021:09:50:26 +0800] "GET /xingrg/check_reg.html?_=1631843423494 HTTP/1.1" 200 22
124.79.246.142 - - [17/Sep/2021:09:50:30 +0800] "GET /xingrg/all/function/internal_message.html?_=1631843532820&CODE_STATE=getMsg HTTP/1.1" 200 27
101.83.145.79 - - [17/Sep/2021:09:50:32 +0800] "GET /xingrg/kc/buy/cgsh_order_operate.html?command=get_materiel&rest_code=00105&code=00101005009&supplier_code=00100397&order_time=2021-09-17 HTTP/1.1" 200 413
58.37.227.186 - - [17/Sep/2021:09:50:35 +0800] "GET /xingrg/kc/buy/cgsh_order_operate.html?command=get_materiel&rest_code=00141&code=00101011001&supplier_code=00100036&order_time=2021-09-17 HTTP/1.1" 200 423
222.70.179.190 - - [17/Sep/2021:09:50:40 +0800] "GET /xingrg/kc/buy/cgsh_order_operate.html?command=get_materiel&rest_code=00111&code=00101008355&supplier_code=00100005&order_time=2021-09-17 HTTP/1.1" 200 408
101.83.145.79 - - [17/Sep/2021:09:50:41 +0800] "GET /xingrg/kc/buy/cgsh_order_operate.html?command=get_materiel&rest_code=00105&code=00101001010&supplier_code=00100397&order_time=2021-09-17 HTTP/1.1" 200 409
101.85.93.96 - - [17/Sep/2021:09:50:43 +0800] "GET /xingrg/all/function/internal_message.html?_=1631843357827&CODE_STATE=getMsg HTTP/1.1" 200 27
58.37.227.186 - - [17/Sep/2021:09:50:45 +0800] "GET /xingrg/kc/buy/cgsh_order_operate.html?command=get_materiel&rest_code=00141&code=00101012040&supplier_code=00100036&order_time=2021-09-17 HTTP/1.1" 200 413
116.238.248.233 - - [17/Sep/2021:09:50:48 +0800] "GET /xingrg/all/function/internal_message.html?_=1631843447767&CODE_STATE=getMsg HTTP/1.1" 200 27
116.228.172.94 - - [17/Sep/2021:09:50:48 +0800] "GET /xingrg/all/function/internal_message.html?_=1631843463371&CODE_STATE=getMsg HTTP/1.1" 200 27
222.70.179.190 - - [17/Sep/2021:09:50:49 +0800] "GET /xingrg/all/function/internal_message.html?_=1631843439995&CODE_STATE=getMsg HTTP/1.1" 200 27
120.253.135.82 - - [17/Sep/2021:09:50:50 +0800] "GET /xingrg/all/function/internal_message.html?_=1631843578207&CODE_STATE=getMsg HTTP/1.1" 200 27
116.237.74.154 - - [17/Sep/2021:09:50:52 +0800] "GET /xingrg/check_reg.html?_=1631843452418 HTTP/1.1" 200 22
116.237.74.154 - - [17/Sep/2021:09:50:52 +0800] "GET /xingrg/all/function/internal_message.html?_=1631843452421&CODE_STATE=getMsg HTTP/1.1" 200 27
222.70.179.190 - - [17/Sep/2021:09:50:53 +0800] "GET /xingrg/kc/buy/cgsh_order_operate.html?command=get_materiel&rest_code=00111&code=00101008004&supplier_code=00100005&order_time=2021-09-17 HTTP/1.1" 200 416
58.37.227.186 - - [17/Sep/2021:09:50:55 +0800] "GET /xingrg/kc/buy/cgsh_order_operate.html?command=get_materiel&rest_code=00141&code=00101012002&supplier_code=00100036&order_time=2021-09-17 HTTP/1.1" 200 419
116.232.55.124 - - [17/Sep/2021:09:50:56 +0800] "GET /xingrg/all/function/internal_message.html?_=1631843457930&CODE_STATE=getMsg HTTP/1.1" 200 27
116.232.55.124 - - [17/Sep/2021:09:50:56 +0800] "GET /xingrg/check_reg.html?_=1631843457934 HTTP/1.1" 200 22
116.238.168.124 - - [17/Sep/2021:09:50:58 +0800] "GET /xingrg/check_reg.html?_=1631843436750 HTTP/1.1" 200 22
180.169.147.146 - - [17/Sep/2021:09:50:59 +0800] "GET /xingrg/all/function/internal_message.html?_=1631843495092&CODE_STATE=getMsg HTTP/1.1" 200 27
58.37.227.186 - - [17/Sep/2021:09:51:00 +0800] "GET /xingrg/all/function/internal_message.html?_=1631843330825&CODE_STATE=getMsg HTTP/1.1" 200 27
116.230.105.26 - - [17/Sep/2021:09:51:02 +0800] "GET /xingrg/all/function/internal_message.html?_=1631843449106&CODE_STATE=getMsg HTTP/1.1" 200 27
116.230.105.26 - - [17/Sep/2021:09:51:02 +0800] "GET /xingrg/check_reg.html?_=1631843449109 HTTP/1.1" 200 22
124.79.246.142 - - [17/Sep/2021:09:51:02 +0800] "GET /xingrg/all/function/internal_message.html?_=1631843922632&CODE_STATE=getMsg HTTP/1.1" 200 27
180.169.147.146 - - [17/Sep/2021:09:51:05 +0800] "GET /xingrg/all/function/internal_message.html?_=1631843462550&CODE_STATE=getMsg HTTP/1.1" 200 27
180.169.147.146 - - [17/Sep/2021:09:51:05 +0800] "GET /xingrg/check_reg.html?_=1631843462553 HTTP/1.1" 200 22
101.83.145.79 - - [17/Sep/2021:09:51:07 +0800] "GET /xingrg/check_reg.html?_=1631843469239 HTTP/1.1" 200 22
101.83.145.79 - - [17/Sep/2021:09:51:08 +0800] "GET /xingrg/all/function/internal_message.html?_=1631843469452&CODE_STATE=getMsg HTTP/1.1" 200 27
222.70.246.151 - - [17/Sep/2021:09:51:09 +0800] "GET /xingrg/all/function/internal_message.html?_=1631843487398&CODE_STATE=getMsg HTTP/1.1" 200 27
120.253.135.82 - - [17/Sep/2021:09:51:10 +0800] "GET /xingrg/all/function/internal_message.html?_=1631843490124&CODE_STATE=getMsg HTTP/1.1" 200 27
114.83.220.177 - - [17/Sep/2021:09:51:12 +0800] "GET /xingrg/all/function/internal_message.html?_=1631843471468&CODE_STATE=getMsg HTTP/1.1" 200 27
58.37.227.186 - - [17/Sep/2021:09:51:12 +0800] "POST /xingrg/kc/buy/cgsh_order_operate.html HTTP/1.1" 200 37
124.79.76.92 - - [17/Sep/2021:09:51:13 +0800] "GET /xingrg/all/function/internal_message.html?_=1631843475381&CODE_STATE=getMsg HTTP/1.1" 302 -
124.79.76.92 - - [17/Sep/2021:09:51:13 +0800] "GET /xingrg/check_reg.html?_=1631843475383 HTTP/1.1" 302 -
58.37.227.186 - - [17/Sep/2021:09:51:16 +0800] "POST /xingrg/kc/buy/cgsh_order_operate.html HTTP/1.1" 200 12
58.37.227.186 - - [17/Sep/2021:09:51:17 +0800] "GET /xingrg/kc/buy/cgsh_order_info.html?code=212021091707170 HTTP/1.1" 200 58399
58.37.227.186 - - [17/Sep/2021:09:51:18 +0800] "GET /xingrg/javascript/easyui/themes/default/validatebox.css HTTP/1.1" 404 1104
58.37.227.186 - - [17/Sep/2021:09:51:18 +0800] "POST /xingrg/kc/buy/cgsh_order_operate.html HTTP/1.1" 200 4155
222.70.179.190 - - [17/Sep/2021:09:51:18 +0800] "GET /xingrg/kc/buy/cgsh_order_operate.html?command=get_materiel&rest_code=00111&code=00101008372&supplier_code=00100005&order_time=2021-09-17 HTTP/1.1" 200 408
58.37.227.186 - - [17/Sep/2021:09:51:19 +0800] "GET /xingrg/kc/print/load_config.html?kc_code=cgsh HTTP/1.1" 200 2076
58.37.227.186 - - [17/Sep/2021:09:51:19 +0800] "GET /xingrg/kc/print/load_data.html?order_code=212021091707170&kc_code=cgsh&condition= HTTP/1.1" 200 2137
116.238.168.124 - - [17/Sep/2021:09:51:20 +0800] "GET /xingrg/all/function/internal_message.html?_=1631843458819&CODE_STATE=getMsg HTTP/1.1" 200 27
58.37.227.186 - - [17/Sep/2021:09:51:23 +0800] "GET /xingrg/kc/buy/cgsh_order_add.html HTTP/1.1" 200 63488
222.70.179.190 - - [17/Sep/2021:09:51:23 +0800] "POST /xingrg/kc/buy/cgsh_order_operate.html HTTP/1.1" 200 2065
58.37.227.186 - - [17/Sep/2021:09:51:23 +0800] "POST /xingrg/kc/buy/cgsh_order_operate.html HTTP/1.1" 200 8245
58.37.227.186 - - [17/Sep/2021:09:51:23 +0800] "GET /xingrg/javascript/easyui/themes/default/validatebox.css HTTP/1.1" 404 1104
180.169.147.146 - - [17/Sep/2021:09:51:25 +0800] "GET /xingrg/check_reg.html?_=1631843487569 HTTP/1.1" 200 22
180.169.147.146 - - [17/Sep/2021:09:51:25 +0800] "GET /xingrg/all/function/internal_message.html?_=1631843487573&CODE_STATE=getMsg HTTP/1.1" 200 27
101.83.145.79 - - [17/Sep/2021:09:51:26 +0800] "POST /xingrg/kc/buy/cgsh_order_operate.html HTTP/1.1" 200 37
180.169.147.146 - - [17/Sep/2021:09:51:27 +0800] "POST /xingrg/kc/buy/cgsh_list_operate.html HTTP/1.1" 200 4
180.169.147.146 - - [17/Sep/2021:09:51:30 +0800] "POST /xingrg/kc/buy/cgsh_list_operate.html HTTP/1.1" 200 5134
124.79.246.142 - - [17/Sep/2021:09:51:30 +0800] "GET /xingrg/all/function/internal_message.html?_=1631843592834&CODE_STATE=getMsg HTTP/1.1" 200 27
222.70.179.190 - - [17/Sep/2021:09:51:32 +0800] "GET /xingrg/kc/buy/cgsh_order_operate.html?command=get_materiel&rest_code=00111&code=00101008264&supplier_code=00100005&order_time=2021-09-17 HTTP/1.1" 200 412
116.228.172.94 - - [17/Sep/2021:09:51:35 +0800] "GET /xingrg/kc/buy/buy_main.html HTTP/1.1" 200 12412
116.228.172.94 - - [17/Sep/2021:09:51:35 +0800] "GET /xingrg/css/new_ie.css HTTP/1.1" 404 1036
116.228.172.94 - - [17/Sep/2021:09:51:35 +0800] "GET /xingrg/images/yd/bt.gif HTTP/1.1" 404 1040
58.37.227.186 - - [17/Sep/2021:09:51:35 +0800] "GET /xingrg/kc/buy/cgsh_order_operate.html?command=get_materiel&rest_code=00141&code=00101005037&supplier_code=00100040&order_time=2021-09-17 HTTP/1.1" 200 409
101.83.145.79 - - [17/Sep/2021:09:51:36 +0800] "POST /xingrg/kc/buy/cgsh_order_operate.html HTTP/1.1" 200 5619
116.228.172.94 - - [17/Sep/2021:09:51:36 +0800] "GET /xingrg/kc/buy/cgsh_order_list.html HTTP/1.1" 200 47748
101.83.145.79 - - [17/Sep/2021:09:51:38 +0800] "GET /xingrg/kc/print/load_data.html?order_code=212021091707171&kc_code=cgsh&condition= HTTP/1.1" 200 1805
101.83.145.79 - - [17/Sep/2021:09:51:42 +0800] "GET /xingrg/kc/buy/cgsh_order_add.html HTTP/1.1" 200 63529
101.83.145.79 - - [17/Sep/2021:09:51:42 +0800] "GET /xingrg/javascript/easyui/themes/default/validatebox.css HTTP/1.1" 404 1104
101.83.145.79 - - [17/Sep/2021:09:51:42 +0800] "POST /xingrg/kc/buy/cgsh_order_operate.html HTTP/1.1" 200 8245
101.85.93.96 - - [17/Sep/2021:09:51:43 +0800] "GET /xingrg/all/function/internal_message.html?_=1631843417799&CODE_STATE=getMsg HTTP/1.1" 200 27
58.37.227.186 - - [17/Sep/2021:09:51:46 +0800] "GET /xingrg/kc/buy/cgsh_order_operate.html?command=get_materiel&rest_code=00141&code=00101005036&supplier_code=00100040&order_time=2021-09-17 HTTP/1.1" 200 409
116.238.248.233 - - [17/Sep/2021:09:51:48 +0800] "GET /xingrg/all/function/internal_message.html?_=1631843507753&CODE_STATE=getMsg HTTP/1.1" 200 27
116.228.172.94 - - [17/Sep/2021:09:51:48 +0800] "GET /xingrg/all/function/internal_message.html?_=1631843523384&CODE_STATE=getMsg HTTP/1.1" 200 27
222.70.179.190 - - [17/Sep/2021:09:51:49 +0800] "GET /xingrg/all/function/internal_message.html?_=1631843500064&CODE_STATE=getMsg HTTP/1.1" 200 27
120.253.135.82 - - [17/Sep/2021:09:51:50 +0800] "GET /xingrg/check_reg.html?_=1631843638038 HTTP/1.1" 200 22
120.253.135.82 - - [17/Sep/2021:09:51:50 +0800] "GET /xingrg/all/function/internal_message.html?_=1631843638220&CODE_STATE=getMsg HTTP/1.1" 200 27
116.228.172.94 - - [17/Sep/2021:09:51:52 +0800] "POST /xingrg/kc/buy/cgsh_list_operate.html HTTP/1.1" 200 876
116.237.74.154 - - [17/Sep/2021:09:51:52 +0800] "GET /xingrg/all/function/internal_message.html?_=1631843512449&CODE_STATE=getMsg HTTP/1.1" 200 27
101.83.145.79 - - [17/Sep/2021:09:51:53 +0800] "GET /xingrg/kc/buy/cgsh_order_operate.html?command=get_materiel&rest_code=00105&code=00101009109&supplier_code=00100012&order_time=2021-09-17 HTTP/1.1" 200 399
58.37.227.186 - - [17/Sep/2021:09:51:53 +0800] "GET /xingrg/kc/buy/cgsh_order_operate.html?command=get_materiel&rest_code=00141&code=00101001010&supplier_code=00100040&order_time=2021-09-17 HTTP/1.1" 200 409
116.232.55.124 - - [17/Sep/2021:09:51:56 +0800] "GET /xingrg/all/function/internal_message.html?_=1631843517932&CODE_STATE=getMsg HTTP/1.1" 200 27
180.169.147.146 - - [17/Sep/2021:09:51:56 +0800] "POST /xingrg/kc/buy/cgsh_list_operate.html HTTP/1.1" 200 4
180.169.147.146 - - [17/Sep/2021:09:51:59 +0800] "GET /xingrg/all/function/internal_message.html?_=1631843555079&CODE_STATE=getMsg HTTP/1.1" 200 27
180.169.147.146 - - [17/Sep/2021:09:51:59 +0800] "POST /xingrg/kc/buy/cgsh_list_operate.html HTTP/1.1" 200 4945
58.37.227.186 - - [17/Sep/2021:09:52:00 +0800] "GET /xingrg/all/function/internal_message.html?_=1631843390799&CODE_STATE=getMsg HTTP/1.1" 200 27
116.230.105.26 - - [17/Sep/2021:09:52:02 +0800] "GET /xingrg/all/function/internal_message.html?_=1631843509094&CODE_STATE=getMsg HTTP/1.1" 200 27
58.37.227.186 - - [17/Sep/2021:09:52:02 +0800] "POST /xingrg/kc/buy/cgsh_order_operate.html HTTP/1.1" 200 37
124.79.246.142 - - [17/Sep/2021:09:52:02 +0800] "GET /xingrg/all/function/internal_message.html?_=1631843982645&CODE_STATE=getMsg HTTP/1.1" 200 27
180.169.147.146 - - [17/Sep/2021:09:52:05 +0800] "GET /xingrg/all/function/internal_message.html?_=1631843522548&CODE_STATE=getMsg HTTP/1.1" 200 27
58.37.227.186 - - [17/Sep/2021:09:52:07 +0800] "POST /xingrg/kc/buy/cgsh_order_operate.html HTTP/1.1" 200 12
101.83.145.79 - - [17/Sep/2021:09:52:08 +0800] "GET /xingrg/all/function/internal_message.html?_=1631843529428&CODE_STATE=getMsg HTTP/1.1" 200 27
222.70.246.151 - - [17/Sep/2021:09:52:09 +0800] "GET /xingrg/all/function/internal_message.html?_=1631843547414&CODE_STATE=getMsg HTTP/1.1" 200 27
120.253.135.82 - - [17/Sep/2021:09:52:10 +0800] "GET /xingrg/all/function/internal_message.html?_=1631843550162&CODE_STATE=getMsg HTTP/1.1" 200 27
58.37.227.186 - - [17/Sep/2021:09:52:10 +0800] "GET /xingrg/kc/buy/cgsh_order_info.html?code=212021091707172 HTTP/1.1" 200 58397
58.37.227.186 - - [17/Sep/2021:09:52:11 +0800] "GET /xingrg/javascript/easyui/themes/default/validatebox.css HTTP/1.1" 404 1104
58.37.227.186 - - [17/Sep/2021:09:52:11 +0800] "POST /xingrg/kc/buy/cgsh_order_operate.html HTTP/1.1" 200 1780
114.83.220.177 - - [17/Sep/2021:09:52:12 +0800] "GET /xingrg/all/function/internal_message.html?_=1631843531466&CODE_STATE=getMsg HTTP/1.1" 200 27
58.37.227.186 - - [17/Sep/2021:09:52:12 +0800] "GET /xingrg/kc/print/load_data.html?order_code=212021091707172&kc_code=cgsh&condition= HTTP/1.1" 200 1221
124.79.76.92 - - [17/Sep/2021:09:52:13 +0800] "GET /xingrg/all/function/internal_message.html?_=1631843535384&CODE_STATE=getMsg HTTP/1.1" 302 -
58.37.227.186 - - [17/Sep/2021:09:52:16 +0800] "GET /xingrg/kc/buy/cgsh_order_add.html HTTP/1.1" 200 63488
58.37.227.186 - - [17/Sep/2021:09:52:16 +0800] "POST /xingrg/kc/buy/cgsh_order_operate.html HTTP/1.1" 200 8245
58.37.227.186 - - [17/Sep/2021:09:52:16 +0800] "GET /xingrg/javascript/easyui/themes/default/validatebox.css HTTP/1.1" 404 1104
101.83.145.79 - - [17/Sep/2021:09:52:20 +0800] "GET /xingrg/kc/buy/cgsh_order_operate.html?command=get_materiel&rest_code=00105&code=00101006193&supplier_code=00100012&order_time=2021-09-17 HTTP/1.1" 200 409
116.238.168.124 - - [17/Sep/2021:09:52:20 +0800] "GET /xingrg/all/function/internal_message.html?_=1631843518833&CODE_STATE=getMsg HTTP/1.1" 200 27
120.253.135.82 - - [17/Sep/2021:09:52:24 +0800] "GET /xingrg/check_reg.html?_=1631843317140 HTTP/1.1" 200 22
180.169.147.146 - - [17/Sep/2021:09:52:25 +0800] "GET /xingrg/all/function/internal_message.html?_=1631843547579&CODE_STATE=getMsg HTTP/1.1" 200 27
58.37.227.186 - - [17/Sep/2021:09:52:25 +0800] "GET /xingrg/kc/buy/cgsh_order_operate.html?command=get_materiel&rest_code=00141&code=00101006128&supplier_code=00100012&order_time=2021-09-17 HTTP/1.1" 200 427
180.169.147.146 - - [17/Sep/2021:09:52:26 +0800] "POST /xingrg/kc/buy/cgsh_list_operate.html HTTP/1.1" 200 4
180.169.147.146 - - [17/Sep/2021:09:52:29 +0800] "POST /xingrg/kc/buy/cgsh_list_operate.html HTTP/1.1" 200 876
124.79.246.142 - - [17/Sep/2021:09:52:30 +0800] "GET /xingrg/all/function/internal_message.html?_=1631843652834&CODE_STATE=getMsg HTTP/1.1" 200 27
124.79.246.142 - - [17/Sep/2021:09:52:30 +0800] "GET /xingrg/check_reg.html?_=1631843652833 HTTP/1.1" 200 22
116.228.172.94 - - [17/Sep/2021:09:52:31 +0800] "GET /xingrg/kc/buy/cgsh_order_add.html HTTP/1.1" 200 62532
116.228.172.94 - - [17/Sep/2021:09:52:31 +0800] "POST /xingrg/kc/buy/cgsh_order_operate.html HTTP/1.1" 200 8245
116.228.172.94 - - [17/Sep/2021:09:52:31 +0800] "GET /xingrg/all/common/auto_word.html?type=employee&rest_code=00153 HTTP/1.1" 200 47
116.228.172.94 - - [17/Sep/2021:09:52:31 +0800] "GET /xingrg/all/common/auto_word.html?type=employee&rest_code=00153 HTTP/1.1" 200 47
116.228.172.94 - - [17/Sep/2021:09:52:31 +0800] "GET /xingrg/javascript/easyui/themes/default/validatebox.css HTTP/1.1" 404 1104
116.228.172.94 - - [17/Sep/2021:09:52:32 +0800] "GET /xingrg/javascript/easyui/themes/default/tree.css HTTP/1.1" 404 1090
116.228.172.94 - - [17/Sep/2021:09:52:33 +0800] "POST /xingrg/all/common/load_tree.html?tree=supplier_tree_json&isDelete=1 HTTP/1.1" 200 57803
101.83.145.79 - - [17/Sep/2021:09:52:33 +0800] "GET /xingrg/kc/buy/cgsh_order_operate.html?command=get_materiel&rest_code=00105&code=00101006129&supplier_code=00100012&order_time=2021-09-17 HTTP/1.1" 200 431
58.37.227.186 - - [17/Sep/2021:09:52:39 +0800] "GET /xingrg/kc/buy/cgsh_order_operate.html?command=get_materiel&rest_code=00141&code=00101006193&supplier_code=00100012&order_time=2021-09-17 HTTP/1.1" 200 409
116.228.172.94 - - [17/Sep/2021:09:52:42 +0800] "GET /xingrg/javascript/auto/indicator.gif HTTP/1.1" 404 1066
101.85.93.96 - - [17/Sep/2021:09:52:43 +0800] "GET /xingrg/all/function/internal_message.html?_=1631843477772&CODE_STATE=getMsg HTTP/1.1" 200 27
116.228.172.94 - - [17/Sep/2021:09:52:45 +0800] "GET /xingrg/kc/buy/cgsh_order_operate.html?command=get_materiel&rest_code=00153&code=00102008110&supplier_code=00100224&order_time=2021-09-17 HTTP/1.1" 200 420
120.253.135.82 - - [17/Sep/2021:09:52:46 +0800] "GET /xingrg/check_reg.html?_=1631843585832 HTTP/1.1" 200 22
58.37.227.186 - - [17/Sep/2021:09:52:47 +0800] "GET /xingrg/kc/buy/cgsh_order_operate.html?command=get_materiel&rest_code=00141&code=00101006111&supplier_code=00100012&order_time=2021-09-17 HTTP/1.1" 200 409
116.238.248.233 - - [17/Sep/2021:09:52:48 +0800] "GET /xingrg/all/function/internal_message.html?_=1631843567754&CODE_STATE=getMsg HTTP/1.1" 200 27
116.228.172.94 - - [17/Sep/2021:09:52:48 +0800] "GET /xingrg/all/function/internal_message.html?_=1631843583379&CODE_STATE=getMsg HTTP/1.1" 200 27
222.70.179.190 - - [17/Sep/2021:09:52:49 +0800] "GET /xingrg/all/function/internal_message.html?_=1631843560029&CODE_STATE=getMsg HTTP/1.1" 200 27
101.83.145.79 - - [17/Sep/2021:09:52:49 +0800] "GET /xingrg/kc/buy/cgsh_order_operate.html?command=get_materiel&rest_code=00105&code=00101006106&supplier_code=00100012&order_time=2021-09-17 HTTP/1.1" 200 421
120.253.135.82 - - [17/Sep/2021:09:52:50 +0800] "GET /xingrg/all/function/internal_message.html?_=1631843698234&CODE_STATE=getMsg HTTP/1.1" 200 27
116.237.74.154 - - [17/Sep/2021:09:52:52 +0800] "GET /xingrg/all/function/internal_message.html?_=1631843572449&CODE_STATE=getMsg HTTP/1.1" 200 27
58.37.227.186 - - [17/Sep/2021:09:52:56 +0800] "GET /xingrg/kc/buy/cgsh_order_operate.html?command=get_materiel&rest_code=00141&code=00101008131&supplier_code=00100012&order_time=2021-09-17 HTTP/1.1" 200 408
116.232.55.124 - - [17/Sep/2021:09:52:56 +0800] "GET /xingrg/all/function/internal_message.html?_=1631843577934&CODE_STATE=getMsg HTTP/1.1" 200 27
180.169.147.146 - - [17/Sep/2021:09:52:59 +0800] "GET /xingrg/check_reg.html?_=1631843615088 HTTP/1.1" 200 22
180.169.147.146 - - [17/Sep/2021:09:52:59 +0800] "GET /xingrg/all/function/internal_message.html?_=1631843615081&CODE_STATE=getMsg HTTP/1.1" 200 27
116.228.172.94 - - [17/Sep/2021:09:53:00 +0800] "POST /xingrg/kc/buy/cgsh_order_operate.html HTTP/1.1" 200 37
58.37.227.186 - - [17/Sep/2021:09:53:00 +0800] "GET /xingrg/all/function/internal_message.html?_=1631843450828&CODE_STATE=getMsg HTTP/1.1" 200 27
58.37.227.186 - - [17/Sep/2021:09:53:01 +0800] "GET /xingrg/kc/buy/cgsh_order_operate.html?command=get_materiel&rest_code=00141&code=00101006055&supplier_code=00100012&order_time=2021-09-17 HTTP/1.1" 200 409
116.230.105.26 - - [17/Sep/2021:09:53:02 +0800] "GET /xingrg/all/function/internal_message.html?_=1631843569107&CODE_STATE=getMsg HTTP/1.1" 200 27
116.228.172.94 - - [17/Sep/2021:09:53:02 +0800] "POST /xingrg/kc/buy/cgsh_order_operate.html HTTP/1.1" 200 2671
124.79.246.142 - - [17/Sep/2021:09:53:02 +0800] "GET /xingrg/all/function/internal_message.html?_=1631844042679&CODE_STATE=getMsg HTTP/1.1" 200 27
180.169.147.146 - - [17/Sep/2021:09:53:05 +0800] "GET /xingrg/all/function/internal_message.html?_=1631843582558&CODE_STATE=getMsg HTTP/1.1" 200 27
101.83.145.79 - - [17/Sep/2021:09:53:08 +0800] "GET /xingrg/all/function/internal_message.html?_=1631843589409&CODE_STATE=getMsg HTTP/1.1" 200 27
116.228.172.94 - - [17/Sep/2021:09:53:08 +0800] "POST /xingrg/kc/buy/cgsh_order_operate.html HTTP/1.1" 200 37
222.70.246.151 - - [17/Sep/2021:09:53:10 +0800] "GET /xingrg/all/function/internal_message.html?_=1631843607440&CODE_STATE=getMsg HTTP/1.1" 200 27
120.253.135.82 - - [17/Sep/2021:09:53:10 +0800] "GET /xingrg/all/function/internal_message.html?_=1631843610166&CODE_STATE=getMsg HTTP/1.1" 200 27
58.37.227.186 - - [17/Sep/2021:09:53:11 +0800] "GET /xingrg/kc/buy/cgsh_order_operate.html?command=get_materiel&rest_code=00141&code=00101006109&supplier_code=00100012&order_time=2021-09-17 HTTP/1.1" 200 409
114.83.220.177 - - [17/Sep/2021:09:53:12 +0800] "GET /xingrg/all/function/internal_message.html?_=1631843591468&CODE_STATE=getMsg HTTP/1.1" 200 27
114.83.220.177 - - [17/Sep/2021:09:53:12 +0800] "GET /xingrg/check_reg.html?_=1631843591470 HTTP/1.1" 200 22
116.228.172.94 - - [17/Sep/2021:09:53:12 +0800] "POST /xingrg/kc/buy/cgsh_order_operate.html HTTP/1.1" 200 12
124.79.76.92 - - [17/Sep/2021:09:53:13 +0800] "GET /xingrg/all/function/internal_message.html?_=1631843595387&CODE_STATE=getMsg HTTP/1.1" 302 -
116.228.172.94 - - [17/Sep/2021:09:53:14 +0800] "GET /xingrg/kc/buy/cgsh_order_info.html?code=212021091707173 HTTP/1.1" 200 57431
116.228.172.94 - - [17/Sep/2021:09:53:14 +0800] "GET /xingrg/javascript/easyui/themes/default/validatebox.css HTTP/1.1" 404 1104
116.228.172.94 - - [17/Sep/2021:09:53:15 +0800] "POST /xingrg/kc/buy/cgsh_order_operate.html HTTP/1.1" 200 621
222.70.179.190 - - [17/Sep/2021:09:53:16 +0800] "GET /xingrg/kc/buy/cgsh_order_operate.html?command=get_materiel&rest_code=00111&code=00101008362&supplier_code=00100005&order_time=2021-09-17 HTTP/1.1" 200 408
116.228.172.94 - - [17/Sep/2021:09:53:16 +0800] "GET /xingrg/kc/print/load_config.html?kc_code=cgsh HTTP/1.1" 200 2076
116.228.172.94 - - [17/Sep/2021:09:53:16 +0800] "GET /xingrg/kc/print/load_data.html?order_code=212021091707173&kc_code=cgsh&condition= HTTP/1.1" 200 682
120.253.135.82 - - [17/Sep/2021:09:53:18 +0800] "GET /xingrg/kc/pszx/mdqp_order_list.html?state=10 HTTP/1.1" 200 11054
120.253.135.82 - - [17/Sep/2021:09:53:18 +0800] "GET /xingrg/dwr/interface/AjaxReportQueryService.js HTTP/1.1" 200 13203
120.253.135.82 - - [17/Sep/2021:09:53:18 +0800] "GET /xingrg/dwr/interface/AjaxQqpsService.js HTTP/1.1" 200 16326
120.253.135.82 - - [17/Sep/2021:09:53:18 +0800] "GET /xingrg/dwr/engine.js HTTP/1.1" 200 43631
101.83.145.79 - - [17/Sep/2021:09:53:18 +0800] "GET /xingrg/kc/buy/cgsh_order_operate.html?command=get_materiel&rest_code=00105&code=00101006109&supplier_code=00100012&order_time=2021-09-17 HTTP/1.1" 200 409
116.238.168.124 - - [17/Sep/2021:09:53:20 +0800] "GET /xingrg/all/function/internal_message.html?_=1631843579095&CODE_STATE=getMsg HTTP/1.1" 200 27
116.230.105.26 - - [17/Sep/2021:09:53:21 +0800] "POST /xingrg/kc/buy/cgsh_order_operate.html HTTP/1.1" 200 37
116.230.105.26 - - [17/Sep/2021:09:53:23 +0800] "POST /xingrg/kc/buy/cgsh_order_operate.html HTTP/1.1" 200 35196
120.253.135.82 - - [17/Sep/2021:09:53:23 +0800] "GET /xingrg/kc/pszx/jzcl_ps.html HTTP/1.1" 200 7683
120.253.135.82 - - [17/Sep/2021:09:53:23 +0800] "POST /xingrg/all/common/load_tree.html?tree=area_rest_tree_json HTTP/1.1" 200 3472
120.253.135.82 - - [17/Sep/2021:09:53:23 +0800] "POST /xingrg/kc/pszx/jzcl_ps_operate.html HTTP/1.1" 200 859
120.253.135.82 - - [17/Sep/2021:09:53:23 +0800] "POST /xingrg/kc/pszx/jzcl_ps_operate.html HTTP/1.1" 200 859
116.230.105.26 - - [17/Sep/2021:09:53:23 +0800] "GET /xingrg/kc/print/load_config.html?kc_code=cgsh HTTP/1.1" 200 2076
116.230.105.26 - - [17/Sep/2021:09:53:24 +0800] "GET /xingrg/kc/print/load_data.html?order_code=212021091707174&kc_code=cgsh&condition= HTTP/1.1" 200 13027
58.37.227.186 - - [17/Sep/2021:09:53:24 +0800] "GET /xingrg/kc/buy/cgsh_order_operate.html?command=get_materiel&rest_code=00141&code=00101006129&supplier_code=00100012&order_time=2021-09-17 HTTP/1.1" 200 431
180.169.147.146 - - [17/Sep/2021:09:53:25 +0800] "GET /xingrg/all/function/internal_message.html?_=1631843607581&CODE_STATE=getMsg HTTP/1.1" 200 27
222.70.246.151 - - [17/Sep/2021:09:53:28 +0800] "GET /xingrg/check_reg.html?_=1631843625704 HTTP/1.1" 200 22
101.83.145.79 - - [17/Sep/2021:09:53:28 +0800] "GET /xingrg/kc/buy/cgsh_order_operate.html?command=get_materiel&rest_code=00105&code=00101010247&supplier_code=00100012&order_time=2021-09-17 HTTP/1.1" 200 410
116.230.105.26 - - [17/Sep/2021:09:53:29 +0800] "GET /xingrg/kc/print/load_data.html?order_code=212021091707174&kc_code=cgsh HTTP/1.1" 200 13027
124.79.246.142 - - [17/Sep/2021:09:53:30 +0800] "GET /xingrg/all/function/internal_message.html?_=1631843712831&CODE_STATE=getMsg HTTP/1.1" 200 27
222.70.179.190 - - [17/Sep/2021:09:53:34 +0800] "GET /xingrg/kc/buy/cgsh_order_operate.html?command=get_materiel&rest_code=00111&code=00101008196&supplier_code=00100005&order_time=2021-09-17 HTTP/1.1" 200 416
58.37.227.186 - - [17/Sep/2021:09:53:35 +0800] "GET /xingrg/kc/buy/cgsh_order_operate.html?command=get_materiel&rest_code=00141&code=00101006133&supplier_code=00100012&order_time=2021-09-17 HTTP/1.1" 200 413
120.253.135.82 - - [17/Sep/2021:09:53:35 +0800] "POST /xingrg/kc/pszx/jzcl_ps_operate.html HTTP/1.1" 200 4
120.253.135.82 - - [17/Sep/2021:09:53:37 +0800] "GET /xingrg/kc/pszx/mdps_order_list.html HTTP/1.1" 200 21089
120.253.135.82 - - [17/Sep/2021:09:53:38 +0800] "POST /xingrg/kc/pszx/mdps_list_operate.html HTTP/1.1" 200 5465
101.85.93.96 - - [17/Sep/2021:09:53:42 +0800] "GET /xingrg/check_reg.html?_=1631843536732 HTTP/1.1" 200 22
101.83.145.79 - - [17/Sep/2021:09:53:42 +0800] "GET /xingrg/kc/buy/cgsh_order_operate.html?command=get_materiel&rest_code=00105&code=00101006130&supplier_code=00100012&order_time=2021-09-17 HTTP/1.1" 200 427
101.85.93.96 - - [17/Sep/2021:09:53:43 +0800] "GET /xingrg/all/function/internal_message.html?_=1631843537740&CODE_STATE=getMsg HTTP/1.1" 200 27
116.238.248.233 - - [17/Sep/2021:09:53:48 +0800] "GET /xingrg/all/function/internal_message.html?_=1631843627755&CODE_STATE=getMsg HTTP/1.1" 200 27
116.238.248.233 - - [17/Sep/2021:09:53:48 +0800] "GET /xingrg/check_reg.html?_=1631843627759 HTTP/1.1" 200 22
116.228.172.94 - - [17/Sep/2021:09:53:48 +0800] "GET /xingrg/check_reg.html?_=1631843643365 HTTP/1.1" 200 22
116.228.172.94 - - [17/Sep/2021:09:53:48 +0800] "GET /xingrg/all/function/internal_message.html?_=1631843643367&CODE_STATE=getMsg HTTP/1.1" 200 27
222.70.179.190 - - [17/Sep/2021:09:53:49 +0800] "GET /xingrg/all/function/internal_message.html?_=1631843620010&CODE_STATE=getMsg HTTP/1.1" 200 27
222.70.179.190 - - [17/Sep/2021:09:53:49 +0800] "GET /xingrg/check_reg.html?_=1631843620233 HTTP/1.1" 200 22
120.253.135.82 - - [17/Sep/2021:09:53:50 +0800] "GET /xingrg/all/function/internal_message.html?_=1631843758248&CODE_STATE=getMsg HTTP/1.1" 200 27
116.237.74.154 - - [17/Sep/2021:09:53:52 +0800] "GET /xingrg/all/function/internal_message.html?_=1631843632449&CODE_STATE=getMsg HTTP/1.1" 200 27
58.37.227.186 - - [17/Sep/2021:09:53:53 +0800] "GET /xingrg/kc/buy/cgsh_order_operate.html?command=get_materiel&rest_code=00141&code=00101006062&supplier_code=00100012&order_time=2021-09-17 HTTP/1.1" 200 409
222.70.179.190 - - [17/Sep/2021:09:53:54 +0800] "GET /xingrg/kc/buy/cgsh_order_operate.html?command=get_materiel&rest_code=00111&code=00101008013&supplier_code=00100005&order_time=2021-09-17 HTTP/1.1" 200 408
116.232.55.124 - - [17/Sep/2021:09:53:56 +0800] "GET /xingrg/all/function/internal_message.html?_=1631843637936&CODE_STATE=getMsg HTTP/1.1" 200 27
116.230.105.26 - - [17/Sep/2021:09:53:57 +0800] "POST /xingrg/kc/buy/cgsh_list_operate.html HTTP/1.1" 200 9301
120.253.135.82 - - [17/Sep/2021:09:53:58 +0800] "POST /xingrg/kc/pszx/mdps_list_operate.html HTTP/1.1" 200 2055
180.169.147.146 - - [17/Sep/2021:09:53:59 +0800] "GET /xingrg/all/function/internal_message.html?_=1631843675078&CODE_STATE=getMsg HTTP/1.1" 200 27
120.253.135.82 - - [17/Sep/2021:09:53:59 +0800] "POST /xingrg/kc/pszx/mdps_list_operate.html HTTP/1.1" 200 311
116.230.105.26 - - [17/Sep/2021:09:54:00 +0800] "POST /xingrg/kc/buy/cgsh_list_operate.html HTTP/1.1" 200 578
116.230.105.26 - - [17/Sep/2021:09:54:00 +0800] "GET /xingrg/kc/buy/cgsh_order_info.html?code=212021091606986 HTTP/1.1" 200 58357
120.253.135.82 - - [17/Sep/2021:09:54:00 +0800] "GET /xingrg/kc/pszx/mdps_order_info.html?code=312021091700489 HTTP/1.1" 200 23929
222.70.179.190 - - [17/Sep/2021:09:54:00 +0800] "POST /xingrg/kc/buy/cgsh_order_operate.html HTTP/1.1" 200 2065
58.37.227.186 - - [17/Sep/2021:09:54:00 +0800] "GET /xingrg/check_reg.html?_=1631843510816 HTTP/1.1" 200 22
58.37.227.186 - - [17/Sep/2021:09:54:00 +0800] "GET /xingrg/all/function/internal_message.html?_=1631843510817&CODE_STATE=getMsg HTTP/1.1" 200 27
116.230.105.26 - - [17/Sep/2021:09:54:00 +0800] "GET /xingrg/javascript/easyui/themes/default/validatebox.css HTTP/1.1" 404 1104
120.253.135.82 - - [17/Sep/2021:09:54:01 +0800] "GET /xingrg/javascript/easyui/themes/default/validatebox.css HTTP/1.1" 404 1104
120.253.135.82 - - [17/Sep/2021:09:54:01 +0800] "POST /xingrg/kc/pszx/mdps_order_operate.html HTTP/1.1" 200 2814
116.230.105.26 - - [17/Sep/2021:09:54:01 +0800] "POST /xingrg/kc/buy/cgsh_order_operate.html HTTP/1.1" 200 3567
116.230.105.26 - - [17/Sep/2021:09:54:01 +0800] "POST /xingrg/kc/buy/cgsh_list_operate.html HTTP/1.1" 200 9301
116.230.105.26 - - [17/Sep/2021:09:54:02 +0800] "GET /xingrg/all/function/internal_message.html?_=1631843629202&CODE_STATE=getMsg HTTP/1.1" 200 27
116.230.105.26 - - [17/Sep/2021:09:54:02 +0800] "GET /xingrg/kc/print/load_data.html?order_code=212021091606986&kc_code=cgsh HTTP/1.1" 200 1871
124.79.246.142 - - [17/Sep/2021:09:54:02 +0800] "GET /xingrg/all/function/internal_message.html?_=1631844102687&CODE_STATE=getMsg HTTP/1.1" 200 27
58.37.227.186 - - [17/Sep/2021:09:54:03 +0800] "GET /xingrg/kc/buy/cgsh_order_operate.html?command=get_materiel&rest_code=00141&code=00101006027&supplier_code=00100012&order_time=2021-09-17 HTTP/1.1" 200 409
180.169.147.146 - - [17/Sep/2021:09:54:05 +0800] "GET /xingrg/all/function/internal_message.html?_=1631843642558&CODE_STATE=getMsg HTTP/1.1" 200 27
101.83.145.79 - - [17/Sep/2021:09:54:08 +0800] "GET /xingrg/all/function/internal_message.html?_=1631843649410&CODE_STATE=getMsg HTTP/1.1" 200 27
101.83.145.79 - - [17/Sep/2021:09:54:08 +0800] "GET /xingrg/kc/buy/cgsh_order_operate.html?command=get_materiel&rest_code=00105&code=00101006006&supplier_code=00100012&order_time=2021-09-17 HTTP/1.1" 200 409
222.70.246.151 - - [17/Sep/2021:09:54:10 +0800] "GET /xingrg/all/function/internal_message.html?_=1631843667441&CODE_STATE=getMsg HTTP/1.1" 200 27
120.253.135.82 - - [17/Sep/2021:09:54:10 +0800] "POST /xingrg/kc/pszx/mdps_list_operate.html HTTP/1.1" 200 449
120.253.135.82 - - [17/Sep/2021:09:54:10 +0800] "GET /xingrg/all/function/internal_message.html?_=1631843670179&CODE_STATE=getMsg HTTP/1.1" 200 27
116.230.105.26 - - [17/Sep/2021:09:54:10 +0800] "GET /xingrg/kc/buy/cgsh_order_list.html HTTP/1.1" 200 47750
120.253.135.82 - - [17/Sep/2021:09:54:10 +0800] "GET /xingrg/kc/pszx/mdps_order_info.html?code=312021091700490 HTTP/1.1" 200 23929
120.253.135.82 - - [17/Sep/2021:09:54:11 +0800] "GET /xingrg/javascript/easyui/themes/default/validatebox.css HTTP/1.1" 404 1104
120.253.135.82 - - [17/Sep/2021:09:54:11 +0800] "POST /xingrg/kc/pszx/mdps_order_operate.html HTTP/1.1" 200 3757
114.83.220.177 - - [17/Sep/2021:09:54:12 +0800] "GET /xingrg/all/function/internal_message.html?_=1631843651469&CODE_STATE=getMsg HTTP/1.1" 200 27
116.230.105.26 - - [17/Sep/2021:09:54:12 +0800] "POST /xingrg/kc/buy/cgsh_list_operate.html HTTP/1.1" 200 2772
116.230.105.26 - - [17/Sep/2021:09:54:12 +0800] "POST /xingrg/kc/buy/cgsh_list_operate.html HTTP/1.1" 200 2772
120.253.135.82 - - [17/Sep/2021:09:54:12 +0800] "POST /xingrg/all/common/load_combo.html?type=base HTTP/1.1" 200 1075
124.79.76.92 - - [17/Sep/2021:09:54:13 +0800] "GET /xingrg/all/function/internal_message.html?_=1631843655389&CODE_STATE=getMsg HTTP/1.1" 302 -
120.253.135.82 - - [17/Sep/2021:09:54:18 +0800] "POST /xingrg/kc/pszx/mdps_order_operate.html HTTP/1.1" 200 37
120.253.135.82 - - [17/Sep/2021:09:54:19 +0800] "GET /xingrg/kc/pszx/mdps_order_info.html?code=312021091700490 HTTP/1.1" 200 23929
120.253.135.82 - - [17/Sep/2021:09:54:19 +0800] "GET /xingrg/javascript/easyui/themes/default/validatebox.css HTTP/1.1" 404 1104
120.253.135.82 - - [17/Sep/2021:09:54:19 +0800] "POST /xingrg/kc/pszx/mdps_order_operate.html HTTP/1.1" 200 3789
116.238.168.124 - - [17/Sep/2021:09:54:21 +0800] "GET /xingrg/all/function/internal_message.html?_=1631843639350&CODE_STATE=getMsg HTTP/1.1" 200 27
180.169.147.146 - - [17/Sep/2021:09:54:25 +0800] "GET /xingrg/all/function/internal_message.html?_=1631843667583&CODE_STATE=getMsg HTTP/1.1" 200 27
222.70.179.190 - - [17/Sep/2021:09:54:29 +0800] "GET /xingrg/kc/buy/cgsh_order_operate.html?command=get_materiel&rest_code=00111&code=00101008286&supplier_code=00100005&order_time=2021-09-17 HTTP/1.1" 200 408
124.79.246.142 - - [17/Sep/2021:09:54:30 +0800] "GET /xingrg/all/function/internal_message.html?_=1631843772830&CODE_STATE=getMsg HTTP/1.1" 200 27
120.253.135.82 - - [17/Sep/2021:09:54:32 +0800] "GET /xingrg/kc/pszx/mdps_order_operate.html?command=get_materiel&pszx_code=00101&rest_code=00153&base_code=0010250&code=00102002028 HTTP/1.1" 200 469
120.253.135.82 - - [17/Sep/2021:09:54:38 +0800] "POST /xingrg/kc/pszx/mdps_order_operate.html HTTP/1.1" 200 37
120.253.135.82 - - [17/Sep/2021:09:54:39 +0800] "GET /xingrg/kc/pszx/mdps_order_info.html?code=312021091700490 HTTP/1.1" 200 23929
180.169.147.146 - - [17/Sep/2021:09:54:39 +0800] "GET /xingrg/check_reg.html?_=1631843681237 HTTP/1.1" 302 -
120.253.135.82 - - [17/Sep/2021:09:54:40 +0800] "GET /xingrg/javascript/easyui/themes/default/validatebox.css HTTP/1.1" 404 1104
120.253.135.82 - - [17/Sep/2021:09:54:40 +0800] "POST /xingrg/kc/pszx/mdps_order_operate.html HTTP/1.1" 200 4308
120.253.135.82 - - [17/Sep/2021:09:54:42 +0800] "POST /xingrg/kc/pszx/mdps_list_operate.html HTTP/1.1" 200 2056
101.85.93.96 - - [17/Sep/2021:09:54:43 +0800] "GET /xingrg/all/function/internal_message.html?_=1631843597711&CODE_STATE=getMsg HTTP/1.1" 200 27
120.253.135.82 - - [17/Sep/2021:09:54:43 +0800] "POST /xingrg/kc/pszx/mdps_list_operate.html HTTP/1.1" 200 311
120.253.135.82 - - [17/Sep/2021:09:54:44 +0800] "GET /xingrg/kc/pszx/mdps_order_info.html?code=312021091700489 HTTP/1.1" 200 23929
120.253.135.82 - - [17/Sep/2021:09:54:44 +0800] "GET /xingrg/javascript/easyui/themes/default/validatebox.css HTTP/1.1" 404 1104
120.253.135.82 - - [17/Sep/2021:09:54:44 +0800] "POST /xingrg/kc/pszx/mdps_order_operate.html HTTP/1.1" 200 2814
116.238.248.233 - - [17/Sep/2021:09:54:48 +0800] "GET /xingrg/all/function/internal_message.html?_=1631843687759&CODE_STATE=getMsg HTTP/1.1" 200 27
116.228.172.94 - - [17/Sep/2021:09:54:48 +0800] "GET /xingrg/all/function/internal_message.html?_=1631843703369&CODE_STATE=getMsg HTTP/1.1" 200 27
222.70.179.190 - - [17/Sep/2021:09:54:49 +0800] "GET /xingrg/all/function/internal_message.html?_=1631843679987&CODE_STATE=getMsg HTTP/1.1" 200 27
120.253.135.82 - - [17/Sep/2021:09:54:50 +0800] "GET /xingrg/all/function/internal_message.html?_=1631843818264&CODE_STATE=getMsg HTTP/1.1" 200 27
116.237.74.154 - - [17/Sep/2021:09:54:52 +0800] "GET /xingrg/all/function/internal_message.html?_=1631843692449&CODE_STATE=getMsg HTTP/1.1" 200 27
120.253.135.82 - - [17/Sep/2021:09:54:54 +0800] "POST /xingrg/kc/pszx/mdps_list_operate.html HTTP/1.1" 200 2056
120.253.135.82 - - [17/Sep/2021:09:54:56 +0800] "POST /xingrg/kc/pszx/mdps_list_operate.html HTTP/1.1" 200 540
116.232.55.124 - - [17/Sep/2021:09:54:56 +0800] "GET /xingrg/all/function/internal_message.html?_=1631843697938&CODE_STATE=getMsg HTTP/1.1" 200 27
58.37.227.186 - - [17/Sep/2021:09:54:56 +0800] "POST /xingrg/kc/buy/cgsh_order_operate.html HTTP/1.1" 200 37
101.83.145.79 - - [17/Sep/2021:09:54:56 +0800] "GET /xingrg/kc/buy/cgsh_order_operate.html?command=get_materiel&rest_code=00105&code=00101006177&supplier_code=00100012&order_time=2021-09-17 HTTP/1.1" 200 409
120.253.135.82 - - [17/Sep/2021:09:54:56 +0800] "GET /xingrg/kc/pszx/mdps_order_info.html?code=312021091700490 HTTP/1.1" 200 23929
120.253.135.82 - - [17/Sep/2021:09:54:57 +0800] "GET /xingrg/javascript/easyui/themes/default/validatebox.css HTTP/1.1" 404 1104
120.253.135.82 - - [17/Sep/2021:09:54:57 +0800] "POST /xingrg/kc/pszx/mdps_order_operate.html HTTP/1.1" 200 4308
180.169.147.146 - - [17/Sep/2021:09:54:59 +0800] "GET /xingrg/all/function/internal_message.html?_=1631843735080&CODE_STATE=getMsg HTTP/1.1" 200 27
58.37.227.186 - - [17/Sep/2021:09:55:00 +0800] "POST /xingrg/kc/buy/cgsh_order_operate.html HTTP/1.1" 200 12
124.79.246.142 - - [17/Sep/2021:09:55:01 +0800] "GET /xingrg/check_reg.html?_=1631844161512 HTTP/1.1" 200 22
116.230.105.26 - - [17/Sep/2021:09:55:02 +0800] "GET /xingrg/all/function/internal_message.html?_=1631843689112&CODE_STATE=getMsg HTTP/1.1" 200 27
124.79.246.142 - - [17/Sep/2021:09:55:02 +0800] "GET /xingrg/all/function/internal_message.html?_=1631844162700&CODE_STATE=getMsg HTTP/1.1" 200 27
101.83.145.79 - - [17/Sep/2021:09:55:03 +0800] "POST /xingrg/kc/buy/cgsh_order_operate.html HTTP/1.1" 200 37
120.253.135.82 - - [17/Sep/2021:09:55:04 +0800] "GET /xingrg/kc/pszx/mdps_order_operate.html?command=get_materiel&pszx_code=00101&rest_code=00153&base_code=0010250&code=00102002940 HTTP/1.1" 200 419
180.169.147.146 - - [17/Sep/2021:09:55:05 +0800] "GET /xingrg/all/function/internal_message.html?_=1631843702558&CODE_STATE=getMsg HTTP/1.1" 200 27
58.37.227.186 - - [17/Sep/2021:09:55:09 +0800] "GET /xingrg/kc/buy/cgsh_order_info.html?code=212021091707175 HTTP/1.1" 200 58397
58.37.227.186 - - [17/Sep/2021:09:55:09 +0800] "GET /xingrg/javascript/easyui/themes/default/validatebox.css HTTP/1.1" 404 1104
222.70.246.151 - - [17/Sep/2021:09:55:10 +0800] "GET /xingrg/all/function/internal_message.html?_=1631843727455&CODE_STATE=getMsg HTTP/1.1" 200 27
