101.85.93.96 - - [17/Sep/2021:09:38:36 +0800] "GET /xingrg/kc/buy/cgsh_order_operate.html?command=get_materiel&rest_code=00142&code=00101016057&supplier_code=00100161&order_time=2021-09-17 HTTP/1.1" 200 408
222.70.179.190 - - [17/Sep/2021:09:38:41 +0800] "GET /xingrg/kc/buy/cgsh_order_operate.html?command=get_materiel&rest_code=00111&code=00101008323&supplier_code=00100005&order_time=2021-09-17 HTTP/1.1" 200 408
101.85.93.96 - - [17/Sep/2021:09:38:42 +0800] "GET /xingrg/check_reg.html?_=1631842636722 HTTP/1.1" 200 22
101.85.93.96 - - [17/Sep/2021:09:38:42 +0800] "GET /xingrg/all/function/internal_message.html?_=1631842636725&CODE_STATE=getMsg HTTP/1.1" 200 27
180.157.251.224 - - [17/Sep/2021:09:38:42 +0800] "POST /xingrg/services/DataTransmitService HTTP/1.1" 200 501
180.157.251.224 - - [17/Sep/2021:09:38:42 +0800] "POST /xingrg/services/DataTransmitService HTTP/1.1" 200 501
180.157.251.224 - - [17/Sep/2021:09:38:44 +0800] "POST /xingrg/services/DataTransmitService HTTP/1.1" 200 501
180.157.251.224 - - [17/Sep/2021:09:38:46 +0800] "POST /xingrg/services/DataTransmitService HTTP/1.1" 200 501
101.85.93.96 - - [17/Sep/2021:09:38:46 +0800] "GET /xingrg/kc/buy/cgsh_order_operate.html?command=get_materiel&rest_code=00142&code=00101008283&supplier_code=00100161&order_time=2021-09-17 HTTP/1.1" 200 408
180.157.251.224 - - [17/Sep/2021:09:38:47 +0800] "POST /xingrg/services/DataTransmitService HTTP/1.1" 200 501
180.157.251.224 - - [17/Sep/2021:09:38:47 +0800] "POST /xingrg/services/DataTransmitService HTTP/1.1" 200 501
180.157.251.224 - - [17/Sep/2021:09:38:47 +0800] "POST /xingrg/services/DataTransmitService HTTP/1.1" 200 501
180.157.251.224 - - [17/Sep/2021:09:38:48 +0800] "POST /xingrg/services/DataTransmitService HTTP/1.1" 200 501
180.157.251.224 - - [17/Sep/2021:09:38:48 +0800] "POST /xingrg/services/DataTransmitService HTTP/1.1" 200 501
116.228.172.94 - - [17/Sep/2021:09:38:48 +0800] "GET /xingrg/check_reg.html?_=1631842743365 HTTP/1.1" 200 22
116.228.172.94 - - [17/Sep/2021:09:38:48 +0800] "GET /xingrg/all/function/internal_message.html?_=1631842743371&CODE_STATE=getMsg HTTP/1.1" 200 27
222.70.179.190 - - [17/Sep/2021:09:38:49 +0800] "GET /xingrg/all/function/internal_message.html?_=1631842720223&CODE_STATE=getMsg HTTP/1.1" 200 27
222.70.179.190 - - [17/Sep/2021:09:38:49 +0800] "GET /xingrg/check_reg.html?_=1631842720320 HTTP/1.1" 200 22
180.157.251.224 - - [17/Sep/2021:09:38:49 +0800] "POST /xingrg/services/DataTransmitService HTTP/1.1" 200 412
120.253.135.82 - - [17/Sep/2021:09:38:50 +0800] "GET /xingrg/all/function/internal_message.html?_=1631842858044&CODE_STATE=getMsg HTTP/1.1" 200 27
116.237.74.154 - - [17/Sep/2021:09:38:52 +0800] "GET /xingrg/all/function/internal_message.html?_=1631842732395&CODE_STATE=getMsg HTTP/1.1" 200 27
180.157.251.224 - - [17/Sep/2021:09:38:52 +0800] "POST /xingrg/services/DataTransmitService HTTP/1.1" 200 524
180.157.251.224 - - [17/Sep/2021:09:38:53 +0800] "POST /xingrg/services/DataTransmitService HTTP/1.1" 200 501
180.157.251.224 - - [17/Sep/2021:09:38:56 +0800] "POST /xingrg/services/DataTransmitService HTTP/1.1" 200 524
116.232.55.124 - - [17/Sep/2021:09:38:56 +0800] "GET /xingrg/all/function/internal_message.html?_=1631842737894&CODE_STATE=getMsg HTTP/1.1" 200 27
180.157.251.224 - - [17/Sep/2021:09:38:56 +0800] "POST /xingrg/services/DataTransmitService HTTP/1.1" 200 524
116.230.105.26 - - [17/Sep/2021:09:38:57 +0800] "GET /xingrg/kc/buy/cgsh_order_operate.html?command=get_materiel&rest_code=00155&code=00101008110&supplier_code=00100005&order_time=2021-09-17 HTTP/1.1" 200 408
101.85.93.96 - - [17/Sep/2021:09:38:57 +0800] "GET /xingrg/kc/buy/cgsh_order_operate.html?command=get_materiel&rest_code=00142&code=00101008298&supplier_code=00100161&order_time=2021-09-17 HTTP/1.1" 200 412
180.157.251.224 - - [17/Sep/2021:09:38:57 +0800] "POST /xingrg/services/DataTransmitService HTTP/1.1" 200 524
180.157.251.224 - - [17/Sep/2021:09:38:58 +0800] "POST /xingrg/services/DataTransmitService HTTP/1.1" 200 524
222.70.179.190 - - [17/Sep/2021:09:38:58 +0800] "GET /xingrg/kc/buy/cgsh_order_operate.html?command=get_materiel&rest_code=00111&code=00101008175&supplier_code=00100005&order_time=2021-09-17 HTTP/1.1" 200 412
116.230.105.26 - - [17/Sep/2021:09:38:58 +0800] "POST /xingrg/kc/buy/cgsh_order_operate.html HTTP/1.1" 200 2065
180.169.147.146 - - [17/Sep/2021:09:38:59 +0800] "GET /xingrg/all/function/internal_message.html?_=1631842775068&CODE_STATE=getMsg HTTP/1.1" 200 27
116.230.105.26 - - [17/Sep/2021:09:39:02 +0800] "GET /xingrg/all/function/internal_message.html?_=1631842729116&CODE_STATE=getMsg HTTP/1.1" 200 27
124.79.246.142 - - [17/Sep/2021:09:39:02 +0800] "GET /xingrg/all/function/internal_message.html?_=1631843202437&CODE_STATE=getMsg HTTP/1.1" 200 27
116.230.105.26 - - [17/Sep/2021:09:39:03 +0800] "GET /xingrg/kc/buy/cgsh_order_operate.html?command=get_materiel&rest_code=00155&code=00101008283&supplier_code=00100005&order_time=2021-09-17 HTTP/1.1" 200 408
101.85.93.96 - - [17/Sep/2021:09:39:05 +0800] "POST /xingrg/kc/buy/cgsh_order_operate.html HTTP/1.1" 200 2065
101.83.145.79 - - [17/Sep/2021:09:39:08 +0800] "GET /xingrg/all/function/internal_message.html?_=1631842749743&CODE_STATE=getMsg HTTP/1.1" 200 27
222.70.179.190 - - [17/Sep/2021:09:39:08 +0800] "GET /xingrg/kc/buy/cgsh_order_operate.html?command=get_materiel&rest_code=00111&code=00101008176&supplier_code=00100005&order_time=2021-09-17 HTTP/1.1" 200 412
116.230.105.26 - - [17/Sep/2021:09:39:09 +0800] "GET /xingrg/kc/buy/cgsh_order_operate.html?command=get_materiel&rest_code=00155&code=00101008010&supplier_code=00100005&order_time=2021-09-17 HTTP/1.1" 200 412
222.70.246.151 - - [17/Sep/2021:09:39:09 +0800] "GET /xingrg/all/function/internal_message.html?_=1631842767191&CODE_STATE=getMsg HTTP/1.1" 200 27
120.253.135.82 - - [17/Sep/2021:09:39:10 +0800] "GET /xingrg/all/function/internal_message.html?_=1631842769820&CODE_STATE=getMsg HTTP/1.1" 200 27
101.85.93.96 - - [17/Sep/2021:09:39:12 +0800] "GET /xingrg/kc/buy/cgsh_order_operate.html?command=get_materiel&rest_code=00142&code=00101008373&supplier_code=00100161&order_time=2021-09-17 HTTP/1.1" 200 412
114.83.220.177 - - [17/Sep/2021:09:39:12 +0800] "GET /xingrg/all/function/internal_message.html?_=1631842751436&CODE_STATE=getMsg HTTP/1.1" 200 27
124.79.76.92 - - [17/Sep/2021:09:39:13 +0800] "GET /xingrg/all/function/internal_message.html?_=1631842755381&CODE_STATE=getMsg HTTP/1.1" 302 -
116.230.105.26 - - [17/Sep/2021:09:39:15 +0800] "GET /xingrg/kc/buy/cgsh_order_operate.html?command=get_materiel&rest_code=00155&code=00101008388&supplier_code=00100005&order_time=2021-09-17 HTTP/1.1" 200 414
116.238.168.124 - - [17/Sep/2021:09:39:19 +0800] "GET /xingrg/all/function/internal_message.html?_=1631842737580&CODE_STATE=getMsg HTTP/1.1" 200 27
222.70.179.190 - - [17/Sep/2021:09:39:19 +0800] "GET /xingrg/kc/buy/cgsh_order_operate.html?command=get_materiel&rest_code=00111&code=00101008305&supplier_code=00100005&order_time=2021-09-17 HTTP/1.1" 200 412
116.238.248.233 - - [17/Sep/2021:09:39:23 +0800] "GET /xingrg/kc/base/yddb_order_list.html HTTP/1.1" 200 16834
116.238.248.233 - - [17/Sep/2021:09:39:23 +0800] "POST /xingrg/kc/base/yddb_list_operate.html HTTP/1.1" 200 636
101.85.93.96 - - [17/Sep/2021:09:39:24 +0800] "GET /xingrg/kc/buy/cgsh_order_operate.html?command=get_materiel&rest_code=00142&code=00101008354&supplier_code=00100161&order_time=2021-09-17 HTTP/1.1" 200 412
116.238.248.233 - - [17/Sep/2021:09:39:26 +0800] "POST /xingrg/kc/base/yddb_list_operate.html HTTP/1.1" 200 1347
116.230.105.26 - - [17/Sep/2021:09:39:26 +0800] "POST /xingrg/kc/buy/cgsh_order_operate.html HTTP/1.1" 200 2065
116.238.248.233 - - [17/Sep/2021:09:39:28 +0800] "POST /xingrg/kc/base/yddb_list_operate.html HTTP/1.1" 200 622
116.238.248.233 - - [17/Sep/2021:09:39:28 +0800] "GET /xingrg/kc/base/yddb_order_info.html?code=482021091700187 HTTP/1.1" 200 31032
116.238.248.233 - - [17/Sep/2021:09:39:28 +0800] "GET /xingrg/dwr/interface/AjaxComOrderService.js HTTP/1.1" 200 18264
116.238.248.233 - - [17/Sep/2021:09:39:28 +0800] "GET /xingrg/dwr/interface/AjaxYddbService.js HTTP/1.1" 200 13201
116.238.248.233 - - [17/Sep/2021:09:39:28 +0800] "GET /xingrg/dwr/engine.js HTTP/1.1" 200 43631
116.238.248.233 - - [17/Sep/2021:09:39:28 +0800] "POST /xingrg/dwr/call/plaincall/AjaxYddbService.loadMaterielItems.dwr HTTP/1.1" 200 2248
116.238.248.233 - - [17/Sep/2021:09:39:30 +0800] "GET /xingrg/all/function/internal_message.html?_=1631842769528&CODE_STATE=getMsg HTTP/1.1" 200 27
116.230.105.26 - - [17/Sep/2021:09:39:30 +0800] "GET /xingrg/kc/buy/cgsh_order_operate.html?command=get_materiel&rest_code=00155&code=00101008186&supplier_code=00100005&order_time=2021-09-17 HTTP/1.1" 200 408
124.79.246.142 - - [17/Sep/2021:09:39:30 +0800] "GET /xingrg/all/function/internal_message.html?_=1631842872820&CODE_STATE=getMsg HTTP/1.1" 200 27
101.85.93.96 - - [17/Sep/2021:09:39:34 +0800] "GET /xingrg/kc/buy/cgsh_order_operate.html?command=get_materiel&rest_code=00142&code=00101008152&supplier_code=00100161&order_time=2021-09-17 HTTP/1.1" 200 408
222.70.179.190 - - [17/Sep/2021:09:39:34 +0800] "GET /xingrg/kc/buy/cgsh_order_operate.html?command=get_materiel&rest_code=00111&code=00101008257&supplier_code=00100005&order_time=2021-09-17 HTTP/1.1" 200 416
116.238.248.233 - - [17/Sep/2021:09:39:34 +0800] "POST /xingrg/dwr/call/plaincall/AjaxYddbService.saveOrder.dwr HTTP/1.1" 200 78
116.238.248.233 - - [17/Sep/2021:09:39:38 +0800] "POST /xingrg/dwr/call/plaincall/AjaxYddbService.objCheckOrder.dwr HTTP/1.1" 200 78
180.169.147.146 - - [17/Sep/2021:09:39:40 +0800] "GET /xingrg/check_reg.html?_=1631842781306 HTTP/1.1" 302 -
116.238.248.233 - - [17/Sep/2021:09:39:40 +0800] "GET /xingrg/kc/base/yddb_order_info.html?code=482021091700187 HTTP/1.1" 200 31153
116.238.248.233 - - [17/Sep/2021:09:39:40 +0800] "GET /xingrg/dwr/interface/AjaxYddbService.js HTTP/1.1" 200 13201
116.238.248.233 - - [17/Sep/2021:09:39:40 +0800] "GET /xingrg/dwr/interface/AjaxComOrderService.js HTTP/1.1" 200 18264
116.238.248.233 - - [17/Sep/2021:09:39:40 +0800] "GET /xingrg/dwr/engine.js HTTP/1.1" 200 43631
116.238.248.233 - - [17/Sep/2021:09:39:40 +0800] "POST /xingrg/dwr/call/plaincall/AjaxYddbService.loadMaterielItems.dwr HTTP/1.1" 200 2248
114.83.220.177 - - [17/Sep/2021:09:39:42 +0800] "GET /xingrg/kc/buy/cgsh_order_add.html HTTP/1.1" 200 63535
114.83.220.177 - - [17/Sep/2021:09:39:42 +0800] "POST /xingrg/kc/buy/cgsh_order_operate.html HTTP/1.1" 200 8245
114.83.220.177 - - [17/Sep/2021:09:39:42 +0800] "GET /xingrg/javascript/easyui/themes/default/validatebox.css HTTP/1.1" 404 1104
101.85.93.96 - - [17/Sep/2021:09:39:42 +0800] "GET /xingrg/all/function/internal_message.html?_=1631842696733&CODE_STATE=getMsg HTTP/1.1" 200 27
116.230.105.26 - - [17/Sep/2021:09:39:47 +0800] "GET /xingrg/kc/buy/cgsh_order_operate.html?command=get_materiel&rest_code=00155&code=00101008312&supplier_code=00100005&order_time=2021-09-17 HTTP/1.1" 200 412
116.228.172.94 - - [17/Sep/2021:09:39:48 +0800] "GET /xingrg/all/function/internal_message.html?_=1631842803376&CODE_STATE=getMsg HTTP/1.1" 200 27
222.70.179.190 - - [17/Sep/2021:09:39:49 +0800] "GET /xingrg/all/function/internal_message.html?_=1631842780205&CODE_STATE=getMsg HTTP/1.1" 200 27
222.70.179.190 - - [17/Sep/2021:09:39:49 +0800] "GET /xingrg/kc/buy/cgsh_order_operate.html?command=get_materiel&rest_code=00111&code=00101008349&supplier_code=00100005&order_time=2021-09-17 HTTP/1.1" 200 412
120.253.135.82 - - [17/Sep/2021:09:39:50 +0800] "GET /xingrg/all/function/internal_message.html?_=1631842918057&CODE_STATE=getMsg HTTP/1.1" 200 27
116.238.248.233 - - [17/Sep/2021:09:39:52 +0800] "POST /xingrg/all/user/operate.html HTTP/1.1" 200 36
116.238.248.233 - - [17/Sep/2021:09:39:52 +0800] "GET /xingrg/index.html?sysBaseUrl=http%3A%2F%2F180.169.147.146%3A18081%2Fxingrg%2F&costTime=148×tamp=1631775135890 HTTP/1.1" 200 17179
116.238.248.233 - - [17/Sep/2021:09:39:52 +0800] "GET /xingrg/javascript/jquery_easy_ui/themes/default/easyui.css HTTP/1.1" 304 -
116.238.248.233 - - [17/Sep/2021:09:39:52 +0800] "GET /xingrg/javascript/jquery_easy_ui/themes/icon.css HTTP/1.1" 304 -
116.238.248.233 - - [17/Sep/2021:09:39:52 +0800] "GET /xingrg/css/form.css HTTP/1.1" 304 -
116.238.248.233 - - [17/Sep/2021:09:39:52 +0800] "GET /xingrg/javascript/jquery-1.4.2.min.js HTTP/1.1" 304 -
116.238.248.233 - - [17/Sep/2021:09:39:52 +0800] "GET /xingrg/javascript/jquery_easy_ui/jquery.easyui.min.js HTTP/1.1" 304 -
116.238.248.233 - - [17/Sep/2021:09:39:52 +0800] "GET /xingrg/javascript/jquery_easy_ui/easyui-lang-zh_CN.js HTTP/1.1" 304 -
116.238.248.233 - - [17/Sep/2021:09:39:52 +0800] "GET /xingrg/javascript/jquery.form.js HTTP/1.1" 304 -
116.238.248.233 - - [17/Sep/2021:09:39:52 +0800] "GET /xingrg/javascript/jquery.utils.js HTTP/1.1" 304 -
116.238.248.233 - - [17/Sep/2021:09:39:52 +0800] "GET /xingrg/javascript/jquery.timers.js HTTP/1.1" 304 -
116.237.74.154 - - [17/Sep/2021:09:39:52 +0800] "GET /xingrg/all/function/internal_message.html?_=1631842792395&CODE_STATE=getMsg HTTP/1.1" 200 27
116.238.248.233 - - [17/Sep/2021:09:39:52 +0800] "GET /xingrg/images/blue/jxLogo.png HTTP/1.1" 304 -
116.238.248.233 - - [17/Sep/2021:09:39:52 +0800] "GET /xingrg/images/blue/navBackgound.jpg HTTP/1.1" 304 -
116.238.248.233 - - [17/Sep/2021:09:39:52 +0800] "GET /xingrg/javascript/jquery_easy_ui/themes/icons/settle_new.png HTTP/1.1" 304 -
116.238.248.233 - - [17/Sep/2021:09:39:52 +0800] "POST /xingrg/all/common/load_tree.html?tree=area_rest_tree_json&manage=1 HTTP/1.1" 200 476
116.238.248.233 - - [17/Sep/2021:09:39:52 +0800] "GET /xingrg/all/function/internal_message.html?_=1631842792141&CODE_STATE=count HTTP/1.1" 200 11
116.238.248.233 - - [17/Sep/2021:09:39:52 +0800] "GET /xingrg/check_reg.html?_=1631842792142 HTTP/1.1" 200 22
116.238.248.233 - - [17/Sep/2021:09:39:52 +0800] "GET /xingrg/images/blue/pingpu.png HTTP/1.1" 304 -
116.238.248.233 - - [17/Sep/2021:09:39:52 +0800] "GET /xingrg/javascript/jquery_easy_ui/themes/default/images/panel_tool_collapse.gif HTTP/1.1" 304 -
116.238.248.233 - - [17/Sep/2021:09:39:52 +0800] "GET /xingrg/javascript/jquery_easy_ui/themes/default/images/tabs_rightarrow.png HTTP/1.1" 304 -
116.238.248.233 - - [17/Sep/2021:09:39:52 +0800] "GET /xingrg/javascript/jquery_easy_ui/themes/default/images/tabs_leftarrow.png HTTP/1.1" 304 -
116.238.248.233 - - [17/Sep/2021:09:39:52 +0800] "POST /xingrg/load_menu.html HTTP/1.1" 200 5138
116.230.105.26 - - [17/Sep/2021:09:39:54 +0800] "GET /xingrg/kc/buy/cgsh_order_operate.html?command=get_materiel&rest_code=00155&code=00101008313&supplier_code=00100005&order_time=2021-09-17 HTTP/1.1" 200 412
116.238.248.233 - - [17/Sep/2021:09:39:55 +0800] "GET /xingrg/kc/buy/cgsh_order_list.html HTTP/1.1" 200 47750
116.232.55.124 - - [17/Sep/2021:09:39:56 +0800] "GET /xingrg/all/function/internal_message.html?_=1631842797896&CODE_STATE=getMsg HTTP/1.1" 200 27
116.238.248.233 - - [17/Sep/2021:09:39:56 +0800] "POST /xingrg/kc/buy/cgsh_list_operate.html HTTP/1.1" 200 2070
116.238.248.233 - - [17/Sep/2021:09:39:58 +0800] "POST /xingrg/kc/buy/cgsh_list_operate.html HTTP/1.1" 200 579
180.169.147.146 - - [17/Sep/2021:09:39:59 +0800] "GET /xingrg/all/function/internal_message.html?_=1631842835054&CODE_STATE=getMsg HTTP/1.1" 200 27
116.238.248.233 - - [17/Sep/2021:09:39:59 +0800] "GET /xingrg/kc/buy/cgsh_order_info.html?code=212021091707159 HTTP/1.1" 200 63415
116.238.248.233 - - [17/Sep/2021:09:40:00 +0800] "GET /xingrg/javascript/easyui/themes/default/validatebox.css HTTP/1.1" 404 1104
116.238.248.233 - - [17/Sep/2021:09:40:00 +0800] "POST /xingrg/kc/buy/cgsh_order_operate.html HTTP/1.1" 200 6807
124.79.246.142 - - [17/Sep/2021:09:40:01 +0800] "GET /xingrg/check_reg.html?_=1631843261446 HTTP/1.1" 200 22
116.230.105.26 - - [17/Sep/2021:09:40:02 +0800] "GET /xingrg/all/function/internal_message.html?_=1631842789130&CODE_STATE=getMsg HTTP/1.1" 200 27
101.85.93.96 - - [17/Sep/2021:09:40:02 +0800] "GET /xingrg/kc/buy/cgsh_order_operate.html?command=get_materiel&rest_code=00142&code=00101008352&supplier_code=00100161&order_time=2021-09-17 HTTP/1.1" 200 412
124.79.246.142 - - [17/Sep/2021:09:40:02 +0800] "GET /xingrg/all/function/internal_message.html?_=1631843262451&CODE_STATE=getMsg HTTP/1.1" 200 27
116.230.105.26 - - [17/Sep/2021:09:40:04 +0800] "GET /xingrg/kc/buy/cgsh_order_operate.html?command=get_materiel&rest_code=00155&code=00101008558&supplier_code=00100005&order_time=2021-09-17 HTTP/1.1" 200 395
101.83.145.79 - - [17/Sep/2021:09:40:08 +0800] "GET /xingrg/all/function/internal_message.html?_=1631842809721&CODE_STATE=getMsg HTTP/1.1" 200 27
222.70.179.190 - - [17/Sep/2021:09:40:08 +0800] "GET /xingrg/kc/buy/cgsh_order_operate.html?command=get_materiel&rest_code=00111&code=00101008244&supplier_code=00100005&order_time=2021-09-17 HTTP/1.1" 200 408
222.70.246.151 - - [17/Sep/2021:09:40:09 +0800] "GET /xingrg/all/function/internal_message.html?_=1631842827204&CODE_STATE=getMsg HTTP/1.1" 200 27
116.238.248.233 - - [17/Sep/2021:09:40:10 +0800] "POST /xingrg/kc/buy/cgsh_order_operate.html HTTP/1.1" 200 37
120.253.135.82 - - [17/Sep/2021:09:40:10 +0800] "GET /xingrg/all/function/internal_message.html?_=1631842829872&CODE_STATE=getMsg HTTP/1.1" 200 27
116.230.105.26 - - [17/Sep/2021:09:40:11 +0800] "POST /xingrg/kc/buy/cgsh_order_operate.html HTTP/1.1" 200 2065
114.83.220.177 - - [17/Sep/2021:09:40:12 +0800] "GET /xingrg/all/function/internal_message.html?_=1631842811441&CODE_STATE=getMsg HTTP/1.1" 200 27
124.79.76.92 - - [17/Sep/2021:09:40:13 +0800] "GET /xingrg/all/function/internal_message.html?_=1631842815385&CODE_STATE=getMsg HTTP/1.1" 302 -
116.238.248.233 - - [17/Sep/2021:09:40:15 +0800] "POST /xingrg/kc/buy/cgsh_order_operate.html HTTP/1.1" 200 12
116.238.248.233 - - [17/Sep/2021:09:40:16 +0800] "GET /xingrg/kc/buy/cgsh_order_info.html?code=212021091707159 HTTP/1.1" 200 58315
116.238.248.233 - - [17/Sep/2021:09:40:16 +0800] "GET /xingrg/javascript/easyui/themes/default/validatebox.css HTTP/1.1" 404 1104
101.85.93.96 - - [17/Sep/2021:09:40:17 +0800] "GET /xingrg/kc/buy/cgsh_order_operate.html?command=get_materiel&rest_code=00142&code=00101012065&supplier_code=00100161&order_time=2021-09-17 HTTP/1.1" 200 418
116.238.248.233 - - [17/Sep/2021:09:40:17 +0800] "POST /xingrg/kc/buy/cgsh_order_operate.html HTTP/1.1" 200 4753
116.230.105.26 - - [17/Sep/2021:09:40:17 +0800] "GET /xingrg/kc/buy/cgsh_order_operate.html?command=get_materiel&rest_code=00155&code=00101008270&supplier_code=00100005&order_time=2021-09-17 HTTP/1.1" 200 412
116.238.248.233 - - [17/Sep/2021:09:40:18 +0800] "GET /xingrg/kc/print/load_data.html?order_code=212021091707159&kc_code=cgsh&condition= HTTP/1.1" 200 2287
101.85.93.96 - - [17/Sep/2021:09:40:19 +0800] "POST /xingrg/kc/buy/cgsh_order_operate.html HTTP/1.1" 200 2065
116.238.168.124 - - [17/Sep/2021:09:40:19 +0800] "GET /xingrg/all/function/internal_message.html?_=1631842797594&CODE_STATE=getMsg HTTP/1.1" 200 27
222.70.179.190 - - [17/Sep/2021:09:40:22 +0800] "GET /xingrg/kc/buy/cgsh_order_operate.html?command=get_materiel&rest_code=00111&code=00101008354&supplier_code=00100005&order_time=2021-09-17 HTTP/1.1" 200 412
116.230.105.26 - - [17/Sep/2021:09:40:24 +0800] "GET /xingrg/kc/buy/cgsh_order_operate.html?command=get_materiel&rest_code=00155&code=00101008350&supplier_code=00100005&order_time=2021-09-17 HTTP/1.1" 200 408
101.85.93.96 - - [17/Sep/2021:09:40:24 +0800] "GET /xingrg/kc/buy/cgsh_order_operate.html?command=get_materiel&rest_code=00142&code=00101012024&supplier_code=00100161&order_time=2021-09-17 HTTP/1.1" 200 408
116.238.248.233 - - [17/Sep/2021:09:40:26 +0800] "POST /xingrg/kc/buy/cgsh_list_operate.html HTTP/1.1" 200 561
116.237.74.154 - - [17/Sep/2021:09:40:26 +0800] "GET /xingrg/check_reg.html?_=1631842823548 HTTP/1.1" 200 22
116.238.248.233 - - [17/Sep/2021:09:40:27 +0800] "GET /xingrg/kc/buy/cgsh_order_info.html?code=212021091707146 HTTP/1.1" 200 63427
116.238.248.233 - - [17/Sep/2021:09:40:27 +0800] "GET /xingrg/javascript/easyui/themes/default/validatebox.css HTTP/1.1" 404 1104
116.238.248.233 - - [17/Sep/2021:09:40:28 +0800] "POST /xingrg/kc/buy/cgsh_order_operate.html HTTP/1.1" 200 31640
124.79.246.142 - - [17/Sep/2021:09:40:30 +0800] "GET /xingrg/all/function/internal_message.html?_=1631842932834&CODE_STATE=getMsg HTTP/1.1" 200 27
101.85.93.96 - - [17/Sep/2021:09:40:33 +0800] "GET /xingrg/kc/buy/cgsh_order_operate.html?command=get_materiel&rest_code=00142&code=00101012059&supplier_code=00100161&order_time=2021-09-17 HTTP/1.1" 200 412
116.230.105.26 - - [17/Sep/2021:09:40:39 +0800] "GET /xingrg/kc/buy/cgsh_order_operate.html?command=get_materiel&rest_code=00155&code=00101008041&supplier_code=00100005&order_time=2021-09-17 HTTP/1.1" 200 408
222.70.179.190 - - [17/Sep/2021:09:40:39 +0800] "GET /xingrg/kc/buy/cgsh_order_operate.html?command=get_materiel&rest_code=00111&code=00101008096&supplier_code=00100005&order_time=2021-09-17 HTTP/1.1" 200 412
101.85.93.96 - - [17/Sep/2021:09:40:42 +0800] "GET /xingrg/all/function/internal_message.html?_=1631842756809&CODE_STATE=getMsg HTTP/1.1" 200 27
101.85.93.96 - - [17/Sep/2021:09:40:43 +0800] "POST /xingrg/kc/buy/cgsh_order_operate.html HTTP/1.1" 200 37
101.85.93.96 - - [17/Sep/2021:09:40:45 +0800] "POST /xingrg/kc/buy/cgsh_order_operate.html HTTP/1.1" 200 19752
116.230.105.26 - - [17/Sep/2021:09:40:47 +0800] "POST /xingrg/kc/buy/cgsh_order_operate.html HTTP/1.1" 200 2065
116.228.172.94 - - [17/Sep/2021:09:40:48 +0800] "GET /xingrg/all/function/internal_message.html?_=1631842863380&CODE_STATE=getMsg HTTP/1.1" 200 27
222.70.179.190 - - [17/Sep/2021:09:40:49 +0800] "GET /xingrg/all/function/internal_message.html?_=1631842840176&CODE_STATE=getMsg HTTP/1.1" 200 27
120.253.135.82 - - [17/Sep/2021:09:40:50 +0800] "GET /xingrg/all/function/internal_message.html?_=1631842978073&CODE_STATE=getMsg HTTP/1.1" 200 27
222.70.179.190 - - [17/Sep/2021:09:40:50 +0800] "GET /xingrg/kc/buy/cgsh_order_operate.html?command=get_materiel&rest_code=00111&code=00101008038&supplier_code=00100005&order_time=2021-09-17 HTTP/1.1" 200 412
101.85.93.96 - - [17/Sep/2021:09:40:51 +0800] "POST /xingrg/kc/buy/cgsh_order_operate.html HTTP/1.1" 200 37
116.237.74.154 - - [17/Sep/2021:09:40:52 +0800] "GET /xingrg/check_reg.html?_=1631842852395 HTTP/1.1" 200 22
116.237.74.154 - - [17/Sep/2021:09:40:52 +0800] "GET /xingrg/all/function/internal_message.html?_=1631842852398&CODE_STATE=getMsg HTTP/1.1" 200 27
116.238.248.233 - - [17/Sep/2021:09:40:52 +0800] "GET /xingrg/all/function/internal_message.html?_=1631842852154&CODE_STATE=getMsg HTTP/1.1" 200 27
101.85.93.96 - - [17/Sep/2021:09:40:53 +0800] "POST /xingrg/kc/buy/cgsh_order_operate.html HTTP/1.1" 200 19752
116.232.55.124 - - [17/Sep/2021:09:40:56 +0800] "GET /xingrg/all/function/internal_message.html?_=1631842857912&CODE_STATE=getMsg HTTP/1.1" 200 27
116.232.55.124 - - [17/Sep/2021:09:40:56 +0800] "GET /xingrg/check_reg.html?_=1631842857913 HTTP/1.1" 200 22
116.230.105.26 - - [17/Sep/2021:09:40:57 +0800] "GET /xingrg/kc/buy/cgsh_order_operate.html?command=get_materiel&rest_code=00155&code=00101008371&supplier_code=00100005&order_time=2021-09-17 HTTP/1.1" 200 412
116.238.168.124 - - [17/Sep/2021:09:40:58 +0800] "GET /xingrg/check_reg.html?_=1631842836509 HTTP/1.1" 200 22
180.169.147.146 - - [17/Sep/2021:09:40:59 +0800] "GET /xingrg/all/function/internal_message.html?_=1631842895055&CODE_STATE=getMsg HTTP/1.1" 200 27
180.169.147.146 - - [17/Sep/2021:09:41:01 +0800] "GET /xingrg/check_reg.html?_=1631842858430 HTTP/1.1" 302 -
180.169.147.146 - - [17/Sep/2021:09:41:01 +0800] "GET /xingrg/login.html HTTP/1.1" 200 7641
116.230.105.26 - - [17/Sep/2021:09:41:02 +0800] "GET /xingrg/check_reg.html?_=1631842849117 HTTP/1.1" 200 22
116.230.105.26 - - [17/Sep/2021:09:41:02 +0800] "GET /xingrg/all/function/internal_message.html?_=1631842849122&CODE_STATE=getMsg HTTP/1.1" 200 27
222.70.179.190 - - [17/Sep/2021:09:41:02 +0800] "GET /xingrg/kc/buy/cgsh_order_operate.html?command=get_materiel&rest_code=00111&code=00101008358&supplier_code=00100005&order_time=2021-09-17 HTTP/1.1" 200 412
124.79.246.142 - - [17/Sep/2021:09:41:02 +0800] "GET /xingrg/all/function/internal_message.html?_=1631843322463&CODE_STATE=getMsg HTTP/1.1" 200 27
180.169.147.146 - - [17/Sep/2021:09:41:03 +0800] "GET /xingrg/kc/buy/buy_main.html HTTP/1.1" 302 -
180.169.147.146 - - [17/Sep/2021:09:41:03 +0800] "GET /xingrg/login.html HTTP/1.1" 200 7641
180.169.147.146 - - [17/Sep/2021:09:41:03 +0800] "GET /xingrg/login.html HTTP/1.1" 200 7641
180.169.147.146 - - [17/Sep/2021:09:41:03 +0800] "GET /favicon.ico HTTP/1.1" 404 -
180.169.147.146 - - [17/Sep/2021:09:41:04 +0800] "POST /xingrg/login.do HTTP/1.1" 302 -
180.169.147.146 - - [17/Sep/2021:09:41:04 +0800] "GET /xingrg/index.html?sysBaseUrl=http%3A%2F%2F180.169.147.146%3A18081%2Fxingrg%2F&costTime=109×tamp=1631842864857 HTTP/1.1" 200 17179
180.169.147.146 - - [17/Sep/2021:09:41:05 +0800] "POST /xingrg/all/common/load_tree.html?tree=area_rest_tree_json&manage=1 HTTP/1.1" 200 351
180.169.147.146 - - [17/Sep/2021:09:41:05 +0800] "GET /xingrg/all/function/internal_message.html?_=1631842862541&CODE_STATE=count HTTP/1.1" 200 11
180.169.147.146 - - [17/Sep/2021:09:41:05 +0800] "GET /xingrg/check_reg.html?_=1631842862545 HTTP/1.1" 200 22
180.169.147.146 - - [17/Sep/2021:09:41:05 +0800] "GET /favicon.ico HTTP/1.1" 404 -
180.169.147.146 - - [17/Sep/2021:09:41:05 +0800] "POST /xingrg/load_menu.html HTTP/1.1" 200 5138
101.83.145.79 - - [17/Sep/2021:09:41:07 +0800] "GET /xingrg/check_reg.html?_=1631842869223 HTTP/1.1" 200 22
180.169.147.146 - - [17/Sep/2021:09:41:08 +0800] "GET /xingrg/kc/buy/buy_main.html HTTP/1.1" 200 12412
180.169.147.146 - - [17/Sep/2021:09:41:08 +0800] "GET /xingrg/css/new_ie.css HTTP/1.1" 404 1036
180.169.147.146 - - [17/Sep/2021:09:41:08 +0800] "GET /xingrg/images/yd/bt.gif HTTP/1.1" 404 1040
101.83.145.79 - - [17/Sep/2021:09:41:08 +0800] "GET /xingrg/all/function/internal_message.html?_=1631842869691&CODE_STATE=getMsg HTTP/1.1" 200 27
101.85.93.96 - - [17/Sep/2021:09:41:09 +0800] "POST /xingrg/kc/buy/cgsh_order_operate.html HTTP/1.1" 200 37
180.169.147.146 - - [17/Sep/2021:09:41:09 +0800] "GET /xingrg/kc/buy/cgsh_order_list.html HTTP/1.1" 200 47750
222.70.246.151 - - [17/Sep/2021:09:41:09 +0800] "GET /xingrg/all/function/internal_message.html?_=1631842887233&CODE_STATE=getMsg HTTP/1.1" 200 27
120.253.135.82 - - [17/Sep/2021:09:41:10 +0800] "GET /xingrg/all/function/internal_message.html?_=1631842889878&CODE_STATE=getMsg HTTP/1.1" 200 27
101.85.93.96 - - [17/Sep/2021:09:41:11 +0800] "POST /xingrg/kc/buy/cgsh_order_operate.html HTTP/1.1" 200 19752
114.83.220.177 - - [17/Sep/2021:09:41:12 +0800] "GET /xingrg/all/function/internal_message.html?_=1631842871434&CODE_STATE=getMsg HTTP/1.1" 200 27
124.79.76.92 - - [17/Sep/2021:09:41:13 +0800] "GET /xingrg/check_reg.html?_=1631842875388 HTTP/1.1" 302 -
124.79.76.92 - - [17/Sep/2021:09:41:13 +0800] "GET /xingrg/all/function/internal_message.html?_=1631842875390&CODE_STATE=getMsg HTTP/1.1" 302 -
180.169.147.146 - - [17/Sep/2021:09:41:13 +0800] "POST /xingrg/kc/buy/cgsh_list_operate.html HTTP/1.1" 200 5193
101.85.93.96 - - [17/Sep/2021:09:41:16 +0800] "POST /xingrg/kc/buy/cgsh_order_operate.html HTTP/1.1" 200 37
101.85.93.96 - - [17/Sep/2021:09:41:18 +0800] "POST /xingrg/kc/buy/cgsh_order_operate.html HTTP/1.1" 200 19752
222.70.179.190 - - [17/Sep/2021:09:41:19 +0800] "GET /xingrg/kc/buy/cgsh_order_operate.html?command=get_materiel&rest_code=00111&code=00101008246&supplier_code=00100005&order_time=2021-09-17 HTTP/1.1" 200 408
116.238.168.124 - - [17/Sep/2021:09:41:19 +0800] "GET /xingrg/all/function/internal_message.html?_=1631842857607&CODE_STATE=getMsg HTTP/1.1" 200 27
114.83.220.177 - - [17/Sep/2021:09:41:21 +0800] "GET /xingrg/kc/buy/cgsh_order_operate.html?command=get_materiel&rest_code=00149&code=00102013013&supplier_code=00100073&order_time=2021-09-17 HTTP/1.1" 200 409
222.70.179.190 - - [17/Sep/2021:09:41:22 +0800] "POST /xingrg/kc/buy/cgsh_order_operate.html HTTP/1.1" 200 2065
180.169.147.146 - - [17/Sep/2021:09:41:22 +0800] "POST /xingrg/kc/buy/cgsh_list_operate.html HTTP/1.1" 200 5321
101.85.93.96 - - [17/Sep/2021:09:41:24 +0800] "POST /xingrg/kc/buy/cgsh_list_operate.html HTTP/1.1" 200 1690
124.79.246.142 - - [17/Sep/2021:09:41:30 +0800] "GET /xingrg/all/function/internal_message.html?_=1631842992833&CODE_STATE=getMsg HTTP/1.1" 200 27
180.169.147.146 - - [17/Sep/2021:09:41:32 +0800] "POST /xingrg/kc/buy/cgsh_list_operate.html HTTP/1.1" 200 3750
222.70.179.190 - - [17/Sep/2021:09:41:33 +0800] "GET /xingrg/kc/buy/cgsh_order_operate.html?command=get_materiel&rest_code=00111&code=00101008370&supplier_code=00100005&order_time=2021-09-17 HTTP/1.1" 200 412
180.169.147.146 - - [17/Sep/2021:09:41:35 +0800] "POST /xingrg/kc/buy/cgsh_list_operate.html HTTP/1.1" 200 201
180.169.147.146 - - [17/Sep/2021:09:41:35 +0800] "GET /xingrg/kc/buy/cgsh_order_info.html?code=212021091506519 HTTP/1.1" 200 63463
180.169.147.146 - - [17/Sep/2021:09:41:35 +0800] "GET /xingrg/words/20210916155951_words.js HTTP/1.1" 200 845252
180.169.147.146 - - [17/Sep/2021:09:41:36 +0800] "GET /xingrg/javascript/easyui/themes/default/validatebox.css HTTP/1.1" 404 1104
180.169.147.146 - - [17/Sep/2021:09:41:36 +0800] "GET /xingrg/all/common/auto_word.html?type=employee&rest_code=00147 HTTP/1.1" 200 101
180.169.147.146 - - [17/Sep/2021:09:41:36 +0800] "GET /xingrg/all/common/auto_word.html?type=employee&rest_code=00147 HTTP/1.1" 200 101
101.85.93.96 - - [17/Sep/2021:09:41:36 +0800] "GET /xingrg/kc/base/wldb_order_list.html HTTP/1.1" 200 19230
180.169.147.146 - - [17/Sep/2021:09:41:37 +0800] "POST /xingrg/kc/buy/cgsh_order_operate.html HTTP/1.1" 200 2657
101.85.93.96 - - [17/Sep/2021:09:41:37 +0800] "POST /xingrg/kc/base/wldb_list_operate.html HTTP/1.1" 200 928
101.85.93.96 - - [17/Sep/2021:09:41:38 +0800] "GET /xingrg/kc/base/wldb_order_add.html HTTP/1.1" 200 30448
101.85.93.96 - - [17/Sep/2021:09:41:38 +0800] "POST /xingrg/kc/base/wldb_order_operate.html HTTP/1.1" 200 6806
101.85.93.96 - - [17/Sep/2021:09:41:38 +0800] "GET /xingrg/all/common/auto_word.html?type=base&rest_code=00142 HTTP/1.1" 200 719
101.85.93.96 - - [17/Sep/2021:09:41:38 +0800] "GET /xingrg/all/common/auto_word.html?type=base&rest_code=00142 HTTP/1.1" 200 719
101.85.93.96 - - [17/Sep/2021:09:41:38 +0800] "GET /xingrg/javascript/easyui/themes/default/validatebox.css HTTP/1.1" 404 1104
180.169.147.146 - - [17/Sep/2021:09:41:39 +0800] "GET /xingrg/javascript/auto/indicator.gif HTTP/1.1" 404 1066
101.85.93.96 - - [17/Sep/2021:09:41:42 +0800] "GET /xingrg/all/function/internal_message.html?_=1631842816741&CODE_STATE=getMsg HTTP/1.1" 200 27
114.83.220.177 - - [17/Sep/2021:09:41:43 +0800] "POST /xingrg/kc/buy/cgsh_order_operate.html HTTP/1.1" 200 37
180.169.147.146 - - [17/Sep/2021:09:41:47 +0800] "POST /xingrg/kc/buy/cgsh_order_operate.html HTTP/1.1" 200 37
116.228.172.94 - - [17/Sep/2021:09:41:48 +0800] "GET /xingrg/all/function/internal_message.html?_=1631842923376&CODE_STATE=getMsg HTTP/1.1" 200 27
222.70.179.190 - - [17/Sep/2021:09:41:49 +0800] "GET /xingrg/all/function/internal_message.html?_=1631842900153&CODE_STATE=getMsg HTTP/1.1" 200 27
180.169.147.146 - - [17/Sep/2021:09:41:49 +0800] "POST /xingrg/kc/buy/cgsh_order_operate.html HTTP/1.1" 200 2660
120.253.135.82 - - [17/Sep/2021:09:41:50 +0800] "GET /xingrg/check_reg.html?_=1631843038023 HTTP/1.1" 200 22
120.253.135.82 - - [17/Sep/2021:09:41:50 +0800] "GET /xingrg/all/function/internal_message.html?_=1631843038088&CODE_STATE=getMsg HTTP/1.1" 200 27
101.85.93.96 - - [17/Sep/2021:09:41:52 +0800] "GET /xingrg/javascript/jquery_tools/images/next.gif HTTP/1.1" 404 1086
101.85.93.96 - - [17/Sep/2021:09:41:52 +0800] "GET /xingrg/javascript/jquery_tools/images/prev.gif HTTP/1.1" 404 1086
116.237.74.154 - - [17/Sep/2021:09:41:52 +0800] "GET /xingrg/all/function/internal_message.html?_=1631842912398&CODE_STATE=getMsg HTTP/1.1" 200 27
116.238.248.233 - - [17/Sep/2021:09:41:52 +0800] "GET /xingrg/all/function/internal_message.html?_=1631842912156&CODE_STATE=getMsg HTTP/1.1" 200 27
116.232.55.124 - - [17/Sep/2021:09:41:56 +0800] "GET /xingrg/all/function/internal_message.html?_=1631842917911&CODE_STATE=getMsg HTTP/1.1" 200 27
114.83.220.177 - - [17/Sep/2021:09:41:56 +0800] "POST /xingrg/kc/buy/cgsh_order_operate.html HTTP/1.1" 200 12
114.83.220.177 - - [17/Sep/2021:09:41:58 +0800] "GET /xingrg/kc/buy/cgsh_order_info.html?code=212021091707168 HTTP/1.1" 200 58446
114.83.220.177 - - [17/Sep/2021:09:41:58 +0800] "GET /xingrg/javascript/easyui/themes/default/validatebox.css HTTP/1.1" 404 1104
114.83.220.177 - - [17/Sep/2021:09:41:59 +0800] "POST /xingrg/kc/buy/cgsh_order_operate.html HTTP/1.1" 200 606
180.169.147.146 - - [17/Sep/2021:09:41:59 +0800] "GET /xingrg/all/function/internal_message.html?_=1631842955081&CODE_STATE=getMsg HTTP/1.1" 200 27
114.83.220.177 - - [17/Sep/2021:09:42:01 +0800] "GET /xingrg/kc/print/load_data.html?order_code=212021091707168&kc_code=cgsh&condition= HTTP/1.1" 200 750
116.230.105.26 - - [17/Sep/2021:09:42:02 +0800] "GET /xingrg/all/function/internal_message.html?_=1631842909092&CODE_STATE=getMsg HTTP/1.1" 200 27
124.79.246.142 - - [17/Sep/2021:09:42:02 +0800] "GET /xingrg/all/function/internal_message.html?_=1631843382478&CODE_STATE=getMsg HTTP/1.1" 200 27
222.70.179.190 - - [17/Sep/2021:09:42:03 +0800] "GET /xingrg/kc/buy/cgsh_order_operate.html?command=get_materiel&rest_code=00111&code=00101008356&supplier_code=00100005&order_time=2021-09-17 HTTP/1.1" 200 408
180.169.147.146 - - [17/Sep/2021:09:42:05 +0800] "GET /xingrg/all/function/internal_message.html?_=1631842922551&CODE_STATE=getMsg HTTP/1.1" 200 27
101.83.145.79 - - [17/Sep/2021:09:42:08 +0800] "GET /xingrg/all/function/internal_message.html?_=1631842929673&CODE_STATE=getMsg HTTP/1.1" 200 27
222.70.246.151 - - [17/Sep/2021:09:42:09 +0800] "GET /xingrg/all/function/internal_message.html?_=1631842947247&CODE_STATE=getMsg HTTP/1.1" 200 27
120.253.135.82 - - [17/Sep/2021:09:42:10 +0800] "GET /xingrg/all/function/internal_message.html?_=1631842949924&CODE_STATE=getMsg HTTP/1.1" 200 27
101.85.93.96 - - [17/Sep/2021:09:42:10 +0800] "GET /xingrg/kc/base/wldb_order_operate.html?command=get_materiel&rest_code=00142&base_code=0010169&code=00101016018 HTTP/1.1" 200 443
114.83.220.177 - - [17/Sep/2021:09:42:12 +0800] "GET /xingrg/all/function/internal_message.html?_=1631842931453&CODE_STATE=getMsg HTTP/1.1" 200 27
124.79.76.92 - - [17/Sep/2021:09:42:13 +0800] "GET /xingrg/all/function/internal_message.html?_=1631842935392&CODE_STATE=getMsg HTTP/1.1" 302 -
101.85.93.96 - - [17/Sep/2021:09:42:14 +0800] "POST /xingrg/all/common/load_select.html HTTP/1.1" 200 25
101.83.145.79 - - [17/Sep/2021:09:42:14 +0800] "GET /xingrg/index.html?sysBaseUrl=http%3A%2F%2F180.169.147.146%3A18081%2Fxingrg%2F&costTime=35×tamp=1585363447539 HTTP/1.1" 302 -
101.83.145.79 - - [17/Sep/2021:09:42:15 +0800] "GET /xingrg/login.html HTTP/1.1" 200 7641
101.83.145.79 - - [17/Sep/2021:09:42:15 +0800] "GET /xingrg/images/blue/jxLogo.png HTTP/1.1" 200 6156
101.85.93.96 - - [17/Sep/2021:09:42:15 +0800] "GET /xingrg/kc/base/wldb_order_operate.html?command=get_materiel_price&rest_code=00142&base_code=0010169&code=00101016018&unit_code=00100140 HTTP/1.1" 200 35
101.83.145.79 - - [17/Sep/2021:09:42:16 +0800] "GET /xingrg/images/blue/login_bg.png HTTP/1.1" 200 22101
101.83.145.79 - - [17/Sep/2021:09:42:16 +0800] "GET /xingrg/images/blue/hj.png HTTP/1.1" 200 1014
101.83.145.79 - - [17/Sep/2021:09:42:16 +0800] "GET /xingrg/images/blue/srbg.png HTTP/1.1" 200 138
101.83.145.79 - - [17/Sep/2021:09:42:16 +0800] "GET /favicon.ico HTTP/1.1" 404 -
222.70.179.190 - - [17/Sep/2021:09:42:17 +0800] "GET /xingrg/kc/buy/cgsh_order_operate.html?command=get_materiel&rest_code=00111&code=00101008357&supplier_code=00100005&order_time=2021-09-17 HTTP/1.1" 200 408
116.238.168.124 - - [17/Sep/2021:09:42:19 +0800] "GET /xingrg/all/function/internal_message.html?_=1631842917620&CODE_STATE=getMsg HTTP/1.1" 200 27
114.83.220.177 - - [17/Sep/2021:09:42:22 +0800] "GET /xingrg/kc/buy/cgsh_order_add.html HTTP/1.1" 200 63535
114.83.220.177 - - [17/Sep/2021:09:42:22 +0800] "POST /xingrg/kc/buy/cgsh_order_operate.html HTTP/1.1" 200 8245
114.83.220.177 - - [17/Sep/2021:09:42:22 +0800] "GET /xingrg/javascript/easyui/themes/default/validatebox.css HTTP/1.1" 404 1104
101.85.93.96 - - [17/Sep/2021:09:42:23 +0800] "GET /xingrg/kc/base/wldb_order_operate.html?command=get_materiel&rest_code=00142&base_code=0010169&code=00101008052 HTTP/1.1" 200 450
120.253.135.82 - - [17/Sep/2021:09:42:24 +0800] "GET /xingrg/check_reg.html?_=1631842716799 HTTP/1.1" 200 22
124.79.246.142 - - [17/Sep/2021:09:42:30 +0800] "GET /xingrg/check_reg.html?_=1631843052830 HTTP/1.1" 200 22
124.79.246.142 - - [17/Sep/2021:09:42:30 +0800] "GET /xingrg/all/function/internal_message.html?_=1631843052831&CODE_STATE=getMsg HTTP/1.1" 200 27
222.70.179.190 - - [17/Sep/2021:09:42:32 +0800] "GET /xingrg/kc/buy/cgsh_order_operate.html?command=get_materiel&rest_code=00111&code=00101008069&supplier_code=00100005&order_time=2021-09-17 HTTP/1.1" 200 412
101.85.93.96 - - [17/Sep/2021:09:42:33 +0800] "POST /xingrg/all/common/load_select.html HTTP/1.1" 200 25
114.83.220.177 - - [17/Sep/2021:09:42:34 +0800] "GET /xingrg/kc/buy/cgsh_order_operate.html?command=get_materiel&rest_code=00149&code=00101004033&supplier_code=00100083&order_time=2021-09-17 HTTP/1.1" 200 439
222.70.179.190 - - [17/Sep/2021:09:42:34 +0800] "POST /xingrg/kc/buy/cgsh_order_operate.html HTTP/1.1" 200 2065
101.83.145.79 - - [17/Sep/2021:09:42:34 +0800] "POST /xingrg/login.do HTTP/1.1" 302 -
101.83.145.79 - - [17/Sep/2021:09:42:35 +0800] "GET /xingrg/index.html?sysBaseUrl=http%3A%2F%2F180.169.147.146%3A18081%2Fxingrg%2F&costTime=143×tamp=1631842954949 HTTP/1.1" 200 17413
101.83.145.79 - - [17/Sep/2021:09:42:35 +0800] "GET /xingrg/javascript/jquery_easy_ui/themes/icon.css HTTP/1.1" 200 3949
101.83.145.79 - - [17/Sep/2021:09:42:35 +0800] "GET /xingrg/css/form.css HTTP/1.1" 200 893
101.83.145.79 - - [17/Sep/2021:09:42:35 +0800] "GET /xingrg/javascript/jquery_easy_ui/themes/default/easyui.css HTTP/1.1" 200 26500
101.83.145.79 - - [17/Sep/2021:09:42:35 +0800] "GET /xingrg/javascript/jquery-1.4.2.min.js HTTP/1.1" 200 72205
101.83.145.79 - - [17/Sep/2021:09:42:35 +0800] "GET /xingrg/javascript/jquery_easy_ui/jquery.easyui.min.js HTTP/1.1" 200 213662
101.83.145.79 - - [17/Sep/2021:09:42:35 +0800] "GET /xingrg/javascript/jquery_easy_ui/easyui-lang-zh_CN.js HTTP/1.1" 200 1900
101.83.145.79 - - [17/Sep/2021:09:42:35 +0800] "GET /xingrg/javascript/jquery.form.js HTTP/1.1" 200 23110
101.83.145.79 - - [17/Sep/2021:09:42:35 +0800] "GET /xingrg/javascript/jquery.timers.js HTTP/1.1" 200 3532
101.83.145.79 - - [17/Sep/2021:09:42:35 +0800] "GET /xingrg/javascript/jquery.utils.js HTTP/1.1" 200 11805
101.83.145.79 - - [17/Sep/2021:09:42:35 +0800] "GET /favicon.ico HTTP/1.1" 404 -
101.83.145.79 - - [17/Sep/2021:09:42:35 +0800] "GET /xingrg/javascript/jquery_easy_ui/themes/icons/settle_new.png HTTP/1.1" 200 826
101.85.93.96 - - [17/Sep/2021:09:42:35 +0800] "GET /xingrg/kc/base/wldb_order_operate.html?command=get_materiel_price&rest_code=00142&base_code=0010169&code=00101008052&unit_code=00100252 HTTP/1.1" 200 35
101.83.145.79 - - [17/Sep/2021:09:42:35 +0800] "GET /xingrg/images/blue/navBackgound.jpg HTTP/1.1" 200 12378
101.83.145.79 - - [17/Sep/2021:09:42:35 +0800] "POST /xingrg/all/common/load_tree.html?tree=area_rest_tree_json&manage=1 HTTP/1.1" 200 342
101.83.145.79 - - [17/Sep/2021:09:42:35 +0800] "GET /xingrg/all/function/internal_message.html?_=1631842954587&CODE_STATE=count HTTP/1.1" 200 11
101.83.145.79 - - [17/Sep/2021:09:42:35 +0800] "GET /xingrg/images/blue/pingpu.png HTTP/1.1" 200 231
101.83.145.79 - - [17/Sep/2021:09:42:35 +0800] "GET /xingrg/check_reg.html?_=1631842954588 HTTP/1.1" 200 22
101.83.145.79 - - [17/Sep/2021:09:42:35 +0800] "GET /xingrg/javascript/jquery_easy_ui/themes/default/images/tabs_leftarrow.png HTTP/1.1" 200 389
101.83.145.79 - - [17/Sep/2021:09:42:35 +0800] "GET /xingrg/javascript/jquery_easy_ui/themes/default/images/tabs_rightarrow.png HTTP/1.1" 200 395
101.83.145.79 - - [17/Sep/2021:09:42:35 +0800] "GET /xingrg/javascript/jquery_easy_ui/themes/default/images/panel_tool_expand.gif HTTP/1.1" 200 247
101.83.145.79 - - [17/Sep/2021:09:42:35 +0800] "GET /xingrg/javascript/jquery_easy_ui/themes/default/images/panel_tool_collapse.gif HTTP/1.1" 200 246
101.83.145.79 - - [17/Sep/2021:09:42:35 +0800] "POST /xingrg/load_menu.html HTTP/1.1" 200 9959
101.83.145.79 - - [17/Sep/2021:09:42:36 +0800] "GET /xingrg/javascript/jquery_easy_ui/themes/default/images/tree_arrows.gif HTTP/1.1" 200 1043
101.83.145.79 - - [17/Sep/2021:09:42:36 +0800] "GET /xingrg/javascript/jquery_easy_ui/themes/default/images/tree_folder_open.gif HTTP/1.1" 200 956
101.83.145.79 - - [17/Sep/2021:09:42:36 +0800] "GET /xingrg/javascript/jquery_easy_ui/themes/icons/search_new.png HTTP/1.1" 200 586
101.83.145.79 - - [17/Sep/2021:09:42:36 +0800] "GET /xingrg/javascript/jquery_easy_ui/themes/default/images/tree_folder.gif HTTP/1.1" 200 952
101.83.145.79 - - [17/Sep/2021:09:42:36 +0800] "GET /xingrg/javascript/jquery_easy_ui/themes/icons/storage_new.png HTTP/1.1" 200 853
101.83.145.79 - - [17/Sep/2021:09:42:36 +0800] "GET /xingrg/javascript/jquery_easy_ui/themes/icons/checkout_new.png HTTP/1.1" 200 744
101.83.145.79 - - [17/Sep/2021:09:42:36 +0800] "GET /xingrg/javascript/jquery_easy_ui/themes/icons/forms_new.png HTTP/1.1" 200 350
101.83.145.79 - - [17/Sep/2021:09:42:36 +0800] "GET /xingrg/javascript/jquery_easy_ui/themes/icons/setting_new.png HTTP/1.1" 200 450
101.83.145.79 - - [17/Sep/2021:09:42:36 +0800] "GET /xingrg/javascript/jquery_easy_ui/themes/icons/systemset_new.png HTTP/1.1" 200 606
101.83.145.79 - - [17/Sep/2021:09:42:36 +0800] "GET /xingrg/javascript/jquery_easy_ui/themes/default/images/tree_file.gif HTTP/1.1" 200 118
101.85.93.96 - - [17/Sep/2021:09:42:42 +0800] "GET /xingrg/all/function/internal_message.html?_=1631842876728&CODE_STATE=getMsg HTTP/1.1" 200 27
222.70.179.190 - - [17/Sep/2021:09:42:42 +0800] "GET /xingrg/kc/buy/cgsh_order_operate.html?command=get_materiel&rest_code=00111&code=00101008131&supplier_code=00100005&order_time=2021-09-17 HTTP/1.1" 200 408
114.83.220.177 - - [17/Sep/2021:09:42:45 +0800] "GET /xingrg/kc/buy/cgsh_order_operate.html?command=get_materiel&rest_code=00149&code=00101004011&supplier_code=00100083&order_time=2021-09-17 HTTP/1.1" 200 413
120.253.135.82 - - [17/Sep/2021:09:42:46 +0800] "GET /xingrg/check_reg.html?_=1631842985819 HTTP/1.1" 200 22
116.228.172.94 - - [17/Sep/2021:09:42:48 +0800] "GET /xingrg/all/function/internal_message.html?_=1631842983379&CODE_STATE=getMsg HTTP/1.1" 200 27
222.70.179.190 - - [17/Sep/2021:09:42:49 +0800] "GET /xingrg/all/function/internal_message.html?_=1631842960131&CODE_STATE=getMsg HTTP/1.1" 200 27
120.253.135.82 - - [17/Sep/2021:09:42:50 +0800] "GET /xingrg/all/function/internal_message.html?_=1631843098098&CODE_STATE=getMsg HTTP/1.1" 200 27
116.237.74.154 - - [17/Sep/2021:09:42:52 +0800] "GET /xingrg/all/function/internal_message.html?_=1631842972398&CODE_STATE=getMsg HTTP/1.1" 200 27
116.238.248.233 - - [17/Sep/2021:09:42:52 +0800] "GET /xingrg/all/function/internal_message.html?_=1631842972150&CODE_STATE=getMsg HTTP/1.1" 200 27
101.85.93.96 - - [17/Sep/2021:09:42:54 +0800] "GET /xingrg/kc/base/wldb_order_operate.html?command=get_materiel&rest_code=00142&base_code=0010169&code=00101022025 HTTP/1.1" 200 458
222.70.179.190 - - [17/Sep/2021:09:42:55 +0800] "GET /xingrg/kc/buy/cgsh_order_operate.html?command=get_materiel&rest_code=00111&code=00101008296&supplier_code=00100005&order_time=2021-09-17 HTTP/1.1" 200 416
116.232.55.124 - - [17/Sep/2021:09:42:56 +0800] "GET /xingrg/all/function/internal_message.html?_=1631842977913&CODE_STATE=getMsg HTTP/1.1" 200 27
101.83.145.79 - - [17/Sep/2021:09:42:56 +0800] "GET /xingrg/javascript/jquery_easy_ui/themes/default/images/tabs_close.gif HTTP/1.1" 200 829
101.83.145.79 - - [17/Sep/2021:09:42:56 +0800] "GET /xingrg/kc/report/report_main.html HTTP/1.1" 200 7345
101.83.145.79 - - [17/Sep/2021:09:42:56 +0800] "GET /xingrg/css/blue.css HTTP/1.1" 200 15949
101.83.145.79 - - [17/Sep/2021:09:42:56 +0800] "GET /xingrg/javascript/pic_change.js HTTP/1.1" 200 4739
101.83.145.79 - - [17/Sep/2021:09:42:56 +0800] "GET /xingrg/javascript/myfunction.js HTTP/1.1" 200 24559
101.83.145.79 - - [17/Sep/2021:09:42:56 +0800] "GET /xingrg/javascript/jquery_ui/themes/humanity/humanity.css HTTP/1.1" 200 27801
101.83.145.79 - - [17/Sep/2021:09:42:56 +0800] "GET /xingrg/javascript/json2.js HTTP/1.1" 200 11259
101.83.145.79 - - [17/Sep/2021:09:42:57 +0800] "GET /xingrg/javascript/jquery_easy_ui/themes/icons/back_new.png HTTP/1.1" 200 3414
114.83.220.177 - - [17/Sep/2021:09:42:57 +0800] "GET /xingrg/kc/buy/cgsh_order_operate.html?command=get_materiel&rest_code=00149&code=00101004065&supplier_code=00100083&order_time=2021-09-17 HTTP/1.1" 200 413
180.169.147.146 - - [17/Sep/2021:09:42:59 +0800] "GET /xingrg/all/function/internal_message.html?_=1631843015083&CODE_STATE=getMsg HTTP/1.1" 200 27
180.169.147.146 - - [17/Sep/2021:09:42:59 +0800] "GET /xingrg/check_reg.html?_=1631843015086 HTTP/1.1" 200 22
116.230.105.26 - - [17/Sep/2021:09:43:02 +0800] "GET /xingrg/all/function/internal_message.html?_=1631842969098&CODE_STATE=getMsg HTTP/1.1" 200 27
101.85.93.96 - - [17/Sep/2021:09:43:02 +0800] "GET /xingrg/kc/base/wldb_order_operate.html?command=get_materiel&rest_code=00142&base_code=0010169&code=00101019451 HTTP/1.1" 200 469
124.79.246.142 - - [17/Sep/2021:09:43:02 +0800] "GET /xingrg/all/function/internal_message.html?_=1631843442512&CODE_STATE=getMsg HTTP/1.1" 200 27
101.83.145.79 - - [17/Sep/2021:09:43:04 +0800] "GET /xingrg/all/report/report_query.html?fileName=kc/buy/gys_amount_category.xml&rh=99999 HTTP/1.1" 200 51878
101.83.145.79 - - [17/Sep/2021:09:43:04 +0800] "GET /xingrg/javascript/multi_select/jqueryMultiSelect.css HTTP/1.1" 200 951
101.83.145.79 - - [17/Sep/2021:09:43:04 +0800] "GET /xingrg/javascript/calendar/timePicker.css HTTP/1.1" 200 523
101.83.145.79 - - [17/Sep/2021:09:43:04 +0800] "GET /xingrg/javascript/bigrid/fix.css HTTP/1.1" 200 1702
101.83.145.79 - - [17/Sep/2021:09:43:04 +0800] "GET /xingrg/dwr/interface/AjaxReportQueryService.js HTTP/1.1" 200 13203
101.83.145.79 - - [17/Sep/2021:09:43:04 +0800] "GET /xingrg/dwr/engine.js HTTP/1.1" 200 43631
101.83.145.79 - - [17/Sep/2021:09:43:04 +0800] "GET /xingrg/dwr/util.js HTTP/1.1" 200 35990
101.83.145.79 - - [17/Sep/2021:09:43:04 +0800] "GET /xingrg/javascript/calendar/jquery.timePicker.min.js HTTP/1.1" 200 2997
101.83.145.79 - - [17/Sep/2021:09:43:04 +0800] "GET /xingrg/javascript/jqueryMultiSelect.js HTTP/1.1" 200 11866
101.83.145.79 - - [17/Sep/2021:09:43:04 +0800] "GET /xingrg/javascript/Calendar.js HTTP/1.1" 200 31561
101.83.145.79 - - [17/Sep/2021:09:43:04 +0800] "GET /xingrg/javascript/bigrid/fix.js HTTP/1.1" 200 6439
101.83.145.79 - - [17/Sep/2021:09:43:04 +0800] "GET /xingrg/images/blue/button/advanceover.gif HTTP/1.1" 200 1347
101.83.145.79 - - [17/Sep/2021:09:43:04 +0800] "GET /xingrg/images/blue/button/advance2over.gif HTTP/1.1" 200 1336
101.83.145.79 - - [17/Sep/2021:09:43:04 +0800] "GET /xingrg/images/control/loading.gif HTTP/1.1" 200 13463
101.83.145.79 - - [17/Sep/2021:09:43:04 +0800] "GET /xingrg/images/blue/button/back2over.gif HTTP/1.1" 200 1335
101.83.145.79 - - [17/Sep/2021:09:43:04 +0800] "GET /xingrg/images/blue/button/backover.gif HTTP/1.1" 200 1348
101.83.145.79 - - [17/Sep/2021:09:43:04 +0800] "GET /xingrg/javascript/jquery_easy_ui/themes/icons/help.png HTTP/1.1" 200 1187
101.83.145.79 - - [17/Sep/2021:09:43:04 +0800] "GET /xingrg/javascript/jquery_easy_ui/themes/default/images/menu_downarrow.png HTTP/1.1" 200 173
101.83.145.79 - - [17/Sep/2021:09:43:04 +0800] "GET /xingrg/javascript/jquery_easy_ui/themes/default/images/button_a_bg.gif HTTP/1.1" 200 1194
101.83.145.79 - - [17/Sep/2021:09:43:04 +0800] "GET /xingrg/javascript/jquery_easy_ui/themes/default/images/menu.gif HTTP/1.1" 200 834
101.83.145.79 - - [17/Sep/2021:09:43:04 +0800] "GET /xingrg/javascript/jquery_easy_ui/themes/icons/print.png HTTP/1.1" 200 1057
101.83.145.79 - - [17/Sep/2021:09:43:04 +0800] "GET /xingrg/javascript/jquery_easy_ui/themes/icons/pencil.png HTTP/1.1" 200 713
101.83.145.79 - - [17/Sep/2021:09:43:04 +0800] "GET /xingrg/javascript/jquery_easy_ui/themes/default/images/menu_rightarrow.png HTTP/1.1" 200 3617
101.83.145.79 - - [17/Sep/2021:09:43:04 +0800] "POST /xingrg/dwr/call/plaincall/AjaxReportQueryService.getFixDate.dwr HTTP/1.1" 200 111
101.83.145.79 - - [17/Sep/2021:09:43:04 +0800] "POST /xingrg/dwr/call/plaincall/AjaxReportQueryService.getInitString.dwr HTTP/1.1" 200 1014
101.83.145.79 - - [17/Sep/2021:09:43:04 +0800] "GET /xingrg/javascript/multi_select/dropdown.gif HTTP/1.1" 200 61
101.83.145.79 - - [17/Sep/2021:09:43:04 +0800] "GET /xingrg/javascript/jquery_easy_ui/themes/default/images/combo_arrow_dot.gif HTTP/1.1" 200 79
101.83.145.79 - - [17/Sep/2021:09:43:04 +0800] "POST /xingrg/all/common/load_tree.html?tree=supplier_tree_json&manage=1 HTTP/1.1" 200 58773
180.169.147.146 - - [17/Sep/2021:09:43:05 +0800] "GET /xingrg/all/function/internal_message.html?_=1631842982556&CODE_STATE=getMsg HTTP/1.1" 200 27
101.83.145.79 - - [17/Sep/2021:09:43:06 +0800] "GET /xingrg/javascript/jquery_easy_ui/themes/default/images/tree_checkbox_0.gif HTTP/1.1" 200 168
101.83.145.79 - - [17/Sep/2021:09:43:06 +0800] "POST /xingrg/all/common/load_tree.html?tree=materiel_sort_tree_json HTTP/1.1" 200 8792
222.70.179.190 - - [17/Sep/2021:09:43:06 +0800] "GET /xingrg/kc/buy/cgsh_order_operate.html?command=get_materiel&rest_code=00111&code=00101008353&supplier_code=00100005&order_time=2021-09-17 HTTP/1.1" 200 408
101.83.145.79 - - [17/Sep/2021:09:43:06 +0800] "GET /xingrg/javascript/multi_select/dropdown_hover.gif HTTP/1.1" 200 61
