114.85.125.222 - - [16/Sep/2021:08:42:32 +0800] "POST /xingrg/kc/buy/cgsh_order_operate.html HTTP/1.1" 200 8072
116.238.248.233 - - [16/Sep/2021:08:42:36 +0800] "POST /xingrg/login.do HTTP/1.1" 302 -
180.169.147.146 - - [16/Sep/2021:08:42:36 +0800] "GET /xingrg/all/function/internal_message.html?_=1631752958211&CODE_STATE=getMsg HTTP/1.1" 302 -
116.238.248.233 - - [16/Sep/2021:08:42:36 +0800] "GET /xingrg/index.html?sysBaseUrl=http%3A%2F%2F180.169.147.146%3A18081%2Fxingrg%2F&costTime=41×tamp=1631752956542 HTTP/1.1" 200 17177
116.238.248.233 - - [16/Sep/2021:08:42:36 +0800] "GET /favicon.ico HTTP/1.1" 404 -
116.238.248.233 - - [16/Sep/2021:08:42:36 +0800] "POST /xingrg/all/common/load_tree.html?tree=area_rest_tree_json&manage=1 HTTP/1.1" 200 476
116.238.248.233 - - [16/Sep/2021:08:42:36 +0800] "GET /xingrg/all/function/internal_message.html?_=1631752956963&CODE_STATE=count HTTP/1.1" 200 11
116.238.248.233 - - [16/Sep/2021:08:42:36 +0800] "GET /xingrg/check_reg.html?_=1631752956964 HTTP/1.1" 200 22
116.238.248.233 - - [16/Sep/2021:08:42:36 +0800] "POST /xingrg/load_menu.html HTTP/1.1" 200 5138
120.253.135.82 - - [16/Sep/2021:08:42:39 +0800] "POST /xingrg/kc/pszx/mdps_order_operate.html HTTP/1.1" 200 37
120.253.135.82 - - [16/Sep/2021:08:42:40 +0800] "GET /xingrg/kc/pszx/mdps_order_info.html?code=312021091600446 HTTP/1.1" 200 23931
116.238.248.233 - - [16/Sep/2021:08:42:40 +0800] "POST /xingrg/all/user/operate.html HTTP/1.1" 200 36
116.238.248.233 - - [16/Sep/2021:08:42:40 +0800] "GET /xingrg/index.html?sysBaseUrl=http%3A%2F%2F180.169.147.146%3A18081%2Fxingrg%2F&costTime=41×tamp=1631752956542 HTTP/1.1" 200 17179
116.238.248.233 - - [16/Sep/2021:08:42:40 +0800] "GET /xingrg/javascript/jquery_easy_ui/themes/default/easyui.css HTTP/1.1" 304 -
116.238.248.233 - - [16/Sep/2021:08:42:40 +0800] "GET /xingrg/javascript/jquery_easy_ui/themes/icon.css HTTP/1.1" 304 -
116.238.248.233 - - [16/Sep/2021:08:42:40 +0800] "GET /xingrg/css/form.css HTTP/1.1" 304 -
116.238.248.233 - - [16/Sep/2021:08:42:40 +0800] "GET /xingrg/javascript/jquery-1.4.2.min.js HTTP/1.1" 304 -
116.238.248.233 - - [16/Sep/2021:08:42:40 +0800] "GET /xingrg/javascript/jquery_easy_ui/jquery.easyui.min.js HTTP/1.1" 304 -
116.238.248.233 - - [16/Sep/2021:08:42:40 +0800] "GET /xingrg/javascript/jquery_easy_ui/easyui-lang-zh_CN.js HTTP/1.1" 304 -
116.238.248.233 - - [16/Sep/2021:08:42:40 +0800] "GET /xingrg/javascript/jquery.form.js HTTP/1.1" 304 -
116.238.248.233 - - [16/Sep/2021:08:42:40 +0800] "GET /xingrg/javascript/jquery.utils.js HTTP/1.1" 304 -
116.238.248.233 - - [16/Sep/2021:08:42:40 +0800] "GET /xingrg/javascript/jquery.timers.js HTTP/1.1" 304 -
116.238.248.233 - - [16/Sep/2021:08:42:40 +0800] "GET /xingrg/images/blue/jxLogo.png HTTP/1.1" 304 -
116.238.248.233 - - [16/Sep/2021:08:42:40 +0800] "GET /xingrg/images/blue/navBackgound.jpg HTTP/1.1" 304 -
116.238.248.233 - - [16/Sep/2021:08:42:40 +0800] "GET /xingrg/javascript/jquery_easy_ui/themes/icons/settle_new.png HTTP/1.1" 304 -
120.253.135.82 - - [16/Sep/2021:08:42:40 +0800] "GET /xingrg/javascript/easyui/themes/default/validatebox.css HTTP/1.1" 404 1104
120.253.135.82 - - [16/Sep/2021:08:42:40 +0800] "POST /xingrg/kc/pszx/mdps_order_operate.html HTTP/1.1" 200 8846
116.238.248.233 - - [16/Sep/2021:08:42:40 +0800] "POST /xingrg/all/common/load_tree.html?tree=area_rest_tree_json&manage=1 HTTP/1.1" 200 476
116.238.248.233 - - [16/Sep/2021:08:42:40 +0800] "GET /xingrg/all/function/internal_message.html?_=1631752960960&CODE_STATE=count HTTP/1.1" 200 11
116.238.248.233 - - [16/Sep/2021:08:42:40 +0800] "GET /xingrg/check_reg.html?_=1631752960961 HTTP/1.1" 200 22
116.238.248.233 - - [16/Sep/2021:08:42:40 +0800] "GET /xingrg/javascript/jquery_easy_ui/themes/default/images/tabs_leftarrow.png HTTP/1.1" 304 -
116.238.248.233 - - [16/Sep/2021:08:42:40 +0800] "GET /xingrg/javascript/jquery_easy_ui/themes/default/images/tabs_rightarrow.png HTTP/1.1" 304 -
116.238.248.233 - - [16/Sep/2021:08:42:40 +0800] "GET /xingrg/images/blue/pingpu.png HTTP/1.1" 304 -
116.238.248.233 - - [16/Sep/2021:08:42:40 +0800] "GET /xingrg/javascript/jquery_easy_ui/themes/default/images/panel_tool_collapse.gif HTTP/1.1" 304 -
116.238.248.233 - - [16/Sep/2021:08:42:40 +0800] "POST /xingrg/load_menu.html HTTP/1.1" 200 5138
116.238.248.233 - - [16/Sep/2021:08:42:44 +0800] "GET /xingrg/kc/buy/cgsh_order_list.html HTTP/1.1" 200 47750
116.238.248.233 - - [16/Sep/2021:08:42:45 +0800] "POST /xingrg/kc/buy/cgsh_list_operate.html HTTP/1.1" 200 1691
116.238.248.233 - - [16/Sep/2021:08:42:47 +0800] "POST /xingrg/kc/buy/cgsh_list_operate.html HTTP/1.1" 200 571
116.238.248.233 - - [16/Sep/2021:08:42:48 +0800] "GET /xingrg/kc/buy/cgsh_order_info.html?code=212021091606693 HTTP/1.1" 200 63415
116.238.248.233 - - [16/Sep/2021:08:42:48 +0800] "GET /xingrg/all/common/auto_word.html?type=employee&rest_code=00150 HTTP/1.1" 200 205
116.238.248.233 - - [16/Sep/2021:08:42:48 +0800] "GET /xingrg/all/common/auto_word.html?type=employee&rest_code=00150 HTTP/1.1" 200 205
116.238.248.233 - - [16/Sep/2021:08:42:48 +0800] "GET /xingrg/javascript/easyui/themes/default/validatebox.css HTTP/1.1" 404 1104
116.238.248.233 - - [16/Sep/2021:08:42:49 +0800] "POST /xingrg/kc/buy/cgsh_order_operate.html HTTP/1.1" 200 30474
116.230.105.26 - - [16/Sep/2021:08:42:54 +0800] "GET /favicon.ico HTTP/1.1" 404 -
116.230.105.26 - - [16/Sep/2021:08:42:54 +0800] "GET /xingrg/login.html HTTP/1.1" 200 7641
116.230.105.26 - - [16/Sep/2021:08:42:55 +0800] "GET /favicon.ico HTTP/1.1" 404 -
116.238.248.233 - - [16/Sep/2021:08:42:56 +0800] "GET /xingrg/javascript/auto/indicator.gif HTTP/1.1" 404 1066
116.230.105.26 - - [16/Sep/2021:08:42:58 +0800] "POST /xingrg/login.do HTTP/1.1" 302 -
116.230.105.26 - - [16/Sep/2021:08:42:58 +0800] "GET /xingrg/index.html?sysBaseUrl=http%3A%2F%2F180.169.147.146%3A18081%2Fxingrg%2F&costTime=38×tamp=1631752978593 HTTP/1.1" 200 17179
116.230.105.26 - - [16/Sep/2021:08:42:58 +0800] "GET /favicon.ico HTTP/1.1" 404 -
116.230.105.26 - - [16/Sep/2021:08:42:59 +0800] "POST /xingrg/all/common/load_tree.html?tree=area_rest_tree_json&manage=1 HTTP/1.1" 200 351
116.230.105.26 - - [16/Sep/2021:08:42:59 +0800] "GET /xingrg/all/function/internal_message.html?_=1631752968782&CODE_STATE=count HTTP/1.1" 200 11
116.230.105.26 - - [16/Sep/2021:08:42:59 +0800] "GET /xingrg/check_reg.html?_=1631752968784 HTTP/1.1" 200 22
116.230.105.26 - - [16/Sep/2021:08:42:59 +0800] "POST /xingrg/load_menu.html HTTP/1.1" 200 5138
116.238.248.233 - - [16/Sep/2021:08:42:59 +0800] "GET /xingrg/kc/buy/cgsh_order_operate.html?command=get_materiel&rest_code=00150&code=00101020152&supplier_code=00100007&order_time=2021-09-16 HTTP/1.1" 200 416
116.238.168.124 - - [16/Sep/2021:08:43:01 +0800] "GET /xingrg/all/function/internal_message.html?_=1631752960520&CODE_STATE=getMsg HTTP/1.1" 200 27
116.230.105.26 - - [16/Sep/2021:08:43:03 +0800] "GET /xingrg/kc/buy/cgsh_order_list.html HTTP/1.1" 200 47750
222.70.246.151 - - [16/Sep/2021:08:43:04 +0800] "GET /xingrg/all/function/internal_message.html?_=1631752998085&CODE_STATE=getMsg HTTP/1.1" 302 -
101.83.145.79 - - [16/Sep/2021:08:43:05 +0800] "GET /xingrg/all/function/internal_message.html?_=1631752987387&CODE_STATE=getMsg HTTP/1.1" 200 27
116.230.105.26 - - [16/Sep/2021:08:43:05 +0800] "POST /xingrg/kc/buy/cgsh_list_operate.html HTTP/1.1" 200 1690
120.253.135.82 - - [16/Sep/2021:08:43:06 +0800] "GET /xingrg/all/function/internal_message.html?_=1631752759439&CODE_STATE=getMsg HTTP/1.1" 200 27
116.230.105.26 - - [16/Sep/2021:08:43:09 +0800] "POST /xingrg/kc/buy/cgsh_list_operate.html HTTP/1.1" 200 1690
116.238.248.233 - - [16/Sep/2021:08:43:09 +0800] "GET /xingrg/kc/buy/cgsh_order_operate.html?command=get_materiel&rest_code=00150&code=00101008114&supplier_code=00100007&order_time=2021-09-16 HTTP/1.1" 200 412
116.230.105.26 - - [16/Sep/2021:08:43:10 +0800] "GET /xingrg/kc/buy/cgsh_order_add.html HTTP/1.1" 200 63450
116.230.105.26 - - [16/Sep/2021:08:43:10 +0800] "POST /xingrg/kc/buy/cgsh_order_operate.html HTTP/1.1" 200 8245
116.230.105.26 - - [16/Sep/2021:08:43:10 +0800] "GET /xingrg/all/common/auto_word.html?type=employee&rest_code=00155 HTTP/1.1" 200 205
116.230.105.26 - - [16/Sep/2021:08:43:10 +0800] "GET /xingrg/all/common/auto_word.html?type=employee&rest_code=00155 HTTP/1.1" 200 205
116.230.105.26 - - [16/Sep/2021:08:43:10 +0800] "GET /xingrg/javascript/easyui/themes/default/validatebox.css HTTP/1.1" 404 1104
120.253.135.82 - - [16/Sep/2021:08:43:12 +0800] "POST /xingrg/kc/pszx/mdps_list_operate.html HTTP/1.1" 200 2435
116.238.168.124 - - [16/Sep/2021:08:43:12 +0800] "POST /xingrg/kc/buy/cgsh_list_operate.html HTTP/1.1" 200 565
120.253.135.82 - - [16/Sep/2021:08:43:13 +0800] "POST /xingrg/kc/pszx/mdps_list_operate.html HTTP/1.1" 200 360
116.230.105.26 - - [16/Sep/2021:08:43:13 +0800] "GET /xingrg/javascript/auto/indicator.gif HTTP/1.1" 404 1066
116.238.168.124 - - [16/Sep/2021:08:43:15 +0800] "GET /xingrg/kc/buy/cgsh_order_info.html?code=212021091606689 HTTP/1.1" 200 63450
116.230.105.26 - - [16/Sep/2021:08:43:15 +0800] "GET /xingrg/javascript/jquery_tools/images/prev.gif HTTP/1.1" 404 1086
116.230.105.26 - - [16/Sep/2021:08:43:15 +0800] "GET /xingrg/javascript/jquery_tools/images/next.gif HTTP/1.1" 404 1086
120.253.135.82 - - [16/Sep/2021:08:43:16 +0800] "GET /xingrg/kc/pszx/mdqp_order_list.html?state=10 HTTP/1.1" 200 15860
120.253.135.82 - - [16/Sep/2021:08:43:16 +0800] "GET /xingrg/dwr/interface/AjaxQqpsService.js HTTP/1.1" 200 16326
120.253.135.82 - - [16/Sep/2021:08:43:16 +0800] "GET /xingrg/dwr/interface/AjaxReportQueryService.js HTTP/1.1" 200 13203
120.253.135.82 - - [16/Sep/2021:08:43:16 +0800] "GET /xingrg/dwr/engine.js HTTP/1.1" 200 43631
116.238.168.124 - - [16/Sep/2021:08:43:16 +0800] "GET /xingrg/javascript/easyui/themes/default/validatebox.css HTTP/1.1" 404 1104
116.238.168.124 - - [16/Sep/2021:08:43:16 +0800] "POST /xingrg/kc/buy/cgsh_order_operate.html HTTP/1.1" 200 13912
116.238.248.233 - - [16/Sep/2021:08:43:19 +0800] "GET /xingrg/kc/buy/cgsh_order_operate.html?command=get_materiel&rest_code=00150&code=00101008061&supplier_code=00100007&order_time=2021-09-16 HTTP/1.1" 200 422
120.253.135.82 - - [16/Sep/2021:08:43:20 +0800] "GET /xingrg/kc/pszx/mdqp_order_info.html?code=302021091500335 HTTP/1.1" 200 13350
120.253.135.82 - - [16/Sep/2021:08:43:20 +0800] "GET /xingrg/dwr/interface/AjaxQqpsService.js HTTP/1.1" 200 16326
120.253.135.82 - - [16/Sep/2021:08:43:20 +0800] "GET /xingrg/dwr/interface/AjaxComOrderService.js HTTP/1.1" 200 18264
120.253.135.82 - - [16/Sep/2021:08:43:20 +0800] "GET /xingrg/dwr/engine.js HTTP/1.1" 200 43631
120.253.135.82 - - [16/Sep/2021:08:43:21 +0800] "POST /xingrg/dwr/call/plaincall/AjaxQqpsService.loadMaterielItems.dwr HTTP/1.1" 200 919
116.230.105.26 - - [16/Sep/2021:08:43:21 +0800] "GET /xingrg/kc/buy/cgsh_order_operate.html?command=get_materiel&rest_code=00155&code=00101007061&supplier_code=00100002&order_time=2021-09-16 HTTP/1.1" 200 409
120.253.135.82 - - [16/Sep/2021:08:43:21 +0800] "GET /xingrg/images/yd/bt.gif HTTP/1.1" 404 1040
120.253.135.82 - - [16/Sep/2021:08:43:21 +0800] "GET /xingrg/images/yd/bt2.gif HTTP/1.1" 404 1042
120.253.135.82 - - [16/Sep/2021:08:43:23 +0800] "GET /xingrg/kc/pszx/mdqp_order_list.html?isBack=1 HTTP/1.1" 302 -
120.253.135.82 - - [16/Sep/2021:08:43:23 +0800] "GET /xingrg/kc/pszx/mdqp_order_list.html?state=10 HTTP/1.1" 200 15860
120.253.135.82 - - [16/Sep/2021:08:43:23 +0800] "GET /xingrg/dwr/interface/AjaxReportQueryService.js HTTP/1.1" 200 13203
120.253.135.82 - - [16/Sep/2021:08:43:23 +0800] "GET /xingrg/dwr/interface/AjaxQqpsService.js HTTP/1.1" 200 16326
120.253.135.82 - - [16/Sep/2021:08:43:23 +0800] "GET /xingrg/dwr/engine.js HTTP/1.1" 200 43631
120.253.135.82 - - [16/Sep/2021:08:43:25 +0800] "GET /xingrg/kc/pszx/mdqp_order_info.html?code=302021091500336 HTTP/1.1" 200 13350
120.253.135.82 - - [16/Sep/2021:08:43:25 +0800] "GET /xingrg/dwr/interface/AjaxQqpsService.js HTTP/1.1" 200 16326
120.253.135.82 - - [16/Sep/2021:08:43:25 +0800] "GET /xingrg/dwr/interface/AjaxComOrderService.js HTTP/1.1" 200 18264
120.253.135.82 - - [16/Sep/2021:08:43:25 +0800] "GET /xingrg/dwr/engine.js HTTP/1.1" 200 43631
120.253.135.82 - - [16/Sep/2021:08:43:26 +0800] "POST /xingrg/dwr/call/plaincall/AjaxQqpsService.loadMaterielItems.dwr HTTP/1.1" 200 3624
120.253.135.82 - - [16/Sep/2021:08:43:27 +0800] "GET /xingrg/images/yd/bt.gif HTTP/1.1" 404 1040
120.253.135.82 - - [16/Sep/2021:08:43:27 +0800] "GET /xingrg/images/yd/bt2.gif HTTP/1.1" 404 1042
114.85.125.222 - - [16/Sep/2021:08:43:28 +0800] "GET /xingrg/all/function/internal_message.html?_=1631752994912&CODE_STATE=getMsg HTTP/1.1" 200 27
116.230.105.26 - - [16/Sep/2021:08:43:29 +0800] "GET /xingrg/kc/buy/cgsh_order_operate.html?command=get_materiel&rest_code=00155&code=00101007125&supplier_code=00100002&order_time=2021-09-16 HTTP/1.1" 200 408
120.253.135.82 - - [16/Sep/2021:08:43:34 +0800] "GET /xingrg/kc/pszx/mdqp_order_list.html?isBack=1 HTTP/1.1" 302 -
120.253.135.82 - - [16/Sep/2021:08:43:34 +0800] "GET /xingrg/kc/pszx/mdqp_order_list.html?state=10 HTTP/1.1" 200 15860
120.253.135.82 - - [16/Sep/2021:08:43:34 +0800] "GET /xingrg/dwr/interface/AjaxQqpsService.js HTTP/1.1" 200 16326
120.253.135.82 - - [16/Sep/2021:08:43:34 +0800] "GET /xingrg/dwr/interface/AjaxReportQueryService.js HTTP/1.1" 200 13203
120.253.135.82 - - [16/Sep/2021:08:43:34 +0800] "GET /xingrg/dwr/engine.js HTTP/1.1" 200 43631
180.169.147.146 - - [16/Sep/2021:08:43:36 +0800] "GET /xingrg/all/function/internal_message.html?_=1631753018211&CODE_STATE=getMsg HTTP/1.1" 302 -
116.230.105.26 - - [16/Sep/2021:08:43:36 +0800] "GET /xingrg/kc/buy/cgsh_order_operate.html?command=get_materiel&rest_code=00155&code=00101007072&supplier_code=00100002&order_time=2021-09-16 HTTP/1.1" 200 413
120.253.135.82 - - [16/Sep/2021:08:43:36 +0800] "GET /xingrg/kc/pszx/mdqp_order_info.html?code=302021091500337 HTTP/1.1" 200 13350
120.253.135.82 - - [16/Sep/2021:08:43:36 +0800] "GET /xingrg/dwr/interface/AjaxComOrderService.js HTTP/1.1" 200 18264
120.253.135.82 - - [16/Sep/2021:08:43:36 +0800] "GET /xingrg/dwr/interface/AjaxQqpsService.js HTTP/1.1" 200 16326
120.253.135.82 - - [16/Sep/2021:08:43:36 +0800] "GET /xingrg/dwr/engine.js HTTP/1.1" 200 43631
120.253.135.82 - - [16/Sep/2021:08:43:37 +0800] "POST /xingrg/dwr/call/plaincall/AjaxQqpsService.loadMaterielItems.dwr HTTP/1.1" 200 620
120.253.135.82 - - [16/Sep/2021:08:43:39 +0800] "GET /xingrg/images/yd/bt.gif HTTP/1.1" 404 1040
120.253.135.82 - - [16/Sep/2021:08:43:39 +0800] "GET /xingrg/images/yd/bt2.gif HTTP/1.1" 404 1042
116.238.248.233 - - [16/Sep/2021:08:43:40 +0800] "GET /xingrg/all/function/internal_message.html?_=1631753021087&CODE_STATE=getMsg HTTP/1.1" 200 27
120.253.135.82 - - [16/Sep/2021:08:43:41 +0800] "GET /xingrg/kc/pszx/mdqp_order_list.html?isBack=1 HTTP/1.1" 302 -
120.253.135.82 - - [16/Sep/2021:08:43:41 +0800] "GET /xingrg/kc/pszx/mdqp_order_list.html?state=10 HTTP/1.1" 200 15860
120.253.135.82 - - [16/Sep/2021:08:43:41 +0800] "GET /xingrg/dwr/interface/AjaxReportQueryService.js HTTP/1.1" 200 13203
120.253.135.82 - - [16/Sep/2021:08:43:41 +0800] "GET /xingrg/dwr/interface/AjaxQqpsService.js HTTP/1.1" 200 16326
120.253.135.82 - - [16/Sep/2021:08:43:41 +0800] "GET /xingrg/dwr/engine.js HTTP/1.1" 200 43631
120.253.135.82 - - [16/Sep/2021:08:43:44 +0800] "GET /xingrg/kc/pszx/mdqp_order_info.html?code=302021091500338 HTTP/1.1" 200 13350
120.253.135.82 - - [16/Sep/2021:08:43:44 +0800] "GET /xingrg/dwr/interface/AjaxQqpsService.js HTTP/1.1" 200 16326
120.253.135.82 - - [16/Sep/2021:08:43:44 +0800] "GET /xingrg/dwr/interface/AjaxComOrderService.js HTTP/1.1" 200 18264
120.253.135.82 - - [16/Sep/2021:08:43:44 +0800] "GET /xingrg/dwr/engine.js HTTP/1.1" 200 43631
120.253.135.82 - - [16/Sep/2021:08:43:45 +0800] "POST /xingrg/dwr/call/plaincall/AjaxQqpsService.loadMaterielItems.dwr HTTP/1.1" 200 1224
116.230.105.26 - - [16/Sep/2021:08:43:45 +0800] "GET /xingrg/kc/buy/cgsh_order_operate.html?command=get_materiel&rest_code=00155&code=00101006259&supplier_code=00100002&order_time=2021-09-16 HTTP/1.1" 200 395
116.230.105.26 - - [16/Sep/2021:08:43:54 +0800] "GET /xingrg/kc/buy/cgsh_order_operate.html?command=get_materiel&rest_code=00155&code=00101007031&supplier_code=00100002&order_time=2021-09-16 HTTP/1.1" 200 413
116.238.248.233 - - [16/Sep/2021:08:43:54 +0800] "GET /xingrg/kc/buy/cgsh_order_operate.html?command=get_materiel&rest_code=00150&code=00101015036&supplier_code=00100007&order_time=2021-09-16 HTTP/1.1" 200 413
116.230.105.26 - - [16/Sep/2021:08:43:59 +0800] "GET /xingrg/all/function/internal_message.html?_=1631753028797&CODE_STATE=getMsg HTTP/1.1" 200 27
116.230.105.26 - - [16/Sep/2021:08:43:59 +0800] "GET /xingrg/kc/buy/cgsh_order_operate.html?command=get_materiel&rest_code=00155&code=00101007179&supplier_code=00100002&order_time=2021-09-16 HTTP/1.1" 200 399
116.238.168.124 - - [16/Sep/2021:08:44:01 +0800] "GET /xingrg/all/function/internal_message.html?_=1631753020573&CODE_STATE=getMsg HTTP/1.1" 200 27
120.253.135.82 - - [16/Sep/2021:08:44:02 +0800] "GET /xingrg/check_reg.html?_=1631752816196 HTTP/1.1" 200 22
114.85.125.222 - - [16/Sep/2021:08:44:03 +0800] "GET /xingrg/check_reg.html?_=1631753029358 HTTP/1.1" 200 22
222.70.246.151 - - [16/Sep/2021:08:44:03 +0800] "GET /xingrg/check_reg.html?_=1631753057743 HTTP/1.1" 302 -
222.70.246.151 - - [16/Sep/2021:08:44:04 +0800] "GET /xingrg/all/function/internal_message.html?_=1631753058098&CODE_STATE=getMsg HTTP/1.1" 302 -
101.83.145.79 - - [16/Sep/2021:08:44:05 +0800] "GET /xingrg/all/function/internal_message.html?_=1631753047385&CODE_STATE=getMsg HTTP/1.1" 200 27
120.253.135.82 - - [16/Sep/2021:08:44:06 +0800] "GET /xingrg/all/function/internal_message.html?_=1631752819452&CODE_STATE=getMsg HTTP/1.1" 200 27
116.238.248.233 - - [16/Sep/2021:08:44:11 +0800] "GET /xingrg/kc/buy/cgsh_order_operate.html?command=get_materiel&rest_code=00150&code=00101008095&supplier_code=00100007&order_time=2021-09-16 HTTP/1.1" 200 412
116.238.248.233 - - [16/Sep/2021:08:44:13 +0800] "POST /xingrg/kc/buy/cgsh_order_operate.html HTTP/1.1" 200 2065
116.238.248.233 - - [16/Sep/2021:08:44:18 +0800] "GET /xingrg/kc/buy/cgsh_order_operate.html?command=get_materiel&rest_code=00150&code=00101008110&supplier_code=00100007&order_time=2021-09-16 HTTP/1.1" 200 408
116.230.105.26 - - [16/Sep/2021:08:44:20 +0800] "GET /xingrg/kc/buy/cgsh_order_operate.html?command=get_materiel&rest_code=00155&code=00101007077&supplier_code=00100002&order_time=2021-09-16 HTTP/1.1" 200 415
58.221.95.50 - - [16/Sep/2021:08:44:21 +0800] "GET /xingrg/check_reg.html?_=1631753061600 HTTP/1.1" 302 -
116.238.248.233 - - [16/Sep/2021:08:44:25 +0800] "GET /xingrg/kc/buy/cgsh_order_operate.html?command=get_materiel&rest_code=00150&code=00101008168&supplier_code=00100007&order_time=2021-09-16 HTTP/1.1" 200 412
114.85.125.222 - - [16/Sep/2021:08:44:28 +0800] "GET /xingrg/all/function/internal_message.html?_=1631753054926&CODE_STATE=getMsg HTTP/1.1" 200 27
116.230.105.26 - - [16/Sep/2021:08:44:29 +0800] "POST /xingrg/kc/buy/cgsh_order_operate.html HTTP/1.1" 200 37
116.230.105.26 - - [16/Sep/2021:08:44:30 +0800] "POST /xingrg/kc/buy/cgsh_order_operate.html HTTP/1.1" 200 6199
116.230.105.26 - - [16/Sep/2021:08:44:31 +0800] "GET /xingrg/kc/print/load_config.html?kc_code=cgsh HTTP/1.1" 200 2076
116.230.105.26 - - [16/Sep/2021:08:44:31 +0800] "GET /xingrg/kc/print/load_data.html?order_code=212021091606694&kc_code=cgsh&condition= HTTP/1.1" 200 2099
180.169.147.146 - - [16/Sep/2021:08:44:36 +0800] "GET /xingrg/all/function/internal_message.html?_=1631753078210&CODE_STATE=getMsg HTTP/1.1" 302 -
116.238.248.233 - - [16/Sep/2021:08:44:38 +0800] "POST /xingrg/kc/buy/cgsh_order_operate.html HTTP/1.1" 200 37
116.230.105.26 - - [16/Sep/2021:08:44:38 +0800] "GET /xingrg/kc/print/load_data.html?order_code=212021091606694&kc_code=cgsh HTTP/1.1" 200 2278
116.238.248.233 - - [16/Sep/2021:08:44:40 +0800] "POST /xingrg/kc/buy/cgsh_order_operate.html HTTP/1.1" 200 34628
116.238.248.233 - - [16/Sep/2021:08:44:40 +0800] "GET /xingrg/all/function/internal_message.html?_=1631753081059&CODE_STATE=getMsg HTTP/1.1" 200 27
116.238.168.124 - - [16/Sep/2021:08:44:43 +0800] "POST /xingrg/kc/buy/cgsh_order_operate.html HTTP/1.1" 200 37
116.238.168.124 - - [16/Sep/2021:08:44:45 +0800] "POST /xingrg/kc/buy/cgsh_order_operate.html HTTP/1.1" 200 13913
116.238.168.124 - - [16/Sep/2021:08:44:47 +0800] "GET /xingrg/javascript/jquery_easy_ui/themes/default/images/tabs_active.png HTTP/1.1" 200 2894
116.230.105.26 - - [16/Sep/2021:08:44:47 +0800] "GET /xingrg/login.html HTTP/1.1" 200 7641
116.230.105.26 - - [16/Sep/2021:08:44:48 +0800] "GET /favicon.ico HTTP/1.1" 404 -
116.238.168.124 - - [16/Sep/2021:08:44:49 +0800] "POST /xingrg/kc/buy/cgsh_list_operate.html HTTP/1.1" 200 2384
116.238.168.124 - - [16/Sep/2021:08:44:49 +0800] "GET /xingrg/kc/buy/cgsh_order_info.html?code=212021091606686 HTTP/1.1" 200 63450
120.253.135.82 - - [16/Sep/2021:08:44:49 +0800] "GET /xingrg/images/yd/bt.gif HTTP/1.1" 404 1040
120.253.135.82 - - [16/Sep/2021:08:44:49 +0800] "GET /xingrg/images/yd/bt2.gif HTTP/1.1" 404 1042
116.230.105.26 - - [16/Sep/2021:08:44:50 +0800] "POST /xingrg/login.do HTTP/1.1" 302 -
116.238.168.124 - - [16/Sep/2021:08:44:50 +0800] "GET /xingrg/javascript/easyui/themes/default/validatebox.css HTTP/1.1" 404 1104
116.230.105.26 - - [16/Sep/2021:08:44:50 +0800] "GET /xingrg/index.html?sysBaseUrl=http%3A%2F%2F180.169.147.146%3A18081%2Fxingrg%2F&costTime=41×tamp=1631753090599 HTTP/1.1" 200 17179
116.230.105.26 - - [16/Sep/2021:08:44:50 +0800] "GET /favicon.ico HTTP/1.1" 404 -
116.230.105.26 - - [16/Sep/2021:08:44:50 +0800] "POST /xingrg/all/common/load_tree.html?tree=area_rest_tree_json&manage=1 HTTP/1.1" 200 351
116.230.105.26 - - [16/Sep/2021:08:44:50 +0800] "GET /xingrg/all/function/internal_message.html?_=1631753080498&CODE_STATE=count HTTP/1.1" 200 11
116.230.105.26 - - [16/Sep/2021:08:44:50 +0800] "GET /xingrg/check_reg.html?_=1631753080499 HTTP/1.1" 200 22
116.230.105.26 - - [16/Sep/2021:08:44:50 +0800] "POST /xingrg/load_menu.html HTTP/1.1" 200 5138
116.238.168.124 - - [16/Sep/2021:08:44:50 +0800] "POST /xingrg/kc/buy/cgsh_order_operate.html HTTP/1.1" 200 15652
120.253.135.82 - - [16/Sep/2021:08:44:51 +0800] "GET /xingrg/kc/pszx/mdqp_order_list.html?isBack=1 HTTP/1.1" 302 -
120.253.135.82 - - [16/Sep/2021:08:44:51 +0800] "GET /xingrg/kc/pszx/mdqp_order_list.html?state=10 HTTP/1.1" 200 15860
120.253.135.82 - - [16/Sep/2021:08:44:51 +0800] "GET /xingrg/dwr/interface/AjaxQqpsService.js HTTP/1.1" 200 16326
120.253.135.82 - - [16/Sep/2021:08:44:51 +0800] "GET /xingrg/dwr/engine.js HTTP/1.1" 200 43631
120.253.135.82 - - [16/Sep/2021:08:44:51 +0800] "GET /xingrg/dwr/interface/AjaxReportQueryService.js HTTP/1.1" 200 13203
116.230.105.26 - - [16/Sep/2021:08:44:52 +0800] "GET /xingrg/kc/buy/cgsh_order_list.html HTTP/1.1" 200 47750
116.230.105.26 - - [16/Sep/2021:08:44:54 +0800] "POST /xingrg/kc/buy/cgsh_list_operate.html HTTP/1.1" 200 2052
120.253.135.82 - - [16/Sep/2021:08:44:55 +0800] "GET /xingrg/kc/pszx/mdqp_order_info.html?code=302021091500339 HTTP/1.1" 200 13350
120.253.135.82 - - [16/Sep/2021:08:44:55 +0800] "GET /xingrg/dwr/interface/AjaxComOrderService.js HTTP/1.1" 200 18264
120.253.135.82 - - [16/Sep/2021:08:44:55 +0800] "GET /xingrg/dwr/interface/AjaxQqpsService.js HTTP/1.1" 200 16326
120.253.135.82 - - [16/Sep/2021:08:44:55 +0800] "GET /xingrg/dwr/engine.js HTTP/1.1" 200 43631
120.253.135.82 - - [16/Sep/2021:08:44:55 +0800] "POST /xingrg/dwr/call/plaincall/AjaxQqpsService.loadMaterielItems.dwr HTTP/1.1" 200 4182
120.253.135.82 - - [16/Sep/2021:08:44:56 +0800] "GET /xingrg/images/yd/bt.gif HTTP/1.1" 404 1040
120.253.135.82 - - [16/Sep/2021:08:44:56 +0800] "GET /xingrg/images/yd/bt2.gif HTTP/1.1" 404 1042
116.230.105.26 - - [16/Sep/2021:08:44:57 +0800] "POST /xingrg/kc/buy/cgsh_list_operate.html HTTP/1.1" 200 2052
116.230.105.26 - - [16/Sep/2021:08:45:00 +0800] "POST /xingrg/kc/buy/cgsh_list_operate.html HTTP/1.1" 200 568
116.230.105.26 - - [16/Sep/2021:08:45:00 +0800] "GET /xingrg/kc/buy/cgsh_order_info.html?code=212021091606694 HTTP/1.1" 200 63459
116.230.105.26 - - [16/Sep/2021:08:45:00 +0800] "GET /xingrg/all/common/auto_word.html?type=employee&rest_code=00155 HTTP/1.1" 200 205
116.230.105.26 - - [16/Sep/2021:08:45:00 +0800] "GET /xingrg/all/common/auto_word.html?type=employee&rest_code=00155 HTTP/1.1" 200 205
116.230.105.26 - - [16/Sep/2021:08:45:00 +0800] "GET /xingrg/javascript/easyui/themes/default/validatebox.css HTTP/1.1" 404 1104
116.230.105.26 - - [16/Sep/2021:08:45:01 +0800] "POST /xingrg/kc/buy/cgsh_order_operate.html HTTP/1.1" 200 6199
116.238.168.124 - - [16/Sep/2021:08:45:01 +0800] "GET /xingrg/check_reg.html?_=1631753080482 HTTP/1.1" 200 22
116.238.168.124 - - [16/Sep/2021:08:45:01 +0800] "GET /xingrg/all/function/internal_message.html?_=1631753080576&CODE_STATE=getMsg HTTP/1.1" 200 27
116.230.105.26 - - [16/Sep/2021:08:45:02 +0800] "GET /xingrg/kc/print/load_config.html?kc_code=cgsh HTTP/1.1" 200 2076
116.230.105.26 - - [16/Sep/2021:08:45:02 +0800] "GET /xingrg/kc/print/load_data.html?order_code=212021091606694&kc_code=cgsh&condition= HTTP/1.1" 200 2099
222.70.246.151 - - [16/Sep/2021:08:45:04 +0800] "GET /xingrg/all/function/internal_message.html?_=1631753118114&CODE_STATE=getMsg HTTP/1.1" 302 -
101.83.145.79 - - [16/Sep/2021:08:45:05 +0800] "GET /xingrg/all/function/internal_message.html?_=1631753107438&CODE_STATE=getMsg HTTP/1.1" 200 27
120.253.135.82 - - [16/Sep/2021:08:45:06 +0800] "GET /xingrg/all/function/internal_message.html?_=1631752879466&CODE_STATE=getMsg HTTP/1.1" 200 27
120.253.135.82 - - [16/Sep/2021:08:45:06 +0800] "GET /xingrg/kc/pszx/mdqp_order_list.html?isBack=1 HTTP/1.1" 302 -
120.253.135.82 - - [16/Sep/2021:08:45:06 +0800] "GET /xingrg/kc/pszx/mdqp_order_list.html?state=10 HTTP/1.1" 200 15860
120.253.135.82 - - [16/Sep/2021:08:45:06 +0800] "GET /xingrg/dwr/interface/AjaxReportQueryService.js HTTP/1.1" 200 13203
120.253.135.82 - - [16/Sep/2021:08:45:06 +0800] "GET /xingrg/dwr/interface/AjaxQqpsService.js HTTP/1.1" 200 16326
120.253.135.82 - - [16/Sep/2021:08:45:06 +0800] "GET /xingrg/dwr/engine.js HTTP/1.1" 200 43631
120.253.135.82 - - [16/Sep/2021:08:45:09 +0800] "GET /xingrg/kc/pszx/jzcl_ps.html HTTP/1.1" 200 7683
120.253.135.82 - - [16/Sep/2021:08:45:09 +0800] "POST /xingrg/all/common/load_tree.html?tree=area_rest_tree_json HTTP/1.1" 200 3472
116.230.105.26 - - [16/Sep/2021:08:45:09 +0800] "GET /xingrg/kc/print/load_data.html?order_code=212021091606694&kc_code=cgsh HTTP/1.1" 200 2099
120.253.135.82 - - [16/Sep/2021:08:45:10 +0800] "POST /xingrg/kc/pszx/jzcl_ps_operate.html HTTP/1.1" 200 5957
120.253.135.82 - - [16/Sep/2021:08:45:10 +0800] "POST /xingrg/kc/pszx/jzcl_ps_operate.html HTTP/1.1" 200 5957
120.253.135.82 - - [16/Sep/2021:08:45:22 +0800] "POST /xingrg/kc/pszx/jzcl_ps_operate.html HTTP/1.1" 200 4
120.253.135.82 - - [16/Sep/2021:08:45:24 +0800] "GET /xingrg/kc/pszx/mdps_order_list.html HTTP/1.1" 200 21089
120.253.135.82 - - [16/Sep/2021:08:45:24 +0800] "POST /xingrg/kc/pszx/mdps_list_operate.html HTTP/1.1" 200 5369
114.85.125.222 - - [16/Sep/2021:08:45:28 +0800] "GET /xingrg/all/function/internal_message.html?_=1631753114939&CODE_STATE=getMsg HTTP/1.1" 200 27
120.253.135.82 - - [16/Sep/2021:08:45:33 +0800] "POST /xingrg/kc/pszx/mdps_list_operate.html HTTP/1.1" 200 3549
120.253.135.82 - - [16/Sep/2021:08:45:35 +0800] "POST /xingrg/kc/pszx/mdps_list_operate.html HTTP/1.1" 200 365
180.169.147.146 - - [16/Sep/2021:08:45:36 +0800] "GET /xingrg/all/function/internal_message.html?_=1631753138210&CODE_STATE=getMsg HTTP/1.1" 302 -
180.169.147.146 - - [16/Sep/2021:08:45:36 +0800] "GET /xingrg/check_reg.html?_=1631753138212 HTTP/1.1" 302 -
120.253.135.82 - - [16/Sep/2021:08:45:36 +0800] "GET /xingrg/kc/pszx/mdps_order_info.html?code=312021091600447 HTTP/1.1" 200 23931
120.253.135.82 - - [16/Sep/2021:08:45:37 +0800] "GET /xingrg/javascript/easyui/themes/default/validatebox.css HTTP/1.1" 404 1104
120.253.135.82 - - [16/Sep/2021:08:45:37 +0800] "POST /xingrg/kc/pszx/mdps_order_operate.html HTTP/1.1" 200 3257
120.253.135.82 - - [16/Sep/2021:08:45:38 +0800] "POST /xingrg/all/common/load_combo.html?type=base HTTP/1.1" 200 1075
116.238.248.233 - - [16/Sep/2021:08:45:40 +0800] "GET /xingrg/all/function/internal_message.html?_=1631753141036&CODE_STATE=getMsg HTTP/1.1" 200 27
120.253.135.82 - - [16/Sep/2021:08:45:42 +0800] "POST /xingrg/kc/pszx/mdps_order_operate.html HTTP/1.1" 200 37
120.253.135.82 - - [16/Sep/2021:08:45:42 +0800] "GET /xingrg/kc/pszx/mdps_order_info.html?code=312021091600447 HTTP/1.1" 200 23931
120.253.135.82 - - [16/Sep/2021:08:45:43 +0800] "GET /xingrg/javascript/easyui/themes/default/validatebox.css HTTP/1.1" 404 1104
120.253.135.82 - - [16/Sep/2021:08:45:43 +0800] "POST /xingrg/kc/pszx/mdps_order_operate.html HTTP/1.1" 200 3281
120.253.135.82 - - [16/Sep/2021:08:45:49 +0800] "POST /xingrg/kc/pszx/mdps_list_operate.html HTTP/1.1" 200 629
120.253.135.82 - - [16/Sep/2021:08:45:50 +0800] "GET /xingrg/kc/pszx/mdps_order_info.html?code=312021091600448 HTTP/1.1" 200 23931
116.230.105.26 - - [16/Sep/2021:08:45:50 +0800] "GET /xingrg/all/function/internal_message.html?_=1631753140526&CODE_STATE=getMsg HTTP/1.1" 200 27
120.253.135.82 - - [16/Sep/2021:08:45:51 +0800] "GET /xingrg/javascript/easyui/themes/default/validatebox.css HTTP/1.1" 404 1104
120.253.135.82 - - [16/Sep/2021:08:45:51 +0800] "POST /xingrg/kc/pszx/mdps_order_operate.html HTTP/1.1" 200 7767
120.253.135.82 - - [16/Sep/2021:08:45:53 +0800] "POST /xingrg/kc/pszx/mdps_order_operate.html HTTP/1.1" 200 37
120.253.135.82 - - [16/Sep/2021:08:45:55 +0800] "GET /xingrg/kc/pszx/mdps_order_info.html?code=312021091600448 HTTP/1.1" 200 23931
120.253.135.82 - - [16/Sep/2021:08:45:55 +0800] "POST /xingrg/kc/pszx/mdps_order_operate.html HTTP/1.1" 200 7859
120.253.135.82 - - [16/Sep/2021:08:45:55 +0800] "GET /xingrg/javascript/easyui/themes/default/validatebox.css HTTP/1.1" 404 1104
116.238.168.124 - - [16/Sep/2021:08:46:01 +0800] "GET /xingrg/all/function/internal_message.html?_=1631753140589&CODE_STATE=getMsg HTTP/1.1" 200 27
222.70.246.151 - - [16/Sep/2021:08:46:04 +0800] "GET /xingrg/all/function/internal_message.html?_=1631753178125&CODE_STATE=getMsg HTTP/1.1" 302 -
101.83.145.79 - - [16/Sep/2021:08:46:05 +0800] "GET /xingrg/all/function/internal_message.html?_=1631753167388&CODE_STATE=getMsg HTTP/1.1" 200 27
120.253.135.82 - - [16/Sep/2021:08:46:06 +0800] "GET /xingrg/all/function/internal_message.html?_=1631752939479&CODE_STATE=getMsg HTTP/1.1" 200 27
120.253.135.82 - - [16/Sep/2021:08:46:09 +0800] "GET /xingrg/kc/pszx/mdps_order_operate.html?command=get_materiel&pszx_code=00101&rest_code=00147&base_code=0010246&code=00101013266 HTTP/1.1" 200 409
101.83.145.79 - - [16/Sep/2021:08:46:09 +0800] "GET /xingrg/kc/buy/cgsh_order_operate.html?command=get_materiel&rest_code=00105&code=00101008105&supplier_code=00100203&order_time=2021-09-16 HTTP/1.1" 200 412
116.238.168.124 - - [16/Sep/2021:08:46:11 +0800] "POST /xingrg/kc/buy/cgsh_list_operate.html HTTP/1.1" 200 2384
116.238.168.124 - - [16/Sep/2021:08:46:13 +0800] "POST /xingrg/kc/buy/cgsh_list_operate.html HTTP/1.1" 200 565
116.238.168.124 - - [16/Sep/2021:08:46:14 +0800] "GET /xingrg/kc/buy/cgsh_order_info.html?code=212021091606688 HTTP/1.1" 200 63450
116.238.168.124 - - [16/Sep/2021:08:46:15 +0800] "GET /xingrg/javascript/easyui/themes/default/validatebox.css HTTP/1.1" 404 1104
116.238.168.124 - - [16/Sep/2021:08:46:15 +0800] "POST /xingrg/kc/buy/cgsh_order_operate.html HTTP/1.1" 200 13880
101.83.145.79 - - [16/Sep/2021:08:46:17 +0800] "GET /xingrg/kc/buy/cgsh_order_operate.html?command=get_materiel&rest_code=00105&code=00101008119&supplier_code=00100203&order_time=2021-09-16 HTTP/1.1" 200 412
101.83.145.79 - - [16/Sep/2021:08:46:24 +0800] "GET /xingrg/kc/buy/cgsh_order_operate.html?command=get_materiel&rest_code=00105&code=00101008185&supplier_code=00100203&order_time=2021-09-16 HTTP/1.1" 200 408
120.253.135.82 - - [16/Sep/2021:08:46:25 +0800] "POST /xingrg/all/common/load_select.html HTTP/1.1" 200 25
120.253.135.82 - - [16/Sep/2021:08:46:27 +0800] "GET /xingrg/kc/pszx/mdps_order_operate.html?command=get_materiel_price&pszx_code=00101&rest_code=00147&base_code=0010246&code=00101019347&unit_code=00100226&order_time=2021-09-17 HTTP/1.1" 200 33
180.169.147.146 - - [16/Sep/2021:08:46:36 +0800] "GET /xingrg/all/function/internal_message.html?_=1631753198227&CODE_STATE=getMsg HTTP/1.1" 302 -
101.83.145.79 - - [16/Sep/2021:08:46:38 +0800] "GET /xingrg/kc/buy/cgsh_order_operate.html?command=get_materiel&rest_code=00105&code=00101015074&supplier_code=00100203&order_time=2021-09-16 HTTP/1.1" 200 408
116.238.248.233 - - [16/Sep/2021:08:46:40 +0800] "GET /xingrg/all/function/internal_message.html?_=1631753201017&CODE_STATE=getMsg HTTP/1.1" 200 27
101.83.145.79 - - [16/Sep/2021:08:46:43 +0800] "GET /xingrg/kc/buy/cgsh_order_operate.html?command=get_materiel&rest_code=00105&code=00101023033&supplier_code=00100203&order_time=2021-09-16 HTTP/1.1" 200 395
116.230.105.26 - - [16/Sep/2021:08:46:50 +0800] "GET /xingrg/all/function/internal_message.html?_=1631753200503&CODE_STATE=getMsg HTTP/1.1" 200 27
101.83.145.79 - - [16/Sep/2021:08:46:51 +0800] "GET /xingrg/kc/buy/cgsh_order_operate.html?command=get_materiel&rest_code=00105&code=00101008405&supplier_code=00100203&order_time=2021-09-16 HTTP/1.1" 200 413
116.238.248.233 - - [16/Sep/2021:08:46:59 +0800] "POST /xingrg/kc/buy/cgsh_order_operate.html HTTP/1.1" 200 37
116.238.168.124 - - [16/Sep/2021:08:47:01 +0800] "GET /xingrg/all/function/internal_message.html?_=1631753200603&CODE_STATE=getMsg HTTP/1.1" 200 27
222.70.246.151 - - [16/Sep/2021:08:47:04 +0800] "GET /xingrg/all/function/internal_message.html?_=1631753238144&CODE_STATE=getMsg HTTP/1.1" 302 -
101.83.145.79 - - [16/Sep/2021:08:47:05 +0800] "GET /xingrg/kc/buy/cgsh_order_operate.html?command=get_materiel&rest_code=00105&code=00101008330&supplier_code=00100203&order_time=2021-09-16 HTTP/1.1" 200 408
101.83.145.79 - - [16/Sep/2021:08:47:05 +0800] "GET /xingrg/all/function/internal_message.html?_=1631753227391&CODE_STATE=getMsg HTTP/1.1" 200 27
101.83.145.79 - - [16/Sep/2021:08:47:05 +0800] "GET /xingrg/check_reg.html?_=1631753227393 HTTP/1.1" 200 22
120.253.135.82 - - [16/Sep/2021:08:47:06 +0800] "GET /xingrg/all/function/internal_message.html?_=1631752999493&CODE_STATE=getMsg HTTP/1.1" 200 27
101.83.145.79 - - [16/Sep/2021:08:47:15 +0800] "GET /xingrg/kc/buy/cgsh_order_operate.html?command=get_materiel&rest_code=00105&code=00101008219&supplier_code=00100203&order_time=2021-09-16 HTTP/1.1" 200 412
101.83.145.79 - - [16/Sep/2021:08:47:17 +0800] "POST /xingrg/kc/buy/cgsh_order_operate.html HTTP/1.1" 200 2065
114.83.223.205 - - [16/Sep/2021:08:47:18 +0800] "GET /favicon.ico HTTP/1.1" 404 -
101.83.145.79 - - [16/Sep/2021:08:47:19 +0800] "POST /xingrg/kc/buy/cgsh_order_operate.html HTTP/1.1" 200 2065
116.230.105.26 - - [16/Sep/2021:08:47:25 +0800] "GET /xingrg/kc/buy/cgsh_order_add.html HTTP/1.1" 200 63450
116.230.105.26 - - [16/Sep/2021:08:47:25 +0800] "GET /xingrg/javascript/easyui/themes/default/validatebox.css HTTP/1.1" 404 1104
116.230.105.26 - - [16/Sep/2021:08:47:25 +0800] "POST /xingrg/kc/buy/cgsh_order_operate.html HTTP/1.1" 200 8245
101.83.145.79 - - [16/Sep/2021:08:47:26 +0800] "GET /xingrg/kc/buy/cgsh_order_operate.html?command=get_materiel&rest_code=00105&code=00101008132&supplier_code=00100203&order_time=2021-09-16 HTTP/1.1" 200 408
116.230.105.26 - - [16/Sep/2021:08:47:27 +0800] "GET /xingrg/javascript/auto/indicator.gif HTTP/1.1" 404 1066
116.230.105.26 - - [16/Sep/2021:08:47:29 +0800] "GET /xingrg/javascript/jquery_tools/images/prev.gif HTTP/1.1" 404 1086
116.230.105.26 - - [16/Sep/2021:08:47:29 +0800] "GET /xingrg/javascript/jquery_tools/images/next.gif HTTP/1.1" 404 1086
120.253.135.82 - - [16/Sep/2021:08:47:31 +0800] "POST /xingrg/kc/pszx/mdps_order_operate.html HTTP/1.1" 200 37
120.253.135.82 - - [16/Sep/2021:08:47:32 +0800] "GET /xingrg/kc/pszx/mdps_order_info.html?code=312021091600448 HTTP/1.1" 200 23931
120.253.135.82 - - [16/Sep/2021:08:47:33 +0800] "GET /xingrg/javascript/easyui/themes/default/validatebox.css HTTP/1.1" 404 1104
120.253.135.82 - - [16/Sep/2021:08:47:33 +0800] "POST /xingrg/kc/pszx/mdps_order_operate.html HTTP/1.1" 200 7862
101.83.145.79 - - [16/Sep/2021:08:47:33 +0800] "GET /xingrg/kc/buy/cgsh_order_operate.html?command=get_materiel&rest_code=00105&code=00101008244&supplier_code=00100203&order_time=2021-09-16 HTTP/1.1" 200 408
180.169.147.146 - - [16/Sep/2021:08:47:36 +0800] "GET /xingrg/all/function/internal_message.html?_=1631753258241&CODE_STATE=getMsg HTTP/1.1" 302 -
116.238.168.124 - - [16/Sep/2021:08:47:38 +0800] "POST /xingrg/kc/buy/cgsh_order_operate.html HTTP/1.1" 200 37
116.230.105.26 - - [16/Sep/2021:08:47:39 +0800] "GET /xingrg/kc/buy/cgsh_order_operate.html?command=get_materiel&rest_code=00155&code=00101009035&supplier_code=00100037&order_time=2021-09-16 HTTP/1.1" 200 414
116.238.168.124 - - [16/Sep/2021:08:47:40 +0800] "POST /xingrg/kc/buy/cgsh_order_operate.html HTTP/1.1" 200 13880
101.83.145.79 - - [16/Sep/2021:08:47:42 +0800] "GET /xingrg/kc/buy/cgsh_order_operate.html?command=get_materiel&rest_code=00105&code=00101008351&supplier_code=00100203&order_time=2021-09-16 HTTP/1.1" 200 408
116.238.168.124 - - [16/Sep/2021:08:47:45 +0800] "POST /xingrg/kc/buy/cgsh_list_operate.html HTTP/1.1" 200 2384
116.230.105.26 - - [16/Sep/2021:08:47:50 +0800] "GET /xingrg/kc/buy/cgsh_order_operate.html?command=get_materiel&rest_code=00155&code=00101009113&supplier_code=00100037&order_time=2021-09-16 HTTP/1.1" 200 398
116.230.105.26 - - [16/Sep/2021:08:47:50 +0800] "GET /xingrg/all/function/internal_message.html?_=1631753260504&CODE_STATE=getMsg HTTP/1.1" 200 27
101.83.145.79 - - [16/Sep/2021:08:47:51 +0800] "GET /xingrg/kc/buy/cgsh_order_operate.html?command=get_materiel&rest_code=00105&code=00101019891&supplier_code=00100203&order_time=2021-09-16 HTTP/1.1" 200 395
114.83.223.205 - - [16/Sep/2021:08:47:57 +0800] "GET /favicon.ico HTTP/1.1" 404 -
101.83.145.79 - - [16/Sep/2021:08:47:57 +0800] "GET /xingrg/kc/buy/cgsh_order_operate.html?command=get_materiel&rest_code=00105&code=00101008096&supplier_code=00100203&order_time=2021-09-16 HTTP/1.1" 200 412
114.83.223.205 - - [16/Sep/2021:08:47:57 +0800] "GET /favicon.ico HTTP/1.1" 404 -
116.238.168.124 - - [16/Sep/2021:08:48:01 +0800] "GET /xingrg/all/function/internal_message.html?_=1631753260616&CODE_STATE=getMsg HTTP/1.1" 200 27
120.253.135.82 - - [16/Sep/2021:08:48:04 +0800] "POST /xingrg/kc/pszx/mdps_order_operate.html HTTP/1.1" 200 37
222.70.246.151 - - [16/Sep/2021:08:48:04 +0800] "GET /xingrg/all/function/internal_message.html?_=1631753298152&CODE_STATE=getMsg HTTP/1.1" 302 -
120.253.135.82 - - [16/Sep/2021:08:48:04 +0800] "GET /xingrg/kc/pszx/mdps_order_info.html?code=312021091600448 HTTP/1.1" 200 23931
120.253.135.82 - - [16/Sep/2021:08:48:05 +0800] "GET /xingrg/javascript/easyui/themes/default/validatebox.css HTTP/1.1" 404 1104
120.253.135.82 - - [16/Sep/2021:08:48:05 +0800] "POST /xingrg/kc/pszx/mdps_order_operate.html HTTP/1.1" 200 7862
101.83.145.79 - - [16/Sep/2021:08:48:05 +0800] "GET /xingrg/all/function/internal_message.html?_=1631753287383&CODE_STATE=getMsg HTTP/1.1" 200 27
120.253.135.82 - - [16/Sep/2021:08:48:06 +0800] "GET /xingrg/all/function/internal_message.html?_=1631753059507&CODE_STATE=getMsg HTTP/1.1" 200 27
120.253.135.82 - - [16/Sep/2021:08:48:08 +0800] "POST /xingrg/kc/pszx/mdps_list_operate.html HTTP/1.1" 200 3549
120.253.135.82 - - [16/Sep/2021:08:48:09 +0800] "POST /xingrg/kc/pszx/mdps_list_operate.html HTTP/1.1" 200 632
120.253.135.82 - - [16/Sep/2021:08:48:11 +0800] "GET /xingrg/kc/pszx/mdps_order_info.html?code=312021091600448 HTTP/1.1" 200 23931
120.253.135.82 - - [16/Sep/2021:08:48:12 +0800] "GET /xingrg/javascript/easyui/themes/default/validatebox.css HTTP/1.1" 404 1104
120.253.135.82 - - [16/Sep/2021:08:48:12 +0800] "POST /xingrg/kc/pszx/mdps_order_operate.html HTTP/1.1" 200 7862
120.253.135.82 - - [16/Sep/2021:08:48:14 +0800] "POST /xingrg/kc/pszx/mdps_list_operate.html HTTP/1.1" 200 3549
101.83.145.79 - - [16/Sep/2021:08:48:15 +0800] "GET /xingrg/kc/buy/cgsh_order_operate.html?command=get_materiel&rest_code=00105&code=00101008221&supplier_code=00100203&order_time=2021-09-16 HTTP/1.1" 200 412
120.253.135.82 - - [16/Sep/2021:08:48:16 +0800] "POST /xingrg/kc/pszx/mdps_list_operate.html HTTP/1.1" 200 278
120.253.135.82 - - [16/Sep/2021:08:48:16 +0800] "GET /xingrg/kc/pszx/mdps_order_info.html?code=312021091600449 HTTP/1.1" 200 23931
120.253.135.82 - - [16/Sep/2021:08:48:17 +0800] "GET /xingrg/javascript/easyui/themes/default/validatebox.css HTTP/1.1" 404 1104
120.253.135.82 - - [16/Sep/2021:08:48:17 +0800] "POST /xingrg/kc/pszx/mdps_order_operate.html HTTP/1.1" 200 2764
120.253.135.82 - - [16/Sep/2021:08:48:20 +0800] "POST /xingrg/kc/pszx/mdps_order_operate.html HTTP/1.1" 200 37
120.253.135.82 - - [16/Sep/2021:08:48:20 +0800] "GET /xingrg/kc/pszx/mdps_order_info.html?code=312021091600449 HTTP/1.1" 200 23931
120.253.135.82 - - [16/Sep/2021:08:48:21 +0800] "GET /xingrg/javascript/easyui/themes/default/validatebox.css HTTP/1.1" 404 1104
120.253.135.82 - - [16/Sep/2021:08:48:21 +0800] "POST /xingrg/kc/pszx/mdps_order_operate.html HTTP/1.1" 200 2779
101.83.145.79 - - [16/Sep/2021:08:48:22 +0800] "GET /xingrg/kc/buy/cgsh_order_operate.html?command=get_materiel&rest_code=00105&code=00101008003&supplier_code=00100203&order_time=2021-09-16 HTTP/1.1" 200 408
120.253.135.82 - - [16/Sep/2021:08:48:28 +0800] "POST /xingrg/all/common/load_select.html HTTP/1.1" 200 25
120.253.135.82 - - [16/Sep/2021:08:48:30 +0800] "GET /xingrg/kc/pszx/mdps_order_operate.html?command=get_materiel_price&pszx_code=00101&rest_code=00147&base_code=0010246&code=00101013225&unit_code=00100112&order_time=2021-09-17 HTTP/1.1" 200 34
180.169.147.146 - - [16/Sep/2021:08:48:36 +0800] "GET /xingrg/all/function/internal_message.html?_=1631753318239&CODE_STATE=getMsg HTTP/1.1" 302 -
120.253.135.82 - - [16/Sep/2021:08:48:37 +0800] "POST /xingrg/kc/pszx/mdps_order_operate.html HTTP/1.1" 200 37
120.253.135.82 - - [16/Sep/2021:08:48:38 +0800] "GET /xingrg/kc/pszx/mdps_order_info.html?code=312021091600449 HTTP/1.1" 200 23931
120.253.135.82 - - [16/Sep/2021:08:48:39 +0800] "POST /xingrg/kc/pszx/mdps_order_operate.html HTTP/1.1" 200 2776
120.253.135.82 - - [16/Sep/2021:08:48:39 +0800] "GET /xingrg/javascript/easyui/themes/default/validatebox.css HTTP/1.1" 404 1104
116.230.105.26 - - [16/Sep/2021:08:48:50 +0800] "GET /xingrg/all/function/internal_message.html?_=1631753320516&CODE_STATE=getMsg HTTP/1.1" 200 27
101.83.145.79 - - [16/Sep/2021:08:48:56 +0800] "GET /xingrg/kc/buy/cgsh_order_operate.html?command=get_materiel&rest_code=00105&code=00101008201&supplier_code=00100203&order_time=2021-09-16 HTTP/1.1" 200 412
116.238.168.124 - - [16/Sep/2021:08:49:01 +0800] "GET /xingrg/all/function/internal_message.html?_=1631753320630&CODE_STATE=getMsg HTTP/1.1" 200 27
116.238.168.124 - - [16/Sep/2021:08:49:03 +0800] "POST /xingrg/kc/buy/cgsh_list_operate.html HTTP/1.1" 200 565
120.253.135.82 - - [16/Sep/2021:08:49:03 +0800] "POST /xingrg/kc/pszx/mdps_order_operate.html HTTP/1.1" 200 37
222.70.246.151 - - [16/Sep/2021:08:49:03 +0800] "GET /xingrg/check_reg.html?_=1631753357748 HTTP/1.1" 302 -
222.70.246.151 - - [16/Sep/2021:08:49:04 +0800] "GET /xingrg/all/function/internal_message.html?_=1631753358166&CODE_STATE=getMsg HTTP/1.1" 302 -
120.253.135.82 - - [16/Sep/2021:08:49:05 +0800] "GET /xingrg/kc/pszx/mdps_order_info.html?code=312021091600449 HTTP/1.1" 200 23931
120.253.135.82 - - [16/Sep/2021:08:49:05 +0800] "GET /xingrg/javascript/easyui/themes/default/validatebox.css HTTP/1.1" 404 1104
120.253.135.82 - - [16/Sep/2021:08:49:05 +0800] "POST /xingrg/kc/pszx/mdps_order_operate.html HTTP/1.1" 200 2776
120.253.135.82 - - [16/Sep/2021:08:49:05 +0800] "GET /xingrg/check_reg.html?_=1631753119221 HTTP/1.1" 200 22
101.83.145.79 - - [16/Sep/2021:08:49:05 +0800] "GET /xingrg/all/function/internal_message.html?_=1631753347386&CODE_STATE=getMsg HTTP/1.1" 200 27
120.253.135.82 - - [16/Sep/2021:08:49:06 +0800] "GET /xingrg/all/function/internal_message.html?_=1631753119519&CODE_STATE=getMsg HTTP/1.1" 200 27
116.238.168.124 - - [16/Sep/2021:08:49:06 +0800] "GET /xingrg/kc/buy/cgsh_order_info.html?code=212021091606689 HTTP/1.1" 200 63450
116.238.168.124 - - [16/Sep/2021:08:49:07 +0800] "GET /xingrg/javascript/easyui/themes/default/validatebox.css HTTP/1.1" 404 1104
116.238.168.124 - - [16/Sep/2021:08:49:07 +0800] "POST /xingrg/kc/buy/cgsh_order_operate.html HTTP/1.1" 200 13913
120.253.135.82 - - [16/Sep/2021:08:49:10 +0800] "POST /xingrg/kc/pszx/mdps_list_operate.html HTTP/1.1" 200 3548
120.253.135.82 - - [16/Sep/2021:08:49:11 +0800] "POST /xingrg/kc/pszx/mdps_list_operate.html HTTP/1.1" 200 276
120.253.135.82 - - [16/Sep/2021:08:49:13 +0800] "POST /xingrg/kc/pszx/mdps_list_operate.html HTTP/1.1" 200 436
120.253.135.82 - - [16/Sep/2021:08:49:15 +0800] "GET /xingrg/kc/pszx/mdps_order_info.html?code=312021091600450 HTTP/1.1" 200 23931
120.253.135.82 - - [16/Sep/2021:08:49:16 +0800] "POST /xingrg/kc/pszx/mdps_order_operate.html HTTP/1.1" 200 3723
120.253.135.82 - - [16/Sep/2021:08:49:16 +0800] "GET /xingrg/javascript/easyui/themes/default/validatebox.css HTTP/1.1" 404 1104
101.83.145.79 - - [16/Sep/2021:08:49:17 +0800] "GET /xingrg/kc/buy/cgsh_order_operate.html?command=get_materiel&rest_code=00105&code=00101008361&supplier_code=00100203&order_time=2021-09-16 HTTP/1.1" 200 408
120.253.135.82 - - [16/Sep/2021:08:49:18 +0800] "POST /xingrg/kc/pszx/mdps_order_operate.html HTTP/1.1" 200 37
120.253.135.82 - - [16/Sep/2021:08:49:19 +0800] "GET /xingrg/kc/pszx/mdps_order_info.html?code=312021091600450 HTTP/1.1" 200 23931
120.253.135.82 - - [16/Sep/2021:08:49:20 +0800] "POST /xingrg/kc/pszx/mdps_order_operate.html HTTP/1.1" 200 3752
120.253.135.82 - - [16/Sep/2021:08:49:20 +0800] "GET /xingrg/javascript/easyui/themes/default/validatebox.css HTTP/1.1" 404 1104
58.221.95.50 - - [16/Sep/2021:08:49:21 +0800] "GET /xingrg/check_reg.html?_=1631753361580 HTTP/1.1" 302 -
101.83.145.79 - - [16/Sep/2021:08:49:27 +0800] "GET /xingrg/kc/buy/cgsh_order_operate.html?command=get_materiel&rest_code=00105&code=00101008067&supplier_code=00100203&order_time=2021-09-16 HTTP/1.1" 200 416
116.238.248.233 - - [16/Sep/2021:08:49:28 +0800] "GET /xingrg/check_reg.html?_=1631753368119 HTTP/1.1" 200 22
116.238.248.233 - - [16/Sep/2021:08:49:28 +0800] "GET /xingrg/all/function/internal_message.html?_=1631753368120&CODE_STATE=getMsg HTTP/1.1" 200 27
116.238.248.233 - - [16/Sep/2021:08:49:28 +0800] "POST /xingrg/kc/buy/cgsh_order_operate.html HTTP/1.1" 200 34628
180.169.147.146 - - [16/Sep/2021:08:49:36 +0800] "GET /xingrg/all/function/internal_message.html?_=1631753378237&CODE_STATE=getMsg HTTP/1.1" 302 -
101.83.145.79 - - [16/Sep/2021:08:49:36 +0800] "GET /xingrg/kc/buy/cgsh_order_operate.html?command=get_materiel&rest_code=00105&code=00101008356&supplier_code=00100203&order_time=2021-09-16 HTTP/1.1" 200 408
101.83.145.79 - - [16/Sep/2021:08:49:43 +0800] "GET /xingrg/kc/buy/cgsh_order_operate.html?command=get_materiel&rest_code=00105&code=00101008301&supplier_code=00100203&order_time=2021-09-16 HTTP/1.1" 200 422
116.230.105.26 - - [16/Sep/2021:08:49:50 +0800] "GET /xingrg/check_reg.html?_=1631753380509 HTTP/1.1" 200 22
116.230.105.26 - - [16/Sep/2021:08:49:50 +0800] "GET /xingrg/all/function/internal_message.html?_=1631753380513&CODE_STATE=getMsg HTTP/1.1" 200 27
101.83.145.79 - - [16/Sep/2021:08:49:52 +0800] "GET /xingrg/kc/buy/cgsh_order_operate.html?command=get_materiel&rest_code=00105&code=00101008137&supplier_code=00100203&order_time=2021-09-16 HTTP/1.1" 200 408
116.238.168.124 - - [16/Sep/2021:08:50:01 +0800] "GET /xingrg/check_reg.html?_=1631753380490 HTTP/1.1" 200 22
116.238.168.124 - - [16/Sep/2021:08:50:01 +0800] "GET /xingrg/all/function/internal_message.html?_=1631753380643&CODE_STATE=getMsg HTTP/1.1" 200 27
222.70.246.151 - - [16/Sep/2021:08:50:04 +0800] "GET /xingrg/all/function/internal_message.html?_=1631753418182&CODE_STATE=getMsg HTTP/1.1" 302 -
101.83.145.79 - - [16/Sep/2021:08:50:05 +0800] "GET /xingrg/all/function/internal_message.html?_=1631753407381&CODE_STATE=getMsg HTTP/1.1" 200 27
120.253.135.82 - - [16/Sep/2021:08:50:06 +0800] "GET /xingrg/all/function/internal_message.html?_=1631753179534&CODE_STATE=getMsg HTTP/1.1" 200 27
101.83.145.79 - - [16/Sep/2021:08:50:18 +0800] "GET /xingrg/kc/buy/cgsh_order_operate.html?command=get_materiel&rest_code=00105&code=00101008558&supplier_code=00100203&order_time=2021-09-16 HTTP/1.1" 200 395
120.253.135.82 - - [16/Sep/2021:08:50:22 +0800] "POST /xingrg/kc/pszx/mdps_order_operate.html HTTP/1.1" 200 37
120.253.135.82 - - [16/Sep/2021:08:50:23 +0800] "GET /xingrg/kc/pszx/mdps_order_info.html?code=312021091600450 HTTP/1.1" 200 23931
120.253.135.82 - - [16/Sep/2021:08:50:23 +0800] "GET /xingrg/javascript/easyui/themes/default/validatebox.css HTTP/1.1" 404 1104
120.253.135.82 - - [16/Sep/2021:08:50:23 +0800] "POST /xingrg/kc/pszx/mdps_order_operate.html HTTP/1.1" 200 3752
120.253.135.82 - - [16/Sep/2021:08:50:26 +0800] "POST /xingrg/kc/pszx/mdps_list_operate.html HTTP/1.1" 200 3548
116.238.248.233 - - [16/Sep/2021:08:50:28 +0800] "GET /xingrg/all/function/internal_message.html?_=1631753428107&CODE_STATE=getMsg HTTP/1.1" 200 27
120.253.135.82 - - [16/Sep/2021:08:50:28 +0800] "POST /xingrg/kc/pszx/mdps_list_operate.html HTTP/1.1" 200 642
120.253.135.82 - - [16/Sep/2021:08:50:31 +0800] "POST /xingrg/kc/pszx/mdps_list_operate.html HTTP/1.1" 200 201
120.253.135.82 - - [16/Sep/2021:08:50:33 +0800] "GET /xingrg/kc/pszx/mdps_order_info.html?code=312021091600451 HTTP/1.1" 200 23931
120.253.135.82 - - [16/Sep/2021:08:50:34 +0800] "GET /xingrg/javascript/easyui/themes/default/validatebox.css HTTP/1.1" 404 1104
120.253.135.82 - - [16/Sep/2021:08:50:34 +0800] "POST /xingrg/kc/pszx/mdps_order_operate.html HTTP/1.1" 200 8413
