116.237.74.154 - - [16/Sep/2021:11:02:36 +0800] "GET /xingrg/kc/buy/cgsh_order_operate.html?command=get_materiel&rest_code=00106&code=00101008323&supplier_code=00100007&order_time=2021-09-16 HTTP/1.1" 200 408
114.83.223.205 - - [16/Sep/2021:11:02:36 +0800] "GET /xingrg/kc/base/wldb_order_operate.html?command=get_materiel&rest_code=00149&base_code=0010394&code=00101016029 HTTP/1.1" 200 462
116.228.172.94 - - [16/Sep/2021:11:02:37 +0800] "GET /xingrg/kc/print/load_data.html?order_code=212021091606785&kc_code=cgsh&condition= HTTP/1.1" 200 680
222.70.246.151 - - [16/Sep/2021:11:02:37 +0800] "GET /xingrg/kc/buy/cgsh_order_operate.html?command=get_materiel&rest_code=00146&code=00101008350&supplier_code=00100005&order_time=2021-09-16 HTTP/1.1" 200 408
116.238.168.124 - - [16/Sep/2021:11:02:37 +0800] "GET /xingrg/kc/buy/cgsh_order_operate.html?command=get_materiel&rest_code=00102&code=00101020215&supplier_code=00100047&order_time=2021-09-16 HTTP/1.1" 200 391
120.253.135.82 - - [16/Sep/2021:11:02:37 +0800] "POST /xingrg/kc/buy/cgsh_order_operate.html HTTP/1.1" 200 7594
116.237.74.154 - - [16/Sep/2021:11:02:38 +0800] "GET /xingrg/kc/buy/cgsh_order_add.html HTTP/1.1" 200 63482
116.237.74.154 - - [16/Sep/2021:11:02:38 +0800] "POST /xingrg/kc/buy/cgsh_order_operate.html HTTP/1.1" 200 8245
116.237.74.154 - - [16/Sep/2021:11:02:38 +0800] "GET /xingrg/javascript/easyui/themes/default/validatebox.css HTTP/1.1" 404 1104
222.70.246.151 - - [16/Sep/2021:11:02:39 +0800] "GET /xingrg/all/function/internal_message.html?_=1631761373263&CODE_STATE=getMsg HTTP/1.1" 200 27
116.237.74.154 - - [16/Sep/2021:11:02:40 +0800] "GET /xingrg/javascript/easyui/themes/default/tree.css HTTP/1.1" 404 1090
116.237.74.154 - - [16/Sep/2021:11:02:40 +0800] "POST /xingrg/all/common/load_tree.html?tree=supplier_tree_json&isDelete=1 HTTP/1.1" 200 57803
58.40.7.146 - - [16/Sep/2021:11:02:40 +0800] "GET /xingrg/check_reg.html?_=1631761361348 HTTP/1.1" 302 -
58.40.7.146 - - [16/Sep/2021:11:02:40 +0800] "GET /xingrg/all/function/internal_message.html?_=1631761361349&CODE_STATE=getMsg HTTP/1.1" 302 -
116.237.74.154 - - [16/Sep/2021:11:02:41 +0800] "GET /xingrg/all/function/internal_message.html?_=1631761359929&CODE_STATE=getMsg HTTP/1.1" 200 27
114.83.223.205 - - [16/Sep/2021:11:02:42 +0800] "GET /xingrg/kc/base/wldb_order_operate.html?command=get_materiel&rest_code=00149&base_code=0010394&code=00101019637 HTTP/1.1" 200 433
116.237.74.154 - - [16/Sep/2021:11:02:45 +0800] "GET /xingrg/kc/buy/cgsh_order_operate.html?command=get_materiel&rest_code=00106&code=00102010240&supplier_code=00100007&order_time=2021-09-16 HTTP/1.1" 200 412
120.253.135.82 - - [16/Sep/2021:11:02:47 +0800] "GET /xingrg/kc/buy/cgsh_order_operate.html?command=get_materiel&rest_code=00101&code=00102002551&supplier_code=00100145&order_time=2021-09-16 HTTP/1.1" 200 418
114.83.223.205 - - [16/Sep/2021:11:02:47 +0800] "GET /xingrg/kc/base/wldb_order_operate.html?command=get_materiel&rest_code=00149&base_code=0010394&code=00101019133 HTTP/1.1" 200 466
180.169.147.146 - - [16/Sep/2021:11:02:49 +0800] "GET /xingrg/check_reg.html?_=1631761371938 HTTP/1.1" 200 22
180.169.147.146 - - [16/Sep/2021:11:02:49 +0800] "GET /xingrg/all/function/internal_message.html?_=1631761371933&CODE_STATE=getMsg HTTP/1.1" 200 27
116.238.168.124 - - [16/Sep/2021:11:02:49 +0800] "GET /xingrg/kc/buy/cgsh_order_operate.html?command=get_materiel&rest_code=00102&code=00101011002&supplier_code=00100047&order_time=2021-09-16 HTTP/1.1" 200 427
222.70.246.151 - - [16/Sep/2021:11:02:50 +0800] "GET /xingrg/kc/buy/cgsh_order_operate.html?command=get_materiel&rest_code=00146&code=00101008236&supplier_code=00100005&order_time=2021-09-16 HTTP/1.1" 200 416
116.237.74.154 - - [16/Sep/2021:11:02:50 +0800] "GET /xingrg/kc/buy/cgsh_order_operate.html?command=get_materiel&rest_code=00106&code=00101008175&supplier_code=00100007&order_time=2021-09-16 HTTP/1.1" 200 412
116.230.105.26 - - [16/Sep/2021:11:02:51 +0800] "GET /xingrg/all/function/internal_message.html?_=1631761360501&CODE_STATE=getMsg HTTP/1.1" 200 27
114.86.227.68 - - [16/Sep/2021:11:02:52 +0800] "GET /xingrg/all/function/internal_message.html?_=1631761373484&CODE_STATE=getMsg HTTP/1.1" 200 27
114.83.223.205 - - [16/Sep/2021:11:02:56 +0800] "GET /xingrg/kc/base/wldb_order_operate.html?command=get_materiel&rest_code=00149&base_code=0010394&code=00101019306 HTTP/1.1" 200 463
101.83.145.79 - - [16/Sep/2021:11:02:56 +0800] "GET /xingrg/all/function/internal_message.html?_=1631761377878&CODE_STATE=getMsg HTTP/1.1" 200 27
180.169.147.146 - - [16/Sep/2021:11:02:56 +0800] "GET /xingrg/all/function/internal_message.html?_=1631761380076&CODE_STATE=getMsg HTTP/1.1" 200 27
101.83.145.79 - - [16/Sep/2021:11:02:56 +0800] "GET /xingrg/check_reg.html?_=1631761378430 HTTP/1.1" 200 22
116.237.74.154 - - [16/Sep/2021:11:02:58 +0800] "GET /xingrg/kc/buy/cgsh_order_operate.html?command=get_materiel&rest_code=00106&code=00101008224&supplier_code=00100007&order_time=2021-09-16 HTTP/1.1" 200 416
101.83.145.79 - - [16/Sep/2021:11:02:59 +0800] "GET /xingrg/all/function/internal_message.html?_=1631761327926&CODE_STATE=getMsg HTTP/1.1" 200 27
101.83.145.79 - - [16/Sep/2021:11:02:59 +0800] "GET /xingrg/check_reg.html?_=1631761327929 HTTP/1.1" 200 22
116.237.74.154 - - [16/Sep/2021:11:03:03 +0800] "GET /xingrg/kc/buy/cgsh_order_operate.html?command=get_materiel&rest_code=00106&code=00101001125&supplier_code=00100319&order_time=2021-09-16 HTTP/1.1" 200 415
180.169.147.146 - - [16/Sep/2021:11:03:03 +0800] "GET /xingrg/all/function/internal_message.html?_=1631761385572&CODE_STATE=getMsg HTTP/1.1" 302 -
114.83.223.205 - - [16/Sep/2021:11:03:04 +0800] "GET /xingrg/kc/base/wldb_order_operate.html?command=get_materiel&rest_code=00149&base_code=0010394&code=00101019183 HTTP/1.1" 200 433
222.70.246.151 - - [16/Sep/2021:11:03:04 +0800] "GET /xingrg/kc/buy/cgsh_order_operate.html?command=get_materiel&rest_code=00146&code=00101009015&supplier_code=00100005&order_time=2021-09-16 HTTP/1.1" 200 417
58.37.227.186 - - [16/Sep/2021:11:03:08 +0800] "GET /xingrg/all/function/internal_message.html?_=1631761259209&CODE_STATE=getMsg HTTP/1.1" 200 27
116.238.168.124 - - [16/Sep/2021:11:03:09 +0800] "POST /xingrg/kc/buy/cgsh_order_operate.html HTTP/1.1" 200 37
116.237.74.154 - - [16/Sep/2021:11:03:09 +0800] "GET /xingrg/kc/buy/cgsh_order_operate.html?command=get_materiel&rest_code=00106&code=00101008223&supplier_code=00100007&order_time=2021-09-16 HTTP/1.1" 200 412
114.83.223.205 - - [16/Sep/2021:11:03:09 +0800] "GET /xingrg/all/function/internal_message.html?_=1631761389672&CODE_STATE=getMsg HTTP/1.1" 200 27
114.83.223.205 - - [16/Sep/2021:11:03:10 +0800] "GET /xingrg/check_reg.html?_=1631761391280 HTTP/1.1" 200 22
58.40.7.146 - - [16/Sep/2021:11:03:12 +0800] "GET /xingrg/all/function/internal_message.html?_=1631761392742&CODE_STATE=getMsg HTTP/1.1" 200 27
116.237.74.154 - - [16/Sep/2021:11:03:12 +0800] "POST /xingrg/kc/buy/cgsh_order_operate.html HTTP/1.1" 200 2065
116.238.168.124 - - [16/Sep/2021:11:03:12 +0800] "POST /xingrg/kc/buy/cgsh_order_operate.html HTTP/1.1" 200 12
180.157.251.224 - - [16/Sep/2021:11:03:13 +0800] "GET /xingrg/all/function/internal_message.html?_=1631761395399&CODE_STATE=getMsg HTTP/1.1" 200 27
222.70.246.151 - - [16/Sep/2021:11:03:13 +0800] "GET /xingrg/kc/buy/cgsh_order_operate.html?command=get_materiel&rest_code=00146&code=00101008290&supplier_code=00100005&order_time=2021-09-16 HTTP/1.1" 200 416
116.238.168.124 - - [16/Sep/2021:11:03:14 +0800] "GET /xingrg/kc/buy/cgsh_order_info.html?code=212021091606786 HTTP/1.1" 200 58348
116.228.172.94 - - [16/Sep/2021:11:03:14 +0800] "GET /xingrg/all/function/internal_message.html?_=1631761407963&CODE_STATE=getMsg HTTP/1.1" 200 27
116.238.168.124 - - [16/Sep/2021:11:03:16 +0800] "GET /xingrg/javascript/easyui/themes/default/validatebox.css HTTP/1.1" 404 1104
116.237.74.154 - - [16/Sep/2021:11:03:16 +0800] "GET /xingrg/kc/buy/cgsh_order_operate.html?command=get_materiel&rest_code=00106&code=00101008236&supplier_code=00100007&order_time=2021-09-16 HTTP/1.1" 200 416
116.238.168.124 - - [16/Sep/2021:11:03:16 +0800] "POST /xingrg/kc/buy/cgsh_order_operate.html HTTP/1.1" 200 1795
120.253.135.82 - - [16/Sep/2021:11:03:18 +0800] "GET /xingrg/kc/buy/cgsh_order_operate.html?command=get_materiel&rest_code=00101&code=00102002550&supplier_code=00100145&order_time=2021-09-16 HTTP/1.1" 200 419
120.253.135.82 - - [16/Sep/2021:11:03:18 +0800] "GET /xingrg/check_reg.html?_=1631761172369 HTTP/1.1" 200 22
116.238.168.124 - - [16/Sep/2021:11:03:19 +0800] "GET /xingrg/kc/print/load_data.html?order_code=212021091606786&kc_code=cgsh&condition= HTTP/1.1" 200 1190
222.70.246.151 - - [16/Sep/2021:11:03:20 +0800] "POST /xingrg/kc/buy/cgsh_order_operate.html HTTP/1.1" 200 2065
116.237.74.154 - - [16/Sep/2021:11:03:21 +0800] "GET /xingrg/all/function/internal_message.html?_=1631761401594&CODE_STATE=getMsg HTTP/1.1" 200 27
116.237.74.154 - - [16/Sep/2021:11:03:21 +0800] "GET /xingrg/check_reg.html?_=1631761401738 HTTP/1.1" 200 22
114.83.223.205 - - [16/Sep/2021:11:03:22 +0800] "GET /xingrg/kc/base/wldb_order_operate.html?command=get_materiel&rest_code=00149&base_code=0010394&code=00101019199 HTTP/1.1" 200 459
120.253.135.82 - - [16/Sep/2021:11:03:23 +0800] "GET /xingrg/all/function/internal_message.html?_=1631761177065&CODE_STATE=getMsg HTTP/1.1" 200 27
114.83.223.205 - - [16/Sep/2021:11:03:26 +0800] "GET /xingrg/kc/base/wldb_order_operate.html?command=get_materiel&rest_code=00149&base_code=0010394&code=00101019127 HTTP/1.1" 200 466
222.70.246.151 - - [16/Sep/2021:11:03:27 +0800] "GET /xingrg/kc/buy/cgsh_order_operate.html?command=get_materiel&rest_code=00146&code=00101008450&supplier_code=00100005&order_time=2021-09-16 HTTP/1.1" 200 391
116.238.248.233 - - [16/Sep/2021:11:03:27 +0800] "GET /xingrg/all/function/internal_message.html?_=1631761407854&CODE_STATE=getMsg HTTP/1.1" 200 27
114.83.223.205 - - [16/Sep/2021:11:03:28 +0800] "GET /xingrg/kc/base/wldb_order_operate.html?command=get_materiel&rest_code=00149&base_code=0010394&code=00101019391 HTTP/1.1" 200 471
58.40.7.146 - - [16/Sep/2021:11:03:31 +0800] "GET /xingrg/all/function/internal_message.html?_=1631761412259&CODE_STATE=getMsg HTTP/1.1" 200 27
58.40.7.146 - - [16/Sep/2021:11:03:31 +0800] "GET /xingrg/check_reg.html?_=1631761412260 HTTP/1.1" 200 22
222.70.179.190 - - [16/Sep/2021:11:03:31 +0800] "GET /xingrg/all/function/internal_message.html?_=1631761403841&CODE_STATE=getMsg HTTP/1.1" 200 27
116.238.168.124 - - [16/Sep/2021:11:03:32 +0800] "GET /xingrg/all/function/internal_message.html?_=1631761391529&CODE_STATE=getMsg HTTP/1.1" 200 27
180.162.111.5 - - [16/Sep/2021:11:03:33 +0800] "GET /xingrg/all/function/internal_message.html?_=1631760973807&CODE_STATE=getMsg HTTP/1.1" 200 27
114.83.223.205 - - [16/Sep/2021:11:03:34 +0800] "GET /xingrg/kc/base/wldb_order_operate.html?command=get_materiel&rest_code=00149&base_code=0010394&code=00101008316 HTTP/1.1" 200 435
180.169.147.146 - - [16/Sep/2021:11:03:34 +0800] "GET /xingrg/index.html?sysBaseUrl=http%3A%2F%2F180.169.147.146%3A18081%2Fxingrg%2F&costTime=40×tamp=1610415445867 HTTP/1.1" 302 -
180.169.147.146 - - [16/Sep/2021:11:03:34 +0800] "GET /xingrg/login.html HTTP/1.1" 200 7641
180.169.147.146 - - [16/Sep/2021:11:03:35 +0800] "GET /favicon.ico HTTP/1.1" 404 -
116.237.74.154 - - [16/Sep/2021:11:03:35 +0800] "GET /xingrg/kc/buy/cgsh_order_operate.html?command=get_materiel&rest_code=00106&code=00101008095&supplier_code=00100007&order_time=2021-09-16 HTTP/1.1" 200 412
116.238.168.124 - - [16/Sep/2021:11:03:38 +0800] "GET /xingrg/kc/base/wldb_order_list.html HTTP/1.1" 200 19224
222.70.246.151 - - [16/Sep/2021:11:03:39 +0800] "GET /xingrg/all/function/internal_message.html?_=1631761433278&CODE_STATE=getMsg HTTP/1.1" 200 27
116.238.168.124 - - [16/Sep/2021:11:03:39 +0800] "POST /xingrg/kc/base/wldb_list_operate.html HTTP/1.1" 200 928
58.40.7.146 - - [16/Sep/2021:11:03:40 +0800] "GET /xingrg/all/function/internal_message.html?_=1631761421335&CODE_STATE=getMsg HTTP/1.1" 302 -
116.237.74.154 - - [16/Sep/2021:11:03:41 +0800] "GET /xingrg/all/function/internal_message.html?_=1631761419974&CODE_STATE=getMsg HTTP/1.1" 200 27
114.83.223.205 - - [16/Sep/2021:11:03:42 +0800] "GET /xingrg/kc/base/wldb_order_operate.html?command=get_materiel&rest_code=00149&base_code=0010394&code=00101019056 HTTP/1.1" 200 474
180.169.147.146 - - [16/Sep/2021:11:03:45 +0800] "POST /xingrg/login.do HTTP/1.1" 302 -
180.169.147.146 - - [16/Sep/2021:11:03:45 +0800] "GET /xingrg/index.html?sysBaseUrl=http%3A%2F%2F180.169.147.146%3A18081%2Fxingrg%2F&costTime=46×tamp=1631761425256 HTTP/1.1" 200 17503
116.237.74.154 - - [16/Sep/2021:11:03:45 +0800] "GET /xingrg/kc/buy/cgsh_order_operate.html?command=get_materiel&rest_code=00106&code=00101008109&supplier_code=00100007&order_time=2021-09-16 HTTP/1.1" 200 413
180.169.147.146 - - [16/Sep/2021:11:03:45 +0800] "GET /favicon.ico HTTP/1.1" 404 -
180.169.147.146 - - [16/Sep/2021:11:03:45 +0800] "POST /xingrg/all/common/load_tree.html?tree=area_rest_tree_json&manage=1 HTTP/1.1" 200 2338
180.169.147.146 - - [16/Sep/2021:11:03:45 +0800] "GET /xingrg/check_reg.html?_=1631761461240 HTTP/1.1" 200 22
180.169.147.146 - - [16/Sep/2021:11:03:45 +0800] "GET /xingrg/all/function/internal_message.html?_=1631761461239&CODE_STATE=count HTTP/1.1" 200 11
180.169.147.146 - - [16/Sep/2021:11:03:45 +0800] "POST /xingrg/load_menu.html HTTP/1.1" 200 11443
180.169.147.146 - - [16/Sep/2021:11:03:49 +0800] "GET /xingrg/all/function/internal_message.html?_=1631761431938&CODE_STATE=getMsg HTTP/1.1" 200 27
114.83.223.205 - - [16/Sep/2021:11:03:50 +0800] "GET /xingrg/kc/base/wldb_order_operate.html?command=get_materiel&rest_code=00149&base_code=0010394&code=00101019095 HTTP/1.1" 200 452
180.169.147.146 - - [16/Sep/2021:11:03:50 +0800] "GET /xingrg/kc/buy/buy_main.html HTTP/1.1" 200 12341
180.169.147.146 - - [16/Sep/2021:11:03:50 +0800] "GET /xingrg/css/new_ie.css HTTP/1.1" 404 1036
180.169.147.146 - - [16/Sep/2021:11:03:50 +0800] "GET /xingrg/images/yd/bt.gif HTTP/1.1" 404 1040
116.230.105.26 - - [16/Sep/2021:11:03:51 +0800] "GET /xingrg/all/function/internal_message.html?_=1631761420515&CODE_STATE=getMsg HTTP/1.1" 200 27
180.169.147.146 - - [16/Sep/2021:11:03:51 +0800] "GET /xingrg/kc/buy/cgsh_order_list.html HTTP/1.1" 200 47999
116.237.74.154 - - [16/Sep/2021:11:03:52 +0800] "GET /xingrg/kc/buy/cgsh_order_operate.html?command=get_materiel&rest_code=00106&code=00101001044&supplier_code=00100319&order_time=2021-09-16 HTTP/1.1" 200 411
114.86.227.68 - - [16/Sep/2021:11:03:52 +0800] "GET /xingrg/all/function/internal_message.html?_=1631761433487&CODE_STATE=getMsg HTTP/1.1" 200 27
116.238.248.233 - - [16/Sep/2021:11:03:52 +0800] "GET /xingrg/kc/buy/cgsh_order_list.html HTTP/1.1" 200 47750
116.228.172.94 - - [16/Sep/2021:11:03:52 +0800] "GET /xingrg/kc/buy/buy_main.html HTTP/1.1" 200 12412
116.228.172.94 - - [16/Sep/2021:11:03:52 +0800] "GET /xingrg/css/new_ie.css HTTP/1.1" 404 1036
116.238.248.233 - - [16/Sep/2021:11:03:53 +0800] "POST /xingrg/kc/buy/cgsh_list_operate.html HTTP/1.1" 200 876
116.228.172.94 - - [16/Sep/2021:11:03:54 +0800] "GET /xingrg/images/yd/bt.gif HTTP/1.1" 404 1040
180.169.147.146 - - [16/Sep/2021:11:03:54 +0800] "POST /xingrg/kc/buy/cgsh_list_operate.html HTTP/1.1" 200 1683
116.228.172.94 - - [16/Sep/2021:11:03:54 +0800] "GET /xingrg/kc/buy/cgsh_order_list.html HTTP/1.1" 200 47748
222.70.246.151 - - [16/Sep/2021:11:03:54 +0800] "GET /xingrg/kc/buy/cgsh_order_operate.html?command=get_materiel&rest_code=00146&code=00101013114&supplier_code=00100005&order_time=2021-09-16 HTTP/1.1" 200 409
120.253.135.82 - - [16/Sep/2021:11:03:54 +0800] "GET /xingrg/kc/buy/cgsh_order_operate.html?command=get_materiel&rest_code=00101&code=00102002204&supplier_code=00100145&order_time=2021-09-16 HTTP/1.1" 200 414
116.228.172.94 - - [16/Sep/2021:11:03:56 +0800] "POST /xingrg/kc/buy/cgsh_list_operate.html HTTP/1.1" 200 1668
101.83.145.79 - - [16/Sep/2021:11:03:56 +0800] "GET /xingrg/all/function/internal_message.html?_=1631761437817&CODE_STATE=getMsg HTTP/1.1" 200 27
180.169.147.146 - - [16/Sep/2021:11:03:56 +0800] "GET /xingrg/all/function/internal_message.html?_=1631761440067&CODE_STATE=getMsg HTTP/1.1" 200 27
116.228.172.94 - - [16/Sep/2021:11:03:58 +0800] "GET /xingrg/kc/buy/cgsh_order_add.html HTTP/1.1" 200 62532
116.228.172.94 - - [16/Sep/2021:11:03:59 +0800] "POST /xingrg/kc/buy/cgsh_order_operate.html HTTP/1.1" 200 8245
116.228.172.94 - - [16/Sep/2021:11:03:59 +0800] "GET /xingrg/javascript/easyui/themes/default/validatebox.css HTTP/1.1" 404 1104
116.237.74.154 - - [16/Sep/2021:11:03:59 +0800] "GET /xingrg/kc/buy/cgsh_order_operate.html?command=get_materiel&rest_code=00106&code=00101015006&supplier_code=00100007&order_time=2021-09-16 HTTP/1.1" 200 413
101.83.145.79 - - [16/Sep/2021:11:03:59 +0800] "GET /xingrg/all/function/internal_message.html?_=1631761387929&CODE_STATE=getMsg HTTP/1.1" 200 27
116.228.172.94 - - [16/Sep/2021:11:04:00 +0800] "GET /xingrg/javascript/easyui/themes/default/tree.css HTTP/1.1" 404 1090
116.228.172.94 - - [16/Sep/2021:11:04:00 +0800] "POST /xingrg/all/common/load_tree.html?tree=supplier_tree_json&isDelete=1 HTTP/1.1" 200 57803
180.169.147.146 - - [16/Sep/2021:11:04:01 +0800] "GET /xingrg/javascript/jquery_tools/images/prev.gif HTTP/1.1" 404 1086
180.169.147.146 - - [16/Sep/2021:11:04:01 +0800] "GET /xingrg/javascript/jquery_tools/images/next.gif HTTP/1.1" 404 1086
116.237.74.154 - - [16/Sep/2021:11:04:02 +0800] "POST /xingrg/kc/buy/cgsh_order_operate.html HTTP/1.1" 200 2065
222.70.246.151 - - [16/Sep/2021:11:04:03 +0800] "GET /xingrg/kc/buy/cgsh_order_operate.html?command=get_materiel&rest_code=00146&code=00101008114&supplier_code=00100005&order_time=2021-09-16 HTTP/1.1" 200 412
180.169.147.146 - - [16/Sep/2021:11:04:03 +0800] "GET /xingrg/all/function/internal_message.html?_=1631761445573&CODE_STATE=getMsg HTTP/1.1" 302 -
116.228.172.94 - - [16/Sep/2021:11:04:04 +0800] "GET /xingrg/javascript/auto/indicator.gif HTTP/1.1" 404 1066
116.237.74.154 - - [16/Sep/2021:11:04:06 +0800] "POST /xingrg/kc/buy/cgsh_order_operate.html HTTP/1.1" 200 37
116.228.172.94 - - [16/Sep/2021:11:04:06 +0800] "GET /xingrg/javascript/jquery_tools/images/next.gif HTTP/1.1" 404 1086
116.228.172.94 - - [16/Sep/2021:11:04:06 +0800] "GET /xingrg/javascript/jquery_tools/images/prev.gif HTTP/1.1" 404 1086
116.237.74.154 - - [16/Sep/2021:11:04:07 +0800] "POST /xingrg/kc/buy/cgsh_order_operate.html HTTP/1.1" 200 3255
58.37.227.186 - - [16/Sep/2021:11:04:08 +0800] "GET /xingrg/all/function/internal_message.html?_=1631761319191&CODE_STATE=getMsg HTTP/1.1" 200 27
58.37.227.186 - - [16/Sep/2021:11:04:09 +0800] "GET /xingrg/check_reg.html?_=1631761319506 HTTP/1.1" 200 22
114.83.223.205 - - [16/Sep/2021:11:04:09 +0800] "GET /xingrg/all/function/internal_message.html?_=1631761449661&CODE_STATE=getMsg HTTP/1.1" 200 27
116.237.74.154 - - [16/Sep/2021:11:04:09 +0800] "GET /xingrg/kc/buy/buy_main.html HTTP/1.1" 200 12412
116.237.74.154 - - [16/Sep/2021:11:04:09 +0800] "GET /xingrg/css/new_ie.css HTTP/1.1" 404 1036
116.237.74.154 - - [16/Sep/2021:11:04:10 +0800] "GET /xingrg/images/yd/bt.gif HTTP/1.1" 404 1040
116.237.74.154 - - [16/Sep/2021:11:04:11 +0800] "GET /xingrg/kc/buy/cgsh_order_list.html HTTP/1.1" 200 47744
222.70.246.151 - - [16/Sep/2021:11:04:11 +0800] "POST /xingrg/kc/buy/cgsh_order_operate.html HTTP/1.1" 200 2065
58.40.7.146 - - [16/Sep/2021:11:04:12 +0800] "GET /xingrg/all/function/internal_message.html?_=1631761452746&CODE_STATE=getMsg HTTP/1.1" 200 27
58.40.7.146 - - [16/Sep/2021:11:04:12 +0800] "GET /xingrg/check_reg.html?_=1631761452747 HTTP/1.1" 200 22
116.237.74.154 - - [16/Sep/2021:11:04:12 +0800] "POST /xingrg/kc/buy/cgsh_list_operate.html HTTP/1.1" 200 2066
180.169.147.146 - - [16/Sep/2021:11:04:13 +0800] "GET /xingrg/javascript/easyui/themes/default/tree.css HTTP/1.1" 404 1090
180.169.147.146 - - [16/Sep/2021:11:04:13 +0800] "POST /xingrg/all/common/load_tree.html?tree=area_rest_tree_json&manage=1 HTTP/1.1" 200 2338
180.157.251.224 - - [16/Sep/2021:11:04:13 +0800] "GET /xingrg/all/function/internal_message.html?_=1631761455424&CODE_STATE=getMsg HTTP/1.1" 200 27
114.83.223.205 - - [16/Sep/2021:11:04:13 +0800] "POST /xingrg/kc/base/wldb_order_operate.html HTTP/1.1" 200 37
120.253.135.82 - - [16/Sep/2021:11:04:13 +0800] "GET /xingrg/kc/buy/cgsh_order_operate.html?command=get_materiel&rest_code=00101&code=00102002028&supplier_code=00100145&order_time=2021-09-16 HTTP/1.1" 200 449
114.83.223.205 - - [16/Sep/2021:11:04:13 +0800] "POST /xingrg/kc/base/wldb_order_operate.html HTTP/1.1" 200 7698
116.228.172.94 - - [16/Sep/2021:11:04:14 +0800] "GET /xingrg/all/function/internal_message.html?_=1631761467942&CODE_STATE=getMsg HTTP/1.1" 200 27
114.83.223.205 - - [16/Sep/2021:11:04:16 +0800] "GET /xingrg/kc/base/wldb_order_info.html?code=422021091601696 HTTP/1.1" 200 30461
114.83.223.205 - - [16/Sep/2021:11:04:16 +0800] "GET /xingrg/words/20210916094642_words.js HTTP/1.1" 304 -
114.83.223.205 - - [16/Sep/2021:11:04:16 +0800] "GET /xingrg/javascript/easyui/themes/default/validatebox.css HTTP/1.1" 404 1104
114.83.223.205 - - [16/Sep/2021:11:04:16 +0800] "POST /xingrg/kc/base/wldb_order_operate.html HTTP/1.1" 200 7698
120.253.135.82 - - [16/Sep/2021:11:04:17 +0800] "POST /xingrg/kc/buy/cgsh_order_operate.html HTTP/1.1" 200 2065
116.237.74.154 - - [16/Sep/2021:11:04:19 +0800] "GET /xingrg/kc/buy/cgsh_order_operate.html?command=get_materiel&rest_code=00106&code=00101008114&supplier_code=00100007&order_time=2021-09-16 HTTP/1.1" 200 412
180.169.147.146 - - [16/Sep/2021:11:04:19 +0800] "POST /xingrg/kc/buy/cgsh_list_operate.html HTTP/1.1" 200 5500
58.37.227.186 - - [16/Sep/2021:11:04:19 +0800] "GET /xingrg/kc/buy/cgsh_order_add.html HTTP/1.1" 200 63488
58.37.227.186 - - [16/Sep/2021:11:04:20 +0800] "POST /xingrg/kc/buy/cgsh_order_operate.html HTTP/1.1" 200 8245
58.37.227.186 - - [16/Sep/2021:11:04:20 +0800] "GET /xingrg/javascript/easyui/themes/default/validatebox.css HTTP/1.1" 404 1104
116.228.172.94 - - [16/Sep/2021:11:04:20 +0800] "GET /xingrg/kc/buy/cgsh_order_operate.html?command=get_materiel&rest_code=00153&code=00102010759&supplier_code=00100219&order_time=2021-09-16 HTTP/1.1" 200 412
222.70.246.151 - - [16/Sep/2021:11:04:20 +0800] "GET /xingrg/kc/buy/cgsh_order_operate.html?command=get_materiel&rest_code=00146&code=00101008089&supplier_code=00100005&order_time=2021-09-16 HTTP/1.1" 200 408
116.237.74.154 - - [16/Sep/2021:11:04:21 +0800] "GET /xingrg/all/function/internal_message.html?_=1631761461567&CODE_STATE=getMsg HTTP/1.1" 200 27
120.253.135.82 - - [16/Sep/2021:11:04:23 +0800] "GET /xingrg/all/function/internal_message.html?_=1631761237079&CODE_STATE=getMsg HTTP/1.1" 200 27
120.253.135.82 - - [16/Sep/2021:11:04:24 +0800] "GET /xingrg/kc/buy/cgsh_order_operate.html?command=get_materiel&rest_code=00101&code=00102002029&supplier_code=00100145&order_time=2021-09-16 HTTP/1.1" 200 435
116.238.248.233 - - [16/Sep/2021:11:04:27 +0800] "GET /xingrg/all/function/internal_message.html?_=1631761467856&CODE_STATE=getMsg HTTP/1.1" 200 27
116.237.74.154 - - [16/Sep/2021:11:04:27 +0800] "GET /xingrg/kc/buy/cgsh_order_operate.html?command=get_materiel&rest_code=00106&code=00101008168&supplier_code=00100007&order_time=2021-09-16 HTTP/1.1" 200 412
222.70.179.190 - - [16/Sep/2021:11:04:31 +0800] "GET /xingrg/all/function/internal_message.html?_=1631761463841&CODE_STATE=getMsg HTTP/1.1" 200 27
58.40.7.146 - - [16/Sep/2021:11:04:32 +0800] "GET /xingrg/all/function/internal_message.html?_=1631761473253&CODE_STATE=getMsg HTTP/1.1" 200 27
116.238.168.124 - - [16/Sep/2021:11:04:32 +0800] "GET /xingrg/all/function/internal_message.html?_=1631761451543&CODE_STATE=getMsg HTTP/1.1" 200 27
58.37.227.186 - - [16/Sep/2021:11:04:33 +0800] "GET /xingrg/kc/buy/cgsh_order_operate.html?command=get_materiel&rest_code=00141&code=00101028020&supplier_code=00100017&order_time=2021-09-16 HTTP/1.1" 200 451
180.162.111.5 - - [16/Sep/2021:11:04:33 +0800] "GET /xingrg/all/function/internal_message.html?_=1631761033809&CODE_STATE=getMsg HTTP/1.1" 200 27
180.162.111.5 - - [16/Sep/2021:11:04:33 +0800] "GET /xingrg/check_reg.html?_=1631761033807 HTTP/1.1" 200 22
180.169.147.146 - - [16/Sep/2021:11:04:34 +0800] "POST /xingrg/kc/buy/cgsh_list_operate.html HTTP/1.1" 200 3032
116.237.74.154 - - [16/Sep/2021:11:04:35 +0800] "GET /xingrg/kc/buy/cgsh_order_operate.html?command=get_materiel&rest_code=00106&code=00101008027&supplier_code=00100007&order_time=2021-09-16 HTTP/1.1" 200 408
116.237.74.154 - - [16/Sep/2021:11:04:36 +0800] "GET /xingrg/kc/buy/cgsh_order_add.html HTTP/1.1" 200 63482
116.237.74.154 - - [16/Sep/2021:11:04:36 +0800] "POST /xingrg/kc/buy/cgsh_order_operate.html HTTP/1.1" 200 8245
116.237.74.154 - - [16/Sep/2021:11:04:36 +0800] "GET /xingrg/javascript/easyui/themes/default/validatebox.css HTTP/1.1" 404 1104
180.169.147.146 - - [16/Sep/2021:11:04:37 +0800] "POST /xingrg/kc/buy/cgsh_list_operate.html HTTP/1.1" 200 278
116.237.74.154 - - [16/Sep/2021:11:04:38 +0800] "GET /xingrg/javascript/easyui/themes/default/tree.css HTTP/1.1" 404 1090
116.237.74.154 - - [16/Sep/2021:11:04:39 +0800] "POST /xingrg/all/common/load_tree.html?tree=supplier_tree_json&isDelete=1 HTTP/1.1" 200 57803
222.70.246.151 - - [16/Sep/2021:11:04:39 +0800] "GET /xingrg/all/function/internal_message.html?_=1631761493291&CODE_STATE=getMsg HTTP/1.1" 200 27
180.169.147.146 - - [16/Sep/2021:11:04:40 +0800] "GET /xingrg/kc/buy/cgsh_order_info.html?code=212021091606784 HTTP/1.1" 200 58650
180.169.147.146 - - [16/Sep/2021:11:04:40 +0800] "GET /xingrg/words/20210916094642_words.js HTTP/1.1" 200 848010
58.37.227.186 - - [16/Sep/2021:11:04:40 +0800] "POST /xingrg/kc/buy/cgsh_order_operate.html HTTP/1.1" 200 37
180.169.147.146 - - [16/Sep/2021:11:04:40 +0800] "GET /xingrg/javascript/easyui/themes/default/validatebox.css HTTP/1.1" 404 1104
58.40.7.146 - - [16/Sep/2021:11:04:40 +0800] "GET /xingrg/all/function/internal_message.html?_=1631761481338&CODE_STATE=getMsg HTTP/1.1" 302 -
180.169.147.146 - - [16/Sep/2021:11:04:41 +0800] "POST /xingrg/kc/buy/cgsh_order_operate.html HTTP/1.1" 200 1207
114.85.125.222 - - [16/Sep/2021:11:04:41 +0800] "POST /xingrg/services/DataTransmitService HTTP/1.1" 200 524
114.85.125.222 - - [16/Sep/2021:11:04:41 +0800] "POST /xingrg/services/DataTransmitService HTTP/1.1" 200 501
116.237.74.154 - - [16/Sep/2021:11:04:41 +0800] "GET /xingrg/all/function/internal_message.html?_=1631761479896&CODE_STATE=getMsg HTTP/1.1" 200 27
116.228.172.94 - - [16/Sep/2021:11:04:43 +0800] "GET /xingrg/kc/buy/cgsh_order_operate.html?command=get_materiel&rest_code=00153&code=00102010718&supplier_code=00100219&order_time=2021-09-16 HTTP/1.1" 200 408
58.37.227.186 - - [16/Sep/2021:11:04:43 +0800] "POST /xingrg/kc/buy/cgsh_order_operate.html HTTP/1.1" 200 12
58.37.227.186 - - [16/Sep/2021:11:04:44 +0800] "GET /xingrg/kc/buy/cgsh_order_info.html?code=212021091606788 HTTP/1.1" 200 58395
58.37.227.186 - - [16/Sep/2021:11:04:45 +0800] "GET /xingrg/javascript/easyui/themes/default/validatebox.css HTTP/1.1" 404 1104
180.169.147.146 - - [16/Sep/2021:11:04:45 +0800] "GET /xingrg/all/function/internal_message.html?_=1631761521244&CODE_STATE=getMsg HTTP/1.1" 200 27
180.169.147.146 - - [16/Sep/2021:11:04:49 +0800] "GET /xingrg/all/function/internal_message.html?_=1631761491939&CODE_STATE=getMsg HTTP/1.1" 200 27
58.37.227.186 - - [16/Sep/2021:11:04:50 +0800] "POST /xingrg/kc/buy/cgsh_order_operate.html HTTP/1.1" 200 15
116.237.74.154 - - [16/Sep/2021:11:04:50 +0800] "POST /xingrg/kc/buy/cgsh_order_operate.html HTTP/1.1" 200 37
116.230.105.26 - - [16/Sep/2021:11:04:51 +0800] "GET /xingrg/all/function/internal_message.html?_=1631761480504&CODE_STATE=getMsg HTTP/1.1" 200 27
116.230.105.26 - - [16/Sep/2021:11:04:51 +0800] "GET /xingrg/check_reg.html?_=1631761480505 HTTP/1.1" 200 22
180.169.147.146 - - [16/Sep/2021:11:04:51 +0800] "POST /xingrg/kc/buy/cgsh_order_operate.html HTTP/1.1" 200 12
116.237.74.154 - - [16/Sep/2021:11:04:52 +0800] "POST /xingrg/kc/buy/cgsh_order_operate.html HTTP/1.1" 200 29252
114.86.227.68 - - [16/Sep/2021:11:04:52 +0800] "GET /xingrg/all/function/internal_message.html?_=1631761493489&CODE_STATE=getMsg HTTP/1.1" 200 27
114.86.227.68 - - [16/Sep/2021:11:04:52 +0800] "GET /xingrg/check_reg.html?_=1631761493490 HTTP/1.1" 200 22
58.37.227.186 - - [16/Sep/2021:11:04:52 +0800] "GET /xingrg/kc/print/load_data.html?order_code=212021091606788&kc_code=cgsh&condition= HTTP/1.1" 200 798
180.169.147.146 - - [16/Sep/2021:11:04:52 +0800] "GET /xingrg/kc/buy/cgsh_order_info.html?code=212021091606784 HTTP/1.1" 200 63493
180.169.147.146 - - [16/Sep/2021:11:04:53 +0800] "GET /xingrg/all/common/auto_word.html?type=employee&rest_code=00106 HTTP/1.1" 200 205
180.169.147.146 - - [16/Sep/2021:11:04:53 +0800] "GET /xingrg/javascript/easyui/themes/default/validatebox.css HTTP/1.1" 404 1104
180.169.147.146 - - [16/Sep/2021:11:04:53 +0800] "GET /xingrg/all/common/auto_word.html?type=employee&rest_code=00106 HTTP/1.1" 200 205
180.169.147.146 - - [16/Sep/2021:11:04:53 +0800] "POST /xingrg/kc/buy/cgsh_order_operate.html HTTP/1.1" 200 3257
116.228.172.94 - - [16/Sep/2021:11:04:55 +0800] "GET /xingrg/kc/buy/cgsh_order_operate.html?command=get_materiel&rest_code=00153&code=00102010441&supplier_code=00100219&order_time=2021-09-16 HTTP/1.1" 200 416
101.83.145.79 - - [16/Sep/2021:11:04:56 +0800] "GET /xingrg/all/function/internal_message.html?_=1631761497786&CODE_STATE=getMsg HTTP/1.1" 200 27
180.169.147.146 - - [16/Sep/2021:11:04:56 +0800] "GET /xingrg/all/function/internal_message.html?_=1631761500080&CODE_STATE=getMsg HTTP/1.1" 200 27
101.83.145.79 - - [16/Sep/2021:11:04:59 +0800] "GET /xingrg/all/function/internal_message.html?_=1631761447929&CODE_STATE=getMsg HTTP/1.1" 200 27
116.238.168.124 - - [16/Sep/2021:11:05:02 +0800] "GET /xingrg/check_reg.html?_=1631761481542 HTTP/1.1" 200 22
120.253.135.82 - - [16/Sep/2021:11:05:02 +0800] "POST /xingrg/kc/buy/cgsh_order_operate.html HTTP/1.1" 200 37
116.237.74.154 - - [16/Sep/2021:11:05:02 +0800] "GET /xingrg/kc/buy/cgsh_order_operate.html?command=get_materiel&rest_code=00106&code=00101008349&supplier_code=00100007&order_time=2021-09-16 HTTP/1.1" 200 23
180.169.147.146 - - [16/Sep/2021:11:05:03 +0800] "GET /xingrg/all/function/internal_message.html?_=1631761505575&CODE_STATE=getMsg HTTP/1.1" 302 -
116.237.74.154 - - [16/Sep/2021:11:05:03 +0800] "GET /xingrg/kc/buy/cgsh_order_operate.html?command=get_materiel&rest_code=00106&code=00101003035&supplier_code=00100092&order_time=2021-09-16 HTTP/1.1" 200 409
120.253.135.82 - - [16/Sep/2021:11:05:04 +0800] "POST /xingrg/kc/buy/cgsh_order_operate.html HTTP/1.1" 200 10688
58.37.227.186 - - [16/Sep/2021:11:05:08 +0800] "GET /xingrg/all/function/internal_message.html?_=1631761379180&CODE_STATE=getMsg HTTP/1.1" 200 27
114.83.223.205 - - [16/Sep/2021:11:05:09 +0800] "GET /xingrg/all/function/internal_message.html?_=1631761509638&CODE_STATE=getMsg HTTP/1.1" 200 27
116.237.74.154 - - [16/Sep/2021:11:05:10 +0800] "GET /xingrg/login.html HTTP/1.1" 200 7641
58.40.7.146 - - [16/Sep/2021:11:05:12 +0800] "GET /xingrg/all/function/internal_message.html?_=1631761512734&CODE_STATE=getMsg HTTP/1.1" 200 27
116.237.74.154 - - [16/Sep/2021:11:05:12 +0800] "GET /favicon.ico HTTP/1.1" 404 -
180.157.251.224 - - [16/Sep/2021:11:05:13 +0800] "GET /xingrg/all/function/internal_message.html?_=1631761515423&CODE_STATE=getMsg HTTP/1.1" 200 27
116.228.172.94 - - [16/Sep/2021:11:05:14 +0800] "GET /xingrg/all/function/internal_message.html?_=1631761527959&CODE_STATE=getMsg HTTP/1.1" 200 27
116.237.74.154 - - [16/Sep/2021:11:05:21 +0800] "GET /xingrg/all/function/internal_message.html?_=1631761521553&CODE_STATE=getMsg HTTP/1.1" 200 27
116.228.172.94 - - [16/Sep/2021:11:05:21 +0800] "POST /xingrg/kc/buy/cgsh_order_operate.html HTTP/1.1" 200 37
116.237.74.154 - - [16/Sep/2021:11:05:22 +0800] "GET /xingrg/kc/buy/cgsh_order_operate.html?command=get_materiel&rest_code=00106&code=00101003033&supplier_code=00100092&order_time=2021-09-16 HTTP/1.1" 200 424
116.228.172.94 - - [16/Sep/2021:11:05:23 +0800] "POST /xingrg/kc/buy/cgsh_order_operate.html HTTP/1.1" 200 3846
120.253.135.82 - - [16/Sep/2021:11:05:23 +0800] "GET /xingrg/all/function/internal_message.html?_=1631761297093&CODE_STATE=getMsg HTTP/1.1" 200 27
116.237.74.154 - - [16/Sep/2021:11:05:25 +0800] "POST /xingrg/login.do HTTP/1.1" 302 -
116.228.172.94 - - [16/Sep/2021:11:05:25 +0800] "POST /xingrg/kc/buy/cgsh_list_operate.html HTTP/1.1" 200 567
116.237.74.154 - - [16/Sep/2021:11:05:25 +0800] "GET /xingrg/index.html?sysBaseUrl=http%3A%2F%2F180.169.147.146%3A18081%2Fxingrg%2F&costTime=67×tamp=1631761525124 HTTP/1.1" 200 17173
222.70.246.151 - - [16/Sep/2021:11:05:26 +0800] "POST /xingrg/kc/buy/cgsh_order_operate.html HTTP/1.1" 200 37
116.228.172.94 - - [16/Sep/2021:11:05:27 +0800] "GET /xingrg/kc/buy/cgsh_order_info.html?code=212021091606779 HTTP/1.1" 200 62534
116.237.74.154 - - [16/Sep/2021:11:05:27 +0800] "POST /xingrg/all/common/load_tree.html?tree=area_rest_tree_json&manage=1 HTTP/1.1" 200 342
116.228.172.94 - - [16/Sep/2021:11:05:27 +0800] "GET /xingrg/words/20210916094642_words.js HTTP/1.1" 304 -
116.228.172.94 - - [16/Sep/2021:11:05:27 +0800] "GET /xingrg/javascript/easyui/themes/default/validatebox.css HTTP/1.1" 404 1104
116.237.74.154 - - [16/Sep/2021:11:05:27 +0800] "GET /xingrg/all/function/internal_message.html?_=1631761525728&CODE_STATE=count HTTP/1.1" 200 11
116.237.74.154 - - [16/Sep/2021:11:05:27 +0800] "GET /xingrg/check_reg.html?_=1631761525729 HTTP/1.1" 200 22
116.238.248.233 - - [16/Sep/2021:11:05:27 +0800] "GET /xingrg/all/function/internal_message.html?_=1631761527866&CODE_STATE=getMsg HTTP/1.1" 200 27
116.237.74.154 - - [16/Sep/2021:11:05:27 +0800] "POST /xingrg/load_menu.html HTTP/1.1" 200 5138
116.228.172.94 - - [16/Sep/2021:11:05:28 +0800] "POST /xingrg/kc/buy/cgsh_order_operate.html HTTP/1.1" 200 6225
116.237.74.154 - - [16/Sep/2021:11:05:28 +0800] "GET /favicon.ico HTTP/1.1" 404 -
116.228.172.94 - - [16/Sep/2021:11:05:29 +0800] "POST /xingrg/kc/buy/cgsh_list_operate.html HTTP/1.1" 200 2011
222.70.246.151 - - [16/Sep/2021:11:05:31 +0800] "POST /xingrg/kc/buy/cgsh_order_operate.html HTTP/1.1" 200 45782
222.70.179.190 - - [16/Sep/2021:11:05:31 +0800] "GET /xingrg/check_reg.html?_=1631761523841 HTTP/1.1" 200 22
222.70.179.190 - - [16/Sep/2021:11:05:31 +0800] "GET /xingrg/all/function/internal_message.html?_=1631761523843&CODE_STATE=getMsg HTTP/1.1" 200 27
116.237.74.154 - - [16/Sep/2021:11:05:31 +0800] "GET /xingrg/kc/buy/buy_main.html HTTP/1.1" 200 12412
116.237.74.154 - - [16/Sep/2021:11:05:31 +0800] "GET /xingrg/css/new_ie.css HTTP/1.1" 404 1036
116.238.168.124 - - [16/Sep/2021:11:05:32 +0800] "GET /xingrg/all/function/internal_message.html?_=1631761511557&CODE_STATE=getMsg HTTP/1.1" 200 27
116.237.74.154 - - [16/Sep/2021:11:05:33 +0800] "GET /xingrg/images/yd/bt.gif HTTP/1.1" 404 1040
116.237.74.154 - - [16/Sep/2021:11:05:33 +0800] "GET /xingrg/kc/buy/cgsh_order_list.html HTTP/1.1" 200 47744
58.40.7.146 - - [16/Sep/2021:11:05:33 +0800] "GET /xingrg/all/function/internal_message.html?_=1631761534259&CODE_STATE=getMsg HTTP/1.1" 200 27
180.162.111.5 - - [16/Sep/2021:11:05:33 +0800] "GET /xingrg/all/function/internal_message.html?_=1631761093809&CODE_STATE=getMsg HTTP/1.1" 200 27
116.228.172.94 - - [16/Sep/2021:11:05:34 +0800] "GET /xingrg/kc/buy/cgsh_order_operate.html?command=get_materiel&rest_code=00153&code=00102016427&supplier_code=00100224&order_time=2021-09-16 HTTP/1.1" 200 408
222.70.246.151 - - [16/Sep/2021:11:05:34 +0800] "GET /xingrg/kc/print/load_config.html?kc_code=cgsh HTTP/1.1" 200 2076
222.70.246.151 - - [16/Sep/2021:11:05:34 +0800] "GET /xingrg/kc/print/load_data.html?order_code=212021091606790&kc_code=cgsh&condition= HTTP/1.1" 200 16985
116.237.74.154 - - [16/Sep/2021:11:05:36 +0800] "POST /xingrg/kc/buy/cgsh_list_operate.html HTTP/1.1" 200 2431
116.237.74.154 - - [16/Sep/2021:11:05:38 +0800] "POST /xingrg/kc/buy/cgsh_list_operate.html HTTP/1.1" 200 563
222.70.246.151 - - [16/Sep/2021:11:05:38 +0800] "GET /xingrg/check_reg.html?_=1631761552664 HTTP/1.1" 200 22
116.237.74.154 - - [16/Sep/2021:11:05:38 +0800] "GET /xingrg/kc/buy/cgsh_order_info.html?code=212021091606760 HTTP/1.1" 200 63497
116.237.74.154 - - [16/Sep/2021:11:05:38 +0800] "GET /xingrg/words/20210916094642_words.js HTTP/1.1" 304 -
222.70.246.151 - - [16/Sep/2021:11:05:39 +0800] "GET /xingrg/all/function/internal_message.html?_=1631761553304&CODE_STATE=getMsg HTTP/1.1" 200 27
116.237.74.154 - - [16/Sep/2021:11:05:39 +0800] "GET /xingrg/all/common/auto_word.html?type=employee&rest_code=00106 HTTP/1.1" 200 205
116.237.74.154 - - [16/Sep/2021:11:05:39 +0800] "GET /xingrg/all/common/auto_word.html?type=employee&rest_code=00106 HTTP/1.1" 200 205
116.237.74.154 - - [16/Sep/2021:11:05:39 +0800] "GET /xingrg/javascript/easyui/themes/default/validatebox.css HTTP/1.1" 404 1104
116.237.74.154 - - [16/Sep/2021:11:05:39 +0800] "POST /xingrg/kc/buy/cgsh_order_operate.html HTTP/1.1" 200 37
116.237.74.154 - - [16/Sep/2021:11:05:39 +0800] "POST /xingrg/kc/buy/cgsh_order_operate.html HTTP/1.1" 200 29252
58.40.7.146 - - [16/Sep/2021:11:05:40 +0800] "GET /xingrg/all/function/internal_message.html?_=1631761541340&CODE_STATE=getMsg HTTP/1.1" 302 -
116.237.74.154 - - [16/Sep/2021:11:05:41 +0800] "POST /xingrg/kc/buy/cgsh_order_operate.html HTTP/1.1" 200 3266
116.237.74.154 - - [16/Sep/2021:11:05:43 +0800] "GET /xingrg/kc/buy/buy_main.html HTTP/1.1" 200 12412
116.237.74.154 - - [16/Sep/2021:11:05:43 +0800] "GET /xingrg/css/new_ie.css HTTP/1.1" 404 1036
116.237.74.154 - - [16/Sep/2021:11:05:44 +0800] "GET /xingrg/images/yd/bt.gif HTTP/1.1" 404 1040
116.237.74.154 - - [16/Sep/2021:11:05:44 +0800] "GET /xingrg/javascript/auto/indicator.gif HTTP/1.1" 404 1066
116.237.74.154 - - [16/Sep/2021:11:05:44 +0800] "GET /xingrg/kc/buy/cgsh_order_list.html HTTP/1.1" 200 47744
180.169.147.146 - - [16/Sep/2021:11:05:45 +0800] "GET /xingrg/all/function/internal_message.html?_=1631761581251&CODE_STATE=getMsg HTTP/1.1" 200 27
116.237.74.154 - - [16/Sep/2021:11:05:46 +0800] "POST /xingrg/kc/buy/cgsh_list_operate.html HTTP/1.1" 200 2796
116.238.248.233 - - [16/Sep/2021:11:05:47 +0800] "GET /xingrg/kc/buy/cgsh_order_add.html HTTP/1.1" 200 63406
116.238.248.233 - - [16/Sep/2021:11:05:47 +0800] "GET /xingrg/words/20210916094642_words.js HTTP/1.1" 304 -
116.238.248.233 - - [16/Sep/2021:11:05:48 +0800] "POST /xingrg/kc/buy/cgsh_order_operate.html HTTP/1.1" 200 8245
116.237.74.154 - - [16/Sep/2021:11:05:48 +0800] "GET /xingrg/kc/buy/cgsh_order_operate.html?command=get_materiel&rest_code=00106&code=00101008349&supplier_code=00100007&order_time=2021-09-16 HTTP/1.1" 200 412
116.238.248.233 - - [16/Sep/2021:11:05:48 +0800] "GET /xingrg/javascript/easyui/themes/default/validatebox.css HTTP/1.1" 404 1104
58.37.227.186 - - [16/Sep/2021:11:05:48 +0800] "GET /xingrg/kc/buy/cgsh_order_add.html HTTP/1.1" 200 63488
58.37.227.186 - - [16/Sep/2021:11:05:48 +0800] "POST /xingrg/kc/buy/cgsh_order_operate.html HTTP/1.1" 200 8245
58.37.227.186 - - [16/Sep/2021:11:05:48 +0800] "GET /xingrg/javascript/easyui/themes/default/validatebox.css HTTP/1.1" 404 1104
180.169.147.146 - - [16/Sep/2021:11:05:49 +0800] "GET /xingrg/all/function/internal_message.html?_=1631761551929&CODE_STATE=getMsg HTTP/1.1" 200 27
116.238.168.124 - - [16/Sep/2021:11:05:50 +0800] "GET /xingrg/kc/base/wldb_order_add.html HTTP/1.1" 200 30434
116.230.105.26 - - [16/Sep/2021:11:05:51 +0800] "GET /xingrg/all/function/internal_message.html?_=1631761540513&CODE_STATE=getMsg HTTP/1.1" 200 27
116.238.168.124 - - [16/Sep/2021:11:05:51 +0800] "POST /xingrg/kc/base/wldb_order_operate.html HTTP/1.1" 200 6806
116.237.74.154 - - [16/Sep/2021:11:05:51 +0800] "POST /xingrg/kc/buy/cgsh_list_operate.html HTTP/1.1" 200 278
114.86.227.68 - - [16/Sep/2021:11:05:52 +0800] "GET /xingrg/all/function/internal_message.html?_=1631761553490&CODE_STATE=getMsg HTTP/1.1" 200 27
116.238.168.124 - - [16/Sep/2021:11:05:52 +0800] "GET /xingrg/javascript/easyui/themes/default/validatebox.css HTTP/1.1" 404 1104
116.238.168.124 - - [16/Sep/2021:11:05:53 +0800] "POST /xingrg/all/common/load_combo.html?type=base HTTP/1.1" 200 3060
101.83.145.79 - - [16/Sep/2021:11:05:56 +0800] "GET /xingrg/all/function/internal_message.html?_=1631761557755&CODE_STATE=getMsg HTTP/1.1" 200 27
180.169.147.146 - - [16/Sep/2021:11:05:56 +0800] "GET /xingrg/all/function/internal_message.html?_=1631761560078&CODE_STATE=getMsg HTTP/1.1" 200 27
180.169.147.146 - - [16/Sep/2021:11:05:56 +0800] "GET /xingrg/check_reg.html?_=1631761560083 HTTP/1.1" 200 22
116.237.74.154 - - [16/Sep/2021:11:05:58 +0800] "GET /xingrg/kc/buy/cgsh_order_info.html?code=212021091606784 HTTP/1.1" 200 63493
116.238.168.124 - - [16/Sep/2021:11:05:58 +0800] "POST /xingrg/all/common/load_combo.html?type=base HTTP/1.1" 200 3060
116.237.74.154 - - [16/Sep/2021:11:05:58 +0800] "GET /xingrg/javascript/easyui/themes/default/validatebox.css HTTP/1.1" 404 1104
116.237.74.154 - - [16/Sep/2021:11:05:58 +0800] "POST /xingrg/kc/buy/cgsh_order_operate.html HTTP/1.1" 200 3257
116.237.74.154 - - [16/Sep/2021:11:05:59 +0800] "GET /xingrg/kc/buy/cgsh_order_operate.html?command=get_materiel&rest_code=00106&code=00101008186&supplier_code=00100007&order_time=2021-09-16 HTTP/1.1" 200 408
101.83.145.79 - - [16/Sep/2021:11:05:59 +0800] "GET /xingrg/all/function/internal_message.html?_=1631761507930&CODE_STATE=getMsg HTTP/1.1" 200 27
58.37.227.186 - - [16/Sep/2021:11:06:00 +0800] "GET /xingrg/kc/base/base_main.html HTTP/1.1" 200 12142
58.37.227.186 - - [16/Sep/2021:11:06:03 +0800] "POST /xingrg/kc/buy/cgsh_list_operate.html HTTP/1.1" 200 876
180.169.147.146 - - [16/Sep/2021:11:06:03 +0800] "GET /xingrg/all/function/internal_message.html?_=1631761565576&CODE_STATE=getMsg HTTP/1.1" 302 -
116.238.168.124 - - [16/Sep/2021:11:06:05 +0800] "GET /xingrg/kc/base/wldb_order_operate.html?command=get_materiel&rest_code=00102&base_code=0010477&code=00102002497 HTTP/1.1" 200 441
116.237.74.154 - - [16/Sep/2021:11:06:07 +0800] "GET /xingrg/kc/buy/cgsh_order_operate.html?command=get_materiel&rest_code=00106&code=00101008096&supplier_code=00100007&order_time=2021-09-16 HTTP/1.1" 200 412
58.37.227.186 - - [16/Sep/2021:11:06:08 +0800] "GET /xingrg/all/function/internal_message.html?_=1631761439174&CODE_STATE=getMsg HTTP/1.1" 200 27
114.83.223.205 - - [16/Sep/2021:11:06:09 +0800] "GET /xingrg/all/function/internal_message.html?_=1631761569621&CODE_STATE=getMsg HTTP/1.1" 200 27
58.40.7.146 - - [16/Sep/2021:11:06:12 +0800] "GET /xingrg/all/function/internal_message.html?_=1631761572737&CODE_STATE=getMsg HTTP/1.1" 200 27
116.228.172.94 - - [16/Sep/2021:11:06:13 +0800] "GET /xingrg/kc/buy/cgsh_order_operate.html?command=get_materiel&rest_code=00153&code=00102009181&supplier_code=00100224&order_time=2021-09-16 HTTP/1.1" 200 412
58.37.227.186 - - [16/Sep/2021:11:06:13 +0800] "POST /xingrg/kc/buy/cgsh_list_operate.html HTTP/1.1" 200 4059
180.157.251.224 - - [16/Sep/2021:11:06:13 +0800] "GET /xingrg/all/function/internal_message.html?_=1631761575422&CODE_STATE=getMsg HTTP/1.1" 200 27
180.157.251.224 - - [16/Sep/2021:11:06:13 +0800] "GET /xingrg/check_reg.html?_=1631761575424 HTTP/1.1" 200 22
116.238.168.124 - - [16/Sep/2021:11:06:13 +0800] "GET /xingrg/kc/base/wldb_order_operate.html?command=get_materiel&rest_code=00102&base_code=0010477&code=00102002204 HTTP/1.1" 200 434
116.228.172.94 - - [16/Sep/2021:11:06:14 +0800] "GET /xingrg/check_reg.html?_=1631761587247 HTTP/1.1" 200 22
116.237.74.154 - - [16/Sep/2021:11:06:14 +0800] "GET /xingrg/kc/buy/cgsh_order_operate.html?command=get_materiel&rest_code=00106&code=00101008038&supplier_code=00100007&order_time=2021-09-16 HTTP/1.1" 200 412
116.228.172.94 - - [16/Sep/2021:11:06:14 +0800] "GET /xingrg/all/function/internal_message.html?_=1631761587936&CODE_STATE=getMsg HTTP/1.1" 200 27
116.238.248.233 - - [16/Sep/2021:11:06:17 +0800] "GET /xingrg/kc/buy/cgsh_order_operate.html?command=get_materiel&rest_code=00150&code=00101001168&supplier_code=00100313&order_time=2021-09-16 HTTP/1.1" 200 414
120.253.135.82 - - [16/Sep/2021:11:06:17 +0800] "POST /xingrg/kc/buy/cgsh_order_operate.html HTTP/1.1" 200 37
116.237.74.154 - - [16/Sep/2021:11:06:18 +0800] "POST /xingrg/kc/buy/cgsh_order_operate.html HTTP/1.1" 200 2065
120.253.135.82 - - [16/Sep/2021:11:06:18 +0800] "POST /xingrg/kc/buy/cgsh_order_operate.html HTTP/1.1" 200 10688
120.253.135.82 - - [16/Sep/2021:11:06:20 +0800] "GET /xingrg/kc/print/load_config.html?kc_code=cgsh HTTP/1.1" 200 2076
120.253.135.82 - - [16/Sep/2021:11:06:20 +0800] "GET /xingrg/kc/print/load_data.html?order_code=212021091606766&kc_code=cgsh&condition= HTTP/1.1" 200 4012
58.37.227.186 - - [16/Sep/2021:11:06:21 +0800] "POST /xingrg/kc/buy/cgsh_list_operate.html HTTP/1.1" 200 214
116.237.74.154 - - [16/Sep/2021:11:06:21 +0800] "GET /xingrg/all/function/internal_message.html?_=1631761581536&CODE_STATE=getMsg HTTP/1.1" 200 27
116.238.168.124 - - [16/Sep/2021:11:06:21 +0800] "POST /xingrg/kc/base/wldb_order_operate.html HTTP/1.1" 200 37
58.37.227.186 - - [16/Sep/2021:11:06:22 +0800] "GET /xingrg/kc/buy/cgsh_order_info.html?code=212021091606788 HTTP/1.1" 200 58395
58.37.227.186 - - [16/Sep/2021:11:06:22 +0800] "GET /xingrg/javascript/easyui/themes/default/validatebox.css HTTP/1.1" 404 1104
116.237.74.154 - - [16/Sep/2021:11:06:23 +0800] "GET /xingrg/kc/buy/cgsh_order_operate.html?command=get_materiel&rest_code=00106&code=00101008224&supplier_code=00100007&order_time=2021-09-16 HTTP/1.1" 200 416
58.37.227.186 - - [16/Sep/2021:11:06:23 +0800] "POST /xingrg/kc/buy/cgsh_order_operate.html HTTP/1.1" 200 641
120.253.135.82 - - [16/Sep/2021:11:06:23 +0800] "GET /xingrg/all/function/internal_message.html?_=1631761357106&CODE_STATE=getMsg HTTP/1.1" 200 27
116.238.168.124 - - [16/Sep/2021:11:06:23 +0800] "POST /xingrg/kc/base/wldb_order_operate.html HTTP/1.1" 200 12
116.238.168.124 - - [16/Sep/2021:11:06:24 +0800] "POST /xingrg/kc/base/wldb_order_operate.html HTTP/1.1" 200 2672
116.238.168.124 - - [16/Sep/2021:11:06:24 +0800] "GET /xingrg/kc/base/wldb_order_info.html?code=422021091601697 HTTP/1.1" 200 26310
116.238.168.124 - - [16/Sep/2021:11:06:27 +0800] "POST /xingrg/kc/base/wldb_order_operate.html HTTP/1.1" 200 955
116.238.168.124 - - [16/Sep/2021:11:06:27 +0800] "GET /xingrg/javascript/easyui/themes/default/validatebox.css HTTP/1.1" 404 1104
116.237.74.154 - - [16/Sep/2021:11:06:27 +0800] "GET /xingrg/all/function/internal_message.html?_=1631761585735&CODE_STATE=getMsg HTTP/1.1" 200 27
116.238.248.233 - - [16/Sep/2021:11:06:27 +0800] "GET /xingrg/check_reg.html?_=1631761587863 HTTP/1.1" 200 22
116.238.248.233 - - [16/Sep/2021:11:06:27 +0800] "GET /xingrg/all/function/internal_message.html?_=1631761587868&CODE_STATE=getMsg HTTP/1.1" 200 27
58.37.227.186 - - [16/Sep/2021:11:06:31 +0800] "GET /xingrg/kc/base/yddb_order_list.html HTTP/1.1" 200 16836
58.37.227.186 - - [16/Sep/2021:11:06:31 +0800] "POST /xingrg/kc/base/yddb_list_operate.html HTTP/1.1" 200 636
222.70.179.190 - - [16/Sep/2021:11:06:31 +0800] "GET /xingrg/all/function/internal_message.html?_=1631761583841&CODE_STATE=getMsg HTTP/1.1" 200 27
116.237.74.154 - - [16/Sep/2021:11:06:32 +0800] "GET /xingrg/kc/buy/cgsh_order_operate.html?command=get_materiel&rest_code=00106&code=00101008003&supplier_code=00100007&order_time=2021-09-16 HTTP/1.1" 200 408
116.238.168.124 - - [16/Sep/2021:11:06:32 +0800] "GET /xingrg/all/function/internal_message.html?_=1631761571571&CODE_STATE=getMsg HTTP/1.1" 200 27
58.37.227.186 - - [16/Sep/2021:11:06:33 +0800] "GET /xingrg/kc/base/yddb_order_add.html HTTP/1.1" 200 29837
58.37.227.186 - - [16/Sep/2021:11:06:33 +0800] "GET /xingrg/dwr/interface/AjaxComOrderService.js HTTP/1.1" 200 18264
58.37.227.186 - - [16/Sep/2021:11:06:33 +0800] "GET /xingrg/dwr/interface/AjaxYddbService.js HTTP/1.1" 200 13201
180.162.111.5 - - [16/Sep/2021:11:06:33 +0800] "GET /xingrg/all/function/internal_message.html?_=1631761153809&CODE_STATE=getMsg HTTP/1.1" 200 27
58.37.227.186 - - [16/Sep/2021:11:06:33 +0800] "GET /xingrg/dwr/engine.js HTTP/1.1" 200 43631
58.40.7.146 - - [16/Sep/2021:11:06:34 +0800] "GET /xingrg/all/function/internal_message.html?_=1631761595257&CODE_STATE=getMsg HTTP/1.1" 200 27
116.238.248.233 - - [16/Sep/2021:11:06:37 +0800] "GET /xingrg/kc/buy/cgsh_order_operate.html?command=get_materiel&rest_code=00150&code=00101001170&supplier_code=00100313&order_time=2021-09-16 HTTP/1.1" 200 416
58.37.227.186 - - [16/Sep/2021:11:06:37 +0800] "POST /xingrg/dwr/call/plaincall/AjaxYddbService.getRestBases.dwr HTTP/1.1" 200 1007
222.70.246.151 - - [16/Sep/2021:11:06:39 +0800] "GET /xingrg/all/function/internal_message.html?_=1631761613317&CODE_STATE=getMsg HTTP/1.1" 200 27
58.40.7.146 - - [16/Sep/2021:11:06:40 +0800] "GET /xingrg/all/function/internal_message.html?_=1631761601342&CODE_STATE=getMsg HTTP/1.1" 302 -
172.20.0.100 - - [16/Sep/2021:11:06:42 +0800] "GET /xingrg/check_reg.html?_=1631761602016 HTTP/1.1" 302 -
116.237.74.154 - - [16/Sep/2021:11:06:43 +0800] "POST /xingrg/kc/buy/cgsh_order_operate.html HTTP/1.1" 200 37
116.238.168.124 - - [16/Sep/2021:11:06:43 +0800] "GET /xingrg/kc/base/wldb_order_add.html HTTP/1.1" 200 30434
116.237.74.154 - - [16/Sep/2021:11:06:44 +0800] "GET /xingrg/kc/buy/cgsh_order_operate.html?command=get_materiel&rest_code=00106&code=00101008361&supplier_code=00100007&order_time=2021-09-16 HTTP/1.1" 200 408
58.37.227.186 - - [16/Sep/2021:11:06:44 +0800] "POST /xingrg/dwr/call/plaincall/AjaxYddbService.saveOrder.dwr HTTP/1.1" 200 78
180.169.147.146 - - [16/Sep/2021:11:06:45 +0800] "GET /xingrg/all/function/internal_message.html?_=1631761641254&CODE_STATE=getMsg HTTP/1.1" 200 27
116.238.168.124 - - [16/Sep/2021:11:06:45 +0800] "POST /xingrg/kc/base/wldb_order_operate.html HTTP/1.1" 200 6806
116.237.74.154 - - [16/Sep/2021:11:06:46 +0800] "POST /xingrg/kc/buy/cgsh_order_operate.html HTTP/1.1" 200 12
116.238.168.124 - - [16/Sep/2021:11:06:46 +0800] "GET /xingrg/javascript/easyui/themes/default/validatebox.css HTTP/1.1" 404 1104
