116.237.74.154 - - [16/Sep/2021:10:45:44 +0800] "GET /xingrg/kc/buy/cgsh_order_operate.html?command=get_materiel&rest_code=00106&code=00101008148&supplier_code=00100007&order_time=2021-09-16 HTTP/1.1" 200 416
120.253.135.82 - - [16/Sep/2021:10:45:44 +0800] "GET /xingrg/kc/pszx/mdps_order_list.html?orderType=0 HTTP/1.1" 200 21089
120.253.135.82 - - [16/Sep/2021:10:45:45 +0800] "GET /xingrg/javascript/easyui/themes/icons/uncheck_new.png HTTP/1.1" 304 -
120.253.135.82 - - [16/Sep/2021:10:45:45 +0800] "POST /xingrg/kc/pszx/mdps_list_operate.html HTTP/1.1" 200 5378
222.70.246.151 - - [16/Sep/2021:10:45:45 +0800] "POST /xingrg/kc/buy/cgsh_list_operate.html HTTP/1.1" 200 876
222.70.246.151 - - [16/Sep/2021:10:45:46 +0800] "GET /xingrg/kc/buy/cgsh_order_add.html HTTP/1.1" 200 63488
222.70.246.151 - - [16/Sep/2021:10:45:46 +0800] "GET /xingrg/javascript/jquery_tools/order_manager.js HTTP/1.1" 304 -
222.70.246.151 - - [16/Sep/2021:10:45:46 +0800] "GET /xingrg/javascript/json2.js HTTP/1.1" 304 -
222.70.246.151 - - [16/Sep/2021:10:45:46 +0800] "GET /xingrg/javascript/convert.js HTTP/1.1" 304 -
222.70.246.151 - - [16/Sep/2021:10:45:46 +0800] "GET /xingrg/words/20210916094642_words.js HTTP/1.1" 200 848010
222.70.246.151 - - [16/Sep/2021:10:45:46 +0800] "POST /xingrg/kc/buy/cgsh_order_operate.html HTTP/1.1" 200 8245
222.70.246.151 - - [16/Sep/2021:10:45:47 +0800] "GET /xingrg/all/common/auto_word.html?type=employee&rest_code=00146 HTTP/1.1" 200 101
222.70.246.151 - - [16/Sep/2021:10:45:47 +0800] "GET /xingrg/all/common/auto_word.html?type=employee&rest_code=00146 HTTP/1.1" 200 101
222.70.246.151 - - [16/Sep/2021:10:45:47 +0800] "GET /xingrg/javascript/easyui/themes/default/validatebox.css HTTP/1.1" 404 1104
222.70.246.151 - - [16/Sep/2021:10:45:47 +0800] "GET /xingrg/javascript/easyui/plugins/jquery.validatebox.js HTTP/1.1" 304 -
222.70.246.151 - - [16/Sep/2021:10:45:47 +0800] "GET /xingrg/javascript/easyui/plugins/jquery.numberbox.js HTTP/1.1" 304 -
120.253.135.82 - - [16/Sep/2021:10:45:47 +0800] "GET /xingrg/javascript/auto/indicator.gif HTTP/1.1" 404 1066
180.169.147.146 - - [16/Sep/2021:10:45:49 +0800] "GET /xingrg/all/function/internal_message.html?_=1631760351901&CODE_STATE=getMsg HTTP/1.1" 200 27
116.237.74.154 - - [16/Sep/2021:10:45:50 +0800] "GET /xingrg/kc/buy/cgsh_order_operate.html?command=get_materiel&rest_code=00106&code=00101008004&supplier_code=00100007&order_time=2021-09-16 HTTP/1.1" 200 416
116.230.105.26 - - [16/Sep/2021:10:45:51 +0800] "GET /xingrg/all/function/internal_message.html?_=1631760340513&CODE_STATE=getMsg HTTP/1.1" 200 27
101.83.145.79 - - [16/Sep/2021:10:45:53 +0800] "POST /xingrg/kc/buy/cgsh_order_operate.html HTTP/1.1" 200 37
101.83.145.79 - - [16/Sep/2021:10:45:54 +0800] "POST /xingrg/kc/base/wldb_order_operate.html HTTP/1.1" 200 37
101.83.145.79 - - [16/Sep/2021:10:45:55 +0800] "POST /xingrg/kc/base/wldb_order_operate.html HTTP/1.1" 200 2196
120.253.135.82 - - [16/Sep/2021:10:45:55 +0800] "POST /xingrg/kc/pszx/mdps_list_operate.html HTTP/1.1" 200 1692
101.83.145.79 - - [16/Sep/2021:10:45:55 +0800] "GET /xingrg/kc/base/wldb_order_info.html?code=422021091601687 HTTP/1.1" 200 30453
101.83.145.79 - - [16/Sep/2021:10:45:56 +0800] "GET /xingrg/words/20210916094642_words.js HTTP/1.1" 304 -
101.83.145.79 - - [16/Sep/2021:10:45:56 +0800] "GET /xingrg/javascript/easyui/themes/default/validatebox.css HTTP/1.1" 404 1104
222.70.246.151 - - [16/Sep/2021:10:45:56 +0800] "GET /xingrg/javascript/jquery_tools/images/next.gif HTTP/1.1" 404 1086
222.70.246.151 - - [16/Sep/2021:10:45:56 +0800] "GET /xingrg/javascript/jquery_tools/images/prev.gif HTTP/1.1" 404 1086
101.83.145.79 - - [16/Sep/2021:10:45:56 +0800] "POST /xingrg/kc/base/wldb_order_operate.html HTTP/1.1" 200 2196
180.169.147.146 - - [16/Sep/2021:10:45:56 +0800] "GET /xingrg/all/function/internal_message.html?_=1631760360076&CODE_STATE=getMsg HTTP/1.1" 200 27
180.169.147.146 - - [16/Sep/2021:10:45:56 +0800] "GET /xingrg/check_reg.html?_=1631760360078 HTTP/1.1" 200 22
120.253.135.82 - - [16/Sep/2021:10:45:57 +0800] "POST /xingrg/kc/pszx/mdps_list_operate.html HTTP/1.1" 200 632
101.83.145.79 - - [16/Sep/2021:10:45:59 +0800] "GET /xingrg/kc/base/wldb_order_add.html HTTP/1.1" 200 30438
101.83.145.79 - - [16/Sep/2021:10:45:59 +0800] "POST /xingrg/kc/buy/cgsh_order_operate.html HTTP/1.1" 200 2652
120.253.135.82 - - [16/Sep/2021:10:45:59 +0800] "GET /xingrg/kc/pszx/mdps_order_info.html?code=312021091600440 HTTP/1.1" 200 23931
116.237.74.154 - - [16/Sep/2021:10:45:59 +0800] "GET /xingrg/kc/buy/cgsh_order_operate.html?command=get_materiel&rest_code=00106&code=00101008264&supplier_code=00100007&order_time=2021-09-16 HTTP/1.1" 200 412
120.253.135.82 - - [16/Sep/2021:10:45:59 +0800] "GET /xingrg/javascript/json2.js HTTP/1.1" 304 -
120.253.135.82 - - [16/Sep/2021:10:45:59 +0800] "GET /xingrg/javascript/jquery_tools/order_manager.js HTTP/1.1" 304 -
120.253.135.82 - - [16/Sep/2021:10:45:59 +0800] "GET /xingrg/words/20210916094642_words.js HTTP/1.1" 304 -
120.253.135.82 - - [16/Sep/2021:10:45:59 +0800] "GET /xingrg/javascript/easyui/themes/icons/copy_new.png HTTP/1.1" 304 -
120.253.135.82 - - [16/Sep/2021:10:45:59 +0800] "GET /xingrg/javascript/easyui/themes/icons/print.png HTTP/1.1" 304 -
120.253.135.82 - - [16/Sep/2021:10:45:59 +0800] "GET /xingrg/javascript/easyui/themes/default/images/menu_downarrow.png HTTP/1.1" 304 -
120.253.135.82 - - [16/Sep/2021:10:45:59 +0800] "GET /xingrg/javascript/easyui/themes/icons/ok.png HTTP/1.1" 304 -
120.253.135.82 - - [16/Sep/2021:10:45:59 +0800] "GET /xingrg/javascript/easyui/themes/icons/cancel.png HTTP/1.1" 304 -
101.83.145.79 - - [16/Sep/2021:10:45:59 +0800] "GET /xingrg/javascript/easyui/themes/default/validatebox.css HTTP/1.1" 404 1104
101.83.145.79 - - [16/Sep/2021:10:45:59 +0800] "POST /xingrg/kc/base/wldb_order_operate.html HTTP/1.1" 200 6806
120.253.135.82 - - [16/Sep/2021:10:45:59 +0800] "GET /xingrg/all/common/auto_word.html?type=base&rest_code=00101 HTTP/1.1" 200 613
120.253.135.82 - - [16/Sep/2021:10:45:59 +0800] "GET /xingrg/javascript/easyui/themes/default/validatebox.css HTTP/1.1" 404 1104
120.253.135.82 - - [16/Sep/2021:10:45:59 +0800] "GET /xingrg/javascript/easyui/plugins/jquery.validatebox.js HTTP/1.1" 304 -
120.253.135.82 - - [16/Sep/2021:10:45:59 +0800] "POST /xingrg/kc/pszx/mdps_order_operate.html HTTP/1.1" 200 8357
120.253.135.82 - - [16/Sep/2021:10:45:59 +0800] "GET /xingrg/javascript/easyui/plugins/jquery.numberbox.js HTTP/1.1" 304 -
120.253.135.82 - - [16/Sep/2021:10:45:59 +0800] "GET /xingrg/javascript/easyui/themes/icons/edit_remove.png HTTP/1.1" 304 -
101.83.145.79 - - [16/Sep/2021:10:45:59 +0800] "GET /xingrg/all/function/internal_message.html?_=1631760307935&CODE_STATE=getMsg HTTP/1.1" 200 27
101.83.145.79 - - [16/Sep/2021:10:46:00 +0800] "GET /xingrg/kc/print/load_data.html?order_code=212021091606759&kc_code=cgsh&condition= HTTP/1.1" 200 663
101.83.145.79 - - [16/Sep/2021:10:46:01 +0800] "POST /xingrg/all/common/load_combo.html?type=base HTTP/1.1" 200 3236
120.253.135.82 - - [16/Sep/2021:10:46:02 +0800] "GET /xingrg/javascript/easyui/themes/default/images/button_plain_hover.png HTTP/1.1" 304 -
222.70.246.151 - - [16/Sep/2021:10:46:02 +0800] "GET /xingrg/javascript/auto/indicator.gif HTTP/1.1" 404 1066
180.169.147.146 - - [16/Sep/2021:10:46:03 +0800] "GET /xingrg/all/function/internal_message.html?_=1631760365579&CODE_STATE=getMsg HTTP/1.1" 302 -
101.83.145.79 - - [16/Sep/2021:10:46:03 +0800] "GET /xingrg/kc/buy/cgsh_order_add.html HTTP/1.1" 200 63529
101.83.145.79 - - [16/Sep/2021:10:46:03 +0800] "GET /xingrg/javascript/easyui/themes/default/validatebox.css HTTP/1.1" 404 1104
101.83.145.79 - - [16/Sep/2021:10:46:03 +0800] "POST /xingrg/kc/buy/cgsh_order_operate.html HTTP/1.1" 200 8245
120.253.135.82 - - [16/Sep/2021:10:46:05 +0800] "POST /xingrg/kc/pszx/mdps_order_operate.html HTTP/1.1" 200 37
116.237.74.154 - - [16/Sep/2021:10:46:05 +0800] "POST /xingrg/kc/buy/cgsh_order_operate.html HTTP/1.1" 200 37
120.253.135.82 - - [16/Sep/2021:10:46:07 +0800] "POST /xingrg/kc/pszx/mdps_order_operate.html HTTP/1.1" 200 12
116.237.74.154 - - [16/Sep/2021:10:46:07 +0800] "POST /xingrg/kc/buy/cgsh_order_operate.html HTTP/1.1" 200 6785
114.83.223.205 - - [16/Sep/2021:10:46:09 +0800] "GET /xingrg/all/function/internal_message.html?_=1631760369999&CODE_STATE=getMsg HTTP/1.1" 200 27
180.157.251.224 - - [16/Sep/2021:10:46:13 +0800] "GET /xingrg/all/function/internal_message.html?_=1631760375373&CODE_STATE=getMsg HTTP/1.1" 200 27
180.157.251.224 - - [16/Sep/2021:10:46:13 +0800] "GET /xingrg/check_reg.html?_=1631760375375 HTTP/1.1" 200 22
101.83.145.79 - - [16/Sep/2021:10:46:13 +0800] "GET /xingrg/kc/buy/cgsh_order_operate.html?command=get_materiel&rest_code=00105&code=00101003041&supplier_code=00100088&order_time=2021-09-16 HTTP/1.1" 200 414
116.228.172.94 - - [16/Sep/2021:10:46:14 +0800] "GET /xingrg/check_reg.html?_=1631760387349 HTTP/1.1" 200 22
116.228.172.94 - - [16/Sep/2021:10:46:14 +0800] "GET /xingrg/all/function/internal_message.html?_=1631760387994&CODE_STATE=getMsg HTTP/1.1" 200 27
120.253.135.82 - - [16/Sep/2021:10:46:15 +0800] "GET /xingrg/kc/pszx/mdps_order_info.html?code=312021091600440 HTTP/1.1" 200 19591
120.253.135.82 - - [16/Sep/2021:10:46:15 +0800] "POST /xingrg/kc/pszx/mdps_order_operate.html HTTP/1.1" 200 6507
120.253.135.82 - - [16/Sep/2021:10:46:15 +0800] "GET /xingrg/javascript/easyui/themes/default/validatebox.css HTTP/1.1" 404 1104
222.70.246.151 - - [16/Sep/2021:10:46:16 +0800] "GET /xingrg/kc/buy/cgsh_order_operate.html?command=get_materiel&rest_code=00146&code=00101008248&supplier_code=00100005&order_time=2021-09-16 HTTP/1.1" 200 412
120.253.135.82 - - [16/Sep/2021:10:46:18 +0800] "GET /xingrg/all/function/internal_message.html?_=1631760152341&CODE_STATE=getMsg HTTP/1.1" 200 27
101.83.145.79 - - [16/Sep/2021:10:46:24 +0800] "POST /xingrg/kc/buy/cgsh_order_operate.html HTTP/1.1" 200 37
116.238.248.233 - - [16/Sep/2021:10:46:27 +0800] "GET /xingrg/check_reg.html?_=1631760387835 HTTP/1.1" 200 22
116.238.248.233 - - [16/Sep/2021:10:46:27 +0800] "GET /xingrg/all/function/internal_message.html?_=1631760387839&CODE_STATE=getMsg HTTP/1.1" 200 27
101.85.93.96 - - [16/Sep/2021:10:46:28 +0800] "GET /xingrg/check_reg.html?_=1631760304582 HTTP/1.1" 200 22
101.85.93.96 - - [16/Sep/2021:10:46:28 +0800] "GET /xingrg/all/function/internal_message.html?_=1631760304579&CODE_STATE=getMsg HTTP/1.1" 200 27
116.238.168.124 - - [16/Sep/2021:10:46:28 +0800] "GET /xingrg/all/function/internal_message.html?_=1631760367524&CODE_STATE=getMsg HTTP/1.1" 200 27
101.83.145.79 - - [16/Sep/2021:10:46:29 +0800] "POST /xingrg/kc/buy/cgsh_order_operate.html HTTP/1.1" 200 2664
222.70.246.151 - - [16/Sep/2021:10:46:31 +0800] "GET /xingrg/kc/buy/cgsh_order_operate.html?command=get_materiel&rest_code=00146&code=00101008049&supplier_code=00100005&order_time=2021-09-16 HTTP/1.1" 200 408
58.40.7.146 - - [16/Sep/2021:10:46:31 +0800] "GET /xingrg/all/function/internal_message.html?_=1631760392243&CODE_STATE=getMsg HTTP/1.1" 200 27
222.70.179.190 - - [16/Sep/2021:10:46:31 +0800] "GET /xingrg/all/function/internal_message.html?_=1631760383814&CODE_STATE=getMsg HTTP/1.1" 200 27
101.83.145.79 - - [16/Sep/2021:10:46:32 +0800] "GET /xingrg/kc/print/load_data.html?order_code=212021091606761&kc_code=cgsh&condition= HTTP/1.1" 200 750
180.162.111.5 - - [16/Sep/2021:10:46:33 +0800] "GET /xingrg/all/function/internal_message.html?_=1631759953775&CODE_STATE=getMsg HTTP/1.1" 200 27
101.83.145.79 - - [16/Sep/2021:10:46:34 +0800] "GET /xingrg/kc/buy/cgsh_order_add.html HTTP/1.1" 200 63529
101.83.145.79 - - [16/Sep/2021:10:46:35 +0800] "GET /xingrg/javascript/easyui/themes/default/validatebox.css HTTP/1.1" 404 1104
101.83.145.79 - - [16/Sep/2021:10:46:35 +0800] "POST /xingrg/kc/buy/cgsh_order_operate.html HTTP/1.1" 200 8245
101.83.145.79 - - [16/Sep/2021:10:46:37 +0800] "GET /xingrg/kc/base/wldb_order_operate.html?command=get_materiel&rest_code=00105&base_code=0010507&code=00101019527 HTTP/1.1" 200 473
114.83.223.205 - - [16/Sep/2021:10:46:38 +0800] "POST /xingrg/dwr/call/plaincall/AjaxQqpsService.getMaterielByCode.dwr HTTP/1.1" 200 2727
222.70.246.151 - - [16/Sep/2021:10:46:38 +0800] "GET /xingrg/all/function/internal_message.html?_=1631760412656&CODE_STATE=getMsg HTTP/1.1" 200 27
58.40.7.146 - - [16/Sep/2021:10:46:40 +0800] "GET /xingrg/all/function/internal_message.html?_=1631760401329&CODE_STATE=getMsg HTTP/1.1" 302 -
114.83.223.205 - - [16/Sep/2021:10:46:40 +0800] "POST /xingrg/dwr/call/plaincall/AjaxQqpsService.saveMaterielItem.dwr HTTP/1.1" 200 78
116.237.74.154 - - [16/Sep/2021:10:46:42 +0800] "GET /xingrg/all/function/internal_message.html?_=1631760400288&CODE_STATE=getMsg HTTP/1.1" 200 27
116.237.74.154 - - [16/Sep/2021:10:46:42 +0800] "GET /xingrg/check_reg.html?_=1631760400484 HTTP/1.1" 200 22
172.20.0.100 - - [16/Sep/2021:10:46:42 +0800] "GET /xingrg/check_reg.html?_=1631760402133 HTTP/1.1" 302 -
114.83.223.205 - - [16/Sep/2021:10:46:43 +0800] "POST /xingrg/dwr/call/plaincall/AjaxQqpsService.getMaterielByCode.dwr HTTP/1.1" 200 2728
222.70.246.151 - - [16/Sep/2021:10:46:43 +0800] "GET /xingrg/kc/buy/cgsh_order_operate.html?command=get_materiel&rest_code=00146&code=00101008003&supplier_code=00100005&order_time=2021-09-16 HTTP/1.1" 200 408
101.83.145.79 - - [16/Sep/2021:10:46:45 +0800] "GET /xingrg/kc/buy/cgsh_order_operate.html?command=get_materiel&rest_code=00105&code=00101001037&supplier_code=00100094&order_time=2021-09-16 HTTP/1.1" 200 415
114.83.223.205 - - [16/Sep/2021:10:46:46 +0800] "POST /xingrg/dwr/call/plaincall/AjaxQqpsService.saveMaterielItem.dwr HTTP/1.1" 200 78
120.253.135.82 - - [16/Sep/2021:10:46:49 +0800] "GET /xingrg/kc/pszx/mdps_order_info.html?code=312021091600440 HTTP/1.1" 200 19591
180.169.147.146 - - [16/Sep/2021:10:46:49 +0800] "GET /xingrg/all/function/internal_message.html?_=1631760411905&CODE_STATE=getMsg HTTP/1.1" 200 27
120.253.135.82 - - [16/Sep/2021:10:46:49 +0800] "POST /xingrg/kc/pszx/mdps_order_operate.html HTTP/1.1" 200 6507
120.253.135.82 - - [16/Sep/2021:10:46:49 +0800] "GET /xingrg/javascript/easyui/themes/default/validatebox.css HTTP/1.1" 404 1104
114.83.223.205 - - [16/Sep/2021:10:46:50 +0800] "POST /xingrg/dwr/call/plaincall/AjaxQqpsService.getMaterielByCode.dwr HTTP/1.1" 200 2725
116.230.105.26 - - [16/Sep/2021:10:46:51 +0800] "GET /xingrg/all/function/internal_message.html?_=1631760400528&CODE_STATE=getMsg HTTP/1.1" 200 27
120.253.135.82 - - [16/Sep/2021:10:46:52 +0800] "POST /xingrg/kc/pszx/mdps_list_operate.html HTTP/1.1" 200 868
101.83.145.79 - - [16/Sep/2021:10:46:54 +0800] "GET /xingrg/kc/base/wldb_order_operate.html?command=get_materiel&rest_code=00105&base_code=0010507&code=00101019056 HTTP/1.1" 200 474
101.83.145.79 - - [16/Sep/2021:10:46:56 +0800] "POST /xingrg/kc/buy/cgsh_order_operate.html HTTP/1.1" 200 37
180.169.147.146 - - [16/Sep/2021:10:46:56 +0800] "GET /xingrg/all/function/internal_message.html?_=1631760420066&CODE_STATE=getMsg HTTP/1.1" 200 27
222.70.246.151 - - [16/Sep/2021:10:46:59 +0800] "GET /xingrg/kc/buy/cgsh_order_operate.html?command=get_materiel&rest_code=00146&code=00101008087&supplier_code=00100005&order_time=2021-09-16 HTTP/1.1" 200 412
101.83.145.79 - - [16/Sep/2021:10:46:59 +0800] "GET /xingrg/all/function/internal_message.html?_=1631760367930&CODE_STATE=getMsg HTTP/1.1" 200 27
120.253.135.82 - - [16/Sep/2021:10:47:01 +0800] "POST /xingrg/kc/pszx/mdps_list_operate.html HTTP/1.1" 200 1692
120.253.135.82 - - [16/Sep/2021:10:47:02 +0800] "POST /xingrg/kc/pszx/mdps_list_operate.html HTTP/1.1" 200 638
101.83.145.79 - - [16/Sep/2021:10:47:02 +0800] "POST /xingrg/kc/buy/cgsh_order_operate.html HTTP/1.1" 200 2663
120.253.135.82 - - [16/Sep/2021:10:47:03 +0800] "GET /xingrg/kc/pszx/mdps_order_info.html?code=312021091600439 HTTP/1.1" 200 23931
120.253.135.82 - - [16/Sep/2021:10:47:03 +0800] "POST /xingrg/kc/pszx/mdps_order_operate.html HTTP/1.1" 200 6394
120.253.135.82 - - [16/Sep/2021:10:47:03 +0800] "GET /xingrg/javascript/easyui/themes/default/validatebox.css HTTP/1.1" 404 1104
180.169.147.146 - - [16/Sep/2021:10:47:03 +0800] "GET /xingrg/check_reg.html?_=1631760425580 HTTP/1.1" 302 -
180.169.147.146 - - [16/Sep/2021:10:47:03 +0800] "GET /xingrg/all/function/internal_message.html?_=1631760425581&CODE_STATE=getMsg HTTP/1.1" 302 -
101.83.145.79 - - [16/Sep/2021:10:47:04 +0800] "GET /xingrg/kc/print/load_data.html?order_code=212021091606762&kc_code=cgsh&condition= HTTP/1.1" 200 742
101.83.145.79 - - [16/Sep/2021:10:47:07 +0800] "GET /xingrg/kc/buy/cgsh_order_add.html HTTP/1.1" 200 63529
101.83.145.79 - - [16/Sep/2021:10:47:07 +0800] "GET /xingrg/javascript/easyui/themes/default/validatebox.css HTTP/1.1" 404 1104
101.83.145.79 - - [16/Sep/2021:10:47:07 +0800] "POST /xingrg/kc/buy/cgsh_order_operate.html HTTP/1.1" 200 8245
114.83.223.205 - - [16/Sep/2021:10:47:09 +0800] "GET /xingrg/all/function/internal_message.html?_=1631760429983&CODE_STATE=getMsg HTTP/1.1" 200 27
120.253.135.82 - - [16/Sep/2021:10:47:09 +0800] "POST /xingrg/kc/pszx/mdps_order_operate.html HTTP/1.1" 200 37
120.253.135.82 - - [16/Sep/2021:10:47:11 +0800] "POST /xingrg/kc/pszx/mdps_order_operate.html HTTP/1.1" 200 12
222.70.246.151 - - [16/Sep/2021:10:47:12 +0800] "GET /xingrg/kc/buy/cgsh_order_operate.html?command=get_materiel&rest_code=00146&code=00101008286&supplier_code=00100005&order_time=2021-09-16 HTTP/1.1" 200 408
180.157.251.224 - - [16/Sep/2021:10:47:13 +0800] "GET /xingrg/all/function/internal_message.html?_=1631760435375&CODE_STATE=getMsg HTTP/1.1" 200 27
116.228.172.94 - - [16/Sep/2021:10:47:14 +0800] "GET /xingrg/all/function/internal_message.html?_=1631760447984&CODE_STATE=getMsg HTTP/1.1" 200 27
101.83.145.79 - - [16/Sep/2021:10:47:15 +0800] "GET /xingrg/kc/buy/cgsh_order_operate.html?command=get_materiel&rest_code=00105&code=00101007032&supplier_code=00100328&order_time=2021-09-16 HTTP/1.1" 200 413
120.253.135.82 - - [16/Sep/2021:10:47:20 +0800] "GET /xingrg/kc/pszx/mdps_order_info.html?code=312021091600439 HTTP/1.1" 200 19591
120.253.135.82 - - [16/Sep/2021:10:47:21 +0800] "POST /xingrg/kc/pszx/mdps_order_operate.html HTTP/1.1" 200 4576
120.253.135.82 - - [16/Sep/2021:10:47:21 +0800] "GET /xingrg/javascript/easyui/themes/default/validatebox.css HTTP/1.1" 404 1104
120.253.135.82 - - [16/Sep/2021:10:47:21 +0800] "GET /xingrg/all/function/internal_message.html?_=1631760215416&CODE_STATE=getMsg HTTP/1.1" 200 27
120.253.135.82 - - [16/Sep/2021:10:47:23 +0800] "POST /xingrg/kc/pszx/mdps_list_operate.html HTTP/1.1" 200 868
101.83.145.79 - - [16/Sep/2021:10:47:24 +0800] "GET /xingrg/kc/buy/cgsh_order_operate.html?command=get_materiel&rest_code=00105&code=00101007077&supplier_code=00100328&order_time=2021-09-16 HTTP/1.1" 200 415
222.70.246.151 - - [16/Sep/2021:10:47:25 +0800] "GET /xingrg/kc/buy/cgsh_order_operate.html?command=get_materiel&rest_code=00146&code=00101008005&supplier_code=00100005&order_time=2021-09-16 HTTP/1.1" 200 412
101.83.145.79 - - [16/Sep/2021:10:47:26 +0800] "GET /xingrg/kc/base/wldb_order_operate.html?command=get_materiel&rest_code=00105&base_code=0010507&code=00101019125 HTTP/1.1" 200 482
116.238.248.233 - - [16/Sep/2021:10:47:27 +0800] "GET /xingrg/all/function/internal_message.html?_=1631760447828&CODE_STATE=getMsg HTTP/1.1" 200 27
101.85.93.96 - - [16/Sep/2021:10:47:28 +0800] "GET /xingrg/all/function/internal_message.html?_=1631760364579&CODE_STATE=getMsg HTTP/1.1" 200 27
116.238.168.124 - - [16/Sep/2021:10:47:29 +0800] "GET /xingrg/all/function/internal_message.html?_=1631760428132&CODE_STATE=getMsg HTTP/1.1" 200 27
114.83.223.205 - - [16/Sep/2021:10:47:31 +0800] "POST /xingrg/dwr/call/plaincall/AjaxQqpsService.saveMaterielItem.dwr HTTP/1.1" 200 78
222.70.179.190 - - [16/Sep/2021:10:47:31 +0800] "GET /xingrg/all/function/internal_message.html?_=1631760443815&CODE_STATE=getMsg HTTP/1.1" 200 27
101.83.145.79 - - [16/Sep/2021:10:47:32 +0800] "POST /xingrg/kc/buy/cgsh_order_operate.html HTTP/1.1" 200 37
58.40.7.146 - - [16/Sep/2021:10:47:32 +0800] "GET /xingrg/all/function/internal_message.html?_=1631760453252&CODE_STATE=getMsg HTTP/1.1" 200 27
101.83.145.79 - - [16/Sep/2021:10:47:33 +0800] "POST /xingrg/kc/base/wldb_order_operate.html HTTP/1.1" 200 37
180.162.111.5 - - [16/Sep/2021:10:47:33 +0800] "GET /xingrg/all/function/internal_message.html?_=1631760013775&CODE_STATE=getMsg HTTP/1.1" 200 27
101.83.145.79 - - [16/Sep/2021:10:47:34 +0800] "POST /xingrg/kc/base/wldb_order_operate.html HTTP/1.1" 200 3233
101.83.145.79 - - [16/Sep/2021:10:47:36 +0800] "GET /xingrg/kc/base/wldb_order_info.html?code=422021091601688 HTTP/1.1" 200 30454
101.83.145.79 - - [16/Sep/2021:10:47:36 +0800] "GET /xingrg/javascript/easyui/themes/default/validatebox.css HTTP/1.1" 404 1104
101.83.145.79 - - [16/Sep/2021:10:47:36 +0800] "POST /xingrg/kc/base/wldb_order_operate.html HTTP/1.1" 200 3233
101.83.145.79 - - [16/Sep/2021:10:47:38 +0800] "POST /xingrg/kc/buy/cgsh_order_operate.html HTTP/1.1" 200 3253
222.70.246.151 - - [16/Sep/2021:10:47:38 +0800] "GET /xingrg/all/function/internal_message.html?_=1631760472670&CODE_STATE=getMsg HTTP/1.1" 200 27
222.70.246.151 - - [16/Sep/2021:10:47:40 +0800] "GET /xingrg/kc/buy/cgsh_order_operate.html?command=get_materiel&rest_code=00146&code=00101008239&supplier_code=00100005&order_time=2021-09-16 HTTP/1.1" 200 416
114.83.223.205 - - [16/Sep/2021:10:47:40 +0800] "POST /xingrg/dwr/call/plaincall/AjaxQqpsService.getMaterielByCode.dwr HTTP/1.1" 200 2710
58.40.7.146 - - [16/Sep/2021:10:47:40 +0800] "GET /xingrg/all/function/internal_message.html?_=1631760461330&CODE_STATE=getMsg HTTP/1.1" 302 -
58.40.7.146 - - [16/Sep/2021:10:47:40 +0800] "GET /xingrg/check_reg.html?_=1631760461331 HTTP/1.1" 302 -
101.83.145.79 - - [16/Sep/2021:10:47:40 +0800] "GET /xingrg/kc/print/load_data.html?order_code=212021091606763&kc_code=cgsh&condition= HTTP/1.1" 200 905
114.83.223.205 - - [16/Sep/2021:10:47:42 +0800] "POST /xingrg/dwr/call/plaincall/AjaxQqpsService.saveMaterielItem.dwr HTTP/1.1" 200 78
116.237.74.154 - - [16/Sep/2021:10:47:42 +0800] "GET /xingrg/all/function/internal_message.html?_=1631760460218&CODE_STATE=getMsg HTTP/1.1" 200 27
101.83.145.79 - - [16/Sep/2021:10:47:44 +0800] "GET /xingrg/kc/buy/cgsh_order_add.html HTTP/1.1" 200 63529
101.83.145.79 - - [16/Sep/2021:10:47:44 +0800] "GET /xingrg/javascript/easyui/themes/default/validatebox.css HTTP/1.1" 404 1104
101.83.145.79 - - [16/Sep/2021:10:47:44 +0800] "POST /xingrg/kc/buy/cgsh_order_operate.html HTTP/1.1" 200 8245
180.169.147.146 - - [16/Sep/2021:10:47:49 +0800] "GET /xingrg/all/function/internal_message.html?_=1631760471907&CODE_STATE=getMsg HTTP/1.1" 200 27
180.169.147.146 - - [16/Sep/2021:10:47:49 +0800] "GET /xingrg/check_reg.html?_=1631760471911 HTTP/1.1" 200 22
222.70.246.151 - - [16/Sep/2021:10:47:50 +0800] "GET /xingrg/kc/buy/cgsh_order_operate.html?command=get_materiel&rest_code=00146&code=00101008502&supplier_code=00100005&order_time=2021-09-16 HTTP/1.1" 200 398
116.230.105.26 - - [16/Sep/2021:10:47:51 +0800] "GET /xingrg/all/function/internal_message.html?_=1631760460528&CODE_STATE=getMsg HTTP/1.1" 200 27
114.83.223.205 - - [16/Sep/2021:10:47:52 +0800] "POST /xingrg/dwr/call/plaincall/AjaxQqpsService.getMaterielByCode.dwr HTTP/1.1" 200 2695
101.83.145.79 - - [16/Sep/2021:10:47:54 +0800] "GET /xingrg/kc/buy/cgsh_order_operate.html?command=get_materiel&rest_code=00105&code=00101004090&supplier_code=00100312&order_time=2021-09-16 HTTP/1.1" 200 391
101.83.145.79 - - [16/Sep/2021:10:47:56 +0800] "GET /xingrg/all/function/internal_message.html?_=1631760478144&CODE_STATE=getMsg HTTP/1.1" 200 27
180.169.147.146 - - [16/Sep/2021:10:47:56 +0800] "GET /xingrg/all/function/internal_message.html?_=1631760480079&CODE_STATE=getMsg HTTP/1.1" 200 27
101.83.145.79 - - [16/Sep/2021:10:47:56 +0800] "GET /xingrg/check_reg.html?_=1631760478427 HTTP/1.1" 200 22
101.83.145.79 - - [16/Sep/2021:10:47:59 +0800] "GET /xingrg/all/function/internal_message.html?_=1631760427926&CODE_STATE=getMsg HTTP/1.1" 200 27
101.83.145.79 - - [16/Sep/2021:10:47:59 +0800] "GET /xingrg/check_reg.html?_=1631760427932 HTTP/1.1" 200 22
120.253.135.82 - - [16/Sep/2021:10:48:03 +0800] "POST /xingrg/kc/pszx/mdps_list_operate.html HTTP/1.1" 200 868
120.253.135.82 - - [16/Sep/2021:10:48:03 +0800] "GET /xingrg/kc/buy/cgsh_order_list.html HTTP/1.1" 200 47744
180.169.147.146 - - [16/Sep/2021:10:48:03 +0800] "GET /xingrg/all/function/internal_message.html?_=1631760485583&CODE_STATE=getMsg HTTP/1.1" 302 -
101.83.145.79 - - [16/Sep/2021:10:48:03 +0800] "GET /xingrg/kc/buy/cgsh_order_operate.html?command=get_materiel&rest_code=00105&code=00101004027&supplier_code=00100312&order_time=2021-09-16 HTTP/1.1" 200 409
120.253.135.82 - - [16/Sep/2021:10:48:04 +0800] "POST /xingrg/kc/buy/cgsh_list_operate.html HTTP/1.1" 200 876
222.70.246.151 - - [16/Sep/2021:10:48:08 +0800] "GET /xingrg/kc/buy/cgsh_order_operate.html?command=get_materiel&rest_code=00146&code=00101008176&supplier_code=00100005&order_time=2021-09-16 HTTP/1.1" 200 412
120.253.135.82 - - [16/Sep/2021:10:48:08 +0800] "GET /xingrg/kc/buy/cgsh_order_add.html HTTP/1.1" 200 62543
120.253.135.82 - - [16/Sep/2021:10:48:08 +0800] "GET /xingrg/javascript/easyui/themes/icons/template_new.png HTTP/1.1" 304 -
120.253.135.82 - - [16/Sep/2021:10:48:08 +0800] "POST /xingrg/kc/buy/cgsh_order_operate.html HTTP/1.1" 200 8245
120.253.135.82 - - [16/Sep/2021:10:48:08 +0800] "GET /xingrg/all/common/auto_word.html?type=employee&rest_code=00101 HTTP/1.1" 200 1173
120.253.135.82 - - [16/Sep/2021:10:48:08 +0800] "GET /xingrg/all/common/auto_word.html?type=employee&rest_code=00101 HTTP/1.1" 200 1173
120.253.135.82 - - [16/Sep/2021:10:48:08 +0800] "GET /xingrg/javascript/easyui/themes/default/validatebox.css HTTP/1.1" 404 1104
114.83.223.205 - - [16/Sep/2021:10:48:09 +0800] "GET /xingrg/all/function/internal_message.html?_=1631760489968&CODE_STATE=getMsg HTTP/1.1" 200 27
114.83.223.205 - - [16/Sep/2021:10:48:10 +0800] "POST /xingrg/dwr/call/plaincall/AjaxQqpsService.saveMaterielItem.dwr HTTP/1.1" 200 79
114.83.223.205 - - [16/Sep/2021:10:48:10 +0800] "GET /xingrg/check_reg.html?_=1631760491297 HTTP/1.1" 200 22
180.157.251.224 - - [16/Sep/2021:10:48:13 +0800] "GET /xingrg/all/function/internal_message.html?_=1631760495374&CODE_STATE=getMsg HTTP/1.1" 200 27
116.228.172.94 - - [16/Sep/2021:10:48:14 +0800] "GET /xingrg/all/function/internal_message.html?_=1631760507968&CODE_STATE=getMsg HTTP/1.1" 200 27
120.253.135.82 - - [16/Sep/2021:10:48:16 +0800] "GET /xingrg/css/images/panel_loading.gif HTTP/1.1" 304 -
120.253.135.82 - - [16/Sep/2021:10:48:17 +0800] "POST /xingrg/all/common/load_combo.html?type=employee HTTP/1.1" 200 2101
114.83.223.205 - - [16/Sep/2021:10:48:17 +0800] "POST /xingrg/dwr/call/plaincall/AjaxQqpsService.getMaterielByCode.dwr HTTP/1.1" 200 2713
114.83.223.205 - - [16/Sep/2021:10:48:18 +0800] "POST /xingrg/dwr/call/plaincall/AjaxQqpsService.saveMaterielItem.dwr HTTP/1.1" 200 79
120.253.135.82 - - [16/Sep/2021:10:48:18 +0800] "GET /xingrg/check_reg.html?_=1631760272306 HTTP/1.1" 200 22
222.70.246.151 - - [16/Sep/2021:10:48:20 +0800] "GET /xingrg/kc/buy/cgsh_order_operate.html?command=get_materiel&rest_code=00146&code=00101008219&supplier_code=00100005&order_time=2021-09-16 HTTP/1.1" 200 412
101.83.145.79 - - [16/Sep/2021:10:48:21 +0800] "GET /xingrg/kc/buy/cgsh_order_operate.html?command=get_materiel&rest_code=00105&code=00101004071&supplier_code=00100312&order_time=2021-09-16 HTTP/1.1" 200 409
120.253.135.82 - - [16/Sep/2021:10:48:21 +0800] "GET /xingrg/all/function/internal_message.html?_=1631760275426&CODE_STATE=getMsg HTTP/1.1" 200 27
114.83.223.205 - - [16/Sep/2021:10:48:22 +0800] "POST /xingrg/dwr/call/plaincall/AjaxQqpsService.removeMaterielItem.dwr HTTP/1.1" 200 79
116.238.248.233 - - [16/Sep/2021:10:48:27 +0800] "GET /xingrg/all/function/internal_message.html?_=1631760507828&CODE_STATE=getMsg HTTP/1.1" 200 27
114.83.223.205 - - [16/Sep/2021:10:48:27 +0800] "POST /xingrg/dwr/call/plaincall/AjaxQqpsService.saveMaterielItem.dwr HTTP/1.1" 200 79
120.253.135.82 - - [16/Sep/2021:10:48:28 +0800] "GET /xingrg/kc/buy/cgsh_order_operate.html?command=get_materiel&rest_code=00101&code=00102002448&supplier_code=00100145&order_time=2021-09-16 HTTP/1.1" 200 406
101.85.93.96 - - [16/Sep/2021:10:48:28 +0800] "GET /xingrg/all/function/internal_message.html?_=1631760424577&CODE_STATE=getMsg HTTP/1.1" 200 27
101.83.145.79 - - [16/Sep/2021:10:48:28 +0800] "GET /xingrg/kc/buy/cgsh_order_operate.html?command=get_materiel&rest_code=00105&code=00101004049&supplier_code=00100312&order_time=2021-09-16 HTTP/1.1" 200 413
116.238.168.124 - - [16/Sep/2021:10:48:29 +0800] "GET /xingrg/all/function/internal_message.html?_=1631760488143&CODE_STATE=getMsg HTTP/1.1" 200 27
222.70.246.151 - - [16/Sep/2021:10:48:30 +0800] "GET /xingrg/kc/buy/cgsh_order_operate.html?command=get_materiel&rest_code=00146&code=00101008132&supplier_code=00100005&order_time=2021-09-16 HTTP/1.1" 200 408
114.83.223.205 - - [16/Sep/2021:10:48:30 +0800] "POST /xingrg/dwr/call/plaincall/AjaxQqpsService.checkOrder.dwr HTTP/1.1" 200 79
222.70.179.190 - - [16/Sep/2021:10:48:31 +0800] "GET /xingrg/all/function/internal_message.html?_=1631760503804&CODE_STATE=getMsg HTTP/1.1" 200 27
114.83.223.205 - - [16/Sep/2021:10:48:31 +0800] "GET /xingrg/kc/mdqp/qqps_order_info.html?code=302021091600350 HTTP/1.1" 200 26644
114.83.223.205 - - [16/Sep/2021:10:48:31 +0800] "GET /xingrg/dwr/interface/AjaxQqpsService.js HTTP/1.1" 200 16326
114.83.223.205 - - [16/Sep/2021:10:48:31 +0800] "GET /xingrg/dwr/interface/AjaxComOrderService.js HTTP/1.1" 200 18264
114.83.223.205 - - [16/Sep/2021:10:48:31 +0800] "GET /xingrg/dwr/engine.js HTTP/1.1" 200 43631
114.83.223.205 - - [16/Sep/2021:10:48:32 +0800] "POST /xingrg/dwr/call/plaincall/AjaxQqpsService.loadMaterielItems.dwr HTTP/1.1" 200 1973
58.40.7.146 - - [16/Sep/2021:10:48:33 +0800] "GET /xingrg/all/function/internal_message.html?_=1631760514252&CODE_STATE=getMsg HTTP/1.1" 200 27
58.40.7.146 - - [16/Sep/2021:10:48:33 +0800] "GET /xingrg/check_reg.html?_=1631760514252 HTTP/1.1" 200 22
180.162.111.5 - - [16/Sep/2021:10:48:33 +0800] "GET /xingrg/all/function/internal_message.html?_=1631760073801&CODE_STATE=getMsg HTTP/1.1" 200 27
101.83.145.79 - - [16/Sep/2021:10:48:36 +0800] "GET /xingrg/kc/buy/cgsh_order_operate.html?command=get_materiel&rest_code=00105&code=00101004030&supplier_code=00100312&order_time=2021-09-16 HTTP/1.1" 200 408
222.70.246.151 - - [16/Sep/2021:10:48:38 +0800] "GET /xingrg/all/function/internal_message.html?_=1631760532684&CODE_STATE=getMsg HTTP/1.1" 200 27
222.70.246.151 - - [16/Sep/2021:10:48:39 +0800] "POST /xingrg/services/DataTransmitService HTTP/1.1" 200 524
222.70.246.151 - - [16/Sep/2021:10:48:40 +0800] "POST /xingrg/services/DataTransmitService HTTP/1.1" 200 2171
58.40.7.146 - - [16/Sep/2021:10:48:40 +0800] "GET /xingrg/all/function/internal_message.html?_=1631760521333&CODE_STATE=getMsg HTTP/1.1" 302 -
222.70.246.151 - - [16/Sep/2021:10:48:40 +0800] "POST /xingrg/services/DataTransmitService HTTP/1.1" 200 155400
116.237.74.154 - - [16/Sep/2021:10:48:42 +0800] "GET /xingrg/all/function/internal_message.html?_=1631760520200&CODE_STATE=getMsg HTTP/1.1" 200 27
116.228.172.94 - - [16/Sep/2021:10:48:42 +0800] "GET /xingrg/kc/mdqp/qp_main.html HTTP/1.1" 200 10633
116.228.172.94 - - [16/Sep/2021:10:48:42 +0800] "GET /xingrg/kc/buy/buy_main.html HTTP/1.1" 200 12412
116.228.172.94 - - [16/Sep/2021:10:48:42 +0800] "GET /xingrg/css/new_ie.css HTTP/1.1" 404 1036
116.228.172.94 - - [16/Sep/2021:10:48:43 +0800] "GET /xingrg/images/yd/bt.gif HTTP/1.1" 404 1040
116.228.172.94 - - [16/Sep/2021:10:48:44 +0800] "GET /xingrg/kc/buy/cgsh_order_list.html HTTP/1.1" 200 47748
116.228.172.94 - - [16/Sep/2021:10:48:45 +0800] "POST /xingrg/kc/buy/cgsh_list_operate.html HTTP/1.1" 200 876
114.83.223.205 - - [16/Sep/2021:10:48:45 +0800] "GET /xingrg/kc/mdqp/qqps_order_list.html?isBack=1 HTTP/1.1" 200 9677
114.83.223.205 - - [16/Sep/2021:10:48:45 +0800] "GET /xingrg/dwr/interface/AjaxQqpsService.js HTTP/1.1" 200 16326
114.83.223.205 - - [16/Sep/2021:10:48:45 +0800] "GET /xingrg/dwr/interface/AjaxReportQueryService.js HTTP/1.1" 200 13203
114.83.223.205 - - [16/Sep/2021:10:48:45 +0800] "GET /xingrg/dwr/engine.js HTTP/1.1" 200 43631
101.83.145.79 - - [16/Sep/2021:10:48:46 +0800] "GET /xingrg/kc/buy/cgsh_order_operate.html?command=get_materiel&rest_code=00105&code=00101004020&supplier_code=00100312&order_time=2021-09-16 HTTP/1.1" 200 409
116.228.172.94 - - [16/Sep/2021:10:48:46 +0800] "GET /xingrg/kc/buy/cgsh_order_add.html HTTP/1.1" 200 62532
116.228.172.94 - - [16/Sep/2021:10:48:46 +0800] "GET /xingrg/words/20210916094642_words.js HTTP/1.1" 304 -
116.228.172.94 - - [16/Sep/2021:10:48:46 +0800] "POST /xingrg/kc/buy/cgsh_order_operate.html HTTP/1.1" 200 8245
116.228.172.94 - - [16/Sep/2021:10:48:46 +0800] "GET /xingrg/all/common/auto_word.html?type=employee&rest_code=00153 HTTP/1.1" 200 47
116.228.172.94 - - [16/Sep/2021:10:48:47 +0800] "GET /xingrg/all/common/auto_word.html?type=employee&rest_code=00153 HTTP/1.1" 200 47
116.228.172.94 - - [16/Sep/2021:10:48:47 +0800] "GET /xingrg/javascript/easyui/themes/default/validatebox.css HTTP/1.1" 404 1104
114.83.223.205 - - [16/Sep/2021:10:48:47 +0800] "GET /xingrg/kc/mdqp/qqps_order_add.html HTTP/1.1" 200 28241
114.83.223.205 - - [16/Sep/2021:10:48:47 +0800] "GET /xingrg/dwr/interface/AjaxComOrderService.js HTTP/1.1" 200 18264
114.83.223.205 - - [16/Sep/2021:10:48:47 +0800] "GET /xingrg/dwr/interface/AjaxQqpsService.js HTTP/1.1" 200 16326
114.83.223.205 - - [16/Sep/2021:10:48:47 +0800] "GET /xingrg/dwr/engine.js HTTP/1.1" 200 43631
222.70.246.151 - - [16/Sep/2021:10:48:47 +0800] "GET /xingrg/kc/buy/cgsh_order_operate.html?command=get_materiel&rest_code=00146&code=00101008257&supplier_code=00100005&order_time=2021-09-16 HTTP/1.1" 200 416
116.228.172.94 - - [16/Sep/2021:10:48:49 +0800] "GET /xingrg/javascript/easyui/themes/default/tree.css HTTP/1.1" 404 1090
116.228.172.94 - - [16/Sep/2021:10:48:49 +0800] "POST /xingrg/all/common/load_tree.html?tree=supplier_tree_json&isDelete=1 HTTP/1.1" 200 57803
180.169.147.146 - - [16/Sep/2021:10:48:49 +0800] "GET /xingrg/all/function/internal_message.html?_=1631760531913&CODE_STATE=getMsg HTTP/1.1" 200 27
120.253.135.82 - - [16/Sep/2021:10:48:49 +0800] "GET /xingrg/kc/buy/cgsh_order_operate.html?command=get_materiel&rest_code=00101&code=00102002441&supplier_code=00100145&order_time=2021-09-16 HTTP/1.1" 200 427
116.230.105.26 - - [16/Sep/2021:10:48:51 +0800] "GET /xingrg/all/function/internal_message.html?_=1631760520529&CODE_STATE=getMsg HTTP/1.1" 200 27
114.83.223.205 - - [16/Sep/2021:10:48:56 +0800] "POST /xingrg/dwr/call/plaincall/AjaxQqpsService.saveOrder.dwr HTTP/1.1" 200 78
101.83.145.79 - - [16/Sep/2021:10:48:56 +0800] "GET /xingrg/all/function/internal_message.html?_=1631760538128&CODE_STATE=getMsg HTTP/1.1" 200 27
180.169.147.146 - - [16/Sep/2021:10:48:56 +0800] "GET /xingrg/all/function/internal_message.html?_=1631760540067&CODE_STATE=getMsg HTTP/1.1" 200 27
116.228.172.94 - - [16/Sep/2021:10:48:57 +0800] "GET /xingrg/javascript/auto/indicator.gif HTTP/1.1" 404 1066
101.83.145.79 - - [16/Sep/2021:10:48:59 +0800] "GET /xingrg/all/function/internal_message.html?_=1631760487931&CODE_STATE=getMsg HTTP/1.1" 200 27
116.228.172.94 - - [16/Sep/2021:10:49:01 +0800] "GET /xingrg/kc/buy/cgsh_order_operate.html?command=get_materiel&rest_code=00153&code=00101009053&supplier_code=00100476&order_time=2021-09-16 HTTP/1.1" 200 410
222.70.246.151 - - [16/Sep/2021:10:49:02 +0800] "GET /xingrg/kc/buy/cgsh_order_operate.html?command=get_materiel&rest_code=00146&code=00101008244&supplier_code=00100005&order_time=2021-09-16 HTTP/1.1" 200 408
180.169.147.146 - - [16/Sep/2021:10:49:03 +0800] "GET /xingrg/all/function/internal_message.html?_=1631760545584&CODE_STATE=getMsg HTTP/1.1" 302 -
114.83.223.205 - - [16/Sep/2021:10:49:05 +0800] "POST /xingrg/dwr/call/plaincall/AjaxQqpsService.getMaterielByCode.dwr HTTP/1.1" 200 2697
101.83.145.79 - - [16/Sep/2021:10:49:07 +0800] "GET /xingrg/kc/buy/cgsh_order_operate.html?command=get_materiel&rest_code=00105&code=00101001005&supplier_code=00100312&order_time=2021-09-16 HTTP/1.1" 200 413
114.83.223.205 - - [16/Sep/2021:10:49:08 +0800] "POST /xingrg/dwr/call/plaincall/AjaxQqpsService.saveMaterielItem.dwr HTTP/1.1" 200 78
114.83.223.205 - - [16/Sep/2021:10:49:09 +0800] "GET /xingrg/all/function/internal_message.html?_=1631760549962&CODE_STATE=getMsg HTTP/1.1" 200 27
114.83.223.205 - - [16/Sep/2021:10:49:12 +0800] "POST /xingrg/dwr/call/plaincall/AjaxQqpsService.getMaterielByCode.dwr HTTP/1.1" 200 2716
120.253.135.82 - - [16/Sep/2021:10:49:13 +0800] "GET /xingrg/kc/buy/cgsh_order_operate.html?command=get_materiel&rest_code=00101&code=00102002208&supplier_code=00100145&order_time=2021-09-16 HTTP/1.1" 200 426
58.37.227.186 - - [16/Sep/2021:10:49:13 +0800] "GET /xingrg/all/function/internal_message.html?_=1631760419517&CODE_STATE=getMsg HTTP/1.1" 200 27
180.157.251.224 - - [16/Sep/2021:10:49:13 +0800] "GET /xingrg/all/function/internal_message.html?_=1631760555373&CODE_STATE=getMsg HTTP/1.1" 200 27
114.83.223.205 - - [16/Sep/2021:10:49:13 +0800] "POST /xingrg/dwr/call/plaincall/AjaxQqpsService.saveMaterielItem.dwr HTTP/1.1" 200 78
116.228.172.94 - - [16/Sep/2021:10:49:14 +0800] "GET /xingrg/all/function/internal_message.html?_=1631760567941&CODE_STATE=getMsg HTTP/1.1" 200 27
114.83.223.205 - - [16/Sep/2021:10:49:15 +0800] "POST /xingrg/dwr/call/plaincall/AjaxQqpsService.getMaterielByCode.dwr HTTP/1.1" 200 2691
114.83.223.205 - - [16/Sep/2021:10:49:16 +0800] "POST /xingrg/dwr/call/plaincall/AjaxQqpsService.saveMaterielItem.dwr HTTP/1.1" 200 78
222.70.246.151 - - [16/Sep/2021:10:49:18 +0800] "GET /xingrg/kc/buy/cgsh_order_operate.html?command=get_materiel&rest_code=00146&code=00101008112&supplier_code=00100005&order_time=2021-09-16 HTTP/1.1" 200 412
120.253.135.82 - - [16/Sep/2021:10:49:21 +0800] "GET /xingrg/all/function/internal_message.html?_=1631760335440&CODE_STATE=getMsg HTTP/1.1" 200 27
101.83.145.79 - - [16/Sep/2021:10:49:22 +0800] "GET /xingrg/kc/buy/cgsh_order_operate.html?command=get_materiel&rest_code=00105&code=00101001029&supplier_code=00100312&order_time=2021-09-16 HTTP/1.1" 200 415
116.228.172.94 - - [16/Sep/2021:10:49:25 +0800] "POST /xingrg/kc/buy/cgsh_order_operate.html HTTP/1.1" 200 37
58.37.227.186 - - [16/Sep/2021:10:49:25 +0800] "GET /xingrg/kc/buy/cgsh_order_add.html HTTP/1.1" 200 63488
58.37.227.186 - - [16/Sep/2021:10:49:26 +0800] "GET /xingrg/javascript/easyui/themes/default/validatebox.css HTTP/1.1" 404 1104
58.37.227.186 - - [16/Sep/2021:10:49:26 +0800] "POST /xingrg/kc/buy/cgsh_order_operate.html HTTP/1.1" 200 8245
114.83.223.205 - - [16/Sep/2021:10:49:26 +0800] "POST /xingrg/dwr/call/plaincall/AjaxQqpsService.getMaterielByCode.dwr HTTP/1.1" 200 2726
116.228.172.94 - - [16/Sep/2021:10:49:27 +0800] "POST /xingrg/kc/buy/cgsh_order_operate.html HTTP/1.1" 200 2657
116.238.248.233 - - [16/Sep/2021:10:49:27 +0800] "GET /xingrg/all/function/internal_message.html?_=1631760567829&CODE_STATE=getMsg HTTP/1.1" 200 27
114.83.223.205 - - [16/Sep/2021:10:49:28 +0800] "POST /xingrg/dwr/call/plaincall/AjaxQqpsService.saveMaterielItem.dwr HTTP/1.1" 200 78
101.83.145.79 - - [16/Sep/2021:10:49:29 +0800] "GET /xingrg/kc/buy/cgsh_order_operate.html?command=get_materiel&rest_code=00105&code=00101005074&supplier_code=00100312&order_time=2021-09-16 HTTP/1.1" 200 400
116.238.168.124 - - [16/Sep/2021:10:49:29 +0800] "GET /xingrg/all/function/internal_message.html?_=1631760548705&CODE_STATE=getMsg HTTP/1.1" 200 27
120.253.135.82 - - [16/Sep/2021:10:49:30 +0800] "GET /xingrg/kc/buy/cgsh_order_operate.html?command=get_materiel&rest_code=00101&code=00102002269&supplier_code=00100145&order_time=2021-09-16 HTTP/1.1" 200 412
222.70.179.190 - - [16/Sep/2021:10:49:31 +0800] "GET /xingrg/all/function/internal_message.html?_=1631760563803&CODE_STATE=getMsg HTTP/1.1" 200 27
114.83.223.205 - - [16/Sep/2021:10:49:32 +0800] "POST /xingrg/dwr/call/plaincall/AjaxQqpsService.getMaterielByCode.dwr HTTP/1.1" 200 2699
116.228.172.94 - - [16/Sep/2021:10:49:32 +0800] "POST /xingrg/kc/buy/cgsh_order_operate.html HTTP/1.1" 200 37
180.162.111.5 - - [16/Sep/2021:10:49:33 +0800] "GET /xingrg/check_reg.html?_=1631760133803 HTTP/1.1" 200 22
180.162.111.5 - - [16/Sep/2021:10:49:33 +0800] "GET /xingrg/all/function/internal_message.html?_=1631760133801&CODE_STATE=getMsg HTTP/1.1" 200 27
114.83.223.205 - - [16/Sep/2021:10:49:34 +0800] "POST /xingrg/dwr/call/plaincall/AjaxQqpsService.saveMaterielItem.dwr HTTP/1.1" 200 79
58.40.7.146 - - [16/Sep/2021:10:49:34 +0800] "GET /xingrg/all/function/internal_message.html?_=1631760575243&CODE_STATE=getMsg HTTP/1.1" 200 27
116.228.172.94 - - [16/Sep/2021:10:49:36 +0800] "POST /xingrg/kc/buy/cgsh_order_operate.html HTTP/1.1" 200 12
116.228.172.94 - - [16/Sep/2021:10:49:37 +0800] "GET /xingrg/kc/buy/cgsh_order_info.html?code=212021091606764 HTTP/1.1" 200 57438
116.228.172.94 - - [16/Sep/2021:10:49:38 +0800] "GET /xingrg/javascript/easyui/themes/default/validatebox.css HTTP/1.1" 404 1104
222.70.246.151 - - [16/Sep/2021:10:49:38 +0800] "GET /xingrg/all/function/internal_message.html?_=1631760592696&CODE_STATE=getMsg HTTP/1.1" 200 27
116.228.172.94 - - [16/Sep/2021:10:49:38 +0800] "POST /xingrg/kc/buy/cgsh_order_operate.html HTTP/1.1" 200 607
58.37.227.186 - - [16/Sep/2021:10:49:39 +0800] "GET /xingrg/kc/buy/cgsh_order_operate.html?command=get_materiel&rest_code=00141&code=00101016025&supplier_code=00100036&order_time=2021-09-16 HTTP/1.1" 200 408
58.40.7.146 - - [16/Sep/2021:10:49:40 +0800] "GET /xingrg/all/function/internal_message.html?_=1631760581334&CODE_STATE=getMsg HTTP/1.1" 302 -
116.228.172.94 - - [16/Sep/2021:10:49:41 +0800] "GET /xingrg/kc/print/load_config.html?kc_code=cgsh HTTP/1.1" 200 2076
116.228.172.94 - - [16/Sep/2021:10:49:41 +0800] "GET /xingrg/kc/print/load_data.html?order_code=212021091606764&kc_code=cgsh&condition= HTTP/1.1" 200 678
222.70.246.151 - - [16/Sep/2021:10:49:41 +0800] "GET /xingrg/kc/buy/cgsh_order_operate.html?command=get_materiel&rest_code=00146&code=00101008354&supplier_code=00100005&order_time=2021-09-16 HTTP/1.1" 200 412
116.237.74.154 - - [16/Sep/2021:10:49:42 +0800] "GET /xingrg/all/function/internal_message.html?_=1631760580185&CODE_STATE=getMsg HTTP/1.1" 200 27
114.83.223.205 - - [16/Sep/2021:10:49:42 +0800] "POST /xingrg/dwr/call/plaincall/AjaxQqpsService.getMaterielByCode.dwr HTTP/1.1" 200 2744
114.83.223.205 - - [16/Sep/2021:10:49:43 +0800] "POST /xingrg/dwr/call/plaincall/AjaxQqpsService.saveMaterielItem.dwr HTTP/1.1" 200 79
101.83.145.79 - - [16/Sep/2021:10:49:44 +0800] "POST /xingrg/kc/buy/cgsh_order_operate.html HTTP/1.1" 200 37
101.83.145.79 - - [16/Sep/2021:10:49:45 +0800] "POST /xingrg/kc/buy/cgsh_order_operate.html HTTP/1.1" 200 7395
101.83.145.79 - - [16/Sep/2021:10:49:46 +0800] "GET /xingrg/kc/print/load_data.html?order_code=212021091606765&kc_code=cgsh&condition= HTTP/1.1" 200 2469
120.253.135.82 - - [16/Sep/2021:10:49:46 +0800] "GET /xingrg/kc/buy/cgsh_order_operate.html?command=get_materiel&rest_code=00101&code=00102002315&supplier_code=00100145&order_time=2021-09-16 HTTP/1.1" 200 427
114.83.223.205 - - [16/Sep/2021:10:49:48 +0800] "POST /xingrg/dwr/call/plaincall/AjaxQqpsService.getMaterielByCode.dwr HTTP/1.1" 200 2736
114.83.223.205 - - [16/Sep/2021:10:49:49 +0800] "POST /xingrg/dwr/call/plaincall/AjaxQqpsService.saveMaterielItem.dwr HTTP/1.1" 200 79
180.169.147.146 - - [16/Sep/2021:10:49:49 +0800] "GET /xingrg/all/function/internal_message.html?_=1631760591907&CODE_STATE=getMsg HTTP/1.1" 200 27
101.83.145.79 - - [16/Sep/2021:10:49:49 +0800] "GET /xingrg/kc/buy/cgsh_order_add.html HTTP/1.1" 200 63529
101.83.145.79 - - [16/Sep/2021:10:49:49 +0800] "GET /xingrg/javascript/easyui/themes/default/validatebox.css HTTP/1.1" 404 1104
101.83.145.79 - - [16/Sep/2021:10:49:49 +0800] "POST /xingrg/kc/buy/cgsh_order_operate.html HTTP/1.1" 200 8245
116.230.105.26 - - [16/Sep/2021:10:49:51 +0800] "GET /xingrg/check_reg.html?_=1631760580531 HTTP/1.1" 200 22
116.230.105.26 - - [16/Sep/2021:10:49:51 +0800] "GET /xingrg/all/function/internal_message.html?_=1631760580532&CODE_STATE=getMsg HTTP/1.1" 200 27
222.70.246.151 - - [16/Sep/2021:10:49:51 +0800] "GET /xingrg/kc/buy/cgsh_order_operate.html?command=get_materiel&rest_code=00146&code=00101008088&supplier_code=00100005&order_time=2021-09-16 HTTP/1.1" 200 408
114.83.223.205 - - [16/Sep/2021:10:49:53 +0800] "POST /xingrg/dwr/call/plaincall/AjaxQqpsService.getMaterielByCode.dwr HTTP/1.1" 200 2728
114.83.223.205 - - [16/Sep/2021:10:49:54 +0800] "POST /xingrg/dwr/call/plaincall/AjaxQqpsService.saveMaterielItem.dwr HTTP/1.1" 200 79
114.83.223.205 - - [16/Sep/2021:10:49:56 +0800] "POST /xingrg/dwr/call/plaincall/AjaxQqpsService.getMaterielByCode.dwr HTTP/1.1" 200 2751
101.83.145.79 - - [16/Sep/2021:10:49:56 +0800] "GET /xingrg/all/function/internal_message.html?_=1631760598108&CODE_STATE=getMsg HTTP/1.1" 200 27
180.169.147.146 - - [16/Sep/2021:10:49:56 +0800] "GET /xingrg/all/function/internal_message.html?_=1631760600083&CODE_STATE=getMsg HTTP/1.1" 200 27
114.83.223.205 - - [16/Sep/2021:10:49:57 +0800] "POST /xingrg/dwr/call/plaincall/AjaxQqpsService.saveMaterielItem.dwr HTTP/1.1" 200 79
101.83.145.79 - - [16/Sep/2021:10:49:59 +0800] "GET /xingrg/all/function/internal_message.html?_=1631760547931&CODE_STATE=getMsg HTTP/1.1" 200 27
114.83.223.205 - - [16/Sep/2021:10:50:01 +0800] "POST /xingrg/dwr/call/plaincall/AjaxQqpsService.getMaterielByCode.dwr HTTP/1.1" 200 2697
101.83.145.79 - - [16/Sep/2021:10:50:01 +0800] "GET /xingrg/kc/buy/cgsh_order_operate.html?command=get_materiel&rest_code=00105&code=00101001040&supplier_code=00100090&order_time=2021-09-16 HTTP/1.1" 200 413
120.253.135.82 - - [16/Sep/2021:10:50:01 +0800] "GET /xingrg/kc/buy/cgsh_order_operate.html?command=get_materiel&rest_code=00101&code=00102002304&supplier_code=00100145&order_time=2021-09-16 HTTP/1.1" 200 430
116.238.168.124 - - [16/Sep/2021:10:50:02 +0800] "GET /xingrg/check_reg.html?_=1631760581525 HTTP/1.1" 200 22
114.83.223.205 - - [16/Sep/2021:10:50:02 +0800] "POST /xingrg/dwr/call/plaincall/AjaxQqpsService.saveMaterielItem.dwr HTTP/1.1" 200 79
222.70.246.151 - - [16/Sep/2021:10:50:03 +0800] "GET /xingrg/kc/buy/cgsh_order_operate.html?command=get_materiel&rest_code=00146&code=00101008361&supplier_code=00100005&order_time=2021-09-16 HTTP/1.1" 200 408
180.169.147.146 - - [16/Sep/2021:10:50:03 +0800] "GET /xingrg/all/function/internal_message.html?_=1631760605569&CODE_STATE=getMsg HTTP/1.1" 302 -
58.37.227.186 - - [16/Sep/2021:10:50:09 +0800] "GET /xingrg/all/function/internal_message.html?_=1631760479489&CODE_STATE=getMsg HTTP/1.1" 200 27
114.83.223.205 - - [16/Sep/2021:10:50:09 +0800] "GET /xingrg/all/function/internal_message.html?_=1631760609944&CODE_STATE=getMsg HTTP/1.1" 200 27
58.37.227.186 - - [16/Sep/2021:10:50:09 +0800] "GET /xingrg/kc/buy/cgsh_order_operate.html?command=get_materiel&rest_code=00141&code=00101011005&supplier_code=00100036&order_time=2021-09-16 HTTP/1.1" 200 408
101.83.145.79 - - [16/Sep/2021:10:50:12 +0800] "GET /xingrg/kc/buy/cgsh_order_operate.html?command=get_materiel&rest_code=00105&code=00101001140&supplier_code=00100090&order_time=2021-09-16 HTTP/1.1" 200 414
114.83.223.205 - - [16/Sep/2021:10:50:13 +0800] "POST /xingrg/dwr/call/plaincall/AjaxQqpsService.getMaterielByCode.dwr HTTP/1.1" 200 2734
180.157.251.224 - - [16/Sep/2021:10:50:13 +0800] "GET /xingrg/all/function/internal_message.html?_=1631760615398&CODE_STATE=getMsg HTTP/1.1" 200 27
222.70.246.151 - - [16/Sep/2021:10:50:13 +0800] "GET /xingrg/kc/buy/cgsh_order_operate.html?command=get_materiel&rest_code=00146&code=00101008067&supplier_code=00100005&order_time=2021-09-16 HTTP/1.1" 200 416
114.83.223.205 - - [16/Sep/2021:10:50:14 +0800] "POST /xingrg/dwr/call/plaincall/AjaxQqpsService.saveMaterielItem.dwr HTTP/1.1" 200 79
116.228.172.94 - - [16/Sep/2021:10:50:14 +0800] "GET /xingrg/all/function/internal_message.html?_=1631760627923&CODE_STATE=getMsg HTTP/1.1" 200 27
120.253.135.82 - - [16/Sep/2021:10:50:17 +0800] "GET /xingrg/kc/buy/cgsh_order_operate.html?command=get_materiel&rest_code=00101&code=00102002114&supplier_code=00100145&order_time=2021-09-16 HTTP/1.1" 200 442
222.70.246.151 - - [16/Sep/2021:10:50:22 +0800] "GET /xingrg/kc/buy/cgsh_order_operate.html?command=get_materiel&rest_code=00146&code=00101008264&supplier_code=00100005&order_time=2021-09-16 HTTP/1.1" 200 412
120.253.135.82 - - [16/Sep/2021:10:50:23 +0800] "GET /xingrg/all/function/internal_message.html?_=1631760396592&CODE_STATE=getMsg HTTP/1.1" 200 27
114.83.223.205 - - [16/Sep/2021:10:50:23 +0800] "POST /xingrg/dwr/call/plaincall/AjaxQqpsService.getMaterielByCode.dwr HTTP/1.1" 200 2715
120.253.135.82 - - [16/Sep/2021:10:50:24 +0800] "POST /xingrg/kc/buy/cgsh_order_operate.html HTTP/1.1" 200 37
114.83.223.205 - - [16/Sep/2021:10:50:24 +0800] "POST /xingrg/dwr/call/plaincall/AjaxQqpsService.saveMaterielItem.dwr HTTP/1.1" 200 79
116.228.172.94 - - [16/Sep/2021:10:50:24 +0800] "GET /xingrg/kc/buy/cgsh_order_add.html HTTP/1.1" 200 62532
116.228.172.94 - - [16/Sep/2021:10:50:25 +0800] "POST /xingrg/kc/buy/cgsh_order_operate.html HTTP/1.1" 200 8245
116.228.172.94 - - [16/Sep/2021:10:50:25 +0800] "GET /xingrg/javascript/easyui/themes/default/validatebox.css HTTP/1.1" 404 1104
222.70.246.151 - - [16/Sep/2021:10:50:25 +0800] "POST /xingrg/kc/buy/cgsh_order_operate.html HTTP/1.1" 200 2065
101.83.145.79 - - [16/Sep/2021:10:50:25 +0800] "GET /xingrg/kc/buy/cgsh_order_operate.html?command=get_materiel&rest_code=00105&code=00101001049&supplier_code=00100090&order_time=2021-09-16 HTTP/1.1" 200 413
120.253.135.82 - - [16/Sep/2021:10:50:26 +0800] "POST /xingrg/kc/buy/cgsh_order_operate.html HTTP/1.1" 200 6354
116.228.172.94 - - [16/Sep/2021:10:50:26 +0800] "GET /xingrg/javascript/easyui/themes/default/tree.css HTTP/1.1" 404 1090
116.228.172.94 - - [16/Sep/2021:10:50:27 +0800] "POST /xingrg/all/common/load_tree.html?tree=supplier_tree_json&isDelete=1 HTTP/1.1" 200 57803
