114.85.125.222 - - [15/Sep/2021:09:14:24 +0800] "GET /xingrg/all/function/internal_message.html?_=1631668448033&CODE_STATE=getMsg HTTP/1.1" 200 27
101.83.145.79 - - [15/Sep/2021:09:14:27 +0800] "GET /xingrg/all/function/internal_message.html?_=1631668412146&CODE_STATE=getMsg HTTP/1.1" 200 27
116.238.248.233 - - [15/Sep/2021:09:14:29 +0800] "GET /xingrg/kc/print/load_config.html?kc_code=cgsh HTTP/1.1" 200 2076
116.238.248.233 - - [15/Sep/2021:09:14:29 +0800] "GET /xingrg/kc/print/load_data.html?order_code=212021091506293&kc_code=cgsh&condition= HTTP/1.1" 200 2069
116.238.168.124 - - [15/Sep/2021:09:14:29 +0800] "POST /xingrg/kc/buy/cgsh_list_operate.html HTTP/1.1" 200 6006
114.85.125.222 - - [15/Sep/2021:09:14:31 +0800] "GET /xingrg/kc/buy/cgsh_order_operate.html?command=get_materiel&rest_code=00151&code=00101008300&supplier_code=00100007&order_time=2021-09-15 HTTP/1.1" 200 412
58.221.95.50 - - [15/Sep/2021:09:14:32 +0800] "GET /xingrg/all/function/internal_message.html?_=1631668469931&CODE_STATE=getMsg HTTP/1.1" 200 27
116.232.55.15 - - [15/Sep/2021:09:14:33 +0800] "POST /xingrg/kc/buy/cgsh_order_operate.html HTTP/1.1" 200 37
222.70.179.190 - - [15/Sep/2021:09:14:33 +0800] "GET /xingrg/all/function/internal_message.html?_=1631668469459&CODE_STATE=getMsg HTTP/1.1" 200 27
222.70.179.190 - - [15/Sep/2021:09:14:33 +0800] "GET /xingrg/check_reg.html?_=1631668469462 HTTP/1.1" 200 22
116.232.55.15 - - [15/Sep/2021:09:14:35 +0800] "POST /xingrg/kc/buy/cgsh_order_operate.html HTTP/1.1" 200 34002
116.238.168.124 - - [15/Sep/2021:09:14:35 +0800] "POST /xingrg/kc/buy/cgsh_list_operate.html HTTP/1.1" 200 5970
116.232.55.15 - - [15/Sep/2021:09:14:36 +0800] "GET /xingrg/kc/print/load_config.html?kc_code=cgsh HTTP/1.1" 200 2076
116.232.55.15 - - [15/Sep/2021:09:14:37 +0800] "GET /xingrg/kc/print/load_data.html?order_code=212021091506291&kc_code=cgsh&condition= HTTP/1.1" 200 12555
120.253.135.82 - - [15/Sep/2021:09:14:37 +0800] "GET /xingrg/all/function/internal_message.html?_=1631668247278&CODE_STATE=getMsg HTTP/1.1" 200 27
101.83.145.79 - - [15/Sep/2021:09:14:38 +0800] "GET /xingrg/kc/buy/cgsh_order_operate.html?command=get_materiel&rest_code=00105&code=00101008088&supplier_code=00100203&order_time=2021-09-15 HTTP/1.1" 200 408
116.238.168.124 - - [15/Sep/2021:09:14:41 +0800] "POST /xingrg/kc/buy/cgsh_list_operate.html HTTP/1.1" 200 6041
172.20.0.100 - - [15/Sep/2021:09:14:41 +0800] "GET /xingrg/all/function/internal_message.html?_=1631668478096&CODE_STATE=getMsg HTTP/1.1" 200 27
116.232.55.15 - - [15/Sep/2021:09:14:41 +0800] "GET /xingrg/all/function/internal_message.html?_=1631668478882&CODE_STATE=getMsg HTTP/1.1" 200 27
116.232.55.15 - - [15/Sep/2021:09:14:42 +0800] "GET /xingrg/check_reg.html?_=1631668478884 HTTP/1.1" 200 22
116.238.248.233 - - [15/Sep/2021:09:14:43 +0800] "GET /xingrg/kc/buy/cgsh_order_list.html HTTP/1.1" 200 47748
116.238.248.233 - - [15/Sep/2021:09:14:43 +0800] "POST /xingrg/kc/buy/cgsh_list_operate.html HTTP/1.1" 200 876
58.37.227.186 - - [15/Sep/2021:09:14:44 +0800] "GET /xingrg/all/function/internal_message.html?_=1631668352329&CODE_STATE=getMsg HTTP/1.1" 200 27
222.70.246.151 - - [15/Sep/2021:09:14:45 +0800] "GET /xingrg/all/function/internal_message.html?_=1631668491173&CODE_STATE=getMsg HTTP/1.1" 200 27
116.238.168.124 - - [15/Sep/2021:09:14:46 +0800] "POST /xingrg/kc/buy/cgsh_list_operate.html HTTP/1.1" 200 5999
114.85.125.222 - - [15/Sep/2021:09:14:48 +0800] "GET /xingrg/kc/buy/cgsh_order_operate.html?command=get_materiel&rest_code=00151&code=00101008286&supplier_code=00100007&order_time=2021-09-15 HTTP/1.1" 200 408
180.169.147.146 - - [15/Sep/2021:09:14:49 +0800] "GET /xingrg/all/function/internal_message.html?_=1631668489085&CODE_STATE=getMsg HTTP/1.1" 200 27
116.232.55.15 - - [15/Sep/2021:09:14:51 +0800] "GET /xingrg/kc/print/load_config.html?kc_code=cgsh HTTP/1.1" 200 2076
116.238.168.124 - - [15/Sep/2021:09:14:51 +0800] "POST /xingrg/kc/buy/cgsh_list_operate.html HTTP/1.1" 200 6031
116.232.55.15 - - [15/Sep/2021:09:14:51 +0800] "GET /xingrg/kc/print/load_data.html?order_code=212021091506291&kc_code=cgsh&condition= HTTP/1.1" 200 12555
116.238.248.233 - - [15/Sep/2021:09:14:54 +0800] "POST /xingrg/all/user/operate.html HTTP/1.1" 200 36
116.238.248.233 - - [15/Sep/2021:09:14:54 +0800] "GET /xingrg/index.html?sysBaseUrl=http%3A%2F%2F180.169.147.146%3A18081%2Fxingrg%2F&costTime=127×tamp=1631668318655 HTTP/1.1" 200 17179
116.238.248.233 - - [15/Sep/2021:09:14:54 +0800] "GET /xingrg/javascript/jquery_easy_ui/themes/default/easyui.css HTTP/1.1" 304 -
116.238.248.233 - - [15/Sep/2021:09:14:54 +0800] "GET /xingrg/javascript/jquery_easy_ui/themes/icon.css HTTP/1.1" 304 -
116.238.248.233 - - [15/Sep/2021:09:14:54 +0800] "GET /xingrg/css/form.css HTTP/1.1" 304 -
116.238.248.233 - - [15/Sep/2021:09:14:54 +0800] "GET /xingrg/javascript/jquery-1.4.2.min.js HTTP/1.1" 304 -
116.238.248.233 - - [15/Sep/2021:09:14:54 +0800] "GET /xingrg/javascript/jquery_easy_ui/jquery.easyui.min.js HTTP/1.1" 304 -
116.238.248.233 - - [15/Sep/2021:09:14:54 +0800] "GET /xingrg/javascript/jquery_easy_ui/easyui-lang-zh_CN.js HTTP/1.1" 304 -
116.238.248.233 - - [15/Sep/2021:09:14:54 +0800] "GET /xingrg/javascript/jquery.form.js HTTP/1.1" 304 -
116.238.248.233 - - [15/Sep/2021:09:14:54 +0800] "GET /xingrg/javascript/jquery.utils.js HTTP/1.1" 304 -
116.238.248.233 - - [15/Sep/2021:09:14:54 +0800] "GET /xingrg/javascript/jquery.timers.js HTTP/1.1" 304 -
116.238.248.233 - - [15/Sep/2021:09:14:54 +0800] "GET /xingrg/images/blue/jxLogo.png HTTP/1.1" 304 -
116.238.248.233 - - [15/Sep/2021:09:14:54 +0800] "GET /xingrg/javascript/jquery_easy_ui/themes/icons/settle_new.png HTTP/1.1" 304 -
116.238.248.233 - - [15/Sep/2021:09:14:54 +0800] "GET /xingrg/images/blue/navBackgound.jpg HTTP/1.1" 304 -
116.238.248.233 - - [15/Sep/2021:09:14:54 +0800] "POST /xingrg/all/common/load_tree.html?tree=area_rest_tree_json&manage=1 HTTP/1.1" 200 476
116.238.248.233 - - [15/Sep/2021:09:14:54 +0800] "GET /xingrg/all/function/internal_message.html?_=1631668490792&CODE_STATE=count HTTP/1.1" 200 11
116.238.248.233 - - [15/Sep/2021:09:14:54 +0800] "GET /xingrg/check_reg.html?_=1631668490792 HTTP/1.1" 200 22
116.238.248.233 - - [15/Sep/2021:09:14:54 +0800] "GET /xingrg/images/blue/pingpu.png HTTP/1.1" 304 -
116.238.248.233 - - [15/Sep/2021:09:14:54 +0800] "GET /xingrg/javascript/jquery_easy_ui/themes/default/images/panel_tool_collapse.gif HTTP/1.1" 304 -
116.238.248.233 - - [15/Sep/2021:09:14:54 +0800] "GET /xingrg/javascript/jquery_easy_ui/themes/default/images/tabs_rightarrow.png HTTP/1.1" 304 -
116.238.248.233 - - [15/Sep/2021:09:14:54 +0800] "GET /xingrg/javascript/jquery_easy_ui/themes/default/images/tabs_leftarrow.png HTTP/1.1" 304 -
116.238.168.124 - - [15/Sep/2021:09:14:54 +0800] "GET /xingrg/all/function/internal_message.html?_=1631668470220&CODE_STATE=getMsg HTTP/1.1" 200 27
116.238.248.233 - - [15/Sep/2021:09:14:54 +0800] "POST /xingrg/load_menu.html HTTP/1.1" 200 5138
114.85.125.222 - - [15/Sep/2021:09:14:55 +0800] "GET /xingrg/kc/buy/cgsh_order_operate.html?command=get_materiel&rest_code=00151&code=00101012039&supplier_code=00100007&order_time=2021-09-15 HTTP/1.1" 200 408
116.230.105.26 - - [15/Sep/2021:09:14:55 +0800] "GET /xingrg/all/function/internal_message.html?_=1631668483256&CODE_STATE=getMsg HTTP/1.1" 200 27
116.238.168.124 - - [15/Sep/2021:09:14:56 +0800] "POST /xingrg/kc/buy/cgsh_list_operate.html HTTP/1.1" 200 6057
58.37.227.186 - - [15/Sep/2021:09:14:57 +0800] "GET /xingrg/all/function/internal_message.html?_=1631668365309&CODE_STATE=getMsg HTTP/1.1" 200 27
116.238.248.233 - - [15/Sep/2021:09:14:57 +0800] "GET /xingrg/kc/buy/cgsh_order_list.html HTTP/1.1" 200 47750
101.83.145.79 - - [15/Sep/2021:09:14:58 +0800] "GET /xingrg/kc/buy/cgsh_order_operate.html?command=get_materiel&rest_code=00105&code=00101008163&supplier_code=00100203&order_time=2021-09-15 HTTP/1.1" 200 409
116.238.248.233 - - [15/Sep/2021:09:14:58 +0800] "POST /xingrg/kc/buy/cgsh_list_operate.html HTTP/1.1" 200 1709
116.238.248.233 - - [15/Sep/2021:09:15:00 +0800] "GET /xingrg/kc/buy/cgsh_order_add.html HTTP/1.1" 200 63406
116.238.248.233 - - [15/Sep/2021:09:15:01 +0800] "POST /xingrg/kc/buy/cgsh_order_operate.html HTTP/1.1" 200 8245
116.238.248.233 - - [15/Sep/2021:09:15:01 +0800] "GET /xingrg/all/common/auto_word.html?type=employee&rest_code=00150 HTTP/1.1" 200 205
116.238.248.233 - - [15/Sep/2021:09:15:01 +0800] "GET /xingrg/all/common/auto_word.html?type=employee&rest_code=00150 HTTP/1.1" 200 205
116.238.248.233 - - [15/Sep/2021:09:15:01 +0800] "GET /xingrg/javascript/easyui/themes/default/validatebox.css HTTP/1.1" 404 1104
116.238.168.124 - - [15/Sep/2021:09:15:01 +0800] "POST /xingrg/kc/buy/cgsh_list_operate.html HTTP/1.1" 200 5898
116.238.248.233 - - [15/Sep/2021:09:15:02 +0800] "GET /xingrg/javascript/auto/indicator.gif HTTP/1.1" 404 1066
222.69.128.69 - - [15/Sep/2021:09:15:05 +0800] "GET /xingrg/all/function/internal_message.html?_=1631668502629&CODE_STATE=getMsg HTTP/1.1" 200 27
222.69.128.69 - - [15/Sep/2021:09:15:05 +0800] "GET /xingrg/check_reg.html?_=1631668502632 HTTP/1.1" 200 22
180.169.147.146 - - [15/Sep/2021:09:15:05 +0800] "GET /xingrg/all/function/internal_message.html?_=1631668536967&CODE_STATE=getMsg HTTP/1.1" 200 27
101.83.145.79 - - [15/Sep/2021:09:15:06 +0800] "GET /xingrg/all/function/internal_message.html?_=1631668504852&CODE_STATE=getMsg HTTP/1.1" 200 27
114.85.125.222 - - [15/Sep/2021:09:15:06 +0800] "GET /xingrg/kc/buy/cgsh_order_operate.html?command=get_materiel&rest_code=00151&code=00101016025&supplier_code=00100007&order_time=2021-09-15 HTTP/1.1" 200 408
58.37.227.186 - - [15/Sep/2021:09:15:08 +0800] "GET /xingrg/login.html HTTP/1.1" 200 7641
58.37.227.186 - - [15/Sep/2021:09:15:08 +0800] "GET /favicon.ico HTTP/1.1" 404 -
116.238.168.124 - - [15/Sep/2021:09:15:08 +0800] "POST /xingrg/kc/buy/cgsh_list_operate.html HTTP/1.1" 200 6002
180.169.147.146 - - [15/Sep/2021:09:15:11 +0800] "GET /xingrg/all/function/internal_message.html?_=1631668510654&CODE_STATE=getMsg HTTP/1.1" 200 27
114.85.125.222 - - [15/Sep/2021:09:15:14 +0800] "GET /xingrg/kc/buy/cgsh_order_operate.html?command=get_materiel&rest_code=00151&code=00101008362&supplier_code=00100007&order_time=2021-09-15 HTTP/1.1" 200 408
116.238.168.124 - - [15/Sep/2021:09:15:15 +0800] "POST /xingrg/kc/buy/cgsh_list_operate.html HTTP/1.1" 200 5990
101.83.145.79 - - [15/Sep/2021:09:15:18 +0800] "GET /xingrg/kc/buy/cgsh_order_operate.html?command=get_materiel&rest_code=00105&code=00101008355&supplier_code=00100203&order_time=2021-09-15 HTTP/1.1" 200 408
58.37.227.186 - - [15/Sep/2021:09:15:20 +0800] "POST /xingrg/login.do HTTP/1.1" 302 -
58.37.227.186 - - [15/Sep/2021:09:15:20 +0800] "GET /xingrg/index.html?sysBaseUrl=http%3A%2F%2F180.169.147.146%3A18081%2Fxingrg%2F&costTime=36×tamp=1631668520352 HTTP/1.1" 200 17179
58.37.227.186 - - [15/Sep/2021:09:15:20 +0800] "GET /favicon.ico HTTP/1.1" 404 -
58.37.227.186 - - [15/Sep/2021:09:15:20 +0800] "POST /xingrg/all/common/load_tree.html?tree=area_rest_tree_json&manage=1 HTTP/1.1" 200 351
58.37.227.186 - - [15/Sep/2021:09:15:20 +0800] "GET /xingrg/check_reg.html?_=1631668388813 HTTP/1.1" 200 22
58.37.227.186 - - [15/Sep/2021:09:15:20 +0800] "GET /xingrg/all/function/internal_message.html?_=1631668388813&CODE_STATE=count HTTP/1.1" 200 11
58.37.227.186 - - [15/Sep/2021:09:15:20 +0800] "POST /xingrg/load_menu.html HTTP/1.1" 200 5138
116.238.168.124 - - [15/Sep/2021:09:15:20 +0800] "POST /xingrg/kc/buy/cgsh_list_operate.html HTTP/1.1" 200 6032
114.85.125.222 - - [15/Sep/2021:09:15:21 +0800] "GET /xingrg/kc/buy/cgsh_order_operate.html?command=get_materiel&rest_code=00151&code=00101008137&supplier_code=00100007&order_time=2021-09-15 HTTP/1.1" 200 408
58.37.227.186 - - [15/Sep/2021:09:15:22 +0800] "GET /xingrg/kc/buy/buy_main.html HTTP/1.1" 200 12412
58.37.227.186 - - [15/Sep/2021:09:15:22 +0800] "GET /xingrg/css/new_ie.css HTTP/1.1" 404 1036
58.37.227.186 - - [15/Sep/2021:09:15:22 +0800] "GET /xingrg/images/yd/bt.gif HTTP/1.1" 404 1040
58.37.227.186 - - [15/Sep/2021:09:15:22 +0800] "GET /xingrg/kc/buy/cgsh_order_list.html HTTP/1.1" 200 47750
114.85.125.222 - - [15/Sep/2021:09:15:24 +0800] "GET /xingrg/all/function/internal_message.html?_=1631668508047&CODE_STATE=getMsg HTTP/1.1" 200 27
58.37.227.186 - - [15/Sep/2021:09:15:24 +0800] "POST /xingrg/kc/buy/cgsh_list_operate.html HTTP/1.1" 200 1699
116.238.168.124 - - [15/Sep/2021:09:15:26 +0800] "POST /xingrg/kc/buy/cgsh_list_operate.html HTTP/1.1" 200 5850
114.85.125.222 - - [15/Sep/2021:09:15:27 +0800] "GET /xingrg/kc/buy/cgsh_order_operate.html?command=get_materiel&rest_code=00151&code=00101008096&supplier_code=00100007&order_time=2021-09-15 HTTP/1.1" 200 412
101.83.145.79 - - [15/Sep/2021:09:15:27 +0800] "GET /xingrg/all/function/internal_message.html?_=1631668472150&CODE_STATE=getMsg HTTP/1.1" 200 27
58.37.227.186 - - [15/Sep/2021:09:15:29 +0800] "GET /xingrg/javascript/jquery_tools/images/next.gif HTTP/1.1" 404 1086
58.37.227.186 - - [15/Sep/2021:09:15:29 +0800] "GET /xingrg/javascript/jquery_tools/images/prev.gif HTTP/1.1" 404 1086
116.238.168.124 - - [15/Sep/2021:09:15:32 +0800] "POST /xingrg/kc/buy/cgsh_list_operate.html HTTP/1.1" 200 6041
58.221.95.50 - - [15/Sep/2021:09:15:32 +0800] "GET /xingrg/all/function/internal_message.html?_=1631668529942&CODE_STATE=getMsg HTTP/1.1" 200 27
114.85.125.222 - - [15/Sep/2021:09:15:33 +0800] "GET /xingrg/kc/buy/cgsh_order_operate.html?command=get_materiel&rest_code=00151&code=00101008033&supplier_code=00100007&order_time=2021-09-15 HTTP/1.1" 200 408
222.70.179.190 - - [15/Sep/2021:09:15:33 +0800] "GET /xingrg/all/function/internal_message.html?_=1631668529451&CODE_STATE=getMsg HTTP/1.1" 200 27
58.37.227.186 - - [15/Sep/2021:09:15:34 +0800] "POST /xingrg/kc/buy/cgsh_list_operate.html HTTP/1.1" 200 1713
58.37.227.186 - - [15/Sep/2021:09:15:37 +0800] "POST /xingrg/kc/buy/cgsh_list_operate.html HTTP/1.1" 200 354
120.253.135.82 - - [15/Sep/2021:09:15:37 +0800] "GET /xingrg/all/function/internal_message.html?_=1631668307570&CODE_STATE=getMsg HTTP/1.1" 200 27
116.238.168.124 - - [15/Sep/2021:09:15:38 +0800] "POST /xingrg/kc/buy/cgsh_list_operate.html HTTP/1.1" 200 6048
58.37.227.186 - - [15/Sep/2021:09:15:39 +0800] "GET /xingrg/kc/buy/cgsh_order_info.html?code=212021091506290 HTTP/1.1" 200 58397
58.37.227.186 - - [15/Sep/2021:09:15:39 +0800] "GET /xingrg/javascript/easyui/themes/default/validatebox.css HTTP/1.1" 404 1104
114.85.125.222 - - [15/Sep/2021:09:15:39 +0800] "POST /xingrg/kc/buy/cgsh_order_operate.html HTTP/1.1" 200 37
58.37.227.186 - - [15/Sep/2021:09:15:40 +0800] "POST /xingrg/kc/buy/cgsh_order_operate.html HTTP/1.1" 200 1793
116.238.248.233 - - [15/Sep/2021:09:15:41 +0800] "GET /xingrg/kc/buy/cgsh_order_operate.html?command=get_materiel&rest_code=00150&code=00101009109&supplier_code=00100424&order_time=2021-09-15 HTTP/1.1" 200 399
114.85.125.222 - - [15/Sep/2021:09:15:41 +0800] "POST /xingrg/kc/buy/cgsh_order_operate.html HTTP/1.1" 200 14052
172.20.0.100 - - [15/Sep/2021:09:15:41 +0800] "GET /xingrg/all/function/internal_message.html?_=1631668538098&CODE_STATE=getMsg HTTP/1.1" 200 27
58.37.227.186 - - [15/Sep/2021:09:15:41 +0800] "GET /xingrg/kc/print/load_config.html?kc_code=cgsh HTTP/1.1" 200 2076
58.37.227.186 - - [15/Sep/2021:09:15:41 +0800] "GET /xingrg/kc/print/load_data.html?order_code=212021091506290&kc_code=cgsh&condition= HTTP/1.1" 200 1211
116.232.55.15 - - [15/Sep/2021:09:15:41 +0800] "GET /xingrg/all/function/internal_message.html?_=1631668538881&CODE_STATE=getMsg HTTP/1.1" 200 27
58.37.227.186 - - [15/Sep/2021:09:15:44 +0800] "GET /xingrg/all/function/internal_message.html?_=1631668412301&CODE_STATE=getMsg HTTP/1.1" 200 27
116.238.168.124 - - [15/Sep/2021:09:15:44 +0800] "POST /xingrg/kc/buy/cgsh_list_operate.html HTTP/1.1" 200 6010
222.70.246.151 - - [15/Sep/2021:09:15:45 +0800] "GET /xingrg/all/function/internal_message.html?_=1631668551284&CODE_STATE=getMsg HTTP/1.1" 200 27
180.169.147.146 - - [15/Sep/2021:09:15:49 +0800] "GET /xingrg/all/function/internal_message.html?_=1631668549087&CODE_STATE=getMsg HTTP/1.1" 200 27
116.238.168.124 - - [15/Sep/2021:09:15:49 +0800] "POST /xingrg/kc/buy/cgsh_list_operate.html HTTP/1.1" 200 6034
58.37.227.186 - - [15/Sep/2021:09:15:52 +0800] "GET /xingrg/kc/buy/cgsh_order_add.html HTTP/1.1" 200 63488
58.37.227.186 - - [15/Sep/2021:09:15:53 +0800] "POST /xingrg/kc/buy/cgsh_order_operate.html HTTP/1.1" 200 8245
58.37.227.186 - - [15/Sep/2021:09:15:53 +0800] "GET /xingrg/all/common/auto_word.html?type=employee&rest_code=00141 HTTP/1.1" 200 201
58.37.227.186 - - [15/Sep/2021:09:15:53 +0800] "GET /xingrg/all/common/auto_word.html?type=employee&rest_code=00141 HTTP/1.1" 200 201
58.37.227.186 - - [15/Sep/2021:09:15:53 +0800] "GET /xingrg/javascript/easyui/themes/default/validatebox.css HTTP/1.1" 404 1104
116.238.248.233 - - [15/Sep/2021:09:15:53 +0800] "GET /xingrg/kc/buy/cgsh_order_operate.html?command=get_materiel&rest_code=00150&code=00101009062&supplier_code=00100424&order_time=2021-09-15 HTTP/1.1" 200 412
58.37.227.186 - - [15/Sep/2021:09:15:54 +0800] "GET /xingrg/javascript/auto/indicator.gif HTTP/1.1" 404 1066
116.238.168.124 - - [15/Sep/2021:09:15:54 +0800] "POST /xingrg/kc/buy/cgsh_list_operate.html HTTP/1.1" 200 5905
116.238.248.233 - - [15/Sep/2021:09:15:54 +0800] "GET /xingrg/all/function/internal_message.html?_=1631668550800&CODE_STATE=getMsg HTTP/1.1" 200 27
116.238.168.124 - - [15/Sep/2021:09:15:54 +0800] "GET /xingrg/all/function/internal_message.html?_=1631668530234&CODE_STATE=getMsg HTTP/1.1" 200 27
114.85.125.222 - - [15/Sep/2021:09:15:54 +0800] "GET /xingrg/kc/buy/cgsh_order_operate.html?command=get_materiel&rest_code=00151&code=00101008131&supplier_code=00100007&order_time=2021-09-15 HTTP/1.1" 200 408
116.230.105.26 - - [15/Sep/2021:09:15:55 +0800] "GET /xingrg/all/function/internal_message.html?_=1631668543233&CODE_STATE=getMsg HTTP/1.1" 200 27
116.238.168.124 - - [15/Sep/2021:09:15:59 +0800] "POST /xingrg/kc/buy/cgsh_list_operate.html HTTP/1.1" 200 623
116.238.248.233 - - [15/Sep/2021:09:16:00 +0800] "GET /xingrg/kc/buy/cgsh_order_operate.html?command=get_materiel&rest_code=00150&code=00101009011&supplier_code=00100424&order_time=2021-09-15 HTTP/1.1" 200 416
116.238.168.124 - - [15/Sep/2021:09:16:02 +0800] "GET /xingrg/kc/buy/cgsh_order_info.html?code=212021082009156 HTTP/1.1" 200 58350
114.85.125.222 - - [15/Sep/2021:09:16:02 +0800] "GET /xingrg/kc/buy/cgsh_order_operate.html?command=get_materiel&rest_code=00151&code=00101008102&supplier_code=00100007&order_time=2021-09-15 HTTP/1.1" 200 413
116.238.168.124 - - [15/Sep/2021:09:16:03 +0800] "GET /xingrg/javascript/easyui/themes/default/validatebox.css HTTP/1.1" 404 1104
116.238.168.124 - - [15/Sep/2021:09:16:03 +0800] "POST /xingrg/kc/buy/cgsh_order_operate.html HTTP/1.1" 200 3631
222.69.128.69 - - [15/Sep/2021:09:16:05 +0800] "GET /xingrg/all/function/internal_message.html?_=1631668562632&CODE_STATE=getMsg HTTP/1.1" 200 27
180.169.147.146 - - [15/Sep/2021:09:16:05 +0800] "GET /xingrg/check_reg.html?_=1631668596951 HTTP/1.1" 200 22
180.169.147.146 - - [15/Sep/2021:09:16:05 +0800] "GET /xingrg/all/function/internal_message.html?_=1631668596955&CODE_STATE=getMsg HTTP/1.1" 200 27
101.83.145.79 - - [15/Sep/2021:09:16:06 +0800] "GET /xingrg/all/function/internal_message.html?_=1631668564866&CODE_STATE=getMsg HTTP/1.1" 200 27
116.238.248.233 - - [15/Sep/2021:09:16:06 +0800] "GET /xingrg/kc/buy/cgsh_order_operate.html?command=get_materiel&rest_code=00150&code=00101009007&supplier_code=00100424&order_time=2021-09-15 HTTP/1.1" 200 408
114.85.125.222 - - [15/Sep/2021:09:16:08 +0800] "GET /xingrg/kc/buy/cgsh_order_operate.html?command=get_materiel&rest_code=00151&code=00101008069&supplier_code=00100007&order_time=2021-09-15 HTTP/1.1" 200 412
58.37.227.186 - - [15/Sep/2021:09:16:10 +0800] "GET /xingrg/kc/buy/cgsh_order_operate.html?command=get_materiel&rest_code=00141&code=00101011005&supplier_code=00100036&order_time=2021-09-15 HTTP/1.1" 200 429
180.169.147.146 - - [15/Sep/2021:09:16:11 +0800] "GET /xingrg/all/function/internal_message.html?_=1631668570659&CODE_STATE=getMsg HTTP/1.1" 200 27
116.238.248.233 - - [15/Sep/2021:09:16:13 +0800] "GET /xingrg/kc/buy/cgsh_order_operate.html?command=get_materiel&rest_code=00150&code=00101009016&supplier_code=00100424&order_time=2021-09-15 HTTP/1.1" 200 412
116.238.168.124 - - [15/Sep/2021:09:16:14 +0800] "POST /xingrg/kc/buy/cgsh_list_operate.html HTTP/1.1" 200 272
114.85.125.222 - - [15/Sep/2021:09:16:16 +0800] "GET /xingrg/kc/buy/cgsh_order_operate.html?command=get_materiel&rest_code=00151&code=00101008312&supplier_code=00100007&order_time=2021-09-15 HTTP/1.1" 200 412
116.238.168.124 - - [15/Sep/2021:09:16:17 +0800] "POST /xingrg/kc/buy/cgsh_list_operate.html HTTP/1.1" 200 272
58.37.227.186 - - [15/Sep/2021:09:16:20 +0800] "GET /xingrg/all/function/internal_message.html?_=1631668448824&CODE_STATE=getMsg HTTP/1.1" 200 27
58.37.227.186 - - [15/Sep/2021:09:16:22 +0800] "GET /xingrg/kc/buy/cgsh_order_operate.html?command=get_materiel&rest_code=00141&code=00101020115&supplier_code=00100036&order_time=2021-09-15 HTTP/1.1" 200 409
114.85.125.222 - - [15/Sep/2021:09:16:24 +0800] "GET /xingrg/all/function/internal_message.html?_=1631668568133&CODE_STATE=getMsg HTTP/1.1" 200 27
101.83.145.79 - - [15/Sep/2021:09:16:27 +0800] "GET /xingrg/check_reg.html?_=1631668532143 HTTP/1.1" 200 22
101.83.145.79 - - [15/Sep/2021:09:16:27 +0800] "GET /xingrg/all/function/internal_message.html?_=1631668532145&CODE_STATE=getMsg HTTP/1.1" 200 27
101.83.145.79 - - [15/Sep/2021:09:16:30 +0800] "GET /xingrg/kc/buy/cgsh_order_operate.html?command=get_materiel&rest_code=00105&code=00101008356&supplier_code=00100203&order_time=2021-09-15 HTTP/1.1" 200 408
114.85.125.222 - - [15/Sep/2021:09:16:31 +0800] "GET /xingrg/kc/buy/cgsh_order_operate.html?command=get_materiel&rest_code=00151&code=00101008353&supplier_code=00100007&order_time=2021-09-15 HTTP/1.1" 200 408
116.238.168.124 - - [15/Sep/2021:09:16:31 +0800] "GET /xingrg/kc/base/wldb_order_list.html HTTP/1.1" 200 19224
116.238.168.124 - - [15/Sep/2021:09:16:32 +0800] "POST /xingrg/kc/base/wldb_list_operate.html HTTP/1.1" 200 928
58.221.95.50 - - [15/Sep/2021:09:16:32 +0800] "GET /xingrg/all/function/internal_message.html?_=1631668589927&CODE_STATE=getMsg HTTP/1.1" 200 27
58.221.95.50 - - [15/Sep/2021:09:16:32 +0800] "GET /xingrg/check_reg.html?_=1631668590008 HTTP/1.1" 200 22
222.70.179.190 - - [15/Sep/2021:09:16:33 +0800] "GET /xingrg/all/function/internal_message.html?_=1631668589468&CODE_STATE=getMsg HTTP/1.1" 200 27
116.232.55.15 - - [15/Sep/2021:09:16:35 +0800] "GET /xingrg/kc/buy/cgsh_order_add.html HTTP/1.1" 200 63523
116.232.55.15 - - [15/Sep/2021:09:16:35 +0800] "POST /xingrg/kc/buy/cgsh_order_operate.html HTTP/1.1" 200 8245
116.232.55.15 - - [15/Sep/2021:09:16:35 +0800] "GET /xingrg/all/common/auto_word.html?type=employee&rest_code=00109 HTTP/1.1" 200 255
116.232.55.15 - - [15/Sep/2021:09:16:35 +0800] "GET /xingrg/all/common/auto_word.html?type=employee&rest_code=00109 HTTP/1.1" 200 255
116.232.55.15 - - [15/Sep/2021:09:16:35 +0800] "GET /xingrg/javascript/easyui/themes/default/validatebox.css HTTP/1.1" 404 1104
120.253.135.82 - - [15/Sep/2021:09:16:37 +0800] "GET /xingrg/all/function/internal_message.html?_=1631668367570&CODE_STATE=getMsg HTTP/1.1" 200 27
114.85.125.222 - - [15/Sep/2021:09:16:40 +0800] "POST /xingrg/kc/buy/cgsh_order_operate.html HTTP/1.1" 200 37
58.37.227.186 - - [15/Sep/2021:09:16:41 +0800] "GET /xingrg/kc/buy/cgsh_order_operate.html?command=get_materiel&rest_code=00141&code=00101016025&supplier_code=00100036&order_time=2021-09-15 HTTP/1.1" 200 408
116.238.168.124 - - [15/Sep/2021:09:16:41 +0800] "GET /xingrg/kc/base/yddb_order_list.html HTTP/1.1" 200 16830
172.20.0.100 - - [15/Sep/2021:09:16:41 +0800] "GET /xingrg/all/function/internal_message.html?_=1631668598101&CODE_STATE=getMsg HTTP/1.1" 200 27
114.85.125.222 - - [15/Sep/2021:09:16:41 +0800] "POST /xingrg/kc/buy/cgsh_order_operate.html HTTP/1.1" 200 17044
116.238.168.124 - - [15/Sep/2021:09:16:41 +0800] "POST /xingrg/kc/base/yddb_list_operate.html HTTP/1.1" 200 1577
116.232.55.15 - - [15/Sep/2021:09:16:41 +0800] "GET /xingrg/all/function/internal_message.html?_=1631668598894&CODE_STATE=getMsg HTTP/1.1" 200 27
116.232.55.15 - - [15/Sep/2021:09:16:43 +0800] "GET /xingrg/kc/buy/cgsh_order_operate.html?command=get_materiel&rest_code=00109&code=00101012026&supplier_code=00100035&order_time=2021-09-15 HTTP/1.1" 200 408
58.37.227.186 - - [15/Sep/2021:09:16:44 +0800] "GET /xingrg/all/function/internal_message.html?_=1631668472280&CODE_STATE=getMsg HTTP/1.1" 200 27
116.238.168.124 - - [15/Sep/2021:09:16:45 +0800] "POST /xingrg/kc/base/yddb_list_operate.html HTTP/1.1" 200 223
222.70.246.151 - - [15/Sep/2021:09:16:45 +0800] "GET /xingrg/all/function/internal_message.html?_=1631668611293&CODE_STATE=getMsg HTTP/1.1" 200 27
116.238.168.124 - - [15/Sep/2021:09:16:45 +0800] "GET /xingrg/kc/base/yddb_order_info.html?code=482021091500171 HTTP/1.1" 200 31328
116.238.168.124 - - [15/Sep/2021:09:16:45 +0800] "GET /xingrg/dwr/interface/AjaxYddbService.js HTTP/1.1" 200 13201
116.238.168.124 - - [15/Sep/2021:09:16:45 +0800] "GET /xingrg/dwr/interface/AjaxComOrderService.js HTTP/1.1" 200 18264
116.238.168.124 - - [15/Sep/2021:09:16:45 +0800] "GET /xingrg/dwr/engine.js HTTP/1.1" 200 43631
116.238.168.124 - - [15/Sep/2021:09:16:46 +0800] "POST /xingrg/dwr/call/plaincall/AjaxYddbService.loadMaterielItems.dwr HTTP/1.1" 200 427
180.169.147.146 - - [15/Sep/2021:09:16:49 +0800] "GET /xingrg/all/function/internal_message.html?_=1631668609086&CODE_STATE=getMsg HTTP/1.1" 200 27
116.238.168.124 - - [15/Sep/2021:09:16:53 +0800] "GET /xingrg/check_reg.html?_=1631668589250 HTTP/1.1" 200 22
116.238.248.233 - - [15/Sep/2021:09:16:54 +0800] "GET /xingrg/all/function/internal_message.html?_=1631668610803&CODE_STATE=getMsg HTTP/1.1" 200 27
183.192.93.182 - - [15/Sep/2021:09:16:55 +0800] "GET /xingrg/check_reg.html?_=1631668613475 HTTP/1.1" 302 -
183.192.93.182 - - [15/Sep/2021:09:16:55 +0800] "GET /xingrg/login.html HTTP/1.1" 200 7641
116.230.105.26 - - [15/Sep/2021:09:16:55 +0800] "GET /xingrg/all/function/internal_message.html?_=1631668603206&CODE_STATE=getMsg HTTP/1.1" 200 27
116.238.248.233 - - [15/Sep/2021:09:16:55 +0800] "POST /xingrg/kc/buy/cgsh_order_operate.html HTTP/1.1" 200 37
116.238.248.233 - - [15/Sep/2021:09:16:57 +0800] "POST /xingrg/kc/buy/cgsh_order_operate.html HTTP/1.1" 200 6198
58.37.227.186 - - [15/Sep/2021:09:16:57 +0800] "GET /xingrg/kc/buy/cgsh_order_operate.html?command=get_materiel&rest_code=00141&code=00101012044&supplier_code=00100036&order_time=2021-09-15 HTTP/1.1" 200 409
116.232.55.15 - - [15/Sep/2021:09:16:57 +0800] "GET /xingrg/kc/buy/cgsh_order_operate.html?command=get_materiel&rest_code=00109&code=00101012044&supplier_code=00100035&order_time=2021-09-15 HTTP/1.1" 200 408
114.85.125.222 - - [15/Sep/2021:09:16:59 +0800] "GET /xingrg/kc/buy/cgsh_order_operate.html?command=get_materiel&rest_code=00151&code=00101008036&supplier_code=00100007&order_time=2021-09-15 HTTP/1.1" 200 408
120.253.135.82 - - [15/Sep/2021:09:17:00 +0800] "GET /xingrg/check_reg.html?_=1631668390360 HTTP/1.1" 200 22
116.232.55.15 - - [15/Sep/2021:09:17:04 +0800] "GET /xingrg/kc/buy/cgsh_order_operate.html?command=get_materiel&rest_code=00109&code=00101012003&supplier_code=00100035&order_time=2021-09-15 HTTP/1.1" 200 412
222.69.128.69 - - [15/Sep/2021:09:17:05 +0800] "GET /xingrg/all/function/internal_message.html?_=1631668622640&CODE_STATE=getMsg HTTP/1.1" 200 27
116.238.168.124 - - [15/Sep/2021:09:17:05 +0800] "POST /xingrg/dwr/call/plaincall/AjaxYddbService.removeMaterielItem.dwr HTTP/1.1" 200 78
180.169.147.146 - - [15/Sep/2021:09:17:05 +0800] "GET /xingrg/all/function/internal_message.html?_=1631668656955&CODE_STATE=getMsg HTTP/1.1" 200 27
101.83.145.79 - - [15/Sep/2021:09:17:06 +0800] "GET /xingrg/all/function/internal_message.html?_=1631668624853&CODE_STATE=getMsg HTTP/1.1" 200 27
114.85.125.222 - - [15/Sep/2021:09:17:07 +0800] "GET /xingrg/kc/buy/cgsh_order_operate.html?command=get_materiel&rest_code=00151&code=00101008092&supplier_code=00100007&order_time=2021-09-15 HTTP/1.1" 200 412
101.83.145.79 - - [15/Sep/2021:09:17:07 +0800] "GET /xingrg/kc/buy/cgsh_order_operate.html?command=get_materiel&rest_code=00105&code=00101008196&supplier_code=00100203&order_time=2021-09-15 HTTP/1.1" 200 416
116.238.168.124 - - [15/Sep/2021:09:17:08 +0800] "POST /xingrg/dwr/call/plaincall/AjaxComOrderService.getMaterielSearchList.dwr HTTP/1.1" 200 11019
116.238.168.124 - - [15/Sep/2021:09:17:09 +0800] "POST /xingrg/dwr/call/plaincall/AjaxComOrderService.getMaterielSearchList.dwr HTTP/1.1" 200 4295
58.37.227.186 - - [15/Sep/2021:09:17:09 +0800] "GET /xingrg/kc/buy/cgsh_order_operate.html?command=get_materiel&rest_code=00141&code=00101016053&supplier_code=00100036&order_time=2021-09-15 HTTP/1.1" 200 408
116.238.168.124 - - [15/Sep/2021:09:17:10 +0800] "POST /xingrg/dwr/call/plaincall/AjaxComOrderService.getMaterielSearchList.dwr HTTP/1.1" 200 287
116.232.55.15 - - [15/Sep/2021:09:17:11 +0800] "GET /xingrg/kc/buy/cgsh_order_operate.html?command=get_materiel&rest_code=00109&code=00101012029&supplier_code=00100035&order_time=2021-09-15 HTTP/1.1" 200 412
180.169.147.146 - - [15/Sep/2021:09:17:11 +0800] "GET /xingrg/all/function/internal_message.html?_=1631668630659&CODE_STATE=getMsg HTTP/1.1" 200 27
180.169.147.146 - - [15/Sep/2021:09:17:11 +0800] "GET /xingrg/check_reg.html?_=1631668630664 HTTP/1.1" 200 22
116.230.105.26 - - [15/Sep/2021:09:17:12 +0800] "GET /xingrg/check_reg.html?_=1631668619879 HTTP/1.1" 200 22
116.238.168.124 - - [15/Sep/2021:09:17:15 +0800] "GET /xingrg/images/yd/bt.gif HTTP/1.1" 404 1040
116.238.168.124 - - [15/Sep/2021:09:17:16 +0800] "GET /xingrg/all/function/internal_message.html?_=1631668612290&CODE_STATE=getMsg HTTP/1.1" 200 27
116.238.168.124 - - [15/Sep/2021:09:17:17 +0800] "POST /xingrg/dwr/call/plaincall/AjaxComOrderService.getMaterielSearchList.dwr HTTP/1.1" 200 4295
116.238.168.124 - - [15/Sep/2021:09:17:18 +0800] "POST /xingrg/dwr/call/plaincall/AjaxComOrderService.getMaterielSearchList.dwr HTTP/1.1" 200 11019
116.232.55.15 - - [15/Sep/2021:09:17:19 +0800] "GET /xingrg/kc/buy/cgsh_order_operate.html?command=get_materiel&rest_code=00109&code=00101016051&supplier_code=00100035&order_time=2021-09-15 HTTP/1.1" 200 408
116.238.168.124 - - [15/Sep/2021:09:17:19 +0800] "POST /xingrg/dwr/call/plaincall/AjaxComOrderService.getMaterielSearchList.dwr HTTP/1.1" 200 76
120.253.135.82 - - [15/Sep/2021:09:17:19 +0800] "GET /xingrg/kc/pszx/mdqp_order_list.html?state=10 HTTP/1.1" 200 10217
120.253.135.82 - - [15/Sep/2021:09:17:19 +0800] "GET /xingrg/dwr/interface/AjaxReportQueryService.js HTTP/1.1" 200 13203
120.253.135.82 - - [15/Sep/2021:09:17:19 +0800] "GET /xingrg/dwr/interface/AjaxQqpsService.js HTTP/1.1" 200 16326
120.253.135.82 - - [15/Sep/2021:09:17:19 +0800] "GET /xingrg/dwr/engine.js HTTP/1.1" 200 43631
116.238.168.124 - - [15/Sep/2021:09:17:20 +0800] "POST /xingrg/dwr/call/plaincall/AjaxComOrderService.getMaterielSearchList.dwr HTTP/1.1" 200 11019
58.37.227.186 - - [15/Sep/2021:09:17:20 +0800] "GET /xingrg/all/function/internal_message.html?_=1631668508854&CODE_STATE=getMsg HTTP/1.1" 200 27
116.238.168.124 - - [15/Sep/2021:09:17:21 +0800] "POST /xingrg/dwr/call/plaincall/AjaxComOrderService.getMaterielSearchList.dwr HTTP/1.1" 200 4295
116.238.168.124 - - [15/Sep/2021:09:17:21 +0800] "POST /xingrg/dwr/call/plaincall/AjaxComOrderService.getMaterielSearchList.dwr HTTP/1.1" 200 288
58.37.227.186 - - [15/Sep/2021:09:17:22 +0800] "GET /xingrg/kc/buy/cgsh_order_operate.html?command=get_materiel&rest_code=00141&code=00101011001&supplier_code=00100036&order_time=2021-09-15 HTTP/1.1" 200 423
116.238.168.124 - - [15/Sep/2021:09:17:23 +0800] "POST /xingrg/dwr/call/plaincall/AjaxYddbService.getMaterielByMap.dwr HTTP/1.1" 200 2631
114.85.125.222 - - [15/Sep/2021:09:17:25 +0800] "GET /xingrg/all/function/internal_message.html?_=1631668628192&CODE_STATE=getMsg HTTP/1.1" 200 27
116.232.55.15 - - [15/Sep/2021:09:17:27 +0800] "POST /xingrg/kc/buy/cgsh_order_operate.html HTTP/1.1" 200 37
114.85.125.222 - - [15/Sep/2021:09:17:27 +0800] "GET /xingrg/check_reg.html?_=1631668628011 HTTP/1.1" 200 22
101.83.145.79 - - [15/Sep/2021:09:17:27 +0800] "GET /xingrg/all/function/internal_message.html?_=1631668592146&CODE_STATE=getMsg HTTP/1.1" 200 27
114.85.125.222 - - [15/Sep/2021:09:17:28 +0800] "GET /xingrg/kc/buy/cgsh_order_operate.html?command=get_materiel&rest_code=00151&code=00101015076&supplier_code=00100007&order_time=2021-09-15 HTTP/1.1" 200 416
116.232.55.15 - - [15/Sep/2021:09:17:29 +0800] "POST /xingrg/kc/buy/cgsh_order_operate.html HTTP/1.1" 200 5014
116.232.55.15 - - [15/Sep/2021:09:17:30 +0800] "GET /xingrg/kc/print/load_config.html?kc_code=cgsh HTTP/1.1" 200 2076
116.232.55.15 - - [15/Sep/2021:09:17:30 +0800] "GET /xingrg/kc/print/load_data.html?order_code=212021091506296&kc_code=cgsh&condition= HTTP/1.1" 200 1568
116.238.168.124 - - [15/Sep/2021:09:17:32 +0800] "POST /xingrg/dwr/call/plaincall/AjaxYddbService.saveMaterielItem.dwr HTTP/1.1" 200 79
58.221.95.50 - - [15/Sep/2021:09:17:32 +0800] "GET /xingrg/all/function/internal_message.html?_=1631668649908&CODE_STATE=getMsg HTTP/1.1" 200 27
58.37.227.186 - - [15/Sep/2021:09:17:33 +0800] "GET /xingrg/kc/buy/cgsh_order_operate.html?command=get_materiel&rest_code=00141&code=00101007109&supplier_code=00100036&order_time=2021-09-15 HTTP/1.1" 200 408
222.70.179.190 - - [15/Sep/2021:09:17:33 +0800] "GET /xingrg/all/function/internal_message.html?_=1631668649465&CODE_STATE=getMsg HTTP/1.1" 200 27
114.85.125.222 - - [15/Sep/2021:09:17:35 +0800] "POST /xingrg/kc/buy/cgsh_order_operate.html HTTP/1.1" 200 37
120.253.135.82 - - [15/Sep/2021:09:17:37 +0800] "GET /xingrg/all/function/internal_message.html?_=1631668427841&CODE_STATE=getMsg HTTP/1.1" 200 27
114.85.125.222 - - [15/Sep/2021:09:17:38 +0800] "POST /xingrg/kc/buy/cgsh_order_operate.html HTTP/1.1" 200 19996
172.20.0.100 - - [15/Sep/2021:09:17:41 +0800] "GET /xingrg/all/function/internal_message.html?_=1631668658086&CODE_STATE=getMsg HTTP/1.1" 200 27
116.232.55.15 - - [15/Sep/2021:09:17:41 +0800] "GET /xingrg/all/function/internal_message.html?_=1631668658888&CODE_STATE=getMsg HTTP/1.1" 200 27
222.70.246.151 - - [15/Sep/2021:09:17:43 +0800] "GET /xingrg/check_reg.html?_=1631668669564 HTTP/1.1" 200 22
58.37.227.186 - - [15/Sep/2021:09:17:44 +0800] "GET /xingrg/all/function/internal_message.html?_=1631668532275&CODE_STATE=getMsg HTTP/1.1" 200 27
58.37.227.186 - - [15/Sep/2021:09:17:44 +0800] "GET /xingrg/check_reg.html?_=1631668532529 HTTP/1.1" 200 22
114.85.125.222 - - [15/Sep/2021:09:17:44 +0800] "GET /xingrg/kc/buy/cgsh_order_add.html HTTP/1.1" 200 63136
114.85.125.222 - - [15/Sep/2021:09:17:45 +0800] "POST /xingrg/kc/buy/cgsh_order_operate.html HTTP/1.1" 200 8245
222.70.246.151 - - [15/Sep/2021:09:17:45 +0800] "GET /xingrg/all/function/internal_message.html?_=1631668671307&CODE_STATE=getMsg HTTP/1.1" 200 27
114.85.125.222 - - [15/Sep/2021:09:17:45 +0800] "GET /xingrg/javascript/easyui/themes/default/validatebox.css HTTP/1.1" 404 1104
180.169.147.146 - - [15/Sep/2021:09:17:49 +0800] "GET /xingrg/all/function/internal_message.html?_=1631668669086&CODE_STATE=getMsg HTTP/1.1" 200 27
116.238.248.233 - - [15/Sep/2021:09:17:54 +0800] "GET /xingrg/all/function/internal_message.html?_=1631668670807&CODE_STATE=getMsg HTTP/1.1" 200 27
116.230.105.26 - - [15/Sep/2021:09:17:55 +0800] "GET /xingrg/all/function/internal_message.html?_=1631668663181&CODE_STATE=getMsg HTTP/1.1" 200 27
222.69.128.69 - - [15/Sep/2021:09:18:05 +0800] "GET /xingrg/all/function/internal_message.html?_=1631668682646&CODE_STATE=getMsg HTTP/1.1" 200 27
180.169.147.146 - - [15/Sep/2021:09:18:05 +0800] "GET /xingrg/all/function/internal_message.html?_=1631668716956&CODE_STATE=getMsg HTTP/1.1" 200 27
101.83.145.79 - - [15/Sep/2021:09:18:06 +0800] "GET /xingrg/all/function/internal_message.html?_=1631668684853&CODE_STATE=getMsg HTTP/1.1" 200 27
101.83.145.79 - - [15/Sep/2021:09:18:06 +0800] "GET /xingrg/check_reg.html?_=1631668684856 HTTP/1.1" 200 22
101.83.145.79 - - [15/Sep/2021:09:18:11 +0800] "GET /xingrg/kc/buy/cgsh_order_operate.html?command=get_materiel&rest_code=00105&code=00101008069&supplier_code=00100203&order_time=2021-09-15 HTTP/1.1" 200 412
180.169.147.146 - - [15/Sep/2021:09:18:11 +0800] "GET /xingrg/all/function/internal_message.html?_=1631668690666&CODE_STATE=getMsg HTTP/1.1" 200 27
116.238.168.124 - - [15/Sep/2021:09:18:14 +0800] "POST /xingrg/dwr/call/plaincall/AjaxYddbService.checkOrder.dwr HTTP/1.1" 200 290
58.37.227.186 - - [15/Sep/2021:09:18:15 +0800] "POST /xingrg/kc/buy/cgsh_order_operate.html HTTP/1.1" 200 37
58.37.227.186 - - [15/Sep/2021:09:18:19 +0800] "POST /xingrg/kc/buy/cgsh_order_operate.html HTTP/1.1" 200 12
114.85.125.222 - - [15/Sep/2021:09:18:20 +0800] "GET /xingrg/kc/buy/cgsh_order_operate.html?command=get_materiel&rest_code=00151&code=00101009066&supplier_code=00100424&order_time=2021-09-15 HTTP/1.1" 200 416
58.37.227.186 - - [15/Sep/2021:09:18:21 +0800] "GET /xingrg/kc/buy/cgsh_order_info.html?code=212021091506297 HTTP/1.1" 200 58399
58.37.227.186 - - [15/Sep/2021:09:18:21 +0800] "GET /xingrg/javascript/easyui/themes/default/validatebox.css HTTP/1.1" 404 1104
58.37.227.186 - - [15/Sep/2021:09:18:22 +0800] "POST /xingrg/kc/buy/cgsh_order_operate.html HTTP/1.1" 200 4145
58.37.227.186 - - [15/Sep/2021:09:18:24 +0800] "GET /xingrg/kc/print/load_data.html?order_code=212021091506297&kc_code=cgsh&condition= HTTP/1.1" 200 2127
114.85.125.222 - - [15/Sep/2021:09:18:25 +0800] "GET /xingrg/all/function/internal_message.html?_=1631668688196&CODE_STATE=getMsg HTTP/1.1" 200 27
116.238.168.124 - - [15/Sep/2021:09:18:27 +0800] "GET /xingrg/all/function/internal_message.html?_=1631668683301&CODE_STATE=getMsg HTTP/1.1" 200 27
101.83.145.79 - - [15/Sep/2021:09:18:27 +0800] "GET /xingrg/all/function/internal_message.html?_=1631668652148&CODE_STATE=getMsg HTTP/1.1" 200 27
114.85.125.222 - - [15/Sep/2021:09:18:32 +0800] "GET /xingrg/kc/buy/cgsh_order_operate.html?command=get_materiel&rest_code=00151&code=00101009053&supplier_code=00100424&order_time=2021-09-15 HTTP/1.1" 200 408
58.221.95.50 - - [15/Sep/2021:09:18:32 +0800] "GET /xingrg/all/function/internal_message.html?_=1631668709893&CODE_STATE=getMsg HTTP/1.1" 200 27
222.70.179.190 - - [15/Sep/2021:09:18:33 +0800] "GET /xingrg/all/function/internal_message.html?_=1631668709458&CODE_STATE=getMsg HTTP/1.1" 200 27
120.253.135.82 - - [15/Sep/2021:09:18:37 +0800] "GET /xingrg/all/function/internal_message.html?_=1631668487848&CODE_STATE=getMsg HTTP/1.1" 200 27
58.37.227.186 - - [15/Sep/2021:09:18:40 +0800] "GET /xingrg/kc/buy/cgsh_order_add.html HTTP/1.1" 200 63488
58.37.227.186 - - [15/Sep/2021:09:18:40 +0800] "POST /xingrg/kc/buy/cgsh_order_operate.html HTTP/1.1" 200 8245
58.37.227.186 - - [15/Sep/2021:09:18:40 +0800] "GET /xingrg/javascript/easyui/themes/default/validatebox.css HTTP/1.1" 404 1104
172.20.0.100 - - [15/Sep/2021:09:18:41 +0800] "GET /xingrg/all/function/internal_message.html?_=1631668718090&CODE_STATE=getMsg HTTP/1.1" 200 27
172.20.0.100 - - [15/Sep/2021:09:18:41 +0800] "GET /xingrg/check_reg.html?_=1631668718091 HTTP/1.1" 200 22
116.232.55.15 - - [15/Sep/2021:09:18:41 +0800] "GET /xingrg/all/function/internal_message.html?_=1631668718896&CODE_STATE=getMsg HTTP/1.1" 200 27
58.37.227.186 - - [15/Sep/2021:09:18:44 +0800] "GET /xingrg/all/function/internal_message.html?_=1631668592253&CODE_STATE=getMsg HTTP/1.1" 200 27
180.169.147.146 - - [15/Sep/2021:09:18:44 +0800] "GET /xingrg/check_reg.html?_=1631668723753 HTTP/1.1" 302 -
222.70.246.151 - - [15/Sep/2021:09:18:45 +0800] "GET /xingrg/all/function/internal_message.html?_=1631668731321&CODE_STATE=getMsg HTTP/1.1" 200 27
114.85.125.222 - - [15/Sep/2021:09:18:46 +0800] "GET /xingrg/kc/buy/cgsh_order_operate.html?command=get_materiel&rest_code=00151&code=00101009078&supplier_code=00100424&order_time=2021-09-15 HTTP/1.1" 200 394
101.83.145.79 - - [15/Sep/2021:09:18:46 +0800] "GET /xingrg/kc/buy/cgsh_order_operate.html?command=get_materiel&rest_code=00105&code=00101008036&supplier_code=00100203&order_time=2021-09-15 HTTP/1.1" 200 408
180.169.147.146 - - [15/Sep/2021:09:18:49 +0800] "GET /xingrg/all/function/internal_message.html?_=1631668729084&CODE_STATE=getMsg HTTP/1.1" 200 27
180.169.147.146 - - [15/Sep/2021:09:18:49 +0800] "GET /xingrg/check_reg.html?_=1631668729084 HTTP/1.1" 200 22
58.37.227.186 - - [15/Sep/2021:09:18:53 +0800] "GET /xingrg/kc/buy/cgsh_order_operate.html?command=get_materiel&rest_code=00141&code=00101006111&supplier_code=00100012&order_time=2021-09-15 HTTP/1.1" 200 409
116.238.248.233 - - [15/Sep/2021:09:18:54 +0800] "GET /xingrg/all/function/internal_message.html?_=1631668730808&CODE_STATE=getMsg HTTP/1.1" 200 27
116.230.105.26 - - [15/Sep/2021:09:18:55 +0800] "GET /xingrg/all/function/internal_message.html?_=1631668723177&CODE_STATE=getMsg HTTP/1.1" 200 27
114.85.125.222 - - [15/Sep/2021:09:18:58 +0800] "GET /xingrg/kc/buy/cgsh_order_operate.html?command=get_materiel&rest_code=00151&code=00101009062&supplier_code=00100424&order_time=2021-09-15 HTTP/1.1" 200 412
58.37.227.186 - - [15/Sep/2021:09:19:02 +0800] "GET /xingrg/kc/buy/cgsh_order_operate.html?command=get_materiel&rest_code=00141&code=00101006055&supplier_code=00100012&order_time=2021-09-15 HTTP/1.1" 200 409
222.69.128.69 - - [15/Sep/2021:09:19:05 +0800] "GET /xingrg/all/function/internal_message.html?_=1631668742646&CODE_STATE=getMsg HTTP/1.1" 200 27
180.169.147.146 - - [15/Sep/2021:09:19:05 +0800] "GET /xingrg/all/function/internal_message.html?_=1631668776959&CODE_STATE=getMsg HTTP/1.1" 200 27
101.83.145.79 - - [15/Sep/2021:09:19:06 +0800] "GET /xingrg/all/function/internal_message.html?_=1631668744855&CODE_STATE=getMsg HTTP/1.1" 200 27
114.85.125.222 - - [15/Sep/2021:09:19:07 +0800] "GET /xingrg/kc/buy/cgsh_order_operate.html?command=get_materiel&rest_code=00151&code=00101009013&supplier_code=00100424&order_time=2021-09-15 HTTP/1.1" 200 420
101.83.145.79 - - [15/Sep/2021:09:19:10 +0800] "GET /xingrg/kc/buy/cgsh_order_operate.html?command=get_materiel&rest_code=00105&code=00101008286&supplier_code=00100203&order_time=2021-09-15 HTTP/1.1" 200 408
180.169.147.146 - - [15/Sep/2021:09:19:11 +0800] "GET /xingrg/all/function/internal_message.html?_=1631668750653&CODE_STATE=getMsg HTTP/1.1" 200 27
58.37.227.186 - - [15/Sep/2021:09:19:13 +0800] "GET /xingrg/kc/buy/cgsh_order_operate.html?command=get_materiel&rest_code=00141&code=00101006062&supplier_code=00100012&order_time=2021-09-15 HTTP/1.1" 200 409
120.253.135.82 - - [15/Sep/2021:09:19:13 +0800] "GET /xingrg/kc/pszx/mdps_order_list.html?orderType=0 HTTP/1.1" 200 21089
120.253.135.82 - - [15/Sep/2021:09:19:14 +0800] "POST /xingrg/kc/pszx/mdps_list_operate.html HTTP/1.1" 200 5235
116.238.168.124 - - [15/Sep/2021:09:19:14 +0800] "GET /xingrg/kc/base/yddb_order_list.html HTTP/1.1" 200 16830
114.85.125.222 - - [15/Sep/2021:09:19:16 +0800] "GET /xingrg/kc/buy/cgsh_order_operate.html?command=get_materiel&rest_code=00151&code=00101009023&supplier_code=00100424&order_time=2021-09-15 HTTP/1.1" 200 408
120.253.135.82 - - [15/Sep/2021:09:19:18 +0800] "POST /xingrg/kc/pszx/mdps_list_operate.html HTTP/1.1" 200 868
58.37.227.186 - - [15/Sep/2021:09:19:20 +0800] "GET /xingrg/all/function/internal_message.html?_=1631668628871&CODE_STATE=getMsg HTTP/1.1" 200 27
116.238.168.124 - - [15/Sep/2021:09:19:21 +0800] "POST /xingrg/kc/base/yddb_list_operate.html HTTP/1.1" 200 1580
116.238.168.124 - - [15/Sep/2021:09:19:22 +0800] "GET /xingrg/kc/base/yddb_order_list.html HTTP/1.1" 200 16830
114.85.125.222 - - [15/Sep/2021:09:19:23 +0800] "GET /xingrg/kc/buy/cgsh_order_operate.html?command=get_materiel&rest_code=00151&code=00101009049&supplier_code=00100424&order_time=2021-09-15 HTTP/1.1" 200 416
114.85.125.222 - - [15/Sep/2021:09:19:25 +0800] "GET /xingrg/all/function/internal_message.html?_=1631668748211&CODE_STATE=getMsg HTTP/1.1" 200 27
116.238.168.124 - - [15/Sep/2021:09:19:25 +0800] "POST /xingrg/kc/base/yddb_list_operate.html HTTP/1.1" 200 1580
116.238.168.124 - - [15/Sep/2021:09:19:27 +0800] "POST /xingrg/kc/base/yddb_list_operate.html HTTP/1.1" 200 210
116.238.168.124 - - [15/Sep/2021:09:19:27 +0800] "GET /xingrg/kc/base/yddb_order_info.html?code=482021091500171 HTTP/1.1" 200 31331
116.238.168.124 - - [15/Sep/2021:09:19:27 +0800] "GET /xingrg/dwr/interface/AjaxYddbService.js HTTP/1.1" 200 13201
116.238.168.124 - - [15/Sep/2021:09:19:27 +0800] "GET /xingrg/dwr/interface/AjaxComOrderService.js HTTP/1.1" 200 18264
116.238.168.124 - - [15/Sep/2021:09:19:27 +0800] "GET /xingrg/dwr/engine.js HTTP/1.1" 200 43631
116.238.168.124 - - [15/Sep/2021:09:19:27 +0800] "GET /xingrg/all/function/internal_message.html?_=1631668743315&CODE_STATE=getMsg HTTP/1.1" 200 27
101.83.145.79 - - [15/Sep/2021:09:19:27 +0800] "GET /xingrg/all/function/internal_message.html?_=1631668712146&CODE_STATE=getMsg HTTP/1.1" 200 27
101.83.145.79 - - [15/Sep/2021:09:19:27 +0800] "GET /xingrg/kc/buy/cgsh_order_operate.html?command=get_materiel&rest_code=00105&code=00101008131&supplier_code=00100203&order_time=2021-09-15 HTTP/1.1" 200 408
116.238.168.124 - - [15/Sep/2021:09:19:28 +0800] "POST /xingrg/dwr/call/plaincall/AjaxYddbService.loadMaterielItems.dwr HTTP/1.1" 200 407
114.85.125.222 - - [15/Sep/2021:09:19:29 +0800] "POST /xingrg/kc/buy/cgsh_order_operate.html HTTP/1.1" 200 37
58.37.227.186 - - [15/Sep/2021:09:19:31 +0800] "GET /xingrg/kc/buy/cgsh_order_operate.html?command=get_materiel&rest_code=00141&code=00101006229&supplier_code=00100012&order_time=2021-09-15 HTTP/1.1" 200 412
114.85.125.222 - - [15/Sep/2021:09:19:31 +0800] "POST /xingrg/kc/buy/cgsh_order_operate.html HTTP/1.1" 200 6259
58.221.95.50 - - [15/Sep/2021:09:19:32 +0800] "GET /xingrg/all/function/internal_message.html?_=1631668769878&CODE_STATE=getMsg HTTP/1.1" 200 27
222.70.179.190 - - [15/Sep/2021:09:19:33 +0800] "GET /xingrg/check_reg.html?_=1631668769449 HTTP/1.1" 200 22
222.70.179.190 - - [15/Sep/2021:09:19:33 +0800] "GET /xingrg/all/function/internal_message.html?_=1631668769448&CODE_STATE=getMsg HTTP/1.1" 200 27
120.253.135.82 - - [15/Sep/2021:09:19:37 +0800] "GET /xingrg/all/function/internal_message.html?_=1631668547861&CODE_STATE=getMsg HTTP/1.1" 200 27
172.20.0.100 - - [15/Sep/2021:09:19:41 +0800] "GET /xingrg/all/function/internal_message.html?_=1631668778092&CODE_STATE=getMsg HTTP/1.1" 200 27
58.37.227.186 - - [15/Sep/2021:09:19:42 +0800] "GET /xingrg/kc/buy/cgsh_order_operate.html?command=get_materiel&rest_code=00141&code=00101006133&supplier_code=00100012&order_time=2021-09-15 HTTP/1.1" 200 413
116.238.168.124 - - [15/Sep/2021:09:19:42 +0800] "POST /xingrg/dwr/call/plaincall/AjaxYddbService.saveOrder.dwr HTTP/1.1" 200 78
116.232.55.15 - - [15/Sep/2021:09:19:42 +0800] "GET /xingrg/all/function/internal_message.html?_=1631668779858&CODE_STATE=getMsg HTTP/1.1" 200 27
116.232.55.15 - - [15/Sep/2021:09:19:42 +0800] "GET /xingrg/check_reg.html?_=1631668779859 HTTP/1.1" 200 22
58.37.227.186 - - [15/Sep/2021:09:19:43 +0800] "GET /xingrg/all/function/internal_message.html?_=1631668652232&CODE_STATE=getMsg HTTP/1.1" 200 27
222.70.246.151 - - [15/Sep/2021:09:19:45 +0800] "GET /xingrg/all/function/internal_message.html?_=1631668791335&CODE_STATE=getMsg HTTP/1.1" 200 27
101.83.145.79 - - [15/Sep/2021:09:19:48 +0800] "GET /xingrg/kc/buy/cgsh_order_operate.html?command=get_materiel&rest_code=00105&code=00101008318&supplier_code=00100203&order_time=2021-09-15 HTTP/1.1" 200 408
180.169.147.146 - - [15/Sep/2021:09:19:49 +0800] "GET /xingrg/all/function/internal_message.html?_=1631668789084&CODE_STATE=getMsg HTTP/1.1" 200 27
116.238.168.124 - - [15/Sep/2021:09:19:51 +0800] "POST /xingrg/dwr/call/plaincall/AjaxYddbService.checkOrder.dwr HTTP/1.1" 200 289
116.238.248.233 - - [15/Sep/2021:09:19:54 +0800] "GET /xingrg/check_reg.html?_=1631668790824 HTTP/1.1" 200 22
116.238.248.233 - - [15/Sep/2021:09:19:54 +0800] "GET /xingrg/all/function/internal_message.html?_=1631668790826&CODE_STATE=getMsg HTTP/1.1" 200 27
116.230.105.26 - - [15/Sep/2021:09:19:55 +0800] "GET /xingrg/all/function/internal_message.html?_=1631668783155&CODE_STATE=getMsg HTTP/1.1" 200 27
116.238.168.124 - - [15/Sep/2021:09:20:01 +0800] "POST /xingrg/dwr/call/plaincall/AjaxYddbService.saveOrder.dwr HTTP/1.1" 200 78
58.37.227.186 - - [15/Sep/2021:09:20:02 +0800] "GET /xingrg/kc/buy/cgsh_order_operate.html?command=get_materiel&rest_code=00141&code=00101006175&supplier_code=00100012&order_time=2021-09-15 HTTP/1.1" 200 414
101.83.145.79 - - [15/Sep/2021:09:20:03 +0800] "GET /xingrg/kc/buy/cgsh_order_operate.html?command=get_materiel&rest_code=00105&code=00101008352&supplier_code=00100203&order_time=2021-09-15 HTTP/1.1" 200 412
222.69.128.69 - - [15/Sep/2021:09:20:05 +0800] "GET /xingrg/check_reg.html?_=1631668802647 HTTP/1.1" 200 22
222.69.128.69 - - [15/Sep/2021:09:20:05 +0800] "GET /xingrg/all/function/internal_message.html?_=1631668802648&CODE_STATE=getMsg HTTP/1.1" 200 27
180.169.147.146 - - [15/Sep/2021:09:20:05 +0800] "GET /xingrg/all/function/internal_message.html?_=1631668836960&CODE_STATE=getMsg HTTP/1.1" 200 27
101.83.145.79 - - [15/Sep/2021:09:20:06 +0800] "GET /xingrg/all/function/internal_message.html?_=1631668804855&CODE_STATE=getMsg HTTP/1.1" 200 27
116.238.168.124 - - [15/Sep/2021:09:20:07 +0800] "POST /xingrg/dwr/call/plaincall/AjaxYddbService.checkOrder.dwr HTTP/1.1" 200 289
180.169.147.146 - - [15/Sep/2021:09:20:11 +0800] "GET /xingrg/all/function/internal_message.html?_=1631668810671&CODE_STATE=getMsg HTTP/1.1" 200 27
58.37.227.186 - - [15/Sep/2021:09:20:15 +0800] "POST /xingrg/kc/buy/cgsh_order_operate.html HTTP/1.1" 200 37
116.238.168.124 - - [15/Sep/2021:09:20:15 +0800] "POST /xingrg/dwr/call/plaincall/AjaxYddbService.removeMaterielItem.dwr HTTP/1.1" 200 78
58.37.227.186 - - [15/Sep/2021:09:20:18 +0800] "POST /xingrg/kc/buy/cgsh_order_operate.html HTTP/1.1" 200 12
