172.20.0.100 - - [15/Sep/2021:08:41:41 +0800] "GET /xingrg/all/function/internal_message.html?_=1631666498096&CODE_STATE=getMsg HTTP/1.1" 200 27
222.70.246.151 - - [15/Sep/2021:08:41:44 +0800] "GET /xingrg/all/function/internal_message.html?_=1631666510164&CODE_STATE=getMsg HTTP/1.1" 200 27
180.169.147.146 - - [15/Sep/2021:08:41:48 +0800] "GET /xingrg/all/function/internal_message.html?_=1631666509033&CODE_STATE=getMsg HTTP/1.1" 200 27
116.230.105.26 - - [15/Sep/2021:08:41:56 +0800] "GET /xingrg/all/function/internal_message.html?_=1631666503764&CODE_STATE=getMsg HTTP/1.1" 200 27
116.238.168.124 - - [15/Sep/2021:08:41:59 +0800] "GET /xingrg/all/function/internal_message.html?_=1631666495155&CODE_STATE=getMsg HTTP/1.1" 200 27
120.253.135.82 - - [15/Sep/2021:08:42:00 +0800] "GET /xingrg/check_reg.html?_=1631666290066 HTTP/1.1" 200 22
101.83.145.79 - - [15/Sep/2021:08:42:06 +0800] "GET /xingrg/all/function/internal_message.html?_=1631666524835&CODE_STATE=getMsg HTTP/1.1" 200 27
180.169.147.146 - - [15/Sep/2021:08:42:11 +0800] "GET /xingrg/all/function/internal_message.html?_=1631666530632&CODE_STATE=getMsg HTTP/1.1" 200 27
180.169.147.146 - - [15/Sep/2021:08:42:11 +0800] "GET /xingrg/check_reg.html?_=1631666530635 HTTP/1.1" 200 22
116.230.105.26 - - [15/Sep/2021:08:42:12 +0800] "GET /xingrg/check_reg.html?_=1631666519998 HTTP/1.1" 200 22
222.69.128.69 - - [15/Sep/2021:08:42:26 +0800] "GET /favicon.ico HTTP/1.1" 404 -
222.69.128.69 - - [15/Sep/2021:08:42:26 +0800] "GET /favicon.ico HTTP/1.1" 404 -
120.253.135.82 - - [15/Sep/2021:08:42:32 +0800] "GET /xingrg/all/function/internal_message.html?_=1631666322335&CODE_STATE=getMsg HTTP/1.1" 200 27
58.221.95.50 - - [15/Sep/2021:08:42:32 +0800] "GET /xingrg/all/function/internal_message.html?_=1631666549907&CODE_STATE=getMsg HTTP/1.1" 200 27
222.70.179.190 - - [15/Sep/2021:08:42:33 +0800] "GET /xingrg/all/function/internal_message.html?_=1631666549454&CODE_STATE=getMsg HTTP/1.1" 200 27
172.20.0.100 - - [15/Sep/2021:08:42:41 +0800] "GET /xingrg/all/function/internal_message.html?_=1631666558098&CODE_STATE=getMsg HTTP/1.1" 200 27
222.70.246.151 - - [15/Sep/2021:08:42:42 +0800] "GET /xingrg/check_reg.html?_=1631666568894 HTTP/1.1" 200 22
222.70.246.151 - - [15/Sep/2021:08:42:44 +0800] "GET /xingrg/all/function/internal_message.html?_=1631666570176&CODE_STATE=getMsg HTTP/1.1" 200 27
180.169.147.146 - - [15/Sep/2021:08:42:48 +0800] "GET /xingrg/all/function/internal_message.html?_=1631666569036&CODE_STATE=getMsg HTTP/1.1" 200 27
116.230.105.26 - - [15/Sep/2021:08:42:56 +0800] "GET /xingrg/all/function/internal_message.html?_=1631666563765&CODE_STATE=getMsg HTTP/1.1" 200 27
116.238.168.124 - - [15/Sep/2021:08:42:59 +0800] "GET /xingrg/all/function/internal_message.html?_=1631666555531&CODE_STATE=getMsg HTTP/1.1" 200 27
101.83.145.79 - - [15/Sep/2021:08:43:06 +0800] "GET /xingrg/all/function/internal_message.html?_=1631666584833&CODE_STATE=getMsg HTTP/1.1" 200 27
101.83.145.79 - - [15/Sep/2021:08:43:06 +0800] "GET /xingrg/check_reg.html?_=1631666584834 HTTP/1.1" 200 22
180.169.147.146 - - [15/Sep/2021:08:43:11 +0800] "GET /xingrg/all/function/internal_message.html?_=1631666590627&CODE_STATE=getMsg HTTP/1.1" 200 27
120.253.135.82 - - [15/Sep/2021:08:43:32 +0800] "GET /xingrg/all/function/internal_message.html?_=1631666382349&CODE_STATE=getMsg HTTP/1.1" 200 27
58.221.95.50 - - [15/Sep/2021:08:43:32 +0800] "GET /xingrg/all/function/internal_message.html?_=1631666609902&CODE_STATE=getMsg HTTP/1.1" 200 27
222.70.179.190 - - [15/Sep/2021:08:43:33 +0800] "GET /xingrg/all/function/internal_message.html?_=1631666609447&CODE_STATE=getMsg HTTP/1.1" 200 27
172.20.0.100 - - [15/Sep/2021:08:43:41 +0800] "GET /xingrg/check_reg.html?_=1631666618084 HTTP/1.1" 200 22
172.20.0.100 - - [15/Sep/2021:08:43:41 +0800] "GET /xingrg/all/function/internal_message.html?_=1631666618086&CODE_STATE=getMsg HTTP/1.1" 200 27
222.70.246.151 - - [15/Sep/2021:08:43:44 +0800] "GET /xingrg/all/function/internal_message.html?_=1631666630190&CODE_STATE=getMsg HTTP/1.1" 200 27
180.169.147.146 - - [15/Sep/2021:08:43:48 +0800] "GET /xingrg/check_reg.html?_=1631666629045 HTTP/1.1" 200 22
180.169.147.146 - - [15/Sep/2021:08:43:48 +0800] "GET /xingrg/all/function/internal_message.html?_=1631666629040&CODE_STATE=getMsg HTTP/1.1" 200 27
116.230.105.26 - - [15/Sep/2021:08:43:56 +0800] "GET /xingrg/all/function/internal_message.html?_=1631666623744&CODE_STATE=getMsg HTTP/1.1" 200 27
101.83.145.79 - - [15/Sep/2021:08:44:06 +0800] "GET /xingrg/all/function/internal_message.html?_=1631666644832&CODE_STATE=getMsg HTTP/1.1" 200 27
180.169.147.146 - - [15/Sep/2021:08:44:11 +0800] "GET /xingrg/all/function/internal_message.html?_=1631666650630&CODE_STATE=getMsg HTTP/1.1" 200 27
120.253.135.82 - - [15/Sep/2021:08:44:32 +0800] "GET /xingrg/all/function/internal_message.html?_=1631666442621&CODE_STATE=getMsg HTTP/1.1" 200 27
58.221.95.50 - - [15/Sep/2021:08:44:32 +0800] "GET /xingrg/all/function/internal_message.html?_=1631666669892&CODE_STATE=getMsg HTTP/1.1" 200 27
222.70.179.190 - - [15/Sep/2021:08:44:33 +0800] "GET /xingrg/all/function/internal_message.html?_=1631666669459&CODE_STATE=getMsg HTTP/1.1" 200 27
222.70.179.190 - - [15/Sep/2021:08:44:33 +0800] "GET /xingrg/check_reg.html?_=1631666669460 HTTP/1.1" 200 22
172.20.0.100 - - [15/Sep/2021:08:44:41 +0800] "GET /xingrg/all/function/internal_message.html?_=1631666678086&CODE_STATE=getMsg HTTP/1.1" 200 27
222.70.246.151 - - [15/Sep/2021:08:44:44 +0800] "GET /xingrg/all/function/internal_message.html?_=1631666690204&CODE_STATE=getMsg HTTP/1.1" 200 27
180.169.147.146 - - [15/Sep/2021:08:44:48 +0800] "GET /xingrg/all/function/internal_message.html?_=1631666689047&CODE_STATE=getMsg HTTP/1.1" 200 27
116.230.105.26 - - [15/Sep/2021:08:44:56 +0800] "GET /xingrg/all/function/internal_message.html?_=1631666683719&CODE_STATE=getMsg HTTP/1.1" 200 27
101.83.145.79 - - [15/Sep/2021:08:44:59 +0800] "GET /xingrg/index.html?sysBaseUrl=http%3A%2F%2F180.169.147.146%3A18081%2Fxingrg%2F&costTime=32×tamp=1585224308505 HTTP/1.1" 302 -
101.83.145.79 - - [15/Sep/2021:08:44:59 +0800] "GET /xingrg/login.html HTTP/1.1" 200 7641
222.69.128.69 - - [15/Sep/2021:08:45:01 +0800] "GET /xingrg/login.html?sysBaseUrl=http%3A%2F%2F180.169.147.146%3A18081%2Fxingrg%2F&costTime=31×tamp=1615347190560 HTTP/1.1" 200 7641
101.83.145.79 - - [15/Sep/2021:08:45:01 +0800] "GET /xingrg/images/blue/jxLogo.png HTTP/1.1" 304 -
222.69.128.69 - - [15/Sep/2021:08:45:01 +0800] "GET /xingrg/images/blue/jxLogo.png HTTP/1.1" 304 -
222.69.128.69 - - [15/Sep/2021:08:45:01 +0800] "GET /xingrg/images/blue/login_bg.png HTTP/1.1" 304 -
222.69.128.69 - - [15/Sep/2021:08:45:01 +0800] "GET /xingrg/images/blue/hj.png HTTP/1.1" 304 -
222.69.128.69 - - [15/Sep/2021:08:45:01 +0800] "GET /xingrg/images/blue/srbg.png HTTP/1.1" 304 -
222.69.128.69 - - [15/Sep/2021:08:45:01 +0800] "GET /favicon.ico HTTP/1.1" 404 -
101.83.145.79 - - [15/Sep/2021:08:45:04 +0800] "GET /xingrg/images/blue/login_bg.png HTTP/1.1" 304 -
222.69.128.69 - - [15/Sep/2021:08:45:04 +0800] "POST /xingrg/login.do HTTP/1.1" 302 -
101.83.145.79 - - [15/Sep/2021:08:45:04 +0800] "GET /xingrg/images/blue/hj.png HTTP/1.1" 304 -
222.69.128.69 - - [15/Sep/2021:08:45:05 +0800] "GET /xingrg/javascript/jquery_easy_ui/themes/icon.css HTTP/1.1" 200 3949
222.69.128.69 - - [15/Sep/2021:08:45:05 +0800] "GET /xingrg/index.html?sysBaseUrl=http%3A%2F%2F180.169.147.146%3A18081%2Fxingrg%2F&costTime=50×tamp=1631666704959 HTTP/1.1" 200 17179
222.69.128.69 - - [15/Sep/2021:08:45:05 +0800] "GET /xingrg/css/form.css HTTP/1.1" 200 893
222.69.128.69 - - [15/Sep/2021:08:45:05 +0800] "GET /xingrg/javascript/jquery-1.4.2.min.js HTTP/1.1" 200 72205
222.69.128.69 - - [15/Sep/2021:08:45:05 +0800] "GET /xingrg/javascript/jquery_easy_ui/jquery.easyui.min.js HTTP/1.1" 200 213662
222.69.128.69 - - [15/Sep/2021:08:45:05 +0800] "GET /xingrg/javascript/jquery.timers.js HTTP/1.1" 200 3532
222.69.128.69 - - [15/Sep/2021:08:45:05 +0800] "GET /xingrg/javascript/jquery_easy_ui/easyui-lang-zh_CN.js HTTP/1.1" 200 1900
222.69.128.69 - - [15/Sep/2021:08:45:05 +0800] "GET /xingrg/javascript/jquery_easy_ui/themes/default/easyui.css HTTP/1.1" 200 26500
222.69.128.69 - - [15/Sep/2021:08:45:05 +0800] "GET /xingrg/javascript/jquery.utils.js HTTP/1.1" 200 11805
222.69.128.69 - - [15/Sep/2021:08:45:05 +0800] "GET /xingrg/javascript/jquery.form.js HTTP/1.1" 200 23110
222.69.128.69 - - [15/Sep/2021:08:45:05 +0800] "GET /favicon.ico HTTP/1.1" 404 -
222.69.128.69 - - [15/Sep/2021:08:45:05 +0800] "GET /xingrg/javascript/jquery_easy_ui/themes/icons/settle_new.png HTTP/1.1" 200 826
222.69.128.69 - - [15/Sep/2021:08:45:05 +0800] "GET /xingrg/images/blue/navBackgound.jpg HTTP/1.1" 200 12378
101.83.145.79 - - [15/Sep/2021:08:45:05 +0800] "GET /xingrg/images/blue/srbg.png HTTP/1.1" 304 -
222.69.128.69 - - [15/Sep/2021:08:45:05 +0800] "POST /xingrg/all/common/load_tree.html?tree=area_rest_tree_json&manage=1 HTTP/1.1" 200 351
222.69.128.69 - - [15/Sep/2021:08:45:05 +0800] "GET /xingrg/all/function/internal_message.html?_=1631666702511&CODE_STATE=count HTTP/1.1" 200 11
222.69.128.69 - - [15/Sep/2021:08:45:05 +0800] "GET /xingrg/check_reg.html?_=1631666702513 HTTP/1.1" 200 22
222.69.128.69 - - [15/Sep/2021:08:45:05 +0800] "GET /xingrg/images/blue/pingpu.png HTTP/1.1" 200 231
222.69.128.69 - - [15/Sep/2021:08:45:05 +0800] "GET /xingrg/javascript/jquery_easy_ui/themes/default/images/tabs_leftarrow.png HTTP/1.1" 200 389
222.69.128.69 - - [15/Sep/2021:08:45:05 +0800] "GET /xingrg/javascript/jquery_easy_ui/themes/default/images/tabs_rightarrow.png HTTP/1.1" 200 395
222.69.128.69 - - [15/Sep/2021:08:45:05 +0800] "GET /xingrg/javascript/jquery_easy_ui/themes/default/images/panel_tool_collapse.gif HTTP/1.1" 200 246
222.69.128.69 - - [15/Sep/2021:08:45:05 +0800] "POST /xingrg/load_menu.html HTTP/1.1" 200 5138
222.69.128.69 - - [15/Sep/2021:08:45:05 +0800] "GET /xingrg/javascript/jquery_easy_ui/themes/default/images/tree_arrows.gif HTTP/1.1" 200 1043
222.69.128.69 - - [15/Sep/2021:08:45:05 +0800] "GET /xingrg/javascript/jquery_easy_ui/themes/default/images/tree_folder_open.gif HTTP/1.1" 200 956
222.69.128.69 - - [15/Sep/2021:08:45:05 +0800] "GET /xingrg/javascript/jquery_easy_ui/themes/icons/search_new.png HTTP/1.1" 200 586
222.69.128.69 - - [15/Sep/2021:08:45:05 +0800] "GET /xingrg/javascript/jquery_easy_ui/themes/default/images/tree_folder.gif HTTP/1.1" 200 952
222.69.128.69 - - [15/Sep/2021:08:45:05 +0800] "GET /xingrg/javascript/jquery_easy_ui/themes/icons/storage_new.png HTTP/1.1" 200 853
222.69.128.69 - - [15/Sep/2021:08:45:05 +0800] "GET /xingrg/javascript/jquery_easy_ui/themes/icons/forms_new.png HTTP/1.1" 200 350
222.69.128.69 - - [15/Sep/2021:08:45:05 +0800] "GET /xingrg/javascript/jquery_easy_ui/themes/default/images/tree_file.gif HTTP/1.1" 200 118
101.83.145.79 - - [15/Sep/2021:08:45:05 +0800] "GET /favicon.ico HTTP/1.1" 404 -
101.83.145.79 - - [15/Sep/2021:08:45:06 +0800] "GET /xingrg/all/function/internal_message.html?_=1631666704831&CODE_STATE=getMsg HTTP/1.1" 200 27
180.169.147.146 - - [15/Sep/2021:08:45:11 +0800] "GET /xingrg/all/function/internal_message.html?_=1631666710630&CODE_STATE=getMsg HTTP/1.1" 200 27
120.253.135.82 - - [15/Sep/2021:08:45:32 +0800] "GET /xingrg/all/function/internal_message.html?_=1631666502626&CODE_STATE=getMsg HTTP/1.1" 200 27
58.221.95.50 - - [15/Sep/2021:08:45:32 +0800] "GET /xingrg/all/function/internal_message.html?_=1631666729887&CODE_STATE=getMsg HTTP/1.1" 200 27
222.70.179.190 - - [15/Sep/2021:08:45:33 +0800] "GET /xingrg/all/function/internal_message.html?_=1631666729447&CODE_STATE=getMsg HTTP/1.1" 200 27
172.20.0.100 - - [15/Sep/2021:08:45:41 +0800] "GET /xingrg/all/function/internal_message.html?_=1631666738091&CODE_STATE=getMsg HTTP/1.1" 200 27
222.70.246.151 - - [15/Sep/2021:08:45:44 +0800] "GET /xingrg/all/function/internal_message.html?_=1631666750325&CODE_STATE=getMsg HTTP/1.1" 200 27
180.169.147.146 - - [15/Sep/2021:08:45:48 +0800] "GET /xingrg/all/function/internal_message.html?_=1631666749047&CODE_STATE=getMsg HTTP/1.1" 200 27
116.230.105.26 - - [15/Sep/2021:08:45:56 +0800] "GET /xingrg/all/function/internal_message.html?_=1631666743696&CODE_STATE=getMsg HTTP/1.1" 200 27
222.69.128.69 - - [15/Sep/2021:08:46:05 +0800] "GET /xingrg/all/function/internal_message.html?_=1631666762538&CODE_STATE=getMsg HTTP/1.1" 200 27
101.83.145.79 - - [15/Sep/2021:08:46:06 +0800] "GET /xingrg/all/function/internal_message.html?_=1631666764829&CODE_STATE=getMsg HTTP/1.1" 200 27
180.169.147.146 - - [15/Sep/2021:08:46:11 +0800] "GET /xingrg/all/function/internal_message.html?_=1631666770636&CODE_STATE=getMsg HTTP/1.1" 200 27
101.83.145.79 - - [15/Sep/2021:08:46:26 +0800] "POST /xingrg/login.do HTTP/1.1" 302 -
101.83.145.79 - - [15/Sep/2021:08:46:26 +0800] "GET /xingrg/index.html?sysBaseUrl=http%3A%2F%2F180.169.147.146%3A18081%2Fxingrg%2F&costTime=39×tamp=1631666786821 HTTP/1.1" 200 17173
101.83.145.79 - - [15/Sep/2021:08:46:26 +0800] "GET /xingrg/javascript/jquery_easy_ui/themes/default/easyui.css HTTP/1.1" 304 -
101.83.145.79 - - [15/Sep/2021:08:46:26 +0800] "GET /xingrg/javascript/jquery_easy_ui/themes/icon.css HTTP/1.1" 304 -
101.83.145.79 - - [15/Sep/2021:08:46:26 +0800] "GET /xingrg/css/form.css HTTP/1.1" 304 -
101.83.145.79 - - [15/Sep/2021:08:46:26 +0800] "GET /xingrg/javascript/jquery-1.4.2.min.js HTTP/1.1" 304 -
101.83.145.79 - - [15/Sep/2021:08:46:26 +0800] "GET /xingrg/javascript/jquery_easy_ui/jquery.easyui.min.js HTTP/1.1" 304 -
101.83.145.79 - - [15/Sep/2021:08:46:27 +0800] "GET /xingrg/javascript/jquery_easy_ui/easyui-lang-zh_CN.js HTTP/1.1" 304 -
101.83.145.79 - - [15/Sep/2021:08:46:27 +0800] "GET /xingrg/javascript/jquery.form.js HTTP/1.1" 304 -
101.83.145.79 - - [15/Sep/2021:08:46:27 +0800] "GET /xingrg/javascript/jquery.utils.js HTTP/1.1" 304 -
101.83.145.79 - - [15/Sep/2021:08:46:27 +0800] "GET /xingrg/javascript/jquery.timers.js HTTP/1.1" 304 -
101.83.145.79 - - [15/Sep/2021:08:46:27 +0800] "GET /favicon.ico HTTP/1.1" 404 -
101.83.145.79 - - [15/Sep/2021:08:46:27 +0800] "GET /xingrg/javascript/jquery_easy_ui/themes/icons/settle_new.png HTTP/1.1" 304 -
101.83.145.79 - - [15/Sep/2021:08:46:27 +0800] "GET /xingrg/images/blue/navBackgound.jpg HTTP/1.1" 304 -
101.83.145.79 - - [15/Sep/2021:08:46:27 +0800] "POST /xingrg/all/common/load_tree.html?tree=area_rest_tree_json&manage=1 HTTP/1.1" 200 342
101.83.145.79 - - [15/Sep/2021:08:46:27 +0800] "GET /xingrg/all/function/internal_message.html?_=1631666732088&CODE_STATE=count HTTP/1.1" 200 11
101.83.145.79 - - [15/Sep/2021:08:46:27 +0800] "GET /xingrg/check_reg.html?_=1631666732088 HTTP/1.1" 200 22
101.83.145.79 - - [15/Sep/2021:08:46:27 +0800] "GET /xingrg/images/blue/pingpu.png HTTP/1.1" 304 -
101.83.145.79 - - [15/Sep/2021:08:46:27 +0800] "GET /xingrg/javascript/jquery_easy_ui/themes/default/images/tabs_leftarrow.png HTTP/1.1" 304 -
101.83.145.79 - - [15/Sep/2021:08:46:27 +0800] "GET /xingrg/javascript/jquery_easy_ui/themes/default/images/tabs_rightarrow.png HTTP/1.1" 304 -
101.83.145.79 - - [15/Sep/2021:08:46:27 +0800] "GET /xingrg/javascript/jquery_easy_ui/themes/default/images/panel_tool_collapse.gif HTTP/1.1" 304 -
101.83.145.79 - - [15/Sep/2021:08:46:27 +0800] "POST /xingrg/load_menu.html HTTP/1.1" 200 5138
101.83.145.79 - - [15/Sep/2021:08:46:28 +0800] "GET /xingrg/javascript/jquery_easy_ui/themes/default/images/tree_arrows.gif HTTP/1.1" 304 -
101.83.145.79 - - [15/Sep/2021:08:46:28 +0800] "GET /xingrg/javascript/jquery_easy_ui/themes/default/images/tree_folder_open.gif HTTP/1.1" 304 -
101.83.145.79 - - [15/Sep/2021:08:46:28 +0800] "GET /xingrg/javascript/jquery_easy_ui/themes/icons/search_new.png HTTP/1.1" 304 -
101.83.145.79 - - [15/Sep/2021:08:46:28 +0800] "GET /xingrg/javascript/jquery_easy_ui/themes/default/images/tree_folder.gif HTTP/1.1" 304 -
101.83.145.79 - - [15/Sep/2021:08:46:28 +0800] "GET /xingrg/javascript/jquery_easy_ui/themes/icons/storage_new.png HTTP/1.1" 304 -
101.83.145.79 - - [15/Sep/2021:08:46:28 +0800] "GET /xingrg/javascript/jquery_easy_ui/themes/icons/forms_new.png HTTP/1.1" 304 -
101.83.145.79 - - [15/Sep/2021:08:46:28 +0800] "GET /xingrg/javascript/jquery_easy_ui/themes/default/images/tree_file.gif HTTP/1.1" 304 -
120.253.135.82 - - [15/Sep/2021:08:46:32 +0800] "GET /xingrg/all/function/internal_message.html?_=1631666562639&CODE_STATE=getMsg HTTP/1.1" 200 27
58.221.95.50 - - [15/Sep/2021:08:46:32 +0800] "GET /xingrg/check_reg.html?_=1631666789924 HTTP/1.1" 200 22
58.221.95.50 - - [15/Sep/2021:08:46:32 +0800] "GET /xingrg/all/function/internal_message.html?_=1631666789926&CODE_STATE=getMsg HTTP/1.1" 200 27
222.70.179.190 - - [15/Sep/2021:08:46:33 +0800] "GET /xingrg/all/function/internal_message.html?_=1631666789452&CODE_STATE=getMsg HTTP/1.1" 200 27
101.83.145.79 - - [15/Sep/2021:08:46:40 +0800] "GET /xingrg/kc/buy/buy_main.html HTTP/1.1" 200 12412
101.83.145.79 - - [15/Sep/2021:08:46:40 +0800] "GET /xingrg/javascript/jquery_easy_ui/themes/default/images/tabs_close.gif HTTP/1.1" 304 -
101.83.145.79 - - [15/Sep/2021:08:46:40 +0800] "GET /xingrg/css/new_ie.css HTTP/1.1" 404 1036
101.83.145.79 - - [15/Sep/2021:08:46:40 +0800] "GET /xingrg/css/blue.css HTTP/1.1" 304 -
101.83.145.79 - - [15/Sep/2021:08:46:40 +0800] "GET /xingrg/javascript/jquery_ui/themes/humanity/humanity.css HTTP/1.1" 304 -
101.83.145.79 - - [15/Sep/2021:08:46:40 +0800] "GET /xingrg/javascript/pic_change.js HTTP/1.1" 304 -
101.83.145.79 - - [15/Sep/2021:08:46:40 +0800] "GET /xingrg/javascript/ToolTips.js HTTP/1.1" 304 -
101.83.145.79 - - [15/Sep/2021:08:46:40 +0800] "GET /xingrg/javascript/myfunction.js HTTP/1.1" 304 -
101.83.145.79 - - [15/Sep/2021:08:46:40 +0800] "GET /xingrg/javascript/jquery_ui/jquery-ui.min.js HTTP/1.1" 304 -
101.83.145.79 - - [15/Sep/2021:08:46:40 +0800] "GET /xingrg/images/blue/button/cgxqd.gif HTTP/1.1" 304 -
101.83.145.79 - - [15/Sep/2021:08:46:40 +0800] "GET /xingrg/images/blue/button/cgydd.gif HTTP/1.1" 304 -
101.83.145.79 - - [15/Sep/2021:08:46:40 +0800] "GET /xingrg/images/blue/button/cgshd.gif HTTP/1.1" 304 -
101.83.145.79 - - [15/Sep/2021:08:46:40 +0800] "GET /xingrg/images/blue/button/cgfkd.gif HTTP/1.1" 304 -
101.83.145.79 - - [15/Sep/2021:08:46:40 +0800] "GET /xingrg/images/blue/button/kc.gif HTTP/1.1" 304 -
101.83.145.79 - - [15/Sep/2021:08:46:40 +0800] "GET /xingrg/images/blue/button/ckthd.gif HTTP/1.1" 304 -
101.83.145.79 - - [15/Sep/2021:08:46:40 +0800] "GET /xingrg/images/blue/pic_form2.gif HTTP/1.1" 304 -
101.83.145.79 - - [15/Sep/2021:08:46:40 +0800] "GET /xingrg/javascript/jquery_ui/themes/humanity/images/ui-bg_inset-soft_100_f4f0ec_1x100.png HTTP/1.1" 304 -
101.83.145.79 - - [15/Sep/2021:08:46:40 +0800] "GET /xingrg/images/blue/bg_dotted.jpg HTTP/1.1" 304 -
101.83.145.79 - - [15/Sep/2021:08:46:40 +0800] "GET /xingrg/images/blue/button/right_ah.jpg HTTP/1.1" 304 -
101.83.145.79 - - [15/Sep/2021:08:46:40 +0800] "GET /xingrg/images/blue/button/down_ah.jpg HTTP/1.1" 304 -
101.83.145.79 - - [15/Sep/2021:08:46:40 +0800] "GET /xingrg/javascript/jquery_ui/themes/humanity/images/ui-iconsnew.jpg HTTP/1.1" 304 -
101.83.145.79 - - [15/Sep/2021:08:46:40 +0800] "GET /xingrg/javascript/jquery_ui/themes/humanity/images/ui-icons_ffffff_256x240.png HTTP/1.1" 304 -
101.83.145.79 - - [15/Sep/2021:08:46:40 +0800] "GET /xingrg/javascript/jquery_ui/themes/humanity/images/ui-icons_c47a23_256x240.png HTTP/1.1" 304 -
101.83.145.79 - - [15/Sep/2021:08:46:40 +0800] "GET /xingrg/javascript/jquery_ui/themes/humanity/images/ui-bg_glass_70_ede4d4_1x400.png HTTP/1.1" 304 -
172.20.0.100 - - [15/Sep/2021:08:46:41 +0800] "GET /xingrg/all/function/internal_message.html?_=1631666798096&CODE_STATE=getMsg HTTP/1.1" 200 27
101.83.145.79 - - [15/Sep/2021:08:46:41 +0800] "GET /xingrg/images/yd/bt.gif HTTP/1.1" 404 1040
101.83.145.79 - - [15/Sep/2021:08:46:42 +0800] "GET /xingrg/kc/buy/cgsh_order_list.html HTTP/1.1" 200 47744
101.83.145.79 - - [15/Sep/2021:08:46:42 +0800] "GET /xingrg/css/base.css HTTP/1.1" 304 -
101.83.145.79 - - [15/Sep/2021:08:46:42 +0800] "GET /xingrg/css/site.css HTTP/1.1" 304 -
101.83.145.79 - - [15/Sep/2021:08:46:42 +0800] "GET /xingrg/javascript/jquery_tools/datebox.css HTTP/1.1" 304 -
101.83.145.79 - - [15/Sep/2021:08:46:42 +0800] "GET /xingrg/javascript/easyui/themes/default/easyui.css HTTP/1.1" 304 -
101.83.145.79 - - [15/Sep/2021:08:46:42 +0800] "GET /xingrg/javascript/easyui/themes/icon.css HTTP/1.1" 304 -
101.83.145.79 - - [15/Sep/2021:08:46:42 +0800] "GET /xingrg/javascript/auto/jquery.autocomplete.css HTTP/1.1" 304 -
101.83.145.79 - - [15/Sep/2021:08:46:42 +0800] "GET /xingrg/javascript/jquery_tools/fix.css HTTP/1.1" 304 -
101.83.145.79 - - [15/Sep/2021:08:46:42 +0800] "GET /xingrg/javascript/jquery_tools/table.css HTTP/1.1" 304 -
101.83.145.79 - - [15/Sep/2021:08:46:42 +0800] "GET /xingrg/javascript/jquery_tools/jquery.tools.min.js HTTP/1.1" 304 -
101.83.145.79 - - [15/Sep/2021:08:46:42 +0800] "GET /xingrg/javascript/jquery_tools/jquery.tools.extend.js HTTP/1.1" 304 -
101.83.145.79 - - [15/Sep/2021:08:46:42 +0800] "GET /xingrg/javascript/jquery_tools/jquery.tools.hotkey.js HTTP/1.1" 304 -
101.83.145.79 - - [15/Sep/2021:08:46:42 +0800] "GET /xingrg/javascript/jquery_tools/jquery.tools.table.js HTTP/1.1" 304 -
101.83.145.79 - - [15/Sep/2021:08:46:42 +0800] "GET /xingrg/javascript/jquery_tools/list_manager.js HTTP/1.1" 304 -
101.83.145.79 - - [15/Sep/2021:08:46:42 +0800] "GET /xingrg/javascript/auto/jquery.autocomplete.js HTTP/1.1" 304 -
101.83.145.79 - - [15/Sep/2021:08:46:42 +0800] "GET /xingrg/javascript/jquery.cookie.js HTTP/1.1" 304 -
101.83.145.79 - - [15/Sep/2021:08:46:42 +0800] "GET /xingrg/javascript/easyui/easyloader.js HTTP/1.1" 304 -
101.83.145.79 - - [15/Sep/2021:08:46:42 +0800] "GET /xingrg/javascript/print/LodopFuncs.js HTTP/1.1" 304 -
101.83.145.79 - - [15/Sep/2021:08:46:44 +0800] "GET /xingrg/javascript/easyui/themes/icons/cance_new.png HTTP/1.1" 304 -
101.83.145.79 - - [15/Sep/2021:08:46:44 +0800] "GET /xingrg/javascript/easyui/themes/icons/check_new.png HTTP/1.1" 304 -
101.83.145.79 - - [15/Sep/2021:08:46:44 +0800] "GET /xingrg/javascript/easyui/themes/icons/field_new.png HTTP/1.1" 304 -
101.83.145.79 - - [15/Sep/2021:08:46:44 +0800] "GET /xingrg/javascript/easyui/themes/icons/import_new.png HTTP/1.1" 304 -
101.83.145.79 - - [15/Sep/2021:08:46:44 +0800] "GET /xingrg/javascript/easyui/themes/icons/edit_add_new.png HTTP/1.1" 304 -
222.70.246.151 - - [15/Sep/2021:08:46:44 +0800] "GET /xingrg/all/function/internal_message.html?_=1631666810341&CODE_STATE=getMsg HTTP/1.1" 200 27
101.83.145.79 - - [15/Sep/2021:08:46:44 +0800] "GET /xingrg/javascript/easyui/plugins/jquery.parser.js HTTP/1.1" 304 -
101.83.145.79 - - [15/Sep/2021:08:46:44 +0800] "GET /xingrg/images/control/ajaxLoader.gif HTTP/1.1" 304 -
101.83.145.79 - - [15/Sep/2021:08:46:45 +0800] "POST /xingrg/kc/buy/cgsh_list_operate.html HTTP/1.1" 200 876
101.83.145.79 - - [15/Sep/2021:08:46:47 +0800] "GET /xingrg/javascript/easyui/themes/default/images/button_plain_hover.png HTTP/1.1" 304 -
101.83.145.79 - - [15/Sep/2021:08:46:48 +0800] "GET /xingrg/kc/buy/cgsh_order_add.html HTTP/1.1" 200 63529
101.83.145.79 - - [15/Sep/2021:08:46:48 +0800] "GET /xingrg/javascript/jquery_tools/order_manager.js HTTP/1.1" 304 -
101.83.145.79 - - [15/Sep/2021:08:46:48 +0800] "GET /xingrg/javascript/convert.js HTTP/1.1" 304 -
101.83.145.79 - - [15/Sep/2021:08:46:48 +0800] "GET /xingrg/javascript/json2.js HTTP/1.1" 304 -
101.83.145.79 - - [15/Sep/2021:08:46:48 +0800] "GET /xingrg/javascript/print/kc_print.js HTTP/1.1" 304 -
101.83.145.79 - - [15/Sep/2021:08:46:48 +0800] "GET /xingrg/words/20210914170719_words.js HTTP/1.1" 200 847830
101.83.145.79 - - [15/Sep/2021:08:46:48 +0800] "GET /xingrg/javascript/easyui/themes/icons/copy_new.png HTTP/1.1" 304 -
101.83.145.79 - - [15/Sep/2021:08:46:48 +0800] "GET /xingrg/javascript/easyui/themes/icons/template_new.png HTTP/1.1" 304 -
101.83.145.79 - - [15/Sep/2021:08:46:48 +0800] "GET /xingrg/javascript/easyui/themes/icons/ok.png HTTP/1.1" 304 -
101.83.145.79 - - [15/Sep/2021:08:46:48 +0800] "GET /xingrg/javascript/easyui/themes/icons/print.png HTTP/1.1" 304 -
101.83.145.79 - - [15/Sep/2021:08:46:48 +0800] "GET /xingrg/javascript/easyui/themes/default/images/menu_downarrow.png HTTP/1.1" 304 -
101.83.145.79 - - [15/Sep/2021:08:46:48 +0800] "GET /xingrg/javascript/easyui/themes/icons/cancel.png HTTP/1.1" 304 -
180.169.147.146 - - [15/Sep/2021:08:46:48 +0800] "GET /xingrg/all/function/internal_message.html?_=1631666809048&CODE_STATE=getMsg HTTP/1.1" 200 27
101.83.145.79 - - [15/Sep/2021:08:46:49 +0800] "POST /xingrg/kc/buy/cgsh_order_operate.html HTTP/1.1" 200 8245
101.83.145.79 - - [15/Sep/2021:08:46:49 +0800] "GET /xingrg/all/common/auto_word.html?type=employee&rest_code=00105 HTTP/1.1" 200 193
101.83.145.79 - - [15/Sep/2021:08:46:49 +0800] "GET /xingrg/javascript/easyui/themes/default/validatebox.css HTTP/1.1" 404 1104
101.83.145.79 - - [15/Sep/2021:08:46:49 +0800] "GET /xingrg/all/common/auto_word.html?type=employee&rest_code=00105 HTTP/1.1" 200 193
101.83.145.79 - - [15/Sep/2021:08:46:49 +0800] "GET /xingrg/javascript/easyui/plugins/jquery.validatebox.js HTTP/1.1" 304 -
101.83.145.79 - - [15/Sep/2021:08:46:49 +0800] "GET /xingrg/javascript/easyui/themes/icons/edit_remove.png HTTP/1.1" 304 -
101.83.145.79 - - [15/Sep/2021:08:46:49 +0800] "GET /xingrg/javascript/easyui/plugins/jquery.numberbox.js HTTP/1.1" 304 -
116.230.105.26 - - [15/Sep/2021:08:46:55 +0800] "GET /xingrg/all/function/internal_message.html?_=1631666803671&CODE_STATE=getMsg HTTP/1.1" 200 27
120.253.135.82 - - [15/Sep/2021:08:47:00 +0800] "GET /xingrg/check_reg.html?_=1631666590064 HTTP/1.1" 200 22
222.69.128.69 - - [15/Sep/2021:08:47:05 +0800] "GET /xingrg/all/function/internal_message.html?_=1631666822526&CODE_STATE=getMsg HTTP/1.1" 200 27
101.83.145.79 - - [15/Sep/2021:08:47:06 +0800] "GET /xingrg/all/function/internal_message.html?_=1631666824830&CODE_STATE=getMsg HTTP/1.1" 200 27
101.83.145.79 - - [15/Sep/2021:08:47:10 +0800] "GET /xingrg/javascript/auto/indicator.gif HTTP/1.1" 404 1066
180.169.147.146 - - [15/Sep/2021:08:47:11 +0800] "GET /xingrg/all/function/internal_message.html?_=1631666830634&CODE_STATE=getMsg HTTP/1.1" 200 27
180.169.147.146 - - [15/Sep/2021:08:47:11 +0800] "GET /xingrg/check_reg.html?_=1631666830639 HTTP/1.1" 200 22
116.230.105.26 - - [15/Sep/2021:08:47:12 +0800] "GET /xingrg/check_reg.html?_=1631666819978 HTTP/1.1" 200 22
101.83.145.79 - - [15/Sep/2021:08:47:27 +0800] "GET /xingrg/all/function/internal_message.html?_=1631666792105&CODE_STATE=getMsg HTTP/1.1" 200 27
120.253.135.82 - - [15/Sep/2021:08:47:32 +0800] "GET /xingrg/all/function/internal_message.html?_=1631666622652&CODE_STATE=getMsg HTTP/1.1" 200 27
58.221.95.50 - - [15/Sep/2021:08:47:32 +0800] "GET /xingrg/all/function/internal_message.html?_=1631666849914&CODE_STATE=getMsg HTTP/1.1" 200 27
222.70.179.190 - - [15/Sep/2021:08:47:33 +0800] "GET /xingrg/all/function/internal_message.html?_=1631666849467&CODE_STATE=getMsg HTTP/1.1" 200 27
172.20.0.100 - - [15/Sep/2021:08:47:41 +0800] "GET /xingrg/all/function/internal_message.html?_=1631666858099&CODE_STATE=getMsg HTTP/1.1" 200 27
222.70.246.151 - - [15/Sep/2021:08:47:42 +0800] "GET /xingrg/check_reg.html?_=1631666868973 HTTP/1.1" 200 22
222.70.246.151 - - [15/Sep/2021:08:47:44 +0800] "GET /xingrg/all/function/internal_message.html?_=1631666870353&CODE_STATE=getMsg HTTP/1.1" 200 27
180.169.147.146 - - [15/Sep/2021:08:47:48 +0800] "GET /xingrg/all/function/internal_message.html?_=1631666869050&CODE_STATE=getMsg HTTP/1.1" 200 27
116.230.105.26 - - [15/Sep/2021:08:47:55 +0800] "GET /xingrg/all/function/internal_message.html?_=1631666863653&CODE_STATE=getMsg HTTP/1.1" 200 27
222.69.128.69 - - [15/Sep/2021:08:48:05 +0800] "GET /xingrg/all/function/internal_message.html?_=1631666882526&CODE_STATE=getMsg HTTP/1.1" 200 27
101.83.145.79 - - [15/Sep/2021:08:48:06 +0800] "GET /xingrg/all/function/internal_message.html?_=1631666884829&CODE_STATE=getMsg HTTP/1.1" 200 27
101.83.145.79 - - [15/Sep/2021:08:48:06 +0800] "GET /xingrg/check_reg.html?_=1631666884832 HTTP/1.1" 200 22
180.169.147.146 - - [15/Sep/2021:08:48:11 +0800] "GET /xingrg/all/function/internal_message.html?_=1631666890628&CODE_STATE=getMsg HTTP/1.1" 200 27
101.83.145.79 - - [15/Sep/2021:08:48:13 +0800] "GET /xingrg/javascript/jquery_easy_ui/themes/default/images/tabs_active.png HTTP/1.1" 304 -
101.83.145.79 - - [15/Sep/2021:08:48:27 +0800] "GET /xingrg/all/function/internal_message.html?_=1631666852101&CODE_STATE=getMsg HTTP/1.1" 200 27
120.253.135.82 - - [15/Sep/2021:08:48:32 +0800] "GET /xingrg/all/function/internal_message.html?_=1631666682666&CODE_STATE=getMsg HTTP/1.1" 200 27
58.221.95.50 - - [15/Sep/2021:08:48:32 +0800] "GET /xingrg/all/function/internal_message.html?_=1631666909910&CODE_STATE=getMsg HTTP/1.1" 200 27
222.69.128.69 - - [15/Sep/2021:08:48:33 +0800] "GET /xingrg/javascript/jquery_easy_ui/themes/default/images/tabs_close.gif HTTP/1.1" 200 829
222.69.128.69 - - [15/Sep/2021:08:48:33 +0800] "GET /xingrg/css/base.css HTTP/1.1" 200 2811
222.69.128.69 - - [15/Sep/2021:08:48:33 +0800] "GET /xingrg/css/site.css HTTP/1.1" 200 7541
222.69.128.69 - - [15/Sep/2021:08:48:33 +0800] "GET /xingrg/javascript/easyui/themes/icon.css HTTP/1.1" 200 4483
222.69.128.69 - - [15/Sep/2021:08:48:33 +0800] "GET /xingrg/javascript/jquery_tools/datebox.css HTTP/1.1" 200 2597
222.69.128.69 - - [15/Sep/2021:08:48:33 +0800] "GET /xingrg/javascript/jquery_tools/fix.css HTTP/1.1" 200 1702
222.69.128.69 - - [15/Sep/2021:08:48:33 +0800] "GET /xingrg/kc/buy/cgsh_order_list.html HTTP/1.1" 200 47750
222.69.128.69 - - [15/Sep/2021:08:48:33 +0800] "GET /xingrg/javascript/jquery_tools/table.css HTTP/1.1" 200 1032
222.69.128.69 - - [15/Sep/2021:08:48:33 +0800] "GET /xingrg/javascript/jquery_tools/jquery.tools.min.js HTTP/1.1" 200 138801
222.69.128.69 - - [15/Sep/2021:08:48:33 +0800] "GET /xingrg/javascript/auto/jquery.autocomplete.css HTTP/1.1" 200 587
222.69.128.69 - - [15/Sep/2021:08:48:33 +0800] "GET /xingrg/javascript/jquery_tools/jquery.tools.hotkey.js HTTP/1.1" 200 3242
222.69.128.69 - - [15/Sep/2021:08:48:33 +0800] "GET /xingrg/javascript/jquery_tools/jquery.tools.table.js HTTP/1.1" 200 6994
222.69.128.69 - - [15/Sep/2021:08:48:33 +0800] "GET /xingrg/javascript/jquery_tools/list_manager.js HTTP/1.1" 200 3652
222.69.128.69 - - [15/Sep/2021:08:48:33 +0800] "GET /xingrg/javascript/easyui/easyloader.js HTTP/1.1" 200 5975
222.69.128.69 - - [15/Sep/2021:08:48:33 +0800] "GET /xingrg/javascript/jquery.cookie.js HTTP/1.1" 200 5513
222.69.128.69 - - [15/Sep/2021:08:48:33 +0800] "GET /xingrg/javascript/print/LodopFuncs.js HTTP/1.1" 200 5121
222.69.128.69 - - [15/Sep/2021:08:48:33 +0800] "GET /xingrg/javascript/jquery_tools/jquery.tools.extend.js HTTP/1.1" 200 15385
222.69.128.69 - - [15/Sep/2021:08:48:33 +0800] "GET /xingrg/javascript/easyui/themes/default/easyui.css HTTP/1.1" 200 30432
222.69.128.69 - - [15/Sep/2021:08:48:33 +0800] "GET /xingrg/javascript/auto/jquery.autocomplete.js HTTP/1.1" 200 21624
222.70.179.190 - - [15/Sep/2021:08:48:33 +0800] "GET /xingrg/all/function/internal_message.html?_=1631666909457&CODE_STATE=getMsg HTTP/1.1" 200 27
222.69.128.69 - - [15/Sep/2021:08:48:33 +0800] "GET /xingrg/javascript/easyui/themes/icons/edit_add_new.png HTTP/1.1" 200 2997
222.69.128.69 - - [15/Sep/2021:08:48:33 +0800] "GET /xingrg/javascript/easyui/themes/icons/cance_new.png HTTP/1.1" 200 3986
222.69.128.69 - - [15/Sep/2021:08:48:33 +0800] "GET /xingrg/javascript/easyui/themes/icons/check_new.png HTTP/1.1" 200 3224
222.69.128.69 - - [15/Sep/2021:08:48:33 +0800] "GET /xingrg/javascript/easyui/themes/icons/field_new.png HTTP/1.1" 200 1097
222.69.128.69 - - [15/Sep/2021:08:48:33 +0800] "GET /xingrg/javascript/easyui/themes/icons/import_new.png HTTP/1.1" 200 1247
222.69.128.69 - - [15/Sep/2021:08:48:33 +0800] "GET /xingrg/javascript/easyui/plugins/jquery.parser.js HTTP/1.1" 200 1142
222.69.128.69 - - [15/Sep/2021:08:48:33 +0800] "GET /xingrg/images/control/ajaxLoader.gif HTTP/1.1" 200 4659
222.69.128.69 - - [15/Sep/2021:08:48:34 +0800] "POST /xingrg/kc/buy/cgsh_list_operate.html HTTP/1.1" 200 876
172.20.0.100 - - [15/Sep/2021:08:48:41 +0800] "GET /xingrg/check_reg.html?_=1631666918084 HTTP/1.1" 200 22
172.20.0.100 - - [15/Sep/2021:08:48:41 +0800] "GET /xingrg/all/function/internal_message.html?_=1631666918086&CODE_STATE=getMsg HTTP/1.1" 200 27
222.70.246.151 - - [15/Sep/2021:08:48:44 +0800] "GET /xingrg/all/function/internal_message.html?_=1631666930367&CODE_STATE=getMsg HTTP/1.1" 200 27
180.169.147.146 - - [15/Sep/2021:08:48:48 +0800] "GET /xingrg/check_reg.html?_=1631666929048 HTTP/1.1" 200 22
180.169.147.146 - - [15/Sep/2021:08:48:48 +0800] "GET /xingrg/all/function/internal_message.html?_=1631666929050&CODE_STATE=getMsg HTTP/1.1" 200 27
101.83.145.79 - - [15/Sep/2021:08:48:49 +0800] "GET /xingrg/kc/buy/cgsh_order_operate.html?command=get_materiel&rest_code=00105&code=00101016037&supplier_code=00100028&order_time=2021-09-15 HTTP/1.1" 200 451
101.83.145.79 - - [15/Sep/2021:08:48:55 +0800] "POST /xingrg/all/common/load_select.html HTTP/1.1" 200 25
116.230.105.26 - - [15/Sep/2021:08:48:55 +0800] "GET /xingrg/all/function/internal_message.html?_=1631666923652&CODE_STATE=getMsg HTTP/1.1" 200 27
101.83.145.79 - - [15/Sep/2021:08:49:01 +0800] "GET /xingrg/kc/buy/cgsh_order_operate.html?command=get_materiel_price&rest_code=00105&code=00101016037&unit_code=00100098&supplier_code=00100028&order_time=2021-09-15 HTTP/1.1" 200 30
222.69.128.69 - - [15/Sep/2021:08:49:05 +0800] "GET /xingrg/all/function/internal_message.html?_=1631666942538&CODE_STATE=getMsg HTTP/1.1" 200 27
101.83.145.79 - - [15/Sep/2021:08:49:06 +0800] "GET /xingrg/all/function/internal_message.html?_=1631666944831&CODE_STATE=getMsg HTTP/1.1" 200 27
180.169.147.146 - - [15/Sep/2021:08:49:11 +0800] "GET /xingrg/all/function/internal_message.html?_=1631666950635&CODE_STATE=getMsg HTTP/1.1" 200 27
101.83.145.79 - - [15/Sep/2021:08:49:27 +0800] "GET /xingrg/all/function/internal_message.html?_=1631666912256&CODE_STATE=getMsg HTTP/1.1" 200 27
58.221.95.50 - - [15/Sep/2021:08:49:32 +0800] "GET /xingrg/all/function/internal_message.html?_=1631666969902&CODE_STATE=getMsg HTTP/1.1" 200 27
120.253.135.82 - - [15/Sep/2021:08:49:32 +0800] "GET /xingrg/all/function/internal_message.html?_=1631666742902&CODE_STATE=getMsg HTTP/1.1" 200 27
222.70.179.190 - - [15/Sep/2021:08:49:33 +0800] "GET /xingrg/all/function/internal_message.html?_=1631666969445&CODE_STATE=getMsg HTTP/1.1" 200 27
222.70.179.190 - - [15/Sep/2021:08:49:33 +0800] "GET /xingrg/check_reg.html?_=1631666969446 HTTP/1.1" 200 22
222.69.128.69 - - [15/Sep/2021:08:49:39 +0800] "GET /xingrg/javascript/easyui/themes/default/images/button_plain_hover.png HTTP/1.1" 200 144
222.69.128.69 - - [15/Sep/2021:08:49:40 +0800] "GET /xingrg/javascript/pic_change.js HTTP/1.1" 200 4739
222.69.128.69 - - [15/Sep/2021:08:49:40 +0800] "GET /xingrg/javascript/convert.js HTTP/1.1" 200 1239
222.69.128.69 - - [15/Sep/2021:08:49:40 +0800] "GET /xingrg/kc/buy/cgsh_order_add.html HTTP/1.1" 200 63535
222.69.128.69 - - [15/Sep/2021:08:49:40 +0800] "GET /xingrg/javascript/json2.js HTTP/1.1" 200 11259
222.69.128.69 - - [15/Sep/2021:08:49:40 +0800] "GET /xingrg/javascript/jquery_tools/order_manager.js HTTP/1.1" 200 11183
222.69.128.69 - - [15/Sep/2021:08:49:40 +0800] "GET /xingrg/javascript/print/kc_print.js HTTP/1.1" 200 11415
222.69.128.69 - - [15/Sep/2021:08:49:40 +0800] "GET /xingrg/words/20210914170719_words.js HTTP/1.1" 200 847830
222.69.128.69 - - [15/Sep/2021:08:49:40 +0800] "GET /xingrg/javascript/easyui/themes/icons/copy_new.png HTTP/1.1" 200 815
222.69.128.69 - - [15/Sep/2021:08:49:40 +0800] "GET /xingrg/javascript/easyui/themes/icons/print.png HTTP/1.1" 200 1057
222.69.128.69 - - [15/Sep/2021:08:49:40 +0800] "GET /xingrg/javascript/easyui/themes/icons/template_new.png HTTP/1.1" 200 3956
222.69.128.69 - - [15/Sep/2021:08:49:40 +0800] "GET /xingrg/javascript/easyui/themes/default/images/menu_downarrow.png HTTP/1.1" 200 173
222.69.128.69 - - [15/Sep/2021:08:49:40 +0800] "GET /xingrg/javascript/easyui/themes/icons/ok.png HTTP/1.1" 200 883
222.69.128.69 - - [15/Sep/2021:08:49:40 +0800] "GET /xingrg/javascript/easyui/themes/icons/cancel.png HTTP/1.1" 200 1133
222.69.128.69 - - [15/Sep/2021:08:49:40 +0800] "POST /xingrg/kc/buy/cgsh_order_operate.html HTTP/1.1" 200 8245
222.69.128.69 - - [15/Sep/2021:08:49:40 +0800] "GET /xingrg/all/common/auto_word.html?type=employee&rest_code=00149 HTTP/1.1" 200 197
222.69.128.69 - - [15/Sep/2021:08:49:40 +0800] "GET /xingrg/javascript/easyui/themes/default/validatebox.css HTTP/1.1" 404 1104
222.69.128.69 - - [15/Sep/2021:08:49:40 +0800] "GET /xingrg/all/common/auto_word.html?type=employee&rest_code=00149 HTTP/1.1" 200 197
222.69.128.69 - - [15/Sep/2021:08:49:40 +0800] "GET /xingrg/javascript/easyui/plugins/jquery.validatebox.js HTTP/1.1" 200 6103
222.69.128.69 - - [15/Sep/2021:08:49:40 +0800] "GET /xingrg/javascript/easyui/plugins/jquery.numberbox.js HTTP/1.1" 200 5213
222.69.128.69 - - [15/Sep/2021:08:49:40 +0800] "GET /xingrg/javascript/easyui/themes/icons/edit_remove.png HTTP/1.1" 200 625
172.20.0.100 - - [15/Sep/2021:08:49:41 +0800] "GET /xingrg/all/function/internal_message.html?_=1631666978087&CODE_STATE=getMsg HTTP/1.1" 200 27
101.83.145.79 - - [15/Sep/2021:08:49:43 +0800] "GET /xingrg/kc/buy/cgsh_order_operate.html?command=get_materiel&rest_code=00105&code=00101016097&supplier_code=00100028&order_time=2021-09-15 HTTP/1.1" 200 470
222.69.128.69 - - [15/Sep/2021:08:49:43 +0800] "GET /xingrg/javascript/auto/indicator.gif HTTP/1.1" 404 1066
222.70.246.151 - - [15/Sep/2021:08:49:44 +0800] "GET /xingrg/all/function/internal_message.html?_=1631666990381&CODE_STATE=getMsg HTTP/1.1" 200 27
222.69.128.69 - - [15/Sep/2021:08:49:44 +0800] "GET /xingrg/javascript/jquery_tools/images/prev.gif HTTP/1.1" 404 1086
222.69.128.69 - - [15/Sep/2021:08:49:44 +0800] "GET /xingrg/javascript/jquery_tools/images/next.gif HTTP/1.1" 404 1086
101.83.145.79 - - [15/Sep/2021:08:49:46 +0800] "POST /xingrg/all/common/load_select.html HTTP/1.1" 200 25
180.169.147.146 - - [15/Sep/2021:08:49:48 +0800] "GET /xingrg/all/function/internal_message.html?_=1631666989054&CODE_STATE=getMsg HTTP/1.1" 200 27
222.69.128.69 - - [15/Sep/2021:08:49:52 +0800] "GET /xingrg/kc/buy/cgsh_order_operate.html?command=get_materiel&rest_code=00149&code=00101008323&supplier_code=00100005&order_time=2021-09-15 HTTP/1.1" 200 408
101.83.145.79 - - [15/Sep/2021:08:49:53 +0800] "GET /xingrg/kc/buy/cgsh_order_operate.html?command=get_materiel_price&rest_code=00105&code=00101016097&unit_code=00100163&supplier_code=00100028&order_time=2021-09-15 HTTP/1.1" 200 30
116.230.105.26 - - [15/Sep/2021:08:49:55 +0800] "GET /xingrg/all/function/internal_message.html?_=1631666983626&CODE_STATE=getMsg HTTP/1.1" 200 27
222.69.128.69 - - [15/Sep/2021:08:50:05 +0800] "GET /xingrg/check_reg.html?_=1631667002545 HTTP/1.1" 200 22
222.69.128.69 - - [15/Sep/2021:08:50:05 +0800] "GET /xingrg/all/function/internal_message.html?_=1631667002548&CODE_STATE=getMsg HTTP/1.1" 200 27
101.83.145.79 - - [15/Sep/2021:08:50:06 +0800] "GET /xingrg/all/function/internal_message.html?_=1631667004829&CODE_STATE=getMsg HTTP/1.1" 200 27
180.169.147.146 - - [15/Sep/2021:08:50:11 +0800] "GET /xingrg/all/function/internal_message.html?_=1631667010638&CODE_STATE=getMsg HTTP/1.1" 200 27
222.69.128.69 - - [15/Sep/2021:08:50:15 +0800] "GET /xingrg/kc/buy/cgsh_order_operate.html?command=get_materiel&rest_code=00149&code=00101008091&supplier_code=00100005&order_time=2021-09-15 HTTP/1.1" 200 412
101.83.145.79 - - [15/Sep/2021:08:50:27 +0800] "GET /xingrg/all/function/internal_message.html?_=1631666972234&CODE_STATE=getMsg HTTP/1.1" 200 27
222.69.128.69 - - [15/Sep/2021:08:50:30 +0800] "GET /xingrg/kc/buy/cgsh_order_operate.html?command=get_materiel&rest_code=00149&code=00101008302&supplier_code=00100005&order_time=2021-09-15 HTTP/1.1" 200 412
58.221.95.50 - - [15/Sep/2021:08:50:32 +0800] "GET /xingrg/all/function/internal_message.html?_=1631667029894&CODE_STATE=getMsg HTTP/1.1" 200 27
120.253.135.82 - - [15/Sep/2021:08:50:32 +0800] "GET /xingrg/all/function/internal_message.html?_=1631666802912&CODE_STATE=getMsg HTTP/1.1" 200 27
222.70.179.190 - - [15/Sep/2021:08:50:33 +0800] "GET /xingrg/all/function/internal_message.html?_=1631667029456&CODE_STATE=getMsg HTTP/1.1" 200 27
101.83.145.79 - - [15/Sep/2021:08:50:39 +0800] "GET /xingrg/kc/buy/cgsh_order_operate.html?command=get_materiel&rest_code=00105&code=00101016096&supplier_code=00100028&order_time=2021-09-15 HTTP/1.1" 200 448
172.20.0.100 - - [15/Sep/2021:08:50:41 +0800] "GET /xingrg/all/function/internal_message.html?_=1631667038090&CODE_STATE=getMsg HTTP/1.1" 200 27
222.69.128.69 - - [15/Sep/2021:08:50:43 +0800] "GET /xingrg/kc/buy/cgsh_order_operate.html?command=get_materiel&rest_code=00149&code=00101008132&supplier_code=00100005&order_time=2021-09-15 HTTP/1.1" 200 408
222.70.246.151 - - [15/Sep/2021:08:50:44 +0800] "GET /xingrg/all/function/internal_message.html?_=1631667050488&CODE_STATE=getMsg HTTP/1.1" 200 27
180.169.147.146 - - [15/Sep/2021:08:50:48 +0800] "GET /xingrg/all/function/internal_message.html?_=1631667049053&CODE_STATE=getMsg HTTP/1.1" 200 27
101.83.145.79 - - [15/Sep/2021:08:50:51 +0800] "POST /xingrg/kc/buy/cgsh_order_operate.html HTTP/1.1" 200 37
101.83.145.79 - - [15/Sep/2021:08:50:53 +0800] "POST /xingrg/kc/buy/cgsh_order_operate.html HTTP/1.1" 200 3918
116.230.105.26 - - [15/Sep/2021:08:50:55 +0800] "GET /xingrg/all/function/internal_message.html?_=1631667043610&CODE_STATE=getMsg HTTP/1.1" 200 27
101.83.145.79 - - [15/Sep/2021:08:50:59 +0800] "GET /xingrg/kc/print/load_config.html?kc_code=cgsh HTTP/1.1" 200 2076
101.83.145.79 - - [15/Sep/2021:08:50:59 +0800] "GET /xingrg/kc/print/load_data.html?order_code=212021091506279&kc_code=cgsh&condition= HTTP/1.1" 200 1261
222.69.128.69 - - [15/Sep/2021:08:50:59 +0800] "GET /xingrg/kc/buy/cgsh_order_operate.html?command=get_materiel&rest_code=00149&code=00101008055&supplier_code=00100005&order_time=2021-09-15 HTTP/1.1" 200 409
222.69.128.69 - - [15/Sep/2021:08:51:05 +0800] "GET /xingrg/all/function/internal_message.html?_=1631667062541&CODE_STATE=getMsg HTTP/1.1" 200 27
101.83.145.79 - - [15/Sep/2021:08:51:06 +0800] "GET /xingrg/all/function/internal_message.html?_=1631667064827&CODE_STATE=getMsg HTTP/1.1" 200 27
180.169.147.146 - - [15/Sep/2021:08:51:11 +0800] "GET /xingrg/all/function/internal_message.html?_=1631667070639&CODE_STATE=getMsg HTTP/1.1" 200 27
222.69.128.69 - - [15/Sep/2021:08:51:12 +0800] "GET /xingrg/kc/buy/cgsh_order_operate.html?command=get_materiel&rest_code=00149&code=00101008257&supplier_code=00100005&order_time=2021-09-15 HTTP/1.1" 200 416
101.83.145.79 - - [15/Sep/2021:08:51:27 +0800] "GET /xingrg/check_reg.html?_=1631667032102 HTTP/1.1" 200 22
101.83.145.79 - - [15/Sep/2021:08:51:27 +0800] "GET /xingrg/all/function/internal_message.html?_=1631667032215&CODE_STATE=getMsg HTTP/1.1" 200 27
58.221.95.50 - - [15/Sep/2021:08:51:32 +0800] "GET /xingrg/all/function/internal_message.html?_=1631667089889&CODE_STATE=getMsg HTTP/1.1" 200 27
58.221.95.50 - - [15/Sep/2021:08:51:32 +0800] "GET /xingrg/check_reg.html?_=1631667089893 HTTP/1.1" 200 22
120.253.135.82 - - [15/Sep/2021:08:51:33 +0800] "GET /xingrg/all/function/internal_message.html?_=1631666863138&CODE_STATE=getMsg HTTP/1.1" 200 27
222.70.179.190 - - [15/Sep/2021:08:51:33 +0800] "GET /xingrg/all/function/internal_message.html?_=1631667089449&CODE_STATE=getMsg HTTP/1.1" 200 27
172.20.0.100 - - [15/Sep/2021:08:51:41 +0800] "GET /xingrg/all/function/internal_message.html?_=1631667098092&CODE_STATE=getMsg HTTP/1.1" 200 27
222.70.246.151 - - [15/Sep/2021:08:51:44 +0800] "GET /xingrg/all/function/internal_message.html?_=1631667110502&CODE_STATE=getMsg HTTP/1.1" 200 27
222.69.128.69 - - [15/Sep/2021:08:51:45 +0800] "GET /xingrg/kc/buy/cgsh_order_operate.html?command=get_materiel&rest_code=00149&code=00101008080&supplier_code=00100005&order_time=2021-09-15 HTTP/1.1" 200 416
180.169.147.146 - - [15/Sep/2021:08:51:49 +0800] "GET /xingrg/all/function/internal_message.html?_=1631667109052&CODE_STATE=getMsg HTTP/1.1" 200 27
116.230.105.26 - - [15/Sep/2021:08:51:55 +0800] "GET /xingrg/all/function/internal_message.html?_=1631667103596&CODE_STATE=getMsg HTTP/1.1" 200 27
120.253.135.82 - - [15/Sep/2021:08:52:00 +0800] "GET /xingrg/check_reg.html?_=1631666890074 HTTP/1.1" 200 22
222.69.128.69 - - [15/Sep/2021:08:52:05 +0800] "GET /xingrg/all/function/internal_message.html?_=1631667122539&CODE_STATE=getMsg HTTP/1.1" 200 27
101.83.145.79 - - [15/Sep/2021:08:52:06 +0800] "GET /xingrg/all/function/internal_message.html?_=1631667124841&CODE_STATE=getMsg HTTP/1.1" 200 27
180.169.147.146 - - [15/Sep/2021:08:52:11 +0800] "GET /xingrg/all/function/internal_message.html?_=1631667130641&CODE_STATE=getMsg HTTP/1.1" 200 27
180.169.147.146 - - [15/Sep/2021:08:52:11 +0800] "GET /xingrg/check_reg.html?_=1631667130644 HTTP/1.1" 200 22
116.230.105.26 - - [15/Sep/2021:08:52:12 +0800] "GET /xingrg/check_reg.html?_=1631667119963 HTTP/1.1" 200 22
222.69.128.69 - - [15/Sep/2021:08:52:19 +0800] "GET /xingrg/kc/buy/cgsh_order_operate.html?command=get_materiel&rest_code=00149&code=00101008350&supplier_code=00100005&order_time=2021-09-15 HTTP/1.1" 200 408
101.83.145.79 - - [15/Sep/2021:08:52:27 +0800] "GET /xingrg/all/function/internal_message.html?_=1631667092199&CODE_STATE=getMsg HTTP/1.1" 200 27
58.221.95.50 - - [15/Sep/2021:08:52:32 +0800] "GET /xingrg/all/function/internal_message.html?_=1631667149910&CODE_STATE=getMsg HTTP/1.1" 200 27
120.253.135.82 - - [15/Sep/2021:08:52:33 +0800] "GET /xingrg/all/function/internal_message.html?_=1631666923142&CODE_STATE=getMsg HTTP/1.1" 200 27
222.70.179.190 - - [15/Sep/2021:08:52:33 +0800] "GET /xingrg/all/function/internal_message.html?_=1631667149458&CODE_STATE=getMsg HTTP/1.1" 200 27
172.20.0.100 - - [15/Sep/2021:08:52:41 +0800] "GET /xingrg/all/function/internal_message.html?_=1631667158095&CODE_STATE=getMsg HTTP/1.1" 200 27
222.70.246.151 - - [15/Sep/2021:08:52:42 +0800] "GET /xingrg/check_reg.html?_=1631667169062 HTTP/1.1" 200 22
222.70.246.151 - - [15/Sep/2021:08:52:44 +0800] "GET /xingrg/all/function/internal_message.html?_=1631667170517&CODE_STATE=getMsg HTTP/1.1" 200 27
180.169.147.146 - - [15/Sep/2021:08:52:48 +0800] "GET /xingrg/all/function/internal_message.html?_=1631667169058&CODE_STATE=getMsg HTTP/1.1" 200 27
116.230.105.26 - - [15/Sep/2021:08:52:55 +0800] "GET /xingrg/all/function/internal_message.html?_=1631667163579&CODE_STATE=getMsg HTTP/1.1" 200 27
222.69.128.69 - - [15/Sep/2021:08:53:05 +0800] "GET /xingrg/all/function/internal_message.html?_=1631667182551&CODE_STATE=getMsg HTTP/1.1" 200 27
101.83.145.79 - - [15/Sep/2021:08:53:06 +0800] "GET /xingrg/check_reg.html?_=1631667184827 HTTP/1.1" 200 22
101.83.145.79 - - [15/Sep/2021:08:53:06 +0800] "GET /xingrg/all/function/internal_message.html?_=1631667184830&CODE_STATE=getMsg HTTP/1.1" 200 27
180.169.147.146 - - [15/Sep/2021:08:53:11 +0800] "GET /xingrg/all/function/internal_message.html?_=1631667190634&CODE_STATE=getMsg HTTP/1.1" 200 27
222.69.128.69 - - [15/Sep/2021:08:53:22 +0800] "GET /xingrg/kc/buy/cgsh_order_operate.html?command=get_materiel&rest_code=00149&code=00101008185&supplier_code=00100005&order_time=2021-09-15 HTTP/1.1" 200 408
101.83.145.79 - - [15/Sep/2021:08:53:27 +0800] "GET /xingrg/all/function/internal_message.html?_=1631667152185&CODE_STATE=getMsg HTTP/1.1" 200 27
58.221.95.50 - - [15/Sep/2021:08:53:32 +0800] "GET /xingrg/all/function/internal_message.html?_=1631667209902&CODE_STATE=getMsg HTTP/1.1" 200 27
120.253.135.82 - - [15/Sep/2021:08:53:33 +0800] "GET /xingrg/all/function/internal_message.html?_=1631666983155&CODE_STATE=getMsg HTTP/1.1" 200 27
222.70.179.190 - - [15/Sep/2021:08:53:33 +0800] "GET /xingrg/all/function/internal_message.html?_=1631667209453&CODE_STATE=getMsg HTTP/1.1" 200 27
222.69.128.69 - - [15/Sep/2021:08:53:36 +0800] "GET /xingrg/kc/buy/cgsh_order_operate.html?command=get_materiel&rest_code=00149&code=00101008354&supplier_code=00100005&order_time=2021-09-15 HTTP/1.1" 200 412
172.20.0.100 - - [15/Sep/2021:08:53:41 +0800] "GET /xingrg/check_reg.html?_=1631667218097 HTTP/1.1" 200 22
172.20.0.100 - - [15/Sep/2021:08:53:41 +0800] "GET /xingrg/all/function/internal_message.html?_=1631667218099&CODE_STATE=getMsg HTTP/1.1" 200 27
222.70.246.151 - - [15/Sep/2021:08:53:44 +0800] "GET /xingrg/all/function/internal_message.html?_=1631667230529&CODE_STATE=getMsg HTTP/1.1" 200 27
180.169.147.146 - - [15/Sep/2021:08:53:49 +0800] "GET /xingrg/check_reg.html?_=1631667229056 HTTP/1.1" 200 22
180.169.147.146 - - [15/Sep/2021:08:53:49 +0800] "GET /xingrg/all/function/internal_message.html?_=1631667229060&CODE_STATE=getMsg HTTP/1.1" 200 27
222.69.128.69 - - [15/Sep/2021:08:53:50 +0800] "GET /xingrg/kc/buy/cgsh_order_operate.html?command=get_materiel&rest_code=00149&code=00101008038&supplier_code=00100005&order_time=2021-09-15 HTTP/1.1" 200 412
116.230.105.26 - - [15/Sep/2021:08:53:55 +0800] "GET /xingrg/all/function/internal_message.html?_=1631667223560&CODE_STATE=getMsg HTTP/1.1" 200 27
222.69.128.69 - - [15/Sep/2021:08:54:04 +0800] "GET /xingrg/kc/buy/cgsh_order_operate.html?command=get_materiel&rest_code=00149&code=00101008358&supplier_code=00100005&order_time=2021-09-15 HTTP/1.1" 200 412
222.69.128.69 - - [15/Sep/2021:08:54:05 +0800] "GET /xingrg/all/function/internal_message.html?_=1631667242553&CODE_STATE=getMsg HTTP/1.1" 200 27
101.83.145.79 - - [15/Sep/2021:08:54:06 +0800] "GET /xingrg/all/function/internal_message.html?_=1631667244830&CODE_STATE=getMsg HTTP/1.1" 200 27
180.169.147.146 - - [15/Sep/2021:08:54:11 +0800] "GET /xingrg/all/function/internal_message.html?_=1631667250632&CODE_STATE=getMsg HTTP/1.1" 200 27
222.69.128.69 - - [15/Sep/2021:08:54:14 +0800] "GET /xingrg/kc/buy/cgsh_order_operate.html?command=get_materiel&rest_code=00149&code=00101008224&supplier_code=00100005&order_time=2021-09-15 HTTP/1.1" 200 416
