222.69.128.69 - - [15/Sep/2021:09:50:05 +0800] "GET /xingrg/check_reg.html?_=1631670602755 HTTP/1.1" 200 22
180.169.147.146 - - [15/Sep/2021:09:50:06 +0800] "GET /xingrg/all/function/internal_message.html?_=1631670637001&CODE_STATE=getMsg HTTP/1.1" 200 27
101.83.145.79 - - [15/Sep/2021:09:50:06 +0800] "GET /xingrg/all/function/internal_message.html?_=1631670604881&CODE_STATE=getMsg HTTP/1.1" 200 27
180.169.147.146 - - [15/Sep/2021:09:50:15 +0800] "GET /xingrg/all/function/internal_message.html?_=1631670614671&CODE_STATE=getMsg HTTP/1.1" 200 27
58.37.227.186 - - [15/Sep/2021:09:50:20 +0800] "GET /xingrg/all/function/internal_message.html?_=1631670488305&CODE_STATE=getMsg HTTP/1.1" 200 27
58.37.227.186 - - [15/Sep/2021:09:50:20 +0800] "GET /xingrg/check_reg.html?_=1631670488907 HTTP/1.1" 200 22
116.238.168.124 - - [15/Sep/2021:09:50:23 +0800] "GET /xingrg/check_reg.html?_=1631670599446 HTTP/1.1" 200 22
114.85.125.222 - - [15/Sep/2021:09:50:26 +0800] "GET /xingrg/all/function/internal_message.html?_=1631670609193&CODE_STATE=getMsg HTTP/1.1" 200 27
116.238.168.124 - - [15/Sep/2021:09:50:27 +0800] "POST /xingrg/kc/buy/cgsh_list_operate.html HTTP/1.1" 200 5709
101.83.145.79 - - [15/Sep/2021:09:50:27 +0800] "GET /xingrg/all/function/internal_message.html?_=1631670572199&CODE_STATE=getMsg HTTP/1.1" 200 27
101.89.239.120 - - [15/Sep/2021:09:50:32 +0800] "GET /xingrg/all/function/internal_message.html?_=1631670567447&CODE_STATE=getMsg HTTP/1.1" 302 -
58.221.95.50 - - [15/Sep/2021:09:50:32 +0800] "GET /xingrg/all/function/internal_message.html?_=1631670629347&CODE_STATE=getMsg HTTP/1.1" 200 27
116.237.74.154 - - [15/Sep/2021:09:50:32 +0800] "GET /xingrg/all/function/internal_message.html?_=1631670627425&CODE_STATE=getMsg HTTP/1.1" 200 27
101.89.239.120 - - [15/Sep/2021:09:50:33 +0800] "GET /xingrg/login.html HTTP/1.1" 200 7641
222.70.179.190 - - [15/Sep/2021:09:50:33 +0800] "GET /xingrg/all/function/internal_message.html?_=1631670629449&CODE_STATE=getMsg HTTP/1.1" 200 27
116.238.168.124 - - [15/Sep/2021:09:50:35 +0800] "GET /xingrg/all/function/internal_message.html?_=1631670611044&CODE_STATE=getMsg HTTP/1.1" 200 27
180.169.147.146 - - [15/Sep/2021:09:50:41 +0800] "GET /xingrg/all/function/internal_message.html?_=1631670640113&CODE_STATE=getMsg HTTP/1.1" 200 27
120.253.135.82 - - [15/Sep/2021:09:50:41 +0800] "GET /xingrg/all/function/internal_message.html?_=1631670411400&CODE_STATE=getMsg HTTP/1.1" 200 27
116.232.55.15 - - [15/Sep/2021:09:50:42 +0800] "GET /xingrg/all/function/internal_message.html?_=1631670639923&CODE_STATE=getMsg HTTP/1.1" 200 27
58.37.227.186 - - [15/Sep/2021:09:50:43 +0800] "GET /xingrg/all/function/internal_message.html?_=1631670511552&CODE_STATE=getMsg HTTP/1.1" 200 27
222.70.246.151 - - [15/Sep/2021:09:50:46 +0800] "GET /xingrg/all/function/internal_message.html?_=1631670652365&CODE_STATE=getMsg HTTP/1.1" 200 27
116.238.248.233 - - [15/Sep/2021:09:50:47 +0800] "GET /xingrg/check_reg.html?_=1631670643325 HTTP/1.1" 200 22
116.238.248.233 - - [15/Sep/2021:09:50:47 +0800] "GET /xingrg/all/function/internal_message.html?_=1631670643327&CODE_STATE=getMsg HTTP/1.1" 200 27
180.169.147.146 - - [15/Sep/2021:09:50:49 +0800] "GET /xingrg/all/function/internal_message.html?_=1631670649128&CODE_STATE=getMsg HTTP/1.1" 200 27
117.184.7.26 - - [15/Sep/2021:09:50:52 +0800] "GET /xingrg/check_reg.html?_=1631670646716 HTTP/1.1" 200 22
116.230.105.26 - - [15/Sep/2021:09:50:55 +0800] "GET /xingrg/all/function/internal_message.html?_=1631670642693&CODE_STATE=getMsg HTTP/1.1" 200 27
222.69.128.69 - - [15/Sep/2021:09:51:05 +0800] "GET /xingrg/all/function/internal_message.html?_=1631670662256&CODE_STATE=getMsg HTTP/1.1" 200 27
180.169.147.146 - - [15/Sep/2021:09:51:06 +0800] "GET /xingrg/check_reg.html?_=1631670697002 HTTP/1.1" 200 22
180.169.147.146 - - [15/Sep/2021:09:51:06 +0800] "GET /xingrg/all/function/internal_message.html?_=1631670697006&CODE_STATE=getMsg HTTP/1.1" 200 27
101.83.145.79 - - [15/Sep/2021:09:51:06 +0800] "GET /xingrg/all/function/internal_message.html?_=1631670664881&CODE_STATE=getMsg HTTP/1.1" 200 27
180.169.147.146 - - [15/Sep/2021:09:51:15 +0800] "GET /xingrg/all/function/internal_message.html?_=1631670674664&CODE_STATE=getMsg HTTP/1.1" 200 27
101.83.145.79 - - [15/Sep/2021:09:51:18 +0800] "POST /xingrg/services/DataTransmitService HTTP/1.1" 200 524
101.83.145.79 - - [15/Sep/2021:09:51:18 +0800] "POST /xingrg/services/DataTransmitService HTTP/1.1" 200 501
58.37.227.186 - - [15/Sep/2021:09:51:20 +0800] "GET /xingrg/all/function/internal_message.html?_=1631670548277&CODE_STATE=getMsg HTTP/1.1" 200 27
114.85.125.222 - - [15/Sep/2021:09:51:26 +0800] "GET /xingrg/all/function/internal_message.html?_=1631670669312&CODE_STATE=getMsg HTTP/1.1" 200 27
101.83.145.79 - - [15/Sep/2021:09:51:28 +0800] "GET /xingrg/all/function/internal_message.html?_=1631670632199&CODE_STATE=getMsg HTTP/1.1" 200 27
101.83.145.79 - - [15/Sep/2021:09:51:28 +0800] "GET /xingrg/check_reg.html?_=1631670632543 HTTP/1.1" 200 22
58.221.95.50 - - [15/Sep/2021:09:51:32 +0800] "GET /xingrg/all/function/internal_message.html?_=1631670689346&CODE_STATE=getMsg HTTP/1.1" 200 27
116.237.74.154 - - [15/Sep/2021:09:51:32 +0800] "GET /xingrg/all/function/internal_message.html?_=1631670687406&CODE_STATE=getMsg HTTP/1.1" 200 27
61.151.178.249 - - [15/Sep/2021:09:51:33 +0800] "GET /xingrg/all/function/internal_message.html?_=1631670627425&CODE_STATE=getMsg HTTP/1.1" 302 -
58.221.95.50 - - [15/Sep/2021:09:51:33 +0800] "GET /xingrg/check_reg.html?_=1631670690172 HTTP/1.1" 200 22
222.70.179.190 - - [15/Sep/2021:09:51:33 +0800] "GET /xingrg/all/function/internal_message.html?_=1631670689459&CODE_STATE=getMsg HTTP/1.1" 200 27
61.151.178.249 - - [15/Sep/2021:09:51:34 +0800] "GET /xingrg/login.html HTTP/1.1" 200 7641
116.238.168.124 - - [15/Sep/2021:09:51:35 +0800] "GET /xingrg/all/function/internal_message.html?_=1631670671050&CODE_STATE=getMsg HTTP/1.1" 200 27
180.169.147.146 - - [15/Sep/2021:09:51:41 +0800] "GET /xingrg/all/function/internal_message.html?_=1631670700114&CODE_STATE=getMsg HTTP/1.1" 200 27
120.253.135.82 - - [15/Sep/2021:09:51:41 +0800] "GET /xingrg/all/function/internal_message.html?_=1631670471400&CODE_STATE=getMsg HTTP/1.1" 200 27
116.232.55.15 - - [15/Sep/2021:09:51:42 +0800] "GET /xingrg/all/function/internal_message.html?_=1631670699924&CODE_STATE=getMsg HTTP/1.1" 200 27
58.37.227.186 - - [15/Sep/2021:09:51:43 +0800] "GET /xingrg/all/function/internal_message.html?_=1631670571526&CODE_STATE=getMsg HTTP/1.1" 200 27
222.70.246.151 - - [15/Sep/2021:09:51:46 +0800] "GET /xingrg/all/function/internal_message.html?_=1631670712377&CODE_STATE=getMsg HTTP/1.1" 200 27
116.238.248.233 - - [15/Sep/2021:09:51:47 +0800] "GET /xingrg/all/function/internal_message.html?_=1631670703333&CODE_STATE=getMsg HTTP/1.1" 200 27
180.169.147.146 - - [15/Sep/2021:09:51:49 +0800] "GET /xingrg/all/function/internal_message.html?_=1631670709136&CODE_STATE=getMsg HTTP/1.1" 200 27
116.230.105.26 - - [15/Sep/2021:09:51:55 +0800] "GET /xingrg/all/function/internal_message.html?_=1631670702680&CODE_STATE=getMsg HTTP/1.1" 200 27
120.253.135.82 - - [15/Sep/2021:09:52:00 +0800] "GET /xingrg/check_reg.html?_=1631670490644 HTTP/1.1" 200 22
222.69.128.69 - - [15/Sep/2021:09:52:05 +0800] "GET /xingrg/all/function/internal_message.html?_=1631670722231&CODE_STATE=getMsg HTTP/1.1" 200 27
180.169.147.146 - - [15/Sep/2021:09:52:05 +0800] "GET /xingrg/all/function/internal_message.html?_=1631670756991&CODE_STATE=getMsg HTTP/1.1" 200 27
101.83.145.79 - - [15/Sep/2021:09:52:06 +0800] "GET /xingrg/all/function/internal_message.html?_=1631670724880&CODE_STATE=getMsg HTTP/1.1" 200 27
116.230.105.26 - - [15/Sep/2021:09:52:12 +0800] "GET /xingrg/check_reg.html?_=1631670719764 HTTP/1.1" 200 22
180.169.147.146 - - [15/Sep/2021:09:52:15 +0800] "GET /xingrg/all/function/internal_message.html?_=1631670734669&CODE_STATE=getMsg HTTP/1.1" 200 27
58.37.227.186 - - [15/Sep/2021:09:52:20 +0800] "GET /xingrg/all/function/internal_message.html?_=1631670608256&CODE_STATE=getMsg HTTP/1.1" 200 27
114.85.125.222 - - [15/Sep/2021:09:52:23 +0800] "POST /xingrg/all/user/operate.html HTTP/1.1" 200 36
114.85.125.222 - - [15/Sep/2021:09:52:24 +0800] "GET /xingrg/javascript/jquery_easy_ui/themes/default/easyui.css HTTP/1.1" 304 -
114.85.125.222 - - [15/Sep/2021:09:52:24 +0800] "GET /xingrg/index.html?sysBaseUrl=http%3A%2F%2F180.169.147.146%3A18081%2Fxingrg%2F&costTime=45×tamp=1631667658607 HTTP/1.1" 200 17179
114.85.125.222 - - [15/Sep/2021:09:52:24 +0800] "GET /xingrg/javascript/jquery_easy_ui/themes/icon.css HTTP/1.1" 304 -
114.85.125.222 - - [15/Sep/2021:09:52:24 +0800] "GET /xingrg/css/form.css HTTP/1.1" 304 -
114.85.125.222 - - [15/Sep/2021:09:52:24 +0800] "GET /xingrg/javascript/jquery-1.4.2.min.js HTTP/1.1" 304 -
114.85.125.222 - - [15/Sep/2021:09:52:24 +0800] "GET /xingrg/javascript/jquery_easy_ui/jquery.easyui.min.js HTTP/1.1" 304 -
114.85.125.222 - - [15/Sep/2021:09:52:24 +0800] "GET /xingrg/javascript/jquery_easy_ui/easyui-lang-zh_CN.js HTTP/1.1" 304 -
114.85.125.222 - - [15/Sep/2021:09:52:24 +0800] "GET /xingrg/javascript/jquery.form.js HTTP/1.1" 304 -
114.85.125.222 - - [15/Sep/2021:09:52:24 +0800] "GET /xingrg/javascript/jquery.utils.js HTTP/1.1" 304 -
114.85.125.222 - - [15/Sep/2021:09:52:24 +0800] "GET /xingrg/javascript/jquery.timers.js HTTP/1.1" 304 -
114.85.125.222 - - [15/Sep/2021:09:52:24 +0800] "GET /xingrg/images/blue/navBackgound.jpg HTTP/1.1" 304 -
114.85.125.222 - - [15/Sep/2021:09:52:24 +0800] "GET /xingrg/images/blue/jxLogo.png HTTP/1.1" 304 -
114.85.125.222 - - [15/Sep/2021:09:52:24 +0800] "GET /xingrg/javascript/jquery_easy_ui/themes/icons/settle_new.png HTTP/1.1" 304 -
114.85.125.222 - - [15/Sep/2021:09:52:24 +0800] "GET /xingrg/images/blue/pingpu.png HTTP/1.1" 304 -
114.85.125.222 - - [15/Sep/2021:09:52:24 +0800] "POST /xingrg/all/common/load_tree.html?tree=area_rest_tree_json&manage=1 HTTP/1.1" 200 476
114.85.125.222 - - [15/Sep/2021:09:52:24 +0800] "GET /xingrg/javascript/jquery_easy_ui/themes/default/images/tabs_leftarrow.png HTTP/1.1" 304 -
114.85.125.222 - - [15/Sep/2021:09:52:24 +0800] "GET /xingrg/javascript/jquery_easy_ui/themes/default/images/tabs_rightarrow.png HTTP/1.1" 304 -
114.85.125.222 - - [15/Sep/2021:09:52:24 +0800] "GET /xingrg/javascript/jquery_easy_ui/themes/default/images/panel_tool_collapse.gif HTTP/1.1" 304 -
114.85.125.222 - - [15/Sep/2021:09:52:24 +0800] "GET /xingrg/check_reg.html?_=1631670727682 HTTP/1.1" 200 22
114.85.125.222 - - [15/Sep/2021:09:52:24 +0800] "GET /xingrg/all/function/internal_message.html?_=1631670727681&CODE_STATE=count HTTP/1.1" 200 11
114.85.125.222 - - [15/Sep/2021:09:52:24 +0800] "POST /xingrg/load_menu.html HTTP/1.1" 200 5138
101.83.145.79 - - [15/Sep/2021:09:52:28 +0800] "GET /xingrg/all/function/internal_message.html?_=1631670692198&CODE_STATE=getMsg HTTP/1.1" 200 27
114.85.125.222 - - [15/Sep/2021:09:52:31 +0800] "GET /xingrg/kc/buy/cgsh_order_list.html HTTP/1.1" 200 47750
114.85.125.222 - - [15/Sep/2021:09:52:31 +0800] "POST /xingrg/kc/buy/cgsh_list_operate.html HTTP/1.1" 200 876
222.69.128.69 - - [15/Sep/2021:09:52:32 +0800] "GET /xingrg/javascript/jquery_easy_ui/themes/default/images/tabs_active.png HTTP/1.1" 200 2894
58.221.95.50 - - [15/Sep/2021:09:52:32 +0800] "GET /xingrg/all/function/internal_message.html?_=1631670749317&CODE_STATE=getMsg HTTP/1.1" 200 27
116.237.74.154 - - [15/Sep/2021:09:52:32 +0800] "GET /xingrg/check_reg.html?_=1631670747406 HTTP/1.1" 200 22
116.237.74.154 - - [15/Sep/2021:09:52:32 +0800] "GET /xingrg/all/function/internal_message.html?_=1631670747404&CODE_STATE=getMsg HTTP/1.1" 200 27
114.85.125.222 - - [15/Sep/2021:09:52:33 +0800] "GET /xingrg/kc/buy/cgsh_order_add.html HTTP/1.1" 200 63418
114.85.125.222 - - [15/Sep/2021:09:52:33 +0800] "POST /xingrg/kc/buy/cgsh_order_operate.html HTTP/1.1" 200 8245
114.85.125.222 - - [15/Sep/2021:09:52:33 +0800] "GET /xingrg/javascript/easyui/themes/default/validatebox.css HTTP/1.1" 404 1104
222.70.179.190 - - [15/Sep/2021:09:52:33 +0800] "GET /xingrg/all/function/internal_message.html?_=1631670749458&CODE_STATE=getMsg HTTP/1.1" 200 27
114.85.125.222 - - [15/Sep/2021:09:52:34 +0800] "GET /xingrg/javascript/auto/indicator.gif HTTP/1.1" 404 1066
116.238.168.124 - - [15/Sep/2021:09:52:34 +0800] "GET /xingrg/login.html HTTP/1.1" 200 7641
116.238.168.124 - - [15/Sep/2021:09:52:35 +0800] "GET /xingrg/all/function/internal_message.html?_=1631670731320&CODE_STATE=getMsg HTTP/1.1" 200 27
116.238.168.124 - - [15/Sep/2021:09:52:39 +0800] "GET /favicon.ico HTTP/1.1" 404 -
180.169.147.146 - - [15/Sep/2021:09:52:41 +0800] "GET /xingrg/check_reg.html?_=1631670760121 HTTP/1.1" 200 22
180.169.147.146 - - [15/Sep/2021:09:52:41 +0800] "GET /xingrg/all/function/internal_message.html?_=1631670760126&CODE_STATE=getMsg HTTP/1.1" 200 27
120.253.135.82 - - [15/Sep/2021:09:52:41 +0800] "GET /xingrg/all/function/internal_message.html?_=1631670531413&CODE_STATE=getMsg HTTP/1.1" 200 27
116.232.55.15 - - [15/Sep/2021:09:52:42 +0800] "GET /xingrg/all/function/internal_message.html?_=1631670759927&CODE_STATE=getMsg HTTP/1.1" 200 27
58.37.227.186 - - [15/Sep/2021:09:52:43 +0800] "GET /xingrg/all/function/internal_message.html?_=1631670631499&CODE_STATE=getMsg HTTP/1.1" 200 27
114.85.125.222 - - [15/Sep/2021:09:52:43 +0800] "GET /xingrg/kc/buy/cgsh_order_operate.html?command=get_materiel&rest_code=00150&code=00101005037&supplier_code=00100400&order_time=2021-09-15 HTTP/1.1" 200 409
222.70.246.151 - - [15/Sep/2021:09:52:43 +0800] "GET /xingrg/check_reg.html?_=1631670770226 HTTP/1.1" 200 22
58.37.227.186 - - [15/Sep/2021:09:52:44 +0800] "GET /xingrg/check_reg.html?_=1631670632429 HTTP/1.1" 200 22
116.238.168.124 - - [15/Sep/2021:09:52:45 +0800] "POST /xingrg/login.do HTTP/1.1" 302 -
116.238.168.124 - - [15/Sep/2021:09:52:45 +0800] "GET /xingrg/index.html?sysBaseUrl=http%3A%2F%2F180.169.147.146%3A18081%2Fxingrg%2F&costTime=38×tamp=1631670765547 HTTP/1.1" 200 17413
222.70.246.151 - - [15/Sep/2021:09:52:46 +0800] "GET /xingrg/all/function/internal_message.html?_=1631670772391&CODE_STATE=getMsg HTTP/1.1" 200 27
116.238.168.124 - - [15/Sep/2021:09:52:46 +0800] "POST /xingrg/all/common/load_tree.html?tree=area_rest_tree_json&manage=1 HTTP/1.1" 200 342
116.238.168.124 - - [15/Sep/2021:09:52:46 +0800] "GET /xingrg/all/function/internal_message.html?_=1631670757870&CODE_STATE=count HTTP/1.1" 200 11
116.238.168.124 - - [15/Sep/2021:09:52:46 +0800] "GET /xingrg/check_reg.html?_=1631670757871 HTTP/1.1" 200 22
116.238.248.233 - - [15/Sep/2021:09:52:47 +0800] "GET /xingrg/all/function/internal_message.html?_=1631670763332&CODE_STATE=getMsg HTTP/1.1" 200 27
116.238.168.124 - - [15/Sep/2021:09:52:47 +0800] "GET /favicon.ico HTTP/1.1" 404 -
116.238.168.124 - - [15/Sep/2021:09:52:47 +0800] "GET /favicon.ico HTTP/1.1" 404 -
116.238.168.124 - - [15/Sep/2021:09:52:47 +0800] "POST /xingrg/load_menu.html HTTP/1.1" 200 9959
180.169.147.146 - - [15/Sep/2021:09:52:49 +0800] "GET /xingrg/all/function/internal_message.html?_=1631670769138&CODE_STATE=getMsg HTTP/1.1" 200 27
116.238.168.124 - - [15/Sep/2021:09:52:50 +0800] "POST /xingrg/load_menu.html HTTP/1.1" 200 9242
116.238.168.124 - - [15/Sep/2021:09:52:51 +0800] "GET /xingrg/all/report/report_query.html?fileName=dma/new_5.0/yingye/order_list.xml HTTP/1.1" 200 55281
116.238.168.124 - - [15/Sep/2021:09:52:51 +0800] "GET /xingrg/dwr/interface/AjaxReportQueryService.js HTTP/1.1" 200 13203
116.238.168.124 - - [15/Sep/2021:09:52:51 +0800] "GET /xingrg/dwr/engine.js HTTP/1.1" 200 43631
116.238.168.124 - - [15/Sep/2021:09:52:51 +0800] "GET /xingrg/dwr/util.js HTTP/1.1" 304 -
116.238.168.124 - - [15/Sep/2021:09:52:51 +0800] "POST /xingrg/dwr/call/plaincall/AjaxReportQueryService.getFixDate.dwr HTTP/1.1" 200 111
116.238.168.124 - - [15/Sep/2021:09:52:52 +0800] "POST /xingrg/all/common/load_tree.html?tree=area_station_tree_json&manage=1 HTTP/1.1" 200 336
116.238.168.124 - - [15/Sep/2021:09:52:52 +0800] "POST /xingrg/dwr/call/plaincall/AjaxReportQueryService.getInitString.dwr HTTP/1.1" 200 76
116.230.105.26 - - [15/Sep/2021:09:52:55 +0800] "GET /xingrg/all/function/internal_message.html?_=1631670762678&CODE_STATE=getMsg HTTP/1.1" 200 27
116.238.168.124 - - [15/Sep/2021:09:52:55 +0800] "POST /xingrg/dwr/call/plaincall/AjaxReportQueryService.getFixDate.dwr HTTP/1.1" 200 111
114.85.125.222 - - [15/Sep/2021:09:52:55 +0800] "GET /xingrg/kc/buy/cgsh_order_operate.html?command=get_materiel&rest_code=00150&code=00101002027&supplier_code=00100400&order_time=2021-09-15 HTTP/1.1" 200 413
116.238.168.124 - - [15/Sep/2021:09:52:56 +0800] "POST /xingrg/dwr/call/plaincall/AjaxReportQueryService.refreshCache.dwr HTTP/1.1" 200 78
116.238.168.124 - - [15/Sep/2021:09:52:57 +0800] "POST /xingrg/all/report/load_report_page.html HTTP/1.1" 200 89
222.69.128.69 - - [15/Sep/2021:09:53:04 +0800] "GET /xingrg/all/function/internal_message.html?_=1631670782201&CODE_STATE=getMsg HTTP/1.1" 200 27
180.169.147.146 - - [15/Sep/2021:09:53:05 +0800] "GET /xingrg/all/function/internal_message.html?_=1631670816993&CODE_STATE=getMsg HTTP/1.1" 200 27
101.83.145.79 - - [15/Sep/2021:09:53:06 +0800] "GET /xingrg/check_reg.html?_=1631670784880 HTTP/1.1" 200 22
101.83.145.79 - - [15/Sep/2021:09:53:06 +0800] "GET /xingrg/all/function/internal_message.html?_=1631670784879&CODE_STATE=getMsg HTTP/1.1" 200 27
116.237.74.154 - - [15/Sep/2021:09:53:11 +0800] "GET /xingrg/kc/buy/cgsh_order_operate.html?command=get_materiel&rest_code=00106&code=00101008114&supplier_code=00100007&order_time=2021-09-15 HTTP/1.1" 200 412
180.169.147.146 - - [15/Sep/2021:09:53:15 +0800] "GET /xingrg/check_reg.html?_=1631670794658 HTTP/1.1" 200 22
180.169.147.146 - - [15/Sep/2021:09:53:15 +0800] "GET /xingrg/all/function/internal_message.html?_=1631670794663&CODE_STATE=getMsg HTTP/1.1" 200 27
58.37.227.186 - - [15/Sep/2021:09:53:19 +0800] "GET /xingrg/all/function/internal_message.html?_=1631670668228&CODE_STATE=getMsg HTTP/1.1" 200 27
116.238.168.124 - - [15/Sep/2021:09:53:20 +0800] "POST /xingrg/dwr/call/plaincall/AjaxReportQueryService.refreshCache.dwr HTTP/1.1" 200 78
114.85.125.222 - - [15/Sep/2021:09:53:24 +0800] "GET /xingrg/all/function/internal_message.html?_=1631670787690&CODE_STATE=getMsg HTTP/1.1" 200 27
116.238.168.124 - - [15/Sep/2021:09:53:26 +0800] "POST /xingrg/all/report/load_report_page.html HTTP/1.1" 200 221130
116.238.168.124 - - [15/Sep/2021:09:53:26 +0800] "GET /xingrg/servlets/image?cache=0.7531116974675113&image=px HTTP/1.1" 200 807
101.83.145.79 - - [15/Sep/2021:09:53:27 +0800] "GET /xingrg/all/function/internal_message.html?_=1631670752195&CODE_STATE=getMsg HTTP/1.1" 200 27
114.85.125.222 - - [15/Sep/2021:09:53:28 +0800] "POST /xingrg/kc/buy/cgsh_order_operate.html HTTP/1.1" 200 37
58.221.95.50 - - [15/Sep/2021:09:53:32 +0800] "GET /xingrg/all/function/internal_message.html?_=1631670809301&CODE_STATE=getMsg HTTP/1.1" 200 27
61.151.207.158 - - [15/Sep/2021:09:53:32 +0800] "GET /xingrg/check_reg.html?_=1631670747406 HTTP/1.1" 302 -
114.85.125.222 - - [15/Sep/2021:09:53:32 +0800] "POST /xingrg/kc/buy/cgsh_order_operate.html HTTP/1.1" 200 12
116.237.74.154 - - [15/Sep/2021:09:53:32 +0800] "GET /xingrg/all/function/internal_message.html?_=1631670807478&CODE_STATE=getMsg HTTP/1.1" 200 27
61.151.207.158 - - [15/Sep/2021:09:53:32 +0800] "GET /xingrg/login.html HTTP/1.1" 200 7641
101.89.239.238 - - [15/Sep/2021:09:53:32 +0800] "GET /xingrg/all/function/internal_message.html?_=1631670747404&CODE_STATE=getMsg HTTP/1.1" 302 -
101.89.239.238 - - [15/Sep/2021:09:53:33 +0800] "GET /xingrg/login.html HTTP/1.1" 200 7641
222.70.179.190 - - [15/Sep/2021:09:53:33 +0800] "GET /xingrg/all/function/internal_message.html?_=1631670809455&CODE_STATE=getMsg HTTP/1.1" 200 27
114.85.125.222 - - [15/Sep/2021:09:53:33 +0800] "GET /xingrg/kc/buy/cgsh_order_info.html?code=212021091506315 HTTP/1.1" 200 58329
114.85.125.222 - - [15/Sep/2021:09:53:34 +0800] "GET /xingrg/javascript/easyui/themes/default/validatebox.css HTTP/1.1" 404 1104
114.85.125.222 - - [15/Sep/2021:09:53:34 +0800] "POST /xingrg/kc/buy/cgsh_order_operate.html HTTP/1.1" 200 1194
116.238.168.124 - - [15/Sep/2021:09:53:35 +0800] "GET /xingrg/all/function/internal_message.html?_=1631670791327&CODE_STATE=getMsg HTTP/1.1" 200 27
114.85.125.222 - - [15/Sep/2021:09:53:37 +0800] "GET /xingrg/kc/print/load_config.html?kc_code=cgsh HTTP/1.1" 200 2076
114.85.125.222 - - [15/Sep/2021:09:53:37 +0800] "GET /xingrg/kc/print/load_data.html?order_code=212021091506315&kc_code=cgsh&condition= HTTP/1.1" 200 940
180.169.147.146 - - [15/Sep/2021:09:53:41 +0800] "GET /xingrg/all/function/internal_message.html?_=1631670820127&CODE_STATE=getMsg HTTP/1.1" 200 27
120.253.135.82 - - [15/Sep/2021:09:53:41 +0800] "GET /xingrg/all/function/internal_message.html?_=1631670591426&CODE_STATE=getMsg HTTP/1.1" 200 27
116.232.55.15 - - [15/Sep/2021:09:53:42 +0800] "GET /xingrg/all/function/internal_message.html?_=1631670819929&CODE_STATE=getMsg HTTP/1.1" 200 27
58.37.227.186 - - [15/Sep/2021:09:53:43 +0800] "GET /xingrg/all/function/internal_message.html?_=1631670691471&CODE_STATE=getMsg HTTP/1.1" 200 27
222.70.246.151 - - [15/Sep/2021:09:53:46 +0800] "GET /xingrg/all/function/internal_message.html?_=1631670832405&CODE_STATE=getMsg HTTP/1.1" 200 27
116.238.168.124 - - [15/Sep/2021:09:53:46 +0800] "GET /xingrg/all/function/internal_message.html?_=1631670817879&CODE_STATE=getMsg HTTP/1.1" 200 27
116.238.248.233 - - [15/Sep/2021:09:53:47 +0800] "GET /xingrg/all/function/internal_message.html?_=1631670823324&CODE_STATE=getMsg HTTP/1.1" 200 27
180.169.147.146 - - [15/Sep/2021:09:53:49 +0800] "GET /xingrg/check_reg.html?_=1631670829136 HTTP/1.1" 200 22
180.169.147.146 - - [15/Sep/2021:09:53:49 +0800] "GET /xingrg/all/function/internal_message.html?_=1631670829141&CODE_STATE=getMsg HTTP/1.1" 200 27
116.230.105.26 - - [15/Sep/2021:09:53:55 +0800] "GET /xingrg/all/function/internal_message.html?_=1631670822660&CODE_STATE=getMsg HTTP/1.1" 200 27
222.69.128.69 - - [15/Sep/2021:09:54:04 +0800] "GET /xingrg/all/function/internal_message.html?_=1631670842190&CODE_STATE=getMsg HTTP/1.1" 200 27
180.169.147.146 - - [15/Sep/2021:09:54:05 +0800] "GET /xingrg/all/function/internal_message.html?_=1631670876994&CODE_STATE=getMsg HTTP/1.1" 200 27
101.83.145.79 - - [15/Sep/2021:09:54:06 +0800] "GET /xingrg/all/function/internal_message.html?_=1631670844879&CODE_STATE=getMsg HTTP/1.1" 200 27
116.237.74.154 - - [15/Sep/2021:09:54:10 +0800] "GET /xingrg/kc/buy/cgsh_order_operate.html?command=get_materiel&rest_code=00106&code=00101008125&supplier_code=00100007&order_time=2021-09-15 HTTP/1.1" 200 432
180.169.147.146 - - [15/Sep/2021:09:54:15 +0800] "GET /xingrg/all/function/internal_message.html?_=1631670854665&CODE_STATE=getMsg HTTP/1.1" 200 27
116.237.74.154 - - [15/Sep/2021:09:54:19 +0800] "GET /xingrg/kc/buy/cgsh_order_operate.html?command=get_materiel&rest_code=00106&code=00101008355&supplier_code=00100007&order_time=2021-09-15 HTTP/1.1" 200 408
58.37.227.186 - - [15/Sep/2021:09:54:19 +0800] "GET /xingrg/all/function/internal_message.html?_=1631670728207&CODE_STATE=getMsg HTTP/1.1" 200 27
114.85.125.222 - - [15/Sep/2021:09:54:24 +0800] "GET /xingrg/all/function/internal_message.html?_=1631670847702&CODE_STATE=getMsg HTTP/1.1" 200 27
101.83.145.79 - - [15/Sep/2021:09:54:27 +0800] "GET /xingrg/all/function/internal_message.html?_=1631670812196&CODE_STATE=getMsg HTTP/1.1" 200 27
116.237.74.154 - - [15/Sep/2021:09:54:28 +0800] "GET /xingrg/kc/buy/cgsh_order_operate.html?command=get_materiel&rest_code=00106&code=00101008148&supplier_code=00100007&order_time=2021-09-15 HTTP/1.1" 200 416
58.221.95.50 - - [15/Sep/2021:09:54:32 +0800] "GET /xingrg/all/function/internal_message.html?_=1631670869287&CODE_STATE=getMsg HTTP/1.1" 200 27
116.237.74.154 - - [15/Sep/2021:09:54:32 +0800] "GET /xingrg/all/function/internal_message.html?_=1631670867462&CODE_STATE=getMsg HTTP/1.1" 200 27
222.70.179.190 - - [15/Sep/2021:09:54:33 +0800] "GET /xingrg/check_reg.html?_=1631670869443 HTTP/1.1" 200 22
222.70.179.190 - - [15/Sep/2021:09:54:33 +0800] "GET /xingrg/all/function/internal_message.html?_=1631670869445&CODE_STATE=getMsg HTTP/1.1" 200 27
116.238.168.124 - - [15/Sep/2021:09:54:35 +0800] "GET /xingrg/all/function/internal_message.html?_=1631670851603&CODE_STATE=getMsg HTTP/1.1" 200 27
180.169.147.146 - - [15/Sep/2021:09:54:41 +0800] "GET /xingrg/all/function/internal_message.html?_=1631670880129&CODE_STATE=getMsg HTTP/1.1" 200 27
120.253.135.82 - - [15/Sep/2021:09:54:41 +0800] "GET /xingrg/all/function/internal_message.html?_=1631670651705&CODE_STATE=getMsg HTTP/1.1" 200 27
116.232.55.15 - - [15/Sep/2021:09:54:42 +0800] "GET /xingrg/all/function/internal_message.html?_=1631670879934&CODE_STATE=getMsg HTTP/1.1" 200 27
116.232.55.15 - - [15/Sep/2021:09:54:42 +0800] "GET /xingrg/check_reg.html?_=1631670879935 HTTP/1.1" 200 22
58.37.227.186 - - [15/Sep/2021:09:54:43 +0800] "GET /xingrg/all/function/internal_message.html?_=1631670751444&CODE_STATE=getMsg HTTP/1.1" 200 27
222.70.246.151 - - [15/Sep/2021:09:54:46 +0800] "GET /xingrg/all/function/internal_message.html?_=1631670892418&CODE_STATE=getMsg HTTP/1.1" 200 27
116.238.168.124 - - [15/Sep/2021:09:54:46 +0800] "GET /xingrg/all/function/internal_message.html?_=1631670877878&CODE_STATE=getMsg HTTP/1.1" 200 27
116.238.248.233 - - [15/Sep/2021:09:54:47 +0800] "GET /xingrg/all/function/internal_message.html?_=1631670883327&CODE_STATE=getMsg HTTP/1.1" 200 27
180.169.147.146 - - [15/Sep/2021:09:54:49 +0800] "GET /xingrg/all/function/internal_message.html?_=1631670889130&CODE_STATE=getMsg HTTP/1.1" 200 27
116.237.74.154 - - [15/Sep/2021:09:54:49 +0800] "GET /xingrg/kc/buy/cgsh_order_operate.html?command=get_materiel&rest_code=00106&code=00101008176&supplier_code=00100007&order_time=2021-09-15 HTTP/1.1" 200 412
116.230.105.26 - - [15/Sep/2021:09:54:55 +0800] "GET /xingrg/all/function/internal_message.html?_=1631670882648&CODE_STATE=getMsg HTTP/1.1" 200 27
116.237.74.154 - - [15/Sep/2021:09:54:55 +0800] "POST /xingrg/kc/buy/cgsh_order_operate.html HTTP/1.1" 200 2065
116.237.74.154 - - [15/Sep/2021:09:55:01 +0800] "GET /xingrg/kc/buy/cgsh_order_operate.html?command=get_materiel&rest_code=00106&code=00101008072&supplier_code=00100007&order_time=2021-09-15 HTTP/1.1" 200 408
222.69.128.69 - - [15/Sep/2021:09:55:04 +0800] "GET /xingrg/all/function/internal_message.html?_=1631670902164&CODE_STATE=getMsg HTTP/1.1" 200 27
222.69.128.69 - - [15/Sep/2021:09:55:05 +0800] "GET /xingrg/check_reg.html?_=1631670902778 HTTP/1.1" 200 22
180.169.147.146 - - [15/Sep/2021:09:55:05 +0800] "GET /xingrg/all/function/internal_message.html?_=1631670936995&CODE_STATE=getMsg HTTP/1.1" 200 27
101.83.145.79 - - [15/Sep/2021:09:55:06 +0800] "GET /xingrg/all/function/internal_message.html?_=1631670904877&CODE_STATE=getMsg HTTP/1.1" 200 27
116.237.74.154 - - [15/Sep/2021:09:55:08 +0800] "GET /xingrg/kc/buy/cgsh_order_operate.html?command=get_materiel&rest_code=00106&code=00101008350&supplier_code=00100007&order_time=2021-09-15 HTTP/1.1" 200 408
180.169.147.146 - - [15/Sep/2021:09:55:15 +0800] "GET /xingrg/all/function/internal_message.html?_=1631670914669&CODE_STATE=getMsg HTTP/1.1" 200 27
116.237.74.154 - - [15/Sep/2021:09:55:19 +0800] "GET /xingrg/kc/buy/cgsh_order_operate.html?command=get_materiel&rest_code=00106&code=00101008049&supplier_code=00100007&order_time=2021-09-15 HTTP/1.1" 200 408
58.37.227.186 - - [15/Sep/2021:09:55:19 +0800] "GET /xingrg/all/function/internal_message.html?_=1631670788215&CODE_STATE=getMsg HTTP/1.1" 200 27
58.37.227.186 - - [15/Sep/2021:09:55:20 +0800] "GET /xingrg/check_reg.html?_=1631670788928 HTTP/1.1" 200 22
116.238.168.124 - - [15/Sep/2021:09:55:23 +0800] "GET /xingrg/check_reg.html?_=1631670899451 HTTP/1.1" 200 22
114.85.125.222 - - [15/Sep/2021:09:55:24 +0800] "GET /xingrg/all/function/internal_message.html?_=1631670907736&CODE_STATE=getMsg HTTP/1.1" 200 27
61.151.207.158 - - [15/Sep/2021:09:55:26 +0800] "GET /xingrg/kc/buy/cgsh_order_operate.html?command=get_materiel&rest_code=00106&code=00101008148&supplier_code=00100007&order_time=2021-09-15 HTTP/1.1" 302 -
61.151.207.158 - - [15/Sep/2021:09:55:26 +0800] "GET /xingrg/login.html HTTP/1.1" 200 7641
116.237.74.154 - - [15/Sep/2021:09:55:27 +0800] "GET /xingrg/kc/buy/cgsh_order_operate.html?command=get_materiel&rest_code=00106&code=00101008199&supplier_code=00100007&order_time=2021-09-15 HTTP/1.1" 200 408
101.83.145.79 - - [15/Sep/2021:09:55:28 +0800] "GET /xingrg/all/function/internal_message.html?_=1631670872197&CODE_STATE=getMsg HTTP/1.1" 200 27
58.221.95.50 - - [15/Sep/2021:09:55:32 +0800] "GET /xingrg/all/function/internal_message.html?_=1631670929257&CODE_STATE=getMsg HTTP/1.1" 200 27
116.237.74.154 - - [15/Sep/2021:09:55:32 +0800] "GET /xingrg/all/function/internal_message.html?_=1631670927461&CODE_STATE=getMsg HTTP/1.1" 200 27
222.70.179.190 - - [15/Sep/2021:09:55:33 +0800] "GET /xingrg/all/function/internal_message.html?_=1631670929460&CODE_STATE=getMsg HTTP/1.1" 200 27
116.238.168.124 - - [15/Sep/2021:09:55:35 +0800] "GET /xingrg/all/function/internal_message.html?_=1631670911604&CODE_STATE=getMsg HTTP/1.1" 200 27
116.238.248.233 - - [15/Sep/2021:09:55:39 +0800] "GET /xingrg/kc/buy/cgsh_order_add.html HTTP/1.1" 200 63406
116.238.248.233 - - [15/Sep/2021:09:55:39 +0800] "POST /xingrg/kc/buy/cgsh_order_operate.html HTTP/1.1" 200 8245
116.238.248.233 - - [15/Sep/2021:09:55:39 +0800] "GET /xingrg/javascript/easyui/themes/default/validatebox.css HTTP/1.1" 404 1104
180.169.147.146 - - [15/Sep/2021:09:55:41 +0800] "GET /xingrg/all/function/internal_message.html?_=1631670940131&CODE_STATE=getMsg HTTP/1.1" 200 27
120.253.135.82 - - [15/Sep/2021:09:55:41 +0800] "GET /xingrg/all/function/internal_message.html?_=1631670711719&CODE_STATE=getMsg HTTP/1.1" 200 27
222.70.179.190 - - [15/Sep/2021:09:55:42 +0800] "GET /favicon.ico HTTP/1.1" 404 -
116.232.55.15 - - [15/Sep/2021:09:55:42 +0800] "GET /xingrg/all/function/internal_message.html?_=1631670939934&CODE_STATE=getMsg HTTP/1.1" 200 27
58.37.227.186 - - [15/Sep/2021:09:55:43 +0800] "GET /xingrg/all/function/internal_message.html?_=1631670811440&CODE_STATE=getMsg HTTP/1.1" 200 27
222.70.179.190 - - [15/Sep/2021:09:55:44 +0800] "GET /xingrg/login.html HTTP/1.1" 200 7641
222.70.179.190 - - [15/Sep/2021:09:55:44 +0800] "GET /favicon.ico HTTP/1.1" 404 -
222.70.246.151 - - [15/Sep/2021:09:55:46 +0800] "GET /xingrg/all/function/internal_message.html?_=1631670952526&CODE_STATE=getMsg HTTP/1.1" 200 27
116.238.168.124 - - [15/Sep/2021:09:55:46 +0800] "GET /xingrg/all/function/internal_message.html?_=1631670937880&CODE_STATE=getMsg HTTP/1.1" 200 27
116.238.248.233 - - [15/Sep/2021:09:55:47 +0800] "GET /xingrg/check_reg.html?_=1631670943338 HTTP/1.1" 200 22
116.238.248.233 - - [15/Sep/2021:09:55:47 +0800] "GET /xingrg/all/function/internal_message.html?_=1631670943341&CODE_STATE=getMsg HTTP/1.1" 200 27
180.169.147.146 - - [15/Sep/2021:09:55:49 +0800] "GET /xingrg/all/function/internal_message.html?_=1631670949147&CODE_STATE=getMsg HTTP/1.1" 200 27
222.70.179.190 - - [15/Sep/2021:09:55:54 +0800] "POST /xingrg/login.do HTTP/1.1" 302 -
222.70.179.190 - - [15/Sep/2021:09:55:54 +0800] "GET /xingrg/index.html?sysBaseUrl=http%3A%2F%2F180.169.147.146%3A18081%2Fxingrg%2F&costTime=38×tamp=1631670954820 HTTP/1.1" 200 17413
116.230.105.26 - - [15/Sep/2021:09:55:55 +0800] "GET /xingrg/all/function/internal_message.html?_=1631670942631&CODE_STATE=getMsg HTTP/1.1" 200 27
116.237.74.154 - - [15/Sep/2021:09:55:55 +0800] "GET /xingrg/kc/buy/cgsh_order_operate.html?command=get_materiel&rest_code=00106&code=00101008318&supplier_code=00100007&order_time=2021-09-15 HTTP/1.1" 200 408
222.70.179.190 - - [15/Sep/2021:09:55:55 +0800] "GET /favicon.ico HTTP/1.1" 404 -
222.70.179.190 - - [15/Sep/2021:09:55:55 +0800] "POST /xingrg/all/common/load_tree.html?tree=area_rest_tree_json&manage=1 HTTP/1.1" 200 470
222.70.179.190 - - [15/Sep/2021:09:55:55 +0800] "GET /xingrg/all/function/internal_message.html?_=1631670944923&CODE_STATE=count HTTP/1.1" 200 11
222.70.179.190 - - [15/Sep/2021:09:55:55 +0800] "GET /xingrg/check_reg.html?_=1631670944924 HTTP/1.1" 200 22
222.70.179.190 - - [15/Sep/2021:09:55:55 +0800] "POST /xingrg/load_menu.html HTTP/1.1" 200 9959
116.237.74.154 - - [15/Sep/2021:09:55:59 +0800] "POST /xingrg/kc/buy/cgsh_order_operate.html HTTP/1.1" 200 2065
61.151.178.177 - - [15/Sep/2021:09:56:00 +0800] "GET /xingrg/kc/buy/cgsh_order_operate.html?command=get_materiel&rest_code=00106&code=00101008072&supplier_code=00100007&order_time=2021-09-15 HTTP/1.1" 302 -
61.151.178.177 - - [15/Sep/2021:09:56:00 +0800] "GET /xingrg/login.html HTTP/1.1" 200 7641
114.85.125.222 - - [15/Sep/2021:09:56:02 +0800] "GET /xingrg/javascript/jquery_easy_ui/themes/default/images/tabs_active.png HTTP/1.1" 200 2894
116.237.74.154 - - [15/Sep/2021:09:56:04 +0800] "GET /xingrg/kc/buy/cgsh_order_operate.html?command=get_materiel&rest_code=00106&code=00101008239&supplier_code=00100007&order_time=2021-09-15 HTTP/1.1" 200 416
222.69.128.69 - - [15/Sep/2021:09:56:04 +0800] "GET /xingrg/all/function/internal_message.html?_=1631670962154&CODE_STATE=getMsg HTTP/1.1" 200 27
180.169.147.146 - - [15/Sep/2021:09:56:05 +0800] "GET /xingrg/all/function/internal_message.html?_=1631670996994&CODE_STATE=getMsg HTTP/1.1" 200 27
180.169.147.146 - - [15/Sep/2021:09:56:05 +0800] "GET /xingrg/check_reg.html?_=1631670996995 HTTP/1.1" 200 22
101.83.145.79 - - [15/Sep/2021:09:56:06 +0800] "GET /xingrg/all/function/internal_message.html?_=1631670964877&CODE_STATE=getMsg HTTP/1.1" 200 27
222.70.179.190 - - [15/Sep/2021:09:56:08 +0800] "GET /xingrg/kc/buy/cgsh_order_list.html HTTP/1.1" 200 47744
222.70.179.190 - - [15/Sep/2021:09:56:10 +0800] "POST /xingrg/kc/buy/cgsh_list_operate.html HTTP/1.1" 200 5328
116.237.74.154 - - [15/Sep/2021:09:56:14 +0800] "GET /xingrg/kc/buy/cgsh_order_operate.html?command=get_materiel&rest_code=00106&code=00101008080&supplier_code=00100007&order_time=2021-09-15 HTTP/1.1" 200 416
180.169.147.146 - - [15/Sep/2021:09:56:15 +0800] "GET /xingrg/all/function/internal_message.html?_=1631670974659&CODE_STATE=getMsg HTTP/1.1" 200 27
222.70.179.190 - - [15/Sep/2021:09:56:18 +0800] "POST /xingrg/kc/buy/cgsh_list_operate.html HTTP/1.1" 200 201
101.89.239.238 - - [15/Sep/2021:09:56:18 +0800] "GET /xingrg/kc/buy/cgsh_order_operate.html?command=get_materiel&rest_code=00106&code=00101008049&supplier_code=00100007&order_time=2021-09-15 HTTP/1.1" 302 -
101.89.239.238 - - [15/Sep/2021:09:56:19 +0800] "GET /xingrg/login.html HTTP/1.1" 200 7641
222.70.179.190 - - [15/Sep/2021:09:56:19 +0800] "POST /xingrg/kc/buy/cgsh_list_operate.html HTTP/1.1" 200 562
58.37.227.186 - - [15/Sep/2021:09:56:19 +0800] "GET /xingrg/all/function/internal_message.html?_=1631670848184&CODE_STATE=getMsg HTTP/1.1" 200 27
222.70.179.190 - - [15/Sep/2021:09:56:20 +0800] "GET /xingrg/kc/buy/cgsh_order_info.html?code=212021091406212 HTTP/1.1" 200 63493
222.70.179.190 - - [15/Sep/2021:09:56:20 +0800] "GET /xingrg/words/20210914170719_words.js HTTP/1.1" 304 -
222.70.179.190 - - [15/Sep/2021:09:56:20 +0800] "GET /xingrg/all/common/auto_word.html?type=employee&rest_code=00111 HTTP/1.1" 200 155
222.70.179.190 - - [15/Sep/2021:09:56:20 +0800] "GET /xingrg/all/common/auto_word.html?type=employee&rest_code=00111 HTTP/1.1" 200 155
222.70.179.190 - - [15/Sep/2021:09:56:20 +0800] "GET /xingrg/javascript/easyui/themes/default/validatebox.css HTTP/1.1" 404 1104
222.70.179.190 - - [15/Sep/2021:09:56:21 +0800] "POST /xingrg/kc/buy/cgsh_order_operate.html HTTP/1.1" 200 13272
116.237.74.154 - - [15/Sep/2021:09:56:24 +0800] "POST /xingrg/kc/buy/cgsh_order_operate.html HTTP/1.1" 200 37
114.85.125.222 - - [15/Sep/2021:09:56:24 +0800] "GET /xingrg/all/function/internal_message.html?_=1631670967763&CODE_STATE=getMsg HTTP/1.1" 200 27
101.83.145.79 - - [15/Sep/2021:09:56:28 +0800] "GET /xingrg/all/function/internal_message.html?_=1631670932196&CODE_STATE=getMsg HTTP/1.1" 200 27
101.83.145.79 - - [15/Sep/2021:09:56:28 +0800] "GET /xingrg/check_reg.html?_=1631670932526 HTTP/1.1" 200 22
222.70.179.190 - - [15/Sep/2021:09:56:29 +0800] "POST /xingrg/kc/buy/cgsh_list_operate.html HTTP/1.1" 200 5465
116.237.74.154 - - [15/Sep/2021:09:56:31 +0800] "POST /xingrg/kc/buy/cgsh_order_operate.html HTTP/1.1" 200 22159
116.238.248.233 - - [15/Sep/2021:09:56:31 +0800] "GET /xingrg/kc/buy/cgsh_order_operate.html?command=get_materiel&rest_code=00150&code=00102008028&supplier_code=00100097&order_time=2021-09-15 HTTP/1.1" 200 415
58.221.95.50 - - [15/Sep/2021:09:56:32 +0800] "GET /xingrg/all/function/internal_message.html?_=1631670989243&CODE_STATE=getMsg HTTP/1.1" 200 27
116.237.74.154 - - [15/Sep/2021:09:56:32 +0800] "GET /xingrg/all/function/internal_message.html?_=1631670987494&CODE_STATE=getMsg HTTP/1.1" 200 27
58.221.95.50 - - [15/Sep/2021:09:56:33 +0800] "GET /xingrg/check_reg.html?_=1631670990167 HTTP/1.1" 200 22
222.70.179.190 - - [15/Sep/2021:09:56:33 +0800] "GET /xingrg/all/function/internal_message.html?_=1631670989452&CODE_STATE=getMsg HTTP/1.1" 302 -
101.91.60.11 - - [15/Sep/2021:09:56:33 +0800] "GET /xingrg/all/function/internal_message.html?_=1631670927461&CODE_STATE=getMsg HTTP/1.1" 302 -
222.70.179.190 - - [15/Sep/2021:09:56:34 +0800] "POST /xingrg/kc/buy/cgsh_list_operate.html HTTP/1.1" 200 5457
101.91.60.11 - - [15/Sep/2021:09:56:34 +0800] "GET /xingrg/login.html HTTP/1.1" 200 7641
116.238.168.124 - - [15/Sep/2021:09:56:35 +0800] "GET /xingrg/all/function/internal_message.html?_=1631670971618&CODE_STATE=getMsg HTTP/1.1" 200 27
222.70.179.190 - - [15/Sep/2021:09:56:37 +0800] "POST /xingrg/kc/buy/cgsh_list_operate.html HTTP/1.1" 200 586
222.70.179.190 - - [15/Sep/2021:09:56:38 +0800] "GET /xingrg/kc/buy/cgsh_order_info.html?code=212021091406208 HTTP/1.1" 200 63493
222.70.179.190 - - [15/Sep/2021:09:56:38 +0800] "GET /xingrg/javascript/easyui/themes/default/validatebox.css HTTP/1.1" 404 1104
116.237.74.154 - - [15/Sep/2021:09:56:38 +0800] "GET /xingrg/kc/buy/cgsh_order_operate.html?command=get_materiel&rest_code=00106&code=00101008244&supplier_code=00100007&order_time=2021-09-15 HTTP/1.1" 200 408
222.70.179.190 - - [15/Sep/2021:09:56:38 +0800] "POST /xingrg/kc/buy/cgsh_order_operate.html HTTP/1.1" 200 15123
180.169.147.146 - - [15/Sep/2021:09:56:41 +0800] "GET /xingrg/all/function/internal_message.html?_=1631671000133&CODE_STATE=getMsg HTTP/1.1" 200 27
120.253.135.82 - - [15/Sep/2021:09:56:42 +0800] "GET /xingrg/all/function/internal_message.html?_=1631670772066&CODE_STATE=getMsg HTTP/1.1" 200 27
116.232.55.15 - - [15/Sep/2021:09:56:42 +0800] "GET /xingrg/all/function/internal_message.html?_=1631670999936&CODE_STATE=getMsg HTTP/1.1" 200 27
58.37.227.186 - - [15/Sep/2021:09:56:43 +0800] "GET /xingrg/all/function/internal_message.html?_=1631670871422&CODE_STATE=getMsg HTTP/1.1" 200 27
222.70.246.151 - - [15/Sep/2021:09:56:46 +0800] "GET /xingrg/all/function/internal_message.html?_=1631671012539&CODE_STATE=getMsg HTTP/1.1" 200 27
116.238.168.124 - - [15/Sep/2021:09:56:46 +0800] "GET /xingrg/all/function/internal_message.html?_=1631670997880&CODE_STATE=getMsg HTTP/1.1" 200 27
116.238.248.233 - - [15/Sep/2021:09:56:47 +0800] "GET /xingrg/all/function/internal_message.html?_=1631671003343&CODE_STATE=getMsg HTTP/1.1" 200 27
116.238.248.233 - - [15/Sep/2021:09:56:48 +0800] "POST /xingrg/kc/buy/cgsh_order_operate.html HTTP/1.1" 200 37
180.169.147.146 - - [15/Sep/2021:09:56:49 +0800] "GET /xingrg/all/function/internal_message.html?_=1631671009147&CODE_STATE=getMsg HTTP/1.1" 200 27
222.70.179.190 - - [15/Sep/2021:09:56:50 +0800] "POST /xingrg/kc/buy/cgsh_order_operate.html HTTP/1.1" 200 37
116.237.74.154 - - [15/Sep/2021:09:56:50 +0800] "GET /xingrg/kc/buy/cgsh_order_operate.html?command=get_materiel&rest_code=00106&code=00101008351&supplier_code=00100007&order_time=2021-09-15 HTTP/1.1" 200 408
222.70.179.190 - - [15/Sep/2021:09:56:51 +0800] "POST /xingrg/kc/buy/cgsh_order_operate.html HTTP/1.1" 200 15121
116.238.248.233 - - [15/Sep/2021:09:56:51 +0800] "POST /xingrg/kc/buy/cgsh_order_operate.html HTTP/1.1" 200 12
116.238.248.233 - - [15/Sep/2021:09:56:52 +0800] "GET /xingrg/kc/buy/cgsh_order_info.html?code=212021091506316 HTTP/1.1" 200 58307
116.238.248.233 - - [15/Sep/2021:09:56:52 +0800] "GET /xingrg/javascript/easyui/themes/default/validatebox.css HTTP/1.1" 404 1104
116.238.248.233 - - [15/Sep/2021:09:56:53 +0800] "POST /xingrg/kc/buy/cgsh_order_operate.html HTTP/1.1" 200 613
116.238.248.233 - - [15/Sep/2021:09:56:54 +0800] "GET /xingrg/kc/print/load_data.html?order_code=212021091506316&kc_code=cgsh&condition= HTTP/1.1" 200 703
116.230.105.26 - - [15/Sep/2021:09:56:55 +0800] "GET /xingrg/all/function/internal_message.html?_=1631671002611&CODE_STATE=getMsg HTTP/1.1" 200 27
222.70.179.190 - - [15/Sep/2021:09:56:55 +0800] "GET /xingrg/all/function/internal_message.html?_=1631671004935&CODE_STATE=getMsg HTTP/1.1" 200 27
116.237.74.154 - - [15/Sep/2021:09:56:59 +0800] "GET /xingrg/kc/buy/cgsh_order_operate.html?command=get_materiel&rest_code=00106&code=00101008186&supplier_code=00100007&order_time=2021-09-15 HTTP/1.1" 200 408
120.253.135.82 - - [15/Sep/2021:09:57:00 +0800] "GET /xingrg/check_reg.html?_=1631670790646 HTTP/1.1" 200 22
101.89.239.120 - - [15/Sep/2021:09:57:02 +0800] "GET /xingrg/kc/buy/cgsh_order_operate.html?command=get_materiel&rest_code=00106&code=00101008239&supplier_code=00100007&order_time=2021-09-15 HTTP/1.1" 302 -
101.89.239.120 - - [15/Sep/2021:09:57:02 +0800] "GET /xingrg/login.html HTTP/1.1" 200 7641
222.69.128.69 - - [15/Sep/2021:09:57:04 +0800] "GET /xingrg/all/function/internal_message.html?_=1631671022138&CODE_STATE=getMsg HTTP/1.1" 200 27
180.169.147.146 - - [15/Sep/2021:09:57:06 +0800] "GET /xingrg/all/function/internal_message.html?_=1631671056993&CODE_STATE=getMsg HTTP/1.1" 200 27
101.83.145.79 - - [15/Sep/2021:09:57:06 +0800] "GET /xingrg/all/function/internal_message.html?_=1631671024893&CODE_STATE=getMsg HTTP/1.1" 200 27
222.70.179.190 - - [15/Sep/2021:09:57:06 +0800] "GET /xingrg/kc/mdqp/qqps_order_list.html HTTP/1.1" 200 8966
222.70.179.190 - - [15/Sep/2021:09:57:06 +0800] "GET /xingrg/dwr/interface/AjaxQqpsService.js HTTP/1.1" 200 16326
222.70.179.190 - - [15/Sep/2021:09:57:06 +0800] "GET /xingrg/dwr/util.js HTTP/1.1" 304 -
222.70.179.190 - - [15/Sep/2021:09:57:06 +0800] "GET /xingrg/dwr/interface/AjaxReportQueryService.js HTTP/1.1" 200 13203
222.70.179.190 - - [15/Sep/2021:09:57:06 +0800] "GET /xingrg/dwr/engine.js HTTP/1.1" 200 43631
222.70.179.190 - - [15/Sep/2021:09:57:10 +0800] "GET /xingrg/kc/mdqp/qqps_order_list.html?isQuery=1&timeSelect=1&orderTime=day&startTime=2021-09-15&endTime=2021-09-15&state=all&query=%C8%B7++%B6%A8 HTTP/1.1" 200 9065
222.70.179.190 - - [15/Sep/2021:09:57:10 +0800] "GET /xingrg/dwr/interface/AjaxQqpsService.js HTTP/1.1" 200 16326
222.70.179.190 - - [15/Sep/2021:09:57:10 +0800] "GET /xingrg/dwr/interface/AjaxReportQueryService.js HTTP/1.1" 200 13203
222.70.179.190 - - [15/Sep/2021:09:57:10 +0800] "GET /xingrg/dwr/engine.js HTTP/1.1" 200 43631
116.230.105.26 - - [15/Sep/2021:09:57:12 +0800] "GET /xingrg/check_reg.html?_=1631671019744 HTTP/1.1" 200 22
101.89.239.245 - - [15/Sep/2021:09:57:13 +0800] "GET /xingrg/kc/buy/cgsh_order_operate.html?command=get_materiel&rest_code=00106&code=00101008080&supplier_code=00100007&order_time=2021-09-15 HTTP/1.1" 302 -
222.70.179.190 - - [15/Sep/2021:09:57:13 +0800] "GET /xingrg/kc/mdqp/pssh_order_list.html HTTP/1.1" 200 17863
222.70.179.190 - - [15/Sep/2021:09:57:13 +0800] "POST /xingrg/kc/mdqp/pssh_list_operate.html HTTP/1.1" 200 5459
101.89.239.245 - - [15/Sep/2021:09:57:13 +0800] "GET /xingrg/login.html HTTP/1.1" 200 7641
116.237.74.154 - - [15/Sep/2021:09:57:14 +0800] "GET /xingrg/kc/buy/cgsh_order_operate.html?command=get_materiel&rest_code=00106&code=00101008224&supplier_code=00100007&order_time=2021-09-15 HTTP/1.1" 200 416
222.70.179.190 - - [15/Sep/2021:09:57:15 +0800] "GET /xingrg/kc/mdqp/qqps_order_list.html HTTP/1.1" 200 8966
222.70.179.190 - - [15/Sep/2021:09:57:15 +0800] "GET /xingrg/dwr/interface/AjaxQqpsService.js HTTP/1.1" 200 16326
222.70.179.190 - - [15/Sep/2021:09:57:15 +0800] "GET /xingrg/dwr/interface/AjaxReportQueryService.js HTTP/1.1" 200 13203
222.70.179.190 - - [15/Sep/2021:09:57:15 +0800] "GET /xingrg/dwr/engine.js HTTP/1.1" 200 43631
180.169.147.146 - - [15/Sep/2021:09:57:15 +0800] "GET /xingrg/all/function/internal_message.html?_=1631671034666&CODE_STATE=getMsg HTTP/1.1" 200 27
222.70.179.190 - - [15/Sep/2021:09:57:17 +0800] "GET /xingrg/kc/mdqp/qqps_order_add.html HTTP/1.1" 200 28079
222.70.179.190 - - [15/Sep/2021:09:57:17 +0800] "GET /xingrg/dwr/interface/AjaxComOrderService.js HTTP/1.1" 200 18264
222.70.179.190 - - [15/Sep/2021:09:57:17 +0800] "GET /xingrg/dwr/interface/AjaxQqpsService.js HTTP/1.1" 200 16326
222.70.179.190 - - [15/Sep/2021:09:57:17 +0800] "GET /xingrg/dwr/engine.js HTTP/1.1" 200 43631
116.237.74.154 - - [15/Sep/2021:09:57:19 +0800] "POST /xingrg/kc/buy/cgsh_order_operate.html HTTP/1.1" 200 2065
58.37.227.186 - - [15/Sep/2021:09:57:19 +0800] "GET /xingrg/all/function/internal_message.html?_=1631670908152&CODE_STATE=getMsg HTTP/1.1" 200 27
114.85.125.222 - - [15/Sep/2021:09:57:24 +0800] "GET /xingrg/check_reg.html?_=1631671027683 HTTP/1.1" 200 22
116.237.74.154 - - [15/Sep/2021:09:57:24 +0800] "GET /xingrg/kc/buy/cgsh_order_operate.html?command=get_materiel&rest_code=00106&code=00101008003&supplier_code=00100007&order_time=2021-09-15 HTTP/1.1" 200 408
114.85.125.222 - - [15/Sep/2021:09:57:24 +0800] "GET /xingrg/all/function/internal_message.html?_=1631671027775&CODE_STATE=getMsg HTTP/1.1" 200 27
101.83.145.79 - - [15/Sep/2021:09:57:28 +0800] "GET /xingrg/all/function/internal_message.html?_=1631670992192&CODE_STATE=getMsg HTTP/1.1" 200 27
58.221.95.50 - - [15/Sep/2021:09:57:32 +0800] "GET /xingrg/all/function/internal_message.html?_=1631671049244&CODE_STATE=getMsg HTTP/1.1" 200 27
101.89.239.245 - - [15/Sep/2021:09:57:32 +0800] "GET /xingrg/all/function/internal_message.html?_=1631670987494&CODE_STATE=getMsg HTTP/1.1" 302 -
116.237.74.154 - - [15/Sep/2021:09:57:32 +0800] "GET /xingrg/all/function/internal_message.html?_=1631671047492&CODE_STATE=getMsg HTTP/1.1" 200 27
116.237.74.154 - - [15/Sep/2021:09:57:32 +0800] "GET /xingrg/check_reg.html?_=1631671047493 HTTP/1.1" 200 22
101.89.239.245 - - [15/Sep/2021:09:57:32 +0800] "GET /xingrg/login.html HTTP/1.1" 200 7641
222.70.179.190 - - [15/Sep/2021:09:57:33 +0800] "GET /xingrg/all/function/internal_message.html?_=1631671049461&CODE_STATE=getMsg HTTP/1.1" 302 -
222.70.179.190 - - [15/Sep/2021:09:57:35 +0800] "POST /xingrg/dwr/call/plaincall/AjaxQqpsService.saveOrder.dwr HTTP/1.1" 200 78
116.238.168.124 - - [15/Sep/2021:09:57:36 +0800] "GET /xingrg/all/function/internal_message.html?_=1631671031863&CODE_STATE=getMsg HTTP/1.1" 200 27
180.169.147.146 - - [15/Sep/2021:09:57:41 +0800] "GET /xingrg/check_reg.html?_=1631671060134 HTTP/1.1" 200 22
180.169.147.146 - - [15/Sep/2021:09:57:41 +0800] "GET /xingrg/all/function/internal_message.html?_=1631671060137&CODE_STATE=getMsg HTTP/1.1" 200 27
120.253.135.82 - - [15/Sep/2021:09:57:42 +0800] "GET /xingrg/all/function/internal_message.html?_=1631670832074&CODE_STATE=getMsg HTTP/1.1" 200 27
116.232.55.15 - - [15/Sep/2021:09:57:42 +0800] "GET /xingrg/all/function/internal_message.html?_=1631671059937&CODE_STATE=getMsg HTTP/1.1" 200 27
58.37.227.186 - - [15/Sep/2021:09:57:43 +0800] "GET /xingrg/all/function/internal_message.html?_=1631670931398&CODE_STATE=getMsg HTTP/1.1" 200 27
222.70.246.151 - - [15/Sep/2021:09:57:44 +0800] "GET /xingrg/check_reg.html?_=1631671070318 HTTP/1.1" 200 22
58.37.227.186 - - [15/Sep/2021:09:57:44 +0800] "GET /xingrg/check_reg.html?_=1631670932432 HTTP/1.1" 200 22
101.91.60.11 - - [15/Sep/2021:09:57:45 +0800] "GET /xingrg/kc/buy/cgsh_order_operate.html?command=get_materiel&rest_code=00106&code=00101008351&supplier_code=00100007&order_time=2021-09-15 HTTP/1.1" 302 -
101.91.60.11 - - [15/Sep/2021:09:57:46 +0800] "GET /xingrg/login.html HTTP/1.1" 200 7641
222.70.246.151 - - [15/Sep/2021:09:57:46 +0800] "GET /xingrg/all/function/internal_message.html?_=1631671072553&CODE_STATE=getMsg HTTP/1.1" 200 27
180.169.147.146 - - [15/Sep/2021:09:57:46 +0800] "GET /xingrg/check_reg.html?_=1631671062643 HTTP/1.1" 302 -
180.169.147.146 - - [15/Sep/2021:09:57:46 +0800] "GET /xingrg/login.html HTTP/1.1" 200 7641
116.238.168.124 - - [15/Sep/2021:09:57:46 +0800] "GET /xingrg/check_reg.html?_=1631671057880 HTTP/1.1" 200 22
116.238.168.124 - - [15/Sep/2021:09:57:46 +0800] "GET /xingrg/all/function/internal_message.html?_=1631671057883&CODE_STATE=getMsg HTTP/1.1" 200 27
116.238.248.233 - - [15/Sep/2021:09:57:47 +0800] "GET /xingrg/all/function/internal_message.html?_=1631671063334&CODE_STATE=getMsg HTTP/1.1" 200 27
116.237.74.154 - - [15/Sep/2021:09:57:48 +0800] "GET /xingrg/kc/buy/cgsh_order_operate.html?command=get_materiel&rest_code=00106&code=00101008356&supplier_code=00100007&order_time=2021-09-15 HTTP/1.1" 200 408
180.169.147.146 - - [15/Sep/2021:09:57:49 +0800] "GET /xingrg/all/function/internal_message.html?_=1631671069148&CODE_STATE=getMsg HTTP/1.1" 200 27
222.70.179.190 - - [15/Sep/2021:09:57:52 +0800] "GET /xingrg/javascript/auto/indicator.gif HTTP/1.1" 404 1066
213.183.48.49 - - [15/Sep/2021:09:57:52 +0800] "GET /manager/html HTTP/1.1" 404 -
213.183.48.49 - - [15/Sep/2021:09:57:53 +0800] "GET /manager/html HTTP/1.1" 404 -
116.230.105.26 - - [15/Sep/2021:09:57:55 +0800] "GET /xingrg/all/function/internal_message.html?_=1631671062595&CODE_STATE=getMsg HTTP/1.1" 200 27
222.70.179.190 - - [15/Sep/2021:09:57:55 +0800] "GET /xingrg/all/function/internal_message.html?_=1631671064926&CODE_STATE=getMsg HTTP/1.1" 200 27
222.70.179.190 - - [15/Sep/2021:09:57:56 +0800] "POST /xingrg/dwr/call/plaincall/AjaxQqpsService.getMaterielByCode.dwr HTTP/1.1" 200 2620
116.237.74.154 - - [15/Sep/2021:09:57:59 +0800] "GET /xingrg/kc/buy/cgsh_order_operate.html?command=get_materiel&rest_code=00106&code=00101008415&supplier_code=00100007&order_time=2021-09-15 HTTP/1.1" 200 398
