222.70.179.190 - - [15/Sep/2021:10:11:57 +0800] "POST /xingrg/dwr/call/plaincall/AjaxQqpsService.saveMaterielItem.dwr HTTP/1.1" 200 79
120.253.135.82 - - [15/Sep/2021:10:12:00 +0800] "GET /xingrg/check_reg.html?_=1631671690913 HTTP/1.1" 200 22
120.253.135.82 - - [15/Sep/2021:10:12:03 +0800] "GET /xingrg/kc/pszx/mdqp_order_list.html?state=10 HTTP/1.1" 200 10217
120.253.135.82 - - [15/Sep/2021:10:12:03 +0800] "GET /xingrg/dwr/interface/AjaxReportQueryService.js HTTP/1.1" 200 13203
120.253.135.82 - - [15/Sep/2021:10:12:03 +0800] "GET /xingrg/dwr/interface/AjaxQqpsService.js HTTP/1.1" 200 16326
120.253.135.82 - - [15/Sep/2021:10:12:03 +0800] "GET /xingrg/dwr/engine.js HTTP/1.1" 200 43631
180.169.147.146 - - [15/Sep/2021:10:12:03 +0800] "GET /xingrg/all/function/internal_message.html?_=1631671919633&CODE_STATE=getMsg HTTP/1.1" 200 27
222.69.128.69 - - [15/Sep/2021:10:12:04 +0800] "GET /xingrg/all/function/internal_message.html?_=1631671921926&CODE_STATE=getMsg HTTP/1.1" 200 27
116.238.168.124 - - [15/Sep/2021:10:12:04 +0800] "GET /xingrg/kc/buy/cgsh_order_operate.html?command=get_materiel&rest_code=00102&code=00101009011&supplier_code=00100424&order_time=2021-09-15 HTTP/1.1" 200 416
180.169.147.146 - - [15/Sep/2021:10:12:06 +0800] "GET /xingrg/all/function/internal_message.html?_=1631671957015&CODE_STATE=getMsg HTTP/1.1" 200 27
101.83.145.79 - - [15/Sep/2021:10:12:06 +0800] "GET /xingrg/all/function/internal_message.html?_=1631671924880&CODE_STATE=getMsg HTTP/1.1" 200 27
222.70.179.190 - - [15/Sep/2021:10:12:11 +0800] "GET /xingrg/images/yd/bt2.gif HTTP/1.1" 404 1042
116.230.105.26 - - [15/Sep/2021:10:12:12 +0800] "GET /xingrg/check_reg.html?_=1631671919692 HTTP/1.1" 200 22
222.69.128.69 - - [15/Sep/2021:10:12:12 +0800] "GET /xingrg/kc/buy/cgsh_order_operate.html?command=get_materiel&rest_code=00149&code=00101006082&supplier_code=00100012&order_time=2021-09-15 HTTP/1.1" 200 419
180.169.147.146 - - [15/Sep/2021:10:12:13 +0800] "POST /xingrg/kc/buy/cgsh_list_operate.html HTTP/1.1" 200 5354
116.238.168.124 - - [15/Sep/2021:10:12:14 +0800] "GET /xingrg/kc/buy/cgsh_order_operate.html?command=get_materiel&rest_code=00102&code=00101009007&supplier_code=00100424&order_time=2021-09-15 HTTP/1.1" 200 408
180.169.147.146 - - [15/Sep/2021:10:12:14 +0800] "POST /xingrg/kc/buy/cgsh_list_operate.html HTTP/1.1" 200 579
180.169.147.146 - - [15/Sep/2021:10:12:15 +0800] "GET /xingrg/kc/buy/cgsh_order_info.html?code=212021091406148 HTTP/1.1" 200 63462
180.169.147.146 - - [15/Sep/2021:10:12:15 +0800] "GET /xingrg/javascript/easyui/themes/default/validatebox.css HTTP/1.1" 404 1104
180.169.147.146 - - [15/Sep/2021:10:12:15 +0800] "GET /xingrg/all/function/internal_message.html?_=1631671934664&CODE_STATE=getMsg HTTP/1.1" 200 27
180.169.147.146 - - [15/Sep/2021:10:12:16 +0800] "POST /xingrg/kc/buy/cgsh_order_operate.html HTTP/1.1" 200 5631
58.37.227.186 - - [15/Sep/2021:10:12:19 +0800] "GET /xingrg/all/function/internal_message.html?_=1631671807798&CODE_STATE=getMsg HTTP/1.1" 200 27
180.169.147.146 - - [15/Sep/2021:10:12:19 +0800] "POST /xingrg/kc/buy/cgsh_list_operate.html HTTP/1.1" 200 5354
114.85.125.222 - - [15/Sep/2021:10:12:24 +0800] "GET /xingrg/check_reg.html?_=1631671927726 HTTP/1.1" 200 22
114.85.125.222 - - [15/Sep/2021:10:12:24 +0800] "GET /xingrg/all/function/internal_message.html?_=1631671928010&CODE_STATE=getMsg HTTP/1.1" 200 27
101.83.145.79 - - [15/Sep/2021:10:12:28 +0800] "GET /xingrg/all/function/internal_message.html?_=1631671892227&CODE_STATE=getMsg HTTP/1.1" 200 27
222.69.128.69 - - [15/Sep/2021:10:12:29 +0800] "GET /xingrg/kc/buy/cgsh_order_operate.html?command=get_materiel&rest_code=00149&code=00101006124&supplier_code=00100012&order_time=2021-09-15 HTTP/1.1" 200 409
116.237.74.154 - - [15/Sep/2021:10:12:30 +0800] "GET /xingrg/kc/buy/cgsh_order_add.html HTTP/1.1" 200 63488
116.237.74.154 - - [15/Sep/2021:10:12:31 +0800] "GET /xingrg/javascript/easyui/themes/default/validatebox.css HTTP/1.1" 404 1104
116.237.74.154 - - [15/Sep/2021:10:12:31 +0800] "POST /xingrg/kc/buy/cgsh_order_operate.html HTTP/1.1" 200 8245
58.221.95.50 - - [15/Sep/2021:10:12:31 +0800] "GET /xingrg/all/function/internal_message.html?_=1631671948964&CODE_STATE=getMsg HTTP/1.1" 200 27
116.237.74.154 - - [15/Sep/2021:10:12:32 +0800] "GET /xingrg/javascript/easyui/themes/default/tree.css HTTP/1.1" 404 1090
116.237.74.154 - - [15/Sep/2021:10:12:32 +0800] "GET /xingrg/check_reg.html?_=1631671947540 HTTP/1.1" 200 22
116.237.74.154 - - [15/Sep/2021:10:12:32 +0800] "POST /xingrg/all/common/load_tree.html?tree=supplier_tree_json&isDelete=1 HTTP/1.1" 200 57803
222.70.179.190 - - [15/Sep/2021:10:12:33 +0800] "GET /xingrg/all/function/internal_message.html?_=1631671949457&CODE_STATE=getMsg HTTP/1.1" 302 -
116.238.168.124 - - [15/Sep/2021:10:12:38 +0800] "GET /xingrg/all/function/internal_message.html?_=1631671933816&CODE_STATE=getMsg HTTP/1.1" 200 27
222.70.179.190 - - [15/Sep/2021:10:12:40 +0800] "POST /xingrg/dwr/call/plaincall/AjaxQqpsService.removeMaterielItem.dwr HTTP/1.1" 200 79
180.169.147.146 - - [15/Sep/2021:10:12:41 +0800] "GET /xingrg/check_reg.html?_=1631671960146 HTTP/1.1" 200 22
180.169.147.146 - - [15/Sep/2021:10:12:41 +0800] "GET /xingrg/all/function/internal_message.html?_=1631671960149&CODE_STATE=getMsg HTTP/1.1" 200 27
116.237.74.154 - - [15/Sep/2021:10:12:41 +0800] "GET /xingrg/kc/buy/cgsh_order_operate.html?command=get_materiel&rest_code=00106&code=00101006109&supplier_code=00100015&order_time=2021-09-15 HTTP/1.1" 200 409
58.37.227.186 - - [15/Sep/2021:10:12:42 +0800] "GET /xingrg/all/function/internal_message.html?_=1631671831048&CODE_STATE=getMsg HTTP/1.1" 200 27
116.232.55.15 - - [15/Sep/2021:10:12:42 +0800] "GET /xingrg/all/function/internal_message.html?_=1631671959969&CODE_STATE=getMsg HTTP/1.1" 200 27
222.69.128.69 - - [15/Sep/2021:10:12:43 +0800] "GET /xingrg/kc/buy/cgsh_order_operate.html?command=get_materiel&rest_code=00149&code=00101006184&supplier_code=00100012&order_time=2021-09-15 HTTP/1.1" 200 408
120.253.135.82 - - [15/Sep/2021:10:12:43 +0800] "GET /xingrg/all/function/internal_message.html?_=1631671733758&CODE_STATE=getMsg HTTP/1.1" 200 27
58.37.227.186 - - [15/Sep/2021:10:12:44 +0800] "GET /xingrg/check_reg.html?_=1631671832396 HTTP/1.1" 200 22
222.70.246.151 - - [15/Sep/2021:10:12:44 +0800] "GET /xingrg/check_reg.html?_=1631671970567 HTTP/1.1" 200 22
222.70.179.190 - - [15/Sep/2021:10:12:45 +0800] "POST /xingrg/dwr/call/plaincall/AjaxQqpsService.getMaterielByCode.dwr HTTP/1.1" 200 2664
222.70.246.151 - - [15/Sep/2021:10:12:46 +0800] "GET /xingrg/all/function/internal_message.html?_=1631671973037&CODE_STATE=getMsg HTTP/1.1" 200 27
116.237.74.154 - - [15/Sep/2021:10:12:46 +0800] "GET /xingrg/all/function/internal_message.html?_=1631671961920&CODE_STATE=getMsg HTTP/1.1" 200 27
116.238.248.233 - - [15/Sep/2021:10:12:47 +0800] "GET /xingrg/all/function/internal_message.html?_=1631671963367&CODE_STATE=getMsg HTTP/1.1" 200 27
180.169.147.146 - - [15/Sep/2021:10:12:48 +0800] "POST /xingrg/kc/buy/cgsh_list_operate.html HTTP/1.1" 200 4
180.169.147.146 - - [15/Sep/2021:10:12:49 +0800] "GET /xingrg/all/function/internal_message.html?_=1631671969161&CODE_STATE=getMsg HTTP/1.1" 200 27
116.237.74.154 - - [15/Sep/2021:10:12:49 +0800] "GET /xingrg/kc/buy/cgsh_order_operate.html?command=get_materiel&rest_code=00106&code=00101006290&supplier_code=00100015&order_time=2021-09-15 HTTP/1.1" 200 402
180.169.147.146 - - [15/Sep/2021:10:12:52 +0800] "POST /xingrg/kc/buy/cgsh_list_operate.html HTTP/1.1" 200 5108
58.40.7.146 - - [15/Sep/2021:10:12:52 +0800] "GET /xingrg/all/function/internal_message.html?_=1631671969094&CODE_STATE=getMsg HTTP/1.1" 200 27
116.230.105.26 - - [15/Sep/2021:10:12:54 +0800] "GET /xingrg/all/function/internal_message.html?_=1631671962354&CODE_STATE=getMsg HTTP/1.1" 200 27
222.70.179.190 - - [15/Sep/2021:10:12:55 +0800] "GET /xingrg/all/function/internal_message.html?_=1631671964951&CODE_STATE=getMsg HTTP/1.1" 200 27
222.70.179.190 - - [15/Sep/2021:10:12:56 +0800] "POST /xingrg/dwr/call/plaincall/AjaxQqpsService.getMaterielByCode.dwr HTTP/1.1" 200 2664
222.69.128.69 - - [15/Sep/2021:10:12:59 +0800] "GET /xingrg/kc/buy/cgsh_order_operate.html?command=get_materiel&rest_code=00149&code=00101006178&supplier_code=00100012&order_time=2021-09-15 HTTP/1.1" 200 409
222.70.179.190 - - [15/Sep/2021:10:13:01 +0800] "POST /xingrg/dwr/call/plaincall/AjaxQqpsService.saveMaterielItem.dwr HTTP/1.1" 200 79
116.237.74.154 - - [15/Sep/2021:10:13:03 +0800] "GET /xingrg/kc/buy/cgsh_order_operate.html?command=get_materiel&rest_code=00106&code=00101006240&supplier_code=00100015&order_time=2021-09-15 HTTP/1.1" 200 410
180.169.147.146 - - [15/Sep/2021:10:13:03 +0800] "GET /xingrg/check_reg.html?_=1631671979636 HTTP/1.1" 200 22
180.169.147.146 - - [15/Sep/2021:10:13:03 +0800] "GET /xingrg/all/function/internal_message.html?_=1631671979638&CODE_STATE=getMsg HTTP/1.1" 200 27
222.69.128.69 - - [15/Sep/2021:10:13:04 +0800] "GET /xingrg/all/function/internal_message.html?_=1631671981903&CODE_STATE=getMsg HTTP/1.1" 200 27
180.169.147.146 - - [15/Sep/2021:10:13:06 +0800] "GET /xingrg/all/function/internal_message.html?_=1631672017019&CODE_STATE=getMsg HTTP/1.1" 200 27
101.83.145.79 - - [15/Sep/2021:10:13:06 +0800] "GET /xingrg/check_reg.html?_=1631671984880 HTTP/1.1" 200 22
101.83.145.79 - - [15/Sep/2021:10:13:06 +0800] "GET /xingrg/all/function/internal_message.html?_=1631671984879&CODE_STATE=getMsg HTTP/1.1" 200 27
222.70.179.190 - - [15/Sep/2021:10:13:07 +0800] "POST /xingrg/dwr/call/plaincall/AjaxQqpsService.getMaterielByCode.dwr HTTP/1.1" 200 2618
120.253.135.82 - - [15/Sep/2021:10:13:09 +0800] "GET /xingrg/kc/pszx/mdqp_order_list.html?state=10 HTTP/1.1" 200 10217
120.253.135.82 - - [15/Sep/2021:10:13:09 +0800] "GET /xingrg/dwr/interface/AjaxReportQueryService.js HTTP/1.1" 200 13203
120.253.135.82 - - [15/Sep/2021:10:13:09 +0800] "GET /xingrg/dwr/interface/AjaxQqpsService.js HTTP/1.1" 200 16326
120.253.135.82 - - [15/Sep/2021:10:13:09 +0800] "GET /xingrg/dwr/engine.js HTTP/1.1" 200 43631
116.237.74.154 - - [15/Sep/2021:10:13:12 +0800] "GET /xingrg/kc/buy/cgsh_order_operate.html?command=get_materiel&rest_code=00106&code=00101006112&supplier_code=00100015&order_time=2021-09-15 HTTP/1.1" 200 409
180.169.147.146 - - [15/Sep/2021:10:13:15 +0800] "GET /xingrg/all/function/internal_message.html?_=1631671994669&CODE_STATE=getMsg HTTP/1.1" 200 27
180.169.147.146 - - [15/Sep/2021:10:13:15 +0800] "GET /xingrg/check_reg.html?_=1631671994673 HTTP/1.1" 200 22
222.70.179.190 - - [15/Sep/2021:10:13:19 +0800] "POST /xingrg/dwr/call/plaincall/AjaxQqpsService.getMaterielByCode.dwr HTTP/1.1" 200 2659
58.37.227.186 - - [15/Sep/2021:10:13:19 +0800] "GET /xingrg/all/function/internal_message.html?_=1631671867767&CODE_STATE=getMsg HTTP/1.1" 200 27
180.169.147.146 - - [15/Sep/2021:10:13:20 +0800] "POST /xingrg/kc/buy/cgsh_list_operate.html HTTP/1.1" 200 4
180.169.147.146 - - [15/Sep/2021:10:13:23 +0800] "POST /xingrg/kc/buy/cgsh_list_operate.html HTTP/1.1" 200 4973
222.70.179.190 - - [15/Sep/2021:10:13:23 +0800] "POST /xingrg/dwr/call/plaincall/AjaxQqpsService.saveMaterielItem.dwr HTTP/1.1" 200 79
58.40.7.146 - - [15/Sep/2021:10:13:24 +0800] "GET /xingrg/all/report/report_query.html?isQuery=1&fileName=kc/buy/wlcg_cate_hz.xml&queryString=(CONVERT(char(10)%252Ca.order_time%252C%2520120)%253E%253D'2021-08-01')%2520and%2520(CONVERT(char(10)%252Ca.order_time%252C%2520120)%253C%253D'2021-08-31')%2520and%2520(a.number%253E0%2520and%2520a.supplier_code%253D'00100246')&queryText=%25E3%2580%2590%25E9%2587%2587%25E8%25B4%25AD%25E6%2597%25A5%25E6%259C%259F%253A2021-08-01%2520%25E8%2587%25B3%25202021-08-31%25E3%2580%2591%2520%25E5%25B9%25B6%25E4%25B8%2594%2520%25E3%2580%2590%25E4%25BE%259B%25E5%25BA%2594%25E5%2595%2586%253D%25E4%25B8%258A%25E6%25B5%25B7%25E5%2590%259B%25E8%25AA%2589%25E5%25AE%259E%25E4%25B8%259A%25E6%259C%2589%25E9%2599%2590%25E5%2585%25AC%25E5%258F%25B8%25E3%2580%2591 HTTP/1.1" 200 54386
114.85.125.222 - - [15/Sep/2021:10:13:24 +0800] "GET /xingrg/all/function/internal_message.html?_=1631671988023&CODE_STATE=getMsg HTTP/1.1" 200 27
58.40.7.146 - - [15/Sep/2021:10:13:25 +0800] "GET /xingrg/dwr/interface/AjaxReportQueryService.js HTTP/1.1" 200 13203
58.40.7.146 - - [15/Sep/2021:10:13:25 +0800] "GET /xingrg/dwr/engine.js HTTP/1.1" 200 43631
58.40.7.146 - - [15/Sep/2021:10:13:26 +0800] "POST /xingrg/all/report/load_report_page.html HTTP/1.1" 200 8721
58.40.7.146 - - [15/Sep/2021:10:13:26 +0800] "GET /xingrg/servlets/image?cache=0.15661398128631265&image=px HTTP/1.1" 200 807
101.83.145.79 - - [15/Sep/2021:10:13:28 +0800] "GET /xingrg/all/function/internal_message.html?_=1631671952228&CODE_STATE=getMsg HTTP/1.1" 200 27
222.69.128.69 - - [15/Sep/2021:10:13:29 +0800] "GET /xingrg/kc/buy/cgsh_order_operate.html?command=get_materiel&rest_code=00149&code=00101010285&supplier_code=00100012&order_time=2021-09-15 HTTP/1.1" 200 413
58.221.95.50 - - [15/Sep/2021:10:13:31 +0800] "GET /xingrg/all/function/internal_message.html?_=1631672008935&CODE_STATE=getMsg HTTP/1.1" 200 27
101.89.239.120 - - [15/Sep/2021:10:13:32 +0800] "GET /xingrg/check_reg.html?_=1631671947540 HTTP/1.1" 302 -
58.40.7.146 - - [15/Sep/2021:10:13:32 +0800] "POST /xingrg/all/report/load_report_page.html HTTP/1.1" 200 13035
58.40.7.146 - - [15/Sep/2021:10:13:32 +0800] "GET /xingrg/servlets/image?cache=0.6082169246547201&image=px HTTP/1.1" 200 807
101.89.239.120 - - [15/Sep/2021:10:13:32 +0800] "GET /xingrg/login.html HTTP/1.1" 200 7641
222.70.179.190 - - [15/Sep/2021:10:13:33 +0800] "GET /xingrg/all/function/internal_message.html?_=1631672009454&CODE_STATE=getMsg HTTP/1.1" 302 -
58.40.7.146 - - [15/Sep/2021:10:13:34 +0800] "GET /xingrg/javascript/jquery_easy_ui/themes/default/images/tabs_active.png HTTP/1.1" 200 2894
116.238.168.124 - - [15/Sep/2021:10:13:38 +0800] "GET /xingrg/all/function/internal_message.html?_=1631671993830&CODE_STATE=getMsg HTTP/1.1" 200 27
116.238.168.124 - - [15/Sep/2021:10:13:38 +0800] "GET /xingrg/kc/buy/cgsh_order_operate.html?command=get_materiel&rest_code=00102&code=00101009013&supplier_code=00100424&order_time=2021-09-15 HTTP/1.1" 200 422
116.237.74.154 - - [15/Sep/2021:10:13:39 +0800] "GET /xingrg/kc/buy/cgsh_order_operate.html?command=get_materiel&rest_code=00106&code=00101006131&supplier_code=00100015&order_time=2021-09-15 HTTP/1.1" 200 417
180.169.147.146 - - [15/Sep/2021:10:13:41 +0800] "GET /xingrg/all/function/internal_message.html?_=1631672020134&CODE_STATE=getMsg HTTP/1.1" 200 27
58.37.227.186 - - [15/Sep/2021:10:13:42 +0800] "GET /xingrg/all/function/internal_message.html?_=1631671891017&CODE_STATE=getMsg HTTP/1.1" 200 27
116.232.55.15 - - [15/Sep/2021:10:13:42 +0800] "GET /xingrg/all/function/internal_message.html?_=1631672019970&CODE_STATE=getMsg HTTP/1.1" 200 27
222.70.246.151 - - [15/Sep/2021:10:13:46 +0800] "GET /xingrg/all/function/internal_message.html?_=1631672033051&CODE_STATE=getMsg HTTP/1.1" 200 27
116.237.74.154 - - [15/Sep/2021:10:13:46 +0800] "GET /xingrg/all/function/internal_message.html?_=1631672021878&CODE_STATE=getMsg HTTP/1.1" 200 27
116.238.248.233 - - [15/Sep/2021:10:13:47 +0800] "GET /xingrg/all/function/internal_message.html?_=1631672023368&CODE_STATE=getMsg HTTP/1.1" 200 27
180.169.147.146 - - [15/Sep/2021:10:13:47 +0800] "GET /xingrg/login.html HTTP/1.1" 200 7641
180.169.147.146 - - [15/Sep/2021:10:13:48 +0800] "GET /favicon.ico HTTP/1.1" 404 -
101.89.239.120 - - [15/Sep/2021:10:13:48 +0800] "GET /xingrg/all/function/internal_message.html?_=1631671961920&CODE_STATE=getMsg HTTP/1.1" 302 -
101.89.239.120 - - [15/Sep/2021:10:13:48 +0800] "GET /xingrg/login.html HTTP/1.1" 200 7641
180.169.147.146 - - [15/Sep/2021:10:13:49 +0800] "GET /xingrg/check_reg.html?_=1631672029165 HTTP/1.1" 200 22
180.169.147.146 - - [15/Sep/2021:10:13:49 +0800] "GET /xingrg/all/function/internal_message.html?_=1631672029162&CODE_STATE=getMsg HTTP/1.1" 200 27
116.237.74.154 - - [15/Sep/2021:10:13:51 +0800] "POST /xingrg/kc/buy/cgsh_order_operate.html HTTP/1.1" 200 37
222.69.128.69 - - [15/Sep/2021:10:13:51 +0800] "GET /xingrg/kc/buy/cgsh_order_operate.html?command=get_materiel&rest_code=00149&code=00101006055&supplier_code=00100012&order_time=2021-09-15 HTTP/1.1" 200 409
58.40.7.146 - - [15/Sep/2021:10:13:52 +0800] "GET /xingrg/check_reg.html?_=1631672029102 HTTP/1.1" 200 22
58.40.7.146 - - [15/Sep/2021:10:13:52 +0800] "GET /xingrg/all/function/internal_message.html?_=1631672029104&CODE_STATE=getMsg HTTP/1.1" 200 27
116.238.168.124 - - [15/Sep/2021:10:13:52 +0800] "GET /xingrg/kc/buy/cgsh_order_operate.html?command=get_materiel&rest_code=00102&code=00101009109&supplier_code=00100424&order_time=2021-09-15 HTTP/1.1" 200 399
180.169.147.146 - - [15/Sep/2021:10:13:53 +0800] "POST /xingrg/login.do HTTP/1.1" 302 -
180.169.147.146 - - [15/Sep/2021:10:13:53 +0800] "GET /xingrg/index.html?sysBaseUrl=http%3A%2F%2F180.169.147.146%3A18081%2Fxingrg%2F&costTime=37×tamp=1631672033088 HTTP/1.1" 200 17179
180.169.147.146 - - [15/Sep/2021:10:13:53 +0800] "GET /favicon.ico HTTP/1.1" 404 -
180.169.147.146 - - [15/Sep/2021:10:13:53 +0800] "POST /xingrg/all/common/load_tree.html?tree=area_rest_tree_json&manage=1 HTTP/1.1" 200 351
180.169.147.146 - - [15/Sep/2021:10:13:53 +0800] "GET /xingrg/all/function/internal_message.html?_=1631672029246&CODE_STATE=count HTTP/1.1" 200 11
180.169.147.146 - - [15/Sep/2021:10:13:53 +0800] "GET /xingrg/check_reg.html?_=1631672029247 HTTP/1.1" 200 22
180.169.147.146 - - [15/Sep/2021:10:13:53 +0800] "POST /xingrg/load_menu.html HTTP/1.1" 200 5138
180.169.147.146 - - [15/Sep/2021:10:13:54 +0800] "POST /xingrg/kc/buy/cgsh_list_operate.html HTTP/1.1" 200 2114
180.169.147.146 - - [15/Sep/2021:10:13:54 +0800] "GET /xingrg/kc/mdqp/qp_main.html HTTP/1.1" 200 10633
116.230.105.26 - - [15/Sep/2021:10:13:54 +0800] "GET /xingrg/all/function/internal_message.html?_=1631672022343&CODE_STATE=getMsg HTTP/1.1" 200 27
180.169.147.146 - - [15/Sep/2021:10:13:54 +0800] "GET /xingrg/kc/mdqp/qp_main.html HTTP/1.1" 200 10633
116.237.74.154 - - [15/Sep/2021:10:13:55 +0800] "POST /xingrg/kc/buy/cgsh_order_operate.html HTTP/1.1" 200 12
180.169.147.146 - - [15/Sep/2021:10:13:55 +0800] "GET /xingrg/images/yd/bt.gif HTTP/1.1" 404 1040
222.70.179.190 - - [15/Sep/2021:10:13:55 +0800] "GET /xingrg/all/function/internal_message.html?_=1631672024934&CODE_STATE=getMsg HTTP/1.1" 200 27
180.169.147.146 - - [15/Sep/2021:10:13:57 +0800] "GET /xingrg/kc/buy/buy_main.html HTTP/1.1" 200 12412
180.169.147.146 - - [15/Sep/2021:10:13:57 +0800] "GET /xingrg/css/new_ie.css HTTP/1.1" 404 1036
180.169.147.146 - - [15/Sep/2021:10:13:58 +0800] "GET /xingrg/kc/buy/cgsh_order_list.html HTTP/1.1" 200 47750
180.169.147.146 - - [15/Sep/2021:10:14:00 +0800] "POST /xingrg/kc/buy/cgsh_list_operate.html HTTP/1.1" 200 1693
116.237.74.154 - - [15/Sep/2021:10:14:00 +0800] "GET /xingrg/kc/buy/cgsh_order_info.html?code=212021091506321 HTTP/1.1" 200 58399
116.237.74.154 - - [15/Sep/2021:10:14:00 +0800] "GET /xingrg/javascript/easyui/themes/default/validatebox.css HTTP/1.1" 404 1104
101.89.239.120 - - [15/Sep/2021:10:14:01 +0800] "GET /xingrg/kc/buy/cgsh_order_operate.html?command=get_materiel&rest_code=00106&code=00101006240&supplier_code=00100015&order_time=2021-09-15 HTTP/1.1" 302 -
116.237.74.154 - - [15/Sep/2021:10:14:01 +0800] "POST /xingrg/kc/buy/cgsh_order_operate.html HTTP/1.1" 200 2989
101.89.239.120 - - [15/Sep/2021:10:14:01 +0800] "GET /xingrg/login.html HTTP/1.1" 200 7641
116.237.74.154 - - [15/Sep/2021:10:14:03 +0800] "GET /xingrg/kc/print/load_data.html?order_code=212021091506321&kc_code=cgsh&condition= HTTP/1.1" 200 1711
180.169.147.146 - - [15/Sep/2021:10:14:03 +0800] "POST /xingrg/kc/buy/cgsh_list_operate.html HTTP/1.1" 200 203
222.70.179.190 - - [15/Sep/2021:10:14:04 +0800] "POST /xingrg/dwr/call/plaincall/AjaxQqpsService.getMaterielByCode.dwr HTTP/1.1" 200 2660
222.69.128.69 - - [15/Sep/2021:10:14:04 +0800] "GET /xingrg/all/function/internal_message.html?_=1631672041893&CODE_STATE=getMsg HTTP/1.1" 200 27
180.169.147.146 - - [15/Sep/2021:10:14:06 +0800] "GET /xingrg/all/function/internal_message.html?_=1631672077019&CODE_STATE=getMsg HTTP/1.1" 200 27
222.70.179.190 - - [15/Sep/2021:10:14:06 +0800] "POST /xingrg/dwr/call/plaincall/AjaxQqpsService.saveMaterielItem.dwr HTTP/1.1" 200 79
101.83.145.79 - - [15/Sep/2021:10:14:06 +0800] "GET /xingrg/all/function/internal_message.html?_=1631672044880&CODE_STATE=getMsg HTTP/1.1" 200 27
101.93.222.235 - - [15/Sep/2021:10:14:07 +0800] "POST /xingrg/services/DataTransmitService HTTP/1.1" 200 524
101.93.222.235 - - [15/Sep/2021:10:14:07 +0800] "POST /xingrg/services/DataTransmitService HTTP/1.1" 200 501
180.169.147.146 - - [15/Sep/2021:10:14:09 +0800] "POST /xingrg/kc/buy/cgsh_list_operate.html HTTP/1.1" 200 4
101.89.239.245 - - [15/Sep/2021:10:14:11 +0800] "GET /xingrg/kc/buy/cgsh_order_operate.html?command=get_materiel&rest_code=00106&code=00101006112&supplier_code=00100015&order_time=2021-09-15 HTTP/1.1" 302 -
180.169.147.146 - - [15/Sep/2021:10:14:12 +0800] "POST /xingrg/kc/buy/cgsh_list_operate.html HTTP/1.1" 200 876
116.237.74.154 - - [15/Sep/2021:10:14:12 +0800] "GET /xingrg/kc/print/load_data.html?order_code=212021091506321&kc_code=cgsh HTTP/1.1" 200 1711
101.89.239.245 - - [15/Sep/2021:10:14:12 +0800] "GET /xingrg/login.html HTTP/1.1" 200 7641
222.70.179.190 - - [15/Sep/2021:10:14:15 +0800] "POST /xingrg/dwr/call/plaincall/AjaxQqpsService.getMaterielByCode.dwr HTTP/1.1" 200 2630
180.169.147.146 - - [15/Sep/2021:10:14:15 +0800] "GET /xingrg/all/function/internal_message.html?_=1631672054662&CODE_STATE=getMsg HTTP/1.1" 200 27
222.70.179.190 - - [15/Sep/2021:10:14:17 +0800] "POST /xingrg/dwr/call/plaincall/AjaxQqpsService.saveMaterielItem.dwr HTTP/1.1" 200 79
58.37.227.186 - - [15/Sep/2021:10:14:19 +0800] "GET /xingrg/all/function/internal_message.html?_=1631671927748&CODE_STATE=getMsg HTTP/1.1" 200 27
116.238.168.124 - - [15/Sep/2021:10:14:20 +0800] "GET /xingrg/kc/buy/cgsh_order_operate.html?command=get_materiel&rest_code=00102&code=00101009066&supplier_code=00100424&order_time=2021-09-15 HTTP/1.1" 200 416
222.70.179.190 - - [15/Sep/2021:10:14:21 +0800] "POST /xingrg/dwr/call/plaincall/AjaxQqpsService.getMaterielByCode.dwr HTTP/1.1" 200 2571
222.70.179.190 - - [15/Sep/2021:10:14:23 +0800] "POST /xingrg/dwr/call/plaincall/AjaxQqpsService.saveMaterielItem.dwr HTTP/1.1" 200 79
114.85.125.222 - - [15/Sep/2021:10:14:24 +0800] "GET /xingrg/all/function/internal_message.html?_=1631672048036&CODE_STATE=getMsg HTTP/1.1" 200 27
222.69.128.69 - - [15/Sep/2021:10:14:27 +0800] "GET /xingrg/kc/buy/cgsh_order_operate.html?command=get_materiel&rest_code=00149&code=00101006109&supplier_code=00100012&order_time=2021-09-15 HTTP/1.1" 200 409
101.83.145.79 - - [15/Sep/2021:10:14:28 +0800] "GET /xingrg/all/function/internal_message.html?_=1631672012254&CODE_STATE=getMsg HTTP/1.1" 200 27
58.221.95.50 - - [15/Sep/2021:10:14:31 +0800] "GET /xingrg/all/function/internal_message.html?_=1631672068920&CODE_STATE=getMsg HTTP/1.1" 200 27
116.238.168.124 - - [15/Sep/2021:10:14:33 +0800] "GET /xingrg/kc/buy/cgsh_order_operate.html?command=get_materiel&rest_code=00102&code=00101009062&supplier_code=00100424&order_time=2021-09-15 HTTP/1.1" 200 412
222.70.179.190 - - [15/Sep/2021:10:14:33 +0800] "GET /xingrg/all/function/internal_message.html?_=1631672069451&CODE_STATE=getMsg HTTP/1.1" 302 -
222.70.179.190 - - [15/Sep/2021:10:14:33 +0800] "GET /xingrg/check_reg.html?_=1631672069453 HTTP/1.1" 302 -
116.238.168.124 - - [15/Sep/2021:10:14:38 +0800] "GET /xingrg/all/function/internal_message.html?_=1631672053844&CODE_STATE=getMsg HTTP/1.1" 200 27
180.169.147.146 - - [15/Sep/2021:10:14:41 +0800] "GET /xingrg/all/function/internal_message.html?_=1631672080140&CODE_STATE=getMsg HTTP/1.1" 200 27
58.37.227.186 - - [15/Sep/2021:10:14:42 +0800] "GET /xingrg/all/function/internal_message.html?_=1631671951014&CODE_STATE=getMsg HTTP/1.1" 200 27
116.232.55.15 - - [15/Sep/2021:10:14:42 +0800] "GET /xingrg/all/function/internal_message.html?_=1631672079972&CODE_STATE=getMsg HTTP/1.1" 200 27
116.232.55.15 - - [15/Sep/2021:10:14:42 +0800] "GET /xingrg/check_reg.html?_=1631672079976 HTTP/1.1" 200 22
222.70.246.151 - - [15/Sep/2021:10:14:46 +0800] "GET /xingrg/all/function/internal_message.html?_=1631672093064&CODE_STATE=getMsg HTTP/1.1" 200 27
116.237.74.154 - - [15/Sep/2021:10:14:46 +0800] "GET /xingrg/all/function/internal_message.html?_=1631672081854&CODE_STATE=getMsg HTTP/1.1" 200 27
116.238.248.233 - - [15/Sep/2021:10:14:47 +0800] "GET /xingrg/all/function/internal_message.html?_=1631672083375&CODE_STATE=getMsg HTTP/1.1" 200 27
180.169.147.146 - - [15/Sep/2021:10:14:49 +0800] "GET /xingrg/all/function/internal_message.html?_=1631672089168&CODE_STATE=getMsg HTTP/1.1" 200 27
58.40.7.146 - - [15/Sep/2021:10:14:52 +0800] "GET /xingrg/all/function/internal_message.html?_=1631672089110&CODE_STATE=getMsg HTTP/1.1" 200 27
116.238.168.124 - - [15/Sep/2021:10:14:52 +0800] "GET /xingrg/kc/buy/cgsh_order_operate.html?command=get_materiel&rest_code=00102&code=00101009016&supplier_code=00100424&order_time=2021-09-15 HTTP/1.1" 200 412
180.169.147.146 - - [15/Sep/2021:10:14:53 +0800] "GET /xingrg/all/function/internal_message.html?_=1631672089258&CODE_STATE=getMsg HTTP/1.1" 200 27
116.230.105.26 - - [15/Sep/2021:10:14:54 +0800] "GET /xingrg/all/function/internal_message.html?_=1631672082313&CODE_STATE=getMsg HTTP/1.1" 200 27
222.70.179.190 - - [15/Sep/2021:10:14:55 +0800] "GET /xingrg/all/function/internal_message.html?_=1631672084930&CODE_STATE=getMsg HTTP/1.1" 200 27
61.151.178.197 - - [15/Sep/2021:10:15:00 +0800] "GET /xingrg/kc/buy/cgsh_order_info.html?code=212021091506321 HTTP/1.1" 302 -
61.151.178.197 - - [15/Sep/2021:10:15:00 +0800] "GET /xingrg/login.html HTTP/1.1" 200 7641
101.89.239.238 - - [15/Sep/2021:10:15:02 +0800] "GET /xingrg/kc/print/load_data.html?order_code=212021091506321&kc_code=cgsh&condition= HTTP/1.1" 302 -
101.89.239.238 - - [15/Sep/2021:10:15:02 +0800] "GET /xingrg/login.html HTTP/1.1" 200 7641
222.69.128.69 - - [15/Sep/2021:10:15:04 +0800] "GET /xingrg/all/function/internal_message.html?_=1631672101865&CODE_STATE=getMsg HTTP/1.1" 200 27
222.69.128.69 - - [15/Sep/2021:10:15:05 +0800] "GET /xingrg/check_reg.html?_=1631672102853 HTTP/1.1" 200 22
180.169.147.146 - - [15/Sep/2021:10:15:06 +0800] "GET /xingrg/all/function/internal_message.html?_=1631672137020&CODE_STATE=getMsg HTTP/1.1" 200 27
101.83.145.79 - - [15/Sep/2021:10:15:06 +0800] "GET /xingrg/all/function/internal_message.html?_=1631672104878&CODE_STATE=getMsg HTTP/1.1" 200 27
116.237.74.154 - - [15/Sep/2021:10:15:07 +0800] "GET /xingrg/kc/buy/cgsh_order_add.html HTTP/1.1" 200 63488
116.237.74.154 - - [15/Sep/2021:10:15:08 +0800] "GET /xingrg/javascript/easyui/themes/default/validatebox.css HTTP/1.1" 404 1104
116.237.74.154 - - [15/Sep/2021:10:15:08 +0800] "POST /xingrg/kc/buy/cgsh_order_operate.html HTTP/1.1" 200 8245
222.70.179.190 - - [15/Sep/2021:10:15:09 +0800] "POST /xingrg/dwr/call/plaincall/AjaxQqpsService.getMaterielByCode.dwr HTTP/1.1" 200 2650
222.70.179.190 - - [15/Sep/2021:10:15:10 +0800] "POST /xingrg/dwr/call/plaincall/AjaxQqpsService.saveMaterielItem.dwr HTTP/1.1" 200 79
61.151.178.217 - - [15/Sep/2021:10:15:12 +0800] "GET /xingrg/kc/print/load_data.html?order_code=212021091506321&kc_code=cgsh HTTP/1.1" 302 -
61.151.178.217 - - [15/Sep/2021:10:15:12 +0800] "GET /xingrg/login.html HTTP/1.1" 200 7641
180.169.147.146 - - [15/Sep/2021:10:15:15 +0800] "GET /xingrg/all/function/internal_message.html?_=1631672114667&CODE_STATE=getMsg HTTP/1.1" 200 27
116.237.74.154 - - [15/Sep/2021:10:15:15 +0800] "GET /xingrg/javascript/easyui/themes/default/tree.css HTTP/1.1" 404 1090
116.237.74.154 - - [15/Sep/2021:10:15:16 +0800] "POST /xingrg/all/common/load_tree.html?tree=supplier_tree_json&isDelete=1 HTTP/1.1" 200 57803
58.37.227.186 - - [15/Sep/2021:10:15:19 +0800] "GET /xingrg/all/function/internal_message.html?_=1631671987746&CODE_STATE=getMsg HTTP/1.1" 200 27
58.37.227.186 - - [15/Sep/2021:10:15:20 +0800] "GET /xingrg/check_reg.html?_=1631671988979 HTTP/1.1" 200 22
116.238.168.124 - - [15/Sep/2021:10:15:24 +0800] "GET /xingrg/check_reg.html?_=1631672100041 HTTP/1.1" 200 22
114.85.125.222 - - [15/Sep/2021:10:15:24 +0800] "GET /xingrg/all/function/internal_message.html?_=1631672108065&CODE_STATE=getMsg HTTP/1.1" 200 27
101.83.145.79 - - [15/Sep/2021:10:15:28 +0800] "GET /xingrg/all/function/internal_message.html?_=1631672072253&CODE_STATE=getMsg HTTP/1.1" 200 27
58.221.95.50 - - [15/Sep/2021:10:15:31 +0800] "GET /xingrg/all/function/internal_message.html?_=1631672128918&CODE_STATE=getMsg HTTP/1.1" 200 27
222.70.179.190 - - [15/Sep/2021:10:15:33 +0800] "GET /xingrg/all/function/internal_message.html?_=1631672129452&CODE_STATE=getMsg HTTP/1.1" 302 -
116.238.168.124 - - [15/Sep/2021:10:15:41 +0800] "POST /xingrg/kc/buy/cgsh_order_operate.html HTTP/1.1" 200 37
180.169.147.146 - - [15/Sep/2021:10:15:41 +0800] "GET /xingrg/all/function/internal_message.html?_=1631672140141&CODE_STATE=getMsg HTTP/1.1" 200 27
58.37.227.186 - - [15/Sep/2021:10:15:42 +0800] "GET /xingrg/all/function/internal_message.html?_=1631672010993&CODE_STATE=getMsg HTTP/1.1" 200 27
116.232.55.15 - - [15/Sep/2021:10:15:42 +0800] "GET /xingrg/all/function/internal_message.html?_=1631672139974&CODE_STATE=getMsg HTTP/1.1" 200 27
116.237.74.154 - - [15/Sep/2021:10:15:46 +0800] "GET /xingrg/all/function/internal_message.html?_=1631672141823&CODE_STATE=getMsg HTTP/1.1" 200 27
222.70.246.151 - - [15/Sep/2021:10:15:46 +0800] "GET /xingrg/all/function/internal_message.html?_=1631672153176&CODE_STATE=getMsg HTTP/1.1" 200 27
116.238.248.233 - - [15/Sep/2021:10:15:47 +0800] "GET /xingrg/check_reg.html?_=1631672143374 HTTP/1.1" 200 22
116.238.248.233 - - [15/Sep/2021:10:15:47 +0800] "GET /xingrg/all/function/internal_message.html?_=1631672143377&CODE_STATE=getMsg HTTP/1.1" 200 27
180.169.147.146 - - [15/Sep/2021:10:15:49 +0800] "GET /xingrg/all/function/internal_message.html?_=1631672149168&CODE_STATE=getMsg HTTP/1.1" 200 27
58.40.7.146 - - [15/Sep/2021:10:15:52 +0800] "GET /xingrg/all/function/internal_message.html?_=1631672149099&CODE_STATE=getMsg HTTP/1.1" 200 27
180.169.147.146 - - [15/Sep/2021:10:15:53 +0800] "GET /xingrg/all/function/internal_message.html?_=1631672149257&CODE_STATE=getMsg HTTP/1.1" 200 27
116.238.168.124 - - [15/Sep/2021:10:15:53 +0800] "POST /xingrg/kc/buy/cgsh_order_operate.html HTTP/1.1" 200 12
116.230.105.26 - - [15/Sep/2021:10:15:54 +0800] "GET /xingrg/all/function/internal_message.html?_=1631672142313&CODE_STATE=getMsg HTTP/1.1" 200 27
222.70.179.190 - - [15/Sep/2021:10:15:55 +0800] "GET /xingrg/all/function/internal_message.html?_=1631672144948&CODE_STATE=getMsg HTTP/1.1" 200 27
222.70.179.190 - - [15/Sep/2021:10:15:55 +0800] "GET /xingrg/check_reg.html?_=1631672144968 HTTP/1.1" 200 22
116.238.168.124 - - [15/Sep/2021:10:15:56 +0800] "GET /xingrg/kc/buy/cgsh_order_info.html?code=212021091506322 HTTP/1.1" 200 58348
116.238.168.124 - - [15/Sep/2021:10:15:58 +0800] "GET /xingrg/javascript/easyui/themes/default/validatebox.css HTTP/1.1" 404 1104
116.238.168.124 - - [15/Sep/2021:10:15:58 +0800] "GET /xingrg/all/function/internal_message.html?_=1631672134329&CODE_STATE=getMsg HTTP/1.1" 200 27
116.238.168.124 - - [15/Sep/2021:10:15:59 +0800] "POST /xingrg/kc/buy/cgsh_order_operate.html HTTP/1.1" 200 4755
222.69.128.69 - - [15/Sep/2021:10:16:04 +0800] "GET /xingrg/all/function/internal_message.html?_=1631672161840&CODE_STATE=getMsg HTTP/1.1" 200 27
180.169.147.146 - - [15/Sep/2021:10:16:06 +0800] "GET /xingrg/all/function/internal_message.html?_=1631672197020&CODE_STATE=getMsg HTTP/1.1" 200 27
180.169.147.146 - - [15/Sep/2021:10:16:06 +0800] "GET /xingrg/check_reg.html?_=1631672197023 HTTP/1.1" 200 22
101.83.145.79 - - [15/Sep/2021:10:16:06 +0800] "GET /xingrg/all/function/internal_message.html?_=1631672164877&CODE_STATE=getMsg HTTP/1.1" 200 27
116.238.168.124 - - [15/Sep/2021:10:16:07 +0800] "GET /xingrg/kc/print/load_data.html?order_code=212021091506322&kc_code=cgsh&condition= HTTP/1.1" 200 2264
180.169.147.146 - - [15/Sep/2021:10:16:15 +0800] "GET /xingrg/all/function/internal_message.html?_=1631672174676&CODE_STATE=getMsg HTTP/1.1" 200 27
58.37.227.186 - - [15/Sep/2021:10:16:19 +0800] "GET /xingrg/all/function/internal_message.html?_=1631672047720&CODE_STATE=getMsg HTTP/1.1" 200 27
114.85.125.222 - - [15/Sep/2021:10:16:24 +0800] "GET /xingrg/all/function/internal_message.html?_=1631672168079&CODE_STATE=getMsg HTTP/1.1" 200 27
101.83.145.79 - - [15/Sep/2021:10:16:28 +0800] "GET /xingrg/all/function/internal_message.html?_=1631672132254&CODE_STATE=getMsg HTTP/1.1" 200 27
101.83.145.79 - - [15/Sep/2021:10:16:28 +0800] "GET /xingrg/check_reg.html?_=1631672132492 HTTP/1.1" 200 22
58.221.95.50 - - [15/Sep/2021:10:16:31 +0800] "GET /xingrg/all/function/internal_message.html?_=1631672188902&CODE_STATE=getMsg HTTP/1.1" 200 27
58.221.95.50 - - [15/Sep/2021:10:16:33 +0800] "GET /xingrg/check_reg.html?_=1631672190280 HTTP/1.1" 200 22
222.70.179.190 - - [15/Sep/2021:10:16:33 +0800] "GET /xingrg/all/function/internal_message.html?_=1631672189455&CODE_STATE=getMsg HTTP/1.1" 302 -
180.169.147.146 - - [15/Sep/2021:10:16:41 +0800] "GET /xingrg/all/function/internal_message.html?_=1631672200144&CODE_STATE=getMsg HTTP/1.1" 200 27
58.37.227.186 - - [15/Sep/2021:10:16:42 +0800] "GET /xingrg/all/function/internal_message.html?_=1631672070972&CODE_STATE=getMsg HTTP/1.1" 200 27
116.232.55.15 - - [15/Sep/2021:10:16:42 +0800] "GET /xingrg/all/function/internal_message.html?_=1631672199977&CODE_STATE=getMsg HTTP/1.1" 200 27
116.237.74.154 - - [15/Sep/2021:10:16:46 +0800] "GET /xingrg/all/function/internal_message.html?_=1631672201791&CODE_STATE=getMsg HTTP/1.1" 200 27
222.70.246.151 - - [15/Sep/2021:10:16:46 +0800] "GET /xingrg/all/function/internal_message.html?_=1631672213185&CODE_STATE=getMsg HTTP/1.1" 200 27
116.238.248.233 - - [15/Sep/2021:10:16:47 +0800] "GET /xingrg/all/function/internal_message.html?_=1631672203363&CODE_STATE=getMsg HTTP/1.1" 200 27
61.151.178.180 - - [15/Sep/2021:10:16:48 +0800] "GET /xingrg/all/function/internal_message.html?_=1631672141823&CODE_STATE=getMsg HTTP/1.1" 302 -
61.151.178.180 - - [15/Sep/2021:10:16:48 +0800] "GET /xingrg/login.html HTTP/1.1" 200 7641
180.169.147.146 - - [15/Sep/2021:10:16:49 +0800] "GET /xingrg/all/function/internal_message.html?_=1631672209167&CODE_STATE=getMsg HTTP/1.1" 200 27
58.40.7.146 - - [15/Sep/2021:10:16:52 +0800] "GET /xingrg/all/function/internal_message.html?_=1631672209096&CODE_STATE=getMsg HTTP/1.1" 200 27
180.169.147.146 - - [15/Sep/2021:10:16:53 +0800] "GET /xingrg/all/function/internal_message.html?_=1631672209257&CODE_STATE=getMsg HTTP/1.1" 200 27
116.230.105.26 - - [15/Sep/2021:10:16:54 +0800] "GET /xingrg/all/function/internal_message.html?_=1631672202304&CODE_STATE=getMsg HTTP/1.1" 200 27
180.169.147.146 - - [15/Sep/2021:10:16:55 +0800] "GET /favicon.ico HTTP/1.1" 404 -
222.70.179.190 - - [15/Sep/2021:10:16:55 +0800] "GET /xingrg/all/function/internal_message.html?_=1631672204943&CODE_STATE=getMsg HTTP/1.1" 200 27
180.169.147.146 - - [15/Sep/2021:10:16:58 +0800] "GET /xingrg/login.html HTTP/1.1" 200 7641
180.169.147.146 - - [15/Sep/2021:10:16:58 +0800] "GET /xingrg/images/blue/jxLogo.png HTTP/1.1" 200 6156
180.169.147.146 - - [15/Sep/2021:10:16:58 +0800] "GET /xingrg/images/blue/login_bg.png HTTP/1.1" 200 22101
180.169.147.146 - - [15/Sep/2021:10:16:58 +0800] "GET /xingrg/images/blue/hj.png HTTP/1.1" 200 1014
180.169.147.146 - - [15/Sep/2021:10:16:58 +0800] "GET /xingrg/images/blue/srbg.png HTTP/1.1" 200 138
180.169.147.146 - - [15/Sep/2021:10:16:58 +0800] "GET /favicon.ico HTTP/1.1" 404 -
116.238.168.124 - - [15/Sep/2021:10:16:59 +0800] "GET /xingrg/all/function/internal_message.html?_=1631672194715&CODE_STATE=getMsg HTTP/1.1" 200 27
180.169.147.146 - - [15/Sep/2021:10:17:04 +0800] "POST /xingrg/login.do HTTP/1.1" 302 -
180.169.147.146 - - [15/Sep/2021:10:17:04 +0800] "GET /xingrg/javascript/jquery_easy_ui/themes/default/easyui.css HTTP/1.1" 200 26500
180.169.147.146 - - [15/Sep/2021:10:17:04 +0800] "GET /xingrg/index.html?sysBaseUrl=http%3A%2F%2F180.169.147.146%3A18081%2Fxingrg%2F&costTime=74×tamp=1631672224111 HTTP/1.1" 200 17503
180.169.147.146 - - [15/Sep/2021:10:17:04 +0800] "GET /xingrg/javascript/jquery_easy_ui/themes/icon.css HTTP/1.1" 200 3949
180.169.147.146 - - [15/Sep/2021:10:17:04 +0800] "GET /xingrg/css/form.css HTTP/1.1" 200 893
180.169.147.146 - - [15/Sep/2021:10:17:04 +0800] "GET /xingrg/javascript/jquery-1.4.2.min.js HTTP/1.1" 200 72205
180.169.147.146 - - [15/Sep/2021:10:17:04 +0800] "GET /xingrg/javascript/jquery_easy_ui/jquery.easyui.min.js HTTP/1.1" 200 213662
180.169.147.146 - - [15/Sep/2021:10:17:04 +0800] "GET /xingrg/javascript/jquery_easy_ui/easyui-lang-zh_CN.js HTTP/1.1" 200 1900
180.169.147.146 - - [15/Sep/2021:10:17:04 +0800] "GET /xingrg/javascript/jquery.form.js HTTP/1.1" 200 23110
180.169.147.146 - - [15/Sep/2021:10:17:04 +0800] "GET /xingrg/javascript/jquery.utils.js HTTP/1.1" 200 11805
180.169.147.146 - - [15/Sep/2021:10:17:04 +0800] "GET /xingrg/javascript/jquery.timers.js HTTP/1.1" 200 3532
180.169.147.146 - - [15/Sep/2021:10:17:04 +0800] "GET /favicon.ico HTTP/1.1" 404 -
180.169.147.146 - - [15/Sep/2021:10:17:04 +0800] "GET /xingrg/javascript/jquery_easy_ui/themes/icons/settle_new.png HTTP/1.1" 200 826
180.169.147.146 - - [15/Sep/2021:10:17:04 +0800] "GET /xingrg/images/blue/navBackgound.jpg HTTP/1.1" 200 12378
180.169.147.146 - - [15/Sep/2021:10:17:04 +0800] "POST /xingrg/all/common/load_tree.html?tree=area_rest_tree_json&manage=1 HTTP/1.1" 200 3472
180.169.147.146 - - [15/Sep/2021:10:17:04 +0800] "GET /xingrg/all/function/internal_message.html?_=1631672220758&CODE_STATE=count HTTP/1.1" 200 11
180.169.147.146 - - [15/Sep/2021:10:17:04 +0800] "GET /xingrg/check_reg.html?_=1631672220759 HTTP/1.1" 200 22
180.169.147.146 - - [15/Sep/2021:10:17:04 +0800] "GET /xingrg/images/blue/pingpu.png HTTP/1.1" 200 231
180.169.147.146 - - [15/Sep/2021:10:17:04 +0800] "GET /xingrg/javascript/jquery_easy_ui/themes/default/images/tabs_leftarrow.png HTTP/1.1" 200 389
180.169.147.146 - - [15/Sep/2021:10:17:04 +0800] "GET /xingrg/javascript/jquery_easy_ui/themes/default/images/tabs_rightarrow.png HTTP/1.1" 200 395
180.169.147.146 - - [15/Sep/2021:10:17:04 +0800] "GET /xingrg/javascript/jquery_easy_ui/themes/default/images/panel_tool_expand.gif HTTP/1.1" 200 247
180.169.147.146 - - [15/Sep/2021:10:17:04 +0800] "GET /xingrg/javascript/jquery_easy_ui/themes/default/images/panel_tool_collapse.gif HTTP/1.1" 200 246
180.169.147.146 - - [15/Sep/2021:10:17:04 +0800] "POST /xingrg/load_menu.html HTTP/1.1" 200 11443
222.69.128.69 - - [15/Sep/2021:10:17:04 +0800] "GET /xingrg/all/function/internal_message.html?_=1631672221818&CODE_STATE=getMsg HTTP/1.1" 200 27
180.169.147.146 - - [15/Sep/2021:10:17:04 +0800] "GET /xingrg/javascript/jquery_easy_ui/themes/default/images/tree_arrows.gif HTTP/1.1" 200 1043
180.169.147.146 - - [15/Sep/2021:10:17:04 +0800] "GET /xingrg/javascript/jquery_easy_ui/themes/default/images/tree_folder_open.gif HTTP/1.1" 200 956
180.169.147.146 - - [15/Sep/2021:10:17:04 +0800] "GET /xingrg/javascript/jquery_easy_ui/themes/icons/search_new.png HTTP/1.1" 200 586
180.169.147.146 - - [15/Sep/2021:10:17:04 +0800] "GET /xingrg/javascript/jquery_easy_ui/themes/icons/delivery_new.png HTTP/1.1" 200 700
180.169.147.146 - - [15/Sep/2021:10:17:04 +0800] "GET /xingrg/javascript/jquery_easy_ui/themes/icons/storage_new.png HTTP/1.1" 200 853
180.169.147.146 - - [15/Sep/2021:10:17:04 +0800] "GET /xingrg/javascript/jquery_easy_ui/themes/icons/checkout_new.png HTTP/1.1" 200 744
180.169.147.146 - - [15/Sep/2021:10:17:04 +0800] "GET /xingrg/javascript/jquery_easy_ui/themes/icons/forms_new.png HTTP/1.1" 200 350
180.169.147.146 - - [15/Sep/2021:10:17:04 +0800] "GET /xingrg/javascript/jquery_easy_ui/themes/icons/setting_new.png HTTP/1.1" 200 450
180.169.147.146 - - [15/Sep/2021:10:17:04 +0800] "GET /xingrg/javascript/jquery_easy_ui/themes/icons/systemset_new.png HTTP/1.1" 200 606
180.169.147.146 - - [15/Sep/2021:10:17:04 +0800] "GET /xingrg/javascript/jquery_easy_ui/themes/default/images/tree_file.gif HTTP/1.1" 200 118
180.169.147.146 - - [15/Sep/2021:10:17:04 +0800] "GET /xingrg/javascript/jquery_easy_ui/themes/default/images/tree_folder.gif HTTP/1.1" 200 952
180.169.147.146 - - [15/Sep/2021:10:17:06 +0800] "GET /xingrg/all/function/internal_message.html?_=1631672257023&CODE_STATE=getMsg HTTP/1.1" 200 27
101.83.145.79 - - [15/Sep/2021:10:17:06 +0800] "GET /xingrg/all/function/internal_message.html?_=1631672224892&CODE_STATE=getMsg HTTP/1.1" 200 27
116.230.105.26 - - [15/Sep/2021:10:17:12 +0800] "GET /xingrg/check_reg.html?_=1631672219670 HTTP/1.1" 200 22
180.169.147.146 - - [15/Sep/2021:10:17:15 +0800] "GET /xingrg/all/function/internal_message.html?_=1631672234664&CODE_STATE=getMsg HTTP/1.1" 200 27
58.37.227.186 - - [15/Sep/2021:10:17:19 +0800] "GET /xingrg/all/function/internal_message.html?_=1631672107693&CODE_STATE=getMsg HTTP/1.1" 200 27
114.85.125.222 - - [15/Sep/2021:10:17:24 +0800] "GET /xingrg/check_reg.html?_=1631672227732 HTTP/1.1" 200 22
114.85.125.222 - - [15/Sep/2021:10:17:25 +0800] "GET /xingrg/all/function/internal_message.html?_=1631672228093&CODE_STATE=getMsg HTTP/1.1" 200 27
101.83.145.79 - - [15/Sep/2021:10:17:28 +0800] "GET /xingrg/all/function/internal_message.html?_=1631672192243&CODE_STATE=getMsg HTTP/1.1" 200 27
58.221.95.50 - - [15/Sep/2021:10:17:31 +0800] "GET /xingrg/all/function/internal_message.html?_=1631672248875&CODE_STATE=getMsg HTTP/1.1" 200 27
116.237.74.154 - - [15/Sep/2021:10:17:32 +0800] "GET /xingrg/check_reg.html?_=1631672247520 HTTP/1.1" 200 22
222.70.179.190 - - [15/Sep/2021:10:17:33 +0800] "GET /xingrg/all/function/internal_message.html?_=1631672249446&CODE_STATE=getMsg HTTP/1.1" 302 -
222.70.179.190 - - [15/Sep/2021:10:17:41 +0800] "POST /xingrg/dwr/call/plaincall/AjaxQqpsService.getMaterielByCode.dwr HTTP/1.1" 200 2626
180.169.147.146 - - [15/Sep/2021:10:17:41 +0800] "GET /xingrg/all/function/internal_message.html?_=1631672260146&CODE_STATE=getMsg HTTP/1.1" 200 27
180.169.147.146 - - [15/Sep/2021:10:17:41 +0800] "GET /xingrg/check_reg.html?_=1631672260148 HTTP/1.1" 200 22
58.37.227.186 - - [15/Sep/2021:10:17:42 +0800] "GET /xingrg/all/function/internal_message.html?_=1631672130953&CODE_STATE=getMsg HTTP/1.1" 200 27
116.232.55.15 - - [15/Sep/2021:10:17:42 +0800] "GET /xingrg/all/function/internal_message.html?_=1631672259978&CODE_STATE=getMsg HTTP/1.1" 200 27
58.37.227.186 - - [15/Sep/2021:10:17:44 +0800] "GET /xingrg/check_reg.html?_=1631672132393 HTTP/1.1" 200 22
222.70.246.151 - - [15/Sep/2021:10:17:44 +0800] "GET /xingrg/check_reg.html?_=1631672270654 HTTP/1.1" 200 22
116.237.74.154 - - [15/Sep/2021:10:17:46 +0800] "GET /xingrg/all/function/internal_message.html?_=1631672261766&CODE_STATE=getMsg HTTP/1.1" 200 27
222.70.246.151 - - [15/Sep/2021:10:17:46 +0800] "GET /xingrg/all/function/internal_message.html?_=1631672273198&CODE_STATE=getMsg HTTP/1.1" 200 27
116.238.248.233 - - [15/Sep/2021:10:17:47 +0800] "GET /xingrg/all/function/internal_message.html?_=1631672263364&CODE_STATE=getMsg HTTP/1.1" 200 27
180.169.147.146 - - [15/Sep/2021:10:17:49 +0800] "GET /xingrg/all/function/internal_message.html?_=1631672269168&CODE_STATE=getMsg HTTP/1.1" 200 27
222.70.179.190 - - [15/Sep/2021:10:17:51 +0800] "POST /xingrg/dwr/call/plaincall/AjaxQqpsService.saveMaterielItem.dwr HTTP/1.1" 200 79
58.40.7.146 - - [15/Sep/2021:10:17:52 +0800] "GET /xingrg/all/function/internal_message.html?_=1631672269102&CODE_STATE=getMsg HTTP/1.1" 200 27
180.169.147.146 - - [15/Sep/2021:10:17:53 +0800] "GET /xingrg/all/function/internal_message.html?_=1631672269255&CODE_STATE=getMsg HTTP/1.1" 200 27
116.230.105.26 - - [15/Sep/2021:10:17:54 +0800] "GET /xingrg/all/function/internal_message.html?_=1631672262286&CODE_STATE=getMsg HTTP/1.1" 200 27
222.70.179.190 - - [15/Sep/2021:10:17:55 +0800] "GET /xingrg/all/function/internal_message.html?_=1631672264938&CODE_STATE=getMsg HTTP/1.1" 200 27
222.70.179.190 - - [15/Sep/2021:10:17:57 +0800] "POST /xingrg/dwr/call/plaincall/AjaxQqpsService.getMaterielByCode.dwr HTTP/1.1" 200 2616
116.238.168.124 - - [15/Sep/2021:10:17:59 +0800] "GET /xingrg/all/function/internal_message.html?_=1631672254729&CODE_STATE=getMsg HTTP/1.1" 200 27
222.70.179.190 - - [15/Sep/2021:10:17:59 +0800] "POST /xingrg/dwr/call/plaincall/AjaxQqpsService.saveMaterielItem.dwr HTTP/1.1" 200 79
222.69.128.69 - - [15/Sep/2021:10:17:59 +0800] "GET /xingrg/kc/buy/cgsh_order_operate.html?command=get_materiel&rest_code=00149&code=00101006229&supplier_code=00100012&order_time=2021-09-15 HTTP/1.1" 200 412
180.169.147.146 - - [15/Sep/2021:10:18:04 +0800] "GET /xingrg/all/function/internal_message.html?_=1631672280793&CODE_STATE=getMsg HTTP/1.1" 200 27
222.69.128.69 - - [15/Sep/2021:10:18:04 +0800] "GET /xingrg/all/function/internal_message.html?_=1631672281810&CODE_STATE=getMsg HTTP/1.1" 200 27
180.169.147.146 - - [15/Sep/2021:10:18:06 +0800] "GET /xingrg/all/function/internal_message.html?_=1631672317024&CODE_STATE=getMsg HTTP/1.1" 200 27
101.83.145.79 - - [15/Sep/2021:10:18:06 +0800] "GET /xingrg/check_reg.html?_=1631672284890 HTTP/1.1" 200 22
101.83.145.79 - - [15/Sep/2021:10:18:06 +0800] "GET /xingrg/all/function/internal_message.html?_=1631672284891&CODE_STATE=getMsg HTTP/1.1" 200 27
116.237.74.154 - - [15/Sep/2021:10:18:09 +0800] "GET /xingrg/kc/buy/cgsh_order_operate.html?command=get_materiel&rest_code=00106&code=00101007049&supplier_code=00100002&order_time=2021-09-15 HTTP/1.1" 200 411
222.69.128.69 - - [15/Sep/2021:10:18:15 +0800] "POST /xingrg/kc/buy/cgsh_order_operate.html HTTP/1.1" 200 37
222.70.179.190 - - [15/Sep/2021:10:18:15 +0800] "POST /xingrg/dwr/call/plaincall/AjaxQqpsService.getMaterielByCode.dwr HTTP/1.1" 200 2650
180.169.147.146 - - [15/Sep/2021:10:18:15 +0800] "GET /xingrg/all/function/internal_message.html?_=1631672294669&CODE_STATE=getMsg HTTP/1.1" 200 27
180.169.147.146 - - [15/Sep/2021:10:18:15 +0800] "GET /xingrg/check_reg.html?_=1631672294673 HTTP/1.1" 200 22
222.70.179.190 - - [15/Sep/2021:10:18:17 +0800] "POST /xingrg/dwr/call/plaincall/AjaxQqpsService.saveMaterielItem.dwr HTTP/1.1" 200 79
58.37.227.186 - - [15/Sep/2021:10:18:19 +0800] "GET /xingrg/all/function/internal_message.html?_=1631672167674&CODE_STATE=getMsg HTTP/1.1" 200 27
222.69.128.69 - - [15/Sep/2021:10:18:20 +0800] "POST /xingrg/kc/buy/cgsh_order_operate.html HTTP/1.1" 200 12
222.69.128.69 - - [15/Sep/2021:10:18:22 +0800] "GET /xingrg/kc/buy/cgsh_order_info.html?code=212021091506323 HTTP/1.1" 200 58444
222.69.128.69 - - [15/Sep/2021:10:18:23 +0800] "GET /xingrg/javascript/easyui/themes/default/validatebox.css HTTP/1.1" 404 1104
222.69.128.69 - - [15/Sep/2021:10:18:23 +0800] "POST /xingrg/kc/buy/cgsh_order_operate.html HTTP/1.1" 200 5927
114.85.125.222 - - [15/Sep/2021:10:18:25 +0800] "GET /xingrg/all/function/internal_message.html?_=1631672288107&CODE_STATE=getMsg HTTP/1.1" 200 27
101.83.145.79 - - [15/Sep/2021:10:18:28 +0800] "GET /xingrg/all/function/internal_message.html?_=1631672252269&CODE_STATE=getMsg HTTP/1.1" 200 27
222.69.128.69 - - [15/Sep/2021:10:18:28 +0800] "GET /xingrg/kc/print/load_data.html?order_code=212021091506323&kc_code=cgsh&condition= HTTP/1.1" 200 2824
222.70.179.190 - - [15/Sep/2021:10:18:29 +0800] "POST /xingrg/dwr/call/plaincall/AjaxQqpsService.getMaterielByCode.dwr HTTP/1.1" 200 2578
58.221.95.50 - - [15/Sep/2021:10:18:31 +0800] "GET /xingrg/all/function/internal_message.html?_=1631672308861&CODE_STATE=getMsg HTTP/1.1" 200 27
222.70.179.190 - - [15/Sep/2021:10:18:33 +0800] "GET /xingrg/all/function/internal_message.html?_=1631672309458&CODE_STATE=getMsg HTTP/1.1" 302 -
116.237.74.154 - - [15/Sep/2021:10:18:34 +0800] "GET /xingrg/kc/buy/cgsh_order_operate.html?command=get_materiel&rest_code=00106&code=00101007125&supplier_code=00100002&order_time=2021-09-15 HTTP/1.1" 200 408
222.70.179.190 - - [15/Sep/2021:10:18:41 +0800] "POST /xingrg/dwr/call/plaincall/AjaxQqpsService.getMaterielByCode.dwr HTTP/1.1" 200 2578
180.169.147.146 - - [15/Sep/2021:10:18:41 +0800] "GET /xingrg/all/function/internal_message.html?_=1631672320154&CODE_STATE=getMsg HTTP/1.1" 200 27
58.37.227.186 - - [15/Sep/2021:10:18:42 +0800] "GET /xingrg/all/function/internal_message.html?_=1631672190932&CODE_STATE=getMsg HTTP/1.1" 200 27
116.232.55.15 - - [15/Sep/2021:10:18:42 +0800] "GET /xingrg/all/function/internal_message.html?_=1631672319983&CODE_STATE=getMsg HTTP/1.1" 200 27
101.91.60.88 - - [15/Sep/2021:10:18:46 +0800] "GET /xingrg/all/function/internal_message.html?_=1631672261766&CODE_STATE=getMsg HTTP/1.1" 302 -
116.237.74.154 - - [15/Sep/2021:10:18:46 +0800] "GET /xingrg/all/function/internal_message.html?_=1631672321752&CODE_STATE=getMsg HTTP/1.1" 200 27
222.70.246.151 - - [15/Sep/2021:10:18:46 +0800] "GET /xingrg/all/function/internal_message.html?_=1631672333212&CODE_STATE=getMsg HTTP/1.1" 200 27
116.238.248.233 - - [15/Sep/2021:10:18:47 +0800] "GET /xingrg/all/function/internal_message.html?_=1631672323365&CODE_STATE=getMsg HTTP/1.1" 200 27
101.91.60.88 - - [15/Sep/2021:10:18:47 +0800] "GET /xingrg/login.html HTTP/1.1" 200 7641
222.70.179.190 - - [15/Sep/2021:10:18:47 +0800] "POST /xingrg/dwr/call/plaincall/AjaxQqpsService.saveMaterielItem.dwr HTTP/1.1" 200 79
180.169.147.146 - - [15/Sep/2021:10:18:49 +0800] "GET /xingrg/check_reg.html?_=1631672329176 HTTP/1.1" 200 22
180.169.147.146 - - [15/Sep/2021:10:18:49 +0800] "GET /xingrg/all/function/internal_message.html?_=1631672329178&CODE_STATE=getMsg HTTP/1.1" 200 27
58.40.7.146 - - [15/Sep/2021:10:18:52 +0800] "GET /xingrg/all/function/internal_message.html?_=1631672329097&CODE_STATE=getMsg HTTP/1.1" 200 27
58.40.7.146 - - [15/Sep/2021:10:18:52 +0800] "GET /xingrg/check_reg.html?_=1631672329099 HTTP/1.1" 200 22
180.169.147.146 - - [15/Sep/2021:10:18:53 +0800] "GET /xingrg/check_reg.html?_=1631672329253 HTTP/1.1" 200 22
