180.169.147.146 - - [15/Sep/2021:10:04:13 +0800] "GET /xingrg/javascript/jquery_tools/images/prev.gif HTTP/1.1" 404 1086
180.169.147.146 - - [15/Sep/2021:10:04:13 +0800] "GET /xingrg/javascript/jquery_tools/images/next.gif HTTP/1.1" 404 1086
58.40.7.146 - - [15/Sep/2021:10:04:13 +0800] "POST /xingrg/all/report/load_report_page.html HTTP/1.1" 200 100154
58.40.7.146 - - [15/Sep/2021:10:04:13 +0800] "GET /xingrg/servlets/image?cache=0.4216722073066088&image=px HTTP/1.1" 200 807
222.70.179.190 - - [15/Sep/2021:10:04:15 +0800] "POST /xingrg/dwr/call/plaincall/AjaxQqpsService.saveMaterielItem.dwr HTTP/1.1" 200 78
180.169.147.146 - - [15/Sep/2021:10:04:15 +0800] "GET /xingrg/all/function/internal_message.html?_=1631671454667&CODE_STATE=getMsg HTTP/1.1" 200 27
222.70.179.190 - - [15/Sep/2021:10:04:17 +0800] "POST /xingrg/dwr/call/plaincall/AjaxQqpsService.getMaterielByCode.dwr HTTP/1.1" 200 2609
180.169.147.146 - - [15/Sep/2021:10:04:17 +0800] "POST /xingrg/kc/buy/cgsh_order_operate.html HTTP/1.1" 200 37
180.169.147.146 - - [15/Sep/2021:10:04:19 +0800] "POST /xingrg/kc/buy/cgsh_order_operate.html HTTP/1.1" 200 5048
58.37.227.186 - - [15/Sep/2021:10:04:19 +0800] "GET /xingrg/all/function/internal_message.html?_=1631671327972&CODE_STATE=getMsg HTTP/1.1" 200 27
222.70.179.190 - - [15/Sep/2021:10:04:23 +0800] "POST /xingrg/dwr/call/plaincall/AjaxQqpsService.saveMaterielItem.dwr HTTP/1.1" 200 78
114.85.125.222 - - [15/Sep/2021:10:04:24 +0800] "GET /xingrg/all/function/internal_message.html?_=1631671447885&CODE_STATE=getMsg HTTP/1.1" 200 27
101.83.145.79 - - [15/Sep/2021:10:04:28 +0800] "GET /xingrg/all/function/internal_message.html?_=1631671412216&CODE_STATE=getMsg HTTP/1.1" 200 27
180.169.147.146 - - [15/Sep/2021:10:04:30 +0800] "POST /xingrg/kc/buy/cgsh_order_operate.html HTTP/1.1" 200 37
180.169.147.146 - - [15/Sep/2021:10:04:31 +0800] "POST /xingrg/kc/buy/cgsh_order_operate.html HTTP/1.1" 200 5051
58.221.95.50 - - [15/Sep/2021:10:04:32 +0800] "GET /xingrg/all/function/internal_message.html?_=1631671469126&CODE_STATE=getMsg HTTP/1.1" 200 27
116.237.74.154 - - [15/Sep/2021:10:04:32 +0800] "GET /xingrg/all/function/internal_message.html?_=1631671467426&CODE_STATE=getMsg HTTP/1.1" 200 27
180.169.147.146 - - [15/Sep/2021:10:04:32 +0800] "GET /xingrg/kc/print/load_config.html?kc_code=cgsh HTTP/1.1" 200 2076
180.169.147.146 - - [15/Sep/2021:10:04:32 +0800] "GET /xingrg/kc/print/load_data.html?order_code=212021091406147&kc_code=cgsh&condition= HTTP/1.1" 200 1607
222.70.179.190 - - [15/Sep/2021:10:04:33 +0800] "GET /xingrg/all/function/internal_message.html?_=1631671469455&CODE_STATE=getMsg HTTP/1.1" 302 -
222.70.179.190 - - [15/Sep/2021:10:04:33 +0800] "GET /xingrg/check_reg.html?_=1631671469457 HTTP/1.1" 302 -
116.238.168.124 - - [15/Sep/2021:10:04:37 +0800] "GET /xingrg/all/function/internal_message.html?_=1631671453225&CODE_STATE=getMsg HTTP/1.1" 200 27
180.169.147.146 - - [15/Sep/2021:10:04:41 +0800] "GET /xingrg/all/function/internal_message.html?_=1631671480129&CODE_STATE=getMsg HTTP/1.1" 200 27
116.232.55.15 - - [15/Sep/2021:10:04:42 +0800] "GET /xingrg/all/function/internal_message.html?_=1631671479951&CODE_STATE=getMsg HTTP/1.1" 200 27
116.232.55.15 - - [15/Sep/2021:10:04:42 +0800] "GET /xingrg/check_reg.html?_=1631671479955 HTTP/1.1" 200 22
58.37.227.186 - - [15/Sep/2021:10:04:42 +0800] "GET /xingrg/all/function/internal_message.html?_=1631671351219&CODE_STATE=getMsg HTTP/1.1" 200 27
120.253.135.82 - - [15/Sep/2021:10:04:43 +0800] "GET /xingrg/all/function/internal_message.html?_=1631671253092&CODE_STATE=getMsg HTTP/1.1" 200 27
222.70.246.151 - - [15/Sep/2021:10:04:46 +0800] "GET /xingrg/all/function/internal_message.html?_=1631671492742&CODE_STATE=getMsg HTTP/1.1" 200 27
116.238.248.233 - - [15/Sep/2021:10:04:47 +0800] "GET /xingrg/all/function/internal_message.html?_=1631671483350&CODE_STATE=getMsg HTTP/1.1" 200 27
180.169.147.146 - - [15/Sep/2021:10:04:48 +0800] "POST /xingrg/kc/buy/cgsh_list_operate.html HTTP/1.1" 200 5220
180.169.147.146 - - [15/Sep/2021:10:04:49 +0800] "GET /xingrg/all/function/internal_message.html?_=1631671489156&CODE_STATE=getMsg HTTP/1.1" 200 27
58.40.7.146 - - [15/Sep/2021:10:04:52 +0800] "GET /xingrg/all/function/internal_message.html?_=1631671489089&CODE_STATE=getMsg HTTP/1.1" 200 27
116.230.105.26 - - [15/Sep/2021:10:04:54 +0800] "GET /xingrg/all/function/internal_message.html?_=1631671482479&CODE_STATE=getMsg HTTP/1.1" 200 27
222.70.179.190 - - [15/Sep/2021:10:04:55 +0800] "GET /xingrg/all/function/internal_message.html?_=1631671484948&CODE_STATE=getMsg HTTP/1.1" 200 27
222.70.179.190 - - [15/Sep/2021:10:05:02 +0800] "POST /xingrg/dwr/call/plaincall/AjaxQqpsService.saveOrder.dwr HTTP/1.1" 200 78
180.169.147.146 - - [15/Sep/2021:10:05:03 +0800] "GET /xingrg/all/function/internal_message.html?_=1631671499624&CODE_STATE=getMsg HTTP/1.1" 200 27
222.69.128.69 - - [15/Sep/2021:10:05:04 +0800] "GET /xingrg/all/function/internal_message.html?_=1631671502038&CODE_STATE=getMsg HTTP/1.1" 200 27
222.69.128.69 - - [15/Sep/2021:10:05:05 +0800] "GET /xingrg/check_reg.html?_=1631671502812 HTTP/1.1" 200 22
180.169.147.146 - - [15/Sep/2021:10:05:06 +0800] "GET /xingrg/all/function/internal_message.html?_=1631671537000&CODE_STATE=getMsg HTTP/1.1" 200 27
101.83.145.79 - - [15/Sep/2021:10:05:06 +0800] "GET /xingrg/all/function/internal_message.html?_=1631671504888&CODE_STATE=getMsg HTTP/1.1" 200 27
180.169.147.146 - - [15/Sep/2021:10:05:15 +0800] "POST /xingrg/kc/buy/cgsh_list_operate.html HTTP/1.1" 200 5354
180.169.147.146 - - [15/Sep/2021:10:05:15 +0800] "GET /xingrg/all/function/internal_message.html?_=1631671514670&CODE_STATE=getMsg HTTP/1.1" 200 27
180.169.147.146 - - [15/Sep/2021:10:05:19 +0800] "POST /xingrg/kc/buy/cgsh_list_operate.html HTTP/1.1" 200 579
180.169.147.146 - - [15/Sep/2021:10:05:19 +0800] "GET /xingrg/kc/buy/cgsh_order_info.html?code=212021091406148 HTTP/1.1" 200 63462
58.37.227.186 - - [15/Sep/2021:10:05:19 +0800] "GET /xingrg/all/function/internal_message.html?_=1631671387968&CODE_STATE=getMsg HTTP/1.1" 200 27
180.169.147.146 - - [15/Sep/2021:10:05:19 +0800] "GET /xingrg/javascript/easyui/themes/default/validatebox.css HTTP/1.1" 404 1104
180.169.147.146 - - [15/Sep/2021:10:05:20 +0800] "POST /xingrg/kc/buy/cgsh_order_operate.html HTTP/1.1" 200 5631
58.37.227.186 - - [15/Sep/2021:10:05:20 +0800] "GET /xingrg/check_reg.html?_=1631671388964 HTTP/1.1" 200 22
116.238.168.124 - - [15/Sep/2021:10:05:23 +0800] "GET /xingrg/check_reg.html?_=1631671499463 HTTP/1.1" 200 22
114.85.125.222 - - [15/Sep/2021:10:05:24 +0800] "GET /xingrg/all/function/internal_message.html?_=1631671507912&CODE_STATE=getMsg HTTP/1.1" 200 27
101.83.145.79 - - [15/Sep/2021:10:05:28 +0800] "GET /xingrg/all/function/internal_message.html?_=1631671472217&CODE_STATE=getMsg HTTP/1.1" 200 27
116.237.74.154 - - [15/Sep/2021:10:05:29 +0800] "POST /xingrg/kc/buy/cgsh_order_operate.html HTTP/1.1" 200 37
58.221.95.50 - - [15/Sep/2021:10:05:31 +0800] "GET /xingrg/all/function/internal_message.html?_=1631671529096&CODE_STATE=getMsg HTTP/1.1" 200 27
101.89.239.245 - - [15/Sep/2021:10:05:32 +0800] "GET /xingrg/all/function/internal_message.html?_=1631671467426&CODE_STATE=getMsg HTTP/1.1" 302 -
180.169.147.146 - - [15/Sep/2021:10:05:32 +0800] "POST /xingrg/kc/buy/cgsh_order_operate.html HTTP/1.1" 200 37
116.237.74.154 - - [15/Sep/2021:10:05:32 +0800] "GET /xingrg/all/function/internal_message.html?_=1631671527422&CODE_STATE=getMsg HTTP/1.1" 200 27
101.89.239.245 - - [15/Sep/2021:10:05:33 +0800] "GET /xingrg/login.html HTTP/1.1" 200 7641
180.169.147.146 - - [15/Sep/2021:10:05:33 +0800] "POST /xingrg/kc/buy/cgsh_order_operate.html HTTP/1.1" 200 5631
222.70.179.190 - - [15/Sep/2021:10:05:33 +0800] "GET /xingrg/all/function/internal_message.html?_=1631671529452&CODE_STATE=getMsg HTTP/1.1" 302 -
116.237.74.154 - - [15/Sep/2021:10:05:34 +0800] "POST /xingrg/kc/buy/cgsh_order_operate.html HTTP/1.1" 200 12
116.238.168.124 - - [15/Sep/2021:10:05:37 +0800] "GET /xingrg/all/function/internal_message.html?_=1631671513237&CODE_STATE=getMsg HTTP/1.1" 200 27
222.70.179.190 - - [15/Sep/2021:10:05:38 +0800] "POST /xingrg/dwr/call/plaincall/AjaxQqpsService.getMaterielByCode.dwr HTTP/1.1" 200 2692
180.169.147.146 - - [15/Sep/2021:10:05:41 +0800] "GET /xingrg/all/function/internal_message.html?_=1631671540132&CODE_STATE=getMsg HTTP/1.1" 200 27
116.232.55.15 - - [15/Sep/2021:10:05:42 +0800] "GET /xingrg/all/function/internal_message.html?_=1631671539954&CODE_STATE=getMsg HTTP/1.1" 200 27
58.37.227.186 - - [15/Sep/2021:10:05:42 +0800] "GET /xingrg/all/function/internal_message.html?_=1631671411217&CODE_STATE=getMsg HTTP/1.1" 200 27
120.253.135.82 - - [15/Sep/2021:10:05:43 +0800] "GET /xingrg/all/function/internal_message.html?_=1631671313104&CODE_STATE=getMsg HTTP/1.1" 200 27
222.70.179.190 - - [15/Sep/2021:10:05:46 +0800] "POST /xingrg/dwr/call/plaincall/AjaxQqpsService.saveMaterielItem.dwr HTTP/1.1" 200 78
222.70.179.190 - - [15/Sep/2021:10:05:46 +0800] "POST /xingrg/dwr/call/plaincall/AjaxQqpsService.saveOrder.dwr HTTP/1.1" 200 79
116.237.74.154 - - [15/Sep/2021:10:05:46 +0800] "GET /xingrg/kc/buy/cgsh_order_info.html?code=212021091506312 HTTP/1.1" 200 58399
222.70.246.151 - - [15/Sep/2021:10:05:46 +0800] "GET /xingrg/all/function/internal_message.html?_=1631671552858&CODE_STATE=getMsg HTTP/1.1" 200 27
116.238.248.233 - - [15/Sep/2021:10:05:47 +0800] "GET /xingrg/all/function/internal_message.html?_=1631671543350&CODE_STATE=getMsg HTTP/1.1" 200 27
116.238.248.233 - - [15/Sep/2021:10:05:47 +0800] "GET /xingrg/check_reg.html?_=1631671543353 HTTP/1.1" 200 22
116.237.74.154 - - [15/Sep/2021:10:05:47 +0800] "GET /xingrg/javascript/easyui/themes/default/validatebox.css HTTP/1.1" 404 1104
116.237.74.154 - - [15/Sep/2021:10:05:47 +0800] "POST /xingrg/kc/buy/cgsh_order_operate.html HTTP/1.1" 200 38995
180.169.147.146 - - [15/Sep/2021:10:05:49 +0800] "GET /xingrg/all/function/internal_message.html?_=1631671549156&CODE_STATE=getMsg HTTP/1.1" 200 27
116.237.74.154 - - [15/Sep/2021:10:05:49 +0800] "GET /xingrg/kc/print/load_config.html?kc_code=cgsh HTTP/1.1" 200 2076
116.237.74.154 - - [15/Sep/2021:10:05:50 +0800] "GET /xingrg/kc/print/load_data.html?order_code=212021091506312&kc_code=cgsh&condition= HTTP/1.1" 200 15237
58.40.7.146 - - [15/Sep/2021:10:05:52 +0800] "GET /xingrg/all/function/internal_message.html?_=1631671549092&CODE_STATE=getMsg HTTP/1.1" 200 27
116.230.105.26 - - [15/Sep/2021:10:05:54 +0800] "GET /xingrg/all/function/internal_message.html?_=1631671542473&CODE_STATE=getMsg HTTP/1.1" 200 27
222.70.179.190 - - [15/Sep/2021:10:05:55 +0800] "GET /xingrg/check_reg.html?_=1631671544947 HTTP/1.1" 200 22
222.70.179.190 - - [15/Sep/2021:10:05:55 +0800] "GET /xingrg/all/function/internal_message.html?_=1631671544950&CODE_STATE=getMsg HTTP/1.1" 200 27
180.169.147.146 - - [15/Sep/2021:10:06:03 +0800] "GET /xingrg/all/function/internal_message.html?_=1631671559619&CODE_STATE=getMsg HTTP/1.1" 200 27
116.237.74.154 - - [15/Sep/2021:10:06:03 +0800] "GET /xingrg/kc/print/load_data.html?order_code=212021091506312&kc_code=cgsh HTTP/1.1" 200 15237
222.69.128.69 - - [15/Sep/2021:10:06:04 +0800] "GET /xingrg/all/function/internal_message.html?_=1631671562025&CODE_STATE=getMsg HTTP/1.1" 200 27
180.169.147.146 - - [15/Sep/2021:10:06:06 +0800] "GET /xingrg/check_reg.html?_=1631671597000 HTTP/1.1" 200 22
180.169.147.146 - - [15/Sep/2021:10:06:06 +0800] "GET /xingrg/all/function/internal_message.html?_=1631671597004&CODE_STATE=getMsg HTTP/1.1" 200 27
101.83.145.79 - - [15/Sep/2021:10:06:06 +0800] "GET /xingrg/all/function/internal_message.html?_=1631671564888&CODE_STATE=getMsg HTTP/1.1" 200 27
180.169.147.146 - - [15/Sep/2021:10:06:15 +0800] "GET /xingrg/all/function/internal_message.html?_=1631671574662&CODE_STATE=getMsg HTTP/1.1" 200 27
58.37.227.186 - - [15/Sep/2021:10:06:19 +0800] "GET /xingrg/all/function/internal_message.html?_=1631671447937&CODE_STATE=getMsg HTTP/1.1" 200 27
114.85.125.222 - - [15/Sep/2021:10:06:24 +0800] "GET /xingrg/all/function/internal_message.html?_=1631671567912&CODE_STATE=getMsg HTTP/1.1" 200 27
101.83.145.79 - - [15/Sep/2021:10:06:28 +0800] "GET /xingrg/all/function/internal_message.html?_=1631671532217&CODE_STATE=getMsg HTTP/1.1" 200 27
101.83.145.79 - - [15/Sep/2021:10:06:28 +0800] "GET /xingrg/check_reg.html?_=1631671532516 HTTP/1.1" 200 22
222.69.128.69 - - [15/Sep/2021:10:06:30 +0800] "GET /xingrg/kc/buy/cgsh_order_operate.html?command=get_materiel&rest_code=00149&code=00101002041&supplier_code=00100039&order_time=2021-09-15 HTTP/1.1" 200 409
58.221.95.50 - - [15/Sep/2021:10:06:31 +0800] "GET /xingrg/all/function/internal_message.html?_=1631671589082&CODE_STATE=getMsg HTTP/1.1" 200 27
61.151.178.166 - - [15/Sep/2021:10:06:32 +0800] "GET /xingrg/all/function/internal_message.html?_=1631671527422&CODE_STATE=getMsg HTTP/1.1" 302 -
58.221.95.50 - - [15/Sep/2021:10:06:33 +0800] "GET /xingrg/check_reg.html?_=1631671590225 HTTP/1.1" 200 22
61.151.178.166 - - [15/Sep/2021:10:06:33 +0800] "GET /xingrg/login.html HTTP/1.1" 200 7641
222.70.179.190 - - [15/Sep/2021:10:06:33 +0800] "GET /xingrg/all/function/internal_message.html?_=1631671589456&CODE_STATE=getMsg HTTP/1.1" 302 -
116.238.168.124 - - [15/Sep/2021:10:06:37 +0800] "GET /xingrg/all/function/internal_message.html?_=1631671573252&CODE_STATE=getMsg HTTP/1.1" 200 27
222.69.128.69 - - [15/Sep/2021:10:06:39 +0800] "GET /xingrg/kc/buy/cgsh_order_operate.html?command=get_materiel&rest_code=00149&code=00101001044&supplier_code=00100039&order_time=2021-09-15 HTTP/1.1" 200 411
180.169.147.146 - - [15/Sep/2021:10:06:41 +0800] "GET /xingrg/all/function/internal_message.html?_=1631671600134&CODE_STATE=getMsg HTTP/1.1" 200 27
116.232.55.15 - - [15/Sep/2021:10:06:42 +0800] "GET /xingrg/all/function/internal_message.html?_=1631671599956&CODE_STATE=getMsg HTTP/1.1" 200 27
58.37.227.186 - - [15/Sep/2021:10:06:42 +0800] "GET /xingrg/all/function/internal_message.html?_=1631671471193&CODE_STATE=getMsg HTTP/1.1" 200 27
120.253.135.82 - - [15/Sep/2021:10:06:43 +0800] "GET /xingrg/all/function/internal_message.html?_=1631671373402&CODE_STATE=getMsg HTTP/1.1" 200 27
222.70.246.151 - - [15/Sep/2021:10:06:46 +0800] "GET /xingrg/all/function/internal_message.html?_=1631671612863&CODE_STATE=getMsg HTTP/1.1" 200 27
116.237.74.154 - - [15/Sep/2021:10:06:47 +0800] "GET /xingrg/all/function/internal_message.html?_=1631671602054&CODE_STATE=getMsg HTTP/1.1" 200 27
116.238.248.233 - - [15/Sep/2021:10:06:47 +0800] "GET /xingrg/all/function/internal_message.html?_=1631671603352&CODE_STATE=getMsg HTTP/1.1" 200 27
180.169.147.146 - - [15/Sep/2021:10:06:49 +0800] "GET /xingrg/all/function/internal_message.html?_=1631671609157&CODE_STATE=getMsg HTTP/1.1" 200 27
61.151.178.165 - - [15/Sep/2021:10:06:49 +0800] "GET /xingrg/kc/print/load_config.html?kc_code=cgsh HTTP/1.1" 302 -
61.151.178.165 - - [15/Sep/2021:10:06:50 +0800] "GET /xingrg/login.html HTTP/1.1" 200 7641
61.151.207.158 - - [15/Sep/2021:10:06:50 +0800] "GET /xingrg/kc/print/load_data.html?order_code=212021091506312&kc_code=cgsh&condition= HTTP/1.1" 302 -
61.151.207.158 - - [15/Sep/2021:10:06:50 +0800] "GET /xingrg/login.html HTTP/1.1" 200 7641
222.69.128.69 - - [15/Sep/2021:10:06:51 +0800] "GET /xingrg/kc/buy/cgsh_order_operate.html?command=get_materiel&rest_code=00149&code=00101003035&supplier_code=00100039&order_time=2021-09-15 HTTP/1.1" 200 411
58.40.7.146 - - [15/Sep/2021:10:06:52 +0800] "GET /xingrg/all/function/internal_message.html?_=1631671609101&CODE_STATE=getMsg HTTP/1.1" 200 27
116.230.105.26 - - [15/Sep/2021:10:06:54 +0800] "GET /xingrg/all/function/internal_message.html?_=1631671602451&CODE_STATE=getMsg HTTP/1.1" 200 27
222.70.179.190 - - [15/Sep/2021:10:06:55 +0800] "GET /xingrg/all/function/internal_message.html?_=1631671604934&CODE_STATE=getMsg HTTP/1.1" 200 27
180.169.147.146 - - [15/Sep/2021:10:06:57 +0800] "GET /xingrg/kc/print/load_data.html?order_code=212021091406148&kc_code=cgsh&condition= HTTP/1.1" 200 1833
120.253.135.82 - - [15/Sep/2021:10:07:00 +0800] "GET /xingrg/check_reg.html?_=1631671390653 HTTP/1.1" 200 22
116.237.74.154 - - [15/Sep/2021:10:07:02 +0800] "GET /xingrg/kc/buy/cgsh_order_add.html HTTP/1.1" 200 63488
116.237.74.154 - - [15/Sep/2021:10:07:03 +0800] "GET /xingrg/javascript/easyui/themes/default/validatebox.css HTTP/1.1" 404 1104
116.237.74.154 - - [15/Sep/2021:10:07:03 +0800] "POST /xingrg/kc/buy/cgsh_order_operate.html HTTP/1.1" 200 8245
180.169.147.146 - - [15/Sep/2021:10:07:03 +0800] "GET /xingrg/all/function/internal_message.html?_=1631671619621&CODE_STATE=getMsg HTTP/1.1" 200 27
116.237.74.154 - - [15/Sep/2021:10:07:04 +0800] "GET /xingrg/javascript/easyui/themes/default/tree.css HTTP/1.1" 404 1090
116.237.74.154 - - [15/Sep/2021:10:07:04 +0800] "POST /xingrg/all/common/load_tree.html?tree=supplier_tree_json&isDelete=1 HTTP/1.1" 200 57803
222.69.128.69 - - [15/Sep/2021:10:07:04 +0800] "GET /xingrg/all/function/internal_message.html?_=1631671622015&CODE_STATE=getMsg HTTP/1.1" 200 27
180.169.147.146 - - [15/Sep/2021:10:07:06 +0800] "GET /xingrg/all/function/internal_message.html?_=1631671657015&CODE_STATE=getMsg HTTP/1.1" 200 27
101.83.145.79 - - [15/Sep/2021:10:07:06 +0800] "GET /xingrg/all/function/internal_message.html?_=1631671624886&CODE_STATE=getMsg HTTP/1.1" 200 27
222.69.128.69 - - [15/Sep/2021:10:07:08 +0800] "GET /xingrg/kc/buy/cgsh_order_operate.html?command=get_materiel&rest_code=00149&code=00101001075&supplier_code=00100039&order_time=2021-09-15 HTTP/1.1" 200 410
116.237.74.154 - - [15/Sep/2021:10:07:11 +0800] "GET /xingrg/kc/buy/cgsh_order_operate.html?command=get_materiel&rest_code=00106&code=00101012003&supplier_code=00100009&order_time=2021-09-15 HTTP/1.1" 200 413
116.230.105.26 - - [15/Sep/2021:10:07:12 +0800] "GET /xingrg/check_reg.html?_=1631671619708 HTTP/1.1" 200 22
180.169.147.146 - - [15/Sep/2021:10:07:15 +0800] "GET /xingrg/all/function/internal_message.html?_=1631671634667&CODE_STATE=getMsg HTTP/1.1" 200 27
58.37.227.186 - - [15/Sep/2021:10:07:19 +0800] "GET /xingrg/all/function/internal_message.html?_=1631671507912&CODE_STATE=getMsg HTTP/1.1" 200 27
114.85.125.222 - - [15/Sep/2021:10:07:24 +0800] "GET /xingrg/check_reg.html?_=1631671627709 HTTP/1.1" 200 22
114.85.125.222 - - [15/Sep/2021:10:07:24 +0800] "GET /xingrg/all/function/internal_message.html?_=1631671627926&CODE_STATE=getMsg HTTP/1.1" 200 27
222.69.128.69 - - [15/Sep/2021:10:07:24 +0800] "GET /xingrg/kc/buy/cgsh_order_operate.html?command=get_materiel&rest_code=00149&code=00101001010&supplier_code=00100039&order_time=2021-09-15 HTTP/1.1" 200 411
101.83.145.79 - - [15/Sep/2021:10:07:28 +0800] "GET /xingrg/all/function/internal_message.html?_=1631671592220&CODE_STATE=getMsg HTTP/1.1" 200 27
58.221.95.50 - - [15/Sep/2021:10:07:31 +0800] "GET /xingrg/all/function/internal_message.html?_=1631671649054&CODE_STATE=getMsg HTTP/1.1" 200 27
116.237.74.154 - - [15/Sep/2021:10:07:32 +0800] "GET /xingrg/check_reg.html?_=1631671647467 HTTP/1.1" 200 22
222.70.179.190 - - [15/Sep/2021:10:07:33 +0800] "GET /xingrg/all/function/internal_message.html?_=1631671649450&CODE_STATE=getMsg HTTP/1.1" 302 -
116.238.168.124 - - [15/Sep/2021:10:07:37 +0800] "GET /xingrg/all/function/internal_message.html?_=1631671633619&CODE_STATE=getMsg HTTP/1.1" 200 27
180.169.147.146 - - [15/Sep/2021:10:07:41 +0800] "GET /xingrg/all/function/internal_message.html?_=1631671660138&CODE_STATE=getMsg HTTP/1.1" 200 27
180.169.147.146 - - [15/Sep/2021:10:07:41 +0800] "GET /xingrg/check_reg.html?_=1631671660141 HTTP/1.1" 200 22
116.232.55.15 - - [15/Sep/2021:10:07:42 +0800] "GET /xingrg/all/function/internal_message.html?_=1631671659958&CODE_STATE=getMsg HTTP/1.1" 200 27
58.37.227.186 - - [15/Sep/2021:10:07:42 +0800] "GET /xingrg/all/function/internal_message.html?_=1631671531175&CODE_STATE=getMsg HTTP/1.1" 200 27
120.253.135.82 - - [15/Sep/2021:10:07:43 +0800] "GET /xingrg/all/function/internal_message.html?_=1631671433412&CODE_STATE=getMsg HTTP/1.1" 200 27
58.37.227.186 - - [15/Sep/2021:10:07:44 +0800] "GET /xingrg/check_reg.html?_=1631671532420 HTTP/1.1" 200 22
222.70.246.151 - - [15/Sep/2021:10:07:44 +0800] "GET /xingrg/check_reg.html?_=1631671670482 HTTP/1.1" 200 22
101.89.239.238 - - [15/Sep/2021:10:07:46 +0800] "GET /xingrg/all/function/internal_message.html?_=1631671602054&CODE_STATE=getMsg HTTP/1.1" 302 -
222.70.246.151 - - [15/Sep/2021:10:07:46 +0800] "GET /xingrg/all/function/internal_message.html?_=1631671672876&CODE_STATE=getMsg HTTP/1.1" 200 27
101.89.239.238 - - [15/Sep/2021:10:07:46 +0800] "GET /xingrg/login.html HTTP/1.1" 200 7641
116.237.74.154 - - [15/Sep/2021:10:07:47 +0800] "GET /xingrg/all/function/internal_message.html?_=1631671662029&CODE_STATE=getMsg HTTP/1.1" 200 27
116.238.248.233 - - [15/Sep/2021:10:07:47 +0800] "GET /xingrg/all/function/internal_message.html?_=1631671663354&CODE_STATE=getMsg HTTP/1.1" 200 27
180.169.147.146 - - [15/Sep/2021:10:07:49 +0800] "GET /xingrg/all/function/internal_message.html?_=1631671669156&CODE_STATE=getMsg HTTP/1.1" 200 27
58.40.7.146 - - [15/Sep/2021:10:07:52 +0800] "GET /xingrg/all/function/internal_message.html?_=1631671669095&CODE_STATE=getMsg HTTP/1.1" 200 27
222.69.128.69 - - [15/Sep/2021:10:07:54 +0800] "POST /xingrg/kc/buy/cgsh_order_operate.html HTTP/1.1" 200 37
116.230.105.26 - - [15/Sep/2021:10:07:54 +0800] "GET /xingrg/all/function/internal_message.html?_=1631671662439&CODE_STATE=getMsg HTTP/1.1" 200 27
222.70.179.190 - - [15/Sep/2021:10:07:55 +0800] "GET /xingrg/all/function/internal_message.html?_=1631671664940&CODE_STATE=getMsg HTTP/1.1" 200 27
180.169.147.146 - - [15/Sep/2021:10:08:03 +0800] "GET /xingrg/check_reg.html?_=1631671679632 HTTP/1.1" 200 22
180.169.147.146 - - [15/Sep/2021:10:08:03 +0800] "GET /xingrg/all/function/internal_message.html?_=1631671679634&CODE_STATE=getMsg HTTP/1.1" 200 27
222.69.128.69 - - [15/Sep/2021:10:08:04 +0800] "GET /xingrg/all/function/internal_message.html?_=1631671681985&CODE_STATE=getMsg HTTP/1.1" 200 27
180.169.147.146 - - [15/Sep/2021:10:08:06 +0800] "GET /xingrg/all/function/internal_message.html?_=1631671717014&CODE_STATE=getMsg HTTP/1.1" 200 27
222.69.128.69 - - [15/Sep/2021:10:08:06 +0800] "POST /xingrg/kc/buy/cgsh_order_operate.html HTTP/1.1" 200 12
101.83.145.79 - - [15/Sep/2021:10:08:06 +0800] "GET /xingrg/all/function/internal_message.html?_=1631671684885&CODE_STATE=getMsg HTTP/1.1" 200 27
101.83.145.79 - - [15/Sep/2021:10:08:06 +0800] "GET /xingrg/check_reg.html?_=1631671684885 HTTP/1.1" 200 22
222.69.128.69 - - [15/Sep/2021:10:08:07 +0800] "GET /xingrg/kc/buy/cgsh_order_info.html?code=212021091506317 HTTP/1.1" 200 58444
222.69.128.69 - - [15/Sep/2021:10:08:08 +0800] "GET /xingrg/javascript/easyui/themes/default/validatebox.css HTTP/1.1" 404 1104
222.69.128.69 - - [15/Sep/2021:10:08:08 +0800] "POST /xingrg/kc/buy/cgsh_order_operate.html HTTP/1.1" 200 2975
222.69.128.69 - - [15/Sep/2021:10:08:09 +0800] "GET /xingrg/kc/print/load_data.html?order_code=212021091506317&kc_code=cgsh&condition= HTTP/1.1" 200 1622
61.151.179.84 - - [15/Sep/2021:10:08:10 +0800] "GET /xingrg/kc/buy/cgsh_order_operate.html?command=get_materiel&rest_code=00106&code=00101012003&supplier_code=00100009&order_time=2021-09-15 HTTP/1.1" 302 -
61.151.179.84 - - [15/Sep/2021:10:08:10 +0800] "GET /xingrg/login.html HTTP/1.1" 200 7641
222.69.128.69 - - [15/Sep/2021:10:08:14 +0800] "GET /xingrg/kc/buy/cgsh_order_add.html HTTP/1.1" 200 63535
222.69.128.69 - - [15/Sep/2021:10:08:14 +0800] "POST /xingrg/kc/buy/cgsh_order_operate.html HTTP/1.1" 200 8245
222.69.128.69 - - [15/Sep/2021:10:08:14 +0800] "GET /xingrg/javascript/easyui/themes/default/validatebox.css HTTP/1.1" 404 1104
180.169.147.146 - - [15/Sep/2021:10:08:15 +0800] "GET /xingrg/all/function/internal_message.html?_=1631671694671&CODE_STATE=getMsg HTTP/1.1" 200 27
180.169.147.146 - - [15/Sep/2021:10:08:15 +0800] "GET /xingrg/check_reg.html?_=1631671694675 HTTP/1.1" 200 22
58.37.227.186 - - [15/Sep/2021:10:08:19 +0800] "GET /xingrg/all/function/internal_message.html?_=1631671567893&CODE_STATE=getMsg HTTP/1.1" 200 27
114.85.125.222 - - [15/Sep/2021:10:08:24 +0800] "GET /xingrg/all/function/internal_message.html?_=1631671687941&CODE_STATE=getMsg HTTP/1.1" 200 27
116.237.74.154 - - [15/Sep/2021:10:08:27 +0800] "GET /xingrg/kc/buy/cgsh_order_operate.html?command=get_materiel&rest_code=00106&code=00101008146&supplier_code=00100009&order_time=2021-09-15 HTTP/1.1" 200 416
101.83.145.79 - - [15/Sep/2021:10:08:28 +0800] "GET /xingrg/all/function/internal_message.html?_=1631671652220&CODE_STATE=getMsg HTTP/1.1" 200 27
58.221.95.50 - - [15/Sep/2021:10:08:31 +0800] "GET /xingrg/all/function/internal_message.html?_=1631671709040&CODE_STATE=getMsg HTTP/1.1" 200 27
222.70.179.190 - - [15/Sep/2021:10:08:33 +0800] "GET /xingrg/all/function/internal_message.html?_=1631671709468&CODE_STATE=getMsg HTTP/1.1" 302 -
116.237.74.154 - - [15/Sep/2021:10:08:35 +0800] "GET /xingrg/kc/buy/cgsh_order_operate.html?command=get_materiel&rest_code=00106&code=00101008147&supplier_code=00100009&order_time=2021-09-15 HTTP/1.1" 200 416
101.91.62.89 - - [15/Sep/2021:10:08:35 +0800] "GET /xingrg/check_reg.html?_=1631671647467 HTTP/1.1" 302 -
222.69.128.69 - - [15/Sep/2021:10:08:36 +0800] "GET /xingrg/kc/buy/cgsh_order_operate.html?command=get_materiel&rest_code=00149&code=00101007083&supplier_code=00100205&order_time=2021-09-15 HTTP/1.1" 200 421
116.238.168.124 - - [15/Sep/2021:10:08:37 +0800] "GET /xingrg/all/function/internal_message.html?_=1631671693623&CODE_STATE=getMsg HTTP/1.1" 200 27
101.91.62.89 - - [15/Sep/2021:10:08:37 +0800] "GET /xingrg/login.html HTTP/1.1" 200 7641
116.238.168.124 - - [15/Sep/2021:10:08:41 +0800] "GET /xingrg/kc/base/yddb_order_list.html HTTP/1.1" 200 16830
180.169.147.146 - - [15/Sep/2021:10:08:41 +0800] "GET /xingrg/all/function/internal_message.html?_=1631671720142&CODE_STATE=getMsg HTTP/1.1" 200 27
116.238.168.124 - - [15/Sep/2021:10:08:41 +0800] "POST /xingrg/kc/base/yddb_list_operate.html HTTP/1.1" 200 1332
116.232.55.15 - - [15/Sep/2021:10:08:42 +0800] "GET /xingrg/all/function/internal_message.html?_=1631671719962&CODE_STATE=getMsg HTTP/1.1" 200 27
58.37.227.186 - - [15/Sep/2021:10:08:42 +0800] "GET /xingrg/all/function/internal_message.html?_=1631671591145&CODE_STATE=getMsg HTTP/1.1" 200 27
120.253.135.82 - - [15/Sep/2021:10:08:43 +0800] "GET /xingrg/all/function/internal_message.html?_=1631671493425&CODE_STATE=getMsg HTTP/1.1" 200 27
116.237.74.154 - - [15/Sep/2021:10:08:44 +0800] "POST /xingrg/kc/buy/cgsh_order_operate.html HTTP/1.1" 200 37
116.238.168.124 - - [15/Sep/2021:10:08:45 +0800] "POST /xingrg/kc/base/yddb_list_operate.html HTTP/1.1" 200 206
116.238.168.124 - - [15/Sep/2021:10:08:45 +0800] "GET /xingrg/kc/base/yddb_order_info.html?code=482021090800108 HTTP/1.1" 200 30413
116.238.168.124 - - [15/Sep/2021:10:08:46 +0800] "GET /xingrg/dwr/interface/AjaxComOrderService.js HTTP/1.1" 200 18264
116.238.168.124 - - [15/Sep/2021:10:08:46 +0800] "GET /xingrg/dwr/interface/AjaxYddbService.js HTTP/1.1" 200 13201
116.238.168.124 - - [15/Sep/2021:10:08:46 +0800] "GET /xingrg/dwr/engine.js HTTP/1.1" 200 43631
116.238.168.124 - - [15/Sep/2021:10:08:46 +0800] "POST /xingrg/dwr/call/plaincall/AjaxYddbService.loadMaterielItems.dwr HTTP/1.1" 200 403
222.70.246.151 - - [15/Sep/2021:10:08:46 +0800] "GET /xingrg/all/function/internal_message.html?_=1631671732889&CODE_STATE=getMsg HTTP/1.1" 200 27
116.237.74.154 - - [15/Sep/2021:10:08:46 +0800] "GET /xingrg/all/function/internal_message.html?_=1631671722003&CODE_STATE=getMsg HTTP/1.1" 200 27
116.238.248.233 - - [15/Sep/2021:10:08:47 +0800] "GET /xingrg/all/function/internal_message.html?_=1631671723355&CODE_STATE=getMsg HTTP/1.1" 200 27
116.237.74.154 - - [15/Sep/2021:10:08:48 +0800] "POST /xingrg/kc/buy/cgsh_order_operate.html HTTP/1.1" 200 12
180.169.147.146 - - [15/Sep/2021:10:08:49 +0800] "GET /xingrg/check_reg.html?_=1631671729153 HTTP/1.1" 200 22
180.169.147.146 - - [15/Sep/2021:10:08:49 +0800] "GET /xingrg/all/function/internal_message.html?_=1631671729168&CODE_STATE=getMsg HTTP/1.1" 200 27
116.237.74.154 - - [15/Sep/2021:10:08:50 +0800] "GET /xingrg/kc/buy/cgsh_order_info.html?code=212021091506318 HTTP/1.1" 200 58403
116.237.74.154 - - [15/Sep/2021:10:08:50 +0800] "GET /xingrg/javascript/easyui/themes/default/validatebox.css HTTP/1.1" 404 1104
222.69.128.69 - - [15/Sep/2021:10:08:51 +0800] "GET /xingrg/kc/buy/cgsh_order_operate.html?command=get_materiel&rest_code=00149&code=00101007061&supplier_code=00100205&order_time=2021-09-15 HTTP/1.1" 200 429
116.237.74.154 - - [15/Sep/2021:10:08:51 +0800] "POST /xingrg/kc/buy/cgsh_order_operate.html HTTP/1.1" 200 1206
58.40.7.146 - - [15/Sep/2021:10:08:52 +0800] "GET /xingrg/check_reg.html?_=1631671729089 HTTP/1.1" 200 22
58.40.7.146 - - [15/Sep/2021:10:08:52 +0800] "GET /xingrg/all/function/internal_message.html?_=1631671729091&CODE_STATE=getMsg HTTP/1.1" 200 27
116.237.74.154 - - [15/Sep/2021:10:08:52 +0800] "GET /xingrg/kc/print/load_data.html?order_code=212021091506318&kc_code=cgsh&condition= HTTP/1.1" 200 1011
101.89.239.120 - - [15/Sep/2021:10:08:52 +0800] "GET /xingrg/all/function/internal_message.html?_=1631671662029&CODE_STATE=getMsg HTTP/1.1" 302 -
101.89.239.120 - - [15/Sep/2021:10:08:53 +0800] "GET /xingrg/login.html HTTP/1.1" 200 7641
116.230.105.26 - - [15/Sep/2021:10:08:54 +0800] "GET /xingrg/all/function/internal_message.html?_=1631671722413&CODE_STATE=getMsg HTTP/1.1" 200 27
222.70.179.190 - - [15/Sep/2021:10:08:55 +0800] "GET /xingrg/all/function/internal_message.html?_=1631671724940&CODE_STATE=getMsg HTTP/1.1" 200 27
222.69.128.69 - - [15/Sep/2021:10:09:00 +0800] "GET /xingrg/kc/buy/cgsh_order_operate.html?command=get_materiel&rest_code=00149&code=00101007023&supplier_code=00100205&order_time=2021-09-15 HTTP/1.1" 200 409
116.237.74.154 - - [15/Sep/2021:10:09:03 +0800] "GET /xingrg/kc/print/load_data.html?order_code=212021091506318&kc_code=cgsh HTTP/1.1" 200 1011
180.169.147.146 - - [15/Sep/2021:10:09:03 +0800] "GET /xingrg/all/function/internal_message.html?_=1631671739647&CODE_STATE=getMsg HTTP/1.1" 200 27
222.69.128.69 - - [15/Sep/2021:10:09:04 +0800] "GET /xingrg/all/function/internal_message.html?_=1631671741966&CODE_STATE=getMsg HTTP/1.1" 200 27
180.169.147.146 - - [15/Sep/2021:10:09:06 +0800] "GET /xingrg/all/function/internal_message.html?_=1631671777013&CODE_STATE=getMsg HTTP/1.1" 200 27
116.238.168.124 - - [15/Sep/2021:10:09:06 +0800] "POST /xingrg/kc/base/yddb_list_operate.html HTTP/1.1" 200 2557
101.83.145.79 - - [15/Sep/2021:10:09:06 +0800] "GET /xingrg/all/function/internal_message.html?_=1631671744884&CODE_STATE=getMsg HTTP/1.1" 200 27
116.238.168.124 - - [15/Sep/2021:10:09:08 +0800] "POST /xingrg/kc/base/yddb_list_operate.html HTTP/1.1" 200 369
116.238.168.124 - - [15/Sep/2021:10:09:08 +0800] "GET /xingrg/kc/base/yddb_order_info.html?code=482021091000124 HTTP/1.1" 200 31490
116.238.168.124 - - [15/Sep/2021:10:09:08 +0800] "GET /xingrg/dwr/interface/AjaxYddbService.js HTTP/1.1" 200 13201
116.238.168.124 - - [15/Sep/2021:10:09:08 +0800] "GET /xingrg/dwr/interface/AjaxComOrderService.js HTTP/1.1" 200 18264
116.238.168.124 - - [15/Sep/2021:10:09:08 +0800] "GET /xingrg/dwr/engine.js HTTP/1.1" 200 43631
116.238.168.124 - - [15/Sep/2021:10:09:10 +0800] "POST /xingrg/dwr/call/plaincall/AjaxYddbService.loadMaterielItems.dwr HTTP/1.1" 200 1057
180.169.147.146 - - [15/Sep/2021:10:09:15 +0800] "GET /xingrg/all/function/internal_message.html?_=1631671754662&CODE_STATE=getMsg HTTP/1.1" 200 27
222.69.128.69 - - [15/Sep/2021:10:09:16 +0800] "GET /xingrg/kc/buy/cgsh_order_operate.html?command=get_materiel&rest_code=00149&code=00101007049&supplier_code=00100205&order_time=2021-09-15 HTTP/1.1" 200 409
58.37.227.186 - - [15/Sep/2021:10:09:19 +0800] "GET /xingrg/all/function/internal_message.html?_=1631671627871&CODE_STATE=getMsg HTTP/1.1" 200 27
114.85.125.222 - - [15/Sep/2021:10:09:24 +0800] "GET /xingrg/all/function/internal_message.html?_=1631671747954&CODE_STATE=getMsg HTTP/1.1" 200 27
61.151.178.163 - - [15/Sep/2021:10:09:25 +0800] "GET /xingrg/kc/buy/cgsh_order_operate.html?command=get_materiel&rest_code=00106&code=00101008146&supplier_code=00100009&order_time=2021-09-15 HTTP/1.1" 302 -
61.151.178.163 - - [15/Sep/2021:10:09:26 +0800] "GET /xingrg/login.html HTTP/1.1" 200 7641
101.83.145.79 - - [15/Sep/2021:10:09:28 +0800] "GET /xingrg/all/function/internal_message.html?_=1631671712221&CODE_STATE=getMsg HTTP/1.1" 200 27
120.253.135.82 - - [15/Sep/2021:10:09:28 +0800] "GET /xingrg/kc/pszx/mdqp_order_list.html?state=10 HTTP/1.1" 200 10217
120.253.135.82 - - [15/Sep/2021:10:09:28 +0800] "GET /xingrg/dwr/interface/AjaxReportQueryService.js HTTP/1.1" 200 13203
120.253.135.82 - - [15/Sep/2021:10:09:28 +0800] "GET /xingrg/dwr/interface/AjaxQqpsService.js HTTP/1.1" 200 16326
120.253.135.82 - - [15/Sep/2021:10:09:28 +0800] "GET /xingrg/dwr/engine.js HTTP/1.1" 200 43631
222.70.179.190 - - [15/Sep/2021:10:09:29 +0800] "POST /xingrg/dwr/call/plaincall/AjaxQqpsService.getMaterielByCode.dwr HTTP/1.1" 200 2649
222.70.179.190 - - [15/Sep/2021:10:09:31 +0800] "POST /xingrg/dwr/call/plaincall/AjaxQqpsService.saveMaterielItem.dwr HTTP/1.1" 200 79
116.238.168.124 - - [15/Sep/2021:10:09:31 +0800] "POST /xingrg/dwr/call/plaincall/AjaxYddbService.saveOrder.dwr HTTP/1.1" 200 78
58.221.95.50 - - [15/Sep/2021:10:09:31 +0800] "GET /xingrg/all/function/internal_message.html?_=1631671769038&CODE_STATE=getMsg HTTP/1.1" 200 27
101.91.62.89 - - [15/Sep/2021:10:09:33 +0800] "GET /xingrg/kc/buy/cgsh_order_operate.html?command=get_materiel&rest_code=00106&code=00101008147&supplier_code=00100009&order_time=2021-09-15 HTTP/1.1" 302 -
222.70.179.190 - - [15/Sep/2021:10:09:33 +0800] "GET /xingrg/check_reg.html?_=1631671769454 HTTP/1.1" 302 -
222.70.179.190 - - [15/Sep/2021:10:09:33 +0800] "GET /xingrg/all/function/internal_message.html?_=1631671769456&CODE_STATE=getMsg HTTP/1.1" 302 -
101.91.62.89 - - [15/Sep/2021:10:09:34 +0800] "GET /xingrg/login.html HTTP/1.1" 200 7641
222.69.128.69 - - [15/Sep/2021:10:09:35 +0800] "GET /xingrg/kc/buy/cgsh_order_operate.html?command=get_materiel&rest_code=00149&code=00101007141&supplier_code=00100205&order_time=2021-09-15 HTTP/1.1" 200 393
120.253.135.82 - - [15/Sep/2021:10:09:37 +0800] "GET /xingrg/kc/pszx/mdqp_order_list.html?state=10 HTTP/1.1" 200 10217
120.253.135.82 - - [15/Sep/2021:10:09:37 +0800] "GET /xingrg/dwr/interface/AjaxQqpsService.js HTTP/1.1" 200 16326
120.253.135.82 - - [15/Sep/2021:10:09:37 +0800] "GET /xingrg/dwr/interface/AjaxReportQueryService.js HTTP/1.1" 200 13203
120.253.135.82 - - [15/Sep/2021:10:09:37 +0800] "GET /xingrg/dwr/engine.js HTTP/1.1" 200 43631
116.238.168.124 - - [15/Sep/2021:10:09:37 +0800] "GET /xingrg/all/function/internal_message.html?_=1631671753635&CODE_STATE=getMsg HTTP/1.1" 200 27
116.238.168.124 - - [15/Sep/2021:10:09:40 +0800] "POST /xingrg/dwr/call/plaincall/AjaxYddbService.objCheckOrder.dwr HTTP/1.1" 200 78
180.169.147.146 - - [15/Sep/2021:10:09:41 +0800] "GET /xingrg/all/function/internal_message.html?_=1631671780145&CODE_STATE=getMsg HTTP/1.1" 200 27
116.238.168.124 - - [15/Sep/2021:10:09:41 +0800] "GET /xingrg/kc/base/yddb_order_info.html?code=482021091000124 HTTP/1.1" 200 31609
116.238.168.124 - - [15/Sep/2021:10:09:41 +0800] "GET /xingrg/dwr/interface/AjaxYddbService.js HTTP/1.1" 200 13201
116.238.168.124 - - [15/Sep/2021:10:09:41 +0800] "GET /xingrg/dwr/interface/AjaxComOrderService.js HTTP/1.1" 200 18264
116.238.168.124 - - [15/Sep/2021:10:09:41 +0800] "GET /xingrg/dwr/engine.js HTTP/1.1" 200 43631
58.37.227.186 - - [15/Sep/2021:10:09:42 +0800] "GET /xingrg/all/function/internal_message.html?_=1631671651127&CODE_STATE=getMsg HTTP/1.1" 200 27
116.232.55.15 - - [15/Sep/2021:10:09:42 +0800] "GET /xingrg/all/function/internal_message.html?_=1631671779965&CODE_STATE=getMsg HTTP/1.1" 200 27
116.232.55.15 - - [15/Sep/2021:10:09:42 +0800] "GET /xingrg/check_reg.html?_=1631671779966 HTTP/1.1" 200 22
116.238.168.124 - - [15/Sep/2021:10:09:43 +0800] "POST /xingrg/dwr/call/plaincall/AjaxYddbService.loadMaterielItems.dwr HTTP/1.1" 200 1057
120.253.135.82 - - [15/Sep/2021:10:09:43 +0800] "GET /xingrg/all/function/internal_message.html?_=1631671553438&CODE_STATE=getMsg HTTP/1.1" 200 27
222.69.128.69 - - [15/Sep/2021:10:09:45 +0800] "POST /xingrg/kc/buy/cgsh_order_operate.html HTTP/1.1" 200 37
222.70.246.151 - - [15/Sep/2021:10:09:46 +0800] "GET /xingrg/all/function/internal_message.html?_=1631671792904&CODE_STATE=getMsg HTTP/1.1" 200 27
116.237.74.154 - - [15/Sep/2021:10:09:46 +0800] "GET /xingrg/all/function/internal_message.html?_=1631671781980&CODE_STATE=getMsg HTTP/1.1" 200 27
116.238.248.233 - - [15/Sep/2021:10:09:47 +0800] "GET /xingrg/all/function/internal_message.html?_=1631671783363&CODE_STATE=getMsg HTTP/1.1" 200 27
61.151.179.84 - - [15/Sep/2021:10:09:49 +0800] "GET /xingrg/all/function/internal_message.html?_=1631671722003&CODE_STATE=getMsg HTTP/1.1" 302 -
180.169.147.146 - - [15/Sep/2021:10:09:49 +0800] "GET /xingrg/all/function/internal_message.html?_=1631671789160&CODE_STATE=getMsg HTTP/1.1" 200 27
101.89.29.78 - - [15/Sep/2021:10:09:49 +0800] "GET /xingrg/kc/buy/cgsh_order_info.html?code=212021091506318 HTTP/1.1" 302 -
61.151.179.84 - - [15/Sep/2021:10:09:49 +0800] "GET /xingrg/login.html HTTP/1.1" 200 7641
222.69.128.69 - - [15/Sep/2021:10:09:49 +0800] "POST /xingrg/kc/buy/cgsh_order_operate.html HTTP/1.1" 200 12
101.89.29.78 - - [15/Sep/2021:10:09:50 +0800] "GET /xingrg/login.html HTTP/1.1" 200 7641
222.69.128.69 - - [15/Sep/2021:10:09:51 +0800] "GET /xingrg/kc/buy/cgsh_order_info.html?code=212021091506319 HTTP/1.1" 200 58442
222.69.128.69 - - [15/Sep/2021:10:09:51 +0800] "GET /xingrg/javascript/easyui/themes/default/validatebox.css HTTP/1.1" 404 1104
222.69.128.69 - - [15/Sep/2021:10:09:51 +0800] "POST /xingrg/kc/buy/cgsh_order_operate.html HTTP/1.1" 200 3556
58.40.7.146 - - [15/Sep/2021:10:09:52 +0800] "GET /xingrg/all/function/internal_message.html?_=1631671789093&CODE_STATE=getMsg HTTP/1.1" 200 27
116.230.105.26 - - [15/Sep/2021:10:09:54 +0800] "GET /xingrg/all/function/internal_message.html?_=1631671782412&CODE_STATE=getMsg HTTP/1.1" 200 27
222.70.179.190 - - [15/Sep/2021:10:09:55 +0800] "GET /xingrg/all/function/internal_message.html?_=1631671784944&CODE_STATE=getMsg HTTP/1.1" 200 27
222.69.128.69 - - [15/Sep/2021:10:09:56 +0800] "GET /xingrg/kc/print/load_data.html?order_code=212021091506319&kc_code=cgsh&condition= HTTP/1.1" 200 1817
180.169.147.146 - - [15/Sep/2021:10:10:03 +0800] "GET /xingrg/all/function/internal_message.html?_=1631671799628&CODE_STATE=getMsg HTTP/1.1" 200 27
222.70.179.190 - - [15/Sep/2021:10:10:04 +0800] "POST /xingrg/dwr/call/plaincall/AjaxQqpsService.getMaterielByCode.dwr HTTP/1.1" 200 2650
222.69.128.69 - - [15/Sep/2021:10:10:04 +0800] "GET /xingrg/all/function/internal_message.html?_=1631671801967&CODE_STATE=getMsg HTTP/1.1" 200 27
222.69.128.69 - - [15/Sep/2021:10:10:05 +0800] "GET /xingrg/check_reg.html?_=1631671802845 HTTP/1.1" 200 22
222.69.128.69 - - [15/Sep/2021:10:10:05 +0800] "GET /xingrg/kc/buy/cgsh_order_add.html HTTP/1.1" 200 63535
180.169.147.146 - - [15/Sep/2021:10:10:06 +0800] "GET /xingrg/all/function/internal_message.html?_=1631671837028&CODE_STATE=getMsg HTTP/1.1" 200 27
222.69.128.69 - - [15/Sep/2021:10:10:06 +0800] "POST /xingrg/kc/buy/cgsh_order_operate.html HTTP/1.1" 200 8245
222.69.128.69 - - [15/Sep/2021:10:10:06 +0800] "GET /xingrg/javascript/easyui/themes/default/validatebox.css HTTP/1.1" 404 1104
222.70.179.190 - - [15/Sep/2021:10:10:06 +0800] "POST /xingrg/dwr/call/plaincall/AjaxQqpsService.saveMaterielItem.dwr HTTP/1.1" 200 79
101.83.145.79 - - [15/Sep/2021:10:10:06 +0800] "GET /xingrg/all/function/internal_message.html?_=1631671804883&CODE_STATE=getMsg HTTP/1.1" 200 27
180.169.147.146 - - [15/Sep/2021:10:10:15 +0800] "GET /xingrg/all/function/internal_message.html?_=1631671814667&CODE_STATE=getMsg HTTP/1.1" 200 27
58.37.227.186 - - [15/Sep/2021:10:10:19 +0800] "GET /xingrg/all/function/internal_message.html?_=1631671687843&CODE_STATE=getMsg HTTP/1.1" 200 27
58.37.227.186 - - [15/Sep/2021:10:10:20 +0800] "GET /xingrg/check_reg.html?_=1631671688951 HTTP/1.1" 200 22
116.238.168.124 - - [15/Sep/2021:10:10:23 +0800] "GET /xingrg/check_reg.html?_=1631671799470 HTTP/1.1" 200 22
114.85.125.222 - - [15/Sep/2021:10:10:24 +0800] "GET /xingrg/all/function/internal_message.html?_=1631671807984&CODE_STATE=getMsg HTTP/1.1" 200 27
101.83.145.79 - - [15/Sep/2021:10:10:28 +0800] "GET /xingrg/all/function/internal_message.html?_=1631671772221&CODE_STATE=getMsg HTTP/1.1" 200 27
222.69.128.69 - - [15/Sep/2021:10:10:30 +0800] "GET /xingrg/kc/buy/cgsh_order_operate.html?command=get_materiel&rest_code=00149&code=00101016080&supplier_code=00100036&order_time=2021-09-15 HTTP/1.1" 200 408
58.221.95.50 - - [15/Sep/2021:10:10:31 +0800] "GET /xingrg/all/function/internal_message.html?_=1631671829022&CODE_STATE=getMsg HTTP/1.1" 200 27
222.70.179.190 - - [15/Sep/2021:10:10:33 +0800] "GET /xingrg/all/function/internal_message.html?_=1631671829442&CODE_STATE=getMsg HTTP/1.1" 302 -
222.69.128.69 - - [15/Sep/2021:10:10:37 +0800] "GET /xingrg/kc/buy/cgsh_order_operate.html?command=get_materiel&rest_code=00149&code=00101010092&supplier_code=00100036&order_time=2021-09-15 HTTP/1.1" 200 448
116.238.168.124 - - [15/Sep/2021:10:10:37 +0800] "GET /xingrg/all/function/internal_message.html?_=1631671813648&CODE_STATE=getMsg HTTP/1.1" 200 27
180.169.147.146 - - [15/Sep/2021:10:10:41 +0800] "GET /xingrg/all/function/internal_message.html?_=1631671840145&CODE_STATE=getMsg HTTP/1.1" 200 27
58.37.227.186 - - [15/Sep/2021:10:10:42 +0800] "GET /xingrg/all/function/internal_message.html?_=1631671711106&CODE_STATE=getMsg HTTP/1.1" 200 27
116.232.55.15 - - [15/Sep/2021:10:10:42 +0800] "GET /xingrg/all/function/internal_message.html?_=1631671839967&CODE_STATE=getMsg HTTP/1.1" 200 27
120.253.135.82 - - [15/Sep/2021:10:10:43 +0800] "GET /xingrg/all/function/internal_message.html?_=1631671613452&CODE_STATE=getMsg HTTP/1.1" 200 27
222.69.128.69 - - [15/Sep/2021:10:10:45 +0800] "POST /xingrg/kc/buy/cgsh_order_operate.html HTTP/1.1" 200 37
222.70.246.151 - - [15/Sep/2021:10:10:46 +0800] "GET /xingrg/all/function/internal_message.html?_=1631671853018&CODE_STATE=getMsg HTTP/1.1" 200 27
116.237.74.154 - - [15/Sep/2021:10:10:46 +0800] "GET /xingrg/all/function/internal_message.html?_=1631671841950&CODE_STATE=getMsg HTTP/1.1" 200 27
116.238.248.233 - - [15/Sep/2021:10:10:47 +0800] "GET /xingrg/check_reg.html?_=1631671843364 HTTP/1.1" 200 22
116.238.248.233 - - [15/Sep/2021:10:10:47 +0800] "GET /xingrg/all/function/internal_message.html?_=1631671843367&CODE_STATE=getMsg HTTP/1.1" 200 27
180.169.147.146 - - [15/Sep/2021:10:10:49 +0800] "GET /xingrg/all/function/internal_message.html?_=1631671849159&CODE_STATE=getMsg HTTP/1.1" 200 27
61.151.178.165 - - [15/Sep/2021:10:10:49 +0800] "GET /xingrg/all/function/internal_message.html?_=1631671781980&CODE_STATE=getMsg HTTP/1.1" 302 -
61.151.178.165 - - [15/Sep/2021:10:10:50 +0800] "GET /xingrg/login.html HTTP/1.1" 200 7641
58.40.7.146 - - [15/Sep/2021:10:10:52 +0800] "GET /xingrg/all/function/internal_message.html?_=1631671849102&CODE_STATE=getMsg HTTP/1.1" 200 27
116.230.105.26 - - [15/Sep/2021:10:10:54 +0800] "GET /xingrg/all/function/internal_message.html?_=1631671842392&CODE_STATE=getMsg HTTP/1.1" 200 27
222.70.179.190 - - [15/Sep/2021:10:10:55 +0800] "GET /xingrg/check_reg.html?_=1631671844997 HTTP/1.1" 200 22
222.70.179.190 - - [15/Sep/2021:10:10:55 +0800] "GET /xingrg/all/function/internal_message.html?_=1631671844994&CODE_STATE=getMsg HTTP/1.1" 200 27
222.70.179.190 - - [15/Sep/2021:10:10:59 +0800] "POST /xingrg/dwr/call/plaincall/AjaxQqpsService.getMaterielByCode.dwr HTTP/1.1" 200 2646
222.69.128.69 - - [15/Sep/2021:10:11:00 +0800] "POST /xingrg/kc/buy/cgsh_order_operate.html HTTP/1.1" 200 12
222.70.179.190 - - [15/Sep/2021:10:11:01 +0800] "POST /xingrg/dwr/call/plaincall/AjaxQqpsService.saveMaterielItem.dwr HTTP/1.1" 200 79
222.69.128.69 - - [15/Sep/2021:10:11:02 +0800] "GET /xingrg/kc/buy/cgsh_order_info.html?code=212021091506320 HTTP/1.1" 200 58446
222.69.128.69 - - [15/Sep/2021:10:11:02 +0800] "GET /xingrg/javascript/easyui/themes/default/validatebox.css HTTP/1.1" 404 1104
222.69.128.69 - - [15/Sep/2021:10:11:03 +0800] "POST /xingrg/kc/buy/cgsh_order_operate.html HTTP/1.1" 200 1203
180.169.147.146 - - [15/Sep/2021:10:11:03 +0800] "GET /xingrg/all/function/internal_message.html?_=1631671859622&CODE_STATE=getMsg HTTP/1.1" 200 27
116.238.168.124 - - [15/Sep/2021:10:11:03 +0800] "GET /xingrg/kc/buy/cgsh_order_list.html HTTP/1.1" 200 47744
222.69.128.69 - - [15/Sep/2021:10:11:04 +0800] "GET /xingrg/all/function/internal_message.html?_=1631671861949&CODE_STATE=getMsg HTTP/1.1" 200 27
116.238.168.124 - - [15/Sep/2021:10:11:05 +0800] "POST /xingrg/kc/buy/cgsh_list_operate.html HTTP/1.1" 200 876
222.69.128.69 - - [15/Sep/2021:10:11:05 +0800] "GET /xingrg/kc/print/load_data.html?order_code=212021091506320&kc_code=cgsh&condition= HTTP/1.1" 200 1006
180.169.147.146 - - [15/Sep/2021:10:11:06 +0800] "GET /xingrg/check_reg.html?_=1631671897027 HTTP/1.1" 200 22
180.169.147.146 - - [15/Sep/2021:10:11:06 +0800] "GET /xingrg/all/function/internal_message.html?_=1631671897030&CODE_STATE=getMsg HTTP/1.1" 200 27
101.83.145.79 - - [15/Sep/2021:10:11:06 +0800] "GET /xingrg/all/function/internal_message.html?_=1631671864882&CODE_STATE=getMsg HTTP/1.1" 200 27
116.238.168.124 - - [15/Sep/2021:10:11:07 +0800] "GET /xingrg/kc/buy/cgsh_order_add.html HTTP/1.1" 200 63441
116.238.168.124 - - [15/Sep/2021:10:11:08 +0800] "POST /xingrg/kc/buy/cgsh_order_operate.html HTTP/1.1" 200 8245
116.238.168.124 - - [15/Sep/2021:10:11:08 +0800] "GET /xingrg/javascript/easyui/themes/default/validatebox.css HTTP/1.1" 404 1104
180.169.147.146 - - [15/Sep/2021:10:11:15 +0800] "GET /xingrg/all/function/internal_message.html?_=1631671874675&CODE_STATE=getMsg HTTP/1.1" 200 27
58.37.227.186 - - [15/Sep/2021:10:11:19 +0800] "GET /xingrg/all/function/internal_message.html?_=1631671747823&CODE_STATE=getMsg HTTP/1.1" 200 27
116.238.168.124 - - [15/Sep/2021:10:11:24 +0800] "GET /xingrg/javascript/easyui/themes/default/tree.css HTTP/1.1" 404 1090
116.238.168.124 - - [15/Sep/2021:10:11:24 +0800] "POST /xingrg/all/common/load_tree.html?tree=supplier_tree_json&isDelete=1 HTTP/1.1" 200 57803
114.85.125.222 - - [15/Sep/2021:10:11:24 +0800] "GET /xingrg/all/function/internal_message.html?_=1631671867996&CODE_STATE=getMsg HTTP/1.1" 200 27
101.83.145.79 - - [15/Sep/2021:10:11:28 +0800] "GET /xingrg/all/function/internal_message.html?_=1631671832224&CODE_STATE=getMsg HTTP/1.1" 200 27
101.83.145.79 - - [15/Sep/2021:10:11:28 +0800] "GET /xingrg/check_reg.html?_=1631671832492 HTTP/1.1" 200 22
58.221.95.50 - - [15/Sep/2021:10:11:31 +0800] "GET /xingrg/all/function/internal_message.html?_=1631671888992&CODE_STATE=getMsg HTTP/1.1" 200 27
222.69.128.69 - - [15/Sep/2021:10:11:33 +0800] "GET /xingrg/kc/buy/cgsh_order_add.html HTTP/1.1" 200 63535
58.221.95.50 - - [15/Sep/2021:10:11:33 +0800] "GET /xingrg/check_reg.html?_=1631671890243 HTTP/1.1" 200 22
222.69.128.69 - - [15/Sep/2021:10:11:33 +0800] "POST /xingrg/kc/buy/cgsh_order_operate.html HTTP/1.1" 200 8245
222.69.128.69 - - [15/Sep/2021:10:11:33 +0800] "GET /xingrg/javascript/easyui/themes/default/validatebox.css HTTP/1.1" 404 1104
222.70.179.190 - - [15/Sep/2021:10:11:33 +0800] "GET /xingrg/all/function/internal_message.html?_=1631671889458&CODE_STATE=getMsg HTTP/1.1" 302 -
116.238.168.124 - - [15/Sep/2021:10:11:38 +0800] "GET /xingrg/all/function/internal_message.html?_=1631671873813&CODE_STATE=getMsg HTTP/1.1" 200 27
180.169.147.146 - - [15/Sep/2021:10:11:41 +0800] "GET /xingrg/all/function/internal_message.html?_=1631671900146&CODE_STATE=getMsg HTTP/1.1" 200 27
58.37.227.186 - - [15/Sep/2021:10:11:42 +0800] "GET /xingrg/all/function/internal_message.html?_=1631671771077&CODE_STATE=getMsg HTTP/1.1" 200 27
116.232.55.15 - - [15/Sep/2021:10:11:42 +0800] "GET /xingrg/all/function/internal_message.html?_=1631671899967&CODE_STATE=getMsg HTTP/1.1" 200 27
120.253.135.82 - - [15/Sep/2021:10:11:43 +0800] "GET /xingrg/all/function/internal_message.html?_=1631671673466&CODE_STATE=getMsg HTTP/1.1" 200 27
222.70.246.151 - - [15/Sep/2021:10:11:46 +0800] "GET /xingrg/all/function/internal_message.html?_=1631671913023&CODE_STATE=getMsg HTTP/1.1" 200 27
116.237.74.154 - - [15/Sep/2021:10:11:46 +0800] "GET /xingrg/all/function/internal_message.html?_=1631671901920&CODE_STATE=getMsg HTTP/1.1" 200 27
116.238.248.233 - - [15/Sep/2021:10:11:47 +0800] "GET /xingrg/all/function/internal_message.html?_=1631671903368&CODE_STATE=getMsg HTTP/1.1" 200 27
101.91.60.88 - - [15/Sep/2021:10:11:48 +0800] "GET /xingrg/all/function/internal_message.html?_=1631671841950&CODE_STATE=getMsg HTTP/1.1" 302 -
180.169.147.146 - - [15/Sep/2021:10:11:49 +0800] "GET /xingrg/all/function/internal_message.html?_=1631671909158&CODE_STATE=getMsg HTTP/1.1" 200 27
101.91.60.88 - - [15/Sep/2021:10:11:52 +0800] "GET /xingrg/login.html HTTP/1.1" 200 7641
58.40.7.146 - - [15/Sep/2021:10:11:52 +0800] "GET /xingrg/all/function/internal_message.html?_=1631671909100&CODE_STATE=getMsg HTTP/1.1" 200 27
222.69.128.69 - - [15/Sep/2021:10:11:54 +0800] "GET /xingrg/kc/buy/cgsh_order_operate.html?command=get_materiel&rest_code=00149&code=00101006065&supplier_code=00100012&order_time=2021-09-15 HTTP/1.1" 200 409
116.238.168.124 - - [15/Sep/2021:10:11:54 +0800] "GET /xingrg/kc/buy/cgsh_order_operate.html?command=get_materiel&rest_code=00102&code=00101009124&supplier_code=00100424&order_time=2021-09-15 HTTP/1.1" 200 402
116.230.105.26 - - [15/Sep/2021:10:11:54 +0800] "GET /xingrg/all/function/internal_message.html?_=1631671902372&CODE_STATE=getMsg HTTP/1.1" 200 27
222.70.179.190 - - [15/Sep/2021:10:11:55 +0800] "POST /xingrg/dwr/call/plaincall/AjaxQqpsService.getMaterielByCode.dwr HTTP/1.1" 200 2659
222.70.179.190 - - [15/Sep/2021:10:11:55 +0800] "GET /xingrg/all/function/internal_message.html?_=1631671904979&CODE_STATE=getMsg HTTP/1.1" 200 27
