180.169.147.146 - - [13/Sep/2021:09:50:41 +0800] "GET /xingrg/all/function/internal_message.html?_=1631497839380&CODE_STATE=getMsg HTTP/1.1" 200 27
180.169.147.146 - - [13/Sep/2021:09:50:42 +0800] "POST /xingrg/dwr/call/plaincall/AjaxCheckService.setItemNumber.dwr HTTP/1.1" 200 76
222.70.179.190 - - [13/Sep/2021:09:50:42 +0800] "GET /xingrg/all/function/internal_message.html?_=1631497840688&CODE_STATE=getMsg HTTP/1.1" 302 -
180.169.147.146 - - [13/Sep/2021:09:50:43 +0800] "GET /xingrg/all/function/internal_message.html?_=1631497989795&CODE_STATE=getMsg HTTP/1.1" 200 27
180.169.147.146 - - [13/Sep/2021:09:50:43 +0800] "GET /xingrg/check_reg.html?_=1631497989796 HTTP/1.1" 200 22
180.169.147.146 - - [13/Sep/2021:09:50:43 +0800] "POST /xingrg/dwr/call/plaincall/AjaxCheckService.setItemNumber.dwr HTTP/1.1" 200 76
180.169.147.146 - - [13/Sep/2021:09:50:44 +0800] "POST /xingrg/dwr/call/plaincall/AjaxCheckService.setItemNumber.dwr HTTP/1.1" 200 76
116.238.194.18 - - [13/Sep/2021:09:50:44 +0800] "GET /xingrg/all/function/internal_message.html?_=1631497842548&CODE_STATE=getMsg HTTP/1.1" 200 27
180.169.147.146 - - [13/Sep/2021:09:50:45 +0800] "POST /xingrg/dwr/call/plaincall/AjaxCheckService.setItemNumber.dwr HTTP/1.1" 200 76
116.238.168.124 - - [13/Sep/2021:09:50:46 +0800] "GET /xingrg/all/function/internal_message.html?_=1631497823472&CODE_STATE=getMsg HTTP/1.1" 200 27
58.37.227.186 - - [13/Sep/2021:09:50:46 +0800] "GET /xingrg/kc/buy/cgsh_order_operate.html?command=get_materiel&rest_code=00141&code=00101008318&supplier_code=00100007&order_time=2021-09-13 HTTP/1.1" 200 408
180.169.147.146 - - [13/Sep/2021:09:50:46 +0800] "GET /xingrg/all/function/internal_message.html?_=1631497844200&CODE_STATE=getMsg HTTP/1.1" 200 27
180.169.147.146 - - [13/Sep/2021:09:50:46 +0800] "POST /xingrg/dwr/call/plaincall/AjaxCheckService.setItemNumber.dwr HTTP/1.1" 200 76
180.169.147.146 - - [13/Sep/2021:09:50:47 +0800] "POST /xingrg/dwr/call/plaincall/AjaxCheckService.setItemNumber.dwr HTTP/1.1" 200 76
180.169.147.146 - - [13/Sep/2021:09:50:48 +0800] "POST /xingrg/dwr/call/plaincall/AjaxCheckService.setItemNumber.dwr HTTP/1.1" 200 76
116.230.105.26 - - [13/Sep/2021:09:50:48 +0800] "GET /xingrg/all/function/internal_message.html?_=1631497841519&CODE_STATE=getMsg HTTP/1.1" 200 27
180.169.147.146 - - [13/Sep/2021:09:50:49 +0800] "POST /xingrg/dwr/call/plaincall/AjaxCheckService.setItemNumber.dwr HTTP/1.1" 200 77
180.169.147.146 - - [13/Sep/2021:09:50:50 +0800] "POST /xingrg/dwr/call/plaincall/AjaxCheckService.setItemNumber.dwr HTTP/1.1" 200 77
180.169.147.146 - - [13/Sep/2021:09:50:51 +0800] "POST /xingrg/dwr/call/plaincall/AjaxCheckService.setItemNumber.dwr HTTP/1.1" 200 77
101.83.145.79 - - [13/Sep/2021:09:50:56 +0800] "GET /xingrg/check_reg.html?_=1631497802437 HTTP/1.1" 200 22
101.83.145.79 - - [13/Sep/2021:09:50:56 +0800] "GET /xingrg/all/function/internal_message.html?_=1631497802440&CODE_STATE=getMsg HTTP/1.1" 200 27
116.237.74.154 - - [13/Sep/2021:09:50:56 +0800] "GET /xingrg/all/function/internal_message.html?_=1631497854369&CODE_STATE=getMsg HTTP/1.1" 200 27
180.169.147.146 - - [13/Sep/2021:09:50:57 +0800] "GET /xingrg/all/function/internal_message.html?_=1631497855564&CODE_STATE=getMsg HTTP/1.1" 200 27
222.70.246.151 - - [13/Sep/2021:09:50:58 +0800] "GET /xingrg/all/function/internal_message.html?_=1631497857916&CODE_STATE=getMsg HTTP/1.1" 302 -
116.238.168.124 - - [13/Sep/2021:09:51:01 +0800] "POST /xingrg/dwr/call/plaincall/AjaxCheckService.setItemNumber.dwr HTTP/1.1" 200 78
180.169.147.146 - - [13/Sep/2021:09:51:03 +0800] "POST /xingrg/dwr/call/plaincall/AjaxCheckService.setItemNumber.dwr HTTP/1.1" 200 77
180.169.147.146 - - [13/Sep/2021:09:51:05 +0800] "POST /xingrg/dwr/call/plaincall/AjaxCheckService.setItemNumber.dwr HTTP/1.1" 200 77
58.37.227.186 - - [13/Sep/2021:09:51:07 +0800] "GET /xingrg/kc/buy/cgsh_order_operate.html?command=get_materiel&rest_code=00141&code=00101008352&supplier_code=00100007&order_time=2021-09-13 HTTP/1.1" 200 412
116.238.168.124 - - [13/Sep/2021:09:51:07 +0800] "POST /xingrg/dwr/call/plaincall/AjaxCheckService.setItemNumber.dwr HTTP/1.1" 200 78
222.69.128.101 - - [13/Sep/2021:09:51:08 +0800] "GET /xingrg/all/function/internal_message.html?_=1631497865220&CODE_STATE=getMsg HTTP/1.1" 200 27
58.37.227.186 - - [13/Sep/2021:09:51:08 +0800] "GET /xingrg/all/function/internal_message.html?_=1631497739469&CODE_STATE=getMsg HTTP/1.1" 200 27
116.238.168.124 - - [13/Sep/2021:09:51:09 +0800] "POST /xingrg/dwr/call/plaincall/AjaxCheckService.setItemNumber.dwr HTTP/1.1" 200 78
180.169.147.146 - - [13/Sep/2021:09:51:11 +0800] "POST /xingrg/dwr/call/plaincall/AjaxCheckService.setItemNumber.dwr HTTP/1.1" 200 77
180.169.147.146 - - [13/Sep/2021:09:51:14 +0800] "POST /xingrg/dwr/call/plaincall/AjaxCheckService.setItemNumber.dwr HTTP/1.1" 200 77
101.83.145.79 - - [13/Sep/2021:09:51:15 +0800] "GET /xingrg/index.html?sysBaseUrl=http%3A%2F%2F180.169.147.146%3A18081%2Fxingrg%2F&costTime=35×tamp=1585363447539 HTTP/1.1" 302 -
180.169.147.146 - - [13/Sep/2021:09:51:15 +0800] "POST /xingrg/dwr/call/plaincall/AjaxCheckService.setItemNumber.dwr HTTP/1.1" 200 77
101.83.145.79 - - [13/Sep/2021:09:51:15 +0800] "GET /xingrg/login.html HTTP/1.1" 200 7641
222.70.179.190 - - [13/Sep/2021:09:51:15 +0800] "GET /xingrg/all/function/internal_message.html?_=1631497867418&CODE_STATE=getMsg HTTP/1.1" 200 27
101.83.145.79 - - [13/Sep/2021:09:51:15 +0800] "GET /xingrg/index.html?sysBaseUrl=http%3A%2F%2F180.169.147.146%3A18081%2Fxingrg%2F&costTime=35×tamp=1585363447539 HTTP/1.1" 302 -
101.83.145.79 - - [13/Sep/2021:09:51:15 +0800] "GET /xingrg/login.html HTTP/1.1" 200 7641
180.169.147.146 - - [13/Sep/2021:09:51:16 +0800] "POST /xingrg/dwr/call/plaincall/AjaxCheckService.setItemNumber.dwr HTTP/1.1" 200 77
116.238.168.124 - - [13/Sep/2021:09:51:16 +0800] "POST /xingrg/dwr/call/plaincall/AjaxCheckService.setItemNumber.dwr HTTP/1.1" 200 78
101.83.145.79 - - [13/Sep/2021:09:51:16 +0800] "GET /xingrg/images/blue/jxLogo.png HTTP/1.1" 200 6156
101.83.145.79 - - [13/Sep/2021:09:51:16 +0800] "GET /xingrg/images/blue/jxLogo.png HTTP/1.1" 200 6156
180.169.147.146 - - [13/Sep/2021:09:51:17 +0800] "POST /xingrg/dwr/call/plaincall/AjaxCheckService.setItemNumber.dwr HTTP/1.1" 200 77
180.169.147.146 - - [13/Sep/2021:09:51:17 +0800] "POST /xingrg/dwr/call/plaincall/AjaxCheckService.setItemNumber.dwr HTTP/1.1" 200 77
58.37.227.186 - - [13/Sep/2021:09:51:17 +0800] "GET /xingrg/kc/buy/cgsh_order_operate.html?command=get_materiel&rest_code=00141&code=00101008005&supplier_code=00100007&order_time=2021-09-13 HTTP/1.1" 200 412
180.169.147.146 - - [13/Sep/2021:09:51:18 +0800] "POST /xingrg/dwr/call/plaincall/AjaxCheckService.setItemNumber.dwr HTTP/1.1" 200 77
101.83.145.79 - - [13/Sep/2021:09:51:18 +0800] "GET /xingrg/images/blue/login_bg.png HTTP/1.1" 200 22101
101.83.145.79 - - [13/Sep/2021:09:51:18 +0800] "GET /xingrg/images/blue/login_bg.png HTTP/1.1" 200 22101
101.83.145.79 - - [13/Sep/2021:09:51:18 +0800] "GET /xingrg/images/blue/hj.png HTTP/1.1" 200 1014
101.83.145.79 - - [13/Sep/2021:09:51:18 +0800] "GET /xingrg/images/blue/hj.png HTTP/1.1" 200 1014
101.83.145.79 - - [13/Sep/2021:09:51:18 +0800] "GET /xingrg/images/blue/srbg.png HTTP/1.1" 200 138
101.83.145.79 - - [13/Sep/2021:09:51:18 +0800] "GET /favicon.ico HTTP/1.1" 404 -
101.83.145.79 - - [13/Sep/2021:09:51:18 +0800] "GET /favicon.ico HTTP/1.1" 404 -
180.169.147.146 - - [13/Sep/2021:09:51:18 +0800] "POST /xingrg/dwr/call/plaincall/AjaxCheckService.setItemNumber.dwr HTTP/1.1" 200 77
116.238.168.124 - - [13/Sep/2021:09:51:19 +0800] "POST /xingrg/dwr/call/plaincall/AjaxCheckService.setItemNumber.dwr HTTP/1.1" 200 78
101.83.145.79 - - [13/Sep/2021:09:51:21 +0800] "GET /xingrg/images/blue/srbg.png HTTP/1.1" 200 138
116.238.168.124 - - [13/Sep/2021:09:51:21 +0800] "POST /xingrg/dwr/call/plaincall/AjaxCheckService.setItemNumber.dwr HTTP/1.1" 200 78
116.238.194.18 - - [13/Sep/2021:09:51:21 +0800] "GET /xingrg/all/function/internal_message.html?_=1631497850142&CODE_STATE=getMsg HTTP/1.1" 200 27
180.169.147.146 - - [13/Sep/2021:09:51:23 +0800] "POST /xingrg/dwr/call/plaincall/AjaxCheckService.setItemNumber.dwr HTTP/1.1" 200 77
180.169.147.146 - - [13/Sep/2021:09:51:23 +0800] "POST /xingrg/dwr/call/plaincall/AjaxCheckService.setItemNumber.dwr HTTP/1.1" 200 77
180.169.147.146 - - [13/Sep/2021:09:51:24 +0800] "POST /xingrg/dwr/call/plaincall/AjaxCheckService.setItemNumber.dwr HTTP/1.1" 200 77
116.238.168.124 - - [13/Sep/2021:09:51:25 +0800] "POST /xingrg/dwr/call/plaincall/AjaxCheckService.setItemNumber.dwr HTTP/1.1" 200 78
58.37.227.186 - - [13/Sep/2021:09:51:26 +0800] "GET /xingrg/kc/buy/cgsh_order_operate.html?command=get_materiel&rest_code=00141&code=00101008173&supplier_code=00100007&order_time=2021-09-13 HTTP/1.1" 200 412
180.169.147.146 - - [13/Sep/2021:09:51:27 +0800] "GET /xingrg/kc/base/check_order_list.html?isBack=1 HTTP/1.1" 200 16349
180.169.147.146 - - [13/Sep/2021:09:51:27 +0800] "POST /xingrg/kc/base/check_list_operate.html HTTP/1.1" 200 2574
180.169.147.146 - - [13/Sep/2021:09:51:28 +0800] "GET /xingrg/all/function/internal_message.html?_=1631497887177&CODE_STATE=getMsg HTTP/1.1" 200 27
116.238.168.124 - - [13/Sep/2021:09:51:28 +0800] "POST /xingrg/dwr/call/plaincall/AjaxCheckService.setItemNumber.dwr HTTP/1.1" 200 78
101.83.145.79 - - [13/Sep/2021:09:51:32 +0800] "GET /xingrg/all/function/internal_message.html?_=1631497890309&CODE_STATE=getMsg HTTP/1.1" 200 27
101.83.145.79 - - [13/Sep/2021:09:51:32 +0800] "GET /xingrg/check_reg.html?_=1631497890669 HTTP/1.1" 200 22
222.70.246.151 - - [13/Sep/2021:09:51:36 +0800] "GET /xingrg/check_reg.html?_=1631497896020 HTTP/1.1" 200 22
114.86.229.76 - - [13/Sep/2021:09:51:39 +0800] "GET /xingrg/all/function/internal_message.html?_=1631497897666&CODE_STATE=getMsg HTTP/1.1" 200 27
114.86.229.76 - - [13/Sep/2021:09:51:39 +0800] "GET /xingrg/check_reg.html?_=1631497897668 HTTP/1.1" 200 22
222.70.246.151 - - [13/Sep/2021:09:51:40 +0800] "GET /xingrg/all/function/internal_message.html?_=1631497899960&CODE_STATE=getMsg HTTP/1.1" 200 27
180.169.147.146 - - [13/Sep/2021:09:51:41 +0800] "GET /xingrg/all/function/internal_message.html?_=1631497899385&CODE_STATE=getMsg HTTP/1.1" 200 27
222.70.179.190 - - [13/Sep/2021:09:51:42 +0800] "GET /xingrg/all/function/internal_message.html?_=1631497900668&CODE_STATE=getMsg HTTP/1.1" 302 -
222.70.179.190 - - [13/Sep/2021:09:51:43 +0800] "GET /xingrg/check_reg.html?_=1631497901424 HTTP/1.1" 302 -
180.169.147.146 - - [13/Sep/2021:09:51:43 +0800] "GET /xingrg/all/function/internal_message.html?_=1631498049793&CODE_STATE=getMsg HTTP/1.1" 200 27
116.238.194.18 - - [13/Sep/2021:09:51:44 +0800] "GET /xingrg/all/function/internal_message.html?_=1631497902551&CODE_STATE=getMsg HTTP/1.1" 200 27
116.238.194.18 - - [13/Sep/2021:09:51:44 +0800] "GET /xingrg/check_reg.html?_=1631497902552 HTTP/1.1" 200 22
116.238.168.124 - - [13/Sep/2021:09:51:46 +0800] "GET /xingrg/all/function/internal_message.html?_=1631497883486&CODE_STATE=getMsg HTTP/1.1" 200 27
180.169.147.146 - - [13/Sep/2021:09:51:46 +0800] "GET /xingrg/check_reg.html?_=1631497904182 HTTP/1.1" 200 22
180.169.147.146 - - [13/Sep/2021:09:51:46 +0800] "GET /xingrg/all/function/internal_message.html?_=1631497904185&CODE_STATE=getMsg HTTP/1.1" 200 27
58.37.227.186 - - [13/Sep/2021:09:51:46 +0800] "GET /xingrg/kc/buy/cgsh_order_operate.html?command=get_materiel&rest_code=00141&code=00101008003&supplier_code=00100007&order_time=2021-09-13 HTTP/1.1" 200 408
116.230.105.26 - - [13/Sep/2021:09:51:48 +0800] "GET /xingrg/all/function/internal_message.html?_=1631497901521&CODE_STATE=getMsg HTTP/1.1" 200 27
116.230.105.26 - - [13/Sep/2021:09:51:48 +0800] "GET /xingrg/check_reg.html?_=1631497901522 HTTP/1.1" 200 22
58.37.227.186 - - [13/Sep/2021:09:51:52 +0800] "POST /xingrg/kc/buy/cgsh_order_operate.html HTTP/1.1" 200 2065
222.69.128.101 - - [13/Sep/2021:09:51:54 +0800] "POST /xingrg/services/DataTransmitService HTTP/1.1" 200 524
222.69.128.101 - - [13/Sep/2021:09:51:54 +0800] "POST /xingrg/services/DataTransmitService HTTP/1.1" 200 1983
116.238.168.124 - - [13/Sep/2021:09:51:55 +0800] "POST /xingrg/dwr/call/plaincall/AjaxCheckService.setItemNumber.dwr HTTP/1.1" 200 78
101.83.145.79 - - [13/Sep/2021:09:51:56 +0800] "GET /xingrg/all/function/internal_message.html?_=1631497862466&CODE_STATE=getMsg HTTP/1.1" 200 27
116.237.74.154 - - [13/Sep/2021:09:51:56 +0800] "GET /xingrg/all/function/internal_message.html?_=1631497914372&CODE_STATE=getMsg HTTP/1.1" 200 27
180.169.147.146 - - [13/Sep/2021:09:51:57 +0800] "GET /xingrg/check_reg.html?_=1631497915567 HTTP/1.1" 200 22
180.169.147.146 - - [13/Sep/2021:09:51:57 +0800] "GET /xingrg/all/function/internal_message.html?_=1631497915569&CODE_STATE=getMsg HTTP/1.1" 200 27
116.238.194.18 - - [13/Sep/2021:09:51:57 +0800] "GET /xingrg/kc/buy/cgsh_order_list.html HTTP/1.1" 200 47694
58.37.227.186 - - [13/Sep/2021:09:51:58 +0800] "GET /xingrg/kc/buy/cgsh_order_operate.html?command=get_materiel&rest_code=00141&code=00101008295&supplier_code=00100007&order_time=2021-09-13 HTTP/1.1" 200 412
222.70.246.151 - - [13/Sep/2021:09:51:58 +0800] "GET /xingrg/all/function/internal_message.html?_=1631497917941&CODE_STATE=getMsg HTTP/1.1" 302 -
183.192.93.182 - - [13/Sep/2021:09:51:59 +0800] "GET /xingrg/check_reg.html?_=1631497918115 HTTP/1.1" 302 -
116.238.194.18 - - [13/Sep/2021:09:51:59 +0800] "POST /xingrg/kc/buy/cgsh_list_operate.html HTTP/1.1" 200 2069
116.238.168.124 - - [13/Sep/2021:09:52:00 +0800] "POST /xingrg/dwr/call/plaincall/AjaxCheckService.setItemNumber.dwr HTTP/1.1" 200 78
116.238.194.18 - - [13/Sep/2021:09:52:01 +0800] "POST /xingrg/kc/buy/cgsh_list_operate.html HTTP/1.1" 200 576
116.238.194.18 - - [13/Sep/2021:09:52:02 +0800] "GET /xingrg/kc/buy/cgsh_order_info.html?code=212021091305512 HTTP/1.1" 200 63359
116.238.194.18 - - [13/Sep/2021:09:52:02 +0800] "GET /xingrg/javascript/easyui/themes/default/validatebox.css HTTP/1.1" 404 1104
116.238.168.124 - - [13/Sep/2021:09:52:02 +0800] "POST /xingrg/dwr/call/plaincall/AjaxCheckService.setItemNumber.dwr HTTP/1.1" 200 78
116.238.194.18 - - [13/Sep/2021:09:52:03 +0800] "POST /xingrg/kc/buy/cgsh_order_operate.html HTTP/1.1" 200 7994
222.69.128.101 - - [13/Sep/2021:09:52:04 +0800] "POST /xingrg/services/DataTransmitService HTTP/1.1" 200 524
116.238.168.124 - - [13/Sep/2021:09:52:05 +0800] "POST /xingrg/dwr/call/plaincall/AjaxCheckService.setItemNumber.dwr HTTP/1.1" 200 78
58.37.227.186 - - [13/Sep/2021:09:52:06 +0800] "GET /xingrg/kc/buy/cgsh_order_operate.html?command=get_materiel&rest_code=00141&code=00101008313&supplier_code=00100007&order_time=2021-09-13 HTTP/1.1" 200 412
222.69.128.101 - - [13/Sep/2021:09:52:08 +0800] "GET /xingrg/all/function/internal_message.html?_=1631497925203&CODE_STATE=getMsg HTTP/1.1" 200 27
58.37.227.186 - - [13/Sep/2021:09:52:08 +0800] "GET /xingrg/all/function/internal_message.html?_=1631497799438&CODE_STATE=getMsg HTTP/1.1" 200 27
222.69.128.101 - - [13/Sep/2021:09:52:08 +0800] "POST /xingrg/services/DataTransmitService HTTP/1.1" 200 501
116.238.168.124 - - [13/Sep/2021:09:52:09 +0800] "POST /xingrg/dwr/call/plaincall/AjaxCheckService.setItemNumber.dwr HTTP/1.1" 200 78
222.69.128.101 - - [13/Sep/2021:09:52:10 +0800] "POST /xingrg/services/DataTransmitService HTTP/1.1" 200 524
116.238.168.124 - - [13/Sep/2021:09:52:11 +0800] "POST /xingrg/dwr/call/plaincall/AjaxCheckService.setItemNumber.dwr HTTP/1.1" 200 78
116.238.168.124 - - [13/Sep/2021:09:52:13 +0800] "POST /xingrg/dwr/call/plaincall/AjaxCheckService.setItemNumber.dwr HTTP/1.1" 200 78
58.37.227.186 - - [13/Sep/2021:09:52:15 +0800] "GET /xingrg/kc/buy/cgsh_order_operate.html?command=get_materiel&rest_code=00141&code=00101008248&supplier_code=00100007&order_time=2021-09-13 HTTP/1.1" 200 412
222.70.179.190 - - [13/Sep/2021:09:52:15 +0800] "GET /xingrg/all/function/internal_message.html?_=1631497927418&CODE_STATE=getMsg HTTP/1.1" 200 27
116.238.168.124 - - [13/Sep/2021:09:52:16 +0800] "POST /xingrg/dwr/call/plaincall/AjaxCheckService.setItemNumber.dwr HTTP/1.1" 200 78
116.238.194.18 - - [13/Sep/2021:09:52:20 +0800] "GET /xingrg/check_reg.html?_=1631497909290 HTTP/1.1" 200 22
116.238.194.18 - - [13/Sep/2021:09:52:21 +0800] "GET /xingrg/all/function/internal_message.html?_=1631497910155&CODE_STATE=getMsg HTTP/1.1" 200 27
116.238.168.124 - - [13/Sep/2021:09:52:22 +0800] "GET /xingrg/check_reg.html?_=1631497920302 HTTP/1.1" 200 22
180.169.147.146 - - [13/Sep/2021:09:52:28 +0800] "GET /xingrg/all/function/internal_message.html?_=1631497947177&CODE_STATE=getMsg HTTP/1.1" 200 27
101.83.145.79 - - [13/Sep/2021:09:52:32 +0800] "GET /xingrg/all/function/internal_message.html?_=1631497950283&CODE_STATE=getMsg HTTP/1.1" 200 27
116.238.168.124 - - [13/Sep/2021:09:52:36 +0800] "POST /xingrg/dwr/call/plaincall/AjaxCheckService.setItemNumber.dwr HTTP/1.1" 200 78
101.83.145.79 - - [13/Sep/2021:09:52:36 +0800] "POST /xingrg/login.do HTTP/1.1" 302 -
101.83.145.79 - - [13/Sep/2021:09:52:36 +0800] "GET /xingrg/index.html?sysBaseUrl=http%3A%2F%2F180.169.147.146%3A18081%2Fxingrg%2F&costTime=40×tamp=1631497956758 HTTP/1.1" 200 17413
101.83.145.79 - - [13/Sep/2021:09:52:36 +0800] "GET /xingrg/javascript/jquery_easy_ui/themes/icon.css HTTP/1.1" 200 3949
101.83.145.79 - - [13/Sep/2021:09:52:36 +0800] "GET /xingrg/css/form.css HTTP/1.1" 200 893
101.83.145.79 - - [13/Sep/2021:09:52:36 +0800] "GET /xingrg/javascript/jquery-1.4.2.min.js HTTP/1.1" 200 72205
101.83.145.79 - - [13/Sep/2021:09:52:36 +0800] "GET /xingrg/javascript/jquery_easy_ui/jquery.easyui.min.js HTTP/1.1" 200 213662
101.83.145.79 - - [13/Sep/2021:09:52:36 +0800] "GET /xingrg/javascript/jquery_easy_ui/easyui-lang-zh_CN.js HTTP/1.1" 200 1900
101.83.145.79 - - [13/Sep/2021:09:52:36 +0800] "GET /xingrg/javascript/jquery_easy_ui/themes/default/easyui.css HTTP/1.1" 200 26500
101.83.145.79 - - [13/Sep/2021:09:52:36 +0800] "GET /xingrg/javascript/jquery.timers.js HTTP/1.1" 200 3532
101.83.145.79 - - [13/Sep/2021:09:52:36 +0800] "GET /xingrg/javascript/jquery.utils.js HTTP/1.1" 200 11805
101.83.145.79 - - [13/Sep/2021:09:52:36 +0800] "GET /xingrg/javascript/jquery.form.js HTTP/1.1" 200 23110
101.83.145.79 - - [13/Sep/2021:09:52:37 +0800] "GET /favicon.ico HTTP/1.1" 404 -
101.83.145.79 - - [13/Sep/2021:09:52:37 +0800] "GET /xingrg/javascript/jquery_easy_ui/themes/icons/settle_new.png HTTP/1.1" 200 826
101.83.145.79 - - [13/Sep/2021:09:52:37 +0800] "GET /xingrg/images/blue/navBackgound.jpg HTTP/1.1" 200 12378
101.83.145.79 - - [13/Sep/2021:09:52:37 +0800] "POST /xingrg/all/common/load_tree.html?tree=area_rest_tree_json&manage=1 HTTP/1.1" 200 342
101.83.145.79 - - [13/Sep/2021:09:52:37 +0800] "GET /xingrg/check_reg.html?_=1631497954603 HTTP/1.1" 200 22
101.83.145.79 - - [13/Sep/2021:09:52:37 +0800] "GET /xingrg/all/function/internal_message.html?_=1631497954599&CODE_STATE=count HTTP/1.1" 200 11
101.83.145.79 - - [13/Sep/2021:09:52:37 +0800] "GET /xingrg/images/blue/pingpu.png HTTP/1.1" 200 231
101.83.145.79 - - [13/Sep/2021:09:52:37 +0800] "GET /xingrg/javascript/jquery_easy_ui/themes/default/images/tabs_leftarrow.png HTTP/1.1" 200 389
101.83.145.79 - - [13/Sep/2021:09:52:37 +0800] "GET /xingrg/javascript/jquery_easy_ui/themes/default/images/tabs_rightarrow.png HTTP/1.1" 200 395
101.83.145.79 - - [13/Sep/2021:09:52:37 +0800] "GET /xingrg/javascript/jquery_easy_ui/themes/default/images/panel_tool_expand.gif HTTP/1.1" 200 247
101.83.145.79 - - [13/Sep/2021:09:52:37 +0800] "GET /xingrg/javascript/jquery_easy_ui/themes/default/images/panel_tool_collapse.gif HTTP/1.1" 200 246
101.83.145.79 - - [13/Sep/2021:09:52:37 +0800] "POST /xingrg/load_menu.html HTTP/1.1" 200 9959
101.83.145.79 - - [13/Sep/2021:09:52:37 +0800] "GET /xingrg/javascript/jquery_easy_ui/themes/default/images/tree_arrows.gif HTTP/1.1" 200 1043
101.83.145.79 - - [13/Sep/2021:09:52:37 +0800] "GET /xingrg/javascript/jquery_easy_ui/themes/icons/search_new.png HTTP/1.1" 200 586
101.83.145.79 - - [13/Sep/2021:09:52:37 +0800] "GET /xingrg/javascript/jquery_easy_ui/themes/default/images/tree_folder_open.gif HTTP/1.1" 200 956
101.83.145.79 - - [13/Sep/2021:09:52:37 +0800] "GET /xingrg/javascript/jquery_easy_ui/themes/icons/storage_new.png HTTP/1.1" 200 853
101.83.145.79 - - [13/Sep/2021:09:52:37 +0800] "GET /xingrg/javascript/jquery_easy_ui/themes/default/images/tree_folder.gif HTTP/1.1" 200 952
101.83.145.79 - - [13/Sep/2021:09:52:37 +0800] "GET /xingrg/javascript/jquery_easy_ui/themes/icons/checkout_new.png HTTP/1.1" 200 744
101.83.145.79 - - [13/Sep/2021:09:52:37 +0800] "GET /xingrg/javascript/jquery_easy_ui/themes/icons/forms_new.png HTTP/1.1" 200 350
101.83.145.79 - - [13/Sep/2021:09:52:37 +0800] "GET /xingrg/javascript/jquery_easy_ui/themes/icons/setting_new.png HTTP/1.1" 200 450
101.83.145.79 - - [13/Sep/2021:09:52:37 +0800] "GET /xingrg/javascript/jquery_easy_ui/themes/icons/systemset_new.png HTTP/1.1" 200 606
101.83.145.79 - - [13/Sep/2021:09:52:37 +0800] "GET /xingrg/javascript/jquery_easy_ui/themes/default/images/tree_file.gif HTTP/1.1" 200 118
101.83.145.79 - - [13/Sep/2021:09:52:38 +0800] "GET /xingrg/javascript/jquery_easy_ui/themes/default/images/tabs_active.png HTTP/1.1" 200 2894
114.86.229.76 - - [13/Sep/2021:09:52:39 +0800] "GET /xingrg/all/function/internal_message.html?_=1631497957675&CODE_STATE=getMsg HTTP/1.1" 200 27
58.37.227.186 - - [13/Sep/2021:09:52:39 +0800] "POST /xingrg/kc/buy/cgsh_order_operate.html HTTP/1.1" 200 2065
116.238.168.124 - - [13/Sep/2021:09:52:40 +0800] "POST /xingrg/dwr/call/plaincall/AjaxCheckService.setItemNumber.dwr HTTP/1.1" 200 78
222.70.246.151 - - [13/Sep/2021:09:52:40 +0800] "GET /xingrg/all/function/internal_message.html?_=1631497959974&CODE_STATE=getMsg HTTP/1.1" 200 27
180.169.147.146 - - [13/Sep/2021:09:52:41 +0800] "GET /xingrg/all/function/internal_message.html?_=1631497959374&CODE_STATE=getMsg HTTP/1.1" 200 27
101.83.145.79 - - [13/Sep/2021:09:52:41 +0800] "POST /xingrg/load_menu.html HTTP/1.1" 200 9242
116.238.168.124 - - [13/Sep/2021:09:52:41 +0800] "POST /xingrg/dwr/call/plaincall/AjaxCheckService.setItemNumber.dwr HTTP/1.1" 200 78
222.70.179.190 - - [13/Sep/2021:09:52:42 +0800] "GET /xingrg/all/function/internal_message.html?_=1631497960657&CODE_STATE=getMsg HTTP/1.1" 302 -
116.238.168.124 - - [13/Sep/2021:09:52:42 +0800] "POST /xingrg/dwr/call/plaincall/AjaxCheckService.setItemNumber.dwr HTTP/1.1" 200 78
180.169.147.146 - - [13/Sep/2021:09:52:43 +0800] "GET /xingrg/all/function/internal_message.html?_=1631498109792&CODE_STATE=getMsg HTTP/1.1" 200 27
101.83.145.79 - - [13/Sep/2021:09:52:43 +0800] "GET /xingrg/javascript/jquery_easy_ui/themes/default/images/tabs_close.gif HTTP/1.1" 200 829
101.83.145.79 - - [13/Sep/2021:09:52:43 +0800] "GET /xingrg/javascript/multi_select/jqueryMultiSelect.css HTTP/1.1" 200 951
101.83.145.79 - - [13/Sep/2021:09:52:43 +0800] "GET /xingrg/all/report/report_query.html?fileName=dma/new_5.0/yingye/order_list.xml HTTP/1.1" 200 55281
101.83.145.79 - - [13/Sep/2021:09:52:43 +0800] "GET /xingrg/css/blue.css HTTP/1.1" 200 15949
101.83.145.79 - - [13/Sep/2021:09:52:43 +0800] "GET /xingrg/javascript/calendar/timePicker.css HTTP/1.1" 200 523
101.83.145.79 - - [13/Sep/2021:09:52:43 +0800] "GET /xingrg/javascript/bigrid/fix.css HTTP/1.1" 200 1702
101.83.145.79 - - [13/Sep/2021:09:52:43 +0800] "GET /xingrg/javascript/pic_change.js HTTP/1.1" 200 4739
101.83.145.79 - - [13/Sep/2021:09:52:43 +0800] "GET /xingrg/dwr/interface/AjaxReportQueryService.js HTTP/1.1" 200 13203
101.83.145.79 - - [13/Sep/2021:09:52:43 +0800] "GET /xingrg/javascript/calendar/jquery.timePicker.min.js HTTP/1.1" 200 2997
101.83.145.79 - - [13/Sep/2021:09:52:43 +0800] "GET /xingrg/javascript/jqueryMultiSelect.js HTTP/1.1" 200 11866
101.83.145.79 - - [13/Sep/2021:09:52:43 +0800] "GET /xingrg/javascript/bigrid/fix.js HTTP/1.1" 200 6439
101.83.145.79 - - [13/Sep/2021:09:52:43 +0800] "GET /xingrg/dwr/util.js HTTP/1.1" 200 35990
101.83.145.79 - - [13/Sep/2021:09:52:43 +0800] "GET /xingrg/dwr/engine.js HTTP/1.1" 200 43631
101.83.145.79 - - [13/Sep/2021:09:52:43 +0800] "GET /xingrg/javascript/myfunction.js HTTP/1.1" 200 24559
101.83.145.79 - - [13/Sep/2021:09:52:43 +0800] "GET /xingrg/javascript/Calendar.js HTTP/1.1" 200 31561
101.83.145.79 - - [13/Sep/2021:09:52:43 +0800] "GET /xingrg/images/blue/button/advanceover.gif HTTP/1.1" 200 1347
101.83.145.79 - - [13/Sep/2021:09:52:43 +0800] "GET /xingrg/images/blue/button/advance2over.gif HTTP/1.1" 200 1336
101.83.145.79 - - [13/Sep/2021:09:52:43 +0800] "GET /xingrg/images/blue/button/back2over.gif HTTP/1.1" 200 1335
101.83.145.79 - - [13/Sep/2021:09:52:43 +0800] "GET /xingrg/images/blue/button/backover.gif HTTP/1.1" 200 1348
101.83.145.79 - - [13/Sep/2021:09:52:44 +0800] "GET /xingrg/images/control/loading.gif HTTP/1.1" 200 13463
101.83.145.79 - - [13/Sep/2021:09:52:44 +0800] "GET /xingrg/javascript/jquery_easy_ui/themes/icons/help.png HTTP/1.1" 200 1187
101.83.145.79 - - [13/Sep/2021:09:52:44 +0800] "GET /xingrg/javascript/jquery_easy_ui/themes/default/images/menu_downarrow.png HTTP/1.1" 200 173
101.83.145.79 - - [13/Sep/2021:09:52:44 +0800] "GET /xingrg/javascript/jquery_easy_ui/themes/default/images/button_a_bg.gif HTTP/1.1" 200 1194
101.83.145.79 - - [13/Sep/2021:09:52:44 +0800] "GET /xingrg/javascript/jquery_easy_ui/themes/default/images/menu.gif HTTP/1.1" 200 834
101.83.145.79 - - [13/Sep/2021:09:52:44 +0800] "GET /xingrg/javascript/jquery_easy_ui/themes/icons/print.png HTTP/1.1" 200 1057
101.83.145.79 - - [13/Sep/2021:09:52:44 +0800] "GET /xingrg/javascript/jquery_easy_ui/themes/icons/pencil.png HTTP/1.1" 200 713
101.83.145.79 - - [13/Sep/2021:09:52:44 +0800] "GET /xingrg/javascript/jquery_easy_ui/themes/default/images/menu_rightarrow.png HTTP/1.1" 200 3617
101.83.145.79 - - [13/Sep/2021:09:52:44 +0800] "GET /xingrg/javascript/jquery_easy_ui/themes/default/images/combo_arrow_dot.gif HTTP/1.1" 200 79
101.83.145.79 - - [13/Sep/2021:09:52:44 +0800] "POST /xingrg/all/common/load_tree.html?tree=area_station_tree_json&manage=1 HTTP/1.1" 200 336
101.83.145.79 - - [13/Sep/2021:09:52:44 +0800] "POST /xingrg/dwr/call/plaincall/AjaxReportQueryService.getFixDate.dwr HTTP/1.1" 200 111
101.83.145.79 - - [13/Sep/2021:09:52:44 +0800] "GET /xingrg/javascript/jquery_easy_ui/themes/default/images/tree_checkbox_0.gif HTTP/1.1" 200 168
101.83.145.79 - - [13/Sep/2021:09:52:44 +0800] "GET /xingrg/javascript/jquery_easy_ui/themes/icons/rest.png HTTP/1.1" 200 695
101.83.145.79 - - [13/Sep/2021:09:52:44 +0800] "POST /xingrg/dwr/call/plaincall/AjaxReportQueryService.getInitString.dwr HTTP/1.1" 200 76
101.83.145.79 - - [13/Sep/2021:09:52:44 +0800] "GET /xingrg/javascript/multi_select/dropdown.gif HTTP/1.1" 200 61
116.238.168.124 - - [13/Sep/2021:09:52:44 +0800] "POST /xingrg/dwr/call/plaincall/AjaxCheckService.setItemNumber.dwr HTTP/1.1" 200 78
116.238.194.18 - - [13/Sep/2021:09:52:44 +0800] "GET /xingrg/all/function/internal_message.html?_=1631497962564&CODE_STATE=getMsg HTTP/1.1" 200 27
101.83.145.79 - - [13/Sep/2021:09:52:45 +0800] "GET /xingrg/javascript/jquery_easy_ui/themes/icons/area.png HTTP/1.1" 200 262
116.238.168.124 - - [13/Sep/2021:09:52:46 +0800] "GET /xingrg/all/function/internal_message.html?_=1631497943499&CODE_STATE=getMsg HTTP/1.1" 200 27
58.37.227.186 - - [13/Sep/2021:09:52:46 +0800] "GET /xingrg/kc/buy/cgsh_order_operate.html?command=get_materiel&rest_code=00141&code=00101008350&supplier_code=00100007&order_time=2021-09-13 HTTP/1.1" 200 408
180.169.147.146 - - [13/Sep/2021:09:52:46 +0800] "GET /xingrg/all/function/internal_message.html?_=1631497964188&CODE_STATE=getMsg HTTP/1.1" 200 27
101.83.145.79 - - [13/Sep/2021:09:52:46 +0800] "POST /xingrg/dwr/call/plaincall/AjaxReportQueryService.getFixDate.dwr HTTP/1.1" 200 111
116.238.168.124 - - [13/Sep/2021:09:52:46 +0800] "POST /xingrg/dwr/call/plaincall/AjaxCheckService.setItemNumber.dwr HTTP/1.1" 200 78
116.238.168.124 - - [13/Sep/2021:09:52:48 +0800] "POST /xingrg/dwr/call/plaincall/AjaxCheckService.setItemNumber.dwr HTTP/1.1" 200 78
101.83.145.79 - - [13/Sep/2021:09:52:48 +0800] "POST /xingrg/dwr/call/plaincall/AjaxReportQueryService.refreshCache.dwr HTTP/1.1" 200 78
116.230.105.26 - - [13/Sep/2021:09:52:48 +0800] "GET /xingrg/all/function/internal_message.html?_=1631497961510&CODE_STATE=getMsg HTTP/1.1" 200 27
101.83.145.79 - - [13/Sep/2021:09:52:49 +0800] "POST /xingrg/all/report/load_report_page.html HTTP/1.1" 200 214488
101.83.145.79 - - [13/Sep/2021:09:52:49 +0800] "GET /xingrg/images/blue/button/back2.gif HTTP/1.1" 200 1339
101.83.145.79 - - [13/Sep/2021:09:52:49 +0800] "GET /xingrg/images/blue/button/back.gif HTTP/1.1" 200 1352
101.83.145.79 - - [13/Sep/2021:09:52:49 +0800] "GET /xingrg/servlets/image?cache=0.19562104671503622&image=px HTTP/1.1" 200 807
116.238.168.124 - - [13/Sep/2021:09:52:50 +0800] "POST /xingrg/dwr/call/plaincall/AjaxCheckService.setItemNumber.dwr HTTP/1.1" 200 78
116.238.168.124 - - [13/Sep/2021:09:52:51 +0800] "POST /xingrg/dwr/call/plaincall/AjaxCheckService.setItemNumber.dwr HTTP/1.1" 200 78
101.83.145.79 - - [13/Sep/2021:09:52:51 +0800] "POST /xingrg/all/report/load_report_page.html HTTP/1.1" 200 214275
101.83.145.79 - - [13/Sep/2021:09:52:51 +0800] "GET /xingrg/servlets/image?cache=0.08110532655941505&image=px HTTP/1.1" 200 807
116.238.168.124 - - [13/Sep/2021:09:52:53 +0800] "POST /xingrg/dwr/call/plaincall/AjaxCheckService.setItemNumber.dwr HTTP/1.1" 200 78
116.238.168.124 - - [13/Sep/2021:09:52:53 +0800] "POST /xingrg/dwr/call/plaincall/AjaxCheckService.setItemNumber.dwr HTTP/1.1" 200 78
116.238.168.124 - - [13/Sep/2021:09:52:54 +0800] "POST /xingrg/dwr/call/plaincall/AjaxCheckService.setItemNumber.dwr HTTP/1.1" 200 78
101.83.145.79 - - [13/Sep/2021:09:52:55 +0800] "POST /xingrg/all/report/load_report_page.html HTTP/1.1" 200 159712
101.83.145.79 - - [13/Sep/2021:09:52:55 +0800] "GET /xingrg/images/blue/button/advance.gif HTTP/1.1" 200 1354
101.83.145.79 - - [13/Sep/2021:09:52:55 +0800] "GET /xingrg/images/blue/button/advance2.gif HTTP/1.1" 200 1338
101.83.145.79 - - [13/Sep/2021:09:52:55 +0800] "GET /xingrg/servlets/image?cache=0.12448730367143312&image=px HTTP/1.1" 200 807
101.83.145.79 - - [13/Sep/2021:09:52:56 +0800] "GET /xingrg/all/function/internal_message.html?_=1631497922467&CODE_STATE=getMsg HTTP/1.1" 200 27
116.238.168.124 - - [13/Sep/2021:09:52:56 +0800] "POST /xingrg/dwr/call/plaincall/AjaxCheckService.setItemNumber.dwr HTTP/1.1" 200 78
116.237.74.154 - - [13/Sep/2021:09:52:56 +0800] "GET /xingrg/check_reg.html?_=1631497974357 HTTP/1.1" 200 22
116.237.74.154 - - [13/Sep/2021:09:52:56 +0800] "GET /xingrg/all/function/internal_message.html?_=1631497974359&CODE_STATE=getMsg HTTP/1.1" 200 27
180.169.147.146 - - [13/Sep/2021:09:52:57 +0800] "GET /xingrg/all/function/internal_message.html?_=1631497975574&CODE_STATE=getMsg HTTP/1.1" 200 27
222.70.246.151 - - [13/Sep/2021:09:52:58 +0800] "GET /xingrg/all/function/internal_message.html?_=1631497977943&CODE_STATE=getMsg HTTP/1.1" 302 -
114.86.229.76 - - [13/Sep/2021:09:52:59 +0800] "POST /xingrg/kc/buy/cgsh_order_operate.html HTTP/1.1" 200 37
114.86.229.76 - - [13/Sep/2021:09:53:01 +0800] "POST /xingrg/kc/buy/cgsh_order_operate.html HTTP/1.1" 200 8016
222.69.128.101 - - [13/Sep/2021:09:53:08 +0800] "GET /xingrg/all/function/internal_message.html?_=1631497985185&CODE_STATE=getMsg HTTP/1.1" 200 27
58.37.227.186 - - [13/Sep/2021:09:53:08 +0800] "GET /xingrg/all/function/internal_message.html?_=1631497859415&CODE_STATE=getMsg HTTP/1.1" 200 27
58.35.210.83 - - [13/Sep/2021:09:53:11 +0800] "GET /xingrg/login.html HTTP/1.1" 200 7641
58.35.210.83 - - [13/Sep/2021:09:53:11 +0800] "GET /xingrg/images/blue/jxLogo.png HTTP/1.1" 200 6156
58.35.210.83 - - [13/Sep/2021:09:53:11 +0800] "GET /xingrg/images/blue/hj.png HTTP/1.1" 200 1014
58.35.210.83 - - [13/Sep/2021:09:53:11 +0800] "GET /xingrg/images/blue/srbg.png HTTP/1.1" 200 138
58.35.210.83 - - [13/Sep/2021:09:53:11 +0800] "GET /xingrg/images/blue/login_bg.png HTTP/1.1" 200 22101
58.35.210.83 - - [13/Sep/2021:09:53:11 +0800] "GET /favicon.ico HTTP/1.1" 404 -
222.70.179.190 - - [13/Sep/2021:09:53:15 +0800] "GET /xingrg/all/function/internal_message.html?_=1631497987417&CODE_STATE=getMsg HTTP/1.1" 200 27
58.37.227.186 - - [13/Sep/2021:09:53:16 +0800] "GET /xingrg/kc/buy/cgsh_order_operate.html?command=get_materiel&rest_code=00141&code=00101008219&supplier_code=00100007&order_time=2021-09-13 HTTP/1.1" 200 412
58.35.210.83 - - [13/Sep/2021:09:53:16 +0800] "POST /xingrg/login.do HTTP/1.1" 302 -
58.35.210.83 - - [13/Sep/2021:09:53:16 +0800] "GET /xingrg/index.html?sysBaseUrl=http%3A%2F%2F180.169.147.146%3A18081%2Fxingrg%2F&costTime=51×tamp=1631497996620 HTTP/1.1" 200 17179
58.35.210.83 - - [13/Sep/2021:09:53:16 +0800] "GET /xingrg/css/form.css HTTP/1.1" 200 893
58.35.210.83 - - [13/Sep/2021:09:53:16 +0800] "GET /xingrg/javascript/jquery_easy_ui/themes/icon.css HTTP/1.1" 200 3949
58.35.210.83 - - [13/Sep/2021:09:53:16 +0800] "GET /xingrg/javascript/jquery-1.4.2.min.js HTTP/1.1" 200 72205
58.35.210.83 - - [13/Sep/2021:09:53:16 +0800] "GET /xingrg/javascript/jquery_easy_ui/jquery.easyui.min.js HTTP/1.1" 200 213662
58.35.210.83 - - [13/Sep/2021:09:53:16 +0800] "GET /xingrg/javascript/jquery_easy_ui/easyui-lang-zh_CN.js HTTP/1.1" 200 1900
58.35.210.83 - - [13/Sep/2021:09:53:16 +0800] "GET /xingrg/javascript/jquery_easy_ui/themes/default/easyui.css HTTP/1.1" 200 26500
58.35.210.83 - - [13/Sep/2021:09:53:16 +0800] "GET /xingrg/javascript/jquery.form.js HTTP/1.1" 200 23110
58.35.210.83 - - [13/Sep/2021:09:53:16 +0800] "GET /xingrg/javascript/jquery.timers.js HTTP/1.1" 200 3532
58.35.210.83 - - [13/Sep/2021:09:53:16 +0800] "GET /xingrg/javascript/jquery.utils.js HTTP/1.1" 200 11805
58.35.210.83 - - [13/Sep/2021:09:53:16 +0800] "GET /xingrg/javascript/jquery_easy_ui/themes/icons/settle_new.png HTTP/1.1" 200 826
58.35.210.83 - - [13/Sep/2021:09:53:16 +0800] "GET /xingrg/images/blue/navBackgound.jpg HTTP/1.1" 200 12378
58.35.210.83 - - [13/Sep/2021:09:53:16 +0800] "GET /xingrg/images/blue/pingpu.png HTTP/1.1" 200 231
58.35.210.83 - - [13/Sep/2021:09:53:16 +0800] "POST /xingrg/all/common/load_tree.html?tree=area_rest_tree_json&manage=1 HTTP/1.1" 200 351
58.35.210.83 - - [13/Sep/2021:09:53:16 +0800] "GET /xingrg/javascript/jquery_easy_ui/themes/default/images/panel_tool_collapse.gif HTTP/1.1" 200 246
58.35.210.83 - - [13/Sep/2021:09:53:16 +0800] "GET /xingrg/all/function/internal_message.html?_=1631497995044&CODE_STATE=count HTTP/1.1" 200 11
58.35.210.83 - - [13/Sep/2021:09:53:16 +0800] "GET /xingrg/check_reg.html?_=1631497995044 HTTP/1.1" 200 22
58.35.210.83 - - [13/Sep/2021:09:53:16 +0800] "POST /xingrg/load_menu.html HTTP/1.1" 200 5138
58.35.210.83 - - [13/Sep/2021:09:53:16 +0800] "GET /xingrg/javascript/jquery_easy_ui/themes/default/images/tree_arrows.gif HTTP/1.1" 200 1043
58.35.210.83 - - [13/Sep/2021:09:53:16 +0800] "GET /xingrg/javascript/jquery_easy_ui/themes/default/images/tree_folder_open.gif HTTP/1.1" 200 956
58.35.210.83 - - [13/Sep/2021:09:53:16 +0800] "GET /xingrg/javascript/jquery_easy_ui/themes/icons/search_new.png HTTP/1.1" 200 586
58.35.210.83 - - [13/Sep/2021:09:53:16 +0800] "GET /xingrg/javascript/jquery_easy_ui/themes/icons/storage_new.png HTTP/1.1" 200 853
58.35.210.83 - - [13/Sep/2021:09:53:16 +0800] "GET /xingrg/javascript/jquery_easy_ui/themes/default/images/tree_folder.gif HTTP/1.1" 200 952
58.35.210.83 - - [13/Sep/2021:09:53:16 +0800] "GET /xingrg/javascript/jquery_easy_ui/themes/icons/forms_new.png HTTP/1.1" 200 350
116.238.168.124 - - [13/Sep/2021:09:53:18 +0800] "POST /xingrg/dwr/call/plaincall/AjaxCheckService.setItemNumber.dwr HTTP/1.1" 200 78
116.238.168.124 - - [13/Sep/2021:09:53:20 +0800] "POST /xingrg/dwr/call/plaincall/AjaxCheckService.setItemNumber.dwr HTTP/1.1" 200 78
58.35.210.83 - - [13/Sep/2021:09:53:20 +0800] "GET /xingrg/javascript/jquery_easy_ui/themes/default/images/tabs_close.gif HTTP/1.1" 200 829
58.35.210.83 - - [13/Sep/2021:09:53:20 +0800] "GET /xingrg/kc/mdqp/qp_main.html HTTP/1.1" 200 10633
58.35.210.83 - - [13/Sep/2021:09:53:20 +0800] "GET /xingrg/javascript/pic_change.js HTTP/1.1" 200 4739
58.35.210.83 - - [13/Sep/2021:09:53:20 +0800] "GET /xingrg/javascript/ToolTips.js HTTP/1.1" 200 5615
58.35.210.83 - - [13/Sep/2021:09:53:20 +0800] "GET /xingrg/css/blue.css HTTP/1.1" 200 15949
58.35.210.83 - - [13/Sep/2021:09:53:20 +0800] "GET /xingrg/javascript/jquery_ui/jquery-ui.min.js HTTP/1.1" 200 186181
58.35.210.83 - - [13/Sep/2021:09:53:20 +0800] "GET /xingrg/javascript/jquery_ui/themes/humanity/humanity.css HTTP/1.1" 200 27801
58.35.210.83 - - [13/Sep/2021:09:53:20 +0800] "GET /xingrg/javascript/myfunction.js HTTP/1.1" 200 24559
58.35.210.83 - - [13/Sep/2021:09:53:20 +0800] "GET /xingrg/images/blue/button/cgxqd.gif HTTP/1.1" 200 2619
58.35.210.83 - - [13/Sep/2021:09:53:20 +0800] "GET /xingrg/images/blue/button/qqpsd.gif HTTP/1.1" 200 2548
58.35.210.83 - - [13/Sep/2021:09:53:20 +0800] "GET /xingrg/images/blue/button/pszx.gif HTTP/1.1" 200 2648
58.35.210.83 - - [13/Sep/2021:09:53:20 +0800] "GET /xingrg/images/blue/button/psshd.gif HTTP/1.1" 200 2692
58.35.210.83 - - [13/Sep/2021:09:53:20 +0800] "GET /xingrg/images/blue/pic_form2.gif HTTP/1.1" 200 1853
58.35.210.83 - - [13/Sep/2021:09:53:20 +0800] "GET /xingrg/images/blue/button/down_ah.jpg HTTP/1.1" 200 1732
58.35.210.83 - - [13/Sep/2021:09:53:20 +0800] "GET /xingrg/images/blue/button/right_ah.jpg HTTP/1.1" 200 1744
58.35.210.83 - - [13/Sep/2021:09:53:20 +0800] "GET /xingrg/images/blue/bg_dotted.jpg HTTP/1.1" 200 319
58.35.210.83 - - [13/Sep/2021:09:53:20 +0800] "GET /xingrg/javascript/jquery_ui/themes/humanity/images/ui-bg_inset-soft_100_f4f0ec_1x100.png HTTP/1.1" 200 141
116.238.168.124 - - [13/Sep/2021:09:53:20 +0800] "POST /xingrg/dwr/call/plaincall/AjaxCheckService.setItemNumber.dwr HTTP/1.1" 200 78
116.238.194.18 - - [13/Sep/2021:09:53:21 +0800] "GET /xingrg/all/function/internal_message.html?_=1631497970168&CODE_STATE=getMsg HTTP/1.1" 200 27
58.35.210.83 - - [13/Sep/2021:09:53:22 +0800] "GET /xingrg/kc/mdqp/qqps_order_list.html HTTP/1.1" 200 9642
58.35.210.83 - - [13/Sep/2021:09:53:22 +0800] "GET /xingrg/dwr/interface/AjaxQqpsService.js HTTP/1.1" 200 16326
58.35.210.83 - - [13/Sep/2021:09:53:22 +0800] "GET /xingrg/dwr/interface/AjaxReportQueryService.js HTTP/1.1" 200 13203
58.35.210.83 - - [13/Sep/2021:09:53:22 +0800] "GET /xingrg/dwr/util.js HTTP/1.1" 200 35990
58.35.210.83 - - [13/Sep/2021:09:53:22 +0800] "GET /xingrg/javascript/Calendar.js HTTP/1.1" 200 31561
58.35.210.83 - - [13/Sep/2021:09:53:22 +0800] "GET /xingrg/dwr/engine.js HTTP/1.1" 200 43631
58.35.210.83 - - [13/Sep/2021:09:53:22 +0800] "GET /xingrg/javascript/jquery_easy_ui/themes/icons/edit_add_new.png HTTP/1.1" 200 2997
58.35.210.83 - - [13/Sep/2021:09:53:22 +0800] "GET /xingrg/javascript/jquery_easy_ui/themes/icons/uncheck_new.png HTTP/1.1" 200 3197
58.35.210.83 - - [13/Sep/2021:09:53:22 +0800] "GET /xingrg/javascript/jquery_easy_ui/themes/icons/check_new.png HTTP/1.1" 200 3224
58.35.210.83 - - [13/Sep/2021:09:53:22 +0800] "GET /xingrg/javascript/jquery_easy_ui/themes/icons/cance_new.png HTTP/1.1" 200 3986
116.238.194.18 - - [13/Sep/2021:09:53:24 +0800] "POST /xingrg/kc/buy/cgsh_order_operate.html HTTP/1.1" 200 37
58.35.210.83 - - [13/Sep/2021:09:53:24 +0800] "GET /xingrg/kc/mdqp/qqps_order_info.html?code=302021091200298 HTTP/1.1" 200 28165
58.35.210.83 - - [13/Sep/2021:09:53:24 +0800] "GET /xingrg/javascript/auto/jquery.autocomplete.css HTTP/1.1" 200 587
58.35.210.83 - - [13/Sep/2021:09:53:24 +0800] "GET /xingrg/javascript/auto/jquery.autocomplete.js HTTP/1.1" 200 21624
58.35.210.83 - - [13/Sep/2021:09:53:24 +0800] "GET /xingrg/javascript/Grid.js HTTP/1.1" 200 58908
58.35.210.83 - - [13/Sep/2021:09:53:24 +0800] "GET /xingrg/javascript/AjaxInfoList.js HTTP/1.1" 200 3774
58.35.210.83 - - [13/Sep/2021:09:53:24 +0800] "GET /xingrg/dwr/interface/AjaxComOrderService.js HTTP/1.1" 200 18264
58.35.210.83 - - [13/Sep/2021:09:53:24 +0800] "GET /xingrg/javascript/tools/jquery.qtip-1.0.0-rc3.min.js HTTP/1.1" 200 38404
58.35.210.83 - - [13/Sep/2021:09:53:24 +0800] "GET /xingrg/javascript/print/LodopFuncs.js HTTP/1.1" 200 5121
58.35.210.83 - - [13/Sep/2021:09:53:24 +0800] "GET /xingrg/javascript/print/kc_print.js HTTP/1.1" 200 11415
58.35.210.83 - - [13/Sep/2021:09:53:24 +0800] "GET /xingrg/words/20210912165527_words.js HTTP/1.1" 200 847134
58.35.210.83 - - [13/Sep/2021:09:53:24 +0800] "GET /xingrg/dwr/interface/AjaxQqpsService.js HTTP/1.1" 200 16326
58.35.210.83 - - [13/Sep/2021:09:53:24 +0800] "GET /xingrg/javascript/jquery_easy_ui/themes/icons/copy_new.png HTTP/1.1" 200 815
58.35.210.83 - - [13/Sep/2021:09:53:24 +0800] "GET /xingrg/javascript/jquery_easy_ui/themes/icons/template_new.png HTTP/1.1" 200 3956
58.35.210.83 - - [13/Sep/2021:09:53:24 +0800] "GET /xingrg/javascript/jquery_easy_ui/themes/icons/ok.png HTTP/1.1" 200 883
58.35.210.83 - - [13/Sep/2021:09:53:24 +0800] "GET /xingrg/javascript/jquery_easy_ui/themes/default/images/menu_downarrow.png HTTP/1.1" 200 173
58.35.210.83 - - [13/Sep/2021:09:53:24 +0800] "GET /xingrg/javascript/jquery_easy_ui/themes/icons/print.png HTTP/1.1" 200 1057
58.35.210.83 - - [13/Sep/2021:09:53:24 +0800] "GET /xingrg/javascript/jquery_easy_ui/themes/icons/back_new.png HTTP/1.1" 200 3414
58.35.210.83 - - [13/Sep/2021:09:53:24 +0800] "GET /xingrg/javascript/jquery_easy_ui/themes/default/images/combo_arrow_dot.gif HTTP/1.1" 200 79
58.37.227.186 - - [13/Sep/2021:09:53:25 +0800] "GET /xingrg/kc/buy/cgsh_order_operate.html?command=get_materiel&rest_code=00141&code=00101008132&supplier_code=00100007&order_time=2021-09-13 HTTP/1.1" 200 408
58.35.210.83 - - [13/Sep/2021:09:53:26 +0800] "GET /xingrg/javascript/jquery_easy_ui/themes/default/images/button_plain_hover.png HTTP/1.1" 200 252
116.238.194.18 - - [13/Sep/2021:09:53:27 +0800] "POST /xingrg/kc/buy/cgsh_order_operate.html HTTP/1.1" 200 12
116.238.194.18 - - [13/Sep/2021:09:53:27 +0800] "GET /xingrg/kc/buy/cgsh_order_info.html?code=212021091305512 HTTP/1.1" 200 58259
116.238.168.124 - - [13/Sep/2021:09:53:28 +0800] "POST /xingrg/dwr/call/plaincall/AjaxCheckService.setItemNumber.dwr HTTP/1.1" 200 78
116.238.194.18 - - [13/Sep/2021:09:53:28 +0800] "GET /xingrg/javascript/easyui/themes/default/validatebox.css HTTP/1.1" 404 1104
180.169.147.146 - - [13/Sep/2021:09:53:28 +0800] "GET /xingrg/all/function/internal_message.html?_=1631498007185&CODE_STATE=getMsg HTTP/1.1" 200 27
116.238.194.18 - - [13/Sep/2021:09:53:28 +0800] "POST /xingrg/kc/buy/cgsh_order_operate.html HTTP/1.1" 200 5344
58.35.210.83 - - [13/Sep/2021:09:53:29 +0800] "GET /xingrg/kc/mdqp/qqps_order_list.html?isBack=1 HTTP/1.1" 200 9651
58.35.210.83 - - [13/Sep/2021:09:53:29 +0800] "GET /xingrg/dwr/interface/AjaxReportQueryService.js HTTP/1.1" 200 13203
58.35.210.83 - - [13/Sep/2021:09:53:29 +0800] "GET /xingrg/dwr/interface/AjaxQqpsService.js HTTP/1.1" 200 16326
58.37.227.186 - - [13/Sep/2021:09:53:30 +0800] "POST /xingrg/kc/buy/cgsh_order_operate.html HTTP/1.1" 200 2065
116.238.168.124 - - [13/Sep/2021:09:53:31 +0800] "POST /xingrg/dwr/call/plaincall/AjaxCheckService.setItemNumber.dwr HTTP/1.1" 200 78
101.83.145.79 - - [13/Sep/2021:09:53:32 +0800] "GET /xingrg/all/function/internal_message.html?_=1631498010254&CODE_STATE=getMsg HTTP/1.1" 200 27
116.238.194.18 - - [13/Sep/2021:09:53:34 +0800] "GET /xingrg/kc/print/report_design.html?orderType=cgsh HTTP/1.1" 200 8625
116.238.194.18 - - [13/Sep/2021:09:53:34 +0800] "GET /xingrg/css/design.css HTTP/1.1" 304 -
116.238.194.18 - - [13/Sep/2021:09:53:34 +0800] "GET /xingrg/javascript/easyui/jquery.easyui.min.js HTTP/1.1" 304 -
116.238.194.18 - - [13/Sep/2021:09:53:34 +0800] "GET /xingrg/javascript/print/report.js HTTP/1.1" 304 -
116.238.194.18 - - [13/Sep/2021:09:53:34 +0800] "GET /xingrg/javascript/print/report.helper.js HTTP/1.1" 304 -
116.238.194.18 - - [13/Sep/2021:09:53:34 +0800] "GET /xingrg/javascript/easyui/themes/sunny/images/ui-bg_highlight-soft_100_feeebd_1x100.png HTTP/1.1" 200 108
116.238.194.18 - - [13/Sep/2021:09:53:34 +0800] "GET /xingrg/javascript/easyui/themes/sunny/images/ui-bg_gloss-wave_45_817865_500x100.png HTTP/1.1" 200 3971
116.238.194.18 - - [13/Sep/2021:09:53:34 +0800] "GET /xingrg/javascript/easyui/themes/sunny/images/ui-bg_gloss-wave_70_ffdd57_500x100.png HTTP/1.1" 200 3830
116.238.194.18 - - [13/Sep/2021:09:53:34 +0800] "GET /xingrg/javascript/easyui/themes/sunny/images/blank.gif HTTP/1.1" 200 43
116.238.194.18 - - [13/Sep/2021:09:53:34 +0800] "GET /xingrg/javascript/easyui/themes/sunny/images/ui-icons_fadc7a_256x240.png HTTP/1.1" 200 4369
116.238.194.18 - - [13/Sep/2021:09:53:34 +0800] "GET /xingrg/javascript/easyui/themes/sunny/images/ui-icons_bd7b00_256x240.png HTTP/1.1" 200 4369
116.238.194.18 - - [13/Sep/2021:09:53:34 +0800] "GET /xingrg/kc/print/design_operate.html?_=1631498012067&command=load_config&code=cgsh HTTP/1.1" 200 2962
116.238.194.18 - - [13/Sep/2021:09:53:34 +0800] "GET /xingrg/css/images/background.png HTTP/1.1" 200 137
116.238.194.18 - - [13/Sep/2021:09:53:34 +0800] "GET /favicon.ico HTTP/1.1" 404 -
116.238.168.124 - - [13/Sep/2021:09:53:35 +0800] "POST /xingrg/dwr/call/plaincall/AjaxCheckService.setItemNumber.dwr HTTP/1.1" 200 78
101.83.145.79 - - [13/Sep/2021:09:53:37 +0800] "GET /xingrg/all/function/internal_message.html?_=1631498014604&CODE_STATE=getMsg HTTP/1.1" 200 27
116.238.194.18 - - [13/Sep/2021:09:53:37 +0800] "GET /xingrg/kc/print/load_data.html?order_code=212021091305512&kc_code=cgsh&condition= HTTP/1.1" 200 2507
116.238.168.124 - - [13/Sep/2021:09:53:39 +0800] "POST /xingrg/dwr/call/plaincall/AjaxCheckService.setItemNumber.dwr HTTP/1.1" 200 78
114.86.229.76 - - [13/Sep/2021:09:53:39 +0800] "GET /xingrg/all/function/internal_message.html?_=1631498017664&CODE_STATE=getMsg HTTP/1.1" 200 27
222.70.246.151 - - [13/Sep/2021:09:53:40 +0800] "GET /xingrg/all/function/internal_message.html?_=1631498020156&CODE_STATE=getMsg HTTP/1.1" 200 27
180.169.147.146 - - [13/Sep/2021:09:53:41 +0800] "GET /xingrg/all/function/internal_message.html?_=1631498019382&CODE_STATE=getMsg HTTP/1.1" 200 27
222.70.179.190 - - [13/Sep/2021:09:53:42 +0800] "GET /xingrg/all/function/internal_message.html?_=1631498020637&CODE_STATE=getMsg HTTP/1.1" 302 -
116.238.168.124 - - [13/Sep/2021:09:53:43 +0800] "POST /xingrg/dwr/call/plaincall/AjaxCheckService.setItemNumber.dwr HTTP/1.1" 200 78
180.169.147.146 - - [13/Sep/2021:09:53:43 +0800] "GET /xingrg/all/function/internal_message.html?_=1631498169818&CODE_STATE=getMsg HTTP/1.1" 200 27
116.238.168.124 - - [13/Sep/2021:09:53:43 +0800] "POST /xingrg/dwr/call/plaincall/AjaxCheckService.setItemNumber.dwr HTTP/1.1" 200 78
116.238.194.18 - - [13/Sep/2021:09:53:44 +0800] "GET /xingrg/all/function/internal_message.html?_=1631498022552&CODE_STATE=getMsg HTTP/1.1" 200 27
116.238.168.124 - - [13/Sep/2021:09:53:45 +0800] "POST /xingrg/dwr/call/plaincall/AjaxCheckService.setItemNumber.dwr HTTP/1.1" 200 78
180.169.147.146 - - [13/Sep/2021:09:53:46 +0800] "GET /xingrg/all/function/internal_message.html?_=1631498024186&CODE_STATE=getMsg HTTP/1.1" 200 27
116.238.168.124 - - [13/Sep/2021:09:53:46 +0800] "GET /xingrg/all/function/internal_message.html?_=1631498004062&CODE_STATE=getMsg HTTP/1.1" 200 27
58.37.227.186 - - [13/Sep/2021:09:53:46 +0800] "GET /xingrg/kc/buy/cgsh_order_operate.html?command=get_materiel&rest_code=00141&code=00101008244&supplier_code=00100007&order_time=2021-09-13 HTTP/1.1" 200 408
116.230.105.26 - - [13/Sep/2021:09:53:48 +0800] "GET /xingrg/all/function/internal_message.html?_=1631498021518&CODE_STATE=getMsg HTTP/1.1" 200 27
116.238.168.124 - - [13/Sep/2021:09:53:50 +0800] "POST /xingrg/services/DataTransmitService HTTP/1.1" 200 524
116.238.168.124 - - [13/Sep/2021:09:53:51 +0800] "POST /xingrg/services/DataTransmitService HTTP/1.1" 200 2319
116.238.194.18 - - [13/Sep/2021:09:53:51 +0800] "POST /xingrg/kc/buy/cgsh_list_operate.html HTTP/1.1" 200 1708
116.238.168.124 - - [13/Sep/2021:09:53:51 +0800] "POST /xingrg/dwr/call/plaincall/AjaxCheckService.setItemNumber.dwr HTTP/1.1" 200 78
116.238.168.124 - - [13/Sep/2021:09:53:51 +0800] "POST /xingrg/services/DataTransmitService HTTP/1.1" 200 134935
116.238.194.18 - - [13/Sep/2021:09:53:54 +0800] "POST /xingrg/kc/buy/cgsh_list_operate.html HTTP/1.1" 200 571
116.238.168.124 - - [13/Sep/2021:09:53:55 +0800] "POST /xingrg/dwr/call/plaincall/AjaxCheckService.setItemNumber.dwr HTTP/1.1" 200 78
116.238.194.18 - - [13/Sep/2021:09:53:55 +0800] "GET /xingrg/kc/buy/cgsh_order_info.html?code=212021091305510 HTTP/1.1" 200 63371
116.238.194.18 - - [13/Sep/2021:09:53:55 +0800] "GET /xingrg/javascript/easyui/themes/default/validatebox.css HTTP/1.1" 404 1104
116.238.168.124 - - [13/Sep/2021:09:53:56 +0800] "POST /xingrg/dwr/call/plaincall/AjaxCheckService.setItemNumber.dwr HTTP/1.1" 200 78
101.83.145.79 - - [13/Sep/2021:09:53:56 +0800] "GET /xingrg/all/function/internal_message.html?_=1631497982467&CODE_STATE=getMsg HTTP/1.1" 200 27
116.237.74.154 - - [13/Sep/2021:09:53:56 +0800] "GET /xingrg/all/function/internal_message.html?_=1631498034359&CODE_STATE=getMsg HTTP/1.1" 200 27
116.238.168.124 - - [13/Sep/2021:09:53:56 +0800] "POST /xingrg/dwr/call/plaincall/AjaxCheckService.setItemNumber.dwr HTTP/1.1" 200 78
116.238.194.18 - - [13/Sep/2021:09:53:56 +0800] "POST /xingrg/kc/buy/cgsh_order_operate.html HTTP/1.1" 200 31652
180.169.147.146 - - [13/Sep/2021:09:53:57 +0800] "GET /xingrg/all/function/internal_message.html?_=1631498035565&CODE_STATE=getMsg HTTP/1.1" 200 27
116.238.168.124 - - [13/Sep/2021:09:53:58 +0800] "POST /xingrg/dwr/call/plaincall/AjaxCheckService.setItemNumber.dwr HTTP/1.1" 200 78
222.70.246.151 - - [13/Sep/2021:09:53:58 +0800] "GET /xingrg/all/function/internal_message.html?_=1631498037969&CODE_STATE=getMsg HTTP/1.1" 302 -
116.238.168.124 - - [13/Sep/2021:09:54:01 +0800] "POST /xingrg/dwr/call/plaincall/AjaxCheckService.setItemNumber.dwr HTTP/1.1" 200 78
116.238.168.124 - - [13/Sep/2021:09:54:02 +0800] "POST /xingrg/dwr/call/plaincall/AjaxCheckService.setItemNumber.dwr HTTP/1.1" 200 78
