101.83.145.79 - - [13/Sep/2021:10:11:12 +0800] "GET /xingrg/kc/buy/cgsh_order_operate.html?command=get_materiel&rest_code=00105&code=00101001223&supplier_code=00100012&order_time=2021-09-13 HTTP/1.1" 200 391
222.70.179.190 - - [13/Sep/2021:10:11:15 +0800] "GET /xingrg/all/function/internal_message.html?_=1631499067452&CODE_STATE=getMsg HTTP/1.1" 200 27
120.253.135.82 - - [13/Sep/2021:10:11:20 +0800] "GET /xingrg/all/function/internal_message.html?_=1631498851646&CODE_STATE=getMsg HTTP/1.1" 200 27
116.238.194.18 - - [13/Sep/2021:10:11:22 +0800] "GET /xingrg/all/function/internal_message.html?_=1631499050522&CODE_STATE=getMsg HTTP/1.1" 200 27
101.83.145.79 - - [13/Sep/2021:10:11:22 +0800] "GET /xingrg/kc/buy/cgsh_order_operate.html?command=get_materiel&rest_code=00105&code=00101006193&supplier_code=00100012&order_time=2021-09-13 HTTP/1.1" 200 409
222.69.128.101 - - [13/Sep/2021:10:11:27 +0800] "GET /xingrg/kc/buy/cgsh_order_operate.html?command=get_materiel&rest_code=00149&code=00101006240&supplier_code=00100012&order_time=2021-09-13 HTTP/1.1" 200 408
101.83.145.79 - - [13/Sep/2021:10:11:31 +0800] "GET /xingrg/all/function/internal_message.html?_=1631499089823&CODE_STATE=getMsg HTTP/1.1" 200 27
101.83.145.79 - - [13/Sep/2021:10:11:32 +0800] "GET /xingrg/check_reg.html?_=1631499090586 HTTP/1.1" 200 22
222.70.246.151 - - [13/Sep/2021:10:11:36 +0800] "GET /xingrg/check_reg.html?_=1631499096036 HTTP/1.1" 200 22
101.83.145.79 - - [13/Sep/2021:10:11:37 +0800] "GET /xingrg/all/function/internal_message.html?_=1631499094640&CODE_STATE=getMsg HTTP/1.1" 200 27
114.86.229.76 - - [13/Sep/2021:10:11:39 +0800] "GET /xingrg/all/function/internal_message.html?_=1631499097724&CODE_STATE=getMsg HTTP/1.1" 200 27
114.86.229.76 - - [13/Sep/2021:10:11:39 +0800] "GET /xingrg/check_reg.html?_=1631499097726 HTTP/1.1" 200 22
101.83.145.79 - - [13/Sep/2021:10:11:39 +0800] "GET /xingrg/kc/buy/cgsh_order_operate.html?command=get_materiel&rest_code=00105&code=00101006006&supplier_code=00100012&order_time=2021-09-13 HTTP/1.1" 200 409
180.169.147.146 - - [13/Sep/2021:10:11:41 +0800] "GET /xingrg/all/function/internal_message.html?_=1631499099385&CODE_STATE=getMsg HTTP/1.1" 200 27
222.70.246.151 - - [13/Sep/2021:10:11:41 +0800] "GET /xingrg/all/function/internal_message.html?_=1631499101528&CODE_STATE=getMsg HTTP/1.1" 200 27
222.70.179.190 - - [13/Sep/2021:10:11:43 +0800] "GET /xingrg/check_reg.html?_=1631499101417 HTTP/1.1" 302 -
180.169.147.146 - - [13/Sep/2021:10:11:46 +0800] "GET /xingrg/all/function/internal_message.html?_=1631499104202&CODE_STATE=getMsg HTTP/1.1" 200 27
180.169.147.146 - - [13/Sep/2021:10:11:46 +0800] "GET /xingrg/check_reg.html?_=1631499104204 HTTP/1.1" 200 22
116.230.105.26 - - [13/Sep/2021:10:11:48 +0800] "GET /xingrg/all/function/internal_message.html?_=1631499101521&CODE_STATE=getMsg HTTP/1.1" 200 27
116.230.105.26 - - [13/Sep/2021:10:11:48 +0800] "GET /xingrg/check_reg.html?_=1631499101525 HTTP/1.1" 200 22
101.83.145.79 - - [13/Sep/2021:10:11:49 +0800] "POST /xingrg/kc/buy/cgsh_order_operate.html HTTP/1.1" 200 37
101.83.145.79 - - [13/Sep/2021:10:11:51 +0800] "POST /xingrg/kc/buy/cgsh_order_operate.html HTTP/1.1" 200 7388
101.83.145.79 - - [13/Sep/2021:10:11:52 +0800] "GET /xingrg/kc/print/load_data.html?order_code=212021091305542&kc_code=cgsh&condition= HTTP/1.1" 200 2546
116.238.168.124 - - [13/Sep/2021:10:11:54 +0800] "GET /xingrg/all/function/internal_message.html?_=1631499092425&CODE_STATE=getMsg HTTP/1.1" 200 27
101.83.145.79 - - [13/Sep/2021:10:11:56 +0800] "GET /xingrg/all/function/internal_message.html?_=1631499062458&CODE_STATE=getMsg HTTP/1.1" 200 27
116.237.74.154 - - [13/Sep/2021:10:11:56 +0800] "GET /xingrg/all/function/internal_message.html?_=1631499114409&CODE_STATE=getMsg HTTP/1.1" 200 27
180.169.147.146 - - [13/Sep/2021:10:11:57 +0800] "GET /xingrg/all/function/internal_message.html?_=1631499115577&CODE_STATE=getMsg HTTP/1.1" 200 27
180.169.147.146 - - [13/Sep/2021:10:11:57 +0800] "GET /xingrg/check_reg.html?_=1631499115579 HTTP/1.1" 200 22
222.70.246.151 - - [13/Sep/2021:10:11:58 +0800] "GET /xingrg/all/function/internal_message.html?_=1631499118213&CODE_STATE=getMsg HTTP/1.1" 302 -
183.192.93.182 - - [13/Sep/2021:10:11:58 +0800] "GET /xingrg/check_reg.html?_=1631499118040 HTTP/1.1" 302 -
116.238.194.18 - - [13/Sep/2021:10:12:00 +0800] "GET /xingrg/all/function/internal_message.html?_=1631499117940&CODE_STATE=getMsg HTTP/1.1" 200 27
222.69.128.101 - - [13/Sep/2021:10:12:08 +0800] "GET /xingrg/all/function/internal_message.html?_=1631499124901&CODE_STATE=getMsg HTTP/1.1" 200 27
58.37.227.186 - - [13/Sep/2021:10:12:08 +0800] "GET /xingrg/all/function/internal_message.html?_=1631498999146&CODE_STATE=getMsg HTTP/1.1" 200 27
222.70.179.190 - - [13/Sep/2021:10:12:09 +0800] "GET /xingrg/all/function/internal_message.html?_=1631499127230&CODE_STATE=getMsg HTTP/1.1" 302 -
222.70.179.190 - - [13/Sep/2021:10:12:15 +0800] "GET /xingrg/all/function/internal_message.html?_=1631499127450&CODE_STATE=getMsg HTTP/1.1" 200 27
120.253.135.82 - - [13/Sep/2021:10:12:20 +0800] "GET /xingrg/all/function/internal_message.html?_=1631498911655&CODE_STATE=getMsg HTTP/1.1" 200 27
222.69.128.101 - - [13/Sep/2021:10:12:20 +0800] "GET /xingrg/kc/buy/cgsh_order_operate.html?command=get_materiel&rest_code=00149&code=00101006129&supplier_code=00100012&order_time=2021-09-13 HTTP/1.1" 200 431
116.238.194.18 - - [13/Sep/2021:10:12:21 +0800] "GET /xingrg/check_reg.html?_=1631499109346 HTTP/1.1" 200 22
116.238.194.18 - - [13/Sep/2021:10:12:22 +0800] "GET /xingrg/all/function/internal_message.html?_=1631499110536&CODE_STATE=getMsg HTTP/1.1" 200 27
116.238.168.124 - - [13/Sep/2021:10:12:25 +0800] "GET /xingrg/check_reg.html?_=1631499122741 HTTP/1.1" 200 22
101.83.145.79 - - [13/Sep/2021:10:12:31 +0800] "GET /xingrg/all/function/internal_message.html?_=1631499149798&CODE_STATE=getMsg HTTP/1.1" 200 27
101.83.145.79 - - [13/Sep/2021:10:12:37 +0800] "GET /xingrg/all/function/internal_message.html?_=1631499154626&CODE_STATE=getMsg HTTP/1.1" 200 27
101.83.145.79 - - [13/Sep/2021:10:12:37 +0800] "GET /xingrg/check_reg.html?_=1631499154632 HTTP/1.1" 200 22
222.69.128.101 - - [13/Sep/2021:10:12:38 +0800] "POST /xingrg/kc/buy/cgsh_order_operate.html HTTP/1.1" 200 37
114.86.229.76 - - [13/Sep/2021:10:12:39 +0800] "GET /xingrg/all/function/internal_message.html?_=1631499157722&CODE_STATE=getMsg HTTP/1.1" 200 27
222.69.128.101 - - [13/Sep/2021:10:12:40 +0800] "POST /xingrg/kc/buy/cgsh_order_operate.html HTTP/1.1" 200 12
180.169.147.146 - - [13/Sep/2021:10:12:41 +0800] "GET /xingrg/all/function/internal_message.html?_=1631499159374&CODE_STATE=getMsg HTTP/1.1" 200 27
222.69.128.101 - - [13/Sep/2021:10:12:41 +0800] "GET /xingrg/kc/buy/cgsh_order_info.html?code=212021091305543 HTTP/1.1" 200 58388
222.70.246.151 - - [13/Sep/2021:10:12:41 +0800] "GET /xingrg/all/function/internal_message.html?_=1631499161541&CODE_STATE=getMsg HTTP/1.1" 200 27
222.69.128.101 - - [13/Sep/2021:10:12:42 +0800] "GET /xingrg/javascript/easyui/themes/default/validatebox.css HTTP/1.1" 404 1104
222.69.128.101 - - [13/Sep/2021:10:12:42 +0800] "POST /xingrg/kc/buy/cgsh_order_operate.html HTTP/1.1" 200 2993
180.169.147.146 - - [13/Sep/2021:10:12:46 +0800] "GET /xingrg/all/function/internal_message.html?_=1631499164181&CODE_STATE=getMsg HTTP/1.1" 200 27
222.69.128.101 - - [13/Sep/2021:10:12:48 +0800] "GET /xingrg/kc/print/load_data.html?order_code=212021091305543&kc_code=cgsh&condition= HTTP/1.1" 200 1727
116.230.105.26 - - [13/Sep/2021:10:12:48 +0800] "GET /xingrg/all/function/internal_message.html?_=1631499161523&CODE_STATE=getMsg HTTP/1.1" 200 27
116.238.168.124 - - [13/Sep/2021:10:12:54 +0800] "GET /xingrg/all/function/internal_message.html?_=1631499152430&CODE_STATE=getMsg HTTP/1.1" 200 27
101.83.145.79 - - [13/Sep/2021:10:12:56 +0800] "GET /xingrg/all/function/internal_message.html?_=1631499122458&CODE_STATE=getMsg HTTP/1.1" 200 27
116.237.74.154 - - [13/Sep/2021:10:12:56 +0800] "GET /xingrg/check_reg.html?_=1631499174395 HTTP/1.1" 200 22
116.237.74.154 - - [13/Sep/2021:10:12:56 +0800] "GET /xingrg/all/function/internal_message.html?_=1631499174447&CODE_STATE=getMsg HTTP/1.1" 200 27
180.169.147.146 - - [13/Sep/2021:10:12:57 +0800] "GET /xingrg/all/function/internal_message.html?_=1631499175576&CODE_STATE=getMsg HTTP/1.1" 200 27
222.70.246.151 - - [13/Sep/2021:10:12:58 +0800] "GET /xingrg/all/function/internal_message.html?_=1631499178215&CODE_STATE=getMsg HTTP/1.1" 302 -
222.69.128.101 - - [13/Sep/2021:10:13:08 +0800] "GET /xingrg/all/function/internal_message.html?_=1631499184881&CODE_STATE=getMsg HTTP/1.1" 200 27
58.37.227.186 - - [13/Sep/2021:10:13:08 +0800] "GET /xingrg/all/function/internal_message.html?_=1631499059119&CODE_STATE=getMsg HTTP/1.1" 200 27
222.69.128.101 - - [13/Sep/2021:10:13:09 +0800] "GET /xingrg/kc/buy/cgsh_order_add.html HTTP/1.1" 200 63479
222.69.128.101 - - [13/Sep/2021:10:13:09 +0800] "POST /xingrg/kc/buy/cgsh_order_operate.html HTTP/1.1" 200 8245
222.69.128.101 - - [13/Sep/2021:10:13:09 +0800] "GET /xingrg/javascript/easyui/themes/default/validatebox.css HTTP/1.1" 404 1104
222.70.179.190 - - [13/Sep/2021:10:13:09 +0800] "GET /xingrg/all/function/internal_message.html?_=1631499187207&CODE_STATE=getMsg HTTP/1.1" 302 -
222.70.179.190 - - [13/Sep/2021:10:13:15 +0800] "GET /xingrg/all/function/internal_message.html?_=1631499187450&CODE_STATE=getMsg HTTP/1.1" 200 27
120.253.135.82 - - [13/Sep/2021:10:13:20 +0800] "GET /xingrg/all/function/internal_message.html?_=1631498971721&CODE_STATE=getMsg HTTP/1.1" 200 27
116.238.194.18 - - [13/Sep/2021:10:13:22 +0800] "GET /xingrg/all/function/internal_message.html?_=1631499170550&CODE_STATE=getMsg HTTP/1.1" 200 27
222.69.128.101 - - [13/Sep/2021:10:13:24 +0800] "GET /xingrg/kc/buy/cgsh_order_operate.html?command=get_materiel&rest_code=00149&code=00101010348&supplier_code=00100036&order_time=2021-09-13 HTTP/1.1" 200 417
101.83.145.79 - - [13/Sep/2021:10:13:31 +0800] "GET /xingrg/all/function/internal_message.html?_=1631499209766&CODE_STATE=getMsg HTTP/1.1" 200 27
222.69.128.101 - - [13/Sep/2021:10:13:31 +0800] "GET /xingrg/kc/buy/cgsh_order_operate.html?command=get_materiel&rest_code=00149&code=00101012026&supplier_code=00100036&order_time=2021-09-13 HTTP/1.1" 200 408
101.83.145.79 - - [13/Sep/2021:10:13:37 +0800] "GET /xingrg/all/function/internal_message.html?_=1631499214634&CODE_STATE=getMsg HTTP/1.1" 200 27
114.86.229.76 - - [13/Sep/2021:10:13:39 +0800] "GET /xingrg/all/function/internal_message.html?_=1631499217729&CODE_STATE=getMsg HTTP/1.1" 200 27
180.169.147.146 - - [13/Sep/2021:10:13:41 +0800] "GET /xingrg/all/function/internal_message.html?_=1631499219380&CODE_STATE=getMsg HTTP/1.1" 200 27
222.70.246.151 - - [13/Sep/2021:10:13:42 +0800] "GET /xingrg/all/function/internal_message.html?_=1631499221736&CODE_STATE=getMsg HTTP/1.1" 200 27
222.69.128.101 - - [13/Sep/2021:10:13:43 +0800] "POST /xingrg/kc/buy/cgsh_order_operate.html HTTP/1.1" 200 37
180.169.147.146 - - [13/Sep/2021:10:13:46 +0800] "GET /xingrg/all/function/internal_message.html?_=1631499224190&CODE_STATE=getMsg HTTP/1.1" 200 27
222.69.128.101 - - [13/Sep/2021:10:13:48 +0800] "POST /xingrg/kc/buy/cgsh_order_operate.html HTTP/1.1" 200 12
116.230.105.26 - - [13/Sep/2021:10:13:48 +0800] "GET /xingrg/all/function/internal_message.html?_=1631499221520&CODE_STATE=getMsg HTTP/1.1" 200 27
222.69.128.101 - - [13/Sep/2021:10:13:49 +0800] "GET /xingrg/kc/buy/cgsh_order_info.html?code=212021091305544 HTTP/1.1" 200 58390
222.69.128.101 - - [13/Sep/2021:10:13:50 +0800] "GET /xingrg/javascript/easyui/themes/default/validatebox.css HTTP/1.1" 404 1104
222.69.128.101 - - [13/Sep/2021:10:13:50 +0800] "POST /xingrg/kc/buy/cgsh_order_operate.html HTTP/1.1" 200 1204
222.69.128.101 - - [13/Sep/2021:10:13:52 +0800] "GET /xingrg/kc/print/load_data.html?order_code=212021091305544&kc_code=cgsh&condition= HTTP/1.1" 200 1008
116.238.168.124 - - [13/Sep/2021:10:13:54 +0800] "GET /xingrg/all/function/internal_message.html?_=1631499212442&CODE_STATE=getMsg HTTP/1.1" 200 27
101.83.145.79 - - [13/Sep/2021:10:13:56 +0800] "GET /xingrg/all/function/internal_message.html?_=1631499182457&CODE_STATE=getMsg HTTP/1.1" 200 27
116.237.74.154 - - [13/Sep/2021:10:13:56 +0800] "GET /xingrg/all/function/internal_message.html?_=1631499234400&CODE_STATE=getMsg HTTP/1.1" 200 27
222.69.128.101 - - [13/Sep/2021:10:13:57 +0800] "GET /xingrg/kc/buy/cgsh_order_add.html HTTP/1.1" 200 63479
180.169.147.146 - - [13/Sep/2021:10:13:57 +0800] "GET /xingrg/all/function/internal_message.html?_=1631499235576&CODE_STATE=getMsg HTTP/1.1" 200 27
222.69.128.101 - - [13/Sep/2021:10:13:57 +0800] "POST /xingrg/kc/buy/cgsh_order_operate.html HTTP/1.1" 200 8245
222.69.128.101 - - [13/Sep/2021:10:13:57 +0800] "GET /xingrg/javascript/easyui/themes/default/validatebox.css HTTP/1.1" 404 1104
222.70.246.151 - - [13/Sep/2021:10:13:58 +0800] "GET /xingrg/all/function/internal_message.html?_=1631499238241&CODE_STATE=getMsg HTTP/1.1" 302 -
222.69.128.101 - - [13/Sep/2021:10:14:05 +0800] "GET /xingrg/kc/buy/cgsh_order_operate.html?command=get_materiel&rest_code=00149&code=00101011003&supplier_code=00100051&order_time=2021-09-13 HTTP/1.1" 200 413
222.69.128.101 - - [13/Sep/2021:10:14:08 +0800] "GET /xingrg/all/function/internal_message.html?_=1631499244863&CODE_STATE=getMsg HTTP/1.1" 200 27
58.37.227.186 - - [13/Sep/2021:10:14:08 +0800] "GET /xingrg/all/function/internal_message.html?_=1631499119086&CODE_STATE=getMsg HTTP/1.1" 200 27
222.69.128.101 - - [13/Sep/2021:10:14:09 +0800] "GET /xingrg/check_reg.html?_=1631499246092 HTTP/1.1" 200 22
222.70.179.190 - - [13/Sep/2021:10:14:09 +0800] "GET /xingrg/all/function/internal_message.html?_=1631499247184&CODE_STATE=getMsg HTTP/1.1" 302 -
222.70.179.190 - - [13/Sep/2021:10:14:15 +0800] "GET /xingrg/all/function/internal_message.html?_=1631499247451&CODE_STATE=getMsg HTTP/1.1" 200 27
222.70.179.190 - - [13/Sep/2021:10:14:15 +0800] "GET /xingrg/check_reg.html?_=1631499247453 HTTP/1.1" 200 22
120.253.135.82 - - [13/Sep/2021:10:14:20 +0800] "GET /xingrg/check_reg.html?_=1631499031575 HTTP/1.1" 200 22
120.253.135.82 - - [13/Sep/2021:10:14:20 +0800] "GET /xingrg/all/function/internal_message.html?_=1631499031764&CODE_STATE=getMsg HTTP/1.1" 200 27
222.69.128.101 - - [13/Sep/2021:10:14:21 +0800] "POST /xingrg/kc/buy/cgsh_order_operate.html HTTP/1.1" 200 37
101.93.222.235 - - [13/Sep/2021:10:14:22 +0800] "GET /favicon.ico HTTP/1.1" 404 -
116.238.194.18 - - [13/Sep/2021:10:14:22 +0800] "GET /xingrg/all/function/internal_message.html?_=1631499230563&CODE_STATE=getMsg HTTP/1.1" 200 27
222.69.128.101 - - [13/Sep/2021:10:14:31 +0800] "POST /xingrg/kc/buy/cgsh_order_operate.html HTTP/1.1" 200 12
101.83.145.79 - - [13/Sep/2021:10:14:31 +0800] "GET /xingrg/all/function/internal_message.html?_=1631499269734&CODE_STATE=getMsg HTTP/1.1" 200 27
222.69.128.101 - - [13/Sep/2021:10:14:33 +0800] "GET /xingrg/kc/buy/cgsh_order_info.html?code=212021091305545 HTTP/1.1" 200 58388
222.69.128.101 - - [13/Sep/2021:10:14:33 +0800] "GET /xingrg/javascript/easyui/themes/default/validatebox.css HTTP/1.1" 404 1104
222.69.128.101 - - [13/Sep/2021:10:14:33 +0800] "POST /xingrg/kc/buy/cgsh_order_operate.html HTTP/1.1" 200 606
222.69.128.101 - - [13/Sep/2021:10:14:36 +0800] "GET /xingrg/kc/print/load_data.html?order_code=212021091305545&kc_code=cgsh&condition= HTTP/1.1" 200 717
101.83.145.79 - - [13/Sep/2021:10:14:37 +0800] "GET /xingrg/all/function/internal_message.html?_=1631499274637&CODE_STATE=getMsg HTTP/1.1" 200 27
114.86.229.76 - - [13/Sep/2021:10:14:39 +0800] "GET /xingrg/all/function/internal_message.html?_=1631499277730&CODE_STATE=getMsg HTTP/1.1" 200 27
180.169.147.146 - - [13/Sep/2021:10:14:41 +0800] "GET /xingrg/all/function/internal_message.html?_=1631499279383&CODE_STATE=getMsg HTTP/1.1" 200 27
180.169.147.146 - - [13/Sep/2021:10:14:41 +0800] "GET /xingrg/check_reg.html?_=1631499279388 HTTP/1.1" 200 22
222.70.246.151 - - [13/Sep/2021:10:14:42 +0800] "GET /xingrg/all/function/internal_message.html?_=1631499281739&CODE_STATE=getMsg HTTP/1.1" 200 27
180.169.147.146 - - [13/Sep/2021:10:14:43 +0800] "GET /xingrg/kc/buy/cgsh_order_list.html HTTP/1.1" 200 47947
180.169.147.146 - - [13/Sep/2021:10:14:43 +0800] "GET /xingrg/css/base.css HTTP/1.1" 200 2811
180.169.147.146 - - [13/Sep/2021:10:14:43 +0800] "GET /xingrg/css/site.css HTTP/1.1" 200 7541
180.169.147.146 - - [13/Sep/2021:10:14:43 +0800] "GET /xingrg/javascript/jquery_tools/datebox.css HTTP/1.1" 200 2597
180.169.147.146 - - [13/Sep/2021:10:14:43 +0800] "GET /xingrg/javascript/auto/jquery.autocomplete.css HTTP/1.1" 200 587
180.169.147.146 - - [13/Sep/2021:10:14:43 +0800] "GET /xingrg/javascript/jquery_tools/fix.css HTTP/1.1" 200 1702
180.169.147.146 - - [13/Sep/2021:10:14:43 +0800] "GET /xingrg/javascript/easyui/themes/icon.css HTTP/1.1" 200 4483
180.169.147.146 - - [13/Sep/2021:10:14:43 +0800] "GET /xingrg/javascript/easyui/themes/default/easyui.css HTTP/1.1" 200 30432
180.169.147.146 - - [13/Sep/2021:10:14:43 +0800] "GET /xingrg/javascript/jquery_tools/table.css HTTP/1.1" 200 1032
180.169.147.146 - - [13/Sep/2021:10:14:43 +0800] "GET /xingrg/javascript/jquery_tools/jquery.tools.extend.js HTTP/1.1" 200 15385
180.169.147.146 - - [13/Sep/2021:10:14:43 +0800] "GET /xingrg/javascript/jquery_tools/jquery.tools.min.js HTTP/1.1" 200 138801
180.169.147.146 - - [13/Sep/2021:10:14:43 +0800] "GET /xingrg/javascript/jquery_tools/list_manager.js HTTP/1.1" 200 3652
180.169.147.146 - - [13/Sep/2021:10:14:43 +0800] "GET /xingrg/javascript/jquery_tools/jquery.tools.hotkey.js HTTP/1.1" 200 3242
180.169.147.146 - - [13/Sep/2021:10:14:43 +0800] "GET /xingrg/javascript/jquery_tools/jquery.tools.table.js HTTP/1.1" 200 6994
180.169.147.146 - - [13/Sep/2021:10:14:43 +0800] "GET /xingrg/javascript/easyui/easyloader.js HTTP/1.1" 200 5975
180.169.147.146 - - [13/Sep/2021:10:14:43 +0800] "GET /xingrg/javascript/auto/jquery.autocomplete.js HTTP/1.1" 200 21624
180.169.147.146 - - [13/Sep/2021:10:14:43 +0800] "GET /xingrg/javascript/print/LodopFuncs.js HTTP/1.1" 200 5121
180.169.147.146 - - [13/Sep/2021:10:14:43 +0800] "GET /xingrg/javascript/jquery.cookie.js HTTP/1.1" 200 5513
180.169.147.146 - - [13/Sep/2021:10:14:43 +0800] "GET /xingrg/javascript/easyui/themes/icons/edit_add_new.png HTTP/1.1" 200 2997
180.169.147.146 - - [13/Sep/2021:10:14:43 +0800] "GET /xingrg/javascript/easyui/themes/icons/cance_new.png HTTP/1.1" 200 3986
180.169.147.146 - - [13/Sep/2021:10:14:43 +0800] "GET /xingrg/javascript/easyui/themes/icons/check_new.png HTTP/1.1" 200 3224
180.169.147.146 - - [13/Sep/2021:10:14:43 +0800] "GET /xingrg/javascript/easyui/themes/icons/import_new.png HTTP/1.1" 200 1247
180.169.147.146 - - [13/Sep/2021:10:14:43 +0800] "GET /xingrg/javascript/easyui/themes/icons/uncheck_new.png HTTP/1.1" 200 3197
180.169.147.146 - - [13/Sep/2021:10:14:43 +0800] "GET /xingrg/javascript/easyui/themes/icons/field_new.png HTTP/1.1" 200 1097
180.169.147.146 - - [13/Sep/2021:10:14:43 +0800] "GET /xingrg/javascript/easyui/plugins/jquery.parser.js HTTP/1.1" 200 1142
180.169.147.146 - - [13/Sep/2021:10:14:44 +0800] "POST /xingrg/kc/buy/cgsh_list_operate.html HTTP/1.1" 200 876
180.169.147.146 - - [13/Sep/2021:10:14:46 +0800] "POST /xingrg/all/user/operate.html HTTP/1.1" 200 36
180.169.147.146 - - [13/Sep/2021:10:14:46 +0800] "GET /xingrg/index.html?sysBaseUrl=http%3A%2F%2F180.169.147.146%3A18081%2Fxingrg%2F&costTime=39×tamp=1631496102353 HTTP/1.1" 200 17503
180.169.147.146 - - [13/Sep/2021:10:14:46 +0800] "GET /xingrg/javascript/jquery_easy_ui/themes/default/easyui.css HTTP/1.1" 304 -
180.169.147.146 - - [13/Sep/2021:10:14:46 +0800] "GET /xingrg/javascript/jquery_easy_ui/themes/icon.css HTTP/1.1" 304 -
180.169.147.146 - - [13/Sep/2021:10:14:46 +0800] "GET /xingrg/css/form.css HTTP/1.1" 304 -
180.169.147.146 - - [13/Sep/2021:10:14:46 +0800] "GET /xingrg/javascript/jquery-1.4.2.min.js HTTP/1.1" 304 -
180.169.147.146 - - [13/Sep/2021:10:14:46 +0800] "GET /xingrg/javascript/jquery_easy_ui/jquery.easyui.min.js HTTP/1.1" 304 -
180.169.147.146 - - [13/Sep/2021:10:14:46 +0800] "GET /xingrg/javascript/jquery_easy_ui/easyui-lang-zh_CN.js HTTP/1.1" 304 -
180.169.147.146 - - [13/Sep/2021:10:14:46 +0800] "GET /xingrg/javascript/jquery.form.js HTTP/1.1" 304 -
180.169.147.146 - - [13/Sep/2021:10:14:46 +0800] "GET /xingrg/javascript/jquery.utils.js HTTP/1.1" 304 -
180.169.147.146 - - [13/Sep/2021:10:14:46 +0800] "GET /xingrg/javascript/jquery.timers.js HTTP/1.1" 304 -
180.169.147.146 - - [13/Sep/2021:10:14:46 +0800] "GET /xingrg/images/blue/jxLogo.png HTTP/1.1" 304 -
180.169.147.146 - - [13/Sep/2021:10:14:46 +0800] "GET /xingrg/images/blue/navBackgound.jpg HTTP/1.1" 304 -
180.169.147.146 - - [13/Sep/2021:10:14:46 +0800] "GET /xingrg/javascript/jquery_easy_ui/themes/icons/settle_new.png HTTP/1.1" 304 -
180.169.147.146 - - [13/Sep/2021:10:14:46 +0800] "POST /xingrg/all/common/load_tree.html?tree=area_rest_tree_json&manage=1 HTTP/1.1" 200 3472
180.169.147.146 - - [13/Sep/2021:10:14:46 +0800] "GET /xingrg/all/function/internal_message.html?_=1631499284523&CODE_STATE=count HTTP/1.1" 200 11
180.169.147.146 - - [13/Sep/2021:10:14:46 +0800] "GET /xingrg/check_reg.html?_=1631499284524 HTTP/1.1" 200 22
180.169.147.146 - - [13/Sep/2021:10:14:46 +0800] "GET /xingrg/javascript/jquery_easy_ui/themes/default/images/tabs_leftarrow.png HTTP/1.1" 304 -
180.169.147.146 - - [13/Sep/2021:10:14:46 +0800] "GET /xingrg/javascript/jquery_easy_ui/themes/default/images/panel_tool_collapse.gif HTTP/1.1" 304 -
180.169.147.146 - - [13/Sep/2021:10:14:46 +0800] "GET /xingrg/images/blue/pingpu.png HTTP/1.1" 304 -
180.169.147.146 - - [13/Sep/2021:10:14:46 +0800] "GET /xingrg/javascript/jquery_easy_ui/themes/default/images/tabs_rightarrow.png HTTP/1.1" 304 -
180.169.147.146 - - [13/Sep/2021:10:14:46 +0800] "GET /xingrg/javascript/jquery_easy_ui/themes/default/images/panel_tool_expand.gif HTTP/1.1" 304 -
180.169.147.146 - - [13/Sep/2021:10:14:46 +0800] "POST /xingrg/load_menu.html HTTP/1.1" 200 11564
116.230.105.26 - - [13/Sep/2021:10:14:48 +0800] "GET /xingrg/all/function/internal_message.html?_=1631499281507&CODE_STATE=getMsg HTTP/1.1" 200 27
180.169.147.146 - - [13/Sep/2021:10:14:52 +0800] "GET /xingrg/kc/buy/cgsh_order_list.html HTTP/1.1" 200 47943
180.169.147.146 - - [13/Sep/2021:10:14:52 +0800] "POST /xingrg/kc/buy/cgsh_list_operate.html HTTP/1.1" 200 876
116.238.168.124 - - [13/Sep/2021:10:14:56 +0800] "GET /xingrg/all/function/internal_message.html?_=1631499273485&CODE_STATE=getMsg HTTP/1.1" 200 27
101.83.145.79 - - [13/Sep/2021:10:14:56 +0800] "GET /xingrg/all/function/internal_message.html?_=1631499242482&CODE_STATE=getMsg HTTP/1.1" 200 27
116.237.74.154 - - [13/Sep/2021:10:14:56 +0800] "GET /xingrg/all/function/internal_message.html?_=1631499294393&CODE_STATE=getMsg HTTP/1.1" 200 27
180.169.147.146 - - [13/Sep/2021:10:14:57 +0800] "GET /xingrg/all/function/internal_message.html?_=1631499295575&CODE_STATE=getMsg HTTP/1.1" 200 27
222.70.246.151 - - [13/Sep/2021:10:14:58 +0800] "GET /xingrg/all/function/internal_message.html?_=1631499298242&CODE_STATE=getMsg HTTP/1.1" 302 -
180.169.147.146 - - [13/Sep/2021:10:15:01 +0800] "GET /xingrg/javascript/auto/indicator.gif HTTP/1.1" 404 1066
222.69.128.101 - - [13/Sep/2021:10:15:08 +0800] "GET /xingrg/all/function/internal_message.html?_=1631499304844&CODE_STATE=getMsg HTTP/1.1" 200 27
58.37.227.186 - - [13/Sep/2021:10:15:08 +0800] "GET /xingrg/all/function/internal_message.html?_=1631499179094&CODE_STATE=getMsg HTTP/1.1" 200 27
180.169.147.146 - - [13/Sep/2021:10:15:09 +0800] "POST /xingrg/kc/buy/cgsh_list_operate.html HTTP/1.1" 200 876
222.70.179.190 - - [13/Sep/2021:10:15:09 +0800] "GET /xingrg/all/function/internal_message.html?_=1631499307172&CODE_STATE=getMsg HTTP/1.1" 302 -
180.169.147.146 - - [13/Sep/2021:10:15:13 +0800] "POST /xingrg/kc/buy/cgsh_list_operate.html HTTP/1.1" 200 2113
58.37.227.186 - - [13/Sep/2021:10:15:13 +0800] "GET /xingrg/check_reg.html?_=1631499184657 HTTP/1.1" 200 22
222.70.179.190 - - [13/Sep/2021:10:15:15 +0800] "GET /xingrg/all/function/internal_message.html?_=1631499307452&CODE_STATE=getMsg HTTP/1.1" 200 27
58.40.7.146 - - [13/Sep/2021:10:15:15 +0800] "GET /xingrg/check_reg.html?_=1631499313781 HTTP/1.1" 302 -
180.169.147.146 - - [13/Sep/2021:10:15:18 +0800] "GET /xingrg/javascript/easyui/themes/default/images/button_plain_hover.png HTTP/1.1" 200 144
120.253.135.82 - - [13/Sep/2021:10:15:20 +0800] "GET /xingrg/all/function/internal_message.html?_=1631499091773&CODE_STATE=getMsg HTTP/1.1" 200 27
116.238.194.18 - - [13/Sep/2021:10:15:22 +0800] "GET /xingrg/all/function/internal_message.html?_=1631499290598&CODE_STATE=getMsg HTTP/1.1" 200 27
101.93.222.235 - - [13/Sep/2021:10:15:23 +0800] "POST /xingrg/services/DataTransmitService HTTP/1.1" 200 524
101.93.222.235 - - [13/Sep/2021:10:15:24 +0800] "POST /xingrg/services/DataTransmitService HTTP/1.1" 200 2071
101.93.222.235 - - [13/Sep/2021:10:15:25 +0800] "POST /xingrg/services/DataTransmitService HTTP/1.1" 200 143544
180.169.147.146 - - [13/Sep/2021:10:15:26 +0800] "GET /xingrg/kc/buy/cgth_order_list.html HTTP/1.1" 200 47346
180.169.147.146 - - [13/Sep/2021:10:15:27 +0800] "POST /xingrg/kc/buy/cgth_list_operate.html HTTP/1.1" 200 1921
58.221.95.50 - - [13/Sep/2021:10:15:27 +0800] "GET /xingrg/check_reg.html?_=1631499328626 HTTP/1.1" 302 -
101.83.145.79 - - [13/Sep/2021:10:15:31 +0800] "GET /xingrg/all/function/internal_message.html?_=1631499329709&CODE_STATE=getMsg HTTP/1.1" 200 27
180.169.147.146 - - [13/Sep/2021:10:15:36 +0800] "POST /xingrg/kc/buy/cgth_list_operate.html HTTP/1.1" 200 1035
101.83.145.79 - - [13/Sep/2021:10:15:37 +0800] "GET /xingrg/all/function/internal_message.html?_=1631499334625&CODE_STATE=getMsg HTTP/1.1" 200 27
180.169.147.146 - - [13/Sep/2021:10:15:37 +0800] "POST /xingrg/kc/buy/cgth_list_operate.html HTTP/1.1" 200 1035
180.169.147.146 - - [13/Sep/2021:10:15:38 +0800] "GET /xingrg/kc/buy/cgth_order_list.html HTTP/1.1" 200 47346
180.169.147.146 - - [13/Sep/2021:10:15:38 +0800] "GET /xingrg/kc/buy/cgsh_order_list.html HTTP/1.1" 200 47943
180.169.147.146 - - [13/Sep/2021:10:15:38 +0800] "POST /xingrg/kc/buy/cgth_list_operate.html HTTP/1.1" 200 1921
114.86.229.76 - - [13/Sep/2021:10:15:39 +0800] "GET /xingrg/all/function/internal_message.html?_=1631499337729&CODE_STATE=getMsg HTTP/1.1" 200 27
180.169.147.146 - - [13/Sep/2021:10:15:39 +0800] "POST /xingrg/kc/buy/cgsh_list_operate.html HTTP/1.1" 200 876
222.70.246.151 - - [13/Sep/2021:10:15:40 +0800] "GET /xingrg/check_reg.html?_=1631499340312 HTTP/1.1" 302 -
101.93.222.235 - - [13/Sep/2021:10:15:41 +0800] "POST /xingrg/services/DataTransmitService HTTP/1.1" 200 524
180.169.147.146 - - [13/Sep/2021:10:15:41 +0800] "GET /xingrg/all/function/internal_message.html?_=1631499339376&CODE_STATE=getMsg HTTP/1.1" 200 27
101.93.222.235 - - [13/Sep/2021:10:15:41 +0800] "POST /xingrg/services/DataTransmitService HTTP/1.1" 200 497
222.70.246.151 - - [13/Sep/2021:10:15:42 +0800] "GET /xingrg/all/function/internal_message.html?_=1631499341911&CODE_STATE=getMsg HTTP/1.1" 200 27
101.93.222.235 - - [13/Sep/2021:10:15:43 +0800] "POST /xingrg/services/DataTransmitService HTTP/1.1" 200 524
101.93.222.235 - - [13/Sep/2021:10:15:45 +0800] "POST /xingrg/services/DataTransmitService HTTP/1.1" 200 501
101.93.222.235 - - [13/Sep/2021:10:15:46 +0800] "POST /xingrg/services/DataTransmitService HTTP/1.1" 200 524
180.169.147.146 - - [13/Sep/2021:10:15:46 +0800] "GET /xingrg/all/function/internal_message.html?_=1631499344543&CODE_STATE=getMsg HTTP/1.1" 200 27
116.230.105.26 - - [13/Sep/2021:10:15:48 +0800] "GET /xingrg/all/function/internal_message.html?_=1631499341513&CODE_STATE=getMsg HTTP/1.1" 200 27
180.169.147.146 - - [13/Sep/2021:10:15:51 +0800] "POST /xingrg/kc/buy/cgsh_list_operate.html HTTP/1.1" 200 2113
116.238.168.124 - - [13/Sep/2021:10:15:56 +0800] "GET /xingrg/all/function/internal_message.html?_=1631499333498&CODE_STATE=getMsg HTTP/1.1" 200 27
101.83.145.79 - - [13/Sep/2021:10:15:56 +0800] "GET /xingrg/all/function/internal_message.html?_=1631499302482&CODE_STATE=getMsg HTTP/1.1" 200 27
101.83.145.79 - - [13/Sep/2021:10:15:56 +0800] "GET /xingrg/check_reg.html?_=1631499302485 HTTP/1.1" 200 22
116.237.74.154 - - [13/Sep/2021:10:15:56 +0800] "GET /xingrg/all/function/internal_message.html?_=1631499354405&CODE_STATE=getMsg HTTP/1.1" 200 27
180.169.147.146 - - [13/Sep/2021:10:15:57 +0800] "GET /xingrg/all/function/internal_message.html?_=1631499355573&CODE_STATE=getMsg HTTP/1.1" 200 27
222.70.246.151 - - [13/Sep/2021:10:15:58 +0800] "GET /xingrg/all/function/internal_message.html?_=1631499358266&CODE_STATE=getMsg HTTP/1.1" 302 -
172.20.0.100 - - [13/Sep/2021:10:16:06 +0800] "GET /xingrg/login.html HTTP/1.1" 200 7636
172.20.0.100 - - [13/Sep/2021:10:16:06 +0800] "GET /xingrg/images/blue/jxLogo.png HTTP/1.1" 200 6156
172.20.0.100 - - [13/Sep/2021:10:16:06 +0800] "GET /xingrg/images/blue/login_bg.png HTTP/1.1" 200 22101
172.20.0.100 - - [13/Sep/2021:10:16:06 +0800] "GET /xingrg/images/blue/hj.png HTTP/1.1" 200 1014
172.20.0.100 - - [13/Sep/2021:10:16:06 +0800] "GET /xingrg/images/blue/srbg.png HTTP/1.1" 200 138
172.20.0.100 - - [13/Sep/2021:10:16:07 +0800] "GET /favicon.ico HTTP/1.1" 404 -
222.69.128.101 - - [13/Sep/2021:10:16:08 +0800] "GET /xingrg/all/function/internal_message.html?_=1631499364827&CODE_STATE=getMsg HTTP/1.1" 200 27
58.37.227.186 - - [13/Sep/2021:10:16:08 +0800] "GET /xingrg/all/function/internal_message.html?_=1631499239072&CODE_STATE=getMsg HTTP/1.1" 200 27
222.70.179.190 - - [13/Sep/2021:10:16:09 +0800] "GET /xingrg/all/function/internal_message.html?_=1631499367151&CODE_STATE=getMsg HTTP/1.1" 302 -
101.93.222.235 - - [13/Sep/2021:10:16:12 +0800] "POST /xingrg/services/DataTransmitService HTTP/1.1" 200 501
101.93.222.235 - - [13/Sep/2021:10:16:13 +0800] "POST /xingrg/services/DataTransmitService HTTP/1.1" 200 501
172.20.0.100 - - [13/Sep/2021:10:16:14 +0800] "POST /xingrg/login.do HTTP/1.1" 302 -
172.20.0.100 - - [13/Sep/2021:10:16:14 +0800] "GET /xingrg/index.html?sysBaseUrl=http%3A%2F%2F172.20.0.8%3A18081%2Fxingrg%2F&costTime=43×tamp=1631499374065 HTTP/1.1" 200 17448
172.20.0.100 - - [13/Sep/2021:10:16:14 +0800] "GET /xingrg/javascript/jquery_easy_ui/themes/default/easyui.css HTTP/1.1" 200 26500
172.20.0.100 - - [13/Sep/2021:10:16:14 +0800] "GET /xingrg/javascript/jquery_easy_ui/themes/icon.css HTTP/1.1" 200 3949
172.20.0.100 - - [13/Sep/2021:10:16:14 +0800] "GET /xingrg/css/form.css HTTP/1.1" 200 893
172.20.0.100 - - [13/Sep/2021:10:16:14 +0800] "GET /xingrg/javascript/jquery-1.4.2.min.js HTTP/1.1" 200 72205
172.20.0.100 - - [13/Sep/2021:10:16:14 +0800] "GET /xingrg/javascript/jquery_easy_ui/jquery.easyui.min.js HTTP/1.1" 200 213662
172.20.0.100 - - [13/Sep/2021:10:16:14 +0800] "GET /xingrg/javascript/jquery_easy_ui/easyui-lang-zh_CN.js HTTP/1.1" 200 1900
172.20.0.100 - - [13/Sep/2021:10:16:14 +0800] "GET /xingrg/javascript/jquery.form.js HTTP/1.1" 200 23110
172.20.0.100 - - [13/Sep/2021:10:16:14 +0800] "GET /xingrg/javascript/jquery.utils.js HTTP/1.1" 200 11805
172.20.0.100 - - [13/Sep/2021:10:16:14 +0800] "GET /xingrg/javascript/jquery.timers.js HTTP/1.1" 200 3532
101.93.222.235 - - [13/Sep/2021:10:16:14 +0800] "POST /xingrg/services/DataTransmitService HTTP/1.1" 200 501
172.20.0.100 - - [13/Sep/2021:10:16:14 +0800] "GET /favicon.ico HTTP/1.1" 404 -
172.20.0.100 - - [13/Sep/2021:10:16:14 +0800] "GET /xingrg/javascript/jquery_easy_ui/themes/icons/settle_new.png HTTP/1.1" 200 826
172.20.0.100 - - [13/Sep/2021:10:16:14 +0800] "GET /xingrg/images/blue/navBackgound.jpg HTTP/1.1" 200 12378
172.20.0.100 - - [13/Sep/2021:10:16:14 +0800] "POST /xingrg/all/common/load_tree.html?tree=area_rest_tree_json&manage=1 HTTP/1.1" 200 3472
172.20.0.100 - - [13/Sep/2021:10:16:14 +0800] "GET /xingrg/all/function/internal_message.html?_=1631499372774&CODE_STATE=count HTTP/1.1" 200 11
172.20.0.100 - - [13/Sep/2021:10:16:14 +0800] "GET /xingrg/check_reg.html?_=1631499372776 HTTP/1.1" 200 22
172.20.0.100 - - [13/Sep/2021:10:16:14 +0800] "GET /xingrg/images/blue/pingpu.png HTTP/1.1" 200 231
172.20.0.100 - - [13/Sep/2021:10:16:14 +0800] "GET /xingrg/javascript/jquery_easy_ui/themes/default/images/tabs_leftarrow.png HTTP/1.1" 200 389
172.20.0.100 - - [13/Sep/2021:10:16:14 +0800] "GET /xingrg/javascript/jquery_easy_ui/themes/default/images/tabs_rightarrow.png HTTP/1.1" 200 395
172.20.0.100 - - [13/Sep/2021:10:16:14 +0800] "GET /xingrg/javascript/jquery_easy_ui/themes/default/images/panel_tool_expand.gif HTTP/1.1" 200 247
172.20.0.100 - - [13/Sep/2021:10:16:14 +0800] "GET /xingrg/javascript/jquery_easy_ui/themes/default/images/panel_tool_collapse.gif HTTP/1.1" 200 246
172.20.0.100 - - [13/Sep/2021:10:16:14 +0800] "POST /xingrg/load_menu.html HTTP/1.1" 200 11529
172.20.0.100 - - [13/Sep/2021:10:16:14 +0800] "GET /xingrg/javascript/jquery_easy_ui/themes/default/images/tree_arrows.gif HTTP/1.1" 200 1043
172.20.0.100 - - [13/Sep/2021:10:16:14 +0800] "GET /xingrg/javascript/jquery_easy_ui/themes/default/images/tree_folder_open.gif HTTP/1.1" 200 956
172.20.0.100 - - [13/Sep/2021:10:16:14 +0800] "GET /xingrg/javascript/jquery_easy_ui/themes/icons/search_new.png HTTP/1.1" 200 586
172.20.0.100 - - [13/Sep/2021:10:16:14 +0800] "GET /xingrg/javascript/jquery_easy_ui/themes/icons/delivery_new.png HTTP/1.1" 200 700
172.20.0.100 - - [13/Sep/2021:10:16:14 +0800] "GET /xingrg/javascript/jquery_easy_ui/themes/icons/storage_new.png HTTP/1.1" 200 853
172.20.0.100 - - [13/Sep/2021:10:16:14 +0800] "GET /xingrg/javascript/jquery_easy_ui/themes/icons/checkout_new.png HTTP/1.1" 200 744
172.20.0.100 - - [13/Sep/2021:10:16:14 +0800] "GET /xingrg/javascript/jquery_easy_ui/themes/icons/forms_new.png HTTP/1.1" 200 350
172.20.0.100 - - [13/Sep/2021:10:16:14 +0800] "GET /xingrg/javascript/jquery_easy_ui/themes/icons/setting_new.png HTTP/1.1" 200 450
172.20.0.100 - - [13/Sep/2021:10:16:14 +0800] "GET /xingrg/javascript/jquery_easy_ui/themes/icons/systemset_new.png HTTP/1.1" 200 606
172.20.0.100 - - [13/Sep/2021:10:16:14 +0800] "GET /xingrg/javascript/jquery_easy_ui/themes/default/images/tree_file.gif HTTP/1.1" 200 118
172.20.0.100 - - [13/Sep/2021:10:16:14 +0800] "GET /xingrg/javascript/jquery_easy_ui/themes/default/images/tree_folder.gif HTTP/1.1" 200 952
101.93.222.235 - - [13/Sep/2021:10:16:15 +0800] "POST /xingrg/services/DataTransmitService HTTP/1.1" 200 501
101.93.222.235 - - [13/Sep/2021:10:16:15 +0800] "POST /xingrg/services/DataTransmitService HTTP/1.1" 200 501
222.70.179.190 - - [13/Sep/2021:10:16:15 +0800] "GET /xingrg/all/function/internal_message.html?_=1631499367452&CODE_STATE=getMsg HTTP/1.1" 200 27
172.20.0.100 - - [13/Sep/2021:10:16:15 +0800] "GET /xingrg/javascript/jquery_easy_ui/themes/icons/area.png HTTP/1.1" 200 262
172.20.0.100 - - [13/Sep/2021:10:16:15 +0800] "GET /xingrg/javascript/jquery_easy_ui/themes/icons/manage.png HTTP/1.1" 200 696
172.20.0.100 - - [13/Sep/2021:10:16:15 +0800] "GET /xingrg/javascript/jquery_easy_ui/themes/icons/rest.png HTTP/1.1" 200 695
172.20.0.100 - - [13/Sep/2021:10:16:15 +0800] "GET /xingrg/javascript/jquery_easy_ui/themes/default/images/button_a_bg.gif HTTP/1.1" 200 1194
172.20.0.100 - - [13/Sep/2021:10:16:15 +0800] "GET /xingrg/javascript/jquery_easy_ui/themes/default/images/button_span_bg.gif HTTP/1.1" 200 2061
172.20.0.100 - - [13/Sep/2021:10:16:15 +0800] "GET /xingrg/javascript/jquery_easy_ui/themes/icons/ok.png HTTP/1.1" 200 883
172.20.0.100 - - [13/Sep/2021:10:16:15 +0800] "GET /xingrg/javascript/jquery_easy_ui/themes/default/images/panel_title.png HTTP/1.1" 200 266
172.20.0.100 - - [13/Sep/2021:10:16:15 +0800] "GET /xingrg/javascript/jquery_easy_ui/themes/default/images/panel_tools.gif HTTP/1.1" 200 737
101.93.222.235 - - [13/Sep/2021:10:16:15 +0800] "POST /xingrg/services/DataTransmitService HTTP/1.1" 200 501
101.93.222.235 - - [13/Sep/2021:10:16:16 +0800] "POST /xingrg/services/DataTransmitService HTTP/1.1" 200 501
101.93.222.235 - - [13/Sep/2021:10:16:16 +0800] "POST /xingrg/services/DataTransmitService HTTP/1.1" 200 501
101.93.222.235 - - [13/Sep/2021:10:16:17 +0800] "POST /xingrg/services/DataTransmitService HTTP/1.1" 200 501
101.93.222.235 - - [13/Sep/2021:10:16:17 +0800] "POST /xingrg/services/DataTransmitService HTTP/1.1" 200 501
101.93.222.235 - - [13/Sep/2021:10:16:17 +0800] "POST /xingrg/services/DataTransmitService HTTP/1.1" 200 412
180.169.147.146 - - [13/Sep/2021:10:16:17 +0800] "POST /xingrg/kc/buy/cgsh_list_operate.html HTTP/1.1" 200 206
180.169.147.146 - - [13/Sep/2021:10:16:19 +0800] "GET /xingrg/kc/buy/cgsh_order_info.html?code=212021082109824 HTTP/1.1" 200 57654
180.169.147.146 - - [13/Sep/2021:10:16:19 +0800] "GET /xingrg/javascript/convert.js HTTP/1.1" 200 1239
180.169.147.146 - - [13/Sep/2021:10:16:19 +0800] "GET /xingrg/javascript/jquery_tools/order_manager.js HTTP/1.1" 200 11183
180.169.147.146 - - [13/Sep/2021:10:16:19 +0800] "GET /xingrg/javascript/print/kc_print.js HTTP/1.1" 200 11415
180.169.147.146 - - [13/Sep/2021:10:16:19 +0800] "GET /xingrg/words/20210912165527_words.js HTTP/1.1" 200 847134
180.169.147.146 - - [13/Sep/2021:10:16:19 +0800] "GET /xingrg/javascript/easyui/themes/default/images/menu_downarrow.png HTTP/1.1" 200 173
180.169.147.146 - - [13/Sep/2021:10:16:19 +0800] "GET /xingrg/javascript/easyui/themes/icons/cancel.png HTTP/1.1" 200 1133
180.169.147.146 - - [13/Sep/2021:10:16:19 +0800] "GET /xingrg/javascript/easyui/themes/icons/copy_new.png HTTP/1.1" 200 815
180.169.147.146 - - [13/Sep/2021:10:16:19 +0800] "GET /xingrg/javascript/easyui/themes/icons/print.png HTTP/1.1" 200 1057
180.169.147.146 - - [13/Sep/2021:10:16:19 +0800] "GET /xingrg/javascript/easyui/themes/default/validatebox.css HTTP/1.1" 404 1104
180.169.147.146 - - [13/Sep/2021:10:16:19 +0800] "GET /xingrg/javascript/easyui/plugins/jquery.validatebox.js HTTP/1.1" 200 6103
180.169.147.146 - - [13/Sep/2021:10:16:19 +0800] "GET /xingrg/javascript/easyui/plugins/jquery.numberbox.js HTTP/1.1" 200 5213
180.169.147.146 - - [13/Sep/2021:10:16:20 +0800] "POST /xingrg/kc/buy/cgsh_order_operate.html HTTP/1.1" 200 621
180.169.147.146 - - [13/Sep/2021:10:16:20 +0800] "GET /xingrg/javascript/easyui/themes/icons/edit_remove.png HTTP/1.1" 200 625
120.253.135.82 - - [13/Sep/2021:10:16:20 +0800] "GET /xingrg/all/function/internal_message.html?_=1631499151787&CODE_STATE=getMsg HTTP/1.1" 200 27
116.238.194.18 - - [13/Sep/2021:10:16:22 +0800] "GET /xingrg/all/function/internal_message.html?_=1631499350606&CODE_STATE=getMsg HTTP/1.1" 200 27
101.83.145.79 - - [13/Sep/2021:10:16:31 +0800] "GET /xingrg/all/function/internal_message.html?_=1631499389680&CODE_STATE=getMsg HTTP/1.1" 200 27
101.83.145.79 - - [13/Sep/2021:10:16:32 +0800] "GET /xingrg/check_reg.html?_=1631499390565 HTTP/1.1" 200 22
222.70.246.151 - - [13/Sep/2021:10:16:36 +0800] "GET /xingrg/check_reg.html?_=1631499396044 HTTP/1.1" 200 22
172.20.0.100 - - [13/Sep/2021:10:16:37 +0800] "GET /xingrg/javascript/jquery_easy_ui/themes/default/images/button_plain_hover.png HTTP/1.1" 200 252
101.83.145.79 - - [13/Sep/2021:10:16:37 +0800] "GET /xingrg/all/function/internal_message.html?_=1631499394626&CODE_STATE=getMsg HTTP/1.1" 200 27
116.237.74.154 - - [13/Sep/2021:10:16:39 +0800] "GET /xingrg/kc/buy/buy_main.html HTTP/1.1" 200 12412
114.86.229.76 - - [13/Sep/2021:10:16:39 +0800] "GET /xingrg/all/function/internal_message.html?_=1631499397728&CODE_STATE=getMsg HTTP/1.1" 200 27
114.86.229.76 - - [13/Sep/2021:10:16:39 +0800] "GET /xingrg/check_reg.html?_=1631499397729 HTTP/1.1" 200 22
116.237.74.154 - - [13/Sep/2021:10:16:40 +0800] "GET /xingrg/css/new_ie.css HTTP/1.1" 404 1036
180.169.147.146 - - [13/Sep/2021:10:16:41 +0800] "GET /xingrg/all/function/internal_message.html?_=1631499399381&CODE_STATE=getMsg HTTP/1.1" 200 27
222.70.246.151 - - [13/Sep/2021:10:16:42 +0800] "GET /xingrg/all/function/internal_message.html?_=1631499401923&CODE_STATE=getMsg HTTP/1.1" 200 27
222.70.179.190 - - [13/Sep/2021:10:16:43 +0800] "GET /xingrg/check_reg.html?_=1631499401413 HTTP/1.1" 302 -
116.237.74.154 - - [13/Sep/2021:10:16:44 +0800] "GET /xingrg/images/yd/bt.gif HTTP/1.1" 404 1040
116.237.74.154 - - [13/Sep/2021:10:16:44 +0800] "GET /xingrg/kc/buy/cgsh_order_list.html HTTP/1.1" 200 47688
180.169.147.146 - - [13/Sep/2021:10:16:46 +0800] "GET /xingrg/all/function/internal_message.html?_=1631499404538&CODE_STATE=getMsg HTTP/1.1" 200 27
116.230.105.26 - - [13/Sep/2021:10:16:48 +0800] "GET /xingrg/all/function/internal_message.html?_=1631499401525&CODE_STATE=getMsg HTTP/1.1" 200 27
116.230.105.26 - - [13/Sep/2021:10:16:48 +0800] "GET /xingrg/check_reg.html?_=1631499401526 HTTP/1.1" 200 22
116.237.74.154 - - [13/Sep/2021:10:16:51 +0800] "POST /xingrg/kc/buy/cgsh_list_operate.html HTTP/1.1" 200 876
116.237.74.154 - - [13/Sep/2021:10:16:52 +0800] "GET /xingrg/kc/buy/cgsh_order_add.html HTTP/1.1" 200 63432
116.237.74.154 - - [13/Sep/2021:10:16:52 +0800] "GET /xingrg/words/20210912165527_words.js HTTP/1.1" 304 -
116.237.74.154 - - [13/Sep/2021:10:16:53 +0800] "POST /xingrg/kc/buy/cgsh_order_operate.html HTTP/1.1" 200 8245
116.237.74.154 - - [13/Sep/2021:10:16:53 +0800] "GET /xingrg/all/common/auto_word.html?type=employee&rest_code=00106 HTTP/1.1" 200 205
116.237.74.154 - - [13/Sep/2021:10:16:53 +0800] "GET /xingrg/all/common/auto_word.html?type=employee&rest_code=00106 HTTP/1.1" 200 205
116.237.74.154 - - [13/Sep/2021:10:16:53 +0800] "GET /xingrg/javascript/easyui/themes/default/validatebox.css HTTP/1.1" 404 1104
116.237.74.154 - - [13/Sep/2021:10:16:55 +0800] "GET /xingrg/javascript/easyui/themes/default/tree.css HTTP/1.1" 404 1090
116.237.74.154 - - [13/Sep/2021:10:16:55 +0800] "POST /xingrg/all/common/load_tree.html?tree=supplier_tree_json&isDelete=1 HTTP/1.1" 200 57687
101.83.145.79 - - [13/Sep/2021:10:16:56 +0800] "GET /xingrg/all/function/internal_message.html?_=1631499362486&CODE_STATE=getMsg HTTP/1.1" 200 27
116.238.168.124 - - [13/Sep/2021:10:16:57 +0800] "GET /xingrg/all/function/internal_message.html?_=1631499394516&CODE_STATE=getMsg HTTP/1.1" 200 27
180.169.147.146 - - [13/Sep/2021:10:16:57 +0800] "GET /xingrg/all/function/internal_message.html?_=1631499415572&CODE_STATE=getMsg HTTP/1.1" 200 27
180.169.147.146 - - [13/Sep/2021:10:16:57 +0800] "GET /xingrg/check_reg.html?_=1631499415574 HTTP/1.1" 200 22
116.237.74.154 - - [13/Sep/2021:10:16:57 +0800] "GET /xingrg/all/function/internal_message.html?_=1631499415294&CODE_STATE=getMsg HTTP/1.1" 200 27
183.192.93.182 - - [13/Sep/2021:10:16:58 +0800] "GET /xingrg/check_reg.html?_=1631499418016 HTTP/1.1" 302 -
222.70.246.151 - - [13/Sep/2021:10:16:58 +0800] "GET /xingrg/all/function/internal_message.html?_=1631499418270&CODE_STATE=getMsg HTTP/1.1" 302 -
222.69.128.101 - - [13/Sep/2021:10:17:08 +0800] "GET /xingrg/all/function/internal_message.html?_=1631499424811&CODE_STATE=getMsg HTTP/1.1" 200 27
58.37.227.186 - - [13/Sep/2021:10:17:08 +0800] "GET /xingrg/all/function/internal_message.html?_=1631499299041&CODE_STATE=getMsg HTTP/1.1" 200 27
222.70.179.190 - - [13/Sep/2021:10:17:09 +0800] "GET /xingrg/all/function/internal_message.html?_=1631499427141&CODE_STATE=getMsg HTTP/1.1" 302 -
116.237.74.154 - - [13/Sep/2021:10:17:11 +0800] "GET /xingrg/javascript/auto/indicator.gif HTTP/1.1" 404 1066
172.20.0.100 - - [13/Sep/2021:10:17:14 +0800] "GET /xingrg/all/function/internal_message.html?_=1631499432798&CODE_STATE=getMsg HTTP/1.1" 200 27
222.70.179.190 - - [13/Sep/2021:10:17:15 +0800] "GET /xingrg/all/function/internal_message.html?_=1631499427451&CODE_STATE=getMsg HTTP/1.1" 200 27
116.237.74.154 - - [13/Sep/2021:10:17:17 +0800] "GET /xingrg/kc/buy/cgsh_order_operate.html?command=get_materiel&rest_code=00106&code=00101008110&supplier_code=00100007&order_time=2021-09-13 HTTP/1.1" 200 408
120.253.135.82 - - [13/Sep/2021:10:17:20 +0800] "GET /xingrg/all/function/internal_message.html?_=1631499211837&CODE_STATE=getMsg HTTP/1.1" 200 27
116.238.194.18 - - [13/Sep/2021:10:17:21 +0800] "GET /xingrg/check_reg.html?_=1631499409369 HTTP/1.1" 200 22
116.238.194.18 - - [13/Sep/2021:10:17:22 +0800] "GET /xingrg/all/function/internal_message.html?_=1631499410620&CODE_STATE=getMsg HTTP/1.1" 200 27
116.238.168.124 - - [13/Sep/2021:10:17:25 +0800] "GET /xingrg/check_reg.html?_=1631499422748 HTTP/1.1" 200 22
116.237.74.154 - - [13/Sep/2021:10:17:30 +0800] "GET /xingrg/kc/buy/cgsh_order_operate.html?command=get_materiel&rest_code=00106&code=00101008038&supplier_code=00100007&order_time=2021-09-13 HTTP/1.1" 200 412
101.83.145.79 - - [13/Sep/2021:10:17:31 +0800] "GET /xingrg/all/function/internal_message.html?_=1631499449658&CODE_STATE=getMsg HTTP/1.1" 200 27
101.83.145.79 - - [13/Sep/2021:10:17:37 +0800] "GET /xingrg/all/function/internal_message.html?_=1631499454629&CODE_STATE=getMsg HTTP/1.1" 200 27
101.83.145.79 - - [13/Sep/2021:10:17:37 +0800] "GET /xingrg/check_reg.html?_=1631499454634 HTTP/1.1" 200 22
116.237.74.154 - - [13/Sep/2021:10:17:37 +0800] "GET /xingrg/kc/buy/cgsh_order_operate.html?command=get_materiel&rest_code=00106&code=00101008004&supplier_code=00100007&order_time=2021-09-13 HTTP/1.1" 200 416
114.86.229.76 - - [13/Sep/2021:10:17:39 +0800] "GET /xingrg/all/function/internal_message.html?_=1631499457729&CODE_STATE=getMsg HTTP/1.1" 200 27
180.169.147.146 - - [13/Sep/2021:10:17:41 +0800] "GET /xingrg/all/function/internal_message.html?_=1631499459388&CODE_STATE=getMsg HTTP/1.1" 200 27
222.70.246.151 - - [13/Sep/2021:10:17:42 +0800] "GET /xingrg/all/function/internal_message.html?_=1631499461936&CODE_STATE=getMsg HTTP/1.1" 200 27
101.89.29.78 - - [13/Sep/2021:10:17:43 +0800] "GET /xingrg/kc/buy/cgsh_order_list.html HTTP/1.1" 302 -
101.89.29.78 - - [13/Sep/2021:10:17:45 +0800] "GET /xingrg/login.html HTTP/1.1" 200 7641
180.169.147.146 - - [13/Sep/2021:10:17:46 +0800] "GET /xingrg/all/function/internal_message.html?_=1631499464537&CODE_STATE=getMsg HTTP/1.1" 200 27
116.237.74.154 - - [13/Sep/2021:10:17:47 +0800] "GET /xingrg/kc/buy/cgsh_order_operate.html?command=get_materiel&rest_code=00106&code=00101008356&supplier_code=00100007&order_time=2021-09-13 HTTP/1.1" 200 408
116.230.105.26 - - [13/Sep/2021:10:17:48 +0800] "GET /xingrg/all/function/internal_message.html?_=1631499461518&CODE_STATE=getMsg HTTP/1.1" 200 27
116.237.74.154 - - [13/Sep/2021:10:17:56 +0800] "GET /xingrg/kc/buy/cgsh_order_operate.html?command=get_materiel&rest_code=00106&code=00101008439&supplier_code=00100007&order_time=2021-09-13 HTTP/1.1" 200 399
101.83.145.79 - - [13/Sep/2021:10:17:56 +0800] "GET /xingrg/all/function/internal_message.html?_=1631499422486&CODE_STATE=getMsg HTTP/1.1" 200 27
116.237.74.154 - - [13/Sep/2021:10:17:56 +0800] "GET /xingrg/check_reg.html?_=1631499474402 HTTP/1.1" 200 22
116.238.168.124 - - [13/Sep/2021:10:17:57 +0800] "GET /xingrg/all/function/internal_message.html?_=1631499454524&CODE_STATE=getMsg HTTP/1.1" 200 27
180.169.147.146 - - [13/Sep/2021:10:17:57 +0800] "GET /xingrg/all/function/internal_message.html?_=1631499475573&CODE_STATE=getMsg HTTP/1.1" 200 27
116.237.74.154 - - [13/Sep/2021:10:17:57 +0800] "GET /xingrg/all/function/internal_message.html?_=1631499475287&CODE_STATE=getMsg HTTP/1.1" 200 27
222.70.246.151 - - [13/Sep/2021:10:17:58 +0800] "GET /xingrg/all/function/internal_message.html?_=1631499478295&CODE_STATE=getMsg HTTP/1.1" 302 -
116.237.74.154 - - [13/Sep/2021:10:18:03 +0800] "GET /xingrg/kc/buy/cgsh_order_operate.html?command=get_materiel&rest_code=00106&code=00101008059&supplier_code=00100007&order_time=2021-09-13 HTTP/1.1" 200 408
222.69.128.101 - - [13/Sep/2021:10:18:08 +0800] "GET /xingrg/all/function/internal_message.html?_=1631499484803&CODE_STATE=getMsg HTTP/1.1" 200 27
58.37.227.186 - - [13/Sep/2021:10:18:08 +0800] "GET /xingrg/all/function/internal_message.html?_=1631499359010&CODE_STATE=getMsg HTTP/1.1" 200 27
222.70.179.190 - - [13/Sep/2021:10:18:09 +0800] "GET /xingrg/all/function/internal_message.html?_=1631499487125&CODE_STATE=getMsg HTTP/1.1" 302 -
116.237.74.154 - - [13/Sep/2021:10:18:10 +0800] "GET /xingrg/kc/buy/cgsh_order_operate.html?command=get_materiel&rest_code=00106&code=00101008360&supplier_code=00100007&order_time=2021-09-13 HTTP/1.1" 200 412
172.20.0.100 - - [13/Sep/2021:10:18:14 +0800] "GET /xingrg/all/function/internal_message.html?_=1631499492790&CODE_STATE=getMsg HTTP/1.1" 200 27
222.70.179.190 - - [13/Sep/2021:10:18:15 +0800] "GET /xingrg/all/function/internal_message.html?_=1631499487451&CODE_STATE=getMsg HTTP/1.1" 200 27
116.237.74.154 - - [13/Sep/2021:10:18:17 +0800] "GET /xingrg/kc/buy/cgsh_order_operate.html?command=get_materiel&rest_code=00106&code=00101008357&supplier_code=00100007&order_time=2021-09-13 HTTP/1.1" 200 408
120.253.135.82 - - [13/Sep/2021:10:18:20 +0800] "GET /xingrg/all/function/internal_message.html?_=1631499271846&CODE_STATE=getMsg HTTP/1.1" 200 27
116.238.194.18 - - [13/Sep/2021:10:18:22 +0800] "GET /xingrg/all/function/internal_message.html?_=1631499470633&CODE_STATE=getMsg HTTP/1.1" 200 27
116.237.74.154 - - [13/Sep/2021:10:18:25 +0800] "GET /xingrg/kc/buy/cgsh_order_operate.html?command=get_materiel&rest_code=00106&code=00101008230&supplier_code=00100007&order_time=2021-09-13 HTTP/1.1" 200 408
101.83.145.79 - - [13/Sep/2021:10:18:31 +0800] "GET /xingrg/all/function/internal_message.html?_=1631499509629&CODE_STATE=getMsg HTTP/1.1" 200 27
116.237.74.154 - - [13/Sep/2021:10:18:33 +0800] "GET /xingrg/kc/buy/cgsh_order_operate.html?command=get_materiel&rest_code=00106&code=00101008286&supplier_code=00100007&order_time=2021-09-13 HTTP/1.1" 200 408
101.83.145.79 - - [13/Sep/2021:10:18:37 +0800] "GET /xingrg/all/function/internal_message.html?_=1631499514636&CODE_STATE=getMsg HTTP/1.1" 200 27
114.86.229.76 - - [13/Sep/2021:10:18:39 +0800] "GET /xingrg/all/function/internal_message.html?_=1631499517737&CODE_STATE=getMsg HTTP/1.1" 200 27
180.169.147.146 - - [13/Sep/2021:10:18:41 +0800] "GET /xingrg/all/function/internal_message.html?_=1631499519388&CODE_STATE=getMsg HTTP/1.1" 200 27
