101.83.145.79 - - [13/Sep/2021:09:23:40 +0800] "GET /xingrg/kc/buy/cgsh_order_operate.html?command=get_materiel&rest_code=00105&code=00101008213&supplier_code=00100203&order_time=2021-09-13 HTTP/1.1" 200 412
180.169.147.146 - - [13/Sep/2021:09:23:41 +0800] "GET /xingrg/all/function/internal_message.html?_=1631496219387&CODE_STATE=getMsg HTTP/1.1" 200 27
222.70.179.190 - - [13/Sep/2021:09:23:43 +0800] "GET /xingrg/all/function/internal_message.html?_=1631496221105&CODE_STATE=getMsg HTTP/1.1" 302 -
180.169.147.146 - - [13/Sep/2021:09:23:43 +0800] "GET /xingrg/all/function/internal_message.html?_=1631496369676&CODE_STATE=getMsg HTTP/1.1" 200 27
116.238.194.18 - - [13/Sep/2021:09:23:44 +0800] "GET /xingrg/all/function/internal_message.html?_=1631496222470&CODE_STATE=getMsg HTTP/1.1" 200 27
101.83.145.79 - - [13/Sep/2021:09:23:46 +0800] "GET /xingrg/kc/buy/cgsh_order_operate.html?command=get_materiel&rest_code=00105&code=00101010136&supplier_code=00100203&order_time=2021-09-13 HTTP/1.1" 200 408
180.169.147.146 - - [13/Sep/2021:09:23:46 +0800] "GET /xingrg/all/function/internal_message.html?_=1631496224197&CODE_STATE=getMsg HTTP/1.1" 200 27
116.230.105.26 - - [13/Sep/2021:09:23:48 +0800] "GET /xingrg/all/function/internal_message.html?_=1631496221521&CODE_STATE=getMsg HTTP/1.1" 200 27
114.86.229.76 - - [13/Sep/2021:09:23:50 +0800] "GET /xingrg/kc/buy/cgsh_order_operate.html?command=get_materiel&rest_code=00109&code=00101006006&supplier_code=00100015&order_time=2021-09-13 HTTP/1.1" 200 409
101.83.145.79 - - [13/Sep/2021:09:23:52 +0800] "POST /xingrg/kc/buy/cgsh_order_operate.html HTTP/1.1" 200 37
101.83.145.79 - - [13/Sep/2021:09:23:54 +0800] "POST /xingrg/kc/buy/cgsh_order_operate.html HTTP/1.1" 200 34015
101.83.145.79 - - [13/Sep/2021:09:23:55 +0800] "GET /xingrg/kc/buy/cgsh_order_add.html HTTP/1.1" 200 63473
222.70.246.151 - - [13/Sep/2021:09:23:56 +0800] "GET /xingrg/kc/buy/cgsh_order_operate.html?command=get_materiel&rest_code=00146&code=00101008096&supplier_code=00100005&order_time=2021-09-13 HTTP/1.1" 200 412
114.86.229.76 - - [13/Sep/2021:09:23:56 +0800] "GET /xingrg/javascript/auto/indicator.gif HTTP/1.1" 404 1066
101.83.145.79 - - [13/Sep/2021:09:23:56 +0800] "POST /xingrg/kc/buy/cgsh_order_operate.html HTTP/1.1" 200 8245
101.83.145.79 - - [13/Sep/2021:09:23:56 +0800] "GET /xingrg/javascript/easyui/themes/default/validatebox.css HTTP/1.1" 404 1104
101.83.145.79 - - [13/Sep/2021:09:23:56 +0800] "GET /xingrg/all/function/internal_message.html?_=1631496182412&CODE_STATE=getMsg HTTP/1.1" 200 27
116.237.74.154 - - [13/Sep/2021:09:23:56 +0800] "GET /xingrg/all/function/internal_message.html?_=1631496234313&CODE_STATE=getMsg HTTP/1.1" 200 27
222.70.246.151 - - [13/Sep/2021:09:23:58 +0800] "GET /xingrg/all/function/internal_message.html?_=1631496237546&CODE_STATE=getMsg HTTP/1.1" 302 -
114.86.229.76 - - [13/Sep/2021:09:24:03 +0800] "GET /xingrg/kc/buy/cgsh_order_operate.html?command=get_materiel&rest_code=00109&code=00101006129&supplier_code=00100015&order_time=2021-09-13 HTTP/1.1" 200 431
101.83.145.79 - - [13/Sep/2021:09:24:04 +0800] "GET /xingrg/kc/buy/cgsh_order_operate.html?command=get_materiel&rest_code=00105&code=00101002027&supplier_code=00100397&order_time=2021-09-13 HTTP/1.1" 200 413
180.169.147.146 - - [13/Sep/2021:09:24:07 +0800] "POST /xingrg/dwr/call/plaincall/AjaxReportQueryService.refreshCache.dwr HTTP/1.1" 200 78
222.69.128.101 - - [13/Sep/2021:09:24:08 +0800] "GET /xingrg/all/function/internal_message.html?_=1631496245626&CODE_STATE=getMsg HTTP/1.1" 200 27
222.69.128.101 - - [13/Sep/2021:09:24:09 +0800] "GET /xingrg/check_reg.html?_=1631496245915 HTTP/1.1" 200 22
180.169.147.146 - - [13/Sep/2021:09:24:10 +0800] "POST /xingrg/all/report/load_report_page.html HTTP/1.1" 200 95632
180.169.147.146 - - [13/Sep/2021:09:24:10 +0800] "GET /xingrg/servlets/image?cache=0.4147463331171569&image=px HTTP/1.1" 200 807
114.86.229.76 - - [13/Sep/2021:09:24:11 +0800] "GET /xingrg/kc/buy/cgsh_order_operate.html?command=get_materiel&rest_code=00109&code=00101006174&supplier_code=00100015&order_time=2021-09-13 HTTP/1.1" 200 414
222.70.246.151 - - [13/Sep/2021:09:24:12 +0800] "POST /xingrg/kc/buy/cgsh_order_operate.html HTTP/1.1" 200 2065
222.70.179.190 - - [13/Sep/2021:09:24:15 +0800] "GET /xingrg/all/function/internal_message.html?_=1631496247392&CODE_STATE=getMsg HTTP/1.1" 200 27
222.70.179.190 - - [13/Sep/2021:09:24:15 +0800] "GET /xingrg/check_reg.html?_=1631496247396 HTTP/1.1" 200 22
116.238.194.18 - - [13/Sep/2021:09:24:21 +0800] "POST /xingrg/kc/buy/cgsh_order_operate.html HTTP/1.1" 200 37
116.238.194.18 - - [13/Sep/2021:09:24:21 +0800] "GET /xingrg/all/function/internal_message.html?_=1631496229681&CODE_STATE=getMsg HTTP/1.1" 200 27
180.169.147.146 - - [13/Sep/2021:09:24:21 +0800] "POST /xingrg/all/report/load_report_page.html HTTP/1.1" 200 95632
180.169.147.146 - - [13/Sep/2021:09:24:21 +0800] "GET /xingrg/servlets/image?cache=0.6737422589839918&image=px HTTP/1.1" 200 807
116.238.194.18 - - [13/Sep/2021:09:24:22 +0800] "POST /xingrg/kc/buy/cgsh_order_operate.html HTTP/1.1" 200 31652
116.238.168.124 - - [13/Sep/2021:09:24:24 +0800] "GET /xingrg/all/function/internal_message.html?_=1631496242163&CODE_STATE=getMsg HTTP/1.1" 200 27
222.70.246.151 - - [13/Sep/2021:09:24:26 +0800] "GET /xingrg/kc/buy/cgsh_order_operate.html?command=get_materiel&rest_code=00146&code=00101008209&supplier_code=00100005&order_time=2021-09-13 HTTP/1.1" 200 411
180.169.147.146 - - [13/Sep/2021:09:24:28 +0800] "GET /xingrg/all/function/internal_message.html?_=1631496267154&CODE_STATE=getMsg HTTP/1.1" 200 27
101.83.145.79 - - [13/Sep/2021:09:24:32 +0800] "GET /xingrg/all/function/internal_message.html?_=1631496270708&CODE_STATE=getMsg HTTP/1.1" 200 27
180.169.147.146 - - [13/Sep/2021:09:24:36 +0800] "POST /xingrg/dwr/call/plaincall/AjaxReportQueryService.refreshCache.dwr HTTP/1.1" 200 78
120.253.135.82 - - [13/Sep/2021:09:24:36 +0800] "GET /xingrg/all/function/internal_message.html?_=1631495867039&CODE_STATE=getMsg HTTP/1.1" 302 -
222.70.246.151 - - [13/Sep/2021:09:24:38 +0800] "GET /xingrg/all/function/internal_message.html?_=1631496277971&CODE_STATE=getMsg HTTP/1.1" 200 27
101.83.145.79 - - [13/Sep/2021:09:24:39 +0800] "POST /xingrg/kc/buy/cgsh_order_operate.html HTTP/1.1" 200 37
180.169.147.146 - - [13/Sep/2021:09:24:39 +0800] "POST /xingrg/all/report/load_report_page.html HTTP/1.1" 200 100154
114.86.229.76 - - [13/Sep/2021:09:24:39 +0800] "GET /xingrg/all/function/internal_message.html?_=1631496277594&CODE_STATE=getMsg HTTP/1.1" 200 27
180.169.147.146 - - [13/Sep/2021:09:24:39 +0800] "GET /xingrg/servlets/image?cache=0.8979831332090152&image=px HTTP/1.1" 200 807
180.169.147.146 - - [13/Sep/2021:09:24:41 +0800] "GET /xingrg/check_reg.html?_=1631496279376 HTTP/1.1" 200 22
180.169.147.146 - - [13/Sep/2021:09:24:41 +0800] "GET /xingrg/all/function/internal_message.html?_=1631496279381&CODE_STATE=getMsg HTTP/1.1" 200 27
222.70.179.190 - - [13/Sep/2021:09:24:43 +0800] "GET /xingrg/all/function/internal_message.html?_=1631496281086&CODE_STATE=getMsg HTTP/1.1" 302 -
180.169.147.146 - - [13/Sep/2021:09:24:43 +0800] "GET /xingrg/all/function/internal_message.html?_=1631496429676&CODE_STATE=getMsg HTTP/1.1" 200 27
180.169.147.146 - - [13/Sep/2021:09:24:44 +0800] "POST /xingrg/all/report/load_report_page.html HTTP/1.1" 200 100201
116.238.194.18 - - [13/Sep/2021:09:24:44 +0800] "GET /xingrg/all/function/internal_message.html?_=1631496282458&CODE_STATE=getMsg HTTP/1.1" 200 27
180.169.147.146 - - [13/Sep/2021:09:24:44 +0800] "GET /xingrg/servlets/image?cache=0.20215876312438963&image=px HTTP/1.1" 200 807
180.169.147.146 - - [13/Sep/2021:09:24:46 +0800] "GET /xingrg/all/function/internal_message.html?_=1631496284235&CODE_STATE=getMsg HTTP/1.1" 200 27
101.83.145.79 - - [13/Sep/2021:09:24:46 +0800] "POST /xingrg/kc/buy/cgsh_order_operate.html HTTP/1.1" 200 3251
116.230.105.26 - - [13/Sep/2021:09:24:48 +0800] "GET /xingrg/all/function/internal_message.html?_=1631496281524&CODE_STATE=getMsg HTTP/1.1" 200 27
222.70.246.151 - - [13/Sep/2021:09:24:54 +0800] "GET /xingrg/kc/buy/cgsh_order_operate.html?command=get_materiel&rest_code=00146&code=00101015004&supplier_code=00100005&order_time=2021-09-13 HTTP/1.1" 200 409
101.83.145.79 - - [13/Sep/2021:09:24:56 +0800] "GET /xingrg/all/function/internal_message.html?_=1631496242410&CODE_STATE=getMsg HTTP/1.1" 200 27
116.237.74.154 - - [13/Sep/2021:09:24:56 +0800] "GET /xingrg/all/function/internal_message.html?_=1631496294312&CODE_STATE=getMsg HTTP/1.1" 200 27
222.70.246.151 - - [13/Sep/2021:09:24:58 +0800] "GET /xingrg/all/function/internal_message.html?_=1631496297548&CODE_STATE=getMsg HTTP/1.1" 302 -
222.69.128.101 - - [13/Sep/2021:09:25:08 +0800] "GET /xingrg/all/function/internal_message.html?_=1631496305617&CODE_STATE=getMsg HTTP/1.1" 200 27
222.70.179.190 - - [13/Sep/2021:09:25:15 +0800] "GET /xingrg/all/function/internal_message.html?_=1631496307395&CODE_STATE=getMsg HTTP/1.1" 200 27
58.40.7.146 - - [13/Sep/2021:09:25:15 +0800] "GET /xingrg/check_reg.html?_=1631496314024 HTTP/1.1" 302 -
116.238.194.18 - - [13/Sep/2021:09:25:21 +0800] "GET /xingrg/all/function/internal_message.html?_=1631496289716&CODE_STATE=getMsg HTTP/1.1" 200 27
222.70.246.151 - - [13/Sep/2021:09:25:21 +0800] "GET /xingrg/kc/buy/cgsh_order_operate.html?command=get_materiel&rest_code=00146&code=00101008283&supplier_code=00100005&order_time=2021-09-13 HTTP/1.1" 200 408
116.238.168.124 - - [13/Sep/2021:09:25:24 +0800] "GET /xingrg/all/function/internal_message.html?_=1631496302166&CODE_STATE=getMsg HTTP/1.1" 200 27
58.221.95.50 - - [13/Sep/2021:09:25:27 +0800] "GET /xingrg/check_reg.html?_=1631496328589 HTTP/1.1" 302 -
180.169.147.146 - - [13/Sep/2021:09:25:28 +0800] "GET /xingrg/all/function/internal_message.html?_=1631496327141&CODE_STATE=getMsg HTTP/1.1" 200 27
180.169.147.146 - - [13/Sep/2021:09:25:28 +0800] "GET /xingrg/check_reg.html?_=1631496327143 HTTP/1.1" 200 22
101.83.145.79 - - [13/Sep/2021:09:25:32 +0800] "GET /xingrg/all/function/internal_message.html?_=1631496330700&CODE_STATE=getMsg HTTP/1.1" 200 27
222.70.246.151 - - [13/Sep/2021:09:25:33 +0800] "POST /xingrg/kc/buy/cgsh_order_operate.html HTTP/1.1" 200 2065
120.253.135.82 - - [13/Sep/2021:09:25:36 +0800] "GET /xingrg/all/function/internal_message.html?_=1631495927038&CODE_STATE=getMsg HTTP/1.1" 302 -
222.70.246.151 - - [13/Sep/2021:09:25:38 +0800] "GET /xingrg/all/function/internal_message.html?_=1631496337986&CODE_STATE=getMsg HTTP/1.1" 200 27
114.86.229.76 - - [13/Sep/2021:09:25:39 +0800] "GET /xingrg/all/function/internal_message.html?_=1631496337602&CODE_STATE=getMsg HTTP/1.1" 200 27
222.70.246.151 - - [13/Sep/2021:09:25:40 +0800] "GET /xingrg/check_reg.html?_=1631496340243 HTTP/1.1" 302 -
180.169.147.146 - - [13/Sep/2021:09:25:41 +0800] "GET /xingrg/all/function/internal_message.html?_=1631496339385&CODE_STATE=getMsg HTTP/1.1" 200 27
222.70.179.190 - - [13/Sep/2021:09:25:43 +0800] "GET /xingrg/all/function/internal_message.html?_=1631496341068&CODE_STATE=getMsg HTTP/1.1" 302 -
180.169.147.146 - - [13/Sep/2021:09:25:43 +0800] "GET /xingrg/all/function/internal_message.html?_=1631496489674&CODE_STATE=getMsg HTTP/1.1" 200 27
180.169.147.146 - - [13/Sep/2021:09:25:43 +0800] "GET /xingrg/check_reg.html?_=1631496489675 HTTP/1.1" 200 22
120.253.135.82 - - [13/Sep/2021:09:25:44 +0800] "GET /xingrg/check_reg.html?_=1631495935372 HTTP/1.1" 302 -
116.238.194.18 - - [13/Sep/2021:09:25:44 +0800] "GET /xingrg/all/function/internal_message.html?_=1631496342453&CODE_STATE=getMsg HTTP/1.1" 200 27
180.169.147.146 - - [13/Sep/2021:09:25:46 +0800] "GET /xingrg/all/function/internal_message.html?_=1631496344230&CODE_STATE=getMsg HTTP/1.1" 200 27
116.230.105.26 - - [13/Sep/2021:09:25:48 +0800] "GET /xingrg/all/function/internal_message.html?_=1631496341525&CODE_STATE=getMsg HTTP/1.1" 200 27
101.83.145.79 - - [13/Sep/2021:09:25:56 +0800] "GET /xingrg/check_reg.html?_=1631496302408 HTTP/1.1" 200 22
101.83.145.79 - - [13/Sep/2021:09:25:56 +0800] "GET /xingrg/all/function/internal_message.html?_=1631496302411&CODE_STATE=getMsg HTTP/1.1" 200 27
116.237.74.154 - - [13/Sep/2021:09:25:56 +0800] "GET /xingrg/all/function/internal_message.html?_=1631496354312&CODE_STATE=getMsg HTTP/1.1" 200 27
222.70.246.151 - - [13/Sep/2021:09:25:58 +0800] "GET /xingrg/all/function/internal_message.html?_=1631496357574&CODE_STATE=getMsg HTTP/1.1" 302 -
222.70.246.151 - - [13/Sep/2021:09:26:05 +0800] "GET /xingrg/kc/buy/cgsh_order_operate.html?command=get_materiel&rest_code=00146&code=00101008041&supplier_code=00100005&order_time=2021-09-13 HTTP/1.1" 200 408
222.69.128.101 - - [13/Sep/2021:09:26:08 +0800] "GET /xingrg/all/function/internal_message.html?_=1631496365601&CODE_STATE=getMsg HTTP/1.1" 200 27
222.70.179.190 - - [13/Sep/2021:09:26:15 +0800] "GET /xingrg/all/function/internal_message.html?_=1631496367395&CODE_STATE=getMsg HTTP/1.1" 200 27
116.238.194.18 - - [13/Sep/2021:09:26:21 +0800] "GET /xingrg/all/function/internal_message.html?_=1631496349724&CODE_STATE=getMsg HTTP/1.1" 200 27
101.93.222.235 - - [13/Sep/2021:09:26:21 +0800] "POST /xingrg/services/DataTransmitService HTTP/1.1" 200 524
116.238.168.124 - - [13/Sep/2021:09:26:25 +0800] "GET /xingrg/all/function/internal_message.html?_=1631496363306&CODE_STATE=getMsg HTTP/1.1" 200 27
222.70.246.151 - - [13/Sep/2021:09:26:26 +0800] "POST /xingrg/kc/buy/cgsh_order_operate.html HTTP/1.1" 200 37
180.169.147.146 - - [13/Sep/2021:09:26:28 +0800] "GET /xingrg/all/function/internal_message.html?_=1631496387147&CODE_STATE=getMsg HTTP/1.1" 200 27
222.70.246.151 - - [13/Sep/2021:09:26:32 +0800] "POST /xingrg/kc/buy/cgsh_order_operate.html HTTP/1.1" 200 44611
101.83.145.79 - - [13/Sep/2021:09:26:32 +0800] "GET /xingrg/check_reg.html?_=1631496390701 HTTP/1.1" 200 22
101.83.145.79 - - [13/Sep/2021:09:26:32 +0800] "GET /xingrg/all/function/internal_message.html?_=1631496390705&CODE_STATE=getMsg HTTP/1.1" 200 27
101.93.222.235 - - [13/Sep/2021:09:26:33 +0800] "POST /xingrg/services/DataTransmitService HTTP/1.1" 200 501
101.93.222.235 - - [13/Sep/2021:09:26:34 +0800] "POST /xingrg/services/DataTransmitService HTTP/1.1" 200 501
101.93.222.235 - - [13/Sep/2021:09:26:34 +0800] "POST /xingrg/services/DataTransmitService HTTP/1.1" 200 501
101.93.222.235 - - [13/Sep/2021:09:26:35 +0800] "POST /xingrg/services/DataTransmitService HTTP/1.1" 200 501
101.93.222.235 - - [13/Sep/2021:09:26:35 +0800] "POST /xingrg/services/DataTransmitService HTTP/1.1" 200 501
222.70.246.151 - - [13/Sep/2021:09:26:36 +0800] "GET /xingrg/check_reg.html?_=1631496395659 HTTP/1.1" 200 22
101.93.222.235 - - [13/Sep/2021:09:26:36 +0800] "POST /xingrg/services/DataTransmitService HTTP/1.1" 200 501
120.253.135.82 - - [13/Sep/2021:09:26:36 +0800] "GET /xingrg/all/function/internal_message.html?_=1631495987018&CODE_STATE=getMsg HTTP/1.1" 302 -
101.93.222.235 - - [13/Sep/2021:09:26:36 +0800] "POST /xingrg/services/DataTransmitService HTTP/1.1" 200 501
101.93.222.235 - - [13/Sep/2021:09:26:36 +0800] "POST /xingrg/services/DataTransmitService HTTP/1.1" 200 501
222.70.246.151 - - [13/Sep/2021:09:26:36 +0800] "GET /xingrg/kc/print/load_config.html?kc_code=cgsh HTTP/1.1" 200 2076
222.70.246.151 - - [13/Sep/2021:09:26:37 +0800] "GET /xingrg/kc/print/load_data.html?order_code=212021091305530&kc_code=cgsh&condition= HTTP/1.1" 200 16555
101.93.222.235 - - [13/Sep/2021:09:26:37 +0800] "POST /xingrg/services/DataTransmitService HTTP/1.1" 200 501
101.93.222.235 - - [13/Sep/2021:09:26:37 +0800] "POST /xingrg/services/DataTransmitService HTTP/1.1" 200 501
101.93.222.235 - - [13/Sep/2021:09:26:38 +0800] "POST /xingrg/services/DataTransmitService HTTP/1.1" 200 412
222.70.246.151 - - [13/Sep/2021:09:26:38 +0800] "GET /xingrg/all/function/internal_message.html?_=1631496398035&CODE_STATE=getMsg HTTP/1.1" 200 27
114.86.229.76 - - [13/Sep/2021:09:26:39 +0800] "GET /xingrg/all/function/internal_message.html?_=1631496397588&CODE_STATE=getMsg HTTP/1.1" 200 27
114.86.229.76 - - [13/Sep/2021:09:26:39 +0800] "GET /xingrg/check_reg.html?_=1631496397589 HTTP/1.1" 200 22
180.169.147.146 - - [13/Sep/2021:09:26:41 +0800] "GET /xingrg/all/function/internal_message.html?_=1631496399373&CODE_STATE=getMsg HTTP/1.1" 200 27
222.70.179.190 - - [13/Sep/2021:09:26:43 +0800] "GET /xingrg/all/function/internal_message.html?_=1631496401052&CODE_STATE=getMsg HTTP/1.1" 302 -
180.169.147.146 - - [13/Sep/2021:09:26:43 +0800] "GET /xingrg/all/function/internal_message.html?_=1631496549682&CODE_STATE=getMsg HTTP/1.1" 200 27
222.70.179.190 - - [13/Sep/2021:09:26:43 +0800] "GET /xingrg/check_reg.html?_=1631496401411 HTTP/1.1" 302 -
116.238.194.18 - - [13/Sep/2021:09:26:44 +0800] "GET /xingrg/check_reg.html?_=1631496402456 HTTP/1.1" 200 22
116.238.194.18 - - [13/Sep/2021:09:26:44 +0800] "GET /xingrg/all/function/internal_message.html?_=1631496402459&CODE_STATE=getMsg HTTP/1.1" 200 27
180.169.147.146 - - [13/Sep/2021:09:26:46 +0800] "GET /xingrg/check_reg.html?_=1631496404188 HTTP/1.1" 200 22
180.169.147.146 - - [13/Sep/2021:09:26:46 +0800] "GET /xingrg/all/function/internal_message.html?_=1631496404209&CODE_STATE=getMsg HTTP/1.1" 200 27
116.230.105.26 - - [13/Sep/2021:09:26:48 +0800] "GET /xingrg/all/function/internal_message.html?_=1631496401521&CODE_STATE=getMsg HTTP/1.1" 200 27
116.230.105.26 - - [13/Sep/2021:09:26:48 +0800] "GET /xingrg/check_reg.html?_=1631496401522 HTTP/1.1" 200 22
101.83.145.79 - - [13/Sep/2021:09:26:56 +0800] "GET /xingrg/all/function/internal_message.html?_=1631496362412&CODE_STATE=getMsg HTTP/1.1" 200 27
116.237.74.154 - - [13/Sep/2021:09:26:56 +0800] "GET /xingrg/all/function/internal_message.html?_=1631496414313&CODE_STATE=getMsg HTTP/1.1" 200 27
222.70.246.151 - - [13/Sep/2021:09:26:58 +0800] "GET /xingrg/all/function/internal_message.html?_=1631496417575&CODE_STATE=getMsg HTTP/1.1" 302 -
183.192.93.182 - - [13/Sep/2021:09:26:59 +0800] "GET /xingrg/check_reg.html?_=1631496418232 HTTP/1.1" 302 -
222.69.128.101 - - [13/Sep/2021:09:27:08 +0800] "GET /xingrg/all/function/internal_message.html?_=1631496425586&CODE_STATE=getMsg HTTP/1.1" 200 27
222.70.179.190 - - [13/Sep/2021:09:27:15 +0800] "GET /xingrg/all/function/internal_message.html?_=1631496427394&CODE_STATE=getMsg HTTP/1.1" 200 27
116.238.168.124 - - [13/Sep/2021:09:27:17 +0800] "GET /xingrg/check_reg.html?_=1631496414441 HTTP/1.1" 200 22
116.238.194.18 - - [13/Sep/2021:09:27:20 +0800] "GET /xingrg/check_reg.html?_=1631496409151 HTTP/1.1" 200 22
116.238.194.18 - - [13/Sep/2021:09:27:21 +0800] "GET /xingrg/all/function/internal_message.html?_=1631496409738&CODE_STATE=getMsg HTTP/1.1" 200 27
116.238.168.124 - - [13/Sep/2021:09:27:25 +0800] "GET /xingrg/all/function/internal_message.html?_=1631496423317&CODE_STATE=getMsg HTTP/1.1" 200 27
180.169.147.146 - - [13/Sep/2021:09:27:28 +0800] "GET /xingrg/all/function/internal_message.html?_=1631496447149&CODE_STATE=getMsg HTTP/1.1" 200 27
101.83.145.79 - - [13/Sep/2021:09:27:32 +0800] "GET /xingrg/all/function/internal_message.html?_=1631496450690&CODE_STATE=getMsg HTTP/1.1" 200 27
120.253.135.82 - - [13/Sep/2021:09:27:36 +0800] "GET /xingrg/all/function/internal_message.html?_=1631496046995&CODE_STATE=getMsg HTTP/1.1" 302 -
222.70.246.151 - - [13/Sep/2021:09:27:38 +0800] "GET /xingrg/all/function/internal_message.html?_=1631496458044&CODE_STATE=getMsg HTTP/1.1" 200 27
114.86.229.76 - - [13/Sep/2021:09:27:39 +0800] "GET /xingrg/all/function/internal_message.html?_=1631496457602&CODE_STATE=getMsg HTTP/1.1" 200 27
180.169.147.146 - - [13/Sep/2021:09:27:41 +0800] "GET /xingrg/all/function/internal_message.html?_=1631496459382&CODE_STATE=getMsg HTTP/1.1" 200 27
222.70.179.190 - - [13/Sep/2021:09:27:43 +0800] "GET /xingrg/all/function/internal_message.html?_=1631496461035&CODE_STATE=getMsg HTTP/1.1" 302 -
180.169.147.146 - - [13/Sep/2021:09:27:43 +0800] "GET /xingrg/all/function/internal_message.html?_=1631496609691&CODE_STATE=getMsg HTTP/1.1" 200 27
116.238.194.18 - - [13/Sep/2021:09:27:44 +0800] "GET /xingrg/all/function/internal_message.html?_=1631496462458&CODE_STATE=getMsg HTTP/1.1" 200 27
180.169.147.146 - - [13/Sep/2021:09:27:46 +0800] "GET /xingrg/all/function/internal_message.html?_=1631496464190&CODE_STATE=getMsg HTTP/1.1" 200 27
116.238.168.124 - - [13/Sep/2021:09:27:48 +0800] "POST /xingrg/dwr/call/plaincall/AjaxCheckService.setItemNumber.dwr HTTP/1.1" 200 78
116.230.105.26 - - [13/Sep/2021:09:27:48 +0800] "GET /xingrg/all/function/internal_message.html?_=1631496461509&CODE_STATE=getMsg HTTP/1.1" 200 27
101.83.145.79 - - [13/Sep/2021:09:27:56 +0800] "GET /xingrg/all/function/internal_message.html?_=1631496422412&CODE_STATE=getMsg HTTP/1.1" 200 27
116.237.74.154 - - [13/Sep/2021:09:27:56 +0800] "GET /xingrg/all/function/internal_message.html?_=1631496474312&CODE_STATE=getMsg HTTP/1.1" 200 27
116.237.74.154 - - [13/Sep/2021:09:27:56 +0800] "GET /xingrg/check_reg.html?_=1631496474316 HTTP/1.1" 200 22
222.70.246.151 - - [13/Sep/2021:09:27:58 +0800] "GET /xingrg/all/function/internal_message.html?_=1631496477600&CODE_STATE=getMsg HTTP/1.1" 302 -
116.238.168.124 - - [13/Sep/2021:09:28:01 +0800] "POST /xingrg/dwr/call/plaincall/AjaxCheckService.setItemNumber.dwr HTTP/1.1" 200 78
116.238.168.124 - - [13/Sep/2021:09:28:03 +0800] "POST /xingrg/dwr/call/plaincall/AjaxCheckService.setItemNumber.dwr HTTP/1.1" 200 78
116.238.168.124 - - [13/Sep/2021:09:28:03 +0800] "POST /xingrg/dwr/call/plaincall/AjaxCheckService.setItemNumber.dwr HTTP/1.1" 200 78
116.238.168.124 - - [13/Sep/2021:09:28:04 +0800] "POST /xingrg/dwr/call/plaincall/AjaxCheckService.setItemNumber.dwr HTTP/1.1" 200 78
116.238.168.124 - - [13/Sep/2021:09:28:06 +0800] "POST /xingrg/dwr/call/plaincall/AjaxCheckService.setItemNumber.dwr HTTP/1.1" 200 78
116.238.168.124 - - [13/Sep/2021:09:28:06 +0800] "POST /xingrg/dwr/call/plaincall/AjaxCheckService.setItemNumber.dwr HTTP/1.1" 200 78
222.69.128.101 - - [13/Sep/2021:09:28:08 +0800] "GET /xingrg/all/function/internal_message.html?_=1631496485569&CODE_STATE=getMsg HTTP/1.1" 200 27
222.70.179.190 - - [13/Sep/2021:09:28:15 +0800] "GET /xingrg/all/function/internal_message.html?_=1631496487392&CODE_STATE=getMsg HTTP/1.1" 200 27
116.238.194.18 - - [13/Sep/2021:09:28:21 +0800] "GET /xingrg/all/function/internal_message.html?_=1631496469752&CODE_STATE=getMsg HTTP/1.1" 200 27
116.238.168.124 - - [13/Sep/2021:09:28:25 +0800] "GET /xingrg/all/function/internal_message.html?_=1631496483330&CODE_STATE=getMsg HTTP/1.1" 200 27
180.169.147.146 - - [13/Sep/2021:09:28:28 +0800] "GET /xingrg/all/function/internal_message.html?_=1631496507152&CODE_STATE=getMsg HTTP/1.1" 200 27
101.83.145.79 - - [13/Sep/2021:09:28:32 +0800] "GET /xingrg/all/function/internal_message.html?_=1631496510690&CODE_STATE=getMsg HTTP/1.1" 200 27
120.253.135.82 - - [13/Sep/2021:09:28:36 +0800] "GET /xingrg/all/function/internal_message.html?_=1631496106970&CODE_STATE=getMsg HTTP/1.1" 302 -
222.70.246.151 - - [13/Sep/2021:09:28:38 +0800] "GET /xingrg/all/function/internal_message.html?_=1631496518229&CODE_STATE=getMsg HTTP/1.1" 200 27
114.86.229.76 - - [13/Sep/2021:09:28:39 +0800] "GET /xingrg/all/function/internal_message.html?_=1631496517604&CODE_STATE=getMsg HTTP/1.1" 200 27
180.169.147.146 - - [13/Sep/2021:09:28:41 +0800] "GET /xingrg/all/function/internal_message.html?_=1631496519386&CODE_STATE=getMsg HTTP/1.1" 200 27
222.70.179.190 - - [13/Sep/2021:09:28:43 +0800] "GET /xingrg/all/function/internal_message.html?_=1631496521009&CODE_STATE=getMsg HTTP/1.1" 302 -
180.169.147.146 - - [13/Sep/2021:09:28:43 +0800] "GET /xingrg/all/function/internal_message.html?_=1631496669674&CODE_STATE=getMsg HTTP/1.1" 200 27
116.238.194.18 - - [13/Sep/2021:09:28:44 +0800] "GET /xingrg/all/function/internal_message.html?_=1631496522465&CODE_STATE=getMsg HTTP/1.1" 200 27
180.169.147.146 - - [13/Sep/2021:09:28:46 +0800] "GET /xingrg/all/function/internal_message.html?_=1631496524184&CODE_STATE=getMsg HTTP/1.1" 200 27
116.230.105.26 - - [13/Sep/2021:09:28:48 +0800] "GET /xingrg/all/function/internal_message.html?_=1631496521518&CODE_STATE=getMsg HTTP/1.1" 200 27
101.83.145.79 - - [13/Sep/2021:09:28:56 +0800] "GET /xingrg/all/function/internal_message.html?_=1631496482412&CODE_STATE=getMsg HTTP/1.1" 200 27
116.237.74.154 - - [13/Sep/2021:09:28:56 +0800] "GET /xingrg/all/function/internal_message.html?_=1631496534315&CODE_STATE=getMsg HTTP/1.1" 200 27
101.91.60.11 - - [13/Sep/2021:09:28:57 +0800] "GET /xingrg/all/function/internal_message.html?_=1631496474312&CODE_STATE=getMsg HTTP/1.1" 302 -
101.91.60.11 - - [13/Sep/2021:09:28:58 +0800] "GET /xingrg/login.html HTTP/1.1" 200 7641
222.70.246.151 - - [13/Sep/2021:09:28:58 +0800] "GET /xingrg/all/function/internal_message.html?_=1631496537602&CODE_STATE=getMsg HTTP/1.1" 302 -
222.69.128.101 - - [13/Sep/2021:09:29:08 +0800] "GET /xingrg/all/function/internal_message.html?_=1631496545569&CODE_STATE=getMsg HTTP/1.1" 200 27
222.69.128.101 - - [13/Sep/2021:09:29:09 +0800] "GET /xingrg/check_reg.html?_=1631496545930 HTTP/1.1" 200 22
222.70.179.190 - - [13/Sep/2021:09:29:15 +0800] "GET /xingrg/all/function/internal_message.html?_=1631496547392&CODE_STATE=getMsg HTTP/1.1" 200 27
222.70.179.190 - - [13/Sep/2021:09:29:15 +0800] "GET /xingrg/check_reg.html?_=1631496547395 HTTP/1.1" 200 22
116.238.194.18 - - [13/Sep/2021:09:29:21 +0800] "GET /xingrg/all/function/internal_message.html?_=1631496529765&CODE_STATE=getMsg HTTP/1.1" 200 27
116.238.168.124 - - [13/Sep/2021:09:29:25 +0800] "GET /xingrg/all/function/internal_message.html?_=1631496543343&CODE_STATE=getMsg HTTP/1.1" 200 27
180.169.147.146 - - [13/Sep/2021:09:29:28 +0800] "GET /xingrg/all/function/internal_message.html?_=1631496567154&CODE_STATE=getMsg HTTP/1.1" 200 27
124.79.74.73 - - [13/Sep/2021:09:29:31 +0800] "GET /xingrg/login.html HTTP/1.1" 200 7641
124.79.74.73 - - [13/Sep/2021:09:29:31 +0800] "GET /favicon.ico HTTP/1.1" 404 -
101.83.145.79 - - [13/Sep/2021:09:29:32 +0800] "GET /xingrg/all/function/internal_message.html?_=1631496570691&CODE_STATE=getMsg HTTP/1.1" 200 27
120.253.135.82 - - [13/Sep/2021:09:29:36 +0800] "GET /xingrg/all/function/internal_message.html?_=1631496166944&CODE_STATE=getMsg HTTP/1.1" 302 -
222.70.246.151 - - [13/Sep/2021:09:29:38 +0800] "GET /xingrg/all/function/internal_message.html?_=1631496578243&CODE_STATE=getMsg HTTP/1.1" 200 27
114.86.229.76 - - [13/Sep/2021:09:29:39 +0800] "GET /xingrg/all/function/internal_message.html?_=1631496577607&CODE_STATE=getMsg HTTP/1.1" 200 27
124.79.74.73 - - [13/Sep/2021:09:29:39 +0800] "POST /xingrg/login.do HTTP/1.1" 302 -
124.79.74.73 - - [13/Sep/2021:09:29:39 +0800] "GET /xingrg/index.html?sysBaseUrl=http%3A%2F%2F180.169.147.146%3A18081%2Fxingrg%2F&costTime=37×tamp=1631496579843 HTTP/1.1" 200 17179
124.79.74.73 - - [13/Sep/2021:09:29:39 +0800] "GET /favicon.ico HTTP/1.1" 404 -
124.79.74.73 - - [13/Sep/2021:09:29:39 +0800] "POST /xingrg/all/common/load_tree.html?tree=area_rest_tree_json&manage=1 HTTP/1.1" 200 351
124.79.74.73 - - [13/Sep/2021:09:29:40 +0800] "GET /xingrg/all/function/internal_message.html?_=1631496579208&CODE_STATE=count HTTP/1.1" 200 11
124.79.74.73 - - [13/Sep/2021:09:29:40 +0800] "GET /xingrg/check_reg.html?_=1631496579208 HTTP/1.1" 200 22
124.79.74.73 - - [13/Sep/2021:09:29:40 +0800] "POST /xingrg/load_menu.html HTTP/1.1" 200 5138
180.169.147.146 - - [13/Sep/2021:09:29:41 +0800] "GET /xingrg/check_reg.html?_=1631496579378 HTTP/1.1" 200 22
180.169.147.146 - - [13/Sep/2021:09:29:41 +0800] "GET /xingrg/all/function/internal_message.html?_=1631496579382&CODE_STATE=getMsg HTTP/1.1" 200 27
222.70.179.190 - - [13/Sep/2021:09:29:43 +0800] "GET /xingrg/all/function/internal_message.html?_=1631496580983&CODE_STATE=getMsg HTTP/1.1" 302 -
180.169.147.146 - - [13/Sep/2021:09:29:43 +0800] "GET /xingrg/all/function/internal_message.html?_=1631496729700&CODE_STATE=getMsg HTTP/1.1" 200 27
124.79.74.73 - - [13/Sep/2021:09:29:44 +0800] "GET /xingrg/css/new_ie.css HTTP/1.1" 404 1036
116.238.194.18 - - [13/Sep/2021:09:29:44 +0800] "GET /xingrg/all/function/internal_message.html?_=1631496582464&CODE_STATE=getMsg HTTP/1.1" 200 27
124.79.74.73 - - [13/Sep/2021:09:29:45 +0800] "GET /xingrg/images/yd/bt.gif HTTP/1.1" 404 1040
180.169.147.146 - - [13/Sep/2021:09:29:46 +0800] "GET /xingrg/all/function/internal_message.html?_=1631496584202&CODE_STATE=getMsg HTTP/1.1" 200 27
116.230.105.26 - - [13/Sep/2021:09:29:48 +0800] "GET /xingrg/all/function/internal_message.html?_=1631496581521&CODE_STATE=getMsg HTTP/1.1" 200 27
101.83.145.79 - - [13/Sep/2021:09:29:56 +0800] "GET /xingrg/all/function/internal_message.html?_=1631496542413&CODE_STATE=getMsg HTTP/1.1" 200 27
116.237.74.154 - - [13/Sep/2021:09:29:56 +0800] "GET /xingrg/all/function/internal_message.html?_=1631496594318&CODE_STATE=getMsg HTTP/1.1" 200 27
222.70.246.151 - - [13/Sep/2021:09:29:58 +0800] "GET /xingrg/all/function/internal_message.html?_=1631496597627&CODE_STATE=getMsg HTTP/1.1" 302 -
116.238.168.124 - - [13/Sep/2021:09:29:59 +0800] "POST /xingrg/dwr/call/plaincall/AjaxCheckService.setItemNumber.dwr HTTP/1.1" 200 78
222.69.128.101 - - [13/Sep/2021:09:30:08 +0800] "GET /xingrg/all/function/internal_message.html?_=1631496605545&CODE_STATE=getMsg HTTP/1.1" 200 27
222.70.179.190 - - [13/Sep/2021:09:30:15 +0800] "GET /xingrg/all/function/internal_message.html?_=1631496607395&CODE_STATE=getMsg HTTP/1.1" 200 27
58.40.7.146 - - [13/Sep/2021:09:30:15 +0800] "GET /xingrg/check_reg.html?_=1631496614003 HTTP/1.1" 302 -
116.238.194.18 - - [13/Sep/2021:09:30:21 +0800] "GET /xingrg/all/function/internal_message.html?_=1631496589798&CODE_STATE=getMsg HTTP/1.1" 200 27
116.238.168.124 - - [13/Sep/2021:09:30:25 +0800] "GET /xingrg/all/function/internal_message.html?_=1631496603356&CODE_STATE=getMsg HTTP/1.1" 200 27
58.221.95.50 - - [13/Sep/2021:09:30:27 +0800] "GET /xingrg/check_reg.html?_=1631496628570 HTTP/1.1" 302 -
180.169.147.146 - - [13/Sep/2021:09:30:28 +0800] "GET /xingrg/check_reg.html?_=1631496627156 HTTP/1.1" 200 22
180.169.147.146 - - [13/Sep/2021:09:30:28 +0800] "GET /xingrg/all/function/internal_message.html?_=1631496627159&CODE_STATE=getMsg HTTP/1.1" 200 27
116.230.105.26 - - [13/Sep/2021:09:30:28 +0800] "GET /xingrg/javascript/easyui/themes/default/tree.css HTTP/1.1" 404 1090
116.230.105.26 - - [13/Sep/2021:09:30:28 +0800] "POST /xingrg/all/common/load_tree.html?tree=supplier_tree_json&isDelete=1 HTTP/1.1" 200 57687
124.79.74.73 - - [13/Sep/2021:09:30:30 +0800] "POST /xingrg/kc/buy/cgsh_list_operate.html HTTP/1.1" 200 5337
116.238.168.124 - - [13/Sep/2021:09:30:31 +0800] "GET /xingrg/javascript/jquery_easy_ui/themes/default/images/button_plain_hover.png HTTP/1.1" 304 -
116.238.168.124 - - [13/Sep/2021:09:30:31 +0800] "GET /xingrg/kc/base/check_order_list.html?isBack=1 HTTP/1.1" 200 16343
101.83.145.79 - - [13/Sep/2021:09:30:32 +0800] "GET /xingrg/all/function/internal_message.html?_=1631496630692&CODE_STATE=getMsg HTTP/1.1" 200 27
116.230.105.26 - - [13/Sep/2021:09:30:33 +0800] "GET /xingrg/javascript/auto/indicator.gif HTTP/1.1" 404 1066
116.238.168.124 - - [13/Sep/2021:09:30:34 +0800] "POST /xingrg/kc/base/check_list_operate.html HTTP/1.1" 200 3480
116.230.105.26 - - [13/Sep/2021:09:30:36 +0800] "GET /xingrg/javascript/jquery_tools/images/prev.gif HTTP/1.1" 404 1086
116.230.105.26 - - [13/Sep/2021:09:30:36 +0800] "GET /xingrg/javascript/jquery_tools/images/next.gif HTTP/1.1" 404 1086
120.253.135.82 - - [13/Sep/2021:09:30:36 +0800] "GET /xingrg/all/function/internal_message.html?_=1631496226946&CODE_STATE=getMsg HTTP/1.1" 302 -
116.238.168.124 - - [13/Sep/2021:09:30:38 +0800] "GET /xingrg/kc/base/check_order_info.html?code=452021091200092 HTTP/1.1" 200 26398
116.238.168.124 - - [13/Sep/2021:09:30:38 +0800] "GET /xingrg/dwr/interface/AjaxComOrderService.js HTTP/1.1" 200 18264
116.238.168.124 - - [13/Sep/2021:09:30:38 +0800] "GET /xingrg/dwr/interface/AjaxCheckService.js HTTP/1.1" 200 14003
116.238.168.124 - - [13/Sep/2021:09:30:38 +0800] "GET /xingrg/dwr/engine.js HTTP/1.1" 200 43631
222.70.246.151 - - [13/Sep/2021:09:30:38 +0800] "GET /xingrg/all/function/internal_message.html?_=1631496638433&CODE_STATE=getMsg HTTP/1.1" 200 27
114.86.229.76 - - [13/Sep/2021:09:30:39 +0800] "GET /xingrg/all/function/internal_message.html?_=1631496637610&CODE_STATE=getMsg HTTP/1.1" 200 27
124.79.74.73 - - [13/Sep/2021:09:30:40 +0800] "GET /xingrg/all/function/internal_message.html?_=1631496639210&CODE_STATE=getMsg HTTP/1.1" 200 27
116.238.168.124 - - [13/Sep/2021:09:30:40 +0800] "POST /xingrg/dwr/call/plaincall/AjaxCheckService.loadOrderItems.dwr HTTP/1.1" 200 126484
222.70.246.151 - - [13/Sep/2021:09:30:40 +0800] "GET /xingrg/check_reg.html?_=1631496640239 HTTP/1.1" 302 -
180.169.147.146 - - [13/Sep/2021:09:30:41 +0800] "GET /xingrg/all/function/internal_message.html?_=1631496639386&CODE_STATE=getMsg HTTP/1.1" 200 27
222.70.179.190 - - [13/Sep/2021:09:30:43 +0800] "GET /xingrg/all/function/internal_message.html?_=1631496640974&CODE_STATE=getMsg HTTP/1.1" 302 -
180.169.147.146 - - [13/Sep/2021:09:30:43 +0800] "GET /xingrg/check_reg.html?_=1631496789725 HTTP/1.1" 200 22
180.169.147.146 - - [13/Sep/2021:09:30:43 +0800] "GET /xingrg/all/function/internal_message.html?_=1631496789724&CODE_STATE=getMsg HTTP/1.1" 200 27
124.79.74.73 - - [13/Sep/2021:09:30:44 +0800] "GET /xingrg/css/new_ie.css HTTP/1.1" 404 1036
120.253.135.82 - - [13/Sep/2021:09:30:44 +0800] "GET /xingrg/check_reg.html?_=1631496235371 HTTP/1.1" 302 -
116.238.194.18 - - [13/Sep/2021:09:30:44 +0800] "GET /xingrg/all/function/internal_message.html?_=1631496642470&CODE_STATE=getMsg HTTP/1.1" 200 27
124.79.74.73 - - [13/Sep/2021:09:30:44 +0800] "GET /xingrg/images/yd/bt.gif HTTP/1.1" 404 1040
116.230.105.26 - - [13/Sep/2021:09:30:45 +0800] "GET /xingrg/kc/buy/cgsh_order_operate.html?command=get_materiel&rest_code=00155&code=00101001125&supplier_code=00100199&order_time=2021-09-13 HTTP/1.1" 200 413
180.169.147.146 - - [13/Sep/2021:09:30:46 +0800] "GET /xingrg/all/function/internal_message.html?_=1631496644175&CODE_STATE=getMsg HTTP/1.1" 200 27
116.230.105.26 - - [13/Sep/2021:09:30:48 +0800] "GET /xingrg/all/function/internal_message.html?_=1631496641518&CODE_STATE=getMsg HTTP/1.1" 200 27
116.238.168.124 - - [13/Sep/2021:09:30:50 +0800] "POST /xingrg/dwr/call/plaincall/AjaxCheckService.setItemNumber.dwr HTTP/1.1" 200 76
116.238.168.124 - - [13/Sep/2021:09:30:52 +0800] "POST /xingrg/dwr/call/plaincall/AjaxCheckService.setItemNumber.dwr HTTP/1.1" 200 76
61.151.178.163 - - [13/Sep/2021:09:30:55 +0800] "GET /xingrg/all/function/internal_message.html?_=1631496594318&CODE_STATE=getMsg HTTP/1.1" 302 -
101.83.145.79 - - [13/Sep/2021:09:30:56 +0800] "GET /xingrg/check_reg.html?_=1631496602438 HTTP/1.1" 200 22
101.83.145.79 - - [13/Sep/2021:09:30:56 +0800] "GET /xingrg/all/function/internal_message.html?_=1631496602441&CODE_STATE=getMsg HTTP/1.1" 200 27
116.237.74.154 - - [13/Sep/2021:09:30:56 +0800] "GET /xingrg/all/function/internal_message.html?_=1631496654320&CODE_STATE=getMsg HTTP/1.1" 200 27
61.151.178.163 - - [13/Sep/2021:09:30:57 +0800] "GET /xingrg/login.html HTTP/1.1" 200 7641
222.70.246.151 - - [13/Sep/2021:09:30:58 +0800] "GET /xingrg/all/function/internal_message.html?_=1631496657629&CODE_STATE=getMsg HTTP/1.1" 302 -
116.230.105.26 - - [13/Sep/2021:09:31:00 +0800] "GET /xingrg/kc/buy/cgsh_order_operate.html?command=get_materiel&rest_code=00155&code=00101004038&supplier_code=00100199&order_time=2021-09-13 HTTP/1.1" 200 429
116.238.168.124 - - [13/Sep/2021:09:31:00 +0800] "POST /xingrg/dwr/call/plaincall/AjaxCheckService.setItemNumber.dwr HTTP/1.1" 200 76
116.238.168.124 - - [13/Sep/2021:09:31:05 +0800] "POST /xingrg/dwr/call/plaincall/AjaxCheckService.setItemNumber.dwr HTTP/1.1" 200 76
222.69.128.101 - - [13/Sep/2021:09:31:08 +0800] "GET /xingrg/all/function/internal_message.html?_=1631496665532&CODE_STATE=getMsg HTTP/1.1" 200 27
116.238.168.124 - - [13/Sep/2021:09:31:10 +0800] "POST /xingrg/dwr/call/plaincall/AjaxCheckService.setItemNumber.dwr HTTP/1.1" 200 76
116.238.168.124 - - [13/Sep/2021:09:31:13 +0800] "POST /xingrg/dwr/call/plaincall/AjaxCheckService.setItemNumber.dwr HTTP/1.1" 200 76
116.230.105.26 - - [13/Sep/2021:09:31:14 +0800] "GET /xingrg/kc/buy/cgsh_order_operate.html?command=get_materiel&rest_code=00155&code=00101002006&supplier_code=00100199&order_time=2021-09-13 HTTP/1.1" 200 414
222.70.179.190 - - [13/Sep/2021:09:31:15 +0800] "GET /xingrg/all/function/internal_message.html?_=1631496667394&CODE_STATE=getMsg HTTP/1.1" 200 27
116.238.168.124 - - [13/Sep/2021:09:31:15 +0800] "POST /xingrg/dwr/call/plaincall/AjaxCheckService.setItemNumber.dwr HTTP/1.1" 200 76
124.79.74.73 - - [13/Sep/2021:09:31:16 +0800] "POST /xingrg/kc/buy/cgsh_list_operate.html HTTP/1.1" 200 6
116.238.168.124 - - [13/Sep/2021:09:31:17 +0800] "POST /xingrg/dwr/call/plaincall/AjaxCheckService.setItemNumber.dwr HTTP/1.1" 200 76
116.238.168.124 - - [13/Sep/2021:09:31:21 +0800] "POST /xingrg/dwr/call/plaincall/AjaxCheckService.setItemNumber.dwr HTTP/1.1" 200 76
116.238.194.18 - - [13/Sep/2021:09:31:21 +0800] "GET /xingrg/all/function/internal_message.html?_=1631496649808&CODE_STATE=getMsg HTTP/1.1" 200 27
116.238.168.124 - - [13/Sep/2021:09:31:23 +0800] "POST /xingrg/dwr/call/plaincall/AjaxCheckService.setItemNumber.dwr HTTP/1.1" 200 77
116.238.194.18 - - [13/Sep/2021:09:31:24 +0800] "POST /xingrg/kc/buy/cgsh_order_operate.html HTTP/1.1" 200 37
116.238.168.124 - - [13/Sep/2021:09:31:25 +0800] "POST /xingrg/dwr/call/plaincall/AjaxCheckService.setItemNumber.dwr HTTP/1.1" 200 77
116.238.194.18 - - [13/Sep/2021:09:31:26 +0800] "POST /xingrg/kc/buy/cgsh_order_operate.html HTTP/1.1" 200 31652
116.238.168.124 - - [13/Sep/2021:09:31:26 +0800] "GET /xingrg/all/function/internal_message.html?_=1631496663989&CODE_STATE=getMsg HTTP/1.1" 200 27
116.238.194.18 - - [13/Sep/2021:09:31:27 +0800] "GET /xingrg/kc/buy/cgsh_order_add.html HTTP/1.1" 200 63350
116.238.194.18 - - [13/Sep/2021:09:31:27 +0800] "POST /xingrg/kc/buy/cgsh_order_operate.html HTTP/1.1" 200 8245
116.238.194.18 - - [13/Sep/2021:09:31:27 +0800] "GET /xingrg/javascript/easyui/themes/default/validatebox.css HTTP/1.1" 404 1104
124.79.74.73 - - [13/Sep/2021:09:31:28 +0800] "POST /xingrg/kc/buy/cgsh_list_operate.html HTTP/1.1" 200 8874
180.169.147.146 - - [13/Sep/2021:09:31:28 +0800] "GET /xingrg/all/function/internal_message.html?_=1631496687158&CODE_STATE=getMsg HTTP/1.1" 200 27
116.238.194.18 - - [13/Sep/2021:09:31:29 +0800] "GET /xingrg/javascript/auto/indicator.gif HTTP/1.1" 404 1066
116.238.168.124 - - [13/Sep/2021:09:31:30 +0800] "POST /xingrg/dwr/call/plaincall/AjaxCheckService.setItemNumber.dwr HTTP/1.1" 200 77
101.83.145.79 - - [13/Sep/2021:09:31:31 +0800] "POST /xingrg/kc/buy/cgsh_order_operate.html HTTP/1.1" 200 37
116.238.168.124 - - [13/Sep/2021:09:31:32 +0800] "POST /xingrg/dwr/call/plaincall/AjaxCheckService.setItemNumber.dwr HTTP/1.1" 200 77
222.70.246.151 - - [13/Sep/2021:09:31:36 +0800] "GET /xingrg/check_reg.html?_=1631496695664 HTTP/1.1" 200 22
120.253.135.82 - - [13/Sep/2021:09:31:36 +0800] "GET /xingrg/all/function/internal_message.html?_=1631496286914&CODE_STATE=getMsg HTTP/1.1" 302 -
124.79.74.73 - - [13/Sep/2021:09:31:36 +0800] "GET /xingrg/javascript/auto/indicator.gif HTTP/1.1" 404 1066
116.238.168.124 - - [13/Sep/2021:09:31:36 +0800] "POST /xingrg/dwr/call/plaincall/AjaxCheckService.setItemNumber.dwr HTTP/1.1" 200 77
116.238.168.124 - - [13/Sep/2021:09:31:37 +0800] "POST /xingrg/dwr/call/plaincall/AjaxCheckService.setItemNumber.dwr HTTP/1.1" 200 77
116.230.105.26 - - [13/Sep/2021:09:31:37 +0800] "GET /xingrg/kc/buy/cgsh_order_operate.html?command=get_materiel&rest_code=00155&code=00101001075&supplier_code=00100199&order_time=2021-09-13 HTTP/1.1" 200 409
116.238.168.124 - - [13/Sep/2021:09:31:38 +0800] "POST /xingrg/dwr/call/plaincall/AjaxCheckService.setItemNumber.dwr HTTP/1.1" 200 77
222.70.246.151 - - [13/Sep/2021:09:31:39 +0800] "GET /xingrg/all/function/internal_message.html?_=1631496698607&CODE_STATE=getMsg HTTP/1.1" 200 27
114.86.229.76 - - [13/Sep/2021:09:31:39 +0800] "GET /xingrg/all/function/internal_message.html?_=1631496697613&CODE_STATE=getMsg HTTP/1.1" 200 27
114.86.229.76 - - [13/Sep/2021:09:31:39 +0800] "GET /xingrg/check_reg.html?_=1631496697613 HTTP/1.1" 200 22
124.79.74.73 - - [13/Sep/2021:09:31:40 +0800] "GET /xingrg/all/function/internal_message.html?_=1631496699222&CODE_STATE=getMsg HTTP/1.1" 200 27
180.169.147.146 - - [13/Sep/2021:09:31:41 +0800] "GET /xingrg/all/function/internal_message.html?_=1631496699375&CODE_STATE=getMsg HTTP/1.1" 200 27
116.238.168.124 - - [13/Sep/2021:09:31:41 +0800] "POST /xingrg/dwr/call/plaincall/AjaxCheckService.setItemNumber.dwr HTTP/1.1" 200 77
116.238.168.124 - - [13/Sep/2021:09:31:42 +0800] "POST /xingrg/dwr/call/plaincall/AjaxCheckService.setItemNumber.dwr HTTP/1.1" 200 77
222.70.179.190 - - [13/Sep/2021:09:31:43 +0800] "GET /xingrg/all/function/internal_message.html?_=1631496700948&CODE_STATE=getMsg HTTP/1.1" 302 -
180.169.147.146 - - [13/Sep/2021:09:31:43 +0800] "GET /xingrg/all/function/internal_message.html?_=1631496849708&CODE_STATE=getMsg HTTP/1.1" 200 27
222.70.179.190 - - [13/Sep/2021:09:31:43 +0800] "GET /xingrg/check_reg.html?_=1631496701413 HTTP/1.1" 302 -
124.79.74.73 - - [13/Sep/2021:09:31:44 +0800] "GET /xingrg/javascript/jquery_tools/images/next.gif HTTP/1.1" 404 1086
124.79.74.73 - - [13/Sep/2021:09:31:44 +0800] "GET /xingrg/javascript/jquery_tools/images/prev.gif HTTP/1.1" 404 1086
116.238.194.18 - - [13/Sep/2021:09:31:44 +0800] "GET /xingrg/check_reg.html?_=1631496702477 HTTP/1.1" 200 22
116.238.194.18 - - [13/Sep/2021:09:31:44 +0800] "GET /xingrg/all/function/internal_message.html?_=1631496702479&CODE_STATE=getMsg HTTP/1.1" 200 27
180.169.147.146 - - [13/Sep/2021:09:31:46 +0800] "GET /xingrg/all/function/internal_message.html?_=1631496704194&CODE_STATE=getMsg HTTP/1.1" 200 27
180.169.147.146 - - [13/Sep/2021:09:31:46 +0800] "GET /xingrg/check_reg.html?_=1631496704195 HTTP/1.1" 200 22
116.230.105.26 - - [13/Sep/2021:09:31:48 +0800] "GET /xingrg/all/function/internal_message.html?_=1631496701539&CODE_STATE=getMsg HTTP/1.1" 200 27
116.230.105.26 - - [13/Sep/2021:09:31:48 +0800] "GET /xingrg/check_reg.html?_=1631496701544 HTTP/1.1" 200 22
116.238.168.124 - - [13/Sep/2021:09:31:50 +0800] "POST /xingrg/dwr/call/plaincall/AjaxCheckService.setItemNumber.dwr HTTP/1.1" 200 77
116.238.168.124 - - [13/Sep/2021:09:31:52 +0800] "POST /xingrg/dwr/call/plaincall/AjaxCheckService.setItemNumber.dwr HTTP/1.1" 200 77
116.230.105.26 - - [13/Sep/2021:09:31:52 +0800] "GET /xingrg/kc/buy/cgsh_order_operate.html?command=get_materiel&rest_code=00155&code=00101002027&supplier_code=00100199&order_time=2021-09-13 HTTP/1.1" 200 413
116.238.168.124 - - [13/Sep/2021:09:31:53 +0800] "POST /xingrg/dwr/call/plaincall/AjaxCheckService.setItemNumber.dwr HTTP/1.1" 200 77
116.238.168.124 - - [13/Sep/2021:09:31:55 +0800] "POST /xingrg/dwr/call/plaincall/AjaxCheckService.setItemNumber.dwr HTTP/1.1" 200 77
101.83.145.79 - - [13/Sep/2021:09:31:56 +0800] "GET /xingrg/all/function/internal_message.html?_=1631496662440&CODE_STATE=getMsg HTTP/1.1" 200 27
116.237.74.154 - - [13/Sep/2021:09:31:56 +0800] "GET /xingrg/all/function/internal_message.html?_=1631496714346&CODE_STATE=getMsg HTTP/1.1" 200 27
222.70.246.151 - - [13/Sep/2021:09:31:58 +0800] "GET /xingrg/all/function/internal_message.html?_=1631496717654&CODE_STATE=getMsg HTTP/1.1" 302 -
183.192.93.182 - - [13/Sep/2021:09:31:59 +0800] "GET /xingrg/check_reg.html?_=1631496718214 HTTP/1.1" 302 -
116.238.168.124 - - [13/Sep/2021:09:31:59 +0800] "POST /xingrg/dwr/call/plaincall/AjaxCheckService.setItemNumber.dwr HTTP/1.1" 200 77
116.238.168.124 - - [13/Sep/2021:09:32:00 +0800] "POST /xingrg/dwr/call/plaincall/AjaxCheckService.setItemNumber.dwr HTTP/1.1" 200 77
116.238.168.124 - - [13/Sep/2021:09:32:01 +0800] "POST /xingrg/dwr/call/plaincall/AjaxCheckService.setItemNumber.dwr HTTP/1.1" 200 77
124.79.74.73 - - [13/Sep/2021:09:32:03 +0800] "POST /xingrg/kc/buy/cgsh_list_operate.html HTTP/1.1" 200 2777
116.230.105.26 - - [13/Sep/2021:09:32:05 +0800] "POST /xingrg/kc/buy/cgsh_order_operate.html HTTP/1.1" 200 37
116.230.105.26 - - [13/Sep/2021:09:32:07 +0800] "POST /xingrg/kc/buy/cgsh_order_operate.html HTTP/1.1" 200 5026
124.79.74.73 - - [13/Sep/2021:09:32:07 +0800] "POST /xingrg/kc/buy/cgsh_list_operate.html HTTP/1.1" 200 208
116.238.168.124 - - [13/Sep/2021:09:32:07 +0800] "POST /xingrg/dwr/call/plaincall/AjaxCheckService.setItemNumber.dwr HTTP/1.1" 200 77
124.79.74.73 - - [13/Sep/2021:09:32:08 +0800] "GET /xingrg/kc/buy/cgsh_order_info.html?code=212021083114431 HTTP/1.1" 200 58372
222.69.128.101 - - [13/Sep/2021:09:32:08 +0800] "GET /xingrg/all/function/internal_message.html?_=1631496725515&CODE_STATE=getMsg HTTP/1.1" 200 27
124.79.74.73 - - [13/Sep/2021:09:32:08 +0800] "GET /xingrg/words/20210912165527_words.js HTTP/1.1" 200 847134
124.79.74.73 - - [13/Sep/2021:09:32:09 +0800] "GET /xingrg/javascript/easyui/themes/default/validatebox.css HTTP/1.1" 404 1104
124.79.74.73 - - [13/Sep/2021:09:32:09 +0800] "POST /xingrg/kc/buy/cgsh_order_operate.html HTTP/1.1" 200 614
116.238.168.124 - - [13/Sep/2021:09:32:13 +0800] "POST /xingrg/dwr/call/plaincall/AjaxCheckService.setItemNumber.dwr HTTP/1.1" 200 77
124.79.74.73 - - [13/Sep/2021:09:32:14 +0800] "GET /xingrg/kc/print/load_data.html?order_code=212021083114431&kc_code=cgsh&condition= HTTP/1.1" 200 683
116.238.168.124 - - [13/Sep/2021:09:32:15 +0800] "POST /xingrg/dwr/call/plaincall/AjaxCheckService.setItemNumber.dwr HTTP/1.1" 200 77
222.70.179.190 - - [13/Sep/2021:09:32:15 +0800] "GET /xingrg/all/function/internal_message.html?_=1631496727394&CODE_STATE=getMsg HTTP/1.1" 200 27
116.238.168.124 - - [13/Sep/2021:09:32:16 +0800] "POST /xingrg/dwr/call/plaincall/AjaxCheckService.setItemNumber.dwr HTTP/1.1" 200 77
116.238.168.124 - - [13/Sep/2021:09:32:18 +0800] "POST /xingrg/dwr/call/plaincall/AjaxCheckService.setItemNumber.dwr HTTP/1.1" 200 77
116.238.168.124 - - [13/Sep/2021:09:32:20 +0800] "GET /xingrg/check_reg.html?_=1631496717460 HTTP/1.1" 200 22
116.238.194.18 - - [13/Sep/2021:09:32:20 +0800] "GET /xingrg/check_reg.html?_=1631496709176 HTTP/1.1" 200 22
116.238.194.18 - - [13/Sep/2021:09:32:21 +0800] "GET /xingrg/all/function/internal_message.html?_=1631496709822&CODE_STATE=getMsg HTTP/1.1" 200 27
116.238.168.124 - - [13/Sep/2021:09:32:21 +0800] "POST /xingrg/dwr/call/plaincall/AjaxCheckService.setItemNumber.dwr HTTP/1.1" 200 77
116.238.168.124 - - [13/Sep/2021:09:32:24 +0800] "POST /xingrg/dwr/call/plaincall/AjaxCheckService.setItemNumber.dwr HTTP/1.1" 200 77
116.238.168.124 - - [13/Sep/2021:09:32:26 +0800] "GET /xingrg/all/function/internal_message.html?_=1631496723992&CODE_STATE=getMsg HTTP/1.1" 200 27
116.238.168.124 - - [13/Sep/2021:09:32:28 +0800] "POST /xingrg/dwr/call/plaincall/AjaxCheckService.setItemNumber.dwr HTTP/1.1" 200 77
116.230.105.26 - - [13/Sep/2021:09:32:28 +0800] "GET /xingrg/kc/buy/cgsh_order_add.html HTTP/1.1" 200 63394
180.169.147.146 - - [13/Sep/2021:09:32:28 +0800] "GET /xingrg/all/function/internal_message.html?_=1631496747163&CODE_STATE=getMsg HTTP/1.1" 200 27
116.230.105.26 - - [13/Sep/2021:09:32:28 +0800] "POST /xingrg/kc/buy/cgsh_order_operate.html HTTP/1.1" 200 8245
116.230.105.26 - - [13/Sep/2021:09:32:28 +0800] "GET /xingrg/javascript/easyui/themes/default/validatebox.css HTTP/1.1" 404 1104
116.238.168.124 - - [13/Sep/2021:09:32:29 +0800] "POST /xingrg/dwr/call/plaincall/AjaxCheckService.setItemNumber.dwr HTTP/1.1" 200 77
124.79.74.73 - - [13/Sep/2021:09:32:30 +0800] "GET /xingrg/login.html HTTP/1.1" 200 7641
124.79.74.73 - - [13/Sep/2021:09:32:30 +0800] "GET /favicon.ico HTTP/1.1" 404 -
116.238.168.124 - - [13/Sep/2021:09:32:30 +0800] "POST /xingrg/dwr/call/plaincall/AjaxCheckService.setItemNumber.dwr HTTP/1.1" 200 77
116.230.105.26 - - [13/Sep/2021:09:32:31 +0800] "GET /xingrg/javascript/easyui/themes/default/tree.css HTTP/1.1" 404 1090
116.230.105.26 - - [13/Sep/2021:09:32:31 +0800] "POST /xingrg/all/common/load_tree.html?tree=supplier_tree_json&isDelete=1 HTTP/1.1" 200 57687
116.238.168.124 - - [13/Sep/2021:09:32:32 +0800] "POST /xingrg/dwr/call/plaincall/AjaxCheckService.setItemNumber.dwr HTTP/1.1" 200 77
116.238.168.124 - - [13/Sep/2021:09:32:35 +0800] "POST /xingrg/dwr/call/plaincall/AjaxCheckService.setItemNumber.dwr HTTP/1.1" 200 77
116.238.168.124 - - [13/Sep/2021:09:32:35 +0800] "POST /xingrg/dwr/call/plaincall/AjaxCheckService.setItemNumber.dwr HTTP/1.1" 200 77
120.253.135.82 - - [13/Sep/2021:09:32:36 +0800] "GET /xingrg/all/function/internal_message.html?_=1631496346892&CODE_STATE=getMsg HTTP/1.1" 302 -
116.238.168.124 - - [13/Sep/2021:09:32:39 +0800] "POST /xingrg/dwr/call/plaincall/AjaxCheckService.setItemNumber.dwr HTTP/1.1" 200 77
222.70.246.151 - - [13/Sep/2021:09:32:39 +0800] "GET /xingrg/all/function/internal_message.html?_=1631496758611&CODE_STATE=getMsg HTTP/1.1" 200 27
114.86.229.76 - - [13/Sep/2021:09:32:39 +0800] "GET /xingrg/all/function/internal_message.html?_=1631496757616&CODE_STATE=getMsg HTTP/1.1" 200 27
116.238.168.124 - - [13/Sep/2021:09:32:41 +0800] "POST /xingrg/dwr/call/plaincall/AjaxCheckService.setItemNumber.dwr HTTP/1.1" 200 77
180.169.147.146 - - [13/Sep/2021:09:32:41 +0800] "GET /xingrg/all/function/internal_message.html?_=1631496759381&CODE_STATE=getMsg HTTP/1.1" 200 27
116.238.168.124 - - [13/Sep/2021:09:32:42 +0800] "POST /xingrg/dwr/call/plaincall/AjaxCheckService.setItemNumber.dwr HTTP/1.1" 200 77
222.70.179.190 - - [13/Sep/2021:09:32:43 +0800] "GET /xingrg/all/function/internal_message.html?_=1631496760948&CODE_STATE=getMsg HTTP/1.1" 302 -
180.169.147.146 - - [13/Sep/2021:09:32:43 +0800] "GET /xingrg/all/function/internal_message.html?_=1631496909706&CODE_STATE=getMsg HTTP/1.1" 200 27
116.238.194.18 - - [13/Sep/2021:09:32:44 +0800] "GET /xingrg/all/function/internal_message.html?_=1631496762480&CODE_STATE=getMsg HTTP/1.1" 200 27
116.238.168.124 - - [13/Sep/2021:09:32:45 +0800] "POST /xingrg/dwr/call/plaincall/AjaxCheckService.setItemNumber.dwr HTTP/1.1" 200 77
