116.230.105.26 - - [13/Sep/2021:10:03:48 +0800] "GET /xingrg/all/function/internal_message.html?_=1631498621527&CODE_STATE=getMsg HTTP/1.1" 200 27
58.37.227.186 - - [13/Sep/2021:10:03:49 +0800] "POST /xingrg/dwr/call/plaincall/AjaxCheckService.setItemNumber.dwr HTTP/1.1" 200 78
116.238.168.124 - - [13/Sep/2021:10:03:50 +0800] "POST /xingrg/dwr/call/plaincall/AjaxCheckService.setItemNumber.dwr HTTP/1.1" 200 77
58.37.227.186 - - [13/Sep/2021:10:03:51 +0800] "POST /xingrg/dwr/call/plaincall/AjaxCheckService.setItemNumber.dwr HTTP/1.1" 200 78
58.37.227.186 - - [13/Sep/2021:10:03:51 +0800] "POST /xingrg/dwr/call/plaincall/AjaxCheckService.setItemNumber.dwr HTTP/1.1" 200 78
58.37.227.186 - - [13/Sep/2021:10:03:52 +0800] "POST /xingrg/dwr/call/plaincall/AjaxCheckService.setItemNumber.dwr HTTP/1.1" 200 78
116.238.168.124 - - [13/Sep/2021:10:03:52 +0800] "GET /xingrg/all/function/internal_message.html?_=1631498610357&CODE_STATE=getMsg HTTP/1.1" 200 27
58.37.227.186 - - [13/Sep/2021:10:03:54 +0800] "POST /xingrg/dwr/call/plaincall/AjaxCheckService.setItemNumber.dwr HTTP/1.1" 200 78
116.238.168.124 - - [13/Sep/2021:10:03:56 +0800] "POST /xingrg/dwr/call/plaincall/AjaxCheckService.setItemNumber.dwr HTTP/1.1" 200 77
101.83.145.79 - - [13/Sep/2021:10:03:56 +0800] "GET /xingrg/all/function/internal_message.html?_=1631498582465&CODE_STATE=getMsg HTTP/1.1" 200 27
58.37.227.186 - - [13/Sep/2021:10:03:56 +0800] "POST /xingrg/dwr/call/plaincall/AjaxCheckService.setItemNumber.dwr HTTP/1.1" 200 78
116.237.74.154 - - [13/Sep/2021:10:03:56 +0800] "GET /xingrg/all/function/internal_message.html?_=1631498634365&CODE_STATE=getMsg HTTP/1.1" 200 27
180.169.147.146 - - [13/Sep/2021:10:03:57 +0800] "GET /xingrg/all/function/internal_message.html?_=1631498635586&CODE_STATE=getMsg HTTP/1.1" 200 27
58.37.227.186 - - [13/Sep/2021:10:03:57 +0800] "POST /xingrg/dwr/call/plaincall/AjaxCheckService.setItemNumber.dwr HTTP/1.1" 200 78
116.238.168.124 - - [13/Sep/2021:10:03:58 +0800] "POST /xingrg/dwr/call/plaincall/AjaxCheckService.setItemNumber.dwr HTTP/1.1" 200 77
58.37.227.186 - - [13/Sep/2021:10:03:58 +0800] "POST /xingrg/dwr/call/plaincall/AjaxCheckService.setItemNumber.dwr HTTP/1.1" 200 78
222.70.246.151 - - [13/Sep/2021:10:03:58 +0800] "GET /xingrg/all/function/internal_message.html?_=1631498638105&CODE_STATE=getMsg HTTP/1.1" 302 -
58.37.227.186 - - [13/Sep/2021:10:03:59 +0800] "POST /xingrg/dwr/call/plaincall/AjaxCheckService.setItemNumber.dwr HTTP/1.1" 200 78
116.238.168.124 - - [13/Sep/2021:10:04:00 +0800] "POST /xingrg/dwr/call/plaincall/AjaxCheckService.setItemNumber.dwr HTTP/1.1" 200 77
58.37.227.186 - - [13/Sep/2021:10:04:00 +0800] "POST /xingrg/dwr/call/plaincall/AjaxCheckService.setItemNumber.dwr HTTP/1.1" 200 78
116.238.194.18 - - [13/Sep/2021:10:04:00 +0800] "GET /xingrg/check_reg.html?_=1631498637914 HTTP/1.1" 200 22
116.238.194.18 - - [13/Sep/2021:10:04:00 +0800] "GET /xingrg/all/function/internal_message.html?_=1631498637916&CODE_STATE=getMsg HTTP/1.1" 200 27
116.238.168.124 - - [13/Sep/2021:10:04:01 +0800] "POST /xingrg/dwr/call/plaincall/AjaxCheckService.setItemNumber.dwr HTTP/1.1" 200 77
116.238.168.124 - - [13/Sep/2021:10:04:01 +0800] "POST /xingrg/dwr/call/plaincall/AjaxCheckService.setItemNumber.dwr HTTP/1.1" 200 77
58.37.227.186 - - [13/Sep/2021:10:04:02 +0800] "POST /xingrg/dwr/call/plaincall/AjaxCheckService.setItemNumber.dwr HTTP/1.1" 200 78
58.37.227.186 - - [13/Sep/2021:10:04:03 +0800] "POST /xingrg/dwr/call/plaincall/AjaxCheckService.setItemNumber.dwr HTTP/1.1" 200 78
58.37.227.186 - - [13/Sep/2021:10:04:04 +0800] "POST /xingrg/dwr/call/plaincall/AjaxCheckService.setItemNumber.dwr HTTP/1.1" 200 78
58.37.227.186 - - [13/Sep/2021:10:04:06 +0800] "POST /xingrg/dwr/call/plaincall/AjaxCheckService.setItemNumber.dwr HTTP/1.1" 200 78
58.37.227.186 - - [13/Sep/2021:10:04:07 +0800] "POST /xingrg/dwr/call/plaincall/AjaxCheckService.setItemNumber.dwr HTTP/1.1" 200 78
58.37.227.186 - - [13/Sep/2021:10:04:08 +0800] "POST /xingrg/dwr/call/plaincall/AjaxCheckService.setItemNumber.dwr HTTP/1.1" 200 78
222.69.128.101 - - [13/Sep/2021:10:04:08 +0800] "GET /xingrg/all/function/internal_message.html?_=1631498645016&CODE_STATE=getMsg HTTP/1.1" 200 27
58.37.227.186 - - [13/Sep/2021:10:04:08 +0800] "GET /xingrg/all/function/internal_message.html?_=1631498519287&CODE_STATE=getMsg HTTP/1.1" 200 27
222.69.128.101 - - [13/Sep/2021:10:04:09 +0800] "GET /xingrg/check_reg.html?_=1631498646051 HTTP/1.1" 200 22
222.70.179.190 - - [13/Sep/2021:10:04:09 +0800] "GET /xingrg/all/function/internal_message.html?_=1631498647348&CODE_STATE=getMsg HTTP/1.1" 302 -
116.238.168.124 - - [13/Sep/2021:10:04:10 +0800] "POST /xingrg/dwr/call/plaincall/AjaxCheckService.setItemNumber.dwr HTTP/1.1" 200 77
116.238.168.124 - - [13/Sep/2021:10:04:10 +0800] "POST /xingrg/dwr/call/plaincall/AjaxCheckService.setItemNumber.dwr HTTP/1.1" 200 77
58.37.227.186 - - [13/Sep/2021:10:04:10 +0800] "POST /xingrg/dwr/call/plaincall/AjaxCheckService.setItemNumber.dwr HTTP/1.1" 200 78
58.37.227.186 - - [13/Sep/2021:10:04:12 +0800] "POST /xingrg/dwr/call/plaincall/AjaxCheckService.setItemNumber.dwr HTTP/1.1" 200 78
116.238.168.124 - - [13/Sep/2021:10:04:12 +0800] "POST /xingrg/dwr/call/plaincall/AjaxCheckService.setItemNumber.dwr HTTP/1.1" 200 77
58.37.227.186 - - [13/Sep/2021:10:04:14 +0800] "POST /xingrg/dwr/call/plaincall/AjaxCheckService.setItemNumber.dwr HTTP/1.1" 200 78
222.70.179.190 - - [13/Sep/2021:10:04:15 +0800] "GET /xingrg/all/function/internal_message.html?_=1631498647428&CODE_STATE=getMsg HTTP/1.1" 200 27
222.70.179.190 - - [13/Sep/2021:10:04:15 +0800] "GET /xingrg/check_reg.html?_=1631498647431 HTTP/1.1" 200 22
58.37.227.186 - - [13/Sep/2021:10:04:15 +0800] "POST /xingrg/dwr/call/plaincall/AjaxCheckService.setItemNumber.dwr HTTP/1.1" 200 78
58.37.227.186 - - [13/Sep/2021:10:04:16 +0800] "POST /xingrg/dwr/call/plaincall/AjaxCheckService.setItemNumber.dwr HTTP/1.1" 200 78
116.238.168.124 - - [13/Sep/2021:10:04:16 +0800] "POST /xingrg/dwr/call/plaincall/AjaxCheckService.setItemNumber.dwr HTTP/1.1" 200 77
58.37.227.186 - - [13/Sep/2021:10:04:16 +0800] "POST /xingrg/dwr/call/plaincall/AjaxCheckService.setItemNumber.dwr HTTP/1.1" 200 78
116.238.168.124 - - [13/Sep/2021:10:04:17 +0800] "POST /xingrg/dwr/call/plaincall/AjaxCheckService.setItemNumber.dwr HTTP/1.1" 200 77
58.37.227.186 - - [13/Sep/2021:10:04:18 +0800] "POST /xingrg/dwr/call/plaincall/AjaxCheckService.setItemNumber.dwr HTTP/1.1" 200 78
58.37.227.186 - - [13/Sep/2021:10:04:20 +0800] "POST /xingrg/dwr/call/plaincall/AjaxCheckService.setItemNumber.dwr HTTP/1.1" 200 78
116.238.168.124 - - [13/Sep/2021:10:04:20 +0800] "POST /xingrg/dwr/call/plaincall/AjaxCheckService.setItemNumber.dwr HTTP/1.1" 200 77
58.37.227.186 - - [13/Sep/2021:10:04:21 +0800] "POST /xingrg/dwr/call/plaincall/AjaxCheckService.setItemNumber.dwr HTTP/1.1" 200 78
116.238.194.18 - - [13/Sep/2021:10:04:22 +0800] "GET /xingrg/all/function/internal_message.html?_=1631498630385&CODE_STATE=getMsg HTTP/1.1" 200 27
116.238.168.124 - - [13/Sep/2021:10:04:22 +0800] "POST /xingrg/dwr/call/plaincall/AjaxCheckService.setItemNumber.dwr HTTP/1.1" 200 77
116.238.168.124 - - [13/Sep/2021:10:04:22 +0800] "POST /xingrg/dwr/call/plaincall/AjaxCheckService.setItemNumber.dwr HTTP/1.1" 200 77
58.37.227.186 - - [13/Sep/2021:10:04:23 +0800] "POST /xingrg/dwr/call/plaincall/AjaxCheckService.setItemNumber.dwr HTTP/1.1" 200 78
116.238.168.124 - - [13/Sep/2021:10:04:23 +0800] "POST /xingrg/dwr/call/plaincall/AjaxCheckService.setItemNumber.dwr HTTP/1.1" 200 77
116.238.168.124 - - [13/Sep/2021:10:04:24 +0800] "POST /xingrg/dwr/call/plaincall/AjaxCheckService.setItemNumber.dwr HTTP/1.1" 200 77
120.253.135.82 - - [13/Sep/2021:10:04:26 +0800] "GET /xingrg/all/function/internal_message.html?_=1631498431501&CODE_STATE=getMsg HTTP/1.1" 200 27
120.253.135.82 - - [13/Sep/2021:10:04:26 +0800] "GET /xingrg/check_reg.html?_=1631498431526 HTTP/1.1" 200 22
116.238.168.124 - - [13/Sep/2021:10:04:27 +0800] "POST /xingrg/dwr/call/plaincall/AjaxCheckService.setItemNumber.dwr HTTP/1.1" 200 77
116.238.168.124 - - [13/Sep/2021:10:04:28 +0800] "POST /xingrg/dwr/call/plaincall/AjaxCheckService.setItemNumber.dwr HTTP/1.1" 200 77
58.37.227.186 - - [13/Sep/2021:10:04:29 +0800] "POST /xingrg/dwr/call/plaincall/AjaxCheckService.setItemNumber.dwr HTTP/1.1" 200 78
101.83.145.79 - - [13/Sep/2021:10:04:31 +0800] "GET /xingrg/all/function/internal_message.html?_=1631498669954&CODE_STATE=getMsg HTTP/1.1" 200 27
116.238.168.124 - - [13/Sep/2021:10:04:32 +0800] "POST /xingrg/dwr/call/plaincall/AjaxCheckService.setItemNumber.dwr HTTP/1.1" 200 77
116.238.168.124 - - [13/Sep/2021:10:04:33 +0800] "POST /xingrg/dwr/call/plaincall/AjaxCheckService.setItemNumber.dwr HTTP/1.1" 200 77
116.238.168.124 - - [13/Sep/2021:10:04:35 +0800] "POST /xingrg/dwr/call/plaincall/AjaxCheckService.setItemNumber.dwr HTTP/1.1" 200 77
58.37.227.186 - - [13/Sep/2021:10:04:35 +0800] "POST /xingrg/dwr/call/plaincall/AjaxCheckService.setItemNumber.dwr HTTP/1.1" 200 78
116.238.168.124 - - [13/Sep/2021:10:04:35 +0800] "POST /xingrg/dwr/call/plaincall/AjaxCheckService.setItemNumber.dwr HTTP/1.1" 200 77
58.37.227.186 - - [13/Sep/2021:10:04:36 +0800] "POST /xingrg/dwr/call/plaincall/AjaxCheckService.setItemNumber.dwr HTTP/1.1" 200 78
101.83.145.79 - - [13/Sep/2021:10:04:37 +0800] "GET /xingrg/all/function/internal_message.html?_=1631498674602&CODE_STATE=getMsg HTTP/1.1" 200 27
114.86.229.76 - - [13/Sep/2021:10:04:39 +0800] "GET /xingrg/all/function/internal_message.html?_=1631498677701&CODE_STATE=getMsg HTTP/1.1" 200 27
116.238.168.124 - - [13/Sep/2021:10:04:39 +0800] "POST /xingrg/dwr/call/plaincall/AjaxCheckService.setItemNumber.dwr HTTP/1.1" 200 77
120.253.135.82 - - [13/Sep/2021:10:04:40 +0800] "GET /xingrg/kc/pszx/mdqp_order_list.html?state=10 HTTP/1.1" 200 10217
120.253.135.82 - - [13/Sep/2021:10:04:40 +0800] "GET /xingrg/dwr/interface/AjaxReportQueryService.js HTTP/1.1" 200 13203
120.253.135.82 - - [13/Sep/2021:10:04:40 +0800] "GET /xingrg/dwr/interface/AjaxQqpsService.js HTTP/1.1" 200 16326
120.253.135.82 - - [13/Sep/2021:10:04:40 +0800] "GET /xingrg/dwr/engine.js HTTP/1.1" 200 43631
58.37.227.186 - - [13/Sep/2021:10:04:40 +0800] "POST /xingrg/dwr/call/plaincall/AjaxCheckService.setItemNumber.dwr HTTP/1.1" 200 78
180.169.147.146 - - [13/Sep/2021:10:04:41 +0800] "GET /xingrg/all/function/internal_message.html?_=1631498679389&CODE_STATE=getMsg HTTP/1.1" 200 27
180.169.147.146 - - [13/Sep/2021:10:04:41 +0800] "GET /xingrg/check_reg.html?_=1631498679394 HTTP/1.1" 200 22
222.70.246.151 - - [13/Sep/2021:10:04:41 +0800] "GET /xingrg/all/function/internal_message.html?_=1631498680979&CODE_STATE=getMsg HTTP/1.1" 200 27
180.169.147.146 - - [13/Sep/2021:10:04:43 +0800] "GET /xingrg/all/function/internal_message.html?_=1631498829849&CODE_STATE=getMsg HTTP/1.1" 200 27
58.37.227.186 - - [13/Sep/2021:10:04:45 +0800] "POST /xingrg/dwr/call/plaincall/AjaxCheckService.setItemNumber.dwr HTTP/1.1" 200 78
58.37.227.186 - - [13/Sep/2021:10:04:45 +0800] "POST /xingrg/dwr/call/plaincall/AjaxCheckService.setItemNumber.dwr HTTP/1.1" 200 78
180.169.147.146 - - [13/Sep/2021:10:04:46 +0800] "GET /xingrg/all/function/internal_message.html?_=1631498684198&CODE_STATE=getMsg HTTP/1.1" 200 27
58.37.227.186 - - [13/Sep/2021:10:04:46 +0800] "POST /xingrg/dwr/call/plaincall/AjaxCheckService.setItemNumber.dwr HTTP/1.1" 200 78
58.37.227.186 - - [13/Sep/2021:10:04:47 +0800] "POST /xingrg/dwr/call/plaincall/AjaxCheckService.setItemNumber.dwr HTTP/1.1" 200 78
120.253.135.82 - - [13/Sep/2021:10:04:47 +0800] "GET /xingrg/kc/pszx/mdps_order_list.html?orderType=0 HTTP/1.1" 200 21089
120.253.135.82 - - [13/Sep/2021:10:04:47 +0800] "POST /xingrg/kc/pszx/mdps_list_operate.html HTTP/1.1" 200 5492
116.238.168.124 - - [13/Sep/2021:10:04:47 +0800] "POST /xingrg/dwr/call/plaincall/AjaxCheckService.setItemNumber.dwr HTTP/1.1" 200 77
58.37.227.186 - - [13/Sep/2021:10:04:48 +0800] "POST /xingrg/dwr/call/plaincall/AjaxCheckService.setItemNumber.dwr HTTP/1.1" 200 78
58.37.227.186 - - [13/Sep/2021:10:04:48 +0800] "POST /xingrg/dwr/call/plaincall/AjaxCheckService.setItemNumber.dwr HTTP/1.1" 200 78
116.230.105.26 - - [13/Sep/2021:10:04:48 +0800] "GET /xingrg/all/function/internal_message.html?_=1631498681516&CODE_STATE=getMsg HTTP/1.1" 200 27
120.253.135.82 - - [13/Sep/2021:10:04:49 +0800] "GET /xingrg/kc/pszx/mdps_order_add.html HTTP/1.1" 200 29111
120.253.135.82 - - [13/Sep/2021:10:04:49 +0800] "POST /xingrg/kc/pszx/mdps_order_operate.html HTTP/1.1" 200 7126
58.37.227.186 - - [13/Sep/2021:10:04:49 +0800] "POST /xingrg/dwr/call/plaincall/AjaxCheckService.setItemNumber.dwr HTTP/1.1" 200 78
120.253.135.82 - - [13/Sep/2021:10:04:49 +0800] "GET /xingrg/javascript/easyui/themes/default/validatebox.css HTTP/1.1" 404 1104
58.37.227.186 - - [13/Sep/2021:10:04:50 +0800] "POST /xingrg/dwr/call/plaincall/AjaxCheckService.setItemNumber.dwr HTTP/1.1" 200 78
116.238.168.124 - - [13/Sep/2021:10:04:52 +0800] "GET /xingrg/all/function/internal_message.html?_=1631498670370&CODE_STATE=getMsg HTTP/1.1" 200 27
58.37.227.186 - - [13/Sep/2021:10:04:53 +0800] "POST /xingrg/dwr/call/plaincall/AjaxCheckService.setItemNumber.dwr HTTP/1.1" 200 78
58.37.227.186 - - [13/Sep/2021:10:04:54 +0800] "POST /xingrg/dwr/call/plaincall/AjaxCheckService.setItemNumber.dwr HTTP/1.1" 200 78
58.37.227.186 - - [13/Sep/2021:10:04:56 +0800] "POST /xingrg/dwr/call/plaincall/AjaxCheckService.setItemNumber.dwr HTTP/1.1" 200 78
101.83.145.79 - - [13/Sep/2021:10:04:56 +0800] "GET /xingrg/all/function/internal_message.html?_=1631498642465&CODE_STATE=getMsg HTTP/1.1" 200 27
116.237.74.154 - - [13/Sep/2021:10:04:56 +0800] "GET /xingrg/all/function/internal_message.html?_=1631498694363&CODE_STATE=getMsg HTTP/1.1" 200 27
120.253.135.82 - - [13/Sep/2021:10:04:57 +0800] "POST /xingrg/all/common/load_combo.html?type=base HTTP/1.1" 200 1075
180.169.147.146 - - [13/Sep/2021:10:04:57 +0800] "GET /xingrg/all/function/internal_message.html?_=1631498695584&CODE_STATE=getMsg HTTP/1.1" 200 27
58.37.227.186 - - [13/Sep/2021:10:04:57 +0800] "POST /xingrg/dwr/call/plaincall/AjaxCheckService.setItemNumber.dwr HTTP/1.1" 200 78
222.70.246.151 - - [13/Sep/2021:10:04:58 +0800] "GET /xingrg/all/function/internal_message.html?_=1631498698107&CODE_STATE=getMsg HTTP/1.1" 302 -
116.238.194.18 - - [13/Sep/2021:10:05:00 +0800] "GET /xingrg/all/function/internal_message.html?_=1631498697913&CODE_STATE=getMsg HTTP/1.1" 200 27
58.37.227.186 - - [13/Sep/2021:10:05:00 +0800] "POST /xingrg/dwr/call/plaincall/AjaxCheckService.setItemNumber.dwr HTTP/1.1" 200 78
58.37.227.186 - - [13/Sep/2021:10:05:04 +0800] "POST /xingrg/dwr/call/plaincall/AjaxCheckService.setItemNumber.dwr HTTP/1.1" 200 78
58.37.227.186 - - [13/Sep/2021:10:05:07 +0800] "POST /xingrg/dwr/call/plaincall/AjaxCheckService.setItemNumber.dwr HTTP/1.1" 200 78
222.69.128.101 - - [13/Sep/2021:10:05:08 +0800] "GET /xingrg/all/function/internal_message.html?_=1631498705005&CODE_STATE=getMsg HTTP/1.1" 200 27
58.37.227.186 - - [13/Sep/2021:10:05:08 +0800] "GET /xingrg/all/function/internal_message.html?_=1631498579308&CODE_STATE=getMsg HTTP/1.1" 200 27
120.253.135.82 - - [13/Sep/2021:10:05:09 +0800] "GET /xingrg/kc/pszx/mdps_order_operate.html?command=get_materiel&pszx_code=00101&rest_code=00151&base_code=0010250&code=00102002685 HTTP/1.1" 200 444
222.70.179.190 - - [13/Sep/2021:10:05:09 +0800] "GET /xingrg/all/function/internal_message.html?_=1631498707329&CODE_STATE=getMsg HTTP/1.1" 302 -
58.37.227.186 - - [13/Sep/2021:10:05:10 +0800] "POST /xingrg/dwr/call/plaincall/AjaxCheckService.setItemNumber.dwr HTTP/1.1" 200 78
58.37.227.186 - - [13/Sep/2021:10:05:12 +0800] "POST /xingrg/dwr/call/plaincall/AjaxCheckService.setItemNumber.dwr HTTP/1.1" 200 78
58.37.227.186 - - [13/Sep/2021:10:05:13 +0800] "GET /xingrg/check_reg.html?_=1631498584667 HTTP/1.1" 200 22
222.70.179.190 - - [13/Sep/2021:10:05:15 +0800] "GET /xingrg/all/function/internal_message.html?_=1631498707430&CODE_STATE=getMsg HTTP/1.1" 200 27
58.37.227.186 - - [13/Sep/2021:10:05:15 +0800] "POST /xingrg/dwr/call/plaincall/AjaxCheckService.setItemNumber.dwr HTTP/1.1" 200 78
120.253.135.82 - - [13/Sep/2021:10:05:15 +0800] "POST /xingrg/kc/pszx/mdps_order_operate.html HTTP/1.1" 200 37
58.40.7.146 - - [13/Sep/2021:10:05:15 +0800] "GET /xingrg/check_reg.html?_=1631498713828 HTTP/1.1" 302 -
58.37.227.186 - - [13/Sep/2021:10:05:16 +0800] "POST /xingrg/dwr/call/plaincall/AjaxCheckService.setItemNumber.dwr HTTP/1.1" 200 78
58.37.227.186 - - [13/Sep/2021:10:05:16 +0800] "POST /xingrg/dwr/call/plaincall/AjaxCheckService.setItemNumber.dwr HTTP/1.1" 200 78
120.253.135.82 - - [13/Sep/2021:10:05:18 +0800] "GET /xingrg/kc/pszx/mdps_order_info.html?code=312021091300392 HTTP/1.1" 200 23929
58.37.227.186 - - [13/Sep/2021:10:05:18 +0800] "POST /xingrg/dwr/call/plaincall/AjaxCheckService.setItemNumber.dwr HTTP/1.1" 200 78
120.253.135.82 - - [13/Sep/2021:10:05:18 +0800] "GET /xingrg/javascript/easyui/themes/default/validatebox.css HTTP/1.1" 404 1104
120.253.135.82 - - [13/Sep/2021:10:05:18 +0800] "POST /xingrg/kc/pszx/mdps_order_operate.html HTTP/1.1" 200 2297
120.253.135.82 - - [13/Sep/2021:10:05:20 +0800] "GET /xingrg/all/function/internal_message.html?_=1631498491513&CODE_STATE=getMsg HTTP/1.1" 200 27
120.253.135.82 - - [13/Sep/2021:10:05:20 +0800] "GET /xingrg/kc/print/load_config.html?kc_code=mdps HTTP/1.1" 200 2390
120.253.135.82 - - [13/Sep/2021:10:05:21 +0800] "GET /xingrg/kc/print/load_data.html?order_code=312021091300392&kc_code=mdps&condition= HTTP/1.1" 200 696
58.37.227.186 - - [13/Sep/2021:10:05:21 +0800] "POST /xingrg/dwr/call/plaincall/AjaxCheckService.setItemNumber.dwr HTTP/1.1" 200 78
116.238.194.18 - - [13/Sep/2021:10:05:22 +0800] "GET /xingrg/all/function/internal_message.html?_=1631498690394&CODE_STATE=getMsg HTTP/1.1" 200 27
58.37.227.186 - - [13/Sep/2021:10:05:24 +0800] "POST /xingrg/dwr/call/plaincall/AjaxCheckService.setItemNumber.dwr HTTP/1.1" 200 78
58.221.95.50 - - [13/Sep/2021:10:05:27 +0800] "GET /xingrg/check_reg.html?_=1631498728613 HTTP/1.1" 302 -
58.37.227.186 - - [13/Sep/2021:10:05:29 +0800] "POST /xingrg/dwr/call/plaincall/AjaxCheckService.setItemNumber.dwr HTTP/1.1" 200 78
58.37.227.186 - - [13/Sep/2021:10:05:30 +0800] "POST /xingrg/dwr/call/plaincall/AjaxCheckService.setItemNumber.dwr HTTP/1.1" 200 78
101.83.145.79 - - [13/Sep/2021:10:05:31 +0800] "GET /xingrg/all/function/internal_message.html?_=1631498729935&CODE_STATE=getMsg HTTP/1.1" 200 27
58.37.227.186 - - [13/Sep/2021:10:05:32 +0800] "POST /xingrg/dwr/call/plaincall/AjaxCheckService.setItemNumber.dwr HTTP/1.1" 200 78
120.253.135.82 - - [13/Sep/2021:10:05:33 +0800] "POST /xingrg/kc/pszx/mdps_order_operate.html HTTP/1.1" 200 37
120.253.135.82 - - [13/Sep/2021:10:05:34 +0800] "POST /xingrg/kc/pszx/mdps_order_operate.html HTTP/1.1" 200 12
180.169.147.146 - - [13/Sep/2021:10:05:36 +0800] "GET /favicon.ico HTTP/1.1" 404 -
101.83.145.79 - - [13/Sep/2021:10:05:37 +0800] "GET /xingrg/all/function/internal_message.html?_=1631498734605&CODE_STATE=getMsg HTTP/1.1" 200 27
58.37.227.186 - - [13/Sep/2021:10:05:38 +0800] "POST /xingrg/dwr/call/plaincall/AjaxCheckService.setItemNumber.dwr HTTP/1.1" 200 78
58.37.227.186 - - [13/Sep/2021:10:05:39 +0800] "POST /xingrg/dwr/call/plaincall/AjaxCheckService.setItemNumber.dwr HTTP/1.1" 200 78
114.86.229.76 - - [13/Sep/2021:10:05:39 +0800] "GET /xingrg/all/function/internal_message.html?_=1631498737704&CODE_STATE=getMsg HTTP/1.1" 200 27
58.37.227.186 - - [13/Sep/2021:10:05:40 +0800] "POST /xingrg/dwr/call/plaincall/AjaxCheckService.setItemNumber.dwr HTTP/1.1" 200 78
58.37.227.186 - - [13/Sep/2021:10:05:40 +0800] "POST /xingrg/dwr/call/plaincall/AjaxCheckService.setItemNumber.dwr HTTP/1.1" 200 78
222.70.246.151 - - [13/Sep/2021:10:05:40 +0800] "GET /xingrg/check_reg.html?_=1631498740288 HTTP/1.1" 302 -
180.169.147.146 - - [13/Sep/2021:10:05:41 +0800] "GET /xingrg/all/function/internal_message.html?_=1631498739381&CODE_STATE=getMsg HTTP/1.1" 200 27
222.70.246.151 - - [13/Sep/2021:10:05:41 +0800] "GET /xingrg/all/function/internal_message.html?_=1631498741144&CODE_STATE=getMsg HTTP/1.1" 200 27
58.37.227.186 - - [13/Sep/2021:10:05:41 +0800] "POST /xingrg/dwr/call/plaincall/AjaxCheckService.setItemNumber.dwr HTTP/1.1" 200 78
120.253.135.82 - - [13/Sep/2021:10:05:41 +0800] "GET /xingrg/kc/pszx/mdps_order_info.html?code=312021091300392 HTTP/1.1" 200 19589
58.37.227.186 - - [13/Sep/2021:10:05:42 +0800] "POST /xingrg/dwr/call/plaincall/AjaxCheckService.setItemNumber.dwr HTTP/1.1" 200 78
120.253.135.82 - - [13/Sep/2021:10:05:42 +0800] "POST /xingrg/kc/pszx/mdps_order_operate.html HTTP/1.1" 200 517
120.253.135.82 - - [13/Sep/2021:10:05:42 +0800] "GET /xingrg/javascript/easyui/themes/default/validatebox.css HTTP/1.1" 404 1104
58.37.227.186 - - [13/Sep/2021:10:05:45 +0800] "POST /xingrg/dwr/call/plaincall/AjaxCheckService.setItemNumber.dwr HTTP/1.1" 200 78
180.169.147.146 - - [13/Sep/2021:10:05:46 +0800] "GET /xingrg/all/function/internal_message.html?_=1631498744197&CODE_STATE=getMsg HTTP/1.1" 200 27
116.230.105.26 - - [13/Sep/2021:10:05:48 +0800] "GET /xingrg/all/function/internal_message.html?_=1631498741533&CODE_STATE=getMsg HTTP/1.1" 200 27
116.238.168.124 - - [13/Sep/2021:10:05:52 +0800] "GET /xingrg/all/function/internal_message.html?_=1631498730384&CODE_STATE=getMsg HTTP/1.1" 200 27
58.37.227.186 - - [13/Sep/2021:10:05:54 +0800] "POST /xingrg/dwr/call/plaincall/AjaxCheckService.checkOrder.dwr HTTP/1.1" 200 80
116.238.168.124 - - [13/Sep/2021:10:05:55 +0800] "POST /xingrg/dwr/call/plaincall/AjaxCheckService.setItemNumber.dwr HTTP/1.1" 200 77
58.37.227.186 - - [13/Sep/2021:10:05:56 +0800] "GET /xingrg/kc/base/check_order_info.html?code=452021091200081 HTTP/1.1" 200 22860
58.37.227.186 - - [13/Sep/2021:10:05:56 +0800] "GET /xingrg/dwr/interface/AjaxComOrderService.js HTTP/1.1" 200 18264
58.37.227.186 - - [13/Sep/2021:10:05:56 +0800] "GET /xingrg/dwr/interface/AjaxCheckService.js HTTP/1.1" 200 14003
58.37.227.186 - - [13/Sep/2021:10:05:56 +0800] "GET /xingrg/dwr/engine.js HTTP/1.1" 200 43631
101.83.145.79 - - [13/Sep/2021:10:05:56 +0800] "GET /xingrg/check_reg.html?_=1631498702465 HTTP/1.1" 200 22
101.83.145.79 - - [13/Sep/2021:10:05:56 +0800] "GET /xingrg/all/function/internal_message.html?_=1631498702468&CODE_STATE=getMsg HTTP/1.1" 200 27
116.237.74.154 - - [13/Sep/2021:10:05:56 +0800] "GET /xingrg/all/function/internal_message.html?_=1631498754373&CODE_STATE=getMsg HTTP/1.1" 200 27
180.169.147.146 - - [13/Sep/2021:10:05:57 +0800] "GET /xingrg/all/function/internal_message.html?_=1631498755583&CODE_STATE=getMsg HTTP/1.1" 200 27
116.238.168.124 - - [13/Sep/2021:10:05:57 +0800] "POST /xingrg/dwr/call/plaincall/AjaxCheckService.setItemNumber.dwr HTTP/1.1" 200 77
61.151.207.205 - - [13/Sep/2021:10:05:58 +0800] "GET /xingrg/all/function/internal_message.html?_=1631498694363&CODE_STATE=getMsg HTTP/1.1" 302 -
222.70.246.151 - - [13/Sep/2021:10:05:58 +0800] "GET /xingrg/all/function/internal_message.html?_=1631498758132&CODE_STATE=getMsg HTTP/1.1" 302 -
61.151.207.205 - - [13/Sep/2021:10:05:58 +0800] "GET /xingrg/login.html HTTP/1.1" 200 7641
116.238.194.18 - - [13/Sep/2021:10:06:00 +0800] "GET /xingrg/all/function/internal_message.html?_=1631498757922&CODE_STATE=getMsg HTTP/1.1" 200 27
116.238.194.18 - - [13/Sep/2021:10:06:00 +0800] "GET /xingrg/all/function/internal_message.html?_=1631498757922&CODE_STATE=getMsg HTTP/1.1" 200 27
58.37.227.186 - - [13/Sep/2021:10:06:03 +0800] "POST /xingrg/dwr/call/plaincall/AjaxCheckService.loadOrderItems.dwr HTTP/1.1" 200 76529
101.83.145.79 - - [13/Sep/2021:10:06:06 +0800] "POST /xingrg/kc/buy/cgsh_order_operate.html HTTP/1.1" 200 37
101.83.145.79 - - [13/Sep/2021:10:06:07 +0800] "POST /xingrg/kc/buy/cgsh_order_operate.html HTTP/1.1" 200 33424
222.69.128.101 - - [13/Sep/2021:10:06:08 +0800] "GET /xingrg/all/function/internal_message.html?_=1631498764990&CODE_STATE=getMsg HTTP/1.1" 200 27
58.37.227.186 - - [13/Sep/2021:10:06:08 +0800] "GET /xingrg/all/function/internal_message.html?_=1631498639298&CODE_STATE=getMsg HTTP/1.1" 200 27
101.83.145.79 - - [13/Sep/2021:10:06:08 +0800] "GET /xingrg/kc/print/load_data.html?order_code=212021091305528&kc_code=cgsh&condition= HTTP/1.1" 200 12270
222.70.179.190 - - [13/Sep/2021:10:06:09 +0800] "GET /xingrg/all/function/internal_message.html?_=1631498767328&CODE_STATE=getMsg HTTP/1.1" 302 -
222.70.179.190 - - [13/Sep/2021:10:06:15 +0800] "GET /xingrg/all/function/internal_message.html?_=1631498767429&CODE_STATE=getMsg HTTP/1.1" 200 27
120.253.135.82 - - [13/Sep/2021:10:06:20 +0800] "GET /xingrg/all/function/internal_message.html?_=1631498551526&CODE_STATE=getMsg HTTP/1.1" 200 27
116.238.194.18 - - [13/Sep/2021:10:06:22 +0800] "GET /xingrg/all/function/internal_message.html?_=1631498750428&CODE_STATE=getMsg HTTP/1.1" 200 27
101.83.145.79 - - [13/Sep/2021:10:06:31 +0800] "GET /xingrg/all/function/internal_message.html?_=1631498789935&CODE_STATE=getMsg HTTP/1.1" 200 27
101.83.145.79 - - [13/Sep/2021:10:06:32 +0800] "GET /xingrg/check_reg.html?_=1631498790610 HTTP/1.1" 200 22
222.70.246.151 - - [13/Sep/2021:10:06:36 +0800] "GET /xingrg/check_reg.html?_=1631498796031 HTTP/1.1" 200 22
101.83.145.79 - - [13/Sep/2021:10:06:37 +0800] "GET /xingrg/all/function/internal_message.html?_=1631498794635&CODE_STATE=getMsg HTTP/1.1" 200 27
114.86.229.76 - - [13/Sep/2021:10:06:39 +0800] "GET /xingrg/all/function/internal_message.html?_=1631498797709&CODE_STATE=getMsg HTTP/1.1" 200 27
114.86.229.76 - - [13/Sep/2021:10:06:39 +0800] "GET /xingrg/check_reg.html?_=1631498797709 HTTP/1.1" 200 22
180.169.147.146 - - [13/Sep/2021:10:06:41 +0800] "GET /xingrg/all/function/internal_message.html?_=1631498799386&CODE_STATE=getMsg HTTP/1.1" 200 27
222.70.246.151 - - [13/Sep/2021:10:06:41 +0800] "GET /xingrg/all/function/internal_message.html?_=1631498801147&CODE_STATE=getMsg HTTP/1.1" 200 27
222.70.179.190 - - [13/Sep/2021:10:06:43 +0800] "GET /xingrg/check_reg.html?_=1631498801407 HTTP/1.1" 302 -
180.169.147.146 - - [13/Sep/2021:10:06:46 +0800] "GET /xingrg/all/function/internal_message.html?_=1631498804199&CODE_STATE=getMsg HTTP/1.1" 200 27
180.169.147.146 - - [13/Sep/2021:10:06:46 +0800] "GET /xingrg/check_reg.html?_=1631498804201 HTTP/1.1" 200 22
116.230.105.26 - - [13/Sep/2021:10:06:48 +0800] "GET /xingrg/all/function/internal_message.html?_=1631498801531&CODE_STATE=getMsg HTTP/1.1" 200 27
116.230.105.26 - - [13/Sep/2021:10:06:48 +0800] "GET /xingrg/check_reg.html?_=1631498801528 HTTP/1.1" 200 22
101.83.145.79 - - [13/Sep/2021:10:06:49 +0800] "GET /xingrg/kc/buy/cgsh_order_add.html HTTP/1.1" 200 63473
101.83.145.79 - - [13/Sep/2021:10:06:50 +0800] "POST /xingrg/kc/buy/cgsh_order_operate.html HTTP/1.1" 200 8245
101.83.145.79 - - [13/Sep/2021:10:06:50 +0800] "GET /xingrg/javascript/easyui/themes/default/validatebox.css HTTP/1.1" 404 1104
116.238.168.124 - - [13/Sep/2021:10:06:52 +0800] "GET /xingrg/all/function/internal_message.html?_=1631498790396&CODE_STATE=getMsg HTTP/1.1" 200 27
101.83.145.79 - - [13/Sep/2021:10:06:56 +0800] "GET /xingrg/all/function/internal_message.html?_=1631498762469&CODE_STATE=getMsg HTTP/1.1" 200 27
116.237.74.154 - - [13/Sep/2021:10:06:56 +0800] "GET /xingrg/all/function/internal_message.html?_=1631498814361&CODE_STATE=getMsg HTTP/1.1" 200 27
180.169.147.146 - - [13/Sep/2021:10:06:57 +0800] "GET /xingrg/all/function/internal_message.html?_=1631498815583&CODE_STATE=getMsg HTTP/1.1" 200 27
180.169.147.146 - - [13/Sep/2021:10:06:57 +0800] "GET /xingrg/check_reg.html?_=1631498815584 HTTP/1.1" 200 22
222.70.246.151 - - [13/Sep/2021:10:06:58 +0800] "GET /xingrg/all/function/internal_message.html?_=1631498818134&CODE_STATE=getMsg HTTP/1.1" 302 -
183.192.93.182 - - [13/Sep/2021:10:06:58 +0800] "GET /xingrg/check_reg.html?_=1631498818064 HTTP/1.1" 302 -
101.83.145.79 - - [13/Sep/2021:10:07:00 +0800] "GET /xingrg/kc/buy/cgsh_order_operate.html?command=get_materiel&rest_code=00105&code=00101009109&supplier_code=00100024&order_time=2021-09-13 HTTP/1.1" 200 399
116.238.194.18 - - [13/Sep/2021:10:07:00 +0800] "GET /xingrg/all/function/internal_message.html?_=1631498817934&CODE_STATE=getMsg HTTP/1.1" 200 27
116.238.194.18 - - [13/Sep/2021:10:07:00 +0800] "GET /xingrg/all/function/internal_message.html?_=1631498817934&CODE_STATE=getMsg HTTP/1.1" 200 27
222.69.128.101 - - [13/Sep/2021:10:07:08 +0800] "GET /xingrg/all/function/internal_message.html?_=1631498824976&CODE_STATE=getMsg HTTP/1.1" 200 27
58.37.227.186 - - [13/Sep/2021:10:07:08 +0800] "GET /xingrg/all/function/internal_message.html?_=1631498699270&CODE_STATE=getMsg HTTP/1.1" 200 27
222.70.179.190 - - [13/Sep/2021:10:07:09 +0800] "GET /xingrg/all/function/internal_message.html?_=1631498827310&CODE_STATE=getMsg HTTP/1.1" 302 -
101.83.145.79 - - [13/Sep/2021:10:07:13 +0800] "GET /xingrg/kc/buy/cgsh_order_operate.html?command=get_materiel&rest_code=00105&code=00101009062&supplier_code=00100024&order_time=2021-09-13 HTTP/1.1" 200 412
222.70.179.190 - - [13/Sep/2021:10:07:15 +0800] "GET /xingrg/all/function/internal_message.html?_=1631498827428&CODE_STATE=getMsg HTTP/1.1" 200 27
120.253.135.82 - - [13/Sep/2021:10:07:20 +0800] "GET /xingrg/all/function/internal_message.html?_=1631498611540&CODE_STATE=getMsg HTTP/1.1" 200 27
116.238.194.18 - - [13/Sep/2021:10:07:20 +0800] "GET /xingrg/check_reg.html?_=1631498809314 HTTP/1.1" 200 22
116.238.168.124 - - [13/Sep/2021:10:07:21 +0800] "GET /xingrg/kc/base/check_order_list.html?isBack=1 HTTP/1.1" 200 16343
116.238.194.18 - - [13/Sep/2021:10:07:22 +0800] "GET /xingrg/all/function/internal_message.html?_=1631498810458&CODE_STATE=getMsg HTTP/1.1" 200 27
116.238.168.124 - - [13/Sep/2021:10:07:25 +0800] "POST /xingrg/kc/base/check_list_operate.html HTTP/1.1" 200 3480
116.238.168.124 - - [13/Sep/2021:10:07:25 +0800] "GET /xingrg/check_reg.html?_=1631498822744 HTTP/1.1" 200 22
101.83.145.79 - - [13/Sep/2021:10:07:31 +0800] "GET /xingrg/all/function/internal_message.html?_=1631498849917&CODE_STATE=getMsg HTTP/1.1" 200 27
101.83.145.79 - - [13/Sep/2021:10:07:32 +0800] "GET /xingrg/kc/buy/cgsh_order_operate.html?command=get_materiel&rest_code=00105&code=00101009118&supplier_code=00100024&order_time=2021-09-13 HTTP/1.1" 200 391
101.83.145.79 - - [13/Sep/2021:10:07:37 +0800] "GET /xingrg/all/function/internal_message.html?_=1631498854638&CODE_STATE=getMsg HTTP/1.1" 200 27
101.83.145.79 - - [13/Sep/2021:10:07:37 +0800] "GET /xingrg/check_reg.html?_=1631498854643 HTTP/1.1" 200 22
114.86.229.76 - - [13/Sep/2021:10:07:39 +0800] "GET /xingrg/all/function/internal_message.html?_=1631498857706&CODE_STATE=getMsg HTTP/1.1" 200 27
101.83.145.79 - - [13/Sep/2021:10:07:39 +0800] "GET /xingrg/kc/buy/cgsh_order_operate.html?command=get_materiel&rest_code=00105&code=00101009011&supplier_code=00100024&order_time=2021-09-13 HTTP/1.1" 200 416
180.169.147.146 - - [13/Sep/2021:10:07:41 +0800] "GET /xingrg/all/function/internal_message.html?_=1631498859375&CODE_STATE=getMsg HTTP/1.1" 200 27
222.70.246.151 - - [13/Sep/2021:10:07:41 +0800] "GET /xingrg/all/function/internal_message.html?_=1631498861161&CODE_STATE=getMsg HTTP/1.1" 200 27
180.169.147.146 - - [13/Sep/2021:10:07:46 +0800] "GET /xingrg/all/function/internal_message.html?_=1631498864190&CODE_STATE=getMsg HTTP/1.1" 200 27
116.230.105.26 - - [13/Sep/2021:10:07:48 +0800] "GET /xingrg/all/function/internal_message.html?_=1631498861519&CODE_STATE=getMsg HTTP/1.1" 200 27
116.238.168.124 - - [13/Sep/2021:10:07:52 +0800] "GET /xingrg/all/function/internal_message.html?_=1631498850412&CODE_STATE=getMsg HTTP/1.1" 200 27
101.83.145.79 - - [13/Sep/2021:10:07:56 +0800] "GET /xingrg/all/function/internal_message.html?_=1631498822469&CODE_STATE=getMsg HTTP/1.1" 200 27
116.237.74.154 - - [13/Sep/2021:10:07:56 +0800] "GET /xingrg/check_reg.html?_=1631498874383 HTTP/1.1" 200 22
116.237.74.154 - - [13/Sep/2021:10:07:56 +0800] "GET /xingrg/all/function/internal_message.html?_=1631498874383&CODE_STATE=getMsg HTTP/1.1" 200 27
180.169.147.146 - - [13/Sep/2021:10:07:57 +0800] "GET /xingrg/all/function/internal_message.html?_=1631498875582&CODE_STATE=getMsg HTTP/1.1" 200 27
222.70.246.151 - - [13/Sep/2021:10:07:58 +0800] "GET /xingrg/all/function/internal_message.html?_=1631498878159&CODE_STATE=getMsg HTTP/1.1" 302 -
116.238.194.18 - - [13/Sep/2021:10:08:00 +0800] "GET /xingrg/all/function/internal_message.html?_=1631498877946&CODE_STATE=getMsg HTTP/1.1" 200 27
222.69.128.101 - - [13/Sep/2021:10:08:08 +0800] "GET /xingrg/all/function/internal_message.html?_=1631498884960&CODE_STATE=getMsg HTTP/1.1" 200 27
58.37.227.186 - - [13/Sep/2021:10:08:08 +0800] "GET /xingrg/all/function/internal_message.html?_=1631498759245&CODE_STATE=getMsg HTTP/1.1" 200 27
222.70.179.190 - - [13/Sep/2021:10:08:09 +0800] "GET /xingrg/all/function/internal_message.html?_=1631498887302&CODE_STATE=getMsg HTTP/1.1" 302 -
120.253.135.82 - - [13/Sep/2021:10:08:09 +0800] "POST /xingrg/kc/pszx/mdps_list_operate.html HTTP/1.1" 200 2059
120.253.135.82 - - [13/Sep/2021:10:08:11 +0800] "POST /xingrg/kc/pszx/mdps_list_operate.html HTTP/1.1" 200 305
222.70.179.190 - - [13/Sep/2021:10:08:15 +0800] "GET /xingrg/all/function/internal_message.html?_=1631498887427&CODE_STATE=getMsg HTTP/1.1" 200 27
120.253.135.82 - - [13/Sep/2021:10:08:17 +0800] "POST /xingrg/kc/pszx/mdps_list_operate.html HTTP/1.1" 200 202
120.253.135.82 - - [13/Sep/2021:10:08:17 +0800] "GET /xingrg/kc/pszx/mdps_order_info.html?code=312021091200365 HTTP/1.1" 200 23931
180.169.147.146 - - [13/Sep/2021:10:08:18 +0800] "GET /xingrg/index.html?sysBaseUrl=http%3A%2F%2F180.169.147.146%3A18081%2Fxingrg%2F&costTime=84×tamp=1631417726108 HTTP/1.1" 302 -
180.169.147.146 - - [13/Sep/2021:10:08:18 +0800] "GET /xingrg/login.html HTTP/1.1" 200 7641
120.253.135.82 - - [13/Sep/2021:10:08:18 +0800] "GET /xingrg/javascript/easyui/themes/default/validatebox.css HTTP/1.1" 404 1104
120.253.135.82 - - [13/Sep/2021:10:08:18 +0800] "POST /xingrg/kc/pszx/mdps_order_operate.html HTTP/1.1" 200 2270
120.253.135.82 - - [13/Sep/2021:10:08:20 +0800] "GET /xingrg/all/function/internal_message.html?_=1631498671554&CODE_STATE=getMsg HTTP/1.1" 200 27
116.238.194.18 - - [13/Sep/2021:10:08:22 +0800] "GET /xingrg/all/function/internal_message.html?_=1631498870466&CODE_STATE=getMsg HTTP/1.1" 200 27
120.253.135.82 - - [13/Sep/2021:10:08:22 +0800] "POST /xingrg/kc/pszx/mdps_order_operate.html HTTP/1.1" 200 12
120.253.135.82 - - [13/Sep/2021:10:08:23 +0800] "POST /xingrg/kc/pszx/mdps_list_operate.html HTTP/1.1" 200 1690
120.253.135.82 - - [13/Sep/2021:10:08:26 +0800] "POST /xingrg/kc/pszx/mdps_list_operate.html HTTP/1.1" 200 305
180.169.147.146 - - [13/Sep/2021:10:08:26 +0800] "GET /favicon.ico HTTP/1.1" 404 -
101.83.145.79 - - [13/Sep/2021:10:08:31 +0800] "GET /xingrg/all/function/internal_message.html?_=1631498909887&CODE_STATE=getMsg HTTP/1.1" 200 27
101.83.145.79 - - [13/Sep/2021:10:08:36 +0800] "GET /xingrg/kc/buy/cgsh_order_operate.html?command=get_materiel&rest_code=00105&code=00101009059&supplier_code=00100024&order_time=2021-09-13 HTTP/1.1" 200 409
101.83.145.79 - - [13/Sep/2021:10:08:37 +0800] "GET /xingrg/all/function/internal_message.html?_=1631498914631&CODE_STATE=getMsg HTTP/1.1" 200 27
114.86.229.76 - - [13/Sep/2021:10:08:39 +0800] "GET /xingrg/all/function/internal_message.html?_=1631498917705&CODE_STATE=getMsg HTTP/1.1" 200 27
180.169.147.146 - - [13/Sep/2021:10:08:41 +0800] "GET /xingrg/all/function/internal_message.html?_=1631498919382&CODE_STATE=getMsg HTTP/1.1" 200 27
222.70.246.151 - - [13/Sep/2021:10:08:41 +0800] "GET /xingrg/all/function/internal_message.html?_=1631498921331&CODE_STATE=getMsg HTTP/1.1" 200 27
180.169.147.146 - - [13/Sep/2021:10:08:46 +0800] "GET /xingrg/all/function/internal_message.html?_=1631498924190&CODE_STATE=getMsg HTTP/1.1" 200 27
116.230.105.26 - - [13/Sep/2021:10:08:48 +0800] "GET /xingrg/all/function/internal_message.html?_=1631498921511&CODE_STATE=getMsg HTTP/1.1" 200 27
116.238.168.124 - - [13/Sep/2021:10:08:52 +0800] "GET /xingrg/all/function/internal_message.html?_=1631498910424&CODE_STATE=getMsg HTTP/1.1" 200 27
101.83.145.79 - - [13/Sep/2021:10:08:56 +0800] "GET /xingrg/all/function/internal_message.html?_=1631498882469&CODE_STATE=getMsg HTTP/1.1" 200 27
116.237.74.154 - - [13/Sep/2021:10:08:56 +0800] "GET /xingrg/all/function/internal_message.html?_=1631498934434&CODE_STATE=getMsg HTTP/1.1" 200 27
180.169.147.146 - - [13/Sep/2021:10:08:57 +0800] "GET /xingrg/all/function/internal_message.html?_=1631498935580&CODE_STATE=getMsg HTTP/1.1" 200 27
222.70.246.151 - - [13/Sep/2021:10:08:58 +0800] "GET /xingrg/all/function/internal_message.html?_=1631498938161&CODE_STATE=getMsg HTTP/1.1" 302 -
116.238.194.18 - - [13/Sep/2021:10:09:00 +0800] "GET /xingrg/check_reg.html?_=1631498937936 HTTP/1.1" 200 22
116.238.194.18 - - [13/Sep/2021:10:09:00 +0800] "GET /xingrg/all/function/internal_message.html?_=1631498937937&CODE_STATE=getMsg HTTP/1.1" 200 27
101.83.145.79 - - [13/Sep/2021:10:09:02 +0800] "GET /xingrg/kc/buy/cgsh_order_operate.html?command=get_materiel&rest_code=00105&code=00101009124&supplier_code=00100024&order_time=2021-09-13 HTTP/1.1" 200 402
222.69.128.101 - - [13/Sep/2021:10:09:08 +0800] "GET /xingrg/all/function/internal_message.html?_=1631498944951&CODE_STATE=getMsg HTTP/1.1" 200 27
58.37.227.186 - - [13/Sep/2021:10:09:08 +0800] "GET /xingrg/all/function/internal_message.html?_=1631498819219&CODE_STATE=getMsg HTTP/1.1" 200 27
222.69.128.101 - - [13/Sep/2021:10:09:09 +0800] "GET /xingrg/check_reg.html?_=1631498946062 HTTP/1.1" 200 22
222.70.179.190 - - [13/Sep/2021:10:09:09 +0800] "GET /xingrg/all/function/internal_message.html?_=1631498947283&CODE_STATE=getMsg HTTP/1.1" 302 -
101.83.145.79 - - [13/Sep/2021:10:09:13 +0800] "GET /xingrg/javascript/jquery_easy_ui/themes/icons/rest.png HTTP/1.1" 304 -
101.83.145.79 - - [13/Sep/2021:10:09:13 +0800] "GET /xingrg/javascript/jquery_easy_ui/themes/icons/manage.png HTTP/1.1" 304 -
101.83.145.79 - - [13/Sep/2021:10:09:13 +0800] "GET /xingrg/javascript/jquery_easy_ui/themes/icons/area.png HTTP/1.1" 304 -
222.70.179.190 - - [13/Sep/2021:10:09:15 +0800] "GET /xingrg/all/function/internal_message.html?_=1631498947452&CODE_STATE=getMsg HTTP/1.1" 200 27
222.70.179.190 - - [13/Sep/2021:10:09:15 +0800] "GET /xingrg/check_reg.html?_=1631498947454 HTTP/1.1" 200 22
101.83.145.79 - - [13/Sep/2021:10:09:16 +0800] "POST /xingrg/kc/buy/cgsh_order_operate.html HTTP/1.1" 200 37
101.83.145.79 - - [13/Sep/2021:10:09:17 +0800] "POST /xingrg/kc/buy/cgsh_order_operate.html HTTP/1.1" 200 6207
101.83.145.79 - - [13/Sep/2021:10:09:19 +0800] "GET /xingrg/kc/print/load_data.html?order_code=212021091305541&kc_code=cgsh&condition= HTTP/1.1" 200 2030
120.253.135.82 - - [13/Sep/2021:10:09:20 +0800] "GET /xingrg/check_reg.html?_=1631498731577 HTTP/1.1" 200 22
120.253.135.82 - - [13/Sep/2021:10:09:20 +0800] "GET /xingrg/all/function/internal_message.html?_=1631498731578&CODE_STATE=getMsg HTTP/1.1" 200 27
116.238.194.18 - - [13/Sep/2021:10:09:22 +0800] "GET /xingrg/all/function/internal_message.html?_=1631498930480&CODE_STATE=getMsg HTTP/1.1" 200 27
101.83.145.79 - - [13/Sep/2021:10:09:23 +0800] "GET /xingrg/kc/buy/cgsh_order_add.html HTTP/1.1" 200 63473
101.83.145.79 - - [13/Sep/2021:10:09:23 +0800] "POST /xingrg/kc/buy/cgsh_order_operate.html HTTP/1.1" 200 8245
101.83.145.79 - - [13/Sep/2021:10:09:23 +0800] "GET /xingrg/javascript/easyui/themes/default/validatebox.css HTTP/1.1" 404 1104
101.83.145.79 - - [13/Sep/2021:10:09:31 +0800] "GET /xingrg/all/function/internal_message.html?_=1631498969867&CODE_STATE=getMsg HTTP/1.1" 200 27
101.83.145.79 - - [13/Sep/2021:10:09:33 +0800] "GET /xingrg/kc/buy/cgsh_order_operate.html?command=get_materiel&rest_code=00105&code=00101006056&supplier_code=00100012&order_time=2021-09-13 HTTP/1.1" 200 413
222.70.246.151 - - [13/Sep/2021:10:09:37 +0800] "GET /favicon.ico HTTP/1.1" 404 -
101.83.145.79 - - [13/Sep/2021:10:09:37 +0800] "GET /xingrg/all/function/internal_message.html?_=1631498974634&CODE_STATE=getMsg HTTP/1.1" 200 27
58.37.227.186 - - [13/Sep/2021:10:09:37 +0800] "POST /xingrg/services/DataTransmitService HTTP/1.1" 200 524
58.37.227.186 - - [13/Sep/2021:10:09:38 +0800] "POST /xingrg/services/DataTransmitService HTTP/1.1" 200 501
58.37.227.186 - - [13/Sep/2021:10:09:38 +0800] "POST /xingrg/services/DataTransmitService HTTP/1.1" 200 501
58.37.227.186 - - [13/Sep/2021:10:09:39 +0800] "POST /xingrg/services/DataTransmitService HTTP/1.1" 200 501
114.86.229.76 - - [13/Sep/2021:10:09:39 +0800] "GET /xingrg/all/function/internal_message.html?_=1631498977720&CODE_STATE=getMsg HTTP/1.1" 200 27
58.37.227.186 - - [13/Sep/2021:10:09:39 +0800] "POST /xingrg/services/DataTransmitService HTTP/1.1" 200 501
58.37.227.186 - - [13/Sep/2021:10:09:39 +0800] "POST /xingrg/services/DataTransmitService HTTP/1.1" 200 501
58.37.227.186 - - [13/Sep/2021:10:09:40 +0800] "POST /xingrg/services/DataTransmitService HTTP/1.1" 200 501
58.37.227.186 - - [13/Sep/2021:10:09:40 +0800] "POST /xingrg/services/DataTransmitService HTTP/1.1" 200 501
58.37.227.186 - - [13/Sep/2021:10:09:41 +0800] "POST /xingrg/services/DataTransmitService HTTP/1.1" 200 412
180.169.147.146 - - [13/Sep/2021:10:09:41 +0800] "GET /xingrg/all/function/internal_message.html?_=1631498979388&CODE_STATE=getMsg HTTP/1.1" 200 27
180.169.147.146 - - [13/Sep/2021:10:09:41 +0800] "GET /xingrg/check_reg.html?_=1631498979392 HTTP/1.1" 200 22
222.70.246.151 - - [13/Sep/2021:10:09:41 +0800] "GET /xingrg/all/function/internal_message.html?_=1631498981345&CODE_STATE=getMsg HTTP/1.1" 200 27
101.83.145.79 - - [13/Sep/2021:10:09:41 +0800] "GET /xingrg/kc/buy/cgsh_order_operate.html?command=get_materiel&rest_code=00105&code=00101006055&supplier_code=00100012&order_time=2021-09-13 HTTP/1.1" 200 409
180.169.147.146 - - [13/Sep/2021:10:09:46 +0800] "GET /xingrg/all/function/internal_message.html?_=1631498984179&CODE_STATE=getMsg HTTP/1.1" 200 27
116.230.105.26 - - [13/Sep/2021:10:09:48 +0800] "GET /xingrg/all/function/internal_message.html?_=1631498981523&CODE_STATE=getMsg HTTP/1.1" 200 27
116.238.168.124 - - [13/Sep/2021:10:09:53 +0800] "GET /xingrg/all/function/internal_message.html?_=1631498971081&CODE_STATE=getMsg HTTP/1.1" 200 27
101.83.145.79 - - [13/Sep/2021:10:09:56 +0800] "GET /xingrg/all/function/internal_message.html?_=1631498942469&CODE_STATE=getMsg HTTP/1.1" 200 27
116.237.74.154 - - [13/Sep/2021:10:09:56 +0800] "GET /xingrg/all/function/internal_message.html?_=1631498994415&CODE_STATE=getMsg HTTP/1.1" 200 27
180.169.147.146 - - [13/Sep/2021:10:09:57 +0800] "GET /xingrg/all/function/internal_message.html?_=1631498995580&CODE_STATE=getMsg HTTP/1.1" 200 27
222.70.246.151 - - [13/Sep/2021:10:09:58 +0800] "GET /xingrg/all/function/internal_message.html?_=1631498998186&CODE_STATE=getMsg HTTP/1.1" 302 -
116.238.194.18 - - [13/Sep/2021:10:10:00 +0800] "GET /xingrg/all/function/internal_message.html?_=1631498997927&CODE_STATE=getMsg HTTP/1.1" 200 27
222.69.128.101 - - [13/Sep/2021:10:10:03 +0800] "GET /xingrg/kc/buy/cgsh_order_add.html HTTP/1.1" 200 63479
222.69.128.101 - - [13/Sep/2021:10:10:04 +0800] "POST /xingrg/kc/buy/cgsh_order_operate.html HTTP/1.1" 200 8245
222.69.128.101 - - [13/Sep/2021:10:10:04 +0800] "GET /xingrg/javascript/easyui/themes/default/validatebox.css HTTP/1.1" 404 1104
222.69.128.101 - - [13/Sep/2021:10:10:08 +0800] "GET /xingrg/all/function/internal_message.html?_=1631499004939&CODE_STATE=getMsg HTTP/1.1" 200 27
58.37.227.186 - - [13/Sep/2021:10:10:08 +0800] "GET /xingrg/all/function/internal_message.html?_=1631498879197&CODE_STATE=getMsg HTTP/1.1" 200 27
101.83.145.79 - - [13/Sep/2021:10:10:09 +0800] "GET /xingrg/kc/buy/cgsh_order_operate.html?command=get_materiel&rest_code=00105&code=00101006029&supplier_code=00100012&order_time=2021-09-13 HTTP/1.1" 200 409
222.70.179.190 - - [13/Sep/2021:10:10:09 +0800] "GET /xingrg/all/function/internal_message.html?_=1631499007259&CODE_STATE=getMsg HTTP/1.1" 302 -
58.37.227.186 - - [13/Sep/2021:10:10:13 +0800] "GET /xingrg/check_reg.html?_=1631498884652 HTTP/1.1" 200 22
222.70.179.190 - - [13/Sep/2021:10:10:15 +0800] "GET /xingrg/all/function/internal_message.html?_=1631499007453&CODE_STATE=getMsg HTTP/1.1" 200 27
58.40.7.146 - - [13/Sep/2021:10:10:15 +0800] "GET /xingrg/check_reg.html?_=1631499013806 HTTP/1.1" 302 -
101.83.145.79 - - [13/Sep/2021:10:10:17 +0800] "GET /xingrg/kc/buy/cgsh_order_operate.html?command=get_materiel&rest_code=00105&code=00101006040&supplier_code=00100012&order_time=2021-09-13 HTTP/1.1" 200 417
120.253.135.82 - - [13/Sep/2021:10:10:20 +0800] "GET /xingrg/all/function/internal_message.html?_=1631498791581&CODE_STATE=getMsg HTTP/1.1" 200 27
222.69.128.101 - - [13/Sep/2021:10:10:20 +0800] "GET /xingrg/kc/buy/cgsh_order_operate.html?command=get_materiel&rest_code=00149&code=00101006109&supplier_code=00100012&order_time=2021-09-13 HTTP/1.1" 200 409
116.238.194.18 - - [13/Sep/2021:10:10:22 +0800] "GET /xingrg/all/function/internal_message.html?_=1631498990513&CODE_STATE=getMsg HTTP/1.1" 200 27
101.83.145.79 - - [13/Sep/2021:10:10:25 +0800] "GET /xingrg/kc/buy/cgsh_order_operate.html?command=get_materiel&rest_code=00105&code=00101006065&supplier_code=00100012&order_time=2021-09-13 HTTP/1.1" 200 409
58.221.95.50 - - [13/Sep/2021:10:10:27 +0800] "GET /xingrg/check_reg.html?_=1631499028598 HTTP/1.1" 302 -
222.69.128.101 - - [13/Sep/2021:10:10:31 +0800] "GET /xingrg/kc/buy/cgsh_order_operate.html?command=get_materiel&rest_code=00149&code=00101006113&supplier_code=00100012&order_time=2021-09-13 HTTP/1.1" 200 413
101.83.145.79 - - [13/Sep/2021:10:10:31 +0800] "GET /xingrg/all/function/internal_message.html?_=1631499029858&CODE_STATE=getMsg HTTP/1.1" 200 27
101.83.145.79 - - [13/Sep/2021:10:10:35 +0800] "GET /xingrg/kc/buy/cgsh_order_operate.html?command=get_materiel&rest_code=00105&code=00101006106&supplier_code=00100012&order_time=2021-09-13 HTTP/1.1" 200 421
101.83.145.79 - - [13/Sep/2021:10:10:37 +0800] "GET /xingrg/all/function/internal_message.html?_=1631499034637&CODE_STATE=getMsg HTTP/1.1" 200 27
114.86.229.76 - - [13/Sep/2021:10:10:39 +0800] "GET /xingrg/all/function/internal_message.html?_=1631499037715&CODE_STATE=getMsg HTTP/1.1" 200 27
222.70.246.151 - - [13/Sep/2021:10:10:40 +0800] "GET /xingrg/check_reg.html?_=1631499040298 HTTP/1.1" 302 -
222.69.128.101 - - [13/Sep/2021:10:10:41 +0800] "GET /xingrg/kc/buy/cgsh_order_operate.html?command=get_materiel&rest_code=00149&code=00101006056&supplier_code=00100012&order_time=2021-09-13 HTTP/1.1" 200 413
180.169.147.146 - - [13/Sep/2021:10:10:41 +0800] "GET /xingrg/all/function/internal_message.html?_=1631499039379&CODE_STATE=getMsg HTTP/1.1" 200 27
222.70.246.151 - - [13/Sep/2021:10:10:41 +0800] "GET /xingrg/all/function/internal_message.html?_=1631499041518&CODE_STATE=getMsg HTTP/1.1" 200 27
180.169.147.146 - - [13/Sep/2021:10:10:46 +0800] "GET /xingrg/all/function/internal_message.html?_=1631499044185&CODE_STATE=getMsg HTTP/1.1" 200 27
101.83.145.79 - - [13/Sep/2021:10:10:46 +0800] "GET /xingrg/kc/buy/cgsh_order_operate.html?command=get_materiel&rest_code=00105&code=00101010247&supplier_code=00100012&order_time=2021-09-13 HTTP/1.1" 200 410
116.230.105.26 - - [13/Sep/2021:10:10:48 +0800] "GET /xingrg/all/function/internal_message.html?_=1631499041508&CODE_STATE=getMsg HTTP/1.1" 200 27
116.238.168.124 - - [13/Sep/2021:10:10:53 +0800] "GET /xingrg/all/function/internal_message.html?_=1631499031092&CODE_STATE=getMsg HTTP/1.1" 200 27
101.83.145.79 - - [13/Sep/2021:10:10:56 +0800] "GET /xingrg/check_reg.html?_=1631499002470 HTTP/1.1" 200 22
101.83.145.79 - - [13/Sep/2021:10:10:56 +0800] "GET /xingrg/all/function/internal_message.html?_=1631499002473&CODE_STATE=getMsg HTTP/1.1" 200 27
116.237.74.154 - - [13/Sep/2021:10:10:56 +0800] "GET /xingrg/all/function/internal_message.html?_=1631499054388&CODE_STATE=getMsg HTTP/1.1" 200 27
61.151.178.177 - - [13/Sep/2021:10:10:57 +0800] "GET /xingrg/all/function/internal_message.html?_=1631498994415&CODE_STATE=getMsg HTTP/1.1" 302 -
61.151.178.177 - - [13/Sep/2021:10:10:57 +0800] "GET /xingrg/login.html HTTP/1.1" 200 7641
180.169.147.146 - - [13/Sep/2021:10:10:57 +0800] "GET /xingrg/all/function/internal_message.html?_=1631499055579&CODE_STATE=getMsg HTTP/1.1" 200 27
222.70.246.151 - - [13/Sep/2021:10:10:58 +0800] "GET /xingrg/all/function/internal_message.html?_=1631499058188&CODE_STATE=getMsg HTTP/1.1" 302 -
116.238.194.18 - - [13/Sep/2021:10:11:00 +0800] "GET /xingrg/all/function/internal_message.html?_=1631499057945&CODE_STATE=getMsg HTTP/1.1" 200 27
101.83.145.79 - - [13/Sep/2021:10:11:01 +0800] "GET /xingrg/kc/buy/cgsh_order_operate.html?command=get_materiel&rest_code=00105&code=00101006112&supplier_code=00100012&order_time=2021-09-13 HTTP/1.1" 200 409
120.253.135.82 - - [13/Sep/2021:10:11:03 +0800] "GET /xingrg/kc/pszx/mdqp_order_list.html?state=10 HTTP/1.1" 200 10217
120.253.135.82 - - [13/Sep/2021:10:11:03 +0800] "GET /xingrg/dwr/interface/AjaxReportQueryService.js HTTP/1.1" 200 13203
120.253.135.82 - - [13/Sep/2021:10:11:03 +0800] "GET /xingrg/dwr/interface/AjaxQqpsService.js HTTP/1.1" 200 16326
120.253.135.82 - - [13/Sep/2021:10:11:03 +0800] "GET /xingrg/dwr/engine.js HTTP/1.1" 200 43631
120.253.135.82 - - [13/Sep/2021:10:11:05 +0800] "GET /xingrg/kc/pszx/mdps_order_list.html?orderType=0 HTTP/1.1" 200 21089
120.253.135.82 - - [13/Sep/2021:10:11:05 +0800] "POST /xingrg/kc/pszx/mdps_list_operate.html HTTP/1.1" 200 5433
222.69.128.101 - - [13/Sep/2021:10:11:06 +0800] "GET /xingrg/kc/buy/cgsh_order_operate.html?command=get_materiel&rest_code=00149&code=00101006130&supplier_code=00100012&order_time=2021-09-13 HTTP/1.1" 200 427
222.69.128.101 - - [13/Sep/2021:10:11:08 +0800] "GET /xingrg/all/function/internal_message.html?_=1631499064925&CODE_STATE=getMsg HTTP/1.1" 200 27
58.37.227.186 - - [13/Sep/2021:10:11:08 +0800] "GET /xingrg/all/function/internal_message.html?_=1631498939164&CODE_STATE=getMsg HTTP/1.1" 200 27
222.70.179.190 - - [13/Sep/2021:10:11:09 +0800] "GET /xingrg/all/function/internal_message.html?_=1631499067245&CODE_STATE=getMsg HTTP/1.1" 302 -
