180.169.147.146 - - [13/Sep/2021:09:46:46 +0800] "GET /xingrg/all/function/internal_message.html?_=1631497604179&CODE_STATE=getMsg HTTP/1.1" 200 27
116.238.168.124 - - [13/Sep/2021:09:46:47 +0800] "POST /xingrg/dwr/call/plaincall/AjaxCheckService.setItemNumber.dwr HTTP/1.1" 200 77
116.230.105.26 - - [13/Sep/2021:09:46:48 +0800] "GET /xingrg/all/function/internal_message.html?_=1631497601534&CODE_STATE=getMsg HTTP/1.1" 200 27
116.230.105.26 - - [13/Sep/2021:09:46:48 +0800] "GET /xingrg/check_reg.html?_=1631497601536 HTTP/1.1" 200 22
180.169.147.146 - - [13/Sep/2021:09:46:49 +0800] "GET /xingrg/login.html HTTP/1.1" 200 7641
180.169.147.146 - - [13/Sep/2021:09:46:49 +0800] "GET /favicon.ico HTTP/1.1" 404 -
116.238.168.124 - - [13/Sep/2021:09:46:53 +0800] "POST /xingrg/dwr/call/plaincall/AjaxCheckService.setItemNumber.dwr HTTP/1.1" 200 77
58.37.227.186 - - [13/Sep/2021:09:46:54 +0800] "GET /xingrg/kc/buy/cgsh_order_operate.html?command=get_materiel&rest_code=00141&code=00101007049&supplier_code=00100004&order_time=2021-09-13 HTTP/1.1" 200 409
101.83.145.79 - - [13/Sep/2021:09:46:56 +0800] "GET /xingrg/all/function/internal_message.html?_=1631497562436&CODE_STATE=getMsg HTTP/1.1" 200 27
116.237.74.154 - - [13/Sep/2021:09:46:56 +0800] "GET /xingrg/all/function/internal_message.html?_=1631497614340&CODE_STATE=getMsg HTTP/1.1" 200 27
180.169.147.146 - - [13/Sep/2021:09:46:57 +0800] "POST /xingrg/login.do HTTP/1.1" 302 -
180.169.147.146 - - [13/Sep/2021:09:46:57 +0800] "GET /xingrg/index.html?sysBaseUrl=http%3A%2F%2F180.169.147.146%3A18081%2Fxingrg%2F&costTime=36×tamp=1631497617231 HTTP/1.1" 200 17179
180.169.147.146 - - [13/Sep/2021:09:46:57 +0800] "GET /favicon.ico HTTP/1.1" 404 -
180.169.147.146 - - [13/Sep/2021:09:46:57 +0800] "POST /xingrg/all/common/load_tree.html?tree=area_rest_tree_json&manage=1 HTTP/1.1" 200 351
180.169.147.146 - - [13/Sep/2021:09:46:57 +0800] "GET /xingrg/check_reg.html?_=1631497615552 HTTP/1.1" 200 22
180.169.147.146 - - [13/Sep/2021:09:46:57 +0800] "GET /xingrg/all/function/internal_message.html?_=1631497615551&CODE_STATE=count HTTP/1.1" 200 11
180.169.147.146 - - [13/Sep/2021:09:46:57 +0800] "POST /xingrg/load_menu.html HTTP/1.1" 200 5138
116.238.168.124 - - [13/Sep/2021:09:46:58 +0800] "POST /xingrg/dwr/call/plaincall/AjaxCheckService.setItemNumber.dwr HTTP/1.1" 200 77
222.70.246.151 - - [13/Sep/2021:09:46:58 +0800] "GET /xingrg/all/function/internal_message.html?_=1631497617862&CODE_STATE=getMsg HTTP/1.1" 302 -
183.192.93.182 - - [13/Sep/2021:09:46:59 +0800] "GET /xingrg/check_reg.html?_=1631497618144 HTTP/1.1" 302 -
116.238.168.124 - - [13/Sep/2021:09:47:00 +0800] "POST /xingrg/dwr/call/plaincall/AjaxCheckService.setItemNumber.dwr HTTP/1.1" 200 78
180.169.147.146 - - [13/Sep/2021:09:47:01 +0800] "GET /xingrg/kc/base/check_order_list.html HTTP/1.1" 200 16349
116.238.168.124 - - [13/Sep/2021:09:47:01 +0800] "POST /xingrg/dwr/call/plaincall/AjaxCheckService.setItemNumber.dwr HTTP/1.1" 200 78
180.169.147.146 - - [13/Sep/2021:09:47:01 +0800] "POST /xingrg/kc/base/check_list_operate.html HTTP/1.1" 200 2574
116.238.168.124 - - [13/Sep/2021:09:47:03 +0800] "POST /xingrg/dwr/call/plaincall/AjaxCheckService.setItemNumber.dwr HTTP/1.1" 200 78
180.169.147.146 - - [13/Sep/2021:09:47:03 +0800] "GET /xingrg/kc/base/check_order_info.html?code=452021091200120 HTTP/1.1" 200 26324
180.169.147.146 - - [13/Sep/2021:09:47:03 +0800] "GET /xingrg/dwr/interface/AjaxComOrderService.js HTTP/1.1" 200 18264
180.169.147.146 - - [13/Sep/2021:09:47:03 +0800] "GET /xingrg/dwr/interface/AjaxCheckService.js HTTP/1.1" 200 14003
180.169.147.146 - - [13/Sep/2021:09:47:03 +0800] "GET /xingrg/dwr/engine.js HTTP/1.1" 200 43631
180.169.147.146 - - [13/Sep/2021:09:47:03 +0800] "POST /xingrg/dwr/call/plaincall/AjaxCheckService.loadOrderItems.dwr HTTP/1.1" 200 84919
116.238.168.124 - - [13/Sep/2021:09:47:06 +0800] "POST /xingrg/dwr/call/plaincall/AjaxCheckService.setItemNumber.dwr HTTP/1.1" 200 78
222.69.128.101 - - [13/Sep/2021:09:47:08 +0800] "GET /xingrg/all/function/internal_message.html?_=1631497625298&CODE_STATE=getMsg HTTP/1.1" 200 27
180.169.147.146 - - [13/Sep/2021:09:47:08 +0800] "POST /xingrg/dwr/call/plaincall/AjaxCheckService.setItemNumber.dwr HTTP/1.1" 200 76
58.37.227.186 - - [13/Sep/2021:09:47:08 +0800] "GET /xingrg/all/function/internal_message.html?_=1631497499501&CODE_STATE=getMsg HTTP/1.1" 200 27
116.238.168.124 - - [13/Sep/2021:09:47:09 +0800] "POST /xingrg/dwr/call/plaincall/AjaxCheckService.setItemNumber.dwr HTTP/1.1" 200 78
116.238.168.124 - - [13/Sep/2021:09:47:09 +0800] "POST /xingrg/dwr/call/plaincall/AjaxCheckService.setItemNumber.dwr HTTP/1.1" 200 78
116.238.168.124 - - [13/Sep/2021:09:47:10 +0800] "POST /xingrg/dwr/call/plaincall/AjaxCheckService.setItemNumber.dwr HTTP/1.1" 200 78
180.169.147.146 - - [13/Sep/2021:09:47:10 +0800] "POST /xingrg/dwr/call/plaincall/AjaxCheckService.setItemNumber.dwr HTTP/1.1" 200 76
58.37.227.186 - - [13/Sep/2021:09:47:11 +0800] "GET /xingrg/kc/buy/cgsh_order_operate.html?command=get_materiel&rest_code=00141&code=00101007084&supplier_code=00100004&order_time=2021-09-13 HTTP/1.1" 200 417
116.238.168.124 - - [13/Sep/2021:09:47:11 +0800] "POST /xingrg/dwr/call/plaincall/AjaxCheckService.setItemNumber.dwr HTTP/1.1" 200 78
180.169.147.146 - - [13/Sep/2021:09:47:13 +0800] "POST /xingrg/dwr/call/plaincall/AjaxCheckService.setItemNumber.dwr HTTP/1.1" 200 76
180.169.147.146 - - [13/Sep/2021:09:47:14 +0800] "POST /xingrg/dwr/call/plaincall/AjaxCheckService.setItemNumber.dwr HTTP/1.1" 200 76
222.70.179.190 - - [13/Sep/2021:09:47:15 +0800] "GET /xingrg/all/function/internal_message.html?_=1631497627419&CODE_STATE=getMsg HTTP/1.1" 200 27
180.169.147.146 - - [13/Sep/2021:09:47:15 +0800] "POST /xingrg/dwr/call/plaincall/AjaxCheckService.setItemNumber.dwr HTTP/1.1" 200 76
180.169.147.146 - - [13/Sep/2021:09:47:16 +0800] "POST /xingrg/dwr/call/plaincall/AjaxCheckService.setItemNumber.dwr HTTP/1.1" 200 76
180.169.147.146 - - [13/Sep/2021:09:47:16 +0800] "POST /xingrg/dwr/call/plaincall/AjaxCheckService.setItemNumber.dwr HTTP/1.1" 200 76
180.169.147.146 - - [13/Sep/2021:09:47:17 +0800] "POST /xingrg/dwr/call/plaincall/AjaxCheckService.setItemNumber.dwr HTTP/1.1" 200 76
58.37.227.186 - - [13/Sep/2021:09:47:17 +0800] "GET /xingrg/kc/buy/cgsh_order_operate.html?command=get_materiel&rest_code=00141&code=00101007033&supplier_code=00100004&order_time=2021-09-13 HTTP/1.1" 200 417
180.169.147.146 - - [13/Sep/2021:09:47:18 +0800] "POST /xingrg/dwr/call/plaincall/AjaxCheckService.setItemNumber.dwr HTTP/1.1" 200 76
180.169.147.146 - - [13/Sep/2021:09:47:18 +0800] "POST /xingrg/dwr/call/plaincall/AjaxCheckService.setItemNumber.dwr HTTP/1.1" 200 77
180.169.147.146 - - [13/Sep/2021:09:47:19 +0800] "POST /xingrg/dwr/call/plaincall/AjaxCheckService.setItemNumber.dwr HTTP/1.1" 200 77
180.169.147.146 - - [13/Sep/2021:09:47:19 +0800] "POST /xingrg/dwr/call/plaincall/AjaxCheckService.setItemNumber.dwr HTTP/1.1" 200 77
180.169.147.146 - - [13/Sep/2021:09:47:20 +0800] "POST /xingrg/dwr/call/plaincall/AjaxCheckService.setItemNumber.dwr HTTP/1.1" 200 77
116.238.194.18 - - [13/Sep/2021:09:47:20 +0800] "GET /xingrg/check_reg.html?_=1631497609260 HTTP/1.1" 200 22
180.169.147.146 - - [13/Sep/2021:09:47:21 +0800] "POST /xingrg/dwr/call/plaincall/AjaxCheckService.setItemNumber.dwr HTTP/1.1" 200 77
116.238.194.18 - - [13/Sep/2021:09:47:21 +0800] "GET /xingrg/all/function/internal_message.html?_=1631497610072&CODE_STATE=getMsg HTTP/1.1" 200 27
180.169.147.146 - - [13/Sep/2021:09:47:22 +0800] "POST /xingrg/dwr/call/plaincall/AjaxCheckService.setItemNumber.dwr HTTP/1.1" 200 77
180.169.147.146 - - [13/Sep/2021:09:47:22 +0800] "POST /xingrg/dwr/call/plaincall/AjaxCheckService.setItemNumber.dwr HTTP/1.1" 200 77
116.238.168.124 - - [13/Sep/2021:09:47:22 +0800] "GET /xingrg/check_reg.html?_=1631497620301 HTTP/1.1" 200 22
180.169.147.146 - - [13/Sep/2021:09:47:23 +0800] "POST /xingrg/dwr/call/plaincall/AjaxCheckService.setItemNumber.dwr HTTP/1.1" 200 77
180.169.147.146 - - [13/Sep/2021:09:47:24 +0800] "POST /xingrg/dwr/call/plaincall/AjaxCheckService.setItemNumber.dwr HTTP/1.1" 200 77
180.169.147.146 - - [13/Sep/2021:09:47:27 +0800] "POST /xingrg/dwr/call/plaincall/AjaxCheckService.setItemNumber.dwr HTTP/1.1" 200 77
58.37.227.186 - - [13/Sep/2021:09:47:28 +0800] "GET /xingrg/kc/buy/cgsh_order_operate.html?command=get_materiel&rest_code=00141&code=00101007071&supplier_code=00100004&order_time=2021-09-13 HTTP/1.1" 200 417
180.169.147.146 - - [13/Sep/2021:09:47:28 +0800] "POST /xingrg/dwr/call/plaincall/AjaxCheckService.setItemNumber.dwr HTTP/1.1" 200 77
180.169.147.146 - - [13/Sep/2021:09:47:28 +0800] "GET /xingrg/all/function/internal_message.html?_=1631497647182&CODE_STATE=getMsg HTTP/1.1" 200 27
180.169.147.146 - - [13/Sep/2021:09:47:29 +0800] "POST /xingrg/dwr/call/plaincall/AjaxCheckService.setItemNumber.dwr HTTP/1.1" 200 77
180.169.147.146 - - [13/Sep/2021:09:47:29 +0800] "POST /xingrg/dwr/call/plaincall/AjaxCheckService.setItemNumber.dwr HTTP/1.1" 200 77
180.169.147.146 - - [13/Sep/2021:09:47:30 +0800] "POST /xingrg/dwr/call/plaincall/AjaxCheckService.setItemNumber.dwr HTTP/1.1" 200 77
180.169.147.146 - - [13/Sep/2021:09:47:31 +0800] "POST /xingrg/dwr/call/plaincall/AjaxCheckService.setItemNumber.dwr HTTP/1.1" 200 77
101.83.145.79 - - [13/Sep/2021:09:47:32 +0800] "GET /xingrg/all/function/internal_message.html?_=1631497650412&CODE_STATE=getMsg HTTP/1.1" 200 27
180.169.147.146 - - [13/Sep/2021:09:47:32 +0800] "POST /xingrg/dwr/call/plaincall/AjaxCheckService.setItemNumber.dwr HTTP/1.1" 200 77
180.169.147.146 - - [13/Sep/2021:09:47:33 +0800] "POST /xingrg/dwr/call/plaincall/AjaxCheckService.setItemNumber.dwr HTTP/1.1" 200 77
116.238.168.124 - - [13/Sep/2021:09:47:35 +0800] "POST /xingrg/dwr/call/plaincall/AjaxCheckService.setItemNumber.dwr HTTP/1.1" 200 78
58.37.227.186 - - [13/Sep/2021:09:47:38 +0800] "POST /xingrg/kc/buy/cgsh_order_operate.html HTTP/1.1" 200 37
114.86.229.76 - - [13/Sep/2021:09:47:39 +0800] "GET /xingrg/all/function/internal_message.html?_=1631497657655&CODE_STATE=getMsg HTTP/1.1" 200 27
222.70.246.151 - - [13/Sep/2021:09:47:40 +0800] "GET /xingrg/all/function/internal_message.html?_=1631497659563&CODE_STATE=getMsg HTTP/1.1" 200 27
180.169.147.146 - - [13/Sep/2021:09:47:40 +0800] "POST /xingrg/dwr/call/plaincall/AjaxCheckService.setItemNumber.dwr HTTP/1.1" 200 77
180.169.147.146 - - [13/Sep/2021:09:47:41 +0800] "GET /xingrg/all/function/internal_message.html?_=1631497659387&CODE_STATE=getMsg HTTP/1.1" 200 27
58.37.227.186 - - [13/Sep/2021:09:47:41 +0800] "POST /xingrg/kc/buy/cgsh_order_operate.html HTTP/1.1" 200 12
180.169.147.146 - - [13/Sep/2021:09:47:42 +0800] "POST /xingrg/dwr/call/plaincall/AjaxCheckService.setItemNumber.dwr HTTP/1.1" 200 77
58.37.227.186 - - [13/Sep/2021:09:47:42 +0800] "GET /xingrg/kc/buy/cgsh_order_info.html?code=212021091305538 HTTP/1.1" 200 58341
222.70.179.190 - - [13/Sep/2021:09:47:42 +0800] "GET /xingrg/all/function/internal_message.html?_=1631497660734&CODE_STATE=getMsg HTTP/1.1" 302 -
58.37.227.186 - - [13/Sep/2021:09:47:42 +0800] "GET /xingrg/javascript/easyui/themes/default/validatebox.css HTTP/1.1" 404 1104
58.37.227.186 - - [13/Sep/2021:09:47:43 +0800] "POST /xingrg/kc/buy/cgsh_order_operate.html HTTP/1.1" 200 2389
180.169.147.146 - - [13/Sep/2021:09:47:43 +0800] "GET /xingrg/all/function/internal_message.html?_=1631497809784&CODE_STATE=getMsg HTTP/1.1" 200 27
180.169.147.146 - - [13/Sep/2021:09:47:43 +0800] "POST /xingrg/dwr/call/plaincall/AjaxCheckService.setItemNumber.dwr HTTP/1.1" 200 77
58.37.227.186 - - [13/Sep/2021:09:47:44 +0800] "GET /xingrg/kc/print/load_data.html?order_code=212021091305538&kc_code=cgsh&condition= HTTP/1.1" 200 1446
116.238.194.18 - - [13/Sep/2021:09:47:44 +0800] "GET /xingrg/all/function/internal_message.html?_=1631497662540&CODE_STATE=getMsg HTTP/1.1" 200 27
116.238.168.124 - - [13/Sep/2021:09:47:45 +0800] "GET /xingrg/all/function/internal_message.html?_=1631497642539&CODE_STATE=getMsg HTTP/1.1" 200 27
116.238.168.124 - - [13/Sep/2021:09:47:45 +0800] "POST /xingrg/dwr/call/plaincall/AjaxCheckService.setItemNumber.dwr HTTP/1.1" 200 78
116.238.168.124 - - [13/Sep/2021:09:47:45 +0800] "POST /xingrg/dwr/call/plaincall/AjaxCheckService.setItemNumber.dwr HTTP/1.1" 200 78
180.169.147.146 - - [13/Sep/2021:09:47:45 +0800] "POST /xingrg/dwr/call/plaincall/AjaxCheckService.setItemNumber.dwr HTTP/1.1" 200 77
180.169.147.146 - - [13/Sep/2021:09:47:46 +0800] "GET /xingrg/all/function/internal_message.html?_=1631497664199&CODE_STATE=getMsg HTTP/1.1" 200 27
180.169.147.146 - - [13/Sep/2021:09:47:47 +0800] "POST /xingrg/dwr/call/plaincall/AjaxCheckService.setItemNumber.dwr HTTP/1.1" 200 77
180.169.147.146 - - [13/Sep/2021:09:47:48 +0800] "POST /xingrg/dwr/call/plaincall/AjaxCheckService.setItemNumber.dwr HTTP/1.1" 200 77
116.238.168.124 - - [13/Sep/2021:09:47:48 +0800] "POST /xingrg/dwr/call/plaincall/AjaxCheckService.setItemNumber.dwr HTTP/1.1" 200 78
116.230.105.26 - - [13/Sep/2021:09:47:48 +0800] "GET /xingrg/all/function/internal_message.html?_=1631497661517&CODE_STATE=getMsg HTTP/1.1" 200 27
180.169.147.146 - - [13/Sep/2021:09:47:48 +0800] "POST /xingrg/dwr/call/plaincall/AjaxCheckService.setItemNumber.dwr HTTP/1.1" 200 77
180.169.147.146 - - [13/Sep/2021:09:47:49 +0800] "POST /xingrg/dwr/call/plaincall/AjaxCheckService.setItemNumber.dwr HTTP/1.1" 200 77
116.238.168.124 - - [13/Sep/2021:09:47:50 +0800] "POST /xingrg/dwr/call/plaincall/AjaxCheckService.setItemNumber.dwr HTTP/1.1" 200 78
180.169.147.146 - - [13/Sep/2021:09:47:50 +0800] "POST /xingrg/dwr/call/plaincall/AjaxCheckService.setItemNumber.dwr HTTP/1.1" 200 77
116.238.168.124 - - [13/Sep/2021:09:47:51 +0800] "POST /xingrg/dwr/call/plaincall/AjaxCheckService.setItemNumber.dwr HTTP/1.1" 200 78
58.37.227.186 - - [13/Sep/2021:09:47:51 +0800] "GET /xingrg/kc/buy/cgsh_order_add.html HTTP/1.1" 200 63432
58.37.227.186 - - [13/Sep/2021:09:47:51 +0800] "POST /xingrg/kc/buy/cgsh_order_operate.html HTTP/1.1" 200 8245
58.37.227.186 - - [13/Sep/2021:09:47:51 +0800] "GET /xingrg/javascript/easyui/themes/default/validatebox.css HTTP/1.1" 404 1104
180.169.147.146 - - [13/Sep/2021:09:47:51 +0800] "POST /xingrg/dwr/call/plaincall/AjaxCheckService.setItemNumber.dwr HTTP/1.1" 200 77
180.169.147.146 - - [13/Sep/2021:09:47:52 +0800] "POST /xingrg/dwr/call/plaincall/AjaxCheckService.setItemNumber.dwr HTTP/1.1" 200 77
116.238.168.124 - - [13/Sep/2021:09:47:52 +0800] "POST /xingrg/dwr/call/plaincall/AjaxCheckService.setItemNumber.dwr HTTP/1.1" 200 78
180.169.147.146 - - [13/Sep/2021:09:47:53 +0800] "POST /xingrg/dwr/call/plaincall/AjaxCheckService.setItemNumber.dwr HTTP/1.1" 200 77
180.169.147.146 - - [13/Sep/2021:09:47:54 +0800] "POST /xingrg/dwr/call/plaincall/AjaxCheckService.setItemNumber.dwr HTTP/1.1" 200 77
116.238.168.124 - - [13/Sep/2021:09:47:55 +0800] "POST /xingrg/dwr/call/plaincall/AjaxCheckService.setItemNumber.dwr HTTP/1.1" 200 78
180.169.147.146 - - [13/Sep/2021:09:47:55 +0800] "POST /xingrg/dwr/call/plaincall/AjaxCheckService.setItemNumber.dwr HTTP/1.1" 200 77
101.83.145.79 - - [13/Sep/2021:09:47:56 +0800] "GET /xingrg/all/function/internal_message.html?_=1631497622436&CODE_STATE=getMsg HTTP/1.1" 200 27
116.237.74.154 - - [13/Sep/2021:09:47:56 +0800] "GET /xingrg/check_reg.html?_=1631497674343 HTTP/1.1" 200 22
116.237.74.154 - - [13/Sep/2021:09:47:56 +0800] "GET /xingrg/all/function/internal_message.html?_=1631497674340&CODE_STATE=getMsg HTTP/1.1" 200 27
180.169.147.146 - - [13/Sep/2021:09:47:56 +0800] "POST /xingrg/dwr/call/plaincall/AjaxCheckService.setItemNumber.dwr HTTP/1.1" 200 77
116.238.168.124 - - [13/Sep/2021:09:47:56 +0800] "POST /xingrg/dwr/call/plaincall/AjaxCheckService.setItemNumber.dwr HTTP/1.1" 200 78
180.169.147.146 - - [13/Sep/2021:09:47:57 +0800] "GET /xingrg/all/function/internal_message.html?_=1631497675554&CODE_STATE=getMsg HTTP/1.1" 200 27
180.169.147.146 - - [13/Sep/2021:09:47:57 +0800] "POST /xingrg/dwr/call/plaincall/AjaxCheckService.setItemNumber.dwr HTTP/1.1" 200 77
180.169.147.146 - - [13/Sep/2021:09:47:58 +0800] "POST /xingrg/dwr/call/plaincall/AjaxCheckService.setItemNumber.dwr HTTP/1.1" 200 77
222.70.246.151 - - [13/Sep/2021:09:47:58 +0800] "GET /xingrg/all/function/internal_message.html?_=1631497677887&CODE_STATE=getMsg HTTP/1.1" 302 -
116.238.168.124 - - [13/Sep/2021:09:47:59 +0800] "POST /xingrg/dwr/call/plaincall/AjaxCheckService.setItemNumber.dwr HTTP/1.1" 200 78
58.37.227.186 - - [13/Sep/2021:09:48:01 +0800] "GET /xingrg/kc/buy/cgsh_order_operate.html?command=get_materiel&rest_code=00141&code=00101008261&supplier_code=00100007&order_time=2021-09-13 HTTP/1.1" 200 408
180.169.147.146 - - [13/Sep/2021:09:48:02 +0800] "POST /xingrg/dwr/call/plaincall/AjaxCheckService.setItemNumber.dwr HTTP/1.1" 200 77
116.238.168.124 - - [13/Sep/2021:09:48:06 +0800] "POST /xingrg/dwr/call/plaincall/AjaxCheckService.setItemNumber.dwr HTTP/1.1" 200 78
180.169.147.146 - - [13/Sep/2021:09:48:06 +0800] "POST /xingrg/dwr/call/plaincall/AjaxCheckService.setItemNumber.dwr HTTP/1.1" 200 77
116.238.168.124 - - [13/Sep/2021:09:48:06 +0800] "POST /xingrg/dwr/call/plaincall/AjaxCheckService.setItemNumber.dwr HTTP/1.1" 200 78
180.169.147.146 - - [13/Sep/2021:09:48:07 +0800] "POST /xingrg/dwr/call/plaincall/AjaxCheckService.setItemNumber.dwr HTTP/1.1" 200 77
116.238.168.124 - - [13/Sep/2021:09:48:08 +0800] "POST /xingrg/dwr/call/plaincall/AjaxCheckService.setItemNumber.dwr HTTP/1.1" 200 78
222.69.128.101 - - [13/Sep/2021:09:48:08 +0800] "GET /xingrg/all/function/internal_message.html?_=1631497685282&CODE_STATE=getMsg HTTP/1.1" 200 27
58.37.227.186 - - [13/Sep/2021:09:48:08 +0800] "GET /xingrg/all/function/internal_message.html?_=1631497559484&CODE_STATE=getMsg HTTP/1.1" 200 27
58.37.227.186 - - [13/Sep/2021:09:48:09 +0800] "GET /xingrg/kc/buy/cgsh_order_operate.html?command=get_materiel&rest_code=00141&code=00101008257&supplier_code=00100007&order_time=2021-09-13 HTTP/1.1" 200 416
180.169.147.146 - - [13/Sep/2021:09:48:10 +0800] "POST /xingrg/dwr/call/plaincall/AjaxCheckService.setItemNumber.dwr HTTP/1.1" 200 77
116.238.168.124 - - [13/Sep/2021:09:48:10 +0800] "POST /xingrg/dwr/call/plaincall/AjaxCheckService.setItemNumber.dwr HTTP/1.1" 200 78
180.169.147.146 - - [13/Sep/2021:09:48:11 +0800] "POST /xingrg/dwr/call/plaincall/AjaxCheckService.setItemNumber.dwr HTTP/1.1" 200 77
180.169.147.146 - - [13/Sep/2021:09:48:12 +0800] "POST /xingrg/dwr/call/plaincall/AjaxCheckService.setItemNumber.dwr HTTP/1.1" 200 77
180.169.147.146 - - [13/Sep/2021:09:48:13 +0800] "POST /xingrg/dwr/call/plaincall/AjaxCheckService.setItemNumber.dwr HTTP/1.1" 200 77
116.238.168.124 - - [13/Sep/2021:09:48:13 +0800] "POST /xingrg/dwr/call/plaincall/AjaxCheckService.setItemNumber.dwr HTTP/1.1" 200 78
180.169.147.146 - - [13/Sep/2021:09:48:14 +0800] "POST /xingrg/dwr/call/plaincall/AjaxCheckService.setItemNumber.dwr HTTP/1.1" 200 77
222.70.179.190 - - [13/Sep/2021:09:48:15 +0800] "GET /xingrg/all/function/internal_message.html?_=1631497687418&CODE_STATE=getMsg HTTP/1.1" 200 27
58.37.227.186 - - [13/Sep/2021:09:48:16 +0800] "GET /xingrg/kc/buy/cgsh_order_operate.html?command=get_materiel&rest_code=00141&code=00101008149&supplier_code=00100007&order_time=2021-09-13 HTTP/1.1" 200 408
180.169.147.146 - - [13/Sep/2021:09:48:17 +0800] "POST /xingrg/dwr/call/plaincall/AjaxCheckService.setItemNumber.dwr HTTP/1.1" 200 77
116.238.168.124 - - [13/Sep/2021:09:48:17 +0800] "POST /xingrg/dwr/call/plaincall/AjaxCheckService.setItemNumber.dwr HTTP/1.1" 200 78
180.169.147.146 - - [13/Sep/2021:09:48:17 +0800] "POST /xingrg/dwr/call/plaincall/AjaxCheckService.setItemNumber.dwr HTTP/1.1" 200 77
180.169.147.146 - - [13/Sep/2021:09:48:18 +0800] "POST /xingrg/dwr/call/plaincall/AjaxCheckService.setItemNumber.dwr HTTP/1.1" 200 77
180.169.147.146 - - [13/Sep/2021:09:48:19 +0800] "POST /xingrg/dwr/call/plaincall/AjaxCheckService.setItemNumber.dwr HTTP/1.1" 200 77
180.169.147.146 - - [13/Sep/2021:09:48:19 +0800] "POST /xingrg/dwr/call/plaincall/AjaxCheckService.setItemNumber.dwr HTTP/1.1" 200 77
180.169.147.146 - - [13/Sep/2021:09:48:21 +0800] "POST /xingrg/dwr/call/plaincall/AjaxCheckService.setItemNumber.dwr HTTP/1.1" 200 77
116.238.194.18 - - [13/Sep/2021:09:48:21 +0800] "GET /xingrg/all/function/internal_message.html?_=1631497670085&CODE_STATE=getMsg HTTP/1.1" 200 27
58.37.227.186 - - [13/Sep/2021:09:48:21 +0800] "GET /xingrg/kc/buy/cgsh_order_operate.html?command=get_materiel&rest_code=00141&code=00101008354&supplier_code=00100007&order_time=2021-09-13 HTTP/1.1" 200 412
180.169.147.146 - - [13/Sep/2021:09:48:22 +0800] "POST /xingrg/dwr/call/plaincall/AjaxCheckService.setItemNumber.dwr HTTP/1.1" 200 77
180.169.147.146 - - [13/Sep/2021:09:48:23 +0800] "POST /xingrg/dwr/call/plaincall/AjaxCheckService.setItemNumber.dwr HTTP/1.1" 200 77
180.169.147.146 - - [13/Sep/2021:09:48:24 +0800] "POST /xingrg/dwr/call/plaincall/AjaxCheckService.setItemNumber.dwr HTTP/1.1" 200 77
180.169.147.146 - - [13/Sep/2021:09:48:25 +0800] "POST /xingrg/dwr/call/plaincall/AjaxCheckService.setItemNumber.dwr HTTP/1.1" 200 77
180.169.147.146 - - [13/Sep/2021:09:48:26 +0800] "POST /xingrg/dwr/call/plaincall/AjaxCheckService.setItemNumber.dwr HTTP/1.1" 200 77
180.169.147.146 - - [13/Sep/2021:09:48:27 +0800] "POST /xingrg/dwr/call/plaincall/AjaxCheckService.setItemNumber.dwr HTTP/1.1" 200 77
58.37.227.186 - - [13/Sep/2021:09:48:28 +0800] "GET /xingrg/kc/buy/cgsh_order_operate.html?command=get_materiel&rest_code=00141&code=00101008010&supplier_code=00100007&order_time=2021-09-13 HTTP/1.1" 200 412
180.169.147.146 - - [13/Sep/2021:09:48:28 +0800] "GET /xingrg/all/function/internal_message.html?_=1631497707179&CODE_STATE=getMsg HTTP/1.1" 200 27
116.238.168.124 - - [13/Sep/2021:09:48:32 +0800] "POST /xingrg/dwr/call/plaincall/AjaxCheckService.setItemNumber.dwr HTTP/1.1" 200 78
101.83.145.79 - - [13/Sep/2021:09:48:32 +0800] "GET /xingrg/all/function/internal_message.html?_=1631497710382&CODE_STATE=getMsg HTTP/1.1" 200 27
101.83.145.79 - - [13/Sep/2021:09:48:33 +0800] "GET /xingrg/kc/print/load_data.html?order_code=212021091305529&kc_code=cgsh&condition= HTTP/1.1" 200 900
116.238.168.124 - - [13/Sep/2021:09:48:35 +0800] "POST /xingrg/dwr/call/plaincall/AjaxCheckService.setItemNumber.dwr HTTP/1.1" 200 78
58.37.227.186 - - [13/Sep/2021:09:48:35 +0800] "GET /xingrg/kc/buy/cgsh_order_operate.html?command=get_materiel&rest_code=00141&code=00101008110&supplier_code=00100007&order_time=2021-09-13 HTTP/1.1" 200 408
116.238.168.124 - - [13/Sep/2021:09:48:37 +0800] "POST /xingrg/dwr/call/plaincall/AjaxCheckService.setItemNumber.dwr HTTP/1.1" 200 78
114.86.229.76 - - [13/Sep/2021:09:48:39 +0800] "GET /xingrg/all/function/internal_message.html?_=1631497717659&CODE_STATE=getMsg HTTP/1.1" 200 27
222.70.246.151 - - [13/Sep/2021:09:48:40 +0800] "GET /xingrg/all/function/internal_message.html?_=1631497719748&CODE_STATE=getMsg HTTP/1.1" 200 27
116.238.168.124 - - [13/Sep/2021:09:48:40 +0800] "POST /xingrg/dwr/call/plaincall/AjaxCheckService.setItemNumber.dwr HTTP/1.1" 200 78
180.169.147.146 - - [13/Sep/2021:09:48:41 +0800] "GET /xingrg/all/function/internal_message.html?_=1631497719376&CODE_STATE=getMsg HTTP/1.1" 200 27
58.37.227.186 - - [13/Sep/2021:09:48:42 +0800] "GET /xingrg/kc/buy/cgsh_order_operate.html?command=get_materiel&rest_code=00141&code=00101008096&supplier_code=00100007&order_time=2021-09-13 HTTP/1.1" 200 412
222.70.179.190 - - [13/Sep/2021:09:48:42 +0800] "GET /xingrg/all/function/internal_message.html?_=1631497720723&CODE_STATE=getMsg HTTP/1.1" 302 -
180.169.147.146 - - [13/Sep/2021:09:48:43 +0800] "GET /xingrg/all/function/internal_message.html?_=1631497869782&CODE_STATE=getMsg HTTP/1.1" 200 27
180.169.147.146 - - [13/Sep/2021:09:48:43 +0800] "POST /xingrg/dwr/call/plaincall/AjaxCheckService.setItemNumber.dwr HTTP/1.1" 200 77
116.238.194.18 - - [13/Sep/2021:09:48:44 +0800] "GET /xingrg/all/function/internal_message.html?_=1631497722543&CODE_STATE=getMsg HTTP/1.1" 200 27
116.238.168.124 - - [13/Sep/2021:09:48:45 +0800] "GET /xingrg/all/function/internal_message.html?_=1631497702909&CODE_STATE=getMsg HTTP/1.1" 200 27
116.238.168.124 - - [13/Sep/2021:09:48:45 +0800] "POST /xingrg/dwr/call/plaincall/AjaxCheckService.setItemNumber.dwr HTTP/1.1" 200 78
180.169.147.146 - - [13/Sep/2021:09:48:45 +0800] "POST /xingrg/dwr/call/plaincall/AjaxCheckService.setItemNumber.dwr HTTP/1.1" 200 77
180.169.147.146 - - [13/Sep/2021:09:48:46 +0800] "GET /xingrg/all/function/internal_message.html?_=1631497724189&CODE_STATE=getMsg HTTP/1.1" 200 27
180.169.147.146 - - [13/Sep/2021:09:48:47 +0800] "POST /xingrg/dwr/call/plaincall/AjaxCheckService.setItemNumber.dwr HTTP/1.1" 200 77
101.83.145.79 - - [13/Sep/2021:09:48:48 +0800] "GET /xingrg/kc/buy/cgsh_order_list.html HTTP/1.1" 200 47688
116.238.168.124 - - [13/Sep/2021:09:48:48 +0800] "POST /xingrg/dwr/call/plaincall/AjaxCheckService.setItemNumber.dwr HTTP/1.1" 200 78
116.230.105.26 - - [13/Sep/2021:09:48:48 +0800] "GET /xingrg/all/function/internal_message.html?_=1631497721518&CODE_STATE=getMsg HTTP/1.1" 200 27
180.169.147.146 - - [13/Sep/2021:09:48:49 +0800] "POST /xingrg/dwr/call/plaincall/AjaxCheckService.setItemNumber.dwr HTTP/1.1" 200 77
101.83.145.79 - - [13/Sep/2021:09:48:50 +0800] "POST /xingrg/kc/buy/cgsh_list_operate.html HTTP/1.1" 200 2408
116.238.168.124 - - [13/Sep/2021:09:48:50 +0800] "POST /xingrg/dwr/call/plaincall/AjaxCheckService.setItemNumber.dwr HTTP/1.1" 200 78
180.169.147.146 - - [13/Sep/2021:09:48:50 +0800] "POST /xingrg/dwr/call/plaincall/AjaxCheckService.setItemNumber.dwr HTTP/1.1" 200 77
58.37.227.186 - - [13/Sep/2021:09:48:51 +0800] "GET /xingrg/kc/buy/cgsh_order_operate.html?command=get_materiel&rest_code=00141&code=00101008221&supplier_code=00100007&order_time=2021-09-13 HTTP/1.1" 200 412
101.83.145.79 - - [13/Sep/2021:09:48:52 +0800] "POST /xingrg/kc/buy/cgsh_list_operate.html HTTP/1.1" 200 569
101.83.145.79 - - [13/Sep/2021:09:48:52 +0800] "GET /xingrg/kc/buy/cgsh_order_info.html?code=212021091305528 HTTP/1.1" 200 63476
101.83.145.79 - - [13/Sep/2021:09:48:52 +0800] "GET /xingrg/javascript/easyui/themes/default/validatebox.css HTTP/1.1" 404 1104
101.83.145.79 - - [13/Sep/2021:09:48:53 +0800] "POST /xingrg/kc/buy/cgsh_order_operate.html HTTP/1.1" 200 34015
116.238.168.124 - - [13/Sep/2021:09:48:55 +0800] "POST /xingrg/dwr/call/plaincall/AjaxCheckService.setItemNumber.dwr HTTP/1.1" 200 78
101.83.145.79 - - [13/Sep/2021:09:48:56 +0800] "GET /xingrg/all/function/internal_message.html?_=1631497682436&CODE_STATE=getMsg HTTP/1.1" 200 27
116.237.74.154 - - [13/Sep/2021:09:48:56 +0800] "GET /xingrg/all/function/internal_message.html?_=1631497734342&CODE_STATE=getMsg HTTP/1.1" 200 27
116.238.168.124 - - [13/Sep/2021:09:48:56 +0800] "POST /xingrg/dwr/call/plaincall/AjaxCheckService.setItemNumber.dwr HTTP/1.1" 200 78
180.169.147.146 - - [13/Sep/2021:09:48:57 +0800] "GET /xingrg/all/function/internal_message.html?_=1631497735558&CODE_STATE=getMsg HTTP/1.1" 200 27
180.169.147.146 - - [13/Sep/2021:09:48:57 +0800] "POST /xingrg/dwr/call/plaincall/AjaxCheckService.setItemNumber.dwr HTTP/1.1" 200 77
222.70.246.151 - - [13/Sep/2021:09:48:58 +0800] "GET /xingrg/all/function/internal_message.html?_=1631497737890&CODE_STATE=getMsg HTTP/1.1" 302 -
180.169.147.146 - - [13/Sep/2021:09:48:59 +0800] "POST /xingrg/dwr/call/plaincall/AjaxCheckService.setItemNumber.dwr HTTP/1.1" 200 77
58.37.227.186 - - [13/Sep/2021:09:48:59 +0800] "GET /xingrg/kc/buy/cgsh_order_operate.html?command=get_materiel&rest_code=00141&code=00101008283&supplier_code=00100007&order_time=2021-09-13 HTTP/1.1" 200 408
116.238.168.124 - - [13/Sep/2021:09:48:59 +0800] "POST /xingrg/dwr/call/plaincall/AjaxCheckService.setItemNumber.dwr HTTP/1.1" 200 78
180.169.147.146 - - [13/Sep/2021:09:49:00 +0800] "POST /xingrg/dwr/call/plaincall/AjaxCheckService.setItemNumber.dwr HTTP/1.1" 200 77
180.169.147.146 - - [13/Sep/2021:09:49:01 +0800] "POST /xingrg/dwr/call/plaincall/AjaxCheckService.setItemNumber.dwr HTTP/1.1" 200 77
116.238.168.124 - - [13/Sep/2021:09:49:01 +0800] "POST /xingrg/dwr/call/plaincall/AjaxCheckService.setItemNumber.dwr HTTP/1.1" 200 78
180.169.147.146 - - [13/Sep/2021:09:49:01 +0800] "POST /xingrg/dwr/call/plaincall/AjaxCheckService.setItemNumber.dwr HTTP/1.1" 200 77
116.238.168.124 - - [13/Sep/2021:09:49:02 +0800] "POST /xingrg/dwr/call/plaincall/AjaxCheckService.setItemNumber.dwr HTTP/1.1" 200 78
180.169.147.146 - - [13/Sep/2021:09:49:02 +0800] "POST /xingrg/dwr/call/plaincall/AjaxCheckService.setItemNumber.dwr HTTP/1.1" 200 77
180.169.147.146 - - [13/Sep/2021:09:49:03 +0800] "POST /xingrg/dwr/call/plaincall/AjaxCheckService.setItemNumber.dwr HTTP/1.1" 200 77
180.169.147.146 - - [13/Sep/2021:09:49:04 +0800] "POST /xingrg/dwr/call/plaincall/AjaxCheckService.setItemNumber.dwr HTTP/1.1" 200 77
180.169.147.146 - - [13/Sep/2021:09:49:05 +0800] "POST /xingrg/dwr/call/plaincall/AjaxCheckService.setItemNumber.dwr HTTP/1.1" 200 77
116.238.168.124 - - [13/Sep/2021:09:49:06 +0800] "POST /xingrg/dwr/call/plaincall/AjaxCheckService.setItemNumber.dwr HTTP/1.1" 200 78
180.169.147.146 - - [13/Sep/2021:09:49:06 +0800] "POST /xingrg/dwr/call/plaincall/AjaxCheckService.setItemNumber.dwr HTTP/1.1" 200 77
58.37.227.186 - - [13/Sep/2021:09:49:06 +0800] "GET /xingrg/kc/buy/cgsh_order_operate.html?command=get_materiel&rest_code=00141&code=00101008190&supplier_code=00100007&order_time=2021-09-13 HTTP/1.1" 200 412
180.169.147.146 - - [13/Sep/2021:09:49:07 +0800] "POST /xingrg/dwr/call/plaincall/AjaxCheckService.setItemNumber.dwr HTTP/1.1" 200 77
180.169.147.146 - - [13/Sep/2021:09:49:08 +0800] "POST /xingrg/dwr/call/plaincall/AjaxCheckService.setItemNumber.dwr HTTP/1.1" 200 77
222.69.128.101 - - [13/Sep/2021:09:49:08 +0800] "GET /xingrg/all/function/internal_message.html?_=1631497745253&CODE_STATE=getMsg HTTP/1.1" 200 27
58.37.227.186 - - [13/Sep/2021:09:49:08 +0800] "GET /xingrg/all/function/internal_message.html?_=1631497619483&CODE_STATE=getMsg HTTP/1.1" 200 27
180.169.147.146 - - [13/Sep/2021:09:49:08 +0800] "POST /xingrg/dwr/call/plaincall/AjaxCheckService.setItemNumber.dwr HTTP/1.1" 200 77
222.69.128.101 - - [13/Sep/2021:09:49:09 +0800] "GET /xingrg/check_reg.html?_=1631497746002 HTTP/1.1" 200 22
116.238.168.124 - - [13/Sep/2021:09:49:09 +0800] "POST /xingrg/dwr/call/plaincall/AjaxCheckService.setItemNumber.dwr HTTP/1.1" 200 78
180.169.147.146 - - [13/Sep/2021:09:49:09 +0800] "POST /xingrg/dwr/call/plaincall/AjaxCheckService.setItemNumber.dwr HTTP/1.1" 200 77
180.169.147.146 - - [13/Sep/2021:09:49:10 +0800] "POST /xingrg/dwr/call/plaincall/AjaxCheckService.setItemNumber.dwr HTTP/1.1" 200 77
180.169.147.146 - - [13/Sep/2021:09:49:11 +0800] "POST /xingrg/dwr/call/plaincall/AjaxCheckService.setItemNumber.dwr HTTP/1.1" 200 77
180.169.147.146 - - [13/Sep/2021:09:49:11 +0800] "POST /xingrg/dwr/call/plaincall/AjaxCheckService.setItemNumber.dwr HTTP/1.1" 200 77
180.169.147.146 - - [13/Sep/2021:09:49:12 +0800] "POST /xingrg/dwr/call/plaincall/AjaxCheckService.setItemNumber.dwr HTTP/1.1" 200 77
180.169.147.146 - - [13/Sep/2021:09:49:14 +0800] "POST /xingrg/dwr/call/plaincall/AjaxCheckService.setItemNumber.dwr HTTP/1.1" 200 77
58.37.227.186 - - [13/Sep/2021:09:49:15 +0800] "GET /xingrg/kc/buy/cgsh_order_operate.html?command=get_materiel&rest_code=00141&code=00101008355&supplier_code=00100007&order_time=2021-09-13 HTTP/1.1" 200 408
222.70.179.190 - - [13/Sep/2021:09:49:15 +0800] "GET /xingrg/all/function/internal_message.html?_=1631497747418&CODE_STATE=getMsg HTTP/1.1" 200 27
222.70.179.190 - - [13/Sep/2021:09:49:15 +0800] "GET /xingrg/check_reg.html?_=1631497747419 HTTP/1.1" 200 22
180.169.147.146 - - [13/Sep/2021:09:49:15 +0800] "POST /xingrg/dwr/call/plaincall/AjaxCheckService.setItemNumber.dwr HTTP/1.1" 200 77
180.169.147.146 - - [13/Sep/2021:09:49:16 +0800] "POST /xingrg/dwr/call/plaincall/AjaxCheckService.setItemNumber.dwr HTTP/1.1" 200 77
116.238.168.124 - - [13/Sep/2021:09:49:21 +0800] "POST /xingrg/dwr/call/plaincall/AjaxCheckService.setItemNumber.dwr HTTP/1.1" 200 78
116.238.194.18 - - [13/Sep/2021:09:49:21 +0800] "GET /xingrg/all/function/internal_message.html?_=1631497730099&CODE_STATE=getMsg HTTP/1.1" 200 27
58.37.227.186 - - [13/Sep/2021:09:49:23 +0800] "GET /xingrg/kc/buy/cgsh_order_operate.html?command=get_materiel&rest_code=00141&code=00101008264&supplier_code=00100007&order_time=2021-09-13 HTTP/1.1" 200 412
180.169.147.146 - - [13/Sep/2021:09:49:24 +0800] "POST /xingrg/dwr/call/plaincall/AjaxCheckService.setItemNumber.dwr HTTP/1.1" 200 77
180.169.147.146 - - [13/Sep/2021:09:49:25 +0800] "POST /xingrg/dwr/call/plaincall/AjaxCheckService.setItemNumber.dwr HTTP/1.1" 200 77
180.169.147.146 - - [13/Sep/2021:09:49:26 +0800] "POST /xingrg/dwr/call/plaincall/AjaxCheckService.setItemNumber.dwr HTTP/1.1" 200 77
180.169.147.146 - - [13/Sep/2021:09:49:27 +0800] "POST /xingrg/dwr/call/plaincall/AjaxCheckService.setItemNumber.dwr HTTP/1.1" 200 77
116.238.168.124 - - [13/Sep/2021:09:49:28 +0800] "POST /xingrg/dwr/call/plaincall/AjaxCheckService.setItemNumber.dwr HTTP/1.1" 200 78
180.169.147.146 - - [13/Sep/2021:09:49:28 +0800] "GET /xingrg/all/function/internal_message.html?_=1631497767180&CODE_STATE=getMsg HTTP/1.1" 200 27
180.169.147.146 - - [13/Sep/2021:09:49:28 +0800] "POST /xingrg/dwr/call/plaincall/AjaxCheckService.setItemNumber.dwr HTTP/1.1" 200 77
180.169.147.146 - - [13/Sep/2021:09:49:29 +0800] "POST /xingrg/dwr/call/plaincall/AjaxCheckService.setItemNumber.dwr HTTP/1.1" 200 77
180.169.147.146 - - [13/Sep/2021:09:49:30 +0800] "POST /xingrg/dwr/call/plaincall/AjaxCheckService.setItemNumber.dwr HTTP/1.1" 200 77
116.238.168.124 - - [13/Sep/2021:09:49:31 +0800] "POST /xingrg/dwr/call/plaincall/AjaxCheckService.setItemNumber.dwr HTTP/1.1" 200 78
101.83.145.79 - - [13/Sep/2021:09:49:32 +0800] "GET /xingrg/all/function/internal_message.html?_=1631497770354&CODE_STATE=getMsg HTTP/1.1" 200 27
58.37.227.186 - - [13/Sep/2021:09:49:33 +0800] "GET /xingrg/kc/buy/cgsh_order_operate.html?command=get_materiel&rest_code=00141&code=00101008356&supplier_code=00100007&order_time=2021-09-13 HTTP/1.1" 200 408
180.169.147.146 - - [13/Sep/2021:09:49:33 +0800] "POST /xingrg/dwr/call/plaincall/AjaxCheckService.setItemNumber.dwr HTTP/1.1" 200 77
180.169.147.146 - - [13/Sep/2021:09:49:34 +0800] "POST /xingrg/dwr/call/plaincall/AjaxCheckService.setItemNumber.dwr HTTP/1.1" 200 77
116.238.168.124 - - [13/Sep/2021:09:49:34 +0800] "POST /xingrg/dwr/call/plaincall/AjaxCheckService.setItemNumber.dwr HTTP/1.1" 200 78
180.169.147.146 - - [13/Sep/2021:09:49:34 +0800] "POST /xingrg/dwr/call/plaincall/AjaxCheckService.setItemNumber.dwr HTTP/1.1" 200 77
180.169.147.146 - - [13/Sep/2021:09:49:35 +0800] "POST /xingrg/dwr/call/plaincall/AjaxCheckService.setItemNumber.dwr HTTP/1.1" 200 78
116.238.168.124 - - [13/Sep/2021:09:49:36 +0800] "POST /xingrg/dwr/call/plaincall/AjaxCheckService.setItemNumber.dwr HTTP/1.1" 200 78
116.238.168.124 - - [13/Sep/2021:09:49:37 +0800] "POST /xingrg/dwr/call/plaincall/AjaxCheckService.setItemNumber.dwr HTTP/1.1" 200 78
116.238.168.124 - - [13/Sep/2021:09:49:38 +0800] "POST /xingrg/dwr/call/plaincall/AjaxCheckService.setItemNumber.dwr HTTP/1.1" 200 78
114.86.229.76 - - [13/Sep/2021:09:49:39 +0800] "GET /xingrg/all/function/internal_message.html?_=1631497777660&CODE_STATE=getMsg HTTP/1.1" 200 27
180.169.147.146 - - [13/Sep/2021:09:49:39 +0800] "POST /xingrg/dwr/call/plaincall/AjaxCheckService.setItemNumber.dwr HTTP/1.1" 200 78
116.238.168.124 - - [13/Sep/2021:09:49:39 +0800] "POST /xingrg/dwr/call/plaincall/AjaxCheckService.setItemNumber.dwr HTTP/1.1" 200 78
222.70.246.151 - - [13/Sep/2021:09:49:40 +0800] "GET /xingrg/all/function/internal_message.html?_=1631497779763&CODE_STATE=getMsg HTTP/1.1" 200 27
180.169.147.146 - - [13/Sep/2021:09:49:41 +0800] "POST /xingrg/dwr/call/plaincall/AjaxCheckService.setItemNumber.dwr HTTP/1.1" 200 78
180.169.147.146 - - [13/Sep/2021:09:49:41 +0800] "GET /xingrg/all/function/internal_message.html?_=1631497779383&CODE_STATE=getMsg HTTP/1.1" 200 27
180.169.147.146 - - [13/Sep/2021:09:49:41 +0800] "GET /xingrg/check_reg.html?_=1631497779390 HTTP/1.1" 200 22
180.169.147.146 - - [13/Sep/2021:09:49:41 +0800] "POST /xingrg/dwr/call/plaincall/AjaxCheckService.setItemNumber.dwr HTTP/1.1" 200 78
116.238.168.124 - - [13/Sep/2021:09:49:42 +0800] "POST /xingrg/dwr/call/plaincall/AjaxCheckService.setItemNumber.dwr HTTP/1.1" 200 78
180.169.147.146 - - [13/Sep/2021:09:49:42 +0800] "POST /xingrg/dwr/call/plaincall/AjaxCheckService.setItemNumber.dwr HTTP/1.1" 200 78
222.70.179.190 - - [13/Sep/2021:09:49:42 +0800] "GET /xingrg/all/function/internal_message.html?_=1631497780702&CODE_STATE=getMsg HTTP/1.1" 302 -
180.169.147.146 - - [13/Sep/2021:09:49:43 +0800] "POST /xingrg/dwr/call/plaincall/AjaxCheckService.setItemNumber.dwr HTTP/1.1" 200 78
180.169.147.146 - - [13/Sep/2021:09:49:43 +0800] "GET /xingrg/all/function/internal_message.html?_=1631497929780&CODE_STATE=getMsg HTTP/1.1" 200 27
180.169.147.146 - - [13/Sep/2021:09:49:44 +0800] "POST /xingrg/dwr/call/plaincall/AjaxCheckService.setItemNumber.dwr HTTP/1.1" 200 78
116.238.168.124 - - [13/Sep/2021:09:49:44 +0800] "POST /xingrg/dwr/call/plaincall/AjaxCheckService.setItemNumber.dwr HTTP/1.1" 200 78
116.238.194.18 - - [13/Sep/2021:09:49:44 +0800] "GET /xingrg/all/function/internal_message.html?_=1631497782546&CODE_STATE=getMsg HTTP/1.1" 200 27
180.169.147.146 - - [13/Sep/2021:09:49:45 +0800] "POST /xingrg/dwr/call/plaincall/AjaxCheckService.setItemNumber.dwr HTTP/1.1" 200 78
116.238.168.124 - - [13/Sep/2021:09:49:46 +0800] "GET /xingrg/all/function/internal_message.html?_=1631497763468&CODE_STATE=getMsg HTTP/1.1" 200 27
180.169.147.146 - - [13/Sep/2021:09:49:46 +0800] "POST /xingrg/dwr/call/plaincall/AjaxCheckService.setItemNumber.dwr HTTP/1.1" 200 78
180.169.147.146 - - [13/Sep/2021:09:49:46 +0800] "GET /xingrg/all/function/internal_message.html?_=1631497784182&CODE_STATE=getMsg HTTP/1.1" 200 27
116.238.168.124 - - [13/Sep/2021:09:49:46 +0800] "POST /xingrg/dwr/call/plaincall/AjaxCheckService.setItemNumber.dwr HTTP/1.1" 200 78
58.37.227.186 - - [13/Sep/2021:09:49:47 +0800] "GET /xingrg/kc/buy/cgsh_order_operate.html?command=get_materiel&rest_code=00141&code=00101008270&supplier_code=00100007&order_time=2021-09-13 HTTP/1.1" 200 412
180.169.147.146 - - [13/Sep/2021:09:49:47 +0800] "POST /xingrg/dwr/call/plaincall/AjaxCheckService.setItemNumber.dwr HTTP/1.1" 200 78
116.238.168.124 - - [13/Sep/2021:09:49:48 +0800] "POST /xingrg/dwr/call/plaincall/AjaxCheckService.setItemNumber.dwr HTTP/1.1" 200 78
180.169.147.146 - - [13/Sep/2021:09:49:48 +0800] "POST /xingrg/dwr/call/plaincall/AjaxCheckService.setItemNumber.dwr HTTP/1.1" 200 78
116.230.105.26 - - [13/Sep/2021:09:49:48 +0800] "GET /xingrg/all/function/internal_message.html?_=1631497781517&CODE_STATE=getMsg HTTP/1.1" 200 27
180.169.147.146 - - [13/Sep/2021:09:49:49 +0800] "POST /xingrg/dwr/call/plaincall/AjaxCheckService.setItemNumber.dwr HTTP/1.1" 200 78
101.83.145.79 - - [13/Sep/2021:09:49:50 +0800] "POST /xingrg/services/DataTransmitService HTTP/1.1" 200 524
116.238.168.124 - - [13/Sep/2021:09:49:50 +0800] "POST /xingrg/dwr/call/plaincall/AjaxCheckService.setItemNumber.dwr HTTP/1.1" 200 78
180.169.147.146 - - [13/Sep/2021:09:49:52 +0800] "POST /xingrg/dwr/call/plaincall/AjaxCheckService.setItemNumber.dwr HTTP/1.1" 200 78
116.238.168.124 - - [13/Sep/2021:09:49:53 +0800] "POST /xingrg/dwr/call/plaincall/AjaxCheckService.setItemNumber.dwr HTTP/1.1" 200 78
180.169.147.146 - - [13/Sep/2021:09:49:53 +0800] "POST /xingrg/dwr/call/plaincall/AjaxCheckService.setItemNumber.dwr HTTP/1.1" 200 78
180.169.147.146 - - [13/Sep/2021:09:49:55 +0800] "POST /xingrg/dwr/call/plaincall/AjaxCheckService.setItemNumber.dwr HTTP/1.1" 200 78
116.238.168.124 - - [13/Sep/2021:09:49:55 +0800] "POST /xingrg/dwr/call/plaincall/AjaxCheckService.setItemNumber.dwr HTTP/1.1" 200 78
180.169.147.146 - - [13/Sep/2021:09:49:56 +0800] "POST /xingrg/dwr/call/plaincall/AjaxCheckService.setItemNumber.dwr HTTP/1.1" 200 78
116.238.168.124 - - [13/Sep/2021:09:49:56 +0800] "POST /xingrg/dwr/call/plaincall/AjaxCheckService.setItemNumber.dwr HTTP/1.1" 200 78
101.83.145.79 - - [13/Sep/2021:09:49:56 +0800] "GET /xingrg/all/function/internal_message.html?_=1631497742436&CODE_STATE=getMsg HTTP/1.1" 200 27
116.237.74.154 - - [13/Sep/2021:09:49:56 +0800] "GET /xingrg/all/function/internal_message.html?_=1631497794344&CODE_STATE=getMsg HTTP/1.1" 200 27
180.169.147.146 - - [13/Sep/2021:09:49:56 +0800] "POST /xingrg/dwr/call/plaincall/AjaxCheckService.setItemNumber.dwr HTTP/1.1" 200 78
180.169.147.146 - - [13/Sep/2021:09:49:57 +0800] "GET /xingrg/all/function/internal_message.html?_=1631497795565&CODE_STATE=getMsg HTTP/1.1" 200 27
180.169.147.146 - - [13/Sep/2021:09:49:57 +0800] "POST /xingrg/dwr/call/plaincall/AjaxCheckService.setItemNumber.dwr HTTP/1.1" 200 78
180.169.147.146 - - [13/Sep/2021:09:49:58 +0800] "POST /xingrg/dwr/call/plaincall/AjaxCheckService.setItemNumber.dwr HTTP/1.1" 200 78
222.70.246.151 - - [13/Sep/2021:09:49:58 +0800] "GET /xingrg/all/function/internal_message.html?_=1631497797914&CODE_STATE=getMsg HTTP/1.1" 302 -
116.238.168.124 - - [13/Sep/2021:09:49:58 +0800] "POST /xingrg/dwr/call/plaincall/AjaxCheckService.setItemNumber.dwr HTTP/1.1" 200 78
180.169.147.146 - - [13/Sep/2021:09:50:01 +0800] "POST /xingrg/dwr/call/plaincall/AjaxCheckService.setItemNumber.dwr HTTP/1.1" 200 78
116.238.168.124 - - [13/Sep/2021:09:50:01 +0800] "POST /xingrg/dwr/call/plaincall/AjaxCheckService.setItemNumber.dwr HTTP/1.1" 200 78
58.37.227.186 - - [13/Sep/2021:09:50:02 +0800] "GET /xingrg/kc/buy/cgsh_order_operate.html?command=get_materiel&rest_code=00141&code=00101008357&supplier_code=00100007&order_time=2021-09-13 HTTP/1.1" 200 408
180.169.147.146 - - [13/Sep/2021:09:50:02 +0800] "POST /xingrg/dwr/call/plaincall/AjaxCheckService.setItemNumber.dwr HTTP/1.1" 200 78
116.238.168.124 - - [13/Sep/2021:09:50:03 +0800] "POST /xingrg/dwr/call/plaincall/AjaxCheckService.setItemNumber.dwr HTTP/1.1" 200 78
180.169.147.146 - - [13/Sep/2021:09:50:03 +0800] "POST /xingrg/dwr/call/plaincall/AjaxCheckService.setItemNumber.dwr HTTP/1.1" 200 78
180.169.147.146 - - [13/Sep/2021:09:50:05 +0800] "POST /xingrg/dwr/call/plaincall/AjaxCheckService.setItemNumber.dwr HTTP/1.1" 200 78
116.238.168.124 - - [13/Sep/2021:09:50:06 +0800] "POST /xingrg/dwr/call/plaincall/AjaxCheckService.setItemNumber.dwr HTTP/1.1" 200 78
180.169.147.146 - - [13/Sep/2021:09:50:06 +0800] "POST /xingrg/dwr/call/plaincall/AjaxCheckService.setItemNumber.dwr HTTP/1.1" 200 78
180.169.147.146 - - [13/Sep/2021:09:50:07 +0800] "POST /xingrg/dwr/call/plaincall/AjaxCheckService.setItemNumber.dwr HTTP/1.1" 200 78
58.37.227.186 - - [13/Sep/2021:09:50:07 +0800] "GET /xingrg/kc/buy/cgsh_order_operate.html?command=get_materiel&rest_code=00141&code=00101008069&supplier_code=00100007&order_time=2021-09-13 HTTP/1.1" 200 412
222.69.128.101 - - [13/Sep/2021:09:50:08 +0800] "GET /xingrg/all/function/internal_message.html?_=1631497805236&CODE_STATE=getMsg HTTP/1.1" 200 27
180.169.147.146 - - [13/Sep/2021:09:50:08 +0800] "POST /xingrg/dwr/call/plaincall/AjaxCheckService.setItemNumber.dwr HTTP/1.1" 200 78
58.37.227.186 - - [13/Sep/2021:09:50:08 +0800] "GET /xingrg/all/function/internal_message.html?_=1631497679459&CODE_STATE=getMsg HTTP/1.1" 200 27
116.238.168.124 - - [13/Sep/2021:09:50:11 +0800] "POST /xingrg/dwr/call/plaincall/AjaxCheckService.setItemNumber.dwr HTTP/1.1" 200 78
180.169.147.146 - - [13/Sep/2021:09:50:11 +0800] "POST /xingrg/dwr/call/plaincall/AjaxCheckService.setItemNumber.dwr HTTP/1.1" 200 78
116.238.168.124 - - [13/Sep/2021:09:50:12 +0800] "POST /xingrg/dwr/call/plaincall/AjaxCheckService.setItemNumber.dwr HTTP/1.1" 200 78
180.169.147.146 - - [13/Sep/2021:09:50:13 +0800] "POST /xingrg/dwr/call/plaincall/AjaxCheckService.setItemNumber.dwr HTTP/1.1" 200 78
58.37.227.186 - - [13/Sep/2021:09:50:13 +0800] "GET /xingrg/check_reg.html?_=1631497684708 HTTP/1.1" 200 22
116.238.168.124 - - [13/Sep/2021:09:50:14 +0800] "POST /xingrg/dwr/call/plaincall/AjaxCheckService.setItemNumber.dwr HTTP/1.1" 200 78
222.70.179.190 - - [13/Sep/2021:09:50:15 +0800] "GET /xingrg/all/function/internal_message.html?_=1631497807418&CODE_STATE=getMsg HTTP/1.1" 200 27
58.40.7.146 - - [13/Sep/2021:09:50:15 +0800] "GET /xingrg/check_reg.html?_=1631497813901 HTTP/1.1" 302 -
116.238.168.124 - - [13/Sep/2021:09:50:15 +0800] "POST /xingrg/dwr/call/plaincall/AjaxCheckService.setItemNumber.dwr HTTP/1.1" 200 78
180.169.147.146 - - [13/Sep/2021:09:50:16 +0800] "POST /xingrg/dwr/call/plaincall/AjaxCheckService.setItemNumber.dwr HTTP/1.1" 200 78
58.37.227.186 - - [13/Sep/2021:09:50:17 +0800] "GET /xingrg/kc/buy/cgsh_order_operate.html?command=get_materiel&rest_code=00141&code=00101008286&supplier_code=00100007&order_time=2021-09-13 HTTP/1.1" 200 408
180.169.147.146 - - [13/Sep/2021:09:50:18 +0800] "POST /xingrg/dwr/call/plaincall/AjaxCheckService.setItemNumber.dwr HTTP/1.1" 200 78
101.83.145.79 - - [13/Sep/2021:09:50:18 +0800] "POST /xingrg/services/DataTransmitService HTTP/1.1" 200 501
101.83.145.79 - - [13/Sep/2021:09:50:18 +0800] "POST /xingrg/services/DataTransmitService HTTP/1.1" 200 501
101.83.145.79 - - [13/Sep/2021:09:50:20 +0800] "POST /xingrg/services/DataTransmitService HTTP/1.1" 200 501
116.238.194.18 - - [13/Sep/2021:09:50:21 +0800] "GET /xingrg/all/function/internal_message.html?_=1631497790134&CODE_STATE=getMsg HTTP/1.1" 200 27
116.238.168.124 - - [13/Sep/2021:09:50:22 +0800] "POST /xingrg/dwr/call/plaincall/AjaxCheckService.setItemNumber.dwr HTTP/1.1" 200 78
101.83.145.79 - - [13/Sep/2021:09:50:22 +0800] "POST /xingrg/services/DataTransmitService HTTP/1.1" 200 501
101.83.145.79 - - [13/Sep/2021:09:50:22 +0800] "POST /xingrg/services/DataTransmitService HTTP/1.1" 200 501
101.83.145.79 - - [13/Sep/2021:09:50:23 +0800] "POST /xingrg/services/DataTransmitService HTTP/1.1" 200 501
116.238.168.124 - - [13/Sep/2021:09:50:23 +0800] "POST /xingrg/dwr/call/plaincall/AjaxCheckService.setItemNumber.dwr HTTP/1.1" 200 78
101.83.145.79 - - [13/Sep/2021:09:50:24 +0800] "POST /xingrg/services/DataTransmitService HTTP/1.1" 200 501
101.83.145.79 - - [13/Sep/2021:09:50:24 +0800] "POST /xingrg/services/DataTransmitService HTTP/1.1" 200 501
101.83.145.79 - - [13/Sep/2021:09:50:24 +0800] "POST /xingrg/services/DataTransmitService HTTP/1.1" 200 501
101.83.145.79 - - [13/Sep/2021:09:50:25 +0800] "POST /xingrg/services/DataTransmitService HTTP/1.1" 200 412
116.238.168.124 - - [13/Sep/2021:09:50:25 +0800] "POST /xingrg/dwr/call/plaincall/AjaxCheckService.setItemNumber.dwr HTTP/1.1" 200 78
58.37.227.186 - - [13/Sep/2021:09:50:27 +0800] "GET /xingrg/kc/buy/cgsh_order_operate.html?command=get_materiel&rest_code=00141&code=00101008036&supplier_code=00100007&order_time=2021-09-13 HTTP/1.1" 200 408
58.221.95.50 - - [13/Sep/2021:09:50:27 +0800] "GET /xingrg/check_reg.html?_=1631497828580 HTTP/1.1" 302 -
180.169.147.146 - - [13/Sep/2021:09:50:28 +0800] "GET /xingrg/all/function/internal_message.html?_=1631497827190&CODE_STATE=getMsg HTTP/1.1" 200 27
180.169.147.146 - - [13/Sep/2021:09:50:28 +0800] "GET /xingrg/check_reg.html?_=1631497827193 HTTP/1.1" 200 22
116.238.168.124 - - [13/Sep/2021:09:50:31 +0800] "POST /xingrg/dwr/call/plaincall/AjaxCheckService.setItemNumber.dwr HTTP/1.1" 200 78
180.169.147.146 - - [13/Sep/2021:09:50:31 +0800] "GET /xingrg/kc/base/check_order_list.html?isBack=1 HTTP/1.1" 200 16349
180.169.147.146 - - [13/Sep/2021:09:50:32 +0800] "POST /xingrg/kc/base/check_list_operate.html HTTP/1.1" 200 2574
116.238.168.124 - - [13/Sep/2021:09:50:32 +0800] "POST /xingrg/dwr/call/plaincall/AjaxCheckService.setItemNumber.dwr HTTP/1.1" 200 78
101.83.145.79 - - [13/Sep/2021:09:50:32 +0800] "GET /xingrg/all/function/internal_message.html?_=1631497830333&CODE_STATE=getMsg HTTP/1.1" 200 27
180.169.147.146 - - [13/Sep/2021:09:50:34 +0800] "GET /xingrg/kc/base/check_order_info.html?code=452021091200119 HTTP/1.1" 200 26324
180.169.147.146 - - [13/Sep/2021:09:50:34 +0800] "GET /xingrg/dwr/interface/AjaxComOrderService.js HTTP/1.1" 200 18264
180.169.147.146 - - [13/Sep/2021:09:50:34 +0800] "GET /xingrg/dwr/interface/AjaxCheckService.js HTTP/1.1" 200 14003
180.169.147.146 - - [13/Sep/2021:09:50:34 +0800] "GET /xingrg/dwr/engine.js HTTP/1.1" 200 43631
116.238.168.124 - - [13/Sep/2021:09:50:34 +0800] "POST /xingrg/dwr/call/plaincall/AjaxCheckService.setItemNumber.dwr HTTP/1.1" 200 78
180.169.147.146 - - [13/Sep/2021:09:50:35 +0800] "POST /xingrg/dwr/call/plaincall/AjaxCheckService.loadOrderItems.dwr HTTP/1.1" 200 14937
116.238.168.124 - - [13/Sep/2021:09:50:37 +0800] "POST /xingrg/dwr/call/plaincall/AjaxCheckService.setItemNumber.dwr HTTP/1.1" 200 78
58.37.227.186 - - [13/Sep/2021:09:50:37 +0800] "GET /xingrg/kc/buy/cgsh_order_operate.html?command=get_materiel&rest_code=00141&code=00101008233&supplier_code=00100007&order_time=2021-09-13 HTTP/1.1" 200 408
116.238.168.124 - - [13/Sep/2021:09:50:38 +0800] "POST /xingrg/dwr/call/plaincall/AjaxCheckService.setItemNumber.dwr HTTP/1.1" 200 78
180.169.147.146 - - [13/Sep/2021:09:50:39 +0800] "POST /xingrg/dwr/call/plaincall/AjaxCheckService.setItemNumber.dwr HTTP/1.1" 200 76
114.86.229.76 - - [13/Sep/2021:09:50:39 +0800] "GET /xingrg/all/function/internal_message.html?_=1631497837663&CODE_STATE=getMsg HTTP/1.1" 200 27
222.70.246.151 - - [13/Sep/2021:09:50:40 +0800] "GET /xingrg/all/function/internal_message.html?_=1631497839949&CODE_STATE=getMsg HTTP/1.1" 200 27
58.37.227.186 - - [13/Sep/2021:09:50:40 +0800] "POST /xingrg/kc/buy/cgsh_order_operate.html HTTP/1.1" 200 2065
180.169.147.146 - - [13/Sep/2021:09:50:40 +0800] "POST /xingrg/dwr/call/plaincall/AjaxCheckService.setItemNumber.dwr HTTP/1.1" 200 76
116.238.168.124 - - [13/Sep/2021:09:50:40 +0800] "POST /xingrg/dwr/call/plaincall/AjaxCheckService.setItemNumber.dwr HTTP/1.1" 200 78
222.70.246.151 - - [13/Sep/2021:09:50:40 +0800] "GET /xingrg/check_reg.html?_=1631497840261 HTTP/1.1" 302 -
