116.237.74.154 - - [13/Sep/2021:08:34:02 +0800] "GET /xingrg/all/function/internal_message.html?_=1631493242756&CODE_STATE=getMsg HTTP/1.1" 200 27
116.238.168.124 - - [13/Sep/2021:08:34:04 +0800] "GET /xingrg/kc/buy/cgsh_order_operate.html?command=get_materiel&rest_code=00102&code=00101008356&supplier_code=00100008&order_time=2021-09-13 HTTP/1.1" 200 408
116.238.194.18 - - [13/Sep/2021:08:34:07 +0800] "GET /xingrg/kc/buy/cgsh_order_operate.html?command=get_materiel&rest_code=00150&code=00101001010&supplier_code=00100096&order_time=2021-09-13 HTTP/1.1" 200 409
116.238.194.18 - - [13/Sep/2021:08:34:08 +0800] "GET /xingrg/all/function/internal_message.html?_=1631493216677&CODE_STATE=getMsg HTTP/1.1" 200 27
116.238.168.124 - - [13/Sep/2021:08:34:11 +0800] "GET /xingrg/kc/buy/cgsh_order_operate.html?command=get_materiel&rest_code=00102&code=00101008300&supplier_code=00100008&order_time=2021-09-13 HTTP/1.1" 200 412
116.238.194.18 - - [13/Sep/2021:08:34:15 +0800] "GET /xingrg/kc/buy/cgsh_order_list.html HTTP/1.1" 302 -
116.238.194.18 - - [13/Sep/2021:08:34:15 +0800] "GET /xingrg/login.html HTTP/1.1" 200 7641
116.238.194.18 - - [13/Sep/2021:08:34:15 +0800] "GET /xingrg/login.html HTTP/1.1" 200 7641
116.238.168.124 - - [13/Sep/2021:08:34:16 +0800] "GET /xingrg/all/function/internal_message.html?_=1631493233424&CODE_STATE=getMsg HTTP/1.1" 200 27
116.238.194.18 - - [13/Sep/2021:08:34:16 +0800] "GET /favicon.ico HTTP/1.1" 404 -
116.238.194.18 - - [13/Sep/2021:08:34:20 +0800] "POST /xingrg/login.do HTTP/1.1" 302 -
116.238.194.18 - - [13/Sep/2021:08:34:20 +0800] "GET /xingrg/index.html?sysBaseUrl=http%3A%2F%2F180.169.147.146%3A18081%2Fxingrg%2F&costTime=40×tamp=1631493260141 HTTP/1.1" 200 17177
116.238.194.18 - - [13/Sep/2021:08:34:20 +0800] "GET /favicon.ico HTTP/1.1" 404 -
116.238.194.18 - - [13/Sep/2021:08:34:20 +0800] "POST /xingrg/all/common/load_tree.html?tree=area_rest_tree_json&manage=1 HTTP/1.1" 200 476
116.238.194.18 - - [13/Sep/2021:08:34:20 +0800] "GET /xingrg/all/function/internal_message.html?_=1631493258197&CODE_STATE=count HTTP/1.1" 200 11
116.238.194.18 - - [13/Sep/2021:08:34:20 +0800] "GET /xingrg/check_reg.html?_=1631493258199 HTTP/1.1" 200 22
116.238.194.18 - - [13/Sep/2021:08:34:20 +0800] "POST /xingrg/load_menu.html HTTP/1.1" 200 5138
116.238.168.124 - - [13/Sep/2021:08:34:22 +0800] "GET /xingrg/kc/buy/cgsh_order_operate.html?command=get_materiel&rest_code=00102&code=00101008286&supplier_code=00100008&order_time=2021-09-13 HTTP/1.1" 200 408
116.238.194.18 - - [13/Sep/2021:08:34:26 +0800] "POST /xingrg/all/user/operate.html HTTP/1.1" 200 36
116.238.194.18 - - [13/Sep/2021:08:34:26 +0800] "GET /xingrg/index.html?sysBaseUrl=http%3A%2F%2F180.169.147.146%3A18081%2Fxingrg%2F&costTime=40×tamp=1631493260141 HTTP/1.1" 200 17179
116.238.194.18 - - [13/Sep/2021:08:34:26 +0800] "GET /xingrg/javascript/jquery_easy_ui/themes/default/easyui.css HTTP/1.1" 304 -
116.238.194.18 - - [13/Sep/2021:08:34:26 +0800] "GET /xingrg/javascript/jquery_easy_ui/themes/icon.css HTTP/1.1" 304 -
116.238.194.18 - - [13/Sep/2021:08:34:26 +0800] "GET /xingrg/css/form.css HTTP/1.1" 304 -
116.238.194.18 - - [13/Sep/2021:08:34:26 +0800] "GET /xingrg/javascript/jquery-1.4.2.min.js HTTP/1.1" 304 -
116.238.194.18 - - [13/Sep/2021:08:34:26 +0800] "GET /xingrg/javascript/jquery_easy_ui/jquery.easyui.min.js HTTP/1.1" 304 -
116.238.194.18 - - [13/Sep/2021:08:34:26 +0800] "GET /xingrg/javascript/jquery_easy_ui/easyui-lang-zh_CN.js HTTP/1.1" 304 -
116.238.194.18 - - [13/Sep/2021:08:34:26 +0800] "GET /xingrg/javascript/jquery.form.js HTTP/1.1" 304 -
116.238.194.18 - - [13/Sep/2021:08:34:26 +0800] "GET /xingrg/javascript/jquery.utils.js HTTP/1.1" 304 -
116.238.194.18 - - [13/Sep/2021:08:34:27 +0800] "GET /xingrg/javascript/jquery.timers.js HTTP/1.1" 304 -
116.238.194.18 - - [13/Sep/2021:08:34:27 +0800] "GET /xingrg/images/blue/jxLogo.png HTTP/1.1" 304 -
116.238.194.18 - - [13/Sep/2021:08:34:27 +0800] "GET /xingrg/images/blue/navBackgound.jpg HTTP/1.1" 304 -
116.238.194.18 - - [13/Sep/2021:08:34:27 +0800] "GET /xingrg/javascript/jquery_easy_ui/themes/icons/settle_new.png HTTP/1.1" 304 -
116.238.194.18 - - [13/Sep/2021:08:34:27 +0800] "POST /xingrg/all/common/load_tree.html?tree=area_rest_tree_json&manage=1 HTTP/1.1" 200 476
116.238.194.18 - - [13/Sep/2021:08:34:27 +0800] "GET /xingrg/all/function/internal_message.html?_=1631493264778&CODE_STATE=count HTTP/1.1" 200 11
116.238.194.18 - - [13/Sep/2021:08:34:27 +0800] "GET /xingrg/check_reg.html?_=1631493264779 HTTP/1.1" 200 22
116.238.194.18 - - [13/Sep/2021:08:34:27 +0800] "GET /xingrg/javascript/jquery_easy_ui/themes/default/images/tabs_rightarrow.png HTTP/1.1" 304 -
116.238.194.18 - - [13/Sep/2021:08:34:27 +0800] "GET /xingrg/javascript/jquery_easy_ui/themes/default/images/panel_tool_collapse.gif HTTP/1.1" 304 -
116.238.194.18 - - [13/Sep/2021:08:34:27 +0800] "GET /xingrg/javascript/jquery_easy_ui/themes/default/images/tabs_leftarrow.png HTTP/1.1" 304 -
116.238.194.18 - - [13/Sep/2021:08:34:27 +0800] "GET /xingrg/images/blue/pingpu.png HTTP/1.1" 304 -
116.238.194.18 - - [13/Sep/2021:08:34:27 +0800] "POST /xingrg/load_menu.html HTTP/1.1" 200 5138
180.169.147.146 - - [13/Sep/2021:08:34:28 +0800] "GET /xingrg/all/function/internal_message.html?_=1631493267084&CODE_STATE=getMsg HTTP/1.1" 200 27
116.238.194.18 - - [13/Sep/2021:08:34:29 +0800] "GET /xingrg/kc/buy/cgsh_order_list.html HTTP/1.1" 200 47694
116.238.168.124 - - [13/Sep/2021:08:34:30 +0800] "GET /xingrg/kc/buy/cgsh_order_operate.html?command=get_materiel&rest_code=00102&code=00101008036&supplier_code=00100008&order_time=2021-09-13 HTTP/1.1" 200 408
116.238.194.18 - - [13/Sep/2021:08:34:31 +0800] "POST /xingrg/kc/buy/cgsh_list_operate.html HTTP/1.1" 200 1708
120.253.135.82 - - [13/Sep/2021:08:34:31 +0800] "GET /xingrg/check_reg.html?_=1631493042475 HTTP/1.1" 200 22
116.237.74.154 - - [13/Sep/2021:08:34:31 +0800] "GET /xingrg/kc/base/base_main.html HTTP/1.1" 200 12142
116.237.74.154 - - [13/Sep/2021:08:34:31 +0800] "GET /xingrg/images/blue/button/ckpd.gif HTTP/1.1" 200 2051
116.237.74.154 - - [13/Sep/2021:08:34:31 +0800] "GET /xingrg/images/blue/button/wlsy.gif HTTP/1.1" 200 2536
116.237.74.154 - - [13/Sep/2021:08:34:31 +0800] "GET /xingrg/images/blue/button/yddb.gif HTTP/1.1" 200 2040
116.237.74.154 - - [13/Sep/2021:08:34:31 +0800] "GET /xingrg/images/blue/button/ckdb.gif HTTP/1.1" 200 1950
116.237.74.154 - - [13/Sep/2021:08:34:31 +0800] "GET /xingrg/images/blue/button/top_left.jpg HTTP/1.1" 200 1632
116.237.74.154 - - [13/Sep/2021:08:34:31 +0800] "GET /xingrg/images/blue/button/down.jpg HTTP/1.1" 200 1560
116.237.74.154 - - [13/Sep/2021:08:34:31 +0800] "GET /xingrg/images/blue/button/top_right.jpg HTTP/1.1" 200 1708
116.237.74.154 - - [13/Sep/2021:08:34:31 +0800] "GET /xingrg/images/blue/button/left_ah.jpg HTTP/1.1" 200 1643
116.237.74.154 - - [13/Sep/2021:08:34:31 +0800] "GET /xingrg/images/blue/button/bottom_left.jpg HTTP/1.1" 200 1524
116.237.74.154 - - [13/Sep/2021:08:34:31 +0800] "GET /xingrg/images/blue/button/bottom_right.jpg HTTP/1.1" 200 1436
120.253.135.82 - - [13/Sep/2021:08:34:32 +0800] "GET /xingrg/all/function/internal_message.html?_=1631493043272&CODE_STATE=getMsg HTTP/1.1" 200 27
101.83.145.79 - - [13/Sep/2021:08:34:32 +0800] "GET /xingrg/all/function/internal_message.html?_=1631493270627&CODE_STATE=getMsg HTTP/1.1" 200 27
116.237.74.154 - - [13/Sep/2021:08:34:34 +0800] "GET /xingrg/kc/report/report_main.html HTTP/1.1" 200 7345
116.238.194.18 - - [13/Sep/2021:08:34:35 +0800] "GET /xingrg/kc/buy/cgsh_order_operate.html?command=get_materiel&rest_code=00150&code=00101006068&supplier_code=00100096&order_time=2021-09-13 HTTP/1.1" 200 411
116.238.194.18 - - [13/Sep/2021:08:34:36 +0800] "POST /xingrg/kc/buy/cgsh_list_operate.html HTTP/1.1" 200 571
116.237.74.154 - - [13/Sep/2021:08:34:36 +0800] "GET /xingrg/all/report/report_query.html?fileName=kc/buy/gys_amount.xml&rh=99999 HTTP/1.1" 200 52006
116.237.74.154 - - [13/Sep/2021:08:34:36 +0800] "GET /xingrg/dwr/interface/AjaxReportQueryService.js HTTP/1.1" 200 13203
116.237.74.154 - - [13/Sep/2021:08:34:36 +0800] "GET /xingrg/dwr/engine.js HTTP/1.1" 200 43631
116.237.74.154 - - [13/Sep/2021:08:34:36 +0800] "POST /xingrg/dwr/call/plaincall/AjaxReportQueryService.getFixDate.dwr HTTP/1.1" 200 111
116.237.74.154 - - [13/Sep/2021:08:34:37 +0800] "POST /xingrg/all/common/load_tree.html?tree=supplier_tree_json&manage=1 HTTP/1.1" 200 58657
222.70.246.151 - - [13/Sep/2021:08:34:37 +0800] "GET /xingrg/all/function/internal_message.html?_=1631493277061&CODE_STATE=getMsg HTTP/1.1" 200 27
116.237.74.154 - - [13/Sep/2021:08:34:38 +0800] "POST /xingrg/all/common/load_tree.html?tree=materiel_sort_tree_json HTTP/1.1" 200 8792
116.237.74.154 - - [13/Sep/2021:08:34:38 +0800] "POST /xingrg/dwr/call/plaincall/AjaxReportQueryService.getInitString.dwr HTTP/1.1" 200 975
116.238.168.124 - - [13/Sep/2021:08:34:39 +0800] "GET /xingrg/kc/buy/cgsh_order_operate.html?command=get_materiel&rest_code=00102&code=00101008131&supplier_code=00100008&order_time=2021-09-13 HTTP/1.1" 200 408
172.20.0.100 - - [13/Sep/2021:08:34:40 +0800] "GET /xingrg/check_reg.html?_=1631493275690 HTTP/1.1" 200 22
172.20.0.100 - - [13/Sep/2021:08:34:40 +0800] "GET /xingrg/all/function/internal_message.html?_=1631493275691&CODE_STATE=getMsg HTTP/1.1" 200 27
116.237.74.154 - - [13/Sep/2021:08:34:40 +0800] "POST /xingrg/dwr/call/plaincall/AjaxReportQueryService.getFixDate.dwr HTTP/1.1" 200 111
180.169.147.146 - - [13/Sep/2021:08:34:43 +0800] "GET /xingrg/all/function/internal_message.html?_=1631493429436&CODE_STATE=getMsg HTTP/1.1" 200 27
116.238.194.18 - - [13/Sep/2021:08:34:47 +0800] "GET /xingrg/kc/buy/cgsh_order_add.html HTTP/1.1" 200 63350
116.238.194.18 - - [13/Sep/2021:08:34:47 +0800] "GET /xingrg/words/20210912165527_words.js HTTP/1.1" 200 847134
116.238.194.18 - - [13/Sep/2021:08:34:48 +0800] "POST /xingrg/kc/buy/cgsh_order_operate.html HTTP/1.1" 200 8245
116.238.194.18 - - [13/Sep/2021:08:34:48 +0800] "GET /xingrg/all/common/auto_word.html?type=employee&rest_code=00150 HTTP/1.1" 200 205
116.238.194.18 - - [13/Sep/2021:08:34:48 +0800] "GET /xingrg/all/common/auto_word.html?type=employee&rest_code=00150 HTTP/1.1" 200 205
116.238.194.18 - - [13/Sep/2021:08:34:48 +0800] "GET /xingrg/javascript/easyui/themes/default/validatebox.css HTTP/1.1" 404 1104
116.237.74.154 - - [13/Sep/2021:08:34:49 +0800] "GET /xingrg/javascript/jquery_easy_ui/themes/default/images/button_plain_hover.png HTTP/1.1" 200 252
116.238.194.18 - - [13/Sep/2021:08:34:50 +0800] "GET /xingrg/javascript/auto/indicator.gif HTTP/1.1" 404 1066
116.237.74.154 - - [13/Sep/2021:08:34:51 +0800] "POST /xingrg/dwr/call/plaincall/AjaxReportQueryService.refreshCache.dwr HTTP/1.1" 200 78
116.237.74.154 - - [13/Sep/2021:08:34:51 +0800] "POST /xingrg/all/report/load_report_page.html HTTP/1.1" 200 8944
116.237.74.154 - - [13/Sep/2021:08:34:51 +0800] "GET /xingrg/servlets/image?cache=0.0571551752155357&image=px HTTP/1.1" 200 807
116.238.168.124 - - [13/Sep/2021:08:34:53 +0800] "GET /xingrg/kc/buy/cgsh_order_operate.html?command=get_materiel&rest_code=00102&code=00101008353&supplier_code=00100008&order_time=2021-09-13 HTTP/1.1" 200 408
61.151.178.217 - - [13/Sep/2021:08:34:55 +0800] "GET /xingrg/all/function/internal_message.html?_=1631493234233&CODE_STATE=getMsg HTTP/1.1" 302 -
116.237.74.154 - - [13/Sep/2021:08:34:56 +0800] "GET /xingrg/all/function/internal_message.html?_=1631493294234&CODE_STATE=getMsg HTTP/1.1" 200 27
61.151.178.217 - - [13/Sep/2021:08:34:56 +0800] "GET /xingrg/login.html HTTP/1.1" 200 7641
116.237.74.154 - - [13/Sep/2021:08:34:56 +0800] "GET /xingrg/kc/base/base_main.html HTTP/1.1" 200 12142
222.70.246.151 - - [13/Sep/2021:08:34:57 +0800] "GET /xingrg/all/function/internal_message.html?_=1631493296868&CODE_STATE=getMsg HTTP/1.1" 302 -
116.238.194.18 - - [13/Sep/2021:08:34:57 +0800] "GET /xingrg/kc/buy/cgsh_order_operate.html?command=get_materiel&rest_code=00150&code=00101009109&supplier_code=00100424&order_time=2021-09-13 HTTP/1.1" 200 399
116.237.74.154 - - [13/Sep/2021:08:34:59 +0800] "GET /xingrg/kc/base/wldb_order_list.html HTTP/1.1" 200 19224
116.237.74.154 - - [13/Sep/2021:08:34:59 +0800] "POST /xingrg/kc/base/wldb_list_operate.html HTTP/1.1" 200 928
116.237.74.154 - - [13/Sep/2021:08:35:02 +0800] "GET /xingrg/all/function/internal_message.html?_=1631493302764&CODE_STATE=getMsg HTTP/1.1" 200 27
116.238.168.124 - - [13/Sep/2021:08:35:03 +0800] "GET /xingrg/kc/buy/cgsh_order_operate.html?command=get_materiel&rest_code=00102&code=00101008188&supplier_code=00100008&order_time=2021-09-13 HTTP/1.1" 200 412
116.238.194.18 - - [13/Sep/2021:08:35:03 +0800] "GET /xingrg/kc/buy/cgsh_order_operate.html?command=get_materiel&rest_code=00150&code=00101007077&supplier_code=00100096&order_time=2021-09-13 HTTP/1.1" 200 415
116.238.194.18 - - [13/Sep/2021:08:35:08 +0800] "GET /xingrg/all/function/internal_message.html?_=1631493276691&CODE_STATE=getMsg HTTP/1.1" 200 27
116.238.194.18 - - [13/Sep/2021:08:35:09 +0800] "GET /xingrg/kc/buy/cgsh_order_operate.html?command=get_materiel&rest_code=00150&code=00101009062&supplier_code=00100424&order_time=2021-09-13 HTTP/1.1" 200 412
116.238.168.124 - - [13/Sep/2021:08:35:11 +0800] "GET /xingrg/kc/buy/cgsh_order_operate.html?command=get_materiel&rest_code=00102&code=00101008125&supplier_code=00100008&order_time=2021-09-13 HTTP/1.1" 200 413
116.238.194.18 - - [13/Sep/2021:08:35:15 +0800] "GET /xingrg/kc/buy/cgsh_order_operate.html?command=get_materiel&rest_code=00150&code=00101007021&supplier_code=00100096&order_time=2021-09-13 HTTP/1.1" 200 411
116.238.168.124 - - [13/Sep/2021:08:35:16 +0800] "GET /xingrg/all/function/internal_message.html?_=1631493293436&CODE_STATE=getMsg HTTP/1.1" 200 27
58.40.7.146 - - [13/Sep/2021:08:35:16 +0800] "GET /xingrg/check_reg.html?_=1631493314272 HTTP/1.1" 302 -
116.238.194.18 - - [13/Sep/2021:08:35:19 +0800] "GET /xingrg/kc/buy/cgsh_order_operate.html?command=get_materiel&rest_code=00150&code=00101009066&supplier_code=00100424&order_time=2021-09-13 HTTP/1.1" 200 416
116.238.168.124 - - [13/Sep/2021:08:35:21 +0800] "GET /xingrg/kc/buy/cgsh_order_operate.html?command=get_materiel&rest_code=00102&code=00101015038&supplier_code=00100008&order_time=2021-09-13 HTTP/1.1" 200 418
116.238.194.18 - - [13/Sep/2021:08:35:27 +0800] "GET /xingrg/all/function/internal_message.html?_=1631493324788&CODE_STATE=getMsg HTTP/1.1" 200 27
116.238.194.18 - - [13/Sep/2021:08:35:27 +0800] "GET /xingrg/kc/buy/cgsh_order_operate.html?command=get_materiel&rest_code=00150&code=00101009124&supplier_code=00100424&order_time=2021-09-13 HTTP/1.1" 200 402
58.221.95.50 - - [13/Sep/2021:08:35:27 +0800] "GET /xingrg/check_reg.html?_=1631493328561 HTTP/1.1" 302 -
180.169.147.146 - - [13/Sep/2021:08:35:28 +0800] "GET /xingrg/all/function/internal_message.html?_=1631493327088&CODE_STATE=getMsg HTTP/1.1" 200 27
180.169.147.146 - - [13/Sep/2021:08:35:28 +0800] "GET /xingrg/check_reg.html?_=1631493327085 HTTP/1.1" 200 22
116.238.168.124 - - [13/Sep/2021:08:35:29 +0800] "GET /xingrg/kc/buy/cgsh_order_operate.html?command=get_materiel&rest_code=00102&code=00101015006&supplier_code=00100008&order_time=2021-09-13 HTTP/1.1" 200 413
116.238.194.18 - - [13/Sep/2021:08:35:29 +0800] "GET /xingrg/kc/buy/cgsh_order_operate.html?command=get_materiel&rest_code=00150&code=00101007081&supplier_code=00100096&order_time=2021-09-13 HTTP/1.1" 200 413
120.253.135.82 - - [13/Sep/2021:08:35:32 +0800] "GET /xingrg/all/function/internal_message.html?_=1631493103285&CODE_STATE=getMsg HTTP/1.1" 200 27
101.83.145.79 - - [13/Sep/2021:08:35:32 +0800] "GET /xingrg/all/function/internal_message.html?_=1631493330638&CODE_STATE=getMsg HTTP/1.1" 200 27
116.238.194.18 - - [13/Sep/2021:08:35:33 +0800] "GET /xingrg/kc/buy/cgsh_order_operate.html?command=get_materiel&rest_code=00150&code=00101009007&supplier_code=00100424&order_time=2021-09-13 HTTP/1.1" 200 408
222.70.246.151 - - [13/Sep/2021:08:35:38 +0800] "GET /xingrg/all/function/internal_message.html?_=1631493337072&CODE_STATE=getMsg HTTP/1.1" 200 27
172.20.0.100 - - [13/Sep/2021:08:35:40 +0800] "GET /xingrg/all/function/internal_message.html?_=1631493335694&CODE_STATE=getMsg HTTP/1.1" 200 27
222.70.246.151 - - [13/Sep/2021:08:35:40 +0800] "GET /xingrg/check_reg.html?_=1631493340142 HTTP/1.1" 302 -
116.238.194.18 - - [13/Sep/2021:08:35:41 +0800] "GET /xingrg/kc/buy/cgsh_order_operate.html?command=get_materiel&rest_code=00150&code=00101009039&supplier_code=00100424&order_time=2021-09-13 HTTP/1.1" 200 408
116.238.194.18 - - [13/Sep/2021:08:35:41 +0800] "GET /xingrg/kc/buy/cgsh_order_operate.html?command=get_materiel&rest_code=00150&code=00101007061&supplier_code=00100096&order_time=2021-09-13 HTTP/1.1" 200 430
180.169.147.146 - - [13/Sep/2021:08:35:43 +0800] "GET /xingrg/all/function/internal_message.html?_=1631493489464&CODE_STATE=getMsg HTTP/1.1" 200 27
180.169.147.146 - - [13/Sep/2021:08:35:43 +0800] "GET /xingrg/check_reg.html?_=1631493489464 HTTP/1.1" 200 22
116.238.194.18 - - [13/Sep/2021:08:35:48 +0800] "GET /xingrg/kc/buy/cgsh_order_operate.html?command=get_materiel&rest_code=00150&code=00101009016&supplier_code=00100424&order_time=2021-09-13 HTTP/1.1" 200 412
116.238.168.124 - - [13/Sep/2021:08:35:51 +0800] "POST /xingrg/kc/buy/cgsh_order_operate.html HTTP/1.1" 200 37
116.238.168.124 - - [13/Sep/2021:08:35:53 +0800] "POST /xingrg/kc/buy/cgsh_order_operate.html HTTP/1.1" 200 10336
101.89.239.238 - - [13/Sep/2021:08:35:55 +0800] "GET /xingrg/all/function/internal_message.html?_=1631493294234&CODE_STATE=getMsg HTTP/1.1" 302 -
116.237.74.154 - - [13/Sep/2021:08:35:56 +0800] "GET /xingrg/all/function/internal_message.html?_=1631493354236&CODE_STATE=getMsg HTTP/1.1" 200 27
101.89.239.238 - - [13/Sep/2021:08:35:57 +0800] "GET /xingrg/login.html HTTP/1.1" 200 7641
222.70.246.151 - - [13/Sep/2021:08:35:57 +0800] "GET /xingrg/all/function/internal_message.html?_=1631493356892&CODE_STATE=getMsg HTTP/1.1" 302 -
116.238.168.124 - - [13/Sep/2021:08:35:58 +0800] "POST /xingrg/kc/buy/cgsh_order_operate.html HTTP/1.1" 200 37
116.238.168.124 - - [13/Sep/2021:08:35:59 +0800] "POST /xingrg/kc/buy/cgsh_order_operate.html HTTP/1.1" 200 10336
116.238.194.18 - - [13/Sep/2021:08:36:00 +0800] "GET /xingrg/kc/buy/cgsh_order_operate.html?command=get_materiel&rest_code=00150&code=00101009011&supplier_code=00100424&order_time=2021-09-13 HTTP/1.1" 200 416
116.238.168.124 - - [13/Sep/2021:08:36:02 +0800] "GET /xingrg/kc/buy/cgsh_order_add.html HTTP/1.1" 200 63385
116.238.168.124 - - [13/Sep/2021:08:36:02 +0800] "GET /xingrg/javascript/jquery_easy_ui/themes/icons/area.png HTTP/1.1" 304 -
116.238.168.124 - - [13/Sep/2021:08:36:02 +0800] "GET /xingrg/javascript/jquery_easy_ui/themes/icons/rest.png HTTP/1.1" 304 -
116.238.168.124 - - [13/Sep/2021:08:36:03 +0800] "POST /xingrg/kc/buy/cgsh_order_operate.html HTTP/1.1" 200 8245
116.238.168.124 - - [13/Sep/2021:08:36:03 +0800] "GET /xingrg/javascript/easyui/themes/default/validatebox.css HTTP/1.1" 404 1104
116.238.168.124 - - [13/Sep/2021:08:36:04 +0800] "GET /xingrg/javascript/easyui/themes/default/tree.css HTTP/1.1" 404 1090
116.238.168.124 - - [13/Sep/2021:08:36:04 +0800] "POST /xingrg/all/common/load_tree.html?tree=supplier_tree_json&isDelete=1 HTTP/1.1" 200 57687
116.238.194.18 - - [13/Sep/2021:08:36:08 +0800] "GET /xingrg/all/function/internal_message.html?_=1631493336705&CODE_STATE=getMsg HTTP/1.1" 200 27
116.238.194.18 - - [13/Sep/2021:08:36:09 +0800] "GET /xingrg/kc/buy/cgsh_order_operate.html?command=get_materiel&rest_code=00150&code=00101009013&supplier_code=00100424&order_time=2021-09-13 HTTP/1.1" 200 420
116.238.168.124 - - [13/Sep/2021:08:36:16 +0800] "GET /xingrg/all/function/internal_message.html?_=1631493353450&CODE_STATE=getMsg HTTP/1.1" 200 27
116.238.194.18 - - [13/Sep/2021:08:36:17 +0800] "GET /xingrg/kc/buy/cgsh_order_operate.html?command=get_materiel&rest_code=00150&code=00101009015&supplier_code=00100424&order_time=2021-09-13 HTTP/1.1" 200 416
116.238.168.124 - - [13/Sep/2021:08:36:19 +0800] "GET /xingrg/kc/buy/cgsh_order_operate.html?command=get_materiel&rest_code=00102&code=00101008149&supplier_code=00100008&order_time=2021-09-13 HTTP/1.1" 200 408
116.238.194.18 - - [13/Sep/2021:08:36:22 +0800] "POST /xingrg/kc/buy/cgsh_order_operate.html HTTP/1.1" 200 37
116.238.194.18 - - [13/Sep/2021:08:36:23 +0800] "POST /xingrg/kc/buy/cgsh_order_operate.html HTTP/1.1" 200 7992
116.238.194.18 - - [13/Sep/2021:08:36:27 +0800] "GET /xingrg/all/function/internal_message.html?_=1631493384787&CODE_STATE=getMsg HTTP/1.1" 200 27
116.238.194.18 - - [13/Sep/2021:08:36:27 +0800] "POST /xingrg/all/user/operate.html HTTP/1.1" 200 36
116.238.194.18 - - [13/Sep/2021:08:36:28 +0800] "GET /xingrg/index.html?sysBaseUrl=http%3A%2F%2F180.169.147.146%3A18081%2Fxingrg%2F&costTime=40×tamp=1631493260141 HTTP/1.1" 200 17177
116.238.194.18 - - [13/Sep/2021:08:36:28 +0800] "GET /xingrg/javascript/jquery_easy_ui/themes/default/easyui.css HTTP/1.1" 304 -
116.238.194.18 - - [13/Sep/2021:08:36:28 +0800] "GET /xingrg/javascript/jquery_easy_ui/themes/icon.css HTTP/1.1" 304 -
116.238.194.18 - - [13/Sep/2021:08:36:28 +0800] "GET /xingrg/css/form.css HTTP/1.1" 304 -
116.238.194.18 - - [13/Sep/2021:08:36:28 +0800] "GET /xingrg/javascript/jquery-1.4.2.min.js HTTP/1.1" 304 -
116.238.194.18 - - [13/Sep/2021:08:36:28 +0800] "GET /xingrg/javascript/jquery_easy_ui/jquery.easyui.min.js HTTP/1.1" 304 -
116.238.194.18 - - [13/Sep/2021:08:36:28 +0800] "GET /xingrg/javascript/jquery_easy_ui/easyui-lang-zh_CN.js HTTP/1.1" 304 -
116.238.194.18 - - [13/Sep/2021:08:36:28 +0800] "GET /xingrg/javascript/jquery.form.js HTTP/1.1" 304 -
116.238.194.18 - - [13/Sep/2021:08:36:28 +0800] "GET /xingrg/javascript/jquery.utils.js HTTP/1.1" 304 -
116.238.194.18 - - [13/Sep/2021:08:36:28 +0800] "GET /xingrg/javascript/jquery.timers.js HTTP/1.1" 304 -
116.238.194.18 - - [13/Sep/2021:08:36:28 +0800] "GET /xingrg/images/blue/jxLogo.png HTTP/1.1" 304 -
116.238.194.18 - - [13/Sep/2021:08:36:28 +0800] "GET /xingrg/javascript/jquery_easy_ui/themes/icons/settle_new.png HTTP/1.1" 304 -
116.238.194.18 - - [13/Sep/2021:08:36:28 +0800] "GET /xingrg/images/blue/navBackgound.jpg HTTP/1.1" 304 -
116.238.194.18 - - [13/Sep/2021:08:36:28 +0800] "POST /xingrg/all/common/load_tree.html?tree=area_rest_tree_json&manage=1 HTTP/1.1" 200 476
116.238.194.18 - - [13/Sep/2021:08:36:28 +0800] "GET /xingrg/all/function/internal_message.html?_=1631493386098&CODE_STATE=count HTTP/1.1" 200 11
116.238.194.18 - - [13/Sep/2021:08:36:28 +0800] "GET /xingrg/check_reg.html?_=1631493386100 HTTP/1.1" 200 22
116.238.194.18 - - [13/Sep/2021:08:36:28 +0800] "GET /xingrg/images/blue/pingpu.png HTTP/1.1" 304 -
116.238.194.18 - - [13/Sep/2021:08:36:28 +0800] "GET /xingrg/javascript/jquery_easy_ui/themes/default/images/tabs_rightarrow.png HTTP/1.1" 304 -
116.238.194.18 - - [13/Sep/2021:08:36:28 +0800] "GET /xingrg/javascript/jquery_easy_ui/themes/default/images/tabs_leftarrow.png HTTP/1.1" 304 -
116.238.194.18 - - [13/Sep/2021:08:36:28 +0800] "GET /xingrg/javascript/jquery_easy_ui/themes/default/images/panel_tool_collapse.gif HTTP/1.1" 304 -
116.238.194.18 - - [13/Sep/2021:08:36:28 +0800] "POST /xingrg/load_menu.html HTTP/1.1" 200 5138
180.169.147.146 - - [13/Sep/2021:08:36:28 +0800] "GET /xingrg/all/function/internal_message.html?_=1631493387088&CODE_STATE=getMsg HTTP/1.1" 200 27
116.238.194.18 - - [13/Sep/2021:08:36:31 +0800] "GET /xingrg/kc/buy/cgsh_order_list.html HTTP/1.1" 200 47692
120.253.135.82 - - [13/Sep/2021:08:36:32 +0800] "GET /xingrg/all/function/internal_message.html?_=1631493163299&CODE_STATE=getMsg HTTP/1.1" 200 27
101.83.145.79 - - [13/Sep/2021:08:36:32 +0800] "GET /xingrg/check_reg.html?_=1631493390638 HTTP/1.1" 200 22
101.83.145.79 - - [13/Sep/2021:08:36:32 +0800] "GET /xingrg/all/function/internal_message.html?_=1631493390642&CODE_STATE=getMsg HTTP/1.1" 200 27
116.238.194.18 - - [13/Sep/2021:08:36:33 +0800] "POST /xingrg/kc/buy/cgsh_list_operate.html HTTP/1.1" 200 2465
222.70.246.151 - - [13/Sep/2021:08:36:36 +0800] "GET /xingrg/check_reg.html?_=1631493395548 HTTP/1.1" 200 22
222.70.246.151 - - [13/Sep/2021:08:36:37 +0800] "GET /xingrg/all/function/internal_message.html?_=1631493397085&CODE_STATE=getMsg HTTP/1.1" 200 27
172.20.0.100 - - [13/Sep/2021:08:36:40 +0800] "GET /xingrg/all/function/internal_message.html?_=1631493395680&CODE_STATE=getMsg HTTP/1.1" 200 27
180.169.147.146 - - [13/Sep/2021:08:36:43 +0800] "GET /xingrg/all/function/internal_message.html?_=1631493549462&CODE_STATE=getMsg HTTP/1.1" 200 27
116.238.168.124 - - [13/Sep/2021:08:36:44 +0800] "GET /xingrg/kc/buy/cgsh_order_operate.html?command=get_materiel&rest_code=00102&code=00101008351&supplier_code=00100008&order_time=2021-09-13 HTTP/1.1" 200 408
116.238.194.18 - - [13/Sep/2021:08:36:47 +0800] "POST /xingrg/all/user/operate.html HTTP/1.1" 200 36
116.238.194.18 - - [13/Sep/2021:08:36:47 +0800] "GET /xingrg/index.html?sysBaseUrl=http%3A%2F%2F180.169.147.146%3A18081%2Fxingrg%2F&costTime=40×tamp=1631493260141 HTTP/1.1" 200 17179
116.238.194.18 - - [13/Sep/2021:08:36:47 +0800] "GET /xingrg/javascript/jquery_easy_ui/themes/default/easyui.css HTTP/1.1" 304 -
116.238.194.18 - - [13/Sep/2021:08:36:47 +0800] "GET /xingrg/javascript/jquery_easy_ui/themes/icon.css HTTP/1.1" 304 -
116.238.194.18 - - [13/Sep/2021:08:36:47 +0800] "GET /xingrg/css/form.css HTTP/1.1" 304 -
116.238.194.18 - - [13/Sep/2021:08:36:47 +0800] "GET /xingrg/javascript/jquery-1.4.2.min.js HTTP/1.1" 304 -
116.238.194.18 - - [13/Sep/2021:08:36:47 +0800] "GET /xingrg/javascript/jquery_easy_ui/jquery.easyui.min.js HTTP/1.1" 304 -
116.238.194.18 - - [13/Sep/2021:08:36:47 +0800] "GET /xingrg/javascript/jquery_easy_ui/easyui-lang-zh_CN.js HTTP/1.1" 304 -
116.238.194.18 - - [13/Sep/2021:08:36:47 +0800] "GET /xingrg/javascript/jquery.form.js HTTP/1.1" 304 -
116.238.194.18 - - [13/Sep/2021:08:36:47 +0800] "GET /xingrg/javascript/jquery.utils.js HTTP/1.1" 304 -
116.238.194.18 - - [13/Sep/2021:08:36:47 +0800] "GET /xingrg/javascript/jquery.timers.js HTTP/1.1" 304 -
116.238.194.18 - - [13/Sep/2021:08:36:47 +0800] "GET /xingrg/images/blue/jxLogo.png HTTP/1.1" 304 -
116.238.194.18 - - [13/Sep/2021:08:36:47 +0800] "GET /xingrg/javascript/jquery_easy_ui/themes/icons/settle_new.png HTTP/1.1" 304 -
116.238.194.18 - - [13/Sep/2021:08:36:47 +0800] "GET /xingrg/images/blue/navBackgound.jpg HTTP/1.1" 304 -
116.238.194.18 - - [13/Sep/2021:08:36:48 +0800] "POST /xingrg/all/common/load_tree.html?tree=area_rest_tree_json&manage=1 HTTP/1.1" 200 476
116.238.194.18 - - [13/Sep/2021:08:36:48 +0800] "GET /xingrg/all/function/internal_message.html?_=1631493405785&CODE_STATE=count HTTP/1.1" 200 11
116.238.194.18 - - [13/Sep/2021:08:36:48 +0800] "GET /xingrg/check_reg.html?_=1631493405787 HTTP/1.1" 200 22
116.238.194.18 - - [13/Sep/2021:08:36:48 +0800] "GET /xingrg/images/blue/pingpu.png HTTP/1.1" 304 -
116.238.194.18 - - [13/Sep/2021:08:36:48 +0800] "GET /xingrg/javascript/jquery_easy_ui/themes/default/images/tabs_rightarrow.png HTTP/1.1" 304 -
116.238.194.18 - - [13/Sep/2021:08:36:48 +0800] "GET /xingrg/javascript/jquery_easy_ui/themes/default/images/panel_tool_collapse.gif HTTP/1.1" 304 -
116.238.194.18 - - [13/Sep/2021:08:36:48 +0800] "GET /xingrg/javascript/jquery_easy_ui/themes/default/images/tabs_leftarrow.png HTTP/1.1" 304 -
116.238.194.18 - - [13/Sep/2021:08:36:48 +0800] "POST /xingrg/load_menu.html HTTP/1.1" 200 5138
116.238.194.18 - - [13/Sep/2021:08:36:50 +0800] "GET /xingrg/kc/buy/cgsh_order_list.html HTTP/1.1" 200 47694
116.238.194.18 - - [13/Sep/2021:08:36:52 +0800] "GET /xingrg/javascript/jquery_easy_ui/themes/default/images/tabs_active.png HTTP/1.1" 304 -
116.238.194.18 - - [13/Sep/2021:08:36:52 +0800] "POST /xingrg/kc/buy/cgsh_list_operate.html HTTP/1.1" 200 2069
116.238.194.18 - - [13/Sep/2021:08:36:54 +0800] "GET /xingrg/kc/buy/cgsh_order_add.html HTTP/1.1" 200 63350
116.238.194.18 - - [13/Sep/2021:08:36:55 +0800] "GET /xingrg/javascript/easyui/themes/default/validatebox.css HTTP/1.1" 404 1104
116.238.194.18 - - [13/Sep/2021:08:36:55 +0800] "POST /xingrg/kc/buy/cgsh_order_operate.html HTTP/1.1" 200 8245
116.238.194.18 - - [13/Sep/2021:08:36:55 +0800] "GET /xingrg/javascript/auto/indicator.gif HTTP/1.1" 404 1066
116.237.74.154 - - [13/Sep/2021:08:36:56 +0800] "GET /xingrg/all/function/internal_message.html?_=1631493414263&CODE_STATE=getMsg HTTP/1.1" 200 27
116.238.168.124 - - [13/Sep/2021:08:36:56 +0800] "GET /xingrg/kc/buy/cgsh_order_operate.html?command=get_materiel&rest_code=00102&code=00101008110&supplier_code=00100008&order_time=2021-09-13 HTTP/1.1" 200 408
222.70.246.151 - - [13/Sep/2021:08:36:57 +0800] "GET /xingrg/all/function/internal_message.html?_=1631493416895&CODE_STATE=getMsg HTTP/1.1" 302 -
116.238.194.18 - - [13/Sep/2021:08:36:58 +0800] "GET /xingrg/kc/buy/cgsh_order_operate.html?command=get_materiel&rest_code=00150&code=00101007049&supplier_code=00100096&order_time=2021-09-13 HTTP/1.1" 200 409
183.192.93.182 - - [13/Sep/2021:08:36:59 +0800] "GET /xingrg/check_reg.html?_=1631493418427 HTTP/1.1" 302 -
116.238.194.18 - - [13/Sep/2021:08:37:02 +0800] "GET /xingrg/kc/buy/cgsh_order_operate.html?command=get_materiel&rest_code=00150&code=00101011005&supplier_code=00100047&order_time=2021-09-13 HTTP/1.1" 200 408
116.238.194.18 - - [13/Sep/2021:08:37:07 +0800] "GET /xingrg/check_reg.html?_=1631493396219 HTTP/1.1" 200 22
116.238.194.18 - - [13/Sep/2021:08:37:08 +0800] "GET /xingrg/all/function/internal_message.html?_=1631493396719&CODE_STATE=getMsg HTTP/1.1" 200 27
116.238.194.18 - - [13/Sep/2021:08:37:08 +0800] "POST /xingrg/kc/buy/cgsh_order_operate.html HTTP/1.1" 200 37
116.238.168.124 - - [13/Sep/2021:08:37:09 +0800] "GET /xingrg/kc/buy/cgsh_order_operate.html?command=get_materiel&rest_code=00102&code=00101008355&supplier_code=00100008&order_time=2021-09-13 HTTP/1.1" 200 410
116.238.194.18 - - [13/Sep/2021:08:37:10 +0800] "POST /xingrg/kc/buy/cgsh_order_operate.html HTTP/1.1" 200 2656
116.238.194.18 - - [13/Sep/2021:08:37:12 +0800] "GET /xingrg/kc/buy/cgsh_order_operate.html?command=get_materiel&rest_code=00150&code=00101006229&supplier_code=00100096&order_time=2021-09-13 HTTP/1.1" 200 412
116.238.194.18 - - [13/Sep/2021:08:37:14 +0800] "GET /xingrg/kc/base/yddb_order_list.html HTTP/1.1" 200 16836
116.238.194.18 - - [13/Sep/2021:08:37:14 +0800] "POST /xingrg/kc/base/yddb_list_operate.html HTTP/1.1" 200 636
116.238.168.124 - - [13/Sep/2021:08:37:16 +0800] "GET /xingrg/check_reg.html?_=1631493413406 HTTP/1.1" 200 22
116.238.194.18 - - [13/Sep/2021:08:37:16 +0800] "GET /xingrg/kc/base/yddb_order_add.html HTTP/1.1" 200 29837
116.238.168.124 - - [13/Sep/2021:08:37:16 +0800] "GET /xingrg/all/function/internal_message.html?_=1631493413465&CODE_STATE=getMsg HTTP/1.1" 200 27
116.238.194.18 - - [13/Sep/2021:08:37:16 +0800] "GET /xingrg/dwr/interface/AjaxComOrderService.js HTTP/1.1" 200 18264
116.238.194.18 - - [13/Sep/2021:08:37:16 +0800] "GET /xingrg/dwr/interface/AjaxYddbService.js HTTP/1.1" 200 13201
116.238.194.18 - - [13/Sep/2021:08:37:16 +0800] "GET /xingrg/dwr/util.js HTTP/1.1" 200 35990
116.238.194.18 - - [13/Sep/2021:08:37:16 +0800] "GET /xingrg/dwr/engine.js HTTP/1.1" 200 43631
116.238.194.18 - - [13/Sep/2021:08:37:20 +0800] "POST /xingrg/dwr/call/plaincall/AjaxYddbService.getRestBases.dwr HTTP/1.1" 200 1514
116.238.194.18 - - [13/Sep/2021:08:37:25 +0800] "GET /xingrg/kc/buy/cgsh_order_operate.html?command=get_materiel&rest_code=00150&code=00101006128&supplier_code=00100096&order_time=2021-09-13 HTTP/1.1" 200 427
180.169.147.146 - - [13/Sep/2021:08:37:28 +0800] "GET /xingrg/all/function/internal_message.html?_=1631493447086&CODE_STATE=getMsg HTTP/1.1" 200 27
120.253.135.82 - - [13/Sep/2021:08:37:32 +0800] "GET /xingrg/all/function/internal_message.html?_=1631493223351&CODE_STATE=getMsg HTTP/1.1" 200 27
101.83.145.79 - - [13/Sep/2021:08:37:32 +0800] "GET /xingrg/all/function/internal_message.html?_=1631493450630&CODE_STATE=getMsg HTTP/1.1" 200 27
222.70.246.151 - - [13/Sep/2021:08:37:37 +0800] "GET /xingrg/all/function/internal_message.html?_=1631493457100&CODE_STATE=getMsg HTTP/1.1" 200 27
172.20.0.100 - - [13/Sep/2021:08:37:40 +0800] "GET /xingrg/all/function/internal_message.html?_=1631493455682&CODE_STATE=getMsg HTTP/1.1" 200 27
167.71.190.139 - - [13/Sep/2021:08:37:42 +0800] "POST /json_rpc HTTP/1.0" 404 -
180.169.147.146 - - [13/Sep/2021:08:37:43 +0800] "GET /xingrg/all/function/internal_message.html?_=1631493609460&CODE_STATE=getMsg HTTP/1.1" 200 27
116.238.194.18 - - [13/Sep/2021:08:37:46 +0800] "GET /xingrg/kc/buy/cgsh_order_operate.html?command=get_materiel&rest_code=00150&code=00101006184&supplier_code=00100096&order_time=2021-09-13 HTTP/1.1" 200 410
116.238.194.18 - - [13/Sep/2021:08:37:48 +0800] "GET /xingrg/all/function/internal_message.html?_=1631493465808&CODE_STATE=getMsg HTTP/1.1" 200 27
101.89.29.78 - - [13/Sep/2021:08:37:55 +0800] "GET /xingrg/all/function/internal_message.html?_=1631493414263&CODE_STATE=getMsg HTTP/1.1" 302 -
116.237.74.154 - - [13/Sep/2021:08:37:56 +0800] "GET /xingrg/check_reg.html?_=1631493474262 HTTP/1.1" 200 22
116.237.74.154 - - [13/Sep/2021:08:37:56 +0800] "GET /xingrg/all/function/internal_message.html?_=1631493474264&CODE_STATE=getMsg HTTP/1.1" 200 27
101.89.29.78 - - [13/Sep/2021:08:37:56 +0800] "GET /xingrg/login.html HTTP/1.1" 200 7641
222.70.246.151 - - [13/Sep/2021:08:37:57 +0800] "GET /xingrg/all/function/internal_message.html?_=1631493476923&CODE_STATE=getMsg HTTP/1.1" 302 -
116.238.194.18 - - [13/Sep/2021:08:38:00 +0800] "GET /xingrg/kc/buy/cgsh_order_operate.html?command=get_materiel&rest_code=00150&code=00101006055&supplier_code=00100096&order_time=2021-09-13 HTTP/1.1" 200 409
116.238.194.18 - - [13/Sep/2021:08:38:01 +0800] "POST /xingrg/dwr/call/plaincall/AjaxYddbService.saveOrder.dwr HTTP/1.1" 200 78
116.238.194.18 - - [13/Sep/2021:08:38:01 +0800] "GET /xingrg/images/yd/bt.gif HTTP/1.1" 404 1040
116.238.194.18 - - [13/Sep/2021:08:38:05 +0800] "POST /xingrg/dwr/call/plaincall/AjaxComOrderService.getMaterielSearchList.dwr HTTP/1.1" 200 19305
116.238.194.18 - - [13/Sep/2021:08:38:07 +0800] "POST /xingrg/dwr/call/plaincall/AjaxComOrderService.getMaterielSearchList.dwr HTTP/1.1" 200 282
116.238.194.18 - - [13/Sep/2021:08:38:08 +0800] "GET /xingrg/all/function/internal_message.html?_=1631493456732&CODE_STATE=getMsg HTTP/1.1" 200 27
116.238.194.18 - - [13/Sep/2021:08:38:08 +0800] "POST /xingrg/dwr/call/plaincall/AjaxYddbService.getMaterielByMap.dwr HTTP/1.1" 200 3673
116.238.194.18 - - [13/Sep/2021:08:38:11 +0800] "GET /xingrg/kc/buy/cgsh_order_operate.html?command=get_materiel&rest_code=00150&code=00101006063&supplier_code=00100096&order_time=2021-09-13 HTTP/1.1" 200 415
116.238.194.18 - - [13/Sep/2021:08:38:15 +0800] "POST /xingrg/dwr/call/plaincall/AjaxYddbService.saveMaterielItem.dwr HTTP/1.1" 200 78
116.238.168.124 - - [13/Sep/2021:08:38:16 +0800] "GET /xingrg/all/function/internal_message.html?_=1631493473479&CODE_STATE=getMsg HTTP/1.1" 200 27
116.238.194.18 - - [13/Sep/2021:08:38:19 +0800] "POST /xingrg/dwr/call/plaincall/AjaxYddbService.checkOrder.dwr HTTP/1.1" 200 78
116.238.194.18 - - [13/Sep/2021:08:38:20 +0800] "GET /xingrg/kc/base/yddb_order_info.html?code=482021091300152 HTTP/1.1" 200 29468
116.238.194.18 - - [13/Sep/2021:08:38:20 +0800] "GET /xingrg/dwr/interface/AjaxComOrderService.js HTTP/1.1" 200 18264
116.238.194.18 - - [13/Sep/2021:08:38:20 +0800] "GET /xingrg/dwr/interface/AjaxYddbService.js HTTP/1.1" 200 13201
116.238.194.18 - - [13/Sep/2021:08:38:20 +0800] "GET /xingrg/dwr/engine.js HTTP/1.1" 200 43631
116.238.194.18 - - [13/Sep/2021:08:38:21 +0800] "POST /xingrg/dwr/call/plaincall/AjaxYddbService.loadMaterielItems.dwr HTTP/1.1" 200 405
116.238.194.18 - - [13/Sep/2021:08:38:22 +0800] "GET /xingrg/kc/base/yddb_order_report.html?fileType=servlets/html&code=482021091300152&reportName=ck_order_report&subName=yddb HTTP/1.1" 302 -
116.238.194.18 - - [13/Sep/2021:08:38:22 +0800] "GET /xingrg/servlets/html?sysBaseUrl=http%3A%2F%2F180.169.147.146%3A18081%2Fxingrg%2F&costTime=82×tamp=1631493502897 HTTP/1.1" 200 14760
116.238.194.18 - - [13/Sep/2021:08:38:22 +0800] "GET /xingrg/servlets/image?image=px HTTP/1.1" 200 807
116.238.194.18 - - [13/Sep/2021:08:38:23 +0800] "GET /favicon.ico HTTP/1.1" 404 -
116.238.194.18 - - [13/Sep/2021:08:38:25 +0800] "GET /xingrg/kc/buy/cgsh_order_operate.html?command=get_materiel&rest_code=00150&code=00101006109&supplier_code=00100096&order_time=2021-09-13 HTTP/1.1" 200 409
180.169.147.146 - - [13/Sep/2021:08:38:28 +0800] "GET /xingrg/all/function/internal_message.html?_=1631493507088&CODE_STATE=getMsg HTTP/1.1" 200 27
120.253.135.82 - - [13/Sep/2021:08:38:32 +0800] "GET /xingrg/all/function/internal_message.html?_=1631493283357&CODE_STATE=getMsg HTTP/1.1" 200 27
101.83.145.79 - - [13/Sep/2021:08:38:32 +0800] "GET /xingrg/all/function/internal_message.html?_=1631493510638&CODE_STATE=getMsg HTTP/1.1" 200 27
222.70.246.151 - - [13/Sep/2021:08:38:37 +0800] "GET /xingrg/all/function/internal_message.html?_=1631493517112&CODE_STATE=getMsg HTTP/1.1" 200 27
116.238.194.18 - - [13/Sep/2021:08:38:39 +0800] "GET /xingrg/kc/buy/cgsh_order_operate.html?command=get_materiel&rest_code=00150&code=00101006065&supplier_code=00100096&order_time=2021-09-13 HTTP/1.1" 200 409
172.20.0.100 - - [13/Sep/2021:08:38:40 +0800] "GET /xingrg/all/function/internal_message.html?_=1631493515689&CODE_STATE=getMsg HTTP/1.1" 200 27
180.169.147.146 - - [13/Sep/2021:08:38:43 +0800] "GET /xingrg/all/function/internal_message.html?_=1631493669475&CODE_STATE=getMsg HTTP/1.1" 200 27
116.238.194.18 - - [13/Sep/2021:08:38:48 +0800] "GET /xingrg/all/function/internal_message.html?_=1631493525805&CODE_STATE=getMsg HTTP/1.1" 200 27
116.238.194.18 - - [13/Sep/2021:08:38:55 +0800] "GET /xingrg/kc/buy/cgsh_order_operate.html?command=get_materiel&rest_code=00150&code=00101016104&supplier_code=00100096&order_time=2021-09-13 HTTP/1.1" 200 408
116.237.74.154 - - [13/Sep/2021:08:38:56 +0800] "GET /xingrg/all/function/internal_message.html?_=1631493534262&CODE_STATE=getMsg HTTP/1.1" 200 27
222.70.246.151 - - [13/Sep/2021:08:38:57 +0800] "GET /xingrg/all/function/internal_message.html?_=1631493536923&CODE_STATE=getMsg HTTP/1.1" 302 -
116.238.194.18 - - [13/Sep/2021:08:39:08 +0800] "GET /xingrg/all/function/internal_message.html?_=1631493516746&CODE_STATE=getMsg HTTP/1.1" 200 27
116.238.168.124 - - [13/Sep/2021:08:39:16 +0800] "GET /xingrg/all/function/internal_message.html?_=1631493533492&CODE_STATE=getMsg HTTP/1.1" 200 27
116.238.168.124 - - [13/Sep/2021:08:39:22 +0800] "GET /xingrg/kc/buy/cgsh_order_operate.html?command=get_materiel&rest_code=00102&code=00101008264&supplier_code=00100008&order_time=2021-09-13 HTTP/1.1" 200 412
116.238.194.18 - - [13/Sep/2021:08:39:22 +0800] "GET /xingrg/kc/buy/cgsh_order_operate.html?command=get_materiel&rest_code=00150&code=00101012025&supplier_code=00100096&order_time=2021-09-13 HTTP/1.1" 200 412
180.169.147.146 - - [13/Sep/2021:08:39:28 +0800] "GET /xingrg/all/function/internal_message.html?_=1631493567090&CODE_STATE=getMsg HTTP/1.1" 200 27
116.238.194.18 - - [13/Sep/2021:08:39:31 +0800] "GET /xingrg/kc/buy/cgsh_order_operate.html?command=get_materiel&rest_code=00150&code=00101012024&supplier_code=00100096&order_time=2021-09-13 HTTP/1.1" 200 408
120.253.135.82 - - [13/Sep/2021:08:39:31 +0800] "GET /xingrg/check_reg.html?_=1631493342511 HTTP/1.1" 200 22
120.253.135.82 - - [13/Sep/2021:08:39:32 +0800] "GET /xingrg/all/function/internal_message.html?_=1631493343371&CODE_STATE=getMsg HTTP/1.1" 200 27
116.238.168.124 - - [13/Sep/2021:08:39:32 +0800] "GET /xingrg/kc/buy/cgsh_order_operate.html?command=get_materiel&rest_code=00102&code=00101008069&supplier_code=00100008&order_time=2021-09-13 HTTP/1.1" 200 412
101.83.145.79 - - [13/Sep/2021:08:39:32 +0800] "GET /xingrg/all/function/internal_message.html?_=1631493570636&CODE_STATE=getMsg HTTP/1.1" 200 27
222.70.246.151 - - [13/Sep/2021:08:39:37 +0800] "GET /xingrg/all/function/internal_message.html?_=1631493577128&CODE_STATE=getMsg HTTP/1.1" 200 27
116.238.194.18 - - [13/Sep/2021:08:39:38 +0800] "GET /xingrg/kc/buy/cgsh_order_operate.html?command=get_materiel&rest_code=00150&code=00101016025&supplier_code=00100096&order_time=2021-09-13 HTTP/1.1" 200 408
172.20.0.100 - - [13/Sep/2021:08:39:40 +0800] "GET /xingrg/all/function/internal_message.html?_=1631493575690&CODE_STATE=getMsg HTTP/1.1" 200 27
172.20.0.100 - - [13/Sep/2021:08:39:40 +0800] "GET /xingrg/check_reg.html?_=1631493575691 HTTP/1.1" 200 22
180.169.147.146 - - [13/Sep/2021:08:39:43 +0800] "GET /xingrg/all/function/internal_message.html?_=1631493729458&CODE_STATE=getMsg HTTP/1.1" 200 27
116.238.194.18 - - [13/Sep/2021:08:39:48 +0800] "GET /xingrg/all/function/internal_message.html?_=1631493585806&CODE_STATE=getMsg HTTP/1.1" 200 27
116.237.74.154 - - [13/Sep/2021:08:39:56 +0800] "GET /xingrg/all/function/internal_message.html?_=1631493594269&CODE_STATE=getMsg HTTP/1.1" 200 27
222.70.246.151 - - [13/Sep/2021:08:39:57 +0800] "GET /xingrg/all/function/internal_message.html?_=1631493596948&CODE_STATE=getMsg HTTP/1.1" 302 -
116.238.168.124 - - [13/Sep/2021:08:40:07 +0800] "GET /xingrg/kc/buy/cgsh_order_operate.html?command=get_materiel&rest_code=00102&code=00101008098&supplier_code=00100008&order_time=2021-09-13 HTTP/1.1" 200 412
116.238.194.18 - - [13/Sep/2021:08:40:08 +0800] "GET /xingrg/all/function/internal_message.html?_=1631493576760&CODE_STATE=getMsg HTTP/1.1" 200 27
58.40.7.146 - - [13/Sep/2021:08:40:16 +0800] "GET /xingrg/check_reg.html?_=1631493614251 HTTP/1.1" 302 -
116.238.168.124 - - [13/Sep/2021:08:40:16 +0800] "GET /xingrg/all/function/internal_message.html?_=1631493593738&CODE_STATE=getMsg HTTP/1.1" 200 27
58.221.95.50 - - [13/Sep/2021:08:40:27 +0800] "GET /xingrg/check_reg.html?_=1631493628542 HTTP/1.1" 302 -
180.169.147.146 - - [13/Sep/2021:08:40:28 +0800] "GET /xingrg/check_reg.html?_=1631493627096 HTTP/1.1" 200 22
180.169.147.146 - - [13/Sep/2021:08:40:28 +0800] "GET /xingrg/all/function/internal_message.html?_=1631493627098&CODE_STATE=getMsg HTTP/1.1" 200 27
116.238.168.124 - - [13/Sep/2021:08:40:30 +0800] "GET /xingrg/kc/buy/cgsh_order_operate.html?command=get_materiel&rest_code=00102&code=00101008197&supplier_code=00100008&order_time=2021-09-13 HTTP/1.1" 200 416
120.253.135.82 - - [13/Sep/2021:08:40:32 +0800] "GET /xingrg/all/function/internal_message.html?_=1631493403384&CODE_STATE=getMsg HTTP/1.1" 200 27
101.83.145.79 - - [13/Sep/2021:08:40:32 +0800] "GET /xingrg/all/function/internal_message.html?_=1631493630637&CODE_STATE=getMsg HTTP/1.1" 200 27
222.70.246.151 - - [13/Sep/2021:08:40:37 +0800] "GET /xingrg/all/function/internal_message.html?_=1631493637140&CODE_STATE=getMsg HTTP/1.1" 200 27
116.238.168.124 - - [13/Sep/2021:08:40:38 +0800] "GET /xingrg/kc/buy/cgsh_order_operate.html?command=get_materiel&rest_code=00102&code=00101008390&supplier_code=00100008&order_time=2021-09-13 HTTP/1.1" 200 413
172.20.0.100 - - [13/Sep/2021:08:40:40 +0800] "GET /xingrg/all/function/internal_message.html?_=1631493635692&CODE_STATE=getMsg HTTP/1.1" 200 27
222.70.246.151 - - [13/Sep/2021:08:40:40 +0800] "GET /xingrg/check_reg.html?_=1631493640148 HTTP/1.1" 302 -
180.169.147.146 - - [13/Sep/2021:08:40:43 +0800] "GET /xingrg/check_reg.html?_=1631493789459 HTTP/1.1" 200 22
180.169.147.146 - - [13/Sep/2021:08:40:43 +0800] "GET /xingrg/all/function/internal_message.html?_=1631493789457&CODE_STATE=getMsg HTTP/1.1" 200 27
222.70.246.151 - - [13/Sep/2021:08:40:45 +0800] "POST /xingrg/services/DataTransmitService HTTP/1.1" 200 524
116.238.168.124 - - [13/Sep/2021:08:40:45 +0800] "GET /xingrg/kc/buy/cgsh_order_operate.html?command=get_materiel&rest_code=00102&code=00101006087&supplier_code=00100008&order_time=2021-09-13 HTTP/1.1" 200 409
222.70.246.151 - - [13/Sep/2021:08:40:46 +0800] "POST /xingrg/services/DataTransmitService HTTP/1.1" 200 501
116.238.194.18 - - [13/Sep/2021:08:40:48 +0800] "GET /xingrg/all/function/internal_message.html?_=1631493645803&CODE_STATE=getMsg HTTP/1.1" 200 27
222.70.246.151 - - [13/Sep/2021:08:40:48 +0800] "GET /favicon.ico HTTP/1.1" 404 -
116.237.74.154 - - [13/Sep/2021:08:40:56 +0800] "GET /xingrg/all/function/internal_message.html?_=1631493654255&CODE_STATE=getMsg HTTP/1.1" 200 27
222.70.246.151 - - [13/Sep/2021:08:40:57 +0800] "GET /xingrg/all/function/internal_message.html?_=1631493656950&CODE_STATE=getMsg HTTP/1.1" 302 -
116.238.168.124 - - [13/Sep/2021:08:40:58 +0800] "GET /xingrg/kc/buy/cgsh_order_operate.html?command=get_materiel&rest_code=00102&code=00101006073&supplier_code=00100008&order_time=2021-09-13 HTTP/1.1" 200 409
116.238.194.18 - - [13/Sep/2021:08:41:11 +0800] "POST /xingrg/kc/buy/cgsh_order_operate.html HTTP/1.1" 200 37
116.238.168.124 - - [13/Sep/2021:08:41:11 +0800] "GET /xingrg/kc/buy/cgsh_order_operate.html?command=get_materiel&rest_code=00102&code=00101006075&supplier_code=00100008&order_time=2021-09-13 HTTP/1.1" 200 416
116.238.194.18 - - [13/Sep/2021:08:41:15 +0800] "POST /xingrg/kc/buy/cgsh_order_operate.html HTTP/1.1" 200 12
116.238.168.124 - - [13/Sep/2021:08:41:16 +0800] "GET /xingrg/all/function/internal_message.html?_=1631493653752&CODE_STATE=getMsg HTTP/1.1" 200 27
116.238.194.18 - - [13/Sep/2021:08:41:16 +0800] "GET /xingrg/kc/buy/cgsh_order_info.html?code=212021091305514 HTTP/1.1" 200 58265
116.238.194.18 - - [13/Sep/2021:08:41:17 +0800] "GET /xingrg/javascript/easyui/themes/default/validatebox.css HTTP/1.1" 404 1104
116.238.194.18 - - [13/Sep/2021:08:41:17 +0800] "GET /xingrg/all/function/internal_message.html?_=1631493646135&CODE_STATE=getMsg HTTP/1.1" 200 27
116.238.194.18 - - [13/Sep/2021:08:41:18 +0800] "POST /xingrg/kc/buy/cgsh_order_operate.html HTTP/1.1" 200 10700
116.238.168.124 - - [13/Sep/2021:08:41:21 +0800] "POST /xingrg/kc/buy/cgsh_order_operate.html HTTP/1.1" 200 37
116.238.168.124 - - [13/Sep/2021:08:41:26 +0800] "POST /xingrg/kc/buy/cgsh_order_operate.html HTTP/1.1" 200 10337
180.169.147.146 - - [13/Sep/2021:08:41:28 +0800] "GET /xingrg/all/function/internal_message.html?_=1631493687098&CODE_STATE=getMsg HTTP/1.1" 200 27
116.238.194.18 - - [13/Sep/2021:08:41:31 +0800] "GET /xingrg/kc/print/load_config.html?kc_code=cgsh HTTP/1.1" 200 2076
116.238.194.18 - - [13/Sep/2021:08:41:31 +0800] "GET /xingrg/kc/print/load_data.html?order_code=212021091305514&kc_code=cgsh&condition= HTTP/1.1" 200 4533
120.253.135.82 - - [13/Sep/2021:08:41:32 +0800] "GET /xingrg/all/function/internal_message.html?_=1631493463398&CODE_STATE=getMsg HTTP/1.1" 200 27
101.83.145.79 - - [13/Sep/2021:08:41:32 +0800] "GET /xingrg/all/function/internal_message.html?_=1631493690632&CODE_STATE=getMsg HTTP/1.1" 200 27
101.83.145.79 - - [13/Sep/2021:08:41:32 +0800] "GET /xingrg/check_reg.html?_=1631493690635 HTTP/1.1" 200 22
222.70.246.151 - - [13/Sep/2021:08:41:36 +0800] "GET /xingrg/check_reg.html?_=1631493695556 HTTP/1.1" 200 22
222.70.246.151 - - [13/Sep/2021:08:41:37 +0800] "GET /xingrg/all/function/internal_message.html?_=1631493697154&CODE_STATE=getMsg HTTP/1.1" 200 27
172.20.0.100 - - [13/Sep/2021:08:41:40 +0800] "GET /xingrg/all/function/internal_message.html?_=1631493695679&CODE_STATE=getMsg HTTP/1.1" 200 27
116.238.168.124 - - [13/Sep/2021:08:41:40 +0800] "GET /xingrg/kc/buy/cgsh_order_add.html HTTP/1.1" 200 63385
116.238.168.124 - - [13/Sep/2021:08:41:42 +0800] "POST /xingrg/kc/buy/cgsh_order_operate.html HTTP/1.1" 200 8245
116.238.168.124 - - [13/Sep/2021:08:41:42 +0800] "GET /xingrg/javascript/easyui/themes/default/validatebox.css HTTP/1.1" 404 1104
180.169.147.146 - - [13/Sep/2021:08:41:43 +0800] "GET /xingrg/all/function/internal_message.html?_=1631493849494&CODE_STATE=getMsg HTTP/1.1" 200 27
116.238.168.124 - - [13/Sep/2021:08:41:43 +0800] "GET /xingrg/javascript/easyui/themes/default/tree.css HTTP/1.1" 404 1090
116.238.168.124 - - [13/Sep/2021:08:41:43 +0800] "POST /xingrg/all/common/load_tree.html?tree=supplier_tree_json&isDelete=1 HTTP/1.1" 200 57687
116.238.194.18 - - [13/Sep/2021:08:41:48 +0800] "GET /xingrg/check_reg.html?_=1631493705811 HTTP/1.1" 200 22
116.238.194.18 - - [13/Sep/2021:08:41:48 +0800] "GET /xingrg/all/function/internal_message.html?_=1631493705813&CODE_STATE=getMsg HTTP/1.1" 200 27
116.238.168.124 - - [13/Sep/2021:08:41:48 +0800] "GET /favicon.ico HTTP/1.1" 404 -
116.238.168.124 - - [13/Sep/2021:08:41:55 +0800] "GET /xingrg/kc/buy/cgsh_order_operate.html?command=get_materiel&rest_code=00102&code=00101008176&supplier_code=00100008&order_time=2021-09-13 HTTP/1.1" 200 412
116.237.74.154 - - [13/Sep/2021:08:41:56 +0800] "GET /xingrg/all/function/internal_message.html?_=1631493714254&CODE_STATE=getMsg HTTP/1.1" 200 27
222.70.246.151 - - [13/Sep/2021:08:41:57 +0800] "GET /xingrg/all/function/internal_message.html?_=1631493716974&CODE_STATE=getMsg HTTP/1.1" 302 -
183.192.93.182 - - [13/Sep/2021:08:41:59 +0800] "GET /xingrg/check_reg.html?_=1631493718414 HTTP/1.1" 302 -
116.238.194.18 - - [13/Sep/2021:08:42:07 +0800] "GET /xingrg/check_reg.html?_=1631493696425 HTTP/1.1" 200 22
116.238.168.124 - - [13/Sep/2021:08:42:08 +0800] "GET /xingrg/kc/buy/cgsh_order_operate.html?command=get_materiel&rest_code=00102&code=00101008350&supplier_code=00100008&order_time=2021-09-13 HTTP/1.1" 200 408
116.238.168.124 - - [13/Sep/2021:08:42:16 +0800] "GET /xingrg/check_reg.html?_=1631493713411 HTTP/1.1" 200 22
116.238.168.124 - - [13/Sep/2021:08:42:16 +0800] "GET /xingrg/all/function/internal_message.html?_=1631493713942&CODE_STATE=getMsg HTTP/1.1" 200 27
116.238.168.124 - - [13/Sep/2021:08:42:17 +0800] "GET /xingrg/kc/buy/cgsh_order_operate.html?command=get_materiel&rest_code=00102&code=00101008321&supplier_code=00100008&order_time=2021-09-13 HTTP/1.1" 200 414
116.238.194.18 - - [13/Sep/2021:08:42:17 +0800] "GET /xingrg/all/function/internal_message.html?_=1631493706177&CODE_STATE=getMsg HTTP/1.1" 200 27
116.238.194.18 - - [13/Sep/2021:08:42:18 +0800] "POST /xingrg/all/user/operate.html HTTP/1.1" 200 36
116.238.194.18 - - [13/Sep/2021:08:42:20 +0800] "GET /xingrg/javascript/jquery_easy_ui/themes/default/easyui.css HTTP/1.1" 304 -
