120.253.135.82 - - [13/Sep/2021:07:09:47 +0800] "GET /xingrg/all/function/internal_message.html?_=1631487958622&CODE_STATE=getMsg HTTP/1.1" 200 27
222.70.179.252 - - [13/Sep/2021:07:09:49 +0800] "POST /xingrg/services/DataTransmitService HTTP/1.1" 200 524
222.70.179.252 - - [13/Sep/2021:07:09:49 +0800] "POST /xingrg/services/DataTransmitService HTTP/1.1" 200 501
101.91.60.11 - - [13/Sep/2021:07:09:55 +0800] "GET /xingrg/all/function/internal_message.html?_=1631488134134&CODE_STATE=getMsg HTTP/1.1" 302 -
116.237.74.154 - - [13/Sep/2021:07:09:56 +0800] "GET /xingrg/all/function/internal_message.html?_=1631488194135&CODE_STATE=getMsg HTTP/1.1" 200 27
101.91.60.11 - - [13/Sep/2021:07:09:56 +0800] "GET /xingrg/login.html HTTP/1.1" 200 7641
222.70.246.151 - - [13/Sep/2021:07:09:56 +0800] "GET /xingrg/all/function/internal_message.html?_=1631488195725&CODE_STATE=getMsg HTTP/1.1" 302 -
58.40.7.146 - - [13/Sep/2021:07:10:16 +0800] "GET /xingrg/check_reg.html?_=1631488214670 HTTP/1.1" 302 -
180.169.147.146 - - [13/Sep/2021:07:10:28 +0800] "GET /xingrg/check_reg.html?_=1631488226961 HTTP/1.1" 200 22
180.169.147.146 - - [13/Sep/2021:07:10:28 +0800] "GET /xingrg/all/function/internal_message.html?_=1631488226963&CODE_STATE=getMsg HTTP/1.1" 200 27
222.70.246.151 - - [13/Sep/2021:07:10:36 +0800] "GET /xingrg/all/function/internal_message.html?_=1631488235901&CODE_STATE=getMsg HTTP/1.1" 200 27
116.238.194.18 - - [13/Sep/2021:07:10:39 +0800] "GET /xingrg/all/function/internal_message.html?_=1631488208341&CODE_STATE=getMsg HTTP/1.1" 200 27
172.20.0.100 - - [13/Sep/2021:07:10:40 +0800] "GET /xingrg/all/function/internal_message.html?_=1631488235677&CODE_STATE=getMsg HTTP/1.1" 200 27
222.70.246.151 - - [13/Sep/2021:07:10:40 +0800] "GET /xingrg/check_reg.html?_=1631488239975 HTTP/1.1" 302 -
180.169.147.146 - - [13/Sep/2021:07:10:42 +0800] "GET /xingrg/check_reg.html?_=1631488389056 HTTP/1.1" 200 22
180.169.147.146 - - [13/Sep/2021:07:10:42 +0800] "GET /xingrg/all/function/internal_message.html?_=1631488389057&CODE_STATE=getMsg HTTP/1.1" 200 27
120.253.135.82 - - [13/Sep/2021:07:10:47 +0800] "GET /xingrg/all/function/internal_message.html?_=1631488018873&CODE_STATE=getMsg HTTP/1.1" 200 27
116.237.74.154 - - [13/Sep/2021:07:10:56 +0800] "GET /xingrg/all/function/internal_message.html?_=1631488254133&CODE_STATE=getMsg HTTP/1.1" 200 27
222.70.246.151 - - [13/Sep/2021:07:10:56 +0800] "GET /xingrg/all/function/internal_message.html?_=1631488255727&CODE_STATE=getMsg HTTP/1.1" 302 -
120.253.135.82 - - [13/Sep/2021:07:11:15 +0800] "GET /xingrg/kc/pszx/mdqp_order_list.html?isBack=1 HTTP/1.1" 302 -
120.253.135.82 - - [13/Sep/2021:07:11:16 +0800] "GET /xingrg/kc/pszx/mdqp_order_list.html?state=10 HTTP/1.1" 200 11862
120.253.135.82 - - [13/Sep/2021:07:11:16 +0800] "GET /xingrg/dwr/interface/AjaxReportQueryService.js HTTP/1.1" 200 13203
120.253.135.82 - - [13/Sep/2021:07:11:16 +0800] "GET /xingrg/dwr/interface/AjaxQqpsService.js HTTP/1.1" 200 16326
120.253.135.82 - - [13/Sep/2021:07:11:16 +0800] "GET /xingrg/dwr/engine.js HTTP/1.1" 200 43631
120.253.135.82 - - [13/Sep/2021:07:11:18 +0800] "GET /xingrg/kc/pszx/mdqp_order_info.html?code=302021091200281 HTTP/1.1" 200 13350
120.253.135.82 - - [13/Sep/2021:07:11:19 +0800] "GET /xingrg/dwr/interface/AjaxComOrderService.js HTTP/1.1" 200 18264
120.253.135.82 - - [13/Sep/2021:07:11:19 +0800] "GET /xingrg/dwr/interface/AjaxQqpsService.js HTTP/1.1" 200 16326
120.253.135.82 - - [13/Sep/2021:07:11:19 +0800] "GET /xingrg/dwr/engine.js HTTP/1.1" 200 43631
120.253.135.82 - - [13/Sep/2021:07:11:20 +0800] "POST /xingrg/dwr/call/plaincall/AjaxQqpsService.loadMaterielItems.dwr HTTP/1.1" 200 7204
120.253.135.82 - - [13/Sep/2021:07:11:22 +0800] "GET /xingrg/kc/pszx/mdqp_order_list.html?isBack=1 HTTP/1.1" 302 -
120.253.135.82 - - [13/Sep/2021:07:11:22 +0800] "GET /xingrg/kc/pszx/mdqp_order_list.html?state=10 HTTP/1.1" 200 11862
120.253.135.82 - - [13/Sep/2021:07:11:22 +0800] "GET /xingrg/dwr/interface/AjaxReportQueryService.js HTTP/1.1" 200 13203
120.253.135.82 - - [13/Sep/2021:07:11:22 +0800] "GET /xingrg/dwr/interface/AjaxQqpsService.js HTTP/1.1" 200 16326
120.253.135.82 - - [13/Sep/2021:07:11:22 +0800] "GET /xingrg/dwr/engine.js HTTP/1.1" 200 43631
120.253.135.82 - - [13/Sep/2021:07:11:27 +0800] "GET /xingrg/kc/pszx/jzcl_ps.html HTTP/1.1" 200 7683
120.253.135.82 - - [13/Sep/2021:07:11:27 +0800] "POST /xingrg/all/common/load_tree.html?tree=area_rest_tree_json HTTP/1.1" 200 3472
120.253.135.82 - - [13/Sep/2021:07:11:28 +0800] "POST /xingrg/kc/pszx/jzcl_ps_operate.html HTTP/1.1" 200 1775
120.253.135.82 - - [13/Sep/2021:07:11:28 +0800] "POST /xingrg/kc/pszx/jzcl_ps_operate.html HTTP/1.1" 200 1775
180.169.147.146 - - [13/Sep/2021:07:11:28 +0800] "GET /xingrg/all/function/internal_message.html?_=1631488286963&CODE_STATE=getMsg HTTP/1.1" 200 27
116.238.194.18 - - [13/Sep/2021:07:11:30 +0800] "GET /xingrg/check_reg.html?_=1631488259293 HTTP/1.1" 200 22
222.70.246.151 - - [13/Sep/2021:07:11:36 +0800] "GET /xingrg/check_reg.html?_=1631488295422 HTTP/1.1" 200 22
222.70.246.151 - - [13/Sep/2021:07:11:36 +0800] "GET /xingrg/all/function/internal_message.html?_=1631488295916&CODE_STATE=getMsg HTTP/1.1" 200 27
116.238.194.18 - - [13/Sep/2021:07:11:39 +0800] "GET /xingrg/all/function/internal_message.html?_=1631488268342&CODE_STATE=getMsg HTTP/1.1" 200 27
172.20.0.100 - - [13/Sep/2021:07:11:40 +0800] "GET /xingrg/all/function/internal_message.html?_=1631488295679&CODE_STATE=getMsg HTTP/1.1" 200 27
120.253.135.82 - - [13/Sep/2021:07:11:42 +0800] "POST /xingrg/kc/pszx/jzcl_ps_operate.html HTTP/1.1" 200 4
180.169.147.146 - - [13/Sep/2021:07:11:42 +0800] "GET /xingrg/all/function/internal_message.html?_=1631488449082&CODE_STATE=getMsg HTTP/1.1" 200 27
120.253.135.82 - - [13/Sep/2021:07:11:43 +0800] "GET /xingrg/kc/pszx/mdps_order_list.html HTTP/1.1" 200 21089
120.253.135.82 - - [13/Sep/2021:07:11:44 +0800] "POST /xingrg/kc/pszx/jzcl_ps_operate.html HTTP/1.1" 200 21
120.253.135.82 - - [13/Sep/2021:07:11:44 +0800] "POST /xingrg/kc/pszx/mdps_list_operate.html HTTP/1.1" 200 5492
120.253.135.82 - - [13/Sep/2021:07:11:47 +0800] "GET /xingrg/all/function/internal_message.html?_=1631488078883&CODE_STATE=getMsg HTTP/1.1" 200 27
61.151.207.205 - - [13/Sep/2021:07:11:55 +0800] "GET /xingrg/all/function/internal_message.html?_=1631488254133&CODE_STATE=getMsg HTTP/1.1" 302 -
116.237.74.154 - - [13/Sep/2021:07:11:56 +0800] "GET /xingrg/all/function/internal_message.html?_=1631488314131&CODE_STATE=getMsg HTTP/1.1" 200 27
61.151.207.205 - - [13/Sep/2021:07:11:56 +0800] "GET /xingrg/login.html HTTP/1.1" 200 7641
222.70.246.151 - - [13/Sep/2021:07:11:56 +0800] "GET /xingrg/all/function/internal_message.html?_=1631488315752&CODE_STATE=getMsg HTTP/1.1" 302 -
120.253.135.82 - - [13/Sep/2021:07:12:04 +0800] "POST /xingrg/kc/pszx/mdps_list_operate.html HTTP/1.1" 200 3181
120.253.135.82 - - [13/Sep/2021:07:12:10 +0800] "POST /xingrg/kc/pszx/mdps_list_operate.html HTTP/1.1" 200 612
120.253.135.82 - - [13/Sep/2021:07:12:21 +0800] "POST /xingrg/kc/pszx/mdps_list_operate.html HTTP/1.1" 200 210
120.253.135.82 - - [13/Sep/2021:07:12:22 +0800] "GET /xingrg/kc/pszx/mdps_order_info.html?code=312021091100329 HTTP/1.1" 200 23931
120.253.135.82 - - [13/Sep/2021:07:12:22 +0800] "POST /xingrg/kc/pszx/mdps_order_operate.html HTTP/1.1" 200 2285
120.253.135.82 - - [13/Sep/2021:07:12:22 +0800] "GET /xingrg/javascript/easyui/themes/default/validatebox.css HTTP/1.1" 404 1104
180.169.147.146 - - [13/Sep/2021:07:12:28 +0800] "GET /xingrg/all/function/internal_message.html?_=1631488346963&CODE_STATE=getMsg HTTP/1.1" 200 27
222.70.246.151 - - [13/Sep/2021:07:12:36 +0800] "GET /xingrg/all/function/internal_message.html?_=1631488355928&CODE_STATE=getMsg HTTP/1.1" 200 27
116.238.194.18 - - [13/Sep/2021:07:12:39 +0800] "GET /xingrg/all/function/internal_message.html?_=1631488328355&CODE_STATE=getMsg HTTP/1.1" 200 27
172.20.0.100 - - [13/Sep/2021:07:12:40 +0800] "GET /xingrg/all/function/internal_message.html?_=1631488355682&CODE_STATE=getMsg HTTP/1.1" 200 27
120.253.135.82 - - [13/Sep/2021:07:12:41 +0800] "GET /xingrg/kc/pszx/mdps_order_info.html?code=312021091300388 HTTP/1.1" 200 23931
120.253.135.82 - - [13/Sep/2021:07:12:42 +0800] "GET /xingrg/javascript/easyui/themes/default/validatebox.css HTTP/1.1" 404 1104
120.253.135.82 - - [13/Sep/2021:07:12:42 +0800] "POST /xingrg/kc/pszx/mdps_order_operate.html HTTP/1.1" 200 13640
180.169.147.146 - - [13/Sep/2021:07:12:42 +0800] "GET /xingrg/all/function/internal_message.html?_=1631488509080&CODE_STATE=getMsg HTTP/1.1" 200 27
120.253.135.82 - - [13/Sep/2021:07:12:45 +0800] "POST /xingrg/kc/pszx/mdps_order_operate.html HTTP/1.1" 200 37
120.253.135.82 - - [13/Sep/2021:07:12:46 +0800] "GET /xingrg/kc/pszx/mdps_order_info.html?code=312021091300388 HTTP/1.1" 200 23931
120.253.135.82 - - [13/Sep/2021:07:12:47 +0800] "GET /xingrg/javascript/easyui/themes/default/validatebox.css HTTP/1.1" 404 1104
120.253.135.82 - - [13/Sep/2021:07:12:47 +0800] "POST /xingrg/kc/pszx/mdps_order_operate.html HTTP/1.1" 200 13818
120.253.135.82 - - [13/Sep/2021:07:12:47 +0800] "GET /xingrg/all/function/internal_message.html?_=1631488138897&CODE_STATE=getMsg HTTP/1.1" 200 27
116.238.194.18 - - [13/Sep/2021:07:12:52 +0800] "GET /xingrg/check_reg.html?_=1631488370403 HTTP/1.1" 302 -
116.237.74.154 - - [13/Sep/2021:07:12:56 +0800] "GET /xingrg/check_reg.html?_=1631488374134 HTTP/1.1" 200 22
116.237.74.154 - - [13/Sep/2021:07:12:56 +0800] "GET /xingrg/all/function/internal_message.html?_=1631488374131&CODE_STATE=getMsg HTTP/1.1" 200 27
222.70.246.151 - - [13/Sep/2021:07:12:56 +0800] "GET /xingrg/all/function/internal_message.html?_=1631488375754&CODE_STATE=getMsg HTTP/1.1" 302 -
180.169.147.146 - - [13/Sep/2021:07:13:28 +0800] "GET /xingrg/all/function/internal_message.html?_=1631488406962&CODE_STATE=getMsg HTTP/1.1" 200 27
120.253.135.82 - - [13/Sep/2021:07:13:35 +0800] "GET /xingrg/check_reg.html?_=1631488186962 HTTP/1.1" 200 22
222.70.246.151 - - [13/Sep/2021:07:13:36 +0800] "GET /xingrg/all/function/internal_message.html?_=1631488415942&CODE_STATE=getMsg HTTP/1.1" 200 27
116.238.194.18 - - [13/Sep/2021:07:13:39 +0800] "GET /xingrg/all/function/internal_message.html?_=1631488388381&CODE_STATE=getMsg HTTP/1.1" 200 27
172.20.0.100 - - [13/Sep/2021:07:13:40 +0800] "GET /xingrg/all/function/internal_message.html?_=1631488415686&CODE_STATE=getMsg HTTP/1.1" 200 27
120.253.135.82 - - [13/Sep/2021:07:13:40 +0800] "GET /xingrg/kc/pszx/mdps_order_operate.html?command=get_materiel&pszx_code=00101&rest_code=00148&base_code=0010246&code=00101013175 HTTP/1.1" 200 418
180.169.147.146 - - [13/Sep/2021:07:13:42 +0800] "GET /xingrg/all/function/internal_message.html?_=1631488569078&CODE_STATE=getMsg HTTP/1.1" 200 27
120.253.135.82 - - [13/Sep/2021:07:13:47 +0800] "GET /xingrg/all/function/internal_message.html?_=1631488198909&CODE_STATE=getMsg HTTP/1.1" 200 27
116.237.74.154 - - [13/Sep/2021:07:13:56 +0800] "GET /xingrg/all/function/internal_message.html?_=1631488434134&CODE_STATE=getMsg HTTP/1.1" 200 27
222.70.246.151 - - [13/Sep/2021:07:13:56 +0800] "GET /xingrg/all/function/internal_message.html?_=1631488435779&CODE_STATE=getMsg HTTP/1.1" 302 -
120.253.135.82 - - [13/Sep/2021:07:14:03 +0800] "GET /xingrg/javascript/jquery_easy_ui/themes/default/images/tabs_active.png HTTP/1.1" 200 2894
120.253.135.82 - - [13/Sep/2021:07:14:07 +0800] "POST /xingrg/kc/pszx/mdps_order_operate.html HTTP/1.1" 200 37
120.253.135.82 - - [13/Sep/2021:07:14:09 +0800] "GET /xingrg/kc/pszx/mdps_order_info.html?code=312021091300388 HTTP/1.1" 200 23931
120.253.135.82 - - [13/Sep/2021:07:14:10 +0800] "GET /xingrg/javascript/easyui/themes/default/validatebox.css HTTP/1.1" 404 1104
120.253.135.82 - - [13/Sep/2021:07:14:10 +0800] "POST /xingrg/kc/pszx/mdps_order_operate.html HTTP/1.1" 200 13815
180.169.147.146 - - [13/Sep/2021:07:14:28 +0800] "GET /xingrg/all/function/internal_message.html?_=1631488466963&CODE_STATE=getMsg HTTP/1.1" 200 27
222.70.246.151 - - [13/Sep/2021:07:14:36 +0800] "GET /xingrg/all/function/internal_message.html?_=1631488475958&CODE_STATE=getMsg HTTP/1.1" 200 27
116.238.194.18 - - [13/Sep/2021:07:14:39 +0800] "GET /xingrg/all/function/internal_message.html?_=1631488448383&CODE_STATE=getMsg HTTP/1.1" 200 27
172.20.0.100 - - [13/Sep/2021:07:14:40 +0800] "GET /xingrg/all/function/internal_message.html?_=1631488475689&CODE_STATE=getMsg HTTP/1.1" 200 27
172.20.0.100 - - [13/Sep/2021:07:14:40 +0800] "GET /xingrg/check_reg.html?_=1631488475693 HTTP/1.1" 200 22
180.169.147.146 - - [13/Sep/2021:07:14:42 +0800] "GET /xingrg/all/function/internal_message.html?_=1631488629077&CODE_STATE=getMsg HTTP/1.1" 200 27
120.253.135.82 - - [13/Sep/2021:07:14:44 +0800] "GET /xingrg/kc/pszx/mdps_order_operate.html?command=get_materiel&pszx_code=00101&rest_code=00148&base_code=0010246&code=00101013190 HTTP/1.1" 200 420
120.253.135.82 - - [13/Sep/2021:07:14:47 +0800] "GET /xingrg/all/function/internal_message.html?_=1631488258924&CODE_STATE=getMsg HTTP/1.1" 200 27
120.253.135.82 - - [13/Sep/2021:07:14:56 +0800] "POST /xingrg/kc/pszx/mdps_order_operate.html HTTP/1.1" 200 37
116.237.74.154 - - [13/Sep/2021:07:14:56 +0800] "GET /xingrg/all/function/internal_message.html?_=1631488494133&CODE_STATE=getMsg HTTP/1.1" 200 27
222.70.246.151 - - [13/Sep/2021:07:14:56 +0800] "GET /xingrg/all/function/internal_message.html?_=1631488495782&CODE_STATE=getMsg HTTP/1.1" 302 -
120.253.135.82 - - [13/Sep/2021:07:14:57 +0800] "GET /xingrg/kc/pszx/mdps_order_info.html?code=312021091300388 HTTP/1.1" 200 23931
120.253.135.82 - - [13/Sep/2021:07:14:58 +0800] "POST /xingrg/kc/pszx/mdps_order_operate.html HTTP/1.1" 200 13816
120.253.135.82 - - [13/Sep/2021:07:14:58 +0800] "GET /xingrg/javascript/easyui/themes/default/validatebox.css HTTP/1.1" 404 1104
58.40.7.146 - - [13/Sep/2021:07:15:16 +0800] "GET /xingrg/check_reg.html?_=1631488514643 HTTP/1.1" 302 -
180.169.147.146 - - [13/Sep/2021:07:15:28 +0800] "GET /xingrg/check_reg.html?_=1631488526972 HTTP/1.1" 200 22
180.169.147.146 - - [13/Sep/2021:07:15:28 +0800] "GET /xingrg/all/function/internal_message.html?_=1631488526973&CODE_STATE=getMsg HTTP/1.1" 200 27
222.70.246.151 - - [13/Sep/2021:07:15:36 +0800] "GET /xingrg/all/function/internal_message.html?_=1631488535970&CODE_STATE=getMsg HTTP/1.1" 200 27
116.238.194.18 - - [13/Sep/2021:07:15:39 +0800] "GET /xingrg/all/function/internal_message.html?_=1631488508407&CODE_STATE=getMsg HTTP/1.1" 200 27
172.20.0.100 - - [13/Sep/2021:07:15:40 +0800] "GET /xingrg/all/function/internal_message.html?_=1631488535677&CODE_STATE=getMsg HTTP/1.1" 200 27
222.70.246.151 - - [13/Sep/2021:07:15:40 +0800] "GET /xingrg/check_reg.html?_=1631488539992 HTTP/1.1" 302 -
180.169.147.146 - - [13/Sep/2021:07:15:42 +0800] "GET /xingrg/all/function/internal_message.html?_=1631488689074&CODE_STATE=getMsg HTTP/1.1" 200 27
180.169.147.146 - - [13/Sep/2021:07:15:42 +0800] "GET /xingrg/check_reg.html?_=1631488689075 HTTP/1.1" 200 22
120.253.135.82 - - [13/Sep/2021:07:15:47 +0800] "GET /xingrg/all/function/internal_message.html?_=1631488318937&CODE_STATE=getMsg HTTP/1.1" 200 27
116.237.74.154 - - [13/Sep/2021:07:15:56 +0800] "GET /xingrg/all/function/internal_message.html?_=1631488554133&CODE_STATE=getMsg HTTP/1.1" 200 27
222.70.246.151 - - [13/Sep/2021:07:15:56 +0800] "GET /xingrg/all/function/internal_message.html?_=1631488555805&CODE_STATE=getMsg HTTP/1.1" 302 -
120.253.135.82 - - [13/Sep/2021:07:16:10 +0800] "POST /xingrg/kc/pszx/mdps_order_operate.html HTTP/1.1" 200 37
120.253.135.82 - - [13/Sep/2021:07:16:11 +0800] "GET /xingrg/kc/pszx/mdps_order_info.html?code=312021091300388 HTTP/1.1" 200 23931
120.253.135.82 - - [13/Sep/2021:07:16:12 +0800] "GET /xingrg/javascript/easyui/themes/default/validatebox.css HTTP/1.1" 404 1104
120.253.135.82 - - [13/Sep/2021:07:16:12 +0800] "POST /xingrg/kc/pszx/mdps_order_operate.html HTTP/1.1" 200 13816
180.169.147.146 - - [13/Sep/2021:07:16:28 +0800] "GET /xingrg/all/function/internal_message.html?_=1631488586975&CODE_STATE=getMsg HTTP/1.1" 200 27
116.238.194.18 - - [13/Sep/2021:07:16:30 +0800] "GET /xingrg/check_reg.html?_=1631488559301 HTTP/1.1" 200 22
222.70.246.151 - - [13/Sep/2021:07:16:36 +0800] "GET /xingrg/check_reg.html?_=1631488595423 HTTP/1.1" 200 22
222.70.246.151 - - [13/Sep/2021:07:16:36 +0800] "GET /xingrg/all/function/internal_message.html?_=1631488595983&CODE_STATE=getMsg HTTP/1.1" 200 27
116.238.194.18 - - [13/Sep/2021:07:16:39 +0800] "GET /xingrg/all/function/internal_message.html?_=1631488568409&CODE_STATE=getMsg HTTP/1.1" 200 27
172.20.0.100 - - [13/Sep/2021:07:16:40 +0800] "GET /xingrg/all/function/internal_message.html?_=1631488595679&CODE_STATE=getMsg HTTP/1.1" 200 27
180.169.147.146 - - [13/Sep/2021:07:16:42 +0800] "GET /xingrg/all/function/internal_message.html?_=1631488749090&CODE_STATE=getMsg HTTP/1.1" 200 27
120.253.135.82 - - [13/Sep/2021:07:16:47 +0800] "GET /xingrg/all/function/internal_message.html?_=1631488378951&CODE_STATE=getMsg HTTP/1.1" 200 27
101.91.60.11 - - [13/Sep/2021:07:16:55 +0800] "GET /xingrg/all/function/internal_message.html?_=1631488554133&CODE_STATE=getMsg HTTP/1.1" 302 -
101.91.60.11 - - [13/Sep/2021:07:16:56 +0800] "GET /xingrg/login.html HTTP/1.1" 200 7641
116.237.74.154 - - [13/Sep/2021:07:16:56 +0800] "GET /xingrg/all/function/internal_message.html?_=1631488614131&CODE_STATE=getMsg HTTP/1.1" 200 27
222.70.246.151 - - [13/Sep/2021:07:16:56 +0800] "GET /xingrg/all/function/internal_message.html?_=1631488615809&CODE_STATE=getMsg HTTP/1.1" 302 -
180.169.147.146 - - [13/Sep/2021:07:17:28 +0800] "GET /xingrg/all/function/internal_message.html?_=1631488646975&CODE_STATE=getMsg HTTP/1.1" 200 27
222.70.246.151 - - [13/Sep/2021:07:17:36 +0800] "GET /xingrg/all/function/internal_message.html?_=1631488655996&CODE_STATE=getMsg HTTP/1.1" 200 27
116.238.194.18 - - [13/Sep/2021:07:17:39 +0800] "GET /xingrg/all/function/internal_message.html?_=1631488628424&CODE_STATE=getMsg HTTP/1.1" 200 27
172.20.0.100 - - [13/Sep/2021:07:17:40 +0800] "GET /xingrg/all/function/internal_message.html?_=1631488655691&CODE_STATE=getMsg HTTP/1.1" 200 27
180.169.147.146 - - [13/Sep/2021:07:17:42 +0800] "GET /xingrg/all/function/internal_message.html?_=1631488809115&CODE_STATE=getMsg HTTP/1.1" 200 27
120.253.135.82 - - [13/Sep/2021:07:17:48 +0800] "GET /xingrg/all/function/internal_message.html?_=1631488438965&CODE_STATE=getMsg HTTP/1.1" 200 27
116.238.194.18 - - [13/Sep/2021:07:17:52 +0800] "GET /xingrg/check_reg.html?_=1631488670416 HTTP/1.1" 302 -
116.237.74.154 - - [13/Sep/2021:07:17:56 +0800] "GET /xingrg/all/function/internal_message.html?_=1631488674129&CODE_STATE=getMsg HTTP/1.1" 200 27
116.237.74.154 - - [13/Sep/2021:07:17:56 +0800] "GET /xingrg/check_reg.html?_=1631488674134 HTTP/1.1" 200 22
222.70.246.151 - - [13/Sep/2021:07:17:56 +0800] "GET /xingrg/all/function/internal_message.html?_=1631488675833&CODE_STATE=getMsg HTTP/1.1" 302 -
120.253.135.82 - - [13/Sep/2021:07:18:22 +0800] "POST /xingrg/kc/pszx/mdps_order_operate.html HTTP/1.1" 200 37
120.253.135.82 - - [13/Sep/2021:07:18:23 +0800] "GET /xingrg/kc/pszx/mdps_order_info.html?code=312021091300388 HTTP/1.1" 200 23931
120.253.135.82 - - [13/Sep/2021:07:18:24 +0800] "GET /xingrg/javascript/easyui/themes/default/validatebox.css HTTP/1.1" 404 1104
120.253.135.82 - - [13/Sep/2021:07:18:24 +0800] "POST /xingrg/kc/pszx/mdps_order_operate.html HTTP/1.1" 200 13816
120.253.135.82 - - [13/Sep/2021:07:18:27 +0800] "POST /xingrg/kc/pszx/mdps_list_operate.html HTTP/1.1" 200 3181
180.169.147.146 - - [13/Sep/2021:07:18:28 +0800] "GET /xingrg/all/function/internal_message.html?_=1631488706975&CODE_STATE=getMsg HTTP/1.1" 200 27
120.253.135.82 - - [13/Sep/2021:07:18:29 +0800] "POST /xingrg/kc/pszx/mdps_list_operate.html HTTP/1.1" 200 609
120.253.135.82 - - [13/Sep/2021:07:18:30 +0800] "GET /xingrg/kc/pszx/mdps_order_info.html?code=312021091300388 HTTP/1.1" 200 23931
120.253.135.82 - - [13/Sep/2021:07:18:30 +0800] "POST /xingrg/kc/pszx/mdps_order_operate.html HTTP/1.1" 200 13816
120.253.135.82 - - [13/Sep/2021:07:18:31 +0800] "GET /xingrg/javascript/easyui/themes/default/validatebox.css HTTP/1.1" 404 1104
120.253.135.82 - - [13/Sep/2021:07:18:35 +0800] "GET /xingrg/check_reg.html?_=1631488486966 HTTP/1.1" 200 22
222.70.246.151 - - [13/Sep/2021:07:18:36 +0800] "GET /xingrg/all/function/internal_message.html?_=1631488716010&CODE_STATE=getMsg HTTP/1.1" 200 27
120.253.135.82 - - [13/Sep/2021:07:18:39 +0800] "POST /xingrg/kc/pszx/mdps_list_operate.html HTTP/1.1" 200 3181
116.238.194.18 - - [13/Sep/2021:07:18:39 +0800] "GET /xingrg/all/function/internal_message.html?_=1631488688447&CODE_STATE=getMsg HTTP/1.1" 200 27
172.20.0.100 - - [13/Sep/2021:07:18:40 +0800] "GET /xingrg/all/function/internal_message.html?_=1631488715681&CODE_STATE=getMsg HTTP/1.1" 200 27
120.253.135.82 - - [13/Sep/2021:07:18:41 +0800] "POST /xingrg/kc/pszx/mdps_list_operate.html HTTP/1.1" 200 676
120.253.135.82 - - [13/Sep/2021:07:18:41 +0800] "GET /xingrg/kc/pszx/mdps_order_info.html?code=312021091300389 HTTP/1.1" 200 23931
120.253.135.82 - - [13/Sep/2021:07:18:42 +0800] "GET /xingrg/javascript/easyui/themes/default/validatebox.css HTTP/1.1" 404 1104
120.253.135.82 - - [13/Sep/2021:07:18:42 +0800] "POST /xingrg/kc/pszx/mdps_order_operate.html HTTP/1.1" 200 15998
180.169.147.146 - - [13/Sep/2021:07:18:42 +0800] "GET /xingrg/all/function/internal_message.html?_=1631488869120&CODE_STATE=getMsg HTTP/1.1" 200 27
120.253.135.82 - - [13/Sep/2021:07:18:47 +0800] "POST /xingrg/kc/pszx/mdps_order_operate.html HTTP/1.1" 200 37
120.253.135.82 - - [13/Sep/2021:07:18:48 +0800] "GET /xingrg/kc/pszx/mdps_order_info.html?code=312021091300389 HTTP/1.1" 200 23931
120.253.135.82 - - [13/Sep/2021:07:18:49 +0800] "GET /xingrg/javascript/easyui/themes/default/validatebox.css HTTP/1.1" 404 1104
120.253.135.82 - - [13/Sep/2021:07:18:49 +0800] "GET /xingrg/all/function/internal_message.html?_=1631488500650&CODE_STATE=getMsg HTTP/1.1" 200 27
120.253.135.82 - - [13/Sep/2021:07:18:49 +0800] "POST /xingrg/kc/pszx/mdps_order_operate.html HTTP/1.1" 200 16221
116.237.74.154 - - [13/Sep/2021:07:18:56 +0800] "GET /xingrg/all/function/internal_message.html?_=1631488734133&CODE_STATE=getMsg HTTP/1.1" 200 27
222.70.246.151 - - [13/Sep/2021:07:18:56 +0800] "GET /xingrg/all/function/internal_message.html?_=1631488735836&CODE_STATE=getMsg HTTP/1.1" 302 -
180.169.147.146 - - [13/Sep/2021:07:19:28 +0800] "GET /xingrg/all/function/internal_message.html?_=1631488766977&CODE_STATE=getMsg HTTP/1.1" 200 27
120.253.135.82 - - [13/Sep/2021:07:19:35 +0800] "POST /xingrg/kc/pszx/mdps_order_operate.html HTTP/1.1" 200 37
222.70.246.151 - - [13/Sep/2021:07:19:36 +0800] "GET /xingrg/all/function/internal_message.html?_=1631488776030&CODE_STATE=getMsg HTTP/1.1" 200 27
120.253.135.82 - - [13/Sep/2021:07:19:37 +0800] "GET /xingrg/kc/pszx/mdps_order_info.html?code=312021091300389 HTTP/1.1" 200 23931
120.253.135.82 - - [13/Sep/2021:07:19:38 +0800] "GET /xingrg/javascript/easyui/themes/default/validatebox.css HTTP/1.1" 404 1104
120.253.135.82 - - [13/Sep/2021:07:19:38 +0800] "POST /xingrg/kc/pszx/mdps_order_operate.html HTTP/1.1" 200 16221
116.238.194.18 - - [13/Sep/2021:07:19:39 +0800] "GET /xingrg/all/function/internal_message.html?_=1631488748451&CODE_STATE=getMsg HTTP/1.1" 200 27
172.20.0.100 - - [13/Sep/2021:07:19:40 +0800] "GET /xingrg/all/function/internal_message.html?_=1631488775684&CODE_STATE=getMsg HTTP/1.1" 200 27
172.20.0.100 - - [13/Sep/2021:07:19:40 +0800] "GET /xingrg/check_reg.html?_=1631488775686 HTTP/1.1" 200 22
180.169.147.146 - - [13/Sep/2021:07:19:42 +0800] "GET /xingrg/all/function/internal_message.html?_=1631488929118&CODE_STATE=getMsg HTTP/1.1" 200 27
120.253.135.82 - - [13/Sep/2021:07:19:49 +0800] "GET /xingrg/all/function/internal_message.html?_=1631488560662&CODE_STATE=getMsg HTTP/1.1" 200 27
116.237.74.154 - - [13/Sep/2021:07:19:56 +0800] "GET /xingrg/all/function/internal_message.html?_=1631488794133&CODE_STATE=getMsg HTTP/1.1" 200 27
222.70.246.151 - - [13/Sep/2021:07:19:56 +0800] "GET /xingrg/all/function/internal_message.html?_=1631488795860&CODE_STATE=getMsg HTTP/1.1" 302 -
58.40.7.146 - - [13/Sep/2021:07:20:16 +0800] "GET /xingrg/check_reg.html?_=1631488814642 HTTP/1.1" 302 -
180.163.220.5 - - [13/Sep/2021:07:20:20 +0800] "GET /xingrg/kc/pszx/jzcl_ps.html HTTP/1.1" 302 -
180.163.220.5 - - [13/Sep/2021:07:20:20 +0800] "GET /xingrg/login.html HTTP/1.1" 200 2139
180.163.220.5 - - [13/Sep/2021:07:20:20 +0800] "GET /xingrg/kc/pszx/jzcl_ps.html HTTP/1.1" 302 -
180.163.220.5 - - [13/Sep/2021:07:20:20 +0800] "GET /xingrg/login.html HTTP/1.1" 200 2139
180.163.220.5 - - [13/Sep/2021:07:20:20 +0800] "GET /xingrg/javascript/mobile/jquery.mobile-1.3.2.min.css HTTP/1.1" 200 94670
180.163.220.3 - - [13/Sep/2021:07:20:20 +0800] "GET /xingrg/javascript/mobile/jquery-1.8.3.min.js HTTP/1.1" 200 93637
180.163.220.66 - - [13/Sep/2021:07:20:20 +0800] "GET /xingrg/javascript/mobile/jquery.mobile-1.3.2.min.js HTTP/1.1" 200 145396
180.163.220.66 - - [13/Sep/2021:07:20:21 +0800] "GET /xingrg/javascript/mobile/images/ajax-loader.gif HTTP/1.1" 200 7825
180.169.147.146 - - [13/Sep/2021:07:20:28 +0800] "GET /xingrg/check_reg.html?_=1631488826975 HTTP/1.1" 200 22
180.169.147.146 - - [13/Sep/2021:07:20:28 +0800] "GET /xingrg/all/function/internal_message.html?_=1631488826984&CODE_STATE=getMsg HTTP/1.1" 200 27
222.70.246.151 - - [13/Sep/2021:07:20:36 +0800] "GET /xingrg/all/function/internal_message.html?_=1631488836038&CODE_STATE=getMsg HTTP/1.1" 200 27
120.253.135.82 - - [13/Sep/2021:07:20:39 +0800] "POST /xingrg/kc/pszx/mdps_list_operate.html HTTP/1.1" 200 3181
116.238.194.18 - - [13/Sep/2021:07:20:39 +0800] "GET /xingrg/all/function/internal_message.html?_=1631488808474&CODE_STATE=getMsg HTTP/1.1" 200 27
172.20.0.100 - - [13/Sep/2021:07:20:40 +0800] "GET /xingrg/all/function/internal_message.html?_=1631488835688&CODE_STATE=getMsg HTTP/1.1" 200 27
222.70.246.151 - - [13/Sep/2021:07:20:40 +0800] "GET /xingrg/check_reg.html?_=1631488840003 HTTP/1.1" 302 -
180.169.147.146 - - [13/Sep/2021:07:20:42 +0800] "GET /xingrg/all/function/internal_message.html?_=1631488989103&CODE_STATE=getMsg HTTP/1.1" 200 27
180.169.147.146 - - [13/Sep/2021:07:20:42 +0800] "GET /xingrg/check_reg.html?_=1631488989102 HTTP/1.1" 200 22
120.253.135.82 - - [13/Sep/2021:07:20:43 +0800] "POST /xingrg/kc/pszx/mdps_list_operate.html HTTP/1.1" 200 622
120.253.135.82 - - [13/Sep/2021:07:20:44 +0800] "POST /xingrg/kc/pszx/mdps_list_operate.html HTTP/1.1" 200 676
120.253.135.82 - - [13/Sep/2021:07:20:46 +0800] "POST /xingrg/kc/pszx/mdps_list_operate.html HTTP/1.1" 200 202
120.253.135.82 - - [13/Sep/2021:07:20:49 +0800] "GET /xingrg/all/function/internal_message.html?_=1631488620675&CODE_STATE=getMsg HTTP/1.1" 200 27
120.253.135.82 - - [13/Sep/2021:07:20:53 +0800] "GET /xingrg/kc/pszx/mdps_order_info.html?code=312021091300390 HTTP/1.1" 200 23931
120.253.135.82 - - [13/Sep/2021:07:20:53 +0800] "POST /xingrg/kc/pszx/mdps_order_operate.html HTTP/1.1" 200 5748
120.253.135.82 - - [13/Sep/2021:07:20:53 +0800] "GET /xingrg/javascript/easyui/themes/default/validatebox.css HTTP/1.1" 404 1104
116.237.74.154 - - [13/Sep/2021:07:20:56 +0800] "GET /xingrg/all/function/internal_message.html?_=1631488854133&CODE_STATE=getMsg HTTP/1.1" 200 27
222.70.246.151 - - [13/Sep/2021:07:20:56 +0800] "GET /xingrg/all/function/internal_message.html?_=1631488855863&CODE_STATE=getMsg HTTP/1.1" 302 -
120.253.135.82 - - [13/Sep/2021:07:20:58 +0800] "POST /xingrg/kc/pszx/mdps_list_operate.html HTTP/1.1" 200 3181
120.253.135.82 - - [13/Sep/2021:07:21:07 +0800] "POST /xingrg/kc/pszx/mdps_list_operate.html HTTP/1.1" 200 609
120.253.135.82 - - [13/Sep/2021:07:21:08 +0800] "GET /xingrg/kc/pszx/mdps_order_info.html?code=312021091300388 HTTP/1.1" 200 23931
120.253.135.82 - - [13/Sep/2021:07:21:08 +0800] "GET /xingrg/javascript/easyui/themes/default/validatebox.css HTTP/1.1" 404 1104
120.253.135.82 - - [13/Sep/2021:07:21:08 +0800] "POST /xingrg/kc/pszx/mdps_order_operate.html HTTP/1.1" 200 13816
120.253.135.82 - - [13/Sep/2021:07:21:26 +0800] "POST /xingrg/kc/pszx/mdps_list_operate.html HTTP/1.1" 200 3181
180.169.147.146 - - [13/Sep/2021:07:21:28 +0800] "GET /xingrg/all/function/internal_message.html?_=1631488886984&CODE_STATE=getMsg HTTP/1.1" 200 27
120.253.135.82 - - [13/Sep/2021:07:21:29 +0800] "POST /xingrg/kc/pszx/mdps_list_operate.html HTTP/1.1" 200 609
116.238.194.18 - - [13/Sep/2021:07:21:30 +0800] "GET /xingrg/check_reg.html?_=1631488859312 HTTP/1.1" 200 22
120.253.135.82 - - [13/Sep/2021:07:21:31 +0800] "POST /xingrg/kc/pszx/mdps_list_operate.html HTTP/1.1" 200 676
120.253.135.82 - - [13/Sep/2021:07:21:33 +0800] "GET /xingrg/kc/pszx/mdps_order_info.html?code=312021091300389 HTTP/1.1" 200 23931
120.253.135.82 - - [13/Sep/2021:07:21:34 +0800] "GET /xingrg/javascript/easyui/themes/default/validatebox.css HTTP/1.1" 404 1104
120.253.135.82 - - [13/Sep/2021:07:21:34 +0800] "POST /xingrg/kc/pszx/mdps_order_operate.html HTTP/1.1" 200 16221
222.70.246.151 - - [13/Sep/2021:07:21:36 +0800] "GET /xingrg/check_reg.html?_=1631488895430 HTTP/1.1" 200 22
222.70.246.151 - - [13/Sep/2021:07:21:36 +0800] "GET /xingrg/all/function/internal_message.html?_=1631488896051&CODE_STATE=getMsg HTTP/1.1" 200 27
116.238.194.18 - - [13/Sep/2021:07:21:39 +0800] "GET /xingrg/all/function/internal_message.html?_=1631488868478&CODE_STATE=getMsg HTTP/1.1" 200 27
172.20.0.100 - - [13/Sep/2021:07:21:40 +0800] "GET /xingrg/all/function/internal_message.html?_=1631488895690&CODE_STATE=getMsg HTTP/1.1" 200 27
180.169.147.146 - - [13/Sep/2021:07:21:42 +0800] "GET /xingrg/all/function/internal_message.html?_=1631489049117&CODE_STATE=getMsg HTTP/1.1" 200 27
120.253.135.82 - - [13/Sep/2021:07:21:49 +0800] "GET /xingrg/all/function/internal_message.html?_=1631488680932&CODE_STATE=getMsg HTTP/1.1" 200 27
120.253.135.82 - - [13/Sep/2021:07:21:51 +0800] "POST /xingrg/kc/pszx/mdps_list_operate.html HTTP/1.1" 200 3181
116.237.74.154 - - [13/Sep/2021:07:21:56 +0800] "GET /xingrg/all/function/internal_message.html?_=1631488914133&CODE_STATE=getMsg HTTP/1.1" 200 27
222.70.246.151 - - [13/Sep/2021:07:21:56 +0800] "GET /xingrg/all/function/internal_message.html?_=1631488915889&CODE_STATE=getMsg HTTP/1.1" 302 -
120.253.135.82 - - [13/Sep/2021:07:21:58 +0800] "GET /xingrg/kc/pszx/ps_main.html HTTP/1.1" 200 13401
120.253.135.82 - - [13/Sep/2021:07:21:58 +0800] "POST /xingrg/kc/pszx/mdps_list_operate.html HTTP/1.1" 200 3181
120.253.135.82 - - [13/Sep/2021:07:21:59 +0800] "GET /xingrg/images/yd/bt.gif HTTP/1.1" 404 1040
120.253.135.82 - - [13/Sep/2021:07:22:00 +0800] "GET /xingrg/kc/pszx/mdqp_order_list.html HTTP/1.1" 200 46889
120.253.135.82 - - [13/Sep/2021:07:22:00 +0800] "GET /xingrg/dwr/interface/AjaxReportQueryService.js HTTP/1.1" 200 13203
120.253.135.82 - - [13/Sep/2021:07:22:01 +0800] "GET /xingrg/dwr/interface/AjaxQqpsService.js HTTP/1.1" 200 16326
120.253.135.82 - - [13/Sep/2021:07:22:01 +0800] "GET /xingrg/dwr/engine.js HTTP/1.1" 200 43631
120.253.135.82 - - [13/Sep/2021:07:22:05 +0800] "GET /xingrg/kc/pszx/mdqp_order_info.html?code=302021091200281 HTTP/1.1" 200 12913
120.253.135.82 - - [13/Sep/2021:07:22:05 +0800] "GET /xingrg/dwr/interface/AjaxQqpsService.js HTTP/1.1" 200 16326
120.253.135.82 - - [13/Sep/2021:07:22:05 +0800] "GET /xingrg/dwr/interface/AjaxComOrderService.js HTTP/1.1" 200 18264
120.253.135.82 - - [13/Sep/2021:07:22:06 +0800] "GET /xingrg/dwr/engine.js HTTP/1.1" 200 43631
120.253.135.82 - - [13/Sep/2021:07:22:07 +0800] "POST /xingrg/dwr/call/plaincall/AjaxQqpsService.loadMaterielItems.dwr HTTP/1.1" 200 7204
120.253.135.82 - - [13/Sep/2021:07:22:08 +0800] "GET /xingrg/images/yd/bt.gif HTTP/1.1" 404 1040
120.253.135.82 - - [13/Sep/2021:07:22:08 +0800] "GET /xingrg/images/yd/bt2.gif HTTP/1.1" 404 1042
180.169.147.146 - - [13/Sep/2021:07:22:28 +0800] "GET /xingrg/all/function/internal_message.html?_=1631488946987&CODE_STATE=getMsg HTTP/1.1" 200 27
222.70.246.151 - - [13/Sep/2021:07:22:36 +0800] "GET /xingrg/all/function/internal_message.html?_=1631488956065&CODE_STATE=getMsg HTTP/1.1" 200 27
116.238.194.18 - - [13/Sep/2021:07:22:39 +0800] "GET /xingrg/all/function/internal_message.html?_=1631488928492&CODE_STATE=getMsg HTTP/1.1" 200 27
172.20.0.100 - - [13/Sep/2021:07:22:40 +0800] "GET /xingrg/all/function/internal_message.html?_=1631488955677&CODE_STATE=getMsg HTTP/1.1" 200 27
120.253.135.82 - - [13/Sep/2021:07:22:42 +0800] "GET /xingrg/javascript/jquery_easy_ui/themes/default/images/tabs_active.png HTTP/1.1" 200 2894
120.253.135.82 - - [13/Sep/2021:07:22:42 +0800] "GET /xingrg/javascript/jquery_easy_ui/themes/default/images/tabs_active.png HTTP/1.1" 200 2894
180.169.147.146 - - [13/Sep/2021:07:22:42 +0800] "GET /xingrg/all/function/internal_message.html?_=1631489109115&CODE_STATE=getMsg HTTP/1.1" 200 27
120.253.135.82 - - [13/Sep/2021:07:22:47 +0800] "GET /xingrg/kc/pszx/mdqp_order_list.html?isBack=1 HTTP/1.1" 200 46916
120.253.135.82 - - [13/Sep/2021:07:22:47 +0800] "GET /xingrg/dwr/interface/AjaxQqpsService.js HTTP/1.1" 200 16326
120.253.135.82 - - [13/Sep/2021:07:22:47 +0800] "GET /xingrg/dwr/interface/AjaxReportQueryService.js HTTP/1.1" 200 13203
120.253.135.82 - - [13/Sep/2021:07:22:47 +0800] "GET /xingrg/dwr/engine.js HTTP/1.1" 200 43631
120.253.135.82 - - [13/Sep/2021:07:22:49 +0800] "GET /xingrg/all/function/internal_message.html?_=1631488740935&CODE_STATE=getMsg HTTP/1.1" 200 27
116.238.194.18 - - [13/Sep/2021:07:22:52 +0800] "GET /xingrg/check_reg.html?_=1631488970389 HTTP/1.1" 302 -
120.253.135.82 - - [13/Sep/2021:07:22:53 +0800] "GET /xingrg/kc/pszx/mdps_order_list.html?orderType=0 HTTP/1.1" 200 21089
120.253.135.82 - - [13/Sep/2021:07:22:53 +0800] "POST /xingrg/kc/pszx/mdps_list_operate.html HTTP/1.1" 200 5492
116.237.74.154 - - [13/Sep/2021:07:22:56 +0800] "GET /xingrg/check_reg.html?_=1631488974161 HTTP/1.1" 200 22
116.237.74.154 - - [13/Sep/2021:07:22:56 +0800] "GET /xingrg/all/function/internal_message.html?_=1631488974159&CODE_STATE=getMsg HTTP/1.1" 200 27
222.70.246.151 - - [13/Sep/2021:07:22:56 +0800] "GET /xingrg/all/function/internal_message.html?_=1631488975890&CODE_STATE=getMsg HTTP/1.1" 302 -
120.253.135.82 - - [13/Sep/2021:07:23:06 +0800] "POST /xingrg/kc/pszx/mdps_list_operate.html HTTP/1.1" 200 3181
120.253.135.82 - - [13/Sep/2021:07:23:08 +0800] "POST /xingrg/kc/pszx/mdps_list_operate.html HTTP/1.1" 200 609
120.253.135.82 - - [13/Sep/2021:07:23:09 +0800] "GET /xingrg/kc/pszx/mdps_order_info.html?code=312021091300388 HTTP/1.1" 200 23931
120.253.135.82 - - [13/Sep/2021:07:23:09 +0800] "GET /xingrg/javascript/easyui/themes/default/validatebox.css HTTP/1.1" 404 1104
120.253.135.82 - - [13/Sep/2021:07:23:09 +0800] "POST /xingrg/kc/pszx/mdps_order_operate.html HTTP/1.1" 200 13816
180.169.147.146 - - [13/Sep/2021:07:23:28 +0800] "GET /xingrg/all/function/internal_message.html?_=1631489006986&CODE_STATE=getMsg HTTP/1.1" 200 27
120.253.135.82 - - [13/Sep/2021:07:23:35 +0800] "GET /xingrg/check_reg.html?_=1631488786978 HTTP/1.1" 200 22
222.70.246.151 - - [13/Sep/2021:07:23:36 +0800] "GET /xingrg/all/function/internal_message.html?_=1631489016078&CODE_STATE=getMsg HTTP/1.1" 200 27
116.238.194.18 - - [13/Sep/2021:07:23:39 +0800] "GET /xingrg/all/function/internal_message.html?_=1631488988518&CODE_STATE=getMsg HTTP/1.1" 200 27
172.20.0.100 - - [13/Sep/2021:07:23:40 +0800] "GET /xingrg/all/function/internal_message.html?_=1631489015680&CODE_STATE=getMsg HTTP/1.1" 200 27
180.169.147.146 - - [13/Sep/2021:07:23:42 +0800] "GET /xingrg/all/function/internal_message.html?_=1631489169141&CODE_STATE=getMsg HTTP/1.1" 200 27
120.253.135.82 - - [13/Sep/2021:07:23:49 +0800] "GET /xingrg/all/function/internal_message.html?_=1631488801168&CODE_STATE=getMsg HTTP/1.1" 200 27
120.253.135.82 - - [13/Sep/2021:07:23:55 +0800] "POST /xingrg/kc/pszx/mdps_order_operate.html HTTP/1.1" 200 37
116.237.74.154 - - [13/Sep/2021:07:23:56 +0800] "GET /xingrg/all/function/internal_message.html?_=1631489034161&CODE_STATE=getMsg HTTP/1.1" 200 27
222.70.246.151 - - [13/Sep/2021:07:23:56 +0800] "GET /xingrg/all/function/internal_message.html?_=1631489035915&CODE_STATE=getMsg HTTP/1.1" 302 -
120.253.135.82 - - [13/Sep/2021:07:23:56 +0800] "GET /xingrg/kc/pszx/mdps_order_info.html?code=312021091300388 HTTP/1.1" 200 23931
120.253.135.82 - - [13/Sep/2021:07:23:57 +0800] "GET /xingrg/javascript/easyui/themes/default/validatebox.css HTTP/1.1" 404 1104
120.253.135.82 - - [13/Sep/2021:07:23:57 +0800] "POST /xingrg/kc/pszx/mdps_order_operate.html HTTP/1.1" 200 13816
120.253.135.82 - - [13/Sep/2021:07:24:01 +0800] "POST /xingrg/kc/pszx/mdps_list_operate.html HTTP/1.1" 200 676
120.253.135.82 - - [13/Sep/2021:07:24:03 +0800] "GET /xingrg/kc/pszx/mdps_order_info.html?code=312021091300389 HTTP/1.1" 200 23931
120.253.135.82 - - [13/Sep/2021:07:24:03 +0800] "GET /xingrg/javascript/easyui/themes/default/validatebox.css HTTP/1.1" 404 1104
120.253.135.82 - - [13/Sep/2021:07:24:03 +0800] "POST /xingrg/kc/pszx/mdps_order_operate.html HTTP/1.1" 200 16221
120.253.135.82 - - [13/Sep/2021:07:24:08 +0800] "POST /xingrg/kc/pszx/mdps_list_operate.html HTTP/1.1" 200 3181
120.253.135.82 - - [13/Sep/2021:07:24:10 +0800] "POST /xingrg/kc/pszx/mdps_list_operate.html HTTP/1.1" 200 622
120.253.135.82 - - [13/Sep/2021:07:24:11 +0800] "GET /xingrg/kc/pszx/mdps_order_info.html?code=312021091300390 HTTP/1.1" 200 23931
120.253.135.82 - - [13/Sep/2021:07:24:11 +0800] "POST /xingrg/kc/pszx/mdps_order_operate.html HTTP/1.1" 200 5748
120.253.135.82 - - [13/Sep/2021:07:24:12 +0800] "GET /xingrg/javascript/easyui/themes/default/validatebox.css HTTP/1.1" 404 1104
120.253.135.82 - - [13/Sep/2021:07:24:14 +0800] "POST /xingrg/all/common/load_combo.html?type=base HTTP/1.1" 200 1075
120.253.135.82 - - [13/Sep/2021:07:24:19 +0800] "POST /xingrg/kc/pszx/mdps_order_operate.html HTTP/1.1" 200 37
120.253.135.82 - - [13/Sep/2021:07:24:20 +0800] "GET /xingrg/kc/pszx/mdps_order_info.html?code=312021091300390 HTTP/1.1" 200 23931
120.253.135.82 - - [13/Sep/2021:07:24:21 +0800] "GET /xingrg/javascript/easyui/themes/default/validatebox.css HTTP/1.1" 404 1104
120.253.135.82 - - [13/Sep/2021:07:24:21 +0800] "POST /xingrg/kc/pszx/mdps_order_operate.html HTTP/1.1" 200 5816
180.169.147.146 - - [13/Sep/2021:07:24:28 +0800] "GET /xingrg/all/function/internal_message.html?_=1631489066985&CODE_STATE=getMsg HTTP/1.1" 200 27
222.70.246.151 - - [13/Sep/2021:07:24:36 +0800] "GET /xingrg/all/function/internal_message.html?_=1631489076094&CODE_STATE=getMsg HTTP/1.1" 200 27
116.238.194.18 - - [13/Sep/2021:07:24:39 +0800] "GET /xingrg/all/function/internal_message.html?_=1631489048518&CODE_STATE=getMsg HTTP/1.1" 200 27
172.20.0.100 - - [13/Sep/2021:07:24:40 +0800] "GET /xingrg/all/function/internal_message.html?_=1631489075684&CODE_STATE=getMsg HTTP/1.1" 200 27
172.20.0.100 - - [13/Sep/2021:07:24:40 +0800] "GET /xingrg/check_reg.html?_=1631489075687 HTTP/1.1" 200 22
180.169.147.146 - - [13/Sep/2021:07:24:42 +0800] "GET /xingrg/all/function/internal_message.html?_=1631489229162&CODE_STATE=getMsg HTTP/1.1" 200 27
120.253.135.82 - - [13/Sep/2021:07:24:50 +0800] "POST /xingrg/kc/pszx/mdps_order_operate.html HTTP/1.1" 200 37
120.253.135.82 - - [13/Sep/2021:07:24:51 +0800] "GET /xingrg/kc/pszx/mdps_order_info.html?code=312021091300390 HTTP/1.1" 200 23931
120.253.135.82 - - [13/Sep/2021:07:24:52 +0800] "POST /xingrg/kc/pszx/mdps_order_operate.html HTTP/1.1" 200 5816
120.253.135.82 - - [13/Sep/2021:07:24:52 +0800] "GET /xingrg/javascript/easyui/themes/default/validatebox.css HTTP/1.1" 404 1104
120.253.135.82 - - [13/Sep/2021:07:24:52 +0800] "GET /xingrg/all/function/internal_message.html?_=1631488863957&CODE_STATE=getMsg HTTP/1.1" 200 27
120.253.135.82 - - [13/Sep/2021:07:24:53 +0800] "POST /xingrg/kc/pszx/mdps_list_operate.html HTTP/1.1" 200 3181
120.253.135.82 - - [13/Sep/2021:07:24:55 +0800] "POST /xingrg/kc/pszx/mdps_list_operate.html HTTP/1.1" 200 202
120.253.135.82 - - [13/Sep/2021:07:24:55 +0800] "GET /xingrg/kc/pszx/mdps_order_info.html?code=312021091300391 HTTP/1.1" 200 23931
116.237.74.154 - - [13/Sep/2021:07:24:56 +0800] "GET /xingrg/all/function/internal_message.html?_=1631489094161&CODE_STATE=getMsg HTTP/1.1" 200 27
120.253.135.82 - - [13/Sep/2021:07:24:56 +0800] "POST /xingrg/kc/pszx/mdps_order_operate.html HTTP/1.1" 200 2277
120.253.135.82 - - [13/Sep/2021:07:24:56 +0800] "GET /xingrg/javascript/easyui/themes/default/validatebox.css HTTP/1.1" 404 1104
222.70.246.151 - - [13/Sep/2021:07:24:56 +0800] "GET /xingrg/all/function/internal_message.html?_=1631489095917&CODE_STATE=getMsg HTTP/1.1" 302 -
120.253.135.82 - - [13/Sep/2021:07:24:58 +0800] "POST /xingrg/all/common/load_combo.html?type=base HTTP/1.1" 200 1075
120.253.135.82 - - [13/Sep/2021:07:25:02 +0800] "POST /xingrg/kc/pszx/mdps_order_operate.html HTTP/1.1" 200 37
120.253.135.82 - - [13/Sep/2021:07:25:04 +0800] "GET /xingrg/kc/pszx/mdps_order_info.html?code=312021091300391 HTTP/1.1" 200 23929
120.253.135.82 - - [13/Sep/2021:07:25:04 +0800] "GET /xingrg/javascript/easyui/themes/default/validatebox.css HTTP/1.1" 404 1104
120.253.135.82 - - [13/Sep/2021:07:25:04 +0800] "POST /xingrg/kc/pszx/mdps_order_operate.html HTTP/1.1" 200 2285
58.40.7.146 - - [13/Sep/2021:07:25:16 +0800] "GET /xingrg/check_reg.html?_=1631489114617 HTTP/1.1" 302 -
180.169.147.146 - - [13/Sep/2021:07:25:28 +0800] "GET /xingrg/check_reg.html?_=1631489126983 HTTP/1.1" 200 22
180.169.147.146 - - [13/Sep/2021:07:25:28 +0800] "GET /xingrg/all/function/internal_message.html?_=1631489126985&CODE_STATE=getMsg HTTP/1.1" 200 27
222.70.246.151 - - [13/Sep/2021:07:25:36 +0800] "GET /xingrg/all/function/internal_message.html?_=1631489136105&CODE_STATE=getMsg HTTP/1.1" 200 27
116.238.194.18 - - [13/Sep/2021:07:25:40 +0800] "GET /xingrg/all/function/internal_message.html?_=1631489108544&CODE_STATE=getMsg HTTP/1.1" 200 27
172.20.0.100 - - [13/Sep/2021:07:25:40 +0800] "GET /xingrg/all/function/internal_message.html?_=1631489135689&CODE_STATE=getMsg HTTP/1.1" 200 27
222.70.246.151 - - [13/Sep/2021:07:25:40 +0800] "GET /xingrg/check_reg.html?_=1631489140014 HTTP/1.1" 302 -
180.169.147.146 - - [13/Sep/2021:07:25:42 +0800] "GET /xingrg/all/function/internal_message.html?_=1631489289152&CODE_STATE=getMsg HTTP/1.1" 200 27
180.169.147.146 - - [13/Sep/2021:07:25:42 +0800] "GET /xingrg/check_reg.html?_=1631489289151 HTTP/1.1" 200 22
120.253.135.82 - - [13/Sep/2021:07:25:52 +0800] "GET /xingrg/all/function/internal_message.html?_=1631488923972&CODE_STATE=getMsg HTTP/1.1" 200 27
116.237.74.154 - - [13/Sep/2021:07:25:56 +0800] "GET /xingrg/all/function/internal_message.html?_=1631489154162&CODE_STATE=getMsg HTTP/1.1" 200 27
222.70.246.151 - - [13/Sep/2021:07:25:56 +0800] "GET /xingrg/all/function/internal_message.html?_=1631489155940&CODE_STATE=getMsg HTTP/1.1" 302 -
180.169.147.146 - - [13/Sep/2021:07:26:28 +0800] "GET /xingrg/all/function/internal_message.html?_=1631489186983&CODE_STATE=getMsg HTTP/1.1" 200 27
116.238.194.18 - - [13/Sep/2021:07:26:30 +0800] "GET /xingrg/check_reg.html?_=1631489159316 HTTP/1.1" 200 22
222.70.246.151 - - [13/Sep/2021:07:26:36 +0800] "GET /xingrg/check_reg.html?_=1631489195441 HTTP/1.1" 200 22
222.70.246.151 - - [13/Sep/2021:07:26:36 +0800] "GET /xingrg/all/function/internal_message.html?_=1631489196119&CODE_STATE=getMsg HTTP/1.1" 200 27
116.238.194.18 - - [13/Sep/2021:07:26:40 +0800] "GET /xingrg/all/function/internal_message.html?_=1631489168545&CODE_STATE=getMsg HTTP/1.1" 200 27
172.20.0.100 - - [13/Sep/2021:07:26:40 +0800] "GET /xingrg/all/function/internal_message.html?_=1631489195692&CODE_STATE=getMsg HTTP/1.1" 200 27
180.169.147.146 - - [13/Sep/2021:07:26:42 +0800] "GET /xingrg/all/function/internal_message.html?_=1631489349146&CODE_STATE=getMsg HTTP/1.1" 200 27
120.253.135.82 - - [13/Sep/2021:07:26:52 +0800] "GET /xingrg/all/function/internal_message.html?_=1631488983985&CODE_STATE=getMsg HTTP/1.1" 200 27
116.237.74.154 - - [13/Sep/2021:07:26:56 +0800] "GET /xingrg/all/function/internal_message.html?_=1631489214163&CODE_STATE=getMsg HTTP/1.1" 200 27
222.70.246.151 - - [13/Sep/2021:07:26:56 +0800] "GET /xingrg/all/function/internal_message.html?_=1631489215945&CODE_STATE=getMsg HTTP/1.1" 302 -
180.169.147.146 - - [13/Sep/2021:07:27:28 +0800] "GET /xingrg/all/function/internal_message.html?_=1631489246989&CODE_STATE=getMsg HTTP/1.1" 200 27
222.70.246.151 - - [13/Sep/2021:07:27:36 +0800] "GET /xingrg/all/function/internal_message.html?_=1631489256133&CODE_STATE=getMsg HTTP/1.1" 200 27
116.238.194.18 - - [13/Sep/2021:07:27:40 +0800] "GET /xingrg/all/function/internal_message.html?_=1631489228560&CODE_STATE=getMsg HTTP/1.1" 200 27
172.20.0.100 - - [13/Sep/2021:07:27:40 +0800] "GET /xingrg/all/function/internal_message.html?_=1631489255679&CODE_STATE=getMsg HTTP/1.1" 200 27
180.169.147.146 - - [13/Sep/2021:07:27:42 +0800] "GET /xingrg/all/function/internal_message.html?_=1631489409129&CODE_STATE=getMsg HTTP/1.1" 200 27
116.238.194.18 - - [13/Sep/2021:07:27:52 +0800] "GET /xingrg/check_reg.html?_=1631489270402 HTTP/1.1" 302 -
120.253.135.82 - - [13/Sep/2021:07:27:53 +0800] "GET /xingrg/all/function/internal_message.html?_=1631489044304&CODE_STATE=getMsg HTTP/1.1" 200 27
116.237.74.154 - - [13/Sep/2021:07:27:56 +0800] "GET /xingrg/check_reg.html?_=1631489274149 HTTP/1.1" 200 22
116.237.74.154 - - [13/Sep/2021:07:27:56 +0800] "GET /xingrg/all/function/internal_message.html?_=1631489274152&CODE_STATE=getMsg HTTP/1.1" 200 27
222.70.246.151 - - [13/Sep/2021:07:27:56 +0800] "GET /xingrg/all/function/internal_message.html?_=1631489275971&CODE_STATE=getMsg HTTP/1.1" 302 -
180.169.147.146 - - [13/Sep/2021:07:28:28 +0800] "GET /xingrg/all/function/internal_message.html?_=1631489306988&CODE_STATE=getMsg HTTP/1.1" 200 27
120.253.135.82 - - [13/Sep/2021:07:28:36 +0800] "GET /xingrg/check_reg.html?_=1631489087228 HTTP/1.1" 200 22
222.70.246.151 - - [13/Sep/2021:07:28:36 +0800] "GET /xingrg/all/function/internal_message.html?_=1631489316146&CODE_STATE=getMsg HTTP/1.1" 200 27
116.238.194.18 - - [13/Sep/2021:07:28:40 +0800] "GET /xingrg/all/function/internal_message.html?_=1631489288585&CODE_STATE=getMsg HTTP/1.1" 200 27
172.20.0.100 - - [13/Sep/2021:07:28:40 +0800] "GET /xingrg/all/function/internal_message.html?_=1631489315681&CODE_STATE=getMsg HTTP/1.1" 200 27
180.169.147.146 - - [13/Sep/2021:07:28:42 +0800] "GET /xingrg/all/function/internal_message.html?_=1631489469144&CODE_STATE=getMsg HTTP/1.1" 200 27
120.253.135.82 - - [13/Sep/2021:07:28:53 +0800] "GET /xingrg/all/function/internal_message.html?_=1631489104309&CODE_STATE=getMsg HTTP/1.1" 200 27
101.89.29.78 - - [13/Sep/2021:07:28:55 +0800] "GET /xingrg/all/function/internal_message.html?_=1631489274152&CODE_STATE=getMsg HTTP/1.1" 302 -
101.89.29.78 - - [13/Sep/2021:07:28:56 +0800] "GET /xingrg/login.html HTTP/1.1" 200 7641
116.237.74.154 - - [13/Sep/2021:07:28:56 +0800] "GET /xingrg/all/function/internal_message.html?_=1631489334153&CODE_STATE=getMsg HTTP/1.1" 200 27
222.70.246.151 - - [13/Sep/2021:07:28:56 +0800] "GET /xingrg/all/function/internal_message.html?_=1631489335972&CODE_STATE=getMsg HTTP/1.1" 302 -
120.253.135.82 - - [13/Sep/2021:07:29:10 +0800] "POST /xingrg/kc/pszx/mdps_list_operate.html HTTP/1.1" 200 3178
120.253.135.82 - - [13/Sep/2021:07:29:14 +0800] "GET /xingrg/kc/pszx/mdqp_order_list.html?state=10 HTTP/1.1" 200 10217
120.253.135.82 - - [13/Sep/2021:07:29:14 +0800] "POST /xingrg/kc/pszx/mdps_list_operate.html HTTP/1.1" 200 3178
120.253.135.82 - - [13/Sep/2021:07:29:14 +0800] "GET /xingrg/dwr/interface/AjaxReportQueryService.js HTTP/1.1" 200 13203
120.253.135.82 - - [13/Sep/2021:07:29:14 +0800] "GET /xingrg/dwr/interface/AjaxQqpsService.js HTTP/1.1" 200 16326
120.253.135.82 - - [13/Sep/2021:07:29:14 +0800] "GET /xingrg/dwr/engine.js HTTP/1.1" 200 43631
120.253.135.82 - - [13/Sep/2021:07:29:17 +0800] "GET /xingrg/kc/report/report_main.html HTTP/1.1" 200 9370
120.253.135.82 - - [13/Sep/2021:07:29:19 +0800] "GET /xingrg/kc/base/kc_stocks.html HTTP/1.1" 200 16437
120.253.135.82 - - [13/Sep/2021:07:29:19 +0800] "GET /xingrg/javascript/easyui/themes/default/tree.css HTTP/1.1" 404 1090
120.253.135.82 - - [13/Sep/2021:07:29:19 +0800] "POST /xingrg/all/common/load_tree.html?tree=materiel_sort_tree_json HTTP/1.1" 200 8792
120.253.135.82 - - [13/Sep/2021:07:29:22 +0800] "POST /xingrg/all/common/load_combo.html?type=base HTTP/1.1" 200 1075
180.169.147.146 - - [13/Sep/2021:07:29:28 +0800] "GET /xingrg/all/function/internal_message.html?_=1631489366987&CODE_STATE=getMsg HTTP/1.1" 200 27
120.253.135.82 - - [13/Sep/2021:07:29:31 +0800] "POST /xingrg/kc/base/stock_operate.html HTTP/1.1" 200 1739
222.70.246.151 - - [13/Sep/2021:07:29:36 +0800] "GET /xingrg/all/function/internal_message.html?_=1631489376162&CODE_STATE=getMsg HTTP/1.1" 200 27
116.238.194.18 - - [13/Sep/2021:07:29:40 +0800] "GET /xingrg/all/function/internal_message.html?_=1631489348587&CODE_STATE=getMsg HTTP/1.1" 200 27
172.20.0.100 - - [13/Sep/2021:07:29:40 +0800] "GET /xingrg/all/function/internal_message.html?_=1631489375687&CODE_STATE=getMsg HTTP/1.1" 200 27
172.20.0.100 - - [13/Sep/2021:07:29:40 +0800] "GET /xingrg/check_reg.html?_=1631489375689 HTTP/1.1" 200 22
180.169.147.146 - - [13/Sep/2021:07:29:42 +0800] "GET /xingrg/all/function/internal_message.html?_=1631489529171&CODE_STATE=getMsg HTTP/1.1" 200 27
120.253.135.82 - - [13/Sep/2021:07:29:53 +0800] "GET /xingrg/all/function/internal_message.html?_=1631489164322&CODE_STATE=getMsg HTTP/1.1" 200 27
116.237.74.154 - - [13/Sep/2021:07:29:56 +0800] "GET /xingrg/all/function/internal_message.html?_=1631489394155&CODE_STATE=getMsg HTTP/1.1" 200 27
222.70.246.151 - - [13/Sep/2021:07:29:56 +0800] "GET /xingrg/all/function/internal_message.html?_=1631489395997&CODE_STATE=getMsg HTTP/1.1" 302 -
222.69.128.101 - - [13/Sep/2021:07:30:07 +0800] "POST /xingrg/services/DataTransmitService HTTP/1.1" 200 524
120.253.135.82 - - [13/Sep/2021:07:30:11 +0800] "POST /xingrg/kc/base/stock_operate.html HTTP/1.1" 200 1731
