222.69.131.118 - - [11/Sep/2021:10:41:58 +0800] "GET /xingrg/all/common/auto_word.html?type=base&rest_code=00149 HTTP/1.1" 200 1811
120.253.135.82 - - [11/Sep/2021:10:41:58 +0800] "GET /xingrg/kc/pszx/mdps_order_info.html?code=312021091100283 HTTP/1.1" 200 19591
222.69.131.118 - - [11/Sep/2021:10:41:58 +0800] "GET /xingrg/javascript/easyui/themes/default/validatebox.css HTTP/1.1" 404 1104
120.253.135.82 - - [11/Sep/2021:10:41:59 +0800] "POST /xingrg/kc/pszx/mdps_order_operate.html HTTP/1.1" 200 509
120.253.135.82 - - [11/Sep/2021:10:41:59 +0800] "GET /xingrg/javascript/easyui/themes/default/validatebox.css HTTP/1.1" 404 1104
101.83.145.79 - - [11/Sep/2021:10:41:59 +0800] "POST /xingrg/all/common/load_select.html HTTP/1.1" 200 25
120.253.135.82 - - [11/Sep/2021:10:42:00 +0800] "POST /xingrg/kc/pszx/mdps_list_operate.html HTTP/1.1" 200 2063
101.83.145.79 - - [11/Sep/2021:10:42:00 +0800] "GET /xingrg/all/function/internal_message.html?_=1631328067438&CODE_STATE=getMsg HTTP/1.1" 200 27
180.169.147.146 - - [11/Sep/2021:10:42:01 +0800] "GET /xingrg/all/function/internal_message.html?_=1631328120147&CODE_STATE=getMsg HTTP/1.1" 200 27
101.83.145.79 - - [11/Sep/2021:10:42:04 +0800] "GET /xingrg/kc/base/wldb_order_operate.html?command=get_materiel_price&rest_code=00105&base_code=0010510&code=00101036002&unit_code=00100317 HTTP/1.1" 200 37
101.83.145.79 - - [11/Sep/2021:10:42:05 +0800] "GET /xingrg/all/function/internal_message.html?_=1631328123803&CODE_STATE=getMsg HTTP/1.1" 200 27
222.69.131.118 - - [11/Sep/2021:10:42:06 +0800] "GET /xingrg/kc/base/wldb_order_operate.html?command=get_materiel&rest_code=00149&base_code=0010394&code=00101019133 HTTP/1.1" 200 466
101.89.239.238 - - [11/Sep/2021:10:42:06 +0800] "GET /xingrg/kc/print/load_data.html?order_code=212021091104529&kc_code=cgsh HTTP/1.1" 302 -
101.89.239.238 - - [11/Sep/2021:10:42:07 +0800] "GET /xingrg/login.html HTTP/1.1" 200 7641
222.70.246.151 - - [11/Sep/2021:10:42:07 +0800] "GET /xingrg/all/function/internal_message.html?_=1631328147867&CODE_STATE=getMsg HTTP/1.1" 200 27
120.253.135.82 - - [11/Sep/2021:10:42:08 +0800] "POST /xingrg/kc/pszx/mdps_list_operate.html HTTP/1.1" 200 360
120.253.135.82 - - [11/Sep/2021:10:42:09 +0800] "POST /xingrg/kc/pszx/mdps_list_operate.html HTTP/1.1" 200 206
101.83.145.79 - - [11/Sep/2021:10:42:13 +0800] "GET /xingrg/javascript/jquery_easy_ui/themes/icons/rest.png HTTP/1.1" 304 -
101.83.145.79 - - [11/Sep/2021:10:42:13 +0800] "GET /xingrg/javascript/jquery_easy_ui/themes/icons/area.png HTTP/1.1" 304 -
101.83.145.79 - - [11/Sep/2021:10:42:13 +0800] "GET /xingrg/javascript/jquery_easy_ui/themes/icons/manage.png HTTP/1.1" 304 -
222.69.131.118 - - [11/Sep/2021:10:42:13 +0800] "GET /xingrg/kc/base/wldb_order_operate.html?command=get_materiel&rest_code=00149&base_code=0010394&code=00101019339 HTTP/1.1" 200 455
116.228.172.94 - - [11/Sep/2021:10:42:15 +0800] "GET /xingrg/all/function/internal_message.html?_=1631328136058&CODE_STATE=getMsg HTTP/1.1" 200 27
120.253.135.82 - - [11/Sep/2021:10:42:15 +0800] "POST /xingrg/kc/pszx/mdps_list_operate.html HTTP/1.1" 200 2057
120.253.135.82 - - [11/Sep/2021:10:42:16 +0800] "POST /xingrg/kc/pszx/mdps_list_operate.html HTTP/1.1" 200 624
222.69.131.118 - - [11/Sep/2021:10:42:16 +0800] "GET /xingrg/kc/base/wldb_order_operate.html?command=get_materiel&rest_code=00149&base_code=0010394&code=00101019249 HTTP/1.1" 200 470
120.253.135.82 - - [11/Sep/2021:10:42:19 +0800] "GET /xingrg/kc/pszx/mdps_order_info.html?code=312021091000271 HTTP/1.1" 200 23929
120.253.135.82 - - [11/Sep/2021:10:42:19 +0800] "POST /xingrg/kc/pszx/mdps_order_operate.html HTTP/1.1" 200 5834
120.253.135.82 - - [11/Sep/2021:10:42:19 +0800] "GET /xingrg/javascript/easyui/themes/default/validatebox.css HTTP/1.1" 404 1104
222.69.131.118 - - [11/Sep/2021:10:42:20 +0800] "GET /xingrg/kc/base/wldb_order_operate.html?command=get_materiel&rest_code=00149&base_code=0010394&code=00101019405 HTTP/1.1" 200 468
116.233.72.251 - - [11/Sep/2021:10:42:23 +0800] "GET /xingrg/all/function/internal_message.html?_=1631328142486&CODE_STATE=getMsg HTTP/1.1" 200 27
222.69.131.118 - - [11/Sep/2021:10:42:24 +0800] "GET /xingrg/kc/base/wldb_order_operate.html?command=get_materiel&rest_code=00149&base_code=0010394&code=00101019438 HTTP/1.1" 200 447
222.69.131.118 - - [11/Sep/2021:10:42:28 +0800] "GET /xingrg/kc/base/wldb_order_operate.html?command=get_materiel&rest_code=00149&base_code=0010394&code=00101019295 HTTP/1.1" 200 463
120.253.135.82 - - [11/Sep/2021:10:42:28 +0800] "POST /xingrg/kc/pszx/mdps_order_operate.html HTTP/1.1" 200 37
58.221.95.50 - - [11/Sep/2021:10:42:29 +0800] "GET /xingrg/check_reg.html?_=1631328148517 HTTP/1.1" 302 -
120.253.135.82 - - [11/Sep/2021:10:42:29 +0800] "POST /xingrg/kc/pszx/mdps_order_operate.html HTTP/1.1" 200 12
222.69.131.118 - - [11/Sep/2021:10:42:31 +0800] "GET /xingrg/kc/base/wldb_order_operate.html?command=get_materiel&rest_code=00149&base_code=0010394&code=00101019063 HTTP/1.1" 200 446
222.69.131.118 - - [11/Sep/2021:10:42:32 +0800] "GET /xingrg/all/function/internal_message.html?_=1631328151115&CODE_STATE=getMsg HTTP/1.1" 200 27
101.83.145.79 - - [11/Sep/2021:10:42:33 +0800] "GET /xingrg/kc/base/wldb_order_operate.html?command=get_materiel&rest_code=00105&base_code=0010510&code=00101036003 HTTP/1.1" 200 441
222.69.131.118 - - [11/Sep/2021:10:42:34 +0800] "GET /xingrg/kc/base/wldb_order_operate.html?command=get_materiel&rest_code=00149&base_code=0010394&code=00101013011 HTTP/1.1" 200 451
101.85.93.96 - - [11/Sep/2021:10:42:35 +0800] "GET /xingrg/all/function/internal_message.html?_=1631328076816&CODE_STATE=getMsg HTTP/1.1" 200 27
116.238.194.18 - - [11/Sep/2021:10:42:36 +0800] "GET /xingrg/all/function/internal_message.html?_=1631328154713&CODE_STATE=getMsg HTTP/1.1" 200 27
101.83.145.79 - - [11/Sep/2021:10:42:37 +0800] "GET /xingrg/javascript/jquery_easy_ui/themes/icons/rest.png HTTP/1.1" 304 -
101.83.145.79 - - [11/Sep/2021:10:42:37 +0800] "GET /xingrg/javascript/jquery_easy_ui/themes/icons/area.png HTTP/1.1" 304 -
120.253.135.82 - - [11/Sep/2021:10:42:38 +0800] "GET /xingrg/kc/pszx/mdps_order_info.html?code=312021091000271 HTTP/1.1" 200 19589
120.253.135.82 - - [11/Sep/2021:10:42:38 +0800] "POST /xingrg/kc/pszx/mdps_order_operate.html HTTP/1.1" 200 4028
120.253.135.82 - - [11/Sep/2021:10:42:38 +0800] "GET /xingrg/javascript/easyui/themes/default/validatebox.css HTTP/1.1" 404 1104
222.69.131.118 - - [11/Sep/2021:10:42:38 +0800] "GET /xingrg/kc/base/wldb_order_operate.html?command=get_materiel&rest_code=00149&base_code=0010394&code=00101016086 HTTP/1.1" 200 468
101.83.145.79 - - [11/Sep/2021:10:42:38 +0800] "POST /xingrg/all/common/load_select.html HTTP/1.1" 200 25
120.253.135.82 - - [11/Sep/2021:10:42:39 +0800] "POST /xingrg/kc/pszx/mdps_list_operate.html HTTP/1.1" 200 1689
222.70.246.151 - - [11/Sep/2021:10:42:39 +0800] "GET /xingrg/all/function/internal_message.html?_=1631328160265&CODE_STATE=getMsg HTTP/1.1" 200 27
120.253.135.82 - - [11/Sep/2021:10:42:40 +0800] "POST /xingrg/kc/pszx/mdps_list_operate.html HTTP/1.1" 200 293
120.253.135.82 - - [11/Sep/2021:10:42:41 +0800] "GET /xingrg/kc/pszx/mdps_order_info.html?code=312021091000272 HTTP/1.1" 200 23929
120.253.135.82 - - [11/Sep/2021:10:42:41 +0800] "POST /xingrg/kc/pszx/mdps_order_operate.html HTTP/1.1" 200 2793
116.238.168.124 - - [11/Sep/2021:10:42:41 +0800] "GET /xingrg/all/function/internal_message.html?_=1631328139132&CODE_STATE=getMsg HTTP/1.1" 200 27
120.253.135.82 - - [11/Sep/2021:10:42:41 +0800] "GET /xingrg/javascript/easyui/themes/default/validatebox.css HTTP/1.1" 404 1104
222.69.131.118 - - [11/Sep/2021:10:42:41 +0800] "GET /xingrg/kc/base/wldb_order_operate.html?command=get_materiel&rest_code=00149&base_code=0010394&code=00101019297 HTTP/1.1" 200 464
116.238.194.18 - - [11/Sep/2021:10:42:42 +0800] "GET /xingrg/all/function/internal_message.html?_=1631328133237&CODE_STATE=getMsg HTTP/1.1" 200 27
120.253.135.82 - - [11/Sep/2021:10:42:44 +0800] "GET /xingrg/all/function/internal_message.html?_=1631328154230&CODE_STATE=getMsg HTTP/1.1" 200 27
101.83.145.79 - - [11/Sep/2021:10:42:44 +0800] "GET /xingrg/kc/base/wldb_order_operate.html?command=get_materiel_price&rest_code=00105&base_code=0010510&code=00101036003&unit_code=00100317 HTTP/1.1" 200 37
120.253.135.82 - - [11/Sep/2021:10:42:44 +0800] "GET /xingrg/all/function/internal_message.html?_=1631327756196&CODE_STATE=getMsg HTTP/1.1" 302 -
222.69.131.118 - - [11/Sep/2021:10:42:45 +0800] "GET /xingrg/kc/base/wldb_order_operate.html?command=get_materiel&rest_code=00149&base_code=0010394&code=00101019430 HTTP/1.1" 200 463
120.253.135.82 - - [11/Sep/2021:10:42:45 +0800] "POST /xingrg/kc/pszx/mdps_order_operate.html HTTP/1.1" 200 37
120.253.135.82 - - [11/Sep/2021:10:42:46 +0800] "POST /xingrg/kc/pszx/mdps_order_operate.html HTTP/1.1" 200 12
180.157.254.90 - - [11/Sep/2021:10:42:47 +0800] "GET /xingrg/check_reg.html?_=1631328165841 HTTP/1.1" 200 22
180.157.254.90 - - [11/Sep/2021:10:42:47 +0800] "GET /xingrg/all/function/internal_message.html?_=1631328165842&CODE_STATE=getMsg HTTP/1.1" 200 27
222.69.131.118 - - [11/Sep/2021:10:42:49 +0800] "GET /xingrg/kc/base/wldb_order_operate.html?command=get_materiel&rest_code=00149&base_code=0010394&code=00101016060 HTTP/1.1" 200 464
116.237.74.154 - - [11/Sep/2021:10:42:50 +0800] "GET /xingrg/all/function/internal_message.html?_=1631328163055&CODE_STATE=getMsg HTTP/1.1" 200 27
116.230.105.26 - - [11/Sep/2021:10:42:50 +0800] "GET /xingrg/all/function/internal_message.html?_=1631328167723&CODE_STATE=getMsg HTTP/1.1" 200 27
58.37.227.186 - - [11/Sep/2021:10:42:51 +0800] "GET /xingrg/all/function/internal_message.html?_=1631328043901&CODE_STATE=getMsg HTTP/1.1" 200 27
116.228.172.94 - - [11/Sep/2021:10:42:58 +0800] "POST /xingrg/kc/buy/cgsh_order_operate.html HTTP/1.1" 200 37
116.228.172.94 - - [11/Sep/2021:10:43:00 +0800] "POST /xingrg/kc/buy/cgsh_order_operate.html HTTP/1.1" 200 16436
101.83.145.79 - - [11/Sep/2021:10:43:00 +0800] "GET /xingrg/all/function/internal_message.html?_=1631328127436&CODE_STATE=getMsg HTTP/1.1" 200 27
180.169.147.146 - - [11/Sep/2021:10:43:01 +0800] "GET /xingrg/all/function/internal_message.html?_=1631328180151&CODE_STATE=getMsg HTTP/1.1" 200 27
116.238.168.124 - - [11/Sep/2021:10:43:03 +0800] "POST /xingrg/services/DataTransmitService HTTP/1.1" 200 524
116.238.168.124 - - [11/Sep/2021:10:43:03 +0800] "POST /xingrg/services/DataTransmitService HTTP/1.1" 200 501
101.83.145.79 - - [11/Sep/2021:10:43:05 +0800] "GET /xingrg/all/function/internal_message.html?_=1631328183772&CODE_STATE=getMsg HTTP/1.1" 200 27
222.70.246.151 - - [11/Sep/2021:10:43:07 +0800] "GET /xingrg/all/function/internal_message.html?_=1631328207871&CODE_STATE=getMsg HTTP/1.1" 200 27
222.69.131.118 - - [11/Sep/2021:10:43:13 +0800] "POST /xingrg/kc/base/wldb_order_operate.html HTTP/1.1" 200 37
222.69.131.118 - - [11/Sep/2021:10:43:14 +0800] "POST /xingrg/kc/base/wldb_order_operate.html HTTP/1.1" 200 7734
222.69.131.118 - - [11/Sep/2021:10:43:14 +0800] "GET /xingrg/kc/base/wldb_order_info.html?code=422021091101125 HTTP/1.1" 200 30459
116.228.172.94 - - [11/Sep/2021:10:43:15 +0800] "GET /xingrg/all/function/internal_message.html?_=1631328196032&CODE_STATE=getMsg HTTP/1.1" 200 27
222.69.131.118 - - [11/Sep/2021:10:43:15 +0800] "GET /xingrg/javascript/easyui/themes/default/validatebox.css HTTP/1.1" 404 1104
116.228.172.94 - - [11/Sep/2021:10:43:15 +0800] "GET /xingrg/kc/print/load_config.html?kc_code=cgsh HTTP/1.1" 200 2076
116.228.172.94 - - [11/Sep/2021:10:43:15 +0800] "GET /xingrg/kc/print/load_data.html?order_code=212021091104521&kc_code=cgsh&condition= HTTP/1.1" 200 5935
222.69.131.118 - - [11/Sep/2021:10:43:15 +0800] "POST /xingrg/kc/base/wldb_order_operate.html HTTP/1.1" 200 7734
120.253.135.82 - - [11/Sep/2021:10:43:16 +0800] "GET /xingrg/kc/pszx/mdps_order_info.html?code=312021091000272 HTTP/1.1" 200 19589
120.253.135.82 - - [11/Sep/2021:10:43:16 +0800] "POST /xingrg/kc/pszx/mdps_order_operate.html HTTP/1.1" 200 1011
120.253.135.82 - - [11/Sep/2021:10:43:16 +0800] "GET /xingrg/javascript/easyui/themes/default/validatebox.css HTTP/1.1" 404 1104
222.69.131.118 - - [11/Sep/2021:10:43:17 +0800] "GET /xingrg/kc/base/wldb_order_add.html HTTP/1.1" 200 30444
222.69.131.118 - - [11/Sep/2021:10:43:17 +0800] "POST /xingrg/kc/base/wldb_order_operate.html HTTP/1.1" 200 6806
222.69.131.118 - - [11/Sep/2021:10:43:17 +0800] "GET /xingrg/javascript/easyui/themes/default/validatebox.css HTTP/1.1" 404 1104
101.83.145.79 - - [11/Sep/2021:10:43:19 +0800] "POST /xingrg/kc/base/wldb_order_operate.html HTTP/1.1" 200 37
101.83.145.79 - - [11/Sep/2021:10:43:20 +0800] "POST /xingrg/kc/base/wldb_order_operate.html HTTP/1.1" 200 2668
101.83.145.79 - - [11/Sep/2021:10:43:21 +0800] "GET /xingrg/kc/base/wldb_order_info.html?code=422021091101126 HTTP/1.1" 200 30450
101.83.145.79 - - [11/Sep/2021:10:43:21 +0800] "GET /xingrg/javascript/easyui/themes/default/validatebox.css HTTP/1.1" 404 1104
101.83.145.79 - - [11/Sep/2021:10:43:21 +0800] "POST /xingrg/kc/base/wldb_order_operate.html HTTP/1.1" 200 2668
116.233.72.251 - - [11/Sep/2021:10:43:23 +0800] "GET /xingrg/all/function/internal_message.html?_=1631328202167&CODE_STATE=getMsg HTTP/1.1" 200 27
116.233.72.251 - - [11/Sep/2021:10:43:23 +0800] "GET /xingrg/check_reg.html?_=1631328202168 HTTP/1.1" 200 22
120.253.135.82 - - [11/Sep/2021:10:43:24 +0800] "POST /xingrg/kc/pszx/mdps_list_operate.html HTTP/1.1" 200 868
101.83.145.79 - - [11/Sep/2021:10:43:25 +0800] "GET /xingrg/kc/print/load_config.html?kc_code=wldb HTTP/1.1" 200 2173
101.83.145.79 - - [11/Sep/2021:10:43:25 +0800] "GET /xingrg/kc/print/load_data.html?order_code=422021091101126&kc_code=wldb&condition= HTTP/1.1" 200 670
120.253.135.82 - - [11/Sep/2021:10:43:25 +0800] "GET /xingrg/javascript/jquery_easy_ui/themes/default/images/tabs_active.png HTTP/1.1" 304 -
116.238.194.18 - - [11/Sep/2021:10:43:26 +0800] "GET /favicon.ico HTTP/1.1" 404 -
120.253.135.82 - - [11/Sep/2021:10:43:28 +0800] "GET /xingrg/kc/buy/cgsh_order_list.html HTTP/1.1" 200 47688
120.253.135.82 - - [11/Sep/2021:10:43:29 +0800] "POST /xingrg/kc/buy/cgsh_list_operate.html HTTP/1.1" 200 876
120.253.135.82 - - [11/Sep/2021:10:43:30 +0800] "GET /xingrg/kc/buy/cgsh_order_add.html HTTP/1.1" 200 62487
120.253.135.82 - - [11/Sep/2021:10:43:30 +0800] "GET /xingrg/javascript/easyui/themes/icons/template_new.png HTTP/1.1" 304 -
120.253.135.82 - - [11/Sep/2021:10:43:30 +0800] "POST /xingrg/kc/buy/cgsh_order_operate.html HTTP/1.1" 200 8245
120.253.135.82 - - [11/Sep/2021:10:43:31 +0800] "GET /xingrg/all/common/auto_word.html?type=employee&rest_code=00101 HTTP/1.1" 200 1173
120.253.135.82 - - [11/Sep/2021:10:43:31 +0800] "GET /xingrg/all/common/auto_word.html?type=employee&rest_code=00101 HTTP/1.1" 200 1173
120.253.135.82 - - [11/Sep/2021:10:43:31 +0800] "GET /xingrg/javascript/easyui/themes/default/validatebox.css HTTP/1.1" 404 1104
222.69.131.118 - - [11/Sep/2021:10:43:32 +0800] "GET /xingrg/all/function/internal_message.html?_=1631328211118&CODE_STATE=getMsg HTTP/1.1" 200 27
222.69.131.118 - - [11/Sep/2021:10:43:35 +0800] "GET /xingrg/kc/base/wldb_order_operate.html?command=get_materiel&rest_code=00149&base_code=0010394&code=00101019283 HTTP/1.1" 200 451
101.85.93.96 - - [11/Sep/2021:10:43:35 +0800] "GET /xingrg/all/function/internal_message.html?_=1631328136816&CODE_STATE=getMsg HTTP/1.1" 200 27
116.238.194.18 - - [11/Sep/2021:10:43:36 +0800] "GET /xingrg/all/function/internal_message.html?_=1631328214711&CODE_STATE=getMsg HTTP/1.1" 200 27
116.228.172.94 - - [11/Sep/2021:10:43:37 +0800] "POST /xingrg/kc/buy/cgsh_list_operate.html HTTP/1.1" 200 2015
120.253.135.82 - - [11/Sep/2021:10:43:37 +0800] "POST /xingrg/all/common/load_combo.html?type=employee HTTP/1.1" 200 2101
222.70.246.151 - - [11/Sep/2021:10:43:39 +0800] "GET /xingrg/all/function/internal_message.html?_=1631328220264&CODE_STATE=getMsg HTTP/1.1" 200 27
116.228.172.94 - - [11/Sep/2021:10:43:40 +0800] "POST /xingrg/kc/buy/cgsh_list_operate.html HTTP/1.1" 200 346
101.83.145.79 - - [11/Sep/2021:10:43:41 +0800] "GET /xingrg/check_reg.html?_=1631328219850 HTTP/1.1" 200 22
116.238.168.124 - - [11/Sep/2021:10:43:41 +0800] "GET /xingrg/all/function/internal_message.html?_=1631328199149&CODE_STATE=getMsg HTTP/1.1" 200 27
116.238.194.18 - - [11/Sep/2021:10:43:42 +0800] "GET /xingrg/all/function/internal_message.html?_=1631328193256&CODE_STATE=getMsg HTTP/1.1" 200 27
116.233.72.251 - - [11/Sep/2021:10:43:43 +0800] "GET /xingrg/kc/buy/cgsh_order_operate.html?command=get_materiel&rest_code=00109&code=00101008357&supplier_code=00100005&order_time=2021-09-11 HTTP/1.1" 200 408
120.253.135.82 - - [11/Sep/2021:10:43:44 +0800] "GET /xingrg/all/function/internal_message.html?_=1631328214243&CODE_STATE=getMsg HTTP/1.1" 200 27
120.253.135.82 - - [11/Sep/2021:10:43:44 +0800] "GET /xingrg/all/function/internal_message.html?_=1631327816171&CODE_STATE=getMsg HTTP/1.1" 302 -
222.69.131.118 - - [11/Sep/2021:10:43:47 +0800] "GET /xingrg/kc/base/wldb_order_operate.html?command=get_materiel&rest_code=00149&base_code=0010394&code=00101019187 HTTP/1.1" 200 465
180.157.254.90 - - [11/Sep/2021:10:43:47 +0800] "GET /xingrg/all/function/internal_message.html?_=1631328225841&CODE_STATE=getMsg HTTP/1.1" 200 27
120.253.135.82 - - [11/Sep/2021:10:43:48 +0800] "GET /xingrg/kc/buy/cgsh_order_operate.html?command=get_materiel&rest_code=00101&code=00102004006&supplier_code=00100143&order_time=2021-09-11 HTTP/1.1" 200 441
120.253.135.82 - - [11/Sep/2021:10:43:48 +0800] "GET /xingrg/check_reg.html?_=1631328000519 HTTP/1.1" 200 22
116.228.172.94 - - [11/Sep/2021:10:43:48 +0800] "GET /xingrg/kc/buy/cgsh_order_info.html?code=212021091104534 HTTP/1.1" 200 62479
116.228.172.94 - - [11/Sep/2021:10:43:49 +0800] "GET /xingrg/javascript/easyui/themes/default/validatebox.css HTTP/1.1" 404 1104
116.228.172.94 - - [11/Sep/2021:10:43:49 +0800] "POST /xingrg/kc/buy/cgsh_order_operate.html HTTP/1.1" 200 3843
116.237.74.154 - - [11/Sep/2021:10:43:50 +0800] "GET /xingrg/all/function/internal_message.html?_=1631328223025&CODE_STATE=getMsg HTTP/1.1" 200 27
101.89.239.120 - - [11/Sep/2021:10:43:50 +0800] "GET /xingrg/all/function/internal_message.html?_=1631328163055&CODE_STATE=getMsg HTTP/1.1" 302 -
101.89.239.120 - - [11/Sep/2021:10:43:50 +0800] "GET /xingrg/login.html HTTP/1.1" 200 7641
116.230.105.26 - - [11/Sep/2021:10:43:50 +0800] "GET /xingrg/check_reg.html?_=1631328227728 HTTP/1.1" 200 22
116.230.105.26 - - [11/Sep/2021:10:43:50 +0800] "GET /xingrg/all/function/internal_message.html?_=1631328227732&CODE_STATE=getMsg HTTP/1.1" 200 27
116.228.172.94 - - [11/Sep/2021:10:43:51 +0800] "POST /xingrg/kc/buy/cgsh_list_operate.html HTTP/1.1" 200 2015
116.228.172.94 - - [11/Sep/2021:10:43:51 +0800] "GET /xingrg/kc/print/load_data.html?order_code=212021091104534&kc_code=cgsh&condition= HTTP/1.1" 200 1101
58.37.227.186 - - [11/Sep/2021:10:43:51 +0800] "GET /xingrg/check_reg.html?_=1631328103901 HTTP/1.1" 200 22
58.37.227.186 - - [11/Sep/2021:10:43:51 +0800] "GET /xingrg/all/function/internal_message.html?_=1631328103902&CODE_STATE=getMsg HTTP/1.1" 200 27
101.83.145.79 - - [11/Sep/2021:10:43:52 +0800] "GET /xingrg/kc/buy/cgsh_order_list.html HTTP/1.1" 200 47688
101.83.145.79 - - [11/Sep/2021:10:43:54 +0800] "POST /xingrg/kc/buy/cgsh_list_operate.html HTTP/1.1" 200 3493
222.69.131.118 - - [11/Sep/2021:10:43:58 +0800] "POST /xingrg/kc/base/wldb_order_operate.html HTTP/1.1" 200 37
222.69.131.118 - - [11/Sep/2021:10:43:59 +0800] "POST /xingrg/kc/base/wldb_order_operate.html HTTP/1.1" 200 3722
222.69.131.118 - - [11/Sep/2021:10:44:00 +0800] "GET /xingrg/kc/base/wldb_order_info.html?code=422021091101127 HTTP/1.1" 200 30464
101.83.145.79 - - [11/Sep/2021:10:44:00 +0800] "GET /xingrg/all/function/internal_message.html?_=1631328187439&CODE_STATE=getMsg HTTP/1.1" 200 27
222.69.131.118 - - [11/Sep/2021:10:44:00 +0800] "GET /xingrg/javascript/easyui/themes/default/validatebox.css HTTP/1.1" 404 1104
222.69.131.118 - - [11/Sep/2021:10:44:00 +0800] "POST /xingrg/kc/base/wldb_order_operate.html HTTP/1.1" 200 3722
116.233.72.251 - - [11/Sep/2021:10:44:01 +0800] "GET /xingrg/kc/buy/cgsh_order_operate.html?command=get_materiel&rest_code=00109&code=00101008286&supplier_code=00100005&order_time=2021-09-11 HTTP/1.1" 200 408
180.169.147.146 - - [11/Sep/2021:10:44:01 +0800] "GET /xingrg/check_reg.html?_=1631328240140 HTTP/1.1" 200 22
180.169.147.146 - - [11/Sep/2021:10:44:01 +0800] "GET /xingrg/all/function/internal_message.html?_=1631328240142&CODE_STATE=getMsg HTTP/1.1" 200 27
222.69.131.118 - - [11/Sep/2021:10:44:02 +0800] "GET /xingrg/kc/base/wldb_order_add.html HTTP/1.1" 200 30444
222.69.131.118 - - [11/Sep/2021:10:44:02 +0800] "POST /xingrg/kc/base/wldb_order_operate.html HTTP/1.1" 200 6806
222.69.131.118 - - [11/Sep/2021:10:44:02 +0800] "GET /xingrg/javascript/easyui/themes/default/validatebox.css HTTP/1.1" 404 1104
101.83.145.79 - - [11/Sep/2021:10:44:05 +0800] "GET /xingrg/all/function/internal_message.html?_=1631328243742&CODE_STATE=getMsg HTTP/1.1" 200 27
222.70.246.151 - - [11/Sep/2021:10:44:05 +0800] "GET /xingrg/check_reg.html?_=1631328265487 HTTP/1.1" 200 22
222.70.246.151 - - [11/Sep/2021:10:44:07 +0800] "GET /xingrg/all/function/internal_message.html?_=1631328267886&CODE_STATE=getMsg HTTP/1.1" 200 27
180.157.254.90 - - [11/Sep/2021:10:44:10 +0800] "POST /xingrg/services/DataTransmitService HTTP/1.1" 200 524
180.157.254.90 - - [11/Sep/2021:10:44:11 +0800] "POST /xingrg/services/DataTransmitService HTTP/1.1" 200 412
222.69.131.118 - - [11/Sep/2021:10:44:11 +0800] "GET /xingrg/kc/base/wldb_order_operate.html?command=get_materiel&rest_code=00149&base_code=0010394&code=00101027001 HTTP/1.1" 200 471
101.83.145.79 - - [11/Sep/2021:10:44:11 +0800] "POST /xingrg/kc/buy/cgsh_list_operate.html HTTP/1.1" 200 1719
120.253.135.82 - - [11/Sep/2021:10:44:13 +0800] "GET /xingrg/kc/buy/cgsh_order_operate.html?command=get_materiel&rest_code=00101&code=00102004030&supplier_code=00100143&order_time=2021-09-11 HTTP/1.1" 200 442
101.83.145.79 - - [11/Sep/2021:10:44:13 +0800] "POST /xingrg/kc/buy/cgsh_list_operate.html HTTP/1.1" 200 202
116.228.172.94 - - [11/Sep/2021:10:44:14 +0800] "GET /xingrg/check_reg.html?_=1631328255230 HTTP/1.1" 200 22
116.228.172.94 - - [11/Sep/2021:10:44:14 +0800] "GET /xingrg/all/function/internal_message.html?_=1631328256012&CODE_STATE=getMsg HTTP/1.1" 200 27
222.69.131.118 - - [11/Sep/2021:10:44:15 +0800] "GET /xingrg/kc/base/wldb_order_operate.html?command=get_materiel&rest_code=00149&base_code=0010394&code=00101019058 HTTP/1.1" 200 454
116.233.72.251 - - [11/Sep/2021:10:44:22 +0800] "GET /xingrg/kc/buy/cgsh_order_operate.html?command=get_materiel&rest_code=00109&code=00101008350&supplier_code=00100005&order_time=2021-09-11 HTTP/1.1" 200 408
116.233.72.251 - - [11/Sep/2021:10:44:23 +0800] "GET /xingrg/all/function/internal_message.html?_=1631328262170&CODE_STATE=getMsg HTTP/1.1" 200 27
120.253.135.82 - - [11/Sep/2021:10:44:28 +0800] "GET /xingrg/kc/buy/cgsh_order_operate.html?command=get_materiel&rest_code=00101&code=00102004026&supplier_code=00100143&order_time=2021-09-11 HTTP/1.1" 200 442
116.238.194.18 - - [11/Sep/2021:10:44:29 +0800] "GET /xingrg/check_reg.html?_=1631328240180 HTTP/1.1" 200 22
222.69.131.118 - - [11/Sep/2021:10:44:32 +0800] "GET /xingrg/all/function/internal_message.html?_=1631328271069&CODE_STATE=getMsg HTTP/1.1" 200 27
222.69.131.118 - - [11/Sep/2021:10:44:32 +0800] "GET /xingrg/check_reg.html?_=1631328271384 HTTP/1.1" 200 22
101.85.93.96 - - [11/Sep/2021:10:44:35 +0800] "GET /xingrg/all/function/internal_message.html?_=1631328196814&CODE_STATE=getMsg HTTP/1.1" 200 27
116.238.194.18 - - [11/Sep/2021:10:44:36 +0800] "GET /xingrg/all/function/internal_message.html?_=1631328274710&CODE_STATE=getMsg HTTP/1.1" 200 27
222.70.246.151 - - [11/Sep/2021:10:44:39 +0800] "GET /xingrg/all/function/internal_message.html?_=1631328280263&CODE_STATE=getMsg HTTP/1.1" 200 27
120.253.135.82 - - [11/Sep/2021:10:44:40 +0800] "POST /xingrg/kc/buy/cgsh_order_operate.html HTTP/1.1" 200 37
116.238.194.18 - - [11/Sep/2021:10:44:42 +0800] "GET /xingrg/all/function/internal_message.html?_=1631328253264&CODE_STATE=getMsg HTTP/1.1" 200 27
120.253.135.82 - - [11/Sep/2021:10:44:42 +0800] "POST /xingrg/kc/buy/cgsh_order_operate.html HTTP/1.1" 200 3895
116.238.168.124 - - [11/Sep/2021:10:44:43 +0800] "GET /xingrg/check_reg.html?_=1631328260441 HTTP/1.1" 200 22
116.238.168.124 - - [11/Sep/2021:10:44:43 +0800] "GET /xingrg/all/function/internal_message.html?_=1631328260541&CODE_STATE=getMsg HTTP/1.1" 200 27
120.253.135.82 - - [11/Sep/2021:10:44:43 +0800] "GET /xingrg/check_reg.html?_=1631328273765 HTTP/1.1" 200 22
120.253.135.82 - - [11/Sep/2021:10:44:44 +0800] "GET /xingrg/all/function/internal_message.html?_=1631328274256&CODE_STATE=getMsg HTTP/1.1" 200 27
120.253.135.82 - - [11/Sep/2021:10:44:44 +0800] "GET /xingrg/all/function/internal_message.html?_=1631327876141&CODE_STATE=getMsg HTTP/1.1" 302 -
120.253.135.82 - - [11/Sep/2021:10:44:45 +0800] "GET /xingrg/kc/print/load_config.html?kc_code=cgsh HTTP/1.1" 200 2076
120.253.135.82 - - [11/Sep/2021:10:44:45 +0800] "GET /xingrg/kc/print/load_data.html?order_code=212021091104538&kc_code=cgsh&condition= HTTP/1.1" 200 1154
124.79.246.142 - - [11/Sep/2021:10:44:46 +0800] "POST /xingrg/services/DataTransmitService HTTP/1.1" 200 524
180.157.254.90 - - [11/Sep/2021:10:44:47 +0800] "GET /xingrg/all/function/internal_message.html?_=1631328285840&CODE_STATE=getMsg HTTP/1.1" 200 27
116.237.74.154 - - [11/Sep/2021:10:44:50 +0800] "GET /xingrg/all/function/internal_message.html?_=1631328283000&CODE_STATE=getMsg HTTP/1.1" 200 27
116.230.105.26 - - [11/Sep/2021:10:44:50 +0800] "GET /xingrg/all/function/internal_message.html?_=1631328287726&CODE_STATE=getMsg HTTP/1.1" 200 27
58.37.227.186 - - [11/Sep/2021:10:44:51 +0800] "GET /xingrg/all/function/internal_message.html?_=1631328163887&CODE_STATE=getMsg HTTP/1.1" 200 27
116.233.72.251 - - [11/Sep/2021:10:44:56 +0800] "GET /xingrg/kc/buy/cgsh_order_operate.html?command=get_materiel&rest_code=00109&code=00101008036&supplier_code=00100005&order_time=2021-09-11 HTTP/1.1" 200 408
116.233.72.251 - - [11/Sep/2021:10:45:00 +0800] "POST /xingrg/kc/buy/cgsh_order_operate.html HTTP/1.1" 200 2065
101.83.145.79 - - [11/Sep/2021:10:45:00 +0800] "GET /xingrg/all/function/internal_message.html?_=1631328247439&CODE_STATE=getMsg HTTP/1.1" 200 27
180.169.147.146 - - [11/Sep/2021:10:45:01 +0800] "GET /xingrg/all/function/internal_message.html?_=1631328300143&CODE_STATE=getMsg HTTP/1.1" 200 27
101.83.145.79 - - [11/Sep/2021:10:45:05 +0800] "GET /xingrg/all/function/internal_message.html?_=1631328303747&CODE_STATE=getMsg HTTP/1.1" 200 27
222.70.246.151 - - [11/Sep/2021:10:45:07 +0800] "GET /xingrg/all/function/internal_message.html?_=1631328327898&CODE_STATE=getMsg HTTP/1.1" 200 27
116.228.172.94 - - [11/Sep/2021:10:45:14 +0800] "GET /xingrg/all/function/internal_message.html?_=1631328315983&CODE_STATE=getMsg HTTP/1.1" 200 27
116.233.72.251 - - [11/Sep/2021:10:45:16 +0800] "POST /xingrg/kc/buy/cgsh_order_operate.html HTTP/1.1" 200 37
116.233.72.251 - - [11/Sep/2021:10:45:19 +0800] "POST /xingrg/kc/buy/cgsh_order_operate.html HTTP/1.1" 200 49373
116.233.72.251 - - [11/Sep/2021:10:45:23 +0800] "GET /xingrg/all/function/internal_message.html?_=1631328322171&CODE_STATE=getMsg HTTP/1.1" 200 27
116.233.72.251 - - [11/Sep/2021:10:45:26 +0800] "GET /xingrg/kc/print/load_config.html?kc_code=cgsh HTTP/1.1" 200 2076
116.233.72.251 - - [11/Sep/2021:10:45:26 +0800] "GET /xingrg/kc/print/load_data.html?order_code=212021091104517&kc_code=cgsh&condition= HTTP/1.1" 200 18351
58.40.7.146 - - [11/Sep/2021:10:45:28 +0800] "GET /xingrg/check_reg.html?_=1631328327436 HTTP/1.1" 302 -
222.69.131.118 - - [11/Sep/2021:10:45:32 +0800] "GET /xingrg/all/function/internal_message.html?_=1631328331041&CODE_STATE=getMsg HTTP/1.1" 200 27
116.228.172.94 - - [11/Sep/2021:10:45:33 +0800] "POST /xingrg/kc/buy/cgsh_list_operate.html HTTP/1.1" 200 2015
101.85.93.96 - - [11/Sep/2021:10:45:35 +0800] "GET /xingrg/all/function/internal_message.html?_=1631328256813&CODE_STATE=getMsg HTTP/1.1" 200 27
116.238.194.18 - - [11/Sep/2021:10:45:36 +0800] "GET /xingrg/all/function/internal_message.html?_=1631328334709&CODE_STATE=getMsg HTTP/1.1" 200 27
116.238.194.18 - - [11/Sep/2021:10:45:36 +0800] "GET /xingrg/check_reg.html?_=1631328334725 HTTP/1.1" 200 22
222.70.246.151 - - [11/Sep/2021:10:45:40 +0800] "GET /xingrg/all/function/internal_message.html?_=1631328340264&CODE_STATE=getMsg HTTP/1.1" 200 27
116.238.194.18 - - [11/Sep/2021:10:45:42 +0800] "GET /xingrg/all/function/internal_message.html?_=1631328313278&CODE_STATE=getMsg HTTP/1.1" 200 27
116.238.168.124 - - [11/Sep/2021:10:45:42 +0800] "GET /xingrg/all/function/internal_message.html?_=1631328320548&CODE_STATE=getMsg HTTP/1.1" 200 27
120.253.135.82 - - [11/Sep/2021:10:45:44 +0800] "GET /xingrg/all/function/internal_message.html?_=1631328334269&CODE_STATE=getMsg HTTP/1.1" 200 27
120.253.135.82 - - [11/Sep/2021:10:45:44 +0800] "GET /xingrg/all/function/internal_message.html?_=1631327936111&CODE_STATE=getMsg HTTP/1.1" 302 -
116.228.172.94 - - [11/Sep/2021:10:45:45 +0800] "POST /xingrg/kc/buy/cgsh_list_operate.html HTTP/1.1" 200 4
180.157.254.90 - - [11/Sep/2021:10:45:47 +0800] "GET /xingrg/all/function/internal_message.html?_=1631328345839&CODE_STATE=getMsg HTTP/1.1" 200 27
116.228.172.94 - - [11/Sep/2021:10:45:47 +0800] "POST /xingrg/kc/buy/cgsh_list_operate.html HTTP/1.1" 200 876
120.253.135.82 - - [11/Sep/2021:10:45:50 +0800] "GET /xingrg/check_reg.html?_=1631327941476 HTTP/1.1" 302 -
116.237.74.154 - - [11/Sep/2021:10:45:50 +0800] "GET /xingrg/all/function/internal_message.html?_=1631328342970&CODE_STATE=getMsg HTTP/1.1" 200 27
116.230.105.26 - - [11/Sep/2021:10:45:50 +0800] "GET /xingrg/all/function/internal_message.html?_=1631328347728&CODE_STATE=getMsg HTTP/1.1" 200 27
61.151.178.217 - - [11/Sep/2021:10:45:51 +0800] "GET /xingrg/all/function/internal_message.html?_=1631328283000&CODE_STATE=getMsg HTTP/1.1" 302 -
61.151.178.217 - - [11/Sep/2021:10:45:51 +0800] "GET /xingrg/login.html HTTP/1.1" 200 7641
58.37.227.186 - - [11/Sep/2021:10:45:51 +0800] "GET /xingrg/all/function/internal_message.html?_=1631328223889&CODE_STATE=getMsg HTTP/1.1" 200 27
116.228.172.94 - - [11/Sep/2021:10:45:57 +0800] "GET /xingrg/kc/buy/buy_main.html HTTP/1.1" 200 12412
116.228.172.94 - - [11/Sep/2021:10:45:57 +0800] "GET /xingrg/css/new_ie.css HTTP/1.1" 404 1036
101.83.145.79 - - [11/Sep/2021:10:46:00 +0800] "GET /xingrg/all/function/internal_message.html?_=1631328307439&CODE_STATE=getMsg HTTP/1.1" 200 27
101.83.145.79 - - [11/Sep/2021:10:46:00 +0800] "GET /xingrg/check_reg.html?_=1631328307442 HTTP/1.1" 200 22
180.169.147.146 - - [11/Sep/2021:10:46:01 +0800] "GET /xingrg/all/function/internal_message.html?_=1631328360146&CODE_STATE=getMsg HTTP/1.1" 200 27
101.83.145.79 - - [11/Sep/2021:10:46:04 +0800] "GET /xingrg/all/function/internal_message.html?_=1631328363693&CODE_STATE=getMsg HTTP/1.1" 200 27
222.70.246.151 - - [11/Sep/2021:10:46:07 +0800] "GET /xingrg/all/function/internal_message.html?_=1631328387912&CODE_STATE=getMsg HTTP/1.1" 200 27
116.233.72.251 - - [11/Sep/2021:10:46:11 +0800] "GET /xingrg/kc/buy/cgsh_order_add.html HTTP/1.1" 200 63467
116.233.72.251 - - [11/Sep/2021:10:46:11 +0800] "POST /xingrg/kc/buy/cgsh_order_operate.html HTTP/1.1" 200 8245
116.233.72.251 - - [11/Sep/2021:10:46:11 +0800] "GET /xingrg/all/common/auto_word.html?type=employee&rest_code=00109 HTTP/1.1" 200 255
116.233.72.251 - - [11/Sep/2021:10:46:11 +0800] "GET /xingrg/all/common/auto_word.html?type=employee&rest_code=00109 HTTP/1.1" 200 255
116.233.72.251 - - [11/Sep/2021:10:46:11 +0800] "GET /xingrg/javascript/easyui/themes/default/validatebox.css HTTP/1.1" 404 1104
116.228.172.94 - - [11/Sep/2021:10:46:15 +0800] "GET /xingrg/all/function/internal_message.html?_=1631328376072&CODE_STATE=getMsg HTTP/1.1" 200 27
116.233.72.251 - - [11/Sep/2021:10:46:23 +0800] "GET /xingrg/all/function/internal_message.html?_=1631328382173&CODE_STATE=getMsg HTTP/1.1" 200 27
120.253.135.82 - - [11/Sep/2021:10:46:26 +0800] "POST /xingrg/kc/buy/cgsh_order_operate.html HTTP/1.1" 200 37
120.253.135.82 - - [11/Sep/2021:10:46:29 +0800] "POST /xingrg/kc/buy/cgsh_order_operate.html HTTP/1.1" 200 12
120.253.135.82 - - [11/Sep/2021:10:46:30 +0800] "GET /xingrg/kc/buy/cgsh_order_info.html?code=212021091104538 HTTP/1.1" 200 57379
120.253.135.82 - - [11/Sep/2021:10:46:31 +0800] "GET /xingrg/javascript/easyui/themes/default/validatebox.css HTTP/1.1" 404 1104
120.253.135.82 - - [11/Sep/2021:10:46:31 +0800] "POST /xingrg/kc/buy/cgsh_order_operate.html HTTP/1.1" 200 1845
222.69.131.118 - - [11/Sep/2021:10:46:32 +0800] "GET /xingrg/all/function/internal_message.html?_=1631328391026&CODE_STATE=getMsg HTTP/1.1" 200 27
101.85.93.96 - - [11/Sep/2021:10:46:35 +0800] "GET /xingrg/check_reg.html?_=1631328316840 HTTP/1.1" 200 22
101.85.93.96 - - [11/Sep/2021:10:46:35 +0800] "GET /xingrg/all/function/internal_message.html?_=1631328316839&CODE_STATE=getMsg HTTP/1.1" 200 27
120.253.135.82 - - [11/Sep/2021:10:46:36 +0800] "GET /xingrg/kc/buy/cgsh_order_add.html HTTP/1.1" 200 62487
116.238.194.18 - - [11/Sep/2021:10:46:36 +0800] "GET /xingrg/all/function/internal_message.html?_=1631328394725&CODE_STATE=getMsg HTTP/1.1" 200 27
120.253.135.82 - - [11/Sep/2021:10:46:36 +0800] "POST /xingrg/kc/buy/cgsh_order_operate.html HTTP/1.1" 200 8245
120.253.135.82 - - [11/Sep/2021:10:46:37 +0800] "GET /xingrg/javascript/easyui/themes/default/validatebox.css HTTP/1.1" 404 1104
222.70.246.151 - - [11/Sep/2021:10:46:39 +0800] "GET /xingrg/all/function/internal_message.html?_=1631328400270&CODE_STATE=getMsg HTTP/1.1" 200 27
222.70.246.151 - - [11/Sep/2021:10:46:40 +0800] "GET /xingrg/check_reg.html?_=1631328400271 HTTP/1.1" 200 22
117.143.45.9 - - [11/Sep/2021:10:46:40 +0800] "GET /favicon.ico HTTP/1.1" 404 -
116.238.194.18 - - [11/Sep/2021:10:46:42 +0800] "GET /xingrg/all/function/internal_message.html?_=1631328373298&CODE_STATE=getMsg HTTP/1.1" 200 27
117.143.45.9 - - [11/Sep/2021:10:46:42 +0800] "GET /favicon.ico HTTP/1.1" 404 -
116.238.168.124 - - [11/Sep/2021:10:46:42 +0800] "GET /xingrg/all/function/internal_message.html?_=1631328380561&CODE_STATE=getMsg HTTP/1.1" 200 27
117.143.45.9 - - [11/Sep/2021:10:46:43 +0800] "GET /xingrg/login.html HTTP/1.1" 200 7641
117.143.45.9 - - [11/Sep/2021:10:46:44 +0800] "GET /favicon.ico HTTP/1.1" 404 -
120.253.135.82 - - [11/Sep/2021:10:46:44 +0800] "GET /xingrg/all/function/internal_message.html?_=1631328394283&CODE_STATE=getMsg HTTP/1.1" 200 27
120.253.135.82 - - [11/Sep/2021:10:46:44 +0800] "POST /xingrg/all/common/load_combo.html?type=employee HTTP/1.1" 200 2101
120.253.135.82 - - [11/Sep/2021:10:46:44 +0800] "GET /xingrg/all/function/internal_message.html?_=1631327996109&CODE_STATE=getMsg HTTP/1.1" 302 -
180.157.254.90 - - [11/Sep/2021:10:46:47 +0800] "GET /xingrg/all/function/internal_message.html?_=1631328405838&CODE_STATE=getMsg HTTP/1.1" 200 27
101.91.60.88 - - [11/Sep/2021:10:46:49 +0800] "GET /xingrg/all/function/internal_message.html?_=1631328342970&CODE_STATE=getMsg HTTP/1.1" 302 -
116.237.74.154 - - [11/Sep/2021:10:46:50 +0800] "GET /xingrg/all/function/internal_message.html?_=1631328402941&CODE_STATE=getMsg HTTP/1.1" 200 27
101.91.60.88 - - [11/Sep/2021:10:46:50 +0800] "GET /xingrg/login.html HTTP/1.1" 200 7641
116.237.74.154 - - [11/Sep/2021:10:46:50 +0800] "GET /xingrg/check_reg.html?_=1631328403059 HTTP/1.1" 200 22
116.230.105.26 - - [11/Sep/2021:10:46:50 +0800] "GET /xingrg/all/function/internal_message.html?_=1631328407729&CODE_STATE=getMsg HTTP/1.1" 200 27
58.37.227.186 - - [11/Sep/2021:10:46:51 +0800] "GET /xingrg/all/function/internal_message.html?_=1631328283894&CODE_STATE=getMsg HTTP/1.1" 200 27
117.143.45.9 - - [11/Sep/2021:10:46:52 +0800] "GET /favicon.ico HTTP/1.1" 404 -
120.253.135.82 - - [11/Sep/2021:10:46:54 +0800] "GET /xingrg/kc/buy/cgsh_order_operate.html?command=get_materiel&rest_code=00101&code=00101010052&supplier_code=00100151&order_time=2021-09-11 HTTP/1.1" 200 437
116.233.72.251 - - [11/Sep/2021:10:46:54 +0800] "GET /xingrg/javascript/jquery_tools/images/prev.gif HTTP/1.1" 404 1086
116.233.72.251 - - [11/Sep/2021:10:46:54 +0800] "GET /xingrg/javascript/jquery_tools/images/next.gif HTTP/1.1" 404 1086
101.83.145.79 - - [11/Sep/2021:10:47:00 +0800] "GET /xingrg/all/function/internal_message.html?_=1631328367443&CODE_STATE=getMsg HTTP/1.1" 200 27
180.169.147.146 - - [11/Sep/2021:10:47:01 +0800] "GET /xingrg/all/function/internal_message.html?_=1631328420151&CODE_STATE=getMsg HTTP/1.1" 200 27
101.83.145.79 - - [11/Sep/2021:10:47:04 +0800] "GET /xingrg/all/function/internal_message.html?_=1631328423663&CODE_STATE=getMsg HTTP/1.1" 200 27
222.70.246.151 - - [11/Sep/2021:10:47:07 +0800] "GET /xingrg/all/function/internal_message.html?_=1631328448078&CODE_STATE=getMsg HTTP/1.1" 200 27
116.228.172.94 - - [11/Sep/2021:10:47:15 +0800] "GET /xingrg/all/function/internal_message.html?_=1631328436043&CODE_STATE=getMsg HTTP/1.1" 200 27
120.253.135.82 - - [11/Sep/2021:10:47:15 +0800] "GET /xingrg/kc/buy/cgsh_order_operate.html?command=get_materiel&rest_code=00101&code=00101010053&supplier_code=00100151&order_time=2021-09-11 HTTP/1.1" 200 417
116.233.72.251 - - [11/Sep/2021:10:47:23 +0800] "GET /xingrg/all/function/internal_message.html?_=1631328442175&CODE_STATE=getMsg HTTP/1.1" 200 27
222.69.131.118 - - [11/Sep/2021:10:47:27 +0800] "GET /xingrg/kc/base/wldb_order_operate.html?command=get_materiel&rest_code=00149&base_code=0010394&code=00101019066 HTTP/1.1" 200 441
58.221.95.50 - - [11/Sep/2021:10:47:29 +0800] "GET /xingrg/check_reg.html?_=1631328448541 HTTP/1.1" 302 -
222.69.131.118 - - [11/Sep/2021:10:47:32 +0800] "GET /xingrg/kc/base/wldb_order_operate.html?command=get_materiel&rest_code=00149&base_code=0010394&code=00101019400 HTTP/1.1" 200 450
222.69.131.118 - - [11/Sep/2021:10:47:32 +0800] "GET /xingrg/all/function/internal_message.html?_=1631328451005&CODE_STATE=getMsg HTTP/1.1" 200 27
116.233.72.251 - - [11/Sep/2021:10:47:34 +0800] "GET /xingrg/kc/buy/cgsh_order_operate.html?command=get_materiel&rest_code=00109&code=00101006129&supplier_code=00100015&order_time=2021-09-11 HTTP/1.1" 200 431
101.85.93.96 - - [11/Sep/2021:10:47:35 +0800] "GET /xingrg/all/function/internal_message.html?_=1631328376837&CODE_STATE=getMsg HTTP/1.1" 200 27
116.238.194.18 - - [11/Sep/2021:10:47:36 +0800] "GET /xingrg/all/function/internal_message.html?_=1631328454722&CODE_STATE=getMsg HTTP/1.1" 200 27
222.69.131.118 - - [11/Sep/2021:10:47:37 +0800] "GET /xingrg/kc/base/wldb_order_operate.html?command=get_materiel&rest_code=00149&base_code=0010394&code=00101019071 HTTP/1.1" 200 455
120.253.135.82 - - [11/Sep/2021:10:47:38 +0800] "POST /xingrg/kc/buy/cgsh_order_operate.html HTTP/1.1" 200 37
222.70.246.151 - - [11/Sep/2021:10:47:39 +0800] "GET /xingrg/all/function/internal_message.html?_=1631328460270&CODE_STATE=getMsg HTTP/1.1" 200 27
120.253.135.82 - - [11/Sep/2021:10:47:40 +0800] "POST /xingrg/kc/buy/cgsh_order_operate.html HTTP/1.1" 200 3274
116.238.194.18 - - [11/Sep/2021:10:47:42 +0800] "GET /xingrg/all/function/internal_message.html?_=1631328433306&CODE_STATE=getMsg HTTP/1.1" 200 27
120.253.135.82 - - [11/Sep/2021:10:47:42 +0800] "GET /xingrg/kc/print/load_data.html?order_code=212021091104539&kc_code=cgsh&condition= HTTP/1.1" 200 901
120.253.135.82 - - [11/Sep/2021:10:47:44 +0800] "GET /xingrg/all/function/internal_message.html?_=1631328454299&CODE_STATE=getMsg HTTP/1.1" 200 27
120.253.135.82 - - [11/Sep/2021:10:47:44 +0800] "GET /xingrg/all/function/internal_message.html?_=1631328056090&CODE_STATE=getMsg HTTP/1.1" 302 -
116.238.168.124 - - [11/Sep/2021:10:47:45 +0800] "GET /xingrg/all/function/internal_message.html?_=1631328442673&CODE_STATE=getMsg HTTP/1.1" 200 27
222.69.131.118 - - [11/Sep/2021:10:47:45 +0800] "GET /xingrg/kc/base/wldb_order_operate.html?command=get_materiel&rest_code=00149&base_code=0010394&code=00101019185 HTTP/1.1" 200 455
180.157.254.90 - - [11/Sep/2021:10:47:47 +0800] "GET /xingrg/all/function/internal_message.html?_=1631328465837&CODE_STATE=getMsg HTTP/1.1" 200 27
180.157.254.90 - - [11/Sep/2021:10:47:47 +0800] "GET /xingrg/check_reg.html?_=1631328465838 HTTP/1.1" 200 22
222.69.131.118 - - [11/Sep/2021:10:47:49 +0800] "GET /xingrg/kc/base/wldb_order_operate.html?command=get_materiel&rest_code=00149&base_code=0010394&code=00101019184 HTTP/1.1" 200 442
116.237.74.154 - - [11/Sep/2021:10:47:50 +0800] "GET /xingrg/all/function/internal_message.html?_=1631328462918&CODE_STATE=getMsg HTTP/1.1" 200 27
116.230.105.26 - - [11/Sep/2021:10:47:50 +0800] "GET /xingrg/all/function/internal_message.html?_=1631328467718&CODE_STATE=getMsg HTTP/1.1" 200 27
58.37.227.186 - - [11/Sep/2021:10:47:51 +0800] "GET /xingrg/all/function/internal_message.html?_=1631328343928&CODE_STATE=getMsg HTTP/1.1" 200 27
222.69.131.118 - - [11/Sep/2021:10:47:52 +0800] "GET /xingrg/kc/base/wldb_order_operate.html?command=get_materiel&rest_code=00149&base_code=0010394&code=00101019376 HTTP/1.1" 200 462
101.83.145.79 - - [11/Sep/2021:10:48:00 +0800] "GET /xingrg/all/function/internal_message.html?_=1631328427444&CODE_STATE=getMsg HTTP/1.1" 200 27
180.169.147.146 - - [11/Sep/2021:10:48:01 +0800] "GET /xingrg/all/function/internal_message.html?_=1631328480141&CODE_STATE=getMsg HTTP/1.1" 200 27
101.83.145.79 - - [11/Sep/2021:10:48:04 +0800] "GET /xingrg/all/function/internal_message.html?_=1631328483636&CODE_STATE=getMsg HTTP/1.1" 200 27
222.70.246.151 - - [11/Sep/2021:10:48:07 +0800] "GET /xingrg/all/function/internal_message.html?_=1631328508079&CODE_STATE=getMsg HTTP/1.1" 200 27
124.79.246.142 - - [11/Sep/2021:10:48:08 +0800] "POST /xingrg/services/DataTransmitService HTTP/1.1" 200 524
124.79.246.142 - - [11/Sep/2021:10:48:09 +0800] "POST /xingrg/services/DataTransmitService HTTP/1.1" 200 501
124.79.246.142 - - [11/Sep/2021:10:48:09 +0800] "POST /xingrg/services/DataTransmitService HTTP/1.1" 200 501
124.79.246.142 - - [11/Sep/2021:10:48:09 +0800] "POST /xingrg/services/DataTransmitService HTTP/1.1" 200 501
124.79.246.142 - - [11/Sep/2021:10:48:09 +0800] "POST /xingrg/services/DataTransmitService HTTP/1.1" 200 501
124.79.246.142 - - [11/Sep/2021:10:48:09 +0800] "POST /xingrg/services/DataTransmitService HTTP/1.1" 200 501
124.79.246.142 - - [11/Sep/2021:10:48:12 +0800] "POST /xingrg/services/DataTransmitService HTTP/1.1" 200 412
222.69.131.118 - - [11/Sep/2021:10:48:13 +0800] "POST /xingrg/kc/base/wldb_order_operate.html HTTP/1.1" 200 37
222.69.131.118 - - [11/Sep/2021:10:48:13 +0800] "POST /xingrg/kc/base/wldb_order_operate.html HTTP/1.1" 200 6196
222.69.131.118 - - [11/Sep/2021:10:48:14 +0800] "GET /xingrg/kc/base/wldb_order_info.html?code=422021091101128 HTTP/1.1" 200 30459
222.69.131.118 - - [11/Sep/2021:10:48:14 +0800] "GET /xingrg/javascript/easyui/themes/default/validatebox.css HTTP/1.1" 404 1104
222.69.131.118 - - [11/Sep/2021:10:48:14 +0800] "POST /xingrg/kc/base/wldb_order_operate.html HTTP/1.1" 200 6196
116.228.172.94 - - [11/Sep/2021:10:48:15 +0800] "GET /xingrg/all/function/internal_message.html?_=1631328496018&CODE_STATE=getMsg HTTP/1.1" 200 27
222.69.131.118 - - [11/Sep/2021:10:48:16 +0800] "GET /xingrg/kc/base/wldb_order_add.html HTTP/1.1" 200 30444
222.69.131.118 - - [11/Sep/2021:10:48:16 +0800] "POST /xingrg/kc/base/wldb_order_operate.html HTTP/1.1" 200 6806
101.83.145.79 - - [11/Sep/2021:10:48:16 +0800] "GET /xingrg/kc/base/base_main.html HTTP/1.1" 200 12142
222.69.131.118 - - [11/Sep/2021:10:48:16 +0800] "GET /xingrg/javascript/easyui/themes/default/validatebox.css HTTP/1.1" 404 1104
101.83.145.79 - - [11/Sep/2021:10:48:18 +0800] "GET /xingrg/kc/base/wldb_order_list.html HTTP/1.1" 200 19224
101.83.145.79 - - [11/Sep/2021:10:48:19 +0800] "POST /xingrg/kc/base/wldb_list_operate.html HTTP/1.1" 200 1771
101.83.145.79 - - [11/Sep/2021:10:48:22 +0800] "GET /xingrg/kc/base/wldb_order_add.html HTTP/1.1" 200 30438
101.83.145.79 - - [11/Sep/2021:10:48:22 +0800] "POST /xingrg/kc/base/wldb_order_operate.html HTTP/1.1" 200 6806
101.83.145.79 - - [11/Sep/2021:10:48:22 +0800] "GET /xingrg/javascript/easyui/themes/default/validatebox.css HTTP/1.1" 404 1104
116.233.72.251 - - [11/Sep/2021:10:48:23 +0800] "GET /xingrg/all/function/internal_message.html?_=1631328502177&CODE_STATE=getMsg HTTP/1.1" 200 27
116.233.72.251 - - [11/Sep/2021:10:48:23 +0800] "GET /xingrg/check_reg.html?_=1631328502179 HTTP/1.1" 200 22
101.83.145.79 - - [11/Sep/2021:10:48:25 +0800] "POST /xingrg/all/common/load_combo.html?type=base HTTP/1.1" 200 3236
222.69.131.118 - - [11/Sep/2021:10:48:25 +0800] "GET /xingrg/kc/base/wldb_order_operate.html?command=get_materiel&rest_code=00149&base_code=0010400&code=00101004065 HTTP/1.1" 200 435
101.83.145.79 - - [11/Sep/2021:10:48:28 +0800] "POST /xingrg/all/common/load_combo.html?type=base HTTP/1.1" 200 3236
222.69.131.118 - - [11/Sep/2021:10:48:32 +0800] "GET /xingrg/all/function/internal_message.html?_=1631328510995&CODE_STATE=getMsg HTTP/1.1" 200 27
101.85.93.96 - - [11/Sep/2021:10:48:35 +0800] "GET /xingrg/all/function/internal_message.html?_=1631328436852&CODE_STATE=getMsg HTTP/1.1" 200 27
116.238.194.18 - - [11/Sep/2021:10:48:36 +0800] "GET /xingrg/all/function/internal_message.html?_=1631328514722&CODE_STATE=getMsg HTTP/1.1" 200 27
222.69.131.118 - - [11/Sep/2021:10:48:37 +0800] "POST /xingrg/kc/base/wldb_order_operate.html HTTP/1.1" 200 37
222.69.131.118 - - [11/Sep/2021:10:48:38 +0800] "POST /xingrg/kc/base/wldb_order_operate.html HTTP/1.1" 200 2185
222.69.131.118 - - [11/Sep/2021:10:48:38 +0800] "GET /xingrg/kc/base/wldb_order_info.html?code=422021091101129 HTTP/1.1" 200 30457
222.69.131.118 - - [11/Sep/2021:10:48:38 +0800] "GET /xingrg/javascript/easyui/themes/default/validatebox.css HTTP/1.1" 404 1104
222.69.131.118 - - [11/Sep/2021:10:48:39 +0800] "POST /xingrg/kc/base/wldb_order_operate.html HTTP/1.1" 200 2185
222.70.246.151 - - [11/Sep/2021:10:48:40 +0800] "GET /xingrg/all/function/internal_message.html?_=1631328520276&CODE_STATE=getMsg HTTP/1.1" 200 27
101.83.145.79 - - [11/Sep/2021:10:48:41 +0800] "GET /xingrg/check_reg.html?_=1631328519841 HTTP/1.1" 200 22
101.83.145.79 - - [11/Sep/2021:10:48:41 +0800] "GET /xingrg/javascript/auto/indicator.gif HTTP/1.1" 404 1066
116.238.194.18 - - [11/Sep/2021:10:48:42 +0800] "GET /xingrg/all/function/internal_message.html?_=1631328493325&CODE_STATE=getMsg HTTP/1.1" 200 27
120.253.135.82 - - [11/Sep/2021:10:48:44 +0800] "GET /xingrg/all/function/internal_message.html?_=1631328514310&CODE_STATE=getMsg HTTP/1.1" 200 27
120.253.135.82 - - [11/Sep/2021:10:48:44 +0800] "POST /xingrg/kc/buy/cgsh_order_operate.html HTTP/1.1" 200 37
120.253.135.82 - - [11/Sep/2021:10:48:44 +0800] "GET /xingrg/all/function/internal_message.html?_=1631328116068&CODE_STATE=getMsg HTTP/1.1" 302 -
116.238.168.124 - - [11/Sep/2021:10:48:45 +0800] "GET /xingrg/all/function/internal_message.html?_=1631328502679&CODE_STATE=getMsg HTTP/1.1" 200 27
101.83.145.79 - - [11/Sep/2021:10:48:46 +0800] "GET /xingrg/kc/base/wldb_order_operate.html?command=get_materiel&rest_code=00105&base_code=0010507&code=00101019391 HTTP/1.1" 200 470
180.157.254.90 - - [11/Sep/2021:10:48:47 +0800] "GET /xingrg/all/function/internal_message.html?_=1631328525838&CODE_STATE=getMsg HTTP/1.1" 200 27
120.253.135.82 - - [11/Sep/2021:10:48:48 +0800] "GET /xingrg/check_reg.html?_=1631328300527 HTTP/1.1" 200 22
120.253.135.82 - - [11/Sep/2021:10:48:48 +0800] "POST /xingrg/kc/buy/cgsh_order_operate.html HTTP/1.1" 200 12
222.69.131.118 - - [11/Sep/2021:10:48:49 +0800] "GET /xingrg/kc/base/wldb_order_add.html HTTP/1.1" 200 30444
101.89.19.197 - - [11/Sep/2021:10:48:49 +0800] "GET /xingrg/all/function/internal_message.html?_=1631328462918&CODE_STATE=getMsg HTTP/1.1" 302 -
222.69.131.118 - - [11/Sep/2021:10:48:49 +0800] "POST /xingrg/kc/base/wldb_order_operate.html HTTP/1.1" 200 6806
222.69.131.118 - - [11/Sep/2021:10:48:49 +0800] "GET /xingrg/javascript/easyui/themes/default/validatebox.css HTTP/1.1" 404 1104
101.89.19.197 - - [11/Sep/2021:10:48:50 +0800] "GET /xingrg/login.html HTTP/1.1" 200 7641
120.253.135.82 - - [11/Sep/2021:10:48:50 +0800] "GET /xingrg/kc/buy/cgsh_order_info.html?code=212021091104539 HTTP/1.1" 200 57379
116.237.74.154 - - [11/Sep/2021:10:48:50 +0800] "GET /xingrg/all/function/internal_message.html?_=1631328522891&CODE_STATE=getMsg HTTP/1.1" 200 27
120.253.135.82 - - [11/Sep/2021:10:48:50 +0800] "GET /xingrg/javascript/easyui/themes/default/validatebox.css HTTP/1.1" 404 1104
116.230.105.26 - - [11/Sep/2021:10:48:50 +0800] "GET /xingrg/all/function/internal_message.html?_=1631328527709&CODE_STATE=getMsg HTTP/1.1" 200 27
116.230.105.26 - - [11/Sep/2021:10:48:50 +0800] "GET /xingrg/check_reg.html?_=1631328527711 HTTP/1.1" 200 22
120.253.135.82 - - [11/Sep/2021:10:48:51 +0800] "POST /xingrg/kc/buy/cgsh_order_operate.html HTTP/1.1" 200 1224
58.37.227.186 - - [11/Sep/2021:10:48:51 +0800] "GET /xingrg/check_reg.html?_=1631328403916 HTTP/1.1" 200 22
58.37.227.186 - - [11/Sep/2021:10:48:51 +0800] "GET /xingrg/all/function/internal_message.html?_=1631328403918&CODE_STATE=getMsg HTTP/1.1" 200 27
120.253.135.82 - - [11/Sep/2021:10:48:53 +0800] "POST /xingrg/kc/buy/cgsh_list_operate.html HTTP/1.1" 200 876
116.233.72.251 - - [11/Sep/2021:10:48:53 +0800] "GET /xingrg/kc/buy/cgsh_order_operate.html?command=get_materiel&rest_code=00109&code=00101010248&supplier_code=00100015&order_time=2021-09-11 HTTP/1.1" 200 430
120.253.135.82 - - [11/Sep/2021:10:48:54 +0800] "GET /xingrg/kc/buy/cgsh_order_add.html HTTP/1.1" 200 62487
120.253.135.82 - - [11/Sep/2021:10:48:54 +0800] "POST /xingrg/kc/buy/cgsh_order_operate.html HTTP/1.1" 200 8245
120.253.135.82 - - [11/Sep/2021:10:48:54 +0800] "GET /xingrg/javascript/easyui/themes/default/validatebox.css HTTP/1.1" 404 1104
101.83.145.79 - - [11/Sep/2021:10:48:57 +0800] "GET /xingrg/kc/base/wldb_order_operate.html?command=get_materiel&rest_code=00105&base_code=0010507&code=00101019185 HTTP/1.1" 200 455
