222.70.246.151 - - [11/Sep/2021:10:36:07 +0800] "GET /xingrg/all/function/internal_message.html?_=1631327787464&CODE_STATE=getMsg HTTP/1.1" 200 27
116.237.74.154 - - [11/Sep/2021:10:36:07 +0800] "POST /xingrg/kc/buy/cgsh_order_operate.html HTTP/1.1" 200 2065
116.233.72.251 - - [11/Sep/2021:10:36:09 +0800] "POST /xingrg/kc/buy/cgsh_order_operate.html HTTP/1.1" 200 37
101.83.145.79 - - [11/Sep/2021:10:36:11 +0800] "POST /xingrg/kc/buy/cgsh_order_operate.html HTTP/1.1" 200 37
116.233.72.251 - - [11/Sep/2021:10:36:11 +0800] "POST /xingrg/kc/buy/cgsh_order_operate.html HTTP/1.1" 200 39894
116.228.172.94 - - [11/Sep/2021:10:36:12 +0800] "GET /xingrg/kc/buy/cgsh_order_operate.html?command=get_materiel&rest_code=00153&code=00102010363&supplier_code=00100219&order_time=2021-09-11 HTTP/1.1" 200 416
101.83.145.79 - - [11/Sep/2021:10:36:12 +0800] "POST /xingrg/kc/buy/cgsh_order_operate.html HTTP/1.1" 200 8615
101.83.145.79 - - [11/Sep/2021:10:36:13 +0800] "GET /xingrg/kc/print/load_data.html?order_code=212021091104535&kc_code=cgsh&condition= HTTP/1.1" 200 2955
116.237.74.154 - - [11/Sep/2021:10:36:13 +0800] "GET /xingrg/kc/buy/cgsh_order_operate.html?command=get_materiel&rest_code=00106&code=00101008236&supplier_code=00100007&order_time=2021-09-11 HTTP/1.1" 200 416
116.228.172.94 - - [11/Sep/2021:10:36:15 +0800] "GET /xingrg/all/function/internal_message.html?_=1631327776211&CODE_STATE=getMsg HTTP/1.1" 200 27
116.228.172.94 - - [11/Sep/2021:10:36:15 +0800] "POST /xingrg/kc/buy/cgsh_order_operate.html HTTP/1.1" 200 2065
101.83.145.79 - - [11/Sep/2021:10:36:18 +0800] "GET /xingrg/kc/buy/cgsh_order_add.html HTTP/1.1" 200 63473
101.83.145.79 - - [11/Sep/2021:10:36:18 +0800] "POST /xingrg/kc/buy/cgsh_order_operate.html HTTP/1.1" 200 8245
101.83.145.79 - - [11/Sep/2021:10:36:18 +0800] "GET /xingrg/javascript/easyui/themes/default/validatebox.css HTTP/1.1" 404 1104
116.237.74.154 - - [11/Sep/2021:10:36:23 +0800] "GET /xingrg/all/function/internal_message.html?_=1631327775858&CODE_STATE=getMsg HTTP/1.1" 200 27
116.237.74.154 - - [11/Sep/2021:10:36:23 +0800] "GET /xingrg/check_reg.html?_=1631327775946 HTTP/1.1" 200 22
116.233.72.251 - - [11/Sep/2021:10:36:23 +0800] "GET /xingrg/all/function/internal_message.html?_=1631327782152&CODE_STATE=getMsg HTTP/1.1" 200 27
116.233.72.251 - - [11/Sep/2021:10:36:28 +0800] "GET /xingrg/kc/buy/cgsh_order_operate.html?command=get_materiel&rest_code=00109&code=00101008150&supplier_code=00100005&order_time=2021-09-11 HTTP/1.1" 200 409
116.228.172.94 - - [11/Sep/2021:10:36:30 +0800] "GET /xingrg/kc/buy/cgsh_order_operate.html?command=get_materiel&rest_code=00153&code=00102009881&supplier_code=00100219&order_time=2021-09-11 HTTP/1.1" 200 416
222.69.131.118 - - [11/Sep/2021:10:36:32 +0800] "GET /xingrg/all/function/internal_message.html?_=1631327791203&CODE_STATE=getMsg HTTP/1.1" 200 27
101.85.93.96 - - [11/Sep/2021:10:36:35 +0800] "GET /xingrg/check_reg.html?_=1631327716823 HTTP/1.1" 200 22
101.85.93.96 - - [11/Sep/2021:10:36:35 +0800] "GET /xingrg/all/function/internal_message.html?_=1631327716826&CODE_STATE=getMsg HTTP/1.1" 200 27
116.238.194.18 - - [11/Sep/2021:10:36:36 +0800] "GET /xingrg/all/function/internal_message.html?_=1631327794696&CODE_STATE=getMsg HTTP/1.1" 200 27
116.238.168.124 - - [11/Sep/2021:10:36:36 +0800] "GET /xingrg/all/function/internal_message.html?_=1631327774233&CODE_STATE=getMsg HTTP/1.1" 200 27
222.69.131.118 - - [11/Sep/2021:10:36:37 +0800] "GET /xingrg/kc/buy/cgsh_order_add.html HTTP/1.1" 200 63479
222.69.131.118 - - [11/Sep/2021:10:36:38 +0800] "POST /xingrg/kc/buy/cgsh_order_operate.html HTTP/1.1" 200 8245
222.69.131.118 - - [11/Sep/2021:10:36:38 +0800] "GET /xingrg/javascript/easyui/themes/default/validatebox.css HTTP/1.1" 404 1104
222.70.246.151 - - [11/Sep/2021:10:36:39 +0800] "GET /xingrg/all/function/internal_message.html?_=1631327800258&CODE_STATE=getMsg HTTP/1.1" 200 27
222.70.246.151 - - [11/Sep/2021:10:36:39 +0800] "GET /xingrg/check_reg.html?_=1631327800259 HTTP/1.1" 200 22
116.238.194.18 - - [11/Sep/2021:10:36:42 +0800] "GET /xingrg/all/function/internal_message.html?_=1631327773161&CODE_STATE=getMsg HTTP/1.1" 200 27
120.253.135.82 - - [11/Sep/2021:10:36:44 +0800] "GET /xingrg/all/function/internal_message.html?_=1631327794147&CODE_STATE=getMsg HTTP/1.1" 200 27
120.253.135.82 - - [11/Sep/2021:10:36:44 +0800] "GET /xingrg/all/function/internal_message.html?_=1631327396312&CODE_STATE=getMsg HTTP/1.1" 302 -
180.157.254.90 - - [11/Sep/2021:10:36:47 +0800] "GET /xingrg/all/function/internal_message.html?_=1631327805802&CODE_STATE=getMsg HTTP/1.1" 200 27
116.228.172.94 - - [11/Sep/2021:10:36:48 +0800] "POST /xingrg/kc/buy/cgsh_order_operate.html HTTP/1.1" 200 37
116.233.72.251 - - [11/Sep/2021:10:36:49 +0800] "GET /xingrg/kc/buy/cgsh_order_operate.html?command=get_materiel&rest_code=00109&code=00101008298&supplier_code=00100005&order_time=2021-09-11 HTTP/1.1" 200 412
116.228.172.94 - - [11/Sep/2021:10:36:50 +0800] "POST /xingrg/kc/buy/cgsh_order_operate.html HTTP/1.1" 200 15821
116.230.105.26 - - [11/Sep/2021:10:36:50 +0800] "GET /xingrg/all/function/internal_message.html?_=1631327807713&CODE_STATE=getMsg HTTP/1.1" 200 27
58.37.227.186 - - [11/Sep/2021:10:36:51 +0800] "GET /xingrg/all/function/internal_message.html?_=1631327683862&CODE_STATE=getMsg HTTP/1.1" 200 27
222.69.131.118 - - [11/Sep/2021:10:36:54 +0800] "GET /xingrg/kc/buy/cgsh_order_operate.html?command=get_materiel&rest_code=00149&code=00101028011&supplier_code=00100019&order_time=2021-09-11 HTTP/1.1" 200 454
101.83.145.79 - - [11/Sep/2021:10:37:00 +0800] "GET /xingrg/all/function/internal_message.html?_=1631327767414&CODE_STATE=getMsg HTTP/1.1" 200 27
180.169.147.146 - - [11/Sep/2021:10:37:01 +0800] "GET /xingrg/all/function/internal_message.html?_=1631327820143&CODE_STATE=getMsg HTTP/1.1" 200 27
101.91.62.89 - - [11/Sep/2021:10:37:02 +0800] "GET /xingrg/kc/buy/cgsh_order_operate.html?command=get_materiel&rest_code=00106&code=00101008223&supplier_code=00100007&order_time=2021-09-11 HTTP/1.1" 302 -
101.91.62.89 - - [11/Sep/2021:10:37:03 +0800] "GET /xingrg/login.html HTTP/1.1" 200 7641
101.83.145.79 - - [11/Sep/2021:10:37:05 +0800] "GET /xingrg/all/function/internal_message.html?_=1631327823821&CODE_STATE=getMsg HTTP/1.1" 200 27
222.70.246.151 - - [11/Sep/2021:10:37:07 +0800] "GET /xingrg/all/function/internal_message.html?_=1631327847643&CODE_STATE=getMsg HTTP/1.1" 200 27
116.233.72.251 - - [11/Sep/2021:10:37:08 +0800] "GET /xingrg/kc/buy/cgsh_order_operate.html?command=get_materiel&rest_code=00109&code=00101008283&supplier_code=00100005&order_time=2021-09-11 HTTP/1.1" 200 408
222.69.131.118 - - [11/Sep/2021:10:37:09 +0800] "GET /xingrg/kc/buy/cgsh_order_operate.html?command=get_materiel&rest_code=00149&code=00101029005&supplier_code=00100019&order_time=2021-09-11 HTTP/1.1" 200 436
101.83.145.79 - - [11/Sep/2021:10:37:10 +0800] "GET /xingrg/kc/buy/cgsh_order_operate.html?command=get_materiel&rest_code=00105&code=00101006130&supplier_code=00100012&order_time=2021-09-11 HTTP/1.1" 200 427
61.151.178.217 - - [11/Sep/2021:10:37:11 +0800] "GET /xingrg/kc/buy/cgsh_order_operate.html?command=get_materiel&rest_code=00106&code=00101008236&supplier_code=00100007&order_time=2021-09-11 HTTP/1.1" 302 -
61.151.178.217 - - [11/Sep/2021:10:37:11 +0800] "GET /xingrg/login.html HTTP/1.1" 200 7641
116.228.172.94 - - [11/Sep/2021:10:37:15 +0800] "GET /xingrg/all/function/internal_message.html?_=1631327836181&CODE_STATE=getMsg HTTP/1.1" 200 27
222.69.131.118 - - [11/Sep/2021:10:37:19 +0800] "GET /xingrg/kc/buy/cgsh_order_operate.html?command=get_materiel&rest_code=00149&code=00101028005&supplier_code=00100019&order_time=2021-09-11 HTTP/1.1" 200 435
101.83.145.79 - - [11/Sep/2021:10:37:22 +0800] "GET /xingrg/kc/buy/cgsh_order_operate.html?command=get_materiel&rest_code=00105&code=00101006109&supplier_code=00100012&order_time=2021-09-11 HTTP/1.1" 200 409
116.237.74.154 - - [11/Sep/2021:10:37:23 +0800] "GET /xingrg/all/function/internal_message.html?_=1631327835840&CODE_STATE=getMsg HTTP/1.1" 200 27
116.233.72.251 - - [11/Sep/2021:10:37:23 +0800] "GET /xingrg/all/function/internal_message.html?_=1631327842153&CODE_STATE=getMsg HTTP/1.1" 200 27
116.233.72.251 - - [11/Sep/2021:10:37:27 +0800] "GET /xingrg/kc/buy/cgsh_order_operate.html?command=get_materiel&rest_code=00109&code=00101008096&supplier_code=00100005&order_time=2021-09-11 HTTP/1.1" 200 412
58.221.95.50 - - [11/Sep/2021:10:37:29 +0800] "GET /xingrg/check_reg.html?_=1631327848532 HTTP/1.1" 302 -
222.69.131.118 - - [11/Sep/2021:10:37:30 +0800] "GET /xingrg/kc/buy/cgsh_order_operate.html?command=get_materiel&rest_code=00149&code=00101027021&supplier_code=00100019&order_time=2021-09-11 HTTP/1.1" 200 445
116.233.72.251 - - [11/Sep/2021:10:37:31 +0800] "POST /xingrg/kc/buy/cgsh_order_operate.html HTTP/1.1" 200 2065
101.83.145.79 - - [11/Sep/2021:10:37:31 +0800] "GET /xingrg/kc/buy/cgsh_order_operate.html?command=get_materiel&rest_code=00105&code=00101006177&supplier_code=00100012&order_time=2021-09-11 HTTP/1.1" 200 409
222.69.131.118 - - [11/Sep/2021:10:37:32 +0800] "GET /xingrg/all/function/internal_message.html?_=1631327851190&CODE_STATE=getMsg HTTP/1.1" 200 27
101.85.93.96 - - [11/Sep/2021:10:37:35 +0800] "GET /xingrg/all/function/internal_message.html?_=1631327776813&CODE_STATE=getMsg HTTP/1.1" 200 27
116.238.194.18 - - [11/Sep/2021:10:37:36 +0800] "GET /xingrg/all/function/internal_message.html?_=1631327854695&CODE_STATE=getMsg HTTP/1.1" 200 27
116.238.168.124 - - [11/Sep/2021:10:37:38 +0800] "GET /xingrg/all/function/internal_message.html?_=1631327836453&CODE_STATE=getMsg HTTP/1.1" 200 27
101.83.145.79 - - [11/Sep/2021:10:37:39 +0800] "GET /xingrg/kc/buy/cgsh_order_operate.html?command=get_materiel&rest_code=00105&code=00101010248&supplier_code=00100012&order_time=2021-09-11 HTTP/1.1" 200 430
222.70.246.151 - - [11/Sep/2021:10:37:39 +0800] "GET /xingrg/all/function/internal_message.html?_=1631327860261&CODE_STATE=getMsg HTTP/1.1" 200 27
101.83.145.79 - - [11/Sep/2021:10:37:40 +0800] "POST /xingrg/all/common/load_select.html HTTP/1.1" 200 25
116.238.194.18 - - [11/Sep/2021:10:37:42 +0800] "GET /xingrg/all/function/internal_message.html?_=1631327833170&CODE_STATE=getMsg HTTP/1.1" 200 27
222.69.131.118 - - [11/Sep/2021:10:37:43 +0800] "POST /xingrg/kc/buy/cgsh_order_operate.html HTTP/1.1" 200 37
120.253.135.82 - - [11/Sep/2021:10:37:44 +0800] "GET /xingrg/all/function/internal_message.html?_=1631327854163&CODE_STATE=getMsg HTTP/1.1" 200 27
101.83.145.79 - - [11/Sep/2021:10:37:44 +0800] "GET /xingrg/kc/buy/cgsh_order_operate.html?command=get_materiel_price&rest_code=00105&code=00101010248&unit_code=00100043&supplier_code=00100012&order_time=2021-09-11 HTTP/1.1" 200 29
116.237.74.154 - - [11/Sep/2021:10:37:44 +0800] "GET /xingrg/kc/buy/cgsh_order_operate.html?command=get_materiel&rest_code=00106&code=00101008109&supplier_code=00100007&order_time=2021-09-11 HTTP/1.1" 200 413
116.233.72.251 - - [11/Sep/2021:10:37:44 +0800] "GET /xingrg/kc/buy/cgsh_order_operate.html?command=get_materiel&rest_code=00109&code=00101008284&supplier_code=00100005&order_time=2021-09-11 HTTP/1.1" 200 412
120.253.135.82 - - [11/Sep/2021:10:37:44 +0800] "GET /xingrg/all/function/internal_message.html?_=1631327456308&CODE_STATE=getMsg HTTP/1.1" 302 -
222.69.131.118 - - [11/Sep/2021:10:37:46 +0800] "POST /xingrg/kc/buy/cgsh_order_operate.html HTTP/1.1" 200 12
180.157.254.90 - - [11/Sep/2021:10:37:47 +0800] "GET /xingrg/all/function/internal_message.html?_=1631327865801&CODE_STATE=getMsg HTTP/1.1" 200 27
180.157.254.90 - - [11/Sep/2021:10:37:47 +0800] "GET /xingrg/check_reg.html?_=1631327865804 HTTP/1.1" 200 22
222.69.131.118 - - [11/Sep/2021:10:37:47 +0800] "GET /xingrg/kc/buy/cgsh_order_info.html?code=212021091104536 HTTP/1.1" 200 58386
222.69.131.118 - - [11/Sep/2021:10:37:47 +0800] "GET /xingrg/javascript/easyui/themes/default/validatebox.css HTTP/1.1" 404 1104
222.69.131.118 - - [11/Sep/2021:10:37:48 +0800] "POST /xingrg/kc/buy/cgsh_order_operate.html HTTP/1.1" 200 2485
222.69.131.118 - - [11/Sep/2021:10:37:49 +0800] "GET /xingrg/kc/print/load_data.html?order_code=212021091104536&kc_code=cgsh&condition= HTTP/1.1" 200 1543
116.230.105.26 - - [11/Sep/2021:10:37:50 +0800] "GET /xingrg/all/function/internal_message.html?_=1631327867726&CODE_STATE=getMsg HTTP/1.1" 200 27
58.37.227.186 - - [11/Sep/2021:10:37:51 +0800] "GET /xingrg/all/function/internal_message.html?_=1631327743862&CODE_STATE=getMsg HTTP/1.1" 200 27
101.83.145.79 - - [11/Sep/2021:10:37:52 +0800] "GET /xingrg/kc/buy/cgsh_order_operate.html?command=get_materiel&rest_code=00105&code=00101019502&supplier_code=00100012&order_time=2021-09-11 HTTP/1.1" 200 408
116.237.74.154 - - [11/Sep/2021:10:37:53 +0800] "GET /xingrg/kc/buy/cgsh_order_operate.html?command=get_materiel&rest_code=00106&code=00101008079&supplier_code=00100007&order_time=2021-09-11 HTTP/1.1" 200 416
101.83.145.79 - - [11/Sep/2021:10:38:00 +0800] "GET /xingrg/all/function/internal_message.html?_=1631327827414&CODE_STATE=getMsg HTTP/1.1" 200 27
180.169.147.146 - - [11/Sep/2021:10:38:01 +0800] "GET /xingrg/all/function/internal_message.html?_=1631327880146&CODE_STATE=getMsg HTTP/1.1" 200 27
116.237.74.154 - - [11/Sep/2021:10:38:01 +0800] "GET /xingrg/kc/buy/cgsh_order_operate.html?command=get_materiel&rest_code=00106&code=00101008114&supplier_code=00100007&order_time=2021-09-11 HTTP/1.1" 200 412
116.233.72.251 - - [11/Sep/2021:10:38:02 +0800] "GET /xingrg/kc/buy/cgsh_order_operate.html?command=get_materiel&rest_code=00109&code=00101015046&supplier_code=00100005&order_time=2021-09-11 HTTP/1.1" 200 412
101.83.145.79 - - [11/Sep/2021:10:38:05 +0800] "GET /xingrg/all/function/internal_message.html?_=1631327883837&CODE_STATE=getMsg HTTP/1.1" 200 27
116.237.74.154 - - [11/Sep/2021:10:38:05 +0800] "POST /xingrg/kc/buy/cgsh_order_operate.html HTTP/1.1" 200 2065
222.70.246.151 - - [11/Sep/2021:10:38:07 +0800] "GET /xingrg/all/function/internal_message.html?_=1631327907649&CODE_STATE=getMsg HTTP/1.1" 200 27
116.228.172.94 - - [11/Sep/2021:10:38:15 +0800] "GET /xingrg/all/function/internal_message.html?_=1631327896159&CODE_STATE=getMsg HTTP/1.1" 200 27
116.233.72.251 - - [11/Sep/2021:10:38:17 +0800] "GET /xingrg/kc/buy/cgsh_order_operate.html?command=get_materiel&rest_code=00109&code=00101008236&supplier_code=00100005&order_time=2021-09-11 HTTP/1.1" 200 416
101.89.19.197 - - [11/Sep/2021:10:38:22 +0800] "GET /xingrg/all/function/internal_message.html?_=1631327835840&CODE_STATE=getMsg HTTP/1.1" 302 -
116.237.74.154 - - [11/Sep/2021:10:38:23 +0800] "GET /xingrg/all/function/internal_message.html?_=1631327895816&CODE_STATE=getMsg HTTP/1.1" 200 27
116.233.72.251 - - [11/Sep/2021:10:38:23 +0800] "GET /xingrg/all/function/internal_message.html?_=1631327902160&CODE_STATE=getMsg HTTP/1.1" 200 27
116.233.72.251 - - [11/Sep/2021:10:38:23 +0800] "GET /xingrg/check_reg.html?_=1631327902164 HTTP/1.1" 200 22
101.89.19.197 - - [11/Sep/2021:10:38:24 +0800] "GET /xingrg/login.html HTTP/1.1" 200 7641
101.83.145.79 - - [11/Sep/2021:10:38:28 +0800] "GET /xingrg/kc/buy/cgsh_order_operate.html?command=get_materiel&rest_code=00105&code=00101006191&supplier_code=00100012&order_time=2021-09-11 HTTP/1.1" 200 419
116.233.72.251 - - [11/Sep/2021:10:38:31 +0800] "POST /xingrg/kc/buy/cgsh_order_operate.html HTTP/1.1" 200 37
222.69.131.118 - - [11/Sep/2021:10:38:32 +0800] "GET /xingrg/all/function/internal_message.html?_=1631327911173&CODE_STATE=getMsg HTTP/1.1" 200 27
116.233.72.251 - - [11/Sep/2021:10:38:32 +0800] "POST /xingrg/kc/buy/cgsh_order_operate.html HTTP/1.1" 200 44030
116.237.74.154 - - [11/Sep/2021:10:38:34 +0800] "GET /xingrg/kc/buy/cgsh_order_operate.html?command=get_materiel&rest_code=00106&code=00101013137&supplier_code=00100007&order_time=2021-09-11 HTTP/1.1" 200 412
101.85.93.96 - - [11/Sep/2021:10:38:35 +0800] "GET /xingrg/all/function/internal_message.html?_=1631327836812&CODE_STATE=getMsg HTTP/1.1" 200 27
116.233.72.251 - - [11/Sep/2021:10:38:36 +0800] "POST /xingrg/kc/buy/cgsh_list_operate.html HTTP/1.1" 200 2389
116.238.194.18 - - [11/Sep/2021:10:38:36 +0800] "GET /xingrg/all/function/internal_message.html?_=1631327914693&CODE_STATE=getMsg HTTP/1.1" 200 27
116.228.172.94 - - [11/Sep/2021:10:38:37 +0800] "POST /xingrg/kc/buy/cgsh_order_operate.html HTTP/1.1" 200 37
116.238.168.124 - - [11/Sep/2021:10:38:38 +0800] "GET /xingrg/all/function/internal_message.html?_=1631327896459&CODE_STATE=getMsg HTTP/1.1" 200 27
116.228.172.94 - - [11/Sep/2021:10:38:39 +0800] "POST /xingrg/kc/buy/cgsh_order_operate.html HTTP/1.1" 200 15821
222.70.246.151 - - [11/Sep/2021:10:38:39 +0800] "GET /xingrg/all/function/internal_message.html?_=1631327920261&CODE_STATE=getMsg HTTP/1.1" 200 27
116.233.72.251 - - [11/Sep/2021:10:38:40 +0800] "POST /xingrg/kc/buy/cgsh_list_operate.html HTTP/1.1" 200 565
116.233.72.251 - - [11/Sep/2021:10:38:40 +0800] "GET /xingrg/kc/buy/cgsh_order_info.html?code=212021091104517 HTTP/1.1" 200 63476
116.233.72.251 - - [11/Sep/2021:10:38:40 +0800] "GET /xingrg/words/20210910173238_words.js HTTP/1.1" 304 -
116.233.72.251 - - [11/Sep/2021:10:38:41 +0800] "GET /xingrg/all/common/auto_word.html?type=employee&rest_code=00109 HTTP/1.1" 200 255
116.233.72.251 - - [11/Sep/2021:10:38:41 +0800] "GET /xingrg/javascript/easyui/themes/default/validatebox.css HTTP/1.1" 404 1104
116.233.72.251 - - [11/Sep/2021:10:38:41 +0800] "GET /xingrg/all/common/auto_word.html?type=employee&rest_code=00109 HTTP/1.1" 200 255
101.83.145.79 - - [11/Sep/2021:10:38:41 +0800] "GET /xingrg/check_reg.html?_=1631327919841 HTTP/1.1" 200 22
116.233.72.251 - - [11/Sep/2021:10:38:41 +0800] "POST /xingrg/kc/buy/cgsh_order_operate.html HTTP/1.1" 200 44030
116.238.194.18 - - [11/Sep/2021:10:38:42 +0800] "GET /xingrg/all/function/internal_message.html?_=1631327893190&CODE_STATE=getMsg HTTP/1.1" 200 27
120.253.135.82 - - [11/Sep/2021:10:38:44 +0800] "GET /xingrg/all/function/internal_message.html?_=1631327914174&CODE_STATE=getMsg HTTP/1.1" 200 27
116.237.74.154 - - [11/Sep/2021:10:38:44 +0800] "GET /xingrg/kc/buy/cgsh_order_operate.html?command=get_materiel&rest_code=00106&code=00101008168&supplier_code=00100007&order_time=2021-09-11 HTTP/1.1" 200 412
120.253.135.82 - - [11/Sep/2021:10:38:44 +0800] "GET /xingrg/all/function/internal_message.html?_=1631327516272&CODE_STATE=getMsg HTTP/1.1" 302 -
101.83.145.79 - - [11/Sep/2021:10:38:47 +0800] "GET /xingrg/kc/buy/cgsh_order_operate.html?command=get_materiel&rest_code=00105&code=00101006106&supplier_code=00100012&order_time=2021-09-11 HTTP/1.1" 200 421
180.157.254.90 - - [11/Sep/2021:10:38:47 +0800] "GET /xingrg/all/function/internal_message.html?_=1631327925803&CODE_STATE=getMsg HTTP/1.1" 200 27
116.230.105.26 - - [11/Sep/2021:10:38:50 +0800] "GET /xingrg/check_reg.html?_=1631327927718 HTTP/1.1" 200 22
116.230.105.26 - - [11/Sep/2021:10:38:50 +0800] "GET /xingrg/all/function/internal_message.html?_=1631327927719&CODE_STATE=getMsg HTTP/1.1" 200 27
61.151.178.163 - - [11/Sep/2021:10:38:51 +0800] "GET /xingrg/kc/buy/cgsh_order_operate.html?command=get_materiel&rest_code=00106&code=00101008079&supplier_code=00100007&order_time=2021-09-11 HTTP/1.1" 302 -
58.37.227.186 - - [11/Sep/2021:10:38:51 +0800] "GET /xingrg/all/function/internal_message.html?_=1631327803890&CODE_STATE=getMsg HTTP/1.1" 200 27
58.37.227.186 - - [11/Sep/2021:10:38:51 +0800] "GET /xingrg/check_reg.html?_=1631327803892 HTTP/1.1" 200 22
61.151.178.163 - - [11/Sep/2021:10:38:52 +0800] "GET /xingrg/login.html HTTP/1.1" 200 7641
120.253.135.82 - - [11/Sep/2021:10:38:58 +0800] "POST /xingrg/kc/pszx/mdps_list_operate.html HTTP/1.1" 200 4947
61.151.178.165 - - [11/Sep/2021:10:38:59 +0800] "GET /xingrg/kc/buy/cgsh_order_operate.html?command=get_materiel&rest_code=00106&code=00101008114&supplier_code=00100007&order_time=2021-09-11 HTTP/1.1" 302 -
61.151.178.165 - - [11/Sep/2021:10:38:59 +0800] "GET /xingrg/login.html HTTP/1.1" 200 7641
101.83.145.79 - - [11/Sep/2021:10:39:00 +0800] "GET /xingrg/all/function/internal_message.html?_=1631327887415&CODE_STATE=getMsg HTTP/1.1" 200 27
180.169.147.146 - - [11/Sep/2021:10:39:01 +0800] "GET /xingrg/check_reg.html?_=1631327940150 HTTP/1.1" 200 22
180.169.147.146 - - [11/Sep/2021:10:39:01 +0800] "GET /xingrg/all/function/internal_message.html?_=1631327940152&CODE_STATE=getMsg HTTP/1.1" 200 27
222.70.246.151 - - [11/Sep/2021:10:39:05 +0800] "GET /xingrg/check_reg.html?_=1631327965310 HTTP/1.1" 200 22
101.83.145.79 - - [11/Sep/2021:10:39:05 +0800] "GET /xingrg/all/function/internal_message.html?_=1631327943813&CODE_STATE=getMsg HTTP/1.1" 200 27
222.70.246.151 - - [11/Sep/2021:10:39:07 +0800] "GET /xingrg/all/function/internal_message.html?_=1631327967662&CODE_STATE=getMsg HTTP/1.1" 200 27
120.253.135.82 - - [11/Sep/2021:10:39:08 +0800] "POST /xingrg/kc/pszx/mdps_list_operate.html HTTP/1.1" 200 4290
116.233.72.251 - - [11/Sep/2021:10:39:09 +0800] "GET /xingrg/kc/buy/cgsh_order_operate.html?command=get_materiel&rest_code=00109&code=00101008168&supplier_code=00100005&order_time=2021-09-11 HTTP/1.1" 200 412
101.83.145.79 - - [11/Sep/2021:10:39:11 +0800] "GET /xingrg/kc/buy/cgsh_order_operate.html?command=get_materiel&rest_code=00105&code=00101007044&supplier_code=00100012&order_time=2021-09-11 HTTP/1.1" 200 422
116.228.172.94 - - [11/Sep/2021:10:39:14 +0800] "GET /xingrg/check_reg.html?_=1631327955223 HTTP/1.1" 200 22
120.253.135.82 - - [11/Sep/2021:10:39:14 +0800] "POST /xingrg/kc/pszx/mdps_list_operate.html HTTP/1.1" 200 625
116.228.172.94 - - [11/Sep/2021:10:39:15 +0800] "GET /xingrg/all/function/internal_message.html?_=1631327956135&CODE_STATE=getMsg HTTP/1.1" 200 27
120.253.135.82 - - [11/Sep/2021:10:39:15 +0800] "GET /xingrg/kc/pszx/mdps_order_info.html?code=312021091000269 HTTP/1.1" 200 23931
120.253.135.82 - - [11/Sep/2021:10:39:15 +0800] "GET /xingrg/javascript/easyui/themes/default/validatebox.css HTTP/1.1" 404 1104
120.253.135.82 - - [11/Sep/2021:10:39:15 +0800] "POST /xingrg/kc/pszx/mdps_order_operate.html HTTP/1.1" 200 16226
120.253.135.82 - - [11/Sep/2021:10:39:22 +0800] "POST /xingrg/kc/pszx/mdps_order_operate.html HTTP/1.1" 200 37
116.237.74.154 - - [11/Sep/2021:10:39:23 +0800] "GET /xingrg/all/function/internal_message.html?_=1631327955981&CODE_STATE=getMsg HTTP/1.1" 200 27
116.233.72.251 - - [11/Sep/2021:10:39:23 +0800] "GET /xingrg/all/function/internal_message.html?_=1631327962157&CODE_STATE=getMsg HTTP/1.1" 200 27
120.253.135.82 - - [11/Sep/2021:10:39:24 +0800] "POST /xingrg/kc/pszx/mdps_order_operate.html HTTP/1.1" 200 12
116.237.74.154 - - [11/Sep/2021:10:39:25 +0800] "GET /xingrg/kc/buy/cgsh_order_operate.html?command=get_materiel&rest_code=00106&code=00101008301&supplier_code=00100007&order_time=2021-09-11 HTTP/1.1" 200 422
101.83.145.79 - - [11/Sep/2021:10:39:26 +0800] "GET /xingrg/kc/buy/cgsh_order_operate.html?command=get_materiel&rest_code=00105&code=00101006144&supplier_code=00100012&order_time=2021-09-11 HTTP/1.1" 200 409
116.238.194.18 - - [11/Sep/2021:10:39:29 +0800] "GET /xingrg/check_reg.html?_=1631327940174 HTTP/1.1" 200 22
116.237.74.154 - - [11/Sep/2021:10:39:29 +0800] "POST /xingrg/kc/buy/cgsh_order_operate.html HTTP/1.1" 200 2065
120.253.135.82 - - [11/Sep/2021:10:39:32 +0800] "GET /xingrg/kc/pszx/mdps_order_info.html?code=312021091000269 HTTP/1.1" 200 19591
222.69.131.118 - - [11/Sep/2021:10:39:32 +0800] "GET /xingrg/all/function/internal_message.html?_=1631327971159&CODE_STATE=getMsg HTTP/1.1" 200 27
120.253.135.82 - - [11/Sep/2021:10:39:32 +0800] "GET /xingrg/javascript/easyui/themes/default/validatebox.css HTTP/1.1" 404 1104
120.253.135.82 - - [11/Sep/2021:10:39:32 +0800] "POST /xingrg/kc/pszx/mdps_order_operate.html HTTP/1.1" 200 14340
222.69.131.118 - - [11/Sep/2021:10:39:32 +0800] "GET /xingrg/check_reg.html?_=1631327971363 HTTP/1.1" 200 22
101.85.93.96 - - [11/Sep/2021:10:39:35 +0800] "GET /xingrg/all/function/internal_message.html?_=1631327896811&CODE_STATE=getMsg HTTP/1.1" 200 27
116.238.194.18 - - [11/Sep/2021:10:39:36 +0800] "GET /xingrg/all/function/internal_message.html?_=1631327974690&CODE_STATE=getMsg HTTP/1.1" 200 27
120.253.135.82 - - [11/Sep/2021:10:39:38 +0800] "POST /xingrg/kc/pszx/mdps_list_operate.html HTTP/1.1" 200 3918
116.233.72.251 - - [11/Sep/2021:10:39:39 +0800] "GET /xingrg/kc/buy/cgsh_order_operate.html?command=get_materiel&rest_code=00109&code=00101008137&supplier_code=00100005&order_time=2021-09-11 HTTP/1.1" 200 408
222.70.246.151 - - [11/Sep/2021:10:39:39 +0800] "GET /xingrg/all/function/internal_message.html?_=1631327980260&CODE_STATE=getMsg HTTP/1.1" 200 27
116.238.168.124 - - [11/Sep/2021:10:39:40 +0800] "GET /xingrg/all/function/internal_message.html?_=1631327957668&CODE_STATE=getMsg HTTP/1.1" 200 27
116.238.168.124 - - [11/Sep/2021:10:39:41 +0800] "GET /xingrg/check_reg.html?_=1631327958859 HTTP/1.1" 200 22
116.238.194.18 - - [11/Sep/2021:10:39:42 +0800] "GET /xingrg/all/function/internal_message.html?_=1631327953196&CODE_STATE=getMsg HTTP/1.1" 200 27
61.151.207.158 - - [11/Sep/2021:10:39:42 +0800] "GET /xingrg/kc/buy/cgsh_order_operate.html?command=get_materiel&rest_code=00106&code=00101008168&supplier_code=00100007&order_time=2021-09-11 HTTP/1.1" 302 -
61.151.207.158 - - [11/Sep/2021:10:39:43 +0800] "GET /xingrg/login.html HTTP/1.1" 200 7641
120.253.135.82 - - [11/Sep/2021:10:39:43 +0800] "GET /xingrg/check_reg.html?_=1631327973756 HTTP/1.1" 200 22
120.253.135.82 - - [11/Sep/2021:10:39:44 +0800] "GET /xingrg/all/function/internal_message.html?_=1631327974188&CODE_STATE=getMsg HTTP/1.1" 200 27
116.237.74.154 - - [11/Sep/2021:10:39:44 +0800] "POST /xingrg/kc/buy/cgsh_order_operate.html HTTP/1.1" 200 37
120.253.135.82 - - [11/Sep/2021:10:39:44 +0800] "GET /xingrg/all/function/internal_message.html?_=1631327576247&CODE_STATE=getMsg HTTP/1.1" 302 -
116.237.74.154 - - [11/Sep/2021:10:39:45 +0800] "POST /xingrg/kc/buy/cgsh_order_operate.html HTTP/1.1" 200 51102
180.157.254.90 - - [11/Sep/2021:10:39:47 +0800] "GET /xingrg/all/function/internal_message.html?_=1631327985828&CODE_STATE=getMsg HTTP/1.1" 200 27
116.230.105.26 - - [11/Sep/2021:10:39:50 +0800] "GET /xingrg/all/function/internal_message.html?_=1631327987710&CODE_STATE=getMsg HTTP/1.1" 200 27
58.37.227.186 - - [11/Sep/2021:10:39:51 +0800] "GET /xingrg/all/function/internal_message.html?_=1631327863887&CODE_STATE=getMsg HTTP/1.1" 200 27
120.253.135.82 - - [11/Sep/2021:10:39:59 +0800] "POST /xingrg/kc/pszx/mdps_list_operate.html HTTP/1.1" 200 285
120.253.135.82 - - [11/Sep/2021:10:39:59 +0800] "GET /xingrg/kc/pszx/mdps_order_info.html?code=312021091000270 HTTP/1.1" 200 23929
101.83.145.79 - - [11/Sep/2021:10:40:00 +0800] "GET /xingrg/all/function/internal_message.html?_=1631327947416&CODE_STATE=getMsg HTTP/1.1" 200 27
120.253.135.82 - - [11/Sep/2021:10:40:00 +0800] "POST /xingrg/kc/pszx/mdps_order_operate.html HTTP/1.1" 200 2808
120.253.135.82 - - [11/Sep/2021:10:40:00 +0800] "GET /xingrg/javascript/easyui/themes/default/validatebox.css HTTP/1.1" 404 1104
180.169.147.146 - - [11/Sep/2021:10:40:01 +0800] "GET /xingrg/all/function/internal_message.html?_=1631328000138&CODE_STATE=getMsg HTTP/1.1" 200 27
120.253.135.82 - - [11/Sep/2021:10:40:04 +0800] "POST /xingrg/kc/pszx/mdps_order_operate.html HTTP/1.1" 200 37
101.83.145.79 - - [11/Sep/2021:10:40:05 +0800] "GET /xingrg/all/function/internal_message.html?_=1631328003789&CODE_STATE=getMsg HTTP/1.1" 200 27
120.253.135.82 - - [11/Sep/2021:10:40:06 +0800] "POST /xingrg/kc/pszx/mdps_order_operate.html HTTP/1.1" 200 12
222.70.246.151 - - [11/Sep/2021:10:40:07 +0800] "GET /xingrg/all/function/internal_message.html?_=1631328027674&CODE_STATE=getMsg HTTP/1.1" 200 27
116.233.72.251 - - [11/Sep/2021:10:40:08 +0800] "GET /xingrg/kc/buy/cgsh_order_operate.html?command=get_materiel&rest_code=00109&code=00101008323&supplier_code=00100005&order_time=2021-09-11 HTTP/1.1" 200 408
116.228.172.94 - - [11/Sep/2021:10:40:15 +0800] "GET /xingrg/all/function/internal_message.html?_=1631328016110&CODE_STATE=getMsg HTTP/1.1" 200 27
120.253.135.82 - - [11/Sep/2021:10:40:15 +0800] "GET /xingrg/kc/pszx/mdps_order_info.html?code=312021091000270 HTTP/1.1" 200 19589
120.253.135.82 - - [11/Sep/2021:10:40:16 +0800] "POST /xingrg/kc/pszx/mdps_order_operate.html HTTP/1.1" 200 1025
120.253.135.82 - - [11/Sep/2021:10:40:16 +0800] "GET /xingrg/javascript/easyui/themes/default/validatebox.css HTTP/1.1" 404 1104
120.253.135.82 - - [11/Sep/2021:10:40:19 +0800] "POST /xingrg/kc/pszx/mdps_list_operate.html HTTP/1.1" 200 3549
120.253.135.82 - - [11/Sep/2021:10:40:21 +0800] "POST /xingrg/kc/pszx/mdps_list_operate.html HTTP/1.1" 200 372
120.253.135.82 - - [11/Sep/2021:10:40:22 +0800] "GET /xingrg/kc/pszx/mdps_order_info.html?code=312021091000281 HTTP/1.1" 200 23931
120.253.135.82 - - [11/Sep/2021:10:40:22 +0800] "GET /xingrg/javascript/easyui/themes/default/validatebox.css HTTP/1.1" 404 1104
120.253.135.82 - - [11/Sep/2021:10:40:22 +0800] "POST /xingrg/kc/pszx/mdps_order_operate.html HTTP/1.1" 200 3289
116.237.74.154 - - [11/Sep/2021:10:40:23 +0800] "GET /xingrg/all/function/internal_message.html?_=1631328015760&CODE_STATE=getMsg HTTP/1.1" 200 27
116.233.72.251 - - [11/Sep/2021:10:40:23 +0800] "GET /xingrg/all/function/internal_message.html?_=1631328022160&CODE_STATE=getMsg HTTP/1.1" 200 27
101.89.19.197 - - [11/Sep/2021:10:40:23 +0800] "GET /xingrg/kc/buy/cgsh_order_operate.html?command=get_materiel&rest_code=00106&code=00101008301&supplier_code=00100007&order_time=2021-09-11 HTTP/1.1" 302 -
101.89.19.197 - - [11/Sep/2021:10:40:24 +0800] "GET /xingrg/login.html HTTP/1.1" 200 7641
120.253.135.82 - - [11/Sep/2021:10:40:26 +0800] "POST /xingrg/kc/pszx/mdps_order_operate.html HTTP/1.1" 200 37
120.253.135.82 - - [11/Sep/2021:10:40:27 +0800] "POST /xingrg/kc/pszx/mdps_order_operate.html HTTP/1.1" 200 12
58.40.7.146 - - [11/Sep/2021:10:40:28 +0800] "GET /xingrg/check_reg.html?_=1631328027457 HTTP/1.1" 302 -
116.233.72.251 - - [11/Sep/2021:10:40:29 +0800] "GET /xingrg/kc/buy/cgsh_order_operate.html?command=get_materiel&rest_code=00109&code=00101008350&supplier_code=00100005&order_time=2021-09-11 HTTP/1.1" 200 408
222.69.131.118 - - [11/Sep/2021:10:40:32 +0800] "GET /xingrg/all/function/internal_message.html?_=1631328031144&CODE_STATE=getMsg HTTP/1.1" 200 27
116.237.74.154 - - [11/Sep/2021:10:40:34 +0800] "POST /xingrg/kc/buy/cgsh_order_operate.html HTTP/1.1" 200 37
101.85.93.96 - - [11/Sep/2021:10:40:35 +0800] "GET /xingrg/all/function/internal_message.html?_=1631327956814&CODE_STATE=getMsg HTTP/1.1" 200 27
116.238.194.18 - - [11/Sep/2021:10:40:36 +0800] "GET /xingrg/all/function/internal_message.html?_=1631328034689&CODE_STATE=getMsg HTTP/1.1" 200 27
116.238.194.18 - - [11/Sep/2021:10:40:36 +0800] "GET /xingrg/check_reg.html?_=1631328034711 HTTP/1.1" 200 22
222.70.246.151 - - [11/Sep/2021:10:40:39 +0800] "GET /xingrg/all/function/internal_message.html?_=1631328040260&CODE_STATE=getMsg HTTP/1.1" 200 27
116.238.168.124 - - [11/Sep/2021:10:40:40 +0800] "GET /xingrg/all/function/internal_message.html?_=1631328017671&CODE_STATE=getMsg HTTP/1.1" 200 27
116.238.194.18 - - [11/Sep/2021:10:40:42 +0800] "GET /xingrg/all/function/internal_message.html?_=1631328013210&CODE_STATE=getMsg HTTP/1.1" 200 27
120.253.135.82 - - [11/Sep/2021:10:40:44 +0800] "GET /xingrg/all/function/internal_message.html?_=1631328034202&CODE_STATE=getMsg HTTP/1.1" 200 27
120.253.135.82 - - [11/Sep/2021:10:40:44 +0800] "GET /xingrg/all/function/internal_message.html?_=1631327636223&CODE_STATE=getMsg HTTP/1.1" 302 -
180.157.254.90 - - [11/Sep/2021:10:40:47 +0800] "GET /xingrg/all/function/internal_message.html?_=1631328045827&CODE_STATE=getMsg HTTP/1.1" 200 27
116.237.74.154 - - [11/Sep/2021:10:40:47 +0800] "POST /xingrg/kc/buy/cgsh_order_operate.html HTTP/1.1" 200 12
120.253.135.82 - - [11/Sep/2021:10:40:48 +0800] "GET /xingrg/kc/pszx/mdps_order_info.html?code=312021091000281 HTTP/1.1" 200 19591
120.253.135.82 - - [11/Sep/2021:10:40:48 +0800] "POST /xingrg/kc/pszx/mdps_order_operate.html HTTP/1.1" 200 1504
120.253.135.82 - - [11/Sep/2021:10:40:48 +0800] "GET /xingrg/javascript/easyui/themes/default/validatebox.css HTTP/1.1" 404 1104
116.237.74.154 - - [11/Sep/2021:10:40:48 +0800] "GET /xingrg/kc/buy/cgsh_order_info.html?code=212021091104529 HTTP/1.1" 200 58343
116.237.74.154 - - [11/Sep/2021:10:40:49 +0800] "GET /xingrg/javascript/easyui/themes/default/validatebox.css HTTP/1.1" 404 1104
116.237.74.154 - - [11/Sep/2021:10:40:50 +0800] "POST /xingrg/kc/buy/cgsh_order_operate.html HTTP/1.1" 200 49040
120.253.135.82 - - [11/Sep/2021:10:40:50 +0800] "GET /xingrg/check_reg.html?_=1631327641481 HTTP/1.1" 302 -
116.230.105.26 - - [11/Sep/2021:10:40:50 +0800] "GET /xingrg/all/function/internal_message.html?_=1631328047713&CODE_STATE=getMsg HTTP/1.1" 200 27
58.37.227.186 - - [11/Sep/2021:10:40:51 +0800] "GET /xingrg/all/function/internal_message.html?_=1631327923897&CODE_STATE=getMsg HTTP/1.1" 200 27
120.253.135.82 - - [11/Sep/2021:10:40:52 +0800] "POST /xingrg/kc/pszx/mdps_list_operate.html HTTP/1.1" 200 3177
101.83.145.79 - - [11/Sep/2021:10:40:54 +0800] "GET /xingrg/kc/buy/cgsh_order_operate.html?command=get_materiel&rest_code=00105&code=00101005037&supplier_code=00100012&order_time=2021-09-11 HTTP/1.1" 200 411
120.253.135.82 - - [11/Sep/2021:10:40:55 +0800] "POST /xingrg/kc/pszx/mdps_list_operate.html HTTP/1.1" 200 213
120.253.135.82 - - [11/Sep/2021:10:40:56 +0800] "GET /xingrg/kc/pszx/mdps_order_info.html?code=312021091000249 HTTP/1.1" 200 23931
120.253.135.82 - - [11/Sep/2021:10:40:56 +0800] "GET /xingrg/javascript/easyui/themes/default/validatebox.css HTTP/1.1" 404 1104
120.253.135.82 - - [11/Sep/2021:10:40:56 +0800] "POST /xingrg/kc/pszx/mdps_order_operate.html HTTP/1.1" 200 2302
116.237.74.154 - - [11/Sep/2021:10:40:56 +0800] "GET /xingrg/kc/print/load_config.html?kc_code=cgsh HTTP/1.1" 200 2076
116.237.74.154 - - [11/Sep/2021:10:40:56 +0800] "GET /xingrg/kc/print/load_data.html?order_code=212021091104529&kc_code=cgsh&condition= HTTP/1.1" 200 19022
116.233.72.251 - - [11/Sep/2021:10:40:58 +0800] "POST /xingrg/kc/buy/cgsh_order_operate.html HTTP/1.1" 200 2065
101.83.145.79 - - [11/Sep/2021:10:40:59 +0800] "GET /xingrg/kc/buy/buy_main.html HTTP/1.1" 200 12412
101.83.145.79 - - [11/Sep/2021:10:40:59 +0800] "GET /xingrg/css/new_ie.css HTTP/1.1" 404 1036
101.83.145.79 - - [11/Sep/2021:10:40:59 +0800] "GET /xingrg/images/blue/button/cgydd.gif HTTP/1.1" 304 -
101.83.145.79 - - [11/Sep/2021:10:40:59 +0800] "GET /xingrg/images/blue/button/cgshd.gif HTTP/1.1" 304 -
101.83.145.79 - - [11/Sep/2021:10:40:59 +0800] "GET /xingrg/images/blue/button/cgfkd.gif HTTP/1.1" 304 -
101.83.145.79 - - [11/Sep/2021:10:40:59 +0800] "GET /xingrg/images/blue/button/kc.gif HTTP/1.1" 304 -
101.83.145.79 - - [11/Sep/2021:10:40:59 +0800] "GET /xingrg/images/blue/button/ckthd.gif HTTP/1.1" 304 -
120.253.135.82 - - [11/Sep/2021:10:41:00 +0800] "POST /xingrg/kc/pszx/mdps_order_operate.html HTTP/1.1" 200 37
101.83.145.79 - - [11/Sep/2021:10:41:00 +0800] "GET /xingrg/all/function/internal_message.html?_=1631328007438&CODE_STATE=getMsg HTTP/1.1" 200 27
101.83.145.79 - - [11/Sep/2021:10:41:00 +0800] "GET /xingrg/check_reg.html?_=1631328007441 HTTP/1.1" 200 22
120.253.135.82 - - [11/Sep/2021:10:41:01 +0800] "POST /xingrg/kc/pszx/mdps_order_operate.html HTTP/1.1" 200 12
180.169.147.146 - - [11/Sep/2021:10:41:01 +0800] "GET /xingrg/all/function/internal_message.html?_=1631328060142&CODE_STATE=getMsg HTTP/1.1" 200 27
101.83.145.79 - - [11/Sep/2021:10:41:03 +0800] "GET /xingrg/kc/base/base_main.html HTTP/1.1" 200 12142
101.83.145.79 - - [11/Sep/2021:10:41:03 +0800] "GET /xingrg/images/blue/button/wlsy.gif HTTP/1.1" 304 -
101.83.145.79 - - [11/Sep/2021:10:41:03 +0800] "GET /xingrg/images/blue/button/ckpd.gif HTTP/1.1" 304 -
101.83.145.79 - - [11/Sep/2021:10:41:03 +0800] "GET /xingrg/images/blue/button/ckdb.gif HTTP/1.1" 304 -
101.83.145.79 - - [11/Sep/2021:10:41:03 +0800] "GET /xingrg/images/blue/button/yddb.gif HTTP/1.1" 304 -
101.83.145.79 - - [11/Sep/2021:10:41:03 +0800] "GET /xingrg/images/blue/button/top_left.jpg HTTP/1.1" 304 -
101.83.145.79 - - [11/Sep/2021:10:41:03 +0800] "GET /xingrg/images/blue/button/top_right.jpg HTTP/1.1" 304 -
101.83.145.79 - - [11/Sep/2021:10:41:03 +0800] "GET /xingrg/images/blue/button/down.jpg HTTP/1.1" 304 -
101.83.145.79 - - [11/Sep/2021:10:41:03 +0800] "GET /xingrg/images/blue/button/left_ah.jpg HTTP/1.1" 304 -
101.83.145.79 - - [11/Sep/2021:10:41:03 +0800] "GET /xingrg/images/blue/button/bottom_left.jpg HTTP/1.1" 304 -
101.83.145.79 - - [11/Sep/2021:10:41:03 +0800] "GET /xingrg/images/blue/button/bottom_right.jpg HTTP/1.1" 304 -
101.83.145.79 - - [11/Sep/2021:10:41:04 +0800] "POST /xingrg/kc/buy/cgsh_order_operate.html HTTP/1.1" 200 37
101.83.145.79 - - [11/Sep/2021:10:41:04 +0800] "GET /xingrg/css/base.css HTTP/1.1" 304 -
101.83.145.79 - - [11/Sep/2021:10:41:04 +0800] "GET /xingrg/kc/base/wldb_order_list.html HTTP/1.1" 200 19224
101.83.145.79 - - [11/Sep/2021:10:41:04 +0800] "GET /xingrg/css/site.css HTTP/1.1" 304 -
101.83.145.79 - - [11/Sep/2021:10:41:04 +0800] "GET /xingrg/javascript/jquery_tools/datebox.css HTTP/1.1" 304 -
101.83.145.79 - - [11/Sep/2021:10:41:04 +0800] "GET /xingrg/javascript/easyui/themes/default/easyui.css HTTP/1.1" 304 -
101.83.145.79 - - [11/Sep/2021:10:41:04 +0800] "GET /xingrg/javascript/easyui/themes/icon.css HTTP/1.1" 304 -
101.83.145.79 - - [11/Sep/2021:10:41:05 +0800] "GET /xingrg/javascript/jquery_tools/fix.css HTTP/1.1" 304 -
101.83.145.79 - - [11/Sep/2021:10:41:05 +0800] "GET /xingrg/javascript/jquery_tools/table.css HTTP/1.1" 304 -
101.83.145.79 - - [11/Sep/2021:10:41:05 +0800] "GET /xingrg/javascript/jquery_tools/jquery.tools.min.js HTTP/1.1" 304 -
101.83.145.79 - - [11/Sep/2021:10:41:05 +0800] "GET /xingrg/javascript/jquery_tools/jquery.tools.extend.js HTTP/1.1" 304 -
101.83.145.79 - - [11/Sep/2021:10:41:05 +0800] "GET /xingrg/javascript/jquery_tools/jquery.tools.hotkey.js HTTP/1.1" 304 -
101.83.145.79 - - [11/Sep/2021:10:41:05 +0800] "GET /xingrg/javascript/jquery_tools/jquery.tools.table.js HTTP/1.1" 304 -
101.83.145.79 - - [11/Sep/2021:10:41:05 +0800] "GET /xingrg/javascript/jquery_tools/list_manager.js HTTP/1.1" 304 -
101.83.145.79 - - [11/Sep/2021:10:41:05 +0800] "GET /xingrg/javascript/easyui/easyloader.js HTTP/1.1" 304 -
101.83.145.79 - - [11/Sep/2021:10:41:05 +0800] "GET /xingrg/javascript/jquery.cookie.js HTTP/1.1" 304 -
101.83.145.79 - - [11/Sep/2021:10:41:05 +0800] "POST /xingrg/kc/buy/cgsh_order_operate.html HTTP/1.1" 200 8635
101.83.145.79 - - [11/Sep/2021:10:41:06 +0800] "GET /xingrg/javascript/easyui/themes/icons/import_new.png HTTP/1.1" 304 -
101.83.145.79 - - [11/Sep/2021:10:41:06 +0800] "GET /xingrg/javascript/easyui/themes/icons/cance_new.png HTTP/1.1" 304 -
101.83.145.79 - - [11/Sep/2021:10:41:06 +0800] "GET /xingrg/javascript/easyui/themes/icons/field_new.png HTTP/1.1" 304 -
101.83.145.79 - - [11/Sep/2021:10:41:06 +0800] "GET /xingrg/javascript/easyui/themes/icons/check_new.png HTTP/1.1" 304 -
101.83.145.79 - - [11/Sep/2021:10:41:06 +0800] "GET /xingrg/javascript/easyui/themes/icons/edit_add_new.png HTTP/1.1" 304 -
101.83.145.79 - - [11/Sep/2021:10:41:06 +0800] "GET /xingrg/javascript/easyui/plugins/jquery.parser.js HTTP/1.1" 304 -
101.83.145.79 - - [11/Sep/2021:10:41:06 +0800] "GET /xingrg/images/control/ajaxLoader.gif HTTP/1.1" 304 -
101.83.145.79 - - [11/Sep/2021:10:41:06 +0800] "POST /xingrg/kc/base/wldb_list_operate.html HTTP/1.1" 200 928
101.83.145.79 - - [11/Sep/2021:10:41:06 +0800] "GET /xingrg/kc/print/load_data.html?order_code=212021091104537&kc_code=cgsh&condition= HTTP/1.1" 200 3047
116.237.74.154 - - [11/Sep/2021:10:41:07 +0800] "GET /xingrg/kc/print/load_data.html?order_code=212021091104529&kc_code=cgsh HTTP/1.1" 200 19022
101.83.145.79 - - [11/Sep/2021:10:41:07 +0800] "GET /xingrg/javascript/easyui/themes/default/images/button_plain_hover.png HTTP/1.1" 304 -
222.70.246.151 - - [11/Sep/2021:10:41:07 +0800] "GET /xingrg/all/function/internal_message.html?_=1631328087688&CODE_STATE=getMsg HTTP/1.1" 200 27
101.83.145.79 - - [11/Sep/2021:10:41:08 +0800] "GET /xingrg/kc/base/wldb_order_add.html HTTP/1.1" 200 30438
101.83.145.79 - - [11/Sep/2021:10:41:08 +0800] "GET /xingrg/javascript/jquery_tools/order_manager.js HTTP/1.1" 304 -
101.83.145.79 - - [11/Sep/2021:10:41:08 +0800] "GET /xingrg/javascript/convert.js HTTP/1.1" 304 -
101.83.145.79 - - [11/Sep/2021:10:41:08 +0800] "GET /xingrg/javascript/json2.js HTTP/1.1" 304 -
101.83.145.79 - - [11/Sep/2021:10:41:08 +0800] "GET /xingrg/javascript/easyui/themes/icons/cancel.png HTTP/1.1" 304 -
101.83.145.79 - - [11/Sep/2021:10:41:08 +0800] "GET /xingrg/javascript/easyui/themes/icons/template_new.png HTTP/1.1" 304 -
101.83.145.79 - - [11/Sep/2021:10:41:08 +0800] "GET /xingrg/javascript/easyui/themes/icons/ok.png HTTP/1.1" 304 -
101.83.145.79 - - [11/Sep/2021:10:41:09 +0800] "GET /xingrg/javascript/easyui/themes/icons/print.png HTTP/1.1" 304 -
101.83.145.79 - - [11/Sep/2021:10:41:09 +0800] "GET /xingrg/javascript/easyui/themes/default/images/menu_downarrow.png HTTP/1.1" 304 -
101.83.145.79 - - [11/Sep/2021:10:41:09 +0800] "POST /xingrg/kc/base/wldb_order_operate.html HTTP/1.1" 200 6806
101.83.145.79 - - [11/Sep/2021:10:41:09 +0800] "GET /xingrg/all/common/auto_word.html?type=base&rest_code=00105 HTTP/1.1" 200 1811
101.83.145.79 - - [11/Sep/2021:10:41:09 +0800] "GET /xingrg/all/common/auto_word.html?type=base&rest_code=00105 HTTP/1.1" 200 1811
101.83.145.79 - - [11/Sep/2021:10:41:09 +0800] "GET /xingrg/javascript/easyui/themes/default/validatebox.css HTTP/1.1" 404 1104
101.83.145.79 - - [11/Sep/2021:10:41:09 +0800] "GET /xingrg/javascript/easyui/plugins/jquery.validatebox.js HTTP/1.1" 304 -
101.83.145.79 - - [11/Sep/2021:10:41:09 +0800] "GET /xingrg/javascript/easyui/themes/icons/edit_remove.png HTTP/1.1" 304 -
101.83.145.79 - - [11/Sep/2021:10:41:09 +0800] "GET /xingrg/javascript/easyui/plugins/jquery.numberbox.js HTTP/1.1" 304 -
101.83.145.79 - - [11/Sep/2021:10:41:11 +0800] "POST /xingrg/all/common/load_combo.html?type=base HTTP/1.1" 200 3236
101.83.145.79 - - [11/Sep/2021:10:41:11 +0800] "GET /xingrg/css/images/panel_loading.gif HTTP/1.1" 304 -
120.253.135.82 - - [11/Sep/2021:10:41:14 +0800] "GET /xingrg/kc/pszx/mdps_order_info.html?code=312021091000249 HTTP/1.1" 200 19591
120.253.135.82 - - [11/Sep/2021:10:41:14 +0800] "POST /xingrg/kc/pszx/mdps_order_operate.html HTTP/1.1" 200 523
120.253.135.82 - - [11/Sep/2021:10:41:14 +0800] "GET /xingrg/javascript/easyui/themes/default/validatebox.css HTTP/1.1" 404 1104
116.228.172.94 - - [11/Sep/2021:10:41:15 +0800] "GET /xingrg/all/function/internal_message.html?_=1631328076087&CODE_STATE=getMsg HTTP/1.1" 200 27
116.233.72.251 - - [11/Sep/2021:10:41:17 +0800] "GET /xingrg/kc/buy/cgsh_order_operate.html?command=get_materiel&rest_code=00109&code=00101008355&supplier_code=00100005&order_time=2021-09-11 HTTP/1.1" 200 408
101.83.145.79 - - [11/Sep/2021:10:41:19 +0800] "GET /xingrg/javascript/auto/indicator.gif HTTP/1.1" 404 1066
120.253.135.82 - - [11/Sep/2021:10:41:22 +0800] "POST /xingrg/kc/pszx/mdps_list_operate.html HTTP/1.1" 200 2806
116.228.172.94 - - [11/Sep/2021:10:41:23 +0800] "GET /xingrg/kc/buy/cgsh_order_operate.html?command=get_materiel&rest_code=00153&code=00102010091&supplier_code=00100219&order_time=2021-09-11 HTTP/1.1" 200 408
116.233.72.251 - - [11/Sep/2021:10:41:23 +0800] "GET /xingrg/all/function/internal_message.html?_=1631328082162&CODE_STATE=getMsg HTTP/1.1" 200 27
120.253.135.82 - - [11/Sep/2021:10:41:25 +0800] "POST /xingrg/kc/pszx/mdps_list_operate.html HTTP/1.1" 200 626
120.253.135.82 - - [11/Sep/2021:10:41:26 +0800] "GET /xingrg/kc/pszx/mdps_order_info.html?code=312021091000268 HTTP/1.1" 200 23931
120.253.135.82 - - [11/Sep/2021:10:41:26 +0800] "GET /xingrg/javascript/easyui/themes/default/validatebox.css HTTP/1.1" 404 1104
120.253.135.82 - - [11/Sep/2021:10:41:26 +0800] "POST /xingrg/kc/pszx/mdps_order_operate.html HTTP/1.1" 200 7328
120.253.135.82 - - [11/Sep/2021:10:41:31 +0800] "POST /xingrg/kc/pszx/mdps_order_operate.html HTTP/1.1" 200 37
222.69.131.118 - - [11/Sep/2021:10:41:32 +0800] "GET /xingrg/all/function/internal_message.html?_=1631328091129&CODE_STATE=getMsg HTTP/1.1" 200 27
120.253.135.82 - - [11/Sep/2021:10:41:33 +0800] "POST /xingrg/kc/pszx/mdps_order_operate.html HTTP/1.1" 200 12
101.85.93.96 - - [11/Sep/2021:10:41:35 +0800] "GET /xingrg/all/function/internal_message.html?_=1631328016814&CODE_STATE=getMsg HTTP/1.1" 200 27
101.85.93.96 - - [11/Sep/2021:10:41:35 +0800] "GET /xingrg/check_reg.html?_=1631328016817 HTTP/1.1" 200 22
116.238.194.18 - - [11/Sep/2021:10:41:36 +0800] "GET /xingrg/all/function/internal_message.html?_=1631328094710&CODE_STATE=getMsg HTTP/1.1" 200 27
222.70.246.151 - - [11/Sep/2021:10:41:39 +0800] "GET /xingrg/all/function/internal_message.html?_=1631328100265&CODE_STATE=getMsg HTTP/1.1" 200 27
222.70.246.151 - - [11/Sep/2021:10:41:39 +0800] "GET /xingrg/check_reg.html?_=1631328100268 HTTP/1.1" 200 22
116.238.168.124 - - [11/Sep/2021:10:41:40 +0800] "GET /xingrg/all/function/internal_message.html?_=1631328077717&CODE_STATE=getMsg HTTP/1.1" 200 27
101.83.145.79 - - [11/Sep/2021:10:41:40 +0800] "GET /xingrg/kc/base/wldb_order_operate.html?command=get_materiel&rest_code=00105&base_code=0010510&code=00101036002 HTTP/1.1" 200 441
116.233.72.251 - - [11/Sep/2021:10:41:40 +0800] "GET /xingrg/kc/buy/cgsh_order_operate.html?command=get_materiel&rest_code=00109&code=00101008148&supplier_code=00100005&order_time=2021-09-11 HTTP/1.1" 200 416
101.83.145.79 - - [11/Sep/2021:10:41:42 +0800] "GET /xingrg/kc/buy/cgsh_order_list.html HTTP/1.1" 200 47688
116.238.194.18 - - [11/Sep/2021:10:41:42 +0800] "GET /xingrg/all/function/internal_message.html?_=1631328073229&CODE_STATE=getMsg HTTP/1.1" 200 27
116.228.172.94 - - [11/Sep/2021:10:41:43 +0800] "GET /xingrg/kc/buy/cgsh_order_operate.html?command=get_materiel&rest_code=00153&code=00102010267&supplier_code=00100219&order_time=2021-09-11 HTTP/1.1" 200 424
120.253.135.82 - - [11/Sep/2021:10:41:43 +0800] "GET /xingrg/kc/pszx/mdps_order_info.html?code=312021091000268 HTTP/1.1" 200 19591
101.83.145.79 - - [11/Sep/2021:10:41:43 +0800] "POST /xingrg/kc/buy/cgsh_list_operate.html HTTP/1.1" 200 3493
120.253.135.82 - - [11/Sep/2021:10:41:43 +0800] "POST /xingrg/kc/pszx/mdps_order_operate.html HTTP/1.1" 200 5498
120.253.135.82 - - [11/Sep/2021:10:41:43 +0800] "GET /xingrg/javascript/easyui/themes/default/validatebox.css HTTP/1.1" 404 1104
120.253.135.82 - - [11/Sep/2021:10:41:44 +0800] "GET /xingrg/all/function/internal_message.html?_=1631328094214&CODE_STATE=getMsg HTTP/1.1" 200 27
120.253.135.82 - - [11/Sep/2021:10:41:44 +0800] "GET /xingrg/all/function/internal_message.html?_=1631327696228&CODE_STATE=getMsg HTTP/1.1" 302 -
120.253.135.82 - - [11/Sep/2021:10:41:45 +0800] "POST /xingrg/kc/pszx/mdps_list_operate.html HTTP/1.1" 200 2434
180.157.254.90 - - [11/Sep/2021:10:41:47 +0800] "GET /xingrg/all/function/internal_message.html?_=1631328105841&CODE_STATE=getMsg HTTP/1.1" 200 27
101.91.60.11 - - [11/Sep/2021:10:41:47 +0800] "GET /xingrg/kc/buy/cgsh_order_info.html?code=212021091104529 HTTP/1.1" 302 -
101.83.145.79 - - [11/Sep/2021:10:41:47 +0800] "POST /xingrg/kc/buy/cgsh_list_operate.html HTTP/1.1" 200 426
101.91.60.11 - - [11/Sep/2021:10:41:48 +0800] "GET /xingrg/login.html HTTP/1.1" 200 7641
101.83.145.79 - - [11/Sep/2021:10:41:48 +0800] "GET /xingrg/kc/buy/cgsh_order_info.html?code=212021091104502 HTTP/1.1" 200 63482
101.83.145.79 - - [11/Sep/2021:10:41:48 +0800] "GET /xingrg/javascript/easyui/themes/default/validatebox.css HTTP/1.1" 404 1104
101.83.145.79 - - [11/Sep/2021:10:41:49 +0800] "POST /xingrg/kc/buy/cgsh_order_operate.html HTTP/1.1" 200 4432
120.253.135.82 - - [11/Sep/2021:10:41:49 +0800] "POST /xingrg/kc/pszx/mdps_list_operate.html HTTP/1.1" 200 206
116.237.74.154 - - [11/Sep/2021:10:41:50 +0800] "GET /xingrg/check_reg.html?_=1631328103085 HTTP/1.1" 200 22
116.237.74.154 - - [11/Sep/2021:10:41:50 +0800] "GET /xingrg/all/function/internal_message.html?_=1631328103083&CODE_STATE=getMsg HTTP/1.1" 200 27
116.230.105.26 - - [11/Sep/2021:10:41:50 +0800] "GET /xingrg/all/function/internal_message.html?_=1631328107717&CODE_STATE=getMsg HTTP/1.1" 200 27
120.253.135.82 - - [11/Sep/2021:10:41:51 +0800] "POST /xingrg/kc/pszx/mdps_list_operate.html HTTP/1.1" 200 205
58.37.227.186 - - [11/Sep/2021:10:41:51 +0800] "GET /xingrg/all/function/internal_message.html?_=1631327983896&CODE_STATE=getMsg HTTP/1.1" 200 27
120.253.135.82 - - [11/Sep/2021:10:41:52 +0800] "GET /xingrg/kc/pszx/mdps_order_info.html?code=312021091100283 HTTP/1.1" 200 23931
120.253.135.82 - - [11/Sep/2021:10:41:52 +0800] "GET /xingrg/javascript/easyui/themes/default/validatebox.css HTTP/1.1" 404 1104
120.253.135.82 - - [11/Sep/2021:10:41:52 +0800] "POST /xingrg/kc/pszx/mdps_order_operate.html HTTP/1.1" 200 2288
120.253.135.82 - - [11/Sep/2021:10:41:56 +0800] "POST /xingrg/kc/pszx/mdps_order_operate.html HTTP/1.1" 200 37
61.151.178.163 - - [11/Sep/2021:10:41:56 +0800] "GET /xingrg/kc/print/load_config.html?kc_code=cgsh HTTP/1.1" 302 -
61.151.178.163 - - [11/Sep/2021:10:41:56 +0800] "GET /xingrg/login.html HTTP/1.1" 200 7641
222.69.131.118 - - [11/Sep/2021:10:41:56 +0800] "GET /xingrg/kc/base/wldb_order_list.html HTTP/1.1" 200 19230
61.151.178.217 - - [11/Sep/2021:10:41:56 +0800] "GET /xingrg/kc/print/load_data.html?order_code=212021091104529&kc_code=cgsh&condition= HTTP/1.1" 302 -
222.69.131.118 - - [11/Sep/2021:10:41:57 +0800] "POST /xingrg/kc/base/wldb_list_operate.html HTTP/1.1" 200 928
120.253.135.82 - - [11/Sep/2021:10:41:57 +0800] "POST /xingrg/kc/pszx/mdps_order_operate.html HTTP/1.1" 200 12
222.69.131.118 - - [11/Sep/2021:10:41:58 +0800] "GET /xingrg/kc/base/wldb_order_add.html HTTP/1.1" 200 30444
61.151.178.217 - - [11/Sep/2021:10:41:58 +0800] "GET /xingrg/login.html HTTP/1.1" 200 7641
222.69.131.118 - - [11/Sep/2021:10:41:58 +0800] "POST /xingrg/kc/base/wldb_order_operate.html HTTP/1.1" 200 6806
222.69.131.118 - - [11/Sep/2021:10:41:58 +0800] "GET /xingrg/all/common/auto_word.html?type=base&rest_code=00149 HTTP/1.1" 200 1811
