101.83.145.79 - - [11/Sep/2021:11:39:09 +0800] "POST /xingrg/kc/base/wldb_order_operate.html HTTP/1.1" 200 37
101.83.145.79 - - [11/Sep/2021:11:39:09 +0800] "POST /xingrg/kc/base/wldb_order_operate.html HTTP/1.1" 200 3133
58.37.227.186 - - [11/Sep/2021:11:39:11 +0800] "GET /xingrg/kc/buy/cgsh_order_add.html HTTP/1.1" 200 63432
58.37.227.186 - - [11/Sep/2021:11:39:11 +0800] "POST /xingrg/kc/buy/cgsh_order_operate.html HTTP/1.1" 200 8245
58.37.227.186 - - [11/Sep/2021:11:39:11 +0800] "GET /xingrg/javascript/easyui/themes/default/validatebox.css HTTP/1.1" 404 1104
116.228.172.94 - - [11/Sep/2021:11:39:14 +0800] "GET /xingrg/check_reg.html?_=1631331552672 HTTP/1.1" 200 22
116.228.172.94 - - [11/Sep/2021:11:39:14 +0800] "GET /xingrg/all/function/internal_message.html?_=1631331552678&CODE_STATE=getMsg HTTP/1.1" 200 27
101.83.145.79 - - [11/Sep/2021:11:39:15 +0800] "GET /xingrg/kc/base/wldb_order_info.html?code=422021091101139 HTTP/1.1" 200 30452
101.83.145.79 - - [11/Sep/2021:11:39:15 +0800] "GET /xingrg/javascript/easyui/themes/default/validatebox.css HTTP/1.1" 404 1104
101.83.145.79 - - [11/Sep/2021:11:39:16 +0800] "POST /xingrg/kc/base/wldb_order_operate.html HTTP/1.1" 200 3133
116.238.194.18 - - [11/Sep/2021:11:39:18 +0800] "GET /xingrg/kc/buy/cgsh_order_operate.html?command=get_materiel&rest_code=00150&code=00101015076&supplier_code=00100054&order_time=2021-09-11 HTTP/1.1" 200 416
116.238.168.124 - - [11/Sep/2021:11:39:20 +0800] "POST /xingrg/kc/base/wldb_order_operate.html HTTP/1.1" 200 37
58.37.227.186 - - [11/Sep/2021:11:39:20 +0800] "GET /xingrg/kc/buy/cgsh_order_operate.html?command=get_materiel&rest_code=00141&code=00101003025&supplier_code=00100093&order_time=2021-09-11 HTTP/1.1" 200 409
101.83.145.79 - - [11/Sep/2021:11:39:20 +0800] "GET /xingrg/kc/base/wldb_order_add.html HTTP/1.1" 200 30438
101.83.145.79 - - [11/Sep/2021:11:39:21 +0800] "GET /xingrg/javascript/easyui/themes/default/validatebox.css HTTP/1.1" 404 1104
101.83.145.79 - - [11/Sep/2021:11:39:21 +0800] "POST /xingrg/kc/base/wldb_order_operate.html HTTP/1.1" 200 6806
101.83.145.79 - - [11/Sep/2021:11:39:21 +0800] "POST /xingrg/all/common/load_combo.html?type=base HTTP/1.1" 200 3236
116.238.168.124 - - [11/Sep/2021:11:39:22 +0800] "POST /xingrg/kc/base/wldb_order_operate.html HTTP/1.1" 200 12
116.238.168.124 - - [11/Sep/2021:11:39:22 +0800] "POST /xingrg/kc/base/wldb_order_operate.html HTTP/1.1" 200 2236
124.79.74.73 - - [11/Sep/2021:11:39:22 +0800] "GET /xingrg/kc/buy/cgsh_order_operate.html?command=get_materiel&rest_code=00156&code=00102005565&supplier_code=00100451&order_time=2021-09-11 HTTP/1.1" 200 420
222.70.246.151 - - [11/Sep/2021:11:39:22 +0800] "GET /xingrg/kc/buy/cgsh_order_operate.html?command=get_materiel&rest_code=00146&code=00101002034&supplier_code=00100091&order_time=2021-09-11 HTTP/1.1" 200 409
116.238.168.124 - - [11/Sep/2021:11:39:23 +0800] "GET /xingrg/kc/base/wldb_order_info.html?code=422021091101140 HTTP/1.1" 200 26305
116.238.168.124 - - [11/Sep/2021:11:39:24 +0800] "GET /xingrg/all/function/internal_message.html?_=1631331542475&CODE_STATE=getMsg HTTP/1.1" 200 27
116.238.168.124 - - [11/Sep/2021:11:39:24 +0800] "POST /xingrg/kc/base/wldb_order_operate.html HTTP/1.1" 200 527
116.238.168.124 - - [11/Sep/2021:11:39:25 +0800] "GET /xingrg/javascript/easyui/themes/default/validatebox.css HTTP/1.1" 404 1104
120.253.135.82 - - [11/Sep/2021:11:39:25 +0800] "GET /xingrg/all/function/internal_message.html?_=1631331337646&CODE_STATE=getMsg HTTP/1.1" 200 27
101.83.145.79 - - [11/Sep/2021:11:39:26 +0800] "GET /xingrg/all/function/internal_message.html?_=1631331563520&CODE_STATE=getMsg HTTP/1.1" 200 27
116.238.168.124 - - [11/Sep/2021:11:39:27 +0800] "GET /xingrg/kc/base/wldb_order_add.html HTTP/1.1" 200 30434
116.238.194.18 - - [11/Sep/2021:11:39:27 +0800] "GET /xingrg/kc/buy/cgsh_order_operate.html?command=get_materiel&rest_code=00150&code=00101015062&supplier_code=00100054&order_time=2021-09-11 HTTP/1.1" 200 412
101.83.145.79 - - [11/Sep/2021:11:39:28 +0800] "GET /favicon.ico HTTP/1.1" 404 -
116.238.168.124 - - [11/Sep/2021:11:39:28 +0800] "POST /xingrg/kc/base/wldb_order_operate.html HTTP/1.1" 200 6806
116.237.74.154 - - [11/Sep/2021:11:39:29 +0800] "GET /xingrg/check_reg.html?_=1631331568281 HTTP/1.1" 200 22
116.237.74.154 - - [11/Sep/2021:11:39:29 +0800] "GET /xingrg/all/function/internal_message.html?_=1631331568315&CODE_STATE=getMsg HTTP/1.1" 200 27
116.238.194.18 - - [11/Sep/2021:11:39:29 +0800] "GET /xingrg/check_reg.html?_=1631331540245 HTTP/1.1" 200 22
116.238.168.124 - - [11/Sep/2021:11:39:29 +0800] "GET /xingrg/javascript/easyui/themes/default/validatebox.css HTTP/1.1" 404 1104
116.238.168.124 - - [11/Sep/2021:11:39:30 +0800] "POST /xingrg/all/common/load_combo.html?type=base HTTP/1.1" 200 3060
101.83.145.79 - - [11/Sep/2021:11:39:30 +0800] "GET /xingrg/kc/base/wldb_order_operate.html?command=get_materiel&rest_code=00105&base_code=0010508&code=00102002258 HTTP/1.1" 200 433
222.69.131.118 - - [11/Sep/2021:11:39:31 +0800] "GET /xingrg/all/function/internal_message.html?_=1631331570131&CODE_STATE=getMsg HTTP/1.1" 200 27
116.237.74.154 - - [11/Sep/2021:11:39:32 +0800] "GET /xingrg/all/function/internal_message.html?_=1631331565500&CODE_STATE=getMsg HTTP/1.1" 200 27
222.69.131.118 - - [11/Sep/2021:11:39:33 +0800] "GET /xingrg/check_reg.html?_=1631331571583 HTTP/1.1" 200 22
58.37.227.186 - - [11/Sep/2021:11:39:33 +0800] "POST /xingrg/kc/buy/cgsh_order_operate.html HTTP/1.1" 200 37
101.83.145.79 - - [11/Sep/2021:11:39:35 +0800] "POST /xingrg/login.do HTTP/1.1" 302 -
101.83.145.79 - - [11/Sep/2021:11:39:35 +0800] "GET /xingrg/index.html?sysBaseUrl=http%3A%2F%2F180.169.147.146%3A18081%2Fxingrg%2F&costTime=41×tamp=1631331575041 HTTP/1.1" 200 17413
222.70.246.151 - - [11/Sep/2021:11:39:35 +0800] "GET /xingrg/kc/buy/cgsh_order_operate.html?command=get_materiel&rest_code=00146&code=00101003037&supplier_code=00100091&order_time=2021-09-11 HTTP/1.1" 200 413
116.238.168.124 - - [11/Sep/2021:11:39:35 +0800] "POST /xingrg/all/common/load_combo.html?type=base HTTP/1.1" 200 3060
101.83.145.79 - - [11/Sep/2021:11:39:35 +0800] "GET /favicon.ico HTTP/1.1" 404 -
101.83.145.79 - - [11/Sep/2021:11:39:35 +0800] "POST /xingrg/all/common/load_tree.html?tree=area_rest_tree_json&manage=1 HTTP/1.1" 200 342
101.83.145.79 - - [11/Sep/2021:11:39:35 +0800] "GET /xingrg/all/function/internal_message.html?_=1631331572204&CODE_STATE=count HTTP/1.1" 200 11
101.83.145.79 - - [11/Sep/2021:11:39:35 +0800] "GET /xingrg/check_reg.html?_=1631331572206 HTTP/1.1" 200 22
101.83.145.79 - - [11/Sep/2021:11:39:35 +0800] "POST /xingrg/load_menu.html HTTP/1.1" 200 9959
58.37.227.186 - - [11/Sep/2021:11:39:36 +0800] "POST /xingrg/kc/buy/cgsh_order_operate.html HTTP/1.1" 200 12
101.83.145.79 - - [11/Sep/2021:11:39:36 +0800] "GET /xingrg/kc/report/report_main.html HTTP/1.1" 200 7345
58.37.227.186 - - [11/Sep/2021:11:39:38 +0800] "GET /xingrg/kc/buy/cgsh_order_info.html?code=212021091104643 HTTP/1.1" 200 58343
58.37.227.186 - - [11/Sep/2021:11:39:38 +0800] "GET /xingrg/javascript/easyui/themes/default/validatebox.css HTTP/1.1" 404 1104
101.83.145.79 - - [11/Sep/2021:11:39:38 +0800] "GET /xingrg/kc/base/wldb_order_operate.html?command=get_materiel&rest_code=00105&base_code=0010508&code=00102002041 HTTP/1.1" 200 435
101.83.145.79 - - [11/Sep/2021:11:39:38 +0800] "GET /xingrg/all/report/report_query.html?fileName=kc/buy/gys_amount_category.xml&rh=99999 HTTP/1.1" 200 51878
58.37.227.186 - - [11/Sep/2021:11:39:38 +0800] "POST /xingrg/kc/buy/cgsh_order_operate.html HTTP/1.1" 200 603
101.83.145.79 - - [11/Sep/2021:11:39:38 +0800] "GET /xingrg/dwr/interface/AjaxReportQueryService.js HTTP/1.1" 200 13203
101.83.145.79 - - [11/Sep/2021:11:39:38 +0800] "GET /xingrg/dwr/engine.js HTTP/1.1" 200 43631
101.83.145.79 - - [11/Sep/2021:11:39:39 +0800] "POST /xingrg/dwr/call/plaincall/AjaxReportQueryService.getFixDate.dwr HTTP/1.1" 200 111
101.83.145.79 - - [11/Sep/2021:11:39:39 +0800] "POST /xingrg/dwr/call/plaincall/AjaxReportQueryService.getInitString.dwr HTTP/1.1" 200 1014
101.83.145.79 - - [11/Sep/2021:11:39:39 +0800] "POST /xingrg/all/common/load_tree.html?tree=supplier_tree_json&manage=1 HTTP/1.1" 200 58657
116.238.194.18 - - [11/Sep/2021:11:39:39 +0800] "GET /xingrg/kc/buy/cgsh_order_operate.html?command=get_materiel&rest_code=00150&code=00101015022&supplier_code=00100054&order_time=2021-09-11 HTTP/1.1" 200 408
58.37.227.186 - - [11/Sep/2021:11:39:39 +0800] "GET /xingrg/kc/print/load_data.html?order_code=212021091104643&kc_code=cgsh&condition= HTTP/1.1" 200 745
101.83.145.79 - - [11/Sep/2021:11:39:40 +0800] "POST /xingrg/all/common/load_tree.html?tree=materiel_sort_tree_json HTTP/1.1" 200 8792
101.85.93.96 - - [11/Sep/2021:11:39:41 +0800] "GET /xingrg/all/function/internal_message.html?_=1631331502722&CODE_STATE=getMsg HTTP/1.1" 200 27
101.83.145.79 - - [11/Sep/2021:11:39:42 +0800] "POST /xingrg/kc/base/wldb_order_operate.html HTTP/1.1" 200 37
101.83.145.79 - - [11/Sep/2021:11:39:42 +0800] "POST /xingrg/dwr/call/plaincall/AjaxReportQueryService.getFixDate.dwr HTTP/1.1" 200 111
101.83.145.79 - - [11/Sep/2021:11:39:42 +0800] "POST /xingrg/kc/base/wldb_order_operate.html HTTP/1.1" 200 2661
116.238.194.18 - - [11/Sep/2021:11:39:43 +0800] "GET /xingrg/all/function/internal_message.html?_=1631331554012&CODE_STATE=getMsg HTTP/1.1" 200 27
101.83.145.79 - - [11/Sep/2021:11:39:43 +0800] "GET /xingrg/kc/base/wldb_order_info.html?code=422021091101141 HTTP/1.1" 200 30452
101.83.145.79 - - [11/Sep/2021:11:39:43 +0800] "GET /xingrg/javascript/easyui/themes/default/validatebox.css HTTP/1.1" 404 1104
58.37.227.186 - - [11/Sep/2021:11:39:43 +0800] "GET /xingrg/kc/buy/cgsh_order_add.html HTTP/1.1" 200 63432
101.83.145.79 - - [11/Sep/2021:11:39:43 +0800] "POST /xingrg/kc/base/wldb_order_operate.html HTTP/1.1" 200 2661
120.253.135.82 - - [11/Sep/2021:11:39:43 +0800] "GET /xingrg/check_reg.html?_=1631331573820 HTTP/1.1" 200 22
58.37.227.186 - - [11/Sep/2021:11:39:43 +0800] "POST /xingrg/kc/buy/cgsh_order_operate.html HTTP/1.1" 200 8245
58.37.227.186 - - [11/Sep/2021:11:39:44 +0800] "GET /xingrg/javascript/easyui/themes/default/validatebox.css HTTP/1.1" 404 1104
101.83.145.79 - - [11/Sep/2021:11:39:44 +0800] "GET /xingrg/check_reg.html?_=1631331582773 HTTP/1.1" 200 22
101.83.145.79 - - [11/Sep/2021:11:39:44 +0800] "GET /xingrg/all/function/internal_message.html?_=1631331582806&CODE_STATE=getMsg HTTP/1.1" 200 27
116.238.194.18 - - [11/Sep/2021:11:39:44 +0800] "GET /xingrg/all/function/internal_message.html?_=1631331582174&CODE_STATE=getMsg HTTP/1.1" 200 27
116.238.194.18 - - [11/Sep/2021:11:39:44 +0800] "GET /xingrg/kc/buy/cgsh_order_operate.html?command=get_materiel&rest_code=00150&code=00101015040&supplier_code=00100054&order_time=2021-09-11 HTTP/1.1" 200 408
124.79.74.73 - - [11/Sep/2021:11:39:44 +0800] "GET /xingrg/kc/buy/cgsh_order_operate.html?command=get_materiel&rest_code=00156&code=00102005640&supplier_code=00100451&order_time=2021-09-11 HTTP/1.1" 200 428
116.238.168.124 - - [11/Sep/2021:11:39:44 +0800] "GET /xingrg/kc/base/wldb_order_operate.html?command=get_materiel&rest_code=00102&base_code=0010480&code=00101025025 HTTP/1.1" 200 468
120.253.135.82 - - [11/Sep/2021:11:39:45 +0800] "GET /xingrg/all/function/internal_message.html?_=1631331575006&CODE_STATE=getMsg HTTP/1.1" 200 27
180.157.254.90 - - [11/Sep/2021:11:39:47 +0800] "GET /xingrg/all/function/internal_message.html?_=1631331585939&CODE_STATE=getMsg HTTP/1.1" 200 27
124.79.74.73 - - [11/Sep/2021:11:39:48 +0800] "GET /xingrg/all/function/internal_message.html?_=1631331587457&CODE_STATE=getMsg HTTP/1.1" 200 27
124.79.74.73 - - [11/Sep/2021:11:39:48 +0800] "GET /xingrg/check_reg.html?_=1631331587457 HTTP/1.1" 200 22
116.238.194.18 - - [11/Sep/2021:11:39:49 +0800] "GET /xingrg/kc/buy/cgsh_order_operate.html?command=get_materiel&rest_code=00150&code=00101015026&supplier_code=00100054&order_time=2021-09-11 HTTP/1.1" 200 412
116.230.105.26 - - [11/Sep/2021:11:39:50 +0800] "GET /xingrg/all/function/internal_message.html?_=1631331587713&CODE_STATE=getMsg HTTP/1.1" 200 27
222.70.246.151 - - [11/Sep/2021:11:39:51 +0800] "POST /xingrg/kc/buy/cgsh_order_operate.html HTTP/1.1" 200 37
116.238.168.124 - - [11/Sep/2021:11:39:52 +0800] "POST /xingrg/kc/base/wldb_order_operate.html HTTP/1.1" 200 37
101.83.145.79 - - [11/Sep/2021:11:39:53 +0800] "GET /xingrg/kc/base/wldb_order_add.html HTTP/1.1" 200 30438
101.83.145.79 - - [11/Sep/2021:11:39:53 +0800] "POST /xingrg/kc/base/wldb_order_operate.html HTTP/1.1" 200 6806
101.83.145.79 - - [11/Sep/2021:11:39:53 +0800] "GET /xingrg/javascript/easyui/themes/default/validatebox.css HTTP/1.1" 404 1104
222.70.246.151 - - [11/Sep/2021:11:39:53 +0800] "POST /xingrg/kc/buy/cgsh_order_operate.html HTTP/1.1" 200 3255
58.37.227.186 - - [11/Sep/2021:11:39:54 +0800] "GET /xingrg/kc/buy/cgsh_order_operate.html?command=get_materiel&rest_code=00141&code=00101001037&supplier_code=00100094&order_time=2021-09-11 HTTP/1.1" 200 416
116.238.168.124 - - [11/Sep/2021:11:39:54 +0800] "POST /xingrg/kc/base/wldb_order_operate.html HTTP/1.1" 200 12
116.238.168.124 - - [11/Sep/2021:11:39:54 +0800] "POST /xingrg/kc/base/wldb_order_operate.html HTTP/1.1" 200 2214
116.238.194.18 - - [11/Sep/2021:11:39:54 +0800] "GET /xingrg/kc/buy/cgsh_order_operate.html?command=get_materiel&rest_code=00150&code=00101015021&supplier_code=00100054&order_time=2021-09-11 HTTP/1.1" 200 408
222.70.246.151 - - [11/Sep/2021:11:39:54 +0800] "GET /xingrg/kc/print/load_data.html?order_code=212021091104644&kc_code=cgsh&condition= HTTP/1.1" 200 978
101.83.145.79 - - [11/Sep/2021:11:39:55 +0800] "POST /xingrg/all/common/load_combo.html?type=base HTTP/1.1" 200 3236
116.238.168.124 - - [11/Sep/2021:11:39:55 +0800] "GET /xingrg/kc/base/wldb_order_info.html?code=422021091101142 HTTP/1.1" 200 26311
101.83.145.79 - - [11/Sep/2021:11:39:56 +0800] "POST /xingrg/dwr/call/plaincall/AjaxReportQueryService.refreshCache.dwr HTTP/1.1" 200 78
58.37.227.186 - - [11/Sep/2021:11:39:57 +0800] "GET /xingrg/check_reg.html?_=1631331469462 HTTP/1.1" 200 22
116.238.168.124 - - [11/Sep/2021:11:39:57 +0800] "POST /xingrg/kc/base/wldb_order_operate.html HTTP/1.1" 200 509
116.238.168.124 - - [11/Sep/2021:11:39:57 +0800] "GET /xingrg/javascript/easyui/themes/default/validatebox.css HTTP/1.1" 404 1104
101.83.145.79 - - [11/Sep/2021:11:39:57 +0800] "POST /xingrg/all/report/load_report_page.html HTTP/1.1" 200 8868
101.83.145.79 - - [11/Sep/2021:11:39:57 +0800] "GET /xingrg/servlets/image?cache=0.8904441315030197&image=px HTTP/1.1" 200 807
101.83.145.79 - - [11/Sep/2021:11:39:59 +0800] "GET /xingrg/all/report/report_query.html?isQuery=1&fileName=kc/buy/wlcg_cate_hz.xml&queryString=(CONVERT(char(10)%2Ca.order_time%2C%20120)%3E%3D'2021-08-01')%20and%20(CONVERT(char(10)%2Ca.order_time%2C%20120)%3C%3D'2021-08-31')%20and%20(a.supplier_code%20in%20('00100347'))%20and%20(a.supplier_code%3D'00100347')%20and%20(a.big_sort%3D'00102')&queryText=%E3%80%90%E9%87%87%E8%B4%AD%E6%97%A5%E6%9C%9F%3A2021-08-01%20%E8%87%B3%202021-08-31%E3%80%91%20%E5%B9%B6%E4%B8%94%20%20%E3%80%90%E4%BE%9B%E5%BA%94%E5%95%86%20%3D%20%E9%99%88%E7%99%BB%E4%BA%91%E3%80%91%20%E5%B9%B6%E4%B8%94%20%E3%80%90%E4%BE%9B%E5%BA%94%E5%95%86%3D%E9%99%88%E7%99%BB%E4%BA%91%E3%80%91%E5%B9%B6%E4%B8%94%E3%80%90%E7%B1%BB%E5%88%AB%E5%90%8D%E7%A7%B0%20%3D%20%E8%B4%B9%E7%94%A8%E7%B1%BB%E3%80%91&rand=0.551871192601585 HTTP/1.1" 200 32811
101.83.145.79 - - [11/Sep/2021:11:39:59 +0800] "GET /xingrg/all/report/report_query.html?isQuery=1&fileName=kc/buy/wlcg_cate_hz.xml&queryString=(CONVERT(char(10)%2Ca.order_time%2C%20120)%3E%3D'2021-08-01')%20and%20(CONVERT(char(10)%2Ca.order_time%2C%20120)%3C%3D'2021-08-31')%20and%20(a.supplier_code%20in%20('00100347'))%20and%20(a.supplier_code%3D'00100347')%20and%20(a.big_sort%3D'00102')&queryText=%E3%80%90%E9%87%87%E8%B4%AD%E6%97%A5%E6%9C%9F%3A2021-08-01%20%E8%87%B3%202021-08-31%E3%80%91%20%E5%B9%B6%E4%B8%94%20%20%E3%80%90%E4%BE%9B%E5%BA%94%E5%95%86%20%3D%20%E9%99%88%E7%99%BB%E4%BA%91%E3%80%91%20%E5%B9%B6%E4%B8%94%20%E3%80%90%E4%BE%9B%E5%BA%94%E5%95%86%3D%E9%99%88%E7%99%BB%E4%BA%91%E3%80%91%E5%B9%B6%E4%B8%94%E3%80%90%E7%B1%BB%E5%88%AB%E5%90%8D%E7%A7%B0%20%3D%20%E8%B4%B9%E7%94%A8%E7%B1%BB%E3%80%91&rand=0.551871192601585 HTTP/1.1" 200 54508
101.83.145.79 - - [11/Sep/2021:11:39:59 +0800] "GET /xingrg/dwr/interface/AjaxReportQueryService.js HTTP/1.1" 200 13203
101.83.145.79 - - [11/Sep/2021:11:39:59 +0800] "GET /xingrg/dwr/engine.js HTTP/1.1" 200 43631
116.238.194.18 - - [11/Sep/2021:11:40:00 +0800] "POST /xingrg/kc/buy/cgsh_order_operate.html HTTP/1.1" 200 37
101.83.145.79 - - [11/Sep/2021:11:40:00 +0800] "GET /xingrg/all/function/internal_message.html?_=1631331547525&CODE_STATE=getMsg HTTP/1.1" 200 27
222.70.246.151 - - [11/Sep/2021:11:40:00 +0800] "GET /xingrg/kc/buy/cgsh_order_add.html HTTP/1.1" 200 63432
101.83.145.79 - - [11/Sep/2021:11:40:01 +0800] "POST /xingrg/all/report/load_report_page.html HTTP/1.1" 200 8709
101.83.145.79 - - [11/Sep/2021:11:40:01 +0800] "GET /xingrg/servlets/image?cache=0.8036416589911822&image=px HTTP/1.1" 200 807
180.169.147.146 - - [11/Sep/2021:11:40:01 +0800] "GET /xingrg/all/function/internal_message.html?_=1631331600140&CODE_STATE=getMsg HTTP/1.1" 200 27
222.70.246.151 - - [11/Sep/2021:11:40:01 +0800] "POST /xingrg/kc/buy/cgsh_order_operate.html HTTP/1.1" 200 8245
222.70.246.151 - - [11/Sep/2021:11:40:01 +0800] "GET /xingrg/javascript/easyui/themes/default/validatebox.css HTTP/1.1" 404 1104
116.238.168.124 - - [11/Sep/2021:11:40:02 +0800] "GET /xingrg/check_reg.html?_=1631331580395 HTTP/1.1" 200 22
58.37.227.186 - - [11/Sep/2021:11:40:04 +0800] "POST /xingrg/kc/buy/cgsh_order_operate.html HTTP/1.1" 200 37
116.238.194.18 - - [11/Sep/2021:11:40:06 +0800] "POST /xingrg/kc/buy/cgsh_order_operate.html HTTP/1.1" 200 12
222.70.246.151 - - [11/Sep/2021:11:40:07 +0800] "GET /xingrg/all/function/internal_message.html?_=1631331627601&CODE_STATE=getMsg HTTP/1.1" 200 27
58.37.227.186 - - [11/Sep/2021:11:40:08 +0800] "POST /xingrg/kc/buy/cgsh_order_operate.html HTTP/1.1" 200 12
116.238.194.18 - - [11/Sep/2021:11:40:09 +0800] "GET /xingrg/kc/buy/cgsh_order_info.html?code=212021091104645 HTTP/1.1" 200 58257
116.238.194.18 - - [11/Sep/2021:11:40:09 +0800] "GET /xingrg/words/20210911111000_words.js HTTP/1.1" 304 -
116.238.194.18 - - [11/Sep/2021:11:40:09 +0800] "GET /xingrg/javascript/easyui/themes/default/validatebox.css HTTP/1.1" 404 1104
101.83.145.79 - - [11/Sep/2021:11:40:10 +0800] "GET /xingrg/kc/base/wldb_order_operate.html?command=get_materiel&rest_code=00105&base_code=0010508&code=00102002448 HTTP/1.1" 200 426
116.237.74.154 - - [11/Sep/2021:11:40:10 +0800] "POST /xingrg/kc/buy/cgsh_order_operate.html HTTP/1.1" 200 37
116.238.194.18 - - [11/Sep/2021:11:40:10 +0800] "POST /xingrg/kc/buy/cgsh_order_operate.html HTTP/1.1" 200 3548
101.83.145.79 - - [11/Sep/2021:11:40:10 +0800] "POST /xingrg/all/report/load_report_page.html HTTP/1.1" 200 8709
101.83.145.79 - - [11/Sep/2021:11:40:10 +0800] "GET /xingrg/servlets/image?cache=0.2497607380726672&image=px HTTP/1.1" 200 807
101.83.145.79 - - [11/Sep/2021:11:40:11 +0800] "POST /xingrg/all/report/load_report_page.html HTTP/1.1" 200 23115
101.83.145.79 - - [11/Sep/2021:11:40:11 +0800] "GET /xingrg/servlets/image?cache=0.930500067439126&image=px HTTP/1.1" 200 807
116.238.194.18 - - [11/Sep/2021:11:40:12 +0800] "GET /xingrg/kc/print/load_data.html?order_code=212021091104645&kc_code=cgsh&condition= HTTP/1.1" 200 1811
58.37.227.186 - - [11/Sep/2021:11:40:12 +0800] "GET /xingrg/kc/buy/cgsh_order_info.html?code=212021091104646 HTTP/1.1" 200 58341
58.37.227.186 - - [11/Sep/2021:11:40:12 +0800] "GET /xingrg/javascript/easyui/themes/default/validatebox.css HTTP/1.1" 404 1104
222.70.246.151 - - [11/Sep/2021:11:40:12 +0800] "GET /xingrg/kc/buy/cgsh_order_operate.html?command=get_materiel&rest_code=00146&code=00101001040&supplier_code=00100319&order_time=2021-09-11 HTTP/1.1" 200 415
116.237.74.154 - - [11/Sep/2021:11:40:12 +0800] "POST /xingrg/kc/buy/cgsh_order_operate.html HTTP/1.1" 200 5028
58.37.227.186 - - [11/Sep/2021:11:40:13 +0800] "POST /xingrg/kc/buy/cgsh_order_operate.html HTTP/1.1" 200 611
101.83.145.79 - - [11/Sep/2021:11:40:13 +0800] "POST /xingrg/kc/base/wldb_order_operate.html HTTP/1.1" 200 37
58.37.227.186 - - [11/Sep/2021:11:40:14 +0800] "GET /xingrg/kc/print/load_data.html?order_code=212021091104646&kc_code=cgsh&condition= HTTP/1.1" 200 783
101.83.145.79 - - [11/Sep/2021:11:40:14 +0800] "POST /xingrg/kc/base/wldb_order_operate.html HTTP/1.1" 200 2678
116.228.172.94 - - [11/Sep/2021:11:40:14 +0800] "GET /xingrg/all/function/internal_message.html?_=1631331612681&CODE_STATE=getMsg HTTP/1.1" 200 27
101.83.145.79 - - [11/Sep/2021:11:40:14 +0800] "GET /xingrg/kc/base/wldb_order_info.html?code=422021091101143 HTTP/1.1" 200 30452
101.83.145.79 - - [11/Sep/2021:11:40:14 +0800] "GET /xingrg/javascript/easyui/themes/default/validatebox.css HTTP/1.1" 404 1104
101.83.145.79 - - [11/Sep/2021:11:40:15 +0800] "POST /xingrg/kc/base/wldb_order_operate.html HTTP/1.1" 200 2678
116.237.74.154 - - [11/Sep/2021:11:40:15 +0800] "GET /xingrg/kc/buy/cgsh_order_add.html HTTP/1.1" 200 63426
116.237.74.154 - - [11/Sep/2021:11:40:15 +0800] "GET /xingrg/words/20210911111000_words.js HTTP/1.1" 304 -
101.83.145.79 - - [11/Sep/2021:11:40:15 +0800] "POST /xingrg/all/report/load_report_page.html HTTP/1.1" 200 23129
116.237.74.154 - - [11/Sep/2021:11:40:15 +0800] "POST /xingrg/kc/buy/cgsh_order_operate.html HTTP/1.1" 200 8245
101.83.145.79 - - [11/Sep/2021:11:40:15 +0800] "GET /xingrg/servlets/image?cache=0.7476265402138497&image=px HTTP/1.1" 200 807
116.237.74.154 - - [11/Sep/2021:11:40:15 +0800] "GET /xingrg/javascript/easyui/themes/default/validatebox.css HTTP/1.1" 404 1104
116.238.194.18 - - [11/Sep/2021:11:40:16 +0800] "GET /xingrg/kc/buy/cgsh_order_add.html HTTP/1.1" 200 63350
116.238.194.18 - - [11/Sep/2021:11:40:17 +0800] "POST /xingrg/kc/buy/cgsh_order_operate.html HTTP/1.1" 200 8245
116.238.194.18 - - [11/Sep/2021:11:40:17 +0800] "GET /xingrg/javascript/easyui/themes/default/validatebox.css HTTP/1.1" 404 1104
58.37.227.186 - - [11/Sep/2021:11:40:17 +0800] "GET /xingrg/kc/buy/cgsh_order_add.html HTTP/1.1" 200 63432
58.37.227.186 - - [11/Sep/2021:11:40:18 +0800] "POST /xingrg/kc/buy/cgsh_order_operate.html HTTP/1.1" 200 8245
58.37.227.186 - - [11/Sep/2021:11:40:18 +0800] "GET /xingrg/javascript/easyui/themes/default/validatebox.css HTTP/1.1" 404 1104
101.83.145.79 - - [11/Sep/2021:11:40:20 +0800] "POST /xingrg/all/report/report_print.html HTTP/1.1" 200 6144
101.83.145.79 - - [11/Sep/2021:11:40:23 +0800] "GET /xingrg/kc/base/wldb_order_add.html HTTP/1.1" 200 30438
101.83.145.79 - - [11/Sep/2021:11:40:23 +0800] "POST /xingrg/kc/base/wldb_order_operate.html HTTP/1.1" 200 6806
101.83.145.79 - - [11/Sep/2021:11:40:24 +0800] "GET /xingrg/javascript/easyui/themes/default/validatebox.css HTTP/1.1" 404 1104
101.83.145.79 - - [11/Sep/2021:11:40:24 +0800] "POST /xingrg/all/common/load_combo.html?type=base HTTP/1.1" 200 3236
116.237.74.154 - - [11/Sep/2021:11:40:24 +0800] "GET /xingrg/javascript/easyui/themes/default/tree.css HTTP/1.1" 404 1090
116.237.74.154 - - [11/Sep/2021:11:40:25 +0800] "POST /xingrg/all/common/load_tree.html?tree=supplier_tree_json&isDelete=1 HTTP/1.1" 200 57687
120.253.135.82 - - [11/Sep/2021:11:40:25 +0800] "GET /xingrg/all/function/internal_message.html?_=1631331397678&CODE_STATE=getMsg HTTP/1.1" 200 27
222.70.246.151 - - [11/Sep/2021:11:40:28 +0800] "GET /xingrg/kc/buy/cgsh_order_operate.html?command=get_materiel&rest_code=00146&code=00101001125&supplier_code=00100319&order_time=2021-09-11 HTTP/1.1" 200 415
58.40.7.146 - - [11/Sep/2021:11:40:28 +0800] "GET /xingrg/check_reg.html?_=1631331627145 HTTP/1.1" 302 -
116.237.74.154 - - [11/Sep/2021:11:40:29 +0800] "GET /xingrg/all/function/internal_message.html?_=1631331628320&CODE_STATE=getMsg HTTP/1.1" 200 27
222.69.131.118 - - [11/Sep/2021:11:40:31 +0800] "GET /xingrg/all/function/internal_message.html?_=1631331630107&CODE_STATE=getMsg HTTP/1.1" 200 27
116.237.74.154 - - [11/Sep/2021:11:40:32 +0800] "GET /xingrg/all/function/internal_message.html?_=1631331625480&CODE_STATE=getMsg HTTP/1.1" 200 27
61.151.207.141 - - [11/Sep/2021:11:40:33 +0800] "GET /xingrg/all/function/internal_message.html?_=1631331565500&CODE_STATE=getMsg HTTP/1.1" 302 -
116.238.168.124 - - [11/Sep/2021:11:40:33 +0800] "GET /xingrg/kc/base/wldb_order_add.html HTTP/1.1" 200 30434
61.151.207.141 - - [11/Sep/2021:11:40:34 +0800] "GET /xingrg/login.html HTTP/1.1" 200 7641
116.238.168.124 - - [11/Sep/2021:11:40:35 +0800] "POST /xingrg/kc/base/wldb_order_operate.html HTTP/1.1" 200 6806
101.83.145.79 - - [11/Sep/2021:11:40:35 +0800] "GET /xingrg/all/function/internal_message.html?_=1631331632218&CODE_STATE=getMsg HTTP/1.1" 200 27
116.238.168.124 - - [11/Sep/2021:11:40:35 +0800] "GET /xingrg/all/function/internal_message.html?_=1631331613414&CODE_STATE=getMsg HTTP/1.1" 200 27
116.238.168.124 - - [11/Sep/2021:11:40:36 +0800] "GET /xingrg/javascript/easyui/themes/default/validatebox.css HTTP/1.1" 404 1104
101.83.145.79 - - [11/Sep/2021:11:40:37 +0800] "POST /xingrg/all/common/load_select.html HTTP/1.1" 200 38
116.238.168.124 - - [11/Sep/2021:11:40:38 +0800] "POST /xingrg/all/common/load_combo.html?type=base HTTP/1.1" 200 3060
116.238.194.18 - - [11/Sep/2021:11:40:39 +0800] "GET /xingrg/kc/buy/cgsh_order_operate.html?command=get_materiel&rest_code=00150&code=00101031012&supplier_code=00100054&order_time=2021-09-11 HTTP/1.1" 200 417
116.230.105.26 - - [11/Sep/2021:11:40:41 +0800] "GET /xingrg/kc/buy/cgsh_order_add.html HTTP/1.1" 200 63394
116.230.105.26 - - [11/Sep/2021:11:40:41 +0800] "GET /xingrg/words/20210911111000_words.js HTTP/1.1" 304 -
116.238.168.124 - - [11/Sep/2021:11:40:41 +0800] "POST /xingrg/all/common/load_combo.html?type=base HTTP/1.1" 200 3060
116.230.105.26 - - [11/Sep/2021:11:40:41 +0800] "POST /xingrg/kc/buy/cgsh_order_operate.html HTTP/1.1" 200 8245
116.230.105.26 - - [11/Sep/2021:11:40:41 +0800] "GET /xingrg/javascript/easyui/themes/default/validatebox.css HTTP/1.1" 404 1104
101.85.93.96 - - [11/Sep/2021:11:40:41 +0800] "GET /xingrg/all/function/internal_message.html?_=1631331562729&CODE_STATE=getMsg HTTP/1.1" 200 27
116.238.194.18 - - [11/Sep/2021:11:40:43 +0800] "GET /xingrg/all/function/internal_message.html?_=1631331614026&CODE_STATE=getMsg HTTP/1.1" 200 27
101.83.145.79 - - [11/Sep/2021:11:40:44 +0800] "GET /xingrg/all/function/internal_message.html?_=1631331642803&CODE_STATE=getMsg HTTP/1.1" 200 27
116.238.194.18 - - [11/Sep/2021:11:40:44 +0800] "GET /xingrg/all/function/internal_message.html?_=1631331642169&CODE_STATE=getMsg HTTP/1.1" 200 27
116.238.194.18 - - [11/Sep/2021:11:40:44 +0800] "GET /xingrg/check_reg.html?_=1631331642166 HTTP/1.1" 200 22
101.83.145.79 - - [11/Sep/2021:11:40:44 +0800] "POST /xingrg/kc/base/wldb_order_operate.html HTTP/1.1" 200 37
101.83.145.79 - - [11/Sep/2021:11:40:44 +0800] "POST /xingrg/kc/base/wldb_order_operate.html HTTP/1.1" 200 2208
120.253.135.82 - - [11/Sep/2021:11:40:45 +0800] "GET /xingrg/all/function/internal_message.html?_=1631331635016&CODE_STATE=getMsg HTTP/1.1" 200 27
101.83.145.79 - - [11/Sep/2021:11:40:45 +0800] "GET /xingrg/kc/base/wldb_order_info.html?code=422021091101144 HTTP/1.1" 200 30452
101.83.145.79 - - [11/Sep/2021:11:40:45 +0800] "GET /xingrg/javascript/easyui/themes/default/validatebox.css HTTP/1.1" 404 1104
101.83.145.79 - - [11/Sep/2021:11:40:45 +0800] "POST /xingrg/kc/base/wldb_order_operate.html HTTP/1.1" 200 2208
116.238.194.18 - - [11/Sep/2021:11:40:45 +0800] "POST /xingrg/kc/buy/cgsh_order_operate.html HTTP/1.1" 200 37
116.237.74.154 - - [11/Sep/2021:11:40:47 +0800] "GET /xingrg/kc/buy/cgsh_order_operate.html?command=get_materiel&rest_code=00106&code=00101010636&supplier_code=00100411&order_time=2021-09-11 HTTP/1.1" 200 400
116.238.168.124 - - [11/Sep/2021:11:40:47 +0800] "GET /xingrg/kc/base/wldb_order_operate.html?command=get_materiel&rest_code=00102&base_code=0010476&code=00101019373 HTTP/1.1" 200 451
180.157.254.90 - - [11/Sep/2021:11:40:47 +0800] "GET /xingrg/all/function/internal_message.html?_=1631331645938&CODE_STATE=getMsg HTTP/1.1" 200 27
116.230.105.26 - - [11/Sep/2021:11:40:48 +0800] "GET /xingrg/kc/buy/cgsh_order_operate.html?command=get_materiel&rest_code=00155&code=00102002167&supplier_code=00100347&order_time=2021-09-11 HTTP/1.1" 200 409
124.79.74.73 - - [11/Sep/2021:11:40:48 +0800] "GET /xingrg/all/function/internal_message.html?_=1631331647456&CODE_STATE=getMsg HTTP/1.1" 200 27
116.238.194.18 - - [11/Sep/2021:11:40:49 +0800] "POST /xingrg/kc/buy/cgsh_order_operate.html HTTP/1.1" 200 12
116.238.194.18 - - [11/Sep/2021:11:40:49 +0800] "GET /xingrg/kc/buy/cgsh_order_info.html?code=212021091104648 HTTP/1.1" 200 58257
116.238.194.18 - - [11/Sep/2021:11:40:50 +0800] "GET /xingrg/javascript/easyui/themes/default/validatebox.css HTTP/1.1" 404 1104
116.238.194.18 - - [11/Sep/2021:11:40:50 +0800] "POST /xingrg/kc/buy/cgsh_order_operate.html HTTP/1.1" 200 614
116.230.105.26 - - [11/Sep/2021:11:40:50 +0800] "GET /xingrg/all/function/internal_message.html?_=1631331647730&CODE_STATE=getMsg HTTP/1.1" 200 27
116.238.194.18 - - [11/Sep/2021:11:40:52 +0800] "GET /xingrg/kc/print/load_data.html?order_code=212021091104648&kc_code=cgsh&condition= HTTP/1.1" 200 712
116.237.74.154 - - [11/Sep/2021:11:40:57 +0800] "POST /xingrg/kc/buy/cgsh_order_operate.html HTTP/1.1" 200 37
116.238.194.18 - - [11/Sep/2021:11:40:57 +0800] "GET /xingrg/kc/buy/cgsh_order_add.html HTTP/1.1" 200 63350
116.238.194.18 - - [11/Sep/2021:11:40:57 +0800] "POST /xingrg/kc/buy/cgsh_order_operate.html HTTP/1.1" 200 8245
116.238.194.18 - - [11/Sep/2021:11:40:57 +0800] "GET /xingrg/javascript/easyui/themes/default/validatebox.css HTTP/1.1" 404 1104
222.70.246.151 - - [11/Sep/2021:11:40:59 +0800] "POST /xingrg/kc/buy/cgsh_order_operate.html HTTP/1.1" 200 37
116.237.74.154 - - [11/Sep/2021:11:40:59 +0800] "POST /xingrg/kc/buy/cgsh_order_operate.html HTTP/1.1" 200 2658
116.230.105.26 - - [11/Sep/2021:11:41:00 +0800] "GET /xingrg/kc/buy/cgsh_order_operate.html?command=get_materiel&rest_code=00155&code=00101013056&supplier_code=00100347&order_time=2021-09-11 HTTP/1.1" 200 425
101.83.145.79 - - [11/Sep/2021:11:41:00 +0800] "GET /xingrg/check_reg.html?_=1631331607526 HTTP/1.1" 200 22
101.83.145.79 - - [11/Sep/2021:11:41:00 +0800] "GET /xingrg/all/function/internal_message.html?_=1631331607529&CODE_STATE=getMsg HTTP/1.1" 200 27
222.70.246.151 - - [11/Sep/2021:11:41:01 +0800] "POST /xingrg/kc/buy/cgsh_order_operate.html HTTP/1.1" 200 3259
180.169.147.146 - - [11/Sep/2021:11:41:01 +0800] "GET /xingrg/all/function/internal_message.html?_=1631331660145&CODE_STATE=getMsg HTTP/1.1" 200 27
222.70.246.151 - - [11/Sep/2021:11:41:02 +0800] "GET /xingrg/kc/buy/cgsh_order_add.html HTTP/1.1" 200 63432
222.70.246.151 - - [11/Sep/2021:11:41:03 +0800] "POST /xingrg/kc/buy/cgsh_order_operate.html HTTP/1.1" 200 8245
222.70.246.151 - - [11/Sep/2021:11:41:03 +0800] "GET /xingrg/javascript/easyui/themes/default/validatebox.css HTTP/1.1" 404 1104
58.37.227.186 - - [11/Sep/2021:11:41:05 +0800] "GET /xingrg/kc/buy/cgsh_order_operate.html?command=get_materiel&rest_code=00141&code=00101019383&supplier_code=00100338&order_time=2021-09-11 HTTP/1.1" 200 456
116.238.194.18 - - [11/Sep/2021:11:41:06 +0800] "GET /xingrg/kc/buy/cgsh_order_operate.html?command=get_materiel&rest_code=00150&code=00101007150&supplier_code=00100151&order_time=2021-09-11 HTTP/1.1" 200 392
222.70.246.151 - - [11/Sep/2021:11:41:07 +0800] "GET /xingrg/all/function/internal_message.html?_=1631331687614&CODE_STATE=getMsg HTTP/1.1" 200 27
116.238.168.124 - - [11/Sep/2021:11:41:07 +0800] "GET /xingrg/kc/base/wldb_order_operate.html?command=get_materiel&rest_code=00102&base_code=0010476&code=00101016029 HTTP/1.1" 200 462
222.70.246.151 - - [11/Sep/2021:11:41:07 +0800] "POST /xingrg/kc/buy/cgsh_list_operate.html HTTP/1.1" 200 5147
222.70.246.151 - - [11/Sep/2021:11:41:13 +0800] "POST /xingrg/kc/buy/cgsh_list_operate.html HTTP/1.1" 200 2248
116.228.172.94 - - [11/Sep/2021:11:41:14 +0800] "GET /xingrg/all/function/internal_message.html?_=1631331672685&CODE_STATE=getMsg HTTP/1.1" 200 27
116.238.168.124 - - [11/Sep/2021:11:41:15 +0800] "GET /xingrg/kc/base/wldb_order_operate.html?command=get_materiel&rest_code=00102&base_code=0010476&code=00101027001 HTTP/1.1" 200 470
116.230.105.26 - - [11/Sep/2021:11:41:17 +0800] "POST /xingrg/kc/buy/cgsh_order_operate.html HTTP/1.1" 200 37
222.70.246.151 - - [11/Sep/2021:11:41:17 +0800] "POST /xingrg/kc/buy/cgsh_list_operate.html HTTP/1.1" 200 276
116.237.74.154 - - [11/Sep/2021:11:41:17 +0800] "GET /xingrg/kc/buy/cgsh_order_add.html HTTP/1.1" 200 63426
116.237.74.154 - - [11/Sep/2021:11:41:17 +0800] "POST /xingrg/kc/buy/cgsh_order_operate.html HTTP/1.1" 200 8245
116.237.74.154 - - [11/Sep/2021:11:41:17 +0800] "GET /xingrg/javascript/easyui/themes/default/validatebox.css HTTP/1.1" 404 1104
58.37.227.186 - - [11/Sep/2021:11:41:18 +0800] "GET /xingrg/kc/buy/cgsh_order_operate.html?command=get_materiel&rest_code=00141&code=00101012049&supplier_code=00100338&order_time=2021-09-11 HTTP/1.1" 200 430
116.230.105.26 - - [11/Sep/2021:11:41:18 +0800] "POST /xingrg/kc/buy/cgsh_order_operate.html HTTP/1.1" 200 3250
222.70.246.151 - - [11/Sep/2021:11:41:19 +0800] "GET /xingrg/kc/buy/cgsh_order_info.html?code=212021091104650 HTTP/1.1" 200 63445
116.237.74.154 - - [11/Sep/2021:11:41:19 +0800] "GET /xingrg/javascript/easyui/themes/default/tree.css HTTP/1.1" 404 1090
116.237.74.154 - - [11/Sep/2021:11:41:19 +0800] "POST /xingrg/all/common/load_tree.html?tree=supplier_tree_json&isDelete=1 HTTP/1.1" 200 57687
222.70.246.151 - - [11/Sep/2021:11:41:19 +0800] "GET /xingrg/javascript/easyui/themes/default/validatebox.css HTTP/1.1" 404 1104
116.230.105.26 - - [11/Sep/2021:11:41:19 +0800] "GET /xingrg/kc/print/load_data.html?order_code=212021091104651&kc_code=cgsh&condition= HTTP/1.1" 200 896
222.70.246.151 - - [11/Sep/2021:11:41:20 +0800] "POST /xingrg/kc/buy/cgsh_order_operate.html HTTP/1.1" 200 3259
116.238.168.124 - - [11/Sep/2021:11:41:21 +0800] "GET /xingrg/kc/base/wldb_order_operate.html?command=get_materiel&rest_code=00102&base_code=0010476&code=00101019133 HTTP/1.1" 200 466
222.70.246.151 - - [11/Sep/2021:11:41:24 +0800] "GET /xingrg/kc/print/load_data.html?order_code=212021091104650&kc_code=cgsh&condition= HTTP/1.1" 200 916
120.253.135.82 - - [11/Sep/2021:11:41:25 +0800] "GET /xingrg/check_reg.html?_=1631331457547 HTTP/1.1" 200 22
120.253.135.82 - - [11/Sep/2021:11:41:25 +0800] "GET /xingrg/all/function/internal_message.html?_=1631331457688&CODE_STATE=getMsg HTTP/1.1" 200 27
116.238.168.124 - - [11/Sep/2021:11:41:25 +0800] "GET /xingrg/kc/base/wldb_order_operate.html?command=get_materiel&rest_code=00102&base_code=0010476&code=00101019400 HTTP/1.1" 200 451
124.79.74.73 - - [11/Sep/2021:11:41:26 +0800] "GET /xingrg/kc/buy/cgsh_order_operate.html?command=get_materiel&rest_code=00156&code=00102006298&supplier_code=00100451&order_time=2021-09-11 HTTP/1.1" 200 428
116.237.74.154 - - [11/Sep/2021:11:41:29 +0800] "GET /xingrg/all/function/internal_message.html?_=1631331688304&CODE_STATE=getMsg HTTP/1.1" 200 27
222.69.131.118 - - [11/Sep/2021:11:41:31 +0800] "GET /xingrg/all/function/internal_message.html?_=1631331690086&CODE_STATE=getMsg HTTP/1.1" 200 27
116.238.168.124 - - [11/Sep/2021:11:41:32 +0800] "GET /xingrg/kc/base/wldb_order_operate.html?command=get_materiel&rest_code=00102&base_code=0010476&code=00101019222 HTTP/1.1" 200 453
116.237.74.154 - - [11/Sep/2021:11:41:32 +0800] "GET /xingrg/all/function/internal_message.html?_=1631331685459&CODE_STATE=getMsg HTTP/1.1" 200 27
58.37.227.186 - - [11/Sep/2021:11:41:33 +0800] "POST /xingrg/kc/buy/cgsh_order_operate.html HTTP/1.1" 200 37
222.70.246.151 - - [11/Sep/2021:11:41:33 +0800] "GET /xingrg/kc/buy/cgsh_order_add.html HTTP/1.1" 200 63432
222.70.246.151 - - [11/Sep/2021:11:41:35 +0800] "POST /xingrg/kc/buy/cgsh_order_operate.html HTTP/1.1" 200 8245
222.70.246.151 - - [11/Sep/2021:11:41:35 +0800] "GET /xingrg/javascript/easyui/themes/default/validatebox.css HTTP/1.1" 404 1104
101.83.145.79 - - [11/Sep/2021:11:41:35 +0800] "GET /xingrg/all/function/internal_message.html?_=1631331692212&CODE_STATE=getMsg HTTP/1.1" 200 27
116.238.168.124 - - [11/Sep/2021:11:41:35 +0800] "GET /xingrg/all/function/internal_message.html?_=1631331673430&CODE_STATE=getMsg HTTP/1.1" 200 27
116.238.168.124 - - [11/Sep/2021:11:41:38 +0800] "GET /xingrg/kc/base/wldb_order_operate.html?command=get_materiel&rest_code=00102&base_code=0010476&code=00101019015 HTTP/1.1" 200 437
58.37.227.186 - - [11/Sep/2021:11:41:40 +0800] "POST /xingrg/kc/buy/cgsh_order_operate.html HTTP/1.1" 200 12
58.37.227.186 - - [11/Sep/2021:11:41:41 +0800] "GET /xingrg/kc/buy/cgsh_order_info.html?code=212021091104652 HTTP/1.1" 200 58345
101.85.93.96 - - [11/Sep/2021:11:41:41 +0800] "GET /xingrg/all/function/internal_message.html?_=1631331622725&CODE_STATE=getMsg HTTP/1.1" 200 27
58.37.227.186 - - [11/Sep/2021:11:41:41 +0800] "GET /xingrg/javascript/easyui/themes/default/validatebox.css HTTP/1.1" 404 1104
58.37.227.186 - - [11/Sep/2021:11:41:42 +0800] "POST /xingrg/kc/buy/cgsh_order_operate.html HTTP/1.1" 200 1232
116.238.194.18 - - [11/Sep/2021:11:41:43 +0800] "GET /xingrg/all/function/internal_message.html?_=1631331674045&CODE_STATE=getMsg HTTP/1.1" 200 27
58.37.227.186 - - [11/Sep/2021:11:41:43 +0800] "GET /xingrg/kc/print/load_data.html?order_code=212021091104652&kc_code=cgsh&condition= HTTP/1.1" 200 972
101.83.145.79 - - [11/Sep/2021:11:41:44 +0800] "GET /xingrg/all/function/internal_message.html?_=1631331702834&CODE_STATE=getMsg HTTP/1.1" 200 27
116.238.194.18 - - [11/Sep/2021:11:41:44 +0800] "GET /xingrg/all/function/internal_message.html?_=1631331702179&CODE_STATE=getMsg HTTP/1.1" 200 27
116.238.168.124 - - [11/Sep/2021:11:41:44 +0800] "GET /xingrg/kc/base/wldb_order_operate.html?command=get_materiel&rest_code=00102&base_code=0010476&code=00101019063 HTTP/1.1" 200 447
120.253.135.82 - - [11/Sep/2021:11:41:45 +0800] "GET /xingrg/all/function/internal_message.html?_=1631331695030&CODE_STATE=getMsg HTTP/1.1" 200 27
116.230.105.26 - - [11/Sep/2021:11:41:46 +0800] "GET /xingrg/kc/buy/cgsh_order_add.html HTTP/1.1" 200 63394
116.230.105.26 - - [11/Sep/2021:11:41:47 +0800] "GET /xingrg/javascript/easyui/themes/default/validatebox.css HTTP/1.1" 404 1104
116.230.105.26 - - [11/Sep/2021:11:41:47 +0800] "POST /xingrg/kc/buy/cgsh_order_operate.html HTTP/1.1" 200 8245
180.157.254.90 - - [11/Sep/2021:11:41:47 +0800] "GET /xingrg/all/function/internal_message.html?_=1631331705936&CODE_STATE=getMsg HTTP/1.1" 200 27
124.79.74.73 - - [11/Sep/2021:11:41:47 +0800] "GET /xingrg/kc/buy/cgsh_order_operate.html?command=get_materiel&rest_code=00156&code=00102005923&supplier_code=00100451&order_time=2021-09-11 HTTP/1.1" 200 424
124.79.74.73 - - [11/Sep/2021:11:41:48 +0800] "GET /xingrg/all/function/internal_message.html?_=1631331707456&CODE_STATE=getMsg HTTP/1.1" 200 27
58.37.227.186 - - [11/Sep/2021:11:41:49 +0800] "GET /xingrg/kc/buy/cgsh_order_add.html HTTP/1.1" 200 63432
58.37.227.186 - - [11/Sep/2021:11:41:50 +0800] "POST /xingrg/kc/buy/cgsh_order_operate.html HTTP/1.1" 200 8245
58.37.227.186 - - [11/Sep/2021:11:41:50 +0800] "GET /xingrg/javascript/easyui/themes/default/validatebox.css HTTP/1.1" 404 1104
116.230.105.26 - - [11/Sep/2021:11:41:50 +0800] "GET /xingrg/all/function/internal_message.html?_=1631331707706&CODE_STATE=getMsg HTTP/1.1" 200 27
116.238.168.124 - - [11/Sep/2021:11:41:52 +0800] "GET /xingrg/kc/base/wldb_order_operate.html?command=get_materiel&rest_code=00102&base_code=0010476&code=00101019185 HTTP/1.1" 200 455
116.230.105.26 - - [11/Sep/2021:11:41:53 +0800] "GET /xingrg/kc/buy/cgsh_order_operate.html?command=get_materiel&rest_code=00155&code=00101010108&supplier_code=00100336&order_time=2021-09-11 HTTP/1.1" 200 421
116.238.168.124 - - [11/Sep/2021:11:41:56 +0800] "GET /xingrg/kc/base/wldb_order_operate.html?command=get_materiel&rest_code=00102&base_code=0010476&code=00101019391 HTTP/1.1" 200 470
116.237.74.154 - - [11/Sep/2021:11:41:57 +0800] "GET /xingrg/kc/buy/cgsh_order_operate.html?command=get_materiel&rest_code=00106&code=00101012046&supplier_code=00100347&order_time=2021-09-11 HTTP/1.1" 200 417
101.83.145.79 - - [11/Sep/2021:11:42:00 +0800] "GET /xingrg/all/function/internal_message.html?_=1631331667528&CODE_STATE=getMsg HTTP/1.1" 200 27
180.169.147.146 - - [11/Sep/2021:11:42:01 +0800] "GET /xingrg/all/function/internal_message.html?_=1631331720150&CODE_STATE=getMsg HTTP/1.1" 200 27
116.238.168.124 - - [11/Sep/2021:11:42:02 +0800] "GET /xingrg/kc/base/wldb_order_operate.html?command=get_materiel&rest_code=00102&base_code=0010476&code=00101019127 HTTP/1.1" 200 466
58.37.227.186 - - [11/Sep/2021:11:42:02 +0800] "GET /xingrg/kc/buy/cgsh_order_operate.html?command=get_materiel&rest_code=00141&code=00101010691&supplier_code=00100327&order_time=2021-09-11 HTTP/1.1" 200 397
101.85.93.96 - - [11/Sep/2021:11:42:03 +0800] "GET /xingrg/javascript/jquery_easy_ui/themes/default/images/tabs_active.png HTTP/1.1" 200 2894
116.230.105.26 - - [11/Sep/2021:11:42:05 +0800] "POST /xingrg/kc/buy/cgsh_order_operate.html HTTP/1.1" 200 37
116.238.168.124 - - [11/Sep/2021:11:42:06 +0800] "GET /xingrg/kc/base/wldb_order_operate.html?command=get_materiel&rest_code=00102&base_code=0010476&code=00101019071 HTTP/1.1" 200 455
101.85.93.96 - - [11/Sep/2021:11:42:06 +0800] "GET /xingrg/kc/buy/cgsh_order_list.html HTTP/1.1" 200 47694
116.230.105.26 - - [11/Sep/2021:11:42:06 +0800] "POST /xingrg/kc/buy/cgsh_order_operate.html HTTP/1.1" 200 2665
101.85.93.96 - - [11/Sep/2021:11:42:07 +0800] "POST /xingrg/kc/buy/cgsh_list_operate.html HTTP/1.1" 200 876
222.70.246.151 - - [11/Sep/2021:11:42:07 +0800] "GET /xingrg/all/function/internal_message.html?_=1631331748042&CODE_STATE=getMsg HTTP/1.1" 200 27
116.230.105.26 - - [11/Sep/2021:11:42:07 +0800] "GET /xingrg/kc/print/load_data.html?order_code=212021091104653&kc_code=cgsh&condition= HTTP/1.1" 200 687
101.85.93.96 - - [11/Sep/2021:11:42:08 +0800] "GET /xingrg/kc/buy/cgsh_order_add.html HTTP/1.1" 200 62589
101.85.93.96 - - [11/Sep/2021:11:42:08 +0800] "GET /xingrg/words/20210911111000_words.js HTTP/1.1" 200 847824
101.85.93.96 - - [11/Sep/2021:11:42:09 +0800] "POST /xingrg/kc/buy/cgsh_order_operate.html HTTP/1.1" 200 8245
101.85.93.96 - - [11/Sep/2021:11:42:09 +0800] "GET /xingrg/javascript/easyui/themes/default/validatebox.css HTTP/1.1" 404 1104
101.85.93.96 - - [11/Sep/2021:11:42:10 +0800] "GET /xingrg/javascript/auto/indicator.gif HTTP/1.1" 404 1066
58.37.227.186 - - [11/Sep/2021:11:42:13 +0800] "GET /xingrg/kc/buy/cgsh_order_operate.html?command=get_materiel&rest_code=00141&code=00101010263&supplier_code=00100327&order_time=2021-09-11 HTTP/1.1" 200 409
116.228.172.94 - - [11/Sep/2021:11:42:14 +0800] "GET /xingrg/all/function/internal_message.html?_=1631331732675&CODE_STATE=getMsg HTTP/1.1" 200 27
116.230.105.26 - - [11/Sep/2021:11:42:14 +0800] "GET /xingrg/kc/buy/cgsh_order_add.html HTTP/1.1" 200 63394
116.230.105.26 - - [11/Sep/2021:11:42:15 +0800] "POST /xingrg/kc/buy/cgsh_order_operate.html HTTP/1.1" 200 8245
116.230.105.26 - - [11/Sep/2021:11:42:15 +0800] "GET /xingrg/javascript/easyui/themes/default/validatebox.css HTTP/1.1" 404 1104
116.238.168.124 - - [11/Sep/2021:11:42:15 +0800] "GET /xingrg/kc/base/wldb_order_operate.html?command=get_materiel&rest_code=00102&base_code=0010476&code=00101019503 HTTP/1.1" 200 467
116.237.74.154 - - [11/Sep/2021:11:42:23 +0800] "GET /xingrg/kc/buy/cgsh_order_operate.html?command=get_materiel&rest_code=00106&code=00101012101&supplier_code=00100347&order_time=2021-09-11 HTTP/1.1" 200 23
116.238.168.124 - - [11/Sep/2021:11:42:23 +0800] "GET /xingrg/kc/base/wldb_order_operate.html?command=get_materiel&rest_code=00102&base_code=0010476&code=00101019184 HTTP/1.1" 200 441
120.253.135.82 - - [11/Sep/2021:11:42:25 +0800] "GET /xingrg/all/function/internal_message.html?_=1631331517702&CODE_STATE=getMsg HTTP/1.1" 200 27
58.37.227.186 - - [11/Sep/2021:11:42:28 +0800] "POST /xingrg/kc/buy/cgsh_order_operate.html HTTP/1.1" 200 37
124.79.74.73 - - [11/Sep/2021:11:42:28 +0800] "POST /xingrg/kc/buy/cgsh_order_operate.html HTTP/1.1" 200 88
116.237.74.154 - - [11/Sep/2021:11:42:29 +0800] "GET /xingrg/all/function/internal_message.html?_=1631331748310&CODE_STATE=getMsg HTTP/1.1" 200 27
58.221.95.50 - - [11/Sep/2021:11:42:29 +0800] "GET /xingrg/check_reg.html?_=1631331748560 HTTP/1.1" 302 -
116.230.105.26 - - [11/Sep/2021:11:42:29 +0800] "GET /xingrg/kc/buy/cgsh_order_operate.html?command=get_materiel&rest_code=00155&code=00101010589&supplier_code=00100323&order_time=2021-09-11 HTTP/1.1" 200 401
101.85.93.96 - - [11/Sep/2021:11:42:29 +0800] "GET /xingrg/kc/buy/cgsh_order_operate.html?command=get_materiel&rest_code=00142&code=00101008108&supplier_code=00100161&order_time=2021-09-11 HTTP/1.1" 200 412
116.238.168.124 - - [11/Sep/2021:11:42:30 +0800] "GET /xingrg/kc/base/wldb_order_operate.html?command=get_materiel&rest_code=00102&base_code=0010476&code=00101019297 HTTP/1.1" 200 464
222.69.131.118 - - [11/Sep/2021:11:42:31 +0800] "GET /xingrg/all/function/internal_message.html?_=1631331750067&CODE_STATE=getMsg HTTP/1.1" 200 27
58.37.227.186 - - [11/Sep/2021:11:42:31 +0800] "POST /xingrg/kc/buy/cgsh_order_operate.html HTTP/1.1" 200 12
116.237.74.154 - - [11/Sep/2021:11:42:32 +0800] "GET /xingrg/all/function/internal_message.html?_=1631331745427&CODE_STATE=getMsg HTTP/1.1" 200 27
58.37.227.186 - - [11/Sep/2021:11:42:33 +0800] "GET /xingrg/kc/buy/cgsh_order_info.html?code=212021091104654 HTTP/1.1" 200 58341
58.37.227.186 - - [11/Sep/2021:11:42:34 +0800] "GET /xingrg/javascript/easyui/themes/default/validatebox.css HTTP/1.1" 404 1104
124.79.74.73 - - [11/Sep/2021:11:42:35 +0800] "POST /xingrg/kc/buy/cgsh_order_operate.html HTTP/1.1" 200 37
58.37.227.186 - - [11/Sep/2021:11:42:35 +0800] "POST /xingrg/kc/buy/cgsh_order_operate.html HTTP/1.1" 200 1192
101.83.145.79 - - [11/Sep/2021:11:42:35 +0800] "GET /xingrg/all/function/internal_message.html?_=1631331752215&CODE_STATE=getMsg HTTP/1.1" 200 27
116.238.168.124 - - [11/Sep/2021:11:42:35 +0800] "GET /xingrg/all/function/internal_message.html?_=1631331733507&CODE_STATE=getMsg HTTP/1.1" 200 27
58.37.227.186 - - [11/Sep/2021:11:42:36 +0800] "GET /xingrg/kc/print/load_data.html?order_code=212021091104654&kc_code=cgsh&condition= HTTP/1.1" 200 923
116.230.105.26 - - [11/Sep/2021:11:42:37 +0800] "GET /xingrg/kc/buy/cgsh_order_operate.html?command=get_materiel&rest_code=00155&code=00101018008&supplier_code=00100323&order_time=2021-09-11 HTTP/1.1" 200 415
124.79.74.73 - - [11/Sep/2021:11:42:39 +0800] "POST /xingrg/kc/buy/cgsh_order_operate.html HTTP/1.1" 200 6303
116.237.74.154 - - [11/Sep/2021:11:42:40 +0800] "GET /xingrg/login.html?r=1 HTTP/1.1" 200 7641
116.237.74.154 - - [11/Sep/2021:11:42:40 +0800] "GET /favicon.ico HTTP/1.1" 404 -
58.37.227.186 - - [11/Sep/2021:11:42:41 +0800] "GET /xingrg/kc/buy/cgsh_order_add.html HTTP/1.1" 200 63432
116.237.74.154 - - [11/Sep/2021:11:42:41 +0800] "POST /xingrg/login.do HTTP/1.1" 302 -
116.237.74.154 - - [11/Sep/2021:11:42:41 +0800] "GET /xingrg/index.html?sysBaseUrl=http%3A%2F%2F180.169.147.146%3A18081%2Fxingrg%2F&costTime=41×tamp=1631331761597 HTTP/1.1" 200 17173
116.237.74.154 - - [11/Sep/2021:11:42:41 +0800] "GET /favicon.ico HTTP/1.1" 404 -
101.85.93.96 - - [11/Sep/2021:11:42:41 +0800] "GET /xingrg/check_reg.html?_=1631331682751 HTTP/1.1" 200 22
101.85.93.96 - - [11/Sep/2021:11:42:41 +0800] "GET /xingrg/all/function/internal_message.html?_=1631331682749&CODE_STATE=getMsg HTTP/1.1" 200 27
58.37.227.186 - - [11/Sep/2021:11:42:41 +0800] "POST /xingrg/kc/buy/cgsh_order_operate.html HTTP/1.1" 200 8245
116.237.74.154 - - [11/Sep/2021:11:42:41 +0800] "POST /xingrg/all/common/load_tree.html?tree=area_rest_tree_json&manage=1 HTTP/1.1" 200 342
58.37.227.186 - - [11/Sep/2021:11:42:41 +0800] "GET /xingrg/javascript/easyui/themes/default/validatebox.css HTTP/1.1" 404 1104
116.237.74.154 - - [11/Sep/2021:11:42:41 +0800] "GET /xingrg/all/function/internal_message.html?_=1631331761044&CODE_STATE=count HTTP/1.1" 200 11
116.237.74.154 - - [11/Sep/2021:11:42:41 +0800] "GET /xingrg/check_reg.html?_=1631331761045 HTTP/1.1" 200 22
116.237.74.154 - - [11/Sep/2021:11:42:41 +0800] "POST /xingrg/load_menu.html HTTP/1.1" 200 5138
101.85.93.96 - - [11/Sep/2021:11:42:42 +0800] "GET /xingrg/kc/buy/cgsh_order_operate.html?command=get_materiel&rest_code=00142&code=00101008005&supplier_code=00100161&order_time=2021-09-11 HTTP/1.1" 200 412
116.238.194.18 - - [11/Sep/2021:11:42:43 +0800] "GET /xingrg/all/function/internal_message.html?_=1631331734052&CODE_STATE=getMsg HTTP/1.1" 200 27
116.237.74.154 - - [11/Sep/2021:11:42:44 +0800] "GET /xingrg/kc/buy/buy_main.html HTTP/1.1" 200 12412
116.237.74.154 - - [11/Sep/2021:11:42:44 +0800] "GET /xingrg/css/new_ie.css HTTP/1.1" 404 1036
101.83.145.79 - - [11/Sep/2021:11:42:44 +0800] "GET /xingrg/all/function/internal_message.html?_=1631331762840&CODE_STATE=getMsg HTTP/1.1" 200 27
116.238.194.18 - - [11/Sep/2021:11:42:44 +0800] "GET /xingrg/all/function/internal_message.html?_=1631331762184&CODE_STATE=getMsg HTTP/1.1" 200 27
116.237.74.154 - - [11/Sep/2021:11:42:44 +0800] "GET /xingrg/images/yd/bt.gif HTTP/1.1" 404 1040
116.230.105.26 - - [11/Sep/2021:11:42:45 +0800] "POST /xingrg/kc/buy/cgsh_order_operate.html HTTP/1.1" 200 37
120.253.135.82 - - [11/Sep/2021:11:42:45 +0800] "GET /xingrg/all/function/internal_message.html?_=1631331755046&CODE_STATE=getMsg HTTP/1.1" 200 27
116.237.74.154 - - [11/Sep/2021:11:42:45 +0800] "GET /xingrg/kc/buy/cgsh_order_list.html HTTP/1.1" 200 47688
116.230.105.26 - - [11/Sep/2021:11:42:46 +0800] "POST /xingrg/kc/buy/cgsh_order_operate.html HTTP/1.1" 200 3251
116.230.105.26 - - [11/Sep/2021:11:42:46 +0800] "GET /xingrg/kc/print/load_data.html?order_code=212021091104657&kc_code=cgsh&condition= HTTP/1.1" 200 914
116.237.74.154 - - [11/Sep/2021:11:42:47 +0800] "POST /xingrg/kc/buy/cgsh_list_operate.html HTTP/1.1" 200 2428
