116.238.168.124 - - [11/Sep/2021:11:25:34 +0800] "GET /xingrg/kc/buy/cgsh_order_operate.html?command=get_materiel&rest_code=00102&code=00101009109&supplier_code=00100424&order_time=2021-09-11 HTTP/1.1" 200 399
101.85.93.96 - - [11/Sep/2021:11:25:41 +0800] "GET /xingrg/all/function/internal_message.html?_=1631330662708&CODE_STATE=getMsg HTTP/1.1" 200 27
116.238.194.18 - - [11/Sep/2021:11:25:42 +0800] "GET /xingrg/all/function/internal_message.html?_=1631330713822&CODE_STATE=getMsg HTTP/1.1" 200 27
116.238.194.18 - - [11/Sep/2021:11:25:43 +0800] "POST /xingrg/kc/buy/cgsh_order_operate.html HTTP/1.1" 200 37
101.83.145.79 - - [11/Sep/2021:11:25:43 +0800] "POST /xingrg/kc/buy/cgsh_order_operate.html HTTP/1.1" 200 88
101.83.145.79 - - [11/Sep/2021:11:25:44 +0800] "GET /xingrg/all/function/internal_message.html?_=1631330742936&CODE_STATE=getMsg HTTP/1.1" 200 27
120.253.135.82 - - [11/Sep/2021:11:25:44 +0800] "GET /xingrg/all/function/internal_message.html?_=1631330734812&CODE_STATE=getMsg HTTP/1.1" 200 27
116.238.168.124 - - [11/Sep/2021:11:25:45 +0800] "POST /xingrg/kc/buy/cgsh_order_operate.html HTTP/1.1" 200 37
180.157.254.90 - - [11/Sep/2021:11:25:47 +0800] "GET /xingrg/all/function/internal_message.html?_=1631330745910&CODE_STATE=getMsg HTTP/1.1" 200 27
101.83.145.79 - - [11/Sep/2021:11:25:47 +0800] "POST /xingrg/kc/buy/cgsh_order_operate.html HTTP/1.1" 200 37
116.238.194.18 - - [11/Sep/2021:11:25:48 +0800] "POST /xingrg/kc/buy/cgsh_order_operate.html HTTP/1.1" 200 12
101.83.145.79 - - [11/Sep/2021:11:25:48 +0800] "POST /xingrg/kc/buy/cgsh_order_operate.html HTTP/1.1" 200 2657
124.79.74.73 - - [11/Sep/2021:11:25:48 +0800] "GET /xingrg/all/function/internal_message.html?_=1631330747458&CODE_STATE=getMsg HTTP/1.1" 200 27
116.238.194.18 - - [11/Sep/2021:11:25:48 +0800] "GET /xingrg/kc/buy/cgsh_order_info.html?code=212021091104612 HTTP/1.1" 200 57981
116.238.194.18 - - [11/Sep/2021:11:25:49 +0800] "GET /xingrg/javascript/easyui/themes/default/validatebox.css HTTP/1.1" 404 1104
101.83.145.79 - - [11/Sep/2021:11:25:49 +0800] "GET /xingrg/kc/print/load_data.html?order_code=212021091104615&kc_code=cgsh&condition= HTTP/1.1" 200 670
58.37.227.186 - - [11/Sep/2021:11:25:49 +0800] "GET /xingrg/kc/buy/cgsh_order_operate.html?command=get_materiel&rest_code=00141&code=00101003016&supplier_code=00100093&order_time=2021-09-11 HTTP/1.1" 200 418
116.238.194.18 - - [11/Sep/2021:11:25:49 +0800] "POST /xingrg/kc/buy/cgsh_order_operate.html HTTP/1.1" 200 613
116.230.105.26 - - [11/Sep/2021:11:25:50 +0800] "GET /xingrg/all/function/internal_message.html?_=1631330747717&CODE_STATE=getMsg HTTP/1.1" 200 27
116.238.194.18 - - [11/Sep/2021:11:25:50 +0800] "GET /xingrg/kc/print/load_data.html?order_code=212021091104612&kc_code=cgsh&condition= HTTP/1.1" 200 711
101.83.145.79 - - [11/Sep/2021:11:25:53 +0800] "GET /xingrg/kc/buy/cgsh_order_add.html HTTP/1.1" 200 63473
101.83.145.79 - - [11/Sep/2021:11:25:53 +0800] "POST /xingrg/kc/buy/cgsh_order_operate.html HTTP/1.1" 200 8245
101.83.145.79 - - [11/Sep/2021:11:25:53 +0800] "GET /xingrg/javascript/easyui/themes/default/validatebox.css HTTP/1.1" 404 1104
116.238.168.124 - - [11/Sep/2021:11:25:54 +0800] "POST /xingrg/kc/buy/cgsh_order_operate.html HTTP/1.1" 200 12
116.238.194.18 - - [11/Sep/2021:11:25:55 +0800] "GET /xingrg/kc/buy/cgsh_order_add.html HTTP/1.1" 200 63068
116.238.194.18 - - [11/Sep/2021:11:25:56 +0800] "POST /xingrg/kc/buy/cgsh_order_operate.html HTTP/1.1" 200 8245
116.238.194.18 - - [11/Sep/2021:11:25:56 +0800] "GET /xingrg/javascript/easyui/themes/default/validatebox.css HTTP/1.1" 404 1104
116.237.74.154 - - [11/Sep/2021:11:25:59 +0800] "GET /xingrg/kc/buy/cgsh_order_operate.html?command=get_materiel&rest_code=00106&code=00101003003&supplier_code=00100094&order_time=2021-09-11 HTTP/1.1" 200 435
101.83.145.79 - - [11/Sep/2021:11:26:00 +0800] "GET /xingrg/check_reg.html?_=1631330707503 HTTP/1.1" 200 22
101.83.145.79 - - [11/Sep/2021:11:26:00 +0800] "GET /xingrg/all/function/internal_message.html?_=1631330707504&CODE_STATE=getMsg HTTP/1.1" 200 27
101.83.145.79 - - [11/Sep/2021:11:26:01 +0800] "GET /xingrg/kc/buy/cgsh_order_operate.html?command=get_materiel&rest_code=00105&code=00102002167&supplier_code=00100347&order_time=2021-09-11 HTTP/1.1" 200 409
180.169.147.146 - - [11/Sep/2021:11:26:01 +0800] "GET /xingrg/all/function/internal_message.html?_=1631330760151&CODE_STATE=getMsg HTTP/1.1" 200 27
116.238.194.18 - - [11/Sep/2021:11:26:02 +0800] "GET /xingrg/kc/buy/cgsh_order_operate.html?command=get_materiel&rest_code=00151&code=00101016079&supplier_code=00100337&order_time=2021-09-11 HTTP/1.1" 200 413
222.70.246.151 - - [11/Sep/2021:11:26:04 +0800] "GET /xingrg/kc/buy/cgsh_order_add.html HTTP/1.1" 200 63432
222.70.246.151 - - [11/Sep/2021:11:26:06 +0800] "POST /xingrg/kc/buy/cgsh_order_operate.html HTTP/1.1" 200 8245
222.70.246.151 - - [11/Sep/2021:11:26:06 +0800] "GET /xingrg/javascript/easyui/themes/default/validatebox.css HTTP/1.1" 404 1104
116.238.168.124 - - [11/Sep/2021:11:26:06 +0800] "GET /xingrg/kc/buy/cgsh_order_info.html?code=212021091104614 HTTP/1.1" 200 58292
222.70.246.151 - - [11/Sep/2021:11:26:07 +0800] "GET /xingrg/all/function/internal_message.html?_=1631330787348&CODE_STATE=getMsg HTTP/1.1" 200 27
116.238.168.124 - - [11/Sep/2021:11:26:08 +0800] "GET /xingrg/all/function/internal_message.html?_=1631330745829&CODE_STATE=getMsg HTTP/1.1" 200 27
116.238.168.124 - - [11/Sep/2021:11:26:08 +0800] "GET /xingrg/javascript/easyui/themes/default/validatebox.css HTTP/1.1" 404 1104
116.238.194.18 - - [11/Sep/2021:11:26:10 +0800] "POST /xingrg/kc/buy/cgsh_order_operate.html HTTP/1.1" 200 37
116.238.168.124 - - [11/Sep/2021:11:26:10 +0800] "POST /xingrg/kc/buy/cgsh_order_operate.html HTTP/1.1" 200 7712
116.238.168.124 - - [11/Sep/2021:11:26:12 +0800] "GET /xingrg/kc/print/load_data.html?order_code=212021091104614&kc_code=cgsh&condition= HTTP/1.1" 200 3391
116.238.194.18 - - [11/Sep/2021:11:26:12 +0800] "POST /xingrg/kc/buy/cgsh_order_operate.html HTTP/1.1" 200 12
116.238.194.18 - - [11/Sep/2021:11:26:13 +0800] "GET /xingrg/kc/buy/cgsh_order_info.html?code=212021091104616 HTTP/1.1" 200 57979
101.83.145.79 - - [11/Sep/2021:11:26:14 +0800] "GET /xingrg/kc/buy/cgsh_order_operate.html?command=get_materiel&rest_code=00105&code=00101012046&supplier_code=00100347&order_time=2021-09-11 HTTP/1.1" 200 417
116.228.172.94 - - [11/Sep/2021:11:26:14 +0800] "GET /xingrg/all/function/internal_message.html?_=1631330772673&CODE_STATE=getMsg HTTP/1.1" 200 27
116.238.194.18 - - [11/Sep/2021:11:26:14 +0800] "GET /xingrg/javascript/easyui/themes/default/validatebox.css HTTP/1.1" 404 1104
116.238.194.18 - - [11/Sep/2021:11:26:14 +0800] "POST /xingrg/kc/buy/cgsh_order_operate.html HTTP/1.1" 200 615
116.238.194.18 - - [11/Sep/2021:11:26:15 +0800] "GET /xingrg/kc/print/load_data.html?order_code=212021091104616&kc_code=cgsh&condition= HTTP/1.1" 200 712
124.79.74.73 - - [11/Sep/2021:11:26:16 +0800] "GET /xingrg/kc/buy/buy_main.html HTTP/1.1" 200 12412
124.79.74.73 - - [11/Sep/2021:11:26:16 +0800] "GET /xingrg/css/new_ie.css HTTP/1.1" 404 1036
124.79.74.73 - - [11/Sep/2021:11:26:17 +0800] "GET /xingrg/kc/buy/cgsh_order_list.html HTTP/1.1" 200 47694
124.79.74.73 - - [11/Sep/2021:11:26:25 +0800] "POST /xingrg/kc/buy/cgsh_list_operate.html HTTP/1.1" 200 4250
116.238.168.124 - - [11/Sep/2021:11:26:28 +0800] "GET /xingrg/kc/buy/cgsh_order_add.html HTTP/1.1" 200 63385
116.237.74.154 - - [11/Sep/2021:11:26:29 +0800] "GET /xingrg/all/function/internal_message.html?_=1631330788256&CODE_STATE=getMsg HTTP/1.1" 200 27
116.238.168.124 - - [11/Sep/2021:11:26:29 +0800] "POST /xingrg/kc/buy/cgsh_order_operate.html HTTP/1.1" 200 8245
116.238.168.124 - - [11/Sep/2021:11:26:29 +0800] "GET /xingrg/javascript/easyui/themes/default/validatebox.css HTTP/1.1" 404 1104
58.37.227.186 - - [11/Sep/2021:11:26:30 +0800] "POST /xingrg/kc/buy/cgsh_order_operate.html HTTP/1.1" 200 37
116.237.74.154 - - [11/Sep/2021:11:26:30 +0800] "POST /xingrg/kc/buy/cgsh_order_operate.html HTTP/1.1" 200 88
222.69.131.118 - - [11/Sep/2021:11:26:31 +0800] "GET /xingrg/all/function/internal_message.html?_=1631330790369&CODE_STATE=getMsg HTTP/1.1" 200 27
116.237.74.154 - - [11/Sep/2021:11:26:33 +0800] "GET /xingrg/all/function/internal_message.html?_=1631330785801&CODE_STATE=getMsg HTTP/1.1" 200 27
58.37.227.186 - - [11/Sep/2021:11:26:33 +0800] "POST /xingrg/kc/buy/cgsh_order_operate.html HTTP/1.1" 200 12
116.238.168.124 - - [11/Sep/2021:11:26:34 +0800] "GET /xingrg/javascript/easyui/themes/default/tree.css HTTP/1.1" 404 1090
116.238.168.124 - - [11/Sep/2021:11:26:35 +0800] "POST /xingrg/all/common/load_tree.html?tree=supplier_tree_json&isDelete=1 HTTP/1.1" 200 57687
58.37.227.186 - - [11/Sep/2021:11:26:36 +0800] "GET /xingrg/kc/buy/cgsh_order_info.html?code=212021091104617 HTTP/1.1" 200 58343
58.37.227.186 - - [11/Sep/2021:11:26:36 +0800] "GET /xingrg/javascript/easyui/themes/default/validatebox.css HTTP/1.1" 404 1104
116.238.194.18 - - [11/Sep/2021:11:26:36 +0800] "GET /xingrg/all/function/internal_message.html?_=1631330794865&CODE_STATE=getMsg HTTP/1.1" 200 27
116.237.74.154 - - [11/Sep/2021:11:26:37 +0800] "POST /xingrg/kc/buy/cgsh_order_operate.html HTTP/1.1" 200 37
58.37.227.186 - - [11/Sep/2021:11:26:37 +0800] "POST /xingrg/kc/buy/cgsh_order_operate.html HTTP/1.1" 200 619
101.83.145.79 - - [11/Sep/2021:11:26:38 +0800] "GET /xingrg/kc/buy/cgsh_order_operate.html?command=get_materiel&rest_code=00105&code=00101020225&supplier_code=00100347&order_time=2021-09-11 HTTP/1.1" 200 403
58.37.227.186 - - [11/Sep/2021:11:26:40 +0800] "GET /xingrg/kc/print/load_data.html?order_code=212021091104617&kc_code=cgsh&condition= HTTP/1.1" 200 781
101.85.93.96 - - [11/Sep/2021:11:26:41 +0800] "GET /xingrg/all/function/internal_message.html?_=1631330722734&CODE_STATE=getMsg HTTP/1.1" 200 27
116.238.194.18 - - [11/Sep/2021:11:26:42 +0800] "GET /xingrg/all/function/internal_message.html?_=1631330773841&CODE_STATE=getMsg HTTP/1.1" 200 27
116.237.74.154 - - [11/Sep/2021:11:26:42 +0800] "POST /xingrg/kc/buy/cgsh_order_operate.html HTTP/1.1" 200 12
58.37.227.186 - - [11/Sep/2021:11:26:43 +0800] "GET /xingrg/kc/buy/cgsh_order_add.html HTTP/1.1" 200 63432
116.237.74.154 - - [11/Sep/2021:11:26:44 +0800] "GET /xingrg/kc/buy/cgsh_order_info.html?code=212021091104619 HTTP/1.1" 200 58335
101.83.145.79 - - [11/Sep/2021:11:26:44 +0800] "GET /xingrg/all/function/internal_message.html?_=1631330802955&CODE_STATE=getMsg HTTP/1.1" 200 27
58.37.227.186 - - [11/Sep/2021:11:26:44 +0800] "GET /xingrg/javascript/easyui/themes/default/validatebox.css HTTP/1.1" 404 1104
116.237.74.154 - - [11/Sep/2021:11:26:44 +0800] "GET /xingrg/words/20210911111000_words.js HTTP/1.1" 304 -
58.37.227.186 - - [11/Sep/2021:11:26:44 +0800] "POST /xingrg/kc/buy/cgsh_order_operate.html HTTP/1.1" 200 8245
116.237.74.154 - - [11/Sep/2021:11:26:44 +0800] "GET /xingrg/javascript/easyui/themes/default/validatebox.css HTTP/1.1" 404 1104
120.253.135.82 - - [11/Sep/2021:11:26:44 +0800] "GET /xingrg/all/function/internal_message.html?_=1631330794827&CODE_STATE=getMsg HTTP/1.1" 200 27
116.237.74.154 - - [11/Sep/2021:11:26:45 +0800] "POST /xingrg/kc/buy/cgsh_order_operate.html HTTP/1.1" 200 1217
180.157.254.90 - - [11/Sep/2021:11:26:47 +0800] "GET /xingrg/all/function/internal_message.html?_=1631330805909&CODE_STATE=getMsg HTTP/1.1" 200 27
116.237.74.154 - - [11/Sep/2021:11:26:47 +0800] "GET /xingrg/kc/print/load_data.html?order_code=212021091104619&kc_code=cgsh&condition= HTTP/1.1" 200 1018
124.79.74.73 - - [11/Sep/2021:11:26:48 +0800] "GET /xingrg/all/function/internal_message.html?_=1631330807457&CODE_STATE=getMsg HTTP/1.1" 200 27
116.230.105.26 - - [11/Sep/2021:11:26:50 +0800] "GET /xingrg/all/function/internal_message.html?_=1631330807716&CODE_STATE=getMsg HTTP/1.1" 200 27
101.83.145.79 - - [11/Sep/2021:11:27:00 +0800] "GET /xingrg/all/function/internal_message.html?_=1631330767502&CODE_STATE=getMsg HTTP/1.1" 200 27
116.238.168.124 - - [11/Sep/2021:11:27:01 +0800] "GET /xingrg/kc/buy/cgsh_order_operate.html?command=get_materiel&rest_code=00102&code=00101029085&supplier_code=00100406&order_time=2021-09-11 HTTP/1.1" 200 433
180.169.147.146 - - [11/Sep/2021:11:27:01 +0800] "GET /xingrg/all/function/internal_message.html?_=1631330820137&CODE_STATE=getMsg HTTP/1.1" 200 27
101.83.145.79 - - [11/Sep/2021:11:27:02 +0800] "GET /xingrg/kc/buy/cgsh_order_operate.html?command=get_materiel&rest_code=00105&code=00101010737&supplier_code=00100347&order_time=2021-09-11 HTTP/1.1" 200 419
58.37.227.186 - - [11/Sep/2021:11:27:03 +0800] "GET /xingrg/kc/buy/cgsh_order_operate.html?command=get_materiel&rest_code=00141&code=00101002006&supplier_code=00100091&order_time=2021-09-11 HTTP/1.1" 200 414
222.70.246.151 - - [11/Sep/2021:11:27:07 +0800] "GET /xingrg/all/function/internal_message.html?_=1631330847361&CODE_STATE=getMsg HTTP/1.1" 200 27
116.238.168.124 - - [11/Sep/2021:11:27:10 +0800] "POST /xingrg/kc/buy/cgsh_order_operate.html HTTP/1.1" 200 37
58.37.227.186 - - [11/Sep/2021:11:27:12 +0800] "GET /xingrg/kc/buy/cgsh_order_operate.html?command=get_materiel&rest_code=00141&code=00101003037&supplier_code=00100091&order_time=2021-09-11 HTTP/1.1" 200 415
116.238.168.124 - - [11/Sep/2021:11:27:14 +0800] "POST /xingrg/kc/buy/cgsh_order_operate.html HTTP/1.1" 200 12
116.228.172.94 - - [11/Sep/2021:11:27:14 +0800] "GET /xingrg/all/function/internal_message.html?_=1631330832679&CODE_STATE=getMsg HTTP/1.1" 200 27
116.238.168.124 - - [11/Sep/2021:11:27:16 +0800] "GET /xingrg/kc/buy/cgsh_order_info.html?code=212021091104620 HTTP/1.1" 200 58298
116.238.168.124 - - [11/Sep/2021:11:27:17 +0800] "GET /xingrg/javascript/easyui/themes/default/validatebox.css HTTP/1.1" 404 1104
116.238.168.124 - - [11/Sep/2021:11:27:17 +0800] "GET /xingrg/all/function/internal_message.html?_=1631330814946&CODE_STATE=getMsg HTTP/1.1" 200 27
116.238.168.124 - - [11/Sep/2021:11:27:17 +0800] "POST /xingrg/kc/buy/cgsh_order_operate.html HTTP/1.1" 200 636
101.83.145.79 - - [11/Sep/2021:11:27:18 +0800] "GET /xingrg/kc/buy/cgsh_order_operate.html?command=get_materiel&rest_code=00105&code=00101002070&supplier_code=00100347&order_time=2021-09-11 HTTP/1.1" 200 406
116.238.168.124 - - [11/Sep/2021:11:27:22 +0800] "GET /xingrg/kc/print/load_data.html?order_code=212021091104620&kc_code=cgsh&condition= HTTP/1.1" 200 716
58.37.227.186 - - [11/Sep/2021:11:27:24 +0800] "POST /xingrg/kc/buy/cgsh_order_operate.html HTTP/1.1" 200 37
101.83.145.79 - - [11/Sep/2021:11:27:28 +0800] "GET /xingrg/kc/buy/cgsh_order_operate.html?command=get_materiel&rest_code=00105&code=00101010732&supplier_code=00100347&order_time=2021-09-11 HTTP/1.1" 200 399
58.37.227.186 - - [11/Sep/2021:11:27:29 +0800] "POST /xingrg/kc/buy/cgsh_order_operate.html HTTP/1.1" 200 12
116.237.74.154 - - [11/Sep/2021:11:27:29 +0800] "GET /xingrg/all/function/internal_message.html?_=1631330848270&CODE_STATE=getMsg HTTP/1.1" 200 27
58.221.95.50 - - [11/Sep/2021:11:27:29 +0800] "GET /xingrg/check_reg.html?_=1631330848573 HTTP/1.1" 302 -
58.37.227.186 - - [11/Sep/2021:11:27:29 +0800] "GET /xingrg/kc/buy/cgsh_order_info.html?code=212021091104621 HTTP/1.1" 200 58345
58.37.227.186 - - [11/Sep/2021:11:27:30 +0800] "GET /xingrg/javascript/easyui/themes/default/validatebox.css HTTP/1.1" 404 1104
58.37.227.186 - - [11/Sep/2021:11:27:30 +0800] "POST /xingrg/kc/buy/cgsh_order_operate.html HTTP/1.1" 200 1211
116.238.168.124 - - [11/Sep/2021:11:27:30 +0800] "GET /xingrg/kc/buy/cgsh_order_add.html HTTP/1.1" 200 63385
58.37.227.186 - - [11/Sep/2021:11:27:31 +0800] "GET /xingrg/kc/print/load_data.html?order_code=212021091104621&kc_code=cgsh&condition= HTTP/1.1" 200 1019
222.69.131.118 - - [11/Sep/2021:11:27:31 +0800] "GET /xingrg/all/function/internal_message.html?_=1631330850351&CODE_STATE=getMsg HTTP/1.1" 200 27
116.238.168.124 - - [11/Sep/2021:11:27:32 +0800] "POST /xingrg/kc/buy/cgsh_order_operate.html HTTP/1.1" 200 8245
116.238.168.124 - - [11/Sep/2021:11:27:33 +0800] "GET /xingrg/javascript/easyui/themes/default/validatebox.css HTTP/1.1" 404 1104
116.237.74.154 - - [11/Sep/2021:11:27:33 +0800] "GET /xingrg/all/function/internal_message.html?_=1631330845769&CODE_STATE=getMsg HTTP/1.1" 200 27
101.83.145.79 - - [11/Sep/2021:11:27:36 +0800] "POST /xingrg/kc/buy/cgsh_order_operate.html HTTP/1.1" 200 37
116.238.194.18 - - [11/Sep/2021:11:27:36 +0800] "GET /xingrg/all/function/internal_message.html?_=1631330854841&CODE_STATE=getMsg HTTP/1.1" 200 27
222.70.246.151 - - [11/Sep/2021:11:27:37 +0800] "GET /xingrg/kc/buy/cgsh_order_operate.html?command=get_materiel&rest_code=00146&code=00101009050&supplier_code=00100023&order_time=2021-09-11 HTTP/1.1" 200 408
101.83.145.79 - - [11/Sep/2021:11:27:37 +0800] "POST /xingrg/kc/buy/cgsh_order_operate.html HTTP/1.1" 200 5050
101.83.145.79 - - [11/Sep/2021:11:27:38 +0800] "GET /xingrg/kc/print/load_data.html?order_code=212021091104622&kc_code=cgsh&condition= HTTP/1.1" 200 1592
58.37.227.186 - - [11/Sep/2021:11:27:39 +0800] "GET /xingrg/kc/buy/cgsh_order_add.html HTTP/1.1" 200 63432
58.37.227.186 - - [11/Sep/2021:11:27:39 +0800] "POST /xingrg/kc/buy/cgsh_order_operate.html HTTP/1.1" 200 8245
58.37.227.186 - - [11/Sep/2021:11:27:39 +0800] "GET /xingrg/javascript/easyui/themes/default/validatebox.css HTTP/1.1" 404 1104
101.85.93.96 - - [11/Sep/2021:11:27:41 +0800] "GET /xingrg/check_reg.html?_=1631330782733 HTTP/1.1" 200 22
101.85.93.96 - - [11/Sep/2021:11:27:41 +0800] "GET /xingrg/all/function/internal_message.html?_=1631330782736&CODE_STATE=getMsg HTTP/1.1" 200 27
116.238.194.18 - - [11/Sep/2021:11:27:42 +0800] "GET /xingrg/all/function/internal_message.html?_=1631330833849&CODE_STATE=getMsg HTTP/1.1" 200 27
101.83.145.79 - - [11/Sep/2021:11:27:44 +0800] "GET /xingrg/all/function/internal_message.html?_=1631330862893&CODE_STATE=getMsg HTTP/1.1" 200 27
120.253.135.82 - - [11/Sep/2021:11:27:44 +0800] "GET /xingrg/all/function/internal_message.html?_=1631330854842&CODE_STATE=getMsg HTTP/1.1" 200 27
180.157.254.90 - - [11/Sep/2021:11:27:47 +0800] "GET /xingrg/check_reg.html?_=1631330865909 HTTP/1.1" 200 22
180.157.254.90 - - [11/Sep/2021:11:27:47 +0800] "GET /xingrg/all/function/internal_message.html?_=1631330865910&CODE_STATE=getMsg HTTP/1.1" 200 27
222.70.246.151 - - [11/Sep/2021:11:27:48 +0800] "GET /xingrg/kc/buy/cgsh_order_operate.html?command=get_materiel&rest_code=00146&code=00101009062&supplier_code=00100023&order_time=2021-09-11 HTTP/1.1" 200 412
124.79.74.73 - - [11/Sep/2021:11:27:48 +0800] "GET /xingrg/all/function/internal_message.html?_=1631330867457&CODE_STATE=getMsg HTTP/1.1" 200 27
58.37.227.186 - - [11/Sep/2021:11:27:49 +0800] "GET /xingrg/kc/buy/cgsh_order_operate.html?command=get_materiel&rest_code=00141&code=00101001093&supplier_code=00100319&order_time=2021-09-11 HTTP/1.1" 200 411
116.230.105.26 - - [11/Sep/2021:11:27:50 +0800] "GET /xingrg/all/function/internal_message.html?_=1631330867722&CODE_STATE=getMsg HTTP/1.1" 200 27
222.70.246.151 - - [11/Sep/2021:11:27:58 +0800] "GET /xingrg/kc/buy/cgsh_order_operate.html?command=get_materiel&rest_code=00146&code=00101008418&supplier_code=00100023&order_time=2021-09-11 HTTP/1.1" 200 398
101.83.145.79 - - [11/Sep/2021:11:28:00 +0800] "GET /xingrg/all/function/internal_message.html?_=1631330827503&CODE_STATE=getMsg HTTP/1.1" 200 27
180.169.147.146 - - [11/Sep/2021:11:28:01 +0800] "GET /xingrg/all/function/internal_message.html?_=1631330880140&CODE_STATE=getMsg HTTP/1.1" 200 27
222.70.246.151 - - [11/Sep/2021:11:28:06 +0800] "GET /xingrg/kc/buy/cgsh_order_operate.html?command=get_materiel&rest_code=00146&code=00101009016&supplier_code=00100023&order_time=2021-09-11 HTTP/1.1" 200 412
222.70.246.151 - - [11/Sep/2021:11:28:07 +0800] "GET /xingrg/all/function/internal_message.html?_=1631330907376&CODE_STATE=getMsg HTTP/1.1" 200 27
58.37.227.186 - - [11/Sep/2021:11:28:07 +0800] "GET /xingrg/kc/buy/cgsh_order_operate.html?command=get_materiel&rest_code=00141&code=00101001125&supplier_code=00100319&order_time=2021-09-11 HTTP/1.1" 200 415
116.228.172.94 - - [11/Sep/2021:11:28:14 +0800] "GET /xingrg/all/function/internal_message.html?_=1631330892682&CODE_STATE=getMsg HTTP/1.1" 200 27
116.238.168.124 - - [11/Sep/2021:11:28:17 +0800] "GET /xingrg/javascript/easyui/themes/default/tree.css HTTP/1.1" 404 1090
222.70.246.151 - - [11/Sep/2021:11:28:17 +0800] "GET /xingrg/kc/buy/cgsh_order_operate.html?command=get_materiel&rest_code=00146&code=00101009013&supplier_code=00100023&order_time=2021-09-11 HTTP/1.1" 200 420
116.238.168.124 - - [11/Sep/2021:11:28:17 +0800] "GET /xingrg/all/function/internal_message.html?_=1631330875336&CODE_STATE=getMsg HTTP/1.1" 200 27
116.238.168.124 - - [11/Sep/2021:11:28:17 +0800] "POST /xingrg/all/common/load_tree.html?tree=supplier_tree_json&isDelete=1 HTTP/1.1" 200 57687
58.37.227.186 - - [11/Sep/2021:11:28:24 +0800] "POST /xingrg/kc/buy/cgsh_order_operate.html HTTP/1.1" 200 37
58.37.227.186 - - [11/Sep/2021:11:28:27 +0800] "POST /xingrg/kc/buy/cgsh_order_operate.html HTTP/1.1" 200 12
58.37.227.186 - - [11/Sep/2021:11:28:28 +0800] "GET /xingrg/kc/buy/cgsh_order_info.html?code=212021091104623 HTTP/1.1" 200 58345
222.70.246.151 - - [11/Sep/2021:11:28:28 +0800] "GET /xingrg/kc/buy/cgsh_order_operate.html?command=get_materiel&rest_code=00146&code=00101009007&supplier_code=00100023&order_time=2021-09-11 HTTP/1.1" 200 408
58.37.227.186 - - [11/Sep/2021:11:28:28 +0800] "GET /xingrg/javascript/easyui/themes/default/validatebox.css HTTP/1.1" 404 1104
116.237.74.154 - - [11/Sep/2021:11:28:29 +0800] "GET /xingrg/all/function/internal_message.html?_=1631330908259&CODE_STATE=getMsg HTTP/1.1" 200 27
58.37.227.186 - - [11/Sep/2021:11:28:29 +0800] "POST /xingrg/kc/buy/cgsh_order_operate.html HTTP/1.1" 200 1204
116.237.74.154 - - [11/Sep/2021:11:28:29 +0800] "GET /xingrg/kc/buy/cgsh_order_add.html HTTP/1.1" 200 63426
116.237.74.154 - - [11/Sep/2021:11:28:29 +0800] "GET /xingrg/words/20210911111000_words.js HTTP/1.1" 304 -
116.237.74.154 - - [11/Sep/2021:11:28:29 +0800] "POST /xingrg/kc/buy/cgsh_order_operate.html HTTP/1.1" 200 8245
116.237.74.154 - - [11/Sep/2021:11:28:29 +0800] "GET /xingrg/javascript/easyui/themes/default/validatebox.css HTTP/1.1" 404 1104
58.37.227.186 - - [11/Sep/2021:11:28:30 +0800] "GET /xingrg/kc/print/load_data.html?order_code=212021091104623&kc_code=cgsh&condition= HTTP/1.1" 200 945
116.237.74.154 - - [11/Sep/2021:11:28:31 +0800] "GET /xingrg/javascript/easyui/themes/default/tree.css HTTP/1.1" 404 1090
222.69.131.118 - - [11/Sep/2021:11:28:31 +0800] "GET /xingrg/all/function/internal_message.html?_=1631330910325&CODE_STATE=getMsg HTTP/1.1" 200 27
116.237.74.154 - - [11/Sep/2021:11:28:31 +0800] "POST /xingrg/all/common/load_tree.html?tree=supplier_tree_json&isDelete=1 HTTP/1.1" 200 57687
116.237.74.154 - - [11/Sep/2021:11:28:32 +0800] "GET /xingrg/check_reg.html?_=1631330905361 HTTP/1.1" 200 22
116.237.74.154 - - [11/Sep/2021:11:28:33 +0800] "GET /xingrg/all/function/internal_message.html?_=1631330905751&CODE_STATE=getMsg HTTP/1.1" 200 27
58.37.227.186 - - [11/Sep/2021:11:28:33 +0800] "GET /xingrg/kc/buy/cgsh_order_add.html HTTP/1.1" 200 63432
58.37.227.186 - - [11/Sep/2021:11:28:33 +0800] "GET /xingrg/javascript/easyui/themes/default/validatebox.css HTTP/1.1" 404 1104
58.37.227.186 - - [11/Sep/2021:11:28:33 +0800] "POST /xingrg/kc/buy/cgsh_order_operate.html HTTP/1.1" 200 8245
101.91.62.89 - - [11/Sep/2021:11:28:34 +0800] "GET /xingrg/all/function/internal_message.html?_=1631330845769&CODE_STATE=getMsg HTTP/1.1" 302 -
101.91.62.89 - - [11/Sep/2021:11:28:35 +0800] "GET /xingrg/login.html HTTP/1.1" 200 7641
116.238.194.18 - - [11/Sep/2021:11:28:36 +0800] "GET /xingrg/all/function/internal_message.html?_=1631330914825&CODE_STATE=getMsg HTTP/1.1" 200 27
101.85.93.96 - - [11/Sep/2021:11:28:41 +0800] "GET /xingrg/all/function/internal_message.html?_=1631330842720&CODE_STATE=getMsg HTTP/1.1" 200 27
116.238.194.18 - - [11/Sep/2021:11:28:42 +0800] "GET /xingrg/all/function/internal_message.html?_=1631330893868&CODE_STATE=getMsg HTTP/1.1" 200 27
58.37.227.186 - - [11/Sep/2021:11:28:43 +0800] "GET /xingrg/kc/buy/cgsh_order_operate.html?command=get_materiel&rest_code=00141&code=00101002038&supplier_code=00100087&order_time=2021-09-11 HTTP/1.1" 200 434
101.83.145.79 - - [11/Sep/2021:11:28:44 +0800] "GET /xingrg/all/function/internal_message.html?_=1631330922872&CODE_STATE=getMsg HTTP/1.1" 200 27
120.253.135.82 - - [11/Sep/2021:11:28:44 +0800] "GET /xingrg/all/function/internal_message.html?_=1631330914853&CODE_STATE=getMsg HTTP/1.1" 200 27
180.157.254.90 - - [11/Sep/2021:11:28:47 +0800] "GET /xingrg/all/function/internal_message.html?_=1631330925935&CODE_STATE=getMsg HTTP/1.1" 200 27
222.70.246.151 - - [11/Sep/2021:11:28:47 +0800] "GET /xingrg/kc/buy/cgsh_order_operate.html?command=get_materiel&rest_code=00146&code=00101009061&supplier_code=00100023&order_time=2021-09-11 HTTP/1.1" 200 409
124.79.74.73 - - [11/Sep/2021:11:28:48 +0800] "GET /xingrg/all/function/internal_message.html?_=1631330927456&CODE_STATE=getMsg HTTP/1.1" 200 27
116.230.105.26 - - [11/Sep/2021:11:28:50 +0800] "GET /xingrg/all/function/internal_message.html?_=1631330927721&CODE_STATE=getMsg HTTP/1.1" 200 27
116.230.105.26 - - [11/Sep/2021:11:28:50 +0800] "GET /xingrg/check_reg.html?_=1631330927722 HTTP/1.1" 200 22
116.237.74.154 - - [11/Sep/2021:11:28:51 +0800] "GET /xingrg/kc/buy/cgsh_order_operate.html?command=get_materiel&rest_code=00106&code=00101010607&supplier_code=00100404&order_time=2021-09-11 HTTP/1.1" 200 407
58.37.227.186 - - [11/Sep/2021:11:28:58 +0800] "POST /xingrg/kc/buy/cgsh_order_operate.html HTTP/1.1" 200 37
116.238.168.124 - - [11/Sep/2021:11:28:59 +0800] "GET /xingrg/kc/buy/cgsh_order_operate.html?command=get_materiel&rest_code=00102&code=00101015021&supplier_code=00100054&order_time=2021-09-11 HTTP/1.1" 200 408
101.83.145.79 - - [11/Sep/2021:11:29:00 +0800] "GET /xingrg/all/function/internal_message.html?_=1631330887503&CODE_STATE=getMsg HTTP/1.1" 200 27
180.169.147.146 - - [11/Sep/2021:11:29:01 +0800] "GET /xingrg/all/function/internal_message.html?_=1631330940145&CODE_STATE=getMsg HTTP/1.1" 200 27
180.169.147.146 - - [11/Sep/2021:11:29:01 +0800] "GET /xingrg/check_reg.html?_=1631330940150 HTTP/1.1" 200 22
58.37.227.186 - - [11/Sep/2021:11:29:02 +0800] "POST /xingrg/kc/buy/cgsh_order_operate.html HTTP/1.1" 200 12
58.37.227.186 - - [11/Sep/2021:11:29:03 +0800] "GET /xingrg/kc/buy/cgsh_order_info.html?code=212021091104624 HTTP/1.1" 200 58341
58.37.227.186 - - [11/Sep/2021:11:29:03 +0800] "GET /xingrg/javascript/easyui/themes/default/validatebox.css HTTP/1.1" 404 1104
58.37.227.186 - - [11/Sep/2021:11:29:04 +0800] "POST /xingrg/kc/buy/cgsh_order_operate.html HTTP/1.1" 200 613
222.70.246.151 - - [11/Sep/2021:11:29:06 +0800] "GET /xingrg/check_reg.html?_=1631330967113 HTTP/1.1" 200 22
222.70.246.151 - - [11/Sep/2021:11:29:07 +0800] "GET /xingrg/all/function/internal_message.html?_=1631330967388&CODE_STATE=getMsg HTTP/1.1" 200 27
58.37.227.186 - - [11/Sep/2021:11:29:07 +0800] "GET /xingrg/kc/print/load_data.html?order_code=212021091104624&kc_code=cgsh&condition= HTTP/1.1" 200 769
116.237.74.154 - - [11/Sep/2021:11:29:10 +0800] "POST /xingrg/kc/buy/cgsh_order_operate.html HTTP/1.1" 200 37
222.70.246.151 - - [11/Sep/2021:11:29:11 +0800] "GET /xingrg/kc/buy/cgsh_order_operate.html?command=get_materiel&rest_code=00146&code=00101009037&supplier_code=00100023&order_time=2021-09-11 HTTP/1.1" 200 416
116.238.168.124 - - [11/Sep/2021:11:29:11 +0800] "GET /xingrg/kc/buy/cgsh_order_operate.html?command=get_materiel&rest_code=00102&code=00101015017&supplier_code=00100054&order_time=2021-09-11 HTTP/1.1" 200 412
116.228.172.94 - - [11/Sep/2021:11:29:14 +0800] "GET /xingrg/check_reg.html?_=1631330952671 HTTP/1.1" 200 22
116.228.172.94 - - [11/Sep/2021:11:29:14 +0800] "GET /xingrg/all/function/internal_message.html?_=1631330952676&CODE_STATE=getMsg HTTP/1.1" 200 27
58.37.227.186 - - [11/Sep/2021:11:29:16 +0800] "GET /xingrg/kc/buy/cgsh_order_add.html HTTP/1.1" 200 63432
58.37.227.186 - - [11/Sep/2021:11:29:16 +0800] "POST /xingrg/kc/buy/cgsh_order_operate.html HTTP/1.1" 200 8245
58.37.227.186 - - [11/Sep/2021:11:29:16 +0800] "GET /xingrg/javascript/easyui/themes/default/validatebox.css HTTP/1.1" 404 1104
116.238.168.124 - - [11/Sep/2021:11:29:17 +0800] "GET /xingrg/all/function/internal_message.html?_=1631330935343&CODE_STATE=getMsg HTTP/1.1" 200 27
116.238.168.124 - - [11/Sep/2021:11:29:18 +0800] "GET /xingrg/kc/buy/cgsh_order_operate.html?command=get_materiel&rest_code=00102&code=00101015061&supplier_code=00100054&order_time=2021-09-11 HTTP/1.1" 200 412
116.237.74.154 - - [11/Sep/2021:11:29:21 +0800] "POST /xingrg/kc/buy/cgsh_order_operate.html HTTP/1.1" 200 12
116.237.74.154 - - [11/Sep/2021:11:29:22 +0800] "GET /xingrg/kc/buy/cgsh_order_info.html?code=212021091104625 HTTP/1.1" 200 58341
116.237.74.154 - - [11/Sep/2021:11:29:22 +0800] "GET /xingrg/javascript/easyui/themes/default/validatebox.css HTTP/1.1" 404 1104
222.70.246.151 - - [11/Sep/2021:11:29:22 +0800] "GET /xingrg/kc/buy/cgsh_order_operate.html?command=get_materiel&rest_code=00146&code=00101009057&supplier_code=00100023&order_time=2021-09-11 HTTP/1.1" 200 408
116.237.74.154 - - [11/Sep/2021:11:29:22 +0800] "POST /xingrg/kc/buy/cgsh_order_operate.html HTTP/1.1" 200 615
116.237.74.154 - - [11/Sep/2021:11:29:25 +0800] "GET /xingrg/kc/print/load_data.html?order_code=212021091104625&kc_code=cgsh&condition= HTTP/1.1" 200 728
116.238.168.124 - - [11/Sep/2021:11:29:26 +0800] "GET /xingrg/kc/buy/cgsh_order_operate.html?command=get_materiel&rest_code=00102&code=00101015001&supplier_code=00100054&order_time=2021-09-11 HTTP/1.1" 200 412
116.237.74.154 - - [11/Sep/2021:11:29:29 +0800] "GET /xingrg/all/function/internal_message.html?_=1631330968269&CODE_STATE=getMsg HTTP/1.1" 200 27
116.237.74.154 - - [11/Sep/2021:11:29:29 +0800] "GET /xingrg/check_reg.html?_=1631330968270 HTTP/1.1" 200 22
116.238.194.18 - - [11/Sep/2021:11:29:29 +0800] "GET /xingrg/check_reg.html?_=1631330940234 HTTP/1.1" 200 22
222.69.131.118 - - [11/Sep/2021:11:29:31 +0800] "GET /xingrg/all/function/internal_message.html?_=1631330970309&CODE_STATE=getMsg HTTP/1.1" 200 27
61.151.178.163 - - [11/Sep/2021:11:29:32 +0800] "GET /xingrg/all/function/internal_message.html?_=1631330905751&CODE_STATE=getMsg HTTP/1.1" 302 -
222.69.131.118 - - [11/Sep/2021:11:29:32 +0800] "GET /xingrg/check_reg.html?_=1631330971546 HTTP/1.1" 200 22
116.237.74.154 - - [11/Sep/2021:11:29:33 +0800] "GET /xingrg/all/function/internal_message.html?_=1631330965725&CODE_STATE=getMsg HTTP/1.1" 200 27
61.151.178.163 - - [11/Sep/2021:11:29:33 +0800] "GET /xingrg/login.html HTTP/1.1" 200 7641
116.237.74.154 - - [11/Sep/2021:11:29:35 +0800] "GET /xingrg/kc/buy/cgsh_order_add.html HTTP/1.1" 200 63426
116.237.74.154 - - [11/Sep/2021:11:29:35 +0800] "POST /xingrg/kc/buy/cgsh_order_operate.html HTTP/1.1" 200 8245
116.237.74.154 - - [11/Sep/2021:11:29:35 +0800] "GET /xingrg/javascript/easyui/themes/default/validatebox.css HTTP/1.1" 404 1104
116.238.194.18 - - [11/Sep/2021:11:29:36 +0800] "GET /xingrg/all/function/internal_message.html?_=1631330974813&CODE_STATE=getMsg HTTP/1.1" 200 27
116.237.74.154 - - [11/Sep/2021:11:29:37 +0800] "GET /xingrg/javascript/easyui/themes/default/tree.css HTTP/1.1" 404 1090
116.237.74.154 - - [11/Sep/2021:11:29:37 +0800] "POST /xingrg/all/common/load_tree.html?tree=supplier_tree_json&isDelete=1 HTTP/1.1" 200 57687
116.238.168.124 - - [11/Sep/2021:11:29:37 +0800] "GET /xingrg/kc/buy/cgsh_order_operate.html?command=get_materiel&rest_code=00102&code=00101015042&supplier_code=00100054&order_time=2021-09-11 HTTP/1.1" 200 408
101.85.93.96 - - [11/Sep/2021:11:29:41 +0800] "GET /xingrg/all/function/internal_message.html?_=1631330902721&CODE_STATE=getMsg HTTP/1.1" 200 27
116.238.194.18 - - [11/Sep/2021:11:29:42 +0800] "GET /xingrg/all/function/internal_message.html?_=1631330953875&CODE_STATE=getMsg HTTP/1.1" 200 27
120.253.135.82 - - [11/Sep/2021:11:29:43 +0800] "GET /xingrg/check_reg.html?_=1631330973816 HTTP/1.1" 200 22
101.83.145.79 - - [11/Sep/2021:11:29:44 +0800] "GET /xingrg/check_reg.html?_=1631330982748 HTTP/1.1" 200 22
101.83.145.79 - - [11/Sep/2021:11:29:44 +0800] "GET /xingrg/all/function/internal_message.html?_=1631330982841&CODE_STATE=getMsg HTTP/1.1" 200 27
116.238.168.124 - - [11/Sep/2021:11:29:44 +0800] "POST /xingrg/kc/buy/cgsh_order_operate.html HTTP/1.1" 200 37
120.253.135.82 - - [11/Sep/2021:11:29:45 +0800] "GET /xingrg/all/function/internal_message.html?_=1631330974868&CODE_STATE=getMsg HTTP/1.1" 200 27
180.157.254.90 - - [11/Sep/2021:11:29:47 +0800] "GET /xingrg/all/function/internal_message.html?_=1631330985934&CODE_STATE=getMsg HTTP/1.1" 200 27
116.238.168.124 - - [11/Sep/2021:11:29:47 +0800] "POST /xingrg/kc/buy/cgsh_order_operate.html HTTP/1.1" 200 12
124.79.74.73 - - [11/Sep/2021:11:29:48 +0800] "GET /xingrg/all/function/internal_message.html?_=1631330987456&CODE_STATE=getMsg HTTP/1.1" 200 27
124.79.74.73 - - [11/Sep/2021:11:29:48 +0800] "GET /xingrg/check_reg.html?_=1631330987458 HTTP/1.1" 200 22
116.238.168.124 - - [11/Sep/2021:11:29:48 +0800] "GET /xingrg/kc/buy/cgsh_order_info.html?code=212021091104626 HTTP/1.1" 200 58290
116.238.168.124 - - [11/Sep/2021:11:29:49 +0800] "GET /xingrg/javascript/easyui/themes/default/validatebox.css HTTP/1.1" 404 1104
116.238.168.124 - - [11/Sep/2021:11:29:50 +0800] "POST /xingrg/kc/buy/cgsh_order_operate.html HTTP/1.1" 200 2977
116.230.105.26 - - [11/Sep/2021:11:29:50 +0800] "GET /xingrg/all/function/internal_message.html?_=1631330987710&CODE_STATE=getMsg HTTP/1.1" 200 27
116.238.168.124 - - [11/Sep/2021:11:29:51 +0800] "GET /xingrg/kc/print/load_data.html?order_code=212021091104626&kc_code=cgsh&condition= HTTP/1.1" 200 1586
58.37.227.186 - - [11/Sep/2021:11:29:57 +0800] "GET /xingrg/check_reg.html?_=1631330869482 HTTP/1.1" 200 22
116.238.168.124 - - [11/Sep/2021:11:29:59 +0800] "GET /xingrg/kc/buy/cgsh_order_add.html HTTP/1.1" 200 63385
101.83.145.79 - - [11/Sep/2021:11:30:00 +0800] "GET /xingrg/all/function/internal_message.html?_=1631330947504&CODE_STATE=getMsg HTTP/1.1" 200 27
116.238.168.124 - - [11/Sep/2021:11:30:00 +0800] "POST /xingrg/kc/buy/cgsh_order_operate.html HTTP/1.1" 200 8245
116.237.74.154 - - [11/Sep/2021:11:30:01 +0800] "GET /xingrg/kc/buy/cgsh_order_operate.html?command=get_materiel&rest_code=00106&code=00101010059&supplier_code=00100337&order_time=2021-09-11 HTTP/1.1" 200 433
116.238.168.124 - - [11/Sep/2021:11:30:01 +0800] "GET /xingrg/javascript/easyui/themes/default/validatebox.css HTTP/1.1" 404 1104
180.169.147.146 - - [11/Sep/2021:11:30:01 +0800] "GET /xingrg/all/function/internal_message.html?_=1631331000152&CODE_STATE=getMsg HTTP/1.1" 200 27
116.238.168.124 - - [11/Sep/2021:11:30:02 +0800] "GET /xingrg/check_reg.html?_=1631330980381 HTTP/1.1" 200 22
222.70.246.151 - - [11/Sep/2021:11:30:07 +0800] "GET /xingrg/all/function/internal_message.html?_=1631331027403&CODE_STATE=getMsg HTTP/1.1" 200 27
116.238.168.124 - - [11/Sep/2021:11:30:10 +0800] "GET /xingrg/javascript/easyui/themes/default/tree.css HTTP/1.1" 404 1090
116.238.168.124 - - [11/Sep/2021:11:30:10 +0800] "POST /xingrg/all/common/load_tree.html?tree=supplier_tree_json&isDelete=1 HTTP/1.1" 200 57687
222.70.246.151 - - [11/Sep/2021:11:30:11 +0800] "POST /xingrg/kc/buy/cgsh_order_operate.html HTTP/1.1" 200 37
222.70.246.151 - - [11/Sep/2021:11:30:13 +0800] "POST /xingrg/kc/buy/cgsh_order_operate.html HTTP/1.1" 200 7388
116.228.172.94 - - [11/Sep/2021:11:30:14 +0800] "GET /xingrg/all/function/internal_message.html?_=1631331012679&CODE_STATE=getMsg HTTP/1.1" 200 27
222.70.246.151 - - [11/Sep/2021:11:30:16 +0800] "GET /xingrg/kc/print/load_data.html?order_code=212021091104627&kc_code=cgsh&condition= HTTP/1.1" 200 2483
116.238.168.124 - - [11/Sep/2021:11:30:17 +0800] "GET /xingrg/all/function/internal_message.html?_=1631330995356&CODE_STATE=getMsg HTTP/1.1" 200 27
116.238.168.124 - - [11/Sep/2021:11:30:22 +0800] "GET /xingrg/kc/buy/cgsh_order_operate.html?command=get_materiel&rest_code=00102&code=00101020215&supplier_code=00100047&order_time=2021-09-11 HTTP/1.1" 200 391
58.40.7.146 - - [11/Sep/2021:11:30:28 +0800] "GET /xingrg/check_reg.html?_=1631331027195 HTTP/1.1" 302 -
116.237.74.154 - - [11/Sep/2021:11:30:29 +0800] "GET /xingrg/all/function/internal_message.html?_=1631331028273&CODE_STATE=getMsg HTTP/1.1" 200 27
222.69.131.118 - - [11/Sep/2021:11:30:31 +0800] "GET /xingrg/all/function/internal_message.html?_=1631331030284&CODE_STATE=getMsg HTTP/1.1" 200 27
61.151.179.84 - - [11/Sep/2021:11:30:32 +0800] "GET /xingrg/all/function/internal_message.html?_=1631330965725&CODE_STATE=getMsg HTTP/1.1" 302 -
61.151.179.84 - - [11/Sep/2021:11:30:32 +0800] "GET /xingrg/login.html HTTP/1.1" 200 7641
116.237.74.154 - - [11/Sep/2021:11:30:33 +0800] "GET /xingrg/all/function/internal_message.html?_=1631331025719&CODE_STATE=getMsg HTTP/1.1" 200 27
222.70.246.151 - - [11/Sep/2021:11:30:34 +0800] "GET /xingrg/kc/buy/cgsh_order_add.html HTTP/1.1" 200 63432
116.237.74.154 - - [11/Sep/2021:11:30:34 +0800] "GET /xingrg/kc/buy/cgsh_order_operate.html?command=get_materiel&rest_code=00106&code=00101019343&supplier_code=00100337&order_time=2021-09-11 HTTP/1.1" 200 433
222.70.246.151 - - [11/Sep/2021:11:30:35 +0800] "POST /xingrg/kc/buy/cgsh_order_operate.html HTTP/1.1" 200 8245
222.70.246.151 - - [11/Sep/2021:11:30:36 +0800] "GET /xingrg/javascript/easyui/themes/default/validatebox.css HTTP/1.1" 404 1104
116.238.194.18 - - [11/Sep/2021:11:30:36 +0800] "GET /xingrg/all/function/internal_message.html?_=1631331034797&CODE_STATE=getMsg HTTP/1.1" 200 27
116.238.194.18 - - [11/Sep/2021:11:30:36 +0800] "GET /xingrg/check_reg.html?_=1631331034910 HTTP/1.1" 200 22
101.85.93.96 - - [11/Sep/2021:11:30:41 +0800] "GET /xingrg/all/function/internal_message.html?_=1631330962722&CODE_STATE=getMsg HTTP/1.1" 200 27
116.238.168.124 - - [11/Sep/2021:11:30:42 +0800] "GET /xingrg/kc/buy/cgsh_order_operate.html?command=get_materiel&rest_code=00102&code=00101011003&supplier_code=00100047&order_time=2021-09-11 HTTP/1.1" 200 413
116.238.194.18 - - [11/Sep/2021:11:30:42 +0800] "GET /xingrg/all/function/internal_message.html?_=1631331013889&CODE_STATE=getMsg HTTP/1.1" 200 27
101.83.145.79 - - [11/Sep/2021:11:30:44 +0800] "GET /xingrg/all/function/internal_message.html?_=1631331042822&CODE_STATE=getMsg HTTP/1.1" 200 27
120.253.135.82 - - [11/Sep/2021:11:30:45 +0800] "GET /xingrg/all/function/internal_message.html?_=1631331034880&CODE_STATE=getMsg HTTP/1.1" 200 27
180.157.254.90 - - [11/Sep/2021:11:30:47 +0800] "GET /xingrg/all/function/internal_message.html?_=1631331045933&CODE_STATE=getMsg HTTP/1.1" 200 27
124.79.74.73 - - [11/Sep/2021:11:30:48 +0800] "GET /xingrg/all/function/internal_message.html?_=1631331047456&CODE_STATE=getMsg HTTP/1.1" 200 27
116.237.74.154 - - [11/Sep/2021:11:30:49 +0800] "POST /xingrg/kc/buy/cgsh_order_operate.html HTTP/1.1" 200 37
222.70.246.151 - - [11/Sep/2021:11:30:50 +0800] "GET /xingrg/kc/buy/cgsh_order_operate.html?command=get_materiel&rest_code=00146&code=00101028011&supplier_code=00100017&order_time=2021-09-11 HTTP/1.1" 200 454
116.230.105.26 - - [11/Sep/2021:11:30:50 +0800] "GET /xingrg/all/function/internal_message.html?_=1631331047723&CODE_STATE=getMsg HTTP/1.1" 200 27
116.237.74.154 - - [11/Sep/2021:11:30:52 +0800] "POST /xingrg/kc/buy/cgsh_order_operate.html HTTP/1.1" 200 12
116.237.74.154 - - [11/Sep/2021:11:30:53 +0800] "GET /xingrg/kc/buy/cgsh_order_info.html?code=212021091104628 HTTP/1.1" 200 58337
116.237.74.154 - - [11/Sep/2021:11:30:53 +0800] "GET /xingrg/words/20210911111000_words.js HTTP/1.1" 304 -
116.237.74.154 - - [11/Sep/2021:11:30:54 +0800] "GET /xingrg/javascript/easyui/themes/default/validatebox.css HTTP/1.1" 404 1104
116.237.74.154 - - [11/Sep/2021:11:30:54 +0800] "POST /xingrg/kc/buy/cgsh_order_operate.html HTTP/1.1" 200 1213
116.238.168.124 - - [11/Sep/2021:11:30:56 +0800] "POST /xingrg/kc/buy/cgsh_order_operate.html HTTP/1.1" 200 37
116.237.74.154 - - [11/Sep/2021:11:30:57 +0800] "GET /xingrg/kc/print/load_data.html?order_code=212021091104628&kc_code=cgsh&condition= HTTP/1.1" 200 944
222.69.131.118 - - [11/Sep/2021:11:30:57 +0800] "GET /xingrg/kc/buy/cgsh_order_list.html HTTP/1.1" 200 47694
116.238.168.124 - - [11/Sep/2021:11:30:59 +0800] "POST /xingrg/kc/buy/cgsh_order_operate.html HTTP/1.1" 200 12
222.69.131.118 - - [11/Sep/2021:11:30:59 +0800] "POST /xingrg/kc/buy/cgsh_list_operate.html HTTP/1.1" 200 876
101.83.145.79 - - [11/Sep/2021:11:31:00 +0800] "GET /xingrg/check_reg.html?_=1631331007504 HTTP/1.1" 200 22
101.83.145.79 - - [11/Sep/2021:11:31:00 +0800] "GET /xingrg/all/function/internal_message.html?_=1631331007506&CODE_STATE=getMsg HTTP/1.1" 200 27
180.169.147.146 - - [11/Sep/2021:11:31:01 +0800] "GET /xingrg/all/function/internal_message.html?_=1631331060142&CODE_STATE=getMsg HTTP/1.1" 200 27
116.238.168.124 - - [11/Sep/2021:11:31:02 +0800] "GET /xingrg/kc/buy/cgsh_order_info.html?code=212021091104629 HTTP/1.1" 200 58292
116.238.168.124 - - [11/Sep/2021:11:31:03 +0800] "GET /xingrg/javascript/easyui/themes/default/validatebox.css HTTP/1.1" 404 1104
116.238.168.124 - - [11/Sep/2021:11:31:04 +0800] "POST /xingrg/kc/buy/cgsh_order_operate.html HTTP/1.1" 200 1190
222.70.246.151 - - [11/Sep/2021:11:31:07 +0800] "GET /xingrg/all/function/internal_message.html?_=1631331087416&CODE_STATE=getMsg HTTP/1.1" 200 27
222.69.131.118 - - [11/Sep/2021:11:31:10 +0800] "GET /xingrg/kc/buy/cgsh_order_add.html HTTP/1.1" 200 63479
222.69.131.118 - - [11/Sep/2021:11:31:10 +0800] "GET /xingrg/words/20210911111000_words.js HTTP/1.1" 200 847824
222.69.131.118 - - [11/Sep/2021:11:31:10 +0800] "POST /xingrg/kc/buy/cgsh_order_operate.html HTTP/1.1" 200 8245
222.69.131.118 - - [11/Sep/2021:11:31:10 +0800] "GET /xingrg/javascript/easyui/themes/default/validatebox.css HTTP/1.1" 404 1104
222.70.246.151 - - [11/Sep/2021:11:31:11 +0800] "GET /xingrg/kc/buy/cgsh_order_operate.html?command=get_materiel&rest_code=00146&code=00101028016&supplier_code=00100017&order_time=2021-09-11 HTTP/1.1" 200 447
124.79.79.51 - - [11/Sep/2021:11:31:12 +0800] "POST /xingrg/services/DataTransmitService HTTP/1.1" 200 524
124.79.79.51 - - [11/Sep/2021:11:31:13 +0800] "POST /xingrg/services/DataTransmitService HTTP/1.1" 200 1971
116.238.168.124 - - [11/Sep/2021:11:31:13 +0800] "GET /xingrg/kc/print/load_data.html?order_code=212021091104629&kc_code=cgsh&condition= HTTP/1.1" 200 945
124.79.79.51 - - [11/Sep/2021:11:31:13 +0800] "POST /xingrg/services/DataTransmitService HTTP/1.1" 200 524
116.237.74.154 - - [11/Sep/2021:11:31:13 +0800] "GET /xingrg/kc/buy/cgsh_order_add.html HTTP/1.1" 200 63426
222.69.131.118 - - [11/Sep/2021:11:31:13 +0800] "GET /xingrg/javascript/auto/indicator.gif HTTP/1.1" 404 1066
116.237.74.154 - - [11/Sep/2021:11:31:14 +0800] "POST /xingrg/kc/buy/cgsh_order_operate.html HTTP/1.1" 200 8245
116.237.74.154 - - [11/Sep/2021:11:31:14 +0800] "GET /xingrg/javascript/easyui/themes/default/validatebox.css HTTP/1.1" 404 1104
124.79.79.51 - - [11/Sep/2021:11:31:14 +0800] "POST /xingrg/services/DataTransmitService HTTP/1.1" 200 1971
116.228.172.94 - - [11/Sep/2021:11:31:14 +0800] "GET /xingrg/all/function/internal_message.html?_=1631331072671&CODE_STATE=getMsg HTTP/1.1" 200 27
58.37.227.186 - - [11/Sep/2021:11:31:14 +0800] "GET /xingrg/kc/buy/cgsh_order_operate.html?command=get_materiel&rest_code=00141&code=00101008113&supplier_code=00100323&order_time=2021-09-11 HTTP/1.1" 200 413
124.79.79.51 - - [11/Sep/2021:11:31:14 +0800] "POST /xingrg/services/DataTransmitService HTTP/1.1" 200 524
222.69.131.118 - - [11/Sep/2021:11:31:15 +0800] "GET /xingrg/javascript/jquery_tools/images/next.gif HTTP/1.1" 404 1086
222.69.131.118 - - [11/Sep/2021:11:31:15 +0800] "GET /xingrg/javascript/jquery_tools/images/prev.gif HTTP/1.1" 404 1086
124.79.79.51 - - [11/Sep/2021:11:31:15 +0800] "POST /xingrg/services/DataTransmitService HTTP/1.1" 200 1971
116.237.74.154 - - [11/Sep/2021:11:31:15 +0800] "GET /xingrg/javascript/easyui/themes/default/tree.css HTTP/1.1" 404 1090
116.237.74.154 - - [11/Sep/2021:11:31:15 +0800] "POST /xingrg/all/common/load_tree.html?tree=supplier_tree_json&isDelete=1 HTTP/1.1" 200 57687
116.238.168.124 - - [11/Sep/2021:11:31:17 +0800] "GET /xingrg/all/function/internal_message.html?_=1631331055370&CODE_STATE=getMsg HTTP/1.1" 200 27
101.83.145.79 - - [11/Sep/2021:11:31:19 +0800] "GET /xingrg/index.html?sysBaseUrl=http%3A%2F%2F180.169.147.146%3A18081%2Fxingrg%2F&costTime=35×tamp=1585363447539 HTTP/1.1" 302 -
101.83.145.79 - - [11/Sep/2021:11:31:19 +0800] "GET /xingrg/login.html HTTP/1.1" 200 7641
101.83.145.79 - - [11/Sep/2021:11:31:19 +0800] "GET /xingrg/images/blue/jxLogo.png HTTP/1.1" 200 6156
101.83.145.79 - - [11/Sep/2021:11:31:19 +0800] "GET /xingrg/images/blue/login_bg.png HTTP/1.1" 200 22101
101.83.145.79 - - [11/Sep/2021:11:31:19 +0800] "GET /xingrg/images/blue/srbg.png HTTP/1.1" 200 138
101.83.145.79 - - [11/Sep/2021:11:31:19 +0800] "GET /xingrg/images/blue/hj.png HTTP/1.1" 200 1014
101.83.145.79 - - [11/Sep/2021:11:31:20 +0800] "GET /favicon.ico HTTP/1.1" 404 -
120.253.135.82 - - [11/Sep/2021:11:31:21 +0800] "GET /xingrg/login.html HTTP/1.1" 200 7641
120.253.135.82 - - [11/Sep/2021:11:31:21 +0800] "GET /xingrg/images/blue/jxLogo.png HTTP/1.1" 304 -
120.253.135.82 - - [11/Sep/2021:11:31:21 +0800] "GET /xingrg/images/blue/hj.png HTTP/1.1" 304 -
120.253.135.82 - - [11/Sep/2021:11:31:21 +0800] "GET /xingrg/images/blue/login_bg.png HTTP/1.1" 304 -
120.253.135.82 - - [11/Sep/2021:11:31:22 +0800] "GET /xingrg/images/blue/srbg.png HTTP/1.1" 304 -
120.253.135.82 - - [11/Sep/2021:11:31:22 +0800] "GET /favicon.ico HTTP/1.1" 404 -
222.69.131.118 - - [11/Sep/2021:11:31:23 +0800] "GET /xingrg/kc/buy/cgsh_order_operate.html?command=get_materiel&rest_code=00149&code=00101009001&supplier_code=00100201&order_time=2021-09-11 HTTP/1.1" 200 416
124.79.79.51 - - [11/Sep/2021:11:31:23 +0800] "POST /xingrg/services/DataTransmitService HTTP/1.1" 200 524
124.79.79.51 - - [11/Sep/2021:11:31:23 +0800] "POST /xingrg/services/DataTransmitService HTTP/1.1" 200 1971
120.253.135.82 - - [11/Sep/2021:11:31:25 +0800] "POST /xingrg/login.do HTTP/1.1" 302 -
120.253.135.82 - - [11/Sep/2021:11:31:25 +0800] "GET /xingrg/index.html?sysBaseUrl=http%3A%2F%2F180.169.147.146%3A18081%2Fxingrg%2F&costTime=40×tamp=1631331085206 HTTP/1.1" 200 17173
120.253.135.82 - - [11/Sep/2021:11:31:25 +0800] "GET /xingrg/javascript/jquery_easy_ui/themes/icon.css HTTP/1.1" 304 -
120.253.135.82 - - [11/Sep/2021:11:31:25 +0800] "GET /xingrg/javascript/jquery_easy_ui/themes/default/easyui.css HTTP/1.1" 304 -
120.253.135.82 - - [11/Sep/2021:11:31:25 +0800] "GET /xingrg/javascript/jquery-1.4.2.min.js HTTP/1.1" 304 -
120.253.135.82 - - [11/Sep/2021:11:31:25 +0800] "GET /xingrg/javascript/jquery.utils.js HTTP/1.1" 304 -
120.253.135.82 - - [11/Sep/2021:11:31:25 +0800] "GET /xingrg/css/form.css HTTP/1.1" 304 -
120.253.135.82 - - [11/Sep/2021:11:31:25 +0800] "GET /xingrg/javascript/jquery_easy_ui/jquery.easyui.min.js HTTP/1.1" 304 -
120.253.135.82 - - [11/Sep/2021:11:31:25 +0800] "GET /xingrg/javascript/jquery_easy_ui/easyui-lang-zh_CN.js HTTP/1.1" 304 -
120.253.135.82 - - [11/Sep/2021:11:31:25 +0800] "GET /xingrg/javascript/jquery.form.js HTTP/1.1" 304 -
120.253.135.82 - - [11/Sep/2021:11:31:25 +0800] "GET /xingrg/javascript/jquery.timers.js HTTP/1.1" 304 -
120.253.135.82 - - [11/Sep/2021:11:31:25 +0800] "GET /xingrg/images/blue/navBackgound.jpg HTTP/1.1" 304 -
120.253.135.82 - - [11/Sep/2021:11:31:25 +0800] "GET /xingrg/javascript/jquery_easy_ui/themes/icons/settle_new.png HTTP/1.1" 304 -
120.253.135.82 - - [11/Sep/2021:11:31:25 +0800] "GET /xingrg/javascript/jquery_easy_ui/themes/default/images/tabs_leftarrow.png HTTP/1.1" 304 -
120.253.135.82 - - [11/Sep/2021:11:31:25 +0800] "POST /xingrg/all/common/load_tree.html?tree=area_rest_tree_json&manage=1 HTTP/1.1" 200 344
120.253.135.82 - - [11/Sep/2021:11:31:25 +0800] "GET /xingrg/images/blue/pingpu.png HTTP/1.1" 304 -
120.253.135.82 - - [11/Sep/2021:11:31:25 +0800] "GET /xingrg/javascript/jquery_easy_ui/themes/default/images/panel_tool_collapse.gif HTTP/1.1" 304 -
120.253.135.82 - - [11/Sep/2021:11:31:25 +0800] "GET /xingrg/javascript/jquery_easy_ui/themes/default/images/tabs_rightarrow.png HTTP/1.1" 304 -
120.253.135.82 - - [11/Sep/2021:11:31:25 +0800] "GET /xingrg/javascript/jquery_easy_ui/themes/default/images/tree_arrows.gif HTTP/1.1" 304 -
120.253.135.82 - - [11/Sep/2021:11:31:25 +0800] "GET /favicon.ico HTTP/1.1" 404 -
120.253.135.82 - - [11/Sep/2021:11:31:25 +0800] "GET /xingrg/check_reg.html?_=1631330857537 HTTP/1.1" 200 22
120.253.135.82 - - [11/Sep/2021:11:31:25 +0800] "GET /xingrg/all/function/internal_message.html?_=1631330857537&CODE_STATE=count HTTP/1.1" 200 11
120.253.135.82 - - [11/Sep/2021:11:31:25 +0800] "POST /xingrg/load_menu.html HTTP/1.1" 200 6743
120.253.135.82 - - [11/Sep/2021:11:31:25 +0800] "GET /xingrg/javascript/jquery_easy_ui/themes/icons/delivery_new.png HTTP/1.1" 304 -
120.253.135.82 - - [11/Sep/2021:11:31:25 +0800] "GET /xingrg/javascript/jquery_easy_ui/themes/icons/storage_new.png HTTP/1.1" 304 -
120.253.135.82 - - [11/Sep/2021:11:31:25 +0800] "GET /xingrg/javascript/jquery_easy_ui/themes/icons/forms_new.png HTTP/1.1" 304 -
120.253.135.82 - - [11/Sep/2021:11:31:25 +0800] "GET /xingrg/javascript/jquery_easy_ui/themes/default/images/tree_folder.gif HTTP/1.1" 304 -
120.253.135.82 - - [11/Sep/2021:11:31:25 +0800] "GET /xingrg/javascript/jquery_easy_ui/themes/default/images/tree_file.gif HTTP/1.1" 304 -
120.253.135.82 - - [11/Sep/2021:11:31:25 +0800] "GET /xingrg/javascript/jquery_easy_ui/themes/icons/search_new.png HTTP/1.1" 304 -
120.253.135.82 - - [11/Sep/2021:11:31:25 +0800] "GET /xingrg/javascript/jquery_easy_ui/themes/default/images/tree_folder_open.gif HTTP/1.1" 304 -
120.253.135.82 - - [11/Sep/2021:11:31:27 +0800] "GET /xingrg/javascript/jquery_easy_ui/themes/default/images/tabs_close.gif HTTP/1.1" 304 -
120.253.135.82 - - [11/Sep/2021:11:31:27 +0800] "GET /xingrg/kc/report/report_main.html HTTP/1.1" 200 9370
