116.228.172.94 - - [11/Sep/2021:09:49:13 +0800] "GET /xingrg/javascript/jquery.utils.js HTTP/1.1" 200 11805
116.228.172.94 - - [11/Sep/2021:09:49:13 +0800] "GET /xingrg/javascript/jquery.timers.js HTTP/1.1" 200 3532
116.228.172.94 - - [11/Sep/2021:09:49:13 +0800] "GET /favicon.ico HTTP/1.1" 404 -
116.228.172.94 - - [11/Sep/2021:09:49:13 +0800] "GET /xingrg/javascript/jquery_easy_ui/themes/icons/settle_new.png HTTP/1.1" 200 826
116.228.172.94 - - [11/Sep/2021:09:49:13 +0800] "GET /xingrg/images/blue/navBackgound.jpg HTTP/1.1" 200 12378
116.228.172.94 - - [11/Sep/2021:09:49:13 +0800] "POST /xingrg/all/common/load_tree.html?tree=area_rest_tree_json&manage=1 HTTP/1.1" 200 348
116.228.172.94 - - [11/Sep/2021:09:49:14 +0800] "GET /xingrg/all/function/internal_message.html?_=1631324955217&CODE_STATE=count HTTP/1.1" 200 11
116.228.172.94 - - [11/Sep/2021:09:49:14 +0800] "GET /xingrg/check_reg.html?_=1631324955218 HTTP/1.1" 200 22
116.228.172.94 - - [11/Sep/2021:09:49:14 +0800] "GET /xingrg/images/blue/pingpu.png HTTP/1.1" 200 231
116.228.172.94 - - [11/Sep/2021:09:49:14 +0800] "GET /xingrg/javascript/jquery_easy_ui/themes/default/images/tabs_rightarrow.png HTTP/1.1" 200 395
116.228.172.94 - - [11/Sep/2021:09:49:14 +0800] "GET /xingrg/javascript/jquery_easy_ui/themes/default/images/tabs_leftarrow.png HTTP/1.1" 200 389
116.228.172.94 - - [11/Sep/2021:09:49:14 +0800] "GET /xingrg/javascript/jquery_easy_ui/themes/default/images/panel_tool_expand.gif HTTP/1.1" 200 247
116.228.172.94 - - [11/Sep/2021:09:49:14 +0800] "GET /xingrg/javascript/jquery_easy_ui/themes/default/images/panel_tool_collapse.gif HTTP/1.1" 200 246
116.228.172.94 - - [11/Sep/2021:09:49:14 +0800] "POST /xingrg/load_menu.html HTTP/1.1" 200 9959
116.228.172.94 - - [11/Sep/2021:09:49:14 +0800] "GET /xingrg/javascript/jquery_easy_ui/themes/default/images/tree_arrows.gif HTTP/1.1" 200 1043
116.228.172.94 - - [11/Sep/2021:09:49:14 +0800] "GET /xingrg/javascript/jquery_easy_ui/themes/default/images/tree_folder_open.gif HTTP/1.1" 200 956
116.228.172.94 - - [11/Sep/2021:09:49:14 +0800] "GET /xingrg/javascript/jquery_easy_ui/themes/icons/search_new.png HTTP/1.1" 200 586
116.228.172.94 - - [11/Sep/2021:09:49:14 +0800] "GET /xingrg/javascript/jquery_easy_ui/themes/default/images/tree_folder.gif HTTP/1.1" 200 952
116.228.172.94 - - [11/Sep/2021:09:49:14 +0800] "GET /xingrg/javascript/jquery_easy_ui/themes/icons/storage_new.png HTTP/1.1" 200 853
116.228.172.94 - - [11/Sep/2021:09:49:14 +0800] "GET /xingrg/javascript/jquery_easy_ui/themes/icons/checkout_new.png HTTP/1.1" 200 744
116.228.172.94 - - [11/Sep/2021:09:49:14 +0800] "GET /xingrg/javascript/jquery_easy_ui/themes/icons/forms_new.png HTTP/1.1" 200 350
116.228.172.94 - - [11/Sep/2021:09:49:14 +0800] "GET /xingrg/javascript/jquery_easy_ui/themes/icons/setting_new.png HTTP/1.1" 200 450
116.228.172.94 - - [11/Sep/2021:09:49:14 +0800] "GET /xingrg/javascript/jquery_easy_ui/themes/default/images/tree_file.gif HTTP/1.1" 200 118
116.228.172.94 - - [11/Sep/2021:09:49:14 +0800] "GET /xingrg/javascript/jquery_easy_ui/themes/icons/systemset_new.png HTTP/1.1" 200 606
116.228.172.94 - - [11/Sep/2021:09:49:14 +0800] "GET /xingrg/javascript/jquery_easy_ui/themes/icons/area.png HTTP/1.1" 200 262
116.228.172.94 - - [11/Sep/2021:09:49:14 +0800] "GET /xingrg/javascript/jquery_easy_ui/themes/icons/rest.png HTTP/1.1" 200 695
116.238.194.18 - - [11/Sep/2021:09:49:16 +0800] "GET /xingrg/kc/buy/cgsh_order_operate.html?command=get_materiel&rest_code=00150&code=00101008236&supplier_code=00100007&order_time=2021-09-11 HTTP/1.1" 200 416
116.228.172.94 - - [11/Sep/2021:09:49:23 +0800] "GET /xingrg/kc/buy/buy_main.html HTTP/1.1" 200 12412
116.228.172.94 - - [11/Sep/2021:09:49:23 +0800] "GET /xingrg/javascript/jquery_easy_ui/themes/default/images/tabs_close.gif HTTP/1.1" 200 829
116.228.172.94 - - [11/Sep/2021:09:49:23 +0800] "GET /xingrg/css/new_ie.css HTTP/1.1" 404 1036
116.228.172.94 - - [11/Sep/2021:09:49:23 +0800] "GET /xingrg/javascript/pic_change.js HTTP/1.1" 200 4739
116.228.172.94 - - [11/Sep/2021:09:49:23 +0800] "GET /xingrg/css/blue.css HTTP/1.1" 200 15949
116.228.172.94 - - [11/Sep/2021:09:49:23 +0800] "GET /xingrg/javascript/ToolTips.js HTTP/1.1" 200 5615
116.228.172.94 - - [11/Sep/2021:09:49:23 +0800] "GET /xingrg/javascript/jquery_ui/jquery-ui.min.js HTTP/1.1" 200 186181
116.228.172.94 - - [11/Sep/2021:09:49:23 +0800] "GET /xingrg/javascript/myfunction.js HTTP/1.1" 200 24559
116.228.172.94 - - [11/Sep/2021:09:49:23 +0800] "GET /xingrg/javascript/jquery_ui/themes/humanity/humanity.css HTTP/1.1" 200 27801
116.228.172.94 - - [11/Sep/2021:09:49:23 +0800] "GET /xingrg/images/blue/button/cgxqd.gif HTTP/1.1" 200 2619
116.228.172.94 - - [11/Sep/2021:09:49:23 +0800] "GET /xingrg/images/blue/button/cgydd.gif HTTP/1.1" 200 2712
116.228.172.94 - - [11/Sep/2021:09:49:23 +0800] "GET /xingrg/images/blue/button/cgshd.gif HTTP/1.1" 200 2618
116.228.172.94 - - [11/Sep/2021:09:49:23 +0800] "GET /xingrg/images/blue/button/cgfkd.gif HTTP/1.1" 200 2075
116.228.172.94 - - [11/Sep/2021:09:49:23 +0800] "GET /xingrg/images/blue/button/kc.gif HTTP/1.1" 200 2160
116.228.172.94 - - [11/Sep/2021:09:49:23 +0800] "GET /xingrg/images/blue/button/ckthd.gif HTTP/1.1" 200 2045
116.228.172.94 - - [11/Sep/2021:09:49:23 +0800] "GET /xingrg/images/blue/pic_form2.gif HTTP/1.1" 200 1853
116.233.72.251 - - [11/Sep/2021:09:49:23 +0800] "GET /xingrg/all/function/internal_message.html?_=1631324962056&CODE_STATE=getMsg HTTP/1.1" 200 27
116.228.172.94 - - [11/Sep/2021:09:49:23 +0800] "GET /xingrg/images/blue/bg_dotted.jpg HTTP/1.1" 200 319
116.228.172.94 - - [11/Sep/2021:09:49:23 +0800] "GET /xingrg/javascript/jquery_ui/themes/humanity/images/ui-bg_inset-soft_100_f4f0ec_1x100.png HTTP/1.1" 200 141
116.228.172.94 - - [11/Sep/2021:09:49:23 +0800] "GET /xingrg/images/blue/button/right_ah.jpg HTTP/1.1" 200 1744
116.228.172.94 - - [11/Sep/2021:09:49:23 +0800] "GET /xingrg/images/blue/button/down_ah.jpg HTTP/1.1" 200 1732
116.228.172.94 - - [11/Sep/2021:09:49:23 +0800] "GET /xingrg/javascript/jquery_ui/themes/humanity/images/ui-iconsnew.jpg HTTP/1.1" 200 337
116.228.172.94 - - [11/Sep/2021:09:49:23 +0800] "GET /xingrg/javascript/jquery_ui/themes/humanity/images/ui-icons_ffffff_256x240.png HTTP/1.1" 200 4369
116.228.172.94 - - [11/Sep/2021:09:49:23 +0800] "GET /xingrg/javascript/jquery_ui/themes/humanity/images/ui-icons_c47a23_256x240.png HTTP/1.1" 200 5355
116.228.172.94 - - [11/Sep/2021:09:49:23 +0800] "GET /xingrg/javascript/jquery_ui/themes/humanity/images/ui-bg_glass_70_ede4d4_1x400.png HTTP/1.1" 200 161
116.228.172.94 - - [11/Sep/2021:09:49:24 +0800] "GET /xingrg/images/yd/bt.gif HTTP/1.1" 404 1040
116.228.172.94 - - [11/Sep/2021:09:49:25 +0800] "GET /xingrg/kc/buy/cgsh_order_list.html HTTP/1.1" 200 47692
116.228.172.94 - - [11/Sep/2021:09:49:25 +0800] "GET /xingrg/css/base.css HTTP/1.1" 200 2811
116.228.172.94 - - [11/Sep/2021:09:49:25 +0800] "GET /xingrg/css/site.css HTTP/1.1" 200 7541
116.228.172.94 - - [11/Sep/2021:09:49:25 +0800] "GET /xingrg/javascript/jquery_tools/datebox.css HTTP/1.1" 200 2597
116.228.172.94 - - [11/Sep/2021:09:49:25 +0800] "GET /xingrg/javascript/easyui/themes/icon.css HTTP/1.1" 200 4483
116.228.172.94 - - [11/Sep/2021:09:49:25 +0800] "GET /xingrg/javascript/auto/jquery.autocomplete.css HTTP/1.1" 200 587
116.228.172.94 - - [11/Sep/2021:09:49:25 +0800] "GET /xingrg/javascript/jquery_tools/fix.css HTTP/1.1" 200 1702
116.228.172.94 - - [11/Sep/2021:09:49:25 +0800] "GET /xingrg/javascript/jquery_tools/table.css HTTP/1.1" 200 1032
116.228.172.94 - - [11/Sep/2021:09:49:25 +0800] "GET /xingrg/javascript/easyui/themes/default/easyui.css HTTP/1.1" 200 30432
116.228.172.94 - - [11/Sep/2021:09:49:25 +0800] "GET /xingrg/javascript/jquery_tools/jquery.tools.min.js HTTP/1.1" 200 138801
116.228.172.94 - - [11/Sep/2021:09:49:25 +0800] "GET /xingrg/javascript/jquery_tools/jquery.tools.hotkey.js HTTP/1.1" 200 3242
116.228.172.94 - - [11/Sep/2021:09:49:25 +0800] "GET /xingrg/javascript/jquery_tools/jquery.tools.table.js HTTP/1.1" 200 6994
116.228.172.94 - - [11/Sep/2021:09:49:25 +0800] "GET /xingrg/javascript/jquery_tools/jquery.tools.extend.js HTTP/1.1" 200 15385
116.228.172.94 - - [11/Sep/2021:09:49:25 +0800] "GET /xingrg/javascript/jquery_tools/list_manager.js HTTP/1.1" 200 3652
116.228.172.94 - - [11/Sep/2021:09:49:25 +0800] "GET /xingrg/javascript/easyui/easyloader.js HTTP/1.1" 200 5975
116.228.172.94 - - [11/Sep/2021:09:49:25 +0800] "GET /xingrg/javascript/jquery.cookie.js HTTP/1.1" 200 5513
116.228.172.94 - - [11/Sep/2021:09:49:25 +0800] "GET /xingrg/javascript/print/LodopFuncs.js HTTP/1.1" 200 5121
116.228.172.94 - - [11/Sep/2021:09:49:25 +0800] "GET /xingrg/javascript/auto/jquery.autocomplete.js HTTP/1.1" 200 21624
116.228.172.94 - - [11/Sep/2021:09:49:26 +0800] "GET /xingrg/javascript/easyui/themes/icons/edit_add_new.png HTTP/1.1" 200 2997
116.228.172.94 - - [11/Sep/2021:09:49:26 +0800] "GET /xingrg/javascript/easyui/themes/icons/import_new.png HTTP/1.1" 200 1247
116.228.172.94 - - [11/Sep/2021:09:49:26 +0800] "GET /xingrg/javascript/easyui/themes/icons/field_new.png HTTP/1.1" 200 1097
116.228.172.94 - - [11/Sep/2021:09:49:26 +0800] "GET /xingrg/javascript/easyui/themes/icons/cance_new.png HTTP/1.1" 200 3986
116.228.172.94 - - [11/Sep/2021:09:49:26 +0800] "GET /xingrg/javascript/easyui/themes/icons/check_new.png HTTP/1.1" 200 3224
116.228.172.94 - - [11/Sep/2021:09:49:26 +0800] "GET /xingrg/javascript/easyui/plugins/jquery.parser.js HTTP/1.1" 200 1142
116.228.172.94 - - [11/Sep/2021:09:49:26 +0800] "GET /xingrg/images/control/ajaxLoader.gif HTTP/1.1" 200 4659
116.228.172.94 - - [11/Sep/2021:09:49:27 +0800] "POST /xingrg/kc/buy/cgsh_list_operate.html HTTP/1.1" 200 876
116.238.194.18 - - [11/Sep/2021:09:49:29 +0800] "GET /xingrg/check_reg.html?_=1631324940121 HTTP/1.1" 200 22
116.228.172.94 - - [11/Sep/2021:09:49:31 +0800] "GET /xingrg/javascript/easyui/themes/default/images/button_plain_hover.png HTTP/1.1" 200 144
116.238.194.18 - - [11/Sep/2021:09:49:31 +0800] "GET /xingrg/all/function/internal_message.html?_=1631324969354&CODE_STATE=getMsg HTTP/1.1" 200 27
116.228.172.94 - - [11/Sep/2021:09:49:32 +0800] "GET /xingrg/kc/buy/cgsh_order_add.html HTTP/1.1" 200 62476
116.228.172.94 - - [11/Sep/2021:09:49:32 +0800] "GET /xingrg/javascript/convert.js HTTP/1.1" 200 1239
116.228.172.94 - - [11/Sep/2021:09:49:32 +0800] "GET /xingrg/javascript/jquery_tools/order_manager.js HTTP/1.1" 200 11183
116.228.172.94 - - [11/Sep/2021:09:49:32 +0800] "GET /xingrg/javascript/json2.js HTTP/1.1" 200 11259
116.228.172.94 - - [11/Sep/2021:09:49:32 +0800] "GET /xingrg/javascript/print/kc_print.js HTTP/1.1" 200 11415
116.228.172.94 - - [11/Sep/2021:09:49:32 +0800] "GET /xingrg/words/20210910173238_words.js HTTP/1.1" 200 847770
116.228.172.94 - - [11/Sep/2021:09:49:32 +0800] "GET /xingrg/javascript/easyui/themes/icons/copy_new.png HTTP/1.1" 200 815
116.228.172.94 - - [11/Sep/2021:09:49:32 +0800] "GET /xingrg/javascript/easyui/themes/icons/template_new.png HTTP/1.1" 200 3956
116.228.172.94 - - [11/Sep/2021:09:49:32 +0800] "GET /xingrg/javascript/easyui/themes/icons/ok.png HTTP/1.1" 200 883
116.228.172.94 - - [11/Sep/2021:09:49:32 +0800] "GET /xingrg/javascript/easyui/themes/icons/print.png HTTP/1.1" 200 1057
116.228.172.94 - - [11/Sep/2021:09:49:32 +0800] "GET /xingrg/javascript/easyui/themes/default/images/menu_downarrow.png HTTP/1.1" 200 173
116.228.172.94 - - [11/Sep/2021:09:49:32 +0800] "GET /xingrg/javascript/easyui/themes/icons/cancel.png HTTP/1.1" 200 1133
222.69.131.118 - - [11/Sep/2021:09:49:32 +0800] "GET /xingrg/check_reg.html?_=1631324971186 HTTP/1.1" 200 22
222.69.131.118 - - [11/Sep/2021:09:49:32 +0800] "GET /xingrg/all/function/internal_message.html?_=1631324971188&CODE_STATE=getMsg HTTP/1.1" 200 27
116.228.172.94 - - [11/Sep/2021:09:49:32 +0800] "POST /xingrg/kc/buy/cgsh_order_operate.html HTTP/1.1" 200 8245
116.228.172.94 - - [11/Sep/2021:09:49:32 +0800] "GET /xingrg/all/common/auto_word.html?type=employee&rest_code=00153 HTTP/1.1" 200 47
116.228.172.94 - - [11/Sep/2021:09:49:32 +0800] "GET /xingrg/javascript/easyui/themes/default/validatebox.css HTTP/1.1" 404 1104
116.228.172.94 - - [11/Sep/2021:09:49:32 +0800] "GET /xingrg/javascript/easyui/plugins/jquery.validatebox.js HTTP/1.1" 200 6103
116.228.172.94 - - [11/Sep/2021:09:49:32 +0800] "GET /xingrg/all/common/auto_word.html?type=employee&rest_code=00153 HTTP/1.1" 200 47
116.228.172.94 - - [11/Sep/2021:09:49:32 +0800] "GET /xingrg/javascript/easyui/themes/icons/edit_remove.png HTTP/1.1" 200 625
116.228.172.94 - - [11/Sep/2021:09:49:32 +0800] "GET /xingrg/javascript/easyui/plugins/jquery.numberbox.js HTTP/1.1" 200 5213
116.228.172.94 - - [11/Sep/2021:09:49:33 +0800] "GET /xingrg/javascript/easyui/plugins/jquery.draggable.js HTTP/1.1" 200 6121
116.228.172.94 - - [11/Sep/2021:09:49:33 +0800] "GET /xingrg/css/images/panel_loading.gif HTTP/1.1" 200 1737
116.228.172.94 - - [11/Sep/2021:09:49:33 +0800] "GET /xingrg/javascript/easyui/plugins/jquery.droppable.js HTTP/1.1" 200 1167
116.228.172.94 - - [11/Sep/2021:09:49:33 +0800] "GET /xingrg/javascript/easyui/themes/default/tree.css HTTP/1.1" 404 1090
116.228.172.94 - - [11/Sep/2021:09:49:33 +0800] "GET /xingrg/javascript/easyui/plugins/jquery.tree.js HTTP/1.1" 200 20874
116.228.172.94 - - [11/Sep/2021:09:49:33 +0800] "POST /xingrg/all/common/load_tree.html?tree=supplier_tree_json&isDelete=1 HTTP/1.1" 200 57687
116.228.172.94 - - [11/Sep/2021:09:49:35 +0800] "GET /xingrg/javascript/easyui/themes/default/images/tree_arrows.gif HTTP/1.1" 200 617
116.228.172.94 - - [11/Sep/2021:09:49:35 +0800] "GET /xingrg/javascript/easyui/themes/default/images/tree_folder_open.gif HTTP/1.1" 200 956
116.228.172.94 - - [11/Sep/2021:09:49:35 +0800] "GET /xingrg/javascript/easyui/themes/default/images/tree_folder.gif HTTP/1.1" 200 952
116.228.172.94 - - [11/Sep/2021:09:49:35 +0800] "GET /xingrg/javascript/easyui/themes/default/images/tree_file.gif HTTP/1.1" 200 118
116.238.194.18 - - [11/Sep/2021:09:49:37 +0800] "POST /xingrg/kc/buy/cgsh_order_operate.html HTTP/1.1" 200 37
116.238.168.124 - - [11/Sep/2021:09:49:37 +0800] "GET /xingrg/check_reg.html?_=1631324955282 HTTP/1.1" 200 22
116.238.194.18 - - [11/Sep/2021:09:49:38 +0800] "POST /xingrg/kc/buy/cgsh_order_operate.html HTTP/1.1" 200 38739
222.70.246.151 - - [11/Sep/2021:09:49:39 +0800] "GET /xingrg/all/function/internal_message.html?_=1631324980212&CODE_STATE=getMsg HTTP/1.1" 200 27
116.238.194.18 - - [11/Sep/2021:09:49:41 +0800] "GET /xingrg/all/function/internal_message.html?_=1631324952518&CODE_STATE=getMsg HTTP/1.1" 200 27
180.157.254.90 - - [11/Sep/2021:09:49:47 +0800] "GET /xingrg/all/function/internal_message.html?_=1631324985726&CODE_STATE=getMsg HTTP/1.1" 200 27
180.169.147.146 - - [11/Sep/2021:09:49:47 +0800] "GET /xingrg/all/function/internal_message.html?_=1631324981491&CODE_STATE=getMsg HTTP/1.1" 200 27
116.230.105.26 - - [11/Sep/2021:09:49:50 +0800] "GET /xingrg/all/function/internal_message.html?_=1631324987725&CODE_STATE=getMsg HTTP/1.1" 200 27
116.238.168.124 - - [11/Sep/2021:09:49:52 +0800] "GET /xingrg/all/function/internal_message.html?_=1631324969661&CODE_STATE=getMsg HTTP/1.1" 200 27
180.169.147.146 - - [11/Sep/2021:09:50:01 +0800] "GET /xingrg/all/function/internal_message.html?_=1631325000141&CODE_STATE=getMsg HTTP/1.1" 200 27
222.70.246.151 - - [11/Sep/2021:09:50:05 +0800] "GET /xingrg/all/function/internal_message.html?_=1631325025342&CODE_STATE=getMsg HTTP/1.1" 200 27
101.83.145.79 - - [11/Sep/2021:09:50:06 +0800] "GET /xingrg/all/function/internal_message.html?_=1631325004937&CODE_STATE=getMsg HTTP/1.1" 200 27
116.238.168.124 - - [11/Sep/2021:09:50:11 +0800] "POST /xingrg/kc/buy/cgsh_list_operate.html HTTP/1.1" 200 2386
116.228.172.94 - - [11/Sep/2021:09:50:14 +0800] "GET /xingrg/all/function/internal_message.html?_=1631325015223&CODE_STATE=getMsg HTTP/1.1" 200 27
116.238.168.124 - - [11/Sep/2021:09:50:16 +0800] "POST /xingrg/kc/buy/cgsh_list_operate.html HTTP/1.1" 200 562
116.238.168.124 - - [11/Sep/2021:09:50:21 +0800] "GET /xingrg/kc/buy/cgsh_order_info.html?code=212021091104518 HTTP/1.1" 200 63394
116.238.168.124 - - [11/Sep/2021:09:50:22 +0800] "GET /xingrg/javascript/easyui/themes/default/validatebox.css HTTP/1.1" 404 1104
116.238.168.124 - - [11/Sep/2021:09:50:22 +0800] "POST /xingrg/kc/buy/cgsh_order_operate.html HTTP/1.1" 200 18613
116.233.72.251 - - [11/Sep/2021:09:50:23 +0800] "GET /xingrg/all/function/internal_message.html?_=1631325022058&CODE_STATE=getMsg HTTP/1.1" 200 27
116.228.172.94 - - [11/Sep/2021:09:50:26 +0800] "GET /xingrg/javascript/auto/indicator.gif HTTP/1.1" 404 1066
58.40.7.146 - - [11/Sep/2021:09:50:29 +0800] "GET /xingrg/check_reg.html?_=1631325027676 HTTP/1.1" 302 -
116.238.194.18 - - [11/Sep/2021:09:50:31 +0800] "GET /xingrg/all/function/internal_message.html?_=1631325029326&CODE_STATE=getMsg HTTP/1.1" 200 27
222.69.131.118 - - [11/Sep/2021:09:50:32 +0800] "GET /xingrg/all/function/internal_message.html?_=1631325031175&CODE_STATE=getMsg HTTP/1.1" 200 27
222.70.246.151 - - [11/Sep/2021:09:50:39 +0800] "GET /xingrg/all/function/internal_message.html?_=1631325040212&CODE_STATE=getMsg HTTP/1.1" 200 27
116.238.194.18 - - [11/Sep/2021:09:50:41 +0800] "GET /xingrg/all/function/internal_message.html?_=1631325012530&CODE_STATE=getMsg HTTP/1.1" 200 27
116.238.194.18 - - [11/Sep/2021:09:50:43 +0800] "GET /xingrg/check_reg.html?_=1631325041660 HTTP/1.1" 200 22
180.157.254.90 - - [11/Sep/2021:09:50:47 +0800] "GET /xingrg/all/function/internal_message.html?_=1631325045724&CODE_STATE=getMsg HTTP/1.1" 200 27
180.169.147.146 - - [11/Sep/2021:09:50:47 +0800] "GET /xingrg/all/function/internal_message.html?_=1631325041521&CODE_STATE=getMsg HTTP/1.1" 200 27
180.169.147.146 - - [11/Sep/2021:09:50:47 +0800] "GET /xingrg/check_reg.html?_=1631325041525 HTTP/1.1" 200 22
116.230.105.26 - - [11/Sep/2021:09:50:50 +0800] "GET /xingrg/all/function/internal_message.html?_=1631325047723&CODE_STATE=getMsg HTTP/1.1" 200 27
116.238.168.124 - - [11/Sep/2021:09:50:52 +0800] "GET /xingrg/all/function/internal_message.html?_=1631325029789&CODE_STATE=getMsg HTTP/1.1" 200 27
180.169.147.146 - - [11/Sep/2021:09:51:01 +0800] "GET /xingrg/all/function/internal_message.html?_=1631325060145&CODE_STATE=getMsg HTTP/1.1" 200 27
222.70.246.151 - - [11/Sep/2021:09:51:05 +0800] "GET /xingrg/all/function/internal_message.html?_=1631325085355&CODE_STATE=getMsg HTTP/1.1" 200 27
101.83.145.79 - - [11/Sep/2021:09:51:06 +0800] "GET /xingrg/all/function/internal_message.html?_=1631325064908&CODE_STATE=getMsg HTTP/1.1" 200 27
138.197.68.184 - - [11/Sep/2021:09:51:07 +0800] "POST /json_rpc HTTP/1.0" 404 -
116.228.172.94 - - [11/Sep/2021:09:51:14 +0800] "GET /xingrg/all/function/internal_message.html?_=1631325075234&CODE_STATE=getMsg HTTP/1.1" 200 27
116.228.172.94 - - [11/Sep/2021:09:51:18 +0800] "GET /xingrg/javascript/jquery_tools/images/prev.gif HTTP/1.1" 404 1086
116.228.172.94 - - [11/Sep/2021:09:51:18 +0800] "GET /xingrg/javascript/jquery_tools/images/next.gif HTTP/1.1" 404 1086
116.233.72.251 - - [11/Sep/2021:09:51:23 +0800] "GET /xingrg/all/function/internal_message.html?_=1631325082060&CODE_STATE=getMsg HTTP/1.1" 200 27
116.228.172.94 - - [11/Sep/2021:09:51:26 +0800] "POST /xingrg/all/common/load_combo.html?type=employee HTTP/1.1" 200 95
116.238.194.18 - - [11/Sep/2021:09:51:31 +0800] "GET /xingrg/all/function/internal_message.html?_=1631325089308&CODE_STATE=getMsg HTTP/1.1" 200 27
222.69.131.118 - - [11/Sep/2021:09:51:32 +0800] "GET /xingrg/all/function/internal_message.html?_=1631325091176&CODE_STATE=getMsg HTTP/1.1" 200 27
116.228.172.94 - - [11/Sep/2021:09:51:38 +0800] "GET /xingrg/kc/buy/cgsh_order_operate.html?command=get_materiel&rest_code=00153&code=00102010104&supplier_code=00100219&order_time=2021-09-11 HTTP/1.1" 200 408
222.70.246.151 - - [11/Sep/2021:09:51:39 +0800] "GET /xingrg/all/function/internal_message.html?_=1631325100211&CODE_STATE=getMsg HTTP/1.1" 200 27
222.70.246.151 - - [11/Sep/2021:09:51:39 +0800] "GET /xingrg/check_reg.html?_=1631325100212 HTTP/1.1" 200 22
116.238.194.18 - - [11/Sep/2021:09:51:41 +0800] "GET /xingrg/all/function/internal_message.html?_=1631325072549&CODE_STATE=getMsg HTTP/1.1" 200 27
180.157.254.90 - - [11/Sep/2021:09:51:47 +0800] "GET /xingrg/all/function/internal_message.html?_=1631325105739&CODE_STATE=getMsg HTTP/1.1" 200 27
180.169.147.146 - - [11/Sep/2021:09:51:47 +0800] "GET /xingrg/all/function/internal_message.html?_=1631325101527&CODE_STATE=getMsg HTTP/1.1" 200 27
116.230.105.26 - - [11/Sep/2021:09:51:50 +0800] "GET /xingrg/all/function/internal_message.html?_=1631325107723&CODE_STATE=getMsg HTTP/1.1" 200 27
116.238.168.124 - - [11/Sep/2021:09:51:52 +0800] "GET /xingrg/all/function/internal_message.html?_=1631325089797&CODE_STATE=getMsg HTTP/1.1" 200 27
116.238.168.124 - - [11/Sep/2021:09:51:55 +0800] "POST /xingrg/kc/buy/cgsh_list_operate.html HTTP/1.1" 200 2386
116.238.168.124 - - [11/Sep/2021:09:51:55 +0800] "GET /xingrg/kc/buy/cgsh_order_info.html?code=212021091104510 HTTP/1.1" 200 63394
116.238.168.124 - - [11/Sep/2021:09:51:56 +0800] "GET /xingrg/javascript/easyui/themes/default/validatebox.css HTTP/1.1" 404 1104
116.238.168.124 - - [11/Sep/2021:09:51:56 +0800] "POST /xingrg/kc/buy/cgsh_order_operate.html HTTP/1.1" 200 23377
180.169.147.146 - - [11/Sep/2021:09:52:01 +0800] "GET /xingrg/all/function/internal_message.html?_=1631325120152&CODE_STATE=getMsg HTTP/1.1" 200 27
116.228.172.94 - - [11/Sep/2021:09:52:02 +0800] "GET /xingrg/kc/buy/cgsh_order_operate.html?command=get_materiel&rest_code=00153&code=00102010240&supplier_code=00100219&order_time=2021-09-11 HTTP/1.1" 200 412
222.70.246.151 - - [11/Sep/2021:09:52:05 +0800] "GET /xingrg/all/function/internal_message.html?_=1631325145540&CODE_STATE=getMsg HTTP/1.1" 200 27
101.83.145.79 - - [11/Sep/2021:09:52:06 +0800] "GET /xingrg/all/function/internal_message.html?_=1631325124881&CODE_STATE=getMsg HTTP/1.1" 200 27
116.228.172.94 - - [11/Sep/2021:09:52:14 +0800] "GET /xingrg/all/function/internal_message.html?_=1631325135223&CODE_STATE=getMsg HTTP/1.1" 200 27
116.238.194.18 - - [11/Sep/2021:09:52:19 +0800] "POST /xingrg/kc/buy/cgsh_order_operate.html HTTP/1.1" 200 37
116.238.194.18 - - [11/Sep/2021:09:52:20 +0800] "POST /xingrg/kc/buy/cgsh_order_operate.html HTTP/1.1" 200 38153
116.238.194.18 - - [11/Sep/2021:09:52:21 +0800] "GET /xingrg/kc/buy/cgsh_order_list.html HTTP/1.1" 200 47694
116.228.172.94 - - [11/Sep/2021:09:52:23 +0800] "GET /xingrg/kc/buy/cgsh_order_operate.html?command=get_materiel&rest_code=00153&code=00102011077&supplier_code=00100219&order_time=2021-09-11 HTTP/1.1" 200 432
116.233.72.251 - - [11/Sep/2021:09:52:23 +0800] "GET /xingrg/all/function/internal_message.html?_=1631325142062&CODE_STATE=getMsg HTTP/1.1" 200 27
116.238.194.18 - - [11/Sep/2021:09:52:23 +0800] "POST /xingrg/kc/buy/cgsh_list_operate.html HTTP/1.1" 200 2053
116.238.194.18 - - [11/Sep/2021:09:52:26 +0800] "POST /xingrg/kc/buy/cgsh_list_operate.html HTTP/1.1" 200 563
116.238.194.18 - - [11/Sep/2021:09:52:28 +0800] "GET /xingrg/kc/buy/cgsh_order_info.html?code=212021091104519 HTTP/1.1" 200 63359
116.238.194.18 - - [11/Sep/2021:09:52:28 +0800] "GET /xingrg/javascript/easyui/themes/default/validatebox.css HTTP/1.1" 404 1104
116.238.194.18 - - [11/Sep/2021:09:52:29 +0800] "POST /xingrg/kc/buy/cgsh_order_operate.html HTTP/1.1" 200 38153
116.238.194.18 - - [11/Sep/2021:09:52:31 +0800] "GET /xingrg/all/function/internal_message.html?_=1631325149287&CODE_STATE=getMsg HTTP/1.1" 200 27
222.69.131.118 - - [11/Sep/2021:09:52:32 +0800] "GET /xingrg/all/function/internal_message.html?_=1631325151176&CODE_STATE=getMsg HTTP/1.1" 200 27
222.70.246.151 - - [11/Sep/2021:09:52:39 +0800] "GET /xingrg/all/function/internal_message.html?_=1631325160214&CODE_STATE=getMsg HTTP/1.1" 200 27
116.228.172.94 - - [11/Sep/2021:09:52:41 +0800] "GET /xingrg/kc/buy/cgsh_order_operate.html?command=get_materiel&rest_code=00153&code=00102002157&supplier_code=00100219&order_time=2021-09-11 HTTP/1.1" 200 413
116.238.194.18 - - [11/Sep/2021:09:52:41 +0800] "GET /xingrg/all/function/internal_message.html?_=1631325132558&CODE_STATE=getMsg HTTP/1.1" 200 27
116.238.194.18 - - [11/Sep/2021:09:52:46 +0800] "POST /xingrg/kc/buy/cgsh_order_operate.html HTTP/1.1" 200 37
180.157.254.90 - - [11/Sep/2021:09:52:47 +0800] "GET /xingrg/check_reg.html?_=1631325165736 HTTP/1.1" 200 22
180.157.254.90 - - [11/Sep/2021:09:52:47 +0800] "GET /xingrg/all/function/internal_message.html?_=1631325165737&CODE_STATE=getMsg HTTP/1.1" 200 27
180.169.147.146 - - [11/Sep/2021:09:52:47 +0800] "GET /xingrg/all/function/internal_message.html?_=1631325161516&CODE_STATE=getMsg HTTP/1.1" 200 27
116.238.194.18 - - [11/Sep/2021:09:52:49 +0800] "POST /xingrg/kc/buy/cgsh_order_operate.html HTTP/1.1" 200 12
116.238.194.18 - - [11/Sep/2021:09:52:50 +0800] "GET /xingrg/kc/buy/cgsh_order_info.html?code=212021091104519 HTTP/1.1" 200 58259
116.230.105.26 - - [11/Sep/2021:09:52:50 +0800] "GET /xingrg/all/function/internal_message.html?_=1631325167712&CODE_STATE=getMsg HTTP/1.1" 200 27
116.238.194.18 - - [11/Sep/2021:09:52:51 +0800] "GET /xingrg/javascript/easyui/themes/default/validatebox.css HTTP/1.1" 404 1104
116.238.194.18 - - [11/Sep/2021:09:52:52 +0800] "POST /xingrg/kc/buy/cgsh_order_operate.html HTTP/1.1" 200 36097
116.238.168.124 - - [11/Sep/2021:09:52:53 +0800] "GET /xingrg/all/function/internal_message.html?_=1631325150905&CODE_STATE=getMsg HTTP/1.1" 200 27
116.238.194.18 - - [11/Sep/2021:09:52:53 +0800] "GET /xingrg/kc/print/load_data.html?order_code=212021091104519&kc_code=cgsh&condition= HTTP/1.1" 200 14176
180.169.147.146 - - [11/Sep/2021:09:53:01 +0800] "GET /xingrg/all/function/internal_message.html?_=1631325180141&CODE_STATE=getMsg HTTP/1.1" 200 27
116.238.194.18 - - [11/Sep/2021:09:53:01 +0800] "POST /xingrg/kc/buy/cgsh_list_operate.html HTTP/1.1" 200 1690
116.238.194.18 - - [11/Sep/2021:09:53:02 +0800] "POST /xingrg/kc/buy/cgsh_list_operate.html HTTP/1.1" 200 587
116.238.194.18 - - [11/Sep/2021:09:53:03 +0800] "GET /xingrg/kc/buy/cgsh_order_info.html?code=212021091104516 HTTP/1.1" 200 63359
116.238.194.18 - - [11/Sep/2021:09:53:04 +0800] "GET /xingrg/javascript/easyui/themes/default/validatebox.css HTTP/1.1" 404 1104
116.238.194.18 - - [11/Sep/2021:09:53:04 +0800] "POST /xingrg/kc/buy/cgsh_order_operate.html HTTP/1.1" 200 6818
222.70.246.151 - - [11/Sep/2021:09:53:05 +0800] "GET /xingrg/all/function/internal_message.html?_=1631325205554&CODE_STATE=getMsg HTTP/1.1" 200 27
101.83.145.79 - - [11/Sep/2021:09:53:06 +0800] "GET /xingrg/all/function/internal_message.html?_=1631325184860&CODE_STATE=getMsg HTTP/1.1" 200 27
116.228.172.94 - - [11/Sep/2021:09:53:14 +0800] "GET /xingrg/all/function/internal_message.html?_=1631325195226&CODE_STATE=getMsg HTTP/1.1" 200 27
116.228.172.94 - - [11/Sep/2021:09:53:23 +0800] "GET /xingrg/kc/buy/cgsh_order_operate.html?command=get_materiel&rest_code=00153&code=00102010488&supplier_code=00100219&order_time=2021-09-11 HTTP/1.1" 200 416
116.233.72.251 - - [11/Sep/2021:09:53:23 +0800] "GET /xingrg/all/function/internal_message.html?_=1631325202064&CODE_STATE=getMsg HTTP/1.1" 200 27
116.233.72.251 - - [11/Sep/2021:09:53:23 +0800] "GET /xingrg/check_reg.html?_=1631325202065 HTTP/1.1" 200 22
116.238.194.18 - - [11/Sep/2021:09:53:30 +0800] "POST /xingrg/kc/buy/cgsh_order_operate.html HTTP/1.1" 200 37
222.69.131.118 - - [11/Sep/2021:09:53:32 +0800] "GET /xingrg/all/function/internal_message.html?_=1631325211190&CODE_STATE=getMsg HTTP/1.1" 200 27
116.228.172.94 - - [11/Sep/2021:09:53:34 +0800] "GET /xingrg/kc/buy/cgsh_order_operate.html?command=get_materiel&rest_code=00153&code=00102009513&supplier_code=00100219&order_time=2021-09-11 HTTP/1.1" 200 408
116.238.194.18 - - [11/Sep/2021:09:53:37 +0800] "POST /xingrg/kc/buy/cgsh_order_operate.html HTTP/1.1" 200 12
116.238.194.18 - - [11/Sep/2021:09:53:38 +0800] "GET /xingrg/kc/buy/cgsh_order_info.html?code=212021091104516 HTTP/1.1" 200 58259
116.238.194.18 - - [11/Sep/2021:09:53:39 +0800] "GET /xingrg/javascript/easyui/themes/default/validatebox.css HTTP/1.1" 404 1104
222.70.246.151 - - [11/Sep/2021:09:53:39 +0800] "GET /xingrg/all/function/internal_message.html?_=1631325220213&CODE_STATE=getMsg HTTP/1.1" 200 27
116.238.194.18 - - [11/Sep/2021:09:53:39 +0800] "POST /xingrg/kc/buy/cgsh_order_operate.html HTTP/1.1" 200 4763
101.83.145.79 - - [11/Sep/2021:09:53:41 +0800] "GET /xingrg/check_reg.html?_=1631325219785 HTTP/1.1" 200 22
116.238.194.18 - - [11/Sep/2021:09:53:41 +0800] "GET /xingrg/kc/print/load_data.html?order_code=212021091104516&kc_code=cgsh&condition= HTTP/1.1" 200 2299
116.238.194.18 - - [11/Sep/2021:09:53:41 +0800] "GET /xingrg/all/function/internal_message.html?_=1631325192577&CODE_STATE=getMsg HTTP/1.1" 200 27
180.157.254.90 - - [11/Sep/2021:09:53:47 +0800] "GET /xingrg/all/function/internal_message.html?_=1631325225735&CODE_STATE=getMsg HTTP/1.1" 200 27
180.169.147.146 - - [11/Sep/2021:09:53:47 +0800] "GET /xingrg/all/function/internal_message.html?_=1631325221514&CODE_STATE=getMsg HTTP/1.1" 200 27
58.37.227.186 - - [11/Sep/2021:09:53:48 +0800] "GET /xingrg/check_reg.html?_=1631325100480 HTTP/1.1" 302 -
58.37.227.186 - - [11/Sep/2021:09:53:48 +0800] "GET /xingrg/login.html HTTP/1.1" 200 7641
116.238.194.18 - - [11/Sep/2021:09:53:48 +0800] "GET /xingrg/kc/mdqp/psth_order_list1.html HTTP/1.1" 200 18009
116.238.194.18 - - [11/Sep/2021:09:53:49 +0800] "POST /xingrg/kc/mdqp/psth_list_operate.html HTTP/1.1" 200 1529
58.37.227.186 - - [11/Sep/2021:09:53:50 +0800] "GET /xingrg/kc/buy/buy_main.html HTTP/1.1" 302 -
58.37.227.186 - - [11/Sep/2021:09:53:50 +0800] "GET /xingrg/login.html HTTP/1.1" 200 7641
58.37.227.186 - - [11/Sep/2021:09:53:50 +0800] "GET /xingrg/login.html HTTP/1.1" 200 7641
116.238.194.18 - - [11/Sep/2021:09:53:50 +0800] "POST /xingrg/kc/mdqp/psth_list_operate.html HTTP/1.1" 200 202
58.37.227.186 - - [11/Sep/2021:09:53:50 +0800] "GET /favicon.ico HTTP/1.1" 404 -
116.230.105.26 - - [11/Sep/2021:09:53:50 +0800] "GET /xingrg/check_reg.html?_=1631325227724 HTTP/1.1" 200 22
116.230.105.26 - - [11/Sep/2021:09:53:50 +0800] "GET /xingrg/all/function/internal_message.html?_=1631325227723&CODE_STATE=getMsg HTTP/1.1" 200 27
58.37.227.186 - - [11/Sep/2021:09:53:51 +0800] "POST /xingrg/login.do HTTP/1.1" 302 -
116.238.194.18 - - [11/Sep/2021:09:53:51 +0800] "GET /xingrg/javascript/jquery_tools/jquery-1.4.2.min.js HTTP/1.1" 404 1094
116.238.194.18 - - [11/Sep/2021:09:53:51 +0800] "GET /xingrg/kc/mdqp/psth_order_info1.html?code=322021091100016 HTTP/1.1" 200 25905
58.37.227.186 - - [11/Sep/2021:09:53:51 +0800] "GET /xingrg/index.html?sysBaseUrl=http%3A%2F%2F180.169.147.146%3A18081%2Fxingrg%2F&costTime=114×tamp=1631325231554 HTTP/1.1" 200 17179
58.37.227.186 - - [11/Sep/2021:09:53:51 +0800] "POST /xingrg/all/common/load_tree.html?tree=area_rest_tree_json&manage=1 HTTP/1.1" 200 351
58.37.227.186 - - [11/Sep/2021:09:53:51 +0800] "GET /xingrg/check_reg.html?_=1631325103764 HTTP/1.1" 200 22
58.37.227.186 - - [11/Sep/2021:09:53:51 +0800] "GET /xingrg/all/function/internal_message.html?_=1631325103764&CODE_STATE=count HTTP/1.1" 200 11
58.37.227.186 - - [11/Sep/2021:09:53:51 +0800] "GET /favicon.ico HTTP/1.1" 404 -
58.37.227.186 - - [11/Sep/2021:09:53:51 +0800] "POST /xingrg/load_menu.html HTTP/1.1" 200 5138
116.238.194.18 - - [11/Sep/2021:09:53:51 +0800] "GET /xingrg/javascript/easyui/themes/default/validatebox.css HTTP/1.1" 404 1104
116.238.194.18 - - [11/Sep/2021:09:53:51 +0800] "POST /xingrg/kc/mdqp/psth_order_operate.html HTTP/1.1" 200 2178
58.37.227.186 - - [11/Sep/2021:09:53:52 +0800] "GET /xingrg/kc/buy/buy_main.html HTTP/1.1" 200 12412
58.37.227.186 - - [11/Sep/2021:09:53:52 +0800] "GET /xingrg/css/new_ie.css HTTP/1.1" 404 1036
58.37.227.186 - - [11/Sep/2021:09:53:53 +0800] "GET /xingrg/images/yd/bt.gif HTTP/1.1" 404 1040
116.238.168.124 - - [11/Sep/2021:09:53:53 +0800] "GET /xingrg/all/function/internal_message.html?_=1631325211259&CODE_STATE=getMsg HTTP/1.1" 200 27
58.37.227.186 - - [11/Sep/2021:09:53:54 +0800] "GET /xingrg/kc/buy/cgsh_order_list.html HTTP/1.1" 200 47694
116.238.194.18 - - [11/Sep/2021:09:53:54 +0800] "POST /xingrg/kc/mdqp/psth_order_operate.html HTTP/1.1" 200 37
58.37.227.186 - - [11/Sep/2021:09:53:55 +0800] "POST /xingrg/kc/buy/cgsh_list_operate.html HTTP/1.1" 200 876
116.238.194.18 - - [11/Sep/2021:09:53:58 +0800] "POST /xingrg/kc/mdqp/psth_order_operate.html HTTP/1.1" 200 2178
116.238.194.18 - - [11/Sep/2021:09:53:58 +0800] "POST /xingrg/kc/mdqp/psth_order_operate.html HTTP/1.1" 200 12
58.37.227.186 - - [11/Sep/2021:09:53:58 +0800] "GET /xingrg/javascript/jquery_tools/images/next.gif HTTP/1.1" 404 1086
58.37.227.186 - - [11/Sep/2021:09:53:58 +0800] "GET /xingrg/javascript/jquery_tools/images/prev.gif HTTP/1.1" 404 1086
116.238.194.18 - - [11/Sep/2021:09:54:00 +0800] "GET /xingrg/kc/mdqp/psth_order_info1.html?code=322021091100016 HTTP/1.1" 200 22427
116.238.194.18 - - [11/Sep/2021:09:54:00 +0800] "GET /xingrg/javascript/jquery_tools/jquery-1.4.2.min.js HTTP/1.1" 404 1094
116.238.194.18 - - [11/Sep/2021:09:54:01 +0800] "GET /xingrg/javascript/easyui/themes/default/validatebox.css HTTP/1.1" 404 1104
116.238.194.18 - - [11/Sep/2021:09:54:01 +0800] "POST /xingrg/kc/mdqp/psth_order_operate.html HTTP/1.1" 200 479
180.169.147.146 - - [11/Sep/2021:09:54:01 +0800] "GET /xingrg/all/function/internal_message.html?_=1631325240145&CODE_STATE=getMsg HTTP/1.1" 200 27
180.169.147.146 - - [11/Sep/2021:09:54:01 +0800] "GET /xingrg/check_reg.html?_=1631325240149 HTTP/1.1" 200 22
222.70.246.151 - - [11/Sep/2021:09:54:03 +0800] "GET /xingrg/check_reg.html?_=1631325263843 HTTP/1.1" 200 22
222.70.246.151 - - [11/Sep/2021:09:54:05 +0800] "GET /xingrg/all/function/internal_message.html?_=1631325265567&CODE_STATE=getMsg HTTP/1.1" 200 27
101.83.145.79 - - [11/Sep/2021:09:54:06 +0800] "GET /xingrg/all/function/internal_message.html?_=1631325244831&CODE_STATE=getMsg HTTP/1.1" 200 27
116.238.194.18 - - [11/Sep/2021:09:54:06 +0800] "GET /xingrg/kc/print/load_config.html?kc_code=psth HTTP/1.1" 200 2351
116.238.194.18 - - [11/Sep/2021:09:54:06 +0800] "GET /xingrg/kc/print/load_data.html?order_code=322021091100016&kc_code=psth HTTP/1.1" 200 591
116.238.194.18 - - [11/Sep/2021:09:54:10 +0800] "GET /xingrg/kc/print/load_data.html?order_code=322021091100016&kc_code=psth&condition= HTTP/1.1" 200 591
58.37.227.186 - - [11/Sep/2021:09:54:11 +0800] "GET /xingrg/javascript/auto/indicator.gif HTTP/1.1" 404 1066
116.228.172.94 - - [11/Sep/2021:09:54:14 +0800] "GET /xingrg/check_reg.html?_=1631325255255 HTTP/1.1" 200 22
116.228.172.94 - - [11/Sep/2021:09:54:14 +0800] "GET /xingrg/all/function/internal_message.html?_=1631325255258&CODE_STATE=getMsg HTTP/1.1" 200 27
58.37.227.186 - - [11/Sep/2021:09:54:17 +0800] "POST /xingrg/kc/buy/cgsh_list_operate.html HTTP/1.1" 200 5556
116.233.72.251 - - [11/Sep/2021:09:54:23 +0800] "GET /xingrg/all/function/internal_message.html?_=1631325262066&CODE_STATE=getMsg HTTP/1.1" 200 27
116.238.194.18 - - [11/Sep/2021:09:54:29 +0800] "GET /xingrg/check_reg.html?_=1631325240126 HTTP/1.1" 200 22
116.238.194.18 - - [11/Sep/2021:09:54:31 +0800] "GET /xingrg/all/function/internal_message.html?_=1631325269307&CODE_STATE=getMsg HTTP/1.1" 200 27
222.69.131.118 - - [11/Sep/2021:09:54:32 +0800] "GET /xingrg/all/function/internal_message.html?_=1631325271194&CODE_STATE=getMsg HTTP/1.1" 200 27
222.69.131.118 - - [11/Sep/2021:09:54:32 +0800] "GET /xingrg/check_reg.html?_=1631325271200 HTTP/1.1" 200 22
116.238.168.124 - - [11/Sep/2021:09:54:39 +0800] "GET /xingrg/check_reg.html?_=1631325256632 HTTP/1.1" 200 22
222.70.246.151 - - [11/Sep/2021:09:54:39 +0800] "GET /xingrg/all/function/internal_message.html?_=1631325280212&CODE_STATE=getMsg HTTP/1.1" 200 27
116.238.194.18 - - [11/Sep/2021:09:54:41 +0800] "GET /xingrg/all/function/internal_message.html?_=1631325252586&CODE_STATE=getMsg HTTP/1.1" 200 27
180.157.254.90 - - [11/Sep/2021:09:54:47 +0800] "GET /xingrg/all/function/internal_message.html?_=1631325285734&CODE_STATE=getMsg HTTP/1.1" 200 27
180.169.147.146 - - [11/Sep/2021:09:54:47 +0800] "GET /xingrg/all/function/internal_message.html?_=1631325281529&CODE_STATE=getMsg HTTP/1.1" 200 27
116.230.105.26 - - [11/Sep/2021:09:54:50 +0800] "GET /xingrg/all/function/internal_message.html?_=1631325287712&CODE_STATE=getMsg HTTP/1.1" 200 27
58.37.227.186 - - [11/Sep/2021:09:54:51 +0800] "GET /xingrg/all/function/internal_message.html?_=1631325163781&CODE_STATE=getMsg HTTP/1.1" 200 27
116.238.168.124 - - [11/Sep/2021:09:54:53 +0800] "GET /xingrg/all/function/internal_message.html?_=1631325271274&CODE_STATE=getMsg HTTP/1.1" 200 27
180.169.147.146 - - [11/Sep/2021:09:55:01 +0800] "GET /xingrg/all/function/internal_message.html?_=1631325300152&CODE_STATE=getMsg HTTP/1.1" 200 27
222.70.246.151 - - [11/Sep/2021:09:55:05 +0800] "GET /xingrg/all/function/internal_message.html?_=1631325325582&CODE_STATE=getMsg HTTP/1.1" 200 27
101.83.145.79 - - [11/Sep/2021:09:55:06 +0800] "GET /xingrg/all/function/internal_message.html?_=1631325304809&CODE_STATE=getMsg HTTP/1.1" 200 27
116.228.172.94 - - [11/Sep/2021:09:55:08 +0800] "GET /xingrg/kc/buy/cgsh_order_operate.html?command=get_materiel&rest_code=00153&code=00102010263&supplier_code=00100219&order_time=2021-09-11 HTTP/1.1" 200 414
116.228.172.94 - - [11/Sep/2021:09:55:14 +0800] "GET /xingrg/all/function/internal_message.html?_=1631325315240&CODE_STATE=getMsg HTTP/1.1" 200 27
116.233.72.251 - - [11/Sep/2021:09:55:23 +0800] "GET /xingrg/all/function/internal_message.html?_=1631325322068&CODE_STATE=getMsg HTTP/1.1" 200 27
58.40.7.146 - - [11/Sep/2021:09:55:29 +0800] "GET /xingrg/check_reg.html?_=1631325327652 HTTP/1.1" 302 -
116.238.194.18 - - [11/Sep/2021:09:55:31 +0800] "GET /xingrg/all/function/internal_message.html?_=1631325329289&CODE_STATE=getMsg HTTP/1.1" 200 27
222.69.131.118 - - [11/Sep/2021:09:55:32 +0800] "GET /xingrg/all/function/internal_message.html?_=1631325331199&CODE_STATE=getMsg HTTP/1.1" 200 27
116.238.194.18 - - [11/Sep/2021:09:55:33 +0800] "POST /xingrg/all/user/operate.html HTTP/1.1" 200 36
116.238.194.18 - - [11/Sep/2021:09:55:36 +0800] "GET /xingrg/index.html?sysBaseUrl=http%3A%2F%2F180.169.147.146%3A18081%2Fxingrg%2F&costTime=40×tamp=1631184791313 HTTP/1.1" 200 17177
116.238.194.18 - - [11/Sep/2021:09:55:36 +0800] "GET /xingrg/javascript/jquery_easy_ui/themes/default/easyui.css HTTP/1.1" 304 -
116.238.194.18 - - [11/Sep/2021:09:55:36 +0800] "GET /xingrg/javascript/jquery_easy_ui/themes/icon.css HTTP/1.1" 304 -
116.238.194.18 - - [11/Sep/2021:09:55:36 +0800] "GET /xingrg/css/form.css HTTP/1.1" 304 -
116.238.194.18 - - [11/Sep/2021:09:55:36 +0800] "GET /xingrg/javascript/jquery-1.4.2.min.js HTTP/1.1" 304 -
116.238.194.18 - - [11/Sep/2021:09:55:36 +0800] "GET /xingrg/javascript/jquery_easy_ui/jquery.easyui.min.js HTTP/1.1" 304 -
116.238.194.18 - - [11/Sep/2021:09:55:36 +0800] "GET /xingrg/javascript/jquery_easy_ui/easyui-lang-zh_CN.js HTTP/1.1" 304 -
116.238.194.18 - - [11/Sep/2021:09:55:36 +0800] "GET /xingrg/javascript/jquery.form.js HTTP/1.1" 304 -
116.238.194.18 - - [11/Sep/2021:09:55:36 +0800] "GET /xingrg/javascript/jquery.utils.js HTTP/1.1" 304 -
116.238.194.18 - - [11/Sep/2021:09:55:36 +0800] "GET /xingrg/javascript/jquery.timers.js HTTP/1.1" 304 -
116.238.194.18 - - [11/Sep/2021:09:55:36 +0800] "GET /xingrg/images/blue/jxLogo.png HTTP/1.1" 304 -
116.238.194.18 - - [11/Sep/2021:09:55:36 +0800] "GET /xingrg/images/blue/navBackgound.jpg HTTP/1.1" 304 -
116.238.194.18 - - [11/Sep/2021:09:55:36 +0800] "GET /xingrg/javascript/jquery_easy_ui/themes/icons/settle_new.png HTTP/1.1" 304 -
116.238.194.18 - - [11/Sep/2021:09:55:36 +0800] "POST /xingrg/all/common/load_tree.html?tree=area_rest_tree_json&manage=1 HTTP/1.1" 200 476
116.238.194.18 - - [11/Sep/2021:09:55:36 +0800] "GET /xingrg/check_reg.html?_=1631325334538 HTTP/1.1" 200 22
116.238.194.18 - - [11/Sep/2021:09:55:36 +0800] "GET /xingrg/all/function/internal_message.html?_=1631325334537&CODE_STATE=count HTTP/1.1" 200 11
116.238.194.18 - - [11/Sep/2021:09:55:36 +0800] "GET /xingrg/javascript/jquery_easy_ui/themes/default/images/tabs_rightarrow.png HTTP/1.1" 304 -
116.238.194.18 - - [11/Sep/2021:09:55:36 +0800] "GET /xingrg/javascript/jquery_easy_ui/themes/default/images/panel_tool_collapse.gif HTTP/1.1" 304 -
116.238.194.18 - - [11/Sep/2021:09:55:36 +0800] "GET /xingrg/javascript/jquery_easy_ui/themes/default/images/tabs_leftarrow.png HTTP/1.1" 304 -
116.238.194.18 - - [11/Sep/2021:09:55:36 +0800] "GET /xingrg/images/blue/pingpu.png HTTP/1.1" 304 -
116.238.194.18 - - [11/Sep/2021:09:55:36 +0800] "POST /xingrg/load_menu.html HTTP/1.1" 200 5138
116.238.194.18 - - [11/Sep/2021:09:55:39 +0800] "GET /xingrg/kc/buy/cgsh_order_list.html HTTP/1.1" 200 47692
222.70.246.151 - - [11/Sep/2021:09:55:39 +0800] "GET /xingrg/all/function/internal_message.html?_=1631325340212&CODE_STATE=getMsg HTTP/1.1" 200 27
116.238.194.18 - - [11/Sep/2021:09:55:40 +0800] "POST /xingrg/kc/buy/cgsh_list_operate.html HTTP/1.1" 200 876
116.238.194.18 - - [11/Sep/2021:09:55:41 +0800] "GET /xingrg/all/function/internal_message.html?_=1631325312598&CODE_STATE=getMsg HTTP/1.1" 200 27
116.238.194.18 - - [11/Sep/2021:09:55:42 +0800] "GET /xingrg/kc/buy/cgsh_order_add.html HTTP/1.1" 200 63068
116.238.194.18 - - [11/Sep/2021:09:55:42 +0800] "POST /xingrg/kc/buy/cgsh_order_operate.html HTTP/1.1" 200 8245
116.238.194.18 - - [11/Sep/2021:09:55:42 +0800] "GET /xingrg/all/common/auto_word.html?type=employee&rest_code=00151 HTTP/1.1" 200 293
116.238.194.18 - - [11/Sep/2021:09:55:42 +0800] "GET /xingrg/javascript/easyui/themes/default/validatebox.css HTTP/1.1" 404 1104
116.238.194.18 - - [11/Sep/2021:09:55:42 +0800] "GET /xingrg/all/common/auto_word.html?type=employee&rest_code=00151 HTTP/1.1" 200 293
116.238.168.124 - - [11/Sep/2021:09:55:44 +0800] "POST /xingrg/kc/buy/cgsh_list_operate.html HTTP/1.1" 200 2386
116.238.168.124 - - [11/Sep/2021:09:55:45 +0800] "POST /xingrg/kc/buy/cgsh_list_operate.html HTTP/1.1" 200 562
116.238.168.124 - - [11/Sep/2021:09:55:46 +0800] "GET /xingrg/kc/buy/cgsh_order_info.html?code=212021091104518 HTTP/1.1" 200 63394
116.238.168.124 - - [11/Sep/2021:09:55:47 +0800] "GET /xingrg/javascript/easyui/themes/default/validatebox.css HTTP/1.1" 404 1104
180.157.254.90 - - [11/Sep/2021:09:55:47 +0800] "GET /xingrg/all/function/internal_message.html?_=1631325345733&CODE_STATE=getMsg HTTP/1.1" 200 27
116.238.168.124 - - [11/Sep/2021:09:55:47 +0800] "POST /xingrg/kc/buy/cgsh_order_operate.html HTTP/1.1" 200 18613
180.169.147.146 - - [11/Sep/2021:09:55:47 +0800] "GET /xingrg/check_reg.html?_=1631325341515 HTTP/1.1" 200 22
180.169.147.146 - - [11/Sep/2021:09:55:47 +0800] "GET /xingrg/all/function/internal_message.html?_=1631325341519&CODE_STATE=getMsg HTTP/1.1" 200 27
116.230.105.26 - - [11/Sep/2021:09:55:50 +0800] "GET /xingrg/all/function/internal_message.html?_=1631325347728&CODE_STATE=getMsg HTTP/1.1" 200 27
58.37.227.186 - - [11/Sep/2021:09:55:51 +0800] "GET /xingrg/all/function/internal_message.html?_=1631325223779&CODE_STATE=getMsg HTTP/1.1" 200 27
116.238.168.124 - - [11/Sep/2021:09:55:53 +0800] "GET /xingrg/all/function/internal_message.html?_=1631325331287&CODE_STATE=getMsg HTTP/1.1" 200 27
116.238.168.124 - - [11/Sep/2021:09:56:01 +0800] "POST /xingrg/kc/buy/cgsh_order_operate.html HTTP/1.1" 200 37
180.169.147.146 - - [11/Sep/2021:09:56:01 +0800] "GET /xingrg/all/function/internal_message.html?_=1631325360140&CODE_STATE=getMsg HTTP/1.1" 200 27
116.238.168.124 - - [11/Sep/2021:09:56:04 +0800] "POST /xingrg/kc/buy/cgsh_order_operate.html HTTP/1.1" 200 18613
222.70.246.151 - - [11/Sep/2021:09:56:05 +0800] "GET /xingrg/all/function/internal_message.html?_=1631325385595&CODE_STATE=getMsg HTTP/1.1" 200 27
101.83.145.79 - - [11/Sep/2021:09:56:06 +0800] "GET /xingrg/all/function/internal_message.html?_=1631325364781&CODE_STATE=getMsg HTTP/1.1" 200 27
116.228.172.94 - - [11/Sep/2021:09:56:14 +0800] "GET /xingrg/all/function/internal_message.html?_=1631325375238&CODE_STATE=getMsg HTTP/1.1" 200 27
116.228.172.94 - - [11/Sep/2021:09:56:15 +0800] "GET /xingrg/kc/buy/cgsh_order_operate.html?command=get_materiel&rest_code=00153&code=00102010906&supplier_code=00100219&order_time=2021-09-11 HTTP/1.1" 200 412
116.238.168.124 - - [11/Sep/2021:09:56:20 +0800] "POST /xingrg/kc/buy/cgsh_list_operate.html HTTP/1.1" 200 2386
116.238.194.18 - - [11/Sep/2021:09:56:23 +0800] "GET /xingrg/javascript/auto/indicator.gif HTTP/1.1" 404 1066
116.233.72.251 - - [11/Sep/2021:09:56:23 +0800] "GET /xingrg/all/function/internal_message.html?_=1631325382070&CODE_STATE=getMsg HTTP/1.1" 200 27
222.69.131.118 - - [11/Sep/2021:09:56:32 +0800] "GET /xingrg/all/function/internal_message.html?_=1631325391197&CODE_STATE=getMsg HTTP/1.1" 200 27
116.238.194.18 - - [11/Sep/2021:09:56:33 +0800] "GET /xingrg/kc/buy/cgsh_order_operate.html?command=get_materiel&rest_code=00151&code=00101011005&supplier_code=00100047&order_time=2021-09-11 HTTP/1.1" 200 428
116.238.194.18 - - [11/Sep/2021:09:56:36 +0800] "GET /xingrg/all/function/internal_message.html?_=1631325394547&CODE_STATE=getMsg HTTP/1.1" 200 27
116.238.168.124 - - [11/Sep/2021:09:56:38 +0800] "POST /xingrg/kc/buy/cgsh_list_operate.html HTTP/1.1" 200 562
116.238.168.124 - - [11/Sep/2021:09:56:39 +0800] "GET /xingrg/kc/buy/cgsh_order_info.html?code=212021091104518 HTTP/1.1" 200 63394
116.238.168.124 - - [11/Sep/2021:09:56:39 +0800] "GET /xingrg/javascript/easyui/themes/default/validatebox.css HTTP/1.1" 404 1104
222.70.246.151 - - [11/Sep/2021:09:56:39 +0800] "GET /xingrg/check_reg.html?_=1631325400210 HTTP/1.1" 200 22
222.70.246.151 - - [11/Sep/2021:09:56:39 +0800] "GET /xingrg/all/function/internal_message.html?_=1631325400211&CODE_STATE=getMsg HTTP/1.1" 200 27
116.238.168.124 - - [11/Sep/2021:09:56:40 +0800] "POST /xingrg/kc/buy/cgsh_order_operate.html HTTP/1.1" 200 18613
116.238.194.18 - - [11/Sep/2021:09:56:41 +0800] "GET /xingrg/all/function/internal_message.html?_=1631325372619&CODE_STATE=getMsg HTTP/1.1" 200 27
58.37.227.186 - - [11/Sep/2021:09:56:43 +0800] "POST /xingrg/kc/buy/cgsh_list_operate.html HTTP/1.1" 200 5437
116.238.194.18 - - [11/Sep/2021:09:56:45 +0800] "GET /xingrg/kc/buy/cgsh_order_operate.html?command=get_materiel&rest_code=00151&code=00101011001&supplier_code=00100047&order_time=2021-09-11 HTTP/1.1" 200 423
180.157.254.90 - - [11/Sep/2021:09:56:47 +0800] "GET /xingrg/all/function/internal_message.html?_=1631325405728&CODE_STATE=getMsg HTTP/1.1" 200 27
180.169.147.146 - - [11/Sep/2021:09:56:47 +0800] "GET /xingrg/all/function/internal_message.html?_=1631325401519&CODE_STATE=getMsg HTTP/1.1" 200 27
116.230.105.26 - - [11/Sep/2021:09:56:50 +0800] "GET /xingrg/all/function/internal_message.html?_=1631325407718&CODE_STATE=getMsg HTTP/1.1" 200 27
116.238.168.124 - - [11/Sep/2021:09:56:51 +0800] "POST /xingrg/kc/buy/cgsh_order_operate.html HTTP/1.1" 200 37
58.37.227.186 - - [11/Sep/2021:09:56:51 +0800] "GET /xingrg/all/function/internal_message.html?_=1631325283773&CODE_STATE=getMsg HTTP/1.1" 200 27
116.238.194.18 - - [11/Sep/2021:09:56:55 +0800] "POST /xingrg/kc/buy/cgsh_order_operate.html HTTP/1.1" 200 37
116.238.194.18 - - [11/Sep/2021:09:56:58 +0800] "POST /xingrg/kc/buy/cgsh_order_operate.html HTTP/1.1" 200 12
116.238.194.18 - - [11/Sep/2021:09:56:58 +0800] "GET /xingrg/kc/buy/cgsh_order_info.html?code=212021091104520 HTTP/1.1" 200 57977
116.238.194.18 - - [11/Sep/2021:09:56:59 +0800] "GET /xingrg/javascript/easyui/themes/default/validatebox.css HTTP/1.1" 404 1104
116.238.194.18 - - [11/Sep/2021:09:56:59 +0800] "POST /xingrg/kc/buy/cgsh_order_operate.html HTTP/1.1" 200 1810
116.238.194.18 - - [11/Sep/2021:09:57:01 +0800] "GET /xingrg/kc/print/load_data.html?order_code=212021091104520&kc_code=cgsh&condition= HTTP/1.1" 200 1226
180.169.147.146 - - [11/Sep/2021:09:57:01 +0800] "GET /xingrg/all/function/internal_message.html?_=1631325420146&CODE_STATE=getMsg HTTP/1.1" 200 27
116.228.172.94 - - [11/Sep/2021:09:57:05 +0800] "POST /xingrg/kc/buy/cgsh_order_operate.html HTTP/1.1" 200 37
222.70.246.151 - - [11/Sep/2021:09:57:05 +0800] "GET /xingrg/all/function/internal_message.html?_=1631325445784&CODE_STATE=getMsg HTTP/1.1" 200 27
101.83.145.79 - - [11/Sep/2021:09:57:06 +0800] "GET /xingrg/all/function/internal_message.html?_=1631325424753&CODE_STATE=getMsg HTTP/1.1" 200 27
116.228.172.94 - - [11/Sep/2021:09:57:07 +0800] "POST /xingrg/kc/buy/cgsh_order_operate.html HTTP/1.1" 200 6848
116.238.168.124 - - [11/Sep/2021:09:57:09 +0800] "POST /xingrg/kc/buy/cgsh_order_operate.html HTTP/1.1" 200 12
116.238.168.124 - - [11/Sep/2021:09:57:11 +0800] "GET /xingrg/kc/buy/cgsh_order_info.html?code=212021091104518 HTTP/1.1" 200 58292
116.228.172.94 - - [11/Sep/2021:09:57:14 +0800] "GET /xingrg/all/function/internal_message.html?_=1631325435239&CODE_STATE=getMsg HTTP/1.1" 200 27
116.238.168.124 - - [11/Sep/2021:09:57:14 +0800] "GET /xingrg/all/function/internal_message.html?_=1631325412356&CODE_STATE=getMsg HTTP/1.1" 200 27
116.238.168.124 - - [11/Sep/2021:09:57:14 +0800] "GET /xingrg/javascript/easyui/themes/default/validatebox.css HTTP/1.1" 404 1104
116.238.168.124 - - [11/Sep/2021:09:57:15 +0800] "POST /xingrg/kc/buy/cgsh_order_operate.html HTTP/1.1" 200 16559
116.238.168.124 - - [11/Sep/2021:09:57:17 +0800] "POST /xingrg/kc/buy/cgsh_list_operate.html HTTP/1.1" 200 2034
116.238.168.124 - - [11/Sep/2021:09:57:19 +0800] "POST /xingrg/kc/buy/cgsh_list_operate.html HTTP/1.1" 200 570
116.238.168.124 - - [11/Sep/2021:09:57:20 +0800] "GET /xingrg/kc/buy/cgsh_order_info.html?code=212021091104510 HTTP/1.1" 200 63394
116.238.168.124 - - [11/Sep/2021:09:57:21 +0800] "GET /xingrg/javascript/easyui/themes/default/validatebox.css HTTP/1.1" 404 1104
116.238.168.124 - - [11/Sep/2021:09:57:21 +0800] "POST /xingrg/kc/buy/cgsh_order_operate.html HTTP/1.1" 200 23377
116.233.72.251 - - [11/Sep/2021:09:57:23 +0800] "GET /xingrg/all/function/internal_message.html?_=1631325442072&CODE_STATE=getMsg HTTP/1.1" 200 27
