120.253.135.82 - - [11/Sep/2021:11:31:27 +0800] "GET /xingrg/javascript/jquery_ui/themes/humanity/humanity.css HTTP/1.1" 304 -
120.253.135.82 - - [11/Sep/2021:11:31:27 +0800] "GET /xingrg/css/blue.css HTTP/1.1" 304 -
120.253.135.82 - - [11/Sep/2021:11:31:27 +0800] "GET /xingrg/javascript/myfunction.js HTTP/1.1" 304 -
120.253.135.82 - - [11/Sep/2021:11:31:27 +0800] "GET /xingrg/javascript/pic_change.js HTTP/1.1" 304 -
120.253.135.82 - - [11/Sep/2021:11:31:27 +0800] "GET /xingrg/javascript/json2.js HTTP/1.1" 304 -
120.253.135.82 - - [11/Sep/2021:11:31:27 +0800] "GET /xingrg/javascript/jquery_easy_ui/themes/icons/back_new.png HTTP/1.1" 304 -
116.238.168.124 - - [11/Sep/2021:11:31:28 +0800] "GET /xingrg/kc/buy/cgsh_order_add.html HTTP/1.1" 200 63385
116.237.74.154 - - [11/Sep/2021:11:31:29 +0800] "GET /xingrg/all/function/internal_message.html?_=1631331088278&CODE_STATE=getMsg HTTP/1.1" 200 27
222.70.246.151 - - [11/Sep/2021:11:31:29 +0800] "GET /xingrg/kc/buy/cgsh_order_operate.html?command=get_materiel&rest_code=00146&code=00101028008&supplier_code=00100017&order_time=2021-09-11 HTTP/1.1" 200 449
116.238.168.124 - - [11/Sep/2021:11:31:29 +0800] "POST /xingrg/kc/buy/cgsh_order_operate.html HTTP/1.1" 200 8245
116.238.168.124 - - [11/Sep/2021:11:31:30 +0800] "GET /xingrg/javascript/easyui/themes/default/validatebox.css HTTP/1.1" 404 1104
120.253.135.82 - - [11/Sep/2021:11:31:31 +0800] "GET /xingrg/kc/base/kc_stocks.html HTTP/1.1" 200 16437
120.253.135.82 - - [11/Sep/2021:11:31:31 +0800] "GET /xingrg/css/base.css HTTP/1.1" 304 -
120.253.135.82 - - [11/Sep/2021:11:31:31 +0800] "GET /xingrg/javascript/easyui/themes/sunny/easyui.css HTTP/1.1" 304 -
120.253.135.82 - - [11/Sep/2021:11:31:31 +0800] "GET /xingrg/css/site.css HTTP/1.1" 304 -
120.253.135.82 - - [11/Sep/2021:11:31:31 +0800] "GET /xingrg/javascript/jquery_tools/datebox.css HTTP/1.1" 304 -
120.253.135.82 - - [11/Sep/2021:11:31:31 +0800] "GET /xingrg/javascript/easyui/themes/icon.css HTTP/1.1" 304 -
120.253.135.82 - - [11/Sep/2021:11:31:31 +0800] "GET /xingrg/javascript/jquery_tools/jquery.tools.extend.js HTTP/1.1" 304 -
120.253.135.82 - - [11/Sep/2021:11:31:31 +0800] "GET /xingrg/javascript/auto/jquery.autocomplete.css HTTP/1.1" 304 -
120.253.135.82 - - [11/Sep/2021:11:31:31 +0800] "GET /xingrg/javascript/jquery_tools/jquery.tools.min.js HTTP/1.1" 304 -
120.253.135.82 - - [11/Sep/2021:11:31:31 +0800] "GET /xingrg/javascript/jquery_tools/jquery.tools.hotkey.js HTTP/1.1" 304 -
120.253.135.82 - - [11/Sep/2021:11:31:31 +0800] "GET /xingrg/javascript/jquery_tools/list_manager.js HTTP/1.1" 304 -
120.253.135.82 - - [11/Sep/2021:11:31:31 +0800] "GET /xingrg/javascript/auto/jquery.autocomplete.js HTTP/1.1" 304 -
120.253.135.82 - - [11/Sep/2021:11:31:31 +0800] "GET /xingrg/javascript/jquery_tools/fix.css HTTP/1.1" 304 -
120.253.135.82 - - [11/Sep/2021:11:31:31 +0800] "GET /xingrg/javascript/convert.js HTTP/1.1" 304 -
120.253.135.82 - - [11/Sep/2021:11:31:31 +0800] "GET /xingrg/javascript/jquery.cookie.js HTTP/1.1" 304 -
120.253.135.82 - - [11/Sep/2021:11:31:31 +0800] "GET /xingrg/javascript/easyui/easyloader.js HTTP/1.1" 304 -
120.253.135.82 - - [11/Sep/2021:11:31:31 +0800] "GET /xingrg/javascript/print/LodopFuncs.js HTTP/1.1" 304 -
120.253.135.82 - - [11/Sep/2021:11:31:31 +0800] "GET /xingrg/javascript/easyui/themes/icons/filter_new.png HTTP/1.1" 304 -
120.253.135.82 - - [11/Sep/2021:11:31:31 +0800] "GET /xingrg/javascript/easyui/themes/icons/field_new.png HTTP/1.1" 304 -
120.253.135.82 - - [11/Sep/2021:11:31:31 +0800] "GET /xingrg/javascript/easyui/themes/icons/print_new.png HTTP/1.1" 304 -
120.253.135.82 - - [11/Sep/2021:11:31:31 +0800] "GET /xingrg/javascript/easyui/themes/icons/import_new.png HTTP/1.1" 304 -
120.253.135.82 - - [11/Sep/2021:11:31:31 +0800] "GET /xingrg/javascript/easyui/themes/icons/refresh_new.png HTTP/1.1" 304 -
120.253.135.82 - - [11/Sep/2021:11:31:31 +0800] "GET /xingrg/javascript/easyui/plugins/jquery.parser.js HTTP/1.1" 304 -
222.69.131.118 - - [11/Sep/2021:11:31:31 +0800] "GET /xingrg/all/function/internal_message.html?_=1631331090282&CODE_STATE=getMsg HTTP/1.1" 200 27
120.253.135.82 - - [11/Sep/2021:11:31:31 +0800] "GET /xingrg/images/control/ajaxLoader.gif HTTP/1.1" 304 -
120.253.135.82 - - [11/Sep/2021:11:31:31 +0800] "GET /xingrg/javascript/jquery_easy_ui/themes/icons/area.png HTTP/1.1" 304 -
120.253.135.82 - - [11/Sep/2021:11:31:31 +0800] "GET /xingrg/javascript/jquery_easy_ui/themes/icons/manage.png HTTP/1.1" 304 -
120.253.135.82 - - [11/Sep/2021:11:31:31 +0800] "GET /xingrg/javascript/easyui/plugins/jquery.draggable.js HTTP/1.1" 304 -
120.253.135.82 - - [11/Sep/2021:11:31:31 +0800] "GET /xingrg/all/common/auto_word.html?type=base&rest_code=00101 HTTP/1.1" 200 613
120.253.135.82 - - [11/Sep/2021:11:31:31 +0800] "GET /xingrg/javascript/easyui/plugins/jquery.droppable.js HTTP/1.1" 304 -
120.253.135.82 - - [11/Sep/2021:11:31:31 +0800] "GET /xingrg/javascript/easyui/themes/default/tree.css HTTP/1.1" 404 1090
120.253.135.82 - - [11/Sep/2021:11:31:31 +0800] "GET /xingrg/javascript/easyui/plugins/jquery.tree.js HTTP/1.1" 304 -
120.253.135.82 - - [11/Sep/2021:11:31:31 +0800] "POST /xingrg/all/common/load_tree.html?tree=materiel_sort_tree_json HTTP/1.1" 200 8792
120.253.135.82 - - [11/Sep/2021:11:31:32 +0800] "GET /xingrg/javascript/easyui/themes/sunny/images/tree_arrows.gif HTTP/1.1" 304 -
120.253.135.82 - - [11/Sep/2021:11:31:32 +0800] "GET /xingrg/javascript/easyui/themes/sunny/images/tree_folder.gif HTTP/1.1" 304 -
120.253.135.82 - - [11/Sep/2021:11:31:32 +0800] "GET /xingrg/javascript/easyui/themes/sunny/images/tree_file.gif HTTP/1.1" 304 -
120.253.135.82 - - [11/Sep/2021:11:31:32 +0800] "GET /xingrg/javascript/easyui/themes/sunny/images/tree_folder_open.gif HTTP/1.1" 304 -
120.253.135.82 - - [11/Sep/2021:11:31:32 +0800] "GET /xingrg/css/images/panel_loading.gif HTTP/1.1" 304 -
120.253.135.82 - - [11/Sep/2021:11:31:33 +0800] "POST /xingrg/all/common/load_combo.html?type=base HTTP/1.1" 200 1075
116.237.74.154 - - [11/Sep/2021:11:31:33 +0800] "GET /xingrg/all/function/internal_message.html?_=1631331085697&CODE_STATE=getMsg HTTP/1.1" 200 27
222.69.131.118 - - [11/Sep/2021:11:31:33 +0800] "GET /xingrg/kc/buy/cgsh_order_operate.html?command=get_materiel&rest_code=00149&code=00101009062&supplier_code=00100201&order_time=2021-09-11 HTTP/1.1" 200 412
116.237.74.154 - - [11/Sep/2021:11:31:35 +0800] "GET /xingrg/kc/buy/cgsh_order_operate.html?command=get_materiel&rest_code=00106&code=00101006164&supplier_code=00100326&order_time=2021-09-11 HTTP/1.1" 200 415
116.238.194.18 - - [11/Sep/2021:11:31:36 +0800] "GET /xingrg/all/function/internal_message.html?_=1631331094777&CODE_STATE=getMsg HTTP/1.1" 200 27
101.85.93.96 - - [11/Sep/2021:11:31:41 +0800] "GET /xingrg/all/function/internal_message.html?_=1631331022723&CODE_STATE=getMsg HTTP/1.1" 200 27
222.69.131.118 - - [11/Sep/2021:11:31:41 +0800] "GET /xingrg/kc/buy/cgsh_order_operate.html?command=get_materiel&rest_code=00149&code=00101009011&supplier_code=00100201&order_time=2021-09-11 HTTP/1.1" 200 416
116.238.194.18 - - [11/Sep/2021:11:31:42 +0800] "GET /xingrg/all/function/internal_message.html?_=1631331073910&CODE_STATE=getMsg HTTP/1.1" 200 27
101.83.145.79 - - [11/Sep/2021:11:31:44 +0800] "GET /xingrg/all/function/internal_message.html?_=1631331102791&CODE_STATE=getMsg HTTP/1.1" 200 27
120.253.135.82 - - [11/Sep/2021:11:31:44 +0800] "POST /xingrg/kc/base/stock_operate.html HTTP/1.1" 200 1471
120.253.135.82 - - [11/Sep/2021:11:31:44 +0800] "GET /xingrg/javascript/jquery_tools/fix_table.js HTTP/1.1" 304 -
116.238.168.124 - - [11/Sep/2021:11:31:44 +0800] "GET /xingrg/javascript/easyui/themes/default/tree.css HTTP/1.1" 404 1090
120.253.135.82 - - [11/Sep/2021:11:31:45 +0800] "GET /xingrg/all/function/internal_message.html?_=1631331094894&CODE_STATE=getMsg HTTP/1.1" 200 27
116.238.168.124 - - [11/Sep/2021:11:31:45 +0800] "POST /xingrg/all/common/load_tree.html?tree=supplier_tree_json&isDelete=1 HTTP/1.1" 200 57687
180.157.254.90 - - [11/Sep/2021:11:31:47 +0800] "GET /xingrg/all/function/internal_message.html?_=1631331105932&CODE_STATE=getMsg HTTP/1.1" 200 27
116.237.74.154 - - [11/Sep/2021:11:31:47 +0800] "POST /xingrg/kc/buy/cgsh_order_operate.html HTTP/1.1" 200 37
124.79.74.73 - - [11/Sep/2021:11:31:48 +0800] "GET /xingrg/all/function/internal_message.html?_=1631331107457&CODE_STATE=getMsg HTTP/1.1" 200 27
58.37.227.186 - - [11/Sep/2021:11:31:48 +0800] "GET /xingrg/kc/buy/cgsh_order_operate.html?command=get_materiel&rest_code=00141&code=00101010589&supplier_code=00100323&order_time=2021-09-11 HTTP/1.1" 200 401
116.237.74.154 - - [11/Sep/2021:11:31:50 +0800] "POST /xingrg/kc/buy/cgsh_order_operate.html HTTP/1.1" 200 12
116.230.105.26 - - [11/Sep/2021:11:31:50 +0800] "GET /xingrg/all/function/internal_message.html?_=1631331107712&CODE_STATE=getMsg HTTP/1.1" 200 27
116.237.74.154 - - [11/Sep/2021:11:31:51 +0800] "GET /xingrg/kc/buy/cgsh_order_info.html?code=212021091104630 HTTP/1.1" 200 58339
222.70.246.151 - - [11/Sep/2021:11:31:51 +0800] "GET /xingrg/kc/buy/cgsh_order_operate.html?command=get_materiel&rest_code=00146&code=00101029003&supplier_code=00100017&order_time=2021-09-11 HTTP/1.1" 200 454
116.237.74.154 - - [11/Sep/2021:11:31:51 +0800] "GET /xingrg/javascript/easyui/themes/default/validatebox.css HTTP/1.1" 404 1104
116.237.74.154 - - [11/Sep/2021:11:31:52 +0800] "POST /xingrg/kc/buy/cgsh_order_operate.html HTTP/1.1" 200 610
120.253.135.82 - - [11/Sep/2021:11:31:53 +0800] "POST /xingrg/kc/base/stock_operate.html HTTP/1.1" 200 1754
116.237.74.154 - - [11/Sep/2021:11:31:54 +0800] "GET /xingrg/kc/print/load_data.html?order_code=212021091104630&kc_code=cgsh&condition= HTTP/1.1" 200 708
101.83.145.79 - - [11/Sep/2021:11:32:00 +0800] "GET /xingrg/all/function/internal_message.html?_=1631331067506&CODE_STATE=getMsg HTTP/1.1" 200 27
58.37.227.186 - - [11/Sep/2021:11:32:00 +0800] "GET /xingrg/kc/buy/cgsh_order_operate.html?command=get_materiel&rest_code=00141&code=00101012013&supplier_code=00100323&order_time=2021-09-11 HTTP/1.1" 200 412
180.169.147.146 - - [11/Sep/2021:11:32:01 +0800] "GET /xingrg/all/function/internal_message.html?_=1631331120145&CODE_STATE=getMsg HTTP/1.1" 200 27
222.70.246.151 - - [11/Sep/2021:11:32:05 +0800] "GET /xingrg/kc/buy/cgsh_order_operate.html?command=get_materiel&rest_code=00146&code=00101029025&supplier_code=00100017&order_time=2021-09-11 HTTP/1.1" 200 442
120.253.135.82 - - [11/Sep/2021:11:32:06 +0800] "GET /xingrg/javascript/easyui/themes/sunny/images/ui-bg_gloss-wave_60_fece2f_500x100.png HTTP/1.1" 304 -
222.70.246.151 - - [11/Sep/2021:11:32:07 +0800] "GET /xingrg/all/function/internal_message.html?_=1631331147429&CODE_STATE=getMsg HTTP/1.1" 200 27
58.37.227.186 - - [11/Sep/2021:11:32:09 +0800] "GET /xingrg/kc/buy/cgsh_order_operate.html?command=get_materiel&rest_code=00141&code=00101007089&supplier_code=00100323&order_time=2021-09-11 HTTP/1.1" 200 410
116.228.172.94 - - [11/Sep/2021:11:32:14 +0800] "GET /xingrg/all/function/internal_message.html?_=1631331132677&CODE_STATE=getMsg HTTP/1.1" 200 27
116.238.168.124 - - [11/Sep/2021:11:32:17 +0800] "GET /xingrg/all/function/internal_message.html?_=1631331115383&CODE_STATE=getMsg HTTP/1.1" 200 27
120.253.135.82 - - [11/Sep/2021:11:32:25 +0800] "GET /xingrg/all/function/internal_message.html?_=1631330917554&CODE_STATE=getMsg HTTP/1.1" 200 27
101.83.145.79 - - [11/Sep/2021:11:32:25 +0800] "POST /xingrg/login.do HTTP/1.1" 302 -
101.83.145.79 - - [11/Sep/2021:11:32:25 +0800] "GET /xingrg/index.html?sysBaseUrl=http%3A%2F%2F180.169.147.146%3A18081%2Fxingrg%2F&costTime=44×tamp=1631331145756 HTTP/1.1" 200 17413
101.83.145.79 - - [11/Sep/2021:11:32:25 +0800] "GET /xingrg/javascript/jquery_easy_ui/themes/icon.css HTTP/1.1" 200 3949
101.83.145.79 - - [11/Sep/2021:11:32:25 +0800] "GET /xingrg/javascript/jquery_easy_ui/themes/default/easyui.css HTTP/1.1" 200 26500
101.83.145.79 - - [11/Sep/2021:11:32:25 +0800] "GET /xingrg/css/form.css HTTP/1.1" 200 893
101.83.145.79 - - [11/Sep/2021:11:32:25 +0800] "GET /xingrg/javascript/jquery-1.4.2.min.js HTTP/1.1" 200 72205
101.83.145.79 - - [11/Sep/2021:11:32:25 +0800] "GET /xingrg/javascript/jquery_easy_ui/jquery.easyui.min.js HTTP/1.1" 200 213662
101.83.145.79 - - [11/Sep/2021:11:32:25 +0800] "GET /xingrg/javascript/jquery_easy_ui/easyui-lang-zh_CN.js HTTP/1.1" 200 1900
101.83.145.79 - - [11/Sep/2021:11:32:25 +0800] "GET /xingrg/javascript/jquery.timers.js HTTP/1.1" 200 3532
101.83.145.79 - - [11/Sep/2021:11:32:25 +0800] "GET /xingrg/javascript/jquery.utils.js HTTP/1.1" 200 11805
101.83.145.79 - - [11/Sep/2021:11:32:25 +0800] "GET /xingrg/javascript/jquery.form.js HTTP/1.1" 200 23110
116.237.74.154 - - [11/Sep/2021:11:32:26 +0800] "GET /xingrg/kc/buy/cgsh_order_add.html HTTP/1.1" 200 63426
101.83.145.79 - - [11/Sep/2021:11:32:26 +0800] "GET /favicon.ico HTTP/1.1" 404 -
101.83.145.79 - - [11/Sep/2021:11:32:26 +0800] "GET /xingrg/javascript/jquery_easy_ui/themes/icons/settle_new.png HTTP/1.1" 200 826
116.237.74.154 - - [11/Sep/2021:11:32:26 +0800] "POST /xingrg/kc/buy/cgsh_order_operate.html HTTP/1.1" 200 8245
101.83.145.79 - - [11/Sep/2021:11:32:26 +0800] "GET /xingrg/images/blue/navBackgound.jpg HTTP/1.1" 200 12378
116.237.74.154 - - [11/Sep/2021:11:32:26 +0800] "GET /xingrg/javascript/easyui/themes/default/validatebox.css HTTP/1.1" 404 1104
101.83.145.79 - - [11/Sep/2021:11:32:26 +0800] "POST /xingrg/all/common/load_tree.html?tree=area_rest_tree_json&manage=1 HTTP/1.1" 200 342
101.83.145.79 - - [11/Sep/2021:11:32:26 +0800] "GET /xingrg/images/blue/pingpu.png HTTP/1.1" 200 231
101.83.145.79 - - [11/Sep/2021:11:32:26 +0800] "GET /xingrg/check_reg.html?_=1631331143508 HTTP/1.1" 200 22
101.83.145.79 - - [11/Sep/2021:11:32:26 +0800] "GET /xingrg/javascript/jquery_easy_ui/themes/default/images/tabs_leftarrow.png HTTP/1.1" 200 389
101.83.145.79 - - [11/Sep/2021:11:32:26 +0800] "GET /xingrg/all/function/internal_message.html?_=1631331143505&CODE_STATE=count HTTP/1.1" 200 11
101.83.145.79 - - [11/Sep/2021:11:32:26 +0800] "GET /xingrg/javascript/jquery_easy_ui/themes/default/images/tabs_rightarrow.png HTTP/1.1" 200 395
101.83.145.79 - - [11/Sep/2021:11:32:26 +0800] "GET /xingrg/javascript/jquery_easy_ui/themes/default/images/panel_tool_expand.gif HTTP/1.1" 200 247
101.83.145.79 - - [11/Sep/2021:11:32:26 +0800] "GET /xingrg/javascript/jquery_easy_ui/themes/default/images/panel_tool_collapse.gif HTTP/1.1" 200 246
101.83.145.79 - - [11/Sep/2021:11:32:26 +0800] "POST /xingrg/load_menu.html HTTP/1.1" 200 9959
101.83.145.79 - - [11/Sep/2021:11:32:27 +0800] "GET /xingrg/javascript/jquery_easy_ui/themes/default/images/tree_arrows.gif HTTP/1.1" 200 1043
101.83.145.79 - - [11/Sep/2021:11:32:27 +0800] "GET /xingrg/javascript/jquery_easy_ui/themes/default/images/tree_folder_open.gif HTTP/1.1" 200 956
101.83.145.79 - - [11/Sep/2021:11:32:27 +0800] "GET /xingrg/javascript/jquery_easy_ui/themes/default/images/tree_folder.gif HTTP/1.1" 200 952
101.83.145.79 - - [11/Sep/2021:11:32:27 +0800] "GET /xingrg/javascript/jquery_easy_ui/themes/icons/search_new.png HTTP/1.1" 200 586
101.83.145.79 - - [11/Sep/2021:11:32:27 +0800] "GET /xingrg/javascript/jquery_easy_ui/themes/icons/storage_new.png HTTP/1.1" 200 853
101.83.145.79 - - [11/Sep/2021:11:32:27 +0800] "GET /xingrg/javascript/jquery_easy_ui/themes/icons/checkout_new.png HTTP/1.1" 200 744
101.83.145.79 - - [11/Sep/2021:11:32:27 +0800] "GET /xingrg/javascript/jquery_easy_ui/themes/icons/forms_new.png HTTP/1.1" 200 350
101.83.145.79 - - [11/Sep/2021:11:32:27 +0800] "GET /xingrg/javascript/jquery_easy_ui/themes/icons/setting_new.png HTTP/1.1" 200 450
101.83.145.79 - - [11/Sep/2021:11:32:27 +0800] "GET /xingrg/javascript/jquery_easy_ui/themes/icons/systemset_new.png HTTP/1.1" 200 606
101.83.145.79 - - [11/Sep/2021:11:32:27 +0800] "GET /xingrg/javascript/jquery_easy_ui/themes/default/images/tree_file.gif HTTP/1.1" 200 118
116.237.74.154 - - [11/Sep/2021:11:32:28 +0800] "GET /xingrg/javascript/easyui/themes/default/tree.css HTTP/1.1" 404 1090
116.237.74.154 - - [11/Sep/2021:11:32:28 +0800] "POST /xingrg/all/common/load_tree.html?tree=supplier_tree_json&isDelete=1 HTTP/1.1" 200 57687
58.221.95.50 - - [11/Sep/2021:11:32:29 +0800] "GET /xingrg/check_reg.html?_=1631331148556 HTTP/1.1" 302 -
116.237.74.154 - - [11/Sep/2021:11:32:29 +0800] "GET /xingrg/all/function/internal_message.html?_=1631331148495&CODE_STATE=getMsg HTTP/1.1" 200 27
101.83.145.79 - - [11/Sep/2021:11:32:31 +0800] "POST /xingrg/load_menu.html HTTP/1.1" 200 9242
222.69.131.118 - - [11/Sep/2021:11:32:31 +0800] "GET /xingrg/all/function/internal_message.html?_=1631331150263&CODE_STATE=getMsg HTTP/1.1" 200 27
61.151.178.249 - - [11/Sep/2021:11:32:32 +0800] "GET /xingrg/all/function/internal_message.html?_=1631331085697&CODE_STATE=getMsg HTTP/1.1" 302 -
58.37.227.186 - - [11/Sep/2021:11:32:32 +0800] "GET /xingrg/kc/buy/cgsh_order_operate.html?command=get_materiel&rest_code=00141&code=00101002029&supplier_code=00100323&order_time=2021-09-11 HTTP/1.1" 200 414
116.237.74.154 - - [11/Sep/2021:11:32:33 +0800] "GET /xingrg/all/function/internal_message.html?_=1631331145677&CODE_STATE=getMsg HTTP/1.1" 200 27
101.83.145.79 - - [11/Sep/2021:11:32:33 +0800] "POST /xingrg/load_menu.html HTTP/1.1" 200 10785
61.151.178.249 - - [11/Sep/2021:11:32:33 +0800] "GET /xingrg/login.html HTTP/1.1" 200 7641
116.238.194.18 - - [11/Sep/2021:11:32:36 +0800] "GET /xingrg/all/function/internal_message.html?_=1631331154761&CODE_STATE=getMsg HTTP/1.1" 200 27
58.37.227.186 - - [11/Sep/2021:11:32:41 +0800] "GET /xingrg/kc/buy/cgsh_order_operate.html?command=get_materiel&rest_code=00141&code=00101037239&supplier_code=00100323&order_time=2021-09-11 HTTP/1.1" 200 396
101.85.93.96 - - [11/Sep/2021:11:32:41 +0800] "GET /xingrg/check_reg.html?_=1631331082726 HTTP/1.1" 200 22
101.85.93.96 - - [11/Sep/2021:11:32:41 +0800] "GET /xingrg/all/function/internal_message.html?_=1631331082723&CODE_STATE=getMsg HTTP/1.1" 200 27
116.238.194.18 - - [11/Sep/2021:11:32:42 +0800] "GET /xingrg/all/function/internal_message.html?_=1631331133917&CODE_STATE=getMsg HTTP/1.1" 200 27
101.83.145.79 - - [11/Sep/2021:11:32:44 +0800] "GET /xingrg/all/function/internal_message.html?_=1631331162760&CODE_STATE=getMsg HTTP/1.1" 200 27
120.253.135.82 - - [11/Sep/2021:11:32:45 +0800] "GET /xingrg/all/function/internal_message.html?_=1631331154911&CODE_STATE=getMsg HTTP/1.1" 200 27
180.157.254.90 - - [11/Sep/2021:11:32:47 +0800] "GET /xingrg/all/function/internal_message.html?_=1631331165931&CODE_STATE=getMsg HTTP/1.1" 200 27
180.157.254.90 - - [11/Sep/2021:11:32:47 +0800] "GET /xingrg/check_reg.html?_=1631331165932 HTTP/1.1" 200 22
124.79.74.73 - - [11/Sep/2021:11:32:48 +0800] "GET /xingrg/all/function/internal_message.html?_=1631331167456&CODE_STATE=getMsg HTTP/1.1" 200 27
58.37.227.186 - - [11/Sep/2021:11:32:49 +0800] "GET /xingrg/kc/buy/cgsh_order_operate.html?command=get_materiel&rest_code=00141&code=00101001079&supplier_code=00100323&order_time=2021-09-11 HTTP/1.1" 200 415
116.230.105.26 - - [11/Sep/2021:11:32:50 +0800] "GET /xingrg/all/function/internal_message.html?_=1631331167721&CODE_STATE=getMsg HTTP/1.1" 200 27
116.237.74.154 - - [11/Sep/2021:11:32:55 +0800] "GET /xingrg/kc/buy/cgsh_order_operate.html?command=get_materiel&rest_code=00106&code=00101007032&supplier_code=00100328&order_time=2021-09-11 HTTP/1.1" 200 413
222.70.246.151 - - [11/Sep/2021:11:32:57 +0800] "POST /xingrg/kc/buy/cgsh_order_operate.html HTTP/1.1" 200 37
222.70.246.151 - - [11/Sep/2021:11:32:59 +0800] "POST /xingrg/kc/buy/cgsh_order_operate.html HTTP/1.1" 200 5180
101.83.145.79 - - [11/Sep/2021:11:33:00 +0800] "GET /xingrg/all/function/internal_message.html?_=1631331127492&CODE_STATE=getMsg HTTP/1.1" 200 27
180.169.147.146 - - [11/Sep/2021:11:33:01 +0800] "GET /xingrg/all/function/internal_message.html?_=1631331180151&CODE_STATE=getMsg HTTP/1.1" 200 27
58.37.227.186 - - [11/Sep/2021:11:33:01 +0800] "GET /xingrg/kc/buy/cgsh_order_operate.html?command=get_materiel&rest_code=00141&code=00101008214&supplier_code=00100323&order_time=2021-09-11 HTTP/1.1" 200 409
222.70.246.151 - - [11/Sep/2021:11:33:07 +0800] "GET /xingrg/all/function/internal_message.html?_=1631331207443&CODE_STATE=getMsg HTTP/1.1" 200 27
222.70.246.151 - - [11/Sep/2021:11:33:08 +0800] "GET /xingrg/kc/print/load_data.html?order_code=212021091104631&kc_code=cgsh&condition= HTTP/1.1" 200 1798
116.228.172.94 - - [11/Sep/2021:11:33:14 +0800] "GET /xingrg/all/function/internal_message.html?_=1631331192675&CODE_STATE=getMsg HTTP/1.1" 200 27
116.238.168.124 - - [11/Sep/2021:11:33:17 +0800] "GET /xingrg/all/function/internal_message.html?_=1631331175395&CODE_STATE=getMsg HTTP/1.1" 200 27
120.253.135.82 - - [11/Sep/2021:11:33:25 +0800] "GET /xingrg/all/function/internal_message.html?_=1631330977564&CODE_STATE=getMsg HTTP/1.1" 200 27
101.83.145.79 - - [11/Sep/2021:11:33:26 +0800] "GET /xingrg/all/function/internal_message.html?_=1631331203525&CODE_STATE=getMsg HTTP/1.1" 200 27
116.237.74.154 - - [11/Sep/2021:11:33:29 +0800] "GET /xingrg/all/function/internal_message.html?_=1631331208469&CODE_STATE=getMsg HTTP/1.1" 200 27
222.69.131.118 - - [11/Sep/2021:11:33:31 +0800] "GET /xingrg/all/function/internal_message.html?_=1631331210245&CODE_STATE=getMsg HTTP/1.1" 200 27
116.237.74.154 - - [11/Sep/2021:11:33:32 +0800] "GET /xingrg/check_reg.html?_=1631331205387 HTTP/1.1" 200 22
116.237.74.154 - - [11/Sep/2021:11:33:33 +0800] "GET /xingrg/all/function/internal_message.html?_=1631331205657&CODE_STATE=getMsg HTTP/1.1" 200 27
116.237.74.154 - - [11/Sep/2021:11:33:34 +0800] "POST /xingrg/kc/buy/cgsh_order_operate.html HTTP/1.1" 200 37
116.238.194.18 - - [11/Sep/2021:11:33:36 +0800] "GET /xingrg/all/function/internal_message.html?_=1631331214745&CODE_STATE=getMsg HTTP/1.1" 200 27
116.237.74.154 - - [11/Sep/2021:11:33:37 +0800] "POST /xingrg/kc/buy/cgsh_order_operate.html HTTP/1.1" 200 12
180.157.254.90 - - [11/Sep/2021:11:33:38 +0800] "GET /xingrg/kc/base/wldb_order_list.html HTTP/1.1" 200 19230
180.157.254.90 - - [11/Sep/2021:11:33:38 +0800] "POST /xingrg/kc/base/wldb_list_operate.html HTTP/1.1" 200 928
116.237.74.154 - - [11/Sep/2021:11:33:39 +0800] "GET /xingrg/kc/buy/cgsh_order_info.html?code=212021091104632 HTTP/1.1" 200 58339
116.237.74.154 - - [11/Sep/2021:11:33:39 +0800] "GET /xingrg/words/20210911111000_words.js HTTP/1.1" 304 -
116.237.74.154 - - [11/Sep/2021:11:33:39 +0800] "GET /xingrg/javascript/easyui/themes/default/validatebox.css HTTP/1.1" 404 1104
180.157.254.90 - - [11/Sep/2021:11:33:39 +0800] "GET /xingrg/kc/mdqp/qqps_order_list.html HTTP/1.1" 200 10023
180.157.254.90 - - [11/Sep/2021:11:33:39 +0800] "GET /xingrg/dwr/interface/AjaxQqpsService.js HTTP/1.1" 200 16326
180.157.254.90 - - [11/Sep/2021:11:33:39 +0800] "GET /xingrg/dwr/interface/AjaxReportQueryService.js HTTP/1.1" 200 13203
180.157.254.90 - - [11/Sep/2021:11:33:39 +0800] "GET /xingrg/dwr/engine.js HTTP/1.1" 200 43631
116.237.74.154 - - [11/Sep/2021:11:33:40 +0800] "POST /xingrg/kc/buy/cgsh_order_operate.html HTTP/1.1" 200 1202
222.70.246.151 - - [11/Sep/2021:11:33:40 +0800] "GET /xingrg/kc/buy/cgsh_order_add.html HTTP/1.1" 200 63432
180.157.254.90 - - [11/Sep/2021:11:33:40 +0800] "GET /xingrg/kc/mdqp/pssh_order_list.html HTTP/1.1" 200 17863
180.157.254.90 - - [11/Sep/2021:11:33:40 +0800] "POST /xingrg/kc/mdqp/pssh_list_operate.html HTTP/1.1" 200 5457
222.70.246.151 - - [11/Sep/2021:11:33:41 +0800] "POST /xingrg/kc/buy/cgsh_order_operate.html HTTP/1.1" 200 8245
222.70.246.151 - - [11/Sep/2021:11:33:41 +0800] "GET /xingrg/javascript/easyui/themes/default/validatebox.css HTTP/1.1" 404 1104
101.85.93.96 - - [11/Sep/2021:11:33:41 +0800] "GET /xingrg/all/function/internal_message.html?_=1631331142725&CODE_STATE=getMsg HTTP/1.1" 200 27
180.157.254.90 - - [11/Sep/2021:11:33:42 +0800] "GET /xingrg/kc/buy/cgsh_order_list.html HTTP/1.1" 200 47694
116.237.74.154 - - [11/Sep/2021:11:33:42 +0800] "GET /xingrg/kc/print/load_data.html?order_code=212021091104632&kc_code=cgsh&condition= HTTP/1.1" 200 934
180.157.254.90 - - [11/Sep/2021:11:33:42 +0800] "POST /xingrg/kc/buy/cgsh_list_operate.html HTTP/1.1" 200 876
116.238.194.18 - - [11/Sep/2021:11:33:42 +0800] "GET /xingrg/all/function/internal_message.html?_=1631331193938&CODE_STATE=getMsg HTTP/1.1" 200 27
101.83.145.79 - - [11/Sep/2021:11:33:44 +0800] "GET /xingrg/all/function/internal_message.html?_=1631331222746&CODE_STATE=getMsg HTTP/1.1" 200 27
120.253.135.82 - - [11/Sep/2021:11:33:45 +0800] "GET /xingrg/all/function/internal_message.html?_=1631331214922&CODE_STATE=getMsg HTTP/1.1" 200 27
180.157.254.90 - - [11/Sep/2021:11:33:47 +0800] "GET /xingrg/all/function/internal_message.html?_=1631331225937&CODE_STATE=getMsg HTTP/1.1" 200 27
124.79.74.73 - - [11/Sep/2021:11:33:48 +0800] "GET /xingrg/all/function/internal_message.html?_=1631331227456&CODE_STATE=getMsg HTTP/1.1" 200 27
116.230.105.26 - - [11/Sep/2021:11:33:50 +0800] "GET /xingrg/all/function/internal_message.html?_=1631331227710&CODE_STATE=getMsg HTTP/1.1" 200 27
116.230.105.26 - - [11/Sep/2021:11:33:50 +0800] "GET /xingrg/check_reg.html?_=1631331227711 HTTP/1.1" 200 22
116.237.74.154 - - [11/Sep/2021:11:33:56 +0800] "GET /xingrg/kc/buy/cgsh_order_add.html HTTP/1.1" 200 63426
116.237.74.154 - - [11/Sep/2021:11:33:56 +0800] "POST /xingrg/kc/buy/cgsh_order_operate.html HTTP/1.1" 200 8245
116.237.74.154 - - [11/Sep/2021:11:33:56 +0800] "GET /xingrg/javascript/easyui/themes/default/validatebox.css HTTP/1.1" 404 1104
116.237.74.154 - - [11/Sep/2021:11:33:59 +0800] "GET /xingrg/javascript/easyui/themes/default/tree.css HTTP/1.1" 404 1090
116.237.74.154 - - [11/Sep/2021:11:33:59 +0800] "POST /xingrg/all/common/load_tree.html?tree=supplier_tree_json&isDelete=1 HTTP/1.1" 200 57687
101.83.145.79 - - [11/Sep/2021:11:34:00 +0800] "GET /xingrg/all/function/internal_message.html?_=1631331187493&CODE_STATE=getMsg HTTP/1.1" 200 27
180.169.147.146 - - [11/Sep/2021:11:34:01 +0800] "GET /xingrg/check_reg.html?_=1631331240141 HTTP/1.1" 200 22
180.169.147.146 - - [11/Sep/2021:11:34:01 +0800] "GET /xingrg/all/function/internal_message.html?_=1631331240144&CODE_STATE=getMsg HTTP/1.1" 200 27
124.79.74.73 - - [11/Sep/2021:11:34:02 +0800] "GET /xingrg/kc/buy/cgsh_order_add.html HTTP/1.1" 200 63479
124.79.74.73 - - [11/Sep/2021:11:34:02 +0800] "GET /xingrg/words/20210911111000_words.js HTTP/1.1" 200 847824
124.79.74.73 - - [11/Sep/2021:11:34:02 +0800] "POST /xingrg/kc/buy/cgsh_order_operate.html HTTP/1.1" 200 8245
124.79.74.73 - - [11/Sep/2021:11:34:02 +0800] "GET /xingrg/all/common/auto_word.html?type=employee&rest_code=00156 HTTP/1.1" 200 51
124.79.74.73 - - [11/Sep/2021:11:34:02 +0800] "GET /xingrg/javascript/easyui/themes/default/validatebox.css HTTP/1.1" 404 1104
124.79.74.73 - - [11/Sep/2021:11:34:02 +0800] "GET /xingrg/all/common/auto_word.html?type=employee&rest_code=00156 HTTP/1.1" 200 51
58.37.227.186 - - [11/Sep/2021:11:34:02 +0800] "GET /xingrg/kc/buy/cgsh_order_operate.html?command=get_materiel&rest_code=00141&code=00101010314&supplier_code=00100323&order_time=2021-09-11 HTTP/1.1" 200 413
101.83.145.79 - - [11/Sep/2021:11:34:06 +0800] "GET /xingrg/javascript/jquery_easy_ui/themes/default/images/tabs_active.png HTTP/1.1" 200 2894
222.70.246.151 - - [11/Sep/2021:11:34:06 +0800] "GET /xingrg/check_reg.html?_=1631331267117 HTTP/1.1" 200 22
222.70.246.151 - - [11/Sep/2021:11:34:07 +0800] "GET /xingrg/all/function/internal_message.html?_=1631331267456&CODE_STATE=getMsg HTTP/1.1" 200 27
222.69.131.118 - - [11/Sep/2021:11:34:07 +0800] "POST /xingrg/kc/buy/cgsh_order_operate.html HTTP/1.1" 200 37
101.83.145.79 - - [11/Sep/2021:11:34:10 +0800] "GET /xingrg/kc/base/wldb_order_list.html HTTP/1.1" 200 19224
101.83.145.79 - - [11/Sep/2021:11:34:10 +0800] "POST /xingrg/kc/base/wldb_list_operate.html HTTP/1.1" 200 3738
101.83.145.79 - - [11/Sep/2021:11:34:10 +0800] "GET /xingrg/kc/report/report_main.html HTTP/1.1" 200 7345
101.83.145.79 - - [11/Sep/2021:11:34:10 +0800] "GET /xingrg/javascript/jquery_easy_ui/themes/default/images/tabs_close.gif HTTP/1.1" 200 829
101.83.145.79 - - [11/Sep/2021:11:34:10 +0800] "GET /xingrg/css/blue.css HTTP/1.1" 200 15949
101.83.145.79 - - [11/Sep/2021:11:34:10 +0800] "GET /xingrg/javascript/pic_change.js HTTP/1.1" 200 4739
101.83.145.79 - - [11/Sep/2021:11:34:10 +0800] "GET /xingrg/javascript/jquery_ui/themes/humanity/humanity.css HTTP/1.1" 200 27801
101.83.145.79 - - [11/Sep/2021:11:34:10 +0800] "GET /xingrg/javascript/json2.js HTTP/1.1" 200 11259
101.83.145.79 - - [11/Sep/2021:11:34:10 +0800] "GET /xingrg/javascript/myfunction.js HTTP/1.1" 200 24559
101.83.145.79 - - [11/Sep/2021:11:34:10 +0800] "GET /xingrg/javascript/jquery_easy_ui/themes/icons/back_new.png HTTP/1.1" 200 3414
116.238.168.124 - - [11/Sep/2021:11:34:11 +0800] "GET /xingrg/kc/buy/cgsh_order_operate.html?command=get_materiel&rest_code=00102&code=00101006001&supplier_code=00100464&order_time=2021-09-11 HTTP/1.1" 200 426
101.83.145.79 - - [11/Sep/2021:11:34:11 +0800] "GET /xingrg/kc/base/wldb_order_add.html HTTP/1.1" 200 30438
101.83.145.79 - - [11/Sep/2021:11:34:11 +0800] "POST /xingrg/kc/base/wldb_order_operate.html HTTP/1.1" 200 6806
101.83.145.79 - - [11/Sep/2021:11:34:11 +0800] "GET /xingrg/all/common/auto_word.html?type=base&rest_code=00105 HTTP/1.1" 200 1811
101.83.145.79 - - [11/Sep/2021:11:34:11 +0800] "GET /xingrg/all/common/auto_word.html?type=base&rest_code=00105 HTTP/1.1" 200 1811
101.83.145.79 - - [11/Sep/2021:11:34:11 +0800] "GET /xingrg/javascript/easyui/themes/default/validatebox.css HTTP/1.1" 404 1104
101.83.145.79 - - [11/Sep/2021:11:34:12 +0800] "GET /xingrg/css/images/panel_loading.gif HTTP/1.1" 304 -
101.83.145.79 - - [11/Sep/2021:11:34:12 +0800] "POST /xingrg/all/common/load_combo.html?type=base HTTP/1.1" 200 3236
58.37.227.186 - - [11/Sep/2021:11:34:12 +0800] "GET /xingrg/kc/buy/cgsh_order_operate.html?command=get_materiel&rest_code=00141&code=00101010241&supplier_code=00100323&order_time=2021-09-11 HTTP/1.1" 200 409
116.228.172.94 - - [11/Sep/2021:11:34:14 +0800] "GET /xingrg/check_reg.html?_=1631331252682 HTTP/1.1" 200 22
116.228.172.94 - - [11/Sep/2021:11:34:14 +0800] "GET /xingrg/all/function/internal_message.html?_=1631331252689&CODE_STATE=getMsg HTTP/1.1" 200 27
101.83.145.79 - - [11/Sep/2021:11:34:14 +0800] "GET /xingrg/all/report/report_query.html?fileName=kc/buy/gys_amount_category.xml&rh=99999 HTTP/1.1" 200 51878
101.83.145.79 - - [11/Sep/2021:11:34:14 +0800] "GET /xingrg/javascript/multi_select/jqueryMultiSelect.css HTTP/1.1" 200 951
101.83.145.79 - - [11/Sep/2021:11:34:14 +0800] "GET /xingrg/javascript/calendar/timePicker.css HTTP/1.1" 200 523
101.83.145.79 - - [11/Sep/2021:11:34:14 +0800] "GET /xingrg/javascript/bigrid/fix.css HTTP/1.1" 200 1702
101.83.145.79 - - [11/Sep/2021:11:34:14 +0800] "GET /xingrg/dwr/interface/AjaxReportQueryService.js HTTP/1.1" 200 13203
101.83.145.79 - - [11/Sep/2021:11:34:14 +0800] "GET /xingrg/dwr/engine.js HTTP/1.1" 200 43631
101.83.145.79 - - [11/Sep/2021:11:34:14 +0800] "GET /xingrg/dwr/util.js HTTP/1.1" 200 35990
101.83.145.79 - - [11/Sep/2021:11:34:14 +0800] "GET /xingrg/javascript/jqueryMultiSelect.js HTTP/1.1" 200 11866
101.83.145.79 - - [11/Sep/2021:11:34:14 +0800] "GET /xingrg/javascript/calendar/jquery.timePicker.min.js HTTP/1.1" 200 2997
101.83.145.79 - - [11/Sep/2021:11:34:14 +0800] "GET /xingrg/javascript/bigrid/fix.js HTTP/1.1" 200 6439
101.83.145.79 - - [11/Sep/2021:11:34:14 +0800] "GET /xingrg/javascript/Calendar.js HTTP/1.1" 200 31561
101.83.145.79 - - [11/Sep/2021:11:34:14 +0800] "GET /xingrg/images/blue/button/advanceover.gif HTTP/1.1" 200 1347
101.83.145.79 - - [11/Sep/2021:11:34:14 +0800] "GET /xingrg/images/control/loading.gif HTTP/1.1" 200 13463
101.83.145.79 - - [11/Sep/2021:11:34:14 +0800] "GET /xingrg/images/blue/button/advance2over.gif HTTP/1.1" 200 1336
101.83.145.79 - - [11/Sep/2021:11:34:14 +0800] "GET /xingrg/images/blue/button/back2over.gif HTTP/1.1" 200 1335
101.83.145.79 - - [11/Sep/2021:11:34:14 +0800] "GET /xingrg/images/blue/button/backover.gif HTTP/1.1" 200 1348
101.83.145.79 - - [11/Sep/2021:11:34:14 +0800] "GET /xingrg/javascript/jquery_easy_ui/themes/icons/help.png HTTP/1.1" 200 1187
101.83.145.79 - - [11/Sep/2021:11:34:14 +0800] "GET /xingrg/javascript/jquery_easy_ui/themes/default/images/menu_downarrow.png HTTP/1.1" 200 173
101.83.145.79 - - [11/Sep/2021:11:34:14 +0800] "GET /xingrg/javascript/jquery_easy_ui/themes/default/images/menu.gif HTTP/1.1" 200 834
101.83.145.79 - - [11/Sep/2021:11:34:14 +0800] "GET /xingrg/javascript/jquery_easy_ui/themes/default/images/button_a_bg.gif HTTP/1.1" 200 1194
101.83.145.79 - - [11/Sep/2021:11:34:14 +0800] "GET /xingrg/javascript/jquery_easy_ui/themes/icons/print.png HTTP/1.1" 200 1057
101.83.145.79 - - [11/Sep/2021:11:34:14 +0800] "POST /xingrg/dwr/call/plaincall/AjaxReportQueryService.getFixDate.dwr HTTP/1.1" 200 111
101.83.145.79 - - [11/Sep/2021:11:34:14 +0800] "GET /xingrg/javascript/jquery_easy_ui/themes/icons/pencil.png HTTP/1.1" 200 713
101.83.145.79 - - [11/Sep/2021:11:34:14 +0800] "GET /xingrg/javascript/jquery_easy_ui/themes/default/images/menu_rightarrow.png HTTP/1.1" 200 3617
101.83.145.79 - - [11/Sep/2021:11:34:15 +0800] "POST /xingrg/dwr/call/plaincall/AjaxReportQueryService.getInitString.dwr HTTP/1.1" 200 1014
101.83.145.79 - - [11/Sep/2021:11:34:15 +0800] "GET /xingrg/javascript/multi_select/dropdown.gif HTTP/1.1" 200 61
101.83.145.79 - - [11/Sep/2021:11:34:15 +0800] "GET /xingrg/javascript/jquery_easy_ui/themes/default/images/combo_arrow_dot.gif HTTP/1.1" 200 79
101.83.145.79 - - [11/Sep/2021:11:34:15 +0800] "POST /xingrg/all/common/load_tree.html?tree=supplier_tree_json&manage=1 HTTP/1.1" 200 58657
101.83.145.79 - - [11/Sep/2021:11:34:16 +0800] "GET /xingrg/javascript/jquery_easy_ui/themes/default/images/tree_checkbox_0.gif HTTP/1.1" 200 168
101.83.145.79 - - [11/Sep/2021:11:34:16 +0800] "POST /xingrg/all/common/load_tree.html?tree=materiel_sort_tree_json HTTP/1.1" 200 8792
222.69.131.118 - - [11/Sep/2021:11:34:17 +0800] "POST /xingrg/kc/buy/cgsh_order_operate.html HTTP/1.1" 200 12
116.238.168.124 - - [11/Sep/2021:11:34:17 +0800] "GET /xingrg/all/function/internal_message.html?_=1631331235410&CODE_STATE=getMsg HTTP/1.1" 200 27
101.83.145.79 - - [11/Sep/2021:11:34:19 +0800] "GET /xingrg/javascript/multi_select/dropdown_hover.gif HTTP/1.1" 200 61
222.69.131.118 - - [11/Sep/2021:11:34:20 +0800] "GET /xingrg/kc/buy/cgsh_order_info.html?code=212021091104633 HTTP/1.1" 200 58388
222.69.131.118 - - [11/Sep/2021:11:34:20 +0800] "GET /xingrg/words/20210911111000_words.js HTTP/1.1" 304 -
222.69.131.118 - - [11/Sep/2021:11:34:21 +0800] "GET /xingrg/javascript/easyui/themes/default/validatebox.css HTTP/1.1" 404 1104
222.69.131.118 - - [11/Sep/2021:11:34:21 +0800] "POST /xingrg/kc/buy/cgsh_order_operate.html HTTP/1.1" 200 3573
101.83.145.79 - - [11/Sep/2021:11:34:23 +0800] "GET /xingrg/kc/base/wldb_order_operate.html?command=get_materiel&rest_code=00105&base_code=0010508&code=00102028010 HTTP/1.1" 200 484
101.83.145.79 - - [11/Sep/2021:11:34:24 +0800] "POST /xingrg/all/common/load_select.html HTTP/1.1" 200 25
120.253.135.82 - - [11/Sep/2021:11:34:25 +0800] "GET /xingrg/all/function/internal_message.html?_=1631331037582&CODE_STATE=getMsg HTTP/1.1" 200 27
116.238.168.124 - - [11/Sep/2021:11:34:25 +0800] "POST /xingrg/kc/buy/cgsh_order_operate.html HTTP/1.1" 200 37
101.83.145.79 - - [11/Sep/2021:11:34:26 +0800] "GET /xingrg/kc/base/wldb_order_operate.html?command=get_materiel_price&rest_code=00105&base_code=0010508&code=00102028010&unit_code=00100193 HTTP/1.1" 200 35
101.83.145.79 - - [11/Sep/2021:11:34:26 +0800] "GET /xingrg/all/function/internal_message.html?_=1631331263521&CODE_STATE=getMsg HTTP/1.1" 200 27
116.237.74.154 - - [11/Sep/2021:11:34:29 +0800] "GET /xingrg/check_reg.html?_=1631331268293 HTTP/1.1" 200 22
116.237.74.154 - - [11/Sep/2021:11:34:29 +0800] "GET /xingrg/all/function/internal_message.html?_=1631331268451&CODE_STATE=getMsg HTTP/1.1" 200 27
116.238.194.18 - - [11/Sep/2021:11:34:29 +0800] "GET /xingrg/check_reg.html?_=1631331240233 HTTP/1.1" 200 22
222.69.131.118 - - [11/Sep/2021:11:34:31 +0800] "GET /xingrg/all/function/internal_message.html?_=1631331270229&CODE_STATE=getMsg HTTP/1.1" 200 27
61.151.207.158 - - [11/Sep/2021:11:34:32 +0800] "GET /xingrg/check_reg.html?_=1631331205387 HTTP/1.1" 302 -
61.151.178.164 - - [11/Sep/2021:11:34:32 +0800] "GET /xingrg/all/function/internal_message.html?_=1631331205657&CODE_STATE=getMsg HTTP/1.1" 302 -
222.69.131.118 - - [11/Sep/2021:11:34:33 +0800] "GET /xingrg/check_reg.html?_=1631331271561 HTTP/1.1" 200 22
116.237.74.154 - - [11/Sep/2021:11:34:33 +0800] "GET /xingrg/all/function/internal_message.html?_=1631331265625&CODE_STATE=getMsg HTTP/1.1" 200 27
58.37.227.186 - - [11/Sep/2021:11:34:33 +0800] "POST /xingrg/kc/buy/cgsh_order_operate.html HTTP/1.1" 200 37
61.151.207.158 - - [11/Sep/2021:11:34:33 +0800] "GET /xingrg/login.html HTTP/1.1" 200 7641
61.151.178.164 - - [11/Sep/2021:11:34:33 +0800] "GET /xingrg/login.html HTTP/1.1" 200 7641
222.69.131.118 - - [11/Sep/2021:11:34:33 +0800] "GET /xingrg/kc/print/load_data.html?order_code=212021091104633&kc_code=cgsh&condition= HTTP/1.1" 200 1846
101.83.145.79 - - [11/Sep/2021:11:34:34 +0800] "GET /xingrg/kc/base/wldb_order_operate.html?command=get_materiel&rest_code=00105&base_code=0010508&code=00102002685 HTTP/1.1" 200 444
58.37.227.186 - - [11/Sep/2021:11:34:35 +0800] "POST /xingrg/kc/buy/cgsh_order_operate.html HTTP/1.1" 200 12
116.238.194.18 - - [11/Sep/2021:11:34:36 +0800] "GET /xingrg/all/function/internal_message.html?_=1631331274717&CODE_STATE=getMsg HTTP/1.1" 200 27
58.37.227.186 - - [11/Sep/2021:11:34:36 +0800] "GET /xingrg/kc/buy/cgsh_order_info.html?code=212021091104635 HTTP/1.1" 200 58344
58.37.227.186 - - [11/Sep/2021:11:34:37 +0800] "GET /xingrg/javascript/easyui/themes/default/validatebox.css HTTP/1.1" 404 1104
58.37.227.186 - - [11/Sep/2021:11:34:37 +0800] "POST /xingrg/kc/buy/cgsh_order_operate.html HTTP/1.1" 200 5924
116.237.74.154 - - [11/Sep/2021:11:34:38 +0800] "GET /xingrg/kc/buy/cgsh_order_operate.html?command=get_materiel&rest_code=00106&code=00101010327&supplier_code=00100327&order_time=2021-09-11 HTTP/1.1" 200 403
58.37.227.186 - - [11/Sep/2021:11:34:40 +0800] "GET /xingrg/kc/print/load_data.html?order_code=212021091104635&kc_code=cgsh&condition= HTTP/1.1" 200 2733
101.85.93.96 - - [11/Sep/2021:11:34:41 +0800] "GET /xingrg/all/function/internal_message.html?_=1631331202725&CODE_STATE=getMsg HTTP/1.1" 200 27
101.83.145.79 - - [11/Sep/2021:11:34:42 +0800] "GET /xingrg/kc/base/wldb_order_operate.html?command=get_materiel&rest_code=00105&base_code=0010508&code=00102002198 HTTP/1.1" 200 437
116.238.194.18 - - [11/Sep/2021:11:34:42 +0800] "GET /xingrg/all/function/internal_message.html?_=1631331253944&CODE_STATE=getMsg HTTP/1.1" 200 27
120.253.135.82 - - [11/Sep/2021:11:34:43 +0800] "GET /xingrg/check_reg.html?_=1631331273814 HTTP/1.1" 200 22
101.83.145.79 - - [11/Sep/2021:11:34:44 +0800] "GET /xingrg/all/function/internal_message.html?_=1631331282765&CODE_STATE=getMsg HTTP/1.1" 200 27
101.83.145.79 - - [11/Sep/2021:11:34:44 +0800] "GET /xingrg/check_reg.html?_=1631331282767 HTTP/1.1" 200 22
120.253.135.82 - - [11/Sep/2021:11:34:45 +0800] "GET /xingrg/all/function/internal_message.html?_=1631331274935&CODE_STATE=getMsg HTTP/1.1" 200 27
58.37.227.186 - - [11/Sep/2021:11:34:46 +0800] "GET /xingrg/kc/buy/cgsh_order_add.html HTTP/1.1" 200 63432
58.37.227.186 - - [11/Sep/2021:11:34:46 +0800] "POST /xingrg/kc/buy/cgsh_order_operate.html HTTP/1.1" 200 8245
58.37.227.186 - - [11/Sep/2021:11:34:46 +0800] "GET /xingrg/javascript/easyui/themes/default/validatebox.css HTTP/1.1" 404 1104
180.157.254.90 - - [11/Sep/2021:11:34:47 +0800] "GET /xingrg/all/function/internal_message.html?_=1631331285936&CODE_STATE=getMsg HTTP/1.1" 200 27
116.238.168.124 - - [11/Sep/2021:11:34:47 +0800] "POST /xingrg/kc/buy/cgsh_order_operate.html HTTP/1.1" 200 12
124.79.74.73 - - [11/Sep/2021:11:34:48 +0800] "GET /xingrg/all/function/internal_message.html?_=1631331287457&CODE_STATE=getMsg HTTP/1.1" 200 27
124.79.74.73 - - [11/Sep/2021:11:34:48 +0800] "GET /xingrg/check_reg.html?_=1631331287458 HTTP/1.1" 200 22
116.230.105.26 - - [11/Sep/2021:11:34:50 +0800] "GET /xingrg/all/function/internal_message.html?_=1631331287727&CODE_STATE=getMsg HTTP/1.1" 200 27
222.70.246.151 - - [11/Sep/2021:11:34:51 +0800] "GET /xingrg/kc/buy/cgsh_order_operate.html?command=get_materiel&rest_code=00146&code=00101018011&supplier_code=00100330&order_time=2021-09-11 HTTP/1.1" 200 413
116.238.168.124 - - [11/Sep/2021:11:34:51 +0800] "GET /xingrg/kc/buy/cgsh_order_info.html?code=212021091104634 HTTP/1.1" 200 58290
116.238.168.124 - - [11/Sep/2021:11:34:53 +0800] "GET /xingrg/javascript/easyui/themes/default/validatebox.css HTTP/1.1" 404 1104
116.238.168.124 - - [11/Sep/2021:11:34:53 +0800] "POST /xingrg/kc/buy/cgsh_order_operate.html HTTP/1.1" 200 623
116.237.74.154 - - [11/Sep/2021:11:34:55 +0800] "GET /xingrg/kc/buy/cgsh_order_operate.html?command=get_materiel&rest_code=00106&code=00101010111&supplier_code=00100327&order_time=2021-09-11 HTTP/1.1" 200 417
101.83.145.79 - - [11/Sep/2021:11:34:55 +0800] "GET /xingrg/javascript/jquery_easy_ui/themes/default/images/tree_checkbox_1.gif HTTP/1.1" 200 174
101.83.145.79 - - [11/Sep/2021:11:34:55 +0800] "GET /xingrg/javascript/jquery_easy_ui/themes/default/images/tree_checkbox_2.gif HTTP/1.1" 200 181
116.238.168.124 - - [11/Sep/2021:11:34:56 +0800] "GET /xingrg/kc/print/load_data.html?order_code=212021091104634&kc_code=cgsh&condition= HTTP/1.1" 200 708
58.37.227.186 - - [11/Sep/2021:11:34:57 +0800] "GET /xingrg/check_reg.html?_=1631331169478 HTTP/1.1" 200 22
58.37.227.186 - - [11/Sep/2021:11:34:58 +0800] "GET /xingrg/kc/buy/cgsh_order_operate.html?command=get_materiel&rest_code=00141&code=00101002009&supplier_code=00100088&order_time=2021-09-11 HTTP/1.1" 200 414
101.83.145.79 - - [11/Sep/2021:11:35:00 +0800] "GET /xingrg/all/function/internal_message.html?_=1631331247521&CODE_STATE=getMsg HTTP/1.1" 200 27
180.169.147.146 - - [11/Sep/2021:11:35:01 +0800] "GET /xingrg/all/function/internal_message.html?_=1631331300148&CODE_STATE=getMsg HTTP/1.1" 200 27
116.238.168.124 - - [11/Sep/2021:11:35:02 +0800] "GET /xingrg/check_reg.html?_=1631331280389 HTTP/1.1" 200 22
116.238.168.124 - - [11/Sep/2021:11:35:03 +0800] "GET /xingrg/kc/buy/cgsh_order_add.html HTTP/1.1" 200 63385
101.83.145.79 - - [11/Sep/2021:11:35:03 +0800] "POST /xingrg/dwr/call/plaincall/AjaxReportQueryService.getFixDate.dwr HTTP/1.1" 200 111
116.238.168.124 - - [11/Sep/2021:11:35:04 +0800] "POST /xingrg/kc/buy/cgsh_order_operate.html HTTP/1.1" 200 8245
116.238.168.124 - - [11/Sep/2021:11:35:05 +0800] "GET /xingrg/javascript/easyui/themes/default/validatebox.css HTTP/1.1" 404 1104
101.83.145.79 - - [11/Sep/2021:11:35:06 +0800] "POST /xingrg/dwr/call/plaincall/AjaxReportQueryService.refreshCache.dwr HTTP/1.1" 200 78
222.70.246.151 - - [11/Sep/2021:11:35:07 +0800] "GET /xingrg/all/function/internal_message.html?_=1631331327470&CODE_STATE=getMsg HTTP/1.1" 200 27
222.70.246.151 - - [11/Sep/2021:11:35:08 +0800] "POST /xingrg/kc/buy/cgsh_order_operate.html HTTP/1.1" 200 37
116.237.74.154 - - [11/Sep/2021:11:35:09 +0800] "GET /xingrg/kc/buy/cgsh_order_operate.html?command=get_materiel&rest_code=00106&code=00101010691&supplier_code=00100327&order_time=2021-09-11 HTTP/1.1" 200 397
222.70.246.151 - - [11/Sep/2021:11:35:09 +0800] "POST /xingrg/kc/buy/cgsh_order_operate.html HTTP/1.1" 200 2657
101.83.145.79 - - [11/Sep/2021:11:35:10 +0800] "POST /xingrg/all/report/load_report_page.html HTTP/1.1" 200 8875
101.83.145.79 - - [11/Sep/2021:11:35:10 +0800] "GET /xingrg/servlets/image?cache=0.12932899738657866&image=px HTTP/1.1" 200 807
222.70.246.151 - - [11/Sep/2021:11:35:11 +0800] "GET /xingrg/kc/print/load_data.html?order_code=212021091104636&kc_code=cgsh&condition= HTTP/1.1" 200 688
116.238.168.124 - - [11/Sep/2021:11:35:12 +0800] "GET /xingrg/javascript/jquery_easy_ui/themes/default/images/tabs_active.png HTTP/1.1" 304 -
101.83.145.79 - - [11/Sep/2021:11:35:12 +0800] "GET /xingrg/kc/base/wldb_order_operate.html?command=get_materiel&rest_code=00105&base_code=0010508&code=00102002118 HTTP/1.1" 200 452
116.238.168.124 - - [11/Sep/2021:11:35:13 +0800] "GET /xingrg/javascript/easyui/themes/default/tree.css HTTP/1.1" 404 1090
116.238.168.124 - - [11/Sep/2021:11:35:13 +0800] "POST /xingrg/all/common/load_tree.html?tree=supplier_tree_json&isDelete=1 HTTP/1.1" 200 57687
116.228.172.94 - - [11/Sep/2021:11:35:14 +0800] "GET /xingrg/all/function/internal_message.html?_=1631331312678&CODE_STATE=getMsg HTTP/1.1" 200 27
101.83.145.79 - - [11/Sep/2021:11:35:14 +0800] "POST /xingrg/all/common/load_select.html HTTP/1.1" 200 38
101.83.145.79 - - [11/Sep/2021:11:35:16 +0800] "GET /xingrg/kc/base/wldb_order_operate.html?command=get_materiel_price&rest_code=00105&base_code=0010508&code=00102002118&unit_code=00100339 HTTP/1.1" 200 35
116.238.168.124 - - [11/Sep/2021:11:35:17 +0800] "GET /xingrg/all/function/internal_message.html?_=1631331295423&CODE_STATE=getMsg HTTP/1.1" 200 27
222.70.246.151 - - [11/Sep/2021:11:35:19 +0800] "GET /xingrg/kc/buy/cgsh_order_add.html HTTP/1.1" 200 63432
222.70.246.151 - - [11/Sep/2021:11:35:20 +0800] "POST /xingrg/kc/buy/cgsh_order_operate.html HTTP/1.1" 200 8245
222.70.246.151 - - [11/Sep/2021:11:35:20 +0800] "GET /xingrg/javascript/easyui/themes/default/validatebox.css HTTP/1.1" 404 1104
116.237.74.154 - - [11/Sep/2021:11:35:21 +0800] "GET /xingrg/kc/buy/cgsh_order_operate.html?command=get_materiel&rest_code=00106&code=00101010569&supplier_code=00100327&order_time=2021-09-11 HTTP/1.1" 200 397
120.253.135.82 - - [11/Sep/2021:11:35:25 +0800] "GET /xingrg/all/function/internal_message.html?_=1631331097592&CODE_STATE=getMsg HTTP/1.1" 200 27
101.83.145.79 - - [11/Sep/2021:11:35:26 +0800] "GET /xingrg/all/function/internal_message.html?_=1631331323517&CODE_STATE=getMsg HTTP/1.1" 200 27
58.40.7.146 - - [11/Sep/2021:11:35:28 +0800] "GET /xingrg/check_reg.html?_=1631331327169 HTTP/1.1" 302 -
116.237.74.154 - - [11/Sep/2021:11:35:29 +0800] "GET /xingrg/all/function/internal_message.html?_=1631331328423&CODE_STATE=getMsg HTTP/1.1" 200 27
222.69.131.118 - - [11/Sep/2021:11:35:31 +0800] "GET /xingrg/all/function/internal_message.html?_=1631331330203&CODE_STATE=getMsg HTTP/1.1" 200 27
116.237.74.154 - - [11/Sep/2021:11:35:33 +0800] "GET /xingrg/all/function/internal_message.html?_=1631331325603&CODE_STATE=getMsg HTTP/1.1" 200 27
58.37.227.186 - - [11/Sep/2021:11:35:34 +0800] "POST /xingrg/kc/buy/cgsh_order_operate.html HTTP/1.1" 200 37
116.238.194.18 - - [11/Sep/2021:11:35:36 +0800] "GET /xingrg/all/function/internal_message.html?_=1631331334721&CODE_STATE=getMsg HTTP/1.1" 200 27
58.37.227.186 - - [11/Sep/2021:11:35:36 +0800] "POST /xingrg/kc/buy/cgsh_order_operate.html HTTP/1.1" 200 12
116.238.194.18 - - [11/Sep/2021:11:35:36 +0800] "GET /xingrg/check_reg.html?_=1631331334909 HTTP/1.1" 200 22
58.37.227.186 - - [11/Sep/2021:11:35:37 +0800] "GET /xingrg/kc/buy/cgsh_order_info.html?code=212021091104637 HTTP/1.1" 200 58343
58.37.227.186 - - [11/Sep/2021:11:35:37 +0800] "GET /xingrg/javascript/easyui/themes/default/validatebox.css HTTP/1.1" 404 1104
58.37.227.186 - - [11/Sep/2021:11:35:38 +0800] "POST /xingrg/kc/buy/cgsh_order_operate.html HTTP/1.1" 200 616
58.37.227.186 - - [11/Sep/2021:11:35:39 +0800] "GET /xingrg/kc/print/load_data.html?order_code=212021091104637&kc_code=cgsh&condition= HTTP/1.1" 200 797
116.238.168.124 - - [11/Sep/2021:11:35:41 +0800] "GET /xingrg/kc/buy/cgsh_order_operate.html?command=get_materiel&rest_code=00102&code=00101001010&supplier_code=00100400&order_time=2021-09-11 HTTP/1.1" 200 411
222.70.246.151 - - [11/Sep/2021:11:35:41 +0800] "GET /xingrg/kc/buy/cgsh_order_operate.html?command=get_materiel&rest_code=00146&code=00101001135&supplier_code=00100313&order_time=2021-09-11 HTTP/1.1" 200 413
101.85.93.96 - - [11/Sep/2021:11:35:41 +0800] "GET /xingrg/all/function/internal_message.html?_=1631331262728&CODE_STATE=getMsg HTTP/1.1" 200 27
58.37.227.186 - - [11/Sep/2021:11:35:42 +0800] "GET /xingrg/kc/buy/cgsh_order_add.html HTTP/1.1" 200 63432
58.37.227.186 - - [11/Sep/2021:11:35:42 +0800] "POST /xingrg/kc/buy/cgsh_order_operate.html HTTP/1.1" 200 8245
58.37.227.186 - - [11/Sep/2021:11:35:42 +0800] "GET /xingrg/javascript/easyui/themes/default/validatebox.css HTTP/1.1" 404 1104
116.238.194.18 - - [11/Sep/2021:11:35:43 +0800] "GET /xingrg/all/function/internal_message.html?_=1631331313957&CODE_STATE=getMsg HTTP/1.1" 200 27
116.238.194.18 - - [11/Sep/2021:11:35:43 +0800] "POST /xingrg/all/user/operate.html HTTP/1.1" 200 36
116.238.194.18 - - [11/Sep/2021:11:35:43 +0800] "GET /xingrg/index.html?sysBaseUrl=http%3A%2F%2F180.169.147.146%3A18081%2Fxingrg%2F&costTime=40×tamp=1631184791313 HTTP/1.1" 200 17179
116.238.194.18 - - [11/Sep/2021:11:35:43 +0800] "GET /xingrg/javascript/jquery_easy_ui/themes/default/easyui.css HTTP/1.1" 304 -
116.238.194.18 - - [11/Sep/2021:11:35:43 +0800] "GET /xingrg/javascript/jquery_easy_ui/themes/icon.css HTTP/1.1" 304 -
116.238.194.18 - - [11/Sep/2021:11:35:43 +0800] "GET /xingrg/css/form.css HTTP/1.1" 304 -
116.238.194.18 - - [11/Sep/2021:11:35:43 +0800] "GET /xingrg/javascript/jquery-1.4.2.min.js HTTP/1.1" 304 -
116.238.194.18 - - [11/Sep/2021:11:35:43 +0800] "GET /xingrg/javascript/jquery_easy_ui/jquery.easyui.min.js HTTP/1.1" 304 -
116.238.194.18 - - [11/Sep/2021:11:35:43 +0800] "GET /xingrg/javascript/jquery_easy_ui/easyui-lang-zh_CN.js HTTP/1.1" 304 -
116.238.194.18 - - [11/Sep/2021:11:35:43 +0800] "GET /xingrg/javascript/jquery.form.js HTTP/1.1" 304 -
116.238.194.18 - - [11/Sep/2021:11:35:43 +0800] "GET /xingrg/javascript/jquery.utils.js HTTP/1.1" 304 -
116.238.194.18 - - [11/Sep/2021:11:35:43 +0800] "GET /xingrg/javascript/jquery.timers.js HTTP/1.1" 304 -
116.238.194.18 - - [11/Sep/2021:11:35:43 +0800] "GET /xingrg/images/blue/jxLogo.png HTTP/1.1" 304 -
116.238.194.18 - - [11/Sep/2021:11:35:43 +0800] "GET /xingrg/images/blue/navBackgound.jpg HTTP/1.1" 304 -
