120.253.135.82 - - [11/Sep/2021:10:04:44 +0800] "GET /xingrg/javascript/jquery_easy_ui/themes/icons/delivery_new.png HTTP/1.1" 304 -
120.253.135.82 - - [11/Sep/2021:10:04:44 +0800] "GET /xingrg/javascript/jquery_easy_ui/themes/icons/forms_new.png HTTP/1.1" 304 -
120.253.135.82 - - [11/Sep/2021:10:04:44 +0800] "GET /xingrg/javascript/jquery_easy_ui/themes/icons/storage_new.png HTTP/1.1" 304 -
120.253.135.82 - - [11/Sep/2021:10:04:44 +0800] "GET /xingrg/javascript/jquery_easy_ui/themes/default/images/tree_file.gif HTTP/1.1" 304 -
120.253.135.82 - - [11/Sep/2021:10:04:44 +0800] "GET /xingrg/javascript/jquery_easy_ui/themes/default/images/tree_folder.gif HTTP/1.1" 304 -
180.157.254.90 - - [11/Sep/2021:10:04:47 +0800] "GET /xingrg/all/function/internal_message.html?_=1631325885752&CODE_STATE=getMsg HTTP/1.1" 200 27
180.169.147.146 - - [11/Sep/2021:10:04:47 +0800] "GET /xingrg/all/function/internal_message.html?_=1631325881530&CODE_STATE=getMsg HTTP/1.1" 200 27
120.253.135.82 - - [11/Sep/2021:10:04:49 +0800] "GET /xingrg/javascript/jquery_easy_ui/themes/default/images/tabs_close.gif HTTP/1.1" 304 -
120.253.135.82 - - [11/Sep/2021:10:04:49 +0800] "GET /xingrg/kc/pszx/mdqp_order_list.html?state=10 HTTP/1.1" 200 10651
120.253.135.82 - - [11/Sep/2021:10:04:49 +0800] "GET /xingrg/css/blue.css HTTP/1.1" 304 -
120.253.135.82 - - [11/Sep/2021:10:04:49 +0800] "GET /xingrg/dwr/util.js HTTP/1.1" 304 -
120.253.135.82 - - [11/Sep/2021:10:04:49 +0800] "GET /xingrg/javascript/pic_change.js HTTP/1.1" 304 -
120.253.135.82 - - [11/Sep/2021:10:04:49 +0800] "GET /xingrg/javascript/myfunction.js HTTP/1.1" 304 -
120.253.135.82 - - [11/Sep/2021:10:04:49 +0800] "GET /xingrg/javascript/Calendar.js HTTP/1.1" 304 -
120.253.135.82 - - [11/Sep/2021:10:04:49 +0800] "GET /xingrg/dwr/interface/AjaxReportQueryService.js HTTP/1.1" 200 13203
120.253.135.82 - - [11/Sep/2021:10:04:49 +0800] "GET /xingrg/dwr/interface/AjaxQqpsService.js HTTP/1.1" 200 16326
120.253.135.82 - - [11/Sep/2021:10:04:49 +0800] "GET /xingrg/dwr/engine.js HTTP/1.1" 200 43631
120.253.135.82 - - [11/Sep/2021:10:04:49 +0800] "GET /xingrg/javascript/jquery_easy_ui/themes/icons/check_new.png HTTP/1.1" 304 -
120.253.135.82 - - [11/Sep/2021:10:04:49 +0800] "GET /xingrg/javascript/jquery_easy_ui/themes/icons/uncheck_new.png HTTP/1.1" 304 -
120.253.135.82 - - [11/Sep/2021:10:04:49 +0800] "GET /xingrg/javascript/jquery_easy_ui/themes/icons/back_new.png HTTP/1.1" 304 -
116.230.105.26 - - [11/Sep/2021:10:04:50 +0800] "GET /xingrg/all/function/internal_message.html?_=1631325887704&CODE_STATE=getMsg HTTP/1.1" 200 27
58.37.227.186 - - [11/Sep/2021:10:04:51 +0800] "GET /xingrg/all/function/internal_message.html?_=1631325763837&CODE_STATE=getMsg HTTP/1.1" 200 27
120.253.135.82 - - [11/Sep/2021:10:04:54 +0800] "GET /xingrg/kc/pszx/mdqp_order_info.html?code=302021091100230 HTTP/1.1" 200 13338
120.253.135.82 - - [11/Sep/2021:10:04:54 +0800] "GET /xingrg/javascript/auto/jquery.autocomplete.js HTTP/1.1" 304 -
120.253.135.82 - - [11/Sep/2021:10:04:54 +0800] "GET /xingrg/javascript/tools/jquery.qtip-1.0.0-rc3.min.js HTTP/1.1" 200 38404
120.253.135.82 - - [11/Sep/2021:10:04:54 +0800] "GET /xingrg/javascript/AjaxInfoList.js HTTP/1.1" 200 3774
120.253.135.82 - - [11/Sep/2021:10:04:54 +0800] "GET /xingrg/dwr/interface/AjaxComOrderService.js HTTP/1.1" 200 18264
120.253.135.82 - - [11/Sep/2021:10:04:54 +0800] "GET /xingrg/dwr/interface/AjaxQqpsService.js HTTP/1.1" 200 16326
120.253.135.82 - - [11/Sep/2021:10:04:54 +0800] "GET /xingrg/javascript/Grid.js HTTP/1.1" 200 58908
120.253.135.82 - - [11/Sep/2021:10:04:54 +0800] "GET /xingrg/javascript/print/kc_print.js HTTP/1.1" 304 -
120.253.135.82 - - [11/Sep/2021:10:04:54 +0800] "GET /xingrg/javascript/checkform.js HTTP/1.1" 200 18351
120.253.135.82 - - [11/Sep/2021:10:04:54 +0800] "GET /xingrg/javascript/ToolTips.js HTTP/1.1" 200 5615
120.253.135.82 - - [11/Sep/2021:10:04:54 +0800] "GET /xingrg/javascript/print/LodopFuncs.js HTTP/1.1" 304 -
120.253.135.82 - - [11/Sep/2021:10:04:54 +0800] "GET /xingrg/dwr/engine.js HTTP/1.1" 200 43631
120.253.135.82 - - [11/Sep/2021:10:04:54 +0800] "GET /xingrg/javascript/jquery_easy_ui/themes/icons/print.png HTTP/1.1" 200 1057
120.253.135.82 - - [11/Sep/2021:10:04:54 +0800] "GET /xingrg/javascript/jquery_easy_ui/themes/default/images/menu_downarrow.png HTTP/1.1" 200 173
120.253.135.82 - - [11/Sep/2021:10:04:54 +0800] "GET /xingrg/images/blue/button/kc_tab_edit.gif HTTP/1.1" 200 551
120.253.135.82 - - [11/Sep/2021:10:04:54 +0800] "GET /xingrg/images/blue/button/kc_tab_save.gif HTTP/1.1" 200 777
120.253.135.82 - - [11/Sep/2021:10:04:54 +0800] "GET /xingrg/images/blue/kc_tab_left.gif HTTP/1.1" 200 188
120.253.135.82 - - [11/Sep/2021:10:04:54 +0800] "GET /xingrg/images/blue/kc_tab_mid.gif HTTP/1.1" 200 44
120.253.135.82 - - [11/Sep/2021:10:04:54 +0800] "GET /xingrg/images/blue/kc_tab_right.gif HTTP/1.1" 200 643
120.253.135.82 - - [11/Sep/2021:10:04:54 +0800] "GET /xingrg/images/blue/kc_tab2_left.gif HTTP/1.1" 200 625
120.253.135.82 - - [11/Sep/2021:10:04:54 +0800] "GET /xingrg/images/blue/kc_tab2_right.gif HTTP/1.1" 200 192
120.253.135.82 - - [11/Sep/2021:10:04:54 +0800] "GET /xingrg/images/blue/wait.gif HTTP/1.1" 200 1100
120.253.135.82 - - [11/Sep/2021:10:04:54 +0800] "POST /xingrg/dwr/call/plaincall/AjaxQqpsService.loadMaterielItems.dwr HTTP/1.1" 200 392
120.253.135.82 - - [11/Sep/2021:10:04:56 +0800] "GET /xingrg/javascript/jquery_easy_ui/themes/default/images/button_plain_hover.png HTTP/1.1" 200 252
120.253.135.82 - - [11/Sep/2021:10:04:56 +0800] "GET /xingrg/kc/pszx/mdqp_order_list.html?isBack=1 HTTP/1.1" 302 -
120.253.135.82 - - [11/Sep/2021:10:04:56 +0800] "GET /xingrg/kc/pszx/mdqp_order_list.html?state=10 HTTP/1.1" 200 10651
120.253.135.82 - - [11/Sep/2021:10:04:56 +0800] "GET /xingrg/dwr/interface/AjaxReportQueryService.js HTTP/1.1" 200 13203
120.253.135.82 - - [11/Sep/2021:10:04:56 +0800] "GET /xingrg/dwr/interface/AjaxQqpsService.js HTTP/1.1" 200 16326
120.253.135.82 - - [11/Sep/2021:10:04:56 +0800] "GET /xingrg/dwr/engine.js HTTP/1.1" 200 43631
58.37.227.186 - - [11/Sep/2021:10:04:56 +0800] "POST /xingrg/kc/buy/cgsh_order_operate.html HTTP/1.1" 200 37
58.37.227.186 - - [11/Sep/2021:10:04:59 +0800] "POST /xingrg/kc/buy/cgsh_order_operate.html HTTP/1.1" 200 12
120.253.135.82 - - [11/Sep/2021:10:04:59 +0800] "GET /xingrg/kc/report/report_main.html HTTP/1.1" 200 9370
120.253.135.82 - - [11/Sep/2021:10:04:59 +0800] "GET /xingrg/javascript/jquery_ui/themes/humanity/humanity.css HTTP/1.1" 304 -
120.253.135.82 - - [11/Sep/2021:10:04:59 +0800] "GET /xingrg/javascript/json2.js HTTP/1.1" 304 -
101.83.145.79 - - [11/Sep/2021:10:05:00 +0800] "GET /xingrg/all/function/internal_message.html?_=1631325847377&CODE_STATE=getMsg HTTP/1.1" 200 27
58.37.227.186 - - [11/Sep/2021:10:05:00 +0800] "GET /xingrg/kc/buy/cgsh_order_info.html?code=212021091104523 HTTP/1.1" 200 58341
120.253.135.82 - - [11/Sep/2021:10:05:00 +0800] "GET /xingrg/all/function/internal_message.html?_=1631325672594&CODE_STATE=getMsg HTTP/1.1" 200 27
120.253.135.82 - - [11/Sep/2021:10:05:00 +0800] "GET /xingrg/kc/base/kc_stocks.html HTTP/1.1" 200 16437
120.253.135.82 - - [11/Sep/2021:10:05:00 +0800] "GET /xingrg/css/base.css HTTP/1.1" 304 -
120.253.135.82 - - [11/Sep/2021:10:05:00 +0800] "GET /xingrg/css/site.css HTTP/1.1" 304 -
120.253.135.82 - - [11/Sep/2021:10:05:00 +0800] "GET /xingrg/javascript/jquery_tools/datebox.css HTTP/1.1" 304 -
120.253.135.82 - - [11/Sep/2021:10:05:00 +0800] "GET /xingrg/javascript/easyui/themes/sunny/easyui.css HTTP/1.1" 304 -
120.253.135.82 - - [11/Sep/2021:10:05:00 +0800] "GET /xingrg/javascript/easyui/themes/icon.css HTTP/1.1" 304 -
120.253.135.82 - - [11/Sep/2021:10:05:00 +0800] "GET /xingrg/javascript/auto/jquery.autocomplete.css HTTP/1.1" 304 -
120.253.135.82 - - [11/Sep/2021:10:05:00 +0800] "GET /xingrg/javascript/jquery_tools/fix.css HTTP/1.1" 304 -
120.253.135.82 - - [11/Sep/2021:10:05:01 +0800] "GET /xingrg/javascript/jquery_tools/jquery.tools.min.js HTTP/1.1" 304 -
120.253.135.82 - - [11/Sep/2021:10:05:01 +0800] "GET /xingrg/javascript/jquery_tools/jquery.tools.extend.js HTTP/1.1" 304 -
58.37.227.186 - - [11/Sep/2021:10:05:01 +0800] "GET /xingrg/javascript/easyui/themes/default/validatebox.css HTTP/1.1" 404 1104
120.253.135.82 - - [11/Sep/2021:10:05:01 +0800] "GET /xingrg/javascript/jquery_tools/jquery.tools.hotkey.js HTTP/1.1" 304 -
120.253.135.82 - - [11/Sep/2021:10:05:01 +0800] "GET /xingrg/javascript/jquery_tools/list_manager.js HTTP/1.1" 304 -
120.253.135.82 - - [11/Sep/2021:10:05:01 +0800] "GET /xingrg/javascript/easyui/easyloader.js HTTP/1.1" 304 -
120.253.135.82 - - [11/Sep/2021:10:05:01 +0800] "GET /xingrg/javascript/jquery.cookie.js HTTP/1.1" 304 -
120.253.135.82 - - [11/Sep/2021:10:05:01 +0800] "GET /xingrg/javascript/convert.js HTTP/1.1" 304 -
120.253.135.82 - - [11/Sep/2021:10:05:01 +0800] "GET /xingrg/javascript/easyui/themes/icons/field_new.png HTTP/1.1" 304 -
120.253.135.82 - - [11/Sep/2021:10:05:01 +0800] "GET /xingrg/javascript/easyui/themes/icons/print_new.png HTTP/1.1" 304 -
120.253.135.82 - - [11/Sep/2021:10:05:01 +0800] "GET /xingrg/javascript/easyui/themes/icons/filter_new.png HTTP/1.1" 304 -
120.253.135.82 - - [11/Sep/2021:10:05:01 +0800] "GET /xingrg/javascript/easyui/themes/icons/refresh_new.png HTTP/1.1" 304 -
120.253.135.82 - - [11/Sep/2021:10:05:01 +0800] "GET /xingrg/javascript/easyui/themes/icons/import_new.png HTTP/1.1" 304 -
120.253.135.82 - - [11/Sep/2021:10:05:01 +0800] "GET /xingrg/javascript/easyui/plugins/jquery.parser.js HTTP/1.1" 304 -
120.253.135.82 - - [11/Sep/2021:10:05:01 +0800] "GET /xingrg/images/control/ajaxLoader.gif HTTP/1.1" 304 -
120.253.135.82 - - [11/Sep/2021:10:05:01 +0800] "GET /xingrg/javascript/easyui/plugins/jquery.draggable.js HTTP/1.1" 304 -
120.253.135.82 - - [11/Sep/2021:10:05:01 +0800] "GET /xingrg/all/common/auto_word.html?type=base&rest_code=00101 HTTP/1.1" 200 613
120.253.135.82 - - [11/Sep/2021:10:05:01 +0800] "GET /xingrg/javascript/easyui/plugins/jquery.droppable.js HTTP/1.1" 304 -
120.253.135.82 - - [11/Sep/2021:10:05:01 +0800] "GET /xingrg/javascript/easyui/themes/default/tree.css HTTP/1.1" 404 1090
120.253.135.82 - - [11/Sep/2021:10:05:01 +0800] "GET /xingrg/javascript/easyui/plugins/jquery.tree.js HTTP/1.1" 304 -
120.253.135.82 - - [11/Sep/2021:10:05:01 +0800] "POST /xingrg/all/common/load_tree.html?tree=materiel_sort_tree_json HTTP/1.1" 200 8792
58.37.227.186 - - [11/Sep/2021:10:05:01 +0800] "POST /xingrg/kc/buy/cgsh_order_operate.html HTTP/1.1" 200 7690
120.253.135.82 - - [11/Sep/2021:10:05:01 +0800] "GET /xingrg/javascript/easyui/themes/sunny/images/tree_arrows.gif HTTP/1.1" 304 -
120.253.135.82 - - [11/Sep/2021:10:05:01 +0800] "GET /xingrg/javascript/easyui/themes/sunny/images/tree_folder.gif HTTP/1.1" 304 -
120.253.135.82 - - [11/Sep/2021:10:05:01 +0800] "GET /xingrg/javascript/easyui/themes/sunny/images/tree_folder_open.gif HTTP/1.1" 304 -
120.253.135.82 - - [11/Sep/2021:10:05:01 +0800] "GET /xingrg/javascript/easyui/themes/sunny/images/tree_file.gif HTTP/1.1" 304 -
180.169.147.146 - - [11/Sep/2021:10:05:01 +0800] "GET /xingrg/all/function/internal_message.html?_=1631325900148&CODE_STATE=getMsg HTTP/1.1" 200 27
116.238.168.124 - - [11/Sep/2021:10:05:02 +0800] "GET /xingrg/kc/buy/cgsh_order_operate.html?command=get_materiel&rest_code=00102&code=00101006112&supplier_code=00100096&order_time=2021-09-11 HTTP/1.1" 200 411
58.37.227.186 - - [11/Sep/2021:10:05:02 +0800] "GET /xingrg/kc/print/load_config.html?kc_code=cgsh HTTP/1.1" 200 2076
58.37.227.186 - - [11/Sep/2021:10:05:02 +0800] "GET /xingrg/kc/print/load_data.html?order_code=212021091104523&kc_code=cgsh HTTP/1.1" 200 3482
120.253.135.82 - - [11/Sep/2021:10:05:04 +0800] "GET /xingrg/css/images/panel_loading.gif HTTP/1.1" 304 -
120.253.135.82 - - [11/Sep/2021:10:05:04 +0800] "POST /xingrg/all/common/load_combo.html?type=base HTTP/1.1" 200 1075
58.37.227.186 - - [11/Sep/2021:10:05:05 +0800] "GET /xingrg/kc/print/load_data.html?order_code=212021091104523&kc_code=cgsh&condition= HTTP/1.1" 200 3482
101.83.145.79 - - [11/Sep/2021:10:05:05 +0800] "GET /xingrg/all/function/internal_message.html?_=1631325904569&CODE_STATE=getMsg HTTP/1.1" 200 27
222.70.246.151 - - [11/Sep/2021:10:05:05 +0800] "GET /xingrg/all/function/internal_message.html?_=1631325926061&CODE_STATE=getMsg HTTP/1.1" 200 27
58.37.227.186 - - [11/Sep/2021:10:05:09 +0800] "GET /xingrg/kc/buy/cgsh_order_add.html HTTP/1.1" 200 63432
58.37.227.186 - - [11/Sep/2021:10:05:09 +0800] "POST /xingrg/kc/buy/cgsh_order_operate.html HTTP/1.1" 200 8245
58.37.227.186 - - [11/Sep/2021:10:05:09 +0800] "GET /xingrg/javascript/easyui/themes/default/validatebox.css HTTP/1.1" 404 1104
120.253.135.82 - - [11/Sep/2021:10:05:12 +0800] "POST /xingrg/kc/base/stock_operate.html HTTP/1.1" 200 1752
120.253.135.82 - - [11/Sep/2021:10:05:12 +0800] "GET /xingrg/javascript/jquery_tools/fix_table.js HTTP/1.1" 304 -
116.228.172.94 - - [11/Sep/2021:10:05:14 +0800] "GET /xingrg/all/function/internal_message.html?_=1631325915232&CODE_STATE=getMsg HTTP/1.1" 200 27
116.238.168.124 - - [11/Sep/2021:10:05:14 +0800] "GET /xingrg/all/function/internal_message.html?_=1631325892453&CODE_STATE=getMsg HTTP/1.1" 200 27
116.238.168.124 - - [11/Sep/2021:10:05:22 +0800] "GET /xingrg/kc/buy/cgsh_order_operate.html?command=get_materiel&rest_code=00102&code=00101020153&supplier_code=00100096&order_time=2021-09-11 HTTP/1.1" 200 408
116.233.72.251 - - [11/Sep/2021:10:05:23 +0800] "GET /xingrg/all/function/internal_message.html?_=1631325922412&CODE_STATE=getMsg HTTP/1.1" 200 27
58.37.227.186 - - [11/Sep/2021:10:05:24 +0800] "GET /xingrg/kc/buy/cgsh_order_operate.html?command=get_materiel&rest_code=00141&code=00101005037&supplier_code=00100040&order_time=2021-09-11 HTTP/1.1" 200 409
58.40.7.146 - - [11/Sep/2021:10:05:29 +0800] "GET /xingrg/check_reg.html?_=1631325927609 HTTP/1.1" 302 -
222.69.131.118 - - [11/Sep/2021:10:05:32 +0800] "GET /xingrg/all/function/internal_message.html?_=1631325931232&CODE_STATE=getMsg HTTP/1.1" 200 27
116.238.194.18 - - [11/Sep/2021:10:05:36 +0800] "GET /xingrg/check_reg.html?_=1631325934582 HTTP/1.1" 200 22
116.238.194.18 - - [11/Sep/2021:10:05:36 +0800] "GET /xingrg/all/function/internal_message.html?_=1631325934586&CODE_STATE=getMsg HTTP/1.1" 200 27
58.37.227.186 - - [11/Sep/2021:10:05:36 +0800] "GET /xingrg/kc/buy/cgsh_order_operate.html?command=get_materiel&rest_code=00141&code=00101001010&supplier_code=00100040&order_time=2021-09-11 HTTP/1.1" 200 409
222.70.246.151 - - [11/Sep/2021:10:05:39 +0800] "GET /xingrg/all/function/internal_message.html?_=1631325940226&CODE_STATE=getMsg HTTP/1.1" 200 27
116.238.194.18 - - [11/Sep/2021:10:05:41 +0800] "GET /xingrg/all/function/internal_message.html?_=1631325912735&CODE_STATE=getMsg HTTP/1.1" 200 27
120.253.135.82 - - [11/Sep/2021:10:05:43 +0800] "GET /xingrg/all/function/internal_message.html?_=1631325933726&CODE_STATE=getMsg HTTP/1.1" 200 27
180.157.254.90 - - [11/Sep/2021:10:05:47 +0800] "GET /xingrg/all/function/internal_message.html?_=1631325945751&CODE_STATE=getMsg HTTP/1.1" 200 27
180.169.147.146 - - [11/Sep/2021:10:05:47 +0800] "GET /xingrg/check_reg.html?_=1631325941521 HTTP/1.1" 200 22
180.169.147.146 - - [11/Sep/2021:10:05:47 +0800] "GET /xingrg/all/function/internal_message.html?_=1631325941523&CODE_STATE=getMsg HTTP/1.1" 200 27
58.37.227.186 - - [11/Sep/2021:10:05:49 +0800] "POST /xingrg/kc/buy/cgsh_order_operate.html HTTP/1.1" 200 37
116.230.105.26 - - [11/Sep/2021:10:05:50 +0800] "GET /xingrg/all/function/internal_message.html?_=1631325947726&CODE_STATE=getMsg HTTP/1.1" 200 27
58.37.227.186 - - [11/Sep/2021:10:05:51 +0800] "GET /xingrg/all/function/internal_message.html?_=1631325823801&CODE_STATE=getMsg HTTP/1.1" 200 27
58.37.227.186 - - [11/Sep/2021:10:05:52 +0800] "POST /xingrg/kc/buy/cgsh_order_operate.html HTTP/1.1" 200 12
58.37.227.186 - - [11/Sep/2021:10:05:53 +0800] "GET /xingrg/kc/buy/cgsh_order_info.html?code=212021091104524 HTTP/1.1" 200 58341
58.37.227.186 - - [11/Sep/2021:10:05:53 +0800] "GET /xingrg/javascript/easyui/themes/default/validatebox.css HTTP/1.1" 404 1104
58.37.227.186 - - [11/Sep/2021:10:05:54 +0800] "POST /xingrg/kc/buy/cgsh_order_operate.html HTTP/1.1" 200 1192
58.37.227.186 - - [11/Sep/2021:10:05:55 +0800] "GET /xingrg/kc/print/load_data.html?order_code=212021091104524&kc_code=cgsh&condition= HTTP/1.1" 200 1003
58.37.227.186 - - [11/Sep/2021:10:05:58 +0800] "GET /xingrg/kc/buy/cgsh_order_add.html HTTP/1.1" 200 63432
58.37.227.186 - - [11/Sep/2021:10:05:59 +0800] "POST /xingrg/kc/buy/cgsh_order_operate.html HTTP/1.1" 200 8245
58.37.227.186 - - [11/Sep/2021:10:05:59 +0800] "GET /xingrg/javascript/easyui/themes/default/validatebox.css HTTP/1.1" 404 1104
101.83.145.79 - - [11/Sep/2021:10:06:00 +0800] "GET /xingrg/check_reg.html?_=1631325907376 HTTP/1.1" 200 22
101.83.145.79 - - [11/Sep/2021:10:06:00 +0800] "GET /xingrg/all/function/internal_message.html?_=1631325907378&CODE_STATE=getMsg HTTP/1.1" 200 27
120.253.135.82 - - [11/Sep/2021:10:06:00 +0800] "GET /xingrg/all/function/internal_message.html?_=1631325732608&CODE_STATE=getMsg HTTP/1.1" 200 27
180.169.147.146 - - [11/Sep/2021:10:06:01 +0800] "GET /xingrg/all/function/internal_message.html?_=1631325960138&CODE_STATE=getMsg HTTP/1.1" 200 27
101.83.145.79 - - [11/Sep/2021:10:06:05 +0800] "GET /xingrg/all/function/internal_message.html?_=1631325964546&CODE_STATE=getMsg HTTP/1.1" 200 27
222.70.246.151 - - [11/Sep/2021:10:06:05 +0800] "GET /xingrg/all/function/internal_message.html?_=1631325986074&CODE_STATE=getMsg HTTP/1.1" 200 27
58.37.227.186 - - [11/Sep/2021:10:06:11 +0800] "GET /xingrg/kc/buy/cgsh_order_operate.html?command=get_materiel&rest_code=00141&code=00101011005&supplier_code=00100036&order_time=2021-09-11 HTTP/1.1" 200 428
116.228.172.94 - - [11/Sep/2021:10:06:14 +0800] "GET /xingrg/all/function/internal_message.html?_=1631325975235&CODE_STATE=getMsg HTTP/1.1" 200 27
116.238.168.124 - - [11/Sep/2021:10:06:14 +0800] "GET /xingrg/all/function/internal_message.html?_=1631325952467&CODE_STATE=getMsg HTTP/1.1" 200 27
116.233.72.251 - - [11/Sep/2021:10:06:23 +0800] "GET /xingrg/all/function/internal_message.html?_=1631325982411&CODE_STATE=getMsg HTTP/1.1" 200 27
58.37.227.186 - - [11/Sep/2021:10:06:24 +0800] "GET /xingrg/kc/buy/cgsh_order_operate.html?command=get_materiel&rest_code=00141&code=00101016025&supplier_code=00100036&order_time=2021-09-11 HTTP/1.1" 200 408
58.37.227.186 - - [11/Sep/2021:10:06:31 +0800] "GET /xingrg/kc/buy/cgsh_order_operate.html?command=get_materiel&rest_code=00141&code=00101012025&supplier_code=00100036&order_time=2021-09-11 HTTP/1.1" 200 412
222.69.131.118 - - [11/Sep/2021:10:06:32 +0800] "GET /xingrg/all/function/internal_message.html?_=1631325991231&CODE_STATE=getMsg HTTP/1.1" 200 27
116.238.194.18 - - [11/Sep/2021:10:06:36 +0800] "GET /xingrg/all/function/internal_message.html?_=1631325994579&CODE_STATE=getMsg HTTP/1.1" 200 27
58.37.227.186 - - [11/Sep/2021:10:06:37 +0800] "GET /xingrg/kc/buy/cgsh_order_operate.html?command=get_materiel&rest_code=00141&code=00101011001&supplier_code=00100036&order_time=2021-09-11 HTTP/1.1" 200 423
222.70.246.151 - - [11/Sep/2021:10:06:39 +0800] "GET /xingrg/all/function/internal_message.html?_=1631326000237&CODE_STATE=getMsg HTTP/1.1" 200 27
222.70.246.151 - - [11/Sep/2021:10:06:39 +0800] "GET /xingrg/check_reg.html?_=1631326000239 HTTP/1.1" 200 22
116.238.194.18 - - [11/Sep/2021:10:06:41 +0800] "GET /xingrg/all/function/internal_message.html?_=1631325972753&CODE_STATE=getMsg HTTP/1.1" 200 27
120.253.135.82 - - [11/Sep/2021:10:06:43 +0800] "GET /xingrg/all/function/internal_message.html?_=1631325993740&CODE_STATE=getMsg HTTP/1.1" 200 27
58.37.227.186 - - [11/Sep/2021:10:06:45 +0800] "GET /xingrg/kc/buy/cgsh_order_operate.html?command=get_materiel&rest_code=00141&code=00101010092&supplier_code=00100036&order_time=2021-09-11 HTTP/1.1" 200 450
180.157.254.90 - - [11/Sep/2021:10:06:47 +0800] "GET /xingrg/all/function/internal_message.html?_=1631326005751&CODE_STATE=getMsg HTTP/1.1" 200 27
180.169.147.146 - - [11/Sep/2021:10:06:47 +0800] "GET /xingrg/all/function/internal_message.html?_=1631326001521&CODE_STATE=getMsg HTTP/1.1" 200 27
116.230.105.26 - - [11/Sep/2021:10:06:50 +0800] "GET /xingrg/all/function/internal_message.html?_=1631326007708&CODE_STATE=getMsg HTTP/1.1" 200 27
58.37.227.186 - - [11/Sep/2021:10:06:51 +0800] "GET /xingrg/all/function/internal_message.html?_=1631325883828&CODE_STATE=getMsg HTTP/1.1" 200 27
58.37.227.186 - - [11/Sep/2021:10:06:53 +0800] "GET /xingrg/kc/buy/cgsh_order_operate.html?command=get_materiel&rest_code=00141&code=00101012002&supplier_code=00100036&order_time=2021-09-11 HTTP/1.1" 200 419
101.83.145.79 - - [11/Sep/2021:10:07:00 +0800] "GET /xingrg/all/function/internal_message.html?_=1631325967362&CODE_STATE=getMsg HTTP/1.1" 200 27
120.253.135.82 - - [11/Sep/2021:10:07:00 +0800] "GET /xingrg/all/function/internal_message.html?_=1631325792649&CODE_STATE=getMsg HTTP/1.1" 200 27
180.169.147.146 - - [11/Sep/2021:10:07:01 +0800] "GET /xingrg/all/function/internal_message.html?_=1631326020144&CODE_STATE=getMsg HTTP/1.1" 200 27
58.37.227.186 - - [11/Sep/2021:10:07:03 +0800] "GET /xingrg/kc/buy/cgsh_order_operate.html?command=get_materiel&rest_code=00141&code=00101016053&supplier_code=00100036&order_time=2021-09-11 HTTP/1.1" 200 408
101.83.145.79 - - [11/Sep/2021:10:07:05 +0800] "GET /xingrg/all/function/internal_message.html?_=1631326024522&CODE_STATE=getMsg HTTP/1.1" 200 27
222.70.246.151 - - [11/Sep/2021:10:07:06 +0800] "GET /xingrg/all/function/internal_message.html?_=1631326046268&CODE_STATE=getMsg HTTP/1.1" 200 27
58.37.227.186 - - [11/Sep/2021:10:07:09 +0800] "GET /xingrg/kc/buy/cgsh_order_operate.html?command=get_materiel&rest_code=00141&code=00101016071&supplier_code=00100036&order_time=2021-09-11 HTTP/1.1" 200 416
116.238.194.18 - - [11/Sep/2021:10:07:10 +0800] "GET /xingrg/kc/buy/cgsh_order_operate.html?command=get_materiel&rest_code=00151&code=00101006013&supplier_code=00100096&order_time=2021-09-11 HTTP/1.1" 200 410
116.228.172.94 - - [11/Sep/2021:10:07:14 +0800] "GET /xingrg/all/function/internal_message.html?_=1631326035219&CODE_STATE=getMsg HTTP/1.1" 200 27
116.238.168.124 - - [11/Sep/2021:10:07:16 +0800] "GET /xingrg/all/function/internal_message.html?_=1631326013577&CODE_STATE=getMsg HTTP/1.1" 200 27
58.37.227.186 - - [11/Sep/2021:10:07:16 +0800] "GET /xingrg/kc/buy/cgsh_order_operate.html?command=get_materiel&rest_code=00141&code=00101016105&supplier_code=00100036&order_time=2021-09-11 HTTP/1.1" 200 409
116.238.194.18 - - [11/Sep/2021:10:07:18 +0800] "GET /xingrg/kc/buy/cgsh_order_operate.html?command=get_materiel&rest_code=00151&code=00101006084&supplier_code=00100096&order_time=2021-09-11 HTTP/1.1" 200 415
124.79.79.51 - - [11/Sep/2021:10:07:18 +0800] "POST /xingrg/services/DataTransmitService HTTP/1.1" 200 524
124.79.79.51 - - [11/Sep/2021:10:07:18 +0800] "POST /xingrg/services/DataTransmitService HTTP/1.1" 200 501
124.79.79.51 - - [11/Sep/2021:10:07:19 +0800] "POST /xingrg/services/DataTransmitService HTTP/1.1" 200 524
124.79.79.51 - - [11/Sep/2021:10:07:19 +0800] "POST /xingrg/services/DataTransmitService HTTP/1.1" 200 497
124.79.79.51 - - [11/Sep/2021:10:07:19 +0800] "POST /xingrg/services/DataTransmitService HTTP/1.1" 200 524
124.79.79.51 - - [11/Sep/2021:10:07:21 +0800] "POST /xingrg/services/DataTransmitService HTTP/1.1" 200 501
124.79.79.51 - - [11/Sep/2021:10:07:21 +0800] "POST /xingrg/services/DataTransmitService HTTP/1.1" 200 501
124.79.79.51 - - [11/Sep/2021:10:07:21 +0800] "POST /xingrg/services/DataTransmitService HTTP/1.1" 200 501
124.79.79.51 - - [11/Sep/2021:10:07:22 +0800] "POST /xingrg/services/DataTransmitService HTTP/1.1" 200 501
124.79.79.51 - - [11/Sep/2021:10:07:22 +0800] "POST /xingrg/services/DataTransmitService HTTP/1.1" 200 501
124.79.79.51 - - [11/Sep/2021:10:07:22 +0800] "POST /xingrg/services/DataTransmitService HTTP/1.1" 200 501
124.79.79.51 - - [11/Sep/2021:10:07:23 +0800] "POST /xingrg/services/DataTransmitService HTTP/1.1" 200 501
124.79.79.51 - - [11/Sep/2021:10:07:23 +0800] "POST /xingrg/services/DataTransmitService HTTP/1.1" 200 501
124.79.79.51 - - [11/Sep/2021:10:07:23 +0800] "POST /xingrg/services/DataTransmitService HTTP/1.1" 200 501
116.233.72.251 - - [11/Sep/2021:10:07:23 +0800] "GET /xingrg/all/function/internal_message.html?_=1631326042414&CODE_STATE=getMsg HTTP/1.1" 200 27
124.79.79.51 - - [11/Sep/2021:10:07:23 +0800] "POST /xingrg/services/DataTransmitService HTTP/1.1" 200 501
124.79.79.51 - - [11/Sep/2021:10:07:24 +0800] "POST /xingrg/services/DataTransmitService HTTP/1.1" 200 412
58.221.95.50 - - [11/Sep/2021:10:07:29 +0800] "GET /xingrg/check_reg.html?_=1631326048504 HTTP/1.1" 302 -
58.37.227.186 - - [11/Sep/2021:10:07:29 +0800] "GET /xingrg/kc/buy/cgsh_order_operate.html?command=get_materiel&rest_code=00141&code=00101019368&supplier_code=00100036&order_time=2021-09-11 HTTP/1.1" 200 464
222.69.131.118 - - [11/Sep/2021:10:07:32 +0800] "GET /xingrg/all/function/internal_message.html?_=1631326051240&CODE_STATE=getMsg HTTP/1.1" 200 27
116.238.194.18 - - [11/Sep/2021:10:07:36 +0800] "GET /xingrg/all/function/internal_message.html?_=1631326054595&CODE_STATE=getMsg HTTP/1.1" 200 27
222.70.246.151 - - [11/Sep/2021:10:07:39 +0800] "GET /xingrg/all/function/internal_message.html?_=1631326060229&CODE_STATE=getMsg HTTP/1.1" 200 27
116.238.194.18 - - [11/Sep/2021:10:07:41 +0800] "GET /xingrg/all/function/internal_message.html?_=1631326032761&CODE_STATE=getMsg HTTP/1.1" 200 27
120.253.135.82 - - [11/Sep/2021:10:07:43 +0800] "GET /xingrg/all/function/internal_message.html?_=1631326053754&CODE_STATE=getMsg HTTP/1.1" 200 27
120.253.135.82 - - [11/Sep/2021:10:07:44 +0800] "GET /xingrg/javascript/easyui/themes/sunny/images/ui-bg_gloss-wave_60_fece2f_500x100.png HTTP/1.1" 200 3512
120.253.135.82 - - [11/Sep/2021:10:07:46 +0800] "GET /xingrg/kc/pszx/mdqp_order_list.html?state=10 HTTP/1.1" 200 10651
120.253.135.82 - - [11/Sep/2021:10:07:46 +0800] "GET /xingrg/dwr/interface/AjaxReportQueryService.js HTTP/1.1" 200 13203
120.253.135.82 - - [11/Sep/2021:10:07:46 +0800] "GET /xingrg/dwr/interface/AjaxQqpsService.js HTTP/1.1" 200 16326
120.253.135.82 - - [11/Sep/2021:10:07:46 +0800] "GET /xingrg/dwr/engine.js HTTP/1.1" 200 43631
180.157.254.90 - - [11/Sep/2021:10:07:47 +0800] "GET /xingrg/all/function/internal_message.html?_=1631326065752&CODE_STATE=getMsg HTTP/1.1" 200 27
180.157.254.90 - - [11/Sep/2021:10:07:47 +0800] "GET /xingrg/check_reg.html?_=1631326065750 HTTP/1.1" 200 22
180.169.147.146 - - [11/Sep/2021:10:07:47 +0800] "GET /xingrg/all/function/internal_message.html?_=1631326061521&CODE_STATE=getMsg HTTP/1.1" 200 27
120.253.135.82 - - [11/Sep/2021:10:07:48 +0800] "GET /xingrg/kc/pszx/mdqp_order_info.html?code=302021091100230 HTTP/1.1" 200 13338
120.253.135.82 - - [11/Sep/2021:10:07:48 +0800] "GET /xingrg/dwr/interface/AjaxComOrderService.js HTTP/1.1" 200 18264
120.253.135.82 - - [11/Sep/2021:10:07:48 +0800] "GET /xingrg/dwr/interface/AjaxQqpsService.js HTTP/1.1" 200 16326
120.253.135.82 - - [11/Sep/2021:10:07:48 +0800] "GET /xingrg/dwr/engine.js HTTP/1.1" 200 43631
120.253.135.82 - - [11/Sep/2021:10:07:48 +0800] "POST /xingrg/dwr/call/plaincall/AjaxQqpsService.loadMaterielItems.dwr HTTP/1.1" 200 392
58.37.227.186 - - [11/Sep/2021:10:07:48 +0800] "GET /xingrg/kc/buy/cgsh_order_operate.html?command=get_materiel&rest_code=00141&code=00101020144&supplier_code=00100036&order_time=2021-09-11 HTTP/1.1" 200 448
116.230.105.26 - - [11/Sep/2021:10:07:50 +0800] "GET /xingrg/all/function/internal_message.html?_=1631326067732&CODE_STATE=getMsg HTTP/1.1" 200 27
58.37.227.186 - - [11/Sep/2021:10:07:51 +0800] "GET /xingrg/all/function/internal_message.html?_=1631325943810&CODE_STATE=getMsg HTTP/1.1" 200 27
222.70.246.151 - - [11/Sep/2021:10:07:55 +0800] "GET /favicon.ico HTTP/1.1" 404 -
58.37.227.186 - - [11/Sep/2021:10:07:55 +0800] "GET /xingrg/kc/buy/cgsh_order_operate.html?command=get_materiel&rest_code=00141&code=00101013119&supplier_code=00100036&order_time=2021-09-11 HTTP/1.1" 200 441
101.83.145.79 - - [11/Sep/2021:10:08:00 +0800] "GET /xingrg/all/function/internal_message.html?_=1631326027377&CODE_STATE=getMsg HTTP/1.1" 200 27
120.253.135.82 - - [11/Sep/2021:10:08:00 +0800] "GET /xingrg/javascript/jquery_easy_ui/themes/icons/area.png HTTP/1.1" 304 -
120.253.135.82 - - [11/Sep/2021:10:08:00 +0800] "GET /xingrg/javascript/jquery_easy_ui/themes/icons/manage.png HTTP/1.1" 304 -
120.253.135.82 - - [11/Sep/2021:10:08:00 +0800] "GET /xingrg/all/function/internal_message.html?_=1631325852666&CODE_STATE=getMsg HTTP/1.1" 200 27
180.169.147.146 - - [11/Sep/2021:10:08:01 +0800] "GET /xingrg/all/function/internal_message.html?_=1631326080147&CODE_STATE=getMsg HTTP/1.1" 200 27
116.238.194.18 - - [11/Sep/2021:10:08:04 +0800] "POST /xingrg/kc/buy/cgsh_order_operate.html HTTP/1.1" 200 37
101.83.145.79 - - [11/Sep/2021:10:08:05 +0800] "GET /xingrg/all/function/internal_message.html?_=1631326084500&CODE_STATE=getMsg HTTP/1.1" 200 27
222.70.246.151 - - [11/Sep/2021:10:08:06 +0800] "GET /xingrg/all/function/internal_message.html?_=1631326106273&CODE_STATE=getMsg HTTP/1.1" 200 27
116.238.194.18 - - [11/Sep/2021:10:08:08 +0800] "POST /xingrg/kc/buy/cgsh_order_operate.html HTTP/1.1" 200 12
116.238.194.18 - - [11/Sep/2021:10:08:09 +0800] "GET /xingrg/kc/buy/cgsh_order_info.html?code=212021091104525 HTTP/1.1" 200 57967
116.238.194.18 - - [11/Sep/2021:10:08:09 +0800] "GET /xingrg/javascript/easyui/themes/default/validatebox.css HTTP/1.1" 404 1104
116.238.194.18 - - [11/Sep/2021:10:08:10 +0800] "POST /xingrg/kc/buy/cgsh_order_operate.html HTTP/1.1" 200 5414
58.37.227.186 - - [11/Sep/2021:10:08:12 +0800] "POST /xingrg/kc/buy/cgsh_order_operate.html HTTP/1.1" 200 37
116.238.194.18 - - [11/Sep/2021:10:08:12 +0800] "GET /xingrg/kc/print/load_data.html?order_code=212021091104525&kc_code=cgsh&condition= HTTP/1.1" 200 2551
116.228.172.94 - - [11/Sep/2021:10:08:14 +0800] "GET /xingrg/all/function/internal_message.html?_=1631326095226&CODE_STATE=getMsg HTTP/1.1" 200 27
58.37.227.186 - - [11/Sep/2021:10:08:15 +0800] "POST /xingrg/kc/buy/cgsh_order_operate.html HTTP/1.1" 200 12
116.238.168.124 - - [11/Sep/2021:10:08:16 +0800] "GET /xingrg/all/function/internal_message.html?_=1631326073587&CODE_STATE=getMsg HTTP/1.1" 200 27
58.37.227.186 - - [11/Sep/2021:10:08:16 +0800] "GET /xingrg/kc/buy/cgsh_order_info.html?code=212021091104526 HTTP/1.1" 200 58343
58.37.227.186 - - [11/Sep/2021:10:08:16 +0800] "GET /xingrg/javascript/easyui/themes/default/validatebox.css HTTP/1.1" 404 1104
58.37.227.186 - - [11/Sep/2021:10:08:17 +0800] "POST /xingrg/kc/buy/cgsh_order_operate.html HTTP/1.1" 200 7790
58.37.227.186 - - [11/Sep/2021:10:08:18 +0800] "GET /xingrg/kc/print/load_data.html?order_code=212021091104526&kc_code=cgsh&condition= HTTP/1.1" 200 3566
58.37.227.186 - - [11/Sep/2021:10:08:21 +0800] "GET /xingrg/kc/buy/cgsh_order_add.html HTTP/1.1" 200 63432
58.37.227.186 - - [11/Sep/2021:10:08:22 +0800] "POST /xingrg/kc/buy/cgsh_order_operate.html HTTP/1.1" 200 8245
58.37.227.186 - - [11/Sep/2021:10:08:22 +0800] "GET /xingrg/javascript/easyui/themes/default/validatebox.css HTTP/1.1" 404 1104
116.233.72.251 - - [11/Sep/2021:10:08:23 +0800] "GET /xingrg/all/function/internal_message.html?_=1631326102415&CODE_STATE=getMsg HTTP/1.1" 200 27
116.233.72.251 - - [11/Sep/2021:10:08:23 +0800] "GET /xingrg/check_reg.html?_=1631326102416 HTTP/1.1" 200 22
222.69.131.118 - - [11/Sep/2021:10:08:32 +0800] "GET /xingrg/all/function/internal_message.html?_=1631326111258&CODE_STATE=getMsg HTTP/1.1" 200 27
58.37.227.186 - - [11/Sep/2021:10:08:32 +0800] "GET /xingrg/kc/buy/cgsh_order_operate.html?command=get_materiel&rest_code=00141&code=00101007049&supplier_code=00100004&order_time=2021-09-11 HTTP/1.1" 200 409
58.37.227.186 - - [11/Sep/2021:10:08:33 +0800] "POST /xingrg/services/DataTransmitService HTTP/1.1" 200 524
58.37.227.186 - - [11/Sep/2021:10:08:34 +0800] "POST /xingrg/services/DataTransmitService HTTP/1.1" 200 501
116.238.194.18 - - [11/Sep/2021:10:08:36 +0800] "GET /xingrg/all/function/internal_message.html?_=1631326114599&CODE_STATE=getMsg HTTP/1.1" 200 27
222.70.246.151 - - [11/Sep/2021:10:08:39 +0800] "GET /xingrg/all/function/internal_message.html?_=1631326120228&CODE_STATE=getMsg HTTP/1.1" 200 27
58.37.227.186 - - [11/Sep/2021:10:08:40 +0800] "GET /xingrg/kc/buy/cgsh_order_operate.html?command=get_materiel&rest_code=00141&code=00101007033&supplier_code=00100004&order_time=2021-09-11 HTTP/1.1" 200 417
101.83.145.79 - - [11/Sep/2021:10:08:41 +0800] "GET /xingrg/check_reg.html?_=1631326119803 HTTP/1.1" 200 22
116.238.194.18 - - [11/Sep/2021:10:08:41 +0800] "GET /xingrg/all/function/internal_message.html?_=1631326092780&CODE_STATE=getMsg HTTP/1.1" 200 27
120.253.135.82 - - [11/Sep/2021:10:08:43 +0800] "GET /xingrg/all/function/internal_message.html?_=1631326113770&CODE_STATE=getMsg HTTP/1.1" 200 27
180.157.254.90 - - [11/Sep/2021:10:08:47 +0800] "GET /xingrg/all/function/internal_message.html?_=1631326125751&CODE_STATE=getMsg HTTP/1.1" 200 27
180.169.147.146 - - [11/Sep/2021:10:08:47 +0800] "GET /xingrg/all/function/internal_message.html?_=1631326121525&CODE_STATE=getMsg HTTP/1.1" 200 27
116.230.105.26 - - [11/Sep/2021:10:08:50 +0800] "GET /xingrg/check_reg.html?_=1631326127714 HTTP/1.1" 200 22
116.230.105.26 - - [11/Sep/2021:10:08:50 +0800] "GET /xingrg/all/function/internal_message.html?_=1631326127718&CODE_STATE=getMsg HTTP/1.1" 200 27
58.37.227.186 - - [11/Sep/2021:10:08:51 +0800] "GET /xingrg/all/function/internal_message.html?_=1631326003817&CODE_STATE=getMsg HTTP/1.1" 200 27
58.37.227.186 - - [11/Sep/2021:10:08:51 +0800] "GET /xingrg/check_reg.html?_=1631326003819 HTTP/1.1" 200 22
101.83.145.79 - - [11/Sep/2021:10:09:00 +0800] "GET /xingrg/all/function/internal_message.html?_=1631326087366&CODE_STATE=getMsg HTTP/1.1" 200 27
58.37.227.186 - - [11/Sep/2021:10:09:00 +0800] "GET /xingrg/kc/buy/cgsh_order_operate.html?command=get_materiel&rest_code=00141&code=00101007084&supplier_code=00100004&order_time=2021-09-11 HTTP/1.1" 200 416
120.253.135.82 - - [11/Sep/2021:10:09:00 +0800] "GET /xingrg/check_reg.html?_=1631325912573 HTTP/1.1" 200 22
120.253.135.82 - - [11/Sep/2021:10:09:00 +0800] "GET /xingrg/all/function/internal_message.html?_=1631325912680&CODE_STATE=getMsg HTTP/1.1" 200 27
180.169.147.146 - - [11/Sep/2021:10:09:01 +0800] "GET /xingrg/all/function/internal_message.html?_=1631326140153&CODE_STATE=getMsg HTTP/1.1" 200 27
180.169.147.146 - - [11/Sep/2021:10:09:01 +0800] "GET /xingrg/check_reg.html?_=1631326140154 HTTP/1.1" 200 22
222.70.246.151 - - [11/Sep/2021:10:09:04 +0800] "GET /xingrg/check_reg.html?_=1631326164294 HTTP/1.1" 200 22
101.83.145.79 - - [11/Sep/2021:10:09:05 +0800] "GET /xingrg/all/function/internal_message.html?_=1631326144480&CODE_STATE=getMsg HTTP/1.1" 200 27
222.70.246.151 - - [11/Sep/2021:10:09:06 +0800] "GET /xingrg/all/function/internal_message.html?_=1631326166286&CODE_STATE=getMsg HTTP/1.1" 200 27
58.37.227.186 - - [11/Sep/2021:10:09:11 +0800] "GET /xingrg/kc/buy/cgsh_order_operate.html?command=get_materiel&rest_code=00141&code=00101007081&supplier_code=00100004&order_time=2021-09-11 HTTP/1.1" 200 413
116.228.172.94 - - [11/Sep/2021:10:09:14 +0800] "GET /xingrg/check_reg.html?_=1631326155231 HTTP/1.1" 200 22
116.228.172.94 - - [11/Sep/2021:10:09:14 +0800] "GET /xingrg/all/function/internal_message.html?_=1631326155229&CODE_STATE=getMsg HTTP/1.1" 200 27
116.238.168.124 - - [11/Sep/2021:10:09:18 +0800] "GET /xingrg/all/function/internal_message.html?_=1631326135566&CODE_STATE=getMsg HTTP/1.1" 200 27
116.233.72.251 - - [11/Sep/2021:10:09:23 +0800] "GET /xingrg/all/function/internal_message.html?_=1631326162417&CODE_STATE=getMsg HTTP/1.1" 200 27
116.238.194.18 - - [11/Sep/2021:10:09:29 +0800] "GET /xingrg/check_reg.html?_=1631326140137 HTTP/1.1" 200 22
58.37.227.186 - - [11/Sep/2021:10:09:30 +0800] "POST /xingrg/kc/buy/cgsh_order_operate.html HTTP/1.1" 200 37
222.69.131.118 - - [11/Sep/2021:10:09:32 +0800] "GET /xingrg/check_reg.html?_=1631326171256 HTTP/1.1" 200 22
222.69.131.118 - - [11/Sep/2021:10:09:32 +0800] "GET /xingrg/all/function/internal_message.html?_=1631326171259&CODE_STATE=getMsg HTTP/1.1" 200 27
58.37.227.186 - - [11/Sep/2021:10:09:33 +0800] "POST /xingrg/kc/buy/cgsh_order_operate.html HTTP/1.1" 200 12
58.37.227.186 - - [11/Sep/2021:10:09:34 +0800] "GET /xingrg/kc/buy/cgsh_order_info.html?code=212021091104527 HTTP/1.1" 200 58341
58.37.227.186 - - [11/Sep/2021:10:09:35 +0800] "GET /xingrg/javascript/easyui/themes/default/validatebox.css HTTP/1.1" 404 1104
58.37.227.186 - - [11/Sep/2021:10:09:35 +0800] "POST /xingrg/kc/buy/cgsh_order_operate.html HTTP/1.1" 200 2392
116.238.194.18 - - [11/Sep/2021:10:09:36 +0800] "GET /xingrg/all/function/internal_message.html?_=1631326174592&CODE_STATE=getMsg HTTP/1.1" 200 27
116.237.74.154 - - [11/Sep/2021:10:09:37 +0800] "GET /xingrg/login.html HTTP/1.1" 200 7641
58.37.227.186 - - [11/Sep/2021:10:09:38 +0800] "GET /xingrg/kc/print/load_data.html?order_code=212021091104527&kc_code=cgsh&condition= HTTP/1.1" 200 1444
222.70.246.151 - - [11/Sep/2021:10:09:39 +0800] "GET /xingrg/all/function/internal_message.html?_=1631326180227&CODE_STATE=getMsg HTTP/1.1" 200 27
116.238.168.124 - - [11/Sep/2021:10:09:40 +0800] "GET /xingrg/check_reg.html?_=1631326157722 HTTP/1.1" 200 22
116.238.194.18 - - [11/Sep/2021:10:09:41 +0800] "GET /xingrg/all/function/internal_message.html?_=1631326152789&CODE_STATE=getMsg HTTP/1.1" 200 27
120.253.135.82 - - [11/Sep/2021:10:09:43 +0800] "GET /xingrg/check_reg.html?_=1631326173723 HTTP/1.1" 200 22
120.253.135.82 - - [11/Sep/2021:10:09:43 +0800] "GET /xingrg/all/function/internal_message.html?_=1631326173780&CODE_STATE=getMsg HTTP/1.1" 200 27
116.237.74.154 - - [11/Sep/2021:10:09:44 +0800] "GET /favicon.ico HTTP/1.1" 404 -
58.37.227.186 - - [11/Sep/2021:10:09:46 +0800] "GET /xingrg/kc/buy/cgsh_order_add.html HTTP/1.1" 200 63432
58.37.227.186 - - [11/Sep/2021:10:09:47 +0800] "POST /xingrg/kc/buy/cgsh_order_operate.html HTTP/1.1" 200 8245
58.37.227.186 - - [11/Sep/2021:10:09:47 +0800] "GET /xingrg/javascript/easyui/themes/default/validatebox.css HTTP/1.1" 404 1104
180.157.254.90 - - [11/Sep/2021:10:09:47 +0800] "GET /xingrg/all/function/internal_message.html?_=1631326185750&CODE_STATE=getMsg HTTP/1.1" 200 27
116.237.74.154 - - [11/Sep/2021:10:09:47 +0800] "POST /xingrg/login.do HTTP/1.1" 302 -
116.237.74.154 - - [11/Sep/2021:10:09:47 +0800] "GET /xingrg/index.html?sysBaseUrl=http%3A%2F%2F180.169.147.146%3A18081%2Fxingrg%2F&costTime=56×tamp=1631326187545 HTTP/1.1" 200 17173
116.237.74.154 - - [11/Sep/2021:10:09:47 +0800] "GET /favicon.ico HTTP/1.1" 404 -
180.169.147.146 - - [11/Sep/2021:10:09:47 +0800] "GET /xingrg/all/function/internal_message.html?_=1631326181528&CODE_STATE=getMsg HTTP/1.1" 200 27
116.237.74.154 - - [11/Sep/2021:10:09:48 +0800] "POST /xingrg/all/common/load_tree.html?tree=area_rest_tree_json&manage=1 HTTP/1.1" 200 342
116.237.74.154 - - [11/Sep/2021:10:09:48 +0800] "GET /xingrg/all/function/internal_message.html?_=1631326181086&CODE_STATE=count HTTP/1.1" 200 11
116.237.74.154 - - [11/Sep/2021:10:09:48 +0800] "GET /xingrg/check_reg.html?_=1631326181089 HTTP/1.1" 200 22
116.237.74.154 - - [11/Sep/2021:10:09:48 +0800] "POST /xingrg/load_menu.html HTTP/1.1" 200 5138
116.230.105.26 - - [11/Sep/2021:10:09:50 +0800] "GET /xingrg/all/function/internal_message.html?_=1631326187714&CODE_STATE=getMsg HTTP/1.1" 200 27
58.37.227.186 - - [11/Sep/2021:10:09:51 +0800] "GET /xingrg/all/function/internal_message.html?_=1631326063820&CODE_STATE=getMsg HTTP/1.1" 200 27
116.237.74.154 - - [11/Sep/2021:10:09:54 +0800] "GET /xingrg/kc/buy/buy_main.html HTTP/1.1" 200 12412
116.237.74.154 - - [11/Sep/2021:10:09:54 +0800] "GET /xingrg/css/new_ie.css HTTP/1.1" 404 1036
116.237.74.154 - - [11/Sep/2021:10:09:59 +0800] "GET /xingrg/images/yd/bt.gif HTTP/1.1" 404 1040
101.83.145.79 - - [11/Sep/2021:10:10:00 +0800] "GET /xingrg/all/function/internal_message.html?_=1631326147368&CODE_STATE=getMsg HTTP/1.1" 200 27
116.237.74.154 - - [11/Sep/2021:10:10:00 +0800] "GET /xingrg/kc/buy/cgsh_order_list.html HTTP/1.1" 200 47688
120.253.135.82 - - [11/Sep/2021:10:10:00 +0800] "GET /xingrg/all/function/internal_message.html?_=1631325972693&CODE_STATE=getMsg HTTP/1.1" 200 27
180.169.147.146 - - [11/Sep/2021:10:10:01 +0800] "GET /xingrg/all/function/internal_message.html?_=1631326200141&CODE_STATE=getMsg HTTP/1.1" 200 27
116.237.74.154 - - [11/Sep/2021:10:10:02 +0800] "POST /xingrg/kc/buy/cgsh_list_operate.html HTTP/1.1" 200 876
101.83.145.79 - - [11/Sep/2021:10:10:05 +0800] "GET /xingrg/all/function/internal_message.html?_=1631326204456&CODE_STATE=getMsg HTTP/1.1" 200 27
222.70.246.151 - - [11/Sep/2021:10:10:06 +0800] "GET /xingrg/all/function/internal_message.html?_=1631326226300&CODE_STATE=getMsg HTTP/1.1" 200 27
116.237.74.154 - - [11/Sep/2021:10:10:07 +0800] "GET /xingrg/kc/buy/cgsh_order_add.html HTTP/1.1" 200 63432
116.237.74.154 - - [11/Sep/2021:10:10:07 +0800] "GET /xingrg/words/20210910173238_words.js HTTP/1.1" 304 -
116.237.74.154 - - [11/Sep/2021:10:10:07 +0800] "GET /xingrg/all/common/auto_word.html?type=employee&rest_code=00106 HTTP/1.1" 200 205
116.237.74.154 - - [11/Sep/2021:10:10:07 +0800] "GET /xingrg/javascript/easyui/themes/default/validatebox.css HTTP/1.1" 404 1104
116.237.74.154 - - [11/Sep/2021:10:10:07 +0800] "GET /xingrg/all/common/auto_word.html?type=employee&rest_code=00106 HTTP/1.1" 200 205
116.237.74.154 - - [11/Sep/2021:10:10:07 +0800] "POST /xingrg/kc/buy/cgsh_order_operate.html HTTP/1.1" 200 8245
116.237.74.154 - - [11/Sep/2021:10:10:08 +0800] "GET /xingrg/kc/mdqp/qp_main.html HTTP/1.1" 200 10633
116.228.172.94 - - [11/Sep/2021:10:10:14 +0800] "GET /xingrg/all/function/internal_message.html?_=1631326215233&CODE_STATE=getMsg HTTP/1.1" 200 27
116.238.168.124 - - [11/Sep/2021:10:10:18 +0800] "GET /xingrg/all/function/internal_message.html?_=1631326195582&CODE_STATE=getMsg HTTP/1.1" 200 27
116.237.74.154 - - [11/Sep/2021:10:10:21 +0800] "GET /xingrg/images/yd/bt.gif HTTP/1.1" 404 1040
116.233.72.251 - - [11/Sep/2021:10:10:23 +0800] "GET /xingrg/all/function/internal_message.html?_=1631326222422&CODE_STATE=getMsg HTTP/1.1" 200 27
58.40.7.146 - - [11/Sep/2021:10:10:29 +0800] "GET /xingrg/check_reg.html?_=1631326227584 HTTP/1.1" 302 -
58.37.227.186 - - [11/Sep/2021:10:10:32 +0800] "GET /xingrg/kc/buy/cgsh_order_operate.html?command=get_materiel&rest_code=00141&code=00101008149&supplier_code=00100007&order_time=2021-09-11 HTTP/1.1" 200 408
222.69.131.118 - - [11/Sep/2021:10:10:32 +0800] "GET /xingrg/all/function/internal_message.html?_=1631326231251&CODE_STATE=getMsg HTTP/1.1" 200 27
116.237.74.154 - - [11/Sep/2021:10:10:35 +0800] "GET /xingrg/kc/mdqp/qqps_order_list.html HTTP/1.1" 200 9222
116.237.74.154 - - [11/Sep/2021:10:10:35 +0800] "GET /xingrg/dwr/util.js HTTP/1.1" 304 -
116.237.74.154 - - [11/Sep/2021:10:10:35 +0800] "GET /xingrg/dwr/interface/AjaxQqpsService.js HTTP/1.1" 200 16326
116.237.74.154 - - [11/Sep/2021:10:10:35 +0800] "GET /xingrg/dwr/interface/AjaxReportQueryService.js HTTP/1.1" 200 13203
116.237.74.154 - - [11/Sep/2021:10:10:35 +0800] "GET /xingrg/dwr/engine.js HTTP/1.1" 200 43631
116.238.194.18 - - [11/Sep/2021:10:10:36 +0800] "GET /xingrg/all/function/internal_message.html?_=1631326234587&CODE_STATE=getMsg HTTP/1.1" 200 27
116.238.194.18 - - [11/Sep/2021:10:10:36 +0800] "GET /xingrg/check_reg.html?_=1631326234589 HTTP/1.1" 200 22
116.237.74.154 - - [11/Sep/2021:10:10:38 +0800] "POST /xingrg/dwr/call/plaincall/AjaxReportQueryService.getFixDate.dwr HTTP/1.1" 200 111
116.237.74.154 - - [11/Sep/2021:10:10:38 +0800] "GET /xingrg/kc/mdqp/qqps_order_list.html?isQuery=1&timeSelect=1&orderTime=yesterday&startTime=2021-09-10&endTime=2021-09-10&state=all&query=%C8%B7++%B6%A8 HTTP/1.1" 200 13058
116.237.74.154 - - [11/Sep/2021:10:10:38 +0800] "GET /xingrg/dwr/interface/AjaxReportQueryService.js HTTP/1.1" 200 13203
116.237.74.154 - - [11/Sep/2021:10:10:38 +0800] "GET /xingrg/dwr/interface/AjaxQqpsService.js HTTP/1.1" 200 16326
116.237.74.154 - - [11/Sep/2021:10:10:38 +0800] "GET /xingrg/dwr/engine.js HTTP/1.1" 200 43631
222.70.246.151 - - [11/Sep/2021:10:10:39 +0800] "GET /xingrg/all/function/internal_message.html?_=1631326240225&CODE_STATE=getMsg HTTP/1.1" 200 27
116.238.194.18 - - [11/Sep/2021:10:10:41 +0800] "GET /xingrg/all/function/internal_message.html?_=1631326212802&CODE_STATE=getMsg HTTP/1.1" 200 27
58.37.227.186 - - [11/Sep/2021:10:10:42 +0800] "GET /xingrg/kc/buy/cgsh_order_operate.html?command=get_materiel&rest_code=00141&code=00101008354&supplier_code=00100007&order_time=2021-09-11 HTTP/1.1" 200 412
120.253.135.82 - - [11/Sep/2021:10:10:43 +0800] "GET /xingrg/all/function/internal_message.html?_=1631326233794&CODE_STATE=getMsg HTTP/1.1" 200 27
180.157.254.90 - - [11/Sep/2021:10:10:47 +0800] "GET /xingrg/all/function/internal_message.html?_=1631326245749&CODE_STATE=getMsg HTTP/1.1" 200 27
61.151.178.165 - - [11/Sep/2021:10:10:47 +0800] "GET /xingrg/index.html?sysBaseUrl=http://180.169.147.146:18081/xingrg/&costTime=56×tamp=1631326187545 HTTP/1.1" 302 -
61.151.178.165 - - [11/Sep/2021:10:10:47 +0800] "GET /xingrg/login.html HTTP/1.1" 200 7641
180.169.147.146 - - [11/Sep/2021:10:10:47 +0800] "GET /xingrg/check_reg.html?_=1631326241529 HTTP/1.1" 200 22
180.169.147.146 - - [11/Sep/2021:10:10:47 +0800] "GET /xingrg/all/function/internal_message.html?_=1631326241532&CODE_STATE=getMsg HTTP/1.1" 200 27
116.237.74.154 - - [11/Sep/2021:10:10:48 +0800] "GET /xingrg/kc/mdqp/qqps_order_info.html?code=302021091000199 HTTP/1.1" 200 26567
116.237.74.154 - - [11/Sep/2021:10:10:48 +0800] "GET /xingrg/dwr/interface/AjaxQqpsService.js HTTP/1.1" 200 16326
116.237.74.154 - - [11/Sep/2021:10:10:48 +0800] "GET /xingrg/dwr/interface/AjaxComOrderService.js HTTP/1.1" 200 18264
116.237.74.154 - - [11/Sep/2021:10:10:48 +0800] "GET /xingrg/dwr/engine.js HTTP/1.1" 200 43631
116.237.74.154 - - [11/Sep/2021:10:10:48 +0800] "GET /xingrg/all/function/internal_message.html?_=1631326241589&CODE_STATE=getMsg HTTP/1.1" 200 27
58.37.227.186 - - [11/Sep/2021:10:10:48 +0800] "GET /xingrg/kc/buy/cgsh_order_operate.html?command=get_materiel&rest_code=00141&code=00101008010&supplier_code=00100007&order_time=2021-09-11 HTTP/1.1" 200 412
116.237.74.154 - - [11/Sep/2021:10:10:49 +0800] "POST /xingrg/dwr/call/plaincall/AjaxQqpsService.loadMaterielItems.dwr HTTP/1.1" 200 4644
101.89.239.245 - - [11/Sep/2021:10:10:49 +0800] "GET /xingrg/check_reg.html?_=1631326181089 HTTP/1.1" 302 -
101.91.62.89 - - [11/Sep/2021:10:10:49 +0800] "GET /xingrg/all/function/internal_message.html?_=1631326181086&CODE_STATE=count HTTP/1.1" 302 -
101.91.62.89 - - [11/Sep/2021:10:10:49 +0800] "GET /xingrg/login.html HTTP/1.1" 200 7641
116.230.105.26 - - [11/Sep/2021:10:10:50 +0800] "GET /xingrg/all/function/internal_message.html?_=1631326247733&CODE_STATE=getMsg HTTP/1.1" 200 27
101.89.239.245 - - [11/Sep/2021:10:10:51 +0800] "GET /xingrg/login.html HTTP/1.1" 200 7641
58.37.227.186 - - [11/Sep/2021:10:10:51 +0800] "GET /xingrg/all/function/internal_message.html?_=1631326123837&CODE_STATE=getMsg HTTP/1.1" 200 27
58.37.227.186 - - [11/Sep/2021:10:10:56 +0800] "GET /xingrg/kc/buy/cgsh_order_operate.html?command=get_materiel&rest_code=00141&code=00101008110&supplier_code=00100007&order_time=2021-09-11 HTTP/1.1" 200 408
101.83.145.79 - - [11/Sep/2021:10:11:00 +0800] "GET /xingrg/all/function/internal_message.html?_=1631326207369&CODE_STATE=getMsg HTTP/1.1" 200 27
101.83.145.79 - - [11/Sep/2021:10:11:00 +0800] "GET /xingrg/check_reg.html?_=1631326207374 HTTP/1.1" 200 22
120.253.135.82 - - [11/Sep/2021:10:11:00 +0800] "GET /xingrg/all/function/internal_message.html?_=1631326032707&CODE_STATE=getMsg HTTP/1.1" 200 27
180.169.147.146 - - [11/Sep/2021:10:11:01 +0800] "GET /xingrg/all/function/internal_message.html?_=1631326260148&CODE_STATE=getMsg HTTP/1.1" 200 27
58.37.227.186 - - [11/Sep/2021:10:11:04 +0800] "GET /xingrg/kc/buy/cgsh_order_operate.html?command=get_materiel&rest_code=00141&code=00101008038&supplier_code=00100007&order_time=2021-09-11 HTTP/1.1" 200 412
101.83.145.79 - - [11/Sep/2021:10:11:05 +0800] "GET /xingrg/all/function/internal_message.html?_=1631326264434&CODE_STATE=getMsg HTTP/1.1" 200 27
222.70.246.151 - - [11/Sep/2021:10:11:06 +0800] "GET /xingrg/all/function/internal_message.html?_=1631326286313&CODE_STATE=getMsg HTTP/1.1" 200 27
61.151.178.164 - - [11/Sep/2021:10:11:07 +0800] "GET /xingrg/all/common/auto_word.html?type=employee&rest_code=00106 HTTP/1.1" 302 -
61.151.178.164 - - [11/Sep/2021:10:11:08 +0800] "GET /xingrg/login.html HTTP/1.1" 200 7641
58.37.227.186 - - [11/Sep/2021:10:11:10 +0800] "GET /xingrg/kc/buy/cgsh_order_operate.html?command=get_materiel&rest_code=00141&code=00101008221&supplier_code=00100007&order_time=2021-09-11 HTTP/1.1" 200 412
116.228.172.94 - - [11/Sep/2021:10:11:14 +0800] "GET /xingrg/all/function/internal_message.html?_=1631326275220&CODE_STATE=getMsg HTTP/1.1" 200 27
116.238.168.124 - - [11/Sep/2021:10:11:18 +0800] "GET /xingrg/all/function/internal_message.html?_=1631326255642&CODE_STATE=getMsg HTTP/1.1" 200 27
58.37.227.186 - - [11/Sep/2021:10:11:18 +0800] "GET /xingrg/kc/buy/cgsh_order_operate.html?command=get_materiel&rest_code=00141&code=00101008163&supplier_code=00100007&order_time=2021-09-11 HTTP/1.1" 200 409
116.233.72.251 - - [11/Sep/2021:10:11:23 +0800] "GET /xingrg/all/function/internal_message.html?_=1631326282424&CODE_STATE=getMsg HTTP/1.1" 200 27
58.37.227.186 - - [11/Sep/2021:10:11:24 +0800] "GET /xingrg/kc/buy/cgsh_order_operate.html?command=get_materiel&rest_code=00141&code=00101008190&supplier_code=00100007&order_time=2021-09-11 HTTP/1.1" 200 412
58.37.227.186 - - [11/Sep/2021:10:11:32 +0800] "GET /xingrg/kc/buy/cgsh_order_operate.html?command=get_materiel&rest_code=00141&code=00101008148&supplier_code=00100007&order_time=2021-09-11 HTTP/1.1" 200 416
