180.157.254.90 - - [11/Sep/2021:11:11:47 +0800] "GET /xingrg/all/function/internal_message.html?_=1631329905883&CODE_STATE=getMsg HTTP/1.1" 200 27
116.237.74.154 - - [11/Sep/2021:11:11:48 +0800] "GET /xingrg/javascript/easyui/themes/default/tree.css HTTP/1.1" 404 1090
116.237.74.154 - - [11/Sep/2021:11:11:48 +0800] "POST /xingrg/all/common/load_tree.html?tree=supplier_tree_json&isDelete=1 HTTP/1.1" 200 57687
120.253.135.82 - - [11/Sep/2021:11:11:48 +0800] "GET /xingrg/kc/base/kc_stocks.html HTTP/1.1" 200 16437
120.253.135.82 - - [11/Sep/2021:11:11:48 +0800] "GET /xingrg/javascript/easyui/themes/sunny/easyui.css HTTP/1.1" 304 -
120.253.135.82 - - [11/Sep/2021:11:11:48 +0800] "GET /xingrg/javascript/easyui/themes/icons/print_new.png HTTP/1.1" 304 -
120.253.135.82 - - [11/Sep/2021:11:11:48 +0800] "GET /xingrg/javascript/easyui/themes/icons/filter_new.png HTTP/1.1" 304 -
120.253.135.82 - - [11/Sep/2021:11:11:48 +0800] "GET /xingrg/javascript/easyui/themes/icons/refresh_new.png HTTP/1.1" 304 -
120.253.135.82 - - [11/Sep/2021:11:11:48 +0800] "GET /xingrg/javascript/easyui/plugins/jquery.draggable.js HTTP/1.1" 304 -
120.253.135.82 - - [11/Sep/2021:11:11:48 +0800] "GET /xingrg/javascript/easyui/plugins/jquery.droppable.js HTTP/1.1" 304 -
120.253.135.82 - - [11/Sep/2021:11:11:48 +0800] "GET /xingrg/javascript/easyui/themes/default/tree.css HTTP/1.1" 404 1090
120.253.135.82 - - [11/Sep/2021:11:11:48 +0800] "GET /xingrg/javascript/easyui/plugins/jquery.tree.js HTTP/1.1" 304 -
120.253.135.82 - - [11/Sep/2021:11:11:49 +0800] "POST /xingrg/all/common/load_tree.html?tree=materiel_sort_tree_json HTTP/1.1" 200 8792
120.253.135.82 - - [11/Sep/2021:11:11:49 +0800] "GET /xingrg/javascript/easyui/themes/sunny/images/tree_arrows.gif HTTP/1.1" 200 617
120.253.135.82 - - [11/Sep/2021:11:11:49 +0800] "GET /xingrg/javascript/easyui/themes/sunny/images/tree_folder_open.gif HTTP/1.1" 304 -
120.253.135.82 - - [11/Sep/2021:11:11:49 +0800] "GET /xingrg/javascript/easyui/themes/sunny/images/tree_folder.gif HTTP/1.1" 304 -
120.253.135.82 - - [11/Sep/2021:11:11:49 +0800] "GET /xingrg/javascript/easyui/themes/sunny/images/tree_file.gif HTTP/1.1" 304 -
120.253.135.82 - - [11/Sep/2021:11:11:50 +0800] "POST /xingrg/all/common/load_combo.html?type=base HTTP/1.1" 200 1075
116.230.105.26 - - [11/Sep/2021:11:11:50 +0800] "GET /xingrg/all/function/internal_message.html?_=1631329907729&CODE_STATE=getMsg HTTP/1.1" 200 27
116.238.194.18 - - [11/Sep/2021:11:11:51 +0800] "GET /xingrg/kc/buy/cgsh_order_operate.html?command=get_materiel&rest_code=00151&code=00101016025&supplier_code=00100007&order_time=2021-09-11 HTTP/1.1" 200 408
116.238.168.124 - - [11/Sep/2021:11:11:54 +0800] "GET /xingrg/all/function/internal_message.html?_=1631329892480&CODE_STATE=getMsg HTTP/1.1" 200 27
116.237.74.154 - - [11/Sep/2021:11:11:55 +0800] "GET /xingrg/kc/buy/cgsh_order_info.html?code=212021091104557 HTTP/1.1" 200 58343
116.237.74.154 - - [11/Sep/2021:11:11:56 +0800] "GET /xingrg/javascript/easyui/themes/default/validatebox.css HTTP/1.1" 404 1104
116.238.168.124 - - [11/Sep/2021:11:11:56 +0800] "GET /xingrg/kc/buy/cgsh_order_operate.html?command=get_materiel&rest_code=00102&code=00101006109&supplier_code=00100096&order_time=2021-09-11 HTTP/1.1" 200 409
116.237.74.154 - - [11/Sep/2021:11:11:56 +0800] "POST /xingrg/kc/buy/cgsh_order_operate.html HTTP/1.1" 200 6548
101.83.145.79 - - [11/Sep/2021:11:11:59 +0800] "POST /xingrg/kc/buy/cgsh_order_operate.html HTTP/1.1" 200 37
101.83.145.79 - - [11/Sep/2021:11:12:00 +0800] "GET /xingrg/all/function/internal_message.html?_=1631329867483&CODE_STATE=getMsg HTTP/1.1" 200 27
120.253.135.82 - - [11/Sep/2021:11:12:00 +0800] "POST /xingrg/kc/base/stock_operate.html HTTP/1.1" 200 1462
120.253.135.82 - - [11/Sep/2021:11:12:00 +0800] "GET /xingrg/javascript/jquery_tools/fix_table.js HTTP/1.1" 304 -
222.70.246.151 - - [11/Sep/2021:11:12:00 +0800] "GET /xingrg/kc/buy/cgsh_order_operate.html?command=get_materiel&rest_code=00146&code=00101008095&supplier_code=00100005&order_time=2021-09-11 HTTP/1.1" 200 412
116.238.194.18 - - [11/Sep/2021:11:12:00 +0800] "GET /xingrg/kc/buy/cgsh_order_operate.html?command=get_materiel&rest_code=00151&code=00101008353&supplier_code=00100007&order_time=2021-09-11 HTTP/1.1" 200 408
101.83.145.79 - - [11/Sep/2021:11:12:00 +0800] "POST /xingrg/kc/buy/cgsh_order_operate.html HTTP/1.1" 200 4441
180.169.147.146 - - [11/Sep/2021:11:12:01 +0800] "GET /xingrg/all/function/internal_message.html?_=1631329920142&CODE_STATE=getMsg HTTP/1.1" 200 27
116.237.74.154 - - [11/Sep/2021:11:12:01 +0800] "POST /xingrg/kc/buy/cgsh_list_operate.html HTTP/1.1" 200 1700
101.83.145.79 - - [11/Sep/2021:11:12:01 +0800] "GET /xingrg/kc/print/load_data.html?order_code=212021091104571&kc_code=cgsh&condition= HTTP/1.1" 200 1351
116.237.74.154 - - [11/Sep/2021:11:12:03 +0800] "POST /xingrg/kc/buy/cgsh_list_operate.html HTTP/1.1" 200 344
116.237.74.154 - - [11/Sep/2021:11:12:04 +0800] "GET /xingrg/kc/buy/cgsh_order_info.html?code=212021091104568 HTTP/1.1" 200 63443
58.37.227.186 - - [11/Sep/2021:11:12:04 +0800] "GET /xingrg/kc/buy/cgsh_order_operate.html?command=get_materiel&rest_code=00141&code=00101008209&supplier_code=00100007&order_time=2021-09-11 HTTP/1.1" 200 409
101.83.145.79 - - [11/Sep/2021:11:12:04 +0800] "GET /xingrg/all/function/internal_message.html?_=1631329923163&CODE_STATE=getMsg HTTP/1.1" 200 27
116.237.74.154 - - [11/Sep/2021:11:12:04 +0800] "GET /xingrg/javascript/easyui/themes/default/validatebox.css HTTP/1.1" 404 1104
116.237.74.154 - - [11/Sep/2021:11:12:05 +0800] "POST /xingrg/kc/buy/cgsh_order_operate.html HTTP/1.1" 200 3829
101.83.145.79 - - [11/Sep/2021:11:12:05 +0800] "GET /xingrg/kc/buy/cgsh_order_add.html HTTP/1.1" 200 63473
101.83.145.79 - - [11/Sep/2021:11:12:05 +0800] "POST /xingrg/kc/buy/cgsh_order_operate.html HTTP/1.1" 200 8245
101.83.145.79 - - [11/Sep/2021:11:12:05 +0800] "GET /xingrg/javascript/easyui/themes/default/validatebox.css HTTP/1.1" 404 1104
116.238.194.18 - - [11/Sep/2021:11:12:07 +0800] "GET /xingrg/kc/buy/cgsh_order_operate.html?command=get_materiel&rest_code=00151&code=00101008362&supplier_code=00100007&order_time=2021-09-11 HTTP/1.1" 200 408
222.70.246.151 - - [11/Sep/2021:11:12:08 +0800] "GET /xingrg/all/function/internal_message.html?_=1631329948733&CODE_STATE=getMsg HTTP/1.1" 200 27
116.238.194.18 - - [11/Sep/2021:11:12:09 +0800] "POST /xingrg/kc/buy/cgsh_order_operate.html HTTP/1.1" 200 2065
120.253.135.82 - - [11/Sep/2021:11:12:10 +0800] "POST /xingrg/kc/base/stock_operate.html HTTP/1.1" 200 765
116.237.74.154 - - [11/Sep/2021:11:12:12 +0800] "GET /xingrg/kc/buy/cgsh_order_operate.html?command=get_materiel&rest_code=00106&code=00101004010&supplier_code=00100032&order_time=2021-09-11 HTTP/1.1" 200 409
120.253.135.82 - - [11/Sep/2021:11:12:12 +0800] "GET /xingrg/javascript/easyui/themes/sunny/images/ui-bg_gloss-wave_60_fece2f_500x100.png HTTP/1.1" 304 -
116.238.194.18 - - [11/Sep/2021:11:12:13 +0800] "GET /xingrg/kc/buy/cgsh_order_operate.html?command=get_materiel&rest_code=00151&code=00101008017&supplier_code=00100007&order_time=2021-09-11 HTTP/1.1" 200 416
120.253.135.82 - - [11/Sep/2021:11:12:13 +0800] "GET /xingrg/kc/pszx/mdqp_order_list.html?state=10 HTTP/1.1" 200 10217
120.253.135.82 - - [11/Sep/2021:11:12:13 +0800] "GET /xingrg/dwr/interface/AjaxQqpsService.js HTTP/1.1" 200 16326
120.253.135.82 - - [11/Sep/2021:11:12:13 +0800] "GET /xingrg/dwr/interface/AjaxReportQueryService.js HTTP/1.1" 200 13203
180.169.147.146 - - [11/Sep/2021:11:12:13 +0800] "GET /xingrg/check_reg.html?_=1631329930234 HTTP/1.1" 200 22
180.169.147.146 - - [11/Sep/2021:11:12:13 +0800] "GET /xingrg/all/function/internal_message.html?_=1631329930236&CODE_STATE=getMsg HTTP/1.1" 200 27
120.253.135.82 - - [11/Sep/2021:11:12:13 +0800] "GET /xingrg/dwr/engine.js HTTP/1.1" 200 43631
116.228.172.94 - - [11/Sep/2021:11:12:14 +0800] "GET /xingrg/all/function/internal_message.html?_=1631329935510&CODE_STATE=getMsg HTTP/1.1" 200 27
61.151.178.165 - - [11/Sep/2021:11:12:15 +0800] "GET /xingrg/kc/buy/cgsh_order_info.html?code=212021091104570 HTTP/1.1" 302 -
101.83.145.79 - - [11/Sep/2021:11:12:15 +0800] "GET /xingrg/kc/buy/cgsh_order_operate.html?command=get_materiel&rest_code=00105&code=00101004090&supplier_code=00100312&order_time=2021-09-11 HTTP/1.1" 200 391
58.37.227.186 - - [11/Sep/2021:11:12:16 +0800] "GET /xingrg/kc/buy/cgsh_order_operate.html?command=get_materiel&rest_code=00141&code=00101008301&supplier_code=00100007&order_time=2021-09-11 HTTP/1.1" 200 422
116.238.168.124 - - [11/Sep/2021:11:12:18 +0800] "GET /xingrg/kc/buy/cgsh_order_operate.html?command=get_materiel&rest_code=00102&code=00101006084&supplier_code=00100096&order_time=2021-09-11 HTTP/1.1" 200 415
61.151.178.165 - - [11/Sep/2021:11:12:18 +0800] "GET /xingrg/login.html HTTP/1.1" 200 7641
61.151.178.180 - - [11/Sep/2021:11:12:18 +0800] "GET /xingrg/kc/print/load_data.html?order_code=212021091104570&kc_code=cgsh&condition= HTTP/1.1" 302 -
61.151.178.180 - - [11/Sep/2021:11:12:18 +0800] "GET /xingrg/login.html HTTP/1.1" 200 7641
116.238.194.18 - - [11/Sep/2021:11:12:19 +0800] "GET /xingrg/kc/buy/cgsh_order_operate.html?command=get_materiel&rest_code=00151&code=00101008137&supplier_code=00100007&order_time=2021-09-11 HTTP/1.1" 200 408
116.237.74.154 - - [11/Sep/2021:11:12:20 +0800] "GET /xingrg/kc/buy/cgsh_order_operate.html?command=get_materiel&rest_code=00106&code=00101004057&supplier_code=00100032&order_time=2021-09-11 HTTP/1.1" 200 409
101.89.29.78 - - [11/Sep/2021:11:12:22 +0800] "GET /xingrg/kc/print/load_data.html?order_code=212021091104570&kc_code=cgsh HTTP/1.1" 302 -
101.89.29.78 - - [11/Sep/2021:11:12:23 +0800] "GET /xingrg/login.html HTTP/1.1" 200 7641
58.37.227.186 - - [11/Sep/2021:11:12:24 +0800] "GET /xingrg/kc/buy/cgsh_order_operate.html?command=get_materiel&rest_code=00141&code=00101008356&supplier_code=00100007&order_time=2021-09-11 HTTP/1.1" 200 408
116.238.194.18 - - [11/Sep/2021:11:12:24 +0800] "GET /xingrg/kc/buy/cgsh_order_operate.html?command=get_materiel&rest_code=00151&code=00101008096&supplier_code=00100007&order_time=2021-09-11 HTTP/1.1" 200 412
116.237.74.154 - - [11/Sep/2021:11:12:27 +0800] "GET /xingrg/kc/buy/cgsh_order_operate.html?command=get_materiel&rest_code=00106&code=00101016053&supplier_code=00100032&order_time=2021-09-11 HTTP/1.1" 200 408
101.83.145.79 - - [11/Sep/2021:11:12:28 +0800] "GET /xingrg/kc/buy/cgsh_order_operate.html?command=get_materiel&rest_code=00105&code=00101004067&supplier_code=00100312&order_time=2021-09-11 HTTP/1.1" 200 433
116.237.74.154 - - [11/Sep/2021:11:12:28 +0800] "GET /xingrg/all/function/internal_message.html?_=1631329947829&CODE_STATE=getMsg HTTP/1.1" 200 27
58.221.95.50 - - [11/Sep/2021:11:12:29 +0800] "GET /xingrg/check_reg.html?_=1631329948533 HTTP/1.1" 302 -
116.238.194.18 - - [11/Sep/2021:11:12:29 +0800] "GET /xingrg/kc/buy/cgsh_order_operate.html?command=get_materiel&rest_code=00151&code=00101008033&supplier_code=00100007&order_time=2021-09-11 HTTP/1.1" 200 408
116.238.194.18 - - [11/Sep/2021:11:12:30 +0800] "POST /xingrg/kc/buy/cgsh_order_operate.html HTTP/1.1" 200 2065
116.238.168.124 - - [11/Sep/2021:11:12:31 +0800] "GET /xingrg/kc/buy/cgsh_order_operate.html?command=get_materiel&rest_code=00102&code=00101016038&supplier_code=00100096&order_time=2021-09-11 HTTP/1.1" 200 408
222.69.131.118 - - [11/Sep/2021:11:12:32 +0800] "GET /xingrg/all/function/internal_message.html?_=1631329950613&CODE_STATE=getMsg HTTP/1.1" 200 27
116.237.74.154 - - [11/Sep/2021:11:12:33 +0800] "GET /xingrg/all/function/internal_message.html?_=1631329946072&CODE_STATE=getMsg HTTP/1.1" 200 27
116.237.74.154 - - [11/Sep/2021:11:12:33 +0800] "GET /xingrg/kc/buy/cgsh_order_operate.html?command=get_materiel&rest_code=00106&code=00101012024&supplier_code=00100032&order_time=2021-09-11 HTTP/1.1" 200 408
116.237.74.154 - - [11/Sep/2021:11:12:35 +0800] "POST /xingrg/kc/buy/cgsh_order_operate.html HTTP/1.1" 200 2065
58.37.227.186 - - [11/Sep/2021:11:12:36 +0800] "GET /xingrg/kc/buy/cgsh_order_operate.html?command=get_materiel&rest_code=00141&code=00101008312&supplier_code=00100007&order_time=2021-09-11 HTTP/1.1" 200 412
116.238.194.18 - - [11/Sep/2021:11:12:36 +0800] "GET /xingrg/kc/buy/cgsh_order_operate.html?command=get_materiel&rest_code=00151&code=00101008210&supplier_code=00100007&order_time=2021-09-11 HTTP/1.1" 200 408
116.238.194.18 - - [11/Sep/2021:11:12:36 +0800] "GET /xingrg/all/function/internal_message.html?_=1631329954979&CODE_STATE=getMsg HTTP/1.1" 200 27
101.85.93.96 - - [11/Sep/2021:11:12:41 +0800] "GET /xingrg/check_reg.html?_=1631329882702 HTTP/1.1" 200 22
101.85.93.96 - - [11/Sep/2021:11:12:41 +0800] "GET /xingrg/all/function/internal_message.html?_=1631329882699&CODE_STATE=getMsg HTTP/1.1" 200 27
116.238.168.124 - - [11/Sep/2021:11:12:41 +0800] "GET /xingrg/kc/buy/cgsh_order_operate.html?command=get_materiel&rest_code=00102&code=00101012025&supplier_code=00100096&order_time=2021-09-11 HTTP/1.1" 200 412
116.237.74.154 - - [11/Sep/2021:11:12:42 +0800] "GET /xingrg/kc/buy/cgsh_order_operate.html?command=get_materiel&rest_code=00106&code=00101010248&supplier_code=00100032&order_time=2021-09-11 HTTP/1.1" 200 430
116.238.194.18 - - [11/Sep/2021:11:12:42 +0800] "GET /xingrg/all/function/internal_message.html?_=1631329933644&CODE_STATE=getMsg HTTP/1.1" 200 27
116.238.194.18 - - [11/Sep/2021:11:12:42 +0800] "GET /xingrg/kc/buy/cgsh_order_operate.html?command=get_materiel&rest_code=00151&code=00101008131&supplier_code=00100007&order_time=2021-09-11 HTTP/1.1" 200 408
101.83.145.79 - - [11/Sep/2021:11:12:42 +0800] "GET /xingrg/kc/buy/cgsh_order_operate.html?command=get_materiel&rest_code=00105&code=00101004071&supplier_code=00100312&order_time=2021-09-11 HTTP/1.1" 200 409
116.237.74.154 - - [11/Sep/2021:11:12:43 +0800] "POST /xingrg/all/common/load_select.html HTTP/1.1" 200 25
120.253.135.82 - - [11/Sep/2021:11:12:44 +0800] "GET /xingrg/all/function/internal_message.html?_=1631329954639&CODE_STATE=getMsg HTTP/1.1" 200 27
61.151.207.141 - - [11/Sep/2021:11:12:45 +0800] "GET /xingrg/kc/buy/cgsh_order_add.html HTTP/1.1" 302 -
116.237.74.154 - - [11/Sep/2021:11:12:46 +0800] "GET /xingrg/kc/buy/cgsh_order_operate.html?command=get_materiel_price&rest_code=00106&code=00101010248&unit_code=00100043&supplier_code=00100032&order_time=2021-09-11 HTTP/1.1" 200 29
180.157.254.90 - - [11/Sep/2021:11:12:47 +0800] "GET /xingrg/all/function/internal_message.html?_=1631329965882&CODE_STATE=getMsg HTTP/1.1" 200 27
180.157.254.90 - - [11/Sep/2021:11:12:47 +0800] "GET /xingrg/check_reg.html?_=1631329965883 HTTP/1.1" 200 22
61.151.207.141 - - [11/Sep/2021:11:12:47 +0800] "GET /xingrg/login.html HTTP/1.1" 200 7641
58.37.227.186 - - [11/Sep/2021:11:12:47 +0800] "GET /xingrg/kc/buy/cgsh_order_operate.html?command=get_materiel&rest_code=00141&code=00101013154&supplier_code=00100007&order_time=2021-09-11 HTTP/1.1" 200 443
116.238.194.18 - - [11/Sep/2021:11:12:48 +0800] "GET /xingrg/kc/buy/cgsh_order_operate.html?command=get_materiel&rest_code=00151&code=00101015046&supplier_code=00100007&order_time=2021-09-11 HTTP/1.1" 200 413
101.83.145.79 - - [11/Sep/2021:11:12:49 +0800] "GET /xingrg/kc/buy/cgsh_order_operate.html?command=get_materiel&rest_code=00105&code=00101004030&supplier_code=00100312&order_time=2021-09-11 HTTP/1.1" 200 408
116.230.105.26 - - [11/Sep/2021:11:12:50 +0800] "GET /xingrg/all/function/internal_message.html?_=1631329967722&CODE_STATE=getMsg HTTP/1.1" 200 27
116.238.168.124 - - [11/Sep/2021:11:12:54 +0800] "GET /xingrg/all/function/internal_message.html?_=1631329952489&CODE_STATE=getMsg HTTP/1.1" 200 27
116.238.194.18 - - [11/Sep/2021:11:12:54 +0800] "GET /xingrg/kc/buy/cgsh_order_operate.html?command=get_materiel&rest_code=00151&code=00101008069&supplier_code=00100007&order_time=2021-09-11 HTTP/1.1" 200 412
101.83.145.79 - - [11/Sep/2021:11:12:56 +0800] "GET /xingrg/kc/buy/cgsh_order_operate.html?command=get_materiel&rest_code=00105&code=00101005015&supplier_code=00100312&order_time=2021-09-11 HTTP/1.1" 200 409
124.79.246.142 - - [11/Sep/2021:11:12:57 +0800] "POST /xingrg/services/DataTransmitService HTTP/1.1" 200 524
124.79.246.142 - - [11/Sep/2021:11:12:57 +0800] "POST /xingrg/services/DataTransmitService HTTP/1.1" 200 501
101.83.145.79 - - [11/Sep/2021:11:13:00 +0800] "GET /xingrg/all/function/internal_message.html?_=1631329927483&CODE_STATE=getMsg HTTP/1.1" 200 27
180.169.147.146 - - [11/Sep/2021:11:13:01 +0800] "GET /xingrg/all/function/internal_message.html?_=1631329980145&CODE_STATE=getMsg HTTP/1.1" 200 27
124.79.246.142 - - [11/Sep/2021:11:13:02 +0800] "POST /xingrg/services/DataTransmitService HTTP/1.1" 200 524
124.79.246.142 - - [11/Sep/2021:11:13:02 +0800] "POST /xingrg/services/DataTransmitService HTTP/1.1" 200 501
116.238.194.18 - - [11/Sep/2021:11:13:02 +0800] "GET /xingrg/kc/buy/cgsh_order_operate.html?command=get_materiel&rest_code=00151&code=00101013175&supplier_code=00100007&order_time=2021-09-11 HTTP/1.1" 200 412
101.83.145.79 - - [11/Sep/2021:11:13:04 +0800] "GET /xingrg/all/function/internal_message.html?_=1631329983143&CODE_STATE=getMsg HTTP/1.1" 200 27
61.151.178.163 - - [11/Sep/2021:11:13:04 +0800] "GET /xingrg/kc/buy/cgsh_order_info.html?code=212021091104568 HTTP/1.1" 302 -
101.83.145.79 - - [11/Sep/2021:11:13:05 +0800] "GET /xingrg/kc/buy/cgsh_order_operate.html?command=get_materiel&rest_code=00105&code=00101004020&supplier_code=00100312&order_time=2021-09-11 HTTP/1.1" 200 409
61.151.178.163 - - [11/Sep/2021:11:13:05 +0800] "GET /xingrg/login.html HTTP/1.1" 200 7641
120.253.135.82 - - [11/Sep/2021:11:13:05 +0800] "GET /xingrg/kc/pszx/mdth_order_list.html HTTP/1.1" 200 18513
120.253.135.82 - - [11/Sep/2021:11:13:05 +0800] "POST /xingrg/kc/pszx/mdth_order_new_list.html HTTP/1.1" 200 4639
116.237.74.154 - - [11/Sep/2021:11:13:06 +0800] "GET /xingrg/kc/buy/cgsh_order_operate.html?command=get_materiel&rest_code=00106&code=00101012029&supplier_code=00100032&order_time=2021-09-11 HTTP/1.1" 200 412
116.237.74.154 - - [11/Sep/2021:11:13:07 +0800] "GET /xingrg/javascript/auto/indicator.gif HTTP/1.1" 404 1066
120.253.135.82 - - [11/Sep/2021:11:13:08 +0800] "POST /xingrg/kc/pszx/mdth_order_new_list.html HTTP/1.1" 200 401
58.37.227.186 - - [11/Sep/2021:11:13:08 +0800] "POST /xingrg/kc/buy/cgsh_order_operate.html HTTP/1.1" 200 37
116.238.194.18 - - [11/Sep/2021:11:13:09 +0800] "GET /xingrg/kc/buy/cgsh_order_operate.html?command=get_materiel&rest_code=00151&code=00101015038&supplier_code=00100007&order_time=2021-09-11 HTTP/1.1" 200 419
61.151.178.163 - - [11/Sep/2021:11:13:10 +0800] "GET /xingrg/kc/buy/cgsh_order_operate.html?command=get_materiel&rest_code=00106&code=00101004010&supplier_code=00100032&order_time=2021-09-11 HTTP/1.1" 302 -
116.238.194.18 - - [11/Sep/2021:11:13:11 +0800] "POST /xingrg/kc/buy/cgsh_order_operate.html HTTP/1.1" 200 2065
61.151.178.163 - - [11/Sep/2021:11:13:11 +0800] "GET /xingrg/login.html HTTP/1.1" 200 7641
58.37.227.186 - - [11/Sep/2021:11:13:12 +0800] "POST /xingrg/kc/buy/cgsh_order_operate.html HTTP/1.1" 200 12
58.37.227.186 - - [11/Sep/2021:11:13:12 +0800] "GET /xingrg/kc/buy/cgsh_order_info.html?code=212021091104531 HTTP/1.1" 200 58341
58.37.227.186 - - [11/Sep/2021:11:13:13 +0800] "GET /xingrg/javascript/easyui/themes/default/validatebox.css HTTP/1.1" 404 1104
101.83.145.79 - - [11/Sep/2021:11:13:13 +0800] "GET /xingrg/kc/buy/cgsh_order_operate.html?command=get_materiel&rest_code=00105&code=00101001138&supplier_code=00100312&order_time=2021-09-11 HTTP/1.1" 200 413
120.253.135.82 - - [11/Sep/2021:11:13:13 +0800] "GET /xingrg/kc/pszx/mdqp_order_list.html?state=10 HTTP/1.1" 200 10217
120.253.135.82 - - [11/Sep/2021:11:13:13 +0800] "GET /xingrg/dwr/interface/AjaxReportQueryService.js HTTP/1.1" 200 13203
120.253.135.82 - - [11/Sep/2021:11:13:13 +0800] "GET /xingrg/dwr/interface/AjaxQqpsService.js HTTP/1.1" 200 16326
120.253.135.82 - - [11/Sep/2021:11:13:13 +0800] "GET /xingrg/dwr/engine.js HTTP/1.1" 200 43631
180.169.147.146 - - [11/Sep/2021:11:13:13 +0800] "GET /xingrg/all/function/internal_message.html?_=1631329990236&CODE_STATE=getMsg HTTP/1.1" 200 27
58.37.227.186 - - [11/Sep/2021:11:13:13 +0800] "POST /xingrg/kc/buy/cgsh_order_operate.html HTTP/1.1" 200 53167
116.237.74.154 - - [11/Sep/2021:11:13:13 +0800] "GET /xingrg/kc/buy/cgsh_order_operate.html?command=get_materiel&rest_code=00106&code=00101001111&supplier_code=00100032&order_time=2021-09-11 HTTP/1.1" 200 409
116.228.172.94 - - [11/Sep/2021:11:13:14 +0800] "GET /xingrg/all/function/internal_message.html?_=1631329995483&CODE_STATE=getMsg HTTP/1.1" 200 27
116.237.74.154 - - [11/Sep/2021:11:13:14 +0800] "GET /xingrg/kc/buy/cgsh_order_operate.html?command=get_materiel&rest_code=00106&code=00101002038&supplier_code=00100087&order_time=2021-09-11 HTTP/1.1" 200 434
120.253.135.82 - - [11/Sep/2021:11:13:16 +0800] "GET /xingrg/kc/report/report_main.html HTTP/1.1" 200 9370
116.238.194.18 - - [11/Sep/2021:11:13:17 +0800] "GET /xingrg/kc/buy/cgsh_order_operate.html?command=get_materiel&rest_code=00151&code=00101008366&supplier_code=00100007&order_time=2021-09-11 HTTP/1.1" 200 408
120.253.135.82 - - [11/Sep/2021:11:13:19 +0800] "GET /xingrg/kc/base/kc_stocks.html HTTP/1.1" 200 16437
101.83.145.79 - - [11/Sep/2021:11:13:19 +0800] "GET /xingrg/kc/buy/cgsh_order_operate.html?command=get_materiel&rest_code=00105&code=00101001005&supplier_code=00100312&order_time=2021-09-11 HTTP/1.1" 200 415
58.37.227.186 - - [11/Sep/2021:11:13:19 +0800] "GET /xingrg/kc/print/load_data.html?order_code=212021091104531&kc_code=cgsh&condition= HTTP/1.1" 200 20565
120.253.135.82 - - [11/Sep/2021:11:13:19 +0800] "GET /xingrg/javascript/easyui/themes/default/tree.css HTTP/1.1" 404 1090
120.253.135.82 - - [11/Sep/2021:11:13:19 +0800] "POST /xingrg/all/common/load_tree.html?tree=materiel_sort_tree_json HTTP/1.1" 200 8792
120.253.135.82 - - [11/Sep/2021:11:13:20 +0800] "POST /xingrg/all/common/load_combo.html?type=base HTTP/1.1" 200 1075
222.70.246.151 - - [11/Sep/2021:11:13:24 +0800] "GET /xingrg/kc/buy/cgsh_order_operate.html?command=get_materiel&rest_code=00146&code=00101008323&supplier_code=00100005&order_time=2021-09-11 HTTP/1.1" 200 408
116.238.194.18 - - [11/Sep/2021:11:13:24 +0800] "GET /xingrg/kc/buy/cgsh_order_operate.html?command=get_materiel&rest_code=00151&code=00101015006&supplier_code=00100007&order_time=2021-09-11 HTTP/1.1" 200 413
116.238.168.124 - - [11/Sep/2021:11:13:24 +0800] "GET /xingrg/kc/buy/cgsh_order_operate.html?command=get_materiel&rest_code=00102&code=00101007001&supplier_code=00100096&order_time=2021-09-11 HTTP/1.1" 200 409
101.91.60.11 - - [11/Sep/2021:11:13:25 +0800] "GET /xingrg/kc/buy/cgsh_order_operate.html?command=get_materiel&rest_code=00106&code=00101016053&supplier_code=00100032&order_time=2021-09-11 HTTP/1.1" 302 -
101.91.60.11 - - [11/Sep/2021:11:13:25 +0800] "GET /xingrg/login.html HTTP/1.1" 200 7641
222.70.246.151 - - [11/Sep/2021:11:13:26 +0800] "POST /xingrg/kc/buy/cgsh_order_operate.html HTTP/1.1" 200 2065
120.253.135.82 - - [11/Sep/2021:11:13:28 +0800] "POST /xingrg/kc/base/stock_operate.html HTTP/1.1" 200 1462
116.237.74.154 - - [11/Sep/2021:11:13:28 +0800] "GET /xingrg/kc/buy/cgsh_order_operate.html?command=get_materiel&rest_code=00106&code=00101020215&supplier_code=00100032&order_time=2021-09-11 HTTP/1.1" 200 393
116.237.74.154 - - [11/Sep/2021:11:13:28 +0800] "GET /xingrg/all/function/internal_message.html?_=1631330007831&CODE_STATE=getMsg HTTP/1.1" 200 27
222.70.246.151 - - [11/Sep/2021:11:13:31 +0800] "GET /xingrg/kc/buy/cgsh_order_operate.html?command=get_materiel&rest_code=00146&code=00101013165&supplier_code=00100005&order_time=2021-09-11 HTTP/1.1" 200 409
101.89.239.120 - - [11/Sep/2021:11:13:31 +0800] "GET /xingrg/kc/buy/cgsh_order_operate.html?command=get_materiel&rest_code=00106&code=00101012024&supplier_code=00100032&order_time=2021-09-11 HTTP/1.1" 302 -
116.238.194.18 - - [11/Sep/2021:11:13:31 +0800] "GET /xingrg/kc/buy/cgsh_order_operate.html?command=get_materiel&rest_code=00151&code=00101008312&supplier_code=00100007&order_time=2021-09-11 HTTP/1.1" 200 412
222.69.131.118 - - [11/Sep/2021:11:13:32 +0800] "GET /xingrg/all/function/internal_message.html?_=1631330010598&CODE_STATE=getMsg HTTP/1.1" 200 27
116.237.74.154 - - [11/Sep/2021:11:13:32 +0800] "GET /xingrg/check_reg.html?_=1631330005365 HTTP/1.1" 200 22
101.89.239.120 - - [11/Sep/2021:11:13:32 +0800] "GET /xingrg/login.html HTTP/1.1" 200 7641
116.237.74.154 - - [11/Sep/2021:11:13:33 +0800] "GET /xingrg/all/function/internal_message.html?_=1631330006092&CODE_STATE=getMsg HTTP/1.1" 200 27
101.83.145.79 - - [11/Sep/2021:11:13:34 +0800] "GET /xingrg/kc/buy/cgsh_order_operate.html?command=get_materiel&rest_code=00105&code=00101004050&supplier_code=00100312&order_time=2021-09-11 HTTP/1.1" 200 409
116.237.74.154 - - [11/Sep/2021:11:13:36 +0800] "GET /xingrg/kc/buy/cgsh_order_operate.html?command=get_materiel&rest_code=00106&code=00101002027&supplier_code=00100032&order_time=2021-09-11 HTTP/1.1" 200 413
116.238.194.18 - - [11/Sep/2021:11:13:36 +0800] "GET /xingrg/all/function/internal_message.html?_=1631330014957&CODE_STATE=getMsg HTTP/1.1" 200 27
116.237.74.154 - - [11/Sep/2021:11:13:38 +0800] "POST /xingrg/kc/buy/cgsh_order_operate.html HTTP/1.1" 200 2065
120.253.135.82 - - [11/Sep/2021:11:13:39 +0800] "POST /xingrg/kc/base/stock_operate.html HTTP/1.1" 200 1707
116.230.105.26 - - [11/Sep/2021:11:13:40 +0800] "GET /xingrg/kc/buy/cgsh_order_list.html HTTP/1.1" 200 47694
61.151.178.165 - - [11/Sep/2021:11:13:41 +0800] "GET /xingrg/kc/buy/cgsh_order_operate.html?command=get_materiel&rest_code=00106&code=00101010248&supplier_code=00100032&order_time=2021-09-11 HTTP/1.1" 302 -
101.83.145.79 - - [11/Sep/2021:11:13:41 +0800] "GET /xingrg/check_reg.html?_=1631330019931 HTTP/1.1" 200 22
61.151.178.165 - - [11/Sep/2021:11:13:41 +0800] "GET /xingrg/login.html HTTP/1.1" 200 7641
101.85.93.96 - - [11/Sep/2021:11:13:41 +0800] "GET /xingrg/all/function/internal_message.html?_=1631329942700&CODE_STATE=getMsg HTTP/1.1" 200 27
116.237.74.154 - - [11/Sep/2021:11:13:42 +0800] "GET /xingrg/kc/buy/cgsh_order_operate.html?command=get_materiel&rest_code=00106&code=00101002002&supplier_code=00100087&order_time=2021-09-11 HTTP/1.1" 200 438
116.238.194.18 - - [11/Sep/2021:11:13:42 +0800] "GET /xingrg/all/function/internal_message.html?_=1631329993666&CODE_STATE=getMsg HTTP/1.1" 200 27
116.230.105.26 - - [11/Sep/2021:11:13:43 +0800] "POST /xingrg/kc/buy/cgsh_list_operate.html HTTP/1.1" 200 2773
120.253.135.82 - - [11/Sep/2021:11:13:44 +0800] "GET /xingrg/all/function/internal_message.html?_=1631330014650&CODE_STATE=getMsg HTTP/1.1" 200 27
116.237.74.154 - - [11/Sep/2021:11:13:46 +0800] "GET /xingrg/kc/buy/cgsh_order_operate.html?command=get_materiel&rest_code=00106&code=00101016105&supplier_code=00100032&order_time=2021-09-11 HTTP/1.1" 200 409
101.83.145.79 - - [11/Sep/2021:11:13:46 +0800] "GET /xingrg/kc/buy/cgsh_order_operate.html?command=get_materiel&rest_code=00105&code=00101004027&supplier_code=00100312&order_time=2021-09-11 HTTP/1.1" 200 409
180.157.254.90 - - [11/Sep/2021:11:13:47 +0800] "GET /xingrg/all/function/internal_message.html?_=1631330025882&CODE_STATE=getMsg HTTP/1.1" 200 27
120.253.135.82 - - [11/Sep/2021:11:13:48 +0800] "GET /xingrg/check_reg.html?_=1631329800552 HTTP/1.1" 200 22
116.230.105.26 - - [11/Sep/2021:11:13:50 +0800] "GET /xingrg/check_reg.html?_=1631330027706 HTTP/1.1" 200 22
116.230.105.26 - - [11/Sep/2021:11:13:50 +0800] "GET /xingrg/all/function/internal_message.html?_=1631330027707&CODE_STATE=getMsg HTTP/1.1" 200 27
222.70.246.151 - - [11/Sep/2021:11:13:51 +0800] "GET /xingrg/kc/buy/cgsh_order_operate.html?command=get_materiel&rest_code=00146&code=00101008331&supplier_code=00100005&order_time=2021-09-11 HTTP/1.1" 200 416
120.253.135.82 - - [11/Sep/2021:11:13:53 +0800] "POST /xingrg/kc/base/stock_operate.html HTTP/1.1" 200 1462
116.238.168.124 - - [11/Sep/2021:11:13:54 +0800] "GET /xingrg/all/function/internal_message.html?_=1631330012503&CODE_STATE=getMsg HTTP/1.1" 200 27
120.253.135.82 - - [11/Sep/2021:11:13:56 +0800] "GET /xingrg/kc/pszx/mdqp_order_list.html?state=10 HTTP/1.1" 200 10217
120.253.135.82 - - [11/Sep/2021:11:13:56 +0800] "GET /xingrg/dwr/interface/AjaxReportQueryService.js HTTP/1.1" 200 13203
120.253.135.82 - - [11/Sep/2021:11:13:56 +0800] "GET /xingrg/dwr/engine.js HTTP/1.1" 200 43631
120.253.135.82 - - [11/Sep/2021:11:13:56 +0800] "GET /xingrg/dwr/interface/AjaxQqpsService.js HTTP/1.1" 200 16326
116.238.168.124 - - [11/Sep/2021:11:13:56 +0800] "GET /xingrg/kc/buy/cgsh_order_operate.html?command=get_materiel&rest_code=00102&code=00101012044&supplier_code=00100096&order_time=2021-09-11 HTTP/1.1" 200 408
116.237.74.154 - - [11/Sep/2021:11:13:56 +0800] "POST /xingrg/kc/buy/cgsh_order_operate.html HTTP/1.1" 200 37
101.83.145.79 - - [11/Sep/2021:11:14:00 +0800] "GET /xingrg/all/function/internal_message.html?_=1631329987484&CODE_STATE=getMsg HTTP/1.1" 200 27
180.169.147.146 - - [11/Sep/2021:11:14:01 +0800] "GET /xingrg/all/function/internal_message.html?_=1631330040150&CODE_STATE=getMsg HTTP/1.1" 200 27
180.169.147.146 - - [11/Sep/2021:11:14:01 +0800] "GET /xingrg/check_reg.html?_=1631330040153 HTTP/1.1" 200 22
116.237.74.154 - - [11/Sep/2021:11:14:02 +0800] "POST /xingrg/kc/buy/cgsh_order_operate.html HTTP/1.1" 200 64
101.83.145.79 - - [11/Sep/2021:11:14:04 +0800] "POST /xingrg/kc/buy/cgsh_order_operate.html HTTP/1.1" 200 37
101.89.239.245 - - [11/Sep/2021:11:14:04 +0800] "GET /xingrg/kc/buy/cgsh_order_operate.html?command=get_materiel&rest_code=00106&code=00101012029&supplier_code=00100032&order_time=2021-09-11 HTTP/1.1" 302 -
180.157.254.90 - - [11/Sep/2021:11:14:04 +0800] "GET /favicon.ico HTTP/1.1" 404 -
101.89.239.245 - - [11/Sep/2021:11:14:04 +0800] "GET /xingrg/login.html HTTP/1.1" 200 7641
222.70.246.151 - - [11/Sep/2021:11:14:06 +0800] "GET /xingrg/all/function/internal_message.html?_=1631330066751&CODE_STATE=getMsg HTTP/1.1" 200 27
222.70.246.151 - - [11/Sep/2021:11:14:06 +0800] "GET /xingrg/check_reg.html?_=1631330066754 HTTP/1.1" 200 22
222.70.246.151 - - [11/Sep/2021:11:14:07 +0800] "GET /xingrg/kc/buy/cgsh_order_operate.html?command=get_materiel&rest_code=00146&code=00101008114&supplier_code=00100005&order_time=2021-09-11 HTTP/1.1" 200 412
116.237.74.154 - - [11/Sep/2021:11:14:11 +0800] "POST /xingrg/kc/buy/cgsh_order_operate.html HTTP/1.1" 200 37
101.83.145.79 - - [11/Sep/2021:11:14:12 +0800] "POST /xingrg/kc/buy/cgsh_order_operate.html HTTP/1.1" 200 7985
101.89.29.78 - - [11/Sep/2021:11:14:12 +0800] "GET /xingrg/kc/buy/cgsh_order_operate.html?command=get_materiel&rest_code=00106&code=00101001111&supplier_code=00100032&order_time=2021-09-11 HTTP/1.1" 302 -
101.89.29.78 - - [11/Sep/2021:11:14:13 +0800] "GET /xingrg/login.html HTTP/1.1" 200 7641
180.169.147.146 - - [11/Sep/2021:11:14:13 +0800] "GET /xingrg/all/function/internal_message.html?_=1631330050238&CODE_STATE=getMsg HTTP/1.1" 200 27
116.228.172.94 - - [11/Sep/2021:11:14:14 +0800] "GET /xingrg/check_reg.html?_=1631330055225 HTTP/1.1" 200 22
116.228.172.94 - - [11/Sep/2021:11:14:14 +0800] "GET /xingrg/all/function/internal_message.html?_=1631330055464&CODE_STATE=getMsg HTTP/1.1" 200 27
101.83.145.79 - - [11/Sep/2021:11:14:14 +0800] "GET /xingrg/kc/print/load_data.html?order_code=212021091104573&kc_code=cgsh&condition= HTTP/1.1" 200 2698
116.238.168.124 - - [11/Sep/2021:11:14:15 +0800] "GET /xingrg/kc/buy/cgsh_order_operate.html?command=get_materiel&rest_code=00102&code=00101006193&supplier_code=00100096&order_time=2021-09-11 HTTP/1.1" 200 411
116.237.74.154 - - [11/Sep/2021:11:14:16 +0800] "POST /xingrg/kc/buy/cgsh_order_operate.html HTTP/1.1" 200 12
116.237.74.154 - - [11/Sep/2021:11:14:17 +0800] "GET /xingrg/kc/buy/cgsh_order_info.html?code=212021091104574 HTTP/1.1" 200 58335
116.237.74.154 - - [11/Sep/2021:11:14:18 +0800] "GET /xingrg/words/20210911111000_words.js HTTP/1.1" 200 847824
222.70.246.151 - - [11/Sep/2021:11:14:18 +0800] "GET /xingrg/kc/buy/cgsh_order_operate.html?command=get_materiel&rest_code=00146&code=00101008041&supplier_code=00100005&order_time=2021-09-11 HTTP/1.1" 200 408
116.237.74.154 - - [11/Sep/2021:11:14:18 +0800] "GET /xingrg/javascript/easyui/themes/default/validatebox.css HTTP/1.1" 404 1104
116.237.74.154 - - [11/Sep/2021:11:14:19 +0800] "POST /xingrg/kc/buy/cgsh_order_operate.html HTTP/1.1" 200 1214
116.237.74.154 - - [11/Sep/2021:11:14:22 +0800] "GET /xingrg/kc/print/load_config.html?kc_code=cgsh HTTP/1.1" 200 2076
116.237.74.154 - - [11/Sep/2021:11:14:23 +0800] "GET /xingrg/kc/print/load_data.html?order_code=212021091104574&kc_code=cgsh&condition= HTTP/1.1" 200 989
61.151.178.217 - - [11/Sep/2021:11:14:25 +0800] "GET /xingrg/kc/buy/cgsh_order_operate.html?command=get_materiel&rest_code=00106&code=00101020215&supplier_code=00100032&order_time=2021-09-11 HTTP/1.1" 302 -
222.70.246.151 - - [11/Sep/2021:11:14:25 +0800] "POST /xingrg/kc/buy/cgsh_order_operate.html HTTP/1.1" 200 2065
61.151.178.217 - - [11/Sep/2021:11:14:26 +0800] "GET /xingrg/login.html HTTP/1.1" 200 7641
116.238.194.18 - - [11/Sep/2021:11:14:27 +0800] "POST /xingrg/kc/buy/cgsh_order_operate.html HTTP/1.1" 200 37
116.237.74.154 - - [11/Sep/2021:11:14:28 +0800] "GET /xingrg/check_reg.html?_=1631330067846 HTTP/1.1" 200 22
116.237.74.154 - - [11/Sep/2021:11:14:28 +0800] "GET /xingrg/all/function/internal_message.html?_=1631330067849&CODE_STATE=getMsg HTTP/1.1" 200 27
116.238.194.18 - - [11/Sep/2021:11:14:29 +0800] "GET /xingrg/check_reg.html?_=1631330040209 HTTP/1.1" 200 22
116.238.194.18 - - [11/Sep/2021:11:14:30 +0800] "POST /xingrg/kc/buy/cgsh_order_operate.html HTTP/1.1" 200 12
116.238.194.18 - - [11/Sep/2021:11:14:30 +0800] "GET /xingrg/kc/buy/cgsh_order_info.html?code=212021091104575 HTTP/1.1" 200 57977
116.238.194.18 - - [11/Sep/2021:11:14:31 +0800] "GET /xingrg/words/20210911111000_words.js HTTP/1.1" 200 847824
116.238.194.18 - - [11/Sep/2021:11:14:31 +0800] "GET /xingrg/javascript/easyui/themes/default/validatebox.css HTTP/1.1" 404 1104
222.69.131.118 - - [11/Sep/2021:11:14:32 +0800] "GET /xingrg/all/function/internal_message.html?_=1631330070583&CODE_STATE=getMsg HTTP/1.1" 200 27
116.238.194.18 - - [11/Sep/2021:11:14:32 +0800] "POST /xingrg/kc/buy/cgsh_order_operate.html HTTP/1.1" 200 23367
222.69.131.118 - - [11/Sep/2021:11:14:32 +0800] "GET /xingrg/check_reg.html?_=1631330071476 HTTP/1.1" 200 22
116.238.194.18 - - [11/Sep/2021:11:14:33 +0800] "GET /xingrg/kc/print/load_data.html?order_code=212021091104575&kc_code=cgsh&condition= HTTP/1.1" 200 9550
101.89.239.238 - - [11/Sep/2021:11:14:35 +0800] "GET /xingrg/kc/buy/cgsh_order_operate.html?command=get_materiel&rest_code=00106&code=00101002027&supplier_code=00100032&order_time=2021-09-11 HTTP/1.1" 302 -
101.89.239.238 - - [11/Sep/2021:11:14:36 +0800] "GET /xingrg/login.html HTTP/1.1" 200 7641
116.238.194.18 - - [11/Sep/2021:11:14:36 +0800] "GET /xingrg/all/function/internal_message.html?_=1631330074936&CODE_STATE=getMsg HTTP/1.1" 200 27
222.70.246.151 - - [11/Sep/2021:11:14:39 +0800] "GET /xingrg/kc/buy/cgsh_order_operate.html?command=get_materiel&rest_code=00146&code=00101015017&supplier_code=00100005&order_time=2021-09-11 HTTP/1.1" 200 412
116.238.194.18 - - [11/Sep/2021:11:14:39 +0800] "GET /xingrg/kc/buy/cgsh_order_add.html HTTP/1.1" 200 63068
116.238.194.18 - - [11/Sep/2021:11:14:40 +0800] "POST /xingrg/kc/buy/cgsh_order_operate.html HTTP/1.1" 200 8245
116.238.194.18 - - [11/Sep/2021:11:14:40 +0800] "GET /xingrg/javascript/easyui/themes/default/validatebox.css HTTP/1.1" 404 1104
101.85.93.96 - - [11/Sep/2021:11:14:41 +0800] "GET /xingrg/all/function/internal_message.html?_=1631330002700&CODE_STATE=getMsg HTTP/1.1" 200 27
116.238.194.18 - - [11/Sep/2021:11:14:42 +0800] "GET /xingrg/all/function/internal_message.html?_=1631330053672&CODE_STATE=getMsg HTTP/1.1" 200 27
120.253.135.82 - - [11/Sep/2021:11:14:43 +0800] "GET /xingrg/check_reg.html?_=1631330073798 HTTP/1.1" 200 22
120.253.135.82 - - [11/Sep/2021:11:14:44 +0800] "GET /xingrg/all/function/internal_message.html?_=1631330074664&CODE_STATE=getMsg HTTP/1.1" 200 27
180.157.254.90 - - [11/Sep/2021:11:14:47 +0800] "GET /xingrg/all/function/internal_message.html?_=1631330085881&CODE_STATE=getMsg HTTP/1.1" 200 27
116.238.194.18 - - [11/Sep/2021:11:14:47 +0800] "GET /xingrg/kc/mdqp/pssh_order_list.html HTTP/1.1" 200 17494
116.238.194.18 - - [11/Sep/2021:11:14:47 +0800] "POST /xingrg/kc/mdqp/pssh_list_operate.html HTTP/1.1" 200 5450
116.238.168.124 - - [11/Sep/2021:11:14:48 +0800] "GET /xingrg/kc/buy/cgsh_order_operate.html?command=get_materiel&rest_code=00102&code=00101006039&supplier_code=00100096&order_time=2021-09-11 HTTP/1.1" 200 414
116.238.194.18 - - [11/Sep/2021:11:14:49 +0800] "POST /xingrg/kc/mdqp/pssh_list_operate.html HTTP/1.1" 200 778
116.238.168.124 - - [11/Sep/2021:11:14:49 +0800] "GET /xingrg/check_reg.html?_=1631330067535 HTTP/1.1" 200 22
116.238.194.18 - - [11/Sep/2021:11:14:50 +0800] "GET /xingrg/kc/mdqp/pssh_order_info.html?code=312021091000271 HTTP/1.1" 200 17297
116.238.194.18 - - [11/Sep/2021:11:14:50 +0800] "GET /xingrg/javascript/jquery_tools/jquery-1.4.2.min.js HTTP/1.1" 404 1094
116.238.194.18 - - [11/Sep/2021:11:14:50 +0800] "POST /xingrg/kc/mdqp/pssh_order_operate.html HTTP/1.1" 200 4232
116.238.194.18 - - [11/Sep/2021:11:14:50 +0800] "GET /xingrg/all/common/auto_word.html?type=base&rest_code=00151&rest_code=00151 HTTP/1.1" 200 1315
116.238.194.18 - - [11/Sep/2021:11:14:50 +0800] "GET /xingrg/javascript/easyui/themes/default/validatebox.css HTTP/1.1" 404 1104
116.230.105.26 - - [11/Sep/2021:11:14:50 +0800] "GET /xingrg/all/function/internal_message.html?_=1631330087710&CODE_STATE=getMsg HTTP/1.1" 200 27
116.238.168.124 - - [11/Sep/2021:11:14:54 +0800] "GET /xingrg/all/function/internal_message.html?_=1631330072515&CODE_STATE=getMsg HTTP/1.1" 200 27
116.238.194.18 - - [11/Sep/2021:11:14:55 +0800] "POST /xingrg/all/common/load_combo.html?type=employee HTTP/1.1" 200 532
58.37.227.186 - - [11/Sep/2021:11:14:57 +0800] "GET /xingrg/check_reg.html?_=1631329969512 HTTP/1.1" 200 22
116.238.194.18 - - [11/Sep/2021:11:14:59 +0800] "POST /xingrg/kc/mdqp/pssh_order_operate.html HTTP/1.1" 200 37
116.238.194.18 - - [11/Sep/2021:11:14:59 +0800] "POST /xingrg/kc/mdqp/pssh_order_operate.html HTTP/1.1" 200 12
101.83.145.79 - - [11/Sep/2021:11:15:00 +0800] "GET /xingrg/all/function/internal_message.html?_=1631330047484&CODE_STATE=getMsg HTTP/1.1" 200 27
116.238.194.18 - - [11/Sep/2021:11:15:00 +0800] "GET /xingrg/kc/mdqp/pssh_order_info.html?code=312021091000271 HTTP/1.1" 200 14386
116.238.194.18 - - [11/Sep/2021:11:15:00 +0800] "GET /xingrg/javascript/jquery_tools/jquery-1.4.2.min.js HTTP/1.1" 404 1094
116.238.194.18 - - [11/Sep/2021:11:15:00 +0800] "GET /xingrg/words/20210911111000_words.js HTTP/1.1" 304 -
116.238.194.18 - - [11/Sep/2021:11:15:01 +0800] "POST /xingrg/kc/mdqp/pssh_order_operate.html HTTP/1.1" 200 4232
116.238.194.18 - - [11/Sep/2021:11:15:01 +0800] "GET /xingrg/javascript/easyui/themes/default/validatebox.css HTTP/1.1" 404 1104
180.169.147.146 - - [11/Sep/2021:11:15:01 +0800] "GET /xingrg/all/function/internal_message.html?_=1631330100141&CODE_STATE=getMsg HTTP/1.1" 200 27
116.238.168.124 - - [11/Sep/2021:11:15:03 +0800] "GET /xingrg/kc/buy/cgsh_order_operate.html?command=get_materiel&rest_code=00102&code=00101006110&supplier_code=00100096&order_time=2021-09-11 HTTP/1.1" 200 408
101.83.145.79 - - [11/Sep/2021:11:15:03 +0800] "GET /xingrg/kc/buy/cgsh_order_add.html HTTP/1.1" 200 63473
101.83.145.79 - - [11/Sep/2021:11:15:03 +0800] "GET /xingrg/javascript/easyui/themes/default/validatebox.css HTTP/1.1" 404 1104
101.83.145.79 - - [11/Sep/2021:11:15:03 +0800] "POST /xingrg/kc/buy/cgsh_order_operate.html HTTP/1.1" 200 8245
101.83.145.79 - - [11/Sep/2021:11:15:04 +0800] "GET /xingrg/all/function/internal_message.html?_=1631330103149&CODE_STATE=getMsg HTTP/1.1" 200 27
222.70.246.151 - - [11/Sep/2021:11:15:06 +0800] "GET /xingrg/all/function/internal_message.html?_=1631330126908&CODE_STATE=getMsg HTTP/1.1" 200 27
116.238.194.18 - - [11/Sep/2021:11:15:06 +0800] "GET /xingrg/kc/print/load_config.html?kc_code=pssh HTTP/1.1" 200 2290
116.238.194.18 - - [11/Sep/2021:11:15:06 +0800] "GET /xingrg/kc/print/load_data.html?order_code=312021091000271&kc_code=pssh&condition= HTTP/1.1" 200 1943
180.169.147.146 - - [11/Sep/2021:11:15:13 +0800] "GET /xingrg/all/function/internal_message.html?_=1631330110242&CODE_STATE=getMsg HTTP/1.1" 200 27
222.70.246.151 - - [11/Sep/2021:11:15:14 +0800] "GET /xingrg/kc/buy/cgsh_order_operate.html?command=get_materiel&rest_code=00146&code=00101015006&supplier_code=00100005&order_time=2021-09-11 HTTP/1.1" 200 413
116.228.172.94 - - [11/Sep/2021:11:15:14 +0800] "GET /xingrg/all/function/internal_message.html?_=1631330112889&CODE_STATE=getMsg HTTP/1.1" 200 27
116.238.194.18 - - [11/Sep/2021:11:15:16 +0800] "GET /xingrg/kc/mdqp/pssh_order_list.html?isBack=1 HTTP/1.1" 200 17494
116.238.194.18 - - [11/Sep/2021:11:15:16 +0800] "POST /xingrg/kc/mdqp/pssh_list_operate.html HTTP/1.1" 200 5475
116.238.194.18 - - [11/Sep/2021:11:15:18 +0800] "POST /xingrg/kc/mdqp/pssh_list_operate.html HTTP/1.1" 200 368
116.238.168.124 - - [11/Sep/2021:11:15:18 +0800] "POST /xingrg/kc/buy/cgsh_order_operate.html HTTP/1.1" 200 37
116.238.194.18 - - [11/Sep/2021:11:15:18 +0800] "GET /xingrg/kc/mdqp/pssh_order_info.html?code=312021091000272 HTTP/1.1" 200 17303
116.238.194.18 - - [11/Sep/2021:11:15:18 +0800] "GET /xingrg/javascript/jquery_tools/jquery-1.4.2.min.js HTTP/1.1" 404 1094
116.238.194.18 - - [11/Sep/2021:11:15:19 +0800] "POST /xingrg/kc/mdqp/pssh_order_operate.html HTTP/1.1" 200 1063
116.238.194.18 - - [11/Sep/2021:11:15:19 +0800] "GET /xingrg/javascript/easyui/themes/default/validatebox.css HTTP/1.1" 404 1104
116.238.194.18 - - [11/Sep/2021:11:15:20 +0800] "POST /xingrg/all/common/load_combo.html?type=employee HTTP/1.1" 200 532
116.237.74.154 - - [11/Sep/2021:11:15:21 +0800] "GET /xingrg/kc/buy/cgsh_order_add.html HTTP/1.1" 200 63426
116.237.74.154 - - [11/Sep/2021:11:15:21 +0800] "GET /xingrg/words/20210911111000_words.js HTTP/1.1" 304 -
116.237.74.154 - - [11/Sep/2021:11:15:21 +0800] "POST /xingrg/kc/buy/cgsh_order_operate.html HTTP/1.1" 200 8245
116.237.74.154 - - [11/Sep/2021:11:15:21 +0800] "GET /xingrg/javascript/easyui/themes/default/validatebox.css HTTP/1.1" 404 1104
116.238.194.18 - - [11/Sep/2021:11:15:23 +0800] "POST /xingrg/kc/mdqp/pssh_order_operate.html HTTP/1.1" 200 37
116.237.74.154 - - [11/Sep/2021:11:15:23 +0800] "GET /xingrg/javascript/easyui/themes/default/tree.css HTTP/1.1" 404 1090
116.237.74.154 - - [11/Sep/2021:11:15:23 +0800] "POST /xingrg/all/common/load_tree.html?tree=supplier_tree_json&isDelete=1 HTTP/1.1" 200 57687
116.238.194.18 - - [11/Sep/2021:11:15:23 +0800] "POST /xingrg/kc/mdqp/pssh_order_operate.html HTTP/1.1" 200 12
116.238.194.18 - - [11/Sep/2021:11:15:24 +0800] "GET /xingrg/kc/mdqp/pssh_order_info.html?code=312021091000272 HTTP/1.1" 200 14392
116.238.194.18 - - [11/Sep/2021:11:15:24 +0800] "GET /xingrg/javascript/jquery_tools/jquery-1.4.2.min.js HTTP/1.1" 404 1094
116.238.194.18 - - [11/Sep/2021:11:15:24 +0800] "GET /xingrg/javascript/easyui/themes/default/validatebox.css HTTP/1.1" 404 1104
116.238.194.18 - - [11/Sep/2021:11:15:24 +0800] "POST /xingrg/kc/mdqp/pssh_order_operate.html HTTP/1.1" 200 1063
116.238.194.18 - - [11/Sep/2021:11:15:26 +0800] "GET /xingrg/kc/print/load_data.html?order_code=312021091000272&kc_code=pssh&condition= HTTP/1.1" 200 860
116.238.168.124 - - [11/Sep/2021:11:15:27 +0800] "POST /xingrg/kc/buy/cgsh_order_operate.html HTTP/1.1" 200 12818
116.237.74.154 - - [11/Sep/2021:11:15:28 +0800] "GET /xingrg/all/function/internal_message.html?_=1631330127845&CODE_STATE=getMsg HTTP/1.1" 200 27
58.40.7.146 - - [11/Sep/2021:11:15:28 +0800] "GET /xingrg/check_reg.html?_=1631330127271 HTTP/1.1" 302 -
222.69.131.118 - - [11/Sep/2021:11:15:32 +0800] "GET /xingrg/all/function/internal_message.html?_=1631330130556&CODE_STATE=getMsg HTTP/1.1" 200 27
116.238.194.18 - - [11/Sep/2021:11:15:35 +0800] "POST /xingrg/kc/mdqp/pssh_list_operate.html HTTP/1.1" 200 814
116.238.194.18 - - [11/Sep/2021:11:15:35 +0800] "POST /xingrg/kc/mdqp/pssh_list_operate.html HTTP/1.1" 200 814
101.83.145.79 - - [11/Sep/2021:11:15:35 +0800] "GET /xingrg/kc/buy/cgsh_order_operate.html?command=get_materiel&rest_code=00105&code=00101010669&supplier_code=00100329&order_time=2021-09-11 HTTP/1.1" 200 410
116.238.194.18 - - [11/Sep/2021:11:15:36 +0800] "GET /xingrg/check_reg.html?_=1631330134894 HTTP/1.1" 200 22
116.238.194.18 - - [11/Sep/2021:11:15:36 +0800] "GET /xingrg/all/function/internal_message.html?_=1631330134922&CODE_STATE=getMsg HTTP/1.1" 200 27
116.238.194.18 - - [11/Sep/2021:11:15:37 +0800] "GET /xingrg/kc/mdqp/pssh_order_list.html HTTP/1.1" 200 17494
116.238.194.18 - - [11/Sep/2021:11:15:37 +0800] "POST /xingrg/kc/mdqp/pssh_list_operate.html HTTP/1.1" 200 5500
116.238.194.18 - - [11/Sep/2021:11:15:39 +0800] "GET /xingrg/kc/buy/cgsh_order_list.html HTTP/1.1" 200 47692
116.238.194.18 - - [11/Sep/2021:11:15:40 +0800] "POST /xingrg/kc/buy/cgsh_list_operate.html HTTP/1.1" 200 876
116.238.194.18 - - [11/Sep/2021:11:15:41 +0800] "GET /xingrg/kc/buy/cgsh_order_add.html HTTP/1.1" 200 63068
116.238.194.18 - - [11/Sep/2021:11:15:41 +0800] "GET /xingrg/words/20210911111000_words.js HTTP/1.1" 304 -
101.85.93.96 - - [11/Sep/2021:11:15:41 +0800] "GET /xingrg/all/function/internal_message.html?_=1631330062700&CODE_STATE=getMsg HTTP/1.1" 200 27
116.238.194.18 - - [11/Sep/2021:11:15:41 +0800] "GET /xingrg/javascript/easyui/themes/default/validatebox.css HTTP/1.1" 404 1104
116.238.194.18 - - [11/Sep/2021:11:15:41 +0800] "POST /xingrg/kc/buy/cgsh_order_operate.html HTTP/1.1" 200 8245
124.79.246.142 - - [11/Sep/2021:11:15:41 +0800] "POST /xingrg/services/DataTransmitService HTTP/1.1" 200 524
116.238.194.18 - - [11/Sep/2021:11:15:42 +0800] "GET /xingrg/all/function/internal_message.html?_=1631330113686&CODE_STATE=getMsg HTTP/1.1" 200 27
124.79.246.142 - - [11/Sep/2021:11:15:42 +0800] "POST /xingrg/services/DataTransmitService HTTP/1.1" 200 501
180.157.254.90 - - [11/Sep/2021:11:15:43 +0800] "GET /xingrg/kc/buy/cgsh_order_list.html HTTP/1.1" 200 47694
180.157.254.90 - - [11/Sep/2021:11:15:44 +0800] "POST /xingrg/kc/buy/cgsh_list_operate.html HTTP/1.1" 200 876
120.253.135.82 - - [11/Sep/2021:11:15:44 +0800] "GET /xingrg/all/function/internal_message.html?_=1631330134677&CODE_STATE=getMsg HTTP/1.1" 200 27
124.79.246.142 - - [11/Sep/2021:11:15:46 +0800] "POST /xingrg/services/DataTransmitService HTTP/1.1" 200 524
180.157.254.90 - - [11/Sep/2021:11:15:47 +0800] "GET /xingrg/all/function/internal_message.html?_=1631330145900&CODE_STATE=getMsg HTTP/1.1" 200 27
101.83.145.79 - - [11/Sep/2021:11:15:48 +0800] "POST /xingrg/kc/buy/cgsh_order_operate.html HTTP/1.1" 200 37
101.83.145.79 - - [11/Sep/2021:11:15:49 +0800] "POST /xingrg/kc/buy/cgsh_order_operate.html HTTP/1.1" 200 2663
101.83.145.79 - - [11/Sep/2021:11:15:50 +0800] "GET /xingrg/kc/print/load_data.html?order_code=212021091104577&kc_code=cgsh&condition= HTTP/1.1" 200 682
116.230.105.26 - - [11/Sep/2021:11:15:50 +0800] "GET /xingrg/all/function/internal_message.html?_=1631330147724&CODE_STATE=getMsg HTTP/1.1" 200 27
116.237.74.154 - - [11/Sep/2021:11:15:52 +0800] "GET /xingrg/javascript/auto/indicator.gif HTTP/1.1" 404 1066
116.238.168.124 - - [11/Sep/2021:11:15:54 +0800] "GET /xingrg/all/function/internal_message.html?_=1631330132529&CODE_STATE=getMsg HTTP/1.1" 200 27
101.83.145.79 - - [11/Sep/2021:11:15:55 +0800] "GET /xingrg/kc/buy/cgsh_order_add.html HTTP/1.1" 200 63473
101.83.145.79 - - [11/Sep/2021:11:15:55 +0800] "GET /xingrg/javascript/easyui/themes/default/validatebox.css HTTP/1.1" 404 1104
101.83.145.79 - - [11/Sep/2021:11:15:55 +0800] "POST /xingrg/kc/buy/cgsh_order_operate.html HTTP/1.1" 200 8245
222.70.246.151 - - [11/Sep/2021:11:15:58 +0800] "GET /xingrg/kc/buy/cgsh_order_operate.html?command=get_materiel&rest_code=00146&code=00101008137&supplier_code=00100005&order_time=2021-09-11 HTTP/1.1" 200 408
101.83.145.79 - - [11/Sep/2021:11:16:00 +0800] "GET /xingrg/check_reg.html?_=1631330107484 HTTP/1.1" 200 22
101.83.145.79 - - [11/Sep/2021:11:16:00 +0800] "GET /xingrg/all/function/internal_message.html?_=1631330107487&CODE_STATE=getMsg HTTP/1.1" 200 27
222.70.246.151 - - [11/Sep/2021:11:16:01 +0800] "POST /xingrg/kc/buy/cgsh_order_operate.html HTTP/1.1" 200 2065
180.169.147.146 - - [11/Sep/2021:11:16:01 +0800] "GET /xingrg/all/function/internal_message.html?_=1631330160144&CODE_STATE=getMsg HTTP/1.1" 200 27
124.79.246.142 - - [11/Sep/2021:11:16:03 +0800] "POST /xingrg/services/DataTransmitService HTTP/1.1" 200 501
124.79.246.142 - - [11/Sep/2021:11:16:03 +0800] "POST /xingrg/services/DataTransmitService HTTP/1.1" 200 501
101.83.145.79 - - [11/Sep/2021:11:16:04 +0800] "GET /xingrg/all/function/internal_message.html?_=1631330163162&CODE_STATE=getMsg HTTP/1.1" 200 27
116.237.74.154 - - [11/Sep/2021:11:16:04 +0800] "GET /xingrg/kc/buy/cgsh_order_operate.html?command=get_materiel&rest_code=00106&code=00101004034&supplier_code=00100085&order_time=2021-09-11 HTTP/1.1" 200 414
124.79.246.142 - - [11/Sep/2021:11:16:06 +0800] "POST /xingrg/services/DataTransmitService HTTP/1.1" 200 501
222.70.246.151 - - [11/Sep/2021:11:16:06 +0800] "GET /xingrg/all/function/internal_message.html?_=1631330186915&CODE_STATE=getMsg HTTP/1.1" 200 27
124.79.246.142 - - [11/Sep/2021:11:16:08 +0800] "POST /xingrg/services/DataTransmitService HTTP/1.1" 200 501
124.79.246.142 - - [11/Sep/2021:11:16:08 +0800] "POST /xingrg/services/DataTransmitService HTTP/1.1" 200 501
124.79.246.142 - - [11/Sep/2021:11:16:09 +0800] "POST /xingrg/services/DataTransmitService HTTP/1.1" 200 501
116.237.74.154 - - [11/Sep/2021:11:16:09 +0800] "POST /xingrg/kc/buy/cgsh_order_operate.html HTTP/1.1" 200 9759
124.79.246.142 - - [11/Sep/2021:11:16:10 +0800] "POST /xingrg/services/DataTransmitService HTTP/1.1" 200 501
124.79.246.142 - - [11/Sep/2021:11:16:10 +0800] "POST /xingrg/services/DataTransmitService HTTP/1.1" 200 501
