180.157.254.90 - - [10/Sep/2021:10:34:02 +0800] "GET /xingrg/kc/buy/cgsh_order_add.html HTTP/1.1" 200 63432
180.157.254.90 - - [10/Sep/2021:10:34:02 +0800] "POST /xingrg/kc/buy/cgsh_order_operate.html HTTP/1.1" 200 8245
180.157.254.90 - - [10/Sep/2021:10:34:02 +0800] "GET /xingrg/javascript/easyui/themes/default/validatebox.css HTTP/1.1" 404 1104
101.83.145.79 - - [10/Sep/2021:10:34:03 +0800] "GET /xingrg/kc/mdqp/pssh_order_list.html HTTP/1.1" 200 17907
101.83.145.79 - - [10/Sep/2021:10:34:03 +0800] "POST /xingrg/kc/mdqp/pssh_list_operate.html HTTP/1.1" 200 5442
116.238.168.124 - - [10/Sep/2021:10:34:08 +0800] "GET /xingrg/all/function/internal_message.html?_=1631241226593&CODE_STATE=getMsg HTTP/1.1" 200 27
222.70.179.190 - - [10/Sep/2021:10:34:09 +0800] "GET /xingrg/all/function/internal_message.html?_=1631241244206&CODE_STATE=getMsg HTTP/1.1" 200 27
101.83.145.79 - - [10/Sep/2021:10:34:09 +0800] "GET /xingrg/all/function/internal_message.html?_=1631241248269&CODE_STATE=getMsg HTTP/1.1" 200 27
101.83.145.79 - - [10/Sep/2021:10:34:13 +0800] "POST /xingrg/kc/mdqp/pssh_list_operate.html HTTP/1.1" 200 266
101.83.145.79 - - [10/Sep/2021:10:34:13 +0800] "GET /xingrg/kc/mdqp/pssh_order_info.html?code=312021090800234 HTTP/1.1" 200 17308
101.83.145.79 - - [10/Sep/2021:10:34:13 +0800] "GET /xingrg/javascript/jquery_tools/jquery-1.4.2.min.js HTTP/1.1" 404 1094
222.69.131.204 - - [10/Sep/2021:10:34:13 +0800] "GET /xingrg/all/function/internal_message.html?_=1631241251169&CODE_STATE=getMsg HTTP/1.1" 200 27
101.83.145.79 - - [10/Sep/2021:10:34:13 +0800] "POST /xingrg/kc/mdqp/pssh_order_operate.html HTTP/1.1" 200 536
101.83.145.79 - - [10/Sep/2021:10:34:13 +0800] "GET /xingrg/javascript/easyui/themes/default/validatebox.css HTTP/1.1" 404 1104
101.85.93.96 - - [10/Sep/2021:10:34:13 +0800] "GET /xingrg/all/function/internal_message.html?_=1631241176952&CODE_STATE=getMsg HTTP/1.1" 200 27
116.238.194.18 - - [10/Sep/2021:10:34:13 +0800] "GET /xingrg/all/function/internal_message.html?_=1631241252618&CODE_STATE=getMsg HTTP/1.1" 200 27
120.253.135.82 - - [10/Sep/2021:10:34:16 +0800] "GET /xingrg/kc/pszx/jzcl_ps.html HTTP/1.1" 200 7683
120.253.135.82 - - [10/Sep/2021:10:34:16 +0800] "GET /xingrg/javascript/step/step.css HTTP/1.1" 304 -
120.253.135.82 - - [10/Sep/2021:10:34:16 +0800] "GET /xingrg/css/table.css HTTP/1.1" 304 -
120.253.135.82 - - [10/Sep/2021:10:34:16 +0800] "GET /xingrg/javascript/step/images/navCurrentBtn.gif HTTP/1.1" 304 -
120.253.135.82 - - [10/Sep/2021:10:34:16 +0800] "GET /xingrg/javascript/jquery_easy_ui/themes/default/images/button_a_bg.gif HTTP/1.1" 304 -
120.253.135.82 - - [10/Sep/2021:10:34:16 +0800] "GET /xingrg/javascript/jquery_easy_ui/themes/default/images/button_span_bg.gif HTTP/1.1" 304 -
120.253.135.82 - - [10/Sep/2021:10:34:16 +0800] "GET /xingrg/javascript/jquery_easy_ui/themes/icons/search.png HTTP/1.1" 304 -
120.253.135.82 - - [10/Sep/2021:10:34:16 +0800] "GET /xingrg/javascript/jquery_easy_ui/themes/default/images/combo_arrow_dot.gif HTTP/1.1" 304 -
120.253.135.82 - - [10/Sep/2021:10:34:16 +0800] "GET /xingrg/javascript/jquery_easy_ui/themes/default/images/calendar_prevmonth.gif HTTP/1.1" 304 -
120.253.135.82 - - [10/Sep/2021:10:34:16 +0800] "GET /xingrg/javascript/jquery_easy_ui/themes/default/images/calendar_prevyear.gif HTTP/1.1" 304 -
120.253.135.82 - - [10/Sep/2021:10:34:16 +0800] "GET /xingrg/javascript/jquery_easy_ui/themes/default/images/calendar_nextyear.gif HTTP/1.1" 304 -
120.253.135.82 - - [10/Sep/2021:10:34:16 +0800] "GET /xingrg/javascript/jquery_easy_ui/themes/default/images/calendar_nextmonth.gif HTTP/1.1" 304 -
120.253.135.82 - - [10/Sep/2021:10:34:16 +0800] "POST /xingrg/all/common/load_tree.html?tree=area_rest_tree_json HTTP/1.1" 200 3472
120.253.135.82 - - [10/Sep/2021:10:34:16 +0800] "GET /xingrg/images/control/ajaxLoader.gif HTTP/1.1" 304 -
120.253.135.82 - - [10/Sep/2021:10:34:16 +0800] "GET /xingrg/javascript/jquery_easy_ui/themes/default/images/datagrid_header_bg.gif HTTP/1.1" 304 -
120.253.135.82 - - [10/Sep/2021:10:34:16 +0800] "GET /xingrg/javascript/jquery_easy_ui/themes/default/images/pagination_loading.gif HTTP/1.1" 304 -
120.253.135.82 - - [10/Sep/2021:10:34:16 +0800] "GET /xingrg/javascript/jquery_easy_ui/themes/default/images/tree_checkbox_0.gif HTTP/1.1" 304 -
120.253.135.82 - - [10/Sep/2021:10:34:16 +0800] "GET /xingrg/javascript/jquery_easy_ui/themes/icons/rest.png HTTP/1.1" 304 -
120.253.135.82 - - [10/Sep/2021:10:34:16 +0800] "POST /xingrg/kc/pszx/jzcl_ps_operate.html HTTP/1.1" 200 862
120.253.135.82 - - [10/Sep/2021:10:34:17 +0800] "POST /xingrg/kc/pszx/jzcl_ps_operate.html HTTP/1.1" 200 862
222.70.246.151 - - [10/Sep/2021:10:34:17 +0800] "GET /xingrg/all/function/internal_message.html?_=1631241274741&CODE_STATE=getMsg HTTP/1.1" 200 27
101.83.145.79 - - [10/Sep/2021:10:34:19 +0800] "POST /xingrg/kc/mdqp/pssh_order_operate.html HTTP/1.1" 200 37
101.83.145.79 - - [10/Sep/2021:10:34:20 +0800] "POST /xingrg/kc/mdqp/pssh_order_operate.html HTTP/1.1" 200 12
180.157.254.90 - - [10/Sep/2021:10:34:20 +0800] "GET /xingrg/all/function/internal_message.html?_=1631241261103&CODE_STATE=getMsg HTTP/1.1" 200 27
120.253.135.82 - - [10/Sep/2021:10:34:20 +0800] "POST /xingrg/kc/pszx/jzcl_ps_operate.html HTTP/1.1" 200 4
120.253.135.82 - - [10/Sep/2021:10:34:20 +0800] "GET /xingrg/javascript/step/images/navLastDoneBtn.gif HTTP/1.1" 304 -
120.253.135.82 - - [10/Sep/2021:10:34:20 +0800] "GET /xingrg/javascript/step/images/navBtn.gif HTTP/1.1" 200 361
120.253.135.82 - - [10/Sep/2021:10:34:20 +0800] "GET /xingrg/javascript/step/images/navBtn.gif HTTP/1.1" 200 361
120.253.135.82 - - [10/Sep/2021:10:34:21 +0800] "GET /xingrg/javascript/step/images/navDoneBtn.gif HTTP/1.1" 304 -
101.83.145.79 - - [10/Sep/2021:10:34:21 +0800] "GET /xingrg/kc/mdqp/pssh_order_info.html?code=312021090800234 HTTP/1.1" 200 14384
101.83.145.79 - - [10/Sep/2021:10:34:21 +0800] "GET /xingrg/javascript/jquery_tools/jquery-1.4.2.min.js HTTP/1.1" 404 1094
101.83.145.79 - - [10/Sep/2021:10:34:21 +0800] "POST /xingrg/kc/mdqp/pssh_order_operate.html HTTP/1.1" 200 536
101.83.145.79 - - [10/Sep/2021:10:34:21 +0800] "GET /xingrg/javascript/easyui/themes/default/validatebox.css HTTP/1.1" 404 1104
120.253.135.82 - - [10/Sep/2021:10:34:22 +0800] "GET /xingrg/kc/pszx/mdps_order_list.html HTTP/1.1" 200 21089
120.253.135.82 - - [10/Sep/2021:10:34:22 +0800] "GET /xingrg/css/base.css HTTP/1.1" 304 -
120.253.135.82 - - [10/Sep/2021:10:34:22 +0800] "GET /xingrg/javascript/easyui/themes/icon.css HTTP/1.1" 304 -
120.253.135.82 - - [10/Sep/2021:10:34:22 +0800] "GET /xingrg/css/site.css HTTP/1.1" 304 -
120.253.135.82 - - [10/Sep/2021:10:34:22 +0800] "GET /xingrg/javascript/jquery_tools/datebox.css HTTP/1.1" 304 -
120.253.135.82 - - [10/Sep/2021:10:34:22 +0800] "GET /xingrg/javascript/jquery_tools/jquery.tools.min.js HTTP/1.1" 304 -
120.253.135.82 - - [10/Sep/2021:10:34:22 +0800] "GET /xingrg/javascript/jquery_tools/fix.css HTTP/1.1" 304 -
120.253.135.82 - - [10/Sep/2021:10:34:22 +0800] "GET /xingrg/javascript/auto/jquery.autocomplete.css HTTP/1.1" 304 -
120.253.135.82 - - [10/Sep/2021:10:34:22 +0800] "GET /xingrg/javascript/easyui/themes/default/easyui.css HTTP/1.1" 304 -
120.253.135.82 - - [10/Sep/2021:10:34:22 +0800] "GET /xingrg/javascript/jquery_tools/jquery.tools.hotkey.js HTTP/1.1" 304 -
120.253.135.82 - - [10/Sep/2021:10:34:22 +0800] "GET /xingrg/javascript/jquery_tools/table.css HTTP/1.1" 304 -
120.253.135.82 - - [10/Sep/2021:10:34:22 +0800] "GET /xingrg/javascript/jquery_tools/jquery.tools.table.js HTTP/1.1" 304 -
120.253.135.82 - - [10/Sep/2021:10:34:22 +0800] "GET /xingrg/javascript/jquery_tools/list_manager.js HTTP/1.1" 304 -
120.253.135.82 - - [10/Sep/2021:10:34:22 +0800] "GET /xingrg/javascript/jquery.cookie.js HTTP/1.1" 304 -
120.253.135.82 - - [10/Sep/2021:10:34:22 +0800] "GET /xingrg/javascript/jquery_tools/jquery.tools.extend.js HTTP/1.1" 304 -
120.253.135.82 - - [10/Sep/2021:10:34:22 +0800] "GET /xingrg/javascript/easyui/easyloader.js HTTP/1.1" 304 -
120.253.135.82 - - [10/Sep/2021:10:34:22 +0800] "POST /xingrg/kc/pszx/jzcl_ps_operate.html HTTP/1.1" 200 450
120.253.135.82 - - [10/Sep/2021:10:34:22 +0800] "GET /xingrg/javascript/easyui/themes/icons/edit_add_new.png HTTP/1.1" 304 -
120.253.135.82 - - [10/Sep/2021:10:34:22 +0800] "GET /xingrg/javascript/easyui/themes/icons/uncheck_new.png HTTP/1.1" 304 -
120.253.135.82 - - [10/Sep/2021:10:34:22 +0800] "GET /xingrg/javascript/easyui/themes/icons/cance_new.png HTTP/1.1" 304 -
120.253.135.82 - - [10/Sep/2021:10:34:22 +0800] "GET /xingrg/javascript/easyui/themes/icons/import_new.png HTTP/1.1" 304 -
120.253.135.82 - - [10/Sep/2021:10:34:22 +0800] "GET /xingrg/javascript/easyui/themes/icons/check_new.png HTTP/1.1" 304 -
120.253.135.82 - - [10/Sep/2021:10:34:22 +0800] "GET /xingrg/javascript/easyui/themes/icons/field_new.png HTTP/1.1" 304 -
120.253.135.82 - - [10/Sep/2021:10:34:22 +0800] "GET /xingrg/javascript/easyui/plugins/jquery.parser.js HTTP/1.1" 304 -
120.253.135.82 - - [10/Sep/2021:10:34:22 +0800] "POST /xingrg/kc/pszx/mdps_list_operate.html HTTP/1.1" 200 5253
101.83.145.79 - - [10/Sep/2021:10:34:22 +0800] "GET /xingrg/kc/print/load_data.html?order_code=312021090800234&kc_code=pssh&condition= HTTP/1.1" 200 656
116.238.168.124 - - [10/Sep/2021:10:34:25 +0800] "POST /xingrg/services/DataTransmitService HTTP/1.1" 200 524
120.253.135.82 - - [10/Sep/2021:10:34:25 +0800] "POST /xingrg/kc/pszx/mdps_list_operate.html HTTP/1.1" 200 5253
222.69.131.204 - - [10/Sep/2021:10:34:25 +0800] "GET /xingrg/kc/buy/cgsh_order_operate.html?command=get_materiel&rest_code=00149&code=00101002041&supplier_code=00100039&order_time=2021-09-10 HTTP/1.1" 200 431
116.238.168.124 - - [10/Sep/2021:10:34:25 +0800] "POST /xingrg/services/DataTransmitService HTTP/1.1" 200 2319
116.238.168.124 - - [10/Sep/2021:10:34:26 +0800] "POST /xingrg/services/DataTransmitService HTTP/1.1" 200 133891
120.253.135.82 - - [10/Sep/2021:10:34:28 +0800] "GET /xingrg/javascript/auto/indicator.gif HTTP/1.1" 404 1066
116.237.74.154 - - [10/Sep/2021:10:34:29 +0800] "GET /xingrg/all/function/internal_message.html?_=1631241270146&CODE_STATE=getMsg HTTP/1.1" 200 27
180.169.147.146 - - [10/Sep/2021:10:34:33 +0800] "GET /xingrg/all/function/internal_message.html?_=1631241261661&CODE_STATE=getMsg HTTP/1.1" 200 27
116.232.52.204 - - [10/Sep/2021:10:34:36 +0800] "POST /xingrg/kc/buy/cgsh_list_operate.html HTTP/1.1" 200 565
116.230.105.26 - - [10/Sep/2021:10:34:36 +0800] "GET /xingrg/all/function/internal_message.html?_=1631241213587&CODE_STATE=getMsg HTTP/1.1" 200 27
120.253.135.82 - - [10/Sep/2021:10:34:36 +0800] "POST /xingrg/kc/pszx/mdps_list_operate.html HTTP/1.1" 200 2063
116.232.52.204 - - [10/Sep/2021:10:34:36 +0800] "GET /xingrg/kc/buy/cgsh_order_info.html?code=212021091004042 HTTP/1.1" 200 63476
116.232.52.204 - - [10/Sep/2021:10:34:37 +0800] "GET /xingrg/all/common/auto_word.html?type=employee&rest_code=00109 HTTP/1.1" 200 255
116.232.52.204 - - [10/Sep/2021:10:34:37 +0800] "GET /xingrg/javascript/easyui/themes/default/validatebox.css HTTP/1.1" 404 1104
116.232.52.204 - - [10/Sep/2021:10:34:37 +0800] "GET /xingrg/all/common/auto_word.html?type=employee&rest_code=00109 HTTP/1.1" 200 255
116.232.52.204 - - [10/Sep/2021:10:34:37 +0800] "POST /xingrg/kc/buy/cgsh_order_operate.html HTTP/1.1" 200 46434
120.253.135.82 - - [10/Sep/2021:10:34:39 +0800] "POST /xingrg/kc/pszx/mdps_list_operate.html HTTP/1.1" 200 300
116.237.74.154 - - [10/Sep/2021:10:34:41 +0800] "GET /xingrg/all/function/internal_message.html?_=1631241275764&CODE_STATE=getMsg HTTP/1.1" 200 27
120.253.135.82 - - [10/Sep/2021:10:34:42 +0800] "POST /xingrg/kc/pszx/mdps_list_operate.html HTTP/1.1" 200 205
222.69.131.204 - - [10/Sep/2021:10:34:44 +0800] "GET /xingrg/kc/buy/cgsh_order_operate.html?command=get_materiel&rest_code=00149&code=00101002022&supplier_code=00100039&order_time=2021-09-10 HTTP/1.1" 200 409
116.232.52.204 - - [10/Sep/2021:10:34:46 +0800] "GET /xingrg/kc/print/load_config.html?kc_code=cgsh HTTP/1.1" 200 2076
116.232.52.204 - - [10/Sep/2021:10:34:46 +0800] "GET /xingrg/kc/print/load_data.html?order_code=212021091004042&kc_code=cgsh HTTP/1.1" 200 17217
120.253.135.82 - - [10/Sep/2021:10:34:47 +0800] "GET /xingrg/kc/pszx/mdps_order_info.html?code=312021091000280 HTTP/1.1" 200 23931
120.253.135.82 - - [10/Sep/2021:10:34:47 +0800] "GET /xingrg/javascript/convert.js HTTP/1.1" 304 -
120.253.135.82 - - [10/Sep/2021:10:34:47 +0800] "GET /xingrg/javascript/json2.js HTTP/1.1" 304 -
120.253.135.82 - - [10/Sep/2021:10:34:47 +0800] "GET /xingrg/javascript/jquery_tools/order_manager.js HTTP/1.1" 304 -
120.253.135.82 - - [10/Sep/2021:10:34:47 +0800] "GET /xingrg/words/20210909184945_words.js HTTP/1.1" 304 -
120.253.135.82 - - [10/Sep/2021:10:34:47 +0800] "GET /xingrg/javascript/easyui/themes/icons/ok.png HTTP/1.1" 304 -
120.253.135.82 - - [10/Sep/2021:10:34:47 +0800] "GET /xingrg/javascript/easyui/themes/icons/copy_new.png HTTP/1.1" 304 -
120.253.135.82 - - [10/Sep/2021:10:34:47 +0800] "GET /xingrg/javascript/easyui/themes/icons/print.png HTTP/1.1" 304 -
120.253.135.82 - - [10/Sep/2021:10:34:47 +0800] "GET /xingrg/javascript/easyui/themes/icons/cancel.png HTTP/1.1" 304 -
120.253.135.82 - - [10/Sep/2021:10:34:47 +0800] "GET /xingrg/javascript/easyui/themes/default/images/menu_downarrow.png HTTP/1.1" 304 -
120.253.135.82 - - [10/Sep/2021:10:34:47 +0800] "GET /xingrg/all/common/auto_word.html?type=base&rest_code=00101 HTTP/1.1" 200 613
120.253.135.82 - - [10/Sep/2021:10:34:48 +0800] "POST /xingrg/kc/pszx/mdps_order_operate.html HTTP/1.1" 200 2793
120.253.135.82 - - [10/Sep/2021:10:34:48 +0800] "GET /xingrg/javascript/easyui/themes/default/validatebox.css HTTP/1.1" 404 1104
120.253.135.82 - - [10/Sep/2021:10:34:48 +0800] "GET /xingrg/javascript/easyui/plugins/jquery.validatebox.js HTTP/1.1" 304 -
120.253.135.82 - - [10/Sep/2021:10:34:48 +0800] "GET /xingrg/javascript/easyui/plugins/jquery.numberbox.js HTTP/1.1" 304 -
120.253.135.82 - - [10/Sep/2021:10:34:48 +0800] "GET /xingrg/javascript/easyui/themes/icons/edit_remove.png HTTP/1.1" 304 -
120.253.135.82 - - [10/Sep/2021:10:34:49 +0800] "GET /xingrg/javascript/easyui/themes/default/images/button_plain_hover.png HTTP/1.1" 304 -
120.253.135.82 - - [10/Sep/2021:10:34:49 +0800] "GET /xingrg/javascript/easyui/themes/default/images/button_plain_hover.png HTTP/1.1" 304 -
120.253.135.82 - - [10/Sep/2021:10:34:51 +0800] "POST /xingrg/kc/pszx/mdps_order_operate.html HTTP/1.1" 200 37
120.253.135.82 - - [10/Sep/2021:10:34:51 +0800] "GET /xingrg/all/function/internal_message.html?_=1631240884743&CODE_STATE=getMsg HTTP/1.1" 200 27
120.253.135.82 - - [10/Sep/2021:10:34:52 +0800] "GET /xingrg/kc/pszx/mdps_order_info.html?code=312021091000280 HTTP/1.1" 200 23931
180.169.147.146 - - [10/Sep/2021:10:34:52 +0800] "GET /xingrg/all/function/internal_message.html?_=1631241290905&CODE_STATE=getMsg HTTP/1.1" 200 27
120.253.135.82 - - [10/Sep/2021:10:34:52 +0800] "GET /xingrg/javascript/easyui/themes/default/validatebox.css HTTP/1.1" 404 1104
120.253.135.82 - - [10/Sep/2021:10:34:52 +0800] "GET /xingrg/all/function/internal_message.html?_=1631241064781&CODE_STATE=getMsg HTTP/1.1" 200 27
120.253.135.82 - - [10/Sep/2021:10:34:52 +0800] "POST /xingrg/kc/pszx/mdps_order_operate.html HTTP/1.1" 200 2808
222.69.131.204 - - [10/Sep/2021:10:34:54 +0800] "GET /xingrg/kc/buy/cgsh_order_operate.html?command=get_materiel&rest_code=00149&code=00101001044&supplier_code=00100039&order_time=2021-09-10 HTTP/1.1" 200 409
58.37.227.186 - - [10/Sep/2021:10:34:56 +0800] "GET /xingrg/all/function/internal_message.html?_=1631241170438&CODE_STATE=getMsg HTTP/1.1" 200 27
58.37.227.186 - - [10/Sep/2021:10:34:56 +0800] "GET /xingrg/check_reg.html?_=1631241170439 HTTP/1.1" 200 22
101.83.145.79 - - [10/Sep/2021:10:34:56 +0800] "GET /xingrg/kc/base/yddb_order_list.html HTTP/1.1" 200 16830
101.83.145.79 - - [10/Sep/2021:10:34:56 +0800] "POST /xingrg/kc/base/yddb_list_operate.html HTTP/1.1" 200 636
116.232.52.204 - - [10/Sep/2021:10:34:57 +0800] "GET /xingrg/all/function/internal_message.html?_=1631241297784&CODE_STATE=getMsg HTTP/1.1" 200 27
180.169.147.146 - - [10/Sep/2021:10:35:00 +0800] "GET /xingrg/all/function/internal_message.html?_=1631241329621&CODE_STATE=getMsg HTTP/1.1" 200 27
101.83.145.79 - - [10/Sep/2021:10:35:00 +0800] "POST /xingrg/kc/base/yddb_list_operate.html HTTP/1.1" 200 3962
116.232.52.204 - - [10/Sep/2021:10:35:01 +0800] "POST /xingrg/kc/buy/cgsh_list_operate.html HTTP/1.1" 200 3800
101.83.145.79 - - [10/Sep/2021:10:35:01 +0800] "POST /xingrg/kc/base/yddb_list_operate.html HTTP/1.1" 200 284
101.83.145.79 - - [10/Sep/2021:10:35:01 +0800] "GET /xingrg/kc/base/yddb_order_info.html?code=482021090800114 HTTP/1.1" 200 31531
101.83.145.79 - - [10/Sep/2021:10:35:02 +0800] "GET /xingrg/dwr/interface/AjaxComOrderService.js HTTP/1.1" 200 18264
101.83.145.79 - - [10/Sep/2021:10:35:02 +0800] "GET /xingrg/dwr/interface/AjaxYddbService.js HTTP/1.1" 200 13201
101.83.145.79 - - [10/Sep/2021:10:35:02 +0800] "GET /xingrg/dwr/engine.js HTTP/1.1" 200 43631
101.83.145.79 - - [10/Sep/2021:10:35:02 +0800] "POST /xingrg/dwr/call/plaincall/AjaxYddbService.loadMaterielItems.dwr HTTP/1.1" 200 723
120.253.135.82 - - [10/Sep/2021:10:35:03 +0800] "POST /xingrg/kc/pszx/mdps_order_operate.html HTTP/1.1" 200 37
120.253.135.82 - - [10/Sep/2021:10:35:04 +0800] "GET /xingrg/kc/pszx/mdps_order_info.html?code=312021091000280 HTTP/1.1" 200 23931
120.253.135.82 - - [10/Sep/2021:10:35:04 +0800] "GET /xingrg/javascript/easyui/themes/default/validatebox.css HTTP/1.1" 404 1104
101.83.145.79 - - [10/Sep/2021:10:35:04 +0800] "POST /xingrg/dwr/call/plaincall/AjaxYddbService.objCheckOrder.dwr HTTP/1.1" 200 78
120.253.135.82 - - [10/Sep/2021:10:35:04 +0800] "POST /xingrg/kc/pszx/mdps_order_operate.html HTTP/1.1" 200 2806
101.83.145.79 - - [10/Sep/2021:10:35:06 +0800] "GET /xingrg/kc/base/yddb_order_info.html?code=482021090800114 HTTP/1.1" 200 31643
101.83.145.79 - - [10/Sep/2021:10:35:06 +0800] "GET /xingrg/dwr/interface/AjaxComOrderService.js HTTP/1.1" 200 18264
101.83.145.79 - - [10/Sep/2021:10:35:06 +0800] "GET /xingrg/dwr/interface/AjaxYddbService.js HTTP/1.1" 200 13201
101.83.145.79 - - [10/Sep/2021:10:35:06 +0800] "GET /xingrg/dwr/engine.js HTTP/1.1" 200 43631
101.83.145.79 - - [10/Sep/2021:10:35:06 +0800] "POST /xingrg/dwr/call/plaincall/AjaxYddbService.loadMaterielItems.dwr HTTP/1.1" 200 723
222.70.179.190 - - [10/Sep/2021:10:35:09 +0800] "GET /xingrg/all/function/internal_message.html?_=1631241304176&CODE_STATE=getMsg HTTP/1.1" 200 27
101.83.145.79 - - [10/Sep/2021:10:35:09 +0800] "GET /xingrg/all/function/internal_message.html?_=1631241308230&CODE_STATE=getMsg HTTP/1.1" 200 27
116.238.168.124 - - [10/Sep/2021:10:35:09 +0800] "GET /xingrg/all/function/internal_message.html?_=1631241287543&CODE_STATE=getMsg HTTP/1.1" 200 27
120.253.135.82 - - [10/Sep/2021:10:35:10 +0800] "GET /xingrg/kc/pszx/mdps_order_info.html?code=312021091000280 HTTP/1.1" 200 23931
120.253.135.82 - - [10/Sep/2021:10:35:10 +0800] "GET /xingrg/javascript/easyui/themes/default/validatebox.css HTTP/1.1" 404 1104
120.253.135.82 - - [10/Sep/2021:10:35:10 +0800] "POST /xingrg/kc/pszx/mdps_order_operate.html HTTP/1.1" 200 2806
101.83.145.79 - - [10/Sep/2021:10:35:11 +0800] "POST /xingrg/kc/base/yddb_list_operate.html HTTP/1.1" 200 282
101.83.145.79 - - [10/Sep/2021:10:35:12 +0800] "GET /xingrg/kc/base/yddb_order_info.html?code=482021090800107 HTTP/1.1" 200 31714
101.83.145.79 - - [10/Sep/2021:10:35:12 +0800] "GET /xingrg/dwr/interface/AjaxYddbService.js HTTP/1.1" 200 13201
101.83.145.79 - - [10/Sep/2021:10:35:12 +0800] "GET /xingrg/dwr/interface/AjaxComOrderService.js HTTP/1.1" 200 18264
101.83.145.79 - - [10/Sep/2021:10:35:12 +0800] "GET /xingrg/dwr/engine.js HTTP/1.1" 200 43631
101.83.145.79 - - [10/Sep/2021:10:35:12 +0800] "POST /xingrg/dwr/call/plaincall/AjaxYddbService.loadMaterielItems.dwr HTTP/1.1" 200 709
120.253.135.82 - - [10/Sep/2021:10:35:13 +0800] "POST /xingrg/kc/pszx/mdps_list_operate.html HTTP/1.1" 200 2062
222.69.131.204 - - [10/Sep/2021:10:35:13 +0800] "GET /xingrg/all/function/internal_message.html?_=1631241311183&CODE_STATE=getMsg HTTP/1.1" 200 27
101.85.93.96 - - [10/Sep/2021:10:35:13 +0800] "GET /xingrg/check_reg.html?_=1631241236969 HTTP/1.1" 200 22
101.85.93.96 - - [10/Sep/2021:10:35:13 +0800] "GET /xingrg/all/function/internal_message.html?_=1631241236967&CODE_STATE=getMsg HTTP/1.1" 200 27
116.238.194.18 - - [10/Sep/2021:10:35:13 +0800] "GET /xingrg/all/function/internal_message.html?_=1631241312627&CODE_STATE=getMsg HTTP/1.1" 200 27
222.69.131.204 - - [10/Sep/2021:10:35:15 +0800] "GET /xingrg/kc/buy/cgsh_order_operate.html?command=get_materiel&rest_code=00149&code=00101010161&supplier_code=00100039&order_time=2021-09-10 HTTP/1.1" 200 409
101.83.145.79 - - [10/Sep/2021:10:35:16 +0800] "GET /xingrg/kc/buy/cgsh_order_list.html HTTP/1.1" 200 47688
222.70.246.151 - - [10/Sep/2021:10:35:17 +0800] "GET /xingrg/all/function/internal_message.html?_=1631241334752&CODE_STATE=getMsg HTTP/1.1" 200 27
101.83.145.79 - - [10/Sep/2021:10:35:18 +0800] "POST /xingrg/kc/buy/cgsh_list_operate.html HTTP/1.1" 200 3132
180.157.254.90 - - [10/Sep/2021:10:35:20 +0800] "GET /xingrg/all/function/internal_message.html?_=1631241321099&CODE_STATE=getMsg HTTP/1.1" 200 27
116.237.74.154 - - [10/Sep/2021:10:35:29 +0800] "GET /xingrg/all/function/internal_message.html?_=1631241330146&CODE_STATE=getMsg HTTP/1.1" 200 27
180.169.147.146 - - [10/Sep/2021:10:35:33 +0800] "GET /xingrg/all/function/internal_message.html?_=1631241321661&CODE_STATE=getMsg HTTP/1.1" 200 27
120.253.135.82 - - [10/Sep/2021:10:35:34 +0800] "GET /xingrg/kc/buy/cgsh_order_list.html HTTP/1.1" 200 47688
222.69.131.204 - - [10/Sep/2021:10:35:35 +0800] "GET /xingrg/kc/buy/cgsh_order_operate.html?command=get_materiel&rest_code=00149&code=00101005037&supplier_code=00100039&order_time=2021-09-10 HTTP/1.1" 200 409
58.40.7.146 - - [10/Sep/2021:10:35:35 +0800] "GET /xingrg/check_reg.html?_=1631241334333 HTTP/1.1" 302 -
120.253.135.82 - - [10/Sep/2021:10:35:35 +0800] "POST /xingrg/kc/buy/cgsh_list_operate.html HTTP/1.1" 200 876
116.230.105.26 - - [10/Sep/2021:10:35:36 +0800] "GET /xingrg/all/function/internal_message.html?_=1631241273588&CODE_STATE=getMsg HTTP/1.1" 200 27
120.253.135.82 - - [10/Sep/2021:10:35:37 +0800] "GET /xingrg/kc/buy/cgsh_order_add.html HTTP/1.1" 200 62487
120.253.135.82 - - [10/Sep/2021:10:35:37 +0800] "GET /xingrg/javascript/easyui/themes/icons/template_new.png HTTP/1.1" 304 -
120.253.135.82 - - [10/Sep/2021:10:35:37 +0800] "POST /xingrg/kc/buy/cgsh_order_operate.html HTTP/1.1" 200 8245
120.253.135.82 - - [10/Sep/2021:10:35:37 +0800] "GET /xingrg/all/common/auto_word.html?type=employee&rest_code=00101 HTTP/1.1" 200 1173
120.253.135.82 - - [10/Sep/2021:10:35:37 +0800] "GET /xingrg/all/common/auto_word.html?type=employee&rest_code=00101 HTTP/1.1" 200 1173
120.253.135.82 - - [10/Sep/2021:10:35:37 +0800] "GET /xingrg/javascript/easyui/themes/default/validatebox.css HTTP/1.1" 404 1104
180.157.254.90 - - [10/Sep/2021:10:35:38 +0800] "GET /xingrg/kc/buy/cgsh_order_operate.html?command=get_materiel&rest_code=00148&code=00101002038&supplier_code=00100087&order_time=2021-09-10 HTTP/1.1" 200 434
116.237.74.154 - - [10/Sep/2021:10:35:41 +0800] "GET /xingrg/all/function/internal_message.html?_=1631241335744&CODE_STATE=getMsg HTTP/1.1" 200 27
222.69.131.204 - - [10/Sep/2021:10:35:45 +0800] "GET /xingrg/kc/buy/cgsh_order_operate.html?command=get_materiel&rest_code=00149&code=00101001010&supplier_code=00100039&order_time=2021-09-10 HTTP/1.1" 200 411
120.253.135.82 - - [10/Sep/2021:10:35:49 +0800] "GET /xingrg/css/images/panel_loading.gif HTTP/1.1" 304 -
120.253.135.82 - - [10/Sep/2021:10:35:49 +0800] "POST /xingrg/all/common/load_combo.html?type=employee HTTP/1.1" 200 2101
180.157.254.90 - - [10/Sep/2021:10:35:51 +0800] "POST /xingrg/kc/buy/cgsh_order_operate.html HTTP/1.1" 200 37
120.253.135.82 - - [10/Sep/2021:10:35:51 +0800] "GET /xingrg/all/function/internal_message.html?_=1631240944742&CODE_STATE=getMsg HTTP/1.1" 200 27
180.169.147.146 - - [10/Sep/2021:10:35:52 +0800] "GET /xingrg/all/function/internal_message.html?_=1631241350916&CODE_STATE=getMsg HTTP/1.1" 200 27
120.253.135.82 - - [10/Sep/2021:10:35:52 +0800] "GET /xingrg/all/function/internal_message.html?_=1631241124825&CODE_STATE=getMsg HTTP/1.1" 200 27
180.157.254.90 - - [10/Sep/2021:10:35:54 +0800] "POST /xingrg/kc/buy/cgsh_order_operate.html HTTP/1.1" 200 2661
58.37.227.186 - - [10/Sep/2021:10:35:56 +0800] "GET /xingrg/all/function/internal_message.html?_=1631241230433&CODE_STATE=getMsg HTTP/1.1" 200 27
116.232.52.204 - - [10/Sep/2021:10:35:58 +0800] "GET /xingrg/all/function/internal_message.html?_=1631241358445&CODE_STATE=getMsg HTTP/1.1" 200 27
180.157.254.90 - - [10/Sep/2021:10:35:59 +0800] "GET /xingrg/kc/print/load_data.html?order_code=212021091004090&kc_code=cgsh&condition= HTTP/1.1" 200 731
180.169.147.146 - - [10/Sep/2021:10:36:00 +0800] "GET /xingrg/all/function/internal_message.html?_=1631241389621&CODE_STATE=getMsg HTTP/1.1" 200 27
120.253.135.82 - - [10/Sep/2021:10:36:00 +0800] "GET /xingrg/kc/buy/cgsh_order_operate.html?command=get_materiel&rest_code=00101&code=00101036002&supplier_code=00100373&order_time=2021-09-10 HTTP/1.1" 200 438
116.238.168.124 - - [10/Sep/2021:10:36:02 +0800] "POST /xingrg/services/DataTransmitService HTTP/1.1" 200 524
116.238.168.124 - - [10/Sep/2021:10:36:03 +0800] "POST /xingrg/services/DataTransmitService HTTP/1.1" 200 2319
180.157.254.90 - - [10/Sep/2021:10:36:08 +0800] "GET /xingrg/kc/buy/cgsh_order_add.html HTTP/1.1" 200 63432
222.70.179.190 - - [10/Sep/2021:10:36:08 +0800] "GET /xingrg/all/function/internal_message.html?_=1631241364146&CODE_STATE=getMsg HTTP/1.1" 200 27
180.157.254.90 - - [10/Sep/2021:10:36:09 +0800] "POST /xingrg/kc/buy/cgsh_order_operate.html HTTP/1.1" 200 8245
101.83.145.79 - - [10/Sep/2021:10:36:09 +0800] "GET /xingrg/all/function/internal_message.html?_=1631241368220&CODE_STATE=getMsg HTTP/1.1" 200 27
180.157.254.90 - - [10/Sep/2021:10:36:09 +0800] "GET /xingrg/javascript/easyui/themes/default/validatebox.css HTTP/1.1" 404 1104
116.238.168.124 - - [10/Sep/2021:10:36:09 +0800] "GET /xingrg/all/function/internal_message.html?_=1631241347556&CODE_STATE=getMsg HTTP/1.1" 200 27
222.69.131.204 - - [10/Sep/2021:10:36:11 +0800] "GET /xingrg/kc/buy/cgsh_order_operate.html?command=get_materiel&rest_code=00149&code=00101003037&supplier_code=00100039&order_time=2021-09-10 HTTP/1.1" 200 413
222.69.131.204 - - [10/Sep/2021:10:36:13 +0800] "GET /xingrg/all/function/internal_message.html?_=1631241371182&CODE_STATE=getMsg HTTP/1.1" 200 27
101.85.93.96 - - [10/Sep/2021:10:36:13 +0800] "GET /xingrg/all/function/internal_message.html?_=1631241296954&CODE_STATE=getMsg HTTP/1.1" 200 27
116.238.194.18 - - [10/Sep/2021:10:36:13 +0800] "GET /xingrg/all/function/internal_message.html?_=1631241372614&CODE_STATE=getMsg HTTP/1.1" 200 27
120.253.135.82 - - [10/Sep/2021:10:36:14 +0800] "POST /xingrg/kc/buy/cgsh_order_operate.html HTTP/1.1" 200 37
120.253.135.82 - - [10/Sep/2021:10:36:16 +0800] "POST /xingrg/kc/buy/cgsh_order_operate.html HTTP/1.1" 200 2661
222.70.246.151 - - [10/Sep/2021:10:36:17 +0800] "GET /xingrg/check_reg.html?_=1631241394398 HTTP/1.1" 200 22
222.70.246.151 - - [10/Sep/2021:10:36:17 +0800] "GET /xingrg/all/function/internal_message.html?_=1631241394766&CODE_STATE=getMsg HTTP/1.1" 200 27
120.253.135.82 - - [10/Sep/2021:10:36:18 +0800] "GET /xingrg/kc/print/load_config.html?kc_code=cgsh HTTP/1.1" 200 2076
120.253.135.82 - - [10/Sep/2021:10:36:18 +0800] "GET /xingrg/kc/print/load_data.html?order_code=212021091004091&kc_code=cgsh&condition= HTTP/1.1" 200 691
180.157.254.90 - - [10/Sep/2021:10:36:20 +0800] "GET /xingrg/all/function/internal_message.html?_=1631241381107&CODE_STATE=getMsg HTTP/1.1" 200 27
120.253.135.82 - - [10/Sep/2021:10:36:26 +0800] "GET /xingrg/kc/buy/cgsh_order_list.html HTTP/1.1" 200 47688
120.253.135.82 - - [10/Sep/2021:10:36:28 +0800] "POST /xingrg/kc/buy/cgsh_list_operate.html HTTP/1.1" 200 1699
116.237.74.154 - - [10/Sep/2021:10:36:29 +0800] "GET /xingrg/all/function/internal_message.html?_=1631241390148&CODE_STATE=getMsg HTTP/1.1" 200 27
120.253.135.82 - - [10/Sep/2021:10:36:30 +0800] "GET /xingrg/kc/report/report_main.html HTTP/1.1" 200 9370
120.253.135.82 - - [10/Sep/2021:10:36:31 +0800] "GET /xingrg/javascript/jquery_ui/themes/humanity/humanity.css HTTP/1.1" 304 -
120.253.135.82 - - [10/Sep/2021:10:36:33 +0800] "GET /xingrg/kc/base/kc_stocks.html HTTP/1.1" 200 16437
120.253.135.82 - - [10/Sep/2021:10:36:33 +0800] "GET /xingrg/javascript/easyui/themes/sunny/easyui.css HTTP/1.1" 304 -
120.253.135.82 - - [10/Sep/2021:10:36:33 +0800] "GET /xingrg/javascript/easyui/themes/icons/print_new.png HTTP/1.1" 304 -
120.253.135.82 - - [10/Sep/2021:10:36:33 +0800] "GET /xingrg/javascript/easyui/themes/icons/refresh_new.png HTTP/1.1" 304 -
120.253.135.82 - - [10/Sep/2021:10:36:33 +0800] "GET /xingrg/javascript/easyui/themes/icons/filter_new.png HTTP/1.1" 304 -
120.253.135.82 - - [10/Sep/2021:10:36:33 +0800] "GET /xingrg/javascript/easyui/plugins/jquery.draggable.js HTTP/1.1" 304 -
120.253.135.82 - - [10/Sep/2021:10:36:33 +0800] "GET /xingrg/javascript/easyui/plugins/jquery.droppable.js HTTP/1.1" 304 -
120.253.135.82 - - [10/Sep/2021:10:36:33 +0800] "GET /xingrg/javascript/easyui/themes/default/tree.css HTTP/1.1" 404 1090
120.253.135.82 - - [10/Sep/2021:10:36:33 +0800] "GET /xingrg/javascript/easyui/plugins/jquery.tree.js HTTP/1.1" 304 -
120.253.135.82 - - [10/Sep/2021:10:36:33 +0800] "POST /xingrg/all/common/load_tree.html?tree=materiel_sort_tree_json HTTP/1.1" 200 8792
120.253.135.82 - - [10/Sep/2021:10:36:33 +0800] "GET /xingrg/javascript/easyui/themes/sunny/images/tree_arrows.gif HTTP/1.1" 304 -
120.253.135.82 - - [10/Sep/2021:10:36:33 +0800] "GET /xingrg/javascript/easyui/themes/sunny/images/tree_folder.gif HTTP/1.1" 304 -
120.253.135.82 - - [10/Sep/2021:10:36:33 +0800] "GET /xingrg/javascript/easyui/themes/sunny/images/tree_folder_open.gif HTTP/1.1" 304 -
120.253.135.82 - - [10/Sep/2021:10:36:33 +0800] "GET /xingrg/javascript/easyui/themes/sunny/images/tree_file.gif HTTP/1.1" 304 -
180.169.147.146 - - [10/Sep/2021:10:36:33 +0800] "GET /xingrg/all/function/internal_message.html?_=1631241381661&CODE_STATE=getMsg HTTP/1.1" 200 27
120.253.135.82 - - [10/Sep/2021:10:36:34 +0800] "POST /xingrg/all/common/load_combo.html?type=base HTTP/1.1" 200 1075
116.230.105.26 - - [10/Sep/2021:10:36:36 +0800] "GET /xingrg/all/function/internal_message.html?_=1631241333588&CODE_STATE=getMsg HTTP/1.1" 200 27
116.237.74.154 - - [10/Sep/2021:10:36:41 +0800] "GET /xingrg/all/function/internal_message.html?_=1631241395839&CODE_STATE=getMsg HTTP/1.1" 200 27
116.237.74.154 - - [10/Sep/2021:10:36:42 +0800] "GET /xingrg/kc/buy/cgsh_order_operate.html?command=get_materiel&rest_code=00106&code=00101008323&supplier_code=00100007&order_time=2021-09-10 HTTP/1.1" 200 408
180.157.254.90 - - [10/Sep/2021:10:36:43 +0800] "GET /xingrg/kc/buy/cgsh_order_operate.html?command=get_materiel&rest_code=00148&code=00101005037&supplier_code=00100334&order_time=2021-09-10 HTTP/1.1" 200 409
101.83.145.79 - - [10/Sep/2021:10:36:45 +0800] "GET /xingrg/kc/buy/cgsh_order_add.html HTTP/1.1" 200 63473
101.83.145.79 - - [10/Sep/2021:10:36:45 +0800] "POST /xingrg/kc/buy/cgsh_order_operate.html HTTP/1.1" 200 8245
101.83.145.79 - - [10/Sep/2021:10:36:45 +0800] "GET /xingrg/javascript/easyui/themes/default/validatebox.css HTTP/1.1" 404 1104
120.253.135.82 - - [10/Sep/2021:10:36:48 +0800] "POST /xingrg/kc/base/stock_operate.html HTTP/1.1" 200 1719
120.253.135.82 - - [10/Sep/2021:10:36:48 +0800] "GET /xingrg/javascript/jquery_tools/fix_table.js HTTP/1.1" 304 -
120.253.135.82 - - [10/Sep/2021:10:36:51 +0800] "GET /xingrg/all/function/internal_message.html?_=1631241004743&CODE_STATE=getMsg HTTP/1.1" 200 27
180.169.147.146 - - [10/Sep/2021:10:36:52 +0800] "GET /xingrg/all/function/internal_message.html?_=1631241410913&CODE_STATE=getMsg HTTP/1.1" 200 27
120.253.135.82 - - [10/Sep/2021:10:36:52 +0800] "GET /xingrg/all/function/internal_message.html?_=1631241184826&CODE_STATE=getMsg HTTP/1.1" 200 27
116.237.74.154 - - [10/Sep/2021:10:36:53 +0800] "GET /xingrg/kc/buy/cgsh_order_operate.html?command=get_materiel&rest_code=00106&code=00101008175&supplier_code=00100007&order_time=2021-09-10 HTTP/1.1" 200 412
58.37.227.186 - - [10/Sep/2021:10:36:56 +0800] "GET /xingrg/all/function/internal_message.html?_=1631241290426&CODE_STATE=getMsg HTTP/1.1" 200 27
101.83.145.79 - - [10/Sep/2021:10:36:58 +0800] "GET /xingrg/kc/buy/cgsh_order_operate.html?command=get_materiel&rest_code=00105&code=00101018018&supplier_code=00100330&order_time=2021-09-10 HTTP/1.1" 200 418
116.232.52.204 - - [10/Sep/2021:10:36:58 +0800] "GET /xingrg/all/function/internal_message.html?_=1631241418441&CODE_STATE=getMsg HTTP/1.1" 200 27
180.169.147.146 - - [10/Sep/2021:10:37:00 +0800] "GET /xingrg/check_reg.html?_=1631241449608 HTTP/1.1" 200 22
180.169.147.146 - - [10/Sep/2021:10:37:00 +0800] "GET /xingrg/all/function/internal_message.html?_=1631241449610&CODE_STATE=getMsg HTTP/1.1" 200 27
222.70.179.190 - - [10/Sep/2021:10:37:06 +0800] "GET /xingrg/check_reg.html?_=1631241421977 HTTP/1.1" 200 22
180.157.254.90 - - [10/Sep/2021:10:37:06 +0800] "POST /xingrg/kc/buy/cgsh_order_operate.html HTTP/1.1" 200 37
180.157.254.90 - - [10/Sep/2021:10:37:08 +0800] "POST /xingrg/kc/buy/cgsh_order_operate.html HTTP/1.1" 200 2653
222.70.179.190 - - [10/Sep/2021:10:37:08 +0800] "GET /xingrg/all/function/internal_message.html?_=1631241424119&CODE_STATE=getMsg HTTP/1.1" 200 27
101.83.145.79 - - [10/Sep/2021:10:37:09 +0800] "GET /xingrg/all/function/internal_message.html?_=1631241428187&CODE_STATE=getMsg HTTP/1.1" 200 27
116.238.168.124 - - [10/Sep/2021:10:37:10 +0800] "GET /xingrg/all/function/internal_message.html?_=1631241408623&CODE_STATE=getMsg HTTP/1.1" 200 27
222.69.131.204 - - [10/Sep/2021:10:37:13 +0800] "GET /xingrg/all/function/internal_message.html?_=1631241431184&CODE_STATE=getMsg HTTP/1.1" 200 27
222.69.131.204 - - [10/Sep/2021:10:37:13 +0800] "GET /xingrg/check_reg.html?_=1631241431229 HTTP/1.1" 200 22
101.85.93.96 - - [10/Sep/2021:10:37:13 +0800] "GET /xingrg/all/function/internal_message.html?_=1631241356980&CODE_STATE=getMsg HTTP/1.1" 200 27
116.238.194.18 - - [10/Sep/2021:10:37:13 +0800] "GET /xingrg/all/function/internal_message.html?_=1631241432600&CODE_STATE=getMsg HTTP/1.1" 200 27
101.83.145.79 - - [10/Sep/2021:10:37:14 +0800] "GET /xingrg/kc/buy/cgsh_order_operate.html?command=get_materiel&rest_code=00105&code=00101018019&supplier_code=00100330&order_time=2021-09-10 HTTP/1.1" 200 423
116.237.74.154 - - [10/Sep/2021:10:37:15 +0800] "POST /xingrg/kc/buy/cgsh_order_operate.html HTTP/1.1" 200 2065
180.157.254.90 - - [10/Sep/2021:10:37:15 +0800] "GET /xingrg/kc/print/load_data.html?order_code=212021091004092&kc_code=cgsh&condition= HTTP/1.1" 200 684
222.70.246.151 - - [10/Sep/2021:10:37:17 +0800] "GET /xingrg/all/function/internal_message.html?_=1631241454779&CODE_STATE=getMsg HTTP/1.1" 200 27
116.232.52.204 - - [10/Sep/2021:10:37:19 +0800] "POST /xingrg/kc/buy/cgsh_list_operate.html HTTP/1.1" 200 270
116.232.52.204 - - [10/Sep/2021:10:37:19 +0800] "GET /xingrg/kc/buy/cgsh_order_info.html?code=212021091004054 HTTP/1.1" 200 63476
116.232.52.204 - - [10/Sep/2021:10:37:19 +0800] "GET /xingrg/all/common/auto_word.html?type=employee&rest_code=00109 HTTP/1.1" 200 255
116.232.52.204 - - [10/Sep/2021:10:37:19 +0800] "GET /xingrg/javascript/easyui/themes/default/validatebox.css HTTP/1.1" 404 1104
116.232.52.204 - - [10/Sep/2021:10:37:19 +0800] "GET /xingrg/all/common/auto_word.html?type=employee&rest_code=00109 HTTP/1.1" 200 255
116.232.52.204 - - [10/Sep/2021:10:37:20 +0800] "POST /xingrg/kc/buy/cgsh_order_operate.html HTTP/1.1" 200 3240
180.157.254.90 - - [10/Sep/2021:10:37:20 +0800] "GET /xingrg/all/function/internal_message.html?_=1631241441102&CODE_STATE=getMsg HTTP/1.1" 200 27
116.232.52.204 - - [10/Sep/2021:10:37:22 +0800] "GET /xingrg/kc/print/load_config.html?kc_code=cgsh HTTP/1.1" 200 2076
116.232.52.204 - - [10/Sep/2021:10:37:22 +0800] "GET /xingrg/kc/print/load_data.html?order_code=212021091004054&kc_code=cgsh HTTP/1.1" 200 934
116.237.74.154 - - [10/Sep/2021:10:37:29 +0800] "GET /xingrg/all/function/internal_message.html?_=1631241450148&CODE_STATE=getMsg HTTP/1.1" 200 27
180.169.147.146 - - [10/Sep/2021:10:37:33 +0800] "GET /xingrg/check_reg.html?_=1631241441662 HTTP/1.1" 200 22
180.169.147.146 - - [10/Sep/2021:10:37:33 +0800] "GET /xingrg/all/function/internal_message.html?_=1631241441665&CODE_STATE=getMsg HTTP/1.1" 200 27
180.157.254.90 - - [10/Sep/2021:10:37:35 +0800] "GET /xingrg/kc/buy/cgsh_order_add.html HTTP/1.1" 200 63432
180.157.254.90 - - [10/Sep/2021:10:37:35 +0800] "POST /xingrg/kc/buy/cgsh_order_operate.html HTTP/1.1" 200 8245
180.157.254.90 - - [10/Sep/2021:10:37:35 +0800] "GET /xingrg/javascript/easyui/themes/default/validatebox.css HTTP/1.1" 404 1104
116.230.105.26 - - [10/Sep/2021:10:37:36 +0800] "GET /xingrg/all/function/internal_message.html?_=1631241393585&CODE_STATE=getMsg HTTP/1.1" 200 27
116.237.74.154 - - [10/Sep/2021:10:37:41 +0800] "GET /xingrg/all/function/internal_message.html?_=1631241455694&CODE_STATE=getMsg HTTP/1.1" 200 27
222.69.131.204 - - [10/Sep/2021:10:37:42 +0800] "POST /xingrg/kc/buy/cgsh_order_operate.html HTTP/1.1" 200 37
222.69.131.204 - - [10/Sep/2021:10:37:43 +0800] "POST /xingrg/kc/buy/cgsh_order_operate.html HTTP/1.1" 200 6212
116.232.52.204 - - [10/Sep/2021:10:37:46 +0800] "POST /xingrg/kc/buy/cgsh_list_operate.html HTTP/1.1" 200 3800
222.69.131.204 - - [10/Sep/2021:10:37:47 +0800] "POST /xingrg/kc/buy/cgsh_list_operate.html HTTP/1.1" 200 1690
116.238.168.124 - - [10/Sep/2021:10:37:47 +0800] "GET /xingrg/check_reg.html?_=1631241445617 HTTP/1.1" 200 22
222.69.131.204 - - [10/Sep/2021:10:37:49 +0800] "POST /xingrg/kc/buy/cgsh_list_operate.html HTTP/1.1" 200 565
222.69.131.204 - - [10/Sep/2021:10:37:50 +0800] "GET /xingrg/kc/buy/cgsh_order_info.html?code=212021091004093 HTTP/1.1" 200 63488
222.69.131.204 - - [10/Sep/2021:10:37:50 +0800] "GET /xingrg/javascript/easyui/themes/default/validatebox.css HTTP/1.1" 404 1104
116.237.74.154 - - [10/Sep/2021:10:37:51 +0800] "POST /xingrg/kc/buy/cgsh_order_operate.html HTTP/1.1" 200 2065
222.69.131.204 - - [10/Sep/2021:10:37:51 +0800] "POST /xingrg/kc/buy/cgsh_order_operate.html HTTP/1.1" 200 6212
120.253.135.82 - - [10/Sep/2021:10:37:51 +0800] "GET /xingrg/all/function/internal_message.html?_=1631241064742&CODE_STATE=getMsg HTTP/1.1" 200 27
120.253.135.82 - - [10/Sep/2021:10:37:51 +0800] "GET /xingrg/check_reg.html?_=1631241064743 HTTP/1.1" 200 22
222.69.131.204 - - [10/Sep/2021:10:37:52 +0800] "POST /xingrg/kc/buy/cgsh_list_operate.html HTTP/1.1" 200 1690
120.253.135.82 - - [10/Sep/2021:10:37:52 +0800] "GET /xingrg/check_reg.html?_=1631241244688 HTTP/1.1" 200 22
180.169.147.146 - - [10/Sep/2021:10:37:52 +0800] "GET /xingrg/all/function/internal_message.html?_=1631241470918&CODE_STATE=getMsg HTTP/1.1" 200 27
180.169.147.146 - - [10/Sep/2021:10:37:52 +0800] "GET /xingrg/check_reg.html?_=1631241470923 HTTP/1.1" 200 22
120.253.135.82 - - [10/Sep/2021:10:37:52 +0800] "GET /xingrg/all/function/internal_message.html?_=1631241244840&CODE_STATE=getMsg HTTP/1.1" 200 27
116.237.74.154 - - [10/Sep/2021:10:37:55 +0800] "GET /xingrg/kc/buy/cgsh_order_operate.html?command=get_materiel&rest_code=00106&code=00101008079&supplier_code=00100007&order_time=2021-09-10 HTTP/1.1" 200 416
58.37.227.186 - - [10/Sep/2021:10:37:56 +0800] "GET /xingrg/all/function/internal_message.html?_=1631241350464&CODE_STATE=getMsg HTTP/1.1" 200 27
180.157.254.90 - - [10/Sep/2021:10:37:57 +0800] "GET /xingrg/kc/buy/cgsh_order_operate.html?command=get_materiel&rest_code=00148&code=00101008522&supplier_code=00100339&order_time=2021-09-10 HTTP/1.1" 200 398
116.232.52.204 - - [10/Sep/2021:10:37:58 +0800] "GET /xingrg/all/function/internal_message.html?_=1631241478417&CODE_STATE=getMsg HTTP/1.1" 200 27
180.169.147.146 - - [10/Sep/2021:10:38:00 +0800] "GET /xingrg/all/function/internal_message.html?_=1631241509610&CODE_STATE=getMsg HTTP/1.1" 200 27
180.157.254.90 - - [10/Sep/2021:10:38:01 +0800] "POST /xingrg/all/common/load_select.html HTTP/1.1" 200 12
116.237.74.154 - - [10/Sep/2021:10:38:02 +0800] "GET /xingrg/kc/buy/cgsh_order_operate.html?command=get_materiel&rest_code=00106&code=00101008223&supplier_code=00100007&order_time=2021-09-10 HTTP/1.1" 200 412
116.232.52.204 - - [10/Sep/2021:10:38:02 +0800] "POST /xingrg/kc/buy/cgsh_list_operate.html HTTP/1.1" 200 589
116.232.52.204 - - [10/Sep/2021:10:38:03 +0800] "GET /xingrg/kc/buy/cgsh_order_info.html?code=212021091004055 HTTP/1.1" 200 63476
116.232.52.204 - - [10/Sep/2021:10:38:03 +0800] "GET /xingrg/all/common/auto_word.html?type=employee&rest_code=00109 HTTP/1.1" 200 255
116.232.52.204 - - [10/Sep/2021:10:38:03 +0800] "GET /xingrg/javascript/easyui/themes/default/validatebox.css HTTP/1.1" 404 1104
116.232.52.204 - - [10/Sep/2021:10:38:03 +0800] "GET /xingrg/all/common/auto_word.html?type=employee&rest_code=00109 HTTP/1.1" 200 255
58.221.95.50 - - [10/Sep/2021:10:38:03 +0800] "GET /xingrg/check_reg.html?_=1631241482921 HTTP/1.1" 302 -
116.232.52.204 - - [10/Sep/2021:10:38:04 +0800] "POST /xingrg/kc/buy/cgsh_order_operate.html HTTP/1.1" 200 9241
180.157.254.90 - - [10/Sep/2021:10:38:05 +0800] "GET /xingrg/kc/buy/cgsh_order_operate.html?command=get_materiel_price&rest_code=00148&code=00101008522&unit_code=00100012&supplier_code=00100339&order_time=2021-09-10 HTTP/1.1" 200 27
222.70.179.190 - - [10/Sep/2021:10:38:08 +0800] "GET /xingrg/all/function/internal_message.html?_=1631241484103&CODE_STATE=getMsg HTTP/1.1" 200 27
101.83.145.79 - - [10/Sep/2021:10:38:09 +0800] "GET /xingrg/all/function/internal_message.html?_=1631241488179&CODE_STATE=getMsg HTTP/1.1" 200 27
101.83.145.79 - - [10/Sep/2021:10:38:09 +0800] "GET /xingrg/check_reg.html?_=1631241488968 HTTP/1.1" 200 22
180.157.254.90 - - [10/Sep/2021:10:38:09 +0800] "GET /xingrg/kc/buy/cgsh_order_operate.html?command=get_materiel&rest_code=00148&code=00101013232&supplier_code=00100339&order_time=2021-09-10 HTTP/1.1" 200 406
116.238.168.124 - - [10/Sep/2021:10:38:10 +0800] "GET /xingrg/all/function/internal_message.html?_=1631241468635&CODE_STATE=getMsg HTTP/1.1" 200 27
222.69.131.204 - - [10/Sep/2021:10:38:13 +0800] "GET /xingrg/all/function/internal_message.html?_=1631241491191&CODE_STATE=getMsg HTTP/1.1" 200 27
101.85.93.96 - - [10/Sep/2021:10:38:13 +0800] "GET /xingrg/all/function/internal_message.html?_=1631241416979&CODE_STATE=getMsg HTTP/1.1" 200 27
116.238.194.18 - - [10/Sep/2021:10:38:13 +0800] "GET /xingrg/all/function/internal_message.html?_=1631241492571&CODE_STATE=getMsg HTTP/1.1" 200 27
116.238.194.18 - - [10/Sep/2021:10:38:14 +0800] "GET /xingrg/check_reg.html?_=1631241492917 HTTP/1.1" 200 22
222.69.131.204 - - [10/Sep/2021:10:38:14 +0800] "POST /xingrg/kc/buy/cgsh_order_operate.html HTTP/1.1" 200 37
222.70.246.151 - - [10/Sep/2021:10:38:17 +0800] "GET /xingrg/all/function/internal_message.html?_=1631241514793&CODE_STATE=getMsg HTTP/1.1" 200 27
180.157.254.90 - - [10/Sep/2021:10:38:20 +0800] "GET /xingrg/check_reg.html?_=1631241501099 HTTP/1.1" 200 22
180.157.254.90 - - [10/Sep/2021:10:38:20 +0800] "GET /xingrg/all/function/internal_message.html?_=1631241501101&CODE_STATE=getMsg HTTP/1.1" 200 27
222.69.131.204 - - [10/Sep/2021:10:38:22 +0800] "POST /xingrg/kc/buy/cgsh_order_operate.html HTTP/1.1" 200 12
116.237.74.154 - - [10/Sep/2021:10:38:22 +0800] "GET /xingrg/kc/buy/cgsh_order_operate.html?command=get_materiel&rest_code=00106&code=00101008236&supplier_code=00100007&order_time=2021-09-10 HTTP/1.1" 200 416
222.69.131.204 - - [10/Sep/2021:10:38:23 +0800] "GET /xingrg/kc/buy/cgsh_order_info.html?code=212021091004093 HTTP/1.1" 200 58388
222.69.131.204 - - [10/Sep/2021:10:38:23 +0800] "GET /xingrg/javascript/easyui/themes/default/validatebox.css HTTP/1.1" 404 1104
222.69.131.204 - - [10/Sep/2021:10:38:24 +0800] "POST /xingrg/kc/buy/cgsh_order_operate.html HTTP/1.1" 200 4159
116.237.74.154 - - [10/Sep/2021:10:38:25 +0800] "POST /xingrg/kc/buy/cgsh_order_operate.html HTTP/1.1" 200 2065
222.69.131.204 - - [10/Sep/2021:10:38:25 +0800] "GET /xingrg/kc/print/load_data.html?order_code=212021091004093&kc_code=cgsh&condition= HTTP/1.1" 200 2075
116.237.74.154 - - [10/Sep/2021:10:38:29 +0800] "GET /xingrg/all/function/internal_message.html?_=1631241510175&CODE_STATE=getMsg HTTP/1.1" 200 27
116.237.74.154 - - [10/Sep/2021:10:38:29 +0800] "GET /xingrg/check_reg.html?_=1631241510178 HTTP/1.1" 200 22
222.69.131.204 - - [10/Sep/2021:10:38:30 +0800] "GET /xingrg/kc/buy/cgsh_order_add.html HTTP/1.1" 200 63479
222.69.131.204 - - [10/Sep/2021:10:38:31 +0800] "POST /xingrg/kc/buy/cgsh_order_operate.html HTTP/1.1" 200 8245
222.69.131.204 - - [10/Sep/2021:10:38:31 +0800] "GET /xingrg/javascript/easyui/themes/default/validatebox.css HTTP/1.1" 404 1104
116.237.74.154 - - [10/Sep/2021:10:38:32 +0800] "GET /xingrg/kc/buy/cgsh_order_operate.html?command=get_materiel&rest_code=00106&code=00101008109&supplier_code=00100007&order_time=2021-09-10 HTTP/1.1" 200 413
180.169.147.146 - - [10/Sep/2021:10:38:33 +0800] "GET /xingrg/all/function/internal_message.html?_=1631241501663&CODE_STATE=getMsg HTTP/1.1" 200 27
116.230.105.26 - - [10/Sep/2021:10:38:36 +0800] "GET /xingrg/all/function/internal_message.html?_=1631241453597&CODE_STATE=getMsg HTTP/1.1" 200 27
116.230.105.26 - - [10/Sep/2021:10:38:36 +0800] "GET /xingrg/check_reg.html?_=1631241453601 HTTP/1.1" 200 22
116.232.52.204 - - [10/Sep/2021:10:38:38 +0800] "GET /xingrg/kc/print/load_config.html?kc_code=cgsh HTTP/1.1" 200 2076
116.232.52.204 - - [10/Sep/2021:10:38:38 +0800] "GET /xingrg/kc/print/load_data.html?order_code=212021091004055&kc_code=cgsh HTTP/1.1" 200 3279
116.237.74.154 - - [10/Sep/2021:10:38:41 +0800] "GET /xingrg/all/function/internal_message.html?_=1631241515674&CODE_STATE=getMsg HTTP/1.1" 200 27
116.232.52.204 - - [10/Sep/2021:10:38:46 +0800] "POST /xingrg/kc/buy/cgsh_list_operate.html HTTP/1.1" 200 3800
222.69.131.204 - - [10/Sep/2021:10:38:48 +0800] "GET /xingrg/kc/buy/cgsh_order_operate.html?command=get_materiel&rest_code=00149&code=00101009001&supplier_code=00100201&order_time=2021-09-10 HTTP/1.1" 200 416
120.253.135.82 - - [10/Sep/2021:10:38:51 +0800] "GET /xingrg/all/function/internal_message.html?_=1631241124740&CODE_STATE=getMsg HTTP/1.1" 200 27
180.169.147.146 - - [10/Sep/2021:10:38:52 +0800] "GET /xingrg/all/function/internal_message.html?_=1631241530913&CODE_STATE=getMsg HTTP/1.1" 200 27
120.253.135.82 - - [10/Sep/2021:10:38:52 +0800] "GET /xingrg/all/function/internal_message.html?_=1631241304853&CODE_STATE=getMsg HTTP/1.1" 200 27
116.237.74.154 - - [10/Sep/2021:10:38:56 +0800] "GET /xingrg/check_reg.html?_=1631241530463 HTTP/1.1" 200 22
180.157.254.90 - - [10/Sep/2021:10:38:57 +0800] "GET /xingrg/kc/buy/cgsh_order_operate.html?command=get_materiel&rest_code=00148&code=00101008314&supplier_code=00100339&order_time=2021-09-10 HTTP/1.1" 200 413
116.232.52.204 - - [10/Sep/2021:10:38:58 +0800] "GET /xingrg/all/function/internal_message.html?_=1631241538437&CODE_STATE=getMsg HTTP/1.1" 200 27
116.232.52.204 - - [10/Sep/2021:10:38:58 +0800] "GET /xingrg/check_reg.html?_=1631241538438 HTTP/1.1" 200 22
180.169.147.146 - - [10/Sep/2021:10:39:00 +0800] "GET /xingrg/all/function/internal_message.html?_=1631241569611&CODE_STATE=getMsg HTTP/1.1" 200 27
222.69.131.204 - - [10/Sep/2021:10:39:00 +0800] "GET /xingrg/kc/buy/cgsh_order_operate.html?command=get_materiel&rest_code=00149&code=00101009062&supplier_code=00100201&order_time=2021-09-10 HTTP/1.1" 200 412
222.70.179.190 - - [10/Sep/2021:10:39:08 +0800] "GET /xingrg/all/function/internal_message.html?_=1631241544088&CODE_STATE=getMsg HTTP/1.1" 200 27
101.83.145.79 - - [10/Sep/2021:10:39:09 +0800] "GET /xingrg/all/function/internal_message.html?_=1631241548141&CODE_STATE=getMsg HTTP/1.1" 200 27
222.69.131.204 - - [10/Sep/2021:10:39:10 +0800] "GET /xingrg/kc/buy/cgsh_order_operate.html?command=get_materiel&rest_code=00149&code=00101009011&supplier_code=00100201&order_time=2021-09-10 HTTP/1.1" 200 416
116.238.168.124 - - [10/Sep/2021:10:39:10 +0800] "GET /xingrg/all/function/internal_message.html?_=1631241528642&CODE_STATE=getMsg HTTP/1.1" 200 27
180.157.254.90 - - [10/Sep/2021:10:39:13 +0800] "GET /xingrg/kc/buy/cgsh_order_operate.html?command=get_materiel&rest_code=00148&code=00101008060&supplier_code=00100339&order_time=2021-09-10 HTTP/1.1" 200 416
222.69.131.204 - - [10/Sep/2021:10:39:13 +0800] "GET /xingrg/all/function/internal_message.html?_=1631241551192&CODE_STATE=getMsg HTTP/1.1" 200 27
116.238.194.18 - - [10/Sep/2021:10:39:13 +0800] "GET /xingrg/all/function/internal_message.html?_=1631241552553&CODE_STATE=getMsg HTTP/1.1" 200 27
101.85.93.96 - - [10/Sep/2021:10:39:13 +0800] "GET /xingrg/all/function/internal_message.html?_=1631241476978&CODE_STATE=getMsg HTTP/1.1" 200 27
222.70.246.151 - - [10/Sep/2021:10:39:17 +0800] "GET /xingrg/all/function/internal_message.html?_=1631241574812&CODE_STATE=getMsg HTTP/1.1" 200 27
222.69.131.204 - - [10/Sep/2021:10:39:20 +0800] "GET /xingrg/kc/buy/cgsh_order_operate.html?command=get_materiel&rest_code=00149&code=00101009013&supplier_code=00100201&order_time=2021-09-10 HTTP/1.1" 200 420
180.157.254.90 - - [10/Sep/2021:10:39:20 +0800] "GET /xingrg/all/function/internal_message.html?_=1631241561105&CODE_STATE=getMsg HTTP/1.1" 200 27
180.157.254.90 - - [10/Sep/2021:10:39:27 +0800] "GET /xingrg/kc/buy/cgsh_order_operate.html?command=get_materiel&rest_code=00148&code=00101008061&supplier_code=00100339&order_time=2021-09-10 HTTP/1.1" 200 423
222.69.131.204 - - [10/Sep/2021:10:39:29 +0800] "GET /xingrg/kc/buy/cgsh_order_operate.html?command=get_materiel&rest_code=00149&code=00101009122&supplier_code=00100201&order_time=2021-09-10 HTTP/1.1" 200 391
116.237.74.154 - - [10/Sep/2021:10:39:29 +0800] "GET /xingrg/all/function/internal_message.html?_=1631241570178&CODE_STATE=getMsg HTTP/1.1" 200 27
