116.230.105.26 - - [10/Sep/2021:10:01:36 +0800] "GET /xingrg/all/function/internal_message.html?_=1631239233600&CODE_STATE=getMsg HTTP/1.1" 200 27
116.237.74.154 - - [10/Sep/2021:10:01:42 +0800] "GET /xingrg/all/function/internal_message.html?_=1631239296343&CODE_STATE=getMsg HTTP/1.1" 200 27
116.238.194.18 - - [10/Sep/2021:10:01:46 +0800] "POST /xingrg/all/user/operate.html HTTP/1.1" 200 36
116.238.194.18 - - [10/Sep/2021:10:01:46 +0800] "GET /xingrg/index.html?sysBaseUrl=http%3A%2F%2F180.169.147.146%3A18081%2Fxingrg%2F&costTime=40×tamp=1631184791313 HTTP/1.1" 200 17179
116.238.194.18 - - [10/Sep/2021:10:01:46 +0800] "GET /xingrg/javascript/jquery_easy_ui/themes/default/easyui.css HTTP/1.1" 304 -
116.238.194.18 - - [10/Sep/2021:10:01:46 +0800] "GET /xingrg/javascript/jquery_easy_ui/themes/icon.css HTTP/1.1" 304 -
116.238.194.18 - - [10/Sep/2021:10:01:46 +0800] "GET /xingrg/css/form.css HTTP/1.1" 304 -
116.238.194.18 - - [10/Sep/2021:10:01:46 +0800] "GET /xingrg/javascript/jquery-1.4.2.min.js HTTP/1.1" 304 -
116.238.194.18 - - [10/Sep/2021:10:01:46 +0800] "GET /xingrg/javascript/jquery_easy_ui/jquery.easyui.min.js HTTP/1.1" 304 -
116.238.194.18 - - [10/Sep/2021:10:01:46 +0800] "GET /xingrg/javascript/jquery_easy_ui/easyui-lang-zh_CN.js HTTP/1.1" 304 -
116.238.194.18 - - [10/Sep/2021:10:01:46 +0800] "GET /xingrg/javascript/jquery.form.js HTTP/1.1" 304 -
116.238.194.18 - - [10/Sep/2021:10:01:46 +0800] "GET /xingrg/javascript/jquery.utils.js HTTP/1.1" 304 -
116.238.194.18 - - [10/Sep/2021:10:01:46 +0800] "GET /xingrg/javascript/jquery.timers.js HTTP/1.1" 304 -
116.238.194.18 - - [10/Sep/2021:10:01:46 +0800] "GET /xingrg/images/blue/jxLogo.png HTTP/1.1" 304 -
116.238.194.18 - - [10/Sep/2021:10:01:46 +0800] "GET /xingrg/images/blue/navBackgound.jpg HTTP/1.1" 304 -
116.238.194.18 - - [10/Sep/2021:10:01:46 +0800] "GET /xingrg/javascript/jquery_easy_ui/themes/icons/settle_new.png HTTP/1.1" 304 -
116.238.194.18 - - [10/Sep/2021:10:01:46 +0800] "POST /xingrg/all/common/load_tree.html?tree=area_rest_tree_json&manage=1 HTTP/1.1" 200 476
116.238.194.18 - - [10/Sep/2021:10:01:46 +0800] "GET /xingrg/all/function/internal_message.html?_=1631239305377&CODE_STATE=count HTTP/1.1" 200 11
116.238.194.18 - - [10/Sep/2021:10:01:46 +0800] "GET /xingrg/check_reg.html?_=1631239305378 HTTP/1.1" 200 22
116.238.194.18 - - [10/Sep/2021:10:01:46 +0800] "GET /xingrg/images/blue/pingpu.png HTTP/1.1" 304 -
116.238.194.18 - - [10/Sep/2021:10:01:46 +0800] "GET /xingrg/javascript/jquery_easy_ui/themes/default/images/tabs_rightarrow.png HTTP/1.1" 304 -
116.238.194.18 - - [10/Sep/2021:10:01:46 +0800] "GET /xingrg/javascript/jquery_easy_ui/themes/default/images/tabs_leftarrow.png HTTP/1.1" 304 -
116.238.194.18 - - [10/Sep/2021:10:01:46 +0800] "GET /xingrg/javascript/jquery_easy_ui/themes/default/images/panel_tool_collapse.gif HTTP/1.1" 304 -
116.238.194.18 - - [10/Sep/2021:10:01:46 +0800] "POST /xingrg/load_menu.html HTTP/1.1" 200 5138
116.238.194.18 - - [10/Sep/2021:10:01:47 +0800] "GET /xingrg/all/function/internal_message.html?_=1631239280605&CODE_STATE=getMsg HTTP/1.1" 200 27
116.238.194.18 - - [10/Sep/2021:10:01:48 +0800] "GET /xingrg/kc/buy/cgsh_order_list.html HTTP/1.1" 200 47694
116.238.194.18 - - [10/Sep/2021:10:01:50 +0800] "POST /xingrg/kc/buy/cgsh_list_operate.html HTTP/1.1" 200 1708
116.238.194.18 - - [10/Sep/2021:10:01:51 +0800] "GET /xingrg/kc/buy/cgsh_order_add.html HTTP/1.1" 200 63350
116.238.194.18 - - [10/Sep/2021:10:01:51 +0800] "GET /xingrg/javascript/easyui/themes/default/validatebox.css HTTP/1.1" 404 1104
116.238.194.18 - - [10/Sep/2021:10:01:51 +0800] "POST /xingrg/kc/buy/cgsh_order_operate.html HTTP/1.1" 200 8245
116.238.194.18 - - [10/Sep/2021:10:01:52 +0800] "GET /xingrg/javascript/auto/indicator.gif HTTP/1.1" 404 1066
116.238.168.124 - - [10/Sep/2021:10:01:55 +0800] "GET /xingrg/all/function/internal_message.html?_=1631239293740&CODE_STATE=getMsg HTTP/1.1" 200 27
58.37.227.186 - - [10/Sep/2021:10:01:56 +0800] "GET /xingrg/all/function/internal_message.html?_=1631239190368&CODE_STATE=getMsg HTTP/1.1" 200 27
116.232.52.204 - - [10/Sep/2021:10:01:57 +0800] "GET /xingrg/all/function/internal_message.html?_=1631239317715&CODE_STATE=getMsg HTTP/1.1" 200 27
116.238.194.18 - - [10/Sep/2021:10:01:58 +0800] "GET /xingrg/kc/buy/cgsh_order_operate.html?command=get_materiel&rest_code=00150&code=00101011005&supplier_code=00100047&order_time=2021-09-10 HTTP/1.1" 200 428
222.70.179.190 - - [10/Sep/2021:10:02:06 +0800] "GET /xingrg/check_reg.html?_=1631239322135 HTTP/1.1" 200 22
222.70.179.190 - - [10/Sep/2021:10:02:09 +0800] "GET /xingrg/all/function/internal_message.html?_=1631239324806&CODE_STATE=getMsg HTTP/1.1" 200 27
101.83.145.79 - - [10/Sep/2021:10:02:09 +0800] "GET /xingrg/all/function/internal_message.html?_=1631239328852&CODE_STATE=getMsg HTTP/1.1" 200 27
116.238.194.18 - - [10/Sep/2021:10:02:10 +0800] "GET /xingrg/kc/buy/cgsh_order_operate.html?command=get_materiel&rest_code=00150&code=00101011003&supplier_code=00100047&order_time=2021-09-10 HTTP/1.1" 200 413
222.69.131.204 - - [10/Sep/2021:10:02:13 +0800] "GET /xingrg/check_reg.html?_=1631239331065 HTTP/1.1" 200 22
101.85.93.96 - - [10/Sep/2021:10:02:13 +0800] "GET /xingrg/all/function/internal_message.html?_=1631239256937&CODE_STATE=getMsg HTTP/1.1" 200 27
222.69.131.204 - - [10/Sep/2021:10:02:14 +0800] "GET /xingrg/all/function/internal_message.html?_=1631239331505&CODE_STATE=getMsg HTTP/1.1" 200 27
116.238.194.18 - - [10/Sep/2021:10:02:15 +0800] "POST /xingrg/kc/buy/cgsh_order_operate.html HTTP/1.1" 200 37
116.238.194.18 - - [10/Sep/2021:10:02:18 +0800] "POST /xingrg/kc/buy/cgsh_order_operate.html HTTP/1.1" 200 12
116.238.194.18 - - [10/Sep/2021:10:02:19 +0800] "GET /xingrg/kc/buy/cgsh_order_info.html?code=212021091004069 HTTP/1.1" 200 58259
116.238.194.18 - - [10/Sep/2021:10:02:19 +0800] "GET /xingrg/javascript/easyui/themes/default/validatebox.css HTTP/1.1" 404 1104
116.238.194.18 - - [10/Sep/2021:10:02:20 +0800] "POST /xingrg/kc/buy/cgsh_order_operate.html HTTP/1.1" 200 1194
180.157.254.90 - - [10/Sep/2021:10:02:20 +0800] "GET /xingrg/all/function/internal_message.html?_=1631239341023&CODE_STATE=getMsg HTTP/1.1" 200 27
116.238.194.18 - - [10/Sep/2021:10:02:21 +0800] "GET /xingrg/kc/print/load_data.html?order_code=212021091004069&kc_code=cgsh&condition= HTTP/1.1" 200 980
116.238.194.18 - - [10/Sep/2021:10:02:25 +0800] "GET /xingrg/kc/buy/cgsh_order_add.html HTTP/1.1" 200 63350
116.238.194.18 - - [10/Sep/2021:10:02:26 +0800] "POST /xingrg/kc/buy/cgsh_order_operate.html HTTP/1.1" 200 8245
116.238.194.18 - - [10/Sep/2021:10:02:26 +0800] "GET /xingrg/javascript/easyui/themes/default/validatebox.css HTTP/1.1" 404 1104
116.238.194.18 - - [10/Sep/2021:10:02:27 +0800] "POST /xingrg/kc/buy/cgsh_order_operate.html HTTP/1.1" 200 37
116.238.194.18 - - [10/Sep/2021:10:02:30 +0800] "POST /xingrg/kc/buy/cgsh_order_operate.html HTTP/1.1" 200 28351
116.238.194.18 - - [10/Sep/2021:10:02:34 +0800] "POST /xingrg/kc/buy/cgsh_list_operate.html HTTP/1.1" 200 2087
116.238.194.18 - - [10/Sep/2021:10:02:36 +0800] "POST /xingrg/kc/buy/cgsh_list_operate.html HTTP/1.1" 200 577
116.230.105.26 - - [10/Sep/2021:10:02:36 +0800] "GET /xingrg/all/function/internal_message.html?_=1631239293593&CODE_STATE=getMsg HTTP/1.1" 200 27
116.238.194.18 - - [10/Sep/2021:10:02:36 +0800] "GET /xingrg/check_reg.html?_=1631239329577 HTTP/1.1" 200 22
116.238.194.18 - - [10/Sep/2021:10:02:37 +0800] "GET /xingrg/kc/buy/cgsh_order_info.html?code=212021091004044 HTTP/1.1" 200 63089
116.238.194.18 - - [10/Sep/2021:10:02:37 +0800] "GET /xingrg/javascript/easyui/themes/default/validatebox.css HTTP/1.1" 404 1104
116.238.194.18 - - [10/Sep/2021:10:02:38 +0800] "POST /xingrg/kc/buy/cgsh_order_operate.html HTTP/1.1" 200 5675
116.238.194.18 - - [10/Sep/2021:10:02:38 +0800] "GET /xingrg/kc/buy/cgsh_order_operate.html?command=get_materiel&rest_code=00150&code=00101009109&supplier_code=00100424&order_time=2021-09-10 HTTP/1.1" 200 399
116.237.74.154 - - [10/Sep/2021:10:02:42 +0800] "GET /xingrg/all/function/internal_message.html?_=1631239356316&CODE_STATE=getMsg HTTP/1.1" 200 27
116.238.168.124 - - [10/Sep/2021:10:02:46 +0800] "GET /xingrg/check_reg.html?_=1631239344390 HTTP/1.1" 200 22
116.238.194.18 - - [10/Sep/2021:10:02:46 +0800] "GET /xingrg/all/function/internal_message.html?_=1631239365385&CODE_STATE=getMsg HTTP/1.1" 200 27
116.238.194.18 - - [10/Sep/2021:10:02:46 +0800] "GET /xingrg/kc/buy/cgsh_order_operate.html?command=get_materiel&rest_code=00150&code=00101009062&supplier_code=00100424&order_time=2021-09-10 HTTP/1.1" 200 412
116.238.194.18 - - [10/Sep/2021:10:02:47 +0800] "GET /xingrg/all/function/internal_message.html?_=1631239340619&CODE_STATE=getMsg HTTP/1.1" 200 27
116.238.194.18 - - [10/Sep/2021:10:02:55 +0800] "GET /xingrg/kc/buy/cgsh_order_operate.html?command=get_materiel&rest_code=00150&code=00101009124&supplier_code=00100424&order_time=2021-09-10 HTTP/1.1" 200 402
116.238.168.124 - - [10/Sep/2021:10:02:55 +0800] "GET /xingrg/all/function/internal_message.html?_=1631239353756&CODE_STATE=getMsg HTTP/1.1" 200 27
58.37.227.186 - - [10/Sep/2021:10:02:56 +0800] "GET /xingrg/all/function/internal_message.html?_=1631239250353&CODE_STATE=getMsg HTTP/1.1" 200 27
116.232.52.204 - - [10/Sep/2021:10:02:57 +0800] "GET /xingrg/all/function/internal_message.html?_=1631239377719&CODE_STATE=getMsg HTTP/1.1" 200 27
116.238.194.18 - - [10/Sep/2021:10:03:02 +0800] "GET /xingrg/kc/buy/cgsh_order_operate.html?command=get_materiel&rest_code=00151&code=00101009031&supplier_code=00100424&order_time=2021-09-10 HTTP/1.1" 200 408
58.221.95.50 - - [10/Sep/2021:10:03:03 +0800] "GET /xingrg/check_reg.html?_=1631239382878 HTTP/1.1" 302 -
222.70.179.190 - - [10/Sep/2021:10:03:09 +0800] "GET /xingrg/all/function/internal_message.html?_=1631239384789&CODE_STATE=getMsg HTTP/1.1" 200 27
101.83.145.79 - - [10/Sep/2021:10:03:09 +0800] "GET /xingrg/all/function/internal_message.html?_=1631239388829&CODE_STATE=getMsg HTTP/1.1" 200 27
101.83.145.79 - - [10/Sep/2021:10:03:09 +0800] "GET /xingrg/check_reg.html?_=1631239389023 HTTP/1.1" 200 22
101.85.93.96 - - [10/Sep/2021:10:03:13 +0800] "GET /xingrg/all/function/internal_message.html?_=1631239316939&CODE_STATE=getMsg HTTP/1.1" 200 27
222.69.131.204 - - [10/Sep/2021:10:03:14 +0800] "GET /xingrg/all/function/internal_message.html?_=1631239391493&CODE_STATE=getMsg HTTP/1.1" 200 27
116.238.194.18 - - [10/Sep/2021:10:03:18 +0800] "GET /xingrg/kc/buy/cgsh_order_operate.html?command=get_materiel&rest_code=00151&code=00101009011&supplier_code=00100424&order_time=2021-09-10 HTTP/1.1" 200 416
180.157.254.90 - - [10/Sep/2021:10:03:20 +0800] "GET /xingrg/all/function/internal_message.html?_=1631239401023&CODE_STATE=getMsg HTTP/1.1" 200 27
180.157.254.90 - - [10/Sep/2021:10:03:20 +0800] "GET /xingrg/check_reg.html?_=1631239401025 HTTP/1.1" 200 22
116.238.194.18 - - [10/Sep/2021:10:03:24 +0800] "POST /xingrg/kc/buy/cgsh_order_operate.html HTTP/1.1" 200 37
116.238.194.18 - - [10/Sep/2021:10:03:25 +0800] "POST /xingrg/kc/buy/cgsh_order_operate.html HTTP/1.1" 200 6858
116.230.105.26 - - [10/Sep/2021:10:03:36 +0800] "GET /xingrg/check_reg.html?_=1631239353588 HTTP/1.1" 200 22
116.230.105.26 - - [10/Sep/2021:10:03:36 +0800] "GET /xingrg/all/function/internal_message.html?_=1631239353591&CODE_STATE=getMsg HTTP/1.1" 200 27
116.238.194.18 - - [10/Sep/2021:10:03:39 +0800] "POST /xingrg/all/user/operate.html HTTP/1.1" 200 36
116.238.194.18 - - [10/Sep/2021:10:03:40 +0800] "GET /xingrg/javascript/jquery_easy_ui/themes/default/easyui.css HTTP/1.1" 304 -
116.238.194.18 - - [10/Sep/2021:10:03:40 +0800] "GET /xingrg/index.html?sysBaseUrl=http%3A%2F%2F180.169.147.146%3A18081%2Fxingrg%2F&costTime=43×tamp=1631178579303 HTTP/1.1" 200 17179
116.238.194.18 - - [10/Sep/2021:10:03:40 +0800] "GET /xingrg/javascript/jquery_easy_ui/themes/icon.css HTTP/1.1" 304 -
116.238.194.18 - - [10/Sep/2021:10:03:40 +0800] "GET /xingrg/css/form.css HTTP/1.1" 304 -
116.238.194.18 - - [10/Sep/2021:10:03:40 +0800] "GET /xingrg/javascript/jquery-1.4.2.min.js HTTP/1.1" 304 -
116.238.194.18 - - [10/Sep/2021:10:03:40 +0800] "GET /xingrg/javascript/jquery_easy_ui/jquery.easyui.min.js HTTP/1.1" 304 -
116.238.194.18 - - [10/Sep/2021:10:03:40 +0800] "GET /xingrg/javascript/jquery_easy_ui/easyui-lang-zh_CN.js HTTP/1.1" 304 -
116.238.194.18 - - [10/Sep/2021:10:03:40 +0800] "GET /xingrg/javascript/jquery.form.js HTTP/1.1" 304 -
116.238.194.18 - - [10/Sep/2021:10:03:41 +0800] "GET /xingrg/javascript/jquery.utils.js HTTP/1.1" 304 -
116.238.194.18 - - [10/Sep/2021:10:03:41 +0800] "GET /xingrg/javascript/jquery.timers.js HTTP/1.1" 304 -
116.238.194.18 - - [10/Sep/2021:10:03:41 +0800] "GET /xingrg/images/blue/jxLogo.png HTTP/1.1" 304 -
116.238.194.18 - - [10/Sep/2021:10:03:41 +0800] "GET /xingrg/images/blue/navBackgound.jpg HTTP/1.1" 304 -
116.238.194.18 - - [10/Sep/2021:10:03:41 +0800] "GET /xingrg/javascript/jquery_easy_ui/themes/icons/settle_new.png HTTP/1.1" 304 -
116.238.194.18 - - [10/Sep/2021:10:03:41 +0800] "GET /xingrg/images/blue/pingpu.png HTTP/1.1" 304 -
116.238.194.18 - - [10/Sep/2021:10:03:41 +0800] "POST /xingrg/all/common/load_tree.html?tree=area_rest_tree_json&manage=1 HTTP/1.1" 200 476
116.238.194.18 - - [10/Sep/2021:10:03:41 +0800] "GET /xingrg/javascript/jquery_easy_ui/themes/default/images/tabs_leftarrow.png HTTP/1.1" 304 -
116.238.194.18 - - [10/Sep/2021:10:03:41 +0800] "GET /xingrg/javascript/jquery_easy_ui/themes/default/images/tabs_rightarrow.png HTTP/1.1" 304 -
116.238.194.18 - - [10/Sep/2021:10:03:41 +0800] "GET /xingrg/javascript/jquery_easy_ui/themes/default/images/panel_tool_collapse.gif HTTP/1.1" 304 -
116.238.194.18 - - [10/Sep/2021:10:03:41 +0800] "GET /xingrg/all/function/internal_message.html?_=1631239393951&CODE_STATE=count HTTP/1.1" 200 11
116.238.194.18 - - [10/Sep/2021:10:03:41 +0800] "GET /xingrg/check_reg.html?_=1631239393952 HTTP/1.1" 200 22
116.238.194.18 - - [10/Sep/2021:10:03:41 +0800] "POST /xingrg/load_menu.html HTTP/1.1" 200 5138
116.237.74.154 - - [10/Sep/2021:10:03:42 +0800] "GET /xingrg/all/function/internal_message.html?_=1631239416286&CODE_STATE=getMsg HTTP/1.1" 200 27
116.238.194.18 - - [10/Sep/2021:10:03:44 +0800] "GET /xingrg/kc/buy/cgsh_order_list.html HTTP/1.1" 200 47694
116.238.194.18 - - [10/Sep/2021:10:03:46 +0800] "POST /xingrg/kc/buy/cgsh_list_operate.html HTTP/1.1" 200 1708
116.238.194.18 - - [10/Sep/2021:10:03:46 +0800] "GET /xingrg/all/function/internal_message.html?_=1631239425399&CODE_STATE=getMsg HTTP/1.1" 200 27
116.238.194.18 - - [10/Sep/2021:10:03:48 +0800] "POST /xingrg/kc/buy/cgsh_list_operate.html HTTP/1.1" 200 565
116.238.194.18 - - [10/Sep/2021:10:03:49 +0800] "GET /xingrg/kc/buy/cgsh_order_info.html?code=212021091004033 HTTP/1.1" 200 63371
116.238.194.18 - - [10/Sep/2021:10:03:50 +0800] "GET /xingrg/javascript/easyui/themes/default/validatebox.css HTTP/1.1" 404 1104
116.238.194.18 - - [10/Sep/2021:10:03:50 +0800] "POST /xingrg/kc/buy/cgsh_order_operate.html HTTP/1.1" 200 41739
116.238.168.124 - - [10/Sep/2021:10:03:55 +0800] "GET /xingrg/all/function/internal_message.html?_=1631239413767&CODE_STATE=getMsg HTTP/1.1" 200 27
58.37.227.186 - - [10/Sep/2021:10:03:56 +0800] "GET /xingrg/all/function/internal_message.html?_=1631239310356&CODE_STATE=getMsg HTTP/1.1" 200 27
116.237.74.154 - - [10/Sep/2021:10:03:56 +0800] "GET /xingrg/check_reg.html?_=1631239430407 HTTP/1.1" 200 22
116.232.52.204 - - [10/Sep/2021:10:03:57 +0800] "GET /xingrg/all/function/internal_message.html?_=1631239437729&CODE_STATE=getMsg HTTP/1.1" 200 27
116.232.52.204 - - [10/Sep/2021:10:03:57 +0800] "GET /xingrg/check_reg.html?_=1631239437730 HTTP/1.1" 200 22
222.70.179.190 - - [10/Sep/2021:10:04:09 +0800] "GET /xingrg/all/function/internal_message.html?_=1631239444774&CODE_STATE=getMsg HTTP/1.1" 200 27
101.83.145.79 - - [10/Sep/2021:10:04:09 +0800] "GET /xingrg/all/function/internal_message.html?_=1631239448807&CODE_STATE=getMsg HTTP/1.1" 200 27
101.85.93.96 - - [10/Sep/2021:10:04:13 +0800] "GET /xingrg/all/function/internal_message.html?_=1631239376941&CODE_STATE=getMsg HTTP/1.1" 200 27
222.69.131.204 - - [10/Sep/2021:10:04:13 +0800] "GET /xingrg/all/function/internal_message.html?_=1631239451479&CODE_STATE=getMsg HTTP/1.1" 200 27
180.157.254.90 - - [10/Sep/2021:10:04:20 +0800] "GET /xingrg/all/function/internal_message.html?_=1631239461024&CODE_STATE=getMsg HTTP/1.1" 200 27
116.230.105.26 - - [10/Sep/2021:10:04:36 +0800] "GET /xingrg/all/function/internal_message.html?_=1631239413586&CODE_STATE=getMsg HTTP/1.1" 200 27
116.238.194.18 - - [10/Sep/2021:10:04:40 +0800] "GET /xingrg/kc/buy/cgsh_order_operate.html?command=get_materiel&rest_code=00150&code=00101009011&supplier_code=00100424&order_time=2021-09-10 HTTP/1.1" 200 416
116.238.194.18 - - [10/Sep/2021:10:04:41 +0800] "GET /xingrg/all/function/internal_message.html?_=1631239453954&CODE_STATE=getMsg HTTP/1.1" 200 27
116.237.74.154 - - [10/Sep/2021:10:04:42 +0800] "GET /xingrg/all/function/internal_message.html?_=1631239476259&CODE_STATE=getMsg HTTP/1.1" 200 27
116.238.194.18 - - [10/Sep/2021:10:04:46 +0800] "GET /xingrg/all/function/internal_message.html?_=1631239485397&CODE_STATE=getMsg HTTP/1.1" 200 27
116.238.194.18 - - [10/Sep/2021:10:04:47 +0800] "GET /xingrg/kc/buy/cgsh_order_operate.html?command=get_materiel&rest_code=00150&code=00101009016&supplier_code=00100424&order_time=2021-09-10 HTTP/1.1" 200 412
222.70.179.190 - - [10/Sep/2021:10:04:50 +0800] "GET /xingrg/kc/buy/cgsh_order_add.html HTTP/1.1" 200 63426
222.70.179.190 - - [10/Sep/2021:10:04:50 +0800] "POST /xingrg/kc/buy/cgsh_order_operate.html HTTP/1.1" 200 8245
222.70.179.190 - - [10/Sep/2021:10:04:50 +0800] "GET /xingrg/javascript/easyui/themes/default/validatebox.css HTTP/1.1" 404 1104
58.37.227.186 - - [10/Sep/2021:10:04:54 +0800] "POST /xingrg/kc/buy/cgsh_list_operate.html HTTP/1.1" 200 5505
116.238.194.18 - - [10/Sep/2021:10:04:55 +0800] "GET /xingrg/kc/buy/cgsh_order_operate.html?command=get_materiel&rest_code=00150&code=00101009039&supplier_code=00100424&order_time=2021-09-10 HTTP/1.1" 200 408
58.37.227.186 - - [10/Sep/2021:10:04:56 +0800] "GET /xingrg/check_reg.html?_=1631239370352 HTTP/1.1" 200 22
58.37.227.186 - - [10/Sep/2021:10:04:56 +0800] "GET /xingrg/all/function/internal_message.html?_=1631239370353&CODE_STATE=getMsg HTTP/1.1" 200 27
116.232.52.204 - - [10/Sep/2021:10:04:57 +0800] "GET /xingrg/all/function/internal_message.html?_=1631239497732&CODE_STATE=getMsg HTTP/1.1" 200 27
116.238.168.124 - - [10/Sep/2021:10:04:57 +0800] "GET /xingrg/all/function/internal_message.html?_=1631239475495&CODE_STATE=getMsg HTTP/1.1" 200 27
222.70.179.190 - - [10/Sep/2021:10:05:09 +0800] "GET /xingrg/all/function/internal_message.html?_=1631239504758&CODE_STATE=getMsg HTTP/1.1" 200 27
101.83.145.79 - - [10/Sep/2021:10:05:09 +0800] "GET /xingrg/all/function/internal_message.html?_=1631239508778&CODE_STATE=getMsg HTTP/1.1" 200 27
101.85.93.96 - - [10/Sep/2021:10:05:13 +0800] "GET /xingrg/check_reg.html?_=1631239436941 HTTP/1.1" 200 22
101.85.93.96 - - [10/Sep/2021:10:05:13 +0800] "GET /xingrg/all/function/internal_message.html?_=1631239436944&CODE_STATE=getMsg HTTP/1.1" 200 27
222.69.131.204 - - [10/Sep/2021:10:05:13 +0800] "GET /xingrg/all/function/internal_message.html?_=1631239511466&CODE_STATE=getMsg HTTP/1.1" 200 27
116.238.194.18 - - [10/Sep/2021:10:05:14 +0800] "POST /xingrg/kc/buy/cgsh_order_operate.html HTTP/1.1" 200 37
116.238.194.18 - - [10/Sep/2021:10:05:15 +0800] "POST /xingrg/kc/buy/cgsh_order_operate.html HTTP/1.1" 200 41738
180.157.254.90 - - [10/Sep/2021:10:05:20 +0800] "GET /xingrg/all/function/internal_message.html?_=1631239521022&CODE_STATE=getMsg HTTP/1.1" 200 27
116.238.194.18 - - [10/Sep/2021:10:05:34 +0800] "GET /xingrg/kc/buy/cgsh_order_operate.html?command=get_materiel&rest_code=00150&code=00101009044&supplier_code=00100424&order_time=2021-09-10 HTTP/1.1" 200 412
58.40.7.146 - - [10/Sep/2021:10:05:35 +0800] "GET /xingrg/check_reg.html?_=1631239534484 HTTP/1.1" 302 -
116.230.105.26 - - [10/Sep/2021:10:05:36 +0800] "GET /xingrg/all/function/internal_message.html?_=1631239473583&CODE_STATE=getMsg HTTP/1.1" 200 27
116.238.194.18 - - [10/Sep/2021:10:05:41 +0800] "GET /xingrg/all/function/internal_message.html?_=1631239513968&CODE_STATE=getMsg HTTP/1.1" 200 27
116.238.194.18 - - [10/Sep/2021:10:05:41 +0800] "GET /xingrg/kc/buy/cgsh_order_operate.html?command=get_materiel&rest_code=00150&code=00101009066&supplier_code=00100424&order_time=2021-09-10 HTTP/1.1" 200 416
116.237.74.154 - - [10/Sep/2021:10:05:42 +0800] "GET /xingrg/all/function/internal_message.html?_=1631239536228&CODE_STATE=getMsg HTTP/1.1" 200 27
222.70.179.190 - - [10/Sep/2021:10:05:43 +0800] "GET /xingrg/kc/buy/cgsh_order_operate.html?command=get_materiel&rest_code=00111&code=00101011005&supplier_code=00100037&order_time=2021-09-10 HTTP/1.1" 200 428
116.238.194.18 - - [10/Sep/2021:10:05:46 +0800] "GET /xingrg/all/function/internal_message.html?_=1631239545395&CODE_STATE=getMsg HTTP/1.1" 200 27
116.238.194.18 - - [10/Sep/2021:10:05:54 +0800] "GET /xingrg/kc/buy/cgsh_order_operate.html?command=get_materiel&rest_code=00150&code=00101009015&supplier_code=00100424&order_time=2021-09-10 HTTP/1.1" 200 416
58.37.227.186 - - [10/Sep/2021:10:05:56 +0800] "GET /xingrg/all/function/internal_message.html?_=1631239430364&CODE_STATE=getMsg HTTP/1.1" 200 27
116.232.52.204 - - [10/Sep/2021:10:05:57 +0800] "GET /xingrg/all/function/internal_message.html?_=1631239557722&CODE_STATE=getMsg HTTP/1.1" 200 27
116.238.168.124 - - [10/Sep/2021:10:05:57 +0800] "GET /xingrg/all/function/internal_message.html?_=1631239535510&CODE_STATE=getMsg HTTP/1.1" 200 27
222.70.179.252 - - [10/Sep/2021:10:06:02 +0800] "POST /xingrg/services/DataTransmitService HTTP/1.1" 200 524
222.70.179.252 - - [10/Sep/2021:10:06:02 +0800] "POST /xingrg/services/DataTransmitService HTTP/1.1" 200 2415
222.70.179.252 - - [10/Sep/2021:10:06:03 +0800] "POST /xingrg/services/DataTransmitService HTTP/1.1" 200 143311
222.70.179.190 - - [10/Sep/2021:10:06:06 +0800] "GET /xingrg/kc/buy/cgsh_order_operate.html?command=get_materiel&rest_code=00111&code=00101007049&supplier_code=00100037&order_time=2021-09-10 HTTP/1.1" 200 409
116.238.194.18 - - [10/Sep/2021:10:06:09 +0800] "GET /xingrg/kc/buy/cgsh_order_operate.html?command=get_materiel&rest_code=00150&code=00101009013&supplier_code=00100424&order_time=2021-09-10 HTTP/1.1" 200 420
222.70.179.190 - - [10/Sep/2021:10:06:09 +0800] "GET /xingrg/all/function/internal_message.html?_=1631239564730&CODE_STATE=getMsg HTTP/1.1" 200 27
101.83.145.79 - - [10/Sep/2021:10:06:09 +0800] "GET /xingrg/all/function/internal_message.html?_=1631239568748&CODE_STATE=getMsg HTTP/1.1" 200 27
101.85.93.96 - - [10/Sep/2021:10:06:13 +0800] "GET /xingrg/all/function/internal_message.html?_=1631239496936&CODE_STATE=getMsg HTTP/1.1" 200 27
222.69.131.204 - - [10/Sep/2021:10:06:13 +0800] "GET /xingrg/all/function/internal_message.html?_=1631239571453&CODE_STATE=getMsg HTTP/1.1" 200 27
116.238.194.18 - - [10/Sep/2021:10:06:14 +0800] "POST /xingrg/kc/buy/cgsh_order_operate.html HTTP/1.1" 200 37
222.70.246.151 - - [10/Sep/2021:10:06:15 +0800] "GET /xingrg/login.html HTTP/1.1" 200 7641
222.70.246.151 - - [10/Sep/2021:10:06:15 +0800] "GET /xingrg/images/blue/jxLogo.png HTTP/1.1" 304 -
222.70.246.151 - - [10/Sep/2021:10:06:15 +0800] "GET /favicon.ico HTTP/1.1" 404 -
116.238.194.18 - - [10/Sep/2021:10:06:16 +0800] "POST /xingrg/kc/buy/cgsh_order_operate.html HTTP/1.1" 200 9202
222.70.246.151 - - [10/Sep/2021:10:06:17 +0800] "POST /xingrg/login.do HTTP/1.1" 302 -
222.70.246.151 - - [10/Sep/2021:10:06:17 +0800] "GET /xingrg/index.html?sysBaseUrl=http%3A%2F%2F180.169.147.146%3A18081%2Fxingrg%2F&costTime=46×tamp=1631239577406 HTTP/1.1" 200 17179
222.70.246.151 - - [10/Sep/2021:10:06:17 +0800] "GET /xingrg/javascript/jquery_easy_ui/themes/icon.css HTTP/1.1" 304 -
222.70.246.151 - - [10/Sep/2021:10:06:17 +0800] "GET /xingrg/css/form.css HTTP/1.1" 304 -
222.70.246.151 - - [10/Sep/2021:10:06:17 +0800] "GET /xingrg/javascript/jquery_easy_ui/themes/default/easyui.css HTTP/1.1" 304 -
222.70.246.151 - - [10/Sep/2021:10:06:17 +0800] "GET /xingrg/javascript/jquery-1.4.2.min.js HTTP/1.1" 304 -
222.70.246.151 - - [10/Sep/2021:10:06:17 +0800] "GET /xingrg/javascript/jquery_easy_ui/jquery.easyui.min.js HTTP/1.1" 304 -
222.70.246.151 - - [10/Sep/2021:10:06:17 +0800] "GET /xingrg/javascript/jquery.form.js HTTP/1.1" 304 -
222.70.246.151 - - [10/Sep/2021:10:06:17 +0800] "GET /xingrg/javascript/jquery_easy_ui/easyui-lang-zh_CN.js HTTP/1.1" 304 -
222.70.246.151 - - [10/Sep/2021:10:06:17 +0800] "GET /xingrg/javascript/jquery.timers.js HTTP/1.1" 304 -
222.70.246.151 - - [10/Sep/2021:10:06:17 +0800] "GET /xingrg/javascript/jquery.utils.js HTTP/1.1" 304 -
222.70.246.151 - - [10/Sep/2021:10:06:17 +0800] "GET /favicon.ico HTTP/1.1" 404 -
222.70.246.151 - - [10/Sep/2021:10:06:17 +0800] "GET /xingrg/images/blue/navBackgound.jpg HTTP/1.1" 304 -
222.70.246.151 - - [10/Sep/2021:10:06:17 +0800] "POST /xingrg/all/common/load_tree.html?tree=area_rest_tree_json&manage=1 HTTP/1.1" 200 479
222.70.246.151 - - [10/Sep/2021:10:06:17 +0800] "GET /xingrg/images/blue/pingpu.png HTTP/1.1" 304 -
222.70.246.151 - - [10/Sep/2021:10:06:17 +0800] "GET /xingrg/javascript/jquery_easy_ui/themes/default/images/tabs_leftarrow.png HTTP/1.1" 304 -
222.70.246.151 - - [10/Sep/2021:10:06:17 +0800] "GET /xingrg/javascript/jquery_easy_ui/themes/default/images/tabs_rightarrow.png HTTP/1.1" 304 -
222.70.246.151 - - [10/Sep/2021:10:06:17 +0800] "GET /xingrg/javascript/jquery_easy_ui/themes/default/images/panel_tool_collapse.gif HTTP/1.1" 304 -
116.238.194.18 - - [10/Sep/2021:10:06:17 +0800] "GET /xingrg/kc/buy/cgsh_order_list.html HTTP/1.1" 200 47694
222.70.246.151 - - [10/Sep/2021:10:06:17 +0800] "GET /xingrg/all/function/internal_message.html?_=1631239594363&CODE_STATE=count HTTP/1.1" 200 11
222.70.246.151 - - [10/Sep/2021:10:06:17 +0800] "GET /xingrg/check_reg.html?_=1631239594363 HTTP/1.1" 200 22
222.70.246.151 - - [10/Sep/2021:10:06:17 +0800] "POST /xingrg/load_menu.html HTTP/1.1" 200 5138
58.37.227.186 - - [10/Sep/2021:10:06:18 +0800] "POST /xingrg/kc/buy/cgsh_list_operate.html HTTP/1.1" 200 5526
116.238.194.18 - - [10/Sep/2021:10:06:19 +0800] "POST /xingrg/kc/buy/cgsh_list_operate.html HTTP/1.1" 200 2070
180.157.254.90 - - [10/Sep/2021:10:06:20 +0800] "GET /xingrg/all/function/internal_message.html?_=1631239581035&CODE_STATE=getMsg HTTP/1.1" 200 27
222.70.246.151 - - [10/Sep/2021:10:06:22 +0800] "GET /xingrg/kc/base/yddb_order_list.html HTTP/1.1" 200 16836
222.70.246.151 - - [10/Sep/2021:10:06:22 +0800] "GET /xingrg/css/base.css HTTP/1.1" 304 -
222.70.246.151 - - [10/Sep/2021:10:06:22 +0800] "GET /xingrg/css/site.css HTTP/1.1" 304 -
222.70.246.151 - - [10/Sep/2021:10:06:22 +0800] "GET /xingrg/javascript/jquery_tools/datebox.css HTTP/1.1" 304 -
222.70.246.151 - - [10/Sep/2021:10:06:22 +0800] "GET /xingrg/javascript/easyui/themes/default/easyui.css HTTP/1.1" 304 -
222.70.246.151 - - [10/Sep/2021:10:06:22 +0800] "GET /xingrg/javascript/easyui/themes/icon.css HTTP/1.1" 304 -
222.70.246.151 - - [10/Sep/2021:10:06:22 +0800] "GET /xingrg/javascript/jquery_tools/table.css HTTP/1.1" 304 -
222.70.246.151 - - [10/Sep/2021:10:06:22 +0800] "GET /xingrg/javascript/auto/jquery.autocomplete.css HTTP/1.1" 304 -
222.70.246.151 - - [10/Sep/2021:10:06:22 +0800] "GET /xingrg/javascript/jquery_tools/fix.css HTTP/1.1" 304 -
222.70.246.151 - - [10/Sep/2021:10:06:22 +0800] "GET /xingrg/javascript/jquery_tools/jquery.tools.min.js HTTP/1.1" 304 -
222.70.246.151 - - [10/Sep/2021:10:06:22 +0800] "GET /xingrg/javascript/jquery_tools/jquery.tools.extend.js HTTP/1.1" 304 -
222.70.246.151 - - [10/Sep/2021:10:06:22 +0800] "GET /xingrg/javascript/jquery_tools/jquery.tools.hotkey.js HTTP/1.1" 304 -
222.70.246.151 - - [10/Sep/2021:10:06:22 +0800] "GET /xingrg/javascript/jquery_tools/jquery.tools.table.js HTTP/1.1" 304 -
222.70.246.151 - - [10/Sep/2021:10:06:22 +0800] "GET /xingrg/javascript/jquery_tools/list_manager.js HTTP/1.1" 304 -
222.70.246.151 - - [10/Sep/2021:10:06:22 +0800] "GET /xingrg/javascript/auto/jquery.autocomplete.js HTTP/1.1" 304 -
222.70.246.151 - - [10/Sep/2021:10:06:22 +0800] "GET /xingrg/javascript/jquery.cookie.js HTTP/1.1" 304 -
222.70.246.151 - - [10/Sep/2021:10:06:22 +0800] "GET /xingrg/javascript/easyui/easyloader.js HTTP/1.1" 304 -
222.70.246.151 - - [10/Sep/2021:10:06:22 +0800] "GET /xingrg/javascript/print/LodopFuncs.js HTTP/1.1" 304 -
222.70.246.151 - - [10/Sep/2021:10:06:22 +0800] "GET /xingrg/javascript/easyui/plugins/jquery.parser.js HTTP/1.1" 304 -
222.70.246.151 - - [10/Sep/2021:10:06:22 +0800] "POST /xingrg/kc/base/yddb_list_operate.html HTTP/1.1" 200 636
116.238.194.18 - - [10/Sep/2021:10:06:27 +0800] "POST /xingrg/kc/buy/cgsh_list_operate.html HTTP/1.1" 200 565
222.70.246.151 - - [10/Sep/2021:10:06:28 +0800] "POST /xingrg/kc/base/yddb_list_operate.html HTTP/1.1" 200 4425
116.238.194.18 - - [10/Sep/2021:10:06:28 +0800] "GET /xingrg/kc/buy/cgsh_order_info.html?code=212021091004033 HTTP/1.1" 200 63371
116.238.194.18 - - [10/Sep/2021:10:06:29 +0800] "GET /xingrg/javascript/easyui/themes/default/validatebox.css HTTP/1.1" 404 1104
116.238.194.18 - - [10/Sep/2021:10:06:29 +0800] "POST /xingrg/kc/buy/cgsh_order_operate.html HTTP/1.1" 200 41738
222.70.179.190 - - [10/Sep/2021:10:06:30 +0800] "GET /xingrg/kc/buy/cgsh_order_operate.html?command=get_materiel&rest_code=00111&code=00101011001&supplier_code=00100037&order_time=2021-09-10 HTTP/1.1" 200 423
222.70.246.151 - - [10/Sep/2021:10:06:32 +0800] "GET /xingrg/javascript/jquery_tools/images/prev.gif HTTP/1.1" 404 1086
222.70.246.151 - - [10/Sep/2021:10:06:32 +0800] "GET /xingrg/javascript/jquery_tools/images/next.gif HTTP/1.1" 404 1086
222.70.246.151 - - [10/Sep/2021:10:06:35 +0800] "POST /xingrg/kc/base/yddb_list_operate.html HTTP/1.1" 200 373
116.230.105.26 - - [10/Sep/2021:10:06:36 +0800] "GET /xingrg/all/function/internal_message.html?_=1631239533593&CODE_STATE=getMsg HTTP/1.1" 200 27
222.70.246.151 - - [10/Sep/2021:10:06:40 +0800] "POST /xingrg/kc/base/yddb_list_operate.html HTTP/1.1" 200 404
116.238.194.18 - - [10/Sep/2021:10:06:41 +0800] "GET /xingrg/all/function/internal_message.html?_=1631239573981&CODE_STATE=getMsg HTTP/1.1" 200 27
222.70.179.190 - - [10/Sep/2021:10:06:41 +0800] "GET /xingrg/kc/buy/cgsh_order_operate.html?command=get_materiel&rest_code=00111&code=00101008304&supplier_code=00100037&order_time=2021-09-10 HTTP/1.1" 200 412
116.237.74.154 - - [10/Sep/2021:10:06:42 +0800] "GET /xingrg/all/function/internal_message.html?_=1631239596209&CODE_STATE=getMsg HTTP/1.1" 200 27
222.70.246.151 - - [10/Sep/2021:10:06:44 +0800] "GET /xingrg/css/blue.css HTTP/1.1" 304 -
222.70.246.151 - - [10/Sep/2021:10:06:44 +0800] "GET /xingrg/javascript/pic_change.js HTTP/1.1" 304 -
222.70.246.151 - - [10/Sep/2021:10:06:44 +0800] "GET /xingrg/dwr/util.js HTTP/1.1" 304 -
222.70.246.151 - - [10/Sep/2021:10:06:44 +0800] "GET /xingrg/javascript/Calendar.js HTTP/1.1" 304 -
222.70.246.151 - - [10/Sep/2021:10:06:44 +0800] "GET /xingrg/javascript/myfunction.js HTTP/1.1" 304 -
222.70.246.151 - - [10/Sep/2021:10:06:44 +0800] "GET /xingrg/javascript/checkform.js HTTP/1.1" 304 -
222.70.246.151 - - [10/Sep/2021:10:06:44 +0800] "GET /xingrg/dwr/interface/AjaxYddbService.js HTTP/1.1" 200 13201
222.70.246.151 - - [10/Sep/2021:10:06:44 +0800] "GET /xingrg/javascript/Grid.js HTTP/1.1" 304 -
222.70.246.151 - - [10/Sep/2021:10:06:44 +0800] "GET /xingrg/javascript/AjaxInfoList.js HTTP/1.1" 304 -
222.70.246.151 - - [10/Sep/2021:10:06:44 +0800] "GET /xingrg/javascript/ToolTips.js HTTP/1.1" 304 -
222.70.246.151 - - [10/Sep/2021:10:06:44 +0800] "GET /xingrg/kc/base/yddb_order_info.html?code=482021090800109 HTTP/1.1" 200 31674
222.70.246.151 - - [10/Sep/2021:10:06:44 +0800] "GET /xingrg/dwr/interface/AjaxComOrderService.js HTTP/1.1" 200 18264
222.70.246.151 - - [10/Sep/2021:10:06:44 +0800] "GET /xingrg/dwr/engine.js HTTP/1.1" 200 43631
222.70.246.151 - - [10/Sep/2021:10:06:44 +0800] "POST /xingrg/dwr/call/plaincall/AjaxYddbService.loadMaterielItems.dwr HTTP/1.1" 200 1135
116.238.194.18 - - [10/Sep/2021:10:06:46 +0800] "GET /xingrg/check_reg.html?_=1631239605397 HTTP/1.1" 200 22
116.238.194.18 - - [10/Sep/2021:10:06:46 +0800] "GET /xingrg/all/function/internal_message.html?_=1631239605399&CODE_STATE=getMsg HTTP/1.1" 200 27
222.70.179.190 - - [10/Sep/2021:10:06:48 +0800] "GET /xingrg/kc/buy/cgsh_order_operate.html?command=get_materiel&rest_code=00111&code=00101016030&supplier_code=00100037&order_time=2021-09-10 HTTP/1.1" 200 412
58.37.227.186 - - [10/Sep/2021:10:06:56 +0800] "GET /xingrg/all/function/internal_message.html?_=1631239490359&CODE_STATE=getMsg HTTP/1.1" 200 27
116.232.52.204 - - [10/Sep/2021:10:06:57 +0800] "GET /xingrg/all/function/internal_message.html?_=1631239617734&CODE_STATE=getMsg HTTP/1.1" 200 27
116.238.168.124 - - [10/Sep/2021:10:06:59 +0800] "GET /xingrg/all/function/internal_message.html?_=1631239597288&CODE_STATE=getMsg HTTP/1.1" 200 27
222.70.179.190 - - [10/Sep/2021:10:06:59 +0800] "GET /xingrg/kc/buy/cgsh_order_operate.html?command=get_materiel&rest_code=00111&code=00101009007&supplier_code=00100037&order_time=2021-09-10 HTTP/1.1" 200 410
222.70.179.190 - - [10/Sep/2021:10:07:06 +0800] "GET /xingrg/check_reg.html?_=1631239622114 HTTP/1.1" 200 22
222.70.179.190 - - [10/Sep/2021:10:07:09 +0800] "GET /xingrg/all/function/internal_message.html?_=1631239624707&CODE_STATE=getMsg HTTP/1.1" 200 27
101.83.145.79 - - [10/Sep/2021:10:07:09 +0800] "GET /xingrg/all/function/internal_message.html?_=1631239628724&CODE_STATE=getMsg HTTP/1.1" 200 27
222.69.131.204 - - [10/Sep/2021:10:07:13 +0800] "GET /xingrg/check_reg.html?_=1631239631082 HTTP/1.1" 200 22
101.85.93.96 - - [10/Sep/2021:10:07:13 +0800] "GET /xingrg/all/function/internal_message.html?_=1631239556936&CODE_STATE=getMsg HTTP/1.1" 200 27
222.69.131.204 - - [10/Sep/2021:10:07:13 +0800] "GET /xingrg/all/function/internal_message.html?_=1631239631431&CODE_STATE=getMsg HTTP/1.1" 200 27
222.70.246.151 - - [10/Sep/2021:10:07:17 +0800] "GET /xingrg/all/function/internal_message.html?_=1631239654374&CODE_STATE=getMsg HTTP/1.1" 200 27
180.157.254.90 - - [10/Sep/2021:10:07:20 +0800] "GET /xingrg/all/function/internal_message.html?_=1631239641034&CODE_STATE=getMsg HTTP/1.1" 200 27
58.37.227.186 - - [10/Sep/2021:10:07:23 +0800] "POST /xingrg/services/DataTransmitService HTTP/1.1" 200 524
58.37.227.186 - - [10/Sep/2021:10:07:25 +0800] "POST /xingrg/services/DataTransmitService HTTP/1.1" 200 501
58.37.227.186 - - [10/Sep/2021:10:07:26 +0800] "POST /xingrg/services/DataTransmitService HTTP/1.1" 200 524
116.230.105.26 - - [10/Sep/2021:10:07:36 +0800] "GET /xingrg/all/function/internal_message.html?_=1631239593585&CODE_STATE=getMsg HTTP/1.1" 200 27
58.37.227.186 - - [10/Sep/2021:10:07:39 +0800] "POST /xingrg/services/DataTransmitService HTTP/1.1" 200 501
58.37.227.186 - - [10/Sep/2021:10:07:39 +0800] "POST /xingrg/services/DataTransmitService HTTP/1.1" 200 501
116.238.194.18 - - [10/Sep/2021:10:07:41 +0800] "GET /xingrg/all/function/internal_message.html?_=1631239633999&CODE_STATE=getMsg HTTP/1.1" 200 27
58.37.227.186 - - [10/Sep/2021:10:07:41 +0800] "POST /xingrg/services/DataTransmitService HTTP/1.1" 200 501
116.237.74.154 - - [10/Sep/2021:10:07:42 +0800] "GET /xingrg/all/function/internal_message.html?_=1631239656197&CODE_STATE=getMsg HTTP/1.1" 200 27
58.37.227.186 - - [10/Sep/2021:10:07:43 +0800] "POST /xingrg/services/DataTransmitService HTTP/1.1" 200 501
58.37.227.186 - - [10/Sep/2021:10:07:44 +0800] "POST /xingrg/services/DataTransmitService HTTP/1.1" 200 501
58.37.227.186 - - [10/Sep/2021:10:07:44 +0800] "POST /xingrg/services/DataTransmitService HTTP/1.1" 200 501
58.37.227.186 - - [10/Sep/2021:10:07:44 +0800] "POST /xingrg/services/DataTransmitService HTTP/1.1" 200 501
58.37.227.186 - - [10/Sep/2021:10:07:45 +0800] "POST /xingrg/services/DataTransmitService HTTP/1.1" 200 501
58.37.227.186 - - [10/Sep/2021:10:07:45 +0800] "POST /xingrg/services/DataTransmitService HTTP/1.1" 200 501
116.238.168.124 - - [10/Sep/2021:10:07:46 +0800] "GET /xingrg/check_reg.html?_=1631239644404 HTTP/1.1" 200 22
116.238.194.18 - - [10/Sep/2021:10:07:46 +0800] "GET /xingrg/all/function/internal_message.html?_=1631239665445&CODE_STATE=getMsg HTTP/1.1" 200 27
58.37.227.186 - - [10/Sep/2021:10:07:47 +0800] "POST /xingrg/services/DataTransmitService HTTP/1.1" 200 412
116.238.194.18 - - [10/Sep/2021:10:07:48 +0800] "POST /xingrg/kc/buy/cgsh_list_operate.html HTTP/1.1" 200 2070
58.37.227.186 - - [10/Sep/2021:10:07:56 +0800] "GET /xingrg/all/function/internal_message.html?_=1631239550347&CODE_STATE=getMsg HTTP/1.1" 200 27
116.232.52.204 - - [10/Sep/2021:10:07:57 +0800] "GET /xingrg/all/function/internal_message.html?_=1631239677738&CODE_STATE=getMsg HTTP/1.1" 200 27
116.238.168.124 - - [10/Sep/2021:10:07:59 +0800] "GET /xingrg/all/function/internal_message.html?_=1631239657301&CODE_STATE=getMsg HTTP/1.1" 200 27
116.238.194.18 - - [10/Sep/2021:10:08:00 +0800] "POST /xingrg/kc/buy/cgsh_order_operate.html HTTP/1.1" 200 37
116.238.194.18 - - [10/Sep/2021:10:08:01 +0800] "POST /xingrg/kc/buy/cgsh_order_operate.html HTTP/1.1" 200 41738
58.221.95.50 - - [10/Sep/2021:10:08:03 +0800] "GET /xingrg/check_reg.html?_=1631239682905 HTTP/1.1" 302 -
222.70.179.190 - - [10/Sep/2021:10:08:09 +0800] "GET /xingrg/all/function/internal_message.html?_=1631239684689&CODE_STATE=getMsg HTTP/1.1" 200 27
101.83.145.79 - - [10/Sep/2021:10:08:09 +0800] "GET /xingrg/all/function/internal_message.html?_=1631239688696&CODE_STATE=getMsg HTTP/1.1" 200 27
101.83.145.79 - - [10/Sep/2021:10:08:09 +0800] "GET /xingrg/check_reg.html?_=1631239688996 HTTP/1.1" 200 22
101.85.93.96 - - [10/Sep/2021:10:08:13 +0800] "GET /xingrg/all/function/internal_message.html?_=1631239616936&CODE_STATE=getMsg HTTP/1.1" 200 27
116.238.194.18 - - [10/Sep/2021:10:08:13 +0800] "GET /xingrg/javascript/jquery_easy_ui/themes/default/easyui.css HTTP/1.1" 304 -
116.238.194.18 - - [10/Sep/2021:10:08:13 +0800] "GET /xingrg/index.html?sysBaseUrl=http%3A%2F%2F180.169.147.146%3A18081%2Fxingrg%2F&costTime=40×tamp=1631184791313 HTTP/1.1" 200 17179
116.238.194.18 - - [10/Sep/2021:10:08:13 +0800] "GET /xingrg/javascript/jquery_easy_ui/themes/icon.css HTTP/1.1" 304 -
116.238.194.18 - - [10/Sep/2021:10:08:13 +0800] "GET /xingrg/css/form.css HTTP/1.1" 304 -
116.238.194.18 - - [10/Sep/2021:10:08:13 +0800] "GET /xingrg/javascript/jquery-1.4.2.min.js HTTP/1.1" 304 -
116.238.194.18 - - [10/Sep/2021:10:08:13 +0800] "GET /xingrg/javascript/jquery_easy_ui/jquery.easyui.min.js HTTP/1.1" 304 -
116.238.194.18 - - [10/Sep/2021:10:08:13 +0800] "GET /xingrg/javascript/jquery_easy_ui/easyui-lang-zh_CN.js HTTP/1.1" 304 -
222.69.131.204 - - [10/Sep/2021:10:08:13 +0800] "GET /xingrg/all/function/internal_message.html?_=1631239691417&CODE_STATE=getMsg HTTP/1.1" 200 27
116.238.194.18 - - [10/Sep/2021:10:08:13 +0800] "GET /xingrg/javascript/jquery.form.js HTTP/1.1" 304 -
116.238.194.18 - - [10/Sep/2021:10:08:13 +0800] "GET /xingrg/javascript/jquery.utils.js HTTP/1.1" 304 -
116.238.194.18 - - [10/Sep/2021:10:08:13 +0800] "GET /xingrg/javascript/jquery.timers.js HTTP/1.1" 304 -
116.238.194.18 - - [10/Sep/2021:10:08:13 +0800] "GET /xingrg/images/blue/jxLogo.png HTTP/1.1" 304 -
116.238.194.18 - - [10/Sep/2021:10:08:13 +0800] "GET /xingrg/javascript/jquery_easy_ui/themes/icons/settle_new.png HTTP/1.1" 304 -
116.238.194.18 - - [10/Sep/2021:10:08:13 +0800] "GET /xingrg/images/blue/navBackgound.jpg HTTP/1.1" 304 -
116.238.194.18 - - [10/Sep/2021:10:08:14 +0800] "POST /xingrg/all/common/load_tree.html?tree=area_rest_tree_json&manage=1 HTTP/1.1" 200 476
116.238.194.18 - - [10/Sep/2021:10:08:14 +0800] "GET /xingrg/all/function/internal_message.html?_=1631239692817&CODE_STATE=count HTTP/1.1" 200 11
116.238.194.18 - - [10/Sep/2021:10:08:14 +0800] "GET /xingrg/check_reg.html?_=1631239692817 HTTP/1.1" 200 22
116.238.194.18 - - [10/Sep/2021:10:08:14 +0800] "GET /xingrg/images/blue/pingpu.png HTTP/1.1" 304 -
116.238.194.18 - - [10/Sep/2021:10:08:14 +0800] "GET /xingrg/javascript/jquery_easy_ui/themes/default/images/tabs_rightarrow.png HTTP/1.1" 304 -
116.238.194.18 - - [10/Sep/2021:10:08:14 +0800] "GET /xingrg/javascript/jquery_easy_ui/themes/default/images/tabs_leftarrow.png HTTP/1.1" 304 -
116.238.194.18 - - [10/Sep/2021:10:08:14 +0800] "GET /xingrg/javascript/jquery_easy_ui/themes/default/images/panel_tool_collapse.gif HTTP/1.1" 304 -
116.238.194.18 - - [10/Sep/2021:10:08:14 +0800] "POST /xingrg/load_menu.html HTTP/1.1" 200 5138
116.238.194.18 - - [10/Sep/2021:10:08:16 +0800] "GET /xingrg/kc/buy/cgsh_order_list.html HTTP/1.1" 200 47694
222.70.246.151 - - [10/Sep/2021:10:08:17 +0800] "GET /xingrg/all/function/internal_message.html?_=1631239714385&CODE_STATE=getMsg HTTP/1.1" 200 27
116.238.194.18 - - [10/Sep/2021:10:08:17 +0800] "POST /xingrg/kc/buy/cgsh_list_operate.html HTTP/1.1" 200 2070
116.238.194.18 - - [10/Sep/2021:10:08:19 +0800] "POST /xingrg/kc/buy/cgsh_list_operate.html HTTP/1.1" 200 565
116.238.194.18 - - [10/Sep/2021:10:08:20 +0800] "GET /xingrg/kc/buy/cgsh_order_info.html?code=212021091004033 HTTP/1.1" 200 63371
180.157.254.90 - - [10/Sep/2021:10:08:20 +0800] "GET /xingrg/check_reg.html?_=1631239701033 HTTP/1.1" 200 22
180.157.254.90 - - [10/Sep/2021:10:08:20 +0800] "GET /xingrg/all/function/internal_message.html?_=1631239701035&CODE_STATE=getMsg HTTP/1.1" 200 27
116.238.194.18 - - [10/Sep/2021:10:08:20 +0800] "GET /xingrg/javascript/easyui/themes/default/validatebox.css HTTP/1.1" 404 1104
116.238.194.18 - - [10/Sep/2021:10:08:21 +0800] "POST /xingrg/kc/buy/cgsh_order_operate.html HTTP/1.1" 200 41738
116.230.105.26 - - [10/Sep/2021:10:08:36 +0800] "GET /xingrg/all/function/internal_message.html?_=1631239653591&CODE_STATE=getMsg HTTP/1.1" 200 27
116.230.105.26 - - [10/Sep/2021:10:08:36 +0800] "GET /xingrg/check_reg.html?_=1631239653593 HTTP/1.1" 200 22
116.238.194.18 - - [10/Sep/2021:10:08:40 +0800] "GET /xingrg/kc/mdqp/qqps_order_list.html HTTP/1.1" 200 9642
116.238.194.18 - - [10/Sep/2021:10:08:40 +0800] "GET /xingrg/dwr/util.js HTTP/1.1" 304 -
116.238.194.18 - - [10/Sep/2021:10:08:40 +0800] "GET /xingrg/javascript/myfunction.js HTTP/1.1" 304 -
116.238.194.18 - - [10/Sep/2021:10:08:40 +0800] "GET /xingrg/javascript/Calendar.js HTTP/1.1" 304 -
116.238.194.18 - - [10/Sep/2021:10:08:40 +0800] "GET /xingrg/javascript/ToolTips.js HTTP/1.1" 304 -
116.238.194.18 - - [10/Sep/2021:10:08:40 +0800] "GET /xingrg/dwr/interface/AjaxReportQueryService.js HTTP/1.1" 200 13203
116.238.194.18 - - [10/Sep/2021:10:08:40 +0800] "GET /xingrg/dwr/interface/AjaxQqpsService.js HTTP/1.1" 200 16326
116.238.194.18 - - [10/Sep/2021:10:08:40 +0800] "GET /xingrg/dwr/engine.js HTTP/1.1" 200 43631
116.238.194.18 - - [10/Sep/2021:10:08:40 +0800] "GET /xingrg/javascript/jquery_easy_ui/themes/icons/edit_add_new.png HTTP/1.1" 304 -
116.238.194.18 - - [10/Sep/2021:10:08:40 +0800] "GET /xingrg/javascript/jquery_easy_ui/themes/icons/uncheck_new.png HTTP/1.1" 304 -
116.238.194.18 - - [10/Sep/2021:10:08:40 +0800] "GET /xingrg/javascript/jquery_easy_ui/themes/icons/cance_new.png HTTP/1.1" 304 -
116.238.194.18 - - [10/Sep/2021:10:08:41 +0800] "GET /xingrg/check_reg.html?_=1631239693948 HTTP/1.1" 200 22
116.238.194.18 - - [10/Sep/2021:10:08:41 +0800] "GET /xingrg/all/function/internal_message.html?_=1631239694008&CODE_STATE=getMsg HTTP/1.1" 200 27
116.237.74.154 - - [10/Sep/2021:10:08:42 +0800] "GET /xingrg/all/function/internal_message.html?_=1631239716172&CODE_STATE=getMsg HTTP/1.1" 200 27
116.238.194.18 - - [10/Sep/2021:10:08:48 +0800] "GET /xingrg/javascript/tools/jquery.qtip-1.0.0-rc3.min.js HTTP/1.1" 304 -
116.238.194.18 - - [10/Sep/2021:10:08:48 +0800] "GET /xingrg/javascript/AjaxInfoList.js HTTP/1.1" 304 -
116.238.194.18 - - [10/Sep/2021:10:08:48 +0800] "GET /xingrg/javascript/Grid.js HTTP/1.1" 304 -
116.238.194.18 - - [10/Sep/2021:10:08:48 +0800] "GET /xingrg/dwr/interface/AjaxComOrderService.js HTTP/1.1" 200 18264
116.238.194.18 - - [10/Sep/2021:10:08:48 +0800] "GET /xingrg/dwr/interface/AjaxQqpsService.js HTTP/1.1" 200 16326
116.238.194.18 - - [10/Sep/2021:10:08:48 +0800] "GET /xingrg/dwr/engine.js HTTP/1.1" 200 43631
116.238.194.18 - - [10/Sep/2021:10:08:48 +0800] "GET /xingrg/kc/mdqp/qqps_order_info.html?code=302021091000195 HTTP/1.1" 200 28160
116.238.194.18 - - [10/Sep/2021:10:08:48 +0800] "GET /xingrg/javascript/jquery_easy_ui/themes/icons/template_new.png HTTP/1.1" 304 -
116.238.194.18 - - [10/Sep/2021:10:08:48 +0800] "GET /xingrg/javascript/jquery_easy_ui/themes/icons/copy_new.png HTTP/1.1" 304 -
116.238.194.18 - - [10/Sep/2021:10:08:48 +0800] "GET /xingrg/javascript/jquery_easy_ui/themes/icons/print.png HTTP/1.1" 304 -
116.238.194.18 - - [10/Sep/2021:10:08:48 +0800] "GET /xingrg/javascript/jquery_easy_ui/themes/icons/back_new.png HTTP/1.1" 304 -
116.238.194.18 - - [10/Sep/2021:10:08:48 +0800] "GET /xingrg/javascript/jquery_easy_ui/themes/default/images/menu_downarrow.png HTTP/1.1" 304 -
116.238.194.18 - - [10/Sep/2021:10:08:48 +0800] "GET /xingrg/javascript/jquery_easy_ui/themes/default/images/combo_arrow_dot.gif HTTP/1.1" 304 -
116.238.194.18 - - [10/Sep/2021:10:08:48 +0800] "GET /xingrg/images/blue/button/kc_tab_add.gif HTTP/1.1" 304 -
116.238.194.18 - - [10/Sep/2021:10:08:48 +0800] "GET /xingrg/images/blue/button/kc_tab_save.gif HTTP/1.1" 304 -
116.238.194.18 - - [10/Sep/2021:10:08:48 +0800] "GET /xingrg/images/blue/button/kc_tab_edit.gif HTTP/1.1" 304 -
116.238.194.18 - - [10/Sep/2021:10:08:48 +0800] "GET /xingrg/images/blue/button/kc_tab_del.gif HTTP/1.1" 304 -
116.238.194.18 - - [10/Sep/2021:10:08:48 +0800] "GET /xingrg/images/blue/kc_tab_left.gif HTTP/1.1" 304 -
116.238.194.18 - - [10/Sep/2021:10:08:48 +0800] "GET /xingrg/images/blue/kc_tab_right.gif HTTP/1.1" 304 -
116.238.194.18 - - [10/Sep/2021:10:08:48 +0800] "GET /xingrg/images/blue/kc_tab_mid.gif HTTP/1.1" 304 -
116.238.194.18 - - [10/Sep/2021:10:08:48 +0800] "GET /xingrg/images/blue/kc_tab2_right.gif HTTP/1.1" 304 -
116.238.194.18 - - [10/Sep/2021:10:08:48 +0800] "GET /xingrg/images/blue/kc_tab2_left.gif HTTP/1.1" 304 -
116.238.194.18 - - [10/Sep/2021:10:08:48 +0800] "GET /xingrg/images/blue/wait.gif HTTP/1.1" 304 -
116.238.194.18 - - [10/Sep/2021:10:08:49 +0800] "POST /xingrg/dwr/call/plaincall/AjaxQqpsService.loadMaterielItems.dwr HTTP/1.1" 200 362
116.238.194.18 - - [10/Sep/2021:10:08:50 +0800] "GET /xingrg/javascript/jquery_easy_ui/themes/default/images/button_plain_hover.png HTTP/1.1" 304 -
116.238.194.18 - - [10/Sep/2021:10:08:52 +0800] "GET /xingrg/dwr/interface/AjaxComOrderService.js HTTP/1.1" 200 18264
116.238.194.18 - - [10/Sep/2021:10:08:52 +0800] "GET /xingrg/dwr/interface/AjaxQqpsService.js HTTP/1.1" 200 16326
116.238.194.18 - - [10/Sep/2021:10:08:52 +0800] "GET /xingrg/kc/mdqp/qqps_order_add.html HTTP/1.1" 200 28002
116.238.194.18 - - [10/Sep/2021:10:08:52 +0800] "GET /xingrg/dwr/engine.js HTTP/1.1" 200 43631
58.37.227.186 - - [10/Sep/2021:10:08:56 +0800] "GET /xingrg/all/function/internal_message.html?_=1631239610388&CODE_STATE=getMsg HTTP/1.1" 200 27
116.237.74.154 - - [10/Sep/2021:10:08:56 +0800] "GET /xingrg/check_reg.html?_=1631239730416 HTTP/1.1" 200 22
116.232.52.204 - - [10/Sep/2021:10:08:57 +0800] "GET /xingrg/all/function/internal_message.html?_=1631239737743&CODE_STATE=getMsg HTTP/1.1" 200 27
116.232.52.204 - - [10/Sep/2021:10:08:57 +0800] "GET /xingrg/check_reg.html?_=1631239737744 HTTP/1.1" 200 22
116.238.168.124 - - [10/Sep/2021:10:08:59 +0800] "GET /xingrg/all/function/internal_message.html?_=1631239717315&CODE_STATE=getMsg HTTP/1.1" 200 27
116.238.194.18 - - [10/Sep/2021:10:09:00 +0800] "POST /xingrg/dwr/call/plaincall/AjaxQqpsService.saveOrder.dwr HTTP/1.1" 200 78
116.238.194.18 - - [10/Sep/2021:10:09:02 +0800] "GET /xingrg/javascript/auto/indicator.gif HTTP/1.1" 404 1066
116.238.194.18 - - [10/Sep/2021:10:09:04 +0800] "POST /xingrg/dwr/call/plaincall/AjaxQqpsService.getMaterielByCode.dwr HTTP/1.1" 200 3656
116.238.194.18 - - [10/Sep/2021:10:09:06 +0800] "POST /xingrg/dwr/call/plaincall/AjaxQqpsService.saveMaterielItem.dwr HTTP/1.1" 200 78
222.70.179.190 - - [10/Sep/2021:10:09:09 +0800] "GET /xingrg/all/function/internal_message.html?_=1631239744668&CODE_STATE=getMsg HTTP/1.1" 200 27
101.83.145.79 - - [10/Sep/2021:10:09:09 +0800] "GET /xingrg/all/function/internal_message.html?_=1631239748671&CODE_STATE=getMsg HTTP/1.1" 200 27
116.238.194.18 - - [10/Sep/2021:10:09:11 +0800] "POST /xingrg/dwr/call/plaincall/AjaxQqpsService.getMaterielByCode.dwr HTTP/1.1" 200 3630
101.85.93.96 - - [10/Sep/2021:10:09:13 +0800] "GET /xingrg/all/function/internal_message.html?_=1631239676934&CODE_STATE=getMsg HTTP/1.1" 200 27
222.69.131.204 - - [10/Sep/2021:10:09:13 +0800] "GET /xingrg/all/function/internal_message.html?_=1631239751403&CODE_STATE=getMsg HTTP/1.1" 200 27
116.238.194.18 - - [10/Sep/2021:10:09:14 +0800] "GET /xingrg/all/function/internal_message.html?_=1631239752823&CODE_STATE=getMsg HTTP/1.1" 200 27
222.70.246.151 - - [10/Sep/2021:10:09:17 +0800] "GET /xingrg/all/function/internal_message.html?_=1631239774398&CODE_STATE=getMsg HTTP/1.1" 200 27
180.157.254.90 - - [10/Sep/2021:10:09:20 +0800] "GET /xingrg/all/function/internal_message.html?_=1631239761035&CODE_STATE=getMsg HTTP/1.1" 200 27
116.238.194.18 - - [10/Sep/2021:10:09:27 +0800] "GET /xingrg/javascript/auto/indicator.gif HTTP/1.1" 404 1066
116.230.105.26 - - [10/Sep/2021:10:09:36 +0800] "GET /xingrg/all/function/internal_message.html?_=1631239713593&CODE_STATE=getMsg HTTP/1.1" 200 27
116.238.194.18 - - [10/Sep/2021:10:09:36 +0800] "GET /xingrg/kc/buy/cgsh_order_operate.html?command=get_materiel&rest_code=00150&code=00101008301&supplier_code=00100007&order_time=2021-09-10 HTTP/1.1" 200 422
116.238.194.18 - - [10/Sep/2021:10:09:41 +0800] "GET /xingrg/all/function/internal_message.html?_=1631239754023&CODE_STATE=getMsg HTTP/1.1" 200 27
116.237.74.154 - - [10/Sep/2021:10:09:42 +0800] "GET /xingrg/all/function/internal_message.html?_=1631239776147&CODE_STATE=getMsg HTTP/1.1" 200 27
