101.83.145.79 - - [10/Sep/2021:09:04:29 +0800] "GET /xingrg/kc/buy/cgsh_order_operate.html?command=get_materiel&rest_code=00105&code=00101008361&supplier_code=00100203&order_time=2021-09-10 HTTP/1.1" 200 408
116.238.194.18 - - [10/Sep/2021:09:04:31 +0800] "GET /xingrg/all/function/internal_message.html?_=1631235869784&CODE_STATE=getMsg HTTP/1.1" 200 27
116.238.194.18 - - [10/Sep/2021:09:04:31 +0800] "GET /xingrg/check_reg.html?_=1631235869785 HTTP/1.1" 200 22
116.238.168.124 - - [10/Sep/2021:09:04:36 +0800] "GET /xingrg/all/function/internal_message.html?_=1631235854140&CODE_STATE=getMsg HTTP/1.1" 200 27
116.238.194.18 - - [10/Sep/2021:09:04:36 +0800] "GET /xingrg/all/function/internal_message.html?_=1631235849224&CODE_STATE=getMsg HTTP/1.1" 200 27
116.230.105.26 - - [10/Sep/2021:09:04:36 +0800] "GET /xingrg/all/function/internal_message.html?_=1631235813591&CODE_STATE=getMsg HTTP/1.1" 200 27
101.83.145.79 - - [10/Sep/2021:09:04:38 +0800] "GET /xingrg/kc/buy/cgsh_order_operate.html?command=get_materiel&rest_code=00105&code=00101008144&supplier_code=00100203&order_time=2021-09-10 HTTP/1.1" 200 412
222.69.131.204 - - [10/Sep/2021:09:04:41 +0800] "GET /xingrg/check_reg.html?_=1631235879473 HTTP/1.1" 200 22
222.69.131.204 - - [10/Sep/2021:09:04:42 +0800] "GET /xingrg/all/function/internal_message.html?_=1631235879475&CODE_STATE=getMsg HTTP/1.1" 200 27
116.232.52.204 - - [10/Sep/2021:09:04:43 +0800] "GET /xingrg/javascript/jquery_tools/images/prev.gif HTTP/1.1" 404 1086
116.232.52.204 - - [10/Sep/2021:09:04:43 +0800] "GET /xingrg/javascript/jquery_tools/images/next.gif HTTP/1.1" 404 1086
116.237.74.154 - - [10/Sep/2021:09:04:43 +0800] "GET /xingrg/all/function/internal_message.html?_=1631235877752&CODE_STATE=getMsg HTTP/1.1" 200 27
120.253.135.82 - - [10/Sep/2021:09:04:45 +0800] "GET /xingrg/all/function/internal_message.html?_=1631235657913&CODE_STATE=getMsg HTTP/1.1" 200 27
172.20.0.100 - - [10/Sep/2021:09:04:45 +0800] "GET /xingrg/all/function/internal_message.html?_=1631235883824&CODE_STATE=getMsg HTTP/1.1" 200 27
172.20.0.100 - - [10/Sep/2021:09:04:45 +0800] "GET /xingrg/check_reg.html?_=1631235883826 HTTP/1.1" 200 22
101.83.145.79 - - [10/Sep/2021:09:04:47 +0800] "GET /xingrg/kc/buy/cgsh_order_operate.html?command=get_materiel&rest_code=00105&code=00101008067&supplier_code=00100203&order_time=2021-09-10 HTTP/1.1" 200 416
101.83.145.79 - - [10/Sep/2021:09:04:50 +0800] "POST /xingrg/kc/buy/cgsh_order_operate.html HTTP/1.1" 200 2065
101.83.145.79 - - [10/Sep/2021:09:04:51 +0800] "POST /xingrg/kc/buy/cgsh_order_operate.html HTTP/1.1" 200 2065
116.232.52.204 - - [10/Sep/2021:09:04:55 +0800] "GET /xingrg/kc/buy/cgsh_order_operate.html?command=get_materiel&rest_code=00109&code=00101008176&supplier_code=00100006&order_time=2021-09-10 HTTP/1.1" 200 412
116.232.52.204 - - [10/Sep/2021:09:04:57 +0800] "GET /xingrg/all/function/internal_message.html?_=1631235897591&CODE_STATE=getMsg HTTP/1.1" 200 27
101.83.145.79 - - [10/Sep/2021:09:05:01 +0800] "GET /xingrg/kc/buy/cgsh_order_operate.html?command=get_materiel&rest_code=00105&code=00101008201&supplier_code=00100203&order_time=2021-09-10 HTTP/1.1" 200 412
116.232.52.204 - - [10/Sep/2021:09:05:03 +0800] "GET /xingrg/kc/buy/cgsh_order_operate.html?command=get_materiel&rest_code=00109&code=00101008261&supplier_code=00100006&order_time=2021-09-10 HTTP/1.1" 200 408
222.69.131.204 - - [10/Sep/2021:09:05:07 +0800] "GET /xingrg/kc/buy/cgsh_order_operate.html?command=get_materiel&rest_code=00149&code=00101008198&supplier_code=00100005&order_time=2021-09-10 HTTP/1.1" 200 413
101.83.145.79 - - [10/Sep/2021:09:05:09 +0800] "GET /xingrg/all/function/internal_message.html?_=1631235909039&CODE_STATE=getMsg HTTP/1.1" 200 27
101.83.145.79 - - [10/Sep/2021:09:05:10 +0800] "GET /xingrg/kc/buy/cgsh_order_operate.html?command=get_materiel&rest_code=00105&code=00101008356&supplier_code=00100203&order_time=2021-09-10 HTTP/1.1" 200 408
222.70.179.190 - - [10/Sep/2021:09:05:11 +0800] "GET /xingrg/all/function/internal_message.html?_=1631235906687&CODE_STATE=getMsg HTTP/1.1" 200 27
120.253.135.82 - - [10/Sep/2021:09:05:13 +0800] "GET /xingrg/all/function/internal_message.html?_=1631235905689&CODE_STATE=getMsg HTTP/1.1" 200 27
222.69.131.204 - - [10/Sep/2021:09:05:16 +0800] "GET /xingrg/kc/buy/cgsh_order_operate.html?command=get_materiel&rest_code=00149&code=00101008101&supplier_code=00100005&order_time=2021-09-10 HTTP/1.1" 200 412
222.69.131.204 - - [10/Sep/2021:09:05:19 +0800] "POST /xingrg/kc/buy/cgsh_order_operate.html HTTP/1.1" 200 2065
180.157.254.90 - - [10/Sep/2021:09:05:20 +0800] "GET /xingrg/all/function/internal_message.html?_=1631235920920&CODE_STATE=getMsg HTTP/1.1" 200 27
101.83.145.79 - - [10/Sep/2021:09:05:20 +0800] "GET /xingrg/kc/buy/cgsh_order_operate.html?command=get_materiel&rest_code=00105&code=00101008301&supplier_code=00100203&order_time=2021-09-10 HTTP/1.1" 200 422
222.69.131.204 - - [10/Sep/2021:09:05:26 +0800] "GET /xingrg/kc/buy/cgsh_order_operate.html?command=get_materiel&rest_code=00149&code=00101008558&supplier_code=00100005&order_time=2021-09-10 HTTP/1.1" 200 395
116.238.194.18 - - [10/Sep/2021:09:05:31 +0800] "GET /xingrg/all/function/internal_message.html?_=1631235929790&CODE_STATE=getMsg HTTP/1.1" 200 27
116.238.194.18 - - [10/Sep/2021:09:05:34 +0800] "GET /xingrg/javascript/auto/indicator.gif HTTP/1.1" 404 1066
58.40.7.146 - - [10/Sep/2021:09:05:35 +0800] "GET /xingrg/check_reg.html?_=1631235934779 HTTP/1.1" 302 -
116.238.168.124 - - [10/Sep/2021:09:05:36 +0800] "GET /xingrg/all/function/internal_message.html?_=1631235914181&CODE_STATE=getMsg HTTP/1.1" 200 27
116.238.194.18 - - [10/Sep/2021:09:05:36 +0800] "GET /xingrg/all/function/internal_message.html?_=1631235909236&CODE_STATE=getMsg HTTP/1.1" 200 27
116.230.105.26 - - [10/Sep/2021:09:05:36 +0800] "GET /xingrg/all/function/internal_message.html?_=1631235873593&CODE_STATE=getMsg HTTP/1.1" 200 27
101.83.145.79 - - [10/Sep/2021:09:05:38 +0800] "GET /xingrg/kc/buy/cgsh_order_operate.html?command=get_materiel&rest_code=00105&code=00101008118&supplier_code=00100203&order_time=2021-09-10 HTTP/1.1" 200 418
222.69.131.204 - - [10/Sep/2021:09:05:42 +0800] "GET /xingrg/all/function/internal_message.html?_=1631235939487&CODE_STATE=getMsg HTTP/1.1" 200 27
116.237.74.154 - - [10/Sep/2021:09:05:43 +0800] "GET /xingrg/all/function/internal_message.html?_=1631235937721&CODE_STATE=getMsg HTTP/1.1" 200 27
116.238.194.18 - - [10/Sep/2021:09:05:44 +0800] "GET /xingrg/kc/buy/cgsh_order_operate.html?command=get_materiel&rest_code=00151&code=00101012060&supplier_code=00100007&order_time=2021-09-10 HTTP/1.1" 200 408
172.20.0.100 - - [10/Sep/2021:09:05:45 +0800] "GET /xingrg/all/function/internal_message.html?_=1631235943811&CODE_STATE=getMsg HTTP/1.1" 200 27
120.253.135.82 - - [10/Sep/2021:09:05:45 +0800] "GET /xingrg/all/function/internal_message.html?_=1631235718183&CODE_STATE=getMsg HTTP/1.1" 200 27
116.238.194.18 - - [10/Sep/2021:09:05:53 +0800] "GET /xingrg/kc/buy/cgsh_order_operate.html?command=get_materiel&rest_code=00151&code=00101008323&supplier_code=00100007&order_time=2021-09-10 HTTP/1.1" 200 408
222.69.131.204 - - [10/Sep/2021:09:05:57 +0800] "GET /xingrg/kc/buy/cgsh_order_operate.html?command=get_materiel&rest_code=00149&code=00101013175&supplier_code=00100005&order_time=2021-09-10 HTTP/1.1" 200 413
116.232.52.204 - - [10/Sep/2021:09:05:57 +0800] "GET /xingrg/all/function/internal_message.html?_=1631235957592&CODE_STATE=getMsg HTTP/1.1" 200 27
101.83.145.79 - - [10/Sep/2021:09:06:04 +0800] "GET /xingrg/kc/buy/cgsh_order_operate.html?command=get_materiel&rest_code=00105&code=00101007035&supplier_code=00100203&order_time=2021-09-10 HTTP/1.1" 200 408
222.69.131.204 - - [10/Sep/2021:09:06:07 +0800] "GET /xingrg/kc/buy/cgsh_order_operate.html?command=get_materiel&rest_code=00149&code=00101008312&supplier_code=00100005&order_time=2021-09-10 HTTP/1.1" 200 412
116.238.194.18 - - [10/Sep/2021:09:06:09 +0800] "GET /xingrg/kc/buy/cgsh_order_operate.html?command=get_materiel&rest_code=00151&code=00101008318&supplier_code=00100007&order_time=2021-09-10 HTTP/1.1" 200 408
101.83.145.79 - - [10/Sep/2021:09:06:09 +0800] "GET /xingrg/all/function/internal_message.html?_=1631235969037&CODE_STATE=getMsg HTTP/1.1" 200 27
222.70.179.190 - - [10/Sep/2021:09:06:11 +0800] "GET /xingrg/all/function/internal_message.html?_=1631235966687&CODE_STATE=getMsg HTTP/1.1" 200 27
120.253.135.82 - - [10/Sep/2021:09:06:13 +0800] "GET /xingrg/all/function/internal_message.html?_=1631235965720&CODE_STATE=getMsg HTTP/1.1" 200 27
101.83.145.79 - - [10/Sep/2021:09:06:15 +0800] "GET /xingrg/kc/buy/cgsh_order_operate.html?command=get_materiel&rest_code=00105&code=00101008137&supplier_code=00100203&order_time=2021-09-10 HTTP/1.1" 200 408
180.157.254.90 - - [10/Sep/2021:09:06:20 +0800] "GET /xingrg/all/function/internal_message.html?_=1631235980945&CODE_STATE=getMsg HTTP/1.1" 200 27
116.238.194.18 - - [10/Sep/2021:09:06:24 +0800] "GET /xingrg/kc/buy/cgsh_order_operate.html?command=get_materiel&rest_code=00151&code=00101016051&supplier_code=00100007&order_time=2021-09-10 HTTP/1.1" 200 408
101.83.145.79 - - [10/Sep/2021:09:06:25 +0800] "GET /xingrg/kc/buy/cgsh_order_operate.html?command=get_materiel&rest_code=00105&code=00101008357&supplier_code=00100203&order_time=2021-09-10 HTTP/1.1" 200 408
222.69.131.204 - - [10/Sep/2021:09:06:27 +0800] "GET /xingrg/kc/buy/cgsh_order_operate.html?command=get_materiel&rest_code=00149&code=00101008357&supplier_code=00100005&order_time=2021-09-10 HTTP/1.1" 200 408
120.253.135.82 - - [10/Sep/2021:09:06:27 +0800] "GET /xingrg/check_reg.html?_=1631235760328 HTTP/1.1" 200 22
116.238.194.18 - - [10/Sep/2021:09:06:31 +0800] "GET /xingrg/all/function/internal_message.html?_=1631235989789&CODE_STATE=getMsg HTTP/1.1" 200 27
116.238.194.18 - - [10/Sep/2021:09:06:32 +0800] "GET /xingrg/kc/buy/cgsh_order_operate.html?command=get_materiel&rest_code=00151&code=00101008349&supplier_code=00100007&order_time=2021-09-10 HTTP/1.1" 200 412
101.83.145.79 - - [10/Sep/2021:09:06:33 +0800] "GET /xingrg/kc/buy/cgsh_order_operate.html?command=get_materiel&rest_code=00105&code=00101008286&supplier_code=00100203&order_time=2021-09-10 HTTP/1.1" 200 408
222.69.131.204 - - [10/Sep/2021:09:06:33 +0800] "POST /xingrg/kc/buy/cgsh_order_operate.html HTTP/1.1" 200 2065
116.238.168.124 - - [10/Sep/2021:09:06:34 +0800] "GET /xingrg/check_reg.html?_=1631235972179 HTTP/1.1" 200 22
116.238.168.124 - - [10/Sep/2021:09:06:36 +0800] "GET /xingrg/all/function/internal_message.html?_=1631235974196&CODE_STATE=getMsg HTTP/1.1" 200 27
116.238.194.18 - - [10/Sep/2021:09:06:36 +0800] "GET /xingrg/all/function/internal_message.html?_=1631235969251&CODE_STATE=getMsg HTTP/1.1" 200 27
116.230.105.26 - - [10/Sep/2021:09:06:36 +0800] "GET /xingrg/all/function/internal_message.html?_=1631235933595&CODE_STATE=getMsg HTTP/1.1" 200 27
222.69.131.204 - - [10/Sep/2021:09:06:42 +0800] "GET /xingrg/all/function/internal_message.html?_=1631235999538&CODE_STATE=getMsg HTTP/1.1" 200 27
116.238.194.18 - - [10/Sep/2021:09:06:42 +0800] "GET /xingrg/kc/buy/cgsh_order_operate.html?command=get_materiel&rest_code=00151&code=00101008148&supplier_code=00100007&order_time=2021-09-10 HTTP/1.1" 200 416
101.83.145.79 - - [10/Sep/2021:09:06:43 +0800] "GET /xingrg/kc/buy/cgsh_order_operate.html?command=get_materiel&rest_code=00105&code=00101008131&supplier_code=00100203&order_time=2021-09-10 HTTP/1.1" 200 408
116.237.74.154 - - [10/Sep/2021:09:06:43 +0800] "GET /xingrg/all/function/internal_message.html?_=1631235997689&CODE_STATE=getMsg HTTP/1.1" 200 27
172.20.0.100 - - [10/Sep/2021:09:06:45 +0800] "GET /xingrg/all/function/internal_message.html?_=1631236003826&CODE_STATE=getMsg HTTP/1.1" 200 27
120.253.135.82 - - [10/Sep/2021:09:06:45 +0800] "GET /xingrg/all/function/internal_message.html?_=1631235778190&CODE_STATE=getMsg HTTP/1.1" 200 27
222.69.131.204 - - [10/Sep/2021:09:06:48 +0800] "GET /xingrg/kc/buy/cgsh_order_operate.html?command=get_materiel&rest_code=00149&code=00101008286&supplier_code=00100005&order_time=2021-09-10 HTTP/1.1" 200 408
116.238.194.18 - - [10/Sep/2021:09:06:48 +0800] "GET /xingrg/kc/buy/cgsh_order_operate.html?command=get_materiel&rest_code=00151&code=00101037149&supplier_code=00100007&order_time=2021-09-10 HTTP/1.1" 200 404
101.83.145.79 - - [10/Sep/2021:09:06:52 +0800] "GET /xingrg/kc/buy/cgsh_order_operate.html?command=get_materiel&rest_code=00105&code=00101008108&supplier_code=00100203&order_time=2021-09-10 HTTP/1.1" 200 412
120.253.135.82 - - [10/Sep/2021:09:06:56 +0800] "GET /xingrg/check_reg.html?_=1631236008015 HTTP/1.1" 200 22
116.232.52.204 - - [10/Sep/2021:09:06:57 +0800] "GET /xingrg/all/function/internal_message.html?_=1631236017605&CODE_STATE=getMsg HTTP/1.1" 200 27
101.83.145.79 - - [10/Sep/2021:09:07:02 +0800] "GET /xingrg/kc/buy/cgsh_order_operate.html?command=get_materiel&rest_code=00105&code=00101008353&supplier_code=00100203&order_time=2021-09-10 HTTP/1.1" 200 408
116.238.194.18 - - [10/Sep/2021:09:07:03 +0800] "GET /xingrg/kc/buy/cgsh_order_operate.html?command=get_materiel&rest_code=00151&code=00101008095&supplier_code=00100007&order_time=2021-09-10 HTTP/1.1" 200 412
101.83.145.79 - - [10/Sep/2021:09:07:04 +0800] "POST /xingrg/kc/buy/cgsh_order_operate.html HTTP/1.1" 200 2065
101.83.145.79 - - [10/Sep/2021:09:07:07 +0800] "POST /xingrg/kc/buy/cgsh_order_operate.html HTTP/1.1" 200 2065
116.238.194.18 - - [10/Sep/2021:09:07:09 +0800] "GET /xingrg/kc/buy/cgsh_order_operate.html?command=get_materiel&rest_code=00151&code=00101008221&supplier_code=00100007&order_time=2021-09-10 HTTP/1.1" 200 412
101.83.145.79 - - [10/Sep/2021:09:07:09 +0800] "GET /xingrg/all/function/internal_message.html?_=1631236028965&CODE_STATE=getMsg HTTP/1.1" 200 27
222.70.179.190 - - [10/Sep/2021:09:07:11 +0800] "GET /xingrg/all/function/internal_message.html?_=1631236026714&CODE_STATE=getMsg HTTP/1.1" 200 27
120.253.135.82 - - [10/Sep/2021:09:07:13 +0800] "GET /xingrg/all/function/internal_message.html?_=1631236025731&CODE_STATE=getMsg HTTP/1.1" 200 27
222.69.131.204 - - [10/Sep/2021:09:07:16 +0800] "GET /xingrg/kc/buy/cgsh_order_operate.html?command=get_materiel&rest_code=00149&code=00101008036&supplier_code=00100005&order_time=2021-09-10 HTTP/1.1" 200 408
101.83.145.79 - - [10/Sep/2021:09:07:16 +0800] "GET /xingrg/kc/buy/cgsh_order_operate.html?command=get_materiel&rest_code=00105&code=00101008213&supplier_code=00100203&order_time=2021-09-10 HTTP/1.1" 200 412
116.238.194.18 - - [10/Sep/2021:09:07:18 +0800] "GET /xingrg/kc/buy/cgsh_order_operate.html?command=get_materiel&rest_code=00151&code=00101008441&supplier_code=00100007&order_time=2021-09-10 HTTP/1.1" 200 406
180.157.254.90 - - [10/Sep/2021:09:07:20 +0800] "GET /xingrg/all/function/internal_message.html?_=1631236040944&CODE_STATE=getMsg HTTP/1.1" 200 27
116.238.194.18 - - [10/Sep/2021:09:07:26 +0800] "GET /xingrg/kc/buy/cgsh_order_operate.html?command=get_materiel&rest_code=00151&code=00101008150&supplier_code=00100007&order_time=2021-09-10 HTTP/1.1" 200 409
101.83.145.79 - - [10/Sep/2021:09:07:26 +0800] "GET /xingrg/kc/buy/cgsh_order_operate.html?command=get_materiel&rest_code=00105&code=00101008350&supplier_code=00100203&order_time=2021-09-10 HTTP/1.1" 200 408
222.69.131.204 - - [10/Sep/2021:09:07:26 +0800] "GET /xingrg/kc/buy/cgsh_order_operate.html?command=get_materiel&rest_code=00149&code=00101008131&supplier_code=00100005&order_time=2021-09-10 HTTP/1.1" 200 408
116.232.52.204 - - [10/Sep/2021:09:07:27 +0800] "GET /xingrg/kc/buy/cgsh_order_operate.html?command=get_materiel&rest_code=00109&code=00101008210&supplier_code=00100006&order_time=2021-09-10 HTTP/1.1" 200 408
222.69.131.204 - - [10/Sep/2021:09:07:29 +0800] "POST /xingrg/kc/buy/cgsh_order_operate.html HTTP/1.1" 200 2065
116.238.194.18 - - [10/Sep/2021:09:07:31 +0800] "GET /xingrg/all/function/internal_message.html?_=1631236049795&CODE_STATE=getMsg HTTP/1.1" 200 27
116.238.194.18 - - [10/Sep/2021:09:07:35 +0800] "GET /xingrg/kc/buy/cgsh_order_operate.html?command=get_materiel&rest_code=00151&code=00101008351&supplier_code=00100007&order_time=2021-09-10 HTTP/1.1" 200 427
116.232.52.204 - - [10/Sep/2021:09:07:35 +0800] "GET /xingrg/kc/buy/cgsh_order_operate.html?command=get_materiel&rest_code=00109&code=00101008199&supplier_code=00100006&order_time=2021-09-10 HTTP/1.1" 200 408
116.238.168.124 - - [10/Sep/2021:09:07:36 +0800] "GET /xingrg/all/function/internal_message.html?_=1631236034208&CODE_STATE=getMsg HTTP/1.1" 200 27
116.238.194.18 - - [10/Sep/2021:09:07:36 +0800] "GET /xingrg/check_reg.html?_=1631236029206 HTTP/1.1" 200 22
116.238.194.18 - - [10/Sep/2021:09:07:36 +0800] "GET /xingrg/all/function/internal_message.html?_=1631236029265&CODE_STATE=getMsg HTTP/1.1" 200 27
116.230.105.26 - - [10/Sep/2021:09:07:36 +0800] "GET /xingrg/all/function/internal_message.html?_=1631235993589&CODE_STATE=getMsg HTTP/1.1" 200 27
222.69.131.204 - - [10/Sep/2021:09:07:42 +0800] "GET /xingrg/all/function/internal_message.html?_=1631236059648&CODE_STATE=getMsg HTTP/1.1" 200 27
116.232.52.204 - - [10/Sep/2021:09:07:42 +0800] "GET /xingrg/kc/buy/cgsh_order_operate.html?command=get_materiel&rest_code=00109&code=00101008141&supplier_code=00100006&order_time=2021-09-10 HTTP/1.1" 200 412
116.237.74.154 - - [10/Sep/2021:09:07:43 +0800] "GET /xingrg/all/function/internal_message.html?_=1631236057660&CODE_STATE=getMsg HTTP/1.1" 200 27
120.253.135.82 - - [10/Sep/2021:09:07:45 +0800] "GET /xingrg/all/function/internal_message.html?_=1631235838204&CODE_STATE=getMsg HTTP/1.1" 200 27
116.238.194.18 - - [10/Sep/2021:09:07:45 +0800] "GET /xingrg/kc/buy/cgsh_order_operate.html?command=get_materiel&rest_code=00151&code=00101008165&supplier_code=00100007&order_time=2021-09-10 HTTP/1.1" 200 416
222.69.131.204 - - [10/Sep/2021:09:07:46 +0800] "GET /xingrg/kc/buy/cgsh_order_operate.html?command=get_materiel&rest_code=00149&code=00101008296&supplier_code=00100005&order_time=2021-09-10 HTTP/1.1" 200 416
101.83.145.79 - - [10/Sep/2021:09:07:50 +0800] "GET /xingrg/kc/buy/cgsh_order_operate.html?command=get_materiel&rest_code=00105&code=00101008005&supplier_code=00100203&order_time=2021-09-10 HTTP/1.1" 200 412
116.232.52.204 - - [10/Sep/2021:09:07:52 +0800] "GET /xingrg/kc/buy/cgsh_order_operate.html?command=get_materiel&rest_code=00109&code=00101008087&supplier_code=00100006&order_time=2021-09-10 HTTP/1.1" 200 412
116.238.194.18 - - [10/Sep/2021:09:07:52 +0800] "GET /xingrg/kc/buy/cgsh_order_operate.html?command=get_materiel&rest_code=00151&code=00101008223&supplier_code=00100007&order_time=2021-09-10 HTTP/1.1" 200 412
222.69.131.204 - - [10/Sep/2021:09:07:57 +0800] "GET /xingrg/kc/buy/cgsh_order_operate.html?command=get_materiel&rest_code=00149&code=00101008352&supplier_code=00100005&order_time=2021-09-10 HTTP/1.1" 200 412
116.232.52.204 - - [10/Sep/2021:09:07:57 +0800] "GET /xingrg/all/function/internal_message.html?_=1631236077596&CODE_STATE=getMsg HTTP/1.1" 200 27
116.238.194.18 - - [10/Sep/2021:09:07:58 +0800] "GET /xingrg/kc/buy/cgsh_order_operate.html?command=get_materiel&rest_code=00151&code=00101008115&supplier_code=00100007&order_time=2021-09-10 HTTP/1.1" 200 412
222.70.246.151 - - [10/Sep/2021:09:07:59 +0800] "GET /xingrg/check_reg.html?_=1631236096427 HTTP/1.1" 200 22
116.232.52.204 - - [10/Sep/2021:09:08:01 +0800] "GET /xingrg/kc/buy/cgsh_order_operate.html?command=get_materiel&rest_code=00109&code=00101008256&supplier_code=00100006&order_time=2021-09-10 HTTP/1.1" 200 412
116.238.194.18 - - [10/Sep/2021:09:08:06 +0800] "GET /xingrg/kc/buy/cgsh_order_operate.html?command=get_materiel&rest_code=00151&code=00101008005&supplier_code=00100007&order_time=2021-09-10 HTTP/1.1" 200 412
101.83.145.79 - - [10/Sep/2021:09:08:09 +0800] "GET /xingrg/check_reg.html?_=1631236089056 HTTP/1.1" 200 22
101.83.145.79 - - [10/Sep/2021:09:08:09 +0800] "GET /xingrg/all/function/internal_message.html?_=1631236089055&CODE_STATE=getMsg HTTP/1.1" 200 27
222.70.179.190 - - [10/Sep/2021:09:08:11 +0800] "GET /xingrg/all/function/internal_message.html?_=1631236086715&CODE_STATE=getMsg HTTP/1.1" 200 27
120.253.135.82 - - [10/Sep/2021:09:08:13 +0800] "GET /xingrg/all/function/internal_message.html?_=1631236085745&CODE_STATE=getMsg HTTP/1.1" 200 27
116.238.194.18 - - [10/Sep/2021:09:08:14 +0800] "GET /xingrg/kc/buy/cgsh_order_operate.html?command=get_materiel&rest_code=00151&code=00101008372&supplier_code=00100007&order_time=2021-09-10 HTTP/1.1" 200 408
101.83.145.79 - - [10/Sep/2021:09:08:15 +0800] "GET /xingrg/kc/buy/cgsh_order_operate.html?command=get_materiel&rest_code=00105&code=00101008111&supplier_code=00100203&order_time=2021-09-10 HTTP/1.1" 200 412
222.69.131.204 - - [10/Sep/2021:09:08:18 +0800] "GET /xingrg/kc/buy/cgsh_order_operate.html?command=get_materiel&rest_code=00149&code=00101008098&supplier_code=00100005&order_time=2021-09-10 HTTP/1.1" 200 412
180.157.254.90 - - [10/Sep/2021:09:08:20 +0800] "GET /xingrg/all/function/internal_message.html?_=1631236100943&CODE_STATE=getMsg HTTP/1.1" 200 27
180.157.254.90 - - [10/Sep/2021:09:08:20 +0800] "GET /xingrg/check_reg.html?_=1631236100945 HTTP/1.1" 200 22
101.83.145.79 - - [10/Sep/2021:09:08:21 +0800] "GET /xingrg/kc/buy/cgsh_order_operate.html?command=get_materiel&rest_code=00105&code=00101008112&supplier_code=00100203&order_time=2021-09-10 HTTP/1.1" 200 412
116.232.52.204 - - [10/Sep/2021:09:08:21 +0800] "GET /xingrg/kc/buy/cgsh_order_operate.html?command=get_materiel&rest_code=00109&code=00101008331&supplier_code=00100006&order_time=2021-09-10 HTTP/1.1" 200 416
116.238.194.18 - - [10/Sep/2021:09:08:27 +0800] "GET /xingrg/kc/buy/cgsh_order_operate.html?command=get_materiel&rest_code=00151&code=00101008357&supplier_code=00100007&order_time=2021-09-10 HTTP/1.1" 200 408
222.69.131.204 - - [10/Sep/2021:09:08:30 +0800] "GET /xingrg/kc/buy/cgsh_order_operate.html?command=get_materiel&rest_code=00149&code=00101008005&supplier_code=00100005&order_time=2021-09-10 HTTP/1.1" 200 412
116.238.194.18 - - [10/Sep/2021:09:08:31 +0800] "GET /xingrg/all/function/internal_message.html?_=1631236109809&CODE_STATE=getMsg HTTP/1.1" 200 27
222.69.131.204 - - [10/Sep/2021:09:08:33 +0800] "POST /xingrg/kc/buy/cgsh_order_operate.html HTTP/1.1" 200 2065
116.232.52.204 - - [10/Sep/2021:09:08:34 +0800] "GET /xingrg/kc/buy/cgsh_order_operate.html?command=get_materiel&rest_code=00109&code=00101008350&supplier_code=00100006&order_time=2021-09-10 HTTP/1.1" 200 408
116.238.168.124 - - [10/Sep/2021:09:08:36 +0800] "GET /xingrg/all/function/internal_message.html?_=1631236094221&CODE_STATE=getMsg HTTP/1.1" 200 27
116.238.194.18 - - [10/Sep/2021:09:08:36 +0800] "GET /xingrg/all/function/internal_message.html?_=1631236089277&CODE_STATE=getMsg HTTP/1.1" 200 27
116.230.105.26 - - [10/Sep/2021:09:08:36 +0800] "GET /xingrg/all/function/internal_message.html?_=1631236053587&CODE_STATE=getMsg HTTP/1.1" 200 27
116.230.105.26 - - [10/Sep/2021:09:08:36 +0800] "GET /xingrg/check_reg.html?_=1631236053589 HTTP/1.1" 200 22
116.238.194.18 - - [10/Sep/2021:09:08:36 +0800] "GET /xingrg/kc/buy/cgsh_order_operate.html?command=get_materiel&rest_code=00151&code=00101008300&supplier_code=00100007&order_time=2021-09-10 HTTP/1.1" 200 412
222.69.131.204 - - [10/Sep/2021:09:08:42 +0800] "GET /xingrg/all/function/internal_message.html?_=1631236119627&CODE_STATE=getMsg HTTP/1.1" 200 27
222.69.131.204 - - [10/Sep/2021:09:08:42 +0800] "GET /xingrg/kc/buy/cgsh_order_operate.html?command=get_materiel&rest_code=00149&code=00101008353&supplier_code=00100005&order_time=2021-09-10 HTTP/1.1" 200 408
116.237.74.154 - - [10/Sep/2021:09:08:43 +0800] "GET /xingrg/all/function/internal_message.html?_=1631236117630&CODE_STATE=getMsg HTTP/1.1" 200 27
116.232.52.204 - - [10/Sep/2021:09:08:45 +0800] "GET /xingrg/kc/buy/cgsh_order_operate.html?command=get_materiel&rest_code=00109&code=00101008110&supplier_code=00100006&order_time=2021-09-10 HTTP/1.1" 200 408
117.184.7.30 - - [10/Sep/2021:09:08:45 +0800] "POST /xingrg/services/DataTransmitService HTTP/1.1" 200 524
116.238.194.18 - - [10/Sep/2021:09:08:46 +0800] "GET /xingrg/kc/buy/cgsh_order_operate.html?command=get_materiel&rest_code=00151&code=00101008286&supplier_code=00100007&order_time=2021-09-10 HTTP/1.1" 200 408
120.253.135.82 - - [10/Sep/2021:09:08:46 +0800] "GET /xingrg/all/function/internal_message.html?_=1631235898517&CODE_STATE=getMsg HTTP/1.1" 200 27
116.238.194.18 - - [10/Sep/2021:09:08:52 +0800] "POST /xingrg/kc/buy/cgsh_order_operate.html HTTP/1.1" 200 37
116.238.194.18 - - [10/Sep/2021:09:08:54 +0800] "POST /xingrg/kc/buy/cgsh_order_operate.html HTTP/1.1" 200 14069
116.232.52.204 - - [10/Sep/2021:09:08:54 +0800] "GET /xingrg/kc/buy/cgsh_order_operate.html?command=get_materiel&rest_code=00109&code=00101008038&supplier_code=00100006&order_time=2021-09-10 HTTP/1.1" 200 412
116.237.74.154 - - [10/Sep/2021:09:08:56 +0800] "GET /xingrg/check_reg.html?_=1631236130331 HTTP/1.1" 200 22
116.232.52.204 - - [10/Sep/2021:09:08:57 +0800] "GET /xingrg/all/function/internal_message.html?_=1631236137603&CODE_STATE=getMsg HTTP/1.1" 200 27
116.232.52.204 - - [10/Sep/2021:09:08:57 +0800] "GET /xingrg/check_reg.html?_=1631236137604 HTTP/1.1" 200 22
222.69.131.204 - - [10/Sep/2021:09:08:59 +0800] "GET /xingrg/kc/buy/cgsh_order_operate.html?command=get_materiel&rest_code=00149&code=00101008213&supplier_code=00100005&order_time=2021-09-10 HTTP/1.1" 200 412
101.83.145.79 - - [10/Sep/2021:09:09:00 +0800] "GET /xingrg/kc/buy/cgsh_order_operate.html?command=get_materiel&rest_code=00105&code=00101008224&supplier_code=00100203&order_time=2021-09-10 HTTP/1.1" 200 416
116.238.194.18 - - [10/Sep/2021:09:09:01 +0800] "GET /xingrg/kc/buy/cgsh_order_operate.html?command=get_materiel&rest_code=00151&code=00101008356&supplier_code=00100007&order_time=2021-09-10 HTTP/1.1" 200 408
116.232.52.204 - - [10/Sep/2021:09:09:02 +0800] "GET /xingrg/kc/buy/cgsh_order_operate.html?command=get_materiel&rest_code=00109&code=00101008163&supplier_code=00100006&order_time=2021-09-10 HTTP/1.1" 200 409
116.238.194.18 - - [10/Sep/2021:09:09:07 +0800] "GET /xingrg/kc/buy/cgsh_order_operate.html?command=get_materiel&rest_code=00151&code=00101008361&supplier_code=00100007&order_time=2021-09-10 HTTP/1.1" 200 408
101.83.145.79 - - [10/Sep/2021:09:09:09 +0800] "GET /xingrg/all/function/internal_message.html?_=1631236148974&CODE_STATE=getMsg HTTP/1.1" 200 27
222.70.179.190 - - [10/Sep/2021:09:09:11 +0800] "GET /xingrg/all/function/internal_message.html?_=1631236146718&CODE_STATE=getMsg HTTP/1.1" 200 27
222.70.179.190 - - [10/Sep/2021:09:09:11 +0800] "GET /xingrg/check_reg.html?_=1631236146716 HTTP/1.1" 200 22
116.232.52.204 - - [10/Sep/2021:09:09:13 +0800] "GET /xingrg/kc/buy/cgsh_order_operate.html?command=get_materiel&rest_code=00109&code=00101008355&supplier_code=00100006&order_time=2021-09-10 HTTP/1.1" 200 408
222.69.131.204 - - [10/Sep/2021:09:09:13 +0800] "GET /xingrg/kc/buy/cgsh_order_operate.html?command=get_materiel&rest_code=00149&code=00101008304&supplier_code=00100005&order_time=2021-09-10 HTTP/1.1" 200 412
120.253.135.82 - - [10/Sep/2021:09:09:13 +0800] "GET /xingrg/all/function/internal_message.html?_=1631236145778&CODE_STATE=getMsg HTTP/1.1" 200 27
116.238.194.18 - - [10/Sep/2021:09:09:14 +0800] "GET /xingrg/kc/buy/cgsh_order_operate.html?command=get_materiel&rest_code=00151&code=00101012039&supplier_code=00100007&order_time=2021-09-10 HTTP/1.1" 200 408
222.69.131.204 - - [10/Sep/2021:09:09:16 +0800] "POST /xingrg/kc/buy/cgsh_order_operate.html HTTP/1.1" 200 2065
101.83.145.79 - - [10/Sep/2021:09:09:19 +0800] "GET /xingrg/kc/buy/cgsh_order_operate.html?command=get_materiel&rest_code=00105&code=00101008230&supplier_code=00100203&order_time=2021-09-10 HTTP/1.1" 200 408
180.157.254.90 - - [10/Sep/2021:09:09:20 +0800] "GET /xingrg/all/function/internal_message.html?_=1631236160944&CODE_STATE=getMsg HTTP/1.1" 200 27
116.238.194.18 - - [10/Sep/2021:09:09:22 +0800] "GET /xingrg/kc/buy/cgsh_order_operate.html?command=get_materiel&rest_code=00151&code=00101012051&supplier_code=00100007&order_time=2021-09-10 HTTP/1.1" 200 408
222.69.131.204 - - [10/Sep/2021:09:09:23 +0800] "GET /xingrg/kc/buy/cgsh_order_operate.html?command=get_materiel&rest_code=00149&code=00101008109&supplier_code=00100005&order_time=2021-09-10 HTTP/1.1" 200 413
116.232.52.204 - - [10/Sep/2021:09:09:24 +0800] "GET /xingrg/kc/buy/cgsh_order_operate.html?command=get_materiel&rest_code=00109&code=00101008148&supplier_code=00100006&order_time=2021-09-10 HTTP/1.1" 200 416
116.238.194.18 - - [10/Sep/2021:09:09:28 +0800] "GET /xingrg/kc/buy/cgsh_order_operate.html?command=get_materiel&rest_code=00151&code=00101008332&supplier_code=00100007&order_time=2021-09-10 HTTP/1.1" 200 412
116.238.194.18 - - [10/Sep/2021:09:09:31 +0800] "GET /xingrg/check_reg.html?_=1631236169808 HTTP/1.1" 200 22
116.238.194.18 - - [10/Sep/2021:09:09:31 +0800] "GET /xingrg/all/function/internal_message.html?_=1631236169809&CODE_STATE=getMsg HTTP/1.1" 200 27
116.238.194.18 - - [10/Sep/2021:09:09:36 +0800] "GET /xingrg/all/function/internal_message.html?_=1631236149291&CODE_STATE=getMsg HTTP/1.1" 200 27
116.230.105.26 - - [10/Sep/2021:09:09:36 +0800] "GET /xingrg/all/function/internal_message.html?_=1631236113579&CODE_STATE=getMsg HTTP/1.1" 200 27
116.238.194.18 - - [10/Sep/2021:09:09:36 +0800] "POST /xingrg/kc/buy/cgsh_order_operate.html HTTP/1.1" 200 37
116.238.168.124 - - [10/Sep/2021:09:09:36 +0800] "GET /xingrg/all/function/internal_message.html?_=1631236154687&CODE_STATE=getMsg HTTP/1.1" 200 27
116.238.194.18 - - [10/Sep/2021:09:09:38 +0800] "POST /xingrg/kc/buy/cgsh_order_operate.html HTTP/1.1" 200 17060
222.69.131.204 - - [10/Sep/2021:09:09:42 +0800] "GET /xingrg/check_reg.html?_=1631236179512 HTTP/1.1" 200 22
222.69.131.204 - - [10/Sep/2021:09:09:42 +0800] "GET /xingrg/all/function/internal_message.html?_=1631236179608&CODE_STATE=getMsg HTTP/1.1" 200 27
222.69.131.204 - - [10/Sep/2021:09:09:42 +0800] "GET /xingrg/kc/buy/cgsh_order_operate.html?command=get_materiel&rest_code=00149&code=00101008305&supplier_code=00100005&order_time=2021-09-10 HTTP/1.1" 200 412
116.237.74.154 - - [10/Sep/2021:09:09:43 +0800] "GET /xingrg/all/function/internal_message.html?_=1631236177601&CODE_STATE=getMsg HTTP/1.1" 200 27
120.253.135.82 - - [10/Sep/2021:09:09:46 +0800] "GET /xingrg/all/function/internal_message.html?_=1631235958527&CODE_STATE=getMsg HTTP/1.1" 200 27
222.69.131.204 - - [10/Sep/2021:09:09:49 +0800] "POST /xingrg/services/DataTransmitService HTTP/1.1" 200 524
116.238.194.18 - - [10/Sep/2021:09:09:50 +0800] "GET /xingrg/kc/buy/cgsh_order_operate.html?command=get_materiel&rest_code=00151&code=00101008088&supplier_code=00100007&order_time=2021-09-10 HTTP/1.1" 200 408
222.69.131.204 - - [10/Sep/2021:09:09:50 +0800] "POST /xingrg/services/DataTransmitService HTTP/1.1" 200 1979
222.69.131.204 - - [10/Sep/2021:09:09:51 +0800] "POST /xingrg/services/DataTransmitService HTTP/1.1" 200 123375
116.238.194.18 - - [10/Sep/2021:09:09:57 +0800] "GET /xingrg/kc/buy/cgsh_order_operate.html?command=get_materiel&rest_code=00151&code=00101016025&supplier_code=00100007&order_time=2021-09-10 HTTP/1.1" 200 408
116.232.52.204 - - [10/Sep/2021:09:09:58 +0800] "GET /xingrg/all/function/internal_message.html?_=1631236198166&CODE_STATE=getMsg HTTP/1.1" 200 27
116.232.52.204 - - [10/Sep/2021:09:10:01 +0800] "POST /xingrg/kc/buy/cgsh_order_operate.html HTTP/1.1" 200 37
222.69.131.204 - - [10/Sep/2021:09:10:02 +0800] "GET /xingrg/kc/buy/cgsh_order_operate.html?command=get_materiel&rest_code=00149&code=00101015006&supplier_code=00100005&order_time=2021-09-10 HTTP/1.1" 200 413
101.83.145.79 - - [10/Sep/2021:09:10:03 +0800] "GET /xingrg/kc/buy/cgsh_order_operate.html?command=get_materiel&rest_code=00105&code=00101008298&supplier_code=00100203&order_time=2021-09-10 HTTP/1.1" 200 412
116.232.52.204 - - [10/Sep/2021:09:10:08 +0800] "POST /xingrg/kc/buy/cgsh_order_operate.html HTTP/1.1" 200 9769
101.83.145.79 - - [10/Sep/2021:09:10:09 +0800] "GET /xingrg/all/function/internal_message.html?_=1631236209077&CODE_STATE=getMsg HTTP/1.1" 200 27
120.253.135.82 - - [10/Sep/2021:09:10:13 +0800] "GET /xingrg/all/function/internal_message.html?_=1631236205788&CODE_STATE=getMsg HTTP/1.1" 200 27
101.83.145.79 - - [10/Sep/2021:09:10:15 +0800] "GET /xingrg/kc/buy/cgsh_order_operate.html?command=get_materiel&rest_code=00105&code=00101008105&supplier_code=00100203&order_time=2021-09-10 HTTP/1.1" 200 412
116.238.194.18 - - [10/Sep/2021:09:10:17 +0800] "GET /xingrg/kc/buy/cgsh_order_operate.html?command=get_materiel&rest_code=00151&code=00101008362&supplier_code=00100007&order_time=2021-09-10 HTTP/1.1" 200 408
222.69.131.204 - - [10/Sep/2021:09:10:18 +0800] "GET /xingrg/kc/buy/cgsh_order_operate.html?command=get_materiel&rest_code=00149&code=00101008114&supplier_code=00100005&order_time=2021-09-10 HTTP/1.1" 200 412
116.232.52.204 - - [10/Sep/2021:09:10:20 +0800] "GET /xingrg/kc/buy/cgsh_order_operate.html?command=get_materiel&rest_code=00109&code=00101008264&supplier_code=00100006&order_time=2021-09-10 HTTP/1.1" 200 412
180.157.254.90 - - [10/Sep/2021:09:10:20 +0800] "GET /xingrg/all/function/internal_message.html?_=1631236220943&CODE_STATE=getMsg HTTP/1.1" 200 27
101.83.145.79 - - [10/Sep/2021:09:10:23 +0800] "GET /xingrg/kc/buy/cgsh_order_operate.html?command=get_materiel&rest_code=00105&code=00101008119&supplier_code=00100203&order_time=2021-09-10 HTTP/1.1" 200 412
116.238.194.18 - - [10/Sep/2021:09:10:24 +0800] "GET /xingrg/kc/buy/cgsh_order_operate.html?command=get_materiel&rest_code=00151&code=00101008017&supplier_code=00100007&order_time=2021-09-10 HTTP/1.1" 200 416
101.83.145.79 - - [10/Sep/2021:09:10:26 +0800] "POST /xingrg/kc/buy/cgsh_order_operate.html HTTP/1.1" 200 2065
101.83.145.79 - - [10/Sep/2021:09:10:27 +0800] "POST /xingrg/kc/buy/cgsh_order_operate.html HTTP/1.1" 200 2065
116.230.105.26 - - [10/Sep/2021:09:10:28 +0800] "GET /xingrg/kc/buy/cgsh_order_add.html HTTP/1.1" 200 63394
116.230.105.26 - - [10/Sep/2021:09:10:29 +0800] "POST /xingrg/kc/buy/cgsh_order_operate.html HTTP/1.1" 200 8245
116.230.105.26 - - [10/Sep/2021:09:10:29 +0800] "GET /xingrg/javascript/easyui/themes/default/validatebox.css HTTP/1.1" 404 1104
101.83.145.79 - - [10/Sep/2021:09:10:29 +0800] "POST /xingrg/kc/buy/cgsh_order_operate.html HTTP/1.1" 200 2065
116.232.52.204 - - [10/Sep/2021:09:10:29 +0800] "GET /xingrg/kc/buy/cgsh_order_operate.html?command=get_materiel&rest_code=00109&code=00101008439&supplier_code=00100006&order_time=2021-09-10 HTTP/1.1" 200 399
222.69.131.204 - - [10/Sep/2021:09:10:29 +0800] "GET /xingrg/kc/buy/cgsh_order_operate.html?command=get_materiel&rest_code=00149&code=00101008298&supplier_code=00100005&order_time=2021-09-10 HTTP/1.1" 200 412
116.238.194.18 - - [10/Sep/2021:09:10:31 +0800] "GET /xingrg/all/function/internal_message.html?_=1631236229809&CODE_STATE=getMsg HTTP/1.1" 200 27
116.238.194.18 - - [10/Sep/2021:09:10:32 +0800] "GET /xingrg/kc/buy/cgsh_order_operate.html?command=get_materiel&rest_code=00151&code=00101008137&supplier_code=00100007&order_time=2021-09-10 HTTP/1.1" 200 408
58.40.7.146 - - [10/Sep/2021:09:10:35 +0800] "GET /xingrg/check_reg.html?_=1631236234755 HTTP/1.1" 302 -
116.230.105.26 - - [10/Sep/2021:09:10:35 +0800] "GET /xingrg/kc/buy/cgsh_order_operate.html?command=get_materiel&rest_code=00155&code=00101001111&supplier_code=00100199&order_time=2021-09-10 HTTP/1.1" 200 409
116.232.52.204 - - [10/Sep/2021:09:10:35 +0800] "GET /xingrg/kc/buy/cgsh_order_operate.html?command=get_materiel&rest_code=00109&code=00101008362&supplier_code=00100006&order_time=2021-09-10 HTTP/1.1" 200 408
116.238.194.18 - - [10/Sep/2021:09:10:36 +0800] "GET /xingrg/all/function/internal_message.html?_=1631236209305&CODE_STATE=getMsg HTTP/1.1" 200 27
116.230.105.26 - - [10/Sep/2021:09:10:36 +0800] "GET /xingrg/all/function/internal_message.html?_=1631236173585&CODE_STATE=getMsg HTTP/1.1" 200 27
116.238.168.124 - - [10/Sep/2021:09:10:36 +0800] "GET /xingrg/all/function/internal_message.html?_=1631236214703&CODE_STATE=getMsg HTTP/1.1" 200 27
222.69.131.204 - - [10/Sep/2021:09:10:39 +0800] "POST /xingrg/kc/buy/cgsh_order_operate.html HTTP/1.1" 200 2065
116.238.194.18 - - [10/Sep/2021:09:10:40 +0800] "POST /xingrg/kc/buy/cgsh_order_operate.html HTTP/1.1" 200 37
116.238.194.18 - - [10/Sep/2021:09:10:41 +0800] "POST /xingrg/kc/buy/cgsh_order_operate.html HTTP/1.1" 200 20049
222.69.131.204 - - [10/Sep/2021:09:10:42 +0800] "GET /xingrg/all/function/internal_message.html?_=1631236239648&CODE_STATE=getMsg HTTP/1.1" 200 27
116.237.74.154 - - [10/Sep/2021:09:10:43 +0800] "GET /xingrg/all/function/internal_message.html?_=1631236237580&CODE_STATE=getMsg HTTP/1.1" 200 27
222.69.131.204 - - [10/Sep/2021:09:10:44 +0800] "POST /xingrg/services/DataTransmitService HTTP/1.1" 200 524
222.69.131.204 - - [10/Sep/2021:09:10:44 +0800] "GET /xingrg/kc/buy/cgsh_order_operate.html?command=get_materiel&rest_code=00149&code=00101008150&supplier_code=00100005&order_time=2021-09-10 HTTP/1.1" 200 409
116.230.105.26 - - [10/Sep/2021:09:10:44 +0800] "GET /xingrg/kc/buy/cgsh_order_operate.html?command=get_materiel&rest_code=00155&code=00101002041&supplier_code=00100199&order_time=2021-09-10 HTTP/1.1" 200 429
120.253.135.82 - - [10/Sep/2021:09:10:46 +0800] "GET /xingrg/all/function/internal_message.html?_=1631236018808&CODE_STATE=getMsg HTTP/1.1" 200 27
101.83.145.79 - - [10/Sep/2021:09:10:47 +0800] "GET /xingrg/kc/buy/cgsh_order_operate.html?command=get_materiel&rest_code=00105&code=00101008236&supplier_code=00100203&order_time=2021-09-10 HTTP/1.1" 200 416
222.69.131.204 - - [10/Sep/2021:09:10:52 +0800] "POST /xingrg/services/DataTransmitService HTTP/1.1" 200 501
116.238.194.18 - - [10/Sep/2021:09:10:53 +0800] "GET /xingrg/kc/buy/cgsh_order_operate.html?command=get_materiel&rest_code=00151&code=00101008033&supplier_code=00100007&order_time=2021-09-10 HTTP/1.1" 200 408
222.69.131.204 - - [10/Sep/2021:09:10:56 +0800] "GET /xingrg/kc/buy/cgsh_order_operate.html?command=get_materiel&rest_code=00149&code=00101008125&supplier_code=00100005&order_time=2021-09-10 HTTP/1.1" 200 413
101.83.145.79 - - [10/Sep/2021:09:10:57 +0800] "GET /xingrg/kc/buy/cgsh_order_operate.html?command=get_materiel&rest_code=00105&code=00101013103&supplier_code=00100203&order_time=2021-09-10 HTTP/1.1" 200 432
116.232.52.204 - - [10/Sep/2021:09:10:58 +0800] "GET /xingrg/all/function/internal_message.html?_=1631236258254&CODE_STATE=getMsg HTTP/1.1" 200 27
116.230.105.26 - - [10/Sep/2021:09:10:58 +0800] "GET /xingrg/kc/buy/cgsh_order_operate.html?command=get_materiel&rest_code=00155&code=00101001075&supplier_code=00100199&order_time=2021-09-10 HTTP/1.1" 200 409
116.238.194.18 - - [10/Sep/2021:09:11:00 +0800] "GET /xingrg/kc/buy/cgsh_order_operate.html?command=get_materiel&rest_code=00151&code=00101008049&supplier_code=00100007&order_time=2021-09-10 HTTP/1.1" 200 408
101.83.145.79 - - [10/Sep/2021:09:11:06 +0800] "GET /xingrg/kc/buy/cgsh_order_operate.html?command=get_materiel&rest_code=00105&code=00102005451&supplier_code=00100203&order_time=2021-09-10 HTTP/1.1" 200 430
116.230.105.26 - - [10/Sep/2021:09:11:07 +0800] "GET /xingrg/kc/buy/cgsh_order_operate.html?command=get_materiel&rest_code=00155&code=00101010161&supplier_code=00100199&order_time=2021-09-10 HTTP/1.1" 200 409
116.238.194.18 - - [10/Sep/2021:09:11:08 +0800] "GET /xingrg/kc/buy/cgsh_order_operate.html?command=get_materiel&rest_code=00151&code=00101008102&supplier_code=00100007&order_time=2021-09-10 HTTP/1.1" 200 413
101.83.145.79 - - [10/Sep/2021:09:11:09 +0800] "GET /xingrg/all/function/internal_message.html?_=1631236268972&CODE_STATE=getMsg HTTP/1.1" 200 27
222.69.131.204 - - [10/Sep/2021:09:11:13 +0800] "POST /xingrg/services/DataTransmitService HTTP/1.1" 200 524
120.253.135.82 - - [10/Sep/2021:09:11:13 +0800] "GET /xingrg/all/function/internal_message.html?_=1631236265829&CODE_STATE=getMsg HTTP/1.1" 200 27
116.230.105.26 - - [10/Sep/2021:09:11:15 +0800] "GET /xingrg/kc/buy/cgsh_order_operate.html?command=get_materiel&rest_code=00155&code=00101004038&supplier_code=00100199&order_time=2021-09-10 HTTP/1.1" 200 429
101.83.145.79 - - [10/Sep/2021:09:11:16 +0800] "GET /xingrg/kc/buy/cgsh_order_operate.html?command=get_materiel&rest_code=00105&code=00101013119&supplier_code=00100203&order_time=2021-09-10 HTTP/1.1" 200 440
116.238.194.18 - - [10/Sep/2021:09:11:16 +0800] "GET /xingrg/kc/buy/cgsh_order_operate.html?command=get_materiel&rest_code=00151&code=00101008069&supplier_code=00100007&order_time=2021-09-10 HTTP/1.1" 200 412
222.69.131.204 - - [10/Sep/2021:09:11:16 +0800] "GET /xingrg/kc/buy/cgsh_order_operate.html?command=get_materiel&rest_code=00149&code=00101008314&supplier_code=00100005&order_time=2021-09-10 HTTP/1.1" 200 413
180.157.254.90 - - [10/Sep/2021:09:11:20 +0800] "GET /xingrg/all/function/internal_message.html?_=1631236280936&CODE_STATE=getMsg HTTP/1.1" 200 27
116.230.105.26 - - [10/Sep/2021:09:11:22 +0800] "GET /xingrg/kc/buy/cgsh_order_operate.html?command=get_materiel&rest_code=00155&code=00101002006&supplier_code=00100199&order_time=2021-09-10 HTTP/1.1" 200 414
101.83.145.79 - - [10/Sep/2021:09:11:25 +0800] "GET /xingrg/kc/buy/cgsh_order_operate.html?command=get_materiel&rest_code=00105&code=00101008114&supplier_code=00100203&order_time=2021-09-10 HTTP/1.1" 200 412
120.253.135.82 - - [10/Sep/2021:09:11:27 +0800] "GET /xingrg/check_reg.html?_=1631236060333 HTTP/1.1" 200 22
116.230.105.26 - - [10/Sep/2021:09:11:31 +0800] "POST /xingrg/kc/buy/cgsh_order_operate.html HTTP/1.1" 200 37
116.238.194.18 - - [10/Sep/2021:09:11:31 +0800] "GET /xingrg/all/function/internal_message.html?_=1631236289821&CODE_STATE=getMsg HTTP/1.1" 200 27
116.230.105.26 - - [10/Sep/2021:09:11:32 +0800] "POST /xingrg/kc/buy/cgsh_order_operate.html HTTP/1.1" 200 5609
116.230.105.26 - - [10/Sep/2021:09:11:32 +0800] "GET /xingrg/kc/print/load_data.html?order_code=212021091004043&kc_code=cgsh&condition= HTTP/1.1" 200 1801
222.69.131.204 - - [10/Sep/2021:09:11:33 +0800] "GET /xingrg/kc/buy/cgsh_order_operate.html?command=get_materiel&rest_code=00149&code=00101015024&supplier_code=00100005&order_time=2021-09-10 HTTP/1.1" 200 413
116.238.194.18 - - [10/Sep/2021:09:11:33 +0800] "GET /xingrg/kc/buy/cgsh_order_operate.html?command=get_materiel&rest_code=00151&code=00101008131&supplier_code=00100007&order_time=2021-09-10 HTTP/1.1" 200 408
116.238.168.124 - - [10/Sep/2021:09:11:35 +0800] "GET /xingrg/check_reg.html?_=1631236272942 HTTP/1.1" 200 22
101.83.145.79 - - [10/Sep/2021:09:11:35 +0800] "GET /xingrg/kc/buy/cgsh_order_operate.html?command=get_materiel&rest_code=00105&code=00101008109&supplier_code=00100203&order_time=2021-09-10 HTTP/1.1" 200 413
116.238.194.18 - - [10/Sep/2021:09:11:36 +0800] "GET /xingrg/all/function/internal_message.html?_=1631236269318&CODE_STATE=getMsg HTTP/1.1" 200 27
116.230.105.26 - - [10/Sep/2021:09:11:36 +0800] "GET /xingrg/all/function/internal_message.html?_=1631236233590&CODE_STATE=getMsg HTTP/1.1" 200 27
116.238.168.124 - - [10/Sep/2021:09:11:36 +0800] "GET /xingrg/all/function/internal_message.html?_=1631236274716&CODE_STATE=getMsg HTTP/1.1" 200 27
222.69.131.204 - - [10/Sep/2021:09:11:42 +0800] "GET /xingrg/all/function/internal_message.html?_=1631236299631&CODE_STATE=getMsg HTTP/1.1" 200 27
116.237.74.154 - - [10/Sep/2021:09:11:43 +0800] "GET /xingrg/all/function/internal_message.html?_=1631236297553&CODE_STATE=getMsg HTTP/1.1" 200 27
120.253.135.82 - - [10/Sep/2021:09:11:46 +0800] "GET /xingrg/all/function/internal_message.html?_=1631236078820&CODE_STATE=getMsg HTTP/1.1" 200 27
116.238.194.18 - - [10/Sep/2021:09:11:52 +0800] "POST /xingrg/kc/buy/cgsh_order_operate.html HTTP/1.1" 200 37
222.69.131.204 - - [10/Sep/2021:09:11:52 +0800] "GET /xingrg/kc/buy/cgsh_order_operate.html?command=get_materiel&rest_code=00149&code=00101015112&supplier_code=00100005&order_time=2021-09-10 HTTP/1.1" 200 23
116.238.194.18 - - [10/Sep/2021:09:11:54 +0800] "POST /xingrg/kc/buy/cgsh_order_operate.html HTTP/1.1" 200 23030
120.253.135.82 - - [10/Sep/2021:09:11:56 +0800] "GET /xingrg/check_reg.html?_=1631236308022 HTTP/1.1" 200 22
116.232.52.204 - - [10/Sep/2021:09:11:57 +0800] "GET /xingrg/all/function/internal_message.html?_=1631236317611&CODE_STATE=getMsg HTTP/1.1" 200 27
116.232.52.204 - - [10/Sep/2021:09:11:59 +0800] "GET /xingrg/kc/buy/cgsh_order_operate.html?command=get_materiel&rest_code=00109&code=00101008360&supplier_code=00100006&order_time=2021-09-10 HTTP/1.1" 200 412
116.232.52.204 - - [10/Sep/2021:09:12:02 +0800] "POST /xingrg/kc/buy/cgsh_order_operate.html HTTP/1.1" 200 2065
222.69.131.204 - - [10/Sep/2021:09:12:04 +0800] "POST /xingrg/kc/buy/cgsh_order_operate.html HTTP/1.1" 200 37
101.83.145.79 - - [10/Sep/2021:09:12:05 +0800] "GET /xingrg/kc/buy/cgsh_order_operate.html?command=get_materiel&rest_code=00105&code=00101015046&supplier_code=00100203&order_time=2021-09-10 HTTP/1.1" 200 412
222.69.131.204 - - [10/Sep/2021:09:12:06 +0800] "POST /xingrg/kc/buy/cgsh_order_operate.html HTTP/1.1" 200 45834
116.232.52.204 - - [10/Sep/2021:09:12:08 +0800] "GET /xingrg/kc/buy/cgsh_order_operate.html?command=get_materiel&rest_code=00109&code=00101008270&supplier_code=00100006&order_time=2021-09-10 HTTP/1.1" 200 412
101.83.145.79 - - [10/Sep/2021:09:12:09 +0800] "GET /xingrg/all/function/internal_message.html?_=1631236329073&CODE_STATE=getMsg HTTP/1.1" 200 27
222.69.131.204 - - [10/Sep/2021:09:12:11 +0800] "GET /xingrg/login.html?sysBaseUrl=http%3A%2F%2F180.169.147.146%3A18081%2Fxingrg%2F&costTime=31×tamp=1615347190560 HTTP/1.1" 200 7641
222.69.131.204 - - [10/Sep/2021:09:12:11 +0800] "GET /favicon.ico HTTP/1.1" 404 -
222.69.131.204 - - [10/Sep/2021:09:12:13 +0800] "POST /xingrg/login.do HTTP/1.1" 302 -
222.69.131.204 - - [10/Sep/2021:09:12:13 +0800] "GET /xingrg/index.html?sysBaseUrl=http%3A%2F%2F180.169.147.146%3A18081%2Fxingrg%2F&costTime=87×tamp=1631236333057 HTTP/1.1" 200 17179
222.69.131.204 - - [10/Sep/2021:09:12:13 +0800] "GET /favicon.ico HTTP/1.1" 404 -
222.69.131.204 - - [10/Sep/2021:09:12:13 +0800] "POST /xingrg/all/common/load_tree.html?tree=area_rest_tree_json&manage=1 HTTP/1.1" 200 351
222.69.131.204 - - [10/Sep/2021:09:12:13 +0800] "GET /xingrg/all/function/internal_message.html?_=1631236330885&CODE_STATE=count HTTP/1.1" 200 11
222.69.131.204 - - [10/Sep/2021:09:12:13 +0800] "GET /xingrg/check_reg.html?_=1631236330886 HTTP/1.1" 200 22
222.69.131.204 - - [10/Sep/2021:09:12:13 +0800] "POST /xingrg/load_menu.html HTTP/1.1" 200 5138
120.253.135.82 - - [10/Sep/2021:09:12:13 +0800] "GET /xingrg/all/function/internal_message.html?_=1631236325847&CODE_STATE=getMsg HTTP/1.1" 200 27
116.238.194.18 - - [10/Sep/2021:09:12:14 +0800] "GET /xingrg/kc/buy/cgsh_order_operate.html?command=get_materiel&rest_code=00151&code=00101008096&supplier_code=00100007&order_time=2021-09-10 HTTP/1.1" 200 412
116.232.52.204 - - [10/Sep/2021:09:12:15 +0800] "GET /xingrg/kc/buy/cgsh_order_operate.html?command=get_materiel&rest_code=00109&code=00101008069&supplier_code=00100006&order_time=2021-09-10 HTTP/1.1" 200 412
180.157.254.90 - - [10/Sep/2021:09:12:20 +0800] "GET /xingrg/all/function/internal_message.html?_=1631236340934&CODE_STATE=getMsg HTTP/1.1" 200 27
222.69.131.204 - - [10/Sep/2021:09:12:21 +0800] "GET /xingrg/kc/buy/cgsh_order_list.html HTTP/1.1" 200 47694
116.238.194.18 - - [10/Sep/2021:09:12:21 +0800] "GET /xingrg/kc/buy/cgsh_order_operate.html?command=get_materiel&rest_code=00151&code=00101008283&supplier_code=00100007&order_time=2021-09-10 HTTP/1.1" 200 408
222.69.131.204 - - [10/Sep/2021:09:12:24 +0800] "POST /xingrg/kc/buy/cgsh_list_operate.html HTTP/1.1" 200 1691
222.69.131.204 - - [10/Sep/2021:09:12:26 +0800] "POST /xingrg/kc/buy/cgsh_list_operate.html HTTP/1.1" 200 562
116.232.52.204 - - [10/Sep/2021:09:12:27 +0800] "GET /xingrg/kc/buy/cgsh_order_operate.html?command=get_materiel&rest_code=00109&code=00101008286&supplier_code=00100006&order_time=2021-09-10 HTTP/1.1" 200 408
222.69.131.204 - - [10/Sep/2021:09:12:27 +0800] "GET /xingrg/kc/buy/cgsh_order_info.html?code=212021091004037 HTTP/1.1" 200 63488
222.69.131.204 - - [10/Sep/2021:09:12:27 +0800] "GET /xingrg/all/common/auto_word.html?type=employee&rest_code=00149 HTTP/1.1" 200 197
222.69.131.204 - - [10/Sep/2021:09:12:27 +0800] "GET /xingrg/all/common/auto_word.html?type=employee&rest_code=00149 HTTP/1.1" 200 197
222.69.131.204 - - [10/Sep/2021:09:12:27 +0800] "GET /xingrg/javascript/easyui/themes/default/validatebox.css HTTP/1.1" 404 1104
222.69.131.204 - - [10/Sep/2021:09:12:28 +0800] "POST /xingrg/kc/buy/cgsh_order_operate.html HTTP/1.1" 200 45834
116.238.194.18 - - [10/Sep/2021:09:12:31 +0800] "GET /xingrg/all/function/internal_message.html?_=1631236349821&CODE_STATE=getMsg HTTP/1.1" 200 27
116.238.194.18 - - [10/Sep/2021:09:12:35 +0800] "GET /xingrg/kc/buy/cgsh_order_operate.html?command=get_materiel&rest_code=00151&code=00101008371&supplier_code=00100007&order_time=2021-09-10 HTTP/1.1" 200 412
222.69.131.204 - - [10/Sep/2021:09:12:35 +0800] "GET /xingrg/javascript/auto/indicator.gif HTTP/1.1" 404 1066
116.232.52.204 - - [10/Sep/2021:09:12:36 +0800] "GET /xingrg/kc/buy/cgsh_order_operate.html?command=get_materiel&rest_code=00109&code=00101008353&supplier_code=00100006&order_time=2021-09-10 HTTP/1.1" 200 408
116.238.194.18 - - [10/Sep/2021:09:12:36 +0800] "GET /xingrg/check_reg.html?_=1631236329209 HTTP/1.1" 200 22
116.230.105.26 - - [10/Sep/2021:09:12:36 +0800] "GET /xingrg/all/function/internal_message.html?_=1631236293589&CODE_STATE=getMsg HTTP/1.1" 200 27
116.238.194.18 - - [10/Sep/2021:09:12:36 +0800] "GET /xingrg/all/function/internal_message.html?_=1631236329610&CODE_STATE=getMsg HTTP/1.1" 200 27
116.238.168.124 - - [10/Sep/2021:09:12:36 +0800] "GET /xingrg/all/function/internal_message.html?_=1631236334730&CODE_STATE=getMsg HTTP/1.1" 200 27
222.69.131.204 - - [10/Sep/2021:09:12:39 +0800] "GET /xingrg/kc/buy/cgsh_order_operate.html?command=get_materiel&rest_code=00149&code=00101015112&supplier_code=00100005&order_time=2021-09-10 HTTP/1.1" 200 403
