101.85.93.96 - - [10/Sep/2021:10:44:13 +0800] "GET /xingrg/all/function/internal_message.html?_=1631241776978&CODE_STATE=getMsg HTTP/1.1" 200 27
116.238.194.18 - - [10/Sep/2021:10:44:14 +0800] "GET /xingrg/all/function/internal_message.html?_=1631241827111&CODE_STATE=count HTTP/1.1" 200 11
116.238.194.18 - - [10/Sep/2021:10:44:14 +0800] "GET /xingrg/check_reg.html?_=1631241827113 HTTP/1.1" 200 22
116.238.194.18 - - [10/Sep/2021:10:44:14 +0800] "POST /xingrg/load_menu.html HTTP/1.1" 200 5138
116.238.194.18 - - [10/Sep/2021:10:44:14 +0800] "GET /xingrg/javascript/jquery_easy_ui/themes/default/images/tree_arrows.gif HTTP/1.1" 304 -
101.85.52.72 - - [10/Sep/2021:10:44:14 +0800] "POST /xingrg/kc/mdqp/pssh_list_operate.html HTTP/1.1" 200 469
116.238.194.18 - - [10/Sep/2021:10:44:14 +0800] "GET /xingrg/javascript/jquery_easy_ui/themes/default/images/tree_folder_open.gif HTTP/1.1" 304 -
116.238.194.18 - - [10/Sep/2021:10:44:14 +0800] "GET /xingrg/javascript/jquery_easy_ui/themes/icons/search_new.png HTTP/1.1" 304 -
116.238.194.18 - - [10/Sep/2021:10:44:14 +0800] "GET /xingrg/javascript/jquery_easy_ui/themes/default/images/tree_folder.gif HTTP/1.1" 304 -
116.238.194.18 - - [10/Sep/2021:10:44:14 +0800] "GET /xingrg/javascript/jquery_easy_ui/themes/icons/storage_new.png HTTP/1.1" 304 -
116.238.194.18 - - [10/Sep/2021:10:44:14 +0800] "GET /xingrg/javascript/jquery_easy_ui/themes/icons/forms_new.png HTTP/1.1" 304 -
116.238.194.18 - - [10/Sep/2021:10:44:14 +0800] "GET /xingrg/javascript/jquery_easy_ui/themes/default/images/tree_file.gif HTTP/1.1" 304 -
101.83.145.79 - - [10/Sep/2021:10:44:15 +0800] "GET /xingrg/kc/buy/cgsh_order_operate.html?command=get_materiel&rest_code=00105&code=00101001040&supplier_code=00100090&order_time=2021-09-10 HTTP/1.1" 200 415
180.157.254.90 - - [10/Sep/2021:10:44:16 +0800] "GET /xingrg/kc/buy/cgsh_order_add.html HTTP/1.1" 200 63432
101.85.52.72 - - [10/Sep/2021:10:44:16 +0800] "GET /xingrg/kc/mdqp/pssh_order_info.html?code=312021090800211 HTTP/1.1" 200 17279
101.85.52.72 - - [10/Sep/2021:10:44:17 +0800] "GET /xingrg/javascript/jquery_tools/jquery-1.4.2.min.js HTTP/1.1" 404 1094
180.157.254.90 - - [10/Sep/2021:10:44:17 +0800] "POST /xingrg/kc/buy/cgsh_order_operate.html HTTP/1.1" 200 8245
180.157.254.90 - - [10/Sep/2021:10:44:17 +0800] "GET /xingrg/javascript/easyui/themes/default/validatebox.css HTTP/1.1" 404 1104
101.85.52.72 - - [10/Sep/2021:10:44:17 +0800] "GET /xingrg/words/20210909184945_words.js HTTP/1.1" 200 847654
222.70.246.151 - - [10/Sep/2021:10:44:18 +0800] "GET /xingrg/all/function/internal_message.html?_=1631241874875&CODE_STATE=getMsg HTTP/1.1" 200 27
120.253.135.82 - - [10/Sep/2021:10:44:18 +0800] "GET /xingrg/kc/pszx/mdqp_order_list.html?state=10 HTTP/1.1" 200 10217
120.253.135.82 - - [10/Sep/2021:10:44:18 +0800] "GET /xingrg/dwr/interface/AjaxReportQueryService.js HTTP/1.1" 200 13203
120.253.135.82 - - [10/Sep/2021:10:44:18 +0800] "GET /xingrg/dwr/interface/AjaxQqpsService.js HTTP/1.1" 200 16326
120.253.135.82 - - [10/Sep/2021:10:44:18 +0800] "GET /xingrg/dwr/engine.js HTTP/1.1" 200 43631
101.85.52.72 - - [10/Sep/2021:10:44:18 +0800] "POST /xingrg/kc/mdqp/pssh_order_operate.html HTTP/1.1" 200 1619
101.85.52.72 - - [10/Sep/2021:10:44:18 +0800] "GET /xingrg/all/common/auto_word.html?type=base&rest_code=00145&rest_code=00145 HTTP/1.1" 200 819
101.85.52.72 - - [10/Sep/2021:10:44:18 +0800] "GET /xingrg/all/common/auto_word.html?type=employee&rest_code=00145 HTTP/1.1" 200 155
101.85.52.72 - - [10/Sep/2021:10:44:18 +0800] "GET /xingrg/javascript/easyui/themes/default/validatebox.css HTTP/1.1" 404 1104
222.69.131.204 - - [10/Sep/2021:10:44:19 +0800] "GET /xingrg/kc/buy/cgsh_order_operate.html?command=get_materiel&rest_code=00149&code=00101012003&supplier_code=00100036&order_time=2021-09-10 HTTP/1.1" 200 412
180.157.254.90 - - [10/Sep/2021:10:44:20 +0800] "GET /xingrg/all/function/internal_message.html?_=1631241861087&CODE_STATE=getMsg HTTP/1.1" 200 27
120.253.135.82 - - [10/Sep/2021:10:44:21 +0800] "GET /xingrg/javascript/jquery_easy_ui/themes/default/images/tabs_active.png HTTP/1.1" 304 -
120.253.135.82 - - [10/Sep/2021:10:44:21 +0800] "GET /xingrg/javascript/jquery_easy_ui/themes/default/images/tabs_active.png HTTP/1.1" 304 -
120.253.135.82 - - [10/Sep/2021:10:44:21 +0800] "GET /xingrg/javascript/jquery_easy_ui/themes/default/images/tabs_active.png HTTP/1.1" 304 -
116.238.194.18 - - [10/Sep/2021:10:44:21 +0800] "GET /xingrg/javascript/jquery_easy_ui/themes/icons/area.png HTTP/1.1" 304 -
116.238.194.18 - - [10/Sep/2021:10:44:21 +0800] "GET /xingrg/javascript/jquery_easy_ui/themes/icons/rest.png HTTP/1.1" 304 -
116.238.194.18 - - [10/Sep/2021:10:44:23 +0800] "GET /xingrg/javascript/jquery_easy_ui/themes/default/images/tabs_close.gif HTTP/1.1" 304 -
116.238.194.18 - - [10/Sep/2021:10:44:23 +0800] "GET /xingrg/kc/buy/cgsh_order_list.html HTTP/1.1" 200 47694
116.238.194.18 - - [10/Sep/2021:10:44:23 +0800] "GET /xingrg/css/base.css HTTP/1.1" 304 -
116.238.194.18 - - [10/Sep/2021:10:44:23 +0800] "GET /xingrg/css/site.css HTTP/1.1" 304 -
116.238.194.18 - - [10/Sep/2021:10:44:23 +0800] "GET /xingrg/javascript/jquery_tools/jquery.tools.extend.js HTTP/1.1" 304 -
116.238.194.18 - - [10/Sep/2021:10:44:23 +0800] "GET /xingrg/javascript/jquery_tools/jquery.tools.min.js HTTP/1.1" 304 -
116.238.194.18 - - [10/Sep/2021:10:44:23 +0800] "GET /xingrg/javascript/jquery_tools/fix.css HTTP/1.1" 304 -
116.238.194.18 - - [10/Sep/2021:10:44:23 +0800] "GET /xingrg/javascript/jquery_tools/table.css HTTP/1.1" 304 -
116.238.194.18 - - [10/Sep/2021:10:44:23 +0800] "GET /xingrg/javascript/easyui/themes/default/easyui.css HTTP/1.1" 304 -
116.238.194.18 - - [10/Sep/2021:10:44:23 +0800] "GET /xingrg/javascript/easyui/themes/icon.css HTTP/1.1" 304 -
116.238.194.18 - - [10/Sep/2021:10:44:23 +0800] "GET /xingrg/javascript/auto/jquery.autocomplete.css HTTP/1.1" 304 -
116.238.194.18 - - [10/Sep/2021:10:44:23 +0800] "GET /xingrg/javascript/jquery_tools/datebox.css HTTP/1.1" 304 -
116.238.194.18 - - [10/Sep/2021:10:44:23 +0800] "GET /xingrg/javascript/jquery_tools/jquery.tools.table.js HTTP/1.1" 304 -
116.238.194.18 - - [10/Sep/2021:10:44:23 +0800] "GET /xingrg/javascript/jquery_tools/jquery.tools.hotkey.js HTTP/1.1" 304 -
116.238.194.18 - - [10/Sep/2021:10:44:23 +0800] "GET /xingrg/javascript/jquery.cookie.js HTTP/1.1" 304 -
116.238.194.18 - - [10/Sep/2021:10:44:23 +0800] "GET /xingrg/javascript/jquery_tools/list_manager.js HTTP/1.1" 304 -
116.238.194.18 - - [10/Sep/2021:10:44:23 +0800] "GET /xingrg/javascript/easyui/easyloader.js HTTP/1.1" 304 -
116.238.194.18 - - [10/Sep/2021:10:44:23 +0800] "GET /xingrg/javascript/auto/jquery.autocomplete.js HTTP/1.1" 304 -
116.238.194.18 - - [10/Sep/2021:10:44:23 +0800] "GET /xingrg/javascript/print/LodopFuncs.js HTTP/1.1" 304 -
116.238.194.18 - - [10/Sep/2021:10:44:23 +0800] "GET /xingrg/kc/buy/cgyd_order_list.html HTTP/1.1" 200 47161
116.238.194.18 - - [10/Sep/2021:10:44:24 +0800] "GET /xingrg/javascript/jquery.utils.js HTTP/1.1" 304 -
116.238.194.18 - - [10/Sep/2021:10:44:24 +0800] "GET /xingrg/javascript/easyui/themes/icons/cance_new.png HTTP/1.1" 304 -
116.238.194.18 - - [10/Sep/2021:10:44:24 +0800] "GET /xingrg/javascript/easyui/themes/icons/edit_add_new.png HTTP/1.1" 304 -
116.238.194.18 - - [10/Sep/2021:10:44:24 +0800] "GET /xingrg/javascript/easyui/themes/icons/import_new.png HTTP/1.1" 304 -
116.238.194.18 - - [10/Sep/2021:10:44:24 +0800] "GET /xingrg/javascript/easyui/themes/icons/check_new.png HTTP/1.1" 304 -
116.238.194.18 - - [10/Sep/2021:10:44:24 +0800] "GET /xingrg/javascript/easyui/themes/icons/field_new.png HTTP/1.1" 304 -
116.238.194.18 - - [10/Sep/2021:10:44:24 +0800] "GET /xingrg/javascript/easyui/themes/icons/edit_add_new.png HTTP/1.1" 304 -
116.238.194.18 - - [10/Sep/2021:10:44:24 +0800] "GET /xingrg/javascript/easyui/themes/icons/field_new.png HTTP/1.1" 304 -
116.238.194.18 - - [10/Sep/2021:10:44:24 +0800] "GET /xingrg/javascript/easyui/themes/icons/check_new.png HTTP/1.1" 304 -
116.238.194.18 - - [10/Sep/2021:10:44:24 +0800] "GET /xingrg/javascript/easyui/themes/icons/cance_new.png HTTP/1.1" 304 -
116.238.194.18 - - [10/Sep/2021:10:44:24 +0800] "GET /xingrg/javascript/easyui/themes/icons/import_new.png HTTP/1.1" 304 -
116.238.194.18 - - [10/Sep/2021:10:44:24 +0800] "GET /xingrg/javascript/easyui/plugins/jquery.parser.js HTTP/1.1" 304 -
116.238.194.18 - - [10/Sep/2021:10:44:24 +0800] "GET /xingrg/images/control/ajaxLoader.gif HTTP/1.1" 304 -
116.238.194.18 - - [10/Sep/2021:10:44:24 +0800] "GET /favicon.ico HTTP/1.1" 404 -
116.238.194.18 - - [10/Sep/2021:10:44:25 +0800] "POST /xingrg/kc/buy/cgyd_list_operate.html HTTP/1.1" 200 976
116.238.194.18 - - [10/Sep/2021:10:44:26 +0800] "POST /xingrg/kc/buy/cgsh_list_operate.html HTTP/1.1" 200 2070
116.238.194.18 - - [10/Sep/2021:10:44:26 +0800] "GET /xingrg/javascript/easyui/themes/default/images/button_plain_hover.png HTTP/1.1" 304 -
101.83.145.79 - - [10/Sep/2021:10:44:26 +0800] "GET /xingrg/kc/buy/cgsh_order_operate.html?command=get_materiel&rest_code=00105&code=00101001049&supplier_code=00100090&order_time=2021-09-10 HTTP/1.1" 200 415
116.238.194.18 - - [10/Sep/2021:10:44:28 +0800] "GET /xingrg/javascript/jquery_tools/order_manager.js HTTP/1.1" 304 -
116.238.194.18 - - [10/Sep/2021:10:44:28 +0800] "GET /xingrg/javascript/convert.js HTTP/1.1" 304 -
116.238.194.18 - - [10/Sep/2021:10:44:28 +0800] "GET /xingrg/javascript/print/kc_print.js HTTP/1.1" 304 -
116.238.194.18 - - [10/Sep/2021:10:44:28 +0800] "GET /xingrg/javascript/pic_change.js HTTP/1.1" 304 -
116.238.194.18 - - [10/Sep/2021:10:44:28 +0800] "GET /xingrg/javascript/json2.js HTTP/1.1" 304 -
116.238.194.18 - - [10/Sep/2021:10:44:28 +0800] "GET /xingrg/kc/buy/cgsh_order_add.html HTTP/1.1" 200 63362
116.238.194.18 - - [10/Sep/2021:10:44:28 +0800] "GET /xingrg/words/20210909184945_words.js HTTP/1.1" 304 -
116.238.194.18 - - [10/Sep/2021:10:44:28 +0800] "GET /xingrg/javascript/easyui/themes/icons/copy_new.png HTTP/1.1" 304 -
116.238.194.18 - - [10/Sep/2021:10:44:28 +0800] "GET /xingrg/javascript/easyui/themes/icons/template_new.png HTTP/1.1" 304 -
116.238.194.18 - - [10/Sep/2021:10:44:28 +0800] "GET /xingrg/javascript/easyui/themes/icons/ok.png HTTP/1.1" 304 -
116.238.194.18 - - [10/Sep/2021:10:44:28 +0800] "GET /xingrg/javascript/easyui/themes/icons/print.png HTTP/1.1" 304 -
116.238.194.18 - - [10/Sep/2021:10:44:28 +0800] "GET /xingrg/javascript/easyui/themes/default/images/menu_downarrow.png HTTP/1.1" 304 -
116.238.194.18 - - [10/Sep/2021:10:44:28 +0800] "GET /xingrg/javascript/easyui/themes/icons/cancel.png HTTP/1.1" 304 -
116.238.194.18 - - [10/Sep/2021:10:44:28 +0800] "POST /xingrg/kc/buy/cgsh_order_operate.html HTTP/1.1" 200 8245
116.238.194.18 - - [10/Sep/2021:10:44:28 +0800] "GET /xingrg/javascript/easyui/themes/icons/edit_remove.png HTTP/1.1" 304 -
116.238.194.18 - - [10/Sep/2021:10:44:29 +0800] "GET /xingrg/all/common/auto_word.html?type=employee&rest_code=00150 HTTP/1.1" 200 205
116.238.194.18 - - [10/Sep/2021:10:44:29 +0800] "GET /xingrg/all/common/auto_word.html?type=employee&rest_code=00150 HTTP/1.1" 200 205
116.238.194.18 - - [10/Sep/2021:10:44:29 +0800] "GET /xingrg/javascript/easyui/themes/default/validatebox.css HTTP/1.1" 404 1104
116.238.194.18 - - [10/Sep/2021:10:44:29 +0800] "GET /xingrg/javascript/easyui/plugins/jquery.validatebox.js HTTP/1.1" 304 -
116.238.194.18 - - [10/Sep/2021:10:44:29 +0800] "GET /xingrg/javascript/easyui/plugins/jquery.numberbox.js HTTP/1.1" 304 -
222.69.131.204 - - [10/Sep/2021:10:44:29 +0800] "GET /xingrg/kc/buy/cgsh_order_operate.html?command=get_materiel&rest_code=00149&code=00101010092&supplier_code=00100036&order_time=2021-09-10 HTTP/1.1" 200 450
116.237.74.154 - - [10/Sep/2021:10:44:29 +0800] "GET /xingrg/all/function/internal_message.html?_=1631241870182&CODE_STATE=getMsg HTTP/1.1" 200 27
180.169.147.146 - - [10/Sep/2021:10:44:33 +0800] "GET /xingrg/all/function/internal_message.html?_=1631241861692&CODE_STATE=getMsg HTTP/1.1" 200 27
116.238.194.18 - - [10/Sep/2021:10:44:34 +0800] "GET /xingrg/kc/buy/cgsh_order_add.html HTTP/1.1" 200 63362
116.238.194.18 - - [10/Sep/2021:10:44:34 +0800] "POST /xingrg/kc/buy/cgsh_order_operate.html HTTP/1.1" 200 8245
116.238.194.18 - - [10/Sep/2021:10:44:34 +0800] "GET /xingrg/javascript/easyui/themes/default/validatebox.css HTTP/1.1" 404 1104
116.230.105.26 - - [10/Sep/2021:10:44:36 +0800] "GET /xingrg/all/function/internal_message.html?_=1631241813594&CODE_STATE=getMsg HTTP/1.1" 200 27
180.157.254.90 - - [10/Sep/2021:10:44:38 +0800] "GET /xingrg/kc/buy/cgsh_order_operate.html?command=get_materiel&rest_code=00148&code=00101004047&supplier_code=00100312&order_time=2021-09-10 HTTP/1.1" 200 455
101.83.145.79 - - [10/Sep/2021:10:44:38 +0800] "GET /xingrg/kc/buy/cgsh_order_operate.html?command=get_materiel&rest_code=00105&code=00101001169&supplier_code=00100090&order_time=2021-09-10 HTTP/1.1" 200 415
222.69.131.204 - - [10/Sep/2021:10:44:38 +0800] "GET /xingrg/kc/buy/cgsh_order_operate.html?command=get_materiel&rest_code=00149&code=00101016080&supplier_code=00100036&order_time=2021-09-10 HTTP/1.1" 200 408
116.238.194.18 - - [10/Sep/2021:10:44:40 +0800] "GET /xingrg/javascript/auto/indicator.gif HTTP/1.1" 404 1066
222.69.131.204 - - [10/Sep/2021:10:44:48 +0800] "POST /xingrg/kc/buy/cgsh_order_operate.html HTTP/1.1" 200 37
180.157.254.90 - - [10/Sep/2021:10:44:48 +0800] "GET /xingrg/kc/buy/cgsh_order_operate.html?command=get_materiel&rest_code=00148&code=00101004046&supplier_code=00100312&order_time=2021-09-10 HTTP/1.1" 200 417
116.237.74.154 - - [10/Sep/2021:10:44:49 +0800] "GET /xingrg/all/function/internal_message.html?_=1631241883866&CODE_STATE=getMsg HTTP/1.1" 200 27
101.83.145.79 - - [10/Sep/2021:10:44:50 +0800] "GET /xingrg/kc/buy/cgsh_order_operate.html?command=get_materiel&rest_code=00105&code=00101001043&supplier_code=00100090&order_time=2021-09-10 HTTP/1.1" 200 415
120.253.135.82 - - [10/Sep/2021:10:44:51 +0800] "GET /xingrg/all/function/internal_message.html?_=1631241484775&CODE_STATE=getMsg HTTP/1.1" 200 27
180.169.147.146 - - [10/Sep/2021:10:44:52 +0800] "GET /xingrg/all/function/internal_message.html?_=1631241890924&CODE_STATE=getMsg HTTP/1.1" 200 27
120.253.135.82 - - [10/Sep/2021:10:44:52 +0800] "GET /xingrg/all/function/internal_message.html?_=1631241664996&CODE_STATE=getMsg HTTP/1.1" 200 27
180.169.147.146 - - [10/Sep/2021:10:44:54 +0800] "GET /xingrg/all/function/internal_message.html?_=1631241894682&CODE_STATE=getMsg HTTP/1.1" 200 27
116.238.194.18 - - [10/Sep/2021:10:44:55 +0800] "POST /xingrg/all/user/operate.html HTTP/1.1" 200 36
116.238.194.18 - - [10/Sep/2021:10:44:56 +0800] "GET /xingrg/javascript/jquery_easy_ui/themes/default/easyui.css HTTP/1.1" 304 -
116.238.194.18 - - [10/Sep/2021:10:44:56 +0800] "GET /xingrg/index.html?sysBaseUrl=http%3A%2F%2F180.169.147.146%3A18081%2Fxingrg%2F&costTime=40×tamp=1631184791313 HTTP/1.1" 200 17177
116.238.194.18 - - [10/Sep/2021:10:44:56 +0800] "GET /xingrg/javascript/jquery_easy_ui/themes/icon.css HTTP/1.1" 304 -
116.238.194.18 - - [10/Sep/2021:10:44:56 +0800] "GET /xingrg/css/form.css HTTP/1.1" 304 -
116.238.194.18 - - [10/Sep/2021:10:44:56 +0800] "GET /xingrg/javascript/jquery-1.4.2.min.js HTTP/1.1" 304 -
116.238.194.18 - - [10/Sep/2021:10:44:56 +0800] "GET /xingrg/javascript/jquery_easy_ui/jquery.easyui.min.js HTTP/1.1" 304 -
116.238.194.18 - - [10/Sep/2021:10:44:56 +0800] "GET /xingrg/javascript/jquery_easy_ui/easyui-lang-zh_CN.js HTTP/1.1" 304 -
116.238.194.18 - - [10/Sep/2021:10:44:56 +0800] "GET /xingrg/javascript/jquery.form.js HTTP/1.1" 304 -
116.238.194.18 - - [10/Sep/2021:10:44:56 +0800] "GET /xingrg/javascript/jquery.utils.js HTTP/1.1" 304 -
116.238.194.18 - - [10/Sep/2021:10:44:56 +0800] "GET /xingrg/javascript/jquery.timers.js HTTP/1.1" 304 -
222.69.131.204 - - [10/Sep/2021:10:44:56 +0800] "POST /xingrg/kc/buy/cgsh_order_operate.html HTTP/1.1" 200 12
116.238.194.18 - - [10/Sep/2021:10:44:56 +0800] "GET /xingrg/images/blue/jxLogo.png HTTP/1.1" 304 -
116.238.194.18 - - [10/Sep/2021:10:44:56 +0800] "GET /xingrg/images/blue/navBackgound.jpg HTTP/1.1" 304 -
116.238.194.18 - - [10/Sep/2021:10:44:56 +0800] "GET /xingrg/javascript/jquery_easy_ui/themes/icons/settle_new.png HTTP/1.1" 304 -
116.238.194.18 - - [10/Sep/2021:10:44:56 +0800] "POST /xingrg/all/common/load_tree.html?tree=area_rest_tree_json&manage=1 HTTP/1.1" 200 476
116.238.194.18 - - [10/Sep/2021:10:44:56 +0800] "GET /xingrg/all/function/internal_message.html?_=1631241895036&CODE_STATE=count HTTP/1.1" 200 11
116.238.194.18 - - [10/Sep/2021:10:44:56 +0800] "GET /xingrg/check_reg.html?_=1631241895038 HTTP/1.1" 200 22
116.238.194.18 - - [10/Sep/2021:10:44:56 +0800] "GET /xingrg/javascript/jquery_easy_ui/themes/default/images/tabs_leftarrow.png HTTP/1.1" 304 -
116.238.194.18 - - [10/Sep/2021:10:44:56 +0800] "GET /xingrg/images/blue/pingpu.png HTTP/1.1" 304 -
116.238.194.18 - - [10/Sep/2021:10:44:56 +0800] "GET /xingrg/javascript/jquery_easy_ui/themes/default/images/tabs_rightarrow.png HTTP/1.1" 304 -
116.238.194.18 - - [10/Sep/2021:10:44:56 +0800] "GET /xingrg/javascript/jquery_easy_ui/themes/default/images/panel_tool_collapse.gif HTTP/1.1" 304 -
116.238.194.18 - - [10/Sep/2021:10:44:56 +0800] "POST /xingrg/load_menu.html HTTP/1.1" 200 5138
222.69.131.204 - - [10/Sep/2021:10:44:58 +0800] "GET /xingrg/kc/buy/cgsh_order_info.html?code=212021091004101 HTTP/1.1" 200 58390
116.232.52.204 - - [10/Sep/2021:10:44:58 +0800] "GET /xingrg/all/function/internal_message.html?_=1631241898449&CODE_STATE=getMsg HTTP/1.1" 200 27
222.69.131.204 - - [10/Sep/2021:10:44:58 +0800] "GET /xingrg/javascript/easyui/themes/default/validatebox.css HTTP/1.1" 404 1104
101.85.52.72 - - [10/Sep/2021:10:44:59 +0800] "GET /xingrg/all/function/internal_message.html?_=1631241889274&CODE_STATE=getMsg HTTP/1.1" 200 27
180.169.147.146 - - [10/Sep/2021:10:45:00 +0800] "GET /xingrg/all/function/internal_message.html?_=1631241929615&CODE_STATE=getMsg HTTP/1.1" 200 27
101.83.145.79 - - [10/Sep/2021:10:45:00 +0800] "POST /xingrg/kc/buy/cgsh_order_operate.html HTTP/1.1" 200 37
222.69.131.204 - - [10/Sep/2021:10:45:00 +0800] "POST /xingrg/kc/buy/cgsh_order_operate.html HTTP/1.1" 200 1802
116.238.194.18 - - [10/Sep/2021:10:45:00 +0800] "GET /xingrg/kc/buy/cgsh_order_list.html HTTP/1.1" 200 47692
222.69.131.204 - - [10/Sep/2021:10:45:01 +0800] "GET /xingrg/kc/print/load_data.html?order_code=212021091004101&kc_code=cgsh&condition= HTTP/1.1" 200 1245
116.238.194.18 - - [10/Sep/2021:10:45:01 +0800] "GET /xingrg/kc/buy/cgsh_order_operate.html?command=get_materiel&rest_code=00150&code=00101004011&supplier_code=00100086&order_time=2021-09-10 HTTP/1.1" 200 413
101.83.145.79 - - [10/Sep/2021:10:45:01 +0800] "POST /xingrg/kc/buy/cgsh_order_operate.html HTTP/1.1" 200 5641
116.238.194.18 - - [10/Sep/2021:10:45:02 +0800] "POST /xingrg/kc/buy/cgsh_list_operate.html HTTP/1.1" 200 2086
101.83.145.79 - - [10/Sep/2021:10:45:03 +0800] "GET /xingrg/kc/print/load_data.html?order_code=212021091004102&kc_code=cgsh&condition= HTTP/1.1" 200 1884
101.83.145.79 - - [10/Sep/2021:10:45:06 +0800] "GET /xingrg/kc/buy/cgsh_order_add.html HTTP/1.1" 200 63473
101.83.145.79 - - [10/Sep/2021:10:45:07 +0800] "POST /xingrg/kc/buy/cgsh_order_operate.html HTTP/1.1" 200 8245
101.83.145.79 - - [10/Sep/2021:10:45:07 +0800] "GET /xingrg/javascript/easyui/themes/default/validatebox.css HTTP/1.1" 404 1104
222.70.179.190 - - [10/Sep/2021:10:45:08 +0800] "GET /xingrg/all/function/internal_message.html?_=1631241903980&CODE_STATE=getMsg HTTP/1.1" 200 27
101.83.145.79 - - [10/Sep/2021:10:45:08 +0800] "GET /xingrg/all/function/internal_message.html?_=1631241908019&CODE_STATE=getMsg HTTP/1.1" 200 27
116.238.194.18 - - [10/Sep/2021:10:45:11 +0800] "GET /xingrg/kc/buy/cgsh_order_list.html HTTP/1.1" 200 47692
222.69.131.204 - - [10/Sep/2021:10:45:13 +0800] "GET /xingrg/all/function/internal_message.html?_=1631241911176&CODE_STATE=getMsg HTTP/1.1" 200 27
116.238.194.18 - - [10/Sep/2021:10:45:13 +0800] "POST /xingrg/kc/buy/cgsh_list_operate.html HTTP/1.1" 200 2086
101.85.93.96 - - [10/Sep/2021:10:45:13 +0800] "GET /xingrg/check_reg.html?_=1631241836980 HTTP/1.1" 200 22
101.85.93.96 - - [10/Sep/2021:10:45:13 +0800] "GET /xingrg/all/function/internal_message.html?_=1631241836978&CODE_STATE=getMsg HTTP/1.1" 200 27
116.238.194.18 - - [10/Sep/2021:10:45:14 +0800] "GET /xingrg/all/function/internal_message.html?_=1631241887118&CODE_STATE=getMsg HTTP/1.1" 200 27
116.238.168.124 - - [10/Sep/2021:10:45:15 +0800] "GET /xingrg/all/function/internal_message.html?_=1631241892994&CODE_STATE=getMsg HTTP/1.1" 200 27
116.238.194.18 - - [10/Sep/2021:10:45:15 +0800] "GET /xingrg/kc/buy/cgsh_order_add.html HTTP/1.1" 200 63068
116.238.194.18 - - [10/Sep/2021:10:45:15 +0800] "POST /xingrg/kc/buy/cgsh_order_operate.html HTTP/1.1" 200 8245
116.238.194.18 - - [10/Sep/2021:10:45:15 +0800] "GET /xingrg/javascript/easyui/themes/default/validatebox.css HTTP/1.1" 404 1104
222.70.246.151 - - [10/Sep/2021:10:45:18 +0800] "GET /xingrg/all/function/internal_message.html?_=1631241934889&CODE_STATE=getMsg HTTP/1.1" 200 27
116.238.194.18 - - [10/Sep/2021:10:45:18 +0800] "GET /xingrg/javascript/auto/indicator.gif HTTP/1.1" 404 1066
101.83.145.79 - - [10/Sep/2021:10:45:18 +0800] "GET /xingrg/kc/buy/cgsh_order_operate.html?command=get_materiel&rest_code=00105&code=00101008171&supplier_code=00100327&order_time=2021-09-10 HTTP/1.1" 200 421
180.157.254.90 - - [10/Sep/2021:10:45:20 +0800] "GET /xingrg/all/function/internal_message.html?_=1631241921066&CODE_STATE=getMsg HTTP/1.1" 200 27
116.238.194.18 - - [10/Sep/2021:10:45:20 +0800] "POST /xingrg/kc/buy/cgsh_order_operate.html HTTP/1.1" 200 37
180.169.147.146 - - [10/Sep/2021:10:45:23 +0800] "GET /xingrg/javascript/jquery_easy_ui/themes/default/images/button_plain_hover.png HTTP/1.1" 200 252
116.238.194.18 - - [10/Sep/2021:10:45:23 +0800] "POST /xingrg/kc/buy/cgsh_order_operate.html HTTP/1.1" 200 12
116.238.194.18 - - [10/Sep/2021:10:45:24 +0800] "GET /xingrg/kc/buy/cgsh_order_info.html?code=212021091004103 HTTP/1.1" 200 58279
116.238.194.18 - - [10/Sep/2021:10:45:24 +0800] "GET /xingrg/javascript/easyui/themes/default/validatebox.css HTTP/1.1" 404 1104
116.238.194.18 - - [10/Sep/2021:10:45:25 +0800] "POST /xingrg/kc/buy/cgsh_order_operate.html HTTP/1.1" 200 613
116.238.194.18 - - [10/Sep/2021:10:45:26 +0800] "GET /xingrg/kc/print/load_config.html?kc_code=cgsh HTTP/1.1" 200 2076
116.238.194.18 - - [10/Sep/2021:10:45:26 +0800] "GET /xingrg/kc/print/load_data.html?order_code=212021091004103&kc_code=cgsh&condition= HTTP/1.1" 200 811
101.83.145.79 - - [10/Sep/2021:10:45:29 +0800] "GET /xingrg/kc/buy/cgsh_order_operate.html?command=get_materiel&rest_code=00105&code=00101012086&supplier_code=00100327&order_time=2021-09-10 HTTP/1.1" 200 406
116.237.74.154 - - [10/Sep/2021:10:45:29 +0800] "GET /xingrg/all/function/internal_message.html?_=1631241930183&CODE_STATE=getMsg HTTP/1.1" 200 27
116.238.194.18 - - [10/Sep/2021:10:45:31 +0800] "GET /xingrg/kc/buy/cgsh_order_operate.html?command=get_materiel&rest_code=00151&code=00101010079&supplier_code=00100336&order_time=2021-09-10 HTTP/1.1" 200 413
180.169.147.146 - - [10/Sep/2021:10:45:33 +0800] "GET /xingrg/all/function/internal_message.html?_=1631241921691&CODE_STATE=getMsg HTTP/1.1" 200 27
58.40.7.146 - - [10/Sep/2021:10:45:35 +0800] "GET /xingrg/check_reg.html?_=1631241934292 HTTP/1.1" 302 -
116.230.105.26 - - [10/Sep/2021:10:45:36 +0800] "GET /xingrg/all/function/internal_message.html?_=1631241873584&CODE_STATE=getMsg HTTP/1.1" 200 27
101.83.145.79 - - [10/Sep/2021:10:45:38 +0800] "POST /xingrg/kc/buy/cgsh_order_operate.html HTTP/1.1" 200 37
116.238.194.18 - - [10/Sep/2021:10:45:42 +0800] "POST /xingrg/kc/buy/cgsh_order_operate.html HTTP/1.1" 200 37
180.157.254.90 - - [10/Sep/2021:10:45:43 +0800] "GET /xingrg/kc/buy/cgsh_order_operate.html?command=get_materiel&rest_code=00148&code=00101004071&supplier_code=00100312&order_time=2021-09-10 HTTP/1.1" 200 409
101.83.145.79 - - [10/Sep/2021:10:45:44 +0800] "POST /xingrg/kc/buy/cgsh_order_operate.html HTTP/1.1" 200 3253
116.238.194.18 - - [10/Sep/2021:10:45:45 +0800] "POST /xingrg/kc/buy/cgsh_order_operate.html HTTP/1.1" 200 12
116.238.194.18 - - [10/Sep/2021:10:45:46 +0800] "GET /xingrg/kc/buy/cgsh_order_info.html?code=212021091004105 HTTP/1.1" 200 57977
116.238.194.18 - - [10/Sep/2021:10:45:46 +0800] "GET /xingrg/javascript/easyui/themes/default/validatebox.css HTTP/1.1" 404 1104
101.83.145.79 - - [10/Sep/2021:10:45:46 +0800] "GET /xingrg/kc/print/load_data.html?order_code=212021091004104&kc_code=cgsh&condition= HTTP/1.1" 200 903
116.238.194.18 - - [10/Sep/2021:10:45:46 +0800] "POST /xingrg/kc/buy/cgsh_order_operate.html HTTP/1.1" 200 618
116.238.194.18 - - [10/Sep/2021:10:45:48 +0800] "GET /xingrg/kc/print/load_data.html?order_code=212021091004105&kc_code=cgsh&condition= HTTP/1.1" 200 711
101.83.145.79 - - [10/Sep/2021:10:45:49 +0800] "GET /xingrg/kc/buy/cgsh_order_add.html HTTP/1.1" 200 63473
116.237.74.154 - - [10/Sep/2021:10:45:49 +0800] "GET /xingrg/all/function/internal_message.html?_=1631241943846&CODE_STATE=getMsg HTTP/1.1" 200 27
101.83.145.79 - - [10/Sep/2021:10:45:50 +0800] "GET /xingrg/javascript/easyui/themes/default/validatebox.css HTTP/1.1" 404 1104
101.83.145.79 - - [10/Sep/2021:10:45:50 +0800] "POST /xingrg/kc/buy/cgsh_order_operate.html HTTP/1.1" 200 8245
116.238.194.18 - - [10/Sep/2021:10:45:50 +0800] "GET /xingrg/kc/buy/cgsh_order_add.html HTTP/1.1" 200 63362
116.238.194.18 - - [10/Sep/2021:10:45:50 +0800] "POST /xingrg/kc/buy/cgsh_order_operate.html HTTP/1.1" 200 8245
116.238.194.18 - - [10/Sep/2021:10:45:51 +0800] "GET /xingrg/javascript/easyui/themes/default/validatebox.css HTTP/1.1" 404 1104
120.253.135.82 - - [10/Sep/2021:10:45:51 +0800] "GET /xingrg/all/function/internal_message.html?_=1631241544775&CODE_STATE=getMsg HTTP/1.1" 200 27
180.169.147.146 - - [10/Sep/2021:10:45:52 +0800] "GET /xingrg/all/function/internal_message.html?_=1631241950914&CODE_STATE=getMsg HTTP/1.1" 200 27
120.253.135.82 - - [10/Sep/2021:10:45:52 +0800] "GET /xingrg/all/function/internal_message.html?_=1631241725011&CODE_STATE=getMsg HTTP/1.1" 200 27
180.169.147.146 - - [10/Sep/2021:10:45:54 +0800] "GET /xingrg/all/function/internal_message.html?_=1631241954671&CODE_STATE=getMsg HTTP/1.1" 200 27
116.238.194.18 - - [10/Sep/2021:10:45:55 +0800] "GET /xingrg/kc/buy/cgsh_order_add.html HTTP/1.1" 200 63068
116.238.194.18 - - [10/Sep/2021:10:45:55 +0800] "POST /xingrg/kc/buy/cgsh_order_operate.html HTTP/1.1" 200 8245
116.238.194.18 - - [10/Sep/2021:10:45:55 +0800] "GET /xingrg/javascript/easyui/themes/default/validatebox.css HTTP/1.1" 404 1104
116.238.194.18 - - [10/Sep/2021:10:45:56 +0800] "GET /xingrg/all/function/internal_message.html?_=1631241955040&CODE_STATE=getMsg HTTP/1.1" 200 27
116.232.52.204 - - [10/Sep/2021:10:45:58 +0800] "GET /xingrg/all/function/internal_message.html?_=1631241958456&CODE_STATE=getMsg HTTP/1.1" 200 27
101.83.145.79 - - [10/Sep/2021:10:45:58 +0800] "GET /xingrg/kc/buy/cgsh_order_operate.html?command=get_materiel&rest_code=00105&code=00101007032&supplier_code=00100328&order_time=2021-09-10 HTTP/1.1" 200 413
180.157.254.90 - - [10/Sep/2021:10:45:58 +0800] "GET /xingrg/kc/buy/cgsh_order_operate.html?command=get_materiel&rest_code=00148&code=00101004049&supplier_code=00100312&order_time=2021-09-10 HTTP/1.1" 200 415
101.85.52.72 - - [10/Sep/2021:10:45:59 +0800] "GET /xingrg/all/function/internal_message.html?_=1631241949271&CODE_STATE=getMsg HTTP/1.1" 200 27
180.169.147.146 - - [10/Sep/2021:10:46:00 +0800] "GET /xingrg/all/function/internal_message.html?_=1631241989616&CODE_STATE=getMsg HTTP/1.1" 200 27
116.238.194.18 - - [10/Sep/2021:10:46:00 +0800] "GET /xingrg/kc/buy/cgsh_order_operate.html?command=get_materiel&rest_code=00150&code=00101004046&supplier_code=00100312&order_time=2021-09-10 HTTP/1.1" 200 417
116.238.194.18 - - [10/Sep/2021:10:46:05 +0800] "GET /xingrg/kc/buy/cgsh_order_operate.html?command=get_materiel&rest_code=00151&code=00101010633&supplier_code=00100266&order_time=2021-09-10 HTTP/1.1" 200 396
101.83.145.79 - - [10/Sep/2021:10:46:08 +0800] "GET /xingrg/kc/buy/cgsh_order_operate.html?command=get_materiel&rest_code=00105&code=00101007077&supplier_code=00100328&order_time=2021-09-10 HTTP/1.1" 200 415
222.70.179.190 - - [10/Sep/2021:10:46:08 +0800] "GET /xingrg/all/function/internal_message.html?_=1631241963961&CODE_STATE=getMsg HTTP/1.1" 200 27
101.83.145.79 - - [10/Sep/2021:10:46:08 +0800] "GET /xingrg/all/function/internal_message.html?_=1631241968000&CODE_STATE=getMsg HTTP/1.1" 200 27
116.238.194.18 - - [10/Sep/2021:10:46:12 +0800] "GET /xingrg/kc/buy/cgsh_order_operate.html?command=get_materiel&rest_code=00150&code=00101004067&supplier_code=00100312&order_time=2021-09-10 HTTP/1.1" 200 433
222.69.131.204 - - [10/Sep/2021:10:46:13 +0800] "GET /xingrg/all/function/internal_message.html?_=1631241971160&CODE_STATE=getMsg HTTP/1.1" 200 27
101.85.93.96 - - [10/Sep/2021:10:46:13 +0800] "GET /xingrg/all/function/internal_message.html?_=1631241896977&CODE_STATE=getMsg HTTP/1.1" 200 27
116.238.194.18 - - [10/Sep/2021:10:46:14 +0800] "GET /xingrg/all/function/internal_message.html?_=1631241947131&CODE_STATE=getMsg HTTP/1.1" 200 27
116.238.168.124 - - [10/Sep/2021:10:46:15 +0800] "GET /xingrg/all/function/internal_message.html?_=1631241953000&CODE_STATE=getMsg HTTP/1.1" 200 27
222.70.246.151 - - [10/Sep/2021:10:46:17 +0800] "GET /xingrg/check_reg.html?_=1631241994409 HTTP/1.1" 200 22
222.70.246.151 - - [10/Sep/2021:10:46:18 +0800] "GET /xingrg/all/function/internal_message.html?_=1631241994902&CODE_STATE=getMsg HTTP/1.1" 200 27
101.83.145.79 - - [10/Sep/2021:10:46:19 +0800] "POST /xingrg/kc/buy/cgsh_order_operate.html HTTP/1.1" 200 37
180.157.254.90 - - [10/Sep/2021:10:46:20 +0800] "GET /xingrg/all/function/internal_message.html?_=1631241981035&CODE_STATE=getMsg HTTP/1.1" 200 27
116.238.194.18 - - [10/Sep/2021:10:46:20 +0800] "GET /xingrg/kc/buy/cgsh_order_operate.html?command=get_materiel&rest_code=00150&code=00101001029&supplier_code=00100312&order_time=2021-09-10 HTTP/1.1" 200 413
116.238.194.18 - - [10/Sep/2021:10:46:22 +0800] "GET /xingrg/kc/buy/cgsh_order_operate.html?command=get_materiel&rest_code=00151&code=00101021013&supplier_code=00100266&order_time=2021-09-10 HTTP/1.1" 200 404
101.83.145.79 - - [10/Sep/2021:10:46:27 +0800] "POST /xingrg/kc/buy/cgsh_order_operate.html HTTP/1.1" 200 3253
180.157.254.90 - - [10/Sep/2021:10:46:28 +0800] "GET /xingrg/kc/buy/cgsh_order_operate.html?command=get_materiel&rest_code=00148&code=00101004030&supplier_code=00100312&order_time=2021-09-10 HTTP/1.1" 200 408
101.83.145.79 - - [10/Sep/2021:10:46:28 +0800] "GET /xingrg/kc/print/load_data.html?order_code=212021091004106&kc_code=cgsh&condition= HTTP/1.1" 200 909
116.237.74.154 - - [10/Sep/2021:10:46:29 +0800] "GET /xingrg/all/function/internal_message.html?_=1631241990183&CODE_STATE=getMsg HTTP/1.1" 200 27
101.83.145.79 - - [10/Sep/2021:10:46:32 +0800] "GET /xingrg/kc/buy/cgsh_order_add.html HTTP/1.1" 200 63473
101.83.145.79 - - [10/Sep/2021:10:46:32 +0800] "POST /xingrg/kc/buy/cgsh_order_operate.html HTTP/1.1" 200 8245
101.83.145.79 - - [10/Sep/2021:10:46:32 +0800] "GET /xingrg/javascript/easyui/themes/default/validatebox.css HTTP/1.1" 404 1104
116.238.194.18 - - [10/Sep/2021:10:46:32 +0800] "GET /xingrg/kc/buy/cgsh_order_operate.html?command=get_materiel&rest_code=00151&code=00101010398&supplier_code=00100266&order_time=2021-09-10 HTTP/1.1" 200 407
180.169.147.146 - - [10/Sep/2021:10:46:33 +0800] "GET /xingrg/all/function/internal_message.html?_=1631241981692&CODE_STATE=getMsg HTTP/1.1" 200 27
116.230.105.26 - - [10/Sep/2021:10:46:36 +0800] "GET /xingrg/all/function/internal_message.html?_=1631241933591&CODE_STATE=getMsg HTTP/1.1" 200 27
180.157.254.90 - - [10/Sep/2021:10:46:41 +0800] "GET /xingrg/kc/buy/cgsh_order_operate.html?command=get_materiel&rest_code=00148&code=00101004013&supplier_code=00100312&order_time=2021-09-10 HTTP/1.1" 200 415
116.238.194.18 - - [10/Sep/2021:10:46:44 +0800] "GET /xingrg/kc/buy/cgsh_order_operate.html?command=get_materiel&rest_code=00151&code=00101021005&supplier_code=00100266&order_time=2021-09-10 HTTP/1.1" 200 410
101.83.145.79 - - [10/Sep/2021:10:46:44 +0800] "GET /xingrg/kc/buy/cgsh_order_operate.html?command=get_materiel&rest_code=00105&code=00101010589&supplier_code=00100323&order_time=2021-09-10 HTTP/1.1" 200 401
116.238.194.18 - - [10/Sep/2021:10:46:45 +0800] "POST /xingrg/all/common/load_select.html HTTP/1.1" 200 12
116.238.194.18 - - [10/Sep/2021:10:46:47 +0800] "GET /xingrg/javascript/jquery_tools/images/next.gif HTTP/1.1" 404 1086
116.238.194.18 - - [10/Sep/2021:10:46:47 +0800] "GET /xingrg/javascript/jquery_tools/images/prev.gif HTTP/1.1" 404 1086
116.238.194.18 - - [10/Sep/2021:10:46:48 +0800] "GET /xingrg/kc/buy/cgsh_order_operate.html?command=get_materiel_price&rest_code=00151&code=00101021005&unit_code=00100005&supplier_code=00100266&order_time=2021-09-10 HTTP/1.1" 200 29
124.79.246.142 - - [10/Sep/2021:10:46:49 +0800] "POST /xingrg/services/DataTransmitService HTTP/1.1" 200 524
116.237.74.154 - - [10/Sep/2021:10:46:49 +0800] "GET /xingrg/all/function/internal_message.html?_=1631242003821&CODE_STATE=getMsg HTTP/1.1" 200 27
124.79.246.142 - - [10/Sep/2021:10:46:50 +0800] "POST /xingrg/services/DataTransmitService HTTP/1.1" 200 2235
124.79.246.142 - - [10/Sep/2021:10:46:50 +0800] "POST /xingrg/services/DataTransmitService HTTP/1.1" 200 129800
116.238.194.18 - - [10/Sep/2021:10:46:51 +0800] "GET /xingrg/kc/buy/cgsh_order_operate.html?command=get_materiel&rest_code=00150&code=00101004057&supplier_code=00100312&order_time=2021-09-10 HTTP/1.1" 200 411
120.253.135.82 - - [10/Sep/2021:10:46:51 +0800] "GET /xingrg/all/function/internal_message.html?_=1631241604800&CODE_STATE=getMsg HTTP/1.1" 200 27
180.169.147.146 - - [10/Sep/2021:10:46:52 +0800] "GET /xingrg/all/function/internal_message.html?_=1631242010909&CODE_STATE=getMsg HTTP/1.1" 200 27
120.253.135.82 - - [10/Sep/2021:10:46:52 +0800] "GET /xingrg/all/function/internal_message.html?_=1631241785058&CODE_STATE=getMsg HTTP/1.1" 200 27
180.169.147.146 - - [10/Sep/2021:10:46:54 +0800] "GET /xingrg/all/function/internal_message.html?_=1631242014673&CODE_STATE=getMsg HTTP/1.1" 200 27
116.238.194.18 - - [10/Sep/2021:10:46:56 +0800] "GET /xingrg/all/function/internal_message.html?_=1631242015045&CODE_STATE=getMsg HTTP/1.1" 200 27
116.232.52.204 - - [10/Sep/2021:10:46:58 +0800] "GET /xingrg/all/function/internal_message.html?_=1631242018464&CODE_STATE=getMsg HTTP/1.1" 200 27
101.85.52.72 - - [10/Sep/2021:10:46:59 +0800] "GET /xingrg/all/function/internal_message.html?_=1631242009268&CODE_STATE=getMsg HTTP/1.1" 200 27
180.169.147.146 - - [10/Sep/2021:10:47:00 +0800] "GET /xingrg/all/function/internal_message.html?_=1631242049621&CODE_STATE=getMsg HTTP/1.1" 200 27
180.169.147.146 - - [10/Sep/2021:10:47:00 +0800] "GET /xingrg/check_reg.html?_=1631242049618 HTTP/1.1" 200 22
101.83.145.79 - - [10/Sep/2021:10:47:02 +0800] "GET /xingrg/kc/buy/cgsh_order_operate.html?command=get_materiel&rest_code=00105&code=00101006119&supplier_code=00100323&order_time=2021-09-10 HTTP/1.1" 200 417
116.238.194.18 - - [10/Sep/2021:10:47:05 +0800] "GET /xingrg/kc/buy/cgsh_order_operate.html?command=get_materiel&rest_code=00150&code=00101004030&supplier_code=00100312&order_time=2021-09-10 HTTP/1.1" 200 408
222.70.179.190 - - [10/Sep/2021:10:47:06 +0800] "GET /xingrg/check_reg.html?_=1631242021942 HTTP/1.1" 200 22
101.85.52.72 - - [10/Sep/2021:10:47:07 +0800] "GET /xingrg/kc/base/base_main.html HTTP/1.1" 200 12142
101.85.52.72 - - [10/Sep/2021:10:47:08 +0800] "GET /xingrg/kc/base/wlsy_order_list.html?syType=0 HTTP/1.1" 200 17350
222.70.179.190 - - [10/Sep/2021:10:47:08 +0800] "GET /xingrg/all/function/internal_message.html?_=1631242023944&CODE_STATE=getMsg HTTP/1.1" 200 27
101.83.145.79 - - [10/Sep/2021:10:47:08 +0800] "GET /xingrg/all/function/internal_message.html?_=1631242027972&CODE_STATE=getMsg HTTP/1.1" 200 27
101.85.52.72 - - [10/Sep/2021:10:47:09 +0800] "POST /xingrg/kc/base/wlsy_list_operate.html?syType=0 HTTP/1.1" 200 862
101.85.52.72 - - [10/Sep/2021:10:47:10 +0800] "GET /xingrg/kc/base/wlsy_order_add.html?syType=0 HTTP/1.1" 200 28649
101.83.145.79 - - [10/Sep/2021:10:47:11 +0800] "GET /xingrg/kc/buy/cgsh_order_operate.html?command=get_materiel&rest_code=00105&code=00101006185&supplier_code=00100323&order_time=2021-09-10 HTTP/1.1" 200 419
101.85.52.72 - - [10/Sep/2021:10:47:11 +0800] "GET /xingrg/all/common/auto_word.html?type=base&rest_code=00145 HTTP/1.1" 200 819
116.238.194.18 - - [10/Sep/2021:10:47:12 +0800] "GET /xingrg/kc/buy/cgsh_order_operate.html?command=get_materiel&rest_code=00150&code=00101004023&supplier_code=00100312&order_time=2021-09-10 HTTP/1.1" 200 409
101.85.52.72 - - [10/Sep/2021:10:47:12 +0800] "GET /xingrg/javascript/easyui/themes/default/validatebox.css HTTP/1.1" 404 1104
101.85.52.72 - - [10/Sep/2021:10:47:12 +0800] "POST /xingrg/kc/base/wlsy_order_operate.html HTTP/1.1" 200 6806
116.238.194.18 - - [10/Sep/2021:10:47:12 +0800] "GET /xingrg/kc/buy/cgsh_order_operate.html?command=get_materiel&rest_code=00151&code=00101010276&supplier_code=00100266&order_time=2021-09-10 HTTP/1.1" 200 416
101.85.52.72 - - [10/Sep/2021:10:47:13 +0800] "GET /xingrg/javascript/auto/indicator.gif HTTP/1.1" 404 1066
222.69.131.204 - - [10/Sep/2021:10:47:13 +0800] "GET /xingrg/all/function/internal_message.html?_=1631242031136&CODE_STATE=getMsg HTTP/1.1" 200 27
222.69.131.204 - - [10/Sep/2021:10:47:13 +0800] "GET /xingrg/check_reg.html?_=1631242031269 HTTP/1.1" 200 22
101.85.93.96 - - [10/Sep/2021:10:47:13 +0800] "GET /xingrg/all/function/internal_message.html?_=1631241956991&CODE_STATE=getMsg HTTP/1.1" 200 27
116.238.194.18 - - [10/Sep/2021:10:47:14 +0800] "GET /xingrg/all/function/internal_message.html?_=1631242007144&CODE_STATE=getMsg HTTP/1.1" 200 27
116.238.168.124 - - [10/Sep/2021:10:47:15 +0800] "GET /xingrg/all/function/internal_message.html?_=1631242013836&CODE_STATE=getMsg HTTP/1.1" 200 27
222.70.246.151 - - [10/Sep/2021:10:47:18 +0800] "GET /xingrg/all/function/internal_message.html?_=1631242054915&CODE_STATE=getMsg HTTP/1.1" 200 27
116.238.194.18 - - [10/Sep/2021:10:47:20 +0800] "POST /xingrg/kc/buy/cgsh_order_operate.html HTTP/1.1" 200 37
180.157.254.90 - - [10/Sep/2021:10:47:20 +0800] "GET /xingrg/all/function/internal_message.html?_=1631242041016&CODE_STATE=getMsg HTTP/1.1" 200 27
116.238.194.18 - - [10/Sep/2021:10:47:23 +0800] "POST /xingrg/kc/buy/cgsh_order_operate.html HTTP/1.1" 200 12
116.238.194.18 - - [10/Sep/2021:10:47:24 +0800] "GET /xingrg/kc/buy/cgsh_order_info.html?code=212021091004107 HTTP/1.1" 200 58279
116.238.194.18 - - [10/Sep/2021:10:47:24 +0800] "GET /xingrg/javascript/easyui/themes/default/validatebox.css HTTP/1.1" 404 1104
116.238.194.18 - - [10/Sep/2021:10:47:24 +0800] "POST /xingrg/kc/buy/cgsh_order_operate.html HTTP/1.1" 200 3564
101.83.145.79 - - [10/Sep/2021:10:47:25 +0800] "GET /xingrg/kc/buy/cgsh_order_operate.html?command=get_materiel&rest_code=00105&code=00101010088&supplier_code=00100323&order_time=2021-09-10 HTTP/1.1" 200 418
116.238.194.18 - - [10/Sep/2021:10:47:26 +0800] "GET /xingrg/kc/print/load_data.html?order_code=212021091004107&kc_code=cgsh&condition= HTTP/1.1" 200 1860
116.238.194.18 - - [10/Sep/2021:10:47:28 +0800] "GET /xingrg/kc/buy/cgsh_order_operate.html?command=get_materiel&rest_code=00151&code=00101012007&supplier_code=00100266&order_time=2021-09-10 HTTP/1.1" 200 412
116.237.74.154 - - [10/Sep/2021:10:47:29 +0800] "GET /xingrg/all/function/internal_message.html?_=1631242050183&CODE_STATE=getMsg HTTP/1.1" 200 27
116.238.194.18 - - [10/Sep/2021:10:47:31 +0800] "POST /xingrg/all/common/load_select.html HTTP/1.1" 200 12
180.169.147.146 - - [10/Sep/2021:10:47:33 +0800] "GET /xingrg/check_reg.html?_=1631242041692 HTTP/1.1" 200 22
180.169.147.146 - - [10/Sep/2021:10:47:33 +0800] "GET /xingrg/all/function/internal_message.html?_=1631242041695&CODE_STATE=getMsg HTTP/1.1" 200 27
116.238.194.18 - - [10/Sep/2021:10:47:34 +0800] "GET /xingrg/kc/buy/cgsh_order_operate.html?command=get_materiel_price&rest_code=00151&code=00101012007&unit_code=00100013&supplier_code=00100266&order_time=2021-09-10 HTTP/1.1" 200 27
124.79.246.142 - - [10/Sep/2021:10:47:35 +0800] "POST /xingrg/services/DataTransmitService HTTP/1.1" 200 524
101.85.52.72 - - [10/Sep/2021:10:47:35 +0800] "GET /xingrg/kc/base/wlsy_order_operate.html?command=get_materiel&rest_code=00145&base_code=0010284&code=00101027041 HTTP/1.1" 200 466
116.230.105.26 - - [10/Sep/2021:10:47:36 +0800] "GET /xingrg/all/function/internal_message.html?_=1631241993580&CODE_STATE=getMsg HTTP/1.1" 200 27
124.79.246.142 - - [10/Sep/2021:10:47:38 +0800] "POST /xingrg/services/DataTransmitService HTTP/1.1" 200 501
116.238.194.18 - - [10/Sep/2021:10:47:40 +0800] "GET /xingrg/kc/buy/cgsh_order_add.html HTTP/1.1" 200 63362
116.238.194.18 - - [10/Sep/2021:10:47:40 +0800] "POST /xingrg/kc/buy/cgsh_order_operate.html HTTP/1.1" 200 8245
116.238.194.18 - - [10/Sep/2021:10:47:40 +0800] "GET /xingrg/javascript/easyui/themes/default/validatebox.css HTTP/1.1" 404 1104
101.83.145.79 - - [10/Sep/2021:10:47:41 +0800] "GET /xingrg/kc/buy/cgsh_order_operate.html?command=get_materiel&rest_code=00105&code=00101007122&supplier_code=00100323&order_time=2021-09-10 HTTP/1.1" 200 436
101.85.52.72 - - [10/Sep/2021:10:47:42 +0800] "POST /xingrg/kc/base/wlsy_order_operate.html HTTP/1.1" 200 37
180.157.254.90 - - [10/Sep/2021:10:47:43 +0800] "GET /xingrg/kc/buy/cgsh_order_operate.html?command=get_materiel&rest_code=00148&code=00101001029&supplier_code=00100312&order_time=2021-09-10 HTTP/1.1" 200 413
101.85.52.72 - - [10/Sep/2021:10:47:43 +0800] "POST /xingrg/kc/base/wlsy_order_operate.html HTTP/1.1" 200 12
101.85.52.72 - - [10/Sep/2021:10:47:43 +0800] "POST /xingrg/kc/base/wlsy_order_operate.html HTTP/1.1" 200 2188
101.85.52.72 - - [10/Sep/2021:10:47:47 +0800] "POST /xingrg/kc/base/wlsy_list_operate.html?syType=0 HTTP/1.1" 200 862
116.238.168.124 - - [10/Sep/2021:10:47:47 +0800] "GET /xingrg/check_reg.html?_=1631242045643 HTTP/1.1" 200 22
116.237.74.154 - - [10/Sep/2021:10:47:49 +0800] "GET /xingrg/all/function/internal_message.html?_=1631242063799&CODE_STATE=getMsg HTTP/1.1" 200 27
101.85.52.72 - - [10/Sep/2021:10:47:50 +0800] "POST /xingrg/kc/base/wlsy_list_operate.html?syType=0 HTTP/1.1" 200 3659
120.253.135.82 - - [10/Sep/2021:10:47:51 +0800] "GET /xingrg/check_reg.html?_=1631241664797 HTTP/1.1" 200 22
120.253.135.82 - - [10/Sep/2021:10:47:51 +0800] "GET /xingrg/all/function/internal_message.html?_=1631241664799&CODE_STATE=getMsg HTTP/1.1" 200 27
116.238.194.18 - - [10/Sep/2021:10:47:52 +0800] "GET /xingrg/kc/buy/cgsh_order_operate.html?command=get_materiel&rest_code=00150&code=00101001140&supplier_code=00100319&order_time=2021-09-10 HTTP/1.1" 200 415
180.169.147.146 - - [10/Sep/2021:10:47:52 +0800] "GET /xingrg/all/function/internal_message.html?_=1631242070908&CODE_STATE=getMsg HTTP/1.1" 200 27
180.169.147.146 - - [10/Sep/2021:10:47:52 +0800] "GET /xingrg/check_reg.html?_=1631242070912 HTTP/1.1" 200 22
120.253.135.82 - - [10/Sep/2021:10:47:52 +0800] "GET /xingrg/check_reg.html?_=1631241844710 HTTP/1.1" 200 22
120.253.135.82 - - [10/Sep/2021:10:47:52 +0800] "GET /xingrg/all/function/internal_message.html?_=1631241845097&CODE_STATE=getMsg HTTP/1.1" 200 27
180.169.147.146 - - [10/Sep/2021:10:47:54 +0800] "GET /xingrg/all/function/internal_message.html?_=1631242074677&CODE_STATE=getMsg HTTP/1.1" 200 27
116.238.194.18 - - [10/Sep/2021:10:47:56 +0800] "GET /xingrg/all/function/internal_message.html?_=1631242075057&CODE_STATE=getMsg HTTP/1.1" 200 27
116.232.52.204 - - [10/Sep/2021:10:47:58 +0800] "GET /xingrg/all/function/internal_message.html?_=1631242078456&CODE_STATE=getMsg HTTP/1.1" 200 27
101.83.145.79 - - [10/Sep/2021:10:47:59 +0800] "GET /xingrg/kc/buy/cgsh_order_operate.html?command=get_materiel&rest_code=00105&code=00101010063&supplier_code=00100323&order_time=2021-09-10 HTTP/1.1" 200 409
180.169.147.146 - - [10/Sep/2021:10:48:00 +0800] "GET /xingrg/all/function/internal_message.html?_=1631242109620&CODE_STATE=getMsg HTTP/1.1" 200 27
222.70.179.190 - - [10/Sep/2021:10:48:03 +0800] "GET /xingrg/kc/buy/cgsh_order_operate.html?command=get_materiel&rest_code=00111&code=00101001029&supplier_code=00100314&order_time=2021-09-10 HTTP/1.1" 200 415
58.221.95.50 - - [10/Sep/2021:10:48:03 +0800] "GET /xingrg/check_reg.html?_=1631242082931 HTTP/1.1" 302 -
116.238.194.18 - - [10/Sep/2021:10:48:06 +0800] "GET /xingrg/kc/buy/cgsh_order_operate.html?command=get_materiel&rest_code=00150&code=00101001125&supplier_code=00100319&order_time=2021-09-10 HTTP/1.1" 200 415
101.83.145.79 - - [10/Sep/2021:10:48:06 +0800] "GET /xingrg/kc/buy/cgsh_order_operate.html?command=get_materiel&rest_code=00105&code=00101007038&supplier_code=00100323&order_time=2021-09-10 HTTP/1.1" 200 441
222.70.179.190 - - [10/Sep/2021:10:48:08 +0800] "GET /xingrg/all/function/internal_message.html?_=1631242083919&CODE_STATE=getMsg HTTP/1.1" 200 27
101.83.145.79 - - [10/Sep/2021:10:48:08 +0800] "GET /xingrg/all/function/internal_message.html?_=1631242087951&CODE_STATE=getMsg HTTP/1.1" 200 27
101.83.145.79 - - [10/Sep/2021:10:48:09 +0800] "GET /xingrg/check_reg.html?_=1631242088926 HTTP/1.1" 200 22
101.83.145.79 - - [10/Sep/2021:10:48:12 +0800] "POST /xingrg/all/common/load_select.html HTTP/1.1" 200 25
222.69.131.204 - - [10/Sep/2021:10:48:13 +0800] "GET /xingrg/all/function/internal_message.html?_=1631242091127&CODE_STATE=getMsg HTTP/1.1" 200 27
101.85.93.96 - - [10/Sep/2021:10:48:13 +0800] "GET /xingrg/all/function/internal_message.html?_=1631242016991&CODE_STATE=getMsg HTTP/1.1" 200 27
116.238.194.18 - - [10/Sep/2021:10:48:14 +0800] "GET /xingrg/all/function/internal_message.html?_=1631242067158&CODE_STATE=getMsg HTTP/1.1" 200 27
101.83.145.79 - - [10/Sep/2021:10:48:15 +0800] "GET /xingrg/kc/buy/cgsh_order_operate.html?command=get_materiel_price&rest_code=00105&code=00101007038&unit_code=00100025&supplier_code=00100323&order_time=2021-09-10 HTTP/1.1" 200 29
116.238.168.124 - - [10/Sep/2021:10:48:15 +0800] "GET /xingrg/all/function/internal_message.html?_=1631242073849&CODE_STATE=getMsg HTTP/1.1" 200 27
222.70.246.151 - - [10/Sep/2021:10:48:18 +0800] "GET /xingrg/all/function/internal_message.html?_=1631242114929&CODE_STATE=getMsg HTTP/1.1" 200 27
180.157.254.90 - - [10/Sep/2021:10:48:20 +0800] "GET /xingrg/all/function/internal_message.html?_=1631242100994&CODE_STATE=getMsg HTTP/1.1" 200 27
180.157.254.90 - - [10/Sep/2021:10:48:20 +0800] "GET /xingrg/check_reg.html?_=1631242101120 HTTP/1.1" 200 22
116.238.194.18 - - [10/Sep/2021:10:48:24 +0800] "POST /xingrg/kc/buy/cgsh_order_operate.html HTTP/1.1" 200 37
222.70.179.190 - - [10/Sep/2021:10:48:24 +0800] "POST /xingrg/kc/buy/cgsh_order_operate.html HTTP/1.1" 200 88
101.83.145.79 - - [10/Sep/2021:10:48:25 +0800] "GET /xingrg/kc/buy/cgsh_order_operate.html?command=get_materiel&rest_code=00105&code=00101010616&supplier_code=00100323&order_time=2021-09-10 HTTP/1.1" 200 397
116.238.194.18 - - [10/Sep/2021:10:48:27 +0800] "POST /xingrg/kc/buy/cgsh_order_operate.html HTTP/1.1" 200 12
116.238.194.18 - - [10/Sep/2021:10:48:28 +0800] "GET /xingrg/kc/buy/cgsh_order_info.html?code=212021091004108 HTTP/1.1" 200 57983
116.238.194.18 - - [10/Sep/2021:10:48:28 +0800] "GET /xingrg/javascript/easyui/themes/default/validatebox.css HTTP/1.1" 404 1104
222.70.179.190 - - [10/Sep/2021:10:48:29 +0800] "POST /xingrg/kc/buy/cgsh_order_operate.html HTTP/1.1" 200 64
116.237.74.154 - - [10/Sep/2021:10:48:29 +0800] "GET /xingrg/check_reg.html?_=1631242110211 HTTP/1.1" 200 22
116.237.74.154 - - [10/Sep/2021:10:48:29 +0800] "GET /xingrg/all/function/internal_message.html?_=1631242110214&CODE_STATE=getMsg HTTP/1.1" 200 27
116.238.194.18 - - [10/Sep/2021:10:48:30 +0800] "POST /xingrg/kc/buy/cgsh_order_operate.html HTTP/1.1" 200 37
116.238.194.18 - - [10/Sep/2021:10:48:30 +0800] "POST /xingrg/kc/buy/cgsh_order_operate.html HTTP/1.1" 200 2998
180.157.254.90 - - [10/Sep/2021:10:48:31 +0800] "GET /xingrg/kc/buy/cgsh_order_operate.html?command=get_materiel&rest_code=00148&code=00101018023&supplier_code=00100312&order_time=2021-09-10 HTTP/1.1" 200 409
116.238.194.18 - - [10/Sep/2021:10:48:32 +0800] "GET /xingrg/kc/print/load_data.html?order_code=212021091004108&kc_code=cgsh&condition= HTTP/1.1" 200 1628
180.169.147.146 - - [10/Sep/2021:10:48:33 +0800] "GET /xingrg/all/function/internal_message.html?_=1631242101694&CODE_STATE=getMsg HTTP/1.1" 200 27
222.70.179.190 - - [10/Sep/2021:10:48:35 +0800] "POST /xingrg/kc/buy/cgsh_order_operate.html HTTP/1.1" 200 37
116.238.194.18 - - [10/Sep/2021:10:48:35 +0800] "POST /xingrg/kc/buy/cgsh_order_operate.html HTTP/1.1" 200 12
116.238.194.18 - - [10/Sep/2021:10:48:35 +0800] "GET /xingrg/kc/buy/cgsh_order_info.html?code=212021091004110 HTTP/1.1" 200 58279
222.70.179.190 - - [10/Sep/2021:10:48:36 +0800] "POST /xingrg/kc/buy/cgsh_order_operate.html HTTP/1.1" 200 2661
116.238.194.18 - - [10/Sep/2021:10:48:36 +0800] "GET /xingrg/javascript/easyui/themes/default/validatebox.css HTTP/1.1" 404 1104
116.230.105.26 - - [10/Sep/2021:10:48:36 +0800] "GET /xingrg/all/function/internal_message.html?_=1631242053591&CODE_STATE=getMsg HTTP/1.1" 200 27
116.230.105.26 - - [10/Sep/2021:10:48:36 +0800] "GET /xingrg/check_reg.html?_=1631242053593 HTTP/1.1" 200 22
116.238.194.18 - - [10/Sep/2021:10:48:36 +0800] "POST /xingrg/kc/buy/cgsh_order_operate.html HTTP/1.1" 200 1210
222.70.179.190 - - [10/Sep/2021:10:48:37 +0800] "GET /xingrg/kc/print/load_data.html?order_code=212021091004112&kc_code=cgsh&condition= HTTP/1.1" 200 673
116.238.194.18 - - [10/Sep/2021:10:48:38 +0800] "GET /xingrg/kc/buy/cgsh_order_add.html HTTP/1.1" 200 63068
116.238.194.18 - - [10/Sep/2021:10:48:39 +0800] "GET /xingrg/kc/print/load_data.html?order_code=212021091004110&kc_code=cgsh&condition= HTTP/1.1" 200 979
116.238.194.18 - - [10/Sep/2021:10:48:39 +0800] "POST /xingrg/kc/buy/cgsh_order_operate.html HTTP/1.1" 200 8245
