120.253.135.82 - - [10/Sep/2021:08:30:13 +0800] "GET /xingrg/all/function/internal_message.html?_=1631233804979&CODE_STATE=getMsg HTTP/1.1" 200 27
116.238.168.124 - - [10/Sep/2021:08:30:13 +0800] "GET /xingrg/kc/buy/cgsh_order_operate.html?command=get_materiel&rest_code=00102&code=00101008337&supplier_code=00100008&order_time=2021-09-10 HTTP/1.1" 200 408
116.238.194.18 - - [10/Sep/2021:08:30:18 +0800] "GET /xingrg/all/function/internal_message.html?_=1631233791421&CODE_STATE=getMsg HTTP/1.1" 200 27
116.238.168.124 - - [10/Sep/2021:08:30:20 +0800] "GET /xingrg/kc/buy/cgsh_order_operate.html?command=get_materiel&rest_code=00102&code=00101008331&supplier_code=00100008&order_time=2021-09-10 HTTP/1.1" 200 416
101.83.145.79 - - [10/Sep/2021:08:30:24 +0800] "GET /favicon.ico HTTP/1.1" 404 -
101.83.145.79 - - [10/Sep/2021:08:30:24 +0800] "GET /xingrg/index.html?sysBaseUrl=http%3A%2F%2F180.169.147.146%3A18081%2Fxingrg%2F&costTime=36×tamp=1585223203754 HTTP/1.1" 302 -
101.83.145.79 - - [10/Sep/2021:08:30:24 +0800] "GET /xingrg/login.html HTTP/1.1" 200 7641
101.83.145.79 - - [10/Sep/2021:08:30:24 +0800] "GET /xingrg/images/blue/jxLogo.png HTTP/1.1" 304 -
101.83.145.79 - - [10/Sep/2021:08:30:24 +0800] "GET /xingrg/images/blue/login_bg.png HTTP/1.1" 304 -
101.83.145.79 - - [10/Sep/2021:08:30:24 +0800] "GET /favicon.ico HTTP/1.1" 404 -
101.83.145.79 - - [10/Sep/2021:08:30:24 +0800] "GET /xingrg/images/blue/hj.png HTTP/1.1" 304 -
101.83.145.79 - - [10/Sep/2021:08:30:24 +0800] "GET /xingrg/images/blue/srbg.png HTTP/1.1" 304 -
116.238.168.124 - - [10/Sep/2021:08:30:29 +0800] "GET /xingrg/kc/buy/cgsh_order_operate.html?command=get_materiel&rest_code=00102&code=00101008354&supplier_code=00100008&order_time=2021-09-10 HTTP/1.1" 200 412
116.238.168.124 - - [10/Sep/2021:08:30:32 +0800] "GET /xingrg/all/function/internal_message.html?_=1631233810338&CODE_STATE=getMsg HTTP/1.1" 200 27
58.40.7.146 - - [10/Sep/2021:08:30:35 +0800] "GET /xingrg/check_reg.html?_=1631233834957 HTTP/1.1" 302 -
116.230.105.26 - - [10/Sep/2021:08:30:36 +0800] "GET /xingrg/all/function/internal_message.html?_=1631233773583&CODE_STATE=getMsg HTTP/1.1" 200 27
116.238.168.124 - - [10/Sep/2021:08:30:39 +0800] "GET /xingrg/kc/buy/cgsh_order_operate.html?command=get_materiel&rest_code=00102&code=00101008559&supplier_code=00100008&order_time=2021-09-10 HTTP/1.1" 200 398
116.238.194.18 - - [10/Sep/2021:08:30:41 +0800] "GET /xingrg/all/function/internal_message.html?_=1631233840767&CODE_STATE=getMsg HTTP/1.1" 200 27
120.253.135.82 - - [10/Sep/2021:08:30:42 +0800] "GET /xingrg/all/function/internal_message.html?_=1631233615499&CODE_STATE=getMsg HTTP/1.1" 200 27
116.237.74.154 - - [10/Sep/2021:08:30:44 +0800] "GET /xingrg/all/function/internal_message.html?_=1631233838594&CODE_STATE=getMsg HTTP/1.1" 200 27
172.20.0.100 - - [10/Sep/2021:08:30:45 +0800] "GET /xingrg/all/function/internal_message.html?_=1631233843814&CODE_STATE=getMsg HTTP/1.1" 200 27
101.83.145.79 - - [10/Sep/2021:08:30:48 +0800] "POST /xingrg/login.do HTTP/1.1" 200 2421
101.83.145.79 - - [10/Sep/2021:08:30:48 +0800] "GET /xingrg/css/blue.css HTTP/1.1" 304 -
101.83.145.79 - - [10/Sep/2021:08:30:48 +0800] "GET /xingrg/images/blue/pic_notice.jpg HTTP/1.1" 304 -
101.83.145.79 - - [10/Sep/2021:08:30:48 +0800] "GET /xingrg/javascript/myfunction.js HTTP/1.1" 304 -
101.83.145.79 - - [10/Sep/2021:08:30:48 +0800] "GET /xingrg/images/blue/pic_top.gif HTTP/1.1" 304 -
101.83.145.79 - - [10/Sep/2021:08:30:49 +0800] "GET /xingrg/images/blue/error_mid.gif HTTP/1.1" 304 -
101.83.145.79 - - [10/Sep/2021:08:30:49 +0800] "GET /xingrg/images/blue/error_buttom.gif HTTP/1.1" 304 -
101.83.145.79 - - [10/Sep/2021:08:30:49 +0800] "GET /xingrg/images/blue/error_top.gif HTTP/1.1" 304 -
101.83.145.79 - - [10/Sep/2021:08:30:49 +0800] "GET /favicon.ico HTTP/1.1" 404 -
101.83.145.79 - - [10/Sep/2021:08:30:49 +0800] "GET /xingrg/login.html HTTP/1.1" 200 7641
101.83.145.79 - - [10/Sep/2021:08:30:50 +0800] "GET /favicon.ico HTTP/1.1" 404 -
101.83.145.79 - - [10/Sep/2021:08:30:50 +0800] "POST /xingrg/login.do HTTP/1.1" 302 -
101.83.145.79 - - [10/Sep/2021:08:30:50 +0800] "GET /xingrg/index.html?sysBaseUrl=http%3A%2F%2F180.169.147.146%3A18081%2Fxingrg%2F&costTime=46×tamp=1631233850559 HTTP/1.1" 200 17173
101.83.145.79 - - [10/Sep/2021:08:30:50 +0800] "GET /xingrg/javascript/jquery_easy_ui/themes/icon.css HTTP/1.1" 304 -
101.83.145.79 - - [10/Sep/2021:08:30:50 +0800] "GET /xingrg/css/form.css HTTP/1.1" 304 -
101.83.145.79 - - [10/Sep/2021:08:30:50 +0800] "GET /xingrg/javascript/jquery-1.4.2.min.js HTTP/1.1" 304 -
101.83.145.79 - - [10/Sep/2021:08:30:50 +0800] "GET /xingrg/javascript/jquery_easy_ui/jquery.easyui.min.js HTTP/1.1" 304 -
101.83.145.79 - - [10/Sep/2021:08:30:50 +0800] "GET /xingrg/javascript/jquery.utils.js HTTP/1.1" 304 -
101.83.145.79 - - [10/Sep/2021:08:30:50 +0800] "GET /xingrg/javascript/jquery_easy_ui/easyui-lang-zh_CN.js HTTP/1.1" 304 -
101.83.145.79 - - [10/Sep/2021:08:30:50 +0800] "GET /xingrg/javascript/jquery_easy_ui/themes/default/easyui.css HTTP/1.1" 304 -
101.83.145.79 - - [10/Sep/2021:08:30:50 +0800] "GET /xingrg/javascript/jquery.timers.js HTTP/1.1" 304 -
101.83.145.79 - - [10/Sep/2021:08:30:50 +0800] "GET /xingrg/javascript/jquery.form.js HTTP/1.1" 304 -
101.83.145.79 - - [10/Sep/2021:08:30:50 +0800] "GET /favicon.ico HTTP/1.1" 404 -
101.83.145.79 - - [10/Sep/2021:08:30:50 +0800] "GET /xingrg/images/blue/navBackgound.jpg HTTP/1.1" 304 -
101.83.145.79 - - [10/Sep/2021:08:30:50 +0800] "GET /xingrg/javascript/jquery_easy_ui/themes/icons/settle_new.png HTTP/1.1" 304 -
101.83.145.79 - - [10/Sep/2021:08:30:50 +0800] "POST /xingrg/all/common/load_tree.html?tree=area_rest_tree_json&manage=1 HTTP/1.1" 200 3472
101.83.145.79 - - [10/Sep/2021:08:30:50 +0800] "GET /xingrg/all/function/internal_message.html?_=1631233850075&CODE_STATE=count HTTP/1.1" 200 11
101.83.145.79 - - [10/Sep/2021:08:30:50 +0800] "GET /xingrg/check_reg.html?_=1631233850076 HTTP/1.1" 200 22
101.83.145.79 - - [10/Sep/2021:08:30:50 +0800] "GET /xingrg/images/blue/pingpu.png HTTP/1.1" 304 -
101.83.145.79 - - [10/Sep/2021:08:30:50 +0800] "GET /xingrg/javascript/jquery_easy_ui/themes/default/images/panel_tool_collapse.gif HTTP/1.1" 304 -
101.83.145.79 - - [10/Sep/2021:08:30:50 +0800] "GET /xingrg/javascript/jquery_easy_ui/themes/default/images/tabs_rightarrow.png HTTP/1.1" 304 -
101.83.145.79 - - [10/Sep/2021:08:30:50 +0800] "GET /xingrg/javascript/jquery_easy_ui/themes/default/images/tabs_leftarrow.png HTTP/1.1" 304 -
101.83.145.79 - - [10/Sep/2021:08:30:50 +0800] "GET /xingrg/javascript/jquery_easy_ui/themes/default/images/tree_arrows.gif HTTP/1.1" 304 -
101.83.145.79 - - [10/Sep/2021:08:30:51 +0800] "POST /xingrg/load_menu.html HTTP/1.1" 200 5138
101.83.145.79 - - [10/Sep/2021:08:30:51 +0800] "GET /xingrg/javascript/jquery_easy_ui/themes/icons/search_new.png HTTP/1.1" 304 -
101.83.145.79 - - [10/Sep/2021:08:30:51 +0800] "GET /xingrg/javascript/jquery_easy_ui/themes/default/images/tree_folder_open.gif HTTP/1.1" 304 -
101.83.145.79 - - [10/Sep/2021:08:30:51 +0800] "GET /xingrg/javascript/jquery_easy_ui/themes/default/images/tree_folder.gif HTTP/1.1" 304 -
101.83.145.79 - - [10/Sep/2021:08:30:51 +0800] "GET /xingrg/javascript/jquery_easy_ui/themes/icons/forms_new.png HTTP/1.1" 304 -
101.83.145.79 - - [10/Sep/2021:08:30:51 +0800] "GET /xingrg/javascript/jquery_easy_ui/themes/icons/storage_new.png HTTP/1.1" 304 -
101.83.145.79 - - [10/Sep/2021:08:30:51 +0800] "GET /xingrg/javascript/jquery_easy_ui/themes/default/images/tree_file.gif HTTP/1.1" 304 -
101.83.145.79 - - [10/Sep/2021:08:30:53 +0800] "GET /xingrg/javascript/jquery_easy_ui/themes/default/images/tabs_close.gif HTTP/1.1" 304 -
101.83.145.79 - - [10/Sep/2021:08:30:53 +0800] "GET /xingrg/css/base.css HTTP/1.1" 304 -
101.83.145.79 - - [10/Sep/2021:08:30:53 +0800] "GET /xingrg/css/site.css HTTP/1.1" 304 -
101.83.145.79 - - [10/Sep/2021:08:30:53 +0800] "GET /xingrg/javascript/jquery_tools/datebox.css HTTP/1.1" 304 -
101.83.145.79 - - [10/Sep/2021:08:30:53 +0800] "GET /xingrg/javascript/easyui/themes/icon.css HTTP/1.1" 304 -
101.83.145.79 - - [10/Sep/2021:08:30:53 +0800] "GET /xingrg/javascript/auto/jquery.autocomplete.css HTTP/1.1" 304 -
101.83.145.79 - - [10/Sep/2021:08:30:53 +0800] "GET /xingrg/javascript/jquery_tools/table.css HTTP/1.1" 304 -
101.83.145.79 - - [10/Sep/2021:08:30:53 +0800] "GET /xingrg/javascript/easyui/themes/default/easyui.css HTTP/1.1" 304 -
101.83.145.79 - - [10/Sep/2021:08:30:53 +0800] "GET /xingrg/javascript/jquery_tools/jquery.tools.table.js HTTP/1.1" 304 -
101.83.145.79 - - [10/Sep/2021:08:30:53 +0800] "GET /xingrg/javascript/jquery_tools/jquery.tools.extend.js HTTP/1.1" 304 -
101.83.145.79 - - [10/Sep/2021:08:30:53 +0800] "GET /xingrg/javascript/jquery_tools/jquery.tools.min.js HTTP/1.1" 304 -
101.83.145.79 - - [10/Sep/2021:08:30:53 +0800] "GET /xingrg/javascript/jquery_tools/fix.css HTTP/1.1" 304 -
101.83.145.79 - - [10/Sep/2021:08:30:53 +0800] "GET /xingrg/javascript/jquery_tools/list_manager.js HTTP/1.1" 304 -
101.83.145.79 - - [10/Sep/2021:08:30:53 +0800] "GET /xingrg/javascript/jquery_tools/jquery.tools.hotkey.js HTTP/1.1" 304 -
101.83.145.79 - - [10/Sep/2021:08:30:53 +0800] "GET /xingrg/javascript/jquery.cookie.js HTTP/1.1" 304 -
101.83.145.79 - - [10/Sep/2021:08:30:53 +0800] "GET /xingrg/javascript/easyui/easyloader.js HTTP/1.1" 304 -
101.83.145.79 - - [10/Sep/2021:08:30:53 +0800] "GET /xingrg/javascript/print/LodopFuncs.js HTTP/1.1" 304 -
101.83.145.79 - - [10/Sep/2021:08:30:53 +0800] "GET /xingrg/kc/buy/cgsh_order_list.html HTTP/1.1" 200 47688
101.83.145.79 - - [10/Sep/2021:08:30:53 +0800] "GET /xingrg/javascript/auto/jquery.autocomplete.js HTTP/1.1" 304 -
101.83.145.79 - - [10/Sep/2021:08:30:54 +0800] "GET /xingrg/javascript/easyui/themes/icons/edit_add_new.png HTTP/1.1" 304 -
101.83.145.79 - - [10/Sep/2021:08:30:54 +0800] "GET /xingrg/javascript/easyui/themes/icons/cance_new.png HTTP/1.1" 304 -
101.83.145.79 - - [10/Sep/2021:08:30:54 +0800] "GET /xingrg/javascript/easyui/themes/icons/field_new.png HTTP/1.1" 304 -
101.83.145.79 - - [10/Sep/2021:08:30:54 +0800] "GET /xingrg/javascript/easyui/themes/icons/check_new.png HTTP/1.1" 304 -
101.83.145.79 - - [10/Sep/2021:08:30:54 +0800] "GET /xingrg/javascript/easyui/themes/icons/import_new.png HTTP/1.1" 304 -
101.83.145.79 - - [10/Sep/2021:08:30:54 +0800] "GET /xingrg/javascript/easyui/plugins/jquery.parser.js HTTP/1.1" 304 -
101.83.145.79 - - [10/Sep/2021:08:30:54 +0800] "GET /xingrg/images/control/ajaxLoader.gif HTTP/1.1" 304 -
101.83.145.79 - - [10/Sep/2021:08:30:55 +0800] "POST /xingrg/kc/buy/cgsh_list_operate.html HTTP/1.1" 200 876
101.83.145.79 - - [10/Sep/2021:08:30:58 +0800] "GET /xingrg/kc/mdqp/pssh_order_list.html HTTP/1.1" 200 17907
101.83.145.79 - - [10/Sep/2021:08:30:58 +0800] "POST /xingrg/kc/mdqp/pssh_list_operate.html HTTP/1.1" 200 5437
101.83.145.79 - - [10/Sep/2021:08:31:01 +0800] "GET /xingrg/javascript/jquery_easy_ui/themes/default/images/tabs_active.png HTTP/1.1" 304 -
116.238.168.124 - - [10/Sep/2021:08:31:04 +0800] "GET /xingrg/kc/buy/cgsh_order_operate.html?command=get_materiel&rest_code=00102&code=00101008026&supplier_code=00100008&order_time=2021-09-10 HTTP/1.1" 200 409
101.83.145.79 - - [10/Sep/2021:08:31:04 +0800] "POST /xingrg/kc/mdqp/pssh_list_operate.html HTTP/1.1" 200 266
120.253.135.82 - - [10/Sep/2021:08:31:06 +0800] "POST /xingrg/kc/base/stock_operate.html HTTP/1.1" 200 1473
116.238.194.18 - - [10/Sep/2021:08:31:07 +0800] "GET /xingrg/check_reg.html?_=1631233840576 HTTP/1.1" 200 22
222.70.179.190 - - [10/Sep/2021:08:31:11 +0800] "GET /xingrg/all/function/internal_message.html?_=1631233866655&CODE_STATE=getMsg HTTP/1.1" 200 27
120.253.135.82 - - [10/Sep/2021:08:31:13 +0800] "GET /xingrg/all/function/internal_message.html?_=1631233865016&CODE_STATE=getMsg HTTP/1.1" 200 27
101.83.145.79 - - [10/Sep/2021:08:31:13 +0800] "POST /xingrg/kc/mdqp/pssh_list_operate.html HTTP/1.1" 200 268
116.238.168.124 - - [10/Sep/2021:08:31:14 +0800] "GET /xingrg/kc/buy/cgsh_order_operate.html?command=get_materiel&rest_code=00102&code=00101008110&supplier_code=00100008&order_time=2021-09-10 HTTP/1.1" 200 408
116.238.194.18 - - [10/Sep/2021:08:31:14 +0800] "GET /xingrg/images/yd/bt.gif HTTP/1.1" 404 1040
116.238.194.18 - - [10/Sep/2021:08:31:14 +0800] "GET /xingrg/images/yd/bt2.gif HTTP/1.1" 404 1042
116.238.194.18 - - [10/Sep/2021:08:31:18 +0800] "GET /xingrg/all/function/internal_message.html?_=1631233851428&CODE_STATE=getMsg HTTP/1.1" 200 27
116.238.168.124 - - [10/Sep/2021:08:31:22 +0800] "GET /xingrg/kc/buy/cgsh_order_operate.html?command=get_materiel&rest_code=00102&code=00101008038&supplier_code=00100008&order_time=2021-09-10 HTTP/1.1" 200 412
222.69.131.204 - - [10/Sep/2021:08:31:22 +0800] "GET /favicon.ico HTTP/1.1" 404 -
120.253.135.82 - - [10/Sep/2021:08:31:27 +0800] "GET /xingrg/check_reg.html?_=1631233659556 HTTP/1.1" 200 22
116.238.168.124 - - [10/Sep/2021:08:31:29 +0800] "GET /xingrg/kc/buy/cgsh_order_operate.html?command=get_materiel&rest_code=00102&code=00101008358&supplier_code=00100008&order_time=2021-09-10 HTTP/1.1" 200 412
116.238.168.124 - - [10/Sep/2021:08:31:32 +0800] "GET /xingrg/all/function/internal_message.html?_=1631233870405&CODE_STATE=getMsg HTTP/1.1" 200 27
101.83.145.79 - - [10/Sep/2021:08:31:32 +0800] "POST /xingrg/kc/mdqp/pssh_list_operate.html HTTP/1.1" 200 266
116.230.105.26 - - [10/Sep/2021:08:31:36 +0800] "GET /xingrg/all/function/internal_message.html?_=1631233833579&CODE_STATE=getMsg HTTP/1.1" 200 27
116.238.168.124 - - [10/Sep/2021:08:31:39 +0800] "GET /xingrg/kc/buy/cgsh_order_operate.html?command=get_materiel&rest_code=00102&code=00101008163&supplier_code=00100008&order_time=2021-09-10 HTTP/1.1" 200 409
116.238.194.18 - - [10/Sep/2021:08:31:41 +0800] "GET /xingrg/all/function/internal_message.html?_=1631233900756&CODE_STATE=getMsg HTTP/1.1" 200 27
120.253.135.82 - - [10/Sep/2021:08:31:43 +0800] "GET /xingrg/all/function/internal_message.html?_=1631233675515&CODE_STATE=getMsg HTTP/1.1" 200 27
116.237.74.154 - - [10/Sep/2021:08:31:44 +0800] "GET /xingrg/all/function/internal_message.html?_=1631233898565&CODE_STATE=getMsg HTTP/1.1" 200 27
172.20.0.100 - - [10/Sep/2021:08:31:45 +0800] "GET /xingrg/all/function/internal_message.html?_=1631233903822&CODE_STATE=getMsg HTTP/1.1" 200 27
116.238.168.124 - - [10/Sep/2021:08:31:49 +0800] "GET /xingrg/kc/buy/cgsh_order_operate.html?command=get_materiel&rest_code=00102&code=00101008355&supplier_code=00100008&order_time=2021-09-10 HTTP/1.1" 200 408
101.83.145.79 - - [10/Sep/2021:08:31:50 +0800] "GET /xingrg/all/function/internal_message.html?_=1631233910083&CODE_STATE=getMsg HTTP/1.1" 200 27
116.238.194.18 - - [10/Sep/2021:08:31:55 +0800] "GET /xingrg/check_reg.html?_=1631233914348 HTTP/1.1" 200 22
120.253.135.82 - - [10/Sep/2021:08:31:56 +0800] "GET /xingrg/check_reg.html?_=1631233907975 HTTP/1.1" 200 22
116.238.168.124 - - [10/Sep/2021:08:31:56 +0800] "GET /xingrg/kc/buy/cgsh_order_operate.html?command=get_materiel&rest_code=00102&code=00101008264&supplier_code=00100008&order_time=2021-09-10 HTTP/1.1" 200 414
222.70.179.190 - - [10/Sep/2021:08:32:11 +0800] "GET /xingrg/all/function/internal_message.html?_=1631233926656&CODE_STATE=getMsg HTTP/1.1" 200 27
116.238.168.124 - - [10/Sep/2021:08:32:11 +0800] "GET /xingrg/kc/buy/cgsh_order_operate.html?command=get_materiel&rest_code=00102&code=00101008137&supplier_code=00100008&order_time=2021-09-10 HTTP/1.1" 200 408
120.253.135.82 - - [10/Sep/2021:08:32:13 +0800] "GET /xingrg/all/function/internal_message.html?_=1631233925024&CODE_STATE=getMsg HTTP/1.1" 200 27
101.83.145.79 - - [10/Sep/2021:08:32:15 +0800] "GET /xingrg/javascript/jquery_tools/jquery-1.4.2.min.js HTTP/1.1" 404 1094
101.83.145.79 - - [10/Sep/2021:08:32:15 +0800] "GET /xingrg/javascript/pic_change.js HTTP/1.1" 304 -
101.83.145.79 - - [10/Sep/2021:08:32:15 +0800] "GET /xingrg/javascript/print/kc_print.js HTTP/1.1" 304 -
101.83.145.79 - - [10/Sep/2021:08:32:15 +0800] "GET /xingrg/javascript/convert.js HTTP/1.1" 304 -
101.83.145.79 - - [10/Sep/2021:08:32:15 +0800] "GET /xingrg/javascript/jquery_tools/order_manager.js HTTP/1.1" 304 -
101.83.145.79 - - [10/Sep/2021:08:32:15 +0800] "GET /xingrg/javascript/json2.js HTTP/1.1" 304 -
101.83.145.79 - - [10/Sep/2021:08:32:15 +0800] "GET /xingrg/kc/mdqp/pssh_order_info.html?code=312021090800234 HTTP/1.1" 200 17266
101.83.145.79 - - [10/Sep/2021:08:32:15 +0800] "GET /xingrg/words/20210909184945_words.js HTTP/1.1" 200 847654
101.83.145.79 - - [10/Sep/2021:08:32:15 +0800] "GET /xingrg/javascript/easyui/themes/icons/ok.png HTTP/1.1" 304 -
101.83.145.79 - - [10/Sep/2021:08:32:15 +0800] "GET /xingrg/javascript/easyui/themes/icons/print.png HTTP/1.1" 304 -
101.83.145.79 - - [10/Sep/2021:08:32:15 +0800] "GET /xingrg/javascript/easyui/themes/icons/back_new.png HTTP/1.1" 304 -
101.83.145.79 - - [10/Sep/2021:08:32:15 +0800] "GET /xingrg/javascript/easyui/themes/default/images/menu_downarrow.png HTTP/1.1" 304 -
101.83.145.79 - - [10/Sep/2021:08:32:15 +0800] "GET /xingrg/all/common/auto_word.html?type=base&rest_code=00105&rest_code=00105 HTTP/1.1" 200 1811
101.83.145.79 - - [10/Sep/2021:08:32:16 +0800] "GET /xingrg/all/common/auto_word.html?type=employee&rest_code=00105 HTTP/1.1" 200 193
101.83.145.79 - - [10/Sep/2021:08:32:16 +0800] "GET /xingrg/javascript/easyui/themes/default/validatebox.css HTTP/1.1" 404 1104
101.83.145.79 - - [10/Sep/2021:08:32:16 +0800] "GET /xingrg/javascript/easyui/plugins/jquery.validatebox.js HTTP/1.1" 304 -
101.83.145.79 - - [10/Sep/2021:08:32:16 +0800] "GET /xingrg/javascript/easyui/plugins/jquery.numberbox.js HTTP/1.1" 304 -
101.83.145.79 - - [10/Sep/2021:08:32:16 +0800] "POST /xingrg/kc/mdqp/pssh_order_operate.html HTTP/1.1" 200 536
116.238.194.18 - - [10/Sep/2021:08:32:18 +0800] "GET /xingrg/all/function/internal_message.html?_=1631233911443&CODE_STATE=getMsg HTTP/1.1" 200 27
116.238.168.124 - - [10/Sep/2021:08:32:26 +0800] "GET /xingrg/kc/buy/cgsh_order_operate.html?command=get_materiel&rest_code=00102&code=00101008390&supplier_code=00100008&order_time=2021-09-10 HTTP/1.1" 200 413
222.69.131.204 - - [10/Sep/2021:08:32:28 +0800] "GET /favicon.ico HTTP/1.1" 404 -
120.253.135.82 - - [10/Sep/2021:08:32:28 +0800] "GET /xingrg/kc/pszx/mdps_order_list.html?orderType=0 HTTP/1.1" 200 21089
222.69.131.204 - - [10/Sep/2021:08:32:28 +0800] "GET /favicon.ico HTTP/1.1" 404 -
120.253.135.82 - - [10/Sep/2021:08:32:28 +0800] "POST /xingrg/kc/pszx/mdps_list_operate.html HTTP/1.1" 200 5253
120.253.135.82 - - [10/Sep/2021:08:32:31 +0800] "GET /xingrg/kc/pszx/mdps_order_add.html HTTP/1.1" 200 29111
120.253.135.82 - - [10/Sep/2021:08:32:32 +0800] "POST /xingrg/kc/pszx/mdps_order_operate.html HTTP/1.1" 200 7126
120.253.135.82 - - [10/Sep/2021:08:32:32 +0800] "GET /xingrg/javascript/easyui/themes/default/validatebox.css HTTP/1.1" 404 1104
116.238.168.124 - - [10/Sep/2021:08:32:32 +0800] "GET /xingrg/all/function/internal_message.html?_=1631233930647&CODE_STATE=getMsg HTTP/1.1" 200 27
116.238.168.124 - - [10/Sep/2021:08:32:35 +0800] "GET /xingrg/kc/buy/cgsh_order_operate.html?command=get_materiel&rest_code=00102&code=00101008069&supplier_code=00100008&order_time=2021-09-10 HTTP/1.1" 200 412
222.69.131.204 - - [10/Sep/2021:08:32:35 +0800] "GET /xingrg/login.html?sysBaseUrl=http%3A%2F%2F180.169.147.146%3A18081%2Fxingrg%2F&costTime=31×tamp=1615347190560 HTTP/1.1" 200 7641
222.69.131.204 - - [10/Sep/2021:08:32:35 +0800] "GET /xingrg/images/blue/jxLogo.png HTTP/1.1" 304 -
222.69.131.204 - - [10/Sep/2021:08:32:36 +0800] "GET /xingrg/images/blue/login_bg.png HTTP/1.1" 304 -
222.69.131.204 - - [10/Sep/2021:08:32:36 +0800] "GET /xingrg/images/blue/srbg.png HTTP/1.1" 304 -
222.69.131.204 - - [10/Sep/2021:08:32:36 +0800] "GET /xingrg/images/blue/hj.png HTTP/1.1" 304 -
222.69.131.204 - - [10/Sep/2021:08:32:36 +0800] "GET /favicon.ico HTTP/1.1" 404 -
116.230.105.26 - - [10/Sep/2021:08:32:36 +0800] "GET /xingrg/all/function/internal_message.html?_=1631233893595&CODE_STATE=getMsg HTTP/1.1" 200 27
101.83.145.79 - - [10/Sep/2021:08:32:37 +0800] "GET /xingrg/index.html?sysBaseUrl=http%3A%2F%2F180.169.147.146%3A18081%2Fxingrg%2F&costTime=36×tamp=1585222720700 HTTP/1.1" 200 17173
101.83.145.79 - - [10/Sep/2021:08:32:37 +0800] "POST /xingrg/all/common/load_tree.html?tree=area_rest_tree_json&manage=1 HTTP/1.1" 200 3472
101.83.145.79 - - [10/Sep/2021:08:32:37 +0800] "GET /xingrg/check_reg.html?_=1631233956799 HTTP/1.1" 200 22
101.83.145.79 - - [10/Sep/2021:08:32:37 +0800] "GET /xingrg/all/function/internal_message.html?_=1631233956798&CODE_STATE=count HTTP/1.1" 200 11
101.83.145.79 - - [10/Sep/2021:08:32:37 +0800] "POST /xingrg/load_menu.html HTTP/1.1" 200 5138
222.69.131.204 - - [10/Sep/2021:08:32:37 +0800] "POST /xingrg/login.do HTTP/1.1" 302 -
222.69.131.204 - - [10/Sep/2021:08:32:37 +0800] "GET /xingrg/javascript/jquery_easy_ui/themes/icon.css HTTP/1.1" 200 3949
222.69.131.204 - - [10/Sep/2021:08:32:37 +0800] "GET /xingrg/index.html?sysBaseUrl=http%3A%2F%2F180.169.147.146%3A18081%2Fxingrg%2F&costTime=53×tamp=1631233957737 HTTP/1.1" 200 17179
222.69.131.204 - - [10/Sep/2021:08:32:37 +0800] "GET /xingrg/javascript/jquery-1.4.2.min.js HTTP/1.1" 200 72205
222.69.131.204 - - [10/Sep/2021:08:32:37 +0800] "GET /xingrg/css/form.css HTTP/1.1" 200 893
222.69.131.204 - - [10/Sep/2021:08:32:37 +0800] "GET /xingrg/javascript/jquery_easy_ui/easyui-lang-zh_CN.js HTTP/1.1" 200 1900
222.69.131.204 - - [10/Sep/2021:08:32:37 +0800] "GET /xingrg/javascript/jquery_easy_ui/jquery.easyui.min.js HTTP/1.1" 200 213662
222.69.131.204 - - [10/Sep/2021:08:32:37 +0800] "GET /xingrg/javascript/jquery.timers.js HTTP/1.1" 200 3532
222.69.131.204 - - [10/Sep/2021:08:32:37 +0800] "GET /xingrg/javascript/jquery.utils.js HTTP/1.1" 200 11805
222.69.131.204 - - [10/Sep/2021:08:32:37 +0800] "GET /xingrg/javascript/jquery_easy_ui/themes/default/easyui.css HTTP/1.1" 200 26500
222.69.131.204 - - [10/Sep/2021:08:32:37 +0800] "GET /xingrg/javascript/jquery.form.js HTTP/1.1" 200 23110
101.83.145.79 - - [10/Sep/2021:08:32:37 +0800] "GET /favicon.ico HTTP/1.1" 404 -
222.69.131.204 - - [10/Sep/2021:08:32:38 +0800] "GET /favicon.ico HTTP/1.1" 404 -
222.69.131.204 - - [10/Sep/2021:08:32:38 +0800] "GET /xingrg/javascript/jquery_easy_ui/themes/icons/settle_new.png HTTP/1.1" 200 826
222.69.131.204 - - [10/Sep/2021:08:32:38 +0800] "GET /xingrg/images/blue/navBackgound.jpg HTTP/1.1" 200 12378
222.69.131.204 - - [10/Sep/2021:08:32:38 +0800] "POST /xingrg/all/common/load_tree.html?tree=area_rest_tree_json&manage=1 HTTP/1.1" 200 351
222.69.131.204 - - [10/Sep/2021:08:32:38 +0800] "GET /xingrg/all/function/internal_message.html?_=1631233955894&CODE_STATE=count HTTP/1.1" 200 11
222.69.131.204 - - [10/Sep/2021:08:32:38 +0800] "GET /xingrg/check_reg.html?_=1631233955895 HTTP/1.1" 200 22
222.69.131.204 - - [10/Sep/2021:08:32:38 +0800] "GET /xingrg/images/blue/pingpu.png HTTP/1.1" 200 231
222.69.131.204 - - [10/Sep/2021:08:32:38 +0800] "GET /xingrg/javascript/jquery_easy_ui/themes/default/images/tabs_leftarrow.png HTTP/1.1" 200 389
222.69.131.204 - - [10/Sep/2021:08:32:38 +0800] "GET /xingrg/javascript/jquery_easy_ui/themes/default/images/tabs_rightarrow.png HTTP/1.1" 200 395
222.69.131.204 - - [10/Sep/2021:08:32:38 +0800] "GET /xingrg/javascript/jquery_easy_ui/themes/default/images/panel_tool_collapse.gif HTTP/1.1" 200 246
222.69.131.204 - - [10/Sep/2021:08:32:38 +0800] "POST /xingrg/load_menu.html HTTP/1.1" 200 5138
222.69.131.204 - - [10/Sep/2021:08:32:38 +0800] "GET /xingrg/javascript/jquery_easy_ui/themes/default/images/tree_arrows.gif HTTP/1.1" 200 1043
222.69.131.204 - - [10/Sep/2021:08:32:38 +0800] "GET /xingrg/javascript/jquery_easy_ui/themes/icons/search_new.png HTTP/1.1" 200 586
222.69.131.204 - - [10/Sep/2021:08:32:38 +0800] "GET /xingrg/javascript/jquery_easy_ui/themes/default/images/tree_folder_open.gif HTTP/1.1" 200 956
222.69.131.204 - - [10/Sep/2021:08:32:38 +0800] "GET /xingrg/javascript/jquery_easy_ui/themes/icons/storage_new.png HTTP/1.1" 200 853
222.69.131.204 - - [10/Sep/2021:08:32:38 +0800] "GET /xingrg/javascript/jquery_easy_ui/themes/default/images/tree_folder.gif HTTP/1.1" 200 952
222.69.131.204 - - [10/Sep/2021:08:32:38 +0800] "GET /xingrg/javascript/jquery_easy_ui/themes/icons/forms_new.png HTTP/1.1" 200 350
222.69.131.204 - - [10/Sep/2021:08:32:38 +0800] "GET /xingrg/javascript/jquery_easy_ui/themes/default/images/tree_file.gif HTTP/1.1" 200 118
120.253.135.82 - - [10/Sep/2021:08:32:40 +0800] "POST /xingrg/all/common/load_combo.html?type=base HTTP/1.1" 200 1075
116.238.194.18 - - [10/Sep/2021:08:32:41 +0800] "GET /xingrg/all/function/internal_message.html?_=1631233960732&CODE_STATE=getMsg HTTP/1.1" 200 27
120.253.135.82 - - [10/Sep/2021:08:32:43 +0800] "GET /xingrg/all/function/internal_message.html?_=1631233735530&CODE_STATE=getMsg HTTP/1.1" 200 27
116.238.168.124 - - [10/Sep/2021:08:32:44 +0800] "GET /xingrg/kc/buy/cgsh_order_operate.html?command=get_materiel&rest_code=00102&code=00101008036&supplier_code=00100008&order_time=2021-09-10 HTTP/1.1" 200 408
116.237.74.154 - - [10/Sep/2021:08:32:44 +0800] "GET /xingrg/all/function/internal_message.html?_=1631233958536&CODE_STATE=getMsg HTTP/1.1" 200 27
222.69.131.204 - - [10/Sep/2021:08:32:45 +0800] "GET /xingrg/javascript/jquery_easy_ui/themes/default/images/tabs_close.gif HTTP/1.1" 200 829
222.69.131.204 - - [10/Sep/2021:08:32:45 +0800] "GET /xingrg/kc/mdqp/qqps_order_list.html HTTP/1.1" 200 9222
222.69.131.204 - - [10/Sep/2021:08:32:45 +0800] "GET /xingrg/javascript/pic_change.js HTTP/1.1" 200 4739
222.69.131.204 - - [10/Sep/2021:08:32:45 +0800] "GET /xingrg/javascript/ToolTips.js HTTP/1.1" 200 5615
222.69.131.204 - - [10/Sep/2021:08:32:45 +0800] "GET /xingrg/dwr/interface/AjaxQqpsService.js HTTP/1.1" 200 16326
222.69.131.204 - - [10/Sep/2021:08:32:45 +0800] "GET /xingrg/css/blue.css HTTP/1.1" 200 15949
222.69.131.204 - - [10/Sep/2021:08:32:45 +0800] "GET /xingrg/dwr/interface/AjaxReportQueryService.js HTTP/1.1" 200 13203
222.69.131.204 - - [10/Sep/2021:08:32:45 +0800] "GET /xingrg/dwr/engine.js HTTP/1.1" 200 43631
222.69.131.204 - - [10/Sep/2021:08:32:45 +0800] "GET /xingrg/dwr/util.js HTTP/1.1" 200 35990
222.69.131.204 - - [10/Sep/2021:08:32:45 +0800] "GET /xingrg/javascript/Calendar.js HTTP/1.1" 200 31561
222.69.131.204 - - [10/Sep/2021:08:32:45 +0800] "GET /xingrg/javascript/myfunction.js HTTP/1.1" 200 24559
172.20.0.100 - - [10/Sep/2021:08:32:45 +0800] "GET /xingrg/all/function/internal_message.html?_=1631233963809&CODE_STATE=getMsg HTTP/1.1" 200 27
101.83.145.79 - - [10/Sep/2021:08:32:45 +0800] "GET /xingrg/kc/base/yddb_order_list.html HTTP/1.1" 200 16830
222.69.131.204 - - [10/Sep/2021:08:32:45 +0800] "GET /xingrg/javascript/jquery_easy_ui/themes/icons/edit_add_new.png HTTP/1.1" 200 2997
222.69.131.204 - - [10/Sep/2021:08:32:45 +0800] "GET /xingrg/javascript/jquery_easy_ui/themes/icons/check_new.png HTTP/1.1" 200 3224
222.69.131.204 - - [10/Sep/2021:08:32:45 +0800] "GET /xingrg/javascript/jquery_easy_ui/themes/icons/uncheck_new.png HTTP/1.1" 200 3197
222.69.131.204 - - [10/Sep/2021:08:32:45 +0800] "GET /xingrg/javascript/jquery_easy_ui/themes/icons/cance_new.png HTTP/1.1" 200 3986
101.83.145.79 - - [10/Sep/2021:08:32:45 +0800] "POST /xingrg/kc/base/yddb_list_operate.html HTTP/1.1" 200 636
222.69.131.204 - - [10/Sep/2021:08:32:46 +0800] "GET /xingrg/javascript/jquery_easy_ui/themes/default/images/button_plain_hover.png HTTP/1.1" 200 252
222.69.131.204 - - [10/Sep/2021:08:32:47 +0800] "GET /xingrg/javascript/auto/jquery.autocomplete.css HTTP/1.1" 200 587
222.69.131.204 - - [10/Sep/2021:08:32:47 +0800] "GET /xingrg/kc/mdqp/qqps_order_add.html HTTP/1.1" 200 28241
222.69.131.204 - - [10/Sep/2021:08:32:47 +0800] "GET /xingrg/javascript/auto/jquery.autocomplete.js HTTP/1.1" 200 21624
222.69.131.204 - - [10/Sep/2021:08:32:47 +0800] "GET /xingrg/dwr/interface/AjaxComOrderService.js HTTP/1.1" 200 18264
222.69.131.204 - - [10/Sep/2021:08:32:47 +0800] "GET /xingrg/javascript/AjaxInfoList.js HTTP/1.1" 200 3774
222.69.131.204 - - [10/Sep/2021:08:32:47 +0800] "GET /xingrg/javascript/Grid.js HTTP/1.1" 200 58908
222.69.131.204 - - [10/Sep/2021:08:32:47 +0800] "GET /xingrg/dwr/interface/AjaxQqpsService.js HTTP/1.1" 200 16326
222.69.131.204 - - [10/Sep/2021:08:32:47 +0800] "GET /xingrg/dwr/engine.js HTTP/1.1" 200 43631
222.69.131.204 - - [10/Sep/2021:08:32:47 +0800] "GET /xingrg/javascript/print/LodopFuncs.js HTTP/1.1" 200 5121
222.69.131.204 - - [10/Sep/2021:08:32:47 +0800] "GET /xingrg/javascript/tools/jquery.qtip-1.0.0-rc3.min.js HTTP/1.1" 200 38404
222.69.131.204 - - [10/Sep/2021:08:32:47 +0800] "GET /xingrg/javascript/print/kc_print.js HTTP/1.1" 200 11415
222.69.131.204 - - [10/Sep/2021:08:32:47 +0800] "GET /xingrg/words/20210909184945_words.js HTTP/1.1" 200 847654
222.69.131.204 - - [10/Sep/2021:08:32:47 +0800] "GET /xingrg/javascript/jquery_easy_ui/themes/icons/template_new.png HTTP/1.1" 200 3956
222.69.131.204 - - [10/Sep/2021:08:32:47 +0800] "GET /xingrg/javascript/jquery_easy_ui/themes/icons/copy_new.png HTTP/1.1" 200 815
222.69.131.204 - - [10/Sep/2021:08:32:47 +0800] "GET /xingrg/javascript/jquery_easy_ui/themes/icons/ok.png HTTP/1.1" 200 883
222.69.131.204 - - [10/Sep/2021:08:32:47 +0800] "GET /xingrg/javascript/jquery_easy_ui/themes/icons/print.png HTTP/1.1" 200 1057
222.69.131.204 - - [10/Sep/2021:08:32:47 +0800] "GET /xingrg/javascript/jquery_easy_ui/themes/default/images/menu_downarrow.png HTTP/1.1" 200 173
222.69.131.204 - - [10/Sep/2021:08:32:47 +0800] "GET /xingrg/javascript/jquery_easy_ui/themes/icons/back_new.png HTTP/1.1" 200 3414
222.69.131.204 - - [10/Sep/2021:08:32:48 +0800] "GET /xingrg/images/blue/button/kc_tab_add.gif HTTP/1.1" 200 375
222.69.131.204 - - [10/Sep/2021:08:32:48 +0800] "GET /xingrg/images/blue/button/kc_tab_edit.gif HTTP/1.1" 200 551
222.69.131.204 - - [10/Sep/2021:08:32:48 +0800] "GET /xingrg/images/blue/button/kc_tab_save.gif HTTP/1.1" 200 777
222.69.131.204 - - [10/Sep/2021:08:32:48 +0800] "GET /xingrg/images/blue/button/kc_tab_del.gif HTTP/1.1" 200 383
222.69.131.204 - - [10/Sep/2021:08:32:48 +0800] "GET /xingrg/javascript/jquery_easy_ui/themes/default/images/combo_arrow_dot.gif HTTP/1.1" 200 79
222.69.131.204 - - [10/Sep/2021:08:32:48 +0800] "GET /xingrg/images/blue/kc_tab_left.gif HTTP/1.1" 200 188
222.69.131.204 - - [10/Sep/2021:08:32:48 +0800] "GET /xingrg/images/blue/kc_tab_mid.gif HTTP/1.1" 200 44
222.69.131.204 - - [10/Sep/2021:08:32:48 +0800] "GET /xingrg/images/blue/kc_tab_right.gif HTTP/1.1" 200 643
222.69.131.204 - - [10/Sep/2021:08:32:48 +0800] "GET /xingrg/images/blue/kc_tab2_left.gif HTTP/1.1" 200 625
222.69.131.204 - - [10/Sep/2021:08:32:48 +0800] "GET /xingrg/images/blue/kc_tab2_right.gif HTTP/1.1" 200 192
120.253.135.82 - - [10/Sep/2021:08:32:48 +0800] "GET /xingrg/kc/pszx/mdps_order_operate.html?command=get_materiel&pszx_code=00101&rest_code=00141&base_code=0010246&code=00101032022 HTTP/1.1" 200 432
101.83.145.79 - - [10/Sep/2021:08:32:50 +0800] "POST /xingrg/kc/base/yddb_list_operate.html HTTP/1.1" 200 3953
101.83.145.79 - - [10/Sep/2021:08:32:51 +0800] "POST /xingrg/kc/base/yddb_list_operate.html HTTP/1.1" 200 284
101.83.145.79 - - [10/Sep/2021:08:32:52 +0800] "GET /xingrg/kc/base/yddb_order_info.html?code=482021090800114 HTTP/1.1" 200 31522
101.83.145.79 - - [10/Sep/2021:08:32:52 +0800] "GET /xingrg/dwr/interface/AjaxComOrderService.js HTTP/1.1" 200 18264
101.83.145.79 - - [10/Sep/2021:08:32:52 +0800] "GET /xingrg/dwr/interface/AjaxYddbService.js HTTP/1.1" 200 13201
101.83.145.79 - - [10/Sep/2021:08:32:52 +0800] "GET /xingrg/javascript/Calendar.js HTTP/1.1" 304 -
101.83.145.79 - - [10/Sep/2021:08:32:52 +0800] "GET /xingrg/javascript/AjaxInfoList.js HTTP/1.1" 304 -
101.83.145.79 - - [10/Sep/2021:08:32:52 +0800] "GET /xingrg/javascript/ToolTips.js HTTP/1.1" 304 -
101.83.145.79 - - [10/Sep/2021:08:32:52 +0800] "GET /xingrg/javascript/Grid.js HTTP/1.1" 304 -
101.83.145.79 - - [10/Sep/2021:08:32:52 +0800] "GET /xingrg/dwr/engine.js HTTP/1.1" 200 43631
101.83.145.79 - - [10/Sep/2021:08:32:52 +0800] "GET /xingrg/javascript/checkform.js HTTP/1.1" 200 18351
101.83.145.79 - - [10/Sep/2021:08:32:52 +0800] "GET /xingrg/dwr/util.js HTTP/1.1" 200 35990
101.83.145.79 - - [10/Sep/2021:08:32:52 +0800] "GET /xingrg/javascript/jquery_easy_ui/themes/icons/print.png HTTP/1.1" 304 -
101.83.145.79 - - [10/Sep/2021:08:32:52 +0800] "GET /xingrg/javascript/jquery_easy_ui/themes/default/images/menu_downarrow.png HTTP/1.1" 304 -
101.83.145.79 - - [10/Sep/2021:08:32:52 +0800] "GET /xingrg/javascript/jquery_easy_ui/themes/icons/edit_add_new.png HTTP/1.1" 304 -
101.83.145.79 - - [10/Sep/2021:08:32:52 +0800] "GET /xingrg/javascript/jquery_easy_ui/themes/icons/check_new.png HTTP/1.1" 304 -
101.83.145.79 - - [10/Sep/2021:08:32:52 +0800] "GET /xingrg/javascript/jquery_easy_ui/themes/icons/back_new.png HTTP/1.1" 304 -
101.83.145.79 - - [10/Sep/2021:08:32:52 +0800] "GET /xingrg/images/blue/kc_tab_left.gif HTTP/1.1" 304 -
101.83.145.79 - - [10/Sep/2021:08:32:52 +0800] "GET /xingrg/images/blue/kc_tab_mid.gif HTTP/1.1" 304 -
101.83.145.79 - - [10/Sep/2021:08:32:52 +0800] "GET /xingrg/images/blue/kc_tab_right.gif HTTP/1.1" 304 -
101.83.145.79 - - [10/Sep/2021:08:32:52 +0800] "GET /xingrg/images/blue/wait.gif HTTP/1.1" 304 -
101.83.145.79 - - [10/Sep/2021:08:32:52 +0800] "POST /xingrg/dwr/call/plaincall/AjaxYddbService.loadMaterielItems.dwr HTTP/1.1" 200 723
222.69.131.204 - - [10/Sep/2021:08:32:54 +0800] "GET /xingrg/javascript/auto/indicator.gif HTTP/1.1" 404 1066
116.238.168.124 - - [10/Sep/2021:08:32:56 +0800] "GET /xingrg/kc/buy/cgsh_order_operate.html?command=get_materiel&rest_code=00102&code=00101008286&supplier_code=00100008&order_time=2021-09-10 HTTP/1.1" 200 408
222.70.246.151 - - [10/Sep/2021:08:32:59 +0800] "GET /xingrg/check_reg.html?_=1631233996387 HTTP/1.1" 200 22
222.69.131.204 - - [10/Sep/2021:08:33:00 +0800] "GET /xingrg/images/blue/wait.gif HTTP/1.1" 200 1100
222.69.131.204 - - [10/Sep/2021:08:33:00 +0800] "POST /xingrg/dwr/call/plaincall/AjaxQqpsService.saveOrder.dwr HTTP/1.1" 200 78
116.238.168.124 - - [10/Sep/2021:08:33:04 +0800] "GET /xingrg/kc/buy/cgsh_order_operate.html?command=get_materiel&rest_code=00102&code=00101008131&supplier_code=00100008&order_time=2021-09-10 HTTP/1.1" 200 408
180.157.254.90 - - [10/Sep/2021:08:33:06 +0800] "GET /favicon.ico HTTP/1.1" 404 -
180.157.254.90 - - [10/Sep/2021:08:33:08 +0800] "GET /xingrg/index.html?sysBaseUrl=http%3A%2F%2F180.169.147.146%3A18081%2Fxingrg%2F&costTime=44×tamp=1622098168715 HTTP/1.1" 302 -
180.157.254.90 - - [10/Sep/2021:08:33:08 +0800] "GET /xingrg/index.html?sysBaseUrl=http%3A%2F%2F180.169.147.146%3A18081%2Fxingrg%2F&costTime=44×tamp=1622098168715 HTTP/1.1" 302 -
180.157.254.90 - - [10/Sep/2021:08:33:08 +0800] "GET /xingrg/login.html HTTP/1.1" 200 7641
180.157.254.90 - - [10/Sep/2021:08:33:08 +0800] "GET /xingrg/login.html HTTP/1.1" 200 7641
180.157.254.90 - - [10/Sep/2021:08:33:09 +0800] "GET /xingrg/images/blue/jxLogo.png HTTP/1.1" 304 -
180.157.254.90 - - [10/Sep/2021:08:33:09 +0800] "GET /xingrg/images/blue/jxLogo.png HTTP/1.1" 304 -
180.157.254.90 - - [10/Sep/2021:08:33:09 +0800] "GET /favicon.ico HTTP/1.1" 404 -
180.157.254.90 - - [10/Sep/2021:08:33:09 +0800] "GET /favicon.ico HTTP/1.1" 404 -
222.70.179.190 - - [10/Sep/2021:08:33:11 +0800] "GET /xingrg/all/function/internal_message.html?_=1631233986655&CODE_STATE=getMsg HTTP/1.1" 200 27
120.253.135.82 - - [10/Sep/2021:08:33:13 +0800] "GET /xingrg/all/function/internal_message.html?_=1631233985036&CODE_STATE=getMsg HTTP/1.1" 200 27
222.69.131.204 - - [10/Sep/2021:08:33:13 +0800] "POST /xingrg/dwr/call/plaincall/AjaxQqpsService.getMaterielByCode.dwr HTTP/1.1" 200 2733
222.69.131.204 - - [10/Sep/2021:08:33:15 +0800] "POST /xingrg/dwr/call/plaincall/AjaxQqpsService.saveMaterielItem.dwr HTTP/1.1" 200 78
222.69.131.204 - - [10/Sep/2021:08:33:18 +0800] "POST /xingrg/dwr/call/plaincall/AjaxQqpsService.getMaterielByCode.dwr HTTP/1.1" 200 2695
116.238.194.18 - - [10/Sep/2021:08:33:18 +0800] "GET /xingrg/all/function/internal_message.html?_=1631233971455&CODE_STATE=getMsg HTTP/1.1" 200 27
101.83.145.79 - - [10/Sep/2021:08:33:18 +0800] "POST /xingrg/dwr/call/plaincall/AjaxYddbService.saveOrder.dwr HTTP/1.1" 200 78
116.238.168.124 - - [10/Sep/2021:08:33:18 +0800] "GET /xingrg/kc/buy/cgsh_order_operate.html?command=get_materiel&rest_code=00102&code=00101008352&supplier_code=00100008&order_time=2021-09-10 HTTP/1.1" 200 412
180.157.254.90 - - [10/Sep/2021:08:33:20 +0800] "POST /xingrg/login.do HTTP/1.1" 302 -
180.157.254.90 - - [10/Sep/2021:08:33:20 +0800] "GET /xingrg/index.html?sysBaseUrl=http%3A%2F%2F180.169.147.146%3A18081%2Fxingrg%2F&costTime=40×tamp=1631234000106 HTTP/1.1" 200 17179
180.157.254.90 - - [10/Sep/2021:08:33:20 +0800] "GET /xingrg/css/form.css HTTP/1.1" 304 -
180.157.254.90 - - [10/Sep/2021:08:33:20 +0800] "GET /xingrg/javascript/jquery.form.js HTTP/1.1" 304 -
180.157.254.90 - - [10/Sep/2021:08:33:20 +0800] "GET /xingrg/javascript/jquery.timers.js HTTP/1.1" 304 -
180.157.254.90 - - [10/Sep/2021:08:33:20 +0800] "GET /favicon.ico HTTP/1.1" 404 -
180.157.254.90 - - [10/Sep/2021:08:33:20 +0800] "GET /xingrg/javascript/jquery_easy_ui/themes/icons/settle_new.png HTTP/1.1" 304 -
180.157.254.90 - - [10/Sep/2021:08:33:20 +0800] "GET /xingrg/images/blue/navBackgound.jpg HTTP/1.1" 304 -
180.157.254.90 - - [10/Sep/2021:08:33:20 +0800] "POST /xingrg/all/common/load_tree.html?tree=area_rest_tree_json&manage=1 HTTP/1.1" 200 351
222.69.131.204 - - [10/Sep/2021:08:33:20 +0800] "POST /xingrg/dwr/call/plaincall/AjaxQqpsService.saveMaterielItem.dwr HTTP/1.1" 200 78
180.157.254.90 - - [10/Sep/2021:08:33:20 +0800] "GET /xingrg/check_reg.html?_=1631234000868 HTTP/1.1" 200 22
180.157.254.90 - - [10/Sep/2021:08:33:20 +0800] "GET /xingrg/all/function/internal_message.html?_=1631234000867&CODE_STATE=count HTTP/1.1" 200 11
180.157.254.90 - - [10/Sep/2021:08:33:20 +0800] "GET /xingrg/images/blue/pingpu.png HTTP/1.1" 304 -
180.157.254.90 - - [10/Sep/2021:08:33:20 +0800] "GET /xingrg/javascript/jquery_easy_ui/themes/default/images/tabs_leftarrow.png HTTP/1.1" 304 -
180.157.254.90 - - [10/Sep/2021:08:33:20 +0800] "GET /xingrg/javascript/jquery_easy_ui/themes/default/images/tabs_rightarrow.png HTTP/1.1" 304 -
180.157.254.90 - - [10/Sep/2021:08:33:20 +0800] "GET /xingrg/javascript/jquery_easy_ui/themes/default/images/panel_tool_collapse.gif HTTP/1.1" 304 -
180.157.254.90 - - [10/Sep/2021:08:33:20 +0800] "POST /xingrg/load_menu.html HTTP/1.1" 200 5138
116.238.168.124 - - [10/Sep/2021:08:33:21 +0800] "POST /xingrg/kc/buy/cgsh_order_operate.html HTTP/1.1" 200 2065
180.157.254.90 - - [10/Sep/2021:08:33:25 +0800] "GET /xingrg/css/base.css HTTP/1.1" 304 -
180.157.254.90 - - [10/Sep/2021:08:33:25 +0800] "GET /xingrg/kc/buy/cgsh_order_list.html HTTP/1.1" 200 47694
180.157.254.90 - - [10/Sep/2021:08:33:25 +0800] "GET /xingrg/css/site.css HTTP/1.1" 304 -
180.157.254.90 - - [10/Sep/2021:08:33:25 +0800] "GET /xingrg/javascript/jquery_tools/datebox.css HTTP/1.1" 304 -
180.157.254.90 - - [10/Sep/2021:08:33:25 +0800] "GET /xingrg/javascript/easyui/themes/default/easyui.css HTTP/1.1" 304 -
180.157.254.90 - - [10/Sep/2021:08:33:25 +0800] "GET /xingrg/javascript/easyui/themes/icon.css HTTP/1.1" 304 -
180.157.254.90 - - [10/Sep/2021:08:33:25 +0800] "GET /xingrg/javascript/jquery_tools/fix.css HTTP/1.1" 304 -
180.157.254.90 - - [10/Sep/2021:08:33:25 +0800] "GET /xingrg/javascript/jquery_tools/table.css HTTP/1.1" 304 -
180.157.254.90 - - [10/Sep/2021:08:33:25 +0800] "GET /xingrg/javascript/jquery_tools/jquery.tools.min.js HTTP/1.1" 304 -
180.157.254.90 - - [10/Sep/2021:08:33:25 +0800] "GET /xingrg/javascript/jquery_tools/jquery.tools.extend.js HTTP/1.1" 304 -
180.157.254.90 - - [10/Sep/2021:08:33:25 +0800] "GET /xingrg/javascript/jquery_tools/jquery.tools.hotkey.js HTTP/1.1" 304 -
180.157.254.90 - - [10/Sep/2021:08:33:25 +0800] "GET /xingrg/javascript/jquery_tools/jquery.tools.table.js HTTP/1.1" 304 -
180.157.254.90 - - [10/Sep/2021:08:33:25 +0800] "GET /xingrg/javascript/jquery_tools/list_manager.js HTTP/1.1" 304 -
180.157.254.90 - - [10/Sep/2021:08:33:25 +0800] "GET /xingrg/javascript/easyui/easyloader.js HTTP/1.1" 304 -
180.157.254.90 - - [10/Sep/2021:08:33:25 +0800] "GET /xingrg/javascript/jquery.cookie.js HTTP/1.1" 304 -
222.69.131.204 - - [10/Sep/2021:08:33:25 +0800] "POST /xingrg/dwr/call/plaincall/AjaxQqpsService.checkOrder.dwr HTTP/1.1" 200 78
180.157.254.90 - - [10/Sep/2021:08:33:25 +0800] "GET /xingrg/javascript/easyui/plugins/jquery.parser.js HTTP/1.1" 304 -
180.157.254.90 - - [10/Sep/2021:08:33:25 +0800] "GET /xingrg/images/control/ajaxLoader.gif HTTP/1.1" 304 -
222.69.131.204 - - [10/Sep/2021:08:33:26 +0800] "GET /xingrg/kc/mdqp/qqps_order_info.html?code=302021091000194 HTTP/1.1" 200 26644
222.69.131.204 - - [10/Sep/2021:08:33:26 +0800] "GET /xingrg/dwr/interface/AjaxQqpsService.js HTTP/1.1" 200 16326
222.69.131.204 - - [10/Sep/2021:08:33:26 +0800] "GET /xingrg/dwr/interface/AjaxComOrderService.js HTTP/1.1" 200 18264
222.69.131.204 - - [10/Sep/2021:08:33:26 +0800] "GET /xingrg/dwr/engine.js HTTP/1.1" 200 43631
180.157.254.90 - - [10/Sep/2021:08:33:26 +0800] "POST /xingrg/kc/buy/cgsh_list_operate.html HTTP/1.1" 200 876
222.69.131.204 - - [10/Sep/2021:08:33:26 +0800] "POST /xingrg/dwr/call/plaincall/AjaxQqpsService.loadMaterielItems.dwr HTTP/1.1" 200 687
116.238.168.124 - - [10/Sep/2021:08:33:28 +0800] "GET /xingrg/kc/buy/cgsh_order_operate.html?command=get_materiel&rest_code=00102&code=00101008098&supplier_code=00100008&order_time=2021-09-10 HTTP/1.1" 200 412
180.157.254.90 - - [10/Sep/2021:08:33:30 +0800] "GET /xingrg/kc/buy/cgsh_order_add.html HTTP/1.1" 200 63432
180.157.254.90 - - [10/Sep/2021:08:33:30 +0800] "GET /xingrg/words/20210909184945_words.js HTTP/1.1" 200 847654
180.157.254.90 - - [10/Sep/2021:08:33:30 +0800] "POST /xingrg/kc/buy/cgsh_order_operate.html HTTP/1.1" 200 8245
180.157.254.90 - - [10/Sep/2021:08:33:30 +0800] "GET /xingrg/all/common/auto_word.html?type=employee&rest_code=00148 HTTP/1.1" 200 197
180.157.254.90 - - [10/Sep/2021:08:33:30 +0800] "GET /xingrg/javascript/easyui/themes/default/validatebox.css HTTP/1.1" 404 1104
180.157.254.90 - - [10/Sep/2021:08:33:30 +0800] "GET /xingrg/all/common/auto_word.html?type=employee&rest_code=00148 HTTP/1.1" 200 197
180.157.254.90 - - [10/Sep/2021:08:33:31 +0800] "GET /xingrg/javascript/auto/indicator.gif HTTP/1.1" 404 1066
116.238.168.124 - - [10/Sep/2021:08:33:32 +0800] "GET /xingrg/all/function/internal_message.html?_=1631233990657&CODE_STATE=getMsg HTTP/1.1" 200 27
116.230.105.26 - - [10/Sep/2021:08:33:36 +0800] "GET /xingrg/check_reg.html?_=1631233953592 HTTP/1.1" 200 22
116.230.105.26 - - [10/Sep/2021:08:33:36 +0800] "GET /xingrg/all/function/internal_message.html?_=1631233953594&CODE_STATE=getMsg HTTP/1.1" 200 27
116.238.168.124 - - [10/Sep/2021:08:33:37 +0800] "GET /xingrg/kc/buy/cgsh_order_operate.html?command=get_materiel&rest_code=00102&code=00101008005&supplier_code=00100008&order_time=2021-09-10 HTTP/1.1" 200 412
101.83.145.79 - - [10/Sep/2021:08:33:37 +0800] "GET /xingrg/all/function/internal_message.html?_=1631234016813&CODE_STATE=getMsg HTTP/1.1" 200 27
222.69.131.204 - - [10/Sep/2021:08:33:38 +0800] "GET /xingrg/all/function/internal_message.html?_=1631234015898&CODE_STATE=getMsg HTTP/1.1" 200 27
116.238.194.18 - - [10/Sep/2021:08:33:41 +0800] "GET /xingrg/all/function/internal_message.html?_=1631234020719&CODE_STATE=getMsg HTTP/1.1" 200 27
120.253.135.82 - - [10/Sep/2021:08:33:43 +0800] "GET /xingrg/all/function/internal_message.html?_=1631233795542&CODE_STATE=getMsg HTTP/1.1" 200 27
116.237.74.154 - - [10/Sep/2021:08:33:44 +0800] "GET /xingrg/all/function/internal_message.html?_=1631234018515&CODE_STATE=getMsg HTTP/1.1" 200 27
101.83.145.79 - - [10/Sep/2021:08:33:45 +0800] "GET /xingrg/kc/buy/cgsh_order_list.html HTTP/1.1" 200 47688
172.20.0.100 - - [10/Sep/2021:08:33:45 +0800] "GET /xingrg/all/function/internal_message.html?_=1631234023812&CODE_STATE=getMsg HTTP/1.1" 200 27
101.83.145.79 - - [10/Sep/2021:08:33:46 +0800] "POST /xingrg/kc/buy/cgsh_list_operate.html HTTP/1.1" 200 876
101.83.145.79 - - [10/Sep/2021:08:33:46 +0800] "POST /xingrg/kc/buy/cgsh_list_operate.html HTTP/1.1" 200 876
101.83.145.79 - - [10/Sep/2021:08:33:48 +0800] "GET /xingrg/kc/buy/cgsh_order_list.html HTTP/1.1" 200 47688
101.83.145.79 - - [10/Sep/2021:08:33:48 +0800] "POST /xingrg/kc/buy/cgsh_list_operate.html HTTP/1.1" 200 876
180.157.254.90 - - [10/Sep/2021:08:33:51 +0800] "GET /xingrg/kc/buy/cgsh_order_operate.html?command=get_materiel&rest_code=00148&code=00101006062&supplier_code=00100010&order_time=2021-09-10 HTTP/1.1" 200 409
116.238.168.124 - - [10/Sep/2021:08:33:55 +0800] "GET /xingrg/kc/buy/cgsh_order_operate.html?command=get_materiel&rest_code=00102&code=00101008271&supplier_code=00100008&order_time=2021-09-10 HTTP/1.1" 200 408
116.237.74.154 - - [10/Sep/2021:08:33:56 +0800] "GET /xingrg/check_reg.html?_=1631234030278 HTTP/1.1" 200 22
116.238.168.124 - - [10/Sep/2021:08:34:02 +0800] "POST /xingrg/kc/buy/cgsh_order_operate.html HTTP/1.1" 200 37
222.70.179.190 - - [10/Sep/2021:08:34:11 +0800] "GET /xingrg/all/function/internal_message.html?_=1631234046656&CODE_STATE=getMsg HTTP/1.1" 200 27
222.70.179.190 - - [10/Sep/2021:08:34:11 +0800] "GET /xingrg/check_reg.html?_=1631234046658 HTTP/1.1" 200 22
120.253.135.82 - - [10/Sep/2021:08:34:13 +0800] "GET /xingrg/all/function/internal_message.html?_=1631234045071&CODE_STATE=getMsg HTTP/1.1" 200 27
116.238.194.18 - - [10/Sep/2021:08:34:18 +0800] "GET /xingrg/all/function/internal_message.html?_=1631234031469&CODE_STATE=getMsg HTTP/1.1" 200 27
180.157.254.90 - - [10/Sep/2021:08:34:18 +0800] "GET /xingrg/kc/buy/cgsh_order_operate.html?command=get_materiel&rest_code=00148&code=00101006055&supplier_code=00100010&order_time=2021-09-10 HTTP/1.1" 200 409
180.157.254.90 - - [10/Sep/2021:08:34:20 +0800] "GET /xingrg/all/function/internal_message.html?_=1631234060877&CODE_STATE=getMsg HTTP/1.1" 200 27
116.230.105.26 - - [10/Sep/2021:08:34:36 +0800] "GET /xingrg/all/function/internal_message.html?_=1631234013595&CODE_STATE=getMsg HTTP/1.1" 200 27
101.83.145.79 - - [10/Sep/2021:08:34:37 +0800] "GET /xingrg/all/function/internal_message.html?_=1631234076814&CODE_STATE=getMsg HTTP/1.1" 200 27
222.69.131.204 - - [10/Sep/2021:08:34:38 +0800] "GET /xingrg/all/function/internal_message.html?_=1631234075907&CODE_STATE=getMsg HTTP/1.1" 200 27
116.238.194.18 - - [10/Sep/2021:08:34:41 +0800] "GET /xingrg/all/function/internal_message.html?_=1631234080706&CODE_STATE=getMsg HTTP/1.1" 200 27
120.253.135.82 - - [10/Sep/2021:08:34:43 +0800] "GET /xingrg/all/function/internal_message.html?_=1631233855556&CODE_STATE=getMsg HTTP/1.1" 200 27
180.157.254.90 - - [10/Sep/2021:08:34:43 +0800] "GET /xingrg/kc/buy/cgsh_order_operate.html?command=get_materiel&rest_code=00148&code=00101006180&supplier_code=00100010&order_time=2021-09-10 HTTP/1.1" 200 423
116.237.74.154 - - [10/Sep/2021:08:34:44 +0800] "GET /xingrg/all/function/internal_message.html?_=1631234078494&CODE_STATE=getMsg HTTP/1.1" 200 27
172.20.0.100 - - [10/Sep/2021:08:34:45 +0800] "GET /xingrg/check_reg.html?_=1631234083816 HTTP/1.1" 200 22
172.20.0.100 - - [10/Sep/2021:08:34:45 +0800] "GET /xingrg/all/function/internal_message.html?_=1631234083819&CODE_STATE=getMsg HTTP/1.1" 200 27
180.157.254.90 - - [10/Sep/2021:08:34:56 +0800] "GET /xingrg/kc/buy/cgsh_order_operate.html?command=get_materiel&rest_code=00148&code=00101006065&supplier_code=00100010&order_time=2021-09-10 HTTP/1.1" 200 410
120.253.135.82 - - [10/Sep/2021:08:35:08 +0800] "POST /xingrg/kc/pszx/mdps_order_operate.html HTTP/1.1" 200 37
120.253.135.82 - - [10/Sep/2021:08:35:10 +0800] "GET /xingrg/kc/pszx/mdps_order_info.html?code=312021091000273 HTTP/1.1" 200 23931
222.70.179.190 - - [10/Sep/2021:08:35:11 +0800] "GET /xingrg/all/function/internal_message.html?_=1631234106684&CODE_STATE=getMsg HTTP/1.1" 200 27
120.253.135.82 - - [10/Sep/2021:08:35:11 +0800] "POST /xingrg/kc/pszx/mdps_order_operate.html HTTP/1.1" 200 2289
120.253.135.82 - - [10/Sep/2021:08:35:11 +0800] "GET /xingrg/javascript/easyui/themes/default/validatebox.css HTTP/1.1" 404 1104
120.253.135.82 - - [10/Sep/2021:08:35:13 +0800] "GET /xingrg/all/function/internal_message.html?_=1631234105079&CODE_STATE=getMsg HTTP/1.1" 200 27
116.238.168.124 - - [10/Sep/2021:08:35:14 +0800] "GET /favicon.ico HTTP/1.1" 404 -
116.238.194.18 - - [10/Sep/2021:08:35:18 +0800] "GET /xingrg/all/function/internal_message.html?_=1631234091483&CODE_STATE=getMsg HTTP/1.1" 200 27
180.157.254.90 - - [10/Sep/2021:08:35:20 +0800] "GET /xingrg/all/function/internal_message.html?_=1631234120881&CODE_STATE=getMsg HTTP/1.1" 200 27
180.157.254.90 - - [10/Sep/2021:08:35:26 +0800] "GET /xingrg/kc/buy/cgsh_order_operate.html?command=get_materiel&rest_code=00148&code=00101006112&supplier_code=00100010&order_time=2021-09-10 HTTP/1.1" 200 409
58.40.7.146 - - [10/Sep/2021:08:35:35 +0800] "GET /xingrg/check_reg.html?_=1631234134932 HTTP/1.1" 302 -
116.230.105.26 - - [10/Sep/2021:08:35:36 +0800] "GET /xingrg/all/function/internal_message.html?_=1631234073592&CODE_STATE=getMsg HTTP/1.1" 200 27
101.83.145.79 - - [10/Sep/2021:08:35:37 +0800] "GET /xingrg/all/function/internal_message.html?_=1631234136816&CODE_STATE=getMsg HTTP/1.1" 200 27
222.69.131.204 - - [10/Sep/2021:08:35:38 +0800] "GET /xingrg/all/function/internal_message.html?_=1631234135911&CODE_STATE=getMsg HTTP/1.1" 200 27
116.238.194.18 - - [10/Sep/2021:08:35:41 +0800] "GET /xingrg/all/function/internal_message.html?_=1631234140689&CODE_STATE=getMsg HTTP/1.1" 200 27
120.253.135.82 - - [10/Sep/2021:08:35:43 +0800] "GET /xingrg/all/function/internal_message.html?_=1631233915569&CODE_STATE=getMsg HTTP/1.1" 200 27
116.237.74.154 - - [10/Sep/2021:08:35:44 +0800] "GET /xingrg/all/function/internal_message.html?_=1631234138466&CODE_STATE=getMsg HTTP/1.1" 200 27
172.20.0.100 - - [10/Sep/2021:08:35:45 +0800] "GET /xingrg/all/function/internal_message.html?_=1631234143820&CODE_STATE=getMsg HTTP/1.1" 200 27
