172.20.0.100 - - [10/Sep/2021:07:07:45 +0800] "GET /xingrg/all/function/internal_message.html?_=1631228863818&CODE_STATE=getMsg HTTP/1.1" 200 27
116.237.74.154 - - [10/Sep/2021:07:07:46 +0800] "GET /xingrg/all/function/internal_message.html?_=1631228860506&CODE_STATE=getMsg HTTP/1.1" 200 27
120.253.135.82 - - [10/Sep/2021:07:07:47 +0800] "POST /xingrg/kc/pszx/mdps_list_operate.html HTTP/1.1" 200 2408
222.70.179.252 - - [10/Sep/2021:07:07:50 +0800] "POST /xingrg/services/DataTransmitService HTTP/1.1" 200 524
222.70.179.252 - - [10/Sep/2021:07:07:50 +0800] "POST /xingrg/services/DataTransmitService HTTP/1.1" 200 501
120.253.135.82 - - [10/Sep/2021:07:07:51 +0800] "GET /xingrg/kc/report/report_main.html HTTP/1.1" 200 9370
120.253.135.82 - - [10/Sep/2021:07:07:51 +0800] "POST /xingrg/kc/pszx/mdps_list_operate.html HTTP/1.1" 200 2408
120.253.135.82 - - [10/Sep/2021:07:07:51 +0800] "GET /xingrg/javascript/jquery_easy_ui/themes/icons/settle_new.png HTTP/1.1" 200 826
120.253.135.82 - - [10/Sep/2021:07:07:52 +0800] "GET /xingrg/kc/base/kc_stocks.html HTTP/1.1" 200 16437
120.253.135.82 - - [10/Sep/2021:07:07:53 +0800] "GET /xingrg/javascript/easyui/themes/sunny/easyui.css HTTP/1.1" 200 34304
120.253.135.82 - - [10/Sep/2021:07:07:53 +0800] "GET /xingrg/javascript/easyui/themes/icons/refresh_new.png HTTP/1.1" 200 685
120.253.135.82 - - [10/Sep/2021:07:07:53 +0800] "GET /xingrg/javascript/easyui/themes/icons/print_new.png HTTP/1.1" 200 3580
120.253.135.82 - - [10/Sep/2021:07:07:53 +0800] "GET /xingrg/javascript/easyui/themes/icons/filter_new.png HTTP/1.1" 200 795
120.253.135.82 - - [10/Sep/2021:07:07:53 +0800] "GET /xingrg/javascript/easyui/plugins/jquery.draggable.js HTTP/1.1" 200 6121
120.253.135.82 - - [10/Sep/2021:07:07:53 +0800] "GET /xingrg/javascript/easyui/plugins/jquery.droppable.js HTTP/1.1" 200 1167
120.253.135.82 - - [10/Sep/2021:07:07:53 +0800] "GET /xingrg/javascript/easyui/themes/default/tree.css HTTP/1.1" 404 1090
120.253.135.82 - - [10/Sep/2021:07:07:53 +0800] "GET /xingrg/javascript/easyui/plugins/jquery.tree.js HTTP/1.1" 200 20874
120.253.135.82 - - [10/Sep/2021:07:07:53 +0800] "POST /xingrg/all/common/load_tree.html?tree=materiel_sort_tree_json HTTP/1.1" 200 8792
120.253.135.82 - - [10/Sep/2021:07:07:53 +0800] "GET /xingrg/javascript/easyui/themes/sunny/images/tree_folder_open.gif HTTP/1.1" 200 956
120.253.135.82 - - [10/Sep/2021:07:07:53 +0800] "GET /xingrg/javascript/easyui/themes/sunny/images/tree_file.gif HTTP/1.1" 200 118
120.253.135.82 - - [10/Sep/2021:07:07:53 +0800] "GET /xingrg/javascript/easyui/themes/sunny/images/tree_folder.gif HTTP/1.1" 200 952
120.253.135.82 - - [10/Sep/2021:07:07:55 +0800] "POST /xingrg/all/common/load_combo.html?type=base HTTP/1.1" 200 1075
222.70.246.151 - - [10/Sep/2021:07:07:59 +0800] "GET /xingrg/check_reg.html?_=1631228896293 HTTP/1.1" 200 22
120.253.135.82 - - [10/Sep/2021:07:08:04 +0800] "POST /xingrg/kc/base/stock_operate.html HTTP/1.1" 200 1473
120.253.135.82 - - [10/Sep/2021:07:08:04 +0800] "GET /xingrg/javascript/jquery_tools/fix_table.js HTTP/1.1" 200 6528
222.70.179.190 - - [10/Sep/2021:07:08:11 +0800] "GET /xingrg/all/function/internal_message.html?_=1631228886605&CODE_STATE=getMsg HTTP/1.1" 200 27
120.253.135.82 - - [10/Sep/2021:07:08:11 +0800] "GET /xingrg/all/function/internal_message.html?_=1631228883319&CODE_STATE=getMsg HTTP/1.1" 200 27
120.253.135.82 - - [10/Sep/2021:07:08:13 +0800] "GET /xingrg/kc/pszx/mdps_order_list.html?orderType=0 HTTP/1.1" 200 21089
120.253.135.82 - - [10/Sep/2021:07:08:13 +0800] "POST /xingrg/kc/pszx/mdps_list_operate.html HTTP/1.1" 200 5194
116.238.194.18 - - [10/Sep/2021:07:08:17 +0800] "GET /xingrg/all/function/internal_message.html?_=1631228870308&CODE_STATE=getMsg HTTP/1.1" 200 27
120.253.135.82 - - [10/Sep/2021:07:08:19 +0800] "POST /xingrg/kc/pszx/mdps_list_operate.html HTTP/1.1" 200 2408
120.253.135.82 - - [10/Sep/2021:07:08:21 +0800] "POST /xingrg/kc/pszx/mdps_list_operate.html HTTP/1.1" 200 616
120.253.135.82 - - [10/Sep/2021:07:08:21 +0800] "GET /xingrg/kc/pszx/mdps_order_info.html?code=312021091000265 HTTP/1.1" 200 23925
120.253.135.82 - - [10/Sep/2021:07:08:22 +0800] "GET /xingrg/javascript/easyui/themes/default/validatebox.css HTTP/1.1" 404 1104
120.253.135.82 - - [10/Sep/2021:07:08:22 +0800] "POST /xingrg/kc/pszx/mdps_order_operate.html HTTP/1.1" 200 13821
116.230.105.26 - - [10/Sep/2021:07:08:24 +0800] "GET /xingrg/all/function/internal_message.html?_=1631228841641&CODE_STATE=getMsg HTTP/1.1" 200 27
120.253.135.82 - - [10/Sep/2021:07:08:30 +0800] "GET /xingrg/all/function/internal_message.html?_=1631228682656&CODE_STATE=getMsg HTTP/1.1" 200 27
120.253.135.82 - - [10/Sep/2021:07:08:38 +0800] "POST /xingrg/kc/pszx/mdps_order_operate.html HTTP/1.1" 200 37
120.253.135.82 - - [10/Sep/2021:07:08:39 +0800] "GET /xingrg/kc/pszx/mdps_order_info.html?code=312021091000265 HTTP/1.1" 200 23925
120.253.135.82 - - [10/Sep/2021:07:08:39 +0800] "GET /xingrg/javascript/easyui/themes/default/validatebox.css HTTP/1.1" 404 1104
120.253.135.82 - - [10/Sep/2021:07:08:40 +0800] "POST /xingrg/kc/pszx/mdps_order_operate.html HTTP/1.1" 200 13822
116.238.194.18 - - [10/Sep/2021:07:08:43 +0800] "GET /xingrg/all/function/internal_message.html?_=1631228921917&CODE_STATE=getMsg HTTP/1.1" 200 27
172.20.0.100 - - [10/Sep/2021:07:08:45 +0800] "GET /xingrg/all/function/internal_message.html?_=1631228923822&CODE_STATE=getMsg HTTP/1.1" 200 27
116.237.74.154 - - [10/Sep/2021:07:08:46 +0800] "GET /xingrg/all/function/internal_message.html?_=1631228920480&CODE_STATE=getMsg HTTP/1.1" 200 27
116.237.74.154 - - [10/Sep/2021:07:08:55 +0800] "GET /xingrg/check_reg.html?_=1631228930155 HTTP/1.1" 200 22
222.70.179.190 - - [10/Sep/2021:07:09:11 +0800] "GET /xingrg/check_reg.html?_=1631228946610 HTTP/1.1" 200 22
222.70.179.190 - - [10/Sep/2021:07:09:11 +0800] "GET /xingrg/all/function/internal_message.html?_=1631228946606&CODE_STATE=getMsg HTTP/1.1" 200 27
120.253.135.82 - - [10/Sep/2021:07:09:11 +0800] "GET /xingrg/all/function/internal_message.html?_=1631228943350&CODE_STATE=getMsg HTTP/1.1" 200 27
116.238.194.18 - - [10/Sep/2021:07:09:17 +0800] "GET /xingrg/all/function/internal_message.html?_=1631228930314&CODE_STATE=getMsg HTTP/1.1" 200 27
116.230.105.26 - - [10/Sep/2021:07:09:24 +0800] "GET /xingrg/check_reg.html?_=1631228901631 HTTP/1.1" 200 22
116.230.105.26 - - [10/Sep/2021:07:09:24 +0800] "GET /xingrg/all/function/internal_message.html?_=1631228901633&CODE_STATE=getMsg HTTP/1.1" 200 27
120.253.135.82 - - [10/Sep/2021:07:09:30 +0800] "GET /xingrg/all/function/internal_message.html?_=1631228742670&CODE_STATE=getMsg HTTP/1.1" 200 27
116.238.194.18 - - [10/Sep/2021:07:09:43 +0800] "GET /xingrg/all/function/internal_message.html?_=1631228981900&CODE_STATE=getMsg HTTP/1.1" 200 27
172.20.0.100 - - [10/Sep/2021:07:09:45 +0800] "GET /xingrg/all/function/internal_message.html?_=1631228983826&CODE_STATE=getMsg HTTP/1.1" 200 27
172.20.0.100 - - [10/Sep/2021:07:09:45 +0800] "GET /xingrg/check_reg.html?_=1631228983828 HTTP/1.1" 200 22
116.237.74.154 - - [10/Sep/2021:07:09:46 +0800] "GET /xingrg/all/function/internal_message.html?_=1631228980458&CODE_STATE=getMsg HTTP/1.1" 200 27
222.70.179.190 - - [10/Sep/2021:07:10:11 +0800] "GET /xingrg/all/function/internal_message.html?_=1631229006609&CODE_STATE=getMsg HTTP/1.1" 200 27
120.253.135.82 - - [10/Sep/2021:07:10:11 +0800] "GET /xingrg/all/function/internal_message.html?_=1631229003363&CODE_STATE=getMsg HTTP/1.1" 200 27
116.238.194.18 - - [10/Sep/2021:07:10:17 +0800] "GET /xingrg/all/function/internal_message.html?_=1631228990334&CODE_STATE=getMsg HTTP/1.1" 200 27
116.230.105.26 - - [10/Sep/2021:07:10:24 +0800] "GET /xingrg/all/function/internal_message.html?_=1631228961622&CODE_STATE=getMsg HTTP/1.1" 200 27
120.253.135.82 - - [10/Sep/2021:07:10:28 +0800] "POST /xingrg/kc/pszx/mdps_list_operate.html HTTP/1.1" 200 208
120.253.135.82 - - [10/Sep/2021:07:10:30 +0800] "GET /xingrg/all/function/internal_message.html?_=1631228802683&CODE_STATE=getMsg HTTP/1.1" 200 27
120.253.135.82 - - [10/Sep/2021:07:10:31 +0800] "GET /xingrg/kc/pszx/mdqp_order_list.html?state=10 HTTP/1.1" 200 12683
120.253.135.82 - - [10/Sep/2021:07:10:31 +0800] "GET /xingrg/dwr/interface/AjaxReportQueryService.js HTTP/1.1" 200 13203
120.253.135.82 - - [10/Sep/2021:07:10:31 +0800] "GET /xingrg/dwr/interface/AjaxQqpsService.js HTTP/1.1" 200 16326
120.253.135.82 - - [10/Sep/2021:07:10:31 +0800] "GET /xingrg/dwr/engine.js HTTP/1.1" 200 43631
120.253.135.82 - - [10/Sep/2021:07:10:31 +0800] "POST /xingrg/kc/pszx/mdps_list_operate.html HTTP/1.1" 200 2408
120.253.135.82 - - [10/Sep/2021:07:10:35 +0800] "GET /xingrg/kc/pszx/jzcl_ps.html HTTP/1.1" 200 7683
120.253.135.82 - - [10/Sep/2021:07:10:35 +0800] "POST /xingrg/all/common/load_tree.html?tree=area_rest_tree_json HTTP/1.1" 200 3472
58.40.7.146 - - [10/Sep/2021:07:10:36 +0800] "GET /xingrg/check_reg.html?_=1631229035326 HTTP/1.1" 302 -
120.253.135.82 - - [10/Sep/2021:07:10:36 +0800] "POST /xingrg/kc/pszx/jzcl_ps_operate.html HTTP/1.1" 200 2616
120.253.135.82 - - [10/Sep/2021:07:10:36 +0800] "POST /xingrg/kc/pszx/jzcl_ps_operate.html HTTP/1.1" 200 2616
116.238.194.18 - - [10/Sep/2021:07:10:43 +0800] "GET /xingrg/all/function/internal_message.html?_=1631229041891&CODE_STATE=getMsg HTTP/1.1" 200 27
172.20.0.100 - - [10/Sep/2021:07:10:45 +0800] "GET /xingrg/all/function/internal_message.html?_=1631229043813&CODE_STATE=getMsg HTTP/1.1" 200 27
116.237.74.154 - - [10/Sep/2021:07:10:46 +0800] "GET /xingrg/all/function/internal_message.html?_=1631229040461&CODE_STATE=getMsg HTTP/1.1" 200 27
120.253.135.82 - - [10/Sep/2021:07:10:48 +0800] "POST /xingrg/kc/pszx/jzcl_ps_operate.html HTTP/1.1" 200 4
120.253.135.82 - - [10/Sep/2021:07:10:50 +0800] "GET /xingrg/kc/pszx/mdps_order_list.html HTTP/1.1" 200 21089
120.253.135.82 - - [10/Sep/2021:07:10:51 +0800] "POST /xingrg/kc/pszx/mdps_list_operate.html HTTP/1.1" 200 5253
120.253.135.82 - - [10/Sep/2021:07:10:57 +0800] "POST /xingrg/kc/pszx/mdps_list_operate.html HTTP/1.1" 200 2058
120.253.135.82 - - [10/Sep/2021:07:10:59 +0800] "POST /xingrg/kc/pszx/mdps_list_operate.html HTTP/1.1" 200 622
120.253.135.82 - - [10/Sep/2021:07:11:00 +0800] "GET /xingrg/kc/pszx/mdps_order_info.html?code=312021091000271 HTTP/1.1" 200 23929
120.253.135.82 - - [10/Sep/2021:07:11:00 +0800] "POST /xingrg/kc/pszx/mdps_order_operate.html HTTP/1.1" 200 5778
120.253.135.82 - - [10/Sep/2021:07:11:00 +0800] "GET /xingrg/javascript/easyui/themes/default/validatebox.css HTTP/1.1" 404 1104
120.253.135.82 - - [10/Sep/2021:07:11:03 +0800] "POST /xingrg/kc/pszx/mdps_order_operate.html HTTP/1.1" 200 37
120.253.135.82 - - [10/Sep/2021:07:11:04 +0800] "GET /xingrg/kc/pszx/mdps_order_info.html?code=312021091000271 HTTP/1.1" 200 23929
120.253.135.82 - - [10/Sep/2021:07:11:05 +0800] "GET /xingrg/javascript/easyui/themes/default/validatebox.css HTTP/1.1" 404 1104
120.253.135.82 - - [10/Sep/2021:07:11:05 +0800] "POST /xingrg/kc/pszx/mdps_order_operate.html HTTP/1.1" 200 5834
116.238.194.18 - - [10/Sep/2021:07:11:07 +0800] "GET /xingrg/check_reg.html?_=1631229040483 HTTP/1.1" 200 22
222.70.179.190 - - [10/Sep/2021:07:11:11 +0800] "GET /xingrg/all/function/internal_message.html?_=1631229066608&CODE_STATE=getMsg HTTP/1.1" 200 27
120.253.135.82 - - [10/Sep/2021:07:11:11 +0800] "GET /xingrg/all/function/internal_message.html?_=1631229063396&CODE_STATE=getMsg HTTP/1.1" 200 27
116.238.194.18 - - [10/Sep/2021:07:11:17 +0800] "GET /xingrg/all/function/internal_message.html?_=1631229050342&CODE_STATE=getMsg HTTP/1.1" 200 27
120.253.135.82 - - [10/Sep/2021:07:11:23 +0800] "GET /xingrg/kc/pszx/mdps_order_operate.html?command=get_materiel&pszx_code=00101&rest_code=00151&base_code=0010246&code=00101012077 HTTP/1.1" 200 423
116.230.105.26 - - [10/Sep/2021:07:11:24 +0800] "GET /xingrg/all/function/internal_message.html?_=1631229021633&CODE_STATE=getMsg HTTP/1.1" 200 27
120.253.135.82 - - [10/Sep/2021:07:11:25 +0800] "GET /xingrg/check_reg.html?_=1631228858175 HTTP/1.1" 200 22
120.253.135.82 - - [10/Sep/2021:07:11:30 +0800] "GET /xingrg/all/function/internal_message.html?_=1631228862696&CODE_STATE=getMsg HTTP/1.1" 200 27
120.253.135.82 - - [10/Sep/2021:07:11:39 +0800] "POST /xingrg/kc/pszx/mdps_order_operate.html HTTP/1.1" 200 37
120.253.135.82 - - [10/Sep/2021:07:11:40 +0800] "GET /xingrg/kc/pszx/mdps_order_info.html?code=312021091000271 HTTP/1.1" 200 23929
120.253.135.82 - - [10/Sep/2021:07:11:41 +0800] "GET /xingrg/javascript/easyui/themes/default/validatebox.css HTTP/1.1" 404 1104
120.253.135.82 - - [10/Sep/2021:07:11:41 +0800] "POST /xingrg/kc/pszx/mdps_order_operate.html HTTP/1.1" 200 5830
116.238.194.18 - - [10/Sep/2021:07:11:43 +0800] "GET /xingrg/all/function/internal_message.html?_=1631229101879&CODE_STATE=getMsg HTTP/1.1" 200 27
172.20.0.100 - - [10/Sep/2021:07:11:45 +0800] "GET /xingrg/all/function/internal_message.html?_=1631229103816&CODE_STATE=getMsg HTTP/1.1" 200 27
116.237.74.154 - - [10/Sep/2021:07:11:46 +0800] "GET /xingrg/all/function/internal_message.html?_=1631229100434&CODE_STATE=getMsg HTTP/1.1" 200 27
116.238.194.18 - - [10/Sep/2021:07:11:55 +0800] "GET /xingrg/check_reg.html?_=1631229114082 HTTP/1.1" 200 22
120.253.135.82 - - [10/Sep/2021:07:11:55 +0800] "GET /xingrg/check_reg.html?_=1631229107885 HTTP/1.1" 200 22
222.70.179.190 - - [10/Sep/2021:07:12:11 +0800] "GET /xingrg/all/function/internal_message.html?_=1631229126609&CODE_STATE=getMsg HTTP/1.1" 200 27
120.253.135.82 - - [10/Sep/2021:07:12:11 +0800] "GET /xingrg/all/function/internal_message.html?_=1631229123406&CODE_STATE=getMsg HTTP/1.1" 200 27
116.238.194.18 - - [10/Sep/2021:07:12:17 +0800] "GET /xingrg/all/function/internal_message.html?_=1631229110355&CODE_STATE=getMsg HTTP/1.1" 200 27
116.230.105.26 - - [10/Sep/2021:07:12:24 +0800] "GET /xingrg/all/function/internal_message.html?_=1631229081628&CODE_STATE=getMsg HTTP/1.1" 200 27
120.253.135.82 - - [10/Sep/2021:07:12:30 +0800] "GET /xingrg/all/function/internal_message.html?_=1631228922711&CODE_STATE=getMsg HTTP/1.1" 200 27
116.238.194.18 - - [10/Sep/2021:07:12:43 +0800] "GET /xingrg/all/function/internal_message.html?_=1631229161865&CODE_STATE=getMsg HTTP/1.1" 200 27
172.20.0.100 - - [10/Sep/2021:07:12:45 +0800] "GET /xingrg/all/function/internal_message.html?_=1631229163818&CODE_STATE=getMsg HTTP/1.1" 200 27
116.237.74.154 - - [10/Sep/2021:07:12:46 +0800] "GET /xingrg/all/function/internal_message.html?_=1631229160408&CODE_STATE=getMsg HTTP/1.1" 200 27
222.70.246.151 - - [10/Sep/2021:07:12:59 +0800] "GET /xingrg/check_reg.html?_=1631229196299 HTTP/1.1" 200 22
222.70.179.190 - - [10/Sep/2021:07:13:11 +0800] "GET /xingrg/all/function/internal_message.html?_=1631229186611&CODE_STATE=getMsg HTTP/1.1" 200 27
120.253.135.82 - - [10/Sep/2021:07:13:11 +0800] "GET /xingrg/all/function/internal_message.html?_=1631229183419&CODE_STATE=getMsg HTTP/1.1" 200 27
116.238.194.18 - - [10/Sep/2021:07:13:17 +0800] "GET /xingrg/all/function/internal_message.html?_=1631229170376&CODE_STATE=getMsg HTTP/1.1" 200 27
116.230.105.26 - - [10/Sep/2021:07:13:24 +0800] "GET /xingrg/all/function/internal_message.html?_=1631229141644&CODE_STATE=getMsg HTTP/1.1" 200 27
120.253.135.82 - - [10/Sep/2021:07:13:30 +0800] "GET /xingrg/all/function/internal_message.html?_=1631228982724&CODE_STATE=getMsg HTTP/1.1" 200 27
116.238.194.18 - - [10/Sep/2021:07:13:43 +0800] "GET /xingrg/all/function/internal_message.html?_=1631229221853&CODE_STATE=getMsg HTTP/1.1" 200 27
172.20.0.100 - - [10/Sep/2021:07:13:45 +0800] "GET /xingrg/all/function/internal_message.html?_=1631229223821&CODE_STATE=getMsg HTTP/1.1" 200 27
116.237.74.154 - - [10/Sep/2021:07:13:46 +0800] "GET /xingrg/all/function/internal_message.html?_=1631229220384&CODE_STATE=getMsg HTTP/1.1" 200 27
116.237.74.154 - - [10/Sep/2021:07:13:55 +0800] "GET /xingrg/check_reg.html?_=1631229230183 HTTP/1.1" 200 22
222.70.179.190 - - [10/Sep/2021:07:14:11 +0800] "GET /xingrg/all/function/internal_message.html?_=1631229246615&CODE_STATE=getMsg HTTP/1.1" 200 27
222.70.179.190 - - [10/Sep/2021:07:14:11 +0800] "GET /xingrg/check_reg.html?_=1631229246611 HTTP/1.1" 200 22
120.253.135.82 - - [10/Sep/2021:07:14:11 +0800] "GET /xingrg/all/function/internal_message.html?_=1631229243450&CODE_STATE=getMsg HTTP/1.1" 200 27
116.238.194.18 - - [10/Sep/2021:07:14:17 +0800] "GET /xingrg/all/function/internal_message.html?_=1631229230381&CODE_STATE=getMsg HTTP/1.1" 200 27
116.230.105.26 - - [10/Sep/2021:07:14:24 +0800] "GET /xingrg/check_reg.html?_=1631229201636 HTTP/1.1" 200 22
116.230.105.26 - - [10/Sep/2021:07:14:24 +0800] "GET /xingrg/all/function/internal_message.html?_=1631229201639&CODE_STATE=getMsg HTTP/1.1" 200 27
120.253.135.82 - - [10/Sep/2021:07:14:30 +0800] "GET /xingrg/all/function/internal_message.html?_=1631229042922&CODE_STATE=getMsg HTTP/1.1" 200 27
116.238.194.18 - - [10/Sep/2021:07:14:43 +0800] "GET /xingrg/all/function/internal_message.html?_=1631229281839&CODE_STATE=getMsg HTTP/1.1" 200 27
172.20.0.100 - - [10/Sep/2021:07:14:45 +0800] "GET /xingrg/all/function/internal_message.html?_=1631229283824&CODE_STATE=getMsg HTTP/1.1" 200 27
172.20.0.100 - - [10/Sep/2021:07:14:45 +0800] "GET /xingrg/check_reg.html?_=1631229283826 HTTP/1.1" 200 22
116.237.74.154 - - [10/Sep/2021:07:14:46 +0800] "GET /xingrg/all/function/internal_message.html?_=1631229280354&CODE_STATE=getMsg HTTP/1.1" 200 27
120.253.135.82 - - [10/Sep/2021:07:15:03 +0800] "POST /xingrg/kc/pszx/mdps_order_operate.html HTTP/1.1" 200 37
120.253.135.82 - - [10/Sep/2021:07:15:04 +0800] "GET /xingrg/kc/pszx/mdps_order_info.html?code=312021091000271 HTTP/1.1" 200 23929
120.253.135.82 - - [10/Sep/2021:07:15:04 +0800] "POST /xingrg/kc/pszx/mdps_order_operate.html HTTP/1.1" 200 5830
120.253.135.82 - - [10/Sep/2021:07:15:04 +0800] "GET /xingrg/javascript/easyui/themes/default/validatebox.css HTTP/1.1" 404 1104
120.253.135.82 - - [10/Sep/2021:07:15:10 +0800] "GET /xingrg/kc/pszx/mdps_order_info.html?code=312021091000271 HTTP/1.1" 200 23929
120.253.135.82 - - [10/Sep/2021:07:15:11 +0800] "GET /xingrg/javascript/easyui/themes/default/validatebox.css HTTP/1.1" 404 1104
120.253.135.82 - - [10/Sep/2021:07:15:11 +0800] "POST /xingrg/kc/pszx/mdps_order_operate.html HTTP/1.1" 200 5830
222.70.179.190 - - [10/Sep/2021:07:15:11 +0800] "GET /xingrg/all/function/internal_message.html?_=1631229306614&CODE_STATE=getMsg HTTP/1.1" 200 27
120.253.135.82 - - [10/Sep/2021:07:15:11 +0800] "GET /xingrg/all/function/internal_message.html?_=1631229303461&CODE_STATE=getMsg HTTP/1.1" 200 27
116.238.194.18 - - [10/Sep/2021:07:15:17 +0800] "GET /xingrg/all/function/internal_message.html?_=1631229290402&CODE_STATE=getMsg HTTP/1.1" 200 27
120.253.135.82 - - [10/Sep/2021:07:15:22 +0800] "POST /xingrg/kc/pszx/mdps_list_operate.html HTTP/1.1" 200 2057
120.253.135.82 - - [10/Sep/2021:07:15:23 +0800] "POST /xingrg/kc/pszx/mdps_list_operate.html HTTP/1.1" 200 293
116.230.105.26 - - [10/Sep/2021:07:15:24 +0800] "GET /xingrg/all/function/internal_message.html?_=1631229261625&CODE_STATE=getMsg HTTP/1.1" 200 27
120.253.135.82 - - [10/Sep/2021:07:15:24 +0800] "GET /xingrg/kc/pszx/mdps_order_info.html?code=312021091000272 HTTP/1.1" 200 23929
120.253.135.82 - - [10/Sep/2021:07:15:24 +0800] "GET /xingrg/javascript/easyui/themes/default/validatebox.css HTTP/1.1" 404 1104
120.253.135.82 - - [10/Sep/2021:07:15:24 +0800] "POST /xingrg/kc/pszx/mdps_order_operate.html HTTP/1.1" 200 2778
120.253.135.82 - - [10/Sep/2021:07:15:28 +0800] "POST /xingrg/kc/pszx/mdps_order_operate.html HTTP/1.1" 200 37
120.253.135.82 - - [10/Sep/2021:07:15:29 +0800] "GET /xingrg/kc/pszx/mdps_order_info.html?code=312021091000272 HTTP/1.1" 200 23929
120.253.135.82 - - [10/Sep/2021:07:15:29 +0800] "GET /xingrg/javascript/easyui/themes/default/validatebox.css HTTP/1.1" 404 1104
120.253.135.82 - - [10/Sep/2021:07:15:29 +0800] "POST /xingrg/kc/pszx/mdps_order_operate.html HTTP/1.1" 200 2793
120.253.135.82 - - [10/Sep/2021:07:15:30 +0800] "GET /xingrg/all/function/internal_message.html?_=1631229102969&CODE_STATE=getMsg HTTP/1.1" 200 27
58.40.7.146 - - [10/Sep/2021:07:15:36 +0800] "GET /xingrg/check_reg.html?_=1631229335327 HTTP/1.1" 302 -
116.238.194.18 - - [10/Sep/2021:07:15:43 +0800] "GET /xingrg/all/function/internal_message.html?_=1631229341822&CODE_STATE=getMsg HTTP/1.1" 200 27
172.20.0.100 - - [10/Sep/2021:07:15:45 +0800] "GET /xingrg/all/function/internal_message.html?_=1631229343812&CODE_STATE=getMsg HTTP/1.1" 200 27
116.237.74.154 - - [10/Sep/2021:07:15:46 +0800] "GET /xingrg/all/function/internal_message.html?_=1631229340327&CODE_STATE=getMsg HTTP/1.1" 200 27
116.238.194.18 - - [10/Sep/2021:07:16:07 +0800] "GET /xingrg/check_reg.html?_=1631229340491 HTTP/1.1" 200 22
222.70.179.190 - - [10/Sep/2021:07:16:11 +0800] "GET /xingrg/all/function/internal_message.html?_=1631229366614&CODE_STATE=getMsg HTTP/1.1" 200 27
120.253.135.82 - - [10/Sep/2021:07:16:11 +0800] "GET /xingrg/all/function/internal_message.html?_=1631229363496&CODE_STATE=getMsg HTTP/1.1" 200 27
116.238.194.18 - - [10/Sep/2021:07:16:17 +0800] "GET /xingrg/all/function/internal_message.html?_=1631229350409&CODE_STATE=getMsg HTTP/1.1" 200 27
116.230.105.26 - - [10/Sep/2021:07:16:24 +0800] "GET /xingrg/all/function/internal_message.html?_=1631229321630&CODE_STATE=getMsg HTTP/1.1" 200 27
120.253.135.82 - - [10/Sep/2021:07:16:25 +0800] "GET /xingrg/check_reg.html?_=1631229158184 HTTP/1.1" 200 22
120.253.135.82 - - [10/Sep/2021:07:16:29 +0800] "POST /xingrg/kc/pszx/mdps_order_operate.html HTTP/1.1" 200 37
120.253.135.82 - - [10/Sep/2021:07:16:29 +0800] "GET /xingrg/kc/pszx/mdps_order_info.html?code=312021091000272 HTTP/1.1" 200 23929
120.253.135.82 - - [10/Sep/2021:07:16:30 +0800] "GET /xingrg/all/function/internal_message.html?_=1631229163210&CODE_STATE=getMsg HTTP/1.1" 200 27
120.253.135.82 - - [10/Sep/2021:07:16:30 +0800] "GET /xingrg/javascript/easyui/themes/default/validatebox.css HTTP/1.1" 404 1104
120.253.135.82 - - [10/Sep/2021:07:16:30 +0800] "POST /xingrg/kc/pszx/mdps_order_operate.html HTTP/1.1" 200 2793
120.253.135.82 - - [10/Sep/2021:07:16:32 +0800] "POST /xingrg/kc/pszx/mdps_list_operate.html HTTP/1.1" 200 2057
120.253.135.82 - - [10/Sep/2021:07:16:40 +0800] "POST /xingrg/kc/pszx/mdps_list_operate.html HTTP/1.1" 200 3551
120.253.135.82 - - [10/Sep/2021:07:16:41 +0800] "POST /xingrg/kc/pszx/mdps_list_operate.html HTTP/1.1" 200 206
120.253.135.82 - - [10/Sep/2021:07:16:42 +0800] "GET /xingrg/kc/pszx/mdps_order_info.html?code=312021091000267 HTTP/1.1" 200 23931
120.253.135.82 - - [10/Sep/2021:07:16:42 +0800] "GET /xingrg/javascript/easyui/themes/default/validatebox.css HTTP/1.1" 404 1104
120.253.135.82 - - [10/Sep/2021:07:16:42 +0800] "POST /xingrg/kc/pszx/mdps_order_operate.html HTTP/1.1" 200 2279
116.238.194.18 - - [10/Sep/2021:07:16:43 +0800] "GET /xingrg/all/function/internal_message.html?_=1631229401813&CODE_STATE=getMsg HTTP/1.1" 200 27
172.20.0.100 - - [10/Sep/2021:07:16:45 +0800] "GET /xingrg/all/function/internal_message.html?_=1631229403814&CODE_STATE=getMsg HTTP/1.1" 200 27
120.253.135.82 - - [10/Sep/2021:07:16:45 +0800] "POST /xingrg/kc/pszx/mdps_order_operate.html HTTP/1.1" 200 37
116.237.74.154 - - [10/Sep/2021:07:16:46 +0800] "GET /xingrg/all/function/internal_message.html?_=1631229400302&CODE_STATE=getMsg HTTP/1.1" 200 27
120.253.135.82 - - [10/Sep/2021:07:16:46 +0800] "GET /xingrg/kc/pszx/mdps_order_info.html?code=312021091000267 HTTP/1.1" 200 23931
120.253.135.82 - - [10/Sep/2021:07:16:47 +0800] "GET /xingrg/javascript/easyui/themes/default/validatebox.css HTTP/1.1" 404 1104
120.253.135.82 - - [10/Sep/2021:07:16:47 +0800] "POST /xingrg/kc/pszx/mdps_order_operate.html HTTP/1.1" 200 2286
120.253.135.82 - - [10/Sep/2021:07:16:48 +0800] "POST /xingrg/kc/pszx/mdps_list_operate.html HTTP/1.1" 200 3551
116.238.194.18 - - [10/Sep/2021:07:16:55 +0800] "GET /xingrg/check_reg.html?_=1631229414087 HTTP/1.1" 200 22
120.253.135.82 - - [10/Sep/2021:07:16:55 +0800] "GET /xingrg/check_reg.html?_=1631229407895 HTTP/1.1" 200 22
222.70.179.190 - - [10/Sep/2021:07:17:11 +0800] "GET /xingrg/all/function/internal_message.html?_=1631229426615&CODE_STATE=getMsg HTTP/1.1" 200 27
120.253.135.82 - - [10/Sep/2021:07:17:11 +0800] "GET /xingrg/all/function/internal_message.html?_=1631229423504&CODE_STATE=getMsg HTTP/1.1" 200 27
116.238.194.18 - - [10/Sep/2021:07:17:17 +0800] "GET /xingrg/all/function/internal_message.html?_=1631229410422&CODE_STATE=getMsg HTTP/1.1" 200 27
116.230.105.26 - - [10/Sep/2021:07:17:24 +0800] "GET /xingrg/all/function/internal_message.html?_=1631229381647&CODE_STATE=getMsg HTTP/1.1" 200 27
120.253.135.82 - - [10/Sep/2021:07:17:30 +0800] "GET /xingrg/all/function/internal_message.html?_=1631229223408&CODE_STATE=getMsg HTTP/1.1" 200 27
120.253.135.82 - - [10/Sep/2021:07:17:42 +0800] "POST /xingrg/kc/pszx/mdps_list_operate.html HTTP/1.1" 200 206
116.238.194.18 - - [10/Sep/2021:07:17:42 +0800] "GET /xingrg/all/function/internal_message.html?_=1631229461793&CODE_STATE=getMsg HTTP/1.1" 200 27
120.253.135.82 - - [10/Sep/2021:07:17:44 +0800] "POST /xingrg/kc/pszx/mdps_list_operate.html HTTP/1.1" 200 626
172.20.0.100 - - [10/Sep/2021:07:17:45 +0800] "GET /xingrg/all/function/internal_message.html?_=1631229463816&CODE_STATE=getMsg HTTP/1.1" 200 27
120.253.135.82 - - [10/Sep/2021:07:17:45 +0800] "GET /xingrg/kc/pszx/mdps_order_info.html?code=312021091000268 HTTP/1.1" 200 23931
116.237.74.154 - - [10/Sep/2021:07:17:46 +0800] "GET /xingrg/all/function/internal_message.html?_=1631229460273&CODE_STATE=getMsg HTTP/1.1" 200 27
120.253.135.82 - - [10/Sep/2021:07:17:46 +0800] "GET /xingrg/javascript/easyui/themes/default/validatebox.css HTTP/1.1" 404 1104
120.253.135.82 - - [10/Sep/2021:07:17:46 +0800] "POST /xingrg/kc/pszx/mdps_order_operate.html HTTP/1.1" 200 7234
120.253.135.82 - - [10/Sep/2021:07:17:48 +0800] "POST /xingrg/all/common/load_combo.html?type=base HTTP/1.1" 200 1075
120.253.135.82 - - [10/Sep/2021:07:17:52 +0800] "POST /xingrg/kc/pszx/mdps_order_operate.html HTTP/1.1" 200 37
120.253.135.82 - - [10/Sep/2021:07:17:53 +0800] "GET /xingrg/kc/pszx/mdps_order_info.html?code=312021091000268 HTTP/1.1" 200 23931
120.253.135.82 - - [10/Sep/2021:07:17:54 +0800] "GET /xingrg/javascript/easyui/themes/default/validatebox.css HTTP/1.1" 404 1104
120.253.135.82 - - [10/Sep/2021:07:17:54 +0800] "POST /xingrg/kc/pszx/mdps_order_operate.html HTTP/1.1" 200 7328
222.70.246.151 - - [10/Sep/2021:07:17:59 +0800] "GET /xingrg/check_reg.html?_=1631229496306 HTTP/1.1" 200 22
222.70.179.190 - - [10/Sep/2021:07:18:11 +0800] "GET /xingrg/all/function/internal_message.html?_=1631229486617&CODE_STATE=getMsg HTTP/1.1" 200 27
120.253.135.82 - - [10/Sep/2021:07:18:11 +0800] "GET /xingrg/all/function/internal_message.html?_=1631229483519&CODE_STATE=getMsg HTTP/1.1" 200 27
116.238.194.18 - - [10/Sep/2021:07:18:17 +0800] "GET /xingrg/all/function/internal_message.html?_=1631229470444&CODE_STATE=getMsg HTTP/1.1" 200 27
116.230.105.26 - - [10/Sep/2021:07:18:24 +0800] "GET /xingrg/all/function/internal_message.html?_=1631229441646&CODE_STATE=getMsg HTTP/1.1" 200 27
120.253.135.82 - - [10/Sep/2021:07:18:27 +0800] "POST /xingrg/kc/pszx/mdps_list_operate.html HTTP/1.1" 200 3551
120.253.135.82 - - [10/Sep/2021:07:18:28 +0800] "POST /xingrg/kc/pszx/mdps_list_operate.html HTTP/1.1" 200 629
120.253.135.82 - - [10/Sep/2021:07:18:29 +0800] "GET /xingrg/kc/pszx/mdps_order_info.html?code=312021091000269 HTTP/1.1" 200 23931
120.253.135.82 - - [10/Sep/2021:07:18:30 +0800] "GET /xingrg/javascript/easyui/themes/default/validatebox.css HTTP/1.1" 404 1104
120.253.135.82 - - [10/Sep/2021:07:18:30 +0800] "POST /xingrg/kc/pszx/mdps_order_operate.html HTTP/1.1" 200 16012
120.253.135.82 - - [10/Sep/2021:07:18:30 +0800] "GET /xingrg/all/function/internal_message.html?_=1631229283465&CODE_STATE=getMsg HTTP/1.1" 200 27
120.253.135.82 - - [10/Sep/2021:07:18:33 +0800] "POST /xingrg/kc/pszx/mdps_order_operate.html HTTP/1.1" 200 37
120.253.135.82 - - [10/Sep/2021:07:18:33 +0800] "GET /xingrg/kc/pszx/mdps_order_info.html?code=312021091000269 HTTP/1.1" 200 23931
120.253.135.82 - - [10/Sep/2021:07:18:34 +0800] "GET /xingrg/javascript/easyui/themes/default/validatebox.css HTTP/1.1" 404 1104
120.253.135.82 - - [10/Sep/2021:07:18:34 +0800] "POST /xingrg/kc/pszx/mdps_order_operate.html HTTP/1.1" 200 16225
116.238.194.18 - - [10/Sep/2021:07:18:42 +0800] "GET /xingrg/all/function/internal_message.html?_=1631229521780&CODE_STATE=getMsg HTTP/1.1" 200 27
172.20.0.100 - - [10/Sep/2021:07:18:45 +0800] "GET /xingrg/all/function/internal_message.html?_=1631229523821&CODE_STATE=getMsg HTTP/1.1" 200 27
116.237.74.154 - - [10/Sep/2021:07:18:46 +0800] "GET /xingrg/all/function/internal_message.html?_=1631229520254&CODE_STATE=getMsg HTTP/1.1" 200 27
116.237.74.154 - - [10/Sep/2021:07:18:56 +0800] "GET /xingrg/check_reg.html?_=1631229530178 HTTP/1.1" 200 22
222.70.179.190 - - [10/Sep/2021:07:19:11 +0800] "GET /xingrg/all/function/internal_message.html?_=1631229546621&CODE_STATE=getMsg HTTP/1.1" 200 27
222.70.179.190 - - [10/Sep/2021:07:19:11 +0800] "GET /xingrg/check_reg.html?_=1631229546617 HTTP/1.1" 200 22
120.253.135.82 - - [10/Sep/2021:07:19:11 +0800] "GET /xingrg/all/function/internal_message.html?_=1631229543549&CODE_STATE=getMsg HTTP/1.1" 200 27
116.238.194.18 - - [10/Sep/2021:07:19:17 +0800] "GET /xingrg/all/function/internal_message.html?_=1631229530449&CODE_STATE=getMsg HTTP/1.1" 200 27
116.230.105.26 - - [10/Sep/2021:07:19:24 +0800] "GET /xingrg/check_reg.html?_=1631229501646 HTTP/1.1" 200 22
116.230.105.26 - - [10/Sep/2021:07:19:24 +0800] "GET /xingrg/all/function/internal_message.html?_=1631229501647&CODE_STATE=getMsg HTTP/1.1" 200 27
120.253.135.82 - - [10/Sep/2021:07:19:30 +0800] "GET /xingrg/all/function/internal_message.html?_=1631229343477&CODE_STATE=getMsg HTTP/1.1" 200 27
116.238.194.18 - - [10/Sep/2021:07:19:42 +0800] "GET /xingrg/all/function/internal_message.html?_=1631229581763&CODE_STATE=getMsg HTTP/1.1" 200 27
172.20.0.100 - - [10/Sep/2021:07:19:45 +0800] "GET /xingrg/all/function/internal_message.html?_=1631229583824&CODE_STATE=getMsg HTTP/1.1" 200 27
172.20.0.100 - - [10/Sep/2021:07:19:45 +0800] "GET /xingrg/check_reg.html?_=1631229583828 HTTP/1.1" 200 22
116.237.74.154 - - [10/Sep/2021:07:19:46 +0800] "GET /xingrg/all/function/internal_message.html?_=1631229580232&CODE_STATE=getMsg HTTP/1.1" 200 27
222.69.131.204 - - [10/Sep/2021:07:19:56 +0800] "POST /xingrg/services/DataTransmitService HTTP/1.1" 200 524
222.70.179.190 - - [10/Sep/2021:07:20:11 +0800] "GET /xingrg/all/function/internal_message.html?_=1631229606605&CODE_STATE=getMsg HTTP/1.1" 200 27
120.253.135.82 - - [10/Sep/2021:07:20:11 +0800] "GET /xingrg/all/function/internal_message.html?_=1631229603561&CODE_STATE=getMsg HTTP/1.1" 200 27
116.238.194.18 - - [10/Sep/2021:07:20:17 +0800] "GET /xingrg/all/function/internal_message.html?_=1631229590471&CODE_STATE=getMsg HTTP/1.1" 200 27
116.230.105.26 - - [10/Sep/2021:07:20:24 +0800] "GET /xingrg/all/function/internal_message.html?_=1631229561647&CODE_STATE=getMsg HTTP/1.1" 200 27
120.253.135.82 - - [10/Sep/2021:07:20:31 +0800] "GET /xingrg/all/function/internal_message.html?_=1631229403669&CODE_STATE=getMsg HTTP/1.1" 200 27
58.40.7.146 - - [10/Sep/2021:07:20:36 +0800] "GET /xingrg/check_reg.html?_=1631229635301 HTTP/1.1" 302 -
116.238.194.18 - - [10/Sep/2021:07:20:42 +0800] "GET /xingrg/all/function/internal_message.html?_=1631229641755&CODE_STATE=getMsg HTTP/1.1" 200 27
172.20.0.100 - - [10/Sep/2021:07:20:45 +0800] "GET /xingrg/all/function/internal_message.html?_=1631229643816&CODE_STATE=getMsg HTTP/1.1" 200 27
116.237.74.154 - - [10/Sep/2021:07:20:46 +0800] "GET /xingrg/all/function/internal_message.html?_=1631229640203&CODE_STATE=getMsg HTTP/1.1" 200 27
116.238.194.18 - - [10/Sep/2021:07:21:07 +0800] "GET /xingrg/check_reg.html?_=1631229640495 HTTP/1.1" 200 22
222.70.179.190 - - [10/Sep/2021:07:21:11 +0800] "GET /xingrg/all/function/internal_message.html?_=1631229666606&CODE_STATE=getMsg HTTP/1.1" 200 27
120.253.135.82 - - [10/Sep/2021:07:21:11 +0800] "GET /xingrg/all/function/internal_message.html?_=1631229663598&CODE_STATE=getMsg HTTP/1.1" 200 27
116.238.168.124 - - [10/Sep/2021:07:21:16 +0800] "GET /xingrg/check_reg.html?_=1631229654614 HTTP/1.1" 302 -
116.238.168.124 - - [10/Sep/2021:07:21:17 +0800] "GET /xingrg/login.html HTTP/1.1" 200 7641
116.238.194.18 - - [10/Sep/2021:07:21:17 +0800] "GET /xingrg/all/function/internal_message.html?_=1631229650476&CODE_STATE=getMsg HTTP/1.1" 200 27
116.230.105.26 - - [10/Sep/2021:07:21:24 +0800] "GET /xingrg/all/function/internal_message.html?_=1631229621636&CODE_STATE=getMsg HTTP/1.1" 200 27
120.253.135.82 - - [10/Sep/2021:07:21:25 +0800] "GET /xingrg/check_reg.html?_=1631229458183 HTTP/1.1" 200 22
120.253.135.82 - - [10/Sep/2021:07:21:31 +0800] "GET /xingrg/all/function/internal_message.html?_=1631229463675&CODE_STATE=getMsg HTTP/1.1" 200 27
116.238.194.18 - - [10/Sep/2021:07:21:42 +0800] "GET /xingrg/all/function/internal_message.html?_=1631229701741&CODE_STATE=getMsg HTTP/1.1" 200 27
172.20.0.100 - - [10/Sep/2021:07:21:45 +0800] "GET /xingrg/all/function/internal_message.html?_=1631229703818&CODE_STATE=getMsg HTTP/1.1" 200 27
116.237.74.154 - - [10/Sep/2021:07:21:46 +0800] "GET /xingrg/all/function/internal_message.html?_=1631229700183&CODE_STATE=getMsg HTTP/1.1" 200 27
120.253.135.82 - - [10/Sep/2021:07:21:51 +0800] "POST /xingrg/kc/pszx/mdps_order_operate.html HTTP/1.1" 200 37
120.253.135.82 - - [10/Sep/2021:07:21:52 +0800] "GET /xingrg/kc/pszx/mdps_order_info.html?code=312021091000269 HTTP/1.1" 200 23931
120.253.135.82 - - [10/Sep/2021:07:21:53 +0800] "POST /xingrg/kc/pszx/mdps_order_operate.html HTTP/1.1" 200 16225
120.253.135.82 - - [10/Sep/2021:07:21:53 +0800] "GET /xingrg/javascript/easyui/themes/default/validatebox.css HTTP/1.1" 404 1104
120.253.135.82 - - [10/Sep/2021:07:21:55 +0800] "POST /xingrg/kc/pszx/mdps_list_operate.html HTTP/1.1" 200 3551
116.238.194.18 - - [10/Sep/2021:07:21:55 +0800] "GET /xingrg/check_reg.html?_=1631229714116 HTTP/1.1" 200 22
120.253.135.82 - - [10/Sep/2021:07:21:55 +0800] "GET /xingrg/check_reg.html?_=1631229707901 HTTP/1.1" 200 22
120.253.135.82 - - [10/Sep/2021:07:21:57 +0800] "POST /xingrg/kc/pszx/mdps_list_operate.html HTTP/1.1" 200 285
120.253.135.82 - - [10/Sep/2021:07:21:59 +0800] "POST /xingrg/kc/pszx/mdps_list_operate.html HTTP/1.1" 200 360
120.253.135.82 - - [10/Sep/2021:07:22:03 +0800] "GET /xingrg/kc/pszx/mdps_order_info.html?code=312021091000270 HTTP/1.1" 200 23931
120.253.135.82 - - [10/Sep/2021:07:22:03 +0800] "GET /xingrg/javascript/easyui/themes/default/validatebox.css HTTP/1.1" 404 1104
120.253.135.82 - - [10/Sep/2021:07:22:03 +0800] "POST /xingrg/kc/pszx/mdps_order_operate.html HTTP/1.1" 200 2792
120.253.135.82 - - [10/Sep/2021:07:22:05 +0800] "POST /xingrg/all/common/load_combo.html?type=base HTTP/1.1" 200 1075
222.70.179.190 - - [10/Sep/2021:07:22:11 +0800] "GET /xingrg/all/function/internal_message.html?_=1631229726606&CODE_STATE=getMsg HTTP/1.1" 200 27
120.253.135.82 - - [10/Sep/2021:07:22:11 +0800] "GET /xingrg/all/function/internal_message.html?_=1631229723603&CODE_STATE=getMsg HTTP/1.1" 200 27
120.253.135.82 - - [10/Sep/2021:07:22:15 +0800] "POST /xingrg/kc/pszx/mdps_order_operate.html HTTP/1.1" 200 37
120.253.135.82 - - [10/Sep/2021:07:22:16 +0800] "GET /xingrg/kc/pszx/mdps_order_info.html?code=312021091000270 HTTP/1.1" 200 23929
120.253.135.82 - - [10/Sep/2021:07:22:17 +0800] "GET /xingrg/javascript/easyui/themes/default/validatebox.css HTTP/1.1" 404 1104
120.253.135.82 - - [10/Sep/2021:07:22:17 +0800] "POST /xingrg/kc/pszx/mdps_order_operate.html HTTP/1.1" 200 2808
116.238.194.18 - - [10/Sep/2021:07:22:17 +0800] "GET /xingrg/all/function/internal_message.html?_=1631229710490&CODE_STATE=getMsg HTTP/1.1" 200 27
116.230.105.26 - - [10/Sep/2021:07:22:24 +0800] "GET /xingrg/all/function/internal_message.html?_=1631229681634&CODE_STATE=getMsg HTTP/1.1" 200 27
120.253.135.82 - - [10/Sep/2021:07:22:29 +0800] "POST /xingrg/kc/pszx/mdps_order_operate.html HTTP/1.1" 200 37
120.253.135.82 - - [10/Sep/2021:07:22:30 +0800] "GET /xingrg/kc/pszx/mdps_order_info.html?code=312021091000270 HTTP/1.1" 200 23929
120.253.135.82 - - [10/Sep/2021:07:22:31 +0800] "POST /xingrg/kc/pszx/mdps_order_operate.html HTTP/1.1" 200 2808
120.253.135.82 - - [10/Sep/2021:07:22:31 +0800] "GET /xingrg/javascript/easyui/themes/default/validatebox.css HTTP/1.1" 404 1104
120.253.135.82 - - [10/Sep/2021:07:22:31 +0800] "GET /xingrg/all/function/internal_message.html?_=1631229523720&CODE_STATE=getMsg HTTP/1.1" 200 27
120.253.135.82 - - [10/Sep/2021:07:22:33 +0800] "POST /xingrg/kc/pszx/mdps_list_operate.html HTTP/1.1" 200 3548
120.253.135.82 - - [10/Sep/2021:07:22:35 +0800] "POST /xingrg/kc/pszx/mdps_list_operate.html HTTP/1.1" 200 213
120.253.135.82 - - [10/Sep/2021:07:22:36 +0800] "GET /xingrg/kc/pszx/mdps_order_info.html?code=312021091000249 HTTP/1.1" 200 23931
120.253.135.82 - - [10/Sep/2021:07:22:36 +0800] "GET /xingrg/javascript/easyui/themes/default/validatebox.css HTTP/1.1" 404 1104
120.253.135.82 - - [10/Sep/2021:07:22:36 +0800] "POST /xingrg/kc/pszx/mdps_order_operate.html HTTP/1.1" 200 2301
120.253.135.82 - - [10/Sep/2021:07:22:41 +0800] "POST /xingrg/kc/pszx/mdps_list_operate.html HTTP/1.1" 200 3548
116.238.194.18 - - [10/Sep/2021:07:22:42 +0800] "GET /xingrg/all/function/internal_message.html?_=1631229761728&CODE_STATE=getMsg HTTP/1.1" 200 27
120.253.135.82 - - [10/Sep/2021:07:22:43 +0800] "POST /xingrg/kc/pszx/mdps_list_operate.html HTTP/1.1" 200 213
120.253.135.82 - - [10/Sep/2021:07:22:44 +0800] "POST /xingrg/kc/pszx/mdps_list_operate.html HTTP/1.1" 200 285
172.20.0.100 - - [10/Sep/2021:07:22:45 +0800] "GET /xingrg/all/function/internal_message.html?_=1631229763822&CODE_STATE=getMsg HTTP/1.1" 200 27
116.237.74.154 - - [10/Sep/2021:07:22:45 +0800] "GET /xingrg/all/function/internal_message.html?_=1631229760164&CODE_STATE=getMsg HTTP/1.1" 200 27
120.253.135.82 - - [10/Sep/2021:07:22:50 +0800] "GET /xingrg/kc/pszx/mdps_order_info.html?code=312021091000270 HTTP/1.1" 200 23929
120.253.135.82 - - [10/Sep/2021:07:22:50 +0800] "POST /xingrg/kc/pszx/mdps_order_operate.html HTTP/1.1" 200 2808
120.253.135.82 - - [10/Sep/2021:07:22:50 +0800] "GET /xingrg/javascript/easyui/themes/default/validatebox.css HTTP/1.1" 404 1104
222.70.246.151 - - [10/Sep/2021:07:22:59 +0800] "GET /xingrg/check_reg.html?_=1631229796314 HTTP/1.1" 200 22
222.70.179.190 - - [10/Sep/2021:07:23:11 +0800] "GET /xingrg/all/function/internal_message.html?_=1631229786607&CODE_STATE=getMsg HTTP/1.1" 200 27
120.253.135.82 - - [10/Sep/2021:07:23:11 +0800] "GET /xingrg/all/function/internal_message.html?_=1631229783619&CODE_STATE=getMsg HTTP/1.1" 200 27
116.238.194.18 - - [10/Sep/2021:07:23:17 +0800] "GET /xingrg/all/function/internal_message.html?_=1631229770511&CODE_STATE=getMsg HTTP/1.1" 200 27
116.230.105.26 - - [10/Sep/2021:07:23:24 +0800] "GET /xingrg/all/function/internal_message.html?_=1631229741634&CODE_STATE=getMsg HTTP/1.1" 200 27
120.253.135.82 - - [10/Sep/2021:07:23:31 +0800] "GET /xingrg/all/function/internal_message.html?_=1631229583735&CODE_STATE=getMsg HTTP/1.1" 200 27
116.238.194.18 - - [10/Sep/2021:07:23:42 +0800] "GET /xingrg/all/function/internal_message.html?_=1631229821712&CODE_STATE=getMsg HTTP/1.1" 200 27
172.20.0.100 - - [10/Sep/2021:07:23:45 +0800] "GET /xingrg/all/function/internal_message.html?_=1631229823825&CODE_STATE=getMsg HTTP/1.1" 200 27
116.237.74.154 - - [10/Sep/2021:07:23:45 +0800] "GET /xingrg/all/function/internal_message.html?_=1631229820143&CODE_STATE=getMsg HTTP/1.1" 200 27
116.237.74.154 - - [10/Sep/2021:07:23:56 +0800] "GET /xingrg/check_reg.html?_=1631229830177 HTTP/1.1" 200 22
222.70.179.190 - - [10/Sep/2021:07:24:11 +0800] "GET /xingrg/all/function/internal_message.html?_=1631229846608&CODE_STATE=getMsg HTTP/1.1" 200 27
222.70.179.190 - - [10/Sep/2021:07:24:11 +0800] "GET /xingrg/check_reg.html?_=1631229846610 HTTP/1.1" 200 22
120.253.135.82 - - [10/Sep/2021:07:24:11 +0800] "GET /xingrg/all/function/internal_message.html?_=1631229843652&CODE_STATE=getMsg HTTP/1.1" 200 27
116.238.194.18 - - [10/Sep/2021:07:24:17 +0800] "GET /xingrg/all/function/internal_message.html?_=1631229830518&CODE_STATE=getMsg HTTP/1.1" 200 27
116.230.105.26 - - [10/Sep/2021:07:24:24 +0800] "GET /xingrg/all/function/internal_message.html?_=1631229801629&CODE_STATE=getMsg HTTP/1.1" 200 27
116.230.105.26 - - [10/Sep/2021:07:24:24 +0800] "GET /xingrg/check_reg.html?_=1631229801633 HTTP/1.1" 200 22
120.253.135.82 - - [10/Sep/2021:07:24:32 +0800] "GET /xingrg/all/function/internal_message.html?_=1631229644574&CODE_STATE=getMsg HTTP/1.1" 200 27
116.238.194.18 - - [10/Sep/2021:07:24:42 +0800] "GET /xingrg/all/function/internal_message.html?_=1631229881703&CODE_STATE=getMsg HTTP/1.1" 200 27
172.20.0.100 - - [10/Sep/2021:07:24:45 +0800] "GET /xingrg/all/function/internal_message.html?_=1631229883813&CODE_STATE=getMsg HTTP/1.1" 200 27
172.20.0.100 - - [10/Sep/2021:07:24:45 +0800] "GET /xingrg/check_reg.html?_=1631229883814 HTTP/1.1" 200 22
116.237.74.154 - - [10/Sep/2021:07:24:45 +0800] "GET /xingrg/all/function/internal_message.html?_=1631229880115&CODE_STATE=getMsg HTTP/1.1" 200 27
222.70.179.190 - - [10/Sep/2021:07:25:11 +0800] "GET /xingrg/all/function/internal_message.html?_=1631229906607&CODE_STATE=getMsg HTTP/1.1" 200 27
120.253.135.82 - - [10/Sep/2021:07:25:11 +0800] "GET /xingrg/all/function/internal_message.html?_=1631229903660&CODE_STATE=getMsg HTTP/1.1" 200 27
116.238.194.18 - - [10/Sep/2021:07:25:17 +0800] "GET /xingrg/all/function/internal_message.html?_=1631229890540&CODE_STATE=getMsg HTTP/1.1" 200 27
116.230.105.26 - - [10/Sep/2021:07:25:24 +0800] "GET /xingrg/all/function/internal_message.html?_=1631229861632&CODE_STATE=getMsg HTTP/1.1" 200 27
120.253.135.82 - - [10/Sep/2021:07:25:32 +0800] "GET /xingrg/all/function/internal_message.html?_=1631229704588&CODE_STATE=getMsg HTTP/1.1" 200 27
58.40.7.146 - - [10/Sep/2021:07:25:36 +0800] "GET /xingrg/check_reg.html?_=1631229935279 HTTP/1.1" 302 -
116.238.194.18 - - [10/Sep/2021:07:25:42 +0800] "GET /xingrg/all/function/internal_message.html?_=1631229941689&CODE_STATE=getMsg HTTP/1.1" 200 27
172.20.0.100 - - [10/Sep/2021:07:25:45 +0800] "GET /xingrg/all/function/internal_message.html?_=1631229943816&CODE_STATE=getMsg HTTP/1.1" 200 27
116.237.74.154 - - [10/Sep/2021:07:25:45 +0800] "GET /xingrg/all/function/internal_message.html?_=1631229940086&CODE_STATE=getMsg HTTP/1.1" 200 27
116.238.194.18 - - [10/Sep/2021:07:26:07 +0800] "GET /xingrg/check_reg.html?_=1631229940500 HTTP/1.1" 200 22
222.70.179.190 - - [10/Sep/2021:07:26:11 +0800] "GET /xingrg/all/function/internal_message.html?_=1631229966608&CODE_STATE=getMsg HTTP/1.1" 200 27
120.253.135.82 - - [10/Sep/2021:07:26:11 +0800] "GET /xingrg/all/function/internal_message.html?_=1631229963690&CODE_STATE=getMsg HTTP/1.1" 200 27
120.253.135.82 - - [10/Sep/2021:07:26:12 +0800] "POST /xingrg/kc/pszx/mdps_order_operate.html HTTP/1.1" 200 37
120.253.135.82 - - [10/Sep/2021:07:26:13 +0800] "GET /xingrg/kc/pszx/mdps_order_info.html?code=312021091000270 HTTP/1.1" 200 23929
120.253.135.82 - - [10/Sep/2021:07:26:13 +0800] "GET /xingrg/javascript/easyui/themes/default/validatebox.css HTTP/1.1" 404 1104
120.253.135.82 - - [10/Sep/2021:07:26:13 +0800] "POST /xingrg/kc/pszx/mdps_order_operate.html HTTP/1.1" 200 2808
120.253.135.82 - - [10/Sep/2021:07:26:14 +0800] "POST /xingrg/kc/pszx/mdps_list_operate.html HTTP/1.1" 200 3548
120.253.135.82 - - [10/Sep/2021:07:26:16 +0800] "POST /xingrg/kc/pszx/mdps_list_operate.html HTTP/1.1" 200 285
116.238.168.124 - - [10/Sep/2021:07:26:16 +0800] "GET /xingrg/check_reg.html?_=1631229954616 HTTP/1.1" 302 -
116.238.194.18 - - [10/Sep/2021:07:26:17 +0800] "GET /xingrg/all/function/internal_message.html?_=1631229950545&CODE_STATE=getMsg HTTP/1.1" 200 27
120.253.135.82 - - [10/Sep/2021:07:26:17 +0800] "POST /xingrg/kc/pszx/mdps_list_operate.html HTTP/1.1" 200 629
120.253.135.82 - - [10/Sep/2021:07:26:18 +0800] "POST /xingrg/kc/pszx/mdps_list_operate.html HTTP/1.1" 200 626
120.253.135.82 - - [10/Sep/2021:07:26:20 +0800] "POST /xingrg/kc/pszx/mdps_list_operate.html HTTP/1.1" 200 206
120.253.135.82 - - [10/Sep/2021:07:26:24 +0800] "POST /xingrg/kc/pszx/mdps_list_operate.html HTTP/1.1" 200 360
116.230.105.26 - - [10/Sep/2021:07:26:24 +0800] "GET /xingrg/all/function/internal_message.html?_=1631229921635&CODE_STATE=getMsg HTTP/1.1" 200 27
120.253.135.82 - - [10/Sep/2021:07:26:25 +0800] "GET /xingrg/check_reg.html?_=1631229758196 HTTP/1.1" 200 22
120.253.135.82 - - [10/Sep/2021:07:26:32 +0800] "GET /xingrg/all/function/internal_message.html?_=1631229764601&CODE_STATE=getMsg HTTP/1.1" 200 27
120.253.135.82 - - [10/Sep/2021:07:26:42 +0800] "POST /xingrg/kc/pszx/mdps_list_operate.html HTTP/1.1" 200 1692
116.238.194.18 - - [10/Sep/2021:07:26:42 +0800] "GET /xingrg/all/function/internal_message.html?_=1631230001673&CODE_STATE=getMsg HTTP/1.1" 200 27
120.253.135.82 - - [10/Sep/2021:07:26:44 +0800] "POST /xingrg/kc/pszx/mdps_list_operate.html HTTP/1.1" 200 590
120.253.135.82 - - [10/Sep/2021:07:26:45 +0800] "GET /xingrg/kc/pszx/mdps_order_info.html?code=312021090900240 HTTP/1.1" 200 23931
172.20.0.100 - - [10/Sep/2021:07:26:45 +0800] "GET /xingrg/all/function/internal_message.html?_=1631230003819&CODE_STATE=getMsg HTTP/1.1" 200 27
120.253.135.82 - - [10/Sep/2021:07:26:45 +0800] "GET /xingrg/javascript/easyui/themes/default/validatebox.css HTTP/1.1" 404 1104
120.253.135.82 - - [10/Sep/2021:07:26:45 +0800] "POST /xingrg/kc/pszx/mdps_order_operate.html HTTP/1.1" 200 4723
116.237.74.154 - - [10/Sep/2021:07:26:45 +0800] "GET /xingrg/all/function/internal_message.html?_=1631230000056&CODE_STATE=getMsg HTTP/1.1" 200 27
116.238.194.18 - - [10/Sep/2021:07:26:55 +0800] "GET /xingrg/check_reg.html?_=1631230014121 HTTP/1.1" 200 22
120.253.135.82 - - [10/Sep/2021:07:26:55 +0800] "GET /xingrg/check_reg.html?_=1631230007899 HTTP/1.1" 200 22
222.70.179.190 - - [10/Sep/2021:07:27:11 +0800] "GET /xingrg/all/function/internal_message.html?_=1631230026609&CODE_STATE=getMsg HTTP/1.1" 200 27
120.253.135.82 - - [10/Sep/2021:07:27:11 +0800] "GET /xingrg/all/function/internal_message.html?_=1631230023702&CODE_STATE=getMsg HTTP/1.1" 200 27
116.238.194.18 - - [10/Sep/2021:07:27:17 +0800] "GET /xingrg/all/function/internal_message.html?_=1631230010558&CODE_STATE=getMsg HTTP/1.1" 200 27
116.230.105.26 - - [10/Sep/2021:07:27:24 +0800] "GET /xingrg/all/function/internal_message.html?_=1631229981633&CODE_STATE=getMsg HTTP/1.1" 200 27
120.253.135.82 - - [10/Sep/2021:07:27:32 +0800] "GET /xingrg/all/function/internal_message.html?_=1631229824614&CODE_STATE=getMsg HTTP/1.1" 200 27
116.238.194.18 - - [10/Sep/2021:07:27:42 +0800] "GET /xingrg/all/function/internal_message.html?_=1631230061656&CODE_STATE=getMsg HTTP/1.1" 200 27
172.20.0.100 - - [10/Sep/2021:07:27:45 +0800] "GET /xingrg/all/function/internal_message.html?_=1631230063823&CODE_STATE=getMsg HTTP/1.1" 200 27
116.237.74.154 - - [10/Sep/2021:07:27:45 +0800] "GET /xingrg/all/function/internal_message.html?_=1631230060030&CODE_STATE=getMsg HTTP/1.1" 200 27
222.70.246.151 - - [10/Sep/2021:07:27:59 +0800] "GET /xingrg/check_reg.html?_=1631230096315 HTTP/1.1" 200 22
222.70.179.190 - - [10/Sep/2021:07:28:11 +0800] "GET /xingrg/all/function/internal_message.html?_=1631230086610&CODE_STATE=getMsg HTTP/1.1" 200 27
120.253.135.82 - - [10/Sep/2021:07:28:11 +0800] "GET /xingrg/all/function/internal_message.html?_=1631230083717&CODE_STATE=getMsg HTTP/1.1" 200 27
116.238.194.18 - - [10/Sep/2021:07:28:17 +0800] "GET /xingrg/all/function/internal_message.html?_=1631230070578&CODE_STATE=getMsg HTTP/1.1" 200 27
116.230.105.26 - - [10/Sep/2021:07:28:24 +0800] "GET /xingrg/all/function/internal_message.html?_=1631230041628&CODE_STATE=getMsg HTTP/1.1" 200 27
120.253.135.82 - - [10/Sep/2021:07:28:32 +0800] "GET /xingrg/all/function/internal_message.html?_=1631229884628&CODE_STATE=getMsg HTTP/1.1" 200 27
116.238.194.18 - - [10/Sep/2021:07:28:42 +0800] "GET /xingrg/all/function/internal_message.html?_=1631230121640&CODE_STATE=getMsg HTTP/1.1" 200 27
172.20.0.100 - - [10/Sep/2021:07:28:45 +0800] "GET /xingrg/all/function/internal_message.html?_=1631230123810&CODE_STATE=getMsg HTTP/1.1" 200 27
116.237.74.154 - - [10/Sep/2021:07:28:45 +0800] "GET /xingrg/all/function/internal_message.html?_=1631230120011&CODE_STATE=getMsg HTTP/1.1" 200 27
116.237.74.154 - - [10/Sep/2021:07:28:56 +0800] "GET /xingrg/check_reg.html?_=1631230130215 HTTP/1.1" 200 22
120.253.135.82 - - [10/Sep/2021:07:29:09 +0800] "POST /xingrg/kc/pszx/mdps_list_operate.html HTTP/1.1" 200 1692
222.70.179.190 - - [10/Sep/2021:07:29:11 +0800] "GET /xingrg/check_reg.html?_=1631230146612 HTTP/1.1" 200 22
222.70.179.190 - - [10/Sep/2021:07:29:11 +0800] "GET /xingrg/all/function/internal_message.html?_=1631230146615&CODE_STATE=getMsg HTTP/1.1" 200 27
120.253.135.82 - - [10/Sep/2021:07:29:11 +0800] "GET /xingrg/all/function/internal_message.html?_=1631230143748&CODE_STATE=getMsg HTTP/1.1" 200 27
120.253.135.82 - - [10/Sep/2021:07:29:13 +0800] "GET /xingrg/kc/report/report_main.html HTTP/1.1" 200 9370
120.253.135.82 - - [10/Sep/2021:07:29:13 +0800] "POST /xingrg/kc/pszx/mdps_list_operate.html HTTP/1.1" 200 1692
120.253.135.82 - - [10/Sep/2021:07:29:16 +0800] "GET /xingrg/kc/base/kc_stocks.html HTTP/1.1" 200 16437
120.253.135.82 - - [10/Sep/2021:07:29:16 +0800] "GET /xingrg/javascript/easyui/themes/default/tree.css HTTP/1.1" 404 1090
120.253.135.82 - - [10/Sep/2021:07:29:16 +0800] "POST /xingrg/all/common/load_tree.html?tree=materiel_sort_tree_json HTTP/1.1" 200 8792
120.253.135.82 - - [10/Sep/2021:07:29:17 +0800] "POST /xingrg/all/common/load_combo.html?type=base HTTP/1.1" 200 1075
116.238.194.18 - - [10/Sep/2021:07:29:17 +0800] "GET /xingrg/all/function/internal_message.html?_=1631230130586&CODE_STATE=getMsg HTTP/1.1" 200 27
116.230.105.26 - - [10/Sep/2021:07:29:24 +0800] "GET /xingrg/all/function/internal_message.html?_=1631230101641&CODE_STATE=getMsg HTTP/1.1" 200 27
