116.238.194.18 - - [09/Sep/2021:11:09:21 +0800] "GET /xingrg/javascript/jquery_easy_ui/themes/default/images/panel_tool_collapse.gif HTTP/1.1" 304 -
116.238.194.18 - - [09/Sep/2021:11:09:21 +0800] "POST /xingrg/load_menu.html HTTP/1.1" 200 5138
116.237.74.154 - - [09/Sep/2021:11:09:22 +0800] "POST /xingrg/kc/buy/cgsh_order_operate.html HTTP/1.1" 200 37
116.230.105.26 - - [09/Sep/2021:11:09:23 +0800] "GET /xingrg/kc/buy/cgsh_order_operate.html?command=get_materiel&rest_code=00155&code=00101019150&supplier_code=00100337&order_time=2021-09-09 HTTP/1.1" 200 435
222.70.179.190 - - [09/Sep/2021:11:09:23 +0800] "GET /xingrg/kc/buy/cgsh_order_operate.html?command=get_materiel&rest_code=00111&code=00101001019&supplier_code=00100318&order_time=2021-09-09 HTTP/1.1" 200 413
101.83.145.79 - - [09/Sep/2021:11:09:23 +0800] "GET /xingrg/check_reg.html?_=1631156912832 HTTP/1.1" 200 22
116.238.194.18 - - [09/Sep/2021:11:09:24 +0800] "GET /xingrg/kc/buy/cgsh_order_list.html HTTP/1.1" 200 47694
101.85.93.96 - - [09/Sep/2021:11:09:24 +0800] "GET /xingrg/kc/buy/cgsh_order_operate.html?command=get_materiel&rest_code=00142&code=00101016057&supplier_code=00100161&order_time=2021-09-09 HTTP/1.1" 200 408
101.83.145.79 - - [09/Sep/2021:11:09:25 +0800] "POST /xingrg/all/common/load_select.html HTTP/1.1" 200 12
180.169.147.146 - - [09/Sep/2021:11:09:25 +0800] "GET /xingrg/all/function/internal_message.html?_=1631156967631&CODE_STATE=getMsg HTTP/1.1" 200 27
116.237.74.154 - - [09/Sep/2021:11:09:26 +0800] "POST /xingrg/kc/buy/cgsh_order_operate.html HTTP/1.1" 200 12
101.85.52.72 - - [09/Sep/2021:11:09:26 +0800] "GET /xingrg/kc/buy/cgsh_order_operate.html?command=get_materiel&rest_code=00145&code=00101013178&supplier_code=00100207&order_time=2021-09-09 HTTP/1.1" 200 408
116.238.194.18 - - [09/Sep/2021:11:09:26 +0800] "POST /xingrg/kc/buy/cgsh_list_operate.html HTTP/1.1" 200 876
116.237.74.154 - - [09/Sep/2021:11:09:26 +0800] "GET /xingrg/kc/buy/cgsh_order_info.html?code=212021090903634 HTTP/1.1" 200 58337
116.237.74.154 - - [09/Sep/2021:11:09:27 +0800] "GET /xingrg/javascript/easyui/themes/default/validatebox.css HTTP/1.1" 404 1104
116.238.194.18 - - [09/Sep/2021:11:09:27 +0800] "GET /xingrg/kc/buy/cgsh_order_add.html HTTP/1.1" 200 63350
116.237.74.154 - - [09/Sep/2021:11:09:27 +0800] "POST /xingrg/kc/buy/cgsh_order_operate.html HTTP/1.1" 200 1808
116.238.194.18 - - [09/Sep/2021:11:09:27 +0800] "GET /xingrg/javascript/easyui/themes/default/validatebox.css HTTP/1.1" 404 1104
116.238.194.18 - - [09/Sep/2021:11:09:27 +0800] "POST /xingrg/kc/buy/cgsh_order_operate.html HTTP/1.1" 200 8245
116.238.168.124 - - [09/Sep/2021:11:09:30 +0800] "GET /xingrg/kc/base/wldb_order_operate.html?command=get_materiel&rest_code=00102&base_code=0010476&code=00101019306 HTTP/1.1" 200 462
101.85.93.96 - - [09/Sep/2021:11:09:30 +0800] "GET /xingrg/all/function/internal_message.html?_=1631156895910&CODE_STATE=getMsg HTTP/1.1" 200 27
116.237.74.154 - - [09/Sep/2021:11:09:30 +0800] "GET /xingrg/kc/print/load_data.html?order_code=212021090903634&kc_code=cgsh&condition= HTTP/1.1" 200 1239
120.253.135.82 - - [09/Sep/2021:11:09:30 +0800] "GET /xingrg/kc/pszx/mdps_order_info.html?code=312021090800220 HTTP/1.1" 200 19591
120.253.135.82 - - [09/Sep/2021:11:09:30 +0800] "POST /xingrg/kc/pszx/mdps_order_operate.html HTTP/1.1" 200 5927
120.253.135.82 - - [09/Sep/2021:11:09:30 +0800] "GET /xingrg/javascript/easyui/themes/default/validatebox.css HTTP/1.1" 404 1104
101.85.93.96 - - [09/Sep/2021:11:09:32 +0800] "GET /xingrg/kc/buy/cgsh_order_operate.html?command=get_materiel&rest_code=00142&code=00101008298&supplier_code=00100161&order_time=2021-09-09 HTTP/1.1" 200 412
116.233.77.86 - - [09/Sep/2021:11:09:33 +0800] "GET /xingrg/kc/mdqp/qp_main.html HTTP/1.1" 200 10633
116.233.77.86 - - [09/Sep/2021:11:09:33 +0800] "GET /xingrg/images/yd/bt.gif HTTP/1.1" 404 1040
120.253.135.82 - - [09/Sep/2021:11:09:33 +0800] "GET /xingrg/all/function/internal_message.html?_=1631156747304&CODE_STATE=getMsg HTTP/1.1" 200 27
116.233.77.86 - - [09/Sep/2021:11:09:34 +0800] "GET /xingrg/kc/mdqp/qqps_order_list.html HTTP/1.1" 200 9222
116.233.77.86 - - [09/Sep/2021:11:09:34 +0800] "GET /xingrg/dwr/interface/AjaxReportQueryService.js HTTP/1.1" 200 13203
116.233.77.86 - - [09/Sep/2021:11:09:34 +0800] "GET /xingrg/dwr/interface/AjaxQqpsService.js HTTP/1.1" 200 16326
116.233.77.86 - - [09/Sep/2021:11:09:34 +0800] "GET /xingrg/dwr/engine.js HTTP/1.1" 200 43631
116.233.77.86 - - [09/Sep/2021:11:09:34 +0800] "GET /xingrg/javascript/jquery_easy_ui/themes/icons/uncheck_new.png HTTP/1.1" 200 3197
120.253.135.82 - - [09/Sep/2021:11:09:34 +0800] "POST /xingrg/kc/pszx/mdps_list_operate.html HTTP/1.1" 200 2065
116.233.77.86 - - [09/Sep/2021:11:09:35 +0800] "GET /xingrg/kc/mdqp/qqps_order_add.html HTTP/1.1" 200 28330
116.238.168.124 - - [09/Sep/2021:11:09:35 +0800] "GET /xingrg/kc/base/wldb_order_operate.html?command=get_materiel&rest_code=00102&base_code=0010476&code=00101016001 HTTP/1.1" 200 457
116.233.77.86 - - [09/Sep/2021:11:09:35 +0800] "GET /xingrg/dwr/interface/AjaxComOrderService.js HTTP/1.1" 200 18264
116.233.77.86 - - [09/Sep/2021:11:09:35 +0800] "GET /xingrg/javascript/tools/jquery.qtip-1.0.0-rc3.min.js HTTP/1.1" 200 38404
116.233.77.86 - - [09/Sep/2021:11:09:35 +0800] "GET /xingrg/dwr/interface/AjaxQqpsService.js HTTP/1.1" 200 16326
116.233.77.86 - - [09/Sep/2021:11:09:35 +0800] "GET /xingrg/dwr/engine.js HTTP/1.1" 200 43631
116.233.77.86 - - [09/Sep/2021:11:09:35 +0800] "GET /xingrg/javascript/jquery_easy_ui/themes/icons/template_new.png HTTP/1.1" 200 3956
116.233.77.86 - - [09/Sep/2021:11:09:35 +0800] "GET /xingrg/javascript/jquery_easy_ui/themes/icons/copy_new.png HTTP/1.1" 200 815
116.233.77.86 - - [09/Sep/2021:11:09:35 +0800] "GET /xingrg/javascript/jquery_easy_ui/themes/icons/ok.png HTTP/1.1" 200 883
116.233.77.86 - - [09/Sep/2021:11:09:35 +0800] "GET /xingrg/images/blue/button/kc_tab_add.gif HTTP/1.1" 200 375
116.233.77.86 - - [09/Sep/2021:11:09:35 +0800] "GET /xingrg/images/blue/button/kc_tab_edit.gif HTTP/1.1" 200 551
116.233.77.86 - - [09/Sep/2021:11:09:35 +0800] "GET /xingrg/images/blue/button/kc_tab_save.gif HTTP/1.1" 200 777
116.233.77.86 - - [09/Sep/2021:11:09:35 +0800] "GET /xingrg/images/blue/button/kc_tab_del.gif HTTP/1.1" 200 383
116.233.77.86 - - [09/Sep/2021:11:09:35 +0800] "GET /xingrg/javascript/jquery_easy_ui/themes/default/images/combo_arrow_dot.gif HTTP/1.1" 200 79
116.233.77.86 - - [09/Sep/2021:11:09:35 +0800] "GET /xingrg/images/blue/kc_tab2_left.gif HTTP/1.1" 200 625
116.233.77.86 - - [09/Sep/2021:11:09:35 +0800] "GET /xingrg/images/blue/kc_tab2_right.gif HTTP/1.1" 200 192
116.237.74.154 - - [09/Sep/2021:11:09:36 +0800] "GET /xingrg/kc/buy/cgsh_order_info.html?code=212021090903596 HTTP/1.1" 200 63441
116.237.74.154 - - [09/Sep/2021:11:09:37 +0800] "GET /xingrg/javascript/easyui/themes/default/validatebox.css HTTP/1.1" 404 1104
116.237.74.154 - - [09/Sep/2021:11:09:37 +0800] "POST /xingrg/kc/buy/cgsh_order_operate.html HTTP/1.1" 200 22135
116.238.194.18 - - [09/Sep/2021:11:09:39 +0800] "GET /xingrg/check_reg.html?_=1631156953595 HTTP/1.1" 200 22
222.70.179.190 - - [09/Sep/2021:11:09:39 +0800] "POST /xingrg/kc/buy/cgsh_order_operate.html HTTP/1.1" 200 37
101.83.145.79 - - [09/Sep/2021:11:09:40 +0800] "GET /xingrg/kc/buy/cgsh_order_operate.html?command=get_materiel_price&rest_code=00105&code=00101002070&unit_code=00100005&supplier_code=00100347&order_time=2021-09-09 HTTP/1.1" 200 27
180.169.147.146 - - [09/Sep/2021:11:09:40 +0800] "GET /xingrg/all/function/internal_message.html?_=1631157009912&CODE_STATE=getMsg HTTP/1.1" 200 27
116.238.194.18 - - [09/Sep/2021:11:09:40 +0800] "GET /xingrg/all/function/internal_message.html?_=1631156955119&CODE_STATE=getMsg HTTP/1.1" 200 27
116.233.77.86 - - [09/Sep/2021:11:09:41 +0800] "GET /xingrg/javascript/auto/indicator.gif HTTP/1.1" 404 1066
101.85.93.96 - - [09/Sep/2021:11:09:41 +0800] "GET /xingrg/kc/buy/cgsh_order_operate.html?command=get_materiel&rest_code=00142&code=00101008114&supplier_code=00100161&order_time=2021-09-09 HTTP/1.1" 200 412
116.238.168.124 - - [09/Sep/2021:11:09:41 +0800] "GET /xingrg/kc/base/wldb_order_operate.html?command=get_materiel&rest_code=00102&base_code=0010476&code=00101019222 HTTP/1.1" 200 453
101.85.93.96 - - [09/Sep/2021:11:09:43 +0800] "POST /xingrg/kc/buy/cgsh_order_operate.html HTTP/1.1" 200 2065
222.70.179.190 - - [09/Sep/2021:11:09:43 +0800] "POST /xingrg/kc/buy/cgsh_order_operate.html HTTP/1.1" 200 2661
116.237.74.154 - - [09/Sep/2021:11:09:43 +0800] "GET /xingrg/all/function/internal_message.html?_=1631156984016&CODE_STATE=getMsg HTTP/1.1" 200 27
180.169.147.146 - - [09/Sep/2021:11:09:44 +0800] "GET /xingrg/all/function/internal_message.html?_=1631156984915&CODE_STATE=getMsg HTTP/1.1" 200 27
172.20.0.100 - - [09/Sep/2021:11:09:44 +0800] "GET /xingrg/all/function/internal_message.html?_=1631156983810&CODE_STATE=getMsg HTTP/1.1" 200 27
172.20.0.100 - - [09/Sep/2021:11:09:44 +0800] "GET /xingrg/check_reg.html?_=1631156983812 HTTP/1.1" 200 22
120.253.135.82 - - [09/Sep/2021:11:09:44 +0800] "POST /xingrg/kc/pszx/mdps_list_operate.html HTTP/1.1" 200 657
120.253.135.82 - - [09/Sep/2021:11:09:45 +0800] "GET /xingrg/kc/pszx/mdps_order_info.html?code=312021090800222 HTTP/1.1" 200 23931
116.233.77.86 - - [09/Sep/2021:11:09:46 +0800] "POST /xingrg/dwr/call/plaincall/AjaxQqpsService.saveOrder.dwr HTTP/1.1" 200 78
120.253.135.82 - - [09/Sep/2021:11:09:46 +0800] "GET /xingrg/javascript/easyui/themes/default/validatebox.css HTTP/1.1" 404 1104
120.253.135.82 - - [09/Sep/2021:11:09:46 +0800] "POST /xingrg/kc/pszx/mdps_order_operate.html HTTP/1.1" 200 9059
116.233.77.86 - - [09/Sep/2021:11:09:47 +0800] "GET /xingrg/all/function/internal_message.html?_=1631156987676&CODE_STATE=getMsg HTTP/1.1" 200 27
222.70.179.190 - - [09/Sep/2021:11:09:48 +0800] "GET /xingrg/kc/print/load_data.html?order_code=212021090903635&kc_code=cgsh&condition= HTTP/1.1" 200 683
116.230.105.26 - - [09/Sep/2021:11:09:49 +0800] "GET /xingrg/kc/buy/cgsh_order_operate.html?command=get_materiel&rest_code=00155&code=00101014080&supplier_code=00100337&order_time=2021-09-09 HTTP/1.1" 200 420
180.169.147.146 - - [09/Sep/2021:11:09:49 +0800] "GET /xingrg/all/function/internal_message.html?_=1631156987682&CODE_STATE=getMsg HTTP/1.1" 200 27
116.237.74.154 - - [09/Sep/2021:11:09:49 +0800] "GET /xingrg/kc/buy/cgsh_order_add.html HTTP/1.1" 200 63426
116.237.74.154 - - [09/Sep/2021:11:09:49 +0800] "POST /xingrg/kc/buy/cgsh_order_operate.html HTTP/1.1" 200 8245
116.237.74.154 - - [09/Sep/2021:11:09:49 +0800] "GET /xingrg/javascript/easyui/themes/default/validatebox.css HTTP/1.1" 404 1104
120.253.135.82 - - [09/Sep/2021:11:09:49 +0800] "POST /xingrg/kc/pszx/mdps_order_operate.html HTTP/1.1" 200 37
101.85.93.96 - - [09/Sep/2021:11:09:50 +0800] "GET /xingrg/kc/buy/cgsh_order_operate.html?command=get_materiel&rest_code=00142&code=00101008323&supplier_code=00100161&order_time=2021-09-09 HTTP/1.1" 200 408
116.238.168.124 - - [09/Sep/2021:11:09:50 +0800] "GET /xingrg/kc/base/wldb_order_operate.html?command=get_materiel&rest_code=00102&base_code=0010476&code=00101019015 HTTP/1.1" 200 437
101.85.52.72 - - [09/Sep/2021:11:09:51 +0800] "GET /xingrg/kc/buy/cgsh_order_operate.html?command=get_materiel&rest_code=00145&code=00101013141&supplier_code=00100207&order_time=2021-09-09 HTTP/1.1" 200 408
120.253.135.82 - - [09/Sep/2021:11:09:51 +0800] "POST /xingrg/kc/pszx/mdps_order_operate.html HTTP/1.1" 200 12
116.237.74.154 - - [09/Sep/2021:11:09:51 +0800] "GET /xingrg/javascript/easyui/themes/default/tree.css HTTP/1.1" 404 1090
116.237.74.154 - - [09/Sep/2021:11:09:51 +0800] "POST /xingrg/all/common/load_tree.html?tree=supplier_tree_json&isDelete=1 HTTP/1.1" 200 57687
172.20.0.100 - - [09/Sep/2021:11:09:52 +0800] "GET /xingrg/all/function/internal_message.html?_=1631156993982&CODE_STATE=getMsg HTTP/1.1" 200 27
101.85.52.72 - - [09/Sep/2021:11:09:56 +0800] "GET /xingrg/all/function/internal_message.html?_=1631156988782&CODE_STATE=getMsg HTTP/1.1" 200 27
120.253.135.82 - - [09/Sep/2021:11:09:56 +0800] "GET /xingrg/kc/pszx/mdps_order_info.html?code=312021090800222 HTTP/1.1" 200 19591
116.238.168.124 - - [09/Sep/2021:11:09:56 +0800] "GET /xingrg/kc/base/wldb_order_operate.html?command=get_materiel&rest_code=00102&base_code=0010476&code=00101019063 HTTP/1.1" 200 447
120.253.135.82 - - [09/Sep/2021:11:09:56 +0800] "POST /xingrg/kc/pszx/mdps_order_operate.html HTTP/1.1" 200 7204
120.253.135.82 - - [09/Sep/2021:11:09:56 +0800] "GET /xingrg/javascript/easyui/themes/default/validatebox.css HTTP/1.1" 404 1104
120.253.135.82 - - [09/Sep/2021:11:09:57 +0800] "POST /xingrg/kc/pszx/mdps_list_operate.html HTTP/1.1" 200 1693
101.85.93.96 - - [09/Sep/2021:11:09:58 +0800] "GET /xingrg/kc/buy/cgsh_order_operate.html?command=get_materiel&rest_code=00142&code=00101008459&supplier_code=00100161&order_time=2021-09-09 HTTP/1.1" 200 395
116.230.105.26 - - [09/Sep/2021:11:09:59 +0800] "GET /xingrg/all/function/internal_message.html?_=1631156939012&CODE_STATE=getMsg HTTP/1.1" 200 27
116.230.105.26 - - [09/Sep/2021:11:10:00 +0800] "GET /xingrg/kc/buy/cgsh_order_operate.html?command=get_materiel&rest_code=00155&code=00101008253&supplier_code=00100337&order_time=2021-09-09 HTTP/1.1" 200 416
222.70.179.190 - - [09/Sep/2021:11:10:03 +0800] "GET /xingrg/all/function/internal_message.html?_=1631156999499&CODE_STATE=getMsg HTTP/1.1" 200 27
116.237.74.154 - - [09/Sep/2021:11:10:03 +0800] "GET /xingrg/javascript/auto/indicator.gif HTTP/1.1" 404 1066
116.237.74.154 - - [09/Sep/2021:11:10:04 +0800] "GET /xingrg/all/function/internal_message.html?_=1631156999728&CODE_STATE=getMsg HTTP/1.1" 200 27
116.238.168.124 - - [09/Sep/2021:11:10:05 +0800] "GET /xingrg/all/function/internal_message.html?_=1631156984976&CODE_STATE=getMsg HTTP/1.1" 200 27
222.69.133.238 - - [09/Sep/2021:11:10:06 +0800] "GET /xingrg/kc/buy/cgsh_order_operate.html?command=get_materiel&rest_code=00149&code=00101001167&supplier_code=00100314&order_time=2021-09-09 HTTP/1.1" 200 409
101.85.93.96 - - [09/Sep/2021:11:10:06 +0800] "GET /xingrg/kc/buy/cgsh_order_operate.html?command=get_materiel&rest_code=00142&code=00101012024&supplier_code=00100161&order_time=2021-09-09 HTTP/1.1" 200 408
222.69.133.238 - - [09/Sep/2021:11:10:06 +0800] "GET /xingrg/all/function/internal_message.html?_=1631157004924&CODE_STATE=getMsg HTTP/1.1" 200 27
120.253.135.82 - - [09/Sep/2021:11:10:07 +0800] "POST /xingrg/kc/pszx/mdps_list_operate.html HTTP/1.1" 200 613
120.253.135.82 - - [09/Sep/2021:11:10:08 +0800] "GET /xingrg/kc/pszx/mdps_order_info.html?code=312021090800223 HTTP/1.1" 200 23931
116.237.74.154 - - [09/Sep/2021:11:10:08 +0800] "GET /xingrg/kc/buy/cgsh_order_operate.html?command=get_materiel&rest_code=00106&code=00101008219&supplier_code=00100007&order_time=2021-09-09 HTTP/1.1" 200 412
120.253.135.82 - - [09/Sep/2021:11:10:08 +0800] "GET /xingrg/javascript/easyui/themes/default/validatebox.css HTTP/1.1" 404 1104
120.253.135.82 - - [09/Sep/2021:11:10:08 +0800] "POST /xingrg/kc/pszx/mdps_order_operate.html HTTP/1.1" 200 7851
116.230.105.26 - - [09/Sep/2021:11:10:09 +0800] "GET /xingrg/kc/buy/cgsh_order_operate.html?command=get_materiel&rest_code=00155&code=00101037117&supplier_code=00100337&order_time=2021-09-09 HTTP/1.1" 200 460
116.230.105.26 - - [09/Sep/2021:11:10:11 +0800] "POST /xingrg/all/common/load_select.html HTTP/1.1" 200 25
101.85.93.96 - - [09/Sep/2021:11:10:13 +0800] "GET /xingrg/kc/buy/cgsh_order_operate.html?command=get_materiel&rest_code=00142&code=00101012059&supplier_code=00100161&order_time=2021-09-09 HTTP/1.1" 200 412
116.237.74.154 - - [09/Sep/2021:11:10:13 +0800] "GET /xingrg/kc/buy/cgsh_order_operate.html?command=get_materiel&rest_code=00106&code=00101001051&supplier_code=00100094&order_time=2021-09-09 HTTP/1.1" 200 422
101.85.52.72 - - [09/Sep/2021:11:10:14 +0800] "GET /xingrg/kc/buy/cgsh_order_operate.html?command=get_materiel&rest_code=00145&code=00101020096&supplier_code=00100207&order_time=2021-09-09 HTTP/1.1" 200 412
180.169.147.146 - - [09/Sep/2021:11:10:14 +0800] "GET /xingrg/all/function/internal_message.html?_=1631157018653&CODE_STATE=getMsg HTTP/1.1" 200 27
180.169.147.146 - - [09/Sep/2021:11:10:14 +0800] "GET /xingrg/check_reg.html?_=1631157018655 HTTP/1.1" 200 22
116.230.105.26 - - [09/Sep/2021:11:10:14 +0800] "GET /xingrg/kc/buy/cgsh_order_operate.html?command=get_materiel_price&rest_code=00155&code=00101037117&unit_code=00100188&supplier_code=00100337&order_time=2021-09-09 HTTP/1.1" 200 28
116.238.168.124 - - [09/Sep/2021:11:10:15 +0800] "GET /xingrg/kc/base/wldb_order_operate.html?command=get_materiel&rest_code=00102&base_code=0010476&code=00101019391 HTTP/1.1" 200 471
222.70.246.151 - - [09/Sep/2021:11:10:16 +0800] "GET /xingrg/all/function/internal_message.html?_=1631157029877&CODE_STATE=getMsg HTTP/1.1" 200 27
222.69.133.238 - - [09/Sep/2021:11:10:18 +0800] "POST /xingrg/kc/buy/cgsh_order_operate.html HTTP/1.1" 200 37
101.85.93.96 - - [09/Sep/2021:11:10:20 +0800] "POST /xingrg/kc/buy/cgsh_order_operate.html HTTP/1.1" 200 37
116.237.74.154 - - [09/Sep/2021:11:10:20 +0800] "GET /xingrg/kc/buy/cgsh_order_operate.html?command=get_materiel&rest_code=00106&code=00101008027&supplier_code=00100007&order_time=2021-09-09 HTTP/1.1" 200 408
101.83.145.79 - - [09/Sep/2021:11:10:21 +0800] "GET /xingrg/all/function/internal_message.html?_=1631156970069&CODE_STATE=getMsg HTTP/1.1" 200 27
120.253.135.82 - - [09/Sep/2021:11:10:21 +0800] "POST /xingrg/kc/pszx/mdps_order_operate.html HTTP/1.1" 200 37
116.238.194.18 - - [09/Sep/2021:11:10:21 +0800] "GET /xingrg/all/function/internal_message.html?_=1631157020903&CODE_STATE=getMsg HTTP/1.1" 200 27
101.85.93.96 - - [09/Sep/2021:11:10:22 +0800] "POST /xingrg/kc/buy/cgsh_order_operate.html HTTP/1.1" 200 15031
116.233.77.86 - - [09/Sep/2021:11:10:22 +0800] "POST /xingrg/dwr/call/plaincall/AjaxQqpsService.getMaterielByCode.dwr HTTP/1.1" 200 2662
222.69.133.238 - - [09/Sep/2021:11:10:23 +0800] "POST /xingrg/kc/buy/cgsh_order_operate.html HTTP/1.1" 200 12
120.253.135.82 - - [09/Sep/2021:11:10:24 +0800] "POST /xingrg/kc/pszx/mdps_order_operate.html HTTP/1.1" 200 12
116.230.105.26 - - [09/Sep/2021:11:10:25 +0800] "GET /xingrg/kc/buy/cgsh_order_operate.html?command=get_materiel&rest_code=00155&code=00101013090&supplier_code=00100337&order_time=2021-09-09 HTTP/1.1" 200 428
180.169.147.146 - - [09/Sep/2021:11:10:25 +0800] "GET /xingrg/all/function/internal_message.html?_=1631157027634&CODE_STATE=getMsg HTTP/1.1" 200 27
180.169.147.146 - - [09/Sep/2021:11:10:25 +0800] "GET /xingrg/check_reg.html?_=1631157027639 HTTP/1.1" 200 22
101.85.93.96 - - [09/Sep/2021:11:10:28 +0800] "POST /xingrg/kc/buy/cgsh_order_operate.html HTTP/1.1" 200 37
116.238.168.124 - - [09/Sep/2021:11:10:28 +0800] "GET /xingrg/kc/base/wldb_order_operate.html?command=get_materiel&rest_code=00102&base_code=0010476&code=00101019199 HTTP/1.1" 200 459
116.237.74.154 - - [09/Sep/2021:11:10:29 +0800] "GET /xingrg/kc/buy/cgsh_order_operate.html?command=get_materiel&rest_code=00106&code=00101008080&supplier_code=00100007&order_time=2021-09-09 HTTP/1.1" 200 416
101.85.93.96 - - [09/Sep/2021:11:10:29 +0800] "POST /xingrg/kc/buy/cgsh_order_operate.html HTTP/1.1" 200 15031
101.85.93.96 - - [09/Sep/2021:11:10:30 +0800] "GET /xingrg/all/function/internal_message.html?_=1631156955848&CODE_STATE=getMsg HTTP/1.1" 200 27
116.230.105.26 - - [09/Sep/2021:11:10:32 +0800] "GET /xingrg/kc/buy/cgsh_order_operate.html?command=get_materiel&rest_code=00155&code=00101013221&supplier_code=00100337&order_time=2021-09-09 HTTP/1.1" 200 432
101.85.93.96 - - [09/Sep/2021:11:10:34 +0800] "POST /xingrg/kc/buy/cgsh_order_operate.html HTTP/1.1" 200 37
116.238.168.124 - - [09/Sep/2021:11:10:34 +0800] "GET /xingrg/kc/base/wldb_order_operate.html?command=get_materiel&rest_code=00102&base_code=0010476&code=00101019183 HTTP/1.1" 200 434
116.233.77.86 - - [09/Sep/2021:11:10:35 +0800] "POST /xingrg/dwr/call/plaincall/AjaxQqpsService.saveMaterielItem.dwr HTTP/1.1" 200 78
101.85.93.96 - - [09/Sep/2021:11:10:35 +0800] "POST /xingrg/kc/buy/cgsh_order_operate.html HTTP/1.1" 200 15031
116.237.74.154 - - [09/Sep/2021:11:10:36 +0800] "GET /xingrg/kc/buy/cgsh_order_operate.html?command=get_materiel&rest_code=00106&code=00101003003&supplier_code=00100094&order_time=2021-09-09 HTTP/1.1" 200 435
116.233.77.86 - - [09/Sep/2021:11:10:38 +0800] "POST /xingrg/dwr/call/plaincall/AjaxQqpsService.removeMaterielItem.dwr HTTP/1.1" 200 78
101.85.93.96 - - [09/Sep/2021:11:10:39 +0800] "POST /xingrg/kc/buy/cgsh_order_operate.html HTTP/1.1" 200 37
180.169.147.146 - - [09/Sep/2021:11:10:40 +0800] "GET /xingrg/all/function/internal_message.html?_=1631157069907&CODE_STATE=getMsg HTTP/1.1" 200 27
116.238.194.18 - - [09/Sep/2021:11:10:40 +0800] "GET /xingrg/all/function/internal_message.html?_=1631157015132&CODE_STATE=getMsg HTTP/1.1" 200 27
116.233.77.86 - - [09/Sep/2021:11:10:41 +0800] "POST /xingrg/dwr/call/plaincall/AjaxQqpsService.checkOrder.dwr HTTP/1.1" 200 78
116.230.105.26 - - [09/Sep/2021:11:10:41 +0800] "POST /xingrg/kc/buy/cgsh_order_operate.html HTTP/1.1" 200 37
101.85.93.96 - - [09/Sep/2021:11:10:41 +0800] "POST /xingrg/kc/buy/cgsh_order_operate.html HTTP/1.1" 200 15031
58.40.7.146 - - [09/Sep/2021:11:10:41 +0800] "GET /xingrg/check_reg.html?_=1631157041045 HTTP/1.1" 302 -
116.233.77.86 - - [09/Sep/2021:11:10:41 +0800] "GET /xingrg/kc/mdqp/qqps_order_info.html?code=302021090900170 HTTP/1.1" 200 26731
116.233.77.86 - - [09/Sep/2021:11:10:41 +0800] "GET /xingrg/dwr/interface/AjaxComOrderService.js HTTP/1.1" 200 18264
116.233.77.86 - - [09/Sep/2021:11:10:41 +0800] "GET /xingrg/dwr/interface/AjaxQqpsService.js HTTP/1.1" 200 16326
116.233.77.86 - - [09/Sep/2021:11:10:41 +0800] "GET /xingrg/dwr/engine.js HTTP/1.1" 200 43631
116.233.77.86 - - [09/Sep/2021:11:10:42 +0800] "POST /xingrg/dwr/call/plaincall/AjaxQqpsService.loadMaterielItems.dwr HTTP/1.1" 200 359
116.230.105.26 - - [09/Sep/2021:11:10:42 +0800] "POST /xingrg/kc/buy/cgsh_order_operate.html HTTP/1.1" 200 6892
116.237.74.154 - - [09/Sep/2021:11:10:42 +0800] "GET /xingrg/kc/buy/cgsh_order_operate.html?command=get_materiel&rest_code=00106&code=00101008244&supplier_code=00100007&order_time=2021-09-09 HTTP/1.1" 200 408
120.253.135.82 - - [09/Sep/2021:11:10:42 +0800] "GET /xingrg/kc/pszx/mdps_order_info.html?code=312021090800223 HTTP/1.1" 200 19591
116.230.105.26 - - [09/Sep/2021:11:10:43 +0800] "GET /xingrg/kc/print/load_data.html?order_code=212021090903638&kc_code=cgsh&condition= HTTP/1.1" 200 2353
120.253.135.82 - - [09/Sep/2021:11:10:43 +0800] "POST /xingrg/kc/pszx/mdps_order_operate.html HTTP/1.1" 200 6020
120.253.135.82 - - [09/Sep/2021:11:10:43 +0800] "GET /xingrg/javascript/easyui/themes/default/validatebox.css HTTP/1.1" 404 1104
116.237.74.154 - - [09/Sep/2021:11:10:43 +0800] "GET /xingrg/check_reg.html?_=1631157043750 HTTP/1.1" 200 22
116.237.74.154 - - [09/Sep/2021:11:10:43 +0800] "GET /xingrg/all/function/internal_message.html?_=1631157043988&CODE_STATE=getMsg HTTP/1.1" 200 27
120.253.135.82 - - [09/Sep/2021:11:10:43 +0800] "GET /xingrg/all/function/internal_message.html?_=1631156817255&CODE_STATE=getMsg HTTP/1.1" 200 27
180.169.147.146 - - [09/Sep/2021:11:10:44 +0800] "GET /xingrg/check_reg.html?_=1631157044907 HTTP/1.1" 200 22
180.169.147.146 - - [09/Sep/2021:11:10:44 +0800] "GET /xingrg/all/function/internal_message.html?_=1631157044910&CODE_STATE=getMsg HTTP/1.1" 200 27
172.20.0.100 - - [09/Sep/2021:11:10:44 +0800] "GET /xingrg/all/function/internal_message.html?_=1631157043815&CODE_STATE=getMsg HTTP/1.1" 200 27
101.85.93.96 - - [09/Sep/2021:11:10:44 +0800] "POST /xingrg/kc/buy/cgsh_list_operate.html HTTP/1.1" 200 1690
116.237.74.154 - - [09/Sep/2021:11:10:44 +0800] "POST /xingrg/kc/buy/cgsh_order_operate.html HTTP/1.1" 200 2065
116.238.168.124 - - [09/Sep/2021:11:10:44 +0800] "GET /xingrg/kc/base/wldb_order_operate.html?command=get_materiel&rest_code=00102&base_code=0010476&code=00101019185 HTTP/1.1" 200 455
120.253.135.82 - - [09/Sep/2021:11:10:44 +0800] "POST /xingrg/kc/pszx/mdps_list_operate.html HTTP/1.1" 200 868
222.69.133.238 - - [09/Sep/2021:11:10:46 +0800] "GET /xingrg/kc/buy/cgsh_order_info.html?code=212021090903636 HTTP/1.1" 200 58390
222.69.133.238 - - [09/Sep/2021:11:10:46 +0800] "GET /xingrg/javascript/easyui/themes/default/validatebox.css HTTP/1.1" 404 1104
222.69.133.238 - - [09/Sep/2021:11:10:47 +0800] "POST /xingrg/kc/buy/cgsh_order_operate.html HTTP/1.1" 200 606
116.233.77.86 - - [09/Sep/2021:11:10:47 +0800] "GET /xingrg/all/function/internal_message.html?_=1631157047686&CODE_STATE=getMsg HTTP/1.1" 200 27
116.230.105.26 - - [09/Sep/2021:11:10:48 +0800] "GET /xingrg/kc/buy/cgsh_order_add.html HTTP/1.1" 200 63394
116.230.105.26 - - [09/Sep/2021:11:10:49 +0800] "POST /xingrg/kc/buy/cgsh_order_operate.html HTTP/1.1" 200 8245
116.230.105.26 - - [09/Sep/2021:11:10:49 +0800] "GET /xingrg/javascript/easyui/themes/default/validatebox.css HTTP/1.1" 404 1104
180.169.147.146 - - [09/Sep/2021:11:10:49 +0800] "GET /xingrg/all/function/internal_message.html?_=1631157047686&CODE_STATE=getMsg HTTP/1.1" 200 27
120.253.135.82 - - [09/Sep/2021:11:10:51 +0800] "POST /xingrg/kc/pszx/mdps_list_operate.html HTTP/1.1" 200 2054
101.83.145.79 - - [09/Sep/2021:11:10:51 +0800] "POST /xingrg/kc/buy/cgsh_order_operate.html HTTP/1.1" 200 37
222.69.133.238 - - [09/Sep/2021:11:10:51 +0800] "GET /xingrg/kc/print/load_data.html?order_code=212021090903636&kc_code=cgsh&condition= HTTP/1.1" 200 707
116.238.168.124 - - [09/Sep/2021:11:10:52 +0800] "GET /xingrg/kc/base/wldb_order_operate.html?command=get_materiel&rest_code=00102&base_code=0010476&code=00101019503 HTTP/1.1" 200 467
172.20.0.100 - - [09/Sep/2021:11:10:52 +0800] "GET /xingrg/all/function/internal_message.html?_=1631157053987&CODE_STATE=getMsg HTTP/1.1" 200 27
116.237.74.154 - - [09/Sep/2021:11:10:52 +0800] "GET /xingrg/kc/buy/cgsh_order_operate.html?command=get_materiel&rest_code=00106&code=00101008186&supplier_code=00100007&order_time=2021-09-09 HTTP/1.1" 200 408
120.253.135.82 - - [09/Sep/2021:11:10:53 +0800] "POST /xingrg/kc/pszx/mdps_list_operate.html HTTP/1.1" 200 211
101.83.145.79 - - [09/Sep/2021:11:10:53 +0800] "POST /xingrg/kc/buy/cgsh_order_operate.html HTTP/1.1" 200 4451
120.253.135.82 - - [09/Sep/2021:11:10:54 +0800] "GET /xingrg/kc/pszx/mdps_order_info.html?code=312021090600179 HTTP/1.1" 200 23925
120.253.135.82 - - [09/Sep/2021:11:10:54 +0800] "GET /xingrg/javascript/easyui/themes/default/validatebox.css HTTP/1.1" 404 1104
120.253.135.82 - - [09/Sep/2021:11:10:54 +0800] "POST /xingrg/kc/pszx/mdps_order_operate.html HTTP/1.1" 200 2289
101.85.52.72 - - [09/Sep/2021:11:10:56 +0800] "GET /xingrg/check_reg.html?_=1631157048797 HTTP/1.1" 200 22
222.69.133.238 - - [09/Sep/2021:11:10:56 +0800] "GET /xingrg/kc/buy/cgsh_order_add.html HTTP/1.1" 200 63479
101.85.52.72 - - [09/Sep/2021:11:10:56 +0800] "GET /xingrg/all/function/internal_message.html?_=1631157048800&CODE_STATE=getMsg HTTP/1.1" 200 27
101.83.145.79 - - [09/Sep/2021:11:10:56 +0800] "GET /xingrg/kc/print/load_data.html?order_code=212021090903639&kc_code=cgsh&condition= HTTP/1.1" 200 1354
58.40.7.146 - - [09/Sep/2021:11:10:56 +0800] "GET /xingrg/check_reg.html?_=1631157055991 HTTP/1.1" 302 -
222.69.133.238 - - [09/Sep/2021:11:10:56 +0800] "POST /xingrg/kc/buy/cgsh_order_operate.html HTTP/1.1" 200 8245
222.69.133.238 - - [09/Sep/2021:11:10:56 +0800] "GET /xingrg/javascript/easyui/themes/default/validatebox.css HTTP/1.1" 404 1104
116.230.105.26 - - [09/Sep/2021:11:10:56 +0800] "GET /xingrg/kc/buy/cgsh_order_operate.html?command=get_materiel&rest_code=00155&code=00101007032&supplier_code=00100328&order_time=2021-09-09 HTTP/1.1" 200 413
120.253.135.82 - - [09/Sep/2021:11:10:57 +0800] "GET /xingrg/kc/print/load_config.html?kc_code=mdps HTTP/1.1" 200 2390
120.253.135.82 - - [09/Sep/2021:11:10:57 +0800] "GET /xingrg/kc/print/load_data.html?order_code=312021090600179&kc_code=mdps&condition= HTTP/1.1" 200 680
58.37.227.186 - - [09/Sep/2021:11:10:58 +0800] "GET /xingrg/login.html HTTP/1.1" 200 7641
58.37.227.186 - - [09/Sep/2021:11:10:58 +0800] "GET /favicon.ico HTTP/1.1" 404 -
116.237.74.154 - - [09/Sep/2021:11:10:59 +0800] "POST /xingrg/kc/buy/cgsh_order_operate.html HTTP/1.1" 200 37
116.230.105.26 - - [09/Sep/2021:11:10:59 +0800] "GET /xingrg/all/function/internal_message.html?_=1631156999007&CODE_STATE=getMsg HTTP/1.1" 200 27
116.237.74.154 - - [09/Sep/2021:11:11:00 +0800] "GET /xingrg/kc/buy/cgsh_order_operate.html?command=get_materiel&rest_code=00106&code=00101008224&supplier_code=00100007&order_time=2021-09-09 HTTP/1.1" 200 416
222.70.179.190 - - [09/Sep/2021:11:11:02 +0800] "GET /xingrg/kc/buy/cgsh_order_add.html HTTP/1.1" 200 63426
222.70.179.190 - - [09/Sep/2021:11:11:02 +0800] "POST /xingrg/kc/buy/cgsh_order_operate.html HTTP/1.1" 200 8245
222.70.179.190 - - [09/Sep/2021:11:11:02 +0800] "GET /xingrg/javascript/easyui/themes/default/validatebox.css HTTP/1.1" 404 1104
222.70.179.190 - - [09/Sep/2021:11:11:02 +0800] "GET /xingrg/all/function/internal_message.html?_=1631157059473&CODE_STATE=getMsg HTTP/1.1" 200 27
116.230.105.26 - - [09/Sep/2021:11:11:03 +0800] "POST /xingrg/kc/buy/cgsh_order_operate.html HTTP/1.1" 200 37
116.237.74.154 - - [09/Sep/2021:11:11:03 +0800] "POST /xingrg/kc/buy/cgsh_order_operate.html HTTP/1.1" 200 12
120.253.135.82 - - [09/Sep/2021:11:11:03 +0800] "POST /xingrg/kc/pszx/mdps_list_operate.html HTTP/1.1" 200 2054
116.230.105.26 - - [09/Sep/2021:11:11:04 +0800] "POST /xingrg/kc/buy/cgsh_order_operate.html HTTP/1.1" 200 2658
101.85.52.72 - - [09/Sep/2021:11:11:04 +0800] "GET /xingrg/kc/buy/cgsh_order_operate.html?command=get_materiel&rest_code=00145&code=00101009011&supplier_code=00100207&order_time=2021-09-09 HTTP/1.1" 200 416
116.237.74.154 - - [09/Sep/2021:11:11:04 +0800] "GET /xingrg/all/function/internal_message.html?_=1631157059684&CODE_STATE=getMsg HTTP/1.1" 200 27
101.91.62.89 - - [09/Sep/2021:11:11:04 +0800] "GET /xingrg/all/function/internal_message.html?_=1631156999728&CODE_STATE=getMsg HTTP/1.1" 302 -
116.237.74.154 - - [09/Sep/2021:11:11:04 +0800] "GET /xingrg/kc/buy/cgsh_order_info.html?code=212021090903640 HTTP/1.1" 200 58335
120.253.135.82 - - [09/Sep/2021:11:11:04 +0800] "POST /xingrg/kc/pszx/mdps_list_operate.html HTTP/1.1" 200 210
116.237.74.154 - - [09/Sep/2021:11:11:04 +0800] "GET /xingrg/javascript/easyui/themes/default/validatebox.css HTTP/1.1" 404 1104
116.230.105.26 - - [09/Sep/2021:11:11:04 +0800] "GET /xingrg/kc/print/load_data.html?order_code=212021090903641&kc_code=cgsh&condition= HTTP/1.1" 200 680
101.91.62.89 - - [09/Sep/2021:11:11:04 +0800] "GET /xingrg/login.html HTTP/1.1" 200 7641
116.237.74.154 - - [09/Sep/2021:11:11:05 +0800] "POST /xingrg/kc/buy/cgsh_order_operate.html HTTP/1.1" 200 1219
120.253.135.82 - - [09/Sep/2021:11:11:05 +0800] "GET /xingrg/kc/pszx/mdps_order_info.html?code=312021090900241 HTTP/1.1" 200 23931
120.253.135.82 - - [09/Sep/2021:11:11:05 +0800] "POST /xingrg/kc/pszx/mdps_order_operate.html HTTP/1.1" 200 2300
120.253.135.82 - - [09/Sep/2021:11:11:05 +0800] "GET /xingrg/javascript/easyui/themes/default/validatebox.css HTTP/1.1" 404 1104
116.238.168.124 - - [09/Sep/2021:11:11:05 +0800] "GET /xingrg/all/function/internal_message.html?_=1631157044989&CODE_STATE=getMsg HTTP/1.1" 200 27
58.37.227.186 - - [09/Sep/2021:11:11:06 +0800] "POST /xingrg/login.do HTTP/1.1" 302 -
58.37.227.186 - - [09/Sep/2021:11:11:06 +0800] "GET /xingrg/index.html?sysBaseUrl=http%3A%2F%2F180.169.147.146%3A18081%2Fxingrg%2F&costTime=39×tamp=1631157066141 HTTP/1.1" 200 17179
58.37.227.186 - - [09/Sep/2021:11:11:06 +0800] "GET /favicon.ico HTTP/1.1" 404 -
58.37.227.186 - - [09/Sep/2021:11:11:06 +0800] "POST /xingrg/all/common/load_tree.html?tree=area_rest_tree_json&manage=1 HTTP/1.1" 200 351
58.37.227.186 - - [09/Sep/2021:11:11:06 +0800] "GET /xingrg/check_reg.html?_=1631156941384 HTTP/1.1" 200 22
58.37.227.186 - - [09/Sep/2021:11:11:06 +0800] "GET /xingrg/all/function/internal_message.html?_=1631156941383&CODE_STATE=count HTTP/1.1" 200 11
58.37.227.186 - - [09/Sep/2021:11:11:06 +0800] "POST /xingrg/load_menu.html HTTP/1.1" 200 5138
222.69.133.238 - - [09/Sep/2021:11:11:06 +0800] "GET /xingrg/all/function/internal_message.html?_=1631157064906&CODE_STATE=getMsg HTTP/1.1" 200 27
116.237.74.154 - - [09/Sep/2021:11:11:08 +0800] "GET /xingrg/kc/print/load_data.html?order_code=212021090903640&kc_code=cgsh&condition= HTTP/1.1" 200 1029
120.253.135.82 - - [09/Sep/2021:11:11:08 +0800] "GET /xingrg/kc/print/load_data.html?order_code=312021090900241&kc_code=mdps&condition= HTTP/1.1" 200 706
116.237.74.154 - - [09/Sep/2021:11:11:08 +0800] "GET /xingrg/kc/buy/cgsh_order_operate.html?command=get_materiel&rest_code=00106&code=00101008003&supplier_code=00100007&order_time=2021-09-09 HTTP/1.1" 200 408
116.230.105.26 - - [09/Sep/2021:11:11:08 +0800] "GET /xingrg/kc/buy/cgsh_order_add.html HTTP/1.1" 200 63394
116.230.105.26 - - [09/Sep/2021:11:11:09 +0800] "POST /xingrg/kc/buy/cgsh_order_operate.html HTTP/1.1" 200 8245
116.230.105.26 - - [09/Sep/2021:11:11:09 +0800] "GET /xingrg/javascript/easyui/themes/default/validatebox.css HTTP/1.1" 404 1104
101.85.52.72 - - [09/Sep/2021:11:11:09 +0800] "GET /xingrg/kc/buy/cgsh_order_operate.html?command=get_materiel&rest_code=00145&code=00101008418&supplier_code=00100207&order_time=2021-09-09 HTTP/1.1" 200 398
222.70.179.190 - - [09/Sep/2021:11:11:12 +0800] "GET /xingrg/kc/buy/cgsh_order_operate.html?command=get_materiel&rest_code=00111&code=00101004065&supplier_code=00100086&order_time=2021-09-09 HTTP/1.1" 200 413
222.69.133.238 - - [09/Sep/2021:11:11:12 +0800] "GET /xingrg/kc/buy/cgsh_order_operate.html?command=get_materiel&rest_code=00149&code=00101010281&supplier_code=00100331&order_time=2021-09-09 HTTP/1.1" 200 414
180.169.147.146 - - [09/Sep/2021:11:11:14 +0800] "GET /xingrg/all/function/internal_message.html?_=1631157078664&CODE_STATE=getMsg HTTP/1.1" 200 27
61.151.178.166 - - [09/Sep/2021:11:11:15 +0800] "GET /xingrg/kc/buy/cgsh_order_operate.html?command=get_materiel&rest_code=00106&code=00101008027&supplier_code=00100007&order_time=2021-09-09 HTTP/1.1" 302 -
61.151.178.166 - - [09/Sep/2021:11:11:15 +0800] "GET /xingrg/login.html HTTP/1.1" 200 7641
116.230.105.26 - - [09/Sep/2021:11:11:15 +0800] "GET /xingrg/kc/buy/cgsh_order_operate.html?command=get_materiel&rest_code=00155&code=00101012086&supplier_code=00100327&order_time=2021-09-09 HTTP/1.1" 200 406
116.237.74.154 - - [09/Sep/2021:11:11:15 +0800] "GET /xingrg/kc/buy/cgsh_order_add.html HTTP/1.1" 200 63426
116.237.74.154 - - [09/Sep/2021:11:11:16 +0800] "POST /xingrg/kc/buy/cgsh_order_operate.html HTTP/1.1" 200 8245
116.237.74.154 - - [09/Sep/2021:11:11:16 +0800] "GET /xingrg/javascript/easyui/themes/default/validatebox.css HTTP/1.1" 404 1104
222.70.246.151 - - [09/Sep/2021:11:11:17 +0800] "GET /xingrg/all/function/internal_message.html?_=1631157090523&CODE_STATE=getMsg HTTP/1.1" 200 27
116.237.74.154 - - [09/Sep/2021:11:11:17 +0800] "GET /xingrg/javascript/easyui/themes/default/tree.css HTTP/1.1" 404 1090
116.237.74.154 - - [09/Sep/2021:11:11:17 +0800] "POST /xingrg/all/common/load_tree.html?tree=supplier_tree_json&isDelete=1 HTTP/1.1" 200 57687
120.253.135.82 - - [09/Sep/2021:11:11:18 +0800] "POST /xingrg/kc/pszx/mdps_list_operate.html HTTP/1.1" 200 2054
222.70.179.190 - - [09/Sep/2021:11:11:20 +0800] "POST /xingrg/kc/buy/cgsh_order_operate.html HTTP/1.1" 200 37
101.83.145.79 - - [09/Sep/2021:11:11:21 +0800] "GET /xingrg/all/function/internal_message.html?_=1631157030056&CODE_STATE=getMsg HTTP/1.1" 200 27
116.238.194.18 - - [09/Sep/2021:11:11:21 +0800] "GET /xingrg/all/function/internal_message.html?_=1631157080905&CODE_STATE=getMsg HTTP/1.1" 200 27
222.70.179.190 - - [09/Sep/2021:11:11:21 +0800] "POST /xingrg/kc/buy/cgsh_order_operate.html HTTP/1.1" 200 2657
101.85.52.72 - - [09/Sep/2021:11:11:22 +0800] "GET /xingrg/kc/buy/cgsh_order_operate.html?command=get_materiel&rest_code=00145&code=00101009031&supplier_code=00100207&order_time=2021-09-09 HTTP/1.1" 200 408
222.70.179.190 - - [09/Sep/2021:11:11:22 +0800] "GET /xingrg/kc/print/load_data.html?order_code=212021090903642&kc_code=cgsh&condition= HTTP/1.1" 200 733
116.237.74.154 - - [09/Sep/2021:11:11:23 +0800] "GET /xingrg/kc/buy/cgsh_order_operate.html?command=get_materiel&rest_code=00106&code=00101008301&supplier_code=00100007&order_time=2021-09-09 HTTP/1.1" 200 422
116.230.105.26 - - [09/Sep/2021:11:11:23 +0800] "GET /xingrg/kc/buy/cgsh_order_operate.html?command=get_materiel&rest_code=00155&code=00101010691&supplier_code=00100327&order_time=2021-09-09 HTTP/1.1" 200 397
58.37.227.186 - - [09/Sep/2021:11:11:25 +0800] "GET /xingrg/kc/buy/buy_main.html HTTP/1.1" 200 12412
58.37.227.186 - - [09/Sep/2021:11:11:25 +0800] "GET /xingrg/css/new_ie.css HTTP/1.1" 404 1036
116.237.74.154 - - [09/Sep/2021:11:11:25 +0800] "POST /xingrg/kc/buy/cgsh_order_operate.html HTTP/1.1" 200 2065
58.37.227.186 - - [09/Sep/2021:11:11:25 +0800] "GET /xingrg/images/yd/bt.gif HTTP/1.1" 404 1040
180.169.147.146 - - [09/Sep/2021:11:11:25 +0800] "GET /xingrg/all/function/internal_message.html?_=1631157087642&CODE_STATE=getMsg HTTP/1.1" 200 27
58.37.227.186 - - [09/Sep/2021:11:11:26 +0800] "GET /xingrg/kc/buy/cgsh_order_list.html HTTP/1.1" 200 47694
222.70.179.190 - - [09/Sep/2021:11:11:27 +0800] "GET /xingrg/kc/buy/cgsh_order_add.html HTTP/1.1" 200 63426
58.37.227.186 - - [09/Sep/2021:11:11:27 +0800] "POST /xingrg/kc/buy/cgsh_list_operate.html HTTP/1.1" 200 876
222.70.179.190 - - [09/Sep/2021:11:11:27 +0800] "POST /xingrg/kc/buy/cgsh_order_operate.html HTTP/1.1" 200 8245
222.70.179.190 - - [09/Sep/2021:11:11:27 +0800] "GET /xingrg/javascript/easyui/themes/default/validatebox.css HTTP/1.1" 404 1104
101.91.62.89 - - [09/Sep/2021:11:11:28 +0800] "GET /xingrg/kc/buy/cgsh_order_operate.html?command=get_materiel&rest_code=00106&code=00101008080&supplier_code=00100007&order_time=2021-09-09 HTTP/1.1" 302 -
58.37.227.186 - - [09/Sep/2021:11:11:29 +0800] "GET /xingrg/kc/buy/cgsh_order_add.html HTTP/1.1" 200 63432
58.37.227.186 - - [09/Sep/2021:11:11:29 +0800] "GET /xingrg/words/20210908162717_words.js HTTP/1.1" 304 -
58.37.227.186 - - [09/Sep/2021:11:11:29 +0800] "GET /xingrg/all/common/auto_word.html?type=employee&rest_code=00141 HTTP/1.1" 200 201
58.37.227.186 - - [09/Sep/2021:11:11:29 +0800] "GET /xingrg/javascript/easyui/themes/default/validatebox.css HTTP/1.1" 404 1104
58.37.227.186 - - [09/Sep/2021:11:11:29 +0800] "GET /xingrg/all/common/auto_word.html?type=employee&rest_code=00141 HTTP/1.1" 200 201
58.37.227.186 - - [09/Sep/2021:11:11:29 +0800] "POST /xingrg/kc/buy/cgsh_order_operate.html HTTP/1.1" 200 8245
101.91.62.89 - - [09/Sep/2021:11:11:29 +0800] "GET /xingrg/login.html HTTP/1.1" 200 7641
101.85.93.96 - - [09/Sep/2021:11:11:30 +0800] "GET /xingrg/all/function/internal_message.html?_=1631157015853&CODE_STATE=getMsg HTTP/1.1" 200 27
222.69.133.238 - - [09/Sep/2021:11:11:30 +0800] "POST /xingrg/kc/buy/cgsh_order_operate.html HTTP/1.1" 200 37
58.37.227.186 - - [09/Sep/2021:11:11:30 +0800] "GET /xingrg/javascript/auto/indicator.gif HTTP/1.1" 404 1066
116.230.105.26 - - [09/Sep/2021:11:11:31 +0800] "GET /xingrg/kc/buy/cgsh_order_operate.html?command=get_materiel&rest_code=00155&code=00101010569&supplier_code=00100327&order_time=2021-09-09 HTTP/1.1" 200 397
116.238.168.124 - - [09/Sep/2021:11:11:31 +0800] "POST /xingrg/kc/base/wldb_order_operate.html HTTP/1.1" 200 37
116.237.74.154 - - [09/Sep/2021:11:11:31 +0800] "GET /xingrg/kc/buy/cgsh_order_operate.html?command=get_materiel&rest_code=00106&code=00101008415&supplier_code=00100007&order_time=2021-09-09 HTTP/1.1" 200 398
116.238.168.124 - - [09/Sep/2021:11:11:31 +0800] "POST /xingrg/kc/base/wldb_order_operate.html HTTP/1.1" 200 7674
222.70.246.151 - - [09/Sep/2021:11:11:32 +0800] "GET /xingrg/check_reg.html?_=1631157105557 HTTP/1.1" 200 22
124.79.246.142 - - [09/Sep/2021:11:11:32 +0800] "GET /xingrg/check_reg.html?_=1631157550030 HTTP/1.1" 302 -
124.79.246.142 - - [09/Sep/2021:11:11:32 +0800] "GET /xingrg/login.html HTTP/1.1" 200 7641
222.69.133.238 - - [09/Sep/2021:11:11:33 +0800] "POST /xingrg/kc/buy/cgsh_order_operate.html HTTP/1.1" 200 12
116.238.168.124 - - [09/Sep/2021:11:11:34 +0800] "POST /xingrg/kc/base/wldb_order_operate.html HTTP/1.1" 200 12
222.69.133.238 - - [09/Sep/2021:11:11:34 +0800] "GET /xingrg/kc/buy/cgsh_order_info.html?code=212021090903643 HTTP/1.1" 200 58390
222.69.133.238 - - [09/Sep/2021:11:11:35 +0800] "GET /xingrg/javascript/easyui/themes/default/validatebox.css HTTP/1.1" 404 1104
116.238.168.124 - - [09/Sep/2021:11:11:35 +0800] "GET /xingrg/kc/base/wldb_order_info.html?code=422021090900873 HTTP/1.1" 200 26311
222.69.133.238 - - [09/Sep/2021:11:11:35 +0800] "POST /xingrg/kc/buy/cgsh_order_operate.html HTTP/1.1" 200 609
222.69.133.238 - - [09/Sep/2021:11:11:37 +0800] "GET /xingrg/kc/print/load_data.html?order_code=212021090903643&kc_code=cgsh&condition= HTTP/1.1" 200 710
116.238.168.124 - - [09/Sep/2021:11:11:37 +0800] "POST /xingrg/kc/base/wldb_order_operate.html HTTP/1.1" 200 5845
116.238.168.124 - - [09/Sep/2021:11:11:37 +0800] "GET /xingrg/javascript/easyui/themes/default/validatebox.css HTTP/1.1" 404 1104
116.237.74.154 - - [09/Sep/2021:11:11:37 +0800] "GET /xingrg/kc/buy/cgsh_order_operate.html?command=get_materiel&rest_code=00106&code=00101010607&supplier_code=00100404&order_time=2021-09-09 HTTP/1.1" 200 407
116.230.105.26 - - [09/Sep/2021:11:11:39 +0800] "GET /xingrg/kc/buy/cgsh_order_operate.html?command=get_materiel&rest_code=00155&code=00101010111&supplier_code=00100327&order_time=2021-09-09 HTTP/1.1" 200 417
101.85.52.72 - - [09/Sep/2021:11:11:39 +0800] "GET /xingrg/kc/buy/cgsh_order_operate.html?command=get_materiel&rest_code=00145&code=00101009118&supplier_code=00100207&order_time=2021-09-09 HTTP/1.1" 200 394
180.169.147.146 - - [09/Sep/2021:11:11:40 +0800] "GET /xingrg/all/function/internal_message.html?_=1631157129913&CODE_STATE=getMsg HTTP/1.1" 200 27
180.169.147.146 - - [09/Sep/2021:11:11:40 +0800] "GET /xingrg/check_reg.html?_=1631157129922 HTTP/1.1" 200 22
116.238.194.18 - - [09/Sep/2021:11:11:40 +0800] "GET /xingrg/all/function/internal_message.html?_=1631157075146&CODE_STATE=getMsg HTTP/1.1" 200 27
116.237.74.154 - - [09/Sep/2021:11:11:43 +0800] "GET /xingrg/all/function/internal_message.html?_=1631157103961&CODE_STATE=getMsg HTTP/1.1" 200 27
120.253.135.82 - - [09/Sep/2021:11:11:43 +0800] "GET /xingrg/all/function/internal_message.html?_=1631156877300&CODE_STATE=getMsg HTTP/1.1" 200 27
180.169.147.146 - - [09/Sep/2021:11:11:44 +0800] "GET /xingrg/all/function/internal_message.html?_=1631157104912&CODE_STATE=getMsg HTTP/1.1" 200 27
172.20.0.100 - - [09/Sep/2021:11:11:44 +0800] "GET /xingrg/all/function/internal_message.html?_=1631157103817&CODE_STATE=getMsg HTTP/1.1" 200 27
116.230.105.26 - - [09/Sep/2021:11:11:44 +0800] "POST /xingrg/kc/buy/cgsh_order_operate.html HTTP/1.1" 200 37
116.230.105.26 - - [09/Sep/2021:11:11:46 +0800] "POST /xingrg/kc/buy/cgsh_order_operate.html HTTP/1.1" 200 4432
116.237.74.154 - - [09/Sep/2021:11:11:46 +0800] "GET /xingrg/kc/buy/cgsh_order_operate.html?command=get_materiel&rest_code=00106&code=00101008295&supplier_code=00100007&order_time=2021-09-09 HTTP/1.1" 200 412
116.230.105.26 - - [09/Sep/2021:11:11:47 +0800] "GET /xingrg/kc/print/load_data.html?order_code=212021090903644&kc_code=cgsh&condition= HTTP/1.1" 200 1361
116.233.77.86 - - [09/Sep/2021:11:11:47 +0800] "GET /xingrg/all/function/internal_message.html?_=1631157107680&CODE_STATE=getMsg HTTP/1.1" 200 27
180.169.147.146 - - [09/Sep/2021:11:11:49 +0800] "GET /xingrg/all/function/internal_message.html?_=1631157107677&CODE_STATE=getMsg HTTP/1.1" 200 27
124.79.78.82 - - [09/Sep/2021:11:11:49 +0800] "GET /xingrg/login.html HTTP/1.1" 200 7641
124.79.78.82 - - [09/Sep/2021:11:11:49 +0800] "GET /favicon.ico HTTP/1.1" 404 -
116.238.168.124 - - [09/Sep/2021:11:11:50 +0800] "GET /xingrg/kc/base/wldb_order_add.html HTTP/1.1" 200 30434
124.79.78.82 - - [09/Sep/2021:11:11:51 +0800] "POST /xingrg/login.do HTTP/1.1" 302 -
124.79.78.82 - - [09/Sep/2021:11:11:51 +0800] "GET /xingrg/index.html?sysBaseUrl=http%3A%2F%2F180.169.147.146%3A18081%2Fxingrg%2F&costTime=60×tamp=1631157111754 HTTP/1.1" 200 17179
124.79.78.82 - - [09/Sep/2021:11:11:51 +0800] "GET /favicon.ico HTTP/1.1" 404 -
124.79.78.82 - - [09/Sep/2021:11:11:51 +0800] "POST /xingrg/all/common/load_tree.html?tree=area_rest_tree_json&manage=1 HTTP/1.1" 200 351
124.79.78.82 - - [09/Sep/2021:11:11:51 +0800] "GET /xingrg/all/function/internal_message.html?_=1631157110927&CODE_STATE=count HTTP/1.1" 200 11
124.79.78.82 - - [09/Sep/2021:11:11:51 +0800] "GET /xingrg/check_reg.html?_=1631157110927 HTTP/1.1" 200 22
124.79.78.82 - - [09/Sep/2021:11:11:52 +0800] "POST /xingrg/load_menu.html HTTP/1.1" 200 5138
172.20.0.100 - - [09/Sep/2021:11:11:52 +0800] "GET /xingrg/all/function/internal_message.html?_=1631157113983&CODE_STATE=getMsg HTTP/1.1" 200 27
116.238.168.124 - - [09/Sep/2021:11:11:53 +0800] "POST /xingrg/kc/base/wldb_order_operate.html HTTP/1.1" 200 6806
124.79.78.82 - - [09/Sep/2021:11:11:53 +0800] "GET /xingrg/css/new_ie.css HTTP/1.1" 404 1036
116.238.168.124 - - [09/Sep/2021:11:11:53 +0800] "GET /xingrg/javascript/easyui/themes/default/validatebox.css HTTP/1.1" 404 1104
124.79.78.82 - - [09/Sep/2021:11:11:54 +0800] "GET /xingrg/images/yd/bt.gif HTTP/1.1" 404 1040
116.238.168.124 - - [09/Sep/2021:11:11:54 +0800] "POST /xingrg/all/common/load_combo.html?type=base HTTP/1.1" 200 3060
116.230.105.26 - - [09/Sep/2021:11:11:55 +0800] "GET /xingrg/kc/buy/cgsh_order_add.html HTTP/1.1" 200 63394
116.230.105.26 - - [09/Sep/2021:11:11:55 +0800] "GET /xingrg/javascript/easyui/themes/default/validatebox.css HTTP/1.1" 404 1104
116.230.105.26 - - [09/Sep/2021:11:11:55 +0800] "POST /xingrg/kc/buy/cgsh_order_operate.html HTTP/1.1" 200 8245
116.237.74.154 - - [09/Sep/2021:11:11:55 +0800] "POST /xingrg/kc/buy/cgsh_order_operate.html HTTP/1.1" 200 37
101.85.52.72 - - [09/Sep/2021:11:11:56 +0800] "GET /xingrg/all/function/internal_message.html?_=1631157108788&CODE_STATE=getMsg HTTP/1.1" 200 27
124.79.78.82 - - [09/Sep/2021:11:11:56 +0800] "POST /xingrg/kc/buy/cgsh_list_operate.html HTTP/1.1" 200 876
222.70.179.190 - - [09/Sep/2021:11:11:56 +0800] "GET /xingrg/kc/buy/cgsh_order_operate.html?command=get_materiel&rest_code=00111&code=00101010616&supplier_code=00100430&order_time=2021-09-09 HTTP/1.1" 200 395
116.238.168.124 - - [09/Sep/2021:11:11:57 +0800] "POST /xingrg/all/common/load_combo.html?type=base HTTP/1.1" 200 3060
61.151.207.158 - - [09/Sep/2021:11:11:58 +0800] "GET /xingrg/kc/buy/cgsh_order_operate.html?command=get_materiel&rest_code=00106&code=00101008224&supplier_code=00100007&order_time=2021-09-09 HTTP/1.1" 302 -
61.151.207.158 - - [09/Sep/2021:11:11:58 +0800] "GET /xingrg/login.html HTTP/1.1" 200 7641
116.230.105.26 - - [09/Sep/2021:11:11:59 +0800] "GET /xingrg/all/function/internal_message.html?_=1631157058999&CODE_STATE=getMsg HTTP/1.1" 200 27
116.237.74.154 - - [09/Sep/2021:11:11:59 +0800] "POST /xingrg/kc/buy/cgsh_order_operate.html HTTP/1.1" 200 12
120.253.135.82 - - [09/Sep/2021:11:12:00 +0800] "POST /xingrg/kc/pszx/mdps_list_operate.html HTTP/1.1" 200 211
116.237.74.154 - - [09/Sep/2021:11:12:01 +0800] "GET /xingrg/kc/buy/cgsh_order_info.html?code=212021090903645 HTTP/1.1" 200 58341
116.237.74.154 - - [09/Sep/2021:11:12:01 +0800] "GET /xingrg/javascript/easyui/themes/default/validatebox.css HTTP/1.1" 404 1104
116.237.74.154 - - [09/Sep/2021:11:12:02 +0800] "POST /xingrg/kc/buy/cgsh_order_operate.html HTTP/1.1" 200 618
116.230.105.26 - - [09/Sep/2021:11:12:02 +0800] "GET /xingrg/kc/buy/cgsh_order_operate.html?command=get_materiel&rest_code=00155&code=00101001125&supplier_code=00100319&order_time=2021-09-09 HTTP/1.1" 200 415
116.238.168.124 - - [09/Sep/2021:11:12:02 +0800] "GET /xingrg/kc/base/wldb_order_operate.html?command=get_materiel&rest_code=00102&base_code=0010476&code=00101019359 HTTP/1.1" 200 445
222.70.179.190 - - [09/Sep/2021:11:12:02 +0800] "GET /xingrg/all/function/internal_message.html?_=1631157119444&CODE_STATE=getMsg HTTP/1.1" 200 27
120.253.135.82 - - [09/Sep/2021:11:12:03 +0800] "GET /xingrg/kc/pszx/mdqp_order_list.html?state=10 HTTP/1.1" 200 10649
120.253.135.82 - - [09/Sep/2021:11:12:03 +0800] "GET /xingrg/dwr/interface/AjaxReportQueryService.js HTTP/1.1" 200 13203
120.253.135.82 - - [09/Sep/2021:11:12:03 +0800] "GET /xingrg/dwr/interface/AjaxQqpsService.js HTTP/1.1" 200 16326
120.253.135.82 - - [09/Sep/2021:11:12:03 +0800] "GET /xingrg/dwr/engine.js HTTP/1.1" 200 43631
116.237.74.154 - - [09/Sep/2021:11:12:04 +0800] "GET /xingrg/all/function/internal_message.html?_=1631157119664&CODE_STATE=getMsg HTTP/1.1" 200 27
116.237.74.154 - - [09/Sep/2021:11:12:04 +0800] "GET /xingrg/kc/print/load_data.html?order_code=212021090903645&kc_code=cgsh&condition= HTTP/1.1" 200 728
61.151.178.163 - - [09/Sep/2021:11:12:04 +0800] "GET /xingrg/all/function/internal_message.html?_=1631157059684&CODE_STATE=getMsg HTTP/1.1" 302 -
120.253.135.82 - - [09/Sep/2021:11:12:04 +0800] "GET /xingrg/check_reg.html?_=1631156897926 HTTP/1.1" 200 22
61.151.178.163 - - [09/Sep/2021:11:12:04 +0800] "GET /xingrg/login.html HTTP/1.1" 200 7641
116.238.168.124 - - [09/Sep/2021:11:12:05 +0800] "GET /xingrg/all/function/internal_message.html?_=1631157105002&CODE_STATE=getMsg HTTP/1.1" 200 27
120.253.135.82 - - [09/Sep/2021:11:12:05 +0800] "GET /xingrg/kc/pszx/mdqp_order_info.html?code=302021090900170 HTTP/1.1" 200 13338
120.253.135.82 - - [09/Sep/2021:11:12:06 +0800] "GET /xingrg/javascript/tools/jquery.qtip-1.0.0-rc3.min.js HTTP/1.1" 304 -
120.253.135.82 - - [09/Sep/2021:11:12:06 +0800] "GET /xingrg/javascript/checkform.js HTTP/1.1" 304 -
120.253.135.82 - - [09/Sep/2021:11:12:06 +0800] "GET /xingrg/dwr/interface/AjaxComOrderService.js HTTP/1.1" 200 18264
120.253.135.82 - - [09/Sep/2021:11:12:06 +0800] "GET /xingrg/javascript/AjaxInfoList.js HTTP/1.1" 304 -
120.253.135.82 - - [09/Sep/2021:11:12:06 +0800] "GET /xingrg/javascript/Grid.js HTTP/1.1" 304 -
