116.238.194.18 - - [09/Sep/2021:07:48:41 +0800] "GET /xingrg/all/function/internal_message.html?_=1631144896199&CODE_STATE=getMsg HTTP/1.1" 200 27
172.20.0.100 - - [09/Sep/2021:07:48:44 +0800] "GET /xingrg/all/function/internal_message.html?_=1631144921009&CODE_STATE=getMsg HTTP/1.1" 200 27
116.238.194.18 - - [09/Sep/2021:07:48:56 +0800] "GET /xingrg/all/function/internal_message.html?_=1631144936315&CODE_STATE=getMsg HTTP/1.1" 200 27
116.238.194.18 - - [09/Sep/2021:07:48:56 +0800] "GET /xingrg/check_reg.html?_=1631144936317 HTTP/1.1" 200 22
120.253.135.82 - - [09/Sep/2021:07:49:04 +0800] "GET /xingrg/all/function/internal_message.html?_=1631144717604&CODE_STATE=getMsg HTTP/1.1" 200 27
222.70.246.151 - - [09/Sep/2021:07:49:26 +0800] "GET /xingrg/all/function/internal_message.html?_=1631144979974&CODE_STATE=getMsg HTTP/1.1" 200 27
58.37.227.186 - - [09/Sep/2021:07:49:29 +0800] "GET /xingrg/all/function/internal_message.html?_=1631144848169&CODE_STATE=getMsg HTTP/1.1" 200 27
116.238.194.18 - - [09/Sep/2021:07:49:31 +0800] "GET /xingrg/check_reg.html?_=1631144946480 HTTP/1.1" 200 22
116.238.194.18 - - [09/Sep/2021:07:49:41 +0800] "GET /xingrg/all/function/internal_message.html?_=1631144956208&CODE_STATE=getMsg HTTP/1.1" 200 27
172.20.0.100 - - [09/Sep/2021:07:49:44 +0800] "GET /xingrg/check_reg.html?_=1631144980999 HTTP/1.1" 200 22
172.20.0.100 - - [09/Sep/2021:07:49:44 +0800] "GET /xingrg/all/function/internal_message.html?_=1631144981001&CODE_STATE=getMsg HTTP/1.1" 200 27
116.238.194.18 - - [09/Sep/2021:07:49:56 +0800] "GET /xingrg/all/function/internal_message.html?_=1631144996315&CODE_STATE=getMsg HTTP/1.1" 200 27
222.70.246.151 - - [09/Sep/2021:07:50:26 +0800] "GET /xingrg/all/function/internal_message.html?_=1631145039983&CODE_STATE=getMsg HTTP/1.1" 200 27
58.37.227.186 - - [09/Sep/2021:07:50:29 +0800] "GET /xingrg/check_reg.html?_=1631144908168 HTTP/1.1" 200 22
58.37.227.186 - - [09/Sep/2021:07:50:29 +0800] "GET /xingrg/all/function/internal_message.html?_=1631144908170&CODE_STATE=getMsg HTTP/1.1" 200 27
116.238.194.18 - - [09/Sep/2021:07:50:41 +0800] "GET /xingrg/all/function/internal_message.html?_=1631145016222&CODE_STATE=getMsg HTTP/1.1" 200 27
58.40.7.146 - - [09/Sep/2021:07:50:42 +0800] "GET /xingrg/check_reg.html?_=1631145041958 HTTP/1.1" 302 -
172.20.0.100 - - [09/Sep/2021:07:50:44 +0800] "GET /xingrg/all/function/internal_message.html?_=1631145041003&CODE_STATE=getMsg HTTP/1.1" 200 27
116.238.194.18 - - [09/Sep/2021:07:50:56 +0800] "GET /xingrg/all/function/internal_message.html?_=1631145056314&CODE_STATE=getMsg HTTP/1.1" 200 27
58.40.7.146 - - [09/Sep/2021:07:50:57 +0800] "GET /xingrg/check_reg.html?_=1631145056881 HTTP/1.1" 302 -
120.253.135.82 - - [09/Sep/2021:07:51:04 +0800] "GET /xingrg/login.html HTTP/1.1" 200 7641
120.253.135.82 - - [09/Sep/2021:07:51:04 +0800] "GET /xingrg/images/blue/jxLogo.png HTTP/1.1" 304 -
120.253.135.82 - - [09/Sep/2021:07:51:04 +0800] "GET /xingrg/images/blue/hj.png HTTP/1.1" 304 -
120.253.135.82 - - [09/Sep/2021:07:51:04 +0800] "GET /xingrg/images/blue/srbg.png HTTP/1.1" 304 -
120.253.135.82 - - [09/Sep/2021:07:51:04 +0800] "GET /xingrg/images/blue/login_bg.png HTTP/1.1" 304 -
120.253.135.82 - - [09/Sep/2021:07:51:04 +0800] "GET /favicon.ico HTTP/1.1" 404 -
120.253.135.82 - - [09/Sep/2021:07:51:06 +0800] "POST /xingrg/login.do HTTP/1.1" 302 -
120.253.135.82 - - [09/Sep/2021:07:51:06 +0800] "GET /xingrg/javascript/jquery_easy_ui/themes/icon.css HTTP/1.1" 304 -
120.253.135.82 - - [09/Sep/2021:07:51:06 +0800] "GET /xingrg/javascript/jquery-1.4.2.min.js HTTP/1.1" 304 -
120.253.135.82 - - [09/Sep/2021:07:51:06 +0800] "GET /xingrg/index.html?sysBaseUrl=http%3A%2F%2F180.169.147.146%3A18081%2Fxingrg%2F&costTime=37×tamp=1631145066601 HTTP/1.1" 200 17173
120.253.135.82 - - [09/Sep/2021:07:51:06 +0800] "GET /xingrg/javascript/jquery_easy_ui/jquery.easyui.min.js HTTP/1.1" 304 -
120.253.135.82 - - [09/Sep/2021:07:51:06 +0800] "GET /xingrg/javascript/jquery_easy_ui/easyui-lang-zh_CN.js HTTP/1.1" 304 -
120.253.135.82 - - [09/Sep/2021:07:51:06 +0800] "GET /xingrg/javascript/jquery_easy_ui/themes/default/easyui.css HTTP/1.1" 304 -
120.253.135.82 - - [09/Sep/2021:07:51:06 +0800] "GET /xingrg/javascript/jquery.form.js HTTP/1.1" 304 -
120.253.135.82 - - [09/Sep/2021:07:51:06 +0800] "GET /xingrg/javascript/jquery.timers.js HTTP/1.1" 304 -
120.253.135.82 - - [09/Sep/2021:07:51:06 +0800] "GET /xingrg/css/form.css HTTP/1.1" 304 -
120.253.135.82 - - [09/Sep/2021:07:51:06 +0800] "GET /xingrg/javascript/jquery.utils.js HTTP/1.1" 304 -
120.253.135.82 - - [09/Sep/2021:07:51:06 +0800] "GET /xingrg/images/blue/navBackgound.jpg HTTP/1.1" 304 -
120.253.135.82 - - [09/Sep/2021:07:51:06 +0800] "GET /xingrg/javascript/jquery_easy_ui/themes/icons/settle_new.png HTTP/1.1" 304 -
120.253.135.82 - - [09/Sep/2021:07:51:06 +0800] "GET /xingrg/images/blue/pingpu.png HTTP/1.1" 304 -
120.253.135.82 - - [09/Sep/2021:07:51:06 +0800] "POST /xingrg/all/common/load_tree.html?tree=area_rest_tree_json&manage=1 HTTP/1.1" 200 344
120.253.135.82 - - [09/Sep/2021:07:51:06 +0800] "GET /xingrg/javascript/jquery_easy_ui/themes/default/images/tabs_rightarrow.png HTTP/1.1" 304 -
120.253.135.82 - - [09/Sep/2021:07:51:06 +0800] "GET /xingrg/javascript/jquery_easy_ui/themes/default/images/tabs_leftarrow.png HTTP/1.1" 304 -
120.253.135.82 - - [09/Sep/2021:07:51:06 +0800] "GET /xingrg/javascript/jquery_easy_ui/themes/default/images/panel_tool_collapse.gif HTTP/1.1" 304 -
120.253.135.82 - - [09/Sep/2021:07:51:06 +0800] "GET /xingrg/javascript/jquery_easy_ui/themes/default/images/tree_arrows.gif HTTP/1.1" 304 -
120.253.135.82 - - [09/Sep/2021:07:51:06 +0800] "GET /xingrg/check_reg.html?_=1631144840436 HTTP/1.1" 200 22
120.253.135.82 - - [09/Sep/2021:07:51:06 +0800] "GET /xingrg/all/function/internal_message.html?_=1631144840435&CODE_STATE=count HTTP/1.1" 200 11
120.253.135.82 - - [09/Sep/2021:07:51:07 +0800] "GET /favicon.ico HTTP/1.1" 404 -
120.253.135.82 - - [09/Sep/2021:07:51:07 +0800] "POST /xingrg/load_menu.html HTTP/1.1" 200 6743
120.253.135.82 - - [09/Sep/2021:07:51:07 +0800] "GET /xingrg/javascript/jquery_easy_ui/themes/icons/forms_new.png HTTP/1.1" 304 -
120.253.135.82 - - [09/Sep/2021:07:51:07 +0800] "GET /xingrg/javascript/jquery_easy_ui/themes/icons/storage_new.png HTTP/1.1" 304 -
120.253.135.82 - - [09/Sep/2021:07:51:07 +0800] "GET /xingrg/javascript/jquery_easy_ui/themes/default/images/tree_file.gif HTTP/1.1" 304 -
120.253.135.82 - - [09/Sep/2021:07:51:07 +0800] "GET /xingrg/javascript/jquery_easy_ui/themes/default/images/tree_folder_open.gif HTTP/1.1" 304 -
120.253.135.82 - - [09/Sep/2021:07:51:07 +0800] "GET /xingrg/javascript/jquery_easy_ui/themes/icons/search_new.png HTTP/1.1" 304 -
120.253.135.82 - - [09/Sep/2021:07:51:07 +0800] "GET /xingrg/javascript/jquery_easy_ui/themes/default/images/tree_folder.gif HTTP/1.1" 304 -
120.253.135.82 - - [09/Sep/2021:07:51:07 +0800] "GET /xingrg/javascript/jquery_easy_ui/themes/icons/delivery_new.png HTTP/1.1" 304 -
120.253.135.82 - - [09/Sep/2021:07:51:09 +0800] "GET /xingrg/javascript/jquery_easy_ui/themes/default/images/tabs_close.gif HTTP/1.1" 304 -
120.253.135.82 - - [09/Sep/2021:07:51:09 +0800] "GET /xingrg/kc/pszx/mdqp_order_list.html?state=10 HTTP/1.1" 200 10217
120.253.135.82 - - [09/Sep/2021:07:51:09 +0800] "GET /xingrg/css/blue.css HTTP/1.1" 304 -
120.253.135.82 - - [09/Sep/2021:07:51:09 +0800] "GET /xingrg/javascript/pic_change.js HTTP/1.1" 304 -
120.253.135.82 - - [09/Sep/2021:07:51:09 +0800] "GET /xingrg/dwr/util.js HTTP/1.1" 304 -
120.253.135.82 - - [09/Sep/2021:07:51:09 +0800] "GET /xingrg/javascript/Calendar.js HTTP/1.1" 304 -
120.253.135.82 - - [09/Sep/2021:07:51:09 +0800] "GET /xingrg/javascript/myfunction.js HTTP/1.1" 304 -
120.253.135.82 - - [09/Sep/2021:07:51:09 +0800] "GET /xingrg/dwr/interface/AjaxReportQueryService.js HTTP/1.1" 200 13203
120.253.135.82 - - [09/Sep/2021:07:51:09 +0800] "GET /xingrg/dwr/interface/AjaxQqpsService.js HTTP/1.1" 200 16326
120.253.135.82 - - [09/Sep/2021:07:51:09 +0800] "GET /xingrg/dwr/engine.js HTTP/1.1" 200 43631
120.253.135.82 - - [09/Sep/2021:07:51:09 +0800] "GET /xingrg/javascript/jquery_easy_ui/themes/icons/check_new.png HTTP/1.1" 304 -
120.253.135.82 - - [09/Sep/2021:07:51:09 +0800] "GET /xingrg/javascript/jquery_easy_ui/themes/icons/back_new.png HTTP/1.1" 304 -
120.253.135.82 - - [09/Sep/2021:07:51:09 +0800] "GET /xingrg/javascript/jquery_easy_ui/themes/icons/uncheck_new.png HTTP/1.1" 304 -
120.253.135.82 - - [09/Sep/2021:07:51:17 +0800] "GET /xingrg/javascript/jquery_tools/datebox.css HTTP/1.1" 304 -
120.253.135.82 - - [09/Sep/2021:07:51:17 +0800] "GET /xingrg/javascript/easyui/themes/icon.css HTTP/1.1" 304 -
120.253.135.82 - - [09/Sep/2021:07:51:17 +0800] "GET /xingrg/css/base.css HTTP/1.1" 304 -
120.253.135.82 - - [09/Sep/2021:07:51:17 +0800] "GET /xingrg/css/site.css HTTP/1.1" 304 -
120.253.135.82 - - [09/Sep/2021:07:51:17 +0800] "GET /xingrg/kc/base/wlsy_order_list.html?syType=1 HTTP/1.1" 200 17344
120.253.135.82 - - [09/Sep/2021:07:51:17 +0800] "GET /xingrg/javascript/auto/jquery.autocomplete.css HTTP/1.1" 304 -
120.253.135.82 - - [09/Sep/2021:07:51:17 +0800] "GET /xingrg/javascript/jquery_tools/fix.css HTTP/1.1" 304 -
120.253.135.82 - - [09/Sep/2021:07:51:17 +0800] "GET /xingrg/javascript/easyui/themes/default/easyui.css HTTP/1.1" 304 -
120.253.135.82 - - [09/Sep/2021:07:51:17 +0800] "GET /xingrg/javascript/jquery_tools/jquery.tools.hotkey.js HTTP/1.1" 304 -
120.253.135.82 - - [09/Sep/2021:07:51:17 +0800] "GET /xingrg/javascript/jquery_tools/table.css HTTP/1.1" 304 -
120.253.135.82 - - [09/Sep/2021:07:51:17 +0800] "GET /xingrg/javascript/jquery_tools/jquery.tools.min.js HTTP/1.1" 304 -
120.253.135.82 - - [09/Sep/2021:07:51:17 +0800] "GET /xingrg/javascript/jquery_tools/jquery.tools.extend.js HTTP/1.1" 304 -
120.253.135.82 - - [09/Sep/2021:07:51:17 +0800] "GET /xingrg/javascript/jquery_tools/list_manager.js HTTP/1.1" 304 -
120.253.135.82 - - [09/Sep/2021:07:51:17 +0800] "GET /xingrg/javascript/jquery_tools/jquery.tools.table.js HTTP/1.1" 304 -
120.253.135.82 - - [09/Sep/2021:07:51:17 +0800] "GET /xingrg/javascript/easyui/easyloader.js HTTP/1.1" 304 -
120.253.135.82 - - [09/Sep/2021:07:51:17 +0800] "GET /xingrg/javascript/jquery.cookie.js HTTP/1.1" 304 -
120.253.135.82 - - [09/Sep/2021:07:51:17 +0800] "GET /xingrg/javascript/auto/jquery.autocomplete.js HTTP/1.1" 304 -
120.253.135.82 - - [09/Sep/2021:07:51:18 +0800] "GET /xingrg/javascript/easyui/themes/icons/edit_add_new.png HTTP/1.1" 304 -
120.253.135.82 - - [09/Sep/2021:07:51:18 +0800] "GET /xingrg/javascript/easyui/themes/icons/field_new.png HTTP/1.1" 304 -
120.253.135.82 - - [09/Sep/2021:07:51:18 +0800] "GET /xingrg/javascript/easyui/themes/icons/cance_new.png HTTP/1.1" 304 -
120.253.135.82 - - [09/Sep/2021:07:51:18 +0800] "GET /xingrg/javascript/easyui/themes/icons/uncheck_new.png HTTP/1.1" 304 -
120.253.135.82 - - [09/Sep/2021:07:51:18 +0800] "GET /xingrg/javascript/easyui/plugins/jquery.parser.js HTTP/1.1" 304 -
120.253.135.82 - - [09/Sep/2021:07:51:18 +0800] "GET /xingrg/images/control/ajaxLoader.gif HTTP/1.1" 304 -
120.253.135.82 - - [09/Sep/2021:07:51:18 +0800] "POST /xingrg/kc/base/wlsy_list_operate.html?syType=1 HTTP/1.1" 200 862
120.253.135.82 - - [09/Sep/2021:07:51:19 +0800] "GET /xingrg/javascript/easyui/themes/default/images/button_plain_hover.png HTTP/1.1" 304 -
120.253.135.82 - - [09/Sep/2021:07:51:19 +0800] "GET /xingrg/javascript/easyui/themes/default/images/button_plain_hover.png HTTP/1.1" 304 -
120.253.135.82 - - [09/Sep/2021:07:51:20 +0800] "GET /xingrg/kc/base/wlsy_order_add.html?syType=1 HTTP/1.1" 200 28643
120.253.135.82 - - [09/Sep/2021:07:51:20 +0800] "GET /xingrg/javascript/jquery_tools/order_manager.js HTTP/1.1" 304 -
120.253.135.82 - - [09/Sep/2021:07:51:20 +0800] "GET /xingrg/javascript/json2.js HTTP/1.1" 304 -
120.253.135.82 - - [09/Sep/2021:07:51:20 +0800] "GET /xingrg/javascript/convert.js HTTP/1.1" 304 -
120.253.135.82 - - [09/Sep/2021:07:51:20 +0800] "GET /xingrg/words/20210908162717_words.js HTTP/1.1" 304 -
120.253.135.82 - - [09/Sep/2021:07:51:20 +0800] "GET /xingrg/javascript/easyui/themes/icons/template_new.png HTTP/1.1" 304 -
120.253.135.82 - - [09/Sep/2021:07:51:20 +0800] "GET /xingrg/javascript/easyui/themes/icons/check_new.png HTTP/1.1" 304 -
120.253.135.82 - - [09/Sep/2021:07:51:20 +0800] "GET /xingrg/javascript/easyui/themes/icons/print.png HTTP/1.1" 304 -
120.253.135.82 - - [09/Sep/2021:07:51:20 +0800] "GET /xingrg/javascript/easyui/themes/icons/ok.png HTTP/1.1" 304 -
120.253.135.82 - - [09/Sep/2021:07:51:20 +0800] "GET /xingrg/javascript/easyui/themes/default/images/menu_downarrow.png HTTP/1.1" 304 -
120.253.135.82 - - [09/Sep/2021:07:51:20 +0800] "GET /xingrg/javascript/easyui/themes/icons/cancel.png HTTP/1.1" 304 -
120.253.135.82 - - [09/Sep/2021:07:51:20 +0800] "POST /xingrg/kc/base/wlsy_order_operate.html HTTP/1.1" 200 6806
120.253.135.82 - - [09/Sep/2021:07:51:20 +0800] "GET /xingrg/javascript/easyui/themes/icons/edit_remove.png HTTP/1.1" 304 -
120.253.135.82 - - [09/Sep/2021:07:51:20 +0800] "GET /xingrg/all/common/auto_word.html?type=base&rest_code=00101 HTTP/1.1" 200 613
120.253.135.82 - - [09/Sep/2021:07:51:20 +0800] "GET /xingrg/javascript/easyui/plugins/jquery.validatebox.js HTTP/1.1" 304 -
120.253.135.82 - - [09/Sep/2021:07:51:20 +0800] "GET /xingrg/javascript/easyui/themes/default/validatebox.css HTTP/1.1" 404 1104
120.253.135.82 - - [09/Sep/2021:07:51:20 +0800] "GET /xingrg/javascript/easyui/plugins/jquery.numberbox.js HTTP/1.1" 304 -
120.253.135.82 - - [09/Sep/2021:07:51:22 +0800] "GET /xingrg/css/images/panel_loading.gif HTTP/1.1" 304 -
120.253.135.82 - - [09/Sep/2021:07:51:22 +0800] "POST /xingrg/all/common/load_combo.html?type=base HTTP/1.1" 200 1075
120.253.135.82 - - [09/Sep/2021:07:51:26 +0800] "GET /xingrg/javascript/easyui/plugins/jquery.draggable.js HTTP/1.1" 304 -
120.253.135.82 - - [09/Sep/2021:07:51:26 +0800] "GET /xingrg/javascript/easyui/plugins/jquery.droppable.js HTTP/1.1" 304 -
120.253.135.82 - - [09/Sep/2021:07:51:26 +0800] "GET /xingrg/javascript/easyui/plugins/jquery.tree.js HTTP/1.1" 304 -
120.253.135.82 - - [09/Sep/2021:07:51:26 +0800] "GET /xingrg/javascript/easyui/themes/default/tree.css HTTP/1.1" 404 1090
120.253.135.82 - - [09/Sep/2021:07:51:26 +0800] "POST /xingrg/all/common/load_tree.html?tree=employee_tree_json HTTP/1.1" 200 25178
120.253.135.82 - - [09/Sep/2021:07:51:26 +0800] "GET /xingrg/javascript/easyui/themes/default/images/tree_arrows.gif HTTP/1.1" 200 617
120.253.135.82 - - [09/Sep/2021:07:51:27 +0800] "GET /xingrg/javascript/easyui/themes/icons/rest.png HTTP/1.1" 200 695
120.253.135.82 - - [09/Sep/2021:07:51:27 +0800] "GET /xingrg/javascript/easyui/themes/default/images/tree_folder_open.gif HTTP/1.1" 200 956
120.253.135.82 - - [09/Sep/2021:07:51:27 +0800] "GET /xingrg/javascript/easyui/themes/icons/areas.png HTTP/1.1" 200 720
120.253.135.82 - - [09/Sep/2021:07:51:27 +0800] "GET /xingrg/javascript/easyui/themes/icons/accept_new.png HTTP/1.1" 200 722
222.70.246.151 - - [09/Sep/2021:07:51:27 +0800] "GET /xingrg/all/function/internal_message.html?_=1631145100583&CODE_STATE=getMsg HTTP/1.1" 200 27
58.37.227.186 - - [09/Sep/2021:07:51:29 +0800] "GET /xingrg/all/function/internal_message.html?_=1631144968168&CODE_STATE=getMsg HTTP/1.1" 200 27
222.70.246.151 - - [09/Sep/2021:07:51:30 +0800] "GET /xingrg/check_reg.html?_=1631145103148 HTTP/1.1" 200 22
120.253.135.82 - - [09/Sep/2021:07:51:33 +0800] "GET /xingrg/javascript/auto/indicator.gif HTTP/1.1" 404 1066
120.253.135.82 - - [09/Sep/2021:07:51:36 +0800] "GET /xingrg/kc/base/wlsy_order_operate.html?command=get_materiel&rest_code=00101&base_code=0010246&code=00101019216 HTTP/1.1" 200 460
116.238.194.18 - - [09/Sep/2021:07:51:41 +0800] "GET /xingrg/all/function/internal_message.html?_=1631145076240&CODE_STATE=getMsg HTTP/1.1" 200 27
120.253.135.82 - - [09/Sep/2021:07:51:43 +0800] "POST /xingrg/kc/base/wlsy_order_operate.html HTTP/1.1" 200 37
120.253.135.82 - - [09/Sep/2021:07:51:43 +0800] "POST /xingrg/kc/base/wlsy_order_operate.html HTTP/1.1" 200 2195
172.20.0.100 - - [09/Sep/2021:07:51:44 +0800] "GET /xingrg/all/function/internal_message.html?_=1631145100989&CODE_STATE=getMsg HTTP/1.1" 200 27
120.253.135.82 - - [09/Sep/2021:07:51:45 +0800] "POST /xingrg/kc/base/wlsy_list_operate.html?syType=1 HTTP/1.1" 200 1674
120.253.135.82 - - [09/Sep/2021:07:51:50 +0800] "POST /xingrg/kc/base/wlsy_list_operate.html?syType=1 HTTP/1.1" 200 218
120.253.135.82 - - [09/Sep/2021:07:51:51 +0800] "GET /xingrg/kc/base/wlsy_order_info.html?code=412021090900007 HTTP/1.1" 200 28741
120.253.135.82 - - [09/Sep/2021:07:51:52 +0800] "POST /xingrg/kc/base/wlsy_order_operate.html HTTP/1.1" 200 2195
120.253.135.82 - - [09/Sep/2021:07:51:52 +0800] "GET /xingrg/javascript/easyui/themes/default/validatebox.css HTTP/1.1" 404 1104
116.238.194.18 - - [09/Sep/2021:07:51:56 +0800] "GET /xingrg/all/function/internal_message.html?_=1631145116313&CODE_STATE=getMsg HTTP/1.1" 200 27
120.253.135.82 - - [09/Sep/2021:07:51:57 +0800] "POST /xingrg/kc/base/wlsy_order_operate.html HTTP/1.1" 200 37
120.253.135.82 - - [09/Sep/2021:07:51:57 +0800] "POST /xingrg/kc/base/wlsy_order_operate.html HTTP/1.1" 200 2195
120.253.135.82 - - [09/Sep/2021:07:51:57 +0800] "POST /xingrg/kc/base/wlsy_order_operate.html HTTP/1.1" 200 12
120.253.135.82 - - [09/Sep/2021:07:51:59 +0800] "POST /xingrg/kc/base/wlsy_list_operate.html?syType=1 HTTP/1.1" 200 862
120.253.135.82 - - [09/Sep/2021:07:52:05 +0800] "GET /xingrg/kc/pszx/mdqp_order_list.html?state=10 HTTP/1.1" 200 10217
120.253.135.82 - - [09/Sep/2021:07:52:05 +0800] "GET /xingrg/dwr/interface/AjaxReportQueryService.js HTTP/1.1" 200 13203
120.253.135.82 - - [09/Sep/2021:07:52:05 +0800] "GET /xingrg/dwr/interface/AjaxQqpsService.js HTTP/1.1" 200 16326
120.253.135.82 - - [09/Sep/2021:07:52:05 +0800] "GET /xingrg/dwr/engine.js HTTP/1.1" 200 43631
120.253.135.82 - - [09/Sep/2021:07:52:06 +0800] "GET /xingrg/all/function/internal_message.html?_=1631144900447&CODE_STATE=getMsg HTTP/1.1" 200 27
120.253.135.82 - - [09/Sep/2021:07:52:07 +0800] "GET /xingrg/kc/pszx/mdps_order_list.html?orderType=0 HTTP/1.1" 200 21089
120.253.135.82 - - [09/Sep/2021:07:52:07 +0800] "GET /xingrg/javascript/print/LodopFuncs.js HTTP/1.1" 304 -
120.253.135.82 - - [09/Sep/2021:07:52:07 +0800] "GET /xingrg/javascript/easyui/themes/icons/import_new.png HTTP/1.1" 304 -
120.253.135.82 - - [09/Sep/2021:07:52:07 +0800] "POST /xingrg/kc/pszx/mdps_list_operate.html HTTP/1.1" 200 5237
120.253.135.82 - - [09/Sep/2021:07:52:15 +0800] "POST /xingrg/kc/pszx/mdps_list_operate.html HTTP/1.1" 200 3495
120.253.135.82 - - [09/Sep/2021:07:52:17 +0800] "POST /xingrg/kc/pszx/mdps_list_operate.html HTTP/1.1" 200 621
120.253.135.82 - - [09/Sep/2021:07:52:18 +0800] "GET /xingrg/kc/pszx/mdps_order_info.html?code=312021090800219 HTTP/1.1" 200 23925
120.253.135.82 - - [09/Sep/2021:07:52:18 +0800] "GET /xingrg/javascript/print/kc_print.js HTTP/1.1" 304 -
120.253.135.82 - - [09/Sep/2021:07:52:18 +0800] "GET /xingrg/javascript/easyui/themes/icons/copy_new.png HTTP/1.1" 304 -
120.253.135.82 - - [09/Sep/2021:07:52:19 +0800] "POST /xingrg/kc/pszx/mdps_order_operate.html HTTP/1.1" 200 16140
120.253.135.82 - - [09/Sep/2021:07:52:19 +0800] "GET /xingrg/javascript/easyui/themes/default/validatebox.css HTTP/1.1" 404 1104
222.70.246.151 - - [09/Sep/2021:07:52:27 +0800] "GET /xingrg/all/function/internal_message.html?_=1631145160589&CODE_STATE=getMsg HTTP/1.1" 200 27
58.37.227.186 - - [09/Sep/2021:07:52:29 +0800] "GET /xingrg/all/function/internal_message.html?_=1631145028167&CODE_STATE=getMsg HTTP/1.1" 200 27
116.238.194.18 - - [09/Sep/2021:07:52:41 +0800] "GET /xingrg/all/function/internal_message.html?_=1631145136248&CODE_STATE=getMsg HTTP/1.1" 200 27
172.20.0.100 - - [09/Sep/2021:07:52:44 +0800] "GET /xingrg/all/function/internal_message.html?_=1631145160991&CODE_STATE=getMsg HTTP/1.1" 200 27
116.238.194.18 - - [09/Sep/2021:07:52:56 +0800] "GET /xingrg/all/function/internal_message.html?_=1631145176342&CODE_STATE=getMsg HTTP/1.1" 200 27
120.253.135.82 - - [09/Sep/2021:07:53:06 +0800] "GET /xingrg/all/function/internal_message.html?_=1631144960492&CODE_STATE=getMsg HTTP/1.1" 200 27
120.253.135.82 - - [09/Sep/2021:07:53:16 +0800] "POST /xingrg/all/common/load_select.html HTTP/1.1" 200 25
120.253.135.82 - - [09/Sep/2021:07:53:18 +0800] "GET /xingrg/kc/pszx/mdps_order_operate.html?command=get_materiel_price&pszx_code=00101&rest_code=00109&base_code=0010246&code=00101019222&unit_code=00100130&order_time=2021-09-09 HTTP/1.1" 200 34
120.253.135.82 - - [09/Sep/2021:07:53:26 +0800] "POST /xingrg/all/common/load_select.html HTTP/1.1" 200 25
222.70.246.151 - - [09/Sep/2021:07:53:27 +0800] "GET /xingrg/all/function/internal_message.html?_=1631145220601&CODE_STATE=getMsg HTTP/1.1" 200 27
120.253.135.82 - - [09/Sep/2021:07:53:28 +0800] "GET /xingrg/kc/pszx/mdps_order_operate.html?command=get_materiel_price&pszx_code=00101&rest_code=00109&base_code=0010246&code=00101019400&unit_code=00100111&order_time=2021-09-09 HTTP/1.1" 200 35
58.37.227.186 - - [09/Sep/2021:07:53:29 +0800] "GET /xingrg/all/function/internal_message.html?_=1631145088166&CODE_STATE=getMsg HTTP/1.1" 200 27
120.253.135.82 - - [09/Sep/2021:07:53:36 +0800] "POST /xingrg/kc/pszx/mdps_order_operate.html HTTP/1.1" 200 37
120.253.135.82 - - [09/Sep/2021:07:53:37 +0800] "GET /xingrg/kc/pszx/mdps_order_info.html?code=312021090800219 HTTP/1.1" 200 23925
120.253.135.82 - - [09/Sep/2021:07:53:37 +0800] "GET /xingrg/javascript/jquery_easy_ui/themes/icons/area.png HTTP/1.1" 304 -
120.253.135.82 - - [09/Sep/2021:07:53:37 +0800] "GET /xingrg/javascript/jquery_easy_ui/themes/icons/manage.png HTTP/1.1" 304 -
120.253.135.82 - - [09/Sep/2021:07:53:38 +0800] "GET /xingrg/javascript/easyui/themes/default/validatebox.css HTTP/1.1" 404 1104
120.253.135.82 - - [09/Sep/2021:07:53:38 +0800] "POST /xingrg/kc/pszx/mdps_order_operate.html HTTP/1.1" 200 16137
116.238.194.18 - - [09/Sep/2021:07:53:41 +0800] "GET /xingrg/all/function/internal_message.html?_=1631145196269&CODE_STATE=getMsg HTTP/1.1" 200 27
172.20.0.100 - - [09/Sep/2021:07:53:44 +0800] "GET /xingrg/all/function/internal_message.html?_=1631145220995&CODE_STATE=getMsg HTTP/1.1" 200 27
120.253.135.82 - - [09/Sep/2021:07:53:47 +0800] "GET /xingrg/kc/pszx/mdps_order_info.html?code=312021090800219 HTTP/1.1" 200 23925
120.253.135.82 - - [09/Sep/2021:07:53:47 +0800] "GET /xingrg/javascript/easyui/themes/default/validatebox.css HTTP/1.1" 404 1104
120.253.135.82 - - [09/Sep/2021:07:53:47 +0800] "POST /xingrg/kc/pszx/mdps_order_operate.html HTTP/1.1" 200 16137
120.253.135.82 - - [09/Sep/2021:07:53:49 +0800] "POST /xingrg/kc/pszx/mdps_list_operate.html HTTP/1.1" 200 3495
116.238.194.18 - - [09/Sep/2021:07:53:56 +0800] "GET /xingrg/all/function/internal_message.html?_=1631145236342&CODE_STATE=getMsg HTTP/1.1" 200 27
116.238.194.18 - - [09/Sep/2021:07:53:56 +0800] "GET /xingrg/check_reg.html?_=1631145236340 HTTP/1.1" 200 22
120.253.135.82 - - [09/Sep/2021:07:54:07 +0800] "GET /xingrg/all/function/internal_message.html?_=1631145020553&CODE_STATE=getMsg HTTP/1.1" 200 27
222.70.246.151 - - [09/Sep/2021:07:54:28 +0800] "GET /xingrg/all/function/internal_message.html?_=1631145281189&CODE_STATE=getMsg HTTP/1.1" 200 27
58.37.227.186 - - [09/Sep/2021:07:54:29 +0800] "GET /xingrg/all/function/internal_message.html?_=1631145148165&CODE_STATE=getMsg HTTP/1.1" 200 27
116.238.194.18 - - [09/Sep/2021:07:54:31 +0800] "GET /xingrg/check_reg.html?_=1631145246483 HTTP/1.1" 200 22
116.238.194.18 - - [09/Sep/2021:07:54:41 +0800] "GET /xingrg/all/function/internal_message.html?_=1631145256276&CODE_STATE=getMsg HTTP/1.1" 200 27
172.20.0.100 - - [09/Sep/2021:07:54:44 +0800] "GET /xingrg/all/function/internal_message.html?_=1631145280997&CODE_STATE=getMsg HTTP/1.1" 200 27
172.20.0.100 - - [09/Sep/2021:07:54:44 +0800] "GET /xingrg/check_reg.html?_=1631145281002 HTTP/1.1" 200 22
116.238.194.18 - - [09/Sep/2021:07:54:56 +0800] "GET /xingrg/all/function/internal_message.html?_=1631145296334&CODE_STATE=getMsg HTTP/1.1" 200 27
120.253.135.82 - - [09/Sep/2021:07:55:07 +0800] "GET /xingrg/all/function/internal_message.html?_=1631145080566&CODE_STATE=getMsg HTTP/1.1" 200 27
222.70.246.151 - - [09/Sep/2021:07:55:28 +0800] "GET /xingrg/all/function/internal_message.html?_=1631145341191&CODE_STATE=getMsg HTTP/1.1" 200 27
58.37.227.186 - - [09/Sep/2021:07:55:29 +0800] "GET /xingrg/all/function/internal_message.html?_=1631145208165&CODE_STATE=getMsg HTTP/1.1" 200 27
58.37.227.186 - - [09/Sep/2021:07:55:29 +0800] "GET /xingrg/check_reg.html?_=1631145208166 HTTP/1.1" 200 22
116.238.194.18 - - [09/Sep/2021:07:55:41 +0800] "GET /xingrg/all/function/internal_message.html?_=1631145316289&CODE_STATE=getMsg HTTP/1.1" 200 27
58.40.7.146 - - [09/Sep/2021:07:55:42 +0800] "GET /xingrg/check_reg.html?_=1631145341932 HTTP/1.1" 302 -
172.20.0.100 - - [09/Sep/2021:07:55:44 +0800] "GET /xingrg/all/function/internal_message.html?_=1631145340989&CODE_STATE=getMsg HTTP/1.1" 200 27
116.238.194.18 - - [09/Sep/2021:07:55:56 +0800] "GET /xingrg/all/function/internal_message.html?_=1631145356349&CODE_STATE=getMsg HTTP/1.1" 200 27
58.40.7.146 - - [09/Sep/2021:07:55:57 +0800] "GET /xingrg/check_reg.html?_=1631145356859 HTTP/1.1" 302 -
120.253.135.82 - - [09/Sep/2021:07:56:06 +0800] "GET /xingrg/check_reg.html?_=1631145140456 HTTP/1.1" 200 22
120.253.135.82 - - [09/Sep/2021:07:56:07 +0800] "GET /xingrg/all/function/internal_message.html?_=1631145140580&CODE_STATE=getMsg HTTP/1.1" 200 27
222.70.246.151 - - [09/Sep/2021:07:56:28 +0800] "GET /xingrg/all/function/internal_message.html?_=1631145401780&CODE_STATE=getMsg HTTP/1.1" 200 27
58.37.227.186 - - [09/Sep/2021:07:56:29 +0800] "GET /xingrg/all/function/internal_message.html?_=1631145268193&CODE_STATE=getMsg HTTP/1.1" 200 27
222.70.246.151 - - [09/Sep/2021:07:56:30 +0800] "GET /xingrg/check_reg.html?_=1631145403158 HTTP/1.1" 200 22
116.238.194.18 - - [09/Sep/2021:07:56:41 +0800] "GET /xingrg/all/function/internal_message.html?_=1631145376310&CODE_STATE=getMsg HTTP/1.1" 200 27
172.20.0.100 - - [09/Sep/2021:07:56:44 +0800] "GET /xingrg/all/function/internal_message.html?_=1631145400994&CODE_STATE=getMsg HTTP/1.1" 200 27
116.238.194.18 - - [09/Sep/2021:07:56:56 +0800] "GET /xingrg/all/function/internal_message.html?_=1631145416348&CODE_STATE=getMsg HTTP/1.1" 200 27
120.253.135.82 - - [09/Sep/2021:07:57:07 +0800] "GET /xingrg/all/function/internal_message.html?_=1631145200592&CODE_STATE=getMsg HTTP/1.1" 200 27
222.70.246.151 - - [09/Sep/2021:07:57:28 +0800] "GET /xingrg/all/function/internal_message.html?_=1631145461794&CODE_STATE=getMsg HTTP/1.1" 200 27
58.37.227.186 - - [09/Sep/2021:07:57:29 +0800] "GET /xingrg/all/function/internal_message.html?_=1631145328191&CODE_STATE=getMsg HTTP/1.1" 200 27
120.253.135.82 - - [09/Sep/2021:07:57:40 +0800] "GET /xingrg/kc/report/report_main.html HTTP/1.1" 200 9370
120.253.135.82 - - [09/Sep/2021:07:57:40 +0800] "GET /xingrg/javascript/jquery_ui/themes/humanity/humanity.css HTTP/1.1" 304 -
116.238.194.18 - - [09/Sep/2021:07:57:41 +0800] "GET /xingrg/all/function/internal_message.html?_=1631145436317&CODE_STATE=getMsg HTTP/1.1" 200 27
120.253.135.82 - - [09/Sep/2021:07:57:42 +0800] "GET /xingrg/kc/base/kc_stocks.html HTTP/1.1" 200 16437
120.253.135.82 - - [09/Sep/2021:07:57:42 +0800] "GET /xingrg/javascript/easyui/themes/sunny/easyui.css HTTP/1.1" 304 -
120.253.135.82 - - [09/Sep/2021:07:57:42 +0800] "GET /xingrg/javascript/easyui/themes/icons/print_new.png HTTP/1.1" 304 -
120.253.135.82 - - [09/Sep/2021:07:57:42 +0800] "GET /xingrg/javascript/easyui/themes/icons/filter_new.png HTTP/1.1" 304 -
120.253.135.82 - - [09/Sep/2021:07:57:42 +0800] "GET /xingrg/javascript/easyui/themes/icons/refresh_new.png HTTP/1.1" 304 -
120.253.135.82 - - [09/Sep/2021:07:57:42 +0800] "GET /xingrg/javascript/easyui/themes/default/tree.css HTTP/1.1" 404 1090
120.253.135.82 - - [09/Sep/2021:07:57:42 +0800] "POST /xingrg/all/common/load_tree.html?tree=materiel_sort_tree_json HTTP/1.1" 200 8792
120.253.135.82 - - [09/Sep/2021:07:57:42 +0800] "GET /xingrg/javascript/easyui/themes/sunny/images/tree_arrows.gif HTTP/1.1" 304 -
120.253.135.82 - - [09/Sep/2021:07:57:42 +0800] "GET /xingrg/javascript/easyui/themes/sunny/images/tree_folder_open.gif HTTP/1.1" 304 -
120.253.135.82 - - [09/Sep/2021:07:57:42 +0800] "GET /xingrg/javascript/easyui/themes/sunny/images/tree_folder.gif HTTP/1.1" 304 -
120.253.135.82 - - [09/Sep/2021:07:57:42 +0800] "GET /xingrg/javascript/easyui/themes/sunny/images/tree_file.gif HTTP/1.1" 304 -
120.253.135.82 - - [09/Sep/2021:07:57:43 +0800] "POST /xingrg/all/common/load_combo.html?type=base HTTP/1.1" 200 1075
172.20.0.100 - - [09/Sep/2021:07:57:44 +0800] "GET /xingrg/all/function/internal_message.html?_=1631145460999&CODE_STATE=getMsg HTTP/1.1" 200 27
120.253.135.82 - - [09/Sep/2021:07:57:52 +0800] "POST /xingrg/kc/base/stock_operate.html HTTP/1.1" 200 1468
120.253.135.82 - - [09/Sep/2021:07:57:52 +0800] "GET /xingrg/javascript/jquery_tools/fix_table.js HTTP/1.1" 304 -
116.238.194.18 - - [09/Sep/2021:07:57:56 +0800] "GET /xingrg/all/function/internal_message.html?_=1631145476347&CODE_STATE=getMsg HTTP/1.1" 200 27
120.253.135.82 - - [09/Sep/2021:07:58:00 +0800] "POST /xingrg/kc/base/stock_operate.html HTTP/1.1" 200 1481
120.253.135.82 - - [09/Sep/2021:07:58:07 +0800] "GET /xingrg/all/function/internal_message.html?_=1631145260607&CODE_STATE=getMsg HTTP/1.1" 200 27
222.70.246.151 - - [09/Sep/2021:07:58:28 +0800] "GET /xingrg/all/function/internal_message.html?_=1631145521809&CODE_STATE=getMsg HTTP/1.1" 200 27
58.37.227.186 - - [09/Sep/2021:07:58:29 +0800] "GET /xingrg/all/function/internal_message.html?_=1631145388191&CODE_STATE=getMsg HTTP/1.1" 200 27
116.238.194.18 - - [09/Sep/2021:07:58:41 +0800] "GET /xingrg/all/function/internal_message.html?_=1631145496336&CODE_STATE=getMsg HTTP/1.1" 200 27
172.20.0.100 - - [09/Sep/2021:07:58:44 +0800] "GET /xingrg/all/function/internal_message.html?_=1631145521002&CODE_STATE=getMsg HTTP/1.1" 200 27
116.238.194.18 - - [09/Sep/2021:07:58:56 +0800] "GET /xingrg/check_reg.html?_=1631145536345 HTTP/1.1" 200 22
116.238.194.18 - - [09/Sep/2021:07:58:56 +0800] "GET /xingrg/all/function/internal_message.html?_=1631145536347&CODE_STATE=getMsg HTTP/1.1" 200 27
120.253.135.82 - - [09/Sep/2021:07:59:07 +0800] "GET /xingrg/all/function/internal_message.html?_=1631145320645&CODE_STATE=getMsg HTTP/1.1" 200 27
58.37.227.186 - - [09/Sep/2021:07:59:29 +0800] "GET /xingrg/all/function/internal_message.html?_=1631145448190&CODE_STATE=getMsg HTTP/1.1" 200 27
222.70.246.151 - - [09/Sep/2021:07:59:29 +0800] "GET /xingrg/all/function/internal_message.html?_=1631145582388&CODE_STATE=getMsg HTTP/1.1" 200 27
116.238.194.18 - - [09/Sep/2021:07:59:31 +0800] "GET /xingrg/check_reg.html?_=1631145546488 HTTP/1.1" 200 22
116.238.194.18 - - [09/Sep/2021:07:59:41 +0800] "GET /xingrg/all/function/internal_message.html?_=1631145556343&CODE_STATE=getMsg HTTP/1.1" 200 27
172.20.0.100 - - [09/Sep/2021:07:59:44 +0800] "GET /xingrg/check_reg.html?_=1631145580992 HTTP/1.1" 200 22
172.20.0.100 - - [09/Sep/2021:07:59:44 +0800] "GET /xingrg/all/function/internal_message.html?_=1631145580994&CODE_STATE=getMsg HTTP/1.1" 200 27
116.238.194.18 - - [09/Sep/2021:07:59:56 +0800] "GET /xingrg/all/function/internal_message.html?_=1631145596347&CODE_STATE=getMsg HTTP/1.1" 200 27
120.253.135.82 - - [09/Sep/2021:08:00:07 +0800] "GET /xingrg/all/function/internal_message.html?_=1631145380650&CODE_STATE=getMsg HTTP/1.1" 200 27
58.37.227.186 - - [09/Sep/2021:08:00:29 +0800] "GET /xingrg/all/function/internal_message.html?_=1631145508188&CODE_STATE=getMsg HTTP/1.1" 200 27
58.37.227.186 - - [09/Sep/2021:08:00:29 +0800] "GET /xingrg/check_reg.html?_=1631145508190 HTTP/1.1" 200 22
222.70.246.151 - - [09/Sep/2021:08:00:29 +0800] "GET /xingrg/all/function/internal_message.html?_=1631145642397&CODE_STATE=getMsg HTTP/1.1" 200 27
116.238.194.18 - - [09/Sep/2021:08:00:41 +0800] "GET /xingrg/all/function/internal_message.html?_=1631145616358&CODE_STATE=getMsg HTTP/1.1" 200 27
58.40.7.146 - - [09/Sep/2021:08:00:42 +0800] "GET /xingrg/check_reg.html?_=1631145641913 HTTP/1.1" 302 -
172.20.0.100 - - [09/Sep/2021:08:00:44 +0800] "GET /xingrg/all/function/internal_message.html?_=1631145640995&CODE_STATE=getMsg HTTP/1.1" 200 27
116.238.194.18 - - [09/Sep/2021:08:00:56 +0800] "GET /xingrg/all/function/internal_message.html?_=1631145656346&CODE_STATE=getMsg HTTP/1.1" 200 27
58.40.7.146 - - [09/Sep/2021:08:00:57 +0800] "GET /xingrg/check_reg.html?_=1631145656839 HTTP/1.1" 302 -
120.253.135.82 - - [09/Sep/2021:08:01:06 +0800] "GET /xingrg/check_reg.html?_=1631145440481 HTTP/1.1" 200 22
120.253.135.82 - - [09/Sep/2021:08:01:07 +0800] "GET /xingrg/all/function/internal_message.html?_=1631145440663&CODE_STATE=getMsg HTTP/1.1" 200 27
124.79.79.51 - - [09/Sep/2021:08:01:24 +0800] "POST /xingrg/services/DataTransmitService HTTP/1.1" 200 524
124.79.79.51 - - [09/Sep/2021:08:01:24 +0800] "POST /xingrg/services/DataTransmitService HTTP/1.1" 200 501
58.37.227.186 - - [09/Sep/2021:08:01:29 +0800] "GET /xingrg/all/function/internal_message.html?_=1631145568189&CODE_STATE=getMsg HTTP/1.1" 200 27
222.70.246.151 - - [09/Sep/2021:08:01:29 +0800] "GET /xingrg/all/function/internal_message.html?_=1631145702978&CODE_STATE=getMsg HTTP/1.1" 200 27
222.70.246.151 - - [09/Sep/2021:08:01:30 +0800] "GET /xingrg/check_reg.html?_=1631145703164 HTTP/1.1" 200 22
116.238.194.18 - - [09/Sep/2021:08:01:41 +0800] "GET /xingrg/all/function/internal_message.html?_=1631145676376&CODE_STATE=getMsg HTTP/1.1" 200 27
172.20.0.100 - - [09/Sep/2021:08:01:44 +0800] "GET /xingrg/all/function/internal_message.html?_=1631145700997&CODE_STATE=getMsg HTTP/1.1" 200 27
116.238.194.18 - - [09/Sep/2021:08:01:56 +0800] "GET /xingrg/all/function/internal_message.html?_=1631145716373&CODE_STATE=getMsg HTTP/1.1" 200 27
120.253.135.82 - - [09/Sep/2021:08:02:07 +0800] "GET /xingrg/all/function/internal_message.html?_=1631145500677&CODE_STATE=getMsg HTTP/1.1" 200 27
117.184.7.30 - - [09/Sep/2021:08:02:12 +0800] "POST /xingrg/services/DataTransmitService HTTP/1.1" 200 524
58.37.227.186 - - [09/Sep/2021:08:02:29 +0800] "GET /xingrg/all/function/internal_message.html?_=1631145628189&CODE_STATE=getMsg HTTP/1.1" 200 27
222.70.246.151 - - [09/Sep/2021:08:02:29 +0800] "GET /xingrg/all/function/internal_message.html?_=1631145762986&CODE_STATE=getMsg HTTP/1.1" 200 27
116.238.194.18 - - [09/Sep/2021:08:02:41 +0800] "GET /xingrg/all/function/internal_message.html?_=1631145736384&CODE_STATE=getMsg HTTP/1.1" 200 27
172.20.0.100 - - [09/Sep/2021:08:02:44 +0800] "GET /xingrg/all/function/internal_message.html?_=1631145760999&CODE_STATE=getMsg HTTP/1.1" 200 27
116.238.194.18 - - [09/Sep/2021:08:02:56 +0800] "GET /xingrg/all/function/internal_message.html?_=1631145776372&CODE_STATE=getMsg HTTP/1.1" 200 27
222.70.246.151 - - [09/Sep/2021:08:02:57 +0800] "GET /xingrg/kc/mdqp/pssh_order_list.html HTTP/1.1" 200 17863
222.70.246.151 - - [09/Sep/2021:08:02:57 +0800] "POST /xingrg/kc/mdqp/pssh_list_operate.html HTTP/1.1" 200 5295
222.70.246.151 - - [09/Sep/2021:08:02:59 +0800] "POST /xingrg/kc/mdqp/pssh_list_operate.html HTTP/1.1" 200 270
222.70.246.151 - - [09/Sep/2021:08:03:01 +0800] "GET /xingrg/kc/mdqp/pssh_order_info.html?code=312021090500123 HTTP/1.1" 200 17272
222.70.246.151 - - [09/Sep/2021:08:03:01 +0800] "GET /xingrg/javascript/pic_change.js HTTP/1.1" 304 -
222.70.246.151 - - [09/Sep/2021:08:03:01 +0800] "GET /xingrg/words/20210908162717_words.js HTTP/1.1" 304 -
222.70.246.151 - - [09/Sep/2021:08:03:01 +0800] "GET /xingrg/javascript/jquery_tools/jquery-1.4.2.min.js HTTP/1.1" 404 1094
222.70.246.151 - - [09/Sep/2021:08:03:01 +0800] "GET /xingrg/javascript/convert.js HTTP/1.1" 304 -
222.70.246.151 - - [09/Sep/2021:08:03:01 +0800] "GET /xingrg/javascript/jquery_tools/order_manager.js HTTP/1.1" 304 -
222.70.246.151 - - [09/Sep/2021:08:03:01 +0800] "GET /xingrg/javascript/json2.js HTTP/1.1" 304 -
222.70.246.151 - - [09/Sep/2021:08:03:01 +0800] "GET /xingrg/javascript/print/kc_print.js HTTP/1.1" 304 -
222.70.246.151 - - [09/Sep/2021:08:03:01 +0800] "GET /xingrg/javascript/easyui/themes/icons/back_new.png HTTP/1.1" 304 -
222.70.246.151 - - [09/Sep/2021:08:03:01 +0800] "POST /xingrg/kc/mdqp/pssh_order_operate.html HTTP/1.1" 200 540
222.70.246.151 - - [09/Sep/2021:08:03:01 +0800] "GET /xingrg/all/common/auto_word.html?type=base&rest_code=00146&rest_code=00146 HTTP/1.1" 200 1753
222.70.246.151 - - [09/Sep/2021:08:03:01 +0800] "GET /xingrg/all/common/auto_word.html?type=employee&rest_code=00146 HTTP/1.1" 200 101
222.70.246.151 - - [09/Sep/2021:08:03:01 +0800] "GET /xingrg/javascript/easyui/themes/default/validatebox.css HTTP/1.1" 404 1104
222.70.246.151 - - [09/Sep/2021:08:03:01 +0800] "GET /xingrg/javascript/easyui/plugins/jquery.validatebox.js HTTP/1.1" 304 -
222.70.246.151 - - [09/Sep/2021:08:03:02 +0800] "GET /xingrg/javascript/easyui/plugins/jquery.numberbox.js HTTP/1.1" 304 -
120.253.135.82 - - [09/Sep/2021:08:03:07 +0800] "GET /xingrg/all/function/internal_message.html?_=1631145560690&CODE_STATE=getMsg HTTP/1.1" 200 27
222.70.246.151 - - [09/Sep/2021:08:03:14 +0800] "POST /xingrg/all/common/load_combo.html?type=employee HTTP/1.1" 200 186
222.70.246.151 - - [09/Sep/2021:08:03:21 +0800] "POST /xingrg/kc/mdqp/pssh_order_operate.html HTTP/1.1" 200 37
222.70.246.151 - - [09/Sep/2021:08:03:22 +0800] "POST /xingrg/kc/mdqp/pssh_order_operate.html HTTP/1.1" 200 12
222.70.246.151 - - [09/Sep/2021:08:03:23 +0800] "GET /xingrg/kc/mdqp/pssh_order_info.html?code=312021090500123 HTTP/1.1" 200 14390
222.70.246.151 - - [09/Sep/2021:08:03:24 +0800] "GET /xingrg/javascript/jquery_tools/jquery-1.4.2.min.js HTTP/1.1" 404 1094
222.70.246.151 - - [09/Sep/2021:08:03:25 +0800] "GET /xingrg/javascript/easyui/themes/icons/uncheck_new.png HTTP/1.1" 304 -
222.70.246.151 - - [09/Sep/2021:08:03:25 +0800] "GET /xingrg/javascript/easyui/themes/default/validatebox.css HTTP/1.1" 404 1104
222.70.246.151 - - [09/Sep/2021:08:03:25 +0800] "POST /xingrg/kc/mdqp/pssh_order_operate.html HTTP/1.1" 200 540
222.70.246.151 - - [09/Sep/2021:08:03:28 +0800] "GET /xingrg/kc/print/load_config.html?kc_code=pssh HTTP/1.1" 200 2290
222.70.246.151 - - [09/Sep/2021:08:03:28 +0800] "GET /xingrg/kc/print/load_data.html?order_code=312021090500123&kc_code=pssh&condition= HTTP/1.1" 200 670
58.37.227.186 - - [09/Sep/2021:08:03:29 +0800] "GET /xingrg/all/function/internal_message.html?_=1631145688187&CODE_STATE=getMsg HTTP/1.1" 200 27
222.70.246.151 - - [09/Sep/2021:08:03:30 +0800] "GET /xingrg/all/function/internal_message.html?_=1631145823741&CODE_STATE=getMsg HTTP/1.1" 200 27
116.238.194.18 - - [09/Sep/2021:08:03:41 +0800] "GET /xingrg/all/function/internal_message.html?_=1631145796403&CODE_STATE=getMsg HTTP/1.1" 200 27
172.20.0.100 - - [09/Sep/2021:08:03:44 +0800] "GET /xingrg/all/function/internal_message.html?_=1631145821002&CODE_STATE=getMsg HTTP/1.1" 200 27
222.70.246.151 - - [09/Sep/2021:08:03:48 +0800] "POST /xingrg/kc/mdqp/pssh_list_operate.html HTTP/1.1" 200 266
222.70.246.151 - - [09/Sep/2021:08:03:48 +0800] "GET /xingrg/javascript/jquery_tools/jquery-1.4.2.min.js HTTP/1.1" 404 1094
222.70.246.151 - - [09/Sep/2021:08:03:48 +0800] "GET /xingrg/kc/mdqp/pssh_order_info.html?code=312021090600182 HTTP/1.1" 200 17272
222.70.246.151 - - [09/Sep/2021:08:03:49 +0800] "POST /xingrg/kc/mdqp/pssh_order_operate.html HTTP/1.1" 200 536
222.70.246.151 - - [09/Sep/2021:08:03:49 +0800] "GET /xingrg/javascript/easyui/themes/default/validatebox.css HTTP/1.1" 404 1104
116.238.194.18 - - [09/Sep/2021:08:03:56 +0800] "GET /xingrg/check_reg.html?_=1631145836373 HTTP/1.1" 200 22
116.238.194.18 - - [09/Sep/2021:08:03:56 +0800] "GET /xingrg/all/function/internal_message.html?_=1631145836375&CODE_STATE=getMsg HTTP/1.1" 200 27
222.70.246.151 - - [09/Sep/2021:08:04:01 +0800] "POST /xingrg/all/common/load_combo.html?type=employee HTTP/1.1" 200 186
120.253.135.82 - - [09/Sep/2021:08:04:07 +0800] "GET /xingrg/all/function/internal_message.html?_=1631145620723&CODE_STATE=getMsg HTTP/1.1" 200 27
222.70.246.151 - - [09/Sep/2021:08:04:08 +0800] "POST /xingrg/kc/mdqp/pssh_order_operate.html HTTP/1.1" 200 37
222.70.246.151 - - [09/Sep/2021:08:04:09 +0800] "POST /xingrg/kc/mdqp/pssh_order_operate.html HTTP/1.1" 200 12
222.70.246.151 - - [09/Sep/2021:08:04:10 +0800] "GET /xingrg/kc/mdqp/pssh_order_info.html?code=312021090600182 HTTP/1.1" 200 14390
222.70.246.151 - - [09/Sep/2021:08:04:10 +0800] "GET /xingrg/javascript/jquery_tools/jquery-1.4.2.min.js HTTP/1.1" 404 1094
222.70.246.151 - - [09/Sep/2021:08:04:12 +0800] "GET /xingrg/javascript/easyui/themes/default/validatebox.css HTTP/1.1" 404 1104
222.70.246.151 - - [09/Sep/2021:08:04:12 +0800] "POST /xingrg/kc/mdqp/pssh_order_operate.html HTTP/1.1" 200 536
222.70.246.151 - - [09/Sep/2021:08:04:15 +0800] "GET /xingrg/kc/print/load_data.html?order_code=312021090600182&kc_code=pssh&condition= HTTP/1.1" 200 665
222.70.246.151 - - [09/Sep/2021:08:04:26 +0800] "POST /xingrg/kc/mdqp/pssh_list_operate.html HTTP/1.1" 200 1574
222.70.246.151 - - [09/Sep/2021:08:04:28 +0800] "GET /xingrg/kc/mdqp/pssh_order_list.html HTTP/1.1" 200 17863
222.70.246.151 - - [09/Sep/2021:08:04:29 +0800] "POST /xingrg/kc/mdqp/pssh_list_operate.html HTTP/1.1" 200 5363
58.37.227.186 - - [09/Sep/2021:08:04:29 +0800] "GET /xingrg/all/function/internal_message.html?_=1631145748186&CODE_STATE=getMsg HTTP/1.1" 200 27
222.70.246.151 - - [09/Sep/2021:08:04:31 +0800] "POST /xingrg/kc/mdqp/pssh_list_operate.html HTTP/1.1" 200 759
222.70.246.151 - - [09/Sep/2021:08:04:31 +0800] "GET /xingrg/all/function/internal_message.html?_=1631145884594&CODE_STATE=getMsg HTTP/1.1" 200 27
116.238.194.18 - - [09/Sep/2021:08:04:31 +0800] "GET /xingrg/check_reg.html?_=1631145846492 HTTP/1.1" 200 22
222.70.246.151 - - [09/Sep/2021:08:04:33 +0800] "GET /xingrg/kc/mdqp/pssh_order_info.html?code=312021090600164 HTTP/1.1" 200 17303
222.70.246.151 - - [09/Sep/2021:08:04:33 +0800] "GET /xingrg/javascript/jquery_tools/jquery-1.4.2.min.js HTTP/1.1" 404 1094
222.70.246.151 - - [09/Sep/2021:08:04:33 +0800] "POST /xingrg/kc/mdqp/pssh_order_operate.html HTTP/1.1" 200 18164
222.70.246.151 - - [09/Sep/2021:08:04:33 +0800] "GET /xingrg/javascript/easyui/themes/default/validatebox.css HTTP/1.1" 404 1104
116.238.194.18 - - [09/Sep/2021:08:04:41 +0800] "GET /xingrg/all/function/internal_message.html?_=1631145856412&CODE_STATE=getMsg HTTP/1.1" 200 27
172.20.0.100 - - [09/Sep/2021:08:04:44 +0800] "GET /xingrg/check_reg.html?_=1631145881005 HTTP/1.1" 200 22
172.20.0.100 - - [09/Sep/2021:08:04:44 +0800] "GET /xingrg/all/function/internal_message.html?_=1631145881007&CODE_STATE=getMsg HTTP/1.1" 200 27
222.70.246.151 - - [09/Sep/2021:08:04:48 +0800] "POST /xingrg/all/common/load_combo.html?type=employee HTTP/1.1" 200 186
222.70.246.151 - - [09/Sep/2021:08:04:54 +0800] "POST /xingrg/kc/mdqp/pssh_order_operate.html HTTP/1.1" 200 37
222.70.246.151 - - [09/Sep/2021:08:04:56 +0800] "POST /xingrg/kc/mdqp/pssh_order_operate.html HTTP/1.1" 200 12
116.238.194.18 - - [09/Sep/2021:08:04:56 +0800] "GET /xingrg/all/function/internal_message.html?_=1631145896358&CODE_STATE=getMsg HTTP/1.1" 200 27
222.70.246.151 - - [09/Sep/2021:08:04:57 +0800] "GET /xingrg/kc/mdqp/pssh_order_info.html?code=312021090600164 HTTP/1.1" 200 14392
222.70.246.151 - - [09/Sep/2021:08:04:57 +0800] "GET /xingrg/javascript/jquery_tools/jquery-1.4.2.min.js HTTP/1.1" 404 1094
222.70.246.151 - - [09/Sep/2021:08:04:58 +0800] "GET /xingrg/javascript/easyui/themes/default/validatebox.css HTTP/1.1" 404 1104
222.70.246.151 - - [09/Sep/2021:08:04:58 +0800] "POST /xingrg/kc/mdqp/pssh_order_operate.html HTTP/1.1" 200 18164
222.70.246.151 - - [09/Sep/2021:08:05:01 +0800] "GET /xingrg/kc/print/load_data.html?order_code=312021090600164&kc_code=pssh&condition= HTTP/1.1" 200 6888
120.253.135.82 - - [09/Sep/2021:08:05:07 +0800] "GET /xingrg/all/function/internal_message.html?_=1631145680796&CODE_STATE=getMsg HTTP/1.1" 200 27
222.70.246.151 - - [09/Sep/2021:08:05:16 +0800] "POST /xingrg/kc/mdqp/pssh_list_operate.html HTTP/1.1" 200 554
222.70.246.151 - - [09/Sep/2021:08:05:17 +0800] "GET /xingrg/kc/mdqp/pssh_order_info.html?code=312021090600172 HTTP/1.1" 200 17303
222.70.246.151 - - [09/Sep/2021:08:05:17 +0800] "GET /xingrg/javascript/jquery_tools/jquery-1.4.2.min.js HTTP/1.1" 404 1094
222.70.246.151 - - [09/Sep/2021:08:05:18 +0800] "POST /xingrg/kc/mdqp/pssh_order_operate.html HTTP/1.1" 200 2083
222.70.246.151 - - [09/Sep/2021:08:05:18 +0800] "GET /xingrg/javascript/easyui/themes/default/validatebox.css HTTP/1.1" 404 1104
222.70.246.151 - - [09/Sep/2021:08:05:27 +0800] "POST /xingrg/all/common/load_combo.html?type=employee HTTP/1.1" 200 186
58.37.227.186 - - [09/Sep/2021:08:05:29 +0800] "GET /xingrg/all/function/internal_message.html?_=1631145808201&CODE_STATE=getMsg HTTP/1.1" 200 27
58.37.227.186 - - [09/Sep/2021:08:05:29 +0800] "GET /xingrg/check_reg.html?_=1631145808228 HTTP/1.1" 200 22
222.70.246.151 - - [09/Sep/2021:08:05:33 +0800] "POST /xingrg/kc/mdqp/pssh_order_operate.html HTTP/1.1" 200 37
222.70.246.151 - - [09/Sep/2021:08:05:33 +0800] "POST /xingrg/kc/mdqp/pssh_order_operate.html HTTP/1.1" 200 12
222.70.246.151 - - [09/Sep/2021:08:05:35 +0800] "GET /xingrg/kc/mdqp/pssh_order_info.html?code=312021090600172 HTTP/1.1" 200 14392
222.70.246.151 - - [09/Sep/2021:08:05:35 +0800] "GET /xingrg/javascript/jquery_tools/jquery-1.4.2.min.js HTTP/1.1" 404 1094
222.70.246.151 - - [09/Sep/2021:08:05:36 +0800] "POST /xingrg/kc/mdqp/pssh_order_operate.html HTTP/1.1" 200 2083
222.70.246.151 - - [09/Sep/2021:08:05:36 +0800] "GET /xingrg/all/function/internal_message.html?_=1631145949425&CODE_STATE=getMsg HTTP/1.1" 200 27
222.70.246.151 - - [09/Sep/2021:08:05:36 +0800] "GET /xingrg/javascript/easyui/themes/default/validatebox.css HTTP/1.1" 404 1104
222.70.246.151 - - [09/Sep/2021:08:05:40 +0800] "GET /xingrg/kc/print/load_data.html?order_code=312021090600172&kc_code=pssh&condition= HTTP/1.1" 200 1187
116.238.194.18 - - [09/Sep/2021:08:05:41 +0800] "GET /xingrg/all/function/internal_message.html?_=1631145916425&CODE_STATE=getMsg HTTP/1.1" 200 27
58.40.7.146 - - [09/Sep/2021:08:05:42 +0800] "GET /xingrg/check_reg.html?_=1631145941888 HTTP/1.1" 302 -
172.20.0.100 - - [09/Sep/2021:08:05:44 +0800] "GET /xingrg/all/function/internal_message.html?_=1631145940991&CODE_STATE=getMsg HTTP/1.1" 200 27
222.70.246.151 - - [09/Sep/2021:08:05:47 +0800] "POST /xingrg/kc/mdqp/pssh_list_operate.html HTTP/1.1" 200 1574
222.70.246.151 - - [09/Sep/2021:08:05:49 +0800] "GET /xingrg/kc/mdqp/pssh_order_list.html HTTP/1.1" 200 17863
222.70.246.151 - - [09/Sep/2021:08:05:50 +0800] "POST /xingrg/kc/mdqp/pssh_list_operate.html HTTP/1.1" 200 5413
222.70.246.151 - - [09/Sep/2021:08:05:52 +0800] "POST /xingrg/kc/mdqp/pssh_list_operate.html HTTP/1.1" 200 758
222.70.246.151 - - [09/Sep/2021:08:05:55 +0800] "GET /xingrg/kc/mdqp/pssh_order_info.html?code=312021090600163 HTTP/1.1" 200 17303
222.70.246.151 - - [09/Sep/2021:08:05:55 +0800] "GET /xingrg/javascript/jquery_tools/jquery-1.4.2.min.js HTTP/1.1" 404 1094
222.70.246.151 - - [09/Sep/2021:08:05:55 +0800] "POST /xingrg/kc/mdqp/pssh_order_operate.html HTTP/1.1" 200 3134
222.70.246.151 - - [09/Sep/2021:08:05:55 +0800] "GET /xingrg/javascript/easyui/themes/default/validatebox.css HTTP/1.1" 404 1104
116.238.194.18 - - [09/Sep/2021:08:05:56 +0800] "GET /xingrg/all/function/internal_message.html?_=1631145956376&CODE_STATE=getMsg HTTP/1.1" 200 27
58.40.7.146 - - [09/Sep/2021:08:05:57 +0800] "GET /xingrg/check_reg.html?_=1631145956814 HTTP/1.1" 302 -
222.70.246.151 - - [09/Sep/2021:08:05:59 +0800] "POST /xingrg/all/common/load_combo.html?type=employee HTTP/1.1" 200 186
120.253.135.82 - - [09/Sep/2021:08:06:07 +0800] "GET /xingrg/check_reg.html?_=1631145740507 HTTP/1.1" 200 22
120.253.135.82 - - [09/Sep/2021:08:06:07 +0800] "GET /xingrg/all/function/internal_message.html?_=1631145740808&CODE_STATE=getMsg HTTP/1.1" 200 27
222.70.246.151 - - [09/Sep/2021:08:06:20 +0800] "POST /xingrg/kc/mdqp/pssh_order_operate.html HTTP/1.1" 200 37
222.70.246.151 - - [09/Sep/2021:08:06:21 +0800] "POST /xingrg/kc/mdqp/pssh_order_operate.html HTTP/1.1" 200 12
222.70.246.151 - - [09/Sep/2021:08:06:22 +0800] "GET /xingrg/kc/mdqp/pssh_order_info.html?code=312021090600163 HTTP/1.1" 200 14392
222.70.246.151 - - [09/Sep/2021:08:06:22 +0800] "GET /xingrg/javascript/jquery_tools/jquery-1.4.2.min.js HTTP/1.1" 404 1094
222.70.246.151 - - [09/Sep/2021:08:06:23 +0800] "POST /xingrg/kc/mdqp/pssh_order_operate.html HTTP/1.1" 200 3134
222.70.246.151 - - [09/Sep/2021:08:06:23 +0800] "GET /xingrg/javascript/easyui/themes/default/validatebox.css HTTP/1.1" 404 1104
222.70.246.151 - - [09/Sep/2021:08:06:26 +0800] "GET /xingrg/kc/print/load_data.html?order_code=312021090600163&kc_code=pssh&condition= HTTP/1.1" 200 1541
58.37.227.186 - - [09/Sep/2021:08:06:29 +0800] "GET /xingrg/all/function/internal_message.html?_=1631145868211&CODE_STATE=getMsg HTTP/1.1" 200 27
222.70.246.151 - - [09/Sep/2021:08:06:30 +0800] "GET /xingrg/check_reg.html?_=1631146003165 HTTP/1.1" 200 22
222.70.246.151 - - [09/Sep/2021:08:06:36 +0800] "GET /xingrg/all/function/internal_message.html?_=1631146009436&CODE_STATE=getMsg HTTP/1.1" 200 27
116.238.194.18 - - [09/Sep/2021:08:06:41 +0800] "GET /xingrg/all/function/internal_message.html?_=1631145976443&CODE_STATE=getMsg HTTP/1.1" 200 27
172.20.0.100 - - [09/Sep/2021:08:06:44 +0800] "GET /xingrg/all/function/internal_message.html?_=1631146000994&CODE_STATE=getMsg HTTP/1.1" 200 27
116.238.194.18 - - [09/Sep/2021:08:06:56 +0800] "GET /xingrg/all/function/internal_message.html?_=1631146016378&CODE_STATE=getMsg HTTP/1.1" 200 27
120.253.135.82 - - [09/Sep/2021:08:07:07 +0800] "GET /xingrg/all/function/internal_message.html?_=1631145800823&CODE_STATE=getMsg HTTP/1.1" 200 27
58.37.227.186 - - [09/Sep/2021:08:07:29 +0800] "GET /xingrg/all/function/internal_message.html?_=1631145928210&CODE_STATE=getMsg HTTP/1.1" 200 27
