120.253.135.82 - - [09/Sep/2021:10:21:17 +0800] "GET /xingrg/javascript/easyui/themes/default/validatebox.css HTTP/1.1" 404 1104
120.253.135.82 - - [09/Sep/2021:10:21:17 +0800] "POST /xingrg/kc/pszx/mdps_order_operate.html HTTP/1.1" 200 2288
180.169.147.146 - - [09/Sep/2021:10:21:18 +0800] "GET /xingrg/all/function/internal_message.html?_=1631154067568&CODE_STATE=getMsg HTTP/1.1" 200 27
120.253.135.82 - - [09/Sep/2021:10:21:20 +0800] "POST /xingrg/kc/pszx/mdps_list_operate.html HTTP/1.1" 200 2063
101.83.145.79 - - [09/Sep/2021:10:21:22 +0800] "GET /xingrg/all/function/internal_message.html?_=1631154031142&CODE_STATE=getMsg HTTP/1.1" 200 27
101.83.145.79 - - [09/Sep/2021:10:21:26 +0800] "GET /xingrg/kc/buy/cgsh_order_operate.html?command=get_materiel&rest_code=00105&code=00101008141&supplier_code=00100203&order_time=2021-09-09 HTTP/1.1" 200 412
116.237.74.154 - - [09/Sep/2021:10:21:27 +0800] "GET /xingrg/kc/buy/cgsh_order_operate.html?command=get_materiel&rest_code=00106&code=00101011005&supplier_code=00100050&order_time=2021-09-09 HTTP/1.1" 200 428
222.70.246.151 - - [09/Sep/2021:10:21:31 +0800] "GET /xingrg/check_reg.html?_=1631154104412 HTTP/1.1" 200 22
124.79.246.142 - - [09/Sep/2021:10:21:32 +0800] "GET /xingrg/check_reg.html?_=1631154549592 HTTP/1.1" 302 -
124.79.246.142 - - [09/Sep/2021:10:21:32 +0800] "GET /xingrg/login.html HTTP/1.1" 200 7641
116.237.74.154 - - [09/Sep/2021:10:21:37 +0800] "GET /xingrg/kc/buy/cgsh_order_operate.html?command=get_materiel&rest_code=00106&code=00101011010&supplier_code=00100050&order_time=2021-09-09 HTTP/1.1" 200 418
116.238.194.18 - - [09/Sep/2021:10:21:39 +0800] "GET /xingrg/all/function/internal_message.html?_=1631154074466&CODE_STATE=getMsg HTTP/1.1" 200 27
180.169.147.146 - - [09/Sep/2021:10:21:40 +0800] "GET /xingrg/all/function/internal_message.html?_=1631154129830&CODE_STATE=getMsg HTTP/1.1" 200 27
180.169.147.146 - - [09/Sep/2021:10:21:40 +0800] "GET /xingrg/check_reg.html?_=1631154129839 HTTP/1.1" 200 22
116.238.168.124 - - [09/Sep/2021:10:21:42 +0800] "GET /xingrg/all/function/internal_message.html?_=1631154081219&CODE_STATE=getMsg HTTP/1.1" 200 27
116.237.74.154 - - [09/Sep/2021:10:21:43 +0800] "GET /xingrg/kc/buy/cgsh_order_operate.html?command=get_materiel&rest_code=00106&code=00101011001&supplier_code=00100050&order_time=2021-09-09 HTTP/1.1" 200 423
180.169.147.146 - - [09/Sep/2021:10:21:44 +0800] "GET /xingrg/all/function/internal_message.html?_=1631154104917&CODE_STATE=getMsg HTTP/1.1" 200 27
172.20.0.100 - - [09/Sep/2021:10:21:44 +0800] "GET /xingrg/all/function/internal_message.html?_=1631154103809&CODE_STATE=getMsg HTTP/1.1" 200 27
116.238.194.18 - - [09/Sep/2021:10:21:45 +0800] "GET /xingrg/all/function/internal_message.html?_=1631154104508&CODE_STATE=getMsg HTTP/1.1" 200 27
61.151.179.84 - - [09/Sep/2021:10:21:47 +0800] "GET /xingrg/kc/print/load_data.html?order_code=212021090903593&kc_code=cgsh&condition= HTTP/1.1" 302 -
116.233.77.86 - - [09/Sep/2021:10:21:47 +0800] "GET /xingrg/all/function/internal_message.html?_=1631154107570&CODE_STATE=getMsg HTTP/1.1" 200 27
61.151.179.84 - - [09/Sep/2021:10:21:48 +0800] "GET /xingrg/login.html HTTP/1.1" 200 7641
58.37.227.186 - - [09/Sep/2021:10:21:49 +0800] "POST /xingrg/services/DataTransmitService HTTP/1.1" 200 524
101.83.145.79 - - [09/Sep/2021:10:21:51 +0800] "GET /xingrg/kc/buy/cgsh_order_operate.html?command=get_materiel&rest_code=00105&code=00101008087&supplier_code=00100203&order_time=2021-09-09 HTTP/1.1" 200 412
61.151.178.249 - - [09/Sep/2021:10:21:52 +0800] "GET /xingrg/kc/print/load_data.html?order_code=212021090903593&kc_code=cgsh HTTP/1.1" 302 -
58.37.227.186 - - [09/Sep/2021:10:21:53 +0800] "POST /xingrg/services/DataTransmitService HTTP/1.1" 200 501
61.151.178.249 - - [09/Sep/2021:10:21:55 +0800] "GET /xingrg/login.html HTTP/1.1" 200 7641
101.83.145.79 - - [09/Sep/2021:10:21:57 +0800] "POST /xingrg/kc/buy/cgsh_order_operate.html HTTP/1.1" 200 2065
116.230.105.26 - - [09/Sep/2021:10:21:59 +0800] "GET /xingrg/all/function/internal_message.html?_=1631154059009&CODE_STATE=getMsg HTTP/1.1" 200 27
120.253.135.82 - - [09/Sep/2021:10:22:01 +0800] "GET /xingrg/all/function/internal_message.html?_=1631153894905&CODE_STATE=getMsg HTTP/1.1" 200 27
222.70.179.190 - - [09/Sep/2021:10:22:03 +0800] "GET /xingrg/all/function/internal_message.html?_=1631154119676&CODE_STATE=getMsg HTTP/1.1" 200 27
116.237.74.154 - - [09/Sep/2021:10:22:03 +0800] "POST /xingrg/kc/buy/cgsh_order_operate.html HTTP/1.1" 200 37
61.151.207.158 - - [09/Sep/2021:10:22:05 +0800] "GET /xingrg/all/function/internal_message.html?_=1631154060849&CODE_STATE=getMsg HTTP/1.1" 302 -
116.237.74.154 - - [09/Sep/2021:10:22:05 +0800] "GET /xingrg/all/function/internal_message.html?_=1631154120827&CODE_STATE=getMsg HTTP/1.1" 200 27
61.151.207.158 - - [09/Sep/2021:10:22:05 +0800] "GET /xingrg/login.html HTTP/1.1" 200 7641
222.70.246.151 - - [09/Sep/2021:10:22:05 +0800] "GET /xingrg/all/function/internal_message.html?_=1631154139350&CODE_STATE=getMsg HTTP/1.1" 200 27
116.238.168.124 - - [09/Sep/2021:10:22:06 +0800] "POST /xingrg/kc/buy/cgsh_order_operate.html HTTP/1.1" 200 37
116.237.74.154 - - [09/Sep/2021:10:22:06 +0800] "POST /xingrg/kc/buy/cgsh_order_operate.html HTTP/1.1" 200 4460
222.69.133.238 - - [09/Sep/2021:10:22:07 +0800] "GET /xingrg/all/function/internal_message.html?_=1631154125547&CODE_STATE=getMsg HTTP/1.1" 200 27
116.237.74.154 - - [09/Sep/2021:10:22:11 +0800] "GET /xingrg/kc/buy/cgsh_order_add.html HTTP/1.1" 200 63432
116.237.74.154 - - [09/Sep/2021:10:22:11 +0800] "GET /xingrg/javascript/easyui/themes/default/validatebox.css HTTP/1.1" 404 1104
116.237.74.154 - - [09/Sep/2021:10:22:11 +0800] "POST /xingrg/kc/buy/cgsh_order_operate.html HTTP/1.1" 200 8245
116.238.168.124 - - [09/Sep/2021:10:22:12 +0800] "GET /xingrg/check_reg.html?_=1631154111149 HTTP/1.1" 200 22
116.238.168.124 - - [09/Sep/2021:10:22:13 +0800] "POST /xingrg/kc/buy/cgsh_order_operate.html HTTP/1.1" 200 12
180.169.147.146 - - [09/Sep/2021:10:22:14 +0800] "GET /xingrg/all/function/internal_message.html?_=1631154138592&CODE_STATE=getMsg HTTP/1.1" 200 27
116.238.168.124 - - [09/Sep/2021:10:22:14 +0800] "GET /xingrg/kc/buy/cgsh_order_info.html?code=212021090903595 HTTP/1.1" 200 58290
116.238.168.124 - - [09/Sep/2021:10:22:16 +0800] "GET /xingrg/javascript/easyui/themes/default/validatebox.css HTTP/1.1" 404 1104
116.238.168.124 - - [09/Sep/2021:10:22:16 +0800] "POST /xingrg/kc/buy/cgsh_order_operate.html HTTP/1.1" 200 622
116.238.168.124 - - [09/Sep/2021:10:22:18 +0800] "GET /xingrg/kc/print/load_data.html?order_code=212021090903595&kc_code=cgsh&condition= HTTP/1.1" 200 700
180.169.147.146 - - [09/Sep/2021:10:22:18 +0800] "GET /xingrg/all/function/internal_message.html?_=1631154127566&CODE_STATE=getMsg HTTP/1.1" 200 27
101.83.145.79 - - [09/Sep/2021:10:22:22 +0800] "GET /xingrg/all/function/internal_message.html?_=1631154091134&CODE_STATE=getMsg HTTP/1.1" 200 27
116.238.168.124 - - [09/Sep/2021:10:22:34 +0800] "POST /xingrg/kc/buy/cgsh_list_operate.html HTTP/1.1" 200 5728
61.151.178.166 - - [09/Sep/2021:10:22:35 +0800] "GET /xingrg/kc/buy/cgsh_order_operate.html?command=get_materiel&rest_code=00106&code=00101011010&supplier_code=00100050&order_time=2021-09-09 HTTP/1.1" 302 -
61.151.178.166 - - [09/Sep/2021:10:22:35 +0800] "GET /xingrg/login.html HTTP/1.1" 200 7641
116.238.194.18 - - [09/Sep/2021:10:22:39 +0800] "GET /xingrg/all/function/internal_message.html?_=1631154134486&CODE_STATE=getMsg HTTP/1.1" 200 27
180.169.147.146 - - [09/Sep/2021:10:22:40 +0800] "GET /xingrg/all/function/internal_message.html?_=1631154189838&CODE_STATE=getMsg HTTP/1.1" 200 27
101.89.239.245 - - [09/Sep/2021:10:22:41 +0800] "GET /xingrg/kc/buy/cgsh_order_operate.html?command=get_materiel&rest_code=00106&code=00101011001&supplier_code=00100050&order_time=2021-09-09 HTTP/1.1" 302 -
116.238.168.124 - - [09/Sep/2021:10:22:42 +0800] "GET /xingrg/all/function/internal_message.html?_=1631154141234&CODE_STATE=getMsg HTTP/1.1" 200 27
101.89.239.245 - - [09/Sep/2021:10:22:43 +0800] "GET /xingrg/login.html HTTP/1.1" 200 7641
180.169.147.146 - - [09/Sep/2021:10:22:44 +0800] "GET /xingrg/all/function/internal_message.html?_=1631154164906&CODE_STATE=getMsg HTTP/1.1" 200 27
172.20.0.100 - - [09/Sep/2021:10:22:44 +0800] "GET /xingrg/all/function/internal_message.html?_=1631154163812&CODE_STATE=getMsg HTTP/1.1" 200 27
116.238.194.18 - - [09/Sep/2021:10:22:45 +0800] "GET /xingrg/all/function/internal_message.html?_=1631154164507&CODE_STATE=getMsg HTTP/1.1" 200 27
58.221.95.50 - - [09/Sep/2021:10:22:45 +0800] "GET /xingrg/check_reg.html?_=1631154165199 HTTP/1.1" 302 -
116.233.77.86 - - [09/Sep/2021:10:22:47 +0800] "GET /xingrg/all/function/internal_message.html?_=1631154167569&CODE_STATE=getMsg HTTP/1.1" 200 27
116.230.105.26 - - [09/Sep/2021:10:22:59 +0800] "GET /xingrg/check_reg.html?_=1631154119012 HTTP/1.1" 200 22
116.230.105.26 - - [09/Sep/2021:10:22:59 +0800] "GET /xingrg/all/function/internal_message.html?_=1631154119013&CODE_STATE=getMsg HTTP/1.1" 200 27
120.253.135.82 - - [09/Sep/2021:10:23:01 +0800] "GET /xingrg/all/function/internal_message.html?_=1631153954917&CODE_STATE=getMsg HTTP/1.1" 200 27
222.69.133.238 - - [09/Sep/2021:10:23:02 +0800] "GET /xingrg/kc/base/wldb_order_list.html HTTP/1.1" 200 19230
222.69.133.238 - - [09/Sep/2021:10:23:02 +0800] "POST /xingrg/kc/base/wldb_list_operate.html HTTP/1.1" 200 928
222.70.179.190 - - [09/Sep/2021:10:23:03 +0800] "GET /xingrg/all/function/internal_message.html?_=1631154179682&CODE_STATE=getMsg HTTP/1.1" 200 27
222.70.179.190 - - [09/Sep/2021:10:23:03 +0800] "GET /xingrg/check_reg.html?_=1631154179678 HTTP/1.1" 200 22
222.69.133.238 - - [09/Sep/2021:10:23:04 +0800] "GET /xingrg/kc/base/wldb_order_add.html HTTP/1.1" 200 30444
222.69.133.238 - - [09/Sep/2021:10:23:04 +0800] "POST /xingrg/kc/base/wldb_order_operate.html HTTP/1.1" 200 6806
222.69.133.238 - - [09/Sep/2021:10:23:04 +0800] "GET /xingrg/all/common/auto_word.html?type=base&rest_code=00149 HTTP/1.1" 200 1811
222.69.133.238 - - [09/Sep/2021:10:23:04 +0800] "GET /xingrg/all/common/auto_word.html?type=base&rest_code=00149 HTTP/1.1" 200 1811
222.69.133.238 - - [09/Sep/2021:10:23:04 +0800] "GET /xingrg/javascript/easyui/themes/default/validatebox.css HTTP/1.1" 404 1104
116.237.74.154 - - [09/Sep/2021:10:23:05 +0800] "GET /xingrg/all/function/internal_message.html?_=1631154180802&CODE_STATE=getMsg HTTP/1.1" 200 27
61.151.207.158 - - [09/Sep/2021:10:23:05 +0800] "GET /xingrg/all/function/internal_message.html?_=1631154120827&CODE_STATE=getMsg HTTP/1.1" 302 -
116.237.74.154 - - [09/Sep/2021:10:23:05 +0800] "GET /xingrg/javascript/easyui/themes/default/tree.css HTTP/1.1" 404 1090
116.237.74.154 - - [09/Sep/2021:10:23:05 +0800] "POST /xingrg/all/common/load_tree.html?tree=supplier_tree_json&isDelete=1 HTTP/1.1" 200 57687
222.70.246.151 - - [09/Sep/2021:10:23:05 +0800] "GET /xingrg/all/function/internal_message.html?_=1631154199364&CODE_STATE=getMsg HTTP/1.1" 200 27
222.69.133.238 - - [09/Sep/2021:10:23:07 +0800] "GET /xingrg/all/function/internal_message.html?_=1631154185539&CODE_STATE=getMsg HTTP/1.1" 200 27
61.151.207.158 - - [09/Sep/2021:10:23:07 +0800] "GET /xingrg/login.html HTTP/1.1" 200 7641
180.169.147.146 - - [09/Sep/2021:10:23:14 +0800] "GET /xingrg/all/function/internal_message.html?_=1631154198592&CODE_STATE=getMsg HTTP/1.1" 200 27
101.83.145.79 - - [09/Sep/2021:10:23:17 +0800] "GET /xingrg/kc/buy/cgsh_order_operate.html?command=get_materiel&rest_code=00105&code=00101008148&supplier_code=00100203&order_time=2021-09-09 HTTP/1.1" 200 416
222.69.133.238 - - [09/Sep/2021:10:23:18 +0800] "GET /xingrg/kc/base/wldb_order_operate.html?command=get_materiel&rest_code=00149&base_code=0010398&code=00101036002 HTTP/1.1" 200 440
180.169.147.146 - - [09/Sep/2021:10:23:18 +0800] "GET /xingrg/all/function/internal_message.html?_=1631154187566&CODE_STATE=getMsg HTTP/1.1" 200 27
180.169.147.146 - - [09/Sep/2021:10:23:18 +0800] "GET /xingrg/check_reg.html?_=1631154187567 HTTP/1.1" 200 22
101.83.145.79 - - [09/Sep/2021:10:23:22 +0800] "GET /xingrg/all/function/internal_message.html?_=1631154151093&CODE_STATE=getMsg HTTP/1.1" 200 27
116.237.74.154 - - [09/Sep/2021:10:23:24 +0800] "GET /xingrg/kc/buy/cgsh_order_operate.html?command=get_materiel&rest_code=00106&code=00101008256&supplier_code=00100007&order_time=2021-09-09 HTTP/1.1" 200 412
120.253.135.82 - - [09/Sep/2021:10:23:27 +0800] "GET /xingrg/check_reg.html?_=1631153980953 HTTP/1.1" 200 22
222.69.133.238 - - [09/Sep/2021:10:23:32 +0800] "POST /xingrg/kc/base/wldb_order_operate.html HTTP/1.1" 200 37
222.69.133.238 - - [09/Sep/2021:10:23:32 +0800] "POST /xingrg/kc/base/wldb_order_operate.html HTTP/1.1" 200 2189
222.69.133.238 - - [09/Sep/2021:10:23:33 +0800] "GET /xingrg/kc/base/wldb_order_info.html?code=422021090900869 HTTP/1.1" 200 30454
222.69.133.238 - - [09/Sep/2021:10:23:33 +0800] "GET /xingrg/javascript/easyui/themes/default/validatebox.css HTTP/1.1" 404 1104
222.69.133.238 - - [09/Sep/2021:10:23:33 +0800] "POST /xingrg/kc/base/wldb_order_operate.html HTTP/1.1" 200 2189
116.237.74.154 - - [09/Sep/2021:10:23:33 +0800] "GET /xingrg/kc/buy/cgsh_order_operate.html?command=get_materiel&rest_code=00106&code=00101008234&supplier_code=00100007&order_time=2021-09-09 HTTP/1.1" 200 408
222.69.133.238 - - [09/Sep/2021:10:23:36 +0800] "GET /xingrg/kc/print/load_config.html?kc_code=wldb HTTP/1.1" 200 2173
222.69.133.238 - - [09/Sep/2021:10:23:36 +0800] "GET /xingrg/kc/print/load_data.html?order_code=422021090900869&kc_code=wldb&condition= HTTP/1.1" 200 531
116.238.194.18 - - [09/Sep/2021:10:23:39 +0800] "GET /xingrg/all/function/internal_message.html?_=1631154194494&CODE_STATE=getMsg HTTP/1.1" 200 27
180.169.147.146 - - [09/Sep/2021:10:23:40 +0800] "GET /xingrg/all/function/internal_message.html?_=1631154249830&CODE_STATE=getMsg HTTP/1.1" 200 27
116.237.74.154 - - [09/Sep/2021:10:23:42 +0800] "GET /xingrg/kc/buy/cgsh_order_operate.html?command=get_materiel&rest_code=00106&code=00101008155&supplier_code=00100007&order_time=2021-09-09 HTTP/1.1" 200 408
116.238.168.124 - - [09/Sep/2021:10:23:42 +0800] "GET /xingrg/all/function/internal_message.html?_=1631154201248&CODE_STATE=getMsg HTTP/1.1" 200 27
180.169.147.146 - - [09/Sep/2021:10:23:44 +0800] "GET /xingrg/all/function/internal_message.html?_=1631154224909&CODE_STATE=getMsg HTTP/1.1" 200 27
172.20.0.100 - - [09/Sep/2021:10:23:44 +0800] "GET /xingrg/all/function/internal_message.html?_=1631154223813&CODE_STATE=getMsg HTTP/1.1" 200 27
116.238.194.18 - - [09/Sep/2021:10:23:45 +0800] "GET /xingrg/all/function/internal_message.html?_=1631154224532&CODE_STATE=getMsg HTTP/1.1" 200 27
116.233.77.86 - - [09/Sep/2021:10:23:47 +0800] "GET /xingrg/all/function/internal_message.html?_=1631154227567&CODE_STATE=getMsg HTTP/1.1" 200 27
116.233.77.86 - - [09/Sep/2021:10:23:47 +0800] "GET /xingrg/check_reg.html?_=1631154227568 HTTP/1.1" 200 22
116.237.74.154 - - [09/Sep/2021:10:23:47 +0800] "GET /xingrg/kc/buy/cgsh_order_operate.html?command=get_materiel&rest_code=00106&code=00101008149&supplier_code=00100007&order_time=2021-09-09 HTTP/1.1" 200 408
116.237.74.154 - - [09/Sep/2021:10:23:55 +0800] "GET /xingrg/kc/buy/cgsh_order_operate.html?command=get_materiel&rest_code=00106&code=00101008354&supplier_code=00100007&order_time=2021-09-09 HTTP/1.1" 200 412
116.237.74.154 - - [09/Sep/2021:10:23:56 +0800] "GET /xingrg/check_reg.html?_=1631154231465 HTTP/1.1" 200 22
116.230.105.26 - - [09/Sep/2021:10:23:59 +0800] "GET /xingrg/all/function/internal_message.html?_=1631154179002&CODE_STATE=getMsg HTTP/1.1" 200 27
120.253.135.82 - - [09/Sep/2021:10:24:01 +0800] "GET /xingrg/check_reg.html?_=1631154014521 HTTP/1.1" 200 22
120.253.135.82 - - [09/Sep/2021:10:24:01 +0800] "GET /xingrg/all/function/internal_message.html?_=1631154014931&CODE_STATE=getMsg HTTP/1.1" 200 27
222.70.179.190 - - [09/Sep/2021:10:24:03 +0800] "GET /xingrg/all/function/internal_message.html?_=1631154239667&CODE_STATE=getMsg HTTP/1.1" 200 27
116.237.74.154 - - [09/Sep/2021:10:24:05 +0800] "GET /xingrg/kc/buy/cgsh_order_operate.html?command=get_materiel&rest_code=00106&code=00101008110&supplier_code=00100007&order_time=2021-09-09 HTTP/1.1" 200 408
116.237.74.154 - - [09/Sep/2021:10:24:05 +0800] "GET /xingrg/all/function/internal_message.html?_=1631154240781&CODE_STATE=getMsg HTTP/1.1" 200 27
222.70.246.151 - - [09/Sep/2021:10:24:06 +0800] "GET /xingrg/all/function/internal_message.html?_=1631154259956&CODE_STATE=getMsg HTTP/1.1" 200 27
222.69.133.238 - - [09/Sep/2021:10:24:07 +0800] "GET /xingrg/all/function/internal_message.html?_=1631154245517&CODE_STATE=getMsg HTTP/1.1" 200 27
222.69.133.238 - - [09/Sep/2021:10:24:07 +0800] "GET /xingrg/check_reg.html?_=1631154245894 HTTP/1.1" 200 22
116.237.74.154 - - [09/Sep/2021:10:24:11 +0800] "GET /xingrg/kc/buy/cgsh_order_operate.html?command=get_materiel&rest_code=00106&code=00101008038&supplier_code=00100007&order_time=2021-09-09 HTTP/1.1" 200 412
180.169.147.146 - - [09/Sep/2021:10:24:14 +0800] "GET /xingrg/all/function/internal_message.html?_=1631154258591&CODE_STATE=getMsg HTTP/1.1" 200 27
180.169.147.146 - - [09/Sep/2021:10:24:18 +0800] "GET /xingrg/all/function/internal_message.html?_=1631154247566&CODE_STATE=getMsg HTTP/1.1" 200 27
116.237.74.154 - - [09/Sep/2021:10:24:19 +0800] "GET /xingrg/kc/buy/cgsh_order_operate.html?command=get_materiel&rest_code=00106&code=00101008283&supplier_code=00100007&order_time=2021-09-09 HTTP/1.1" 200 408
101.83.145.79 - - [09/Sep/2021:10:24:22 +0800] "GET /xingrg/all/function/internal_message.html?_=1631154211062&CODE_STATE=getMsg HTTP/1.1" 200 27
101.83.145.79 - - [09/Sep/2021:10:24:22 +0800] "GET /xingrg/kc/buy/cgsh_order_operate.html?command=get_materiel&rest_code=00105&code=00101008118&supplier_code=00100203&order_time=2021-09-09 HTTP/1.1" 200 418
101.83.145.79 - - [09/Sep/2021:10:24:23 +0800] "GET /xingrg/check_reg.html?_=1631154212798 HTTP/1.1" 200 22
116.237.74.154 - - [09/Sep/2021:10:24:29 +0800] "GET /xingrg/kc/buy/cgsh_order_operate.html?command=get_materiel&rest_code=00106&code=00101008163&supplier_code=00100007&order_time=2021-09-09 HTTP/1.1" 200 409
101.91.60.11 - - [09/Sep/2021:10:24:33 +0800] "GET /xingrg/kc/buy/cgsh_order_operate.html?command=get_materiel&rest_code=00106&code=00101008234&supplier_code=00100007&order_time=2021-09-09 HTTP/1.1" 302 -
101.91.60.11 - - [09/Sep/2021:10:24:33 +0800] "GET /xingrg/login.html HTTP/1.1" 200 7641
116.237.74.154 - - [09/Sep/2021:10:24:36 +0800] "GET /xingrg/kc/buy/cgsh_order_operate.html?command=get_materiel&rest_code=00106&code=00101008361&supplier_code=00100007&order_time=2021-09-09 HTTP/1.1" 200 408
116.238.194.18 - - [09/Sep/2021:10:24:38 +0800] "GET /xingrg/check_reg.html?_=1631154253513 HTTP/1.1" 200 22
61.151.178.180 - - [09/Sep/2021:10:24:39 +0800] "GET /xingrg/kc/buy/cgsh_order_operate.html?command=get_materiel&rest_code=00106&code=00101008155&supplier_code=00100007&order_time=2021-09-09 HTTP/1.1" 302 -
61.151.178.180 - - [09/Sep/2021:10:24:39 +0800] "GET /xingrg/login.html HTTP/1.1" 200 7641
116.238.194.18 - - [09/Sep/2021:10:24:39 +0800] "GET /xingrg/all/function/internal_message.html?_=1631154254507&CODE_STATE=getMsg HTTP/1.1" 200 27
180.169.147.146 - - [09/Sep/2021:10:24:40 +0800] "GET /xingrg/all/function/internal_message.html?_=1631154309861&CODE_STATE=getMsg HTTP/1.1" 200 27
116.238.168.124 - - [09/Sep/2021:10:24:42 +0800] "GET /xingrg/all/function/internal_message.html?_=1631154261656&CODE_STATE=getMsg HTTP/1.1" 200 27
116.237.74.154 - - [09/Sep/2021:10:24:42 +0800] "GET /xingrg/kc/buy/cgsh_order_operate.html?command=get_materiel&rest_code=00106&code=00101008148&supplier_code=00100007&order_time=2021-09-09 HTTP/1.1" 200 416
180.169.147.146 - - [09/Sep/2021:10:24:44 +0800] "GET /xingrg/all/function/internal_message.html?_=1631154284916&CODE_STATE=getMsg HTTP/1.1" 200 27
172.20.0.100 - - [09/Sep/2021:10:24:44 +0800] "GET /xingrg/all/function/internal_message.html?_=1631154283815&CODE_STATE=getMsg HTTP/1.1" 200 27
172.20.0.100 - - [09/Sep/2021:10:24:44 +0800] "GET /xingrg/check_reg.html?_=1631154283818 HTTP/1.1" 200 22
116.238.194.18 - - [09/Sep/2021:10:24:45 +0800] "GET /xingrg/check_reg.html?_=1631154284539 HTTP/1.1" 200 22
116.238.194.18 - - [09/Sep/2021:10:24:45 +0800] "GET /xingrg/all/function/internal_message.html?_=1631154284542&CODE_STATE=getMsg HTTP/1.1" 200 27
116.233.77.86 - - [09/Sep/2021:10:24:47 +0800] "GET /xingrg/all/function/internal_message.html?_=1631154287582&CODE_STATE=getMsg HTTP/1.1" 200 27
116.237.74.154 - - [09/Sep/2021:10:24:50 +0800] "GET /xingrg/kc/buy/cgsh_order_operate.html?command=get_materiel&rest_code=00106&code=00101008004&supplier_code=00100007&order_time=2021-09-09 HTTP/1.1" 200 416
180.169.147.146 - - [09/Sep/2021:10:24:51 +0800] "GET /favicon.ico HTTP/1.1" 404 -
180.169.147.146 - - [09/Sep/2021:10:24:52 +0800] "GET /favicon.ico HTTP/1.1" 404 -
180.169.147.146 - - [09/Sep/2021:10:24:52 +0800] "GET /favicon.ico HTTP/1.1" 404 -
180.169.147.146 - - [09/Sep/2021:10:24:53 +0800] "GET /favicon.ico HTTP/1.1" 404 -
180.169.147.146 - - [09/Sep/2021:10:24:53 +0800] "GET /favicon.ico HTTP/1.1" 404 -
180.169.147.146 - - [09/Sep/2021:10:24:54 +0800] "GET /favicon.ico HTTP/1.1" 404 -
61.151.179.84 - - [09/Sep/2021:10:24:55 +0800] "GET /xingrg/check_reg.html?_=1631154231465 HTTP/1.1" 302 -
61.151.179.84 - - [09/Sep/2021:10:24:57 +0800] "GET /xingrg/login.html HTTP/1.1" 200 7641
116.237.74.154 - - [09/Sep/2021:10:24:57 +0800] "GET /xingrg/kc/buy/cgsh_order_operate.html?command=get_materiel&rest_code=00106&code=00101008264&supplier_code=00100007&order_time=2021-09-09 HTTP/1.1" 200 412
116.230.105.26 - - [09/Sep/2021:10:24:59 +0800] "GET /xingrg/all/function/internal_message.html?_=1631154239021&CODE_STATE=getMsg HTTP/1.1" 200 27
120.253.135.82 - - [09/Sep/2021:10:25:01 +0800] "GET /xingrg/all/function/internal_message.html?_=1631154074944&CODE_STATE=getMsg HTTP/1.1" 200 27
222.70.179.190 - - [09/Sep/2021:10:25:03 +0800] "GET /xingrg/all/function/internal_message.html?_=1631154299667&CODE_STATE=getMsg HTTP/1.1" 200 27
101.83.145.79 - - [09/Sep/2021:10:25:04 +0800] "POST /xingrg/kc/buy/cgsh_order_operate.html HTTP/1.1" 200 2065
116.237.74.154 - - [09/Sep/2021:10:25:05 +0800] "GET /xingrg/all/function/internal_message.html?_=1631154300785&CODE_STATE=getMsg HTTP/1.1" 200 27
116.237.74.154 - - [09/Sep/2021:10:25:05 +0800] "GET /xingrg/kc/buy/cgsh_order_operate.html?command=get_materiel&rest_code=00106&code=00101008356&supplier_code=00100007&order_time=2021-09-09 HTTP/1.1" 200 408
101.93.222.235 - - [09/Sep/2021:10:25:06 +0800] "GET /favicon.ico HTTP/1.1" 404 -
222.70.246.151 - - [09/Sep/2021:10:25:06 +0800] "GET /xingrg/all/function/internal_message.html?_=1631154319968&CODE_STATE=getMsg HTTP/1.1" 200 27
222.69.133.238 - - [09/Sep/2021:10:25:07 +0800] "GET /xingrg/all/function/internal_message.html?_=1631154305505&CODE_STATE=getMsg HTTP/1.1" 200 27
61.151.178.249 - - [09/Sep/2021:10:25:11 +0800] "GET /xingrg/kc/buy/cgsh_order_operate.html?command=get_materiel&rest_code=00106&code=00101008038&supplier_code=00100007&order_time=2021-09-09 HTTP/1.1" 302 -
61.151.178.249 - - [09/Sep/2021:10:25:12 +0800] "GET /xingrg/login.html HTTP/1.1" 200 7641
116.237.74.154 - - [09/Sep/2021:10:25:12 +0800] "GET /xingrg/kc/buy/cgsh_order_operate.html?command=get_materiel&rest_code=00106&code=00101008439&supplier_code=00100007&order_time=2021-09-09 HTTP/1.1" 200 399
180.169.147.146 - - [09/Sep/2021:10:25:14 +0800] "GET /xingrg/all/function/internal_message.html?_=1631154318592&CODE_STATE=getMsg HTTP/1.1" 200 27
180.169.147.146 - - [09/Sep/2021:10:25:14 +0800] "GET /xingrg/check_reg.html?_=1631154318594 HTTP/1.1" 200 22
101.83.145.79 - - [09/Sep/2021:10:25:15 +0800] "GET /xingrg/kc/buy/cgsh_order_operate.html?command=get_materiel&rest_code=00105&code=00101010136&supplier_code=00100203&order_time=2021-09-09 HTTP/1.1" 200 408
180.169.147.146 - - [09/Sep/2021:10:25:18 +0800] "GET /xingrg/all/function/internal_message.html?_=1631154307564&CODE_STATE=getMsg HTTP/1.1" 200 27
180.169.147.146 - - [09/Sep/2021:10:25:20 +0800] "GET /favicon.ico HTTP/1.1" 404 -
180.169.147.146 - - [09/Sep/2021:10:25:20 +0800] "GET /favicon.ico HTTP/1.1" 404 -
116.237.74.154 - - [09/Sep/2021:10:25:21 +0800] "GET /xingrg/kc/buy/cgsh_order_operate.html?command=get_materiel&rest_code=00106&code=00101008137&supplier_code=00100007&order_time=2021-09-09 HTTP/1.1" 200 408
180.169.147.146 - - [09/Sep/2021:10:25:21 +0800] "GET /favicon.ico HTTP/1.1" 404 -
101.83.145.79 - - [09/Sep/2021:10:25:21 +0800] "GET /xingrg/all/function/internal_message.html?_=1631154271039&CODE_STATE=getMsg HTTP/1.1" 200 27
180.169.147.146 - - [09/Sep/2021:10:25:22 +0800] "GET /favicon.ico HTTP/1.1" 404 -
180.169.147.146 - - [09/Sep/2021:10:25:22 +0800] "GET /favicon.ico HTTP/1.1" 404 -
180.169.147.146 - - [09/Sep/2021:10:25:23 +0800] "GET /xingrg/index.html?sysBaseUrl=http%3A%2F%2F180.169.147.146%3A18081%2Fxingrg%2F&costTime=39×tamp=1592034574635 HTTP/1.1" 302 -
180.169.147.146 - - [09/Sep/2021:10:25:23 +0800] "GET /xingrg/login.html HTTP/1.1" 200 7641
180.169.147.146 - - [09/Sep/2021:10:25:24 +0800] "GET /favicon.ico HTTP/1.1" 404 -
180.169.147.146 - - [09/Sep/2021:10:25:25 +0800] "POST /xingrg/login.do HTTP/1.1" 302 -
180.169.147.146 - - [09/Sep/2021:10:25:25 +0800] "GET /xingrg/index.html?sysBaseUrl=http%3A%2F%2F180.169.147.146%3A18081%2Fxingrg%2F&costTime=83×tamp=1631154325625 HTTP/1.1" 200 17503
180.169.147.146 - - [09/Sep/2021:10:25:25 +0800] "POST /xingrg/all/common/load_tree.html?tree=area_rest_tree_json&manage=1 HTTP/1.1" 200 3344
180.169.147.146 - - [09/Sep/2021:10:25:25 +0800] "GET /xingrg/all/function/internal_message.html?_=1631154327568&CODE_STATE=count HTTP/1.1" 200 11
180.169.147.146 - - [09/Sep/2021:10:25:25 +0800] "GET /xingrg/check_reg.html?_=1631154327570 HTTP/1.1" 200 22
180.169.147.146 - - [09/Sep/2021:10:25:25 +0800] "GET /favicon.ico HTTP/1.1" 404 -
180.169.147.146 - - [09/Sep/2021:10:25:26 +0800] "POST /xingrg/load_menu.html HTTP/1.1" 200 11564
180.169.147.146 - - [09/Sep/2021:10:25:27 +0800] "GET /xingrg/kc/report/report_main.html HTTP/1.1" 200 9370
116.237.74.154 - - [09/Sep/2021:10:25:28 +0800] "GET /xingrg/kc/buy/cgsh_order_operate.html?command=get_materiel&rest_code=00106&code=00101008360&supplier_code=00100007&order_time=2021-09-09 HTTP/1.1" 200 412
180.169.147.146 - - [09/Sep/2021:10:25:28 +0800] "GET /xingrg/all/report/report_query.html?fileName=kc/buy/gys_amount_base_rest.xml HTTP/1.1" 200 51664
180.169.147.146 - - [09/Sep/2021:10:25:29 +0800] "GET /xingrg/dwr/interface/AjaxReportQueryService.js HTTP/1.1" 200 13203
180.169.147.146 - - [09/Sep/2021:10:25:29 +0800] "GET /xingrg/dwr/util.js HTTP/1.1" 304 -
180.169.147.146 - - [09/Sep/2021:10:25:29 +0800] "GET /xingrg/dwr/engine.js HTTP/1.1" 200 43631
180.169.147.146 - - [09/Sep/2021:10:25:29 +0800] "POST /xingrg/dwr/call/plaincall/AjaxReportQueryService.getFixDate.dwr HTTP/1.1" 200 111
180.169.147.146 - - [09/Sep/2021:10:25:29 +0800] "POST /xingrg/all/common/load_tree.html?tree=area_rest_tree_json&manage=1 HTTP/1.1" 200 3344
180.169.147.146 - - [09/Sep/2021:10:25:29 +0800] "POST /xingrg/all/common/load_tree.html?tree=supplier_tree_json&manage=1 HTTP/1.1" 200 58657
180.169.147.146 - - [09/Sep/2021:10:25:31 +0800] "POST /xingrg/dwr/call/plaincall/AjaxReportQueryService.getFixDate.dwr HTTP/1.1" 200 111
116.233.77.86 - - [09/Sep/2021:10:25:32 +0800] "GET /xingrg/kc/base/base_main.html HTTP/1.1" 200 12142
116.233.77.86 - - [09/Sep/2021:10:25:34 +0800] "GET /xingrg/kc/base/yddb_order_list.html HTTP/1.1" 200 16830
116.233.77.86 - - [09/Sep/2021:10:25:34 +0800] "POST /xingrg/kc/base/yddb_list_operate.html HTTP/1.1" 200 1339
116.233.77.86 - - [09/Sep/2021:10:25:38 +0800] "POST /xingrg/kc/base/yddb_list_operate.html HTTP/1.1" 200 205
116.237.74.154 - - [09/Sep/2021:10:25:39 +0800] "POST /xingrg/kc/buy/cgsh_order_operate.html HTTP/1.1" 200 37
116.238.194.18 - - [09/Sep/2021:10:25:39 +0800] "GET /xingrg/all/function/internal_message.html?_=1631154314521&CODE_STATE=getMsg HTTP/1.1" 200 27
180.169.147.146 - - [09/Sep/2021:10:25:39 +0800] "POST /xingrg/dwr/call/plaincall/AjaxReportQueryService.refreshCache.dwr HTTP/1.1" 200 78
180.169.147.146 - - [09/Sep/2021:10:25:40 +0800] "GET /xingrg/all/function/internal_message.html?_=1631154369864&CODE_STATE=getMsg HTTP/1.1" 200 27
58.40.7.146 - - [09/Sep/2021:10:25:40 +0800] "POST /xingrg/services/DataTransmitService HTTP/1.1" 200 524
101.91.60.11 - - [09/Sep/2021:10:25:40 +0800] "GET /xingrg/kc/buy/cgsh_order_operate.html?command=get_materiel&rest_code=00106&code=00101008148&supplier_code=00100007&order_time=2021-09-09 HTTP/1.1" 302 -
101.91.60.11 - - [09/Sep/2021:10:25:40 +0800] "GET /xingrg/login.html HTTP/1.1" 200 7641
58.40.7.146 - - [09/Sep/2021:10:25:41 +0800] "GET /xingrg/check_reg.html?_=1631154341265 HTTP/1.1" 302 -
180.169.147.146 - - [09/Sep/2021:10:25:42 +0800] "POST /xingrg/all/report/load_report_page.html HTTP/1.1" 200 64214
180.169.147.146 - - [09/Sep/2021:10:25:42 +0800] "GET /xingrg/servlets/image?cache=0.6056371349724399&image=px HTTP/1.1" 200 807
116.233.77.86 - - [09/Sep/2021:10:25:42 +0800] "POST /xingrg/kc/base/yddb_list_operate.html HTTP/1.1" 200 4271
116.238.168.124 - - [09/Sep/2021:10:25:43 +0800] "GET /xingrg/all/function/internal_message.html?_=1631154322054&CODE_STATE=getMsg HTTP/1.1" 200 27
180.169.147.146 - - [09/Sep/2021:10:25:44 +0800] "GET /xingrg/check_reg.html?_=1631154344904 HTTP/1.1" 200 22
180.169.147.146 - - [09/Sep/2021:10:25:44 +0800] "GET /xingrg/all/function/internal_message.html?_=1631154344908&CODE_STATE=getMsg HTTP/1.1" 200 27
172.20.0.100 - - [09/Sep/2021:10:25:44 +0800] "GET /xingrg/all/function/internal_message.html?_=1631154343819&CODE_STATE=getMsg HTTP/1.1" 200 27
116.233.77.86 - - [09/Sep/2021:10:25:44 +0800] "POST /xingrg/kc/base/yddb_list_operate.html HTTP/1.1" 200 205
116.238.194.18 - - [09/Sep/2021:10:25:45 +0800] "GET /xingrg/all/function/internal_message.html?_=1631154344526&CODE_STATE=getMsg HTTP/1.1" 200 27
116.233.77.86 - - [09/Sep/2021:10:25:45 +0800] "POST /xingrg/kc/base/yddb_list_operate.html HTTP/1.1" 200 282
116.233.77.86 - - [09/Sep/2021:10:25:46 +0800] "GET /xingrg/kc/base/yddb_order_info.html?code=482021090800107 HTTP/1.1" 200 31568
116.233.77.86 - - [09/Sep/2021:10:25:46 +0800] "GET /xingrg/dwr/interface/AjaxComOrderService.js HTTP/1.1" 200 18264
116.233.77.86 - - [09/Sep/2021:10:25:46 +0800] "GET /xingrg/dwr/interface/AjaxYddbService.js HTTP/1.1" 200 13201
116.233.77.86 - - [09/Sep/2021:10:25:46 +0800] "GET /xingrg/dwr/engine.js HTTP/1.1" 200 43631
116.233.77.86 - - [09/Sep/2021:10:25:46 +0800] "POST /xingrg/dwr/call/plaincall/AjaxYddbService.loadMaterielItems.dwr HTTP/1.1" 200 709
116.233.77.86 - - [09/Sep/2021:10:25:47 +0800] "GET /xingrg/all/function/internal_message.html?_=1631154347594&CODE_STATE=getMsg HTTP/1.1" 200 27
61.151.178.217 - - [09/Sep/2021:10:25:48 +0800] "GET /xingrg/kc/buy/cgsh_order_operate.html?command=get_materiel&rest_code=00106&code=00101008004&supplier_code=00100007&order_time=2021-09-09 HTTP/1.1" 302 -
61.151.178.217 - - [09/Sep/2021:10:25:48 +0800] "GET /xingrg/login.html HTTP/1.1" 200 7641
116.237.74.154 - - [09/Sep/2021:10:25:49 +0800] "POST /xingrg/kc/buy/cgsh_order_operate.html HTTP/1.1" 200 12107
222.69.133.238 - - [09/Sep/2021:10:25:55 +0800] "GET /xingrg/kc/buy/cgsh_order_list.html HTTP/1.1" 200 47694
222.69.133.238 - - [09/Sep/2021:10:25:56 +0800] "POST /xingrg/kc/buy/cgsh_list_operate.html HTTP/1.1" 200 876
58.40.7.146 - - [09/Sep/2021:10:25:56 +0800] "GET /xingrg/check_reg.html?_=1631154356199 HTTP/1.1" 302 -
116.233.77.86 - - [09/Sep/2021:10:25:56 +0800] "POST /xingrg/dwr/call/plaincall/AjaxYddbService.saveOrder.dwr HTTP/1.1" 200 78
222.69.133.238 - - [09/Sep/2021:10:25:57 +0800] "GET /xingrg/kc/buy/cgsh_order_add.html HTTP/1.1" 200 63479
222.69.133.238 - - [09/Sep/2021:10:25:57 +0800] "GET /xingrg/words/20210908162717_words.js HTTP/1.1" 304 -
222.69.133.238 - - [09/Sep/2021:10:25:57 +0800] "POST /xingrg/kc/buy/cgsh_order_operate.html HTTP/1.1" 200 8245
222.69.133.238 - - [09/Sep/2021:10:25:57 +0800] "GET /xingrg/javascript/easyui/themes/default/validatebox.css HTTP/1.1" 404 1104
116.230.105.26 - - [09/Sep/2021:10:25:59 +0800] "GET /xingrg/all/function/internal_message.html?_=1631154299022&CODE_STATE=getMsg HTTP/1.1" 200 27
116.237.74.154 - - [09/Sep/2021:10:26:00 +0800] "GET /xingrg/kc/buy/cgsh_order_operate.html?command=get_materiel&rest_code=00106&code=00101008357&supplier_code=00100007&order_time=2021-09-09 HTTP/1.1" 200 408
116.233.77.86 - - [09/Sep/2021:10:26:00 +0800] "POST /xingrg/dwr/call/plaincall/AjaxYddbService.objCheckOrder.dwr HTTP/1.1" 200 78
120.253.135.82 - - [09/Sep/2021:10:26:01 +0800] "GET /xingrg/all/function/internal_message.html?_=1631154134957&CODE_STATE=getMsg HTTP/1.1" 200 27
116.233.77.86 - - [09/Sep/2021:10:26:01 +0800] "GET /xingrg/kc/base/yddb_order_info.html?code=482021090800107 HTTP/1.1" 200 31687
116.233.77.86 - - [09/Sep/2021:10:26:01 +0800] "GET /xingrg/dwr/interface/AjaxYddbService.js HTTP/1.1" 200 13201
116.233.77.86 - - [09/Sep/2021:10:26:01 +0800] "GET /xingrg/dwr/interface/AjaxComOrderService.js HTTP/1.1" 200 18264
116.233.77.86 - - [09/Sep/2021:10:26:01 +0800] "GET /xingrg/dwr/engine.js HTTP/1.1" 200 43631
116.233.77.86 - - [09/Sep/2021:10:26:01 +0800] "POST /xingrg/dwr/call/plaincall/AjaxYddbService.loadMaterielItems.dwr HTTP/1.1" 200 709
116.233.77.86 - - [09/Sep/2021:10:26:03 +0800] "GET /xingrg/kc/base/yddb_order_list.html?isBack=1 HTTP/1.1" 200 16830
222.70.179.190 - - [09/Sep/2021:10:26:03 +0800] "GET /xingrg/all/function/internal_message.html?_=1631154359668&CODE_STATE=getMsg HTTP/1.1" 200 27
116.233.77.86 - - [09/Sep/2021:10:26:03 +0800] "POST /xingrg/kc/base/yddb_list_operate.html HTTP/1.1" 200 1339
61.151.207.158 - - [09/Sep/2021:10:26:03 +0800] "GET /xingrg/kc/buy/cgsh_order_operate.html?command=get_materiel&rest_code=00106&code=00101008356&supplier_code=00100007&order_time=2021-09-09 HTTP/1.1" 302 -
61.151.207.158 - - [09/Sep/2021:10:26:04 +0800] "GET /xingrg/login.html HTTP/1.1" 200 7641
61.151.207.141 - - [09/Sep/2021:10:26:05 +0800] "GET /xingrg/all/function/internal_message.html?_=1631154300785&CODE_STATE=getMsg HTTP/1.1" 302 -
116.237.74.154 - - [09/Sep/2021:10:26:05 +0800] "GET /xingrg/all/function/internal_message.html?_=1631154360734&CODE_STATE=getMsg HTTP/1.1" 200 27
222.69.133.238 - - [09/Sep/2021:10:26:05 +0800] "GET /xingrg/kc/buy/cgsh_order_operate.html?command=get_materiel&rest_code=00149&code=00101009001&supplier_code=00100201&order_time=2021-09-09 HTTP/1.1" 200 416
61.151.207.141 - - [09/Sep/2021:10:26:05 +0800] "GET /xingrg/login.html HTTP/1.1" 200 7641
222.69.133.238 - - [09/Sep/2021:10:26:07 +0800] "GET /xingrg/all/function/internal_message.html?_=1631154365491&CODE_STATE=getMsg HTTP/1.1" 200 27
116.233.77.86 - - [09/Sep/2021:10:26:07 +0800] "POST /xingrg/kc/base/yddb_list_operate.html HTTP/1.1" 200 4280
222.70.246.151 - - [09/Sep/2021:10:26:07 +0800] "GET /xingrg/all/function/internal_message.html?_=1631154380555&CODE_STATE=getMsg HTTP/1.1" 200 27
116.233.77.86 - - [09/Sep/2021:10:26:08 +0800] "POST /xingrg/kc/base/yddb_list_operate.html HTTP/1.1" 200 205
116.237.74.154 - - [09/Sep/2021:10:26:09 +0800] "GET /xingrg/kc/buy/cgsh_order_operate.html?command=get_materiel&rest_code=00106&code=00101008230&supplier_code=00100007&order_time=2021-09-09 HTTP/1.1" 200 408
116.233.77.86 - - [09/Sep/2021:10:26:10 +0800] "GET /xingrg/kc/base/yddb_order_info.html?code=482021090800102 HTTP/1.1" 200 30410
116.233.77.86 - - [09/Sep/2021:10:26:10 +0800] "GET /xingrg/dwr/interface/AjaxComOrderService.js HTTP/1.1" 200 18264
116.233.77.86 - - [09/Sep/2021:10:26:10 +0800] "GET /xingrg/dwr/interface/AjaxYddbService.js HTTP/1.1" 200 13201
116.233.77.86 - - [09/Sep/2021:10:26:10 +0800] "GET /xingrg/dwr/engine.js HTTP/1.1" 200 43631
116.233.77.86 - - [09/Sep/2021:10:26:10 +0800] "POST /xingrg/dwr/call/plaincall/AjaxYddbService.loadMaterielItems.dwr HTTP/1.1" 200 399
61.151.207.141 - - [09/Sep/2021:10:26:12 +0800] "GET /xingrg/kc/buy/cgsh_order_operate.html?command=get_materiel&rest_code=00106&code=00101008439&supplier_code=00100007&order_time=2021-09-09 HTTP/1.1" 302 -
61.151.207.141 - - [09/Sep/2021:10:26:12 +0800] "GET /xingrg/login.html HTTP/1.1" 200 7641
180.169.147.146 - - [09/Sep/2021:10:26:14 +0800] "GET /xingrg/all/function/internal_message.html?_=1631154378594&CODE_STATE=getMsg HTTP/1.1" 200 27
116.233.77.86 - - [09/Sep/2021:10:26:15 +0800] "GET /xingrg/kc/base/yddb_order_list.html?isBack=1 HTTP/1.1" 200 16830
116.233.77.86 - - [09/Sep/2021:10:26:15 +0800] "POST /xingrg/kc/base/yddb_list_operate.html HTTP/1.1" 200 1339
116.237.74.154 - - [09/Sep/2021:10:26:17 +0800] "GET /xingrg/kc/buy/cgsh_order_operate.html?command=get_materiel&rest_code=00106&code=00101008069&supplier_code=00100007&order_time=2021-09-09 HTTP/1.1" 200 412
180.169.147.146 - - [09/Sep/2021:10:26:18 +0800] "GET /xingrg/all/function/internal_message.html?_=1631154367562&CODE_STATE=getMsg HTTP/1.1" 200 27
101.83.145.79 - - [09/Sep/2021:10:26:21 +0800] "GET /xingrg/all/function/internal_message.html?_=1631154331023&CODE_STATE=getMsg HTTP/1.1" 200 27
116.237.74.154 - - [09/Sep/2021:10:26:25 +0800] "GET /xingrg/kc/buy/cgsh_order_operate.html?command=get_materiel&rest_code=00106&code=00101008286&supplier_code=00100007&order_time=2021-09-09 HTTP/1.1" 200 408
180.169.147.146 - - [09/Sep/2021:10:26:25 +0800] "GET /xingrg/all/function/internal_message.html?_=1631154387585&CODE_STATE=getMsg HTTP/1.1" 200 27
116.237.74.154 - - [09/Sep/2021:10:26:27 +0800] "POST /xingrg/kc/buy/cgsh_order_operate.html HTTP/1.1" 200 2065
222.70.246.151 - - [09/Sep/2021:10:26:31 +0800] "GET /xingrg/check_reg.html?_=1631154404411 HTTP/1.1" 200 22
124.79.246.142 - - [09/Sep/2021:10:26:32 +0800] "GET /xingrg/check_reg.html?_=1631154849597 HTTP/1.1" 302 -
124.79.246.142 - - [09/Sep/2021:10:26:32 +0800] "GET /xingrg/login.html HTTP/1.1" 200 7641
116.237.74.154 - - [09/Sep/2021:10:26:32 +0800] "GET /xingrg/kc/buy/cgsh_order_operate.html?command=get_materiel&rest_code=00106&code=00101008036&supplier_code=00100007&order_time=2021-09-09 HTTP/1.1" 200 408
116.238.194.18 - - [09/Sep/2021:10:26:39 +0800] "GET /xingrg/all/function/internal_message.html?_=1631154374534&CODE_STATE=getMsg HTTP/1.1" 200 27
180.169.147.146 - - [09/Sep/2021:10:26:40 +0800] "GET /xingrg/check_reg.html?_=1631154429867 HTTP/1.1" 200 22
180.169.147.146 - - [09/Sep/2021:10:26:40 +0800] "GET /xingrg/all/function/internal_message.html?_=1631154429857&CODE_STATE=getMsg HTTP/1.1" 200 27
116.238.168.124 - - [09/Sep/2021:10:26:43 +0800] "GET /xingrg/all/function/internal_message.html?_=1631154382068&CODE_STATE=getMsg HTTP/1.1" 200 27
116.237.74.154 - - [09/Sep/2021:10:26:43 +0800] "GET /xingrg/kc/buy/cgsh_order_operate.html?command=get_materiel&rest_code=00106&code=00101008131&supplier_code=00100007&order_time=2021-09-09 HTTP/1.1" 200 408
180.169.147.146 - - [09/Sep/2021:10:26:44 +0800] "GET /xingrg/all/function/internal_message.html?_=1631154404912&CODE_STATE=getMsg HTTP/1.1" 200 27
172.20.0.100 - - [09/Sep/2021:10:26:44 +0800] "GET /xingrg/all/function/internal_message.html?_=1631154403824&CODE_STATE=getMsg HTTP/1.1" 200 27
116.238.194.18 - - [09/Sep/2021:10:26:45 +0800] "GET /xingrg/all/function/internal_message.html?_=1631154404531&CODE_STATE=getMsg HTTP/1.1" 200 27
116.233.77.86 - - [09/Sep/2021:10:26:47 +0800] "GET /xingrg/all/function/internal_message.html?_=1631154407576&CODE_STATE=getMsg HTTP/1.1" 200 27
116.237.74.154 - - [09/Sep/2021:10:26:52 +0800] "GET /xingrg/kc/buy/cgsh_order_operate.html?command=get_materiel&rest_code=00106&code=00101008352&supplier_code=00100007&order_time=2021-09-09 HTTP/1.1" 200 412
116.230.105.26 - - [09/Sep/2021:10:26:59 +0800] "GET /xingrg/all/function/internal_message.html?_=1631154359019&CODE_STATE=getMsg HTTP/1.1" 200 27
116.237.74.154 - - [09/Sep/2021:10:27:00 +0800] "GET /xingrg/kc/buy/cgsh_order_operate.html?command=get_materiel&rest_code=00106&code=00101008005&supplier_code=00100007&order_time=2021-09-09 HTTP/1.1" 200 412
120.253.135.82 - - [09/Sep/2021:10:27:01 +0800] "GET /xingrg/all/function/internal_message.html?_=1631154195051&CODE_STATE=getMsg HTTP/1.1" 200 27
222.70.179.190 - - [09/Sep/2021:10:27:03 +0800] "GET /xingrg/all/function/internal_message.html?_=1631154419669&CODE_STATE=getMsg HTTP/1.1" 200 27
101.89.239.245 - - [09/Sep/2021:10:27:05 +0800] "GET /xingrg/all/function/internal_message.html?_=1631154360734&CODE_STATE=getMsg HTTP/1.1" 302 -
116.237.74.154 - - [09/Sep/2021:10:27:05 +0800] "GET /xingrg/all/function/internal_message.html?_=1631154420783&CODE_STATE=getMsg HTTP/1.1" 200 27
101.89.239.245 - - [09/Sep/2021:10:27:05 +0800] "GET /xingrg/login.html HTTP/1.1" 200 7641
222.69.133.238 - - [09/Sep/2021:10:27:06 +0800] "GET /xingrg/all/function/internal_message.html?_=1631154425480&CODE_STATE=getMsg HTTP/1.1" 200 27
222.70.246.151 - - [09/Sep/2021:10:27:07 +0800] "GET /xingrg/all/function/internal_message.html?_=1631154440557&CODE_STATE=getMsg HTTP/1.1" 200 27
61.151.179.84 - - [09/Sep/2021:10:27:07 +0800] "GET /xingrg/kc/buy/cgsh_order_operate.html?command=get_materiel&rest_code=00106&code=00101008230&supplier_code=00100007&order_time=2021-09-09 HTTP/1.1" 302 -
61.151.179.84 - - [09/Sep/2021:10:27:09 +0800] "GET /xingrg/login.html HTTP/1.1" 200 7641
116.238.168.124 - - [09/Sep/2021:10:27:12 +0800] "GET /xingrg/check_reg.html?_=1631154411541 HTTP/1.1" 200 22
180.169.147.146 - - [09/Sep/2021:10:27:14 +0800] "GET /xingrg/all/function/internal_message.html?_=1631154438593&CODE_STATE=getMsg HTTP/1.1" 200 27
116.237.74.154 - - [09/Sep/2021:10:27:14 +0800] "GET /xingrg/kc/buy/cgsh_order_operate.html?command=get_materiel&rest_code=00106&code=00101008353&supplier_code=00100007&order_time=2021-09-09 HTTP/1.1" 200 408
101.89.19.197 - - [09/Sep/2021:10:27:17 +0800] "GET /xingrg/kc/buy/cgsh_order_operate.html?command=get_materiel&rest_code=00106&code=00101008069&supplier_code=00100007&order_time=2021-09-09 HTTP/1.1" 302 -
101.89.19.197 - - [09/Sep/2021:10:27:17 +0800] "GET /xingrg/login.html HTTP/1.1" 200 7641
180.169.147.146 - - [09/Sep/2021:10:27:18 +0800] "GET /xingrg/all/function/internal_message.html?_=1631154427561&CODE_STATE=getMsg HTTP/1.1" 200 27
116.237.74.154 - - [09/Sep/2021:10:27:21 +0800] "POST /xingrg/kc/buy/cgsh_order_operate.html HTTP/1.1" 200 2065
101.83.145.79 - - [09/Sep/2021:10:27:21 +0800] "GET /xingrg/all/function/internal_message.html?_=1631154391010&CODE_STATE=getMsg HTTP/1.1" 200 27
180.169.147.146 - - [09/Sep/2021:10:27:25 +0800] "GET /xingrg/all/function/internal_message.html?_=1631154447572&CODE_STATE=getMsg HTTP/1.1" 200 27
116.237.74.154 - - [09/Sep/2021:10:27:30 +0800] "GET /xingrg/kc/buy/cgsh_order_operate.html?command=get_materiel&rest_code=00106&code=00101008213&supplier_code=00100007&order_time=2021-09-09 HTTP/1.1" 200 412
116.237.74.154 - - [09/Sep/2021:10:27:38 +0800] "GET /xingrg/kc/buy/cgsh_order_operate.html?command=get_materiel&rest_code=00106&code=00101008178&supplier_code=00100007&order_time=2021-09-09 HTTP/1.1" 200 409
116.238.194.18 - - [09/Sep/2021:10:27:39 +0800] "GET /xingrg/all/function/internal_message.html?_=1631154434553&CODE_STATE=getMsg HTTP/1.1" 200 27
180.169.147.146 - - [09/Sep/2021:10:27:40 +0800] "GET /xingrg/all/function/internal_message.html?_=1631154489868&CODE_STATE=getMsg HTTP/1.1" 200 27
61.151.178.249 - - [09/Sep/2021:10:27:41 +0800] "GET /xingrg/kc/buy/cgsh_order_operate.html?command=get_materiel&rest_code=00106&code=00101008131&supplier_code=00100007&order_time=2021-09-09 HTTP/1.1" 302 -
61.151.178.249 - - [09/Sep/2021:10:27:42 +0800] "GET /xingrg/login.html HTTP/1.1" 200 7641
116.238.168.124 - - [09/Sep/2021:10:27:43 +0800] "GET /xingrg/all/function/internal_message.html?_=1631154442082&CODE_STATE=getMsg HTTP/1.1" 200 27
180.169.147.146 - - [09/Sep/2021:10:27:44 +0800] "GET /xingrg/all/function/internal_message.html?_=1631154464901&CODE_STATE=getMsg HTTP/1.1" 200 27
172.20.0.100 - - [09/Sep/2021:10:27:44 +0800] "GET /xingrg/all/function/internal_message.html?_=1631154463810&CODE_STATE=getMsg HTTP/1.1" 200 27
116.238.194.18 - - [09/Sep/2021:10:27:45 +0800] "GET /xingrg/all/function/internal_message.html?_=1631154464530&CODE_STATE=getMsg HTTP/1.1" 200 27
58.221.95.50 - - [09/Sep/2021:10:27:45 +0800] "GET /xingrg/check_reg.html?_=1631154465227 HTTP/1.1" 302 -
116.233.77.86 - - [09/Sep/2021:10:27:47 +0800] "GET /xingrg/all/function/internal_message.html?_=1631154467584&CODE_STATE=getMsg HTTP/1.1" 200 27
116.237.74.154 - - [09/Sep/2021:10:27:48 +0800] "GET /xingrg/kc/buy/cgsh_order_operate.html?command=get_materiel&rest_code=00106&code=00101008114&supplier_code=00100007&order_time=2021-09-09 HTTP/1.1" 200 412
61.151.207.141 - - [09/Sep/2021:10:27:58 +0800] "GET /xingrg/kc/buy/cgsh_order_operate.html?command=get_materiel&rest_code=00106&code=00101008005&supplier_code=00100007&order_time=2021-09-09 HTTP/1.1" 302 -
61.151.207.141 - - [09/Sep/2021:10:27:58 +0800] "GET /xingrg/login.html HTTP/1.1" 200 7641
116.230.105.26 - - [09/Sep/2021:10:27:59 +0800] "GET /xingrg/check_reg.html?_=1631154419012 HTTP/1.1" 200 22
116.230.105.26 - - [09/Sep/2021:10:27:59 +0800] "GET /xingrg/all/function/internal_message.html?_=1631154419014&CODE_STATE=getMsg HTTP/1.1" 200 27
120.253.135.82 - - [09/Sep/2021:10:28:01 +0800] "GET /xingrg/all/function/internal_message.html?_=1631154255062&CODE_STATE=getMsg HTTP/1.1" 200 27
116.238.168.124 - - [09/Sep/2021:10:28:02 +0800] "GET /xingrg/kc/base/wldb_order_list.html HTTP/1.1" 200 19224
116.238.168.124 - - [09/Sep/2021:10:28:03 +0800] "POST /xingrg/kc/base/wldb_list_operate.html HTTP/1.1" 200 928
222.70.179.190 - - [09/Sep/2021:10:28:03 +0800] "GET /xingrg/check_reg.html?_=1631154479674 HTTP/1.1" 200 22
222.70.179.190 - - [09/Sep/2021:10:28:03 +0800] "GET /xingrg/all/function/internal_message.html?_=1631154479670&CODE_STATE=getMsg HTTP/1.1" 200 27
116.238.168.124 - - [09/Sep/2021:10:28:03 +0800] "GET /xingrg/kc/base/wldb_order_add.html HTTP/1.1" 200 30434
116.238.168.124 - - [09/Sep/2021:10:28:04 +0800] "POST /xingrg/kc/base/wldb_order_operate.html HTTP/1.1" 200 6806
116.238.168.124 - - [09/Sep/2021:10:28:04 +0800] "GET /xingrg/all/common/auto_word.html?type=base&rest_code=00102 HTTP/1.1" 200 1711
116.238.168.124 - - [09/Sep/2021:10:28:04 +0800] "GET /xingrg/all/common/auto_word.html?type=base&rest_code=00102 HTTP/1.1" 200 1711
116.238.168.124 - - [09/Sep/2021:10:28:05 +0800] "GET /xingrg/javascript/easyui/themes/default/validatebox.css HTTP/1.1" 404 1104
116.237.74.154 - - [09/Sep/2021:10:28:05 +0800] "GET /xingrg/all/function/internal_message.html?_=1631154480680&CODE_STATE=getMsg HTTP/1.1" 200 27
101.89.239.245 - - [09/Sep/2021:10:28:05 +0800] "GET /xingrg/all/function/internal_message.html?_=1631154420783&CODE_STATE=getMsg HTTP/1.1" 302 -
101.89.239.245 - - [09/Sep/2021:10:28:05 +0800] "GET /xingrg/login.html HTTP/1.1" 200 7641
222.69.133.238 - - [09/Sep/2021:10:28:05 +0800] "GET /xingrg/kc/buy/cgsh_order_operate.html?command=get_materiel&rest_code=00149&code=00101009062&supplier_code=00100201&order_time=2021-09-09 HTTP/1.1" 200 412
222.69.133.238 - - [09/Sep/2021:10:28:07 +0800] "GET /xingrg/all/function/internal_message.html?_=1631154485489&CODE_STATE=getMsg HTTP/1.1" 200 27
222.70.246.151 - - [09/Sep/2021:10:28:07 +0800] "GET /xingrg/all/function/internal_message.html?_=1631154500571&CODE_STATE=getMsg HTTP/1.1" 200 27
116.237.74.154 - - [09/Sep/2021:10:28:10 +0800] "GET /xingrg/kc/buy/cgsh_order_operate.html?command=get_materiel&rest_code=00106&code=00101008312&supplier_code=00100007&order_time=2021-09-09 HTTP/1.1" 200 412
61.151.178.217 - - [09/Sep/2021:10:28:12 +0800] "GET /xingrg/kc/buy/cgsh_order_operate.html?command=get_materiel&rest_code=00106&code=00101008353&supplier_code=00100007&order_time=2021-09-09 HTTP/1.1" 302 -
61.151.178.217 - - [09/Sep/2021:10:28:12 +0800] "GET /xingrg/login.html HTTP/1.1" 200 7641
116.237.74.154 - - [09/Sep/2021:10:28:12 +0800] "POST /xingrg/kc/buy/cgsh_order_operate.html HTTP/1.1" 200 2065
180.169.147.146 - - [09/Sep/2021:10:28:14 +0800] "GET /xingrg/all/function/internal_message.html?_=1631154498591&CODE_STATE=getMsg HTTP/1.1" 200 27
116.238.168.124 - - [09/Sep/2021:10:28:14 +0800] "POST /xingrg/all/common/load_combo.html?type=base HTTP/1.1" 200 3060
222.69.133.238 - - [09/Sep/2021:10:28:15 +0800] "GET /xingrg/kc/buy/cgsh_order_operate.html?command=get_materiel&rest_code=00149&code=00101009011&supplier_code=00100201&order_time=2021-09-09 HTTP/1.1" 200 416
116.237.74.154 - - [09/Sep/2021:10:28:17 +0800] "GET /xingrg/kc/buy/cgsh_order_operate.html?command=get_materiel&rest_code=00106&code=00101008096&supplier_code=00100007&order_time=2021-09-09 HTTP/1.1" 200 412
180.169.147.146 - - [09/Sep/2021:10:28:18 +0800] "GET /xingrg/all/function/internal_message.html?_=1631154487560&CODE_STATE=getMsg HTTP/1.1" 200 27
180.169.147.146 - - [09/Sep/2021:10:28:18 +0800] "GET /xingrg/check_reg.html?_=1631154487561 HTTP/1.1" 200 22
101.83.145.79 - - [09/Sep/2021:10:28:21 +0800] "GET /xingrg/all/function/internal_message.html?_=1631154450970&CODE_STATE=getMsg HTTP/1.1" 200 27
116.238.168.124 - - [09/Sep/2021:10:28:22 +0800] "POST /xingrg/all/common/load_combo.html?type=base HTTP/1.1" 200 3060
222.69.133.238 - - [09/Sep/2021:10:28:24 +0800] "GET /xingrg/kc/buy/cgsh_order_operate.html?command=get_materiel&rest_code=00149&code=00101009122&supplier_code=00100201&order_time=2021-09-09 HTTP/1.1" 200 391
180.169.147.146 - - [09/Sep/2021:10:28:25 +0800] "GET /xingrg/all/function/internal_message.html?_=1631154507586&CODE_STATE=getMsg HTTP/1.1" 200 27
120.253.135.82 - - [09/Sep/2021:10:28:27 +0800] "GET /xingrg/check_reg.html?_=1631154280959 HTTP/1.1" 200 22
61.151.178.163 - - [09/Sep/2021:10:28:28 +0800] "GET /xingrg/kc/buy/cgsh_order_operate.html?command=get_materiel&rest_code=00106&code=00101008213&supplier_code=00100007&order_time=2021-09-09 HTTP/1.1" 302 -
61.151.178.163 - - [09/Sep/2021:10:28:28 +0800] "GET /xingrg/login.html HTTP/1.1" 200 7641
