180.169.147.146 - - [09/Sep/2021:10:07:28 +0800] "GET /xingrg/dwr/interface/AjaxComOrderService.js HTTP/1.1" 200 18264
180.169.147.146 - - [09/Sep/2021:10:07:28 +0800] "GET /xingrg/dwr/interface/AjaxYddbService.js HTTP/1.1" 200 13201
180.169.147.146 - - [09/Sep/2021:10:07:28 +0800] "GET /xingrg/dwr/engine.js HTTP/1.1" 200 43631
180.169.147.146 - - [09/Sep/2021:10:07:28 +0800] "GET /xingrg/dwr/util.js HTTP/1.1" 304 -
180.169.147.146 - - [09/Sep/2021:10:07:28 +0800] "POST /xingrg/dwr/call/plaincall/AjaxYddbService.loadMaterielItems.dwr HTTP/1.1" 200 735
116.230.105.26 - - [09/Sep/2021:10:07:32 +0800] "GET /xingrg/all/function/internal_message.html?_=1631153192129&CODE_STATE=getMsg HTTP/1.1" 200 27
180.169.147.146 - - [09/Sep/2021:10:07:35 +0800] "POST /xingrg/dwr/call/plaincall/AjaxYddbService.uncheckOrder.dwr HTTP/1.1" 200 78
180.169.147.146 - - [09/Sep/2021:10:07:36 +0800] "GET /xingrg/kc/base/yddb_order_info.html?code=482021090800111 HTTP/1.1" 200 30411
180.169.147.146 - - [09/Sep/2021:10:07:37 +0800] "GET /xingrg/dwr/interface/AjaxComOrderService.js HTTP/1.1" 200 18264
180.169.147.146 - - [09/Sep/2021:10:07:37 +0800] "GET /xingrg/dwr/interface/AjaxYddbService.js HTTP/1.1" 200 13201
180.169.147.146 - - [09/Sep/2021:10:07:37 +0800] "GET /xingrg/dwr/engine.js HTTP/1.1" 200 43631
180.169.147.146 - - [09/Sep/2021:10:07:37 +0800] "POST /xingrg/dwr/call/plaincall/AjaxYddbService.loadMaterielItems.dwr HTTP/1.1" 200 735
116.238.194.18 - - [09/Sep/2021:10:07:39 +0800] "GET /xingrg/all/function/internal_message.html?_=1631153234282&CODE_STATE=getMsg HTTP/1.1" 200 27
180.169.147.146 - - [09/Sep/2021:10:07:40 +0800] "GET /xingrg/all/function/internal_message.html?_=1631153289829&CODE_STATE=getMsg HTTP/1.1" 200 27
180.169.147.146 - - [09/Sep/2021:10:07:44 +0800] "GET /xingrg/all/function/internal_message.html?_=1631153264912&CODE_STATE=getMsg HTTP/1.1" 200 27
172.20.0.100 - - [09/Sep/2021:10:07:44 +0800] "GET /xingrg/all/function/internal_message.html?_=1631153263811&CODE_STATE=getMsg HTTP/1.1" 200 27
58.221.95.50 - - [09/Sep/2021:10:07:45 +0800] "GET /xingrg/check_reg.html?_=1631153265205 HTTP/1.1" 302 -
116.233.77.86 - - [09/Sep/2021:10:07:47 +0800] "GET /xingrg/all/function/internal_message.html?_=1631153267551&CODE_STATE=getMsg HTTP/1.1" 200 27
58.37.227.186 - - [09/Sep/2021:10:07:48 +0800] "GET /xingrg/all/function/internal_message.html?_=1631153148131&CODE_STATE=getMsg HTTP/1.1" 200 27
116.238.194.18 - - [09/Sep/2021:10:07:54 +0800] "POST /xingrg/kc/buy/cgsh_order_operate.html HTTP/1.1" 200 37
222.70.246.151 - - [09/Sep/2021:10:07:57 +0800] "GET /xingrg/kc/mdqp/pssh_order_list.html HTTP/1.1" 200 17863
222.70.246.151 - - [09/Sep/2021:10:07:57 +0800] "POST /xingrg/kc/mdqp/pssh_list_operate.html HTTP/1.1" 200 5438
116.238.194.18 - - [09/Sep/2021:10:07:57 +0800] "POST /xingrg/kc/buy/cgsh_order_operate.html HTTP/1.1" 200 12
116.238.194.18 - - [09/Sep/2021:10:07:58 +0800] "GET /xingrg/kc/buy/cgsh_order_info.html?code=212021090903584 HTTP/1.1" 200 58249
116.238.194.18 - - [09/Sep/2021:10:07:58 +0800] "GET /xingrg/javascript/easyui/themes/default/validatebox.css HTTP/1.1" 404 1104
116.238.194.18 - - [09/Sep/2021:10:07:59 +0800] "POST /xingrg/kc/buy/cgsh_order_operate.html HTTP/1.1" 200 604
116.238.194.18 - - [09/Sep/2021:10:08:00 +0800] "GET /xingrg/kc/print/load_data.html?order_code=212021090903584&kc_code=cgsh&condition= HTTP/1.1" 200 675
120.253.135.82 - - [09/Sep/2021:10:08:01 +0800] "GET /xingrg/all/function/internal_message.html?_=1631153054448&CODE_STATE=getMsg HTTP/1.1" 200 27
222.70.179.190 - - [09/Sep/2021:10:08:03 +0800] "GET /xingrg/all/function/internal_message.html?_=1631153279642&CODE_STATE=getMsg HTTP/1.1" 200 27
222.70.179.190 - - [09/Sep/2021:10:08:03 +0800] "GET /xingrg/check_reg.html?_=1631153279644 HTTP/1.1" 200 22
222.70.246.151 - - [09/Sep/2021:10:08:03 +0800] "GET /xingrg/all/function/internal_message.html?_=1631153296868&CODE_STATE=getMsg HTTP/1.1" 200 27
222.69.133.238 - - [09/Sep/2021:10:08:07 +0800] "GET /xingrg/all/function/internal_message.html?_=1631153285748&CODE_STATE=getMsg HTTP/1.1" 200 27
222.70.246.151 - - [09/Sep/2021:10:08:07 +0800] "GET /xingrg/kc/base/yddb_order_list.html HTTP/1.1" 200 16836
222.70.246.151 - - [09/Sep/2021:10:08:07 +0800] "POST /xingrg/kc/base/yddb_list_operate.html HTTP/1.1" 200 1350
222.70.246.151 - - [09/Sep/2021:10:08:09 +0800] "POST /xingrg/kc/base/yddb_list_operate.html HTTP/1.1" 200 291
222.70.246.151 - - [09/Sep/2021:10:08:10 +0800] "GET /xingrg/kc/base/yddb_order_info.html?code=482021090800111 HTTP/1.1" 200 31370
222.70.246.151 - - [09/Sep/2021:10:08:10 +0800] "GET /xingrg/dwr/interface/AjaxYddbService.js HTTP/1.1" 200 13201
222.70.246.151 - - [09/Sep/2021:10:08:10 +0800] "GET /xingrg/dwr/interface/AjaxComOrderService.js HTTP/1.1" 200 18264
222.70.246.151 - - [09/Sep/2021:10:08:10 +0800] "GET /xingrg/dwr/engine.js HTTP/1.1" 200 43631
222.70.246.151 - - [09/Sep/2021:10:08:10 +0800] "POST /xingrg/dwr/call/plaincall/AjaxYddbService.loadMaterielItems.dwr HTTP/1.1" 200 735
180.169.147.146 - - [09/Sep/2021:10:08:14 +0800] "GET /xingrg/all/function/internal_message.html?_=1631153298577&CODE_STATE=getMsg HTTP/1.1" 200 27
116.238.194.18 - - [09/Sep/2021:10:08:17 +0800] "GET /xingrg/all/function/internal_message.html?_=1631153296566&CODE_STATE=getMsg HTTP/1.1" 200 27
180.169.147.146 - - [09/Sep/2021:10:08:18 +0800] "GET /xingrg/all/function/internal_message.html?_=1631153287539&CODE_STATE=getMsg HTTP/1.1" 200 27
180.169.147.146 - - [09/Sep/2021:10:08:18 +0800] "GET /xingrg/check_reg.html?_=1631153287541 HTTP/1.1" 200 22
101.83.145.79 - - [09/Sep/2021:10:08:22 +0800] "GET /xingrg/all/function/internal_message.html?_=1631153251370&CODE_STATE=getMsg HTTP/1.1" 200 27
116.238.168.124 - - [09/Sep/2021:10:08:25 +0800] "GET /xingrg/all/function/internal_message.html?_=1631153284445&CODE_STATE=getMsg HTTP/1.1" 200 27
120.253.135.82 - - [09/Sep/2021:10:08:27 +0800] "GET /xingrg/check_reg.html?_=1631153080832 HTTP/1.1" 200 22
222.70.246.151 - - [09/Sep/2021:10:08:28 +0800] "POST /xingrg/dwr/call/plaincall/AjaxYddbService.removeMaterielItem.dwr HTTP/1.1" 200 78
116.230.105.26 - - [09/Sep/2021:10:08:32 +0800] "GET /xingrg/all/function/internal_message.html?_=1631153252125&CODE_STATE=getMsg HTTP/1.1" 200 27
222.70.246.151 - - [09/Sep/2021:10:08:32 +0800] "POST /xingrg/dwr/call/plaincall/AjaxYddbService.removeMaterielItem.dwr HTTP/1.1" 200 78
222.70.246.151 - - [09/Sep/2021:10:08:35 +0800] "GET /xingrg/images/yd/bt.gif HTTP/1.1" 404 1040
116.238.194.18 - - [09/Sep/2021:10:08:39 +0800] "GET /xingrg/all/function/internal_message.html?_=1631153294289&CODE_STATE=getMsg HTTP/1.1" 200 27
180.169.147.146 - - [09/Sep/2021:10:08:40 +0800] "GET /xingrg/all/function/internal_message.html?_=1631153349830&CODE_STATE=getMsg HTTP/1.1" 200 27
222.70.246.151 - - [09/Sep/2021:10:08:41 +0800] "POST /xingrg/dwr/call/plaincall/AjaxComOrderService.getMaterielSearchList.dwr HTTP/1.1" 200 53591
116.237.74.154 - - [09/Sep/2021:10:08:42 +0800] "GET /xingrg/login.html HTTP/1.1" 200 7641
222.70.246.151 - - [09/Sep/2021:10:08:43 +0800] "POST /xingrg/dwr/call/plaincall/AjaxComOrderService.getMaterielSearchList.dwr HTTP/1.1" 200 3383
222.70.246.151 - - [09/Sep/2021:10:08:43 +0800] "POST /xingrg/dwr/call/plaincall/AjaxComOrderService.getMaterielSearchList.dwr HTTP/1.1" 200 556
180.169.147.146 - - [09/Sep/2021:10:08:44 +0800] "GET /xingrg/all/function/internal_message.html?_=1631153324916&CODE_STATE=getMsg HTTP/1.1" 200 27
172.20.0.100 - - [09/Sep/2021:10:08:44 +0800] "GET /xingrg/all/function/internal_message.html?_=1631153323815&CODE_STATE=getMsg HTTP/1.1" 200 27
222.70.246.151 - - [09/Sep/2021:10:08:44 +0800] "POST /xingrg/dwr/call/plaincall/AjaxComOrderService.getMaterielSearchList.dwr HTTP/1.1" 200 556
116.238.194.18 - - [09/Sep/2021:10:08:46 +0800] "POST /xingrg/all/user/operate.html HTTP/1.1" 200 36
116.238.194.18 - - [09/Sep/2021:10:08:46 +0800] "GET /xingrg/index.html?sysBaseUrl=http%3A%2F%2F180.169.147.146%3A18081%2Fxingrg%2F&costTime=85×tamp=1631015945011 HTTP/1.1" 200 17177
116.238.194.18 - - [09/Sep/2021:10:08:46 +0800] "GET /xingrg/javascript/jquery_easy_ui/themes/default/easyui.css HTTP/1.1" 304 -
116.238.194.18 - - [09/Sep/2021:10:08:46 +0800] "GET /xingrg/javascript/jquery_easy_ui/themes/icon.css HTTP/1.1" 304 -
116.238.194.18 - - [09/Sep/2021:10:08:46 +0800] "GET /xingrg/css/form.css HTTP/1.1" 304 -
116.238.194.18 - - [09/Sep/2021:10:08:46 +0800] "GET /xingrg/javascript/jquery-1.4.2.min.js HTTP/1.1" 304 -
116.238.194.18 - - [09/Sep/2021:10:08:46 +0800] "GET /xingrg/javascript/jquery_easy_ui/jquery.easyui.min.js HTTP/1.1" 304 -
116.238.194.18 - - [09/Sep/2021:10:08:46 +0800] "GET /xingrg/javascript/jquery_easy_ui/easyui-lang-zh_CN.js HTTP/1.1" 304 -
116.238.194.18 - - [09/Sep/2021:10:08:46 +0800] "GET /xingrg/javascript/jquery.form.js HTTP/1.1" 304 -
116.238.194.18 - - [09/Sep/2021:10:08:46 +0800] "GET /xingrg/javascript/jquery.utils.js HTTP/1.1" 304 -
116.238.194.18 - - [09/Sep/2021:10:08:46 +0800] "GET /xingrg/javascript/jquery.timers.js HTTP/1.1" 304 -
116.238.194.18 - - [09/Sep/2021:10:08:46 +0800] "GET /xingrg/images/blue/jxLogo.png HTTP/1.1" 304 -
116.238.194.18 - - [09/Sep/2021:10:08:46 +0800] "GET /xingrg/javascript/jquery_easy_ui/themes/icons/settle_new.png HTTP/1.1" 304 -
116.238.194.18 - - [09/Sep/2021:10:08:46 +0800] "GET /xingrg/images/blue/navBackgound.jpg HTTP/1.1" 304 -
116.238.194.18 - - [09/Sep/2021:10:08:46 +0800] "POST /xingrg/all/common/load_tree.html?tree=area_rest_tree_json&manage=1 HTTP/1.1" 200 476
116.238.194.18 - - [09/Sep/2021:10:08:46 +0800] "GET /xingrg/all/function/internal_message.html?_=1631153326039&CODE_STATE=count HTTP/1.1" 200 11
116.238.194.18 - - [09/Sep/2021:10:08:46 +0800] "GET /xingrg/check_reg.html?_=1631153326040 HTTP/1.1" 200 22
116.238.194.18 - - [09/Sep/2021:10:08:46 +0800] "GET /xingrg/javascript/jquery_easy_ui/themes/default/images/tabs_rightarrow.png HTTP/1.1" 304 -
116.238.194.18 - - [09/Sep/2021:10:08:46 +0800] "GET /xingrg/javascript/jquery_easy_ui/themes/default/images/panel_tool_collapse.gif HTTP/1.1" 304 -
116.238.194.18 - - [09/Sep/2021:10:08:46 +0800] "GET /xingrg/javascript/jquery_easy_ui/themes/default/images/tabs_leftarrow.png HTTP/1.1" 304 -
116.238.194.18 - - [09/Sep/2021:10:08:46 +0800] "GET /xingrg/images/blue/pingpu.png HTTP/1.1" 304 -
116.238.194.18 - - [09/Sep/2021:10:08:46 +0800] "POST /xingrg/load_menu.html HTTP/1.1" 200 5138
116.233.77.86 - - [09/Sep/2021:10:08:47 +0800] "GET /xingrg/all/function/internal_message.html?_=1631153327554&CODE_STATE=getMsg HTTP/1.1" 200 27
116.233.77.86 - - [09/Sep/2021:10:08:47 +0800] "GET /xingrg/check_reg.html?_=1631153327557 HTTP/1.1" 200 22
58.37.227.186 - - [09/Sep/2021:10:08:48 +0800] "GET /xingrg/all/function/internal_message.html?_=1631153208130&CODE_STATE=getMsg HTTP/1.1" 200 27
58.37.227.186 - - [09/Sep/2021:10:08:48 +0800] "GET /xingrg/check_reg.html?_=1631153208132 HTTP/1.1" 200 22
222.70.246.151 - - [09/Sep/2021:10:08:51 +0800] "POST /xingrg/dwr/call/plaincall/AjaxYddbService.getMaterielByMap.dwr HTTP/1.1" 200 2666
116.237.74.154 - - [09/Sep/2021:10:08:52 +0800] "GET /favicon.ico HTTP/1.1" 404 -
116.237.74.154 - - [09/Sep/2021:10:08:54 +0800] "POST /xingrg/login.do HTTP/1.1" 302 -
116.237.74.154 - - [09/Sep/2021:10:08:54 +0800] "GET /xingrg/index.html?sysBaseUrl=http%3A%2F%2F180.169.147.146%3A18081%2Fxingrg%2F&costTime=40×tamp=1631153334410 HTTP/1.1" 200 17173
116.237.74.154 - - [09/Sep/2021:10:08:55 +0800] "POST /xingrg/all/common/load_tree.html?tree=area_rest_tree_json&manage=1 HTTP/1.1" 200 342
116.237.74.154 - - [09/Sep/2021:10:08:56 +0800] "GET /xingrg/all/function/internal_message.html?_=1631153331443&CODE_STATE=count HTTP/1.1" 200 11
116.237.74.154 - - [09/Sep/2021:10:08:56 +0800] "GET /xingrg/check_reg.html?_=1631153331444 HTTP/1.1" 200 22
116.237.74.154 - - [09/Sep/2021:10:08:56 +0800] "POST /xingrg/load_menu.html HTTP/1.1" 200 5138
116.237.74.154 - - [09/Sep/2021:10:08:56 +0800] "GET /favicon.ico HTTP/1.1" 404 -
116.237.74.154 - - [09/Sep/2021:10:08:58 +0800] "GET /xingrg/kc/buy/buy_main.html HTTP/1.1" 200 12412
116.237.74.154 - - [09/Sep/2021:10:08:58 +0800] "GET /xingrg/css/new_ie.css HTTP/1.1" 404 1036
116.237.74.154 - - [09/Sep/2021:10:08:59 +0800] "GET /xingrg/images/yd/bt.gif HTTP/1.1" 404 1040
116.237.74.154 - - [09/Sep/2021:10:08:59 +0800] "GET /xingrg/kc/buy/cgsh_order_list.html HTTP/1.1" 200 47688
120.253.135.82 - - [09/Sep/2021:10:09:00 +0800] "GET /xingrg/check_reg.html?_=1631153114382 HTTP/1.1" 200 22
120.253.135.82 - - [09/Sep/2021:10:09:01 +0800] "GET /xingrg/all/function/internal_message.html?_=1631153114461&CODE_STATE=getMsg HTTP/1.1" 200 27
116.238.194.18 - - [09/Sep/2021:10:09:01 +0800] "GET /xingrg/kc/buy/cgsh_order_list.html HTTP/1.1" 200 47692
116.237.74.154 - - [09/Sep/2021:10:09:02 +0800] "POST /xingrg/kc/buy/cgsh_list_operate.html HTTP/1.1" 200 876
116.238.194.18 - - [09/Sep/2021:10:09:02 +0800] "POST /xingrg/kc/buy/cgsh_list_operate.html HTTP/1.1" 200 876
222.70.179.190 - - [09/Sep/2021:10:09:03 +0800] "GET /xingrg/all/function/internal_message.html?_=1631153339641&CODE_STATE=getMsg HTTP/1.1" 200 27
222.70.246.151 - - [09/Sep/2021:10:09:03 +0800] "POST /xingrg/dwr/call/plaincall/AjaxYddbService.saveMaterielItem.dwr HTTP/1.1" 200 78
116.237.74.154 - - [09/Sep/2021:10:09:03 +0800] "GET /xingrg/kc/buy/cgsh_order_add.html HTTP/1.1" 200 63432
222.70.246.151 - - [09/Sep/2021:10:09:03 +0800] "GET /xingrg/all/function/internal_message.html?_=1631153356881&CODE_STATE=getMsg HTTP/1.1" 200 27
116.237.74.154 - - [09/Sep/2021:10:09:03 +0800] "GET /xingrg/words/20210908162717_words.js HTTP/1.1" 304 -
222.70.246.151 - - [09/Sep/2021:10:09:03 +0800] "POST /xingrg/dwr/call/plaincall/AjaxComOrderService.getMaterielSearchList.dwr HTTP/1.1" 200 76
116.237.74.154 - - [09/Sep/2021:10:09:04 +0800] "GET /xingrg/all/common/auto_word.html?type=employee&rest_code=00106 HTTP/1.1" 200 205
116.237.74.154 - - [09/Sep/2021:10:09:04 +0800] "GET /xingrg/javascript/easyui/themes/default/validatebox.css HTTP/1.1" 404 1104
116.237.74.154 - - [09/Sep/2021:10:09:04 +0800] "GET /xingrg/all/common/auto_word.html?type=employee&rest_code=00106 HTTP/1.1" 200 205
116.237.74.154 - - [09/Sep/2021:10:09:04 +0800] "POST /xingrg/kc/buy/cgsh_order_operate.html HTTP/1.1" 200 8245
116.237.74.154 - - [09/Sep/2021:10:09:04 +0800] "GET /xingrg/javascript/easyui/themes/default/tree.css HTTP/1.1" 404 1090
116.238.194.18 - - [09/Sep/2021:10:09:05 +0800] "GET /xingrg/kc/buy/cgsh_order_add.html HTTP/1.1" 200 63068
116.237.74.154 - - [09/Sep/2021:10:09:05 +0800] "POST /xingrg/all/common/load_tree.html?tree=supplier_tree_json&isDelete=1 HTTP/1.1" 200 57687
116.238.194.18 - - [09/Sep/2021:10:09:05 +0800] "POST /xingrg/kc/buy/cgsh_order_operate.html HTTP/1.1" 200 8245
116.238.194.18 - - [09/Sep/2021:10:09:05 +0800] "GET /xingrg/javascript/easyui/themes/default/validatebox.css HTTP/1.1" 404 1104
116.238.194.18 - - [09/Sep/2021:10:09:07 +0800] "GET /xingrg/javascript/auto/indicator.gif HTTP/1.1" 404 1066
222.69.133.238 - - [09/Sep/2021:10:09:07 +0800] "GET /xingrg/all/function/internal_message.html?_=1631153345737&CODE_STATE=getMsg HTTP/1.1" 200 27
222.69.133.238 - - [09/Sep/2021:10:09:07 +0800] "GET /xingrg/check_reg.html?_=1631153345836 HTTP/1.1" 200 22
222.70.246.151 - - [09/Sep/2021:10:09:12 +0800] "POST /xingrg/dwr/call/plaincall/AjaxComOrderService.getMaterielSearchList.dwr HTTP/1.1" 200 29818
222.70.246.151 - - [09/Sep/2021:10:09:12 +0800] "POST /xingrg/dwr/call/plaincall/AjaxComOrderService.getMaterielSearchList.dwr HTTP/1.1" 200 29818
222.70.246.151 - - [09/Sep/2021:10:09:13 +0800] "POST /xingrg/dwr/call/plaincall/AjaxComOrderService.getMaterielSearchList.dwr HTTP/1.1" 200 2722
222.70.246.151 - - [09/Sep/2021:10:09:14 +0800] "POST /xingrg/dwr/call/plaincall/AjaxComOrderService.getMaterielSearchList.dwr HTTP/1.1" 200 709
180.169.147.146 - - [09/Sep/2021:10:09:14 +0800] "GET /xingrg/all/function/internal_message.html?_=1631153358584&CODE_STATE=getMsg HTTP/1.1" 200 27
116.238.194.18 - - [09/Sep/2021:10:09:14 +0800] "GET /xingrg/kc/buy/cgsh_order_operate.html?command=get_materiel&rest_code=00151&code=00101032003&supplier_code=00100151&order_time=2021-09-09 HTTP/1.1" 200 416
116.237.74.154 - - [09/Sep/2021:10:09:17 +0800] "GET /xingrg/javascript/auto/indicator.gif HTTP/1.1" 404 1066
180.169.147.146 - - [09/Sep/2021:10:09:18 +0800] "GET /xingrg/all/function/internal_message.html?_=1631153347539&CODE_STATE=getMsg HTTP/1.1" 200 27
116.237.74.154 - - [09/Sep/2021:10:09:21 +0800] "GET /xingrg/kc/buy/cgsh_order_operate.html?command=get_materiel&rest_code=00106&code=00102014087&supplier_code=00100450&order_time=2021-09-09 HTTP/1.1" 200 403
101.83.145.79 - - [09/Sep/2021:10:09:22 +0800] "GET /xingrg/all/function/internal_message.html?_=1631153311356&CODE_STATE=getMsg HTTP/1.1" 200 27
101.83.145.79 - - [09/Sep/2021:10:09:23 +0800] "GET /xingrg/check_reg.html?_=1631153312794 HTTP/1.1" 200 22
116.238.168.124 - - [09/Sep/2021:10:09:25 +0800] "GET /xingrg/all/function/internal_message.html?_=1631153344777&CODE_STATE=getMsg HTTP/1.1" 200 27
222.70.246.151 - - [09/Sep/2021:10:09:26 +0800] "POST /xingrg/dwr/call/plaincall/AjaxYddbService.getMaterielByMap.dwr HTTP/1.1" 200 2707
222.70.246.151 - - [09/Sep/2021:10:09:37 +0800] "POST /xingrg/dwr/call/plaincall/AjaxYddbService.saveMaterielItem.dwr HTTP/1.1" 200 79
222.70.246.151 - - [09/Sep/2021:10:09:37 +0800] "GET /xingrg/images/yd/bt.gif HTTP/1.1" 404 1040
222.70.246.151 - - [09/Sep/2021:10:09:38 +0800] "POST /xingrg/dwr/call/plaincall/AjaxComOrderService.getMaterielSearchList.dwr HTTP/1.1" 200 77
116.238.194.18 - - [09/Sep/2021:10:09:38 +0800] "GET /xingrg/check_reg.html?_=1631153353502 HTTP/1.1" 200 22
116.238.194.18 - - [09/Sep/2021:10:09:39 +0800] "GET /xingrg/all/function/internal_message.html?_=1631153354303&CODE_STATE=getMsg HTTP/1.1" 200 27
180.169.147.146 - - [09/Sep/2021:10:09:40 +0800] "GET /xingrg/all/function/internal_message.html?_=1631153409836&CODE_STATE=getMsg HTTP/1.1" 200 27
222.70.246.151 - - [09/Sep/2021:10:09:41 +0800] "POST /xingrg/dwr/call/plaincall/AjaxComOrderService.getMaterielSearchList.dwr HTTP/1.1" 200 3384
222.70.246.151 - - [09/Sep/2021:10:09:42 +0800] "POST /xingrg/dwr/call/plaincall/AjaxComOrderService.getMaterielSearchList.dwr HTTP/1.1" 200 557
222.70.246.151 - - [09/Sep/2021:10:09:43 +0800] "POST /xingrg/dwr/call/plaincall/AjaxComOrderService.getMaterielSearchList.dwr HTTP/1.1" 200 557
180.169.147.146 - - [09/Sep/2021:10:09:44 +0800] "GET /xingrg/all/function/internal_message.html?_=1631153384905&CODE_STATE=getMsg HTTP/1.1" 200 27
172.20.0.100 - - [09/Sep/2021:10:09:44 +0800] "GET /xingrg/all/function/internal_message.html?_=1631153383817&CODE_STATE=getMsg HTTP/1.1" 200 27
172.20.0.100 - - [09/Sep/2021:10:09:44 +0800] "GET /xingrg/check_reg.html?_=1631153383818 HTTP/1.1" 200 22
116.237.74.154 - - [09/Sep/2021:10:09:44 +0800] "GET /xingrg/kc/buy/cgsh_order_operate.html?command=get_materiel&rest_code=00106&code=00101008509&supplier_code=00100450&order_time=2021-09-09 HTTP/1.1" 200 396
222.70.246.151 - - [09/Sep/2021:10:09:44 +0800] "POST /xingrg/dwr/call/plaincall/AjaxYddbService.getMaterielByMap.dwr HTTP/1.1" 200 2658
116.238.194.18 - - [09/Sep/2021:10:09:46 +0800] "GET /xingrg/all/function/internal_message.html?_=1631153386052&CODE_STATE=getMsg HTTP/1.1" 200 27
116.233.77.86 - - [09/Sep/2021:10:09:47 +0800] "GET /xingrg/all/function/internal_message.html?_=1631153387551&CODE_STATE=getMsg HTTP/1.1" 200 27
58.37.227.186 - - [09/Sep/2021:10:09:48 +0800] "GET /xingrg/all/function/internal_message.html?_=1631153268131&CODE_STATE=getMsg HTTP/1.1" 200 27
116.238.194.18 - - [09/Sep/2021:10:09:51 +0800] "POST /xingrg/kc/buy/cgsh_order_operate.html HTTP/1.1" 200 37
222.70.246.151 - - [09/Sep/2021:10:09:51 +0800] "GET /favicon.ico HTTP/1.1" 404 -
101.91.60.11 - - [09/Sep/2021:10:09:54 +0800] "GET /xingrg/index.html?sysBaseUrl=http://180.169.147.146:18081/xingrg/&costTime=40×tamp=1631153334410 HTTP/1.1" 302 -
222.70.246.151 - - [09/Sep/2021:10:09:54 +0800] "POST /xingrg/dwr/call/plaincall/AjaxYddbService.saveMaterielItem.dwr HTTP/1.1" 200 79
101.91.60.11 - - [09/Sep/2021:10:09:54 +0800] "GET /xingrg/login.html HTTP/1.1" 200 7641
101.91.62.89 - - [09/Sep/2021:10:09:55 +0800] "GET /xingrg/all/function/internal_message.html?_=1631153331443&CODE_STATE=count HTTP/1.1" 302 -
101.91.62.89 - - [09/Sep/2021:10:09:55 +0800] "GET /xingrg/login.html HTTP/1.1" 200 7641
116.237.74.154 - - [09/Sep/2021:10:09:56 +0800] "GET /xingrg/all/function/internal_message.html?_=1631153391448&CODE_STATE=getMsg HTTP/1.1" 200 27
116.238.194.18 - - [09/Sep/2021:10:09:56 +0800] "POST /xingrg/kc/buy/cgsh_order_operate.html HTTP/1.1" 200 12
116.238.194.18 - - [09/Sep/2021:10:09:57 +0800] "GET /xingrg/kc/buy/cgsh_order_info.html?code=212021090903585 HTTP/1.1" 200 57967
61.151.178.164 - - [09/Sep/2021:10:09:58 +0800] "GET /xingrg/kc/buy/buy_main.html HTTP/1.1" 302 -
116.238.194.18 - - [09/Sep/2021:10:09:58 +0800] "GET /xingrg/javascript/easyui/themes/default/validatebox.css HTTP/1.1" 404 1104
61.151.178.164 - - [09/Sep/2021:10:09:58 +0800] "GET /xingrg/login.html HTTP/1.1" 200 7641
116.238.194.18 - - [09/Sep/2021:10:09:59 +0800] "POST /xingrg/kc/buy/cgsh_order_operate.html HTTP/1.1" 200 612
116.238.194.18 - - [09/Sep/2021:10:10:00 +0800] "GET /xingrg/kc/print/load_data.html?order_code=212021090903585&kc_code=cgsh&condition= HTTP/1.1" 200 686
120.253.135.82 - - [09/Sep/2021:10:10:01 +0800] "GET /xingrg/all/function/internal_message.html?_=1631153174474&CODE_STATE=getMsg HTTP/1.1" 200 27
222.70.246.151 - - [09/Sep/2021:10:10:01 +0800] "GET /xingrg/images/yd/bt2.gif HTTP/1.1" 404 1042
222.70.179.190 - - [09/Sep/2021:10:10:03 +0800] "GET /xingrg/all/function/internal_message.html?_=1631153399642&CODE_STATE=getMsg HTTP/1.1" 200 27
101.91.62.89 - - [09/Sep/2021:10:10:03 +0800] "GET /xingrg/kc/buy/cgsh_order_add.html HTTP/1.1" 302 -
222.70.246.151 - - [09/Sep/2021:10:10:03 +0800] "GET /xingrg/all/function/internal_message.html?_=1631153416894&CODE_STATE=getMsg HTTP/1.1" 200 27
101.91.62.89 - - [09/Sep/2021:10:10:03 +0800] "GET /xingrg/login.html HTTP/1.1" 200 7641
222.70.246.151 - - [09/Sep/2021:10:10:03 +0800] "GET /xingrg/images/yd/bt2.gif HTTP/1.1" 404 1042
61.151.178.163 - - [09/Sep/2021:10:10:04 +0800] "GET /xingrg/all/common/auto_word.html?type=employee&rest_code=00106 HTTP/1.1" 302 -
61.151.178.163 - - [09/Sep/2021:10:10:04 +0800] "GET /xingrg/login.html HTTP/1.1" 200 7641
222.69.133.238 - - [09/Sep/2021:10:10:07 +0800] "GET /xingrg/all/function/internal_message.html?_=1631153405712&CODE_STATE=getMsg HTTP/1.1" 200 27
180.169.147.146 - - [09/Sep/2021:10:10:14 +0800] "GET /xingrg/check_reg.html?_=1631153418569 HTTP/1.1" 200 22
180.169.147.146 - - [09/Sep/2021:10:10:14 +0800] "GET /xingrg/all/function/internal_message.html?_=1631153418580&CODE_STATE=getMsg HTTP/1.1" 200 27
222.70.246.151 - - [09/Sep/2021:10:10:18 +0800] "GET /xingrg/images/yd/bt2.gif HTTP/1.1" 404 1042
180.169.147.146 - - [09/Sep/2021:10:10:18 +0800] "GET /xingrg/all/function/internal_message.html?_=1631153407538&CODE_STATE=getMsg HTTP/1.1" 200 27
61.151.178.166 - - [09/Sep/2021:10:10:21 +0800] "GET /xingrg/kc/buy/cgsh_order_operate.html?command=get_materiel&rest_code=00106&code=00102014087&supplier_code=00100450&order_time=2021-09-09 HTTP/1.1" 302 -
61.151.178.166 - - [09/Sep/2021:10:10:22 +0800] "GET /xingrg/login.html HTTP/1.1" 200 7641
101.83.145.79 - - [09/Sep/2021:10:10:22 +0800] "GET /xingrg/all/function/internal_message.html?_=1631153371328&CODE_STATE=getMsg HTTP/1.1" 200 27
116.237.74.154 - - [09/Sep/2021:10:10:23 +0800] "GET /xingrg/kc/buy/cgsh_order_operate.html?command=get_materiel&rest_code=00106&code=00101008592&supplier_code=00100450&order_time=2021-09-09 HTTP/1.1" 200 404
116.238.168.124 - - [09/Sep/2021:10:10:25 +0800] "GET /xingrg/all/function/internal_message.html?_=1631153404785&CODE_STATE=getMsg HTTP/1.1" 200 27
116.230.105.26 - - [09/Sep/2021:10:10:27 +0800] "GET /favicon.ico HTTP/1.1" 404 -
222.70.246.151 - - [09/Sep/2021:10:10:30 +0800] "POST /xingrg/dwr/call/plaincall/AjaxYddbService.checkOrder.dwr HTTP/1.1" 200 79
116.237.74.154 - - [09/Sep/2021:10:10:32 +0800] "GET /xingrg/kc/buy/cgsh_order_operate.html?command=get_materiel&rest_code=00106&code=00101015044&supplier_code=00100450&order_time=2021-09-09 HTTP/1.1" 200 409
222.70.246.151 - - [09/Sep/2021:10:10:32 +0800] "GET /xingrg/kc/base/yddb_order_info.html?code=482021090800111 HTTP/1.1" 200 29549
222.70.246.151 - - [09/Sep/2021:10:10:32 +0800] "GET /xingrg/dwr/interface/AjaxYddbService.js HTTP/1.1" 200 13201
222.70.246.151 - - [09/Sep/2021:10:10:32 +0800] "GET /xingrg/dwr/engine.js HTTP/1.1" 200 43631
222.70.246.151 - - [09/Sep/2021:10:10:32 +0800] "GET /xingrg/dwr/interface/AjaxComOrderService.js HTTP/1.1" 200 18264
222.70.246.151 - - [09/Sep/2021:10:10:35 +0800] "POST /xingrg/dwr/call/plaincall/AjaxYddbService.loadMaterielItems.dwr HTTP/1.1" 200 1090
116.238.194.18 - - [09/Sep/2021:10:10:39 +0800] "GET /xingrg/all/function/internal_message.html?_=1631153414317&CODE_STATE=getMsg HTTP/1.1" 200 27
180.169.147.146 - - [09/Sep/2021:10:10:40 +0800] "GET /xingrg/all/function/internal_message.html?_=1631153469830&CODE_STATE=getMsg HTTP/1.1" 200 27
116.237.74.154 - - [09/Sep/2021:10:10:40 +0800] "GET /xingrg/kc/buy/cgsh_order_operate.html?command=get_materiel&rest_code=00106&code=00101015112&supplier_code=00100450&order_time=2021-09-09 HTTP/1.1" 200 403
58.40.7.146 - - [09/Sep/2021:10:10:41 +0800] "GET /xingrg/check_reg.html?_=1631153441337 HTTP/1.1" 302 -
101.89.239.245 - - [09/Sep/2021:10:10:43 +0800] "GET /xingrg/kc/buy/cgsh_order_operate.html?command=get_materiel&rest_code=00106&code=00101008509&supplier_code=00100450&order_time=2021-09-09 HTTP/1.1" 302 -
180.169.147.146 - - [09/Sep/2021:10:10:44 +0800] "GET /xingrg/all/function/internal_message.html?_=1631153444910&CODE_STATE=getMsg HTTP/1.1" 200 27
180.169.147.146 - - [09/Sep/2021:10:10:44 +0800] "GET /xingrg/check_reg.html?_=1631153444913 HTTP/1.1" 200 22
172.20.0.100 - - [09/Sep/2021:10:10:44 +0800] "GET /xingrg/all/function/internal_message.html?_=1631153443821&CODE_STATE=getMsg HTTP/1.1" 200 27
101.89.239.245 - - [09/Sep/2021:10:10:44 +0800] "GET /xingrg/login.html HTTP/1.1" 200 7641
116.238.194.18 - - [09/Sep/2021:10:10:46 +0800] "GET /xingrg/all/function/internal_message.html?_=1631153446060&CODE_STATE=getMsg HTTP/1.1" 200 27
116.233.77.86 - - [09/Sep/2021:10:10:47 +0800] "GET /xingrg/all/function/internal_message.html?_=1631153447554&CODE_STATE=getMsg HTTP/1.1" 200 27
58.37.227.186 - - [09/Sep/2021:10:10:48 +0800] "GET /xingrg/all/function/internal_message.html?_=1631153328129&CODE_STATE=getMsg HTTP/1.1" 200 27
116.237.74.154 - - [09/Sep/2021:10:10:52 +0800] "GET /xingrg/kc/buy/cgsh_order_operate.html?command=get_materiel&rest_code=00106&code=00101015052&supplier_code=00100450&order_time=2021-09-09 HTTP/1.1" 200 413
116.237.74.154 - - [09/Sep/2021:10:10:56 +0800] "GET /xingrg/all/function/internal_message.html?_=1631153451452&CODE_STATE=getMsg HTTP/1.1" 200 27
58.40.7.146 - - [09/Sep/2021:10:10:56 +0800] "GET /xingrg/check_reg.html?_=1631153456269 HTTP/1.1" 302 -
61.151.178.163 - - [09/Sep/2021:10:10:57 +0800] "GET /xingrg/all/function/internal_message.html?_=1631153391448&CODE_STATE=getMsg HTTP/1.1" 302 -
61.151.178.163 - - [09/Sep/2021:10:10:58 +0800] "GET /xingrg/login.html HTTP/1.1" 200 7641
120.253.135.82 - - [09/Sep/2021:10:11:01 +0800] "GET /xingrg/all/function/internal_message.html?_=1631153234489&CODE_STATE=getMsg HTTP/1.1" 200 27
116.237.74.154 - - [09/Sep/2021:10:11:02 +0800] "GET /xingrg/kc/buy/cgsh_order_operate.html?command=get_materiel&rest_code=00106&code=00102014088&supplier_code=00100450&order_time=2021-09-09 HTTP/1.1" 200 412
222.70.179.190 - - [09/Sep/2021:10:11:03 +0800] "GET /xingrg/all/function/internal_message.html?_=1631153459643&CODE_STATE=getMsg HTTP/1.1" 200 27
222.70.246.151 - - [09/Sep/2021:10:11:03 +0800] "GET /xingrg/all/function/internal_message.html?_=1631153476907&CODE_STATE=getMsg HTTP/1.1" 200 27
222.69.133.238 - - [09/Sep/2021:10:11:07 +0800] "GET /xingrg/all/function/internal_message.html?_=1631153465701&CODE_STATE=getMsg HTTP/1.1" 200 27
180.169.147.146 - - [09/Sep/2021:10:11:14 +0800] "GET /xingrg/all/function/internal_message.html?_=1631153478581&CODE_STATE=getMsg HTTP/1.1" 200 27
180.169.147.146 - - [09/Sep/2021:10:11:18 +0800] "GET /xingrg/all/function/internal_message.html?_=1631153467563&CODE_STATE=getMsg HTTP/1.1" 200 27
116.237.74.154 - - [09/Sep/2021:10:11:20 +0800] "POST /xingrg/kc/buy/cgsh_order_operate.html HTTP/1.1" 200 37
101.83.145.79 - - [09/Sep/2021:10:11:22 +0800] "GET /xingrg/all/function/internal_message.html?_=1631153431313&CODE_STATE=getMsg HTTP/1.1" 200 27
116.238.168.124 - - [09/Sep/2021:10:11:26 +0800] "GET /xingrg/all/function/internal_message.html?_=1631153465346&CODE_STATE=getMsg HTTP/1.1" 200 27
116.237.74.154 - - [09/Sep/2021:10:11:26 +0800] "POST /xingrg/kc/buy/cgsh_order_operate.html HTTP/1.1" 200 12
116.237.74.154 - - [09/Sep/2021:10:11:29 +0800] "GET /xingrg/kc/buy/cgsh_order_info.html?code=212021090903586 HTTP/1.1" 200 58355
116.237.74.154 - - [09/Sep/2021:10:11:29 +0800] "GET /xingrg/javascript/easyui/themes/default/validatebox.css HTTP/1.1" 404 1104
116.237.74.154 - - [09/Sep/2021:10:11:30 +0800] "POST /xingrg/kc/buy/cgsh_order_operate.html HTTP/1.1" 200 4170
222.70.246.151 - - [09/Sep/2021:10:11:31 +0800] "GET /xingrg/check_reg.html?_=1631153504395 HTTP/1.1" 200 22
116.237.74.154 - - [09/Sep/2021:10:11:31 +0800] "GET /xingrg/kc/print/load_config.html?kc_code=cgsh HTTP/1.1" 200 2076
116.237.74.154 - - [09/Sep/2021:10:11:31 +0800] "GET /xingrg/kc/print/load_data.html?order_code=212021090903586&kc_code=cgsh&condition= HTTP/1.1" 200 2090
61.151.207.205 - - [09/Sep/2021:10:11:31 +0800] "GET /xingrg/kc/buy/cgsh_order_operate.html?command=get_materiel&rest_code=00106&code=00101015044&supplier_code=00100450&order_time=2021-09-09 HTTP/1.1" 302 -
61.151.207.205 - - [09/Sep/2021:10:11:33 +0800] "GET /xingrg/login.html HTTP/1.1" 200 7641
116.238.194.18 - - [09/Sep/2021:10:11:39 +0800] "GET /xingrg/all/function/internal_message.html?_=1631153474330&CODE_STATE=getMsg HTTP/1.1" 200 27
180.169.147.146 - - [09/Sep/2021:10:11:40 +0800] "GET /xingrg/check_reg.html?_=1631153529837 HTTP/1.1" 200 22
180.169.147.146 - - [09/Sep/2021:10:11:40 +0800] "GET /xingrg/all/function/internal_message.html?_=1631153529846&CODE_STATE=getMsg HTTP/1.1" 200 27
116.237.74.154 - - [09/Sep/2021:10:11:43 +0800] "GET /xingrg/kc/buy/cgsh_order_add.html HTTP/1.1" 200 63432
116.237.74.154 - - [09/Sep/2021:10:11:43 +0800] "GET /xingrg/javascript/easyui/themes/default/validatebox.css HTTP/1.1" 404 1104
116.237.74.154 - - [09/Sep/2021:10:11:43 +0800] "POST /xingrg/kc/buy/cgsh_order_operate.html HTTP/1.1" 200 8245
180.169.147.146 - - [09/Sep/2021:10:11:44 +0800] "GET /xingrg/all/function/internal_message.html?_=1631153504901&CODE_STATE=getMsg HTTP/1.1" 200 27
172.20.0.100 - - [09/Sep/2021:10:11:44 +0800] "GET /xingrg/all/function/internal_message.html?_=1631153503824&CODE_STATE=getMsg HTTP/1.1" 200 27
116.238.194.18 - - [09/Sep/2021:10:11:46 +0800] "GET /xingrg/all/function/internal_message.html?_=1631153506056&CODE_STATE=getMsg HTTP/1.1" 200 27
116.237.74.154 - - [09/Sep/2021:10:11:46 +0800] "GET /xingrg/javascript/easyui/themes/default/tree.css HTTP/1.1" 404 1090
116.237.74.154 - - [09/Sep/2021:10:11:47 +0800] "POST /xingrg/all/common/load_tree.html?tree=supplier_tree_json&isDelete=1 HTTP/1.1" 200 57687
116.233.77.86 - - [09/Sep/2021:10:11:47 +0800] "GET /xingrg/all/function/internal_message.html?_=1631153507555&CODE_STATE=getMsg HTTP/1.1" 200 27
58.37.227.186 - - [09/Sep/2021:10:11:48 +0800] "GET /xingrg/all/function/internal_message.html?_=1631153388128&CODE_STATE=getMsg HTTP/1.1" 200 27
61.151.207.158 - - [09/Sep/2021:10:11:50 +0800] "GET /xingrg/kc/buy/cgsh_order_operate.html?command=get_materiel&rest_code=00106&code=00101015052&supplier_code=00100450&order_time=2021-09-09 HTTP/1.1" 302 -
61.151.207.158 - - [09/Sep/2021:10:11:50 +0800] "GET /xingrg/login.html HTTP/1.1" 200 7641
124.79.246.142 - - [09/Sep/2021:10:11:55 +0800] "GET /xingrg/javascript/jquery_easy_ui/themes/default/images/tabs_active.png HTTP/1.1" 304 -
124.79.246.142 - - [09/Sep/2021:10:11:56 +0800] "GET /xingrg/javascript/jquery_easy_ui/themes/default/images/tabs_active.png HTTP/1.1" 304 -
116.237.74.154 - - [09/Sep/2021:10:11:56 +0800] "GET /xingrg/all/function/internal_message.html?_=1631153511466&CODE_STATE=getMsg HTTP/1.1" 200 27
124.79.246.142 - - [09/Sep/2021:10:11:56 +0800] "GET /xingrg/javascript/jquery_easy_ui/themes/default/images/tabs_active.png HTTP/1.1" 304 -
124.79.246.142 - - [09/Sep/2021:10:11:56 +0800] "GET /xingrg/javascript/jquery_easy_ui/themes/default/images/tabs_active.png HTTP/1.1" 304 -
124.79.246.142 - - [09/Sep/2021:10:11:56 +0800] "GET /xingrg/javascript/jquery_easy_ui/themes/default/images/tabs_active.png HTTP/1.1" 304 -
124.79.246.142 - - [09/Sep/2021:10:11:56 +0800] "GET /xingrg/javascript/jquery_easy_ui/themes/default/images/tabs_active.png HTTP/1.1" 304 -
116.237.74.154 - - [09/Sep/2021:10:11:57 +0800] "GET /xingrg/kc/buy/cgsh_order_operate.html?command=get_materiel&rest_code=00106&code=00101008146&supplier_code=00100009&order_time=2021-09-09 HTTP/1.1" 200 416
124.79.246.142 - - [09/Sep/2021:10:11:58 +0800] "GET /xingrg/javascript/jquery_easy_ui/themes/default/images/tabs_active.png HTTP/1.1" 304 -
124.79.246.142 - - [09/Sep/2021:10:11:59 +0800] "GET /xingrg/javascript/jquery_easy_ui/themes/default/images/tabs_active.png HTTP/1.1" 304 -
124.79.246.142 - - [09/Sep/2021:10:11:59 +0800] "GET /xingrg/javascript/jquery_easy_ui/themes/default/images/tabs_active.png HTTP/1.1" 304 -
120.253.135.82 - - [09/Sep/2021:10:12:01 +0800] "GET /xingrg/all/function/internal_message.html?_=1631153294563&CODE_STATE=getMsg HTTP/1.1" 200 27
222.70.179.190 - - [09/Sep/2021:10:12:03 +0800] "GET /xingrg/all/function/internal_message.html?_=1631153519644&CODE_STATE=getMsg HTTP/1.1" 200 27
222.70.246.151 - - [09/Sep/2021:10:12:03 +0800] "GET /xingrg/all/function/internal_message.html?_=1631153536922&CODE_STATE=getMsg HTTP/1.1" 200 27
116.237.74.154 - - [09/Sep/2021:10:12:06 +0800] "GET /xingrg/kc/buy/cgsh_order_operate.html?command=get_materiel&rest_code=00106&code=00101008147&supplier_code=00100009&order_time=2021-09-09 HTTP/1.1" 200 416
222.69.133.238 - - [09/Sep/2021:10:12:07 +0800] "GET /xingrg/all/function/internal_message.html?_=1631153525671&CODE_STATE=getMsg HTTP/1.1" 200 27
116.238.168.124 - - [09/Sep/2021:10:12:11 +0800] "GET /xingrg/check_reg.html?_=1631153510743 HTTP/1.1" 200 22
180.169.147.146 - - [09/Sep/2021:10:12:14 +0800] "GET /xingrg/all/function/internal_message.html?_=1631153538577&CODE_STATE=getMsg HTTP/1.1" 200 27
116.237.74.154 - - [09/Sep/2021:10:12:16 +0800] "POST /xingrg/kc/buy/cgsh_order_operate.html HTTP/1.1" 200 37
180.169.147.146 - - [09/Sep/2021:10:12:18 +0800] "GET /xingrg/all/function/internal_message.html?_=1631153527562&CODE_STATE=getMsg HTTP/1.1" 200 27
124.79.246.142 - - [09/Sep/2021:10:12:18 +0800] "GET /xingrg/javascript/jquery_easy_ui/themes/default/images/tabs_active.png HTTP/1.1" 304 -
101.83.145.79 - - [09/Sep/2021:10:12:22 +0800] "GET /xingrg/all/function/internal_message.html?_=1631153491299&CODE_STATE=getMsg HTTP/1.1" 200 27
116.238.168.124 - - [09/Sep/2021:10:12:26 +0800] "GET /xingrg/all/function/internal_message.html?_=1631153525357&CODE_STATE=getMsg HTTP/1.1" 200 27
116.237.74.154 - - [09/Sep/2021:10:12:26 +0800] "POST /xingrg/kc/buy/cgsh_order_operate.html HTTP/1.1" 200 12
116.237.74.154 - - [09/Sep/2021:10:12:27 +0800] "GET /xingrg/kc/buy/cgsh_order_info.html?code=212021090903587 HTTP/1.1" 200 58347
116.237.74.154 - - [09/Sep/2021:10:12:28 +0800] "GET /xingrg/javascript/easyui/themes/default/validatebox.css HTTP/1.1" 404 1104
116.237.74.154 - - [09/Sep/2021:10:12:29 +0800] "POST /xingrg/kc/buy/cgsh_order_operate.html HTTP/1.1" 200 1207
101.89.239.245 - - [09/Sep/2021:10:12:29 +0800] "GET /xingrg/kc/buy/cgsh_order_info.html?code=212021090903586 HTTP/1.1" 302 -
116.237.74.154 - - [09/Sep/2021:10:12:30 +0800] "GET /xingrg/kc/print/load_data.html?order_code=212021090903587&kc_code=cgsh&condition= HTTP/1.1" 200 1012
61.151.178.163 - - [09/Sep/2021:10:12:30 +0800] "GET /xingrg/kc/print/load_data.html?order_code=212021090903586&kc_code=cgsh&condition= HTTP/1.1" 302 -
101.89.239.245 - - [09/Sep/2021:10:12:30 +0800] "GET /xingrg/login.html HTTP/1.1" 200 7641
61.151.178.163 - - [09/Sep/2021:10:12:32 +0800] "GET /xingrg/login.html HTTP/1.1" 200 7641
116.237.74.154 - - [09/Sep/2021:10:12:35 +0800] "GET /xingrg/kc/print/load_data.html?order_code=212021090903587&kc_code=cgsh HTTP/1.1" 200 1012
116.238.194.18 - - [09/Sep/2021:10:12:39 +0800] "GET /xingrg/all/function/internal_message.html?_=1631153534349&CODE_STATE=getMsg HTTP/1.1" 200 27
180.169.147.146 - - [09/Sep/2021:10:12:40 +0800] "GET /xingrg/all/function/internal_message.html?_=1631153589840&CODE_STATE=getMsg HTTP/1.1" 200 27
180.169.147.146 - - [09/Sep/2021:10:12:44 +0800] "GET /xingrg/all/function/internal_message.html?_=1631153564905&CODE_STATE=getMsg HTTP/1.1" 200 27
172.20.0.100 - - [09/Sep/2021:10:12:44 +0800] "GET /xingrg/all/function/internal_message.html?_=1631153563810&CODE_STATE=getMsg HTTP/1.1" 200 27
58.221.95.50 - - [09/Sep/2021:10:12:45 +0800] "GET /xingrg/check_reg.html?_=1631153565186 HTTP/1.1" 302 -
116.238.194.18 - - [09/Sep/2021:10:12:47 +0800] "GET /xingrg/all/function/internal_message.html?_=1631153566059&CODE_STATE=getMsg HTTP/1.1" 200 27
116.233.77.86 - - [09/Sep/2021:10:12:47 +0800] "GET /xingrg/all/function/internal_message.html?_=1631153567553&CODE_STATE=getMsg HTTP/1.1" 200 27
58.37.227.186 - - [09/Sep/2021:10:12:48 +0800] "GET /xingrg/all/function/internal_message.html?_=1631153448152&CODE_STATE=getMsg HTTP/1.1" 200 27
61.151.178.197 - - [09/Sep/2021:10:12:54 +0800] "GET /xingrg/kc/buy/cgsh_order_operate.html?command=get_materiel&rest_code=00106&code=00101008146&supplier_code=00100009&order_time=2021-09-09 HTTP/1.1" 302 -
116.237.74.154 - - [09/Sep/2021:10:12:56 +0800] "GET /xingrg/all/function/internal_message.html?_=1631153571463&CODE_STATE=getMsg HTTP/1.1" 200 27
61.151.178.197 - - [09/Sep/2021:10:12:56 +0800] "GET /xingrg/login.html HTTP/1.1" 200 7641
61.151.178.166 - - [09/Sep/2021:10:12:57 +0800] "GET /xingrg/all/function/internal_message.html?_=1631153511466&CODE_STATE=getMsg HTTP/1.1" 302 -
61.151.178.166 - - [09/Sep/2021:10:12:57 +0800] "GET /xingrg/login.html HTTP/1.1" 200 7641
120.253.135.82 - - [09/Sep/2021:10:13:01 +0800] "GET /xingrg/all/function/internal_message.html?_=1631153354610&CODE_STATE=getMsg HTTP/1.1" 200 27
222.70.179.190 - - [09/Sep/2021:10:13:03 +0800] "GET /xingrg/all/function/internal_message.html?_=1631153579646&CODE_STATE=getMsg HTTP/1.1" 200 27
222.70.179.190 - - [09/Sep/2021:10:13:03 +0800] "GET /xingrg/check_reg.html?_=1631153579645 HTTP/1.1" 200 22
222.70.246.151 - - [09/Sep/2021:10:13:03 +0800] "GET /xingrg/all/function/internal_message.html?_=1631153596934&CODE_STATE=getMsg HTTP/1.1" 200 27
61.151.207.158 - - [09/Sep/2021:10:13:04 +0800] "GET /xingrg/kc/buy/cgsh_order_operate.html?command=get_materiel&rest_code=00106&code=00101008147&supplier_code=00100009&order_time=2021-09-09 HTTP/1.1" 302 -
61.151.207.158 - - [09/Sep/2021:10:13:06 +0800] "GET /xingrg/login.html HTTP/1.1" 200 7641
222.69.133.238 - - [09/Sep/2021:10:13:07 +0800] "GET /xingrg/all/function/internal_message.html?_=1631153585656&CODE_STATE=getMsg HTTP/1.1" 200 27
116.237.74.154 - - [09/Sep/2021:10:13:07 +0800] "GET /xingrg/kc/buy/cgsh_order_add.html HTTP/1.1" 200 63432
116.237.74.154 - - [09/Sep/2021:10:13:08 +0800] "GET /xingrg/javascript/easyui/themes/default/validatebox.css HTTP/1.1" 404 1104
116.237.74.154 - - [09/Sep/2021:10:13:08 +0800] "POST /xingrg/kc/buy/cgsh_order_operate.html HTTP/1.1" 200 8245
116.237.74.154 - - [09/Sep/2021:10:13:11 +0800] "GET /xingrg/javascript/easyui/themes/default/tree.css HTTP/1.1" 404 1090
116.237.74.154 - - [09/Sep/2021:10:13:11 +0800] "POST /xingrg/all/common/load_tree.html?tree=supplier_tree_json&isDelete=1 HTTP/1.1" 200 57687
180.169.147.146 - - [09/Sep/2021:10:13:14 +0800] "GET /xingrg/all/function/internal_message.html?_=1631153598579&CODE_STATE=getMsg HTTP/1.1" 200 27
180.169.147.146 - - [09/Sep/2021:10:13:18 +0800] "GET /xingrg/all/function/internal_message.html?_=1631153587561&CODE_STATE=getMsg HTTP/1.1" 200 27
180.169.147.146 - - [09/Sep/2021:10:13:18 +0800] "GET /xingrg/check_reg.html?_=1631153587563 HTTP/1.1" 200 22
116.237.74.154 - - [09/Sep/2021:10:13:21 +0800] "GET /xingrg/kc/buy/cgsh_order_operate.html?command=get_materiel&rest_code=00106&code=00101006065&supplier_code=00100015&order_time=2021-09-09 HTTP/1.1" 200 411
101.83.145.79 - - [09/Sep/2021:10:13:22 +0800] "GET /xingrg/all/function/internal_message.html?_=1631153551284&CODE_STATE=getMsg HTTP/1.1" 200 27
116.238.168.124 - - [09/Sep/2021:10:13:26 +0800] "GET /xingrg/all/function/internal_message.html?_=1631153585372&CODE_STATE=getMsg HTTP/1.1" 200 27
120.253.135.82 - - [09/Sep/2021:10:13:27 +0800] "GET /xingrg/check_reg.html?_=1631153380832 HTTP/1.1" 200 22
61.151.178.164 - - [09/Sep/2021:10:13:29 +0800] "GET /xingrg/kc/print/load_data.html?order_code=212021090903587&kc_code=cgsh&condition= HTTP/1.1" 302 -
61.151.178.164 - - [09/Sep/2021:10:13:31 +0800] "GET /xingrg/login.html HTTP/1.1" 200 7641
61.151.178.217 - - [09/Sep/2021:10:13:35 +0800] "GET /xingrg/kc/print/load_data.html?order_code=212021090903587&kc_code=cgsh HTTP/1.1" 302 -
116.237.74.154 - - [09/Sep/2021:10:13:36 +0800] "GET /xingrg/kc/buy/cgsh_order_operate.html?command=get_materiel&rest_code=00106&code=00101006029&supplier_code=00100015&order_time=2021-09-09 HTTP/1.1" 200 411
61.151.178.217 - - [09/Sep/2021:10:13:36 +0800] "GET /xingrg/login.html HTTP/1.1" 200 7641
116.238.194.18 - - [09/Sep/2021:10:13:39 +0800] "GET /xingrg/all/function/internal_message.html?_=1631153594358&CODE_STATE=getMsg HTTP/1.1" 200 27
180.169.147.146 - - [09/Sep/2021:10:13:40 +0800] "GET /xingrg/all/function/internal_message.html?_=1631153649832&CODE_STATE=getMsg HTTP/1.1" 200 27
180.169.147.146 - - [09/Sep/2021:10:13:44 +0800] "GET /xingrg/all/function/internal_message.html?_=1631153624910&CODE_STATE=getMsg HTTP/1.1" 200 27
172.20.0.100 - - [09/Sep/2021:10:13:44 +0800] "GET /xingrg/all/function/internal_message.html?_=1631153623813&CODE_STATE=getMsg HTTP/1.1" 200 27
116.238.194.18 - - [09/Sep/2021:10:13:46 +0800] "GET /xingrg/check_reg.html?_=1631153626059 HTTP/1.1" 200 22
116.238.194.18 - - [09/Sep/2021:10:13:46 +0800] "GET /xingrg/all/function/internal_message.html?_=1631153626061&CODE_STATE=getMsg HTTP/1.1" 200 27
116.237.74.154 - - [09/Sep/2021:10:13:47 +0800] "GET /xingrg/kc/buy/cgsh_order_operate.html?command=get_materiel&rest_code=00106&code=00101006112&supplier_code=00100015&order_time=2021-09-09 HTTP/1.1" 200 409
116.233.77.86 - - [09/Sep/2021:10:13:47 +0800] "GET /xingrg/all/function/internal_message.html?_=1631153627554&CODE_STATE=getMsg HTTP/1.1" 200 27
116.233.77.86 - - [09/Sep/2021:10:13:47 +0800] "GET /xingrg/check_reg.html?_=1631153627557 HTTP/1.1" 200 22
58.37.227.186 - - [09/Sep/2021:10:13:48 +0800] "GET /xingrg/all/function/internal_message.html?_=1631153508150&CODE_STATE=getMsg HTTP/1.1" 200 27
58.37.227.186 - - [09/Sep/2021:10:13:49 +0800] "GET /xingrg/check_reg.html?_=1631153508152 HTTP/1.1" 200 22
180.169.147.146 - - [09/Sep/2021:10:13:51 +0800] "GET /favicon.ico HTTP/1.1" 404 -
116.237.74.154 - - [09/Sep/2021:10:13:56 +0800] "GET /xingrg/check_reg.html?_=1631153631475 HTTP/1.1" 200 22
116.237.74.154 - - [09/Sep/2021:10:13:56 +0800] "GET /xingrg/all/function/internal_message.html?_=1631153631477&CODE_STATE=getMsg HTTP/1.1" 200 27
61.151.178.197 - - [09/Sep/2021:10:13:56 +0800] "GET /xingrg/all/function/internal_message.html?_=1631153571463&CODE_STATE=getMsg HTTP/1.1" 302 -
61.151.178.197 - - [09/Sep/2021:10:13:56 +0800] "GET /xingrg/login.html HTTP/1.1" 200 7641
120.253.135.82 - - [09/Sep/2021:10:14:01 +0800] "GET /xingrg/check_reg.html?_=1631153414449 HTTP/1.1" 200 22
116.237.74.154 - - [09/Sep/2021:10:14:01 +0800] "GET /xingrg/kc/buy/cgsh_order_operate.html?command=get_materiel&rest_code=00106&code=00101006195&supplier_code=00100015&order_time=2021-09-09 HTTP/1.1" 200 411
120.253.135.82 - - [09/Sep/2021:10:14:01 +0800] "GET /xingrg/all/function/internal_message.html?_=1631153414622&CODE_STATE=getMsg HTTP/1.1" 200 27
222.70.179.190 - - [09/Sep/2021:10:14:03 +0800] "GET /xingrg/all/function/internal_message.html?_=1631153639644&CODE_STATE=getMsg HTTP/1.1" 200 27
222.70.246.151 - - [09/Sep/2021:10:14:04 +0800] "GET /xingrg/all/function/internal_message.html?_=1631153657547&CODE_STATE=getMsg HTTP/1.1" 200 27
222.69.133.238 - - [09/Sep/2021:10:14:07 +0800] "GET /xingrg/all/function/internal_message.html?_=1631153645649&CODE_STATE=getMsg HTTP/1.1" 200 27
222.69.133.238 - - [09/Sep/2021:10:14:07 +0800] "GET /xingrg/check_reg.html?_=1631153645852 HTTP/1.1" 200 22
101.83.145.79 - - [09/Sep/2021:10:14:10 +0800] "GET /xingrg/kc/buy/cgsh_order_operate.html?command=get_materiel&rest_code=00105&code=00101008350&supplier_code=00100203&order_time=2021-09-09 HTTP/1.1" 200 408
180.169.147.146 - - [09/Sep/2021:10:14:14 +0800] "GET /xingrg/all/function/internal_message.html?_=1631153658588&CODE_STATE=getMsg HTTP/1.1" 200 27
180.169.147.146 - - [09/Sep/2021:10:14:18 +0800] "GET /xingrg/all/function/internal_message.html?_=1631153647560&CODE_STATE=getMsg HTTP/1.1" 200 27
116.237.74.154 - - [09/Sep/2021:10:14:19 +0800] "GET /xingrg/kc/buy/cgsh_order_operate.html?command=get_materiel&rest_code=00106&code=00101006177&supplier_code=00100015&order_time=2021-09-09 HTTP/1.1" 200 409
61.151.207.205 - - [09/Sep/2021:10:14:20 +0800] "GET /xingrg/kc/buy/cgsh_order_operate.html?command=get_materiel&rest_code=00106&code=00101006065&supplier_code=00100015&order_time=2021-09-09 HTTP/1.1" 302 -
222.69.133.238 - - [09/Sep/2021:10:14:21 +0800] "GET /xingrg/kc/buy/cgsh_order_operate.html?command=get_materiel&rest_code=00149&code=00101002041&supplier_code=00100039&order_time=2021-09-09 HTTP/1.1" 200 411
61.151.207.205 - - [09/Sep/2021:10:14:21 +0800] "GET /xingrg/login.html HTTP/1.1" 200 7641
101.83.145.79 - - [09/Sep/2021:10:14:22 +0800] "GET /xingrg/all/function/internal_message.html?_=1631153611261&CODE_STATE=getMsg HTTP/1.1" 200 27
101.83.145.79 - - [09/Sep/2021:10:14:23 +0800] "GET /xingrg/check_reg.html?_=1631153612795 HTTP/1.1" 200 22
116.238.168.124 - - [09/Sep/2021:10:14:27 +0800] "GET /xingrg/all/function/internal_message.html?_=1631153646265&CODE_STATE=getMsg HTTP/1.1" 200 27
116.237.74.154 - - [09/Sep/2021:10:14:29 +0800] "GET /xingrg/kc/buy/cgsh_order_operate.html?command=get_materiel&rest_code=00106&code=00101006174&supplier_code=00100015&order_time=2021-09-09 HTTP/1.1" 200 414
101.89.239.120 - - [09/Sep/2021:10:14:33 +0800] "GET /xingrg/kc/buy/cgsh_order_operate.html?command=get_materiel&rest_code=00106&code=00101006029&supplier_code=00100015&order_time=2021-09-09 HTTP/1.1" 302 -
101.89.239.120 - - [09/Sep/2021:10:14:34 +0800] "GET /xingrg/login.html HTTP/1.1" 200 7641
222.69.133.238 - - [09/Sep/2021:10:14:37 +0800] "GET /xingrg/kc/buy/cgsh_order_operate.html?command=get_materiel&rest_code=00149&code=00101003037&supplier_code=00100039&order_time=2021-09-09 HTTP/1.1" 200 413
116.237.74.154 - - [09/Sep/2021:10:14:37 +0800] "GET /xingrg/kc/buy/cgsh_order_operate.html?command=get_materiel&rest_code=00106&code=00101006062&supplier_code=00100015&order_time=2021-09-09 HTTP/1.1" 200 409
116.238.194.18 - - [09/Sep/2021:10:14:38 +0800] "GET /xingrg/check_reg.html?_=1631153653503 HTTP/1.1" 200 22
116.238.194.18 - - [09/Sep/2021:10:14:39 +0800] "GET /xingrg/all/function/internal_message.html?_=1631153654372&CODE_STATE=getMsg HTTP/1.1" 200 27
180.169.147.146 - - [09/Sep/2021:10:14:40 +0800] "GET /xingrg/all/function/internal_message.html?_=1631153709839&CODE_STATE=getMsg HTTP/1.1" 200 27
180.169.147.146 - - [09/Sep/2021:10:14:44 +0800] "GET /xingrg/all/function/internal_message.html?_=1631153684915&CODE_STATE=getMsg HTTP/1.1" 200 27
172.20.0.100 - - [09/Sep/2021:10:14:44 +0800] "GET /xingrg/all/function/internal_message.html?_=1631153683816&CODE_STATE=getMsg HTTP/1.1" 200 27
172.20.0.100 - - [09/Sep/2021:10:14:44 +0800] "GET /xingrg/check_reg.html?_=1631153683820 HTTP/1.1" 200 22
101.89.239.238 - - [09/Sep/2021:10:14:44 +0800] "GET /xingrg/kc/buy/cgsh_order_operate.html?command=get_materiel&rest_code=00106&code=00101006112&supplier_code=00100015&order_time=2021-09-09 HTTP/1.1" 302 -
116.238.194.18 - - [09/Sep/2021:10:14:44 +0800] "POST /xingrg/all/user/operate.html HTTP/1.1" 200 36
116.238.194.18 - - [09/Sep/2021:10:14:44 +0800] "GET /xingrg/index.html?sysBaseUrl=http%3A%2F%2F180.169.147.146%3A18081%2Fxingrg%2F&costTime=85×tamp=1631015945011 HTTP/1.1" 200 17179
116.238.194.18 - - [09/Sep/2021:10:14:44 +0800] "GET /xingrg/javascript/jquery_easy_ui/themes/default/easyui.css HTTP/1.1" 304 -
116.238.194.18 - - [09/Sep/2021:10:14:44 +0800] "GET /xingrg/javascript/jquery_easy_ui/themes/icon.css HTTP/1.1" 304 -
116.238.194.18 - - [09/Sep/2021:10:14:44 +0800] "GET /xingrg/css/form.css HTTP/1.1" 304 -
116.238.194.18 - - [09/Sep/2021:10:14:44 +0800] "GET /xingrg/javascript/jquery-1.4.2.min.js HTTP/1.1" 304 -
116.238.194.18 - - [09/Sep/2021:10:14:44 +0800] "GET /xingrg/javascript/jquery_easy_ui/jquery.easyui.min.js HTTP/1.1" 304 -
116.238.194.18 - - [09/Sep/2021:10:14:44 +0800] "GET /xingrg/javascript/jquery_easy_ui/easyui-lang-zh_CN.js HTTP/1.1" 304 -
116.238.194.18 - - [09/Sep/2021:10:14:44 +0800] "GET /xingrg/javascript/jquery.form.js HTTP/1.1" 304 -
116.238.194.18 - - [09/Sep/2021:10:14:44 +0800] "GET /xingrg/javascript/jquery.utils.js HTTP/1.1" 304 -
116.238.194.18 - - [09/Sep/2021:10:14:44 +0800] "GET /xingrg/javascript/jquery.timers.js HTTP/1.1" 304 -
116.238.194.18 - - [09/Sep/2021:10:14:44 +0800] "GET /xingrg/images/blue/jxLogo.png HTTP/1.1" 304 -
116.238.194.18 - - [09/Sep/2021:10:14:44 +0800] "GET /xingrg/images/blue/navBackgound.jpg HTTP/1.1" 304 -
