172.20.0.100 - - [09/Sep/2021:09:13:44 +0800] "GET /xingrg/all/function/internal_message.html?_=1631150023819&CODE_STATE=getMsg HTTP/1.1" 200 27
222.70.179.190 - - [09/Sep/2021:09:13:44 +0800] "GET /xingrg/kc/buy/cgsh_order_operate.html?command=get_materiel&rest_code=00111&code=00101018011&supplier_code=00100012&order_time=2021-09-09 HTTP/1.1" 200 413
116.238.168.124 - - [09/Sep/2021:09:13:45 +0800] "GET /xingrg/check_reg.html?_=1631150004524 HTTP/1.1" 200 22
101.83.145.79 - - [09/Sep/2021:09:13:49 +0800] "GET /xingrg/kc/buy/cgsh_order_operate.html?command=get_materiel&rest_code=00105&code=00101008244&supplier_code=00100203&order_time=2021-09-09 HTTP/1.1" 200 408
222.70.246.151 - - [09/Sep/2021:09:13:50 +0800] "GET /xingrg/all/function/internal_message.html?_=1631150043890&CODE_STATE=getMsg HTTP/1.1" 200 27
222.70.246.151 - - [09/Sep/2021:09:13:56 +0800] "POST /xingrg/services/DataTransmitService HTTP/1.1" 200 501
222.70.246.151 - - [09/Sep/2021:09:13:57 +0800] "POST /xingrg/services/DataTransmitService HTTP/1.1" 200 501
116.238.194.18 - - [09/Sep/2021:09:13:57 +0800] "GET /xingrg/check_reg.html?_=1631150036627 HTTP/1.1" 200 22
116.238.194.18 - - [09/Sep/2021:09:13:57 +0800] "GET /xingrg/all/function/internal_message.html?_=1631150036625&CODE_STATE=getMsg HTTP/1.1" 200 27
101.83.145.79 - - [09/Sep/2021:09:13:57 +0800] "POST /xingrg/kc/buy/cgsh_order_operate.html HTTP/1.1" 200 2065
222.70.246.151 - - [09/Sep/2021:09:13:59 +0800] "POST /xingrg/services/DataTransmitService HTTP/1.1" 200 501
116.233.77.86 - - [09/Sep/2021:09:14:01 +0800] "POST /xingrg/kc/buy/cgsh_order_operate.html HTTP/1.1" 200 7990
222.70.246.151 - - [09/Sep/2021:09:14:02 +0800] "POST /xingrg/services/DataTransmitService HTTP/1.1" 200 501
222.70.246.151 - - [09/Sep/2021:09:14:02 +0800] "POST /xingrg/services/DataTransmitService HTTP/1.1" 200 501
222.70.179.190 - - [09/Sep/2021:09:14:03 +0800] "GET /xingrg/all/function/internal_message.html?_=1631150039618&CODE_STATE=getMsg HTTP/1.1" 200 27
222.70.246.151 - - [09/Sep/2021:09:14:03 +0800] "POST /xingrg/services/DataTransmitService HTTP/1.1" 200 501
222.70.246.151 - - [09/Sep/2021:09:14:03 +0800] "POST /xingrg/services/DataTransmitService HTTP/1.1" 200 501
222.70.246.151 - - [09/Sep/2021:09:14:04 +0800] "POST /xingrg/services/DataTransmitService HTTP/1.1" 200 501
222.70.246.151 - - [09/Sep/2021:09:14:04 +0800] "POST /xingrg/services/DataTransmitService HTTP/1.1" 200 501
222.70.246.151 - - [09/Sep/2021:09:14:05 +0800] "POST /xingrg/services/DataTransmitService HTTP/1.1" 200 412
222.69.133.238 - - [09/Sep/2021:09:14:07 +0800] "GET /xingrg/check_reg.html?_=1631150045629 HTTP/1.1" 200 22
222.69.133.238 - - [09/Sep/2021:09:14:07 +0800] "GET /xingrg/all/function/internal_message.html?_=1631150045632&CODE_STATE=getMsg HTTP/1.1" 200 27
116.233.77.86 - - [09/Sep/2021:09:14:08 +0800] "GET /xingrg/kc/buy/cgsh_order_operate.html?command=get_materiel&rest_code=00109&code=00101008354&supplier_code=00100005&order_time=2021-09-09 HTTP/1.1" 200 412
116.233.77.86 - - [09/Sep/2021:09:14:09 +0800] "GET /xingrg/all/function/internal_message.html?_=1631150049222&CODE_STATE=getMsg HTTP/1.1" 200 27
101.83.145.79 - - [09/Sep/2021:09:14:12 +0800] "GET /xingrg/kc/buy/cgsh_order_operate.html?command=get_materiel&rest_code=00105&code=00101008186&supplier_code=00100203&order_time=2021-09-09 HTTP/1.1" 200 410
116.238.168.124 - - [09/Sep/2021:09:14:12 +0800] "GET /xingrg/all/function/internal_message.html?_=1631150031512&CODE_STATE=getMsg HTTP/1.1" 200 27
116.237.74.154 - - [09/Sep/2021:09:14:13 +0800] "GET /xingrg/all/function/internal_message.html?_=1631150054428&CODE_STATE=getMsg HTTP/1.1" 200 27
116.233.77.86 - - [09/Sep/2021:09:14:16 +0800] "GET /xingrg/kc/buy/cgsh_order_operate.html?command=get_materiel&rest_code=00109&code=00101008351&supplier_code=00100005&order_time=2021-09-09 HTTP/1.1" 200 408
116.233.77.86 - - [09/Sep/2021:09:14:22 +0800] "GET /xingrg/kc/buy/cgsh_order_operate.html?command=get_materiel&rest_code=00109&code=00101008125&supplier_code=00100005&order_time=2021-09-09 HTTP/1.1" 200 413
101.83.145.79 - - [09/Sep/2021:09:14:23 +0800] "GET /xingrg/all/function/internal_message.html?_=1631150012364&CODE_STATE=getMsg HTTP/1.1" 200 27
101.83.145.79 - - [09/Sep/2021:09:14:23 +0800] "GET /xingrg/check_reg.html?_=1631150012742 HTTP/1.1" 200 22
58.37.227.186 - - [09/Sep/2021:09:14:29 +0800] "GET /xingrg/all/function/internal_message.html?_=1631149948402&CODE_STATE=getMsg HTTP/1.1" 200 27
116.230.105.26 - - [09/Sep/2021:09:14:32 +0800] "GET /xingrg/check_reg.html?_=1631150012132 HTTP/1.1" 200 22
116.230.105.26 - - [09/Sep/2021:09:14:32 +0800] "GET /xingrg/all/function/internal_message.html?_=1631150012135&CODE_STATE=getMsg HTTP/1.1" 200 27
222.70.179.190 - - [09/Sep/2021:09:14:33 +0800] "GET /xingrg/kc/buy/cgsh_order_operate.html?command=get_materiel&rest_code=00111&code=00101006055&supplier_code=00100012&order_time=2021-09-09 HTTP/1.1" 200 409
116.233.77.86 - - [09/Sep/2021:09:14:36 +0800] "GET /xingrg/kc/buy/cgsh_order_operate.html?command=get_materiel&rest_code=00109&code=00101008110&supplier_code=00100005&order_time=2021-09-09 HTTP/1.1" 200 408
116.238.194.18 - - [09/Sep/2021:09:14:38 +0800] "GET /xingrg/check_reg.html?_=1631150053441 HTTP/1.1" 200 22
116.238.194.18 - - [09/Sep/2021:09:14:38 +0800] "GET /xingrg/all/function/internal_message.html?_=1631150053556&CODE_STATE=getMsg HTTP/1.1" 200 27
116.233.77.86 - - [09/Sep/2021:09:14:39 +0800] "POST /xingrg/kc/buy/cgsh_order_operate.html HTTP/1.1" 200 2065
180.169.147.146 - - [09/Sep/2021:09:14:40 +0800] "GET /xingrg/check_reg.html?_=1631150081584 HTTP/1.1" 302 -
116.233.77.86 - - [09/Sep/2021:09:14:43 +0800] "GET /xingrg/kc/buy/cgsh_order_operate.html?command=get_materiel&rest_code=00109&code=00101008163&supplier_code=00100005&order_time=2021-09-09 HTTP/1.1" 200 409
172.20.0.100 - - [09/Sep/2021:09:14:44 +0800] "GET /xingrg/all/function/internal_message.html?_=1631150083821&CODE_STATE=getMsg HTTP/1.1" 200 27
172.20.0.100 - - [09/Sep/2021:09:14:44 +0800] "GET /xingrg/check_reg.html?_=1631150083824 HTTP/1.1" 200 22
222.70.179.190 - - [09/Sep/2021:09:14:47 +0800] "GET /xingrg/kc/buy/cgsh_order_operate.html?command=get_materiel&rest_code=00111&code=00101006065&supplier_code=00100012&order_time=2021-09-09 HTTP/1.1" 200 411
101.83.145.79 - - [09/Sep/2021:09:14:49 +0800] "GET /xingrg/kc/buy/cgsh_order_operate.html?command=get_materiel&rest_code=00105&code=00101008038&supplier_code=00100203&order_time=2021-09-09 HTTP/1.1" 200 412
222.70.246.151 - - [09/Sep/2021:09:14:50 +0800] "GET /xingrg/all/function/internal_message.html?_=1631150103900&CODE_STATE=getMsg HTTP/1.1" 200 27
116.230.105.26 - - [09/Sep/2021:09:14:51 +0800] "GET /xingrg/kc/buy/cgsh_order_add.html HTTP/1.1" 200 63394
116.230.105.26 - - [09/Sep/2021:09:14:51 +0800] "POST /xingrg/kc/buy/cgsh_order_operate.html HTTP/1.1" 200 8245
116.230.105.26 - - [09/Sep/2021:09:14:51 +0800] "GET /xingrg/javascript/easyui/themes/default/validatebox.css HTTP/1.1" 404 1104
116.233.77.86 - - [09/Sep/2021:09:14:51 +0800] "GET /xingrg/kc/buy/cgsh_order_operate.html?command=get_materiel&rest_code=00109&code=00101008355&supplier_code=00100005&order_time=2021-09-09 HTTP/1.1" 200 408
116.233.77.86 - - [09/Sep/2021:09:14:55 +0800] "GET /xingrg/kc/buy/cgsh_order_operate.html?command=get_materiel&rest_code=00109&code=00101008148&supplier_code=00100005&order_time=2021-09-09 HTTP/1.1" 200 416
116.238.194.18 - - [09/Sep/2021:09:14:57 +0800] "GET /xingrg/all/function/internal_message.html?_=1631150096610&CODE_STATE=getMsg HTTP/1.1" 200 27
222.70.179.190 - - [09/Sep/2021:09:15:03 +0800] "GET /xingrg/all/function/internal_message.html?_=1631150099621&CODE_STATE=getMsg HTTP/1.1" 200 27
116.233.77.86 - - [09/Sep/2021:09:15:03 +0800] "GET /xingrg/kc/buy/cgsh_order_operate.html?command=get_materiel&rest_code=00109&code=00101008439&supplier_code=00100005&order_time=2021-09-09 HTTP/1.1" 200 399
222.69.133.238 - - [09/Sep/2021:09:15:07 +0800] "GET /xingrg/all/function/internal_message.html?_=1631150105632&CODE_STATE=getMsg HTTP/1.1" 200 27
222.70.179.190 - - [09/Sep/2021:09:15:07 +0800] "GET /xingrg/kc/buy/cgsh_order_operate.html?command=get_materiel&rest_code=00111&code=00101006056&supplier_code=00100012&order_time=2021-09-09 HTTP/1.1" 200 413
116.233.77.86 - - [09/Sep/2021:09:15:09 +0800] "GET /xingrg/all/function/internal_message.html?_=1631150109217&CODE_STATE=getMsg HTTP/1.1" 200 27
116.238.168.124 - - [09/Sep/2021:09:15:12 +0800] "GET /xingrg/all/function/internal_message.html?_=1631150091525&CODE_STATE=getMsg HTTP/1.1" 200 27
116.233.77.86 - - [09/Sep/2021:09:15:13 +0800] "GET /xingrg/kc/buy/cgsh_order_operate.html?command=get_materiel&rest_code=00109&code=00101008357&supplier_code=00100005&order_time=2021-09-09 HTTP/1.1" 200 408
116.237.74.154 - - [09/Sep/2021:09:15:13 +0800] "GET /xingrg/all/function/internal_message.html?_=1631150114428&CODE_STATE=getMsg HTTP/1.1" 200 27
116.230.105.26 - - [09/Sep/2021:09:15:15 +0800] "GET /xingrg/kc/buy/cgsh_order_operate.html?command=get_materiel&rest_code=00155&code=00101001075&supplier_code=00100199&order_time=2021-09-09 HTTP/1.1" 200 409
222.70.179.190 - - [09/Sep/2021:09:15:20 +0800] "GET /xingrg/kc/buy/cgsh_order_operate.html?command=get_materiel&rest_code=00111&code=00101006184&supplier_code=00100012&order_time=2021-09-09 HTTP/1.1" 200 408
116.233.77.86 - - [09/Sep/2021:09:15:20 +0800] "GET /xingrg/kc/buy/cgsh_order_operate.html?command=get_materiel&rest_code=00109&code=00101008230&supplier_code=00100005&order_time=2021-09-09 HTTP/1.1" 200 408
116.233.77.86 - - [09/Sep/2021:09:15:22 +0800] "POST /xingrg/kc/buy/cgsh_order_operate.html HTTP/1.1" 200 2065
101.83.145.79 - - [09/Sep/2021:09:15:23 +0800] "GET /xingrg/all/function/internal_message.html?_=1631150072330&CODE_STATE=getMsg HTTP/1.1" 200 27
116.230.105.26 - - [09/Sep/2021:09:15:25 +0800] "GET /xingrg/kc/buy/cgsh_order_operate.html?command=get_materiel&rest_code=00155&code=00101002027&supplier_code=00100199&order_time=2021-09-09 HTTP/1.1" 200 413
116.233.77.86 - - [09/Sep/2021:09:15:27 +0800] "GET /xingrg/kc/buy/cgsh_order_operate.html?command=get_materiel&rest_code=00109&code=00101008069&supplier_code=00100005&order_time=2021-09-09 HTTP/1.1" 200 412
58.37.227.186 - - [09/Sep/2021:09:15:29 +0800] "GET /xingrg/all/function/internal_message.html?_=1631150008401&CODE_STATE=getMsg HTTP/1.1" 200 27
58.37.227.186 - - [09/Sep/2021:09:15:29 +0800] "GET /xingrg/check_reg.html?_=1631150008403 HTTP/1.1" 200 22
116.230.105.26 - - [09/Sep/2021:09:15:32 +0800] "GET /xingrg/all/function/internal_message.html?_=1631150072147&CODE_STATE=getMsg HTTP/1.1" 200 27
116.230.105.26 - - [09/Sep/2021:09:15:32 +0800] "GET /xingrg/kc/buy/cgsh_order_operate.html?command=get_materiel&rest_code=00155&code=00101001111&supplier_code=00100199&order_time=2021-09-09 HTTP/1.1" 200 409
116.233.77.86 - - [09/Sep/2021:09:15:34 +0800] "GET /xingrg/kc/buy/cgsh_order_operate.html?command=get_materiel&rest_code=00109&code=00101008131&supplier_code=00100005&order_time=2021-09-09 HTTP/1.1" 200 408
116.238.194.18 - - [09/Sep/2021:09:15:38 +0800] "GET /xingrg/all/function/internal_message.html?_=1631150113570&CODE_STATE=getMsg HTTP/1.1" 200 27
101.83.145.79 - - [09/Sep/2021:09:15:39 +0800] "GET /xingrg/kc/buy/cgsh_order_operate.html?command=get_materiel&rest_code=00105&code=00101008221&supplier_code=00100203&order_time=2021-09-09 HTTP/1.1" 200 412
116.230.105.26 - - [09/Sep/2021:09:15:40 +0800] "GET /xingrg/kc/buy/cgsh_order_operate.html?command=get_materiel&rest_code=00155&code=00101004038&supplier_code=00100199&order_time=2021-09-09 HTTP/1.1" 200 429
58.40.7.146 - - [09/Sep/2021:09:15:41 +0800] "GET /xingrg/check_reg.html?_=1631150141596 HTTP/1.1" 302 -
116.233.77.86 - - [09/Sep/2021:09:15:42 +0800] "GET /xingrg/kc/buy/cgsh_order_operate.html?command=get_materiel&rest_code=00109&code=00101008352&supplier_code=00100005&order_time=2021-09-09 HTTP/1.1" 200 412
172.20.0.100 - - [09/Sep/2021:09:15:44 +0800] "GET /xingrg/all/function/internal_message.html?_=1631150143810&CODE_STATE=getMsg HTTP/1.1" 200 27
222.70.179.190 - - [09/Sep/2021:09:15:45 +0800] "GET /xingrg/kc/buy/cgsh_order_operate.html?command=get_materiel&rest_code=00111&code=00101011010&supplier_code=00100012&order_time=2021-09-09 HTTP/1.1" 200 418
116.233.77.86 - - [09/Sep/2021:09:15:49 +0800] "GET /xingrg/kc/buy/cgsh_order_operate.html?command=get_materiel&rest_code=00109&code=00101008005&supplier_code=00100005&order_time=2021-09-09 HTTP/1.1" 200 412
116.230.105.26 - - [09/Sep/2021:09:15:49 +0800] "GET /xingrg/kc/buy/cgsh_order_operate.html?command=get_materiel&rest_code=00155&code=00101002006&supplier_code=00100199&order_time=2021-09-09 HTTP/1.1" 200 414
222.70.246.151 - - [09/Sep/2021:09:15:51 +0800] "GET /xingrg/all/function/internal_message.html?_=1631150164486&CODE_STATE=getMsg HTTP/1.1" 200 27
58.40.7.146 - - [09/Sep/2021:09:15:56 +0800] "GET /xingrg/check_reg.html?_=1631150156494 HTTP/1.1" 302 -
116.238.194.18 - - [09/Sep/2021:09:15:57 +0800] "GET /xingrg/all/function/internal_message.html?_=1631150156632&CODE_STATE=getMsg HTTP/1.1" 200 27
116.233.77.86 - - [09/Sep/2021:09:15:57 +0800] "GET /xingrg/kc/buy/cgsh_order_operate.html?command=get_materiel&rest_code=00109&code=00101008353&supplier_code=00100005&order_time=2021-09-09 HTTP/1.1" 200 408
222.70.179.190 - - [09/Sep/2021:09:16:00 +0800] "POST /xingrg/kc/buy/cgsh_order_operate.html HTTP/1.1" 200 37
222.70.179.190 - - [09/Sep/2021:09:16:03 +0800] "GET /xingrg/all/function/internal_message.html?_=1631150159623&CODE_STATE=getMsg HTTP/1.1" 200 27
116.230.105.26 - - [09/Sep/2021:09:16:04 +0800] "POST /xingrg/kc/buy/cgsh_order_operate.html HTTP/1.1" 200 37
222.70.179.190 - - [09/Sep/2021:09:16:04 +0800] "POST /xingrg/kc/buy/cgsh_order_operate.html HTTP/1.1" 200 8637
116.230.105.26 - - [09/Sep/2021:09:16:05 +0800] "POST /xingrg/kc/buy/cgsh_order_operate.html HTTP/1.1" 200 5022
222.70.179.190 - - [09/Sep/2021:09:16:06 +0800] "GET /xingrg/kc/print/load_data.html?order_code=212021090903555&kc_code=cgsh&condition= HTTP/1.1" 200 3049
116.230.105.26 - - [09/Sep/2021:09:16:06 +0800] "GET /xingrg/kc/print/load_data.html?order_code=212021090903556&kc_code=cgsh&condition= HTTP/1.1" 200 1582
222.69.133.238 - - [09/Sep/2021:09:16:07 +0800] "GET /xingrg/all/function/internal_message.html?_=1631150165638&CODE_STATE=getMsg HTTP/1.1" 200 27
116.233.77.86 - - [09/Sep/2021:09:16:09 +0800] "GET /xingrg/all/function/internal_message.html?_=1631150169225&CODE_STATE=getMsg HTTP/1.1" 200 27
222.70.179.190 - - [09/Sep/2021:09:16:11 +0800] "GET /xingrg/kc/print/load_data.html?order_code=212021090903555&kc_code=cgsh HTTP/1.1" 200 3049
116.238.168.124 - - [09/Sep/2021:09:16:13 +0800] "GET /xingrg/all/function/internal_message.html?_=1631150152387&CODE_STATE=getMsg HTTP/1.1" 200 27
116.237.74.154 - - [09/Sep/2021:09:16:13 +0800] "GET /xingrg/check_reg.html?_=1631150174428 HTTP/1.1" 200 22
116.237.74.154 - - [09/Sep/2021:09:16:13 +0800] "GET /xingrg/all/function/internal_message.html?_=1631150174431&CODE_STATE=getMsg HTTP/1.1" 200 27
116.233.77.86 - - [09/Sep/2021:09:16:14 +0800] "POST /xingrg/kc/buy/cgsh_order_operate.html HTTP/1.1" 200 2065
116.233.77.86 - - [09/Sep/2021:09:16:19 +0800] "GET /xingrg/kc/buy/cgsh_order_operate.html?command=get_materiel&rest_code=00109&code=00101008095&supplier_code=00100005&order_time=2021-09-09 HTTP/1.1" 200 412
101.83.145.79 - - [09/Sep/2021:09:16:23 +0800] "GET /xingrg/all/function/internal_message.html?_=1631150132300&CODE_STATE=getMsg HTTP/1.1" 200 27
222.70.179.190 - - [09/Sep/2021:09:16:24 +0800] "GET /xingrg/kc/buy/cgsh_order_add.html HTTP/1.1" 200 63426
222.70.179.190 - - [09/Sep/2021:09:16:24 +0800] "POST /xingrg/kc/buy/cgsh_order_operate.html HTTP/1.1" 200 8245
222.70.179.190 - - [09/Sep/2021:09:16:24 +0800] "GET /xingrg/javascript/easyui/themes/default/validatebox.css HTTP/1.1" 404 1104
58.37.227.186 - - [09/Sep/2021:09:16:29 +0800] "GET /xingrg/all/function/internal_message.html?_=1631150068401&CODE_STATE=getMsg HTTP/1.1" 200 27
116.233.77.86 - - [09/Sep/2021:09:16:30 +0800] "GET /xingrg/kc/buy/cgsh_order_operate.html?command=get_materiel&rest_code=00109&code=00101008196&supplier_code=00100005&order_time=2021-09-09 HTTP/1.1" 200 416
222.70.246.151 - - [09/Sep/2021:09:16:30 +0800] "GET /xingrg/check_reg.html?_=1631150203792 HTTP/1.1" 200 22
116.230.105.26 - - [09/Sep/2021:09:16:32 +0800] "GET /xingrg/all/function/internal_message.html?_=1631150132120&CODE_STATE=getMsg HTTP/1.1" 200 27
222.70.179.190 - - [09/Sep/2021:09:16:35 +0800] "GET /xingrg/kc/buy/cgsh_order_operate.html?command=get_materiel&rest_code=00111&code=00101001111&supplier_code=00100042&order_time=2021-09-09 HTTP/1.1" 200 409
222.69.133.238 - - [09/Sep/2021:09:16:36 +0800] "GET /xingrg/kc/buy/cgsh_order_operate.html?command=get_materiel&rest_code=00149&code=00101011003&supplier_code=00100051&order_time=2021-09-09 HTTP/1.1" 200 413
116.233.77.86 - - [09/Sep/2021:09:16:37 +0800] "GET /xingrg/kc/buy/cgsh_order_operate.html?command=get_materiel&rest_code=00109&code=00101008197&supplier_code=00100005&order_time=2021-09-09 HTTP/1.1" 200 416
116.238.194.18 - - [09/Sep/2021:09:16:38 +0800] "GET /xingrg/all/function/internal_message.html?_=1631150173584&CODE_STATE=getMsg HTTP/1.1" 200 27
172.20.0.100 - - [09/Sep/2021:09:16:44 +0800] "GET /xingrg/all/function/internal_message.html?_=1631150203813&CODE_STATE=getMsg HTTP/1.1" 200 27
222.69.133.238 - - [09/Sep/2021:09:16:44 +0800] "GET /xingrg/kc/buy/cgsh_order_operate.html?command=get_materiel&rest_code=00149&code=00101011005&supplier_code=00100051&order_time=2021-09-09 HTTP/1.1" 200 428
116.233.77.86 - - [09/Sep/2021:09:16:51 +0800] "GET /xingrg/kc/buy/cgsh_order_operate.html?command=get_materiel&rest_code=00109&code=00101008176&supplier_code=00100005&order_time=2021-09-09 HTTP/1.1" 200 412
222.70.246.151 - - [09/Sep/2021:09:16:51 +0800] "GET /xingrg/all/function/internal_message.html?_=1631150224490&CODE_STATE=getMsg HTTP/1.1" 200 27
222.70.179.190 - - [09/Sep/2021:09:16:51 +0800] "GET /xingrg/kc/buy/cgsh_order_operate.html?command=get_materiel&rest_code=00111&code=00101006067&supplier_code=00100042&order_time=2021-09-09 HTTP/1.1" 200 409
101.83.145.79 - - [09/Sep/2021:09:16:52 +0800] "GET /xingrg/kc/buy/cgsh_order_operate.html?command=get_materiel&rest_code=00105&code=00101008224&supplier_code=00100203&order_time=2021-09-09 HTTP/1.1" 200 416
116.238.194.18 - - [09/Sep/2021:09:16:57 +0800] "GET /xingrg/all/function/internal_message.html?_=1631150216623&CODE_STATE=getMsg HTTP/1.1" 200 27
222.69.133.238 - - [09/Sep/2021:09:16:57 +0800] "POST /xingrg/kc/buy/cgsh_order_operate.html HTTP/1.1" 200 37
116.233.77.86 - - [09/Sep/2021:09:17:00 +0800] "GET /xingrg/kc/buy/cgsh_order_operate.html?command=get_materiel&rest_code=00109&code=00101008055&supplier_code=00100005&order_time=2021-09-09 HTTP/1.1" 200 409
116.233.77.86 - - [09/Sep/2021:09:17:02 +0800] "POST /xingrg/kc/buy/cgsh_order_operate.html HTTP/1.1" 200 2065
222.70.179.190 - - [09/Sep/2021:09:17:03 +0800] "GET /xingrg/all/function/internal_message.html?_=1631150219614&CODE_STATE=getMsg HTTP/1.1" 200 27
222.70.179.190 - - [09/Sep/2021:09:17:03 +0800] "GET /xingrg/kc/buy/cgsh_order_operate.html?command=get_materiel&rest_code=00111&code=00101003025&supplier_code=00100042&order_time=2021-09-09 HTTP/1.1" 200 409
116.233.77.86 - - [09/Sep/2021:09:17:08 +0800] "GET /xingrg/kc/buy/cgsh_order_operate.html?command=get_materiel&rest_code=00109&code=00101008080&supplier_code=00100005&order_time=2021-09-09 HTTP/1.1" 200 416
101.83.145.79 - - [09/Sep/2021:09:17:09 +0800] "POST /xingrg/kc/buy/cgsh_order_operate.html HTTP/1.1" 200 2065
116.233.77.86 - - [09/Sep/2021:09:17:09 +0800] "GET /xingrg/all/function/internal_message.html?_=1631150229229&CODE_STATE=getMsg HTTP/1.1" 200 27
116.233.77.86 - - [09/Sep/2021:09:17:09 +0800] "GET /xingrg/check_reg.html?_=1631150229231 HTTP/1.1" 200 22
116.238.168.124 - - [09/Sep/2021:09:17:13 +0800] "GET /xingrg/all/function/internal_message.html?_=1631150212396&CODE_STATE=getMsg HTTP/1.1" 200 27
116.237.74.154 - - [09/Sep/2021:09:17:13 +0800] "GET /xingrg/all/function/internal_message.html?_=1631150234431&CODE_STATE=getMsg HTTP/1.1" 200 27
222.70.179.190 - - [09/Sep/2021:09:17:16 +0800] "GET /xingrg/kc/buy/cgsh_order_operate.html?command=get_materiel&rest_code=00111&code=00101005036&supplier_code=00100042&order_time=2021-09-09 HTTP/1.1" 200 409
116.233.77.86 - - [09/Sep/2021:09:17:18 +0800] "GET /xingrg/kc/buy/cgsh_order_operate.html?command=get_materiel&rest_code=00109&code=00101008244&supplier_code=00100005&order_time=2021-09-09 HTTP/1.1" 200 408
101.83.145.79 - - [09/Sep/2021:09:17:23 +0800] "GET /xingrg/all/function/internal_message.html?_=1631150192303&CODE_STATE=getMsg HTTP/1.1" 200 27
222.70.179.190 - - [09/Sep/2021:09:17:26 +0800] "POST /xingrg/kc/buy/cgsh_order_operate.html HTTP/1.1" 200 37
222.70.179.190 - - [09/Sep/2021:09:17:28 +0800] "POST /xingrg/kc/buy/cgsh_order_operate.html HTTP/1.1" 200 4416
58.37.227.186 - - [09/Sep/2021:09:17:29 +0800] "GET /xingrg/all/function/internal_message.html?_=1631150128400&CODE_STATE=getMsg HTTP/1.1" 200 27
222.70.179.190 - - [09/Sep/2021:09:17:30 +0800] "GET /xingrg/kc/print/load_data.html?order_code=212021090903558&kc_code=cgsh&condition= HTTP/1.1" 200 1361
116.230.105.26 - - [09/Sep/2021:09:17:32 +0800] "GET /xingrg/all/function/internal_message.html?_=1631150192135&CODE_STATE=getMsg HTTP/1.1" 200 27
101.83.145.79 - - [09/Sep/2021:09:17:36 +0800] "GET /xingrg/kc/buy/cgsh_order_operate.html?command=get_materiel&rest_code=00105&code=00101008361&supplier_code=00100203&order_time=2021-09-09 HTTP/1.1" 200 408
222.69.133.238 - - [09/Sep/2021:09:17:36 +0800] "POST /xingrg/kc/buy/cgsh_order_operate.html HTTP/1.1" 200 12
222.70.179.190 - - [09/Sep/2021:09:17:37 +0800] "GET /xingrg/kc/print/load_data.html?order_code=212021090903558&kc_code=cgsh HTTP/1.1" 200 1361
222.69.133.238 - - [09/Sep/2021:09:17:38 +0800] "GET /xingrg/kc/buy/cgsh_order_info.html?code=212021090903557 HTTP/1.1" 200 58388
222.69.133.238 - - [09/Sep/2021:09:17:38 +0800] "GET /xingrg/javascript/easyui/themes/default/validatebox.css HTTP/1.1" 404 1104
116.238.194.18 - - [09/Sep/2021:09:17:38 +0800] "GET /xingrg/all/function/internal_message.html?_=1631150233603&CODE_STATE=getMsg HTTP/1.1" 200 27
222.69.133.238 - - [09/Sep/2021:09:17:39 +0800] "POST /xingrg/kc/buy/cgsh_order_operate.html HTTP/1.1" 200 1197
172.20.0.100 - - [09/Sep/2021:09:17:44 +0800] "GET /xingrg/all/function/internal_message.html?_=1631150263816&CODE_STATE=getMsg HTTP/1.1" 200 27
58.221.95.50 - - [09/Sep/2021:09:17:45 +0800] "GET /xingrg/check_reg.html?_=1631150265169 HTTP/1.1" 302 -
222.70.179.190 - - [09/Sep/2021:09:17:46 +0800] "GET /xingrg/kc/buy/cgsh_order_add.html HTTP/1.1" 200 63426
222.70.179.190 - - [09/Sep/2021:09:17:46 +0800] "POST /xingrg/kc/buy/cgsh_order_operate.html HTTP/1.1" 200 8245
222.70.179.190 - - [09/Sep/2021:09:17:46 +0800] "GET /xingrg/javascript/easyui/themes/default/validatebox.css HTTP/1.1" 404 1104
222.70.246.151 - - [09/Sep/2021:09:17:51 +0800] "GET /xingrg/all/function/internal_message.html?_=1631150284503&CODE_STATE=getMsg HTTP/1.1" 200 27
116.238.194.18 - - [09/Sep/2021:09:17:57 +0800] "GET /xingrg/all/function/internal_message.html?_=1631150276622&CODE_STATE=getMsg HTTP/1.1" 200 27
222.70.179.190 - - [09/Sep/2021:09:18:03 +0800] "GET /xingrg/check_reg.html?_=1631150279626 HTTP/1.1" 200 22
222.70.179.190 - - [09/Sep/2021:09:18:03 +0800] "GET /xingrg/all/function/internal_message.html?_=1631150279623&CODE_STATE=getMsg HTTP/1.1" 200 27
101.83.145.79 - - [09/Sep/2021:09:18:05 +0800] "GET /xingrg/kc/buy/cgsh_order_operate.html?command=get_materiel&rest_code=00105&code=00101008067&supplier_code=00100203&order_time=2021-09-09 HTTP/1.1" 200 416
222.70.179.190 - - [09/Sep/2021:09:18:06 +0800] "GET /xingrg/kc/buy/cgsh_order_operate.html?command=get_materiel&rest_code=00111&code=00101008096&supplier_code=00100005&order_time=2021-09-09 HTTP/1.1" 200 412
222.69.133.238 - - [09/Sep/2021:09:18:07 +0800] "GET /xingrg/all/function/internal_message.html?_=1631150285665&CODE_STATE=getMsg HTTP/1.1" 200 27
116.233.77.86 - - [09/Sep/2021:09:18:09 +0800] "GET /xingrg/all/function/internal_message.html?_=1631150289229&CODE_STATE=getMsg HTTP/1.1" 200 27
116.237.74.154 - - [09/Sep/2021:09:18:13 +0800] "GET /xingrg/all/function/internal_message.html?_=1631150294433&CODE_STATE=getMsg HTTP/1.1" 200 27
116.238.168.124 - - [09/Sep/2021:09:18:14 +0800] "GET /xingrg/all/function/internal_message.html?_=1631150273231&CODE_STATE=getMsg HTTP/1.1" 200 27
222.69.133.238 - - [09/Sep/2021:09:18:15 +0800] "GET /xingrg/kc/print/load_data.html?order_code=212021090903557&kc_code=cgsh&condition= HTTP/1.1" 200 945
222.70.179.190 - - [09/Sep/2021:09:18:18 +0800] "GET /xingrg/kc/buy/cgsh_order_operate.html?command=get_materiel&rest_code=00111&code=00101008358&supplier_code=00100005&order_time=2021-09-09 HTTP/1.1" 200 412
101.83.145.79 - - [09/Sep/2021:09:18:23 +0800] "GET /xingrg/all/function/internal_message.html?_=1631150252257&CODE_STATE=getMsg HTTP/1.1" 200 27
222.69.133.238 - - [09/Sep/2021:09:18:23 +0800] "GET /xingrg/kc/buy/cgsh_order_add.html HTTP/1.1" 200 63479
222.69.133.238 - - [09/Sep/2021:09:18:24 +0800] "POST /xingrg/kc/buy/cgsh_order_operate.html HTTP/1.1" 200 8245
222.69.133.238 - - [09/Sep/2021:09:18:24 +0800] "GET /xingrg/javascript/easyui/themes/default/validatebox.css HTTP/1.1" 404 1104
120.253.135.82 - - [09/Sep/2021:09:18:27 +0800] "GET /xingrg/check_reg.html?_=1631150080605 HTTP/1.1" 200 22
58.37.227.186 - - [09/Sep/2021:09:18:29 +0800] "GET /xingrg/all/function/internal_message.html?_=1631150188399&CODE_STATE=getMsg HTTP/1.1" 200 27
116.233.77.86 - - [09/Sep/2021:09:18:30 +0800] "POST /xingrg/kc/buy/cgsh_order_operate.html HTTP/1.1" 200 37
222.70.179.190 - - [09/Sep/2021:09:18:32 +0800] "GET /xingrg/kc/buy/cgsh_order_operate.html?command=get_materiel&rest_code=00111&code=00101008003&supplier_code=00100005&order_time=2021-09-09 HTTP/1.1" 200 408
116.230.105.26 - - [09/Sep/2021:09:18:32 +0800] "GET /xingrg/all/function/internal_message.html?_=1631150252123&CODE_STATE=getMsg HTTP/1.1" 200 27
116.233.77.86 - - [09/Sep/2021:09:18:32 +0800] "POST /xingrg/kc/buy/cgsh_order_operate.html HTTP/1.1" 200 20417
58.37.227.186 - - [09/Sep/2021:09:18:35 +0800] "GET /favicon.ico HTTP/1.1" 404 -
58.37.227.186 - - [09/Sep/2021:09:18:37 +0800] "GET /xingrg/login.html HTTP/1.1" 200 7641
58.37.227.186 - - [09/Sep/2021:09:18:37 +0800] "GET /favicon.ico HTTP/1.1" 404 -
101.83.145.79 - - [09/Sep/2021:09:18:38 +0800] "GET /xingrg/kc/buy/cgsh_order_operate.html?command=get_materiel&rest_code=00105&code=00101008137&supplier_code=00100203&order_time=2021-09-09 HTTP/1.1" 200 408
116.238.194.18 - - [09/Sep/2021:09:18:38 +0800] "GET /xingrg/all/function/internal_message.html?_=1631150293611&CODE_STATE=getMsg HTTP/1.1" 200 27
116.233.77.86 - - [09/Sep/2021:09:18:41 +0800] "GET /xingrg/kc/buy/cgsh_order_operate.html?command=get_materiel&rest_code=00109&code=00101008354&supplier_code=00100005&order_time=2021-09-09 HTTP/1.1" 200 412
172.20.0.100 - - [09/Sep/2021:09:18:44 +0800] "GET /xingrg/all/function/internal_message.html?_=1631150323819&CODE_STATE=getMsg HTTP/1.1" 200 27
222.70.179.190 - - [09/Sep/2021:09:18:44 +0800] "GET /xingrg/kc/buy/cgsh_order_operate.html?command=get_materiel&rest_code=00111&code=00101008126&supplier_code=00100005&order_time=2021-09-09 HTTP/1.1" 200 412
116.238.168.124 - - [09/Sep/2021:09:18:45 +0800] "GET /xingrg/check_reg.html?_=1631150304533 HTTP/1.1" 200 22
116.238.194.18 - - [09/Sep/2021:09:18:45 +0800] "GET /xingrg/kc/buy/cgsh_order_list.html HTTP/1.1" 200 47694
116.238.194.18 - - [09/Sep/2021:09:18:48 +0800] "POST /xingrg/kc/buy/cgsh_list_operate.html HTTP/1.1" 200 2088
58.37.227.186 - - [09/Sep/2021:09:18:48 +0800] "POST /xingrg/login.do HTTP/1.1" 302 -
58.37.227.186 - - [09/Sep/2021:09:18:48 +0800] "GET /xingrg/index.html?sysBaseUrl=http%3A%2F%2F180.169.147.146%3A18081%2Fxingrg%2F&costTime=119×tamp=1631150328559 HTTP/1.1" 200 17179
58.37.227.186 - - [09/Sep/2021:09:18:48 +0800] "GET /favicon.ico HTTP/1.1" 404 -
58.37.227.186 - - [09/Sep/2021:09:18:48 +0800] "POST /xingrg/all/common/load_tree.html?tree=area_rest_tree_json&manage=1 HTTP/1.1" 200 351
58.37.227.186 - - [09/Sep/2021:09:18:48 +0800] "GET /xingrg/all/function/internal_message.html?_=1631150207993&CODE_STATE=count HTTP/1.1" 200 11
58.37.227.186 - - [09/Sep/2021:09:18:48 +0800] "GET /xingrg/check_reg.html?_=1631150207994 HTTP/1.1" 200 22
58.37.227.186 - - [09/Sep/2021:09:18:48 +0800] "POST /xingrg/load_menu.html HTTP/1.1" 200 5138
116.233.77.86 - - [09/Sep/2021:09:18:49 +0800] "GET /xingrg/kc/buy/cgsh_order_operate.html?command=get_materiel&rest_code=00109&code=00101008010&supplier_code=00100005&order_time=2021-09-09 HTTP/1.1" 200 412
116.238.194.18 - - [09/Sep/2021:09:18:51 +0800] "POST /xingrg/kc/buy/cgsh_list_operate.html HTTP/1.1" 200 577
222.70.246.151 - - [09/Sep/2021:09:18:51 +0800] "GET /xingrg/all/function/internal_message.html?_=1631150345146&CODE_STATE=getMsg HTTP/1.1" 200 27
116.238.194.18 - - [09/Sep/2021:09:18:52 +0800] "GET /xingrg/kc/buy/cgsh_order_info.html?code=212021090903532 HTTP/1.1" 200 63371
116.238.194.18 - - [09/Sep/2021:09:18:52 +0800] "GET /xingrg/words/20210908162717_words.js HTTP/1.1" 304 -
116.238.194.18 - - [09/Sep/2021:09:18:52 +0800] "GET /xingrg/all/common/auto_word.html?type=employee&rest_code=00150 HTTP/1.1" 200 205
116.238.194.18 - - [09/Sep/2021:09:18:52 +0800] "GET /xingrg/all/common/auto_word.html?type=employee&rest_code=00150 HTTP/1.1" 200 205
116.238.194.18 - - [09/Sep/2021:09:18:52 +0800] "GET /xingrg/javascript/easyui/themes/default/validatebox.css HTTP/1.1" 404 1104
116.238.194.18 - - [09/Sep/2021:09:18:53 +0800] "POST /xingrg/kc/buy/cgsh_order_operate.html HTTP/1.1" 200 39930
222.70.179.190 - - [09/Sep/2021:09:18:55 +0800] "GET /xingrg/kc/buy/cgsh_order_operate.html?command=get_materiel&rest_code=00111&code=00101008148&supplier_code=00100005&order_time=2021-09-09 HTTP/1.1" 200 416
116.238.194.18 - - [09/Sep/2021:09:18:57 +0800] "GET /xingrg/all/function/internal_message.html?_=1631150336713&CODE_STATE=getMsg HTTP/1.1" 200 27
116.238.194.18 - - [09/Sep/2021:09:18:57 +0800] "GET /xingrg/check_reg.html?_=1631150336717 HTTP/1.1" 200 22
101.83.145.79 - - [09/Sep/2021:09:18:58 +0800] "GET /xingrg/kc/buy/cgsh_order_operate.html?command=get_materiel&rest_code=00105&code=00101008357&supplier_code=00100203&order_time=2021-09-09 HTTP/1.1" 200 408
101.83.145.79 - - [09/Sep/2021:09:19:03 +0800] "POST /xingrg/kc/buy/cgsh_order_operate.html HTTP/1.1" 200 2065
222.70.179.190 - - [09/Sep/2021:09:19:03 +0800] "GET /xingrg/all/function/internal_message.html?_=1631150339617&CODE_STATE=getMsg HTTP/1.1" 200 27
222.69.133.238 - - [09/Sep/2021:09:19:07 +0800] "GET /xingrg/all/function/internal_message.html?_=1631150345656&CODE_STATE=getMsg HTTP/1.1" 200 27
222.69.133.238 - - [09/Sep/2021:09:19:07 +0800] "GET /xingrg/check_reg.html?_=1631150345649 HTTP/1.1" 200 22
116.233.77.86 - - [09/Sep/2021:09:19:09 +0800] "GET /xingrg/all/function/internal_message.html?_=1631150349231&CODE_STATE=getMsg HTTP/1.1" 200 27
222.70.179.190 - - [09/Sep/2021:09:19:10 +0800] "GET /xingrg/kc/buy/cgsh_order_operate.html?command=get_materiel&rest_code=00111&code=00101008067&supplier_code=00100005&order_time=2021-09-09 HTTP/1.1" 200 416
116.237.74.154 - - [09/Sep/2021:09:19:13 +0800] "GET /xingrg/all/function/internal_message.html?_=1631150354460&CODE_STATE=getMsg HTTP/1.1" 200 27
116.238.168.124 - - [09/Sep/2021:09:19:14 +0800] "GET /xingrg/all/function/internal_message.html?_=1631150333234&CODE_STATE=getMsg HTTP/1.1" 200 27
101.83.145.79 - - [09/Sep/2021:09:19:23 +0800] "GET /xingrg/all/function/internal_message.html?_=1631150312239&CODE_STATE=getMsg HTTP/1.1" 200 27
101.83.145.79 - - [09/Sep/2021:09:19:23 +0800] "GET /xingrg/check_reg.html?_=1631150312746 HTTP/1.1" 200 22
222.69.133.238 - - [09/Sep/2021:09:19:24 +0800] "GET /xingrg/kc/buy/cgsh_order_operate.html?command=get_materiel&rest_code=00149&code=00101007081&supplier_code=00100205&order_time=2021-09-09 HTTP/1.1" 200 415
116.233.77.86 - - [09/Sep/2021:09:19:24 +0800] "GET /xingrg/kc/buy/cgsh_order_operate.html?command=get_materiel&rest_code=00109&code=00101008308&supplier_code=00100005&order_time=2021-09-09 HTTP/1.1" 200 420
222.70.179.190 - - [09/Sep/2021:09:19:25 +0800] "GET /xingrg/kc/buy/cgsh_order_operate.html?command=get_materiel&rest_code=00111&code=00101008270&supplier_code=00100005&order_time=2021-09-09 HTTP/1.1" 200 412
116.230.105.26 - - [09/Sep/2021:09:19:32 +0800] "GET /xingrg/all/function/internal_message.html?_=1631150312134&CODE_STATE=getMsg HTTP/1.1" 200 27
116.230.105.26 - - [09/Sep/2021:09:19:32 +0800] "GET /xingrg/check_reg.html?_=1631150312136 HTTP/1.1" 200 22
222.70.179.190 - - [09/Sep/2021:09:19:37 +0800] "GET /xingrg/kc/buy/cgsh_order_operate.html?command=get_materiel&rest_code=00111&code=00101008357&supplier_code=00100005&order_time=2021-09-09 HTTP/1.1" 200 408
116.233.77.86 - - [09/Sep/2021:09:19:37 +0800] "GET /xingrg/kc/buy/cgsh_order_operate.html?command=get_materiel&rest_code=00109&code=00101008096&supplier_code=00100005&order_time=2021-09-09 HTTP/1.1" 200 412
222.69.133.238 - - [09/Sep/2021:09:19:37 +0800] "GET /xingrg/kc/buy/cgsh_order_operate.html?command=get_materiel&rest_code=00149&code=00101007048&supplier_code=00100205&order_time=2021-09-09 HTTP/1.1" 200 408
116.238.194.18 - - [09/Sep/2021:09:19:38 +0800] "GET /xingrg/check_reg.html?_=1631150353445 HTTP/1.1" 200 22
116.238.194.18 - - [09/Sep/2021:09:19:38 +0800] "GET /xingrg/all/function/internal_message.html?_=1631150353624&CODE_STATE=getMsg HTTP/1.1" 200 27
180.169.147.146 - - [09/Sep/2021:09:19:40 +0800] "GET /xingrg/check_reg.html?_=1631150381555 HTTP/1.1" 302 -
116.233.77.86 - - [09/Sep/2021:09:19:41 +0800] "POST /xingrg/kc/buy/cgsh_order_operate.html HTTP/1.1" 200 2065
101.83.145.79 - - [09/Sep/2021:09:19:42 +0800] "GET /xingrg/kc/buy/cgsh_order_operate.html?command=get_materiel&rest_code=00105&code=00101008108&supplier_code=00100203&order_time=2021-09-09 HTTP/1.1" 200 412
172.20.0.100 - - [09/Sep/2021:09:19:44 +0800] "GET /xingrg/all/function/internal_message.html?_=1631150383822&CODE_STATE=getMsg HTTP/1.1" 200 27
172.20.0.100 - - [09/Sep/2021:09:19:44 +0800] "GET /xingrg/check_reg.html?_=1631150383823 HTTP/1.1" 200 22
222.70.179.190 - - [09/Sep/2021:09:19:44 +0800] "GET /xingrg/kc/buy/cgsh_order_operate.html?command=get_materiel&rest_code=00111&code=00101008213&supplier_code=00100005&order_time=2021-09-09 HTTP/1.1" 200 412
116.233.77.86 - - [09/Sep/2021:09:19:46 +0800] "POST /xingrg/kc/buy/cgsh_order_operate.html HTTP/1.1" 200 37
116.233.77.86 - - [09/Sep/2021:09:19:47 +0800] "POST /xingrg/kc/buy/cgsh_order_operate.html HTTP/1.1" 200 22790
58.37.227.186 - - [09/Sep/2021:09:19:48 +0800] "GET /xingrg/all/function/internal_message.html?_=1631150268002&CODE_STATE=getMsg HTTP/1.1" 200 27
222.69.133.238 - - [09/Sep/2021:09:19:50 +0800] "GET /xingrg/kc/buy/cgsh_order_operate.html?command=get_materiel&rest_code=00149&code=00101007061&supplier_code=00100205&order_time=2021-09-09 HTTP/1.1" 200 409
222.70.246.151 - - [09/Sep/2021:09:19:51 +0800] "GET /xingrg/all/function/internal_message.html?_=1631150405154&CODE_STATE=getMsg HTTP/1.1" 200 27
222.70.179.190 - - [09/Sep/2021:09:19:52 +0800] "GET /xingrg/kc/buy/cgsh_order_operate.html?command=get_materiel&rest_code=00111&code=00101008261&supplier_code=00100005&order_time=2021-09-09 HTTP/1.1" 200 408
116.233.77.86 - - [09/Sep/2021:09:19:55 +0800] "GET /xingrg/kc/buy/cgsh_order_operate.html?command=get_materiel&rest_code=00109&code=00101008003&supplier_code=00100005&order_time=2021-09-09 HTTP/1.1" 200 408
116.238.194.18 - - [09/Sep/2021:09:19:57 +0800] "GET /xingrg/all/function/internal_message.html?_=1631150396689&CODE_STATE=getMsg HTTP/1.1" 200 27
222.70.179.190 - - [09/Sep/2021:09:19:59 +0800] "GET /xingrg/kc/buy/cgsh_order_operate.html?command=get_materiel&rest_code=00111&code=00101008331&supplier_code=00100005&order_time=2021-09-09 HTTP/1.1" 200 416
222.69.133.238 - - [09/Sep/2021:09:20:00 +0800] "GET /xingrg/kc/buy/cgsh_order_operate.html?command=get_materiel&rest_code=00149&code=00101007082&supplier_code=00100205&order_time=2021-09-09 HTTP/1.1" 200 427
116.233.77.86 - - [09/Sep/2021:09:20:02 +0800] "GET /xingrg/kc/buy/cgsh_order_operate.html?command=get_materiel&rest_code=00109&code=00101008361&supplier_code=00100005&order_time=2021-09-09 HTTP/1.1" 200 408
222.70.179.190 - - [09/Sep/2021:09:20:03 +0800] "GET /xingrg/all/function/internal_message.html?_=1631150399618&CODE_STATE=getMsg HTTP/1.1" 200 27
222.69.133.238 - - [09/Sep/2021:09:20:07 +0800] "GET /xingrg/all/function/internal_message.html?_=1631150405639&CODE_STATE=getMsg HTTP/1.1" 200 27
116.233.77.86 - - [09/Sep/2021:09:20:08 +0800] "GET /xingrg/kc/buy/cgsh_order_operate.html?command=get_materiel&rest_code=00109&code=00101008067&supplier_code=00100005&order_time=2021-09-09 HTTP/1.1" 200 416
116.233.77.86 - - [09/Sep/2021:09:20:09 +0800] "GET /xingrg/all/function/internal_message.html?_=1631150409233&CODE_STATE=getMsg HTTP/1.1" 200 27
222.69.133.238 - - [09/Sep/2021:09:20:10 +0800] "GET /xingrg/kc/buy/cgsh_order_operate.html?command=get_materiel&rest_code=00149&code=00101007059&supplier_code=00100205&order_time=2021-09-09 HTTP/1.1" 200 411
116.237.74.154 - - [09/Sep/2021:09:20:13 +0800] "GET /xingrg/all/function/internal_message.html?_=1631150414460&CODE_STATE=getMsg HTTP/1.1" 200 27
222.70.179.190 - - [09/Sep/2021:09:20:13 +0800] "GET /xingrg/kc/buy/cgsh_order_operate.html?command=get_materiel&rest_code=00111&code=00101008321&supplier_code=00100005&order_time=2021-09-09 HTTP/1.1" 200 412
116.238.168.124 - - [09/Sep/2021:09:20:14 +0800] "GET /xingrg/all/function/internal_message.html?_=1631150393247&CODE_STATE=getMsg HTTP/1.1" 200 27
116.233.77.86 - - [09/Sep/2021:09:20:14 +0800] "GET /xingrg/kc/buy/cgsh_order_operate.html?command=get_materiel&rest_code=00109&code=00101008069&supplier_code=00100005&order_time=2021-09-09 HTTP/1.1" 200 412
116.233.77.86 - - [09/Sep/2021:09:20:16 +0800] "POST /xingrg/kc/buy/cgsh_order_operate.html HTTP/1.1" 200 2065
101.83.145.79 - - [09/Sep/2021:09:20:18 +0800] "POST /xingrg/kc/buy/cgsh_order_operate.html HTTP/1.1" 200 2065
116.233.77.86 - - [09/Sep/2021:09:20:20 +0800] "GET /xingrg/kc/buy/cgsh_order_operate.html?command=get_materiel&rest_code=00109&code=00101008286&supplier_code=00100005&order_time=2021-09-09 HTTP/1.1" 200 408
101.83.145.79 - - [09/Sep/2021:09:20:23 +0800] "GET /xingrg/all/function/internal_message.html?_=1631150372210&CODE_STATE=getMsg HTTP/1.1" 200 27
116.233.77.86 - - [09/Sep/2021:09:20:26 +0800] "GET /xingrg/kc/buy/cgsh_order_operate.html?command=get_materiel&rest_code=00109&code=00101008296&supplier_code=00100005&order_time=2021-09-09 HTTP/1.1" 200 416
222.70.179.190 - - [09/Sep/2021:09:20:28 +0800] "GET /xingrg/kc/buy/cgsh_order_operate.html?command=get_materiel&rest_code=00111&code=00101008298&supplier_code=00100005&order_time=2021-09-09 HTTP/1.1" 200 412
222.69.133.238 - - [09/Sep/2021:09:20:31 +0800] "POST /xingrg/kc/buy/cgsh_order_operate.html HTTP/1.1" 200 37
116.230.105.26 - - [09/Sep/2021:09:20:32 +0800] "GET /xingrg/all/function/internal_message.html?_=1631150372136&CODE_STATE=getMsg HTTP/1.1" 200 27
116.233.77.86 - - [09/Sep/2021:09:20:32 +0800] "GET /xingrg/kc/buy/cgsh_order_operate.html?command=get_materiel&rest_code=00109&code=00101008213&supplier_code=00100005&order_time=2021-09-09 HTTP/1.1" 200 412
222.69.133.238 - - [09/Sep/2021:09:20:34 +0800] "POST /xingrg/kc/buy/cgsh_order_operate.html HTTP/1.1" 200 12
222.69.133.238 - - [09/Sep/2021:09:20:35 +0800] "GET /xingrg/kc/buy/cgsh_order_info.html?code=212021090903559 HTTP/1.1" 200 58386
222.69.133.238 - - [09/Sep/2021:09:20:36 +0800] "GET /xingrg/javascript/easyui/themes/default/validatebox.css HTTP/1.1" 404 1104
222.69.133.238 - - [09/Sep/2021:09:20:36 +0800] "POST /xingrg/kc/buy/cgsh_order_operate.html HTTP/1.1" 200 2982
222.69.133.238 - - [09/Sep/2021:09:20:37 +0800] "GET /xingrg/kc/print/load_data.html?order_code=212021090903559&kc_code=cgsh&condition= HTTP/1.1" 200 1604
116.238.194.18 - - [09/Sep/2021:09:20:38 +0800] "GET /xingrg/all/function/internal_message.html?_=1631150413637&CODE_STATE=getMsg HTTP/1.1" 200 27
116.233.77.86 - - [09/Sep/2021:09:20:40 +0800] "GET /xingrg/kc/buy/cgsh_order_operate.html?command=get_materiel&rest_code=00109&code=00101015012&supplier_code=00100005&order_time=2021-09-09 HTTP/1.1" 200 412
222.70.179.190 - - [09/Sep/2021:09:20:41 +0800] "GET /xingrg/kc/buy/cgsh_order_operate.html?command=get_materiel&rest_code=00111&code=00101008323&supplier_code=00100005&order_time=2021-09-09 HTTP/1.1" 200 408
58.40.7.146 - - [09/Sep/2021:09:20:41 +0800] "GET /xingrg/check_reg.html?_=1631150441576 HTTP/1.1" 302 -
172.20.0.100 - - [09/Sep/2021:09:20:44 +0800] "GET /xingrg/all/function/internal_message.html?_=1631150443824&CODE_STATE=getMsg HTTP/1.1" 200 27
116.233.77.86 - - [09/Sep/2021:09:20:46 +0800] "GET /xingrg/kc/buy/cgsh_order_operate.html?command=get_materiel&rest_code=00109&code=00101008220&supplier_code=00100005&order_time=2021-09-09 HTTP/1.1" 200 412
116.233.77.86 - - [09/Sep/2021:09:20:48 +0800] "POST /xingrg/kc/buy/cgsh_order_operate.html HTTP/1.1" 200 2065
58.37.227.186 - - [09/Sep/2021:09:20:48 +0800] "GET /xingrg/all/function/internal_message.html?_=1631150328008&CODE_STATE=getMsg HTTP/1.1" 200 27
222.70.179.190 - - [09/Sep/2021:09:20:51 +0800] "GET /xingrg/kc/buy/cgsh_order_operate.html?command=get_materiel&rest_code=00111&code=00101008055&supplier_code=00100005&order_time=2021-09-09 HTTP/1.1" 200 409
116.233.77.86 - - [09/Sep/2021:09:20:51 +0800] "GET /xingrg/kc/buy/cgsh_order_operate.html?command=get_materiel&rest_code=00109&code=00101008225&supplier_code=00100005&order_time=2021-09-09 HTTP/1.1" 200 416
222.70.246.151 - - [09/Sep/2021:09:20:52 +0800] "GET /xingrg/all/function/internal_message.html?_=1631150465777&CODE_STATE=getMsg HTTP/1.1" 200 27
58.40.7.146 - - [09/Sep/2021:09:20:56 +0800] "GET /xingrg/check_reg.html?_=1631150456469 HTTP/1.1" 302 -
116.238.194.18 - - [09/Sep/2021:09:20:57 +0800] "GET /xingrg/all/function/internal_message.html?_=1631150456671&CODE_STATE=getMsg HTTP/1.1" 200 27
101.83.145.79 - - [09/Sep/2021:09:20:58 +0800] "GET /xingrg/kc/buy/cgsh_order_operate.html?command=get_materiel&rest_code=00105&code=00101008144&supplier_code=00100203&order_time=2021-09-09 HTTP/1.1" 200 412
222.70.179.190 - - [09/Sep/2021:09:20:59 +0800] "GET /xingrg/kc/buy/cgsh_order_operate.html?command=get_materiel&rest_code=00111&code=00101008257&supplier_code=00100005&order_time=2021-09-09 HTTP/1.1" 200 416
222.70.179.190 - - [09/Sep/2021:09:21:03 +0800] "GET /xingrg/all/function/internal_message.html?_=1631150459622&CODE_STATE=getMsg HTTP/1.1" 200 27
222.69.133.238 - - [09/Sep/2021:09:21:07 +0800] "GET /xingrg/all/function/internal_message.html?_=1631150465620&CODE_STATE=getMsg HTTP/1.1" 200 27
222.70.179.190 - - [09/Sep/2021:09:21:08 +0800] "GET /xingrg/kc/buy/cgsh_order_operate.html?command=get_materiel&rest_code=00111&code=00101008244&supplier_code=00100005&order_time=2021-09-09 HTTP/1.1" 200 408
116.233.77.86 - - [09/Sep/2021:09:21:09 +0800] "GET /xingrg/all/function/internal_message.html?_=1631150469229&CODE_STATE=getMsg HTTP/1.1" 200 27
116.237.74.154 - - [09/Sep/2021:09:21:13 +0800] "GET /xingrg/check_reg.html?_=1631150474460 HTTP/1.1" 200 22
116.237.74.154 - - [09/Sep/2021:09:21:13 +0800] "GET /xingrg/all/function/internal_message.html?_=1631150474463&CODE_STATE=getMsg HTTP/1.1" 200 27
222.70.179.190 - - [09/Sep/2021:09:21:16 +0800] "GET /xingrg/kc/buy/cgsh_order_operate.html?command=get_materiel&rest_code=00111&code=00101008354&supplier_code=00100005&order_time=2021-09-09 HTTP/1.1" 200 412
101.83.145.79 - - [09/Sep/2021:09:21:23 +0800] "GET /xingrg/all/function/internal_message.html?_=1631150432189&CODE_STATE=getMsg HTTP/1.1" 200 27
116.238.194.18 - - [09/Sep/2021:09:21:26 +0800] "POST /xingrg/kc/buy/cgsh_order_operate.html HTTP/1.1" 200 37
101.83.145.79 - - [09/Sep/2021:09:21:27 +0800] "GET /xingrg/kc/buy/cgsh_order_operate.html?command=get_materiel&rest_code=00105&code=00101008188&supplier_code=00100203&order_time=2021-09-09 HTTP/1.1" 200 412
222.70.179.190 - - [09/Sep/2021:09:21:27 +0800] "POST /xingrg/kc/buy/cgsh_order_operate.html HTTP/1.1" 200 2065
116.238.194.18 - - [09/Sep/2021:09:21:28 +0800] "POST /xingrg/kc/buy/cgsh_order_operate.html HTTP/1.1" 200 39929
222.70.246.151 - - [09/Sep/2021:09:21:30 +0800] "GET /xingrg/check_reg.html?_=1631150503795 HTTP/1.1" 200 22
116.230.105.26 - - [09/Sep/2021:09:21:32 +0800] "GET /xingrg/all/function/internal_message.html?_=1631150432132&CODE_STATE=getMsg HTTP/1.1" 200 27
116.238.194.18 - - [09/Sep/2021:09:21:38 +0800] "GET /xingrg/all/function/internal_message.html?_=1631150473651&CODE_STATE=getMsg HTTP/1.1" 200 27
222.70.179.190 - - [09/Sep/2021:09:21:40 +0800] "GET /xingrg/kc/buy/cgsh_order_operate.html?command=get_materiel&rest_code=00111&code=00101008361&supplier_code=00100005&order_time=2021-09-09 HTTP/1.1" 200 408
172.20.0.100 - - [09/Sep/2021:09:21:44 +0800] "GET /xingrg/all/function/internal_message.html?_=1631150503811&CODE_STATE=getMsg HTTP/1.1" 200 27
222.70.179.190 - - [09/Sep/2021:09:21:48 +0800] "GET /xingrg/kc/buy/cgsh_order_operate.html?command=get_materiel&rest_code=00111&code=00101008286&supplier_code=00100005&order_time=2021-09-09 HTTP/1.1" 200 408
58.37.227.186 - - [09/Sep/2021:09:21:48 +0800] "GET /xingrg/all/function/internal_message.html?_=1631150387997&CODE_STATE=getMsg HTTP/1.1" 200 27
222.70.246.151 - - [09/Sep/2021:09:21:52 +0800] "GET /xingrg/all/function/internal_message.html?_=1631150525790&CODE_STATE=getMsg HTTP/1.1" 200 27
222.70.179.190 - - [09/Sep/2021:09:21:55 +0800] "GET /xingrg/kc/buy/cgsh_order_operate.html?command=get_materiel&rest_code=00111&code=00101008131&supplier_code=00100005&order_time=2021-09-09 HTTP/1.1" 200 408
116.238.194.18 - - [09/Sep/2021:09:21:57 +0800] "GET /xingrg/all/function/internal_message.html?_=1631150516648&CODE_STATE=getMsg HTTP/1.1" 200 27
222.70.179.190 - - [09/Sep/2021:09:22:01 +0800] "GET /xingrg/kc/buy/cgsh_order_operate.html?command=get_materiel&rest_code=00111&code=00101008296&supplier_code=00100005&order_time=2021-09-09 HTTP/1.1" 200 416
222.70.179.190 - - [09/Sep/2021:09:22:03 +0800] "GET /xingrg/all/function/internal_message.html?_=1631150519617&CODE_STATE=getMsg HTTP/1.1" 200 27
222.70.179.190 - - [09/Sep/2021:09:22:04 +0800] "POST /xingrg/kc/buy/cgsh_order_operate.html HTTP/1.1" 200 2065
222.69.133.238 - - [09/Sep/2021:09:22:07 +0800] "GET /xingrg/all/function/internal_message.html?_=1631150525605&CODE_STATE=getMsg HTTP/1.1" 200 27
116.233.77.86 - - [09/Sep/2021:09:22:09 +0800] "GET /xingrg/all/function/internal_message.html?_=1631150529240&CODE_STATE=getMsg HTTP/1.1" 200 27
116.233.77.86 - - [09/Sep/2021:09:22:09 +0800] "GET /xingrg/check_reg.html?_=1631150529241 HTTP/1.1" 200 22
222.70.179.190 - - [09/Sep/2021:09:22:10 +0800] "GET /xingrg/kc/buy/cgsh_order_operate.html?command=get_materiel&rest_code=00111&code=00101008353&supplier_code=00100005&order_time=2021-09-09 HTTP/1.1" 200 408
116.237.74.154 - - [09/Sep/2021:09:22:13 +0800] "GET /xingrg/all/function/internal_message.html?_=1631150534463&CODE_STATE=getMsg HTTP/1.1" 200 27
222.70.179.190 - - [09/Sep/2021:09:22:19 +0800] "GET /xingrg/kc/buy/cgsh_order_operate.html?command=get_materiel&rest_code=00111&code=00101008347&supplier_code=00100005&order_time=2021-09-09 HTTP/1.1" 200 408
101.83.145.79 - - [09/Sep/2021:09:22:23 +0800] "GET /xingrg/all/function/internal_message.html?_=1631150492171&CODE_STATE=getMsg HTTP/1.1" 200 27
222.70.179.190 - - [09/Sep/2021:09:22:27 +0800] "GET /xingrg/kc/buy/cgsh_order_operate.html?command=get_materiel&rest_code=00111&code=00101008265&supplier_code=00100005&order_time=2021-09-09 HTTP/1.1" 200 408
116.230.105.26 - - [09/Sep/2021:09:22:32 +0800] "GET /xingrg/all/function/internal_message.html?_=1631150492131&CODE_STATE=getMsg HTTP/1.1" 200 27
116.238.194.18 - - [09/Sep/2021:09:22:38 +0800] "GET /xingrg/all/function/internal_message.html?_=1631150533670&CODE_STATE=getMsg HTTP/1.1" 200 27
222.70.179.190 - - [09/Sep/2021:09:22:39 +0800] "GET /xingrg/kc/buy/cgsh_order_operate.html?command=get_materiel&rest_code=00111&code=00101008618&supplier_code=00100005&order_time=2021-09-09 HTTP/1.1" 200 412
172.20.0.100 - - [09/Sep/2021:09:22:44 +0800] "GET /xingrg/all/function/internal_message.html?_=1631150563813&CODE_STATE=getMsg HTTP/1.1" 200 27
58.221.95.50 - - [09/Sep/2021:09:22:45 +0800] "GET /xingrg/check_reg.html?_=1631150565151 HTTP/1.1" 302 -
116.233.77.86 - - [09/Sep/2021:09:22:48 +0800] "GET /xingrg/kc/buy/cgsh_order_operate.html?command=get_materiel&rest_code=00109&code=00101008110&supplier_code=00100005&order_time=2021-09-09 HTTP/1.1" 200 408
58.37.227.186 - - [09/Sep/2021:09:22:48 +0800] "GET /xingrg/all/function/internal_message.html?_=1631150448003&CODE_STATE=getMsg HTTP/1.1" 200 27
222.70.246.151 - - [09/Sep/2021:09:22:52 +0800] "GET /xingrg/all/function/internal_message.html?_=1631150585803&CODE_STATE=getMsg HTTP/1.1" 200 27
116.233.77.86 - - [09/Sep/2021:09:22:54 +0800] "GET /xingrg/kc/buy/cgsh_order_operate.html?command=get_materiel&rest_code=00109&code=00101008290&supplier_code=00100005&order_time=2021-09-09 HTTP/1.1" 200 416
116.238.194.18 - - [09/Sep/2021:09:22:57 +0800] "GET /xingrg/all/function/internal_message.html?_=1631150576642&CODE_STATE=getMsg HTTP/1.1" 200 27
222.70.179.190 - - [09/Sep/2021:09:22:58 +0800] "POST /xingrg/kc/buy/cgsh_order_operate.html HTTP/1.1" 200 2065
116.238.194.18 - - [09/Sep/2021:09:22:58 +0800] "POST /xingrg/kc/buy/cgsh_order_operate.html HTTP/1.1" 200 37
116.238.194.18 - - [09/Sep/2021:09:22:59 +0800] "POST /xingrg/kc/buy/cgsh_order_operate.html HTTP/1.1" 200 39929
116.233.77.86 - - [09/Sep/2021:09:23:00 +0800] "GET /xingrg/kc/buy/cgsh_order_operate.html?command=get_materiel&rest_code=00109&code=00101008223&supplier_code=00100005&order_time=2021-09-09 HTTP/1.1" 200 412
