116.230.105.26 - - [08/Sep/2021:09:56:14 +0800] "GET /xingrg/javascript/jquery_tools/images/prev.gif HTTP/1.1" 404 1086
222.70.179.190 - - [08/Sep/2021:09:56:14 +0800] "GET /xingrg/kc/print/load_data.html?order_code=212021090803138&kc_code=cgsh&condition= HTTP/1.1" 200 1199
180.169.147.146 - - [08/Sep/2021:09:56:17 +0800] "POST /xingrg/kc/mdqp/pssh_order_operate.html HTTP/1.1" 200 37
180.169.147.146 - - [08/Sep/2021:09:56:17 +0800] "POST /xingrg/kc/mdqp/pssh_order_operate.html HTTP/1.1" 200 12
116.238.168.124 - - [08/Sep/2021:09:56:17 +0800] "GET /xingrg/all/function/internal_message.html?_=1631066158463&CODE_STATE=getMsg HTTP/1.1" 200 27
180.169.147.146 - - [08/Sep/2021:09:56:18 +0800] "GET /xingrg/kc/mdqp/pssh_order_info.html?code=312021082600703 HTTP/1.1" 200 14388
180.169.147.146 - - [08/Sep/2021:09:56:18 +0800] "GET /xingrg/javascript/jquery_tools/jquery-1.4.2.min.js HTTP/1.1" 404 1094
222.70.179.190 - - [08/Sep/2021:09:56:18 +0800] "GET /xingrg/kc/buy/cgsh_order_add.html HTTP/1.1" 200 63426
180.169.147.146 - - [08/Sep/2021:09:56:18 +0800] "POST /xingrg/kc/mdqp/pssh_order_operate.html HTTP/1.1" 200 1048
180.169.147.146 - - [08/Sep/2021:09:56:18 +0800] "GET /xingrg/javascript/easyui/themes/default/validatebox.css HTTP/1.1" 404 1104
222.70.179.190 - - [08/Sep/2021:09:56:19 +0800] "GET /xingrg/javascript/easyui/themes/default/validatebox.css HTTP/1.1" 404 1104
222.70.179.190 - - [08/Sep/2021:09:56:19 +0800] "POST /xingrg/kc/buy/cgsh_order_operate.html HTTP/1.1" 200 8245
116.232.54.140 - - [08/Sep/2021:09:56:19 +0800] "GET /xingrg/all/function/internal_message.html?_=1631066181261&CODE_STATE=getMsg HTTP/1.1" 200 27
180.169.147.146 - - [08/Sep/2021:09:56:19 +0800] "GET /xingrg/kc/mdqp/pssh_order_list.html?isBack=1 HTTP/1.1" 200 17825
116.230.105.26 - - [08/Sep/2021:09:56:19 +0800] "GET /xingrg/kc/buy/cgsh_order_operate.html?command=get_materiel&rest_code=00155&code=00101008331&supplier_code=00100005&order_time=2021-09-08 HTTP/1.1" 200 416
180.169.147.146 - - [08/Sep/2021:09:56:19 +0800] "POST /xingrg/kc/mdqp/pssh_list_operate.html HTTP/1.1" 200 5418
124.79.246.142 - - [08/Sep/2021:09:56:20 +0800] "GET /xingrg/kc/buy/cgsh_order_operate.html?command=get_materiel&rest_code=00104&code=00101002006&supplier_code=00100091&order_time=2021-09-08 HTTP/1.1" 200 414
180.169.147.146 - - [08/Sep/2021:09:56:21 +0800] "POST /xingrg/kc/mdqp/pssh_list_operate.html HTTP/1.1" 200 266
180.169.147.146 - - [08/Sep/2021:09:56:25 +0800] "GET /xingrg/all/function/internal_message.html?_=1631066186471&CODE_STATE=getMsg HTTP/1.1" 200 27
58.221.95.50 - - [08/Sep/2021:09:56:25 +0800] "GET /xingrg/check_reg.html?_=1631066185716 HTTP/1.1" 302 -
116.230.105.26 - - [08/Sep/2021:09:56:25 +0800] "GET /xingrg/kc/buy/cgsh_order_operate.html?command=get_materiel&rest_code=00155&code=00101008003&supplier_code=00100005&order_time=2021-09-08 HTTP/1.1" 200 408
180.169.147.146 - - [08/Sep/2021:09:56:26 +0800] "GET /xingrg/kc/mdqp/pssh_order_info.html?code=312021090800228 HTTP/1.1" 200 17250
180.169.147.146 - - [08/Sep/2021:09:56:26 +0800] "POST /xingrg/kc/mdqp/pssh_list_operate.html HTTP/1.1" 200 1914
180.169.147.146 - - [08/Sep/2021:09:56:26 +0800] "GET /xingrg/javascript/jquery_tools/jquery-1.4.2.min.js HTTP/1.1" 404 1094
180.169.147.146 - - [08/Sep/2021:09:56:26 +0800] "GET /xingrg/javascript/easyui/themes/default/validatebox.css HTTP/1.1" 404 1104
180.169.147.146 - - [08/Sep/2021:09:56:26 +0800] "POST /xingrg/kc/mdqp/pssh_order_operate.html HTTP/1.1" 200 536
222.70.179.190 - - [08/Sep/2021:09:56:30 +0800] "GET /xingrg/all/function/internal_message.html?_=1631066188084&CODE_STATE=getMsg HTTP/1.1" 200 27
222.70.246.151 - - [08/Sep/2021:09:56:30 +0800] "GET /xingrg/all/function/internal_message.html?_=1631066200192&CODE_STATE=getMsg HTTP/1.1" 200 27
180.169.147.146 - - [08/Sep/2021:09:56:30 +0800] "GET /xingrg/kc/mdqp/pssh_order_list.html?isBack=1 HTTP/1.1" 200 17825
222.70.179.190 - - [08/Sep/2021:09:56:30 +0800] "GET /xingrg/kc/buy/cgsh_order_operate.html?command=get_materiel&rest_code=00111&code=00101003040&supplier_code=00100094&order_time=2021-09-08 HTTP/1.1" 200 414
116.238.194.18 - - [08/Sep/2021:09:56:30 +0800] "GET /xingrg/all/function/internal_message.html?_=1631066166951&CODE_STATE=getMsg HTTP/1.1" 200 27
180.169.147.146 - - [08/Sep/2021:09:56:30 +0800] "POST /xingrg/kc/mdqp/pssh_list_operate.html HTTP/1.1" 200 5418
101.85.93.96 - - [08/Sep/2021:09:56:32 +0800] "GET /xingrg/all/function/internal_message.html?_=1631066112540&CODE_STATE=getMsg HTTP/1.1" 200 27
101.85.93.96 - - [08/Sep/2021:09:56:32 +0800] "GET /xingrg/check_reg.html?_=1631066112643 HTTP/1.1" 200 22
116.230.105.26 - - [08/Sep/2021:09:56:33 +0800] "GET /xingrg/kc/buy/cgsh_order_operate.html?command=get_materiel&rest_code=00155&code=00101008087&supplier_code=00100005&order_time=2021-09-08 HTTP/1.1" 200 412
180.169.147.146 - - [08/Sep/2021:09:56:33 +0800] "POST /xingrg/kc/mdqp/pssh_list_operate.html HTTP/1.1" 200 1914
124.79.246.142 - - [08/Sep/2021:09:56:34 +0800] "GET /xingrg/kc/buy/cgsh_order_operate.html?command=get_materiel&rest_code=00104&code=00101002034&supplier_code=00100091&order_time=2021-09-08 HTTP/1.1" 200 409
180.169.147.146 - - [08/Sep/2021:09:56:36 +0800] "POST /xingrg/kc/mdqp/pssh_list_operate.html HTTP/1.1" 200 266
180.169.147.146 - - [08/Sep/2021:09:56:39 +0800] "GET /xingrg/all/function/internal_message.html?_=1631066190617&CODE_STATE=getMsg HTTP/1.1" 200 27
116.230.105.26 - - [08/Sep/2021:09:56:39 +0800] "GET /xingrg/kc/buy/cgsh_order_operate.html?command=get_materiel&rest_code=00155&code=00101008067&supplier_code=00100005&order_time=2021-09-08 HTTP/1.1" 200 416
222.69.132.5 - - [08/Sep/2021:09:56:40 +0800] "GET /xingrg/all/function/internal_message.html?_=1631066198488&CODE_STATE=getMsg HTTP/1.1" 200 27
222.70.179.190 - - [08/Sep/2021:09:56:41 +0800] "POST /xingrg/kc/buy/cgsh_order_operate.html HTTP/1.1" 200 37
101.83.145.79 - - [08/Sep/2021:09:56:42 +0800] "GET /xingrg/all/function/internal_message.html?_=1631066152218&CODE_STATE=getMsg HTTP/1.1" 200 27
222.70.179.190 - - [08/Sep/2021:09:56:43 +0800] "POST /xingrg/kc/buy/cgsh_order_operate.html HTTP/1.1" 200 2663
222.70.179.190 - - [08/Sep/2021:09:56:44 +0800] "GET /xingrg/kc/print/load_data.html?order_code=212021090803139&kc_code=cgsh&condition= HTTP/1.1" 200 754
116.230.105.26 - - [08/Sep/2021:09:56:45 +0800] "GET /xingrg/kc/mdqp/qqps_order_list.html HTTP/1.1" 200 9672
116.230.105.26 - - [08/Sep/2021:09:56:45 +0800] "GET /xingrg/dwr/interface/AjaxReportQueryService.js HTTP/1.1" 200 13203
116.230.105.26 - - [08/Sep/2021:09:56:45 +0800] "GET /xingrg/dwr/interface/AjaxQqpsService.js HTTP/1.1" 200 16326
116.230.105.26 - - [08/Sep/2021:09:56:45 +0800] "GET /xingrg/dwr/engine.js HTTP/1.1" 200 43631
116.228.172.94 - - [08/Sep/2021:09:56:45 +0800] "GET /xingrg/all/function/internal_message.html?_=1631066207179&CODE_STATE=getMsg HTTP/1.1" 200 27
124.79.246.142 - - [08/Sep/2021:09:56:47 +0800] "GET /xingrg/kc/buy/cgsh_order_operate.html?command=get_materiel&rest_code=00104&code=00101003037&supplier_code=00100091&order_time=2021-09-08 HTTP/1.1" 200 415
222.70.179.190 - - [08/Sep/2021:09:56:48 +0800] "GET /xingrg/kc/buy/cgsh_order_add.html HTTP/1.1" 200 63426
222.70.179.190 - - [08/Sep/2021:09:56:49 +0800] "POST /xingrg/kc/buy/cgsh_order_operate.html HTTP/1.1" 200 8245
222.70.179.190 - - [08/Sep/2021:09:56:49 +0800] "GET /xingrg/javascript/easyui/themes/default/validatebox.css HTTP/1.1" 404 1104
116.230.105.26 - - [08/Sep/2021:09:56:49 +0800] "GET /xingrg/kc/mdqp/qqps_order_info.html?code=302021090800159 HTTP/1.1" 200 26491
116.230.105.26 - - [08/Sep/2021:09:56:49 +0800] "GET /xingrg/dwr/interface/AjaxComOrderService.js HTTP/1.1" 200 18264
116.230.105.26 - - [08/Sep/2021:09:56:49 +0800] "GET /xingrg/dwr/interface/AjaxQqpsService.js HTTP/1.1" 200 16326
116.230.105.26 - - [08/Sep/2021:09:56:49 +0800] "GET /xingrg/dwr/engine.js HTTP/1.1" 200 43631
116.230.105.26 - - [08/Sep/2021:09:56:49 +0800] "POST /xingrg/dwr/call/plaincall/AjaxQqpsService.loadMaterielItems.dwr HTTP/1.1" 200 76
116.230.105.26 - - [08/Sep/2021:09:56:49 +0800] "GET /xingrg/all/function/internal_message.html?_=1631066151894&CODE_STATE=getMsg HTTP/1.1" 200 27
172.20.0.100 - - [08/Sep/2021:09:56:52 +0800] "GET /xingrg/all/function/internal_message.html?_=1631066210899&CODE_STATE=getMsg HTTP/1.1" 200 27
116.230.105.26 - - [08/Sep/2021:09:56:54 +0800] "GET /xingrg/kc/mdqp/qqps_order_list.html HTTP/1.1" 200 9672
116.230.105.26 - - [08/Sep/2021:09:56:54 +0800] "GET /xingrg/dwr/interface/AjaxQqpsService.js HTTP/1.1" 200 16326
116.230.105.26 - - [08/Sep/2021:09:56:54 +0800] "GET /xingrg/dwr/interface/AjaxReportQueryService.js HTTP/1.1" 200 13203
116.230.105.26 - - [08/Sep/2021:09:56:54 +0800] "GET /xingrg/dwr/engine.js HTTP/1.1" 200 43631
180.169.147.146 - - [08/Sep/2021:09:56:54 +0800] "GET /xingrg/kc/buy/buy_main.html HTTP/1.1" 200 12412
180.169.147.146 - - [08/Sep/2021:09:56:54 +0800] "GET /xingrg/css/new_ie.css HTTP/1.1" 404 1036
180.169.147.146 - - [08/Sep/2021:09:56:54 +0800] "GET /xingrg/images/yd/bt.gif HTTP/1.1" 404 1040
180.169.147.146 - - [08/Sep/2021:09:56:55 +0800] "GET /xingrg/kc/buy/cgsh_order_list.html HTTP/1.1" 200 47694
116.230.105.26 - - [08/Sep/2021:09:56:55 +0800] "GET /xingrg/kc/mdqp/qqps_order_info.html?code=302021090800159 HTTP/1.1" 200 26491
116.230.105.26 - - [08/Sep/2021:09:56:55 +0800] "GET /xingrg/dwr/interface/AjaxComOrderService.js HTTP/1.1" 200 18264
116.230.105.26 - - [08/Sep/2021:09:56:55 +0800] "GET /xingrg/dwr/interface/AjaxQqpsService.js HTTP/1.1" 200 16326
116.230.105.26 - - [08/Sep/2021:09:56:55 +0800] "GET /xingrg/dwr/engine.js HTTP/1.1" 200 43631
116.230.105.26 - - [08/Sep/2021:09:56:56 +0800] "POST /xingrg/dwr/call/plaincall/AjaxQqpsService.loadMaterielItems.dwr HTTP/1.1" 200 76
180.169.147.146 - - [08/Sep/2021:09:56:58 +0800] "POST /xingrg/kc/buy/cgsh_list_operate.html HTTP/1.1" 200 5226
180.169.147.146 - - [08/Sep/2021:09:56:59 +0800] "GET /xingrg/all/function/internal_message.html?_=1631066219283&CODE_STATE=getMsg HTTP/1.1" 200 27
58.37.227.186 - - [08/Sep/2021:09:56:59 +0800] "GET /xingrg/all/function/internal_message.html?_=1631066098201&CODE_STATE=getMsg HTTP/1.1" 200 27
180.157.254.90 - - [08/Sep/2021:09:57:01 +0800] "GET /xingrg/all/function/internal_message.html?_=1631066223739&CODE_STATE=getMsg HTTP/1.1" 200 27
180.157.254.90 - - [08/Sep/2021:09:57:01 +0800] "GET /xingrg/check_reg.html?_=1631066223741 HTTP/1.1" 200 22
124.79.246.142 - - [08/Sep/2021:09:57:02 +0800] "GET /xingrg/javascript/easyui/themes/default/images/button_plain_hover.png HTTP/1.1" 304 -
116.238.194.18 - - [08/Sep/2021:09:57:04 +0800] "GET /xingrg/all/function/internal_message.html?_=1631066224390&CODE_STATE=getMsg HTTP/1.1" 200 27
101.83.145.79 - - [08/Sep/2021:09:57:05 +0800] "GET /xingrg/all/function/internal_message.html?_=1631066226470&CODE_STATE=getMsg HTTP/1.1" 200 27
116.230.105.26 - - [08/Sep/2021:09:57:05 +0800] "GET /xingrg/login.html HTTP/1.1" 200 7641
116.230.105.26 - - [08/Sep/2021:09:57:06 +0800] "GET /favicon.ico HTTP/1.1" 404 -
120.253.135.82 - - [08/Sep/2021:09:57:06 +0800] "GET /xingrg/all/function/internal_message.html?_=1631066001257&CODE_STATE=getMsg HTTP/1.1" 200 27
116.230.105.26 - - [08/Sep/2021:09:57:08 +0800] "POST /xingrg/login.do HTTP/1.1" 302 -
116.230.105.26 - - [08/Sep/2021:09:57:08 +0800] "GET /xingrg/index.html?sysBaseUrl=http%3A%2F%2F180.169.147.146%3A18081%2Fxingrg%2F&costTime=286×tamp=1631066228849 HTTP/1.1" 200 17179
116.230.105.26 - - [08/Sep/2021:09:57:09 +0800] "GET /favicon.ico HTTP/1.1" 404 -
124.79.246.142 - - [08/Sep/2021:09:57:09 +0800] "POST /xingrg/kc/buy/cgsh_order_operate.html HTTP/1.1" 200 37
116.230.105.26 - - [08/Sep/2021:09:57:09 +0800] "POST /xingrg/all/common/load_tree.html?tree=area_rest_tree_json&manage=1 HTTP/1.1" 200 351
116.230.105.26 - - [08/Sep/2021:09:57:09 +0800] "GET /xingrg/all/function/internal_message.html?_=1631066171343&CODE_STATE=count HTTP/1.1" 200 11
116.230.105.26 - - [08/Sep/2021:09:57:09 +0800] "GET /xingrg/check_reg.html?_=1631066171345 HTTP/1.1" 200 22
116.230.105.26 - - [08/Sep/2021:09:57:09 +0800] "POST /xingrg/load_menu.html HTTP/1.1" 200 5138
116.230.105.26 - - [08/Sep/2021:09:57:11 +0800] "GET /xingrg/kc/mdqp/qqps_order_list.html HTTP/1.1" 200 9672
116.230.105.26 - - [08/Sep/2021:09:57:11 +0800] "GET /xingrg/dwr/interface/AjaxQqpsService.js HTTP/1.1" 200 16326
116.230.105.26 - - [08/Sep/2021:09:57:11 +0800] "GET /xingrg/dwr/interface/AjaxReportQueryService.js HTTP/1.1" 200 13203
116.230.105.26 - - [08/Sep/2021:09:57:11 +0800] "GET /xingrg/dwr/engine.js HTTP/1.1" 200 43631
124.79.246.142 - - [08/Sep/2021:09:57:11 +0800] "POST /xingrg/kc/buy/cgsh_order_operate.html HTTP/1.1" 200 3851
124.79.246.142 - - [08/Sep/2021:09:57:11 +0800] "GET /xingrg/javascript/easyui/themes/default/images/button_plain_hover.png HTTP/1.1" 304 -
124.79.246.142 - - [08/Sep/2021:09:57:14 +0800] "GET /xingrg/javascript/easyui/themes/default/images/button_plain_hover.png HTTP/1.1" 304 -
124.79.246.142 - - [08/Sep/2021:09:57:14 +0800] "GET /xingrg/all/function/internal_message.html?_=1631066691240&CODE_STATE=getMsg HTTP/1.1" 200 27
124.79.246.142 - - [08/Sep/2021:09:57:14 +0800] "GET /xingrg/kc/print/load_config.html?kc_code=cgsh HTTP/1.1" 200 2076
116.230.105.26 - - [08/Sep/2021:09:57:14 +0800] "GET /xingrg/kc/mdqp/qqps_order_info.html?code=302021090800159 HTTP/1.1" 200 26491
116.230.105.26 - - [08/Sep/2021:09:57:14 +0800] "GET /xingrg/dwr/interface/AjaxComOrderService.js HTTP/1.1" 200 18264
116.230.105.26 - - [08/Sep/2021:09:57:14 +0800] "GET /xingrg/dwr/interface/AjaxQqpsService.js HTTP/1.1" 200 16326
116.230.105.26 - - [08/Sep/2021:09:57:14 +0800] "GET /xingrg/dwr/engine.js HTTP/1.1" 200 43631
124.79.246.142 - - [08/Sep/2021:09:57:15 +0800] "GET /xingrg/kc/print/load_data.html?order_code=212021090803140&kc_code=cgsh&condition= HTTP/1.1" 200 1213
116.230.105.26 - - [08/Sep/2021:09:57:16 +0800] "POST /xingrg/dwr/call/plaincall/AjaxQqpsService.loadMaterielItems.dwr HTTP/1.1" 200 76
116.238.168.124 - - [08/Sep/2021:09:57:18 +0800] "GET /xingrg/all/function/internal_message.html?_=1631066219321&CODE_STATE=getMsg HTTP/1.1" 200 27
116.232.54.140 - - [08/Sep/2021:09:57:19 +0800] "GET /xingrg/all/function/internal_message.html?_=1631066241354&CODE_STATE=getMsg HTTP/1.1" 200 27
116.232.54.140 - - [08/Sep/2021:09:57:19 +0800] "GET /xingrg/check_reg.html?_=1631066241356 HTTP/1.1" 200 22
124.79.246.142 - - [08/Sep/2021:09:57:21 +0800] "GET /xingrg/javascript/easyui/themes/default/images/button_plain_hover.png HTTP/1.1" 304 -
124.79.246.142 - - [08/Sep/2021:09:57:21 +0800] "GET /xingrg/javascript/easyui/themes/default/images/button_plain_hover.png HTTP/1.1" 304 -
124.79.246.142 - - [08/Sep/2021:09:57:21 +0800] "GET /xingrg/javascript/easyui/themes/default/images/button_plain_hover.png HTTP/1.1" 304 -
124.79.246.142 - - [08/Sep/2021:09:57:22 +0800] "GET /xingrg/css/base.css HTTP/1.1" 304 -
124.79.246.142 - - [08/Sep/2021:09:57:22 +0800] "GET /xingrg/css/site.css HTTP/1.1" 304 -
124.79.246.142 - - [08/Sep/2021:09:57:22 +0800] "GET /xingrg/javascript/jquery_tools/datebox.css HTTP/1.1" 304 -
124.79.246.142 - - [08/Sep/2021:09:57:22 +0800] "GET /xingrg/javascript/easyui/themes/default/easyui.css HTTP/1.1" 304 -
124.79.246.142 - - [08/Sep/2021:09:57:22 +0800] "GET /xingrg/javascript/jquery_tools/jquery.tools.extend.js HTTP/1.1" 304 -
124.79.246.142 - - [08/Sep/2021:09:57:22 +0800] "GET /xingrg/javascript/jquery_tools/jquery.tools.hotkey.js HTTP/1.1" 304 -
124.79.246.142 - - [08/Sep/2021:09:57:22 +0800] "GET /xingrg/javascript/jquery_tools/jquery.tools.min.js HTTP/1.1" 304 -
124.79.246.142 - - [08/Sep/2021:09:57:22 +0800] "GET /xingrg/javascript/jquery_tools/jquery.tools.table.js HTTP/1.1" 304 -
124.79.246.142 - - [08/Sep/2021:09:57:22 +0800] "GET /xingrg/javascript/easyui/themes/icon.css HTTP/1.1" 304 -
124.79.246.142 - - [08/Sep/2021:09:57:22 +0800] "GET /xingrg/javascript/auto/jquery.autocomplete.css HTTP/1.1" 304 -
124.79.246.142 - - [08/Sep/2021:09:57:22 +0800] "GET /xingrg/javascript/jquery_tools/fix.css HTTP/1.1" 304 -
124.79.246.142 - - [08/Sep/2021:09:57:22 +0800] "GET /xingrg/javascript/pic_change.js HTTP/1.1" 304 -
124.79.246.142 - - [08/Sep/2021:09:57:22 +0800] "GET /xingrg/javascript/jquery_tools/table.css HTTP/1.1" 304 -
124.79.246.142 - - [08/Sep/2021:09:57:22 +0800] "GET /xingrg/javascript/jquery.cookie.js HTTP/1.1" 304 -
124.79.246.142 - - [08/Sep/2021:09:57:22 +0800] "GET /xingrg/javascript/jquery.utils.js HTTP/1.1" 304 -
124.79.246.142 - - [08/Sep/2021:09:57:22 +0800] "GET /xingrg/javascript/easyui/easyloader.js HTTP/1.1" 304 -
124.79.246.142 - - [08/Sep/2021:09:57:22 +0800] "GET /xingrg/javascript/auto/jquery.autocomplete.js HTTP/1.1" 304 -
124.79.246.142 - - [08/Sep/2021:09:57:22 +0800] "GET /xingrg/javascript/jquery_tools/order_manager.js HTTP/1.1" 304 -
124.79.246.142 - - [08/Sep/2021:09:57:22 +0800] "GET /xingrg/javascript/print/kc_print.js HTTP/1.1" 304 -
124.79.246.142 - - [08/Sep/2021:09:57:22 +0800] "GET /xingrg/kc/buy/cgsh_order_add.html HTTP/1.1" 200 63432
124.79.246.142 - - [08/Sep/2021:09:57:22 +0800] "GET /xingrg/javascript/json2.js HTTP/1.1" 304 -
124.79.246.142 - - [08/Sep/2021:09:57:22 +0800] "GET /xingrg/javascript/print/LodopFuncs.js HTTP/1.1" 304 -
124.79.246.142 - - [08/Sep/2021:09:57:22 +0800] "GET /xingrg/javascript/convert.js HTTP/1.1" 304 -
124.79.246.142 - - [08/Sep/2021:09:57:23 +0800] "GET /xingrg/words/20210907115942_words.js HTTP/1.1" 304 -
124.79.246.142 - - [08/Sep/2021:09:57:23 +0800] "GET /xingrg/javascript/easyui/themes/icons/copy_new.png HTTP/1.1" 304 -
124.79.246.142 - - [08/Sep/2021:09:57:23 +0800] "GET /xingrg/javascript/easyui/themes/icons/template_new.png HTTP/1.1" 304 -
124.79.246.142 - - [08/Sep/2021:09:57:23 +0800] "GET /xingrg/javascript/easyui/themes/icons/ok.png HTTP/1.1" 304 -
124.79.246.142 - - [08/Sep/2021:09:57:23 +0800] "GET /xingrg/javascript/easyui/themes/icons/print.png HTTP/1.1" 304 -
124.79.246.142 - - [08/Sep/2021:09:57:23 +0800] "GET /xingrg/javascript/easyui/themes/default/images/menu_downarrow.png HTTP/1.1" 304 -
124.79.246.142 - - [08/Sep/2021:09:57:23 +0800] "GET /xingrg/javascript/easyui/themes/icons/cancel.png HTTP/1.1" 304 -
124.79.246.142 - - [08/Sep/2021:09:57:23 +0800] "GET /xingrg/javascript/easyui/plugins/jquery.parser.js HTTP/1.1" 304 -
124.79.246.142 - - [08/Sep/2021:09:57:23 +0800] "GET /xingrg/all/common/auto_word.html?type=employee&rest_code=00104 HTTP/1.1" 200 149
124.79.246.142 - - [08/Sep/2021:09:57:23 +0800] "GET /xingrg/all/common/auto_word.html?type=employee&rest_code=00104 HTTP/1.1" 200 149
124.79.246.142 - - [08/Sep/2021:09:57:23 +0800] "GET /xingrg/javascript/easyui/themes/default/validatebox.css HTTP/1.1" 404 1104
124.79.246.142 - - [08/Sep/2021:09:57:23 +0800] "GET /xingrg/javascript/easyui/plugins/jquery.validatebox.js HTTP/1.1" 304 -
124.79.246.142 - - [08/Sep/2021:09:57:23 +0800] "GET /xingrg/javascript/easyui/plugins/jquery.numberbox.js HTTP/1.1" 304 -
124.79.246.142 - - [08/Sep/2021:09:57:23 +0800] "POST /xingrg/kc/buy/cgsh_order_operate.html HTTP/1.1" 200 8245
124.79.246.142 - - [08/Sep/2021:09:57:23 +0800] "GET /xingrg/javascript/easyui/themes/default/images/button_plain_hover.png HTTP/1.1" 304 -
116.238.194.18 - - [08/Sep/2021:09:57:24 +0800] "GET /xingrg/kc/base/wldb_order_list.html HTTP/1.1" 200 19230
116.230.105.26 - - [08/Sep/2021:09:57:24 +0800] "GET /xingrg/kc/buy/cgsh_order_list.html HTTP/1.1" 200 47694
101.85.93.96 - - [08/Sep/2021:09:57:24 +0800] "GET /xingrg/all/function/internal_message.html?_=1631066172517&CODE_STATE=getMsg HTTP/1.1" 200 27
116.238.194.18 - - [08/Sep/2021:09:57:24 +0800] "POST /xingrg/kc/base/wldb_list_operate.html HTTP/1.1" 200 928
180.169.147.146 - - [08/Sep/2021:09:57:25 +0800] "GET /xingrg/all/function/internal_message.html?_=1631066246460&CODE_STATE=getMsg HTTP/1.1" 200 27
116.238.194.18 - - [08/Sep/2021:09:57:25 +0800] "GET /xingrg/kc/base/wldb_order_add.html HTTP/1.1" 200 30444
116.238.194.18 - - [08/Sep/2021:09:57:25 +0800] "POST /xingrg/kc/base/wldb_order_operate.html HTTP/1.1" 200 6806
116.238.194.18 - - [08/Sep/2021:09:57:26 +0800] "GET /xingrg/javascript/easyui/themes/default/validatebox.css HTTP/1.1" 404 1104
124.79.246.142 - - [08/Sep/2021:09:57:27 +0800] "GET /xingrg/javascript/easyui/themes/default/images/button_plain_hover.png HTTP/1.1" 304 -
116.230.105.26 - - [08/Sep/2021:09:57:28 +0800] "POST /xingrg/kc/buy/cgsh_list_operate.html HTTP/1.1" 200 2411
124.79.246.142 - - [08/Sep/2021:09:57:29 +0800] "GET /xingrg/javascript/easyui/plugins/jquery.draggable.js HTTP/1.1" 304 -
124.79.246.142 - - [08/Sep/2021:09:57:29 +0800] "GET /xingrg/css/images/panel_loading.gif HTTP/1.1" 304 -
124.79.246.142 - - [08/Sep/2021:09:57:29 +0800] "GET /xingrg/javascript/easyui/plugins/jquery.droppable.js HTTP/1.1" 304 -
124.79.246.142 - - [08/Sep/2021:09:57:29 +0800] "GET /xingrg/javascript/easyui/themes/default/tree.css HTTP/1.1" 404 1090
124.79.246.142 - - [08/Sep/2021:09:57:29 +0800] "GET /xingrg/javascript/easyui/plugins/jquery.tree.js HTTP/1.1" 304 -
222.70.179.190 - - [08/Sep/2021:09:57:30 +0800] "GET /xingrg/check_reg.html?_=1631066248103 HTTP/1.1" 200 22
124.79.246.142 - - [08/Sep/2021:09:57:30 +0800] "POST /xingrg/all/common/load_tree.html?tree=supplier_tree_json&isDelete=1 HTTP/1.1" 200 57687
222.70.179.190 - - [08/Sep/2021:09:57:30 +0800] "GET /xingrg/all/function/internal_message.html?_=1631066248098&CODE_STATE=getMsg HTTP/1.1" 200 27
222.70.246.151 - - [08/Sep/2021:09:57:30 +0800] "GET /xingrg/all/function/internal_message.html?_=1631066260197&CODE_STATE=getMsg HTTP/1.1" 200 27
116.238.194.18 - - [08/Sep/2021:09:57:30 +0800] "GET /xingrg/all/function/internal_message.html?_=1631066226965&CODE_STATE=getMsg HTTP/1.1" 200 27
116.238.194.18 - - [08/Sep/2021:09:57:31 +0800] "GET /xingrg/kc/base/wldb_order_operate.html?command=get_materiel&rest_code=00150&base_code=0010446&code=00102002076 HTTP/1.1" 200 432
124.79.246.142 - - [08/Sep/2021:09:57:32 +0800] "GET /xingrg/javascript/easyui/themes/default/images/tree_folder_open.gif HTTP/1.1" 304 -
124.79.246.142 - - [08/Sep/2021:09:57:32 +0800] "GET /xingrg/javascript/easyui/themes/default/images/tree_folder.gif HTTP/1.1" 304 -
124.79.246.142 - - [08/Sep/2021:09:57:32 +0800] "GET /xingrg/javascript/easyui/themes/default/images/tree_file.gif HTTP/1.1" 304 -
116.230.105.26 - - [08/Sep/2021:09:57:34 +0800] "POST /xingrg/kc/buy/cgsh_list_operate.html HTTP/1.1" 200 2411
116.230.105.26 - - [08/Sep/2021:09:57:35 +0800] "GET /xingrg/kc/buy/cgsh_order_add.html HTTP/1.1" 200 63394
116.230.105.26 - - [08/Sep/2021:09:57:35 +0800] "POST /xingrg/kc/buy/cgsh_order_operate.html HTTP/1.1" 200 8245
116.230.105.26 - - [08/Sep/2021:09:57:35 +0800] "GET /xingrg/all/common/auto_word.html?type=employee&rest_code=00155 HTTP/1.1" 200 205
116.230.105.26 - - [08/Sep/2021:09:57:35 +0800] "GET /xingrg/all/common/auto_word.html?type=employee&rest_code=00155 HTTP/1.1" 200 205
116.230.105.26 - - [08/Sep/2021:09:57:35 +0800] "GET /xingrg/javascript/easyui/themes/default/validatebox.css HTTP/1.1" 404 1104
116.230.105.26 - - [08/Sep/2021:09:57:37 +0800] "GET /xingrg/javascript/auto/indicator.gif HTTP/1.1" 404 1066
116.230.105.26 - - [08/Sep/2021:09:57:39 +0800] "GET /xingrg/javascript/jquery_tools/images/prev.gif HTTP/1.1" 404 1086
116.230.105.26 - - [08/Sep/2021:09:57:39 +0800] "GET /xingrg/javascript/jquery_tools/images/next.gif HTTP/1.1" 404 1086
180.169.147.146 - - [08/Sep/2021:09:57:39 +0800] "GET /xingrg/all/function/internal_message.html?_=1631066250590&CODE_STATE=getMsg HTTP/1.1" 200 27
222.69.132.5 - - [08/Sep/2021:09:57:40 +0800] "GET /xingrg/all/function/internal_message.html?_=1631066258503&CODE_STATE=getMsg HTTP/1.1" 200 27
101.83.145.79 - - [08/Sep/2021:09:57:42 +0800] "GET /xingrg/all/function/internal_message.html?_=1631066212218&CODE_STATE=getMsg HTTP/1.1" 200 27
116.228.172.94 - - [08/Sep/2021:09:57:45 +0800] "GET /xingrg/all/function/internal_message.html?_=1631066267157&CODE_STATE=getMsg HTTP/1.1" 200 27
116.230.105.26 - - [08/Sep/2021:09:57:47 +0800] "GET /xingrg/kc/buy/cgsh_order_operate.html?command=get_materiel&rest_code=00155&code=00101008331&supplier_code=00100005&order_time=2021-09-08 HTTP/1.1" 200 416
116.238.194.18 - - [08/Sep/2021:09:57:47 +0800] "POST /xingrg/kc/base/wldb_order_operate.html HTTP/1.1" 200 37
124.79.246.142 - - [08/Sep/2021:09:57:48 +0800] "GET /xingrg/kc/buy/cgsh_order_operate.html?command=get_materiel&rest_code=00104&code=00101014078&supplier_code=00100211&order_time=2021-09-08 HTTP/1.1" 200 415
116.238.194.18 - - [08/Sep/2021:09:57:51 +0800] "POST /xingrg/kc/base/wldb_order_operate.html HTTP/1.1" 200 12
116.238.194.18 - - [08/Sep/2021:09:57:51 +0800] "POST /xingrg/kc/base/wldb_order_operate.html HTTP/1.1" 200 2180
116.238.194.18 - - [08/Sep/2021:09:57:51 +0800] "GET /xingrg/kc/base/wldb_order_info.html?code=422021090800747 HTTP/1.1" 200 26319
116.238.194.18 - - [08/Sep/2021:09:57:52 +0800] "GET /xingrg/javascript/easyui/themes/default/validatebox.css HTTP/1.1" 404 1104
116.238.194.18 - - [08/Sep/2021:09:57:52 +0800] "POST /xingrg/kc/base/wldb_order_operate.html HTTP/1.1" 200 475
172.20.0.100 - - [08/Sep/2021:09:57:52 +0800] "GET /xingrg/all/function/internal_message.html?_=1631066270870&CODE_STATE=getMsg HTTP/1.1" 200 27
124.79.246.142 - - [08/Sep/2021:09:57:54 +0800] "GET /xingrg/javascript/easyui/themes/default/images/button_plain_hover.png HTTP/1.1" 304 -
124.79.246.142 - - [08/Sep/2021:09:57:54 +0800] "GET /xingrg/javascript/easyui/themes/default/images/button_plain_hover.png HTTP/1.1" 304 -
124.79.246.142 - - [08/Sep/2021:09:57:54 +0800] "GET /xingrg/javascript/easyui/themes/default/images/button_plain_hover.png HTTP/1.1" 304 -
116.238.168.124 - - [08/Sep/2021:09:57:55 +0800] "GET /xingrg/check_reg.html?_=1631066256338 HTTP/1.1" 200 22
124.79.246.142 - - [08/Sep/2021:09:57:58 +0800] "POST /xingrg/kc/buy/cgsh_order_operate.html HTTP/1.1" 200 37
116.230.105.26 - - [08/Sep/2021:09:57:58 +0800] "GET /xingrg/kc/buy/cgsh_order_operate.html?command=get_materiel&rest_code=00155&code=00101008003&supplier_code=00100005&order_time=2021-09-08 HTTP/1.1" 200 408
180.169.147.146 - - [08/Sep/2021:09:57:59 +0800] "GET /xingrg/all/function/internal_message.html?_=1631066279292&CODE_STATE=getMsg HTTP/1.1" 200 27
180.169.147.146 - - [08/Sep/2021:09:57:59 +0800] "GET /xingrg/check_reg.html?_=1631066279294 HTTP/1.1" 200 22
58.37.227.186 - - [08/Sep/2021:09:57:59 +0800] "GET /xingrg/all/function/internal_message.html?_=1631066158225&CODE_STATE=getMsg HTTP/1.1" 200 27
124.79.246.142 - - [08/Sep/2021:09:58:01 +0800] "POST /xingrg/kc/buy/cgsh_order_operate.html HTTP/1.1" 200 2661
124.79.246.142 - - [08/Sep/2021:09:58:01 +0800] "GET /xingrg/javascript/easyui/themes/default/images/button_plain_hover.png HTTP/1.1" 304 -
124.79.246.142 - - [08/Sep/2021:09:58:01 +0800] "GET /xingrg/javascript/easyui/themes/default/images/button_plain_hover.png HTTP/1.1" 304 -
180.157.254.90 - - [08/Sep/2021:09:58:01 +0800] "GET /xingrg/all/function/internal_message.html?_=1631066283739&CODE_STATE=getMsg HTTP/1.1" 200 27
124.79.246.142 - - [08/Sep/2021:09:58:01 +0800] "GET /xingrg/javascript/easyui/themes/default/images/button_plain_hover.png HTTP/1.1" 304 -
124.79.246.142 - - [08/Sep/2021:09:58:02 +0800] "GET /xingrg/kc/print/load_config.html?kc_code=cgsh HTTP/1.1" 200 2076
124.79.246.142 - - [08/Sep/2021:09:58:02 +0800] "GET /xingrg/kc/print/load_data.html?order_code=212021090803141&kc_code=cgsh&condition= HTTP/1.1" 200 678
116.238.194.18 - - [08/Sep/2021:09:58:04 +0800] "GET /xingrg/all/function/internal_message.html?_=1631066284392&CODE_STATE=getMsg HTTP/1.1" 200 27
101.83.145.79 - - [08/Sep/2021:09:58:05 +0800] "GET /xingrg/all/function/internal_message.html?_=1631066286462&CODE_STATE=getMsg HTTP/1.1" 200 27
116.230.105.26 - - [08/Sep/2021:09:58:06 +0800] "GET /xingrg/kc/buy/cgsh_order_operate.html?command=get_materiel&rest_code=00155&code=00101008087&supplier_code=00100005&order_time=2021-09-08 HTTP/1.1" 200 412
120.253.135.82 - - [08/Sep/2021:09:58:06 +0800] "GET /xingrg/all/function/internal_message.html?_=1631066061332&CODE_STATE=getMsg HTTP/1.1" 200 27
124.79.246.142 - - [08/Sep/2021:09:58:08 +0800] "GET /xingrg/javascript/easyui/themes/default/images/button_plain_hover.png HTTP/1.1" 304 -
124.79.246.142 - - [08/Sep/2021:09:58:08 +0800] "GET /xingrg/javascript/easyui/themes/default/images/button_plain_hover.png HTTP/1.1" 304 -
124.79.246.142 - - [08/Sep/2021:09:58:09 +0800] "GET /xingrg/javascript/easyui/themes/default/images/button_plain_hover.png HTTP/1.1" 304 -
116.230.105.26 - - [08/Sep/2021:09:58:09 +0800] "GET /xingrg/all/function/internal_message.html?_=1631066231377&CODE_STATE=getMsg HTTP/1.1" 200 27
124.79.246.142 - - [08/Sep/2021:09:58:09 +0800] "GET /xingrg/css/base.css HTTP/1.1" 304 -
124.79.246.142 - - [08/Sep/2021:09:58:09 +0800] "GET /xingrg/css/site.css HTTP/1.1" 304 -
124.79.246.142 - - [08/Sep/2021:09:58:09 +0800] "GET /xingrg/javascript/jquery_tools/datebox.css HTTP/1.1" 304 -
124.79.246.142 - - [08/Sep/2021:09:58:09 +0800] "GET /xingrg/javascript/easyui/themes/default/easyui.css HTTP/1.1" 304 -
124.79.246.142 - - [08/Sep/2021:09:58:09 +0800] "GET /xingrg/javascript/easyui/themes/icon.css HTTP/1.1" 304 -
124.79.246.142 - - [08/Sep/2021:09:58:09 +0800] "GET /xingrg/javascript/jquery_tools/fix.css HTTP/1.1" 304 -
124.79.246.142 - - [08/Sep/2021:09:58:09 +0800] "GET /xingrg/javascript/jquery_tools/table.css HTTP/1.1" 304 -
124.79.246.142 - - [08/Sep/2021:09:58:09 +0800] "GET /xingrg/kc/buy/cgsh_order_add.html HTTP/1.1" 200 63432
124.79.246.142 - - [08/Sep/2021:09:58:09 +0800] "GET /xingrg/javascript/auto/jquery.autocomplete.css HTTP/1.1" 304 -
124.79.246.142 - - [08/Sep/2021:09:58:09 +0800] "GET /xingrg/javascript/easyui/easyloader.js HTTP/1.1" 304 -
124.79.246.142 - - [08/Sep/2021:09:58:09 +0800] "GET /xingrg/javascript/jquery_tools/order_manager.js HTTP/1.1" 304 -
124.79.246.142 - - [08/Sep/2021:09:58:09 +0800] "GET /xingrg/javascript/jquery.utils.js HTTP/1.1" 304 -
124.79.246.142 - - [08/Sep/2021:09:58:09 +0800] "GET /xingrg/javascript/convert.js HTTP/1.1" 304 -
124.79.246.142 - - [08/Sep/2021:09:58:09 +0800] "GET /xingrg/javascript/json2.js HTTP/1.1" 304 -
124.79.246.142 - - [08/Sep/2021:09:58:09 +0800] "GET /xingrg/javascript/jquery.cookie.js HTTP/1.1" 304 -
124.79.246.142 - - [08/Sep/2021:09:58:09 +0800] "GET /xingrg/javascript/print/kc_print.js HTTP/1.1" 304 -
124.79.246.142 - - [08/Sep/2021:09:58:09 +0800] "GET /xingrg/javascript/pic_change.js HTTP/1.1" 304 -
124.79.246.142 - - [08/Sep/2021:09:58:09 +0800] "GET /xingrg/javascript/jquery_tools/jquery.tools.min.js HTTP/1.1" 304 -
124.79.246.142 - - [08/Sep/2021:09:58:09 +0800] "GET /xingrg/javascript/jquery_tools/jquery.tools.table.js HTTP/1.1" 304 -
124.79.246.142 - - [08/Sep/2021:09:58:09 +0800] "GET /xingrg/javascript/jquery_tools/jquery.tools.hotkey.js HTTP/1.1" 304 -
124.79.246.142 - - [08/Sep/2021:09:58:09 +0800] "GET /xingrg/javascript/jquery_tools/jquery.tools.extend.js HTTP/1.1" 304 -
124.79.246.142 - - [08/Sep/2021:09:58:09 +0800] "GET /xingrg/javascript/auto/jquery.autocomplete.js HTTP/1.1" 304 -
124.79.246.142 - - [08/Sep/2021:09:58:09 +0800] "GET /xingrg/javascript/print/LodopFuncs.js HTTP/1.1" 304 -
124.79.246.142 - - [08/Sep/2021:09:58:10 +0800] "GET /xingrg/words/20210907115942_words.js HTTP/1.1" 304 -
124.79.246.142 - - [08/Sep/2021:09:58:11 +0800] "GET /xingrg/javascript/easyui/themes/icons/copy_new.png HTTP/1.1" 304 -
124.79.246.142 - - [08/Sep/2021:09:58:11 +0800] "GET /xingrg/javascript/easyui/themes/icons/template_new.png HTTP/1.1" 304 -
124.79.246.142 - - [08/Sep/2021:09:58:11 +0800] "GET /xingrg/javascript/easyui/themes/icons/ok.png HTTP/1.1" 304 -
124.79.246.142 - - [08/Sep/2021:09:58:11 +0800] "GET /xingrg/javascript/easyui/themes/icons/print.png HTTP/1.1" 304 -
124.79.246.142 - - [08/Sep/2021:09:58:11 +0800] "GET /xingrg/javascript/easyui/themes/default/images/menu_downarrow.png HTTP/1.1" 304 -
124.79.246.142 - - [08/Sep/2021:09:58:11 +0800] "GET /xingrg/javascript/easyui/themes/icons/cancel.png HTTP/1.1" 304 -
124.79.246.142 - - [08/Sep/2021:09:58:11 +0800] "GET /xingrg/javascript/easyui/plugins/jquery.parser.js HTTP/1.1" 304 -
124.79.246.142 - - [08/Sep/2021:09:58:11 +0800] "POST /xingrg/kc/buy/cgsh_order_operate.html HTTP/1.1" 200 8245
124.79.246.142 - - [08/Sep/2021:09:58:11 +0800] "GET /xingrg/all/common/auto_word.html?type=employee&rest_code=00104 HTTP/1.1" 200 149
124.79.246.142 - - [08/Sep/2021:09:58:11 +0800] "GET /xingrg/all/common/auto_word.html?type=employee&rest_code=00104 HTTP/1.1" 200 149
124.79.246.142 - - [08/Sep/2021:09:58:11 +0800] "GET /xingrg/javascript/easyui/themes/default/validatebox.css HTTP/1.1" 404 1104
124.79.246.142 - - [08/Sep/2021:09:58:11 +0800] "GET /xingrg/javascript/easyui/plugins/jquery.validatebox.js HTTP/1.1" 304 -
124.79.246.142 - - [08/Sep/2021:09:58:11 +0800] "GET /xingrg/javascript/easyui/plugins/jquery.numberbox.js HTTP/1.1" 304 -
116.230.105.26 - - [08/Sep/2021:09:58:12 +0800] "GET /xingrg/kc/buy/cgsh_order_operate.html?command=get_materiel&rest_code=00155&code=00101008067&supplier_code=00100005&order_time=2021-09-08 HTTP/1.1" 200 416
124.79.246.142 - - [08/Sep/2021:09:58:12 +0800] "GET /xingrg/javascript/easyui/plugins/jquery.draggable.js HTTP/1.1" 304 -
124.79.246.142 - - [08/Sep/2021:09:58:12 +0800] "GET /xingrg/css/images/panel_loading.gif HTTP/1.1" 304 -
124.79.246.142 - - [08/Sep/2021:09:58:12 +0800] "GET /xingrg/javascript/easyui/plugins/jquery.droppable.js HTTP/1.1" 304 -
124.79.246.142 - - [08/Sep/2021:09:58:12 +0800] "GET /xingrg/javascript/easyui/themes/default/tree.css HTTP/1.1" 404 1090
124.79.246.142 - - [08/Sep/2021:09:58:12 +0800] "GET /xingrg/javascript/easyui/plugins/jquery.tree.js HTTP/1.1" 304 -
124.79.246.142 - - [08/Sep/2021:09:58:12 +0800] "POST /xingrg/all/common/load_tree.html?tree=supplier_tree_json&isDelete=1 HTTP/1.1" 200 57687
124.79.246.142 - - [08/Sep/2021:09:58:14 +0800] "GET /xingrg/javascript/easyui/themes/default/images/tree_folder_open.gif HTTP/1.1" 304 -
124.79.246.142 - - [08/Sep/2021:09:58:14 +0800] "GET /xingrg/javascript/easyui/themes/default/images/tree_folder.gif HTTP/1.1" 304 -
124.79.246.142 - - [08/Sep/2021:09:58:14 +0800] "GET /xingrg/javascript/easyui/themes/default/images/tree_file.gif HTTP/1.1" 304 -
124.79.246.142 - - [08/Sep/2021:09:58:15 +0800] "GET /xingrg/all/function/internal_message.html?_=1631066752379&CODE_STATE=getMsg HTTP/1.1" 200 27
116.230.105.26 - - [08/Sep/2021:09:58:18 +0800] "GET /xingrg/kc/buy/cgsh_order_operate.html?command=get_materiel&rest_code=00155&code=00101008108&supplier_code=00100005&order_time=2021-09-08 HTTP/1.1" 200 412
116.238.168.124 - - [08/Sep/2021:09:58:18 +0800] "GET /xingrg/all/function/internal_message.html?_=1631066279333&CODE_STATE=getMsg HTTP/1.1" 200 27
116.232.54.140 - - [08/Sep/2021:09:58:19 +0800] "GET /xingrg/all/function/internal_message.html?_=1631066301367&CODE_STATE=getMsg HTTP/1.1" 200 27
116.230.105.26 - - [08/Sep/2021:09:58:23 +0800] "GET /xingrg/kc/buy/cgsh_order_operate.html?command=get_materiel&rest_code=00155&code=00101008298&supplier_code=00100005&order_time=2021-09-08 HTTP/1.1" 200 412
101.85.93.96 - - [08/Sep/2021:09:58:24 +0800] "GET /xingrg/all/function/internal_message.html?_=1631066232497&CODE_STATE=getMsg HTTP/1.1" 200 27
180.169.147.146 - - [08/Sep/2021:09:58:25 +0800] "GET /xingrg/all/function/internal_message.html?_=1631066306466&CODE_STATE=getMsg HTTP/1.1" 200 27
116.230.105.26 - - [08/Sep/2021:09:58:28 +0800] "GET /xingrg/kc/buy/cgsh_order_operate.html?command=get_materiel&rest_code=00155&code=00101008176&supplier_code=00100005&order_time=2021-09-08 HTTP/1.1" 200 412
222.70.246.151 - - [08/Sep/2021:09:58:29 +0800] "GET /xingrg/check_reg.html?_=1631066319774 HTTP/1.1" 200 22
222.70.179.190 - - [08/Sep/2021:09:58:30 +0800] "GET /xingrg/all/function/internal_message.html?_=1631066308091&CODE_STATE=getMsg HTTP/1.1" 200 27
222.70.246.151 - - [08/Sep/2021:09:58:30 +0800] "GET /xingrg/all/function/internal_message.html?_=1631066320210&CODE_STATE=getMsg HTTP/1.1" 200 27
116.238.194.18 - - [08/Sep/2021:09:58:30 +0800] "GET /xingrg/all/function/internal_message.html?_=1631066286986&CODE_STATE=getMsg HTTP/1.1" 200 27
116.230.105.26 - - [08/Sep/2021:09:58:36 +0800] "GET /xingrg/kc/buy/cgsh_order_operate.html?command=get_materiel&rest_code=00155&code=00101008261&supplier_code=00100005&order_time=2021-09-08 HTTP/1.1" 200 408
124.79.246.142 - - [08/Sep/2021:09:58:38 +0800] "GET /xingrg/kc/buy/cgsh_order_operate.html?command=get_materiel&rest_code=00104&code=00101004011&supplier_code=00100086&order_time=2021-09-08 HTTP/1.1" 200 413
180.169.147.146 - - [08/Sep/2021:09:58:39 +0800] "GET /xingrg/all/function/internal_message.html?_=1631066310575&CODE_STATE=getMsg HTTP/1.1" 200 27
222.69.132.5 - - [08/Sep/2021:09:58:40 +0800] "GET /xingrg/all/function/internal_message.html?_=1631066318503&CODE_STATE=getMsg HTTP/1.1" 200 27
101.83.145.79 - - [08/Sep/2021:09:58:42 +0800] "GET /xingrg/all/function/internal_message.html?_=1631066272218&CODE_STATE=getMsg HTTP/1.1" 200 27
116.230.105.26 - - [08/Sep/2021:09:58:42 +0800] "GET /xingrg/kc/buy/cgsh_order_operate.html?command=get_materiel&rest_code=00155&code=00101008080&supplier_code=00100005&order_time=2021-09-08 HTTP/1.1" 200 416
116.228.172.94 - - [08/Sep/2021:09:58:45 +0800] "GET /xingrg/check_reg.html?_=1631066327147 HTTP/1.1" 200 22
116.228.172.94 - - [08/Sep/2021:09:58:45 +0800] "GET /xingrg/all/function/internal_message.html?_=1631066327167&CODE_STATE=getMsg HTTP/1.1" 200 27
116.230.105.26 - - [08/Sep/2021:09:58:50 +0800] "GET /xingrg/kc/buy/cgsh_order_operate.html?command=get_materiel&rest_code=00155&code=00101008349&supplier_code=00100005&order_time=2021-09-08 HTTP/1.1" 200 414
172.20.0.100 - - [08/Sep/2021:09:58:52 +0800] "GET /xingrg/all/function/internal_message.html?_=1631066330840&CODE_STATE=getMsg HTTP/1.1" 200 27
124.79.246.142 - - [08/Sep/2021:09:58:55 +0800] "GET /xingrg/kc/buy/cgsh_order_operate.html?command=get_materiel&rest_code=00104&code=00101004065&supplier_code=00100086&order_time=2021-09-08 HTTP/1.1" 200 413
124.79.246.142 - - [08/Sep/2021:09:58:59 +0800] "GET /xingrg/javascript/easyui/themes/default/images/button_plain_hover.png HTTP/1.1" 304 -
180.169.147.146 - - [08/Sep/2021:09:58:59 +0800] "GET /xingrg/all/function/internal_message.html?_=1631066339285&CODE_STATE=getMsg HTTP/1.1" 200 27
124.79.246.142 - - [08/Sep/2021:09:58:59 +0800] "GET /xingrg/javascript/easyui/themes/default/images/button_plain_hover.png HTTP/1.1" 304 -
124.79.246.142 - - [08/Sep/2021:09:58:59 +0800] "GET /xingrg/javascript/easyui/themes/default/images/button_plain_hover.png HTTP/1.1" 304 -
124.79.246.142 - - [08/Sep/2021:09:58:59 +0800] "GET /xingrg/javascript/easyui/themes/default/images/button_plain_hover.png HTTP/1.1" 304 -
58.37.227.186 - - [08/Sep/2021:09:58:59 +0800] "GET /xingrg/all/function/internal_message.html?_=1631066218238&CODE_STATE=getMsg HTTP/1.1" 200 27
180.157.254.90 - - [08/Sep/2021:09:59:01 +0800] "GET /xingrg/all/function/internal_message.html?_=1631066343738&CODE_STATE=getMsg HTTP/1.1" 200 27
124.79.246.142 - - [08/Sep/2021:09:59:02 +0800] "POST /xingrg/kc/buy/cgsh_order_operate.html HTTP/1.1" 200 37
116.230.105.26 - - [08/Sep/2021:09:59:03 +0800] "GET /xingrg/kc/buy/cgsh_order_operate.html?command=get_materiel&rest_code=00155&code=00101008415&supplier_code=00100005&order_time=2021-09-08 HTTP/1.1" 200 398
124.79.246.142 - - [08/Sep/2021:09:59:03 +0800] "POST /xingrg/kc/buy/cgsh_order_operate.html HTTP/1.1" 200 3255
124.79.246.142 - - [08/Sep/2021:09:59:03 +0800] "GET /xingrg/javascript/easyui/themes/default/images/button_plain_hover.png HTTP/1.1" 304 -
124.79.246.142 - - [08/Sep/2021:09:59:03 +0800] "GET /xingrg/javascript/easyui/themes/default/images/button_plain_hover.png HTTP/1.1" 304 -
124.79.246.142 - - [08/Sep/2021:09:59:03 +0800] "GET /xingrg/javascript/easyui/themes/default/images/button_plain_hover.png HTTP/1.1" 304 -
124.79.246.142 - - [08/Sep/2021:09:59:04 +0800] "GET /xingrg/javascript/easyui/themes/default/images/button_plain_hover.png HTTP/1.1" 304 -
116.238.194.18 - - [08/Sep/2021:09:59:04 +0800] "GET /xingrg/all/function/internal_message.html?_=1631066344393&CODE_STATE=getMsg HTTP/1.1" 200 27
124.79.246.142 - - [08/Sep/2021:09:59:04 +0800] "GET /xingrg/kc/print/load_config.html?kc_code=cgsh HTTP/1.1" 200 2076
124.79.246.142 - - [08/Sep/2021:09:59:04 +0800] "GET /xingrg/kc/print/load_data.html?order_code=212021090803142&kc_code=cgsh&condition= HTTP/1.1" 200 976
101.83.145.79 - - [08/Sep/2021:09:59:05 +0800] "GET /xingrg/all/function/internal_message.html?_=1631066346479&CODE_STATE=getMsg HTTP/1.1" 200 27
120.253.135.82 - - [08/Sep/2021:09:59:06 +0800] "GET /xingrg/all/function/internal_message.html?_=1631066121381&CODE_STATE=getMsg HTTP/1.1" 200 27
116.230.105.26 - - [08/Sep/2021:09:59:09 +0800] "GET /xingrg/all/function/internal_message.html?_=1631066291360&CODE_STATE=getMsg HTTP/1.1" 200 27
116.230.105.26 - - [08/Sep/2021:09:59:10 +0800] "GET /xingrg/kc/buy/cgsh_order_operate.html?command=get_materiel&rest_code=00155&code=00101008149&supplier_code=00100005&order_time=2021-09-08 HTTP/1.1" 200 408
124.79.246.142 - - [08/Sep/2021:09:59:15 +0800] "GET /xingrg/all/function/internal_message.html?_=1631066812396&CODE_STATE=getMsg HTTP/1.1" 200 27
116.230.105.26 - - [08/Sep/2021:09:59:16 +0800] "GET /xingrg/kc/buy/cgsh_order_operate.html?command=get_materiel&rest_code=00155&code=00101008185&supplier_code=00100005&order_time=2021-09-08 HTTP/1.1" 200 408
116.238.168.124 - - [08/Sep/2021:09:59:18 +0800] "GET /xingrg/all/function/internal_message.html?_=1631066339348&CODE_STATE=getMsg HTTP/1.1" 200 27
116.232.54.140 - - [08/Sep/2021:09:59:19 +0800] "GET /xingrg/all/function/internal_message.html?_=1631066361383&CODE_STATE=getMsg HTTP/1.1" 200 27
116.230.105.26 - - [08/Sep/2021:09:59:21 +0800] "GET /xingrg/kc/buy/cgsh_order_operate.html?command=get_materiel&rest_code=00155&code=00101008354&supplier_code=00100005&order_time=2021-09-08 HTTP/1.1" 200 412
101.85.93.96 - - [08/Sep/2021:09:59:24 +0800] "GET /xingrg/all/function/internal_message.html?_=1631066292467&CODE_STATE=getMsg HTTP/1.1" 200 27
180.169.147.146 - - [08/Sep/2021:09:59:25 +0800] "GET /xingrg/check_reg.html?_=1631066366455 HTTP/1.1" 200 22
180.169.147.146 - - [08/Sep/2021:09:59:25 +0800] "GET /xingrg/all/function/internal_message.html?_=1631066366458&CODE_STATE=getMsg HTTP/1.1" 200 27
222.70.179.190 - - [08/Sep/2021:09:59:30 +0800] "GET /xingrg/all/function/internal_message.html?_=1631066368087&CODE_STATE=getMsg HTTP/1.1" 200 27
222.70.246.151 - - [08/Sep/2021:09:59:30 +0800] "GET /xingrg/all/function/internal_message.html?_=1631066380223&CODE_STATE=getMsg HTTP/1.1" 200 27
116.230.105.26 - - [08/Sep/2021:09:59:30 +0800] "GET /xingrg/kc/buy/cgsh_order_operate.html?command=get_materiel&rest_code=00155&code=00101008015&supplier_code=00100005&order_time=2021-09-08 HTTP/1.1" 200 414
116.238.194.18 - - [08/Sep/2021:09:59:30 +0800] "GET /xingrg/all/function/internal_message.html?_=1631066346992&CODE_STATE=getMsg HTTP/1.1" 200 27
116.230.105.26 - - [08/Sep/2021:09:59:35 +0800] "GET /xingrg/kc/buy/cgsh_order_operate.html?command=get_materiel&rest_code=00155&code=00101008559&supplier_code=00100005&order_time=2021-09-08 HTTP/1.1" 200 399
180.169.147.146 - - [08/Sep/2021:09:59:39 +0800] "GET /xingrg/all/function/internal_message.html?_=1631066370560&CODE_STATE=getMsg HTTP/1.1" 200 27
222.69.132.5 - - [08/Sep/2021:09:59:40 +0800] "GET /xingrg/all/function/internal_message.html?_=1631066378502&CODE_STATE=getMsg HTTP/1.1" 200 27
116.230.105.26 - - [08/Sep/2021:09:59:41 +0800] "GET /xingrg/kc/buy/cgsh_order_operate.html?command=get_materiel&rest_code=00155&code=00101008010&supplier_code=00100005&order_time=2021-09-08 HTTP/1.1" 200 412
101.83.145.79 - - [08/Sep/2021:09:59:42 +0800] "GET /xingrg/all/function/internal_message.html?_=1631066332245&CODE_STATE=getMsg HTTP/1.1" 200 27
124.79.246.142 - - [08/Sep/2021:09:59:44 +0800] "GET /xingrg/check_reg.html?_=1631066841570 HTTP/1.1" 200 22
116.228.172.94 - - [08/Sep/2021:09:59:45 +0800] "GET /xingrg/all/function/internal_message.html?_=1631066387154&CODE_STATE=getMsg HTTP/1.1" 200 27
116.230.105.26 - - [08/Sep/2021:09:59:48 +0800] "GET /xingrg/kc/buy/cgsh_order_operate.html?command=get_materiel&rest_code=00155&code=00101008560&supplier_code=00100005&order_time=2021-09-08 HTTP/1.1" 200 398
172.20.0.100 - - [08/Sep/2021:09:59:52 +0800] "GET /xingrg/all/function/internal_message.html?_=1631066390827&CODE_STATE=getMsg HTTP/1.1" 200 27
116.230.105.26 - - [08/Sep/2021:09:59:58 +0800] "GET /xingrg/kc/buy/cgsh_order_operate.html?command=get_materiel&rest_code=00155&code=00101008163&supplier_code=00100005&order_time=2021-09-08 HTTP/1.1" 200 409
180.169.147.146 - - [08/Sep/2021:09:59:59 +0800] "GET /xingrg/all/function/internal_message.html?_=1631066399278&CODE_STATE=getMsg HTTP/1.1" 200 27
116.230.105.26 - - [08/Sep/2021:09:59:59 +0800] "POST /xingrg/kc/buy/cgsh_order_operate.html HTTP/1.1" 200 2065
58.37.227.186 - - [08/Sep/2021:09:59:59 +0800] "GET /xingrg/all/function/internal_message.html?_=1631066278238&CODE_STATE=getMsg HTTP/1.1" 200 27
180.157.254.90 - - [08/Sep/2021:10:00:01 +0800] "GET /xingrg/all/function/internal_message.html?_=1631066403737&CODE_STATE=getMsg HTTP/1.1" 200 27
116.238.194.18 - - [08/Sep/2021:10:00:04 +0800] "GET /xingrg/check_reg.html?_=1631066404392 HTTP/1.1" 200 22
116.238.194.18 - - [08/Sep/2021:10:00:04 +0800] "GET /xingrg/all/function/internal_message.html?_=1631066404402&CODE_STATE=getMsg HTTP/1.1" 200 27
116.230.105.26 - - [08/Sep/2021:10:00:04 +0800] "GET /xingrg/kc/buy/cgsh_order_operate.html?command=get_materiel&rest_code=00155&code=00101008290&supplier_code=00100005&order_time=2021-09-08 HTTP/1.1" 200 416
101.83.145.79 - - [08/Sep/2021:10:00:05 +0800] "GET /xingrg/check_reg.html?_=1631066406467 HTTP/1.1" 200 22
101.83.145.79 - - [08/Sep/2021:10:00:05 +0800] "GET /xingrg/all/function/internal_message.html?_=1631066406470&CODE_STATE=getMsg HTTP/1.1" 200 27
120.253.135.82 - - [08/Sep/2021:10:00:06 +0800] "GET /xingrg/all/function/internal_message.html?_=1631066181390&CODE_STATE=getMsg HTTP/1.1" 200 27
116.230.105.26 - - [08/Sep/2021:10:00:09 +0800] "GET /xingrg/all/function/internal_message.html?_=1631066351359&CODE_STATE=getMsg HTTP/1.1" 200 27
180.169.147.146 - - [08/Sep/2021:10:00:09 +0800] "POST /xingrg/kc/buy/cgsh_list_operate.html HTTP/1.1" 200 5401
180.169.147.146 - - [08/Sep/2021:10:00:12 +0800] "POST /xingrg/kc/buy/cgsh_list_operate.html HTTP/1.1" 200 566
180.169.147.146 - - [08/Sep/2021:10:00:12 +0800] "GET /xingrg/kc/buy/cgsh_order_info.html?code=212021090702730 HTTP/1.1" 200 63403
180.169.147.146 - - [08/Sep/2021:10:00:12 +0800] "GET /xingrg/javascript/easyui/themes/default/validatebox.css HTTP/1.1" 404 1104
180.169.147.146 - - [08/Sep/2021:10:00:13 +0800] "POST /xingrg/kc/buy/cgsh_order_operate.html HTTP/1.1" 200 28105
124.79.246.142 - - [08/Sep/2021:10:00:13 +0800] "GET /xingrg/check_reg.html?_=1631066870673 HTTP/1.1" 200 22
116.230.105.26 - - [08/Sep/2021:10:00:14 +0800] "GET /xingrg/kc/buy/cgsh_order_operate.html?command=get_materiel&rest_code=00155&code=00101008301&supplier_code=00100005&order_time=2021-09-08 HTTP/1.1" 200 422
124.79.246.142 - - [08/Sep/2021:10:00:15 +0800] "GET /xingrg/all/function/internal_message.html?_=1631066872405&CODE_STATE=getMsg HTTP/1.1" 200 27
116.232.54.140 - - [08/Sep/2021:10:00:19 +0800] "GET /xingrg/all/function/internal_message.html?_=1631066421368&CODE_STATE=getMsg HTTP/1.1" 200 27
116.238.168.124 - - [08/Sep/2021:10:00:19 +0800] "GET /xingrg/all/function/internal_message.html?_=1631066400198&CODE_STATE=getMsg HTTP/1.1" 200 27
101.85.93.96 - - [08/Sep/2021:10:00:24 +0800] "GET /xingrg/all/function/internal_message.html?_=1631066352439&CODE_STATE=getMsg HTTP/1.1" 200 27
180.169.147.146 - - [08/Sep/2021:10:00:25 +0800] "GET /xingrg/all/function/internal_message.html?_=1631066426461&CODE_STATE=getMsg HTTP/1.1" 200 27
116.230.105.26 - - [08/Sep/2021:10:00:26 +0800] "GET /xingrg/kc/buy/cgsh_order_operate.html?command=get_materiel&rest_code=00155&code=00101008477&supplier_code=00100005&order_time=2021-09-08 HTTP/1.1" 200 408
222.70.179.190 - - [08/Sep/2021:10:00:30 +0800] "GET /xingrg/all/function/internal_message.html?_=1631066428092&CODE_STATE=getMsg HTTP/1.1" 200 27
222.70.246.151 - - [08/Sep/2021:10:00:30 +0800] "GET /xingrg/all/function/internal_message.html?_=1631066440237&CODE_STATE=getMsg HTTP/1.1" 200 27
116.238.194.18 - - [08/Sep/2021:10:00:30 +0800] "GET /xingrg/check_reg.html?_=1631066406824 HTTP/1.1" 200 22
116.238.194.18 - - [08/Sep/2021:10:00:30 +0800] "GET /xingrg/all/function/internal_message.html?_=1631066407005&CODE_STATE=getMsg HTTP/1.1" 200 27
116.230.105.26 - - [08/Sep/2021:10:00:33 +0800] "GET /xingrg/kc/buy/cgsh_order_operate.html?command=get_materiel&rest_code=00155&code=00101008101&supplier_code=00100005&order_time=2021-09-08 HTTP/1.1" 200 412
180.169.147.146 - - [08/Sep/2021:10:00:39 +0800] "GET /xingrg/all/function/internal_message.html?_=1631066430576&CODE_STATE=getMsg HTTP/1.1" 200 27
180.169.147.146 - - [08/Sep/2021:10:00:39 +0800] "GET /xingrg/check_reg.html?_=1631066430704 HTTP/1.1" 200 22
116.230.105.26 - - [08/Sep/2021:10:00:39 +0800] "GET /xingrg/kc/buy/cgsh_order_operate.html?command=get_materiel&rest_code=00155&code=00101008141&supplier_code=00100005&order_time=2021-09-08 HTTP/1.1" 200 412
222.69.132.5 - - [08/Sep/2021:10:00:40 +0800] "GET /xingrg/all/function/internal_message.html?_=1631066438502&CODE_STATE=getMsg HTTP/1.1" 200 27
222.69.132.5 - - [08/Sep/2021:10:00:40 +0800] "GET /xingrg/check_reg.html?_=1631066438504 HTTP/1.1" 200 22
101.83.145.79 - - [08/Sep/2021:10:00:42 +0800] "GET /xingrg/check_reg.html?_=1631066392245 HTTP/1.1" 200 22
101.83.145.79 - - [08/Sep/2021:10:00:42 +0800] "GET /xingrg/all/function/internal_message.html?_=1631066392248&CODE_STATE=getMsg HTTP/1.1" 200 27
116.230.105.26 - - [08/Sep/2021:10:00:43 +0800] "POST /xingrg/kc/buy/cgsh_order_operate.html HTTP/1.1" 200 2065
