116.238.194.18 - - [08/Sep/2021:09:26:32 +0800] "GET /xingrg/kc/buy/cgsh_order_operate.html?command=get_materiel&rest_code=00151&code=00101009013&supplier_code=00100424&order_time=2021-09-08 HTTP/1.1" 200 420
222.70.179.190 - - [08/Sep/2021:09:26:35 +0800] "GET /xingrg/kc/buy/cgsh_order_operate.html?command=get_materiel&rest_code=00111&code=00101008004&supplier_code=00100005&order_time=2021-09-08 HTTP/1.1" 200 416
116.232.54.140 - - [08/Sep/2021:09:26:37 +0800] "POST /xingrg/kc/buy/cgsh_order_operate.html HTTP/1.1" 200 30423
120.253.135.82 - - [08/Sep/2021:09:26:38 +0800] "GET /xingrg/kc/report/report_main.html HTTP/1.1" 200 9370
120.253.135.82 - - [08/Sep/2021:09:26:38 +0800] "GET /xingrg/javascript/jquery_ui/themes/humanity/humanity.css HTTP/1.1" 304 -
120.253.135.82 - - [08/Sep/2021:09:26:38 +0800] "GET /xingrg/css/blue.css HTTP/1.1" 304 -
120.253.135.82 - - [08/Sep/2021:09:26:38 +0800] "GET /xingrg/javascript/jquery_easy_ui/themes/icons/back_new.png HTTP/1.1" 304 -
116.238.194.18 - - [08/Sep/2021:09:26:39 +0800] "GET /xingrg/all/function/internal_message.html?_=1631064376200&CODE_STATE=getMsg HTTP/1.1" 200 27
222.69.132.5 - - [08/Sep/2021:09:26:39 +0800] "GET /xingrg/all/function/internal_message.html?_=1631064398414&CODE_STATE=getMsg HTTP/1.1" 200 27
101.83.145.79 - - [08/Sep/2021:09:26:41 +0800] "GET /xingrg/all/function/internal_message.html?_=1631064352192&CODE_STATE=getMsg HTTP/1.1" 200 27
222.70.179.190 - - [08/Sep/2021:09:26:43 +0800] "GET /xingrg/kc/buy/cgsh_order_operate.html?command=get_materiel&rest_code=00111&code=00101008067&supplier_code=00100005&order_time=2021-09-08 HTTP/1.1" 200 416
116.238.194.18 - - [08/Sep/2021:09:26:46 +0800] "GET /xingrg/kc/buy/cgsh_order_operate.html?command=get_materiel&rest_code=00151&code=00101009028&supplier_code=00100424&order_time=2021-09-08 HTTP/1.1" 200 409
116.230.105.26 - - [08/Sep/2021:09:26:49 +0800] "GET /xingrg/all/function/internal_message.html?_=1631064351906&CODE_STATE=getMsg HTTP/1.1" 200 27
116.232.54.140 - - [08/Sep/2021:09:26:50 +0800] "GET /xingrg/kc/buy/cgsh_order_operate.html?command=get_materiel&rest_code=00109&code=00101008112&supplier_code=00100005&order_time=2021-09-08 HTTP/1.1" 200 412
172.20.0.100 - - [08/Sep/2021:09:26:53 +0800] "GET /xingrg/all/function/internal_message.html?_=1631064411715&CODE_STATE=getMsg HTTP/1.1" 200 27
222.70.179.190 - - [08/Sep/2021:09:26:53 +0800] "GET /xingrg/kc/buy/cgsh_order_operate.html?command=get_materiel&rest_code=00111&code=00101008264&supplier_code=00100005&order_time=2021-09-08 HTTP/1.1" 200 412
222.69.132.5 - - [08/Sep/2021:09:26:55 +0800] "GET /xingrg/kc/buy/cgsh_order_operate.html?command=get_materiel&rest_code=00149&code=00101028011&supplier_code=00100019&order_time=2021-09-08 HTTP/1.1" 200 454
116.238.194.18 - - [08/Sep/2021:09:26:57 +0800] "GET /xingrg/kc/buy/cgsh_order_operate.html?command=get_materiel&rest_code=00151&code=00101009011&supplier_code=00100424&order_time=2021-09-08 HTTP/1.1" 200 416
180.169.147.146 - - [08/Sep/2021:09:26:59 +0800] "GET /xingrg/all/function/internal_message.html?_=1631064419273&CODE_STATE=getMsg HTTP/1.1" 200 27
58.37.227.186 - - [08/Sep/2021:09:26:59 +0800] "GET /xingrg/all/function/internal_message.html?_=1631064298137&CODE_STATE=getMsg HTTP/1.1" 200 27
116.232.54.140 - - [08/Sep/2021:09:27:00 +0800] "GET /xingrg/kc/buy/cgsh_order_operate.html?command=get_materiel&rest_code=00109&code=00101015060&supplier_code=00100005&order_time=2021-09-08 HTTP/1.1" 200 412
180.157.254.90 - - [08/Sep/2021:09:27:01 +0800] "GET /xingrg/all/function/internal_message.html?_=1631064423680&CODE_STATE=getMsg HTTP/1.1" 200 27
180.157.254.90 - - [08/Sep/2021:09:27:01 +0800] "GET /xingrg/check_reg.html?_=1631064423682 HTTP/1.1" 200 22
101.83.145.79 - - [08/Sep/2021:09:27:05 +0800] "GET /xingrg/all/function/internal_message.html?_=1631064426455&CODE_STATE=getMsg HTTP/1.1" 200 27
222.70.179.190 - - [08/Sep/2021:09:27:05 +0800] "GET /xingrg/kc/buy/cgsh_order_operate.html?command=get_materiel&rest_code=00111&code=00101008137&supplier_code=00100005&order_time=2021-09-08 HTTP/1.1" 200 408
120.253.135.82 - - [08/Sep/2021:09:27:06 +0800] "GET /xingrg/all/function/internal_message.html?_=1631064200531&CODE_STATE=getMsg HTTP/1.1" 200 27
116.238.168.124 - - [08/Sep/2021:09:27:08 +0800] "GET /xingrg/all/function/internal_message.html?_=1631064409178&CODE_STATE=getMsg HTTP/1.1" 200 27
116.232.54.140 - - [08/Sep/2021:09:27:08 +0800] "GET /xingrg/kc/buy/cgsh_order_operate.html?command=get_materiel&rest_code=00109&code=00101008223&supplier_code=00100005&order_time=2021-09-08 HTTP/1.1" 200 412
120.253.135.82 - - [08/Sep/2021:09:27:08 +0800] "GET /xingrg/javascript/easyui/themes/sunny/easyui.css HTTP/1.1" 304 -
120.253.135.82 - - [08/Sep/2021:09:27:08 +0800] "GET /xingrg/kc/base/kc_stocks.html HTTP/1.1" 200 16437
120.253.135.82 - - [08/Sep/2021:09:27:09 +0800] "GET /xingrg/javascript/easyui/themes/icons/filter_new.png HTTP/1.1" 304 -
120.253.135.82 - - [08/Sep/2021:09:27:09 +0800] "GET /xingrg/javascript/easyui/themes/icons/print_new.png HTTP/1.1" 304 -
120.253.135.82 - - [08/Sep/2021:09:27:09 +0800] "GET /xingrg/javascript/easyui/themes/icons/refresh_new.png HTTP/1.1" 304 -
120.253.135.82 - - [08/Sep/2021:09:27:09 +0800] "GET /xingrg/javascript/easyui/plugins/jquery.draggable.js HTTP/1.1" 304 -
120.253.135.82 - - [08/Sep/2021:09:27:09 +0800] "GET /xingrg/javascript/easyui/plugins/jquery.droppable.js HTTP/1.1" 304 -
120.253.135.82 - - [08/Sep/2021:09:27:09 +0800] "GET /xingrg/javascript/easyui/themes/default/tree.css HTTP/1.1" 404 1090
120.253.135.82 - - [08/Sep/2021:09:27:09 +0800] "GET /xingrg/javascript/easyui/plugins/jquery.tree.js HTTP/1.1" 304 -
120.253.135.82 - - [08/Sep/2021:09:27:09 +0800] "POST /xingrg/all/common/load_tree.html?tree=materiel_sort_tree_json HTTP/1.1" 200 8792
120.253.135.82 - - [08/Sep/2021:09:27:09 +0800] "GET /xingrg/javascript/easyui/themes/sunny/images/tree_arrows.gif HTTP/1.1" 304 -
120.253.135.82 - - [08/Sep/2021:09:27:09 +0800] "GET /xingrg/javascript/easyui/themes/sunny/images/tree_folder_open.gif HTTP/1.1" 304 -
120.253.135.82 - - [08/Sep/2021:09:27:09 +0800] "GET /xingrg/javascript/easyui/themes/sunny/images/tree_file.gif HTTP/1.1" 304 -
120.253.135.82 - - [08/Sep/2021:09:27:09 +0800] "GET /xingrg/javascript/easyui/themes/sunny/images/tree_folder.gif HTTP/1.1" 304 -
116.238.194.18 - - [08/Sep/2021:09:27:10 +0800] "GET /xingrg/kc/buy/cgsh_order_operate.html?command=get_materiel&rest_code=00151&code=00101009078&supplier_code=00100424&order_time=2021-09-08 HTTP/1.1" 200 394
120.253.135.82 - - [08/Sep/2021:09:27:10 +0800] "POST /xingrg/all/common/load_combo.html?type=base HTTP/1.1" 200 1075
222.69.132.5 - - [08/Sep/2021:09:27:12 +0800] "GET /xingrg/kc/buy/cgsh_order_operate.html?command=get_materiel&rest_code=00149&code=00101028005&supplier_code=00100019&order_time=2021-09-08 HTTP/1.1" 200 435
124.79.246.142 - - [08/Sep/2021:09:27:12 +0800] "GET /xingrg/all/function/internal_message.html?_=1631064889856&CODE_STATE=getMsg HTTP/1.1" 200 27
101.85.93.96 - - [08/Sep/2021:09:27:14 +0800] "GET /xingrg/all/function/internal_message.html?_=1631064362278&CODE_STATE=getMsg HTTP/1.1" 200 27
222.70.179.190 - - [08/Sep/2021:09:27:16 +0800] "GET /xingrg/kc/buy/cgsh_order_operate.html?command=get_materiel&rest_code=00111&code=00101008360&supplier_code=00100005&order_time=2021-09-08 HTTP/1.1" 200 412
222.70.179.190 - - [08/Sep/2021:09:27:17 +0800] "POST /xingrg/kc/buy/cgsh_order_operate.html HTTP/1.1" 200 2065
116.232.54.140 - - [08/Sep/2021:09:27:18 +0800] "GET /xingrg/kc/buy/cgsh_order_operate.html?command=get_materiel&rest_code=00109&code=00101008286&supplier_code=00100005&order_time=2021-09-08 HTTP/1.1" 200 408
116.232.54.140 - - [08/Sep/2021:09:27:19 +0800] "GET /xingrg/all/function/internal_message.html?_=1631064441194&CODE_STATE=getMsg HTTP/1.1" 200 27
116.232.54.140 - - [08/Sep/2021:09:27:19 +0800] "GET /xingrg/check_reg.html?_=1631064441196 HTTP/1.1" 200 22
116.232.54.140 - - [08/Sep/2021:09:27:22 +0800] "POST /xingrg/kc/buy/cgsh_order_operate.html HTTP/1.1" 200 2065
222.69.132.5 - - [08/Sep/2021:09:27:22 +0800] "GET /xingrg/kc/buy/cgsh_order_operate.html?command=get_materiel&rest_code=00149&code=00101020079&supplier_code=00100019&order_time=2021-09-08 HTTP/1.1" 200 421
120.253.135.82 - - [08/Sep/2021:09:27:23 +0800] "POST /xingrg/kc/base/stock_operate.html HTTP/1.1" 200 1457
120.253.135.82 - - [08/Sep/2021:09:27:23 +0800] "GET /xingrg/javascript/jquery_tools/fix_table.js HTTP/1.1" 304 -
180.169.147.146 - - [08/Sep/2021:09:27:25 +0800] "GET /xingrg/all/function/internal_message.html?_=1631064446469&CODE_STATE=getMsg HTTP/1.1" 200 27
116.238.194.18 - - [08/Sep/2021:09:27:26 +0800] "GET /xingrg/all/function/internal_message.html?_=1631064446616&CODE_STATE=getMsg HTTP/1.1" 200 27
222.70.179.190 - - [08/Sep/2021:09:27:26 +0800] "GET /xingrg/kc/buy/cgsh_order_operate.html?command=get_materiel&rest_code=00111&code=00101008196&supplier_code=00100005&order_time=2021-09-08 HTTP/1.1" 200 416
222.70.246.151 - - [08/Sep/2021:09:27:28 +0800] "GET /xingrg/all/function/internal_message.html?_=1631064458821&CODE_STATE=getMsg HTTP/1.1" 200 27
222.70.179.190 - - [08/Sep/2021:09:27:30 +0800] "GET /xingrg/all/function/internal_message.html?_=1631064448053&CODE_STATE=getMsg HTTP/1.1" 200 27
222.70.179.190 - - [08/Sep/2021:09:27:30 +0800] "GET /xingrg/check_reg.html?_=1631064448089 HTTP/1.1" 200 22
116.232.54.140 - - [08/Sep/2021:09:27:33 +0800] "GET /xingrg/kc/buy/cgsh_order_operate.html?command=get_materiel&rest_code=00109&code=00101008131&supplier_code=00100005&order_time=2021-09-08 HTTP/1.1" 200 408
222.69.132.5 - - [08/Sep/2021:09:27:35 +0800] "GET /xingrg/kc/buy/cgsh_order_operate.html?command=get_materiel&rest_code=00149&code=00101029023&supplier_code=00100019&order_time=2021-09-08 HTTP/1.1" 200 456
116.238.194.18 - - [08/Sep/2021:09:27:39 +0800] "GET /xingrg/all/function/internal_message.html?_=1631064436351&CODE_STATE=getMsg HTTP/1.1" 200 27
222.69.132.5 - - [08/Sep/2021:09:27:39 +0800] "GET /xingrg/all/function/internal_message.html?_=1631064458391&CODE_STATE=getMsg HTTP/1.1" 200 27
222.70.179.190 - - [08/Sep/2021:09:27:40 +0800] "GET /xingrg/kc/buy/cgsh_order_operate.html?command=get_materiel&rest_code=00111&code=00101008069&supplier_code=00100005&order_time=2021-09-08 HTTP/1.1" 200 412
101.83.145.79 - - [08/Sep/2021:09:27:42 +0800] "GET /xingrg/all/function/internal_message.html?_=1631064412192&CODE_STATE=getMsg HTTP/1.1" 200 27
116.232.54.140 - - [08/Sep/2021:09:27:44 +0800] "GET /xingrg/kc/buy/cgsh_order_operate.html?command=get_materiel&rest_code=00109&code=00101008005&supplier_code=00100005&order_time=2021-09-08 HTTP/1.1" 200 412
120.253.135.82 - - [08/Sep/2021:09:27:49 +0800] "POST /xingrg/kc/base/stock_operate.html HTTP/1.1" 200 1470
116.230.105.26 - - [08/Sep/2021:09:27:49 +0800] "GET /xingrg/all/function/internal_message.html?_=1631064411901&CODE_STATE=getMsg HTTP/1.1" 200 27
120.253.135.82 - - [08/Sep/2021:09:27:51 +0800] "GET /xingrg/kc/base/stock_detail.html?m=00101022090 HTTP/1.1" 200 6349
120.253.135.82 - - [08/Sep/2021:09:27:51 +0800] "GET /xingrg/javascript/jquery_easy_ui/themes/default/images/button_a_bg.gif HTTP/1.1" 304 -
120.253.135.82 - - [08/Sep/2021:09:27:51 +0800] "GET /xingrg/javascript/jquery_easy_ui/themes/icons/search.png HTTP/1.1" 304 -
120.253.135.82 - - [08/Sep/2021:09:27:51 +0800] "GET /xingrg/javascript/jquery_easy_ui/themes/default/images/button_span_bg.gif HTTP/1.1" 304 -
120.253.135.82 - - [08/Sep/2021:09:27:51 +0800] "GET /xingrg/javascript/jquery_easy_ui/themes/default/images/menu_downarrow.png HTTP/1.1" 304 -
120.253.135.82 - - [08/Sep/2021:09:27:51 +0800] "GET /xingrg/javascript/jquery_easy_ui/themes/icons/print.png HTTP/1.1" 304 -
120.253.135.82 - - [08/Sep/2021:09:27:51 +0800] "GET /xingrg/javascript/jquery_easy_ui/themes/default/images/menu.gif HTTP/1.1" 304 -
120.253.135.82 - - [08/Sep/2021:09:27:51 +0800] "GET /xingrg/javascript/jquery_easy_ui/themes/default/images/calendar_prevmonth.gif HTTP/1.1" 304 -
120.253.135.82 - - [08/Sep/2021:09:27:51 +0800] "GET /xingrg/javascript/jquery_easy_ui/themes/default/images/calendar_nextmonth.gif HTTP/1.1" 304 -
120.253.135.82 - - [08/Sep/2021:09:27:51 +0800] "GET /xingrg/javascript/jquery_easy_ui/themes/default/images/calendar_nextyear.gif HTTP/1.1" 304 -
120.253.135.82 - - [08/Sep/2021:09:27:51 +0800] "GET /xingrg/javascript/jquery_easy_ui/themes/default/images/calendar_prevyear.gif HTTP/1.1" 304 -
120.253.135.82 - - [08/Sep/2021:09:27:52 +0800] "GET /xingrg/kc/base/stock_operate.html?_=1631064247298&command=get_report_file&start_day=20210901 HTTP/1.1" 200 53
120.253.135.82 - - [08/Sep/2021:09:27:52 +0800] "GET /xingrg/all/report/report_query.html?isQuery=1&onlyBody=1&rh=2000&fileName=kc/base/kc_stock_detail_new.xml&queryString=(1=1)&queryText=&tableQueryString=init_table$sp1$$sp$crk_table$sp1$order_day%20between%2020210901%20and%2020210930&varString=start_day:20210901,materiel_code:00101022090,cost_id:3271,end_date:20210731 HTTP/1.1" 200 48701
120.253.135.82 - - [08/Sep/2021:09:27:52 +0800] "GET /xingrg/javascript/bigrid/fix.css HTTP/1.1" 304 -
120.253.135.82 - - [08/Sep/2021:09:27:52 +0800] "GET /xingrg/dwr/util.js HTTP/1.1" 304 -
120.253.135.82 - - [08/Sep/2021:09:27:52 +0800] "GET /xingrg/javascript/multi_select/jqueryMultiSelect.css HTTP/1.1" 304 -
120.253.135.82 - - [08/Sep/2021:09:27:52 +0800] "GET /xingrg/dwr/interface/AjaxReportQueryService.js HTTP/1.1" 200 13203
120.253.135.82 - - [08/Sep/2021:09:27:52 +0800] "GET /xingrg/javascript/Calendar.js HTTP/1.1" 304 -
120.253.135.82 - - [08/Sep/2021:09:27:52 +0800] "GET /xingrg/javascript/bigrid/fix.js HTTP/1.1" 304 -
120.253.135.82 - - [08/Sep/2021:09:27:52 +0800] "GET /xingrg/javascript/calendar/jquery.timePicker.min.js HTTP/1.1" 304 -
120.253.135.82 - - [08/Sep/2021:09:27:52 +0800] "GET /xingrg/javascript/jqueryMultiSelect.js HTTP/1.1" 304 -
120.253.135.82 - - [08/Sep/2021:09:27:52 +0800] "GET /xingrg/javascript/calendar/timePicker.css HTTP/1.1" 304 -
120.253.135.82 - - [08/Sep/2021:09:27:52 +0800] "GET /xingrg/dwr/engine.js HTTP/1.1" 200 43631
120.253.135.82 - - [08/Sep/2021:09:27:53 +0800] "GET /xingrg/images/blue/button/advanceover.gif HTTP/1.1" 304 -
120.253.135.82 - - [08/Sep/2021:09:27:53 +0800] "GET /xingrg/images/control/loading.gif HTTP/1.1" 304 -
120.253.135.82 - - [08/Sep/2021:09:27:53 +0800] "GET /xingrg/images/blue/button/back2over.gif HTTP/1.1" 304 -
120.253.135.82 - - [08/Sep/2021:09:27:53 +0800] "GET /xingrg/images/blue/button/advance2over.gif HTTP/1.1" 304 -
120.253.135.82 - - [08/Sep/2021:09:27:53 +0800] "GET /xingrg/images/blue/button/backover.gif HTTP/1.1" 304 -
120.253.135.82 - - [08/Sep/2021:09:27:53 +0800] "GET /xingrg/javascript/jquery_easy_ui/themes/icons/help.png HTTP/1.1" 304 -
116.238.168.124 - - [08/Sep/2021:09:27:53 +0800] "GET /xingrg/check_reg.html?_=1631064453763 HTTP/1.1" 200 22
172.20.0.100 - - [08/Sep/2021:09:27:53 +0800] "GET /xingrg/all/function/internal_message.html?_=1631064471691&CODE_STATE=getMsg HTTP/1.1" 200 27
120.253.135.82 - - [08/Sep/2021:09:27:53 +0800] "POST /xingrg/all/report/load_report_page.html HTTP/1.1" 200 25124
120.253.135.82 - - [08/Sep/2021:09:27:53 +0800] "GET /xingrg/servlets/image?cache=0.1352671813896199&image=px HTTP/1.1" 200 807
222.69.132.5 - - [08/Sep/2021:09:27:54 +0800] "GET /xingrg/kc/buy/cgsh_order_operate.html?command=get_materiel&rest_code=00149&code=00101029003&supplier_code=00100019&order_time=2021-09-08 HTTP/1.1" 200 454
116.238.194.18 - - [08/Sep/2021:09:27:55 +0800] "GET /xingrg/kc/buy/cgsh_order_operate.html?command=get_materiel&rest_code=00151&code=00101009066&supplier_code=00100424&order_time=2021-09-08 HTTP/1.1" 200 416
180.169.147.146 - - [08/Sep/2021:09:27:59 +0800] "GET /xingrg/all/function/internal_message.html?_=1631064479289&CODE_STATE=getMsg HTTP/1.1" 200 27
180.169.147.146 - - [08/Sep/2021:09:27:59 +0800] "GET /xingrg/check_reg.html?_=1631064479289 HTTP/1.1" 200 22
58.37.227.186 - - [08/Sep/2021:09:27:59 +0800] "GET /xingrg/all/function/internal_message.html?_=1631064358136&CODE_STATE=getMsg HTTP/1.1" 200 27
120.253.135.82 - - [08/Sep/2021:09:28:00 +0800] "GET /xingrg/kc/base/stock_operate.html?_=1631064254675&command=get_report_file&start_day=20210801 HTTP/1.1" 200 53
120.253.135.82 - - [08/Sep/2021:09:28:00 +0800] "GET /xingrg/all/report/report_query.html?isQuery=1&onlyBody=1&rh=2000&fileName=kc/base/kc_stock_detail_new.xml&queryString=(1=1)&queryText=&tableQueryString=init_table$sp1$$sp$crk_table$sp1$order_day%20between%2020210801%20and%2020210930&varString=start_day:20210801,materiel_code:00101022090,cost_id:3271,end_date:20210731 HTTP/1.1" 200 48701
120.253.135.82 - - [08/Sep/2021:09:28:00 +0800] "GET /xingrg/dwr/interface/AjaxReportQueryService.js HTTP/1.1" 200 13203
120.253.135.82 - - [08/Sep/2021:09:28:00 +0800] "GET /xingrg/dwr/engine.js HTTP/1.1" 200 43631
116.232.54.140 - - [08/Sep/2021:09:28:01 +0800] "GET /xingrg/kc/buy/cgsh_order_operate.html?command=get_materiel&rest_code=00109&code=00101008353&supplier_code=00100005&order_time=2021-09-08 HTTP/1.1" 200 408
180.157.254.90 - - [08/Sep/2021:09:28:01 +0800] "GET /xingrg/all/function/internal_message.html?_=1631064483682&CODE_STATE=getMsg HTTP/1.1" 200 27
120.253.135.82 - - [08/Sep/2021:09:28:02 +0800] "POST /xingrg/all/report/load_report_page.html HTTP/1.1" 200 54494
120.253.135.82 - - [08/Sep/2021:09:28:02 +0800] "GET /xingrg/servlets/image?cache=0.7623819334513516&image=px HTTP/1.1" 200 807
222.70.179.190 - - [08/Sep/2021:09:28:02 +0800] "GET /xingrg/kc/buy/cgsh_order_operate.html?command=get_materiel&rest_code=00111&code=00101008036&supplier_code=00100005&order_time=2021-09-08 HTTP/1.1" 200 408
101.83.145.79 - - [08/Sep/2021:09:28:05 +0800] "GET /xingrg/all/function/internal_message.html?_=1631064486455&CODE_STATE=getMsg HTTP/1.1" 200 27
120.253.135.82 - - [08/Sep/2021:09:28:06 +0800] "GET /xingrg/all/function/internal_message.html?_=1631064260534&CODE_STATE=getMsg HTTP/1.1" 200 27
120.253.135.82 - - [08/Sep/2021:09:28:06 +0800] "GET /xingrg/javascript/jquery_easy_ui/themes/default/images/tabs_active.png HTTP/1.1" 304 -
116.238.168.124 - - [08/Sep/2021:09:28:08 +0800] "GET /xingrg/all/function/internal_message.html?_=1631064469192&CODE_STATE=getMsg HTTP/1.1" 200 27
116.238.194.18 - - [08/Sep/2021:09:28:09 +0800] "POST /xingrg/kc/buy/cgsh_order_operate.html HTTP/1.1" 200 37
222.69.132.5 - - [08/Sep/2021:09:28:11 +0800] "GET /xingrg/kc/buy/cgsh_order_operate.html?command=get_materiel&rest_code=00149&code=00101029005&supplier_code=00100019&order_time=2021-09-08 HTTP/1.1" 200 436
116.238.194.18 - - [08/Sep/2021:09:28:11 +0800] "POST /xingrg/kc/buy/cgsh_order_operate.html HTTP/1.1" 200 7449
124.79.246.142 - - [08/Sep/2021:09:28:12 +0800] "GET /xingrg/all/function/internal_message.html?_=1631064949871&CODE_STATE=getMsg HTTP/1.1" 200 27
101.85.93.96 - - [08/Sep/2021:09:28:14 +0800] "GET /xingrg/all/function/internal_message.html?_=1631064422277&CODE_STATE=getMsg HTTP/1.1" 200 27
222.70.179.190 - - [08/Sep/2021:09:28:14 +0800] "POST /xingrg/kc/buy/cgsh_order_operate.html HTTP/1.1" 200 2065
120.253.135.82 - - [08/Sep/2021:09:28:14 +0800] "GET /xingrg/kc/base/stock_operate.html?_=1631064269179&command=get_report_file&start_day=20210701 HTTP/1.1" 200 53
120.253.135.82 - - [08/Sep/2021:09:28:14 +0800] "GET /xingrg/all/report/report_query.html?isQuery=1&onlyBody=1&rh=2000&fileName=kc/base/kc_stock_detail_new.xml&queryString=(1=1)&queryText=&tableQueryString=init_table$sp1$$sp$crk_table$sp1$order_day%20between%2020210701%20and%2020210930&varString=start_day:20210701,materiel_code:00101022090,cost_id:3270,end_date:20210630 HTTP/1.1" 200 48701
120.253.135.82 - - [08/Sep/2021:09:28:14 +0800] "GET /xingrg/dwr/interface/AjaxReportQueryService.js HTTP/1.1" 200 13203
120.253.135.82 - - [08/Sep/2021:09:28:14 +0800] "GET /xingrg/dwr/engine.js HTTP/1.1" 200 43631
120.253.135.82 - - [08/Sep/2021:09:28:16 +0800] "POST /xingrg/all/report/load_report_page.html HTTP/1.1" 200 69239
120.253.135.82 - - [08/Sep/2021:09:28:16 +0800] "GET /xingrg/servlets/image?cache=0.05502151208602313&image=px HTTP/1.1" 200 807
116.232.54.140 - - [08/Sep/2021:09:28:19 +0800] "GET /xingrg/all/function/internal_message.html?_=1631064501185&CODE_STATE=getMsg HTTP/1.1" 200 27
120.253.135.82 - - [08/Sep/2021:09:28:22 +0800] "GET /xingrg/kc/guide/show_order.html?code=212021072109895&type=21 HTTP/1.1" 302 -
120.253.135.82 - - [08/Sep/2021:09:28:22 +0800] "GET /xingrg/kc/buy/cgsh_order_info.html?code=212021072109895&sysBaseUrl=http%3A%2F%2F180.169.147.146%3A18081%2Fxingrg%2F&costTime=0×tamp=1631064502183 HTTP/1.1" 200 57377
120.253.135.82 - - [08/Sep/2021:09:28:23 +0800] "GET /favicon.ico HTTP/1.1" 404 -
120.253.135.82 - - [08/Sep/2021:09:28:23 +0800] "GET /xingrg/javascript/easyui/themes/default/validatebox.css HTTP/1.1" 404 1104
120.253.135.82 - - [08/Sep/2021:09:28:24 +0800] "POST /xingrg/kc/buy/cgsh_order_operate.html HTTP/1.1" 200 2463
180.169.147.146 - - [08/Sep/2021:09:28:25 +0800] "GET /xingrg/all/function/internal_message.html?_=1631064506455&CODE_STATE=getMsg HTTP/1.1" 200 27
116.238.194.18 - - [08/Sep/2021:09:28:26 +0800] "GET /xingrg/all/function/internal_message.html?_=1631064506617&CODE_STATE=getMsg HTTP/1.1" 200 27
222.70.179.190 - - [08/Sep/2021:09:28:28 +0800] "GET /xingrg/kc/buy/cgsh_order_operate.html?command=get_materiel&rest_code=00111&code=00101008098&supplier_code=00100005&order_time=2021-09-08 HTTP/1.1" 200 412
222.70.246.151 - - [08/Sep/2021:09:28:29 +0800] "GET /xingrg/all/function/internal_message.html?_=1631064518973&CODE_STATE=getMsg HTTP/1.1" 200 27
222.70.246.151 - - [08/Sep/2021:09:28:29 +0800] "GET /xingrg/check_reg.html?_=1631064519131 HTTP/1.1" 200 22
222.70.179.190 - - [08/Sep/2021:09:28:30 +0800] "GET /xingrg/all/function/internal_message.html?_=1631064508136&CODE_STATE=getMsg HTTP/1.1" 200 27
222.70.179.190 - - [08/Sep/2021:09:28:38 +0800] "GET /xingrg/kc/buy/cgsh_order_operate.html?command=get_materiel&rest_code=00111&code=00101008005&supplier_code=00100005&order_time=2021-09-08 HTTP/1.1" 200 412
120.253.135.82 - - [08/Sep/2021:09:28:38 +0800] "GET /xingrg/kc/buy/cgsh_order_list.html HTTP/1.1" 200 47688
116.238.194.18 - - [08/Sep/2021:09:28:39 +0800] "GET /xingrg/all/function/internal_message.html?_=1631064496352&CODE_STATE=getMsg HTTP/1.1" 200 27
222.69.132.5 - - [08/Sep/2021:09:28:39 +0800] "GET /xingrg/all/function/internal_message.html?_=1631064518398&CODE_STATE=getMsg HTTP/1.1" 200 27
120.253.135.82 - - [08/Sep/2021:09:28:41 +0800] "POST /xingrg/kc/buy/cgsh_list_operate.html HTTP/1.1" 200 876
101.83.145.79 - - [08/Sep/2021:09:28:42 +0800] "GET /xingrg/all/function/internal_message.html?_=1631064472191&CODE_STATE=getMsg HTTP/1.1" 200 27
116.232.54.140 - - [08/Sep/2021:09:28:44 +0800] "GET /xingrg/kc/buy/cgsh_order_operate.html?command=get_materiel&rest_code=00109&code=00101008125&supplier_code=00100005&order_time=2021-09-08 HTTP/1.1" 200 413
116.230.105.26 - - [08/Sep/2021:09:28:49 +0800] "GET /xingrg/all/function/internal_message.html?_=1631064471915&CODE_STATE=getMsg HTTP/1.1" 200 27
172.20.0.100 - - [08/Sep/2021:09:28:53 +0800] "GET /xingrg/all/function/internal_message.html?_=1631064531662&CODE_STATE=getMsg HTTP/1.1" 200 27
222.69.132.5 - - [08/Sep/2021:09:28:53 +0800] "POST /xingrg/kc/buy/cgsh_order_operate.html HTTP/1.1" 200 37
222.70.179.190 - - [08/Sep/2021:09:28:57 +0800] "GET /xingrg/kc/buy/cgsh_order_operate.html?command=get_materiel&rest_code=00111&code=00101008291&supplier_code=00100005&order_time=2021-09-08 HTTP/1.1" 200 408
180.169.147.146 - - [08/Sep/2021:09:28:59 +0800] "GET /xingrg/all/function/internal_message.html?_=1631064539285&CODE_STATE=getMsg HTTP/1.1" 200 27
58.37.227.186 - - [08/Sep/2021:09:28:59 +0800] "GET /xingrg/all/function/internal_message.html?_=1631064418135&CODE_STATE=getMsg HTTP/1.1" 200 27
180.157.254.90 - - [08/Sep/2021:09:29:01 +0800] "GET /xingrg/all/function/internal_message.html?_=1631064543680&CODE_STATE=getMsg HTTP/1.1" 200 27
222.69.132.5 - - [08/Sep/2021:09:29:02 +0800] "POST /xingrg/kc/buy/cgsh_order_operate.html HTTP/1.1" 200 2065
116.232.54.140 - - [08/Sep/2021:09:29:02 +0800] "POST /xingrg/kc/buy/cgsh_order_operate.html HTTP/1.1" 200 37
120.253.135.82 - - [08/Sep/2021:09:29:03 +0800] "POST /xingrg/kc/buy/cgsh_list_operate.html HTTP/1.1" 200 876
101.83.145.79 - - [08/Sep/2021:09:29:05 +0800] "GET /xingrg/all/function/internal_message.html?_=1631064546456&CODE_STATE=getMsg HTTP/1.1" 200 27
222.69.132.5 - - [08/Sep/2021:09:29:05 +0800] "POST /xingrg/kc/buy/cgsh_list_operate.html HTTP/1.1" 200 1687
116.232.54.140 - - [08/Sep/2021:09:29:06 +0800] "POST /xingrg/kc/buy/cgsh_order_operate.html HTTP/1.1" 200 35146
120.253.135.82 - - [08/Sep/2021:09:29:06 +0800] "GET /xingrg/all/function/internal_message.html?_=1631064320549&CODE_STATE=getMsg HTTP/1.1" 200 27
120.253.135.82 - - [08/Sep/2021:09:29:06 +0800] "GET /xingrg/kc/buy/cgsh_order_add.html HTTP/1.1" 200 62487
120.253.135.82 - - [08/Sep/2021:09:29:06 +0800] "GET /xingrg/javascript/easyui/themes/icons/template_new.png HTTP/1.1" 200 3956
120.253.135.82 - - [08/Sep/2021:09:29:06 +0800] "POST /xingrg/kc/buy/cgsh_order_operate.html HTTP/1.1" 200 8245
120.253.135.82 - - [08/Sep/2021:09:29:06 +0800] "GET /xingrg/all/common/auto_word.html?type=employee&rest_code=00101 HTTP/1.1" 200 1173
120.253.135.82 - - [08/Sep/2021:09:29:06 +0800] "GET /xingrg/all/common/auto_word.html?type=employee&rest_code=00101 HTTP/1.1" 200 1173
120.253.135.82 - - [08/Sep/2021:09:29:06 +0800] "GET /xingrg/javascript/easyui/themes/default/validatebox.css HTTP/1.1" 404 1104
116.238.168.124 - - [08/Sep/2021:09:29:09 +0800] "GET /xingrg/all/function/internal_message.html?_=1631064529206&CODE_STATE=getMsg HTTP/1.1" 200 27
120.253.135.82 - - [08/Sep/2021:09:29:10 +0800] "POST /xingrg/all/common/load_combo.html?type=employee HTTP/1.1" 200 2101
116.232.54.140 - - [08/Sep/2021:09:29:12 +0800] "GET /xingrg/kc/buy/cgsh_order_operate.html?command=get_materiel&rest_code=00109&code=00101008109&supplier_code=00100005&order_time=2021-09-08 HTTP/1.1" 200 413
124.79.246.142 - - [08/Sep/2021:09:29:12 +0800] "GET /xingrg/all/function/internal_message.html?_=1631065009885&CODE_STATE=getMsg HTTP/1.1" 200 27
222.69.132.5 - - [08/Sep/2021:09:29:13 +0800] "POST /xingrg/kc/buy/cgsh_list_operate.html HTTP/1.1" 200 625
101.85.93.96 - - [08/Sep/2021:09:29:14 +0800] "GET /xingrg/check_reg.html?_=1631064482277 HTTP/1.1" 200 22
101.85.93.96 - - [08/Sep/2021:09:29:14 +0800] "GET /xingrg/all/function/internal_message.html?_=1631064482276&CODE_STATE=getMsg HTTP/1.1" 200 27
222.70.179.190 - - [08/Sep/2021:09:29:14 +0800] "GET /xingrg/kc/buy/cgsh_order_operate.html?command=get_materiel&rest_code=00111&code=00101016122&supplier_code=00100005&order_time=2021-09-08 HTTP/1.1" 200 395
222.69.132.5 - - [08/Sep/2021:09:29:14 +0800] "GET /xingrg/kc/buy/cgsh_order_info.html?code=212021090803114 HTTP/1.1" 200 63486
222.69.132.5 - - [08/Sep/2021:09:29:15 +0800] "GET /xingrg/javascript/easyui/themes/default/validatebox.css HTTP/1.1" 404 1104
222.69.132.5 - - [08/Sep/2021:09:29:16 +0800] "POST /xingrg/kc/buy/cgsh_order_operate.html HTTP/1.1" 200 5778
222.69.132.5 - - [08/Sep/2021:09:29:17 +0800] "POST /xingrg/kc/buy/cgsh_list_operate.html HTTP/1.1" 200 1687
116.232.54.140 - - [08/Sep/2021:09:29:19 +0800] "GET /xingrg/all/function/internal_message.html?_=1631064561198&CODE_STATE=getMsg HTTP/1.1" 200 27
116.232.54.140 - - [08/Sep/2021:09:29:22 +0800] "GET /xingrg/kc/buy/cgsh_order_operate.html?command=get_materiel&rest_code=00109&code=00101008114&supplier_code=00100005&order_time=2021-09-08 HTTP/1.1" 200 412
222.69.132.5 - - [08/Sep/2021:09:29:23 +0800] "POST /xingrg/kc/buy/cgsh_order_operate.html HTTP/1.1" 200 37
180.169.147.146 - - [08/Sep/2021:09:29:25 +0800] "GET /xingrg/all/function/internal_message.html?_=1631064566459&CODE_STATE=getMsg HTTP/1.1" 200 27
180.169.147.146 - - [08/Sep/2021:09:29:25 +0800] "GET /xingrg/check_reg.html?_=1631064566463 HTTP/1.1" 200 22
116.238.168.124 - - [08/Sep/2021:09:29:25 +0800] "GET /xingrg/kc/buy/cgsh_order_list.html HTTP/1.1" 200 47688
116.238.194.18 - - [08/Sep/2021:09:29:26 +0800] "GET /xingrg/check_reg.html?_=1631064566616 HTTP/1.1" 200 22
116.238.194.18 - - [08/Sep/2021:09:29:26 +0800] "GET /xingrg/all/function/internal_message.html?_=1631064566627&CODE_STATE=getMsg HTTP/1.1" 200 27
222.70.179.190 - - [08/Sep/2021:09:29:26 +0800] "GET /xingrg/kc/buy/cgsh_order_operate.html?command=get_materiel&rest_code=00111&code=00101008256&supplier_code=00100005&order_time=2021-09-08 HTTP/1.1" 200 413
120.253.135.82 - - [08/Sep/2021:09:29:26 +0800] "GET /xingrg/kc/buy/cgsh_order_operate.html?command=get_materiel&rest_code=00101&code=00101019750&supplier_code=00100151&order_time=2021-09-08 HTTP/1.1" 200 442
116.238.168.124 - - [08/Sep/2021:09:29:26 +0800] "POST /xingrg/kc/buy/cgsh_list_operate.html HTTP/1.1" 200 876
116.238.168.124 - - [08/Sep/2021:09:29:28 +0800] "GET /xingrg/kc/buy/cgsh_order_add.html HTTP/1.1" 200 63385
116.238.168.124 - - [08/Sep/2021:09:29:28 +0800] "POST /xingrg/kc/buy/cgsh_order_operate.html HTTP/1.1" 200 8245
120.253.135.82 - - [08/Sep/2021:09:29:28 +0800] "POST /xingrg/all/common/load_select.html HTTP/1.1" 200 25
222.70.246.151 - - [08/Sep/2021:09:29:29 +0800] "GET /xingrg/all/function/internal_message.html?_=1631064578973&CODE_STATE=getMsg HTTP/1.1" 200 27
116.238.168.124 - - [08/Sep/2021:09:29:29 +0800] "GET /xingrg/javascript/easyui/themes/default/validatebox.css HTTP/1.1" 404 1104
222.70.179.190 - - [08/Sep/2021:09:29:30 +0800] "GET /xingrg/all/function/internal_message.html?_=1631064568126&CODE_STATE=getMsg HTTP/1.1" 200 27
116.238.168.124 - - [08/Sep/2021:09:29:30 +0800] "GET /xingrg/javascript/easyui/themes/default/tree.css HTTP/1.1" 404 1090
116.238.168.124 - - [08/Sep/2021:09:29:30 +0800] "POST /xingrg/all/common/load_tree.html?tree=supplier_tree_json&isDelete=1 HTTP/1.1" 200 57687
222.70.179.190 - - [08/Sep/2021:09:29:31 +0800] "POST /xingrg/kc/buy/cgsh_order_operate.html HTTP/1.1" 200 2065
222.69.132.5 - - [08/Sep/2021:09:29:32 +0800] "POST /xingrg/kc/buy/cgsh_order_operate.html HTTP/1.1" 200 12
120.253.135.82 - - [08/Sep/2021:09:29:33 +0800] "GET /xingrg/kc/buy/cgsh_order_operate.html?command=get_materiel_price&rest_code=00101&code=00101019750&unit_code=00100050&supplier_code=00100151&order_time=2021-09-08 HTTP/1.1" 200 30
222.69.132.5 - - [08/Sep/2021:09:29:33 +0800] "GET /xingrg/kc/buy/cgsh_order_info.html?code=212021090803114 HTTP/1.1" 200 58386
222.69.132.5 - - [08/Sep/2021:09:29:33 +0800] "GET /xingrg/javascript/easyui/themes/default/validatebox.css HTTP/1.1" 404 1104
116.232.54.140 - - [08/Sep/2021:09:29:34 +0800] "GET /xingrg/kc/buy/cgsh_order_operate.html?command=get_materiel&rest_code=00109&code=00101013188&supplier_code=00100005&order_time=2021-09-08 HTTP/1.1" 200 412
222.69.132.5 - - [08/Sep/2021:09:29:34 +0800] "POST /xingrg/kc/buy/cgsh_order_operate.html HTTP/1.1" 200 3726
222.69.132.5 - - [08/Sep/2021:09:29:36 +0800] "GET /xingrg/kc/print/load_data.html?order_code=212021090803114&kc_code=cgsh&condition= HTTP/1.1" 200 2053
222.70.179.190 - - [08/Sep/2021:09:29:37 +0800] "GET /xingrg/kc/buy/cgsh_order_operate.html?command=get_materiel&rest_code=00111&code=00101008017&supplier_code=00100005&order_time=2021-09-08 HTTP/1.1" 200 416
116.238.194.18 - - [08/Sep/2021:09:29:39 +0800] "GET /xingrg/all/function/internal_message.html?_=1631064556365&CODE_STATE=getMsg HTTP/1.1" 200 27
222.69.132.5 - - [08/Sep/2021:09:29:39 +0800] "GET /xingrg/all/function/internal_message.html?_=1631064578411&CODE_STATE=getMsg HTTP/1.1" 200 27
101.83.145.79 - - [08/Sep/2021:09:29:42 +0800] "GET /xingrg/all/function/internal_message.html?_=1631064532192&CODE_STATE=getMsg HTTP/1.1" 200 27
124.79.246.142 - - [08/Sep/2021:09:29:44 +0800] "GET /xingrg/check_reg.html?_=1631065041539 HTTP/1.1" 200 22
222.70.179.190 - - [08/Sep/2021:09:29:47 +0800] "GET /xingrg/kc/buy/cgsh_order_operate.html?command=get_materiel&rest_code=00111&code=00101008101&supplier_code=00100005&order_time=2021-09-08 HTTP/1.1" 200 412
116.230.105.26 - - [08/Sep/2021:09:29:49 +0800] "GET /xingrg/all/function/internal_message.html?_=1631064531914&CODE_STATE=getMsg HTTP/1.1" 200 27
180.169.147.146 - - [08/Sep/2021:09:29:51 +0800] "GET /favicon.ico HTTP/1.1" 404 -
172.20.0.100 - - [08/Sep/2021:09:29:53 +0800] "GET /xingrg/all/function/internal_message.html?_=1631064591635&CODE_STATE=getMsg HTTP/1.1" 200 27
120.253.135.82 - - [08/Sep/2021:09:29:58 +0800] "GET /xingrg/kc/buy/cgsh_order_operate.html?command=get_materiel&rest_code=00101&code=00101022090&supplier_code=00100151&order_time=2021-09-08 HTTP/1.1" 200 410
180.169.147.146 - - [08/Sep/2021:09:29:59 +0800] "GET /xingrg/all/function/internal_message.html?_=1631064599286&CODE_STATE=getMsg HTTP/1.1" 200 27
58.37.227.186 - - [08/Sep/2021:09:29:59 +0800] "GET /xingrg/all/function/internal_message.html?_=1631064478159&CODE_STATE=getMsg HTTP/1.1" 200 27
116.238.168.124 - - [08/Sep/2021:09:30:00 +0800] "GET /xingrg/kc/buy/cgsh_order_operate.html?command=get_materiel&rest_code=00102&code=00101028011&supplier_code=00100018&order_time=2021-09-08 HTTP/1.1" 200 452
222.69.132.5 - - [08/Sep/2021:09:30:00 +0800] "GET /xingrg/kc/buy/cgsh_order_add.html HTTP/1.1" 200 63479
222.69.132.5 - - [08/Sep/2021:09:30:00 +0800] "POST /xingrg/kc/buy/cgsh_order_operate.html HTTP/1.1" 200 8245
222.69.132.5 - - [08/Sep/2021:09:30:00 +0800] "GET /xingrg/javascript/easyui/themes/default/validatebox.css HTTP/1.1" 404 1104
180.157.254.90 - - [08/Sep/2021:09:30:01 +0800] "GET /xingrg/all/function/internal_message.html?_=1631064603679&CODE_STATE=getMsg HTTP/1.1" 200 27
222.70.179.190 - - [08/Sep/2021:09:30:03 +0800] "GET /xingrg/kc/buy/cgsh_order_operate.html?command=get_materiel&rest_code=00111&code=00101015074&supplier_code=00100005&order_time=2021-09-08 HTTP/1.1" 200 408
101.83.145.79 - - [08/Sep/2021:09:30:05 +0800] "GET /xingrg/check_reg.html?_=1631064606456 HTTP/1.1" 200 22
101.83.145.79 - - [08/Sep/2021:09:30:05 +0800] "GET /xingrg/all/function/internal_message.html?_=1631064606458&CODE_STATE=getMsg HTTP/1.1" 200 27
120.253.135.82 - - [08/Sep/2021:09:30:06 +0800] "GET /xingrg/all/function/internal_message.html?_=1631064380655&CODE_STATE=getMsg HTTP/1.1" 200 27
116.238.168.124 - - [08/Sep/2021:09:30:09 +0800] "GET /xingrg/all/function/internal_message.html?_=1631064590201&CODE_STATE=getMsg HTTP/1.1" 200 27
120.253.135.82 - - [08/Sep/2021:09:30:12 +0800] "GET /xingrg/kc/buy/cgsh_order_operate.html?command=get_materiel&rest_code=00101&code=00101019812&supplier_code=00100151&order_time=2021-09-08 HTTP/1.1" 200 432
124.79.246.142 - - [08/Sep/2021:09:30:12 +0800] "GET /xingrg/check_reg.html?_=1631065069711 HTTP/1.1" 200 22
124.79.246.142 - - [08/Sep/2021:09:30:12 +0800] "GET /xingrg/all/function/internal_message.html?_=1631065069898&CODE_STATE=getMsg HTTP/1.1" 200 27
101.85.93.96 - - [08/Sep/2021:09:30:14 +0800] "GET /xingrg/all/function/internal_message.html?_=1631064542275&CODE_STATE=getMsg HTTP/1.1" 200 27
116.232.54.140 - - [08/Sep/2021:09:30:19 +0800] "GET /xingrg/all/function/internal_message.html?_=1631064621190&CODE_STATE=getMsg HTTP/1.1" 200 27
116.238.168.124 - - [08/Sep/2021:09:30:19 +0800] "GET /xingrg/kc/buy/cgsh_order_operate.html?command=get_materiel&rest_code=00102&code=00101028005&supplier_code=00100018&order_time=2021-09-08 HTTP/1.1" 200 436
180.169.147.146 - - [08/Sep/2021:09:30:25 +0800] "GET /xingrg/all/function/internal_message.html?_=1631064626466&CODE_STATE=getMsg HTTP/1.1" 200 27
116.238.194.18 - - [08/Sep/2021:09:30:26 +0800] "GET /xingrg/all/function/internal_message.html?_=1631064626627&CODE_STATE=getMsg HTTP/1.1" 200 27
222.70.246.151 - - [08/Sep/2021:09:30:29 +0800] "GET /xingrg/all/function/internal_message.html?_=1631064638988&CODE_STATE=getMsg HTTP/1.1" 200 27
222.70.179.190 - - [08/Sep/2021:09:30:30 +0800] "GET /xingrg/all/function/internal_message.html?_=1631064628108&CODE_STATE=getMsg HTTP/1.1" 200 27
116.238.168.124 - - [08/Sep/2021:09:30:33 +0800] "GET /xingrg/kc/buy/cgsh_order_operate.html?command=get_materiel&rest_code=00102&code=00101029024&supplier_code=00100018&order_time=2021-09-08 HTTP/1.1" 200 440
116.238.194.18 - - [08/Sep/2021:09:30:38 +0800] "GET /xingrg/check_reg.html?_=1631064615190 HTTP/1.1" 200 22
116.238.194.18 - - [08/Sep/2021:09:30:39 +0800] "GET /xingrg/all/function/internal_message.html?_=1631064616379&CODE_STATE=getMsg HTTP/1.1" 200 27
222.69.132.5 - - [08/Sep/2021:09:30:39 +0800] "GET /xingrg/check_reg.html?_=1631064638403 HTTP/1.1" 200 22
222.69.132.5 - - [08/Sep/2021:09:30:39 +0800] "GET /xingrg/all/function/internal_message.html?_=1631064638408&CODE_STATE=getMsg HTTP/1.1" 200 27
101.83.145.79 - - [08/Sep/2021:09:30:42 +0800] "GET /xingrg/check_reg.html?_=1631064592192 HTTP/1.1" 200 22
101.83.145.79 - - [08/Sep/2021:09:30:42 +0800] "GET /xingrg/all/function/internal_message.html?_=1631064592196&CODE_STATE=getMsg HTTP/1.1" 200 27
58.40.7.146 - - [08/Sep/2021:09:30:47 +0800] "GET /xingrg/check_reg.html?_=1631064648103 HTTP/1.1" 302 -
116.238.168.124 - - [08/Sep/2021:09:30:48 +0800] "GET /xingrg/kc/buy/cgsh_order_operate.html?command=get_materiel&rest_code=00102&code=00101029009&supplier_code=00100018&order_time=2021-09-08 HTTP/1.1" 200 456
116.230.105.26 - - [08/Sep/2021:09:30:49 +0800] "GET /xingrg/all/function/internal_message.html?_=1631064591905&CODE_STATE=getMsg HTTP/1.1" 200 27
116.230.105.26 - - [08/Sep/2021:09:30:49 +0800] "GET /xingrg/check_reg.html?_=1631064591906 HTTP/1.1" 200 22
172.20.0.100 - - [08/Sep/2021:09:30:51 +0800] "GET /xingrg/check_reg.html?_=1631064649571 HTTP/1.1" 200 22
172.20.0.100 - - [08/Sep/2021:09:30:53 +0800] "GET /xingrg/all/function/internal_message.html?_=1631064651611&CODE_STATE=getMsg HTTP/1.1" 200 27
180.169.147.146 - - [08/Sep/2021:09:30:59 +0800] "GET /xingrg/all/function/internal_message.html?_=1631064659277&CODE_STATE=getMsg HTTP/1.1" 200 27
58.37.227.186 - - [08/Sep/2021:09:30:59 +0800] "GET /xingrg/all/function/internal_message.html?_=1631064538157&CODE_STATE=getMsg HTTP/1.1" 200 27
58.37.227.186 - - [08/Sep/2021:09:30:59 +0800] "GET /xingrg/check_reg.html?_=1631064538159 HTTP/1.1" 200 22
116.232.54.140 - - [08/Sep/2021:09:31:00 +0800] "GET /xingrg/kc/buy/cgsh_order_operate.html?command=get_materiel&rest_code=00109&code=00101008168&supplier_code=00100005&order_time=2021-09-08 HTTP/1.1" 200 412
180.157.254.90 - - [08/Sep/2021:09:31:01 +0800] "GET /xingrg/all/function/internal_message.html?_=1631064663695&CODE_STATE=getMsg HTTP/1.1" 200 27
58.40.7.146 - - [08/Sep/2021:09:31:02 +0800] "GET /xingrg/check_reg.html?_=1631064662639 HTTP/1.1" 302 -
101.83.145.79 - - [08/Sep/2021:09:31:05 +0800] "GET /xingrg/all/function/internal_message.html?_=1631064666443&CODE_STATE=getMsg HTTP/1.1" 200 27
120.253.135.82 - - [08/Sep/2021:09:31:06 +0800] "GET /xingrg/check_reg.html?_=1631064440513 HTTP/1.1" 200 22
120.253.135.82 - - [08/Sep/2021:09:31:06 +0800] "GET /xingrg/all/function/internal_message.html?_=1631064440670&CODE_STATE=getMsg HTTP/1.1" 200 27
116.232.54.140 - - [08/Sep/2021:09:31:06 +0800] "POST /xingrg/kc/buy/cgsh_order_operate.html HTTP/1.1" 200 2065
116.238.168.124 - - [08/Sep/2021:09:31:09 +0800] "GET /xingrg/kc/buy/cgsh_order_operate.html?command=get_materiel&rest_code=00102&code=00101029003&supplier_code=00100018&order_time=2021-09-08 HTTP/1.1" 200 454
116.238.168.124 - - [08/Sep/2021:09:31:09 +0800] "GET /xingrg/all/function/internal_message.html?_=1631064650271&CODE_STATE=getMsg HTTP/1.1" 200 27
116.232.54.140 - - [08/Sep/2021:09:31:10 +0800] "GET /xingrg/kc/buy/cgsh_order_operate.html?command=get_materiel&rest_code=00109&code=00101015066&supplier_code=00100005&order_time=2021-09-08 HTTP/1.1" 200 413
124.79.246.142 - - [08/Sep/2021:09:31:12 +0800] "GET /xingrg/all/function/internal_message.html?_=1631065129913&CODE_STATE=getMsg HTTP/1.1" 200 27
101.85.93.96 - - [08/Sep/2021:09:31:14 +0800] "GET /xingrg/all/function/internal_message.html?_=1631064602290&CODE_STATE=getMsg HTTP/1.1" 200 27
116.232.54.140 - - [08/Sep/2021:09:31:18 +0800] "GET /xingrg/kc/buy/cgsh_order_operate.html?command=get_materiel&rest_code=00109&code=00101015046&supplier_code=00100005&order_time=2021-09-08 HTTP/1.1" 200 412
116.232.54.140 - - [08/Sep/2021:09:31:19 +0800] "GET /xingrg/all/function/internal_message.html?_=1631064681192&CODE_STATE=getMsg HTTP/1.1" 200 27
222.69.132.5 - - [08/Sep/2021:09:31:21 +0800] "POST /xingrg/services/DataTransmitService HTTP/1.1" 401 565
222.69.132.5 - - [08/Sep/2021:09:31:21 +0800] "POST /xingrg/services/DataTransmitService HTTP/1.1" 200 478
222.69.132.5 - - [08/Sep/2021:09:31:21 +0800] "POST /xingrg/services/DataTransmitService HTTP/1.1" 200 1320
222.69.132.5 - - [08/Sep/2021:09:31:21 +0800] "POST /xingrg/services/DataTransmitService HTTP/1.1" 200 478
222.69.132.5 - - [08/Sep/2021:09:31:21 +0800] "POST /xingrg/services/DataTransmitService HTTP/1.1" 200 1320
222.69.132.5 - - [08/Sep/2021:09:31:21 +0800] "POST /xingrg/services/DataTransmitService HTTP/1.1" 200 524
222.69.132.5 - - [08/Sep/2021:09:31:21 +0800] "POST /xingrg/services/DataTransmitService HTTP/1.1" 200 1979
222.69.132.5 - - [08/Sep/2021:09:31:21 +0800] "POST /xingrg/services/DataTransmitService HTTP/1.1" 200 14444
222.69.132.5 - - [08/Sep/2021:09:31:23 +0800] "POST /xingrg/services/DataTransmitService HTTP/1.1" 200 1283
222.69.132.5 - - [08/Sep/2021:09:31:23 +0800] "POST /xingrg/services/DataTransmitService HTTP/1.1" 200 2371
222.69.132.5 - - [08/Sep/2021:09:31:23 +0800] "POST /xingrg/services/DataTransmitService HTTP/1.1" 200 1451
116.232.54.140 - - [08/Sep/2021:09:31:24 +0800] "GET /xingrg/kc/buy/cgsh_order_operate.html?command=get_materiel&rest_code=00109&code=00101008096&supplier_code=00100005&order_time=2021-09-08 HTTP/1.1" 200 412
222.69.132.5 - - [08/Sep/2021:09:31:24 +0800] "POST /xingrg/services/DataTransmitService HTTP/1.1" 200 123375
180.169.147.146 - - [08/Sep/2021:09:31:25 +0800] "GET /xingrg/all/function/internal_message.html?_=1631064686465&CODE_STATE=getMsg HTTP/1.1" 200 27
58.221.95.50 - - [08/Sep/2021:09:31:25 +0800] "GET /xingrg/check_reg.html?_=1631064685692 HTTP/1.1" 302 -
116.238.194.18 - - [08/Sep/2021:09:31:26 +0800] "GET /xingrg/all/function/internal_message.html?_=1631064686627&CODE_STATE=getMsg HTTP/1.1" 200 27
222.70.246.151 - - [08/Sep/2021:09:31:29 +0800] "GET /xingrg/all/function/internal_message.html?_=1631064699153&CODE_STATE=getMsg HTTP/1.1" 200 27
222.70.179.190 - - [08/Sep/2021:09:31:30 +0800] "GET /xingrg/all/function/internal_message.html?_=1631064688082&CODE_STATE=getMsg HTTP/1.1" 200 27
116.232.54.140 - - [08/Sep/2021:09:31:32 +0800] "GET /xingrg/kc/buy/cgsh_order_operate.html?command=get_materiel&rest_code=00109&code=00101008283&supplier_code=00100005&order_time=2021-09-08 HTTP/1.1" 200 408
222.69.132.5 - - [08/Sep/2021:09:31:39 +0800] "GET /xingrg/all/function/internal_message.html?_=1631064698407&CODE_STATE=getMsg HTTP/1.1" 200 27
116.238.194.18 - - [08/Sep/2021:09:31:39 +0800] "GET /xingrg/all/function/internal_message.html?_=1631064676393&CODE_STATE=getMsg HTTP/1.1" 200 27
116.232.54.140 - - [08/Sep/2021:09:31:40 +0800] "GET /xingrg/kc/buy/cgsh_order_operate.html?command=get_materiel&rest_code=00109&code=00101008350&supplier_code=00100005&order_time=2021-09-08 HTTP/1.1" 200 408
101.83.145.79 - - [08/Sep/2021:09:31:42 +0800] "GET /xingrg/all/function/internal_message.html?_=1631064652195&CODE_STATE=getMsg HTTP/1.1" 200 27
116.238.168.124 - - [08/Sep/2021:09:31:42 +0800] "GET /xingrg/kc/buy/cgsh_order_operate.html?command=get_materiel&rest_code=00102&code=00101029017&supplier_code=00100018&order_time=2021-09-08 HTTP/1.1" 200 467
116.232.54.140 - - [08/Sep/2021:09:31:47 +0800] "POST /xingrg/kc/buy/cgsh_order_operate.html HTTP/1.1" 200 2065
120.253.135.82 - - [08/Sep/2021:09:31:49 +0800] "GET /xingrg/kc/buy/cgsh_order_operate.html?command=get_materiel&rest_code=00101&code=00101013266&supplier_code=00100151&order_time=2021-09-08 HTTP/1.1" 200 422
116.230.105.26 - - [08/Sep/2021:09:31:49 +0800] "GET /xingrg/all/function/internal_message.html?_=1631064651921&CODE_STATE=getMsg HTTP/1.1" 200 27
172.20.0.100 - - [08/Sep/2021:09:31:53 +0800] "GET /xingrg/all/function/internal_message.html?_=1631064711584&CODE_STATE=getMsg HTTP/1.1" 200 27
116.232.54.140 - - [08/Sep/2021:09:31:53 +0800] "GET /xingrg/kc/buy/cgsh_order_operate.html?command=get_materiel&rest_code=00109&code=00101008036&supplier_code=00100005&order_time=2021-09-08 HTTP/1.1" 200 408
180.169.147.146 - - [08/Sep/2021:09:31:59 +0800] "GET /xingrg/all/function/internal_message.html?_=1631064719282&CODE_STATE=getMsg HTTP/1.1" 200 27
116.238.168.124 - - [08/Sep/2021:09:31:59 +0800] "GET /xingrg/kc/buy/cgsh_order_operate.html?command=get_materiel&rest_code=00102&code=00101029011&supplier_code=00100018&order_time=2021-09-08 HTTP/1.1" 200 459
58.37.227.186 - - [08/Sep/2021:09:31:59 +0800] "GET /xingrg/all/function/internal_message.html?_=1631064598157&CODE_STATE=getMsg HTTP/1.1" 200 27
180.157.254.90 - - [08/Sep/2021:09:32:01 +0800] "GET /xingrg/check_reg.html?_=1631064723679 HTTP/1.1" 200 22
180.157.254.90 - - [08/Sep/2021:09:32:01 +0800] "GET /xingrg/all/function/internal_message.html?_=1631064723681&CODE_STATE=getMsg HTTP/1.1" 200 27
116.232.54.140 - - [08/Sep/2021:09:32:01 +0800] "GET /xingrg/kc/buy/cgsh_order_operate.html?command=get_materiel&rest_code=00109&code=00101008350&supplier_code=00100005&order_time=2021-09-08 HTTP/1.1" 200 408
101.83.145.79 - - [08/Sep/2021:09:32:05 +0800] "GET /xingrg/all/function/internal_message.html?_=1631064726443&CODE_STATE=getMsg HTTP/1.1" 200 27
120.253.135.82 - - [08/Sep/2021:09:32:06 +0800] "GET /xingrg/all/function/internal_message.html?_=1631064500683&CODE_STATE=getMsg HTTP/1.1" 200 27
116.238.168.124 - - [08/Sep/2021:09:32:09 +0800] "GET /xingrg/all/function/internal_message.html?_=1631064710276&CODE_STATE=getMsg HTTP/1.1" 200 27
116.232.54.140 - - [08/Sep/2021:09:32:11 +0800] "GET /xingrg/kc/buy/cgsh_order_operate.html?command=get_materiel&rest_code=00109&code=00101008355&supplier_code=00100005&order_time=2021-09-08 HTTP/1.1" 200 408
124.79.246.142 - - [08/Sep/2021:09:32:12 +0800] "GET /xingrg/all/function/internal_message.html?_=1631065189926&CODE_STATE=getMsg HTTP/1.1" 200 27
101.85.93.96 - - [08/Sep/2021:09:32:14 +0800] "GET /xingrg/all/function/internal_message.html?_=1631064662276&CODE_STATE=getMsg HTTP/1.1" 200 27
116.232.54.140 - - [08/Sep/2021:09:32:19 +0800] "GET /xingrg/all/function/internal_message.html?_=1631064741199&CODE_STATE=getMsg HTTP/1.1" 200 27
116.232.54.140 - - [08/Sep/2021:09:32:19 +0800] "GET /xingrg/check_reg.html?_=1631064741201 HTTP/1.1" 200 22
116.232.54.140 - - [08/Sep/2021:09:32:20 +0800] "GET /xingrg/kc/buy/cgsh_order_operate.html?command=get_materiel&rest_code=00109&code=00101008148&supplier_code=00100005&order_time=2021-09-08 HTTP/1.1" 200 416
116.238.168.124 - - [08/Sep/2021:09:32:24 +0800] "POST /xingrg/kc/buy/cgsh_order_operate.html HTTP/1.1" 200 37
180.169.147.146 - - [08/Sep/2021:09:32:25 +0800] "GET /xingrg/all/function/internal_message.html?_=1631064746471&CODE_STATE=getMsg HTTP/1.1" 200 27
116.238.194.18 - - [08/Sep/2021:09:32:26 +0800] "GET /xingrg/all/function/internal_message.html?_=1631064746627&CODE_STATE=getMsg HTTP/1.1" 200 27
116.238.168.124 - - [08/Sep/2021:09:32:26 +0800] "POST /xingrg/kc/buy/cgsh_order_operate.html HTTP/1.1" 200 6431
222.70.246.151 - - [08/Sep/2021:09:32:29 +0800] "GET /xingrg/all/function/internal_message.html?_=1631064759154&CODE_STATE=getMsg HTTP/1.1" 200 27
222.70.179.190 - - [08/Sep/2021:09:32:30 +0800] "GET /xingrg/all/function/internal_message.html?_=1631064748059&CODE_STATE=getMsg HTTP/1.1" 200 27
222.70.179.190 - - [08/Sep/2021:09:32:30 +0800] "GET /xingrg/check_reg.html?_=1631064748063 HTTP/1.1" 200 22
116.232.54.140 - - [08/Sep/2021:09:32:31 +0800] "GET /xingrg/kc/buy/cgsh_order_operate.html?command=get_materiel&rest_code=00109&code=00101008357&supplier_code=00100005&order_time=2021-09-08 HTTP/1.1" 200 408
120.253.135.82 - - [08/Sep/2021:09:32:37 +0800] "POST /xingrg/kc/buy/cgsh_order_operate.html HTTP/1.1" 200 37
120.253.135.82 - - [08/Sep/2021:09:32:39 +0800] "POST /xingrg/kc/buy/cgsh_order_operate.html HTTP/1.1" 200 4513
116.232.54.140 - - [08/Sep/2021:09:32:39 +0800] "GET /xingrg/kc/buy/cgsh_order_operate.html?command=get_materiel&rest_code=00109&code=00101008209&supplier_code=00100005&order_time=2021-09-08 HTTP/1.1" 200 409
222.69.132.5 - - [08/Sep/2021:09:32:39 +0800] "GET /xingrg/all/function/internal_message.html?_=1631064758431&CODE_STATE=getMsg HTTP/1.1" 200 27
116.238.194.18 - - [08/Sep/2021:09:32:39 +0800] "GET /xingrg/all/function/internal_message.html?_=1631064736406&CODE_STATE=getMsg HTTP/1.1" 200 27
120.253.135.82 - - [08/Sep/2021:09:32:41 +0800] "GET /xingrg/kc/print/load_config.html?kc_code=cgsh HTTP/1.1" 200 2076
120.253.135.82 - - [08/Sep/2021:09:32:41 +0800] "GET /xingrg/kc/print/load_data.html?order_code=212021090803116&kc_code=cgsh&condition= HTTP/1.1" 200 1415
101.83.145.79 - - [08/Sep/2021:09:32:42 +0800] "GET /xingrg/all/function/internal_message.html?_=1631064712195&CODE_STATE=getMsg HTTP/1.1" 200 27
116.238.168.124 - - [08/Sep/2021:09:32:42 +0800] "POST /xingrg/kc/buy/cgsh_list_operate.html HTTP/1.1" 200 5689
116.232.54.140 - - [08/Sep/2021:09:32:45 +0800] "POST /xingrg/kc/buy/cgsh_order_operate.html HTTP/1.1" 200 2065
116.230.105.26 - - [08/Sep/2021:09:32:49 +0800] "GET /xingrg/all/function/internal_message.html?_=1631064711916&CODE_STATE=getMsg HTTP/1.1" 200 27
116.232.54.140 - - [08/Sep/2021:09:32:50 +0800] "GET /xingrg/kc/buy/cgsh_order_operate.html?command=get_materiel&rest_code=00109&code=00101008300&supplier_code=00100005&order_time=2021-09-08 HTTP/1.1" 200 412
116.238.168.124 - - [08/Sep/2021:09:32:50 +0800] "POST /xingrg/kc/buy/cgsh_list_operate.html HTTP/1.1" 200 6047
116.238.168.124 - - [08/Sep/2021:09:32:53 +0800] "GET /xingrg/check_reg.html?_=1631064753772 HTTP/1.1" 200 22
172.20.0.100 - - [08/Sep/2021:09:32:53 +0800] "GET /xingrg/all/function/internal_message.html?_=1631064771556&CODE_STATE=getMsg HTTP/1.1" 200 27
