101.85.93.96 - - [08/Sep/2021:09:04:32 +0800] "GET /xingrg/javascript/easyui/themes/icons/print.png HTTP/1.1" 200 1057
101.85.93.96 - - [08/Sep/2021:09:04:32 +0800] "GET /xingrg/javascript/easyui/themes/icons/copy_new.png HTTP/1.1" 200 815
101.85.93.96 - - [08/Sep/2021:09:04:32 +0800] "GET /xingrg/javascript/easyui/themes/default/images/menu_downarrow.png HTTP/1.1" 200 173
101.85.93.96 - - [08/Sep/2021:09:04:32 +0800] "GET /xingrg/javascript/easyui/themes/icons/ok.png HTTP/1.1" 200 883
101.85.93.96 - - [08/Sep/2021:09:04:32 +0800] "GET /xingrg/javascript/easyui/themes/icons/template_new.png HTTP/1.1" 200 3956
101.85.93.96 - - [08/Sep/2021:09:04:32 +0800] "GET /xingrg/javascript/easyui/themes/icons/cancel.png HTTP/1.1" 200 1133
101.85.93.96 - - [08/Sep/2021:09:04:33 +0800] "GET /xingrg/all/common/auto_word.html?type=employee&rest_code=00142 HTTP/1.1" 200 105
101.85.93.96 - - [08/Sep/2021:09:04:33 +0800] "GET /xingrg/all/common/auto_word.html?type=employee&rest_code=00142 HTTP/1.1" 200 105
101.85.93.96 - - [08/Sep/2021:09:04:33 +0800] "GET /xingrg/javascript/easyui/themes/default/validatebox.css HTTP/1.1" 404 1104
101.85.93.96 - - [08/Sep/2021:09:04:33 +0800] "GET /xingrg/javascript/easyui/plugins/jquery.validatebox.js HTTP/1.1" 200 6103
101.85.93.96 - - [08/Sep/2021:09:04:33 +0800] "GET /xingrg/javascript/easyui/plugins/jquery.numberbox.js HTTP/1.1" 200 5213
101.85.93.96 - - [08/Sep/2021:09:04:33 +0800] "GET /xingrg/javascript/easyui/themes/icons/edit_remove.png HTTP/1.1" 200 625
101.85.93.96 - - [08/Sep/2021:09:04:33 +0800] "POST /xingrg/kc/buy/cgsh_order_operate.html HTTP/1.1" 200 8245
101.85.93.96 - - [08/Sep/2021:09:04:33 +0800] "GET /xingrg/javascript/auto/indicator.gif HTTP/1.1" 404 1066
101.83.145.79 - - [08/Sep/2021:09:04:35 +0800] "POST /xingrg/kc/buy/cgsh_order_operate.html HTTP/1.1" 200 37
222.69.132.5 - - [08/Sep/2021:09:04:35 +0800] "GET /xingrg/kc/buy/cgsh_order_info.html?code=212021090803092 HTTP/1.1" 200 58388
222.69.132.5 - - [08/Sep/2021:09:04:36 +0800] "GET /xingrg/javascript/easyui/themes/default/validatebox.css HTTP/1.1" 404 1104
222.70.179.190 - - [08/Sep/2021:09:04:36 +0800] "GET /xingrg/kc/buy/cgsh_order_operate.html?command=get_materiel&rest_code=00111&code=00101007061&supplier_code=00100004&order_time=2021-09-08 HTTP/1.1" 200 409
222.69.132.5 - - [08/Sep/2021:09:04:36 +0800] "POST /xingrg/kc/buy/cgsh_order_operate.html HTTP/1.1" 200 1197
120.253.135.82 - - [08/Sep/2021:09:04:38 +0800] "GET /xingrg/check_reg.html?_=1631062852373 HTTP/1.1" 200 22
222.69.132.5 - - [08/Sep/2021:09:04:38 +0800] "GET /xingrg/kc/print/load_data.html?order_code=212021090803092&kc_code=cgsh&condition= HTTP/1.1" 200 945
116.238.194.18 - - [08/Sep/2021:09:04:38 +0800] "GET /xingrg/all/function/internal_message.html?_=1631063055090&CODE_STATE=getMsg HTTP/1.1" 200 27
120.253.135.82 - - [08/Sep/2021:09:04:38 +0800] "GET /xingrg/all/function/internal_message.html?_=1631062852766&CODE_STATE=getMsg HTTP/1.1" 200 27
222.69.132.5 - - [08/Sep/2021:09:04:39 +0800] "GET /xingrg/all/function/internal_message.html?_=1631063078389&CODE_STATE=getMsg HTTP/1.1" 200 27
116.238.194.18 - - [08/Sep/2021:09:04:41 +0800] "GET /xingrg/all/function/internal_message.html?_=1631063081569&CODE_STATE=getMsg HTTP/1.1" 200 27
101.83.145.79 - - [08/Sep/2021:09:04:42 +0800] "POST /xingrg/kc/buy/cgsh_order_operate.html HTTP/1.1" 200 3252
222.69.132.5 - - [08/Sep/2021:09:04:46 +0800] "GET /xingrg/kc/buy/cgsh_order_add.html HTTP/1.1" 200 63479
222.69.132.5 - - [08/Sep/2021:09:04:46 +0800] "POST /xingrg/kc/buy/cgsh_order_operate.html HTTP/1.1" 200 8245
222.69.132.5 - - [08/Sep/2021:09:04:46 +0800] "GET /xingrg/javascript/easyui/themes/default/validatebox.css HTTP/1.1" 404 1104
101.85.93.96 - - [08/Sep/2021:09:04:49 +0800] "GET /xingrg/kc/buy/cgsh_order_operate.html?command=get_materiel&rest_code=00142&code=00101008108&supplier_code=00100161&order_time=2021-09-08 HTTP/1.1" 200 412
172.20.0.100 - - [08/Sep/2021:09:04:51 +0800] "GET /xingrg/all/function/internal_message.html?_=1631063089572&CODE_STATE=getMsg HTTP/1.1" 200 27
180.169.147.146 - - [08/Sep/2021:09:04:59 +0800] "GET /xingrg/all/function/internal_message.html?_=1631063099279&CODE_STATE=getMsg HTTP/1.1" 200 27
101.85.93.96 - - [08/Sep/2021:09:04:59 +0800] "GET /xingrg/kc/buy/cgsh_order_operate.html?command=get_materiel&rest_code=00142&code=00101008368&supplier_code=00100161&order_time=2021-09-08 HTTP/1.1" 200 408
58.37.227.186 - - [08/Sep/2021:09:04:59 +0800] "GET /xingrg/all/function/internal_message.html?_=1631062978085&CODE_STATE=getMsg HTTP/1.1" 200 27
116.238.168.124 - - [08/Sep/2021:09:05:03 +0800] "GET /xingrg/all/function/internal_message.html?_=1631063083728&CODE_STATE=getMsg HTTP/1.1" 200 27
101.83.145.79 - - [08/Sep/2021:09:05:05 +0800] "GET /xingrg/check_reg.html?_=1631063106460 HTTP/1.1" 200 22
101.83.145.79 - - [08/Sep/2021:09:05:05 +0800] "GET /xingrg/all/function/internal_message.html?_=1631063106464&CODE_STATE=getMsg HTTP/1.1" 200 27
222.69.132.5 - - [08/Sep/2021:09:05:07 +0800] "GET /xingrg/kc/buy/cgsh_order_operate.html?command=get_materiel&rest_code=00149&code=00101003037&supplier_code=00100039&order_time=2021-09-07 HTTP/1.1" 200 413
101.85.93.96 - - [08/Sep/2021:09:05:14 +0800] "GET /xingrg/all/function/internal_message.html?_=1631063042251&CODE_STATE=getMsg HTTP/1.1" 200 27
116.232.54.140 - - [08/Sep/2021:09:05:19 +0800] "GET /xingrg/all/function/internal_message.html?_=1631063121144&CODE_STATE=getMsg HTTP/1.1" 200 27
222.70.246.151 - - [08/Sep/2021:09:05:27 +0800] "GET /xingrg/all/function/internal_message.html?_=1631063137337&CODE_STATE=getMsg HTTP/1.1" 200 27
222.70.179.190 - - [08/Sep/2021:09:05:30 +0800] "GET /xingrg/all/function/internal_message.html?_=1631063128044&CODE_STATE=getMsg HTTP/1.1" 200 27
101.93.222.235 - - [08/Sep/2021:09:05:31 +0800] "POST /xingrg/services/DataTransmitService HTTP/1.1" 200 524
101.93.222.235 - - [08/Sep/2021:09:05:32 +0800] "POST /xingrg/services/DataTransmitService HTTP/1.1" 200 501
101.85.93.96 - - [08/Sep/2021:09:05:37 +0800] "GET /xingrg/kc/buy/cgsh_order_operate.html?command=get_materiel&rest_code=00142&code=00101008049&supplier_code=00100161&order_time=2021-09-08 HTTP/1.1" 200 408
116.238.194.18 - - [08/Sep/2021:09:05:38 +0800] "GET /xingrg/check_reg.html?_=1631063114898 HTTP/1.1" 200 22
116.238.194.18 - - [08/Sep/2021:09:05:38 +0800] "GET /xingrg/all/function/internal_message.html?_=1631063115104&CODE_STATE=getMsg HTTP/1.1" 200 27
120.253.135.82 - - [08/Sep/2021:09:05:38 +0800] "GET /xingrg/all/function/internal_message.html?_=1631062912780&CODE_STATE=getMsg HTTP/1.1" 200 27
222.69.132.5 - - [08/Sep/2021:09:05:39 +0800] "GET /xingrg/check_reg.html?_=1631063138311 HTTP/1.1" 200 22
222.69.132.5 - - [08/Sep/2021:09:05:39 +0800] "GET /xingrg/all/function/internal_message.html?_=1631063138360&CODE_STATE=getMsg HTTP/1.1" 200 27
116.238.194.18 - - [08/Sep/2021:09:05:41 +0800] "GET /xingrg/all/function/internal_message.html?_=1631063141585&CODE_STATE=getMsg HTTP/1.1" 200 27
222.70.179.190 - - [08/Sep/2021:09:05:44 +0800] "GET /xingrg/kc/buy/cgsh_order_operate.html?command=get_materiel&rest_code=00111&code=00101007048&supplier_code=00100004&order_time=2021-09-08 HTTP/1.1" 200 408
58.40.7.146 - - [08/Sep/2021:09:05:47 +0800] "GET /xingrg/check_reg.html?_=1631063148218 HTTP/1.1" 302 -
101.85.93.96 - - [08/Sep/2021:09:05:49 +0800] "GET /xingrg/kc/buy/cgsh_order_operate.html?command=get_materiel&rest_code=00142&code=00101008268&supplier_code=00100161&order_time=2021-09-08 HTTP/1.1" 200 408
172.20.0.100 - - [08/Sep/2021:09:05:51 +0800] "GET /xingrg/all/function/internal_message.html?_=1631063149575&CODE_STATE=getMsg HTTP/1.1" 200 27
172.20.0.100 - - [08/Sep/2021:09:05:51 +0800] "GET /xingrg/check_reg.html?_=1631063149577 HTTP/1.1" 200 22
222.69.132.5 - - [08/Sep/2021:09:05:55 +0800] "GET /xingrg/kc/buy/cgsh_order_operate.html?command=get_materiel&rest_code=00149&code=00101002027&supplier_code=00100039&order_time=2021-09-07 HTTP/1.1" 200 415
180.169.147.146 - - [08/Sep/2021:09:05:59 +0800] "GET /xingrg/all/function/internal_message.html?_=1631063159284&CODE_STATE=getMsg HTTP/1.1" 200 27
101.85.93.96 - - [08/Sep/2021:09:05:59 +0800] "GET /xingrg/kc/buy/cgsh_order_operate.html?command=get_materiel&rest_code=00142&code=00101008059&supplier_code=00100161&order_time=2021-09-08 HTTP/1.1" 200 408
58.37.227.186 - - [08/Sep/2021:09:05:59 +0800] "GET /xingrg/check_reg.html?_=1631063038084 HTTP/1.1" 200 22
58.37.227.186 - - [08/Sep/2021:09:05:59 +0800] "GET /xingrg/all/function/internal_message.html?_=1631063038086&CODE_STATE=getMsg HTTP/1.1" 200 27
58.40.7.146 - - [08/Sep/2021:09:06:02 +0800] "GET /xingrg/check_reg.html?_=1631063162748 HTTP/1.1" 302 -
116.238.168.124 - - [08/Sep/2021:09:06:03 +0800] "GET /xingrg/all/function/internal_message.html?_=1631063143744&CODE_STATE=getMsg HTTP/1.1" 200 27
101.83.145.79 - - [08/Sep/2021:09:06:05 +0800] "GET /xingrg/all/function/internal_message.html?_=1631063166446&CODE_STATE=getMsg HTTP/1.1" 200 27
222.69.132.5 - - [08/Sep/2021:09:06:09 +0800] "GET /xingrg/kc/buy/cgsh_order_operate.html?command=get_materiel&rest_code=00149&code=00101002041&supplier_code=00100039&order_time=2021-09-07 HTTP/1.1" 200 411
101.85.93.96 - - [08/Sep/2021:09:06:11 +0800] "GET /xingrg/kc/buy/cgsh_order_operate.html?command=get_materiel&rest_code=00142&code=00101008361&supplier_code=00100161&order_time=2021-09-08 HTTP/1.1" 200 408
101.85.93.96 - - [08/Sep/2021:09:06:14 +0800] "GET /xingrg/all/function/internal_message.html?_=1631063102311&CODE_STATE=getMsg HTTP/1.1" 200 27
222.70.179.190 - - [08/Sep/2021:09:06:17 +0800] "GET /xingrg/kc/buy/cgsh_order_operate.html?command=get_materiel&rest_code=00111&code=00101007085&supplier_code=00100004&order_time=2021-09-08 HTTP/1.1" 200 413
101.85.93.96 - - [08/Sep/2021:09:06:18 +0800] "GET /xingrg/kc/buy/cgsh_order_operate.html?command=get_materiel&rest_code=00142&code=00101008155&supplier_code=00100161&order_time=2021-09-08 HTTP/1.1" 200 408
116.232.54.140 - - [08/Sep/2021:09:06:19 +0800] "GET /xingrg/all/function/internal_message.html?_=1631063181140&CODE_STATE=getMsg HTTP/1.1" 200 27
222.69.132.5 - - [08/Sep/2021:09:06:23 +0800] "GET /xingrg/kc/buy/cgsh_order_operate.html?command=get_materiel&rest_code=00149&code=00101010161&supplier_code=00100039&order_time=2021-09-07 HTTP/1.1" 200 411
58.221.95.50 - - [08/Sep/2021:09:06:25 +0800] "GET /xingrg/check_reg.html?_=1631063185701 HTTP/1.1" 302 -
222.70.246.151 - - [08/Sep/2021:09:06:27 +0800] "GET /xingrg/all/function/internal_message.html?_=1631063197461&CODE_STATE=getMsg HTTP/1.1" 200 27
101.83.145.79 - - [08/Sep/2021:09:06:27 +0800] "POST /xingrg/kc/buy/cgsh_order_operate.html HTTP/1.1" 200 37
222.70.179.190 - - [08/Sep/2021:09:06:28 +0800] "GET /xingrg/kc/buy/cgsh_order_operate.html?command=get_materiel&rest_code=00111&code=00101007077&supplier_code=00100004&order_time=2021-09-08 HTTP/1.1" 200 415
101.83.145.79 - - [08/Sep/2021:09:06:29 +0800] "POST /xingrg/kc/buy/cgsh_order_operate.html HTTP/1.1" 200 3252
222.70.179.190 - - [08/Sep/2021:09:06:30 +0800] "GET /xingrg/all/function/internal_message.html?_=1631063188046&CODE_STATE=getMsg HTTP/1.1" 200 27
101.83.145.79 - - [08/Sep/2021:09:06:30 +0800] "GET /xingrg/kc/base/wldb_order_list.html HTTP/1.1" 200 19224
101.83.145.79 - - [08/Sep/2021:09:06:31 +0800] "POST /xingrg/kc/base/wldb_list_operate.html HTTP/1.1" 200 928
101.83.145.79 - - [08/Sep/2021:09:06:32 +0800] "GET /xingrg/kc/base/wldb_order_add.html HTTP/1.1" 200 30438
101.83.145.79 - - [08/Sep/2021:09:06:32 +0800] "GET /xingrg/all/common/auto_word.html?type=base&rest_code=00105 HTTP/1.1" 200 1811
101.83.145.79 - - [08/Sep/2021:09:06:32 +0800] "GET /xingrg/all/common/auto_word.html?type=base&rest_code=00105 HTTP/1.1" 200 1811
101.83.145.79 - - [08/Sep/2021:09:06:32 +0800] "GET /xingrg/javascript/easyui/themes/default/validatebox.css HTTP/1.1" 404 1104
101.83.145.79 - - [08/Sep/2021:09:06:32 +0800] "POST /xingrg/kc/base/wldb_order_operate.html HTTP/1.1" 200 6806
101.83.145.79 - - [08/Sep/2021:09:06:33 +0800] "GET /xingrg/css/images/panel_loading.gif HTTP/1.1" 304 -
101.83.145.79 - - [08/Sep/2021:09:06:33 +0800] "POST /xingrg/all/common/load_combo.html?type=base HTTP/1.1" 200 3236
101.85.93.96 - - [08/Sep/2021:09:06:35 +0800] "GET /xingrg/kc/buy/cgsh_order_operate.html?command=get_materiel&rest_code=00142&code=00101008355&supplier_code=00100161&order_time=2021-09-08 HTTP/1.1" 200 408
101.83.145.79 - - [08/Sep/2021:09:06:38 +0800] "GET /xingrg/kc/base/wldb_order_operate.html?command=get_materiel&rest_code=00105&base_code=0010508&code=00102002302 HTTP/1.1" 200 429
116.238.194.18 - - [08/Sep/2021:09:06:38 +0800] "GET /xingrg/all/function/internal_message.html?_=1631063175117&CODE_STATE=getMsg HTTP/1.1" 200 27
120.253.135.82 - - [08/Sep/2021:09:06:38 +0800] "GET /xingrg/all/function/internal_message.html?_=1631062972794&CODE_STATE=getMsg HTTP/1.1" 200 27
222.69.132.5 - - [08/Sep/2021:09:06:39 +0800] "GET /xingrg/all/function/internal_message.html?_=1631063198341&CODE_STATE=getMsg HTTP/1.1" 200 27
116.238.194.18 - - [08/Sep/2021:09:06:41 +0800] "GET /xingrg/all/function/internal_message.html?_=1631063201584&CODE_STATE=getMsg HTTP/1.1" 200 27
222.69.132.5 - - [08/Sep/2021:09:06:42 +0800] "POST /xingrg/kc/buy/cgsh_order_operate.html HTTP/1.1" 200 37
222.70.179.190 - - [08/Sep/2021:09:06:42 +0800] "POST /xingrg/kc/buy/cgsh_order_operate.html HTTP/1.1" 200 88
101.85.93.96 - - [08/Sep/2021:09:06:43 +0800] "GET /xingrg/kc/buy/cgsh_order_operate.html?command=get_materiel&rest_code=00142&code=00101008024&supplier_code=00100161&order_time=2021-09-08 HTTP/1.1" 200 408
222.70.179.190 - - [08/Sep/2021:09:06:48 +0800] "POST /xingrg/kc/buy/cgsh_order_operate.html HTTP/1.1" 200 37
222.69.132.5 - - [08/Sep/2021:09:06:49 +0800] "POST /xingrg/kc/buy/cgsh_order_operate.html HTTP/1.1" 200 12
222.70.179.190 - - [08/Sep/2021:09:06:50 +0800] "POST /xingrg/kc/buy/cgsh_order_operate.html HTTP/1.1" 200 5019
172.20.0.100 - - [08/Sep/2021:09:06:51 +0800] "GET /xingrg/all/function/internal_message.html?_=1631063209581&CODE_STATE=getMsg HTTP/1.1" 200 27
222.70.179.190 - - [08/Sep/2021:09:06:51 +0800] "GET /xingrg/kc/print/load_data.html?order_code=212021090803096&kc_code=cgsh&condition= HTTP/1.1" 200 1618
101.85.93.96 - - [08/Sep/2021:09:06:53 +0800] "GET /xingrg/kc/buy/cgsh_order_operate.html?command=get_materiel&rest_code=00142&code=00101008356&supplier_code=00100161&order_time=2021-09-08 HTTP/1.1" 200 408
180.157.254.90 - - [08/Sep/2021:09:06:53 +0800] "GET /favicon.ico HTTP/1.1" 404 -
222.69.132.5 - - [08/Sep/2021:09:06:54 +0800] "GET /xingrg/kc/buy/cgsh_order_info.html?code=212021090803094 HTTP/1.1" 200 58388
222.69.132.5 - - [08/Sep/2021:09:06:54 +0800] "GET /xingrg/javascript/easyui/themes/default/validatebox.css HTTP/1.1" 404 1104
222.69.132.5 - - [08/Sep/2021:09:06:55 +0800] "POST /xingrg/kc/buy/cgsh_order_operate.html HTTP/1.1" 200 2391
180.157.254.90 - - [08/Sep/2021:09:06:56 +0800] "GET /xingrg/index.html?sysBaseUrl=http%3A%2F%2F180.169.147.146%3A18081%2Fxingrg%2F&costTime=44×tamp=1622098168715 HTTP/1.1" 302 -
180.157.254.90 - - [08/Sep/2021:09:06:56 +0800] "GET /xingrg/login.html HTTP/1.1" 200 7641
180.157.254.90 - - [08/Sep/2021:09:06:56 +0800] "GET /xingrg/images/blue/jxLogo.png HTTP/1.1" 304 -
180.157.254.90 - - [08/Sep/2021:09:06:57 +0800] "GET /favicon.ico HTTP/1.1" 404 -
180.169.147.146 - - [08/Sep/2021:09:06:59 +0800] "GET /xingrg/all/function/internal_message.html?_=1631063219278&CODE_STATE=getMsg HTTP/1.1" 200 27
222.69.132.5 - - [08/Sep/2021:09:06:59 +0800] "GET /xingrg/kc/print/load_data.html?order_code=212021090803094&kc_code=cgsh&condition= HTTP/1.1" 200 1411
180.157.254.90 - - [08/Sep/2021:09:06:59 +0800] "GET /xingrg/index.html?sysBaseUrl=http%3A%2F%2F180.169.147.146%3A18081%2Fxingrg%2F&costTime=44×tamp=1622098168715 HTTP/1.1" 302 -
180.157.254.90 - - [08/Sep/2021:09:06:59 +0800] "GET /xingrg/login.html HTTP/1.1" 200 7641
58.37.227.186 - - [08/Sep/2021:09:06:59 +0800] "GET /xingrg/all/function/internal_message.html?_=1631063098084&CODE_STATE=getMsg HTTP/1.1" 200 27
180.157.254.90 - - [08/Sep/2021:09:06:59 +0800] "GET /favicon.ico HTTP/1.1" 404 -
180.157.254.90 - - [08/Sep/2021:09:07:01 +0800] "POST /xingrg/login.do HTTP/1.1" 302 -
180.157.254.90 - - [08/Sep/2021:09:07:01 +0800] "GET /xingrg/index.html?sysBaseUrl=http%3A%2F%2F180.169.147.146%3A18081%2Fxingrg%2F&costTime=87×tamp=1631063221406 HTTP/1.1" 200 17179
180.157.254.90 - - [08/Sep/2021:09:07:01 +0800] "GET /xingrg/css/form.css HTTP/1.1" 304 -
180.157.254.90 - - [08/Sep/2021:09:07:01 +0800] "GET /xingrg/javascript/jquery.form.js HTTP/1.1" 304 -
180.157.254.90 - - [08/Sep/2021:09:07:01 +0800] "GET /xingrg/javascript/jquery.timers.js HTTP/1.1" 304 -
180.157.254.90 - - [08/Sep/2021:09:07:01 +0800] "GET /favicon.ico HTTP/1.1" 404 -
180.157.254.90 - - [08/Sep/2021:09:07:01 +0800] "GET /xingrg/javascript/jquery_easy_ui/themes/icons/settle_new.png HTTP/1.1" 304 -
180.157.254.90 - - [08/Sep/2021:09:07:01 +0800] "GET /xingrg/images/blue/navBackgound.jpg HTTP/1.1" 304 -
180.157.254.90 - - [08/Sep/2021:09:07:01 +0800] "POST /xingrg/all/common/load_tree.html?tree=area_rest_tree_json&manage=1 HTTP/1.1" 200 351
180.157.254.90 - - [08/Sep/2021:09:07:01 +0800] "GET /xingrg/all/function/internal_message.html?_=1631063223657&CODE_STATE=count HTTP/1.1" 200 11
180.157.254.90 - - [08/Sep/2021:09:07:01 +0800] "GET /xingrg/check_reg.html?_=1631063223660 HTTP/1.1" 200 22
180.157.254.90 - - [08/Sep/2021:09:07:01 +0800] "GET /xingrg/javascript/jquery_easy_ui/themes/default/images/panel_tool_collapse.gif HTTP/1.1" 304 -
180.157.254.90 - - [08/Sep/2021:09:07:01 +0800] "GET /xingrg/images/blue/pingpu.png HTTP/1.1" 304 -
180.157.254.90 - - [08/Sep/2021:09:07:01 +0800] "GET /xingrg/javascript/jquery_easy_ui/themes/default/images/tabs_leftarrow.png HTTP/1.1" 304 -
180.157.254.90 - - [08/Sep/2021:09:07:01 +0800] "GET /xingrg/javascript/jquery_easy_ui/themes/default/images/tabs_rightarrow.png HTTP/1.1" 304 -
180.157.254.90 - - [08/Sep/2021:09:07:01 +0800] "POST /xingrg/load_menu.html HTTP/1.1" 200 5138
180.157.254.90 - - [08/Sep/2021:09:07:03 +0800] "GET /xingrg/css/base.css HTTP/1.1" 304 -
180.157.254.90 - - [08/Sep/2021:09:07:03 +0800] "GET /xingrg/css/site.css HTTP/1.1" 304 -
180.157.254.90 - - [08/Sep/2021:09:07:03 +0800] "GET /xingrg/javascript/jquery_tools/datebox.css HTTP/1.1" 304 -
180.157.254.90 - - [08/Sep/2021:09:07:03 +0800] "GET /xingrg/javascript/easyui/themes/default/easyui.css HTTP/1.1" 304 -
180.157.254.90 - - [08/Sep/2021:09:07:03 +0800] "GET /xingrg/kc/buy/cgsh_order_list.html HTTP/1.1" 200 47694
180.157.254.90 - - [08/Sep/2021:09:07:03 +0800] "GET /xingrg/javascript/easyui/themes/icon.css HTTP/1.1" 304 -
180.157.254.90 - - [08/Sep/2021:09:07:03 +0800] "GET /xingrg/javascript/jquery_tools/fix.css HTTP/1.1" 304 -
180.157.254.90 - - [08/Sep/2021:09:07:03 +0800] "GET /xingrg/javascript/jquery_tools/jquery.tools.min.js HTTP/1.1" 304 -
180.157.254.90 - - [08/Sep/2021:09:07:03 +0800] "GET /xingrg/javascript/jquery_tools/table.css HTTP/1.1" 304 -
180.157.254.90 - - [08/Sep/2021:09:07:03 +0800] "GET /xingrg/javascript/jquery_tools/jquery.tools.extend.js HTTP/1.1" 304 -
180.157.254.90 - - [08/Sep/2021:09:07:03 +0800] "GET /xingrg/javascript/jquery_tools/jquery.tools.table.js HTTP/1.1" 304 -
180.157.254.90 - - [08/Sep/2021:09:07:03 +0800] "GET /xingrg/javascript/jquery_tools/jquery.tools.hotkey.js HTTP/1.1" 304 -
180.157.254.90 - - [08/Sep/2021:09:07:03 +0800] "GET /xingrg/javascript/jquery_tools/list_manager.js HTTP/1.1" 304 -
180.157.254.90 - - [08/Sep/2021:09:07:03 +0800] "GET /xingrg/javascript/easyui/easyloader.js HTTP/1.1" 304 -
180.157.254.90 - - [08/Sep/2021:09:07:03 +0800] "GET /xingrg/javascript/jquery.cookie.js HTTP/1.1" 304 -
101.85.93.96 - - [08/Sep/2021:09:07:03 +0800] "GET /xingrg/kc/buy/cgsh_order_operate.html?command=get_materiel&rest_code=00142&code=00101008286&supplier_code=00100161&order_time=2021-09-08 HTTP/1.1" 200 408
116.238.168.124 - - [08/Sep/2021:09:07:03 +0800] "GET /xingrg/all/function/internal_message.html?_=1631063204519&CODE_STATE=getMsg HTTP/1.1" 200 27
180.157.254.90 - - [08/Sep/2021:09:07:04 +0800] "GET /xingrg/javascript/easyui/plugins/jquery.parser.js HTTP/1.1" 304 -
180.157.254.90 - - [08/Sep/2021:09:07:04 +0800] "GET /xingrg/images/control/ajaxLoader.gif HTTP/1.1" 304 -
180.157.254.90 - - [08/Sep/2021:09:07:05 +0800] "POST /xingrg/kc/buy/cgsh_list_operate.html HTTP/1.1" 200 876
101.83.145.79 - - [08/Sep/2021:09:07:05 +0800] "GET /xingrg/all/function/internal_message.html?_=1631063226478&CODE_STATE=getMsg HTTP/1.1" 200 27
180.157.254.90 - - [08/Sep/2021:09:07:06 +0800] "GET /xingrg/kc/buy/cgsh_order_list.html HTTP/1.1" 200 47694
222.69.132.5 - - [08/Sep/2021:09:07:07 +0800] "GET /xingrg/kc/buy/cgsh_order_add.html HTTP/1.1" 200 63479
222.69.132.5 - - [08/Sep/2021:09:07:07 +0800] "POST /xingrg/kc/buy/cgsh_order_operate.html HTTP/1.1" 200 8245
222.69.132.5 - - [08/Sep/2021:09:07:07 +0800] "GET /xingrg/javascript/easyui/themes/default/validatebox.css HTTP/1.1" 404 1104
180.157.254.90 - - [08/Sep/2021:09:07:07 +0800] "POST /xingrg/kc/buy/cgsh_list_operate.html HTTP/1.1" 200 876
101.85.93.96 - - [08/Sep/2021:09:07:13 +0800] "GET /xingrg/kc/buy/cgsh_order_operate.html?command=get_materiel&rest_code=00142&code=00101008350&supplier_code=00100161&order_time=2021-09-08 HTTP/1.1" 200 408
101.85.93.96 - - [08/Sep/2021:09:07:14 +0800] "GET /xingrg/all/function/internal_message.html?_=1631063162279&CODE_STATE=getMsg HTTP/1.1" 200 27
180.157.254.90 - - [08/Sep/2021:09:07:16 +0800] "GET /xingrg/javascript/auto/indicator.gif HTTP/1.1" 404 1066
116.232.54.140 - - [08/Sep/2021:09:07:19 +0800] "GET /xingrg/all/function/internal_message.html?_=1631063241150&CODE_STATE=getMsg HTTP/1.1" 200 27
116.232.54.140 - - [08/Sep/2021:09:07:19 +0800] "GET /xingrg/check_reg.html?_=1631063241152 HTTP/1.1" 200 22
180.157.254.90 - - [08/Sep/2021:09:07:21 +0800] "POST /xingrg/kc/buy/cgsh_list_operate.html HTTP/1.1" 200 5328
101.85.93.96 - - [08/Sep/2021:09:07:22 +0800] "GET /xingrg/kc/buy/cgsh_order_operate.html?command=get_materiel&rest_code=00142&code=00101008357&supplier_code=00100161&order_time=2021-09-08 HTTP/1.1" 200 408
222.69.132.5 - - [08/Sep/2021:09:07:24 +0800] "POST /xingrg/services/DataTransmitService HTTP/1.1" 200 524
222.69.132.5 - - [08/Sep/2021:09:07:24 +0800] "POST /xingrg/services/DataTransmitService HTTP/1.1" 200 1979
222.69.132.5 - - [08/Sep/2021:09:07:24 +0800] "POST /xingrg/services/DataTransmitService HTTP/1.1" 200 14424
222.69.132.5 - - [08/Sep/2021:09:07:26 +0800] "POST /xingrg/services/DataTransmitService HTTP/1.1" 200 1271
222.69.132.5 - - [08/Sep/2021:09:07:26 +0800] "POST /xingrg/services/DataTransmitService HTTP/1.1" 200 134139
222.70.246.151 - - [08/Sep/2021:09:07:27 +0800] "GET /xingrg/all/function/internal_message.html?_=1631063257473&CODE_STATE=getMsg HTTP/1.1" 200 27
222.70.179.190 - - [08/Sep/2021:09:07:30 +0800] "GET /xingrg/check_reg.html?_=1631063248060 HTTP/1.1" 200 22
222.70.179.190 - - [08/Sep/2021:09:07:30 +0800] "GET /xingrg/all/function/internal_message.html?_=1631063248056&CODE_STATE=getMsg HTTP/1.1" 200 27
222.69.132.5 - - [08/Sep/2021:09:07:30 +0800] "GET /xingrg/kc/buy/cgsh_order_operate.html?command=get_materiel&rest_code=00149&code=00101006109&supplier_code=00100012&order_time=2021-09-07 HTTP/1.1" 200 409
101.85.93.96 - - [08/Sep/2021:09:07:32 +0800] "GET /xingrg/kc/buy/cgsh_order_operate.html?command=get_materiel&rest_code=00142&code=00101008312&supplier_code=00100161&order_time=2021-09-08 HTTP/1.1" 200 412
116.238.194.18 - - [08/Sep/2021:09:07:38 +0800] "GET /xingrg/all/function/internal_message.html?_=1631063235230&CODE_STATE=getMsg HTTP/1.1" 200 27
120.253.135.82 - - [08/Sep/2021:09:07:38 +0800] "GET /xingrg/all/function/internal_message.html?_=1631063032827&CODE_STATE=getMsg HTTP/1.1" 200 27
222.69.132.5 - - [08/Sep/2021:09:07:39 +0800] "GET /xingrg/all/function/internal_message.html?_=1631063258329&CODE_STATE=getMsg HTTP/1.1" 200 27
101.85.93.96 - - [08/Sep/2021:09:07:40 +0800] "GET /xingrg/kc/buy/cgsh_order_operate.html?command=get_materiel&rest_code=00142&code=00101008248&supplier_code=00100161&order_time=2021-09-08 HTTP/1.1" 200 412
116.238.194.18 - - [08/Sep/2021:09:07:41 +0800] "GET /xingrg/all/function/internal_message.html?_=1631063261582&CODE_STATE=getMsg HTTP/1.1" 200 27
222.69.132.5 - - [08/Sep/2021:09:07:42 +0800] "GET /xingrg/kc/buy/cgsh_order_operate.html?command=get_materiel&rest_code=00149&code=00101006025&supplier_code=00100012&order_time=2021-09-07 HTTP/1.1" 200 417
180.157.254.90 - - [08/Sep/2021:09:07:47 +0800] "POST /xingrg/kc/buy/cgsh_list_operate.html HTTP/1.1" 200 2709
101.85.93.96 - - [08/Sep/2021:09:07:50 +0800] "GET /xingrg/kc/buy/cgsh_order_operate.html?command=get_materiel&rest_code=00142&code=00101016057&supplier_code=00100161&order_time=2021-09-08 HTTP/1.1" 200 408
172.20.0.100 - - [08/Sep/2021:09:07:51 +0800] "GET /xingrg/all/function/internal_message.html?_=1631063269568&CODE_STATE=getMsg HTTP/1.1" 200 27
222.69.132.5 - - [08/Sep/2021:09:07:52 +0800] "POST /xingrg/services/DataTransmitService HTTP/1.1" 200 524
116.238.168.124 - - [08/Sep/2021:09:07:52 +0800] "GET /xingrg/check_reg.html?_=1631063253553 HTTP/1.1" 200 22
222.69.132.5 - - [08/Sep/2021:09:07:58 +0800] "POST /xingrg/services/DataTransmitService HTTP/1.1" 200 501
222.69.132.5 - - [08/Sep/2021:09:07:58 +0800] "GET /xingrg/kc/buy/cgsh_order_operate.html?command=get_materiel&rest_code=00149&code=00101006112&supplier_code=00100012&order_time=2021-09-07 HTTP/1.1" 200 409
180.169.147.146 - - [08/Sep/2021:09:07:59 +0800] "GET /xingrg/check_reg.html?_=1631063279282 HTTP/1.1" 200 22
180.169.147.146 - - [08/Sep/2021:09:07:59 +0800] "GET /xingrg/all/function/internal_message.html?_=1631063279284&CODE_STATE=getMsg HTTP/1.1" 200 27
58.37.227.186 - - [08/Sep/2021:09:07:59 +0800] "GET /xingrg/all/function/internal_message.html?_=1631063158083&CODE_STATE=getMsg HTTP/1.1" 200 27
101.85.93.96 - - [08/Sep/2021:09:08:00 +0800] "GET /xingrg/kc/buy/cgsh_order_operate.html?command=get_materiel&rest_code=00142&code=00101016053&supplier_code=00100161&order_time=2021-09-08 HTTP/1.1" 200 408
180.157.254.90 - - [08/Sep/2021:09:08:01 +0800] "GET /xingrg/all/function/internal_message.html?_=1631063283664&CODE_STATE=getMsg HTTP/1.1" 200 27
116.238.168.124 - - [08/Sep/2021:09:08:03 +0800] "GET /xingrg/all/function/internal_message.html?_=1631063264537&CODE_STATE=getMsg HTTP/1.1" 200 27
101.83.145.79 - - [08/Sep/2021:09:08:05 +0800] "GET /xingrg/all/function/internal_message.html?_=1631063286464&CODE_STATE=getMsg HTTP/1.1" 200 27
222.69.132.5 - - [08/Sep/2021:09:08:07 +0800] "POST /xingrg/services/DataTransmitService HTTP/1.1" 200 524
101.85.93.96 - - [08/Sep/2021:09:08:08 +0800] "GET /xingrg/kc/buy/cgsh_order_operate.html?command=get_materiel&rest_code=00142&code=00101008283&supplier_code=00100161&order_time=2021-09-08 HTTP/1.1" 200 408
101.85.93.96 - - [08/Sep/2021:09:08:14 +0800] "GET /xingrg/all/function/internal_message.html?_=1631063222318&CODE_STATE=getMsg HTTP/1.1" 200 27
180.157.254.90 - - [08/Sep/2021:09:08:16 +0800] "POST /xingrg/kc/buy/cgsh_list_operate.html HTTP/1.1" 200 5465
222.69.132.5 - - [08/Sep/2021:09:08:18 +0800] "POST /xingrg/kc/buy/cgsh_order_operate.html HTTP/1.1" 200 37
101.85.93.96 - - [08/Sep/2021:09:08:18 +0800] "GET /xingrg/kc/buy/cgsh_order_operate.html?command=get_materiel&rest_code=00142&code=00101008298&supplier_code=00100161&order_time=2021-09-08 HTTP/1.1" 200 412
116.232.54.140 - - [08/Sep/2021:09:08:19 +0800] "GET /xingrg/all/function/internal_message.html?_=1631063301155&CODE_STATE=getMsg HTTP/1.1" 200 27
101.85.93.96 - - [08/Sep/2021:09:08:20 +0800] "POST /xingrg/kc/buy/cgsh_order_operate.html HTTP/1.1" 200 2065
222.69.132.5 - - [08/Sep/2021:09:08:22 +0800] "POST /xingrg/kc/buy/cgsh_order_operate.html HTTP/1.1" 200 12
222.69.132.5 - - [08/Sep/2021:09:08:24 +0800] "GET /xingrg/kc/buy/cgsh_order_info.html?code=212021090803097 HTTP/1.1" 200 58388
222.69.132.5 - - [08/Sep/2021:09:08:24 +0800] "GET /xingrg/javascript/easyui/themes/default/validatebox.css HTTP/1.1" 404 1104
222.69.132.5 - - [08/Sep/2021:09:08:25 +0800] "POST /xingrg/kc/buy/cgsh_order_operate.html HTTP/1.1" 200 2379
222.70.246.151 - - [08/Sep/2021:09:08:27 +0800] "GET /xingrg/all/function/internal_message.html?_=1631063317619&CODE_STATE=getMsg HTTP/1.1" 200 27
101.85.93.96 - - [08/Sep/2021:09:08:28 +0800] "GET /xingrg/kc/buy/cgsh_order_operate.html?command=get_materiel&rest_code=00142&code=00101010234&supplier_code=00100161&order_time=2021-09-08 HTTP/1.1" 200 412
222.69.132.5 - - [08/Sep/2021:09:08:28 +0800] "GET /xingrg/kc/print/load_data.html?order_code=212021090803097&kc_code=cgsh&condition= HTTP/1.1" 200 1467
222.70.246.151 - - [08/Sep/2021:09:08:29 +0800] "GET /xingrg/check_reg.html?_=1631063319109 HTTP/1.1" 200 22
222.70.179.190 - - [08/Sep/2021:09:08:30 +0800] "GET /xingrg/all/function/internal_message.html?_=1631063308049&CODE_STATE=getMsg HTTP/1.1" 200 27
116.238.194.18 - - [08/Sep/2021:09:08:38 +0800] "GET /xingrg/all/function/internal_message.html?_=1631063295238&CODE_STATE=getMsg HTTP/1.1" 200 27
120.253.135.82 - - [08/Sep/2021:09:08:38 +0800] "GET /xingrg/all/function/internal_message.html?_=1631063092837&CODE_STATE=getMsg HTTP/1.1" 200 27
222.69.132.5 - - [08/Sep/2021:09:08:39 +0800] "GET /xingrg/kc/buy/cgsh_order_add.html HTTP/1.1" 200 63479
101.85.93.96 - - [08/Sep/2021:09:08:39 +0800] "GET /xingrg/kc/buy/cgsh_order_operate.html?command=get_materiel&rest_code=00142&code=00101008300&supplier_code=00100161&order_time=2021-09-08 HTTP/1.1" 200 412
222.69.132.5 - - [08/Sep/2021:09:08:39 +0800] "POST /xingrg/kc/buy/cgsh_order_operate.html HTTP/1.1" 200 8245
222.69.132.5 - - [08/Sep/2021:09:08:39 +0800] "GET /xingrg/javascript/easyui/themes/default/validatebox.css HTTP/1.1" 404 1104
222.69.132.5 - - [08/Sep/2021:09:08:39 +0800] "GET /xingrg/all/function/internal_message.html?_=1631063318331&CODE_STATE=getMsg HTTP/1.1" 200 27
180.157.254.90 - - [08/Sep/2021:09:08:40 +0800] "POST /xingrg/kc/buy/cgsh_list_operate.html HTTP/1.1" 200 5328
116.238.194.18 - - [08/Sep/2021:09:08:41 +0800] "GET /xingrg/check_reg.html?_=1631063321598 HTTP/1.1" 200 22
116.238.194.18 - - [08/Sep/2021:09:08:41 +0800] "GET /xingrg/all/function/internal_message.html?_=1631063321597&CODE_STATE=getMsg HTTP/1.1" 200 27
101.85.93.96 - - [08/Sep/2021:09:08:50 +0800] "GET /xingrg/kc/buy/cgsh_order_operate.html?command=get_materiel&rest_code=00142&code=00101008354&supplier_code=00100161&order_time=2021-09-08 HTTP/1.1" 200 412
172.20.0.100 - - [08/Sep/2021:09:08:51 +0800] "GET /xingrg/all/function/internal_message.html?_=1631063329573&CODE_STATE=getMsg HTTP/1.1" 200 27
180.169.147.146 - - [08/Sep/2021:09:08:59 +0800] "GET /xingrg/all/function/internal_message.html?_=1631063339285&CODE_STATE=getMsg HTTP/1.1" 200 27
58.37.227.186 - - [08/Sep/2021:09:08:59 +0800] "GET /xingrg/all/function/internal_message.html?_=1631063218082&CODE_STATE=getMsg HTTP/1.1" 200 27
101.85.93.96 - - [08/Sep/2021:09:09:01 +0800] "GET /xingrg/kc/buy/cgsh_order_operate.html?command=get_materiel&rest_code=00142&code=00101008352&supplier_code=00100161&order_time=2021-09-08 HTTP/1.1" 200 412
180.157.254.90 - - [08/Sep/2021:09:09:01 +0800] "GET /xingrg/all/function/internal_message.html?_=1631063343667&CODE_STATE=getMsg HTTP/1.1" 200 27
222.69.132.5 - - [08/Sep/2021:09:09:03 +0800] "GET /xingrg/kc/buy/cgsh_order_operate.html?command=get_materiel&rest_code=00149&code=00101012038&supplier_code=00100036&order_time=2021-09-07 HTTP/1.1" 200 412
116.238.168.124 - - [08/Sep/2021:09:09:03 +0800] "GET /xingrg/all/function/internal_message.html?_=1631063324549&CODE_STATE=getMsg HTTP/1.1" 200 27
101.83.145.79 - - [08/Sep/2021:09:09:05 +0800] "GET /xingrg/all/function/internal_message.html?_=1631063346440&CODE_STATE=getMsg HTTP/1.1" 200 27
101.85.93.96 - - [08/Sep/2021:09:09:09 +0800] "GET /xingrg/kc/buy/cgsh_order_operate.html?command=get_materiel&rest_code=00142&code=00101008459&supplier_code=00100161&order_time=2021-09-08 HTTP/1.1" 200 395
101.85.93.96 - - [08/Sep/2021:09:09:14 +0800] "GET /xingrg/check_reg.html?_=1631063282333 HTTP/1.1" 200 22
101.85.93.96 - - [08/Sep/2021:09:09:14 +0800] "GET /xingrg/all/function/internal_message.html?_=1631063282334&CODE_STATE=getMsg HTTP/1.1" 200 27
101.85.93.96 - - [08/Sep/2021:09:09:16 +0800] "POST /xingrg/kc/buy/cgsh_order_operate.html HTTP/1.1" 200 2065
222.69.132.5 - - [08/Sep/2021:09:09:18 +0800] "GET /xingrg/kc/buy/cgsh_order_operate.html?command=get_materiel&rest_code=00149&code=00101012026&supplier_code=00100036&order_time=2021-09-07 HTTP/1.1" 200 408
116.232.54.140 - - [08/Sep/2021:09:09:19 +0800] "GET /xingrg/all/function/internal_message.html?_=1631063361154&CODE_STATE=getMsg HTTP/1.1" 200 27
101.85.93.96 - - [08/Sep/2021:09:09:24 +0800] "GET /xingrg/kc/buy/cgsh_order_operate.html?command=get_materiel&rest_code=00142&code=00101012065&supplier_code=00100161&order_time=2021-09-08 HTTP/1.1" 200 418
222.70.246.151 - - [08/Sep/2021:09:09:27 +0800] "GET /xingrg/all/function/internal_message.html?_=1631063377625&CODE_STATE=getMsg HTTP/1.1" 200 27
222.69.132.5 - - [08/Sep/2021:09:09:29 +0800] "POST /xingrg/kc/buy/cgsh_order_operate.html HTTP/1.1" 200 37
222.70.179.190 - - [08/Sep/2021:09:09:30 +0800] "GET /xingrg/all/function/internal_message.html?_=1631063368050&CODE_STATE=getMsg HTTP/1.1" 200 27
101.85.93.96 - - [08/Sep/2021:09:09:31 +0800] "GET /xingrg/kc/buy/cgsh_order_operate.html?command=get_materiel&rest_code=00142&code=00101012024&supplier_code=00100161&order_time=2021-09-08 HTTP/1.1" 200 408
222.69.132.5 - - [08/Sep/2021:09:09:36 +0800] "POST /xingrg/kc/buy/cgsh_order_operate.html HTTP/1.1" 200 12
222.69.132.5 - - [08/Sep/2021:09:09:37 +0800] "GET /xingrg/kc/buy/cgsh_order_info.html?code=212021090803098 HTTP/1.1" 200 58390
222.69.132.5 - - [08/Sep/2021:09:09:37 +0800] "GET /xingrg/javascript/easyui/themes/default/validatebox.css HTTP/1.1" 404 1104
222.69.132.5 - - [08/Sep/2021:09:09:38 +0800] "POST /xingrg/kc/buy/cgsh_order_operate.html HTTP/1.1" 200 1195
120.253.135.82 - - [08/Sep/2021:09:09:38 +0800] "GET /xingrg/check_reg.html?_=1631063152406 HTTP/1.1" 200 22
116.238.194.18 - - [08/Sep/2021:09:09:38 +0800] "GET /xingrg/all/function/internal_message.html?_=1631063355351&CODE_STATE=getMsg HTTP/1.1" 200 27
120.253.135.82 - - [08/Sep/2021:09:09:38 +0800] "GET /xingrg/all/function/internal_message.html?_=1631063152849&CODE_STATE=getMsg HTTP/1.1" 200 27
101.85.93.96 - - [08/Sep/2021:09:09:39 +0800] "GET /xingrg/kc/buy/cgsh_order_operate.html?command=get_materiel&rest_code=00142&code=00101012059&supplier_code=00100161&order_time=2021-09-08 HTTP/1.1" 200 412
222.69.132.5 - - [08/Sep/2021:09:09:39 +0800] "GET /xingrg/all/function/internal_message.html?_=1631063378323&CODE_STATE=getMsg HTTP/1.1" 200 27
116.238.194.18 - - [08/Sep/2021:09:09:41 +0800] "GET /xingrg/all/function/internal_message.html?_=1631063381597&CODE_STATE=getMsg HTTP/1.1" 200 27
222.69.132.5 - - [08/Sep/2021:09:09:43 +0800] "GET /xingrg/javascript/jquery_easy_ui/themes/default/images/tabs_active.png HTTP/1.1" 200 2894
101.85.93.96 - - [08/Sep/2021:09:09:47 +0800] "POST /xingrg/kc/buy/cgsh_order_operate.html HTTP/1.1" 200 37
180.157.254.90 - - [08/Sep/2021:09:09:47 +0800] "POST /xingrg/kc/buy/cgsh_list_operate.html HTTP/1.1" 200 270
222.69.132.5 - - [08/Sep/2021:09:09:47 +0800] "GET /xingrg/kc/print/load_data.html?order_code=212021090803098&kc_code=cgsh&condition= HTTP/1.1" 200 1005
180.157.254.90 - - [08/Sep/2021:09:09:49 +0800] "GET /xingrg/kc/buy/cgsh_order_info.html?code=212021082310429 HTTP/1.1" 200 58341
180.157.254.90 - - [08/Sep/2021:09:09:49 +0800] "GET /xingrg/words/20210907115942_words.js HTTP/1.1" 200 846268
101.85.93.96 - - [08/Sep/2021:09:09:49 +0800] "POST /xingrg/kc/buy/cgsh_order_operate.html HTTP/1.1" 200 17394
180.157.254.90 - - [08/Sep/2021:09:09:49 +0800] "GET /xingrg/javascript/easyui/themes/default/validatebox.css HTTP/1.1" 404 1104
180.157.254.90 - - [08/Sep/2021:09:09:50 +0800] "POST /xingrg/kc/buy/cgsh_order_operate.html HTTP/1.1" 200 1194
172.20.0.100 - - [08/Sep/2021:09:09:51 +0800] "GET /xingrg/all/function/internal_message.html?_=1631063389575&CODE_STATE=getMsg HTTP/1.1" 200 27
222.69.132.5 - - [08/Sep/2021:09:09:52 +0800] "GET /xingrg/kc/buy/cgsh_order_add.html HTTP/1.1" 200 63479
222.69.132.5 - - [08/Sep/2021:09:09:52 +0800] "POST /xingrg/kc/buy/cgsh_order_operate.html HTTP/1.1" 200 8245
222.69.132.5 - - [08/Sep/2021:09:09:52 +0800] "GET /xingrg/javascript/easyui/themes/default/validatebox.css HTTP/1.1" 404 1104
101.85.93.96 - - [08/Sep/2021:09:09:54 +0800] "POST /xingrg/kc/buy/cgsh_order_operate.html HTTP/1.1" 200 37
101.85.93.96 - - [08/Sep/2021:09:09:55 +0800] "POST /xingrg/kc/buy/cgsh_order_operate.html HTTP/1.1" 200 17394
180.169.147.146 - - [08/Sep/2021:09:09:59 +0800] "GET /xingrg/all/function/internal_message.html?_=1631063399286&CODE_STATE=getMsg HTTP/1.1" 200 27
58.37.227.186 - - [08/Sep/2021:09:09:59 +0800] "GET /xingrg/all/function/internal_message.html?_=1631063278081&CODE_STATE=getMsg HTTP/1.1" 200 27
101.85.93.96 - - [08/Sep/2021:09:10:00 +0800] "POST /xingrg/kc/buy/cgsh_order_operate.html HTTP/1.1" 200 37
101.85.93.96 - - [08/Sep/2021:09:10:01 +0800] "POST /xingrg/kc/buy/cgsh_order_operate.html HTTP/1.1" 200 17394
180.157.254.90 - - [08/Sep/2021:09:10:01 +0800] "GET /xingrg/all/function/internal_message.html?_=1631063403679&CODE_STATE=getMsg HTTP/1.1" 200 27
101.85.93.96 - - [08/Sep/2021:09:10:02 +0800] "GET /xingrg/javascript/jquery_easy_ui/themes/default/images/tabs_active.png HTTP/1.1" 200 2894
116.238.168.124 - - [08/Sep/2021:09:10:04 +0800] "GET /xingrg/all/function/internal_message.html?_=1631063385328&CODE_STATE=getMsg HTTP/1.1" 200 27
101.83.145.79 - - [08/Sep/2021:09:10:05 +0800] "GET /xingrg/all/function/internal_message.html?_=1631063406440&CODE_STATE=getMsg HTTP/1.1" 200 27
101.83.145.79 - - [08/Sep/2021:09:10:05 +0800] "GET /xingrg/check_reg.html?_=1631063406443 HTTP/1.1" 200 22
101.85.93.96 - - [08/Sep/2021:09:10:06 +0800] "POST /xingrg/kc/buy/cgsh_list_operate.html HTTP/1.1" 200 1690
222.69.132.5 - - [08/Sep/2021:09:10:12 +0800] "GET /xingrg/kc/buy/cgsh_order_operate.html?command=get_materiel&rest_code=00149&code=00101007082&supplier_code=00100205&order_time=2021-09-07 HTTP/1.1" 200 429
101.85.93.96 - - [08/Sep/2021:09:10:14 +0800] "GET /xingrg/all/function/internal_message.html?_=1631063342328&CODE_STATE=getMsg HTTP/1.1" 200 27
116.232.54.140 - - [08/Sep/2021:09:10:19 +0800] "GET /xingrg/all/function/internal_message.html?_=1631063421158&CODE_STATE=getMsg HTTP/1.1" 200 27
222.69.132.5 - - [08/Sep/2021:09:10:25 +0800] "GET /xingrg/kc/buy/cgsh_order_operate.html?command=get_materiel&rest_code=00149&code=00101007061&supplier_code=00100205&order_time=2021-09-07 HTTP/1.1" 200 411
222.70.246.151 - - [08/Sep/2021:09:10:27 +0800] "GET /xingrg/all/function/internal_message.html?_=1631063437639&CODE_STATE=getMsg HTTP/1.1" 200 27
222.70.179.190 - - [08/Sep/2021:09:10:30 +0800] "GET /xingrg/all/function/internal_message.html?_=1631063428051&CODE_STATE=getMsg HTTP/1.1" 200 27
180.157.254.90 - - [08/Sep/2021:09:10:32 +0800] "POST /xingrg/kc/buy/cgsh_list_operate.html HTTP/1.1" 200 490
180.157.254.90 - - [08/Sep/2021:09:10:32 +0800] "GET /xingrg/kc/buy/cgsh_order_info.html?code=212021082511571 HTTP/1.1" 200 58333
180.157.254.90 - - [08/Sep/2021:09:10:33 +0800] "GET /xingrg/javascript/easyui/themes/default/validatebox.css HTTP/1.1" 404 1104
180.157.254.90 - - [08/Sep/2021:09:10:33 +0800] "POST /xingrg/kc/buy/cgsh_order_operate.html HTTP/1.1" 200 2968
222.69.132.5 - - [08/Sep/2021:09:10:36 +0800] "POST /xingrg/services/DataTransmitService HTTP/1.1" 200 501
222.69.132.5 - - [08/Sep/2021:09:10:37 +0800] "POST /xingrg/services/DataTransmitService HTTP/1.1" 200 501
116.238.194.18 - - [08/Sep/2021:09:10:38 +0800] "GET /xingrg/check_reg.html?_=1631063414906 HTTP/1.1" 200 22
120.253.135.82 - - [08/Sep/2021:09:10:38 +0800] "GET /xingrg/all/function/internal_message.html?_=1631063212863&CODE_STATE=getMsg HTTP/1.1" 200 27
116.238.194.18 - - [08/Sep/2021:09:10:38 +0800] "GET /xingrg/all/function/internal_message.html?_=1631063415459&CODE_STATE=getMsg HTTP/1.1" 200 27
222.69.132.5 - - [08/Sep/2021:09:10:39 +0800] "GET /xingrg/all/function/internal_message.html?_=1631063438338&CODE_STATE=getMsg HTTP/1.1" 200 27
222.69.132.5 - - [08/Sep/2021:09:10:39 +0800] "GET /xingrg/check_reg.html?_=1631063438341 HTTP/1.1" 200 22
116.238.194.18 - - [08/Sep/2021:09:10:41 +0800] "GET /xingrg/all/function/internal_message.html?_=1631063441603&CODE_STATE=getMsg HTTP/1.1" 200 27
222.69.132.5 - - [08/Sep/2021:09:10:46 +0800] "POST /xingrg/kc/buy/cgsh_order_operate.html HTTP/1.1" 200 37
58.40.7.146 - - [08/Sep/2021:09:10:47 +0800] "GET /xingrg/check_reg.html?_=1631063448197 HTTP/1.1" 302 -
172.20.0.100 - - [08/Sep/2021:09:10:51 +0800] "GET /xingrg/all/function/internal_message.html?_=1631063449578&CODE_STATE=getMsg HTTP/1.1" 200 27
172.20.0.100 - - [08/Sep/2021:09:10:51 +0800] "GET /xingrg/check_reg.html?_=1631063449582 HTTP/1.1" 200 22
222.69.132.5 - - [08/Sep/2021:09:10:55 +0800] "POST /xingrg/services/DataTransmitService HTTP/1.1" 200 501
180.169.147.146 - - [08/Sep/2021:09:10:59 +0800] "GET /xingrg/all/function/internal_message.html?_=1631063459283&CODE_STATE=getMsg HTTP/1.1" 200 27
58.37.227.186 - - [08/Sep/2021:09:10:59 +0800] "GET /xingrg/all/function/internal_message.html?_=1631063338080&CODE_STATE=getMsg HTTP/1.1" 200 27
58.37.227.186 - - [08/Sep/2021:09:10:59 +0800] "GET /xingrg/check_reg.html?_=1631063338106 HTTP/1.1" 200 22
180.157.254.90 - - [08/Sep/2021:09:11:01 +0800] "GET /xingrg/all/function/internal_message.html?_=1631063463676&CODE_STATE=getMsg HTTP/1.1" 200 27
222.69.132.5 - - [08/Sep/2021:09:11:01 +0800] "POST /xingrg/kc/buy/cgsh_order_operate.html HTTP/1.1" 200 12
58.40.7.146 - - [08/Sep/2021:09:11:02 +0800] "GET /xingrg/check_reg.html?_=1631063462726 HTTP/1.1" 302 -
116.238.168.124 - - [08/Sep/2021:09:11:04 +0800] "GET /xingrg/all/function/internal_message.html?_=1631063445340&CODE_STATE=getMsg HTTP/1.1" 200 27
101.83.145.79 - - [08/Sep/2021:09:11:05 +0800] "GET /xingrg/all/function/internal_message.html?_=1631063466441&CODE_STATE=getMsg HTTP/1.1" 200 27
222.69.132.5 - - [08/Sep/2021:09:11:06 +0800] "GET /xingrg/kc/buy/cgsh_order_info.html?code=212021090803100 HTTP/1.1" 200 58386
222.69.132.5 - - [08/Sep/2021:09:11:07 +0800] "GET /xingrg/javascript/easyui/themes/default/validatebox.css HTTP/1.1" 404 1104
222.69.132.5 - - [08/Sep/2021:09:11:07 +0800] "POST /xingrg/kc/buy/cgsh_order_operate.html HTTP/1.1" 200 1212
101.85.93.96 - - [08/Sep/2021:09:11:14 +0800] "GET /xingrg/all/function/internal_message.html?_=1631063402297&CODE_STATE=getMsg HTTP/1.1" 200 27
222.69.132.5 - - [08/Sep/2021:09:11:15 +0800] "POST /xingrg/services/DataTransmitService HTTP/1.1" 200 501
222.69.132.5 - - [08/Sep/2021:09:11:16 +0800] "GET /xingrg/kc/print/report_design.html?orderType=cgsh HTTP/1.1" 200 8625
222.69.132.5 - - [08/Sep/2021:09:11:16 +0800] "GET /xingrg/css/design.css HTTP/1.1" 200 2477
222.69.132.5 - - [08/Sep/2021:09:11:16 +0800] "GET /xingrg/javascript/easyui/jquery.easyui.min.js HTTP/1.1" 200 272531
222.69.132.5 - - [08/Sep/2021:09:11:16 +0800] "GET /xingrg/javascript/print/report.helper.js HTTP/1.1" 200 7208
222.69.132.5 - - [08/Sep/2021:09:11:16 +0800] "GET /xingrg/javascript/print/report.js HTTP/1.1" 200 10993
222.69.132.5 - - [08/Sep/2021:09:11:16 +0800] "GET /xingrg/javascript/easyui/themes/sunny/easyui.css HTTP/1.1" 200 34304
222.69.132.5 - - [08/Sep/2021:09:11:16 +0800] "GET /xingrg/javascript/easyui/themes/sunny/images/ui-bg_highlight-soft_100_feeebd_1x100.png HTTP/1.1" 200 108
222.69.132.5 - - [08/Sep/2021:09:11:16 +0800] "GET /xingrg/javascript/easyui/themes/sunny/images/ui-bg_gloss-wave_45_817865_500x100.png HTTP/1.1" 200 3971
222.69.132.5 - - [08/Sep/2021:09:11:16 +0800] "GET /xingrg/javascript/easyui/themes/sunny/images/blank.gif HTTP/1.1" 200 43
222.69.132.5 - - [08/Sep/2021:09:11:16 +0800] "GET /xingrg/kc/print/design_operate.html?_=1631063475021&command=load_config&code=cgsh HTTP/1.1" 200 2962
222.69.132.5 - - [08/Sep/2021:09:11:16 +0800] "GET /xingrg/javascript/easyui/themes/sunny/images/ui-icons_fadc7a_256x240.png HTTP/1.1" 200 4369
222.69.132.5 - - [08/Sep/2021:09:11:16 +0800] "GET /xingrg/javascript/easyui/themes/sunny/images/ui-bg_gloss-wave_70_ffdd57_500x100.png HTTP/1.1" 200 3830
222.69.132.5 - - [08/Sep/2021:09:11:16 +0800] "GET /xingrg/javascript/easyui/themes/sunny/images/ui-icons_bd7b00_256x240.png HTTP/1.1" 200 4369
222.69.132.5 - - [08/Sep/2021:09:11:16 +0800] "GET /favicon.ico HTTP/1.1" 404 -
222.69.132.5 - - [08/Sep/2021:09:11:16 +0800] "GET /xingrg/css/images/background.png HTTP/1.1" 200 137
222.69.132.5 - - [08/Sep/2021:09:11:18 +0800] "POST /xingrg/services/DataTransmitService HTTP/1.1" 200 501
222.69.132.5 - - [08/Sep/2021:09:11:18 +0800] "POST /xingrg/services/DataTransmitService HTTP/1.1" 200 501
116.232.54.140 - - [08/Sep/2021:09:11:19 +0800] "GET /xingrg/all/function/internal_message.html?_=1631063481151&CODE_STATE=getMsg HTTP/1.1" 200 27
222.69.132.5 - - [08/Sep/2021:09:11:19 +0800] "GET /xingrg/kc/print/load_data.html?order_code=212021090803100&kc_code=cgsh&condition= HTTP/1.1" 200 937
116.232.54.140 - - [08/Sep/2021:09:11:22 +0800] "GET /xingrg/kc/buy/buy_main.html HTTP/1.1" 200 12412
116.232.54.140 - - [08/Sep/2021:09:11:22 +0800] "GET /xingrg/css/new_ie.css HTTP/1.1" 404 1036
116.232.54.140 - - [08/Sep/2021:09:11:23 +0800] "GET /xingrg/kc/buy/cgsh_order_list.html HTTP/1.1" 200 47688
116.232.54.140 - - [08/Sep/2021:09:11:24 +0800] "POST /xingrg/kc/buy/cgsh_list_operate.html HTTP/1.1" 200 876
116.232.54.140 - - [08/Sep/2021:09:11:25 +0800] "GET /xingrg/javascript/easyui/themes/default/images/button_plain_hover.png HTTP/1.1" 200 144
58.221.95.50 - - [08/Sep/2021:09:11:25 +0800] "GET /xingrg/check_reg.html?_=1631063485679 HTTP/1.1" 302 -
116.232.54.140 - - [08/Sep/2021:09:11:25 +0800] "GET /xingrg/kc/buy/cgsh_order_add.html HTTP/1.1" 200 63467
116.232.54.140 - - [08/Sep/2021:09:11:25 +0800] "GET /xingrg/javascript/convert.js HTTP/1.1" 200 1239
116.232.54.140 - - [08/Sep/2021:09:11:25 +0800] "GET /xingrg/words/20210907115942_words.js HTTP/1.1" 200 846268
116.232.54.140 - - [08/Sep/2021:09:11:25 +0800] "GET /xingrg/javascript/jquery_tools/order_manager.js HTTP/1.1" 200 11183
116.232.54.140 - - [08/Sep/2021:09:11:25 +0800] "GET /xingrg/javascript/json2.js HTTP/1.1" 200 11259
116.232.54.140 - - [08/Sep/2021:09:11:25 +0800] "GET /xingrg/javascript/print/kc_print.js HTTP/1.1" 200 11415
116.232.54.140 - - [08/Sep/2021:09:11:25 +0800] "GET /xingrg/javascript/easyui/themes/icons/copy_new.png HTTP/1.1" 200 815
116.232.54.140 - - [08/Sep/2021:09:11:25 +0800] "GET /xingrg/javascript/easyui/themes/icons/template_new.png HTTP/1.1" 200 3956
116.232.54.140 - - [08/Sep/2021:09:11:25 +0800] "GET /xingrg/javascript/easyui/themes/icons/ok.png HTTP/1.1" 200 883
116.232.54.140 - - [08/Sep/2021:09:11:25 +0800] "GET /xingrg/javascript/easyui/themes/icons/print.png HTTP/1.1" 200 1057
116.232.54.140 - - [08/Sep/2021:09:11:25 +0800] "GET /xingrg/javascript/easyui/themes/default/images/menu_downarrow.png HTTP/1.1" 200 173
116.232.54.140 - - [08/Sep/2021:09:11:25 +0800] "GET /xingrg/javascript/easyui/themes/icons/cancel.png HTTP/1.1" 200 1133
116.232.54.140 - - [08/Sep/2021:09:11:26 +0800] "POST /xingrg/kc/buy/cgsh_order_operate.html HTTP/1.1" 200 8245
116.232.54.140 - - [08/Sep/2021:09:11:26 +0800] "GET /xingrg/javascript/easyui/themes/icons/edit_remove.png HTTP/1.1" 200 625
116.232.54.140 - - [08/Sep/2021:09:11:26 +0800] "GET /xingrg/all/common/auto_word.html?type=employee&rest_code=00109 HTTP/1.1" 200 255
116.232.54.140 - - [08/Sep/2021:09:11:26 +0800] "GET /xingrg/all/common/auto_word.html?type=employee&rest_code=00109 HTTP/1.1" 200 255
116.232.54.140 - - [08/Sep/2021:09:11:26 +0800] "GET /xingrg/javascript/easyui/themes/default/validatebox.css HTTP/1.1" 404 1104
116.232.54.140 - - [08/Sep/2021:09:11:26 +0800] "GET /xingrg/javascript/easyui/plugins/jquery.validatebox.js HTTP/1.1" 200 6103
222.69.132.5 - - [08/Sep/2021:09:11:27 +0800] "GET /xingrg/kc/buy/cgsh_order_add.html HTTP/1.1" 200 63479
116.232.54.140 - - [08/Sep/2021:09:11:27 +0800] "GET /xingrg/javascript/easyui/plugins/jquery.numberbox.js HTTP/1.1" 200 5213
222.69.132.5 - - [08/Sep/2021:09:11:27 +0800] "POST /xingrg/kc/buy/cgsh_order_operate.html HTTP/1.1" 200 8245
222.69.132.5 - - [08/Sep/2021:09:11:27 +0800] "GET /xingrg/javascript/easyui/themes/default/validatebox.css HTTP/1.1" 404 1104
222.69.132.5 - - [08/Sep/2021:09:11:27 +0800] "POST /xingrg/services/DataTransmitService HTTP/1.1" 200 501
222.70.246.151 - - [08/Sep/2021:09:11:27 +0800] "GET /xingrg/all/function/internal_message.html?_=1631063497762&CODE_STATE=getMsg HTTP/1.1" 200 27
222.69.132.5 - - [08/Sep/2021:09:11:29 +0800] "POST /xingrg/services/DataTransmitService HTTP/1.1" 200 501
222.69.132.5 - - [08/Sep/2021:09:11:30 +0800] "POST /xingrg/services/DataTransmitService HTTP/1.1" 200 501
222.70.179.190 - - [08/Sep/2021:09:11:30 +0800] "GET /xingrg/all/function/internal_message.html?_=1631063488055&CODE_STATE=getMsg HTTP/1.1" 200 27
222.70.179.190 - - [08/Sep/2021:09:11:30 +0800] "GET /xingrg/kc/buy/cgsh_order_add.html HTTP/1.1" 200 63426
222.70.179.190 - - [08/Sep/2021:09:11:31 +0800] "POST /xingrg/kc/buy/cgsh_order_operate.html HTTP/1.1" 200 8245
222.70.179.190 - - [08/Sep/2021:09:11:31 +0800] "GET /xingrg/javascript/easyui/themes/default/validatebox.css HTTP/1.1" 404 1104
222.69.132.5 - - [08/Sep/2021:09:11:32 +0800] "POST /xingrg/services/DataTransmitService HTTP/1.1" 200 412
116.232.54.140 - - [08/Sep/2021:09:11:33 +0800] "GET /xingrg/javascript/auto/indicator.gif HTTP/1.1" 404 1066
116.232.54.140 - - [08/Sep/2021:09:11:36 +0800] "GET /xingrg/javascript/jquery_tools/images/next.gif HTTP/1.1" 404 1086
116.232.54.140 - - [08/Sep/2021:09:11:36 +0800] "GET /xingrg/javascript/jquery_tools/images/prev.gif HTTP/1.1" 404 1086
