116.238.168.124 - - [08/Sep/2021:09:39:09 +0800] "GET /xingrg/all/function/internal_message.html?_=1631065130387&CODE_STATE=getMsg HTTP/1.1" 200 27
116.238.194.18 - - [08/Sep/2021:09:39:09 +0800] "GET /xingrg/javascript/easyui/themes/default/validatebox.css HTTP/1.1" 404 1104
116.238.194.18 - - [08/Sep/2021:09:39:10 +0800] "POST /xingrg/kc/base/wldb_order_operate.html HTTP/1.1" 200 983
116.238.168.124 - - [08/Sep/2021:09:39:12 +0800] "GET /xingrg/kc/buy/cgsh_order_operate.html?command=get_materiel&rest_code=00102&code=00101005037&supplier_code=00100400&order_time=2021-09-08 HTTP/1.1" 200 409
124.79.246.142 - - [08/Sep/2021:09:39:12 +0800] "GET /xingrg/all/function/internal_message.html?_=1631065610009&CODE_STATE=getMsg HTTP/1.1" 200 27
116.238.194.18 - - [08/Sep/2021:09:39:13 +0800] "GET /xingrg/kc/base/wldb_order_add.html HTTP/1.1" 200 30444
116.238.194.18 - - [08/Sep/2021:09:39:13 +0800] "POST /xingrg/kc/base/wldb_order_operate.html HTTP/1.1" 200 6806
116.238.194.18 - - [08/Sep/2021:09:39:13 +0800] "GET /xingrg/javascript/easyui/themes/default/validatebox.css HTTP/1.1" 404 1104
101.85.93.96 - - [08/Sep/2021:09:39:14 +0800] "GET /xingrg/check_reg.html?_=1631065082282 HTTP/1.1" 200 22
101.85.93.96 - - [08/Sep/2021:09:39:14 +0800] "GET /xingrg/all/function/internal_message.html?_=1631065082281&CODE_STATE=getMsg HTTP/1.1" 200 27
116.232.54.140 - - [08/Sep/2021:09:39:19 +0800] "GET /xingrg/all/function/internal_message.html?_=1631065161228&CODE_STATE=getMsg HTTP/1.1" 200 27
116.238.194.18 - - [08/Sep/2021:09:39:20 +0800] "GET /xingrg/kc/base/wldb_order_operate.html?command=get_materiel&rest_code=00150&base_code=0010445&code=00101016001 HTTP/1.1" 200 458
180.169.147.146 - - [08/Sep/2021:09:39:25 +0800] "GET /xingrg/check_reg.html?_=1631065166458 HTTP/1.1" 200 22
180.169.147.146 - - [08/Sep/2021:09:39:25 +0800] "GET /xingrg/all/function/internal_message.html?_=1631065166459&CODE_STATE=getMsg HTTP/1.1" 200 27
116.238.194.18 - - [08/Sep/2021:09:39:26 +0800] "GET /xingrg/check_reg.html?_=1631065166653 HTTP/1.1" 200 22
116.238.194.18 - - [08/Sep/2021:09:39:26 +0800] "GET /xingrg/all/function/internal_message.html?_=1631065166735&CODE_STATE=getMsg HTTP/1.1" 200 27
116.238.168.124 - - [08/Sep/2021:09:39:27 +0800] "POST /xingrg/kc/buy/cgsh_order_operate.html HTTP/1.1" 200 37
116.232.54.140 - - [08/Sep/2021:09:39:28 +0800] "GET /xingrg/kc/buy/cgsh_order_operate.html?command=get_materiel&rest_code=00109&code=00101006161&supplier_code=00100454&order_time=2021-09-08 HTTP/1.1" 200 409
222.70.246.151 - - [08/Sep/2021:09:39:29 +0800] "GET /xingrg/all/function/internal_message.html?_=1631065179484&CODE_STATE=getMsg HTTP/1.1" 200 27
222.70.179.190 - - [08/Sep/2021:09:39:29 +0800] "GET /xingrg/kc/buy/cgsh_order_operate.html?command=get_materiel&rest_code=00111&code=00101008072&supplier_code=00100005&order_time=2021-09-08 HTTP/1.1" 200 408
222.70.179.190 - - [08/Sep/2021:09:39:30 +0800] "GET /xingrg/all/function/internal_message.html?_=1631065168125&CODE_STATE=getMsg HTTP/1.1" 200 27
116.238.168.124 - - [08/Sep/2021:09:39:34 +0800] "POST /xingrg/kc/buy/cgsh_order_operate.html HTTP/1.1" 200 12
116.238.168.124 - - [08/Sep/2021:09:39:36 +0800] "GET /xingrg/kc/buy/cgsh_order_info.html?code=212021090803120 HTTP/1.1" 200 58290
116.238.168.124 - - [08/Sep/2021:09:39:39 +0800] "GET /xingrg/javascript/easyui/themes/default/validatebox.css HTTP/1.1" 404 1104
116.232.54.140 - - [08/Sep/2021:09:39:39 +0800] "GET /xingrg/kc/buy/cgsh_order_operate.html?command=get_materiel&rest_code=00109&code=00101001032&supplier_code=00100454&order_time=2021-09-08 HTTP/1.1" 200 415
222.69.132.5 - - [08/Sep/2021:09:39:39 +0800] "GET /xingrg/all/function/internal_message.html?_=1631065178431&CODE_STATE=getMsg HTTP/1.1" 200 27
116.238.194.18 - - [08/Sep/2021:09:39:40 +0800] "GET /xingrg/all/function/internal_message.html?_=1631065156798&CODE_STATE=getMsg HTTP/1.1" 200 27
116.238.168.124 - - [08/Sep/2021:09:39:40 +0800] "POST /xingrg/kc/buy/cgsh_order_operate.html HTTP/1.1" 200 2380
101.83.145.79 - - [08/Sep/2021:09:39:42 +0800] "GET /xingrg/all/function/internal_message.html?_=1631065132189&CODE_STATE=getMsg HTTP/1.1" 200 27
222.70.179.190 - - [08/Sep/2021:09:39:42 +0800] "GET /xingrg/kc/buy/cgsh_order_operate.html?command=get_materiel&rest_code=00111&code=00101008403&supplier_code=00100005&order_time=2021-09-08 HTTP/1.1" 200 412
116.238.168.124 - - [08/Sep/2021:09:39:43 +0800] "GET /xingrg/kc/print/load_data.html?order_code=212021090803120&kc_code=cgsh&condition= HTTP/1.1" 200 1347
124.79.246.142 - - [08/Sep/2021:09:39:44 +0800] "GET /xingrg/check_reg.html?_=1631065641539 HTTP/1.1" 200 22
116.238.194.18 - - [08/Sep/2021:09:39:45 +0800] "GET /xingrg/kc/base/wldb_order_operate.html?command=get_materiel&rest_code=00150&base_code=0010445&code=00101016075 HTTP/1.1" 200 464
116.238.194.18 - - [08/Sep/2021:09:39:48 +0800] "GET /xingrg/kc/base/yddb_order_list.html HTTP/1.1" 200 16836
116.238.194.18 - - [08/Sep/2021:09:39:48 +0800] "POST /xingrg/kc/base/yddb_list_operate.html HTTP/1.1" 200 636
124.79.246.142 - - [08/Sep/2021:09:39:49 +0800] "POST /xingrg/dwr/call/plaincall/AjaxComOrderService.getMaterielSearchList.dwr HTTP/1.1" 200 1261
116.230.105.26 - - [08/Sep/2021:09:39:49 +0800] "GET /xingrg/all/function/internal_message.html?_=1631065131913&CODE_STATE=getMsg HTTP/1.1" 200 27
116.238.194.18 - - [08/Sep/2021:09:39:52 +0800] "GET /xingrg/dwr/util.js HTTP/1.1" 304 -
116.238.194.18 - - [08/Sep/2021:09:39:52 +0800] "GET /xingrg/dwr/interface/AjaxYddbService.js HTTP/1.1" 200 13201
116.238.194.18 - - [08/Sep/2021:09:39:52 +0800] "GET /xingrg/dwr/interface/AjaxComOrderService.js HTTP/1.1" 200 18264
116.238.194.18 - - [08/Sep/2021:09:39:52 +0800] "GET /xingrg/dwr/engine.js HTTP/1.1" 200 43631
116.238.194.18 - - [08/Sep/2021:09:39:52 +0800] "GET /xingrg/kc/base/yddb_order_add.html HTTP/1.1" 200 29837
172.20.0.100 - - [08/Sep/2021:09:39:52 +0800] "GET /xingrg/all/function/internal_message.html?_=1631065191366&CODE_STATE=getMsg HTTP/1.1" 200 27
124.79.246.142 - - [08/Sep/2021:09:39:53 +0800] "POST /xingrg/dwr/call/plaincall/AjaxYddbService.getMaterielByMap.dwr HTTP/1.1" 200 2654
116.232.54.140 - - [08/Sep/2021:09:39:54 +0800] "POST /xingrg/kc/buy/cgsh_order_operate.html HTTP/1.1" 200 37
116.238.168.124 - - [08/Sep/2021:09:39:56 +0800] "GET /xingrg/kc/buy/cgsh_order_add.html HTTP/1.1" 200 63385
124.79.246.142 - - [08/Sep/2021:09:39:57 +0800] "POST /xingrg/dwr/call/plaincall/AjaxYddbService.saveMaterielItem.dwr HTTP/1.1" 200 78
116.232.54.140 - - [08/Sep/2021:09:39:57 +0800] "POST /xingrg/kc/buy/cgsh_order_operate.html HTTP/1.1" 200 5621
124.79.246.142 - - [08/Sep/2021:09:39:58 +0800] "GET /xingrg/javascript/jquery_easy_ui/themes/default/images/button_plain_hover.png HTTP/1.1" 304 -
116.232.54.140 - - [08/Sep/2021:09:39:58 +0800] "GET /xingrg/kc/print/load_config.html?kc_code=cgsh HTTP/1.1" 200 2076
124.79.246.142 - - [08/Sep/2021:09:39:58 +0800] "GET /xingrg/javascript/jquery_easy_ui/themes/default/images/button_plain_hover.png HTTP/1.1" 304 -
116.232.54.140 - - [08/Sep/2021:09:39:58 +0800] "GET /xingrg/kc/print/load_data.html?order_code=212021090803121&kc_code=cgsh&condition= HTTP/1.1" 200 1781
222.70.179.190 - - [08/Sep/2021:09:39:58 +0800] "GET /xingrg/kc/buy/cgsh_order_operate.html?command=get_materiel&rest_code=00111&code=00101008236&supplier_code=00100005&order_time=2021-09-08 HTTP/1.1" 200 416
180.169.147.146 - - [08/Sep/2021:09:39:59 +0800] "GET /xingrg/all/function/internal_message.html?_=1631065199274&CODE_STATE=getMsg HTTP/1.1" 200 27
58.37.227.186 - - [08/Sep/2021:09:39:59 +0800] "GET /xingrg/all/function/internal_message.html?_=1631065078188&CODE_STATE=getMsg HTTP/1.1" 200 27
116.238.168.124 - - [08/Sep/2021:09:40:00 +0800] "POST /xingrg/kc/buy/cgsh_order_operate.html HTTP/1.1" 200 8245
180.157.254.90 - - [08/Sep/2021:09:40:01 +0800] "GET /xingrg/all/function/internal_message.html?_=1631065203707&CODE_STATE=getMsg HTTP/1.1" 200 27
116.238.168.124 - - [08/Sep/2021:09:40:01 +0800] "GET /xingrg/javascript/easyui/themes/default/validatebox.css HTTP/1.1" 404 1104
124.79.246.142 - - [08/Sep/2021:09:40:02 +0800] "GET /xingrg/javascript/jquery_easy_ui/themes/default/images/button_plain_hover.png HTTP/1.1" 304 -
124.79.246.142 - - [08/Sep/2021:09:40:02 +0800] "GET /xingrg/javascript/jquery_easy_ui/themes/default/images/button_plain_hover.png HTTP/1.1" 304 -
116.232.54.140 - - [08/Sep/2021:09:40:03 +0800] "GET /xingrg/kc/buy/cgsh_order_add.html HTTP/1.1" 200 63467
116.232.54.140 - - [08/Sep/2021:09:40:03 +0800] "GET /xingrg/javascript/easyui/themes/default/validatebox.css HTTP/1.1" 404 1104
116.232.54.140 - - [08/Sep/2021:09:40:03 +0800] "POST /xingrg/kc/buy/cgsh_order_operate.html HTTP/1.1" 200 8245
116.232.54.140 - - [08/Sep/2021:09:40:03 +0800] "GET /xingrg/all/common/auto_word.html?type=employee&rest_code=00109 HTTP/1.1" 200 255
116.232.54.140 - - [08/Sep/2021:09:40:03 +0800] "GET /xingrg/all/common/auto_word.html?type=employee&rest_code=00109 HTTP/1.1" 200 255
222.70.179.190 - - [08/Sep/2021:09:40:03 +0800] "POST /xingrg/kc/buy/cgsh_order_operate.html HTTP/1.1" 200 2065
101.83.145.79 - - [08/Sep/2021:09:40:05 +0800] "GET /xingrg/check_reg.html?_=1631065206453 HTTP/1.1" 200 22
101.83.145.79 - - [08/Sep/2021:09:40:05 +0800] "GET /xingrg/all/function/internal_message.html?_=1631065206456&CODE_STATE=getMsg HTTP/1.1" 200 27
124.79.246.142 - - [08/Sep/2021:09:40:06 +0800] "GET /xingrg/images/yd/bt.gif HTTP/1.1" 404 1040
120.253.135.82 - - [08/Sep/2021:09:40:06 +0800] "GET /xingrg/all/function/internal_message.html?_=1631064980932&CODE_STATE=getMsg HTTP/1.1" 200 27
124.79.246.142 - - [08/Sep/2021:09:40:06 +0800] "GET /xingrg/javascript/jquery_easy_ui/themes/default/images/button_plain_hover.png HTTP/1.1" 304 -
124.79.246.142 - - [08/Sep/2021:09:40:07 +0800] "POST /xingrg/dwr/call/plaincall/AjaxYddbService.checkOrder.dwr HTTP/1.1" 200 78
124.79.246.142 - - [08/Sep/2021:09:40:08 +0800] "GET /xingrg/css/blue.css HTTP/1.1" 304 -
124.79.246.142 - - [08/Sep/2021:09:40:08 +0800] "GET /xingrg/kc/base/yddb_order_info.html?code=482021090800100 HTTP/1.1" 200 29548
124.79.246.142 - - [08/Sep/2021:09:40:08 +0800] "GET /xingrg/javascript/pic_change.js HTTP/1.1" 304 -
124.79.246.142 - - [08/Sep/2021:09:40:08 +0800] "GET /xingrg/dwr/interface/AjaxComOrderService.js HTTP/1.1" 200 18264
124.79.246.142 - - [08/Sep/2021:09:40:08 +0800] "GET /xingrg/dwr/util.js HTTP/1.1" 304 -
124.79.246.142 - - [08/Sep/2021:09:40:08 +0800] "GET /xingrg/javascript/Calendar.js HTTP/1.1" 304 -
124.79.246.142 - - [08/Sep/2021:09:40:08 +0800] "GET /xingrg/javascript/myfunction.js HTTP/1.1" 304 -
124.79.246.142 - - [08/Sep/2021:09:40:08 +0800] "GET /xingrg/javascript/AjaxInfoList.js HTTP/1.1" 304 -
124.79.246.142 - - [08/Sep/2021:09:40:08 +0800] "GET /xingrg/javascript/checkform.js HTTP/1.1" 304 -
124.79.246.142 - - [08/Sep/2021:09:40:08 +0800] "GET /xingrg/javascript/ToolTips.js HTTP/1.1" 304 -
124.79.246.142 - - [08/Sep/2021:09:40:08 +0800] "GET /xingrg/javascript/Grid.js HTTP/1.1" 304 -
124.79.246.142 - - [08/Sep/2021:09:40:08 +0800] "GET /xingrg/dwr/interface/AjaxYddbService.js HTTP/1.1" 200 13201
124.79.246.142 - - [08/Sep/2021:09:40:08 +0800] "GET /xingrg/javascript/jquery_easy_ui/themes/icon.css HTTP/1.1" 304 -
124.79.246.142 - - [08/Sep/2021:09:40:08 +0800] "GET /xingrg/dwr/engine.js HTTP/1.1" 200 43631
124.79.246.142 - - [08/Sep/2021:09:40:08 +0800] "GET /xingrg/javascript/jquery_easy_ui/themes/default/easyui.css HTTP/1.1" 304 -
124.79.246.142 - - [08/Sep/2021:09:40:08 +0800] "GET /xingrg/javascript/jquery_easy_ui/themes/icons/edit_add_new.png HTTP/1.1" 304 -
124.79.246.142 - - [08/Sep/2021:09:40:08 +0800] "GET /xingrg/javascript/jquery_easy_ui/themes/default/images/menu_downarrow.png HTTP/1.1" 304 -
124.79.246.142 - - [08/Sep/2021:09:40:08 +0800] "GET /xingrg/javascript/jquery_easy_ui/themes/icons/print.png HTTP/1.1" 304 -
124.79.246.142 - - [08/Sep/2021:09:40:09 +0800] "GET /xingrg/javascript/jquery_easy_ui/themes/icons/back_new.png HTTP/1.1" 304 -
124.79.246.142 - - [08/Sep/2021:09:40:09 +0800] "GET /xingrg/images/blue/kc_tab_mid.gif HTTP/1.1" 304 -
124.79.246.142 - - [08/Sep/2021:09:40:09 +0800] "GET /xingrg/images/blue/kc_tab_left.gif HTTP/1.1" 304 -
124.79.246.142 - - [08/Sep/2021:09:40:09 +0800] "GET /xingrg/images/blue/kc_tab_right.gif HTTP/1.1" 304 -
124.79.246.142 - - [08/Sep/2021:09:40:09 +0800] "GET /xingrg/images/blue/wait.gif HTTP/1.1" 304 -
124.79.246.142 - - [08/Sep/2021:09:40:09 +0800] "POST /xingrg/dwr/call/plaincall/AjaxYddbService.loadMaterielItems.dwr HTTP/1.1" 200 399
116.238.168.124 - - [08/Sep/2021:09:40:09 +0800] "GET /xingrg/all/function/internal_message.html?_=1631065190401&CODE_STATE=getMsg HTTP/1.1" 200 27
124.79.246.142 - - [08/Sep/2021:09:40:09 +0800] "GET /xingrg/javascript/jquery_easy_ui/themes/default/images/button_plain_hover.png HTTP/1.1" 304 -
222.70.179.190 - - [08/Sep/2021:09:40:11 +0800] "GET /xingrg/kc/buy/cgsh_order_operate.html?command=get_materiel&rest_code=00111&code=00101008223&supplier_code=00100005&order_time=2021-09-08 HTTP/1.1" 200 412
124.79.246.142 - - [08/Sep/2021:09:40:12 +0800] "GET /xingrg/kc/base/yddb_order_add.html HTTP/1.1" 200 29837
124.79.246.142 - - [08/Sep/2021:09:40:12 +0800] "GET /xingrg/css/blue.css HTTP/1.1" 304 -
124.79.246.142 - - [08/Sep/2021:09:40:12 +0800] "GET /xingrg/javascript/Calendar.js HTTP/1.1" 304 -
124.79.246.142 - - [08/Sep/2021:09:40:12 +0800] "GET /xingrg/javascript/myfunction.js HTTP/1.1" 304 -
124.79.246.142 - - [08/Sep/2021:09:40:12 +0800] "GET /xingrg/javascript/checkform.js HTTP/1.1" 304 -
124.79.246.142 - - [08/Sep/2021:09:40:12 +0800] "GET /xingrg/javascript/pic_change.js HTTP/1.1" 304 -
124.79.246.142 - - [08/Sep/2021:09:40:12 +0800] "GET /xingrg/dwr/util.js HTTP/1.1" 304 -
124.79.246.142 - - [08/Sep/2021:09:40:12 +0800] "GET /xingrg/dwr/interface/AjaxYddbService.js HTTP/1.1" 200 13201
124.79.246.142 - - [08/Sep/2021:09:40:12 +0800] "GET /xingrg/dwr/interface/AjaxComOrderService.js HTTP/1.1" 200 18264
124.79.246.142 - - [08/Sep/2021:09:40:12 +0800] "GET /xingrg/javascript/ToolTips.js HTTP/1.1" 304 -
124.79.246.142 - - [08/Sep/2021:09:40:12 +0800] "GET /xingrg/javascript/jquery_easy_ui/themes/default/easyui.css HTTP/1.1" 304 -
124.79.246.142 - - [08/Sep/2021:09:40:12 +0800] "GET /xingrg/javascript/AjaxInfoList.js HTTP/1.1" 304 -
124.79.246.142 - - [08/Sep/2021:09:40:12 +0800] "GET /xingrg/javascript/Grid.js HTTP/1.1" 304 -
124.79.246.142 - - [08/Sep/2021:09:40:12 +0800] "GET /xingrg/javascript/jquery_easy_ui/themes/icon.css HTTP/1.1" 304 -
124.79.246.142 - - [08/Sep/2021:09:40:12 +0800] "GET /xingrg/dwr/engine.js HTTP/1.1" 200 43631
124.79.246.142 - - [08/Sep/2021:09:40:12 +0800] "GET /xingrg/check_reg.html?_=1631065669724 HTTP/1.1" 200 22
124.79.246.142 - - [08/Sep/2021:09:40:12 +0800] "GET /xingrg/javascript/jquery_easy_ui/themes/default/images/menu_downarrow.png HTTP/1.1" 304 -
124.79.246.142 - - [08/Sep/2021:09:40:12 +0800] "GET /xingrg/javascript/jquery_easy_ui/themes/icons/edit_add_new.png HTTP/1.1" 304 -
124.79.246.142 - - [08/Sep/2021:09:40:12 +0800] "GET /xingrg/javascript/jquery_easy_ui/themes/icons/print.png HTTP/1.1" 304 -
124.79.246.142 - - [08/Sep/2021:09:40:12 +0800] "GET /xingrg/javascript/jquery_easy_ui/themes/icons/check_new.png HTTP/1.1" 304 -
124.79.246.142 - - [08/Sep/2021:09:40:12 +0800] "GET /xingrg/javascript/jquery_easy_ui/themes/icons/back_new.png HTTP/1.1" 304 -
124.79.246.142 - - [08/Sep/2021:09:40:12 +0800] "GET /xingrg/javascript/jquery_easy_ui/themes/icons/cance_new.png HTTP/1.1" 304 -
124.79.246.142 - - [08/Sep/2021:09:40:12 +0800] "GET /xingrg/images/blue/button/kc_tab_edit.gif HTTP/1.1" 304 -
124.79.246.142 - - [08/Sep/2021:09:40:12 +0800] "GET /xingrg/images/blue/button/kc_tab_save.gif HTTP/1.1" 304 -
124.79.246.142 - - [08/Sep/2021:09:40:12 +0800] "GET /xingrg/images/blue/button/kc_tab_add.gif HTTP/1.1" 304 -
124.79.246.142 - - [08/Sep/2021:09:40:12 +0800] "GET /xingrg/images/blue/button/kc_tab_del.gif HTTP/1.1" 304 -
124.79.246.142 - - [08/Sep/2021:09:40:12 +0800] "GET /xingrg/images/blue/kc_tab_mid.gif HTTP/1.1" 304 -
124.79.246.142 - - [08/Sep/2021:09:40:12 +0800] "GET /xingrg/images/blue/kc_tab_left.gif HTTP/1.1" 304 -
124.79.246.142 - - [08/Sep/2021:09:40:12 +0800] "GET /xingrg/images/blue/kc_tab_right.gif HTTP/1.1" 304 -
124.79.246.142 - - [08/Sep/2021:09:40:12 +0800] "GET /xingrg/images/blue/kc_tab2_left.gif HTTP/1.1" 304 -
124.79.246.142 - - [08/Sep/2021:09:40:12 +0800] "GET /xingrg/images/blue/kc_tab2_right.gif HTTP/1.1" 304 -
124.79.246.142 - - [08/Sep/2021:09:40:13 +0800] "GET /xingrg/all/function/internal_message.html?_=1631065670025&CODE_STATE=getMsg HTTP/1.1" 200 27
101.85.93.96 - - [08/Sep/2021:09:40:14 +0800] "GET /xingrg/all/function/internal_message.html?_=1631065142280&CODE_STATE=getMsg HTTP/1.1" 200 27
124.79.246.142 - - [08/Sep/2021:09:40:16 +0800] "GET /xingrg/images/blue/wait.gif HTTP/1.1" 304 -
124.79.246.142 - - [08/Sep/2021:09:40:16 +0800] "POST /xingrg/dwr/call/plaincall/AjaxYddbService.getRestBases.dwr HTTP/1.1" 200 1007
116.232.54.140 - - [08/Sep/2021:09:40:19 +0800] "GET /xingrg/all/function/internal_message.html?_=1631065221226&CODE_STATE=getMsg HTTP/1.1" 200 27
116.232.54.140 - - [08/Sep/2021:09:40:21 +0800] "GET /xingrg/kc/buy/cgsh_order_operate.html?command=get_materiel&rest_code=00109&code=00101012019&supplier_code=00100035&order_time=2021-09-08 HTTP/1.1" 200 412
180.169.147.146 - - [08/Sep/2021:09:40:25 +0800] "GET /xingrg/all/function/internal_message.html?_=1631065226461&CODE_STATE=getMsg HTTP/1.1" 200 27
124.79.246.142 - - [08/Sep/2021:09:40:25 +0800] "POST /xingrg/dwr/call/plaincall/AjaxYddbService.saveOrder.dwr HTTP/1.1" 200 78
116.238.168.124 - - [08/Sep/2021:09:40:26 +0800] "POST /xingrg/kc/buy/cgsh_list_operate.html HTTP/1.1" 200 876
116.238.194.18 - - [08/Sep/2021:09:40:26 +0800] "GET /xingrg/all/function/internal_message.html?_=1631065226718&CODE_STATE=getMsg HTTP/1.1" 200 27
222.70.246.151 - - [08/Sep/2021:09:40:29 +0800] "GET /xingrg/all/function/internal_message.html?_=1631065239497&CODE_STATE=getMsg HTTP/1.1" 200 27
222.70.179.190 - - [08/Sep/2021:09:40:30 +0800] "GET /xingrg/all/function/internal_message.html?_=1631065228117&CODE_STATE=getMsg HTTP/1.1" 200 27
116.232.54.140 - - [08/Sep/2021:09:40:31 +0800] "GET /xingrg/kc/buy/cgsh_order_operate.html?command=get_materiel&rest_code=00109&code=00101016105&supplier_code=00100035&order_time=2021-09-08 HTTP/1.1" 200 409
116.238.168.124 - - [08/Sep/2021:09:40:34 +0800] "POST /xingrg/kc/buy/cgsh_list_operate.html HTTP/1.1" 200 5712
124.79.246.142 - - [08/Sep/2021:09:40:38 +0800] "POST /xingrg/dwr/call/plaincall/AjaxComOrderService.getMaterielSearchList.dwr HTTP/1.1" 200 1261
116.238.194.18 - - [08/Sep/2021:09:40:39 +0800] "GET /xingrg/check_reg.html?_=1631065215490 HTTP/1.1" 200 22
222.69.132.5 - - [08/Sep/2021:09:40:39 +0800] "GET /xingrg/all/function/internal_message.html?_=1631065238434&CODE_STATE=getMsg HTTP/1.1" 200 27
222.69.132.5 - - [08/Sep/2021:09:40:39 +0800] "GET /xingrg/check_reg.html?_=1631065238439 HTTP/1.1" 200 22
116.238.194.18 - - [08/Sep/2021:09:40:40 +0800] "GET /xingrg/all/function/internal_message.html?_=1631065216812&CODE_STATE=getMsg HTTP/1.1" 200 27
116.238.168.124 - - [08/Sep/2021:09:40:41 +0800] "POST /xingrg/kc/buy/cgsh_list_operate.html HTTP/1.1" 200 420
116.232.54.140 - - [08/Sep/2021:09:40:41 +0800] "GET /xingrg/kc/buy/cgsh_order_operate.html?command=get_materiel&rest_code=00109&code=00101012037&supplier_code=00100035&order_time=2021-09-08 HTTP/1.1" 200 416
116.238.168.124 - - [08/Sep/2021:09:40:41 +0800] "GET /xingrg/kc/buy/cgsh_order_info.html?code=212021090803120 HTTP/1.1" 200 58290
101.83.145.79 - - [08/Sep/2021:09:40:42 +0800] "GET /xingrg/all/function/internal_message.html?_=1631065192189&CODE_STATE=getMsg HTTP/1.1" 200 27
101.83.145.79 - - [08/Sep/2021:09:40:42 +0800] "GET /xingrg/check_reg.html?_=1631065192193 HTTP/1.1" 200 22
116.238.168.124 - - [08/Sep/2021:09:40:42 +0800] "GET /xingrg/javascript/easyui/themes/default/validatebox.css HTTP/1.1" 404 1104
124.79.246.142 - - [08/Sep/2021:09:40:42 +0800] "POST /xingrg/dwr/call/plaincall/AjaxYddbService.getMaterielByMap.dwr HTTP/1.1" 200 2652
116.238.168.124 - - [08/Sep/2021:09:40:44 +0800] "POST /xingrg/kc/buy/cgsh_order_operate.html HTTP/1.1" 200 2380
222.70.179.190 - - [08/Sep/2021:09:40:45 +0800] "GET /xingrg/kc/buy/cgsh_order_operate.html?command=get_materiel&rest_code=00111&code=00101008114&supplier_code=00100005&order_time=2021-09-08 HTTP/1.1" 200 412
124.79.246.142 - - [08/Sep/2021:09:40:46 +0800] "POST /xingrg/dwr/call/plaincall/AjaxYddbService.saveMaterielItem.dwr HTTP/1.1" 200 78
58.40.7.146 - - [08/Sep/2021:09:40:47 +0800] "GET /xingrg/check_reg.html?_=1631065248054 HTTP/1.1" 302 -
124.79.246.142 - - [08/Sep/2021:09:40:48 +0800] "GET /xingrg/images/yd/bt.gif HTTP/1.1" 404 1040
124.79.246.142 - - [08/Sep/2021:09:40:49 +0800] "GET /xingrg/javascript/jquery_easy_ui/themes/default/images/button_plain_hover.png HTTP/1.1" 304 -
116.230.105.26 - - [08/Sep/2021:09:40:49 +0800] "GET /xingrg/check_reg.html?_=1631065191904 HTTP/1.1" 200 22
116.230.105.26 - - [08/Sep/2021:09:40:49 +0800] "GET /xingrg/all/function/internal_message.html?_=1631065191910&CODE_STATE=getMsg HTTP/1.1" 200 27
172.20.0.100 - - [08/Sep/2021:09:40:51 +0800] "GET /xingrg/check_reg.html?_=1631065249572 HTTP/1.1" 200 22
116.232.54.140 - - [08/Sep/2021:09:40:51 +0800] "GET /xingrg/kc/buy/cgsh_order_operate.html?command=get_materiel&rest_code=00109&code=00101021008&supplier_code=00100035&order_time=2021-09-08 HTTP/1.1" 200 430
172.20.0.100 - - [08/Sep/2021:09:40:52 +0800] "GET /xingrg/all/function/internal_message.html?_=1631065251340&CODE_STATE=getMsg HTTP/1.1" 200 27
116.232.54.140 - - [08/Sep/2021:09:40:53 +0800] "POST /xingrg/all/common/load_select.html HTTP/1.1" 200 25
124.79.246.142 - - [08/Sep/2021:09:40:54 +0800] "POST /xingrg/dwr/call/plaincall/AjaxYddbService.checkOrder.dwr HTTP/1.1" 200 78
124.79.246.142 - - [08/Sep/2021:09:40:56 +0800] "GET /xingrg/kc/base/yddb_order_info.html?code=482021090800102 HTTP/1.1" 200 29548
124.79.246.142 - - [08/Sep/2021:09:40:56 +0800] "GET /xingrg/css/blue.css HTTP/1.1" 304 -
124.79.246.142 - - [08/Sep/2021:09:40:56 +0800] "GET /xingrg/dwr/util.js HTTP/1.1" 304 -
124.79.246.142 - - [08/Sep/2021:09:40:56 +0800] "GET /xingrg/javascript/Calendar.js HTTP/1.1" 304 -
124.79.246.142 - - [08/Sep/2021:09:40:56 +0800] "GET /xingrg/javascript/myfunction.js HTTP/1.1" 304 -
124.79.246.142 - - [08/Sep/2021:09:40:56 +0800] "GET /xingrg/javascript/checkform.js HTTP/1.1" 304 -
124.79.246.142 - - [08/Sep/2021:09:40:56 +0800] "GET /xingrg/javascript/AjaxInfoList.js HTTP/1.1" 304 -
124.79.246.142 - - [08/Sep/2021:09:40:56 +0800] "GET /xingrg/javascript/Grid.js HTTP/1.1" 304 -
124.79.246.142 - - [08/Sep/2021:09:40:56 +0800] "GET /xingrg/dwr/interface/AjaxYddbService.js HTTP/1.1" 200 13201
124.79.246.142 - - [08/Sep/2021:09:40:56 +0800] "GET /xingrg/dwr/interface/AjaxComOrderService.js HTTP/1.1" 200 18264
124.79.246.142 - - [08/Sep/2021:09:40:56 +0800] "GET /xingrg/javascript/pic_change.js HTTP/1.1" 304 -
124.79.246.142 - - [08/Sep/2021:09:40:56 +0800] "GET /xingrg/javascript/ToolTips.js HTTP/1.1" 304 -
124.79.246.142 - - [08/Sep/2021:09:40:56 +0800] "GET /xingrg/javascript/jquery_easy_ui/themes/default/easyui.css HTTP/1.1" 304 -
124.79.246.142 - - [08/Sep/2021:09:40:56 +0800] "GET /xingrg/javascript/jquery_easy_ui/themes/icon.css HTTP/1.1" 304 -
124.79.246.142 - - [08/Sep/2021:09:40:56 +0800] "GET /xingrg/dwr/engine.js HTTP/1.1" 200 43631
124.79.246.142 - - [08/Sep/2021:09:40:56 +0800] "GET /xingrg/javascript/jquery_easy_ui/themes/icons/edit_add_new.png HTTP/1.1" 304 -
124.79.246.142 - - [08/Sep/2021:09:40:56 +0800] "GET /xingrg/javascript/jquery_easy_ui/themes/icons/print.png HTTP/1.1" 304 -
124.79.246.142 - - [08/Sep/2021:09:40:56 +0800] "GET /xingrg/javascript/jquery_easy_ui/themes/default/images/menu_downarrow.png HTTP/1.1" 304 -
124.79.246.142 - - [08/Sep/2021:09:40:56 +0800] "GET /xingrg/javascript/jquery_easy_ui/themes/icons/back_new.png HTTP/1.1" 304 -
124.79.246.142 - - [08/Sep/2021:09:40:56 +0800] "GET /xingrg/images/blue/kc_tab_left.gif HTTP/1.1" 304 -
124.79.246.142 - - [08/Sep/2021:09:40:56 +0800] "GET /xingrg/images/blue/kc_tab_mid.gif HTTP/1.1" 304 -
124.79.246.142 - - [08/Sep/2021:09:40:56 +0800] "GET /xingrg/images/blue/kc_tab_right.gif HTTP/1.1" 304 -
124.79.246.142 - - [08/Sep/2021:09:40:56 +0800] "GET /xingrg/images/blue/wait.gif HTTP/1.1" 304 -
124.79.246.142 - - [08/Sep/2021:09:40:56 +0800] "POST /xingrg/dwr/call/plaincall/AjaxYddbService.loadMaterielItems.dwr HTTP/1.1" 200 399
116.232.54.140 - - [08/Sep/2021:09:40:57 +0800] "GET /xingrg/kc/buy/cgsh_order_operate.html?command=get_materiel_price&rest_code=00109&code=00101021008&unit_code=00100320&supplier_code=00100035&order_time=2021-09-08 HTTP/1.1" 200 27
222.70.179.190 - - [08/Sep/2021:09:40:58 +0800] "GET /xingrg/kc/buy/cgsh_order_operate.html?command=get_materiel&rest_code=00111&code=00101008110&supplier_code=00100005&order_time=2021-09-08 HTTP/1.1" 200 408
116.232.54.140 - - [08/Sep/2021:09:40:58 +0800] "POST /xingrg/services/DataTransmitService HTTP/1.1" 200 524
180.169.147.146 - - [08/Sep/2021:09:40:59 +0800] "GET /xingrg/all/function/internal_message.html?_=1631065259286&CODE_STATE=getMsg HTTP/1.1" 200 27
116.232.54.140 - - [08/Sep/2021:09:40:59 +0800] "POST /xingrg/services/DataTransmitService HTTP/1.1" 200 2491
116.232.54.140 - - [08/Sep/2021:09:40:59 +0800] "POST /xingrg/services/DataTransmitService HTTP/1.1" 200 14444
124.79.246.142 - - [08/Sep/2021:09:40:59 +0800] "GET /xingrg/kc/buy/buy_main.html HTTP/1.1" 200 12412
58.37.227.186 - - [08/Sep/2021:09:40:59 +0800] "GET /xingrg/check_reg.html?_=1631065138187 HTTP/1.1" 200 22
58.37.227.186 - - [08/Sep/2021:09:40:59 +0800] "GET /xingrg/all/function/internal_message.html?_=1631065138189&CODE_STATE=getMsg HTTP/1.1" 200 27
124.79.246.142 - - [08/Sep/2021:09:40:59 +0800] "GET /xingrg/javascript/jquery_easy_ui/themes/icons/rest.png HTTP/1.1" 304 -
124.79.246.142 - - [08/Sep/2021:09:40:59 +0800] "GET /xingrg/javascript/jquery_easy_ui/themes/icons/area.png HTTP/1.1" 304 -
124.79.246.142 - - [08/Sep/2021:09:40:59 +0800] "GET /xingrg/javascript/pic_change.js HTTP/1.1" 304 -
124.79.246.142 - - [08/Sep/2021:09:40:59 +0800] "GET /xingrg/css/blue.css HTTP/1.1" 304 -
124.79.246.142 - - [08/Sep/2021:09:40:59 +0800] "GET /xingrg/javascript/myfunction.js HTTP/1.1" 304 -
124.79.246.142 - - [08/Sep/2021:09:40:59 +0800] "GET /xingrg/css/new_ie.css HTTP/1.1" 404 1036
124.79.246.142 - - [08/Sep/2021:09:40:59 +0800] "GET /xingrg/javascript/jquery_ui/themes/humanity/humanity.css HTTP/1.1" 304 -
124.79.246.142 - - [08/Sep/2021:09:40:59 +0800] "GET /xingrg/javascript/ToolTips.js HTTP/1.1" 304 -
124.79.246.142 - - [08/Sep/2021:09:40:59 +0800] "GET /xingrg/javascript/jquery_easy_ui/themes/default/easyui.css HTTP/1.1" 304 -
124.79.246.142 - - [08/Sep/2021:09:40:59 +0800] "GET /xingrg/javascript/jquery_ui/jquery-ui.min.js HTTP/1.1" 304 -
124.79.246.142 - - [08/Sep/2021:09:40:59 +0800] "GET /xingrg/javascript/jquery.utils.js HTTP/1.1" 304 -
124.79.246.142 - - [08/Sep/2021:09:40:59 +0800] "GET /xingrg/javascript/jquery_easy_ui/themes/icon.css HTTP/1.1" 304 -
124.79.246.142 - - [08/Sep/2021:09:40:59 +0800] "GET /xingrg/javascript/jquery-1.4.2.min.js HTTP/1.1" 304 -
124.79.246.142 - - [08/Sep/2021:09:41:00 +0800] "GET /xingrg/images/blue/button/cgxqd.gif HTTP/1.1" 304 -
124.79.246.142 - - [08/Sep/2021:09:41:00 +0800] "GET /xingrg/images/blue/button/ckthd.gif HTTP/1.1" 304 -
124.79.246.142 - - [08/Sep/2021:09:41:00 +0800] "GET /xingrg/images/blue/pic_form2.gif HTTP/1.1" 304 -
124.79.246.142 - - [08/Sep/2021:09:41:00 +0800] "GET /xingrg/images/blue/button/kc.gif HTTP/1.1" 304 -
124.79.246.142 - - [08/Sep/2021:09:41:00 +0800] "GET /xingrg/images/blue/button/cgfkd.gif HTTP/1.1" 304 -
124.79.246.142 - - [08/Sep/2021:09:41:00 +0800] "GET /xingrg/images/blue/button/cgydd.gif HTTP/1.1" 304 -
124.79.246.142 - - [08/Sep/2021:09:41:00 +0800] "GET /xingrg/images/blue/button/cgshd.gif HTTP/1.1" 304 -
124.79.246.142 - - [08/Sep/2021:09:41:00 +0800] "GET /xingrg/javascript/jquery_ui/themes/humanity/images/ui-bg_inset-soft_100_f4f0ec_1x100.png HTTP/1.1" 304 -
124.79.246.142 - - [08/Sep/2021:09:41:00 +0800] "GET /xingrg/images/blue/bg_dotted.jpg HTTP/1.1" 304 -
124.79.246.142 - - [08/Sep/2021:09:41:00 +0800] "GET /xingrg/images/blue/button/right_ah.jpg HTTP/1.1" 304 -
124.79.246.142 - - [08/Sep/2021:09:41:00 +0800] "GET /xingrg/images/blue/button/down_ah.jpg HTTP/1.1" 304 -
124.79.246.142 - - [08/Sep/2021:09:41:00 +0800] "GET /xingrg/javascript/jquery_ui/themes/humanity/images/ui-icons_ffffff_256x240.png HTTP/1.1" 304 -
124.79.246.142 - - [08/Sep/2021:09:41:00 +0800] "GET /xingrg/javascript/jquery_ui/themes/humanity/images/ui-iconsnew.jpg HTTP/1.1" 304 -
124.79.246.142 - - [08/Sep/2021:09:41:00 +0800] "GET /xingrg/javascript/jquery_ui/themes/humanity/images/ui-icons_c47a23_256x240.png HTTP/1.1" 304 -
124.79.246.142 - - [08/Sep/2021:09:41:00 +0800] "GET /xingrg/javascript/jquery_ui/themes/humanity/images/ui-bg_glass_70_ede4d4_1x400.png HTTP/1.1" 304 -
124.79.246.142 - - [08/Sep/2021:09:41:00 +0800] "GET /xingrg/images/yd/bt.gif HTTP/1.1" 404 1040
116.232.54.140 - - [08/Sep/2021:09:41:01 +0800] "POST /xingrg/services/DataTransmitService HTTP/1.1" 200 1283
222.70.179.190 - - [08/Sep/2021:09:41:01 +0800] "POST /xingrg/kc/buy/cgsh_order_operate.html HTTP/1.1" 200 2065
116.232.54.140 - - [08/Sep/2021:09:41:01 +0800] "POST /xingrg/services/DataTransmitService HTTP/1.1" 200 2503
116.232.54.140 - - [08/Sep/2021:09:41:01 +0800] "POST /xingrg/services/DataTransmitService HTTP/1.1" 200 1451
124.79.246.142 - - [08/Sep/2021:09:41:01 +0800] "GET /xingrg/css/base.css HTTP/1.1" 304 -
124.79.246.142 - - [08/Sep/2021:09:41:01 +0800] "GET /xingrg/javascript/jquery_tools/datebox.css HTTP/1.1" 304 -
124.79.246.142 - - [08/Sep/2021:09:41:01 +0800] "GET /xingrg/css/site.css HTTP/1.1" 304 -
124.79.246.142 - - [08/Sep/2021:09:41:01 +0800] "GET /xingrg/javascript/easyui/themes/default/easyui.css HTTP/1.1" 304 -
124.79.246.142 - - [08/Sep/2021:09:41:01 +0800] "GET /xingrg/javascript/jquery_tools/fix.css HTTP/1.1" 304 -
124.79.246.142 - - [08/Sep/2021:09:41:01 +0800] "GET /xingrg/javascript/auto/jquery.autocomplete.css HTTP/1.1" 304 -
124.79.246.142 - - [08/Sep/2021:09:41:01 +0800] "GET /xingrg/javascript/easyui/themes/icon.css HTTP/1.1" 304 -
124.79.246.142 - - [08/Sep/2021:09:41:01 +0800] "GET /xingrg/javascript/jquery_tools/table.css HTTP/1.1" 304 -
180.157.254.90 - - [08/Sep/2021:09:41:01 +0800] "GET /xingrg/all/function/internal_message.html?_=1631065263708&CODE_STATE=getMsg HTTP/1.1" 200 27
124.79.246.142 - - [08/Sep/2021:09:41:01 +0800] "GET /xingrg/kc/buy/cgsh_order_list.html HTTP/1.1" 200 47694
124.79.246.142 - - [08/Sep/2021:09:41:01 +0800] "GET /xingrg/javascript/auto/jquery.autocomplete.js HTTP/1.1" 304 -
124.79.246.142 - - [08/Sep/2021:09:41:01 +0800] "GET /xingrg/javascript/jquery.utils.js HTTP/1.1" 304 -
124.79.246.142 - - [08/Sep/2021:09:41:01 +0800] "GET /xingrg/javascript/jquery_tools/jquery.tools.table.js HTTP/1.1" 304 -
124.79.246.142 - - [08/Sep/2021:09:41:01 +0800] "GET /xingrg/javascript/jquery_tools/jquery.tools.hotkey.js HTTP/1.1" 304 -
124.79.246.142 - - [08/Sep/2021:09:41:01 +0800] "GET /xingrg/javascript/jquery_tools/jquery.tools.extend.js HTTP/1.1" 304 -
124.79.246.142 - - [08/Sep/2021:09:41:01 +0800] "GET /xingrg/javascript/easyui/easyloader.js HTTP/1.1" 304 -
124.79.246.142 - - [08/Sep/2021:09:41:01 +0800] "GET /xingrg/javascript/jquery_tools/jquery.tools.min.js HTTP/1.1" 304 -
124.79.246.142 - - [08/Sep/2021:09:41:01 +0800] "GET /xingrg/javascript/jquery_tools/list_manager.js HTTP/1.1" 304 -
124.79.246.142 - - [08/Sep/2021:09:41:01 +0800] "GET /xingrg/javascript/jquery.cookie.js HTTP/1.1" 304 -
124.79.246.142 - - [08/Sep/2021:09:41:01 +0800] "GET /xingrg/javascript/print/LodopFuncs.js HTTP/1.1" 304 -
124.79.246.142 - - [08/Sep/2021:09:41:01 +0800] "GET /xingrg/javascript/easyui/themes/icons/cance_new.png HTTP/1.1" 304 -
124.79.246.142 - - [08/Sep/2021:09:41:01 +0800] "GET /xingrg/javascript/easyui/themes/icons/check_new.png HTTP/1.1" 304 -
124.79.246.142 - - [08/Sep/2021:09:41:01 +0800] "GET /xingrg/javascript/easyui/themes/icons/edit_add_new.png HTTP/1.1" 304 -
124.79.246.142 - - [08/Sep/2021:09:41:01 +0800] "GET /xingrg/javascript/easyui/themes/icons/field_new.png HTTP/1.1" 304 -
124.79.246.142 - - [08/Sep/2021:09:41:01 +0800] "GET /xingrg/javascript/easyui/themes/icons/import_new.png HTTP/1.1" 304 -
124.79.246.142 - - [08/Sep/2021:09:41:01 +0800] "GET /xingrg/javascript/easyui/plugins/jquery.parser.js HTTP/1.1" 304 -
124.79.246.142 - - [08/Sep/2021:09:41:01 +0800] "GET /xingrg/images/control/ajaxLoader.gif HTTP/1.1" 304 -
58.40.7.146 - - [08/Sep/2021:09:41:02 +0800] "GET /xingrg/check_reg.html?_=1631065262593 HTTP/1.1" 302 -
116.232.54.140 - - [08/Sep/2021:09:41:02 +0800] "POST /xingrg/services/DataTransmitService HTTP/1.1" 200 136052
124.79.246.142 - - [08/Sep/2021:09:41:03 +0800] "POST /xingrg/kc/buy/cgsh_list_operate.html HTTP/1.1" 200 876
101.83.145.79 - - [08/Sep/2021:09:41:05 +0800] "GET /xingrg/all/function/internal_message.html?_=1631065266457&CODE_STATE=getMsg HTTP/1.1" 200 27
120.253.135.82 - - [08/Sep/2021:09:41:06 +0800] "GET /xingrg/check_reg.html?_=1631065040563 HTTP/1.1" 200 22
120.253.135.82 - - [08/Sep/2021:09:41:06 +0800] "GET /xingrg/all/function/internal_message.html?_=1631065040946&CODE_STATE=getMsg HTTP/1.1" 200 27
124.79.246.142 - - [08/Sep/2021:09:41:06 +0800] "GET /xingrg/javascript/easyui/themes/default/images/button_plain_hover.png HTTP/1.1" 304 -
124.79.246.142 - - [08/Sep/2021:09:41:06 +0800] "GET /xingrg/javascript/easyui/themes/default/images/button_plain_hover.png HTTP/1.1" 304 -
116.238.194.18 - - [08/Sep/2021:09:41:06 +0800] "POST /xingrg/dwr/call/plaincall/AjaxYddbService.getRestBases.dwr HTTP/1.1" 200 1514
124.79.246.142 - - [08/Sep/2021:09:41:07 +0800] "GET /xingrg/css/base.css HTTP/1.1" 304 -
124.79.246.142 - - [08/Sep/2021:09:41:07 +0800] "GET /xingrg/css/site.css HTTP/1.1" 304 -
124.79.246.142 - - [08/Sep/2021:09:41:07 +0800] "GET /xingrg/javascript/easyui/themes/default/easyui.css HTTP/1.1" 304 -
124.79.246.142 - - [08/Sep/2021:09:41:07 +0800] "GET /xingrg/javascript/jquery_tools/datebox.css HTTP/1.1" 304 -
124.79.246.142 - - [08/Sep/2021:09:41:07 +0800] "GET /xingrg/javascript/easyui/themes/icon.css HTTP/1.1" 304 -
124.79.246.142 - - [08/Sep/2021:09:41:07 +0800] "GET /xingrg/javascript/auto/jquery.autocomplete.css HTTP/1.1" 304 -
124.79.246.142 - - [08/Sep/2021:09:41:07 +0800] "GET /xingrg/javascript/jquery_tools/fix.css HTTP/1.1" 304 -
124.79.246.142 - - [08/Sep/2021:09:41:07 +0800] "GET /xingrg/kc/buy/cgsh_order_add.html HTTP/1.1" 200 63432
124.79.246.142 - - [08/Sep/2021:09:41:07 +0800] "GET /xingrg/javascript/jquery_tools/table.css HTTP/1.1" 304 -
124.79.246.142 - - [08/Sep/2021:09:41:07 +0800] "GET /xingrg/javascript/jquery_tools/jquery.tools.min.js HTTP/1.1" 304 -
124.79.246.142 - - [08/Sep/2021:09:41:07 +0800] "GET /xingrg/javascript/pic_change.js HTTP/1.1" 304 -
124.79.246.142 - - [08/Sep/2021:09:41:07 +0800] "GET /xingrg/javascript/jquery_tools/jquery.tools.hotkey.js HTTP/1.1" 304 -
124.79.246.142 - - [08/Sep/2021:09:41:07 +0800] "GET /xingrg/javascript/jquery_tools/jquery.tools.extend.js HTTP/1.1" 304 -
124.79.246.142 - - [08/Sep/2021:09:41:07 +0800] "GET /xingrg/javascript/easyui/easyloader.js HTTP/1.1" 304 -
124.79.246.142 - - [08/Sep/2021:09:41:07 +0800] "GET /xingrg/javascript/jquery.utils.js HTTP/1.1" 304 -
124.79.246.142 - - [08/Sep/2021:09:41:07 +0800] "GET /xingrg/javascript/jquery_tools/jquery.tools.table.js HTTP/1.1" 304 -
124.79.246.142 - - [08/Sep/2021:09:41:07 +0800] "GET /xingrg/javascript/jquery_tools/order_manager.js HTTP/1.1" 304 -
124.79.246.142 - - [08/Sep/2021:09:41:07 +0800] "GET /xingrg/javascript/auto/jquery.autocomplete.js HTTP/1.1" 304 -
124.79.246.142 - - [08/Sep/2021:09:41:07 +0800] "GET /xingrg/javascript/print/kc_print.js HTTP/1.1" 304 -
124.79.246.142 - - [08/Sep/2021:09:41:07 +0800] "GET /xingrg/javascript/json2.js HTTP/1.1" 304 -
124.79.246.142 - - [08/Sep/2021:09:41:07 +0800] "GET /xingrg/javascript/convert.js HTTP/1.1" 304 -
124.79.246.142 - - [08/Sep/2021:09:41:07 +0800] "GET /xingrg/javascript/jquery.cookie.js HTTP/1.1" 304 -
124.79.246.142 - - [08/Sep/2021:09:41:07 +0800] "GET /xingrg/javascript/print/LodopFuncs.js HTTP/1.1" 304 -
124.79.246.142 - - [08/Sep/2021:09:41:07 +0800] "GET /xingrg/words/20210907115942_words.js HTTP/1.1" 304 -
124.79.246.142 - - [08/Sep/2021:09:41:07 +0800] "GET /xingrg/javascript/easyui/themes/icons/copy_new.png HTTP/1.1" 304 -
124.79.246.142 - - [08/Sep/2021:09:41:07 +0800] "GET /xingrg/javascript/easyui/themes/icons/template_new.png HTTP/1.1" 304 -
124.79.246.142 - - [08/Sep/2021:09:41:07 +0800] "GET /xingrg/javascript/easyui/themes/icons/ok.png HTTP/1.1" 304 -
124.79.246.142 - - [08/Sep/2021:09:41:07 +0800] "GET /xingrg/javascript/easyui/themes/icons/print.png HTTP/1.1" 304 -
124.79.246.142 - - [08/Sep/2021:09:41:07 +0800] "GET /xingrg/javascript/easyui/themes/default/images/menu_downarrow.png HTTP/1.1" 304 -
124.79.246.142 - - [08/Sep/2021:09:41:07 +0800] "GET /xingrg/javascript/easyui/themes/icons/cancel.png HTTP/1.1" 304 -
124.79.246.142 - - [08/Sep/2021:09:41:07 +0800] "GET /xingrg/javascript/easyui/plugins/jquery.parser.js HTTP/1.1" 304 -
124.79.246.142 - - [08/Sep/2021:09:41:07 +0800] "POST /xingrg/kc/buy/cgsh_order_operate.html HTTP/1.1" 200 8245
124.79.246.142 - - [08/Sep/2021:09:41:07 +0800] "GET /xingrg/all/common/auto_word.html?type=employee&rest_code=00104 HTTP/1.1" 200 149
124.79.246.142 - - [08/Sep/2021:09:41:07 +0800] "GET /xingrg/all/common/auto_word.html?type=employee&rest_code=00104 HTTP/1.1" 200 149
124.79.246.142 - - [08/Sep/2021:09:41:07 +0800] "GET /xingrg/javascript/easyui/themes/icons/edit_remove.png HTTP/1.1" 304 -
124.79.246.142 - - [08/Sep/2021:09:41:07 +0800] "GET /xingrg/javascript/easyui/themes/default/images/button_plain_hover.png HTTP/1.1" 304 -
124.79.246.142 - - [08/Sep/2021:09:41:07 +0800] "GET /xingrg/javascript/easyui/themes/default/validatebox.css HTTP/1.1" 404 1104
124.79.246.142 - - [08/Sep/2021:09:41:07 +0800] "GET /xingrg/javascript/easyui/plugins/jquery.validatebox.js HTTP/1.1" 304 -
124.79.246.142 - - [08/Sep/2021:09:41:07 +0800] "GET /xingrg/javascript/easyui/plugins/jquery.numberbox.js HTTP/1.1" 304 -
124.79.246.142 - - [08/Sep/2021:09:41:07 +0800] "GET /xingrg/javascript/easyui/themes/default/images/button_plain_hover.png HTTP/1.1" 304 -
124.79.246.142 - - [08/Sep/2021:09:41:07 +0800] "GET /xingrg/javascript/easyui/themes/default/images/button_plain_hover.png HTTP/1.1" 304 -
116.232.54.140 - - [08/Sep/2021:09:41:09 +0800] "GET /xingrg/kc/buy/cgsh_order_operate.html?command=get_materiel&rest_code=00109&code=00101012010&supplier_code=00100035&order_time=2021-09-08 HTTP/1.1" 200 409
116.238.168.124 - - [08/Sep/2021:09:41:10 +0800] "GET /xingrg/all/function/internal_message.html?_=1631065251307&CODE_STATE=getMsg HTTP/1.1" 200 27
124.79.246.142 - - [08/Sep/2021:09:41:13 +0800] "GET /xingrg/all/function/internal_message.html?_=1631065730040&CODE_STATE=getMsg HTTP/1.1" 200 27
124.79.246.142 - - [08/Sep/2021:09:41:14 +0800] "GET /xingrg/javascript/easyui/plugins/jquery.draggable.js HTTP/1.1" 304 -
124.79.246.142 - - [08/Sep/2021:09:41:14 +0800] "GET /xingrg/css/images/panel_loading.gif HTTP/1.1" 304 -
124.79.246.142 - - [08/Sep/2021:09:41:14 +0800] "GET /xingrg/javascript/easyui/plugins/jquery.droppable.js HTTP/1.1" 304 -
124.79.246.142 - - [08/Sep/2021:09:41:14 +0800] "GET /xingrg/javascript/easyui/themes/default/tree.css HTTP/1.1" 404 1090
124.79.246.142 - - [08/Sep/2021:09:41:14 +0800] "GET /xingrg/javascript/easyui/plugins/jquery.tree.js HTTP/1.1" 304 -
116.238.194.18 - - [08/Sep/2021:09:41:14 +0800] "POST /xingrg/dwr/call/plaincall/AjaxYddbService.saveOrder.dwr HTTP/1.1" 200 78
101.85.93.96 - - [08/Sep/2021:09:41:14 +0800] "GET /xingrg/all/function/internal_message.html?_=1631065202279&CODE_STATE=getMsg HTTP/1.1" 200 27
124.79.246.142 - - [08/Sep/2021:09:41:14 +0800] "POST /xingrg/all/common/load_tree.html?tree=supplier_tree_json&isDelete=1 HTTP/1.1" 200 57687
116.238.194.18 - - [08/Sep/2021:09:41:14 +0800] "GET /xingrg/images/yd/bt.gif HTTP/1.1" 404 1040
124.79.246.142 - - [08/Sep/2021:09:41:16 +0800] "GET /xingrg/javascript/easyui/themes/default/images/tree_arrows.gif HTTP/1.1" 304 -
124.79.246.142 - - [08/Sep/2021:09:41:16 +0800] "GET /xingrg/javascript/easyui/themes/default/images/tree_folder_open.gif HTTP/1.1" 304 -
124.79.246.142 - - [08/Sep/2021:09:41:16 +0800] "GET /xingrg/javascript/easyui/themes/default/images/tree_folder.gif HTTP/1.1" 304 -
124.79.246.142 - - [08/Sep/2021:09:41:16 +0800] "GET /xingrg/javascript/easyui/themes/default/images/tree_file.gif HTTP/1.1" 304 -
222.70.179.190 - - [08/Sep/2021:09:41:18 +0800] "POST /xingrg/kc/buy/cgsh_order_operate.html HTTP/1.1" 200 37
116.232.54.140 - - [08/Sep/2021:09:41:19 +0800] "GET /xingrg/all/function/internal_message.html?_=1631065281235&CODE_STATE=getMsg HTTP/1.1" 200 27
116.232.54.140 - - [08/Sep/2021:09:41:20 +0800] "GET /xingrg/kc/buy/cgsh_order_operate.html?command=get_materiel&rest_code=00109&code=00101012003&supplier_code=00100035&order_time=2021-09-08 HTTP/1.1" 200 412
222.70.179.190 - - [08/Sep/2021:09:41:21 +0800] "POST /xingrg/kc/buy/cgsh_order_operate.html HTTP/1.1" 200 40494
222.70.179.190 - - [08/Sep/2021:09:41:23 +0800] "GET /xingrg/kc/print/load_data.html?order_code=212021090803122&kc_code=cgsh&condition= HTTP/1.1" 200 14999
180.169.147.146 - - [08/Sep/2021:09:41:25 +0800] "GET /xingrg/all/function/internal_message.html?_=1631065286466&CODE_STATE=getMsg HTTP/1.1" 200 27
58.221.95.50 - - [08/Sep/2021:09:41:25 +0800] "GET /xingrg/check_reg.html?_=1631065285690 HTTP/1.1" 302 -
116.238.194.18 - - [08/Sep/2021:09:41:26 +0800] "GET /xingrg/all/function/internal_message.html?_=1631065286707&CODE_STATE=getMsg HTTP/1.1" 200 27
222.70.246.151 - - [08/Sep/2021:09:41:29 +0800] "GET /xingrg/all/function/internal_message.html?_=1631065299644&CODE_STATE=getMsg HTTP/1.1" 200 27
222.70.179.190 - - [08/Sep/2021:09:41:30 +0800] "GET /xingrg/all/function/internal_message.html?_=1631065288097&CODE_STATE=getMsg HTTP/1.1" 200 27
222.69.132.5 - - [08/Sep/2021:09:41:39 +0800] "GET /xingrg/all/function/internal_message.html?_=1631065298440&CODE_STATE=getMsg HTTP/1.1" 200 27
116.238.194.18 - - [08/Sep/2021:09:41:40 +0800] "GET /xingrg/all/function/internal_message.html?_=1631065276826&CODE_STATE=getMsg HTTP/1.1" 200 27
101.83.145.79 - - [08/Sep/2021:09:41:42 +0800] "GET /xingrg/all/function/internal_message.html?_=1631065252193&CODE_STATE=getMsg HTTP/1.1" 200 27
116.232.54.140 - - [08/Sep/2021:09:41:42 +0800] "GET /xingrg/kc/buy/cgsh_order_operate.html?command=get_materiel&rest_code=00109&code=00101012026&supplier_code=00100035&order_time=2021-09-08 HTTP/1.1" 200 408
116.230.105.26 - - [08/Sep/2021:09:41:49 +0800] "GET /xingrg/all/function/internal_message.html?_=1631065251912&CODE_STATE=getMsg HTTP/1.1" 200 27
116.232.54.140 - - [08/Sep/2021:09:41:50 +0800] "GET /xingrg/kc/buy/cgsh_order_operate.html?command=get_materiel&rest_code=00109&code=00101016051&supplier_code=00100035&order_time=2021-09-08 HTTP/1.1" 200 408
116.238.194.18 - - [08/Sep/2021:09:41:51 +0800] "POST /xingrg/dwr/call/plaincall/AjaxComOrderService.getMaterielSearchList.dwr HTTP/1.1" 200 15042
116.238.194.18 - - [08/Sep/2021:09:41:52 +0800] "POST /xingrg/dwr/call/plaincall/AjaxComOrderService.getMaterielSearchList.dwr HTTP/1.1" 200 723
116.238.168.124 - - [08/Sep/2021:09:41:52 +0800] "GET /xingrg/kc/buy/cgsh_order_add.html HTTP/1.1" 200 63385
172.20.0.100 - - [08/Sep/2021:09:41:52 +0800] "GET /xingrg/all/function/internal_message.html?_=1631065311309&CODE_STATE=getMsg HTTP/1.1" 200 27
116.238.194.18 - - [08/Sep/2021:09:41:56 +0800] "POST /xingrg/dwr/call/plaincall/AjaxYddbService.getMaterielByMap.dwr HTTP/1.1" 200 3725
116.238.168.124 - - [08/Sep/2021:09:41:56 +0800] "POST /xingrg/kc/buy/cgsh_order_operate.html HTTP/1.1" 200 8245
116.238.168.124 - - [08/Sep/2021:09:41:57 +0800] "GET /xingrg/javascript/easyui/themes/default/validatebox.css HTTP/1.1" 404 1104
116.238.194.18 - - [08/Sep/2021:09:41:57 +0800] "POST /xingrg/dwr/call/plaincall/AjaxYddbService.saveMaterielItem.dwr HTTP/1.1" 200 78
180.169.147.146 - - [08/Sep/2021:09:41:59 +0800] "GET /xingrg/all/function/internal_message.html?_=1631065319283&CODE_STATE=getMsg HTTP/1.1" 200 27
116.232.54.140 - - [08/Sep/2021:09:41:59 +0800] "GET /xingrg/kc/buy/cgsh_order_operate.html?command=get_materiel&rest_code=00109&code=00101019224&supplier_code=00100035&order_time=2021-09-08 HTTP/1.1" 200 408
58.37.227.186 - - [08/Sep/2021:09:41:59 +0800] "GET /xingrg/all/function/internal_message.html?_=1631065198187&CODE_STATE=getMsg HTTP/1.1" 200 27
116.238.194.18 - - [08/Sep/2021:09:42:01 +0800] "POST /xingrg/dwr/call/plaincall/AjaxComOrderService.getMaterielSearchList.dwr HTTP/1.1" 200 20950
116.238.194.18 - - [08/Sep/2021:09:42:01 +0800] "POST /xingrg/dwr/call/plaincall/AjaxComOrderService.getMaterielSearchList.dwr HTTP/1.1" 200 1545
180.157.254.90 - - [08/Sep/2021:09:42:01 +0800] "GET /xingrg/all/function/internal_message.html?_=1631065323708&CODE_STATE=getMsg HTTP/1.1" 200 27
180.157.254.90 - - [08/Sep/2021:09:42:01 +0800] "GET /xingrg/check_reg.html?_=1631065323709 HTTP/1.1" 200 22
116.238.194.18 - - [08/Sep/2021:09:42:04 +0800] "POST /xingrg/dwr/call/plaincall/AjaxYddbService.getMaterielByMap.dwr HTTP/1.1" 200 3726
101.83.145.79 - - [08/Sep/2021:09:42:05 +0800] "GET /xingrg/all/function/internal_message.html?_=1631065326457&CODE_STATE=getMsg HTTP/1.1" 200 27
116.238.194.18 - - [08/Sep/2021:09:42:05 +0800] "POST /xingrg/dwr/call/plaincall/AjaxYddbService.getUnitPrice.dwr HTTP/1.1" 200 86
120.253.135.82 - - [08/Sep/2021:09:42:06 +0800] "GET /xingrg/all/function/internal_message.html?_=1631065100958&CODE_STATE=getMsg HTTP/1.1" 200 27
116.238.194.18 - - [08/Sep/2021:09:42:08 +0800] "POST /xingrg/dwr/call/plaincall/AjaxYddbService.saveMaterielItem.dwr HTTP/1.1" 200 79
116.238.168.124 - - [08/Sep/2021:09:42:10 +0800] "GET /xingrg/all/function/internal_message.html?_=1631065311315&CODE_STATE=getMsg HTTP/1.1" 200 27
116.238.194.18 - - [08/Sep/2021:09:42:12 +0800] "POST /xingrg/dwr/call/plaincall/AjaxComOrderService.getMaterielSearchList.dwr HTTP/1.1" 200 29769
124.79.246.142 - - [08/Sep/2021:09:42:13 +0800] "GET /xingrg/all/function/internal_message.html?_=1631065790053&CODE_STATE=getMsg HTTP/1.1" 200 27
116.238.194.18 - - [08/Sep/2021:09:42:13 +0800] "POST /xingrg/dwr/call/plaincall/AjaxComOrderService.getMaterielSearchList.dwr HTTP/1.1" 200 1890
101.85.93.96 - - [08/Sep/2021:09:42:14 +0800] "GET /xingrg/all/function/internal_message.html?_=1631065262279&CODE_STATE=getMsg HTTP/1.1" 200 27
124.79.246.142 - - [08/Sep/2021:09:42:15 +0800] "GET /xingrg/javascript/auto/indicator.gif HTTP/1.1" 404 1066
116.238.194.18 - - [08/Sep/2021:09:42:16 +0800] "POST /xingrg/dwr/call/plaincall/AjaxYddbService.getMaterielByMap.dwr HTTP/1.1" 200 3750
116.228.172.94 - - [08/Sep/2021:09:42:17 +0800] "GET /xingrg/login.html HTTP/1.1" 200 7641
116.238.194.18 - - [08/Sep/2021:09:42:18 +0800] "POST /xingrg/dwr/call/plaincall/AjaxYddbService.getUnitPrice.dwr HTTP/1.1" 200 87
116.228.172.94 - - [08/Sep/2021:09:42:18 +0800] "GET /xingrg/images/blue/jxLogo.png HTTP/1.1" 200 6156
116.228.172.94 - - [08/Sep/2021:09:42:18 +0800] "GET /xingrg/images/blue/login_bg.png HTTP/1.1" 200 22101
116.228.172.94 - - [08/Sep/2021:09:42:18 +0800] "GET /xingrg/images/blue/srbg.png HTTP/1.1" 200 138
116.228.172.94 - - [08/Sep/2021:09:42:18 +0800] "GET /xingrg/images/blue/hj.png HTTP/1.1" 200 1014
116.232.54.140 - - [08/Sep/2021:09:42:19 +0800] "GET /xingrg/all/function/internal_message.html?_=1631065341223&CODE_STATE=getMsg HTTP/1.1" 200 27
116.232.54.140 - - [08/Sep/2021:09:42:19 +0800] "GET /xingrg/check_reg.html?_=1631065341225 HTTP/1.1" 200 22
116.228.172.94 - - [08/Sep/2021:09:42:19 +0800] "GET /favicon.ico HTTP/1.1" 404 -
116.238.194.18 - - [08/Sep/2021:09:42:20 +0800] "GET /xingrg/images/yd/bt2.gif HTTP/1.1" 404 1042
124.79.246.142 - - [08/Sep/2021:09:42:20 +0800] "GET /xingrg/kc/buy/cgsh_order_operate.html?command=get_materiel&rest_code=00104&code=00101010691&supplier_code=00100327&order_time=2021-09-08 HTTP/1.1" 200 397
116.238.194.18 - - [08/Sep/2021:09:42:20 +0800] "POST /xingrg/dwr/call/plaincall/AjaxYddbService.saveMaterielItem.dwr HTTP/1.1" 200 79
116.238.194.18 - - [08/Sep/2021:09:42:23 +0800] "POST /xingrg/dwr/call/plaincall/AjaxComOrderService.getMaterielSearchList.dwr HTTP/1.1" 200 14339
116.238.194.18 - - [08/Sep/2021:09:42:24 +0800] "POST /xingrg/dwr/call/plaincall/AjaxComOrderService.getMaterielSearchList.dwr HTTP/1.1" 200 298
116.238.194.18 - - [08/Sep/2021:09:42:25 +0800] "POST /xingrg/dwr/call/plaincall/AjaxYddbService.getMaterielByMap.dwr HTTP/1.1" 200 3729
180.169.147.146 - - [08/Sep/2021:09:42:25 +0800] "GET /xingrg/all/function/internal_message.html?_=1631065346457&CODE_STATE=getMsg HTTP/1.1" 200 27
116.238.194.18 - - [08/Sep/2021:09:42:26 +0800] "GET /xingrg/all/function/internal_message.html?_=1631065346694&CODE_STATE=getMsg HTTP/1.1" 200 27
116.238.194.18 - - [08/Sep/2021:09:42:26 +0800] "POST /xingrg/dwr/call/plaincall/AjaxYddbService.getUnitPrice.dwr HTTP/1.1" 200 88
222.70.246.151 - - [08/Sep/2021:09:42:29 +0800] "GET /xingrg/all/function/internal_message.html?_=1631065359650&CODE_STATE=getMsg HTTP/1.1" 200 27
222.70.179.190 - - [08/Sep/2021:09:42:30 +0800] "GET /xingrg/all/function/internal_message.html?_=1631065348079&CODE_STATE=getMsg HTTP/1.1" 200 27
222.70.179.190 - - [08/Sep/2021:09:42:30 +0800] "GET /xingrg/check_reg.html?_=1631065348075 HTTP/1.1" 200 22
116.238.194.18 - - [08/Sep/2021:09:42:30 +0800] "POST /xingrg/dwr/call/plaincall/AjaxYddbService.saveMaterielItem.dwr HTTP/1.1" 200 79
222.69.132.5 - - [08/Sep/2021:09:42:39 +0800] "GET /xingrg/all/function/internal_message.html?_=1631065358443&CODE_STATE=getMsg HTTP/1.1" 200 27
