124.79.246.142 - - [07/Sep/2021:08:16:32 +0800] "GET /xingrg/javascript/jquery_easy_ui/themes/icons/back_new.png HTTP/1.1" 304 -
124.79.246.142 - - [07/Sep/2021:08:16:32 +0800] "GET /xingrg/javascript/jquery_easy_ui/themes/default/images/combo_arrow_dot.gif HTTP/1.1" 304 -
124.79.246.142 - - [07/Sep/2021:08:16:33 +0800] "GET /xingrg/images/blue/button/kc_tab_add.gif HTTP/1.1" 304 -
124.79.246.142 - - [07/Sep/2021:08:16:33 +0800] "GET /xingrg/images/blue/button/kc_tab_edit.gif HTTP/1.1" 304 -
124.79.246.142 - - [07/Sep/2021:08:16:33 +0800] "GET /xingrg/images/blue/button/kc_tab_save.gif HTTP/1.1" 304 -
124.79.246.142 - - [07/Sep/2021:08:16:33 +0800] "GET /xingrg/images/blue/button/kc_tab_del.gif HTTP/1.1" 304 -
124.79.246.142 - - [07/Sep/2021:08:16:33 +0800] "GET /xingrg/images/blue/kc_tab_mid.gif HTTP/1.1" 304 -
124.79.246.142 - - [07/Sep/2021:08:16:33 +0800] "GET /xingrg/images/blue/kc_tab_left.gif HTTP/1.1" 304 -
124.79.246.142 - - [07/Sep/2021:08:16:33 +0800] "GET /xingrg/images/blue/kc_tab_right.gif HTTP/1.1" 304 -
124.79.246.142 - - [07/Sep/2021:08:16:33 +0800] "GET /xingrg/images/blue/kc_tab2_left.gif HTTP/1.1" 304 -
124.79.246.142 - - [07/Sep/2021:08:16:33 +0800] "GET /xingrg/images/blue/kc_tab2_right.gif HTTP/1.1" 304 -
116.238.168.124 - - [07/Sep/2021:08:16:34 +0800] "GET /xingrg/check_reg.html?_=1630973775702 HTTP/1.1" 200 22
116.238.168.124 - - [07/Sep/2021:08:16:34 +0800] "GET /xingrg/all/function/internal_message.html?_=1630973776031&CODE_STATE=getMsg HTTP/1.1" 200 27
124.79.246.142 - - [07/Sep/2021:08:16:43 +0800] "GET /xingrg/images/blue/wait.gif HTTP/1.1" 304 -
124.79.246.142 - - [07/Sep/2021:08:16:43 +0800] "POST /xingrg/dwr/call/plaincall/AjaxQqpsService.saveOrder.dwr HTTP/1.1" 200 78
124.79.246.142 - - [07/Sep/2021:08:16:47 +0800] "GET /xingrg/javascript/auto/indicator.gif HTTP/1.1" 404 1066
124.79.246.142 - - [07/Sep/2021:08:16:49 +0800] "POST /xingrg/dwr/call/plaincall/AjaxQqpsService.getMaterielByCode.dwr HTTP/1.1" 200 2586
116.238.168.124 - - [07/Sep/2021:08:16:52 +0800] "GET /xingrg/kc/buy/cgsh_order_operate.html?command=get_materiel&rest_code=00102&code=00101008271&supplier_code=00100008&order_time=2021-09-07 HTTP/1.1" 200 408
124.79.246.142 - - [07/Sep/2021:08:16:56 +0800] "GET /xingrg/javascript/jquery_easy_ui/themes/default/images/button_plain_hover.png HTTP/1.1" 304 -
124.79.246.142 - - [07/Sep/2021:08:16:58 +0800] "POST /xingrg/dwr/call/plaincall/AjaxQqpsService.checkOrder.dwr HTTP/1.1" 200 78
180.169.147.146 - - [07/Sep/2021:08:16:58 +0800] "GET /xingrg/check_reg.html?_=1630973821578 HTTP/1.1" 302 -
180.169.147.146 - - [07/Sep/2021:08:16:58 +0800] "GET /xingrg/all/function/internal_message.html?_=1630973821581&CODE_STATE=getMsg HTTP/1.1" 302 -
124.79.246.142 - - [07/Sep/2021:08:16:59 +0800] "GET /xingrg/kc/mdqp/qqps_order_info.html?code=302021090700134 HTTP/1.1" 200 26475
124.79.246.142 - - [07/Sep/2021:08:16:59 +0800] "GET /xingrg/javascript/auto/jquery.autocomplete.js HTTP/1.1" 304 -
124.79.246.142 - - [07/Sep/2021:08:16:59 +0800] "GET /xingrg/css/blue.css HTTP/1.1" 304 -
124.79.246.142 - - [07/Sep/2021:08:16:59 +0800] "GET /xingrg/javascript/jquery_easy_ui/jquery.easyui.min.js HTTP/1.1" 304 -
124.79.246.142 - - [07/Sep/2021:08:16:59 +0800] "GET /xingrg/javascript/jquery_easy_ui/easyui-lang-zh_CN.js HTTP/1.1" 304 -
124.79.246.142 - - [07/Sep/2021:08:16:59 +0800] "GET /xingrg/javascript/jquery_easy_ui/themes/icon.css HTTP/1.1" 304 -
124.79.246.142 - - [07/Sep/2021:08:16:59 +0800] "GET /xingrg/javascript/auto/jquery.autocomplete.css HTTP/1.1" 304 -
124.79.246.142 - - [07/Sep/2021:08:16:59 +0800] "GET /xingrg/javascript/jquery-1.4.2.min.js HTTP/1.1" 304 -
124.79.246.142 - - [07/Sep/2021:08:16:59 +0800] "GET /xingrg/javascript/tools/jquery.qtip-1.0.0-rc3.min.js HTTP/1.1" 304 -
124.79.246.142 - - [07/Sep/2021:08:16:59 +0800] "GET /xingrg/javascript/jquery.utils.js HTTP/1.1" 304 -
124.79.246.142 - - [07/Sep/2021:08:16:59 +0800] "GET /xingrg/javascript/pic_change.js HTTP/1.1" 304 -
124.79.246.142 - - [07/Sep/2021:08:16:59 +0800] "GET /xingrg/dwr/util.js HTTP/1.1" 304 -
124.79.246.142 - - [07/Sep/2021:08:16:59 +0800] "GET /xingrg/javascript/Calendar.js HTTP/1.1" 304 -
124.79.246.142 - - [07/Sep/2021:08:16:59 +0800] "GET /xingrg/javascript/myfunction.js HTTP/1.1" 304 -
124.79.246.142 - - [07/Sep/2021:08:16:59 +0800] "GET /xingrg/javascript/AjaxInfoList.js HTTP/1.1" 304 -
124.79.246.142 - - [07/Sep/2021:08:16:59 +0800] "GET /xingrg/javascript/ToolTips.js HTTP/1.1" 304 -
124.79.246.142 - - [07/Sep/2021:08:16:59 +0800] "GET /xingrg/javascript/Grid.js HTTP/1.1" 304 -
124.79.246.142 - - [07/Sep/2021:08:16:59 +0800] "GET /xingrg/dwr/interface/AjaxQqpsService.js HTTP/1.1" 200 16326
124.79.246.142 - - [07/Sep/2021:08:16:59 +0800] "GET /xingrg/dwr/interface/AjaxComOrderService.js HTTP/1.1" 200 18264
124.79.246.142 - - [07/Sep/2021:08:16:59 +0800] "GET /xingrg/dwr/engine.js HTTP/1.1" 200 43631
124.79.246.142 - - [07/Sep/2021:08:16:59 +0800] "GET /xingrg/javascript/print/LodopFuncs.js HTTP/1.1" 304 -
124.79.246.142 - - [07/Sep/2021:08:16:59 +0800] "GET /xingrg/javascript/print/kc_print.js HTTP/1.1" 304 -
124.79.246.142 - - [07/Sep/2021:08:16:59 +0800] "GET /xingrg/javascript/jquery_easy_ui/themes/default/easyui.css HTTP/1.1" 304 -
124.79.246.142 - - [07/Sep/2021:08:17:00 +0800] "GET /xingrg/javascript/jquery_easy_ui/themes/icons/area.png HTTP/1.1" 304 -
124.79.246.142 - - [07/Sep/2021:08:17:00 +0800] "GET /xingrg/javascript/jquery_easy_ui/themes/icons/rest.png HTTP/1.1" 304 -
124.79.246.142 - - [07/Sep/2021:08:17:00 +0800] "GET /xingrg/words/20210906122753_words.js HTTP/1.1" 304 -
124.79.246.142 - - [07/Sep/2021:08:17:00 +0800] "GET /xingrg/javascript/jquery_easy_ui/themes/icons/template_new.png HTTP/1.1" 304 -
124.79.246.142 - - [07/Sep/2021:08:17:00 +0800] "GET /xingrg/javascript/jquery_easy_ui/themes/icons/edit_add_new.png HTTP/1.1" 304 -
124.79.246.142 - - [07/Sep/2021:08:17:00 +0800] "GET /xingrg/javascript/jquery_easy_ui/themes/icons/copy_new.png HTTP/1.1" 304 -
124.79.246.142 - - [07/Sep/2021:08:17:00 +0800] "GET /xingrg/javascript/jquery_easy_ui/themes/icons/uncheck_new.png HTTP/1.1" 304 -
124.79.246.142 - - [07/Sep/2021:08:17:00 +0800] "GET /xingrg/javascript/jquery_easy_ui/themes/icons/print.png HTTP/1.1" 304 -
124.79.246.142 - - [07/Sep/2021:08:17:00 +0800] "GET /xingrg/javascript/jquery_easy_ui/themes/default/images/menu_downarrow.png HTTP/1.1" 304 -
124.79.246.142 - - [07/Sep/2021:08:17:00 +0800] "GET /xingrg/javascript/jquery_easy_ui/themes/icons/back_new.png HTTP/1.1" 304 -
124.79.246.142 - - [07/Sep/2021:08:17:00 +0800] "GET /xingrg/javascript/jquery_easy_ui/themes/default/images/combo_arrow_dot.gif HTTP/1.1" 304 -
116.238.168.124 - - [07/Sep/2021:08:17:00 +0800] "GET /xingrg/kc/buy/cgsh_order_operate.html?command=get_materiel&rest_code=00102&code=00101008353&supplier_code=00100008&order_time=2021-09-07 HTTP/1.1" 200 408
124.79.246.142 - - [07/Sep/2021:08:17:01 +0800] "GET /xingrg/images/blue/kc_tab_mid.gif HTTP/1.1" 304 -
124.79.246.142 - - [07/Sep/2021:08:17:01 +0800] "GET /xingrg/images/blue/kc_tab_left.gif HTTP/1.1" 304 -
124.79.246.142 - - [07/Sep/2021:08:17:01 +0800] "GET /xingrg/images/blue/kc_tab_right.gif HTTP/1.1" 304 -
124.79.246.142 - - [07/Sep/2021:08:17:01 +0800] "GET /xingrg/images/blue/wait.gif HTTP/1.1" 304 -
124.79.246.142 - - [07/Sep/2021:08:17:01 +0800] "POST /xingrg/dwr/call/plaincall/AjaxQqpsService.loadMaterielItems.dwr HTTP/1.1" 200 76
116.238.168.124 - - [07/Sep/2021:08:17:09 +0800] "GET /xingrg/kc/buy/cgsh_order_operate.html?command=get_materiel&rest_code=00102&code=00101008077&supplier_code=00100008&order_time=2021-09-07 HTTP/1.1" 200 416
180.169.147.146 - - [07/Sep/2021:08:17:09 +0800] "GET /xingrg/all/function/internal_message.html?_=1630973832448&CODE_STATE=getMsg HTTP/1.1" 302 -
120.253.135.82 - - [07/Sep/2021:08:17:12 +0800] "GET /xingrg/all/function/internal_message.html?_=1630973607381&CODE_STATE=getMsg HTTP/1.1" 200 27
116.238.168.124 - - [07/Sep/2021:08:17:18 +0800] "GET /xingrg/kc/buy/cgsh_order_operate.html?command=get_materiel&rest_code=00102&code=00101008101&supplier_code=00100008&order_time=2021-09-07 HTTP/1.1" 200 412
222.70.246.151 - - [07/Sep/2021:08:17:22 +0800] "GET /xingrg/check_reg.html?_=1630973848640 HTTP/1.1" 200 22
124.79.246.142 - - [07/Sep/2021:08:17:22 +0800] "GET /xingrg/all/function/internal_message.html?_=1630974300644&CODE_STATE=getMsg HTTP/1.1" 200 27
222.70.246.151 - - [07/Sep/2021:08:17:23 +0800] "GET /xingrg/all/function/internal_message.html?_=1630973849557&CODE_STATE=getMsg HTTP/1.1" 200 27
116.238.168.124 - - [07/Sep/2021:08:17:33 +0800] "GET /xingrg/kc/buy/cgsh_order_operate.html?command=get_materiel&rest_code=00102&code=00101008390&supplier_code=00100008&order_time=2021-09-07 HTTP/1.1" 200 413
116.238.168.124 - - [07/Sep/2021:08:17:35 +0800] "GET /xingrg/all/function/internal_message.html?_=1630973836355&CODE_STATE=getMsg HTTP/1.1" 200 27
116.238.168.124 - - [07/Sep/2021:08:17:57 +0800] "GET /xingrg/kc/buy/cgsh_order_operate.html?command=get_materiel&rest_code=00102&code=00101008197&supplier_code=00100008&order_time=2021-09-07 HTTP/1.1" 200 416
120.253.135.82 - - [07/Sep/2021:08:17:57 +0800] "GET /xingrg/check_reg.html?_=1630973652769 HTTP/1.1" 200 22
180.169.147.146 - - [07/Sep/2021:08:17:58 +0800] "GET /xingrg/all/function/internal_message.html?_=1630973881566&CODE_STATE=getMsg HTTP/1.1" 302 -
180.169.147.146 - - [07/Sep/2021:08:18:09 +0800] "GET /xingrg/all/function/internal_message.html?_=1630973892447&CODE_STATE=getMsg HTTP/1.1" 302 -
120.253.135.82 - - [07/Sep/2021:08:18:12 +0800] "GET /xingrg/all/function/internal_message.html?_=1630973667382&CODE_STATE=getMsg HTTP/1.1" 200 27
116.238.168.124 - - [07/Sep/2021:08:18:14 +0800] "POST /xingrg/kc/buy/cgsh_order_operate.html HTTP/1.1" 200 37
116.238.168.124 - - [07/Sep/2021:08:18:16 +0800] "POST /xingrg/kc/buy/cgsh_order_operate.html HTTP/1.1" 200 11509
124.79.246.142 - - [07/Sep/2021:08:18:22 +0800] "GET /xingrg/all/function/internal_message.html?_=1630974360666&CODE_STATE=getMsg HTTP/1.1" 200 27
116.238.168.124 - - [07/Sep/2021:08:18:23 +0800] "GET /xingrg/kc/buy/cgsh_order_add.html HTTP/1.1" 200 63385
222.70.246.151 - - [07/Sep/2021:08:18:23 +0800] "GET /xingrg/all/function/internal_message.html?_=1630973909569&CODE_STATE=getMsg HTTP/1.1" 200 27
116.238.168.124 - - [07/Sep/2021:08:18:23 +0800] "GET /xingrg/javascript/jquery_easy_ui/themes/icons/area.png HTTP/1.1" 304 -
116.238.168.124 - - [07/Sep/2021:08:18:23 +0800] "GET /xingrg/javascript/jquery_easy_ui/themes/icons/rest.png HTTP/1.1" 304 -
116.238.168.124 - - [07/Sep/2021:08:18:24 +0800] "POST /xingrg/kc/buy/cgsh_order_operate.html HTTP/1.1" 200 8245
116.238.168.124 - - [07/Sep/2021:08:18:24 +0800] "GET /xingrg/javascript/easyui/themes/default/validatebox.css HTTP/1.1" 404 1104
116.238.168.124 - - [07/Sep/2021:08:18:28 +0800] "GET /xingrg/javascript/jquery_easy_ui/themes/default/images/tabs_active.png HTTP/1.1" 304 -
116.238.168.124 - - [07/Sep/2021:08:18:33 +0800] "POST /xingrg/kc/buy/cgsh_list_operate.html HTTP/1.1" 200 1679
116.238.168.124 - - [07/Sep/2021:08:18:35 +0800] "GET /xingrg/all/function/internal_message.html?_=1630973896384&CODE_STATE=getMsg HTTP/1.1" 200 27
116.238.168.124 - - [07/Sep/2021:08:18:35 +0800] "GET /xingrg/kc/buy/cgsh_order_add.html HTTP/1.1" 200 63385
116.238.168.124 - - [07/Sep/2021:08:18:36 +0800] "POST /xingrg/kc/buy/cgsh_order_operate.html HTTP/1.1" 200 8245
116.238.168.124 - - [07/Sep/2021:08:18:37 +0800] "GET /xingrg/javascript/easyui/themes/default/validatebox.css HTTP/1.1" 404 1104
116.238.168.124 - - [07/Sep/2021:08:18:39 +0800] "GET /xingrg/javascript/easyui/themes/default/tree.css HTTP/1.1" 404 1090
116.238.168.124 - - [07/Sep/2021:08:18:39 +0800] "POST /xingrg/all/common/load_tree.html?tree=supplier_tree_json&isDelete=1 HTTP/1.1" 200 57687
116.238.168.124 - - [07/Sep/2021:08:18:52 +0800] "GET /xingrg/kc/buy/cgsh_order_operate.html?command=get_materiel&rest_code=00102&code=00101008132&supplier_code=00100008&order_time=2021-09-07 HTTP/1.1" 200 408
180.169.147.146 - - [07/Sep/2021:08:18:58 +0800] "GET /xingrg/all/function/internal_message.html?_=1630973941594&CODE_STATE=getMsg HTTP/1.1" 302 -
116.238.168.124 - - [07/Sep/2021:08:19:05 +0800] "GET /xingrg/kc/buy/cgsh_order_operate.html?command=get_materiel&rest_code=00102&code=00101008257&supplier_code=00100008&order_time=2021-09-07 HTTP/1.1" 200 416
180.169.147.146 - - [07/Sep/2021:08:19:09 +0800] "GET /xingrg/all/function/internal_message.html?_=1630973952459&CODE_STATE=getMsg HTTP/1.1" 302 -
120.253.135.82 - - [07/Sep/2021:08:19:12 +0800] "GET /xingrg/all/function/internal_message.html?_=1630973727395&CODE_STATE=getMsg HTTP/1.1" 200 27
116.238.168.124 - - [07/Sep/2021:08:19:15 +0800] "GET /xingrg/kc/buy/cgsh_order_operate.html?command=get_materiel&rest_code=00102&code=00101008110&supplier_code=00100008&order_time=2021-09-07 HTTP/1.1" 200 408
124.79.246.142 - - [07/Sep/2021:08:19:22 +0800] "GET /xingrg/all/function/internal_message.html?_=1630974420679&CODE_STATE=getMsg HTTP/1.1" 200 27
222.70.246.151 - - [07/Sep/2021:08:19:23 +0800] "GET /xingrg/all/function/internal_message.html?_=1630973969584&CODE_STATE=getMsg HTTP/1.1" 200 27
116.238.168.124 - - [07/Sep/2021:08:19:24 +0800] "GET /xingrg/kc/buy/cgsh_order_operate.html?command=get_materiel&rest_code=00102&code=00101008370&supplier_code=00100008&order_time=2021-09-07 HTTP/1.1" 200 412
116.238.168.124 - - [07/Sep/2021:08:19:35 +0800] "GET /xingrg/all/function/internal_message.html?_=1630973956401&CODE_STATE=getMsg HTTP/1.1" 200 27
116.238.168.124 - - [07/Sep/2021:08:19:36 +0800] "GET /xingrg/kc/buy/cgsh_order_operate.html?command=get_materiel&rest_code=00102&code=00101008004&supplier_code=00100008&order_time=2021-09-07 HTTP/1.1" 200 416
116.238.168.124 - - [07/Sep/2021:08:19:44 +0800] "GET /xingrg/kc/buy/cgsh_order_operate.html?command=get_materiel&rest_code=00102&code=00101008356&supplier_code=00100008&order_time=2021-09-07 HTTP/1.1" 200 408
116.238.168.124 - - [07/Sep/2021:08:19:53 +0800] "GET /xingrg/kc/buy/cgsh_order_operate.html?command=get_materiel&rest_code=00102&code=00101008300&supplier_code=00100008&order_time=2021-09-07 HTTP/1.1" 200 412
180.169.147.146 - - [07/Sep/2021:08:19:58 +0800] "GET /xingrg/all/function/internal_message.html?_=1630974001594&CODE_STATE=getMsg HTTP/1.1" 302 -
116.238.168.124 - - [07/Sep/2021:08:20:01 +0800] "GET /xingrg/kc/buy/cgsh_order_operate.html?command=get_materiel&rest_code=00102&code=00101008357&supplier_code=00100008&order_time=2021-09-07 HTTP/1.1" 200 408
180.169.147.146 - - [07/Sep/2021:08:20:09 +0800] "GET /xingrg/check_reg.html?_=1630974012447 HTTP/1.1" 302 -
180.169.147.146 - - [07/Sep/2021:08:20:09 +0800] "GET /xingrg/all/function/internal_message.html?_=1630974012448&CODE_STATE=getMsg HTTP/1.1" 302 -
120.253.135.82 - - [07/Sep/2021:08:20:12 +0800] "GET /xingrg/all/function/internal_message.html?_=1630973787656&CODE_STATE=getMsg HTTP/1.1" 200 27
124.79.246.142 - - [07/Sep/2021:08:20:22 +0800] "GET /xingrg/all/function/internal_message.html?_=1630974480694&CODE_STATE=getMsg HTTP/1.1" 200 27
222.70.246.151 - - [07/Sep/2021:08:20:23 +0800] "GET /xingrg/all/function/internal_message.html?_=1630974029604&CODE_STATE=getMsg HTTP/1.1" 200 27
116.238.168.124 - - [07/Sep/2021:08:20:24 +0800] "GET /xingrg/kc/buy/cgsh_order_operate.html?command=get_materiel&rest_code=00102&code=00101008098&supplier_code=00100008&order_time=2021-09-07 HTTP/1.1" 200 412
116.238.168.124 - - [07/Sep/2021:08:20:35 +0800] "GET /xingrg/all/function/internal_message.html?_=1630974016684&CODE_STATE=getMsg HTTP/1.1" 200 27
116.238.168.124 - - [07/Sep/2021:08:20:44 +0800] "GET /xingrg/kc/buy/cgsh_order_operate.html?command=get_materiel&rest_code=00102&code=00101008213&supplier_code=00100008&order_time=2021-09-07 HTTP/1.1" 200 412
222.70.179.252 - - [07/Sep/2021:08:20:48 +0800] "POST /xingrg/services/DataTransmitService HTTP/1.1" 200 524
116.238.168.124 - - [07/Sep/2021:08:20:53 +0800] "GET /xingrg/kc/buy/cgsh_order_operate.html?command=get_materiel&rest_code=00102&code=00101008276&supplier_code=00100008&order_time=2021-09-07 HTTP/1.1" 200 412
58.40.7.146 - - [07/Sep/2021:08:20:54 +0800] "GET /xingrg/check_reg.html?_=1630974055249 HTTP/1.1" 302 -
180.169.147.146 - - [07/Sep/2021:08:20:58 +0800] "GET /xingrg/all/function/internal_message.html?_=1630974061594&CODE_STATE=getMsg HTTP/1.1" 302 -
116.238.168.124 - - [07/Sep/2021:08:21:08 +0800] "GET /xingrg/kc/buy/cgsh_order_operate.html?command=get_materiel&rest_code=00102&code=00101008344&supplier_code=00100008&order_time=2021-09-07 HTTP/1.1" 200 412
180.169.147.146 - - [07/Sep/2021:08:21:09 +0800] "GET /xingrg/all/function/internal_message.html?_=1630974072479&CODE_STATE=getMsg HTTP/1.1" 302 -
120.253.135.82 - - [07/Sep/2021:08:21:12 +0800] "GET /xingrg/all/function/internal_message.html?_=1630973847672&CODE_STATE=getMsg HTTP/1.1" 200 27
116.238.168.124 - - [07/Sep/2021:08:21:22 +0800] "GET /xingrg/kc/buy/cgsh_order_operate.html?command=get_materiel&rest_code=00102&code=00101008297&supplier_code=00100008&order_time=2021-09-07 HTTP/1.1" 200 412
124.79.246.142 - - [07/Sep/2021:08:21:22 +0800] "GET /xingrg/check_reg.html?_=1630974540645 HTTP/1.1" 200 22
124.79.246.142 - - [07/Sep/2021:08:21:22 +0800] "GET /xingrg/all/function/internal_message.html?_=1630974540707&CODE_STATE=getMsg HTTP/1.1" 200 27
222.70.246.151 - - [07/Sep/2021:08:21:23 +0800] "GET /xingrg/all/function/internal_message.html?_=1630974089610&CODE_STATE=getMsg HTTP/1.1" 200 27
116.238.168.124 - - [07/Sep/2021:08:21:29 +0800] "GET /xingrg/kc/buy/cgsh_order_operate.html?command=get_materiel&rest_code=00102&code=00101008188&supplier_code=00100008&order_time=2021-09-07 HTTP/1.1" 200 412
116.230.105.26 - - [07/Sep/2021:08:21:29 +0800] "POST /xingrg/services/DataTransmitService HTTP/1.1" 200 524
116.230.105.26 - - [07/Sep/2021:08:21:29 +0800] "POST /xingrg/services/DataTransmitService HTTP/1.1" 200 501
116.230.105.26 - - [07/Sep/2021:08:21:30 +0800] "POST /xingrg/services/DataTransmitService HTTP/1.1" 200 501
116.230.105.26 - - [07/Sep/2021:08:21:30 +0800] "POST /xingrg/services/DataTransmitService HTTP/1.1" 200 501
116.230.105.26 - - [07/Sep/2021:08:21:31 +0800] "POST /xingrg/services/DataTransmitService HTTP/1.1" 200 501
116.230.105.26 - - [07/Sep/2021:08:21:31 +0800] "POST /xingrg/services/DataTransmitService HTTP/1.1" 200 501
116.230.105.26 - - [07/Sep/2021:08:21:31 +0800] "POST /xingrg/services/DataTransmitService HTTP/1.1" 200 501
116.230.105.26 - - [07/Sep/2021:08:21:32 +0800] "POST /xingrg/services/DataTransmitService HTTP/1.1" 200 501
116.230.105.26 - - [07/Sep/2021:08:21:32 +0800] "POST /xingrg/services/DataTransmitService HTTP/1.1" 200 501
116.230.105.26 - - [07/Sep/2021:08:21:32 +0800] "POST /xingrg/services/DataTransmitService HTTP/1.1" 200 501
116.230.105.26 - - [07/Sep/2021:08:21:34 +0800] "POST /xingrg/services/DataTransmitService HTTP/1.1" 200 412
116.238.168.124 - - [07/Sep/2021:08:21:34 +0800] "GET /xingrg/check_reg.html?_=1630974076005 HTTP/1.1" 200 22
116.238.168.124 - - [07/Sep/2021:08:21:35 +0800] "GET /xingrg/all/function/internal_message.html?_=1630974076690&CODE_STATE=getMsg HTTP/1.1" 200 27
116.238.168.124 - - [07/Sep/2021:08:21:40 +0800] "GET /xingrg/kc/buy/cgsh_order_operate.html?command=get_materiel&rest_code=00102&code=00101015006&supplier_code=00100008&order_time=2021-09-07 HTTP/1.1" 200 413
116.238.168.124 - - [07/Sep/2021:08:21:54 +0800] "POST /xingrg/kc/buy/cgsh_order_operate.html HTTP/1.1" 200 37
116.238.168.124 - - [07/Sep/2021:08:21:56 +0800] "POST /xingrg/kc/buy/cgsh_order_operate.html HTTP/1.1" 200 12698
180.169.147.146 - - [07/Sep/2021:08:21:58 +0800] "GET /xingrg/check_reg.html?_=1630974121594 HTTP/1.1" 302 -
180.169.147.146 - - [07/Sep/2021:08:21:58 +0800] "GET /xingrg/all/function/internal_message.html?_=1630974121596&CODE_STATE=getMsg HTTP/1.1" 302 -
116.238.168.124 - - [07/Sep/2021:08:22:02 +0800] "POST /xingrg/kc/buy/cgsh_order_operate.html HTTP/1.1" 200 37
116.238.168.124 - - [07/Sep/2021:08:22:04 +0800] "POST /xingrg/kc/buy/cgsh_order_operate.html HTTP/1.1" 200 12698
116.238.168.124 - - [07/Sep/2021:08:22:05 +0800] "GET /xingrg/kc/buy/cgsh_order_add.html HTTP/1.1" 200 63385
116.238.168.124 - - [07/Sep/2021:08:22:07 +0800] "POST /xingrg/kc/buy/cgsh_order_operate.html HTTP/1.1" 200 8245
116.238.168.124 - - [07/Sep/2021:08:22:08 +0800] "GET /xingrg/javascript/easyui/themes/default/validatebox.css HTTP/1.1" 404 1104
180.169.147.146 - - [07/Sep/2021:08:22:09 +0800] "GET /xingrg/all/function/internal_message.html?_=1630974132482&CODE_STATE=getMsg HTTP/1.1" 302 -
116.238.168.124 - - [07/Sep/2021:08:22:10 +0800] "GET /xingrg/javascript/easyui/themes/default/tree.css HTTP/1.1" 404 1090
116.238.168.124 - - [07/Sep/2021:08:22:10 +0800] "POST /xingrg/all/common/load_tree.html?tree=supplier_tree_json&isDelete=1 HTTP/1.1" 200 57687
120.253.135.82 - - [07/Sep/2021:08:22:12 +0800] "GET /xingrg/all/function/internal_message.html?_=1630973907867&CODE_STATE=getMsg HTTP/1.1" 200 27
222.70.246.151 - - [07/Sep/2021:08:22:22 +0800] "GET /xingrg/check_reg.html?_=1630974148646 HTTP/1.1" 200 22
124.79.246.142 - - [07/Sep/2021:08:22:22 +0800] "GET /xingrg/all/function/internal_message.html?_=1630974600721&CODE_STATE=getMsg HTTP/1.1" 200 27
116.238.168.124 - - [07/Sep/2021:08:22:23 +0800] "GET /xingrg/kc/buy/cgsh_order_operate.html?command=get_materiel&rest_code=00102&code=00101008175&supplier_code=00100008&order_time=2021-09-07 HTTP/1.1" 200 412
222.70.246.151 - - [07/Sep/2021:08:22:23 +0800] "GET /xingrg/all/function/internal_message.html?_=1630974149624&CODE_STATE=getMsg HTTP/1.1" 200 27
116.238.168.124 - - [07/Sep/2021:08:22:34 +0800] "GET /xingrg/kc/buy/cgsh_order_operate.html?command=get_materiel&rest_code=00102&code=00101008224&supplier_code=00100008&order_time=2021-09-07 HTTP/1.1" 200 416
116.238.168.124 - - [07/Sep/2021:08:22:35 +0800] "GET /xingrg/all/function/internal_message.html?_=1630974136805&CODE_STATE=getMsg HTTP/1.1" 200 27
116.238.168.124 - - [07/Sep/2021:08:22:43 +0800] "GET /xingrg/kc/buy/cgsh_order_operate.html?command=get_materiel&rest_code=00102&code=00101008223&supplier_code=00100008&order_time=2021-09-07 HTTP/1.1" 200 412
116.238.168.124 - - [07/Sep/2021:08:22:54 +0800] "GET /xingrg/kc/buy/cgsh_order_operate.html?command=get_materiel&rest_code=00102&code=00101008168&supplier_code=00100008&order_time=2021-09-07 HTTP/1.1" 200 413
120.253.135.82 - - [07/Sep/2021:08:22:57 +0800] "GET /xingrg/check_reg.html?_=1630973952769 HTTP/1.1" 200 22
180.169.147.146 - - [07/Sep/2021:08:22:58 +0800] "GET /xingrg/all/function/internal_message.html?_=1630974181594&CODE_STATE=getMsg HTTP/1.1" 302 -
116.238.168.124 - - [07/Sep/2021:08:23:05 +0800] "GET /xingrg/kc/buy/cgsh_order_operate.html?command=get_materiel&rest_code=00102&code=00101008261&supplier_code=00100008&order_time=2021-09-07 HTTP/1.1" 200 409
180.169.147.146 - - [07/Sep/2021:08:23:09 +0800] "GET /xingrg/all/function/internal_message.html?_=1630974192469&CODE_STATE=getMsg HTTP/1.1" 302 -
120.253.135.82 - - [07/Sep/2021:08:23:12 +0800] "GET /xingrg/all/function/internal_message.html?_=1630973967871&CODE_STATE=getMsg HTTP/1.1" 200 27
116.238.168.124 - - [07/Sep/2021:08:23:18 +0800] "GET /xingrg/kc/buy/cgsh_order_operate.html?command=get_materiel&rest_code=00102&code=00101008219&supplier_code=00100008&order_time=2021-09-07 HTTP/1.1" 200 412
124.79.246.142 - - [07/Sep/2021:08:23:22 +0800] "GET /xingrg/all/function/internal_message.html?_=1630974660733&CODE_STATE=getMsg HTTP/1.1" 200 27
222.70.246.151 - - [07/Sep/2021:08:23:23 +0800] "GET /xingrg/all/function/internal_message.html?_=1630974209637&CODE_STATE=getMsg HTTP/1.1" 200 27
116.238.168.124 - - [07/Sep/2021:08:23:33 +0800] "GET /xingrg/kc/buy/cgsh_order_operate.html?command=get_materiel&rest_code=00102&code=00101008017&supplier_code=00100008&order_time=2021-09-07 HTTP/1.1" 200 416
116.238.168.124 - - [07/Sep/2021:08:23:35 +0800] "GET /xingrg/all/function/internal_message.html?_=1630974196862&CODE_STATE=getMsg HTTP/1.1" 200 27
116.238.168.124 - - [07/Sep/2021:08:23:41 +0800] "GET /xingrg/kc/buy/cgsh_order_operate.html?command=get_materiel&rest_code=00102&code=00101008270&supplier_code=00100008&order_time=2021-09-07 HTTP/1.1" 200 412
116.238.168.124 - - [07/Sep/2021:08:23:49 +0800] "GET /xingrg/kc/buy/cgsh_order_operate.html?command=get_materiel&rest_code=00102&code=00101008321&supplier_code=00100008&order_time=2021-09-07 HTTP/1.1" 200 412
180.169.147.146 - - [07/Sep/2021:08:23:58 +0800] "GET /xingrg/all/function/internal_message.html?_=1630974241592&CODE_STATE=getMsg HTTP/1.1" 302 -
180.169.147.146 - - [07/Sep/2021:08:24:09 +0800] "GET /xingrg/all/function/internal_message.html?_=1630974252470&CODE_STATE=getMsg HTTP/1.1" 302 -
116.238.168.124 - - [07/Sep/2021:08:24:10 +0800] "GET /xingrg/kc/buy/cgsh_order_operate.html?command=get_materiel&rest_code=00102&code=00101008361&supplier_code=00100008&order_time=2021-09-07 HTTP/1.1" 200 408
120.253.135.82 - - [07/Sep/2021:08:24:12 +0800] "GET /xingrg/all/function/internal_message.html?_=1630974027885&CODE_STATE=getMsg HTTP/1.1" 200 27
124.79.246.142 - - [07/Sep/2021:08:24:22 +0800] "GET /xingrg/all/function/internal_message.html?_=1630974720748&CODE_STATE=getMsg HTTP/1.1" 200 27
222.70.246.151 - - [07/Sep/2021:08:24:23 +0800] "GET /xingrg/all/function/internal_message.html?_=1630974269652&CODE_STATE=getMsg HTTP/1.1" 200 27
116.238.168.124 - - [07/Sep/2021:08:24:31 +0800] "POST /xingrg/kc/buy/cgsh_order_operate.html HTTP/1.1" 200 37
116.238.168.124 - - [07/Sep/2021:08:24:37 +0800] "POST /xingrg/kc/buy/cgsh_order_operate.html HTTP/1.1" 200 9192
116.238.168.124 - - [07/Sep/2021:08:24:43 +0800] "GET /xingrg/all/function/internal_message.html?_=1630974264266&CODE_STATE=getMsg HTTP/1.1" 200 27
222.70.179.190 - - [07/Sep/2021:08:24:43 +0800] "GET /xingrg/login.html HTTP/1.1" 200 7641
222.70.179.190 - - [07/Sep/2021:08:24:43 +0800] "GET /favicon.ico HTTP/1.1" 404 -
116.238.168.124 - - [07/Sep/2021:08:24:44 +0800] "POST /xingrg/kc/buy/cgsh_order_operate.html HTTP/1.1" 200 37
116.238.168.124 - - [07/Sep/2021:08:24:46 +0800] "POST /xingrg/kc/buy/cgsh_order_operate.html HTTP/1.1" 200 9192
222.70.179.190 - - [07/Sep/2021:08:24:52 +0800] "POST /xingrg/login.do HTTP/1.1" 302 -
222.70.179.190 - - [07/Sep/2021:08:24:52 +0800] "GET /xingrg/index.html?sysBaseUrl=http%3A%2F%2F180.169.147.146%3A18081%2Fxingrg%2F&costTime=48×tamp=1630974292006 HTTP/1.1" 200 17173
222.70.179.190 - - [07/Sep/2021:08:24:52 +0800] "GET /favicon.ico HTTP/1.1" 404 -
222.70.179.190 - - [07/Sep/2021:08:24:52 +0800] "POST /xingrg/all/common/load_tree.html?tree=area_rest_tree_json&manage=1 HTTP/1.1" 200 342
222.70.179.190 - - [07/Sep/2021:08:24:52 +0800] "GET /xingrg/check_reg.html?_=1630974291626 HTTP/1.1" 200 22
222.70.179.190 - - [07/Sep/2021:08:24:52 +0800] "GET /xingrg/all/function/internal_message.html?_=1630974291626&CODE_STATE=count HTTP/1.1" 200 11
222.70.179.190 - - [07/Sep/2021:08:24:52 +0800] "POST /xingrg/load_menu.html HTTP/1.1" 200 5138
222.70.179.190 - - [07/Sep/2021:08:24:53 +0800] "GET /xingrg/kc/buy/buy_main.html HTTP/1.1" 200 12412
222.70.179.190 - - [07/Sep/2021:08:24:53 +0800] "GET /xingrg/css/new_ie.css HTTP/1.1" 404 1036
116.238.168.124 - - [07/Sep/2021:08:24:54 +0800] "POST /xingrg/kc/buy/cgsh_list_operate.html HTTP/1.1" 200 2383
222.70.179.190 - - [07/Sep/2021:08:24:54 +0800] "GET /xingrg/images/yd/bt.gif HTTP/1.1" 404 1040
222.70.179.190 - - [07/Sep/2021:08:24:55 +0800] "GET /xingrg/kc/buy/cgsh_order_list.html HTTP/1.1" 200 47688
222.70.179.190 - - [07/Sep/2021:08:24:56 +0800] "POST /xingrg/kc/buy/cgsh_list_operate.html HTTP/1.1" 200 876
116.238.168.124 - - [07/Sep/2021:08:24:56 +0800] "POST /xingrg/kc/buy/cgsh_list_operate.html HTTP/1.1" 200 2383
180.169.147.146 - - [07/Sep/2021:08:24:58 +0800] "GET /xingrg/all/function/internal_message.html?_=1630974301592&CODE_STATE=getMsg HTTP/1.1" 302 -
222.70.179.190 - - [07/Sep/2021:08:24:58 +0800] "GET /xingrg/kc/buy/cgsh_order_add.html HTTP/1.1" 200 63426
222.70.179.190 - - [07/Sep/2021:08:24:59 +0800] "GET /xingrg/words/20210906122753_words.js HTTP/1.1" 304 -
222.70.179.190 - - [07/Sep/2021:08:24:59 +0800] "POST /xingrg/kc/buy/cgsh_order_operate.html HTTP/1.1" 200 8245
222.70.179.190 - - [07/Sep/2021:08:24:59 +0800] "GET /xingrg/all/common/auto_word.html?type=employee&rest_code=00111 HTTP/1.1" 200 155
222.70.179.190 - - [07/Sep/2021:08:24:59 +0800] "GET /xingrg/all/common/auto_word.html?type=employee&rest_code=00111 HTTP/1.1" 200 155
222.70.179.190 - - [07/Sep/2021:08:24:59 +0800] "GET /xingrg/javascript/easyui/themes/default/validatebox.css HTTP/1.1" 404 1104
222.70.179.190 - - [07/Sep/2021:08:25:09 +0800] "GET /xingrg/javascript/auto/indicator.gif HTTP/1.1" 404 1066
180.169.147.146 - - [07/Sep/2021:08:25:09 +0800] "GET /xingrg/all/function/internal_message.html?_=1630974312475&CODE_STATE=getMsg HTTP/1.1" 302 -
180.169.147.146 - - [07/Sep/2021:08:25:09 +0800] "GET /xingrg/check_reg.html?_=1630974312476 HTTP/1.1" 302 -
222.70.179.190 - - [07/Sep/2021:08:25:10 +0800] "GET /xingrg/javascript/jquery_tools/images/prev.gif HTTP/1.1" 404 1086
222.70.179.190 - - [07/Sep/2021:08:25:10 +0800] "GET /xingrg/javascript/jquery_tools/images/next.gif HTTP/1.1" 404 1086
116.238.168.124 - - [07/Sep/2021:08:25:11 +0800] "POST /xingrg/kc/buy/cgsh_list_operate.html HTTP/1.1" 200 572
116.238.168.124 - - [07/Sep/2021:08:25:12 +0800] "GET /xingrg/kc/buy/cgsh_order_info.html?code=212021090702670 HTTP/1.1" 200 63394
120.253.135.82 - - [07/Sep/2021:08:25:12 +0800] "GET /xingrg/all/function/internal_message.html?_=1630974088102&CODE_STATE=getMsg HTTP/1.1" 200 27
116.238.168.124 - - [07/Sep/2021:08:25:13 +0800] "GET /xingrg/javascript/easyui/themes/default/validatebox.css HTTP/1.1" 404 1104
116.238.168.124 - - [07/Sep/2021:08:25:13 +0800] "POST /xingrg/kc/buy/cgsh_order_operate.html HTTP/1.1" 200 9192
222.70.179.190 - - [07/Sep/2021:08:25:20 +0800] "GET /xingrg/kc/buy/cgsh_order_operate.html?command=get_materiel&rest_code=00111&code=00101007125&supplier_code=00100004&order_time=2021-09-07 HTTP/1.1" 200 406
58.40.7.146 - - [07/Sep/2021:08:25:22 +0800] "POST /xingrg/services/DataTransmitService HTTP/1.1" 200 524
124.79.246.142 - - [07/Sep/2021:08:25:22 +0800] "GET /xingrg/all/function/internal_message.html?_=1630974780762&CODE_STATE=getMsg HTTP/1.1" 200 27
222.70.246.151 - - [07/Sep/2021:08:25:23 +0800] "GET /xingrg/all/function/internal_message.html?_=1630974329669&CODE_STATE=getMsg HTTP/1.1" 200 27
222.70.179.190 - - [07/Sep/2021:08:25:34 +0800] "GET /xingrg/kc/buy/cgsh_order_operate.html?command=get_materiel&rest_code=00111&code=00101007081&supplier_code=00100004&order_time=2021-09-07 HTTP/1.1" 200 415
116.238.168.124 - - [07/Sep/2021:08:25:43 +0800] "GET /xingrg/all/function/internal_message.html?_=1630974324280&CODE_STATE=getMsg HTTP/1.1" 200 27
116.238.168.124 - - [07/Sep/2021:08:25:43 +0800] "POST /xingrg/kc/buy/cgsh_order_operate.html HTTP/1.1" 200 37
116.238.168.124 - - [07/Sep/2021:08:25:45 +0800] "POST /xingrg/kc/buy/cgsh_order_operate.html HTTP/1.1" 200 9194
116.238.168.124 - - [07/Sep/2021:08:25:48 +0800] "POST /xingrg/kc/buy/cgsh_list_operate.html HTTP/1.1" 200 2383
222.70.179.190 - - [07/Sep/2021:08:25:50 +0800] "GET /xingrg/kc/buy/cgsh_order_operate.html?command=get_materiel&rest_code=00111&code=00101007077&supplier_code=00100004&order_time=2021-09-07 HTTP/1.1" 200 415
222.70.179.190 - - [07/Sep/2021:08:25:52 +0800] "GET /xingrg/all/function/internal_message.html?_=1630974351659&CODE_STATE=getMsg HTTP/1.1" 200 27
116.238.168.124 - - [07/Sep/2021:08:25:53 +0800] "POST /xingrg/kc/buy/cgsh_list_operate.html HTTP/1.1" 200 568
58.40.7.146 - - [07/Sep/2021:08:25:54 +0800] "GET /xingrg/check_reg.html?_=1630974355224 HTTP/1.1" 302 -
116.238.168.124 - - [07/Sep/2021:08:25:56 +0800] "GET /xingrg/kc/buy/cgsh_order_info.html?code=212021090702669 HTTP/1.1" 200 63394
116.238.168.124 - - [07/Sep/2021:08:25:56 +0800] "GET /xingrg/javascript/easyui/themes/default/validatebox.css HTTP/1.1" 404 1104
116.238.168.124 - - [07/Sep/2021:08:25:57 +0800] "POST /xingrg/kc/buy/cgsh_order_operate.html HTTP/1.1" 200 12698
180.169.147.146 - - [07/Sep/2021:08:25:58 +0800] "GET /xingrg/all/function/internal_message.html?_=1630974361592&CODE_STATE=getMsg HTTP/1.1" 302 -
222.70.179.190 - - [07/Sep/2021:08:26:00 +0800] "GET /xingrg/kc/buy/cgsh_order_operate.html?command=get_materiel&rest_code=00111&code=00101007059&supplier_code=00100004&order_time=2021-09-07 HTTP/1.1" 200 409
116.238.168.124 - - [07/Sep/2021:08:26:05 +0800] "POST /xingrg/kc/buy/cgsh_order_operate.html HTTP/1.1" 200 37
180.169.147.146 - - [07/Sep/2021:08:26:09 +0800] "GET /xingrg/all/function/internal_message.html?_=1630974372487&CODE_STATE=getMsg HTTP/1.1" 302 -
116.238.168.124 - - [07/Sep/2021:08:26:10 +0800] "POST /xingrg/kc/buy/cgsh_order_operate.html HTTP/1.1" 200 12
116.238.168.124 - - [07/Sep/2021:08:26:12 +0800] "GET /xingrg/kc/buy/cgsh_order_info.html?code=212021090702669 HTTP/1.1" 200 58292
120.253.135.82 - - [07/Sep/2021:08:26:12 +0800] "GET /xingrg/all/function/internal_message.html?_=1630974148115&CODE_STATE=getMsg HTTP/1.1" 200 27
116.238.168.124 - - [07/Sep/2021:08:26:14 +0800] "GET /xingrg/javascript/easyui/themes/default/validatebox.css HTTP/1.1" 404 1104
116.238.168.124 - - [07/Sep/2021:08:26:14 +0800] "POST /xingrg/kc/buy/cgsh_order_operate.html HTTP/1.1" 200 10642
116.238.168.124 - - [07/Sep/2021:08:26:17 +0800] "POST /xingrg/kc/buy/cgsh_list_operate.html HTTP/1.1" 200 2031
116.238.168.124 - - [07/Sep/2021:08:26:19 +0800] "POST /xingrg/kc/buy/cgsh_list_operate.html HTTP/1.1" 200 572
116.238.168.124 - - [07/Sep/2021:08:26:20 +0800] "GET /xingrg/kc/buy/cgsh_order_info.html?code=212021090702670 HTTP/1.1" 200 63394
116.238.168.124 - - [07/Sep/2021:08:26:22 +0800] "POST /xingrg/kc/buy/cgsh_order_operate.html HTTP/1.1" 200 9194
124.79.246.142 - - [07/Sep/2021:08:26:22 +0800] "GET /xingrg/check_reg.html?_=1630974840650 HTTP/1.1" 200 22
124.79.246.142 - - [07/Sep/2021:08:26:22 +0800] "GET /xingrg/all/function/internal_message.html?_=1630974840775&CODE_STATE=getMsg HTTP/1.1" 200 27
116.238.168.124 - - [07/Sep/2021:08:26:23 +0800] "GET /xingrg/javascript/easyui/themes/default/validatebox.css HTTP/1.1" 404 1104
222.70.246.151 - - [07/Sep/2021:08:26:23 +0800] "GET /xingrg/all/function/internal_message.html?_=1630974389678&CODE_STATE=getMsg HTTP/1.1" 200 27
116.238.168.124 - - [07/Sep/2021:08:26:26 +0800] "POST /xingrg/kc/buy/cgsh_order_operate.html HTTP/1.1" 200 37
116.238.168.124 - - [07/Sep/2021:08:26:30 +0800] "POST /xingrg/kc/buy/cgsh_order_operate.html HTTP/1.1" 200 12
222.70.179.190 - - [07/Sep/2021:08:26:31 +0800] "POST /xingrg/kc/buy/cgsh_order_operate.html HTTP/1.1" 200 37
116.238.168.124 - - [07/Sep/2021:08:26:32 +0800] "GET /xingrg/kc/buy/cgsh_order_info.html?code=212021090702670 HTTP/1.1" 200 58292
222.70.179.190 - - [07/Sep/2021:08:26:33 +0800] "POST /xingrg/kc/buy/cgsh_order_operate.html HTTP/1.1" 200 4431
116.238.168.124 - - [07/Sep/2021:08:26:33 +0800] "GET /xingrg/javascript/easyui/themes/default/validatebox.css HTTP/1.1" 404 1104
116.238.168.124 - - [07/Sep/2021:08:26:34 +0800] "POST /xingrg/kc/buy/cgsh_order_operate.html HTTP/1.1" 200 7119
116.238.168.124 - - [07/Sep/2021:08:26:34 +0800] "GET /xingrg/check_reg.html?_=1630974376024 HTTP/1.1" 200 22
222.70.179.190 - - [07/Sep/2021:08:26:35 +0800] "GET /xingrg/kc/print/load_config.html?kc_code=cgsh HTTP/1.1" 200 2076
222.70.179.190 - - [07/Sep/2021:08:26:35 +0800] "GET /xingrg/kc/print/load_data.html?order_code=212021090702671&kc_code=cgsh&condition= HTTP/1.1" 200 1398
116.238.168.124 - - [07/Sep/2021:08:26:37 +0800] "POST /xingrg/kc/buy/cgsh_list_operate.html HTTP/1.1" 200 1679
116.238.168.124 - - [07/Sep/2021:08:26:38 +0800] "POST /xingrg/kc/buy/cgsh_list_operate.html HTTP/1.1" 200 559
116.238.168.124 - - [07/Sep/2021:08:26:40 +0800] "GET /xingrg/kc/buy/cgsh_order_info.html?code=212021090702668 HTTP/1.1" 200 63394
116.238.168.124 - - [07/Sep/2021:08:26:41 +0800] "POST /xingrg/kc/buy/cgsh_order_operate.html HTTP/1.1" 200 11509
116.238.168.124 - - [07/Sep/2021:08:26:42 +0800] "GET /xingrg/javascript/easyui/themes/default/validatebox.css HTTP/1.1" 404 1104
116.238.168.124 - - [07/Sep/2021:08:26:43 +0800] "GET /xingrg/all/function/internal_message.html?_=1630974384292&CODE_STATE=getMsg HTTP/1.1" 200 27
116.238.168.124 - - [07/Sep/2021:08:26:46 +0800] "POST /xingrg/kc/buy/cgsh_order_operate.html HTTP/1.1" 200 37
116.238.168.124 - - [07/Sep/2021:08:26:49 +0800] "POST /xingrg/kc/buy/cgsh_order_operate.html HTTP/1.1" 200 12
116.238.168.124 - - [07/Sep/2021:08:26:51 +0800] "GET /xingrg/kc/buy/cgsh_order_info.html?code=212021090702668 HTTP/1.1" 200 58292
222.70.179.190 - - [07/Sep/2021:08:26:52 +0800] "GET /xingrg/all/function/internal_message.html?_=1630974411643&CODE_STATE=getMsg HTTP/1.1" 200 27
116.238.168.124 - - [07/Sep/2021:08:26:53 +0800] "GET /xingrg/javascript/easyui/themes/default/validatebox.css HTTP/1.1" 404 1104
116.238.168.124 - - [07/Sep/2021:08:26:53 +0800] "POST /xingrg/kc/buy/cgsh_order_operate.html HTTP/1.1" 200 9454
116.238.168.124 - - [07/Sep/2021:08:26:54 +0800] "GET /xingrg/kc/buy/cgsh_order_add.html HTTP/1.1" 200 63385
116.238.168.124 - - [07/Sep/2021:08:26:57 +0800] "POST /xingrg/kc/buy/cgsh_order_operate.html HTTP/1.1" 200 8245
116.238.168.124 - - [07/Sep/2021:08:26:58 +0800] "GET /xingrg/javascript/easyui/themes/default/validatebox.css HTTP/1.1" 404 1104
180.169.147.146 - - [07/Sep/2021:08:26:58 +0800] "GET /xingrg/all/function/internal_message.html?_=1630974421589&CODE_STATE=getMsg HTTP/1.1" 302 -
180.169.147.146 - - [07/Sep/2021:08:26:58 +0800] "GET /xingrg/check_reg.html?_=1630974421591 HTTP/1.1" 302 -
180.169.147.146 - - [07/Sep/2021:08:27:09 +0800] "GET /xingrg/all/function/internal_message.html?_=1630974432486&CODE_STATE=getMsg HTTP/1.1" 302 -
120.253.135.82 - - [07/Sep/2021:08:27:13 +0800] "GET /xingrg/all/function/internal_message.html?_=1630974208319&CODE_STATE=getMsg HTTP/1.1" 200 27
222.70.179.190 - - [07/Sep/2021:08:27:17 +0800] "GET /xingrg/kc/print/load_data.html?order_code=212021090702671&kc_code=cgsh HTTP/1.1" 200 1398
222.70.246.151 - - [07/Sep/2021:08:27:22 +0800] "GET /xingrg/check_reg.html?_=1630974448649 HTTP/1.1" 200 22
124.79.246.142 - - [07/Sep/2021:08:27:22 +0800] "GET /xingrg/all/function/internal_message.html?_=1630974900790&CODE_STATE=getMsg HTTP/1.1" 200 27
222.70.246.151 - - [07/Sep/2021:08:27:23 +0800] "GET /xingrg/all/function/internal_message.html?_=1630974449692&CODE_STATE=getMsg HTTP/1.1" 200 27
116.238.168.124 - - [07/Sep/2021:08:27:43 +0800] "GET /xingrg/all/function/internal_message.html?_=1630974444816&CODE_STATE=getMsg HTTP/1.1" 200 27
116.238.194.18 - - [07/Sep/2021:08:27:45 +0800] "GET /xingrg/javascript/easyui/themes/default/images/button_plain_hover.png HTTP/1.1" 304 -
116.238.194.18 - - [07/Sep/2021:08:27:46 +0800] "GET /xingrg/check_reg.html?_=1630974445258 HTTP/1.1" 302 -
116.238.194.18 - - [07/Sep/2021:08:27:47 +0800] "GET /xingrg/login.html HTTP/1.1" 200 7641
222.70.179.190 - - [07/Sep/2021:08:27:52 +0800] "GET /xingrg/all/function/internal_message.html?_=1630974471640&CODE_STATE=getMsg HTTP/1.1" 200 27
120.253.135.82 - - [07/Sep/2021:08:27:57 +0800] "GET /xingrg/check_reg.html?_=1630974252777 HTTP/1.1" 200 22
180.169.147.146 - - [07/Sep/2021:08:27:58 +0800] "GET /xingrg/all/function/internal_message.html?_=1630974481589&CODE_STATE=getMsg HTTP/1.1" 302 -
116.238.194.18 - - [07/Sep/2021:08:28:00 +0800] "GET /xingrg/login.html HTTP/1.1" 200 7641
116.238.194.18 - - [07/Sep/2021:08:28:00 +0800] "GET /xingrg/images/blue/jxLogo.png HTTP/1.1" 304 -
116.238.194.18 - - [07/Sep/2021:08:28:00 +0800] "GET /xingrg/images/blue/login_bg.png HTTP/1.1" 304 -
116.238.194.18 - - [07/Sep/2021:08:28:00 +0800] "GET /xingrg/images/blue/hj.png HTTP/1.1" 304 -
116.238.194.18 - - [07/Sep/2021:08:28:00 +0800] "GET /xingrg/images/blue/srbg.png HTTP/1.1" 304 -
116.238.194.18 - - [07/Sep/2021:08:28:00 +0800] "GET /favicon.ico HTTP/1.1" 404 -
116.238.194.18 - - [07/Sep/2021:08:28:02 +0800] "POST /xingrg/login.do HTTP/1.1" 302 -
116.238.194.18 - - [07/Sep/2021:08:28:02 +0800] "GET /xingrg/index.html?sysBaseUrl=http%3A%2F%2F180.169.147.146%3A18081%2Fxingrg%2F&costTime=46×tamp=1630974482004 HTTP/1.1" 200 17179
116.238.194.18 - - [07/Sep/2021:08:28:02 +0800] "GET /xingrg/javascript/jquery_easy_ui/themes/default/easyui.css HTTP/1.1" 304 -
116.238.194.18 - - [07/Sep/2021:08:28:02 +0800] "GET /xingrg/javascript/jquery_easy_ui/themes/icon.css HTTP/1.1" 304 -
116.238.194.18 - - [07/Sep/2021:08:28:02 +0800] "GET /xingrg/javascript/jquery_easy_ui/easyui-lang-zh_CN.js HTTP/1.1" 304 -
116.238.194.18 - - [07/Sep/2021:08:28:02 +0800] "GET /xingrg/javascript/jquery-1.4.2.min.js HTTP/1.1" 304 -
116.238.194.18 - - [07/Sep/2021:08:28:02 +0800] "GET /xingrg/css/form.css HTTP/1.1" 304 -
116.238.194.18 - - [07/Sep/2021:08:28:02 +0800] "GET /xingrg/javascript/jquery.form.js HTTP/1.1" 304 -
116.238.194.18 - - [07/Sep/2021:08:28:02 +0800] "GET /xingrg/javascript/jquery_easy_ui/jquery.easyui.min.js HTTP/1.1" 304 -
116.238.194.18 - - [07/Sep/2021:08:28:02 +0800] "GET /xingrg/javascript/jquery.utils.js HTTP/1.1" 304 -
116.238.194.18 - - [07/Sep/2021:08:28:02 +0800] "GET /xingrg/javascript/jquery.timers.js HTTP/1.1" 304 -
116.238.194.18 - - [07/Sep/2021:08:28:02 +0800] "GET /favicon.ico HTTP/1.1" 404 -
116.238.194.18 - - [07/Sep/2021:08:28:02 +0800] "GET /xingrg/images/blue/navBackgound.jpg HTTP/1.1" 304 -
116.238.194.18 - - [07/Sep/2021:08:28:02 +0800] "GET /xingrg/javascript/jquery_easy_ui/themes/icons/settle_new.png HTTP/1.1" 304 -
116.238.194.18 - - [07/Sep/2021:08:28:02 +0800] "GET /xingrg/images/blue/pingpu.png HTTP/1.1" 304 -
116.238.194.18 - - [07/Sep/2021:08:28:02 +0800] "GET /xingrg/javascript/jquery_easy_ui/themes/default/images/tabs_leftarrow.png HTTP/1.1" 304 -
116.238.194.18 - - [07/Sep/2021:08:28:02 +0800] "GET /xingrg/javascript/jquery_easy_ui/themes/default/images/tabs_rightarrow.png HTTP/1.1" 304 -
116.238.194.18 - - [07/Sep/2021:08:28:02 +0800] "GET /xingrg/javascript/jquery_easy_ui/themes/default/images/panel_tool_collapse.gif HTTP/1.1" 304 -
116.238.194.18 - - [07/Sep/2021:08:28:02 +0800] "POST /xingrg/all/common/load_tree.html?tree=area_rest_tree_json&manage=1 HTTP/1.1" 200 476
116.238.194.18 - - [07/Sep/2021:08:28:03 +0800] "GET /xingrg/check_reg.html?_=1630974462062 HTTP/1.1" 200 22
116.238.194.18 - - [07/Sep/2021:08:28:03 +0800] "GET /xingrg/all/function/internal_message.html?_=1630974462061&CODE_STATE=count HTTP/1.1" 200 11
116.238.194.18 - - [07/Sep/2021:08:28:03 +0800] "GET /xingrg/javascript/jquery_easy_ui/themes/default/images/tree_arrows.gif HTTP/1.1" 304 -
116.238.194.18 - - [07/Sep/2021:08:28:03 +0800] "POST /xingrg/load_menu.html HTTP/1.1" 200 5138
116.238.194.18 - - [07/Sep/2021:08:28:04 +0800] "GET /xingrg/javascript/jquery_easy_ui/themes/default/images/tree_folder_open.gif HTTP/1.1" 304 -
116.238.194.18 - - [07/Sep/2021:08:28:04 +0800] "GET /xingrg/javascript/jquery_easy_ui/themes/icons/search_new.png HTTP/1.1" 304 -
116.238.194.18 - - [07/Sep/2021:08:28:04 +0800] "GET /xingrg/javascript/jquery_easy_ui/themes/icons/storage_new.png HTTP/1.1" 304 -
116.238.194.18 - - [07/Sep/2021:08:28:04 +0800] "GET /xingrg/javascript/jquery_easy_ui/themes/default/images/tree_folder.gif HTTP/1.1" 304 -
116.238.194.18 - - [07/Sep/2021:08:28:04 +0800] "GET /xingrg/javascript/jquery_easy_ui/themes/icons/forms_new.png HTTP/1.1" 304 -
116.238.194.18 - - [07/Sep/2021:08:28:04 +0800] "GET /xingrg/javascript/jquery_easy_ui/themes/default/images/tree_file.gif HTTP/1.1" 304 -
180.169.147.146 - - [07/Sep/2021:08:28:09 +0800] "GET /xingrg/all/function/internal_message.html?_=1630974492484&CODE_STATE=getMsg HTTP/1.1" 302 -
120.253.135.82 - - [07/Sep/2021:08:28:13 +0800] "GET /xingrg/all/function/internal_message.html?_=1630974268329&CODE_STATE=getMsg HTTP/1.1" 200 27
116.238.194.18 - - [07/Sep/2021:08:28:13 +0800] "GET /xingrg/javascript/jquery_easy_ui/themes/icons/rest.png HTTP/1.1" 304 -
116.238.194.18 - - [07/Sep/2021:08:28:13 +0800] "GET /xingrg/javascript/jquery_easy_ui/themes/icons/area.png HTTP/1.1" 304 -
124.79.246.142 - - [07/Sep/2021:08:28:22 +0800] "GET /xingrg/all/function/internal_message.html?_=1630974960802&CODE_STATE=getMsg HTTP/1.1" 200 27
222.70.246.151 - - [07/Sep/2021:08:28:23 +0800] "GET /xingrg/all/function/internal_message.html?_=1630974509705&CODE_STATE=getMsg HTTP/1.1" 200 27
116.238.168.124 - - [07/Sep/2021:08:28:43 +0800] "GET /xingrg/all/function/internal_message.html?_=1630974504819&CODE_STATE=getMsg HTTP/1.1" 200 27
222.70.179.190 - - [07/Sep/2021:08:28:52 +0800] "GET /xingrg/all/function/internal_message.html?_=1630974531639&CODE_STATE=getMsg HTTP/1.1" 200 27
180.169.147.146 - - [07/Sep/2021:08:28:58 +0800] "GET /xingrg/all/function/internal_message.html?_=1630974541589&CODE_STATE=getMsg HTTP/1.1" 302 -
116.238.194.18 - - [07/Sep/2021:08:29:03 +0800] "GET /xingrg/all/function/internal_message.html?_=1630974522073&CODE_STATE=getMsg HTTP/1.1" 200 27
180.169.147.146 - - [07/Sep/2021:08:29:09 +0800] "GET /xingrg/all/function/internal_message.html?_=1630974552485&CODE_STATE=getMsg HTTP/1.1" 302 -
120.253.135.82 - - [07/Sep/2021:08:29:13 +0800] "GET /xingrg/all/function/internal_message.html?_=1630974328342&CODE_STATE=getMsg HTTP/1.1" 200 27
124.79.246.142 - - [07/Sep/2021:08:29:22 +0800] "GET /xingrg/all/function/internal_message.html?_=1630975020817&CODE_STATE=getMsg HTTP/1.1" 200 27
222.70.246.151 - - [07/Sep/2021:08:29:23 +0800] "GET /xingrg/all/function/internal_message.html?_=1630974569720&CODE_STATE=getMsg HTTP/1.1" 200 27
116.238.168.124 - - [07/Sep/2021:08:29:44 +0800] "GET /xingrg/all/function/internal_message.html?_=1630974565337&CODE_STATE=getMsg HTTP/1.1" 200 27
222.70.179.190 - - [07/Sep/2021:08:29:52 +0800] "GET /xingrg/check_reg.html?_=1630974591639 HTTP/1.1" 200 22
222.70.179.190 - - [07/Sep/2021:08:29:52 +0800] "GET /xingrg/all/function/internal_message.html?_=1630974591641&CODE_STATE=getMsg HTTP/1.1" 200 27
180.169.147.146 - - [07/Sep/2021:08:29:58 +0800] "GET /xingrg/all/function/internal_message.html?_=1630974601592&CODE_STATE=getMsg HTTP/1.1" 302 -
116.238.194.18 - - [07/Sep/2021:08:30:03 +0800] "GET /xingrg/all/function/internal_message.html?_=1630974582088&CODE_STATE=getMsg HTTP/1.1" 200 27
180.169.147.146 - - [07/Sep/2021:08:30:09 +0800] "GET /xingrg/check_reg.html?_=1630974612490 HTTP/1.1" 302 -
180.169.147.146 - - [07/Sep/2021:08:30:09 +0800] "GET /xingrg/all/function/internal_message.html?_=1630974612512&CODE_STATE=getMsg HTTP/1.1" 302 -
124.79.246.142 - - [07/Sep/2021:08:30:22 +0800] "GET /xingrg/all/function/internal_message.html?_=1630975080827&CODE_STATE=getMsg HTTP/1.1" 200 27
222.70.246.151 - - [07/Sep/2021:08:30:23 +0800] "GET /xingrg/all/function/internal_message.html?_=1630974629738&CODE_STATE=getMsg HTTP/1.1" 200 27
116.238.168.124 - - [07/Sep/2021:08:30:44 +0800] "GET /xingrg/all/function/internal_message.html?_=1630974625350&CODE_STATE=getMsg HTTP/1.1" 200 27
222.70.179.190 - - [07/Sep/2021:08:30:52 +0800] "GET /xingrg/all/function/internal_message.html?_=1630974651640&CODE_STATE=getMsg HTTP/1.1" 200 27
58.40.7.146 - - [07/Sep/2021:08:30:54 +0800] "GET /xingrg/check_reg.html?_=1630974655201 HTTP/1.1" 302 -
180.169.147.146 - - [07/Sep/2021:08:30:58 +0800] "GET /xingrg/all/function/internal_message.html?_=1630974661591&CODE_STATE=getMsg HTTP/1.1" 302 -
116.238.194.18 - - [07/Sep/2021:08:31:03 +0800] "GET /xingrg/all/function/internal_message.html?_=1630974642101&CODE_STATE=getMsg HTTP/1.1" 200 27
180.169.147.146 - - [07/Sep/2021:08:31:09 +0800] "GET /xingrg/all/function/internal_message.html?_=1630974672492&CODE_STATE=getMsg HTTP/1.1" 302 -
124.79.246.142 - - [07/Sep/2021:08:31:22 +0800] "GET /xingrg/check_reg.html?_=1630975140658 HTTP/1.1" 200 22
124.79.246.142 - - [07/Sep/2021:08:31:23 +0800] "GET /xingrg/all/function/internal_message.html?_=1630975140845&CODE_STATE=getMsg HTTP/1.1" 200 27
222.70.246.151 - - [07/Sep/2021:08:31:23 +0800] "GET /xingrg/all/function/internal_message.html?_=1630974689746&CODE_STATE=getMsg HTTP/1.1" 200 27
116.238.168.124 - - [07/Sep/2021:08:31:36 +0800] "GET /xingrg/check_reg.html?_=1630974677569 HTTP/1.1" 200 22
116.238.168.124 - - [07/Sep/2021:08:31:44 +0800] "GET /xingrg/all/function/internal_message.html?_=1630974685384&CODE_STATE=getMsg HTTP/1.1" 200 27
222.70.179.190 - - [07/Sep/2021:08:31:52 +0800] "GET /xingrg/all/function/internal_message.html?_=1630974711641&CODE_STATE=getMsg HTTP/1.1" 200 27
180.169.147.146 - - [07/Sep/2021:08:31:58 +0800] "GET /xingrg/check_reg.html?_=1630974721589 HTTP/1.1" 302 -
180.169.147.146 - - [07/Sep/2021:08:31:58 +0800] "GET /xingrg/all/function/internal_message.html?_=1630974721592&CODE_STATE=getMsg HTTP/1.1" 302 -
116.238.194.18 - - [07/Sep/2021:08:32:03 +0800] "GET /xingrg/all/function/internal_message.html?_=1630974702114&CODE_STATE=getMsg HTTP/1.1" 200 27
180.169.147.146 - - [07/Sep/2021:08:32:09 +0800] "GET /xingrg/all/function/internal_message.html?_=1630974732489&CODE_STATE=getMsg HTTP/1.1" 302 -
222.70.246.151 - - [07/Sep/2021:08:32:22 +0800] "GET /xingrg/check_reg.html?_=1630974748657 HTTP/1.1" 200 22
124.79.246.142 - - [07/Sep/2021:08:32:23 +0800] "GET /xingrg/all/function/internal_message.html?_=1630975200859&CODE_STATE=getMsg HTTP/1.1" 200 27
222.70.246.151 - - [07/Sep/2021:08:32:23 +0800] "GET /xingrg/all/function/internal_message.html?_=1630974749760&CODE_STATE=getMsg HTTP/1.1" 200 27
116.238.168.124 - - [07/Sep/2021:08:32:41 +0800] "GET /favicon.ico HTTP/1.1" 404 -
116.238.168.124 - - [07/Sep/2021:08:32:44 +0800] "GET /xingrg/all/function/internal_message.html?_=1630974745388&CODE_STATE=getMsg HTTP/1.1" 200 27
222.70.179.190 - - [07/Sep/2021:08:32:52 +0800] "GET /xingrg/all/function/internal_message.html?_=1630974771641&CODE_STATE=getMsg HTTP/1.1" 200 27
180.169.147.146 - - [07/Sep/2021:08:32:58 +0800] "GET /xingrg/all/function/internal_message.html?_=1630974781594&CODE_STATE=getMsg HTTP/1.1" 302 -
116.238.194.18 - - [07/Sep/2021:08:33:03 +0800] "GET /xingrg/check_reg.html?_=1630974762066 HTTP/1.1" 200 22
