116.238.194.18 - - [07/Sep/2021:10:18:06 +0800] "GET /xingrg/kc/buy/cgsh_order_operate.html?command=get_materiel&rest_code=00150&code=00101008147&supplier_code=00100440&order_time=2021-09-07 HTTP/1.1" 200 416
172.20.0.100 - - [07/Sep/2021:10:18:07 +0800] "GET /xingrg/all/function/internal_message.html?_=1630981087790&CODE_STATE=getMsg HTTP/1.1" 200 27
116.238.194.18 - - [07/Sep/2021:10:18:08 +0800] "POST /xingrg/all/user/operate.html HTTP/1.1" 200 36
124.79.246.142 - - [07/Sep/2021:10:18:08 +0800] "GET /xingrg/javascript/easyui/themes/default/images/button_plain_hover.png HTTP/1.1" 304 -
124.79.246.142 - - [07/Sep/2021:10:18:08 +0800] "GET /xingrg/javascript/easyui/themes/default/images/button_plain_hover.png HTTP/1.1" 304 -
116.238.194.18 - - [07/Sep/2021:10:18:08 +0800] "GET /xingrg/index.html?sysBaseUrl=http%3A%2F%2F180.169.147.146%3A18081%2Fxingrg%2F&costTime=49×tamp=1630977363825 HTTP/1.1" 200 17177
116.238.194.18 - - [07/Sep/2021:10:18:08 +0800] "GET /xingrg/javascript/jquery_easy_ui/themes/default/easyui.css HTTP/1.1" 304 -
116.238.194.18 - - [07/Sep/2021:10:18:08 +0800] "GET /xingrg/javascript/jquery_easy_ui/themes/icon.css HTTP/1.1" 304 -
116.238.194.18 - - [07/Sep/2021:10:18:08 +0800] "GET /xingrg/css/form.css HTTP/1.1" 304 -
116.238.194.18 - - [07/Sep/2021:10:18:08 +0800] "GET /xingrg/javascript/jquery-1.4.2.min.js HTTP/1.1" 304 -
116.238.194.18 - - [07/Sep/2021:10:18:08 +0800] "GET /xingrg/javascript/jquery_easy_ui/jquery.easyui.min.js HTTP/1.1" 304 -
116.238.194.18 - - [07/Sep/2021:10:18:08 +0800] "GET /xingrg/javascript/jquery_easy_ui/easyui-lang-zh_CN.js HTTP/1.1" 304 -
116.238.194.18 - - [07/Sep/2021:10:18:08 +0800] "GET /xingrg/javascript/jquery.form.js HTTP/1.1" 304 -
116.238.194.18 - - [07/Sep/2021:10:18:08 +0800] "GET /xingrg/javascript/jquery.utils.js HTTP/1.1" 304 -
116.238.194.18 - - [07/Sep/2021:10:18:08 +0800] "GET /xingrg/javascript/jquery.timers.js HTTP/1.1" 304 -
116.238.194.18 - - [07/Sep/2021:10:18:08 +0800] "GET /xingrg/images/blue/jxLogo.png HTTP/1.1" 304 -
116.238.194.18 - - [07/Sep/2021:10:18:08 +0800] "GET /xingrg/javascript/jquery_easy_ui/themes/icons/settle_new.png HTTP/1.1" 304 -
116.238.194.18 - - [07/Sep/2021:10:18:08 +0800] "GET /xingrg/images/blue/navBackgound.jpg HTTP/1.1" 304 -
116.238.194.18 - - [07/Sep/2021:10:18:08 +0800] "POST /xingrg/all/common/load_tree.html?tree=area_rest_tree_json&manage=1 HTTP/1.1" 200 476
116.238.194.18 - - [07/Sep/2021:10:18:08 +0800] "GET /xingrg/all/function/internal_message.html?_=1630981089507&CODE_STATE=count HTTP/1.1" 200 11
116.238.194.18 - - [07/Sep/2021:10:18:08 +0800] "GET /xingrg/check_reg.html?_=1630981089508 HTTP/1.1" 200 22
116.238.194.18 - - [07/Sep/2021:10:18:08 +0800] "GET /xingrg/javascript/jquery_easy_ui/themes/default/images/tabs_rightarrow.png HTTP/1.1" 304 -
116.238.194.18 - - [07/Sep/2021:10:18:08 +0800] "GET /xingrg/javascript/jquery_easy_ui/themes/default/images/panel_tool_collapse.gif HTTP/1.1" 304 -
116.238.194.18 - - [07/Sep/2021:10:18:08 +0800] "GET /xingrg/images/blue/pingpu.png HTTP/1.1" 304 -
116.238.194.18 - - [07/Sep/2021:10:18:08 +0800] "GET /xingrg/javascript/jquery_easy_ui/themes/default/images/tabs_leftarrow.png HTTP/1.1" 304 -
116.238.194.18 - - [07/Sep/2021:10:18:08 +0800] "POST /xingrg/load_menu.html HTTP/1.1" 200 5138
124.79.246.142 - - [07/Sep/2021:10:18:08 +0800] "GET /xingrg/javascript/easyui/themes/default/images/button_plain_hover.png HTTP/1.1" 304 -
116.238.194.18 - - [07/Sep/2021:10:18:10 +0800] "GET /xingrg/kc/buy/cgsh_order_list.html HTTP/1.1" 200 47692
180.169.147.146 - - [07/Sep/2021:10:18:13 +0800] "GET /xingrg/kc/buy/cgsh_order_operate.html?command=get_materiel&rest_code=00147&code=00101008163&supplier_code=00100006&order_time=2021-09-07 HTTP/1.1" 200 23
124.79.246.142 - - [07/Sep/2021:10:18:17 +0800] "POST /xingrg/kc/buy/cgsh_order_operate.html HTTP/1.1" 200 37
101.83.145.79 - - [07/Sep/2021:10:18:18 +0800] "POST /xingrg/kc/buy/cgsh_order_operate.html HTTP/1.1" 200 88
116.230.105.26 - - [07/Sep/2021:10:18:18 +0800] "GET /xingrg/all/function/internal_message.html?_=1630981042857&CODE_STATE=getMsg HTTP/1.1" 200 27
116.238.194.18 - - [07/Sep/2021:10:18:18 +0800] "POST /xingrg/kc/buy/cgsh_list_operate.html HTTP/1.1" 200 876
116.238.194.18 - - [07/Sep/2021:10:18:19 +0800] "GET /xingrg/kc/buy/cgsh_order_operate.html?command=get_materiel&rest_code=00150&code=00101008146&supplier_code=00100440&order_time=2021-09-07 HTTP/1.1" 200 416
116.238.194.18 - - [07/Sep/2021:10:18:19 +0800] "GET /xingrg/kc/buy/cgsh_order_add.html HTTP/1.1" 200 63068
116.238.194.18 - - [07/Sep/2021:10:18:20 +0800] "GET /xingrg/javascript/easyui/themes/default/validatebox.css HTTP/1.1" 404 1104
116.238.194.18 - - [07/Sep/2021:10:18:20 +0800] "POST /xingrg/kc/buy/cgsh_order_operate.html HTTP/1.1" 200 8245
124.79.246.142 - - [07/Sep/2021:10:18:20 +0800] "POST /xingrg/kc/buy/cgsh_order_operate.html HTTP/1.1" 200 2660
124.79.246.142 - - [07/Sep/2021:10:18:21 +0800] "GET /xingrg/all/function/internal_message.html?_=1630981558879&CODE_STATE=getMsg HTTP/1.1" 200 27
116.238.194.18 - - [07/Sep/2021:10:18:21 +0800] "GET /xingrg/javascript/auto/indicator.gif HTTP/1.1" 404 1066
124.79.246.142 - - [07/Sep/2021:10:18:22 +0800] "GET /xingrg/javascript/easyui/themes/default/images/button_plain_hover.png HTTP/1.1" 304 -
124.79.246.142 - - [07/Sep/2021:10:18:22 +0800] "GET /xingrg/javascript/easyui/themes/default/images/button_plain_hover.png HTTP/1.1" 304 -
124.79.246.142 - - [07/Sep/2021:10:18:22 +0800] "GET /xingrg/javascript/easyui/themes/default/images/button_plain_hover.png HTTP/1.1" 304 -
124.79.246.142 - - [07/Sep/2021:10:18:23 +0800] "GET /xingrg/javascript/easyui/themes/default/images/button_plain_hover.png HTTP/1.1" 304 -
124.79.246.142 - - [07/Sep/2021:10:18:23 +0800] "GET /xingrg/javascript/easyui/themes/default/images/button_plain_hover.png HTTP/1.1" 304 -
124.79.246.142 - - [07/Sep/2021:10:18:23 +0800] "GET /xingrg/javascript/easyui/themes/default/images/button_plain_hover.png HTTP/1.1" 304 -
101.83.145.79 - - [07/Sep/2021:10:18:23 +0800] "POST /xingrg/kc/buy/cgsh_order_operate.html HTTP/1.1" 200 37
124.79.246.142 - - [07/Sep/2021:10:18:24 +0800] "GET /xingrg/kc/print/load_config.html?kc_code=cgsh HTTP/1.1" 200 2076
180.169.147.146 - - [07/Sep/2021:10:18:24 +0800] "GET /xingrg/all/function/internal_message.html?_=1630981096865&CODE_STATE=getMsg HTTP/1.1" 200 27
180.169.147.146 - - [07/Sep/2021:10:18:25 +0800] "POST /xingrg/kc/buy/cgsh_order_operate.html HTTP/1.1" 200 37
124.79.246.142 - - [07/Sep/2021:10:18:25 +0800] "GET /xingrg/kc/print/load_data.html?order_code=212021090702727&kc_code=cgsh&condition= HTTP/1.1" 200 684
101.83.145.79 - - [07/Sep/2021:10:18:25 +0800] "POST /xingrg/kc/buy/cgsh_order_operate.html HTTP/1.1" 200 2652
222.70.246.151 - - [07/Sep/2021:10:18:26 +0800] "GET /xingrg/all/function/internal_message.html?_=1630981113509&CODE_STATE=getMsg HTTP/1.1" 200 27
116.238.194.18 - - [07/Sep/2021:10:18:28 +0800] "POST /xingrg/kc/buy/cgsh_order_operate.html HTTP/1.1" 200 37
180.169.147.146 - - [07/Sep/2021:10:18:28 +0800] "POST /xingrg/kc/buy/cgsh_order_operate.html HTTP/1.1" 200 5601
101.83.145.79 - - [07/Sep/2021:10:18:28 +0800] "GET /xingrg/kc/print/load_data.html?order_code=212021090702729&kc_code=cgsh&condition= HTTP/1.1" 200 664
101.83.145.79 - - [07/Sep/2021:10:18:29 +0800] "GET /xingrg/all/function/internal_message.html?_=1630981111753&CODE_STATE=getMsg HTTP/1.1" 200 27
116.238.194.18 - - [07/Sep/2021:10:18:31 +0800] "POST /xingrg/kc/buy/cgsh_order_operate.html HTTP/1.1" 200 12
116.238.194.18 - - [07/Sep/2021:10:18:32 +0800] "GET /xingrg/kc/buy/cgsh_order_info.html?code=212021090702731 HTTP/1.1" 200 58279
116.238.194.18 - - [07/Sep/2021:10:18:32 +0800] "GET /xingrg/javascript/easyui/themes/default/validatebox.css HTTP/1.1" 404 1104
116.238.194.18 - - [07/Sep/2021:10:18:33 +0800] "POST /xingrg/kc/buy/cgsh_order_operate.html HTTP/1.1" 200 1207
101.83.145.79 - - [07/Sep/2021:10:18:33 +0800] "GET /xingrg/kc/buy/cgsh_order_add.html HTTP/1.1" 200 63473
116.238.194.18 - - [07/Sep/2021:10:18:33 +0800] "GET /xingrg/kc/buy/cgsh_order_operate.html?command=get_materiel&rest_code=00151&code=00101012046&supplier_code=00100347&order_time=2021-09-07 HTTP/1.1" 200 417
101.83.145.79 - - [07/Sep/2021:10:18:33 +0800] "POST /xingrg/kc/buy/cgsh_order_operate.html HTTP/1.1" 200 8245
101.83.145.79 - - [07/Sep/2021:10:18:33 +0800] "GET /xingrg/javascript/easyui/themes/default/validatebox.css HTTP/1.1" 404 1104
116.238.194.18 - - [07/Sep/2021:10:18:34 +0800] "GET /xingrg/kc/print/load_data.html?order_code=212021090702731&kc_code=cgsh&condition= HTTP/1.1" 200 971
124.79.246.142 - - [07/Sep/2021:10:18:37 +0800] "GET /xingrg/javascript/easyui/themes/default/images/button_plain_hover.png HTTP/1.1" 304 -
116.238.168.124 - - [07/Sep/2021:10:18:37 +0800] "GET /xingrg/all/function/internal_message.html?_=1630981099176&CODE_STATE=getMsg HTTP/1.1" 200 27
124.79.246.142 - - [07/Sep/2021:10:18:37 +0800] "GET /xingrg/javascript/easyui/themes/default/images/button_plain_hover.png HTTP/1.1" 304 -
124.79.246.142 - - [07/Sep/2021:10:18:37 +0800] "GET /xingrg/javascript/easyui/themes/default/images/button_plain_hover.png HTTP/1.1" 304 -
124.79.246.142 - - [07/Sep/2021:10:18:38 +0800] "GET /xingrg/css/base.css HTTP/1.1" 304 -
124.79.246.142 - - [07/Sep/2021:10:18:38 +0800] "GET /xingrg/css/site.css HTTP/1.1" 304 -
124.79.246.142 - - [07/Sep/2021:10:18:38 +0800] "GET /xingrg/javascript/easyui/themes/default/easyui.css HTTP/1.1" 304 -
124.79.246.142 - - [07/Sep/2021:10:18:38 +0800] "GET /xingrg/javascript/jquery_tools/datebox.css HTTP/1.1" 304 -
124.79.246.142 - - [07/Sep/2021:10:18:38 +0800] "GET /xingrg/javascript/auto/jquery.autocomplete.css HTTP/1.1" 304 -
124.79.246.142 - - [07/Sep/2021:10:18:38 +0800] "GET /xingrg/javascript/easyui/themes/icon.css HTTP/1.1" 304 -
124.79.246.142 - - [07/Sep/2021:10:18:38 +0800] "GET /xingrg/kc/buy/cgsh_order_add.html HTTP/1.1" 200 63432
124.79.246.142 - - [07/Sep/2021:10:18:38 +0800] "GET /xingrg/javascript/jquery_tools/fix.css HTTP/1.1" 304 -
124.79.246.142 - - [07/Sep/2021:10:18:38 +0800] "GET /xingrg/javascript/jquery_tools/jquery.tools.min.js HTTP/1.1" 304 -
124.79.246.142 - - [07/Sep/2021:10:18:38 +0800] "GET /xingrg/javascript/jquery_tools/jquery.tools.extend.js HTTP/1.1" 304 -
124.79.246.142 - - [07/Sep/2021:10:18:38 +0800] "GET /xingrg/javascript/auto/jquery.autocomplete.js HTTP/1.1" 304 -
124.79.246.142 - - [07/Sep/2021:10:18:38 +0800] "GET /xingrg/javascript/easyui/easyloader.js HTTP/1.1" 304 -
124.79.246.142 - - [07/Sep/2021:10:18:38 +0800] "GET /xingrg/javascript/jquery_tools/jquery.tools.hotkey.js HTTP/1.1" 304 -
124.79.246.142 - - [07/Sep/2021:10:18:38 +0800] "GET /xingrg/javascript/jquery_tools/jquery.tools.table.js HTTP/1.1" 304 -
124.79.246.142 - - [07/Sep/2021:10:18:38 +0800] "GET /xingrg/javascript/jquery_tools/table.css HTTP/1.1" 304 -
124.79.246.142 - - [07/Sep/2021:10:18:38 +0800] "GET /xingrg/javascript/pic_change.js HTTP/1.1" 304 -
124.79.246.142 - - [07/Sep/2021:10:18:38 +0800] "GET /xingrg/javascript/jquery.utils.js HTTP/1.1" 304 -
124.79.246.142 - - [07/Sep/2021:10:18:38 +0800] "GET /xingrg/javascript/jquery_tools/order_manager.js HTTP/1.1" 304 -
124.79.246.142 - - [07/Sep/2021:10:18:38 +0800] "GET /xingrg/javascript/json2.js HTTP/1.1" 304 -
124.79.246.142 - - [07/Sep/2021:10:18:38 +0800] "GET /xingrg/javascript/convert.js HTTP/1.1" 304 -
124.79.246.142 - - [07/Sep/2021:10:18:38 +0800] "GET /xingrg/javascript/jquery.cookie.js HTTP/1.1" 304 -
124.79.246.142 - - [07/Sep/2021:10:18:38 +0800] "GET /xingrg/javascript/print/kc_print.js HTTP/1.1" 304 -
124.79.246.142 - - [07/Sep/2021:10:18:38 +0800] "GET /xingrg/javascript/print/LodopFuncs.js HTTP/1.1" 304 -
124.79.246.142 - - [07/Sep/2021:10:18:39 +0800] "GET /xingrg/words/20210906122753_words.js HTTP/1.1" 304 -
124.79.246.142 - - [07/Sep/2021:10:18:39 +0800] "GET /xingrg/javascript/easyui/themes/default/images/menu_downarrow.png HTTP/1.1" 304 -
124.79.246.142 - - [07/Sep/2021:10:18:39 +0800] "GET /xingrg/javascript/easyui/themes/icons/copy_new.png HTTP/1.1" 304 -
124.79.246.142 - - [07/Sep/2021:10:18:39 +0800] "GET /xingrg/javascript/easyui/themes/icons/ok.png HTTP/1.1" 304 -
124.79.246.142 - - [07/Sep/2021:10:18:39 +0800] "GET /xingrg/javascript/easyui/themes/icons/cancel.png HTTP/1.1" 304 -
124.79.246.142 - - [07/Sep/2021:10:18:39 +0800] "GET /xingrg/javascript/easyui/themes/icons/template_new.png HTTP/1.1" 304 -
124.79.246.142 - - [07/Sep/2021:10:18:39 +0800] "GET /xingrg/javascript/easyui/themes/icons/print.png HTTP/1.1" 304 -
124.79.246.142 - - [07/Sep/2021:10:18:39 +0800] "GET /xingrg/javascript/easyui/plugins/jquery.parser.js HTTP/1.1" 304 -
124.79.246.142 - - [07/Sep/2021:10:18:39 +0800] "POST /xingrg/kc/buy/cgsh_order_operate.html HTTP/1.1" 200 8245
124.79.246.142 - - [07/Sep/2021:10:18:39 +0800] "GET /xingrg/javascript/easyui/themes/default/images/button_plain_hover.png HTTP/1.1" 304 -
124.79.246.142 - - [07/Sep/2021:10:18:40 +0800] "GET /xingrg/all/common/auto_word.html?type=employee&rest_code=00104 HTTP/1.1" 200 149
124.79.246.142 - - [07/Sep/2021:10:18:40 +0800] "GET /xingrg/all/common/auto_word.html?type=employee&rest_code=00104 HTTP/1.1" 200 149
124.79.246.142 - - [07/Sep/2021:10:18:40 +0800] "GET /xingrg/javascript/easyui/themes/default/images/button_plain_hover.png HTTP/1.1" 304 -
124.79.246.142 - - [07/Sep/2021:10:18:40 +0800] "GET /xingrg/javascript/easyui/themes/default/validatebox.css HTTP/1.1" 404 1104
124.79.246.142 - - [07/Sep/2021:10:18:40 +0800] "GET /xingrg/javascript/easyui/plugins/jquery.validatebox.js HTTP/1.1" 304 -
124.79.246.142 - - [07/Sep/2021:10:18:40 +0800] "GET /xingrg/javascript/easyui/plugins/jquery.numberbox.js HTTP/1.1" 304 -
124.79.246.142 - - [07/Sep/2021:10:18:40 +0800] "GET /xingrg/javascript/easyui/themes/default/images/button_plain_hover.png HTTP/1.1" 304 -
120.253.135.82 - - [07/Sep/2021:10:18:40 +0800] "GET /xingrg/all/function/internal_message.html?_=1630980895924&CODE_STATE=getMsg HTTP/1.1" 200 27
124.79.246.142 - - [07/Sep/2021:10:18:41 +0800] "GET /xingrg/javascript/easyui/plugins/jquery.draggable.js HTTP/1.1" 304 -
124.79.246.142 - - [07/Sep/2021:10:18:41 +0800] "GET /xingrg/css/images/panel_loading.gif HTTP/1.1" 304 -
124.79.246.142 - - [07/Sep/2021:10:18:41 +0800] "GET /xingrg/javascript/easyui/plugins/jquery.droppable.js HTTP/1.1" 304 -
124.79.246.142 - - [07/Sep/2021:10:18:41 +0800] "GET /xingrg/javascript/easyui/themes/default/tree.css HTTP/1.1" 404 1090
124.79.246.142 - - [07/Sep/2021:10:18:41 +0800] "GET /xingrg/javascript/easyui/plugins/jquery.tree.js HTTP/1.1" 304 -
124.79.246.142 - - [07/Sep/2021:10:18:41 +0800] "POST /xingrg/all/common/load_tree.html?tree=supplier_tree_json&isDelete=1 HTTP/1.1" 200 57687
116.238.194.18 - - [07/Sep/2021:10:18:42 +0800] "GET /xingrg/all/function/internal_message.html?_=1630981100510&CODE_STATE=getMsg HTTP/1.1" 200 27
101.83.145.79 - - [07/Sep/2021:10:18:43 +0800] "GET /xingrg/kc/buy/cgsh_order_operate.html?command=get_materiel&rest_code=00105&code=00101001125&supplier_code=00100319&order_time=2021-09-07 HTTP/1.1" 200 415
124.79.246.142 - - [07/Sep/2021:10:18:43 +0800] "GET /xingrg/javascript/easyui/themes/default/images/tree_folder_open.gif HTTP/1.1" 304 -
124.79.246.142 - - [07/Sep/2021:10:18:43 +0800] "GET /xingrg/javascript/easyui/themes/default/images/tree_folder.gif HTTP/1.1" 304 -
124.79.246.142 - - [07/Sep/2021:10:18:43 +0800] "GET /xingrg/javascript/easyui/themes/default/images/tree_file.gif HTTP/1.1" 304 -
116.238.194.18 - - [07/Sep/2021:10:18:44 +0800] "GET /xingrg/kc/buy/cgsh_order_add.html HTTP/1.1" 200 63362
116.238.194.18 - - [07/Sep/2021:10:18:44 +0800] "POST /xingrg/kc/buy/cgsh_order_operate.html HTTP/1.1" 200 8245
116.238.194.18 - - [07/Sep/2021:10:18:44 +0800] "GET /xingrg/javascript/easyui/themes/default/validatebox.css HTTP/1.1" 404 1104
180.169.147.146 - - [07/Sep/2021:10:18:46 +0800] "GET /xingrg/all/function/internal_message.html?_=1630981129374&CODE_STATE=getMsg HTTP/1.1" 200 27
116.237.74.154 - - [07/Sep/2021:10:18:48 +0800] "GET /xingrg/all/function/internal_message.html?_=1630981130789&CODE_STATE=getMsg HTTP/1.1" 200 27
116.233.79.201 - - [07/Sep/2021:10:18:48 +0800] "GET /xingrg/all/function/internal_message.html?_=1630981129585&CODE_STATE=getMsg HTTP/1.1" 200 27
183.192.95.241 - - [07/Sep/2021:10:18:49 +0800] "GET /xingrg/all/function/internal_message.html?_=1630981132106&CODE_STATE=getMsg HTTP/1.1" 200 27
183.192.95.241 - - [07/Sep/2021:10:18:49 +0800] "GET /xingrg/check_reg.html?_=1630981132110 HTTP/1.1" 200 22
222.70.179.190 - - [07/Sep/2021:10:18:50 +0800] "GET /xingrg/all/function/internal_message.html?_=1630981130124&CODE_STATE=getMsg HTTP/1.1" 200 27
116.238.194.18 - - [07/Sep/2021:10:18:54 +0800] "POST /xingrg/kc/buy/cgsh_order_operate.html HTTP/1.1" 200 37
180.169.147.146 - - [07/Sep/2021:10:18:55 +0800] "GET /xingrg/login.html HTTP/1.1" 200 7641
180.169.147.146 - - [07/Sep/2021:10:18:55 +0800] "GET /favicon.ico HTTP/1.1" 404 -
58.37.227.186 - - [07/Sep/2021:10:18:56 +0800] "GET /xingrg/all/function/internal_message.html?_=1630981013612&CODE_STATE=getMsg HTTP/1.1" 200 27
58.37.227.186 - - [07/Sep/2021:10:18:56 +0800] "GET /xingrg/check_reg.html?_=1630981013613 HTTP/1.1" 200 22
116.238.194.18 - - [07/Sep/2021:10:18:56 +0800] "POST /xingrg/kc/buy/cgsh_order_operate.html HTTP/1.1" 200 12
116.238.194.18 - - [07/Sep/2021:10:18:57 +0800] "GET /xingrg/kc/buy/cgsh_order_info.html?code=212021090702732 HTTP/1.1" 200 57969
116.238.194.18 - - [07/Sep/2021:10:18:58 +0800] "GET /xingrg/javascript/easyui/themes/default/validatebox.css HTTP/1.1" 404 1104
116.238.194.18 - - [07/Sep/2021:10:18:58 +0800] "GET /xingrg/kc/buy/cgsh_order_operate.html?command=get_materiel&rest_code=00150&code=00101006164&supplier_code=00100326&order_time=2021-09-07 HTTP/1.1" 200 415
116.238.194.18 - - [07/Sep/2021:10:18:58 +0800] "POST /xingrg/kc/buy/cgsh_order_operate.html HTTP/1.1" 200 619
58.37.227.186 - - [07/Sep/2021:10:18:58 +0800] "POST /xingrg/services/DataTransmitService HTTP/1.1" 200 524
180.169.147.146 - - [07/Sep/2021:10:18:58 +0800] "GET /xingrg/all/function/internal_message.html?_=1630981141754&CODE_STATE=getMsg HTTP/1.1" 302 -
58.37.227.186 - - [07/Sep/2021:10:18:59 +0800] "POST /xingrg/services/DataTransmitService HTTP/1.1" 200 2243
58.37.227.186 - - [07/Sep/2021:10:18:59 +0800] "POST /xingrg/services/DataTransmitService HTTP/1.1" 200 12091
116.238.194.18 - - [07/Sep/2021:10:19:00 +0800] "GET /xingrg/kc/print/load_data.html?order_code=212021090702732&kc_code=cgsh&condition= HTTP/1.1" 200 701
101.91.60.88 - - [07/Sep/2021:10:19:00 +0800] "GET /xingrg/all/function/internal_message.html?_=1630981078535&CODE_STATE=getMsg HTTP/1.1" 302 -
116.237.74.154 - - [07/Sep/2021:10:19:00 +0800] "GET /xingrg/all/function/internal_message.html?_=1630981138534&CODE_STATE=getMsg HTTP/1.1" 200 27
116.237.74.154 - - [07/Sep/2021:10:19:00 +0800] "GET /xingrg/check_reg.html?_=1630981138535 HTTP/1.1" 200 22
101.91.60.88 - - [07/Sep/2021:10:19:00 +0800] "GET /xingrg/login.html HTTP/1.1" 200 7641
58.37.227.186 - - [07/Sep/2021:10:19:00 +0800] "POST /xingrg/services/DataTransmitService HTTP/1.1" 200 2487
58.37.227.186 - - [07/Sep/2021:10:19:01 +0800] "POST /xingrg/services/DataTransmitService HTTP/1.1" 200 1431
58.37.227.186 - - [07/Sep/2021:10:19:01 +0800] "POST /xingrg/services/DataTransmitService HTTP/1.1" 200 169640
180.169.147.146 - - [07/Sep/2021:10:19:01 +0800] "POST /xingrg/login.do HTTP/1.1" 302 -
180.169.147.146 - - [07/Sep/2021:10:19:02 +0800] "GET /xingrg/index.html?sysBaseUrl=http%3A%2F%2F180.169.147.146%3A18081%2Fxingrg%2F&costTime=40×tamp=1630981141989 HTTP/1.1" 200 17179
180.169.147.146 - - [07/Sep/2021:10:19:02 +0800] "GET /favicon.ico HTTP/1.1" 404 -
180.169.147.146 - - [07/Sep/2021:10:19:02 +0800] "POST /xingrg/all/common/load_tree.html?tree=area_rest_tree_json&manage=1 HTTP/1.1" 200 351
180.169.147.146 - - [07/Sep/2021:10:19:02 +0800] "GET /xingrg/all/function/internal_message.html?_=1630981134593&CODE_STATE=count HTTP/1.1" 200 11
180.169.147.146 - - [07/Sep/2021:10:19:02 +0800] "GET /xingrg/check_reg.html?_=1630981134594 HTTP/1.1" 200 22
180.169.147.146 - - [07/Sep/2021:10:19:02 +0800] "POST /xingrg/load_menu.html HTTP/1.1" 200 5138
101.83.145.79 - - [07/Sep/2021:10:19:03 +0800] "POST /xingrg/kc/buy/cgsh_order_operate.html HTTP/1.1" 200 37
180.169.147.146 - - [07/Sep/2021:10:19:03 +0800] "GET /xingrg/kc/buy/buy_main.html HTTP/1.1" 200 12412
180.169.147.146 - - [07/Sep/2021:10:19:03 +0800] "GET /xingrg/css/new_ie.css HTTP/1.1" 404 1036
180.169.147.146 - - [07/Sep/2021:10:19:04 +0800] "GET /xingrg/images/yd/bt.gif HTTP/1.1" 404 1040
180.169.147.146 - - [07/Sep/2021:10:19:04 +0800] "GET /xingrg/kc/buy/cgsh_order_list.html HTTP/1.1" 200 47694
101.83.145.79 - - [07/Sep/2021:10:19:05 +0800] "POST /xingrg/kc/buy/cgsh_order_operate.html HTTP/1.1" 200 2662
116.238.194.18 - - [07/Sep/2021:10:19:05 +0800] "GET /xingrg/kc/buy/cgsh_order_add.html HTTP/1.1" 200 63068
116.238.194.18 - - [07/Sep/2021:10:19:06 +0800] "POST /xingrg/kc/buy/cgsh_order_operate.html HTTP/1.1" 200 8245
116.238.194.18 - - [07/Sep/2021:10:19:06 +0800] "GET /xingrg/javascript/easyui/themes/default/validatebox.css HTTP/1.1" 404 1104
180.169.147.146 - - [07/Sep/2021:10:19:06 +0800] "POST /xingrg/kc/buy/cgsh_list_operate.html HTTP/1.1" 200 1688
172.20.0.100 - - [07/Sep/2021:10:19:07 +0800] "GET /xingrg/all/function/internal_message.html?_=1630981147771&CODE_STATE=getMsg HTTP/1.1" 200 27
101.83.145.79 - - [07/Sep/2021:10:19:07 +0800] "GET /xingrg/kc/print/load_data.html?order_code=212021090702733&kc_code=cgsh&condition= HTTP/1.1" 200 673
180.169.147.146 - - [07/Sep/2021:10:19:08 +0800] "POST /xingrg/kc/buy/cgsh_list_operate.html HTTP/1.1" 200 566
116.238.194.18 - - [07/Sep/2021:10:19:08 +0800] "GET /xingrg/all/function/internal_message.html?_=1630981149518&CODE_STATE=getMsg HTTP/1.1" 200 27
180.169.147.146 - - [07/Sep/2021:10:19:08 +0800] "GET /xingrg/kc/buy/cgsh_order_info.html?code=212021090702730 HTTP/1.1" 200 63403
180.169.147.146 - - [07/Sep/2021:10:19:09 +0800] "GET /xingrg/all/common/auto_word.html?type=employee&rest_code=00147 HTTP/1.1" 200 101
180.169.147.146 - - [07/Sep/2021:10:19:09 +0800] "GET /xingrg/javascript/easyui/themes/default/validatebox.css HTTP/1.1" 404 1104
180.169.147.146 - - [07/Sep/2021:10:19:09 +0800] "GET /xingrg/all/common/auto_word.html?type=employee&rest_code=00147 HTTP/1.1" 200 101
180.169.147.146 - - [07/Sep/2021:10:19:09 +0800] "POST /xingrg/kc/buy/cgsh_order_operate.html HTTP/1.1" 200 5601
101.83.145.79 - - [07/Sep/2021:10:19:10 +0800] "GET /xingrg/kc/buy/cgsh_order_add.html HTTP/1.1" 200 63473
101.83.145.79 - - [07/Sep/2021:10:19:11 +0800] "POST /xingrg/kc/buy/cgsh_order_operate.html HTTP/1.1" 200 8245
101.83.145.79 - - [07/Sep/2021:10:19:11 +0800] "GET /xingrg/javascript/easyui/themes/default/validatebox.css HTTP/1.1" 404 1104
180.169.147.146 - - [07/Sep/2021:10:19:13 +0800] "GET /xingrg/javascript/auto/indicator.gif HTTP/1.1" 404 1066
116.238.194.18 - - [07/Sep/2021:10:19:15 +0800] "GET /xingrg/kc/buy/cgsh_order_operate.html?command=get_materiel&rest_code=00150&code=00101015128&supplier_code=00100326&order_time=2021-09-07 HTTP/1.1" 200 407
180.169.147.146 - - [07/Sep/2021:10:19:17 +0800] "GET /xingrg/kc/buy/cgsh_order_operate.html?command=get_materiel&rest_code=00147&code=00101008163&supplier_code=00100006&order_time=2021-09-07 HTTP/1.1" 200 409
116.230.105.26 - - [07/Sep/2021:10:19:18 +0800] "GET /xingrg/check_reg.html?_=1630981102856 HTTP/1.1" 200 22
116.230.105.26 - - [07/Sep/2021:10:19:18 +0800] "GET /xingrg/all/function/internal_message.html?_=1630981102858&CODE_STATE=getMsg HTTP/1.1" 200 27
124.79.246.142 - - [07/Sep/2021:10:19:21 +0800] "GET /xingrg/all/function/internal_message.html?_=1630981618886&CODE_STATE=getMsg HTTP/1.1" 200 27
222.70.246.151 - - [07/Sep/2021:10:19:27 +0800] "GET /xingrg/all/function/internal_message.html?_=1630981173742&CODE_STATE=getMsg HTTP/1.1" 200 27
101.83.145.79 - - [07/Sep/2021:10:19:28 +0800] "GET /xingrg/kc/buy/cgsh_order_operate.html?command=get_materiel&rest_code=00105&code=00101001115&supplier_code=00100089&order_time=2021-09-07 HTTP/1.1" 200 415
101.83.145.79 - - [07/Sep/2021:10:19:29 +0800] "GET /xingrg/all/function/internal_message.html?_=1630981171738&CODE_STATE=getMsg HTTP/1.1" 200 27
116.238.194.18 - - [07/Sep/2021:10:19:30 +0800] "GET /xingrg/kc/buy/cgsh_order_operate.html?command=get_materiel&rest_code=00150&code=00101010696&supplier_code=00100326&order_time=2021-09-07 HTTP/1.1" 200 398
180.169.147.146 - - [07/Sep/2021:10:19:30 +0800] "GET /xingrg/kc/buy/cgsh_order_operate.html?command=get_materiel&rest_code=00147&code=00102011260&supplier_code=00100006&order_time=2021-09-07 HTTP/1.1" 200 391
180.169.147.146 - - [07/Sep/2021:10:19:35 +0800] "GET /xingrg/kc/buy/cgsh_order_operate.html?command=get_materiel&rest_code=00147&code=00101008355&supplier_code=00100006&order_time=2021-09-07 HTTP/1.1" 200 408
116.238.168.124 - - [07/Sep/2021:10:19:36 +0800] "GET /xingrg/check_reg.html?_=1630981157578 HTTP/1.1" 200 22
116.238.168.124 - - [07/Sep/2021:10:19:38 +0800] "GET /xingrg/all/function/internal_message.html?_=1630981159301&CODE_STATE=getMsg HTTP/1.1" 200 27
101.83.145.79 - - [07/Sep/2021:10:19:39 +0800] "POST /xingrg/kc/buy/cgsh_order_operate.html HTTP/1.1" 200 37
120.253.135.82 - - [07/Sep/2021:10:19:40 +0800] "GET /xingrg/all/function/internal_message.html?_=1630980955936&CODE_STATE=getMsg HTTP/1.1" 200 27
116.238.194.18 - - [07/Sep/2021:10:19:42 +0800] "GET /xingrg/all/function/internal_message.html?_=1630981160524&CODE_STATE=getMsg HTTP/1.1" 200 27
124.79.246.142 - - [07/Sep/2021:10:19:42 +0800] "GET /xingrg/kc/buy/cgsh_order_operate.html?command=get_materiel&rest_code=00104&code=00101001115&supplier_code=00100089&order_time=2021-09-07 HTTP/1.1" 200 414
180.169.147.146 - - [07/Sep/2021:10:19:46 +0800] "GET /xingrg/all/function/internal_message.html?_=1630981189381&CODE_STATE=getMsg HTTP/1.1" 200 27
116.238.194.18 - - [07/Sep/2021:10:19:47 +0800] "POST /xingrg/kc/buy/cgsh_order_operate.html HTTP/1.1" 200 37
116.237.74.154 - - [07/Sep/2021:10:19:48 +0800] "GET /xingrg/all/function/internal_message.html?_=1630981190792&CODE_STATE=getMsg HTTP/1.1" 200 27
116.233.79.201 - - [07/Sep/2021:10:19:48 +0800] "GET /xingrg/all/function/internal_message.html?_=1630981189585&CODE_STATE=getMsg HTTP/1.1" 200 27
101.83.145.79 - - [07/Sep/2021:10:19:48 +0800] "POST /xingrg/kc/buy/cgsh_order_operate.html HTTP/1.1" 200 2657
116.238.194.18 - - [07/Sep/2021:10:19:48 +0800] "GET /xingrg/kc/buy/cgsh_order_operate.html?command=get_materiel&rest_code=00151&code=00101009027&supplier_code=00100329&order_time=2021-09-07 HTTP/1.1" 200 415
180.169.147.146 - - [07/Sep/2021:10:19:48 +0800] "GET /xingrg/kc/buy/cgsh_order_operate.html?command=get_materiel&rest_code=00147&code=00101008264&supplier_code=00100006&order_time=2021-09-07 HTTP/1.1" 200 412
101.83.145.79 - - [07/Sep/2021:10:19:49 +0800] "GET /xingrg/kc/print/load_data.html?order_code=212021090702734&kc_code=cgsh&condition= HTTP/1.1" 200 742
183.192.95.241 - - [07/Sep/2021:10:19:49 +0800] "GET /xingrg/all/function/internal_message.html?_=1630981192104&CODE_STATE=getMsg HTTP/1.1" 200 27
116.238.194.18 - - [07/Sep/2021:10:19:50 +0800] "POST /xingrg/kc/buy/cgsh_order_operate.html HTTP/1.1" 200 12
222.70.179.190 - - [07/Sep/2021:10:19:50 +0800] "GET /xingrg/all/function/internal_message.html?_=1630981190108&CODE_STATE=getMsg HTTP/1.1" 200 27
124.79.246.142 - - [07/Sep/2021:10:19:51 +0800] "GET /xingrg/javascript/easyui/themes/default/images/button_plain_hover.png HTTP/1.1" 304 -
124.79.246.142 - - [07/Sep/2021:10:19:51 +0800] "GET /xingrg/javascript/easyui/themes/default/images/button_plain_hover.png HTTP/1.1" 304 -
124.79.246.142 - - [07/Sep/2021:10:19:51 +0800] "GET /xingrg/javascript/easyui/themes/default/images/button_plain_hover.png HTTP/1.1" 304 -
124.79.246.142 - - [07/Sep/2021:10:19:51 +0800] "GET /xingrg/javascript/easyui/themes/default/images/button_plain_hover.png HTTP/1.1" 304 -
116.238.194.18 - - [07/Sep/2021:10:19:52 +0800] "GET /xingrg/kc/buy/cgsh_order_info.html?code=212021090702735 HTTP/1.1" 200 58279
116.238.194.18 - - [07/Sep/2021:10:19:52 +0800] "GET /xingrg/javascript/easyui/themes/default/validatebox.css HTTP/1.1" 404 1104
222.70.179.190 - - [07/Sep/2021:10:19:52 +0800] "GET /xingrg/check_reg.html?_=1630981191716 HTTP/1.1" 200 22
101.83.145.79 - - [07/Sep/2021:10:19:53 +0800] "GET /xingrg/kc/buy/cgsh_order_add.html HTTP/1.1" 200 63473
101.83.145.79 - - [07/Sep/2021:10:19:54 +0800] "POST /xingrg/kc/buy/cgsh_order_operate.html HTTP/1.1" 200 8245
101.83.145.79 - - [07/Sep/2021:10:19:54 +0800] "GET /xingrg/javascript/easyui/themes/default/validatebox.css HTTP/1.1" 404 1104
124.79.246.142 - - [07/Sep/2021:10:19:54 +0800] "POST /xingrg/kc/buy/cgsh_order_operate.html HTTP/1.1" 200 37
116.238.194.18 - - [07/Sep/2021:10:19:54 +0800] "POST /xingrg/kc/buy/cgsh_order_operate.html HTTP/1.1" 200 1200
58.37.227.186 - - [07/Sep/2021:10:19:56 +0800] "GET /xingrg/all/function/internal_message.html?_=1630981073611&CODE_STATE=getMsg HTTP/1.1" 200 27
116.238.194.18 - - [07/Sep/2021:10:19:56 +0800] "GET /xingrg/kc/print/load_data.html?order_code=212021090702735&kc_code=cgsh&condition= HTTP/1.1" 200 964
124.79.246.142 - - [07/Sep/2021:10:19:56 +0800] "POST /xingrg/kc/buy/cgsh_order_operate.html HTTP/1.1" 200 2658
124.79.246.142 - - [07/Sep/2021:10:19:56 +0800] "GET /xingrg/javascript/easyui/themes/default/images/button_plain_hover.png HTTP/1.1" 304 -
124.79.246.142 - - [07/Sep/2021:10:19:56 +0800] "GET /xingrg/javascript/easyui/themes/default/images/button_plain_hover.png HTTP/1.1" 304 -
124.79.246.142 - - [07/Sep/2021:10:19:57 +0800] "GET /xingrg/javascript/easyui/themes/default/images/button_plain_hover.png HTTP/1.1" 304 -
124.79.246.142 - - [07/Sep/2021:10:19:57 +0800] "GET /xingrg/kc/print/load_config.html?kc_code=cgsh HTTP/1.1" 200 2076
124.79.246.142 - - [07/Sep/2021:10:19:58 +0800] "GET /xingrg/kc/print/load_data.html?order_code=212021090702736&kc_code=cgsh&condition= HTTP/1.1" 200 751
180.169.147.146 - - [07/Sep/2021:10:19:58 +0800] "GET /xingrg/all/function/internal_message.html?_=1630981201755&CODE_STATE=getMsg HTTP/1.1" 302 -
116.237.74.154 - - [07/Sep/2021:10:20:00 +0800] "GET /xingrg/all/function/internal_message.html?_=1630981198539&CODE_STATE=getMsg HTTP/1.1" 200 27
61.151.207.141 - - [07/Sep/2021:10:20:00 +0800] "GET /xingrg/all/function/internal_message.html?_=1630981138534&CODE_STATE=getMsg HTTP/1.1" 302 -
61.151.178.166 - - [07/Sep/2021:10:20:00 +0800] "GET /xingrg/check_reg.html?_=1630981138535 HTTP/1.1" 302 -
180.169.147.146 - - [07/Sep/2021:10:20:01 +0800] "GET /xingrg/kc/buy/cgsh_order_operate.html?command=get_materiel&rest_code=00147&code=00101008360&supplier_code=00100006&order_time=2021-09-07 HTTP/1.1" 200 412
61.151.178.166 - - [07/Sep/2021:10:20:01 +0800] "GET /xingrg/login.html HTTP/1.1" 200 7641
180.169.147.146 - - [07/Sep/2021:10:20:02 +0800] "GET /xingrg/all/function/internal_message.html?_=1630981194596&CODE_STATE=getMsg HTTP/1.1" 200 27
61.151.207.141 - - [07/Sep/2021:10:20:02 +0800] "GET /xingrg/login.html HTTP/1.1" 200 7641
116.238.194.18 - - [07/Sep/2021:10:20:03 +0800] "GET /xingrg/kc/buy/cgsh_order_add.html HTTP/1.1" 200 63362
180.169.147.146 - - [07/Sep/2021:10:20:03 +0800] "GET /xingrg/check_reg.html?_=1630981205098 HTTP/1.1" 302 -
116.238.194.18 - - [07/Sep/2021:10:20:03 +0800] "POST /xingrg/kc/buy/cgsh_order_operate.html HTTP/1.1" 200 8245
116.238.194.18 - - [07/Sep/2021:10:20:03 +0800] "GET /xingrg/javascript/easyui/themes/default/validatebox.css HTTP/1.1" 404 1104
172.20.0.100 - - [07/Sep/2021:10:20:07 +0800] "GET /xingrg/all/function/internal_message.html?_=1630981207755&CODE_STATE=getMsg HTTP/1.1" 200 27
101.83.145.79 - - [07/Sep/2021:10:20:07 +0800] "GET /xingrg/kc/buy/cgsh_order_operate.html?command=get_materiel&rest_code=00105&code=00101007032&supplier_code=00100328&order_time=2021-09-07 HTTP/1.1" 200 413
124.79.246.142 - - [07/Sep/2021:10:20:07 +0800] "GET /xingrg/javascript/easyui/themes/default/images/button_plain_hover.png HTTP/1.1" 304 -
124.79.246.142 - - [07/Sep/2021:10:20:07 +0800] "GET /xingrg/javascript/easyui/themes/default/images/button_plain_hover.png HTTP/1.1" 304 -
124.79.246.142 - - [07/Sep/2021:10:20:07 +0800] "GET /xingrg/kc/buy/cgsh_order_add.html HTTP/1.1" 200 63432
124.79.246.142 - - [07/Sep/2021:10:20:07 +0800] "GET /xingrg/javascript/jquery_tools/datebox.css HTTP/1.1" 304 -
124.79.246.142 - - [07/Sep/2021:10:20:07 +0800] "GET /xingrg/javascript/easyui/themes/icon.css HTTP/1.1" 304 -
124.79.246.142 - - [07/Sep/2021:10:20:07 +0800] "GET /xingrg/javascript/auto/jquery.autocomplete.css HTTP/1.1" 304 -
124.79.246.142 - - [07/Sep/2021:10:20:07 +0800] "GET /xingrg/css/site.css HTTP/1.1" 304 -
124.79.246.142 - - [07/Sep/2021:10:20:07 +0800] "GET /xingrg/javascript/easyui/themes/default/easyui.css HTTP/1.1" 304 -
124.79.246.142 - - [07/Sep/2021:10:20:07 +0800] "GET /xingrg/javascript/jquery_tools/table.css HTTP/1.1" 304 -
124.79.246.142 - - [07/Sep/2021:10:20:07 +0800] "GET /xingrg/css/base.css HTTP/1.1" 304 -
124.79.246.142 - - [07/Sep/2021:10:20:07 +0800] "GET /xingrg/javascript/jquery_tools/fix.css HTTP/1.1" 304 -
124.79.246.142 - - [07/Sep/2021:10:20:07 +0800] "GET /xingrg/javascript/pic_change.js HTTP/1.1" 304 -
124.79.246.142 - - [07/Sep/2021:10:20:07 +0800] "GET /xingrg/javascript/jquery_tools/jquery.tools.min.js HTTP/1.1" 304 -
124.79.246.142 - - [07/Sep/2021:10:20:07 +0800] "GET /xingrg/javascript/jquery_tools/jquery.tools.extend.js HTTP/1.1" 304 -
124.79.246.142 - - [07/Sep/2021:10:20:07 +0800] "GET /xingrg/javascript/jquery_tools/jquery.tools.hotkey.js HTTP/1.1" 304 -
124.79.246.142 - - [07/Sep/2021:10:20:07 +0800] "GET /xingrg/javascript/easyui/easyloader.js HTTP/1.1" 304 -
124.79.246.142 - - [07/Sep/2021:10:20:07 +0800] "GET /xingrg/javascript/jquery_tools/jquery.tools.table.js HTTP/1.1" 304 -
124.79.246.142 - - [07/Sep/2021:10:20:07 +0800] "GET /xingrg/javascript/auto/jquery.autocomplete.js HTTP/1.1" 304 -
124.79.246.142 - - [07/Sep/2021:10:20:07 +0800] "GET /xingrg/javascript/jquery.utils.js HTTP/1.1" 304 -
124.79.246.142 - - [07/Sep/2021:10:20:07 +0800] "GET /xingrg/javascript/convert.js HTTP/1.1" 304 -
124.79.246.142 - - [07/Sep/2021:10:20:07 +0800] "GET /xingrg/javascript/jquery_tools/order_manager.js HTTP/1.1" 304 -
124.79.246.142 - - [07/Sep/2021:10:20:07 +0800] "GET /xingrg/javascript/jquery.cookie.js HTTP/1.1" 304 -
124.79.246.142 - - [07/Sep/2021:10:20:07 +0800] "GET /xingrg/javascript/print/kc_print.js HTTP/1.1" 304 -
124.79.246.142 - - [07/Sep/2021:10:20:07 +0800] "GET /xingrg/javascript/json2.js HTTP/1.1" 304 -
124.79.246.142 - - [07/Sep/2021:10:20:07 +0800] "GET /xingrg/javascript/print/LodopFuncs.js HTTP/1.1" 304 -
180.169.147.146 - - [07/Sep/2021:10:20:08 +0800] "POST /xingrg/kc/buy/cgsh_order_operate.html HTTP/1.1" 200 2065
116.238.194.18 - - [07/Sep/2021:10:20:08 +0800] "GET /xingrg/all/function/internal_message.html?_=1630981209514&CODE_STATE=getMsg HTTP/1.1" 200 27
124.79.246.142 - - [07/Sep/2021:10:20:08 +0800] "GET /xingrg/words/20210906122753_words.js HTTP/1.1" 304 -
124.79.246.142 - - [07/Sep/2021:10:20:09 +0800] "GET /xingrg/javascript/easyui/themes/icons/copy_new.png HTTP/1.1" 304 -
124.79.246.142 - - [07/Sep/2021:10:20:09 +0800] "GET /xingrg/javascript/easyui/themes/icons/ok.png HTTP/1.1" 304 -
124.79.246.142 - - [07/Sep/2021:10:20:09 +0800] "GET /xingrg/javascript/easyui/themes/icons/template_new.png HTTP/1.1" 304 -
124.79.246.142 - - [07/Sep/2021:10:20:09 +0800] "GET /xingrg/javascript/easyui/themes/icons/print.png HTTP/1.1" 304 -
124.79.246.142 - - [07/Sep/2021:10:20:09 +0800] "GET /xingrg/javascript/easyui/themes/default/images/menu_downarrow.png HTTP/1.1" 304 -
124.79.246.142 - - [07/Sep/2021:10:20:09 +0800] "GET /xingrg/javascript/easyui/themes/icons/cancel.png HTTP/1.1" 304 -
124.79.246.142 - - [07/Sep/2021:10:20:09 +0800] "GET /xingrg/javascript/easyui/plugins/jquery.parser.js HTTP/1.1" 304 -
124.79.246.142 - - [07/Sep/2021:10:20:09 +0800] "POST /xingrg/kc/buy/cgsh_order_operate.html HTTP/1.1" 200 8245
124.79.246.142 - - [07/Sep/2021:10:20:09 +0800] "GET /xingrg/all/common/auto_word.html?type=employee&rest_code=00104 HTTP/1.1" 200 149
124.79.246.142 - - [07/Sep/2021:10:20:09 +0800] "GET /xingrg/all/common/auto_word.html?type=employee&rest_code=00104 HTTP/1.1" 200 149
124.79.246.142 - - [07/Sep/2021:10:20:09 +0800] "GET /xingrg/javascript/easyui/themes/default/validatebox.css HTTP/1.1" 404 1104
124.79.246.142 - - [07/Sep/2021:10:20:09 +0800] "GET /xingrg/javascript/easyui/plugins/jquery.validatebox.js HTTP/1.1" 304 -
124.79.246.142 - - [07/Sep/2021:10:20:09 +0800] "GET /xingrg/javascript/easyui/plugins/jquery.numberbox.js HTTP/1.1" 304 -
180.169.147.146 - - [07/Sep/2021:10:20:12 +0800] "GET /xingrg/check_reg.html?_=1630981214049 HTTP/1.1" 302 -
116.238.194.18 - - [07/Sep/2021:10:20:13 +0800] "GET /xingrg/kc/buy/cgsh_order_operate.html?command=get_materiel&rest_code=00150&code=00101006067&supplier_code=00100330&order_time=2021-09-07 HTTP/1.1" 200 409
116.238.194.18 - - [07/Sep/2021:10:20:14 +0800] "GET /xingrg/kc/buy/cgsh_order_operate.html?command=get_materiel&rest_code=00151&code=00101010648&supplier_code=00100329&order_time=2021-09-07 HTTP/1.1" 200 423
124.79.246.142 - - [07/Sep/2021:10:20:14 +0800] "GET /xingrg/javascript/easyui/plugins/jquery.draggable.js HTTP/1.1" 304 -
124.79.246.142 - - [07/Sep/2021:10:20:14 +0800] "GET /xingrg/css/images/panel_loading.gif HTTP/1.1" 304 -
124.79.246.142 - - [07/Sep/2021:10:20:15 +0800] "GET /xingrg/javascript/easyui/plugins/jquery.droppable.js HTTP/1.1" 304 -
124.79.246.142 - - [07/Sep/2021:10:20:15 +0800] "GET /xingrg/javascript/easyui/themes/default/tree.css HTTP/1.1" 404 1090
124.79.246.142 - - [07/Sep/2021:10:20:15 +0800] "GET /xingrg/javascript/easyui/plugins/jquery.tree.js HTTP/1.1" 304 -
124.79.246.142 - - [07/Sep/2021:10:20:15 +0800] "POST /xingrg/all/common/load_tree.html?tree=supplier_tree_json&isDelete=1 HTTP/1.1" 200 57687
180.169.147.146 - - [07/Sep/2021:10:20:16 +0800] "GET /xingrg/kc/buy/cgsh_order_operate.html?command=get_materiel&rest_code=00147&code=00101008069&supplier_code=00100006&order_time=2021-09-07 HTTP/1.1" 200 412
124.79.246.142 - - [07/Sep/2021:10:20:17 +0800] "GET /xingrg/javascript/easyui/themes/default/images/tree_folder_open.gif HTTP/1.1" 304 -
124.79.246.142 - - [07/Sep/2021:10:20:17 +0800] "GET /xingrg/javascript/easyui/themes/default/images/tree_folder.gif HTTP/1.1" 304 -
124.79.246.142 - - [07/Sep/2021:10:20:17 +0800] "GET /xingrg/javascript/easyui/themes/default/images/tree_file.gif HTTP/1.1" 304 -
116.230.105.26 - - [07/Sep/2021:10:20:18 +0800] "GET /xingrg/all/function/internal_message.html?_=1630981162854&CODE_STATE=getMsg HTTP/1.1" 200 27
124.79.246.142 - - [07/Sep/2021:10:20:21 +0800] "GET /xingrg/all/function/internal_message.html?_=1630981678902&CODE_STATE=getMsg HTTP/1.1" 200 27
116.238.194.18 - - [07/Sep/2021:10:20:22 +0800] "GET /xingrg/kc/buy/cgsh_order_operate.html?command=get_materiel&rest_code=00150&code=00101018011&supplier_code=00100330&order_time=2021-09-07 HTTP/1.1" 200 413
116.238.194.18 - - [07/Sep/2021:10:20:22 +0800] "GET /xingrg/kc/buy/cgsh_order_operate.html?command=get_materiel&rest_code=00151&code=00101010631&supplier_code=00100329&order_time=2021-09-07 HTTP/1.1" 200 405
116.233.79.201 - - [07/Sep/2021:10:20:23 +0800] "GET /xingrg/login.html HTTP/1.1" 200 7641
116.233.79.201 - - [07/Sep/2021:10:20:23 +0800] "GET /xingrg/images/blue/jxLogo.png HTTP/1.1" 200 6156
116.233.79.201 - - [07/Sep/2021:10:20:24 +0800] "GET /xingrg/images/blue/hj.png HTTP/1.1" 200 1014
116.233.79.201 - - [07/Sep/2021:10:20:24 +0800] "GET /xingrg/images/blue/srbg.png HTTP/1.1" 200 138
116.233.79.201 - - [07/Sep/2021:10:20:24 +0800] "GET /xingrg/images/blue/login_bg.png HTTP/1.1" 200 22101
116.233.79.201 - - [07/Sep/2021:10:20:24 +0800] "GET /favicon.ico HTTP/1.1" 404 -
180.169.147.146 - - [07/Sep/2021:10:20:26 +0800] "GET /xingrg/kc/buy/cgsh_order_operate.html?command=get_materiel&rest_code=00147&code=00102010745&supplier_code=00100006&order_time=2021-09-07 HTTP/1.1" 200 408
222.70.246.151 - - [07/Sep/2021:10:20:27 +0800] "GET /xingrg/all/function/internal_message.html?_=1630981233754&CODE_STATE=getMsg HTTP/1.1" 200 27
116.238.194.18 - - [07/Sep/2021:10:20:28 +0800] "GET /xingrg/kc/buy/cgsh_order_operate.html?command=get_materiel&rest_code=00150&code=00101018007&supplier_code=00100330&order_time=2021-09-07 HTTP/1.1" 200 409
101.83.145.79 - - [07/Sep/2021:10:20:29 +0800] "GET /xingrg/all/function/internal_message.html?_=1630981231739&CODE_STATE=getMsg HTTP/1.1" 200 27
116.233.79.201 - - [07/Sep/2021:10:20:31 +0800] "POST /xingrg/login.do HTTP/1.1" 302 -
116.233.79.201 - - [07/Sep/2021:10:20:31 +0800] "GET /xingrg/index.html?sysBaseUrl=http%3A%2F%2F180.169.147.146%3A18081%2Fxingrg%2F&costTime=56×tamp=1630981231740 HTTP/1.1" 200 17413
116.233.79.201 - - [07/Sep/2021:10:20:31 +0800] "GET /xingrg/javascript/jquery_easy_ui/themes/icon.css HTTP/1.1" 200 3949
116.233.79.201 - - [07/Sep/2021:10:20:31 +0800] "GET /xingrg/css/form.css HTTP/1.1" 200 893
116.233.79.201 - - [07/Sep/2021:10:20:31 +0800] "GET /xingrg/javascript/jquery-1.4.2.min.js HTTP/1.1" 200 72205
116.233.79.201 - - [07/Sep/2021:10:20:31 +0800] "GET /xingrg/javascript/jquery_easy_ui/themes/default/easyui.css HTTP/1.1" 200 26500
116.233.79.201 - - [07/Sep/2021:10:20:31 +0800] "GET /xingrg/javascript/jquery_easy_ui/jquery.easyui.min.js HTTP/1.1" 200 213662
116.233.79.201 - - [07/Sep/2021:10:20:31 +0800] "GET /xingrg/javascript/jquery_easy_ui/easyui-lang-zh_CN.js HTTP/1.1" 200 1900
116.233.79.201 - - [07/Sep/2021:10:20:31 +0800] "GET /xingrg/javascript/jquery.timers.js HTTP/1.1" 200 3532
116.233.79.201 - - [07/Sep/2021:10:20:31 +0800] "GET /xingrg/javascript/jquery.form.js HTTP/1.1" 200 23110
116.233.79.201 - - [07/Sep/2021:10:20:31 +0800] "GET /xingrg/javascript/jquery.utils.js HTTP/1.1" 200 11805
116.233.79.201 - - [07/Sep/2021:10:20:31 +0800] "GET /favicon.ico HTTP/1.1" 404 -
180.169.147.146 - - [07/Sep/2021:10:20:32 +0800] "GET /xingrg/kc/buy/cgsh_order_operate.html?command=get_materiel&rest_code=00147&code=00101008286&supplier_code=00100006&order_time=2021-09-07 HTTP/1.1" 200 408
116.233.79.201 - - [07/Sep/2021:10:20:32 +0800] "GET /xingrg/javascript/jquery_easy_ui/themes/icons/settle_new.png HTTP/1.1" 200 826
116.233.79.201 - - [07/Sep/2021:10:20:32 +0800] "GET /xingrg/images/blue/navBackgound.jpg HTTP/1.1" 200 12378
116.233.79.201 - - [07/Sep/2021:10:20:32 +0800] "POST /xingrg/all/common/load_tree.html?tree=area_rest_tree_json&manage=1 HTTP/1.1" 200 342
116.233.79.201 - - [07/Sep/2021:10:20:32 +0800] "GET /xingrg/check_reg.html?_=1630981237985 HTTP/1.1" 200 22
116.233.79.201 - - [07/Sep/2021:10:20:32 +0800] "GET /xingrg/images/blue/pingpu.png HTTP/1.1" 200 231
116.233.79.201 - - [07/Sep/2021:10:20:32 +0800] "GET /xingrg/javascript/jquery_easy_ui/themes/default/images/tabs_leftarrow.png HTTP/1.1" 200 389
116.233.79.201 - - [07/Sep/2021:10:20:32 +0800] "GET /xingrg/all/function/internal_message.html?_=1630981237984&CODE_STATE=count HTTP/1.1" 200 11
116.233.79.201 - - [07/Sep/2021:10:20:32 +0800] "GET /xingrg/javascript/jquery_easy_ui/themes/default/images/panel_tool_expand.gif HTTP/1.1" 200 247
116.233.79.201 - - [07/Sep/2021:10:20:32 +0800] "GET /xingrg/javascript/jquery_easy_ui/themes/default/images/tabs_rightarrow.png HTTP/1.1" 200 395
116.233.79.201 - - [07/Sep/2021:10:20:32 +0800] "GET /xingrg/javascript/jquery_easy_ui/themes/default/images/panel_tool_collapse.gif HTTP/1.1" 200 246
116.233.79.201 - - [07/Sep/2021:10:20:32 +0800] "POST /xingrg/load_menu.html HTTP/1.1" 200 9959
116.233.79.201 - - [07/Sep/2021:10:20:32 +0800] "GET /xingrg/javascript/jquery_easy_ui/themes/default/images/tree_folder_open.gif HTTP/1.1" 200 956
116.233.79.201 - - [07/Sep/2021:10:20:32 +0800] "GET /xingrg/javascript/jquery_easy_ui/themes/default/images/tree_arrows.gif HTTP/1.1" 200 1043
116.233.79.201 - - [07/Sep/2021:10:20:32 +0800] "GET /xingrg/javascript/jquery_easy_ui/themes/icons/search_new.png HTTP/1.1" 200 586
116.233.79.201 - - [07/Sep/2021:10:20:32 +0800] "GET /xingrg/javascript/jquery_easy_ui/themes/default/images/tree_folder.gif HTTP/1.1" 200 952
116.233.79.201 - - [07/Sep/2021:10:20:32 +0800] "GET /xingrg/javascript/jquery_easy_ui/themes/icons/storage_new.png HTTP/1.1" 200 853
116.233.79.201 - - [07/Sep/2021:10:20:32 +0800] "GET /xingrg/javascript/jquery_easy_ui/themes/icons/forms_new.png HTTP/1.1" 200 350
116.233.79.201 - - [07/Sep/2021:10:20:32 +0800] "GET /xingrg/javascript/jquery_easy_ui/themes/icons/checkout_new.png HTTP/1.1" 200 744
116.233.79.201 - - [07/Sep/2021:10:20:32 +0800] "GET /xingrg/javascript/jquery_easy_ui/themes/icons/setting_new.png HTTP/1.1" 200 450
116.233.79.201 - - [07/Sep/2021:10:20:32 +0800] "GET /xingrg/javascript/jquery_easy_ui/themes/icons/systemset_new.png HTTP/1.1" 200 606
116.233.79.201 - - [07/Sep/2021:10:20:32 +0800] "GET /xingrg/javascript/jquery_easy_ui/themes/default/images/tree_file.gif HTTP/1.1" 200 118
116.238.194.18 - - [07/Sep/2021:10:20:32 +0800] "GET /xingrg/kc/buy/cgsh_order_operate.html?command=get_materiel&rest_code=00151&code=00101007119&supplier_code=00100329&order_time=2021-09-07 HTTP/1.1" 200 422
101.83.145.79 - - [07/Sep/2021:10:20:35 +0800] "GET /xingrg/kc/buy/cgsh_order_operate.html?command=get_materiel&rest_code=00105&code=00101007085&supplier_code=00100328&order_time=2021-09-07 HTTP/1.1" 200 413
116.233.79.201 - - [07/Sep/2021:10:20:36 +0800] "GET /xingrg/javascript/jquery_easy_ui/themes/default/images/tabs_close.gif HTTP/1.1" 200 829
116.233.79.201 - - [07/Sep/2021:10:20:36 +0800] "GET /xingrg/kc/base/base_main.html HTTP/1.1" 200 12142
116.233.79.201 - - [07/Sep/2021:10:20:36 +0800] "GET /xingrg/javascript/pic_change.js HTTP/1.1" 200 4739
116.233.79.201 - - [07/Sep/2021:10:20:36 +0800] "GET /xingrg/css/blue.css HTTP/1.1" 200 15949
116.233.79.201 - - [07/Sep/2021:10:20:36 +0800] "GET /xingrg/images/blue/button/wlsy.gif HTTP/1.1" 200 2536
116.233.79.201 - - [07/Sep/2021:10:20:36 +0800] "GET /xingrg/javascript/myfunction.js HTTP/1.1" 200 24559
116.233.79.201 - - [07/Sep/2021:10:20:36 +0800] "GET /xingrg/images/blue/button/ckpd.gif HTTP/1.1" 200 2051
116.233.79.201 - - [07/Sep/2021:10:20:36 +0800] "GET /xingrg/images/blue/button/kc.gif HTTP/1.1" 200 2160
116.233.79.201 - - [07/Sep/2021:10:20:36 +0800] "GET /xingrg/images/blue/button/ckdb.gif HTTP/1.1" 200 1950
116.233.79.201 - - [07/Sep/2021:10:20:36 +0800] "GET /xingrg/images/blue/button/yddb.gif HTTP/1.1" 200 2040
116.233.79.201 - - [07/Sep/2021:10:20:36 +0800] "GET /xingrg/images/blue/pic_form2.gif HTTP/1.1" 200 1853
116.233.79.201 - - [07/Sep/2021:10:20:36 +0800] "GET /xingrg/images/blue/bg_dotted.jpg HTTP/1.1" 200 319
116.233.79.201 - - [07/Sep/2021:10:20:36 +0800] "GET /xingrg/images/blue/button/top_left.jpg HTTP/1.1" 200 1632
116.233.79.201 - - [07/Sep/2021:10:20:36 +0800] "GET /xingrg/images/blue/button/top_right.jpg HTTP/1.1" 200 1708
116.233.79.201 - - [07/Sep/2021:10:20:36 +0800] "GET /xingrg/images/blue/button/down.jpg HTTP/1.1" 200 1560
116.233.79.201 - - [07/Sep/2021:10:20:36 +0800] "GET /xingrg/images/blue/button/right_ah.jpg HTTP/1.1" 200 1744
116.233.79.201 - - [07/Sep/2021:10:20:36 +0800] "GET /xingrg/images/blue/button/left_ah.jpg HTTP/1.1" 200 1643
116.233.79.201 - - [07/Sep/2021:10:20:36 +0800] "GET /xingrg/images/blue/button/bottom_left.jpg HTTP/1.1" 200 1524
116.233.79.201 - - [07/Sep/2021:10:20:36 +0800] "GET /xingrg/images/blue/button/bottom_right.jpg HTTP/1.1" 200 1436
116.238.168.124 - - [07/Sep/2021:10:20:38 +0800] "GET /xingrg/all/function/internal_message.html?_=1630981219304&CODE_STATE=getMsg HTTP/1.1" 200 27
116.233.79.201 - - [07/Sep/2021:10:20:38 +0800] "GET /xingrg/kc/mdqp/qp_main.html HTTP/1.1" 200 10633
116.233.79.201 - - [07/Sep/2021:10:20:38 +0800] "GET /xingrg/javascript/ToolTips.js HTTP/1.1" 200 5615
116.233.79.201 - - [07/Sep/2021:10:20:38 +0800] "GET /xingrg/javascript/jquery_ui/jquery-ui.min.js HTTP/1.1" 200 186181
116.233.79.201 - - [07/Sep/2021:10:20:38 +0800] "GET /xingrg/images/blue/button/cgxqd.gif HTTP/1.1" 200 2619
116.233.79.201 - - [07/Sep/2021:10:20:38 +0800] "GET /xingrg/images/blue/button/qqpsd.gif HTTP/1.1" 200 2548
116.233.79.201 - - [07/Sep/2021:10:20:38 +0800] "GET /xingrg/images/blue/button/pszx.gif HTTP/1.1" 200 2648
116.233.79.201 - - [07/Sep/2021:10:20:38 +0800] "GET /xingrg/images/blue/button/psshd.gif HTTP/1.1" 200 2692
116.233.79.201 - - [07/Sep/2021:10:20:38 +0800] "GET /xingrg/javascript/jquery_ui/themes/humanity/humanity.css HTTP/1.1" 200 27801
116.238.194.18 - - [07/Sep/2021:10:20:38 +0800] "POST /xingrg/kc/buy/cgsh_order_operate.html HTTP/1.1" 200 37
116.233.79.201 - - [07/Sep/2021:10:20:38 +0800] "GET /xingrg/javascript/jquery_ui/themes/humanity/images/ui-bg_inset-soft_100_f4f0ec_1x100.png HTTP/1.1" 200 141
116.233.79.201 - - [07/Sep/2021:10:20:38 +0800] "GET /xingrg/images/blue/button/down_ah.jpg HTTP/1.1" 200 1732
116.233.79.201 - - [07/Sep/2021:10:20:38 +0800] "GET /xingrg/javascript/jquery_ui/themes/humanity/images/ui-bg_glass_70_ede4d4_1x400.png HTTP/1.1" 200 161
116.233.79.201 - - [07/Sep/2021:10:20:38 +0800] "GET /xingrg/javascript/jquery_ui/themes/humanity/images/ui-icons_c47a23_256x240.png HTTP/1.1" 200 5355
116.233.79.201 - - [07/Sep/2021:10:20:38 +0800] "GET /xingrg/javascript/jquery_ui/themes/humanity/images/ui-iconsnew.jpg HTTP/1.1" 200 337
116.233.79.201 - - [07/Sep/2021:10:20:38 +0800] "GET /xingrg/javascript/jquery_ui/themes/humanity/images/ui-icons_ffffff_256x240.png HTTP/1.1" 200 4369
116.233.79.201 - - [07/Sep/2021:10:20:39 +0800] "GET /xingrg/kc/buy/buy_main.html HTTP/1.1" 200 12412
116.233.79.201 - - [07/Sep/2021:10:20:39 +0800] "GET /xingrg/css/new_ie.css HTTP/1.1" 404 1036
116.233.79.201 - - [07/Sep/2021:10:20:39 +0800] "GET /xingrg/images/blue/button/cgshd.gif HTTP/1.1" 200 2618
116.233.79.201 - - [07/Sep/2021:10:20:39 +0800] "GET /xingrg/images/blue/button/cgydd.gif HTTP/1.1" 200 2712
