116.233.79.201 - - [07/Sep/2021:09:17:56 +0800] "GET /xingrg/kc/buy/cgsh_order_add.html HTTP/1.1" 200 63467
116.233.79.201 - - [07/Sep/2021:09:17:56 +0800] "GET /xingrg/javascript/easyui/themes/default/validatebox.css HTTP/1.1" 404 1104
116.233.79.201 - - [07/Sep/2021:09:17:56 +0800] "GET /xingrg/all/common/auto_word.html?type=employee&rest_code=00109 HTTP/1.1" 200 255
116.233.79.201 - - [07/Sep/2021:09:17:56 +0800] "POST /xingrg/kc/buy/cgsh_order_operate.html HTTP/1.1" 200 8245
116.233.79.201 - - [07/Sep/2021:09:17:56 +0800] "GET /xingrg/all/common/auto_word.html?type=employee&rest_code=00109 HTTP/1.1" 200 255
180.169.147.146 - - [07/Sep/2021:09:17:58 +0800] "GET /xingrg/all/function/internal_message.html?_=1630977481661&CODE_STATE=getMsg HTTP/1.1" 302 -
116.238.194.18 - - [07/Sep/2021:09:18:00 +0800] "GET /xingrg/kc/buy/cgsh_order_operate.html?command=get_materiel&rest_code=00151&code=00101008371&supplier_code=00100007&order_time=2021-09-07 HTTP/1.1" 200 412
116.238.194.18 - - [07/Sep/2021:09:18:04 +0800] "GET /xingrg/all/function/internal_message.html?_=1630977485045&CODE_STATE=getMsg HTTP/1.1" 200 27
116.237.74.154 - - [07/Sep/2021:09:18:06 +0800] "GET /favicon.ico HTTP/1.1" 404 -
180.169.147.146 - - [07/Sep/2021:09:18:09 +0800] "GET /xingrg/all/function/internal_message.html?_=1630977492540&CODE_STATE=getMsg HTTP/1.1" 302 -
116.238.194.18 - - [07/Sep/2021:09:18:11 +0800] "GET /xingrg/kc/buy/cgsh_order_operate.html?command=get_materiel&rest_code=00151&code=00101008357&supplier_code=00100007&order_time=2021-09-07 HTTP/1.1" 200 408
116.230.105.26 - - [07/Sep/2021:09:18:13 +0800] "GET /xingrg/kc/buy/cgsh_order_add.html HTTP/1.1" 200 63394
116.230.105.26 - - [07/Sep/2021:09:18:13 +0800] "GET /xingrg/javascript/easyui/themes/default/validatebox.css HTTP/1.1" 404 1104
116.230.105.26 - - [07/Sep/2021:09:18:13 +0800] "POST /xingrg/kc/buy/cgsh_order_operate.html HTTP/1.1" 200 8245
116.238.194.18 - - [07/Sep/2021:09:18:17 +0800] "GET /xingrg/all/function/internal_message.html?_=1630977476014&CODE_STATE=getMsg HTTP/1.1" 200 27
116.238.194.18 - - [07/Sep/2021:09:18:19 +0800] "POST /xingrg/kc/buy/cgsh_order_operate.html HTTP/1.1" 200 37
116.238.194.18 - - [07/Sep/2021:09:18:20 +0800] "POST /xingrg/kc/buy/cgsh_order_operate.html HTTP/1.1" 200 14070
222.70.246.151 - - [07/Sep/2021:09:18:24 +0800] "GET /xingrg/all/function/internal_message.html?_=1630977510495&CODE_STATE=getMsg HTTP/1.1" 200 27
116.233.79.201 - - [07/Sep/2021:09:18:25 +0800] "GET /xingrg/all/function/internal_message.html?_=1630977506123&CODE_STATE=getMsg HTTP/1.1" 200 27
116.230.105.26 - - [07/Sep/2021:09:18:27 +0800] "GET /xingrg/kc/buy/cgsh_order_operate.html?command=get_materiel&rest_code=00155&code=00101008350&supplier_code=00100005&order_time=2021-09-07 HTTP/1.1" 200 408
101.83.145.79 - - [07/Sep/2021:09:18:29 +0800] "GET /xingrg/all/function/internal_message.html?_=1630977511666&CODE_STATE=getMsg HTTP/1.1" 200 27
116.238.194.18 - - [07/Sep/2021:09:18:33 +0800] "GET /xingrg/kc/buy/cgsh_order_operate.html?command=get_materiel&rest_code=00151&code=00101008300&supplier_code=00100007&order_time=2021-09-07 HTTP/1.1" 200 412
116.230.105.26 - - [07/Sep/2021:09:18:36 +0800] "GET /xingrg/kc/buy/cgsh_order_operate.html?command=get_materiel&rest_code=00155&code=00101008149&supplier_code=00100005&order_time=2021-09-07 HTTP/1.1" 200 408
116.238.194.18 - - [07/Sep/2021:09:18:43 +0800] "POST /xingrg/kc/buy/cgsh_order_operate.html HTTP/1.1" 200 37
116.230.105.26 - - [07/Sep/2021:09:18:45 +0800] "GET /xingrg/kc/buy/cgsh_order_operate.html?command=get_materiel&rest_code=00155&code=00101008185&supplier_code=00100005&order_time=2021-09-07 HTTP/1.1" 200 408
116.238.194.18 - - [07/Sep/2021:09:18:45 +0800] "GET /xingrg/kc/buy/cgsh_order_operate.html?command=get_materiel&rest_code=00151&code=00101008286&supplier_code=00100007&order_time=2021-09-07 HTTP/1.1" 200 408
116.238.194.18 - - [07/Sep/2021:09:18:49 +0800] "POST /xingrg/kc/buy/cgsh_order_operate.html HTTP/1.1" 200 12
116.237.74.154 - - [07/Sep/2021:09:18:51 +0800] "GET /xingrg/login.html HTTP/1.1" 200 7641
116.238.194.18 - - [07/Sep/2021:09:18:51 +0800] "GET /xingrg/kc/buy/cgsh_order_info.html?code=212021090702689 HTTP/1.1" 200 57967
116.238.194.18 - - [07/Sep/2021:09:18:51 +0800] "GET /xingrg/javascript/easyui/themes/default/validatebox.css HTTP/1.1" 404 1104
222.70.179.190 - - [07/Sep/2021:09:18:51 +0800] "GET /xingrg/all/function/internal_message.html?_=1630977531162&CODE_STATE=getMsg HTTP/1.1" 200 27
116.238.194.18 - - [07/Sep/2021:09:18:52 +0800] "POST /xingrg/kc/buy/cgsh_order_operate.html HTTP/1.1" 200 4818
116.238.194.18 - - [07/Sep/2021:09:18:53 +0800] "GET /xingrg/kc/print/load_config.html?kc_code=cgsh HTTP/1.1" 200 2076
116.238.194.18 - - [07/Sep/2021:09:18:54 +0800] "GET /xingrg/kc/print/load_data.html?order_code=212021090702689&kc_code=cgsh&condition= HTTP/1.1" 200 2318
116.237.74.154 - - [07/Sep/2021:09:18:54 +0800] "GET /favicon.ico HTTP/1.1" 404 -
116.230.105.26 - - [07/Sep/2021:09:18:54 +0800] "GET /xingrg/kc/buy/cgsh_order_operate.html?command=get_materiel&rest_code=00155&code=00101008148&supplier_code=00100005&order_time=2021-09-07 HTTP/1.1" 200 416
116.238.194.18 - - [07/Sep/2021:09:18:54 +0800] "GET /xingrg/kc/buy/cgsh_order_operate.html?command=get_materiel&rest_code=00151&code=00101008356&supplier_code=00100007&order_time=2021-09-07 HTTP/1.1" 200 408
116.230.105.26 - - [07/Sep/2021:09:18:55 +0800] "GET /xingrg/all/function/internal_message.html?_=1630977480315&CODE_STATE=getMsg HTTP/1.1" 200 27
180.169.147.146 - - [07/Sep/2021:09:18:58 +0800] "GET /xingrg/all/function/internal_message.html?_=1630977541661&CODE_STATE=getMsg HTTP/1.1" 302 -
116.237.74.154 - - [07/Sep/2021:09:18:58 +0800] "POST /xingrg/login.do HTTP/1.1" 302 -
116.237.74.154 - - [07/Sep/2021:09:18:59 +0800] "GET /xingrg/index.html?sysBaseUrl=http%3A%2F%2F180.169.147.146%3A18081%2Fxingrg%2F&costTime=162×tamp=1630977538927 HTTP/1.1" 200 17173
116.237.74.154 - - [07/Sep/2021:09:18:59 +0800] "POST /xingrg/all/common/load_tree.html?tree=area_rest_tree_json&manage=1 HTTP/1.1" 200 342
116.237.74.154 - - [07/Sep/2021:09:19:00 +0800] "GET /xingrg/check_reg.html?_=1630977538444 HTTP/1.1" 200 22
116.237.74.154 - - [07/Sep/2021:09:19:00 +0800] "GET /xingrg/all/function/internal_message.html?_=1630977538443&CODE_STATE=count HTTP/1.1" 200 11
116.237.74.154 - - [07/Sep/2021:09:19:00 +0800] "POST /xingrg/load_menu.html HTTP/1.1" 200 5138
116.237.74.154 - - [07/Sep/2021:09:19:00 +0800] "GET /favicon.ico HTTP/1.1" 404 -
116.230.105.26 - - [07/Sep/2021:09:19:00 +0800] "GET /xingrg/kc/buy/cgsh_order_operate.html?command=get_materiel&rest_code=00155&code=00101008371&supplier_code=00100005&order_time=2021-09-07 HTTP/1.1" 200 412
116.238.194.18 - - [07/Sep/2021:09:19:02 +0800] "GET /xingrg/kc/buy/cgsh_order_operate.html?command=get_materiel&rest_code=00151&code=00101008224&supplier_code=00100007&order_time=2021-09-07 HTTP/1.1" 200 416
116.238.194.18 - - [07/Sep/2021:09:19:04 +0800] "POST /xingrg/all/user/operate.html HTTP/1.1" 200 36
116.238.194.18 - - [07/Sep/2021:09:19:04 +0800] "GET /xingrg/index.html?sysBaseUrl=http%3A%2F%2F180.169.147.146%3A18081%2Fxingrg%2F&costTime=49×tamp=1630977363825 HTTP/1.1" 200 17179
116.238.194.18 - - [07/Sep/2021:09:19:04 +0800] "GET /xingrg/javascript/jquery_easy_ui/themes/default/easyui.css HTTP/1.1" 304 -
116.238.194.18 - - [07/Sep/2021:09:19:04 +0800] "GET /xingrg/javascript/jquery_easy_ui/themes/icon.css HTTP/1.1" 304 -
116.238.194.18 - - [07/Sep/2021:09:19:04 +0800] "GET /xingrg/css/form.css HTTP/1.1" 304 -
116.238.194.18 - - [07/Sep/2021:09:19:04 +0800] "GET /xingrg/javascript/jquery-1.4.2.min.js HTTP/1.1" 304 -
116.238.194.18 - - [07/Sep/2021:09:19:04 +0800] "GET /xingrg/javascript/jquery_easy_ui/jquery.easyui.min.js HTTP/1.1" 304 -
116.238.194.18 - - [07/Sep/2021:09:19:04 +0800] "GET /xingrg/javascript/jquery_easy_ui/easyui-lang-zh_CN.js HTTP/1.1" 304 -
116.238.194.18 - - [07/Sep/2021:09:19:04 +0800] "GET /xingrg/javascript/jquery.form.js HTTP/1.1" 304 -
116.238.194.18 - - [07/Sep/2021:09:19:04 +0800] "GET /xingrg/javascript/jquery.utils.js HTTP/1.1" 304 -
116.238.194.18 - - [07/Sep/2021:09:19:04 +0800] "GET /xingrg/javascript/jquery.timers.js HTTP/1.1" 304 -
116.238.194.18 - - [07/Sep/2021:09:19:04 +0800] "GET /xingrg/images/blue/jxLogo.png HTTP/1.1" 304 -
116.238.194.18 - - [07/Sep/2021:09:19:04 +0800] "GET /xingrg/images/blue/navBackgound.jpg HTTP/1.1" 304 -
116.238.194.18 - - [07/Sep/2021:09:19:04 +0800] "GET /xingrg/javascript/jquery_easy_ui/themes/icons/settle_new.png HTTP/1.1" 304 -
116.238.194.18 - - [07/Sep/2021:09:19:04 +0800] "POST /xingrg/all/common/load_tree.html?tree=area_rest_tree_json&manage=1 HTTP/1.1" 200 476
116.238.194.18 - - [07/Sep/2021:09:19:04 +0800] "GET /xingrg/check_reg.html?_=1630977545399 HTTP/1.1" 200 22
116.238.194.18 - - [07/Sep/2021:09:19:04 +0800] "GET /xingrg/all/function/internal_message.html?_=1630977545398&CODE_STATE=count HTTP/1.1" 200 11
116.238.194.18 - - [07/Sep/2021:09:19:04 +0800] "GET /xingrg/javascript/jquery_easy_ui/themes/default/images/tabs_rightarrow.png HTTP/1.1" 304 -
116.238.194.18 - - [07/Sep/2021:09:19:04 +0800] "GET /xingrg/images/blue/pingpu.png HTTP/1.1" 304 -
116.238.194.18 - - [07/Sep/2021:09:19:04 +0800] "GET /xingrg/javascript/jquery_easy_ui/themes/default/images/panel_tool_collapse.gif HTTP/1.1" 304 -
116.238.194.18 - - [07/Sep/2021:09:19:04 +0800] "GET /xingrg/javascript/jquery_easy_ui/themes/default/images/tabs_leftarrow.png HTTP/1.1" 304 -
116.238.194.18 - - [07/Sep/2021:09:19:04 +0800] "POST /xingrg/load_menu.html HTTP/1.1" 200 5138
116.230.105.26 - - [07/Sep/2021:09:19:07 +0800] "GET /xingrg/kc/buy/cgsh_order_operate.html?command=get_materiel&rest_code=00155&code=00101008213&supplier_code=00100005&order_time=2021-09-07 HTTP/1.1" 200 412
180.169.147.146 - - [07/Sep/2021:09:19:09 +0800] "GET /xingrg/all/function/internal_message.html?_=1630977552539&CODE_STATE=getMsg HTTP/1.1" 302 -
116.238.194.18 - - [07/Sep/2021:09:19:09 +0800] "GET /xingrg/kc/buy/cgsh_order_operate.html?command=get_materiel&rest_code=00151&code=00101012039&supplier_code=00100007&order_time=2021-09-07 HTTP/1.1" 200 408
116.238.194.18 - - [07/Sep/2021:09:19:11 +0800] "GET /xingrg/kc/buy/cgsh_order_list.html HTTP/1.1" 200 47694
116.230.105.26 - - [07/Sep/2021:09:19:13 +0800] "GET /xingrg/kc/buy/cgsh_order_operate.html?command=get_materiel&rest_code=00155&code=00101008298&supplier_code=00100005&order_time=2021-09-07 HTTP/1.1" 200 412
116.238.194.18 - - [07/Sep/2021:09:19:13 +0800] "POST /xingrg/kc/buy/cgsh_list_operate.html HTTP/1.1" 200 1708
116.233.79.201 - - [07/Sep/2021:09:19:13 +0800] "GET /xingrg/kc/buy/cgsh_order_operate.html?command=get_materiel&rest_code=00109&code=00101007049&supplier_code=00100004&order_time=2021-09-07 HTTP/1.1" 200 409
116.238.194.18 - - [07/Sep/2021:09:19:14 +0800] "GET /xingrg/kc/buy/cgsh_order_add.html HTTP/1.1" 200 63350
116.238.194.18 - - [07/Sep/2021:09:19:14 +0800] "GET /xingrg/all/common/auto_word.html?type=employee&rest_code=00150 HTTP/1.1" 200 205
116.238.194.18 - - [07/Sep/2021:09:19:14 +0800] "GET /xingrg/all/common/auto_word.html?type=employee&rest_code=00150 HTTP/1.1" 200 205
116.238.194.18 - - [07/Sep/2021:09:19:14 +0800] "GET /xingrg/javascript/easyui/themes/default/validatebox.css HTTP/1.1" 404 1104
116.238.194.18 - - [07/Sep/2021:09:19:15 +0800] "POST /xingrg/kc/buy/cgsh_order_operate.html HTTP/1.1" 200 8245
116.238.194.18 - - [07/Sep/2021:09:19:15 +0800] "GET /xingrg/javascript/auto/indicator.gif HTTP/1.1" 404 1066
116.238.194.18 - - [07/Sep/2021:09:19:16 +0800] "POST /xingrg/kc/buy/cgsh_order_operate.html HTTP/1.1" 200 37
116.238.194.18 - - [07/Sep/2021:09:19:18 +0800] "POST /xingrg/kc/buy/cgsh_order_operate.html HTTP/1.1" 200 17069
116.230.105.26 - - [07/Sep/2021:09:19:19 +0800] "GET /xingrg/kc/buy/cgsh_order_operate.html?command=get_materiel&rest_code=00155&code=00101008256&supplier_code=00100005&order_time=2021-09-07 HTTP/1.1" 200 412
116.233.79.201 - - [07/Sep/2021:09:19:20 +0800] "GET /xingrg/kc/buy/cgsh_order_operate.html?command=get_materiel&rest_code=00109&code=00101007061&supplier_code=00100004&order_time=2021-09-07 HTTP/1.1" 200 409
222.70.246.151 - - [07/Sep/2021:09:19:24 +0800] "GET /xingrg/all/function/internal_message.html?_=1630977570508&CODE_STATE=getMsg HTTP/1.1" 200 27
116.233.79.201 - - [07/Sep/2021:09:19:25 +0800] "GET /xingrg/all/function/internal_message.html?_=1630977566125&CODE_STATE=getMsg HTTP/1.1" 200 27
116.238.194.18 - - [07/Sep/2021:09:19:25 +0800] "GET /xingrg/kc/buy/cgsh_order_operate.html?command=get_materiel&rest_code=00151&code=00101012051&supplier_code=00100007&order_time=2021-09-07 HTTP/1.1" 200 408
116.238.194.18 - - [07/Sep/2021:09:19:25 +0800] "GET /xingrg/kc/buy/cgsh_order_operate.html?command=get_materiel&rest_code=00150&code=00101006130&supplier_code=00100196&order_time=2021-09-07 HTTP/1.1" 200 427
116.230.105.26 - - [07/Sep/2021:09:19:26 +0800] "GET /xingrg/kc/buy/cgsh_order_operate.html?command=get_materiel&rest_code=00155&code=00101008080&supplier_code=00100005&order_time=2021-09-07 HTTP/1.1" 200 416
101.83.145.79 - - [07/Sep/2021:09:19:29 +0800] "GET /xingrg/all/function/internal_message.html?_=1630977571667&CODE_STATE=getMsg HTTP/1.1" 200 27
116.230.105.26 - - [07/Sep/2021:09:19:32 +0800] "GET /xingrg/kc/buy/cgsh_order_operate.html?command=get_materiel&rest_code=00155&code=00101008331&supplier_code=00100005&order_time=2021-09-07 HTTP/1.1" 200 416
116.237.74.154 - - [07/Sep/2021:09:19:33 +0800] "GET /xingrg/kc/buy/buy_main.html HTTP/1.1" 200 12412
116.237.74.154 - - [07/Sep/2021:09:19:33 +0800] "GET /xingrg/css/new_ie.css HTTP/1.1" 404 1036
116.238.194.18 - - [07/Sep/2021:09:19:33 +0800] "GET /xingrg/kc/buy/cgsh_order_operate.html?command=get_materiel&rest_code=00151&code=00101008088&supplier_code=00100007&order_time=2021-09-07 HTTP/1.1" 200 408
116.237.74.154 - - [07/Sep/2021:09:19:36 +0800] "GET /xingrg/images/yd/bt.gif HTTP/1.1" 404 1040
116.237.74.154 - - [07/Sep/2021:09:19:36 +0800] "GET /xingrg/kc/buy/cgsh_order_list.html HTTP/1.1" 200 47688
116.237.74.154 - - [07/Sep/2021:09:19:38 +0800] "POST /xingrg/kc/buy/cgsh_list_operate.html HTTP/1.1" 200 876
180.169.147.146 - - [07/Sep/2021:09:19:38 +0800] "GET /xingrg/check_reg.html?_=1630977581329 HTTP/1.1" 302 -
116.230.105.26 - - [07/Sep/2021:09:19:39 +0800] "GET /xingrg/kc/buy/cgsh_order_operate.html?command=get_materiel&rest_code=00155&code=00101008010&supplier_code=00100005&order_time=2021-09-07 HTTP/1.1" 200 412
116.238.194.18 - - [07/Sep/2021:09:19:40 +0800] "GET /xingrg/kc/buy/cgsh_order_operate.html?command=get_materiel&rest_code=00150&code=00101006184&supplier_code=00100196&order_time=2021-09-07 HTTP/1.1" 200 408
116.238.194.18 - - [07/Sep/2021:09:19:43 +0800] "GET /xingrg/kc/buy/cgsh_order_operate.html?command=get_materiel&rest_code=00151&code=00101016025&supplier_code=00100007&order_time=2021-09-07 HTTP/1.1" 200 408
116.230.105.26 - - [07/Sep/2021:09:19:46 +0800] "GET /xingrg/kc/buy/cgsh_order_operate.html?command=get_materiel&rest_code=00155&code=00101008584&supplier_code=00100005&order_time=2021-09-07 HTTP/1.1" 200 396
116.237.74.154 - - [07/Sep/2021:09:19:47 +0800] "GET /xingrg/kc/buy/cgsh_order_add.html HTTP/1.1" 200 63432
116.237.74.154 - - [07/Sep/2021:09:19:47 +0800] "GET /xingrg/words/20210906122753_words.js HTTP/1.1" 304 -
116.237.74.154 - - [07/Sep/2021:09:19:48 +0800] "GET /xingrg/all/common/auto_word.html?type=employee&rest_code=00106 HTTP/1.1" 200 205
116.237.74.154 - - [07/Sep/2021:09:19:48 +0800] "GET /xingrg/javascript/easyui/themes/default/validatebox.css HTTP/1.1" 404 1104
116.237.74.154 - - [07/Sep/2021:09:19:48 +0800] "GET /xingrg/all/common/auto_word.html?type=employee&rest_code=00106 HTTP/1.1" 200 205
116.237.74.154 - - [07/Sep/2021:09:19:48 +0800] "POST /xingrg/kc/buy/cgsh_order_operate.html HTTP/1.1" 200 8245
116.238.194.18 - - [07/Sep/2021:09:19:48 +0800] "GET /xingrg/kc/buy/cgsh_order_operate.html?command=get_materiel&rest_code=00150&code=00101006055&supplier_code=00100196&order_time=2021-09-07 HTTP/1.1" 200 411
116.237.74.154 - - [07/Sep/2021:09:19:49 +0800] "GET /xingrg/javascript/easyui/themes/default/tree.css HTTP/1.1" 404 1090
116.237.74.154 - - [07/Sep/2021:09:19:49 +0800] "POST /xingrg/all/common/load_tree.html?tree=supplier_tree_json&isDelete=1 HTTP/1.1" 200 57687
116.238.194.18 - - [07/Sep/2021:09:19:50 +0800] "GET /xingrg/kc/buy/cgsh_order_operate.html?command=get_materiel&rest_code=00151&code=00101008353&supplier_code=00100007&order_time=2021-09-07 HTTP/1.1" 200 408
222.70.179.190 - - [07/Sep/2021:09:19:51 +0800] "GET /xingrg/all/function/internal_message.html?_=1630977591135&CODE_STATE=getMsg HTTP/1.1" 200 27
116.230.105.26 - - [07/Sep/2021:09:19:52 +0800] "GET /xingrg/kc/buy/cgsh_order_operate.html?command=get_materiel&rest_code=00155&code=00101008559&supplier_code=00100005&order_time=2021-09-07 HTTP/1.1" 200 399
222.70.179.190 - - [07/Sep/2021:09:19:52 +0800] "GET /xingrg/check_reg.html?_=1630977591666 HTTP/1.1" 200 22
116.230.105.26 - - [07/Sep/2021:09:19:55 +0800] "GET /xingrg/check_reg.html?_=1630977540296 HTTP/1.1" 200 22
116.230.105.26 - - [07/Sep/2021:09:19:55 +0800] "GET /xingrg/all/function/internal_message.html?_=1630977540297&CODE_STATE=getMsg HTTP/1.1" 200 27
116.230.105.26 - - [07/Sep/2021:09:19:56 +0800] "GET /xingrg/kc/buy/cgsh_order_operate.html?command=get_materiel&rest_code=00155&code=00101019891&supplier_code=00100005&order_time=2021-09-07 HTTP/1.1" 200 396
116.238.194.18 - - [07/Sep/2021:09:19:57 +0800] "GET /xingrg/kc/buy/cgsh_order_operate.html?command=get_materiel&rest_code=00150&code=00101006065&supplier_code=00100196&order_time=2021-09-07 HTTP/1.1" 200 411
180.169.147.146 - - [07/Sep/2021:09:19:58 +0800] "GET /xingrg/all/function/internal_message.html?_=1630977601660&CODE_STATE=getMsg HTTP/1.1" 302 -
116.237.74.154 - - [07/Sep/2021:09:19:59 +0800] "GET /xingrg/javascript/auto/indicator.gif HTTP/1.1" 404 1066
116.238.194.18 - - [07/Sep/2021:09:20:00 +0800] "GET /xingrg/kc/buy/cgsh_order_operate.html?command=get_materiel&rest_code=00151&code=00101008362&supplier_code=00100007&order_time=2021-09-07 HTTP/1.1" 200 408
116.237.74.154 - - [07/Sep/2021:09:20:00 +0800] "GET /xingrg/all/function/internal_message.html?_=1630977598490&CODE_STATE=getMsg HTTP/1.1" 200 27
116.230.105.26 - - [07/Sep/2021:09:20:01 +0800] "GET /xingrg/kc/buy/cgsh_order_operate.html?command=get_materiel&rest_code=00155&code=00101008096&supplier_code=00100005&order_time=2021-09-07 HTTP/1.1" 200 412
116.237.74.154 - - [07/Sep/2021:09:20:03 +0800] "GET /xingrg/kc/buy/cgsh_order_operate.html?command=get_materiel&rest_code=00106&code=00101008091&supplier_code=00100007&order_time=2021-09-07 HTTP/1.1" 200 412
180.169.147.146 - - [07/Sep/2021:09:20:03 +0800] "GET /xingrg/check_reg.html?_=1630977604642 HTTP/1.1" 302 -
116.238.194.18 - - [07/Sep/2021:09:20:03 +0800] "GET /xingrg/all/function/internal_message.html?_=1630977581814&CODE_STATE=getMsg HTTP/1.1" 200 27
116.238.194.18 - - [07/Sep/2021:09:20:04 +0800] "GET /xingrg/all/function/internal_message.html?_=1630977605408&CODE_STATE=getMsg HTTP/1.1" 200 27
116.238.194.18 - - [07/Sep/2021:09:20:05 +0800] "POST /xingrg/kc/buy/cgsh_order_operate.html HTTP/1.1" 200 37
116.238.194.18 - - [07/Sep/2021:09:20:06 +0800] "POST /xingrg/kc/buy/cgsh_order_operate.html HTTP/1.1" 200 20049
116.230.105.26 - - [07/Sep/2021:09:20:08 +0800] "GET /xingrg/kc/buy/cgsh_order_operate.html?command=get_materiel&rest_code=00155&code=00101008290&supplier_code=00100005&order_time=2021-09-07 HTTP/1.1" 200 416
180.169.147.146 - - [07/Sep/2021:09:20:09 +0800] "GET /xingrg/all/function/internal_message.html?_=1630977612544&CODE_STATE=getMsg HTTP/1.1" 302 -
180.169.147.146 - - [07/Sep/2021:09:20:09 +0800] "GET /xingrg/check_reg.html?_=1630977612546 HTTP/1.1" 302 -
180.169.147.146 - - [07/Sep/2021:09:20:12 +0800] "GET /xingrg/check_reg.html?_=1630977613697 HTTP/1.1" 302 -
116.238.194.18 - - [07/Sep/2021:09:20:12 +0800] "GET /xingrg/kc/buy/cgsh_order_operate.html?command=get_materiel&rest_code=00150&code=00101006129&supplier_code=00100196&order_time=2021-09-07 HTTP/1.1" 200 433
116.230.105.26 - - [07/Sep/2021:09:20:15 +0800] "GET /xingrg/kc/buy/cgsh_order_operate.html?command=get_materiel&rest_code=00155&code=00101008477&supplier_code=00100005&order_time=2021-09-07 HTTP/1.1" 200 408
116.237.74.154 - - [07/Sep/2021:09:20:16 +0800] "GET /xingrg/kc/buy/cgsh_order_operate.html?command=get_materiel&rest_code=00106&code=00101008234&supplier_code=00100007&order_time=2021-09-07 HTTP/1.1" 200 408
116.238.194.18 - - [07/Sep/2021:09:20:16 +0800] "GET /xingrg/kc/buy/cgsh_order_operate.html?command=get_materiel&rest_code=00151&code=00101008017&supplier_code=00100007&order_time=2021-09-07 HTTP/1.1" 200 416
116.238.194.18 - - [07/Sep/2021:09:20:17 +0800] "GET /xingrg/check_reg.html?_=1630977595988 HTTP/1.1" 200 22
116.230.105.26 - - [07/Sep/2021:09:20:19 +0800] "GET /xingrg/kc/buy/cgsh_order_operate.html?command=get_materiel&rest_code=00155&code=00101008144&supplier_code=00100005&order_time=2021-09-07 HTTP/1.1" 200 412
116.237.74.154 - - [07/Sep/2021:09:20:21 +0800] "GET /xingrg/kc/buy/cgsh_order_operate.html?command=get_materiel&rest_code=00106&code=00101008155&supplier_code=00100007&order_time=2021-09-07 HTTP/1.1" 200 408
116.238.194.18 - - [07/Sep/2021:09:20:23 +0800] "GET /xingrg/kc/buy/cgsh_order_operate.html?command=get_materiel&rest_code=00151&code=00101008137&supplier_code=00100007&order_time=2021-09-07 HTTP/1.1" 200 408
222.70.246.151 - - [07/Sep/2021:09:20:24 +0800] "GET /xingrg/all/function/internal_message.html?_=1630977630636&CODE_STATE=getMsg HTTP/1.1" 200 27
116.238.194.18 - - [07/Sep/2021:09:20:24 +0800] "GET /xingrg/kc/buy/cgsh_order_operate.html?command=get_materiel&rest_code=00150&code=00101006068&supplier_code=00100196&order_time=2021-09-07 HTTP/1.1" 200 411
116.230.105.26 - - [07/Sep/2021:09:20:24 +0800] "GET /xingrg/kc/buy/cgsh_order_operate.html?command=get_materiel&rest_code=00155&code=00101008264&supplier_code=00100005&order_time=2021-09-07 HTTP/1.1" 200 412
116.233.79.201 - - [07/Sep/2021:09:20:25 +0800] "GET /xingrg/all/function/internal_message.html?_=1630977626127&CODE_STATE=getMsg HTTP/1.1" 200 27
116.233.79.201 - - [07/Sep/2021:09:20:25 +0800] "GET /xingrg/check_reg.html?_=1630977626129 HTTP/1.1" 200 22
101.83.145.79 - - [07/Sep/2021:09:20:29 +0800] "GET /xingrg/all/function/internal_message.html?_=1630977631667&CODE_STATE=getMsg HTTP/1.1" 200 27
116.238.194.18 - - [07/Sep/2021:09:20:30 +0800] "GET /xingrg/kc/buy/cgsh_order_operate.html?command=get_materiel&rest_code=00151&code=00101008033&supplier_code=00100007&order_time=2021-09-07 HTTP/1.1" 200 408
222.70.179.190 - - [07/Sep/2021:09:20:32 +0800] "POST /xingrg/kc/buy/cgsh_order_operate.html HTTP/1.1" 200 37
61.151.178.249 - - [07/Sep/2021:09:20:33 +0800] "GET /xingrg/kc/buy/buy_main.html HTTP/1.1" 302 -
116.238.194.18 - - [07/Sep/2021:09:20:34 +0800] "GET /xingrg/kc/buy/cgsh_order_operate.html?command=get_materiel&rest_code=00150&code=00101006133&supplier_code=00100196&order_time=2021-09-07 HTTP/1.1" 200 413
116.237.74.154 - - [07/Sep/2021:09:20:34 +0800] "GET /xingrg/kc/buy/cgsh_order_operate.html?command=get_materiel&rest_code=00106&code=00101008149&supplier_code=00100007&order_time=2021-09-07 HTTP/1.1" 200 408
61.151.178.249 - - [07/Sep/2021:09:20:34 +0800] "GET /xingrg/login.html HTTP/1.1" 200 7641
222.70.179.190 - - [07/Sep/2021:09:20:34 +0800] "POST /xingrg/kc/buy/cgsh_order_operate.html HTTP/1.1" 200 8019
222.70.179.190 - - [07/Sep/2021:09:20:36 +0800] "GET /xingrg/kc/print/load_data.html?order_code=212021090702690&kc_code=cgsh&condition= HTTP/1.1" 200 2818
116.238.194.18 - - [07/Sep/2021:09:20:40 +0800] "GET /xingrg/kc/buy/cgsh_order_operate.html?command=get_materiel&rest_code=00151&code=00101008049&supplier_code=00100007&order_time=2021-09-07 HTTP/1.1" 200 408
116.237.74.154 - - [07/Sep/2021:09:20:42 +0800] "GET /xingrg/kc/buy/cgsh_order_operate.html?command=get_materiel&rest_code=00106&code=00101008354&supplier_code=00100007&order_time=2021-09-07 HTTP/1.1" 200 412
116.230.105.26 - - [07/Sep/2021:09:20:42 +0800] "GET /xingrg/kc/buy/cgsh_order_operate.html?command=get_materiel&rest_code=00155&code=00101008360&supplier_code=00100005&order_time=2021-09-07 HTTP/1.1" 200 412
116.230.105.26 - - [07/Sep/2021:09:20:43 +0800] "POST /xingrg/kc/buy/cgsh_order_operate.html HTTP/1.1" 200 2065
116.238.194.18 - - [07/Sep/2021:09:20:47 +0800] "GET /xingrg/kc/buy/cgsh_order_operate.html?command=get_materiel&rest_code=00150&code=00101006087&supplier_code=00100196&order_time=2021-09-07 HTTP/1.1" 200 409
116.238.194.18 - - [07/Sep/2021:09:20:48 +0800] "GET /xingrg/kc/buy/cgsh_order_operate.html?command=get_materiel&rest_code=00151&code=00101008131&supplier_code=00100007&order_time=2021-09-07 HTTP/1.1" 200 408
101.89.19.197 - - [07/Sep/2021:09:20:48 +0800] "GET /xingrg/all/common/auto_word.html?type=employee&rest_code=00106 HTTP/1.1" 302 -
116.230.105.26 - - [07/Sep/2021:09:20:48 +0800] "GET /xingrg/kc/buy/cgsh_order_operate.html?command=get_materiel&rest_code=00155&code=00101008270&supplier_code=00100005&order_time=2021-09-07 HTTP/1.1" 200 412
101.89.19.197 - - [07/Sep/2021:09:20:49 +0800] "GET /xingrg/login.html HTTP/1.1" 200 7641
116.237.74.154 - - [07/Sep/2021:09:20:50 +0800] "GET /xingrg/kc/buy/cgsh_order_operate.html?command=get_materiel&rest_code=00106&code=00101008351&supplier_code=00100007&order_time=2021-09-07 HTTP/1.1" 200 408
222.70.179.190 - - [07/Sep/2021:09:20:51 +0800] "GET /xingrg/kc/print/load_data.html?order_code=212021090702690&kc_code=cgsh HTTP/1.1" 200 2818
222.70.179.190 - - [07/Sep/2021:09:20:51 +0800] "GET /xingrg/all/function/internal_message.html?_=1630977651117&CODE_STATE=getMsg HTTP/1.1" 200 27
172.20.0.100 - - [07/Sep/2021:09:20:52 +0800] "GET /xingrg/login.html HTTP/1.1" 200 7636
172.20.0.100 - - [07/Sep/2021:09:20:52 +0800] "GET /xingrg/images/blue/jxLogo.png HTTP/1.1" 200 6156
172.20.0.100 - - [07/Sep/2021:09:20:52 +0800] "GET /xingrg/images/blue/login_bg.png HTTP/1.1" 200 22101
172.20.0.100 - - [07/Sep/2021:09:20:52 +0800] "GET /xingrg/images/blue/hj.png HTTP/1.1" 200 1014
172.20.0.100 - - [07/Sep/2021:09:20:52 +0800] "GET /xingrg/images/blue/srbg.png HTTP/1.1" 200 138
172.20.0.100 - - [07/Sep/2021:09:20:52 +0800] "GET /favicon.ico HTTP/1.1" 404 -
116.238.194.18 - - [07/Sep/2021:09:20:53 +0800] "POST /xingrg/kc/buy/cgsh_order_operate.html HTTP/1.1" 200 37
58.40.7.146 - - [07/Sep/2021:09:20:53 +0800] "GET /xingrg/check_reg.html?_=1630977654962 HTTP/1.1" 302 -
116.238.194.18 - - [07/Sep/2021:09:20:55 +0800] "POST /xingrg/kc/buy/cgsh_order_operate.html HTTP/1.1" 200 23038
116.230.105.26 - - [07/Sep/2021:09:20:55 +0800] "GET /xingrg/kc/buy/cgsh_order_operate.html?command=get_materiel&rest_code=00155&code=00101008196&supplier_code=00100005&order_time=2021-09-07 HTTP/1.1" 200 416
116.230.105.26 - - [07/Sep/2021:09:20:55 +0800] "GET /xingrg/all/function/internal_message.html?_=1630977600324&CODE_STATE=getMsg HTTP/1.1" 200 27
116.237.74.154 - - [07/Sep/2021:09:20:57 +0800] "GET /xingrg/kc/buy/cgsh_order_operate.html?command=get_materiel&rest_code=00106&code=00101008110&supplier_code=00100007&order_time=2021-09-07 HTTP/1.1" 200 408
172.20.0.100 - - [07/Sep/2021:09:20:57 +0800] "POST /xingrg/login.do HTTP/1.1" 302 -
172.20.0.100 - - [07/Sep/2021:09:20:58 +0800] "GET /xingrg/index.html?sysBaseUrl=http%3A%2F%2F172.20.0.8%3A18081%2Fxingrg%2F&costTime=42×tamp=1630977657996 HTTP/1.1" 200 17448
172.20.0.100 - - [07/Sep/2021:09:20:58 +0800] "GET /xingrg/javascript/jquery_easy_ui/themes/default/easyui.css HTTP/1.1" 200 26500
172.20.0.100 - - [07/Sep/2021:09:20:58 +0800] "GET /xingrg/javascript/jquery_easy_ui/themes/icon.css HTTP/1.1" 200 3949
172.20.0.100 - - [07/Sep/2021:09:20:58 +0800] "GET /xingrg/css/form.css HTTP/1.1" 200 893
172.20.0.100 - - [07/Sep/2021:09:20:58 +0800] "GET /xingrg/javascript/jquery-1.4.2.min.js HTTP/1.1" 200 72205
172.20.0.100 - - [07/Sep/2021:09:20:58 +0800] "GET /xingrg/javascript/jquery_easy_ui/jquery.easyui.min.js HTTP/1.1" 200 213662
172.20.0.100 - - [07/Sep/2021:09:20:58 +0800] "GET /xingrg/javascript/jquery_easy_ui/easyui-lang-zh_CN.js HTTP/1.1" 200 1900
172.20.0.100 - - [07/Sep/2021:09:20:58 +0800] "GET /xingrg/javascript/jquery.form.js HTTP/1.1" 200 23110
172.20.0.100 - - [07/Sep/2021:09:20:58 +0800] "GET /xingrg/javascript/jquery.utils.js HTTP/1.1" 200 11805
172.20.0.100 - - [07/Sep/2021:09:20:58 +0800] "GET /xingrg/javascript/jquery.timers.js HTTP/1.1" 200 3532
172.20.0.100 - - [07/Sep/2021:09:20:58 +0800] "GET /favicon.ico HTTP/1.1" 404 -
172.20.0.100 - - [07/Sep/2021:09:20:58 +0800] "GET /xingrg/javascript/jquery_easy_ui/themes/icons/settle_new.png HTTP/1.1" 200 826
172.20.0.100 - - [07/Sep/2021:09:20:58 +0800] "GET /xingrg/images/blue/navBackgound.jpg HTTP/1.1" 200 12378
172.20.0.100 - - [07/Sep/2021:09:20:58 +0800] "POST /xingrg/all/common/load_tree.html?tree=area_rest_tree_json&manage=1 HTTP/1.1" 200 3472
172.20.0.100 - - [07/Sep/2021:09:20:58 +0800] "GET /xingrg/check_reg.html?_=1630977659126 HTTP/1.1" 200 22
172.20.0.100 - - [07/Sep/2021:09:20:58 +0800] "GET /xingrg/all/function/internal_message.html?_=1630977659125&CODE_STATE=count HTTP/1.1" 200 11
172.20.0.100 - - [07/Sep/2021:09:20:58 +0800] "GET /xingrg/images/blue/pingpu.png HTTP/1.1" 200 231
172.20.0.100 - - [07/Sep/2021:09:20:58 +0800] "GET /xingrg/javascript/jquery_easy_ui/themes/default/images/tabs_leftarrow.png HTTP/1.1" 200 389
172.20.0.100 - - [07/Sep/2021:09:20:58 +0800] "GET /xingrg/javascript/jquery_easy_ui/themes/default/images/tabs_rightarrow.png HTTP/1.1" 200 395
172.20.0.100 - - [07/Sep/2021:09:20:58 +0800] "GET /xingrg/javascript/jquery_easy_ui/themes/default/images/panel_tool_expand.gif HTTP/1.1" 200 247
172.20.0.100 - - [07/Sep/2021:09:20:58 +0800] "GET /xingrg/javascript/jquery_easy_ui/themes/default/images/panel_tool_collapse.gif HTTP/1.1" 200 246
172.20.0.100 - - [07/Sep/2021:09:20:58 +0800] "POST /xingrg/load_menu.html HTTP/1.1" 200 11529
172.20.0.100 - - [07/Sep/2021:09:20:58 +0800] "GET /xingrg/javascript/jquery_easy_ui/themes/default/images/tree_arrows.gif HTTP/1.1" 200 1043
172.20.0.100 - - [07/Sep/2021:09:20:58 +0800] "GET /xingrg/javascript/jquery_easy_ui/themes/default/images/tree_folder_open.gif HTTP/1.1" 200 956
172.20.0.100 - - [07/Sep/2021:09:20:58 +0800] "GET /xingrg/javascript/jquery_easy_ui/themes/icons/search_new.png HTTP/1.1" 200 586
172.20.0.100 - - [07/Sep/2021:09:20:58 +0800] "GET /xingrg/javascript/jquery_easy_ui/themes/icons/delivery_new.png HTTP/1.1" 200 700
172.20.0.100 - - [07/Sep/2021:09:20:58 +0800] "GET /xingrg/javascript/jquery_easy_ui/themes/icons/storage_new.png HTTP/1.1" 200 853
172.20.0.100 - - [07/Sep/2021:09:20:58 +0800] "GET /xingrg/javascript/jquery_easy_ui/themes/icons/checkout_new.png HTTP/1.1" 200 744
172.20.0.100 - - [07/Sep/2021:09:20:58 +0800] "GET /xingrg/javascript/jquery_easy_ui/themes/icons/forms_new.png HTTP/1.1" 200 350
172.20.0.100 - - [07/Sep/2021:09:20:58 +0800] "GET /xingrg/javascript/jquery_easy_ui/themes/icons/setting_new.png HTTP/1.1" 200 450
172.20.0.100 - - [07/Sep/2021:09:20:58 +0800] "GET /xingrg/javascript/jquery_easy_ui/themes/icons/systemset_new.png HTTP/1.1" 200 606
172.20.0.100 - - [07/Sep/2021:09:20:58 +0800] "GET /xingrg/javascript/jquery_easy_ui/themes/default/images/tree_file.gif HTTP/1.1" 200 118
172.20.0.100 - - [07/Sep/2021:09:20:58 +0800] "GET /xingrg/javascript/jquery_easy_ui/themes/default/images/tree_folder.gif HTTP/1.1" 200 952
180.169.147.146 - - [07/Sep/2021:09:20:58 +0800] "GET /xingrg/all/function/internal_message.html?_=1630977661660&CODE_STATE=getMsg HTTP/1.1" 302 -
172.20.0.100 - - [07/Sep/2021:09:20:59 +0800] "GET /xingrg/javascript/jquery_easy_ui/themes/icons/area.png HTTP/1.1" 200 262
172.20.0.100 - - [07/Sep/2021:09:20:59 +0800] "GET /xingrg/javascript/jquery_easy_ui/themes/icons/manage.png HTTP/1.1" 200 696
172.20.0.100 - - [07/Sep/2021:09:20:59 +0800] "GET /xingrg/javascript/jquery_easy_ui/themes/icons/rest.png HTTP/1.1" 200 695
172.20.0.100 - - [07/Sep/2021:09:20:59 +0800] "GET /xingrg/javascript/jquery_easy_ui/themes/default/images/button_a_bg.gif HTTP/1.1" 200 1194
172.20.0.100 - - [07/Sep/2021:09:20:59 +0800] "GET /xingrg/javascript/jquery_easy_ui/themes/default/images/button_span_bg.gif HTTP/1.1" 200 2061
172.20.0.100 - - [07/Sep/2021:09:20:59 +0800] "GET /xingrg/javascript/jquery_easy_ui/themes/icons/ok.png HTTP/1.1" 200 883
172.20.0.100 - - [07/Sep/2021:09:20:59 +0800] "GET /xingrg/javascript/jquery_easy_ui/themes/default/images/panel_title.png HTTP/1.1" 200 266
172.20.0.100 - - [07/Sep/2021:09:20:59 +0800] "GET /xingrg/javascript/jquery_easy_ui/themes/default/images/panel_tools.gif HTTP/1.1" 200 737
116.237.74.154 - - [07/Sep/2021:09:21:00 +0800] "GET /xingrg/all/function/internal_message.html?_=1630977658496&CODE_STATE=getMsg HTTP/1.1" 200 27
116.230.105.26 - - [07/Sep/2021:09:21:00 +0800] "GET /xingrg/kc/buy/cgsh_order_operate.html?command=get_materiel&rest_code=00155&code=00101008197&supplier_code=00100005&order_time=2021-09-07 HTTP/1.1" 200 416
101.91.60.11 - - [07/Sep/2021:09:21:01 +0800] "GET /xingrg/kc/buy/cgsh_order_operate.html?command=get_materiel&rest_code=00106&code=00101008091&supplier_code=00100007&order_time=2021-09-07 HTTP/1.1" 302 -
101.91.60.11 - - [07/Sep/2021:09:21:01 +0800] "GET /xingrg/login.html HTTP/1.1" 200 7641
116.238.194.18 - - [07/Sep/2021:09:21:01 +0800] "GET /xingrg/kc/buy/cgsh_order_operate.html?command=get_materiel&rest_code=00151&code=00101008102&supplier_code=00100007&order_time=2021-09-07 HTTP/1.1" 200 413
116.238.194.18 - - [07/Sep/2021:09:21:02 +0800] "GET /xingrg/kc/buy/cgsh_order_operate.html?command=get_materiel&rest_code=00150&code=00101007061&supplier_code=00100196&order_time=2021-09-07 HTTP/1.1" 200 411
116.233.79.201 - - [07/Sep/2021:09:21:03 +0800] "GET /xingrg/kc/buy/cgsh_order_operate.html?command=get_materiel&rest_code=00109&code=00101007059&supplier_code=00100004&order_time=2021-09-07 HTTP/1.1" 200 409
172.20.0.100 - - [07/Sep/2021:09:21:03 +0800] "GET /xingrg/images/control/ajaxLoader.gif HTTP/1.1" 200 4659
172.20.0.100 - - [07/Sep/2021:09:21:03 +0800] "POST /xingrg/all/user/operate.html HTTP/1.1" 200 36
172.20.0.100 - - [07/Sep/2021:09:21:03 +0800] "GET /xingrg/index.html?sysBaseUrl=http%3A%2F%2F172.20.0.8%3A18081%2Fxingrg%2F&costTime=42×tamp=1630977657996 HTTP/1.1" 200 17454
172.20.0.100 - - [07/Sep/2021:09:21:03 +0800] "GET /xingrg/javascript/jquery_easy_ui/themes/default/easyui.css HTTP/1.1" 304 -
172.20.0.100 - - [07/Sep/2021:09:21:03 +0800] "GET /xingrg/javascript/jquery_easy_ui/themes/icon.css HTTP/1.1" 304 -
172.20.0.100 - - [07/Sep/2021:09:21:03 +0800] "GET /xingrg/css/form.css HTTP/1.1" 304 -
172.20.0.100 - - [07/Sep/2021:09:21:03 +0800] "GET /xingrg/javascript/jquery-1.4.2.min.js HTTP/1.1" 304 -
116.238.194.18 - - [07/Sep/2021:09:21:03 +0800] "GET /xingrg/all/function/internal_message.html?_=1630977641828&CODE_STATE=getMsg HTTP/1.1" 200 27
172.20.0.100 - - [07/Sep/2021:09:21:03 +0800] "GET /xingrg/javascript/jquery_easy_ui/jquery.easyui.min.js HTTP/1.1" 304 -
172.20.0.100 - - [07/Sep/2021:09:21:03 +0800] "GET /xingrg/javascript/jquery_easy_ui/easyui-lang-zh_CN.js HTTP/1.1" 304 -
172.20.0.100 - - [07/Sep/2021:09:21:03 +0800] "GET /xingrg/javascript/jquery.form.js HTTP/1.1" 304 -
172.20.0.100 - - [07/Sep/2021:09:21:03 +0800] "GET /xingrg/javascript/jquery.utils.js HTTP/1.1" 304 -
172.20.0.100 - - [07/Sep/2021:09:21:03 +0800] "GET /xingrg/javascript/jquery.timers.js HTTP/1.1" 304 -
172.20.0.100 - - [07/Sep/2021:09:21:03 +0800] "GET /xingrg/images/blue/jxLogo.png HTTP/1.1" 304 -
172.20.0.100 - - [07/Sep/2021:09:21:03 +0800] "GET /xingrg/javascript/jquery_easy_ui/themes/icons/settle_new.png HTTP/1.1" 304 -
172.20.0.100 - - [07/Sep/2021:09:21:03 +0800] "GET /xingrg/images/blue/navBackgound.jpg HTTP/1.1" 304 -
172.20.0.100 - - [07/Sep/2021:09:21:03 +0800] "POST /xingrg/all/common/load_tree.html?tree=area_rest_tree_json&manage=1 HTTP/1.1" 200 3472
172.20.0.100 - - [07/Sep/2021:09:21:03 +0800] "GET /xingrg/all/function/internal_message.html?_=1630977664594&CODE_STATE=count HTTP/1.1" 200 11
172.20.0.100 - - [07/Sep/2021:09:21:03 +0800] "GET /xingrg/check_reg.html?_=1630977664595 HTTP/1.1" 200 22
172.20.0.100 - - [07/Sep/2021:09:21:03 +0800] "GET /xingrg/javascript/jquery_easy_ui/themes/default/images/tabs_rightarrow.png HTTP/1.1" 304 -
172.20.0.100 - - [07/Sep/2021:09:21:03 +0800] "GET /xingrg/javascript/jquery_easy_ui/themes/default/images/panel_tool_collapse.gif HTTP/1.1" 304 -
172.20.0.100 - - [07/Sep/2021:09:21:03 +0800] "GET /xingrg/javascript/jquery_easy_ui/themes/default/images/panel_tool_expand.gif HTTP/1.1" 304 -
172.20.0.100 - - [07/Sep/2021:09:21:03 +0800] "GET /xingrg/images/blue/pingpu.png HTTP/1.1" 304 -
172.20.0.100 - - [07/Sep/2021:09:21:03 +0800] "GET /xingrg/javascript/jquery_easy_ui/themes/default/images/tabs_leftarrow.png HTTP/1.1" 304 -
172.20.0.100 - - [07/Sep/2021:09:21:03 +0800] "POST /xingrg/load_menu.html HTTP/1.1" 200 9924
116.237.74.154 - - [07/Sep/2021:09:21:04 +0800] "GET /xingrg/kc/buy/cgsh_order_operate.html?command=get_materiel&rest_code=00106&code=00101008038&supplier_code=00100007&order_time=2021-09-07 HTTP/1.1" 200 412
116.238.194.18 - - [07/Sep/2021:09:21:04 +0800] "GET /xingrg/all/function/internal_message.html?_=1630977665413&CODE_STATE=getMsg HTTP/1.1" 200 27
172.20.0.100 - - [07/Sep/2021:09:21:04 +0800] "GET /xingrg/kc/report/report_main.html HTTP/1.1" 200 7325
172.20.0.100 - - [07/Sep/2021:09:21:04 +0800] "GET /xingrg/javascript/jquery_easy_ui/themes/default/images/tabs_close.gif HTTP/1.1" 200 829
172.20.0.100 - - [07/Sep/2021:09:21:04 +0800] "GET /xingrg/css/blue.css HTTP/1.1" 200 15949
172.20.0.100 - - [07/Sep/2021:09:21:04 +0800] "GET /xingrg/javascript/jquery_ui/themes/humanity/humanity.css HTTP/1.1" 200 27801
172.20.0.100 - - [07/Sep/2021:09:21:04 +0800] "GET /xingrg/javascript/pic_change.js HTTP/1.1" 200 4739
172.20.0.100 - - [07/Sep/2021:09:21:04 +0800] "GET /xingrg/javascript/myfunction.js HTTP/1.1" 200 24559
172.20.0.100 - - [07/Sep/2021:09:21:04 +0800] "GET /xingrg/javascript/json2.js HTTP/1.1" 200 11259
172.20.0.100 - - [07/Sep/2021:09:21:04 +0800] "GET /xingrg/javascript/jquery_easy_ui/themes/icons/back_new.png HTTP/1.1" 200 3414
116.230.105.26 - - [07/Sep/2021:09:21:05 +0800] "GET /xingrg/kc/buy/cgsh_order_operate.html?command=get_materiel&rest_code=00155&code=00101008006&supplier_code=00100005&order_time=2021-09-07 HTTP/1.1" 200 416
172.20.0.100 - - [07/Sep/2021:09:21:06 +0800] "GET /xingrg/kc/base/crk_hz.html HTTP/1.1" 200 11227
172.20.0.100 - - [07/Sep/2021:09:21:06 +0800] "GET /xingrg/javascript/step/step.css HTTP/1.1" 200 999
172.20.0.100 - - [07/Sep/2021:09:21:06 +0800] "GET /xingrg/css/table.css HTTP/1.1" 200 3684
172.20.0.100 - - [07/Sep/2021:09:21:06 +0800] "POST /xingrg/kc/cost/cost_operate.html?command=get_base_tree HTTP/1.1" 200 2524
172.20.0.100 - - [07/Sep/2021:09:21:06 +0800] "POST /xingrg/all/common/load_tree.html?tree=materiel_sort_tree_json HTTP/1.1" 200 8792
172.20.0.100 - - [07/Sep/2021:09:21:06 +0800] "GET /xingrg/javascript/jquery_easy_ui/themes/default/images/combo_arrow_dot.gif HTTP/1.1" 200 79
172.20.0.100 - - [07/Sep/2021:09:21:06 +0800] "GET /xingrg/javascript/jquery_easy_ui/themes/icons/search.png HTTP/1.1" 200 813
172.20.0.100 - - [07/Sep/2021:09:21:06 +0800] "GET /xingrg/javascript/jquery_easy_ui/themes/default/images/menu_downarrow.png HTTP/1.1" 200 173
172.20.0.100 - - [07/Sep/2021:09:21:06 +0800] "GET /xingrg/javascript/jquery_easy_ui/themes/icons/print.png HTTP/1.1" 200 1057
172.20.0.100 - - [07/Sep/2021:09:21:06 +0800] "GET /xingrg/javascript/jquery_easy_ui/themes/default/images/menu.gif HTTP/1.1" 200 834
172.20.0.100 - - [07/Sep/2021:09:21:06 +0800] "GET /xingrg/javascript/jquery_easy_ui/themes/default/images/calendar_prevmonth.gif HTTP/1.1" 200 66
172.20.0.100 - - [07/Sep/2021:09:21:06 +0800] "GET /xingrg/javascript/jquery_easy_ui/themes/default/images/calendar_nextmonth.gif HTTP/1.1" 200 64
172.20.0.100 - - [07/Sep/2021:09:21:06 +0800] "GET /xingrg/javascript/jquery_easy_ui/themes/default/images/calendar_prevyear.gif HTTP/1.1" 200 76
172.20.0.100 - - [07/Sep/2021:09:21:06 +0800] "GET /xingrg/javascript/jquery_easy_ui/themes/default/images/calendar_nextyear.gif HTTP/1.1" 200 75
172.20.0.100 - - [07/Sep/2021:09:21:07 +0800] "GET /xingrg/javascript/jquery_easy_ui/themes/default/images/tree_checkbox_0.gif HTTP/1.1" 200 168
58.40.7.146 - - [07/Sep/2021:09:21:08 +0800] "GET /xingrg/check_reg.html?_=1630977668988 HTTP/1.1" 302 -
116.238.194.18 - - [07/Sep/2021:09:21:08 +0800] "GET /xingrg/kc/buy/cgsh_order_operate.html?command=get_materiel&rest_code=00151&code=00101008069&supplier_code=00100007&order_time=2021-09-07 HTTP/1.1" 200 412
172.20.0.100 - - [07/Sep/2021:09:21:08 +0800] "GET /xingrg/kc/base/crk_hz.html?_=1630977669274&command=get_cost_id&end_date=2021-09-30&start_date=2021-09-01 HTTP/1.1" 200 51
172.20.0.100 - - [07/Sep/2021:09:21:08 +0800] "GET /xingrg/all/report/report_query.html?isQuery=1&onlyBody=1&rh=99999&rw=1800&varString=start:20210901,cost_id:3315,mid:20210901&fileName=kc/base/crk_hz_type_by_base.xml&queryString=&queryText=ÈÕÆÚ£º2021-09-01ÖÁ2021-09-30&tableQueryString=materiel_table$sp1$$sp$before_table$sp1$$sp$crk_table$sp1$order_day%20between%2020210901%20and%2020210930 HTTP/1.1" 200 49288
172.20.0.100 - - [07/Sep/2021:09:21:08 +0800] "GET /xingrg/javascript/multi_select/jqueryMultiSelect.css HTTP/1.1" 200 951
172.20.0.100 - - [07/Sep/2021:09:21:08 +0800] "GET /xingrg/javascript/calendar/timePicker.css HTTP/1.1" 200 523
172.20.0.100 - - [07/Sep/2021:09:21:08 +0800] "GET /xingrg/javascript/bigrid/fix.css HTTP/1.1" 200 1702
172.20.0.100 - - [07/Sep/2021:09:21:08 +0800] "GET /xingrg/dwr/interface/AjaxReportQueryService.js HTTP/1.1" 200 13203
172.20.0.100 - - [07/Sep/2021:09:21:08 +0800] "GET /xingrg/dwr/engine.js HTTP/1.1" 200 43631
172.20.0.100 - - [07/Sep/2021:09:21:08 +0800] "GET /xingrg/dwr/util.js HTTP/1.1" 200 35990
172.20.0.100 - - [07/Sep/2021:09:21:08 +0800] "GET /xingrg/javascript/jqueryMultiSelect.js HTTP/1.1" 200 11866
172.20.0.100 - - [07/Sep/2021:09:21:08 +0800] "GET /xingrg/javascript/Calendar.js HTTP/1.1" 200 31561
172.20.0.100 - - [07/Sep/2021:09:21:08 +0800] "GET /xingrg/javascript/calendar/jquery.timePicker.min.js HTTP/1.1" 200 2997
172.20.0.100 - - [07/Sep/2021:09:21:08 +0800] "GET /xingrg/javascript/bigrid/fix.js HTTP/1.1" 200 6439
172.20.0.100 - - [07/Sep/2021:09:21:08 +0800] "GET /xingrg/images/control/loading.gif HTTP/1.1" 200 13463
172.20.0.100 - - [07/Sep/2021:09:21:08 +0800] "GET /xingrg/images/blue/button/advanceover.gif HTTP/1.1" 200 1347
172.20.0.100 - - [07/Sep/2021:09:21:08 +0800] "GET /xingrg/images/blue/button/advance2over.gif HTTP/1.1" 200 1336
172.20.0.100 - - [07/Sep/2021:09:21:08 +0800] "GET /xingrg/images/blue/button/back2over.gif HTTP/1.1" 200 1335
172.20.0.100 - - [07/Sep/2021:09:21:08 +0800] "GET /xingrg/images/blue/button/backover.gif HTTP/1.1" 200 1348
172.20.0.100 - - [07/Sep/2021:09:21:08 +0800] "GET /xingrg/javascript/jquery_easy_ui/themes/icons/help.png HTTP/1.1" 200 1187
180.169.147.146 - - [07/Sep/2021:09:21:09 +0800] "GET /xingrg/all/function/internal_message.html?_=1630977672552&CODE_STATE=getMsg HTTP/1.1" 302 -
116.230.105.26 - - [07/Sep/2021:09:21:09 +0800] "GET /xingrg/kc/buy/cgsh_order_operate.html?command=get_materiel&rest_code=00155&code=00101008131&supplier_code=00100005&order_time=2021-09-07 HTTP/1.1" 200 408
172.20.0.100 - - [07/Sep/2021:09:21:10 +0800] "POST /xingrg/all/report/load_report_page.html HTTP/1.1" 200 546717
172.20.0.100 - - [07/Sep/2021:09:21:10 +0800] "GET /xingrg/servlets/image?cache=0.5496284549569441&image=px HTTP/1.1" 200 807
116.230.105.26 - - [07/Sep/2021:09:21:11 +0800] "POST /xingrg/kc/buy/cgsh_order_operate.html HTTP/1.1" 200 2065
116.237.74.154 - - [07/Sep/2021:09:21:12 +0800] "GET /xingrg/kc/buy/cgsh_order_operate.html?command=get_materiel&rest_code=00106&code=00101008283&supplier_code=00100007&order_time=2021-09-07 HTTP/1.1" 200 408
116.230.105.26 - - [07/Sep/2021:09:21:15 +0800] "GET /xingrg/kc/buy/cgsh_order_operate.html?command=get_materiel&rest_code=00155&code=00101008108&supplier_code=00100005&order_time=2021-09-07 HTTP/1.1" 200 412
61.151.178.249 - - [07/Sep/2021:09:21:16 +0800] "GET /xingrg/kc/buy/cgsh_order_operate.html?command=get_materiel&rest_code=00106&code=00101008234&supplier_code=00100007&order_time=2021-09-07 HTTP/1.1" 302 -
61.151.178.249 - - [07/Sep/2021:09:21:16 +0800] "GET /xingrg/login.html HTTP/1.1" 200 7641
116.238.194.18 - - [07/Sep/2021:09:21:17 +0800] "GET /xingrg/kc/buy/cgsh_order_operate.html?command=get_materiel&rest_code=00150&code=00101007014&supplier_code=00100196&order_time=2021-09-07 HTTP/1.1" 200 420
101.89.239.245 - - [07/Sep/2021:09:21:19 +0800] "GET /xingrg/kc/buy/cgsh_order_operate.html?command=get_materiel&rest_code=00106&code=00101008155&supplier_code=00100007&order_time=2021-09-07 HTTP/1.1" 302 -
116.237.74.154 - - [07/Sep/2021:09:21:19 +0800] "GET /xingrg/kc/buy/cgsh_order_operate.html?command=get_materiel&rest_code=00106&code=00101008163&supplier_code=00100007&order_time=2021-09-07 HTTP/1.1" 200 409
116.230.105.26 - - [07/Sep/2021:09:21:20 +0800] "GET /xingrg/kc/buy/cgsh_order_operate.html?command=get_materiel&rest_code=00155&code=00101008318&supplier_code=00100005&order_time=2021-09-07 HTTP/1.1" 200 408
101.89.239.245 - - [07/Sep/2021:09:21:22 +0800] "GET /xingrg/login.html HTTP/1.1" 200 7641
116.238.194.18 - - [07/Sep/2021:09:21:23 +0800] "GET /xingrg/kc/buy/cgsh_order_operate.html?command=get_materiel&rest_code=00151&code=00101008213&supplier_code=00100007&order_time=2021-09-07 HTTP/1.1" 200 412
222.70.246.151 - - [07/Sep/2021:09:21:24 +0800] "GET /xingrg/all/function/internal_message.html?_=1630977690645&CODE_STATE=getMsg HTTP/1.1" 200 27
116.233.79.201 - - [07/Sep/2021:09:21:25 +0800] "GET /xingrg/all/function/internal_message.html?_=1630977686129&CODE_STATE=getMsg HTTP/1.1" 200 27
116.233.79.201 - - [07/Sep/2021:09:21:26 +0800] "POST /xingrg/kc/buy/cgsh_order_operate.html HTTP/1.1" 200 37
116.230.105.26 - - [07/Sep/2021:09:21:27 +0800] "GET /xingrg/kc/buy/cgsh_order_operate.html?command=get_materiel&rest_code=00155&code=00101008353&supplier_code=00100005&order_time=2021-09-07 HTTP/1.1" 200 408
116.237.74.154 - - [07/Sep/2021:09:21:28 +0800] "GET /xingrg/kc/buy/cgsh_order_operate.html?command=get_materiel&rest_code=00106&code=00101008148&supplier_code=00100007&order_time=2021-09-07 HTTP/1.1" 200 416
101.83.145.79 - - [07/Sep/2021:09:21:29 +0800] "GET /xingrg/all/function/internal_message.html?_=1630977691667&CODE_STATE=getMsg HTTP/1.1" 200 27
101.83.145.79 - - [07/Sep/2021:09:21:29 +0800] "GET /xingrg/check_reg.html?_=1630977691670 HTTP/1.1" 200 22
116.238.194.18 - - [07/Sep/2021:09:21:30 +0800] "POST /xingrg/kc/buy/cgsh_order_operate.html HTTP/1.1" 200 37
101.91.60.11 - - [07/Sep/2021:09:21:31 +0800] "GET /xingrg/kc/buy/cgsh_order_operate.html?command=get_materiel&rest_code=00106&code=00101008149&supplier_code=00100007&order_time=2021-09-07 HTTP/1.1" 302 -
101.91.60.11 - - [07/Sep/2021:09:21:31 +0800] "GET /xingrg/login.html HTTP/1.1" 200 7641
116.238.194.18 - - [07/Sep/2021:09:21:31 +0800] "POST /xingrg/kc/buy/cgsh_order_operate.html HTTP/1.1" 200 24844
116.238.194.18 - - [07/Sep/2021:09:21:33 +0800] "GET /xingrg/kc/buy/cgsh_order_operate.html?command=get_materiel&rest_code=00150&code=00101007049&supplier_code=00100196&order_time=2021-09-07 HTTP/1.1" 200 409
116.237.74.154 - - [07/Sep/2021:09:21:34 +0800] "GET /xingrg/kc/buy/cgsh_order_operate.html?command=get_materiel&rest_code=00106&code=00101008004&supplier_code=00100007&order_time=2021-09-07 HTTP/1.1" 200 416
116.238.194.18 - - [07/Sep/2021:09:21:38 +0800] "GET /xingrg/kc/buy/cgsh_order_operate.html?command=get_materiel&rest_code=00151&code=00101008089&supplier_code=00100007&order_time=2021-09-07 HTTP/1.1" 200 408
61.151.179.84 - - [07/Sep/2021:09:21:40 +0800] "GET /xingrg/kc/buy/cgsh_order_operate.html?command=get_materiel&rest_code=00106&code=00101008354&supplier_code=00100007&order_time=2021-09-07 HTTP/1.1" 302 -
61.151.179.84 - - [07/Sep/2021:09:21:40 +0800] "GET /xingrg/login.html HTTP/1.1" 200 7641
116.230.105.26 - - [07/Sep/2021:09:21:40 +0800] "GET /xingrg/kc/buy/cgsh_order_operate.html?command=get_materiel&rest_code=00155&code=00101008095&supplier_code=00100005&order_time=2021-09-07 HTTP/1.1" 200 412
116.237.74.154 - - [07/Sep/2021:09:21:41 +0800] "GET /xingrg/kc/buy/cgsh_order_operate.html?command=get_materiel&rest_code=00106&code=00101008264&supplier_code=00100007&order_time=2021-09-07 HTTP/1.1" 200 412
116.230.105.26 - - [07/Sep/2021:09:21:46 +0800] "GET /xingrg/kc/buy/cgsh_order_operate.html?command=get_materiel&rest_code=00155&code=00101008110&supplier_code=00100005&order_time=2021-09-07 HTTP/1.1" 200 408
116.237.74.154 - - [07/Sep/2021:09:21:48 +0800] "GET /xingrg/kc/buy/cgsh_order_operate.html?command=get_materiel&rest_code=00106&code=00101008439&supplier_code=00100007&order_time=2021-09-07 HTTP/1.1" 200 399
61.151.178.163 - - [07/Sep/2021:09:21:49 +0800] "GET /xingrg/kc/buy/cgsh_order_operate.html?command=get_materiel&rest_code=00106&code=00101008351&supplier_code=00100007&order_time=2021-09-07 HTTP/1.1" 302 -
61.151.178.163 - - [07/Sep/2021:09:21:50 +0800] "GET /xingrg/login.html HTTP/1.1" 200 7641
116.238.194.18 - - [07/Sep/2021:09:21:50 +0800] "GET /xingrg/kc/buy/cgsh_order_operate.html?command=get_materiel&rest_code=00151&code=00101008283&supplier_code=00100007&order_time=2021-09-07 HTTP/1.1" 200 408
222.70.179.190 - - [07/Sep/2021:09:21:51 +0800] "GET /xingrg/all/function/internal_message.html?_=1630977711095&CODE_STATE=getMsg HTTP/1.1" 200 27
116.230.105.26 - - [07/Sep/2021:09:21:53 +0800] "POST /xingrg/kc/buy/cgsh_order_operate.html HTTP/1.1" 200 2065
61.151.207.205 - - [07/Sep/2021:09:21:55 +0800] "GET /xingrg/kc/buy/cgsh_order_operate.html?command=get_materiel&rest_code=00106&code=00101008110&supplier_code=00100007&order_time=2021-09-07 HTTP/1.1" 302 -
