101.83.145.79 - - [07/Sep/2021:10:23:57 +0800] "GET /xingrg/kc/buy/cgsh_order_operate.html?command=get_materiel&rest_code=00105&code=00101007016&supplier_code=00100323&order_time=2021-09-07 HTTP/1.1" 200 409
180.169.147.146 - - [07/Sep/2021:10:23:58 +0800] "GET /xingrg/all/function/internal_message.html?_=1630981441752&CODE_STATE=getMsg HTTP/1.1" 302 -
116.238.194.18 - - [07/Sep/2021:10:23:59 +0800] "GET /xingrg/kc/buy/cgsh_order_operate.html?command=get_materiel&rest_code=00150&code=00101004017&supplier_code=00100323&order_time=2021-09-07 HTTP/1.1" 200 413
116.237.74.154 - - [07/Sep/2021:10:24:00 +0800] "GET /xingrg/all/function/internal_message.html?_=1630981438536&CODE_STATE=getMsg HTTP/1.1" 200 27
116.237.74.154 - - [07/Sep/2021:10:24:00 +0800] "GET /xingrg/check_reg.html?_=1630981438535 HTTP/1.1" 200 22
180.169.147.146 - - [07/Sep/2021:10:24:02 +0800] "GET /xingrg/check_reg.html?_=1630981434608 HTTP/1.1" 200 22
180.169.147.146 - - [07/Sep/2021:10:24:02 +0800] "GET /xingrg/all/function/internal_message.html?_=1630981434607&CODE_STATE=getMsg HTTP/1.1" 200 27
172.20.0.100 - - [07/Sep/2021:10:24:06 +0800] "GET /xingrg/all/function/internal_message.html?_=1630981447675&CODE_STATE=getMsg HTTP/1.1" 200 27
116.238.194.18 - - [07/Sep/2021:10:24:08 +0800] "GET /xingrg/kc/buy/cgsh_order_add.html HTTP/1.1" 200 63068
116.238.194.18 - - [07/Sep/2021:10:24:08 +0800] "POST /xingrg/kc/buy/cgsh_order_operate.html HTTP/1.1" 200 8245
116.238.194.18 - - [07/Sep/2021:10:24:08 +0800] "GET /xingrg/javascript/easyui/themes/default/validatebox.css HTTP/1.1" 404 1104
116.238.194.18 - - [07/Sep/2021:10:24:08 +0800] "GET /xingrg/all/function/internal_message.html?_=1630981449615&CODE_STATE=getMsg HTTP/1.1" 200 27
180.169.147.146 - - [07/Sep/2021:10:24:13 +0800] "GET /xingrg/all/function/internal_message.html?_=1630981455004&CODE_STATE=getMsg HTTP/1.1" 200 27
116.238.194.18 - - [07/Sep/2021:10:24:16 +0800] "POST /xingrg/kc/buy/cgsh_order_operate.html HTTP/1.1" 200 37
116.230.105.26 - - [07/Sep/2021:10:24:18 +0800] "GET /xingrg/all/function/internal_message.html?_=1630981402855&CODE_STATE=getMsg HTTP/1.1" 200 27
116.230.105.26 - - [07/Sep/2021:10:24:18 +0800] "GET /xingrg/check_reg.html?_=1630981402857 HTTP/1.1" 200 22
124.79.246.142 - - [07/Sep/2021:10:24:19 +0800] "GET /xingrg/kc/buy/cgsh_order_operate.html?command=get_materiel&rest_code=00104&code=00101006061&supplier_code=00100323&order_time=2021-09-07 HTTP/1.1" 200 409
116.238.194.18 - - [07/Sep/2021:10:24:19 +0800] "POST /xingrg/kc/buy/cgsh_order_operate.html HTTP/1.1" 200 12
116.238.194.18 - - [07/Sep/2021:10:24:21 +0800] "GET /xingrg/kc/buy/cgsh_order_info.html?code=212021090702745 HTTP/1.1" 200 58278
116.238.194.18 - - [07/Sep/2021:10:24:21 +0800] "GET /xingrg/javascript/easyui/themes/default/validatebox.css HTTP/1.1" 404 1104
124.79.246.142 - - [07/Sep/2021:10:24:21 +0800] "GET /xingrg/all/function/internal_message.html?_=1630981919472&CODE_STATE=getMsg HTTP/1.1" 200 27
116.238.194.18 - - [07/Sep/2021:10:24:22 +0800] "POST /xingrg/kc/buy/cgsh_order_operate.html HTTP/1.1" 200 3605
116.238.194.18 - - [07/Sep/2021:10:24:25 +0800] "GET /xingrg/kc/print/load_data.html?order_code=212021090702745&kc_code=cgsh&condition= HTTP/1.1" 200 1899
222.70.246.151 - - [07/Sep/2021:10:24:27 +0800] "GET /xingrg/all/function/internal_message.html?_=1630981474183&CODE_STATE=getMsg HTTP/1.1" 200 27
124.79.246.142 - - [07/Sep/2021:10:24:30 +0800] "GET /xingrg/kc/buy/cgsh_order_operate.html?command=get_materiel&rest_code=00104&code=00101006060&supplier_code=00100323&order_time=2021-09-07 HTTP/1.1" 200 409
116.233.79.201 - - [07/Sep/2021:10:24:32 +0800] "GET /xingrg/all/function/internal_message.html?_=1630981477990&CODE_STATE=getMsg HTTP/1.1" 200 27
124.79.246.142 - - [07/Sep/2021:10:24:33 +0800] "GET /xingrg/javascript/easyui/themes/default/images/button_plain_hover.png HTTP/1.1" 304 -
124.79.246.142 - - [07/Sep/2021:10:24:34 +0800] "GET /xingrg/javascript/easyui/themes/default/images/button_plain_hover.png HTTP/1.1" 304 -
116.238.168.124 - - [07/Sep/2021:10:24:36 +0800] "GET /xingrg/check_reg.html?_=1630981457673 HTTP/1.1" 200 22
124.79.246.142 - - [07/Sep/2021:10:24:38 +0800] "POST /xingrg/kc/buy/cgsh_order_operate.html HTTP/1.1" 200 37
116.238.168.124 - - [07/Sep/2021:10:24:38 +0800] "GET /xingrg/all/function/internal_message.html?_=1630981459655&CODE_STATE=getMsg HTTP/1.1" 200 27
116.238.194.18 - - [07/Sep/2021:10:24:39 +0800] "GET /xingrg/kc/buy/cgsh_order_operate.html?command=get_materiel&rest_code=00151&code=00101010130&supplier_code=00100325&order_time=2021-09-07 HTTP/1.1" 200 415
116.238.194.18 - - [07/Sep/2021:10:24:40 +0800] "GET /xingrg/kc/buy/cgsh_order_add.html HTTP/1.1" 200 63362
124.79.246.142 - - [07/Sep/2021:10:24:40 +0800] "POST /xingrg/kc/buy/cgsh_order_operate.html HTTP/1.1" 200 5029
116.238.194.18 - - [07/Sep/2021:10:24:40 +0800] "POST /xingrg/kc/buy/cgsh_order_operate.html HTTP/1.1" 200 8245
116.238.194.18 - - [07/Sep/2021:10:24:40 +0800] "GET /xingrg/javascript/easyui/themes/default/validatebox.css HTTP/1.1" 404 1104
120.253.135.82 - - [07/Sep/2021:10:24:40 +0800] "GET /xingrg/all/function/internal_message.html?_=1630981256003&CODE_STATE=getMsg HTTP/1.1" 200 27
124.79.246.142 - - [07/Sep/2021:10:24:41 +0800] "GET /xingrg/javascript/easyui/themes/default/images/button_plain_hover.png HTTP/1.1" 304 -
124.79.246.142 - - [07/Sep/2021:10:24:41 +0800] "GET /xingrg/javascript/easyui/themes/default/images/button_plain_hover.png HTTP/1.1" 304 -
124.79.246.142 - - [07/Sep/2021:10:24:41 +0800] "GET /xingrg/kc/print/load_config.html?kc_code=cgsh HTTP/1.1" 200 2076
124.79.246.142 - - [07/Sep/2021:10:24:42 +0800] "GET /xingrg/kc/print/load_data.html?order_code=212021090702746&kc_code=cgsh&condition= HTTP/1.1" 200 1590
180.169.147.146 - - [07/Sep/2021:10:24:46 +0800] "GET /xingrg/all/function/internal_message.html?_=1630981489375&CODE_STATE=getMsg HTTP/1.1" 200 27
116.237.74.154 - - [07/Sep/2021:10:24:48 +0800] "GET /xingrg/all/function/internal_message.html?_=1630981490813&CODE_STATE=getMsg HTTP/1.1" 200 27
116.233.79.201 - - [07/Sep/2021:10:24:48 +0800] "GET /xingrg/all/function/internal_message.html?_=1630981489614&CODE_STATE=getMsg HTTP/1.1" 200 27
183.192.95.241 - - [07/Sep/2021:10:24:49 +0800] "GET /xingrg/all/function/internal_message.html?_=1630981492113&CODE_STATE=getMsg HTTP/1.1" 200 27
222.70.179.190 - - [07/Sep/2021:10:24:50 +0800] "GET /xingrg/all/function/internal_message.html?_=1630981490031&CODE_STATE=getMsg HTTP/1.1" 200 27
116.238.194.18 - - [07/Sep/2021:10:24:50 +0800] "GET /xingrg/all/function/internal_message.html?_=1630981468953&CODE_STATE=getMsg HTTP/1.1" 200 27
222.70.179.190 - - [07/Sep/2021:10:24:52 +0800] "GET /xingrg/check_reg.html?_=1630981491717 HTTP/1.1" 200 22
101.83.145.79 - - [07/Sep/2021:10:24:52 +0800] "GET /xingrg/all/function/internal_message.html?_=1630981494861&CODE_STATE=getMsg HTTP/1.1" 200 27
116.238.194.18 - - [07/Sep/2021:10:24:55 +0800] "GET /xingrg/kc/buy/cgsh_order_operate.html?command=get_materiel&rest_code=00150&code=00101007085&supplier_code=00100328&order_time=2021-09-07 HTTP/1.1" 200 413
101.85.93.96 - - [07/Sep/2021:10:24:56 +0800] "GET /xingrg/all/function/internal_message.html?_=1630981426516&CODE_STATE=getMsg HTTP/1.1" 200 27
180.169.147.146 - - [07/Sep/2021:10:24:58 +0800] "GET /xingrg/all/function/internal_message.html?_=1630981501752&CODE_STATE=getMsg HTTP/1.1" 302 -
124.79.246.142 - - [07/Sep/2021:10:24:59 +0800] "GET /xingrg/javascript/easyui/themes/default/images/button_plain_hover.png HTTP/1.1" 304 -
124.79.246.142 - - [07/Sep/2021:10:24:59 +0800] "GET /xingrg/javascript/easyui/themes/default/images/button_plain_hover.png HTTP/1.1" 304 -
124.79.246.142 - - [07/Sep/2021:10:24:59 +0800] "GET /xingrg/javascript/easyui/themes/default/images/button_plain_hover.png HTTP/1.1" 304 -
124.79.246.142 - - [07/Sep/2021:10:24:59 +0800] "GET /xingrg/css/base.css HTTP/1.1" 304 -
124.79.246.142 - - [07/Sep/2021:10:24:59 +0800] "GET /xingrg/kc/buy/cgsh_order_add.html HTTP/1.1" 200 63432
124.79.246.142 - - [07/Sep/2021:10:24:59 +0800] "GET /xingrg/css/site.css HTTP/1.1" 304 -
124.79.246.142 - - [07/Sep/2021:10:24:59 +0800] "GET /xingrg/javascript/easyui/themes/default/easyui.css HTTP/1.1" 304 -
124.79.246.142 - - [07/Sep/2021:10:24:59 +0800] "GET /xingrg/javascript/easyui/themes/icon.css HTTP/1.1" 304 -
124.79.246.142 - - [07/Sep/2021:10:24:59 +0800] "GET /xingrg/javascript/jquery_tools/datebox.css HTTP/1.1" 304 -
124.79.246.142 - - [07/Sep/2021:10:24:59 +0800] "GET /xingrg/javascript/auto/jquery.autocomplete.css HTTP/1.1" 304 -
124.79.246.142 - - [07/Sep/2021:10:24:59 +0800] "GET /xingrg/javascript/jquery_tools/jquery.tools.extend.js HTTP/1.1" 304 -
124.79.246.142 - - [07/Sep/2021:10:24:59 +0800] "GET /xingrg/javascript/jquery_tools/fix.css HTTP/1.1" 304 -
124.79.246.142 - - [07/Sep/2021:10:24:59 +0800] "GET /xingrg/javascript/jquery_tools/table.css HTTP/1.1" 304 -
124.79.246.142 - - [07/Sep/2021:10:24:59 +0800] "GET /xingrg/javascript/jquery_tools/jquery.tools.min.js HTTP/1.1" 304 -
124.79.246.142 - - [07/Sep/2021:10:24:59 +0800] "GET /xingrg/javascript/pic_change.js HTTP/1.1" 304 -
124.79.246.142 - - [07/Sep/2021:10:24:59 +0800] "GET /xingrg/javascript/jquery_tools/jquery.tools.hotkey.js HTTP/1.1" 304 -
124.79.246.142 - - [07/Sep/2021:10:24:59 +0800] "GET /xingrg/javascript/jquery_tools/jquery.tools.table.js HTTP/1.1" 304 -
124.79.246.142 - - [07/Sep/2021:10:24:59 +0800] "GET /xingrg/javascript/jquery.utils.js HTTP/1.1" 304 -
124.79.246.142 - - [07/Sep/2021:10:24:59 +0800] "GET /xingrg/javascript/auto/jquery.autocomplete.js HTTP/1.1" 304 -
124.79.246.142 - - [07/Sep/2021:10:24:59 +0800] "GET /xingrg/javascript/jquery_tools/order_manager.js HTTP/1.1" 304 -
124.79.246.142 - - [07/Sep/2021:10:24:59 +0800] "GET /xingrg/javascript/convert.js HTTP/1.1" 304 -
124.79.246.142 - - [07/Sep/2021:10:24:59 +0800] "GET /xingrg/javascript/easyui/easyloader.js HTTP/1.1" 304 -
124.79.246.142 - - [07/Sep/2021:10:24:59 +0800] "GET /xingrg/javascript/print/kc_print.js HTTP/1.1" 304 -
124.79.246.142 - - [07/Sep/2021:10:24:59 +0800] "GET /xingrg/javascript/json2.js HTTP/1.1" 304 -
124.79.246.142 - - [07/Sep/2021:10:24:59 +0800] "GET /xingrg/javascript/jquery.cookie.js HTTP/1.1" 304 -
124.79.246.142 - - [07/Sep/2021:10:24:59 +0800] "GET /xingrg/javascript/print/LodopFuncs.js HTTP/1.1" 304 -
116.237.74.154 - - [07/Sep/2021:10:25:00 +0800] "GET /xingrg/all/function/internal_message.html?_=1630981498538&CODE_STATE=getMsg HTTP/1.1" 200 27
124.79.246.142 - - [07/Sep/2021:10:25:01 +0800] "GET /xingrg/words/20210906122753_words.js HTTP/1.1" 304 -
124.79.246.142 - - [07/Sep/2021:10:25:02 +0800] "GET /xingrg/javascript/easyui/themes/icons/copy_new.png HTTP/1.1" 304 -
124.79.246.142 - - [07/Sep/2021:10:25:02 +0800] "GET /xingrg/javascript/easyui/themes/icons/template_new.png HTTP/1.1" 304 -
124.79.246.142 - - [07/Sep/2021:10:25:02 +0800] "GET /xingrg/javascript/easyui/themes/icons/ok.png HTTP/1.1" 304 -
124.79.246.142 - - [07/Sep/2021:10:25:02 +0800] "GET /xingrg/javascript/easyui/themes/icons/print.png HTTP/1.1" 304 -
124.79.246.142 - - [07/Sep/2021:10:25:02 +0800] "GET /xingrg/javascript/easyui/themes/default/images/menu_downarrow.png HTTP/1.1" 304 -
124.79.246.142 - - [07/Sep/2021:10:25:02 +0800] "GET /xingrg/javascript/easyui/themes/icons/cancel.png HTTP/1.1" 304 -
124.79.246.142 - - [07/Sep/2021:10:25:02 +0800] "GET /xingrg/javascript/easyui/plugins/jquery.parser.js HTTP/1.1" 304 -
124.79.246.142 - - [07/Sep/2021:10:25:02 +0800] "POST /xingrg/kc/buy/cgsh_order_operate.html HTTP/1.1" 200 8245
180.169.147.146 - - [07/Sep/2021:10:25:02 +0800] "GET /xingrg/all/function/internal_message.html?_=1630981494594&CODE_STATE=getMsg HTTP/1.1" 200 27
124.79.246.142 - - [07/Sep/2021:10:25:02 +0800] "GET /xingrg/all/common/auto_word.html?type=employee&rest_code=00104 HTTP/1.1" 200 149
124.79.246.142 - - [07/Sep/2021:10:25:02 +0800] "GET /xingrg/all/common/auto_word.html?type=employee&rest_code=00104 HTTP/1.1" 200 149
124.79.246.142 - - [07/Sep/2021:10:25:02 +0800] "GET /xingrg/javascript/easyui/themes/default/validatebox.css HTTP/1.1" 404 1104
124.79.246.142 - - [07/Sep/2021:10:25:02 +0800] "GET /xingrg/javascript/easyui/plugins/jquery.validatebox.js HTTP/1.1" 304 -
124.79.246.142 - - [07/Sep/2021:10:25:02 +0800] "GET /xingrg/javascript/easyui/plugins/jquery.numberbox.js HTTP/1.1" 304 -
180.169.147.146 - - [07/Sep/2021:10:25:03 +0800] "GET /xingrg/check_reg.html?_=1630981505134 HTTP/1.1" 302 -
124.79.246.142 - - [07/Sep/2021:10:25:03 +0800] "GET /xingrg/javascript/easyui/plugins/jquery.draggable.js HTTP/1.1" 304 -
124.79.246.142 - - [07/Sep/2021:10:25:03 +0800] "GET /xingrg/css/images/panel_loading.gif HTTP/1.1" 304 -
124.79.246.142 - - [07/Sep/2021:10:25:04 +0800] "GET /xingrg/javascript/easyui/plugins/jquery.droppable.js HTTP/1.1" 304 -
124.79.246.142 - - [07/Sep/2021:10:25:04 +0800] "GET /xingrg/javascript/easyui/themes/default/tree.css HTTP/1.1" 404 1090
124.79.246.142 - - [07/Sep/2021:10:25:04 +0800] "GET /xingrg/javascript/easyui/plugins/jquery.tree.js HTTP/1.1" 304 -
124.79.246.142 - - [07/Sep/2021:10:25:04 +0800] "POST /xingrg/all/common/load_tree.html?tree=supplier_tree_json&isDelete=1 HTTP/1.1" 200 57687
116.238.194.18 - - [07/Sep/2021:10:25:04 +0800] "POST /xingrg/kc/buy/cgsh_order_operate.html HTTP/1.1" 200 37
124.79.246.142 - - [07/Sep/2021:10:25:06 +0800] "GET /xingrg/javascript/easyui/themes/default/images/tree_folder_open.gif HTTP/1.1" 304 -
124.79.246.142 - - [07/Sep/2021:10:25:06 +0800] "GET /xingrg/javascript/easyui/themes/default/images/tree_folder.gif HTTP/1.1" 304 -
124.79.246.142 - - [07/Sep/2021:10:25:06 +0800] "GET /xingrg/javascript/easyui/themes/default/images/tree_file.gif HTTP/1.1" 304 -
116.238.194.18 - - [07/Sep/2021:10:25:06 +0800] "GET /xingrg/kc/buy/cgsh_order_operate.html?command=get_materiel&rest_code=00151&code=00101001213&supplier_code=00100325&order_time=2021-09-07 HTTP/1.1" 200 424
172.20.0.100 - - [07/Sep/2021:10:25:06 +0800] "GET /xingrg/all/function/internal_message.html?_=1630981507665&CODE_STATE=getMsg HTTP/1.1" 200 27
116.238.194.18 - - [07/Sep/2021:10:25:08 +0800] "POST /xingrg/kc/buy/cgsh_order_operate.html HTTP/1.1" 200 12
116.238.194.18 - - [07/Sep/2021:10:25:08 +0800] "GET /xingrg/all/function/internal_message.html?_=1630981509593&CODE_STATE=getMsg HTTP/1.1" 200 27
116.238.194.18 - - [07/Sep/2021:10:25:09 +0800] "GET /xingrg/kc/buy/cgsh_order_info.html?code=212021090702747 HTTP/1.1" 200 58279
116.238.194.18 - - [07/Sep/2021:10:25:10 +0800] "GET /xingrg/javascript/easyui/themes/default/validatebox.css HTTP/1.1" 404 1104
116.238.194.18 - - [07/Sep/2021:10:25:10 +0800] "POST /xingrg/kc/buy/cgsh_order_operate.html HTTP/1.1" 200 606
116.238.194.18 - - [07/Sep/2021:10:25:11 +0800] "GET /xingrg/kc/print/load_data.html?order_code=212021090702747&kc_code=cgsh&condition= HTTP/1.1" 200 730
180.169.147.146 - - [07/Sep/2021:10:25:12 +0800] "GET /xingrg/check_reg.html?_=1630981514086 HTTP/1.1" 302 -
180.169.147.146 - - [07/Sep/2021:10:25:13 +0800] "GET /xingrg/all/function/internal_message.html?_=1630981515004&CODE_STATE=getMsg HTTP/1.1" 200 27
116.238.194.18 - - [07/Sep/2021:10:25:14 +0800] "POST /xingrg/kc/buy/cgsh_order_operate.html HTTP/1.1" 200 37
116.238.194.18 - - [07/Sep/2021:10:25:16 +0800] "GET /xingrg/kc/buy/cgsh_order_add.html HTTP/1.1" 200 63362
116.238.194.18 - - [07/Sep/2021:10:25:17 +0800] "POST /xingrg/kc/buy/cgsh_order_operate.html HTTP/1.1" 200 8245
116.238.194.18 - - [07/Sep/2021:10:25:17 +0800] "GET /xingrg/javascript/easyui/themes/default/validatebox.css HTTP/1.1" 404 1104
116.230.105.26 - - [07/Sep/2021:10:25:18 +0800] "GET /xingrg/all/function/internal_message.html?_=1630981462856&CODE_STATE=getMsg HTTP/1.1" 200 27
116.238.194.18 - - [07/Sep/2021:10:25:18 +0800] "POST /xingrg/kc/buy/cgsh_order_operate.html HTTP/1.1" 200 12
101.83.145.79 - - [07/Sep/2021:10:25:21 +0800] "GET /xingrg/kc/buy/cgsh_order_operate.html?command=get_materiel&rest_code=00105&code=00101010110&supplier_code=00100323&order_time=2021-09-07 HTTP/1.1" 200 426
124.79.246.142 - - [07/Sep/2021:10:25:22 +0800] "GET /xingrg/all/function/internal_message.html?_=1630981979994&CODE_STATE=getMsg HTTP/1.1" 200 27
116.238.194.18 - - [07/Sep/2021:10:25:23 +0800] "GET /xingrg/kc/buy/cgsh_order_info.html?code=212021090702748 HTTP/1.1" 200 57981
116.238.194.18 - - [07/Sep/2021:10:25:23 +0800] "GET /xingrg/javascript/easyui/themes/default/validatebox.css HTTP/1.1" 404 1104
116.238.194.18 - - [07/Sep/2021:10:25:24 +0800] "POST /xingrg/kc/buy/cgsh_order_operate.html HTTP/1.1" 200 1217
116.238.194.18 - - [07/Sep/2021:10:25:25 +0800] "GET /xingrg/kc/buy/cgsh_order_operate.html?command=get_materiel&rest_code=00150&code=00101001115&supplier_code=00100089&order_time=2021-09-07 HTTP/1.1" 200 415
116.238.194.18 - - [07/Sep/2021:10:25:26 +0800] "GET /xingrg/kc/print/load_data.html?order_code=212021090702748&kc_code=cgsh&condition= HTTP/1.1" 200 964
222.70.246.151 - - [07/Sep/2021:10:25:27 +0800] "GET /xingrg/all/function/internal_message.html?_=1630981534197&CODE_STATE=getMsg HTTP/1.1" 200 27
116.233.79.201 - - [07/Sep/2021:10:25:32 +0800] "GET /xingrg/check_reg.html?_=1630981537990 HTTP/1.1" 200 22
116.233.79.201 - - [07/Sep/2021:10:25:32 +0800] "GET /xingrg/all/function/internal_message.html?_=1630981537998&CODE_STATE=getMsg HTTP/1.1" 200 27
116.238.168.124 - - [07/Sep/2021:10:25:38 +0800] "GET /xingrg/all/function/internal_message.html?_=1630981519670&CODE_STATE=getMsg HTTP/1.1" 200 27
116.238.194.18 - - [07/Sep/2021:10:25:38 +0800] "GET /xingrg/kc/buy/cgsh_order_add.html HTTP/1.1" 200 63068
116.238.194.18 - - [07/Sep/2021:10:25:39 +0800] "POST /xingrg/kc/buy/cgsh_order_operate.html HTTP/1.1" 200 8245
116.238.194.18 - - [07/Sep/2021:10:25:39 +0800] "GET /xingrg/javascript/easyui/themes/default/validatebox.css HTTP/1.1" 404 1104
120.253.135.82 - - [07/Sep/2021:10:25:40 +0800] "GET /xingrg/check_reg.html?_=1630981315279 HTTP/1.1" 200 22
120.253.135.82 - - [07/Sep/2021:10:25:41 +0800] "GET /xingrg/all/function/internal_message.html?_=1630981316017&CODE_STATE=getMsg HTTP/1.1" 200 27
116.238.194.18 - - [07/Sep/2021:10:25:43 +0800] "POST /xingrg/kc/buy/cgsh_order_operate.html HTTP/1.1" 200 37
101.83.145.79 - - [07/Sep/2021:10:25:44 +0800] "POST /xingrg/kc/buy/cgsh_order_operate.html HTTP/1.1" 200 37
116.238.194.18 - - [07/Sep/2021:10:25:46 +0800] "POST /xingrg/kc/buy/cgsh_order_operate.html HTTP/1.1" 200 12
180.169.147.146 - - [07/Sep/2021:10:25:46 +0800] "GET /xingrg/all/function/internal_message.html?_=1630981549382&CODE_STATE=getMsg HTTP/1.1" 200 27
101.83.145.79 - - [07/Sep/2021:10:25:47 +0800] "POST /xingrg/kc/buy/cgsh_order_operate.html HTTP/1.1" 200 3856
116.238.194.18 - - [07/Sep/2021:10:25:47 +0800] "GET /xingrg/kc/buy/cgsh_order_info.html?code=212021090702749 HTTP/1.1" 200 58277
116.238.194.18 - - [07/Sep/2021:10:25:48 +0800] "GET /xingrg/javascript/easyui/themes/default/validatebox.css HTTP/1.1" 404 1104
116.237.74.154 - - [07/Sep/2021:10:25:48 +0800] "GET /xingrg/all/function/internal_message.html?_=1630981550839&CODE_STATE=getMsg HTTP/1.1" 200 27
116.237.74.154 - - [07/Sep/2021:10:25:48 +0800] "GET /xingrg/check_reg.html?_=1630981550841 HTTP/1.1" 200 22
116.233.79.201 - - [07/Sep/2021:10:25:48 +0800] "GET /xingrg/check_reg.html?_=1630981549615 HTTP/1.1" 200 22
116.233.79.201 - - [07/Sep/2021:10:25:48 +0800] "GET /xingrg/all/function/internal_message.html?_=1630981549617&CODE_STATE=getMsg HTTP/1.1" 200 27
101.83.145.79 - - [07/Sep/2021:10:25:48 +0800] "GET /xingrg/kc/print/load_data.html?order_code=212021090702750&kc_code=cgsh&condition= HTTP/1.1" 200 1141
116.238.194.18 - - [07/Sep/2021:10:25:48 +0800] "POST /xingrg/kc/buy/cgsh_order_operate.html HTTP/1.1" 200 610
124.79.246.142 - - [07/Sep/2021:10:25:49 +0800] "GET /xingrg/check_reg.html?_=1630982007371 HTTP/1.1" 200 22
183.192.95.241 - - [07/Sep/2021:10:25:49 +0800] "GET /xingrg/all/function/internal_message.html?_=1630981552112&CODE_STATE=getMsg HTTP/1.1" 200 27
116.238.194.18 - - [07/Sep/2021:10:25:50 +0800] "GET /xingrg/kc/print/load_data.html?order_code=212021090702749&kc_code=cgsh&condition= HTTP/1.1" 200 805
222.70.179.190 - - [07/Sep/2021:10:25:50 +0800] "GET /xingrg/all/function/internal_message.html?_=1630981550017&CODE_STATE=getMsg HTTP/1.1" 200 27
116.238.194.18 - - [07/Sep/2021:10:25:51 +0800] "GET /xingrg/all/function/internal_message.html?_=1630981529376&CODE_STATE=getMsg HTTP/1.1" 200 27
101.83.145.79 - - [07/Sep/2021:10:25:52 +0800] "GET /xingrg/all/function/internal_message.html?_=1630981554861&CODE_STATE=getMsg HTTP/1.1" 200 27
58.40.7.146 - - [07/Sep/2021:10:25:53 +0800] "GET /xingrg/check_reg.html?_=1630981554681 HTTP/1.1" 302 -
116.238.194.18 - - [07/Sep/2021:10:25:54 +0800] "GET /xingrg/kc/buy/cgsh_order_operate.html?command=get_materiel&rest_code=00151&code=00101010497&supplier_code=00100266&order_time=2021-09-07 HTTP/1.1" 200 405
101.83.145.79 - - [07/Sep/2021:10:25:56 +0800] "GET /xingrg/kc/buy/cgsh_order_add.html HTTP/1.1" 200 63473
101.83.145.79 - - [07/Sep/2021:10:25:56 +0800] "POST /xingrg/kc/buy/cgsh_order_operate.html HTTP/1.1" 200 8245
101.85.93.96 - - [07/Sep/2021:10:25:56 +0800] "GET /xingrg/all/function/internal_message.html?_=1630981486519&CODE_STATE=getMsg HTTP/1.1" 200 27
101.83.145.79 - - [07/Sep/2021:10:25:56 +0800] "GET /xingrg/javascript/easyui/themes/default/validatebox.css HTTP/1.1" 404 1104
116.237.74.154 - - [07/Sep/2021:10:26:00 +0800] "GET /xingrg/all/function/internal_message.html?_=1630981558537&CODE_STATE=getMsg HTTP/1.1" 200 27
180.169.147.146 - - [07/Sep/2021:10:26:02 +0800] "GET /xingrg/all/function/internal_message.html?_=1630981554606&CODE_STATE=getMsg HTTP/1.1" 200 27
172.20.0.100 - - [07/Sep/2021:10:26:03 +0800] "GET /xingrg/check_reg.html?_=1630981564607 HTTP/1.1" 200 22
172.20.0.100 - - [07/Sep/2021:10:26:06 +0800] "GET /xingrg/all/function/internal_message.html?_=1630981567647&CODE_STATE=getMsg HTTP/1.1" 200 27
58.40.7.146 - - [07/Sep/2021:10:26:07 +0800] "GET /xingrg/check_reg.html?_=1630981568689 HTTP/1.1" 302 -
116.238.194.18 - - [07/Sep/2021:10:26:08 +0800] "GET /xingrg/all/function/internal_message.html?_=1630981569570&CODE_STATE=getMsg HTTP/1.1" 200 27
180.169.147.146 - - [07/Sep/2021:10:26:13 +0800] "GET /xingrg/check_reg.html?_=1630981575014 HTTP/1.1" 200 22
180.169.147.146 - - [07/Sep/2021:10:26:13 +0800] "GET /xingrg/all/function/internal_message.html?_=1630981575024&CODE_STATE=getMsg HTTP/1.1" 200 27
101.83.145.79 - - [07/Sep/2021:10:26:14 +0800] "GET /xingrg/kc/buy/cgsh_order_operate.html?command=get_materiel&rest_code=00105&code=00101001045&supplier_code=00100439&order_time=2021-09-07 HTTP/1.1" 200 421
116.230.105.26 - - [07/Sep/2021:10:26:18 +0800] "GET /xingrg/all/function/internal_message.html?_=1630981522850&CODE_STATE=getMsg HTTP/1.1" 200 27
124.79.246.142 - - [07/Sep/2021:10:26:22 +0800] "GET /xingrg/all/function/internal_message.html?_=1630982039993&CODE_STATE=getMsg HTTP/1.1" 200 27
101.83.145.79 - - [07/Sep/2021:10:26:26 +0800] "POST /xingrg/kc/buy/cgsh_order_operate.html HTTP/1.1" 200 37
116.237.74.154 - - [07/Sep/2021:10:26:27 +0800] "GET /xingrg/kc/buy/cgsh_order_operate.html?command=get_materiel&rest_code=00106&code=00101008244&supplier_code=00100007&order_time=2021-09-07 HTTP/1.1" 200 408
222.70.246.151 - - [07/Sep/2021:10:26:27 +0800] "GET /xingrg/all/function/internal_message.html?_=1630981594392&CODE_STATE=getMsg HTTP/1.1" 200 27
116.233.79.201 - - [07/Sep/2021:10:26:32 +0800] "GET /xingrg/all/function/internal_message.html?_=1630981597996&CODE_STATE=getMsg HTTP/1.1" 200 27
116.237.74.154 - - [07/Sep/2021:10:26:36 +0800] "GET /xingrg/kc/buy/cgsh_order_operate.html?command=get_materiel&rest_code=00106&code=00101008186&supplier_code=00100007&order_time=2021-09-07 HTTP/1.1" 200 408
116.238.168.124 - - [07/Sep/2021:10:26:38 +0800] "GET /xingrg/all/function/internal_message.html?_=1630981579683&CODE_STATE=getMsg HTTP/1.1" 200 27
116.237.74.154 - - [07/Sep/2021:10:26:39 +0800] "POST /xingrg/kc/buy/cgsh_order_operate.html HTTP/1.1" 200 2065
120.253.135.82 - - [07/Sep/2021:10:26:41 +0800] "GET /xingrg/all/function/internal_message.html?_=1630981376031&CODE_STATE=getMsg HTTP/1.1" 200 27
101.85.52.72 - - [07/Sep/2021:10:26:43 +0800] "GET /xingrg/login.html HTTP/1.1" 200 7641
180.157.254.90 - - [07/Sep/2021:10:26:46 +0800] "GET /favicon.ico HTTP/1.1" 404 -
180.169.147.146 - - [07/Sep/2021:10:26:46 +0800] "GET /xingrg/all/function/internal_message.html?_=1630981609372&CODE_STATE=getMsg HTTP/1.1" 200 27
116.237.74.154 - - [07/Sep/2021:10:26:48 +0800] "GET /xingrg/all/function/internal_message.html?_=1630981610840&CODE_STATE=getMsg HTTP/1.1" 200 27
116.233.79.201 - - [07/Sep/2021:10:26:48 +0800] "GET /xingrg/all/function/internal_message.html?_=1630981609618&CODE_STATE=getMsg HTTP/1.1" 200 27
183.192.95.241 - - [07/Sep/2021:10:26:49 +0800] "GET /xingrg/all/function/internal_message.html?_=1630981612110&CODE_STATE=getMsg HTTP/1.1" 200 27
116.237.74.154 - - [07/Sep/2021:10:26:50 +0800] "GET /xingrg/kc/buy/cgsh_order_operate.html?command=get_materiel&rest_code=00106&code=00101008224&supplier_code=00100007&order_time=2021-09-07 HTTP/1.1" 200 416
222.70.179.190 - - [07/Sep/2021:10:26:50 +0800] "GET /xingrg/all/function/internal_message.html?_=1630981610001&CODE_STATE=getMsg HTTP/1.1" 200 27
116.238.194.18 - - [07/Sep/2021:10:26:51 +0800] "GET /xingrg/all/function/internal_message.html?_=1630981589387&CODE_STATE=getMsg HTTP/1.1" 200 27
101.85.52.72 - - [07/Sep/2021:10:26:53 +0800] "GET /favicon.ico HTTP/1.1" 404 -
101.85.93.96 - - [07/Sep/2021:10:26:56 +0800] "GET /xingrg/all/function/internal_message.html?_=1630981546519&CODE_STATE=getMsg HTTP/1.1" 200 27
101.85.52.72 - - [07/Sep/2021:10:26:58 +0800] "POST /xingrg/login.do HTTP/1.1" 302 -
101.85.52.72 - - [07/Sep/2021:10:26:58 +0800] "GET /xingrg/index.html?sysBaseUrl=http%3A%2F%2F180.169.147.146%3A18081%2Fxingrg%2F&costTime=44×tamp=1630981618136 HTTP/1.1" 200 17179
101.85.52.72 - - [07/Sep/2021:10:26:59 +0800] "GET /favicon.ico HTTP/1.1" 404 -
101.85.52.72 - - [07/Sep/2021:10:26:59 +0800] "POST /xingrg/all/common/load_tree.html?tree=area_rest_tree_json&manage=1 HTTP/1.1" 200 351
101.85.52.72 - - [07/Sep/2021:10:27:00 +0800] "GET /xingrg/all/function/internal_message.html?_=1630981619461&CODE_STATE=count HTTP/1.1" 200 11
101.85.52.72 - - [07/Sep/2021:10:27:00 +0800] "GET /xingrg/check_reg.html?_=1630981619464 HTTP/1.1" 200 22
101.85.52.72 - - [07/Sep/2021:10:27:00 +0800] "POST /xingrg/load_menu.html HTTP/1.1" 200 5138
116.237.74.154 - - [07/Sep/2021:10:27:00 +0800] "GET /xingrg/all/function/internal_message.html?_=1630981618531&CODE_STATE=getMsg HTTP/1.1" 200 27
101.85.52.72 - - [07/Sep/2021:10:27:01 +0800] "GET /xingrg/kc/buy/buy_main.html HTTP/1.1" 200 12412
101.85.52.72 - - [07/Sep/2021:10:27:01 +0800] "GET /xingrg/css/new_ie.css HTTP/1.1" 404 1036
180.169.147.146 - - [07/Sep/2021:10:27:02 +0800] "GET /xingrg/all/function/internal_message.html?_=1630981614605&CODE_STATE=getMsg HTTP/1.1" 200 27
101.85.52.72 - - [07/Sep/2021:10:27:02 +0800] "GET /xingrg/images/yd/bt.gif HTTP/1.1" 404 1040
101.85.52.72 - - [07/Sep/2021:10:27:02 +0800] "GET /xingrg/kc/buy/cgsh_order_list.html HTTP/1.1" 200 47694
172.20.0.100 - - [07/Sep/2021:10:27:06 +0800] "GET /xingrg/all/function/internal_message.html?_=1630981627633&CODE_STATE=getMsg HTTP/1.1" 200 27
101.85.52.72 - - [07/Sep/2021:10:27:07 +0800] "POST /xingrg/kc/buy/cgsh_list_operate.html HTTP/1.1" 200 3856
116.238.194.18 - - [07/Sep/2021:10:27:08 +0800] "GET /xingrg/all/function/internal_message.html?_=1630981629551&CODE_STATE=getMsg HTTP/1.1" 200 27
116.237.74.154 - - [07/Sep/2021:10:27:09 +0800] "GET /xingrg/kc/buy/cgsh_order_operate.html?command=get_materiel&rest_code=00106&code=00101008361&supplier_code=00100007&order_time=2021-09-07 HTTP/1.1" 200 408
180.169.147.146 - - [07/Sep/2021:10:27:12 +0800] "POST /xingrg/all/user/operate.html HTTP/1.1" 200 36
180.169.147.146 - - [07/Sep/2021:10:27:12 +0800] "GET /xingrg/javascript/jquery_easy_ui/themes/default/easyui.css HTTP/1.1" 304 -
180.169.147.146 - - [07/Sep/2021:10:27:12 +0800] "GET /xingrg/javascript/jquery_easy_ui/themes/icon.css HTTP/1.1" 304 -
180.169.147.146 - - [07/Sep/2021:10:27:12 +0800] "GET /xingrg/css/form.css HTTP/1.1" 304 -
180.169.147.146 - - [07/Sep/2021:10:27:12 +0800] "GET /xingrg/index.html?sysBaseUrl=http%3A%2F%2F180.169.147.146%3A18081%2Fxingrg%2F&costTime=253×tamp=1630981273167 HTTP/1.1" 200 17503
180.169.147.146 - - [07/Sep/2021:10:27:12 +0800] "GET /xingrg/javascript/jquery-1.4.2.min.js HTTP/1.1" 304 -
180.169.147.146 - - [07/Sep/2021:10:27:12 +0800] "GET /xingrg/javascript/jquery_easy_ui/jquery.easyui.min.js HTTP/1.1" 304 -
180.169.147.146 - - [07/Sep/2021:10:27:12 +0800] "GET /xingrg/javascript/jquery_easy_ui/easyui-lang-zh_CN.js HTTP/1.1" 304 -
180.169.147.146 - - [07/Sep/2021:10:27:12 +0800] "GET /xingrg/javascript/jquery.form.js HTTP/1.1" 304 -
180.169.147.146 - - [07/Sep/2021:10:27:12 +0800] "GET /xingrg/javascript/jquery.utils.js HTTP/1.1" 304 -
180.169.147.146 - - [07/Sep/2021:10:27:12 +0800] "GET /xingrg/javascript/jquery.timers.js HTTP/1.1" 304 -
180.169.147.146 - - [07/Sep/2021:10:27:12 +0800] "GET /xingrg/images/blue/jxLogo.png HTTP/1.1" 304 -
180.169.147.146 - - [07/Sep/2021:10:27:12 +0800] "GET /xingrg/images/blue/navBackgound.jpg HTTP/1.1" 304 -
180.169.147.146 - - [07/Sep/2021:10:27:12 +0800] "GET /xingrg/javascript/jquery_easy_ui/themes/icons/settle_new.png HTTP/1.1" 304 -
180.169.147.146 - - [07/Sep/2021:10:27:12 +0800] "POST /xingrg/all/common/load_tree.html?tree=area_rest_tree_json&manage=1 HTTP/1.1" 200 3344
180.169.147.146 - - [07/Sep/2021:10:27:12 +0800] "GET /xingrg/all/function/internal_message.html?_=1630981634317&CODE_STATE=count HTTP/1.1" 200 11
180.169.147.146 - - [07/Sep/2021:10:27:12 +0800] "GET /xingrg/check_reg.html?_=1630981634318 HTTP/1.1" 200 22
180.169.147.146 - - [07/Sep/2021:10:27:12 +0800] "GET /xingrg/javascript/jquery_easy_ui/themes/default/images/panel_tool_collapse.gif HTTP/1.1" 304 -
180.169.147.146 - - [07/Sep/2021:10:27:12 +0800] "GET /xingrg/images/blue/pingpu.png HTTP/1.1" 304 -
180.169.147.146 - - [07/Sep/2021:10:27:12 +0800] "GET /xingrg/javascript/jquery_easy_ui/themes/default/images/tabs_leftarrow.png HTTP/1.1" 304 -
180.169.147.146 - - [07/Sep/2021:10:27:12 +0800] "GET /xingrg/javascript/jquery_easy_ui/themes/default/images/tabs_rightarrow.png HTTP/1.1" 304 -
180.169.147.146 - - [07/Sep/2021:10:27:12 +0800] "GET /xingrg/javascript/jquery_easy_ui/themes/default/images/panel_tool_expand.gif HTTP/1.1" 304 -
180.169.147.146 - - [07/Sep/2021:10:27:12 +0800] "POST /xingrg/load_menu.html HTTP/1.1" 200 9959
101.85.52.72 - - [07/Sep/2021:10:27:13 +0800] "POST /xingrg/kc/buy/cgsh_list_operate.html HTTP/1.1" 200 5683
116.238.194.18 - - [07/Sep/2021:10:27:13 +0800] "GET /xingrg/kc/buy/cgsh_order_add.html HTTP/1.1" 200 63362
180.169.147.146 - - [07/Sep/2021:10:27:13 +0800] "GET /xingrg/kc/report/report_main.html HTTP/1.1" 200 7345
116.238.194.18 - - [07/Sep/2021:10:27:14 +0800] "POST /xingrg/kc/buy/cgsh_order_operate.html HTTP/1.1" 200 8245
116.238.194.18 - - [07/Sep/2021:10:27:14 +0800] "GET /xingrg/javascript/easyui/themes/default/validatebox.css HTTP/1.1" 404 1104
180.169.147.146 - - [07/Sep/2021:10:27:15 +0800] "GET /xingrg/kc/base/crk_hz.html HTTP/1.1" 200 11247
180.169.147.146 - - [07/Sep/2021:10:27:15 +0800] "POST /xingrg/kc/cost/cost_operate.html?command=get_base_tree HTTP/1.1" 200 2524
180.169.147.146 - - [07/Sep/2021:10:27:15 +0800] "POST /xingrg/all/common/load_tree.html?tree=materiel_sort_tree_json HTTP/1.1" 200 8792
180.169.147.146 - - [07/Sep/2021:10:27:17 +0800] "GET /xingrg/all/common/get_data_part.html?part=previousMonth&_=1630981639399 HTTP/1.1" 200 41
116.230.105.26 - - [07/Sep/2021:10:27:18 +0800] "GET /xingrg/all/function/internal_message.html?_=1630981582848&CODE_STATE=getMsg HTTP/1.1" 200 27
101.85.52.72 - - [07/Sep/2021:10:27:22 +0800] "POST /xingrg/kc/buy/cgsh_list_operate.html HTTP/1.1" 200 9566
124.79.246.142 - - [07/Sep/2021:10:27:22 +0800] "GET /xingrg/all/function/internal_message.html?_=1630982100008&CODE_STATE=getMsg HTTP/1.1" 200 27
180.169.147.146 - - [07/Sep/2021:10:27:23 +0800] "GET /xingrg/kc/base/crk_hz.html?_=1630981644732&command=get_cost_id&end_date=2021-08-31&start_date=2021-08-01 HTTP/1.1" 200 51
180.169.147.146 - - [07/Sep/2021:10:27:23 +0800] "GET /xingrg/all/report/report_query.html?isQuery=1&onlyBody=1&rh=99999&rw=1800&varString=start:20210801,cost_id:3245,mid:20210801&fileName=kc/base/crk_hz_type_by_base.xml&queryString=%20a.base_code%20in%20('0010102','0010103')%20%20and%20m.sort_code%20in%20('00101001','00101002','00101003','00101004','00101005','00101006','00101007','00101008','00101009','00101010','00101011','00101012','00101013','00101014','00101015','00101016','00101017','00101018','00101019','00101020','00101021','00101022','00101023','00101024','00101025','00101026','00101027','00101028','00101029','00101030','00101031','00101032','00101033','00101034','00101036','00101037','00101038','00101039')%20&queryText=ÈÕÆÚ£º2021-08-01ÖÁ2021-08-31%20²Ö¿â£ºÔÁ²Ë,º£ÅÉ&tableQueryString=materiel_table$sp1$$sp$before_table$sp1$$sp$crk_table$sp1$order_day%20between%2020210801%20and%2020210831 HTTP/1.1" 200 49855
180.169.147.146 - - [07/Sep/2021:10:27:23 +0800] "GET /xingrg/dwr/interface/AjaxReportQueryService.js HTTP/1.1" 200 13203
180.169.147.146 - - [07/Sep/2021:10:27:23 +0800] "GET /xingrg/dwr/engine.js HTTP/1.1" 200 43631
222.70.246.151 - - [07/Sep/2021:10:27:23 +0800] "GET /xingrg/check_reg.html?_=1630981650299 HTTP/1.1" 200 22
180.169.147.146 - - [07/Sep/2021:10:27:25 +0800] "POST /xingrg/all/report/load_report_page.html HTTP/1.1" 200 118905
180.169.147.146 - - [07/Sep/2021:10:27:25 +0800] "GET /xingrg/servlets/image?cache=0.43424425222536733&image=px HTTP/1.1" 200 807
222.70.246.151 - - [07/Sep/2021:10:27:27 +0800] "GET /xingrg/all/function/internal_message.html?_=1630981654395&CODE_STATE=getMsg HTTP/1.1" 200 27
101.85.52.72 - - [07/Sep/2021:10:27:28 +0800] "POST /xingrg/kc/buy/cgsh_list_operate.html HTTP/1.1" 200 9864
101.83.145.79 - - [07/Sep/2021:10:27:31 +0800] "POST /xingrg/kc/buy/cgsh_order_operate.html HTTP/1.1" 200 2668
116.233.79.201 - - [07/Sep/2021:10:27:32 +0800] "GET /xingrg/all/function/internal_message.html?_=1630981657995&CODE_STATE=getMsg HTTP/1.1" 200 27
101.83.145.79 - - [07/Sep/2021:10:27:34 +0800] "GET /xingrg/kc/print/load_data.html?order_code=212021090702751&kc_code=cgsh&condition= HTTP/1.1" 200 687
101.85.52.72 - - [07/Sep/2021:10:27:35 +0800] "POST /xingrg/kc/buy/cgsh_list_operate.html HTTP/1.1" 200 9867
116.238.168.124 - - [07/Sep/2021:10:27:38 +0800] "GET /xingrg/all/function/internal_message.html?_=1630981639812&CODE_STATE=getMsg HTTP/1.1" 200 27
180.169.147.146 - - [07/Sep/2021:10:27:39 +0800] "GET /xingrg/all/report/report_query.html?isQuery=1&fileName=kc/base/crk_detail_by_small.xml&rh=99999&queryString=&queryText=%25E3%2580%2590%25E4%25BB%2593%25E5%25BA%2593%25E5%2590%258D%25E7%25A7%25B0%253A%25E7%25B2%25A4%25E8%258F%259C%25E3%2580%2591%25E3%2580%2590%25E4%25B8%259A%25E5%258A%25A1%25E7%25B1%25BB%25E5%259E%258B%25EF%25BC%259A%25E5%2586%2585%25E9%2583%25A8%25E8%25B0%2583%25E5%2585%25A5%25E3%2580%2591%2520%253F%253F%253F%253F%253F2021-08-01%253F%253F2021-08-31%2520%253F%253F%253F%253F%253F%253F%253F%252C%253F%253F%253F%253F&tableQueryString=crk_table%2524sp1%2524order_day%2520between%252020210801%2520and%252020210831%2520and%2520(base_code%253D'0010102')%2520and%2520(src_order_type%2520in%2520(42))%2520and%2520(is_rk%2520in%2520(1)) HTTP/1.1" 200 53788
180.169.147.146 - - [07/Sep/2021:10:27:39 +0800] "GET /xingrg/dwr/interface/AjaxReportQueryService.js HTTP/1.1" 200 13203
180.169.147.146 - - [07/Sep/2021:10:27:39 +0800] "GET /xingrg/dwr/engine.js HTTP/1.1" 200 43631
180.169.147.146 - - [07/Sep/2021:10:27:40 +0800] "POST /xingrg/all/report/load_report_page.html HTTP/1.1" 200 45588
180.169.147.146 - - [07/Sep/2021:10:27:40 +0800] "GET /xingrg/servlets/image?cache=0.062015432201317666&image=px HTTP/1.1" 200 807
101.85.52.72 - - [07/Sep/2021:10:27:40 +0800] "POST /xingrg/kc/buy/cgsh_list_operate.html HTTP/1.1" 200 9880
120.253.135.82 - - [07/Sep/2021:10:27:41 +0800] "GET /xingrg/all/function/internal_message.html?_=1630981436045&CODE_STATE=getMsg HTTP/1.1" 200 27
116.238.194.18 - - [07/Sep/2021:10:27:42 +0800] "GET /xingrg/check_reg.html?_=1630981640517 HTTP/1.1" 200 22
180.169.147.146 - - [07/Sep/2021:10:27:46 +0800] "GET /xingrg/all/function/internal_message.html?_=1630981669379&CODE_STATE=getMsg HTTP/1.1" 200 27
180.169.147.146 - - [07/Sep/2021:10:27:46 +0800] "GET /xingrg/check_reg.html?_=1630981669386 HTTP/1.1" 200 22
116.237.74.154 - - [07/Sep/2021:10:27:48 +0800] "GET /xingrg/all/function/internal_message.html?_=1630981670840&CODE_STATE=getMsg HTTP/1.1" 200 27
101.91.60.88 - - [07/Sep/2021:10:27:48 +0800] "GET /xingrg/kc/buy/cgsh_order_operate.html?command=get_materiel&rest_code=00106&code=00101008224&supplier_code=00100007&order_time=2021-09-07 HTTP/1.1" 302 -
101.91.60.88 - - [07/Sep/2021:10:27:48 +0800] "GET /xingrg/login.html HTTP/1.1" 200 7641
116.233.79.201 - - [07/Sep/2021:10:27:48 +0800] "GET /xingrg/all/function/internal_message.html?_=1630981669619&CODE_STATE=getMsg HTTP/1.1" 200 27
183.192.95.241 - - [07/Sep/2021:10:27:49 +0800] "GET /xingrg/all/function/internal_message.html?_=1630981672114&CODE_STATE=getMsg HTTP/1.1" 200 27
180.169.147.146 - - [07/Sep/2021:10:27:50 +0800] "GET /xingrg/all/report/report_query.html?isQuery=1&fileName=kc/base/crk_detail_by_small.xml&rh=99999&queryString=&queryText=%25E3%2580%2590%25E4%25BB%2593%25E5%25BA%2593%25E5%2590%258D%25E7%25A7%25B0%253A%25E7%25B2%25A4%25E8%258F%259C%25E3%2580%2591%25E3%2580%2590%25E4%25B8%259A%25E5%258A%25A1%25E7%25B1%25BB%25E5%259E%258B%25EF%25BC%259A%25E5%2586%2585%25E9%2583%25A8%25E8%25B0%2583%25E5%2587%25BA%25E3%2580%2591%2520%253F%253F%253F%253F%253F2021-08-01%253F%253F2021-08-31%2520%253F%253F%253F%253F%253F%253F%253F%252C%253F%253F%253F%253F&tableQueryString=crk_table%2524sp1%2524order_day%2520between%252020210801%2520and%252020210831%2520and%2520(base_code%253D'0010102')%2520and%2520(src_order_type%2520in%2520(42))%2520and%2520(is_rk%2520in%2520(0)) HTTP/1.1" 200 53788
180.169.147.146 - - [07/Sep/2021:10:27:50 +0800] "GET /xingrg/dwr/interface/AjaxReportQueryService.js HTTP/1.1" 200 13203
180.169.147.146 - - [07/Sep/2021:10:27:50 +0800] "GET /xingrg/dwr/engine.js HTTP/1.1" 200 43631
222.70.179.190 - - [07/Sep/2021:10:27:50 +0800] "GET /xingrg/all/function/internal_message.html?_=1630981669985&CODE_STATE=getMsg HTTP/1.1" 200 27
180.169.147.146 - - [07/Sep/2021:10:27:51 +0800] "POST /xingrg/all/report/load_report_page.html HTTP/1.1" 200 11733
116.237.74.154 - - [07/Sep/2021:10:27:51 +0800] "GET /xingrg/kc/buy/cgsh_order_operate.html?command=get_materiel&rest_code=00106&code=00101008356&supplier_code=00100007&order_time=2021-09-07 HTTP/1.1" 200 408
180.169.147.146 - - [07/Sep/2021:10:27:51 +0800] "GET /xingrg/servlets/image?cache=0.17250310629390464&image=px HTTP/1.1" 200 807
116.238.194.18 - - [07/Sep/2021:10:27:51 +0800] "GET /xingrg/all/function/internal_message.html?_=1630981649400&CODE_STATE=getMsg HTTP/1.1" 200 27
101.83.145.79 - - [07/Sep/2021:10:27:52 +0800] "GET /xingrg/all/function/internal_message.html?_=1630981674876&CODE_STATE=getMsg HTTP/1.1" 200 27
124.79.246.142 - - [07/Sep/2021:10:27:54 +0800] "GET /xingrg/kc/buy/cgsh_order_operate.html?command=get_materiel&rest_code=00104&code=00101005002&supplier_code=00100313&order_time=2021-09-07 HTTP/1.1" 200 413
101.85.93.96 - - [07/Sep/2021:10:27:56 +0800] "GET /xingrg/all/function/internal_message.html?_=1630981606514&CODE_STATE=getMsg HTTP/1.1" 200 27
101.85.52.72 - - [07/Sep/2021:10:28:00 +0800] "GET /xingrg/all/function/internal_message.html?_=1630981679485&CODE_STATE=getMsg HTTP/1.1" 200 27
116.237.74.154 - - [07/Sep/2021:10:28:00 +0800] "GET /xingrg/all/function/internal_message.html?_=1630981678624&CODE_STATE=getMsg HTTP/1.1" 200 27
180.169.147.146 - - [07/Sep/2021:10:28:02 +0800] "GET /xingrg/all/function/internal_message.html?_=1630981674605&CODE_STATE=getMsg HTTP/1.1" 200 27
116.237.74.154 - - [07/Sep/2021:10:28:03 +0800] "GET /xingrg/kc/buy/cgsh_order_operate.html?command=get_materiel&rest_code=00106&code=00101008415&supplier_code=00100007&order_time=2021-09-07 HTTP/1.1" 200 398
116.237.74.154 - - [07/Sep/2021:10:28:05 +0800] "POST /xingrg/kc/buy/cgsh_order_operate.html HTTP/1.1" 200 2065
172.20.0.100 - - [07/Sep/2021:10:28:06 +0800] "GET /xingrg/all/function/internal_message.html?_=1630981687618&CODE_STATE=getMsg HTTP/1.1" 200 27
61.151.178.166 - - [07/Sep/2021:10:28:08 +0800] "GET /xingrg/kc/buy/cgsh_order_operate.html?command=get_materiel&rest_code=00106&code=00101008361&supplier_code=00100007&order_time=2021-09-07 HTTP/1.1" 302 -
116.238.194.18 - - [07/Sep/2021:10:28:08 +0800] "GET /xingrg/check_reg.html?_=1630981689549 HTTP/1.1" 200 22
116.238.194.18 - - [07/Sep/2021:10:28:08 +0800] "GET /xingrg/all/function/internal_message.html?_=1630981689551&CODE_STATE=getMsg HTTP/1.1" 200 27
61.151.178.166 - - [07/Sep/2021:10:28:09 +0800] "GET /xingrg/login.html HTTP/1.1" 200 7641
116.237.74.154 - - [07/Sep/2021:10:28:11 +0800] "GET /xingrg/kc/buy/cgsh_order_operate.html?command=get_materiel&rest_code=00106&code=00101008059&supplier_code=00100007&order_time=2021-09-07 HTTP/1.1" 200 408
180.169.147.146 - - [07/Sep/2021:10:28:12 +0800] "GET /xingrg/all/function/internal_message.html?_=1630981694329&CODE_STATE=getMsg HTTP/1.1" 200 27
124.79.246.142 - - [07/Sep/2021:10:28:15 +0800] "GET /xingrg/kc/buy/cgsh_order_operate.html?command=get_materiel&rest_code=00104&code=00101001164&supplier_code=00100313&order_time=2021-09-07 HTTP/1.1" 200 411
116.238.194.18 - - [07/Sep/2021:10:28:17 +0800] "GET /xingrg/kc/buy/cgsh_order_operate.html?command=get_materiel&rest_code=00151&code=00101010414&supplier_code=00100266&order_time=2021-09-07 HTTP/1.1" 200 415
116.230.105.26 - - [07/Sep/2021:10:28:18 +0800] "GET /xingrg/all/function/internal_message.html?_=1630981642860&CODE_STATE=getMsg HTTP/1.1" 200 27
124.79.246.142 - - [07/Sep/2021:10:28:22 +0800] "GET /xingrg/all/function/internal_message.html?_=1630982160024&CODE_STATE=getMsg HTTP/1.1" 200 27
116.238.194.18 - - [07/Sep/2021:10:28:27 +0800] "GET /xingrg/kc/buy/cgsh_order_operate.html?command=get_materiel&rest_code=00150&code=00101002018&supplier_code=00100094&order_time=2021-09-07 HTTP/1.1" 200 414
222.70.246.151 - - [07/Sep/2021:10:28:27 +0800] "GET /xingrg/all/function/internal_message.html?_=1630981714409&CODE_STATE=getMsg HTTP/1.1" 200 27
116.238.194.18 - - [07/Sep/2021:10:28:28 +0800] "GET /xingrg/kc/buy/cgsh_order_operate.html?command=get_materiel&rest_code=00151&code=00101010174&supplier_code=00100266&order_time=2021-09-07 HTTP/1.1" 200 421
124.79.246.142 - - [07/Sep/2021:10:28:29 +0800] "GET /xingrg/kc/buy/cgsh_order_operate.html?command=get_materiel&rest_code=00104&code=00101005024&supplier_code=00100313&order_time=2021-09-07 HTTP/1.1" 200 409
116.233.79.201 - - [07/Sep/2021:10:28:32 +0800] "GET /xingrg/all/function/internal_message.html?_=1630981717992&CODE_STATE=getMsg HTTP/1.1" 200 27
116.237.74.154 - - [07/Sep/2021:10:28:36 +0800] "GET /xingrg/kc/buy/cgsh_order_operate.html?command=get_materiel&rest_code=00106&code=00101008353&supplier_code=00100007&order_time=2021-09-07 HTTP/1.1" 200 408
116.238.194.18 - - [07/Sep/2021:10:28:36 +0800] "GET /xingrg/kc/buy/cgsh_order_operate.html?command=get_materiel&rest_code=00151&code=00101021013&supplier_code=00100266&order_time=2021-09-07 HTTP/1.1" 200 404
116.238.168.124 - - [07/Sep/2021:10:28:38 +0800] "GET /xingrg/all/function/internal_message.html?_=1630981699818&CODE_STATE=getMsg HTTP/1.1" 200 27
120.253.135.82 - - [07/Sep/2021:10:28:41 +0800] "GET /xingrg/all/function/internal_message.html?_=1630981496058&CODE_STATE=getMsg HTTP/1.1" 200 27
124.79.246.142 - - [07/Sep/2021:10:28:41 +0800] "GET /xingrg/kc/buy/cgsh_order_operate.html?command=get_materiel&rest_code=00104&code=00101001096&supplier_code=00100313&order_time=2021-09-07 HTTP/1.1" 200 413
116.238.194.18 - - [07/Sep/2021:10:28:44 +0800] "POST /xingrg/kc/buy/cgsh_order_operate.html HTTP/1.1" 200 37
101.85.52.72 - - [07/Sep/2021:10:28:44 +0800] "GET /xingrg/kc/buy/buy_main.html HTTP/1.1" 200 12412
101.85.52.72 - - [07/Sep/2021:10:28:44 +0800] "GET /xingrg/css/new_ie.css HTTP/1.1" 404 1036
101.85.52.72 - - [07/Sep/2021:10:28:45 +0800] "GET /xingrg/images/yd/bt.gif HTTP/1.1" 404 1040
116.237.74.154 - - [07/Sep/2021:10:28:45 +0800] "GET /xingrg/kc/buy/cgsh_order_operate.html?command=get_materiel&rest_code=00106&code=00101008219&supplier_code=00100007&order_time=2021-09-07 HTTP/1.1" 200 412
101.85.52.72 - - [07/Sep/2021:10:28:45 +0800] "GET /xingrg/kc/buy/cgsh_order_list.html HTTP/1.1" 200 47694
180.169.147.146 - - [07/Sep/2021:10:28:46 +0800] "GET /xingrg/all/function/internal_message.html?_=1630981729374&CODE_STATE=getMsg HTTP/1.1" 200 27
116.238.194.18 - - [07/Sep/2021:10:28:46 +0800] "POST /xingrg/kc/buy/cgsh_order_operate.html HTTP/1.1" 200 12
61.151.178.249 - - [07/Sep/2021:10:28:47 +0800] "GET /xingrg/kc/buy/cgsh_order_operate.html?command=get_materiel&rest_code=00106&code=00101008356&supplier_code=00100007&order_time=2021-09-07 HTTP/1.1" 302 -
116.238.194.18 - - [07/Sep/2021:10:28:47 +0800] "GET /xingrg/kc/buy/cgsh_order_info.html?code=212021090702752 HTTP/1.1" 200 58275
61.151.178.249 - - [07/Sep/2021:10:28:47 +0800] "GET /xingrg/login.html HTTP/1.1" 200 7641
116.237.74.154 - - [07/Sep/2021:10:28:48 +0800] "GET /xingrg/all/function/internal_message.html?_=1630981730839&CODE_STATE=getMsg HTTP/1.1" 200 27
116.238.194.18 - - [07/Sep/2021:10:28:48 +0800] "GET /xingrg/javascript/easyui/themes/default/validatebox.css HTTP/1.1" 404 1104
116.233.79.201 - - [07/Sep/2021:10:28:48 +0800] "GET /xingrg/all/function/internal_message.html?_=1630981729620&CODE_STATE=getMsg HTTP/1.1" 200 27
101.85.52.72 - - [07/Sep/2021:10:28:48 +0800] "POST /xingrg/kc/buy/cgsh_list_operate.html HTTP/1.1" 200 3856
116.238.194.18 - - [07/Sep/2021:10:28:48 +0800] "POST /xingrg/kc/buy/cgsh_order_operate.html HTTP/1.1" 200 612
116.237.74.154 - - [07/Sep/2021:10:28:48 +0800] "POST /xingrg/kc/buy/cgsh_order_operate.html HTTP/1.1" 200 2065
183.192.95.241 - - [07/Sep/2021:10:28:49 +0800] "GET /xingrg/check_reg.html?_=1630981732117 HTTP/1.1" 200 22
183.192.95.241 - - [07/Sep/2021:10:28:49 +0800] "GET /xingrg/all/function/internal_message.html?_=1630981732121&CODE_STATE=getMsg HTTP/1.1" 200 27
222.70.179.190 - - [07/Sep/2021:10:28:50 +0800] "GET /xingrg/all/function/internal_message.html?_=1630981729968&CODE_STATE=getMsg HTTP/1.1" 200 27
116.238.194.18 - - [07/Sep/2021:10:28:50 +0800] "GET /xingrg/kc/print/load_data.html?order_code=212021090702752&kc_code=cgsh&condition= HTTP/1.1" 200 806
116.238.194.18 - - [07/Sep/2021:10:28:51 +0800] "GET /xingrg/all/function/internal_message.html?_=1630981709702&CODE_STATE=getMsg HTTP/1.1" 200 27
101.85.52.72 - - [07/Sep/2021:10:28:52 +0800] "POST /xingrg/kc/buy/cgsh_list_operate.html HTTP/1.1" 200 198
101.83.145.79 - - [07/Sep/2021:10:28:52 +0800] "GET /xingrg/all/function/internal_message.html?_=1630981734856&CODE_STATE=getMsg HTTP/1.1" 200 27
101.85.52.72 - - [07/Sep/2021:10:28:54 +0800] "POST /xingrg/kc/buy/cgsh_list_operate.html HTTP/1.1" 200 273
116.238.194.18 - - [07/Sep/2021:10:28:55 +0800] "GET /xingrg/kc/buy/cgsh_order_operate.html?command=get_materiel&rest_code=00151&code=00101007051&supplier_code=00100266&order_time=2021-09-07 HTTP/1.1" 200 413
101.85.93.96 - - [07/Sep/2021:10:28:56 +0800] "GET /xingrg/check_reg.html?_=1630981666514 HTTP/1.1" 200 22
101.85.93.96 - - [07/Sep/2021:10:28:56 +0800] "GET /xingrg/all/function/internal_message.html?_=1630981666516&CODE_STATE=getMsg HTTP/1.1" 200 27
101.85.52.72 - - [07/Sep/2021:10:28:57 +0800] "POST /xingrg/kc/buy/cgsh_list_operate.html HTTP/1.1" 200 198
124.79.246.142 - - [07/Sep/2021:10:28:58 +0800] "GET /xingrg/javascript/easyui/themes/default/images/button_plain_hover.png HTTP/1.1" 304 -
124.79.246.142 - - [07/Sep/2021:10:28:58 +0800] "GET /xingrg/javascript/easyui/themes/default/images/button_plain_hover.png HTTP/1.1" 304 -
124.79.246.142 - - [07/Sep/2021:10:28:58 +0800] "GET /xingrg/javascript/easyui/themes/default/images/button_plain_hover.png HTTP/1.1" 304 -
101.85.52.72 - - [07/Sep/2021:10:28:58 +0800] "POST /xingrg/kc/buy/cgsh_list_operate.html HTTP/1.1" 200 562
61.151.179.84 - - [07/Sep/2021:10:28:59 +0800] "GET /xingrg/kc/buy/cgsh_order_operate.html?command=get_materiel&rest_code=00106&code=00101008415&supplier_code=00100007&order_time=2021-09-07 HTTP/1.1" 302 -
101.85.52.72 - - [07/Sep/2021:10:29:00 +0800] "GET /xingrg/all/function/internal_message.html?_=1630981739472&CODE_STATE=getMsg HTTP/1.1" 200 27
61.151.179.84 - - [07/Sep/2021:10:29:00 +0800] "GET /xingrg/login.html HTTP/1.1" 200 7641
101.85.52.72 - - [07/Sep/2021:10:29:00 +0800] "POST /xingrg/kc/buy/cgsh_list_operate.html HTTP/1.1" 200 557
116.237.74.154 - - [07/Sep/2021:10:29:00 +0800] "GET /xingrg/check_reg.html?_=1630981738635 HTTP/1.1" 200 22
116.237.74.154 - - [07/Sep/2021:10:29:00 +0800] "GET /xingrg/all/function/internal_message.html?_=1630981738636&CODE_STATE=getMsg HTTP/1.1" 200 27
124.79.246.142 - - [07/Sep/2021:10:29:01 +0800] "POST /xingrg/kc/buy/cgsh_order_operate.html HTTP/1.1" 200 37
101.85.52.72 - - [07/Sep/2021:10:29:01 +0800] "POST /xingrg/kc/buy/cgsh_list_operate.html HTTP/1.1" 200 280
101.85.52.72 - - [07/Sep/2021:10:29:02 +0800] "POST /xingrg/kc/buy/cgsh_list_operate.html HTTP/1.1" 200 271
180.169.147.146 - - [07/Sep/2021:10:29:02 +0800] "GET /xingrg/all/function/internal_message.html?_=1630981734603&CODE_STATE=getMsg HTTP/1.1" 200 27
180.169.147.146 - - [07/Sep/2021:10:29:02 +0800] "GET /xingrg/check_reg.html?_=1630981734605 HTTP/1.1" 200 22
124.79.246.142 - - [07/Sep/2021:10:29:03 +0800] "POST /xingrg/kc/buy/cgsh_order_operate.html HTTP/1.1" 200 4440
124.79.246.142 - - [07/Sep/2021:10:29:04 +0800] "GET /xingrg/javascript/easyui/themes/default/images/button_plain_hover.png HTTP/1.1" 304 -
