116.238.194.18 - - [07/Sep/2021:09:50:33 +0800] "GET /xingrg/dwr/interface/AjaxComOrderService.js HTTP/1.1" 200 18264
116.238.194.18 - - [07/Sep/2021:09:50:33 +0800] "GET /xingrg/dwr/engine.js HTTP/1.1" 200 43631
116.238.194.18 - - [07/Sep/2021:09:50:33 +0800] "POST /xingrg/dwr/call/plaincall/AjaxYddbService.loadMaterielItems.dwr HTTP/1.1" 200 837
116.238.194.18 - - [07/Sep/2021:09:50:34 +0800] "GET /xingrg/kc/base/yddb_order_list.html?isBack=1 HTTP/1.1" 200 16834
116.238.194.18 - - [07/Sep/2021:09:50:35 +0800] "POST /xingrg/kc/base/yddb_list_operate.html HTTP/1.1" 200 636
116.238.168.124 - - [07/Sep/2021:09:50:36 +0800] "GET /xingrg/all/function/internal_message.html?_=1630979418054&CODE_STATE=getMsg HTTP/1.1" 200 27
124.79.246.142 - - [07/Sep/2021:09:50:39 +0800] "GET /xingrg/login.html HTTP/1.1" 200 7641
124.79.246.142 - - [07/Sep/2021:09:50:39 +0800] "GET /xingrg/images/blue/jxLogo.png HTTP/1.1" 304 -
124.79.246.142 - - [07/Sep/2021:09:50:39 +0800] "GET /xingrg/images/blue/login_bg.png HTTP/1.1" 304 -
124.79.246.142 - - [07/Sep/2021:09:50:39 +0800] "GET /xingrg/images/blue/hj.png HTTP/1.1" 304 -
124.79.246.142 - - [07/Sep/2021:09:50:39 +0800] "GET /xingrg/images/blue/srbg.png HTTP/1.1" 304 -
124.79.246.142 - - [07/Sep/2021:09:50:40 +0800] "GET /favicon.ico HTTP/1.1" 404 -
120.253.135.82 - - [07/Sep/2021:09:50:40 +0800] "GET /xingrg/check_reg.html?_=1630979215241 HTTP/1.1" 200 22
120.253.135.82 - - [07/Sep/2021:09:50:40 +0800] "GET /xingrg/all/function/internal_message.html?_=1630979215480&CODE_STATE=getMsg HTTP/1.1" 200 27
116.233.79.201 - - [07/Sep/2021:09:50:48 +0800] "GET /xingrg/check_reg.html?_=1630979449542 HTTP/1.1" 200 22
116.233.79.201 - - [07/Sep/2021:09:50:48 +0800] "GET /xingrg/all/function/internal_message.html?_=1630979449545&CODE_STATE=getMsg HTTP/1.1" 200 27
124.79.246.142 - - [07/Sep/2021:09:50:49 +0800] "POST /xingrg/login.do HTTP/1.1" 302 -
124.79.246.142 - - [07/Sep/2021:09:50:49 +0800] "GET /xingrg/index.html?sysBaseUrl=http%3A%2F%2F180.169.147.146%3A18081%2Fxingrg%2F&costTime=39×tamp=1630979449005 HTTP/1.1" 200 17179
124.79.246.142 - - [07/Sep/2021:09:50:49 +0800] "GET /xingrg/javascript/jquery_easy_ui/themes/default/easyui.css HTTP/1.1" 304 -
124.79.246.142 - - [07/Sep/2021:09:50:49 +0800] "GET /xingrg/javascript/jquery_easy_ui/themes/icon.css HTTP/1.1" 304 -
124.79.246.142 - - [07/Sep/2021:09:50:49 +0800] "GET /xingrg/javascript/jquery-1.4.2.min.js HTTP/1.1" 304 -
124.79.246.142 - - [07/Sep/2021:09:50:49 +0800] "GET /xingrg/javascript/jquery_easy_ui/jquery.easyui.min.js HTTP/1.1" 304 -
124.79.246.142 - - [07/Sep/2021:09:50:49 +0800] "GET /xingrg/javascript/jquery_easy_ui/easyui-lang-zh_CN.js HTTP/1.1" 304 -
124.79.246.142 - - [07/Sep/2021:09:50:49 +0800] "GET /xingrg/css/form.css HTTP/1.1" 304 -
124.79.246.142 - - [07/Sep/2021:09:50:49 +0800] "GET /xingrg/javascript/jquery.utils.js HTTP/1.1" 304 -
124.79.246.142 - - [07/Sep/2021:09:50:49 +0800] "GET /xingrg/javascript/jquery.form.js HTTP/1.1" 304 -
124.79.246.142 - - [07/Sep/2021:09:50:49 +0800] "GET /xingrg/javascript/jquery.timers.js HTTP/1.1" 304 -
124.79.246.142 - - [07/Sep/2021:09:50:49 +0800] "GET /xingrg/images/blue/jxLogo.png HTTP/1.1" 304 -
124.79.246.142 - - [07/Sep/2021:09:50:49 +0800] "GET /xingrg/javascript/jquery_easy_ui/themes/icons/settle_new.png HTTP/1.1" 304 -
124.79.246.142 - - [07/Sep/2021:09:50:49 +0800] "GET /xingrg/images/blue/navBackgound.jpg HTTP/1.1" 304 -
124.79.246.142 - - [07/Sep/2021:09:50:49 +0800] "GET /xingrg/javascript/jquery_easy_ui/themes/default/images/tabs_leftarrow.png HTTP/1.1" 304 -
124.79.246.142 - - [07/Sep/2021:09:50:49 +0800] "POST /xingrg/all/common/load_tree.html?tree=area_rest_tree_json&manage=1 HTTP/1.1" 200 351
124.79.246.142 - - [07/Sep/2021:09:50:49 +0800] "GET /xingrg/check_reg.html?_=1630979906979 HTTP/1.1" 200 22
124.79.246.142 - - [07/Sep/2021:09:50:49 +0800] "GET /xingrg/images/blue/pingpu.png HTTP/1.1" 304 -
124.79.246.142 - - [07/Sep/2021:09:50:49 +0800] "GET /xingrg/all/function/internal_message.html?_=1630979906978&CODE_STATE=count HTTP/1.1" 200 11
124.79.246.142 - - [07/Sep/2021:09:50:49 +0800] "GET /xingrg/javascript/jquery_easy_ui/themes/default/images/tabs_rightarrow.png HTTP/1.1" 304 -
124.79.246.142 - - [07/Sep/2021:09:50:49 +0800] "POST /xingrg/load_menu.html HTTP/1.1" 200 5138
124.79.246.142 - - [07/Sep/2021:09:50:49 +0800] "GET /xingrg/javascript/jquery_easy_ui/themes/default/images/tree_arrows.gif HTTP/1.1" 304 -
124.79.246.142 - - [07/Sep/2021:09:50:49 +0800] "GET /xingrg/javascript/jquery_easy_ui/themes/default/images/panel_tool_collapse.gif HTTP/1.1" 304 -
124.79.246.142 - - [07/Sep/2021:09:50:49 +0800] "GET /xingrg/javascript/jquery_easy_ui/themes/icons/search_new.png HTTP/1.1" 304 -
124.79.246.142 - - [07/Sep/2021:09:50:49 +0800] "GET /xingrg/javascript/jquery_easy_ui/themes/default/images/tree_folder.gif HTTP/1.1" 304 -
124.79.246.142 - - [07/Sep/2021:09:50:49 +0800] "GET /xingrg/javascript/jquery_easy_ui/themes/icons/storage_new.png HTTP/1.1" 304 -
124.79.246.142 - - [07/Sep/2021:09:50:49 +0800] "GET /xingrg/javascript/jquery_easy_ui/themes/default/images/tree_folder_open.gif HTTP/1.1" 304 -
124.79.246.142 - - [07/Sep/2021:09:50:49 +0800] "GET /xingrg/javascript/jquery_easy_ui/themes/default/images/tree_file.gif HTTP/1.1" 304 -
124.79.246.142 - - [07/Sep/2021:09:50:49 +0800] "GET /xingrg/javascript/jquery_easy_ui/themes/icons/forms_new.png HTTP/1.1" 304 -
124.79.246.142 - - [07/Sep/2021:09:50:49 +0800] "GET /favicon.ico HTTP/1.1" 404 -
58.37.227.186 - - [07/Sep/2021:09:50:50 +0800] "GET /xingrg/kc/buy/cgsh_order_operate.html?command=get_materiel&rest_code=00141&code=00101008112&supplier_code=00100007&order_time=2021-09-07 HTTP/1.1" 200 412
222.70.179.190 - - [07/Sep/2021:09:50:51 +0800] "GET /xingrg/all/function/internal_message.html?_=1630979450587&CODE_STATE=getMsg HTTP/1.1" 200 27
58.40.7.146 - - [07/Sep/2021:09:50:53 +0800] "GET /xingrg/check_reg.html?_=1630979454855 HTTP/1.1" 302 -
124.79.246.142 - - [07/Sep/2021:09:50:55 +0800] "GET /xingrg/javascript/jquery_easy_ui/themes/default/images/tabs_close.gif HTTP/1.1" 304 -
124.79.246.142 - - [07/Sep/2021:09:50:55 +0800] "GET /xingrg/kc/buy/buy_main.html HTTP/1.1" 200 12412
124.79.246.142 - - [07/Sep/2021:09:50:55 +0800] "GET /xingrg/css/new_ie.css HTTP/1.1" 404 1036
124.79.246.142 - - [07/Sep/2021:09:50:55 +0800] "GET /xingrg/css/blue.css HTTP/1.1" 304 -
124.79.246.142 - - [07/Sep/2021:09:50:55 +0800] "GET /xingrg/javascript/jquery_ui/themes/humanity/humanity.css HTTP/1.1" 304 -
124.79.246.142 - - [07/Sep/2021:09:50:55 +0800] "GET /xingrg/javascript/ToolTips.js HTTP/1.1" 304 -
124.79.246.142 - - [07/Sep/2021:09:50:55 +0800] "GET /xingrg/javascript/myfunction.js HTTP/1.1" 304 -
124.79.246.142 - - [07/Sep/2021:09:50:55 +0800] "GET /xingrg/javascript/pic_change.js HTTP/1.1" 304 -
124.79.246.142 - - [07/Sep/2021:09:50:55 +0800] "GET /xingrg/javascript/jquery-1.4.2.min.js HTTP/1.1" 304 -
124.79.246.142 - - [07/Sep/2021:09:50:55 +0800] "GET /xingrg/javascript/jquery_ui/jquery-ui.min.js HTTP/1.1" 304 -
124.79.246.142 - - [07/Sep/2021:09:50:55 +0800] "GET /xingrg/javascript/jquery.utils.js HTTP/1.1" 304 -
124.79.246.142 - - [07/Sep/2021:09:50:55 +0800] "GET /xingrg/javascript/jquery_easy_ui/themes/default/easyui.css HTTP/1.1" 304 -
124.79.246.142 - - [07/Sep/2021:09:50:55 +0800] "GET /xingrg/javascript/jquery_easy_ui/themes/icon.css HTTP/1.1" 304 -
124.79.246.142 - - [07/Sep/2021:09:50:55 +0800] "GET /xingrg/images/blue/button/cgshd.gif HTTP/1.1" 304 -
124.79.246.142 - - [07/Sep/2021:09:50:55 +0800] "GET /xingrg/images/blue/button/cgfkd.gif HTTP/1.1" 304 -
124.79.246.142 - - [07/Sep/2021:09:50:55 +0800] "GET /xingrg/images/blue/button/kc.gif HTTP/1.1" 304 -
124.79.246.142 - - [07/Sep/2021:09:50:55 +0800] "GET /xingrg/images/blue/button/cgxqd.gif HTTP/1.1" 304 -
124.79.246.142 - - [07/Sep/2021:09:50:55 +0800] "GET /xingrg/images/blue/button/cgydd.gif HTTP/1.1" 304 -
124.79.246.142 - - [07/Sep/2021:09:50:55 +0800] "GET /xingrg/images/blue/pic_form2.gif HTTP/1.1" 304 -
124.79.246.142 - - [07/Sep/2021:09:50:55 +0800] "GET /xingrg/images/blue/button/ckthd.gif HTTP/1.1" 304 -
124.79.246.142 - - [07/Sep/2021:09:50:55 +0800] "GET /xingrg/javascript/jquery_ui/themes/humanity/images/ui-bg_inset-soft_100_f4f0ec_1x100.png HTTP/1.1" 304 -
124.79.246.142 - - [07/Sep/2021:09:50:55 +0800] "GET /xingrg/images/blue/bg_dotted.jpg HTTP/1.1" 304 -
124.79.246.142 - - [07/Sep/2021:09:50:55 +0800] "GET /xingrg/images/blue/button/right_ah.jpg HTTP/1.1" 304 -
124.79.246.142 - - [07/Sep/2021:09:50:55 +0800] "GET /xingrg/images/blue/button/down_ah.jpg HTTP/1.1" 304 -
124.79.246.142 - - [07/Sep/2021:09:50:55 +0800] "GET /xingrg/javascript/jquery_ui/themes/humanity/images/ui-iconsnew.jpg HTTP/1.1" 304 -
124.79.246.142 - - [07/Sep/2021:09:50:55 +0800] "GET /xingrg/javascript/jquery_ui/themes/humanity/images/ui-icons_ffffff_256x240.png HTTP/1.1" 304 -
124.79.246.142 - - [07/Sep/2021:09:50:55 +0800] "GET /xingrg/javascript/jquery_ui/themes/humanity/images/ui-icons_c47a23_256x240.png HTTP/1.1" 304 -
124.79.246.142 - - [07/Sep/2021:09:50:55 +0800] "GET /xingrg/javascript/jquery_ui/themes/humanity/images/ui-bg_glass_70_ede4d4_1x400.png HTTP/1.1" 304 -
58.37.227.186 - - [07/Sep/2021:09:50:56 +0800] "GET /xingrg/all/function/internal_message.html?_=1630979333606&CODE_STATE=getMsg HTTP/1.1" 200 27
124.79.246.142 - - [07/Sep/2021:09:50:56 +0800] "GET /xingrg/images/yd/bt.gif HTTP/1.1" 404 1040
124.79.246.142 - - [07/Sep/2021:09:50:57 +0800] "GET /xingrg/css/base.css HTTP/1.1" 304 -
124.79.246.142 - - [07/Sep/2021:09:50:57 +0800] "GET /xingrg/css/site.css HTTP/1.1" 304 -
124.79.246.142 - - [07/Sep/2021:09:50:57 +0800] "GET /xingrg/javascript/jquery_tools/datebox.css HTTP/1.1" 304 -
124.79.246.142 - - [07/Sep/2021:09:50:57 +0800] "GET /xingrg/javascript/easyui/themes/icon.css HTTP/1.1" 304 -
124.79.246.142 - - [07/Sep/2021:09:50:57 +0800] "GET /xingrg/javascript/easyui/themes/default/easyui.css HTTP/1.1" 304 -
124.79.246.142 - - [07/Sep/2021:09:50:57 +0800] "GET /xingrg/javascript/auto/jquery.autocomplete.css HTTP/1.1" 304 -
124.79.246.142 - - [07/Sep/2021:09:50:57 +0800] "GET /xingrg/kc/buy/cgsh_order_list.html HTTP/1.1" 200 47694
124.79.246.142 - - [07/Sep/2021:09:50:57 +0800] "GET /xingrg/javascript/jquery_tools/table.css HTTP/1.1" 304 -
124.79.246.142 - - [07/Sep/2021:09:50:57 +0800] "GET /xingrg/javascript/jquery_tools/fix.css HTTP/1.1" 304 -
124.79.246.142 - - [07/Sep/2021:09:50:57 +0800] "GET /xingrg/javascript/jquery_tools/list_manager.js HTTP/1.1" 304 -
124.79.246.142 - - [07/Sep/2021:09:50:57 +0800] "GET /xingrg/javascript/jquery_tools/jquery.tools.table.js HTTP/1.1" 304 -
124.79.246.142 - - [07/Sep/2021:09:50:57 +0800] "GET /xingrg/javascript/jquery_tools/jquery.tools.extend.js HTTP/1.1" 304 -
124.79.246.142 - - [07/Sep/2021:09:50:57 +0800] "GET /xingrg/javascript/auto/jquery.autocomplete.js HTTP/1.1" 304 -
124.79.246.142 - - [07/Sep/2021:09:50:57 +0800] "GET /xingrg/javascript/jquery_tools/jquery.tools.hotkey.js HTTP/1.1" 304 -
124.79.246.142 - - [07/Sep/2021:09:50:57 +0800] "GET /xingrg/javascript/jquery_tools/jquery.tools.min.js HTTP/1.1" 304 -
124.79.246.142 - - [07/Sep/2021:09:50:57 +0800] "GET /xingrg/javascript/jquery.utils.js HTTP/1.1" 304 -
124.79.246.142 - - [07/Sep/2021:09:50:57 +0800] "GET /xingrg/javascript/easyui/easyloader.js HTTP/1.1" 304 -
124.79.246.142 - - [07/Sep/2021:09:50:57 +0800] "GET /xingrg/javascript/print/LodopFuncs.js HTTP/1.1" 304 -
124.79.246.142 - - [07/Sep/2021:09:50:57 +0800] "GET /xingrg/javascript/jquery.cookie.js HTTP/1.1" 304 -
124.79.246.142 - - [07/Sep/2021:09:50:57 +0800] "GET /xingrg/javascript/easyui/themes/icons/edit_add_new.png HTTP/1.1" 304 -
124.79.246.142 - - [07/Sep/2021:09:50:57 +0800] "GET /xingrg/javascript/easyui/themes/icons/cance_new.png HTTP/1.1" 304 -
124.79.246.142 - - [07/Sep/2021:09:50:57 +0800] "GET /xingrg/javascript/easyui/themes/icons/check_new.png HTTP/1.1" 304 -
124.79.246.142 - - [07/Sep/2021:09:50:57 +0800] "GET /xingrg/javascript/easyui/themes/icons/field_new.png HTTP/1.1" 304 -
124.79.246.142 - - [07/Sep/2021:09:50:57 +0800] "GET /xingrg/javascript/easyui/themes/icons/import_new.png HTTP/1.1" 304 -
124.79.246.142 - - [07/Sep/2021:09:50:57 +0800] "GET /xingrg/javascript/easyui/plugins/jquery.parser.js HTTP/1.1" 304 -
124.79.246.142 - - [07/Sep/2021:09:50:57 +0800] "GET /xingrg/images/control/ajaxLoader.gif HTTP/1.1" 304 -
124.79.246.142 - - [07/Sep/2021:09:50:58 +0800] "POST /xingrg/kc/buy/cgsh_list_operate.html HTTP/1.1" 200 876
180.169.147.146 - - [07/Sep/2021:09:50:58 +0800] "GET /xingrg/all/function/internal_message.html?_=1630979461707&CODE_STATE=getMsg HTTP/1.1" 302 -
116.237.74.154 - - [07/Sep/2021:09:51:00 +0800] "GET /xingrg/all/function/internal_message.html?_=1630979458485&CODE_STATE=getMsg HTTP/1.1" 200 27
124.79.246.142 - - [07/Sep/2021:09:51:00 +0800] "GET /xingrg/javascript/easyui/themes/default/images/button_plain_hover.png HTTP/1.1" 304 -
124.79.246.142 - - [07/Sep/2021:09:51:00 +0800] "GET /xingrg/javascript/easyui/themes/default/images/button_plain_hover.png HTTP/1.1" 304 -
58.37.227.186 - - [07/Sep/2021:09:51:00 +0800] "GET /xingrg/kc/buy/cgsh_order_operate.html?command=get_materiel&rest_code=00141&code=00101008110&supplier_code=00100007&order_time=2021-09-07 HTTP/1.1" 200 408
124.79.246.142 - - [07/Sep/2021:09:51:00 +0800] "GET /xingrg/css/base.css HTTP/1.1" 304 -
124.79.246.142 - - [07/Sep/2021:09:51:00 +0800] "GET /xingrg/css/site.css HTTP/1.1" 304 -
124.79.246.142 - - [07/Sep/2021:09:51:00 +0800] "GET /xingrg/javascript/jquery_tools/datebox.css HTTP/1.1" 304 -
124.79.246.142 - - [07/Sep/2021:09:51:00 +0800] "GET /xingrg/javascript/easyui/themes/default/easyui.css HTTP/1.1" 304 -
124.79.246.142 - - [07/Sep/2021:09:51:00 +0800] "GET /xingrg/javascript/auto/jquery.autocomplete.css HTTP/1.1" 304 -
124.79.246.142 - - [07/Sep/2021:09:51:00 +0800] "GET /xingrg/javascript/easyui/themes/icon.css HTTP/1.1" 304 -
124.79.246.142 - - [07/Sep/2021:09:51:00 +0800] "GET /xingrg/javascript/jquery_tools/fix.css HTTP/1.1" 304 -
124.79.246.142 - - [07/Sep/2021:09:51:00 +0800] "GET /xingrg/kc/buy/cgsh_order_add.html HTTP/1.1" 200 63432
124.79.246.142 - - [07/Sep/2021:09:51:00 +0800] "GET /xingrg/javascript/jquery_tools/table.css HTTP/1.1" 304 -
124.79.246.142 - - [07/Sep/2021:09:51:00 +0800] "GET /xingrg/javascript/pic_change.js HTTP/1.1" 304 -
124.79.246.142 - - [07/Sep/2021:09:51:00 +0800] "GET /xingrg/javascript/jquery_tools/jquery.tools.min.js HTTP/1.1" 304 -
124.79.246.142 - - [07/Sep/2021:09:51:00 +0800] "GET /xingrg/javascript/jquery_tools/jquery.tools.hotkey.js HTTP/1.1" 304 -
124.79.246.142 - - [07/Sep/2021:09:51:00 +0800] "GET /xingrg/javascript/easyui/easyloader.js HTTP/1.1" 304 -
124.79.246.142 - - [07/Sep/2021:09:51:00 +0800] "GET /xingrg/javascript/jquery_tools/jquery.tools.extend.js HTTP/1.1" 304 -
124.79.246.142 - - [07/Sep/2021:09:51:00 +0800] "GET /xingrg/javascript/jquery_tools/jquery.tools.table.js HTTP/1.1" 304 -
124.79.246.142 - - [07/Sep/2021:09:51:00 +0800] "GET /xingrg/javascript/auto/jquery.autocomplete.js HTTP/1.1" 304 -
124.79.246.142 - - [07/Sep/2021:09:51:00 +0800] "GET /xingrg/javascript/jquery_tools/order_manager.js HTTP/1.1" 304 -
124.79.246.142 - - [07/Sep/2021:09:51:00 +0800] "GET /xingrg/javascript/jquery.utils.js HTTP/1.1" 304 -
124.79.246.142 - - [07/Sep/2021:09:51:00 +0800] "GET /xingrg/javascript/json2.js HTTP/1.1" 304 -
124.79.246.142 - - [07/Sep/2021:09:51:00 +0800] "GET /xingrg/javascript/convert.js HTTP/1.1" 304 -
124.79.246.142 - - [07/Sep/2021:09:51:00 +0800] "GET /xingrg/javascript/jquery.cookie.js HTTP/1.1" 304 -
124.79.246.142 - - [07/Sep/2021:09:51:00 +0800] "GET /xingrg/javascript/print/LodopFuncs.js HTTP/1.1" 304 -
124.79.246.142 - - [07/Sep/2021:09:51:00 +0800] "GET /xingrg/javascript/print/kc_print.js HTTP/1.1" 304 -
124.79.246.142 - - [07/Sep/2021:09:51:00 +0800] "GET /xingrg/words/20210906122753_words.js HTTP/1.1" 304 -
124.79.246.142 - - [07/Sep/2021:09:51:01 +0800] "GET /xingrg/javascript/easyui/themes/icons/copy_new.png HTTP/1.1" 304 -
124.79.246.142 - - [07/Sep/2021:09:51:01 +0800] "GET /xingrg/javascript/easyui/themes/icons/template_new.png HTTP/1.1" 304 -
124.79.246.142 - - [07/Sep/2021:09:51:01 +0800] "GET /xingrg/javascript/easyui/themes/icons/ok.png HTTP/1.1" 304 -
124.79.246.142 - - [07/Sep/2021:09:51:01 +0800] "GET /xingrg/javascript/easyui/themes/icons/print.png HTTP/1.1" 304 -
124.79.246.142 - - [07/Sep/2021:09:51:01 +0800] "GET /xingrg/javascript/easyui/themes/default/images/menu_downarrow.png HTTP/1.1" 304 -
124.79.246.142 - - [07/Sep/2021:09:51:01 +0800] "GET /xingrg/javascript/easyui/themes/icons/cancel.png HTTP/1.1" 304 -
124.79.246.142 - - [07/Sep/2021:09:51:01 +0800] "GET /xingrg/javascript/easyui/plugins/jquery.parser.js HTTP/1.1" 304 -
124.79.246.142 - - [07/Sep/2021:09:51:01 +0800] "POST /xingrg/kc/buy/cgsh_order_operate.html HTTP/1.1" 200 8245
124.79.246.142 - - [07/Sep/2021:09:51:01 +0800] "GET /xingrg/javascript/easyui/themes/icons/edit_remove.png HTTP/1.1" 304 -
124.79.246.142 - - [07/Sep/2021:09:51:01 +0800] "GET /xingrg/javascript/easyui/themes/default/images/button_plain_hover.png HTTP/1.1" 304 -
124.79.246.142 - - [07/Sep/2021:09:51:01 +0800] "GET /xingrg/all/common/auto_word.html?type=employee&rest_code=00104 HTTP/1.1" 200 149
124.79.246.142 - - [07/Sep/2021:09:51:01 +0800] "GET /xingrg/all/common/auto_word.html?type=employee&rest_code=00104 HTTP/1.1" 200 149
124.79.246.142 - - [07/Sep/2021:09:51:01 +0800] "GET /xingrg/javascript/easyui/themes/default/validatebox.css HTTP/1.1" 404 1104
124.79.246.142 - - [07/Sep/2021:09:51:01 +0800] "GET /xingrg/javascript/easyui/plugins/jquery.validatebox.js HTTP/1.1" 304 -
124.79.246.142 - - [07/Sep/2021:09:51:01 +0800] "GET /xingrg/javascript/easyui/plugins/jquery.numberbox.js HTTP/1.1" 304 -
172.20.0.100 - - [07/Sep/2021:09:51:03 +0800] "GET /xingrg/check_reg.html?_=1630979464615 HTTP/1.1" 200 22
124.79.246.142 - - [07/Sep/2021:09:51:03 +0800] "GET /xingrg/javascript/easyui/themes/default/images/button_plain_hover.png HTTP/1.1" 304 -
58.37.227.186 - - [07/Sep/2021:09:51:04 +0800] "POST /xingrg/kc/buy/cgsh_order_operate.html HTTP/1.1" 200 2065
116.238.194.18 - - [07/Sep/2021:09:51:05 +0800] "GET /xingrg/all/function/internal_message.html?_=1630979443249&CODE_STATE=getMsg HTTP/1.1" 200 27
124.79.246.142 - - [07/Sep/2021:09:51:05 +0800] "GET /xingrg/javascript/easyui/plugins/jquery.draggable.js HTTP/1.1" 304 -
124.79.246.142 - - [07/Sep/2021:09:51:05 +0800] "GET /xingrg/css/images/panel_loading.gif HTTP/1.1" 304 -
124.79.246.142 - - [07/Sep/2021:09:51:05 +0800] "GET /xingrg/javascript/easyui/plugins/jquery.droppable.js HTTP/1.1" 304 -
124.79.246.142 - - [07/Sep/2021:09:51:05 +0800] "GET /xingrg/javascript/easyui/themes/default/tree.css HTTP/1.1" 404 1090
124.79.246.142 - - [07/Sep/2021:09:51:05 +0800] "GET /xingrg/javascript/easyui/plugins/jquery.tree.js HTTP/1.1" 304 -
124.79.246.142 - - [07/Sep/2021:09:51:05 +0800] "POST /xingrg/all/common/load_tree.html?tree=supplier_tree_json&isDelete=1 HTTP/1.1" 200 57687
172.20.0.100 - - [07/Sep/2021:09:51:07 +0800] "GET /xingrg/all/function/internal_message.html?_=1630979468213&CODE_STATE=getMsg HTTP/1.1" 200 27
124.79.246.142 - - [07/Sep/2021:09:51:07 +0800] "GET /xingrg/javascript/easyui/themes/default/images/tree_arrows.gif HTTP/1.1" 304 -
58.40.7.146 - - [07/Sep/2021:09:51:07 +0800] "GET /xingrg/check_reg.html?_=1630979468845 HTTP/1.1" 302 -
124.79.246.142 - - [07/Sep/2021:09:51:08 +0800] "GET /xingrg/javascript/easyui/themes/default/images/tree_folder_open.gif HTTP/1.1" 304 -
124.79.246.142 - - [07/Sep/2021:09:51:08 +0800] "GET /xingrg/javascript/easyui/themes/default/images/tree_folder.gif HTTP/1.1" 304 -
124.79.246.142 - - [07/Sep/2021:09:51:08 +0800] "GET /xingrg/javascript/easyui/themes/default/images/tree_file.gif HTTP/1.1" 304 -
116.238.194.18 - - [07/Sep/2021:09:51:08 +0800] "GET /xingrg/all/function/internal_message.html?_=1630979469129&CODE_STATE=getMsg HTTP/1.1" 200 27
58.37.227.186 - - [07/Sep/2021:09:51:08 +0800] "GET /xingrg/kc/buy/cgsh_order_operate.html?command=get_materiel&rest_code=00141&code=00101008095&supplier_code=00100007&order_time=2021-09-07 HTTP/1.1" 200 412
180.169.147.146 - - [07/Sep/2021:09:51:09 +0800] "GET /xingrg/all/function/internal_message.html?_=1630979472571&CODE_STATE=getMsg HTTP/1.1" 302 -
116.230.105.26 - - [07/Sep/2021:09:51:18 +0800] "GET /xingrg/all/function/internal_message.html?_=1630979422855&CODE_STATE=getMsg HTTP/1.1" 200 27
58.37.227.186 - - [07/Sep/2021:09:51:22 +0800] "GET /xingrg/kc/buy/cgsh_order_operate.html?command=get_materiel&rest_code=00141&code=00101008223&supplier_code=00100007&order_time=2021-09-07 HTTP/1.1" 200 412
180.169.147.146 - - [07/Sep/2021:09:51:24 +0800] "GET /xingrg/all/function/internal_message.html?_=1630979476843&CODE_STATE=getMsg HTTP/1.1" 200 27
222.70.246.151 - - [07/Sep/2021:09:51:25 +0800] "GET /xingrg/all/function/internal_message.html?_=1630979492191&CODE_STATE=getMsg HTTP/1.1" 200 27
101.83.145.79 - - [07/Sep/2021:09:51:29 +0800] "GET /xingrg/check_reg.html?_=1630979491699 HTTP/1.1" 200 22
101.83.145.79 - - [07/Sep/2021:09:51:29 +0800] "GET /xingrg/all/function/internal_message.html?_=1630979491702&CODE_STATE=getMsg HTTP/1.1" 200 27
124.79.246.142 - - [07/Sep/2021:09:51:33 +0800] "GET /xingrg/javascript/auto/indicator.gif HTTP/1.1" 404 1066
58.37.227.186 - - [07/Sep/2021:09:51:36 +0800] "GET /xingrg/kc/buy/cgsh_order_operate.html?command=get_materiel&rest_code=00141&code=00101008236&supplier_code=00100007&order_time=2021-09-07 HTTP/1.1" 200 416
116.238.168.124 - - [07/Sep/2021:09:51:36 +0800] "GET /xingrg/all/function/internal_message.html?_=1630979478069&CODE_STATE=getMsg HTTP/1.1" 200 27
124.79.246.142 - - [07/Sep/2021:09:51:36 +0800] "GET /xingrg/kc/buy/cgsh_order_operate.html?command=get_materiel&rest_code=00104&code=00101006164&supplier_code=00100326&order_time=2021-09-07 HTTP/1.1" 200 415
58.37.227.186 - - [07/Sep/2021:09:51:39 +0800] "POST /xingrg/kc/buy/cgsh_order_operate.html HTTP/1.1" 200 2065
120.253.135.82 - - [07/Sep/2021:09:51:40 +0800] "GET /xingrg/all/function/internal_message.html?_=1630979275493&CODE_STATE=getMsg HTTP/1.1" 200 27
58.37.227.186 - - [07/Sep/2021:09:51:44 +0800] "GET /xingrg/kc/buy/cgsh_order_operate.html?command=get_materiel&rest_code=00141&code=00101008168&supplier_code=00100007&order_time=2021-09-07 HTTP/1.1" 200 412
116.233.79.201 - - [07/Sep/2021:09:51:48 +0800] "GET /xingrg/all/function/internal_message.html?_=1630979509549&CODE_STATE=getMsg HTTP/1.1" 200 27
124.79.246.142 - - [07/Sep/2021:09:51:49 +0800] "GET /xingrg/all/function/internal_message.html?_=1630979966996&CODE_STATE=getMsg HTTP/1.1" 200 27
124.79.246.142 - - [07/Sep/2021:09:51:50 +0800] "GET /xingrg/kc/buy/cgsh_order_operate.html?command=get_materiel&rest_code=00104&code=00101012045&supplier_code=00100326&order_time=2021-09-07 HTTP/1.1" 200 409
222.70.179.190 - - [07/Sep/2021:09:51:51 +0800] "GET /xingrg/all/function/internal_message.html?_=1630979510571&CODE_STATE=getMsg HTTP/1.1" 200 27
58.37.227.186 - - [07/Sep/2021:09:51:51 +0800] "GET /xingrg/kc/buy/cgsh_order_operate.html?command=get_materiel&rest_code=00141&code=00101008114&supplier_code=00100007&order_time=2021-09-07 HTTP/1.1" 200 412
124.79.246.142 - - [07/Sep/2021:09:51:55 +0800] "GET /xingrg/javascript/easyui/themes/default/images/button_plain_hover.png HTTP/1.1" 304 -
124.79.246.142 - - [07/Sep/2021:09:51:55 +0800] "GET /xingrg/javascript/easyui/themes/default/images/button_plain_hover.png HTTP/1.1" 304 -
124.79.246.142 - - [07/Sep/2021:09:51:55 +0800] "GET /xingrg/javascript/easyui/themes/default/images/button_plain_hover.png HTTP/1.1" 304 -
58.37.227.186 - - [07/Sep/2021:09:51:56 +0800] "GET /xingrg/all/function/internal_message.html?_=1630979393682&CODE_STATE=getMsg HTTP/1.1" 200 27
180.169.147.146 - - [07/Sep/2021:09:51:58 +0800] "GET /xingrg/check_reg.html?_=1630979521709 HTTP/1.1" 302 -
180.169.147.146 - - [07/Sep/2021:09:51:58 +0800] "GET /xingrg/all/function/internal_message.html?_=1630979521712&CODE_STATE=getMsg HTTP/1.1" 302 -
124.79.246.142 - - [07/Sep/2021:09:52:00 +0800] "POST /xingrg/kc/buy/cgsh_order_operate.html HTTP/1.1" 200 37
61.151.178.165 - - [07/Sep/2021:09:52:00 +0800] "GET /xingrg/all/function/internal_message.html?_=1630979458485&CODE_STATE=getMsg HTTP/1.1" 302 -
116.237.74.154 - - [07/Sep/2021:09:52:00 +0800] "GET /xingrg/all/function/internal_message.html?_=1630979518485&CODE_STATE=getMsg HTTP/1.1" 200 27
61.151.178.165 - - [07/Sep/2021:09:52:00 +0800] "GET /xingrg/login.html HTTP/1.1" 200 7641
58.37.227.186 - - [07/Sep/2021:09:52:01 +0800] "GET /xingrg/kc/buy/cgsh_order_operate.html?command=get_materiel&rest_code=00141&code=00101008418&supplier_code=00100007&order_time=2021-09-07 HTTP/1.1" 200 398
124.79.246.142 - - [07/Sep/2021:09:52:01 +0800] "POST /xingrg/kc/buy/cgsh_order_operate.html HTTP/1.1" 200 3249
124.79.246.142 - - [07/Sep/2021:09:52:02 +0800] "GET /xingrg/javascript/easyui/themes/default/images/button_plain_hover.png HTTP/1.1" 304 -
124.79.246.142 - - [07/Sep/2021:09:52:02 +0800] "GET /xingrg/javascript/easyui/themes/default/images/button_plain_hover.png HTTP/1.1" 304 -
124.79.246.142 - - [07/Sep/2021:09:52:02 +0800] "GET /xingrg/javascript/easyui/themes/default/images/button_plain_hover.png HTTP/1.1" 304 -
124.79.246.142 - - [07/Sep/2021:09:52:03 +0800] "GET /xingrg/kc/print/load_config.html?kc_code=cgsh HTTP/1.1" 200 2076
124.79.246.142 - - [07/Sep/2021:09:52:03 +0800] "GET /xingrg/kc/print/load_data.html?order_code=212021090702705&kc_code=cgsh&condition= HTTP/1.1" 200 910
116.238.194.18 - - [07/Sep/2021:09:52:05 +0800] "GET /xingrg/all/function/internal_message.html?_=1630979503263&CODE_STATE=getMsg HTTP/1.1" 200 27
172.20.0.100 - - [07/Sep/2021:09:52:07 +0800] "GET /xingrg/all/function/internal_message.html?_=1630979528198&CODE_STATE=getMsg HTTP/1.1" 200 27
116.238.194.18 - - [07/Sep/2021:09:52:08 +0800] "GET /xingrg/all/function/internal_message.html?_=1630979529133&CODE_STATE=getMsg HTTP/1.1" 200 27
124.79.246.142 - - [07/Sep/2021:09:52:08 +0800] "GET /xingrg/javascript/easyui/themes/default/images/button_plain_hover.png HTTP/1.1" 304 -
124.79.246.142 - - [07/Sep/2021:09:52:08 +0800] "GET /xingrg/javascript/easyui/themes/default/images/button_plain_hover.png HTTP/1.1" 304 -
124.79.246.142 - - [07/Sep/2021:09:52:09 +0800] "GET /xingrg/kc/buy/cgsh_order_add.html HTTP/1.1" 200 63432
124.79.246.142 - - [07/Sep/2021:09:52:09 +0800] "GET /xingrg/css/base.css HTTP/1.1" 304 -
124.79.246.142 - - [07/Sep/2021:09:52:09 +0800] "GET /xingrg/javascript/jquery_tools/datebox.css HTTP/1.1" 304 -
124.79.246.142 - - [07/Sep/2021:09:52:09 +0800] "GET /xingrg/javascript/easyui/themes/icon.css HTTP/1.1" 304 -
124.79.246.142 - - [07/Sep/2021:09:52:09 +0800] "GET /xingrg/javascript/auto/jquery.autocomplete.css HTTP/1.1" 304 -
124.79.246.142 - - [07/Sep/2021:09:52:09 +0800] "GET /xingrg/css/site.css HTTP/1.1" 304 -
124.79.246.142 - - [07/Sep/2021:09:52:09 +0800] "GET /xingrg/javascript/jquery_tools/fix.css HTTP/1.1" 304 -
124.79.246.142 - - [07/Sep/2021:09:52:09 +0800] "GET /xingrg/javascript/easyui/themes/default/easyui.css HTTP/1.1" 304 -
124.79.246.142 - - [07/Sep/2021:09:52:09 +0800] "GET /xingrg/javascript/jquery_tools/jquery.tools.extend.js HTTP/1.1" 304 -
124.79.246.142 - - [07/Sep/2021:09:52:09 +0800] "GET /xingrg/javascript/jquery_tools/table.css HTTP/1.1" 304 -
124.79.246.142 - - [07/Sep/2021:09:52:09 +0800] "GET /xingrg/javascript/auto/jquery.autocomplete.js HTTP/1.1" 304 -
124.79.246.142 - - [07/Sep/2021:09:52:09 +0800] "GET /xingrg/javascript/jquery_tools/jquery.tools.hotkey.js HTTP/1.1" 304 -
124.79.246.142 - - [07/Sep/2021:09:52:09 +0800] "GET /xingrg/javascript/jquery_tools/jquery.tools.min.js HTTP/1.1" 304 -
124.79.246.142 - - [07/Sep/2021:09:52:09 +0800] "GET /xingrg/javascript/pic_change.js HTTP/1.1" 304 -
124.79.246.142 - - [07/Sep/2021:09:52:09 +0800] "GET /xingrg/javascript/jquery.utils.js HTTP/1.1" 304 -
124.79.246.142 - - [07/Sep/2021:09:52:09 +0800] "GET /xingrg/javascript/jquery_tools/jquery.tools.table.js HTTP/1.1" 304 -
124.79.246.142 - - [07/Sep/2021:09:52:09 +0800] "GET /xingrg/javascript/convert.js HTTP/1.1" 304 -
124.79.246.142 - - [07/Sep/2021:09:52:09 +0800] "GET /xingrg/javascript/easyui/easyloader.js HTTP/1.1" 304 -
124.79.246.142 - - [07/Sep/2021:09:52:09 +0800] "GET /xingrg/javascript/jquery.cookie.js HTTP/1.1" 304 -
124.79.246.142 - - [07/Sep/2021:09:52:09 +0800] "GET /xingrg/javascript/json2.js HTTP/1.1" 304 -
124.79.246.142 - - [07/Sep/2021:09:52:09 +0800] "GET /xingrg/javascript/jquery_tools/order_manager.js HTTP/1.1" 304 -
124.79.246.142 - - [07/Sep/2021:09:52:09 +0800] "GET /xingrg/javascript/print/kc_print.js HTTP/1.1" 304 -
124.79.246.142 - - [07/Sep/2021:09:52:09 +0800] "GET /xingrg/javascript/print/LodopFuncs.js HTTP/1.1" 304 -
124.79.246.142 - - [07/Sep/2021:09:52:09 +0800] "GET /xingrg/javascript/jquery_easy_ui/themes/icons/area.png HTTP/1.1" 304 -
124.79.246.142 - - [07/Sep/2021:09:52:09 +0800] "GET /xingrg/javascript/jquery_easy_ui/themes/icons/rest.png HTTP/1.1" 304 -
124.79.246.142 - - [07/Sep/2021:09:52:09 +0800] "GET /xingrg/words/20210906122753_words.js HTTP/1.1" 304 -
124.79.246.142 - - [07/Sep/2021:09:52:09 +0800] "GET /xingrg/javascript/easyui/themes/icons/copy_new.png HTTP/1.1" 304 -
124.79.246.142 - - [07/Sep/2021:09:52:09 +0800] "GET /xingrg/javascript/easyui/themes/icons/template_new.png HTTP/1.1" 304 -
124.79.246.142 - - [07/Sep/2021:09:52:09 +0800] "GET /xingrg/javascript/easyui/themes/icons/ok.png HTTP/1.1" 304 -
124.79.246.142 - - [07/Sep/2021:09:52:09 +0800] "GET /xingrg/javascript/easyui/themes/icons/print.png HTTP/1.1" 304 -
124.79.246.142 - - [07/Sep/2021:09:52:09 +0800] "GET /xingrg/javascript/easyui/themes/default/images/menu_downarrow.png HTTP/1.1" 304 -
124.79.246.142 - - [07/Sep/2021:09:52:09 +0800] "GET /xingrg/javascript/easyui/themes/icons/cancel.png HTTP/1.1" 304 -
124.79.246.142 - - [07/Sep/2021:09:52:09 +0800] "GET /xingrg/javascript/easyui/plugins/jquery.parser.js HTTP/1.1" 304 -
124.79.246.142 - - [07/Sep/2021:09:52:09 +0800] "POST /xingrg/kc/buy/cgsh_order_operate.html HTTP/1.1" 200 8245
180.169.147.146 - - [07/Sep/2021:09:52:09 +0800] "GET /xingrg/all/function/internal_message.html?_=1630979532586&CODE_STATE=getMsg HTTP/1.1" 302 -
124.79.246.142 - - [07/Sep/2021:09:52:09 +0800] "GET /xingrg/javascript/easyui/themes/default/images/button_plain_hover.png HTTP/1.1" 304 -
124.79.246.142 - - [07/Sep/2021:09:52:09 +0800] "GET /xingrg/all/common/auto_word.html?type=employee&rest_code=00104 HTTP/1.1" 200 149
124.79.246.142 - - [07/Sep/2021:09:52:09 +0800] "GET /xingrg/all/common/auto_word.html?type=employee&rest_code=00104 HTTP/1.1" 200 149
124.79.246.142 - - [07/Sep/2021:09:52:10 +0800] "GET /xingrg/javascript/easyui/themes/default/validatebox.css HTTP/1.1" 404 1104
124.79.246.142 - - [07/Sep/2021:09:52:10 +0800] "GET /xingrg/javascript/easyui/plugins/jquery.validatebox.js HTTP/1.1" 304 -
124.79.246.142 - - [07/Sep/2021:09:52:10 +0800] "GET /xingrg/javascript/easyui/plugins/jquery.numberbox.js HTTP/1.1" 304 -
124.79.246.142 - - [07/Sep/2021:09:52:10 +0800] "GET /xingrg/javascript/easyui/themes/default/images/button_plain_hover.png HTTP/1.1" 304 -
124.79.246.142 - - [07/Sep/2021:09:52:11 +0800] "GET /xingrg/css/images/panel_loading.gif HTTP/1.1" 304 -
124.79.246.142 - - [07/Sep/2021:09:52:11 +0800] "GET /xingrg/javascript/easyui/plugins/jquery.draggable.js HTTP/1.1" 304 -
124.79.246.142 - - [07/Sep/2021:09:52:12 +0800] "GET /xingrg/javascript/easyui/plugins/jquery.droppable.js HTTP/1.1" 304 -
124.79.246.142 - - [07/Sep/2021:09:52:12 +0800] "GET /xingrg/javascript/easyui/themes/default/tree.css HTTP/1.1" 404 1090
124.79.246.142 - - [07/Sep/2021:09:52:12 +0800] "GET /xingrg/javascript/easyui/plugins/jquery.tree.js HTTP/1.1" 304 -
124.79.246.142 - - [07/Sep/2021:09:52:12 +0800] "POST /xingrg/all/common/load_tree.html?tree=supplier_tree_json&isDelete=1 HTTP/1.1" 200 57687
124.79.246.142 - - [07/Sep/2021:09:52:14 +0800] "GET /xingrg/javascript/easyui/themes/default/images/tree_folder_open.gif HTTP/1.1" 304 -
124.79.246.142 - - [07/Sep/2021:09:52:14 +0800] "GET /xingrg/javascript/easyui/themes/default/images/tree_folder.gif HTTP/1.1" 304 -
124.79.246.142 - - [07/Sep/2021:09:52:14 +0800] "GET /xingrg/javascript/easyui/themes/default/images/tree_file.gif HTTP/1.1" 304 -
58.37.227.186 - - [07/Sep/2021:09:52:17 +0800] "GET /xingrg/kc/buy/cgsh_order_operate.html?command=get_materiel&rest_code=00141&code=00101009013&supplier_code=00100007&order_time=2021-09-07 HTTP/1.1" 200 420
116.230.105.26 - - [07/Sep/2021:09:52:18 +0800] "GET /xingrg/all/function/internal_message.html?_=1630979482842&CODE_STATE=getMsg HTTP/1.1" 200 27
222.70.246.151 - - [07/Sep/2021:09:52:23 +0800] "GET /xingrg/check_reg.html?_=1630979549525 HTTP/1.1" 200 22
180.169.147.146 - - [07/Sep/2021:09:52:24 +0800] "GET /xingrg/check_reg.html?_=1630979536843 HTTP/1.1" 200 22
180.169.147.146 - - [07/Sep/2021:09:52:24 +0800] "GET /xingrg/all/function/internal_message.html?_=1630979536845&CODE_STATE=getMsg HTTP/1.1" 200 27
222.70.246.151 - - [07/Sep/2021:09:52:25 +0800] "GET /xingrg/all/function/internal_message.html?_=1630979552206&CODE_STATE=getMsg HTTP/1.1" 200 27
58.37.227.186 - - [07/Sep/2021:09:52:26 +0800] "GET /xingrg/kc/buy/cgsh_order_operate.html?command=get_materiel&rest_code=00141&code=00101009016&supplier_code=00100007&order_time=2021-09-07 HTTP/1.1" 200 412
101.83.145.79 - - [07/Sep/2021:09:52:29 +0800] "GET /xingrg/all/function/internal_message.html?_=1630979551701&CODE_STATE=getMsg HTTP/1.1" 200 27
58.37.227.186 - - [07/Sep/2021:09:52:31 +0800] "POST /xingrg/kc/buy/cgsh_order_operate.html HTTP/1.1" 200 2065
58.37.227.186 - - [07/Sep/2021:09:52:35 +0800] "GET /xingrg/kc/buy/cgsh_order_operate.html?command=get_materiel&rest_code=00141&code=00101019283&supplier_code=00100007&order_time=2021-09-07 HTTP/1.1" 200 432
116.238.168.124 - - [07/Sep/2021:09:52:36 +0800] "GET /xingrg/all/function/internal_message.html?_=1630979538128&CODE_STATE=getMsg HTTP/1.1" 200 27
58.37.227.186 - - [07/Sep/2021:09:52:38 +0800] "POST /xingrg/all/common/load_select.html HTTP/1.1" 200 25
120.253.135.82 - - [07/Sep/2021:09:52:40 +0800] "GET /xingrg/all/function/internal_message.html?_=1630979335507&CODE_STATE=getMsg HTTP/1.1" 200 27
124.79.246.142 - - [07/Sep/2021:09:52:41 +0800] "GET /xingrg/kc/buy/cgsh_order_operate.html?command=get_materiel&rest_code=00104&code=00101001037&supplier_code=00100090&order_time=2021-09-07 HTTP/1.1" 200 416
58.37.227.186 - - [07/Sep/2021:09:52:42 +0800] "GET /xingrg/kc/buy/cgsh_order_operate.html?command=get_materiel_price&rest_code=00141&code=00101019283&unit_code=00100156&supplier_code=00100007&order_time=2021-09-07 HTTP/1.1" 200 28
116.233.79.201 - - [07/Sep/2021:09:52:48 +0800] "GET /xingrg/all/function/internal_message.html?_=1630979569538&CODE_STATE=getMsg HTTP/1.1" 200 27
124.79.246.142 - - [07/Sep/2021:09:52:49 +0800] "GET /xingrg/all/function/internal_message.html?_=1630980027115&CODE_STATE=getMsg HTTP/1.1" 200 27
222.70.179.190 - - [07/Sep/2021:09:52:51 +0800] "GET /xingrg/all/function/internal_message.html?_=1630979570554&CODE_STATE=getMsg HTTP/1.1" 200 27
58.37.227.186 - - [07/Sep/2021:09:52:53 +0800] "GET /xingrg/kc/buy/cgsh_order_operate.html?command=get_materiel&rest_code=00141&code=00101029016&supplier_code=00100007&order_time=2021-09-07 HTTP/1.1" 200 455
58.37.227.186 - - [07/Sep/2021:09:52:56 +0800] "GET /xingrg/all/function/internal_message.html?_=1630979453706&CODE_STATE=getMsg HTTP/1.1" 200 27
180.169.147.146 - - [07/Sep/2021:09:52:58 +0800] "GET /xingrg/all/function/internal_message.html?_=1630979581720&CODE_STATE=getMsg HTTP/1.1" 302 -
61.151.178.165 - - [07/Sep/2021:09:53:00 +0800] "GET /xingrg/all/function/internal_message.html?_=1630979518485&CODE_STATE=getMsg HTTP/1.1" 302 -
116.237.74.154 - - [07/Sep/2021:09:53:00 +0800] "GET /xingrg/all/function/internal_message.html?_=1630979578485&CODE_STATE=getMsg HTTP/1.1" 200 27
61.151.178.165 - - [07/Sep/2021:09:53:00 +0800] "GET /xingrg/login.html HTTP/1.1" 200 7641
124.79.246.142 - - [07/Sep/2021:09:53:01 +0800] "GET /xingrg/kc/buy/cgsh_order_operate.html?command=get_materiel&rest_code=00104&code=00101001140&supplier_code=00100090&order_time=2021-09-07 HTTP/1.1" 200 415
116.238.194.18 - - [07/Sep/2021:09:53:05 +0800] "GET /xingrg/all/function/internal_message.html?_=1630979563401&CODE_STATE=getMsg HTTP/1.1" 200 27
172.20.0.100 - - [07/Sep/2021:09:53:07 +0800] "GET /xingrg/all/function/internal_message.html?_=1630979588176&CODE_STATE=getMsg HTTP/1.1" 200 27
58.37.227.186 - - [07/Sep/2021:09:53:07 +0800] "GET /xingrg/kc/buy/cgsh_order_operate.html?command=get_materiel&rest_code=00141&code=00101019081&supplier_code=00100007&order_time=2021-09-07 HTTP/1.1" 200 416
116.238.194.18 - - [07/Sep/2021:09:53:08 +0800] "GET /xingrg/all/function/internal_message.html?_=1630979589132&CODE_STATE=getMsg HTTP/1.1" 200 27
180.169.147.146 - - [07/Sep/2021:09:53:09 +0800] "GET /xingrg/all/function/internal_message.html?_=1630979592601&CODE_STATE=getMsg HTTP/1.1" 302 -
58.37.227.186 - - [07/Sep/2021:09:53:16 +0800] "GET /xingrg/kc/buy/cgsh_order_operate.html?command=get_materiel&rest_code=00141&code=00101022095&supplier_code=00100007&order_time=2021-09-07 HTTP/1.1" 200 403
124.79.246.142 - - [07/Sep/2021:09:53:16 +0800] "GET /xingrg/kc/buy/cgsh_order_operate.html?command=get_materiel&rest_code=00104&code=00101001093&supplier_code=00100090&order_time=2021-09-07 HTTP/1.1" 200 411
116.230.105.26 - - [07/Sep/2021:09:53:18 +0800] "GET /xingrg/all/function/internal_message.html?_=1630979542844&CODE_STATE=getMsg HTTP/1.1" 200 27
58.37.227.186 - - [07/Sep/2021:09:53:20 +0800] "POST /xingrg/kc/buy/cgsh_order_operate.html HTTP/1.1" 200 2065
180.169.147.146 - - [07/Sep/2021:09:53:24 +0800] "GET /xingrg/all/function/internal_message.html?_=1630979596843&CODE_STATE=getMsg HTTP/1.1" 200 27
222.70.246.151 - - [07/Sep/2021:09:53:25 +0800] "GET /xingrg/all/function/internal_message.html?_=1630979612217&CODE_STATE=getMsg HTTP/1.1" 200 27
101.83.145.79 - - [07/Sep/2021:09:53:29 +0800] "GET /xingrg/all/function/internal_message.html?_=1630979611687&CODE_STATE=getMsg HTTP/1.1" 200 27
124.79.246.142 - - [07/Sep/2021:09:53:29 +0800] "GET /xingrg/javascript/easyui/themes/default/images/button_plain_hover.png HTTP/1.1" 304 -
124.79.246.142 - - [07/Sep/2021:09:53:29 +0800] "GET /xingrg/javascript/easyui/themes/default/images/button_plain_hover.png HTTP/1.1" 304 -
124.79.246.142 - - [07/Sep/2021:09:53:30 +0800] "GET /xingrg/javascript/easyui/themes/default/images/button_plain_hover.png HTTP/1.1" 304 -
124.79.246.142 - - [07/Sep/2021:09:53:30 +0800] "GET /xingrg/javascript/easyui/themes/default/images/button_plain_hover.png HTTP/1.1" 304 -
124.79.246.142 - - [07/Sep/2021:09:53:30 +0800] "GET /xingrg/javascript/easyui/themes/default/images/button_plain_hover.png HTTP/1.1" 304 -
124.79.246.142 - - [07/Sep/2021:09:53:33 +0800] "POST /xingrg/kc/buy/cgsh_order_operate.html HTTP/1.1" 200 37
58.37.227.186 - - [07/Sep/2021:09:53:34 +0800] "GET /xingrg/kc/buy/cgsh_order_operate.html?command=get_materiel&rest_code=00141&code=00101008036&supplier_code=00100007&order_time=2021-09-07 HTTP/1.1" 200 408
116.238.168.124 - - [07/Sep/2021:09:53:37 +0800] "GET /xingrg/all/function/internal_message.html?_=1630979598143&CODE_STATE=getMsg HTTP/1.1" 200 27
180.169.147.146 - - [07/Sep/2021:09:53:39 +0800] "POST /xingrg/kc/buy/cgsh_list_operate.html HTTP/1.1" 200 2306
120.253.135.82 - - [07/Sep/2021:09:53:40 +0800] "GET /xingrg/all/function/internal_message.html?_=1630979395529&CODE_STATE=getMsg HTTP/1.1" 200 27
180.169.147.146 - - [07/Sep/2021:09:53:42 +0800] "POST /xingrg/kc/buy/cgsh_list_operate.html HTTP/1.1" 200 5187
116.233.79.201 - - [07/Sep/2021:09:53:48 +0800] "GET /xingrg/all/function/internal_message.html?_=1630979629529&CODE_STATE=getMsg HTTP/1.1" 200 27
58.37.227.186 - - [07/Sep/2021:09:53:50 +0800] "POST /xingrg/kc/buy/cgsh_order_operate.html HTTP/1.1" 200 37
222.70.179.190 - - [07/Sep/2021:09:53:51 +0800] "GET /xingrg/all/function/internal_message.html?_=1630979630540&CODE_STATE=getMsg HTTP/1.1" 200 27
58.37.227.186 - - [07/Sep/2021:09:53:53 +0800] "POST /xingrg/kc/buy/cgsh_order_operate.html HTTP/1.1" 200 12
58.37.227.186 - - [07/Sep/2021:09:53:55 +0800] "GET /xingrg/kc/buy/cgsh_order_info.html?code=212021090702707 HTTP/1.1" 200 58341
58.37.227.186 - - [07/Sep/2021:09:53:55 +0800] "GET /xingrg/words/20210906122753_words.js HTTP/1.1" 304 -
58.37.227.186 - - [07/Sep/2021:09:53:55 +0800] "GET /xingrg/javascript/easyui/themes/default/validatebox.css HTTP/1.1" 404 1104
58.37.227.186 - - [07/Sep/2021:09:53:56 +0800] "GET /xingrg/check_reg.html?_=1630979513560 HTTP/1.1" 200 22
58.37.227.186 - - [07/Sep/2021:09:53:56 +0800] "GET /xingrg/all/function/internal_message.html?_=1630979513693&CODE_STATE=getMsg HTTP/1.1" 200 27
58.37.227.186 - - [07/Sep/2021:09:53:56 +0800] "POST /xingrg/kc/buy/cgsh_order_operate.html HTTP/1.1" 200 47901
58.37.227.186 - - [07/Sep/2021:09:53:57 +0800] "GET /xingrg/kc/print/load_data.html?order_code=212021090702707&kc_code=cgsh&condition= HTTP/1.1" 200 18617
180.169.147.146 - - [07/Sep/2021:09:53:58 +0800] "GET /xingrg/all/function/internal_message.html?_=1630979641720&CODE_STATE=getMsg HTTP/1.1" 302 -
116.237.74.154 - - [07/Sep/2021:09:54:00 +0800] "GET /xingrg/check_reg.html?_=1630979638486 HTTP/1.1" 200 22
116.237.74.154 - - [07/Sep/2021:09:54:00 +0800] "GET /xingrg/all/function/internal_message.html?_=1630979638488&CODE_STATE=getMsg HTTP/1.1" 200 27
101.91.60.88 - - [07/Sep/2021:09:54:00 +0800] "GET /xingrg/all/function/internal_message.html?_=1630979578485&CODE_STATE=getMsg HTTP/1.1" 302 -
101.91.60.88 - - [07/Sep/2021:09:54:03 +0800] "GET /xingrg/login.html HTTP/1.1" 200 7641
116.238.194.18 - - [07/Sep/2021:09:54:05 +0800] "GET /xingrg/all/function/internal_message.html?_=1630979623415&CODE_STATE=getMsg HTTP/1.1" 200 27
172.20.0.100 - - [07/Sep/2021:09:54:07 +0800] "GET /xingrg/all/function/internal_message.html?_=1630979648148&CODE_STATE=getMsg HTTP/1.1" 200 27
116.238.194.18 - - [07/Sep/2021:09:54:08 +0800] "GET /xingrg/all/function/internal_message.html?_=1630979649136&CODE_STATE=getMsg HTTP/1.1" 200 27
180.169.147.146 - - [07/Sep/2021:09:54:09 +0800] "GET /xingrg/all/function/internal_message.html?_=1630979652599&CODE_STATE=getMsg HTTP/1.1" 302 -
180.169.147.146 - - [07/Sep/2021:09:54:12 +0800] "POST /xingrg/kc/buy/cgsh_list_operate.html HTTP/1.1" 200 4
180.169.147.146 - - [07/Sep/2021:09:54:15 +0800] "POST /xingrg/kc/buy/cgsh_list_operate.html HTTP/1.1" 200 5137
124.79.246.142 - - [07/Sep/2021:09:54:16 +0800] "POST /xingrg/kc/buy/cgsh_order_operate.html HTTP/1.1" 200 3853
124.79.246.142 - - [07/Sep/2021:09:54:16 +0800] "GET /xingrg/javascript/easyui/themes/default/images/button_plain_hover.png HTTP/1.1" 304 -
124.79.246.142 - - [07/Sep/2021:09:54:17 +0800] "GET /xingrg/javascript/easyui/themes/default/images/button_plain_hover.png HTTP/1.1" 304 -
124.79.246.142 - - [07/Sep/2021:09:54:17 +0800] "GET /xingrg/javascript/easyui/themes/default/images/button_plain_hover.png HTTP/1.1" 304 -
124.79.246.142 - - [07/Sep/2021:09:54:17 +0800] "GET /xingrg/javascript/easyui/themes/default/images/button_plain_hover.png HTTP/1.1" 304 -
124.79.246.142 - - [07/Sep/2021:09:54:17 +0800] "GET /xingrg/javascript/easyui/themes/default/images/button_plain_hover.png HTTP/1.1" 304 -
124.79.246.142 - - [07/Sep/2021:09:54:17 +0800] "GET /xingrg/javascript/easyui/themes/default/images/button_plain_hover.png HTTP/1.1" 304 -
124.79.246.142 - - [07/Sep/2021:09:54:17 +0800] "GET /xingrg/kc/print/load_config.html?kc_code=cgsh HTTP/1.1" 200 2076
124.79.246.142 - - [07/Sep/2021:09:54:17 +0800] "GET /xingrg/all/function/internal_message.html?_=1630980115664&CODE_STATE=getMsg HTTP/1.1" 200 27
124.79.246.142 - - [07/Sep/2021:09:54:18 +0800] "GET /xingrg/kc/print/load_data.html?order_code=212021090702706&kc_code=cgsh&condition= HTTP/1.1" 200 1210
116.230.105.26 - - [07/Sep/2021:09:54:18 +0800] "GET /xingrg/all/function/internal_message.html?_=1630979602859&CODE_STATE=getMsg HTTP/1.1" 200 27
116.230.105.26 - - [07/Sep/2021:09:54:18 +0800] "GET /xingrg/check_reg.html?_=1630979602860 HTTP/1.1" 200 22
124.79.246.142 - - [07/Sep/2021:09:54:22 +0800] "GET /xingrg/javascript/easyui/themes/default/images/button_plain_hover.png HTTP/1.1" 304 -
124.79.246.142 - - [07/Sep/2021:09:54:22 +0800] "GET /xingrg/javascript/easyui/themes/default/images/button_plain_hover.png HTTP/1.1" 304 -
124.79.246.142 - - [07/Sep/2021:09:54:23 +0800] "GET /xingrg/javascript/jquery_tools/datebox.css HTTP/1.1" 304 -
124.79.246.142 - - [07/Sep/2021:09:54:23 +0800] "GET /xingrg/kc/buy/cgsh_order_add.html HTTP/1.1" 200 63432
124.79.246.142 - - [07/Sep/2021:09:54:23 +0800] "GET /xingrg/javascript/easyui/themes/icon.css HTTP/1.1" 304 -
124.79.246.142 - - [07/Sep/2021:09:54:23 +0800] "GET /xingrg/css/base.css HTTP/1.1" 304 -
124.79.246.142 - - [07/Sep/2021:09:54:23 +0800] "GET /xingrg/css/site.css HTTP/1.1" 304 -
124.79.246.142 - - [07/Sep/2021:09:54:23 +0800] "GET /xingrg/javascript/jquery_tools/fix.css HTTP/1.1" 304 -
124.79.246.142 - - [07/Sep/2021:09:54:23 +0800] "GET /xingrg/javascript/jquery_tools/jquery.tools.min.js HTTP/1.1" 304 -
124.79.246.142 - - [07/Sep/2021:09:54:23 +0800] "GET /xingrg/javascript/jquery_tools/table.css HTTP/1.1" 304 -
124.79.246.142 - - [07/Sep/2021:09:54:23 +0800] "GET /xingrg/javascript/easyui/themes/default/easyui.css HTTP/1.1" 304 -
124.79.246.142 - - [07/Sep/2021:09:54:23 +0800] "GET /xingrg/javascript/pic_change.js HTTP/1.1" 304 -
124.79.246.142 - - [07/Sep/2021:09:54:23 +0800] "GET /xingrg/javascript/auto/jquery.autocomplete.css HTTP/1.1" 304 -
124.79.246.142 - - [07/Sep/2021:09:54:23 +0800] "GET /xingrg/javascript/jquery_tools/jquery.tools.extend.js HTTP/1.1" 304 -
124.79.246.142 - - [07/Sep/2021:09:54:23 +0800] "GET /xingrg/javascript/jquery_tools/jquery.tools.hotkey.js HTTP/1.1" 304 -
124.79.246.142 - - [07/Sep/2021:09:54:23 +0800] "GET /xingrg/javascript/jquery_tools/jquery.tools.table.js HTTP/1.1" 304 -
124.79.246.142 - - [07/Sep/2021:09:54:23 +0800] "GET /xingrg/javascript/auto/jquery.autocomplete.js HTTP/1.1" 304 -
124.79.246.142 - - [07/Sep/2021:09:54:23 +0800] "GET /xingrg/javascript/jquery.utils.js HTTP/1.1" 304 -
124.79.246.142 - - [07/Sep/2021:09:54:23 +0800] "GET /xingrg/javascript/jquery_tools/order_manager.js HTTP/1.1" 304 -
124.79.246.142 - - [07/Sep/2021:09:54:23 +0800] "GET /xingrg/javascript/easyui/easyloader.js HTTP/1.1" 304 -
124.79.246.142 - - [07/Sep/2021:09:54:23 +0800] "GET /xingrg/javascript/convert.js HTTP/1.1" 304 -
124.79.246.142 - - [07/Sep/2021:09:54:23 +0800] "GET /xingrg/javascript/json2.js HTTP/1.1" 304 -
124.79.246.142 - - [07/Sep/2021:09:54:23 +0800] "GET /xingrg/javascript/jquery.cookie.js HTTP/1.1" 304 -
124.79.246.142 - - [07/Sep/2021:09:54:23 +0800] "GET /xingrg/javascript/print/kc_print.js HTTP/1.1" 304 -
124.79.246.142 - - [07/Sep/2021:09:54:23 +0800] "GET /xingrg/javascript/print/LodopFuncs.js HTTP/1.1" 304 -
124.79.246.142 - - [07/Sep/2021:09:54:23 +0800] "GET /xingrg/words/20210906122753_words.js HTTP/1.1" 304 -
124.79.246.142 - - [07/Sep/2021:09:54:23 +0800] "GET /xingrg/javascript/easyui/themes/icons/copy_new.png HTTP/1.1" 304 -
124.79.246.142 - - [07/Sep/2021:09:54:23 +0800] "GET /xingrg/javascript/easyui/themes/icons/ok.png HTTP/1.1" 304 -
124.79.246.142 - - [07/Sep/2021:09:54:23 +0800] "GET /xingrg/javascript/easyui/themes/icons/print.png HTTP/1.1" 304 -
124.79.246.142 - - [07/Sep/2021:09:54:23 +0800] "GET /xingrg/javascript/easyui/themes/icons/template_new.png HTTP/1.1" 304 -
124.79.246.142 - - [07/Sep/2021:09:54:23 +0800] "GET /xingrg/javascript/easyui/themes/default/images/menu_downarrow.png HTTP/1.1" 304 -
124.79.246.142 - - [07/Sep/2021:09:54:23 +0800] "GET /xingrg/javascript/easyui/themes/icons/cancel.png HTTP/1.1" 304 -
124.79.246.142 - - [07/Sep/2021:09:54:23 +0800] "GET /xingrg/javascript/easyui/plugins/jquery.parser.js HTTP/1.1" 304 -
124.79.246.142 - - [07/Sep/2021:09:54:23 +0800] "POST /xingrg/kc/buy/cgsh_order_operate.html HTTP/1.1" 200 8245
124.79.246.142 - - [07/Sep/2021:09:54:23 +0800] "GET /xingrg/javascript/easyui/themes/default/images/button_plain_hover.png HTTP/1.1" 304 -
124.79.246.142 - - [07/Sep/2021:09:54:23 +0800] "GET /xingrg/all/common/auto_word.html?type=employee&rest_code=00104 HTTP/1.1" 200 149
124.79.246.142 - - [07/Sep/2021:09:54:23 +0800] "GET /xingrg/all/common/auto_word.html?type=employee&rest_code=00104 HTTP/1.1" 200 149
124.79.246.142 - - [07/Sep/2021:09:54:23 +0800] "GET /xingrg/javascript/easyui/themes/default/images/button_plain_hover.png HTTP/1.1" 304 -
124.79.246.142 - - [07/Sep/2021:09:54:24 +0800] "GET /xingrg/javascript/easyui/themes/default/validatebox.css HTTP/1.1" 404 1104
124.79.246.142 - - [07/Sep/2021:09:54:24 +0800] "GET /xingrg/javascript/easyui/plugins/jquery.validatebox.js HTTP/1.1" 304 -
124.79.246.142 - - [07/Sep/2021:09:54:24 +0800] "GET /xingrg/javascript/easyui/plugins/jquery.numberbox.js HTTP/1.1" 304 -
180.169.147.146 - - [07/Sep/2021:09:54:24 +0800] "GET /xingrg/all/function/internal_message.html?_=1630979656845&CODE_STATE=getMsg HTTP/1.1" 200 27
124.79.246.142 - - [07/Sep/2021:09:54:24 +0800] "GET /xingrg/javascript/easyui/themes/default/images/button_plain_hover.png HTTP/1.1" 304 -
222.70.246.151 - - [07/Sep/2021:09:54:25 +0800] "GET /xingrg/all/function/internal_message.html?_=1630979672231&CODE_STATE=getMsg HTTP/1.1" 200 27
124.79.246.142 - - [07/Sep/2021:09:54:26 +0800] "GET /xingrg/javascript/easyui/plugins/jquery.draggable.js HTTP/1.1" 304 -
124.79.246.142 - - [07/Sep/2021:09:54:26 +0800] "GET /xingrg/css/images/panel_loading.gif HTTP/1.1" 304 -
124.79.246.142 - - [07/Sep/2021:09:54:26 +0800] "GET /xingrg/javascript/easyui/plugins/jquery.droppable.js HTTP/1.1" 304 -
124.79.246.142 - - [07/Sep/2021:09:54:26 +0800] "GET /xingrg/javascript/easyui/themes/default/tree.css HTTP/1.1" 404 1090
