124.79.246.142 - - [07/Sep/2021:10:29:04 +0800] "GET /xingrg/javascript/easyui/themes/default/images/button_plain_hover.png HTTP/1.1" 304 -
124.79.246.142 - - [07/Sep/2021:10:29:04 +0800] "GET /xingrg/javascript/easyui/themes/default/images/button_plain_hover.png HTTP/1.1" 304 -
124.79.246.142 - - [07/Sep/2021:10:29:05 +0800] "GET /xingrg/javascript/easyui/themes/default/images/button_plain_hover.png HTTP/1.1" 304 -
180.169.147.146 - - [07/Sep/2021:10:29:05 +0800] "GET /xingrg/javascript/jquery_easy_ui/themes/default/images/button_span_bg.gif HTTP/1.1" 200 2061
180.169.147.146 - - [07/Sep/2021:10:29:05 +0800] "GET /xingrg/javascript/jquery_easy_ui/themes/icons/ok.png HTTP/1.1" 200 883
180.169.147.146 - - [07/Sep/2021:10:29:05 +0800] "GET /xingrg/javascript/jquery_easy_ui/themes/default/images/panel_title.png HTTP/1.1" 200 266
180.169.147.146 - - [07/Sep/2021:10:29:05 +0800] "GET /xingrg/javascript/jquery_easy_ui/themes/default/images/panel_tools.gif HTTP/1.1" 200 737
116.237.74.154 - - [07/Sep/2021:10:29:05 +0800] "GET /xingrg/kc/buy/cgsh_order_operate.html?command=get_materiel&rest_code=00106&code=00101008092&supplier_code=00100007&order_time=2021-09-07 HTTP/1.1" 200 412
180.169.147.146 - - [07/Sep/2021:10:29:06 +0800] "GET /xingrg/kc/base/crk_hz.html?_=1630981747830&command=get_cost_id&end_date=2021-08-31&start_date=2021-08-01 HTTP/1.1" 200 51
180.169.147.146 - - [07/Sep/2021:10:29:06 +0800] "GET /xingrg/all/report/report_query.html?isQuery=1&onlyBody=1&rh=99999&rw=1800&varString=start:20210801,cost_id:3245,mid:20210801&fileName=kc/base/crk_hz_type_by_base.xml&queryString=%20a.base_code%20in%20('0010102','0010103','0010104')%20%20and%20m.sort_code%20in%20('00101001','00101002','00101003','00101004','00101005','00101006','00101007','00101008','00101009','00101010','00101011','00101012','00101013','00101014','00101015','00101016','00101017','00101018','00101019','00101020','00101021','00101022','00101023','00101024','00101025','00101026','00101027','00101028','00101029','00101030','00101031','00101032','00101033','00101034','00101036','00101037','00101038','00101039')%20&queryText=ÈÕÆÚ£º2021-08-01ÖÁ2021-08-31%20²Ö¿â£ºÔÁ²Ë,º£ÅÉ,Àä²Ë&tableQueryString=materiel_table$sp1$$sp$before_table$sp1$$sp$crk_table$sp1$order_day%20between%2020210801%20and%2020210831 HTTP/1.1" 200 49869
180.169.147.146 - - [07/Sep/2021:10:29:06 +0800] "GET /xingrg/dwr/interface/AjaxReportQueryService.js HTTP/1.1" 200 13203
180.169.147.146 - - [07/Sep/2021:10:29:06 +0800] "GET /xingrg/dwr/engine.js HTTP/1.1" 200 43631
172.20.0.100 - - [07/Sep/2021:10:29:06 +0800] "GET /xingrg/all/function/internal_message.html?_=1630981747617&CODE_STATE=getMsg HTTP/1.1" 200 27
124.79.246.142 - - [07/Sep/2021:10:29:07 +0800] "POST /xingrg/kc/buy/cgsh_order_operate.html HTTP/1.1" 200 37
180.169.147.146 - - [07/Sep/2021:10:29:07 +0800] "POST /xingrg/all/report/load_report_page.html HTTP/1.1" 200 142687
180.169.147.146 - - [07/Sep/2021:10:29:07 +0800] "GET /xingrg/servlets/image?cache=0.9933051311829937&image=px HTTP/1.1" 200 807
61.151.178.164 - - [07/Sep/2021:10:29:08 +0800] "GET /xingrg/kc/buy/cgsh_order_operate.html?command=get_materiel&rest_code=00106&code=00101008059&supplier_code=00100007&order_time=2021-09-07 HTTP/1.1" 302 -
61.151.178.164 - - [07/Sep/2021:10:29:08 +0800] "GET /xingrg/login.html HTTP/1.1" 200 7641
116.238.194.18 - - [07/Sep/2021:10:29:08 +0800] "GET /xingrg/all/function/internal_message.html?_=1630981749554&CODE_STATE=getMsg HTTP/1.1" 200 27
124.79.246.142 - - [07/Sep/2021:10:29:09 +0800] "POST /xingrg/kc/buy/cgsh_order_operate.html HTTP/1.1" 200 4440
180.169.147.146 - - [07/Sep/2021:10:29:10 +0800] "GET /xingrg/images/control/ajaxLoader.gif HTTP/1.1" 200 4659
180.169.147.146 - - [07/Sep/2021:10:29:10 +0800] "POST /xingrg/all/user/operate.html HTTP/1.1" 200 36
180.169.147.146 - - [07/Sep/2021:10:29:10 +0800] "GET /xingrg/javascript/jquery_easy_ui/themes/default/easyui.css HTTP/1.1" 304 -
180.169.147.146 - - [07/Sep/2021:10:29:10 +0800] "GET /xingrg/javascript/jquery_easy_ui/themes/icon.css HTTP/1.1" 304 -
180.169.147.146 - - [07/Sep/2021:10:29:10 +0800] "GET /xingrg/index.html?sysBaseUrl=http%3A%2F%2F180.169.147.146%3A18081%2Fxingrg%2F&costTime=40×tamp=1630980166264 HTTP/1.1" 200 17509
180.169.147.146 - - [07/Sep/2021:10:29:10 +0800] "GET /xingrg/css/form.css HTTP/1.1" 304 -
180.169.147.146 - - [07/Sep/2021:10:29:10 +0800] "GET /xingrg/javascript/jquery-1.4.2.min.js HTTP/1.1" 304 -
180.169.147.146 - - [07/Sep/2021:10:29:10 +0800] "GET /xingrg/javascript/jquery_easy_ui/jquery.easyui.min.js HTTP/1.1" 304 -
180.169.147.146 - - [07/Sep/2021:10:29:10 +0800] "GET /xingrg/javascript/jquery_easy_ui/easyui-lang-zh_CN.js HTTP/1.1" 304 -
180.169.147.146 - - [07/Sep/2021:10:29:10 +0800] "GET /xingrg/javascript/jquery.form.js HTTP/1.1" 304 -
180.169.147.146 - - [07/Sep/2021:10:29:10 +0800] "GET /xingrg/javascript/jquery.utils.js HTTP/1.1" 304 -
180.169.147.146 - - [07/Sep/2021:10:29:10 +0800] "GET /xingrg/javascript/jquery.timers.js HTTP/1.1" 304 -
180.169.147.146 - - [07/Sep/2021:10:29:10 +0800] "GET /xingrg/images/blue/jxLogo.png HTTP/1.1" 304 -
180.169.147.146 - - [07/Sep/2021:10:29:10 +0800] "GET /xingrg/images/blue/navBackgound.jpg HTTP/1.1" 304 -
180.169.147.146 - - [07/Sep/2021:10:29:10 +0800] "GET /xingrg/javascript/jquery_easy_ui/themes/icons/settle_new.png HTTP/1.1" 304 -
180.169.147.146 - - [07/Sep/2021:10:29:10 +0800] "POST /xingrg/all/common/load_tree.html?tree=area_rest_tree_json&manage=1 HTTP/1.1" 200 3472
180.169.147.146 - - [07/Sep/2021:10:29:10 +0800] "GET /xingrg/all/function/internal_message.html?_=1630981753263&CODE_STATE=count HTTP/1.1" 200 11
180.169.147.146 - - [07/Sep/2021:10:29:10 +0800] "GET /xingrg/check_reg.html?_=1630981753264 HTTP/1.1" 200 22
180.169.147.146 - - [07/Sep/2021:10:29:10 +0800] "GET /xingrg/javascript/jquery_easy_ui/themes/default/images/tabs_leftarrow.png HTTP/1.1" 304 -
180.169.147.146 - - [07/Sep/2021:10:29:10 +0800] "GET /xingrg/javascript/jquery_easy_ui/themes/default/images/tabs_rightarrow.png HTTP/1.1" 304 -
180.169.147.146 - - [07/Sep/2021:10:29:10 +0800] "GET /xingrg/images/blue/pingpu.png HTTP/1.1" 304 -
180.169.147.146 - - [07/Sep/2021:10:29:10 +0800] "GET /xingrg/javascript/jquery_easy_ui/themes/default/images/panel_tool_collapse.gif HTTP/1.1" 304 -
180.169.147.146 - - [07/Sep/2021:10:29:10 +0800] "GET /xingrg/javascript/jquery_easy_ui/themes/default/images/panel_tool_expand.gif HTTP/1.1" 304 -
124.79.246.142 - - [07/Sep/2021:10:29:10 +0800] "GET /xingrg/javascript/easyui/themes/default/images/button_plain_hover.png HTTP/1.1" 304 -
180.169.147.146 - - [07/Sep/2021:10:29:10 +0800] "POST /xingrg/load_menu.html HTTP/1.1" 200 9959
124.79.246.142 - - [07/Sep/2021:10:29:10 +0800] "GET /xingrg/javascript/easyui/themes/default/images/button_plain_hover.png HTTP/1.1" 304 -
124.79.246.142 - - [07/Sep/2021:10:29:10 +0800] "GET /xingrg/javascript/easyui/themes/default/images/button_plain_hover.png HTTP/1.1" 304 -
124.79.246.142 - - [07/Sep/2021:10:29:10 +0800] "GET /xingrg/javascript/easyui/themes/default/images/button_plain_hover.png HTTP/1.1" 304 -
124.79.246.142 - - [07/Sep/2021:10:29:11 +0800] "GET /xingrg/kc/print/load_config.html?kc_code=cgsh HTTP/1.1" 200 2076
124.79.246.142 - - [07/Sep/2021:10:29:11 +0800] "GET /xingrg/kc/print/load_data.html?order_code=212021090702753&kc_code=cgsh&condition= HTTP/1.1" 200 1364
101.83.145.79 - - [07/Sep/2021:10:29:11 +0800] "GET /xingrg/kc/buy/cgsh_order_add.html HTTP/1.1" 200 63473
116.238.194.18 - - [07/Sep/2021:10:29:12 +0800] "GET /xingrg/kc/buy/cgsh_order_add.html HTTP/1.1" 200 63362
101.83.145.79 - - [07/Sep/2021:10:29:12 +0800] "POST /xingrg/kc/buy/cgsh_order_operate.html HTTP/1.1" 200 8245
101.83.145.79 - - [07/Sep/2021:10:29:12 +0800] "GET /xingrg/javascript/easyui/themes/default/validatebox.css HTTP/1.1" 404 1104
116.238.194.18 - - [07/Sep/2021:10:29:12 +0800] "POST /xingrg/kc/buy/cgsh_order_operate.html HTTP/1.1" 200 8245
116.238.194.18 - - [07/Sep/2021:10:29:12 +0800] "GET /xingrg/javascript/easyui/themes/default/validatebox.css HTTP/1.1" 404 1104
180.169.147.146 - - [07/Sep/2021:10:29:12 +0800] "GET /xingrg/all/function/internal_message.html?_=1630981754400&CODE_STATE=getMsg HTTP/1.1" 200 27
180.169.147.146 - - [07/Sep/2021:10:29:14 +0800] "GET /xingrg/all/report/report_query.html?isQuery=1&fileName=kc/base/crk_detail_by_small.xml&rh=99999&queryString=&queryText=%25E3%2580%2590%25E4%25BB%2593%25E5%25BA%2593%25E5%2590%258D%25E7%25A7%25B0%253A%25E5%2586%25B7%25E8%258F%259C%25E3%2580%2591%25E3%2580%2590%25E4%25B8%259A%25E5%258A%25A1%25E7%25B1%25BB%25E5%259E%258B%25EF%25BC%259A%25E5%2586%2585%25E9%2583%25A8%25E8%25B0%2583%25E5%2585%25A5%25E3%2580%2591%2520%253F%253F%253F%253F%253F2021-08-01%253F%253F2021-08-31%2520%253F%253F%253F%253F%253F%253F%253F%252C%253F%253F%253F%253F%252C%253F%253F%253F&tableQueryString=crk_table%2524sp1%2524order_day%2520between%252020210801%2520and%252020210831%2520and%2520(base_code%253D'0010104')%2520and%2520(src_order_type%2520in%2520(42))%2520and%2520(is_rk%2520in%2520(1)) HTTP/1.1" 200 53796
180.169.147.146 - - [07/Sep/2021:10:29:14 +0800] "GET /xingrg/dwr/interface/AjaxReportQueryService.js HTTP/1.1" 200 13203
180.169.147.146 - - [07/Sep/2021:10:29:14 +0800] "GET /xingrg/dwr/engine.js HTTP/1.1" 200 43631
180.169.147.146 - - [07/Sep/2021:10:29:14 +0800] "POST /xingrg/all/report/load_report_page.html HTTP/1.1" 200 36789
180.169.147.146 - - [07/Sep/2021:10:29:14 +0800] "GET /xingrg/servlets/image?cache=0.8516949781199178&image=px HTTP/1.1" 200 807
180.169.147.146 - - [07/Sep/2021:10:29:14 +0800] "GET /xingrg/kc/base/check_order_list.html HTTP/1.1" 200 16610
180.169.147.146 - - [07/Sep/2021:10:29:14 +0800] "GET /xingrg/css/base.css HTTP/1.1" 200 2811
180.169.147.146 - - [07/Sep/2021:10:29:14 +0800] "GET /xingrg/css/site.css HTTP/1.1" 200 7541
180.169.147.146 - - [07/Sep/2021:10:29:14 +0800] "GET /xingrg/javascript/jquery_tools/datebox.css HTTP/1.1" 200 2597
180.169.147.146 - - [07/Sep/2021:10:29:14 +0800] "GET /xingrg/javascript/easyui/themes/icon.css HTTP/1.1" 200 4483
180.169.147.146 - - [07/Sep/2021:10:29:14 +0800] "GET /xingrg/javascript/easyui/themes/default/easyui.css HTTP/1.1" 200 30432
180.169.147.146 - - [07/Sep/2021:10:29:14 +0800] "GET /xingrg/javascript/auto/jquery.autocomplete.css HTTP/1.1" 200 587
180.169.147.146 - - [07/Sep/2021:10:29:14 +0800] "GET /xingrg/javascript/jquery_tools/fix.css HTTP/1.1" 200 1702
180.169.147.146 - - [07/Sep/2021:10:29:14 +0800] "GET /xingrg/javascript/jquery_tools/table.css HTTP/1.1" 200 1032
180.169.147.146 - - [07/Sep/2021:10:29:14 +0800] "GET /xingrg/javascript/jquery_tools/jquery.tools.min.js HTTP/1.1" 200 138801
180.169.147.146 - - [07/Sep/2021:10:29:14 +0800] "GET /xingrg/javascript/jquery_tools/jquery.tools.hotkey.js HTTP/1.1" 200 3242
180.169.147.146 - - [07/Sep/2021:10:29:14 +0800] "GET /xingrg/javascript/jquery_tools/jquery.tools.extend.js HTTP/1.1" 200 15385
180.169.147.146 - - [07/Sep/2021:10:29:14 +0800] "GET /xingrg/javascript/jquery_tools/jquery.tools.table.js HTTP/1.1" 200 6994
180.169.147.146 - - [07/Sep/2021:10:29:15 +0800] "GET /xingrg/javascript/jquery_tools/list_manager.js HTTP/1.1" 200 3652
180.169.147.146 - - [07/Sep/2021:10:29:15 +0800] "GET /xingrg/javascript/auto/jquery.autocomplete.js HTTP/1.1" 200 21624
180.169.147.146 - - [07/Sep/2021:10:29:15 +0800] "GET /xingrg/javascript/easyui/easyloader.js HTTP/1.1" 200 5975
180.169.147.146 - - [07/Sep/2021:10:29:15 +0800] "GET /xingrg/javascript/jquery.cookie.js HTTP/1.1" 200 5513
180.169.147.146 - - [07/Sep/2021:10:29:15 +0800] "GET /xingrg/javascript/easyui/themes/icons/uncheck_new.png HTTP/1.1" 200 3197
180.169.147.146 - - [07/Sep/2021:10:29:15 +0800] "GET /xingrg/javascript/easyui/themes/icons/check_new.png HTTP/1.1" 200 3224
180.169.147.146 - - [07/Sep/2021:10:29:15 +0800] "GET /xingrg/javascript/easyui/themes/icons/cance_new.png HTTP/1.1" 200 3986
180.169.147.146 - - [07/Sep/2021:10:29:15 +0800] "GET /xingrg/javascript/easyui/themes/icons/edit_add_new.png HTTP/1.1" 200 2997
180.169.147.146 - - [07/Sep/2021:10:29:15 +0800] "GET /xingrg/javascript/easyui/themes/icons/field_new.png HTTP/1.1" 200 1097
180.169.147.146 - - [07/Sep/2021:10:29:15 +0800] "GET /xingrg/javascript/easyui/plugins/jquery.parser.js HTTP/1.1" 200 1142
180.169.147.146 - - [07/Sep/2021:10:29:15 +0800] "POST /xingrg/kc/base/check_list_operate.html HTTP/1.1" 200 781
180.169.147.146 - - [07/Sep/2021:10:29:16 +0800] "POST /xingrg/kc/base/check_list_operate.html HTTP/1.1" 200 781
124.79.246.142 - - [07/Sep/2021:10:29:18 +0800] "GET /xingrg/javascript/easyui/themes/default/images/button_plain_hover.png HTTP/1.1" 304 -
116.230.105.26 - - [07/Sep/2021:10:29:18 +0800] "GET /xingrg/check_reg.html?_=1630981702849 HTTP/1.1" 200 22
116.230.105.26 - - [07/Sep/2021:10:29:18 +0800] "GET /xingrg/all/function/internal_message.html?_=1630981702851&CODE_STATE=getMsg HTTP/1.1" 200 27
124.79.246.142 - - [07/Sep/2021:10:29:18 +0800] "GET /xingrg/javascript/easyui/themes/default/images/button_plain_hover.png HTTP/1.1" 304 -
124.79.246.142 - - [07/Sep/2021:10:29:18 +0800] "GET /xingrg/kc/buy/cgsh_order_add.html HTTP/1.1" 200 63432
124.79.246.142 - - [07/Sep/2021:10:29:18 +0800] "GET /xingrg/css/base.css HTTP/1.1" 304 -
124.79.246.142 - - [07/Sep/2021:10:29:18 +0800] "GET /xingrg/css/site.css HTTP/1.1" 304 -
124.79.246.142 - - [07/Sep/2021:10:29:18 +0800] "GET /xingrg/javascript/jquery_tools/datebox.css HTTP/1.1" 304 -
124.79.246.142 - - [07/Sep/2021:10:29:18 +0800] "GET /xingrg/javascript/easyui/themes/icon.css HTTP/1.1" 304 -
124.79.246.142 - - [07/Sep/2021:10:29:18 +0800] "GET /xingrg/javascript/jquery_tools/fix.css HTTP/1.1" 304 -
124.79.246.142 - - [07/Sep/2021:10:29:18 +0800] "GET /xingrg/javascript/easyui/themes/default/easyui.css HTTP/1.1" 304 -
124.79.246.142 - - [07/Sep/2021:10:29:18 +0800] "GET /xingrg/javascript/jquery_tools/jquery.tools.min.js HTTP/1.1" 304 -
124.79.246.142 - - [07/Sep/2021:10:29:18 +0800] "GET /xingrg/javascript/jquery_tools/table.css HTTP/1.1" 304 -
124.79.246.142 - - [07/Sep/2021:10:29:18 +0800] "GET /xingrg/javascript/pic_change.js HTTP/1.1" 304 -
124.79.246.142 - - [07/Sep/2021:10:29:18 +0800] "GET /xingrg/javascript/jquery_tools/jquery.tools.extend.js HTTP/1.1" 304 -
124.79.246.142 - - [07/Sep/2021:10:29:18 +0800] "GET /xingrg/javascript/jquery_tools/jquery.tools.table.js HTTP/1.1" 304 -
124.79.246.142 - - [07/Sep/2021:10:29:18 +0800] "GET /xingrg/javascript/jquery_tools/jquery.tools.hotkey.js HTTP/1.1" 304 -
124.79.246.142 - - [07/Sep/2021:10:29:18 +0800] "GET /xingrg/javascript/auto/jquery.autocomplete.js HTTP/1.1" 304 -
124.79.246.142 - - [07/Sep/2021:10:29:18 +0800] "GET /xingrg/javascript/easyui/easyloader.js HTTP/1.1" 304 -
124.79.246.142 - - [07/Sep/2021:10:29:18 +0800] "GET /xingrg/javascript/convert.js HTTP/1.1" 304 -
124.79.246.142 - - [07/Sep/2021:10:29:18 +0800] "GET /xingrg/javascript/jquery.utils.js HTTP/1.1" 304 -
124.79.246.142 - - [07/Sep/2021:10:29:18 +0800] "GET /xingrg/javascript/jquery_tools/order_manager.js HTTP/1.1" 304 -
124.79.246.142 - - [07/Sep/2021:10:29:18 +0800] "GET /xingrg/javascript/json2.js HTTP/1.1" 304 -
124.79.246.142 - - [07/Sep/2021:10:29:18 +0800] "GET /xingrg/javascript/jquery.cookie.js HTTP/1.1" 304 -
124.79.246.142 - - [07/Sep/2021:10:29:18 +0800] "GET /xingrg/javascript/auto/jquery.autocomplete.css HTTP/1.1" 304 -
124.79.246.142 - - [07/Sep/2021:10:29:18 +0800] "GET /xingrg/javascript/print/kc_print.js HTTP/1.1" 304 -
124.79.246.142 - - [07/Sep/2021:10:29:18 +0800] "GET /xingrg/javascript/print/LodopFuncs.js HTTP/1.1" 304 -
180.169.147.146 - - [07/Sep/2021:10:29:19 +0800] "POST /xingrg/kc/base/check_list_operate.html HTTP/1.1" 200 5502
124.79.246.142 - - [07/Sep/2021:10:29:20 +0800] "GET /xingrg/words/20210906122753_words.js HTTP/1.1" 304 -
124.79.246.142 - - [07/Sep/2021:10:29:20 +0800] "GET /xingrg/javascript/easyui/themes/icons/copy_new.png HTTP/1.1" 304 -
124.79.246.142 - - [07/Sep/2021:10:29:20 +0800] "GET /xingrg/javascript/easyui/themes/icons/ok.png HTTP/1.1" 304 -
124.79.246.142 - - [07/Sep/2021:10:29:20 +0800] "GET /xingrg/javascript/easyui/themes/icons/template_new.png HTTP/1.1" 304 -
124.79.246.142 - - [07/Sep/2021:10:29:20 +0800] "GET /xingrg/javascript/easyui/themes/default/images/menu_downarrow.png HTTP/1.1" 304 -
124.79.246.142 - - [07/Sep/2021:10:29:20 +0800] "GET /xingrg/javascript/easyui/themes/icons/print.png HTTP/1.1" 304 -
124.79.246.142 - - [07/Sep/2021:10:29:20 +0800] "GET /xingrg/javascript/easyui/themes/icons/cancel.png HTTP/1.1" 304 -
124.79.246.142 - - [07/Sep/2021:10:29:20 +0800] "GET /xingrg/javascript/easyui/plugins/jquery.parser.js HTTP/1.1" 304 -
124.79.246.142 - - [07/Sep/2021:10:29:20 +0800] "POST /xingrg/kc/buy/cgsh_order_operate.html HTTP/1.1" 200 8245
124.79.246.142 - - [07/Sep/2021:10:29:21 +0800] "GET /xingrg/all/common/auto_word.html?type=employee&rest_code=00104 HTTP/1.1" 200 149
124.79.246.142 - - [07/Sep/2021:10:29:21 +0800] "GET /xingrg/all/common/auto_word.html?type=employee&rest_code=00104 HTTP/1.1" 200 149
124.79.246.142 - - [07/Sep/2021:10:29:21 +0800] "GET /xingrg/javascript/easyui/themes/default/validatebox.css HTTP/1.1" 404 1104
124.79.246.142 - - [07/Sep/2021:10:29:21 +0800] "GET /xingrg/javascript/easyui/plugins/jquery.validatebox.js HTTP/1.1" 304 -
124.79.246.142 - - [07/Sep/2021:10:29:21 +0800] "GET /xingrg/javascript/easyui/plugins/jquery.numberbox.js HTTP/1.1" 304 -
116.237.74.154 - - [07/Sep/2021:10:29:21 +0800] "GET /xingrg/kc/buy/cgsh_order_operate.html?command=get_materiel&rest_code=00106&code=00101008278&supplier_code=00100007&order_time=2021-09-07 HTTP/1.1" 200 412
124.79.246.142 - - [07/Sep/2021:10:29:22 +0800] "GET /xingrg/javascript/easyui/plugins/jquery.draggable.js HTTP/1.1" 304 -
124.79.246.142 - - [07/Sep/2021:10:29:22 +0800] "GET /xingrg/css/images/panel_loading.gif HTTP/1.1" 304 -
124.79.246.142 - - [07/Sep/2021:10:29:22 +0800] "GET /xingrg/javascript/easyui/plugins/jquery.droppable.js HTTP/1.1" 304 -
124.79.246.142 - - [07/Sep/2021:10:29:22 +0800] "GET /xingrg/javascript/easyui/themes/default/tree.css HTTP/1.1" 404 1090
124.79.246.142 - - [07/Sep/2021:10:29:22 +0800] "GET /xingrg/javascript/easyui/plugins/jquery.tree.js HTTP/1.1" 304 -
124.79.246.142 - - [07/Sep/2021:10:29:22 +0800] "POST /xingrg/all/common/load_tree.html?tree=supplier_tree_json&isDelete=1 HTTP/1.1" 200 57687
101.85.52.72 - - [07/Sep/2021:10:29:22 +0800] "POST /xingrg/kc/buy/cgsh_list_operate.html HTTP/1.1" 200 4
124.79.246.142 - - [07/Sep/2021:10:29:24 +0800] "GET /xingrg/javascript/easyui/themes/default/images/tree_folder_open.gif HTTP/1.1" 304 -
124.79.246.142 - - [07/Sep/2021:10:29:24 +0800] "GET /xingrg/javascript/easyui/themes/default/images/tree_folder.gif HTTP/1.1" 304 -
124.79.246.142 - - [07/Sep/2021:10:29:24 +0800] "GET /xingrg/javascript/easyui/themes/default/images/tree_file.gif HTTP/1.1" 304 -
124.79.246.142 - - [07/Sep/2021:10:29:24 +0800] "GET /xingrg/all/function/internal_message.html?_=1630982222251&CODE_STATE=getMsg HTTP/1.1" 200 27
222.70.246.151 - - [07/Sep/2021:10:29:28 +0800] "GET /xingrg/all/function/internal_message.html?_=1630981774607&CODE_STATE=getMsg HTTP/1.1" 200 27
116.233.79.201 - - [07/Sep/2021:10:29:32 +0800] "GET /xingrg/all/function/internal_message.html?_=1630981777994&CODE_STATE=getMsg HTTP/1.1" 200 27
101.89.239.238 - - [07/Sep/2021:10:29:34 +0800] "GET /xingrg/kc/buy/cgsh_order_operate.html?command=get_materiel&rest_code=00106&code=00101008353&supplier_code=00100007&order_time=2021-09-07 HTTP/1.1" 302 -
101.89.239.238 - - [07/Sep/2021:10:29:34 +0800] "GET /xingrg/login.html HTTP/1.1" 200 7641
116.237.74.154 - - [07/Sep/2021:10:29:36 +0800] "GET /xingrg/kc/buy/cgsh_order_operate.html?command=get_materiel&rest_code=00106&code=00101008261&supplier_code=00100007&order_time=2021-09-07 HTTP/1.1" 200 408
116.238.168.124 - - [07/Sep/2021:10:29:36 +0800] "GET /xingrg/check_reg.html?_=1630981757780 HTTP/1.1" 200 22
116.238.168.124 - - [07/Sep/2021:10:29:38 +0800] "GET /xingrg/all/function/internal_message.html?_=1630981759832&CODE_STATE=getMsg HTTP/1.1" 200 27
116.238.194.18 - - [07/Sep/2021:10:29:39 +0800] "GET /xingrg/kc/buy/cgsh_order_operate.html?command=get_materiel&rest_code=00150&code=00101001125&supplier_code=00100319&order_time=2021-09-07 HTTP/1.1" 200 413
120.253.135.82 - - [07/Sep/2021:10:29:41 +0800] "GET /xingrg/all/function/internal_message.html?_=1630981556071&CODE_STATE=getMsg HTTP/1.1" 200 27
116.238.194.18 - - [07/Sep/2021:10:29:44 +0800] "GET /xingrg/kc/buy/cgsh_order_operate.html?command=get_materiel&rest_code=00151&code=00101010247&supplier_code=00100266&order_time=2021-09-07 HTTP/1.1" 200 408
61.151.207.158 - - [07/Sep/2021:10:29:44 +0800] "GET /xingrg/kc/buy/cgsh_order_operate.html?command=get_materiel&rest_code=00106&code=00101008219&supplier_code=00100007&order_time=2021-09-07 HTTP/1.1" 302 -
61.151.207.158 - - [07/Sep/2021:10:29:46 +0800] "GET /xingrg/login.html HTTP/1.1" 200 7641
116.237.74.154 - - [07/Sep/2021:10:29:48 +0800] "GET /xingrg/all/function/internal_message.html?_=1630981790838&CODE_STATE=getMsg HTTP/1.1" 200 27
116.233.79.201 - - [07/Sep/2021:10:29:48 +0800] "GET /xingrg/all/function/internal_message.html?_=1630981789620&CODE_STATE=getMsg HTTP/1.1" 200 27
183.192.95.241 - - [07/Sep/2021:10:29:49 +0800] "GET /xingrg/all/function/internal_message.html?_=1630981792111&CODE_STATE=getMsg HTTP/1.1" 200 27
116.238.194.18 - - [07/Sep/2021:10:29:50 +0800] "GET /xingrg/kc/buy/cgsh_order_operate.html?command=get_materiel&rest_code=00150&code=00101001169&supplier_code=00100319&order_time=2021-09-07 HTTP/1.1" 200 415
222.70.179.190 - - [07/Sep/2021:10:29:50 +0800] "GET /xingrg/all/function/internal_message.html?_=1630981789951&CODE_STATE=getMsg HTTP/1.1" 200 27
116.238.194.18 - - [07/Sep/2021:10:29:51 +0800] "GET /xingrg/all/function/internal_message.html?_=1630981769709&CODE_STATE=getMsg HTTP/1.1" 200 27
222.70.179.190 - - [07/Sep/2021:10:29:52 +0800] "GET /xingrg/check_reg.html?_=1630981791715 HTTP/1.1" 200 22
101.83.145.79 - - [07/Sep/2021:10:29:52 +0800] "GET /xingrg/all/function/internal_message.html?_=1630981794839&CODE_STATE=getMsg HTTP/1.1" 200 27
116.237.74.154 - - [07/Sep/2021:10:29:53 +0800] "POST /xingrg/kc/buy/cgsh_order_operate.html HTTP/1.1" 200 37
116.238.194.18 - - [07/Sep/2021:10:29:56 +0800] "GET /xingrg/kc/buy/cgsh_order_operate.html?command=get_materiel&rest_code=00151&code=00101008326&supplier_code=00100266&order_time=2021-09-07 HTTP/1.1" 200 421
101.85.93.96 - - [07/Sep/2021:10:29:56 +0800] "GET /xingrg/all/function/internal_message.html?_=1630981726510&CODE_STATE=getMsg HTTP/1.1" 200 27
124.79.246.142 - - [07/Sep/2021:10:29:58 +0800] "GET /xingrg/kc/buy/cgsh_order_operate.html?command=get_materiel&rest_code=00104&code=00101003004&supplier_code=00100347&order_time=2021-09-07 HTTP/1.1" 200 420
180.169.147.146 - - [07/Sep/2021:10:30:02 +0800] "GET /xingrg/all/function/internal_message.html?_=1630981794602&CODE_STATE=getMsg HTTP/1.1" 200 27
180.169.147.146 - - [07/Sep/2021:10:30:03 +0800] "GET /xingrg/check_reg.html?_=1630981805175 HTTP/1.1" 302 -
172.20.0.100 - - [07/Sep/2021:10:30:06 +0800] "GET /xingrg/all/function/internal_message.html?_=1630981807605&CODE_STATE=getMsg HTTP/1.1" 200 27
116.238.194.18 - - [07/Sep/2021:10:30:07 +0800] "GET /xingrg/kc/buy/cgsh_order_operate.html?command=get_materiel&rest_code=00150&code=00101001040&supplier_code=00100319&order_time=2021-09-07 HTTP/1.1" 200 415
116.238.194.18 - - [07/Sep/2021:10:30:08 +0800] "GET /xingrg/all/function/internal_message.html?_=1630981809553&CODE_STATE=getMsg HTTP/1.1" 200 27
101.83.145.79 - - [07/Sep/2021:10:30:09 +0800] "GET /xingrg/kc/buy/cgsh_order_operate.html?command=get_materiel&rest_code=00105&code=00101005002&supplier_code=00100313&order_time=2021-09-07 HTTP/1.1" 200 413
116.238.194.18 - - [07/Sep/2021:10:30:10 +0800] "GET /xingrg/kc/buy/cgsh_order_operate.html?command=get_materiel&rest_code=00151&code=00101010082&supplier_code=00100266&order_time=2021-09-07 HTTP/1.1" 200 425
180.169.147.146 - - [07/Sep/2021:10:30:10 +0800] "GET /xingrg/all/function/internal_message.html?_=1630981813279&CODE_STATE=getMsg HTTP/1.1" 200 27
180.169.147.146 - - [07/Sep/2021:10:30:12 +0800] "GET /xingrg/check_reg.html?_=1630981814105 HTTP/1.1" 302 -
180.169.147.146 - - [07/Sep/2021:10:30:12 +0800] "GET /xingrg/all/function/internal_message.html?_=1630981814380&CODE_STATE=getMsg HTTP/1.1" 200 27
124.79.246.142 - - [07/Sep/2021:10:30:17 +0800] "GET /xingrg/javascript/easyui/themes/default/images/button_plain_hover.png HTTP/1.1" 304 -
124.79.246.142 - - [07/Sep/2021:10:30:17 +0800] "GET /xingrg/javascript/easyui/themes/default/images/button_plain_hover.png HTTP/1.1" 304 -
124.79.246.142 - - [07/Sep/2021:10:30:17 +0800] "GET /xingrg/javascript/easyui/themes/default/images/button_plain_hover.png HTTP/1.1" 304 -
124.79.246.142 - - [07/Sep/2021:10:30:17 +0800] "GET /xingrg/javascript/easyui/themes/default/images/button_plain_hover.png HTTP/1.1" 304 -
124.79.246.142 - - [07/Sep/2021:10:30:17 +0800] "GET /xingrg/javascript/easyui/themes/default/images/button_plain_hover.png HTTP/1.1" 304 -
124.79.246.142 - - [07/Sep/2021:10:30:17 +0800] "GET /xingrg/javascript/easyui/themes/default/images/button_plain_hover.png HTTP/1.1" 304 -
116.230.105.26 - - [07/Sep/2021:10:30:18 +0800] "GET /xingrg/all/function/internal_message.html?_=1630981762849&CODE_STATE=getMsg HTTP/1.1" 200 27
116.238.194.18 - - [07/Sep/2021:10:30:19 +0800] "GET /favicon.ico HTTP/1.1" 404 -
116.237.74.154 - - [07/Sep/2021:10:30:21 +0800] "GET /xingrg/all/function/internal_message.html?_=1630981819830&CODE_STATE=getMsg HTTP/1.1" 200 27
124.79.246.142 - - [07/Sep/2021:10:30:24 +0800] "GET /xingrg/all/function/internal_message.html?_=1630982282262&CODE_STATE=getMsg HTTP/1.1" 200 27
101.83.145.79 - - [07/Sep/2021:10:30:26 +0800] "GET /xingrg/kc/buy/cgsh_order_operate.html?command=get_materiel&rest_code=00105&code=00101004014&supplier_code=00100313&order_time=2021-09-07 HTTP/1.1" 200 408
222.70.246.151 - - [07/Sep/2021:10:30:28 +0800] "GET /xingrg/all/function/internal_message.html?_=1630981834608&CODE_STATE=getMsg HTTP/1.1" 200 27
124.79.246.142 - - [07/Sep/2021:10:30:31 +0800] "POST /xingrg/kc/buy/cgsh_order_operate.html HTTP/1.1" 200 37
116.237.74.154 - - [07/Sep/2021:10:30:31 +0800] "POST /xingrg/kc/buy/cgsh_order_operate.html HTTP/1.1" 200 30393
116.238.194.18 - - [07/Sep/2021:10:30:31 +0800] "POST /xingrg/kc/buy/cgsh_order_operate.html HTTP/1.1" 200 88
101.89.239.245 - - [07/Sep/2021:10:30:32 +0800] "GET /xingrg/kc/buy/cgsh_order_operate.html?command=get_materiel&rest_code=00106&code=00101008261&supplier_code=00100007&order_time=2021-09-07 HTTP/1.1" 302 -
116.233.79.201 - - [07/Sep/2021:10:30:32 +0800] "GET /xingrg/check_reg.html?_=1630981837995 HTTP/1.1" 200 22
116.233.79.201 - - [07/Sep/2021:10:30:32 +0800] "GET /xingrg/all/function/internal_message.html?_=1630981837999&CODE_STATE=getMsg HTTP/1.1" 200 27
101.89.239.245 - - [07/Sep/2021:10:30:33 +0800] "GET /xingrg/login.html HTTP/1.1" 200 7641
116.238.194.18 - - [07/Sep/2021:10:30:34 +0800] "POST /xingrg/kc/buy/cgsh_order_operate.html HTTP/1.1" 200 37
124.79.246.142 - - [07/Sep/2021:10:30:34 +0800] "POST /xingrg/kc/buy/cgsh_order_operate.html HTTP/1.1" 200 2671
124.79.246.142 - - [07/Sep/2021:10:30:34 +0800] "GET /xingrg/javascript/easyui/themes/default/images/button_plain_hover.png HTTP/1.1" 304 -
124.79.246.142 - - [07/Sep/2021:10:30:34 +0800] "GET /xingrg/javascript/easyui/themes/default/images/button_plain_hover.png HTTP/1.1" 304 -
124.79.246.142 - - [07/Sep/2021:10:30:34 +0800] "GET /xingrg/javascript/easyui/themes/default/images/button_plain_hover.png HTTP/1.1" 304 -
124.79.246.142 - - [07/Sep/2021:10:30:35 +0800] "GET /xingrg/kc/print/load_config.html?kc_code=cgsh HTTP/1.1" 200 2076
124.79.246.142 - - [07/Sep/2021:10:30:35 +0800] "GET /xingrg/kc/print/load_data.html?order_code=212021090702754&kc_code=cgsh&condition= HTTP/1.1" 200 689
116.238.194.18 - - [07/Sep/2021:10:30:35 +0800] "POST /xingrg/kc/buy/cgsh_order_operate.html HTTP/1.1" 200 6902
116.238.194.18 - - [07/Sep/2021:10:30:37 +0800] "GET /xingrg/kc/report/report_main.html HTTP/1.1" 200 7345
116.238.194.18 - - [07/Sep/2021:10:30:38 +0800] "GET /xingrg/kc/base/crk_hz.html HTTP/1.1" 200 11247
116.238.168.124 - - [07/Sep/2021:10:30:38 +0800] "GET /xingrg/all/function/internal_message.html?_=1630981819846&CODE_STATE=getMsg HTTP/1.1" 200 27
116.238.194.18 - - [07/Sep/2021:10:30:38 +0800] "POST /xingrg/kc/cost/cost_operate.html?command=get_base_tree HTTP/1.1" 200 1816
116.238.194.18 - - [07/Sep/2021:10:30:38 +0800] "POST /xingrg/all/common/load_tree.html?tree=materiel_sort_tree_json HTTP/1.1" 200 8792
116.238.194.18 - - [07/Sep/2021:10:30:39 +0800] "GET /xingrg/javascript/jquery_easy_ui/themes/default/images/tree_checkbox_0.gif HTTP/1.1" 304 -
120.253.135.82 - - [07/Sep/2021:10:30:40 +0800] "GET /xingrg/check_reg.html?_=1630981615274 HTTP/1.1" 200 22
120.253.135.82 - - [07/Sep/2021:10:30:41 +0800] "GET /xingrg/all/function/internal_message.html?_=1630981616085&CODE_STATE=getMsg HTTP/1.1" 200 27
124.79.246.142 - - [07/Sep/2021:10:30:42 +0800] "GET /xingrg/javascript/easyui/themes/default/images/button_plain_hover.png HTTP/1.1" 304 -
124.79.246.142 - - [07/Sep/2021:10:30:42 +0800] "GET /xingrg/javascript/easyui/themes/default/images/button_plain_hover.png HTTP/1.1" 304 -
124.79.246.142 - - [07/Sep/2021:10:30:42 +0800] "GET /xingrg/css/base.css HTTP/1.1" 304 -
124.79.246.142 - - [07/Sep/2021:10:30:42 +0800] "GET /xingrg/javascript/jquery_tools/datebox.css HTTP/1.1" 304 -
124.79.246.142 - - [07/Sep/2021:10:30:42 +0800] "GET /xingrg/css/site.css HTTP/1.1" 304 -
124.79.246.142 - - [07/Sep/2021:10:30:42 +0800] "GET /xingrg/javascript/easyui/themes/default/easyui.css HTTP/1.1" 304 -
124.79.246.142 - - [07/Sep/2021:10:30:42 +0800] "GET /xingrg/javascript/easyui/themes/icon.css HTTP/1.1" 304 -
124.79.246.142 - - [07/Sep/2021:10:30:42 +0800] "GET /xingrg/kc/buy/cgsh_order_add.html HTTP/1.1" 200 63432
124.79.246.142 - - [07/Sep/2021:10:30:42 +0800] "GET /xingrg/javascript/jquery_tools/jquery.tools.extend.js HTTP/1.1" 304 -
124.79.246.142 - - [07/Sep/2021:10:30:42 +0800] "GET /xingrg/javascript/jquery_tools/jquery.tools.hotkey.js HTTP/1.1" 304 -
124.79.246.142 - - [07/Sep/2021:10:30:42 +0800] "GET /xingrg/javascript/pic_change.js HTTP/1.1" 304 -
124.79.246.142 - - [07/Sep/2021:10:30:42 +0800] "GET /xingrg/javascript/jquery_tools/jquery.tools.table.js HTTP/1.1" 304 -
124.79.246.142 - - [07/Sep/2021:10:30:42 +0800] "GET /xingrg/javascript/auto/jquery.autocomplete.js HTTP/1.1" 304 -
124.79.246.142 - - [07/Sep/2021:10:30:42 +0800] "GET /xingrg/javascript/easyui/easyloader.js HTTP/1.1" 304 -
124.79.246.142 - - [07/Sep/2021:10:30:42 +0800] "GET /xingrg/javascript/jquery_tools/order_manager.js HTTP/1.1" 304 -
124.79.246.142 - - [07/Sep/2021:10:30:42 +0800] "GET /xingrg/javascript/auto/jquery.autocomplete.css HTTP/1.1" 304 -
124.79.246.142 - - [07/Sep/2021:10:30:42 +0800] "GET /xingrg/javascript/jquery.utils.js HTTP/1.1" 304 -
124.79.246.142 - - [07/Sep/2021:10:30:42 +0800] "GET /xingrg/javascript/jquery_tools/fix.css HTTP/1.1" 304 -
124.79.246.142 - - [07/Sep/2021:10:30:42 +0800] "GET /xingrg/javascript/jquery_tools/jquery.tools.min.js HTTP/1.1" 304 -
124.79.246.142 - - [07/Sep/2021:10:30:42 +0800] "GET /xingrg/javascript/jquery_tools/table.css HTTP/1.1" 304 -
124.79.246.142 - - [07/Sep/2021:10:30:42 +0800] "GET /xingrg/javascript/convert.js HTTP/1.1" 304 -
124.79.246.142 - - [07/Sep/2021:10:30:42 +0800] "GET /xingrg/javascript/print/kc_print.js HTTP/1.1" 304 -
124.79.246.142 - - [07/Sep/2021:10:30:42 +0800] "GET /xingrg/javascript/jquery.cookie.js HTTP/1.1" 304 -
124.79.246.142 - - [07/Sep/2021:10:30:42 +0800] "GET /xingrg/javascript/json2.js HTTP/1.1" 304 -
124.79.246.142 - - [07/Sep/2021:10:30:42 +0800] "GET /xingrg/javascript/print/LodopFuncs.js HTTP/1.1" 304 -
124.79.246.142 - - [07/Sep/2021:10:30:44 +0800] "GET /xingrg/words/20210906122753_words.js HTTP/1.1" 304 -
124.79.246.142 - - [07/Sep/2021:10:30:44 +0800] "GET /xingrg/javascript/easyui/themes/icons/copy_new.png HTTP/1.1" 304 -
124.79.246.142 - - [07/Sep/2021:10:30:44 +0800] "GET /xingrg/javascript/easyui/themes/icons/template_new.png HTTP/1.1" 304 -
124.79.246.142 - - [07/Sep/2021:10:30:44 +0800] "GET /xingrg/javascript/easyui/themes/icons/ok.png HTTP/1.1" 304 -
124.79.246.142 - - [07/Sep/2021:10:30:44 +0800] "GET /xingrg/javascript/easyui/themes/icons/print.png HTTP/1.1" 304 -
124.79.246.142 - - [07/Sep/2021:10:30:44 +0800] "GET /xingrg/javascript/easyui/themes/default/images/menu_downarrow.png HTTP/1.1" 304 -
124.79.246.142 - - [07/Sep/2021:10:30:44 +0800] "GET /xingrg/javascript/easyui/themes/icons/cancel.png HTTP/1.1" 304 -
124.79.246.142 - - [07/Sep/2021:10:30:44 +0800] "GET /xingrg/javascript/easyui/plugins/jquery.parser.js HTTP/1.1" 304 -
124.79.246.142 - - [07/Sep/2021:10:30:44 +0800] "POST /xingrg/kc/buy/cgsh_order_operate.html HTTP/1.1" 200 8245
124.79.246.142 - - [07/Sep/2021:10:30:45 +0800] "GET /xingrg/javascript/easyui/themes/default/images/button_plain_hover.png HTTP/1.1" 304 -
124.79.246.142 - - [07/Sep/2021:10:30:45 +0800] "GET /xingrg/all/common/auto_word.html?type=employee&rest_code=00104 HTTP/1.1" 200 149
124.79.246.142 - - [07/Sep/2021:10:30:45 +0800] "GET /xingrg/all/common/auto_word.html?type=employee&rest_code=00104 HTTP/1.1" 200 149
124.79.246.142 - - [07/Sep/2021:10:30:45 +0800] "GET /xingrg/javascript/easyui/themes/default/images/button_plain_hover.png HTTP/1.1" 304 -
124.79.246.142 - - [07/Sep/2021:10:30:45 +0800] "GET /xingrg/javascript/easyui/themes/default/validatebox.css HTTP/1.1" 404 1104
124.79.246.142 - - [07/Sep/2021:10:30:45 +0800] "GET /xingrg/javascript/easyui/plugins/jquery.validatebox.js HTTP/1.1" 304 -
124.79.246.142 - - [07/Sep/2021:10:30:45 +0800] "GET /xingrg/javascript/easyui/plugins/jquery.numberbox.js HTTP/1.1" 304 -
101.83.145.79 - - [07/Sep/2021:10:30:46 +0800] "GET /xingrg/kc/buy/cgsh_order_operate.html?command=get_materiel&rest_code=00105&code=00101001168&supplier_code=00100313&order_time=2021-09-07 HTTP/1.1" 200 414
116.238.194.18 - - [07/Sep/2021:10:30:48 +0800] "GET /xingrg/kc/base/crk_hz.html?_=1630981849025&command=get_cost_id&end_date=2021-09-30&start_date=2021-08-01 HTTP/1.1" 200 51
116.233.79.201 - - [07/Sep/2021:10:30:48 +0800] "GET /xingrg/check_reg.html?_=1630981849620 HTTP/1.1" 200 22
116.233.79.201 - - [07/Sep/2021:10:30:48 +0800] "GET /xingrg/all/function/internal_message.html?_=1630981849623&CODE_STATE=getMsg HTTP/1.1" 200 27
116.238.194.18 - - [07/Sep/2021:10:30:48 +0800] "GET /xingrg/dwr/interface/AjaxReportQueryService.js HTTP/1.1" 200 13203
116.238.194.18 - - [07/Sep/2021:10:30:48 +0800] "GET /xingrg/all/report/report_query.html?isQuery=1&onlyBody=1&rh=99999&rw=1800&varString=start:20210801,cost_id:3256,mid:20210801&fileName=kc/base/crk_hz_type_by_base.xml&queryString=%20a.base_code%20in%20('0010610')%20&queryText=ÈÕÆÚ£º2021-08-01ÖÁ2021-09-30%20²Ö¿â£º²ÍÒû³ø·¿²¿&tableQueryString=materiel_table$sp1$$sp$before_table$sp1$$sp$crk_table$sp1$order_day%20between%2020210801%20and%2020210930 HTTP/1.1" 200 49405
116.238.194.18 - - [07/Sep/2021:10:30:48 +0800] "GET /xingrg/dwr/engine.js HTTP/1.1" 200 43631
124.79.246.142 - - [07/Sep/2021:10:30:48 +0800] "GET /xingrg/javascript/easyui/themes/default/images/button_plain_hover.png HTTP/1.1" 304 -
101.85.52.72 - - [07/Sep/2021:10:30:49 +0800] "GET /xingrg/all/function/internal_message.html?_=1630981848946&CODE_STATE=getMsg HTTP/1.1" 200 27
124.79.246.142 - - [07/Sep/2021:10:30:49 +0800] "GET /xingrg/check_reg.html?_=1630982307363 HTTP/1.1" 200 22
116.238.194.18 - - [07/Sep/2021:10:30:49 +0800] "POST /xingrg/all/report/load_report_page.html HTTP/1.1" 200 95297
124.79.246.142 - - [07/Sep/2021:10:30:49 +0800] "GET /xingrg/javascript/easyui/plugins/jquery.draggable.js HTTP/1.1" 304 -
124.79.246.142 - - [07/Sep/2021:10:30:49 +0800] "GET /xingrg/css/images/panel_loading.gif HTTP/1.1" 304 -
116.238.194.18 - - [07/Sep/2021:10:30:49 +0800] "GET /xingrg/servlets/image?cache=0.3345428787549176&image=px HTTP/1.1" 200 807
183.192.95.241 - - [07/Sep/2021:10:30:49 +0800] "GET /xingrg/all/function/internal_message.html?_=1630981852113&CODE_STATE=getMsg HTTP/1.1" 200 27
124.79.246.142 - - [07/Sep/2021:10:30:49 +0800] "GET /xingrg/javascript/easyui/plugins/jquery.droppable.js HTTP/1.1" 304 -
116.238.194.18 - - [07/Sep/2021:10:30:49 +0800] "POST /xingrg/kc/buy/cgsh_order_operate.html HTTP/1.1" 200 37
116.237.74.154 - - [07/Sep/2021:10:30:49 +0800] "GET /xingrg/kc/buy/cgsh_order_operate.html?command=get_materiel&rest_code=00106&code=00101008210&supplier_code=00100007&order_time=2021-09-07 HTTP/1.1" 200 408
124.79.246.142 - - [07/Sep/2021:10:30:49 +0800] "GET /xingrg/javascript/easyui/themes/default/tree.css HTTP/1.1" 404 1090
124.79.246.142 - - [07/Sep/2021:10:30:49 +0800] "GET /xingrg/javascript/easyui/plugins/jquery.tree.js HTTP/1.1" 304 -
124.79.246.142 - - [07/Sep/2021:10:30:50 +0800] "POST /xingrg/all/common/load_tree.html?tree=supplier_tree_json&isDelete=1 HTTP/1.1" 200 57687
101.85.52.72 - - [07/Sep/2021:10:30:50 +0800] "POST /xingrg/kc/buy/cgsh_list_operate.html HTTP/1.1" 200 876
222.70.179.190 - - [07/Sep/2021:10:30:50 +0800] "GET /xingrg/all/function/internal_message.html?_=1630981849962&CODE_STATE=getMsg HTTP/1.1" 200 27
116.238.194.18 - - [07/Sep/2021:10:30:51 +0800] "GET /xingrg/all/report/report_query.html?isQuery=1&fileName=kc/base/crk_detail_by_small.xml&rh=99999&queryString=&queryText=%25E3%2580%2590%25E4%25BB%2593%25E5%25BA%2593%25E5%2590%258D%25E7%25A7%25B0%253A%25E9%25A4%2590%25E9%25A5%25AE%25E5%258E%25A8%25E6%2588%25BF%25E9%2583%25A8%25E3%2580%2591%25E3%2580%2590%25E4%25B8%259A%25E5%258A%25A1%25E7%25B1%25BB%25E5%259E%258B%25EF%25BC%259A%25E9%2587%2587%25E8%25B4%25AD%25E5%2585%25A5%25E5%25BA%2593%25E3%2580%2591%2520%253F%253F%253F%253F%253F2021-08-01%253F%253F2021-09-30%2520%253F%253F%253F%253F%253F%253F%253F%253F%253F%253F%253F%253F%253F&tableQueryString=crk_table%2524sp1%2524order_day%2520between%252020210801%2520and%252020210930%2520and%2520(base_code%253D'0010610')%2520and%2520(src_order_type%2520in%2520(21))%2520and%2520(is_rk%2520in%2520(1)) HTTP/1.1" 200 53802
124.79.246.142 - - [07/Sep/2021:10:30:51 +0800] "GET /xingrg/javascript/easyui/themes/default/images/tree_folder_open.gif HTTP/1.1" 304 -
124.79.246.142 - - [07/Sep/2021:10:30:51 +0800] "GET /xingrg/javascript/easyui/themes/default/images/tree_folder.gif HTTP/1.1" 304 -
124.79.246.142 - - [07/Sep/2021:10:30:51 +0800] "GET /xingrg/javascript/easyui/themes/default/images/tree_file.gif HTTP/1.1" 304 -
116.238.194.18 - - [07/Sep/2021:10:30:52 +0800] "GET /xingrg/dwr/interface/AjaxReportQueryService.js HTTP/1.1" 200 13203
116.238.194.18 - - [07/Sep/2021:10:30:52 +0800] "GET /xingrg/dwr/engine.js HTTP/1.1" 200 43631
101.83.145.79 - - [07/Sep/2021:10:30:52 +0800] "GET /xingrg/all/function/internal_message.html?_=1630981854820&CODE_STATE=getMsg HTTP/1.1" 200 27
116.238.194.18 - - [07/Sep/2021:10:30:52 +0800] "POST /xingrg/all/report/load_report_page.html HTTP/1.1" 200 63042
116.238.194.18 - - [07/Sep/2021:10:30:52 +0800] "GET /xingrg/servlets/image?cache=0.13647700279181552&image=px HTTP/1.1" 200 807
58.40.7.146 - - [07/Sep/2021:10:30:53 +0800] "GET /xingrg/check_reg.html?_=1630981854657 HTTP/1.1" 302 -
58.40.7.146 - - [07/Sep/2021:10:30:53 +0800] "GET /xingrg/login.html HTTP/1.1" 200 7641
116.237.74.154 - - [07/Sep/2021:10:30:54 +0800] "GET /xingrg/login.html?r=1 HTTP/1.1" 200 7641
116.237.74.154 - - [07/Sep/2021:10:30:54 +0800] "GET /favicon.ico HTTP/1.1" 404 -
116.238.194.18 - - [07/Sep/2021:10:30:54 +0800] "POST /xingrg/kc/buy/cgsh_order_operate.html HTTP/1.1" 200 12
116.238.194.18 - - [07/Sep/2021:10:30:55 +0800] "POST /xingrg/all/report/load_report_page.html HTTP/1.1" 200 926391
116.237.74.154 - - [07/Sep/2021:10:30:55 +0800] "POST /xingrg/services/DataTransmitService HTTP/1.1" 200 524
116.238.194.18 - - [07/Sep/2021:10:30:55 +0800] "GET /xingrg/servlets/image?cache=0.35329731839762457&image=px HTTP/1.1" 200 807
101.85.93.96 - - [07/Sep/2021:10:30:56 +0800] "GET /xingrg/all/function/internal_message.html?_=1630981786510&CODE_STATE=getMsg HTTP/1.1" 200 27
116.237.74.154 - - [07/Sep/2021:10:30:56 +0800] "POST /xingrg/login.do HTTP/1.1" 302 -
116.237.74.154 - - [07/Sep/2021:10:30:56 +0800] "GET /xingrg/index.html?sysBaseUrl=http%3A%2F%2F180.169.147.146%3A18081%2Fxingrg%2F&costTime=97×tamp=1630981856568 HTTP/1.1" 200 17173
116.237.74.154 - - [07/Sep/2021:10:30:56 +0800] "GET /favicon.ico HTTP/1.1" 404 -
116.237.74.154 - - [07/Sep/2021:10:30:56 +0800] "POST /xingrg/all/common/load_tree.html?tree=area_rest_tree_json&manage=1 HTTP/1.1" 200 342
116.237.74.154 - - [07/Sep/2021:10:30:56 +0800] "GET /xingrg/all/function/internal_message.html?_=1630981859546&CODE_STATE=count HTTP/1.1" 200 11
116.237.74.154 - - [07/Sep/2021:10:30:56 +0800] "GET /xingrg/check_reg.html?_=1630981859548 HTTP/1.1" 200 22
116.237.74.154 - - [07/Sep/2021:10:30:56 +0800] "POST /xingrg/load_menu.html HTTP/1.1" 200 5138
116.237.74.154 - - [07/Sep/2021:10:30:57 +0800] "POST /xingrg/services/DataTransmitService HTTP/1.1" 200 501
116.238.194.18 - - [07/Sep/2021:10:30:57 +0800] "GET /xingrg/kc/buy/cgsh_order_info.html?code=212021090702757 HTTP/1.1" 200 58279
116.238.194.18 - - [07/Sep/2021:10:30:57 +0800] "GET /xingrg/javascript/easyui/themes/default/validatebox.css HTTP/1.1" 404 1104
116.238.194.18 - - [07/Sep/2021:10:30:58 +0800] "GET /xingrg/all/function/internal_message.html?_=1630981836320&CODE_STATE=getMsg HTTP/1.1" 200 27
116.238.194.18 - - [07/Sep/2021:10:30:58 +0800] "POST /xingrg/kc/buy/cgsh_order_operate.html HTTP/1.1" 200 1804
116.237.74.154 - - [07/Sep/2021:10:30:58 +0800] "GET /xingrg/kc/buy/buy_main.html HTTP/1.1" 200 12412
116.237.74.154 - - [07/Sep/2021:10:30:58 +0800] "GET /xingrg/css/new_ie.css HTTP/1.1" 404 1036
116.237.74.154 - - [07/Sep/2021:10:30:59 +0800] "GET /xingrg/images/yd/bt.gif HTTP/1.1" 404 1040
116.237.74.154 - - [07/Sep/2021:10:31:00 +0800] "GET /xingrg/kc/buy/cgsh_order_list.html HTTP/1.1" 200 47688
101.83.145.79 - - [07/Sep/2021:10:31:00 +0800] "GET /xingrg/kc/buy/cgsh_order_operate.html?command=get_materiel&rest_code=00105&code=00101001135&supplier_code=00100313&order_time=2021-09-07 HTTP/1.1" 200 415
116.237.74.154 - - [07/Sep/2021:10:31:01 +0800] "GET /xingrg/kc/buy/cgsh_order_operate.html?command=get_materiel&rest_code=00106&code=00101008199&supplier_code=00100007&order_time=2021-09-07 HTTP/1.1" 200 408
180.169.147.146 - - [07/Sep/2021:10:31:02 +0800] "GET /xingrg/all/function/internal_message.html?_=1630981854600&CODE_STATE=getMsg HTTP/1.1" 200 27
116.237.74.154 - - [07/Sep/2021:10:31:02 +0800] "POST /xingrg/kc/buy/cgsh_list_operate.html HTTP/1.1" 200 1699
116.238.194.18 - - [07/Sep/2021:10:31:03 +0800] "GET /xingrg/kc/print/load_data.html?order_code=212021090702757&kc_code=cgsh&condition= HTTP/1.1" 200 1200
172.20.0.100 - - [07/Sep/2021:10:31:03 +0800] "GET /xingrg/check_reg.html?_=1630981864607 HTTP/1.1" 200 22
116.237.74.154 - - [07/Sep/2021:10:31:05 +0800] "GET /xingrg/kc/buy/cgsh_order_add.html HTTP/1.1" 200 63426
116.237.74.154 - - [07/Sep/2021:10:31:05 +0800] "GET /xingrg/words/20210906122753_words.js HTTP/1.1" 304 -
116.237.74.154 - - [07/Sep/2021:10:31:05 +0800] "POST /xingrg/kc/buy/cgsh_order_operate.html HTTP/1.1" 200 8245
116.237.74.154 - - [07/Sep/2021:10:31:05 +0800] "GET /xingrg/all/common/auto_word.html?type=employee&rest_code=00106 HTTP/1.1" 200 205
116.237.74.154 - - [07/Sep/2021:10:31:05 +0800] "GET /xingrg/javascript/easyui/themes/default/validatebox.css HTTP/1.1" 404 1104
116.237.74.154 - - [07/Sep/2021:10:31:05 +0800] "GET /xingrg/all/common/auto_word.html?type=employee&rest_code=00106 HTTP/1.1" 200 205
172.20.0.100 - - [07/Sep/2021:10:31:06 +0800] "GET /xingrg/all/function/internal_message.html?_=1630981867583&CODE_STATE=getMsg HTTP/1.1" 200 27
116.237.74.154 - - [07/Sep/2021:10:31:07 +0800] "GET /xingrg/javascript/easyui/themes/default/tree.css HTTP/1.1" 404 1090
116.237.74.154 - - [07/Sep/2021:10:31:07 +0800] "POST /xingrg/all/common/load_tree.html?tree=supplier_tree_json&isDelete=1 HTTP/1.1" 200 57687
58.40.7.146 - - [07/Sep/2021:10:31:07 +0800] "GET /xingrg/check_reg.html?_=1630981868669 HTTP/1.1" 302 -
116.238.194.18 - - [07/Sep/2021:10:31:09 +0800] "GET /xingrg/all/function/internal_message.html?_=1630981870039&CODE_STATE=getMsg HTTP/1.1" 200 27
180.169.147.146 - - [07/Sep/2021:10:31:10 +0800] "GET /xingrg/all/function/internal_message.html?_=1630981873267&CODE_STATE=getMsg HTTP/1.1" 200 27
180.169.147.146 - - [07/Sep/2021:10:31:12 +0800] "GET /xingrg/all/function/internal_message.html?_=1630981874352&CODE_STATE=getMsg HTTP/1.1" 200 27
116.237.74.154 - - [07/Sep/2021:10:31:18 +0800] "GET /xingrg/kc/buy/cgsh_order_operate.html?command=get_materiel&rest_code=00106&code=00101008087&supplier_code=00100007&order_time=2021-09-07 HTTP/1.1" 200 412
116.230.105.26 - - [07/Sep/2021:10:31:18 +0800] "GET /xingrg/all/function/internal_message.html?_=1630981822847&CODE_STATE=getMsg HTTP/1.1" 200 27
61.151.179.84 - - [07/Sep/2021:10:31:21 +0800] "GET /xingrg/all/function/internal_message.html?_=1630981819830&CODE_STATE=getMsg HTTP/1.1" 302 -
116.237.74.154 - - [07/Sep/2021:10:31:21 +0800] "GET /xingrg/all/function/internal_message.html?_=1630981879803&CODE_STATE=getMsg HTTP/1.1" 200 27
61.151.179.84 - - [07/Sep/2021:10:31:21 +0800] "GET /xingrg/login.html HTTP/1.1" 200 7641
101.85.52.72 - - [07/Sep/2021:10:31:23 +0800] "GET /xingrg/kc/buy/cgsh_order_add.html HTTP/1.1" 200 62665
101.85.52.72 - - [07/Sep/2021:10:31:23 +0800] "GET /xingrg/words/20210906122753_words.js HTTP/1.1" 304 -
101.85.52.72 - - [07/Sep/2021:10:31:24 +0800] "POST /xingrg/kc/buy/cgsh_order_operate.html HTTP/1.1" 200 8245
101.85.52.72 - - [07/Sep/2021:10:31:24 +0800] "GET /xingrg/all/common/auto_word.html?type=employee&rest_code=00145 HTTP/1.1" 200 155
101.85.52.72 - - [07/Sep/2021:10:31:24 +0800] "GET /xingrg/javascript/easyui/themes/default/validatebox.css HTTP/1.1" 404 1104
101.85.52.72 - - [07/Sep/2021:10:31:24 +0800] "GET /xingrg/all/common/auto_word.html?type=employee&rest_code=00145 HTTP/1.1" 200 155
124.79.246.142 - - [07/Sep/2021:10:31:24 +0800] "GET /xingrg/all/function/internal_message.html?_=1630982342276&CODE_STATE=getMsg HTTP/1.1" 200 27
116.237.74.154 - - [07/Sep/2021:10:31:24 +0800] "GET /xingrg/javascript/auto/indicator.gif HTTP/1.1" 404 1066
116.237.74.154 - - [07/Sep/2021:10:31:27 +0800] "POST /xingrg/kc/buy/cgsh_order_operate.html HTTP/1.1" 200 2065
222.70.246.151 - - [07/Sep/2021:10:31:28 +0800] "GET /xingrg/all/function/internal_message.html?_=1630981894812&CODE_STATE=getMsg HTTP/1.1" 200 27
101.85.52.72 - - [07/Sep/2021:10:31:29 +0800] "GET /xingrg/javascript/auto/indicator.gif HTTP/1.1" 404 1066
101.85.52.72 - - [07/Sep/2021:10:31:29 +0800] "GET /xingrg/javascript/jquery_tools/images/prev.gif HTTP/1.1" 404 1086
101.85.52.72 - - [07/Sep/2021:10:31:29 +0800] "GET /xingrg/javascript/jquery_tools/images/next.gif HTTP/1.1" 404 1086
116.237.74.154 - - [07/Sep/2021:10:31:31 +0800] "GET /xingrg/kc/buy/cgsh_order_operate.html?command=get_materiel&rest_code=00106&code=00101001140&supplier_code=00100090&order_time=2021-09-07 HTTP/1.1" 200 414
116.233.79.201 - - [07/Sep/2021:10:31:32 +0800] "GET /xingrg/all/function/internal_message.html?_=1630981897999&CODE_STATE=getMsg HTTP/1.1" 200 27
116.238.194.18 - - [07/Sep/2021:10:31:32 +0800] "GET /xingrg/kc/buy/cgsh_order_add.html HTTP/1.1" 200 63362
116.238.194.18 - - [07/Sep/2021:10:31:33 +0800] "POST /xingrg/kc/buy/cgsh_order_operate.html HTTP/1.1" 200 8245
116.238.194.18 - - [07/Sep/2021:10:31:33 +0800] "GET /xingrg/javascript/easyui/themes/default/validatebox.css HTTP/1.1" 404 1104
101.83.145.79 - - [07/Sep/2021:10:31:35 +0800] "GET /xingrg/kc/buy/cgsh_order_operate.html?command=get_materiel&rest_code=00105&code=00101001033&supplier_code=00100313&order_time=2021-09-07 HTTP/1.1" 200 417
116.237.74.154 - - [07/Sep/2021:10:31:37 +0800] "GET /xingrg/kc/buy/cgsh_order_operate.html?command=get_materiel&rest_code=00106&code=00101008331&supplier_code=00100007&order_time=2021-09-07 HTTP/1.1" 200 416
101.85.52.72 - - [07/Sep/2021:10:31:38 +0800] "GET /xingrg/kc/buy/cgsh_order_operate.html?command=get_materiel&rest_code=00145&code=00101010301&supplier_code=00100152&order_time=2021-09-07 HTTP/1.1" 200 438
116.238.168.124 - - [07/Sep/2021:10:31:38 +0800] "GET /xingrg/all/function/internal_message.html?_=1630981879859&CODE_STATE=getMsg HTTP/1.1" 200 27
120.253.135.82 - - [07/Sep/2021:10:31:41 +0800] "GET /xingrg/all/function/internal_message.html?_=1630981676099&CODE_STATE=getMsg HTTP/1.1" 200 27
116.238.194.18 - - [07/Sep/2021:10:31:44 +0800] "GET /xingrg/kc/buy/cgsh_order_operate.html?command=get_materiel&rest_code=00150&code=00101003041&supplier_code=00100088&order_time=2021-09-07 HTTP/1.1" 200 416
124.79.246.142 - - [07/Sep/2021:10:31:44 +0800] "GET /xingrg/kc/buy/cgsh_order_operate.html?command=get_materiel&rest_code=00104&code=00101001039&supplier_code=00100325&order_time=2021-09-07 HTTP/1.1" 200 424
116.237.74.154 - - [07/Sep/2021:10:31:47 +0800] "GET /xingrg/kc/buy/cgsh_order_operate.html?command=get_materiel&rest_code=00106&code=00101008175&supplier_code=00100007&order_time=2021-09-07 HTTP/1.1" 200 412
101.83.145.79 - - [07/Sep/2021:10:31:47 +0800] "GET /xingrg/kc/buy/cgsh_order_operate.html?command=get_materiel&rest_code=00105&code=00101001096&supplier_code=00100313&order_time=2021-09-07 HTTP/1.1" 200 413
116.233.79.201 - - [07/Sep/2021:10:31:48 +0800] "GET /xingrg/all/function/internal_message.html?_=1630981909622&CODE_STATE=getMsg HTTP/1.1" 200 27
101.85.52.72 - - [07/Sep/2021:10:31:49 +0800] "GET /xingrg/all/function/internal_message.html?_=1630981908919&CODE_STATE=getMsg HTTP/1.1" 200 27
183.192.95.241 - - [07/Sep/2021:10:31:49 +0800] "GET /xingrg/all/function/internal_message.html?_=1630981912115&CODE_STATE=getMsg HTTP/1.1" 200 27
222.70.179.190 - - [07/Sep/2021:10:31:50 +0800] "GET /xingrg/all/function/internal_message.html?_=1630981909946&CODE_STATE=getMsg HTTP/1.1" 200 27
