116.238.194.18 - - [07/Sep/2021:09:27:19 +0800] "GET /xingrg/javascript/jquery_easy_ui/jquery.easyui.min.js HTTP/1.1" 304 -
116.238.194.18 - - [07/Sep/2021:09:27:19 +0800] "GET /xingrg/javascript/jquery_easy_ui/easyui-lang-zh_CN.js HTTP/1.1" 304 -
116.238.194.18 - - [07/Sep/2021:09:27:19 +0800] "GET /xingrg/javascript/jquery.form.js HTTP/1.1" 304 -
116.238.194.18 - - [07/Sep/2021:09:27:19 +0800] "GET /xingrg/javascript/jquery.utils.js HTTP/1.1" 304 -
116.238.194.18 - - [07/Sep/2021:09:27:19 +0800] "GET /xingrg/javascript/jquery.timers.js HTTP/1.1" 304 -
116.238.194.18 - - [07/Sep/2021:09:27:19 +0800] "GET /xingrg/images/blue/jxLogo.png HTTP/1.1" 304 -
116.238.194.18 - - [07/Sep/2021:09:27:19 +0800] "GET /xingrg/javascript/jquery_easy_ui/themes/icons/settle_new.png HTTP/1.1" 304 -
116.238.194.18 - - [07/Sep/2021:09:27:19 +0800] "GET /xingrg/images/blue/navBackgound.jpg HTTP/1.1" 304 -
116.238.194.18 - - [07/Sep/2021:09:27:19 +0800] "POST /xingrg/all/common/load_tree.html?tree=area_rest_tree_json&manage=1 HTTP/1.1" 200 476
116.238.194.18 - - [07/Sep/2021:09:27:19 +0800] "GET /xingrg/all/function/internal_message.html?_=1630978040237&CODE_STATE=count HTTP/1.1" 200 11
116.238.194.18 - - [07/Sep/2021:09:27:19 +0800] "GET /xingrg/check_reg.html?_=1630978040239 HTTP/1.1" 200 22
116.238.194.18 - - [07/Sep/2021:09:27:19 +0800] "GET /xingrg/javascript/jquery_easy_ui/themes/default/images/tabs_leftarrow.png HTTP/1.1" 304 -
116.238.194.18 - - [07/Sep/2021:09:27:19 +0800] "GET /xingrg/javascript/jquery_easy_ui/themes/default/images/panel_tool_collapse.gif HTTP/1.1" 304 -
116.238.194.18 - - [07/Sep/2021:09:27:19 +0800] "GET /xingrg/javascript/jquery_easy_ui/themes/default/images/tabs_rightarrow.png HTTP/1.1" 304 -
116.238.194.18 - - [07/Sep/2021:09:27:19 +0800] "GET /xingrg/images/blue/pingpu.png HTTP/1.1" 304 -
116.238.194.18 - - [07/Sep/2021:09:27:19 +0800] "POST /xingrg/load_menu.html HTTP/1.1" 200 5138
116.230.105.26 - - [07/Sep/2021:09:27:21 +0800] "GET /xingrg/kc/buy/cgsh_order_operate.html?command=get_materiel&rest_code=00155&code=00101008356&supplier_code=00100005&order_time=2021-09-07 HTTP/1.1" 200 408
116.238.194.18 - - [07/Sep/2021:09:27:21 +0800] "GET /xingrg/kc/buy/cgsh_order_list.html HTTP/1.1" 200 47692
222.70.246.151 - - [07/Sep/2021:09:27:22 +0800] "GET /xingrg/check_reg.html?_=1630978048944 HTTP/1.1" 200 22
116.230.105.26 - - [07/Sep/2021:09:27:22 +0800] "POST /xingrg/kc/buy/cgsh_order_operate.html HTTP/1.1" 200 2065
116.238.194.18 - - [07/Sep/2021:09:27:23 +0800] "POST /xingrg/kc/buy/cgsh_list_operate.html HTTP/1.1" 200 2086
116.233.79.201 - - [07/Sep/2021:09:27:23 +0800] "POST /xingrg/kc/buy/cgsh_order_operate.html HTTP/1.1" 200 4433
116.238.194.18 - - [07/Sep/2021:09:27:23 +0800] "GET /xingrg/kc/buy/cgsh_order_add.html HTTP/1.1" 200 63068
116.238.194.18 - - [07/Sep/2021:09:27:24 +0800] "POST /xingrg/kc/buy/cgsh_order_operate.html HTTP/1.1" 200 8245
222.70.246.151 - - [07/Sep/2021:09:27:24 +0800] "GET /xingrg/all/function/internal_message.html?_=1630978050726&CODE_STATE=getMsg HTTP/1.1" 200 27
116.238.194.18 - - [07/Sep/2021:09:27:24 +0800] "GET /xingrg/javascript/easyui/themes/default/validatebox.css HTTP/1.1" 404 1104
116.238.194.18 - - [07/Sep/2021:09:27:24 +0800] "GET /xingrg/javascript/auto/indicator.gif HTTP/1.1" 404 1066
116.233.79.201 - - [07/Sep/2021:09:27:25 +0800] "GET /xingrg/all/function/internal_message.html?_=1630978046132&CODE_STATE=getMsg HTTP/1.1" 200 27
222.70.246.151 - - [07/Sep/2021:09:27:25 +0800] "GET /xingrg/kc/buy/cgsh_order_operate.html?command=get_materiel&rest_code=00146&code=00101008323&supplier_code=00100005&order_time=2021-09-07 HTTP/1.1" 200 408
101.83.145.79 - - [07/Sep/2021:09:27:29 +0800] "GET /xingrg/all/function/internal_message.html?_=1630978051673&CODE_STATE=getMsg HTTP/1.1" 200 27
116.238.194.18 - - [07/Sep/2021:09:27:31 +0800] "GET /xingrg/kc/buy/cgsh_order_operate.html?command=get_materiel&rest_code=00151&code=00101011005&supplier_code=00100047&order_time=2021-09-07 HTTP/1.1" 200 408
222.70.246.151 - - [07/Sep/2021:09:27:34 +0800] "GET /xingrg/kc/buy/cgsh_order_operate.html?command=get_materiel&rest_code=00146&code=00101013165&supplier_code=00100005&order_time=2021-09-07 HTTP/1.1" 200 409
222.70.246.151 - - [07/Sep/2021:09:27:37 +0800] "POST /xingrg/kc/buy/cgsh_order_operate.html HTTP/1.1" 200 2065
116.238.194.18 - - [07/Sep/2021:09:27:38 +0800] "GET /xingrg/kc/buy/cgsh_order_operate.html?command=get_materiel&rest_code=00151&code=00101011001&supplier_code=00100047&order_time=2021-09-07 HTTP/1.1" 200 423
116.230.105.26 - - [07/Sep/2021:09:27:39 +0800] "GET /xingrg/all/function/internal_message.html?_=1630978003854&CODE_STATE=getMsg HTTP/1.1" 200 27
116.238.194.18 - - [07/Sep/2021:09:27:44 +0800] "POST /xingrg/kc/buy/cgsh_order_operate.html HTTP/1.1" 200 37
116.238.194.18 - - [07/Sep/2021:09:27:47 +0800] "POST /xingrg/kc/buy/cgsh_order_operate.html HTTP/1.1" 200 12
116.238.194.18 - - [07/Sep/2021:09:27:48 +0800] "GET /xingrg/kc/buy/cgsh_order_info.html?code=212021090702701 HTTP/1.1" 200 57977
116.238.194.18 - - [07/Sep/2021:09:27:49 +0800] "GET /xingrg/javascript/easyui/themes/default/validatebox.css HTTP/1.1" 404 1104
116.238.194.18 - - [07/Sep/2021:09:27:50 +0800] "POST /xingrg/kc/buy/cgsh_order_operate.html HTTP/1.1" 200 1222
222.70.179.190 - - [07/Sep/2021:09:27:51 +0800] "GET /xingrg/all/function/internal_message.html?_=1630978070990&CODE_STATE=getMsg HTTP/1.1" 200 27
116.238.194.18 - - [07/Sep/2021:09:27:51 +0800] "GET /xingrg/kc/print/load_data.html?order_code=212021090702701&kc_code=cgsh&condition= HTTP/1.1" 200 1002
222.70.246.151 - - [07/Sep/2021:09:27:54 +0800] "GET /xingrg/kc/buy/cgsh_order_operate.html?command=get_materiel&rest_code=00146&code=00101013114&supplier_code=00100005&order_time=2021-09-07 HTTP/1.1" 200 409
116.238.194.18 - - [07/Sep/2021:09:27:58 +0800] "POST /xingrg/all/user/operate.html HTTP/1.1" 200 36
116.238.194.18 - - [07/Sep/2021:09:27:58 +0800] "GET /xingrg/javascript/jquery_easy_ui/themes/default/easyui.css HTTP/1.1" 304 -
116.238.194.18 - - [07/Sep/2021:09:27:58 +0800] "GET /xingrg/javascript/jquery_easy_ui/themes/icon.css HTTP/1.1" 304 -
116.238.194.18 - - [07/Sep/2021:09:27:58 +0800] "GET /xingrg/css/form.css HTTP/1.1" 304 -
116.238.194.18 - - [07/Sep/2021:09:27:58 +0800] "GET /xingrg/javascript/jquery-1.4.2.min.js HTTP/1.1" 304 -
116.238.194.18 - - [07/Sep/2021:09:27:58 +0800] "GET /xingrg/javascript/jquery_easy_ui/jquery.easyui.min.js HTTP/1.1" 304 -
116.238.194.18 - - [07/Sep/2021:09:27:58 +0800] "GET /xingrg/javascript/jquery_easy_ui/easyui-lang-zh_CN.js HTTP/1.1" 304 -
116.238.194.18 - - [07/Sep/2021:09:27:58 +0800] "GET /xingrg/javascript/jquery.form.js HTTP/1.1" 304 -
116.238.194.18 - - [07/Sep/2021:09:27:58 +0800] "GET /xingrg/javascript/jquery.utils.js HTTP/1.1" 304 -
116.238.194.18 - - [07/Sep/2021:09:27:58 +0800] "GET /xingrg/javascript/jquery.timers.js HTTP/1.1" 304 -
116.238.194.18 - - [07/Sep/2021:09:27:58 +0800] "GET /xingrg/index.html?sysBaseUrl=http%3A%2F%2F180.169.147.146%3A18081%2Fxingrg%2F&costTime=49×tamp=1630977363825 HTTP/1.1" 200 17179
116.238.194.18 - - [07/Sep/2021:09:27:58 +0800] "GET /xingrg/images/blue/jxLogo.png HTTP/1.1" 304 -
116.238.194.18 - - [07/Sep/2021:09:27:58 +0800] "GET /xingrg/images/blue/navBackgound.jpg HTTP/1.1" 304 -
116.238.194.18 - - [07/Sep/2021:09:27:58 +0800] "GET /xingrg/javascript/jquery_easy_ui/themes/icons/settle_new.png HTTP/1.1" 304 -
180.169.147.146 - - [07/Sep/2021:09:27:58 +0800] "GET /xingrg/all/function/internal_message.html?_=1630978081679&CODE_STATE=getMsg HTTP/1.1" 302 -
116.238.194.18 - - [07/Sep/2021:09:27:58 +0800] "POST /xingrg/all/common/load_tree.html?tree=area_rest_tree_json&manage=1 HTTP/1.1" 200 476
116.238.194.18 - - [07/Sep/2021:09:27:58 +0800] "GET /xingrg/images/blue/pingpu.png HTTP/1.1" 304 -
116.238.194.18 - - [07/Sep/2021:09:27:58 +0800] "GET /xingrg/all/function/internal_message.html?_=1630978079716&CODE_STATE=count HTTP/1.1" 200 11
116.238.194.18 - - [07/Sep/2021:09:27:58 +0800] "GET /xingrg/check_reg.html?_=1630978079717 HTTP/1.1" 200 22
116.238.194.18 - - [07/Sep/2021:09:27:58 +0800] "GET /xingrg/javascript/jquery_easy_ui/themes/default/images/tabs_rightarrow.png HTTP/1.1" 304 -
116.238.194.18 - - [07/Sep/2021:09:27:58 +0800] "GET /xingrg/javascript/jquery_easy_ui/themes/default/images/panel_tool_collapse.gif HTTP/1.1" 304 -
116.238.194.18 - - [07/Sep/2021:09:27:58 +0800] "GET /xingrg/javascript/jquery_easy_ui/themes/default/images/tabs_leftarrow.png HTTP/1.1" 304 -
116.238.194.18 - - [07/Sep/2021:09:27:59 +0800] "POST /xingrg/load_menu.html HTTP/1.1" 200 5138
116.237.74.154 - - [07/Sep/2021:09:28:00 +0800] "GET /xingrg/all/function/internal_message.html?_=1630978078448&CODE_STATE=getMsg HTTP/1.1" 200 27
116.238.194.18 - - [07/Sep/2021:09:28:01 +0800] "GET /xingrg/kc/base/wldb_order_list.html HTTP/1.1" 200 19230
116.238.194.18 - - [07/Sep/2021:09:28:01 +0800] "POST /xingrg/kc/base/wldb_list_operate.html HTTP/1.1" 200 928
116.233.79.201 - - [07/Sep/2021:09:28:03 +0800] "POST /xingrg/kc/buy/cgsh_order_operate.html HTTP/1.1" 200 37
116.238.194.18 - - [07/Sep/2021:09:28:03 +0800] "GET /xingrg/all/function/internal_message.html?_=1630978062057&CODE_STATE=getMsg HTTP/1.1" 200 27
172.20.0.100 - - [07/Sep/2021:09:28:04 +0800] "GET /xingrg/all/function/internal_message.html?_=1630978085469&CODE_STATE=getMsg HTTP/1.1" 200 27
116.233.79.201 - - [07/Sep/2021:09:28:05 +0800] "POST /xingrg/kc/buy/cgsh_order_operate.html HTTP/1.1" 200 4433
222.70.246.151 - - [07/Sep/2021:09:28:05 +0800] "GET /xingrg/kc/buy/cgsh_order_operate.html?command=get_materiel&rest_code=00146&code=00101008186&supplier_code=00100005&order_time=2021-09-07 HTTP/1.1" 200 408
116.233.79.201 - - [07/Sep/2021:09:28:06 +0800] "GET /xingrg/kc/print/load_config.html?kc_code=cgsh HTTP/1.1" 200 2076
116.233.79.201 - - [07/Sep/2021:09:28:06 +0800] "GET /xingrg/kc/print/load_data.html?order_code=212021090702699&kc_code=cgsh&condition= HTTP/1.1" 200 1324
180.169.147.146 - - [07/Sep/2021:09:28:09 +0800] "GET /xingrg/all/function/internal_message.html?_=1630978092555&CODE_STATE=getMsg HTTP/1.1" 302 -
222.70.246.151 - - [07/Sep/2021:09:28:14 +0800] "GET /xingrg/kc/buy/cgsh_order_operate.html?command=get_materiel&rest_code=00146&code=00101008313&supplier_code=00100005&order_time=2021-09-07 HTTP/1.1" 200 412
101.93.222.235 - - [07/Sep/2021:09:28:21 +0800] "POST /xingrg/services/DataTransmitService HTTP/1.1" 200 524
101.93.222.235 - - [07/Sep/2021:09:28:21 +0800] "POST /xingrg/services/DataTransmitService HTTP/1.1" 200 2071
101.93.222.235 - - [07/Sep/2021:09:28:22 +0800] "POST /xingrg/services/DataTransmitService HTTP/1.1" 200 12091
222.70.246.151 - - [07/Sep/2021:09:28:24 +0800] "GET /xingrg/all/function/internal_message.html?_=1630978110740&CODE_STATE=getMsg HTTP/1.1" 200 27
101.93.222.235 - - [07/Sep/2021:09:28:24 +0800] "POST /xingrg/services/DataTransmitService HTTP/1.1" 200 2487
116.233.79.201 - - [07/Sep/2021:09:28:25 +0800] "GET /xingrg/all/function/internal_message.html?_=1630978106139&CODE_STATE=getMsg HTTP/1.1" 200 27
222.70.246.151 - - [07/Sep/2021:09:28:25 +0800] "GET /xingrg/kc/buy/cgsh_order_operate.html?command=get_materiel&rest_code=00146&code=00101008312&supplier_code=00100005&order_time=2021-09-07 HTTP/1.1" 200 412
101.93.222.235 - - [07/Sep/2021:09:28:25 +0800] "POST /xingrg/services/DataTransmitService HTTP/1.1" 200 1431
101.93.222.235 - - [07/Sep/2021:09:28:25 +0800] "POST /xingrg/services/DataTransmitService HTTP/1.1" 200 153216
222.70.246.151 - - [07/Sep/2021:09:28:27 +0800] "POST /xingrg/kc/buy/cgsh_order_operate.html HTTP/1.1" 200 2065
116.238.194.18 - - [07/Sep/2021:09:28:29 +0800] "GET /xingrg/kc/base/yddb_order_list.html HTTP/1.1" 200 16836
116.238.194.18 - - [07/Sep/2021:09:28:29 +0800] "POST /xingrg/kc/base/yddb_list_operate.html HTTP/1.1" 200 636
101.83.145.79 - - [07/Sep/2021:09:28:29 +0800] "GET /xingrg/all/function/internal_message.html?_=1630978111674&CODE_STATE=getMsg HTTP/1.1" 200 27
116.238.194.18 - - [07/Sep/2021:09:28:32 +0800] "POST /xingrg/kc/base/yddb_list_operate.html HTTP/1.1" 200 1592
116.230.105.26 - - [07/Sep/2021:09:28:39 +0800] "GET /xingrg/all/function/internal_message.html?_=1630978063847&CODE_STATE=getMsg HTTP/1.1" 200 27
101.93.222.235 - - [07/Sep/2021:09:28:42 +0800] "GET /favicon.ico HTTP/1.1" 404 -
116.238.194.18 - - [07/Sep/2021:09:28:42 +0800] "POST /xingrg/kc/base/yddb_list_operate.html HTTP/1.1" 200 205
222.70.246.151 - - [07/Sep/2021:09:28:43 +0800] "GET /xingrg/kc/buy/cgsh_order_operate.html?command=get_materiel&rest_code=00146&code=00101008176&supplier_code=00100005&order_time=2021-09-07 HTTP/1.1" 200 412
116.238.194.18 - - [07/Sep/2021:09:28:43 +0800] "GET /xingrg/kc/base/yddb_order_info.html?code=482021090500073 HTTP/1.1" 200 29468
116.238.194.18 - - [07/Sep/2021:09:28:43 +0800] "GET /xingrg/dwr/interface/AjaxComOrderService.js HTTP/1.1" 200 18264
116.238.194.18 - - [07/Sep/2021:09:28:43 +0800] "GET /xingrg/dwr/interface/AjaxYddbService.js HTTP/1.1" 200 13201
116.238.194.18 - - [07/Sep/2021:09:28:43 +0800] "GET /xingrg/dwr/util.js HTTP/1.1" 200 35990
116.238.194.18 - - [07/Sep/2021:09:28:43 +0800] "GET /xingrg/dwr/engine.js HTTP/1.1" 200 43631
116.238.194.18 - - [07/Sep/2021:09:28:44 +0800] "POST /xingrg/dwr/call/plaincall/AjaxYddbService.loadMaterielItems.dwr HTTP/1.1" 200 405
116.230.105.26 - - [07/Sep/2021:09:28:46 +0800] "POST /xingrg/kc/buy/cgsh_order_operate.html HTTP/1.1" 200 37
116.230.105.26 - - [07/Sep/2021:09:28:47 +0800] "POST /xingrg/kc/buy/cgsh_order_operate.html HTTP/1.1" 200 27530
116.230.105.26 - - [07/Sep/2021:09:28:48 +0800] "GET /xingrg/kc/print/load_config.html?kc_code=cgsh HTTP/1.1" 200 2076
116.230.105.26 - - [07/Sep/2021:09:28:48 +0800] "GET /xingrg/kc/print/load_data.html?order_code=212021090702692&kc_code=cgsh HTTP/1.1" 200 10152
222.70.179.190 - - [07/Sep/2021:09:28:51 +0800] "GET /xingrg/all/function/internal_message.html?_=1630978130975&CODE_STATE=getMsg HTTP/1.1" 200 27
116.238.194.18 - - [07/Sep/2021:09:28:54 +0800] "POST /xingrg/kc/base/yddb_list_operate.html HTTP/1.1" 200 1348
116.238.194.18 - - [07/Sep/2021:09:28:56 +0800] "POST /xingrg/kc/base/yddb_list_operate.html HTTP/1.1" 200 404
222.70.246.151 - - [07/Sep/2021:09:28:57 +0800] "GET /xingrg/kc/buy/cgsh_order_operate.html?command=get_materiel&rest_code=00146&code=00101008450&supplier_code=00100005&order_time=2021-09-07 HTTP/1.1" 200 391
116.238.194.18 - - [07/Sep/2021:09:28:58 +0800] "GET /xingrg/kc/base/yddb_order_info.html?code=482021090600091 HTTP/1.1" 200 31402
116.238.194.18 - - [07/Sep/2021:09:28:58 +0800] "GET /xingrg/dwr/interface/AjaxComOrderService.js HTTP/1.1" 200 18264
116.238.194.18 - - [07/Sep/2021:09:28:58 +0800] "GET /xingrg/dwr/interface/AjaxYddbService.js HTTP/1.1" 200 13201
116.238.194.18 - - [07/Sep/2021:09:28:58 +0800] "GET /xingrg/dwr/engine.js HTTP/1.1" 200 43631
116.238.194.18 - - [07/Sep/2021:09:28:58 +0800] "POST /xingrg/dwr/call/plaincall/AjaxYddbService.loadMaterielItems.dwr HTTP/1.1" 200 1133
180.169.147.146 - - [07/Sep/2021:09:28:58 +0800] "GET /xingrg/all/function/internal_message.html?_=1630978141678&CODE_STATE=getMsg HTTP/1.1" 302 -
116.238.194.18 - - [07/Sep/2021:09:28:58 +0800] "GET /xingrg/all/function/internal_message.html?_=1630978139729&CODE_STATE=getMsg HTTP/1.1" 200 27
116.237.74.154 - - [07/Sep/2021:09:29:00 +0800] "GET /xingrg/all/function/internal_message.html?_=1630978138462&CODE_STATE=getMsg HTTP/1.1" 200 27
116.237.74.154 - - [07/Sep/2021:09:29:00 +0800] "GET /xingrg/check_reg.html?_=1630978138464 HTTP/1.1" 200 22
116.238.194.18 - - [07/Sep/2021:09:29:03 +0800] "GET /xingrg/all/function/internal_message.html?_=1630978122061&CODE_STATE=getMsg HTTP/1.1" 200 27
172.20.0.100 - - [07/Sep/2021:09:29:04 +0800] "GET /xingrg/all/function/internal_message.html?_=1630978145447&CODE_STATE=getMsg HTTP/1.1" 200 27
222.70.246.151 - - [07/Sep/2021:09:29:06 +0800] "GET /xingrg/kc/buy/cgsh_order_operate.html?command=get_materiel&rest_code=00146&code=00101008114&supplier_code=00100005&order_time=2021-09-07 HTTP/1.1" 200 412
116.238.194.18 - - [07/Sep/2021:09:29:07 +0800] "POST /xingrg/dwr/call/plaincall/AjaxYddbService.saveOrder.dwr HTTP/1.1" 200 78
180.169.147.146 - - [07/Sep/2021:09:29:09 +0800] "GET /xingrg/all/function/internal_message.html?_=1630978152564&CODE_STATE=getMsg HTTP/1.1" 302 -
116.238.194.18 - - [07/Sep/2021:09:29:11 +0800] "POST /xingrg/dwr/call/plaincall/AjaxYddbService.objCheckOrder.dwr HTTP/1.1" 200 78
116.238.194.18 - - [07/Sep/2021:09:29:12 +0800] "GET /xingrg/kc/base/yddb_order_info.html?code=482021090600091 HTTP/1.1" 200 31523
116.238.194.18 - - [07/Sep/2021:09:29:12 +0800] "GET /xingrg/dwr/interface/AjaxComOrderService.js HTTP/1.1" 200 18264
116.238.194.18 - - [07/Sep/2021:09:29:12 +0800] "GET /xingrg/dwr/interface/AjaxYddbService.js HTTP/1.1" 200 13201
116.238.194.18 - - [07/Sep/2021:09:29:12 +0800] "GET /xingrg/dwr/engine.js HTTP/1.1" 200 43631
116.238.194.18 - - [07/Sep/2021:09:29:12 +0800] "POST /xingrg/dwr/call/plaincall/AjaxYddbService.loadMaterielItems.dwr HTTP/1.1" 200 1133
116.230.105.26 - - [07/Sep/2021:09:29:13 +0800] "GET /xingrg/login.html HTTP/1.1" 200 7641
116.230.105.26 - - [07/Sep/2021:09:29:14 +0800] "GET /favicon.ico HTTP/1.1" 404 -
116.238.194.18 - - [07/Sep/2021:09:29:17 +0800] "GET /xingrg/kc/base/yddb_order_report.html?fileType=servlets/html&code=482021090600091&reportName=ck_order_report&subName=yddb HTTP/1.1" 302 -
116.238.194.18 - - [07/Sep/2021:09:29:17 +0800] "GET /xingrg/servlets/html?sysBaseUrl=http%3A%2F%2F180.169.147.146%3A18081%2Fxingrg%2F&costTime=131×tamp=1630978157408 HTTP/1.1" 200 20305
116.238.194.18 - - [07/Sep/2021:09:29:17 +0800] "GET /xingrg/servlets/image?image=px HTTP/1.1" 200 807
116.238.194.18 - - [07/Sep/2021:09:29:17 +0800] "GET /favicon.ico HTTP/1.1" 404 -
116.230.105.26 - - [07/Sep/2021:09:29:17 +0800] "POST /xingrg/login.do HTTP/1.1" 302 -
116.230.105.26 - - [07/Sep/2021:09:29:18 +0800] "GET /xingrg/index.html?sysBaseUrl=http%3A%2F%2F180.169.147.146%3A18081%2Fxingrg%2F&costTime=40×tamp=1630978157987 HTTP/1.1" 200 17179
116.230.105.26 - - [07/Sep/2021:09:29:18 +0800] "GET /favicon.ico HTTP/1.1" 404 -
116.230.105.26 - - [07/Sep/2021:09:29:18 +0800] "POST /xingrg/all/common/load_tree.html?tree=area_rest_tree_json&manage=1 HTTP/1.1" 200 351
116.230.105.26 - - [07/Sep/2021:09:29:18 +0800] "GET /xingrg/all/function/internal_message.html?_=1630978102833&CODE_STATE=count HTTP/1.1" 200 11
116.230.105.26 - - [07/Sep/2021:09:29:18 +0800] "GET /xingrg/check_reg.html?_=1630978102834 HTTP/1.1" 200 22
116.230.105.26 - - [07/Sep/2021:09:29:18 +0800] "POST /xingrg/load_menu.html HTTP/1.1" 200 5138
222.70.246.151 - - [07/Sep/2021:09:29:21 +0800] "POST /xingrg/kc/buy/cgsh_order_operate.html HTTP/1.1" 200 2065
116.230.105.26 - - [07/Sep/2021:09:29:21 +0800] "GET /xingrg/kc/buy/cgsh_order_list.html HTTP/1.1" 200 47694
116.230.105.26 - - [07/Sep/2021:09:29:23 +0800] "POST /xingrg/kc/buy/cgsh_list_operate.html HTTP/1.1" 200 3135
222.70.246.151 - - [07/Sep/2021:09:29:24 +0800] "GET /xingrg/all/function/internal_message.html?_=1630978170753&CODE_STATE=getMsg HTTP/1.1" 200 27
116.233.79.201 - - [07/Sep/2021:09:29:25 +0800] "GET /xingrg/all/function/internal_message.html?_=1630978166150&CODE_STATE=getMsg HTTP/1.1" 200 27
116.230.105.26 - - [07/Sep/2021:09:29:27 +0800] "POST /xingrg/kc/buy/cgsh_list_operate.html HTTP/1.1" 200 3135
101.83.145.79 - - [07/Sep/2021:09:29:29 +0800] "GET /xingrg/all/function/internal_message.html?_=1630978171674&CODE_STATE=getMsg HTTP/1.1" 200 27
116.238.194.18 - - [07/Sep/2021:09:29:31 +0800] "POST /xingrg/kc/base/yddb_list_operate.html HTTP/1.1" 200 1592
222.70.246.151 - - [07/Sep/2021:09:29:33 +0800] "GET /xingrg/kc/buy/cgsh_order_operate.html?command=get_materiel&rest_code=00146&code=00101008233&supplier_code=00100005&order_time=2021-09-07 HTTP/1.1" 200 408
116.238.194.18 - - [07/Sep/2021:09:29:34 +0800] "POST /xingrg/kc/base/yddb_list_operate.html HTTP/1.1" 200 205
116.238.194.18 - - [07/Sep/2021:09:29:34 +0800] "GET /xingrg/kc/base/yddb_order_info.html?code=482021090500073 HTTP/1.1" 200 29468
116.238.194.18 - - [07/Sep/2021:09:29:34 +0800] "GET /xingrg/dwr/interface/AjaxYddbService.js HTTP/1.1" 200 13201
116.238.194.18 - - [07/Sep/2021:09:29:34 +0800] "GET /xingrg/dwr/interface/AjaxComOrderService.js HTTP/1.1" 200 18264
116.238.194.18 - - [07/Sep/2021:09:29:34 +0800] "GET /xingrg/dwr/engine.js HTTP/1.1" 200 43631
116.238.194.18 - - [07/Sep/2021:09:29:34 +0800] "POST /xingrg/dwr/call/plaincall/AjaxYddbService.loadMaterielItems.dwr HTTP/1.1" 200 405
180.169.147.146 - - [07/Sep/2021:09:29:38 +0800] "GET /xingrg/check_reg.html?_=1630978181281 HTTP/1.1" 302 -
222.70.246.151 - - [07/Sep/2021:09:29:44 +0800] "GET /xingrg/kc/buy/cgsh_order_operate.html?command=get_materiel&rest_code=00146&code=00101008098&supplier_code=00100005&order_time=2021-09-07 HTTP/1.1" 200 412
222.70.179.190 - - [07/Sep/2021:09:29:51 +0800] "GET /xingrg/all/function/internal_message.html?_=1630978190960&CODE_STATE=getMsg HTTP/1.1" 200 27
222.70.179.190 - - [07/Sep/2021:09:29:52 +0800] "GET /xingrg/check_reg.html?_=1630978191680 HTTP/1.1" 200 22
180.169.147.146 - - [07/Sep/2021:09:29:58 +0800] "GET /xingrg/all/function/internal_message.html?_=1630978201678&CODE_STATE=getMsg HTTP/1.1" 302 -
120.253.135.82 - - [07/Sep/2021:09:29:58 +0800] "GET /xingrg/check_reg.html?_=1630977973134 HTTP/1.1" 200 22
116.238.194.18 - - [07/Sep/2021:09:29:59 +0800] "GET /xingrg/all/function/internal_message.html?_=1630978199732&CODE_STATE=getMsg HTTP/1.1" 200 27
61.151.207.141 - - [07/Sep/2021:09:30:00 +0800] "GET /xingrg/all/function/internal_message.html?_=1630978138462&CODE_STATE=getMsg HTTP/1.1" 302 -
116.237.74.154 - - [07/Sep/2021:09:30:00 +0800] "GET /xingrg/all/function/internal_message.html?_=1630978198450&CODE_STATE=getMsg HTTP/1.1" 200 27
61.151.207.141 - - [07/Sep/2021:09:30:00 +0800] "GET /xingrg/login.html HTTP/1.1" 200 7641
120.253.135.82 - - [07/Sep/2021:09:30:00 +0800] "GET /xingrg/javascript/easyui/themes/sunny/images/ui-bg_gloss-wave_70_ffdd57_500x100.png HTTP/1.1" 200 3830
120.253.135.82 - - [07/Sep/2021:09:30:01 +0800] "GET /xingrg/kc/pszx/mdqp_order_list.html?state=10 HTTP/1.1" 200 10657
120.253.135.82 - - [07/Sep/2021:09:30:01 +0800] "GET /xingrg/dwr/interface/AjaxReportQueryService.js HTTP/1.1" 200 13203
120.253.135.82 - - [07/Sep/2021:09:30:01 +0800] "GET /xingrg/dwr/interface/AjaxQqpsService.js HTTP/1.1" 200 16326
120.253.135.82 - - [07/Sep/2021:09:30:02 +0800] "GET /xingrg/dwr/engine.js HTTP/1.1" 200 43631
180.169.147.146 - - [07/Sep/2021:09:30:03 +0800] "GET /xingrg/check_reg.html?_=1630978204701 HTTP/1.1" 302 -
120.253.135.82 - - [07/Sep/2021:09:30:04 +0800] "GET /xingrg/kc/pszx/mdqp_order_info.html?code=302021090700134 HTTP/1.1" 200 13350
120.253.135.82 - - [07/Sep/2021:09:30:04 +0800] "GET /xingrg/dwr/interface/AjaxComOrderService.js HTTP/1.1" 200 18264
120.253.135.82 - - [07/Sep/2021:09:30:04 +0800] "GET /xingrg/dwr/interface/AjaxQqpsService.js HTTP/1.1" 200 16326
120.253.135.82 - - [07/Sep/2021:09:30:04 +0800] "GET /xingrg/dwr/engine.js HTTP/1.1" 200 43631
172.20.0.100 - - [07/Sep/2021:09:30:04 +0800] "GET /xingrg/all/function/internal_message.html?_=1630978205427&CODE_STATE=getMsg HTTP/1.1" 200 27
120.253.135.82 - - [07/Sep/2021:09:30:05 +0800] "POST /xingrg/dwr/call/plaincall/AjaxQqpsService.loadMaterielItems.dwr HTTP/1.1" 200 76
116.238.194.18 - - [07/Sep/2021:09:30:06 +0800] "GET /xingrg/all/function/internal_message.html?_=1630978182209&CODE_STATE=getMsg HTTP/1.1" 200 27
180.169.147.146 - - [07/Sep/2021:09:30:09 +0800] "GET /xingrg/check_reg.html?_=1630978212559 HTTP/1.1" 302 -
180.169.147.146 - - [07/Sep/2021:09:30:09 +0800] "GET /xingrg/all/function/internal_message.html?_=1630978212573&CODE_STATE=getMsg HTTP/1.1" 302 -
222.70.246.151 - - [07/Sep/2021:09:30:11 +0800] "POST /xingrg/kc/buy/cgsh_order_operate.html HTTP/1.1" 200 37
120.253.135.82 - - [07/Sep/2021:09:30:12 +0800] "GET /xingrg/kc/pszx/mdqp_order_list.html?isBack=1 HTTP/1.1" 302 -
120.253.135.82 - - [07/Sep/2021:09:30:12 +0800] "GET /xingrg/kc/pszx/mdqp_order_list.html?state=10 HTTP/1.1" 200 10657
120.253.135.82 - - [07/Sep/2021:09:30:12 +0800] "GET /xingrg/dwr/interface/AjaxQqpsService.js HTTP/1.1" 200 16326
120.253.135.82 - - [07/Sep/2021:09:30:12 +0800] "GET /xingrg/dwr/interface/AjaxReportQueryService.js HTTP/1.1" 200 13203
120.253.135.82 - - [07/Sep/2021:09:30:12 +0800] "GET /xingrg/dwr/engine.js HTTP/1.1" 200 43631
180.169.147.146 - - [07/Sep/2021:09:30:12 +0800] "GET /xingrg/check_reg.html?_=1630978213758 HTTP/1.1" 302 -
222.70.246.151 - - [07/Sep/2021:09:30:15 +0800] "POST /xingrg/kc/buy/cgsh_order_operate.html HTTP/1.1" 200 53482
116.238.194.18 - - [07/Sep/2021:09:30:17 +0800] "GET /xingrg/check_reg.html?_=1630978196115 HTTP/1.1" 200 22
222.70.246.151 - - [07/Sep/2021:09:30:18 +0800] "GET /xingrg/kc/print/load_config.html?kc_code=cgsh HTTP/1.1" 200 2076
116.230.105.26 - - [07/Sep/2021:09:30:18 +0800] "GET /xingrg/all/function/internal_message.html?_=1630978162855&CODE_STATE=getMsg HTTP/1.1" 200 27
222.70.246.151 - - [07/Sep/2021:09:30:18 +0800] "GET /xingrg/kc/print/load_data.html?order_code=212021090702684&kc_code=cgsh&condition= HTTP/1.1" 200 19894
120.253.135.82 - - [07/Sep/2021:09:30:19 +0800] "GET /xingrg/kc/pszx/mdqp_order_info.html?code=302021090700134 HTTP/1.1" 200 13350
120.253.135.82 - - [07/Sep/2021:09:30:19 +0800] "GET /xingrg/dwr/interface/AjaxComOrderService.js HTTP/1.1" 200 18264
120.253.135.82 - - [07/Sep/2021:09:30:19 +0800] "GET /xingrg/dwr/interface/AjaxQqpsService.js HTTP/1.1" 200 16326
120.253.135.82 - - [07/Sep/2021:09:30:19 +0800] "GET /xingrg/dwr/engine.js HTTP/1.1" 200 43631
120.253.135.82 - - [07/Sep/2021:09:30:20 +0800] "POST /xingrg/dwr/call/plaincall/AjaxQqpsService.loadMaterielItems.dwr HTTP/1.1" 200 76
222.70.246.151 - - [07/Sep/2021:09:30:24 +0800] "GET /xingrg/all/function/internal_message.html?_=1630978230766&CODE_STATE=getMsg HTTP/1.1" 200 27
116.233.79.201 - - [07/Sep/2021:09:30:25 +0800] "GET /xingrg/all/function/internal_message.html?_=1630978226156&CODE_STATE=getMsg HTTP/1.1" 200 27
116.233.79.201 - - [07/Sep/2021:09:30:25 +0800] "GET /xingrg/check_reg.html?_=1630978226157 HTTP/1.1" 200 22
101.83.145.79 - - [07/Sep/2021:09:30:29 +0800] "GET /xingrg/all/function/internal_message.html?_=1630978231674&CODE_STATE=getMsg HTTP/1.1" 200 27
120.253.135.82 - - [07/Sep/2021:09:30:36 +0800] "GET /xingrg/login.html HTTP/1.1" 200 7641
120.253.135.82 - - [07/Sep/2021:09:30:36 +0800] "GET /xingrg/images/blue/login_bg.png HTTP/1.1" 304 -
120.253.135.82 - - [07/Sep/2021:09:30:36 +0800] "GET /xingrg/images/blue/jxLogo.png HTTP/1.1" 304 -
120.253.135.82 - - [07/Sep/2021:09:30:36 +0800] "GET /xingrg/images/blue/hj.png HTTP/1.1" 304 -
120.253.135.82 - - [07/Sep/2021:09:30:36 +0800] "GET /xingrg/images/blue/srbg.png HTTP/1.1" 304 -
120.253.135.82 - - [07/Sep/2021:09:30:36 +0800] "GET /favicon.ico HTTP/1.1" 404 -
120.253.135.82 - - [07/Sep/2021:09:30:39 +0800] "POST /xingrg/login.do HTTP/1.1" 302 -
120.253.135.82 - - [07/Sep/2021:09:30:39 +0800] "GET /xingrg/index.html?sysBaseUrl=http%3A%2F%2F180.169.147.146%3A18081%2Fxingrg%2F&costTime=41×tamp=1630978239588 HTTP/1.1" 200 17173
120.253.135.82 - - [07/Sep/2021:09:30:39 +0800] "GET /xingrg/javascript/jquery_easy_ui/themes/default/easyui.css HTTP/1.1" 304 -
120.253.135.82 - - [07/Sep/2021:09:30:39 +0800] "GET /xingrg/javascript/jquery-1.4.2.min.js HTTP/1.1" 304 -
120.253.135.82 - - [07/Sep/2021:09:30:39 +0800] "GET /xingrg/css/form.css HTTP/1.1" 304 -
120.253.135.82 - - [07/Sep/2021:09:30:39 +0800] "GET /xingrg/javascript/jquery_easy_ui/themes/icon.css HTTP/1.1" 304 -
120.253.135.82 - - [07/Sep/2021:09:30:39 +0800] "GET /xingrg/javascript/jquery.timers.js HTTP/1.1" 304 -
120.253.135.82 - - [07/Sep/2021:09:30:39 +0800] "GET /xingrg/javascript/jquery.utils.js HTTP/1.1" 304 -
120.253.135.82 - - [07/Sep/2021:09:30:39 +0800] "GET /xingrg/javascript/jquery_easy_ui/jquery.easyui.min.js HTTP/1.1" 304 -
120.253.135.82 - - [07/Sep/2021:09:30:39 +0800] "GET /xingrg/javascript/jquery_easy_ui/easyui-lang-zh_CN.js HTTP/1.1" 304 -
120.253.135.82 - - [07/Sep/2021:09:30:39 +0800] "GET /xingrg/javascript/jquery.form.js HTTP/1.1" 304 -
116.230.105.26 - - [07/Sep/2021:09:30:39 +0800] "GET /xingrg/kc/report/report_main.html HTTP/1.1" 200 7345
120.253.135.82 - - [07/Sep/2021:09:30:39 +0800] "GET /favicon.ico HTTP/1.1" 404 -
120.253.135.82 - - [07/Sep/2021:09:30:39 +0800] "GET /xingrg/images/blue/navBackgound.jpg HTTP/1.1" 304 -
120.253.135.82 - - [07/Sep/2021:09:30:39 +0800] "GET /xingrg/javascript/jquery_easy_ui/themes/icons/settle_new.png HTTP/1.1" 304 -
120.253.135.82 - - [07/Sep/2021:09:30:39 +0800] "GET /xingrg/images/blue/pingpu.png HTTP/1.1" 304 -
120.253.135.82 - - [07/Sep/2021:09:30:39 +0800] "GET /xingrg/javascript/jquery_easy_ui/themes/default/images/tabs_leftarrow.png HTTP/1.1" 304 -
120.253.135.82 - - [07/Sep/2021:09:30:39 +0800] "GET /xingrg/javascript/jquery_easy_ui/themes/default/images/tabs_rightarrow.png HTTP/1.1" 304 -
120.253.135.82 - - [07/Sep/2021:09:30:39 +0800] "POST /xingrg/all/common/load_tree.html?tree=area_rest_tree_json&manage=1 HTTP/1.1" 200 344
120.253.135.82 - - [07/Sep/2021:09:30:39 +0800] "GET /xingrg/javascript/jquery_easy_ui/themes/default/images/panel_tool_collapse.gif HTTP/1.1" 304 -
120.253.135.82 - - [07/Sep/2021:09:30:40 +0800] "POST /xingrg/load_menu.html HTTP/1.1" 200 6743
120.253.135.82 - - [07/Sep/2021:09:30:40 +0800] "GET /xingrg/javascript/jquery_easy_ui/themes/default/images/tree_arrows.gif HTTP/1.1" 304 -
120.253.135.82 - - [07/Sep/2021:09:30:40 +0800] "GET /xingrg/all/function/internal_message.html?_=1630978015214&CODE_STATE=count HTTP/1.1" 200 11
120.253.135.82 - - [07/Sep/2021:09:30:40 +0800] "GET /xingrg/check_reg.html?_=1630978015214 HTTP/1.1" 200 22
120.253.135.82 - - [07/Sep/2021:09:30:40 +0800] "GET /xingrg/javascript/jquery_easy_ui/themes/icons/delivery_new.png HTTP/1.1" 304 -
120.253.135.82 - - [07/Sep/2021:09:30:40 +0800] "GET /xingrg/javascript/jquery_easy_ui/themes/icons/forms_new.png HTTP/1.1" 304 -
120.253.135.82 - - [07/Sep/2021:09:30:40 +0800] "GET /xingrg/javascript/jquery_easy_ui/themes/icons/storage_new.png HTTP/1.1" 304 -
120.253.135.82 - - [07/Sep/2021:09:30:40 +0800] "GET /xingrg/javascript/jquery_easy_ui/themes/default/images/tree_folder_open.gif HTTP/1.1" 304 -
120.253.135.82 - - [07/Sep/2021:09:30:40 +0800] "GET /xingrg/javascript/jquery_easy_ui/themes/icons/search_new.png HTTP/1.1" 304 -
120.253.135.82 - - [07/Sep/2021:09:30:40 +0800] "GET /xingrg/javascript/jquery_easy_ui/themes/default/images/tree_file.gif HTTP/1.1" 304 -
120.253.135.82 - - [07/Sep/2021:09:30:40 +0800] "GET /xingrg/javascript/jquery_easy_ui/themes/default/images/tree_folder.gif HTTP/1.1" 304 -
116.230.105.26 - - [07/Sep/2021:09:30:40 +0800] "GET /xingrg/kc/base/kc_stocks.html HTTP/1.1" 200 16443
116.230.105.26 - - [07/Sep/2021:09:30:40 +0800] "GET /xingrg/javascript/easyui/themes/default/tree.css HTTP/1.1" 404 1090
116.230.105.26 - - [07/Sep/2021:09:30:40 +0800] "GET /xingrg/all/common/auto_word.html?type=base&rest_code=00155 HTTP/1.1" 200 1707
116.230.105.26 - - [07/Sep/2021:09:30:40 +0800] "POST /xingrg/all/common/load_tree.html?tree=materiel_sort_tree_json HTTP/1.1" 200 8792
120.253.135.82 - - [07/Sep/2021:09:30:44 +0800] "GET /xingrg/javascript/jquery_easy_ui/themes/default/images/tabs_close.gif HTTP/1.1" 304 -
120.253.135.82 - - [07/Sep/2021:09:30:44 +0800] "GET /xingrg/kc/pszx/mdqp_order_list.html?state=10 HTTP/1.1" 200 10657
120.253.135.82 - - [07/Sep/2021:09:30:44 +0800] "GET /xingrg/javascript/pic_change.js HTTP/1.1" 304 -
120.253.135.82 - - [07/Sep/2021:09:30:44 +0800] "GET /xingrg/css/blue.css HTTP/1.1" 304 -
120.253.135.82 - - [07/Sep/2021:09:30:44 +0800] "GET /xingrg/dwr/util.js HTTP/1.1" 304 -
120.253.135.82 - - [07/Sep/2021:09:30:44 +0800] "GET /xingrg/javascript/myfunction.js HTTP/1.1" 304 -
120.253.135.82 - - [07/Sep/2021:09:30:44 +0800] "GET /xingrg/javascript/Calendar.js HTTP/1.1" 304 -
120.253.135.82 - - [07/Sep/2021:09:30:44 +0800] "GET /xingrg/dwr/interface/AjaxReportQueryService.js HTTP/1.1" 200 13203
120.253.135.82 - - [07/Sep/2021:09:30:44 +0800] "GET /xingrg/dwr/interface/AjaxQqpsService.js HTTP/1.1" 200 16326
120.253.135.82 - - [07/Sep/2021:09:30:44 +0800] "GET /xingrg/dwr/engine.js HTTP/1.1" 200 43631
120.253.135.82 - - [07/Sep/2021:09:30:44 +0800] "GET /xingrg/javascript/jquery_easy_ui/themes/icons/check_new.png HTTP/1.1" 304 -
120.253.135.82 - - [07/Sep/2021:09:30:44 +0800] "GET /xingrg/javascript/jquery_easy_ui/themes/icons/uncheck_new.png HTTP/1.1" 304 -
120.253.135.82 - - [07/Sep/2021:09:30:44 +0800] "GET /xingrg/javascript/jquery_easy_ui/themes/icons/back_new.png HTTP/1.1" 304 -
116.230.105.26 - - [07/Sep/2021:09:30:45 +0800] "POST /xingrg/kc/base/stock_operate.html HTTP/1.1" 200 2143
120.253.135.82 - - [07/Sep/2021:09:30:48 +0800] "GET /xingrg/kc/pszx/mdqp_order_info.html?code=302021090700134 HTTP/1.1" 200 13350
116.230.105.26 - - [07/Sep/2021:09:30:48 +0800] "GET /xingrg/kc/base/stock_detail.html?m=00101006094 HTTP/1.1" 200 7237
120.253.135.82 - - [07/Sep/2021:09:30:48 +0800] "GET /xingrg/javascript/auto/jquery.autocomplete.js HTTP/1.1" 304 -
120.253.135.82 - - [07/Sep/2021:09:30:48 +0800] "GET /xingrg/javascript/checkform.js HTTP/1.1" 304 -
120.253.135.82 - - [07/Sep/2021:09:30:48 +0800] "GET /xingrg/javascript/AjaxInfoList.js HTTP/1.1" 304 -
120.253.135.82 - - [07/Sep/2021:09:30:48 +0800] "GET /xingrg/javascript/tools/jquery.qtip-1.0.0-rc3.min.js HTTP/1.1" 304 -
120.253.135.82 - - [07/Sep/2021:09:30:48 +0800] "GET /xingrg/javascript/Grid.js HTTP/1.1" 304 -
120.253.135.82 - - [07/Sep/2021:09:30:48 +0800] "GET /xingrg/javascript/ToolTips.js HTTP/1.1" 304 -
120.253.135.82 - - [07/Sep/2021:09:30:48 +0800] "GET /xingrg/dwr/interface/AjaxComOrderService.js HTTP/1.1" 200 18264
120.253.135.82 - - [07/Sep/2021:09:30:48 +0800] "GET /xingrg/javascript/print/kc_print.js HTTP/1.1" 304 -
120.253.135.82 - - [07/Sep/2021:09:30:48 +0800] "GET /xingrg/javascript/print/LodopFuncs.js HTTP/1.1" 304 -
120.253.135.82 - - [07/Sep/2021:09:30:48 +0800] "GET /xingrg/dwr/engine.js HTTP/1.1" 200 43631
120.253.135.82 - - [07/Sep/2021:09:30:48 +0800] "GET /xingrg/dwr/interface/AjaxQqpsService.js HTTP/1.1" 200 16326
120.253.135.82 - - [07/Sep/2021:09:30:48 +0800] "GET /xingrg/javascript/jquery_easy_ui/themes/icons/print.png HTTP/1.1" 304 -
120.253.135.82 - - [07/Sep/2021:09:30:48 +0800] "GET /xingrg/javascript/jquery_easy_ui/themes/default/images/menu_downarrow.png HTTP/1.1" 304 -
120.253.135.82 - - [07/Sep/2021:09:30:48 +0800] "GET /xingrg/images/blue/button/kc_tab_edit.gif HTTP/1.1" 304 -
120.253.135.82 - - [07/Sep/2021:09:30:48 +0800] "GET /xingrg/images/blue/button/kc_tab_save.gif HTTP/1.1" 304 -
120.253.135.82 - - [07/Sep/2021:09:30:48 +0800] "GET /xingrg/images/blue/kc_tab2_right.gif HTTP/1.1" 304 -
120.253.135.82 - - [07/Sep/2021:09:30:48 +0800] "GET /xingrg/images/blue/kc_tab2_left.gif HTTP/1.1" 304 -
120.253.135.82 - - [07/Sep/2021:09:30:48 +0800] "GET /xingrg/images/blue/kc_tab_left.gif HTTP/1.1" 304 -
120.253.135.82 - - [07/Sep/2021:09:30:48 +0800] "GET /xingrg/images/blue/kc_tab_right.gif HTTP/1.1" 304 -
120.253.135.82 - - [07/Sep/2021:09:30:48 +0800] "GET /xingrg/images/blue/kc_tab_mid.gif HTTP/1.1" 304 -
120.253.135.82 - - [07/Sep/2021:09:30:48 +0800] "GET /xingrg/images/blue/wait.gif HTTP/1.1" 304 -
120.253.135.82 - - [07/Sep/2021:09:30:48 +0800] "POST /xingrg/dwr/call/plaincall/AjaxQqpsService.loadMaterielItems.dwr HTTP/1.1" 200 76
120.253.135.82 - - [07/Sep/2021:09:30:50 +0800] "GET /xingrg/javascript/jquery_easy_ui/themes/default/images/button_plain_hover.png HTTP/1.1" 304 -
120.253.135.82 - - [07/Sep/2021:09:30:51 +0800] "GET /xingrg/kc/pszx/mdqp_order_list.html?isBack=1 HTTP/1.1" 302 -
120.253.135.82 - - [07/Sep/2021:09:30:51 +0800] "GET /xingrg/kc/pszx/mdqp_order_list.html?state=10 HTTP/1.1" 200 10657
120.253.135.82 - - [07/Sep/2021:09:30:51 +0800] "GET /xingrg/dwr/interface/AjaxReportQueryService.js HTTP/1.1" 200 13203
120.253.135.82 - - [07/Sep/2021:09:30:51 +0800] "GET /xingrg/dwr/interface/AjaxQqpsService.js HTTP/1.1" 200 16326
120.253.135.82 - - [07/Sep/2021:09:30:51 +0800] "GET /xingrg/dwr/engine.js HTTP/1.1" 200 43631
116.230.105.26 - - [07/Sep/2021:09:30:51 +0800] "GET /xingrg/kc/base/stock_operate.html?_=1630978195847&command=get_report_file&start_day=20200830 HTTP/1.1" 200 21
116.230.105.26 - - [07/Sep/2021:09:30:51 +0800] "GET /xingrg/all/report/report_query.html?isQuery=1&onlyBody=1&rh=2000&fileName=kc/base/kc_stock_detail.xml&queryString=(1=1)&queryText=&tableQueryString=init_table$sp1$$sp$crk_table$sp1$order_day%20between%2020200830%20and%2020210930&varString=start_day:20200830,materiel_code:00101006094,cost_id:undefined,end_date:undefined HTTP/1.1" 200 48699
116.230.105.26 - - [07/Sep/2021:09:30:51 +0800] "GET /xingrg/dwr/interface/AjaxReportQueryService.js HTTP/1.1" 200 13203
116.230.105.26 - - [07/Sep/2021:09:30:51 +0800] "GET /xingrg/dwr/util.js HTTP/1.1" 200 35990
116.230.105.26 - - [07/Sep/2021:09:30:51 +0800] "GET /xingrg/dwr/engine.js HTTP/1.1" 200 43631
222.70.179.190 - - [07/Sep/2021:09:30:51 +0800] "GET /xingrg/all/function/internal_message.html?_=1630978250930&CODE_STATE=getMsg HTTP/1.1" 200 27
116.230.105.26 - - [07/Sep/2021:09:30:52 +0800] "POST /xingrg/all/report/load_report_page.html HTTP/1.1" 200 30022
116.230.105.26 - - [07/Sep/2021:09:30:52 +0800] "GET /xingrg/servlets/image?cache=0.2487429798902847&image=px HTTP/1.1" 200 807
120.253.135.82 - - [07/Sep/2021:09:30:53 +0800] "GET /xingrg/kc/pszx/jzcl_ps.html HTTP/1.1" 200 7683
120.253.135.82 - - [07/Sep/2021:09:30:53 +0800] "GET /xingrg/javascript/step/step.css HTTP/1.1" 304 -
120.253.135.82 - - [07/Sep/2021:09:30:53 +0800] "GET /xingrg/css/table.css HTTP/1.1" 304 -
120.253.135.82 - - [07/Sep/2021:09:30:53 +0800] "GET /xingrg/javascript/step/images/navCurrentBtn.gif HTTP/1.1" 304 -
120.253.135.82 - - [07/Sep/2021:09:30:53 +0800] "GET /xingrg/javascript/jquery_easy_ui/themes/default/images/button_a_bg.gif HTTP/1.1" 304 -
120.253.135.82 - - [07/Sep/2021:09:30:53 +0800] "GET /xingrg/javascript/jquery_easy_ui/themes/default/images/button_span_bg.gif HTTP/1.1" 304 -
120.253.135.82 - - [07/Sep/2021:09:30:53 +0800] "GET /xingrg/javascript/jquery_easy_ui/themes/icons/search.png HTTP/1.1" 304 -
120.253.135.82 - - [07/Sep/2021:09:30:53 +0800] "GET /xingrg/javascript/jquery_easy_ui/themes/default/images/combo_arrow_dot.gif HTTP/1.1" 304 -
120.253.135.82 - - [07/Sep/2021:09:30:53 +0800] "POST /xingrg/all/common/load_tree.html?tree=area_rest_tree_json HTTP/1.1" 200 3472
120.253.135.82 - - [07/Sep/2021:09:30:53 +0800] "GET /xingrg/javascript/jquery_easy_ui/themes/default/images/calendar_prevmonth.gif HTTP/1.1" 304 -
120.253.135.82 - - [07/Sep/2021:09:30:53 +0800] "GET /xingrg/javascript/jquery_easy_ui/themes/default/images/calendar_nextmonth.gif HTTP/1.1" 304 -
120.253.135.82 - - [07/Sep/2021:09:30:53 +0800] "GET /xingrg/javascript/jquery_easy_ui/themes/default/images/calendar_nextyear.gif HTTP/1.1" 304 -
120.253.135.82 - - [07/Sep/2021:09:30:53 +0800] "GET /xingrg/javascript/jquery_easy_ui/themes/default/images/calendar_prevyear.gif HTTP/1.1" 304 -
120.253.135.82 - - [07/Sep/2021:09:30:53 +0800] "GET /xingrg/javascript/jquery_easy_ui/themes/default/images/datagrid_header_bg.gif HTTP/1.1" 304 -
120.253.135.82 - - [07/Sep/2021:09:30:53 +0800] "GET /xingrg/images/control/ajaxLoader.gif HTTP/1.1" 304 -
120.253.135.82 - - [07/Sep/2021:09:30:53 +0800] "GET /xingrg/javascript/jquery_easy_ui/themes/default/images/pagination_loading.gif HTTP/1.1" 304 -
120.253.135.82 - - [07/Sep/2021:09:30:53 +0800] "GET /xingrg/javascript/jquery_easy_ui/themes/default/images/tree_checkbox_0.gif HTTP/1.1" 304 -
120.253.135.82 - - [07/Sep/2021:09:30:53 +0800] "POST /xingrg/kc/pszx/jzcl_ps_operate.html HTTP/1.1" 200 390
58.40.7.146 - - [07/Sep/2021:09:30:53 +0800] "GET /xingrg/check_reg.html?_=1630978254954 HTTP/1.1" 302 -
120.253.135.82 - - [07/Sep/2021:09:30:54 +0800] "POST /xingrg/kc/pszx/jzcl_ps_operate.html HTTP/1.1" 200 390
120.253.135.82 - - [07/Sep/2021:09:30:54 +0800] "GET /xingrg/javascript/jquery_easy_ui/themes/icons/area.png HTTP/1.1" 304 -
120.253.135.82 - - [07/Sep/2021:09:30:54 +0800] "GET /xingrg/javascript/jquery_easy_ui/themes/icons/manage.png HTTP/1.1" 304 -
120.253.135.82 - - [07/Sep/2021:09:30:54 +0800] "GET /xingrg/javascript/jquery_easy_ui/themes/icons/rest.png HTTP/1.1" 304 -
120.253.135.82 - - [07/Sep/2021:09:30:57 +0800] "POST /xingrg/kc/pszx/jzcl_ps_operate.html HTTP/1.1" 200 4
120.253.135.82 - - [07/Sep/2021:09:30:57 +0800] "GET /xingrg/javascript/step/images/navBtn.gif HTTP/1.1" 200 361
120.253.135.82 - - [07/Sep/2021:09:30:57 +0800] "GET /xingrg/javascript/step/images/navLastDoneBtn.gif HTTP/1.1" 304 -
120.253.135.82 - - [07/Sep/2021:09:30:57 +0800] "GET /xingrg/javascript/step/images/navDoneBtn.gif HTTP/1.1" 304 -
120.253.135.82 - - [07/Sep/2021:09:30:58 +0800] "GET /xingrg/kc/pszx/mdps_order_list.html HTTP/1.1" 200 21089
120.253.135.82 - - [07/Sep/2021:09:30:58 +0800] "GET /xingrg/javascript/jquery_tools/datebox.css HTTP/1.1" 304 -
120.253.135.82 - - [07/Sep/2021:09:30:58 +0800] "GET /xingrg/javascript/easyui/themes/default/easyui.css HTTP/1.1" 304 -
120.253.135.82 - - [07/Sep/2021:09:30:58 +0800] "GET /xingrg/javascript/easyui/themes/icon.css HTTP/1.1" 304 -
120.253.135.82 - - [07/Sep/2021:09:30:58 +0800] "GET /xingrg/javascript/jquery_tools/fix.css HTTP/1.1" 304 -
120.253.135.82 - - [07/Sep/2021:09:30:58 +0800] "GET /xingrg/css/site.css HTTP/1.1" 304 -
120.253.135.82 - - [07/Sep/2021:09:30:58 +0800] "GET /xingrg/javascript/auto/jquery.autocomplete.css HTTP/1.1" 304 -
120.253.135.82 - - [07/Sep/2021:09:30:58 +0800] "GET /xingrg/javascript/jquery_tools/table.css HTTP/1.1" 304 -
120.253.135.82 - - [07/Sep/2021:09:30:58 +0800] "GET /xingrg/javascript/jquery_tools/jquery.tools.min.js HTTP/1.1" 304 -
120.253.135.82 - - [07/Sep/2021:09:30:58 +0800] "GET /xingrg/javascript/jquery_tools/jquery.tools.extend.js HTTP/1.1" 304 -
120.253.135.82 - - [07/Sep/2021:09:30:58 +0800] "GET /xingrg/css/base.css HTTP/1.1" 304 -
120.253.135.82 - - [07/Sep/2021:09:30:58 +0800] "GET /xingrg/javascript/jquery_tools/jquery.tools.table.js HTTP/1.1" 304 -
120.253.135.82 - - [07/Sep/2021:09:30:58 +0800] "GET /xingrg/javascript/easyui/easyloader.js HTTP/1.1" 304 -
120.253.135.82 - - [07/Sep/2021:09:30:58 +0800] "GET /xingrg/javascript/jquery_tools/list_manager.js HTTP/1.1" 304 -
120.253.135.82 - - [07/Sep/2021:09:30:58 +0800] "GET /xingrg/javascript/jquery.cookie.js HTTP/1.1" 304 -
120.253.135.82 - - [07/Sep/2021:09:30:58 +0800] "GET /xingrg/javascript/jquery_tools/jquery.tools.hotkey.js HTTP/1.1" 304 -
120.253.135.82 - - [07/Sep/2021:09:30:58 +0800] "POST /xingrg/kc/pszx/jzcl_ps_operate.html HTTP/1.1" 200 21
120.253.135.82 - - [07/Sep/2021:09:30:58 +0800] "GET /xingrg/javascript/easyui/themes/icons/check_new.png HTTP/1.1" 304 -
120.253.135.82 - - [07/Sep/2021:09:30:58 +0800] "GET /xingrg/javascript/easyui/themes/icons/cance_new.png HTTP/1.1" 304 -
120.253.135.82 - - [07/Sep/2021:09:30:58 +0800] "GET /xingrg/javascript/easyui/themes/icons/edit_add_new.png HTTP/1.1" 304 -
120.253.135.82 - - [07/Sep/2021:09:30:58 +0800] "GET /xingrg/javascript/easyui/themes/icons/uncheck_new.png HTTP/1.1" 304 -
120.253.135.82 - - [07/Sep/2021:09:30:58 +0800] "GET /xingrg/javascript/easyui/themes/icons/field_new.png HTTP/1.1" 304 -
120.253.135.82 - - [07/Sep/2021:09:30:58 +0800] "GET /xingrg/javascript/easyui/themes/icons/import_new.png HTTP/1.1" 304 -
120.253.135.82 - - [07/Sep/2021:09:30:58 +0800] "GET /xingrg/javascript/easyui/plugins/jquery.parser.js HTTP/1.1" 304 -
180.169.147.146 - - [07/Sep/2021:09:30:58 +0800] "GET /xingrg/all/function/internal_message.html?_=1630978261682&CODE_STATE=getMsg HTTP/1.1" 302 -
116.238.194.18 - - [07/Sep/2021:09:30:58 +0800] "GET /xingrg/all/function/internal_message.html?_=1630978259732&CODE_STATE=getMsg HTTP/1.1" 200 27
120.253.135.82 - - [07/Sep/2021:09:30:59 +0800] "POST /xingrg/kc/pszx/mdps_list_operate.html HTTP/1.1" 200 5523
61.151.178.165 - - [07/Sep/2021:09:31:00 +0800] "GET /xingrg/all/function/internal_message.html?_=1630978198450&CODE_STATE=getMsg HTTP/1.1" 302 -
116.237.74.154 - - [07/Sep/2021:09:31:00 +0800] "GET /xingrg/all/function/internal_message.html?_=1630978258450&CODE_STATE=getMsg HTTP/1.1" 200 27
61.151.178.165 - - [07/Sep/2021:09:31:00 +0800] "GET /xingrg/login.html HTTP/1.1" 200 7641
120.253.135.82 - - [07/Sep/2021:09:31:01 +0800] "GET /xingrg/javascript/auto/indicator.gif HTTP/1.1" 404 1066
116.230.105.26 - - [07/Sep/2021:09:31:02 +0800] "GET /xingrg/kc/base/yddb_order_list.html HTTP/1.1" 200 16836
116.230.105.26 - - [07/Sep/2021:09:31:03 +0800] "POST /xingrg/kc/base/yddb_list_operate.html HTTP/1.1" 200 1346
172.20.0.100 - - [07/Sep/2021:09:31:03 +0800] "GET /xingrg/check_reg.html?_=1630978264605 HTTP/1.1" 200 22
116.238.194.18 - - [07/Sep/2021:09:31:03 +0800] "GET /xingrg/all/function/internal_message.html?_=1630978242214&CODE_STATE=getMsg HTTP/1.1" 200 27
172.20.0.100 - - [07/Sep/2021:09:31:04 +0800] "GET /xingrg/all/function/internal_message.html?_=1630978265415&CODE_STATE=getMsg HTTP/1.1" 200 27
116.230.105.26 - - [07/Sep/2021:09:31:05 +0800] "POST /xingrg/kc/base/yddb_list_operate.html HTTP/1.1" 200 6843
58.40.7.146 - - [07/Sep/2021:09:31:07 +0800] "GET /xingrg/check_reg.html?_=1630978268940 HTTP/1.1" 302 -
120.253.135.82 - - [07/Sep/2021:09:31:08 +0800] "POST /xingrg/kc/pszx/mdps_list_operate.html HTTP/1.1" 200 2808
180.169.147.146 - - [07/Sep/2021:09:31:09 +0800] "GET /xingrg/all/function/internal_message.html?_=1630978272575&CODE_STATE=getMsg HTTP/1.1" 302 -
120.253.135.82 - - [07/Sep/2021:09:31:09 +0800] "POST /xingrg/kc/pszx/mdps_list_operate.html HTTP/1.1" 200 599
116.230.105.26 - - [07/Sep/2021:09:31:10 +0800] "POST /xingrg/kc/base/yddb_list_operate.html HTTP/1.1" 200 211
120.253.135.82 - - [07/Sep/2021:09:31:12 +0800] "POST /xingrg/kc/pszx/mdps_list_operate.html HTTP/1.1" 200 350
120.253.135.82 - - [07/Sep/2021:09:31:15 +0800] "POST /xingrg/kc/pszx/mdps_list_operate.html HTTP/1.1" 200 623
120.253.135.82 - - [07/Sep/2021:09:31:16 +0800] "POST /xingrg/kc/pszx/mdps_list_operate.html HTTP/1.1" 200 215
116.230.105.26 - - [07/Sep/2021:09:31:18 +0800] "GET /xingrg/all/function/internal_message.html?_=1630978222857&CODE_STATE=getMsg HTTP/1.1" 200 27
120.253.135.82 - - [07/Sep/2021:09:31:19 +0800] "GET /xingrg/kc/pszx/mdqp_order_list.html?state=10 HTTP/1.1" 200 10217
120.253.135.82 - - [07/Sep/2021:09:31:19 +0800] "GET /xingrg/dwr/interface/AjaxReportQueryService.js HTTP/1.1" 200 13203
120.253.135.82 - - [07/Sep/2021:09:31:19 +0800] "GET /xingrg/dwr/interface/AjaxQqpsService.js HTTP/1.1" 200 16326
120.253.135.82 - - [07/Sep/2021:09:31:19 +0800] "GET /xingrg/dwr/engine.js HTTP/1.1" 200 43631
120.253.135.82 - - [07/Sep/2021:09:31:21 +0800] "GET /xingrg/javascript/jquery_easy_ui/themes/default/images/tabs_active.png HTTP/1.1" 304 -
222.70.246.151 - - [07/Sep/2021:09:31:24 +0800] "GET /xingrg/all/function/internal_message.html?_=1630978290960&CODE_STATE=getMsg HTTP/1.1" 200 27
116.233.79.201 - - [07/Sep/2021:09:31:25 +0800] "GET /xingrg/all/function/internal_message.html?_=1630978286144&CODE_STATE=getMsg HTTP/1.1" 200 27
120.253.135.82 - - [07/Sep/2021:09:31:25 +0800] "GET /xingrg/kc/pszx/mdqp_order_list.html?state=10 HTTP/1.1" 200 10217
120.253.135.82 - - [07/Sep/2021:09:31:25 +0800] "GET /xingrg/dwr/interface/AjaxQqpsService.js HTTP/1.1" 200 16326
120.253.135.82 - - [07/Sep/2021:09:31:25 +0800] "GET /xingrg/dwr/interface/AjaxReportQueryService.js HTTP/1.1" 200 13203
120.253.135.82 - - [07/Sep/2021:09:31:25 +0800] "GET /xingrg/dwr/engine.js HTTP/1.1" 200 43631
120.253.135.82 - - [07/Sep/2021:09:31:28 +0800] "GET /xingrg/kc/pszx/jzcl_ps.html HTTP/1.1" 200 7683
120.253.135.82 - - [07/Sep/2021:09:31:28 +0800] "POST /xingrg/all/common/load_tree.html?tree=area_rest_tree_json HTTP/1.1" 200 3472
120.253.135.82 - - [07/Sep/2021:09:31:29 +0800] "POST /xingrg/kc/pszx/jzcl_ps_operate.html HTTP/1.1" 200 21
120.253.135.82 - - [07/Sep/2021:09:31:29 +0800] "POST /xingrg/kc/pszx/jzcl_ps_operate.html HTTP/1.1" 200 21
101.83.145.79 - - [07/Sep/2021:09:31:29 +0800] "GET /xingrg/check_reg.html?_=1630978291675 HTTP/1.1" 200 22
101.83.145.79 - - [07/Sep/2021:09:31:29 +0800] "GET /xingrg/all/function/internal_message.html?_=1630978291678&CODE_STATE=getMsg HTTP/1.1" 200 27
116.230.105.26 - - [07/Sep/2021:09:31:32 +0800] "POST /xingrg/kc/base/yddb_list_operate.html HTTP/1.1" 200 202
116.230.105.26 - - [07/Sep/2021:09:31:34 +0800] "POST /xingrg/kc/base/yddb_list_operate.html HTTP/1.1" 200 203
120.253.135.82 - - [07/Sep/2021:09:31:40 +0800] "GET /xingrg/all/function/internal_message.html?_=1630978075221&CODE_STATE=getMsg HTTP/1.1" 200 27
116.230.105.26 - - [07/Sep/2021:09:31:47 +0800] "GET /xingrg/kc/base/yddb_order_info.html?code=482021090300047 HTTP/1.1" 200 31412
116.230.105.26 - - [07/Sep/2021:09:31:47 +0800] "GET /xingrg/dwr/interface/AjaxComOrderService.js HTTP/1.1" 200 18264
116.230.105.26 - - [07/Sep/2021:09:31:47 +0800] "GET /xingrg/dwr/interface/AjaxYddbService.js HTTP/1.1" 200 13201
116.230.105.26 - - [07/Sep/2021:09:31:47 +0800] "GET /xingrg/dwr/engine.js HTTP/1.1" 200 43631
116.230.105.26 - - [07/Sep/2021:09:31:48 +0800] "POST /xingrg/dwr/call/plaincall/AjaxYddbService.loadMaterielItems.dwr HTTP/1.1" 200 398
222.70.179.190 - - [07/Sep/2021:09:31:51 +0800] "GET /xingrg/all/function/internal_message.html?_=1630978310915&CODE_STATE=getMsg HTTP/1.1" 200 27
180.169.147.146 - - [07/Sep/2021:09:31:58 +0800] "GET /xingrg/check_reg.html?_=1630978321678 HTTP/1.1" 302 -
180.169.147.146 - - [07/Sep/2021:09:31:58 +0800] "GET /xingrg/all/function/internal_message.html?_=1630978321691&CODE_STATE=getMsg HTTP/1.1" 302 -
116.238.194.18 - - [07/Sep/2021:09:31:59 +0800] "GET /xingrg/all/function/internal_message.html?_=1630978319741&CODE_STATE=getMsg HTTP/1.1" 200 27
116.237.74.154 - - [07/Sep/2021:09:32:00 +0800] "GET /xingrg/all/function/internal_message.html?_=1630978318449&CODE_STATE=getMsg HTTP/1.1" 200 27
