116.238.194.18 - - [07/Sep/2021:08:33:03 +0800] "GET /xingrg/all/function/internal_message.html?_=1630974762127&CODE_STATE=getMsg HTTP/1.1" 200 27
180.169.147.146 - - [07/Sep/2021:08:33:09 +0800] "GET /xingrg/all/function/internal_message.html?_=1630974792478&CODE_STATE=getMsg HTTP/1.1" 302 -
124.79.246.142 - - [07/Sep/2021:08:33:23 +0800] "GET /xingrg/all/function/internal_message.html?_=1630975260872&CODE_STATE=getMsg HTTP/1.1" 200 27
222.70.246.151 - - [07/Sep/2021:08:33:23 +0800] "GET /xingrg/all/function/internal_message.html?_=1630974809774&CODE_STATE=getMsg HTTP/1.1" 200 27
116.238.168.124 - - [07/Sep/2021:08:33:46 +0800] "GET /xingrg/all/function/internal_message.html?_=1630974807162&CODE_STATE=getMsg HTTP/1.1" 200 27
222.70.179.190 - - [07/Sep/2021:08:33:52 +0800] "GET /xingrg/all/function/internal_message.html?_=1630974831639&CODE_STATE=getMsg HTTP/1.1" 200 27
180.169.147.146 - - [07/Sep/2021:08:33:58 +0800] "GET /xingrg/all/function/internal_message.html?_=1630974841594&CODE_STATE=getMsg HTTP/1.1" 302 -
116.238.194.18 - - [07/Sep/2021:08:34:03 +0800] "GET /xingrg/all/function/internal_message.html?_=1630974822141&CODE_STATE=getMsg HTTP/1.1" 200 27
180.169.147.146 - - [07/Sep/2021:08:34:09 +0800] "GET /xingrg/all/function/internal_message.html?_=1630974852477&CODE_STATE=getMsg HTTP/1.1" 302 -
101.83.145.79 - - [07/Sep/2021:08:34:21 +0800] "GET /favicon.ico HTTP/1.1" 404 -
124.79.246.142 - - [07/Sep/2021:08:34:23 +0800] "GET /xingrg/all/function/internal_message.html?_=1630975320887&CODE_STATE=getMsg HTTP/1.1" 200 27
222.70.246.151 - - [07/Sep/2021:08:34:23 +0800] "GET /xingrg/all/function/internal_message.html?_=1630974869788&CODE_STATE=getMsg HTTP/1.1" 200 27
116.238.168.124 - - [07/Sep/2021:08:34:46 +0800] "GET /xingrg/all/function/internal_message.html?_=1630974867177&CODE_STATE=getMsg HTTP/1.1" 200 27
222.70.179.190 - - [07/Sep/2021:08:34:52 +0800] "GET /xingrg/check_reg.html?_=1630974891640 HTTP/1.1" 200 22
222.70.179.190 - - [07/Sep/2021:08:34:52 +0800] "GET /xingrg/all/function/internal_message.html?_=1630974891642&CODE_STATE=getMsg HTTP/1.1" 200 27
180.169.147.146 - - [07/Sep/2021:08:34:58 +0800] "GET /xingrg/all/function/internal_message.html?_=1630974901592&CODE_STATE=getMsg HTTP/1.1" 302 -
116.238.194.18 - - [07/Sep/2021:08:35:03 +0800] "GET /xingrg/all/function/internal_message.html?_=1630974882155&CODE_STATE=getMsg HTTP/1.1" 200 27
180.169.147.146 - - [07/Sep/2021:08:35:09 +0800] "GET /xingrg/all/function/internal_message.html?_=1630974912489&CODE_STATE=getMsg HTTP/1.1" 302 -
180.169.147.146 - - [07/Sep/2021:08:35:09 +0800] "GET /xingrg/check_reg.html?_=1630974912491 HTTP/1.1" 302 -
124.79.246.142 - - [07/Sep/2021:08:35:23 +0800] "GET /xingrg/all/function/internal_message.html?_=1630975380902&CODE_STATE=getMsg HTTP/1.1" 200 27
222.70.246.151 - - [07/Sep/2021:08:35:23 +0800] "GET /xingrg/all/function/internal_message.html?_=1630974929803&CODE_STATE=getMsg HTTP/1.1" 200 27
116.238.168.124 - - [07/Sep/2021:08:35:48 +0800] "GET /xingrg/all/function/internal_message.html?_=1630974929054&CODE_STATE=getMsg HTTP/1.1" 200 27
222.70.179.190 - - [07/Sep/2021:08:35:52 +0800] "GET /xingrg/all/function/internal_message.html?_=1630974951642&CODE_STATE=getMsg HTTP/1.1" 200 27
58.40.7.146 - - [07/Sep/2021:08:35:54 +0800] "GET /xingrg/check_reg.html?_=1630974955174 HTTP/1.1" 302 -
180.169.147.146 - - [07/Sep/2021:08:35:58 +0800] "GET /xingrg/all/function/internal_message.html?_=1630974961592&CODE_STATE=getMsg HTTP/1.1" 302 -
116.238.194.18 - - [07/Sep/2021:08:36:03 +0800] "GET /xingrg/all/function/internal_message.html?_=1630974942170&CODE_STATE=getMsg HTTP/1.1" 200 27
180.169.147.146 - - [07/Sep/2021:08:36:09 +0800] "GET /xingrg/all/function/internal_message.html?_=1630974972490&CODE_STATE=getMsg HTTP/1.1" 302 -
124.79.246.142 - - [07/Sep/2021:08:36:22 +0800] "GET /xingrg/check_reg.html?_=1630975440652 HTTP/1.1" 200 22
124.79.246.142 - - [07/Sep/2021:08:36:23 +0800] "GET /xingrg/all/function/internal_message.html?_=1630975440902&CODE_STATE=getMsg HTTP/1.1" 200 27
222.70.246.151 - - [07/Sep/2021:08:36:23 +0800] "GET /xingrg/all/function/internal_message.html?_=1630974989815&CODE_STATE=getMsg HTTP/1.1" 200 27
116.238.168.124 - - [07/Sep/2021:08:36:36 +0800] "GET /xingrg/check_reg.html?_=1630974977566 HTTP/1.1" 200 22
116.238.168.124 - - [07/Sep/2021:08:36:48 +0800] "GET /xingrg/all/function/internal_message.html?_=1630974989453&CODE_STATE=getMsg HTTP/1.1" 200 27
222.70.179.190 - - [07/Sep/2021:08:36:52 +0800] "GET /xingrg/all/function/internal_message.html?_=1630975011641&CODE_STATE=getMsg HTTP/1.1" 200 27
180.169.147.146 - - [07/Sep/2021:08:36:58 +0800] "GET /xingrg/check_reg.html?_=1630975021616 HTTP/1.1" 302 -
180.169.147.146 - - [07/Sep/2021:08:36:58 +0800] "GET /xingrg/all/function/internal_message.html?_=1630975021617&CODE_STATE=getMsg HTTP/1.1" 302 -
116.238.194.18 - - [07/Sep/2021:08:37:03 +0800] "GET /xingrg/all/function/internal_message.html?_=1630975002182&CODE_STATE=getMsg HTTP/1.1" 200 27
180.169.147.146 - - [07/Sep/2021:08:37:09 +0800] "GET /xingrg/all/function/internal_message.html?_=1630975032481&CODE_STATE=getMsg HTTP/1.1" 302 -
222.70.246.151 - - [07/Sep/2021:08:37:22 +0800] "GET /xingrg/check_reg.html?_=1630975048664 HTTP/1.1" 200 22
124.79.246.142 - - [07/Sep/2021:08:37:23 +0800] "GET /xingrg/all/function/internal_message.html?_=1630975500916&CODE_STATE=getMsg HTTP/1.1" 200 27
222.70.246.151 - - [07/Sep/2021:08:37:23 +0800] "GET /xingrg/all/function/internal_message.html?_=1630975049828&CODE_STATE=getMsg HTTP/1.1" 200 27
116.238.168.124 - - [07/Sep/2021:08:37:48 +0800] "GET /xingrg/all/function/internal_message.html?_=1630975049467&CODE_STATE=getMsg HTTP/1.1" 200 27
222.70.179.190 - - [07/Sep/2021:08:37:52 +0800] "GET /xingrg/all/function/internal_message.html?_=1630975071641&CODE_STATE=getMsg HTTP/1.1" 200 27
180.169.147.146 - - [07/Sep/2021:08:37:58 +0800] "GET /xingrg/all/function/internal_message.html?_=1630975081616&CODE_STATE=getMsg HTTP/1.1" 302 -
116.238.194.18 - - [07/Sep/2021:08:38:03 +0800] "GET /xingrg/check_reg.html?_=1630975062072 HTTP/1.1" 200 22
116.238.194.18 - - [07/Sep/2021:08:38:03 +0800] "GET /xingrg/all/function/internal_message.html?_=1630975062196&CODE_STATE=getMsg HTTP/1.1" 200 27
180.169.147.146 - - [07/Sep/2021:08:38:09 +0800] "GET /xingrg/all/function/internal_message.html?_=1630975092483&CODE_STATE=getMsg HTTP/1.1" 302 -
222.70.179.190 - - [07/Sep/2021:08:38:11 +0800] "GET /xingrg/kc/buy/cgsh_order_add.html HTTP/1.1" 200 63426
222.70.179.190 - - [07/Sep/2021:08:38:11 +0800] "POST /xingrg/kc/buy/cgsh_order_operate.html HTTP/1.1" 200 8245
222.70.179.190 - - [07/Sep/2021:08:38:11 +0800] "GET /xingrg/javascript/easyui/themes/default/validatebox.css HTTP/1.1" 404 1104
101.83.145.79 - - [07/Sep/2021:08:38:12 +0800] "GET /favicon.ico HTTP/1.1" 404 -
101.83.145.79 - - [07/Sep/2021:08:38:12 +0800] "GET /xingrg/index.html?sysBaseUrl=http%3A%2F%2F180.169.147.146%3A18081%2Fxingrg%2F&costTime=36×tamp=1585223203754 HTTP/1.1" 302 -
101.83.145.79 - - [07/Sep/2021:08:38:12 +0800] "GET /xingrg/login.html HTTP/1.1" 200 7641
101.83.145.79 - - [07/Sep/2021:08:38:12 +0800] "GET /xingrg/images/blue/jxLogo.png HTTP/1.1" 304 -
101.83.145.79 - - [07/Sep/2021:08:38:12 +0800] "GET /xingrg/images/blue/login_bg.png HTTP/1.1" 304 -
101.83.145.79 - - [07/Sep/2021:08:38:12 +0800] "GET /xingrg/images/blue/srbg.png HTTP/1.1" 304 -
101.83.145.79 - - [07/Sep/2021:08:38:12 +0800] "GET /xingrg/images/blue/hj.png HTTP/1.1" 304 -
101.83.145.79 - - [07/Sep/2021:08:38:12 +0800] "GET /favicon.ico HTTP/1.1" 404 -
124.79.246.142 - - [07/Sep/2021:08:38:23 +0800] "GET /xingrg/all/function/internal_message.html?_=1630975560930&CODE_STATE=getMsg HTTP/1.1" 200 27
222.70.246.151 - - [07/Sep/2021:08:38:23 +0800] "GET /xingrg/all/function/internal_message.html?_=1630975109841&CODE_STATE=getMsg HTTP/1.1" 200 27
222.70.179.190 - - [07/Sep/2021:08:38:26 +0800] "GET /xingrg/kc/buy/cgsh_order_operate.html?command=get_materiel&rest_code=00111&code=00101008323&supplier_code=00100005&order_time=2021-09-07 HTTP/1.1" 200 408
222.70.179.190 - - [07/Sep/2021:08:38:38 +0800] "GET /xingrg/kc/buy/cgsh_order_operate.html?command=get_materiel&rest_code=00111&code=00101008261&supplier_code=00100005&order_time=2021-09-07 HTTP/1.1" 200 408
101.83.145.79 - - [07/Sep/2021:08:38:39 +0800] "POST /xingrg/login.do HTTP/1.1" 200 2421
101.83.145.79 - - [07/Sep/2021:08:38:39 +0800] "GET /xingrg/css/blue.css HTTP/1.1" 304 -
101.83.145.79 - - [07/Sep/2021:08:38:39 +0800] "GET /xingrg/javascript/myfunction.js HTTP/1.1" 304 -
101.83.145.79 - - [07/Sep/2021:08:38:39 +0800] "GET /xingrg/images/blue/error_mid.gif HTTP/1.1" 304 -
101.83.145.79 - - [07/Sep/2021:08:38:39 +0800] "GET /xingrg/images/blue/error_top.gif HTTP/1.1" 304 -
101.83.145.79 - - [07/Sep/2021:08:38:39 +0800] "GET /xingrg/images/blue/pic_notice.jpg HTTP/1.1" 304 -
101.83.145.79 - - [07/Sep/2021:08:38:39 +0800] "GET /xingrg/images/blue/error_buttom.gif HTTP/1.1" 304 -
101.83.145.79 - - [07/Sep/2021:08:38:39 +0800] "GET /xingrg/images/blue/pic_top.gif HTTP/1.1" 304 -
101.83.145.79 - - [07/Sep/2021:08:38:39 +0800] "GET /favicon.ico HTTP/1.1" 404 -
101.83.145.79 - - [07/Sep/2021:08:38:40 +0800] "GET /xingrg/login.html HTTP/1.1" 200 7641
101.83.145.79 - - [07/Sep/2021:08:38:40 +0800] "GET /favicon.ico HTTP/1.1" 404 -
101.83.145.79 - - [07/Sep/2021:08:38:41 +0800] "POST /xingrg/login.do HTTP/1.1" 302 -
101.83.145.79 - - [07/Sep/2021:08:38:41 +0800] "GET /xingrg/javascript/jquery_easy_ui/themes/default/easyui.css HTTP/1.1" 304 -
101.83.145.79 - - [07/Sep/2021:08:38:41 +0800] "GET /xingrg/index.html?sysBaseUrl=http%3A%2F%2F180.169.147.146%3A18081%2Fxingrg%2F&costTime=48×tamp=1630975121166 HTTP/1.1" 200 17173
101.83.145.79 - - [07/Sep/2021:08:38:41 +0800] "GET /xingrg/javascript/jquery-1.4.2.min.js HTTP/1.1" 304 -
101.83.145.79 - - [07/Sep/2021:08:38:41 +0800] "GET /xingrg/javascript/jquery.utils.js HTTP/1.1" 304 -
101.83.145.79 - - [07/Sep/2021:08:38:41 +0800] "GET /xingrg/css/form.css HTTP/1.1" 304 -
101.83.145.79 - - [07/Sep/2021:08:38:41 +0800] "GET /xingrg/javascript/jquery_easy_ui/themes/icon.css HTTP/1.1" 304 -
101.83.145.79 - - [07/Sep/2021:08:38:41 +0800] "GET /xingrg/javascript/jquery_easy_ui/jquery.easyui.min.js HTTP/1.1" 304 -
101.83.145.79 - - [07/Sep/2021:08:38:41 +0800] "GET /xingrg/javascript/jquery_easy_ui/easyui-lang-zh_CN.js HTTP/1.1" 304 -
101.83.145.79 - - [07/Sep/2021:08:38:41 +0800] "GET /xingrg/javascript/jquery.form.js HTTP/1.1" 304 -
101.83.145.79 - - [07/Sep/2021:08:38:41 +0800] "GET /xingrg/javascript/jquery.timers.js HTTP/1.1" 304 -
101.83.145.79 - - [07/Sep/2021:08:38:41 +0800] "GET /favicon.ico HTTP/1.1" 404 -
101.83.145.79 - - [07/Sep/2021:08:38:41 +0800] "GET /xingrg/javascript/jquery_easy_ui/themes/icons/settle_new.png HTTP/1.1" 304 -
101.83.145.79 - - [07/Sep/2021:08:38:41 +0800] "GET /xingrg/images/blue/navBackgound.jpg HTTP/1.1" 304 -
101.83.145.79 - - [07/Sep/2021:08:38:41 +0800] "POST /xingrg/all/common/load_tree.html?tree=area_rest_tree_json&manage=1 HTTP/1.1" 200 3472
101.83.145.79 - - [07/Sep/2021:08:38:41 +0800] "GET /xingrg/check_reg.html?_=1630975123494 HTTP/1.1" 200 22
101.83.145.79 - - [07/Sep/2021:08:38:41 +0800] "GET /xingrg/all/function/internal_message.html?_=1630975123493&CODE_STATE=count HTTP/1.1" 200 11
101.83.145.79 - - [07/Sep/2021:08:38:41 +0800] "GET /xingrg/images/blue/pingpu.png HTTP/1.1" 304 -
101.83.145.79 - - [07/Sep/2021:08:38:41 +0800] "GET /xingrg/javascript/jquery_easy_ui/themes/default/images/tabs_leftarrow.png HTTP/1.1" 304 -
101.83.145.79 - - [07/Sep/2021:08:38:41 +0800] "GET /xingrg/javascript/jquery_easy_ui/themes/default/images/tabs_rightarrow.png HTTP/1.1" 304 -
101.83.145.79 - - [07/Sep/2021:08:38:41 +0800] "GET /xingrg/javascript/jquery_easy_ui/themes/default/images/panel_tool_collapse.gif HTTP/1.1" 304 -
101.83.145.79 - - [07/Sep/2021:08:38:41 +0800] "POST /xingrg/load_menu.html HTTP/1.1" 200 5138
101.83.145.79 - - [07/Sep/2021:08:38:41 +0800] "GET /xingrg/javascript/jquery_easy_ui/themes/default/images/tree_arrows.gif HTTP/1.1" 304 -
101.83.145.79 - - [07/Sep/2021:08:38:41 +0800] "GET /xingrg/javascript/jquery_easy_ui/themes/icons/search_new.png HTTP/1.1" 304 -
101.83.145.79 - - [07/Sep/2021:08:38:41 +0800] "GET /xingrg/javascript/jquery_easy_ui/themes/default/images/tree_folder_open.gif HTTP/1.1" 304 -
101.83.145.79 - - [07/Sep/2021:08:38:41 +0800] "GET /xingrg/javascript/jquery_easy_ui/themes/icons/forms_new.png HTTP/1.1" 304 -
101.83.145.79 - - [07/Sep/2021:08:38:41 +0800] "GET /xingrg/javascript/jquery_easy_ui/themes/icons/storage_new.png HTTP/1.1" 304 -
101.83.145.79 - - [07/Sep/2021:08:38:41 +0800] "GET /xingrg/javascript/jquery_easy_ui/themes/default/images/tree_folder.gif HTTP/1.1" 304 -
101.83.145.79 - - [07/Sep/2021:08:38:41 +0800] "GET /xingrg/javascript/jquery_easy_ui/themes/default/images/tree_file.gif HTTP/1.1" 304 -
101.83.145.79 - - [07/Sep/2021:08:38:44 +0800] "GET /xingrg/javascript/jquery_easy_ui/themes/default/images/tabs_close.gif HTTP/1.1" 304 -
101.83.145.79 - - [07/Sep/2021:08:38:44 +0800] "GET /xingrg/kc/buy/cgsh_order_list.html HTTP/1.1" 200 47688
101.83.145.79 - - [07/Sep/2021:08:38:44 +0800] "GET /xingrg/javascript/easyui/themes/default/easyui.css HTTP/1.1" 304 -
101.83.145.79 - - [07/Sep/2021:08:38:44 +0800] "GET /xingrg/javascript/easyui/themes/icon.css HTTP/1.1" 304 -
101.83.145.79 - - [07/Sep/2021:08:38:44 +0800] "GET /xingrg/css/site.css HTTP/1.1" 304 -
101.83.145.79 - - [07/Sep/2021:08:38:44 +0800] "GET /xingrg/css/base.css HTTP/1.1" 304 -
101.83.145.79 - - [07/Sep/2021:08:38:44 +0800] "GET /xingrg/javascript/jquery_tools/datebox.css HTTP/1.1" 304 -
101.83.145.79 - - [07/Sep/2021:08:38:44 +0800] "GET /xingrg/javascript/auto/jquery.autocomplete.css HTTP/1.1" 304 -
101.83.145.79 - - [07/Sep/2021:08:38:44 +0800] "GET /xingrg/javascript/jquery_tools/jquery.tools.min.js HTTP/1.1" 304 -
101.83.145.79 - - [07/Sep/2021:08:38:44 +0800] "GET /xingrg/javascript/jquery_tools/table.css HTTP/1.1" 304 -
101.83.145.79 - - [07/Sep/2021:08:38:44 +0800] "GET /xingrg/javascript/jquery_tools/fix.css HTTP/1.1" 304 -
101.83.145.79 - - [07/Sep/2021:08:38:44 +0800] "GET /xingrg/javascript/jquery_tools/list_manager.js HTTP/1.1" 304 -
101.83.145.79 - - [07/Sep/2021:08:38:44 +0800] "GET /xingrg/javascript/easyui/easyloader.js HTTP/1.1" 304 -
101.83.145.79 - - [07/Sep/2021:08:38:44 +0800] "GET /xingrg/javascript/auto/jquery.autocomplete.js HTTP/1.1" 304 -
101.83.145.79 - - [07/Sep/2021:08:38:44 +0800] "GET /xingrg/javascript/jquery_tools/jquery.tools.table.js HTTP/1.1" 304 -
101.83.145.79 - - [07/Sep/2021:08:38:44 +0800] "GET /xingrg/javascript/jquery_tools/jquery.tools.extend.js HTTP/1.1" 304 -
101.83.145.79 - - [07/Sep/2021:08:38:44 +0800] "GET /xingrg/javascript/print/LodopFuncs.js HTTP/1.1" 304 -
101.83.145.79 - - [07/Sep/2021:08:38:44 +0800] "GET /xingrg/javascript/jquery_tools/jquery.tools.hotkey.js HTTP/1.1" 304 -
101.83.145.79 - - [07/Sep/2021:08:38:44 +0800] "GET /xingrg/javascript/jquery.cookie.js HTTP/1.1" 304 -
101.83.145.79 - - [07/Sep/2021:08:38:44 +0800] "GET /xingrg/javascript/easyui/themes/icons/cance_new.png HTTP/1.1" 304 -
101.83.145.79 - - [07/Sep/2021:08:38:44 +0800] "GET /xingrg/javascript/easyui/themes/icons/edit_add_new.png HTTP/1.1" 304 -
101.83.145.79 - - [07/Sep/2021:08:38:44 +0800] "GET /xingrg/javascript/easyui/themes/icons/import_new.png HTTP/1.1" 304 -
101.83.145.79 - - [07/Sep/2021:08:38:44 +0800] "GET /xingrg/javascript/easyui/themes/icons/check_new.png HTTP/1.1" 304 -
101.83.145.79 - - [07/Sep/2021:08:38:44 +0800] "GET /xingrg/javascript/easyui/themes/icons/field_new.png HTTP/1.1" 304 -
101.83.145.79 - - [07/Sep/2021:08:38:44 +0800] "GET /xingrg/javascript/easyui/plugins/jquery.parser.js HTTP/1.1" 304 -
101.83.145.79 - - [07/Sep/2021:08:38:44 +0800] "GET /xingrg/images/control/ajaxLoader.gif HTTP/1.1" 304 -
101.83.145.79 - - [07/Sep/2021:08:38:45 +0800] "POST /xingrg/kc/buy/cgsh_list_operate.html HTTP/1.1" 200 876
222.70.179.190 - - [07/Sep/2021:08:38:48 +0800] "GET /xingrg/kc/buy/cgsh_order_operate.html?command=get_materiel&rest_code=00111&code=00101008132&supplier_code=00100005&order_time=2021-09-07 HTTP/1.1" 200 408
116.238.168.124 - - [07/Sep/2021:08:38:49 +0800] "GET /xingrg/all/function/internal_message.html?_=1630975110437&CODE_STATE=getMsg HTTP/1.1" 200 27
222.70.179.190 - - [07/Sep/2021:08:38:52 +0800] "GET /xingrg/all/function/internal_message.html?_=1630975131642&CODE_STATE=getMsg HTTP/1.1" 200 27
180.169.147.146 - - [07/Sep/2021:08:38:58 +0800] "GET /xingrg/all/function/internal_message.html?_=1630975141616&CODE_STATE=getMsg HTTP/1.1" 302 -
101.83.145.79 - - [07/Sep/2021:08:38:59 +0800] "GET /xingrg/javascript/jquery_easy_ui/themes/default/images/tabs_active.png HTTP/1.1" 304 -
101.83.145.79 - - [07/Sep/2021:08:39:00 +0800] "GET /xingrg/javascript/easyui/themes/default/images/button_plain_hover.png HTTP/1.1" 304 -
101.83.145.79 - - [07/Sep/2021:08:39:00 +0800] "GET /xingrg/javascript/pic_change.js HTTP/1.1" 304 -
101.83.145.79 - - [07/Sep/2021:08:39:00 +0800] "GET /xingrg/javascript/convert.js HTTP/1.1" 304 -
101.83.145.79 - - [07/Sep/2021:08:39:00 +0800] "GET /xingrg/javascript/jquery_tools/order_manager.js HTTP/1.1" 304 -
101.83.145.79 - - [07/Sep/2021:08:39:00 +0800] "GET /xingrg/javascript/json2.js HTTP/1.1" 304 -
101.83.145.79 - - [07/Sep/2021:08:39:00 +0800] "GET /xingrg/javascript/print/kc_print.js HTTP/1.1" 304 -
101.83.145.79 - - [07/Sep/2021:08:39:00 +0800] "GET /xingrg/kc/buy/cgsh_order_add.html HTTP/1.1" 200 63473
101.83.145.79 - - [07/Sep/2021:08:39:00 +0800] "GET /xingrg/words/20210906122753_words.js HTTP/1.1" 200 846147
101.83.145.79 - - [07/Sep/2021:08:39:00 +0800] "GET /xingrg/javascript/easyui/themes/icons/ok.png HTTP/1.1" 304 -
101.83.145.79 - - [07/Sep/2021:08:39:00 +0800] "GET /xingrg/javascript/easyui/themes/default/images/menu_downarrow.png HTTP/1.1" 304 -
101.83.145.79 - - [07/Sep/2021:08:39:00 +0800] "GET /xingrg/javascript/easyui/themes/icons/template_new.png HTTP/1.1" 304 -
101.83.145.79 - - [07/Sep/2021:08:39:00 +0800] "GET /xingrg/javascript/easyui/themes/icons/print.png HTTP/1.1" 304 -
101.83.145.79 - - [07/Sep/2021:08:39:00 +0800] "GET /xingrg/javascript/easyui/themes/icons/copy_new.png HTTP/1.1" 304 -
101.83.145.79 - - [07/Sep/2021:08:39:00 +0800] "GET /xingrg/javascript/easyui/themes/icons/cancel.png HTTP/1.1" 304 -
101.83.145.79 - - [07/Sep/2021:08:39:01 +0800] "GET /xingrg/all/common/auto_word.html?type=employee&rest_code=00105 HTTP/1.1" 200 193
101.83.145.79 - - [07/Sep/2021:08:39:01 +0800] "GET /xingrg/all/common/auto_word.html?type=employee&rest_code=00105 HTTP/1.1" 200 193
101.83.145.79 - - [07/Sep/2021:08:39:01 +0800] "GET /xingrg/javascript/easyui/themes/default/validatebox.css HTTP/1.1" 404 1104
101.83.145.79 - - [07/Sep/2021:08:39:01 +0800] "GET /xingrg/javascript/easyui/plugins/jquery.validatebox.js HTTP/1.1" 304 -
101.83.145.79 - - [07/Sep/2021:08:39:01 +0800] "GET /xingrg/javascript/easyui/themes/icons/edit_remove.png HTTP/1.1" 304 -
101.83.145.79 - - [07/Sep/2021:08:39:01 +0800] "GET /xingrg/javascript/easyui/plugins/jquery.numberbox.js HTTP/1.1" 304 -
101.83.145.79 - - [07/Sep/2021:08:39:01 +0800] "POST /xingrg/kc/buy/cgsh_order_operate.html HTTP/1.1" 200 8245
222.70.179.190 - - [07/Sep/2021:08:39:02 +0800] "GET /xingrg/kc/buy/cgsh_order_operate.html?command=get_materiel&rest_code=00111&code=00101008096&supplier_code=00100005&order_time=2021-09-07 HTTP/1.1" 200 412
101.83.145.79 - - [07/Sep/2021:08:39:02 +0800] "GET /xingrg/javascript/auto/indicator.gif HTTP/1.1" 404 1066
116.238.194.18 - - [07/Sep/2021:08:39:03 +0800] "GET /xingrg/all/function/internal_message.html?_=1630975122210&CODE_STATE=getMsg HTTP/1.1" 200 27
180.169.147.146 - - [07/Sep/2021:08:39:09 +0800] "GET /xingrg/all/function/internal_message.html?_=1630975152479&CODE_STATE=getMsg HTTP/1.1" 302 -
222.70.179.190 - - [07/Sep/2021:08:39:10 +0800] "GET /xingrg/kc/buy/cgsh_order_operate.html?command=get_materiel&rest_code=00111&code=00101008003&supplier_code=00100005&order_time=2021-09-07 HTTP/1.1" 200 408
222.70.179.190 - - [07/Sep/2021:08:39:18 +0800] "GET /xingrg/kc/buy/cgsh_order_operate.html?command=get_materiel&rest_code=00111&code=00101008126&supplier_code=00100005&order_time=2021-09-07 HTTP/1.1" 200 412
124.79.246.142 - - [07/Sep/2021:08:39:23 +0800] "GET /xingrg/all/function/internal_message.html?_=1630975620945&CODE_STATE=getMsg HTTP/1.1" 200 27
222.70.246.151 - - [07/Sep/2021:08:39:23 +0800] "GET /xingrg/all/function/internal_message.html?_=1630975169856&CODE_STATE=getMsg HTTP/1.1" 200 27
222.70.179.190 - - [07/Sep/2021:08:39:26 +0800] "GET /xingrg/kc/buy/cgsh_order_operate.html?command=get_materiel&rest_code=00111&code=00101008148&supplier_code=00100005&order_time=2021-09-07 HTTP/1.1" 200 416
222.70.179.190 - - [07/Sep/2021:08:39:37 +0800] "GET /xingrg/kc/buy/cgsh_order_operate.html?command=get_materiel&rest_code=00111&code=00101008270&supplier_code=00100005&order_time=2021-09-07 HTTP/1.1" 200 412
101.83.145.79 - - [07/Sep/2021:08:39:41 +0800] "GET /xingrg/all/function/internal_message.html?_=1630975183501&CODE_STATE=getMsg HTTP/1.1" 200 27
222.70.179.190 - - [07/Sep/2021:08:39:48 +0800] "GET /xingrg/kc/buy/cgsh_order_operate.html?command=get_materiel&rest_code=00111&code=00101008098&supplier_code=00100005&order_time=2021-09-07 HTTP/1.1" 200 412
116.238.168.124 - - [07/Sep/2021:08:39:49 +0800] "GET /xingrg/all/function/internal_message.html?_=1630975170472&CODE_STATE=getMsg HTTP/1.1" 200 27
222.70.179.190 - - [07/Sep/2021:08:39:52 +0800] "GET /xingrg/all/function/internal_message.html?_=1630975191645&CODE_STATE=getMsg HTTP/1.1" 200 27
222.70.179.190 - - [07/Sep/2021:08:39:52 +0800] "GET /xingrg/check_reg.html?_=1630975191647 HTTP/1.1" 200 22
180.169.147.146 - - [07/Sep/2021:08:39:58 +0800] "GET /xingrg/all/function/internal_message.html?_=1630975201614&CODE_STATE=getMsg HTTP/1.1" 302 -
222.70.179.190 - - [07/Sep/2021:08:39:59 +0800] "GET /xingrg/kc/buy/cgsh_order_operate.html?command=get_materiel&rest_code=00111&code=00101008283&supplier_code=00100005&order_time=2021-09-07 HTTP/1.1" 200 408
116.238.194.18 - - [07/Sep/2021:08:40:03 +0800] "GET /xingrg/all/function/internal_message.html?_=1630975182223&CODE_STATE=getMsg HTTP/1.1" 200 27
222.70.179.190 - - [07/Sep/2021:08:40:09 +0800] "GET /xingrg/kc/buy/cgsh_order_operate.html?command=get_materiel&rest_code=00111&code=00101008239&supplier_code=00100005&order_time=2021-09-07 HTTP/1.1" 200 416
180.169.147.146 - - [07/Sep/2021:08:40:09 +0800] "GET /xingrg/check_reg.html?_=1630975212481 HTTP/1.1" 302 -
180.169.147.146 - - [07/Sep/2021:08:40:09 +0800] "GET /xingrg/all/function/internal_message.html?_=1630975212478&CODE_STATE=getMsg HTTP/1.1" 302 -
222.70.179.190 - - [07/Sep/2021:08:40:19 +0800] "GET /xingrg/kc/buy/cgsh_order_operate.html?command=get_materiel&rest_code=00111&code=00101008351&supplier_code=00100005&order_time=2021-09-07 HTTP/1.1" 200 408
124.79.246.142 - - [07/Sep/2021:08:40:23 +0800] "GET /xingrg/all/function/internal_message.html?_=1630975680957&CODE_STATE=getMsg HTTP/1.1" 200 27
222.70.246.151 - - [07/Sep/2021:08:40:23 +0800] "GET /xingrg/all/function/internal_message.html?_=1630975229874&CODE_STATE=getMsg HTTP/1.1" 200 27
222.70.179.190 - - [07/Sep/2021:08:40:33 +0800] "GET /xingrg/kc/buy/cgsh_order_operate.html?command=get_materiel&rest_code=00111&code=00101008175&supplier_code=00100005&order_time=2021-09-07 HTTP/1.1" 200 412
101.83.145.79 - - [07/Sep/2021:08:40:36 +0800] "GET /xingrg/kc/buy/cgsh_order_operate.html?command=get_materiel&rest_code=00105&code=00102010302&supplier_code=00100151&order_time=2021-09-07 HTTP/1.1" 200 412
101.83.145.79 - - [07/Sep/2021:08:40:41 +0800] "GET /xingrg/all/function/internal_message.html?_=1630975243497&CODE_STATE=getMsg HTTP/1.1" 200 27
222.70.179.190 - - [07/Sep/2021:08:40:44 +0800] "GET /xingrg/kc/buy/cgsh_order_operate.html?command=get_materiel&rest_code=00111&code=00101008176&supplier_code=00100005&order_time=2021-09-07 HTTP/1.1" 200 412
116.238.168.124 - - [07/Sep/2021:08:40:51 +0800] "GET /xingrg/all/function/internal_message.html?_=1630975232134&CODE_STATE=getMsg HTTP/1.1" 200 27
222.70.179.190 - - [07/Sep/2021:08:40:52 +0800] "GET /xingrg/all/function/internal_message.html?_=1630975251648&CODE_STATE=getMsg HTTP/1.1" 200 27
222.70.179.190 - - [07/Sep/2021:08:40:53 +0800] "GET /xingrg/kc/buy/cgsh_order_operate.html?command=get_materiel&rest_code=00111&code=00101008055&supplier_code=00100005&order_time=2021-09-07 HTTP/1.1" 200 409
58.40.7.146 - - [07/Sep/2021:08:40:54 +0800] "GET /xingrg/check_reg.html?_=1630975255151 HTTP/1.1" 302 -
180.169.147.146 - - [07/Sep/2021:08:40:58 +0800] "GET /xingrg/all/function/internal_message.html?_=1630975261616&CODE_STATE=getMsg HTTP/1.1" 302 -
222.70.179.190 - - [07/Sep/2021:08:41:01 +0800] "GET /xingrg/kc/buy/cgsh_order_operate.html?command=get_materiel&rest_code=00111&code=00101008257&supplier_code=00100005&order_time=2021-09-07 HTTP/1.1" 200 416
116.238.194.18 - - [07/Sep/2021:08:41:03 +0800] "GET /xingrg/all/function/internal_message.html?_=1630975242236&CODE_STATE=getMsg HTTP/1.1" 200 27
101.83.145.79 - - [07/Sep/2021:08:41:04 +0800] "POST /xingrg/kc/buy/cgsh_order_operate.html HTTP/1.1" 200 37
101.83.145.79 - - [07/Sep/2021:08:41:06 +0800] "POST /xingrg/kc/buy/cgsh_order_operate.html HTTP/1.1" 200 2663
101.83.145.79 - - [07/Sep/2021:08:41:07 +0800] "GET /xingrg/kc/print/load_config.html?kc_code=cgsh HTTP/1.1" 200 2076
101.83.145.79 - - [07/Sep/2021:08:41:07 +0800] "GET /xingrg/kc/print/load_data.html?order_code=212021090702672&kc_code=cgsh&condition= HTTP/1.1" 200 653
180.169.147.146 - - [07/Sep/2021:08:41:09 +0800] "GET /xingrg/all/function/internal_message.html?_=1630975272486&CODE_STATE=getMsg HTTP/1.1" 302 -
222.70.179.190 - - [07/Sep/2021:08:41:10 +0800] "GET /xingrg/kc/buy/cgsh_order_operate.html?command=get_materiel&rest_code=00111&code=00101008244&supplier_code=00100005&order_time=2021-09-07 HTTP/1.1" 200 408
101.83.145.79 - - [07/Sep/2021:08:41:20 +0800] "POST /xingrg/kc/buy/cgsh_order_operate.html HTTP/1.1" 200 37
101.83.145.79 - - [07/Sep/2021:08:41:21 +0800] "POST /xingrg/kc/buy/cgsh_order_operate.html HTTP/1.1" 200 2663
124.79.246.142 - - [07/Sep/2021:08:41:22 +0800] "GET /xingrg/check_reg.html?_=1630975740658 HTTP/1.1" 200 22
124.79.246.142 - - [07/Sep/2021:08:41:23 +0800] "GET /xingrg/all/function/internal_message.html?_=1630975740970&CODE_STATE=getMsg HTTP/1.1" 200 27
222.70.246.151 - - [07/Sep/2021:08:41:23 +0800] "GET /xingrg/all/function/internal_message.html?_=1630975289882&CODE_STATE=getMsg HTTP/1.1" 200 27
101.83.145.79 - - [07/Sep/2021:08:41:29 +0800] "GET /xingrg/index.html?sysBaseUrl=http%3A%2F%2F180.169.147.146%3A18081%2Fxingrg%2F&costTime=36×tamp=1585222720700 HTTP/1.1" 200 17173
101.83.145.79 - - [07/Sep/2021:08:41:29 +0800] "POST /xingrg/all/common/load_tree.html?tree=area_rest_tree_json&manage=1 HTTP/1.1" 200 3472
101.83.145.79 - - [07/Sep/2021:08:41:29 +0800] "GET /xingrg/all/function/internal_message.html?_=1630975291619&CODE_STATE=count HTTP/1.1" 200 11
101.83.145.79 - - [07/Sep/2021:08:41:29 +0800] "GET /xingrg/check_reg.html?_=1630975291620 HTTP/1.1" 200 22
101.83.145.79 - - [07/Sep/2021:08:41:29 +0800] "GET /favicon.ico HTTP/1.1" 404 -
101.83.145.79 - - [07/Sep/2021:08:41:29 +0800] "POST /xingrg/load_menu.html HTTP/1.1" 200 5138
222.70.179.190 - - [07/Sep/2021:08:41:31 +0800] "POST /xingrg/kc/buy/cgsh_order_operate.html HTTP/1.1" 200 2065
101.83.145.79 - - [07/Sep/2021:08:41:35 +0800] "GET /xingrg/kc/buy/cgsh_order_list.html HTTP/1.1" 200 47688
116.238.168.124 - - [07/Sep/2021:08:41:36 +0800] "GET /xingrg/check_reg.html?_=1630975277571 HTTP/1.1" 200 22
101.83.145.79 - - [07/Sep/2021:08:41:36 +0800] "POST /xingrg/kc/buy/cgsh_list_operate.html HTTP/1.1" 200 1673
101.83.145.79 - - [07/Sep/2021:08:41:39 +0800] "POST /xingrg/kc/buy/cgsh_list_operate.html HTTP/1.1" 200 202
101.83.145.79 - - [07/Sep/2021:08:41:39 +0800] "GET /xingrg/kc/buy/cgsh_order_info.html?code=212021090702672 HTTP/1.1" 200 63472
101.83.145.79 - - [07/Sep/2021:08:41:39 +0800] "GET /xingrg/all/common/auto_word.html?type=employee&rest_code=00105 HTTP/1.1" 200 193
101.83.145.79 - - [07/Sep/2021:08:41:39 +0800] "GET /xingrg/javascript/easyui/themes/default/validatebox.css HTTP/1.1" 404 1104
101.83.145.79 - - [07/Sep/2021:08:41:39 +0800] "GET /xingrg/all/common/auto_word.html?type=employee&rest_code=00105 HTTP/1.1" 200 193
101.83.145.79 - - [07/Sep/2021:08:41:40 +0800] "POST /xingrg/kc/buy/cgsh_order_operate.html HTTP/1.1" 200 2663
101.83.145.79 - - [07/Sep/2021:08:41:45 +0800] "GET /xingrg/kc/print/load_config.html?kc_code=cgsh HTTP/1.1" 200 2076
101.83.145.79 - - [07/Sep/2021:08:41:45 +0800] "GET /xingrg/kc/print/load_data.html?order_code=212021090702672&kc_code=cgsh&condition= HTTP/1.1" 200 653
222.70.179.190 - - [07/Sep/2021:08:41:48 +0800] "GET /xingrg/kc/buy/cgsh_order_operate.html?command=get_materiel&rest_code=00111&code=00101008067&supplier_code=00100005&order_time=2021-09-07 HTTP/1.1" 200 416
116.238.168.124 - - [07/Sep/2021:08:41:50 +0800] "GET /xingrg/all/function/internal_message.html?_=1630975292139&CODE_STATE=getMsg HTTP/1.1" 200 27
222.70.179.190 - - [07/Sep/2021:08:41:52 +0800] "GET /xingrg/all/function/internal_message.html?_=1630975311652&CODE_STATE=getMsg HTTP/1.1" 200 27
180.169.147.146 - - [07/Sep/2021:08:41:58 +0800] "GET /xingrg/all/function/internal_message.html?_=1630975321615&CODE_STATE=getMsg HTTP/1.1" 302 -
180.169.147.146 - - [07/Sep/2021:08:41:58 +0800] "GET /xingrg/check_reg.html?_=1630975321618 HTTP/1.1" 302 -
222.70.179.190 - - [07/Sep/2021:08:41:58 +0800] "GET /xingrg/kc/buy/cgsh_order_operate.html?command=get_materiel&rest_code=00111&code=00101008356&supplier_code=00100005&order_time=2021-09-07 HTTP/1.1" 200 408
116.238.194.18 - - [07/Sep/2021:08:42:03 +0800] "GET /xingrg/all/function/internal_message.html?_=1630975302250&CODE_STATE=getMsg HTTP/1.1" 200 27
222.70.179.190 - - [07/Sep/2021:08:42:06 +0800] "GET /xingrg/kc/buy/cgsh_order_operate.html?command=get_materiel&rest_code=00111&code=00101008196&supplier_code=00100005&order_time=2021-09-07 HTTP/1.1" 200 416
180.169.147.146 - - [07/Sep/2021:08:42:09 +0800] "GET /xingrg/all/function/internal_message.html?_=1630975332485&CODE_STATE=getMsg HTTP/1.1" 302 -
222.70.179.190 - - [07/Sep/2021:08:42:14 +0800] "GET /xingrg/kc/buy/cgsh_order_operate.html?command=get_materiel&rest_code=00111&code=00101008352&supplier_code=00100005&order_time=2021-09-07 HTTP/1.1" 200 412
222.70.179.190 - - [07/Sep/2021:08:42:16 +0800] "POST /xingrg/kc/buy/cgsh_order_operate.html HTTP/1.1" 200 2065
222.70.179.190 - - [07/Sep/2021:08:42:21 +0800] "GET /xingrg/kc/buy/cgsh_order_operate.html?command=get_materiel&rest_code=00111&code=00101008213&supplier_code=00100005&order_time=2021-09-07 HTTP/1.1" 200 412
222.70.246.151 - - [07/Sep/2021:08:42:22 +0800] "GET /xingrg/check_reg.html?_=1630975348669 HTTP/1.1" 200 22
124.79.246.142 - - [07/Sep/2021:08:42:23 +0800] "GET /xingrg/all/function/internal_message.html?_=1630975800985&CODE_STATE=getMsg HTTP/1.1" 200 27
222.70.246.151 - - [07/Sep/2021:08:42:23 +0800] "GET /xingrg/all/function/internal_message.html?_=1630975349895&CODE_STATE=getMsg HTTP/1.1" 200 27
101.83.145.79 - - [07/Sep/2021:08:42:29 +0800] "GET /xingrg/all/function/internal_message.html?_=1630975351639&CODE_STATE=getMsg HTTP/1.1" 200 27
222.70.179.190 - - [07/Sep/2021:08:42:36 +0800] "GET /xingrg/kc/buy/cgsh_order_operate.html?command=get_materiel&rest_code=00111&code=00101008347&supplier_code=00100005&order_time=2021-09-07 HTTP/1.1" 200 408
222.70.179.190 - - [07/Sep/2021:08:42:49 +0800] "GET /xingrg/kc/buy/cgsh_order_operate.html?command=get_materiel&rest_code=00111&code=00101008125&supplier_code=00100005&order_time=2021-09-07 HTTP/1.1" 200 413
116.238.168.124 - - [07/Sep/2021:08:42:51 +0800] "GET /xingrg/all/function/internal_message.html?_=1630975352154&CODE_STATE=getMsg HTTP/1.1" 200 27
222.70.179.190 - - [07/Sep/2021:08:42:52 +0800] "GET /xingrg/all/function/internal_message.html?_=1630975371645&CODE_STATE=getMsg HTTP/1.1" 200 27
180.169.147.146 - - [07/Sep/2021:08:42:58 +0800] "GET /xingrg/all/function/internal_message.html?_=1630975381617&CODE_STATE=getMsg HTTP/1.1" 302 -
222.70.179.190 - - [07/Sep/2021:08:42:59 +0800] "GET /xingrg/kc/buy/cgsh_order_operate.html?command=get_materiel&rest_code=00111&code=00101008415&supplier_code=00100005&order_time=2021-09-07 HTTP/1.1" 200 398
116.238.194.18 - - [07/Sep/2021:08:43:03 +0800] "GET /xingrg/check_reg.html?_=1630975362077 HTTP/1.1" 200 22
116.238.194.18 - - [07/Sep/2021:08:43:03 +0800] "GET /xingrg/all/function/internal_message.html?_=1630975362263&CODE_STATE=getMsg HTTP/1.1" 200 27
180.169.147.146 - - [07/Sep/2021:08:43:09 +0800] "GET /xingrg/all/function/internal_message.html?_=1630975392488&CODE_STATE=getMsg HTTP/1.1" 302 -
222.70.179.190 - - [07/Sep/2021:08:43:12 +0800] "GET /xingrg/kc/buy/cgsh_order_operate.html?command=get_materiel&rest_code=00111&code=00101008045&supplier_code=00100005&order_time=2021-09-07 HTTP/1.1" 200 412
222.70.179.190 - - [07/Sep/2021:08:43:16 +0800] "POST /xingrg/kc/buy/cgsh_order_operate.html HTTP/1.1" 200 2065
222.70.179.190 - - [07/Sep/2021:08:43:22 +0800] "GET /xingrg/kc/buy/cgsh_order_operate.html?command=get_materiel&rest_code=00111&code=00101008436&supplier_code=00100005&order_time=2021-09-07 HTTP/1.1" 200 398
124.79.246.142 - - [07/Sep/2021:08:43:23 +0800] "GET /xingrg/all/function/internal_message.html?_=1630975860998&CODE_STATE=getMsg HTTP/1.1" 200 27
222.70.246.151 - - [07/Sep/2021:08:43:23 +0800] "GET /xingrg/all/function/internal_message.html?_=1630975409909&CODE_STATE=getMsg HTTP/1.1" 200 27
101.83.145.79 - - [07/Sep/2021:08:43:29 +0800] "GET /xingrg/all/function/internal_message.html?_=1630975411635&CODE_STATE=getMsg HTTP/1.1" 200 27
222.70.179.190 - - [07/Sep/2021:08:43:30 +0800] "GET /xingrg/kc/buy/cgsh_order_operate.html?command=get_materiel&rest_code=00111&code=00101008010&supplier_code=00100005&order_time=2021-09-07 HTTP/1.1" 200 412
222.70.179.190 - - [07/Sep/2021:08:43:44 +0800] "GET /xingrg/kc/buy/cgsh_order_operate.html?command=get_materiel&rest_code=00111&code=00101008110&supplier_code=00100005&order_time=2021-09-07 HTTP/1.1" 200 408
116.238.168.124 - - [07/Sep/2021:08:43:51 +0800] "GET /xingrg/all/function/internal_message.html?_=1630975413024&CODE_STATE=getMsg HTTP/1.1" 200 27
222.70.179.190 - - [07/Sep/2021:08:43:52 +0800] "GET /xingrg/all/function/internal_message.html?_=1630975431648&CODE_STATE=getMsg HTTP/1.1" 200 27
222.70.179.190 - - [07/Sep/2021:08:43:52 +0800] "GET /xingrg/kc/buy/cgsh_order_operate.html?command=get_materiel&rest_code=00111&code=00101008038&supplier_code=00100005&order_time=2021-09-07 HTTP/1.1" 200 412
180.169.147.146 - - [07/Sep/2021:08:43:58 +0800] "GET /xingrg/all/function/internal_message.html?_=1630975441616&CODE_STATE=getMsg HTTP/1.1" 302 -
222.70.179.190 - - [07/Sep/2021:08:44:02 +0800] "GET /xingrg/kc/buy/cgsh_order_operate.html?command=get_materiel&rest_code=00111&code=00101008358&supplier_code=00100005&order_time=2021-09-07 HTTP/1.1" 200 412
222.70.179.190 - - [07/Sep/2021:08:44:03 +0800] "POST /xingrg/kc/buy/cgsh_order_operate.html HTTP/1.1" 200 2065
116.238.194.18 - - [07/Sep/2021:08:44:03 +0800] "GET /xingrg/all/function/internal_message.html?_=1630975422277&CODE_STATE=getMsg HTTP/1.1" 200 27
222.70.179.190 - - [07/Sep/2021:08:44:09 +0800] "GET /xingrg/kc/buy/cgsh_order_operate.html?command=get_materiel&rest_code=00111&code=00101008361&supplier_code=00100005&order_time=2021-09-07 HTTP/1.1" 200 408
180.169.147.146 - - [07/Sep/2021:08:44:09 +0800] "GET /xingrg/all/function/internal_message.html?_=1630975452505&CODE_STATE=getMsg HTTP/1.1" 302 -
124.79.246.142 - - [07/Sep/2021:08:44:23 +0800] "GET /xingrg/all/function/internal_message.html?_=1630975921012&CODE_STATE=getMsg HTTP/1.1" 200 27
222.70.246.151 - - [07/Sep/2021:08:44:23 +0800] "GET /xingrg/all/function/internal_message.html?_=1630975469924&CODE_STATE=getMsg HTTP/1.1" 200 27
222.70.179.190 - - [07/Sep/2021:08:44:26 +0800] "GET /xingrg/kc/buy/cgsh_order_operate.html?command=get_materiel&rest_code=00111&code=00101008004&supplier_code=00100005&order_time=2021-09-07 HTTP/1.1" 200 416
101.83.145.79 - - [07/Sep/2021:08:44:29 +0800] "GET /xingrg/all/function/internal_message.html?_=1630975471634&CODE_STATE=getMsg HTTP/1.1" 200 27
222.70.179.190 - - [07/Sep/2021:08:44:38 +0800] "GET /xingrg/kc/buy/cgsh_order_operate.html?command=get_materiel&rest_code=00111&code=00101008264&supplier_code=00100005&order_time=2021-09-07 HTTP/1.1" 200 412
116.230.105.26 - - [07/Sep/2021:08:44:40 +0800] "GET /xingrg/login.html HTTP/1.1" 200 7641
116.230.105.26 - - [07/Sep/2021:08:44:42 +0800] "GET /favicon.ico HTTP/1.1" 404 -
222.70.179.190 - - [07/Sep/2021:08:44:45 +0800] "GET /xingrg/kc/buy/cgsh_order_operate.html?command=get_materiel&rest_code=00111&code=00101009030&supplier_code=00100005&order_time=2021-09-07 HTTP/1.1" 200 413
222.70.179.190 - - [07/Sep/2021:08:44:48 +0800] "POST /xingrg/kc/buy/cgsh_order_operate.html HTTP/1.1" 200 2065
116.238.168.124 - - [07/Sep/2021:08:44:52 +0800] "GET /xingrg/all/function/internal_message.html?_=1630975473039&CODE_STATE=getMsg HTTP/1.1" 200 27
222.70.179.190 - - [07/Sep/2021:08:44:52 +0800] "GET /xingrg/check_reg.html?_=1630975491639 HTTP/1.1" 200 22
222.70.179.190 - - [07/Sep/2021:08:44:52 +0800] "GET /xingrg/all/function/internal_message.html?_=1630975491639&CODE_STATE=getMsg HTTP/1.1" 200 27
116.230.105.26 - - [07/Sep/2021:08:44:55 +0800] "POST /xingrg/login.do HTTP/1.1" 302 -
116.230.105.26 - - [07/Sep/2021:08:44:55 +0800] "GET /xingrg/index.html?sysBaseUrl=http%3A%2F%2F180.169.147.146%3A18081%2Fxingrg%2F&costTime=44×tamp=1630975495115 HTTP/1.1" 200 17179
116.230.105.26 - - [07/Sep/2021:08:44:55 +0800] "GET /favicon.ico HTTP/1.1" 404 -
116.230.105.26 - - [07/Sep/2021:08:44:55 +0800] "POST /xingrg/all/common/load_tree.html?tree=area_rest_tree_json&manage=1 HTTP/1.1" 200 351
116.230.105.26 - - [07/Sep/2021:08:44:55 +0800] "GET /xingrg/check_reg.html?_=1630975440281 HTTP/1.1" 200 22
116.230.105.26 - - [07/Sep/2021:08:44:55 +0800] "GET /xingrg/all/function/internal_message.html?_=1630975440280&CODE_STATE=count HTTP/1.1" 200 11
116.230.105.26 - - [07/Sep/2021:08:44:55 +0800] "POST /xingrg/load_menu.html HTTP/1.1" 200 5138
222.70.179.190 - - [07/Sep/2021:08:44:55 +0800] "GET /xingrg/kc/buy/cgsh_order_operate.html?command=get_materiel&rest_code=00111&code=00101008360&supplier_code=00100005&order_time=2021-09-07 HTTP/1.1" 200 412
180.169.147.146 - - [07/Sep/2021:08:44:58 +0800] "GET /xingrg/all/function/internal_message.html?_=1630975501614&CODE_STATE=getMsg HTTP/1.1" 302 -
116.238.194.18 - - [07/Sep/2021:08:45:03 +0800] "GET /xingrg/all/function/internal_message.html?_=1630975482291&CODE_STATE=getMsg HTTP/1.1" 200 27
116.230.105.26 - - [07/Sep/2021:08:45:06 +0800] "GET /xingrg/kc/buy/cgsh_order_list.html HTTP/1.1" 200 47694
116.230.105.26 - - [07/Sep/2021:08:45:08 +0800] "POST /xingrg/kc/buy/cgsh_list_operate.html HTTP/1.1" 200 876
180.169.147.146 - - [07/Sep/2021:08:45:09 +0800] "GET /xingrg/all/function/internal_message.html?_=1630975512500&CODE_STATE=getMsg HTTP/1.1" 302 -
180.169.147.146 - - [07/Sep/2021:08:45:09 +0800] "GET /xingrg/check_reg.html?_=1630975512501 HTTP/1.1" 302 -
222.70.179.190 - - [07/Sep/2021:08:45:18 +0800] "GET /xingrg/kc/buy/cgsh_order_operate.html?command=get_materiel&rest_code=00111&code=00101008013&supplier_code=00100005&order_time=2021-09-07 HTTP/1.1" 200 408
101.83.145.79 - - [07/Sep/2021:08:45:20 +0800] "GET /xingrg/kc/buy/cgsh_order_add.html HTTP/1.1" 200 63473
101.83.145.79 - - [07/Sep/2021:08:45:20 +0800] "POST /xingrg/kc/buy/cgsh_order_operate.html HTTP/1.1" 200 8245
101.83.145.79 - - [07/Sep/2021:08:45:21 +0800] "GET /xingrg/javascript/easyui/themes/default/validatebox.css HTTP/1.1" 404 1104
124.79.246.142 - - [07/Sep/2021:08:45:23 +0800] "GET /xingrg/all/function/internal_message.html?_=1630975981027&CODE_STATE=getMsg HTTP/1.1" 200 27
222.70.246.151 - - [07/Sep/2021:08:45:23 +0800] "GET /xingrg/all/function/internal_message.html?_=1630975529938&CODE_STATE=getMsg HTTP/1.1" 200 27
116.230.105.26 - - [07/Sep/2021:08:45:24 +0800] "GET /xingrg/kc/buy/cgsh_order_add.html HTTP/1.1" 200 63394
116.230.105.26 - - [07/Sep/2021:08:45:24 +0800] "GET /xingrg/words/20210906122753_words.js HTTP/1.1" 304 -
116.230.105.26 - - [07/Sep/2021:08:45:24 +0800] "POST /xingrg/kc/buy/cgsh_order_operate.html HTTP/1.1" 200 8245
116.230.105.26 - - [07/Sep/2021:08:45:24 +0800] "GET /xingrg/all/common/auto_word.html?type=employee&rest_code=00155 HTTP/1.1" 200 205
116.230.105.26 - - [07/Sep/2021:08:45:24 +0800] "GET /xingrg/all/common/auto_word.html?type=employee&rest_code=00155 HTTP/1.1" 200 205
116.230.105.26 - - [07/Sep/2021:08:45:24 +0800] "GET /xingrg/javascript/easyui/themes/default/validatebox.css HTTP/1.1" 404 1104
101.83.145.79 - - [07/Sep/2021:08:45:24 +0800] "GET /xingrg/javascript/auto/indicator.gif HTTP/1.1" 404 1066
222.70.179.190 - - [07/Sep/2021:08:45:28 +0800] "GET /xingrg/kc/buy/cgsh_order_operate.html?command=get_materiel&rest_code=00111&code=00101008357&supplier_code=00100005&order_time=2021-09-07 HTTP/1.1" 200 408
101.83.145.79 - - [07/Sep/2021:08:45:29 +0800] "GET /xingrg/all/function/internal_message.html?_=1630975531626&CODE_STATE=getMsg HTTP/1.1" 200 27
116.230.105.26 - - [07/Sep/2021:08:45:35 +0800] "GET /xingrg/javascript/auto/indicator.gif HTTP/1.1" 404 1066
116.230.105.26 - - [07/Sep/2021:08:45:38 +0800] "GET /xingrg/javascript/jquery_tools/images/prev.gif HTTP/1.1" 404 1086
116.230.105.26 - - [07/Sep/2021:08:45:38 +0800] "GET /xingrg/javascript/jquery_tools/images/next.gif HTTP/1.1" 404 1086
222.70.179.190 - - [07/Sep/2021:08:45:40 +0800] "GET /xingrg/kc/buy/cgsh_order_operate.html?command=get_materiel&rest_code=00111&code=00101008286&supplier_code=00100005&order_time=2021-09-07 HTTP/1.1" 200 408
222.70.179.190 - - [07/Sep/2021:08:45:44 +0800] "POST /xingrg/kc/buy/cgsh_order_operate.html HTTP/1.1" 200 2065
116.230.105.26 - - [07/Sep/2021:08:45:45 +0800] "GET /xingrg/kc/buy/cgsh_order_operate.html?command=get_materiel&rest_code=00155&code=00101007061&supplier_code=00100002&order_time=2021-09-07 HTTP/1.1" 200 409
101.83.145.79 - - [07/Sep/2021:08:45:45 +0800] "GET /xingrg/kc/buy/cgsh_order_operate.html?command=get_materiel&rest_code=00105&code=00101002027&supplier_code=00100397&order_time=2021-09-07 HTTP/1.1" 200 413
222.70.179.190 - - [07/Sep/2021:08:45:51 +0800] "GET /xingrg/kc/buy/cgsh_order_operate.html?command=get_materiel&rest_code=00111&code=00101008036&supplier_code=00100005&order_time=2021-09-07 HTTP/1.1" 200 408
222.70.179.190 - - [07/Sep/2021:08:45:52 +0800] "GET /xingrg/all/function/internal_message.html?_=1630975551646&CODE_STATE=getMsg HTTP/1.1" 200 27
116.238.168.124 - - [07/Sep/2021:08:45:53 +0800] "GET /xingrg/all/function/internal_message.html?_=1630975533915&CODE_STATE=getMsg HTTP/1.1" 200 27
58.40.7.146 - - [07/Sep/2021:08:45:54 +0800] "GET /xingrg/check_reg.html?_=1630975555128 HTTP/1.1" 302 -
124.79.246.142 - - [07/Sep/2021:08:45:55 +0800] "GET /xingrg/kc/buy/buy_main.html HTTP/1.1" 200 12412
124.79.246.142 - - [07/Sep/2021:08:45:55 +0800] "GET /xingrg/css/blue.css HTTP/1.1" 304 -
124.79.246.142 - - [07/Sep/2021:08:45:55 +0800] "GET /xingrg/javascript/jquery_easy_ui/themes/icon.css HTTP/1.1" 304 -
124.79.246.142 - - [07/Sep/2021:08:45:55 +0800] "GET /xingrg/css/new_ie.css HTTP/1.1" 404 1036
124.79.246.142 - - [07/Sep/2021:08:45:55 +0800] "GET /xingrg/javascript/pic_change.js HTTP/1.1" 304 -
124.79.246.142 - - [07/Sep/2021:08:45:55 +0800] "GET /xingrg/javascript/myfunction.js HTTP/1.1" 304 -
124.79.246.142 - - [07/Sep/2021:08:45:55 +0800] "GET /xingrg/javascript/jquery_ui/themes/humanity/humanity.css HTTP/1.1" 304 -
124.79.246.142 - - [07/Sep/2021:08:45:55 +0800] "GET /xingrg/javascript/ToolTips.js HTTP/1.1" 304 -
124.79.246.142 - - [07/Sep/2021:08:45:55 +0800] "GET /xingrg/javascript/jquery-1.4.2.min.js HTTP/1.1" 304 -
124.79.246.142 - - [07/Sep/2021:08:45:55 +0800] "GET /xingrg/javascript/jquery.utils.js HTTP/1.1" 304 -
124.79.246.142 - - [07/Sep/2021:08:45:55 +0800] "GET /xingrg/javascript/jquery_ui/jquery-ui.min.js HTTP/1.1" 304 -
124.79.246.142 - - [07/Sep/2021:08:45:55 +0800] "GET /xingrg/javascript/jquery_easy_ui/themes/default/easyui.css HTTP/1.1" 304 -
116.230.105.26 - - [07/Sep/2021:08:45:55 +0800] "GET /xingrg/all/function/internal_message.html?_=1630975500285&CODE_STATE=getMsg HTTP/1.1" 200 27
124.79.246.142 - - [07/Sep/2021:08:45:55 +0800] "GET /xingrg/images/blue/button/cgxqd.gif HTTP/1.1" 304 -
124.79.246.142 - - [07/Sep/2021:08:45:55 +0800] "GET /xingrg/images/blue/button/cgydd.gif HTTP/1.1" 304 -
124.79.246.142 - - [07/Sep/2021:08:45:55 +0800] "GET /xingrg/images/blue/button/cgshd.gif HTTP/1.1" 304 -
124.79.246.142 - - [07/Sep/2021:08:45:55 +0800] "GET /xingrg/images/blue/button/cgfkd.gif HTTP/1.1" 304 -
124.79.246.142 - - [07/Sep/2021:08:45:55 +0800] "GET /xingrg/images/blue/button/kc.gif HTTP/1.1" 304 -
124.79.246.142 - - [07/Sep/2021:08:45:55 +0800] "GET /xingrg/images/blue/button/ckthd.gif HTTP/1.1" 304 -
124.79.246.142 - - [07/Sep/2021:08:45:55 +0800] "GET /xingrg/images/blue/pic_form2.gif HTTP/1.1" 304 -
124.79.246.142 - - [07/Sep/2021:08:45:55 +0800] "GET /xingrg/javascript/jquery_ui/themes/humanity/images/ui-bg_inset-soft_100_f4f0ec_1x100.png HTTP/1.1" 304 -
124.79.246.142 - - [07/Sep/2021:08:45:55 +0800] "GET /xingrg/images/blue/bg_dotted.jpg HTTP/1.1" 304 -
124.79.246.142 - - [07/Sep/2021:08:45:55 +0800] "GET /xingrg/images/blue/button/right_ah.jpg HTTP/1.1" 304 -
124.79.246.142 - - [07/Sep/2021:08:45:55 +0800] "GET /xingrg/images/blue/button/down_ah.jpg HTTP/1.1" 304 -
124.79.246.142 - - [07/Sep/2021:08:45:55 +0800] "GET /xingrg/javascript/jquery_ui/themes/humanity/images/ui-iconsnew.jpg HTTP/1.1" 304 -
124.79.246.142 - - [07/Sep/2021:08:45:55 +0800] "GET /xingrg/javascript/jquery_ui/themes/humanity/images/ui-icons_ffffff_256x240.png HTTP/1.1" 304 -
124.79.246.142 - - [07/Sep/2021:08:45:55 +0800] "GET /xingrg/javascript/jquery_ui/themes/humanity/images/ui-icons_c47a23_256x240.png HTTP/1.1" 304 -
124.79.246.142 - - [07/Sep/2021:08:45:55 +0800] "GET /xingrg/javascript/jquery_ui/themes/humanity/images/ui-bg_glass_70_ede4d4_1x400.png HTTP/1.1" 304 -
124.79.246.142 - - [07/Sep/2021:08:45:56 +0800] "GET /xingrg/images/yd/bt.gif HTTP/1.1" 404 1040
124.79.246.142 - - [07/Sep/2021:08:45:56 +0800] "GET /xingrg/css/base.css HTTP/1.1" 304 -
124.79.246.142 - - [07/Sep/2021:08:45:56 +0800] "GET /xingrg/css/site.css HTTP/1.1" 304 -
124.79.246.142 - - [07/Sep/2021:08:45:56 +0800] "GET /xingrg/javascript/jquery_tools/datebox.css HTTP/1.1" 304 -
124.79.246.142 - - [07/Sep/2021:08:45:56 +0800] "GET /xingrg/javascript/easyui/themes/default/easyui.css HTTP/1.1" 304 -
124.79.246.142 - - [07/Sep/2021:08:45:56 +0800] "GET /xingrg/javascript/easyui/themes/icon.css HTTP/1.1" 304 -
124.79.246.142 - - [07/Sep/2021:08:45:56 +0800] "GET /xingrg/javascript/auto/jquery.autocomplete.css HTTP/1.1" 304 -
124.79.246.142 - - [07/Sep/2021:08:45:56 +0800] "GET /xingrg/javascript/jquery_tools/fix.css HTTP/1.1" 304 -
124.79.246.142 - - [07/Sep/2021:08:45:56 +0800] "GET /xingrg/javascript/jquery_tools/table.css HTTP/1.1" 304 -
124.79.246.142 - - [07/Sep/2021:08:45:56 +0800] "GET /xingrg/javascript/jquery_tools/jquery.tools.min.js HTTP/1.1" 304 -
124.79.246.142 - - [07/Sep/2021:08:45:56 +0800] "GET /xingrg/kc/buy/cgsh_order_list.html HTTP/1.1" 200 47694
124.79.246.142 - - [07/Sep/2021:08:45:56 +0800] "GET /xingrg/javascript/jquery_tools/jquery.tools.hotkey.js HTTP/1.1" 304 -
124.79.246.142 - - [07/Sep/2021:08:45:56 +0800] "GET /xingrg/javascript/jquery_tools/jquery.tools.table.js HTTP/1.1" 304 -
124.79.246.142 - - [07/Sep/2021:08:45:56 +0800] "GET /xingrg/javascript/jquery_tools/list_manager.js HTTP/1.1" 304 -
124.79.246.142 - - [07/Sep/2021:08:45:56 +0800] "GET /xingrg/javascript/auto/jquery.autocomplete.js HTTP/1.1" 304 -
124.79.246.142 - - [07/Sep/2021:08:45:56 +0800] "GET /xingrg/javascript/easyui/easyloader.js HTTP/1.1" 304 -
124.79.246.142 - - [07/Sep/2021:08:45:56 +0800] "GET /xingrg/javascript/jquery_tools/jquery.tools.extend.js HTTP/1.1" 304 -
124.79.246.142 - - [07/Sep/2021:08:45:56 +0800] "GET /xingrg/javascript/jquery.utils.js HTTP/1.1" 304 -
124.79.246.142 - - [07/Sep/2021:08:45:56 +0800] "GET /xingrg/javascript/jquery.cookie.js HTTP/1.1" 304 -
124.79.246.142 - - [07/Sep/2021:08:45:56 +0800] "GET /xingrg/javascript/print/LodopFuncs.js HTTP/1.1" 304 -
116.230.105.26 - - [07/Sep/2021:08:45:57 +0800] "GET /xingrg/kc/buy/cgsh_order_operate.html?command=get_materiel&rest_code=00155&code=00101007072&supplier_code=00100002&order_time=2021-09-07 HTTP/1.1" 200 413
124.79.246.142 - - [07/Sep/2021:08:45:57 +0800] "GET /xingrg/javascript/easyui/themes/icons/edit_add_new.png HTTP/1.1" 304 -
124.79.246.142 - - [07/Sep/2021:08:45:57 +0800] "GET /xingrg/javascript/easyui/themes/icons/cance_new.png HTTP/1.1" 304 -
124.79.246.142 - - [07/Sep/2021:08:45:57 +0800] "GET /xingrg/javascript/easyui/themes/icons/check_new.png HTTP/1.1" 304 -
124.79.246.142 - - [07/Sep/2021:08:45:57 +0800] "GET /xingrg/javascript/easyui/themes/icons/field_new.png HTTP/1.1" 304 -
124.79.246.142 - - [07/Sep/2021:08:45:57 +0800] "GET /xingrg/javascript/easyui/themes/icons/import_new.png HTTP/1.1" 304 -
124.79.246.142 - - [07/Sep/2021:08:45:57 +0800] "GET /xingrg/javascript/easyui/plugins/jquery.parser.js HTTP/1.1" 304 -
124.79.246.142 - - [07/Sep/2021:08:45:57 +0800] "GET /xingrg/images/control/ajaxLoader.gif HTTP/1.1" 304 -
124.79.246.142 - - [07/Sep/2021:08:45:57 +0800] "POST /xingrg/kc/buy/cgsh_list_operate.html HTTP/1.1" 200 876
180.169.147.146 - - [07/Sep/2021:08:45:58 +0800] "GET /xingrg/all/function/internal_message.html?_=1630975561613&CODE_STATE=getMsg HTTP/1.1" 302 -
124.79.246.142 - - [07/Sep/2021:08:46:00 +0800] "GET /xingrg/javascript/easyui/themes/default/images/button_plain_hover.png HTTP/1.1" 304 -
