180.169.147.146 - - [05/Sep/2021:09:54:50 +0800] "GET /xingrg/all/function/internal_message.html?_=1630806885944&CODE_STATE=getMsg HTTP/1.1" 200 27
58.40.7.146 - - [05/Sep/2021:09:54:50 +0800] "GET /xingrg/check_reg.html?_=1630806886363 HTTP/1.1" 200 22
58.40.7.146 - - [05/Sep/2021:09:54:50 +0800] "GET /xingrg/all/function/internal_message.html?_=1630806886365&CODE_STATE=getMsg HTTP/1.1" 200 27
116.230.105.26 - - [05/Sep/2021:09:54:51 +0800] "GET /xingrg/all/function/internal_message.html?_=1630806834518&CODE_STATE=getMsg HTTP/1.1" 200 27
222.70.246.151 - - [05/Sep/2021:09:54:52 +0800] "GET /xingrg/all/function/internal_message.html?_=1630806913424&CODE_STATE=getMsg HTTP/1.1" 200 27
116.238.194.18 - - [05/Sep/2021:09:54:52 +0800] "GET /xingrg/all/function/internal_message.html?_=1630806867673&CODE_STATE=getMsg HTTP/1.1" 200 27
101.83.145.79 - - [05/Sep/2021:09:54:57 +0800] "GET /xingrg/all/function/internal_message.html?_=1630806843362&CODE_STATE=getMsg HTTP/1.1" 302 -
116.237.74.154 - - [05/Sep/2021:09:54:59 +0800] "POST /xingrg/kc/buy/cgsh_order_operate.html HTTP/1.1" 200 37
180.169.147.146 - - [05/Sep/2021:09:54:59 +0800] "GET /xingrg/all/function/internal_message.html?_=1630806895241&CODE_STATE=getMsg HTTP/1.1" 200 27
116.237.74.154 - - [05/Sep/2021:09:55:00 +0800] "GET /xingrg/all/function/internal_message.html?_=1630806897600&CODE_STATE=getMsg HTTP/1.1" 200 27
116.237.74.154 - - [05/Sep/2021:09:55:02 +0800] "POST /xingrg/kc/buy/cgsh_order_operate.html HTTP/1.1" 200 12
180.169.147.146 - - [05/Sep/2021:09:55:02 +0800] "GET /xingrg/all/function/internal_message.html?_=1630806896167&CODE_STATE=getMsg HTTP/1.1" 200 27
116.237.74.154 - - [05/Sep/2021:09:55:04 +0800] "GET /xingrg/kc/buy/cgsh_order_info.html?code=212021090501823 HTTP/1.1" 200 58281
116.237.74.154 - - [05/Sep/2021:09:55:04 +0800] "GET /xingrg/javascript/easyui/themes/default/validatebox.css HTTP/1.1" 404 1104
116.237.74.154 - - [05/Sep/2021:09:55:05 +0800] "POST /xingrg/kc/buy/cgsh_order_operate.html HTTP/1.1" 200 612
180.169.147.146 - - [05/Sep/2021:09:55:05 +0800] "GET /xingrg/all/function/internal_message.html?_=1630806900560&CODE_STATE=getMsg HTTP/1.1" 200 27
116.237.74.154 - - [05/Sep/2021:09:55:07 +0800] "GET /xingrg/kc/print/load_data.html?order_code=212021090501823&kc_code=cgsh&condition= HTTP/1.1" 200 764
58.37.227.186 - - [05/Sep/2021:09:55:10 +0800] "GET /xingrg/all/function/internal_message.html?_=1630806784270&CODE_STATE=getMsg HTTP/1.1" 200 27
124.79.246.142 - - [05/Sep/2021:09:55:10 +0800] "GET /xingrg/check_reg.html?_=1630807362898 HTTP/1.1" 200 22
172.20.0.100 - - [05/Sep/2021:09:55:12 +0800] "GET /xingrg/all/function/internal_message.html?_=1630806905918&CODE_STATE=getMsg HTTP/1.1" 200 27
101.83.145.79 - - [05/Sep/2021:09:55:13 +0800] "GET /xingrg/all/function/internal_message.html?_=1630806908909&CODE_STATE=getMsg HTTP/1.1" 200 27
124.79.246.142 - - [05/Sep/2021:09:55:15 +0800] "GET /xingrg/all/function/internal_message.html?_=1630807368048&CODE_STATE=getMsg HTTP/1.1" 200 27
180.169.147.146 - - [05/Sep/2021:09:55:17 +0800] "GET /xingrg/all/function/internal_message.html?_=1630806913955&CODE_STATE=getMsg HTTP/1.1" 302 -
222.70.182.153 - - [05/Sep/2021:09:55:18 +0800] "GET /xingrg/check_reg.html?_=1630806904726 HTTP/1.1" 200 22
116.237.74.154 - - [05/Sep/2021:09:55:18 +0800] "GET /xingrg/kc/buy/cgsh_order_add.html HTTP/1.1" 200 63370
116.237.74.154 - - [05/Sep/2021:09:55:18 +0800] "POST /xingrg/kc/buy/cgsh_order_operate.html HTTP/1.1" 200 8245
116.237.74.154 - - [05/Sep/2021:09:55:19 +0800] "GET /xingrg/javascript/easyui/themes/default/validatebox.css HTTP/1.1" 404 1104
222.70.182.153 - - [05/Sep/2021:09:55:19 +0800] "GET /xingrg/all/function/internal_message.html?_=1630806905962&CODE_STATE=getMsg HTTP/1.1" 200 27
116.237.74.154 - - [05/Sep/2021:09:55:20 +0800] "GET /xingrg/javascript/easyui/themes/default/tree.css HTTP/1.1" 404 1090
116.237.74.154 - - [05/Sep/2021:09:55:20 +0800] "POST /xingrg/all/common/load_tree.html?tree=supplier_tree_json&isDelete=1 HTTP/1.1" 200 57570
116.238.168.124 - - [05/Sep/2021:09:55:21 +0800] "GET /xingrg/check_reg.html?_=1630806915243 HTTP/1.1" 200 22
116.238.168.124 - - [05/Sep/2021:09:55:22 +0800] "GET /xingrg/all/function/internal_message.html?_=1630806916163&CODE_STATE=getMsg HTTP/1.1" 200 27
222.69.130.14 - - [05/Sep/2021:09:55:25 +0800] "GET /xingrg/all/function/internal_message.html?_=1630806919849&CODE_STATE=getMsg HTTP/1.1" 200 27
116.232.53.2 - - [05/Sep/2021:09:55:28 +0800] "GET /xingrg/all/function/internal_message.html?_=1630806924567&CODE_STATE=getMsg HTTP/1.1" 200 27
116.238.194.18 - - [05/Sep/2021:09:55:31 +0800] "GET /xingrg/check_reg.html?_=1630806926711 HTTP/1.1" 200 22
116.238.194.18 - - [05/Sep/2021:09:55:31 +0800] "GET /xingrg/all/function/internal_message.html?_=1630806926717&CODE_STATE=getMsg HTTP/1.1" 200 27
116.237.74.154 - - [05/Sep/2021:09:55:35 +0800] "GET /xingrg/kc/buy/cgsh_order_operate.html?command=get_materiel&rest_code=00106&code=00101001125&supplier_code=00100319&order_time=2021-09-05 HTTP/1.1" 200 414
116.238.194.18 - - [05/Sep/2021:09:55:38 +0800] "GET /xingrg/kc/buy/cgsh_order_operate.html?command=get_materiel&rest_code=00150&code=00101008043&supplier_code=00100007&order_time=2021-09-05 HTTP/1.1" 200 416
120.253.135.82 - - [05/Sep/2021:09:55:42 +0800] "GET /xingrg/all/function/internal_message.html?_=1630806711854&CODE_STATE=getMsg HTTP/1.1" 200 27
116.238.194.18 - - [05/Sep/2021:09:55:47 +0800] "GET /xingrg/kc/buy/cgsh_order_operate.html?command=get_materiel&rest_code=00150&code=00101008279&supplier_code=00100007&order_time=2021-09-05 HTTP/1.1" 200 412
180.169.147.146 - - [05/Sep/2021:09:55:49 +0800] "POST /xingrg/all/report/load_report_page.html HTTP/1.1" 200 58651
180.169.147.146 - - [05/Sep/2021:09:55:49 +0800] "GET /xingrg/servlets/image?cache=0.2846426913339545&image=px HTTP/1.1" 200 807
180.169.147.146 - - [05/Sep/2021:09:55:49 +0800] "GET /xingrg/check_reg.html?_=1630806937787 HTTP/1.1" 200 22
180.169.147.146 - - [05/Sep/2021:09:55:50 +0800] "GET /xingrg/all/function/internal_message.html?_=1630806938570&CODE_STATE=getMsg HTTP/1.1" 200 27
180.169.147.146 - - [05/Sep/2021:09:55:50 +0800] "GET /xingrg/all/function/internal_message.html?_=1630806945934&CODE_STATE=getMsg HTTP/1.1" 200 27
58.40.7.146 - - [05/Sep/2021:09:55:50 +0800] "GET /xingrg/all/function/internal_message.html?_=1630806946368&CODE_STATE=getMsg HTTP/1.1" 200 27
116.230.105.26 - - [05/Sep/2021:09:55:51 +0800] "GET /xingrg/all/function/internal_message.html?_=1630806894525&CODE_STATE=getMsg HTTP/1.1" 200 27
222.70.246.151 - - [05/Sep/2021:09:55:52 +0800] "GET /xingrg/all/function/internal_message.html?_=1630806973434&CODE_STATE=getMsg HTTP/1.1" 200 27
116.237.74.154 - - [05/Sep/2021:09:55:52 +0800] "POST /xingrg/kc/buy/cgsh_order_operate.html HTTP/1.1" 200 37
116.238.194.18 - - [05/Sep/2021:09:55:52 +0800] "GET /xingrg/all/function/internal_message.html?_=1630806927701&CODE_STATE=getMsg HTTP/1.1" 200 27
116.237.74.154 - - [05/Sep/2021:09:55:55 +0800] "POST /xingrg/kc/buy/cgsh_order_operate.html HTTP/1.1" 200 12
116.237.74.154 - - [05/Sep/2021:09:55:56 +0800] "GET /xingrg/kc/buy/cgsh_order_info.html?code=212021090501824 HTTP/1.1" 200 58283
116.237.74.154 - - [05/Sep/2021:09:55:57 +0800] "GET /xingrg/javascript/easyui/themes/default/validatebox.css HTTP/1.1" 404 1104
101.83.145.79 - - [05/Sep/2021:09:55:57 +0800] "GET /xingrg/all/function/internal_message.html?_=1630806903376&CODE_STATE=getMsg HTTP/1.1" 302 -
180.169.147.146 - - [05/Sep/2021:09:55:57 +0800] "POST /xingrg/all/report/load_report_page.html HTTP/1.1" 200 470192
116.237.74.154 - - [05/Sep/2021:09:55:57 +0800] "POST /xingrg/kc/buy/cgsh_order_operate.html HTTP/1.1" 200 612
180.169.147.146 - - [05/Sep/2021:09:55:57 +0800] "GET /xingrg/servlets/image?cache=0.8996692404683051&image=px HTTP/1.1" 200 807
116.238.194.18 - - [05/Sep/2021:09:55:59 +0800] "POST /xingrg/kc/buy/cgsh_order_operate.html HTTP/1.1" 200 2065
116.237.74.154 - - [05/Sep/2021:09:55:59 +0800] "GET /xingrg/kc/print/load_data.html?order_code=212021090501824&kc_code=cgsh&condition= HTTP/1.1" 200 711
180.169.147.146 - - [05/Sep/2021:09:55:59 +0800] "GET /xingrg/all/function/internal_message.html?_=1630806955307&CODE_STATE=getMsg HTTP/1.1" 200 27
180.169.147.146 - - [05/Sep/2021:09:56:00 +0800] "GET /xingrg/check_reg.html?_=1630806955424 HTTP/1.1" 200 22
116.237.74.154 - - [05/Sep/2021:09:56:00 +0800] "GET /xingrg/check_reg.html?_=1630806957604 HTTP/1.1" 200 22
116.237.74.154 - - [05/Sep/2021:09:56:00 +0800] "GET /xingrg/all/function/internal_message.html?_=1630806957605&CODE_STATE=getMsg HTTP/1.1" 200 27
180.169.147.146 - - [05/Sep/2021:09:56:02 +0800] "GET /xingrg/all/function/internal_message.html?_=1630806956169&CODE_STATE=getMsg HTTP/1.1" 200 27
180.169.147.146 - - [05/Sep/2021:09:56:05 +0800] "GET /xingrg/all/function/internal_message.html?_=1630806960549&CODE_STATE=getMsg HTTP/1.1" 200 27
116.237.74.154 - - [05/Sep/2021:09:56:08 +0800] "GET /xingrg/kc/buy/cgsh_order_add.html HTTP/1.1" 200 63370
116.237.74.154 - - [05/Sep/2021:09:56:08 +0800] "POST /xingrg/kc/buy/cgsh_order_operate.html HTTP/1.1" 200 8245
116.237.74.154 - - [05/Sep/2021:09:56:08 +0800] "GET /xingrg/javascript/easyui/themes/default/validatebox.css HTTP/1.1" 404 1104
116.237.74.154 - - [05/Sep/2021:09:56:09 +0800] "GET /xingrg/javascript/easyui/themes/default/tree.css HTTP/1.1" 404 1090
116.237.74.154 - - [05/Sep/2021:09:56:09 +0800] "POST /xingrg/all/common/load_tree.html?tree=supplier_tree_json&isDelete=1 HTTP/1.1" 200 57570
58.37.227.186 - - [05/Sep/2021:09:56:10 +0800] "GET /xingrg/all/function/internal_message.html?_=1630806844269&CODE_STATE=getMsg HTTP/1.1" 200 27
58.37.227.186 - - [05/Sep/2021:09:56:10 +0800] "GET /xingrg/check_reg.html?_=1630806844270 HTTP/1.1" 200 22
172.20.0.100 - - [05/Sep/2021:09:56:12 +0800] "GET /xingrg/all/function/internal_message.html?_=1630806965920&CODE_STATE=getMsg HTTP/1.1" 200 27
58.40.7.146 - - [05/Sep/2021:09:56:13 +0800] "GET /xingrg/check_reg.html?_=1630806968555 HTTP/1.1" 302 -
101.83.145.79 - - [05/Sep/2021:09:56:13 +0800] "GET /xingrg/all/function/internal_message.html?_=1630806968899&CODE_STATE=getMsg HTTP/1.1" 200 27
116.238.194.18 - - [05/Sep/2021:09:56:14 +0800] "GET /xingrg/kc/buy/cgsh_order_operate.html?command=get_materiel&rest_code=00150&code=00101008313&supplier_code=00100007&order_time=2021-09-05 HTTP/1.1" 200 412
124.79.246.142 - - [05/Sep/2021:09:56:15 +0800] "GET /xingrg/all/function/internal_message.html?_=1630807428060&CODE_STATE=getMsg HTTP/1.1" 200 27
180.169.147.146 - - [05/Sep/2021:09:56:17 +0800] "GET /xingrg/all/function/internal_message.html?_=1630806973958&CODE_STATE=getMsg HTTP/1.1" 302 -
222.70.182.153 - - [05/Sep/2021:09:56:19 +0800] "GET /xingrg/all/function/internal_message.html?_=1630806965947&CODE_STATE=getMsg HTTP/1.1" 200 27
116.238.194.18 - - [05/Sep/2021:09:56:19 +0800] "GET /xingrg/kc/buy/cgsh_order_operate.html?command=get_materiel&rest_code=00150&code=00101008186&supplier_code=00100007&order_time=2021-09-05 HTTP/1.1" 200 408
116.238.168.124 - - [05/Sep/2021:09:56:22 +0800] "GET /xingrg/all/function/internal_message.html?_=1630806976175&CODE_STATE=getMsg HTTP/1.1" 200 27
222.69.130.14 - - [05/Sep/2021:09:56:25 +0800] "GET /xingrg/all/function/internal_message.html?_=1630806979849&CODE_STATE=getMsg HTTP/1.1" 200 27
116.237.74.154 - - [05/Sep/2021:09:56:27 +0800] "GET /xingrg/kc/buy/cgsh_order_operate.html?command=get_materiel&rest_code=00106&code=00101004011&supplier_code=00100088&order_time=2021-09-05 HTTP/1.1" 200 433
116.232.53.2 - - [05/Sep/2021:09:56:28 +0800] "GET /xingrg/all/function/internal_message.html?_=1630806984569&CODE_STATE=getMsg HTTP/1.1" 200 27
116.238.194.18 - - [05/Sep/2021:09:56:31 +0800] "GET /xingrg/all/function/internal_message.html?_=1630806986705&CODE_STATE=getMsg HTTP/1.1" 200 27
116.238.194.18 - - [05/Sep/2021:09:56:31 +0800] "GET /xingrg/kc/buy/cgsh_order_operate.html?command=get_materiel&rest_code=00150&code=00101008090&supplier_code=00100007&order_time=2021-09-05 HTTP/1.1" 200 409
120.253.135.82 - - [05/Sep/2021:09:56:42 +0800] "GET /xingrg/all/function/internal_message.html?_=1630806771903&CODE_STATE=getMsg HTTP/1.1" 200 27
116.237.74.154 - - [05/Sep/2021:09:56:44 +0800] "POST /xingrg/kc/buy/cgsh_order_operate.html HTTP/1.1" 200 37
116.238.194.18 - - [05/Sep/2021:09:56:46 +0800] "POST /xingrg/kc/buy/cgsh_order_operate.html HTTP/1.1" 200 2065
116.237.74.154 - - [05/Sep/2021:09:56:48 +0800] "POST /xingrg/kc/buy/cgsh_order_operate.html HTTP/1.1" 200 12
116.237.74.154 - - [05/Sep/2021:09:56:49 +0800] "GET /xingrg/kc/buy/cgsh_order_info.html?code=212021090501825 HTTP/1.1" 200 58281
116.237.74.154 - - [05/Sep/2021:09:56:50 +0800] "GET /xingrg/javascript/easyui/themes/default/validatebox.css HTTP/1.1" 404 1104
180.169.147.146 - - [05/Sep/2021:09:56:50 +0800] "GET /xingrg/all/function/internal_message.html?_=1630806998555&CODE_STATE=getMsg HTTP/1.1" 200 27
116.237.74.154 - - [05/Sep/2021:09:56:50 +0800] "POST /xingrg/kc/buy/cgsh_order_operate.html HTTP/1.1" 200 610
180.169.147.146 - - [05/Sep/2021:09:56:50 +0800] "GET /xingrg/check_reg.html?_=1630807005952 HTTP/1.1" 200 22
180.169.147.146 - - [05/Sep/2021:09:56:50 +0800] "GET /xingrg/all/function/internal_message.html?_=1630807005951&CODE_STATE=getMsg HTTP/1.1" 200 27
222.70.246.151 - - [05/Sep/2021:09:56:50 +0800] "GET /xingrg/check_reg.html?_=1630807031898 HTTP/1.1" 200 22
58.40.7.146 - - [05/Sep/2021:09:56:50 +0800] "GET /xingrg/all/function/internal_message.html?_=1630807006373&CODE_STATE=getMsg HTTP/1.1" 200 27
116.230.105.26 - - [05/Sep/2021:09:56:51 +0800] "GET /xingrg/all/function/internal_message.html?_=1630806954514&CODE_STATE=getMsg HTTP/1.1" 200 27
222.70.246.151 - - [05/Sep/2021:09:56:52 +0800] "GET /xingrg/all/function/internal_message.html?_=1630807033449&CODE_STATE=getMsg HTTP/1.1" 200 27
116.238.194.18 - - [05/Sep/2021:09:56:52 +0800] "GET /xingrg/kc/buy/cgsh_order_operate.html?command=get_materiel&rest_code=00150&code=00101008168&supplier_code=00100007&order_time=2021-09-05 HTTP/1.1" 200 412
116.238.194.18 - - [05/Sep/2021:09:56:52 +0800] "GET /xingrg/all/function/internal_message.html?_=1630806987701&CODE_STATE=getMsg HTTP/1.1" 200 27
116.237.74.154 - - [05/Sep/2021:09:56:53 +0800] "GET /xingrg/kc/print/load_data.html?order_code=212021090501825&kc_code=cgsh&condition= HTTP/1.1" 200 770
101.83.145.79 - - [05/Sep/2021:09:56:57 +0800] "GET /xingrg/all/function/internal_message.html?_=1630806963361&CODE_STATE=getMsg HTTP/1.1" 302 -
116.238.194.18 - - [05/Sep/2021:09:56:58 +0800] "GET /xingrg/kc/buy/cgsh_order_operate.html?command=get_materiel&rest_code=00150&code=00101008236&supplier_code=00100007&order_time=2021-09-05 HTTP/1.1" 200 416
116.237.74.154 - - [05/Sep/2021:09:56:58 +0800] "GET /xingrg/kc/buy/cgsh_order_add.html HTTP/1.1" 200 63370
116.237.74.154 - - [05/Sep/2021:09:56:58 +0800] "GET /xingrg/javascript/easyui/themes/default/validatebox.css HTTP/1.1" 404 1104
116.237.74.154 - - [05/Sep/2021:09:56:58 +0800] "POST /xingrg/kc/buy/cgsh_order_operate.html HTTP/1.1" 200 8245
116.237.74.154 - - [05/Sep/2021:09:56:59 +0800] "GET /xingrg/javascript/easyui/themes/default/tree.css HTTP/1.1" 404 1090
180.169.147.146 - - [05/Sep/2021:09:56:59 +0800] "GET /xingrg/all/function/internal_message.html?_=1630807015278&CODE_STATE=getMsg HTTP/1.1" 200 27
116.237.74.154 - - [05/Sep/2021:09:56:59 +0800] "POST /xingrg/all/common/load_tree.html?tree=supplier_tree_json&isDelete=1 HTTP/1.1" 200 57570
116.237.74.154 - - [05/Sep/2021:09:57:01 +0800] "GET /xingrg/all/function/internal_message.html?_=1630807018009&CODE_STATE=getMsg HTTP/1.1" 200 27
180.169.147.146 - - [05/Sep/2021:09:57:02 +0800] "GET /xingrg/all/function/internal_message.html?_=1630807016173&CODE_STATE=getMsg HTTP/1.1" 200 27
180.169.147.146 - - [05/Sep/2021:09:57:05 +0800] "GET /xingrg/all/function/internal_message.html?_=1630807020554&CODE_STATE=getMsg HTTP/1.1" 200 27
180.169.147.146 - - [05/Sep/2021:09:57:05 +0800] "GET /xingrg/check_reg.html?_=1630807020556 HTTP/1.1" 200 22
116.238.194.18 - - [05/Sep/2021:09:57:05 +0800] "GET /xingrg/kc/buy/cgsh_order_operate.html?command=get_materiel&rest_code=00150&code=00101008061&supplier_code=00100007&order_time=2021-09-05 HTTP/1.1" 200 422
58.37.227.186 - - [05/Sep/2021:09:57:10 +0800] "GET /xingrg/all/function/internal_message.html?_=1630806904270&CODE_STATE=getMsg HTTP/1.1" 200 27
172.20.0.100 - - [05/Sep/2021:09:57:12 +0800] "GET /xingrg/check_reg.html?_=1630807025910 HTTP/1.1" 200 22
172.20.0.100 - - [05/Sep/2021:09:57:12 +0800] "GET /xingrg/all/function/internal_message.html?_=1630807025912&CODE_STATE=getMsg HTTP/1.1" 200 27
101.83.145.79 - - [05/Sep/2021:09:57:13 +0800] "GET /xingrg/check_reg.html?_=1630807028925 HTTP/1.1" 200 22
101.83.145.79 - - [05/Sep/2021:09:57:13 +0800] "GET /xingrg/all/function/internal_message.html?_=1630807028921&CODE_STATE=getMsg HTTP/1.1" 200 27
116.237.74.154 - - [05/Sep/2021:09:57:15 +0800] "GET /xingrg/kc/buy/cgsh_order_operate.html?command=get_materiel&rest_code=00106&code=00101004065&supplier_code=00100086&order_time=2021-09-05 HTTP/1.1" 200 433
124.79.246.142 - - [05/Sep/2021:09:57:16 +0800] "GET /xingrg/all/function/internal_message.html?_=1630807488526&CODE_STATE=getMsg HTTP/1.1" 200 27
180.169.147.146 - - [05/Sep/2021:09:57:17 +0800] "GET /xingrg/all/function/internal_message.html?_=1630807033983&CODE_STATE=getMsg HTTP/1.1" 302 -
116.238.194.18 - - [05/Sep/2021:09:57:17 +0800] "POST /xingrg/kc/buy/cgsh_order_operate.html HTTP/1.1" 200 75
222.70.182.153 - - [05/Sep/2021:09:57:19 +0800] "GET /xingrg/all/function/internal_message.html?_=1630807025930&CODE_STATE=getMsg HTTP/1.1" 200 27
116.238.168.124 - - [05/Sep/2021:09:57:22 +0800] "GET /xingrg/all/function/internal_message.html?_=1630807036294&CODE_STATE=getMsg HTTP/1.1" 200 27
222.69.130.14 - - [05/Sep/2021:09:57:25 +0800] "GET /xingrg/all/function/internal_message.html?_=1630807039852&CODE_STATE=getMsg HTTP/1.1" 200 27
116.238.194.18 - - [05/Sep/2021:09:57:27 +0800] "POST /xingrg/kc/buy/cgsh_order_operate.html HTTP/1.1" 200 37
116.237.74.154 - - [05/Sep/2021:09:57:27 +0800] "POST /xingrg/kc/buy/cgsh_order_operate.html HTTP/1.1" 200 88
116.232.53.2 - - [05/Sep/2021:09:57:28 +0800] "GET /xingrg/all/function/internal_message.html?_=1630807044566&CODE_STATE=getMsg HTTP/1.1" 200 27
116.238.194.18 - - [05/Sep/2021:09:57:28 +0800] "POST /xingrg/kc/buy/cgsh_order_operate.html HTTP/1.1" 200 40509
116.238.194.18 - - [05/Sep/2021:09:57:31 +0800] "GET /xingrg/all/function/internal_message.html?_=1630807046716&CODE_STATE=getMsg HTTP/1.1" 200 27
116.237.74.154 - - [05/Sep/2021:09:57:33 +0800] "POST /xingrg/kc/buy/cgsh_order_operate.html HTTP/1.1" 200 37
116.237.74.154 - - [05/Sep/2021:09:57:36 +0800] "POST /xingrg/kc/buy/cgsh_order_operate.html HTTP/1.1" 200 12
116.237.74.154 - - [05/Sep/2021:09:57:37 +0800] "GET /xingrg/kc/buy/cgsh_order_info.html?code=212021090501829 HTTP/1.1" 200 58283
116.237.74.154 - - [05/Sep/2021:09:57:37 +0800] "GET /xingrg/javascript/easyui/themes/default/validatebox.css HTTP/1.1" 404 1104
116.237.74.154 - - [05/Sep/2021:09:57:38 +0800] "POST /xingrg/kc/buy/cgsh_order_operate.html HTTP/1.1" 200 610
116.237.74.154 - - [05/Sep/2021:09:57:40 +0800] "GET /xingrg/kc/print/load_data.html?order_code=212021090501829&kc_code=cgsh&condition= HTTP/1.1" 200 765
120.253.135.82 - - [05/Sep/2021:09:57:42 +0800] "GET /xingrg/all/function/internal_message.html?_=1630806831912&CODE_STATE=getMsg HTTP/1.1" 200 27
180.169.147.146 - - [05/Sep/2021:09:57:50 +0800] "GET /xingrg/all/function/internal_message.html?_=1630807058541&CODE_STATE=getMsg HTTP/1.1" 200 27
180.169.147.146 - - [05/Sep/2021:09:57:50 +0800] "GET /xingrg/all/function/internal_message.html?_=1630807065951&CODE_STATE=getMsg HTTP/1.1" 200 27
58.40.7.146 - - [05/Sep/2021:09:57:50 +0800] "GET /xingrg/all/function/internal_message.html?_=1630807066375&CODE_STATE=getMsg HTTP/1.1" 200 27
116.237.74.154 - - [05/Sep/2021:09:57:51 +0800] "GET /xingrg/kc/buy/cgsh_order_add.html HTTP/1.1" 200 63370
116.237.74.154 - - [05/Sep/2021:09:57:51 +0800] "POST /xingrg/kc/buy/cgsh_order_operate.html HTTP/1.1" 200 8245
116.237.74.154 - - [05/Sep/2021:09:57:51 +0800] "GET /xingrg/javascript/easyui/themes/default/validatebox.css HTTP/1.1" 404 1104
116.230.105.26 - - [05/Sep/2021:09:57:51 +0800] "GET /xingrg/all/function/internal_message.html?_=1630807014526&CODE_STATE=getMsg HTTP/1.1" 200 27
116.230.105.26 - - [05/Sep/2021:09:57:51 +0800] "GET /xingrg/check_reg.html?_=1630807014528 HTTP/1.1" 200 22
222.70.246.151 - - [05/Sep/2021:09:57:52 +0800] "GET /xingrg/all/function/internal_message.html?_=1630807093461&CODE_STATE=getMsg HTTP/1.1" 200 27
116.238.194.18 - - [05/Sep/2021:09:57:52 +0800] "GET /xingrg/all/function/internal_message.html?_=1630807047727&CODE_STATE=getMsg HTTP/1.1" 200 27
116.237.74.154 - - [05/Sep/2021:09:57:52 +0800] "GET /xingrg/javascript/easyui/themes/default/tree.css HTTP/1.1" 404 1090
116.237.74.154 - - [05/Sep/2021:09:57:52 +0800] "POST /xingrg/all/common/load_tree.html?tree=supplier_tree_json&isDelete=1 HTTP/1.1" 200 57570
101.83.145.79 - - [05/Sep/2021:09:57:57 +0800] "GET /xingrg/all/function/internal_message.html?_=1630807023375&CODE_STATE=getMsg HTTP/1.1" 302 -
180.169.147.146 - - [05/Sep/2021:09:57:59 +0800] "GET /xingrg/all/function/internal_message.html?_=1630807075250&CODE_STATE=getMsg HTTP/1.1" 200 27
116.237.74.154 - - [05/Sep/2021:09:58:01 +0800] "GET /xingrg/all/function/internal_message.html?_=1630807077990&CODE_STATE=getMsg HTTP/1.1" 200 27
180.169.147.146 - - [05/Sep/2021:09:58:02 +0800] "GET /xingrg/check_reg.html?_=1630807076175 HTTP/1.1" 200 22
180.169.147.146 - - [05/Sep/2021:09:58:02 +0800] "GET /xingrg/all/function/internal_message.html?_=1630807076177&CODE_STATE=getMsg HTTP/1.1" 200 27
180.169.147.146 - - [05/Sep/2021:09:58:05 +0800] "GET /xingrg/all/function/internal_message.html?_=1630807080559&CODE_STATE=getMsg HTTP/1.1" 200 27
58.37.227.186 - - [05/Sep/2021:09:58:10 +0800] "GET /xingrg/all/function/internal_message.html?_=1630806964268&CODE_STATE=getMsg HTTP/1.1" 200 27
116.237.74.154 - - [05/Sep/2021:09:58:11 +0800] "GET /xingrg/kc/buy/cgsh_order_operate.html?command=get_materiel&rest_code=00106&code=00101001051&supplier_code=00100094&order_time=2021-09-05 HTTP/1.1" 200 424
172.20.0.100 - - [05/Sep/2021:09:58:12 +0800] "GET /xingrg/all/function/internal_message.html?_=1630807085914&CODE_STATE=getMsg HTTP/1.1" 200 27
101.83.145.79 - - [05/Sep/2021:09:58:13 +0800] "GET /xingrg/all/function/internal_message.html?_=1630807088910&CODE_STATE=getMsg HTTP/1.1" 200 27
124.79.246.142 - - [05/Sep/2021:09:58:16 +0800] "GET /xingrg/all/function/internal_message.html?_=1630807548539&CODE_STATE=getMsg HTTP/1.1" 200 27
180.169.147.146 - - [05/Sep/2021:09:58:17 +0800] "GET /xingrg/all/function/internal_message.html?_=1630807093985&CODE_STATE=getMsg HTTP/1.1" 302 -
222.70.182.153 - - [05/Sep/2021:09:58:19 +0800] "GET /xingrg/all/function/internal_message.html?_=1630807085918&CODE_STATE=getMsg HTTP/1.1" 200 27
116.238.168.124 - - [05/Sep/2021:09:58:22 +0800] "GET /xingrg/all/function/internal_message.html?_=1630807096311&CODE_STATE=getMsg HTTP/1.1" 200 27
222.69.130.14 - - [05/Sep/2021:09:58:25 +0800] "GET /xingrg/all/function/internal_message.html?_=1630807099856&CODE_STATE=getMsg HTTP/1.1" 200 27
116.237.74.154 - - [05/Sep/2021:09:58:28 +0800] "POST /xingrg/kc/buy/cgsh_order_operate.html HTTP/1.1" 200 37
116.232.53.2 - - [05/Sep/2021:09:58:28 +0800] "GET /xingrg/all/function/internal_message.html?_=1630807104578&CODE_STATE=getMsg HTTP/1.1" 200 27
116.237.74.154 - - [05/Sep/2021:09:58:31 +0800] "POST /xingrg/kc/buy/cgsh_order_operate.html HTTP/1.1" 200 12
116.238.194.18 - - [05/Sep/2021:09:58:31 +0800] "GET /xingrg/all/function/internal_message.html?_=1630807106796&CODE_STATE=getMsg HTTP/1.1" 200 27
116.237.74.154 - - [05/Sep/2021:09:58:32 +0800] "GET /xingrg/kc/buy/cgsh_order_info.html?code=212021090501830 HTTP/1.1" 200 58279
116.237.74.154 - - [05/Sep/2021:09:58:32 +0800] "GET /xingrg/javascript/easyui/themes/default/validatebox.css HTTP/1.1" 404 1104
116.237.74.154 - - [05/Sep/2021:09:58:33 +0800] "POST /xingrg/kc/buy/cgsh_order_operate.html HTTP/1.1" 200 621
116.237.74.154 - - [05/Sep/2021:09:58:35 +0800] "GET /xingrg/kc/print/load_data.html?order_code=212021090501830&kc_code=cgsh&condition= HTTP/1.1" 200 782
120.253.135.82 - - [05/Sep/2021:09:58:41 +0800] "GET /xingrg/check_reg.html?_=1630806890997 HTTP/1.1" 200 22
116.238.194.18 - - [05/Sep/2021:09:58:41 +0800] "GET /xingrg/check_reg.html?_=1630807096699 HTTP/1.1" 200 22
180.169.147.146 - - [05/Sep/2021:09:58:41 +0800] "GET /xingrg/check_reg.html?_=1630807118537 HTTP/1.1" 302 -
120.253.135.82 - - [05/Sep/2021:09:58:42 +0800] "GET /xingrg/all/function/internal_message.html?_=1630806891926&CODE_STATE=getMsg HTTP/1.1" 200 27
116.237.74.154 - - [05/Sep/2021:09:58:47 +0800] "GET /xingrg/kc/buy/cgsh_order_add.html HTTP/1.1" 200 63370
116.237.74.154 - - [05/Sep/2021:09:58:47 +0800] "POST /xingrg/kc/buy/cgsh_order_operate.html HTTP/1.1" 200 8245
116.237.74.154 - - [05/Sep/2021:09:58:47 +0800] "GET /xingrg/javascript/easyui/themes/default/validatebox.css HTTP/1.1" 404 1104
116.237.74.154 - - [05/Sep/2021:09:58:48 +0800] "GET /xingrg/javascript/easyui/themes/default/tree.css HTTP/1.1" 404 1090
116.237.74.154 - - [05/Sep/2021:09:58:48 +0800] "POST /xingrg/all/common/load_tree.html?tree=supplier_tree_json&isDelete=1 HTTP/1.1" 200 57570
180.169.147.146 - - [05/Sep/2021:09:58:50 +0800] "GET /xingrg/all/function/internal_message.html?_=1630807118526&CODE_STATE=getMsg HTTP/1.1" 200 27
180.169.147.146 - - [05/Sep/2021:09:58:50 +0800] "GET /xingrg/all/function/internal_message.html?_=1630807125941&CODE_STATE=getMsg HTTP/1.1" 200 27
58.40.7.146 - - [05/Sep/2021:09:58:50 +0800] "GET /xingrg/all/function/internal_message.html?_=1630807126379&CODE_STATE=getMsg HTTP/1.1" 200 27
116.230.105.26 - - [05/Sep/2021:09:58:51 +0800] "GET /xingrg/all/function/internal_message.html?_=1630807074520&CODE_STATE=getMsg HTTP/1.1" 200 27
222.70.246.151 - - [05/Sep/2021:09:58:52 +0800] "GET /xingrg/all/function/internal_message.html?_=1630807153474&CODE_STATE=getMsg HTTP/1.1" 200 27
116.238.194.18 - - [05/Sep/2021:09:58:52 +0800] "GET /xingrg/all/function/internal_message.html?_=1630807107728&CODE_STATE=getMsg HTTP/1.1" 200 27
101.83.145.79 - - [05/Sep/2021:09:58:57 +0800] "GET /xingrg/all/function/internal_message.html?_=1630807083374&CODE_STATE=getMsg HTTP/1.1" 302 -
101.83.145.79 - - [05/Sep/2021:09:58:57 +0800] "GET /xingrg/check_reg.html?_=1630807083376 HTTP/1.1" 302 -
180.169.147.146 - - [05/Sep/2021:09:58:59 +0800] "GET /xingrg/all/function/internal_message.html?_=1630807135244&CODE_STATE=getMsg HTTP/1.1" 200 27
116.237.74.154 - - [05/Sep/2021:09:59:01 +0800] "GET /xingrg/all/function/internal_message.html?_=1630807137972&CODE_STATE=getMsg HTTP/1.1" 200 27
180.169.147.146 - - [05/Sep/2021:09:59:02 +0800] "GET /xingrg/all/function/internal_message.html?_=1630807136161&CODE_STATE=getMsg HTTP/1.1" 200 27
180.169.147.146 - - [05/Sep/2021:09:59:05 +0800] "GET /xingrg/all/function/internal_message.html?_=1630807140553&CODE_STATE=getMsg HTTP/1.1" 200 27
116.237.74.154 - - [05/Sep/2021:09:59:07 +0800] "GET /xingrg/kc/buy/cgsh_order_operate.html?command=get_materiel&rest_code=00106&code=00101010309&supplier_code=00100091&order_time=2021-09-05 HTTP/1.1" 200 423
58.37.227.186 - - [05/Sep/2021:09:59:10 +0800] "GET /xingrg/all/function/internal_message.html?_=1630807024268&CODE_STATE=getMsg HTTP/1.1" 200 27
172.20.0.100 - - [05/Sep/2021:09:59:12 +0800] "GET /xingrg/all/function/internal_message.html?_=1630807145917&CODE_STATE=getMsg HTTP/1.1" 200 27
101.83.145.79 - - [05/Sep/2021:09:59:13 +0800] "GET /xingrg/all/function/internal_message.html?_=1630807148903&CODE_STATE=getMsg HTTP/1.1" 200 27
124.79.246.142 - - [05/Sep/2021:09:59:16 +0800] "GET /xingrg/all/function/internal_message.html?_=1630807609006&CODE_STATE=getMsg HTTP/1.1" 200 27
180.169.147.146 - - [05/Sep/2021:09:59:17 +0800] "GET /xingrg/all/function/internal_message.html?_=1630807154009&CODE_STATE=getMsg HTTP/1.1" 302 -
222.70.182.153 - - [05/Sep/2021:09:59:19 +0800] "GET /xingrg/all/function/internal_message.html?_=1630807145901&CODE_STATE=getMsg HTTP/1.1" 200 27
116.238.168.124 - - [05/Sep/2021:09:59:22 +0800] "GET /xingrg/all/function/internal_message.html?_=1630807156431&CODE_STATE=getMsg HTTP/1.1" 200 27
222.69.130.14 - - [05/Sep/2021:09:59:25 +0800] "GET /xingrg/all/function/internal_message.html?_=1630807159858&CODE_STATE=getMsg HTTP/1.1" 200 27
222.69.130.14 - - [05/Sep/2021:09:59:25 +0800] "GET /xingrg/check_reg.html?_=1630807159859 HTTP/1.1" 200 22
116.232.53.2 - - [05/Sep/2021:09:59:28 +0800] "GET /xingrg/all/function/internal_message.html?_=1630807164579&CODE_STATE=getMsg HTTP/1.1" 200 27
116.232.53.2 - - [05/Sep/2021:09:59:28 +0800] "GET /xingrg/check_reg.html?_=1630807164581 HTTP/1.1" 200 22
116.238.194.18 - - [05/Sep/2021:09:59:31 +0800] "GET /xingrg/all/function/internal_message.html?_=1630807166784&CODE_STATE=getMsg HTTP/1.1" 200 27
120.253.135.82 - - [05/Sep/2021:09:59:42 +0800] "GET /xingrg/all/function/internal_message.html?_=1630806951939&CODE_STATE=getMsg HTTP/1.1" 200 27
116.237.74.154 - - [05/Sep/2021:09:59:44 +0800] "GET /xingrg/kc/buy/cgsh_order_operate.html?command=get_materiel&rest_code=00106&code=00101002006&supplier_code=00100091&order_time=2021-09-05 HTTP/1.1" 200 414
180.169.147.146 - - [05/Sep/2021:09:59:50 +0800] "GET /xingrg/all/function/internal_message.html?_=1630807178511&CODE_STATE=getMsg HTTP/1.1" 200 27
180.169.147.146 - - [05/Sep/2021:09:59:50 +0800] "GET /xingrg/all/function/internal_message.html?_=1630807185949&CODE_STATE=getMsg HTTP/1.1" 200 27
58.40.7.146 - - [05/Sep/2021:09:59:50 +0800] "GET /xingrg/check_reg.html?_=1630807186367 HTTP/1.1" 200 22
58.40.7.146 - - [05/Sep/2021:09:59:50 +0800] "GET /xingrg/all/function/internal_message.html?_=1630807186368&CODE_STATE=getMsg HTTP/1.1" 200 27
116.230.105.26 - - [05/Sep/2021:09:59:51 +0800] "GET /xingrg/all/function/internal_message.html?_=1630807134519&CODE_STATE=getMsg HTTP/1.1" 200 27
222.70.246.151 - - [05/Sep/2021:09:59:52 +0800] "GET /xingrg/all/function/internal_message.html?_=1630807213563&CODE_STATE=getMsg HTTP/1.1" 200 27
116.238.194.18 - - [05/Sep/2021:09:59:52 +0800] "GET /xingrg/all/function/internal_message.html?_=1630807167741&CODE_STATE=getMsg HTTP/1.1" 200 27
120.253.135.82 - - [05/Sep/2021:09:59:55 +0800] "GET /xingrg/kc/report/report_main.html HTTP/1.1" 200 9370
120.253.135.82 - - [05/Sep/2021:09:59:55 +0800] "POST /xingrg/kc/pszx/mdps_list_operate.html HTTP/1.1" 200 3913
120.253.135.82 - - [05/Sep/2021:09:59:56 +0800] "GET /xingrg/kc/base/kc_stocks.html HTTP/1.1" 200 16437
120.253.135.82 - - [05/Sep/2021:09:59:56 +0800] "GET /xingrg/javascript/easyui/themes/default/tree.css HTTP/1.1" 404 1090
120.253.135.82 - - [05/Sep/2021:09:59:56 +0800] "POST /xingrg/all/common/load_tree.html?tree=materiel_sort_tree_json HTTP/1.1" 200 8666
101.83.145.79 - - [05/Sep/2021:09:59:57 +0800] "GET /xingrg/all/function/internal_message.html?_=1630807143400&CODE_STATE=getMsg HTTP/1.1" 302 -
120.253.135.82 - - [05/Sep/2021:09:59:58 +0800] "POST /xingrg/all/common/load_combo.html?type=base HTTP/1.1" 200 1075
180.169.147.146 - - [05/Sep/2021:09:59:59 +0800] "GET /xingrg/all/function/internal_message.html?_=1630807195248&CODE_STATE=getMsg HTTP/1.1" 200 27
116.237.74.154 - - [05/Sep/2021:10:00:01 +0800] "GET /xingrg/all/function/internal_message.html?_=1630807197943&CODE_STATE=getMsg HTTP/1.1" 200 27
180.169.147.146 - - [05/Sep/2021:10:00:02 +0800] "GET /xingrg/all/function/internal_message.html?_=1630807196163&CODE_STATE=getMsg HTTP/1.1" 200 27
180.169.147.146 - - [05/Sep/2021:10:00:05 +0800] "GET /xingrg/all/function/internal_message.html?_=1630807200572&CODE_STATE=getMsg HTTP/1.1" 200 27
120.253.135.82 - - [05/Sep/2021:10:00:09 +0800] "GET /xingrg/javascript/jquery_easy_ui/themes/default/images/tabs_active.png HTTP/1.1" 304 -
58.37.227.186 - - [05/Sep/2021:10:00:10 +0800] "GET /xingrg/all/function/internal_message.html?_=1630807084267&CODE_STATE=getMsg HTTP/1.1" 200 27
124.79.246.142 - - [05/Sep/2021:10:00:10 +0800] "GET /xingrg/check_reg.html?_=1630807662905 HTTP/1.1" 200 22
120.253.135.82 - - [05/Sep/2021:10:00:11 +0800] "POST /xingrg/kc/base/stock_operate.html HTTP/1.1" 200 765
172.20.0.100 - - [05/Sep/2021:10:00:12 +0800] "GET /xingrg/all/function/internal_message.html?_=1630807205919&CODE_STATE=getMsg HTTP/1.1" 200 27
101.83.145.79 - - [05/Sep/2021:10:00:13 +0800] "GET /xingrg/all/function/internal_message.html?_=1630807208915&CODE_STATE=getMsg HTTP/1.1" 200 27
116.237.74.154 - - [05/Sep/2021:10:00:15 +0800] "GET /xingrg/kc/buy/cgsh_order_operate.html?command=get_materiel&rest_code=00106&code=00101003019&supplier_code=00100091&order_time=2021-09-05 HTTP/1.1" 200 413
120.253.135.82 - - [05/Sep/2021:10:00:15 +0800] "POST /xingrg/kc/base/stock_operate.html HTTP/1.1" 200 765
124.79.246.142 - - [05/Sep/2021:10:00:16 +0800] "GET /xingrg/all/function/internal_message.html?_=1630807669020&CODE_STATE=getMsg HTTP/1.1" 200 27
180.169.147.146 - - [05/Sep/2021:10:00:17 +0800] "GET /xingrg/all/function/internal_message.html?_=1630807214012&CODE_STATE=getMsg HTTP/1.1" 302 -
222.70.182.153 - - [05/Sep/2021:10:00:18 +0800] "GET /xingrg/check_reg.html?_=1630807204715 HTTP/1.1" 200 22
222.70.182.153 - - [05/Sep/2021:10:00:19 +0800] "GET /xingrg/all/function/internal_message.html?_=1630807205875&CODE_STATE=getMsg HTTP/1.1" 200 27
116.238.168.124 - - [05/Sep/2021:10:00:21 +0800] "GET /xingrg/check_reg.html?_=1630807215250 HTTP/1.1" 200 22
116.238.168.124 - - [05/Sep/2021:10:00:22 +0800] "GET /xingrg/all/function/internal_message.html?_=1630807216554&CODE_STATE=getMsg HTTP/1.1" 200 27
120.253.135.82 - - [05/Sep/2021:10:00:24 +0800] "GET /xingrg/kc/base/kc_stocks.html HTTP/1.1" 200 16437
120.253.135.82 - - [05/Sep/2021:10:00:24 +0800] "GET /xingrg/javascript/easyui/themes/default/tree.css HTTP/1.1" 404 1090
120.253.135.82 - - [05/Sep/2021:10:00:25 +0800] "POST /xingrg/all/common/load_tree.html?tree=materiel_sort_tree_json HTTP/1.1" 200 8666
222.69.130.14 - - [05/Sep/2021:10:00:25 +0800] "GET /xingrg/all/function/internal_message.html?_=1630807219858&CODE_STATE=getMsg HTTP/1.1" 200 27
116.232.53.2 - - [05/Sep/2021:10:00:28 +0800] "GET /xingrg/all/function/internal_message.html?_=1630807224579&CODE_STATE=getMsg HTTP/1.1" 200 27
116.237.74.154 - - [05/Sep/2021:10:00:31 +0800] "GET /xingrg/kc/buy/cgsh_order_operate.html?command=get_materiel&rest_code=00106&code=00101003037&supplier_code=00100091&order_time=2021-09-05 HTTP/1.1" 200 415
116.238.194.18 - - [05/Sep/2021:10:00:31 +0800] "GET /xingrg/check_reg.html?_=1630807226721 HTTP/1.1" 200 22
116.238.194.18 - - [05/Sep/2021:10:00:31 +0800] "GET /xingrg/all/function/internal_message.html?_=1630807226993&CODE_STATE=getMsg HTTP/1.1" 200 27
120.253.135.82 - - [05/Sep/2021:10:00:33 +0800] "POST /xingrg/kc/base/stock_operate.html HTTP/1.1" 200 2197
180.169.147.146 - - [05/Sep/2021:10:00:35 +0800] "GET /xingrg/all/report/report_query.html?isQuery=1&fileName=kc/base/crk_detail_by_list.xml&queryString=&queryText=%25E3%2580%2590%25E4%25BB%2593%25E5%25BA%2593%25E5%2590%258D%25E7%25A7%25B0%253A%25E5%258E%25A8%25E6%2588%25BF%25E3%2580%2591%25E3%2580%2590%25E4%25B8%259A%25E5%258A%25A1%25E7%25B1%25BB%25E5%259E%258B%25EF%25BC%259A%25E9%2587%2587%25E8%25B4%25AD%25E5%2585%25A5%25E5%25BA%2593%25E3%2580%2591%2520%253F%253F%253F%253F%253F2021-08-01%253F%253F2021-08-31%2520%253F%253F%253F%253F%253F%253F%253F%252C%25D0%25A1%253F%253F%253F%252C%253F%253F%253F%252C%253F%253F%253F%252C%253F%253F%253F%253F%253F%252C%253F%253F%253F%253F%253F%253F&tableQueryString=crk_table%2524sp1%2524order_day%2520between%252020210801%2520and%252020210831%2520and%2520(base_code%253D'0010728')%2520and%2520(src_order_type%2520in%2520(21))%2520and%2520(is_rk%2520in%2520(1))%2520and%2520(a.materiel_code%253D'00101010283') HTTP/1.1" 200 51071
180.169.147.146 - - [05/Sep/2021:10:00:36 +0800] "GET /xingrg/dwr/interface/AjaxReportQueryService.js HTTP/1.1" 200 13203
180.169.147.146 - - [05/Sep/2021:10:00:36 +0800] "GET /xingrg/dwr/engine.js HTTP/1.1" 200 43631
180.169.147.146 - - [05/Sep/2021:10:00:37 +0800] "POST /xingrg/all/report/load_report_page.html HTTP/1.1" 200 15993
180.169.147.146 - - [05/Sep/2021:10:00:37 +0800] "GET /xingrg/servlets/image?cache=0.8106407548884809&image=px HTTP/1.1" 200 807
120.253.135.82 - - [05/Sep/2021:10:00:41 +0800] "GET /xingrg/kc/base/stock_detail.html?m=00101013093 HTTP/1.1" 200 6349
120.253.135.82 - - [05/Sep/2021:10:00:41 +0800] "GET /xingrg/javascript/jquery_easy_ui/themes/default/images/button_a_bg.gif HTTP/1.1" 304 -
120.253.135.82 - - [05/Sep/2021:10:00:41 +0800] "GET /xingrg/javascript/jquery_easy_ui/themes/default/images/button_span_bg.gif HTTP/1.1" 304 -
120.253.135.82 - - [05/Sep/2021:10:00:41 +0800] "GET /xingrg/javascript/jquery_easy_ui/themes/default/images/menu.gif HTTP/1.1" 200 834
120.253.135.82 - - [05/Sep/2021:10:00:41 +0800] "GET /xingrg/javascript/jquery_easy_ui/themes/icons/search.png HTTP/1.1" 304 -
120.253.135.82 - - [05/Sep/2021:10:00:41 +0800] "GET /xingrg/javascript/jquery_easy_ui/themes/default/images/calendar_prevmonth.gif HTTP/1.1" 304 -
120.253.135.82 - - [05/Sep/2021:10:00:41 +0800] "GET /xingrg/javascript/jquery_easy_ui/themes/default/images/calendar_prevyear.gif HTTP/1.1" 304 -
120.253.135.82 - - [05/Sep/2021:10:00:41 +0800] "GET /xingrg/javascript/jquery_easy_ui/themes/default/images/calendar_nextmonth.gif HTTP/1.1" 304 -
120.253.135.82 - - [05/Sep/2021:10:00:41 +0800] "GET /xingrg/javascript/jquery_easy_ui/themes/default/images/calendar_nextyear.gif HTTP/1.1" 304 -
120.253.135.82 - - [05/Sep/2021:10:00:42 +0800] "GET /xingrg/all/function/internal_message.html?_=1630807011954&CODE_STATE=getMsg HTTP/1.1" 200 27
180.169.147.146 - - [05/Sep/2021:10:00:43 +0800] "GET /xingrg/kc/guide/show_order.html?code=212021080100424&type=21 HTTP/1.1" 302 -
101.229.174.10 - - [05/Sep/2021:10:00:43 +0800] "GET /favicon.ico HTTP/1.1" 404 -
180.169.147.146 - - [05/Sep/2021:10:00:43 +0800] "GET /xingrg/kc/buy/cgsh_order_info.html?code=212021080100424&sysBaseUrl=http%3A%2F%2F180.169.147.146%3A18081%2Fxingrg%2F&costTime=1×tamp=1630807243735 HTTP/1.1" 200 57704
180.169.147.146 - - [05/Sep/2021:10:00:44 +0800] "GET /favicon.ico HTTP/1.1" 404 -
180.169.147.146 - - [05/Sep/2021:10:00:44 +0800] "GET /xingrg/words/20210904120709_words.js HTTP/1.1" 200 844059
180.169.147.146 - - [05/Sep/2021:10:00:44 +0800] "GET /xingrg/javascript/easyui/themes/default/validatebox.css HTTP/1.1" 404 1104
180.169.147.146 - - [05/Sep/2021:10:00:45 +0800] "POST /xingrg/kc/buy/cgsh_order_operate.html HTTP/1.1" 200 12588
101.229.174.10 - - [05/Sep/2021:10:00:47 +0800] "GET /xingrg/login.html HTTP/1.1" 200 7641
101.229.174.10 - - [05/Sep/2021:10:00:47 +0800] "GET /xingrg/images/blue/jxLogo.png HTTP/1.1" 200 6156
101.229.174.10 - - [05/Sep/2021:10:00:48 +0800] "GET /xingrg/images/blue/login_bg.png HTTP/1.1" 200 22101
101.229.174.10 - - [05/Sep/2021:10:00:48 +0800] "GET /xingrg/images/blue/srbg.png HTTP/1.1" 200 138
101.229.174.10 - - [05/Sep/2021:10:00:48 +0800] "GET /xingrg/images/blue/hj.png HTTP/1.1" 200 1014
101.229.174.10 - - [05/Sep/2021:10:00:48 +0800] "GET /favicon.ico HTTP/1.1" 404 -
180.169.147.146 - - [05/Sep/2021:10:00:49 +0800] "GET /xingrg/check_reg.html?_=1630807237794 HTTP/1.1" 200 22
120.253.135.82 - - [05/Sep/2021:10:00:49 +0800] "GET /xingrg/kc/base/stock_operate.html?_=1630807019367&command=get_report_file&start_day=20210601 HTTP/1.1" 200 53
120.253.135.82 - - [05/Sep/2021:10:00:49 +0800] "GET /xingrg/javascript/multi_select/jqueryMultiSelect.css HTTP/1.1" 200 951
120.253.135.82 - - [05/Sep/2021:10:00:49 +0800] "GET /xingrg/javascript/calendar/timePicker.css HTTP/1.1" 200 523
120.253.135.82 - - [05/Sep/2021:10:00:49 +0800] "GET /xingrg/all/report/report_query.html?isQuery=1&onlyBody=1&rh=2000&fileName=kc/base/kc_stock_detail_new.xml&queryString=(1=1)&queryText=&tableQueryString=init_table$sp1$$sp$crk_table$sp1$order_day%20between%2020210601%20and%2020210930&varString=start_day:20210601,materiel_code:00101013093,cost_id:3196,end_date:20210531 HTTP/1.1" 200 48701
120.253.135.82 - - [05/Sep/2021:10:00:49 +0800] "GET /xingrg/javascript/jqueryMultiSelect.js HTTP/1.1" 200 11866
120.253.135.82 - - [05/Sep/2021:10:00:49 +0800] "GET /xingrg/javascript/calendar/jquery.timePicker.min.js HTTP/1.1" 200 2997
120.253.135.82 - - [05/Sep/2021:10:00:49 +0800] "GET /xingrg/javascript/bigrid/fix.css HTTP/1.1" 200 1702
120.253.135.82 - - [05/Sep/2021:10:00:49 +0800] "GET /xingrg/javascript/bigrid/fix.js HTTP/1.1" 200 6439
120.253.135.82 - - [05/Sep/2021:10:00:50 +0800] "GET /xingrg/dwr/interface/AjaxReportQueryService.js HTTP/1.1" 200 13203
120.253.135.82 - - [05/Sep/2021:10:00:50 +0800] "GET /xingrg/dwr/engine.js HTTP/1.1" 200 43631
120.253.135.82 - - [05/Sep/2021:10:00:50 +0800] "GET /xingrg/images/blue/button/advance2over.gif HTTP/1.1" 200 1336
120.253.135.82 - - [05/Sep/2021:10:00:50 +0800] "GET /xingrg/images/blue/button/backover.gif HTTP/1.1" 200 1348
120.253.135.82 - - [05/Sep/2021:10:00:50 +0800] "GET /xingrg/images/blue/button/back2over.gif HTTP/1.1" 200 1335
120.253.135.82 - - [05/Sep/2021:10:00:50 +0800] "GET /xingrg/images/blue/button/advanceover.gif HTTP/1.1" 200 1347
120.253.135.82 - - [05/Sep/2021:10:00:50 +0800] "GET /xingrg/javascript/jquery_easy_ui/themes/icons/help.png HTTP/1.1" 200 1187
120.253.135.82 - - [05/Sep/2021:10:00:50 +0800] "GET /xingrg/images/control/loading.gif HTTP/1.1" 200 13463
180.169.147.146 - - [05/Sep/2021:10:00:50 +0800] "GET /xingrg/all/function/internal_message.html?_=1630807238483&CODE_STATE=getMsg HTTP/1.1" 200 27
120.253.135.82 - - [05/Sep/2021:10:00:50 +0800] "POST /xingrg/all/report/load_report_page.html HTTP/1.1" 200 58972
180.169.147.146 - - [05/Sep/2021:10:00:50 +0800] "GET /xingrg/all/function/internal_message.html?_=1630807245947&CODE_STATE=getMsg HTTP/1.1" 200 27
120.253.135.82 - - [05/Sep/2021:10:00:50 +0800] "GET /xingrg/servlets/image?cache=0.6735093557739598&image=px HTTP/1.1" 200 807
58.40.7.146 - - [05/Sep/2021:10:00:50 +0800] "GET /xingrg/all/function/internal_message.html?_=1630807246372&CODE_STATE=getMsg HTTP/1.1" 200 27
116.230.105.26 - - [05/Sep/2021:10:00:51 +0800] "GET /xingrg/all/function/internal_message.html?_=1630807194521&CODE_STATE=getMsg HTTP/1.1" 200 27
222.70.246.151 - - [05/Sep/2021:10:00:52 +0800] "GET /xingrg/all/function/internal_message.html?_=1630807273564&CODE_STATE=getMsg HTTP/1.1" 200 27
101.229.174.10 - - [05/Sep/2021:10:00:52 +0800] "POST /xingrg/login.do HTTP/1.1" 302 -
101.229.174.10 - - [05/Sep/2021:10:00:52 +0800] "GET /xingrg/index.html?sysBaseUrl=http%3A%2F%2F180.169.147.146%3A18081%2Fxingrg%2F&costTime=42×tamp=1630807252513 HTTP/1.1" 200 17179
101.229.174.10 - - [05/Sep/2021:10:00:52 +0800] "GET /xingrg/css/form.css HTTP/1.1" 200 893
101.229.174.10 - - [05/Sep/2021:10:00:52 +0800] "GET /xingrg/javascript/jquery_easy_ui/themes/icon.css HTTP/1.1" 200 3949
101.229.174.10 - - [05/Sep/2021:10:00:52 +0800] "GET /xingrg/javascript/jquery-1.4.2.min.js HTTP/1.1" 200 72205
101.229.174.10 - - [05/Sep/2021:10:00:52 +0800] "GET /xingrg/javascript/jquery_easy_ui/themes/default/easyui.css HTTP/1.1" 200 26500
101.229.174.10 - - [05/Sep/2021:10:00:52 +0800] "GET /xingrg/javascript/jquery_easy_ui/jquery.easyui.min.js HTTP/1.1" 200 213662
101.229.174.10 - - [05/Sep/2021:10:00:52 +0800] "GET /xingrg/javascript/jquery_easy_ui/easyui-lang-zh_CN.js HTTP/1.1" 200 1900
101.229.174.10 - - [05/Sep/2021:10:00:52 +0800] "GET /xingrg/javascript/jquery.form.js HTTP/1.1" 200 23110
101.229.174.10 - - [05/Sep/2021:10:00:52 +0800] "GET /xingrg/javascript/jquery.utils.js HTTP/1.1" 200 11805
101.229.174.10 - - [05/Sep/2021:10:00:52 +0800] "GET /xingrg/javascript/jquery.timers.js HTTP/1.1" 200 3532
116.238.194.18 - - [05/Sep/2021:10:00:52 +0800] "GET /xingrg/all/function/internal_message.html?_=1630807227770&CODE_STATE=getMsg HTTP/1.1" 200 27
101.229.174.10 - - [05/Sep/2021:10:00:52 +0800] "GET /favicon.ico HTTP/1.1" 404 -
101.229.174.10 - - [05/Sep/2021:10:00:52 +0800] "GET /xingrg/javascript/jquery_easy_ui/themes/icons/settle_new.png HTTP/1.1" 200 826
101.229.174.10 - - [05/Sep/2021:10:00:52 +0800] "GET /xingrg/images/blue/navBackgound.jpg HTTP/1.1" 200 12378
101.229.174.10 - - [05/Sep/2021:10:00:53 +0800] "POST /xingrg/all/common/load_tree.html?tree=area_rest_tree_json&manage=1 HTTP/1.1" 200 351
101.229.174.10 - - [05/Sep/2021:10:00:53 +0800] "GET /xingrg/all/function/internal_message.html?_=1630807248013&CODE_STATE=count HTTP/1.1" 200 11
101.229.174.10 - - [05/Sep/2021:10:00:53 +0800] "GET /xingrg/check_reg.html?_=1630807248014 HTTP/1.1" 200 22
101.229.174.10 - - [05/Sep/2021:10:00:53 +0800] "GET /xingrg/images/blue/pingpu.png HTTP/1.1" 200 231
101.229.174.10 - - [05/Sep/2021:10:00:53 +0800] "GET /xingrg/javascript/jquery_easy_ui/themes/default/images/tabs_leftarrow.png HTTP/1.1" 200 389
101.229.174.10 - - [05/Sep/2021:10:00:53 +0800] "GET /xingrg/javascript/jquery_easy_ui/themes/default/images/tabs_rightarrow.png HTTP/1.1" 200 395
101.229.174.10 - - [05/Sep/2021:10:00:53 +0800] "GET /xingrg/javascript/jquery_easy_ui/themes/default/images/panel_tool_collapse.gif HTTP/1.1" 200 246
101.229.174.10 - - [05/Sep/2021:10:00:53 +0800] "POST /xingrg/load_menu.html HTTP/1.1" 200 5138
101.229.174.10 - - [05/Sep/2021:10:00:53 +0800] "GET /xingrg/javascript/jquery_easy_ui/themes/default/images/tree_arrows.gif HTTP/1.1" 200 1043
101.229.174.10 - - [05/Sep/2021:10:00:53 +0800] "GET /xingrg/javascript/jquery_easy_ui/themes/default/images/tree_folder_open.gif HTTP/1.1" 200 956
101.229.174.10 - - [05/Sep/2021:10:00:53 +0800] "GET /xingrg/javascript/jquery_easy_ui/themes/icons/search_new.png HTTP/1.1" 200 586
101.229.174.10 - - [05/Sep/2021:10:00:53 +0800] "GET /xingrg/javascript/jquery_easy_ui/themes/icons/storage_new.png HTTP/1.1" 200 853
101.229.174.10 - - [05/Sep/2021:10:00:53 +0800] "GET /xingrg/javascript/jquery_easy_ui/themes/default/images/tree_folder.gif HTTP/1.1" 200 952
101.229.174.10 - - [05/Sep/2021:10:00:53 +0800] "GET /xingrg/javascript/jquery_easy_ui/themes/icons/forms_new.png HTTP/1.1" 200 350
101.229.174.10 - - [05/Sep/2021:10:00:53 +0800] "GET /xingrg/javascript/jquery_easy_ui/themes/default/images/tree_file.gif HTTP/1.1" 200 118
101.229.174.10 - - [05/Sep/2021:10:00:55 +0800] "GET /xingrg/javascript/jquery_easy_ui/themes/default/images/tabs_close.gif HTTP/1.1" 200 829
101.229.174.10 - - [05/Sep/2021:10:00:55 +0800] "GET /xingrg/kc/buy/cgsh_order_list.html HTTP/1.1" 200 47638
101.229.174.10 - - [05/Sep/2021:10:00:55 +0800] "GET /xingrg/css/base.css HTTP/1.1" 200 2811
101.229.174.10 - - [05/Sep/2021:10:00:55 +0800] "GET /xingrg/css/site.css HTTP/1.1" 200 7541
101.229.174.10 - - [05/Sep/2021:10:00:55 +0800] "GET /xingrg/javascript/jquery_tools/datebox.css HTTP/1.1" 200 2597
101.229.174.10 - - [05/Sep/2021:10:00:55 +0800] "GET /xingrg/javascript/easyui/themes/icon.css HTTP/1.1" 200 4483
101.229.174.10 - - [05/Sep/2021:10:00:55 +0800] "GET /xingrg/javascript/auto/jquery.autocomplete.css HTTP/1.1" 200 587
101.229.174.10 - - [05/Sep/2021:10:00:55 +0800] "GET /xingrg/javascript/jquery_tools/fix.css HTTP/1.1" 200 1702
101.229.174.10 - - [05/Sep/2021:10:00:55 +0800] "GET /xingrg/javascript/easyui/themes/default/easyui.css HTTP/1.1" 200 30432
101.229.174.10 - - [05/Sep/2021:10:00:55 +0800] "GET /xingrg/javascript/jquery_tools/table.css HTTP/1.1" 200 1032
101.229.174.10 - - [05/Sep/2021:10:00:55 +0800] "GET /xingrg/javascript/jquery_tools/jquery.tools.min.js HTTP/1.1" 200 138801
101.229.174.10 - - [05/Sep/2021:10:00:55 +0800] "GET /xingrg/javascript/jquery_tools/jquery.tools.hotkey.js HTTP/1.1" 200 3242
101.229.174.10 - - [05/Sep/2021:10:00:55 +0800] "GET /xingrg/javascript/jquery_tools/jquery.tools.extend.js HTTP/1.1" 200 15385
101.229.174.10 - - [05/Sep/2021:10:00:55 +0800] "GET /xingrg/javascript/jquery_tools/jquery.tools.table.js HTTP/1.1" 200 6994
101.229.174.10 - - [05/Sep/2021:10:00:55 +0800] "GET /xingrg/javascript/jquery_tools/list_manager.js HTTP/1.1" 200 3652
101.229.174.10 - - [05/Sep/2021:10:00:55 +0800] "GET /xingrg/javascript/easyui/easyloader.js HTTP/1.1" 200 5975
101.229.174.10 - - [05/Sep/2021:10:00:55 +0800] "GET /xingrg/javascript/jquery.cookie.js HTTP/1.1" 200 5513
101.229.174.10 - - [05/Sep/2021:10:00:55 +0800] "GET /xingrg/javascript/auto/jquery.autocomplete.js HTTP/1.1" 200 21624
101.229.174.10 - - [05/Sep/2021:10:00:55 +0800] "GET /xingrg/javascript/print/LodopFuncs.js HTTP/1.1" 200 5121
101.229.174.10 - - [05/Sep/2021:10:00:55 +0800] "GET /xingrg/javascript/easyui/plugins/jquery.parser.js HTTP/1.1" 200 1142
101.229.174.10 - - [05/Sep/2021:10:00:55 +0800] "GET /xingrg/images/control/ajaxLoader.gif HTTP/1.1" 200 4659
101.229.174.10 - - [05/Sep/2021:10:00:55 +0800] "GET /xingrg/javascript/easyui/themes/icons/edit_add_new.png HTTP/1.1" 200 2997
101.229.174.10 - - [05/Sep/2021:10:00:55 +0800] "GET /xingrg/javascript/easyui/themes/icons/cance_new.png HTTP/1.1" 200 3986
101.229.174.10 - - [05/Sep/2021:10:00:55 +0800] "GET /xingrg/javascript/easyui/themes/icons/check_new.png HTTP/1.1" 200 3224
101.229.174.10 - - [05/Sep/2021:10:00:55 +0800] "GET /xingrg/javascript/easyui/themes/icons/field_new.png HTTP/1.1" 200 1097
101.229.174.10 - - [05/Sep/2021:10:00:55 +0800] "GET /xingrg/javascript/easyui/themes/icons/import_new.png HTTP/1.1" 200 1247
101.229.174.10 - - [05/Sep/2021:10:00:56 +0800] "POST /xingrg/kc/buy/cgsh_list_operate.html HTTP/1.1" 200 876
101.83.145.79 - - [05/Sep/2021:10:00:57 +0800] "GET /xingrg/all/function/internal_message.html?_=1630807203398&CODE_STATE=getMsg HTTP/1.1" 302 -
180.169.147.146 - - [05/Sep/2021:10:00:59 +0800] "GET /xingrg/all/function/internal_message.html?_=1630807255259&CODE_STATE=getMsg HTTP/1.1" 200 27
180.169.147.146 - - [05/Sep/2021:10:01:00 +0800] "GET /xingrg/check_reg.html?_=1630807255425 HTTP/1.1" 200 22
101.229.174.10 - - [05/Sep/2021:10:01:01 +0800] "GET /xingrg/javascript/auto/indicator.gif HTTP/1.1" 404 1066
