124.79.246.142 - - [05/Sep/2021:09:34:23 +0800] "GET /xingrg/javascript/easyui/themes/default/images/button_plain_hover.png HTTP/1.1" 304 -
116.230.105.26 - - [05/Sep/2021:09:34:23 +0800] "GET /xingrg/kc/buy/cgsh_order_operate.html?command=get_materiel&rest_code=00155&code=00101008196&supplier_code=00100005&order_time=2021-09-05 HTTP/1.1" 200 416
124.79.246.142 - - [05/Sep/2021:09:34:23 +0800] "GET /xingrg/javascript/easyui/themes/default/images/button_plain_hover.png HTTP/1.1" 304 -
124.79.246.142 - - [05/Sep/2021:09:34:24 +0800] "GET /xingrg/kc/print/load_config.html?kc_code=cgsh HTTP/1.1" 200 2076
124.79.246.142 - - [05/Sep/2021:09:34:24 +0800] "GET /xingrg/kc/print/load_data.html?order_code=212021090501807&kc_code=cgsh&condition= HTTP/1.1" 200 739
116.232.53.2 - - [05/Sep/2021:09:34:24 +0800] "GET /xingrg/kc/buy/cgsh_order_operate.html?command=get_materiel&rest_code=00109&code=00101008286&supplier_code=00100005&order_time=2021-09-05 HTTP/1.1" 200 408
222.69.130.14 - - [05/Sep/2021:09:34:25 +0800] "GET /xingrg/all/function/internal_message.html?_=1630805659778&CODE_STATE=getMsg HTTP/1.1" 200 27
222.69.130.14 - - [05/Sep/2021:09:34:25 +0800] "GET /xingrg/check_reg.html?_=1630805659778 HTTP/1.1" 200 22
116.232.53.2 - - [05/Sep/2021:09:34:26 +0800] "POST /xingrg/kc/buy/cgsh_order_operate.html HTTP/1.1" 200 2065
116.232.53.2 - - [05/Sep/2021:09:34:28 +0800] "GET /xingrg/all/function/internal_message.html?_=1630805664515&CODE_STATE=getMsg HTTP/1.1" 200 27
116.232.53.2 - - [05/Sep/2021:09:34:28 +0800] "GET /xingrg/check_reg.html?_=1630805664518 HTTP/1.1" 200 22
116.230.105.26 - - [05/Sep/2021:09:34:29 +0800] "GET /xingrg/kc/buy/cgsh_order_operate.html?command=get_materiel&rest_code=00155&code=00101008197&supplier_code=00100005&order_time=2021-09-05 HTTP/1.1" 200 416
124.79.246.142 - - [05/Sep/2021:09:34:29 +0800] "GET /xingrg/javascript/easyui/themes/default/images/button_plain_hover.png HTTP/1.1" 304 -
124.79.246.142 - - [05/Sep/2021:09:34:29 +0800] "GET /xingrg/javascript/easyui/themes/default/images/button_plain_hover.png HTTP/1.1" 304 -
124.79.246.142 - - [05/Sep/2021:09:34:29 +0800] "GET /xingrg/css/base.css HTTP/1.1" 304 -
124.79.246.142 - - [05/Sep/2021:09:34:29 +0800] "GET /xingrg/css/site.css HTTP/1.1" 304 -
124.79.246.142 - - [05/Sep/2021:09:34:29 +0800] "GET /xingrg/javascript/jquery_tools/datebox.css HTTP/1.1" 304 -
124.79.246.142 - - [05/Sep/2021:09:34:29 +0800] "GET /xingrg/javascript/easyui/themes/default/easyui.css HTTP/1.1" 304 -
124.79.246.142 - - [05/Sep/2021:09:34:29 +0800] "GET /xingrg/javascript/jquery_tools/fix.css HTTP/1.1" 304 -
124.79.246.142 - - [05/Sep/2021:09:34:29 +0800] "GET /xingrg/javascript/easyui/themes/icon.css HTTP/1.1" 304 -
124.79.246.142 - - [05/Sep/2021:09:34:29 +0800] "GET /xingrg/javascript/pic_change.js HTTP/1.1" 304 -
124.79.246.142 - - [05/Sep/2021:09:34:29 +0800] "GET /xingrg/kc/buy/cgsh_order_add.html HTTP/1.1" 200 63376
124.79.246.142 - - [05/Sep/2021:09:34:29 +0800] "GET /xingrg/javascript/jquery_tools/table.css HTTP/1.1" 304 -
124.79.246.142 - - [05/Sep/2021:09:34:29 +0800] "GET /xingrg/javascript/jquery_tools/jquery.tools.min.js HTTP/1.1" 304 -
124.79.246.142 - - [05/Sep/2021:09:34:29 +0800] "GET /xingrg/javascript/jquery_tools/jquery.tools.table.js HTTP/1.1" 304 -
124.79.246.142 - - [05/Sep/2021:09:34:29 +0800] "GET /xingrg/javascript/auto/jquery.autocomplete.css HTTP/1.1" 304 -
124.79.246.142 - - [05/Sep/2021:09:34:29 +0800] "GET /xingrg/javascript/jquery_tools/jquery.tools.extend.js HTTP/1.1" 304 -
124.79.246.142 - - [05/Sep/2021:09:34:29 +0800] "GET /xingrg/javascript/easyui/easyloader.js HTTP/1.1" 304 -
124.79.246.142 - - [05/Sep/2021:09:34:29 +0800] "GET /xingrg/javascript/auto/jquery.autocomplete.js HTTP/1.1" 304 -
124.79.246.142 - - [05/Sep/2021:09:34:29 +0800] "GET /xingrg/javascript/jquery_tools/jquery.tools.hotkey.js HTTP/1.1" 304 -
124.79.246.142 - - [05/Sep/2021:09:34:29 +0800] "GET /xingrg/javascript/json2.js HTTP/1.1" 304 -
124.79.246.142 - - [05/Sep/2021:09:34:29 +0800] "GET /xingrg/javascript/jquery_tools/order_manager.js HTTP/1.1" 304 -
124.79.246.142 - - [05/Sep/2021:09:34:29 +0800] "GET /xingrg/javascript/jquery.utils.js HTTP/1.1" 304 -
124.79.246.142 - - [05/Sep/2021:09:34:29 +0800] "GET /xingrg/javascript/print/kc_print.js HTTP/1.1" 304 -
124.79.246.142 - - [05/Sep/2021:09:34:29 +0800] "GET /xingrg/javascript/convert.js HTTP/1.1" 304 -
124.79.246.142 - - [05/Sep/2021:09:34:29 +0800] "GET /xingrg/javascript/jquery.cookie.js HTTP/1.1" 304 -
124.79.246.142 - - [05/Sep/2021:09:34:29 +0800] "GET /xingrg/javascript/print/LodopFuncs.js HTTP/1.1" 304 -
124.79.246.142 - - [05/Sep/2021:09:34:29 +0800] "GET /xingrg/words/20210904120709_words.js HTTP/1.1" 304 -
124.79.246.142 - - [05/Sep/2021:09:34:30 +0800] "GET /xingrg/javascript/easyui/themes/icons/ok.png HTTP/1.1" 304 -
124.79.246.142 - - [05/Sep/2021:09:34:30 +0800] "GET /xingrg/javascript/easyui/themes/icons/copy_new.png HTTP/1.1" 304 -
124.79.246.142 - - [05/Sep/2021:09:34:30 +0800] "GET /xingrg/javascript/easyui/themes/icons/template_new.png HTTP/1.1" 304 -
124.79.246.142 - - [05/Sep/2021:09:34:30 +0800] "GET /xingrg/javascript/easyui/themes/icons/print.png HTTP/1.1" 304 -
124.79.246.142 - - [05/Sep/2021:09:34:30 +0800] "GET /xingrg/javascript/easyui/themes/default/images/menu_downarrow.png HTTP/1.1" 304 -
124.79.246.142 - - [05/Sep/2021:09:34:30 +0800] "GET /xingrg/javascript/easyui/themes/icons/cancel.png HTTP/1.1" 304 -
116.232.53.2 - - [05/Sep/2021:09:34:30 +0800] "POST /xingrg/kc/buy/cgsh_order_operate.html HTTP/1.1" 200 2065
124.79.246.142 - - [05/Sep/2021:09:34:30 +0800] "GET /xingrg/javascript/easyui/plugins/jquery.parser.js HTTP/1.1" 304 -
116.238.194.18 - - [05/Sep/2021:09:34:30 +0800] "GET /xingrg/kc/buy/cgsh_order_operate.html?command=get_materiel&rest_code=00150&code=00101006013&supplier_code=00100096&order_time=2021-09-05 HTTP/1.1" 200 409
124.79.246.142 - - [05/Sep/2021:09:34:30 +0800] "POST /xingrg/kc/buy/cgsh_order_operate.html HTTP/1.1" 200 8245
124.79.246.142 - - [05/Sep/2021:09:34:30 +0800] "GET /xingrg/all/common/auto_word.html?type=employee&rest_code=00104 HTTP/1.1" 200 149
124.79.246.142 - - [05/Sep/2021:09:34:30 +0800] "GET /xingrg/all/common/auto_word.html?type=employee&rest_code=00104 HTTP/1.1" 200 149
124.79.246.142 - - [05/Sep/2021:09:34:30 +0800] "GET /xingrg/javascript/easyui/themes/default/validatebox.css HTTP/1.1" 404 1104
124.79.246.142 - - [05/Sep/2021:09:34:30 +0800] "GET /xingrg/javascript/easyui/plugins/jquery.validatebox.js HTTP/1.1" 304 -
124.79.246.142 - - [05/Sep/2021:09:34:30 +0800] "GET /xingrg/javascript/easyui/plugins/jquery.numberbox.js HTTP/1.1" 304 -
124.79.246.142 - - [05/Sep/2021:09:34:31 +0800] "GET /xingrg/javascript/easyui/plugins/jquery.draggable.js HTTP/1.1" 304 -
124.79.246.142 - - [05/Sep/2021:09:34:31 +0800] "GET /xingrg/css/images/panel_loading.gif HTTP/1.1" 304 -
116.238.194.18 - - [05/Sep/2021:09:34:31 +0800] "GET /xingrg/all/function/internal_message.html?_=1630805666647&CODE_STATE=getMsg HTTP/1.1" 200 27
124.79.246.142 - - [05/Sep/2021:09:34:31 +0800] "GET /xingrg/javascript/easyui/plugins/jquery.droppable.js HTTP/1.1" 304 -
124.79.246.142 - - [05/Sep/2021:09:34:31 +0800] "GET /xingrg/javascript/easyui/themes/default/tree.css HTTP/1.1" 404 1090
124.79.246.142 - - [05/Sep/2021:09:34:31 +0800] "GET /xingrg/javascript/easyui/plugins/jquery.tree.js HTTP/1.1" 304 -
124.79.246.142 - - [05/Sep/2021:09:34:31 +0800] "POST /xingrg/all/common/load_tree.html?tree=supplier_tree_json&isDelete=1 HTTP/1.1" 200 57570
116.232.53.2 - - [05/Sep/2021:09:34:32 +0800] "POST /xingrg/kc/buy/cgsh_order_operate.html HTTP/1.1" 200 2065
116.232.53.2 - - [05/Sep/2021:09:34:33 +0800] "POST /xingrg/kc/buy/cgsh_order_operate.html HTTP/1.1" 200 2065
124.79.246.142 - - [05/Sep/2021:09:34:33 +0800] "GET /xingrg/javascript/easyui/themes/default/images/tree_folder_open.gif HTTP/1.1" 304 -
124.79.246.142 - - [05/Sep/2021:09:34:33 +0800] "GET /xingrg/javascript/easyui/themes/default/images/tree_folder.gif HTTP/1.1" 304 -
124.79.246.142 - - [05/Sep/2021:09:34:33 +0800] "GET /xingrg/javascript/easyui/themes/default/images/tree_file.gif HTTP/1.1" 304 -
116.232.53.2 - - [05/Sep/2021:09:34:34 +0800] "POST /xingrg/kc/buy/cgsh_order_operate.html HTTP/1.1" 200 2065
116.232.53.2 - - [05/Sep/2021:09:34:34 +0800] "POST /xingrg/kc/buy/cgsh_order_operate.html HTTP/1.1" 200 2065
116.232.53.2 - - [05/Sep/2021:09:34:35 +0800] "POST /xingrg/kc/buy/cgsh_order_operate.html HTTP/1.1" 200 2065
116.232.53.2 - - [05/Sep/2021:09:34:35 +0800] "POST /xingrg/kc/buy/cgsh_order_operate.html HTTP/1.1" 200 2065
116.230.105.26 - - [05/Sep/2021:09:34:39 +0800] "GET /xingrg/kc/buy/cgsh_order_operate.html?command=get_materiel&rest_code=00155&code=00101008238&supplier_code=00100005&order_time=2021-09-05 HTTP/1.1" 200 416
120.253.135.82 - - [05/Sep/2021:09:34:41 +0800] "GET /xingrg/all/function/internal_message.html?_=1630805451413&CODE_STATE=getMsg HTTP/1.1" 200 27
116.232.53.2 - - [05/Sep/2021:09:34:43 +0800] "GET /xingrg/kc/buy/cgsh_order_operate.html?command=get_materiel&rest_code=00109&code=00101008036&supplier_code=00100005&order_time=2021-09-05 HTTP/1.1" 200 408
116.230.105.26 - - [05/Sep/2021:09:34:45 +0800] "GET /xingrg/kc/buy/cgsh_order_operate.html?command=get_materiel&rest_code=00155&code=00101008478&supplier_code=00100005&order_time=2021-09-05 HTTP/1.1" 200 399
180.169.147.146 - - [05/Sep/2021:09:34:50 +0800] "GET /xingrg/all/function/internal_message.html?_=1630805685947&CODE_STATE=getMsg HTTP/1.1" 200 27
58.40.7.146 - - [05/Sep/2021:09:34:50 +0800] "GET /xingrg/check_reg.html?_=1630805686349 HTTP/1.1" 200 22
58.40.7.146 - - [05/Sep/2021:09:34:50 +0800] "GET /xingrg/all/function/internal_message.html?_=1630805686352&CODE_STATE=getMsg HTTP/1.1" 200 27
116.230.105.26 - - [05/Sep/2021:09:34:51 +0800] "GET /xingrg/all/function/internal_message.html?_=1630805634525&CODE_STATE=getMsg HTTP/1.1" 200 27
222.70.246.151 - - [05/Sep/2021:09:34:51 +0800] "GET /xingrg/all/function/internal_message.html?_=1630805712950&CODE_STATE=getMsg HTTP/1.1" 200 27
116.238.194.18 - - [05/Sep/2021:09:34:52 +0800] "GET /xingrg/all/function/internal_message.html?_=1630805667309&CODE_STATE=getMsg HTTP/1.1" 200 27
116.232.53.2 - - [05/Sep/2021:09:34:52 +0800] "GET /xingrg/kc/buy/cgsh_order_operate.html?command=get_materiel&rest_code=00109&code=00101008318&supplier_code=00100005&order_time=2021-09-05 HTTP/1.1" 200 408
124.79.246.142 - - [05/Sep/2021:09:34:53 +0800] "GET /xingrg/kc/buy/cgsh_order_operate.html?command=get_materiel&rest_code=00104&code=00101001015&supplier_code=00100312&order_time=2021-09-05 HTTP/1.1" 200 416
101.83.145.79 - - [05/Sep/2021:09:34:57 +0800] "GET /xingrg/all/function/internal_message.html?_=1630805643340&CODE_STATE=getMsg HTTP/1.1" 302 -
116.230.105.26 - - [05/Sep/2021:09:34:58 +0800] "GET /xingrg/kc/buy/cgsh_order_operate.html?command=get_materiel&rest_code=00155&code=00101008277&supplier_code=00100005&order_time=2021-09-05 HTTP/1.1" 200 412
180.169.147.146 - - [05/Sep/2021:09:34:59 +0800] "GET /xingrg/all/function/internal_message.html?_=1630805695401&CODE_STATE=getMsg HTTP/1.1" 200 27
116.232.53.2 - - [05/Sep/2021:09:35:00 +0800] "GET /xingrg/kc/buy/cgsh_order_operate.html?command=get_materiel&rest_code=00109&code=00101008352&supplier_code=00100005&order_time=2021-09-05 HTTP/1.1" 200 412
180.169.147.146 - - [05/Sep/2021:09:35:02 +0800] "GET /xingrg/all/function/internal_message.html?_=1630805696159&CODE_STATE=getMsg HTTP/1.1" 200 27
116.230.105.26 - - [05/Sep/2021:09:35:03 +0800] "POST /xingrg/kc/buy/cgsh_order_operate.html HTTP/1.1" 200 2065
180.169.147.146 - - [05/Sep/2021:09:35:05 +0800] "GET /xingrg/all/function/internal_message.html?_=1630805700574&CODE_STATE=getMsg HTTP/1.1" 200 27
116.238.194.18 - - [05/Sep/2021:09:35:08 +0800] "POST /xingrg/kc/buy/cgsh_order_operate.html HTTP/1.1" 200 37
116.232.53.2 - - [05/Sep/2021:09:35:09 +0800] "GET /xingrg/kc/buy/cgsh_order_operate.html?command=get_materiel&rest_code=00109&code=00101008291&supplier_code=00100005&order_time=2021-09-05 HTTP/1.1" 200 408
124.79.246.142 - - [05/Sep/2021:09:35:10 +0800] "GET /xingrg/check_reg.html?_=1630806162476 HTTP/1.1" 200 22
116.238.194.18 - - [05/Sep/2021:09:35:10 +0800] "POST /xingrg/kc/buy/cgsh_order_operate.html HTTP/1.1" 200 9232
58.37.227.186 - - [05/Sep/2021:09:35:10 +0800] "GET /xingrg/all/function/internal_message.html?_=1630805584219&CODE_STATE=getMsg HTTP/1.1" 200 27
116.238.194.18 - - [05/Sep/2021:09:35:12 +0800] "GET /xingrg/kc/mdqp/qqps_order_list.html HTTP/1.1" 200 9222
116.238.194.18 - - [05/Sep/2021:09:35:12 +0800] "GET /xingrg/dwr/interface/AjaxQqpsService.js HTTP/1.1" 200 16326
116.238.194.18 - - [05/Sep/2021:09:35:12 +0800] "GET /xingrg/dwr/util.js HTTP/1.1" 304 -
116.238.194.18 - - [05/Sep/2021:09:35:12 +0800] "GET /xingrg/dwr/interface/AjaxReportQueryService.js HTTP/1.1" 200 13203
116.238.194.18 - - [05/Sep/2021:09:35:12 +0800] "GET /xingrg/dwr/engine.js HTTP/1.1" 200 43631
124.79.246.142 - - [05/Sep/2021:09:35:12 +0800] "GET /xingrg/all/function/internal_message.html?_=1630806164715&CODE_STATE=getMsg HTTP/1.1" 200 27
172.20.0.100 - - [05/Sep/2021:09:35:12 +0800] "GET /xingrg/all/function/internal_message.html?_=1630805705921&CODE_STATE=getMsg HTTP/1.1" 200 27
101.83.145.79 - - [05/Sep/2021:09:35:13 +0800] "GET /xingrg/all/function/internal_message.html?_=1630805708881&CODE_STATE=getMsg HTTP/1.1" 200 27
124.79.246.142 - - [05/Sep/2021:09:35:13 +0800] "GET /xingrg/kc/buy/cgsh_order_operate.html?command=get_materiel&rest_code=00104&code=00101001136&supplier_code=00100312&order_time=2021-09-05 HTTP/1.1" 200 415
116.230.105.26 - - [05/Sep/2021:09:35:16 +0800] "GET /xingrg/kc/buy/cgsh_order_operate.html?command=get_materiel&rest_code=00155&code=00101008006&supplier_code=00100005&order_time=2021-09-05 HTTP/1.1" 200 416
180.169.147.146 - - [05/Sep/2021:09:35:17 +0800] "GET /xingrg/all/function/internal_message.html?_=1630805713559&CODE_STATE=getMsg HTTP/1.1" 302 -
222.70.182.153 - - [05/Sep/2021:09:35:18 +0800] "GET /xingrg/check_reg.html?_=1630805704692 HTTP/1.1" 200 22
116.232.53.2 - - [05/Sep/2021:09:35:18 +0800] "GET /xingrg/kc/buy/cgsh_order_operate.html?command=get_materiel&rest_code=00109&code=00101008095&supplier_code=00100005&order_time=2021-09-05 HTTP/1.1" 200 412
116.238.168.124 - - [05/Sep/2021:09:35:19 +0800] "GET /xingrg/login.html HTTP/1.1" 200 7641
116.238.168.124 - - [05/Sep/2021:09:35:19 +0800] "GET /favicon.ico HTTP/1.1" 404 -
116.238.194.18 - - [05/Sep/2021:09:35:19 +0800] "GET /xingrg/kc/mdqp/qqps_order_list.html?isQuery=1&timeSelect=1&orderTime=day&startTime=2021-09-04&endTime=2021-09-06&state=all&query=%C8%B7++%B6%A8 HTTP/1.1" 200 10611
116.238.194.18 - - [05/Sep/2021:09:35:20 +0800] "GET /xingrg/dwr/interface/AjaxQqpsService.js HTTP/1.1" 200 16326
116.238.194.18 - - [05/Sep/2021:09:35:20 +0800] "GET /xingrg/dwr/interface/AjaxReportQueryService.js HTTP/1.1" 200 13203
116.238.194.18 - - [05/Sep/2021:09:35:20 +0800] "GET /xingrg/dwr/engine.js HTTP/1.1" 200 43631
222.70.182.153 - - [05/Sep/2021:09:35:20 +0800] "GET /xingrg/all/function/internal_message.html?_=1630805706396&CODE_STATE=getMsg HTTP/1.1" 200 27
116.238.168.124 - - [05/Sep/2021:09:35:20 +0800] "POST /xingrg/login.do HTTP/1.1" 302 -
116.238.168.124 - - [05/Sep/2021:09:35:20 +0800] "GET /xingrg/index.html?sysBaseUrl=http%3A%2F%2F180.169.147.146%3A18081%2Fxingrg%2F&costTime=40×tamp=1630805720859 HTTP/1.1" 200 17173
116.238.168.124 - - [05/Sep/2021:09:35:20 +0800] "GET /xingrg/javascript/jquery_easy_ui/themes/icon.css HTTP/1.1" 304 -
116.238.168.124 - - [05/Sep/2021:09:35:20 +0800] "GET /xingrg/javascript/jquery_easy_ui/themes/default/easyui.css HTTP/1.1" 304 -
116.238.168.124 - - [05/Sep/2021:09:35:20 +0800] "GET /xingrg/javascript/jquery_easy_ui/jquery.easyui.min.js HTTP/1.1" 304 -
116.238.168.124 - - [05/Sep/2021:09:35:20 +0800] "GET /xingrg/javascript/jquery-1.4.2.min.js HTTP/1.1" 304 -
116.238.168.124 - - [05/Sep/2021:09:35:20 +0800] "GET /xingrg/css/form.css HTTP/1.1" 304 -
116.238.168.124 - - [05/Sep/2021:09:35:20 +0800] "GET /xingrg/javascript/jquery.timers.js HTTP/1.1" 304 -
116.238.168.124 - - [05/Sep/2021:09:35:20 +0800] "GET /xingrg/javascript/jquery_easy_ui/easyui-lang-zh_CN.js HTTP/1.1" 304 -
116.238.168.124 - - [05/Sep/2021:09:35:20 +0800] "GET /xingrg/javascript/jquery.form.js HTTP/1.1" 304 -
116.238.168.124 - - [05/Sep/2021:09:35:20 +0800] "GET /xingrg/javascript/jquery.utils.js HTTP/1.1" 304 -
116.238.168.124 - - [05/Sep/2021:09:35:21 +0800] "POST /xingrg/all/common/load_tree.html?tree=area_rest_tree_json&manage=1 HTTP/1.1" 200 342
116.238.168.124 - - [05/Sep/2021:09:35:21 +0800] "GET /favicon.ico HTTP/1.1" 404 -
116.238.168.124 - - [05/Sep/2021:09:35:21 +0800] "GET /xingrg/all/function/internal_message.html?_=1630805715128&CODE_STATE=count HTTP/1.1" 200 11
116.238.168.124 - - [05/Sep/2021:09:35:21 +0800] "GET /xingrg/check_reg.html?_=1630805715131 HTTP/1.1" 200 22
116.238.168.124 - - [05/Sep/2021:09:35:21 +0800] "POST /xingrg/load_menu.html HTTP/1.1" 200 5138
116.238.194.18 - - [05/Sep/2021:09:35:22 +0800] "GET /xingrg/kc/mdqp/qqps_order_info.html?code=302021090400069 HTTP/1.1" 200 26409
116.238.194.18 - - [05/Sep/2021:09:35:22 +0800] "GET /xingrg/dwr/interface/AjaxComOrderService.js HTTP/1.1" 200 18264
116.238.194.18 - - [05/Sep/2021:09:35:22 +0800] "GET /xingrg/dwr/interface/AjaxQqpsService.js HTTP/1.1" 200 16326
116.238.194.18 - - [05/Sep/2021:09:35:22 +0800] "GET /xingrg/dwr/engine.js HTTP/1.1" 200 43631
116.238.194.18 - - [05/Sep/2021:09:35:22 +0800] "POST /xingrg/dwr/call/plaincall/AjaxQqpsService.loadMaterielItems.dwr HTTP/1.1" 200 587
116.238.168.124 - - [05/Sep/2021:09:35:24 +0800] "GET /xingrg/kc/buy/cgsh_order_list.html HTTP/1.1" 200 47632
116.238.168.124 - - [05/Sep/2021:09:35:24 +0800] "GET /xingrg/css/base.css HTTP/1.1" 304 -
116.238.168.124 - - [05/Sep/2021:09:35:24 +0800] "GET /xingrg/css/site.css HTTP/1.1" 304 -
116.238.168.124 - - [05/Sep/2021:09:35:24 +0800] "GET /xingrg/javascript/easyui/themes/default/easyui.css HTTP/1.1" 304 -
116.238.168.124 - - [05/Sep/2021:09:35:24 +0800] "GET /xingrg/javascript/jquery_tools/datebox.css HTTP/1.1" 304 -
116.238.168.124 - - [05/Sep/2021:09:35:24 +0800] "GET /xingrg/javascript/easyui/themes/icon.css HTTP/1.1" 304 -
116.238.168.124 - - [05/Sep/2021:09:35:24 +0800] "GET /xingrg/javascript/auto/jquery.autocomplete.css HTTP/1.1" 304 -
116.238.168.124 - - [05/Sep/2021:09:35:24 +0800] "GET /xingrg/javascript/jquery_tools/fix.css HTTP/1.1" 304 -
116.238.168.124 - - [05/Sep/2021:09:35:24 +0800] "GET /xingrg/javascript/jquery_tools/table.css HTTP/1.1" 304 -
116.238.168.124 - - [05/Sep/2021:09:35:24 +0800] "GET /xingrg/javascript/jquery_tools/jquery.tools.min.js HTTP/1.1" 304 -
116.238.168.124 - - [05/Sep/2021:09:35:24 +0800] "GET /xingrg/javascript/jquery_tools/jquery.tools.extend.js HTTP/1.1" 304 -
116.238.168.124 - - [05/Sep/2021:09:35:24 +0800] "GET /xingrg/javascript/jquery_tools/jquery.tools.hotkey.js HTTP/1.1" 304 -
116.238.168.124 - - [05/Sep/2021:09:35:24 +0800] "GET /xingrg/javascript/jquery_tools/jquery.tools.table.js HTTP/1.1" 304 -
116.238.168.124 - - [05/Sep/2021:09:35:24 +0800] "GET /xingrg/javascript/jquery_tools/list_manager.js HTTP/1.1" 304 -
116.238.168.124 - - [05/Sep/2021:09:35:24 +0800] "GET /xingrg/javascript/auto/jquery.autocomplete.js HTTP/1.1" 304 -
116.238.168.124 - - [05/Sep/2021:09:35:24 +0800] "GET /xingrg/javascript/easyui/easyloader.js HTTP/1.1" 304 -
116.238.168.124 - - [05/Sep/2021:09:35:24 +0800] "GET /xingrg/javascript/jquery.cookie.js HTTP/1.1" 304 -
116.238.168.124 - - [05/Sep/2021:09:35:24 +0800] "GET /xingrg/javascript/print/LodopFuncs.js HTTP/1.1" 304 -
116.238.168.124 - - [05/Sep/2021:09:35:25 +0800] "GET /xingrg/javascript/easyui/plugins/jquery.parser.js HTTP/1.1" 304 -
116.238.168.124 - - [05/Sep/2021:09:35:25 +0800] "POST /xingrg/kc/buy/cgsh_list_operate.html HTTP/1.1" 200 876
222.69.130.14 - - [05/Sep/2021:09:35:25 +0800] "GET /xingrg/all/function/internal_message.html?_=1630805719775&CODE_STATE=getMsg HTTP/1.1" 200 27
116.238.168.124 - - [05/Sep/2021:09:35:26 +0800] "GET /xingrg/javascript/pic_change.js HTTP/1.1" 304 -
116.238.168.124 - - [05/Sep/2021:09:35:26 +0800] "GET /xingrg/kc/buy/cgsh_order_add.html HTTP/1.1" 200 63335
116.238.168.124 - - [05/Sep/2021:09:35:26 +0800] "GET /xingrg/javascript/jquery_tools/order_manager.js HTTP/1.1" 304 -
116.238.168.124 - - [05/Sep/2021:09:35:26 +0800] "GET /xingrg/javascript/convert.js HTTP/1.1" 304 -
116.238.168.124 - - [05/Sep/2021:09:35:26 +0800] "GET /xingrg/javascript/json2.js HTTP/1.1" 304 -
116.238.168.124 - - [05/Sep/2021:09:35:26 +0800] "GET /xingrg/javascript/print/kc_print.js HTTP/1.1" 304 -
116.238.168.124 - - [05/Sep/2021:09:35:26 +0800] "GET /xingrg/words/20210904120709_words.js HTTP/1.1" 304 -
116.232.53.2 - - [05/Sep/2021:09:35:26 +0800] "GET /xingrg/kc/buy/cgsh_order_operate.html?command=get_materiel&rest_code=00109&code=00101008196&supplier_code=00100005&order_time=2021-09-05 HTTP/1.1" 200 416
116.238.168.124 - - [05/Sep/2021:09:35:27 +0800] "POST /xingrg/kc/buy/cgsh_order_operate.html HTTP/1.1" 200 8245
116.238.168.124 - - [05/Sep/2021:09:35:27 +0800] "GET /xingrg/all/common/auto_word.html?type=employee&rest_code=00102 HTTP/1.1" 200 189
116.238.168.124 - - [05/Sep/2021:09:35:27 +0800] "GET /xingrg/all/common/auto_word.html?type=employee&rest_code=00102 HTTP/1.1" 200 189
116.238.168.124 - - [05/Sep/2021:09:35:27 +0800] "GET /xingrg/javascript/easyui/themes/default/validatebox.css HTTP/1.1" 404 1104
116.238.168.124 - - [05/Sep/2021:09:35:27 +0800] "GET /xingrg/javascript/easyui/plugins/jquery.validatebox.js HTTP/1.1" 304 -
116.238.168.124 - - [05/Sep/2021:09:35:27 +0800] "GET /xingrg/javascript/easyui/plugins/jquery.numberbox.js HTTP/1.1" 304 -
116.230.105.26 - - [05/Sep/2021:09:35:27 +0800] "GET /xingrg/kc/buy/cgsh_order_operate.html?command=get_materiel&rest_code=00155&code=00101008318&supplier_code=00100005&order_time=2021-09-05 HTTP/1.1" 200 408
116.238.194.18 - - [05/Sep/2021:09:35:27 +0800] "GET /xingrg/kc/mdqp/qqps_order_list.html?isBack=1 HTTP/1.1" 302 -
116.238.194.18 - - [05/Sep/2021:09:35:27 +0800] "GET /xingrg/kc/mdqp/qqps_order_list.html?isQuery=1&timeSelect=1&orderTime=day&startTime=2021-09-04&endTime=2021-09-06&state=all&query=%C8%B7++%B6%A8 HTTP/1.1" 200 10611
116.238.194.18 - - [05/Sep/2021:09:35:27 +0800] "GET /xingrg/dwr/interface/AjaxReportQueryService.js HTTP/1.1" 200 13203
116.238.194.18 - - [05/Sep/2021:09:35:27 +0800] "GET /xingrg/dwr/interface/AjaxQqpsService.js HTTP/1.1" 200 16326
116.238.194.18 - - [05/Sep/2021:09:35:27 +0800] "GET /xingrg/dwr/engine.js HTTP/1.1" 200 43631
116.232.53.2 - - [05/Sep/2021:09:35:28 +0800] "GET /xingrg/all/function/internal_message.html?_=1630805724515&CODE_STATE=getMsg HTTP/1.1" 200 27
116.238.194.18 - - [05/Sep/2021:09:35:29 +0800] "GET /xingrg/kc/mdqp/qqps_order_info.html?code=302021090400061 HTTP/1.1" 200 26409
116.238.194.18 - - [05/Sep/2021:09:35:29 +0800] "GET /xingrg/dwr/interface/AjaxComOrderService.js HTTP/1.1" 200 18264
116.238.194.18 - - [05/Sep/2021:09:35:29 +0800] "GET /xingrg/dwr/interface/AjaxQqpsService.js HTTP/1.1" 200 16326
116.238.194.18 - - [05/Sep/2021:09:35:29 +0800] "GET /xingrg/dwr/engine.js HTTP/1.1" 200 43631
116.238.168.124 - - [05/Sep/2021:09:35:29 +0800] "GET /xingrg/javascript/auto/indicator.gif HTTP/1.1" 404 1066
116.238.194.18 - - [05/Sep/2021:09:35:29 +0800] "POST /xingrg/dwr/call/plaincall/AjaxQqpsService.loadMaterielItems.dwr HTTP/1.1" 200 13038
116.238.168.124 - - [05/Sep/2021:09:35:30 +0800] "GET /xingrg/javascript/jquery_tools/images/prev.gif HTTP/1.1" 404 1086
116.238.168.124 - - [05/Sep/2021:09:35:30 +0800] "GET /xingrg/javascript/jquery_tools/images/next.gif HTTP/1.1" 404 1086
116.238.194.18 - - [05/Sep/2021:09:35:31 +0800] "GET /xingrg/kc/mdqp/qqps_order_list.html?isBack=1 HTTP/1.1" 302 -
116.238.194.18 - - [05/Sep/2021:09:35:31 +0800] "GET /xingrg/check_reg.html?_=1630805726655 HTTP/1.1" 200 22
116.238.194.18 - - [05/Sep/2021:09:35:31 +0800] "GET /xingrg/all/function/internal_message.html?_=1630805726659&CODE_STATE=getMsg HTTP/1.1" 200 27
116.238.194.18 - - [05/Sep/2021:09:35:31 +0800] "GET /xingrg/kc/mdqp/qqps_order_list.html?isQuery=1&timeSelect=1&orderTime=day&startTime=2021-09-04&endTime=2021-09-06&state=all&query=%C8%B7++%B6%A8 HTTP/1.1" 200 10611
116.238.194.18 - - [05/Sep/2021:09:35:31 +0800] "GET /xingrg/dwr/interface/AjaxQqpsService.js HTTP/1.1" 200 16326
116.238.194.18 - - [05/Sep/2021:09:35:31 +0800] "GET /xingrg/dwr/interface/AjaxReportQueryService.js HTTP/1.1" 200 13203
116.238.194.18 - - [05/Sep/2021:09:35:31 +0800] "GET /xingrg/dwr/engine.js HTTP/1.1" 200 43631
116.230.105.26 - - [05/Sep/2021:09:35:32 +0800] "GET /xingrg/kc/buy/cgsh_order_operate.html?command=get_materiel&rest_code=00155&code=00101008353&supplier_code=00100005&order_time=2021-09-05 HTTP/1.1" 200 408
116.232.53.2 - - [05/Sep/2021:09:35:32 +0800] "GET /xingrg/kc/buy/cgsh_order_operate.html?command=get_materiel&rest_code=00109&code=00101008197&supplier_code=00100005&order_time=2021-09-05 HTTP/1.1" 200 416
116.238.194.18 - - [05/Sep/2021:09:35:32 +0800] "GET /xingrg/kc/mdqp/qqps_order_info.html?code=302021090400060 HTTP/1.1" 200 26409
116.238.194.18 - - [05/Sep/2021:09:35:32 +0800] "GET /xingrg/dwr/interface/AjaxComOrderService.js HTTP/1.1" 200 18264
116.238.194.18 - - [05/Sep/2021:09:35:32 +0800] "GET /xingrg/dwr/interface/AjaxQqpsService.js HTTP/1.1" 200 16326
116.238.194.18 - - [05/Sep/2021:09:35:32 +0800] "GET /xingrg/dwr/engine.js HTTP/1.1" 200 43631
116.238.194.18 - - [05/Sep/2021:09:35:33 +0800] "POST /xingrg/dwr/call/plaincall/AjaxQqpsService.loadMaterielItems.dwr HTTP/1.1" 200 587
116.230.105.26 - - [05/Sep/2021:09:35:37 +0800] "GET /xingrg/kc/buy/cgsh_order_operate.html?command=get_materiel&rest_code=00155&code=00101008095&supplier_code=00100005&order_time=2021-09-05 HTTP/1.1" 200 412
116.238.168.124 - - [05/Sep/2021:09:35:38 +0800] "GET /xingrg/kc/buy/cgsh_order_operate.html?command=get_materiel&rest_code=00102&code=00101006068&supplier_code=00100096&order_time=2021-09-05 HTTP/1.1" 200 411
120.253.135.82 - - [05/Sep/2021:09:35:41 +0800] "GET /xingrg/all/function/internal_message.html?_=1630805511426&CODE_STATE=getMsg HTTP/1.1" 200 27
116.230.105.26 - - [05/Sep/2021:09:35:42 +0800] "GET /xingrg/kc/buy/cgsh_order_operate.html?command=get_materiel&rest_code=00155&code=00101008110&supplier_code=00100005&order_time=2021-09-05 HTTP/1.1" 200 408
116.230.105.26 - - [05/Sep/2021:09:35:44 +0800] "POST /xingrg/kc/buy/cgsh_order_operate.html HTTP/1.1" 200 2065
116.232.53.2 - - [05/Sep/2021:09:35:46 +0800] "GET /xingrg/kc/buy/cgsh_order_operate.html?command=get_materiel&rest_code=00109&code=00101008176&supplier_code=00100005&order_time=2021-09-05 HTTP/1.1" 200 412
116.230.105.26 - - [05/Sep/2021:09:35:47 +0800] "GET /xingrg/kc/buy/cgsh_order_operate.html?command=get_materiel&rest_code=00155&code=00101008298&supplier_code=00100005&order_time=2021-09-05 HTTP/1.1" 200 412
116.238.168.124 - - [05/Sep/2021:09:35:48 +0800] "GET /xingrg/kc/buy/cgsh_order_operate.html?command=get_materiel&rest_code=00102&code=00101006109&supplier_code=00100096&order_time=2021-09-05 HTTP/1.1" 200 409
116.238.194.18 - - [05/Sep/2021:09:35:48 +0800] "GET /xingrg/images/yd/bt.gif HTTP/1.1" 404 1040
180.169.147.146 - - [05/Sep/2021:09:35:50 +0800] "GET /xingrg/all/function/internal_message.html?_=1630805745943&CODE_STATE=getMsg HTTP/1.1" 200 27
58.40.7.146 - - [05/Sep/2021:09:35:50 +0800] "GET /xingrg/all/function/internal_message.html?_=1630805746355&CODE_STATE=getMsg HTTP/1.1" 200 27
116.230.105.26 - - [05/Sep/2021:09:35:51 +0800] "GET /xingrg/all/function/internal_message.html?_=1630805694505&CODE_STATE=getMsg HTTP/1.1" 200 27
222.70.246.151 - - [05/Sep/2021:09:35:51 +0800] "GET /xingrg/all/function/internal_message.html?_=1630805772960&CODE_STATE=getMsg HTTP/1.1" 200 27
116.238.194.18 - - [05/Sep/2021:09:35:52 +0800] "GET /xingrg/all/function/internal_message.html?_=1630805727336&CODE_STATE=getMsg HTTP/1.1" 200 27
116.230.105.26 - - [05/Sep/2021:09:35:53 +0800] "GET /xingrg/kc/buy/cgsh_order_operate.html?command=get_materiel&rest_code=00155&code=00101008361&supplier_code=00100005&order_time=2021-09-05 HTTP/1.1" 200 408
116.232.53.2 - - [05/Sep/2021:09:35:54 +0800] "GET /xingrg/kc/buy/cgsh_order_operate.html?command=get_materiel&rest_code=00109&code=00101008055&supplier_code=00100005&order_time=2021-09-05 HTTP/1.1" 200 409
116.238.168.124 - - [05/Sep/2021:09:35:54 +0800] "GET /xingrg/kc/buy/cgsh_order_operate.html?command=get_materiel&rest_code=00102&code=00101006133&supplier_code=00100096&order_time=2021-09-05 HTTP/1.1" 200 413
101.83.145.79 - - [05/Sep/2021:09:35:57 +0800] "GET /xingrg/all/function/internal_message.html?_=1630805703340&CODE_STATE=getMsg HTTP/1.1" 302 -
116.238.194.18 - - [05/Sep/2021:09:35:58 +0800] "GET /xingrg/images/yd/bt2.gif HTTP/1.1" 404 1042
180.169.147.146 - - [05/Sep/2021:09:35:59 +0800] "GET /xingrg/all/function/internal_message.html?_=1630805755379&CODE_STATE=getMsg HTTP/1.1" 200 27
180.169.147.146 - - [05/Sep/2021:09:36:00 +0800] "GET /xingrg/check_reg.html?_=1630805755469 HTTP/1.1" 200 22
180.169.147.146 - - [05/Sep/2021:09:36:02 +0800] "GET /xingrg/all/function/internal_message.html?_=1630805756161&CODE_STATE=getMsg HTTP/1.1" 200 27
180.169.147.146 - - [05/Sep/2021:09:36:05 +0800] "GET /xingrg/all/function/internal_message.html?_=1630805760558&CODE_STATE=getMsg HTTP/1.1" 200 27
116.230.105.26 - - [05/Sep/2021:09:36:06 +0800] "GET /xingrg/kc/buy/cgsh_order_operate.html?command=get_materiel&rest_code=00155&code=00101008114&supplier_code=00100005&order_time=2021-09-05 HTTP/1.1" 200 412
116.238.168.124 - - [05/Sep/2021:09:36:07 +0800] "GET /xingrg/kc/buy/cgsh_order_operate.html?command=get_materiel&rest_code=00102&code=00101016038&supplier_code=00100096&order_time=2021-09-05 HTTP/1.1" 200 408
58.37.227.186 - - [05/Sep/2021:09:36:10 +0800] "GET /xingrg/all/function/internal_message.html?_=1630805644219&CODE_STATE=getMsg HTTP/1.1" 200 27
58.37.227.186 - - [05/Sep/2021:09:36:10 +0800] "GET /xingrg/check_reg.html?_=1630805644217 HTTP/1.1" 200 22
116.232.53.2 - - [05/Sep/2021:09:36:11 +0800] "GET /xingrg/kc/buy/cgsh_order_operate.html?command=get_materiel&rest_code=00109&code=00101008350&supplier_code=00100005&order_time=2021-09-05 HTTP/1.1" 200 408
116.230.105.26 - - [05/Sep/2021:09:36:12 +0800] "GET /xingrg/kc/buy/cgsh_order_operate.html?command=get_materiel&rest_code=00155&code=00101008223&supplier_code=00100005&order_time=2021-09-05 HTTP/1.1" 200 412
124.79.246.142 - - [05/Sep/2021:09:36:12 +0800] "GET /xingrg/all/function/internal_message.html?_=1630806224741&CODE_STATE=getMsg HTTP/1.1" 200 27
172.20.0.100 - - [05/Sep/2021:09:36:12 +0800] "GET /xingrg/all/function/internal_message.html?_=1630805765909&CODE_STATE=getMsg HTTP/1.1" 200 27
58.40.7.146 - - [05/Sep/2021:09:36:13 +0800] "GET /xingrg/check_reg.html?_=1630805768653 HTTP/1.1" 302 -
101.83.145.79 - - [05/Sep/2021:09:36:13 +0800] "GET /xingrg/all/function/internal_message.html?_=1630805768881&CODE_STATE=getMsg HTTP/1.1" 200 27
116.230.105.26 - - [05/Sep/2021:09:36:14 +0800] "POST /xingrg/kc/buy/cgsh_order_operate.html HTTP/1.1" 200 2065
116.238.168.124 - - [05/Sep/2021:09:36:14 +0800] "GET /xingrg/kc/buy/cgsh_order_operate.html?command=get_materiel&rest_code=00102&code=00101012051&supplier_code=00100096&order_time=2021-09-05 HTTP/1.1" 200 408
124.79.246.142 - - [05/Sep/2021:09:36:16 +0800] "GET /xingrg/kc/buy/cgsh_order_operate.html?command=get_materiel&rest_code=00104&code=00101001058&supplier_code=00100312&order_time=2021-09-05 HTTP/1.1" 200 413
180.169.147.146 - - [05/Sep/2021:09:36:17 +0800] "GET /xingrg/all/function/internal_message.html?_=1630805773560&CODE_STATE=getMsg HTTP/1.1" 302 -
116.232.53.2 - - [05/Sep/2021:09:36:19 +0800] "GET /xingrg/kc/buy/cgsh_order_operate.html?command=get_materiel&rest_code=00109&code=00101008354&supplier_code=00100005&order_time=2021-09-05 HTTP/1.1" 200 412
222.70.182.153 - - [05/Sep/2021:09:36:20 +0800] "GET /xingrg/all/function/internal_message.html?_=1630805766381&CODE_STATE=getMsg HTTP/1.1" 200 27
116.238.168.124 - - [05/Sep/2021:09:36:21 +0800] "GET /xingrg/all/function/internal_message.html?_=1630805775138&CODE_STATE=getMsg HTTP/1.1" 200 27
116.230.105.26 - - [05/Sep/2021:09:36:24 +0800] "GET /xingrg/kc/buy/cgsh_order_operate.html?command=get_materiel&rest_code=00155&code=00101008092&supplier_code=00100005&order_time=2021-09-05 HTTP/1.1" 200 412
222.69.130.14 - - [05/Sep/2021:09:36:25 +0800] "GET /xingrg/all/function/internal_message.html?_=1630805779775&CODE_STATE=getMsg HTTP/1.1" 200 27
124.79.246.142 - - [05/Sep/2021:09:36:27 +0800] "GET /xingrg/javascript/easyui/themes/default/images/button_plain_hover.png HTTP/1.1" 304 -
116.232.53.2 - - [05/Sep/2021:09:36:27 +0800] "GET /xingrg/kc/buy/cgsh_order_operate.html?command=get_materiel&rest_code=00109&code=00101008370&supplier_code=00100005&order_time=2021-09-05 HTTP/1.1" 200 412
116.232.53.2 - - [05/Sep/2021:09:36:28 +0800] "GET /xingrg/all/function/internal_message.html?_=1630805784520&CODE_STATE=getMsg HTTP/1.1" 200 27
124.79.246.142 - - [05/Sep/2021:09:36:30 +0800] "POST /xingrg/kc/buy/cgsh_order_operate.html HTTP/1.1" 200 37
116.238.194.18 - - [05/Sep/2021:09:36:31 +0800] "GET /xingrg/all/function/internal_message.html?_=1630805786636&CODE_STATE=getMsg HTTP/1.1" 200 27
124.79.246.142 - - [05/Sep/2021:09:36:32 +0800] "POST /xingrg/kc/buy/cgsh_order_operate.html HTTP/1.1" 200 3855
116.230.105.26 - - [05/Sep/2021:09:36:32 +0800] "GET /xingrg/kc/buy/cgsh_order_operate.html?command=get_materiel&rest_code=00155&code=00101008041&supplier_code=00100005&order_time=2021-09-05 HTTP/1.1" 200 408
116.232.53.2 - - [05/Sep/2021:09:36:35 +0800] "GET /xingrg/kc/buy/cgsh_order_operate.html?command=get_materiel&rest_code=00109&code=00101008356&supplier_code=00100005&order_time=2021-09-05 HTTP/1.1" 200 408
116.230.105.26 - - [05/Sep/2021:09:36:38 +0800] "GET /xingrg/kc/buy/cgsh_order_operate.html?command=get_materiel&rest_code=00155&code=00101008371&supplier_code=00100005&order_time=2021-09-05 HTTP/1.1" 200 412
124.79.246.142 - - [05/Sep/2021:09:36:39 +0800] "GET /xingrg/javascript/easyui/themes/default/images/button_plain_hover.png HTTP/1.1" 304 -
124.79.246.142 - - [05/Sep/2021:09:36:39 +0800] "GET /xingrg/javascript/easyui/themes/default/images/button_plain_hover.png HTTP/1.1" 304 -
124.79.246.142 - - [05/Sep/2021:09:36:39 +0800] "GET /xingrg/javascript/easyui/themes/default/images/button_plain_hover.png HTTP/1.1" 304 -
124.79.246.142 - - [05/Sep/2021:09:36:39 +0800] "GET /xingrg/javascript/easyui/themes/default/images/button_plain_hover.png HTTP/1.1" 304 -
124.79.246.142 - - [05/Sep/2021:09:36:40 +0800] "GET /xingrg/kc/print/load_config.html?kc_code=cgsh HTTP/1.1" 200 2076
124.79.246.142 - - [05/Sep/2021:09:36:40 +0800] "GET /xingrg/kc/print/load_data.html?order_code=212021090501809&kc_code=cgsh&condition= HTTP/1.1" 200 1145
120.253.135.82 - - [05/Sep/2021:09:36:41 +0800] "GET /xingrg/all/function/internal_message.html?_=1630805571459&CODE_STATE=getMsg HTTP/1.1" 200 27
116.232.53.2 - - [05/Sep/2021:09:36:44 +0800] "GET /xingrg/kc/buy/cgsh_order_operate.html?command=get_materiel&rest_code=00109&code=00101008415&supplier_code=00100005&order_time=2021-09-05 HTTP/1.1" 200 398
222.70.246.151 - - [05/Sep/2021:09:36:50 +0800] "GET /xingrg/check_reg.html?_=1630805831694 HTTP/1.1" 200 22
180.169.147.146 - - [05/Sep/2021:09:36:50 +0800] "GET /xingrg/all/function/internal_message.html?_=1630805805947&CODE_STATE=getMsg HTTP/1.1" 200 27
180.169.147.146 - - [05/Sep/2021:09:36:50 +0800] "GET /xingrg/check_reg.html?_=1630805805949 HTTP/1.1" 200 22
58.40.7.146 - - [05/Sep/2021:09:36:50 +0800] "GET /xingrg/all/function/internal_message.html?_=1630805806359&CODE_STATE=getMsg HTTP/1.1" 200 27
116.230.105.26 - - [05/Sep/2021:09:36:51 +0800] "GET /xingrg/all/function/internal_message.html?_=1630805754520&CODE_STATE=getMsg HTTP/1.1" 200 27
222.70.246.151 - - [05/Sep/2021:09:36:51 +0800] "GET /xingrg/all/function/internal_message.html?_=1630805832974&CODE_STATE=getMsg HTTP/1.1" 200 27
124.79.246.142 - - [05/Sep/2021:09:36:51 +0800] "GET /xingrg/javascript/easyui/themes/default/images/button_plain_hover.png HTTP/1.1" 304 -
124.79.246.142 - - [05/Sep/2021:09:36:51 +0800] "GET /xingrg/javascript/easyui/themes/default/images/button_plain_hover.png HTTP/1.1" 304 -
116.238.194.18 - - [05/Sep/2021:09:36:52 +0800] "GET /xingrg/all/function/internal_message.html?_=1630805787351&CODE_STATE=getMsg HTTP/1.1" 200 27
124.79.246.142 - - [05/Sep/2021:09:36:52 +0800] "GET /xingrg/kc/buy/cgsh_order_add.html HTTP/1.1" 200 63376
124.79.246.142 - - [05/Sep/2021:09:36:52 +0800] "GET /xingrg/css/base.css HTTP/1.1" 304 -
124.79.246.142 - - [05/Sep/2021:09:36:52 +0800] "GET /xingrg/css/site.css HTTP/1.1" 304 -
124.79.246.142 - - [05/Sep/2021:09:36:52 +0800] "GET /xingrg/javascript/auto/jquery.autocomplete.css HTTP/1.1" 304 -
124.79.246.142 - - [05/Sep/2021:09:36:52 +0800] "GET /xingrg/javascript/pic_change.js HTTP/1.1" 304 -
124.79.246.142 - - [05/Sep/2021:09:36:52 +0800] "GET /xingrg/javascript/jquery_tools/table.css HTTP/1.1" 304 -
124.79.246.142 - - [05/Sep/2021:09:36:52 +0800] "GET /xingrg/javascript/jquery_tools/datebox.css HTTP/1.1" 304 -
124.79.246.142 - - [05/Sep/2021:09:36:52 +0800] "GET /xingrg/javascript/easyui/themes/icon.css HTTP/1.1" 304 -
124.79.246.142 - - [05/Sep/2021:09:36:52 +0800] "GET /xingrg/javascript/jquery_tools/jquery.tools.extend.js HTTP/1.1" 304 -
124.79.246.142 - - [05/Sep/2021:09:36:52 +0800] "GET /xingrg/javascript/easyui/themes/default/easyui.css HTTP/1.1" 304 -
124.79.246.142 - - [05/Sep/2021:09:36:52 +0800] "GET /xingrg/javascript/jquery_tools/jquery.tools.hotkey.js HTTP/1.1" 304 -
124.79.246.142 - - [05/Sep/2021:09:36:52 +0800] "GET /xingrg/javascript/jquery_tools/fix.css HTTP/1.1" 304 -
124.79.246.142 - - [05/Sep/2021:09:36:52 +0800] "GET /xingrg/javascript/auto/jquery.autocomplete.js HTTP/1.1" 304 -
124.79.246.142 - - [05/Sep/2021:09:36:52 +0800] "GET /xingrg/javascript/easyui/easyloader.js HTTP/1.1" 304 -
124.79.246.142 - - [05/Sep/2021:09:36:52 +0800] "GET /xingrg/javascript/jquery_tools/order_manager.js HTTP/1.1" 304 -
124.79.246.142 - - [05/Sep/2021:09:36:52 +0800] "GET /xingrg/javascript/jquery_tools/jquery.tools.min.js HTTP/1.1" 304 -
124.79.246.142 - - [05/Sep/2021:09:36:52 +0800] "GET /xingrg/javascript/convert.js HTTP/1.1" 304 -
124.79.246.142 - - [05/Sep/2021:09:36:52 +0800] "GET /xingrg/javascript/jquery_tools/jquery.tools.table.js HTTP/1.1" 304 -
124.79.246.142 - - [05/Sep/2021:09:36:52 +0800] "GET /xingrg/javascript/jquery.cookie.js HTTP/1.1" 304 -
124.79.246.142 - - [05/Sep/2021:09:36:52 +0800] "GET /xingrg/javascript/jquery.utils.js HTTP/1.1" 304 -
124.79.246.142 - - [05/Sep/2021:09:36:52 +0800] "GET /xingrg/javascript/print/kc_print.js HTTP/1.1" 304 -
124.79.246.142 - - [05/Sep/2021:09:36:52 +0800] "GET /xingrg/javascript/json2.js HTTP/1.1" 304 -
124.79.246.142 - - [05/Sep/2021:09:36:52 +0800] "GET /xingrg/javascript/print/LodopFuncs.js HTTP/1.1" 304 -
116.232.53.2 - - [05/Sep/2021:09:36:52 +0800] "GET /xingrg/kc/buy/cgsh_order_operate.html?command=get_materiel&rest_code=00109&code=00101008357&supplier_code=00100005&order_time=2021-09-05 HTTP/1.1" 200 408
124.79.246.142 - - [05/Sep/2021:09:36:53 +0800] "GET /xingrg/words/20210904120709_words.js HTTP/1.1" 304 -
124.79.246.142 - - [05/Sep/2021:09:36:53 +0800] "GET /xingrg/javascript/easyui/themes/icons/template_new.png HTTP/1.1" 304 -
124.79.246.142 - - [05/Sep/2021:09:36:53 +0800] "GET /xingrg/javascript/easyui/themes/icons/copy_new.png HTTP/1.1" 304 -
124.79.246.142 - - [05/Sep/2021:09:36:53 +0800] "GET /xingrg/javascript/easyui/themes/icons/ok.png HTTP/1.1" 304 -
124.79.246.142 - - [05/Sep/2021:09:36:53 +0800] "GET /xingrg/javascript/easyui/themes/icons/print.png HTTP/1.1" 304 -
124.79.246.142 - - [05/Sep/2021:09:36:53 +0800] "GET /xingrg/javascript/easyui/themes/default/images/menu_downarrow.png HTTP/1.1" 304 -
124.79.246.142 - - [05/Sep/2021:09:36:53 +0800] "GET /xingrg/javascript/easyui/themes/icons/cancel.png HTTP/1.1" 304 -
124.79.246.142 - - [05/Sep/2021:09:36:53 +0800] "GET /xingrg/javascript/easyui/plugins/jquery.parser.js HTTP/1.1" 304 -
124.79.246.142 - - [05/Sep/2021:09:36:53 +0800] "POST /xingrg/kc/buy/cgsh_order_operate.html HTTP/1.1" 200 8245
124.79.246.142 - - [05/Sep/2021:09:36:53 +0800] "GET /xingrg/javascript/easyui/themes/default/images/button_plain_hover.png HTTP/1.1" 304 -
124.79.246.142 - - [05/Sep/2021:09:36:53 +0800] "GET /xingrg/all/common/auto_word.html?type=employee&rest_code=00104 HTTP/1.1" 200 149
124.79.246.142 - - [05/Sep/2021:09:36:53 +0800] "GET /xingrg/all/common/auto_word.html?type=employee&rest_code=00104 HTTP/1.1" 200 149
124.79.246.142 - - [05/Sep/2021:09:36:53 +0800] "GET /xingrg/javascript/easyui/themes/default/validatebox.css HTTP/1.1" 404 1104
124.79.246.142 - - [05/Sep/2021:09:36:53 +0800] "GET /xingrg/javascript/easyui/plugins/jquery.validatebox.js HTTP/1.1" 304 -
124.79.246.142 - - [05/Sep/2021:09:36:53 +0800] "GET /xingrg/javascript/easyui/plugins/jquery.numberbox.js HTTP/1.1" 304 -
101.83.145.79 - - [05/Sep/2021:09:36:57 +0800] "GET /xingrg/all/function/internal_message.html?_=1630805763344&CODE_STATE=getMsg HTTP/1.1" 302 -
180.169.147.146 - - [05/Sep/2021:09:36:59 +0800] "GET /xingrg/all/function/internal_message.html?_=1630805815356&CODE_STATE=getMsg HTTP/1.1" 200 27
180.169.147.146 - - [05/Sep/2021:09:37:02 +0800] "GET /xingrg/all/function/internal_message.html?_=1630805816163&CODE_STATE=getMsg HTTP/1.1" 200 27
116.232.53.2 - - [05/Sep/2021:09:37:04 +0800] "GET /xingrg/kc/buy/cgsh_order_operate.html?command=get_materiel&rest_code=00109&code=00101008286&supplier_code=00100005&order_time=2021-09-05 HTTP/1.1" 200 408
180.169.147.146 - - [05/Sep/2021:09:37:05 +0800] "GET /xingrg/all/function/internal_message.html?_=1630805820560&CODE_STATE=getMsg HTTP/1.1" 200 27
180.169.147.146 - - [05/Sep/2021:09:37:05 +0800] "GET /xingrg/check_reg.html?_=1630805820564 HTTP/1.1" 200 22
124.79.246.142 - - [05/Sep/2021:09:37:08 +0800] "GET /xingrg/javascript/easyui/themes/default/images/button_plain_hover.png HTTP/1.1" 304 -
124.79.246.142 - - [05/Sep/2021:09:37:10 +0800] "GET /xingrg/javascript/easyui/plugins/jquery.draggable.js HTTP/1.1" 304 -
124.79.246.142 - - [05/Sep/2021:09:37:10 +0800] "GET /xingrg/css/images/panel_loading.gif HTTP/1.1" 304 -
124.79.246.142 - - [05/Sep/2021:09:37:10 +0800] "GET /xingrg/javascript/easyui/plugins/jquery.droppable.js HTTP/1.1" 304 -
124.79.246.142 - - [05/Sep/2021:09:37:10 +0800] "GET /xingrg/javascript/easyui/themes/default/tree.css HTTP/1.1" 404 1090
124.79.246.142 - - [05/Sep/2021:09:37:10 +0800] "GET /xingrg/javascript/easyui/plugins/jquery.tree.js HTTP/1.1" 304 -
124.79.246.142 - - [05/Sep/2021:09:37:10 +0800] "POST /xingrg/all/common/load_tree.html?tree=supplier_tree_json&isDelete=1 HTTP/1.1" 200 57570
58.37.227.186 - - [05/Sep/2021:09:37:10 +0800] "GET /xingrg/all/function/internal_message.html?_=1630805704217&CODE_STATE=getMsg HTTP/1.1" 200 27
116.232.53.2 - - [05/Sep/2021:09:37:11 +0800] "GET /xingrg/kc/buy/cgsh_order_operate.html?command=get_materiel&rest_code=00109&code=00101008131&supplier_code=00100005&order_time=2021-09-05 HTTP/1.1" 200 408
124.79.246.142 - - [05/Sep/2021:09:37:12 +0800] "GET /xingrg/javascript/easyui/themes/default/images/tree_folder_open.gif HTTP/1.1" 304 -
124.79.246.142 - - [05/Sep/2021:09:37:12 +0800] "GET /xingrg/javascript/easyui/themes/default/images/tree_folder.gif HTTP/1.1" 304 -
124.79.246.142 - - [05/Sep/2021:09:37:12 +0800] "GET /xingrg/javascript/easyui/themes/default/images/tree_file.gif HTTP/1.1" 304 -
124.79.246.142 - - [05/Sep/2021:09:37:12 +0800] "GET /xingrg/all/function/internal_message.html?_=1630806284756&CODE_STATE=getMsg HTTP/1.1" 200 27
172.20.0.100 - - [05/Sep/2021:09:37:12 +0800] "GET /xingrg/check_reg.html?_=1630805825911 HTTP/1.1" 200 22
172.20.0.100 - - [05/Sep/2021:09:37:12 +0800] "GET /xingrg/all/function/internal_message.html?_=1630805825913&CODE_STATE=getMsg HTTP/1.1" 200 27
101.83.145.79 - - [05/Sep/2021:09:37:13 +0800] "GET /xingrg/all/function/internal_message.html?_=1630805828884&CODE_STATE=getMsg HTTP/1.1" 200 27
101.83.145.79 - - [05/Sep/2021:09:37:13 +0800] "GET /xingrg/check_reg.html?_=1630805828881 HTTP/1.1" 200 22
180.169.147.146 - - [05/Sep/2021:09:37:17 +0800] "GET /xingrg/all/function/internal_message.html?_=1630805833591&CODE_STATE=getMsg HTTP/1.1" 302 -
222.70.182.153 - - [05/Sep/2021:09:37:20 +0800] "GET /xingrg/all/function/internal_message.html?_=1630805826351&CODE_STATE=getMsg HTTP/1.1" 200 27
116.232.53.2 - - [05/Sep/2021:09:37:20 +0800] "GET /xingrg/kc/buy/cgsh_order_operate.html?command=get_materiel&rest_code=00109&code=00101008296&supplier_code=00100005&order_time=2021-09-05 HTTP/1.1" 200 416
116.238.168.124 - - [05/Sep/2021:09:37:21 +0800] "GET /xingrg/all/function/internal_message.html?_=1630805835152&CODE_STATE=getMsg HTTP/1.1" 200 27
222.69.130.14 - - [05/Sep/2021:09:37:25 +0800] "GET /xingrg/all/function/internal_message.html?_=1630805839779&CODE_STATE=getMsg HTTP/1.1" 200 27
116.238.194.18 - - [05/Sep/2021:09:37:26 +0800] "GET /xingrg/kc/buy/cgsh_order_list.html HTTP/1.1" 200 47638
116.238.194.18 - - [05/Sep/2021:09:37:27 +0800] "POST /xingrg/kc/buy/cgsh_list_operate.html HTTP/1.1" 200 1675
116.232.53.2 - - [05/Sep/2021:09:37:28 +0800] "GET /xingrg/kc/buy/cgsh_order_operate.html?command=get_materiel&rest_code=00109&code=00101008353&supplier_code=00100005&order_time=2021-09-05 HTTP/1.1" 200 408
116.232.53.2 - - [05/Sep/2021:09:37:28 +0800] "GET /xingrg/all/function/internal_message.html?_=1630805844525&CODE_STATE=getMsg HTTP/1.1" 200 27
116.238.194.18 - - [05/Sep/2021:09:37:30 +0800] "POST /xingrg/kc/buy/cgsh_list_operate.html HTTP/1.1" 200 569
116.238.194.18 - - [05/Sep/2021:09:37:30 +0800] "GET /xingrg/kc/buy/cgsh_order_info.html?code=212021090501808 HTTP/1.1" 200 63293
116.238.194.18 - - [05/Sep/2021:09:37:31 +0800] "GET /xingrg/javascript/easyui/themes/default/validatebox.css HTTP/1.1" 404 1104
116.238.194.18 - - [05/Sep/2021:09:37:31 +0800] "GET /xingrg/all/function/internal_message.html?_=1630805846633&CODE_STATE=getMsg HTTP/1.1" 200 27
116.238.194.18 - - [05/Sep/2021:09:37:31 +0800] "POST /xingrg/kc/buy/cgsh_order_operate.html HTTP/1.1" 200 9232
116.232.53.2 - - [05/Sep/2021:09:37:39 +0800] "GET /xingrg/kc/buy/cgsh_order_operate.html?command=get_materiel&rest_code=00109&code=00101008213&supplier_code=00100005&order_time=2021-09-05 HTTP/1.1" 200 412
120.253.135.82 - - [05/Sep/2021:09:37:41 +0800] "GET /xingrg/all/function/internal_message.html?_=1630805631469&CODE_STATE=getMsg HTTP/1.1" 200 27
116.232.53.2 - - [05/Sep/2021:09:37:47 +0800] "GET /xingrg/kc/buy/cgsh_order_operate.html?command=get_materiel&rest_code=00109&code=00101008010&supplier_code=00100005&order_time=2021-09-05 HTTP/1.1" 200 412
180.169.147.146 - - [05/Sep/2021:09:37:50 +0800] "GET /xingrg/all/function/internal_message.html?_=1630805865942&CODE_STATE=getMsg HTTP/1.1" 200 27
58.40.7.146 - - [05/Sep/2021:09:37:50 +0800] "GET /xingrg/all/function/internal_message.html?_=1630805866362&CODE_STATE=getMsg HTTP/1.1" 200 27
116.230.105.26 - - [05/Sep/2021:09:37:51 +0800] "GET /xingrg/all/function/internal_message.html?_=1630805814515&CODE_STATE=getMsg HTTP/1.1" 200 27
116.230.105.26 - - [05/Sep/2021:09:37:51 +0800] "GET /xingrg/check_reg.html?_=1630805814520 HTTP/1.1" 200 22
222.70.246.151 - - [05/Sep/2021:09:37:51 +0800] "GET /xingrg/all/function/internal_message.html?_=1630805892987&CODE_STATE=getMsg HTTP/1.1" 200 27
116.238.194.18 - - [05/Sep/2021:09:37:52 +0800] "GET /xingrg/all/function/internal_message.html?_=1630805847380&CODE_STATE=getMsg HTTP/1.1" 200 27
101.83.145.79 - - [05/Sep/2021:09:37:57 +0800] "GET /xingrg/all/function/internal_message.html?_=1630805823345&CODE_STATE=getMsg HTTP/1.1" 302 -
180.169.147.146 - - [05/Sep/2021:09:37:59 +0800] "GET /xingrg/all/function/internal_message.html?_=1630805875324&CODE_STATE=getMsg HTTP/1.1" 200 27
116.232.53.2 - - [05/Sep/2021:09:38:00 +0800] "GET /xingrg/kc/buy/cgsh_order_operate.html?command=get_materiel&rest_code=00109&code=00101008306&supplier_code=00100005&order_time=2021-09-05 HTTP/1.1" 200 412
180.169.147.146 - - [05/Sep/2021:09:38:02 +0800] "GET /xingrg/all/function/internal_message.html?_=1630805876167&CODE_STATE=getMsg HTTP/1.1" 200 27
180.169.147.146 - - [05/Sep/2021:09:38:02 +0800] "GET /xingrg/check_reg.html?_=1630805876167 HTTP/1.1" 200 22
180.169.147.146 - - [05/Sep/2021:09:38:05 +0800] "GET /xingrg/all/function/internal_message.html?_=1630805880551&CODE_STATE=getMsg HTTP/1.1" 200 27
116.232.53.2 - - [05/Sep/2021:09:38:10 +0800] "GET /xingrg/kc/buy/cgsh_order_operate.html?command=get_materiel&rest_code=00109&code=00101008350&supplier_code=00100005&order_time=2021-09-05 HTTP/1.1" 200 408
58.37.227.186 - - [05/Sep/2021:09:38:10 +0800] "GET /xingrg/all/function/internal_message.html?_=1630805764216&CODE_STATE=getMsg HTTP/1.1" 200 27
124.79.246.142 - - [05/Sep/2021:09:38:12 +0800] "GET /xingrg/all/function/internal_message.html?_=1630806344767&CODE_STATE=getMsg HTTP/1.1" 200 27
172.20.0.100 - - [05/Sep/2021:09:38:12 +0800] "GET /xingrg/all/function/internal_message.html?_=1630805885916&CODE_STATE=getMsg HTTP/1.1" 200 27
101.83.145.79 - - [05/Sep/2021:09:38:13 +0800] "GET /xingrg/all/function/internal_message.html?_=1630805888868&CODE_STATE=getMsg HTTP/1.1" 200 27
180.169.147.146 - - [05/Sep/2021:09:38:17 +0800] "GET /xingrg/all/function/internal_message.html?_=1630805893604&CODE_STATE=getMsg HTTP/1.1" 302 -
124.79.246.142 - - [05/Sep/2021:09:38:18 +0800] "GET /xingrg/kc/buy/cgsh_order_operate.html?command=get_materiel&rest_code=00104&code=00101004090&supplier_code=00100312&order_time=2021-09-05 HTTP/1.1" 200 391
222.70.182.153 - - [05/Sep/2021:09:38:20 +0800] "GET /xingrg/all/function/internal_message.html?_=1630805886322&CODE_STATE=getMsg HTTP/1.1" 200 27
