124.79.246.142 - - [05/Sep/2021:09:45:12 +0800] "GET /xingrg/javascript/easyui/themes/icon.css HTTP/1.1" 304 -
124.79.246.142 - - [05/Sep/2021:09:45:12 +0800] "GET /xingrg/javascript/auto/jquery.autocomplete.css HTTP/1.1" 304 -
124.79.246.142 - - [05/Sep/2021:09:45:12 +0800] "GET /xingrg/javascript/easyui/themes/default/easyui.css HTTP/1.1" 304 -
124.79.246.142 - - [05/Sep/2021:09:45:12 +0800] "GET /xingrg/javascript/jquery_tools/fix.css HTTP/1.1" 304 -
124.79.246.142 - - [05/Sep/2021:09:45:12 +0800] "GET /xingrg/javascript/jquery_tools/table.css HTTP/1.1" 304 -
124.79.246.142 - - [05/Sep/2021:09:45:12 +0800] "GET /xingrg/javascript/pic_change.js HTTP/1.1" 304 -
124.79.246.142 - - [05/Sep/2021:09:45:12 +0800] "GET /xingrg/javascript/json2.js HTTP/1.1" 304 -
124.79.246.142 - - [05/Sep/2021:09:45:12 +0800] "GET /xingrg/javascript/jquery.cookie.js HTTP/1.1" 304 -
124.79.246.142 - - [05/Sep/2021:09:45:12 +0800] "GET /xingrg/javascript/jquery_tools/jquery.tools.extend.js HTTP/1.1" 304 -
124.79.246.142 - - [05/Sep/2021:09:45:12 +0800] "GET /xingrg/javascript/print/kc_print.js HTTP/1.1" 304 -
124.79.246.142 - - [05/Sep/2021:09:45:12 +0800] "GET /xingrg/javascript/easyui/easyloader.js HTTP/1.1" 304 -
124.79.246.142 - - [05/Sep/2021:09:45:12 +0800] "GET /xingrg/javascript/jquery_tools/jquery.tools.hotkey.js HTTP/1.1" 304 -
124.79.246.142 - - [05/Sep/2021:09:45:12 +0800] "GET /xingrg/javascript/jquery_tools/jquery.tools.min.js HTTP/1.1" 304 -
124.79.246.142 - - [05/Sep/2021:09:45:12 +0800] "GET /xingrg/javascript/jquery.utils.js HTTP/1.1" 304 -
124.79.246.142 - - [05/Sep/2021:09:45:12 +0800] "GET /xingrg/javascript/jquery_tools/jquery.tools.table.js HTTP/1.1" 304 -
124.79.246.142 - - [05/Sep/2021:09:45:12 +0800] "GET /xingrg/javascript/print/LodopFuncs.js HTTP/1.1" 304 -
124.79.246.142 - - [05/Sep/2021:09:45:12 +0800] "GET /xingrg/javascript/auto/jquery.autocomplete.js HTTP/1.1" 304 -
124.79.246.142 - - [05/Sep/2021:09:45:12 +0800] "GET /xingrg/javascript/jquery_tools/order_manager.js HTTP/1.1" 304 -
124.79.246.142 - - [05/Sep/2021:09:45:12 +0800] "GET /xingrg/javascript/convert.js HTTP/1.1" 304 -
124.79.246.142 - - [05/Sep/2021:09:45:12 +0800] "GET /xingrg/kc/buy/cgsh_order_add.html HTTP/1.1" 200 63376
172.20.0.100 - - [05/Sep/2021:09:45:12 +0800] "GET /xingrg/all/function/internal_message.html?_=1630806305920&CODE_STATE=getMsg HTTP/1.1" 200 27
124.79.246.142 - - [05/Sep/2021:09:45:13 +0800] "GET /xingrg/words/20210904120709_words.js HTTP/1.1" 304 -
124.79.246.142 - - [05/Sep/2021:09:45:13 +0800] "GET /xingrg/javascript/easyui/themes/icons/copy_new.png HTTP/1.1" 304 -
124.79.246.142 - - [05/Sep/2021:09:45:13 +0800] "GET /xingrg/javascript/easyui/themes/icons/template_new.png HTTP/1.1" 304 -
124.79.246.142 - - [05/Sep/2021:09:45:13 +0800] "GET /xingrg/javascript/easyui/themes/icons/ok.png HTTP/1.1" 304 -
124.79.246.142 - - [05/Sep/2021:09:45:13 +0800] "GET /xingrg/javascript/easyui/themes/icons/print.png HTTP/1.1" 304 -
124.79.246.142 - - [05/Sep/2021:09:45:13 +0800] "GET /xingrg/javascript/easyui/themes/default/images/menu_downarrow.png HTTP/1.1" 304 -
124.79.246.142 - - [05/Sep/2021:09:45:13 +0800] "GET /xingrg/javascript/easyui/themes/icons/cancel.png HTTP/1.1" 304 -
124.79.246.142 - - [05/Sep/2021:09:45:13 +0800] "GET /xingrg/javascript/easyui/plugins/jquery.parser.js HTTP/1.1" 304 -
101.83.145.79 - - [05/Sep/2021:09:45:13 +0800] "GET /xingrg/all/function/internal_message.html?_=1630806308884&CODE_STATE=getMsg HTTP/1.1" 200 27
124.79.246.142 - - [05/Sep/2021:09:45:13 +0800] "POST /xingrg/kc/buy/cgsh_order_operate.html HTTP/1.1" 200 8245
124.79.246.142 - - [05/Sep/2021:09:45:14 +0800] "GET /xingrg/all/common/auto_word.html?type=employee&rest_code=00104 HTTP/1.1" 200 149
124.79.246.142 - - [05/Sep/2021:09:45:14 +0800] "GET /xingrg/all/common/auto_word.html?type=employee&rest_code=00104 HTTP/1.1" 200 149
124.79.246.142 - - [05/Sep/2021:09:45:14 +0800] "GET /xingrg/javascript/easyui/themes/default/validatebox.css HTTP/1.1" 404 1104
124.79.246.142 - - [05/Sep/2021:09:45:14 +0800] "GET /xingrg/javascript/easyui/plugins/jquery.validatebox.js HTTP/1.1" 304 -
124.79.246.142 - - [05/Sep/2021:09:45:14 +0800] "GET /xingrg/javascript/easyui/plugins/jquery.numberbox.js HTTP/1.1" 304 -
124.79.246.142 - - [05/Sep/2021:09:45:14 +0800] "GET /xingrg/all/function/internal_message.html?_=1630806766421&CODE_STATE=getMsg HTTP/1.1" 200 27
124.79.246.142 - - [05/Sep/2021:09:45:16 +0800] "GET /xingrg/javascript/easyui/plugins/jquery.draggable.js HTTP/1.1" 304 -
124.79.246.142 - - [05/Sep/2021:09:45:16 +0800] "GET /xingrg/css/images/panel_loading.gif HTTP/1.1" 304 -
124.79.246.142 - - [05/Sep/2021:09:45:16 +0800] "GET /xingrg/javascript/easyui/plugins/jquery.droppable.js HTTP/1.1" 304 -
124.79.246.142 - - [05/Sep/2021:09:45:16 +0800] "GET /xingrg/javascript/easyui/themes/default/tree.css HTTP/1.1" 404 1090
124.79.246.142 - - [05/Sep/2021:09:45:16 +0800] "GET /xingrg/javascript/easyui/plugins/jquery.tree.js HTTP/1.1" 304 -
124.79.246.142 - - [05/Sep/2021:09:45:16 +0800] "POST /xingrg/all/common/load_tree.html?tree=supplier_tree_json&isDelete=1 HTTP/1.1" 200 57570
222.70.182.153 - - [05/Sep/2021:09:45:17 +0800] "GET /xingrg/kc/buy/cgsh_order_operate.html?command=get_materiel&rest_code=00111&code=00101002006&supplier_code=00100199&order_time=2021-09-05 HTTP/1.1" 200 414
180.169.147.146 - - [05/Sep/2021:09:45:17 +0800] "GET /xingrg/all/function/internal_message.html?_=1630806313757&CODE_STATE=getMsg HTTP/1.1" 302 -
222.70.182.153 - - [05/Sep/2021:09:45:18 +0800] "GET /xingrg/check_reg.html?_=1630806304718 HTTP/1.1" 200 22
124.79.246.142 - - [05/Sep/2021:09:45:18 +0800] "GET /xingrg/javascript/easyui/themes/default/images/tree_folder_open.gif HTTP/1.1" 304 -
124.79.246.142 - - [05/Sep/2021:09:45:18 +0800] "GET /xingrg/javascript/easyui/themes/default/images/tree_folder.gif HTTP/1.1" 304 -
124.79.246.142 - - [05/Sep/2021:09:45:18 +0800] "GET /xingrg/javascript/easyui/themes/default/images/tree_file.gif HTTP/1.1" 304 -
222.70.182.153 - - [05/Sep/2021:09:45:19 +0800] "GET /xingrg/all/function/internal_message.html?_=1630806306200&CODE_STATE=getMsg HTTP/1.1" 200 27
116.238.168.124 - - [05/Sep/2021:09:45:21 +0800] "GET /xingrg/check_reg.html?_=1630806315141 HTTP/1.1" 200 22
116.238.168.124 - - [05/Sep/2021:09:45:21 +0800] "GET /xingrg/all/function/internal_message.html?_=1630806315630&CODE_STATE=getMsg HTTP/1.1" 200 27
222.69.130.14 - - [05/Sep/2021:09:45:25 +0800] "GET /xingrg/all/function/internal_message.html?_=1630806319802&CODE_STATE=getMsg HTTP/1.1" 200 27
116.232.53.2 - - [05/Sep/2021:09:45:28 +0800] "GET /xingrg/all/function/internal_message.html?_=1630806324531&CODE_STATE=getMsg HTTP/1.1" 200 27
222.70.182.153 - - [05/Sep/2021:09:45:30 +0800] "POST /xingrg/kc/buy/cgsh_order_operate.html HTTP/1.1" 200 37
116.238.194.18 - - [05/Sep/2021:09:45:31 +0800] "GET /xingrg/check_reg.html?_=1630806326669 HTTP/1.1" 200 22
116.238.194.18 - - [05/Sep/2021:09:45:31 +0800] "GET /xingrg/all/function/internal_message.html?_=1630806326670&CODE_STATE=getMsg HTTP/1.1" 200 27
222.70.182.153 - - [05/Sep/2021:09:45:31 +0800] "POST /xingrg/kc/buy/cgsh_order_operate.html HTTP/1.1" 200 4442
116.238.168.124 - - [05/Sep/2021:09:45:33 +0800] "GET /favicon.ico HTTP/1.1" 404 -
222.70.182.153 - - [05/Sep/2021:09:45:33 +0800] "GET /xingrg/kc/print/load_data.html?order_code=212021090501814&kc_code=cgsh&condition= HTTP/1.1" 200 1351
124.79.246.142 - - [05/Sep/2021:09:45:41 +0800] "GET /xingrg/kc/buy/cgsh_order_operate.html?command=get_materiel&rest_code=00104&code=00101002039&supplier_code=00100087&order_time=2021-09-05 HTTP/1.1" 200 421
222.70.246.151 - - [05/Sep/2021:09:45:41 +0800] "POST /xingrg/kc/buy/cgsh_list_operate.html HTTP/1.1" 200 4964
120.253.135.82 - - [05/Sep/2021:09:45:42 +0800] "GET /xingrg/all/function/internal_message.html?_=1630806111593&CODE_STATE=getMsg HTTP/1.1" 200 27
180.169.147.146 - - [05/Sep/2021:09:45:47 +0800] "GET /xingrg/kc/base/wldb_order_list.html HTTP/1.1" 302 -
180.169.147.146 - - [05/Sep/2021:09:45:47 +0800] "GET /xingrg/login.html HTTP/1.1" 200 7641
180.169.147.146 - - [05/Sep/2021:09:45:47 +0800] "GET /xingrg/login.html HTTP/1.1" 200 7641
180.169.147.146 - - [05/Sep/2021:09:45:47 +0800] "GET /favicon.ico HTTP/1.1" 404 -
180.169.147.146 - - [05/Sep/2021:09:45:49 +0800] "POST /xingrg/login.do HTTP/1.1" 302 -
180.169.147.146 - - [05/Sep/2021:09:45:49 +0800] "GET /xingrg/index.html?sysBaseUrl=http%3A%2F%2F180.169.147.146%3A18081%2Fxingrg%2F&costTime=97×tamp=1630806349532 HTTP/1.1" 200 17179
180.169.147.146 - - [05/Sep/2021:09:45:49 +0800] "GET /favicon.ico HTTP/1.1" 404 -
180.169.147.146 - - [05/Sep/2021:09:45:49 +0800] "POST /xingrg/all/common/load_tree.html?tree=area_rest_tree_json&manage=1 HTTP/1.1" 200 351
180.169.147.146 - - [05/Sep/2021:09:45:49 +0800] "GET /xingrg/all/function/internal_message.html?_=1630806337774&CODE_STATE=count HTTP/1.1" 200 11
180.169.147.146 - - [05/Sep/2021:09:45:49 +0800] "GET /xingrg/check_reg.html?_=1630806337778 HTTP/1.1" 200 22
180.169.147.146 - - [05/Sep/2021:09:45:49 +0800] "POST /xingrg/load_menu.html HTTP/1.1" 200 5138
180.169.147.146 - - [05/Sep/2021:09:45:50 +0800] "GET /xingrg/all/function/internal_message.html?_=1630806345949&CODE_STATE=getMsg HTTP/1.1" 200 27
58.40.7.146 - - [05/Sep/2021:09:45:50 +0800] "GET /xingrg/all/function/internal_message.html?_=1630806346360&CODE_STATE=getMsg HTTP/1.1" 200 27
180.169.147.146 - - [05/Sep/2021:09:45:51 +0800] "GET /xingrg/kc/buy/buy_main.html HTTP/1.1" 200 12412
180.169.147.146 - - [05/Sep/2021:09:45:51 +0800] "GET /xingrg/css/new_ie.css HTTP/1.1" 404 1036
116.230.105.26 - - [05/Sep/2021:09:45:51 +0800] "GET /xingrg/all/function/internal_message.html?_=1630806294511&CODE_STATE=getMsg HTTP/1.1" 200 27
116.238.194.18 - - [05/Sep/2021:09:45:51 +0800] "GET /xingrg/kc/buy/cgsh_order_add.html HTTP/1.1" 200 63294
222.70.246.151 - - [05/Sep/2021:09:45:51 +0800] "GET /xingrg/all/function/internal_message.html?_=1630806373142&CODE_STATE=getMsg HTTP/1.1" 200 27
180.169.147.146 - - [05/Sep/2021:09:45:52 +0800] "GET /xingrg/images/yd/bt.gif HTTP/1.1" 404 1040
116.238.194.18 - - [05/Sep/2021:09:45:52 +0800] "POST /xingrg/kc/buy/cgsh_order_operate.html HTTP/1.1" 200 8245
116.238.194.18 - - [05/Sep/2021:09:45:52 +0800] "GET /xingrg/javascript/easyui/themes/default/validatebox.css HTTP/1.1" 404 1104
180.169.147.146 - - [05/Sep/2021:09:45:52 +0800] "GET /xingrg/kc/buy/cgsh_order_list.html HTTP/1.1" 200 47638
116.238.194.18 - - [05/Sep/2021:09:45:52 +0800] "GET /xingrg/all/function/internal_message.html?_=1630806327535&CODE_STATE=getMsg HTTP/1.1" 200 27
180.169.147.146 - - [05/Sep/2021:09:45:54 +0800] "POST /xingrg/kc/buy/cgsh_list_operate.html HTTP/1.1" 200 5271
180.169.147.146 - - [05/Sep/2021:09:45:55 +0800] "GET /xingrg/kc/buy/cgsh_order_add.html HTTP/1.1" 200 63338
180.169.147.146 - - [05/Sep/2021:09:45:55 +0800] "GET /xingrg/words/20210904120709_words.js HTTP/1.1" 304 -
180.169.147.146 - - [05/Sep/2021:09:45:55 +0800] "POST /xingrg/kc/buy/cgsh_order_operate.html HTTP/1.1" 200 8245
180.169.147.146 - - [05/Sep/2021:09:45:55 +0800] "GET /xingrg/all/common/auto_word.html?type=employee&rest_code=00147 HTTP/1.1" 200 101
180.169.147.146 - - [05/Sep/2021:09:45:55 +0800] "GET /xingrg/javascript/easyui/themes/default/validatebox.css HTTP/1.1" 404 1104
180.169.147.146 - - [05/Sep/2021:09:45:55 +0800] "GET /xingrg/all/common/auto_word.html?type=employee&rest_code=00147 HTTP/1.1" 200 101
101.83.145.79 - - [05/Sep/2021:09:45:57 +0800] "GET /xingrg/all/function/internal_message.html?_=1630806303375&CODE_STATE=getMsg HTTP/1.1" 302 -
180.169.147.146 - - [05/Sep/2021:09:45:58 +0800] "GET /xingrg/kc/base/wldb_order_list.html HTTP/1.1" 200 19230
180.169.147.146 - - [05/Sep/2021:09:45:58 +0800] "POST /xingrg/kc/base/wldb_list_operate.html HTTP/1.1" 200 928
180.169.147.146 - - [05/Sep/2021:09:45:59 +0800] "GET /xingrg/kc/base/wldb_order_add.html HTTP/1.1" 200 30444
180.169.147.146 - - [05/Sep/2021:09:45:59 +0800] "GET /xingrg/all/function/internal_message.html?_=1630806355225&CODE_STATE=getMsg HTTP/1.1" 200 27
180.169.147.146 - - [05/Sep/2021:09:45:59 +0800] "POST /xingrg/kc/base/wldb_order_operate.html HTTP/1.1" 200 6806
180.169.147.146 - - [05/Sep/2021:09:45:59 +0800] "GET /xingrg/all/common/auto_word.html?type=base&rest_code=00147 HTTP/1.1" 200 1707
180.169.147.146 - - [05/Sep/2021:09:45:59 +0800] "GET /xingrg/all/common/auto_word.html?type=base&rest_code=00147 HTTP/1.1" 200 1707
180.169.147.146 - - [05/Sep/2021:09:45:59 +0800] "GET /xingrg/javascript/easyui/themes/default/validatebox.css HTTP/1.1" 404 1104
180.169.147.146 - - [05/Sep/2021:09:46:00 +0800] "GET /xingrg/check_reg.html?_=1630806355434 HTTP/1.1" 200 22
124.79.246.142 - - [05/Sep/2021:09:46:00 +0800] "GET /xingrg/kc/buy/cgsh_order_operate.html?command=get_materiel&rest_code=00104&code=00101002038&supplier_code=00100087&order_time=2021-09-05 HTTP/1.1" 200 434
180.169.147.146 - - [05/Sep/2021:09:46:00 +0800] "POST /xingrg/all/common/load_combo.html?type=base HTTP/1.1" 200 3057
180.169.147.146 - - [05/Sep/2021:09:46:02 +0800] "GET /xingrg/all/function/internal_message.html?_=1630806356175&CODE_STATE=getMsg HTTP/1.1" 200 27
180.169.147.146 - - [05/Sep/2021:09:46:03 +0800] "POST /xingrg/all/common/load_combo.html?type=base HTTP/1.1" 200 3057
180.169.147.146 - - [05/Sep/2021:09:46:05 +0800] "GET /xingrg/all/function/internal_message.html?_=1630806360551&CODE_STATE=getMsg HTTP/1.1" 200 27
116.238.194.18 - - [05/Sep/2021:09:46:05 +0800] "GET /xingrg/kc/buy/cgsh_order_operate.html?command=get_materiel&rest_code=00150&code=00101008176&supplier_code=00100007&order_time=2021-09-05 HTTP/1.1" 200 412
124.79.246.142 - - [05/Sep/2021:09:46:06 +0800] "GET /xingrg/javascript/easyui/themes/default/images/button_plain_hover.png HTTP/1.1" 304 -
124.79.246.142 - - [05/Sep/2021:09:46:06 +0800] "GET /xingrg/javascript/easyui/themes/default/images/button_plain_hover.png HTTP/1.1" 304 -
124.79.246.142 - - [05/Sep/2021:09:46:06 +0800] "GET /xingrg/javascript/easyui/themes/default/images/button_plain_hover.png HTTP/1.1" 304 -
124.79.246.142 - - [05/Sep/2021:09:46:06 +0800] "GET /xingrg/javascript/easyui/themes/default/images/button_plain_hover.png HTTP/1.1" 304 -
124.79.246.142 - - [05/Sep/2021:09:46:06 +0800] "GET /xingrg/javascript/easyui/themes/default/images/button_plain_hover.png HTTP/1.1" 304 -
124.79.246.142 - - [05/Sep/2021:09:46:09 +0800] "POST /xingrg/kc/buy/cgsh_order_operate.html HTTP/1.1" 200 37
58.37.227.186 - - [05/Sep/2021:09:46:10 +0800] "GET /xingrg/all/function/internal_message.html?_=1630806244234&CODE_STATE=getMsg HTTP/1.1" 200 27
58.37.227.186 - - [05/Sep/2021:09:46:10 +0800] "GET /xingrg/check_reg.html?_=1630806244236 HTTP/1.1" 200 22
180.169.147.146 - - [05/Sep/2021:09:46:11 +0800] "GET /xingrg/javascript/auto/indicator.gif HTTP/1.1" 404 1066
124.79.246.142 - - [05/Sep/2021:09:46:12 +0800] "POST /xingrg/kc/buy/cgsh_order_operate.html HTTP/1.1" 200 3268
172.20.0.100 - - [05/Sep/2021:09:46:12 +0800] "GET /xingrg/all/function/internal_message.html?_=1630806365921&CODE_STATE=getMsg HTTP/1.1" 200 27
58.40.7.146 - - [05/Sep/2021:09:46:13 +0800] "GET /xingrg/check_reg.html?_=1630806368605 HTTP/1.1" 302 -
116.238.194.18 - - [05/Sep/2021:09:46:13 +0800] "GET /xingrg/kc/buy/cgsh_order_operate.html?command=get_materiel&rest_code=00150&code=00101008091&supplier_code=00100007&order_time=2021-09-05 HTTP/1.1" 200 412
101.83.145.79 - - [05/Sep/2021:09:46:13 +0800] "GET /xingrg/all/function/internal_message.html?_=1630806368877&CODE_STATE=getMsg HTTP/1.1" 200 27
124.79.246.142 - - [05/Sep/2021:09:46:14 +0800] "GET /xingrg/all/function/internal_message.html?_=1630806826761&CODE_STATE=getMsg HTTP/1.1" 200 27
124.79.246.142 - - [05/Sep/2021:09:46:16 +0800] "GET /xingrg/javascript/easyui/themes/default/images/button_plain_hover.png HTTP/1.1" 304 -
124.79.246.142 - - [05/Sep/2021:09:46:16 +0800] "GET /xingrg/javascript/easyui/themes/default/images/button_plain_hover.png HTTP/1.1" 304 -
124.79.246.142 - - [05/Sep/2021:09:46:16 +0800] "GET /xingrg/javascript/easyui/themes/default/images/button_plain_hover.png HTTP/1.1" 304 -
124.79.246.142 - - [05/Sep/2021:09:46:17 +0800] "GET /xingrg/kc/print/load_config.html?kc_code=cgsh HTTP/1.1" 200 2076
180.169.147.146 - - [05/Sep/2021:09:46:17 +0800] "GET /xingrg/all/function/internal_message.html?_=1630806373760&CODE_STATE=getMsg HTTP/1.1" 302 -
124.79.246.142 - - [05/Sep/2021:09:46:17 +0800] "GET /xingrg/kc/print/load_data.html?order_code=212021090501815&kc_code=cgsh&condition= HTTP/1.1" 200 976
116.238.194.18 - - [05/Sep/2021:09:46:17 +0800] "GET /xingrg/kc/buy/cgsh_order_operate.html?command=get_materiel&rest_code=00150&code=00101008261&supplier_code=00100007&order_time=2021-09-05 HTTP/1.1" 200 408
222.70.182.153 - - [05/Sep/2021:09:46:19 +0800] "GET /xingrg/all/function/internal_message.html?_=1630806366176&CODE_STATE=getMsg HTTP/1.1" 200 27
120.253.135.82 - - [05/Sep/2021:09:46:21 +0800] "GET /xingrg/kc/pszx/mdps_order_list.html?orderType=0 HTTP/1.1" 200 21089
120.253.135.82 - - [05/Sep/2021:09:46:21 +0800] "GET /xingrg/javascript/easyui/themes/icons/uncheck_new.png HTTP/1.1" 304 -
120.253.135.82 - - [05/Sep/2021:09:46:21 +0800] "POST /xingrg/kc/pszx/mdps_list_operate.html HTTP/1.1" 200 5304
116.238.168.124 - - [05/Sep/2021:09:46:21 +0800] "GET /xingrg/all/function/internal_message.html?_=1630806375634&CODE_STATE=getMsg HTTP/1.1" 200 27
124.79.246.142 - - [05/Sep/2021:09:46:22 +0800] "GET /xingrg/javascript/easyui/themes/default/images/button_plain_hover.png HTTP/1.1" 304 -
124.79.246.142 - - [05/Sep/2021:09:46:22 +0800] "GET /xingrg/javascript/easyui/themes/default/images/button_plain_hover.png HTTP/1.1" 304 -
124.79.246.142 - - [05/Sep/2021:09:46:22 +0800] "GET /xingrg/javascript/easyui/themes/default/images/button_plain_hover.png HTTP/1.1" 304 -
124.79.246.142 - - [05/Sep/2021:09:46:22 +0800] "GET /xingrg/javascript/easyui/themes/default/images/button_plain_hover.png HTTP/1.1" 304 -
124.79.246.142 - - [05/Sep/2021:09:46:23 +0800] "GET /xingrg/css/base.css HTTP/1.1" 304 -
124.79.246.142 - - [05/Sep/2021:09:46:23 +0800] "GET /xingrg/css/site.css HTTP/1.1" 304 -
124.79.246.142 - - [05/Sep/2021:09:46:23 +0800] "GET /xingrg/javascript/easyui/themes/default/easyui.css HTTP/1.1" 304 -
124.79.246.142 - - [05/Sep/2021:09:46:23 +0800] "GET /xingrg/javascript/jquery_tools/datebox.css HTTP/1.1" 304 -
124.79.246.142 - - [05/Sep/2021:09:46:23 +0800] "GET /xingrg/javascript/easyui/themes/icon.css HTTP/1.1" 304 -
124.79.246.142 - - [05/Sep/2021:09:46:23 +0800] "GET /xingrg/javascript/auto/jquery.autocomplete.css HTTP/1.1" 304 -
124.79.246.142 - - [05/Sep/2021:09:46:23 +0800] "GET /xingrg/javascript/jquery_tools/fix.css HTTP/1.1" 304 -
124.79.246.142 - - [05/Sep/2021:09:46:23 +0800] "GET /xingrg/kc/buy/cgsh_order_add.html HTTP/1.1" 200 63376
124.79.246.142 - - [05/Sep/2021:09:46:23 +0800] "GET /xingrg/javascript/jquery_tools/table.css HTTP/1.1" 304 -
124.79.246.142 - - [05/Sep/2021:09:46:23 +0800] "GET /xingrg/javascript/jquery_tools/jquery.tools.min.js HTTP/1.1" 304 -
124.79.246.142 - - [05/Sep/2021:09:46:23 +0800] "GET /xingrg/javascript/jquery_tools/jquery.tools.extend.js HTTP/1.1" 304 -
124.79.246.142 - - [05/Sep/2021:09:46:23 +0800] "GET /xingrg/javascript/jquery_tools/jquery.tools.hotkey.js HTTP/1.1" 304 -
124.79.246.142 - - [05/Sep/2021:09:46:23 +0800] "GET /xingrg/javascript/jquery_tools/jquery.tools.table.js HTTP/1.1" 304 -
124.79.246.142 - - [05/Sep/2021:09:46:23 +0800] "GET /xingrg/javascript/auto/jquery.autocomplete.js HTTP/1.1" 304 -
124.79.246.142 - - [05/Sep/2021:09:46:23 +0800] "GET /xingrg/javascript/easyui/easyloader.js HTTP/1.1" 304 -
124.79.246.142 - - [05/Sep/2021:09:46:23 +0800] "GET /xingrg/javascript/jquery.utils.js HTTP/1.1" 304 -
124.79.246.142 - - [05/Sep/2021:09:46:23 +0800] "GET /xingrg/javascript/pic_change.js HTTP/1.1" 304 -
124.79.246.142 - - [05/Sep/2021:09:46:23 +0800] "GET /xingrg/javascript/jquery_tools/order_manager.js HTTP/1.1" 304 -
124.79.246.142 - - [05/Sep/2021:09:46:23 +0800] "GET /xingrg/javascript/convert.js HTTP/1.1" 304 -
124.79.246.142 - - [05/Sep/2021:09:46:23 +0800] "GET /xingrg/javascript/json2.js HTTP/1.1" 304 -
124.79.246.142 - - [05/Sep/2021:09:46:23 +0800] "GET /xingrg/javascript/jquery.cookie.js HTTP/1.1" 304 -
124.79.246.142 - - [05/Sep/2021:09:46:23 +0800] "GET /xingrg/javascript/print/kc_print.js HTTP/1.1" 304 -
124.79.246.142 - - [05/Sep/2021:09:46:23 +0800] "GET /xingrg/javascript/print/LodopFuncs.js HTTP/1.1" 304 -
116.238.194.18 - - [05/Sep/2021:09:46:23 +0800] "GET /xingrg/kc/buy/cgsh_order_operate.html?command=get_materiel&rest_code=00150&code=00101008132&supplier_code=00100007&order_time=2021-09-05 HTTP/1.1" 200 408
124.79.246.142 - - [05/Sep/2021:09:46:24 +0800] "GET /xingrg/words/20210904120709_words.js HTTP/1.1" 304 -
124.79.246.142 - - [05/Sep/2021:09:46:24 +0800] "GET /xingrg/javascript/easyui/themes/icons/copy_new.png HTTP/1.1" 304 -
124.79.246.142 - - [05/Sep/2021:09:46:24 +0800] "GET /xingrg/javascript/easyui/themes/icons/template_new.png HTTP/1.1" 304 -
124.79.246.142 - - [05/Sep/2021:09:46:24 +0800] "GET /xingrg/javascript/easyui/themes/icons/ok.png HTTP/1.1" 304 -
124.79.246.142 - - [05/Sep/2021:09:46:24 +0800] "GET /xingrg/javascript/easyui/themes/icons/print.png HTTP/1.1" 304 -
124.79.246.142 - - [05/Sep/2021:09:46:24 +0800] "GET /xingrg/javascript/easyui/themes/default/images/menu_downarrow.png HTTP/1.1" 304 -
124.79.246.142 - - [05/Sep/2021:09:46:24 +0800] "GET /xingrg/javascript/easyui/themes/icons/cancel.png HTTP/1.1" 304 -
124.79.246.142 - - [05/Sep/2021:09:46:24 +0800] "GET /xingrg/javascript/easyui/plugins/jquery.parser.js HTTP/1.1" 304 -
124.79.246.142 - - [05/Sep/2021:09:46:24 +0800] "GET /xingrg/javascript/easyui/themes/default/images/button_plain_hover.png HTTP/1.1" 304 -
124.79.246.142 - - [05/Sep/2021:09:46:24 +0800] "POST /xingrg/kc/buy/cgsh_order_operate.html HTTP/1.1" 200 8245
124.79.246.142 - - [05/Sep/2021:09:46:24 +0800] "GET /xingrg/all/common/auto_word.html?type=employee&rest_code=00104 HTTP/1.1" 200 149
124.79.246.142 - - [05/Sep/2021:09:46:24 +0800] "GET /xingrg/all/common/auto_word.html?type=employee&rest_code=00104 HTTP/1.1" 200 149
124.79.246.142 - - [05/Sep/2021:09:46:24 +0800] "GET /xingrg/javascript/easyui/themes/default/images/button_plain_hover.png HTTP/1.1" 304 -
124.79.246.142 - - [05/Sep/2021:09:46:24 +0800] "GET /xingrg/javascript/easyui/themes/default/validatebox.css HTTP/1.1" 404 1104
124.79.246.142 - - [05/Sep/2021:09:46:24 +0800] "GET /xingrg/javascript/easyui/plugins/jquery.validatebox.js HTTP/1.1" 304 -
124.79.246.142 - - [05/Sep/2021:09:46:24 +0800] "GET /xingrg/javascript/easyui/plugins/jquery.numberbox.js HTTP/1.1" 304 -
124.79.246.142 - - [05/Sep/2021:09:46:24 +0800] "GET /xingrg/javascript/easyui/themes/default/images/button_plain_hover.png HTTP/1.1" 304 -
222.69.130.14 - - [05/Sep/2021:09:46:25 +0800] "GET /xingrg/all/function/internal_message.html?_=1630806379806&CODE_STATE=getMsg HTTP/1.1" 200 27
124.79.246.142 - - [05/Sep/2021:09:46:26 +0800] "GET /xingrg/javascript/easyui/plugins/jquery.draggable.js HTTP/1.1" 304 -
124.79.246.142 - - [05/Sep/2021:09:46:26 +0800] "GET /xingrg/css/images/panel_loading.gif HTTP/1.1" 304 -
124.79.246.142 - - [05/Sep/2021:09:46:26 +0800] "GET /xingrg/javascript/easyui/plugins/jquery.droppable.js HTTP/1.1" 304 -
124.79.246.142 - - [05/Sep/2021:09:46:26 +0800] "GET /xingrg/javascript/easyui/themes/default/tree.css HTTP/1.1" 404 1090
124.79.246.142 - - [05/Sep/2021:09:46:26 +0800] "GET /xingrg/javascript/easyui/plugins/jquery.tree.js HTTP/1.1" 304 -
124.79.246.142 - - [05/Sep/2021:09:46:26 +0800] "POST /xingrg/all/common/load_tree.html?tree=supplier_tree_json&isDelete=1 HTTP/1.1" 200 57570
116.238.194.18 - - [05/Sep/2021:09:46:28 +0800] "GET /xingrg/kc/buy/cgsh_order_operate.html?command=get_materiel&rest_code=00150&code=00101008257&supplier_code=00100007&order_time=2021-09-05 HTTP/1.1" 200 416
124.79.246.142 - - [05/Sep/2021:09:46:28 +0800] "GET /xingrg/javascript/easyui/themes/default/images/tree_folder_open.gif HTTP/1.1" 304 -
124.79.246.142 - - [05/Sep/2021:09:46:28 +0800] "GET /xingrg/javascript/easyui/themes/default/images/tree_folder.gif HTTP/1.1" 304 -
124.79.246.142 - - [05/Sep/2021:09:46:28 +0800] "GET /xingrg/javascript/easyui/themes/default/images/tree_file.gif HTTP/1.1" 304 -
180.169.147.146 - - [05/Sep/2021:09:46:28 +0800] "GET /xingrg/kc/base/wldb_order_operate.html?command=get_materiel&rest_code=00147&base_code=0010287&code=00102002851 HTTP/1.1" 200 433
116.232.53.2 - - [05/Sep/2021:09:46:28 +0800] "GET /xingrg/all/function/internal_message.html?_=1630806384533&CODE_STATE=getMsg HTTP/1.1" 200 27
120.253.135.82 - - [05/Sep/2021:09:46:30 +0800] "POST /xingrg/kc/pszx/mdps_list_operate.html HTTP/1.1" 200 3913
116.238.194.18 - - [05/Sep/2021:09:46:31 +0800] "GET /xingrg/all/function/internal_message.html?_=1630806386735&CODE_STATE=getMsg HTTP/1.1" 200 27
120.253.135.82 - - [05/Sep/2021:09:46:32 +0800] "POST /xingrg/kc/pszx/mdps_list_operate.html HTTP/1.1" 200 278
116.238.194.18 - - [05/Sep/2021:09:46:33 +0800] "GET /xingrg/kc/buy/cgsh_order_operate.html?command=get_materiel&rest_code=00150&code=00101008331&supplier_code=00100007&order_time=2021-09-05 HTTP/1.1" 200 416
120.253.135.82 - - [05/Sep/2021:09:46:37 +0800] "POST /xingrg/kc/pszx/mdps_list_operate.html HTTP/1.1" 200 280
116.238.194.18 - - [05/Sep/2021:09:46:39 +0800] "GET /xingrg/kc/buy/cgsh_order_operate.html?command=get_materiel&rest_code=00150&code=00101008350&supplier_code=00100007&order_time=2021-09-05 HTTP/1.1" 200 408
180.169.147.146 - - [05/Sep/2021:09:46:41 +0800] "GET /xingrg/kc/base/wldb_order_operate.html?command=get_materiel&rest_code=00147&base_code=0010287&code=00101017003 HTTP/1.1" 200 448
120.253.135.82 - - [05/Sep/2021:09:46:42 +0800] "GET /xingrg/all/function/internal_message.html?_=1630806171606&CODE_STATE=getMsg HTTP/1.1" 200 27
120.253.135.82 - - [05/Sep/2021:09:46:43 +0800] "GET /xingrg/kc/pszx/mdps_order_info.html?code=312021090500111 HTTP/1.1" 200 23931
120.253.135.82 - - [05/Sep/2021:09:46:44 +0800] "GET /xingrg/javascript/easyui/themes/default/validatebox.css HTTP/1.1" 404 1104
120.253.135.82 - - [05/Sep/2021:09:46:44 +0800] "POST /xingrg/kc/pszx/mdps_order_operate.html HTTP/1.1" 200 2771
116.238.194.18 - - [05/Sep/2021:09:46:45 +0800] "GET /xingrg/kc/buy/cgsh_order_operate.html?command=get_materiel&rest_code=00150&code=00101008049&supplier_code=00100007&order_time=2021-09-05 HTTP/1.1" 200 408
180.169.147.146 - - [05/Sep/2021:09:46:46 +0800] "POST /xingrg/kc/base/wldb_order_operate.html HTTP/1.1" 200 37
180.169.147.146 - - [05/Sep/2021:09:46:46 +0800] "POST /xingrg/kc/base/wldb_order_operate.html HTTP/1.1" 200 2199
180.169.147.146 - - [05/Sep/2021:09:46:47 +0800] "GET /xingrg/kc/base/wldb_order_info.html?code=422021090500445 HTTP/1.1" 200 30456
180.169.147.146 - - [05/Sep/2021:09:46:47 +0800] "GET /xingrg/javascript/easyui/themes/default/validatebox.css HTTP/1.1" 404 1104
180.169.147.146 - - [05/Sep/2021:09:46:47 +0800] "POST /xingrg/kc/base/wldb_order_operate.html HTTP/1.1" 200 2199
222.70.246.151 - - [05/Sep/2021:09:46:50 +0800] "GET /xingrg/check_reg.html?_=1630806431752 HTTP/1.1" 200 22
180.169.147.146 - - [05/Sep/2021:09:46:50 +0800] "GET /xingrg/all/function/internal_message.html?_=1630806405950&CODE_STATE=getMsg HTTP/1.1" 200 27
180.169.147.146 - - [05/Sep/2021:09:46:50 +0800] "GET /xingrg/check_reg.html?_=1630806405951 HTTP/1.1" 200 22
180.169.147.146 - - [05/Sep/2021:09:46:50 +0800] "GET /xingrg/all/function/internal_message.html?_=1630806398764&CODE_STATE=getMsg HTTP/1.1" 200 27
58.40.7.146 - - [05/Sep/2021:09:46:50 +0800] "GET /xingrg/all/function/internal_message.html?_=1630806406365&CODE_STATE=getMsg HTTP/1.1" 200 27
180.169.147.146 - - [05/Sep/2021:09:46:51 +0800] "POST /xingrg/kc/base/wldb_order_operate.html HTTP/1.1" 200 37
116.230.105.26 - - [05/Sep/2021:09:46:51 +0800] "GET /xingrg/all/function/internal_message.html?_=1630806354526&CODE_STATE=getMsg HTTP/1.1" 200 27
222.70.246.151 - - [05/Sep/2021:09:46:52 +0800] "GET /xingrg/all/function/internal_message.html?_=1630806433156&CODE_STATE=getMsg HTTP/1.1" 200 27
116.238.194.18 - - [05/Sep/2021:09:46:52 +0800] "GET /xingrg/kc/buy/cgsh_order_operate.html?command=get_materiel&rest_code=00150&code=00101008244&supplier_code=00100007&order_time=2021-09-05 HTTP/1.1" 200 408
116.238.194.18 - - [05/Sep/2021:09:46:52 +0800] "GET /xingrg/all/function/internal_message.html?_=1630806387550&CODE_STATE=getMsg HTTP/1.1" 200 27
180.169.147.146 - - [05/Sep/2021:09:46:53 +0800] "POST /xingrg/kc/base/wldb_order_operate.html HTTP/1.1" 200 12
180.169.147.146 - - [05/Sep/2021:09:46:53 +0800] "POST /xingrg/kc/base/wldb_order_operate.html HTTP/1.1" 200 2198
180.169.147.146 - - [05/Sep/2021:09:46:54 +0800] "GET /xingrg/kc/base/wldb_order_info.html?code=422021090500445 HTTP/1.1" 200 26320
180.169.147.146 - - [05/Sep/2021:09:46:55 +0800] "GET /xingrg/javascript/easyui/themes/default/validatebox.css HTTP/1.1" 404 1104
180.169.147.146 - - [05/Sep/2021:09:46:55 +0800] "POST /xingrg/kc/base/wldb_order_operate.html HTTP/1.1" 200 491
124.79.246.142 - - [05/Sep/2021:09:46:56 +0800] "GET /xingrg/kc/buy/cgsh_order_operate.html?command=get_materiel&rest_code=00104&code=00101006166&supplier_code=00100442&order_time=2021-09-05 HTTP/1.1" 200 423
101.83.145.79 - - [05/Sep/2021:09:46:57 +0800] "GET /xingrg/all/function/internal_message.html?_=1630806363375&CODE_STATE=getMsg HTTP/1.1" 302 -
180.169.147.146 - - [05/Sep/2021:09:46:58 +0800] "POST /xingrg/kc/base/wldb_list_operate.html HTTP/1.1" 200 928
116.238.194.18 - - [05/Sep/2021:09:46:59 +0800] "GET /xingrg/kc/buy/cgsh_order_operate.html?command=get_materiel&rest_code=00150&code=00101008185&supplier_code=00100007&order_time=2021-09-05 HTTP/1.1" 200 408
180.169.147.146 - - [05/Sep/2021:09:46:59 +0800] "GET /xingrg/all/function/internal_message.html?_=1630806415239&CODE_STATE=getMsg HTTP/1.1" 200 27
180.169.147.146 - - [05/Sep/2021:09:47:02 +0800] "GET /xingrg/all/function/internal_message.html?_=1630806416161&CODE_STATE=getMsg HTTP/1.1" 200 27
180.169.147.146 - - [05/Sep/2021:09:47:04 +0800] "GET /xingrg/kc/buy/buy_main.html HTTP/1.1" 200 12412
180.169.147.146 - - [05/Sep/2021:09:47:04 +0800] "GET /xingrg/css/new_ie.css HTTP/1.1" 404 1036
116.238.194.18 - - [05/Sep/2021:09:47:04 +0800] "GET /xingrg/kc/buy/cgsh_order_operate.html?command=get_materiel&rest_code=00150&code=00101008612&supplier_code=00100007&order_time=2021-09-05 HTTP/1.1" 200 406
180.169.147.146 - - [05/Sep/2021:09:47:05 +0800] "GET /xingrg/images/yd/bt.gif HTTP/1.1" 404 1040
180.169.147.146 - - [05/Sep/2021:09:47:05 +0800] "GET /xingrg/all/function/internal_message.html?_=1630806420564&CODE_STATE=getMsg HTTP/1.1" 200 27
180.169.147.146 - - [05/Sep/2021:09:47:05 +0800] "GET /xingrg/check_reg.html?_=1630806420568 HTTP/1.1" 200 22
180.169.147.146 - - [05/Sep/2021:09:47:05 +0800] "GET /xingrg/kc/buy/cgsh_order_list.html HTTP/1.1" 200 47638
180.169.147.146 - - [05/Sep/2021:09:47:07 +0800] "POST /xingrg/kc/buy/cgsh_list_operate.html HTTP/1.1" 200 5271
58.37.227.186 - - [05/Sep/2021:09:47:10 +0800] "GET /xingrg/all/function/internal_message.html?_=1630806304234&CODE_STATE=getMsg HTTP/1.1" 200 27
116.238.194.18 - - [05/Sep/2021:09:47:11 +0800] "GET /xingrg/kc/buy/cgsh_order_operate.html?command=get_materiel&rest_code=00150&code=00101008308&supplier_code=00100007&order_time=2021-09-05 HTTP/1.1" 200 420
172.20.0.100 - - [05/Sep/2021:09:47:12 +0800] "GET /xingrg/check_reg.html?_=1630806425923 HTTP/1.1" 200 22
172.20.0.100 - - [05/Sep/2021:09:47:12 +0800] "GET /xingrg/all/function/internal_message.html?_=1630806425925&CODE_STATE=getMsg HTTP/1.1" 200 27
124.79.246.142 - - [05/Sep/2021:09:47:12 +0800] "GET /xingrg/kc/buy/cgsh_order_operate.html?command=get_materiel&rest_code=00104&code=00101010658&supplier_code=00100442&order_time=2021-09-05 HTTP/1.1" 200 395
101.83.145.79 - - [05/Sep/2021:09:47:13 +0800] "GET /xingrg/all/function/internal_message.html?_=1630806428883&CODE_STATE=getMsg HTTP/1.1" 200 27
101.83.145.79 - - [05/Sep/2021:09:47:13 +0800] "GET /xingrg/check_reg.html?_=1630806428886 HTTP/1.1" 200 22
124.79.246.142 - - [05/Sep/2021:09:47:14 +0800] "GET /xingrg/all/function/internal_message.html?_=1630806886767&CODE_STATE=getMsg HTTP/1.1" 200 27
180.169.147.146 - - [05/Sep/2021:09:47:17 +0800] "GET /xingrg/all/function/internal_message.html?_=1630806433796&CODE_STATE=getMsg HTTP/1.1" 302 -
116.238.194.18 - - [05/Sep/2021:09:47:17 +0800] "GET /xingrg/kc/buy/cgsh_order_operate.html?command=get_materiel&rest_code=00150&code=00101008026&supplier_code=00100007&order_time=2021-09-05 HTTP/1.1" 200 409
222.70.182.153 - - [05/Sep/2021:09:47:19 +0800] "GET /xingrg/all/function/internal_message.html?_=1630806426157&CODE_STATE=getMsg HTTP/1.1" 200 27
116.238.168.124 - - [05/Sep/2021:09:47:21 +0800] "GET /xingrg/all/function/internal_message.html?_=1630806435646&CODE_STATE=getMsg HTTP/1.1" 200 27
124.79.246.142 - - [05/Sep/2021:09:47:21 +0800] "GET /xingrg/kc/buy/cgsh_order_operate.html?command=get_materiel&rest_code=00104&code=00101010719&supplier_code=00100442&order_time=2021-09-05 HTTP/1.1" 200 391
116.238.194.18 - - [05/Sep/2021:09:47:24 +0800] "GET /xingrg/kc/buy/cgsh_order_operate.html?command=get_materiel&rest_code=00150&code=00101008096&supplier_code=00100007&order_time=2021-09-05 HTTP/1.1" 200 412
222.69.130.14 - - [05/Sep/2021:09:47:25 +0800] "GET /xingrg/all/function/internal_message.html?_=1630806439826&CODE_STATE=getMsg HTTP/1.1" 200 27
116.232.53.2 - - [05/Sep/2021:09:47:28 +0800] "GET /xingrg/all/function/internal_message.html?_=1630806444541&CODE_STATE=getMsg HTTP/1.1" 200 27
116.238.194.18 - - [05/Sep/2021:09:47:30 +0800] "GET /xingrg/kc/buy/cgsh_order_operate.html?command=get_materiel&rest_code=00150&code=00101008358&supplier_code=00100007&order_time=2021-09-05 HTTP/1.1" 200 412
116.238.194.18 - - [05/Sep/2021:09:47:31 +0800] "GET /xingrg/all/function/internal_message.html?_=1630806446739&CODE_STATE=getMsg HTTP/1.1" 200 27
124.79.246.142 - - [05/Sep/2021:09:47:31 +0800] "GET /xingrg/kc/buy/cgsh_order_operate.html?command=get_materiel&rest_code=00104&code=00101019502&supplier_code=00100442&order_time=2021-09-05 HTTP/1.1" 200 408
124.79.246.142 - - [05/Sep/2021:09:47:36 +0800] "GET /xingrg/javascript/easyui/themes/default/images/button_plain_hover.png HTTP/1.1" 304 -
124.79.246.142 - - [05/Sep/2021:09:47:36 +0800] "GET /xingrg/javascript/easyui/themes/default/images/button_plain_hover.png HTTP/1.1" 304 -
116.238.194.18 - - [05/Sep/2021:09:47:37 +0800] "GET /xingrg/kc/buy/cgsh_order_operate.html?command=get_materiel&rest_code=00150&code=00101008163&supplier_code=00100007&order_time=2021-09-05 HTTP/1.1" 200 409
124.79.246.142 - - [05/Sep/2021:09:47:39 +0800] "POST /xingrg/kc/buy/cgsh_order_operate.html HTTP/1.1" 200 37
120.253.135.82 - - [05/Sep/2021:09:47:42 +0800] "GET /xingrg/all/function/internal_message.html?_=1630806231645&CODE_STATE=getMsg HTTP/1.1" 200 27
124.79.246.142 - - [05/Sep/2021:09:47:42 +0800] "POST /xingrg/kc/buy/cgsh_order_operate.html HTTP/1.1" 200 4425
124.79.246.142 - - [05/Sep/2021:09:47:43 +0800] "GET /xingrg/javascript/easyui/themes/default/images/button_plain_hover.png HTTP/1.1" 304 -
124.79.246.142 - - [05/Sep/2021:09:47:43 +0800] "GET /xingrg/javascript/easyui/themes/default/images/button_plain_hover.png HTTP/1.1" 304 -
124.79.246.142 - - [05/Sep/2021:09:47:43 +0800] "GET /xingrg/javascript/easyui/themes/default/images/button_plain_hover.png HTTP/1.1" 304 -
116.238.194.18 - - [05/Sep/2021:09:47:43 +0800] "GET /xingrg/kc/buy/cgsh_order_operate.html?command=get_materiel&rest_code=00150&code=00101008224&supplier_code=00100007&order_time=2021-09-05 HTTP/1.1" 200 416
124.79.246.142 - - [05/Sep/2021:09:47:43 +0800] "GET /xingrg/kc/print/load_config.html?kc_code=cgsh HTTP/1.1" 200 2076
124.79.246.142 - - [05/Sep/2021:09:47:44 +0800] "GET /xingrg/kc/print/load_data.html?order_code=212021090501816&kc_code=cgsh&condition= HTTP/1.1" 200 1350
124.79.246.142 - - [05/Sep/2021:09:47:50 +0800] "GET /xingrg/javascript/easyui/themes/default/images/button_plain_hover.png HTTP/1.1" 304 -
124.79.246.142 - - [05/Sep/2021:09:47:50 +0800] "GET /xingrg/javascript/easyui/themes/default/images/button_plain_hover.png HTTP/1.1" 304 -
180.169.147.146 - - [05/Sep/2021:09:47:50 +0800] "GET /xingrg/all/function/internal_message.html?_=1630806465941&CODE_STATE=getMsg HTTP/1.1" 200 27
180.169.147.146 - - [05/Sep/2021:09:47:50 +0800] "GET /xingrg/all/function/internal_message.html?_=1630806458742&CODE_STATE=getMsg HTTP/1.1" 200 27
124.79.246.142 - - [05/Sep/2021:09:47:50 +0800] "GET /xingrg/javascript/easyui/themes/default/images/button_plain_hover.png HTTP/1.1" 304 -
58.40.7.146 - - [05/Sep/2021:09:47:50 +0800] "GET /xingrg/all/function/internal_message.html?_=1630806466368&CODE_STATE=getMsg HTTP/1.1" 200 27
116.238.194.18 - - [05/Sep/2021:09:47:51 +0800] "GET /xingrg/kc/buy/cgsh_order_operate.html?command=get_materiel&rest_code=00150&code=00101008190&supplier_code=00100007&order_time=2021-09-05 HTTP/1.1" 200 412
116.230.105.26 - - [05/Sep/2021:09:47:51 +0800] "GET /xingrg/check_reg.html?_=1630806414520 HTTP/1.1" 200 22
116.230.105.26 - - [05/Sep/2021:09:47:51 +0800] "GET /xingrg/all/function/internal_message.html?_=1630806414521&CODE_STATE=getMsg HTTP/1.1" 200 27
222.70.246.151 - - [05/Sep/2021:09:47:52 +0800] "GET /xingrg/all/function/internal_message.html?_=1630806493169&CODE_STATE=getMsg HTTP/1.1" 200 27
116.238.194.18 - - [05/Sep/2021:09:47:52 +0800] "GET /xingrg/all/function/internal_message.html?_=1630806447576&CODE_STATE=getMsg HTTP/1.1" 200 27
124.79.246.142 - - [05/Sep/2021:09:47:52 +0800] "GET /xingrg/css/base.css HTTP/1.1" 304 -
124.79.246.142 - - [05/Sep/2021:09:47:52 +0800] "GET /xingrg/css/site.css HTTP/1.1" 304 -
124.79.246.142 - - [05/Sep/2021:09:47:52 +0800] "GET /xingrg/javascript/jquery_tools/datebox.css HTTP/1.1" 304 -
124.79.246.142 - - [05/Sep/2021:09:47:52 +0800] "GET /xingrg/kc/buy/cgsh_order_add.html HTTP/1.1" 200 63376
124.79.246.142 - - [05/Sep/2021:09:47:52 +0800] "GET /xingrg/javascript/easyui/themes/default/easyui.css HTTP/1.1" 304 -
124.79.246.142 - - [05/Sep/2021:09:47:52 +0800] "GET /xingrg/javascript/auto/jquery.autocomplete.css HTTP/1.1" 304 -
124.79.246.142 - - [05/Sep/2021:09:47:52 +0800] "GET /xingrg/javascript/easyui/themes/icon.css HTTP/1.1" 304 -
124.79.246.142 - - [05/Sep/2021:09:47:52 +0800] "GET /xingrg/javascript/jquery_tools/jquery.tools.extend.js HTTP/1.1" 304 -
124.79.246.142 - - [05/Sep/2021:09:47:52 +0800] "GET /xingrg/javascript/jquery_tools/table.css HTTP/1.1" 304 -
124.79.246.142 - - [05/Sep/2021:09:47:52 +0800] "GET /xingrg/javascript/pic_change.js HTTP/1.1" 304 -
124.79.246.142 - - [05/Sep/2021:09:47:52 +0800] "GET /xingrg/javascript/jquery_tools/jquery.tools.min.js HTTP/1.1" 304 -
124.79.246.142 - - [05/Sep/2021:09:47:52 +0800] "GET /xingrg/javascript/jquery_tools/fix.css HTTP/1.1" 304 -
124.79.246.142 - - [05/Sep/2021:09:47:52 +0800] "GET /xingrg/javascript/jquery_tools/jquery.tools.hotkey.js HTTP/1.1" 304 -
124.79.246.142 - - [05/Sep/2021:09:47:52 +0800] "GET /xingrg/javascript/jquery.utils.js HTTP/1.1" 304 -
124.79.246.142 - - [05/Sep/2021:09:47:52 +0800] "GET /xingrg/javascript/jquery_tools/order_manager.js HTTP/1.1" 304 -
124.79.246.142 - - [05/Sep/2021:09:47:52 +0800] "GET /xingrg/javascript/convert.js HTTP/1.1" 304 -
124.79.246.142 - - [05/Sep/2021:09:47:52 +0800] "GET /xingrg/javascript/json2.js HTTP/1.1" 304 -
124.79.246.142 - - [05/Sep/2021:09:47:52 +0800] "GET /xingrg/javascript/jquery.cookie.js HTTP/1.1" 304 -
124.79.246.142 - - [05/Sep/2021:09:47:52 +0800] "GET /xingrg/javascript/print/kc_print.js HTTP/1.1" 304 -
124.79.246.142 - - [05/Sep/2021:09:47:52 +0800] "GET /xingrg/javascript/print/LodopFuncs.js HTTP/1.1" 304 -
124.79.246.142 - - [05/Sep/2021:09:47:52 +0800] "GET /xingrg/javascript/jquery_tools/jquery.tools.table.js HTTP/1.1" 304 -
124.79.246.142 - - [05/Sep/2021:09:47:52 +0800] "GET /xingrg/javascript/auto/jquery.autocomplete.js HTTP/1.1" 304 -
124.79.246.142 - - [05/Sep/2021:09:47:52 +0800] "GET /xingrg/javascript/easyui/easyloader.js HTTP/1.1" 304 -
124.79.246.142 - - [05/Sep/2021:09:47:54 +0800] "GET /xingrg/words/20210904120709_words.js HTTP/1.1" 304 -
124.79.246.142 - - [05/Sep/2021:09:47:54 +0800] "GET /xingrg/javascript/easyui/themes/icons/copy_new.png HTTP/1.1" 304 -
124.79.246.142 - - [05/Sep/2021:09:47:54 +0800] "GET /xingrg/javascript/easyui/themes/icons/template_new.png HTTP/1.1" 304 -
124.79.246.142 - - [05/Sep/2021:09:47:54 +0800] "GET /xingrg/javascript/easyui/themes/icons/ok.png HTTP/1.1" 304 -
124.79.246.142 - - [05/Sep/2021:09:47:54 +0800] "GET /xingrg/javascript/easyui/themes/icons/print.png HTTP/1.1" 304 -
124.79.246.142 - - [05/Sep/2021:09:47:54 +0800] "GET /xingrg/javascript/easyui/themes/default/images/menu_downarrow.png HTTP/1.1" 304 -
124.79.246.142 - - [05/Sep/2021:09:47:54 +0800] "GET /xingrg/javascript/easyui/themes/icons/cancel.png HTTP/1.1" 304 -
124.79.246.142 - - [05/Sep/2021:09:47:54 +0800] "GET /xingrg/javascript/easyui/plugins/jquery.parser.js HTTP/1.1" 304 -
124.79.246.142 - - [05/Sep/2021:09:47:54 +0800] "POST /xingrg/kc/buy/cgsh_order_operate.html HTTP/1.1" 200 8245
124.79.246.142 - - [05/Sep/2021:09:47:54 +0800] "GET /xingrg/all/common/auto_word.html?type=employee&rest_code=00104 HTTP/1.1" 200 149
124.79.246.142 - - [05/Sep/2021:09:47:54 +0800] "GET /xingrg/all/common/auto_word.html?type=employee&rest_code=00104 HTTP/1.1" 200 149
124.79.246.142 - - [05/Sep/2021:09:47:54 +0800] "GET /xingrg/javascript/easyui/themes/default/validatebox.css HTTP/1.1" 404 1104
124.79.246.142 - - [05/Sep/2021:09:47:54 +0800] "GET /xingrg/javascript/easyui/plugins/jquery.validatebox.js HTTP/1.1" 304 -
124.79.246.142 - - [05/Sep/2021:09:47:54 +0800] "GET /xingrg/javascript/easyui/plugins/jquery.numberbox.js HTTP/1.1" 304 -
124.79.246.142 - - [05/Sep/2021:09:47:55 +0800] "GET /xingrg/javascript/easyui/plugins/jquery.draggable.js HTTP/1.1" 304 -
124.79.246.142 - - [05/Sep/2021:09:47:55 +0800] "GET /xingrg/css/images/panel_loading.gif HTTP/1.1" 304 -
124.79.246.142 - - [05/Sep/2021:09:47:55 +0800] "GET /xingrg/javascript/easyui/plugins/jquery.droppable.js HTTP/1.1" 304 -
124.79.246.142 - - [05/Sep/2021:09:47:55 +0800] "GET /xingrg/javascript/easyui/themes/default/tree.css HTTP/1.1" 404 1090
124.79.246.142 - - [05/Sep/2021:09:47:55 +0800] "GET /xingrg/javascript/easyui/plugins/jquery.tree.js HTTP/1.1" 304 -
124.79.246.142 - - [05/Sep/2021:09:47:55 +0800] "POST /xingrg/all/common/load_tree.html?tree=supplier_tree_json&isDelete=1 HTTP/1.1" 200 57570
101.83.145.79 - - [05/Sep/2021:09:47:57 +0800] "GET /xingrg/all/function/internal_message.html?_=1630806423375&CODE_STATE=getMsg HTTP/1.1" 302 -
124.79.246.142 - - [05/Sep/2021:09:47:57 +0800] "GET /xingrg/javascript/easyui/themes/default/images/tree_folder_open.gif HTTP/1.1" 304 -
124.79.246.142 - - [05/Sep/2021:09:47:57 +0800] "GET /xingrg/javascript/easyui/themes/default/images/tree_folder.gif HTTP/1.1" 304 -
124.79.246.142 - - [05/Sep/2021:09:47:57 +0800] "GET /xingrg/javascript/easyui/themes/default/images/tree_file.gif HTTP/1.1" 304 -
180.169.147.146 - - [05/Sep/2021:09:47:59 +0800] "GET /xingrg/all/function/internal_message.html?_=1630806475236&CODE_STATE=getMsg HTTP/1.1" 200 27
180.169.147.146 - - [05/Sep/2021:09:48:02 +0800] "GET /xingrg/all/function/internal_message.html?_=1630806476163&CODE_STATE=getMsg HTTP/1.1" 200 27
180.169.147.146 - - [05/Sep/2021:09:48:02 +0800] "GET /xingrg/check_reg.html?_=1630806476165 HTTP/1.1" 200 22
116.238.194.18 - - [05/Sep/2021:09:48:03 +0800] "GET /xingrg/kc/buy/cgsh_order_operate.html?command=get_materiel&rest_code=00150&code=00101008144&supplier_code=00100007&order_time=2021-09-05 HTTP/1.1" 200 412
180.169.147.146 - - [05/Sep/2021:09:48:05 +0800] "GET /xingrg/all/function/internal_message.html?_=1630806480556&CODE_STATE=getMsg HTTP/1.1" 200 27
116.238.194.18 - - [05/Sep/2021:09:48:09 +0800] "GET /xingrg/kc/buy/cgsh_order_operate.html?command=get_materiel&rest_code=00150&code=00101008264&supplier_code=00100007&order_time=2021-09-05 HTTP/1.1" 200 412
58.37.227.186 - - [05/Sep/2021:09:48:10 +0800] "GET /xingrg/all/function/internal_message.html?_=1630806364233&CODE_STATE=getMsg HTTP/1.1" 200 27
116.238.194.18 - - [05/Sep/2021:09:48:11 +0800] "POST /xingrg/kc/buy/cgsh_order_operate.html HTTP/1.1" 200 2065
172.20.0.100 - - [05/Sep/2021:09:48:12 +0800] "GET /xingrg/all/function/internal_message.html?_=1630806485918&CODE_STATE=getMsg HTTP/1.1" 200 27
101.83.145.79 - - [05/Sep/2021:09:48:13 +0800] "GET /xingrg/all/function/internal_message.html?_=1630806488890&CODE_STATE=getMsg HTTP/1.1" 200 27
124.79.246.142 - - [05/Sep/2021:09:48:14 +0800] "GET /xingrg/all/function/internal_message.html?_=1630806946784&CODE_STATE=getMsg HTTP/1.1" 200 27
180.169.147.146 - - [05/Sep/2021:09:48:17 +0800] "GET /xingrg/all/function/internal_message.html?_=1630806493802&CODE_STATE=getMsg HTTP/1.1" 302 -
222.70.182.153 - - [05/Sep/2021:09:48:19 +0800] "GET /xingrg/all/function/internal_message.html?_=1630806486143&CODE_STATE=getMsg HTTP/1.1" 200 27
116.238.194.18 - - [05/Sep/2021:09:48:21 +0800] "GET /xingrg/kc/buy/cgsh_order_operate.html?command=get_materiel&rest_code=00150&code=00101008301&supplier_code=00100007&order_time=2021-09-05 HTTP/1.1" 200 422
116.238.168.124 - - [05/Sep/2021:09:48:21 +0800] "GET /xingrg/all/function/internal_message.html?_=1630806495764&CODE_STATE=getMsg HTTP/1.1" 200 27
124.79.246.142 - - [05/Sep/2021:09:48:23 +0800] "GET /xingrg/kc/buy/cgsh_order_operate.html?command=get_materiel&rest_code=00104&code=00101006001&supplier_code=00100404&order_time=2021-09-05 HTTP/1.1" 200 428
222.69.130.14 - - [05/Sep/2021:09:48:25 +0800] "GET /xingrg/all/function/internal_message.html?_=1630806499824&CODE_STATE=getMsg HTTP/1.1" 200 27
116.232.53.2 - - [05/Sep/2021:09:48:28 +0800] "GET /xingrg/all/function/internal_message.html?_=1630806504547&CODE_STATE=getMsg HTTP/1.1" 200 27
116.238.194.18 - - [05/Sep/2021:09:48:30 +0800] "GET /xingrg/kc/buy/cgsh_order_operate.html?command=get_materiel&rest_code=00150&code=00101008010&supplier_code=00100007&order_time=2021-09-05 HTTP/1.1" 200 412
116.238.194.18 - - [05/Sep/2021:09:48:31 +0800] "GET /xingrg/all/function/internal_message.html?_=1630806506724&CODE_STATE=getMsg HTTP/1.1" 200 27
116.238.194.18 - - [05/Sep/2021:09:48:37 +0800] "GET /xingrg/kc/buy/cgsh_order_operate.html?command=get_materiel&rest_code=00150&code=00101008024&supplier_code=00100007&order_time=2021-09-05 HTTP/1.1" 200 408
124.79.246.142 - - [05/Sep/2021:09:48:39 +0800] "GET /xingrg/javascript/easyui/themes/default/images/button_plain_hover.png HTTP/1.1" 304 -
120.253.135.82 - - [05/Sep/2021:09:48:41 +0800] "GET /xingrg/check_reg.html?_=1630806290931 HTTP/1.1" 200 22
116.238.194.18 - - [05/Sep/2021:09:48:41 +0800] "GET /xingrg/check_reg.html?_=1630806496689 HTTP/1.1" 200 22
180.169.147.146 - - [05/Sep/2021:09:48:41 +0800] "GET /xingrg/check_reg.html?_=1630806518509 HTTP/1.1" 302 -
120.253.135.82 - - [05/Sep/2021:09:48:42 +0800] "GET /xingrg/all/function/internal_message.html?_=1630806291650&CODE_STATE=getMsg HTTP/1.1" 200 27
124.79.246.142 - - [05/Sep/2021:09:48:43 +0800] "POST /xingrg/kc/buy/cgsh_order_operate.html HTTP/1.1" 200 37
116.238.194.18 - - [05/Sep/2021:09:48:43 +0800] "GET /xingrg/kc/buy/cgsh_order_operate.html?command=get_materiel&rest_code=00150&code=00101008356&supplier_code=00100007&order_time=2021-09-05 HTTP/1.1" 200 408
124.79.246.142 - - [05/Sep/2021:09:48:44 +0800] "POST /xingrg/kc/buy/cgsh_order_operate.html HTTP/1.1" 200 2672
124.79.246.142 - - [05/Sep/2021:09:48:46 +0800] "GET /xingrg/javascript/easyui/themes/default/images/button_plain_hover.png HTTP/1.1" 304 -
124.79.246.142 - - [05/Sep/2021:09:48:46 +0800] "GET /xingrg/javascript/easyui/themes/default/images/button_plain_hover.png HTTP/1.1" 304 -
124.79.246.142 - - [05/Sep/2021:09:48:46 +0800] "GET /xingrg/javascript/easyui/themes/default/images/button_plain_hover.png HTTP/1.1" 304 -
124.79.246.142 - - [05/Sep/2021:09:48:46 +0800] "GET /xingrg/javascript/easyui/themes/default/images/button_plain_hover.png HTTP/1.1" 304 -
124.79.246.142 - - [05/Sep/2021:09:48:47 +0800] "GET /xingrg/kc/print/load_config.html?kc_code=cgsh HTTP/1.1" 200 2076
124.79.246.142 - - [05/Sep/2021:09:48:47 +0800] "GET /xingrg/kc/print/load_data.html?order_code=212021090501817&kc_code=cgsh&condition= HTTP/1.1" 200 712
116.238.194.18 - - [05/Sep/2021:09:48:50 +0800] "GET /xingrg/kc/buy/cgsh_order_operate.html?command=get_materiel&rest_code=00150&code=00101008063&supplier_code=00100007&order_time=2021-09-05 HTTP/1.1" 200 413
180.169.147.146 - - [05/Sep/2021:09:48:50 +0800] "GET /xingrg/all/function/internal_message.html?_=1630806525936&CODE_STATE=getMsg HTTP/1.1" 200 27
180.169.147.146 - - [05/Sep/2021:09:48:50 +0800] "GET /xingrg/all/function/internal_message.html?_=1630806518719&CODE_STATE=getMsg HTTP/1.1" 200 27
58.40.7.146 - - [05/Sep/2021:09:48:50 +0800] "GET /xingrg/all/function/internal_message.html?_=1630806526371&CODE_STATE=getMsg HTTP/1.1" 200 27
116.230.105.26 - - [05/Sep/2021:09:48:51 +0800] "GET /xingrg/all/function/internal_message.html?_=1630806474516&CODE_STATE=getMsg HTTP/1.1" 200 27
222.70.246.151 - - [05/Sep/2021:09:48:52 +0800] "GET /xingrg/all/function/internal_message.html?_=1630806553183&CODE_STATE=getMsg HTTP/1.1" 200 27
124.79.246.142 - - [05/Sep/2021:09:48:52 +0800] "GET /xingrg/javascript/easyui/themes/default/images/button_plain_hover.png HTTP/1.1" 304 -
124.79.246.142 - - [05/Sep/2021:09:48:52 +0800] "GET /xingrg/javascript/easyui/themes/default/images/button_plain_hover.png HTTP/1.1" 304 -
124.79.246.142 - - [05/Sep/2021:09:48:52 +0800] "GET /xingrg/javascript/easyui/themes/default/images/button_plain_hover.png HTTP/1.1" 304 -
124.79.246.142 - - [05/Sep/2021:09:48:52 +0800] "GET /xingrg/javascript/easyui/themes/default/images/button_plain_hover.png HTTP/1.1" 304 -
124.79.246.142 - - [05/Sep/2021:09:48:52 +0800] "GET /xingrg/javascript/easyui/themes/default/images/button_plain_hover.png HTTP/1.1" 304 -
