116.238.194.18 - - [05/Sep/2021:09:25:31 +0800] "GET /xingrg/all/function/internal_message.html?_=1630805126593&CODE_STATE=getMsg HTTP/1.1" 200 27
116.238.194.18 - - [05/Sep/2021:09:25:31 +0800] "GET /xingrg/check_reg.html?_=1630805126595 HTTP/1.1" 200 22
222.70.246.151 - - [05/Sep/2021:09:25:35 +0800] "POST /xingrg/kc/buy/cgsh_order_operate.html HTTP/1.1" 200 37
222.70.246.151 - - [05/Sep/2021:09:25:36 +0800] "POST /xingrg/kc/buy/cgsh_order_operate.html HTTP/1.1" 200 4435
222.70.246.151 - - [05/Sep/2021:09:25:41 +0800] "GET /xingrg/kc/print/load_config.html?kc_code=cgsh HTTP/1.1" 200 2076
222.70.246.151 - - [05/Sep/2021:09:25:41 +0800] "GET /xingrg/kc/print/load_data.html?order_code=212021090501797&kc_code=cgsh&condition= HTTP/1.1" 200 1368
120.253.135.82 - - [05/Sep/2021:09:25:41 +0800] "GET /xingrg/all/function/internal_message.html?_=1630804911252&CODE_STATE=getMsg HTTP/1.1" 200 27
180.169.147.146 - - [05/Sep/2021:09:25:50 +0800] "GET /xingrg/all/function/internal_message.html?_=1630805145956&CODE_STATE=getMsg HTTP/1.1" 200 27
58.40.7.146 - - [05/Sep/2021:09:25:50 +0800] "GET /xingrg/all/function/internal_message.html?_=1630805146371&CODE_STATE=getMsg HTTP/1.1" 200 27
116.230.105.26 - - [05/Sep/2021:09:25:51 +0800] "GET /xingrg/all/function/internal_message.html?_=1630805094510&CODE_STATE=getMsg HTTP/1.1" 200 27
222.70.246.151 - - [05/Sep/2021:09:25:51 +0800] "GET /xingrg/all/function/internal_message.html?_=1630805172683&CODE_STATE=getMsg HTTP/1.1" 200 27
116.238.194.18 - - [05/Sep/2021:09:25:52 +0800] "GET /xingrg/all/function/internal_message.html?_=1630805127139&CODE_STATE=getMsg HTTP/1.1" 200 27
116.232.53.2 - - [05/Sep/2021:09:25:55 +0800] "GET /xingrg/kc/buy/cgsh_order_operate.html?command=get_materiel&rest_code=00109&code=00101007075&supplier_code=00100004&order_time=2021-09-05 HTTP/1.1" 200 408
101.83.145.79 - - [05/Sep/2021:09:25:57 +0800] "GET /xingrg/all/function/internal_message.html?_=1630805103309&CODE_STATE=getMsg HTTP/1.1" 302 -
222.70.246.151 - - [05/Sep/2021:09:25:58 +0800] "GET /xingrg/kc/buy/cgsh_order_add.html HTTP/1.1" 200 63376
222.70.246.151 - - [05/Sep/2021:09:25:59 +0800] "POST /xingrg/kc/buy/cgsh_order_operate.html HTTP/1.1" 200 8245
222.70.246.151 - - [05/Sep/2021:09:25:59 +0800] "GET /xingrg/javascript/easyui/themes/default/validatebox.css HTTP/1.1" 404 1104
180.169.147.146 - - [05/Sep/2021:09:25:59 +0800] "GET /xingrg/all/function/internal_message.html?_=1630805155200&CODE_STATE=getMsg HTTP/1.1" 200 27
180.169.147.146 - - [05/Sep/2021:09:25:59 +0800] "GET /xingrg/check_reg.html?_=1630805155201 HTTP/1.1" 200 22
180.169.147.146 - - [05/Sep/2021:09:26:02 +0800] "GET /xingrg/all/function/internal_message.html?_=1630805156169&CODE_STATE=getMsg HTTP/1.1" 200 27
180.169.147.146 - - [05/Sep/2021:09:26:05 +0800] "GET /xingrg/all/function/internal_message.html?_=1630805160557&CODE_STATE=getMsg HTTP/1.1" 200 27
116.232.53.2 - - [05/Sep/2021:09:26:07 +0800] "GET /xingrg/kc/buy/cgsh_order_operate.html?command=get_materiel&rest_code=00109&code=00101007059&supplier_code=00100004&order_time=2021-09-05 HTTP/1.1" 200 409
58.37.227.186 - - [05/Sep/2021:09:26:10 +0800] "GET /xingrg/all/function/internal_message.html?_=1630805044184&CODE_STATE=getMsg HTTP/1.1" 200 27
58.37.227.186 - - [05/Sep/2021:09:26:10 +0800] "GET /xingrg/check_reg.html?_=1630805044183 HTTP/1.1" 200 22
172.20.0.100 - - [05/Sep/2021:09:26:12 +0800] "GET /xingrg/all/function/internal_message.html?_=1630805165933&CODE_STATE=getMsg HTTP/1.1" 200 27
58.40.7.146 - - [05/Sep/2021:09:26:13 +0800] "GET /xingrg/check_reg.html?_=1630805168728 HTTP/1.1" 302 -
101.83.145.79 - - [05/Sep/2021:09:26:13 +0800] "GET /xingrg/all/function/internal_message.html?_=1630805168849&CODE_STATE=getMsg HTTP/1.1" 200 27
180.169.147.146 - - [05/Sep/2021:09:26:13 +0800] "GET /xingrg/all/report/report_query.html?isQuery=1&fileName=kc/base/crk_detail_by_small.xml&rh=99999&queryString=&queryText=%25E3%2580%2590%25E4%25BB%2593%25E5%25BA%2593%25E5%2590%258D%25E7%25A7%25B0%253A%25E5%258E%25A8%25E6%2588%25BF%25E3%2580%2591%25E3%2580%2590%25E4%25B8%259A%25E5%258A%25A1%25E7%25B1%25BB%25E5%259E%258B%25EF%25BC%259A%25E5%2586%2585%25E9%2583%25A8%25E8%25B0%2583%25E5%2585%25A5%25E3%2580%2591%2520%253F%253F%253F%253F%253F2021-08-01%253F%253F2021-08-31%2520%253F%253F%253F%253F%253F%253F%253F%252C%25D0%25A1%253F%253F%253F%252C%253F%253F%253F%252C%253F%253F%253F%252C%253F%253F%253F%253F%253F%252C%253F%253F%253F%253F%253F%253F&tableQueryString=crk_table%2524sp1%2524order_day%2520between%252020210801%2520and%252020210831%2520and%2520(base_code%253D'0010728')%2520and%2520(src_order_type%2520in%2520(42))%2520and%2520(is_rk%2520in%2520(1)) HTTP/1.1" 200 53832
180.169.147.146 - - [05/Sep/2021:09:26:13 +0800] "GET /xingrg/dwr/interface/AjaxReportQueryService.js HTTP/1.1" 200 13203
180.169.147.146 - - [05/Sep/2021:09:26:13 +0800] "GET /xingrg/dwr/engine.js HTTP/1.1" 200 43631
180.169.147.146 - - [05/Sep/2021:09:26:14 +0800] "POST /xingrg/all/report/load_report_page.html HTTP/1.1" 200 34663
116.232.53.2 - - [05/Sep/2021:09:26:14 +0800] "POST /xingrg/kc/buy/cgsh_order_operate.html HTTP/1.1" 200 37
180.169.147.146 - - [05/Sep/2021:09:26:14 +0800] "GET /xingrg/servlets/image?cache=0.22268462990727322&image=px HTTP/1.1" 200 807
180.169.147.146 - - [05/Sep/2021:09:26:16 +0800] "GET /xingrg/all/function/internal_message.html?_=1630805173379&CODE_STATE=getMsg HTTP/1.1" 302 -
222.70.246.151 - - [05/Sep/2021:09:26:19 +0800] "GET /xingrg/kc/buy/cgsh_order_operate.html?command=get_materiel&rest_code=00146&code=00101007081&supplier_code=00100002&order_time=2021-09-05 HTTP/1.1" 200 413
222.70.182.153 - - [05/Sep/2021:09:26:20 +0800] "GET /xingrg/all/function/internal_message.html?_=1630805166589&CODE_STATE=getMsg HTTP/1.1" 200 27
116.232.53.2 - - [05/Sep/2021:09:26:20 +0800] "POST /xingrg/kc/buy/cgsh_order_operate.html HTTP/1.1" 200 3245
116.232.53.2 - - [05/Sep/2021:09:26:23 +0800] "GET /xingrg/kc/print/load_config.html?kc_code=cgsh HTTP/1.1" 200 2076
116.232.53.2 - - [05/Sep/2021:09:26:23 +0800] "GET /xingrg/kc/print/load_data.html?order_code=212021090501798&kc_code=cgsh&condition= HTTP/1.1" 200 939
222.69.130.14 - - [05/Sep/2021:09:26:25 +0800] "GET /xingrg/all/function/internal_message.html?_=1630805179734&CODE_STATE=getMsg HTTP/1.1" 200 27
180.169.147.146 - - [05/Sep/2021:09:26:28 +0800] "GET /xingrg/all/report/report_query.html?isQuery=1&fileName=kc/base/crk_detail_by_small.xml&rh=99999&queryString=&queryText=%25E3%2580%2590%25E4%25BB%2593%25E5%25BA%2593%25E5%2590%258D%25E7%25A7%25B0%253A%25E5%258E%25A8%25E6%2588%25BF%25E3%2580%2591%25E3%2580%2590%25E4%25B8%259A%25E5%258A%25A1%25E7%25B1%25BB%25E5%259E%258B%25EF%25BC%259A%25E8%25B0%2583%25E5%25BE%2580%25E5%25BC%2582%25E5%25BA%2597%25E3%2580%2591%2520%253F%253F%253F%253F%253F2021-08-01%253F%253F2021-08-31%2520%253F%253F%253F%253F%253F%253F%253F%252C%25D0%25A1%253F%253F%253F%252C%253F%253F%253F%252C%253F%253F%253F%252C%253F%253F%253F%253F%253F%252C%253F%253F%253F%253F%253F%253F&tableQueryString=crk_table%2524sp1%2524order_day%2520between%252020210801%2520and%252020210831%2520and%2520(base_code%253D'0010728')%2520and%2520(src_order_type%2520in%2520(48))%2520and%2520(is_rk%2520in%2520(0)) HTTP/1.1" 200 53832
180.169.147.146 - - [05/Sep/2021:09:26:28 +0800] "GET /xingrg/dwr/interface/AjaxReportQueryService.js HTTP/1.1" 200 13203
180.169.147.146 - - [05/Sep/2021:09:26:28 +0800] "GET /xingrg/dwr/engine.js HTTP/1.1" 200 43631
116.232.53.2 - - [05/Sep/2021:09:26:28 +0800] "GET /xingrg/all/function/internal_message.html?_=1630805184501&CODE_STATE=getMsg HTTP/1.1" 200 27
116.232.53.2 - - [05/Sep/2021:09:26:28 +0800] "GET /xingrg/kc/buy/cgsh_order_add.html HTTP/1.1" 200 63417
116.232.53.2 - - [05/Sep/2021:09:26:29 +0800] "POST /xingrg/kc/buy/cgsh_order_operate.html HTTP/1.1" 200 8245
116.232.53.2 - - [05/Sep/2021:09:26:29 +0800] "GET /xingrg/all/common/auto_word.html?type=employee&rest_code=00109 HTTP/1.1" 200 255
116.232.53.2 - - [05/Sep/2021:09:26:29 +0800] "GET /xingrg/all/common/auto_word.html?type=employee&rest_code=00109 HTTP/1.1" 200 255
116.232.53.2 - - [05/Sep/2021:09:26:29 +0800] "GET /xingrg/javascript/easyui/themes/default/validatebox.css HTTP/1.1" 404 1104
180.169.147.146 - - [05/Sep/2021:09:26:29 +0800] "POST /xingrg/all/report/load_report_page.html HTTP/1.1" 200 11732
180.169.147.146 - - [05/Sep/2021:09:26:29 +0800] "GET /xingrg/servlets/image?cache=0.6427794913877884&image=px HTTP/1.1" 200 807
116.238.194.18 - - [05/Sep/2021:09:26:31 +0800] "GET /xingrg/all/function/internal_message.html?_=1630805186595&CODE_STATE=getMsg HTTP/1.1" 200 27
222.70.246.151 - - [05/Sep/2021:09:26:38 +0800] "GET /xingrg/kc/buy/cgsh_order_operate.html?command=get_materiel&rest_code=00146&code=00101007061&supplier_code=00100002&order_time=2021-09-05 HTTP/1.1" 200 409
120.253.135.82 - - [05/Sep/2021:09:26:41 +0800] "GET /xingrg/all/function/internal_message.html?_=1630804971257&CODE_STATE=getMsg HTTP/1.1" 200 27
116.232.53.2 - - [05/Sep/2021:09:26:48 +0800] "GET /xingrg/kc/buy/cgsh_order_operate.html?command=get_materiel&rest_code=00109&code=00101006109&supplier_code=00100015&order_time=2021-09-05 HTTP/1.1" 200 409
222.70.246.151 - - [05/Sep/2021:09:26:50 +0800] "GET /xingrg/check_reg.html?_=1630805231625 HTTP/1.1" 200 22
180.169.147.146 - - [05/Sep/2021:09:26:50 +0800] "GET /xingrg/check_reg.html?_=1630805205955 HTTP/1.1" 200 22
180.169.147.146 - - [05/Sep/2021:09:26:50 +0800] "GET /xingrg/all/function/internal_message.html?_=1630805205957&CODE_STATE=getMsg HTTP/1.1" 200 27
58.40.7.146 - - [05/Sep/2021:09:26:50 +0800] "GET /xingrg/all/function/internal_message.html?_=1630805206374&CODE_STATE=getMsg HTTP/1.1" 200 27
116.230.105.26 - - [05/Sep/2021:09:26:51 +0800] "GET /xingrg/all/function/internal_message.html?_=1630805154515&CODE_STATE=getMsg HTTP/1.1" 200 27
222.70.246.151 - - [05/Sep/2021:09:26:51 +0800] "GET /xingrg/all/function/internal_message.html?_=1630805232698&CODE_STATE=getMsg HTTP/1.1" 200 27
116.238.194.18 - - [05/Sep/2021:09:26:52 +0800] "GET /xingrg/all/function/internal_message.html?_=1630805187168&CODE_STATE=getMsg HTTP/1.1" 200 27
101.83.145.79 - - [05/Sep/2021:09:26:57 +0800] "GET /xingrg/all/function/internal_message.html?_=1630805163309&CODE_STATE=getMsg HTTP/1.1" 302 -
222.70.246.151 - - [05/Sep/2021:09:26:58 +0800] "GET /xingrg/kc/buy/cgsh_order_operate.html?command=get_materiel&rest_code=00146&code=00101007090&supplier_code=00100002&order_time=2021-09-05 HTTP/1.1" 200 413
180.169.147.146 - - [05/Sep/2021:09:26:59 +0800] "GET /xingrg/all/function/internal_message.html?_=1630805215208&CODE_STATE=getMsg HTTP/1.1" 200 27
116.232.53.2 - - [05/Sep/2021:09:26:59 +0800] "GET /xingrg/kc/buy/cgsh_order_operate.html?command=get_materiel&rest_code=00109&code=00101006195&supplier_code=00100015&order_time=2021-09-05 HTTP/1.1" 200 409
180.169.147.146 - - [05/Sep/2021:09:27:02 +0800] "GET /xingrg/all/function/internal_message.html?_=1630805216171&CODE_STATE=getMsg HTTP/1.1" 200 27
180.169.147.146 - - [05/Sep/2021:09:27:05 +0800] "GET /xingrg/check_reg.html?_=1630805220554 HTTP/1.1" 200 22
180.169.147.146 - - [05/Sep/2021:09:27:05 +0800] "GET /xingrg/all/function/internal_message.html?_=1630805220558&CODE_STATE=getMsg HTTP/1.1" 200 27
58.37.227.186 - - [05/Sep/2021:09:27:10 +0800] "GET /xingrg/all/function/internal_message.html?_=1630805104183&CODE_STATE=getMsg HTTP/1.1" 200 27
222.70.246.151 - - [05/Sep/2021:09:27:10 +0800] "GET /xingrg/kc/buy/cgsh_order_operate.html?command=get_materiel&rest_code=00146&code=00101007049&supplier_code=00100002&order_time=2021-09-05 HTTP/1.1" 200 409
116.232.53.2 - - [05/Sep/2021:09:27:11 +0800] "GET /xingrg/kc/buy/cgsh_order_operate.html?command=get_materiel&rest_code=00109&code=00101006057&supplier_code=00100015&order_time=2021-09-05 HTTP/1.1" 200 413
172.20.0.100 - - [05/Sep/2021:09:27:12 +0800] "GET /xingrg/check_reg.html?_=1630805225921 HTTP/1.1" 200 22
172.20.0.100 - - [05/Sep/2021:09:27:12 +0800] "GET /xingrg/all/function/internal_message.html?_=1630805225922&CODE_STATE=getMsg HTTP/1.1" 200 27
101.83.145.79 - - [05/Sep/2021:09:27:13 +0800] "GET /xingrg/all/function/internal_message.html?_=1630805228849&CODE_STATE=getMsg HTTP/1.1" 200 27
101.83.145.79 - - [05/Sep/2021:09:27:13 +0800] "GET /xingrg/check_reg.html?_=1630805228852 HTTP/1.1" 200 22
180.169.147.146 - - [05/Sep/2021:09:27:16 +0800] "GET /xingrg/all/function/internal_message.html?_=1630805233417&CODE_STATE=getMsg HTTP/1.1" 302 -
222.70.182.153 - - [05/Sep/2021:09:27:20 +0800] "GET /xingrg/all/function/internal_message.html?_=1630805226559&CODE_STATE=getMsg HTTP/1.1" 200 27
116.232.53.2 - - [05/Sep/2021:09:27:20 +0800] "GET /xingrg/kc/buy/cgsh_order_operate.html?command=get_materiel&rest_code=00109&code=00101006122&supplier_code=00100015&order_time=2021-09-05 HTTP/1.1" 200 429
222.69.130.14 - - [05/Sep/2021:09:27:25 +0800] "GET /xingrg/all/function/internal_message.html?_=1630805239734&CODE_STATE=getMsg HTTP/1.1" 200 27
116.232.53.2 - - [05/Sep/2021:09:27:28 +0800] "GET /xingrg/kc/buy/cgsh_order_operate.html?command=get_materiel&rest_code=00109&code=00101006144&supplier_code=00100015&order_time=2021-09-05 HTTP/1.1" 200 409
116.232.53.2 - - [05/Sep/2021:09:27:28 +0800] "GET /xingrg/all/function/internal_message.html?_=1630805244504&CODE_STATE=getMsg HTTP/1.1" 200 27
116.238.194.18 - - [05/Sep/2021:09:27:31 +0800] "GET /xingrg/all/function/internal_message.html?_=1630805246595&CODE_STATE=getMsg HTTP/1.1" 200 27
116.232.53.2 - - [05/Sep/2021:09:27:41 +0800] "GET /xingrg/kc/buy/cgsh_order_operate.html?command=get_materiel&rest_code=00109&code=00101006177&supplier_code=00100015&order_time=2021-09-05 HTTP/1.1" 200 409
120.253.135.82 - - [05/Sep/2021:09:27:41 +0800] "GET /xingrg/all/function/internal_message.html?_=1630805031293&CODE_STATE=getMsg HTTP/1.1" 200 27
222.70.246.151 - - [05/Sep/2021:09:27:44 +0800] "GET /xingrg/kc/buy/cgsh_order_operate.html?command=get_materiel&rest_code=00146&code=00101007077&supplier_code=00100002&order_time=2021-09-05 HTTP/1.1" 200 415
116.238.194.18 - - [05/Sep/2021:09:27:47 +0800] "GET /xingrg/kc/buy/cgsh_order_list.html HTTP/1.1" 200 47638
116.238.194.18 - - [05/Sep/2021:09:27:48 +0800] "POST /xingrg/kc/buy/cgsh_list_operate.html HTTP/1.1" 200 876
180.169.147.146 - - [05/Sep/2021:09:27:50 +0800] "GET /xingrg/all/function/internal_message.html?_=1630805265955&CODE_STATE=getMsg HTTP/1.1" 200 27
58.40.7.146 - - [05/Sep/2021:09:27:50 +0800] "GET /xingrg/all/function/internal_message.html?_=1630805266378&CODE_STATE=getMsg HTTP/1.1" 200 27
116.230.105.26 - - [05/Sep/2021:09:27:51 +0800] "GET /xingrg/all/function/internal_message.html?_=1630805214531&CODE_STATE=getMsg HTTP/1.1" 200 27
116.230.105.26 - - [05/Sep/2021:09:27:51 +0800] "GET /xingrg/check_reg.html?_=1630805214535 HTTP/1.1" 200 22
222.70.246.151 - - [05/Sep/2021:09:27:51 +0800] "GET /xingrg/all/function/internal_message.html?_=1630805292710&CODE_STATE=getMsg HTTP/1.1" 200 27
116.238.194.18 - - [05/Sep/2021:09:27:52 +0800] "GET /xingrg/all/function/internal_message.html?_=1630805247182&CODE_STATE=getMsg HTTP/1.1" 200 27
116.232.53.2 - - [05/Sep/2021:09:27:53 +0800] "GET /xingrg/kc/buy/cgsh_order_operate.html?command=get_materiel&rest_code=00109&code=00101010248&supplier_code=00100015&order_time=2021-09-05 HTTP/1.1" 200 430
101.83.145.79 - - [05/Sep/2021:09:27:57 +0800] "GET /xingrg/all/function/internal_message.html?_=1630805223310&CODE_STATE=getMsg HTTP/1.1" 302 -
180.169.147.146 - - [05/Sep/2021:09:27:59 +0800] "GET /xingrg/all/function/internal_message.html?_=1630805275199&CODE_STATE=getMsg HTTP/1.1" 200 27
222.70.246.151 - - [05/Sep/2021:09:28:01 +0800] "POST /xingrg/kc/buy/cgsh_order_operate.html HTTP/1.1" 200 37
180.169.147.146 - - [05/Sep/2021:09:28:02 +0800] "GET /xingrg/check_reg.html?_=1630805276173 HTTP/1.1" 200 22
180.169.147.146 - - [05/Sep/2021:09:28:02 +0800] "GET /xingrg/all/function/internal_message.html?_=1630805276175&CODE_STATE=getMsg HTTP/1.1" 200 27
222.70.246.151 - - [05/Sep/2021:09:28:03 +0800] "POST /xingrg/kc/buy/cgsh_order_operate.html HTTP/1.1" 200 5621
180.169.147.146 - - [05/Sep/2021:09:28:05 +0800] "GET /xingrg/all/function/internal_message.html?_=1630805280544&CODE_STATE=getMsg HTTP/1.1" 200 27
116.232.53.2 - - [05/Sep/2021:09:28:05 +0800] "GET /xingrg/kc/buy/cgsh_order_operate.html?command=get_materiel&rest_code=00109&code=00101006193&supplier_code=00100015&order_time=2021-09-05 HTTP/1.1" 200 409
222.70.246.151 - - [05/Sep/2021:09:28:06 +0800] "GET /xingrg/kc/print/load_data.html?order_code=212021090501799&kc_code=cgsh&condition= HTTP/1.1" 200 1887
58.37.227.186 - - [05/Sep/2021:09:28:10 +0800] "GET /xingrg/all/function/internal_message.html?_=1630805164182&CODE_STATE=getMsg HTTP/1.1" 200 27
172.20.0.100 - - [05/Sep/2021:09:28:12 +0800] "GET /xingrg/all/function/internal_message.html?_=1630805285909&CODE_STATE=getMsg HTTP/1.1" 200 27
101.83.145.79 - - [05/Sep/2021:09:28:13 +0800] "GET /xingrg/all/function/internal_message.html?_=1630805288851&CODE_STATE=getMsg HTTP/1.1" 200 27
180.169.147.146 - - [05/Sep/2021:09:28:16 +0800] "GET /xingrg/all/function/internal_message.html?_=1630805293437&CODE_STATE=getMsg HTTP/1.1" 302 -
222.70.182.153 - - [05/Sep/2021:09:28:20 +0800] "GET /xingrg/all/function/internal_message.html?_=1630805286530&CODE_STATE=getMsg HTTP/1.1" 200 27
222.70.246.151 - - [05/Sep/2021:09:28:23 +0800] "GET /xingrg/kc/buy/cgsh_order_add.html HTTP/1.1" 200 63376
222.70.246.151 - - [05/Sep/2021:09:28:24 +0800] "POST /xingrg/kc/buy/cgsh_order_operate.html HTTP/1.1" 200 8245
222.70.246.151 - - [05/Sep/2021:09:28:24 +0800] "GET /xingrg/javascript/easyui/themes/default/validatebox.css HTTP/1.1" 404 1104
222.69.130.14 - - [05/Sep/2021:09:28:25 +0800] "GET /xingrg/all/function/internal_message.html?_=1630805299756&CODE_STATE=getMsg HTTP/1.1" 200 27
116.232.53.2 - - [05/Sep/2021:09:28:29 +0800] "GET /xingrg/all/function/internal_message.html?_=1630805304889&CODE_STATE=getMsg HTTP/1.1" 200 27
116.232.53.2 - - [05/Sep/2021:09:28:31 +0800] "POST /xingrg/kc/buy/cgsh_order_operate.html HTTP/1.1" 200 37
116.238.194.18 - - [05/Sep/2021:09:28:31 +0800] "GET /xingrg/all/function/internal_message.html?_=1630805306600&CODE_STATE=getMsg HTTP/1.1" 200 27
116.232.53.2 - - [05/Sep/2021:09:28:33 +0800] "POST /xingrg/kc/buy/cgsh_order_operate.html HTTP/1.1" 200 6800
116.232.53.2 - - [05/Sep/2021:09:28:35 +0800] "GET /xingrg/kc/print/load_config.html?kc_code=cgsh HTTP/1.1" 200 2076
116.232.53.2 - - [05/Sep/2021:09:28:35 +0800] "GET /xingrg/kc/print/load_data.html?order_code=212021090501800&kc_code=cgsh&condition= HTTP/1.1" 200 2335
222.70.246.151 - - [05/Sep/2021:09:28:38 +0800] "GET /xingrg/kc/buy/cgsh_order_operate.html?command=get_materiel&rest_code=00146&code=00101010161&supplier_code=00100041&order_time=2021-09-05 HTTP/1.1" 200 409
116.232.53.2 - - [05/Sep/2021:09:28:39 +0800] "GET /xingrg/kc/buy/cgsh_order_add.html HTTP/1.1" 200 63417
116.232.53.2 - - [05/Sep/2021:09:28:39 +0800] "POST /xingrg/kc/buy/cgsh_order_operate.html HTTP/1.1" 200 8245
116.232.53.2 - - [05/Sep/2021:09:28:39 +0800] "GET /xingrg/all/common/auto_word.html?type=employee&rest_code=00109 HTTP/1.1" 200 255
116.232.53.2 - - [05/Sep/2021:09:28:39 +0800] "GET /xingrg/all/common/auto_word.html?type=employee&rest_code=00109 HTTP/1.1" 200 255
116.232.53.2 - - [05/Sep/2021:09:28:39 +0800] "GET /xingrg/javascript/easyui/themes/default/validatebox.css HTTP/1.1" 404 1104
120.253.135.82 - - [05/Sep/2021:09:28:41 +0800] "GET /xingrg/check_reg.html?_=1630805090863 HTTP/1.1" 200 22
116.238.194.18 - - [05/Sep/2021:09:28:41 +0800] "GET /xingrg/check_reg.html?_=1630805296669 HTTP/1.1" 200 22
120.253.135.82 - - [05/Sep/2021:09:28:41 +0800] "GET /xingrg/all/function/internal_message.html?_=1630805091316&CODE_STATE=getMsg HTTP/1.1" 200 27
180.169.147.146 - - [05/Sep/2021:09:28:41 +0800] "GET /xingrg/check_reg.html?_=1630805318471 HTTP/1.1" 302 -
116.232.53.2 - - [05/Sep/2021:09:28:47 +0800] "GET /xingrg/kc/buy/cgsh_order_operate.html?command=get_materiel&rest_code=00109&code=00101001111&supplier_code=00100454&order_time=2021-09-05 HTTP/1.1" 200 409
180.169.147.146 - - [05/Sep/2021:09:28:50 +0800] "GET /xingrg/all/function/internal_message.html?_=1630805325949&CODE_STATE=getMsg HTTP/1.1" 200 27
58.40.7.146 - - [05/Sep/2021:09:28:50 +0800] "GET /xingrg/all/function/internal_message.html?_=1630805326367&CODE_STATE=getMsg HTTP/1.1" 200 27
116.230.105.26 - - [05/Sep/2021:09:28:51 +0800] "GET /xingrg/all/function/internal_message.html?_=1630805274525&CODE_STATE=getMsg HTTP/1.1" 200 27
222.70.246.151 - - [05/Sep/2021:09:28:51 +0800] "GET /xingrg/all/function/internal_message.html?_=1630805352725&CODE_STATE=getMsg HTTP/1.1" 200 27
116.238.194.18 - - [05/Sep/2021:09:28:52 +0800] "GET /xingrg/all/function/internal_message.html?_=1630805307196&CODE_STATE=getMsg HTTP/1.1" 200 27
222.70.246.151 - - [05/Sep/2021:09:28:52 +0800] "GET /xingrg/kc/buy/cgsh_order_operate.html?command=get_materiel&rest_code=00146&code=00101001111&supplier_code=00100041&order_time=2021-09-05 HTTP/1.1" 200 409
101.83.145.79 - - [05/Sep/2021:09:28:57 +0800] "GET /xingrg/all/function/internal_message.html?_=1630805283336&CODE_STATE=getMsg HTTP/1.1" 302 -
101.83.145.79 - - [05/Sep/2021:09:28:57 +0800] "GET /xingrg/check_reg.html?_=1630805283337 HTTP/1.1" 302 -
116.238.194.18 - - [05/Sep/2021:09:28:59 +0800] "GET /xingrg/kc/buy/cgsh_order_add.html HTTP/1.1" 200 63294
116.238.194.18 - - [05/Sep/2021:09:28:59 +0800] "GET /xingrg/words/20210904120709_words.js HTTP/1.1" 200 844059
116.238.194.18 - - [05/Sep/2021:09:28:59 +0800] "GET /xingrg/all/common/auto_word.html?type=employee&rest_code=00150 HTTP/1.1" 200 205
116.238.194.18 - - [05/Sep/2021:09:28:59 +0800] "GET /xingrg/all/common/auto_word.html?type=employee&rest_code=00150 HTTP/1.1" 200 205
116.238.194.18 - - [05/Sep/2021:09:28:59 +0800] "GET /xingrg/javascript/easyui/themes/default/validatebox.css HTTP/1.1" 404 1104
116.238.194.18 - - [05/Sep/2021:09:28:59 +0800] "POST /xingrg/kc/buy/cgsh_order_operate.html HTTP/1.1" 200 8245
180.169.147.146 - - [05/Sep/2021:09:28:59 +0800] "GET /xingrg/all/function/internal_message.html?_=1630805335198&CODE_STATE=getMsg HTTP/1.1" 200 27
180.169.147.146 - - [05/Sep/2021:09:29:02 +0800] "GET /xingrg/all/function/internal_message.html?_=1630805336161&CODE_STATE=getMsg HTTP/1.1" 200 27
180.169.147.146 - - [05/Sep/2021:09:29:05 +0800] "GET /xingrg/all/function/internal_message.html?_=1630805340554&CODE_STATE=getMsg HTTP/1.1" 200 27
222.70.246.151 - - [05/Sep/2021:09:29:06 +0800] "GET /xingrg/kc/buy/cgsh_order_operate.html?command=get_materiel&rest_code=00146&code=00101001032&supplier_code=00100041&order_time=2021-09-05 HTTP/1.1" 200 413
116.238.194.18 - - [05/Sep/2021:09:29:07 +0800] "GET /xingrg/javascript/auto/indicator.gif HTTP/1.1" 404 1066
180.169.147.146 - - [05/Sep/2021:09:29:10 +0800] "GET /xingrg/all/report/report_query.html?isQuery=1&fileName=kc/base/crk_detail_by_small.xml&rh=99999&queryString=&queryText=%25E3%2580%2590%25E4%25BB%2593%25E5%25BA%2593%25E5%2590%258D%25E7%25A7%25B0%253A%25E5%258E%25A8%25E6%2588%25BF%25E3%2580%2591%25E3%2580%2590%25E4%25B8%259A%25E5%258A%25A1%25E7%25B1%25BB%25E5%259E%258B%25EF%25BC%259A%25E9%2587%2587%25E8%25B4%25AD%25E5%2585%25A5%25E5%25BA%2593%25E3%2580%2591%2520%253F%253F%253F%253F%253F2021-08-01%253F%253F2021-08-31%2520%253F%253F%253F%253F%253F%253F%253F%252C%25D0%25A1%253F%253F%253F%252C%253F%253F%253F%252C%253F%253F%253F%252C%253F%253F%253F%253F%253F%252C%253F%253F%253F%253F%253F%253F&tableQueryString=crk_table%2524sp1%2524order_day%2520between%252020210801%2520and%252020210831%2520and%2520(base_code%253D'0010728')%2520and%2520(src_order_type%2520in%2520(21))%2520and%2520(is_rk%2520in%2520(1)) HTTP/1.1" 200 53832
58.37.227.186 - - [05/Sep/2021:09:29:10 +0800] "GET /xingrg/all/function/internal_message.html?_=1630805224180&CODE_STATE=getMsg HTTP/1.1" 200 27
180.169.147.146 - - [05/Sep/2021:09:29:10 +0800] "GET /xingrg/dwr/interface/AjaxReportQueryService.js HTTP/1.1" 200 13203
180.169.147.146 - - [05/Sep/2021:09:29:10 +0800] "GET /xingrg/dwr/engine.js HTTP/1.1" 200 43631
180.169.147.146 - - [05/Sep/2021:09:29:11 +0800] "POST /xingrg/all/report/load_report_page.html HTTP/1.1" 200 58683
180.169.147.146 - - [05/Sep/2021:09:29:11 +0800] "GET /xingrg/servlets/image?cache=0.46001295076578586&image=px HTTP/1.1" 200 807
172.20.0.100 - - [05/Sep/2021:09:29:12 +0800] "GET /xingrg/all/function/internal_message.html?_=1630805345911&CODE_STATE=getMsg HTTP/1.1" 200 27
101.83.145.79 - - [05/Sep/2021:09:29:13 +0800] "GET /xingrg/all/function/internal_message.html?_=1630805348851&CODE_STATE=getMsg HTTP/1.1" 200 27
116.238.194.18 - - [05/Sep/2021:09:29:13 +0800] "GET /xingrg/kc/buy/cgsh_order_operate.html?command=get_materiel&rest_code=00150&code=00101011005&supplier_code=00100394&order_time=2021-09-05 HTTP/1.1" 200 428
180.169.147.146 - - [05/Sep/2021:09:29:16 +0800] "GET /xingrg/all/function/internal_message.html?_=1630805353460&CODE_STATE=getMsg HTTP/1.1" 302 -
222.70.182.153 - - [05/Sep/2021:09:29:20 +0800] "GET /xingrg/all/function/internal_message.html?_=1630805346515&CODE_STATE=getMsg HTTP/1.1" 200 27
222.69.130.14 - - [05/Sep/2021:09:29:25 +0800] "GET /xingrg/check_reg.html?_=1630805359754 HTTP/1.1" 200 22
222.69.130.14 - - [05/Sep/2021:09:29:25 +0800] "GET /xingrg/all/function/internal_message.html?_=1630805359754&CODE_STATE=getMsg HTTP/1.1" 200 27
222.70.246.151 - - [05/Sep/2021:09:29:27 +0800] "GET /xingrg/kc/buy/cgsh_order_operate.html?command=get_materiel&rest_code=00146&code=00101006161&supplier_code=00100041&order_time=2021-09-05 HTTP/1.1" 200 409
116.232.53.2 - - [05/Sep/2021:09:29:28 +0800] "GET /xingrg/all/function/internal_message.html?_=1630805364505&CODE_STATE=getMsg HTTP/1.1" 200 27
116.232.53.2 - - [05/Sep/2021:09:29:28 +0800] "GET /xingrg/check_reg.html?_=1630805364508 HTTP/1.1" 200 22
116.238.194.18 - - [05/Sep/2021:09:29:31 +0800] "GET /xingrg/all/function/internal_message.html?_=1630805366617&CODE_STATE=getMsg HTTP/1.1" 200 27
116.238.194.18 - - [05/Sep/2021:09:29:34 +0800] "GET /xingrg/kc/buy/cgsh_order_operate.html?command=get_materiel&rest_code=00150&code=00101011001&supplier_code=00100394&order_time=2021-09-05 HTTP/1.1" 200 423
222.70.246.151 - - [05/Sep/2021:09:29:38 +0800] "GET /xingrg/kc/buy/cgsh_order_operate.html?command=get_materiel&rest_code=00146&code=00101005037&supplier_code=00100041&order_time=2021-09-05 HTTP/1.1" 200 409
116.238.194.18 - - [05/Sep/2021:09:29:40 +0800] "POST /xingrg/kc/buy/cgsh_order_operate.html HTTP/1.1" 200 37
120.253.135.82 - - [05/Sep/2021:09:29:41 +0800] "GET /xingrg/all/function/internal_message.html?_=1630805151329&CODE_STATE=getMsg HTTP/1.1" 200 27
116.238.194.18 - - [05/Sep/2021:09:29:43 +0800] "POST /xingrg/kc/buy/cgsh_order_operate.html HTTP/1.1" 200 12
116.238.194.18 - - [05/Sep/2021:09:29:44 +0800] "GET /xingrg/kc/buy/cgsh_order_info.html?code=212021090501801 HTTP/1.1" 200 58205
116.238.194.18 - - [05/Sep/2021:09:29:45 +0800] "GET /xingrg/javascript/easyui/themes/default/validatebox.css HTTP/1.1" 404 1104
116.238.194.18 - - [05/Sep/2021:09:29:45 +0800] "POST /xingrg/kc/buy/cgsh_order_operate.html HTTP/1.1" 200 1204
116.238.194.18 - - [05/Sep/2021:09:29:48 +0800] "POST /xingrg/kc/buy/cgsh_order_operate.html HTTP/1.1" 200 12
222.70.246.151 - - [05/Sep/2021:09:29:49 +0800] "GET /xingrg/kc/buy/cgsh_order_operate.html?command=get_materiel&rest_code=00146&code=00101018019&supplier_code=00100041&order_time=2021-09-05 HTTP/1.1" 200 421
116.238.194.18 - - [05/Sep/2021:09:29:49 +0800] "GET /xingrg/kc/buy/cgsh_order_info.html?code=212021090501801 HTTP/1.1" 200 63305
116.238.194.18 - - [05/Sep/2021:09:29:49 +0800] "GET /xingrg/javascript/easyui/themes/default/validatebox.css HTTP/1.1" 404 1104
116.238.194.18 - - [05/Sep/2021:09:29:50 +0800] "POST /xingrg/kc/buy/cgsh_order_operate.html HTTP/1.1" 200 3254
180.169.147.146 - - [05/Sep/2021:09:29:50 +0800] "GET /xingrg/all/function/internal_message.html?_=1630805385947&CODE_STATE=getMsg HTTP/1.1" 200 27
58.40.7.146 - - [05/Sep/2021:09:29:50 +0800] "GET /xingrg/all/function/internal_message.html?_=1630805386372&CODE_STATE=getMsg HTTP/1.1" 200 27
58.40.7.146 - - [05/Sep/2021:09:29:50 +0800] "GET /xingrg/check_reg.html?_=1630805386375 HTTP/1.1" 200 22
116.230.105.26 - - [05/Sep/2021:09:29:51 +0800] "GET /xingrg/all/function/internal_message.html?_=1630805334523&CODE_STATE=getMsg HTTP/1.1" 200 27
222.70.246.151 - - [05/Sep/2021:09:29:51 +0800] "GET /xingrg/all/function/internal_message.html?_=1630805412805&CODE_STATE=getMsg HTTP/1.1" 200 27
116.238.194.18 - - [05/Sep/2021:09:29:52 +0800] "GET /xingrg/all/function/internal_message.html?_=1630805367209&CODE_STATE=getMsg HTTP/1.1" 200 27
101.83.145.79 - - [05/Sep/2021:09:29:57 +0800] "GET /xingrg/all/function/internal_message.html?_=1630805343336&CODE_STATE=getMsg HTTP/1.1" 302 -
180.169.147.146 - - [05/Sep/2021:09:29:59 +0800] "GET /xingrg/all/function/internal_message.html?_=1630805395207&CODE_STATE=getMsg HTTP/1.1" 200 27
116.238.194.18 - - [05/Sep/2021:09:29:59 +0800] "POST /xingrg/kc/buy/cgsh_order_operate.html HTTP/1.1" 200 37
116.238.194.18 - - [05/Sep/2021:09:30:02 +0800] "POST /xingrg/kc/buy/cgsh_order_operate.html HTTP/1.1" 200 12
180.169.147.146 - - [05/Sep/2021:09:30:02 +0800] "GET /xingrg/all/function/internal_message.html?_=1630805396161&CODE_STATE=getMsg HTTP/1.1" 200 27
116.238.194.18 - - [05/Sep/2021:09:30:03 +0800] "GET /xingrg/kc/buy/cgsh_order_info.html?code=212021090501801 HTTP/1.1" 200 58203
116.238.194.18 - - [05/Sep/2021:09:30:03 +0800] "GET /xingrg/javascript/easyui/themes/default/validatebox.css HTTP/1.1" 404 1104
116.238.194.18 - - [05/Sep/2021:09:30:04 +0800] "POST /xingrg/kc/buy/cgsh_order_operate.html HTTP/1.1" 200 1204
180.169.147.146 - - [05/Sep/2021:09:30:05 +0800] "GET /xingrg/all/function/internal_message.html?_=1630805400546&CODE_STATE=getMsg HTTP/1.1" 200 27
124.79.246.142 - - [05/Sep/2021:09:30:05 +0800] "GET /xingrg/login.html HTTP/1.1" 200 7641
124.79.246.142 - - [05/Sep/2021:09:30:05 +0800] "GET /xingrg/images/blue/jxLogo.png HTTP/1.1" 304 -
124.79.246.142 - - [05/Sep/2021:09:30:05 +0800] "GET /xingrg/images/blue/hj.png HTTP/1.1" 304 -
124.79.246.142 - - [05/Sep/2021:09:30:05 +0800] "GET /xingrg/images/blue/login_bg.png HTTP/1.1" 304 -
124.79.246.142 - - [05/Sep/2021:09:30:05 +0800] "GET /xingrg/images/blue/srbg.png HTTP/1.1" 304 -
124.79.246.142 - - [05/Sep/2021:09:30:05 +0800] "GET /favicon.ico HTTP/1.1" 404 -
116.238.194.18 - - [05/Sep/2021:09:30:05 +0800] "GET /xingrg/kc/print/load_config.html?kc_code=cgsh HTTP/1.1" 200 2076
116.238.194.18 - - [05/Sep/2021:09:30:05 +0800] "GET /xingrg/kc/print/load_data.html?order_code=212021090501801&kc_code=cgsh&condition= HTTP/1.1" 200 990
116.232.53.2 - - [05/Sep/2021:09:30:06 +0800] "GET /xingrg/kc/buy/cgsh_order_operate.html?command=get_materiel&rest_code=00109&code=00101004040&supplier_code=00100454&order_time=2021-09-05 HTTP/1.1" 200 415
222.70.246.151 - - [05/Sep/2021:09:30:08 +0800] "GET /xingrg/kc/buy/cgsh_order_operate.html?command=get_materiel&rest_code=00146&code=00101001075&supplier_code=00100041&order_time=2021-09-05 HTTP/1.1" 200 409
124.79.246.142 - - [05/Sep/2021:09:30:09 +0800] "POST /xingrg/login.do HTTP/1.1" 302 -
124.79.246.142 - - [05/Sep/2021:09:30:09 +0800] "GET /xingrg/index.html?sysBaseUrl=http%3A%2F%2F180.169.147.146%3A18081%2Fxingrg%2F&costTime=45×tamp=1630805409946 HTTP/1.1" 200 17179
124.79.246.142 - - [05/Sep/2021:09:30:09 +0800] "GET /xingrg/javascript/jquery_easy_ui/themes/icon.css HTTP/1.1" 304 -
124.79.246.142 - - [05/Sep/2021:09:30:09 +0800] "GET /xingrg/javascript/jquery_easy_ui/themes/default/easyui.css HTTP/1.1" 304 -
124.79.246.142 - - [05/Sep/2021:09:30:09 +0800] "GET /xingrg/css/form.css HTTP/1.1" 304 -
124.79.246.142 - - [05/Sep/2021:09:30:09 +0800] "GET /xingrg/javascript/jquery.utils.js HTTP/1.1" 304 -
124.79.246.142 - - [05/Sep/2021:09:30:10 +0800] "GET /xingrg/javascript/jquery_easy_ui/easyui-lang-zh_CN.js HTTP/1.1" 304 -
124.79.246.142 - - [05/Sep/2021:09:30:10 +0800] "GET /xingrg/javascript/jquery.form.js HTTP/1.1" 304 -
124.79.246.142 - - [05/Sep/2021:09:30:10 +0800] "GET /xingrg/javascript/jquery_easy_ui/jquery.easyui.min.js HTTP/1.1" 304 -
124.79.246.142 - - [05/Sep/2021:09:30:10 +0800] "GET /xingrg/javascript/jquery.timers.js HTTP/1.1" 304 -
124.79.246.142 - - [05/Sep/2021:09:30:10 +0800] "GET /xingrg/javascript/jquery-1.4.2.min.js HTTP/1.1" 304 -
124.79.246.142 - - [05/Sep/2021:09:30:10 +0800] "GET /xingrg/javascript/jquery_easy_ui/themes/icons/settle_new.png HTTP/1.1" 304 -
124.79.246.142 - - [05/Sep/2021:09:30:10 +0800] "GET /xingrg/images/blue/navBackgound.jpg HTTP/1.1" 304 -
124.79.246.142 - - [05/Sep/2021:09:30:10 +0800] "GET /xingrg/images/blue/jxLogo.png HTTP/1.1" 304 -
124.79.246.142 - - [05/Sep/2021:09:30:10 +0800] "GET /favicon.ico HTTP/1.1" 404 -
124.79.246.142 - - [05/Sep/2021:09:30:10 +0800] "GET /xingrg/images/blue/pingpu.png HTTP/1.1" 304 -
124.79.246.142 - - [05/Sep/2021:09:30:10 +0800] "GET /xingrg/javascript/jquery_easy_ui/themes/default/images/tabs_leftarrow.png HTTP/1.1" 304 -
124.79.246.142 - - [05/Sep/2021:09:30:10 +0800] "GET /xingrg/javascript/jquery_easy_ui/themes/default/images/tabs_rightarrow.png HTTP/1.1" 304 -
124.79.246.142 - - [05/Sep/2021:09:30:10 +0800] "POST /xingrg/all/common/load_tree.html?tree=area_rest_tree_json&manage=1 HTTP/1.1" 200 351
124.79.246.142 - - [05/Sep/2021:09:30:10 +0800] "GET /xingrg/javascript/jquery_easy_ui/themes/default/images/panel_tool_collapse.gif HTTP/1.1" 304 -
124.79.246.142 - - [05/Sep/2021:09:30:10 +0800] "GET /xingrg/all/function/internal_message.html?_=1630805862459&CODE_STATE=count HTTP/1.1" 200 11
124.79.246.142 - - [05/Sep/2021:09:30:10 +0800] "GET /xingrg/check_reg.html?_=1630805862459 HTTP/1.1" 200 22
124.79.246.142 - - [05/Sep/2021:09:30:10 +0800] "POST /xingrg/load_menu.html HTTP/1.1" 200 5138
124.79.246.142 - - [05/Sep/2021:09:30:10 +0800] "GET /xingrg/javascript/jquery_easy_ui/themes/default/images/tree_arrows.gif HTTP/1.1" 304 -
124.79.246.142 - - [05/Sep/2021:09:30:10 +0800] "GET /xingrg/javascript/jquery_easy_ui/themes/default/images/tree_folder_open.gif HTTP/1.1" 304 -
124.79.246.142 - - [05/Sep/2021:09:30:10 +0800] "GET /xingrg/javascript/jquery_easy_ui/themes/icons/search_new.png HTTP/1.1" 304 -
124.79.246.142 - - [05/Sep/2021:09:30:10 +0800] "GET /xingrg/javascript/jquery_easy_ui/themes/default/images/tree_folder.gif HTTP/1.1" 304 -
124.79.246.142 - - [05/Sep/2021:09:30:10 +0800] "GET /xingrg/javascript/jquery_easy_ui/themes/icons/storage_new.png HTTP/1.1" 304 -
124.79.246.142 - - [05/Sep/2021:09:30:10 +0800] "GET /xingrg/javascript/jquery_easy_ui/themes/icons/forms_new.png HTTP/1.1" 304 -
124.79.246.142 - - [05/Sep/2021:09:30:10 +0800] "GET /xingrg/javascript/jquery_easy_ui/themes/default/images/tree_file.gif HTTP/1.1" 304 -
58.37.227.186 - - [05/Sep/2021:09:30:10 +0800] "GET /xingrg/all/function/internal_message.html?_=1630805284179&CODE_STATE=getMsg HTTP/1.1" 200 27
124.79.246.142 - - [05/Sep/2021:09:30:11 +0800] "GET /xingrg/javascript/jquery_easy_ui/themes/default/images/tabs_close.gif HTTP/1.1" 304 -
124.79.246.142 - - [05/Sep/2021:09:30:11 +0800] "GET /xingrg/kc/buy/buy_main.html HTTP/1.1" 200 12412
124.79.246.142 - - [05/Sep/2021:09:30:11 +0800] "GET /xingrg/css/blue.css HTTP/1.1" 304 -
124.79.246.142 - - [05/Sep/2021:09:30:11 +0800] "GET /xingrg/css/new_ie.css HTTP/1.1" 404 1036
124.79.246.142 - - [05/Sep/2021:09:30:11 +0800] "GET /xingrg/javascript/jquery_ui/themes/humanity/humanity.css HTTP/1.1" 304 -
124.79.246.142 - - [05/Sep/2021:09:30:11 +0800] "GET /xingrg/javascript/ToolTips.js HTTP/1.1" 304 -
124.79.246.142 - - [05/Sep/2021:09:30:11 +0800] "GET /xingrg/javascript/pic_change.js HTTP/1.1" 304 -
124.79.246.142 - - [05/Sep/2021:09:30:11 +0800] "GET /xingrg/javascript/myfunction.js HTTP/1.1" 304 -
124.79.246.142 - - [05/Sep/2021:09:30:11 +0800] "GET /xingrg/javascript/jquery_ui/jquery-ui.min.js HTTP/1.1" 304 -
124.79.246.142 - - [05/Sep/2021:09:30:11 +0800] "GET /xingrg/javascript/jquery_easy_ui/themes/icon.css HTTP/1.1" 304 -
124.79.246.142 - - [05/Sep/2021:09:30:11 +0800] "GET /xingrg/javascript/jquery-1.4.2.min.js HTTP/1.1" 304 -
124.79.246.142 - - [05/Sep/2021:09:30:11 +0800] "GET /xingrg/javascript/jquery.utils.js HTTP/1.1" 304 -
124.79.246.142 - - [05/Sep/2021:09:30:11 +0800] "GET /xingrg/javascript/jquery_easy_ui/themes/default/easyui.css HTTP/1.1" 304 -
124.79.246.142 - - [05/Sep/2021:09:30:11 +0800] "GET /xingrg/images/blue/button/cgshd.gif HTTP/1.1" 304 -
124.79.246.142 - - [05/Sep/2021:09:30:11 +0800] "GET /xingrg/images/blue/button/kc.gif HTTP/1.1" 304 -
124.79.246.142 - - [05/Sep/2021:09:30:11 +0800] "GET /xingrg/images/blue/button/cgfkd.gif HTTP/1.1" 304 -
124.79.246.142 - - [05/Sep/2021:09:30:11 +0800] "GET /xingrg/images/blue/button/ckthd.gif HTTP/1.1" 304 -
124.79.246.142 - - [05/Sep/2021:09:30:11 +0800] "GET /xingrg/images/blue/button/cgxqd.gif HTTP/1.1" 304 -
124.79.246.142 - - [05/Sep/2021:09:30:11 +0800] "GET /xingrg/images/blue/button/cgydd.gif HTTP/1.1" 304 -
124.79.246.142 - - [05/Sep/2021:09:30:11 +0800] "GET /xingrg/images/blue/pic_form2.gif HTTP/1.1" 304 -
124.79.246.142 - - [05/Sep/2021:09:30:11 +0800] "GET /xingrg/images/blue/bg_dotted.jpg HTTP/1.1" 304 -
124.79.246.142 - - [05/Sep/2021:09:30:11 +0800] "GET /xingrg/javascript/jquery_ui/themes/humanity/images/ui-bg_inset-soft_100_f4f0ec_1x100.png HTTP/1.1" 304 -
124.79.246.142 - - [05/Sep/2021:09:30:11 +0800] "GET /xingrg/images/blue/button/right_ah.jpg HTTP/1.1" 304 -
124.79.246.142 - - [05/Sep/2021:09:30:11 +0800] "GET /xingrg/images/blue/button/down_ah.jpg HTTP/1.1" 304 -
124.79.246.142 - - [05/Sep/2021:09:30:11 +0800] "GET /xingrg/javascript/jquery_ui/themes/humanity/images/ui-iconsnew.jpg HTTP/1.1" 304 -
124.79.246.142 - - [05/Sep/2021:09:30:11 +0800] "GET /xingrg/javascript/jquery_ui/themes/humanity/images/ui-icons_ffffff_256x240.png HTTP/1.1" 304 -
124.79.246.142 - - [05/Sep/2021:09:30:11 +0800] "GET /xingrg/javascript/jquery_ui/themes/humanity/images/ui-icons_c47a23_256x240.png HTTP/1.1" 304 -
124.79.246.142 - - [05/Sep/2021:09:30:11 +0800] "GET /xingrg/javascript/jquery_ui/themes/humanity/images/ui-bg_glass_70_ede4d4_1x400.png HTTP/1.1" 304 -
124.79.246.142 - - [05/Sep/2021:09:30:11 +0800] "GET /xingrg/images/yd/bt.gif HTTP/1.1" 404 1040
172.20.0.100 - - [05/Sep/2021:09:30:12 +0800] "GET /xingrg/all/function/internal_message.html?_=1630805405917&CODE_STATE=getMsg HTTP/1.1" 200 27
124.79.246.142 - - [05/Sep/2021:09:30:12 +0800] "GET /xingrg/css/base.css HTTP/1.1" 304 -
124.79.246.142 - - [05/Sep/2021:09:30:12 +0800] "GET /xingrg/css/site.css HTTP/1.1" 304 -
124.79.246.142 - - [05/Sep/2021:09:30:12 +0800] "GET /xingrg/javascript/jquery_tools/datebox.css HTTP/1.1" 304 -
124.79.246.142 - - [05/Sep/2021:09:30:12 +0800] "GET /xingrg/javascript/easyui/themes/default/easyui.css HTTP/1.1" 304 -
124.79.246.142 - - [05/Sep/2021:09:30:12 +0800] "GET /xingrg/javascript/easyui/themes/icon.css HTTP/1.1" 304 -
124.79.246.142 - - [05/Sep/2021:09:30:12 +0800] "GET /xingrg/javascript/auto/jquery.autocomplete.css HTTP/1.1" 304 -
124.79.246.142 - - [05/Sep/2021:09:30:12 +0800] "GET /xingrg/javascript/jquery_tools/table.css HTTP/1.1" 304 -
124.79.246.142 - - [05/Sep/2021:09:30:12 +0800] "GET /xingrg/javascript/jquery_tools/jquery.tools.min.js HTTP/1.1" 304 -
124.79.246.142 - - [05/Sep/2021:09:30:12 +0800] "GET /xingrg/javascript/jquery_tools/jquery.tools.table.js HTTP/1.1" 304 -
124.79.246.142 - - [05/Sep/2021:09:30:12 +0800] "GET /xingrg/javascript/easyui/easyloader.js HTTP/1.1" 304 -
124.79.246.142 - - [05/Sep/2021:09:30:12 +0800] "GET /xingrg/kc/buy/cgsh_order_list.html HTTP/1.1" 200 47638
124.79.246.142 - - [05/Sep/2021:09:30:12 +0800] "GET /xingrg/javascript/jquery.utils.js HTTP/1.1" 304 -
124.79.246.142 - - [05/Sep/2021:09:30:12 +0800] "GET /xingrg/javascript/jquery_tools/fix.css HTTP/1.1" 304 -
124.79.246.142 - - [05/Sep/2021:09:30:12 +0800] "GET /xingrg/javascript/jquery_tools/jquery.tools.extend.js HTTP/1.1" 304 -
124.79.246.142 - - [05/Sep/2021:09:30:12 +0800] "GET /xingrg/javascript/jquery.cookie.js HTTP/1.1" 304 -
124.79.246.142 - - [05/Sep/2021:09:30:12 +0800] "GET /xingrg/javascript/jquery_tools/jquery.tools.hotkey.js HTTP/1.1" 304 -
124.79.246.142 - - [05/Sep/2021:09:30:12 +0800] "GET /xingrg/javascript/jquery_tools/list_manager.js HTTP/1.1" 304 -
124.79.246.142 - - [05/Sep/2021:09:30:12 +0800] "GET /xingrg/javascript/auto/jquery.autocomplete.js HTTP/1.1" 304 -
124.79.246.142 - - [05/Sep/2021:09:30:12 +0800] "GET /xingrg/javascript/print/LodopFuncs.js HTTP/1.1" 304 -
124.79.246.142 - - [05/Sep/2021:09:30:12 +0800] "GET /xingrg/javascript/easyui/themes/icons/edit_add_new.png HTTP/1.1" 304 -
124.79.246.142 - - [05/Sep/2021:09:30:12 +0800] "GET /xingrg/javascript/easyui/themes/icons/cance_new.png HTTP/1.1" 304 -
124.79.246.142 - - [05/Sep/2021:09:30:12 +0800] "GET /xingrg/javascript/easyui/themes/icons/check_new.png HTTP/1.1" 304 -
124.79.246.142 - - [05/Sep/2021:09:30:12 +0800] "GET /xingrg/javascript/easyui/themes/icons/field_new.png HTTP/1.1" 304 -
124.79.246.142 - - [05/Sep/2021:09:30:12 +0800] "GET /xingrg/javascript/easyui/themes/icons/import_new.png HTTP/1.1" 304 -
124.79.246.142 - - [05/Sep/2021:09:30:12 +0800] "GET /xingrg/javascript/easyui/plugins/jquery.parser.js HTTP/1.1" 304 -
124.79.246.142 - - [05/Sep/2021:09:30:12 +0800] "GET /xingrg/images/control/ajaxLoader.gif HTTP/1.1" 304 -
124.79.246.142 - - [05/Sep/2021:09:30:12 +0800] "GET /xingrg/javascript/jquery_easy_ui/themes/icons/area.png HTTP/1.1" 304 -
124.79.246.142 - - [05/Sep/2021:09:30:12 +0800] "GET /xingrg/javascript/jquery_easy_ui/themes/icons/rest.png HTTP/1.1" 304 -
101.83.145.79 - - [05/Sep/2021:09:30:13 +0800] "GET /xingrg/all/function/internal_message.html?_=1630805408851&CODE_STATE=getMsg HTTP/1.1" 200 27
124.79.246.142 - - [05/Sep/2021:09:30:13 +0800] "POST /xingrg/kc/buy/cgsh_list_operate.html HTTP/1.1" 200 876
124.79.246.142 - - [05/Sep/2021:09:30:13 +0800] "GET /xingrg/javascript/easyui/themes/default/images/button_plain_hover.png HTTP/1.1" 304 -
124.79.246.142 - - [05/Sep/2021:09:30:13 +0800] "GET /xingrg/javascript/easyui/themes/default/images/button_plain_hover.png HTTP/1.1" 304 -
124.79.246.142 - - [05/Sep/2021:09:30:13 +0800] "GET /xingrg/javascript/easyui/themes/default/images/button_plain_hover.png HTTP/1.1" 304 -
124.79.246.142 - - [05/Sep/2021:09:30:14 +0800] "GET /xingrg/css/base.css HTTP/1.1" 304 -
124.79.246.142 - - [05/Sep/2021:09:30:14 +0800] "GET /xingrg/css/site.css HTTP/1.1" 304 -
124.79.246.142 - - [05/Sep/2021:09:30:14 +0800] "GET /xingrg/javascript/jquery_tools/datebox.css HTTP/1.1" 304 -
124.79.246.142 - - [05/Sep/2021:09:30:14 +0800] "GET /xingrg/javascript/easyui/themes/default/easyui.css HTTP/1.1" 304 -
124.79.246.142 - - [05/Sep/2021:09:30:14 +0800] "GET /xingrg/javascript/easyui/themes/icon.css HTTP/1.1" 304 -
124.79.246.142 - - [05/Sep/2021:09:30:14 +0800] "GET /xingrg/javascript/auto/jquery.autocomplete.css HTTP/1.1" 304 -
124.79.246.142 - - [05/Sep/2021:09:30:14 +0800] "GET /xingrg/kc/buy/cgsh_order_add.html HTTP/1.1" 200 63376
124.79.246.142 - - [05/Sep/2021:09:30:14 +0800] "GET /xingrg/javascript/jquery_tools/fix.css HTTP/1.1" 304 -
124.79.246.142 - - [05/Sep/2021:09:30:14 +0800] "GET /xingrg/javascript/pic_change.js HTTP/1.1" 304 -
124.79.246.142 - - [05/Sep/2021:09:30:14 +0800] "GET /xingrg/javascript/jquery_tools/jquery.tools.min.js HTTP/1.1" 304 -
124.79.246.142 - - [05/Sep/2021:09:30:14 +0800] "GET /xingrg/javascript/jquery_tools/table.css HTTP/1.1" 304 -
124.79.246.142 - - [05/Sep/2021:09:30:14 +0800] "GET /xingrg/javascript/jquery_tools/jquery.tools.hotkey.js HTTP/1.1" 304 -
124.79.246.142 - - [05/Sep/2021:09:30:14 +0800] "GET /xingrg/javascript/jquery_tools/jquery.tools.table.js HTTP/1.1" 304 -
124.79.246.142 - - [05/Sep/2021:09:30:14 +0800] "GET /xingrg/javascript/jquery_tools/jquery.tools.extend.js HTTP/1.1" 304 -
124.79.246.142 - - [05/Sep/2021:09:30:14 +0800] "GET /xingrg/javascript/auto/jquery.autocomplete.js HTTP/1.1" 304 -
124.79.246.142 - - [05/Sep/2021:09:30:14 +0800] "GET /xingrg/javascript/easyui/easyloader.js HTTP/1.1" 304 -
124.79.246.142 - - [05/Sep/2021:09:30:14 +0800] "GET /xingrg/javascript/jquery_tools/order_manager.js HTTP/1.1" 304 -
124.79.246.142 - - [05/Sep/2021:09:30:14 +0800] "GET /xingrg/javascript/jquery.utils.js HTTP/1.1" 304 -
124.79.246.142 - - [05/Sep/2021:09:30:14 +0800] "GET /xingrg/javascript/convert.js HTTP/1.1" 304 -
124.79.246.142 - - [05/Sep/2021:09:30:14 +0800] "GET /xingrg/javascript/json2.js HTTP/1.1" 304 -
124.79.246.142 - - [05/Sep/2021:09:30:14 +0800] "GET /xingrg/javascript/print/LodopFuncs.js HTTP/1.1" 304 -
124.79.246.142 - - [05/Sep/2021:09:30:14 +0800] "GET /xingrg/javascript/jquery.cookie.js HTTP/1.1" 304 -
124.79.246.142 - - [05/Sep/2021:09:30:14 +0800] "GET /xingrg/javascript/print/kc_print.js HTTP/1.1" 304 -
124.79.246.142 - - [05/Sep/2021:09:30:14 +0800] "GET /xingrg/words/20210904120709_words.js HTTP/1.1" 304 -
124.79.246.142 - - [05/Sep/2021:09:30:14 +0800] "GET /xingrg/javascript/easyui/themes/icons/copy_new.png HTTP/1.1" 304 -
124.79.246.142 - - [05/Sep/2021:09:30:14 +0800] "GET /xingrg/javascript/easyui/themes/icons/template_new.png HTTP/1.1" 304 -
124.79.246.142 - - [05/Sep/2021:09:30:14 +0800] "GET /xingrg/javascript/easyui/themes/icons/ok.png HTTP/1.1" 304 -
124.79.246.142 - - [05/Sep/2021:09:30:14 +0800] "GET /xingrg/javascript/easyui/themes/icons/print.png HTTP/1.1" 304 -
124.79.246.142 - - [05/Sep/2021:09:30:14 +0800] "GET /xingrg/javascript/easyui/themes/default/images/menu_downarrow.png HTTP/1.1" 304 -
124.79.246.142 - - [05/Sep/2021:09:30:14 +0800] "GET /xingrg/javascript/easyui/themes/icons/cancel.png HTTP/1.1" 304 -
124.79.246.142 - - [05/Sep/2021:09:30:14 +0800] "GET /xingrg/javascript/easyui/plugins/jquery.parser.js HTTP/1.1" 304 -
124.79.246.142 - - [05/Sep/2021:09:30:15 +0800] "POST /xingrg/kc/buy/cgsh_order_operate.html HTTP/1.1" 200 8245
124.79.246.142 - - [05/Sep/2021:09:30:15 +0800] "GET /xingrg/javascript/easyui/themes/icons/edit_remove.png HTTP/1.1" 304 -
124.79.246.142 - - [05/Sep/2021:09:30:15 +0800] "GET /xingrg/all/common/auto_word.html?type=employee&rest_code=00104 HTTP/1.1" 200 149
124.79.246.142 - - [05/Sep/2021:09:30:15 +0800] "GET /xingrg/all/common/auto_word.html?type=employee&rest_code=00104 HTTP/1.1" 200 149
124.79.246.142 - - [05/Sep/2021:09:30:15 +0800] "GET /xingrg/javascript/easyui/themes/default/validatebox.css HTTP/1.1" 404 1104
124.79.246.142 - - [05/Sep/2021:09:30:15 +0800] "GET /xingrg/javascript/easyui/plugins/jquery.validatebox.js HTTP/1.1" 304 -
124.79.246.142 - - [05/Sep/2021:09:30:15 +0800] "GET /xingrg/javascript/easyui/plugins/jquery.numberbox.js HTTP/1.1" 304 -
124.79.246.142 - - [05/Sep/2021:09:30:15 +0800] "GET /xingrg/javascript/easyui/plugins/jquery.draggable.js HTTP/1.1" 304 -
124.79.246.142 - - [05/Sep/2021:09:30:15 +0800] "GET /xingrg/css/images/panel_loading.gif HTTP/1.1" 304 -
124.79.246.142 - - [05/Sep/2021:09:30:16 +0800] "GET /xingrg/javascript/easyui/plugins/jquery.droppable.js HTTP/1.1" 304 -
124.79.246.142 - - [05/Sep/2021:09:30:16 +0800] "GET /xingrg/javascript/easyui/themes/default/tree.css HTTP/1.1" 404 1090
124.79.246.142 - - [05/Sep/2021:09:30:16 +0800] "GET /xingrg/javascript/easyui/plugins/jquery.tree.js HTTP/1.1" 304 -
124.79.246.142 - - [05/Sep/2021:09:30:16 +0800] "POST /xingrg/all/common/load_tree.html?tree=supplier_tree_json&isDelete=1 HTTP/1.1" 200 57570
116.232.53.2 - - [05/Sep/2021:09:30:16 +0800] "GET /xingrg/kc/buy/cgsh_order_operate.html?command=get_materiel&rest_code=00109&code=00101005037&supplier_code=00100454&order_time=2021-09-05 HTTP/1.1" 200 409
180.169.147.146 - - [05/Sep/2021:09:30:16 +0800] "GET /xingrg/all/function/internal_message.html?_=1630805413463&CODE_STATE=getMsg HTTP/1.1" 302 -
124.79.246.142 - - [05/Sep/2021:09:30:18 +0800] "GET /xingrg/javascript/easyui/themes/default/images/tree_arrows.gif HTTP/1.1" 304 -
124.79.246.142 - - [05/Sep/2021:09:30:18 +0800] "GET /xingrg/javascript/easyui/themes/default/images/tree_folder_open.gif HTTP/1.1" 304 -
124.79.246.142 - - [05/Sep/2021:09:30:18 +0800] "GET /xingrg/javascript/easyui/themes/default/images/tree_folder.gif HTTP/1.1" 304 -
124.79.246.142 - - [05/Sep/2021:09:30:18 +0800] "GET /xingrg/javascript/easyui/themes/default/images/tree_file.gif HTTP/1.1" 304 -
222.70.182.153 - - [05/Sep/2021:09:30:18 +0800] "GET /xingrg/check_reg.html?_=1630805404688 HTTP/1.1" 200 22
222.70.182.153 - - [05/Sep/2021:09:30:20 +0800] "GET /xingrg/all/function/internal_message.html?_=1630805406485&CODE_STATE=getMsg HTTP/1.1" 200 27
222.70.246.151 - - [05/Sep/2021:09:30:21 +0800] "GET /xingrg/kc/buy/cgsh_order_operate.html?command=get_materiel&rest_code=00146&code=00101006067&supplier_code=00100041&order_time=2021-09-05 HTTP/1.1" 200 409
222.69.130.14 - - [05/Sep/2021:09:30:25 +0800] "GET /xingrg/all/function/internal_message.html?_=1630805419754&CODE_STATE=getMsg HTTP/1.1" 200 27
116.232.53.2 - - [05/Sep/2021:09:30:27 +0800] "GET /xingrg/kc/buy/cgsh_order_operate.html?command=get_materiel&rest_code=00109&code=00101002016&supplier_code=00100454&order_time=2021-09-05 HTTP/1.1" 200 413
116.232.53.2 - - [05/Sep/2021:09:30:28 +0800] "GET /xingrg/all/function/internal_message.html?_=1630805424511&CODE_STATE=getMsg HTTP/1.1" 200 27
222.70.246.151 - - [05/Sep/2021:09:30:30 +0800] "GET /xingrg/kc/buy/cgsh_order_operate.html?command=get_materiel&rest_code=00146&code=00101010204&supplier_code=00100041&order_time=2021-09-05 HTTP/1.1" 200 409
116.238.194.18 - - [05/Sep/2021:09:30:31 +0800] "GET /xingrg/check_reg.html?_=1630805426615 HTTP/1.1" 200 22
116.238.194.18 - - [05/Sep/2021:09:30:31 +0800] "GET /xingrg/all/function/internal_message.html?_=1630805426619&CODE_STATE=getMsg HTTP/1.1" 200 27
124.79.246.142 - - [05/Sep/2021:09:30:35 +0800] "GET /xingrg/javascript/auto/indicator.gif HTTP/1.1" 404 1066
116.232.53.2 - - [05/Sep/2021:09:30:38 +0800] "POST /xingrg/kc/buy/cgsh_order_operate.html HTTP/1.1" 200 37
116.232.53.2 - - [05/Sep/2021:09:30:41 +0800] "POST /xingrg/kc/buy/cgsh_order_operate.html HTTP/1.1" 200 4432
