180.169.147.146 - - [05/Sep/2021:10:01:02 +0800] "GET /xingrg/all/function/internal_message.html?_=1630807256165&CODE_STATE=getMsg HTTP/1.1" 200 27
116.237.74.154 - - [05/Sep/2021:10:01:04 +0800] "POST /xingrg/kc/buy/cgsh_order_operate.html HTTP/1.1" 200 37
180.169.147.146 - - [05/Sep/2021:10:01:05 +0800] "GET /xingrg/all/function/internal_message.html?_=1630807260555&CODE_STATE=getMsg HTTP/1.1" 200 27
101.229.174.10 - - [05/Sep/2021:10:01:06 +0800] "GET /xingrg/javascript/jquery_tools/images/prev.gif HTTP/1.1" 404 1086
101.229.174.10 - - [05/Sep/2021:10:01:06 +0800] "GET /xingrg/javascript/jquery_tools/images/next.gif HTTP/1.1" 404 1086
116.237.74.154 - - [05/Sep/2021:10:01:07 +0800] "POST /xingrg/kc/buy/cgsh_order_operate.html HTTP/1.1" 200 12
116.237.74.154 - - [05/Sep/2021:10:01:07 +0800] "GET /xingrg/kc/buy/cgsh_order_info.html?code=212021090501831 HTTP/1.1" 200 58283
116.237.74.154 - - [05/Sep/2021:10:01:08 +0800] "GET /xingrg/javascript/easyui/themes/default/validatebox.css HTTP/1.1" 404 1104
116.237.74.154 - - [05/Sep/2021:10:01:08 +0800] "POST /xingrg/kc/buy/cgsh_order_operate.html HTTP/1.1" 200 3007
58.37.227.186 - - [05/Sep/2021:10:01:10 +0800] "GET /xingrg/all/function/internal_message.html?_=1630807144294&CODE_STATE=getMsg HTTP/1.1" 200 27
58.37.227.186 - - [05/Sep/2021:10:01:10 +0800] "GET /xingrg/check_reg.html?_=1630807144295 HTTP/1.1" 200 22
116.237.74.154 - - [05/Sep/2021:10:01:10 +0800] "GET /xingrg/kc/print/load_data.html?order_code=212021090501831&kc_code=cgsh&condition= HTTP/1.1" 200 1707
172.20.0.100 - - [05/Sep/2021:10:01:12 +0800] "GET /xingrg/all/function/internal_message.html?_=1630807265921&CODE_STATE=getMsg HTTP/1.1" 200 27
58.40.7.146 - - [05/Sep/2021:10:01:13 +0800] "GET /xingrg/check_reg.html?_=1630807268528 HTTP/1.1" 302 -
101.83.145.79 - - [05/Sep/2021:10:01:13 +0800] "GET /xingrg/all/function/internal_message.html?_=1630807268909&CODE_STATE=getMsg HTTP/1.1" 200 27
116.238.194.18 - - [05/Sep/2021:10:01:14 +0800] "POST /xingrg/kc/buy/cgsh_order_operate.html HTTP/1.1" 200 37
101.229.174.10 - - [05/Sep/2021:10:01:14 +0800] "POST /xingrg/kc/buy/cgsh_list_operate.html HTTP/1.1" 200 876
116.238.194.18 - - [05/Sep/2021:10:01:15 +0800] "POST /xingrg/kc/buy/cgsh_order_operate.html HTTP/1.1" 200 40507
124.79.246.142 - - [05/Sep/2021:10:01:16 +0800] "GET /xingrg/all/function/internal_message.html?_=1630807729036&CODE_STATE=getMsg HTTP/1.1" 200 27
180.169.147.146 - - [05/Sep/2021:10:01:17 +0800] "GET /xingrg/all/function/internal_message.html?_=1630807274050&CODE_STATE=getMsg HTTP/1.1" 302 -
222.70.182.153 - - [05/Sep/2021:10:01:19 +0800] "GET /xingrg/all/function/internal_message.html?_=1630807265858&CODE_STATE=getMsg HTTP/1.1" 200 27
116.237.74.154 - - [05/Sep/2021:10:01:19 +0800] "GET /xingrg/kc/buy/cgsh_order_add.html HTTP/1.1" 200 63370
116.237.74.154 - - [05/Sep/2021:10:01:20 +0800] "POST /xingrg/kc/buy/cgsh_order_operate.html HTTP/1.1" 200 8245
116.237.74.154 - - [05/Sep/2021:10:01:20 +0800] "GET /xingrg/javascript/easyui/themes/default/validatebox.css HTTP/1.1" 404 1104
120.253.135.82 - - [05/Sep/2021:10:01:20 +0800] "GET /xingrg/kc/pszx/mdqp_order_list.html?state=10 HTTP/1.1" 200 10651
120.253.135.82 - - [05/Sep/2021:10:01:20 +0800] "GET /xingrg/dwr/interface/AjaxReportQueryService.js HTTP/1.1" 200 13203
120.253.135.82 - - [05/Sep/2021:10:01:20 +0800] "GET /xingrg/dwr/interface/AjaxQqpsService.js HTTP/1.1" 200 16326
120.253.135.82 - - [05/Sep/2021:10:01:20 +0800] "GET /xingrg/dwr/engine.js HTTP/1.1" 200 43631
116.237.74.154 - - [05/Sep/2021:10:01:21 +0800] "GET /xingrg/javascript/easyui/themes/default/tree.css HTTP/1.1" 404 1090
116.237.74.154 - - [05/Sep/2021:10:01:21 +0800] "POST /xingrg/all/common/load_tree.html?tree=supplier_tree_json&isDelete=1 HTTP/1.1" 200 57570
116.238.168.124 - - [05/Sep/2021:10:01:22 +0800] "GET /xingrg/all/function/internal_message.html?_=1630807276569&CODE_STATE=getMsg HTTP/1.1" 200 27
222.69.130.14 - - [05/Sep/2021:10:01:25 +0800] "GET /xingrg/all/function/internal_message.html?_=1630807279878&CODE_STATE=getMsg HTTP/1.1" 200 27
116.232.53.2 - - [05/Sep/2021:10:01:28 +0800] "GET /xingrg/all/function/internal_message.html?_=1630807284573&CODE_STATE=getMsg HTTP/1.1" 200 27
101.229.174.10 - - [05/Sep/2021:10:01:29 +0800] "POST /xingrg/kc/buy/cgsh_list_operate.html HTTP/1.1" 200 5430
116.238.194.18 - - [05/Sep/2021:10:01:31 +0800] "GET /xingrg/all/function/internal_message.html?_=1630807286972&CODE_STATE=getMsg HTTP/1.1" 200 27
120.253.135.82 - - [05/Sep/2021:10:01:42 +0800] "GET /xingrg/all/function/internal_message.html?_=1630807071967&CODE_STATE=getMsg HTTP/1.1" 200 27
120.253.135.82 - - [05/Sep/2021:10:01:43 +0800] "GET /xingrg/kc/pszx/mdqp_order_list.html?state=10 HTTP/1.1" 200 10651
120.253.135.82 - - [05/Sep/2021:10:01:43 +0800] "GET /xingrg/dwr/interface/AjaxReportQueryService.js HTTP/1.1" 200 13203
120.253.135.82 - - [05/Sep/2021:10:01:43 +0800] "GET /xingrg/dwr/interface/AjaxQqpsService.js HTTP/1.1" 200 16326
120.253.135.82 - - [05/Sep/2021:10:01:43 +0800] "GET /xingrg/dwr/engine.js HTTP/1.1" 200 43631
116.237.74.154 - - [05/Sep/2021:10:01:45 +0800] "GET /xingrg/kc/buy/cgsh_order_operate.html?command=get_materiel&rest_code=00106&code=00101010607&supplier_code=00100404&order_time=2021-09-05 HTTP/1.1" 200 407
180.169.147.146 - - [05/Sep/2021:10:01:50 +0800] "GET /xingrg/all/function/internal_message.html?_=1630807298468&CODE_STATE=getMsg HTTP/1.1" 200 27
180.169.147.146 - - [05/Sep/2021:10:01:50 +0800] "GET /xingrg/all/function/internal_message.html?_=1630807305944&CODE_STATE=getMsg HTTP/1.1" 200 27
180.169.147.146 - - [05/Sep/2021:10:01:50 +0800] "GET /xingrg/check_reg.html?_=1630807305947 HTTP/1.1" 200 22
222.70.246.151 - - [05/Sep/2021:10:01:50 +0800] "GET /xingrg/check_reg.html?_=1630807331964 HTTP/1.1" 200 22
58.40.7.146 - - [05/Sep/2021:10:01:50 +0800] "GET /xingrg/all/function/internal_message.html?_=1630807306376&CODE_STATE=getMsg HTTP/1.1" 200 27
116.230.105.26 - - [05/Sep/2021:10:01:51 +0800] "GET /xingrg/all/function/internal_message.html?_=1630807254530&CODE_STATE=getMsg HTTP/1.1" 200 27
222.70.246.151 - - [05/Sep/2021:10:01:52 +0800] "GET /xingrg/all/function/internal_message.html?_=1630807333579&CODE_STATE=getMsg HTTP/1.1" 200 27
116.238.194.18 - - [05/Sep/2021:10:01:52 +0800] "GET /xingrg/all/function/internal_message.html?_=1630807287784&CODE_STATE=getMsg HTTP/1.1" 200 27
101.229.174.10 - - [05/Sep/2021:10:01:53 +0800] "GET /xingrg/all/function/internal_message.html?_=1630807308022&CODE_STATE=getMsg HTTP/1.1" 200 27
101.229.174.10 - - [05/Sep/2021:10:01:54 +0800] "POST /xingrg/kc/buy/cgsh_list_operate.html HTTP/1.1" 200 2284
120.253.135.82 - - [05/Sep/2021:10:01:55 +0800] "GET /xingrg/kc/report/report_main.html HTTP/1.1" 200 9370
101.83.145.79 - - [05/Sep/2021:10:01:57 +0800] "GET /xingrg/all/function/internal_message.html?_=1630807263399&CODE_STATE=getMsg HTTP/1.1" 302 -
120.253.135.82 - - [05/Sep/2021:10:01:57 +0800] "GET /xingrg/kc/pszx/mdqp_order_list.html?state=10 HTTP/1.1" 200 10651
120.253.135.82 - - [05/Sep/2021:10:01:57 +0800] "GET /xingrg/dwr/interface/AjaxReportQueryService.js HTTP/1.1" 200 13203
120.253.135.82 - - [05/Sep/2021:10:01:57 +0800] "GET /xingrg/dwr/interface/AjaxQqpsService.js HTTP/1.1" 200 16326
120.253.135.82 - - [05/Sep/2021:10:01:57 +0800] "GET /xingrg/dwr/engine.js HTTP/1.1" 200 43631
180.169.147.146 - - [05/Sep/2021:10:01:59 +0800] "GET /xingrg/all/function/internal_message.html?_=1630807315270&CODE_STATE=getMsg HTTP/1.1" 200 27
116.237.74.154 - - [05/Sep/2021:10:02:01 +0800] "GET /xingrg/all/function/internal_message.html?_=1630807317962&CODE_STATE=getMsg HTTP/1.1" 200 27
116.237.74.154 - - [05/Sep/2021:10:02:01 +0800] "POST /xingrg/kc/buy/cgsh_order_operate.html HTTP/1.1" 200 37
101.83.145.79 - - [05/Sep/2021:10:02:02 +0800] "GET /xingrg/kc/buy/cgsh_order_operate.html?command=get_materiel&rest_code=00105&code=00101008144&supplier_code=00100203&order_time=2021-09-05 HTTP/1.1" 200 412
180.169.147.146 - - [05/Sep/2021:10:02:02 +0800] "GET /xingrg/all/function/internal_message.html?_=1630807316173&CODE_STATE=getMsg HTTP/1.1" 200 27
180.169.147.146 - - [05/Sep/2021:10:02:05 +0800] "GET /xingrg/check_reg.html?_=1630807320548 HTTP/1.1" 200 22
180.169.147.146 - - [05/Sep/2021:10:02:05 +0800] "GET /xingrg/all/function/internal_message.html?_=1630807320551&CODE_STATE=getMsg HTTP/1.1" 200 27
116.237.74.154 - - [05/Sep/2021:10:02:05 +0800] "POST /xingrg/kc/buy/cgsh_order_operate.html HTTP/1.1" 200 12
116.237.74.154 - - [05/Sep/2021:10:02:06 +0800] "GET /xingrg/kc/buy/cgsh_order_info.html?code=212021090501832 HTTP/1.1" 200 58285
116.237.74.154 - - [05/Sep/2021:10:02:06 +0800] "GET /xingrg/javascript/easyui/themes/default/validatebox.css HTTP/1.1" 404 1104
116.237.74.154 - - [05/Sep/2021:10:02:07 +0800] "POST /xingrg/kc/buy/cgsh_order_operate.html HTTP/1.1" 200 615
116.237.74.154 - - [05/Sep/2021:10:02:09 +0800] "GET /xingrg/kc/print/load_data.html?order_code=212021090501832&kc_code=cgsh&condition= HTTP/1.1" 200 728
58.35.197.106 - - [05/Sep/2021:10:02:10 +0800] "POST /xingrg/services/DataTransmitService HTTP/1.1" 200 524
58.35.197.106 - - [05/Sep/2021:10:02:12 +0800] "POST /xingrg/services/DataTransmitService HTTP/1.1" 200 501
172.20.0.100 - - [05/Sep/2021:10:02:12 +0800] "GET /xingrg/check_reg.html?_=1630807325923 HTTP/1.1" 200 22
172.20.0.100 - - [05/Sep/2021:10:02:12 +0800] "GET /xingrg/all/function/internal_message.html?_=1630807325925&CODE_STATE=getMsg HTTP/1.1" 200 27
101.83.145.79 - - [05/Sep/2021:10:02:13 +0800] "GET /xingrg/all/function/internal_message.html?_=1630807328913&CODE_STATE=getMsg HTTP/1.1" 200 27
101.83.145.79 - - [05/Sep/2021:10:02:13 +0800] "GET /xingrg/check_reg.html?_=1630807328916 HTTP/1.1" 200 22
116.237.74.154 - - [05/Sep/2021:10:02:15 +0800] "GET /xingrg/kc/buy/cgsh_order_add.html HTTP/1.1" 200 63370
58.37.227.186 - - [05/Sep/2021:10:02:15 +0800] "GET /xingrg/all/function/internal_message.html?_=1630807204294&CODE_STATE=getMsg HTTP/1.1" 200 27
116.237.74.154 - - [05/Sep/2021:10:02:15 +0800] "POST /xingrg/kc/buy/cgsh_order_operate.html HTTP/1.1" 200 8245
116.237.74.154 - - [05/Sep/2021:10:02:15 +0800] "GET /xingrg/javascript/easyui/themes/default/validatebox.css HTTP/1.1" 404 1104
116.237.74.154 - - [05/Sep/2021:10:02:16 +0800] "GET /xingrg/javascript/easyui/themes/default/tree.css HTTP/1.1" 404 1090
116.237.74.154 - - [05/Sep/2021:10:02:16 +0800] "POST /xingrg/all/common/load_tree.html?tree=supplier_tree_json&isDelete=1 HTTP/1.1" 200 57570
124.79.246.142 - - [05/Sep/2021:10:02:17 +0800] "GET /xingrg/all/function/internal_message.html?_=1630807789501&CODE_STATE=getMsg HTTP/1.1" 200 27
180.169.147.146 - - [05/Sep/2021:10:02:17 +0800] "GET /xingrg/all/function/internal_message.html?_=1630807334055&CODE_STATE=getMsg HTTP/1.1" 302 -
222.70.182.153 - - [05/Sep/2021:10:02:19 +0800] "GET /xingrg/all/function/internal_message.html?_=1630807325843&CODE_STATE=getMsg HTTP/1.1" 200 27
101.83.145.79 - - [05/Sep/2021:10:02:21 +0800] "POST /xingrg/kc/buy/cgsh_order_operate.html HTTP/1.1" 200 37
116.238.168.124 - - [05/Sep/2021:10:02:22 +0800] "GET /xingrg/all/function/internal_message.html?_=1630807336583&CODE_STATE=getMsg HTTP/1.1" 200 27
101.83.145.79 - - [05/Sep/2021:10:02:23 +0800] "POST /xingrg/kc/buy/cgsh_order_operate.html HTTP/1.1" 200 42859
101.83.145.79 - - [05/Sep/2021:10:02:25 +0800] "GET /xingrg/kc/print/load_data.html?order_code=212021090501786&kc_code=cgsh&condition= HTTP/1.1" 200 15819
222.69.130.14 - - [05/Sep/2021:10:02:25 +0800] "GET /xingrg/all/function/internal_message.html?_=1630807339876&CODE_STATE=getMsg HTTP/1.1" 200 27
116.232.53.2 - - [05/Sep/2021:10:02:28 +0800] "GET /xingrg/all/function/internal_message.html?_=1630807344574&CODE_STATE=getMsg HTTP/1.1" 200 27
101.83.145.79 - - [05/Sep/2021:10:02:31 +0800] "GET /xingrg/kc/buy/cgsh_order_list.html HTTP/1.1" 200 47632
116.238.194.18 - - [05/Sep/2021:10:02:31 +0800] "GET /xingrg/all/function/internal_message.html?_=1630807346958&CODE_STATE=getMsg HTTP/1.1" 200 27
101.83.145.79 - - [05/Sep/2021:10:02:33 +0800] "POST /xingrg/kc/buy/cgsh_list_operate.html HTTP/1.1" 200 3127
101.83.145.79 - - [05/Sep/2021:10:02:37 +0800] "POST /xingrg/kc/buy/cgsh_list_operate.html HTTP/1.1" 200 422
101.83.145.79 - - [05/Sep/2021:10:02:37 +0800] "GET /xingrg/kc/buy/cgsh_order_info.html?code=212021090501787 HTTP/1.1" 200 63428
101.83.145.79 - - [05/Sep/2021:10:02:38 +0800] "GET /xingrg/javascript/easyui/themes/default/validatebox.css HTTP/1.1" 404 1104
180.169.147.146 - - [05/Sep/2021:10:02:38 +0800] "GET /xingrg/all/report/report_query.html?isQuery=1&fileName=kc/base/crk_detail_by_list.xml&queryString=&queryText=%25E3%2580%2590%25E4%25BB%2593%25E5%25BA%2593%25E5%2590%258D%25E7%25A7%25B0%253A%25E5%258E%25A8%25E6%2588%25BF%25E3%2580%2591%25E3%2580%2590%25E4%25B8%259A%25E5%258A%25A1%25E7%25B1%25BB%25E5%259E%258B%25EF%25BC%259A%25E9%2587%2587%25E8%25B4%25AD%25E5%2585%25A5%25E5%25BA%2593%25E3%2580%2591%2520%253F%253F%253F%253F%253F2021-08-01%253F%253F2021-08-31%2520%253F%253F%253F%253F%253F%253F%253F%252C%25D0%25A1%253F%253F%253F%252C%253F%253F%253F%252C%253F%253F%253F%252C%253F%253F%253F%253F%253F%252C%253F%253F%253F%253F%253F%253F&tableQueryString=crk_table%2524sp1%2524order_day%2520between%252020210801%2520and%252020210831%2520and%2520(base_code%253D'0010728')%2520and%2520(src_order_type%2520in%2520(21))%2520and%2520(is_rk%2520in%2520(1))%2520and%2520(a.materiel_code%253D'00101008619') HTTP/1.1" 200 51071
101.83.145.79 - - [05/Sep/2021:10:02:38 +0800] "POST /xingrg/kc/buy/cgsh_order_operate.html HTTP/1.1" 200 4429
180.169.147.146 - - [05/Sep/2021:10:02:38 +0800] "GET /xingrg/dwr/interface/AjaxReportQueryService.js HTTP/1.1" 200 13203
180.169.147.146 - - [05/Sep/2021:10:02:38 +0800] "GET /xingrg/dwr/engine.js HTTP/1.1" 200 43631
180.169.147.146 - - [05/Sep/2021:10:02:39 +0800] "POST /xingrg/all/report/load_report_page.html HTTP/1.1" 200 20148
180.169.147.146 - - [05/Sep/2021:10:02:39 +0800] "GET /xingrg/servlets/image?cache=0.878476520063773&image=px HTTP/1.1" 200 807
101.83.145.79 - - [05/Sep/2021:10:02:39 +0800] "GET /xingrg/kc/print/load_data.html?order_code=212021090501787&kc_code=cgsh&condition= HTTP/1.1" 200 1344
120.253.135.82 - - [05/Sep/2021:10:02:42 +0800] "GET /xingrg/all/function/internal_message.html?_=1630807132019&CODE_STATE=getMsg HTTP/1.1" 200 27
101.83.145.79 - - [05/Sep/2021:10:02:43 +0800] "GET /xingrg/kc/buy/cgsh_order_add.html HTTP/1.1" 200 63417
101.83.145.79 - - [05/Sep/2021:10:02:44 +0800] "POST /xingrg/kc/buy/cgsh_order_operate.html HTTP/1.1" 200 8245
101.83.145.79 - - [05/Sep/2021:10:02:44 +0800] "GET /xingrg/javascript/easyui/themes/default/validatebox.css HTTP/1.1" 404 1104
116.237.74.154 - - [05/Sep/2021:10:02:45 +0800] "GET /xingrg/kc/buy/cgsh_order_operate.html?command=get_materiel&rest_code=00106&code=00101006164&supplier_code=00100326&order_time=2021-09-05 HTTP/1.1" 200 415
180.169.147.146 - - [05/Sep/2021:10:02:50 +0800] "GET /xingrg/all/function/internal_message.html?_=1630807358453&CODE_STATE=getMsg HTTP/1.1" 200 27
180.169.147.146 - - [05/Sep/2021:10:02:50 +0800] "GET /xingrg/all/function/internal_message.html?_=1630807365935&CODE_STATE=getMsg HTTP/1.1" 200 27
58.40.7.146 - - [05/Sep/2021:10:02:51 +0800] "GET /xingrg/all/function/internal_message.html?_=1630807366378&CODE_STATE=getMsg HTTP/1.1" 200 27
116.230.105.26 - - [05/Sep/2021:10:02:51 +0800] "GET /xingrg/check_reg.html?_=1630807314522 HTTP/1.1" 200 22
116.230.105.26 - - [05/Sep/2021:10:02:51 +0800] "GET /xingrg/all/function/internal_message.html?_=1630807314526&CODE_STATE=getMsg HTTP/1.1" 200 27
222.70.246.151 - - [05/Sep/2021:10:02:52 +0800] "GET /xingrg/all/function/internal_message.html?_=1630807393592&CODE_STATE=getMsg HTTP/1.1" 200 27
116.238.194.18 - - [05/Sep/2021:10:02:52 +0800] "GET /xingrg/all/function/internal_message.html?_=1630807347812&CODE_STATE=getMsg HTTP/1.1" 200 27
101.229.174.10 - - [05/Sep/2021:10:02:53 +0800] "GET /xingrg/all/function/internal_message.html?_=1630807368018&CODE_STATE=getMsg HTTP/1.1" 200 27
101.229.174.10 - - [05/Sep/2021:10:02:54 +0800] "POST /xingrg/kc/buy/cgsh_list_operate.html HTTP/1.1" 200 5430
116.237.74.154 - - [05/Sep/2021:10:02:56 +0800] "POST /xingrg/kc/buy/cgsh_order_operate.html HTTP/1.1" 200 37
101.83.145.79 - - [05/Sep/2021:10:02:57 +0800] "GET /xingrg/all/function/internal_message.html?_=1630807323401&CODE_STATE=getMsg HTTP/1.1" 302 -
180.169.147.146 - - [05/Sep/2021:10:02:59 +0800] "GET /xingrg/all/function/internal_message.html?_=1630807375267&CODE_STATE=getMsg HTTP/1.1" 200 27
58.37.227.186 - - [05/Sep/2021:10:03:00 +0800] "GET /xingrg/kc/buy/cgsh_order_operate.html?command=get_materiel&rest_code=00141&code=00101008010&supplier_code=00100007&order_time=2021-09-05 HTTP/1.1" 200 412
116.237.74.154 - - [05/Sep/2021:10:03:00 +0800] "POST /xingrg/kc/buy/cgsh_order_operate.html HTTP/1.1" 200 12
116.237.74.154 - - [05/Sep/2021:10:03:02 +0800] "GET /xingrg/kc/buy/cgsh_order_info.html?code=212021090501833 HTTP/1.1" 200 58283
116.237.74.154 - - [05/Sep/2021:10:03:02 +0800] "GET /xingrg/javascript/easyui/themes/default/validatebox.css HTTP/1.1" 404 1104
180.169.147.146 - - [05/Sep/2021:10:03:02 +0800] "GET /xingrg/all/function/internal_message.html?_=1630807376159&CODE_STATE=getMsg HTTP/1.1" 200 27
180.169.147.146 - - [05/Sep/2021:10:03:02 +0800] "GET /xingrg/check_reg.html?_=1630807376161 HTTP/1.1" 200 22
116.237.74.154 - - [05/Sep/2021:10:03:03 +0800] "POST /xingrg/kc/buy/cgsh_order_operate.html HTTP/1.1" 200 610
101.83.145.79 - - [05/Sep/2021:10:03:04 +0800] "GET /xingrg/kc/buy/cgsh_order_operate.html?command=get_materiel&rest_code=00105&code=00101006106&supplier_code=00100012&order_time=2021-09-05 HTTP/1.1" 200 421
180.169.147.146 - - [05/Sep/2021:10:03:05 +0800] "GET /xingrg/all/function/internal_message.html?_=1630807380557&CODE_STATE=getMsg HTTP/1.1" 200 27
116.237.74.154 - - [05/Sep/2021:10:03:05 +0800] "GET /xingrg/kc/print/load_data.html?order_code=212021090501833&kc_code=cgsh&condition= HTTP/1.1" 200 708
58.37.227.186 - - [05/Sep/2021:10:03:09 +0800] "GET /xingrg/kc/buy/cgsh_order_operate.html?command=get_materiel&rest_code=00141&code=00101008026&supplier_code=00100007&order_time=2021-09-05 HTTP/1.1" 200 409
58.37.227.186 - - [05/Sep/2021:10:03:10 +0800] "GET /xingrg/all/function/internal_message.html?_=1630807264299&CODE_STATE=getMsg HTTP/1.1" 200 27
116.237.74.154 - - [05/Sep/2021:10:03:11 +0800] "GET /xingrg/kc/buy/cgsh_order_add.html HTTP/1.1" 200 63370
116.237.74.154 - - [05/Sep/2021:10:03:11 +0800] "POST /xingrg/kc/buy/cgsh_order_operate.html HTTP/1.1" 200 8245
116.237.74.154 - - [05/Sep/2021:10:03:11 +0800] "GET /xingrg/javascript/easyui/themes/default/validatebox.css HTTP/1.1" 404 1104
172.20.0.100 - - [05/Sep/2021:10:03:12 +0800] "GET /xingrg/all/function/internal_message.html?_=1630807385911&CODE_STATE=getMsg HTTP/1.1" 200 27
101.83.145.79 - - [05/Sep/2021:10:03:13 +0800] "GET /xingrg/all/function/internal_message.html?_=1630807388928&CODE_STATE=getMsg HTTP/1.1" 200 27
116.237.74.154 - - [05/Sep/2021:10:03:13 +0800] "GET /xingrg/javascript/easyui/themes/default/tree.css HTTP/1.1" 404 1090
101.83.145.79 - - [05/Sep/2021:10:03:13 +0800] "GET /xingrg/kc/buy/cgsh_order_operate.html?command=get_materiel&rest_code=00105&code=00101006109&supplier_code=00100012&order_time=2021-09-05 HTTP/1.1" 200 409
116.237.74.154 - - [05/Sep/2021:10:03:13 +0800] "POST /xingrg/all/common/load_tree.html?tree=supplier_tree_json&isDelete=1 HTTP/1.1" 200 57570
124.79.246.142 - - [05/Sep/2021:10:03:17 +0800] "GET /xingrg/all/function/internal_message.html?_=1630807849517&CODE_STATE=getMsg HTTP/1.1" 200 27
124.79.246.142 - - [05/Sep/2021:10:03:17 +0800] "GET /xingrg/javascript/easyui/themes/default/images/button_plain_hover.png HTTP/1.1" 304 -
124.79.246.142 - - [05/Sep/2021:10:03:17 +0800] "GET /xingrg/javascript/easyui/themes/default/images/button_plain_hover.png HTTP/1.1" 304 -
124.79.246.142 - - [05/Sep/2021:10:03:17 +0800] "GET /xingrg/javascript/easyui/themes/default/images/button_plain_hover.png HTTP/1.1" 304 -
180.169.147.146 - - [05/Sep/2021:10:03:17 +0800] "GET /xingrg/all/function/internal_message.html?_=1630807394079&CODE_STATE=getMsg HTTP/1.1" 302 -
124.79.246.142 - - [05/Sep/2021:10:03:17 +0800] "GET /xingrg/javascript/jquery_tools/datebox.css HTTP/1.1" 304 -
124.79.246.142 - - [05/Sep/2021:10:03:17 +0800] "GET /xingrg/css/base.css HTTP/1.1" 304 -
124.79.246.142 - - [05/Sep/2021:10:03:17 +0800] "GET /xingrg/css/site.css HTTP/1.1" 304 -
124.79.246.142 - - [05/Sep/2021:10:03:17 +0800] "GET /xingrg/javascript/easyui/themes/icon.css HTTP/1.1" 304 -
124.79.246.142 - - [05/Sep/2021:10:03:17 +0800] "GET /xingrg/javascript/easyui/themes/default/easyui.css HTTP/1.1" 304 -
124.79.246.142 - - [05/Sep/2021:10:03:17 +0800] "GET /xingrg/javascript/auto/jquery.autocomplete.css HTTP/1.1" 304 -
124.79.246.142 - - [05/Sep/2021:10:03:17 +0800] "GET /xingrg/javascript/jquery_tools/fix.css HTTP/1.1" 304 -
124.79.246.142 - - [05/Sep/2021:10:03:17 +0800] "GET /xingrg/javascript/pic_change.js HTTP/1.1" 304 -
124.79.246.142 - - [05/Sep/2021:10:03:17 +0800] "GET /xingrg/javascript/jquery_tools/table.css HTTP/1.1" 304 -
124.79.246.142 - - [05/Sep/2021:10:03:17 +0800] "GET /xingrg/kc/buy/cgsh_order_add.html HTTP/1.1" 200 63376
124.79.246.142 - - [05/Sep/2021:10:03:17 +0800] "GET /xingrg/javascript/jquery_tools/jquery.tools.extend.js HTTP/1.1" 304 -
124.79.246.142 - - [05/Sep/2021:10:03:17 +0800] "GET /xingrg/javascript/auto/jquery.autocomplete.js HTTP/1.1" 304 -
124.79.246.142 - - [05/Sep/2021:10:03:17 +0800] "GET /xingrg/javascript/jquery_tools/jquery.tools.table.js HTTP/1.1" 304 -
124.79.246.142 - - [05/Sep/2021:10:03:17 +0800] "GET /xingrg/javascript/jquery_tools/jquery.tools.min.js HTTP/1.1" 304 -
124.79.246.142 - - [05/Sep/2021:10:03:17 +0800] "GET /xingrg/javascript/jquery_tools/jquery.tools.hotkey.js HTTP/1.1" 304 -
124.79.246.142 - - [05/Sep/2021:10:03:17 +0800] "GET /xingrg/javascript/jquery_tools/order_manager.js HTTP/1.1" 304 -
124.79.246.142 - - [05/Sep/2021:10:03:17 +0800] "GET /xingrg/javascript/easyui/easyloader.js HTTP/1.1" 304 -
124.79.246.142 - - [05/Sep/2021:10:03:17 +0800] "GET /xingrg/javascript/convert.js HTTP/1.1" 304 -
124.79.246.142 - - [05/Sep/2021:10:03:17 +0800] "GET /xingrg/javascript/jquery.cookie.js HTTP/1.1" 304 -
124.79.246.142 - - [05/Sep/2021:10:03:17 +0800] "GET /xingrg/javascript/print/kc_print.js HTTP/1.1" 304 -
124.79.246.142 - - [05/Sep/2021:10:03:17 +0800] "GET /xingrg/javascript/print/LodopFuncs.js HTTP/1.1" 304 -
124.79.246.142 - - [05/Sep/2021:10:03:17 +0800] "GET /xingrg/javascript/json2.js HTTP/1.1" 304 -
124.79.246.142 - - [05/Sep/2021:10:03:17 +0800] "GET /xingrg/javascript/jquery.utils.js HTTP/1.1" 304 -
222.70.182.153 - - [05/Sep/2021:10:03:19 +0800] "GET /xingrg/all/function/internal_message.html?_=1630807385828&CODE_STATE=getMsg HTTP/1.1" 200 27
124.79.246.142 - - [05/Sep/2021:10:03:19 +0800] "GET /xingrg/words/20210904120709_words.js HTTP/1.1" 304 -
124.79.246.142 - - [05/Sep/2021:10:03:19 +0800] "GET /xingrg/javascript/easyui/themes/icons/copy_new.png HTTP/1.1" 304 -
124.79.246.142 - - [05/Sep/2021:10:03:19 +0800] "GET /xingrg/javascript/easyui/themes/icons/template_new.png HTTP/1.1" 304 -
124.79.246.142 - - [05/Sep/2021:10:03:19 +0800] "GET /xingrg/javascript/easyui/themes/icons/ok.png HTTP/1.1" 304 -
124.79.246.142 - - [05/Sep/2021:10:03:19 +0800] "GET /xingrg/javascript/easyui/themes/icons/print.png HTTP/1.1" 304 -
124.79.246.142 - - [05/Sep/2021:10:03:19 +0800] "GET /xingrg/javascript/easyui/themes/default/images/menu_downarrow.png HTTP/1.1" 304 -
124.79.246.142 - - [05/Sep/2021:10:03:19 +0800] "GET /xingrg/javascript/easyui/themes/icons/cancel.png HTTP/1.1" 304 -
124.79.246.142 - - [05/Sep/2021:10:03:19 +0800] "GET /xingrg/javascript/easyui/plugins/jquery.parser.js HTTP/1.1" 304 -
124.79.246.142 - - [05/Sep/2021:10:03:20 +0800] "POST /xingrg/kc/buy/cgsh_order_operate.html HTTP/1.1" 200 8245
101.83.145.79 - - [05/Sep/2021:10:03:20 +0800] "GET /xingrg/kc/buy/cgsh_order_operate.html?command=get_materiel&rest_code=00105&code=00101006129&supplier_code=00100012&order_time=2021-09-05 HTTP/1.1" 200 431
124.79.246.142 - - [05/Sep/2021:10:03:20 +0800] "GET /xingrg/all/common/auto_word.html?type=employee&rest_code=00104 HTTP/1.1" 200 149
124.79.246.142 - - [05/Sep/2021:10:03:20 +0800] "GET /xingrg/all/common/auto_word.html?type=employee&rest_code=00104 HTTP/1.1" 200 149
124.79.246.142 - - [05/Sep/2021:10:03:20 +0800] "GET /xingrg/javascript/easyui/themes/default/validatebox.css HTTP/1.1" 404 1104
124.79.246.142 - - [05/Sep/2021:10:03:20 +0800] "GET /xingrg/javascript/easyui/plugins/jquery.validatebox.js HTTP/1.1" 304 -
124.79.246.142 - - [05/Sep/2021:10:03:20 +0800] "GET /xingrg/javascript/easyui/plugins/jquery.numberbox.js HTTP/1.1" 304 -
124.79.246.142 - - [05/Sep/2021:10:03:21 +0800] "GET /xingrg/javascript/easyui/plugins/jquery.draggable.js HTTP/1.1" 304 -
124.79.246.142 - - [05/Sep/2021:10:03:21 +0800] "GET /xingrg/css/images/panel_loading.gif HTTP/1.1" 304 -
124.79.246.142 - - [05/Sep/2021:10:03:21 +0800] "GET /xingrg/javascript/easyui/plugins/jquery.droppable.js HTTP/1.1" 304 -
124.79.246.142 - - [05/Sep/2021:10:03:22 +0800] "GET /xingrg/javascript/easyui/themes/default/tree.css HTTP/1.1" 404 1090
124.79.246.142 - - [05/Sep/2021:10:03:22 +0800] "GET /xingrg/javascript/easyui/plugins/jquery.tree.js HTTP/1.1" 304 -
124.79.246.142 - - [05/Sep/2021:10:03:22 +0800] "POST /xingrg/all/common/load_tree.html?tree=supplier_tree_json&isDelete=1 HTTP/1.1" 200 57570
116.238.168.124 - - [05/Sep/2021:10:03:22 +0800] "GET /xingrg/all/function/internal_message.html?_=1630807396597&CODE_STATE=getMsg HTTP/1.1" 200 27
124.79.246.142 - - [05/Sep/2021:10:03:24 +0800] "GET /xingrg/javascript/easyui/themes/default/images/tree_folder_open.gif HTTP/1.1" 304 -
124.79.246.142 - - [05/Sep/2021:10:03:24 +0800] "GET /xingrg/javascript/easyui/themes/default/images/tree_folder.gif HTTP/1.1" 304 -
124.79.246.142 - - [05/Sep/2021:10:03:24 +0800] "GET /xingrg/javascript/easyui/themes/default/images/tree_file.gif HTTP/1.1" 304 -
222.69.130.14 - - [05/Sep/2021:10:03:25 +0800] "GET /xingrg/all/function/internal_message.html?_=1630807399882&CODE_STATE=getMsg HTTP/1.1" 200 27
116.232.53.2 - - [05/Sep/2021:10:03:28 +0800] "GET /xingrg/all/function/internal_message.html?_=1630807404584&CODE_STATE=getMsg HTTP/1.1" 200 27
58.37.227.186 - - [05/Sep/2021:10:03:29 +0800] "GET /xingrg/kc/buy/cgsh_order_operate.html?command=get_materiel&rest_code=00141&code=00101008110&supplier_code=00100007&order_time=2021-09-05 HTTP/1.1" 200 408
116.238.194.18 - - [05/Sep/2021:10:03:31 +0800] "GET /xingrg/all/function/internal_message.html?_=1630807406933&CODE_STATE=getMsg HTTP/1.1" 200 27
58.37.227.186 - - [05/Sep/2021:10:03:36 +0800] "GET /xingrg/kc/buy/cgsh_order_operate.html?command=get_materiel&rest_code=00141&code=00101008038&supplier_code=00100007&order_time=2021-09-05 HTTP/1.1" 200 412
124.79.246.142 - - [05/Sep/2021:10:03:37 +0800] "GET /xingrg/kc/buy/cgsh_order_operate.html?command=get_materiel&rest_code=00104&code=00101001115&supplier_code=00100089&order_time=2021-09-05 HTTP/1.1" 200 414
101.83.145.79 - - [05/Sep/2021:10:03:40 +0800] "POST /xingrg/kc/buy/cgsh_order_operate.html HTTP/1.1" 200 37
120.253.135.82 - - [05/Sep/2021:10:03:41 +0800] "GET /xingrg/check_reg.html?_=1630807190995 HTTP/1.1" 200 22
116.238.194.18 - - [05/Sep/2021:10:03:41 +0800] "GET /xingrg/check_reg.html?_=1630807396708 HTTP/1.1" 200 22
180.169.147.146 - - [05/Sep/2021:10:03:41 +0800] "GET /xingrg/check_reg.html?_=1630807418544 HTTP/1.1" 302 -
116.237.74.154 - - [05/Sep/2021:10:03:41 +0800] "GET /xingrg/kc/buy/cgsh_order_operate.html?command=get_materiel&rest_code=00106&code=00101007032&supplier_code=00100328&order_time=2021-09-05 HTTP/1.1" 200 413
120.253.135.82 - - [05/Sep/2021:10:03:42 +0800] "GET /xingrg/all/function/internal_message.html?_=1630807192025&CODE_STATE=getMsg HTTP/1.1" 200 27
101.83.145.79 - - [05/Sep/2021:10:03:43 +0800] "POST /xingrg/kc/buy/cgsh_order_operate.html HTTP/1.1" 200 3868
58.37.227.186 - - [05/Sep/2021:10:03:44 +0800] "GET /xingrg/kc/buy/cgsh_order_operate.html?command=get_materiel&rest_code=00141&code=00101008221&supplier_code=00100007&order_time=2021-09-05 HTTP/1.1" 200 412
124.79.246.142 - - [05/Sep/2021:10:03:44 +0800] "GET /xingrg/javascript/easyui/themes/default/images/button_plain_hover.png HTTP/1.1" 304 -
101.83.145.79 - - [05/Sep/2021:10:03:45 +0800] "GET /xingrg/kc/print/load_data.html?order_code=212021090501834&kc_code=cgsh&condition= HTTP/1.1" 200 1241
124.79.246.142 - - [05/Sep/2021:10:03:48 +0800] "POST /xingrg/kc/buy/cgsh_order_operate.html HTTP/1.1" 200 37
180.169.147.146 - - [05/Sep/2021:10:03:50 +0800] "GET /xingrg/all/function/internal_message.html?_=1630807418438&CODE_STATE=getMsg HTTP/1.1" 200 27
180.169.147.146 - - [05/Sep/2021:10:03:50 +0800] "GET /xingrg/all/function/internal_message.html?_=1630807425946&CODE_STATE=getMsg HTTP/1.1" 200 27
58.40.7.146 - - [05/Sep/2021:10:03:51 +0800] "GET /xingrg/all/function/internal_message.html?_=1630807426382&CODE_STATE=getMsg HTTP/1.1" 200 27
124.79.246.142 - - [05/Sep/2021:10:03:51 +0800] "POST /xingrg/kc/buy/cgsh_order_operate.html HTTP/1.1" 200 2658
116.230.105.26 - - [05/Sep/2021:10:03:51 +0800] "GET /xingrg/all/function/internal_message.html?_=1630807374517&CODE_STATE=getMsg HTTP/1.1" 200 27
222.70.246.151 - - [05/Sep/2021:10:03:52 +0800] "GET /xingrg/all/function/internal_message.html?_=1630807453606&CODE_STATE=getMsg HTTP/1.1" 200 27
116.238.194.18 - - [05/Sep/2021:10:03:52 +0800] "GET /xingrg/all/function/internal_message.html?_=1630807407827&CODE_STATE=getMsg HTTP/1.1" 200 27
58.37.227.186 - - [05/Sep/2021:10:03:53 +0800] "GET /xingrg/kc/buy/cgsh_order_operate.html?command=get_materiel&rest_code=00141&code=00101008163&supplier_code=00100007&order_time=2021-09-05 HTTP/1.1" 200 409
101.229.174.10 - - [05/Sep/2021:10:03:53 +0800] "GET /xingrg/all/function/internal_message.html?_=1630807428029&CODE_STATE=getMsg HTTP/1.1" 200 27
124.79.246.142 - - [05/Sep/2021:10:03:54 +0800] "GET /xingrg/javascript/easyui/themes/default/images/button_plain_hover.png HTTP/1.1" 304 -
124.79.246.142 - - [05/Sep/2021:10:03:54 +0800] "GET /xingrg/javascript/easyui/themes/default/images/button_plain_hover.png HTTP/1.1" 304 -
124.79.246.142 - - [05/Sep/2021:10:03:55 +0800] "GET /xingrg/kc/print/load_config.html?kc_code=cgsh HTTP/1.1" 200 2076
124.79.246.142 - - [05/Sep/2021:10:03:55 +0800] "GET /xingrg/kc/print/load_data.html?order_code=212021090501835&kc_code=cgsh&condition= HTTP/1.1" 200 751
101.83.145.79 - - [05/Sep/2021:10:03:57 +0800] "GET /xingrg/all/function/internal_message.html?_=1630807383385&CODE_STATE=getMsg HTTP/1.1" 302 -
101.83.145.79 - - [05/Sep/2021:10:03:57 +0800] "GET /xingrg/check_reg.html?_=1630807383387 HTTP/1.1" 302 -
180.169.147.146 - - [05/Sep/2021:10:03:59 +0800] "GET /xingrg/all/function/internal_message.html?_=1630807435269&CODE_STATE=getMsg HTTP/1.1" 200 27
116.237.74.154 - - [05/Sep/2021:10:04:01 +0800] "GET /xingrg/all/function/internal_message.html?_=1630807437978&CODE_STATE=getMsg HTTP/1.1" 200 27
58.37.227.186 - - [05/Sep/2021:10:04:01 +0800] "GET /xingrg/kc/buy/cgsh_order_operate.html?command=get_materiel&rest_code=00141&code=00101008190&supplier_code=00100007&order_time=2021-09-05 HTTP/1.1" 200 412
180.169.147.146 - - [05/Sep/2021:10:04:02 +0800] "GET /xingrg/all/function/internal_message.html?_=1630807436161&CODE_STATE=getMsg HTTP/1.1" 200 27
101.83.145.79 - - [05/Sep/2021:10:04:04 +0800] "GET /xingrg/kc/buy/cgsh_order_add.html HTTP/1.1" 200 63417
180.169.147.146 - - [05/Sep/2021:10:04:05 +0800] "GET /xingrg/all/function/internal_message.html?_=1630807440561&CODE_STATE=getMsg HTTP/1.1" 200 27
101.83.145.79 - - [05/Sep/2021:10:04:05 +0800] "POST /xingrg/kc/buy/cgsh_order_operate.html HTTP/1.1" 200 8245
124.79.246.142 - - [05/Sep/2021:10:04:05 +0800] "GET /xingrg/javascript/easyui/themes/default/images/button_plain_hover.png HTTP/1.1" 304 -
101.83.145.79 - - [05/Sep/2021:10:04:05 +0800] "GET /xingrg/javascript/easyui/themes/default/validatebox.css HTTP/1.1" 404 1104
124.79.246.142 - - [05/Sep/2021:10:04:05 +0800] "GET /xingrg/javascript/easyui/themes/default/images/button_plain_hover.png HTTP/1.1" 304 -
124.79.246.142 - - [05/Sep/2021:10:04:05 +0800] "GET /xingrg/javascript/easyui/themes/default/images/button_plain_hover.png HTTP/1.1" 304 -
124.79.246.142 - - [05/Sep/2021:10:04:05 +0800] "GET /xingrg/javascript/easyui/themes/default/images/button_plain_hover.png HTTP/1.1" 304 -
124.79.246.142 - - [05/Sep/2021:10:04:05 +0800] "GET /xingrg/css/base.css HTTP/1.1" 304 -
124.79.246.142 - - [05/Sep/2021:10:04:05 +0800] "GET /xingrg/css/site.css HTTP/1.1" 304 -
124.79.246.142 - - [05/Sep/2021:10:04:05 +0800] "GET /xingrg/javascript/jquery_tools/datebox.css HTTP/1.1" 304 -
124.79.246.142 - - [05/Sep/2021:10:04:05 +0800] "GET /xingrg/javascript/easyui/themes/default/easyui.css HTTP/1.1" 304 -
124.79.246.142 - - [05/Sep/2021:10:04:05 +0800] "GET /xingrg/javascript/easyui/themes/icon.css HTTP/1.1" 304 -
124.79.246.142 - - [05/Sep/2021:10:04:05 +0800] "GET /xingrg/javascript/auto/jquery.autocomplete.css HTTP/1.1" 304 -
124.79.246.142 - - [05/Sep/2021:10:04:05 +0800] "GET /xingrg/javascript/jquery_tools/fix.css HTTP/1.1" 304 -
124.79.246.142 - - [05/Sep/2021:10:04:05 +0800] "GET /xingrg/kc/buy/cgsh_order_add.html HTTP/1.1" 200 63376
124.79.246.142 - - [05/Sep/2021:10:04:05 +0800] "GET /xingrg/javascript/jquery_tools/table.css HTTP/1.1" 304 -
124.79.246.142 - - [05/Sep/2021:10:04:05 +0800] "GET /xingrg/javascript/pic_change.js HTTP/1.1" 304 -
124.79.246.142 - - [05/Sep/2021:10:04:05 +0800] "GET /xingrg/javascript/jquery_tools/jquery.tools.min.js HTTP/1.1" 304 -
124.79.246.142 - - [05/Sep/2021:10:04:05 +0800] "GET /xingrg/javascript/jquery_tools/jquery.tools.extend.js HTTP/1.1" 304 -
124.79.246.142 - - [05/Sep/2021:10:04:05 +0800] "GET /xingrg/javascript/jquery_tools/jquery.tools.table.js HTTP/1.1" 304 -
124.79.246.142 - - [05/Sep/2021:10:04:05 +0800] "GET /xingrg/javascript/jquery.utils.js HTTP/1.1" 304 -
124.79.246.142 - - [05/Sep/2021:10:04:05 +0800] "GET /xingrg/javascript/auto/jquery.autocomplete.js HTTP/1.1" 304 -
124.79.246.142 - - [05/Sep/2021:10:04:05 +0800] "GET /xingrg/javascript/jquery_tools/jquery.tools.hotkey.js HTTP/1.1" 304 -
124.79.246.142 - - [05/Sep/2021:10:04:05 +0800] "GET /xingrg/javascript/easyui/easyloader.js HTTP/1.1" 304 -
124.79.246.142 - - [05/Sep/2021:10:04:05 +0800] "GET /xingrg/javascript/jquery_tools/order_manager.js HTTP/1.1" 304 -
124.79.246.142 - - [05/Sep/2021:10:04:05 +0800] "GET /xingrg/javascript/convert.js HTTP/1.1" 304 -
124.79.246.142 - - [05/Sep/2021:10:04:05 +0800] "GET /xingrg/javascript/json2.js HTTP/1.1" 304 -
124.79.246.142 - - [05/Sep/2021:10:04:05 +0800] "GET /xingrg/javascript/jquery.cookie.js HTTP/1.1" 304 -
124.79.246.142 - - [05/Sep/2021:10:04:05 +0800] "GET /xingrg/javascript/print/kc_print.js HTTP/1.1" 304 -
124.79.246.142 - - [05/Sep/2021:10:04:05 +0800] "GET /xingrg/javascript/print/LodopFuncs.js HTTP/1.1" 304 -
124.79.246.142 - - [05/Sep/2021:10:04:07 +0800] "GET /xingrg/words/20210904120709_words.js HTTP/1.1" 304 -
124.79.246.142 - - [05/Sep/2021:10:04:07 +0800] "GET /xingrg/javascript/easyui/themes/icons/copy_new.png HTTP/1.1" 304 -
124.79.246.142 - - [05/Sep/2021:10:04:07 +0800] "GET /xingrg/javascript/easyui/themes/icons/template_new.png HTTP/1.1" 304 -
124.79.246.142 - - [05/Sep/2021:10:04:07 +0800] "GET /xingrg/javascript/easyui/themes/icons/ok.png HTTP/1.1" 304 -
124.79.246.142 - - [05/Sep/2021:10:04:07 +0800] "GET /xingrg/javascript/easyui/themes/icons/print.png HTTP/1.1" 304 -
124.79.246.142 - - [05/Sep/2021:10:04:07 +0800] "GET /xingrg/javascript/easyui/themes/default/images/menu_downarrow.png HTTP/1.1" 304 -
124.79.246.142 - - [05/Sep/2021:10:04:07 +0800] "GET /xingrg/javascript/easyui/themes/icons/cancel.png HTTP/1.1" 304 -
124.79.246.142 - - [05/Sep/2021:10:04:07 +0800] "GET /xingrg/javascript/easyui/plugins/jquery.parser.js HTTP/1.1" 304 -
124.79.246.142 - - [05/Sep/2021:10:04:07 +0800] "POST /xingrg/kc/buy/cgsh_order_operate.html HTTP/1.1" 200 8245
124.79.246.142 - - [05/Sep/2021:10:04:07 +0800] "GET /xingrg/all/common/auto_word.html?type=employee&rest_code=00104 HTTP/1.1" 200 149
124.79.246.142 - - [05/Sep/2021:10:04:07 +0800] "GET /xingrg/all/common/auto_word.html?type=employee&rest_code=00104 HTTP/1.1" 200 149
124.79.246.142 - - [05/Sep/2021:10:04:07 +0800] "GET /xingrg/javascript/easyui/themes/default/validatebox.css HTTP/1.1" 404 1104
124.79.246.142 - - [05/Sep/2021:10:04:07 +0800] "GET /xingrg/javascript/easyui/plugins/jquery.validatebox.js HTTP/1.1" 304 -
124.79.246.142 - - [05/Sep/2021:10:04:08 +0800] "GET /xingrg/javascript/easyui/plugins/jquery.numberbox.js HTTP/1.1" 304 -
124.79.246.142 - - [05/Sep/2021:10:04:10 +0800] "GET /xingrg/javascript/easyui/plugins/jquery.draggable.js HTTP/1.1" 304 -
124.79.246.142 - - [05/Sep/2021:10:04:10 +0800] "GET /xingrg/css/images/panel_loading.gif HTTP/1.1" 304 -
124.79.246.142 - - [05/Sep/2021:10:04:10 +0800] "GET /xingrg/javascript/easyui/plugins/jquery.droppable.js HTTP/1.1" 304 -
124.79.246.142 - - [05/Sep/2021:10:04:10 +0800] "GET /xingrg/javascript/easyui/themes/default/tree.css HTTP/1.1" 404 1090
124.79.246.142 - - [05/Sep/2021:10:04:10 +0800] "GET /xingrg/javascript/easyui/plugins/jquery.tree.js HTTP/1.1" 304 -
124.79.246.142 - - [05/Sep/2021:10:04:10 +0800] "POST /xingrg/all/common/load_tree.html?tree=supplier_tree_json&isDelete=1 HTTP/1.1" 200 57570
58.37.227.186 - - [05/Sep/2021:10:04:10 +0800] "GET /xingrg/kc/buy/cgsh_order_operate.html?command=get_materiel&rest_code=00141&code=00101008361&supplier_code=00100007&order_time=2021-09-05 HTTP/1.1" 200 408
58.37.227.186 - - [05/Sep/2021:10:04:10 +0800] "GET /xingrg/all/function/internal_message.html?_=1630807324289&CODE_STATE=getMsg HTTP/1.1" 200 27
124.79.246.142 - - [05/Sep/2021:10:04:12 +0800] "GET /xingrg/javascript/easyui/themes/default/images/tree_folder_open.gif HTTP/1.1" 304 -
124.79.246.142 - - [05/Sep/2021:10:04:12 +0800] "GET /xingrg/javascript/easyui/themes/default/images/tree_folder.gif HTTP/1.1" 304 -
124.79.246.142 - - [05/Sep/2021:10:04:12 +0800] "GET /xingrg/javascript/easyui/themes/default/images/tree_file.gif HTTP/1.1" 304 -
172.20.0.100 - - [05/Sep/2021:10:04:12 +0800] "GET /xingrg/all/function/internal_message.html?_=1630807445913&CODE_STATE=getMsg HTTP/1.1" 200 27
101.83.145.79 - - [05/Sep/2021:10:04:13 +0800] "GET /xingrg/all/function/internal_message.html?_=1630807448962&CODE_STATE=getMsg HTTP/1.1" 200 27
116.238.194.18 - - [05/Sep/2021:10:04:14 +0800] "POST /xingrg/kc/buy/cgsh_order_operate.html HTTP/1.1" 200 37
116.238.194.18 - - [05/Sep/2021:10:04:15 +0800] "POST /xingrg/kc/buy/cgsh_order_operate.html HTTP/1.1" 200 40507
116.238.194.18 - - [05/Sep/2021:10:04:16 +0800] "GET /xingrg/kc/buy/cgsh_order_add.html HTTP/1.1" 200 63294
116.238.194.18 - - [05/Sep/2021:10:04:16 +0800] "POST /xingrg/kc/buy/cgsh_order_operate.html HTTP/1.1" 200 8245
116.238.194.18 - - [05/Sep/2021:10:04:16 +0800] "GET /xingrg/javascript/easyui/themes/default/validatebox.css HTTP/1.1" 404 1104
124.79.246.142 - - [05/Sep/2021:10:04:17 +0800] "GET /xingrg/all/function/internal_message.html?_=1630807909526&CODE_STATE=getMsg HTTP/1.1" 200 27
180.169.147.146 - - [05/Sep/2021:10:04:17 +0800] "GET /xingrg/all/function/internal_message.html?_=1630807454081&CODE_STATE=getMsg HTTP/1.1" 302 -
116.237.74.154 - - [05/Sep/2021:10:04:18 +0800] "POST /xingrg/kc/buy/cgsh_order_operate.html HTTP/1.1" 200 37
101.83.145.79 - - [05/Sep/2021:10:04:18 +0800] "GET /xingrg/kc/buy/cgsh_order_operate.html?command=get_materiel&rest_code=00105&code=00101009109&supplier_code=00100024&order_time=2021-09-05 HTTP/1.1" 200 399
222.70.182.153 - - [05/Sep/2021:10:04:19 +0800] "GET /xingrg/all/function/internal_message.html?_=1630807445799&CODE_STATE=getMsg HTTP/1.1" 200 27
58.37.227.186 - - [05/Sep/2021:10:04:21 +0800] "GET /xingrg/kc/buy/cgsh_order_operate.html?command=get_materiel&rest_code=00141&code=00101008148&supplier_code=00100007&order_time=2021-09-05 HTTP/1.1" 200 416
116.237.74.154 - - [05/Sep/2021:10:04:21 +0800] "POST /xingrg/kc/buy/cgsh_order_operate.html HTTP/1.1" 200 12
116.238.168.124 - - [05/Sep/2021:10:04:22 +0800] "GET /xingrg/all/function/internal_message.html?_=1630807456705&CODE_STATE=getMsg HTTP/1.1" 200 27
116.237.74.154 - - [05/Sep/2021:10:04:22 +0800] "GET /xingrg/kc/buy/cgsh_order_info.html?code=212021090501836 HTTP/1.1" 200 58283
116.237.74.154 - - [05/Sep/2021:10:04:23 +0800] "GET /xingrg/javascript/easyui/themes/default/validatebox.css HTTP/1.1" 404 1104
116.237.74.154 - - [05/Sep/2021:10:04:23 +0800] "POST /xingrg/kc/buy/cgsh_order_operate.html HTTP/1.1" 200 1201
116.238.194.18 - - [05/Sep/2021:10:04:25 +0800] "GET /xingrg/kc/buy/cgsh_order_operate.html?command=get_materiel&rest_code=00150&code=00101009109&supplier_code=00100424&order_time=2021-09-05 HTTP/1.1" 200 399
116.237.74.154 - - [05/Sep/2021:10:04:25 +0800] "GET /xingrg/kc/print/load_data.html?order_code=212021090501836&kc_code=cgsh&condition= HTTP/1.1" 200 933
222.69.130.14 - - [05/Sep/2021:10:04:25 +0800] "GET /xingrg/check_reg.html?_=1630807459885 HTTP/1.1" 200 22
222.69.130.14 - - [05/Sep/2021:10:04:25 +0800] "GET /xingrg/all/function/internal_message.html?_=1630807459885&CODE_STATE=getMsg HTTP/1.1" 200 27
101.83.145.79 - - [05/Sep/2021:10:04:28 +0800] "GET /xingrg/kc/buy/cgsh_order_operate.html?command=get_materiel&rest_code=00105&code=00101009062&supplier_code=00100024&order_time=2021-09-05 HTTP/1.1" 200 436
116.232.53.2 - - [05/Sep/2021:10:04:28 +0800] "GET /xingrg/all/function/internal_message.html?_=1630807464573&CODE_STATE=getMsg HTTP/1.1" 200 27
116.232.53.2 - - [05/Sep/2021:10:04:28 +0800] "GET /xingrg/check_reg.html?_=1630807464574 HTTP/1.1" 200 22
116.237.74.154 - - [05/Sep/2021:10:04:30 +0800] "GET /xingrg/kc/buy/cgsh_order_add.html HTTP/1.1" 200 63370
116.237.74.154 - - [05/Sep/2021:10:04:30 +0800] "POST /xingrg/kc/buy/cgsh_order_operate.html HTTP/1.1" 200 8245
116.237.74.154 - - [05/Sep/2021:10:04:30 +0800] "GET /xingrg/javascript/easyui/themes/default/validatebox.css HTTP/1.1" 404 1104
116.238.194.18 - - [05/Sep/2021:10:04:31 +0800] "GET /xingrg/all/function/internal_message.html?_=1630807466925&CODE_STATE=getMsg HTTP/1.1" 200 27
116.237.74.154 - - [05/Sep/2021:10:04:32 +0800] "GET /xingrg/javascript/easyui/themes/default/tree.css HTTP/1.1" 404 1090
116.237.74.154 - - [05/Sep/2021:10:04:32 +0800] "POST /xingrg/all/common/load_tree.html?tree=supplier_tree_json&isDelete=1 HTTP/1.1" 200 57570
101.229.174.10 - - [05/Sep/2021:10:04:33 +0800] "GET /xingrg/javascript/jquery_easy_ui/themes/default/images/tabs_active.png HTTP/1.1" 200 2894
58.37.227.186 - - [05/Sep/2021:10:04:33 +0800] "GET /xingrg/kc/buy/cgsh_order_operate.html?command=get_materiel&rest_code=00141&code=00101008264&supplier_code=00100007&order_time=2021-09-05 HTTP/1.1" 200 412
116.238.194.18 - - [05/Sep/2021:10:04:35 +0800] "GET /xingrg/kc/buy/cgsh_order_operate.html?command=get_materiel&rest_code=00150&code=00101009062&supplier_code=00100424&order_time=2021-09-05 HTTP/1.1" 200 434
101.229.174.10 - - [05/Sep/2021:10:04:35 +0800] "GET /xingrg/kc/buy/cgsh_order_list.html HTTP/1.1" 200 47638
101.229.174.10 - - [05/Sep/2021:10:04:36 +0800] "POST /xingrg/kc/buy/cgsh_list_operate.html HTTP/1.1" 200 876
101.83.145.79 - - [05/Sep/2021:10:04:39 +0800] "GET /xingrg/kc/buy/cgsh_order_operate.html?command=get_materiel&rest_code=00105&code=00101009011&supplier_code=00100024&order_time=2021-09-05 HTTP/1.1" 200 416
58.37.227.186 - - [05/Sep/2021:10:04:41 +0800] "GET /xingrg/kc/buy/cgsh_order_operate.html?command=get_materiel&rest_code=00141&code=00101008356&supplier_code=00100007&order_time=2021-09-05 HTTP/1.1" 200 408
116.238.194.18 - - [05/Sep/2021:10:04:42 +0800] "GET /xingrg/kc/buy/cgsh_order_operate.html?command=get_materiel&rest_code=00150&code=00101009011&supplier_code=00100424&order_time=2021-09-05 HTTP/1.1" 200 416
120.253.135.82 - - [05/Sep/2021:10:04:42 +0800] "GET /xingrg/all/function/internal_message.html?_=1630807252038&CODE_STATE=getMsg HTTP/1.1" 200 27
124.79.246.142 - - [05/Sep/2021:10:04:43 +0800] "GET /xingrg/kc/buy/cgsh_order_operate.html?command=get_materiel&rest_code=00104&code=00101009036&supplier_code=00100335&order_time=2021-09-05 HTTP/1.1" 200 414
116.237.74.154 - - [05/Sep/2021:10:04:47 +0800] "GET /xingrg/kc/buy/cgsh_order_operate.html?command=get_materiel&rest_code=00106&code=00101010569&supplier_code=00100327&order_time=2021-09-05 HTTP/1.1" 200 397
58.37.227.186 - - [05/Sep/2021:10:04:50 +0800] "GET /xingrg/kc/buy/cgsh_order_operate.html?command=get_materiel&rest_code=00141&code=00101008360&supplier_code=00100007&order_time=2021-09-05 HTTP/1.1" 200 412
180.169.147.146 - - [05/Sep/2021:10:04:50 +0800] "GET /xingrg/all/function/internal_message.html?_=1630807478423&CODE_STATE=getMsg HTTP/1.1" 200 27
180.169.147.146 - - [05/Sep/2021:10:04:50 +0800] "GET /xingrg/all/function/internal_message.html?_=1630807485941&CODE_STATE=getMsg HTTP/1.1" 200 27
58.40.7.146 - - [05/Sep/2021:10:04:50 +0800] "GET /xingrg/check_reg.html?_=1630807486370 HTTP/1.1" 200 22
58.40.7.146 - - [05/Sep/2021:10:04:50 +0800] "GET /xingrg/all/function/internal_message.html?_=1630807486372&CODE_STATE=getMsg HTTP/1.1" 200 27
116.230.105.26 - - [05/Sep/2021:10:04:51 +0800] "GET /xingrg/all/function/internal_message.html?_=1630807434533&CODE_STATE=getMsg HTTP/1.1" 200 27
222.70.246.151 - - [05/Sep/2021:10:04:52 +0800] "GET /xingrg/all/function/internal_message.html?_=1630807513675&CODE_STATE=getMsg HTTP/1.1" 200 27
116.238.194.18 - - [05/Sep/2021:10:04:52 +0800] "GET /xingrg/all/function/internal_message.html?_=1630807467840&CODE_STATE=getMsg HTTP/1.1" 200 27
101.229.174.10 - - [05/Sep/2021:10:04:53 +0800] "GET /xingrg/all/function/internal_message.html?_=1630807488029&CODE_STATE=getMsg HTTP/1.1" 200 27
101.83.145.79 - - [05/Sep/2021:10:04:57 +0800] "GET /xingrg/all/function/internal_message.html?_=1630807443386&CODE_STATE=getMsg HTTP/1.1" 302 -
58.37.227.186 - - [05/Sep/2021:10:04:57 +0800] "GET /xingrg/kc/buy/cgsh_order_operate.html?command=get_materiel&rest_code=00141&code=00101008059&supplier_code=00100007&order_time=2021-09-05 HTTP/1.1" 200 408
180.169.147.146 - - [05/Sep/2021:10:04:59 +0800] "GET /xingrg/all/function/internal_message.html?_=1630807495273&CODE_STATE=getMsg HTTP/1.1" 200 27
116.237.74.154 - - [05/Sep/2021:10:05:01 +0800] "GET /xingrg/all/function/internal_message.html?_=1630807497960&CODE_STATE=getMsg HTTP/1.1" 200 27
180.169.147.146 - - [05/Sep/2021:10:05:02 +0800] "GET /xingrg/all/function/internal_message.html?_=1630807496165&CODE_STATE=getMsg HTTP/1.1" 200 27
180.169.147.146 - - [05/Sep/2021:10:05:05 +0800] "GET /xingrg/all/function/internal_message.html?_=1630807500554&CODE_STATE=getMsg HTTP/1.1" 200 27
116.237.74.154 - - [05/Sep/2021:10:05:07 +0800] "GET /xingrg/kc/buy/cgsh_order_operate.html?command=get_materiel&rest_code=00106&code=00101010327&supplier_code=00100327&order_time=2021-09-05 HTTP/1.1" 200 403
58.37.227.186 - - [05/Sep/2021:10:05:10 +0800] "GET /xingrg/kc/buy/cgsh_order_operate.html?command=get_materiel&rest_code=00141&code=00101008357&supplier_code=00100007&order_time=2021-09-05 HTTP/1.1" 200 408
124.79.246.142 - - [05/Sep/2021:10:05:10 +0800] "GET /xingrg/check_reg.html?_=1630807962922 HTTP/1.1" 200 22
58.37.227.186 - - [05/Sep/2021:10:05:10 +0800] "GET /xingrg/all/function/internal_message.html?_=1630807384387&CODE_STATE=getMsg HTTP/1.1" 200 27
172.20.0.100 - - [05/Sep/2021:10:05:12 +0800] "GET /xingrg/all/function/internal_message.html?_=1630807505913&CODE_STATE=getMsg HTTP/1.1" 200 27
101.83.145.79 - - [05/Sep/2021:10:05:13 +0800] "GET /xingrg/all/function/internal_message.html?_=1630807508956&CODE_STATE=getMsg HTTP/1.1" 200 27
124.79.246.142 - - [05/Sep/2021:10:05:14 +0800] "GET /xingrg/kc/buy/cgsh_order_operate.html?command=get_materiel&rest_code=00104&code=00101009036&supplier_code=00100335&order_time=2021-09-05 HTTP/1.1" 200 414
124.79.246.142 - - [05/Sep/2021:10:05:17 +0800] "GET /xingrg/all/function/internal_message.html?_=1630807969599&CODE_STATE=getMsg HTTP/1.1" 200 27
180.169.147.146 - - [05/Sep/2021:10:05:17 +0800] "GET /xingrg/all/function/internal_message.html?_=1630807514109&CODE_STATE=getMsg HTTP/1.1" 302 -
101.83.145.79 - - [05/Sep/2021:10:05:17 +0800] "GET /xingrg/kc/buy/cgsh_order_operate.html?command=get_materiel&rest_code=00105&code=00101009112&supplier_code=00100024&order_time=2021-09-05 HTTP/1.1" 200 411
222.70.182.153 - - [05/Sep/2021:10:05:18 +0800] "GET /xingrg/check_reg.html?_=1630807504722 HTTP/1.1" 200 22
222.70.182.153 - - [05/Sep/2021:10:05:19 +0800] "GET /xingrg/all/function/internal_message.html?_=1630807505771&CODE_STATE=getMsg HTTP/1.1" 200 27
116.237.74.154 - - [05/Sep/2021:10:05:20 +0800] "GET /xingrg/kc/buy/cgsh_order_operate.html?command=get_materiel&rest_code=00106&code=00101010628&supplier_code=00100327&order_time=2021-09-05 HTTP/1.1" 200 412
124.79.246.142 - - [05/Sep/2021:10:05:21 +0800] "GET /xingrg/javascript/easyui/themes/default/images/button_plain_hover.png HTTP/1.1" 304 -
116.238.168.124 - - [05/Sep/2021:10:05:21 +0800] "GET /xingrg/check_reg.html?_=1630807515360 HTTP/1.1" 200 22
58.37.227.186 - - [05/Sep/2021:10:05:21 +0800] "GET /xingrg/kc/buy/cgsh_order_operate.html?command=get_materiel&rest_code=00141&code=00101008069&supplier_code=00100007&order_time=2021-09-05 HTTP/1.1" 200 412
101.229.174.10 - - [05/Sep/2021:10:05:22 +0800] "GET /xingrg/kc/buy/cgth_order_list.html HTTP/1.1" 200 47041
116.238.168.124 - - [05/Sep/2021:10:05:22 +0800] "GET /xingrg/all/function/internal_message.html?_=1630807516717&CODE_STATE=getMsg HTTP/1.1" 200 27
101.229.174.10 - - [05/Sep/2021:10:05:23 +0800] "POST /xingrg/kc/buy/cgth_list_operate.html HTTP/1.1" 200 1035
124.79.246.142 - - [05/Sep/2021:10:05:24 +0800] "POST /xingrg/kc/buy/cgsh_order_operate.html HTTP/1.1" 200 37
222.69.130.14 - - [05/Sep/2021:10:05:25 +0800] "GET /xingrg/all/function/internal_message.html?_=1630807519890&CODE_STATE=getMsg HTTP/1.1" 200 27
