180.169.147.146 - - [05/Sep/2021:10:11:59 +0800] "GET /xingrg/all/function/internal_message.html?_=1630807915274&CODE_STATE=getMsg HTTP/1.1" 200 27
116.237.74.154 - - [05/Sep/2021:10:12:00 +0800] "POST /xingrg/kc/buy/cgsh_order_operate.html HTTP/1.1" 200 64
116.237.74.154 - - [05/Sep/2021:10:12:01 +0800] "GET /xingrg/all/function/internal_message.html?_=1630807917904&CODE_STATE=getMsg HTTP/1.1" 200 27
124.79.246.142 - - [05/Sep/2021:10:12:01 +0800] "POST /xingrg/kc/buy/cgsh_order_operate.html HTTP/1.1" 200 37
61.151.178.249 - - [05/Sep/2021:10:12:01 +0800] "GET /xingrg/kc/buy/cgsh_order_operate.html?command=get_materiel&rest_code=00106&code=00101008286&supplier_code=00100007&order_time=2021-09-05 HTTP/1.1" 302 -
116.237.74.154 - - [05/Sep/2021:10:12:02 +0800] "GET /xingrg/kc/buy/cgsh_order_operate.html?command=get_materiel&rest_code=00106&code=00101008271&supplier_code=00100007&order_time=2021-09-05 HTTP/1.1" 200 408
180.169.147.146 - - [05/Sep/2021:10:12:02 +0800] "GET /xingrg/all/function/internal_message.html?_=1630807916175&CODE_STATE=getMsg HTTP/1.1" 200 27
61.151.178.249 - - [05/Sep/2021:10:12:03 +0800] "GET /xingrg/login.html HTTP/1.1" 200 7641
180.169.147.146 - - [05/Sep/2021:10:12:05 +0800] "GET /xingrg/all/function/internal_message.html?_=1630807920558&CODE_STATE=getMsg HTTP/1.1" 200 27
180.169.147.146 - - [05/Sep/2021:10:12:05 +0800] "GET /xingrg/check_reg.html?_=1630807920564 HTTP/1.1" 200 22
116.237.74.154 - - [05/Sep/2021:10:12:06 +0800] "POST /xingrg/kc/buy/cgsh_order_operate.html HTTP/1.1" 200 37
124.79.246.142 - - [05/Sep/2021:10:12:08 +0800] "POST /xingrg/kc/buy/cgsh_order_operate.html HTTP/1.1" 200 5064
101.91.60.11 - - [05/Sep/2021:10:12:08 +0800] "GET /xingrg/kc/buy/cgsh_order_operate.html?command=get_materiel&rest_code=00106&code=00101008036&supplier_code=00100007&order_time=2021-09-05 HTTP/1.1" 302 -
101.91.60.11 - - [05/Sep/2021:10:12:08 +0800] "GET /xingrg/login.html HTTP/1.1" 200 7641
116.237.74.154 - - [05/Sep/2021:10:12:09 +0800] "POST /xingrg/kc/buy/cgsh_order_operate.html HTTP/1.1" 200 12
58.37.227.186 - - [05/Sep/2021:10:12:10 +0800] "GET /xingrg/all/function/internal_message.html?_=1630807804322&CODE_STATE=getMsg HTTP/1.1" 200 27
116.237.74.154 - - [05/Sep/2021:10:12:11 +0800] "GET /xingrg/kc/buy/cgsh_order_info.html?code=212021090501851 HTTP/1.1" 200 58283
116.237.74.154 - - [05/Sep/2021:10:12:11 +0800] "GET /xingrg/javascript/easyui/themes/default/validatebox.css HTTP/1.1" 404 1104
116.237.74.154 - - [05/Sep/2021:10:12:11 +0800] "POST /xingrg/kc/buy/cgsh_order_operate.html HTTP/1.1" 200 604
172.20.0.100 - - [05/Sep/2021:10:12:12 +0800] "GET /xingrg/all/function/internal_message.html?_=1630807925916&CODE_STATE=getMsg HTTP/1.1" 200 27
172.20.0.100 - - [05/Sep/2021:10:12:12 +0800] "GET /xingrg/check_reg.html?_=1630807925917 HTTP/1.1" 200 22
180.169.147.146 - - [05/Sep/2021:10:12:13 +0800] "GET /xingrg/all/function/internal_message.html?_=1630807929651&CODE_STATE=getMsg HTTP/1.1" 200 27
124.79.246.142 - - [05/Sep/2021:10:12:13 +0800] "GET /xingrg/javascript/easyui/themes/default/images/button_plain_hover.png HTTP/1.1" 304 -
101.83.145.79 - - [05/Sep/2021:10:12:13 +0800] "GET /xingrg/all/function/internal_message.html?_=1630807928933&CODE_STATE=getMsg HTTP/1.1" 200 27
101.83.145.79 - - [05/Sep/2021:10:12:13 +0800] "GET /xingrg/check_reg.html?_=1630807928937 HTTP/1.1" 200 22
124.79.246.142 - - [05/Sep/2021:10:12:13 +0800] "GET /xingrg/javascript/easyui/themes/default/images/button_plain_hover.png HTTP/1.1" 304 -
124.79.246.142 - - [05/Sep/2021:10:12:13 +0800] "GET /xingrg/javascript/easyui/themes/default/images/button_plain_hover.png HTTP/1.1" 304 -
116.237.74.154 - - [05/Sep/2021:10:12:14 +0800] "GET /xingrg/kc/print/load_data.html?order_code=212021090501851&kc_code=cgsh&condition= HTTP/1.1" 200 702
124.79.246.142 - - [05/Sep/2021:10:12:16 +0800] "POST /xingrg/kc/buy/cgsh_order_operate.html HTTP/1.1" 200 37
180.169.147.146 - - [05/Sep/2021:10:12:17 +0800] "GET /xingrg/all/function/internal_message.html?_=1630807934238&CODE_STATE=getMsg HTTP/1.1" 200 27
61.151.178.164 - - [05/Sep/2021:10:12:17 +0800] "GET /xingrg/kc/buy/cgsh_order_operate.html?command=get_materiel&rest_code=00106&code=00101008131&supplier_code=00100007&order_time=2021-09-05 HTTP/1.1" 302 -
61.151.178.164 - - [05/Sep/2021:10:12:17 +0800] "GET /xingrg/login.html HTTP/1.1" 200 7641
124.79.246.142 - - [05/Sep/2021:10:12:17 +0800] "POST /xingrg/kc/buy/cgsh_order_operate.html HTTP/1.1" 200 5064
124.79.246.142 - - [05/Sep/2021:10:12:18 +0800] "GET /xingrg/javascript/easyui/themes/default/images/button_plain_hover.png HTTP/1.1" 304 -
124.79.246.142 - - [05/Sep/2021:10:12:18 +0800] "GET /xingrg/javascript/easyui/themes/default/images/button_plain_hover.png HTTP/1.1" 304 -
124.79.246.142 - - [05/Sep/2021:10:12:18 +0800] "GET /xingrg/javascript/easyui/themes/default/images/button_plain_hover.png HTTP/1.1" 304 -
124.79.246.142 - - [05/Sep/2021:10:12:18 +0800] "GET /xingrg/kc/print/load_config.html?kc_code=cgsh HTTP/1.1" 200 2076
124.79.246.142 - - [05/Sep/2021:10:12:19 +0800] "GET /xingrg/kc/print/load_data.html?order_code=212021090501849&kc_code=cgsh&condition= HTTP/1.1" 200 1624
222.70.182.153 - - [05/Sep/2021:10:12:19 +0800] "GET /xingrg/all/function/internal_message.html?_=1630807925675&CODE_STATE=getMsg HTTP/1.1" 200 27
116.237.74.154 - - [05/Sep/2021:10:12:19 +0800] "GET /xingrg/kc/buy/cgsh_order_add.html HTTP/1.1" 200 63370
116.237.74.154 - - [05/Sep/2021:10:12:20 +0800] "GET /xingrg/kc/buy/cgsh_order_operate.html?command=get_materiel&rest_code=00106&code=00101008353&supplier_code=00100007&order_time=2021-09-05 HTTP/1.1" 200 408
116.237.74.154 - - [05/Sep/2021:10:12:20 +0800] "POST /xingrg/kc/buy/cgsh_order_operate.html HTTP/1.1" 200 8245
116.237.74.154 - - [05/Sep/2021:10:12:20 +0800] "GET /xingrg/javascript/easyui/themes/default/validatebox.css HTTP/1.1" 404 1104
101.83.145.79 - - [05/Sep/2021:10:12:21 +0800] "GET /xingrg/kc/buy/cgsh_order_operate.html?command=get_materiel&rest_code=00105&code=00101018018&supplier_code=00100330&order_time=2021-09-05 HTTP/1.1" 200 417
116.237.74.154 - - [05/Sep/2021:10:12:22 +0800] "GET /xingrg/javascript/easyui/themes/default/tree.css HTTP/1.1" 404 1090
116.237.74.154 - - [05/Sep/2021:10:12:22 +0800] "POST /xingrg/all/common/load_tree.html?tree=supplier_tree_json&isDelete=1 HTTP/1.1" 200 57570
116.238.168.124 - - [05/Sep/2021:10:12:23 +0800] "GET /xingrg/all/function/internal_message.html?_=1630807937028&CODE_STATE=getMsg HTTP/1.1" 200 27
124.79.246.142 - - [05/Sep/2021:10:12:23 +0800] "GET /xingrg/all/function/internal_message.html?_=1630808395724&CODE_STATE=getMsg HTTP/1.1" 200 27
116.237.74.154 - - [05/Sep/2021:10:12:23 +0800] "POST /xingrg/kc/buy/cgsh_order_operate.html HTTP/1.1" 200 2065
61.151.207.141 - - [05/Sep/2021:10:12:25 +0800] "GET /xingrg/kc/buy/cgsh_order_operate.html?command=get_materiel&rest_code=00106&code=00101008352&supplier_code=00100007&order_time=2021-09-05 HTTP/1.1" 302 -
61.151.207.141 - - [05/Sep/2021:10:12:25 +0800] "GET /xingrg/login.html HTTP/1.1" 200 7641
222.69.130.14 - - [05/Sep/2021:10:12:25 +0800] "GET /xingrg/all/function/internal_message.html?_=1630807939911&CODE_STATE=getMsg HTTP/1.1" 200 27
124.79.246.142 - - [05/Sep/2021:10:12:26 +0800] "GET /xingrg/javascript/easyui/themes/default/images/button_plain_hover.png HTTP/1.1" 304 -
124.79.246.142 - - [05/Sep/2021:10:12:27 +0800] "GET /xingrg/kc/buy/cgsh_order_add.html HTTP/1.1" 200 63376
124.79.246.142 - - [05/Sep/2021:10:12:27 +0800] "GET /xingrg/css/site.css HTTP/1.1" 304 -
124.79.246.142 - - [05/Sep/2021:10:12:27 +0800] "GET /xingrg/javascript/jquery_tools/datebox.css HTTP/1.1" 304 -
124.79.246.142 - - [05/Sep/2021:10:12:27 +0800] "GET /xingrg/javascript/easyui/themes/icon.css HTTP/1.1" 304 -
124.79.246.142 - - [05/Sep/2021:10:12:27 +0800] "GET /xingrg/javascript/easyui/themes/default/easyui.css HTTP/1.1" 304 -
124.79.246.142 - - [05/Sep/2021:10:12:27 +0800] "GET /xingrg/javascript/pic_change.js HTTP/1.1" 304 -
124.79.246.142 - - [05/Sep/2021:10:12:27 +0800] "GET /xingrg/javascript/auto/jquery.autocomplete.css HTTP/1.1" 304 -
124.79.246.142 - - [05/Sep/2021:10:12:27 +0800] "GET /xingrg/javascript/jquery_tools/fix.css HTTP/1.1" 304 -
124.79.246.142 - - [05/Sep/2021:10:12:27 +0800] "GET /xingrg/javascript/jquery_tools/table.css HTTP/1.1" 304 -
124.79.246.142 - - [05/Sep/2021:10:12:27 +0800] "GET /xingrg/javascript/jquery_tools/jquery.tools.extend.js HTTP/1.1" 304 -
124.79.246.142 - - [05/Sep/2021:10:12:27 +0800] "GET /xingrg/javascript/jquery_tools/jquery.tools.min.js HTTP/1.1" 304 -
124.79.246.142 - - [05/Sep/2021:10:12:27 +0800] "GET /xingrg/javascript/jquery_tools/jquery.tools.hotkey.js HTTP/1.1" 304 -
124.79.246.142 - - [05/Sep/2021:10:12:27 +0800] "GET /xingrg/javascript/auto/jquery.autocomplete.js HTTP/1.1" 304 -
124.79.246.142 - - [05/Sep/2021:10:12:27 +0800] "GET /xingrg/javascript/easyui/easyloader.js HTTP/1.1" 304 -
124.79.246.142 - - [05/Sep/2021:10:12:27 +0800] "GET /xingrg/javascript/jquery_tools/order_manager.js HTTP/1.1" 304 -
124.79.246.142 - - [05/Sep/2021:10:12:27 +0800] "GET /xingrg/javascript/jquery.utils.js HTTP/1.1" 304 -
124.79.246.142 - - [05/Sep/2021:10:12:27 +0800] "GET /xingrg/javascript/convert.js HTTP/1.1" 304 -
124.79.246.142 - - [05/Sep/2021:10:12:27 +0800] "GET /xingrg/javascript/json2.js HTTP/1.1" 304 -
124.79.246.142 - - [05/Sep/2021:10:12:27 +0800] "GET /xingrg/javascript/jquery.cookie.js HTTP/1.1" 304 -
124.79.246.142 - - [05/Sep/2021:10:12:27 +0800] "GET /xingrg/javascript/print/kc_print.js HTTP/1.1" 304 -
124.79.246.142 - - [05/Sep/2021:10:12:27 +0800] "GET /xingrg/javascript/print/LodopFuncs.js HTTP/1.1" 304 -
124.79.246.142 - - [05/Sep/2021:10:12:27 +0800] "GET /xingrg/javascript/jquery_tools/jquery.tools.table.js HTTP/1.1" 304 -
124.79.246.142 - - [05/Sep/2021:10:12:27 +0800] "GET /xingrg/css/base.css HTTP/1.1" 304 -
116.232.53.2 - - [05/Sep/2021:10:12:28 +0800] "GET /xingrg/all/function/internal_message.html?_=1630807944590&CODE_STATE=getMsg HTTP/1.1" 200 27
124.79.246.142 - - [05/Sep/2021:10:12:29 +0800] "GET /xingrg/words/20210904120709_words.js HTTP/1.1" 304 -
124.79.246.142 - - [05/Sep/2021:10:12:29 +0800] "GET /xingrg/javascript/easyui/themes/icons/copy_new.png HTTP/1.1" 304 -
124.79.246.142 - - [05/Sep/2021:10:12:29 +0800] "GET /xingrg/javascript/easyui/themes/icons/template_new.png HTTP/1.1" 304 -
124.79.246.142 - - [05/Sep/2021:10:12:29 +0800] "GET /xingrg/javascript/easyui/themes/icons/ok.png HTTP/1.1" 304 -
124.79.246.142 - - [05/Sep/2021:10:12:29 +0800] "GET /xingrg/javascript/easyui/themes/icons/print.png HTTP/1.1" 304 -
124.79.246.142 - - [05/Sep/2021:10:12:29 +0800] "GET /xingrg/javascript/easyui/themes/default/images/menu_downarrow.png HTTP/1.1" 304 -
124.79.246.142 - - [05/Sep/2021:10:12:29 +0800] "GET /xingrg/javascript/easyui/themes/icons/cancel.png HTTP/1.1" 304 -
124.79.246.142 - - [05/Sep/2021:10:12:30 +0800] "GET /xingrg/javascript/easyui/plugins/jquery.parser.js HTTP/1.1" 304 -
124.79.246.142 - - [05/Sep/2021:10:12:30 +0800] "POST /xingrg/kc/buy/cgsh_order_operate.html HTTP/1.1" 200 8245
124.79.246.142 - - [05/Sep/2021:10:12:30 +0800] "GET /xingrg/javascript/easyui/themes/default/images/button_plain_hover.png HTTP/1.1" 304 -
124.79.246.142 - - [05/Sep/2021:10:12:30 +0800] "GET /xingrg/all/common/auto_word.html?type=employee&rest_code=00104 HTTP/1.1" 200 149
124.79.246.142 - - [05/Sep/2021:10:12:30 +0800] "GET /xingrg/all/common/auto_word.html?type=employee&rest_code=00104 HTTP/1.1" 200 149
124.79.246.142 - - [05/Sep/2021:10:12:30 +0800] "GET /xingrg/javascript/easyui/themes/default/images/button_plain_hover.png HTTP/1.1" 304 -
124.79.246.142 - - [05/Sep/2021:10:12:30 +0800] "GET /xingrg/javascript/easyui/themes/default/validatebox.css HTTP/1.1" 404 1104
124.79.246.142 - - [05/Sep/2021:10:12:30 +0800] "GET /xingrg/javascript/easyui/plugins/jquery.validatebox.js HTTP/1.1" 304 -
124.79.246.142 - - [05/Sep/2021:10:12:30 +0800] "GET /xingrg/javascript/easyui/plugins/jquery.numberbox.js HTTP/1.1" 304 -
124.79.246.142 - - [05/Sep/2021:10:12:30 +0800] "GET /xingrg/javascript/easyui/themes/default/images/button_plain_hover.png HTTP/1.1" 304 -
116.238.194.18 - - [05/Sep/2021:10:12:31 +0800] "GET /xingrg/all/function/internal_message.html?_=1630807946766&CODE_STATE=getMsg HTTP/1.1" 200 27
124.79.246.142 - - [05/Sep/2021:10:12:31 +0800] "GET /xingrg/javascript/easyui/plugins/jquery.draggable.js HTTP/1.1" 304 -
124.79.246.142 - - [05/Sep/2021:10:12:31 +0800] "GET /xingrg/css/images/panel_loading.gif HTTP/1.1" 304 -
124.79.246.142 - - [05/Sep/2021:10:12:31 +0800] "GET /xingrg/javascript/easyui/plugins/jquery.droppable.js HTTP/1.1" 304 -
124.79.246.142 - - [05/Sep/2021:10:12:32 +0800] "GET /xingrg/javascript/easyui/themes/default/tree.css HTTP/1.1" 404 1090
124.79.246.142 - - [05/Sep/2021:10:12:32 +0800] "GET /xingrg/javascript/easyui/plugins/jquery.tree.js HTTP/1.1" 304 -
124.79.246.142 - - [05/Sep/2021:10:12:32 +0800] "POST /xingrg/all/common/load_tree.html?tree=supplier_tree_json&isDelete=1 HTTP/1.1" 200 57570
101.83.145.79 - - [05/Sep/2021:10:12:33 +0800] "POST /xingrg/kc/buy/cgsh_order_operate.html HTTP/1.1" 200 37
124.79.246.142 - - [05/Sep/2021:10:12:34 +0800] "GET /xingrg/javascript/easyui/themes/default/images/tree_folder.gif HTTP/1.1" 304 -
124.79.246.142 - - [05/Sep/2021:10:12:34 +0800] "GET /xingrg/javascript/easyui/themes/default/images/tree_folder_open.gif HTTP/1.1" 304 -
124.79.246.142 - - [05/Sep/2021:10:12:34 +0800] "GET /xingrg/javascript/easyui/themes/default/images/tree_file.gif HTTP/1.1" 304 -
101.83.145.79 - - [05/Sep/2021:10:12:35 +0800] "POST /xingrg/kc/buy/cgsh_order_operate.html HTTP/1.1" 200 2662
101.83.145.79 - - [05/Sep/2021:10:12:36 +0800] "GET /xingrg/kc/print/load_data.html?order_code=212021090501852&kc_code=cgsh&condition= HTTP/1.1" 200 675
101.83.145.79 - - [05/Sep/2021:10:12:39 +0800] "GET /xingrg/kc/buy/cgsh_order_add.html HTTP/1.1" 200 63417
101.83.145.79 - - [05/Sep/2021:10:12:40 +0800] "POST /xingrg/kc/buy/cgsh_order_operate.html HTTP/1.1" 200 8245
101.83.145.79 - - [05/Sep/2021:10:12:40 +0800] "GET /xingrg/javascript/easyui/themes/default/validatebox.css HTTP/1.1" 404 1104
116.237.74.154 - - [05/Sep/2021:10:12:42 +0800] "GET /xingrg/kc/buy/cgsh_order_operate.html?command=get_materiel&rest_code=00106&code=00101010079&supplier_code=00100336&order_time=2021-09-05 HTTP/1.1" 200 413
120.253.135.82 - - [05/Sep/2021:10:12:42 +0800] "GET /xingrg/all/function/internal_message.html?_=1630807732163&CODE_STATE=getMsg HTTP/1.1" 200 27
61.151.179.84 - - [05/Sep/2021:10:12:46 +0800] "GET /xingrg/kc/buy/cgsh_order_operate.html?command=get_materiel&rest_code=00106&code=00101008098&supplier_code=00100007&order_time=2021-09-05 HTTP/1.1" 302 -
61.151.179.84 - - [05/Sep/2021:10:12:46 +0800] "GET /xingrg/login.html HTTP/1.1" 200 7641
116.237.74.154 - - [05/Sep/2021:10:12:47 +0800] "GET /xingrg/kc/buy/cgsh_order_operate.html?command=get_materiel&rest_code=00106&code=00101008312&supplier_code=00100007&order_time=2021-09-05 HTTP/1.1" 200 412
101.83.145.79 - - [05/Sep/2021:10:12:49 +0800] "GET /xingrg/kc/buy/cgsh_order_operate.html?command=get_materiel&rest_code=00105&code=00101001167&supplier_code=00100314&order_time=2021-09-05 HTTP/1.1" 200 411
180.169.147.146 - - [05/Sep/2021:10:12:50 +0800] "GET /xingrg/all/function/internal_message.html?_=1630807958304&CODE_STATE=getMsg HTTP/1.1" 200 27
101.91.60.11 - - [05/Sep/2021:10:12:50 +0800] "GET /xingrg/check_reg.html?_=1630807905280 HTTP/1.1" 302 -
180.169.147.146 - - [05/Sep/2021:10:12:50 +0800] "GET /xingrg/all/function/internal_message.html?_=1630807965950&CODE_STATE=getMsg HTTP/1.1" 200 27
58.40.7.146 - - [05/Sep/2021:10:12:51 +0800] "GET /xingrg/all/function/internal_message.html?_=1630807966387&CODE_STATE=getMsg HTTP/1.1" 200 27
116.237.74.154 - - [05/Sep/2021:10:12:51 +0800] "GET /xingrg/all/function/internal_message.html?_=1630807965296&CODE_STATE=getMsg HTTP/1.1" 200 27
101.91.60.11 - - [05/Sep/2021:10:12:51 +0800] "GET /xingrg/all/function/internal_message.html?_=1630807905281&CODE_STATE=getMsg HTTP/1.1" 302 -
101.91.60.11 - - [05/Sep/2021:10:12:51 +0800] "GET /xingrg/login.html HTTP/1.1" 200 7641
116.230.105.26 - - [05/Sep/2021:10:12:51 +0800] "GET /xingrg/check_reg.html?_=1630807914519 HTTP/1.1" 200 22
116.230.105.26 - - [05/Sep/2021:10:12:51 +0800] "GET /xingrg/all/function/internal_message.html?_=1630807914521&CODE_STATE=getMsg HTTP/1.1" 200 27
101.91.60.11 - - [05/Sep/2021:10:12:52 +0800] "GET /xingrg/login.html HTTP/1.1" 200 7641
222.70.246.151 - - [05/Sep/2021:10:12:52 +0800] "GET /xingrg/all/function/internal_message.html?_=1630807993821&CODE_STATE=getMsg HTTP/1.1" 200 27
116.238.194.18 - - [05/Sep/2021:10:12:53 +0800] "GET /xingrg/all/function/internal_message.html?_=1630807947997&CODE_STATE=getMsg HTTP/1.1" 200 27
116.237.74.154 - - [05/Sep/2021:10:12:55 +0800] "POST /xingrg/kc/buy/cgsh_order_operate.html HTTP/1.1" 200 37
116.237.74.154 - - [05/Sep/2021:10:12:55 +0800] "GET /xingrg/kc/buy/cgsh_order_operate.html?command=get_materiel&rest_code=00106&code=00101008165&supplier_code=00100007&order_time=2021-09-05 HTTP/1.1" 200 416
101.83.145.79 - - [05/Sep/2021:10:12:57 +0800] "GET /xingrg/all/function/internal_message.html?_=1630807923394&CODE_STATE=getMsg HTTP/1.1" 302 -
180.169.147.146 - - [05/Sep/2021:10:12:59 +0800] "GET /xingrg/all/function/internal_message.html?_=1630807975273&CODE_STATE=getMsg HTTP/1.1" 200 27
101.83.145.79 - - [05/Sep/2021:10:13:00 +0800] "POST /xingrg/kc/buy/cgsh_order_operate.html HTTP/1.1" 200 37
116.237.74.154 - - [05/Sep/2021:10:13:01 +0800] "GET /xingrg/all/function/internal_message.html?_=1630807977900&CODE_STATE=getMsg HTTP/1.1" 200 27
124.79.246.142 - - [05/Sep/2021:10:13:02 +0800] "GET /xingrg/kc/buy/cgsh_order_operate.html?command=get_materiel&rest_code=00104&code=00101002042&supplier_code=00100094&order_time=2021-09-05 HTTP/1.1" 200 414
101.83.145.79 - - [05/Sep/2021:10:13:02 +0800] "POST /xingrg/kc/buy/cgsh_order_operate.html HTTP/1.1" 200 2658
180.169.147.146 - - [05/Sep/2021:10:13:02 +0800] "GET /xingrg/all/function/internal_message.html?_=1630807976161&CODE_STATE=getMsg HTTP/1.1" 200 27
180.169.147.146 - - [05/Sep/2021:10:13:02 +0800] "GET /xingrg/check_reg.html?_=1630807976163 HTTP/1.1" 200 22
116.237.74.154 - - [05/Sep/2021:10:13:02 +0800] "POST /xingrg/kc/buy/cgsh_order_operate.html HTTP/1.1" 200 12
116.237.74.154 - - [05/Sep/2021:10:13:03 +0800] "GET /xingrg/kc/buy/cgsh_order_operate.html?command=get_materiel&rest_code=00106&code=00101008125&supplier_code=00100007&order_time=2021-09-05 HTTP/1.1" 200 413
101.83.145.79 - - [05/Sep/2021:10:13:03 +0800] "GET /xingrg/kc/print/load_data.html?order_code=212021090501854&kc_code=cgsh&condition= HTTP/1.1" 200 669
180.169.147.146 - - [05/Sep/2021:10:13:05 +0800] "GET /xingrg/all/function/internal_message.html?_=1630807980553&CODE_STATE=getMsg HTTP/1.1" 200 27
116.237.74.154 - - [05/Sep/2021:10:13:09 +0800] "GET /xingrg/kc/buy/cgsh_order_operate.html?command=get_materiel&rest_code=00106&code=00101008010&supplier_code=00100007&order_time=2021-09-05 HTTP/1.1" 200 412
58.37.227.186 - - [05/Sep/2021:10:13:10 +0800] "GET /xingrg/all/function/internal_message.html?_=1630807864290&CODE_STATE=getMsg HTTP/1.1" 200 27
116.237.74.154 - - [05/Sep/2021:10:13:10 +0800] "GET /xingrg/kc/buy/cgsh_order_info.html?code=212021090501853 HTTP/1.1" 200 58279
116.237.74.154 - - [05/Sep/2021:10:13:11 +0800] "GET /xingrg/javascript/easyui/themes/default/validatebox.css HTTP/1.1" 404 1104
116.237.74.154 - - [05/Sep/2021:10:13:11 +0800] "POST /xingrg/kc/buy/cgsh_order_operate.html HTTP/1.1" 200 607
101.83.145.79 - - [05/Sep/2021:10:13:12 +0800] "GET /xingrg/kc/buy/cgsh_order_add.html HTTP/1.1" 200 63417
101.83.145.79 - - [05/Sep/2021:10:13:12 +0800] "POST /xingrg/kc/buy/cgsh_order_operate.html HTTP/1.1" 200 8245
101.83.145.79 - - [05/Sep/2021:10:13:12 +0800] "GET /xingrg/javascript/easyui/themes/default/validatebox.css HTTP/1.1" 404 1104
172.20.0.100 - - [05/Sep/2021:10:13:12 +0800] "GET /xingrg/all/function/internal_message.html?_=1630807985919&CODE_STATE=getMsg HTTP/1.1" 200 27
180.169.147.146 - - [05/Sep/2021:10:13:13 +0800] "GET /xingrg/all/function/internal_message.html?_=1630807989665&CODE_STATE=getMsg HTTP/1.1" 200 27
101.83.145.79 - - [05/Sep/2021:10:13:13 +0800] "GET /xingrg/all/function/internal_message.html?_=1630807988928&CODE_STATE=getMsg HTTP/1.1" 200 27
116.237.74.154 - - [05/Sep/2021:10:13:14 +0800] "GET /xingrg/kc/print/load_data.html?order_code=212021090501853&kc_code=cgsh&condition= HTTP/1.1" 200 699
101.91.60.11 - - [05/Sep/2021:10:13:17 +0800] "GET /xingrg/kc/buy/cgsh_order_operate.html?command=get_materiel&rest_code=00106&code=00101008353&supplier_code=00100007&order_time=2021-09-05 HTTP/1.1" 302 -
180.169.147.146 - - [05/Sep/2021:10:13:17 +0800] "GET /xingrg/all/function/internal_message.html?_=1630807994276&CODE_STATE=getMsg HTTP/1.1" 200 27
101.85.93.96 - - [05/Sep/2021:10:13:17 +0800] "GET /xingrg HTTP/1.1" 302 -
101.85.93.96 - - [05/Sep/2021:10:13:17 +0800] "GET /xingrg/ HTTP/1.1" 200 292
116.237.74.154 - - [05/Sep/2021:10:13:17 +0800] "POST /xingrg/kc/buy/cgsh_order_operate.html HTTP/1.1" 200 37
101.91.60.11 - - [05/Sep/2021:10:13:18 +0800] "GET /xingrg/login.html HTTP/1.1" 200 7641
101.85.93.96 - - [05/Sep/2021:10:13:19 +0800] "GET /xingrg/index.html HTTP/1.1" 302 -
101.85.93.96 - - [05/Sep/2021:10:13:19 +0800] "GET /xingrg/login.html HTTP/1.1" 200 7641
101.85.93.96 - - [05/Sep/2021:10:13:19 +0800] "GET /favicon.ico HTTP/1.1" 404 -
101.85.93.96 - - [05/Sep/2021:10:13:19 +0800] "GET /xingrg/images/blue/jxLogo.png HTTP/1.1" 200 6156
222.70.182.153 - - [05/Sep/2021:10:13:19 +0800] "GET /xingrg/all/function/internal_message.html?_=1630807985668&CODE_STATE=getMsg HTTP/1.1" 200 27
116.237.74.154 - - [05/Sep/2021:10:13:19 +0800] "GET /xingrg/kc/buy/cgsh_order_add.html HTTP/1.1" 200 63370
116.237.74.154 - - [05/Sep/2021:10:13:20 +0800] "POST /xingrg/kc/buy/cgsh_order_operate.html HTTP/1.1" 200 8245
116.237.74.154 - - [05/Sep/2021:10:13:20 +0800] "GET /xingrg/javascript/easyui/themes/default/validatebox.css HTTP/1.1" 404 1104
101.83.145.79 - - [05/Sep/2021:10:13:20 +0800] "GET /xingrg/kc/buy/cgsh_order_operate.html?command=get_materiel&rest_code=00105&code=00101010691&supplier_code=00100327&order_time=2021-09-05 HTTP/1.1" 200 397
101.85.93.96 - - [05/Sep/2021:10:13:21 +0800] "GET /xingrg/images/blue/hj.png HTTP/1.1" 200 1014
101.85.93.96 - - [05/Sep/2021:10:13:21 +0800] "GET /xingrg/images/blue/srbg.png HTTP/1.1" 200 138
101.85.93.96 - - [05/Sep/2021:10:13:21 +0800] "GET /xingrg/images/blue/login_bg.png HTTP/1.1" 200 22101
101.85.93.96 - - [05/Sep/2021:10:13:21 +0800] "GET /favicon.ico HTTP/1.1" 404 -
116.237.74.154 - - [05/Sep/2021:10:13:21 +0800] "GET /xingrg/javascript/easyui/themes/default/tree.css HTTP/1.1" 404 1090
116.237.74.154 - - [05/Sep/2021:10:13:21 +0800] "POST /xingrg/all/common/load_tree.html?tree=supplier_tree_json&isDelete=1 HTTP/1.1" 200 57570
116.238.168.124 - - [05/Sep/2021:10:13:23 +0800] "GET /xingrg/all/function/internal_message.html?_=1630807997029&CODE_STATE=getMsg HTTP/1.1" 200 27
101.85.93.96 - - [05/Sep/2021:10:13:23 +0800] "POST /xingrg/login.do HTTP/1.1" 302 -
124.79.246.142 - - [05/Sep/2021:10:13:23 +0800] "GET /xingrg/all/function/internal_message.html?_=1630808455739&CODE_STATE=getMsg HTTP/1.1" 200 27
101.85.93.96 - - [05/Sep/2021:10:13:23 +0800] "GET /xingrg/index.html?sysBaseUrl=http%3A%2F%2F180.169.147.146%3A18081%2Fxingrg%2F&costTime=40×tamp=1630808003458 HTTP/1.1" 200 17179
124.79.246.142 - - [05/Sep/2021:10:13:23 +0800] "GET /xingrg/kc/buy/cgsh_order_operate.html?command=get_materiel&rest_code=00104&code=00101004063&supplier_code=00100094&order_time=2021-09-05 HTTP/1.1" 200 430
101.85.93.96 - - [05/Sep/2021:10:13:23 +0800] "GET /xingrg/javascript/jquery_easy_ui/themes/icon.css HTTP/1.1" 200 3949
101.85.93.96 - - [05/Sep/2021:10:13:23 +0800] "GET /xingrg/javascript/jquery_easy_ui/easyui-lang-zh_CN.js HTTP/1.1" 200 1900
101.85.93.96 - - [05/Sep/2021:10:13:23 +0800] "GET /xingrg/css/form.css HTTP/1.1" 200 893
101.85.93.96 - - [05/Sep/2021:10:13:23 +0800] "GET /xingrg/javascript/jquery.timers.js HTTP/1.1" 200 3532
101.85.93.96 - - [05/Sep/2021:10:13:23 +0800] "GET /xingrg/javascript/jquery-1.4.2.min.js HTTP/1.1" 200 72205
101.85.93.96 - - [05/Sep/2021:10:13:23 +0800] "GET /xingrg/javascript/jquery_easy_ui/jquery.easyui.min.js HTTP/1.1" 200 213662
101.85.93.96 - - [05/Sep/2021:10:13:23 +0800] "GET /xingrg/javascript/jquery_easy_ui/themes/default/easyui.css HTTP/1.1" 200 26500
101.85.93.96 - - [05/Sep/2021:10:13:23 +0800] "GET /xingrg/javascript/jquery.utils.js HTTP/1.1" 200 11805
101.85.93.96 - - [05/Sep/2021:10:13:23 +0800] "GET /xingrg/javascript/jquery.form.js HTTP/1.1" 200 23110
101.85.93.96 - - [05/Sep/2021:10:13:23 +0800] "GET /favicon.ico HTTP/1.1" 404 -
101.85.93.96 - - [05/Sep/2021:10:13:24 +0800] "GET /xingrg/javascript/jquery_easy_ui/themes/icons/settle_new.png HTTP/1.1" 200 826
101.85.93.96 - - [05/Sep/2021:10:13:24 +0800] "GET /xingrg/images/blue/navBackgound.jpg HTTP/1.1" 200 12378
101.85.93.96 - - [05/Sep/2021:10:13:24 +0800] "POST /xingrg/all/common/load_tree.html?tree=area_rest_tree_json&manage=1 HTTP/1.1" 200 351
101.85.93.96 - - [05/Sep/2021:10:13:25 +0800] "GET /xingrg/all/function/internal_message.html?_=1630807933540&CODE_STATE=count HTTP/1.1" 200 11
101.85.93.96 - - [05/Sep/2021:10:13:25 +0800] "GET /xingrg/check_reg.html?_=1630807933542 HTTP/1.1" 200 22
101.85.93.96 - - [05/Sep/2021:10:13:25 +0800] "GET /xingrg/images/blue/pingpu.png HTTP/1.1" 200 231
101.85.93.96 - - [05/Sep/2021:10:13:25 +0800] "GET /xingrg/javascript/jquery_easy_ui/themes/default/images/tabs_leftarrow.png HTTP/1.1" 200 389
101.85.93.96 - - [05/Sep/2021:10:13:25 +0800] "GET /xingrg/javascript/jquery_easy_ui/themes/default/images/tabs_rightarrow.png HTTP/1.1" 200 395
101.85.93.96 - - [05/Sep/2021:10:13:25 +0800] "GET /xingrg/javascript/jquery_easy_ui/themes/default/images/panel_tool_collapse.gif HTTP/1.1" 200 246
101.85.93.96 - - [05/Sep/2021:10:13:25 +0800] "POST /xingrg/load_menu.html HTTP/1.1" 200 5138
101.85.93.96 - - [05/Sep/2021:10:13:25 +0800] "GET /xingrg/javascript/jquery_easy_ui/themes/default/images/tree_arrows.gif HTTP/1.1" 200 1043
222.69.130.14 - - [05/Sep/2021:10:13:25 +0800] "GET /xingrg/all/function/internal_message.html?_=1630807999915&CODE_STATE=getMsg HTTP/1.1" 200 27
101.85.93.96 - - [05/Sep/2021:10:13:26 +0800] "GET /xingrg/javascript/jquery_easy_ui/themes/default/images/tree_folder_open.gif HTTP/1.1" 200 956
101.85.93.96 - - [05/Sep/2021:10:13:26 +0800] "GET /xingrg/javascript/jquery_easy_ui/themes/icons/search_new.png HTTP/1.1" 200 586
101.85.93.96 - - [05/Sep/2021:10:13:26 +0800] "GET /xingrg/javascript/jquery_easy_ui/themes/icons/forms_new.png HTTP/1.1" 200 350
101.85.93.96 - - [05/Sep/2021:10:13:26 +0800] "GET /xingrg/javascript/jquery_easy_ui/themes/default/images/tree_file.gif HTTP/1.1" 200 118
101.85.93.96 - - [05/Sep/2021:10:13:26 +0800] "GET /xingrg/javascript/jquery_easy_ui/themes/icons/storage_new.png HTTP/1.1" 200 853
101.85.93.96 - - [05/Sep/2021:10:13:26 +0800] "GET /xingrg/javascript/jquery_easy_ui/themes/default/images/tree_folder.gif HTTP/1.1" 200 952
116.232.53.2 - - [05/Sep/2021:10:13:28 +0800] "GET /xingrg/all/function/internal_message.html?_=1630808004605&CODE_STATE=getMsg HTTP/1.1" 200 27
116.237.74.154 - - [05/Sep/2021:10:13:28 +0800] "POST /xingrg/kc/buy/cgsh_order_operate.html HTTP/1.1" 200 20369
116.238.194.18 - - [05/Sep/2021:10:13:31 +0800] "GET /xingrg/all/function/internal_message.html?_=1630808006751&CODE_STATE=getMsg HTTP/1.1" 200 27
101.85.93.96 - - [05/Sep/2021:10:13:33 +0800] "GET /xingrg/javascript/jquery_easy_ui/themes/default/images/tabs_close.gif HTTP/1.1" 200 829
101.85.93.96 - - [05/Sep/2021:10:13:33 +0800] "GET /xingrg/kc/buy/cgsh_order_list.html HTTP/1.1" 200 47638
101.85.93.96 - - [05/Sep/2021:10:13:33 +0800] "GET /xingrg/css/base.css HTTP/1.1" 200 2811
101.85.93.96 - - [05/Sep/2021:10:13:33 +0800] "GET /xingrg/css/site.css HTTP/1.1" 200 7541
101.85.93.96 - - [05/Sep/2021:10:13:33 +0800] "GET /xingrg/javascript/jquery_tools/datebox.css HTTP/1.1" 200 2597
101.85.93.96 - - [05/Sep/2021:10:13:33 +0800] "GET /xingrg/javascript/jquery_tools/fix.css HTTP/1.1" 200 1702
101.85.93.96 - - [05/Sep/2021:10:13:33 +0800] "GET /xingrg/javascript/auto/jquery.autocomplete.css HTTP/1.1" 200 587
101.85.93.96 - - [05/Sep/2021:10:13:33 +0800] "GET /xingrg/javascript/easyui/themes/icon.css HTTP/1.1" 200 4483
101.85.93.96 - - [05/Sep/2021:10:13:33 +0800] "GET /xingrg/javascript/jquery_tools/jquery.tools.min.js HTTP/1.1" 200 138801
101.85.93.96 - - [05/Sep/2021:10:13:33 +0800] "GET /xingrg/javascript/jquery_tools/jquery.tools.hotkey.js HTTP/1.1" 200 3242
101.85.93.96 - - [05/Sep/2021:10:13:33 +0800] "GET /xingrg/javascript/jquery_tools/table.css HTTP/1.1" 200 1032
101.85.93.96 - - [05/Sep/2021:10:13:33 +0800] "GET /xingrg/javascript/jquery_tools/jquery.tools.table.js HTTP/1.1" 200 6994
101.85.93.96 - - [05/Sep/2021:10:13:33 +0800] "GET /xingrg/javascript/jquery_tools/list_manager.js HTTP/1.1" 200 3652
101.85.93.96 - - [05/Sep/2021:10:13:33 +0800] "GET /xingrg/javascript/jquery_tools/jquery.tools.extend.js HTTP/1.1" 200 15385
101.85.93.96 - - [05/Sep/2021:10:13:33 +0800] "GET /xingrg/javascript/easyui/easyloader.js HTTP/1.1" 200 5975
101.85.93.96 - - [05/Sep/2021:10:13:33 +0800] "GET /xingrg/javascript/jquery.cookie.js HTTP/1.1" 200 5513
101.85.93.96 - - [05/Sep/2021:10:13:33 +0800] "GET /xingrg/javascript/print/LodopFuncs.js HTTP/1.1" 200 5121
101.85.93.96 - - [05/Sep/2021:10:13:33 +0800] "GET /xingrg/javascript/auto/jquery.autocomplete.js HTTP/1.1" 200 21624
101.85.93.96 - - [05/Sep/2021:10:13:34 +0800] "GET /xingrg/javascript/easyui/themes/default/easyui.css HTTP/1.1" 200 30432
101.83.145.79 - - [05/Sep/2021:10:13:35 +0800] "GET /xingrg/kc/buy/cgsh_order_operate.html?command=get_materiel&rest_code=00105&code=00101010143&supplier_code=00100327&order_time=2021-09-05 HTTP/1.1" 200 413
116.237.74.154 - - [05/Sep/2021:10:13:35 +0800] "GET /xingrg/kc/buy/cgsh_order_operate.html?command=get_materiel&rest_code=00106&code=00101008328&supplier_code=00100338&order_time=2021-09-05 HTTP/1.1" 200 410
101.85.93.96 - - [05/Sep/2021:10:13:38 +0800] "GET /xingrg/javascript/easyui/plugins/jquery.parser.js HTTP/1.1" 200 1142
101.85.93.96 - - [05/Sep/2021:10:13:38 +0800] "GET /xingrg/images/control/ajaxLoader.gif HTTP/1.1" 200 4659
101.85.93.96 - - [05/Sep/2021:10:13:38 +0800] "GET /xingrg/javascript/easyui/themes/icons/edit_add_new.png HTTP/1.1" 200 2997
101.85.93.96 - - [05/Sep/2021:10:13:38 +0800] "GET /xingrg/javascript/easyui/themes/icons/cance_new.png HTTP/1.1" 200 3986
101.85.93.96 - - [05/Sep/2021:10:13:38 +0800] "GET /xingrg/javascript/easyui/themes/icons/check_new.png HTTP/1.1" 200 3224
101.85.93.96 - - [05/Sep/2021:10:13:38 +0800] "GET /xingrg/javascript/easyui/themes/icons/field_new.png HTTP/1.1" 200 1097
101.85.93.96 - - [05/Sep/2021:10:13:38 +0800] "GET /xingrg/javascript/easyui/themes/icons/import_new.png HTTP/1.1" 200 1247
101.85.93.96 - - [05/Sep/2021:10:13:38 +0800] "POST /xingrg/kc/buy/cgsh_list_operate.html HTTP/1.1" 200 876
101.85.93.96 - - [05/Sep/2021:10:13:39 +0800] "GET /xingrg/javascript/easyui/themes/default/images/button_plain_hover.png HTTP/1.1" 200 144
101.85.93.96 - - [05/Sep/2021:10:13:39 +0800] "GET /xingrg/javascript/pic_change.js HTTP/1.1" 200 4739
101.85.93.96 - - [05/Sep/2021:10:13:39 +0800] "GET /xingrg/javascript/convert.js HTTP/1.1" 200 1239
101.85.93.96 - - [05/Sep/2021:10:13:39 +0800] "GET /xingrg/javascript/print/kc_print.js HTTP/1.1" 200 11415
101.85.93.96 - - [05/Sep/2021:10:13:39 +0800] "GET /xingrg/javascript/jquery_tools/order_manager.js HTTP/1.1" 200 11183
101.85.93.96 - - [05/Sep/2021:10:13:39 +0800] "GET /xingrg/javascript/json2.js HTTP/1.1" 200 11259
101.85.93.96 - - [05/Sep/2021:10:13:39 +0800] "GET /xingrg/kc/buy/cgsh_order_add.html HTTP/1.1" 200 62533
101.85.93.96 - - [05/Sep/2021:10:13:39 +0800] "GET /xingrg/words/20210904120709_words.js HTTP/1.1" 200 844059
101.85.93.96 - - [05/Sep/2021:10:13:39 +0800] "GET /xingrg/javascript/easyui/themes/icons/copy_new.png HTTP/1.1" 200 815
101.85.93.96 - - [05/Sep/2021:10:13:39 +0800] "GET /xingrg/javascript/easyui/themes/icons/template_new.png HTTP/1.1" 200 3956
101.85.93.96 - - [05/Sep/2021:10:13:39 +0800] "GET /xingrg/javascript/easyui/themes/icons/print.png HTTP/1.1" 200 1057
101.85.93.96 - - [05/Sep/2021:10:13:39 +0800] "GET /xingrg/javascript/easyui/themes/icons/ok.png HTTP/1.1" 200 883
101.85.93.96 - - [05/Sep/2021:10:13:39 +0800] "GET /xingrg/javascript/easyui/themes/icons/cancel.png HTTP/1.1" 200 1133
101.85.93.96 - - [05/Sep/2021:10:13:39 +0800] "GET /xingrg/javascript/easyui/themes/default/images/menu_downarrow.png HTTP/1.1" 200 173
101.85.93.96 - - [05/Sep/2021:10:13:41 +0800] "POST /xingrg/kc/buy/cgsh_order_operate.html HTTP/1.1" 200 8245
101.85.93.96 - - [05/Sep/2021:10:13:41 +0800] "GET /xingrg/all/common/auto_word.html?type=employee&rest_code=00142 HTTP/1.1" 200 105
101.85.93.96 - - [05/Sep/2021:10:13:41 +0800] "GET /xingrg/all/common/auto_word.html?type=employee&rest_code=00142 HTTP/1.1" 200 105
101.85.93.96 - - [05/Sep/2021:10:13:41 +0800] "GET /xingrg/javascript/easyui/themes/default/validatebox.css HTTP/1.1" 404 1104
101.85.93.96 - - [05/Sep/2021:10:13:41 +0800] "GET /xingrg/javascript/easyui/plugins/jquery.validatebox.js HTTP/1.1" 200 6103
101.85.93.96 - - [05/Sep/2021:10:13:41 +0800] "GET /xingrg/javascript/easyui/themes/icons/edit_remove.png HTTP/1.1" 200 625
101.85.93.96 - - [05/Sep/2021:10:13:41 +0800] "GET /xingrg/javascript/easyui/plugins/jquery.numberbox.js HTTP/1.1" 200 5213
120.253.135.82 - - [05/Sep/2021:10:13:41 +0800] "GET /xingrg/check_reg.html?_=1630807791042 HTTP/1.1" 200 22
116.238.194.18 - - [05/Sep/2021:10:13:41 +0800] "GET /xingrg/check_reg.html?_=1630807996715 HTTP/1.1" 200 22
180.169.147.146 - - [05/Sep/2021:10:13:41 +0800] "GET /xingrg/check_reg.html?_=1630808018588 HTTP/1.1" 200 22
116.237.74.154 - - [05/Sep/2021:10:13:42 +0800] "GET /xingrg/kc/buy/cgsh_order_operate.html?command=get_materiel&rest_code=00106&code=00101008126&supplier_code=00100007&order_time=2021-09-05 HTTP/1.1" 200 412
120.253.135.82 - - [05/Sep/2021:10:13:42 +0800] "GET /xingrg/all/function/internal_message.html?_=1630807792176&CODE_STATE=getMsg HTTP/1.1" 200 27
101.85.93.96 - - [05/Sep/2021:10:13:44 +0800] "GET /xingrg/javascript/auto/indicator.gif HTTP/1.1" 404 1066
101.83.145.79 - - [05/Sep/2021:10:13:44 +0800] "GET /xingrg/kc/buy/cgsh_order_operate.html?command=get_materiel&rest_code=00105&code=00101010569&supplier_code=00100327&order_time=2021-09-05 HTTP/1.1" 200 397
61.151.178.166 - - [05/Sep/2021:10:13:45 +0800] "GET /xingrg/kc/buy/cgsh_order_operate.html?command=get_materiel&rest_code=00106&code=00101008312&supplier_code=00100007&order_time=2021-09-05 HTTP/1.1" 302 -
61.151.178.166 - - [05/Sep/2021:10:13:46 +0800] "GET /xingrg/login.html HTTP/1.1" 200 7641
124.79.246.142 - - [05/Sep/2021:10:13:50 +0800] "GET /xingrg/kc/buy/cgsh_order_operate.html?command=get_materiel&rest_code=00104&code=00101004063&supplier_code=00100094&order_time=2021-09-05 HTTP/1.1" 200 430
180.169.147.146 - - [05/Sep/2021:10:13:50 +0800] "GET /xingrg/all/function/internal_message.html?_=1630808018290&CODE_STATE=getMsg HTTP/1.1" 200 27
180.169.147.146 - - [05/Sep/2021:10:13:50 +0800] "GET /xingrg/all/function/internal_message.html?_=1630808025942&CODE_STATE=getMsg HTTP/1.1" 200 27
58.40.7.146 - - [05/Sep/2021:10:13:51 +0800] "GET /xingrg/all/function/internal_message.html?_=1630808026391&CODE_STATE=getMsg HTTP/1.1" 200 27
116.237.74.154 - - [05/Sep/2021:10:13:51 +0800] "GET /xingrg/all/function/internal_message.html?_=1630808025293&CODE_STATE=getMsg HTTP/1.1" 200 27
116.230.105.26 - - [05/Sep/2021:10:13:51 +0800] "GET /xingrg/all/function/internal_message.html?_=1630807974511&CODE_STATE=getMsg HTTP/1.1" 200 27
61.151.178.180 - - [05/Sep/2021:10:13:52 +0800] "GET /xingrg/all/function/internal_message.html?_=1630807965296&CODE_STATE=getMsg HTTP/1.1" 302 -
222.70.246.151 - - [05/Sep/2021:10:13:52 +0800] "GET /xingrg/all/function/internal_message.html?_=1630808053835&CODE_STATE=getMsg HTTP/1.1" 200 27
61.151.178.180 - - [05/Sep/2021:10:13:52 +0800] "GET /xingrg/login.html HTTP/1.1" 200 7641
116.238.194.18 - - [05/Sep/2021:10:13:53 +0800] "GET /xingrg/all/function/internal_message.html?_=1630808008011&CODE_STATE=getMsg HTTP/1.1" 200 27
116.237.74.154 - - [05/Sep/2021:10:13:53 +0800] "POST /xingrg/kc/buy/cgsh_order_operate.html HTTP/1.1" 200 37
101.83.145.79 - - [05/Sep/2021:10:13:54 +0800] "GET /xingrg/kc/buy/cgsh_order_operate.html?command=get_materiel&rest_code=00105&code=00101010628&supplier_code=00100327&order_time=2021-09-05 HTTP/1.1" 200 412
116.237.74.154 - - [05/Sep/2021:10:13:54 +0800] "GET /xingrg/kc/buy/cgsh_order_operate.html?command=get_materiel&rest_code=00106&code=00101008087&supplier_code=00100007&order_time=2021-09-05 HTTP/1.1" 200 412
101.85.93.96 - - [05/Sep/2021:10:13:54 +0800] "GET /xingrg/kc/buy/cgsh_order_operate.html?command=get_materiel&rest_code=00142&code=00101008126&supplier_code=00100161&order_time=2021-09-05 HTTP/1.1" 200 412
101.83.145.79 - - [05/Sep/2021:10:13:57 +0800] "GET /xingrg/check_reg.html?_=1630807983394 HTTP/1.1" 302 -
101.83.145.79 - - [05/Sep/2021:10:13:57 +0800] "GET /xingrg/all/function/internal_message.html?_=1630807983397&CODE_STATE=getMsg HTTP/1.1" 302 -
180.169.147.146 - - [05/Sep/2021:10:13:59 +0800] "GET /xingrg/all/function/internal_message.html?_=1630808035274&CODE_STATE=getMsg HTTP/1.1" 200 27
124.79.246.142 - - [05/Sep/2021:10:14:00 +0800] "GET /xingrg/javascript/easyui/themes/default/images/button_plain_hover.png HTTP/1.1" 304 -
101.89.29.78 - - [05/Sep/2021:10:14:00 +0800] "GET /xingrg/kc/buy/cgsh_order_operate.html?command=get_materiel&rest_code=00106&code=00101008125&supplier_code=00100007&order_time=2021-09-05 HTTP/1.1" 302 -
124.79.246.142 - - [05/Sep/2021:10:14:00 +0800] "GET /xingrg/javascript/easyui/themes/default/images/button_plain_hover.png HTTP/1.1" 304 -
101.83.145.79 - - [05/Sep/2021:10:14:00 +0800] "POST /xingrg/kc/buy/cgsh_order_operate.html HTTP/1.1" 200 37
124.79.246.142 - - [05/Sep/2021:10:14:00 +0800] "GET /xingrg/javascript/easyui/themes/default/images/button_plain_hover.png HTTP/1.1" 304 -
124.79.246.142 - - [05/Sep/2021:10:14:01 +0800] "GET /xingrg/javascript/easyui/themes/default/images/button_plain_hover.png HTTP/1.1" 304 -
116.237.74.154 - - [05/Sep/2021:10:14:01 +0800] "GET /xingrg/all/function/internal_message.html?_=1630808037876&CODE_STATE=getMsg HTTP/1.1" 200 27
101.89.29.78 - - [05/Sep/2021:10:14:01 +0800] "GET /xingrg/login.html HTTP/1.1" 200 7641
101.83.145.79 - - [05/Sep/2021:10:14:01 +0800] "POST /xingrg/kc/buy/cgsh_order_operate.html HTTP/1.1" 200 4445
116.237.74.154 - - [05/Sep/2021:10:14:02 +0800] "GET /xingrg/kc/buy/cgsh_order_operate.html?command=get_materiel&rest_code=00106&code=00101008361&supplier_code=00100007&order_time=2021-09-05 HTTP/1.1" 200 408
101.83.145.79 - - [05/Sep/2021:10:14:02 +0800] "GET /xingrg/kc/print/load_data.html?order_code=212021090501856&kc_code=cgsh&condition= HTTP/1.1" 200 1354
116.237.74.154 - - [05/Sep/2021:10:14:02 +0800] "POST /xingrg/kc/buy/cgsh_order_operate.html HTTP/1.1" 200 12
180.169.147.146 - - [05/Sep/2021:10:14:02 +0800] "GET /xingrg/all/function/internal_message.html?_=1630808036163&CODE_STATE=getMsg HTTP/1.1" 200 27
116.237.74.154 - - [05/Sep/2021:10:14:03 +0800] "GET /xingrg/kc/buy/cgsh_order_info.html?code=212021090501855 HTTP/1.1" 200 58283
116.237.74.154 - - [05/Sep/2021:10:14:04 +0800] "GET /xingrg/javascript/easyui/themes/default/validatebox.css HTTP/1.1" 404 1104
124.79.246.142 - - [05/Sep/2021:10:14:04 +0800] "POST /xingrg/kc/buy/cgsh_order_operate.html HTTP/1.1" 200 37
116.237.74.154 - - [05/Sep/2021:10:14:04 +0800] "POST /xingrg/kc/buy/cgsh_order_operate.html HTTP/1.1" 200 605
180.169.147.146 - - [05/Sep/2021:10:14:05 +0800] "GET /xingrg/all/function/internal_message.html?_=1630808040558&CODE_STATE=getMsg HTTP/1.1" 200 27
101.83.145.79 - - [05/Sep/2021:10:14:05 +0800] "GET /xingrg/kc/buy/cgsh_order_add.html HTTP/1.1" 200 63417
101.83.145.79 - - [05/Sep/2021:10:14:05 +0800] "GET /xingrg/javascript/easyui/themes/default/validatebox.css HTTP/1.1" 404 1104
101.83.145.79 - - [05/Sep/2021:10:14:06 +0800] "POST /xingrg/kc/buy/cgsh_order_operate.html HTTP/1.1" 200 8245
124.79.246.142 - - [05/Sep/2021:10:14:06 +0800] "POST /xingrg/kc/buy/cgsh_order_operate.html HTTP/1.1" 200 3258
116.237.74.154 - - [05/Sep/2021:10:14:06 +0800] "GET /xingrg/kc/print/load_data.html?order_code=212021090501855&kc_code=cgsh&condition= HTTP/1.1" 200 701
124.79.246.142 - - [05/Sep/2021:10:14:07 +0800] "GET /xingrg/javascript/easyui/themes/default/images/button_plain_hover.png HTTP/1.1" 304 -
124.79.246.142 - - [05/Sep/2021:10:14:07 +0800] "GET /xingrg/javascript/easyui/themes/default/images/button_plain_hover.png HTTP/1.1" 304 -
124.79.246.142 - - [05/Sep/2021:10:14:07 +0800] "GET /xingrg/javascript/easyui/themes/default/images/button_plain_hover.png HTTP/1.1" 304 -
124.79.246.142 - - [05/Sep/2021:10:14:07 +0800] "GET /xingrg/javascript/easyui/themes/default/images/button_plain_hover.png HTTP/1.1" 304 -
61.151.178.163 - - [05/Sep/2021:10:14:07 +0800] "GET /xingrg/kc/buy/cgsh_order_operate.html?command=get_materiel&rest_code=00106&code=00101008010&supplier_code=00100007&order_time=2021-09-05 HTTP/1.1" 302 -
124.79.246.142 - - [05/Sep/2021:10:14:07 +0800] "GET /xingrg/javascript/easyui/themes/default/images/button_plain_hover.png HTTP/1.1" 304 -
124.79.246.142 - - [05/Sep/2021:10:14:07 +0800] "GET /xingrg/javascript/easyui/themes/default/images/button_plain_hover.png HTTP/1.1" 304 -
124.79.246.142 - - [05/Sep/2021:10:14:07 +0800] "GET /xingrg/javascript/easyui/themes/default/images/button_plain_hover.png HTTP/1.1" 304 -
61.151.178.163 - - [05/Sep/2021:10:14:07 +0800] "GET /xingrg/login.html HTTP/1.1" 200 7641
124.79.246.142 - - [05/Sep/2021:10:14:07 +0800] "GET /xingrg/javascript/easyui/themes/default/images/button_plain_hover.png HTTP/1.1" 304 -
124.79.246.142 - - [05/Sep/2021:10:14:08 +0800] "GET /xingrg/kc/print/load_config.html?kc_code=cgsh HTTP/1.1" 200 2076
124.79.246.142 - - [05/Sep/2021:10:14:08 +0800] "GET /xingrg/kc/print/load_data.html?order_code=212021090501857&kc_code=cgsh&condition= HTTP/1.1" 200 991
116.237.74.154 - - [05/Sep/2021:10:14:10 +0800] "GET /xingrg/kc/buy/cgsh_order_operate.html?command=get_materiel&rest_code=00106&code=00101008059&supplier_code=00100007&order_time=2021-09-05 HTTP/1.1" 200 408
58.37.227.186 - - [05/Sep/2021:10:14:10 +0800] "GET /xingrg/all/function/internal_message.html?_=1630807924261&CODE_STATE=getMsg HTTP/1.1" 200 27
116.237.74.154 - - [05/Sep/2021:10:14:12 +0800] "GET /xingrg/kc/buy/cgsh_order_add.html HTTP/1.1" 200 63370
116.237.74.154 - - [05/Sep/2021:10:14:12 +0800] "POST /xingrg/kc/buy/cgsh_order_operate.html HTTP/1.1" 200 8245
116.237.74.154 - - [05/Sep/2021:10:14:12 +0800] "GET /xingrg/javascript/easyui/themes/default/validatebox.css HTTP/1.1" 404 1104
172.20.0.100 - - [05/Sep/2021:10:14:12 +0800] "GET /xingrg/all/function/internal_message.html?_=1630808045922&CODE_STATE=getMsg HTTP/1.1" 200 27
116.237.74.154 - - [05/Sep/2021:10:14:12 +0800] "POST /xingrg/kc/buy/cgsh_order_operate.html HTTP/1.1" 200 2065
180.169.147.146 - - [05/Sep/2021:10:14:13 +0800] "GET /xingrg/all/function/internal_message.html?_=1630808049677&CODE_STATE=getMsg HTTP/1.1" 200 27
101.83.145.79 - - [05/Sep/2021:10:14:13 +0800] "GET /xingrg/all/function/internal_message.html?_=1630808048947&CODE_STATE=getMsg HTTP/1.1" 200 27
116.237.74.154 - - [05/Sep/2021:10:14:14 +0800] "GET /xingrg/javascript/easyui/themes/default/tree.css HTTP/1.1" 404 1090
116.237.74.154 - - [05/Sep/2021:10:14:14 +0800] "POST /xingrg/all/common/load_tree.html?tree=supplier_tree_json&isDelete=1 HTTP/1.1" 200 57570
124.79.246.142 - - [05/Sep/2021:10:14:15 +0800] "GET /xingrg/javascript/easyui/themes/default/images/button_plain_hover.png HTTP/1.1" 304 -
124.79.246.142 - - [05/Sep/2021:10:14:15 +0800] "GET /xingrg/javascript/easyui/themes/default/images/button_plain_hover.png HTTP/1.1" 304 -
124.79.246.142 - - [05/Sep/2021:10:14:16 +0800] "GET /xingrg/css/base.css HTTP/1.1" 304 -
124.79.246.142 - - [05/Sep/2021:10:14:16 +0800] "GET /xingrg/css/site.css HTTP/1.1" 304 -
124.79.246.142 - - [05/Sep/2021:10:14:16 +0800] "GET /xingrg/kc/buy/cgsh_order_add.html HTTP/1.1" 200 63376
124.79.246.142 - - [05/Sep/2021:10:14:16 +0800] "GET /xingrg/javascript/jquery_tools/datebox.css HTTP/1.1" 304 -
124.79.246.142 - - [05/Sep/2021:10:14:16 +0800] "GET /xingrg/javascript/jquery_tools/fix.css HTTP/1.1" 304 -
124.79.246.142 - - [05/Sep/2021:10:14:16 +0800] "GET /xingrg/javascript/auto/jquery.autocomplete.css HTTP/1.1" 304 -
124.79.246.142 - - [05/Sep/2021:10:14:16 +0800] "GET /xingrg/javascript/pic_change.js HTTP/1.1" 304 -
124.79.246.142 - - [05/Sep/2021:10:14:16 +0800] "GET /xingrg/javascript/jquery_tools/jquery.tools.extend.js HTTP/1.1" 304 -
124.79.246.142 - - [05/Sep/2021:10:14:16 +0800] "GET /xingrg/javascript/jquery_tools/jquery.tools.min.js HTTP/1.1" 304 -
124.79.246.142 - - [05/Sep/2021:10:14:16 +0800] "GET /xingrg/javascript/easyui/themes/icon.css HTTP/1.1" 304 -
124.79.246.142 - - [05/Sep/2021:10:14:16 +0800] "GET /xingrg/javascript/easyui/themes/default/easyui.css HTTP/1.1" 304 -
124.79.246.142 - - [05/Sep/2021:10:14:16 +0800] "GET /xingrg/javascript/jquery_tools/table.css HTTP/1.1" 304 -
124.79.246.142 - - [05/Sep/2021:10:14:16 +0800] "GET /xingrg/javascript/jquery_tools/jquery.tools.table.js HTTP/1.1" 304 -
124.79.246.142 - - [05/Sep/2021:10:14:16 +0800] "GET /xingrg/javascript/auto/jquery.autocomplete.js HTTP/1.1" 304 -
124.79.246.142 - - [05/Sep/2021:10:14:16 +0800] "GET /xingrg/javascript/easyui/easyloader.js HTTP/1.1" 304 -
124.79.246.142 - - [05/Sep/2021:10:14:16 +0800] "GET /xingrg/javascript/jquery_tools/order_manager.js HTTP/1.1" 304 -
124.79.246.142 - - [05/Sep/2021:10:14:16 +0800] "GET /xingrg/javascript/jquery.utils.js HTTP/1.1" 304 -
124.79.246.142 - - [05/Sep/2021:10:14:16 +0800] "GET /xingrg/javascript/json2.js HTTP/1.1" 304 -
124.79.246.142 - - [05/Sep/2021:10:14:16 +0800] "GET /xingrg/javascript/convert.js HTTP/1.1" 304 -
124.79.246.142 - - [05/Sep/2021:10:14:16 +0800] "GET /xingrg/javascript/jquery.cookie.js HTTP/1.1" 304 -
124.79.246.142 - - [05/Sep/2021:10:14:16 +0800] "GET /xingrg/javascript/print/kc_print.js HTTP/1.1" 304 -
124.79.246.142 - - [05/Sep/2021:10:14:16 +0800] "GET /xingrg/javascript/print/LodopFuncs.js HTTP/1.1" 304 -
124.79.246.142 - - [05/Sep/2021:10:14:16 +0800] "GET /xingrg/javascript/jquery_tools/jquery.tools.hotkey.js HTTP/1.1" 304 -
180.169.147.146 - - [05/Sep/2021:10:14:17 +0800] "GET /xingrg/all/function/internal_message.html?_=1630808054281&CODE_STATE=getMsg HTTP/1.1" 200 27
124.79.246.142 - - [05/Sep/2021:10:14:18 +0800] "GET /xingrg/words/20210904120709_words.js HTTP/1.1" 304 -
124.79.246.142 - - [05/Sep/2021:10:14:18 +0800] "GET /xingrg/javascript/easyui/themes/icons/copy_new.png HTTP/1.1" 304 -
124.79.246.142 - - [05/Sep/2021:10:14:18 +0800] "GET /xingrg/javascript/easyui/themes/icons/template_new.png HTTP/1.1" 304 -
124.79.246.142 - - [05/Sep/2021:10:14:18 +0800] "GET /xingrg/javascript/easyui/themes/icons/ok.png HTTP/1.1" 304 -
124.79.246.142 - - [05/Sep/2021:10:14:18 +0800] "GET /xingrg/javascript/easyui/themes/icons/print.png HTTP/1.1" 304 -
124.79.246.142 - - [05/Sep/2021:10:14:18 +0800] "GET /xingrg/javascript/easyui/themes/default/images/menu_downarrow.png HTTP/1.1" 304 -
124.79.246.142 - - [05/Sep/2021:10:14:18 +0800] "GET /xingrg/javascript/easyui/themes/icons/cancel.png HTTP/1.1" 304 -
124.79.246.142 - - [05/Sep/2021:10:14:18 +0800] "GET /xingrg/javascript/easyui/plugins/jquery.parser.js HTTP/1.1" 304 -
124.79.246.142 - - [05/Sep/2021:10:14:18 +0800] "POST /xingrg/kc/buy/cgsh_order_operate.html HTTP/1.1" 200 8245
124.79.246.142 - - [05/Sep/2021:10:14:19 +0800] "GET /xingrg/all/common/auto_word.html?type=employee&rest_code=00104 HTTP/1.1" 200 149
124.79.246.142 - - [05/Sep/2021:10:14:19 +0800] "GET /xingrg/all/common/auto_word.html?type=employee&rest_code=00104 HTTP/1.1" 200 149
124.79.246.142 - - [05/Sep/2021:10:14:19 +0800] "GET /xingrg/javascript/easyui/themes/default/validatebox.css HTTP/1.1" 404 1104
124.79.246.142 - - [05/Sep/2021:10:14:19 +0800] "GET /xingrg/javascript/easyui/plugins/jquery.validatebox.js HTTP/1.1" 304 -
124.79.246.142 - - [05/Sep/2021:10:14:19 +0800] "GET /xingrg/javascript/easyui/plugins/jquery.numberbox.js HTTP/1.1" 304 -
222.70.182.153 - - [05/Sep/2021:10:14:19 +0800] "GET /xingrg/all/function/internal_message.html?_=1630808045653&CODE_STATE=getMsg HTTP/1.1" 200 27
101.83.145.79 - - [05/Sep/2021:10:14:20 +0800] "GET /xingrg/kc/buy/cgsh_order_operate.html?command=get_materiel&rest_code=00105&code=00101012045&supplier_code=00100326&order_time=2021-09-05 HTTP/1.1" 200 409
116.238.168.124 - - [05/Sep/2021:10:14:23 +0800] "GET /xingrg/all/function/internal_message.html?_=1630808057154&CODE_STATE=getMsg HTTP/1.1" 200 27
124.79.246.142 - - [05/Sep/2021:10:14:23 +0800] "GET /xingrg/all/function/internal_message.html?_=1630808515752&CODE_STATE=getMsg HTTP/1.1" 200 27
124.79.246.142 - - [05/Sep/2021:10:14:24 +0800] "GET /xingrg/javascript/easyui/plugins/jquery.draggable.js HTTP/1.1" 304 -
124.79.246.142 - - [05/Sep/2021:10:14:24 +0800] "GET /xingrg/css/images/panel_loading.gif HTTP/1.1" 304 -
124.79.246.142 - - [05/Sep/2021:10:14:24 +0800] "GET /xingrg/javascript/easyui/plugins/jquery.droppable.js HTTP/1.1" 304 -
124.79.246.142 - - [05/Sep/2021:10:14:24 +0800] "GET /xingrg/javascript/easyui/themes/default/tree.css HTTP/1.1" 404 1090
124.79.246.142 - - [05/Sep/2021:10:14:24 +0800] "GET /xingrg/javascript/easyui/plugins/jquery.tree.js HTTP/1.1" 304 -
124.79.246.142 - - [05/Sep/2021:10:14:24 +0800] "POST /xingrg/all/common/load_tree.html?tree=supplier_tree_json&isDelete=1 HTTP/1.1" 200 57570
