124.79.246.142 - - [02/Sep/2021:09:37:51 +0800] "GET /xingrg/javascript/easyui/plugins/jquery.droppable.js HTTP/1.1" 304 -
124.79.246.142 - - [02/Sep/2021:09:37:51 +0800] "GET /xingrg/javascript/easyui/themes/default/tree.css HTTP/1.1" 404 1090
124.79.246.142 - - [02/Sep/2021:09:37:51 +0800] "GET /xingrg/javascript/easyui/plugins/jquery.tree.js HTTP/1.1" 304 -
124.79.246.142 - - [02/Sep/2021:09:37:51 +0800] "POST /xingrg/all/common/load_tree.html?tree=supplier_tree_json&isDelete=1 HTTP/1.1" 200 57570
124.79.246.142 - - [02/Sep/2021:09:37:53 +0800] "GET /xingrg/javascript/easyui/themes/default/images/tree_folder.gif HTTP/1.1" 304 -
124.79.246.142 - - [02/Sep/2021:09:37:53 +0800] "GET /xingrg/javascript/easyui/themes/default/images/tree_folder_open.gif HTTP/1.1" 304 -
124.79.246.142 - - [02/Sep/2021:09:37:53 +0800] "GET /xingrg/javascript/easyui/themes/default/images/tree_file.gif HTTP/1.1" 304 -
117.184.7.26 - - [02/Sep/2021:09:37:53 +0800] "POST /xingrg/dwr/call/plaincall/AjaxYddbService.saveMaterielItem.dwr HTTP/1.1" 200 79
117.184.7.26 - - [02/Sep/2021:09:37:54 +0800] "POST /xingrg/dwr/call/plaincall/AjaxComOrderService.getMaterielSearchList.dwr HTTP/1.1" 200 77
180.169.147.146 - - [02/Sep/2021:09:37:54 +0800] "GET /xingrg/all/function/internal_message.html?_=1630546671991&CODE_STATE=getMsg HTTP/1.1" 200 27
117.184.7.26 - - [02/Sep/2021:09:37:56 +0800] "POST /xingrg/dwr/call/plaincall/AjaxComOrderService.getMaterielSearchList.dwr HTTP/1.1" 200 669
117.184.7.26 - - [02/Sep/2021:09:37:57 +0800] "POST /xingrg/dwr/call/plaincall/AjaxComOrderService.getMaterielSearchList.dwr HTTP/1.1" 200 669
117.184.7.26 - - [02/Sep/2021:09:37:57 +0800] "POST /xingrg/dwr/call/plaincall/AjaxYddbService.getMaterielByMap.dwr HTTP/1.1" 200 2742
58.221.95.50 - - [02/Sep/2021:09:37:58 +0800] "GET /xingrg/check_reg.html?_=1630546675976 HTTP/1.1" 302 -
124.79.246.142 - - [02/Sep/2021:09:38:01 +0800] "GET /xingrg/all/function/internal_message.html?_=1630547134937&CODE_STATE=getMsg HTTP/1.1" 200 27
222.70.246.151 - - [02/Sep/2021:09:38:03 +0800] "GET /xingrg/all/function/internal_message.html?_=1630546694320&CODE_STATE=getMsg HTTP/1.1" 200 27
101.83.145.79 - - [02/Sep/2021:09:38:03 +0800] "GET /xingrg/all/function/internal_message.html?_=1630546681896&CODE_STATE=getMsg HTTP/1.1" 200 27
117.184.7.26 - - [02/Sep/2021:09:38:03 +0800] "POST /xingrg/dwr/call/plaincall/AjaxYddbService.saveMaterielItem.dwr HTTP/1.1" 200 79
117.184.7.26 - - [02/Sep/2021:09:38:08 +0800] "POST /xingrg/dwr/call/plaincall/AjaxComOrderService.getMaterielSearchList.dwr HTTP/1.1" 200 1745
117.184.7.26 - - [02/Sep/2021:09:38:09 +0800] "POST /xingrg/dwr/call/plaincall/AjaxYddbService.getMaterielByMap.dwr HTTP/1.1" 200 2741
116.238.194.18 - - [02/Sep/2021:09:38:10 +0800] "GET /xingrg/all/function/internal_message.html?_=1630546670665&CODE_STATE=getMsg HTTP/1.1" 200 27
180.169.147.146 - - [02/Sep/2021:09:38:10 +0800] "GET /xingrg/all/function/internal_message.html?_=1630546687562&CODE_STATE=getMsg HTTP/1.1" 200 27
124.79.246.142 - - [02/Sep/2021:09:38:11 +0800] "GET /xingrg/kc/buy/cgsh_order_operate.html?command=get_materiel&rest_code=00104&code=00101001140&supplier_code=00100090&order_time=2021-09-02 HTTP/1.1" 200 415
180.169.147.146 - - [02/Sep/2021:09:38:13 +0800] "GET /xingrg/all/report/report_query.html?isQuery=1&fileName=kc/base/crk_detail_by_small.xml&rh=99999&queryString=&queryText=%25E3%2580%2590%25E4%25BB%2593%25E5%25BA%2593%25E5%2590%258D%25E7%25A7%25B0%253A%25E9%2585%2592%25E6%25B0%25B4%25E5%25BA%2593%25E3%2580%2591%25E3%2580%2590%25E4%25B8%259A%25E5%258A%25A1%25E7%25B1%25BB%25E5%259E%258B%25EF%25BC%259A%25E5%2586%2585%25E9%2583%25A8%25E8%25B0%2583%25E5%2587%25BA%25E3%2580%2591%2520%253F%253F%253F%253F%253F2021-08-01%253F%253F2021-08-31&tableQueryString=crk_table%2524sp1%2524order_day%2520between%252020210801%2520and%252020210831%2520and%2520(base_code%253D'0010197')%2520and%2520(src_order_type%2520in%2520(42))%2520and%2520(is_rk%2520in%2520(0)) HTTP/1.1" 200 53766
180.169.147.146 - - [02/Sep/2021:09:38:14 +0800] "GET /xingrg/dwr/interface/AjaxReportQueryService.js HTTP/1.1" 200 13203
180.169.147.146 - - [02/Sep/2021:09:38:14 +0800] "GET /xingrg/dwr/engine.js HTTP/1.1" 200 43631
117.184.7.26 - - [02/Sep/2021:09:38:14 +0800] "POST /xingrg/dwr/call/plaincall/AjaxYddbService.saveMaterielItem.dwr HTTP/1.1" 200 79
180.169.147.146 - - [02/Sep/2021:09:38:14 +0800] "POST /xingrg/all/report/load_report_page.html HTTP/1.1" 200 23701
180.169.147.146 - - [02/Sep/2021:09:38:14 +0800] "GET /xingrg/servlets/image?cache=0.48999782124803837&image=px HTTP/1.1" 200 807
117.184.7.26 - - [02/Sep/2021:09:38:15 +0800] "POST /xingrg/dwr/call/plaincall/AjaxComOrderService.getMaterielSearchList.dwr HTTP/1.1" 200 77
117.184.7.26 - - [02/Sep/2021:09:38:15 +0800] "GET /xingrg/all/function/internal_message.html?_=1630546687195&CODE_STATE=getMsg HTTP/1.1" 200 27
117.184.7.26 - - [02/Sep/2021:09:38:16 +0800] "POST /xingrg/dwr/call/plaincall/AjaxComOrderService.getMaterielSearchList.dwr HTTP/1.1" 200 1745
180.157.254.90 - - [02/Sep/2021:09:38:17 +0800] "GET /xingrg/check_reg.html?_=1630546696017 HTTP/1.1" 200 22
180.157.254.90 - - [02/Sep/2021:09:38:17 +0800] "GET /xingrg/all/function/internal_message.html?_=1630546696019&CODE_STATE=getMsg HTTP/1.1" 200 27
117.184.7.26 - - [02/Sep/2021:09:38:18 +0800] "POST /xingrg/dwr/call/plaincall/AjaxYddbService.getMaterielByMap.dwr HTTP/1.1" 200 2748
101.83.145.79 - - [02/Sep/2021:09:38:19 +0800] "GET /xingrg/all/function/internal_message.html?_=1630546647653&CODE_STATE=getMsg HTTP/1.1" 200 27
116.230.105.26 - - [02/Sep/2021:09:38:20 +0800] "GET /xingrg/all/function/internal_message.html?_=1630546651459&CODE_STATE=getMsg HTTP/1.1" 200 27
222.69.131.224 - - [02/Sep/2021:09:38:22 +0800] "GET /xingrg/all/function/internal_message.html?_=1630546700013&CODE_STATE=getMsg HTTP/1.1" 200 27
116.232.54.96 - - [02/Sep/2021:09:38:24 +0800] "GET /xingrg/all/function/internal_message.html?_=1630546702383&CODE_STATE=getMsg HTTP/1.1" 200 27
117.184.7.26 - - [02/Sep/2021:09:38:27 +0800] "POST /xingrg/dwr/call/plaincall/AjaxYddbService.saveMaterielItem.dwr HTTP/1.1" 200 79
180.169.147.146 - - [02/Sep/2021:09:38:29 +0800] "GET /xingrg/all/function/internal_message.html?_=1630546707592&CODE_STATE=getMsg HTTP/1.1" 200 27
180.169.147.146 - - [02/Sep/2021:09:38:29 +0800] "GET /xingrg/check_reg.html?_=1630546707594 HTTP/1.1" 200 22
116.232.54.96 - - [02/Sep/2021:09:38:29 +0800] "GET /xingrg/kc/buy/cgsh_order_operate.html?command=get_materiel&rest_code=00109&code=00101008357&supplier_code=00100005&order_time=2021-09-02 HTTP/1.1" 200 408
116.238.194.18 - - [02/Sep/2021:09:38:32 +0800] "GET /xingrg/all/function/internal_message.html?_=1630546709365&CODE_STATE=getMsg HTTP/1.1" 200 27
101.85.93.96 - - [02/Sep/2021:09:38:33 +0800] "GET /xingrg/all/function/internal_message.html?_=1630546647198&CODE_STATE=getMsg HTTP/1.1" 200 27
117.184.7.26 - - [02/Sep/2021:09:38:34 +0800] "POST /xingrg/dwr/call/plaincall/AjaxComOrderService.getMaterielSearchList.dwr HTTP/1.1" 200 77
117.184.7.26 - - [02/Sep/2021:09:38:34 +0800] "POST /xingrg/dwr/call/plaincall/AjaxComOrderService.getMaterielSearchList.dwr HTTP/1.1" 200 9990
124.79.246.142 - - [02/Sep/2021:09:38:35 +0800] "GET /xingrg/kc/buy/cgsh_order_operate.html?command=get_materiel&rest_code=00104&code=00101001040&supplier_code=00100090&order_time=2021-09-02 HTTP/1.1" 200 413
116.232.54.96 - - [02/Sep/2021:09:38:36 +0800] "GET /xingrg/kc/buy/cgsh_order_operate.html?command=get_materiel&rest_code=00109&code=00101008069&supplier_code=00100005&order_time=2021-09-02 HTTP/1.1" 200 412
117.184.7.26 - - [02/Sep/2021:09:38:36 +0800] "POST /xingrg/dwr/call/plaincall/AjaxYddbService.getMaterielByMap.dwr HTTP/1.1" 200 2732
116.232.54.96 - - [02/Sep/2021:09:38:38 +0800] "POST /xingrg/kc/buy/cgsh_order_operate.html HTTP/1.1" 200 2065
120.253.135.82 - - [02/Sep/2021:09:38:39 +0800] "GET /xingrg/all/function/internal_message.html?_=1630546718936&CODE_STATE=getMsg HTTP/1.1" 200 27
117.184.7.26 - - [02/Sep/2021:09:38:39 +0800] "POST /xingrg/dwr/call/plaincall/AjaxYddbService.saveMaterielItem.dwr HTTP/1.1" 200 79
222.70.176.99 - - [02/Sep/2021:09:38:41 +0800] "GET /xingrg/all/function/internal_message.html?_=1630546712253&CODE_STATE=getMsg HTTP/1.1" 200 27
116.232.54.96 - - [02/Sep/2021:09:38:43 +0800] "GET /xingrg/kc/buy/cgsh_order_operate.html?command=get_materiel&rest_code=00109&code=00101008286&supplier_code=00100005&order_time=2021-09-02 HTTP/1.1" 200 408
180.169.147.146 - - [02/Sep/2021:09:38:44 +0800] "GET /xingrg/all/report/report_query.html?isQuery=1&fileName=kc/base/crk_detail_by_small.xml&rh=99999&queryString=&queryText=%25E3%2580%2590%25E4%25BB%2593%25E5%25BA%2593%25E5%2590%258D%25E7%25A7%25B0%253A%25E9%2585%2592%25E6%25B0%25B4%25E5%25BA%2593%25E3%2580%2591%25E3%2580%2590%25E4%25B8%259A%25E5%258A%25A1%25E7%25B1%25BB%25E5%259E%258B%25EF%25BC%259A%25E5%2586%2585%25E9%2583%25A8%25E8%25B0%2583%25E5%2587%25BA%25E3%2580%2591%2520%253F%253F%253F%253F%253F2021-08-01%253F%253F2021-08-31&tableQueryString=crk_table%2524sp1%2524order_day%2520between%252020210801%2520and%252020210831%2520and%2520(base_code%253D'0010197')%2520and%2520(src_order_type%2520in%2520(42))%2520and%2520(is_rk%2520in%2520(0)) HTTP/1.1" 200 53766
180.169.147.146 - - [02/Sep/2021:09:38:45 +0800] "GET /xingrg/dwr/interface/AjaxReportQueryService.js HTTP/1.1" 200 13203
180.169.147.146 - - [02/Sep/2021:09:38:45 +0800] "GET /xingrg/dwr/engine.js HTTP/1.1" 200 43631
117.184.7.26 - - [02/Sep/2021:09:38:45 +0800] "POST /xingrg/dwr/call/plaincall/AjaxComOrderService.getMaterielSearchList.dwr HTTP/1.1" 200 77
180.169.147.146 - - [02/Sep/2021:09:38:45 +0800] "POST /xingrg/all/report/load_report_page.html HTTP/1.1" 200 23685
180.169.147.146 - - [02/Sep/2021:09:38:45 +0800] "GET /xingrg/servlets/image?cache=0.8577244760621455&image=px HTTP/1.1" 200 807
117.184.7.26 - - [02/Sep/2021:09:38:46 +0800] "POST /xingrg/dwr/call/plaincall/AjaxComOrderService.getMaterielSearchList.dwr HTTP/1.1" 200 1090
58.40.7.146 - - [02/Sep/2021:09:38:46 +0800] "GET /xingrg/all/function/internal_message.html?_=1630546724058&CODE_STATE=getMsg HTTP/1.1" 200 27
117.184.7.26 - - [02/Sep/2021:09:38:48 +0800] "POST /xingrg/dwr/call/plaincall/AjaxYddbService.getMaterielByMap.dwr HTTP/1.1" 200 2738
58.35.209.156 - - [02/Sep/2021:09:38:48 +0800] "GET /xingrg/all/function/internal_message.html?_=1630546726043&CODE_STATE=getMsg HTTP/1.1" 302 -
58.35.209.156 - - [02/Sep/2021:09:38:48 +0800] "GET /xingrg/check_reg.html?_=1630546726047 HTTP/1.1" 302 -
116.232.54.96 - - [02/Sep/2021:09:38:50 +0800] "GET /xingrg/kc/buy/cgsh_order_operate.html?command=get_materiel&rest_code=00109&code=00101008131&supplier_code=00100005&order_time=2021-09-02 HTTP/1.1" 200 408
117.184.7.26 - - [02/Sep/2021:09:38:53 +0800] "POST /xingrg/dwr/call/plaincall/AjaxYddbService.saveMaterielItem.dwr HTTP/1.1" 200 79
180.169.147.146 - - [02/Sep/2021:09:38:54 +0800] "GET /xingrg/all/function/internal_message.html?_=1630546732002&CODE_STATE=getMsg HTTP/1.1" 200 27
117.184.7.26 - - [02/Sep/2021:09:38:57 +0800] "POST /xingrg/dwr/call/plaincall/AjaxComOrderService.getMaterielSearchList.dwr HTTP/1.1" 200 7560
116.232.54.96 - - [02/Sep/2021:09:38:58 +0800] "GET /xingrg/kc/buy/cgsh_order_operate.html?command=get_materiel&rest_code=00109&code=00101008296&supplier_code=00100005&order_time=2021-09-02 HTTP/1.1" 200 416
117.184.7.26 - - [02/Sep/2021:09:38:58 +0800] "POST /xingrg/dwr/call/plaincall/AjaxComOrderService.getMaterielSearchList.dwr HTTP/1.1" 200 7560
117.184.7.26 - - [02/Sep/2021:09:38:58 +0800] "POST /xingrg/dwr/call/plaincall/AjaxYddbService.getMaterielByMap.dwr HTTP/1.1" 200 2731
124.79.246.142 - - [02/Sep/2021:09:38:58 +0800] "GET /xingrg/kc/buy/cgsh_order_operate.html?command=get_materiel&rest_code=00104&code=00101001093&supplier_code=00100090&order_time=2021-09-02 HTTP/1.1" 200 411
124.79.246.142 - - [02/Sep/2021:09:39:01 +0800] "GET /xingrg/all/function/internal_message.html?_=1630547194983&CODE_STATE=getMsg HTTP/1.1" 200 27
222.70.246.151 - - [02/Sep/2021:09:39:03 +0800] "GET /xingrg/all/function/internal_message.html?_=1630546754328&CODE_STATE=getMsg HTTP/1.1" 200 27
101.83.145.79 - - [02/Sep/2021:09:39:03 +0800] "GET /xingrg/all/function/internal_message.html?_=1630546741895&CODE_STATE=getMsg HTTP/1.1" 200 27
101.83.145.79 - - [02/Sep/2021:09:39:03 +0800] "GET /xingrg/check_reg.html?_=1630546741898 HTTP/1.1" 200 22
116.232.54.96 - - [02/Sep/2021:09:39:04 +0800] "GET /xingrg/kc/buy/cgsh_order_operate.html?command=get_materiel&rest_code=00109&code=00101008353&supplier_code=00100005&order_time=2021-09-02 HTTP/1.1" 200 408
120.253.135.82 - - [02/Sep/2021:09:39:09 +0800] "GET /xingrg/check_reg.html?_=1630546749246 HTTP/1.1" 200 22
116.238.194.18 - - [02/Sep/2021:09:39:10 +0800] "GET /xingrg/all/function/internal_message.html?_=1630546730671&CODE_STATE=getMsg HTTP/1.1" 200 27
180.169.147.146 - - [02/Sep/2021:09:39:10 +0800] "GET /xingrg/all/function/internal_message.html?_=1630546747565&CODE_STATE=getMsg HTTP/1.1" 200 27
101.83.145.79 - - [02/Sep/2021:09:39:10 +0800] "GET /xingrg/kc/buy/cgsh_order_add.html HTTP/1.1" 200 63417
117.184.7.26 - - [02/Sep/2021:09:39:10 +0800] "POST /xingrg/dwr/call/plaincall/AjaxYddbService.saveMaterielItem.dwr HTTP/1.1" 200 79
101.83.145.79 - - [02/Sep/2021:09:39:11 +0800] "GET /xingrg/javascript/easyui/themes/default/validatebox.css HTTP/1.1" 404 1104
101.83.145.79 - - [02/Sep/2021:09:39:11 +0800] "POST /xingrg/kc/buy/cgsh_order_operate.html HTTP/1.1" 200 8245
116.232.54.96 - - [02/Sep/2021:09:39:12 +0800] "GET /xingrg/kc/buy/cgsh_order_operate.html?command=get_materiel&rest_code=00109&code=00101008298&supplier_code=00100005&order_time=2021-09-02 HTTP/1.1" 200 412
117.184.7.26 - - [02/Sep/2021:09:39:14 +0800] "POST /xingrg/dwr/call/plaincall/AjaxComOrderService.getMaterielSearchList.dwr HTTP/1.1" 200 77
116.232.54.96 - - [02/Sep/2021:09:39:14 +0800] "POST /xingrg/kc/buy/cgsh_order_operate.html HTTP/1.1" 200 2065
117.184.7.26 - - [02/Sep/2021:09:39:15 +0800] "POST /xingrg/dwr/call/plaincall/AjaxComOrderService.getMaterielSearchList.dwr HTTP/1.1" 200 410
117.184.7.26 - - [02/Sep/2021:09:39:15 +0800] "GET /xingrg/all/function/internal_message.html?_=1630546747167&CODE_STATE=getMsg HTTP/1.1" 200 27
180.157.254.90 - - [02/Sep/2021:09:39:17 +0800] "GET /xingrg/all/function/internal_message.html?_=1630546756017&CODE_STATE=getMsg HTTP/1.1" 200 27
58.40.7.146 - - [02/Sep/2021:09:39:18 +0800] "GET /xingrg/kc/base/wlsy_order_list.html?syType=1 HTTP/1.1" 200 17597
58.40.7.146 - - [02/Sep/2021:09:39:18 +0800] "POST /xingrg/kc/base/wlsy_list_operate.html?syType=1 HTTP/1.1" 200 862
101.83.145.79 - - [02/Sep/2021:09:39:19 +0800] "GET /xingrg/all/function/internal_message.html?_=1630546707654&CODE_STATE=getMsg HTTP/1.1" 200 27
116.230.105.26 - - [02/Sep/2021:09:39:20 +0800] "GET /xingrg/check_reg.html?_=1630546711366 HTTP/1.1" 200 22
116.232.54.96 - - [02/Sep/2021:09:39:20 +0800] "GET /xingrg/kc/buy/cgsh_order_operate.html?command=get_materiel&rest_code=00109&code=00101013179&supplier_code=00100005&order_time=2021-09-02 HTTP/1.1" 200 412
116.230.105.26 - - [02/Sep/2021:09:39:20 +0800] "GET /xingrg/all/function/internal_message.html?_=1630546711444&CODE_STATE=getMsg HTTP/1.1" 200 27
124.79.246.142 - - [02/Sep/2021:09:39:21 +0800] "GET /xingrg/kc/buy/cgsh_order_operate.html?command=get_materiel&rest_code=00104&code=00101004012&supplier_code=00100090&order_time=2021-09-02 HTTP/1.1" 200 418
222.69.131.224 - - [02/Sep/2021:09:39:22 +0800] "GET /xingrg/all/function/internal_message.html?_=1630546760010&CODE_STATE=getMsg HTTP/1.1" 200 27
58.40.7.146 - - [02/Sep/2021:09:39:22 +0800] "POST /xingrg/kc/base/wlsy_list_operate.html?syType=1 HTTP/1.1" 200 5525
116.232.54.96 - - [02/Sep/2021:09:39:24 +0800] "GET /xingrg/all/function/internal_message.html?_=1630546762388&CODE_STATE=getMsg HTTP/1.1" 200 27
116.232.54.96 - - [02/Sep/2021:09:39:26 +0800] "GET /xingrg/kc/buy/cgsh_order_operate.html?command=get_materiel&rest_code=00109&code=00101008277&supplier_code=00100005&order_time=2021-09-02 HTTP/1.1" 200 412
58.40.7.146 - - [02/Sep/2021:09:39:28 +0800] "POST /xingrg/kc/base/wlsy_list_operate.html?syType=1 HTTP/1.1" 200 216
58.40.7.146 - - [02/Sep/2021:09:39:28 +0800] "GET /xingrg/kc/base/wlsy_order_info.html?code=412021070700004 HTTP/1.1" 200 25534
58.40.7.146 - - [02/Sep/2021:09:39:28 +0800] "POST /xingrg/kc/base/wlsy_order_operate.html HTTP/1.1" 200 480
58.40.7.146 - - [02/Sep/2021:09:39:28 +0800] "GET /xingrg/javascript/easyui/themes/default/validatebox.css HTTP/1.1" 404 1104
180.169.147.146 - - [02/Sep/2021:09:39:29 +0800] "GET /xingrg/all/function/internal_message.html?_=1630546767581&CODE_STATE=getMsg HTTP/1.1" 200 27
116.238.194.18 - - [02/Sep/2021:09:39:32 +0800] "GET /xingrg/all/function/internal_message.html?_=1630546769350&CODE_STATE=getMsg HTTP/1.1" 200 27
117.184.7.26 - - [02/Sep/2021:09:39:32 +0800] "POST /xingrg/dwr/call/plaincall/AjaxYddbService.removeMaterielItem.dwr HTTP/1.1" 200 79
101.85.93.96 - - [02/Sep/2021:09:39:33 +0800] "GET /xingrg/all/function/internal_message.html?_=1630546707198&CODE_STATE=getMsg HTTP/1.1" 200 27
117.184.7.26 - - [02/Sep/2021:09:39:35 +0800] "GET /xingrg/kc/base/yddb_order_add.html HTTP/1.1" 200 29835
117.184.7.26 - - [02/Sep/2021:09:39:35 +0800] "GET /xingrg/dwr/interface/AjaxYddbService.js HTTP/1.1" 200 13201
117.184.7.26 - - [02/Sep/2021:09:39:35 +0800] "GET /xingrg/dwr/interface/AjaxComOrderService.js HTTP/1.1" 200 18264
117.184.7.26 - - [02/Sep/2021:09:39:35 +0800] "GET /xingrg/dwr/engine.js HTTP/1.1" 200 43631
117.184.7.26 - - [02/Sep/2021:09:39:37 +0800] "POST /xingrg/dwr/call/plaincall/AjaxYddbService.getRestBases.dwr HTTP/1.1" 200 1052
120.253.135.82 - - [02/Sep/2021:09:39:39 +0800] "GET /xingrg/all/function/internal_message.html?_=1630546778946&CODE_STATE=getMsg HTTP/1.1" 200 27
117.184.7.26 - - [02/Sep/2021:09:39:41 +0800] "POST /xingrg/dwr/call/plaincall/AjaxYddbService.saveOrder.dwr HTTP/1.1" 200 78
58.40.7.146 - - [02/Sep/2021:09:39:41 +0800] "POST /xingrg/kc/base/wlsy_list_operate.html?syType=1 HTTP/1.1" 200 206
222.70.176.99 - - [02/Sep/2021:09:39:41 +0800] "GET /xingrg/check_reg.html?_=1630546772243 HTTP/1.1" 200 22
222.70.176.99 - - [02/Sep/2021:09:39:41 +0800] "GET /xingrg/all/function/internal_message.html?_=1630546772244&CODE_STATE=getMsg HTTP/1.1" 200 27
58.40.7.146 - - [02/Sep/2021:09:39:42 +0800] "GET /xingrg/kc/base/wlsy_order_info.html?code=412020061100013 HTTP/1.1" 200 25546
58.40.7.146 - - [02/Sep/2021:09:39:42 +0800] "POST /xingrg/kc/base/wlsy_order_operate.html HTTP/1.1" 200 465
58.40.7.146 - - [02/Sep/2021:09:39:42 +0800] "GET /xingrg/javascript/easyui/themes/default/validatebox.css HTTP/1.1" 404 1104
117.184.7.26 - - [02/Sep/2021:09:39:45 +0800] "POST /xingrg/dwr/call/plaincall/AjaxComOrderService.getMaterielSearchList.dwr HTTP/1.1" 200 76
117.184.7.26 - - [02/Sep/2021:09:39:45 +0800] "POST /xingrg/dwr/call/plaincall/AjaxComOrderService.getMaterielSearchList.dwr HTTP/1.1" 200 7559
58.40.7.146 - - [02/Sep/2021:09:39:46 +0800] "GET /xingrg/all/function/internal_message.html?_=1630546784073&CODE_STATE=getMsg HTTP/1.1" 200 27
124.79.246.142 - - [02/Sep/2021:09:39:47 +0800] "GET /xingrg/kc/buy/cgsh_order_operate.html?command=get_materiel&rest_code=00104&code=00101001093&supplier_code=00100090&order_time=2021-09-02 HTTP/1.1" 200 411
117.184.7.26 - - [02/Sep/2021:09:39:47 +0800] "POST /xingrg/dwr/call/plaincall/AjaxYddbService.getMaterielByMap.dwr HTTP/1.1" 200 2730
58.35.209.156 - - [02/Sep/2021:09:39:48 +0800] "GET /xingrg/all/function/internal_message.html?_=1630546786032&CODE_STATE=getMsg HTTP/1.1" 302 -
101.83.145.79 - - [02/Sep/2021:09:39:50 +0800] "GET /xingrg/kc/buy/cgsh_order_operate.html?command=get_materiel&rest_code=00105&code=00101002027&supplier_code=00100397&order_time=2021-09-02 HTTP/1.1" 200 413
58.40.7.146 - - [02/Sep/2021:09:39:51 +0800] "POST /xingrg/kc/base/wlsy_list_operate.html?syType=1 HTTP/1.1" 200 9393
116.232.54.96 - - [02/Sep/2021:09:39:52 +0800] "GET /xingrg/kc/buy/cgsh_order_operate.html?command=get_materiel&rest_code=00109&code=00101008225&supplier_code=00100005&order_time=2021-09-02 HTTP/1.1" 200 416
180.169.147.146 - - [02/Sep/2021:09:39:54 +0800] "GET /xingrg/all/function/internal_message.html?_=1630546791990&CODE_STATE=getMsg HTTP/1.1" 200 27
116.232.54.96 - - [02/Sep/2021:09:39:58 +0800] "GET /xingrg/kc/buy/cgsh_order_operate.html?command=get_materiel&rest_code=00109&code=00101008125&supplier_code=00100005&order_time=2021-09-02 HTTP/1.1" 200 413
124.79.246.142 - - [02/Sep/2021:09:40:01 +0800] "GET /xingrg/check_reg.html?_=1630547254892 HTTP/1.1" 200 22
124.79.246.142 - - [02/Sep/2021:09:40:01 +0800] "GET /xingrg/all/function/internal_message.html?_=1630547254986&CODE_STATE=getMsg HTTP/1.1" 200 27
222.70.246.151 - - [02/Sep/2021:09:40:02 +0800] "GET /xingrg/check_reg.html?_=1630546813742 HTTP/1.1" 200 22
222.70.246.151 - - [02/Sep/2021:09:40:03 +0800] "GET /xingrg/all/function/internal_message.html?_=1630546814341&CODE_STATE=getMsg HTTP/1.1" 200 27
101.83.145.79 - - [02/Sep/2021:09:40:03 +0800] "GET /xingrg/all/function/internal_message.html?_=1630546801958&CODE_STATE=getMsg HTTP/1.1" 200 27
117.184.7.26 - - [02/Sep/2021:09:40:04 +0800] "POST /xingrg/dwr/call/plaincall/AjaxYddbService.saveMaterielItem.dwr HTTP/1.1" 200 78
116.232.54.96 - - [02/Sep/2021:09:40:05 +0800] "GET /xingrg/kc/buy/cgsh_order_operate.html?command=get_materiel&rest_code=00109&code=00101008155&supplier_code=00100005&order_time=2021-09-02 HTTP/1.1" 200 408
58.40.7.146 - - [02/Sep/2021:09:40:06 +0800] "GET /xingrg/kc/base/wldb_order_list.html HTTP/1.1" 200 19483
58.40.7.146 - - [02/Sep/2021:09:40:06 +0800] "POST /xingrg/kc/base/wldb_list_operate.html HTTP/1.1" 200 2595
116.238.194.18 - - [02/Sep/2021:09:40:09 +0800] "GET /xingrg/check_reg.html?_=1630546789911 HTTP/1.1" 200 22
116.238.194.18 - - [02/Sep/2021:09:40:10 +0800] "GET /xingrg/all/function/internal_message.html?_=1630546790684&CODE_STATE=getMsg HTTP/1.1" 200 27
180.169.147.146 - - [02/Sep/2021:09:40:10 +0800] "GET /xingrg/all/function/internal_message.html?_=1630546807539&CODE_STATE=getMsg HTTP/1.1" 200 27
101.83.145.79 - - [02/Sep/2021:09:40:11 +0800] "GET /xingrg/kc/buy/cgsh_order_operate.html?command=get_materiel&rest_code=00105&code=00101001061&supplier_code=00100397&order_time=2021-09-02 HTTP/1.1" 200 417
116.232.54.96 - - [02/Sep/2021:09:40:13 +0800] "GET /xingrg/kc/buy/cgsh_order_operate.html?command=get_materiel&rest_code=00109&code=00101008350&supplier_code=00100005&order_time=2021-09-02 HTTP/1.1" 200 408
116.232.54.96 - - [02/Sep/2021:09:40:15 +0800] "POST /xingrg/kc/buy/cgsh_order_operate.html HTTP/1.1" 200 2065
117.184.7.26 - - [02/Sep/2021:09:40:15 +0800] "GET /xingrg/all/function/internal_message.html?_=1630546807153&CODE_STATE=getMsg HTTP/1.1" 200 27
117.184.7.26 - - [02/Sep/2021:09:40:16 +0800] "GET /xingrg/check_reg.html?_=1630546807296 HTTP/1.1" 200 22
180.157.254.90 - - [02/Sep/2021:09:40:17 +0800] "GET /xingrg/all/function/internal_message.html?_=1630546816017&CODE_STATE=getMsg HTTP/1.1" 200 27
124.79.246.142 - - [02/Sep/2021:09:40:18 +0800] "GET /xingrg/kc/buy/cgsh_order_operate.html?command=get_materiel&rest_code=00104&code=00101001125&supplier_code=00100090&order_time=2021-09-02 HTTP/1.1" 200 413
101.83.145.79 - - [02/Sep/2021:09:40:19 +0800] "GET /xingrg/all/function/internal_message.html?_=1630546767653&CODE_STATE=getMsg HTTP/1.1" 200 27
116.232.54.96 - - [02/Sep/2021:09:40:20 +0800] "GET /xingrg/kc/buy/cgsh_order_operate.html?command=get_materiel&rest_code=00109&code=00101008110&supplier_code=00100005&order_time=2021-09-02 HTTP/1.1" 200 408
116.230.105.26 - - [02/Sep/2021:09:40:20 +0800] "GET /xingrg/all/function/internal_message.html?_=1630546771431&CODE_STATE=getMsg HTTP/1.1" 200 27
117.184.7.26 - - [02/Sep/2021:09:40:21 +0800] "POST /xingrg/dwr/call/plaincall/AjaxYddbService.saveOrder.dwr HTTP/1.1" 200 78
222.69.131.224 - - [02/Sep/2021:09:40:22 +0800] "GET /xingrg/all/function/internal_message.html?_=1630546820009&CODE_STATE=getMsg HTTP/1.1" 200 27
116.232.54.96 - - [02/Sep/2021:09:40:24 +0800] "GET /xingrg/all/function/internal_message.html?_=1630546822391&CODE_STATE=getMsg HTTP/1.1" 200 27
117.184.7.26 - - [02/Sep/2021:09:40:24 +0800] "POST /xingrg/kc/base/yddb_list_operate.html HTTP/1.1" 200 1592
117.184.7.26 - - [02/Sep/2021:09:40:25 +0800] "POST /xingrg/kc/base/yddb_list_operate.html HTTP/1.1" 200 198
117.184.7.26 - - [02/Sep/2021:09:40:27 +0800] "POST /xingrg/kc/base/yddb_list_operate.html HTTP/1.1" 200 578
101.83.145.79 - - [02/Sep/2021:09:40:27 +0800] "POST /xingrg/kc/buy/cgsh_order_operate.html HTTP/1.1" 200 37
117.184.7.26 - - [02/Sep/2021:09:40:28 +0800] "GET /xingrg/kc/base/yddb_order_info.html?code=482021090100018 HTTP/1.1" 200 31372
117.184.7.26 - - [02/Sep/2021:09:40:28 +0800] "GET /xingrg/dwr/interface/AjaxYddbService.js HTTP/1.1" 200 13201
117.184.7.26 - - [02/Sep/2021:09:40:28 +0800] "GET /xingrg/dwr/interface/AjaxComOrderService.js HTTP/1.1" 200 18264
117.184.7.26 - - [02/Sep/2021:09:40:28 +0800] "GET /xingrg/dwr/engine.js HTTP/1.1" 200 43631
117.184.7.26 - - [02/Sep/2021:09:40:28 +0800] "POST /xingrg/dwr/call/plaincall/AjaxYddbService.loadMaterielItems.dwr HTTP/1.1" 200 5338
116.232.54.96 - - [02/Sep/2021:09:40:28 +0800] "GET /xingrg/kc/buy/cgsh_order_operate.html?command=get_materiel&rest_code=00109&code=00101008290&supplier_code=00100005&order_time=2021-09-02 HTTP/1.1" 200 416
180.169.147.146 - - [02/Sep/2021:09:40:29 +0800] "GET /xingrg/all/function/internal_message.html?_=1630546827589&CODE_STATE=getMsg HTTP/1.1" 200 27
58.40.7.146 - - [02/Sep/2021:09:40:31 +0800] "POST /xingrg/kc/base/wldb_list_operate.html HTTP/1.1" 200 635
58.40.7.146 - - [02/Sep/2021:09:40:31 +0800] "GET /xingrg/kc/base/wldb_order_info.html?code=422021090100044 HTTP/1.1" 200 30461
58.40.7.146 - - [02/Sep/2021:09:40:31 +0800] "GET /xingrg/javascript/easyui/themes/default/validatebox.css HTTP/1.1" 404 1104
58.40.7.146 - - [02/Sep/2021:09:40:32 +0800] "POST /xingrg/kc/base/wldb_order_operate.html HTTP/1.1" 200 8220
116.238.194.18 - - [02/Sep/2021:09:40:32 +0800] "GET /xingrg/all/function/internal_message.html?_=1630546829374&CODE_STATE=getMsg HTTP/1.1" 200 27
101.85.93.96 - - [02/Sep/2021:09:40:33 +0800] "GET /xingrg/all/function/internal_message.html?_=1630546767198&CODE_STATE=getMsg HTTP/1.1" 200 27
116.232.54.96 - - [02/Sep/2021:09:40:35 +0800] "GET /xingrg/kc/buy/cgsh_order_operate.html?command=get_materiel&rest_code=00109&code=00101008356&supplier_code=00100005&order_time=2021-09-02 HTTP/1.1" 200 408
124.79.246.142 - - [02/Sep/2021:09:40:35 +0800] "GET /xingrg/javascript/easyui/themes/default/images/button_plain_hover.png HTTP/1.1" 304 -
124.79.246.142 - - [02/Sep/2021:09:40:35 +0800] "GET /xingrg/javascript/easyui/themes/default/images/button_plain_hover.png HTTP/1.1" 304 -
124.79.246.142 - - [02/Sep/2021:09:40:35 +0800] "GET /xingrg/javascript/easyui/themes/default/images/button_plain_hover.png HTTP/1.1" 304 -
124.79.246.142 - - [02/Sep/2021:09:40:38 +0800] "POST /xingrg/kc/buy/cgsh_order_operate.html HTTP/1.1" 200 37
58.40.7.146 - - [02/Sep/2021:09:40:39 +0800] "GET /xingrg/kc/base/wldb_order_operate.html?command=get_materiel&rest_code=00151&base_code=0010615&code=00101028041 HTTP/1.1" 200 454
120.253.135.82 - - [02/Sep/2021:09:40:39 +0800] "GET /xingrg/all/function/internal_message.html?_=1630546838961&CODE_STATE=getMsg HTTP/1.1" 200 27
124.79.246.142 - - [02/Sep/2021:09:40:40 +0800] "POST /xingrg/kc/buy/cgsh_order_operate.html HTTP/1.1" 200 4445
124.79.246.142 - - [02/Sep/2021:09:40:40 +0800] "GET /xingrg/javascript/easyui/themes/default/images/button_plain_hover.png HTTP/1.1" 304 -
124.79.246.142 - - [02/Sep/2021:09:40:40 +0800] "GET /xingrg/javascript/easyui/themes/default/images/button_plain_hover.png HTTP/1.1" 304 -
124.79.246.142 - - [02/Sep/2021:09:40:40 +0800] "GET /xingrg/javascript/easyui/themes/default/images/button_plain_hover.png HTTP/1.1" 304 -
124.79.246.142 - - [02/Sep/2021:09:40:40 +0800] "GET /xingrg/javascript/easyui/themes/default/images/button_plain_hover.png HTTP/1.1" 304 -
124.79.246.142 - - [02/Sep/2021:09:40:41 +0800] "GET /xingrg/kc/print/load_config.html?kc_code=cgsh HTTP/1.1" 200 2076
124.79.246.142 - - [02/Sep/2021:09:40:41 +0800] "GET /xingrg/kc/print/load_data.html?order_code=212021090200448&kc_code=cgsh&condition= HTTP/1.1" 200 1431
222.70.176.99 - - [02/Sep/2021:09:40:41 +0800] "GET /xingrg/all/function/internal_message.html?_=1630546832241&CODE_STATE=getMsg HTTP/1.1" 200 27
101.83.145.79 - - [02/Sep/2021:09:40:42 +0800] "POST /xingrg/kc/buy/cgsh_order_operate.html HTTP/1.1" 200 3845
116.232.54.96 - - [02/Sep/2021:09:40:42 +0800] "GET /xingrg/kc/buy/cgsh_order_operate.html?command=get_materiel&rest_code=00109&code=00101008098&supplier_code=00100005&order_time=2021-09-02 HTTP/1.1" 200 412
101.83.145.79 - - [02/Sep/2021:09:40:44 +0800] "GET /xingrg/kc/print/load_data.html?order_code=212021090200447&kc_code=cgsh&condition= HTTP/1.1" 200 1112
124.79.246.142 - - [02/Sep/2021:09:40:44 +0800] "GET /xingrg/javascript/easyui/themes/default/images/button_plain_hover.png HTTP/1.1" 304 -
124.79.246.142 - - [02/Sep/2021:09:40:45 +0800] "GET /xingrg/javascript/easyui/themes/default/images/button_plain_hover.png HTTP/1.1" 304 -
124.79.246.142 - - [02/Sep/2021:09:40:45 +0800] "GET /xingrg/javascript/easyui/themes/default/images/button_plain_hover.png HTTP/1.1" 304 -
124.79.246.142 - - [02/Sep/2021:09:40:45 +0800] "GET /xingrg/javascript/easyui/themes/default/images/button_plain_hover.png HTTP/1.1" 304 -
124.79.246.142 - - [02/Sep/2021:09:40:45 +0800] "GET /xingrg/css/site.css HTTP/1.1" 304 -
124.79.246.142 - - [02/Sep/2021:09:40:45 +0800] "GET /xingrg/css/base.css HTTP/1.1" 304 -
124.79.246.142 - - [02/Sep/2021:09:40:45 +0800] "GET /xingrg/kc/buy/cgsh_order_add.html HTTP/1.1" 200 63376
124.79.246.142 - - [02/Sep/2021:09:40:45 +0800] "GET /xingrg/javascript/jquery_tools/datebox.css HTTP/1.1" 304 -
124.79.246.142 - - [02/Sep/2021:09:40:45 +0800] "GET /xingrg/javascript/jquery_tools/jquery.tools.table.js HTTP/1.1" 304 -
124.79.246.142 - - [02/Sep/2021:09:40:45 +0800] "GET /xingrg/javascript/auto/jquery.autocomplete.js HTTP/1.1" 304 -
124.79.246.142 - - [02/Sep/2021:09:40:45 +0800] "GET /xingrg/javascript/easyui/themes/icon.css HTTP/1.1" 304 -
124.79.246.142 - - [02/Sep/2021:09:40:45 +0800] "GET /xingrg/javascript/easyui/themes/default/easyui.css HTTP/1.1" 304 -
124.79.246.142 - - [02/Sep/2021:09:40:45 +0800] "GET /xingrg/javascript/jquery_tools/table.css HTTP/1.1" 304 -
124.79.246.142 - - [02/Sep/2021:09:40:45 +0800] "GET /xingrg/javascript/jquery_tools/fix.css HTTP/1.1" 304 -
124.79.246.142 - - [02/Sep/2021:09:40:45 +0800] "GET /xingrg/javascript/pic_change.js HTTP/1.1" 304 -
124.79.246.142 - - [02/Sep/2021:09:40:45 +0800] "GET /xingrg/javascript/easyui/easyloader.js HTTP/1.1" 304 -
124.79.246.142 - - [02/Sep/2021:09:40:45 +0800] "GET /xingrg/javascript/jquery.utils.js HTTP/1.1" 304 -
124.79.246.142 - - [02/Sep/2021:09:40:45 +0800] "GET /xingrg/javascript/jquery_tools/order_manager.js HTTP/1.1" 304 -
124.79.246.142 - - [02/Sep/2021:09:40:45 +0800] "GET /xingrg/javascript/auto/jquery.autocomplete.css HTTP/1.1" 304 -
124.79.246.142 - - [02/Sep/2021:09:40:45 +0800] "GET /xingrg/javascript/print/kc_print.js HTTP/1.1" 304 -
124.79.246.142 - - [02/Sep/2021:09:40:45 +0800] "GET /xingrg/javascript/print/LodopFuncs.js HTTP/1.1" 304 -
124.79.246.142 - - [02/Sep/2021:09:40:45 +0800] "GET /xingrg/javascript/jquery_tools/jquery.tools.extend.js HTTP/1.1" 304 -
124.79.246.142 - - [02/Sep/2021:09:40:45 +0800] "GET /xingrg/javascript/jquery_tools/jquery.tools.min.js HTTP/1.1" 304 -
124.79.246.142 - - [02/Sep/2021:09:40:45 +0800] "GET /xingrg/javascript/jquery_tools/jquery.tools.hotkey.js HTTP/1.1" 304 -
124.79.246.142 - - [02/Sep/2021:09:40:45 +0800] "GET /xingrg/javascript/convert.js HTTP/1.1" 304 -
124.79.246.142 - - [02/Sep/2021:09:40:45 +0800] "GET /xingrg/javascript/json2.js HTTP/1.1" 304 -
124.79.246.142 - - [02/Sep/2021:09:40:45 +0800] "GET /xingrg/javascript/jquery.cookie.js HTTP/1.1" 304 -
124.79.246.142 - - [02/Sep/2021:09:40:45 +0800] "GET /xingrg/words/20210901170830_words.js HTTP/1.1" 304 -
124.79.246.142 - - [02/Sep/2021:09:40:46 +0800] "GET /xingrg/javascript/easyui/themes/icons/copy_new.png HTTP/1.1" 304 -
124.79.246.142 - - [02/Sep/2021:09:40:46 +0800] "GET /xingrg/javascript/easyui/themes/icons/template_new.png HTTP/1.1" 304 -
124.79.246.142 - - [02/Sep/2021:09:40:46 +0800] "GET /xingrg/javascript/easyui/themes/icons/ok.png HTTP/1.1" 304 -
124.79.246.142 - - [02/Sep/2021:09:40:46 +0800] "GET /xingrg/javascript/easyui/themes/icons/print.png HTTP/1.1" 304 -
124.79.246.142 - - [02/Sep/2021:09:40:46 +0800] "GET /xingrg/javascript/easyui/themes/default/images/menu_downarrow.png HTTP/1.1" 304 -
124.79.246.142 - - [02/Sep/2021:09:40:46 +0800] "GET /xingrg/javascript/easyui/themes/icons/cancel.png HTTP/1.1" 304 -
124.79.246.142 - - [02/Sep/2021:09:40:46 +0800] "GET /xingrg/javascript/easyui/plugins/jquery.parser.js HTTP/1.1" 304 -
124.79.246.142 - - [02/Sep/2021:09:40:46 +0800] "POST /xingrg/kc/buy/cgsh_order_operate.html HTTP/1.1" 200 8245
124.79.246.142 - - [02/Sep/2021:09:40:46 +0800] "GET /xingrg/all/common/auto_word.html?type=employee&rest_code=00104 HTTP/1.1" 200 149
124.79.246.142 - - [02/Sep/2021:09:40:46 +0800] "GET /xingrg/all/common/auto_word.html?type=employee&rest_code=00104 HTTP/1.1" 200 149
124.79.246.142 - - [02/Sep/2021:09:40:46 +0800] "GET /xingrg/javascript/easyui/themes/default/validatebox.css HTTP/1.1" 404 1104
124.79.246.142 - - [02/Sep/2021:09:40:46 +0800] "GET /xingrg/javascript/easyui/plugins/jquery.validatebox.js HTTP/1.1" 304 -
124.79.246.142 - - [02/Sep/2021:09:40:46 +0800] "GET /xingrg/javascript/easyui/plugins/jquery.numberbox.js HTTP/1.1" 304 -
58.40.7.146 - - [02/Sep/2021:09:40:46 +0800] "GET /xingrg/all/function/internal_message.html?_=1630546844069&CODE_STATE=getMsg HTTP/1.1" 200 27
124.79.246.142 - - [02/Sep/2021:09:40:46 +0800] "GET /xingrg/javascript/easyui/plugins/jquery.draggable.js HTTP/1.1" 304 -
124.79.246.142 - - [02/Sep/2021:09:40:46 +0800] "GET /xingrg/css/images/panel_loading.gif HTTP/1.1" 304 -
124.79.246.142 - - [02/Sep/2021:09:40:47 +0800] "GET /xingrg/javascript/easyui/plugins/jquery.droppable.js HTTP/1.1" 304 -
124.79.246.142 - - [02/Sep/2021:09:40:47 +0800] "GET /xingrg/javascript/easyui/themes/default/tree.css HTTP/1.1" 404 1090
124.79.246.142 - - [02/Sep/2021:09:40:47 +0800] "GET /xingrg/javascript/easyui/plugins/jquery.tree.js HTTP/1.1" 304 -
124.79.246.142 - - [02/Sep/2021:09:40:47 +0800] "POST /xingrg/all/common/load_tree.html?tree=supplier_tree_json&isDelete=1 HTTP/1.1" 200 57570
116.232.54.96 - - [02/Sep/2021:09:40:48 +0800] "GET /xingrg/kc/buy/cgsh_order_operate.html?command=get_materiel&rest_code=00109&code=00101008353&supplier_code=00100005&order_time=2021-09-02 HTTP/1.1" 200 408
58.35.209.156 - - [02/Sep/2021:09:40:48 +0800] "GET /xingrg/all/function/internal_message.html?_=1630546846020&CODE_STATE=getMsg HTTP/1.1" 302 -
124.79.246.142 - - [02/Sep/2021:09:40:49 +0800] "GET /xingrg/javascript/easyui/themes/default/images/tree_folder_open.gif HTTP/1.1" 304 -
124.79.246.142 - - [02/Sep/2021:09:40:49 +0800] "GET /xingrg/javascript/easyui/themes/default/images/tree_folder.gif HTTP/1.1" 304 -
124.79.246.142 - - [02/Sep/2021:09:40:49 +0800] "GET /xingrg/javascript/easyui/themes/default/images/tree_file.gif HTTP/1.1" 304 -
116.232.54.96 - - [02/Sep/2021:09:40:49 +0800] "POST /xingrg/kc/buy/cgsh_order_operate.html HTTP/1.1" 200 2065
180.169.147.146 - - [02/Sep/2021:09:40:54 +0800] "GET /xingrg/all/function/internal_message.html?_=1630546852002&CODE_STATE=getMsg HTTP/1.1" 200 27
116.232.54.96 - - [02/Sep/2021:09:40:58 +0800] "GET /xingrg/kc/buy/cgsh_order_operate.html?command=get_materiel&rest_code=00109&code=00101008236&supplier_code=00100005&order_time=2021-09-02 HTTP/1.1" 200 416
124.79.246.142 - - [02/Sep/2021:09:41:01 +0800] "GET /xingrg/all/function/internal_message.html?_=1630547315007&CODE_STATE=getMsg HTTP/1.1" 200 27
222.70.246.151 - - [02/Sep/2021:09:41:03 +0800] "GET /xingrg/all/function/internal_message.html?_=1630546874355&CODE_STATE=getMsg HTTP/1.1" 200 27
124.79.246.142 - - [02/Sep/2021:09:41:03 +0800] "GET /xingrg/kc/buy/cgsh_order_operate.html?command=get_materiel&rest_code=00104&code=00101003004&supplier_code=00100093&order_time=2021-09-02 HTTP/1.1" 200 420
101.83.145.79 - - [02/Sep/2021:09:41:03 +0800] "GET /xingrg/all/function/internal_message.html?_=1630546861936&CODE_STATE=getMsg HTTP/1.1" 200 27
116.232.54.96 - - [02/Sep/2021:09:41:08 +0800] "GET /xingrg/kc/buy/cgsh_order_operate.html?command=get_materiel&rest_code=00109&code=00101008109&supplier_code=00100005&order_time=2021-09-02 HTTP/1.1" 200 413
116.238.194.18 - - [02/Sep/2021:09:41:10 +0800] "GET /xingrg/all/function/internal_message.html?_=1630546850698&CODE_STATE=getMsg HTTP/1.1" 200 27
180.169.147.146 - - [02/Sep/2021:09:41:10 +0800] "GET /xingrg/check_reg.html?_=1630546867563 HTTP/1.1" 200 22
180.169.147.146 - - [02/Sep/2021:09:41:10 +0800] "GET /xingrg/all/function/internal_message.html?_=1630546867560&CODE_STATE=getMsg HTTP/1.1" 200 27
116.232.54.96 - - [02/Sep/2021:09:41:13 +0800] "GET /xingrg/kc/buy/cgsh_order_operate.html?command=get_materiel&rest_code=00109&code=00101008125&supplier_code=00100005&order_time=2021-09-02 HTTP/1.1" 200 413
124.79.246.142 - - [02/Sep/2021:09:41:15 +0800] "GET /xingrg/javascript/easyui/themes/default/images/button_plain_hover.png HTTP/1.1" 304 -
124.79.246.142 - - [02/Sep/2021:09:41:15 +0800] "GET /xingrg/javascript/easyui/themes/default/images/button_plain_hover.png HTTP/1.1" 304 -
124.79.246.142 - - [02/Sep/2021:09:41:15 +0800] "GET /xingrg/javascript/easyui/themes/default/images/button_plain_hover.png HTTP/1.1" 304 -
124.79.246.142 - - [02/Sep/2021:09:41:15 +0800] "GET /xingrg/javascript/easyui/themes/default/images/button_plain_hover.png HTTP/1.1" 304 -
117.184.7.26 - - [02/Sep/2021:09:41:15 +0800] "GET /xingrg/all/function/internal_message.html?_=1630546867129&CODE_STATE=getMsg HTTP/1.1" 200 27
180.157.254.90 - - [02/Sep/2021:09:41:17 +0800] "GET /xingrg/all/function/internal_message.html?_=1630546876015&CODE_STATE=getMsg HTTP/1.1" 200 27
124.79.246.142 - - [02/Sep/2021:09:41:18 +0800] "POST /xingrg/kc/buy/cgsh_order_operate.html HTTP/1.1" 200 37
101.83.145.79 - - [02/Sep/2021:09:41:19 +0800] "GET /xingrg/all/function/internal_message.html?_=1630546827652&CODE_STATE=getMsg HTTP/1.1" 200 27
101.83.145.79 - - [02/Sep/2021:09:41:19 +0800] "GET /xingrg/check_reg.html?_=1630546827654 HTTP/1.1" 200 22
124.79.246.142 - - [02/Sep/2021:09:41:19 +0800] "POST /xingrg/kc/buy/cgsh_order_operate.html HTTP/1.1" 200 2668
116.232.54.96 - - [02/Sep/2021:09:41:19 +0800] "GET /xingrg/kc/buy/cgsh_order_operate.html?command=get_materiel&rest_code=00109&code=00101008114&supplier_code=00100005&order_time=2021-09-02 HTTP/1.1" 200 412
116.230.105.26 - - [02/Sep/2021:09:41:20 +0800] "GET /xingrg/all/function/internal_message.html?_=1630546831417&CODE_STATE=getMsg HTTP/1.1" 200 27
222.69.131.224 - - [02/Sep/2021:09:41:22 +0800] "GET /xingrg/check_reg.html?_=1630546880039 HTTP/1.1" 200 22
222.69.131.224 - - [02/Sep/2021:09:41:22 +0800] "GET /xingrg/all/function/internal_message.html?_=1630546880023&CODE_STATE=getMsg HTTP/1.1" 200 27
124.79.246.142 - - [02/Sep/2021:09:41:22 +0800] "GET /xingrg/javascript/easyui/themes/default/images/button_plain_hover.png HTTP/1.1" 304 -
124.79.246.142 - - [02/Sep/2021:09:41:23 +0800] "GET /xingrg/kc/print/load_config.html?kc_code=cgsh HTTP/1.1" 200 2076
124.79.246.142 - - [02/Sep/2021:09:41:23 +0800] "GET /xingrg/kc/print/load_data.html?order_code=212021090200449&kc_code=cgsh&condition= HTTP/1.1" 200 744
116.232.54.96 - - [02/Sep/2021:09:41:24 +0800] "GET /xingrg/all/function/internal_message.html?_=1630546882392&CODE_STATE=getMsg HTTP/1.1" 200 27
116.232.54.96 - - [02/Sep/2021:09:41:24 +0800] "GET /xingrg/check_reg.html?_=1630546882394 HTTP/1.1" 200 22
101.83.145.79 - - [02/Sep/2021:09:41:25 +0800] "GET /xingrg/kc/buy/cgsh_order_add.html HTTP/1.1" 200 63417
101.83.145.79 - - [02/Sep/2021:09:41:25 +0800] "POST /xingrg/kc/buy/cgsh_order_operate.html HTTP/1.1" 200 8245
101.83.145.79 - - [02/Sep/2021:09:41:25 +0800] "GET /xingrg/javascript/easyui/themes/default/validatebox.css HTTP/1.1" 404 1104
116.232.54.96 - - [02/Sep/2021:09:41:27 +0800] "GET /xingrg/kc/buy/cgsh_order_operate.html?command=get_materiel&rest_code=00109&code=00101015046&supplier_code=00100005&order_time=2021-09-02 HTTP/1.1" 200 412
124.79.246.142 - - [02/Sep/2021:09:41:28 +0800] "GET /xingrg/javascript/easyui/themes/default/images/button_plain_hover.png HTTP/1.1" 304 -
124.79.246.142 - - [02/Sep/2021:09:41:28 +0800] "GET /xingrg/javascript/easyui/themes/default/images/button_plain_hover.png HTTP/1.1" 304 -
124.79.246.142 - - [02/Sep/2021:09:41:28 +0800] "GET /xingrg/css/base.css HTTP/1.1" 304 -
124.79.246.142 - - [02/Sep/2021:09:41:28 +0800] "GET /xingrg/css/site.css HTTP/1.1" 304 -
124.79.246.142 - - [02/Sep/2021:09:41:28 +0800] "GET /xingrg/javascript/jquery_tools/datebox.css HTTP/1.1" 304 -
124.79.246.142 - - [02/Sep/2021:09:41:28 +0800] "GET /xingrg/javascript/easyui/themes/default/easyui.css HTTP/1.1" 304 -
124.79.246.142 - - [02/Sep/2021:09:41:28 +0800] "GET /xingrg/javascript/easyui/themes/icon.css HTTP/1.1" 304 -
124.79.246.142 - - [02/Sep/2021:09:41:28 +0800] "GET /xingrg/javascript/auto/jquery.autocomplete.css HTTP/1.1" 304 -
124.79.246.142 - - [02/Sep/2021:09:41:28 +0800] "GET /xingrg/javascript/jquery_tools/fix.css HTTP/1.1" 304 -
124.79.246.142 - - [02/Sep/2021:09:41:28 +0800] "GET /xingrg/javascript/jquery_tools/jquery.tools.hotkey.js HTTP/1.1" 304 -
124.79.246.142 - - [02/Sep/2021:09:41:28 +0800] "GET /xingrg/javascript/jquery_tools/jquery.tools.table.js HTTP/1.1" 304 -
124.79.246.142 - - [02/Sep/2021:09:41:28 +0800] "GET /xingrg/javascript/auto/jquery.autocomplete.js HTTP/1.1" 304 -
124.79.246.142 - - [02/Sep/2021:09:41:28 +0800] "GET /xingrg/kc/buy/cgsh_order_add.html HTTP/1.1" 200 63376
124.79.246.142 - - [02/Sep/2021:09:41:28 +0800] "GET /xingrg/javascript/jquery_tools/order_manager.js HTTP/1.1" 304 -
124.79.246.142 - - [02/Sep/2021:09:41:28 +0800] "GET /xingrg/javascript/easyui/easyloader.js HTTP/1.1" 304 -
124.79.246.142 - - [02/Sep/2021:09:41:28 +0800] "GET /xingrg/javascript/jquery.utils.js HTTP/1.1" 304 -
124.79.246.142 - - [02/Sep/2021:09:41:28 +0800] "GET /xingrg/javascript/json2.js HTTP/1.1" 304 -
124.79.246.142 - - [02/Sep/2021:09:41:28 +0800] "GET /xingrg/javascript/pic_change.js HTTP/1.1" 304 -
124.79.246.142 - - [02/Sep/2021:09:41:28 +0800] "GET /xingrg/javascript/jquery_tools/table.css HTTP/1.1" 304 -
124.79.246.142 - - [02/Sep/2021:09:41:28 +0800] "GET /xingrg/javascript/convert.js HTTP/1.1" 304 -
124.79.246.142 - - [02/Sep/2021:09:41:28 +0800] "GET /xingrg/javascript/jquery.cookie.js HTTP/1.1" 304 -
124.79.246.142 - - [02/Sep/2021:09:41:28 +0800] "GET /xingrg/javascript/jquery_tools/jquery.tools.min.js HTTP/1.1" 304 -
124.79.246.142 - - [02/Sep/2021:09:41:28 +0800] "GET /xingrg/javascript/print/kc_print.js HTTP/1.1" 304 -
124.79.246.142 - - [02/Sep/2021:09:41:28 +0800] "GET /xingrg/javascript/print/LodopFuncs.js HTTP/1.1" 304 -
124.79.246.142 - - [02/Sep/2021:09:41:28 +0800] "GET /xingrg/javascript/jquery_tools/jquery.tools.extend.js HTTP/1.1" 304 -
116.232.54.96 - - [02/Sep/2021:09:41:28 +0800] "POST /xingrg/kc/buy/cgsh_order_operate.html HTTP/1.1" 200 2065
124.79.246.142 - - [02/Sep/2021:09:41:29 +0800] "GET /xingrg/words/20210901170830_words.js HTTP/1.1" 304 -
124.79.246.142 - - [02/Sep/2021:09:41:29 +0800] "GET /xingrg/javascript/easyui/themes/icons/copy_new.png HTTP/1.1" 304 -
124.79.246.142 - - [02/Sep/2021:09:41:29 +0800] "GET /xingrg/javascript/easyui/themes/icons/template_new.png HTTP/1.1" 304 -
124.79.246.142 - - [02/Sep/2021:09:41:29 +0800] "GET /xingrg/javascript/easyui/themes/icons/ok.png HTTP/1.1" 304 -
124.79.246.142 - - [02/Sep/2021:09:41:29 +0800] "GET /xingrg/javascript/easyui/themes/icons/print.png HTTP/1.1" 304 -
124.79.246.142 - - [02/Sep/2021:09:41:29 +0800] "GET /xingrg/javascript/easyui/themes/default/images/menu_downarrow.png HTTP/1.1" 304 -
124.79.246.142 - - [02/Sep/2021:09:41:29 +0800] "GET /xingrg/javascript/easyui/themes/icons/cancel.png HTTP/1.1" 304 -
124.79.246.142 - - [02/Sep/2021:09:41:29 +0800] "GET /xingrg/javascript/easyui/plugins/jquery.parser.js HTTP/1.1" 304 -
124.79.246.142 - - [02/Sep/2021:09:41:29 +0800] "POST /xingrg/kc/buy/cgsh_order_operate.html HTTP/1.1" 200 8245
124.79.246.142 - - [02/Sep/2021:09:41:29 +0800] "GET /xingrg/all/common/auto_word.html?type=employee&rest_code=00104 HTTP/1.1" 200 149
124.79.246.142 - - [02/Sep/2021:09:41:29 +0800] "GET /xingrg/all/common/auto_word.html?type=employee&rest_code=00104 HTTP/1.1" 200 149
124.79.246.142 - - [02/Sep/2021:09:41:29 +0800] "GET /xingrg/javascript/easyui/themes/default/validatebox.css HTTP/1.1" 404 1104
124.79.246.142 - - [02/Sep/2021:09:41:29 +0800] "GET /xingrg/javascript/easyui/plugins/jquery.validatebox.js HTTP/1.1" 304 -
124.79.246.142 - - [02/Sep/2021:09:41:29 +0800] "GET /xingrg/javascript/easyui/plugins/jquery.numberbox.js HTTP/1.1" 304 -
180.169.147.146 - - [02/Sep/2021:09:41:29 +0800] "GET /xingrg/all/function/internal_message.html?_=1630546887581&CODE_STATE=getMsg HTTP/1.1" 200 27
124.79.246.142 - - [02/Sep/2021:09:41:30 +0800] "GET /xingrg/javascript/easyui/plugins/jquery.draggable.js HTTP/1.1" 304 -
124.79.246.142 - - [02/Sep/2021:09:41:30 +0800] "GET /xingrg/css/images/panel_loading.gif HTTP/1.1" 304 -
124.79.246.142 - - [02/Sep/2021:09:41:30 +0800] "GET /xingrg/javascript/easyui/plugins/jquery.droppable.js HTTP/1.1" 304 -
124.79.246.142 - - [02/Sep/2021:09:41:30 +0800] "GET /xingrg/javascript/easyui/themes/default/tree.css HTTP/1.1" 404 1090
124.79.246.142 - - [02/Sep/2021:09:41:30 +0800] "GET /xingrg/javascript/easyui/plugins/jquery.tree.js HTTP/1.1" 304 -
124.79.246.142 - - [02/Sep/2021:09:41:30 +0800] "POST /xingrg/all/common/load_tree.html?tree=supplier_tree_json&isDelete=1 HTTP/1.1" 200 57570
58.40.7.146 - - [02/Sep/2021:09:41:31 +0800] "GET /xingrg/check_reg.html?_=1630546888619 HTTP/1.1" 302 -
116.232.54.96 - - [02/Sep/2021:09:41:32 +0800] "GET /xingrg/kc/buy/cgsh_order_operate.html?command=get_materiel&rest_code=00109&code=00101015052&supplier_code=00100005&order_time=2021-09-02 HTTP/1.1" 200 413
116.238.194.18 - - [02/Sep/2021:09:41:32 +0800] "GET /xingrg/check_reg.html?_=1630546889359 HTTP/1.1" 200 22
116.238.194.18 - - [02/Sep/2021:09:41:32 +0800] "GET /xingrg/all/function/internal_message.html?_=1630546889363&CODE_STATE=getMsg HTTP/1.1" 200 27
124.79.246.142 - - [02/Sep/2021:09:41:32 +0800] "GET /xingrg/javascript/easyui/themes/default/images/tree_folder.gif HTTP/1.1" 304 -
124.79.246.142 - - [02/Sep/2021:09:41:32 +0800] "GET /xingrg/javascript/easyui/themes/default/images/tree_folder_open.gif HTTP/1.1" 304 -
124.79.246.142 - - [02/Sep/2021:09:41:32 +0800] "GET /xingrg/javascript/easyui/themes/default/images/tree_file.gif HTTP/1.1" 304 -
101.85.93.96 - - [02/Sep/2021:09:41:33 +0800] "GET /xingrg/check_reg.html?_=1630546827195 HTTP/1.1" 200 22
101.85.93.96 - - [02/Sep/2021:09:41:33 +0800] "GET /xingrg/all/function/internal_message.html?_=1630546827196&CODE_STATE=getMsg HTTP/1.1" 200 27
116.232.54.96 - - [02/Sep/2021:09:41:38 +0800] "GET /xingrg/kc/buy/cgsh_order_operate.html?command=get_materiel&rest_code=00109&code=00101013021&supplier_code=00100005&order_time=2021-09-02 HTTP/1.1" 200 412
120.253.135.82 - - [02/Sep/2021:09:41:39 +0800] "GET /xingrg/all/function/internal_message.html?_=1630546899004&CODE_STATE=getMsg HTTP/1.1" 200 27
222.70.176.99 - - [02/Sep/2021:09:41:41 +0800] "GET /xingrg/all/function/internal_message.html?_=1630546892242&CODE_STATE=getMsg HTTP/1.1" 200 27
116.232.54.96 - - [02/Sep/2021:09:41:44 +0800] "GET /xingrg/kc/buy/cgsh_order_operate.html?command=get_materiel&rest_code=00109&code=00101008356&supplier_code=00100005&order_time=2021-09-02 HTTP/1.1" 200 408
58.40.7.146 - - [02/Sep/2021:09:41:46 +0800] "GET /xingrg/all/function/internal_message.html?_=1630546904063&CODE_STATE=getMsg HTTP/1.1" 200 27
101.83.145.79 - - [02/Sep/2021:09:41:47 +0800] "GET /xingrg/kc/buy/cgsh_order_operate.html?command=get_materiel&rest_code=00105&code=00101016100&supplier_code=00100034&order_time=2021-09-02 HTTP/1.1" 200 412
58.35.209.156 - - [02/Sep/2021:09:41:48 +0800] "GET /xingrg/all/function/internal_message.html?_=1630546906024&CODE_STATE=getMsg HTTP/1.1" 302 -
124.79.246.142 - - [02/Sep/2021:09:41:50 +0800] "GET /xingrg/kc/buy/cgsh_order_operate.html?command=get_materiel&rest_code=00104&code=00101004038&supplier_code=00100312&order_time=2021-09-02 HTTP/1.1" 200 409
116.232.54.96 - - [02/Sep/2021:09:41:54 +0800] "GET /xingrg/kc/buy/cgsh_order_operate.html?command=get_materiel&rest_code=00109&code=00101008350&supplier_code=00100005&order_time=2021-09-02 HTTP/1.1" 200 408
180.169.147.146 - - [02/Sep/2021:09:41:54 +0800] "GET /xingrg/check_reg.html?_=1630546911998 HTTP/1.1" 200 22
180.169.147.146 - - [02/Sep/2021:09:41:54 +0800] "GET /xingrg/all/function/internal_message.html?_=1630546912002&CODE_STATE=getMsg HTTP/1.1" 200 27
58.40.7.146 - - [02/Sep/2021:09:41:55 +0800] "GET /xingrg/kc/base/wldb_order_operate.html?command=get_materiel&rest_code=00151&base_code=0010615&code=00101029070 HTTP/1.1" 200 462
124.79.246.142 - - [02/Sep/2021:09:42:01 +0800] "GET /xingrg/all/function/internal_message.html?_=1630547375027&CODE_STATE=getMsg HTTP/1.1" 200 27
116.232.54.96 - - [02/Sep/2021:09:42:01 +0800] "GET /xingrg/kc/buy/cgsh_order_operate.html?command=get_materiel&rest_code=00109&code=00101008357&supplier_code=00100005&order_time=2021-09-02 HTTP/1.1" 200 408
58.40.7.146 - - [02/Sep/2021:09:42:03 +0800] "GET /xingrg/kc/base/wldb_order_operate.html?command=get_materiel&rest_code=00151&base_code=0010615&code=00101029064 HTTP/1.1" 200 466
222.70.246.151 - - [02/Sep/2021:09:42:03 +0800] "GET /xingrg/all/function/internal_message.html?_=1630546934368&CODE_STATE=getMsg HTTP/1.1" 200 27
