180.169.147.146 - - [02/Sep/2021:10:14:10 +0800] "GET /xingrg/all/function/internal_message.html?_=1630548847555&CODE_STATE=getMsg HTTP/1.1" 200 27
116.238.194.18 - - [02/Sep/2021:10:14:10 +0800] "GET /xingrg/all/function/internal_message.html?_=1630548831255&CODE_STATE=getMsg HTTP/1.1" 200 27
124.79.246.142 - - [02/Sep/2021:10:14:13 +0800] "GET /xingrg/kc/buy/buy_main.html HTTP/1.1" 200 12412
124.79.246.142 - - [02/Sep/2021:10:14:13 +0800] "GET /xingrg/css/new_ie.css HTTP/1.1" 404 1036
124.79.246.142 - - [02/Sep/2021:10:14:13 +0800] "GET /xingrg/css/blue.css HTTP/1.1" 304 -
124.79.246.142 - - [02/Sep/2021:10:14:13 +0800] "GET /xingrg/javascript/jquery_ui/themes/humanity/humanity.css HTTP/1.1" 304 -
124.79.246.142 - - [02/Sep/2021:10:14:13 +0800] "GET /xingrg/javascript/ToolTips.js HTTP/1.1" 304 -
124.79.246.142 - - [02/Sep/2021:10:14:13 +0800] "GET /xingrg/javascript/pic_change.js HTTP/1.1" 304 -
124.79.246.142 - - [02/Sep/2021:10:14:13 +0800] "GET /xingrg/javascript/jquery-1.4.2.min.js HTTP/1.1" 304 -
124.79.246.142 - - [02/Sep/2021:10:14:13 +0800] "GET /xingrg/javascript/myfunction.js HTTP/1.1" 304 -
124.79.246.142 - - [02/Sep/2021:10:14:13 +0800] "GET /xingrg/javascript/jquery_ui/jquery-ui.min.js HTTP/1.1" 304 -
124.79.246.142 - - [02/Sep/2021:10:14:13 +0800] "GET /xingrg/javascript/jquery.utils.js HTTP/1.1" 304 -
124.79.246.142 - - [02/Sep/2021:10:14:13 +0800] "GET /xingrg/javascript/jquery_easy_ui/themes/default/easyui.css HTTP/1.1" 304 -
124.79.246.142 - - [02/Sep/2021:10:14:13 +0800] "GET /xingrg/javascript/jquery_easy_ui/themes/icon.css HTTP/1.1" 304 -
124.79.246.142 - - [02/Sep/2021:10:14:13 +0800] "GET /xingrg/images/blue/button/cgydd.gif HTTP/1.1" 304 -
124.79.246.142 - - [02/Sep/2021:10:14:13 +0800] "GET /xingrg/images/blue/button/cgxqd.gif HTTP/1.1" 304 -
124.79.246.142 - - [02/Sep/2021:10:14:13 +0800] "GET /xingrg/images/blue/button/cgshd.gif HTTP/1.1" 304 -
124.79.246.142 - - [02/Sep/2021:10:14:13 +0800] "GET /xingrg/images/blue/button/cgfkd.gif HTTP/1.1" 304 -
124.79.246.142 - - [02/Sep/2021:10:14:13 +0800] "GET /xingrg/images/blue/button/kc.gif HTTP/1.1" 304 -
124.79.246.142 - - [02/Sep/2021:10:14:13 +0800] "GET /xingrg/images/blue/button/ckthd.gif HTTP/1.1" 304 -
124.79.246.142 - - [02/Sep/2021:10:14:13 +0800] "GET /xingrg/images/blue/pic_form2.gif HTTP/1.1" 304 -
124.79.246.142 - - [02/Sep/2021:10:14:13 +0800] "GET /xingrg/images/blue/bg_dotted.jpg HTTP/1.1" 304 -
124.79.246.142 - - [02/Sep/2021:10:14:13 +0800] "GET /xingrg/javascript/jquery_ui/themes/humanity/images/ui-bg_inset-soft_100_f4f0ec_1x100.png HTTP/1.1" 304 -
124.79.246.142 - - [02/Sep/2021:10:14:13 +0800] "GET /xingrg/images/blue/button/right_ah.jpg HTTP/1.1" 304 -
124.79.246.142 - - [02/Sep/2021:10:14:13 +0800] "GET /xingrg/images/blue/button/down_ah.jpg HTTP/1.1" 304 -
124.79.246.142 - - [02/Sep/2021:10:14:13 +0800] "GET /xingrg/javascript/jquery_ui/themes/humanity/images/ui-iconsnew.jpg HTTP/1.1" 304 -
124.79.246.142 - - [02/Sep/2021:10:14:13 +0800] "GET /xingrg/javascript/jquery_ui/themes/humanity/images/ui-icons_ffffff_256x240.png HTTP/1.1" 304 -
124.79.246.142 - - [02/Sep/2021:10:14:13 +0800] "GET /xingrg/javascript/jquery_ui/themes/humanity/images/ui-icons_c47a23_256x240.png HTTP/1.1" 304 -
124.79.246.142 - - [02/Sep/2021:10:14:13 +0800] "GET /xingrg/javascript/jquery_ui/themes/humanity/images/ui-bg_glass_70_ede4d4_1x400.png HTTP/1.1" 304 -
124.79.246.142 - - [02/Sep/2021:10:14:14 +0800] "GET /xingrg/images/yd/bt.gif HTTP/1.1" 404 1040
124.79.246.142 - - [02/Sep/2021:10:14:14 +0800] "GET /xingrg/css/site.css HTTP/1.1" 304 -
124.79.246.142 - - [02/Sep/2021:10:14:14 +0800] "GET /xingrg/javascript/jquery_tools/datebox.css HTTP/1.1" 304 -
124.79.246.142 - - [02/Sep/2021:10:14:14 +0800] "GET /xingrg/javascript/easyui/themes/default/easyui.css HTTP/1.1" 304 -
124.79.246.142 - - [02/Sep/2021:10:14:14 +0800] "GET /xingrg/javascript/easyui/themes/icon.css HTTP/1.1" 304 -
124.79.246.142 - - [02/Sep/2021:10:14:14 +0800] "GET /xingrg/javascript/auto/jquery.autocomplete.css HTTP/1.1" 304 -
124.79.246.142 - - [02/Sep/2021:10:14:14 +0800] "GET /xingrg/javascript/jquery_tools/fix.css HTTP/1.1" 304 -
124.79.246.142 - - [02/Sep/2021:10:14:14 +0800] "GET /xingrg/javascript/jquery_tools/table.css HTTP/1.1" 304 -
124.79.246.142 - - [02/Sep/2021:10:14:14 +0800] "GET /xingrg/javascript/jquery_tools/jquery.tools.min.js HTTP/1.1" 304 -
124.79.246.142 - - [02/Sep/2021:10:14:14 +0800] "GET /xingrg/kc/buy/cgsh_order_list.html HTTP/1.1" 200 47638
124.79.246.142 - - [02/Sep/2021:10:14:14 +0800] "GET /xingrg/javascript/jquery_tools/jquery.tools.hotkey.js HTTP/1.1" 304 -
124.79.246.142 - - [02/Sep/2021:10:14:14 +0800] "GET /xingrg/javascript/jquery_tools/jquery.tools.table.js HTTP/1.1" 304 -
124.79.246.142 - - [02/Sep/2021:10:14:14 +0800] "GET /xingrg/javascript/jquery_tools/list_manager.js HTTP/1.1" 304 -
124.79.246.142 - - [02/Sep/2021:10:14:14 +0800] "GET /xingrg/javascript/auto/jquery.autocomplete.js HTTP/1.1" 304 -
124.79.246.142 - - [02/Sep/2021:10:14:14 +0800] "GET /xingrg/javascript/jquery.utils.js HTTP/1.1" 304 -
124.79.246.142 - - [02/Sep/2021:10:14:14 +0800] "GET /xingrg/javascript/jquery.cookie.js HTTP/1.1" 304 -
124.79.246.142 - - [02/Sep/2021:10:14:14 +0800] "GET /xingrg/javascript/print/LodopFuncs.js HTTP/1.1" 304 -
124.79.246.142 - - [02/Sep/2021:10:14:14 +0800] "GET /xingrg/javascript/jquery_tools/jquery.tools.extend.js HTTP/1.1" 304 -
124.79.246.142 - - [02/Sep/2021:10:14:14 +0800] "GET /xingrg/css/base.css HTTP/1.1" 304 -
124.79.246.142 - - [02/Sep/2021:10:14:14 +0800] "GET /xingrg/javascript/easyui/easyloader.js HTTP/1.1" 304 -
180.169.147.146 - - [02/Sep/2021:10:14:15 +0800] "GET /xingrg/all/function/internal_message.html?_=1630548853774&CODE_STATE=getMsg HTTP/1.1" 200 27
124.79.246.142 - - [02/Sep/2021:10:14:15 +0800] "GET /xingrg/javascript/easyui/themes/icons/field_new.png HTTP/1.1" 304 -
124.79.246.142 - - [02/Sep/2021:10:14:15 +0800] "GET /xingrg/javascript/easyui/plugins/jquery.parser.js HTTP/1.1" 304 -
124.79.246.142 - - [02/Sep/2021:10:14:15 +0800] "GET /xingrg/javascript/easyui/themes/icons/import_new.png HTTP/1.1" 304 -
120.253.135.82 - - [02/Sep/2021:10:14:16 +0800] "GET /xingrg/all/function/internal_message.html?_=1630548629042&CODE_STATE=getMsg HTTP/1.1" 200 27
180.157.254.90 - - [02/Sep/2021:10:14:17 +0800] "GET /xingrg/all/function/internal_message.html?_=1630548856067&CODE_STATE=getMsg HTTP/1.1" 200 27
116.237.74.154 - - [02/Sep/2021:10:14:17 +0800] "GET /xingrg/kc/buy/cgsh_order_operate.html?command=get_materiel&rest_code=00106&code=00101008301&supplier_code=00100007&order_time=2021-09-02 HTTP/1.1" 200 422
124.79.246.142 - - [02/Sep/2021:10:14:17 +0800] "POST /xingrg/kc/buy/cgsh_list_operate.html HTTP/1.1" 200 5167
61.151.178.180 - - [02/Sep/2021:10:14:18 +0800] "GET /xingrg/kc/buy/cgsh_order_operate.html?command=get_materiel&rest_code=00106&code=00101008349&supplier_code=00100007&order_time=2021-09-02 HTTP/1.1" 302 -
61.151.178.180 - - [02/Sep/2021:10:14:18 +0800] "GET /xingrg/login.html HTTP/1.1" 200 7641
116.238.194.18 - - [02/Sep/2021:10:14:19 +0800] "GET /xingrg/all/function/internal_message.html?_=1630548856737&CODE_STATE=getMsg HTTP/1.1" 200 27
101.83.145.79 - - [02/Sep/2021:10:14:19 +0800] "GET /xingrg/all/function/internal_message.html?_=1630548807714&CODE_STATE=getMsg HTTP/1.1" 200 27
101.83.145.79 - - [02/Sep/2021:10:14:20 +0800] "GET /xingrg/kc/buy/cgsh_order_operate.html?command=get_materiel&rest_code=00105&code=00101001035&supplier_code=00100323&order_time=2021-09-02 HTTP/1.1" 200 412
116.230.105.26 - - [02/Sep/2021:10:14:20 +0800] "GET /xingrg/all/function/internal_message.html?_=1630548811359&CODE_STATE=getMsg HTTP/1.1" 200 27
116.230.105.26 - - [02/Sep/2021:10:14:20 +0800] "GET /xingrg/check_reg.html?_=1630548811361 HTTP/1.1" 200 22
222.69.131.224 - - [02/Sep/2021:10:14:22 +0800] "GET /xingrg/all/function/internal_message.html?_=1630548860148&CODE_STATE=getMsg HTTP/1.1" 200 27
116.232.54.96 - - [02/Sep/2021:10:14:25 +0800] "GET /xingrg/all/function/internal_message.html?_=1630548862964&CODE_STATE=getMsg HTTP/1.1" 200 27
101.89.239.120 - - [02/Sep/2021:10:14:28 +0800] "GET /xingrg/kc/buy/cgsh_order_operate.html?command=get_materiel&rest_code=00106&code=00101008244&supplier_code=00100007&order_time=2021-09-02 HTTP/1.1" 302 -
116.237.74.154 - - [02/Sep/2021:10:14:28 +0800] "GET /xingrg/all/function/internal_message.html?_=1630548862455&CODE_STATE=getMsg HTTP/1.1" 200 27
101.89.239.120 - - [02/Sep/2021:10:14:28 +0800] "GET /xingrg/login.html HTTP/1.1" 200 7641
124.79.246.142 - - [02/Sep/2021:10:14:29 +0800] "POST /xingrg/kc/buy/cgsh_list_operate.html HTTP/1.1" 200 361
101.83.145.79 - - [02/Sep/2021:10:14:29 +0800] "GET /xingrg/kc/buy/cgsh_order_operate.html?command=get_materiel&rest_code=00105&code=00101010514&supplier_code=00100323&order_time=2021-09-02 HTTP/1.1" 200 414
124.79.246.142 - - [02/Sep/2021:10:14:30 +0800] "GET /xingrg/css/base.css HTTP/1.1" 304 -
124.79.246.142 - - [02/Sep/2021:10:14:30 +0800] "GET /xingrg/javascript/jquery_tools/datebox.css HTTP/1.1" 304 -
124.79.246.142 - - [02/Sep/2021:10:14:30 +0800] "GET /xingrg/css/site.css HTTP/1.1" 304 -
124.79.246.142 - - [02/Sep/2021:10:14:30 +0800] "GET /xingrg/javascript/easyui/themes/default/easyui.css HTTP/1.1" 304 -
124.79.246.142 - - [02/Sep/2021:10:14:30 +0800] "GET /xingrg/javascript/easyui/themes/icon.css HTTP/1.1" 304 -
124.79.246.142 - - [02/Sep/2021:10:14:30 +0800] "GET /xingrg/javascript/auto/jquery.autocomplete.css HTTP/1.1" 304 -
124.79.246.142 - - [02/Sep/2021:10:14:30 +0800] "GET /xingrg/javascript/jquery_tools/table.css HTTP/1.1" 304 -
124.79.246.142 - - [02/Sep/2021:10:14:30 +0800] "GET /xingrg/javascript/jquery_tools/fix.css HTTP/1.1" 304 -
124.79.246.142 - - [02/Sep/2021:10:14:30 +0800] "GET /xingrg/javascript/pic_change.js HTTP/1.1" 304 -
124.79.246.142 - - [02/Sep/2021:10:14:30 +0800] "GET /xingrg/javascript/jquery_tools/jquery.tools.min.js HTTP/1.1" 304 -
124.79.246.142 - - [02/Sep/2021:10:14:30 +0800] "GET /xingrg/javascript/jquery_tools/jquery.tools.extend.js HTTP/1.1" 304 -
124.79.246.142 - - [02/Sep/2021:10:14:30 +0800] "GET /xingrg/javascript/jquery_tools/jquery.tools.hotkey.js HTTP/1.1" 304 -
124.79.246.142 - - [02/Sep/2021:10:14:30 +0800] "GET /xingrg/javascript/jquery_tools/jquery.tools.table.js HTTP/1.1" 304 -
124.79.246.142 - - [02/Sep/2021:10:14:30 +0800] "GET /xingrg/javascript/auto/jquery.autocomplete.js HTTP/1.1" 304 -
124.79.246.142 - - [02/Sep/2021:10:14:30 +0800] "GET /xingrg/javascript/jquery.utils.js HTTP/1.1" 304 -
124.79.246.142 - - [02/Sep/2021:10:14:30 +0800] "GET /xingrg/javascript/easyui/easyloader.js HTTP/1.1" 304 -
124.79.246.142 - - [02/Sep/2021:10:14:30 +0800] "GET /xingrg/kc/buy/cgsh_order_info.html?code=212021090200454 HTTP/1.1" 200 63388
124.79.246.142 - - [02/Sep/2021:10:14:30 +0800] "GET /xingrg/javascript/jquery_tools/order_manager.js HTTP/1.1" 304 -
124.79.246.142 - - [02/Sep/2021:10:14:30 +0800] "GET /xingrg/javascript/convert.js HTTP/1.1" 304 -
124.79.246.142 - - [02/Sep/2021:10:14:30 +0800] "GET /xingrg/javascript/jquery.cookie.js HTTP/1.1" 304 -
124.79.246.142 - - [02/Sep/2021:10:14:30 +0800] "GET /xingrg/javascript/json2.js HTTP/1.1" 304 -
124.79.246.142 - - [02/Sep/2021:10:14:30 +0800] "GET /xingrg/javascript/print/kc_print.js HTTP/1.1" 304 -
124.79.246.142 - - [02/Sep/2021:10:14:30 +0800] "GET /xingrg/javascript/print/LodopFuncs.js HTTP/1.1" 304 -
124.79.246.142 - - [02/Sep/2021:10:14:30 +0800] "GET /xingrg/words/20210901170830_words.js HTTP/1.1" 304 -
124.79.246.142 - - [02/Sep/2021:10:14:30 +0800] "GET /xingrg/javascript/easyui/plugins/jquery.parser.js HTTP/1.1" 304 -
124.79.246.142 - - [02/Sep/2021:10:14:30 +0800] "GET /xingrg/all/common/auto_word.html?type=employee&rest_code=00104 HTTP/1.1" 200 149
124.79.246.142 - - [02/Sep/2021:10:14:30 +0800] "GET /xingrg/all/common/auto_word.html?type=employee&rest_code=00104 HTTP/1.1" 200 149
124.79.246.142 - - [02/Sep/2021:10:14:30 +0800] "GET /xingrg/javascript/easyui/themes/default/validatebox.css HTTP/1.1" 404 1104
124.79.246.142 - - [02/Sep/2021:10:14:30 +0800] "GET /xingrg/javascript/easyui/plugins/jquery.validatebox.js HTTP/1.1" 304 -
124.79.246.142 - - [02/Sep/2021:10:14:30 +0800] "GET /xingrg/javascript/easyui/plugins/jquery.numberbox.js HTTP/1.1" 304 -
124.79.246.142 - - [02/Sep/2021:10:14:31 +0800] "POST /xingrg/kc/buy/cgsh_order_operate.html HTTP/1.1" 200 3849
117.184.7.26 - - [02/Sep/2021:10:14:32 +0800] "GET /xingrg/all/function/internal_message.html?_=1630548863467&CODE_STATE=getMsg HTTP/1.1" 200 27
101.85.93.96 - - [02/Sep/2021:10:14:33 +0800] "GET /xingrg/all/function/internal_message.html?_=1630548807248&CODE_STATE=getMsg HTTP/1.1" 200 27
124.79.246.142 - - [02/Sep/2021:10:14:34 +0800] "GET /xingrg/javascript/easyui/themes/default/images/button_plain_hover.png HTTP/1.1" 304 -
124.79.246.142 - - [02/Sep/2021:10:14:34 +0800] "GET /xingrg/javascript/easyui/themes/default/images/button_plain_hover.png HTTP/1.1" 304 -
124.79.246.142 - - [02/Sep/2021:10:14:34 +0800] "GET /xingrg/javascript/easyui/themes/default/images/button_plain_hover.png HTTP/1.1" 304 -
116.237.74.154 - - [02/Sep/2021:10:14:37 +0800] "GET /xingrg/kc/buy/cgsh_order_operate.html?command=get_materiel&rest_code=00106&code=00101008118&supplier_code=00100007&order_time=2021-09-02 HTTP/1.1" 200 418
101.83.145.79 - - [02/Sep/2021:10:14:38 +0800] "GET /xingrg/all/function/internal_message.html?_=1630548876703&CODE_STATE=getMsg HTTP/1.1" 200 27
124.79.246.142 - - [02/Sep/2021:10:14:39 +0800] "POST /xingrg/kc/buy/cgsh_list_operate.html HTTP/1.1" 200 5167
101.83.145.79 - - [02/Sep/2021:10:14:39 +0800] "GET /xingrg/kc/buy/cgsh_order_operate.html?command=get_materiel&rest_code=00105&code=00101037239&supplier_code=00100323&order_time=2021-09-02 HTTP/1.1" 200 396
120.253.135.82 - - [02/Sep/2021:10:14:40 +0800] "GET /xingrg/all/function/internal_message.html?_=1630548879890&CODE_STATE=getMsg HTTP/1.1" 200 27
124.79.246.142 - - [02/Sep/2021:10:14:40 +0800] "POST /xingrg/kc/buy/cgsh_list_operate.html HTTP/1.1" 200 208
61.151.207.158 - - [02/Sep/2021:10:14:40 +0800] "GET /xingrg/kc/buy/cgsh_order_operate.html?command=get_materiel&rest_code=00106&code=00101008351&supplier_code=00100007&order_time=2021-09-02 HTTP/1.1" 302 -
61.151.207.158 - - [02/Sep/2021:10:14:41 +0800] "GET /xingrg/login.html HTTP/1.1" 200 7641
222.70.176.99 - - [02/Sep/2021:10:14:42 +0800] "GET /xingrg/all/function/internal_message.html?_=1630548872266&CODE_STATE=getMsg HTTP/1.1" 200 27
222.70.176.99 - - [02/Sep/2021:10:14:42 +0800] "GET /xingrg/check_reg.html?_=1630548872267 HTTP/1.1" 200 22
180.169.147.146 - - [02/Sep/2021:10:14:42 +0800] "GET /xingrg/all/function/internal_message.html?_=1630548875011&CODE_STATE=getMsg HTTP/1.1" 200 27
180.169.147.146 - - [02/Sep/2021:10:14:42 +0800] "GET /xingrg/check_reg.html?_=1630548875295 HTTP/1.1" 200 22
124.79.246.142 - - [02/Sep/2021:10:14:43 +0800] "POST /xingrg/kc/buy/cgsh_list_operate.html HTTP/1.1" 200 280
58.40.7.146 - - [02/Sep/2021:10:14:46 +0800] "GET /xingrg/all/function/internal_message.html?_=1630548883648&CODE_STATE=getMsg HTTP/1.1" 200 27
124.79.246.142 - - [02/Sep/2021:10:14:46 +0800] "POST /xingrg/kc/buy/cgsh_list_operate.html HTTP/1.1" 200 270
101.89.239.238 - - [02/Sep/2021:10:14:47 +0800] "GET /xingrg/kc/buy/cgsh_order_operate.html?command=get_materiel&rest_code=00106&code=00101008186&supplier_code=00100007&order_time=2021-09-02 HTTP/1.1" 302 -
101.89.239.238 - - [02/Sep/2021:10:14:48 +0800] "GET /xingrg/login.html HTTP/1.1" 200 7641
58.35.209.156 - - [02/Sep/2021:10:14:48 +0800] "GET /xingrg/all/function/internal_message.html?_=1630548886037&CODE_STATE=getMsg HTTP/1.1" 302 -
101.83.145.79 - - [02/Sep/2021:10:14:49 +0800] "GET /xingrg/kc/buy/cgsh_order_operate.html?command=get_materiel&rest_code=00105&code=00101006181&supplier_code=00100323&order_time=2021-09-02 HTTP/1.1" 200 411
124.79.246.142 - - [02/Sep/2021:10:14:49 +0800] "POST /xingrg/kc/buy/cgsh_list_operate.html HTTP/1.1" 200 206
124.79.246.142 - - [02/Sep/2021:10:14:51 +0800] "POST /xingrg/kc/buy/cgsh_list_operate.html HTTP/1.1" 200 273
124.79.246.142 - - [02/Sep/2021:10:14:53 +0800] "POST /xingrg/kc/buy/cgsh_list_operate.html HTTP/1.1" 200 201
180.169.147.146 - - [02/Sep/2021:10:14:54 +0800] "GET /xingrg/all/function/internal_message.html?_=1630548892005&CODE_STATE=getMsg HTTP/1.1" 200 27
116.238.168.124 - - [02/Sep/2021:10:14:56 +0800] "GET /xingrg/all/function/internal_message.html?_=1630548892566&CODE_STATE=getMsg HTTP/1.1" 200 27
222.70.176.99 - - [02/Sep/2021:10:14:57 +0800] "GET /xingrg/kc/buy/cgsh_order_operate.html?command=get_materiel&rest_code=00111&code=00101006133&supplier_code=00100012&order_time=2021-09-02 HTTP/1.1" 200 413
124.79.246.142 - - [02/Sep/2021:10:14:59 +0800] "POST /xingrg/kc/buy/cgsh_list_operate.html HTTP/1.1" 200 423
124.79.246.142 - - [02/Sep/2021:10:15:01 +0800] "POST /xingrg/kc/buy/cgsh_list_operate.html HTTP/1.1" 200 202
124.79.246.142 - - [02/Sep/2021:10:15:02 +0800] "POST /xingrg/kc/buy/cgsh_list_operate.html HTTP/1.1" 200 203
124.79.246.142 - - [02/Sep/2021:10:15:02 +0800] "GET /xingrg/check_reg.html?_=1630549356657 HTTP/1.1" 200 22
222.70.246.151 - - [02/Sep/2021:10:15:03 +0800] "GET /xingrg/check_reg.html?_=1630548914922 HTTP/1.1" 200 22
222.70.246.151 - - [02/Sep/2021:10:15:04 +0800] "GET /xingrg/all/function/internal_message.html?_=1630548915957&CODE_STATE=getMsg HTTP/1.1" 200 27
124.79.246.142 - - [02/Sep/2021:10:15:05 +0800] "GET /xingrg/all/function/internal_message.html?_=1630549359418&CODE_STATE=getMsg HTTP/1.1" 200 27
101.83.145.79 - - [02/Sep/2021:10:15:07 +0800] "GET /xingrg/kc/buy/cgsh_order_operate.html?command=get_materiel&rest_code=00105&code=00101016128&supplier_code=00100323&order_time=2021-09-02 HTTP/1.1" 200 414
124.79.246.142 - - [02/Sep/2021:10:15:07 +0800] "POST /xingrg/kc/buy/cgsh_list_operate.html HTTP/1.1" 200 2975
116.237.74.154 - - [02/Sep/2021:10:15:08 +0800] "POST /xingrg/kc/buy/cgsh_order_operate.html HTTP/1.1" 200 2065
116.238.194.18 - - [02/Sep/2021:10:15:09 +0800] "GET /xingrg/check_reg.html?_=1630548890063 HTTP/1.1" 200 22
124.79.246.142 - - [02/Sep/2021:10:15:09 +0800] "POST /xingrg/kc/buy/cgsh_list_operate.html HTTP/1.1" 200 215
180.169.147.146 - - [02/Sep/2021:10:15:10 +0800] "GET /xingrg/all/function/internal_message.html?_=1630548907546&CODE_STATE=getMsg HTTP/1.1" 200 27
116.238.194.18 - - [02/Sep/2021:10:15:10 +0800] "GET /xingrg/all/function/internal_message.html?_=1630548891269&CODE_STATE=getMsg HTTP/1.1" 200 27
124.79.246.142 - - [02/Sep/2021:10:15:12 +0800] "POST /xingrg/kc/buy/cgsh_list_operate.html HTTP/1.1" 200 567
101.83.145.79 - - [02/Sep/2021:10:15:12 +0800] "GET /xingrg/kc/buy/cgsh_order_operate.html?command=get_materiel&rest_code=00105&code=00101008025&supplier_code=00100323&order_time=2021-09-02 HTTP/1.1" 200 409
124.79.246.142 - - [02/Sep/2021:10:15:13 +0800] "POST /xingrg/kc/buy/cgsh_list_operate.html HTTP/1.1" 200 201
61.151.178.236 - - [02/Sep/2021:10:15:14 +0800] "GET /xingrg/kc/buy/cgsh_order_operate.html?command=get_materiel&rest_code=00106&code=00101008301&supplier_code=00100007&order_time=2021-09-02 HTTP/1.1" 302 -
124.79.246.142 - - [02/Sep/2021:10:15:14 +0800] "GET /xingrg/css/base.css HTTP/1.1" 304 -
124.79.246.142 - - [02/Sep/2021:10:15:14 +0800] "GET /xingrg/css/site.css HTTP/1.1" 304 -
124.79.246.142 - - [02/Sep/2021:10:15:14 +0800] "GET /xingrg/javascript/jquery_tools/datebox.css HTTP/1.1" 304 -
124.79.246.142 - - [02/Sep/2021:10:15:14 +0800] "GET /xingrg/javascript/auto/jquery.autocomplete.css HTTP/1.1" 304 -
124.79.246.142 - - [02/Sep/2021:10:15:14 +0800] "GET /xingrg/javascript/easyui/themes/default/easyui.css HTTP/1.1" 304 -
124.79.246.142 - - [02/Sep/2021:10:15:14 +0800] "GET /xingrg/kc/buy/cgsh_order_info.html?code=212021090200459 HTTP/1.1" 200 63387
124.79.246.142 - - [02/Sep/2021:10:15:14 +0800] "GET /xingrg/javascript/jquery_tools/table.css HTTP/1.1" 304 -
124.79.246.142 - - [02/Sep/2021:10:15:14 +0800] "GET /xingrg/javascript/easyui/themes/icon.css HTTP/1.1" 304 -
124.79.246.142 - - [02/Sep/2021:10:15:14 +0800] "GET /xingrg/javascript/pic_change.js HTTP/1.1" 304 -
124.79.246.142 - - [02/Sep/2021:10:15:14 +0800] "GET /xingrg/javascript/jquery_tools/fix.css HTTP/1.1" 304 -
124.79.246.142 - - [02/Sep/2021:10:15:14 +0800] "GET /xingrg/javascript/jquery_tools/jquery.tools.min.js HTTP/1.1" 304 -
124.79.246.142 - - [02/Sep/2021:10:15:14 +0800] "GET /xingrg/javascript/jquery_tools/jquery.tools.hotkey.js HTTP/1.1" 304 -
124.79.246.142 - - [02/Sep/2021:10:15:14 +0800] "GET /xingrg/javascript/easyui/easyloader.js HTTP/1.1" 304 -
124.79.246.142 - - [02/Sep/2021:10:15:14 +0800] "GET /xingrg/javascript/auto/jquery.autocomplete.js HTTP/1.1" 304 -
124.79.246.142 - - [02/Sep/2021:10:15:14 +0800] "GET /xingrg/javascript/jquery_tools/jquery.tools.table.js HTTP/1.1" 304 -
124.79.246.142 - - [02/Sep/2021:10:15:14 +0800] "GET /xingrg/javascript/jquery_tools/order_manager.js HTTP/1.1" 304 -
124.79.246.142 - - [02/Sep/2021:10:15:14 +0800] "GET /xingrg/javascript/jquery.utils.js HTTP/1.1" 304 -
124.79.246.142 - - [02/Sep/2021:10:15:14 +0800] "GET /xingrg/javascript/jquery.cookie.js HTTP/1.1" 304 -
124.79.246.142 - - [02/Sep/2021:10:15:14 +0800] "GET /xingrg/javascript/convert.js HTTP/1.1" 304 -
124.79.246.142 - - [02/Sep/2021:10:15:14 +0800] "GET /xingrg/javascript/print/LodopFuncs.js HTTP/1.1" 304 -
124.79.246.142 - - [02/Sep/2021:10:15:14 +0800] "GET /xingrg/javascript/jquery_tools/jquery.tools.extend.js HTTP/1.1" 304 -
124.79.246.142 - - [02/Sep/2021:10:15:14 +0800] "GET /xingrg/javascript/print/kc_print.js HTTP/1.1" 304 -
124.79.246.142 - - [02/Sep/2021:10:15:14 +0800] "GET /xingrg/javascript/json2.js HTTP/1.1" 304 -
61.151.178.236 - - [02/Sep/2021:10:15:14 +0800] "GET /xingrg/login.html HTTP/1.1" 200 7641
124.79.246.142 - - [02/Sep/2021:10:15:14 +0800] "GET /xingrg/words/20210901170830_words.js HTTP/1.1" 304 -
124.79.246.142 - - [02/Sep/2021:10:15:15 +0800] "GET /xingrg/javascript/easyui/themes/icons/copy_new.png HTTP/1.1" 304 -
124.79.246.142 - - [02/Sep/2021:10:15:15 +0800] "GET /xingrg/javascript/easyui/themes/icons/template_new.png HTTP/1.1" 304 -
124.79.246.142 - - [02/Sep/2021:10:15:15 +0800] "GET /xingrg/javascript/easyui/themes/icons/ok.png HTTP/1.1" 304 -
124.79.246.142 - - [02/Sep/2021:10:15:15 +0800] "GET /xingrg/javascript/easyui/themes/icons/print.png HTTP/1.1" 304 -
124.79.246.142 - - [02/Sep/2021:10:15:15 +0800] "GET /xingrg/javascript/easyui/themes/icons/cancel.png HTTP/1.1" 304 -
124.79.246.142 - - [02/Sep/2021:10:15:15 +0800] "GET /xingrg/javascript/easyui/themes/default/images/menu_downarrow.png HTTP/1.1" 304 -
124.79.246.142 - - [02/Sep/2021:10:15:15 +0800] "GET /xingrg/javascript/easyui/plugins/jquery.parser.js HTTP/1.1" 304 -
124.79.246.142 - - [02/Sep/2021:10:15:15 +0800] "GET /xingrg/all/common/auto_word.html?type=employee&rest_code=00104 HTTP/1.1" 200 149
124.79.246.142 - - [02/Sep/2021:10:15:15 +0800] "GET /xingrg/all/common/auto_word.html?type=employee&rest_code=00104 HTTP/1.1" 200 149
124.79.246.142 - - [02/Sep/2021:10:15:15 +0800] "GET /xingrg/javascript/easyui/plugins/jquery.validatebox.js HTTP/1.1" 304 -
124.79.246.142 - - [02/Sep/2021:10:15:15 +0800] "GET /xingrg/javascript/easyui/themes/default/validatebox.css HTTP/1.1" 404 1104
124.79.246.142 - - [02/Sep/2021:10:15:15 +0800] "GET /xingrg/javascript/easyui/plugins/jquery.numberbox.js HTTP/1.1" 304 -
124.79.246.142 - - [02/Sep/2021:10:15:15 +0800] "POST /xingrg/kc/buy/cgsh_order_operate.html HTTP/1.1" 200 2657
180.169.147.146 - - [02/Sep/2021:10:15:15 +0800] "GET /xingrg/all/function/internal_message.html?_=1630548913748&CODE_STATE=getMsg HTTP/1.1" 200 27
120.253.135.82 - - [02/Sep/2021:10:15:16 +0800] "GET /xingrg/all/function/internal_message.html?_=1630548689120&CODE_STATE=getMsg HTTP/1.1" 200 27
180.157.254.90 - - [02/Sep/2021:10:15:17 +0800] "GET /xingrg/all/function/internal_message.html?_=1630548916066&CODE_STATE=getMsg HTTP/1.1" 200 27
116.238.194.18 - - [02/Sep/2021:10:15:19 +0800] "GET /xingrg/all/function/internal_message.html?_=1630548916737&CODE_STATE=getMsg HTTP/1.1" 200 27
101.83.145.79 - - [02/Sep/2021:10:15:19 +0800] "GET /xingrg/all/function/internal_message.html?_=1630548867712&CODE_STATE=getMsg HTTP/1.1" 200 27
222.70.176.99 - - [02/Sep/2021:10:15:19 +0800] "GET /xingrg/kc/buy/cgsh_order_operate.html?command=get_materiel&rest_code=00111&code=00101006055&supplier_code=00100012&order_time=2021-09-02 HTTP/1.1" 200 409
116.230.105.26 - - [02/Sep/2021:10:15:20 +0800] "GET /xingrg/all/function/internal_message.html?_=1630548871363&CODE_STATE=getMsg HTTP/1.1" 200 27
222.69.131.224 - - [02/Sep/2021:10:15:22 +0800] "GET /xingrg/all/function/internal_message.html?_=1630548920157&CODE_STATE=getMsg HTTP/1.1" 200 27
124.79.246.142 - - [02/Sep/2021:10:15:23 +0800] "GET /xingrg/javascript/easyui/themes/default/images/button_plain_hover.png HTTP/1.1" 304 -
124.79.246.142 - - [02/Sep/2021:10:15:23 +0800] "GET /xingrg/javascript/easyui/themes/default/images/button_plain_hover.png HTTP/1.1" 304 -
124.79.246.142 - - [02/Sep/2021:10:15:23 +0800] "GET /xingrg/javascript/easyui/themes/default/images/button_plain_hover.png HTTP/1.1" 304 -
120.253.135.82 - - [02/Sep/2021:10:15:25 +0800] "GET /xingrg/kc/pszx/mdqp_order_list.html?state=10 HTTP/1.1" 200 10217
120.253.135.82 - - [02/Sep/2021:10:15:25 +0800] "GET /xingrg/dwr/interface/AjaxReportQueryService.js HTTP/1.1" 200 13203
120.253.135.82 - - [02/Sep/2021:10:15:25 +0800] "GET /xingrg/dwr/interface/AjaxQqpsService.js HTTP/1.1" 200 16326
120.253.135.82 - - [02/Sep/2021:10:15:25 +0800] "GET /xingrg/dwr/engine.js HTTP/1.1" 200 43631
116.232.54.96 - - [02/Sep/2021:10:15:25 +0800] "GET /xingrg/all/function/internal_message.html?_=1630548922967&CODE_STATE=getMsg HTTP/1.1" 200 27
124.79.246.142 - - [02/Sep/2021:10:15:26 +0800] "POST /xingrg/kc/buy/cgsh_order_operate.html HTTP/1.1" 200 37
116.237.74.154 - - [02/Sep/2021:10:15:27 +0800] "GET /xingrg/kc/buy/cgsh_order_operate.html?command=get_materiel&rest_code=00106&code=00101008131&supplier_code=00100007&order_time=2021-09-02 HTTP/1.1" 200 408
124.79.246.142 - - [02/Sep/2021:10:15:28 +0800] "POST /xingrg/kc/buy/cgsh_order_operate.html HTTP/1.1" 200 2657
116.237.74.154 - - [02/Sep/2021:10:15:28 +0800] "GET /xingrg/all/function/internal_message.html?_=1630548922341&CODE_STATE=getMsg HTTP/1.1" 200 27
124.79.246.142 - - [02/Sep/2021:10:15:29 +0800] "GET /xingrg/javascript/easyui/themes/default/images/button_plain_hover.png HTTP/1.1" 304 -
124.79.246.142 - - [02/Sep/2021:10:15:29 +0800] "GET /xingrg/javascript/easyui/themes/default/images/button_plain_hover.png HTTP/1.1" 304 -
124.79.246.142 - - [02/Sep/2021:10:15:29 +0800] "GET /xingrg/javascript/easyui/themes/default/images/button_plain_hover.png HTTP/1.1" 304 -
117.184.7.26 - - [02/Sep/2021:10:15:32 +0800] "GET /xingrg/all/function/internal_message.html?_=1630548923452&CODE_STATE=getMsg HTTP/1.1" 200 27
101.85.93.96 - - [02/Sep/2021:10:15:33 +0800] "GET /xingrg/all/function/internal_message.html?_=1630548867257&CODE_STATE=getMsg HTTP/1.1" 200 27
124.79.246.142 - - [02/Sep/2021:10:15:34 +0800] "GET /xingrg/kc/print/load_config.html?kc_code=cgsh HTTP/1.1" 200 2076
124.79.246.142 - - [02/Sep/2021:10:15:34 +0800] "GET /xingrg/kc/print/load_data.html?order_code=212021090200459&kc_code=cgsh&condition= HTTP/1.1" 200 685
101.83.145.79 - - [02/Sep/2021:10:15:38 +0800] "GET /xingrg/all/function/internal_message.html?_=1630548936704&CODE_STATE=getMsg HTTP/1.1" 200 27
120.253.135.82 - - [02/Sep/2021:10:15:40 +0800] "GET /xingrg/all/function/internal_message.html?_=1630548940029&CODE_STATE=getMsg HTTP/1.1" 200 27
116.237.74.154 - - [02/Sep/2021:10:15:40 +0800] "GET /xingrg/kc/buy/cgsh_order_operate.html?command=get_materiel&rest_code=00106&code=00101008213&supplier_code=00100007&order_time=2021-09-02 HTTP/1.1" 200 412
222.70.176.99 - - [02/Sep/2021:10:15:42 +0800] "GET /xingrg/all/function/internal_message.html?_=1630548932294&CODE_STATE=getMsg HTTP/1.1" 200 27
180.169.147.146 - - [02/Sep/2021:10:15:42 +0800] "GET /xingrg/all/function/internal_message.html?_=1630548934983&CODE_STATE=getMsg HTTP/1.1" 200 27
58.40.7.146 - - [02/Sep/2021:10:15:46 +0800] "GET /xingrg/all/function/internal_message.html?_=1630548943619&CODE_STATE=getMsg HTTP/1.1" 200 27
116.237.74.154 - - [02/Sep/2021:10:15:47 +0800] "GET /xingrg/kc/buy/cgsh_order_operate.html?command=get_materiel&rest_code=00106&code=00101008403&supplier_code=00100007&order_time=2021-09-02 HTTP/1.1" 200 414
58.35.209.156 - - [02/Sep/2021:10:15:48 +0800] "GET /xingrg/all/function/internal_message.html?_=1630548946028&CODE_STATE=getMsg HTTP/1.1" 302 -
101.83.145.79 - - [02/Sep/2021:10:15:50 +0800] "GET /xingrg/kc/buy/cgsh_order_operate.html?command=get_materiel&rest_code=00105&code=00101013145&supplier_code=00100323&order_time=2021-09-02 HTTP/1.1" 200 410
116.237.74.154 - - [02/Sep/2021:10:15:51 +0800] "POST /xingrg/kc/buy/cgsh_order_operate.html HTTP/1.1" 200 2065
180.169.147.146 - - [02/Sep/2021:10:15:54 +0800] "GET /xingrg/all/function/internal_message.html?_=1630548951998&CODE_STATE=getMsg HTTP/1.1" 200 27
116.237.74.154 - - [02/Sep/2021:10:15:55 +0800] "GET /xingrg/kc/buy/cgsh_order_operate.html?command=get_materiel&rest_code=00106&code=00101008415&supplier_code=00100007&order_time=2021-09-02 HTTP/1.1" 200 398
180.169.147.146 - - [02/Sep/2021:10:16:04 +0800] "GET /xingrg/all/report/report_query.html?isQuery=1&fileName=kc/base/crk_detail_by_small.xml&rh=99999&queryString=&queryText=%25E3%2580%2590%25E4%25BB%2593%25E5%25BA%2593%25E5%2590%258D%25E7%25A7%25B0%253A%25E7%2589%25A9%25E6%2596%2599%25E5%25BA%2593%25E3%2580%2591%25E3%2580%2590%25E4%25B8%259A%25E5%258A%25A1%25E7%25B1%25BB%25E5%259E%258B%25EF%25BC%259A%25E5%2586%2585%25E9%2583%25A8%25E8%25B0%2583%25E5%2587%25BA%25E3%2580%2591%2520%253F%253F%253F%253F%253F2021-08-01%253F%253F2021-08-31&tableQueryString=crk_table%2524sp1%2524order_day%2520between%252020210801%2520and%252020210831%2520and%2520(base_code%253D'0010222')%2520and%2520(src_order_type%2520in%2520(42))%2520and%2520(is_rk%2520in%2520(0)) HTTP/1.1" 200 53766
116.237.74.154 - - [02/Sep/2021:10:16:04 +0800] "GET /xingrg/kc/buy/cgsh_order_operate.html?command=get_materiel&rest_code=00106&code=00101008219&supplier_code=00100007&order_time=2021-09-02 HTTP/1.1" 200 412
180.169.147.146 - - [02/Sep/2021:10:16:04 +0800] "GET /xingrg/dwr/interface/AjaxReportQueryService.js HTTP/1.1" 200 13203
180.169.147.146 - - [02/Sep/2021:10:16:04 +0800] "GET /xingrg/dwr/engine.js HTTP/1.1" 200 43631
222.70.246.151 - - [02/Sep/2021:10:16:04 +0800] "GET /xingrg/all/function/internal_message.html?_=1630548975969&CODE_STATE=getMsg HTTP/1.1" 200 27
180.169.147.146 - - [02/Sep/2021:10:16:05 +0800] "POST /xingrg/all/report/load_report_page.html HTTP/1.1" 200 28151
180.169.147.146 - - [02/Sep/2021:10:16:05 +0800] "GET /xingrg/servlets/image?cache=0.7422496140482641&image=px HTTP/1.1" 200 807
124.79.246.142 - - [02/Sep/2021:10:16:05 +0800] "GET /xingrg/all/function/internal_message.html?_=1630549419434&CODE_STATE=getMsg HTTP/1.1" 200 27
180.169.147.146 - - [02/Sep/2021:10:16:10 +0800] "GET /xingrg/all/function/internal_message.html?_=1630548967560&CODE_STATE=getMsg HTTP/1.1" 200 27
180.169.147.146 - - [02/Sep/2021:10:16:10 +0800] "GET /xingrg/check_reg.html?_=1630548967562 HTTP/1.1" 200 22
116.238.194.18 - - [02/Sep/2021:10:16:10 +0800] "GET /xingrg/all/function/internal_message.html?_=1630548951284&CODE_STATE=getMsg HTTP/1.1" 200 27
116.237.74.154 - - [02/Sep/2021:10:16:10 +0800] "GET /xingrg/kc/buy/cgsh_order_operate.html?command=get_materiel&rest_code=00106&code=00101008102&supplier_code=00100007&order_time=2021-09-02 HTTP/1.1" 200 413
101.83.145.79 - - [02/Sep/2021:10:16:13 +0800] "POST /xingrg/kc/buy/cgsh_order_operate.html HTTP/1.1" 200 37
101.83.145.79 - - [02/Sep/2021:10:16:14 +0800] "POST /xingrg/kc/buy/cgsh_order_operate.html HTTP/1.1" 200 6845
180.169.147.146 - - [02/Sep/2021:10:16:15 +0800] "GET /xingrg/check_reg.html?_=1630548973518 HTTP/1.1" 200 22
101.83.145.79 - - [02/Sep/2021:10:16:15 +0800] "GET /xingrg/kc/print/load_data.html?order_code=212021090200493&kc_code=cgsh&condition= HTTP/1.1" 200 2288
180.169.147.146 - - [02/Sep/2021:10:16:15 +0800] "GET /xingrg/all/function/internal_message.html?_=1630548973727&CODE_STATE=getMsg HTTP/1.1" 200 27
120.253.135.82 - - [02/Sep/2021:10:16:16 +0800] "GET /xingrg/check_reg.html?_=1630548748853 HTTP/1.1" 200 22
120.253.135.82 - - [02/Sep/2021:10:16:16 +0800] "GET /xingrg/all/function/internal_message.html?_=1630548749132&CODE_STATE=getMsg HTTP/1.1" 200 27
180.157.254.90 - - [02/Sep/2021:10:16:17 +0800] "GET /xingrg/all/function/internal_message.html?_=1630548976065&CODE_STATE=getMsg HTTP/1.1" 200 27
116.237.74.154 - - [02/Sep/2021:10:16:17 +0800] "GET /xingrg/kc/buy/cgsh_order_operate.html?command=get_materiel&rest_code=00106&code=00101008283&supplier_code=00100007&order_time=2021-09-02 HTTP/1.1" 200 408
101.83.145.79 - - [02/Sep/2021:10:16:19 +0800] "GET /xingrg/kc/buy/cgsh_order_add.html HTTP/1.1" 200 63417
116.238.194.18 - - [02/Sep/2021:10:16:19 +0800] "GET /xingrg/all/function/internal_message.html?_=1630548976735&CODE_STATE=getMsg HTTP/1.1" 200 27
101.83.145.79 - - [02/Sep/2021:10:16:19 +0800] "GET /xingrg/check_reg.html?_=1630548927711 HTTP/1.1" 200 22
101.83.145.79 - - [02/Sep/2021:10:16:19 +0800] "GET /xingrg/all/function/internal_message.html?_=1630548927716&CODE_STATE=getMsg HTTP/1.1" 200 27
101.83.145.79 - - [02/Sep/2021:10:16:19 +0800] "POST /xingrg/kc/buy/cgsh_order_operate.html HTTP/1.1" 200 8245
101.83.145.79 - - [02/Sep/2021:10:16:19 +0800] "GET /xingrg/javascript/easyui/themes/default/validatebox.css HTTP/1.1" 404 1104
116.230.105.26 - - [02/Sep/2021:10:16:20 +0800] "GET /xingrg/all/function/internal_message.html?_=1630548931379&CODE_STATE=getMsg HTTP/1.1" 200 27
222.69.131.224 - - [02/Sep/2021:10:16:22 +0800] "GET /xingrg/all/function/internal_message.html?_=1630548980156&CODE_STATE=getMsg HTTP/1.1" 200 27
222.69.131.224 - - [02/Sep/2021:10:16:22 +0800] "GET /xingrg/check_reg.html?_=1630548980163 HTTP/1.1" 200 22
116.232.54.96 - - [02/Sep/2021:10:16:25 +0800] "GET /xingrg/all/function/internal_message.html?_=1630548982968&CODE_STATE=getMsg HTTP/1.1" 200 27
116.232.54.96 - - [02/Sep/2021:10:16:25 +0800] "GET /xingrg/check_reg.html?_=1630548982970 HTTP/1.1" 200 22
116.237.74.154 - - [02/Sep/2021:10:16:26 +0800] "POST /xingrg/kc/buy/cgsh_order_operate.html HTTP/1.1" 200 2065
61.151.178.236 - - [02/Sep/2021:10:16:28 +0800] "GET /xingrg/all/function/internal_message.html?_=1630548922341&CODE_STATE=getMsg HTTP/1.1" 302 -
116.237.74.154 - - [02/Sep/2021:10:16:28 +0800] "GET /xingrg/all/function/internal_message.html?_=1630548982320&CODE_STATE=getMsg HTTP/1.1" 200 27
61.151.178.236 - - [02/Sep/2021:10:16:28 +0800] "GET /xingrg/login.html HTTP/1.1" 200 7641
101.83.145.79 - - [02/Sep/2021:10:16:29 +0800] "GET /xingrg/kc/buy/cgsh_order_operate.html?command=get_materiel&rest_code=00105&code=00101010594&supplier_code=00100329&order_time=2021-09-02 HTTP/1.1" 200 414
116.237.74.154 - - [02/Sep/2021:10:16:30 +0800] "GET /xingrg/kc/buy/cgsh_order_operate.html?command=get_materiel&rest_code=00106&code=00101008361&supplier_code=00100007&order_time=2021-09-02 HTTP/1.1" 200 408
58.40.7.146 - - [02/Sep/2021:10:16:31 +0800] "GET /xingrg/check_reg.html?_=1630548988449 HTTP/1.1" 302 -
222.70.176.99 - - [02/Sep/2021:10:16:31 +0800] "GET /xingrg/kc/buy/cgsh_order_operate.html?command=get_materiel&rest_code=00111&code=00101006065&supplier_code=00100012&order_time=2021-09-02 HTTP/1.1" 200 409
117.184.7.26 - - [02/Sep/2021:10:16:32 +0800] "GET /xingrg/all/function/internal_message.html?_=1630548983442&CODE_STATE=getMsg HTTP/1.1" 200 27
117.184.7.26 - - [02/Sep/2021:10:16:32 +0800] "GET /xingrg/check_reg.html?_=1630548983725 HTTP/1.1" 200 22
101.85.93.96 - - [02/Sep/2021:10:16:33 +0800] "GET /xingrg/all/function/internal_message.html?_=1630548927261&CODE_STATE=getMsg HTTP/1.1" 200 27
101.85.93.96 - - [02/Sep/2021:10:16:33 +0800] "GET /xingrg/check_reg.html?_=1630548927264 HTTP/1.1" 200 22
101.83.145.79 - - [02/Sep/2021:10:16:37 +0800] "POST /xingrg/kc/buy/cgsh_order_operate.html HTTP/1.1" 200 37
101.83.145.79 - - [02/Sep/2021:10:16:38 +0800] "GET /xingrg/check_reg.html?_=1630548996711 HTTP/1.1" 200 22
101.83.145.79 - - [02/Sep/2021:10:16:38 +0800] "GET /xingrg/all/function/internal_message.html?_=1630548996708&CODE_STATE=getMsg HTTP/1.1" 200 27
116.237.74.154 - - [02/Sep/2021:10:16:38 +0800] "GET /xingrg/kc/buy/cgsh_order_operate.html?command=get_materiel&rest_code=00106&code=00101008041&supplier_code=00100007&order_time=2021-09-02 HTTP/1.1" 200 408
101.83.145.79 - - [02/Sep/2021:10:16:38 +0800] "POST /xingrg/kc/buy/cgsh_order_operate.html HTTP/1.1" 200 2673
101.83.145.79 - - [02/Sep/2021:10:16:39 +0800] "GET /xingrg/kc/print/load_data.html?order_code=212021090200494&kc_code=cgsh&condition= HTTP/1.1" 200 686
120.253.135.82 - - [02/Sep/2021:10:16:40 +0800] "GET /xingrg/all/function/internal_message.html?_=1630549000075&CODE_STATE=getMsg HTTP/1.1" 200 27
222.70.176.99 - - [02/Sep/2021:10:16:42 +0800] "GET /xingrg/all/function/internal_message.html?_=1630548992290&CODE_STATE=getMsg HTTP/1.1" 200 27
58.40.7.146 - - [02/Sep/2021:10:16:46 +0800] "GET /xingrg/all/function/internal_message.html?_=1630549003590&CODE_STATE=getMsg HTTP/1.1" 200 27
116.237.74.154 - - [02/Sep/2021:10:16:47 +0800] "POST /xingrg/kc/buy/cgsh_order_operate.html HTTP/1.1" 200 37
58.35.209.156 - - [02/Sep/2021:10:16:48 +0800] "GET /xingrg/all/function/internal_message.html?_=1630549006040&CODE_STATE=getMsg HTTP/1.1" 302 -
180.169.147.146 - - [02/Sep/2021:10:16:54 +0800] "GET /xingrg/all/function/internal_message.html?_=1630549011997&CODE_STATE=getMsg HTTP/1.1" 200 27
180.169.147.146 - - [02/Sep/2021:10:16:54 +0800] "GET /xingrg/check_reg.html?_=1630549012002 HTTP/1.1" 200 22
116.237.74.154 - - [02/Sep/2021:10:16:55 +0800] "POST /xingrg/kc/buy/cgsh_order_operate.html HTTP/1.1" 200 30991
222.70.176.99 - - [02/Sep/2021:10:16:58 +0800] "GET /xingrg/kc/buy/cgsh_order_operate.html?command=get_materiel&rest_code=00111&code=00101006056&supplier_code=00100012&order_time=2021-09-02 HTTP/1.1" 200 413
101.83.145.79 - - [02/Sep/2021:10:16:59 +0800] "POST /xingrg/kc/buy/cgsh_order_operate.html HTTP/1.1" 200 37
101.83.145.79 - - [02/Sep/2021:10:17:01 +0800] "POST /xingrg/kc/buy/cgsh_order_operate.html HTTP/1.1" 200 2673
101.83.145.79 - - [02/Sep/2021:10:17:02 +0800] "GET /xingrg/kc/buy/cgsh_order_add.html HTTP/1.1" 200 63417
101.83.145.79 - - [02/Sep/2021:10:17:03 +0800] "GET /xingrg/javascript/easyui/themes/default/validatebox.css HTTP/1.1" 404 1104
101.83.145.79 - - [02/Sep/2021:10:17:03 +0800] "POST /xingrg/kc/buy/cgsh_order_operate.html HTTP/1.1" 200 8245
61.151.178.217 - - [02/Sep/2021:10:17:03 +0800] "GET /xingrg/kc/buy/cgsh_order_operate.html?command=get_materiel&rest_code=00106&code=00101008219&supplier_code=00100007&order_time=2021-09-02 HTTP/1.1" 302 -
61.151.178.217 - - [02/Sep/2021:10:17:03 +0800] "GET /xingrg/login.html HTTP/1.1" 200 7641
222.70.246.151 - - [02/Sep/2021:10:17:05 +0800] "GET /xingrg/all/function/internal_message.html?_=1630549035983&CODE_STATE=getMsg HTTP/1.1" 200 27
124.79.246.142 - - [02/Sep/2021:10:17:05 +0800] "GET /xingrg/all/function/internal_message.html?_=1630549479436&CODE_STATE=getMsg HTTP/1.1" 200 27
116.237.74.154 - - [02/Sep/2021:10:17:07 +0800] "GET /xingrg/kc/buy/cgsh_order_operate.html?command=get_materiel&rest_code=00106&code=00101008323&supplier_code=00100007&order_time=2021-09-02 HTTP/1.1" 200 408
61.151.178.164 - - [02/Sep/2021:10:17:08 +0800] "GET /xingrg/kc/buy/cgsh_order_operate.html?command=get_materiel&rest_code=00106&code=00101008102&supplier_code=00100007&order_time=2021-09-02 HTTP/1.1" 302 -
61.151.178.164 - - [02/Sep/2021:10:17:08 +0800] "GET /xingrg/login.html HTTP/1.1" 200 7641
180.169.147.146 - - [02/Sep/2021:10:17:10 +0800] "GET /xingrg/all/function/internal_message.html?_=1630549027549&CODE_STATE=getMsg HTTP/1.1" 200 27
116.238.194.18 - - [02/Sep/2021:10:17:10 +0800] "GET /xingrg/all/function/internal_message.html?_=1630549011296&CODE_STATE=getMsg HTTP/1.1" 200 27
222.70.176.99 - - [02/Sep/2021:10:17:14 +0800] "GET /xingrg/kc/buy/cgsh_order_operate.html?command=get_materiel&rest_code=00111&code=00101006129&supplier_code=00100012&order_time=2021-09-02 HTTP/1.1" 200 433
180.169.147.146 - - [02/Sep/2021:10:17:15 +0800] "GET /xingrg/all/function/internal_message.html?_=1630549033702&CODE_STATE=getMsg HTTP/1.1" 200 27
120.253.135.82 - - [02/Sep/2021:10:17:16 +0800] "GET /xingrg/all/function/internal_message.html?_=1630548809146&CODE_STATE=getMsg HTTP/1.1" 200 27
180.157.254.90 - - [02/Sep/2021:10:17:17 +0800] "GET /xingrg/all/function/internal_message.html?_=1630549036090&CODE_STATE=getMsg HTTP/1.1" 200 27
116.238.194.18 - - [02/Sep/2021:10:17:19 +0800] "GET /xingrg/all/function/internal_message.html?_=1630549036738&CODE_STATE=getMsg HTTP/1.1" 200 27
101.83.145.79 - - [02/Sep/2021:10:17:19 +0800] "GET /xingrg/all/function/internal_message.html?_=1630548987701&CODE_STATE=getMsg HTTP/1.1" 200 27
116.230.105.26 - - [02/Sep/2021:10:17:20 +0800] "GET /xingrg/all/function/internal_message.html?_=1630548991363&CODE_STATE=getMsg HTTP/1.1" 200 27
222.69.131.224 - - [02/Sep/2021:10:17:22 +0800] "GET /xingrg/all/function/internal_message.html?_=1630549040163&CODE_STATE=getMsg HTTP/1.1" 200 27
116.237.74.154 - - [02/Sep/2021:10:17:23 +0800] "GET /xingrg/kc/buy/cgsh_order_operate.html?command=get_materiel&rest_code=00106&code=00101008224&supplier_code=00100007&order_time=2021-09-02 HTTP/1.1" 200 416
101.83.145.79 - - [02/Sep/2021:10:17:24 +0800] "GET /xingrg/kc/buy/cgsh_order_operate.html?command=get_materiel&rest_code=00105&code=00101001045&supplier_code=00100439&order_time=2021-09-02 HTTP/1.1" 200 423
116.232.54.96 - - [02/Sep/2021:10:17:25 +0800] "GET /xingrg/all/function/internal_message.html?_=1630549042970&CODE_STATE=getMsg HTTP/1.1" 200 27
116.237.74.154 - - [02/Sep/2021:10:17:27 +0800] "GET /xingrg/check_reg.html?_=1630549041359 HTTP/1.1" 200 22
116.237.74.154 - - [02/Sep/2021:10:17:28 +0800] "GET /xingrg/all/function/internal_message.html?_=1630549042296&CODE_STATE=getMsg HTTP/1.1" 200 27
61.151.178.163 - - [02/Sep/2021:10:17:29 +0800] "GET /xingrg/all/function/internal_message.html?_=1630548982320&CODE_STATE=getMsg HTTP/1.1" 302 -
61.151.178.163 - - [02/Sep/2021:10:17:30 +0800] "GET /xingrg/login.html HTTP/1.1" 200 7641
222.70.176.99 - - [02/Sep/2021:10:17:31 +0800] "POST /xingrg/kc/buy/cgsh_order_operate.html HTTP/1.1" 200 37
116.237.74.154 - - [02/Sep/2021:10:17:32 +0800] "GET /xingrg/kc/buy/cgsh_order_operate.html?command=get_materiel&rest_code=00106&code=00101008223&supplier_code=00100007&order_time=2021-09-02 HTTP/1.1" 200 412
117.184.7.26 - - [02/Sep/2021:10:17:32 +0800] "GET /xingrg/all/function/internal_message.html?_=1630549043413&CODE_STATE=getMsg HTTP/1.1" 200 27
101.85.93.96 - - [02/Sep/2021:10:17:33 +0800] "GET /xingrg/all/function/internal_message.html?_=1630548987251&CODE_STATE=getMsg HTTP/1.1" 200 27
116.237.74.154 - - [02/Sep/2021:10:17:34 +0800] "POST /xingrg/kc/buy/cgsh_order_operate.html HTTP/1.1" 200 2065
61.151.178.180 - - [02/Sep/2021:10:17:34 +0800] "GET /xingrg/kc/buy/cgsh_order_operate.html?command=get_materiel&rest_code=00106&code=00101008041&supplier_code=00100007&order_time=2021-09-02 HTTP/1.1" 302 -
101.83.145.79 - - [02/Sep/2021:10:17:34 +0800] "POST /xingrg/kc/buy/cgsh_order_operate.html HTTP/1.1" 200 37
61.151.178.180 - - [02/Sep/2021:10:17:35 +0800] "GET /xingrg/login.html HTTP/1.1" 200 7641
101.83.145.79 - - [02/Sep/2021:10:17:35 +0800] "POST /xingrg/kc/buy/cgsh_order_operate.html HTTP/1.1" 200 2668
101.83.145.79 - - [02/Sep/2021:10:17:37 +0800] "GET /xingrg/kc/print/load_data.html?order_code=212021090200496&kc_code=cgsh&condition= HTTP/1.1" 200 687
101.83.145.79 - - [02/Sep/2021:10:17:38 +0800] "GET /xingrg/all/function/internal_message.html?_=1630549056732&CODE_STATE=getMsg HTTP/1.1" 200 27
120.253.135.82 - - [02/Sep/2021:10:17:40 +0800] "GET /xingrg/all/function/internal_message.html?_=1630549060087&CODE_STATE=getMsg HTTP/1.1" 200 27
101.83.145.79 - - [02/Sep/2021:10:17:41 +0800] "GET /xingrg/kc/buy/cgsh_order_add.html HTTP/1.1" 200 63417
222.70.176.99 - - [02/Sep/2021:10:17:41 +0800] "POST /xingrg/kc/buy/cgsh_order_operate.html HTTP/1.1" 200 7415
101.83.145.79 - - [02/Sep/2021:10:17:41 +0800] "GET /xingrg/javascript/easyui/themes/default/validatebox.css HTTP/1.1" 404 1104
101.83.145.79 - - [02/Sep/2021:10:17:41 +0800] "POST /xingrg/kc/buy/cgsh_order_operate.html HTTP/1.1" 200 8245
222.70.176.99 - - [02/Sep/2021:10:17:42 +0800] "GET /xingrg/all/function/internal_message.html?_=1630549052285&CODE_STATE=getMsg HTTP/1.1" 200 27
222.70.176.99 - - [02/Sep/2021:10:17:46 +0800] "GET /xingrg/kc/buy/cgsh_order_add.html HTTP/1.1" 200 63370
58.40.7.146 - - [02/Sep/2021:10:17:46 +0800] "GET /xingrg/all/function/internal_message.html?_=1630549063562&CODE_STATE=getMsg HTTP/1.1" 200 27
222.70.176.99 - - [02/Sep/2021:10:17:46 +0800] "POST /xingrg/kc/buy/cgsh_order_operate.html HTTP/1.1" 200 8245
222.70.176.99 - - [02/Sep/2021:10:17:46 +0800] "GET /xingrg/javascript/easyui/themes/default/validatebox.css HTTP/1.1" 404 1104
58.40.7.146 - - [02/Sep/2021:10:17:46 +0800] "GET /xingrg/check_reg.html?_=1630549064096 HTTP/1.1" 200 22
58.35.209.156 - - [02/Sep/2021:10:17:48 +0800] "GET /xingrg/all/function/internal_message.html?_=1630549066042&CODE_STATE=getMsg HTTP/1.1" 302 -
180.169.147.146 - - [02/Sep/2021:10:17:54 +0800] "GET /xingrg/all/function/internal_message.html?_=1630549071999&CODE_STATE=getMsg HTTP/1.1" 200 27
222.70.176.99 - - [02/Sep/2021:10:17:58 +0800] "GET /xingrg/kc/buy/cgsh_order_operate.html?command=get_materiel&rest_code=00111&code=00101002027&supplier_code=00100199&order_time=2021-09-02 HTTP/1.1" 200 413
116.237.74.154 - - [02/Sep/2021:10:18:03 +0800] "GET /xingrg/kc/buy/cgsh_order_operate.html?command=get_materiel&rest_code=00106&code=00101008005&supplier_code=00100007&order_time=2021-09-02 HTTP/1.1" 200 412
222.70.246.151 - - [02/Sep/2021:10:18:05 +0800] "GET /xingrg/all/function/internal_message.html?_=1630549096151&CODE_STATE=getMsg HTTP/1.1" 200 27
124.79.246.142 - - [02/Sep/2021:10:18:06 +0800] "GET /xingrg/all/function/internal_message.html?_=1630549539873&CODE_STATE=getMsg HTTP/1.1" 200 27
180.169.147.146 - - [02/Sep/2021:10:18:10 +0800] "GET /xingrg/all/function/internal_message.html?_=1630549087556&CODE_STATE=getMsg HTTP/1.1" 200 27
116.238.194.18 - - [02/Sep/2021:10:18:10 +0800] "GET /xingrg/all/function/internal_message.html?_=1630549071333&CODE_STATE=getMsg HTTP/1.1" 200 27
180.169.147.146 - - [02/Sep/2021:10:18:15 +0800] "GET /xingrg/all/function/internal_message.html?_=1630549093828&CODE_STATE=getMsg HTTP/1.1" 200 27
120.253.135.82 - - [02/Sep/2021:10:18:16 +0800] "GET /xingrg/all/function/internal_message.html?_=1630548869159&CODE_STATE=getMsg HTTP/1.1" 200 27
180.157.254.90 - - [02/Sep/2021:10:18:17 +0800] "GET /xingrg/all/function/internal_message.html?_=1630549096089&CODE_STATE=getMsg HTTP/1.1" 200 27
180.157.254.90 - - [02/Sep/2021:10:18:17 +0800] "GET /xingrg/check_reg.html?_=1630549096091 HTTP/1.1" 200 22
116.238.194.18 - - [02/Sep/2021:10:18:19 +0800] "GET /xingrg/check_reg.html?_=1630549096737 HTTP/1.1" 200 22
116.238.194.18 - - [02/Sep/2021:10:18:19 +0800] "GET /xingrg/all/function/internal_message.html?_=1630549096739&CODE_STATE=getMsg HTTP/1.1" 200 27
101.83.145.79 - - [02/Sep/2021:10:18:19 +0800] "GET /xingrg/all/function/internal_message.html?_=1630549047705&CODE_STATE=getMsg HTTP/1.1" 200 27
61.151.178.163 - - [02/Sep/2021:10:18:20 +0800] "GET /xingrg/kc/buy/cgsh_order_operate.html?command=get_materiel&rest_code=00106&code=00101008224&supplier_code=00100007&order_time=2021-09-02 HTTP/1.1" 302 -
116.230.105.26 - - [02/Sep/2021:10:18:20 +0800] "GET /xingrg/all/function/internal_message.html?_=1630549051380&CODE_STATE=getMsg HTTP/1.1" 200 27
61.151.178.163 - - [02/Sep/2021:10:18:21 +0800] "GET /xingrg/login.html HTTP/1.1" 200 7641
222.69.131.224 - - [02/Sep/2021:10:18:22 +0800] "GET /xingrg/all/function/internal_message.html?_=1630549100166&CODE_STATE=getMsg HTTP/1.1" 200 27
116.232.54.96 - - [02/Sep/2021:10:18:25 +0800] "GET /xingrg/all/function/internal_message.html?_=1630549102975&CODE_STATE=getMsg HTTP/1.1" 200 27
116.237.74.154 - - [02/Sep/2021:10:18:25 +0800] "POST /xingrg/kc/buy/cgsh_order_operate.html HTTP/1.1" 200 2065
61.151.178.236 - - [02/Sep/2021:10:18:28 +0800] "GET /xingrg/check_reg.html?_=1630549041359 HTTP/1.1" 302 -
116.237.74.154 - - [02/Sep/2021:10:18:28 +0800] "GET /xingrg/all/function/internal_message.html?_=1630549102275&CODE_STATE=getMsg HTTP/1.1" 200 27
61.151.178.249 - - [02/Sep/2021:10:18:28 +0800] "GET /xingrg/kc/buy/cgsh_order_operate.html?command=get_materiel&rest_code=00106&code=00101008223&supplier_code=00100007&order_time=2021-09-02 HTTP/1.1" 302 -
61.151.178.236 - - [02/Sep/2021:10:18:28 +0800] "GET /xingrg/login.html HTTP/1.1" 200 7641
61.151.178.249 - - [02/Sep/2021:10:18:28 +0800] "GET /xingrg/all/function/internal_message.html?_=1630549042296&CODE_STATE=getMsg HTTP/1.1" 302 -
61.151.178.249 - - [02/Sep/2021:10:18:28 +0800] "GET /xingrg/login.html HTTP/1.1" 200 7641
61.151.178.249 - - [02/Sep/2021:10:18:29 +0800] "GET /xingrg/login.html HTTP/1.1" 200 7641
117.184.7.26 - - [02/Sep/2021:10:18:32 +0800] "GET /xingrg/all/function/internal_message.html?_=1630549103394&CODE_STATE=getMsg HTTP/1.1" 200 27
101.85.93.96 - - [02/Sep/2021:10:18:33 +0800] "GET /xingrg/all/function/internal_message.html?_=1630549047264&CODE_STATE=getMsg HTTP/1.1" 200 27
