101.83.145.79 - - [02/Sep/2021:09:42:03 +0800] "GET /xingrg/all/function/internal_message.html?_=1630546921924&CODE_STATE=getMsg HTTP/1.1" 200 27
116.232.54.96 - - [02/Sep/2021:09:42:04 +0800] "POST /xingrg/kc/buy/cgsh_order_operate.html HTTP/1.1" 200 2065
124.79.246.142 - - [02/Sep/2021:09:42:08 +0800] "GET /xingrg/kc/buy/cgsh_order_operate.html?command=get_materiel&rest_code=00104&code=00101004067&supplier_code=00100312&order_time=2021-09-02 HTTP/1.1" 200 413
116.232.54.96 - - [02/Sep/2021:09:42:09 +0800] "GET /xingrg/kc/buy/cgsh_order_operate.html?command=get_materiel&rest_code=00109&code=00101008350&supplier_code=00100005&order_time=2021-09-02 HTTP/1.1" 200 408
116.238.194.18 - - [02/Sep/2021:09:42:10 +0800] "GET /xingrg/all/function/internal_message.html?_=1630546910712&CODE_STATE=getMsg HTTP/1.1" 200 27
180.169.147.146 - - [02/Sep/2021:09:42:10 +0800] "GET /xingrg/all/function/internal_message.html?_=1630546927548&CODE_STATE=getMsg HTTP/1.1" 200 27
101.83.145.79 - - [02/Sep/2021:09:42:15 +0800] "GET /xingrg/kc/buy/cgsh_order_operate.html?command=get_materiel&rest_code=00105&code=00101020153&supplier_code=00100034&order_time=2021-09-02 HTTP/1.1" 200 408
117.184.7.26 - - [02/Sep/2021:09:42:15 +0800] "GET /xingrg/all/function/internal_message.html?_=1630546927114&CODE_STATE=getMsg HTTP/1.1" 200 27
124.79.246.142 - - [02/Sep/2021:09:42:16 +0800] "GET /xingrg/kc/buy/cgsh_order_operate.html?command=get_materiel&rest_code=00104&code=00101004027&supplier_code=00100312&order_time=2021-09-02 HTTP/1.1" 200 409
180.157.254.90 - - [02/Sep/2021:09:42:17 +0800] "GET /xingrg/all/function/internal_message.html?_=1630546936015&CODE_STATE=getMsg HTTP/1.1" 200 27
101.83.145.79 - - [02/Sep/2021:09:42:19 +0800] "GET /xingrg/all/function/internal_message.html?_=1630546887654&CODE_STATE=getMsg HTTP/1.1" 200 27
116.232.54.96 - - [02/Sep/2021:09:42:20 +0800] "GET /xingrg/kc/buy/cgsh_order_operate.html?command=get_materiel&rest_code=00109&code=00101008036&supplier_code=00100005&order_time=2021-09-02 HTTP/1.1" 200 408
116.230.105.26 - - [02/Sep/2021:09:42:20 +0800] "GET /xingrg/all/function/internal_message.html?_=1630546891405&CODE_STATE=getMsg HTTP/1.1" 200 27
222.69.131.224 - - [02/Sep/2021:09:42:22 +0800] "GET /xingrg/all/function/internal_message.html?_=1630546940023&CODE_STATE=getMsg HTTP/1.1" 200 27
116.232.54.96 - - [02/Sep/2021:09:42:24 +0800] "GET /xingrg/all/function/internal_message.html?_=1630546942391&CODE_STATE=getMsg HTTP/1.1" 200 27
101.83.145.79 - - [02/Sep/2021:09:42:27 +0800] "GET /xingrg/kc/buy/cgsh_order_operate.html?command=get_materiel&rest_code=00105&code=00101016030&supplier_code=00100034&order_time=2021-09-02 HTTP/1.1" 200 412
58.40.7.146 - - [02/Sep/2021:09:42:27 +0800] "GET /xingrg/kc/base/wldb_order_operate.html?command=get_materiel&rest_code=00151&base_code=0010615&code=00101029096 HTTP/1.1" 200 468
180.169.147.146 - - [02/Sep/2021:09:42:29 +0800] "GET /xingrg/all/function/internal_message.html?_=1630546947589&CODE_STATE=getMsg HTTP/1.1" 200 27
116.238.194.18 - - [02/Sep/2021:09:42:32 +0800] "GET /xingrg/all/function/internal_message.html?_=1630546949373&CODE_STATE=getMsg HTTP/1.1" 200 27
101.85.93.96 - - [02/Sep/2021:09:42:33 +0800] "GET /xingrg/all/function/internal_message.html?_=1630546887194&CODE_STATE=getMsg HTTP/1.1" 200 27
124.79.246.142 - - [02/Sep/2021:09:42:34 +0800] "GET /xingrg/kc/buy/cgsh_order_operate.html?command=get_materiel&rest_code=00104&code=00101004106&supplier_code=00100312&order_time=2021-09-02 HTTP/1.1" 200 400
116.232.54.96 - - [02/Sep/2021:09:42:38 +0800] "GET /xingrg/kc/buy/cgsh_order_operate.html?command=get_materiel&rest_code=00109&code=00101015070&supplier_code=00100005&order_time=2021-09-02 HTTP/1.1" 200 413
120.253.135.82 - - [02/Sep/2021:09:42:39 +0800] "GET /xingrg/all/function/internal_message.html?_=1630546959018&CODE_STATE=getMsg HTTP/1.1" 200 27
101.83.145.79 - - [02/Sep/2021:09:42:40 +0800] "GET /xingrg/system/info/materiel_import.html?isSelect=1&singleSelect=false HTTP/1.1" 200 5600
101.83.145.79 - - [02/Sep/2021:09:42:40 +0800] "GET /xingrg/css/xtree.css HTTP/1.1" 304 -
101.83.145.79 - - [02/Sep/2021:09:42:40 +0800] "GET /xingrg/javascript/jquery_ui/themes/base/base.css HTTP/1.1" 304 -
101.83.145.79 - - [02/Sep/2021:09:42:40 +0800] "GET /xingrg/javascript/jquery_easy_ui/themes/default/images/button_a_bg.gif HTTP/1.1" 304 -
101.83.145.79 - - [02/Sep/2021:09:42:40 +0800] "GET /xingrg/javascript/jquery_easy_ui/themes/default/images/button_span_bg.gif HTTP/1.1" 304 -
101.83.145.79 - - [02/Sep/2021:09:42:40 +0800] "GET /xingrg/javascript/jquery_easy_ui/themes/default/images/datagrid_header_bg.gif HTTP/1.1" 304 -
101.83.145.79 - - [02/Sep/2021:09:42:40 +0800] "GET /xingrg/javascript/jquery_easy_ui/themes/icons/check_new.png HTTP/1.1" 304 -
101.83.145.79 - - [02/Sep/2021:09:42:40 +0800] "GET /xingrg/javascript/jquery_easy_ui/themes/default/images/pagination_first.gif HTTP/1.1" 304 -
101.83.145.79 - - [02/Sep/2021:09:42:40 +0800] "GET /xingrg/javascript/jquery_easy_ui/themes/icons/edit_add.png HTTP/1.1" 304 -
101.83.145.79 - - [02/Sep/2021:09:42:40 +0800] "GET /xingrg/javascript/jquery_easy_ui/themes/default/images/pagination_prev.gif HTTP/1.1" 304 -
101.83.145.79 - - [02/Sep/2021:09:42:40 +0800] "GET /xingrg/javascript/jquery_easy_ui/themes/icons/search.png HTTP/1.1" 304 -
101.83.145.79 - - [02/Sep/2021:09:42:40 +0800] "GET /xingrg/javascript/jquery_easy_ui/themes/default/images/pagination_next.gif HTTP/1.1" 304 -
101.83.145.79 - - [02/Sep/2021:09:42:40 +0800] "GET /favicon.ico HTTP/1.1" 404 -
101.83.145.79 - - [02/Sep/2021:09:42:40 +0800] "GET /xingrg/javascript/jquery_easy_ui/themes/default/images/pagination_last.gif HTTP/1.1" 304 -
101.83.145.79 - - [02/Sep/2021:09:42:40 +0800] "GET /xingrg/javascript/jquery_easy_ui/themes/default/images/pagination_load.png HTTP/1.1" 304 -
101.83.145.79 - - [02/Sep/2021:09:42:40 +0800] "POST /xingrg/all/common/load_tree.html?tree=materiel_sort_tree_json HTTP/1.1" 200 8666
222.70.176.99 - - [02/Sep/2021:09:42:41 +0800] "GET /xingrg/all/function/internal_message.html?_=1630546952242&CODE_STATE=getMsg HTTP/1.1" 200 27
101.83.145.79 - - [02/Sep/2021:09:42:46 +0800] "GET /xingrg/kc/buy/cgsh_order_operate.html?command=get_materiel&rest_code=00105&code=00101016071&supplier_code=00100034&order_time=2021-09-02 HTTP/1.1" 200 416
58.40.7.146 - - [02/Sep/2021:09:42:46 +0800] "GET /xingrg/check_reg.html?_=1630546964063 HTTP/1.1" 200 22
58.40.7.146 - - [02/Sep/2021:09:42:46 +0800] "GET /xingrg/all/function/internal_message.html?_=1630546964065&CODE_STATE=getMsg HTTP/1.1" 200 27
58.35.209.156 - - [02/Sep/2021:09:42:48 +0800] "GET /xingrg/all/function/internal_message.html?_=1630546966033&CODE_STATE=getMsg HTTP/1.1" 302 -
101.83.145.79 - - [02/Sep/2021:09:42:52 +0800] "POST /xingrg/kc/buy/cgsh_order_operate.html HTTP/1.1" 200 37
124.79.246.142 - - [02/Sep/2021:09:42:53 +0800] "GET /xingrg/kc/buy/cgsh_order_operate.html?command=get_materiel&rest_code=00104&code=00101004030&supplier_code=00100312&order_time=2021-09-02 HTTP/1.1" 200 408
180.169.147.146 - - [02/Sep/2021:09:42:54 +0800] "GET /xingrg/all/function/internal_message.html?_=1630546972002&CODE_STATE=getMsg HTTP/1.1" 200 27
116.232.54.96 - - [02/Sep/2021:09:42:55 +0800] "POST /xingrg/kc/buy/cgsh_order_operate.html HTTP/1.1" 200 37
101.83.145.79 - - [02/Sep/2021:09:42:55 +0800] "POST /xingrg/kc/buy/cgsh_order_operate.html HTTP/1.1" 200 4425
101.83.145.79 - - [02/Sep/2021:09:42:56 +0800] "GET /xingrg/kc/print/load_data.html?order_code=212021090200450&kc_code=cgsh&condition= HTTP/1.1" 200 1376
58.221.95.50 - - [02/Sep/2021:09:42:58 +0800] "GET /xingrg/check_reg.html?_=1630546975858 HTTP/1.1" 302 -
116.232.54.96 - - [02/Sep/2021:09:42:58 +0800] "POST /xingrg/kc/buy/cgsh_order_operate.html HTTP/1.1" 200 41698
101.83.145.79 - - [02/Sep/2021:09:43:00 +0800] "GET /xingrg/kc/buy/cgsh_order_add.html HTTP/1.1" 200 63417
116.232.54.96 - - [02/Sep/2021:09:43:00 +0800] "GET /xingrg/kc/print/load_config.html?kc_code=cgsh HTTP/1.1" 200 2076
116.232.54.96 - - [02/Sep/2021:09:43:00 +0800] "GET /xingrg/kc/print/load_data.html?order_code=212021090200451&kc_code=cgsh&condition= HTTP/1.1" 200 15460
101.83.145.79 - - [02/Sep/2021:09:43:00 +0800] "GET /xingrg/javascript/easyui/themes/default/validatebox.css HTTP/1.1" 404 1104
101.83.145.79 - - [02/Sep/2021:09:43:00 +0800] "POST /xingrg/kc/buy/cgsh_order_operate.html HTTP/1.1" 200 8245
124.79.246.142 - - [02/Sep/2021:09:43:01 +0800] "GET /xingrg/all/function/internal_message.html?_=1630547435029&CODE_STATE=getMsg HTTP/1.1" 200 27
101.83.145.79 - - [02/Sep/2021:09:43:03 +0800] "GET /xingrg/all/function/internal_message.html?_=1630546981938&CODE_STATE=getMsg HTTP/1.1" 200 27
222.70.246.151 - - [02/Sep/2021:09:43:03 +0800] "GET /xingrg/all/function/internal_message.html?_=1630546994537&CODE_STATE=getMsg HTTP/1.1" 200 27
124.79.246.142 - - [02/Sep/2021:09:43:05 +0800] "GET /xingrg/kc/buy/cgsh_order_operate.html?command=get_materiel&rest_code=00104&code=00101004020&supplier_code=00100312&order_time=2021-09-02 HTTP/1.1" 200 409
116.238.194.18 - - [02/Sep/2021:09:43:10 +0800] "GET /xingrg/all/function/internal_message.html?_=1630546970746&CODE_STATE=getMsg HTTP/1.1" 200 27
180.169.147.146 - - [02/Sep/2021:09:43:10 +0800] "GET /xingrg/all/function/internal_message.html?_=1630546987543&CODE_STATE=getMsg HTTP/1.1" 200 27
101.83.145.79 - - [02/Sep/2021:09:43:12 +0800] "GET /xingrg/kc/buy/cgsh_order_operate.html?command=get_materiel&rest_code=00105&code=00102002453&supplier_code=00100070&order_time=2021-09-02 HTTP/1.1" 200 433
117.184.7.26 - - [02/Sep/2021:09:43:15 +0800] "GET /xingrg/all/function/internal_message.html?_=1630546987101&CODE_STATE=getMsg HTTP/1.1" 200 27
180.157.254.90 - - [02/Sep/2021:09:43:17 +0800] "GET /xingrg/all/function/internal_message.html?_=1630546996029&CODE_STATE=getMsg HTTP/1.1" 200 27
180.157.254.90 - - [02/Sep/2021:09:43:17 +0800] "GET /xingrg/check_reg.html?_=1630546996030 HTTP/1.1" 200 22
124.79.246.142 - - [02/Sep/2021:09:43:17 +0800] "GET /xingrg/javascript/easyui/themes/default/images/button_plain_hover.png HTTP/1.1" 304 -
124.79.246.142 - - [02/Sep/2021:09:43:17 +0800] "GET /xingrg/javascript/easyui/themes/default/images/button_plain_hover.png HTTP/1.1" 304 -
124.79.246.142 - - [02/Sep/2021:09:43:17 +0800] "GET /xingrg/javascript/easyui/themes/default/images/button_plain_hover.png HTTP/1.1" 304 -
101.83.145.79 - - [02/Sep/2021:09:43:19 +0800] "GET /xingrg/all/function/internal_message.html?_=1630546947654&CODE_STATE=getMsg HTTP/1.1" 200 27
116.230.105.26 - - [02/Sep/2021:09:43:20 +0800] "GET /xingrg/all/function/internal_message.html?_=1630546951379&CODE_STATE=getMsg HTTP/1.1" 200 27
222.69.131.224 - - [02/Sep/2021:09:43:22 +0800] "GET /xingrg/all/function/internal_message.html?_=1630547000037&CODE_STATE=getMsg HTTP/1.1" 200 27
124.79.246.142 - - [02/Sep/2021:09:43:22 +0800] "POST /xingrg/kc/buy/cgsh_order_operate.html HTTP/1.1" 200 37
124.79.246.142 - - [02/Sep/2021:09:43:24 +0800] "POST /xingrg/kc/buy/cgsh_order_operate.html HTTP/1.1" 200 5617
124.79.246.142 - - [02/Sep/2021:09:43:24 +0800] "GET /xingrg/javascript/easyui/themes/default/images/button_plain_hover.png HTTP/1.1" 304 -
124.79.246.142 - - [02/Sep/2021:09:43:24 +0800] "GET /xingrg/javascript/easyui/themes/default/images/button_plain_hover.png HTTP/1.1" 304 -
116.232.54.96 - - [02/Sep/2021:09:43:24 +0800] "GET /xingrg/all/function/internal_message.html?_=1630547002397&CODE_STATE=getMsg HTTP/1.1" 200 27
124.79.246.142 - - [02/Sep/2021:09:43:25 +0800] "GET /xingrg/kc/print/load_config.html?kc_code=cgsh HTTP/1.1" 200 2076
124.79.246.142 - - [02/Sep/2021:09:43:25 +0800] "GET /xingrg/kc/print/load_data.html?order_code=212021090200452&kc_code=cgsh&condition= HTTP/1.1" 200 1811
101.83.145.79 - - [02/Sep/2021:09:43:27 +0800] "GET /xingrg/kc/buy/cgsh_order_operate.html?command=get_materiel&rest_code=00105&code=00102002334&supplier_code=00100070&order_time=2021-09-02 HTTP/1.1" 200 431
180.169.147.146 - - [02/Sep/2021:09:43:29 +0800] "GET /xingrg/all/function/internal_message.html?_=1630547007594&CODE_STATE=getMsg HTTP/1.1" 200 27
180.169.147.146 - - [02/Sep/2021:09:43:29 +0800] "GET /xingrg/check_reg.html?_=1630547007598 HTTP/1.1" 200 22
58.40.7.146 - - [02/Sep/2021:09:43:32 +0800] "POST /xingrg/kc/base/wldb_order_operate.html HTTP/1.1" 200 37
116.238.194.18 - - [02/Sep/2021:09:43:32 +0800] "GET /xingrg/all/function/internal_message.html?_=1630547009373&CODE_STATE=getMsg HTTP/1.1" 200 27
58.40.7.146 - - [02/Sep/2021:09:43:32 +0800] "POST /xingrg/kc/base/wldb_order_operate.html HTTP/1.1" 200 8231
58.40.7.146 - - [02/Sep/2021:09:43:33 +0800] "GET /xingrg/kc/base/wldb_order_info.html?code=422021090100044 HTTP/1.1" 200 30460
101.85.93.96 - - [02/Sep/2021:09:43:33 +0800] "GET /xingrg/all/function/internal_message.html?_=1630546947193&CODE_STATE=getMsg HTTP/1.1" 200 27
58.40.7.146 - - [02/Sep/2021:09:43:33 +0800] "GET /xingrg/javascript/easyui/themes/default/validatebox.css HTTP/1.1" 404 1104
58.40.7.146 - - [02/Sep/2021:09:43:34 +0800] "POST /xingrg/kc/base/wldb_order_operate.html HTTP/1.1" 200 8231
120.253.135.82 - - [02/Sep/2021:09:43:39 +0800] "GET /xingrg/all/function/internal_message.html?_=1630547019065&CODE_STATE=getMsg HTTP/1.1" 200 27
180.169.147.146 - - [02/Sep/2021:09:43:40 +0800] "GET /xingrg/all/report/report_query.html?isQuery=1&fileName=kc/base/crk_detail_by_small.xml&rh=99999&queryString=&queryText=%25E3%2580%2590%25E4%25BB%2593%25E5%25BA%2593%25E5%2590%258D%25E7%25A7%25B0%253A%25E5%2586%25B7%25E5%25BA%2593%25E3%2580%2591%25E3%2580%2590%25E4%25B8%259A%25E5%258A%25A1%25E7%25B1%25BB%25E5%259E%258B%25EF%25BC%259A%25E5%2586%2585%25E9%2583%25A8%25E8%25B0%2583%25E5%2587%25BA%25E3%2580%2591%2520%253F%253F%253F%253F%253F2021-08-01%253F%253F2021-08-31&tableQueryString=crk_table%2524sp1%2524order_day%2520between%252020210801%2520and%252020210831%2520and%2520(base_code%253D'0010185')%2520and%2520(src_order_type%2520in%2520(42))%2520and%2520(is_rk%2520in%2520(0)) HTTP/1.1" 200 53762
180.169.147.146 - - [02/Sep/2021:09:43:41 +0800] "GET /xingrg/dwr/interface/AjaxReportQueryService.js HTTP/1.1" 200 13203
180.169.147.146 - - [02/Sep/2021:09:43:41 +0800] "GET /xingrg/dwr/engine.js HTTP/1.1" 200 43631
222.70.176.99 - - [02/Sep/2021:09:43:41 +0800] "GET /xingrg/all/function/internal_message.html?_=1630547012240&CODE_STATE=getMsg HTTP/1.1" 200 27
180.169.147.146 - - [02/Sep/2021:09:43:42 +0800] "POST /xingrg/all/report/load_report_page.html HTTP/1.1" 200 18320
180.169.147.146 - - [02/Sep/2021:09:43:42 +0800] "GET /xingrg/servlets/image?cache=0.18610672613937074&image=px HTTP/1.1" 200 807
101.83.145.79 - - [02/Sep/2021:09:43:42 +0800] "POST /xingrg/kc/buy/cgsh_order_operate.html HTTP/1.1" 200 37
124.79.246.142 - - [02/Sep/2021:09:43:43 +0800] "GET /xingrg/javascript/easyui/themes/default/images/button_plain_hover.png HTTP/1.1" 304 -
124.79.246.142 - - [02/Sep/2021:09:43:43 +0800] "GET /xingrg/javascript/easyui/themes/default/images/button_plain_hover.png HTTP/1.1" 304 -
124.79.246.142 - - [02/Sep/2021:09:43:43 +0800] "GET /xingrg/javascript/easyui/themes/default/images/button_plain_hover.png HTTP/1.1" 304 -
124.79.246.142 - - [02/Sep/2021:09:43:44 +0800] "GET /xingrg/javascript/easyui/themes/default/images/button_plain_hover.png HTTP/1.1" 304 -
124.79.246.142 - - [02/Sep/2021:09:43:44 +0800] "GET /xingrg/javascript/easyui/themes/default/images/button_plain_hover.png HTTP/1.1" 304 -
101.83.145.79 - - [02/Sep/2021:09:43:44 +0800] "POST /xingrg/kc/buy/cgsh_order_operate.html HTTP/1.1" 200 3265
124.79.246.142 - - [02/Sep/2021:09:43:44 +0800] "GET /xingrg/javascript/easyui/themes/default/images/button_plain_hover.png HTTP/1.1" 304 -
124.79.246.142 - - [02/Sep/2021:09:43:44 +0800] "GET /xingrg/css/base.css HTTP/1.1" 304 -
124.79.246.142 - - [02/Sep/2021:09:43:44 +0800] "GET /xingrg/css/site.css HTTP/1.1" 304 -
124.79.246.142 - - [02/Sep/2021:09:43:44 +0800] "GET /xingrg/javascript/jquery_tools/jquery.tools.min.js HTTP/1.1" 304 -
124.79.246.142 - - [02/Sep/2021:09:43:44 +0800] "GET /xingrg/javascript/jquery_tools/datebox.css HTTP/1.1" 304 -
124.79.246.142 - - [02/Sep/2021:09:43:44 +0800] "GET /xingrg/javascript/jquery_tools/jquery.tools.extend.js HTTP/1.1" 304 -
124.79.246.142 - - [02/Sep/2021:09:43:44 +0800] "GET /xingrg/javascript/easyui/themes/icon.css HTTP/1.1" 304 -
124.79.246.142 - - [02/Sep/2021:09:43:44 +0800] "GET /xingrg/javascript/easyui/themes/default/easyui.css HTTP/1.1" 304 -
124.79.246.142 - - [02/Sep/2021:09:43:44 +0800] "GET /xingrg/javascript/jquery_tools/fix.css HTTP/1.1" 304 -
124.79.246.142 - - [02/Sep/2021:09:43:44 +0800] "GET /xingrg/javascript/auto/jquery.autocomplete.css HTTP/1.1" 304 -
124.79.246.142 - - [02/Sep/2021:09:43:44 +0800] "GET /xingrg/kc/buy/cgsh_order_add.html HTTP/1.1" 200 63376
124.79.246.142 - - [02/Sep/2021:09:43:44 +0800] "GET /xingrg/javascript/jquery_tools/table.css HTTP/1.1" 304 -
124.79.246.142 - - [02/Sep/2021:09:43:44 +0800] "GET /xingrg/javascript/pic_change.js HTTP/1.1" 304 -
124.79.246.142 - - [02/Sep/2021:09:43:44 +0800] "GET /xingrg/javascript/jquery_tools/jquery.tools.hotkey.js HTTP/1.1" 304 -
124.79.246.142 - - [02/Sep/2021:09:43:44 +0800] "GET /xingrg/javascript/auto/jquery.autocomplete.js HTTP/1.1" 304 -
124.79.246.142 - - [02/Sep/2021:09:43:44 +0800] "GET /xingrg/javascript/jquery.utils.js HTTP/1.1" 304 -
124.79.246.142 - - [02/Sep/2021:09:43:44 +0800] "GET /xingrg/javascript/jquery_tools/jquery.tools.table.js HTTP/1.1" 304 -
124.79.246.142 - - [02/Sep/2021:09:43:44 +0800] "GET /xingrg/javascript/easyui/easyloader.js HTTP/1.1" 304 -
124.79.246.142 - - [02/Sep/2021:09:43:44 +0800] "GET /xingrg/javascript/jquery_tools/order_manager.js HTTP/1.1" 304 -
124.79.246.142 - - [02/Sep/2021:09:43:44 +0800] "GET /xingrg/javascript/convert.js HTTP/1.1" 304 -
124.79.246.142 - - [02/Sep/2021:09:43:44 +0800] "GET /xingrg/javascript/json2.js HTTP/1.1" 304 -
124.79.246.142 - - [02/Sep/2021:09:43:44 +0800] "GET /xingrg/javascript/jquery.cookie.js HTTP/1.1" 304 -
124.79.246.142 - - [02/Sep/2021:09:43:44 +0800] "GET /xingrg/javascript/print/LodopFuncs.js HTTP/1.1" 304 -
124.79.246.142 - - [02/Sep/2021:09:43:44 +0800] "GET /xingrg/javascript/print/kc_print.js HTTP/1.1" 304 -
58.40.7.146 - - [02/Sep/2021:09:43:44 +0800] "POST /xingrg/kc/base/wldb_list_operate.html HTTP/1.1" 200 440
101.83.145.79 - - [02/Sep/2021:09:43:45 +0800] "GET /xingrg/kc/print/load_data.html?order_code=212021090200453&kc_code=cgsh&condition= HTTP/1.1" 200 912
124.79.246.142 - - [02/Sep/2021:09:43:45 +0800] "GET /xingrg/words/20210901170830_words.js HTTP/1.1" 304 -
124.79.246.142 - - [02/Sep/2021:09:43:45 +0800] "GET /xingrg/javascript/easyui/themes/icons/copy_new.png HTTP/1.1" 304 -
124.79.246.142 - - [02/Sep/2021:09:43:45 +0800] "GET /xingrg/javascript/easyui/themes/icons/template_new.png HTTP/1.1" 304 -
124.79.246.142 - - [02/Sep/2021:09:43:45 +0800] "GET /xingrg/javascript/easyui/themes/icons/ok.png HTTP/1.1" 304 -
124.79.246.142 - - [02/Sep/2021:09:43:45 +0800] "GET /xingrg/javascript/easyui/themes/default/images/menu_downarrow.png HTTP/1.1" 304 -
124.79.246.142 - - [02/Sep/2021:09:43:45 +0800] "GET /xingrg/javascript/easyui/themes/icons/print.png HTTP/1.1" 304 -
124.79.246.142 - - [02/Sep/2021:09:43:45 +0800] "GET /xingrg/javascript/easyui/themes/icons/cancel.png HTTP/1.1" 304 -
124.79.246.142 - - [02/Sep/2021:09:43:45 +0800] "GET /xingrg/javascript/easyui/plugins/jquery.parser.js HTTP/1.1" 304 -
124.79.246.142 - - [02/Sep/2021:09:43:45 +0800] "POST /xingrg/kc/buy/cgsh_order_operate.html HTTP/1.1" 200 8245
124.79.246.142 - - [02/Sep/2021:09:43:45 +0800] "GET /xingrg/all/common/auto_word.html?type=employee&rest_code=00104 HTTP/1.1" 200 149
124.79.246.142 - - [02/Sep/2021:09:43:45 +0800] "GET /xingrg/all/common/auto_word.html?type=employee&rest_code=00104 HTTP/1.1" 200 149
124.79.246.142 - - [02/Sep/2021:09:43:45 +0800] "GET /xingrg/javascript/easyui/themes/default/validatebox.css HTTP/1.1" 404 1104
124.79.246.142 - - [02/Sep/2021:09:43:45 +0800] "GET /xingrg/javascript/easyui/plugins/jquery.validatebox.js HTTP/1.1" 304 -
124.79.246.142 - - [02/Sep/2021:09:43:45 +0800] "GET /xingrg/javascript/easyui/plugins/jquery.numberbox.js HTTP/1.1" 304 -
58.40.7.146 - - [02/Sep/2021:09:43:46 +0800] "GET /xingrg/all/function/internal_message.html?_=1630547024058&CODE_STATE=getMsg HTTP/1.1" 200 27
58.40.7.146 - - [02/Sep/2021:09:43:47 +0800] "GET /xingrg/kc/base/wldb_order_info.html?code=422021090100045 HTTP/1.1" 200 30463
58.40.7.146 - - [02/Sep/2021:09:43:47 +0800] "GET /xingrg/javascript/easyui/themes/default/validatebox.css HTTP/1.1" 404 1104
58.40.7.146 - - [02/Sep/2021:09:43:47 +0800] "POST /xingrg/kc/base/wldb_order_operate.html HTTP/1.1" 200 3638
58.35.209.156 - - [02/Sep/2021:09:43:48 +0800] "GET /xingrg/all/function/internal_message.html?_=1630547026026&CODE_STATE=getMsg HTTP/1.1" 302 -
58.35.209.156 - - [02/Sep/2021:09:43:48 +0800] "GET /xingrg/check_reg.html?_=1630547026033 HTTP/1.1" 302 -
124.79.246.142 - - [02/Sep/2021:09:43:50 +0800] "GET /xingrg/javascript/easyui/plugins/jquery.draggable.js HTTP/1.1" 304 -
124.79.246.142 - - [02/Sep/2021:09:43:50 +0800] "GET /xingrg/css/images/panel_loading.gif HTTP/1.1" 304 -
124.79.246.142 - - [02/Sep/2021:09:43:50 +0800] "GET /xingrg/javascript/easyui/plugins/jquery.droppable.js HTTP/1.1" 304 -
124.79.246.142 - - [02/Sep/2021:09:43:50 +0800] "GET /xingrg/javascript/easyui/themes/default/tree.css HTTP/1.1" 404 1090
124.79.246.142 - - [02/Sep/2021:09:43:50 +0800] "GET /xingrg/javascript/easyui/plugins/jquery.tree.js HTTP/1.1" 304 -
124.79.246.142 - - [02/Sep/2021:09:43:50 +0800] "POST /xingrg/all/common/load_tree.html?tree=supplier_tree_json&isDelete=1 HTTP/1.1" 200 57570
124.79.246.142 - - [02/Sep/2021:09:43:52 +0800] "GET /xingrg/javascript/easyui/themes/default/images/tree_folder.gif HTTP/1.1" 304 -
124.79.246.142 - - [02/Sep/2021:09:43:52 +0800] "GET /xingrg/javascript/easyui/themes/default/images/tree_folder_open.gif HTTP/1.1" 304 -
124.79.246.142 - - [02/Sep/2021:09:43:52 +0800] "GET /xingrg/javascript/easyui/themes/default/images/tree_file.gif HTTP/1.1" 304 -
180.169.147.146 - - [02/Sep/2021:09:43:54 +0800] "GET /xingrg/all/function/internal_message.html?_=1630547031992&CODE_STATE=getMsg HTTP/1.1" 200 27
101.83.145.79 - - [02/Sep/2021:09:43:56 +0800] "GET /xingrg/kc/buy/cgsh_order_add.html HTTP/1.1" 200 63417
101.83.145.79 - - [02/Sep/2021:09:43:56 +0800] "GET /xingrg/javascript/easyui/themes/default/validatebox.css HTTP/1.1" 404 1104
101.83.145.79 - - [02/Sep/2021:09:43:56 +0800] "POST /xingrg/kc/buy/cgsh_order_operate.html HTTP/1.1" 200 8245
124.79.246.142 - - [02/Sep/2021:09:44:01 +0800] "GET /xingrg/all/function/internal_message.html?_=1630547495047&CODE_STATE=getMsg HTTP/1.1" 200 27
101.83.145.79 - - [02/Sep/2021:09:44:03 +0800] "GET /xingrg/check_reg.html?_=1630547041930 HTTP/1.1" 200 22
101.83.145.79 - - [02/Sep/2021:09:44:03 +0800] "GET /xingrg/all/function/internal_message.html?_=1630547041933&CODE_STATE=getMsg HTTP/1.1" 200 27
222.70.246.151 - - [02/Sep/2021:09:44:03 +0800] "GET /xingrg/all/function/internal_message.html?_=1630547054552&CODE_STATE=getMsg HTTP/1.1" 200 27
180.169.147.146 - - [02/Sep/2021:09:44:06 +0800] "GET /xingrg/all/report/report_query.html?isQuery=1&fileName=kc/base/crk_detail_by_small.xml&rh=99999&queryString=&queryText=%25E3%2580%2590%25E4%25BB%2593%25E5%25BA%2593%25E5%2590%258D%25E7%25A7%25B0%253A%25E5%2586%25B7%25E5%25BA%2593%25E3%2580%2591%25E3%2580%2590%25E4%25B8%259A%25E5%258A%25A1%25E7%25B1%25BB%25E5%259E%258B%25EF%25BC%259A%25E8%25B0%2583%25E5%25BE%2580%25E5%25BC%2582%25E5%25BA%2597%25E3%2580%2591%2520%253F%253F%253F%253F%253F2021-08-01%253F%253F2021-08-31&tableQueryString=crk_table%2524sp1%2524order_day%2520between%252020210801%2520and%252020210831%2520and%2520(base_code%253D'0010185')%2520and%2520(src_order_type%2520in%2520(48))%2520and%2520(is_rk%2520in%2520(0)) HTTP/1.1" 200 53762
180.169.147.146 - - [02/Sep/2021:09:44:07 +0800] "GET /xingrg/dwr/interface/AjaxReportQueryService.js HTTP/1.1" 200 13203
180.169.147.146 - - [02/Sep/2021:09:44:07 +0800] "GET /xingrg/dwr/engine.js HTTP/1.1" 200 43631
180.169.147.146 - - [02/Sep/2021:09:44:07 +0800] "POST /xingrg/all/report/load_report_page.html HTTP/1.1" 200 18307
180.169.147.146 - - [02/Sep/2021:09:44:07 +0800] "GET /xingrg/servlets/image?cache=0.3458680472482254&image=px HTTP/1.1" 200 807
120.253.135.82 - - [02/Sep/2021:09:44:09 +0800] "GET /xingrg/check_reg.html?_=1630547049266 HTTP/1.1" 200 22
116.238.194.18 - - [02/Sep/2021:09:44:10 +0800] "GET /xingrg/all/function/internal_message.html?_=1630547030755&CODE_STATE=getMsg HTTP/1.1" 200 27
180.169.147.146 - - [02/Sep/2021:09:44:10 +0800] "GET /xingrg/all/function/internal_message.html?_=1630547047555&CODE_STATE=getMsg HTTP/1.1" 200 27
117.184.7.26 - - [02/Sep/2021:09:44:15 +0800] "GET /xingrg/all/function/internal_message.html?_=1630547047085&CODE_STATE=getMsg HTTP/1.1" 200 27
180.157.254.90 - - [02/Sep/2021:09:44:17 +0800] "GET /xingrg/all/function/internal_message.html?_=1630547056030&CODE_STATE=getMsg HTTP/1.1" 200 27
101.83.145.79 - - [02/Sep/2021:09:44:19 +0800] "GET /xingrg/all/function/internal_message.html?_=1630547007653&CODE_STATE=getMsg HTTP/1.1" 200 27
116.230.105.26 - - [02/Sep/2021:09:44:20 +0800] "GET /xingrg/check_reg.html?_=1630547011353 HTTP/1.1" 200 22
116.230.105.26 - - [02/Sep/2021:09:44:20 +0800] "GET /xingrg/all/function/internal_message.html?_=1630547011360&CODE_STATE=getMsg HTTP/1.1" 200 27
222.69.131.224 - - [02/Sep/2021:09:44:22 +0800] "GET /xingrg/all/function/internal_message.html?_=1630547060036&CODE_STATE=getMsg HTTP/1.1" 200 27
116.232.54.96 - - [02/Sep/2021:09:44:24 +0800] "GET /xingrg/all/function/internal_message.html?_=1630547062395&CODE_STATE=getMsg HTTP/1.1" 200 27
180.169.147.146 - - [02/Sep/2021:09:44:29 +0800] "GET /xingrg/all/function/internal_message.html?_=1630547067591&CODE_STATE=getMsg HTTP/1.1" 200 27
116.238.194.18 - - [02/Sep/2021:09:44:32 +0800] "GET /xingrg/all/function/internal_message.html?_=1630547069374&CODE_STATE=getMsg HTTP/1.1" 200 27
101.85.93.96 - - [02/Sep/2021:09:44:33 +0800] "GET /xingrg/all/function/internal_message.html?_=1630547007191&CODE_STATE=getMsg HTTP/1.1" 200 27
120.253.135.82 - - [02/Sep/2021:09:44:39 +0800] "GET /xingrg/all/function/internal_message.html?_=1630547079093&CODE_STATE=getMsg HTTP/1.1" 200 27
222.70.176.99 - - [02/Sep/2021:09:44:41 +0800] "GET /xingrg/all/function/internal_message.html?_=1630547072240&CODE_STATE=getMsg HTTP/1.1" 200 27
222.70.176.99 - - [02/Sep/2021:09:44:41 +0800] "GET /xingrg/check_reg.html?_=1630547072242 HTTP/1.1" 200 22
58.40.7.146 - - [02/Sep/2021:09:44:46 +0800] "GET /xingrg/all/function/internal_message.html?_=1630547084065&CODE_STATE=getMsg HTTP/1.1" 200 27
58.35.209.156 - - [02/Sep/2021:09:44:48 +0800] "GET /xingrg/all/function/internal_message.html?_=1630547086034&CODE_STATE=getMsg HTTP/1.1" 302 -
124.79.246.142 - - [02/Sep/2021:09:44:53 +0800] "GET /xingrg/kc/buy/cgsh_order_operate.html?command=get_materiel&rest_code=00104&code=00101008517&supplier_code=00100339&order_time=2021-09-02 HTTP/1.1" 200 400
180.169.147.146 - - [02/Sep/2021:09:44:54 +0800] "GET /xingrg/all/function/internal_message.html?_=1630547092000&CODE_STATE=getMsg HTTP/1.1" 200 27
58.40.7.146 - - [02/Sep/2021:09:44:58 +0800] "GET /xingrg/kc/base/wldb_order_operate.html?command=get_materiel&rest_code=00151&base_code=0010610&code=00101016082 HTTP/1.1" 200 431
124.79.246.142 - - [02/Sep/2021:09:45:01 +0800] "GET /xingrg/check_reg.html?_=1630547554902 HTTP/1.1" 200 22
124.79.246.142 - - [02/Sep/2021:09:45:01 +0800] "GET /xingrg/all/function/internal_message.html?_=1630547555058&CODE_STATE=getMsg HTTP/1.1" 200 27
124.79.246.142 - - [02/Sep/2021:09:45:01 +0800] "GET /xingrg/javascript/easyui/themes/default/images/button_plain_hover.png HTTP/1.1" 304 -
124.79.246.142 - - [02/Sep/2021:09:45:01 +0800] "GET /xingrg/javascript/easyui/themes/default/images/button_plain_hover.png HTTP/1.1" 304 -
124.79.246.142 - - [02/Sep/2021:09:45:01 +0800] "GET /xingrg/javascript/easyui/themes/default/images/button_plain_hover.png HTTP/1.1" 304 -
222.70.246.151 - - [02/Sep/2021:09:45:02 +0800] "GET /xingrg/check_reg.html?_=1630547113898 HTTP/1.1" 200 22
101.83.145.79 - - [02/Sep/2021:09:45:03 +0800] "GET /xingrg/all/function/internal_message.html?_=1630547101924&CODE_STATE=getMsg HTTP/1.1" 200 27
222.70.246.151 - - [02/Sep/2021:09:45:03 +0800] "GET /xingrg/all/function/internal_message.html?_=1630547114565&CODE_STATE=getMsg HTTP/1.1" 200 27
124.79.246.142 - - [02/Sep/2021:09:45:05 +0800] "POST /xingrg/kc/buy/cgsh_order_operate.html HTTP/1.1" 200 37
124.79.246.142 - - [02/Sep/2021:09:45:07 +0800] "POST /xingrg/kc/buy/cgsh_order_operate.html HTTP/1.1" 200 2657
116.238.194.18 - - [02/Sep/2021:09:45:09 +0800] "GET /xingrg/check_reg.html?_=1630547089939 HTTP/1.1" 200 22
116.238.194.18 - - [02/Sep/2021:09:45:10 +0800] "GET /xingrg/all/function/internal_message.html?_=1630547090769&CODE_STATE=getMsg HTTP/1.1" 200 27
180.169.147.146 - - [02/Sep/2021:09:45:10 +0800] "GET /xingrg/all/function/internal_message.html?_=1630547107543&CODE_STATE=getMsg HTTP/1.1" 200 27
117.184.7.26 - - [02/Sep/2021:09:45:15 +0800] "GET /xingrg/all/function/internal_message.html?_=1630547107073&CODE_STATE=getMsg HTTP/1.1" 200 27
124.79.246.142 - - [02/Sep/2021:09:45:15 +0800] "GET /xingrg/kc/buy/cgsh_order_operate.html?command=get_materiel&rest_code=00104&code=00101008512&supplier_code=00100339&order_time=2021-09-02 HTTP/1.1" 200 399
117.184.7.26 - - [02/Sep/2021:09:45:16 +0800] "GET /xingrg/check_reg.html?_=1630547107310 HTTP/1.1" 200 22
180.157.254.90 - - [02/Sep/2021:09:45:17 +0800] "GET /xingrg/all/function/internal_message.html?_=1630547116028&CODE_STATE=getMsg HTTP/1.1" 200 27
101.83.145.79 - - [02/Sep/2021:09:45:19 +0800] "GET /xingrg/all/function/internal_message.html?_=1630547067657&CODE_STATE=getMsg HTTP/1.1" 200 27
116.230.105.26 - - [02/Sep/2021:09:45:20 +0800] "GET /xingrg/all/function/internal_message.html?_=1630547071378&CODE_STATE=getMsg HTTP/1.1" 200 27
222.69.131.224 - - [02/Sep/2021:09:45:22 +0800] "GET /xingrg/all/function/internal_message.html?_=1630547120034&CODE_STATE=getMsg HTTP/1.1" 200 27
116.232.54.96 - - [02/Sep/2021:09:45:24 +0800] "GET /xingrg/all/function/internal_message.html?_=1630547122398&CODE_STATE=getMsg HTTP/1.1" 200 27
180.169.147.146 - - [02/Sep/2021:09:45:29 +0800] "GET /xingrg/all/function/internal_message.html?_=1630547127585&CODE_STATE=getMsg HTTP/1.1" 200 27
116.238.194.18 - - [02/Sep/2021:09:45:32 +0800] "GET /xingrg/all/function/internal_message.html?_=1630547129370&CODE_STATE=getMsg HTTP/1.1" 200 27
101.85.93.96 - - [02/Sep/2021:09:45:33 +0800] "GET /xingrg/all/function/internal_message.html?_=1630547067193&CODE_STATE=getMsg HTTP/1.1" 200 27
124.79.246.142 - - [02/Sep/2021:09:45:33 +0800] "GET /xingrg/kc/buy/cgsh_order_operate.html?command=get_materiel&rest_code=00104&code=00101008061&supplier_code=00100339&order_time=2021-09-02 HTTP/1.1" 200 423
101.83.145.79 - - [02/Sep/2021:09:45:35 +0800] "GET /xingrg/kc/buy/cgsh_order_operate.html?command=get_materiel&rest_code=00105&code=00101006129&supplier_code=00100012&order_time=2021-09-02 HTTP/1.1" 200 431
120.253.135.82 - - [02/Sep/2021:09:45:39 +0800] "GET /xingrg/all/function/internal_message.html?_=1630547139106&CODE_STATE=getMsg HTTP/1.1" 200 27
124.79.246.142 - - [02/Sep/2021:09:45:40 +0800] "GET /xingrg/javascript/easyui/themes/default/images/button_plain_hover.png HTTP/1.1" 304 -
124.79.246.142 - - [02/Sep/2021:09:45:40 +0800] "GET /xingrg/javascript/easyui/themes/default/images/button_plain_hover.png HTTP/1.1" 304 -
124.79.246.142 - - [02/Sep/2021:09:45:40 +0800] "GET /xingrg/javascript/easyui/themes/default/images/button_plain_hover.png HTTP/1.1" 304 -
222.70.176.99 - - [02/Sep/2021:09:45:41 +0800] "GET /xingrg/all/function/internal_message.html?_=1630547132242&CODE_STATE=getMsg HTTP/1.1" 200 27
124.79.246.142 - - [02/Sep/2021:09:45:43 +0800] "POST /xingrg/kc/buy/cgsh_order_operate.html HTTP/1.1" 200 37
124.79.246.142 - - [02/Sep/2021:09:45:44 +0800] "POST /xingrg/kc/buy/cgsh_order_operate.html HTTP/1.1" 200 3849
124.79.246.142 - - [02/Sep/2021:09:45:45 +0800] "GET /xingrg/javascript/easyui/themes/default/images/button_plain_hover.png HTTP/1.1" 304 -
124.79.246.142 - - [02/Sep/2021:09:45:45 +0800] "GET /xingrg/javascript/easyui/themes/default/images/button_plain_hover.png HTTP/1.1" 304 -
124.79.246.142 - - [02/Sep/2021:09:45:45 +0800] "GET /xingrg/javascript/easyui/themes/default/images/button_plain_hover.png HTTP/1.1" 304 -
124.79.246.142 - - [02/Sep/2021:09:45:46 +0800] "GET /xingrg/kc/print/load_config.html?kc_code=cgsh HTTP/1.1" 200 2076
124.79.246.142 - - [02/Sep/2021:09:45:46 +0800] "GET /xingrg/kc/print/load_data.html?order_code=212021090200454&kc_code=cgsh&condition= HTTP/1.1" 200 1135
58.40.7.146 - - [02/Sep/2021:09:45:46 +0800] "GET /xingrg/all/function/internal_message.html?_=1630547144069&CODE_STATE=getMsg HTTP/1.1" 200 27
58.35.209.156 - - [02/Sep/2021:09:45:48 +0800] "GET /xingrg/all/function/internal_message.html?_=1630547146031&CODE_STATE=getMsg HTTP/1.1" 302 -
124.79.246.142 - - [02/Sep/2021:09:45:50 +0800] "GET /xingrg/javascript/easyui/themes/default/images/button_plain_hover.png HTTP/1.1" 304 -
124.79.246.142 - - [02/Sep/2021:09:45:50 +0800] "GET /xingrg/javascript/easyui/themes/default/images/button_plain_hover.png HTTP/1.1" 304 -
124.79.246.142 - - [02/Sep/2021:09:45:50 +0800] "GET /xingrg/kc/buy/cgsh_order_add.html HTTP/1.1" 200 63376
124.79.246.142 - - [02/Sep/2021:09:45:50 +0800] "GET /xingrg/css/site.css HTTP/1.1" 304 -
124.79.246.142 - - [02/Sep/2021:09:45:50 +0800] "GET /xingrg/css/base.css HTTP/1.1" 304 -
124.79.246.142 - - [02/Sep/2021:09:45:50 +0800] "GET /xingrg/javascript/jquery_tools/datebox.css HTTP/1.1" 304 -
124.79.246.142 - - [02/Sep/2021:09:45:50 +0800] "GET /xingrg/javascript/easyui/themes/icon.css HTTP/1.1" 304 -
124.79.246.142 - - [02/Sep/2021:09:45:50 +0800] "GET /xingrg/javascript/jquery_tools/fix.css HTTP/1.1" 304 -
124.79.246.142 - - [02/Sep/2021:09:45:50 +0800] "GET /xingrg/javascript/auto/jquery.autocomplete.css HTTP/1.1" 304 -
124.79.246.142 - - [02/Sep/2021:09:45:50 +0800] "GET /xingrg/javascript/jquery_tools/table.css HTTP/1.1" 304 -
124.79.246.142 - - [02/Sep/2021:09:45:50 +0800] "GET /xingrg/javascript/easyui/themes/default/easyui.css HTTP/1.1" 304 -
124.79.246.142 - - [02/Sep/2021:09:45:50 +0800] "GET /xingrg/javascript/pic_change.js HTTP/1.1" 304 -
124.79.246.142 - - [02/Sep/2021:09:45:50 +0800] "GET /xingrg/javascript/jquery_tools/jquery.tools.extend.js HTTP/1.1" 304 -
124.79.246.142 - - [02/Sep/2021:09:45:50 +0800] "GET /xingrg/javascript/jquery_tools/jquery.tools.min.js HTTP/1.1" 304 -
124.79.246.142 - - [02/Sep/2021:09:45:50 +0800] "GET /xingrg/javascript/jquery_tools/jquery.tools.table.js HTTP/1.1" 304 -
124.79.246.142 - - [02/Sep/2021:09:45:50 +0800] "GET /xingrg/javascript/auto/jquery.autocomplete.js HTTP/1.1" 304 -
124.79.246.142 - - [02/Sep/2021:09:45:50 +0800] "GET /xingrg/javascript/jquery.utils.js HTTP/1.1" 304 -
124.79.246.142 - - [02/Sep/2021:09:45:50 +0800] "GET /xingrg/javascript/jquery_tools/order_manager.js HTTP/1.1" 304 -
124.79.246.142 - - [02/Sep/2021:09:45:50 +0800] "GET /xingrg/javascript/json2.js HTTP/1.1" 304 -
124.79.246.142 - - [02/Sep/2021:09:45:50 +0800] "GET /xingrg/javascript/convert.js HTTP/1.1" 304 -
124.79.246.142 - - [02/Sep/2021:09:45:50 +0800] "GET /xingrg/javascript/jquery.cookie.js HTTP/1.1" 304 -
124.79.246.142 - - [02/Sep/2021:09:45:50 +0800] "GET /xingrg/javascript/print/kc_print.js HTTP/1.1" 304 -
124.79.246.142 - - [02/Sep/2021:09:45:50 +0800] "GET /xingrg/javascript/easyui/easyloader.js HTTP/1.1" 304 -
124.79.246.142 - - [02/Sep/2021:09:45:50 +0800] "GET /xingrg/javascript/jquery_tools/jquery.tools.hotkey.js HTTP/1.1" 304 -
124.79.246.142 - - [02/Sep/2021:09:45:50 +0800] "GET /xingrg/javascript/print/LodopFuncs.js HTTP/1.1" 304 -
124.79.246.142 - - [02/Sep/2021:09:45:51 +0800] "GET /xingrg/words/20210901170830_words.js HTTP/1.1" 304 -
124.79.246.142 - - [02/Sep/2021:09:45:51 +0800] "GET /xingrg/javascript/easyui/themes/icons/copy_new.png HTTP/1.1" 304 -
124.79.246.142 - - [02/Sep/2021:09:45:51 +0800] "GET /xingrg/javascript/easyui/themes/icons/template_new.png HTTP/1.1" 304 -
124.79.246.142 - - [02/Sep/2021:09:45:51 +0800] "GET /xingrg/javascript/easyui/themes/icons/ok.png HTTP/1.1" 304 -
124.79.246.142 - - [02/Sep/2021:09:45:51 +0800] "GET /xingrg/javascript/easyui/themes/icons/print.png HTTP/1.1" 304 -
124.79.246.142 - - [02/Sep/2021:09:45:51 +0800] "GET /xingrg/javascript/easyui/themes/default/images/menu_downarrow.png HTTP/1.1" 304 -
124.79.246.142 - - [02/Sep/2021:09:45:51 +0800] "GET /xingrg/javascript/easyui/themes/icons/cancel.png HTTP/1.1" 304 -
124.79.246.142 - - [02/Sep/2021:09:45:51 +0800] "GET /xingrg/javascript/easyui/plugins/jquery.parser.js HTTP/1.1" 304 -
124.79.246.142 - - [02/Sep/2021:09:45:51 +0800] "GET /xingrg/all/common/auto_word.html?type=employee&rest_code=00104 HTTP/1.1" 200 149
124.79.246.142 - - [02/Sep/2021:09:45:51 +0800] "GET /xingrg/all/common/auto_word.html?type=employee&rest_code=00104 HTTP/1.1" 200 149
124.79.246.142 - - [02/Sep/2021:09:45:51 +0800] "GET /xingrg/javascript/easyui/themes/default/validatebox.css HTTP/1.1" 404 1104
124.79.246.142 - - [02/Sep/2021:09:45:51 +0800] "GET /xingrg/javascript/easyui/plugins/jquery.validatebox.js HTTP/1.1" 304 -
124.79.246.142 - - [02/Sep/2021:09:45:52 +0800] "GET /xingrg/javascript/easyui/plugins/jquery.numberbox.js HTTP/1.1" 304 -
124.79.246.142 - - [02/Sep/2021:09:45:52 +0800] "POST /xingrg/kc/buy/cgsh_order_operate.html HTTP/1.1" 200 8245
58.40.7.146 - - [02/Sep/2021:09:45:52 +0800] "GET /xingrg/kc/base/wldb_order_operate.html?command=get_materiel&rest_code=00151&base_code=0010610&code=00101008450 HTTP/1.1" 200 413
124.79.246.142 - - [02/Sep/2021:09:45:52 +0800] "GET /xingrg/javascript/easyui/plugins/jquery.draggable.js HTTP/1.1" 304 -
124.79.246.142 - - [02/Sep/2021:09:45:52 +0800] "GET /xingrg/css/images/panel_loading.gif HTTP/1.1" 304 -
124.79.246.142 - - [02/Sep/2021:09:45:52 +0800] "GET /xingrg/javascript/easyui/plugins/jquery.droppable.js HTTP/1.1" 304 -
124.79.246.142 - - [02/Sep/2021:09:45:53 +0800] "GET /xingrg/javascript/easyui/themes/default/tree.css HTTP/1.1" 404 1090
124.79.246.142 - - [02/Sep/2021:09:45:53 +0800] "GET /xingrg/javascript/easyui/plugins/jquery.tree.js HTTP/1.1" 304 -
124.79.246.142 - - [02/Sep/2021:09:45:53 +0800] "POST /xingrg/all/common/load_tree.html?tree=supplier_tree_json&isDelete=1 HTTP/1.1" 200 57570
101.83.145.79 - - [02/Sep/2021:09:45:54 +0800] "GET /xingrg/kc/buy/cgsh_order_operate.html?command=get_materiel&rest_code=00105&code=00101006040&supplier_code=00100012&order_time=2021-09-02 HTTP/1.1" 200 417
180.169.147.146 - - [02/Sep/2021:09:45:54 +0800] "GET /xingrg/all/function/internal_message.html?_=1630547152003&CODE_STATE=getMsg HTTP/1.1" 200 27
124.79.246.142 - - [02/Sep/2021:09:45:55 +0800] "GET /xingrg/javascript/easyui/themes/default/images/tree_folder_open.gif HTTP/1.1" 304 -
124.79.246.142 - - [02/Sep/2021:09:45:55 +0800] "GET /xingrg/javascript/easyui/themes/default/images/tree_folder.gif HTTP/1.1" 304 -
124.79.246.142 - - [02/Sep/2021:09:45:55 +0800] "GET /xingrg/javascript/easyui/themes/default/images/tree_file.gif HTTP/1.1" 304 -
124.79.246.142 - - [02/Sep/2021:09:46:01 +0800] "GET /xingrg/all/function/internal_message.html?_=1630547615077&CODE_STATE=getMsg HTTP/1.1" 200 27
58.40.7.146 - - [02/Sep/2021:09:46:01 +0800] "GET /xingrg/kc/base/wldb_order_operate.html?command=get_materiel&rest_code=00151&base_code=0010610&code=00101008329 HTTP/1.1" 200 439
101.83.145.79 - - [02/Sep/2021:09:46:03 +0800] "GET /xingrg/all/function/internal_message.html?_=1630547161949&CODE_STATE=getMsg HTTP/1.1" 200 27
222.70.246.151 - - [02/Sep/2021:09:46:03 +0800] "GET /xingrg/all/function/internal_message.html?_=1630547174580&CODE_STATE=getMsg HTTP/1.1" 200 27
101.83.145.79 - - [02/Sep/2021:09:46:06 +0800] "GET /xingrg/kc/buy/cgsh_order_operate.html?command=get_materiel&rest_code=00105&code=00101006087&supplier_code=00100012&order_time=2021-09-02 HTTP/1.1" 200 409
116.238.194.18 - - [02/Sep/2021:09:46:10 +0800] "GET /xingrg/all/function/internal_message.html?_=1630547150782&CODE_STATE=getMsg HTTP/1.1" 200 27
180.169.147.146 - - [02/Sep/2021:09:46:10 +0800] "GET /xingrg/all/function/internal_message.html?_=1630547167556&CODE_STATE=getMsg HTTP/1.1" 200 27
180.169.147.146 - - [02/Sep/2021:09:46:10 +0800] "GET /xingrg/check_reg.html?_=1630547167558 HTTP/1.1" 200 22
117.184.7.26 - - [02/Sep/2021:09:46:15 +0800] "GET /xingrg/all/function/internal_message.html?_=1630547167056&CODE_STATE=getMsg HTTP/1.1" 200 27
180.157.254.90 - - [02/Sep/2021:09:46:17 +0800] "GET /xingrg/all/function/internal_message.html?_=1630547176044&CODE_STATE=getMsg HTTP/1.1" 200 27
101.83.145.79 - - [02/Sep/2021:09:46:19 +0800] "GET /xingrg/kc/buy/cgsh_order_operate.html?command=get_materiel&rest_code=00105&code=00101006106&supplier_code=00100012&order_time=2021-09-02 HTTP/1.1" 200 421
101.83.145.79 - - [02/Sep/2021:09:46:19 +0800] "GET /xingrg/check_reg.html?_=1630547127656 HTTP/1.1" 200 22
101.83.145.79 - - [02/Sep/2021:09:46:19 +0800] "GET /xingrg/all/function/internal_message.html?_=1630547127659&CODE_STATE=getMsg HTTP/1.1" 200 27
116.230.105.26 - - [02/Sep/2021:09:46:20 +0800] "GET /xingrg/all/function/internal_message.html?_=1630547131372&CODE_STATE=getMsg HTTP/1.1" 200 27
222.69.131.224 - - [02/Sep/2021:09:46:22 +0800] "GET /xingrg/all/function/internal_message.html?_=1630547180047&CODE_STATE=getMsg HTTP/1.1" 200 27
222.69.131.224 - - [02/Sep/2021:09:46:22 +0800] "GET /xingrg/check_reg.html?_=1630547180048 HTTP/1.1" 200 22
124.79.246.142 - - [02/Sep/2021:09:46:23 +0800] "GET /xingrg/kc/buy/cgsh_order_operate.html?command=get_materiel&rest_code=00104&code=00101001051&supplier_code=00100094&order_time=2021-09-02 HTTP/1.1" 200 424
116.232.54.96 - - [02/Sep/2021:09:46:24 +0800] "GET /xingrg/all/function/internal_message.html?_=1630547182400&CODE_STATE=getMsg HTTP/1.1" 200 27
116.232.54.96 - - [02/Sep/2021:09:46:24 +0800] "GET /xingrg/check_reg.html?_=1630547182401 HTTP/1.1" 200 22
180.169.147.146 - - [02/Sep/2021:09:46:29 +0800] "GET /xingrg/all/function/internal_message.html?_=1630547187589&CODE_STATE=getMsg HTTP/1.1" 200 27
58.40.7.146 - - [02/Sep/2021:09:46:31 +0800] "GET /xingrg/check_reg.html?_=1630547188607 HTTP/1.1" 302 -
116.238.194.18 - - [02/Sep/2021:09:46:32 +0800] "GET /xingrg/check_reg.html?_=1630547189389 HTTP/1.1" 200 22
116.238.194.18 - - [02/Sep/2021:09:46:32 +0800] "GET /xingrg/all/function/internal_message.html?_=1630547189393&CODE_STATE=getMsg HTTP/1.1" 200 27
124.79.246.142 - - [02/Sep/2021:09:46:32 +0800] "GET /xingrg/javascript/easyui/themes/default/images/button_plain_hover.png HTTP/1.1" 304 -
124.79.246.142 - - [02/Sep/2021:09:46:32 +0800] "GET /xingrg/javascript/easyui/themes/default/images/button_plain_hover.png HTTP/1.1" 304 -
101.85.93.96 - - [02/Sep/2021:09:46:33 +0800] "GET /xingrg/check_reg.html?_=1630547127193 HTTP/1.1" 200 22
101.85.93.96 - - [02/Sep/2021:09:46:33 +0800] "GET /xingrg/all/function/internal_message.html?_=1630547127192&CODE_STATE=getMsg HTTP/1.1" 200 27
101.83.145.79 - - [02/Sep/2021:09:46:33 +0800] "GET /xingrg/kc/buy/cgsh_order_operate.html?command=get_materiel&rest_code=00105&code=00101006109&supplier_code=00100012&order_time=2021-09-02 HTTP/1.1" 200 409
58.40.7.146 - - [02/Sep/2021:09:46:35 +0800] "GET /xingrg/kc/base/wldb_order_operate.html?command=get_materiel&rest_code=00151&base_code=0010610&code=00101010384 HTTP/1.1" 200 415
124.79.246.142 - - [02/Sep/2021:09:46:35 +0800] "POST /xingrg/kc/buy/cgsh_order_operate.html HTTP/1.1" 200 37
124.79.246.142 - - [02/Sep/2021:09:46:37 +0800] "POST /xingrg/kc/buy/cgsh_order_operate.html HTTP/1.1" 200 2671
124.79.246.142 - - [02/Sep/2021:09:46:37 +0800] "GET /xingrg/javascript/easyui/themes/default/images/button_plain_hover.png HTTP/1.1" 304 -
124.79.246.142 - - [02/Sep/2021:09:46:37 +0800] "GET /xingrg/javascript/easyui/themes/default/images/button_plain_hover.png HTTP/1.1" 304 -
124.79.246.142 - - [02/Sep/2021:09:46:37 +0800] "GET /xingrg/javascript/easyui/themes/default/images/button_plain_hover.png HTTP/1.1" 304 -
124.79.246.142 - - [02/Sep/2021:09:46:37 +0800] "GET /xingrg/javascript/easyui/themes/default/images/button_plain_hover.png HTTP/1.1" 304 -
124.79.246.142 - - [02/Sep/2021:09:46:38 +0800] "GET /xingrg/kc/print/load_config.html?kc_code=cgsh HTTP/1.1" 200 2076
124.79.246.142 - - [02/Sep/2021:09:46:38 +0800] "GET /xingrg/kc/print/load_data.html?order_code=212021090200455&kc_code=cgsh&condition= HTTP/1.1" 200 762
101.83.145.79 - - [02/Sep/2021:09:46:39 +0800] "GET /xingrg/kc/buy/cgsh_order_operate.html?command=get_materiel&rest_code=00105&code=00101006068&supplier_code=00100012&order_time=2021-09-02 HTTP/1.1" 200 409
120.253.135.82 - - [02/Sep/2021:09:46:39 +0800] "GET /xingrg/all/function/internal_message.html?_=1630547199156&CODE_STATE=getMsg HTTP/1.1" 200 27
222.70.176.99 - - [02/Sep/2021:09:46:41 +0800] "GET /xingrg/all/function/internal_message.html?_=1630547192240&CODE_STATE=getMsg HTTP/1.1" 200 27
124.79.246.142 - - [02/Sep/2021:09:46:42 +0800] "GET /xingrg/javascript/easyui/themes/default/images/button_plain_hover.png HTTP/1.1" 304 -
124.79.246.142 - - [02/Sep/2021:09:46:42 +0800] "GET /xingrg/javascript/easyui/themes/default/images/button_plain_hover.png HTTP/1.1" 304 -
124.79.246.142 - - [02/Sep/2021:09:46:42 +0800] "GET /xingrg/css/base.css HTTP/1.1" 304 -
124.79.246.142 - - [02/Sep/2021:09:46:42 +0800] "GET /xingrg/css/site.css HTTP/1.1" 304 -
124.79.246.142 - - [02/Sep/2021:09:46:42 +0800] "GET /xingrg/javascript/jquery_tools/datebox.css HTTP/1.1" 304 -
124.79.246.142 - - [02/Sep/2021:09:46:42 +0800] "GET /xingrg/javascript/easyui/themes/default/easyui.css HTTP/1.1" 304 -
124.79.246.142 - - [02/Sep/2021:09:46:42 +0800] "GET /xingrg/javascript/easyui/themes/icon.css HTTP/1.1" 304 -
124.79.246.142 - - [02/Sep/2021:09:46:42 +0800] "GET /xingrg/javascript/auto/jquery.autocomplete.css HTTP/1.1" 304 -
124.79.246.142 - - [02/Sep/2021:09:46:42 +0800] "GET /xingrg/javascript/pic_change.js HTTP/1.1" 304 -
124.79.246.142 - - [02/Sep/2021:09:46:42 +0800] "GET /xingrg/javascript/jquery_tools/jquery.tools.min.js HTTP/1.1" 304 -
124.79.246.142 - - [02/Sep/2021:09:46:42 +0800] "GET /xingrg/javascript/jquery_tools/jquery.tools.extend.js HTTP/1.1" 304 -
124.79.246.142 - - [02/Sep/2021:09:46:42 +0800] "GET /xingrg/javascript/jquery_tools/jquery.tools.hotkey.js HTTP/1.1" 304 -
124.79.246.142 - - [02/Sep/2021:09:46:42 +0800] "GET /xingrg/javascript/jquery_tools/jquery.tools.table.js HTTP/1.1" 304 -
124.79.246.142 - - [02/Sep/2021:09:46:42 +0800] "GET /xingrg/javascript/auto/jquery.autocomplete.js HTTP/1.1" 304 -
124.79.246.142 - - [02/Sep/2021:09:46:42 +0800] "GET /xingrg/javascript/jquery_tools/fix.css HTTP/1.1" 304 -
124.79.246.142 - - [02/Sep/2021:09:46:42 +0800] "GET /xingrg/javascript/jquery_tools/table.css HTTP/1.1" 304 -
124.79.246.142 - - [02/Sep/2021:09:46:42 +0800] "GET /xingrg/kc/buy/cgsh_order_add.html HTTP/1.1" 200 63376
124.79.246.142 - - [02/Sep/2021:09:46:42 +0800] "GET /xingrg/javascript/jquery.utils.js HTTP/1.1" 304 -
124.79.246.142 - - [02/Sep/2021:09:46:42 +0800] "GET /xingrg/javascript/jquery_tools/order_manager.js HTTP/1.1" 304 -
124.79.246.142 - - [02/Sep/2021:09:46:42 +0800] "GET /xingrg/javascript/json2.js HTTP/1.1" 304 -
124.79.246.142 - - [02/Sep/2021:09:46:42 +0800] "GET /xingrg/javascript/convert.js HTTP/1.1" 304 -
124.79.246.142 - - [02/Sep/2021:09:46:42 +0800] "GET /xingrg/javascript/jquery.cookie.js HTTP/1.1" 304 -
124.79.246.142 - - [02/Sep/2021:09:46:42 +0800] "GET /xingrg/javascript/easyui/easyloader.js HTTP/1.1" 304 -
124.79.246.142 - - [02/Sep/2021:09:46:42 +0800] "GET /xingrg/javascript/print/kc_print.js HTTP/1.1" 304 -
124.79.246.142 - - [02/Sep/2021:09:46:42 +0800] "GET /xingrg/javascript/print/LodopFuncs.js HTTP/1.1" 304 -
124.79.246.142 - - [02/Sep/2021:09:46:43 +0800] "GET /xingrg/words/20210901170830_words.js HTTP/1.1" 304 -
124.79.246.142 - - [02/Sep/2021:09:46:43 +0800] "GET /xingrg/javascript/easyui/themes/icons/copy_new.png HTTP/1.1" 304 -
124.79.246.142 - - [02/Sep/2021:09:46:43 +0800] "GET /xingrg/javascript/easyui/themes/icons/template_new.png HTTP/1.1" 304 -
124.79.246.142 - - [02/Sep/2021:09:46:43 +0800] "GET /xingrg/javascript/easyui/themes/icons/ok.png HTTP/1.1" 304 -
124.79.246.142 - - [02/Sep/2021:09:46:43 +0800] "GET /xingrg/javascript/easyui/themes/icons/print.png HTTP/1.1" 304 -
124.79.246.142 - - [02/Sep/2021:09:46:43 +0800] "GET /xingrg/javascript/easyui/themes/default/images/menu_downarrow.png HTTP/1.1" 304 -
124.79.246.142 - - [02/Sep/2021:09:46:43 +0800] "GET /xingrg/javascript/easyui/themes/icons/cancel.png HTTP/1.1" 304 -
124.79.246.142 - - [02/Sep/2021:09:46:43 +0800] "GET /xingrg/javascript/easyui/plugins/jquery.parser.js HTTP/1.1" 304 -
124.79.246.142 - - [02/Sep/2021:09:46:44 +0800] "POST /xingrg/kc/buy/cgsh_order_operate.html HTTP/1.1" 200 8245
124.79.246.142 - - [02/Sep/2021:09:46:44 +0800] "GET /xingrg/all/common/auto_word.html?type=employee&rest_code=00104 HTTP/1.1" 200 149
124.79.246.142 - - [02/Sep/2021:09:46:44 +0800] "GET /xingrg/all/common/auto_word.html?type=employee&rest_code=00104 HTTP/1.1" 200 149
124.79.246.142 - - [02/Sep/2021:09:46:44 +0800] "GET /xingrg/javascript/easyui/themes/default/validatebox.css HTTP/1.1" 404 1104
124.79.246.142 - - [02/Sep/2021:09:46:44 +0800] "GET /xingrg/javascript/easyui/plugins/jquery.validatebox.js HTTP/1.1" 304 -
124.79.246.142 - - [02/Sep/2021:09:46:44 +0800] "GET /xingrg/javascript/easyui/plugins/jquery.numberbox.js HTTP/1.1" 304 -
58.40.7.146 - - [02/Sep/2021:09:46:46 +0800] "GET /xingrg/all/function/internal_message.html?_=1630547204069&CODE_STATE=getMsg HTTP/1.1" 200 27
58.35.209.156 - - [02/Sep/2021:09:46:48 +0800] "GET /xingrg/all/function/internal_message.html?_=1630547206024&CODE_STATE=getMsg HTTP/1.1" 302 -
