120.253.135.82 - - [02/Sep/2021:06:29:41 +0800] "GET /xingrg/all/function/internal_message.html?_=1630535153134&CODE_STATE=getMsg HTTP/1.1" 200 27
58.37.227.186 - - [02/Sep/2021:06:29:48 +0800] "POST /xingrg/services/DataTransmitService HTTP/1.1" 200 524
222.70.246.151 - - [02/Sep/2021:06:29:48 +0800] "GET /xingrg/all/function/internal_message.html?_=1630535399110&CODE_STATE=getMsg HTTP/1.1" 200 27
58.35.209.156 - - [02/Sep/2021:06:29:48 +0800] "GET /xingrg/all/function/internal_message.html?_=1630535386032&CODE_STATE=getMsg HTTP/1.1" 302 -
58.37.227.186 - - [02/Sep/2021:06:29:49 +0800] "POST /xingrg/services/DataTransmitService HTTP/1.1" 200 501
222.70.246.151 - - [02/Sep/2021:06:30:01 +0800] "GET /xingrg/check_reg.html?_=1630535411979 HTTP/1.1" 200 22
116.238.194.18 - - [02/Sep/2021:06:30:32 +0800] "GET /xingrg/all/function/internal_message.html?_=1630535430100&CODE_STATE=getMsg HTTP/1.1" 200 27
120.253.135.82 - - [02/Sep/2021:06:30:34 +0800] "GET /xingrg/all/function/internal_message.html?_=1630535433916&CODE_STATE=getMsg HTTP/1.1" 200 27
120.253.135.82 - - [02/Sep/2021:06:30:36 +0800] "GET /xingrg/check_reg.html?_=1630535208104 HTTP/1.1" 200 22
180.169.147.146 - - [02/Sep/2021:06:30:38 +0800] "GET /xingrg/all/function/internal_message.html?_=1630535435886&CODE_STATE=getMsg HTTP/1.1" 200 27
120.253.135.82 - - [02/Sep/2021:06:30:41 +0800] "GET /xingrg/all/function/internal_message.html?_=1630535213145&CODE_STATE=getMsg HTTP/1.1" 200 27
222.70.246.151 - - [02/Sep/2021:06:30:48 +0800] "GET /xingrg/all/function/internal_message.html?_=1630535459122&CODE_STATE=getMsg HTTP/1.1" 200 27
58.35.209.156 - - [02/Sep/2021:06:30:48 +0800] "GET /xingrg/all/function/internal_message.html?_=1630535446030&CODE_STATE=getMsg HTTP/1.1" 302 -
117.184.7.30 - - [02/Sep/2021:06:31:31 +0800] "GET /xingrg/check_reg.html?_=1630535483415 HTTP/1.1" 200 22
58.40.7.146 - - [02/Sep/2021:06:31:32 +0800] "GET /xingrg/check_reg.html?_=1630535489476 HTTP/1.1" 302 -
116.238.194.18 - - [02/Sep/2021:06:31:32 +0800] "GET /xingrg/all/function/internal_message.html?_=1630535490098&CODE_STATE=getMsg HTTP/1.1" 200 27
116.238.194.18 - - [02/Sep/2021:06:31:32 +0800] "GET /xingrg/check_reg.html?_=1630535490103 HTTP/1.1" 200 22
120.253.135.82 - - [02/Sep/2021:06:31:34 +0800] "GET /xingrg/all/function/internal_message.html?_=1630535493939&CODE_STATE=getMsg HTTP/1.1" 200 27
180.169.147.146 - - [02/Sep/2021:06:31:38 +0800] "GET /xingrg/all/function/internal_message.html?_=1630535495885&CODE_STATE=getMsg HTTP/1.1" 200 27
120.253.135.82 - - [02/Sep/2021:06:31:41 +0800] "GET /xingrg/all/function/internal_message.html?_=1630535273157&CODE_STATE=getMsg HTTP/1.1" 200 27
58.35.209.156 - - [02/Sep/2021:06:31:48 +0800] "GET /xingrg/all/function/internal_message.html?_=1630535506021&CODE_STATE=getMsg HTTP/1.1" 302 -
222.70.246.151 - - [02/Sep/2021:06:31:48 +0800] "GET /xingrg/all/function/internal_message.html?_=1630535519136&CODE_STATE=getMsg HTTP/1.1" 200 27
116.238.194.18 - - [02/Sep/2021:06:32:32 +0800] "GET /xingrg/all/function/internal_message.html?_=1630535550103&CODE_STATE=getMsg HTTP/1.1" 200 27
120.253.135.82 - - [02/Sep/2021:06:32:34 +0800] "GET /xingrg/all/function/internal_message.html?_=1630535553957&CODE_STATE=getMsg HTTP/1.1" 200 27
120.253.135.82 - - [02/Sep/2021:06:32:35 +0800] "POST /xingrg/kc/pszx/mdps_list_operate.html HTTP/1.1" 200 295
180.169.147.146 - - [02/Sep/2021:06:32:38 +0800] "GET /xingrg/all/function/internal_message.html?_=1630535555875&CODE_STATE=getMsg HTTP/1.1" 200 27
120.253.135.82 - - [02/Sep/2021:06:32:40 +0800] "POST /xingrg/kc/pszx/mdps_list_operate.html HTTP/1.1" 200 658
120.253.135.82 - - [02/Sep/2021:06:32:41 +0800] "GET /xingrg/all/function/internal_message.html?_=1630535333171&CODE_STATE=getMsg HTTP/1.1" 200 27
120.253.135.82 - - [02/Sep/2021:06:32:45 +0800] "POST /xingrg/kc/pszx/mdps_list_operate.html HTTP/1.1" 200 446
58.35.209.156 - - [02/Sep/2021:06:32:48 +0800] "GET /xingrg/all/function/internal_message.html?_=1630535566026&CODE_STATE=getMsg HTTP/1.1" 302 -
222.70.246.151 - - [02/Sep/2021:06:32:48 +0800] "GET /xingrg/all/function/internal_message.html?_=1630535579292&CODE_STATE=getMsg HTTP/1.1" 200 27
58.221.95.50 - - [02/Sep/2021:06:32:58 +0800] "GET /xingrg/check_reg.html?_=1630535575697 HTTP/1.1" 302 -
116.238.194.18 - - [02/Sep/2021:06:33:32 +0800] "GET /xingrg/all/function/internal_message.html?_=1630535610116&CODE_STATE=getMsg HTTP/1.1" 200 27
120.253.135.82 - - [02/Sep/2021:06:33:34 +0800] "GET /xingrg/all/function/internal_message.html?_=1630535613982&CODE_STATE=getMsg HTTP/1.1" 200 27
180.169.147.146 - - [02/Sep/2021:06:33:38 +0800] "GET /xingrg/all/function/internal_message.html?_=1630535615887&CODE_STATE=getMsg HTTP/1.1" 200 27
120.253.135.82 - - [02/Sep/2021:06:33:41 +0800] "GET /xingrg/all/function/internal_message.html?_=1630535393304&CODE_STATE=getMsg HTTP/1.1" 200 27
58.35.209.156 - - [02/Sep/2021:06:33:48 +0800] "GET /xingrg/all/function/internal_message.html?_=1630535626033&CODE_STATE=getMsg HTTP/1.1" 302 -
58.35.209.156 - - [02/Sep/2021:06:33:48 +0800] "GET /xingrg/check_reg.html?_=1630535626036 HTTP/1.1" 302 -
222.70.246.151 - - [02/Sep/2021:06:33:48 +0800] "GET /xingrg/all/function/internal_message.html?_=1630535639303&CODE_STATE=getMsg HTTP/1.1" 200 27
124.79.246.142 - - [02/Sep/2021:06:33:57 +0800] "POST /xingrg/services/DataTransmitService HTTP/1.1" 200 524
124.79.246.142 - - [02/Sep/2021:06:34:06 +0800] "POST /xingrg/services/DataTransmitService HTTP/1.1" 200 501
124.79.246.142 - - [02/Sep/2021:06:34:06 +0800] "POST /xingrg/services/DataTransmitService HTTP/1.1" 200 501
124.79.246.142 - - [02/Sep/2021:06:34:07 +0800] "POST /xingrg/services/DataTransmitService HTTP/1.1" 200 501
124.79.246.142 - - [02/Sep/2021:06:34:08 +0800] "POST /xingrg/services/DataTransmitService HTTP/1.1" 200 501
124.79.246.142 - - [02/Sep/2021:06:34:08 +0800] "POST /xingrg/services/DataTransmitService HTTP/1.1" 200 501
124.79.246.142 - - [02/Sep/2021:06:34:08 +0800] "POST /xingrg/services/DataTransmitService HTTP/1.1" 200 501
120.253.135.82 - - [02/Sep/2021:06:34:09 +0800] "GET /xingrg/check_reg.html?_=1630535648921 HTTP/1.1" 200 22
124.79.246.142 - - [02/Sep/2021:06:34:09 +0800] "POST /xingrg/services/DataTransmitService HTTP/1.1" 200 501
124.79.246.142 - - [02/Sep/2021:06:34:09 +0800] "POST /xingrg/services/DataTransmitService HTTP/1.1" 200 501
124.79.246.142 - - [02/Sep/2021:06:34:09 +0800] "POST /xingrg/services/DataTransmitService HTTP/1.1" 200 501
124.79.246.142 - - [02/Sep/2021:06:34:10 +0800] "POST /xingrg/services/DataTransmitService HTTP/1.1" 200 412
116.238.194.18 - - [02/Sep/2021:06:34:32 +0800] "GET /xingrg/all/function/internal_message.html?_=1630535670114&CODE_STATE=getMsg HTTP/1.1" 200 27
120.253.135.82 - - [02/Sep/2021:06:34:34 +0800] "GET /xingrg/all/function/internal_message.html?_=1630535674001&CODE_STATE=getMsg HTTP/1.1" 200 27
180.169.147.146 - - [02/Sep/2021:06:34:38 +0800] "GET /xingrg/check_reg.html?_=1630535675879 HTTP/1.1" 200 22
180.169.147.146 - - [02/Sep/2021:06:34:38 +0800] "GET /xingrg/all/function/internal_message.html?_=1630535675880&CODE_STATE=getMsg HTTP/1.1" 200 27
120.253.135.82 - - [02/Sep/2021:06:34:41 +0800] "GET /xingrg/all/function/internal_message.html?_=1630535453306&CODE_STATE=getMsg HTTP/1.1" 200 27
58.35.209.156 - - [02/Sep/2021:06:34:48 +0800] "GET /xingrg/all/function/internal_message.html?_=1630535686023&CODE_STATE=getMsg HTTP/1.1" 302 -
222.70.246.151 - - [02/Sep/2021:06:34:49 +0800] "GET /xingrg/all/function/internal_message.html?_=1630535699454&CODE_STATE=getMsg HTTP/1.1" 200 27
222.70.246.151 - - [02/Sep/2021:06:35:01 +0800] "GET /xingrg/check_reg.html?_=1630535711984 HTTP/1.1" 200 22
120.253.135.82 - - [02/Sep/2021:06:35:06 +0800] "GET /xingrg/kc/pszx/mdqp_order_list.html?state=10 HTTP/1.1" 200 16455
120.253.135.82 - - [02/Sep/2021:06:35:06 +0800] "GET /xingrg/dwr/interface/AjaxReportQueryService.js HTTP/1.1" 200 13203
120.253.135.82 - - [02/Sep/2021:06:35:06 +0800] "GET /xingrg/dwr/interface/AjaxQqpsService.js HTTP/1.1" 200 16326
120.253.135.82 - - [02/Sep/2021:06:35:06 +0800] "GET /xingrg/dwr/engine.js HTTP/1.1" 200 43631
120.253.135.82 - - [02/Sep/2021:06:35:14 +0800] "GET /xingrg/kc/pszx/mdqp_order_info.html?code=302021090100033 HTTP/1.1" 200 13350
120.253.135.82 - - [02/Sep/2021:06:35:14 +0800] "GET /xingrg/dwr/interface/AjaxComOrderService.js HTTP/1.1" 200 18264
120.253.135.82 - - [02/Sep/2021:06:35:14 +0800] "GET /xingrg/dwr/interface/AjaxQqpsService.js HTTP/1.1" 200 16326
120.253.135.82 - - [02/Sep/2021:06:35:14 +0800] "GET /xingrg/dwr/engine.js HTTP/1.1" 200 43631
120.253.135.82 - - [02/Sep/2021:06:35:15 +0800] "POST /xingrg/dwr/call/plaincall/AjaxQqpsService.loadMaterielItems.dwr HTTP/1.1" 200 1205
120.253.135.82 - - [02/Sep/2021:06:35:19 +0800] "GET /xingrg/images/yd/bt.gif HTTP/1.1" 404 1040
120.253.135.82 - - [02/Sep/2021:06:35:19 +0800] "GET /xingrg/images/yd/bt2.gif HTTP/1.1" 404 1042
120.253.135.82 - - [02/Sep/2021:06:35:21 +0800] "GET /xingrg/kc/pszx/mdqp_order_list.html?isBack=1 HTTP/1.1" 302 -
120.253.135.82 - - [02/Sep/2021:06:35:21 +0800] "GET /xingrg/kc/pszx/mdqp_order_list.html?state=10 HTTP/1.1" 200 16455
120.253.135.82 - - [02/Sep/2021:06:35:21 +0800] "GET /xingrg/dwr/interface/AjaxReportQueryService.js HTTP/1.1" 200 13203
120.253.135.82 - - [02/Sep/2021:06:35:21 +0800] "GET /xingrg/dwr/interface/AjaxQqpsService.js HTTP/1.1" 200 16326
120.253.135.82 - - [02/Sep/2021:06:35:21 +0800] "GET /xingrg/dwr/engine.js HTTP/1.1" 200 43631
120.253.135.82 - - [02/Sep/2021:06:35:25 +0800] "GET /xingrg/kc/pszx/mdqp_order_info.html?code=302021090100032 HTTP/1.1" 200 13350
120.253.135.82 - - [02/Sep/2021:06:35:25 +0800] "GET /xingrg/dwr/interface/AjaxQqpsService.js HTTP/1.1" 200 16326
120.253.135.82 - - [02/Sep/2021:06:35:25 +0800] "GET /xingrg/dwr/interface/AjaxComOrderService.js HTTP/1.1" 200 18264
120.253.135.82 - - [02/Sep/2021:06:35:25 +0800] "GET /xingrg/dwr/engine.js HTTP/1.1" 200 43631
120.253.135.82 - - [02/Sep/2021:06:35:25 +0800] "POST /xingrg/dwr/call/plaincall/AjaxQqpsService.loadMaterielItems.dwr HTTP/1.1" 200 2948
120.253.135.82 - - [02/Sep/2021:06:35:27 +0800] "GET /xingrg/images/yd/bt.gif HTTP/1.1" 404 1040
120.253.135.82 - - [02/Sep/2021:06:35:27 +0800] "GET /xingrg/images/yd/bt2.gif HTTP/1.1" 404 1042
120.253.135.82 - - [02/Sep/2021:06:35:31 +0800] "GET /xingrg/kc/pszx/mdqp_order_list.html?isBack=1 HTTP/1.1" 302 -
120.253.135.82 - - [02/Sep/2021:06:35:31 +0800] "GET /xingrg/kc/pszx/mdqp_order_list.html?state=10 HTTP/1.1" 200 16455
120.253.135.82 - - [02/Sep/2021:06:35:31 +0800] "GET /xingrg/dwr/interface/AjaxReportQueryService.js HTTP/1.1" 200 13203
120.253.135.82 - - [02/Sep/2021:06:35:31 +0800] "GET /xingrg/dwr/interface/AjaxQqpsService.js HTTP/1.1" 200 16326
120.253.135.82 - - [02/Sep/2021:06:35:31 +0800] "GET /xingrg/dwr/engine.js HTTP/1.1" 200 43631
116.238.194.18 - - [02/Sep/2021:06:35:32 +0800] "GET /xingrg/all/function/internal_message.html?_=1630535730122&CODE_STATE=getMsg HTTP/1.1" 200 27
120.253.135.82 - - [02/Sep/2021:06:35:34 +0800] "GET /xingrg/all/function/internal_message.html?_=1630535734029&CODE_STATE=getMsg HTTP/1.1" 200 27
120.253.135.82 - - [02/Sep/2021:06:35:34 +0800] "GET /xingrg/kc/pszx/mdqp_order_info.html?code=302021090100031 HTTP/1.1" 200 13350
120.253.135.82 - - [02/Sep/2021:06:35:34 +0800] "GET /xingrg/dwr/interface/AjaxComOrderService.js HTTP/1.1" 200 18264
120.253.135.82 - - [02/Sep/2021:06:35:34 +0800] "GET /xingrg/dwr/interface/AjaxQqpsService.js HTTP/1.1" 200 16326
120.253.135.82 - - [02/Sep/2021:06:35:34 +0800] "GET /xingrg/dwr/engine.js HTTP/1.1" 200 43631
120.253.135.82 - - [02/Sep/2021:06:35:35 +0800] "POST /xingrg/dwr/call/plaincall/AjaxQqpsService.loadMaterielItems.dwr HTTP/1.1" 200 2006
120.253.135.82 - - [02/Sep/2021:06:35:36 +0800] "GET /xingrg/check_reg.html?_=1630535508188 HTTP/1.1" 200 22
180.169.147.146 - - [02/Sep/2021:06:35:38 +0800] "GET /xingrg/all/function/internal_message.html?_=1630535735894&CODE_STATE=getMsg HTTP/1.1" 200 27
58.35.193.241 - - [02/Sep/2021:06:35:40 +0800] "POST /xingrg/services/DataTransmitService HTTP/1.1" 200 524
58.35.193.241 - - [02/Sep/2021:06:35:41 +0800] "POST /xingrg/services/DataTransmitService HTTP/1.1" 200 501
120.253.135.82 - - [02/Sep/2021:06:35:41 +0800] "GET /xingrg/all/function/internal_message.html?_=1630535513320&CODE_STATE=getMsg HTTP/1.1" 200 27
120.253.135.82 - - [02/Sep/2021:06:35:42 +0800] "GET /xingrg/kc/pszx/mdqp_order_list.html?isBack=1 HTTP/1.1" 302 -
120.253.135.82 - - [02/Sep/2021:06:35:42 +0800] "GET /xingrg/kc/pszx/mdqp_order_list.html?state=10 HTTP/1.1" 200 16455
120.253.135.82 - - [02/Sep/2021:06:35:42 +0800] "GET /xingrg/dwr/interface/AjaxReportQueryService.js HTTP/1.1" 200 13203
120.253.135.82 - - [02/Sep/2021:06:35:42 +0800] "GET /xingrg/dwr/interface/AjaxQqpsService.js HTTP/1.1" 200 16326
120.253.135.82 - - [02/Sep/2021:06:35:42 +0800] "GET /xingrg/dwr/engine.js HTTP/1.1" 200 43631
58.35.209.156 - - [02/Sep/2021:06:35:48 +0800] "GET /xingrg/all/function/internal_message.html?_=1630535746040&CODE_STATE=getMsg HTTP/1.1" 302 -
120.253.135.82 - - [02/Sep/2021:06:35:48 +0800] "GET /xingrg/kc/pszx/mdqp_order_info.html?code=302021090100030 HTTP/1.1" 200 13350
120.253.135.82 - - [02/Sep/2021:06:35:48 +0800] "GET /xingrg/dwr/interface/AjaxQqpsService.js HTTP/1.1" 200 16326
120.253.135.82 - - [02/Sep/2021:06:35:48 +0800] "GET /xingrg/dwr/interface/AjaxComOrderService.js HTTP/1.1" 200 18264
120.253.135.82 - - [02/Sep/2021:06:35:48 +0800] "GET /xingrg/dwr/engine.js HTTP/1.1" 200 43631
222.70.246.151 - - [02/Sep/2021:06:35:48 +0800] "GET /xingrg/all/function/internal_message.html?_=1630535759455&CODE_STATE=getMsg HTTP/1.1" 200 27
120.253.135.82 - - [02/Sep/2021:06:35:49 +0800] "POST /xingrg/dwr/call/plaincall/AjaxQqpsService.loadMaterielItems.dwr HTTP/1.1" 200 2075
120.253.135.82 - - [02/Sep/2021:06:35:59 +0800] "GET /xingrg/kc/pszx/mdqp_order_list.html?isBack=1 HTTP/1.1" 302 -
120.253.135.82 - - [02/Sep/2021:06:35:59 +0800] "GET /xingrg/kc/pszx/mdqp_order_list.html?state=10 HTTP/1.1" 200 16455
120.253.135.82 - - [02/Sep/2021:06:35:59 +0800] "GET /xingrg/dwr/interface/AjaxReportQueryService.js HTTP/1.1" 200 13203
120.253.135.82 - - [02/Sep/2021:06:35:59 +0800] "GET /xingrg/dwr/interface/AjaxQqpsService.js HTTP/1.1" 200 16326
120.253.135.82 - - [02/Sep/2021:06:35:59 +0800] "GET /xingrg/dwr/engine.js HTTP/1.1" 200 43631
120.253.135.82 - - [02/Sep/2021:06:36:02 +0800] "GET /xingrg/kc/pszx/mdqp_order_info.html?code=302021090100030 HTTP/1.1" 200 13350
120.253.135.82 - - [02/Sep/2021:06:36:02 +0800] "GET /xingrg/dwr/interface/AjaxQqpsService.js HTTP/1.1" 200 16326
120.253.135.82 - - [02/Sep/2021:06:36:02 +0800] "GET /xingrg/dwr/interface/AjaxComOrderService.js HTTP/1.1" 200 18264
120.253.135.82 - - [02/Sep/2021:06:36:02 +0800] "GET /xingrg/dwr/engine.js HTTP/1.1" 200 43631
120.253.135.82 - - [02/Sep/2021:06:36:03 +0800] "POST /xingrg/dwr/call/plaincall/AjaxQqpsService.loadMaterielItems.dwr HTTP/1.1" 200 2075
120.253.135.82 - - [02/Sep/2021:06:36:07 +0800] "GET /xingrg/kc/pszx/mdqp_order_list.html?isBack=1 HTTP/1.1" 302 -
120.253.135.82 - - [02/Sep/2021:06:36:07 +0800] "GET /xingrg/kc/pszx/mdqp_order_list.html?state=10 HTTP/1.1" 200 16455
120.253.135.82 - - [02/Sep/2021:06:36:07 +0800] "GET /xingrg/dwr/interface/AjaxReportQueryService.js HTTP/1.1" 200 13203
120.253.135.82 - - [02/Sep/2021:06:36:07 +0800] "GET /xingrg/dwr/interface/AjaxQqpsService.js HTTP/1.1" 200 16326
120.253.135.82 - - [02/Sep/2021:06:36:07 +0800] "GET /xingrg/dwr/engine.js HTTP/1.1" 200 43631
120.253.135.82 - - [02/Sep/2021:06:36:11 +0800] "GET /xingrg/kc/pszx/mdqp_order_info.html?code=302021090100029 HTTP/1.1" 200 13350
120.253.135.82 - - [02/Sep/2021:06:36:11 +0800] "GET /xingrg/dwr/interface/AjaxQqpsService.js HTTP/1.1" 200 16326
120.253.135.82 - - [02/Sep/2021:06:36:11 +0800] "GET /xingrg/dwr/interface/AjaxComOrderService.js HTTP/1.1" 200 18264
120.253.135.82 - - [02/Sep/2021:06:36:11 +0800] "GET /xingrg/dwr/engine.js HTTP/1.1" 200 43631
120.253.135.82 - - [02/Sep/2021:06:36:12 +0800] "POST /xingrg/dwr/call/plaincall/AjaxQqpsService.loadMaterielItems.dwr HTTP/1.1" 200 2967
120.253.135.82 - - [02/Sep/2021:06:36:20 +0800] "GET /xingrg/images/yd/bt.gif HTTP/1.1" 404 1040
120.253.135.82 - - [02/Sep/2021:06:36:20 +0800] "GET /xingrg/images/yd/bt2.gif HTTP/1.1" 404 1042
120.253.135.82 - - [02/Sep/2021:06:36:24 +0800] "GET /xingrg/kc/pszx/mdqp_order_list.html?isBack=1 HTTP/1.1" 302 -
120.253.135.82 - - [02/Sep/2021:06:36:25 +0800] "GET /xingrg/kc/pszx/mdqp_order_list.html?state=10 HTTP/1.1" 200 16455
120.253.135.82 - - [02/Sep/2021:06:36:25 +0800] "GET /xingrg/dwr/interface/AjaxQqpsService.js HTTP/1.1" 200 16326
120.253.135.82 - - [02/Sep/2021:06:36:25 +0800] "GET /xingrg/dwr/interface/AjaxReportQueryService.js HTTP/1.1" 200 13203
120.253.135.82 - - [02/Sep/2021:06:36:25 +0800] "GET /xingrg/dwr/engine.js HTTP/1.1" 200 43631
120.253.135.82 - - [02/Sep/2021:06:36:28 +0800] "GET /xingrg/kc/pszx/mdqp_order_info.html?code=302021090100028 HTTP/1.1" 200 13350
120.253.135.82 - - [02/Sep/2021:06:36:28 +0800] "GET /xingrg/dwr/interface/AjaxComOrderService.js HTTP/1.1" 200 18264
120.253.135.82 - - [02/Sep/2021:06:36:28 +0800] "GET /xingrg/dwr/interface/AjaxQqpsService.js HTTP/1.1" 200 16326
120.253.135.82 - - [02/Sep/2021:06:36:28 +0800] "GET /xingrg/dwr/engine.js HTTP/1.1" 200 43631
120.253.135.82 - - [02/Sep/2021:06:36:28 +0800] "POST /xingrg/dwr/call/plaincall/AjaxQqpsService.loadMaterielItems.dwr HTTP/1.1" 200 2036
117.184.7.30 - - [02/Sep/2021:06:36:31 +0800] "GET /xingrg/check_reg.html?_=1630535783399 HTTP/1.1" 200 22
58.40.7.146 - - [02/Sep/2021:06:36:32 +0800] "GET /xingrg/check_reg.html?_=1630535789448 HTTP/1.1" 302 -
116.238.194.18 - - [02/Sep/2021:06:36:32 +0800] "GET /xingrg/all/function/internal_message.html?_=1630535790123&CODE_STATE=getMsg HTTP/1.1" 200 27
116.238.194.18 - - [02/Sep/2021:06:36:32 +0800] "GET /xingrg/check_reg.html?_=1630535790126 HTTP/1.1" 200 22
120.253.135.82 - - [02/Sep/2021:06:36:34 +0800] "GET /xingrg/all/function/internal_message.html?_=1630535794070&CODE_STATE=getMsg HTTP/1.1" 200 27
120.253.135.82 - - [02/Sep/2021:06:36:35 +0800] "GET /xingrg/kc/pszx/mdqp_order_list.html?isBack=1 HTTP/1.1" 302 -
120.253.135.82 - - [02/Sep/2021:06:36:35 +0800] "GET /xingrg/kc/pszx/mdqp_order_list.html?state=10 HTTP/1.1" 200 16455
120.253.135.82 - - [02/Sep/2021:06:36:35 +0800] "GET /xingrg/dwr/interface/AjaxReportQueryService.js HTTP/1.1" 200 13203
120.253.135.82 - - [02/Sep/2021:06:36:35 +0800] "GET /xingrg/dwr/interface/AjaxQqpsService.js HTTP/1.1" 200 16326
120.253.135.82 - - [02/Sep/2021:06:36:35 +0800] "GET /xingrg/dwr/engine.js HTTP/1.1" 200 43631
180.169.147.146 - - [02/Sep/2021:06:36:38 +0800] "GET /xingrg/all/function/internal_message.html?_=1630535795882&CODE_STATE=getMsg HTTP/1.1" 200 27
120.253.135.82 - - [02/Sep/2021:06:36:39 +0800] "GET /xingrg/kc/pszx/mdqp_order_info.html?code=302021090100027 HTTP/1.1" 200 13350
120.253.135.82 - - [02/Sep/2021:06:36:39 +0800] "GET /xingrg/dwr/interface/AjaxComOrderService.js HTTP/1.1" 200 18264
120.253.135.82 - - [02/Sep/2021:06:36:39 +0800] "GET /xingrg/dwr/interface/AjaxQqpsService.js HTTP/1.1" 200 16326
120.253.135.82 - - [02/Sep/2021:06:36:39 +0800] "GET /xingrg/dwr/engine.js HTTP/1.1" 200 43631
120.253.135.82 - - [02/Sep/2021:06:36:39 +0800] "POST /xingrg/dwr/call/plaincall/AjaxQqpsService.loadMaterielItems.dwr HTTP/1.1" 200 771
120.253.135.82 - - [02/Sep/2021:06:36:41 +0800] "GET /xingrg/all/function/internal_message.html?_=1630535573335&CODE_STATE=getMsg HTTP/1.1" 200 27
120.253.135.82 - - [02/Sep/2021:06:36:48 +0800] "GET /xingrg/kc/pszx/mdqp_order_list.html?isBack=1 HTTP/1.1" 302 -
120.253.135.82 - - [02/Sep/2021:06:36:48 +0800] "GET /xingrg/kc/pszx/mdqp_order_list.html?state=10 HTTP/1.1" 200 16455
120.253.135.82 - - [02/Sep/2021:06:36:48 +0800] "GET /xingrg/dwr/interface/AjaxReportQueryService.js HTTP/1.1" 200 13203
120.253.135.82 - - [02/Sep/2021:06:36:48 +0800] "GET /xingrg/dwr/interface/AjaxQqpsService.js HTTP/1.1" 200 16326
58.35.209.156 - - [02/Sep/2021:06:36:48 +0800] "GET /xingrg/all/function/internal_message.html?_=1630535806041&CODE_STATE=getMsg HTTP/1.1" 302 -
120.253.135.82 - - [02/Sep/2021:06:36:48 +0800] "GET /xingrg/dwr/engine.js HTTP/1.1" 200 43631
222.70.246.151 - - [02/Sep/2021:06:36:49 +0800] "GET /xingrg/all/function/internal_message.html?_=1630535819470&CODE_STATE=getMsg HTTP/1.1" 200 27
120.253.135.82 - - [02/Sep/2021:06:36:50 +0800] "GET /xingrg/kc/pszx/mdqp_order_info.html?code=302021090100026 HTTP/1.1" 200 13350
120.253.135.82 - - [02/Sep/2021:06:36:50 +0800] "GET /xingrg/dwr/interface/AjaxQqpsService.js HTTP/1.1" 200 16326
120.253.135.82 - - [02/Sep/2021:06:36:50 +0800] "GET /xingrg/dwr/interface/AjaxComOrderService.js HTTP/1.1" 200 18264
120.253.135.82 - - [02/Sep/2021:06:36:50 +0800] "GET /xingrg/dwr/engine.js HTTP/1.1" 200 43631
120.253.135.82 - - [02/Sep/2021:06:36:51 +0800] "POST /xingrg/dwr/call/plaincall/AjaxQqpsService.loadMaterielItems.dwr HTTP/1.1" 200 904
120.253.135.82 - - [02/Sep/2021:06:37:09 +0800] "GET /xingrg/kc/pszx/mdqp_order_list.html?isBack=1 HTTP/1.1" 302 -
120.253.135.82 - - [02/Sep/2021:06:37:09 +0800] "GET /xingrg/kc/pszx/mdqp_order_list.html?state=10 HTTP/1.1" 200 16455
120.253.135.82 - - [02/Sep/2021:06:37:09 +0800] "GET /xingrg/dwr/interface/AjaxQqpsService.js HTTP/1.1" 200 16326
120.253.135.82 - - [02/Sep/2021:06:37:09 +0800] "GET /xingrg/dwr/interface/AjaxReportQueryService.js HTTP/1.1" 200 13203
120.253.135.82 - - [02/Sep/2021:06:37:09 +0800] "GET /xingrg/dwr/engine.js HTTP/1.1" 200 43631
120.253.135.82 - - [02/Sep/2021:06:37:14 +0800] "GET /xingrg/kc/pszx/jzcl_ps.html HTTP/1.1" 200 7683
120.253.135.82 - - [02/Sep/2021:06:37:14 +0800] "POST /xingrg/all/common/load_tree.html?tree=area_rest_tree_json HTTP/1.1" 200 3472
120.253.135.82 - - [02/Sep/2021:06:37:14 +0800] "POST /xingrg/kc/pszx/jzcl_ps_operate.html HTTP/1.1" 200 9472
120.253.135.82 - - [02/Sep/2021:06:37:14 +0800] "POST /xingrg/kc/pszx/jzcl_ps_operate.html HTTP/1.1" 200 9472
120.253.135.82 - - [02/Sep/2021:06:37:30 +0800] "POST /xingrg/kc/pszx/jzcl_ps_operate.html HTTP/1.1" 200 4
120.253.135.82 - - [02/Sep/2021:06:37:32 +0800] "GET /xingrg/kc/pszx/mdps_order_list.html HTTP/1.1" 200 21089
116.238.194.18 - - [02/Sep/2021:06:37:32 +0800] "GET /xingrg/all/function/internal_message.html?_=1630535850129&CODE_STATE=getMsg HTTP/1.1" 200 27
120.253.135.82 - - [02/Sep/2021:06:37:33 +0800] "POST /xingrg/kc/pszx/mdps_list_operate.html HTTP/1.1" 200 5451
120.253.135.82 - - [02/Sep/2021:06:37:34 +0800] "GET /xingrg/all/function/internal_message.html?_=1630535854072&CODE_STATE=getMsg HTTP/1.1" 200 27
180.169.147.146 - - [02/Sep/2021:06:37:38 +0800] "GET /xingrg/all/function/internal_message.html?_=1630535855892&CODE_STATE=getMsg HTTP/1.1" 200 27
120.253.135.82 - - [02/Sep/2021:06:37:41 +0800] "GET /xingrg/all/function/internal_message.html?_=1630535633348&CODE_STATE=getMsg HTTP/1.1" 200 27
120.253.135.82 - - [02/Sep/2021:06:37:42 +0800] "POST /xingrg/kc/pszx/mdps_list_operate.html HTTP/1.1" 200 4672
120.253.135.82 - - [02/Sep/2021:06:37:44 +0800] "POST /xingrg/kc/pszx/mdps_list_operate.html HTTP/1.1" 200 439
120.253.135.82 - - [02/Sep/2021:06:37:46 +0800] "GET /xingrg/kc/pszx/mdps_order_info.html?code=312021090200044 HTTP/1.1" 200 23931
120.253.135.82 - - [02/Sep/2021:06:37:46 +0800] "POST /xingrg/kc/pszx/mdps_order_operate.html HTTP/1.1" 200 3750
120.253.135.82 - - [02/Sep/2021:06:37:46 +0800] "GET /xingrg/javascript/easyui/themes/default/validatebox.css HTTP/1.1" 404 1104
58.35.209.156 - - [02/Sep/2021:06:37:48 +0800] "GET /xingrg/all/function/internal_message.html?_=1630535866030&CODE_STATE=getMsg HTTP/1.1" 302 -
120.253.135.82 - - [02/Sep/2021:06:37:49 +0800] "POST /xingrg/all/common/load_combo.html?type=base HTTP/1.1" 200 1075
222.70.246.151 - - [02/Sep/2021:06:37:49 +0800] "GET /xingrg/all/function/internal_message.html?_=1630535879620&CODE_STATE=getMsg HTTP/1.1" 200 27
120.253.135.82 - - [02/Sep/2021:06:37:53 +0800] "POST /xingrg/kc/pszx/mdps_order_operate.html HTTP/1.1" 200 37
120.253.135.82 - - [02/Sep/2021:06:37:54 +0800] "GET /xingrg/kc/pszx/mdps_order_info.html?code=312021090200044 HTTP/1.1" 200 23931
120.253.135.82 - - [02/Sep/2021:06:37:54 +0800] "GET /xingrg/javascript/easyui/themes/default/validatebox.css HTTP/1.1" 404 1104
120.253.135.82 - - [02/Sep/2021:06:37:54 +0800] "POST /xingrg/kc/pszx/mdps_order_operate.html HTTP/1.1" 200 3784
58.221.95.50 - - [02/Sep/2021:06:37:58 +0800] "GET /xingrg/check_reg.html?_=1630535875706 HTTP/1.1" 302 -
116.238.194.18 - - [02/Sep/2021:06:38:32 +0800] "GET /xingrg/all/function/internal_message.html?_=1630535910126&CODE_STATE=getMsg HTTP/1.1" 200 27
120.253.135.82 - - [02/Sep/2021:06:38:34 +0800] "GET /xingrg/all/function/internal_message.html?_=1630535914104&CODE_STATE=getMsg HTTP/1.1" 200 27
180.169.147.146 - - [02/Sep/2021:06:38:38 +0800] "GET /xingrg/all/function/internal_message.html?_=1630535915881&CODE_STATE=getMsg HTTP/1.1" 200 27
120.253.135.82 - - [02/Sep/2021:06:38:41 +0800] "GET /xingrg/all/function/internal_message.html?_=1630535693424&CODE_STATE=getMsg HTTP/1.1" 200 27
120.253.135.82 - - [02/Sep/2021:06:38:45 +0800] "POST /xingrg/kc/pszx/mdps_list_operate.html HTTP/1.1" 200 662
120.253.135.82 - - [02/Sep/2021:06:38:47 +0800] "GET /xingrg/kc/pszx/mdps_order_info.html?code=312021090200045 HTTP/1.1" 200 23931
120.253.135.82 - - [02/Sep/2021:06:38:47 +0800] "GET /xingrg/javascript/easyui/themes/default/validatebox.css HTTP/1.1" 404 1104
120.253.135.82 - - [02/Sep/2021:06:38:47 +0800] "POST /xingrg/kc/pszx/mdps_order_operate.html HTTP/1.1" 200 6388
58.35.209.156 - - [02/Sep/2021:06:38:48 +0800] "GET /xingrg/all/function/internal_message.html?_=1630535926022&CODE_STATE=getMsg HTTP/1.1" 302 -
58.35.209.156 - - [02/Sep/2021:06:38:48 +0800] "GET /xingrg/check_reg.html?_=1630535926025 HTTP/1.1" 302 -
222.70.246.151 - - [02/Sep/2021:06:38:49 +0800] "GET /xingrg/all/function/internal_message.html?_=1630535939622&CODE_STATE=getMsg HTTP/1.1" 200 27
120.253.135.82 - - [02/Sep/2021:06:38:50 +0800] "POST /xingrg/kc/pszx/mdps_order_operate.html HTTP/1.1" 200 37
120.253.135.82 - - [02/Sep/2021:06:38:51 +0800] "GET /xingrg/kc/pszx/mdps_order_info.html?code=312021090200045 HTTP/1.1" 200 23931
120.253.135.82 - - [02/Sep/2021:06:38:51 +0800] "POST /xingrg/kc/pszx/mdps_order_operate.html HTTP/1.1" 200 6459
120.253.135.82 - - [02/Sep/2021:06:38:51 +0800] "GET /xingrg/javascript/easyui/themes/default/validatebox.css HTTP/1.1" 404 1104
120.253.135.82 - - [02/Sep/2021:06:39:09 +0800] "GET /xingrg/check_reg.html?_=1630535948925 HTTP/1.1" 200 22
222.70.246.151 - - [02/Sep/2021:06:39:18 +0800] "POST /xingrg/services/DataTransmitService HTTP/1.1" 200 524
116.238.194.18 - - [02/Sep/2021:06:39:32 +0800] "GET /xingrg/all/function/internal_message.html?_=1630535970128&CODE_STATE=getMsg HTTP/1.1" 200 27
120.253.135.82 - - [02/Sep/2021:06:39:34 +0800] "GET /xingrg/all/function/internal_message.html?_=1630535974131&CODE_STATE=getMsg HTTP/1.1" 200 27
120.253.135.82 - - [02/Sep/2021:06:39:36 +0800] "POST /xingrg/kc/pszx/mdps_list_operate.html HTTP/1.1" 200 4672
120.253.135.82 - - [02/Sep/2021:06:39:38 +0800] "POST /xingrg/kc/pszx/mdps_list_operate.html HTTP/1.1" 200 662
180.169.147.146 - - [02/Sep/2021:06:39:38 +0800] "GET /xingrg/check_reg.html?_=1630535975894 HTTP/1.1" 200 22
180.169.147.146 - - [02/Sep/2021:06:39:38 +0800] "GET /xingrg/all/function/internal_message.html?_=1630535975897&CODE_STATE=getMsg HTTP/1.1" 200 27
120.253.135.82 - - [02/Sep/2021:06:39:39 +0800] "GET /xingrg/kc/pszx/mdps_order_info.html?code=312021090200045 HTTP/1.1" 200 23931
120.253.135.82 - - [02/Sep/2021:06:39:39 +0800] "POST /xingrg/kc/pszx/mdps_order_operate.html HTTP/1.1" 200 6459
120.253.135.82 - - [02/Sep/2021:06:39:39 +0800] "GET /xingrg/javascript/easyui/themes/default/validatebox.css HTTP/1.1" 404 1104
120.253.135.82 - - [02/Sep/2021:06:39:41 +0800] "GET /xingrg/all/function/internal_message.html?_=1630535753438&CODE_STATE=getMsg HTTP/1.1" 200 27
120.253.135.82 - - [02/Sep/2021:06:39:42 +0800] "POST /xingrg/kc/pszx/mdps_list_operate.html HTTP/1.1" 200 4672
120.253.135.82 - - [02/Sep/2021:06:39:44 +0800] "POST /xingrg/kc/pszx/mdps_list_operate.html HTTP/1.1" 200 598
120.253.135.82 - - [02/Sep/2021:06:39:47 +0800] "GET /xingrg/kc/pszx/mdps_order_info.html?code=312021090200046 HTTP/1.1" 200 23931
120.253.135.82 - - [02/Sep/2021:06:39:47 +0800] "POST /xingrg/kc/pszx/mdps_order_operate.html HTTP/1.1" 200 5207
120.253.135.82 - - [02/Sep/2021:06:39:47 +0800] "GET /xingrg/javascript/easyui/themes/default/validatebox.css HTTP/1.1" 404 1104
58.35.209.156 - - [02/Sep/2021:06:39:48 +0800] "GET /xingrg/all/function/internal_message.html?_=1630535986038&CODE_STATE=getMsg HTTP/1.1" 302 -
222.70.246.151 - - [02/Sep/2021:06:39:49 +0800] "GET /xingrg/all/function/internal_message.html?_=1630535999763&CODE_STATE=getMsg HTTP/1.1" 200 27
120.253.135.82 - - [02/Sep/2021:06:39:51 +0800] "POST /xingrg/kc/pszx/mdps_order_operate.html HTTP/1.1" 200 37
120.253.135.82 - - [02/Sep/2021:06:39:52 +0800] "GET /xingrg/kc/pszx/mdps_order_info.html?code=312021090200046 HTTP/1.1" 200 23931
120.253.135.82 - - [02/Sep/2021:06:39:53 +0800] "GET /xingrg/javascript/easyui/themes/default/validatebox.css HTTP/1.1" 404 1104
120.253.135.82 - - [02/Sep/2021:06:39:53 +0800] "POST /xingrg/kc/pszx/mdps_order_operate.html HTTP/1.1" 200 5259
222.70.246.151 - - [02/Sep/2021:06:40:01 +0800] "GET /xingrg/check_reg.html?_=1630536011993 HTTP/1.1" 200 22
120.253.135.82 - - [02/Sep/2021:06:40:13 +0800] "GET /xingrg/kc/pszx/mdps_order_operate.html?command=get_materiel&pszx_code=00101&rest_code=00104&base_code=0010246&code=00101020335 HTTP/1.1" 200 454
120.253.135.82 - - [02/Sep/2021:06:40:15 +0800] "POST /xingrg/all/common/load_select.html HTTP/1.1" 200 25
120.253.135.82 - - [02/Sep/2021:06:40:16 +0800] "GET /xingrg/kc/pszx/mdps_order_operate.html?command=get_materiel_price&pszx_code=00101&rest_code=00104&base_code=0010246&code=00101020335&unit_code=00100179&order_time=2021-09-03 HTTP/1.1" 200 35
120.253.135.82 - - [02/Sep/2021:06:40:27 +0800] "GET /xingrg/kc/pszx/mdps_order_operate.html?command=get_materiel&pszx_code=00101&rest_code=00104&base_code=0010246&code=00101019812 HTTP/1.1" 200 452
116.238.194.18 - - [02/Sep/2021:06:40:32 +0800] "GET /xingrg/all/function/internal_message.html?_=1630536030128&CODE_STATE=getMsg HTTP/1.1" 200 27
120.253.135.82 - - [02/Sep/2021:06:40:34 +0800] "GET /xingrg/all/function/internal_message.html?_=1630536034144&CODE_STATE=getMsg HTTP/1.1" 200 27
120.253.135.82 - - [02/Sep/2021:06:40:35 +0800] "POST /xingrg/kc/pszx/mdps_order_operate.html HTTP/1.1" 200 37
120.253.135.82 - - [02/Sep/2021:06:40:36 +0800] "GET /xingrg/kc/pszx/mdps_order_info.html?code=312021090200046 HTTP/1.1" 200 23931
120.253.135.82 - - [02/Sep/2021:06:40:37 +0800] "POST /xingrg/kc/pszx/mdps_order_operate.html HTTP/1.1" 200 5260
120.253.135.82 - - [02/Sep/2021:06:40:37 +0800] "GET /xingrg/javascript/easyui/themes/default/validatebox.css HTTP/1.1" 404 1104
120.253.135.82 - - [02/Sep/2021:06:40:37 +0800] "GET /xingrg/check_reg.html?_=1630535809301 HTTP/1.1" 200 22
180.169.147.146 - - [02/Sep/2021:06:40:38 +0800] "GET /xingrg/all/function/internal_message.html?_=1630536035888&CODE_STATE=getMsg HTTP/1.1" 200 27
120.253.135.82 - - [02/Sep/2021:06:40:41 +0800] "GET /xingrg/all/function/internal_message.html?_=1630535813451&CODE_STATE=getMsg HTTP/1.1" 200 27
58.35.209.156 - - [02/Sep/2021:06:40:48 +0800] "GET /xingrg/all/function/internal_message.html?_=1630536046026&CODE_STATE=getMsg HTTP/1.1" 302 -
222.70.246.151 - - [02/Sep/2021:06:40:49 +0800] "GET /xingrg/all/function/internal_message.html?_=1630536059773&CODE_STATE=getMsg HTTP/1.1" 200 27
120.253.135.82 - - [02/Sep/2021:06:41:22 +0800] "POST /xingrg/kc/pszx/mdps_order_operate.html HTTP/1.1" 200 37
120.253.135.82 - - [02/Sep/2021:06:41:23 +0800] "GET /xingrg/kc/pszx/mdps_order_info.html?code=312021090200046 HTTP/1.1" 200 23931
120.253.135.82 - - [02/Sep/2021:06:41:24 +0800] "GET /xingrg/javascript/easyui/themes/default/validatebox.css HTTP/1.1" 404 1104
120.253.135.82 - - [02/Sep/2021:06:41:24 +0800] "POST /xingrg/kc/pszx/mdps_order_operate.html HTTP/1.1" 200 5260
120.253.135.82 - - [02/Sep/2021:06:41:25 +0800] "POST /xingrg/kc/pszx/mdps_list_operate.html HTTP/1.1" 200 4672
120.253.135.82 - - [02/Sep/2021:06:41:27 +0800] "POST /xingrg/kc/pszx/mdps_list_operate.html HTTP/1.1" 200 616
120.253.135.82 - - [02/Sep/2021:06:41:28 +0800] "GET /xingrg/kc/pszx/mdps_order_info.html?code=312021090200047 HTTP/1.1" 200 23931
120.253.135.82 - - [02/Sep/2021:06:41:28 +0800] "GET /xingrg/javascript/easyui/themes/default/validatebox.css HTTP/1.1" 404 1104
120.253.135.82 - - [02/Sep/2021:06:41:28 +0800] "POST /xingrg/kc/pszx/mdps_order_operate.html HTTP/1.1" 200 5231
120.253.135.82 - - [02/Sep/2021:06:41:31 +0800] "POST /xingrg/kc/pszx/mdps_order_operate.html HTTP/1.1" 200 37
117.184.7.30 - - [02/Sep/2021:06:41:31 +0800] "GET /xingrg/check_reg.html?_=1630536083399 HTTP/1.1" 200 22
58.40.7.146 - - [02/Sep/2021:06:41:32 +0800] "GET /xingrg/check_reg.html?_=1630536089420 HTTP/1.1" 302 -
120.253.135.82 - - [02/Sep/2021:06:41:32 +0800] "GET /xingrg/kc/pszx/mdps_order_info.html?code=312021090200047 HTTP/1.1" 200 23931
116.238.194.18 - - [02/Sep/2021:06:41:32 +0800] "GET /xingrg/all/function/internal_message.html?_=1630536090142&CODE_STATE=getMsg HTTP/1.1" 200 27
116.238.194.18 - - [02/Sep/2021:06:41:32 +0800] "GET /xingrg/check_reg.html?_=1630536090144 HTTP/1.1" 200 22
120.253.135.82 - - [02/Sep/2021:06:41:33 +0800] "GET /xingrg/javascript/easyui/themes/default/validatebox.css HTTP/1.1" 404 1104
120.253.135.82 - - [02/Sep/2021:06:41:33 +0800] "POST /xingrg/kc/pszx/mdps_order_operate.html HTTP/1.1" 200 5285
120.253.135.82 - - [02/Sep/2021:06:41:34 +0800] "GET /xingrg/all/function/internal_message.html?_=1630536094169&CODE_STATE=getMsg HTTP/1.1" 200 27
180.169.147.146 - - [02/Sep/2021:06:41:38 +0800] "GET /xingrg/all/function/internal_message.html?_=1630536095883&CODE_STATE=getMsg HTTP/1.1" 200 27
120.253.135.82 - - [02/Sep/2021:06:41:41 +0800] "GET /xingrg/all/function/internal_message.html?_=1630535873503&CODE_STATE=getMsg HTTP/1.1" 200 27
120.253.135.82 - - [02/Sep/2021:06:41:47 +0800] "GET /xingrg/kc/pszx/mdps_order_operate.html?command=get_materiel&pszx_code=00101&rest_code=00104&base_code=0010246&code=00101018012 HTTP/1.1" 200 449
58.35.209.156 - - [02/Sep/2021:06:41:48 +0800] "GET /xingrg/all/function/internal_message.html?_=1630536106036&CODE_STATE=getMsg HTTP/1.1" 302 -
222.70.246.151 - - [02/Sep/2021:06:41:49 +0800] "GET /xingrg/all/function/internal_message.html?_=1630536119787&CODE_STATE=getMsg HTTP/1.1" 200 27
120.253.135.82 - - [02/Sep/2021:06:42:27 +0800] "POST /xingrg/kc/pszx/mdps_order_operate.html HTTP/1.1" 200 37
120.253.135.82 - - [02/Sep/2021:06:42:28 +0800] "GET /xingrg/kc/pszx/mdps_order_info.html?code=312021090200047 HTTP/1.1" 200 23931
120.253.135.82 - - [02/Sep/2021:06:42:29 +0800] "POST /xingrg/kc/pszx/mdps_order_operate.html HTTP/1.1" 200 5289
120.253.135.82 - - [02/Sep/2021:06:42:29 +0800] "GET /xingrg/javascript/easyui/themes/default/validatebox.css HTTP/1.1" 404 1104
116.238.194.18 - - [02/Sep/2021:06:42:32 +0800] "GET /xingrg/all/function/internal_message.html?_=1630536150143&CODE_STATE=getMsg HTTP/1.1" 200 27
120.253.135.82 - - [02/Sep/2021:06:42:34 +0800] "GET /xingrg/all/function/internal_message.html?_=1630536154186&CODE_STATE=getMsg HTTP/1.1" 200 27
180.169.147.146 - - [02/Sep/2021:06:42:38 +0800] "GET /xingrg/all/function/internal_message.html?_=1630536155900&CODE_STATE=getMsg HTTP/1.1" 200 27
120.253.135.82 - - [02/Sep/2021:06:42:41 +0800] "GET /xingrg/all/function/internal_message.html?_=1630535933510&CODE_STATE=getMsg HTTP/1.1" 200 27
58.35.209.156 - - [02/Sep/2021:06:42:48 +0800] "GET /xingrg/all/function/internal_message.html?_=1630536166032&CODE_STATE=getMsg HTTP/1.1" 302 -
222.70.246.151 - - [02/Sep/2021:06:42:49 +0800] "GET /xingrg/all/function/internal_message.html?_=1630536179938&CODE_STATE=getMsg HTTP/1.1" 200 27
58.221.95.50 - - [02/Sep/2021:06:42:58 +0800] "GET /xingrg/check_reg.html?_=1630536175714 HTTP/1.1" 302 -
120.253.135.82 - - [02/Sep/2021:06:43:05 +0800] "POST /xingrg/kc/pszx/mdps_order_operate.html HTTP/1.1" 200 37
120.253.135.82 - - [02/Sep/2021:06:43:07 +0800] "GET /xingrg/kc/pszx/mdps_order_info.html?code=312021090200047 HTTP/1.1" 200 23931
120.253.135.82 - - [02/Sep/2021:06:43:08 +0800] "GET /xingrg/javascript/easyui/themes/default/validatebox.css HTTP/1.1" 404 1104
120.253.135.82 - - [02/Sep/2021:06:43:08 +0800] "POST /xingrg/kc/pszx/mdps_order_operate.html HTTP/1.1" 200 5289
120.253.135.82 - - [02/Sep/2021:06:43:10 +0800] "POST /xingrg/kc/pszx/mdps_list_operate.html HTTP/1.1" 200 4673
120.253.135.82 - - [02/Sep/2021:06:43:12 +0800] "POST /xingrg/kc/pszx/mdps_list_operate.html HTTP/1.1" 200 616
120.253.135.82 - - [02/Sep/2021:06:43:15 +0800] "POST /xingrg/kc/pszx/mdps_list_operate.html HTTP/1.1" 200 611
120.253.135.82 - - [02/Sep/2021:06:43:16 +0800] "GET /xingrg/kc/pszx/mdps_order_info.html?code=312021090200048 HTTP/1.1" 200 23931
120.253.135.82 - - [02/Sep/2021:06:43:17 +0800] "POST /xingrg/kc/pszx/mdps_order_operate.html HTTP/1.1" 200 6735
120.253.135.82 - - [02/Sep/2021:06:43:17 +0800] "GET /xingrg/javascript/easyui/themes/default/validatebox.css HTTP/1.1" 404 1104
120.253.135.82 - - [02/Sep/2021:06:43:21 +0800] "POST /xingrg/kc/pszx/mdps_order_operate.html HTTP/1.1" 200 37
120.253.135.82 - - [02/Sep/2021:06:43:22 +0800] "GET /xingrg/kc/pszx/mdps_order_info.html?code=312021090200048 HTTP/1.1" 200 23931
120.253.135.82 - - [02/Sep/2021:06:43:22 +0800] "GET /xingrg/javascript/easyui/themes/default/validatebox.css HTTP/1.1" 404 1104
120.253.135.82 - - [02/Sep/2021:06:43:22 +0800] "POST /xingrg/kc/pszx/mdps_order_operate.html HTTP/1.1" 200 6809
116.238.194.18 - - [02/Sep/2021:06:43:32 +0800] "GET /xingrg/all/function/internal_message.html?_=1630536210150&CODE_STATE=getMsg HTTP/1.1" 200 27
120.253.135.82 - - [02/Sep/2021:06:43:33 +0800] "GET /xingrg/kc/pszx/mdps_order_operate.html?command=get_materiel&pszx_code=00101&rest_code=00104&base_code=0010246&code=00101016050 HTTP/1.1" 200 464
120.253.135.82 - - [02/Sep/2021:06:43:34 +0800] "GET /xingrg/all/function/internal_message.html?_=1630536214228&CODE_STATE=getMsg HTTP/1.1" 200 27
180.169.147.146 - - [02/Sep/2021:06:43:38 +0800] "GET /xingrg/all/function/internal_message.html?_=1630536215893&CODE_STATE=getMsg HTTP/1.1" 200 27
120.253.135.82 - - [02/Sep/2021:06:43:41 +0800] "GET /xingrg/all/function/internal_message.html?_=1630535993522&CODE_STATE=getMsg HTTP/1.1" 200 27
58.35.209.156 - - [02/Sep/2021:06:43:48 +0800] "GET /xingrg/check_reg.html?_=1630536226030 HTTP/1.1" 302 -
58.35.209.156 - - [02/Sep/2021:06:43:48 +0800] "GET /xingrg/all/function/internal_message.html?_=1630536226032&CODE_STATE=getMsg HTTP/1.1" 302 -
222.70.246.151 - - [02/Sep/2021:06:43:49 +0800] "GET /xingrg/all/function/internal_message.html?_=1630536239938&CODE_STATE=getMsg HTTP/1.1" 200 27
120.253.135.82 - - [02/Sep/2021:06:44:09 +0800] "GET /xingrg/check_reg.html?_=1630536248941 HTTP/1.1" 200 22
120.253.135.82 - - [02/Sep/2021:06:44:21 +0800] "GET /xingrg/kc/pszx/mdps_order_operate.html?command=get_materiel&pszx_code=00101&rest_code=00104&base_code=0010246&code=00101010222 HTTP/1.1" 200 434
116.238.194.18 - - [02/Sep/2021:06:44:32 +0800] "GET /xingrg/all/function/internal_message.html?_=1630536270150&CODE_STATE=getMsg HTTP/1.1" 200 27
120.253.135.82 - - [02/Sep/2021:06:44:34 +0800] "GET /xingrg/all/function/internal_message.html?_=1630536274245&CODE_STATE=getMsg HTTP/1.1" 200 27
180.169.147.146 - - [02/Sep/2021:06:44:38 +0800] "GET /xingrg/all/function/internal_message.html?_=1630536275891&CODE_STATE=getMsg HTTP/1.1" 200 27
180.169.147.146 - - [02/Sep/2021:06:44:38 +0800] "GET /xingrg/check_reg.html?_=1630536275893 HTTP/1.1" 200 22
120.253.135.82 - - [02/Sep/2021:06:44:39 +0800] "POST /xingrg/kc/pszx/mdps_order_operate.html HTTP/1.1" 200 37
120.253.135.82 - - [02/Sep/2021:06:44:39 +0800] "GET /xingrg/kc/pszx/mdps_order_info.html?code=312021090200048 HTTP/1.1" 200 23931
120.253.135.82 - - [02/Sep/2021:06:44:40 +0800] "POST /xingrg/kc/pszx/mdps_order_operate.html HTTP/1.1" 200 6814
120.253.135.82 - - [02/Sep/2021:06:44:40 +0800] "GET /xingrg/javascript/easyui/themes/default/validatebox.css HTTP/1.1" 404 1104
120.253.135.82 - - [02/Sep/2021:06:44:41 +0800] "GET /xingrg/all/function/internal_message.html?_=1630536053536&CODE_STATE=getMsg HTTP/1.1" 200 27
58.35.209.156 - - [02/Sep/2021:06:44:48 +0800] "GET /xingrg/all/function/internal_message.html?_=1630536286036&CODE_STATE=getMsg HTTP/1.1" 302 -
222.70.246.151 - - [02/Sep/2021:06:44:49 +0800] "GET /xingrg/all/function/internal_message.html?_=1630536300102&CODE_STATE=getMsg HTTP/1.1" 200 27
222.70.246.151 - - [02/Sep/2021:06:45:01 +0800] "GET /xingrg/check_reg.html?_=1630536311995 HTTP/1.1" 200 22
116.238.194.18 - - [02/Sep/2021:06:45:32 +0800] "GET /xingrg/all/function/internal_message.html?_=1630536330156&CODE_STATE=getMsg HTTP/1.1" 200 27
120.253.135.82 - - [02/Sep/2021:06:45:34 +0800] "GET /xingrg/all/function/internal_message.html?_=1630536334259&CODE_STATE=getMsg HTTP/1.1" 200 27
120.253.135.82 - - [02/Sep/2021:06:45:37 +0800] "GET /xingrg/check_reg.html?_=1630536109307 HTTP/1.1" 200 22
180.169.147.146 - - [02/Sep/2021:06:45:38 +0800] "GET /xingrg/all/function/internal_message.html?_=1630536335885&CODE_STATE=getMsg HTTP/1.1" 200 27
120.253.135.82 - - [02/Sep/2021:06:45:41 +0800] "GET /xingrg/all/function/internal_message.html?_=1630536113550&CODE_STATE=getMsg HTTP/1.1" 200 27
120.253.135.82 - - [02/Sep/2021:06:45:45 +0800] "POST /xingrg/kc/pszx/mdps_order_operate.html HTTP/1.1" 200 37
120.253.135.82 - - [02/Sep/2021:06:45:47 +0800] "GET /xingrg/kc/pszx/mdps_order_info.html?code=312021090200048 HTTP/1.1" 200 23931
120.253.135.82 - - [02/Sep/2021:06:45:48 +0800] "GET /xingrg/javascript/easyui/themes/default/validatebox.css HTTP/1.1" 404 1104
120.253.135.82 - - [02/Sep/2021:06:45:48 +0800] "POST /xingrg/kc/pszx/mdps_order_operate.html HTTP/1.1" 200 6814
58.35.209.156 - - [02/Sep/2021:06:45:48 +0800] "GET /xingrg/all/function/internal_message.html?_=1630536346026&CODE_STATE=getMsg HTTP/1.1" 302 -
222.70.246.151 - - [02/Sep/2021:06:45:49 +0800] "GET /xingrg/all/function/internal_message.html?_=1630536360107&CODE_STATE=getMsg HTTP/1.1" 200 27
120.253.135.82 - - [02/Sep/2021:06:45:58 +0800] "POST /xingrg/kc/pszx/mdps_list_operate.html HTTP/1.1" 200 4675
120.253.135.82 - - [02/Sep/2021:06:45:59 +0800] "POST /xingrg/kc/pszx/mdps_list_operate.html HTTP/1.1" 200 617
120.253.135.82 - - [02/Sep/2021:06:46:01 +0800] "GET /xingrg/kc/pszx/mdps_order_info.html?code=312021090200049 HTTP/1.1" 200 23931
120.253.135.82 - - [02/Sep/2021:06:46:01 +0800] "GET /xingrg/javascript/easyui/themes/default/validatebox.css HTTP/1.1" 404 1104
120.253.135.82 - - [02/Sep/2021:06:46:01 +0800] "POST /xingrg/kc/pszx/mdps_order_operate.html HTTP/1.1" 200 5223
120.253.135.82 - - [02/Sep/2021:06:46:09 +0800] "POST /xingrg/kc/pszx/mdps_order_operate.html HTTP/1.1" 200 37
120.253.135.82 - - [02/Sep/2021:06:46:10 +0800] "GET /xingrg/kc/pszx/mdps_order_info.html?code=312021090200049 HTTP/1.1" 200 23931
116.238.194.18 - - [02/Sep/2021:06:46:11 +0800] "POST /xingrg/services/DataTransmitService HTTP/1.1" 200 524
120.253.135.82 - - [02/Sep/2021:06:46:11 +0800] "GET /xingrg/javascript/easyui/themes/default/validatebox.css HTTP/1.1" 404 1104
120.253.135.82 - - [02/Sep/2021:06:46:11 +0800] "POST /xingrg/kc/pszx/mdps_order_operate.html HTTP/1.1" 200 5272
120.253.135.82 - - [02/Sep/2021:06:46:13 +0800] "POST /xingrg/all/common/load_combo.html?type=base HTTP/1.1" 200 1075
120.253.135.82 - - [02/Sep/2021:06:46:18 +0800] "POST /xingrg/kc/pszx/mdps_order_operate.html HTTP/1.1" 200 37
120.253.135.82 - - [02/Sep/2021:06:46:19 +0800] "GET /xingrg/kc/pszx/mdps_order_info.html?code=312021090200049 HTTP/1.1" 200 23931
120.253.135.82 - - [02/Sep/2021:06:46:20 +0800] "POST /xingrg/kc/pszx/mdps_order_operate.html HTTP/1.1" 200 5280
120.253.135.82 - - [02/Sep/2021:06:46:20 +0800] "GET /xingrg/javascript/easyui/themes/default/validatebox.css HTTP/1.1" 404 1104
120.253.135.82 - - [02/Sep/2021:06:46:27 +0800] "POST /xingrg/kc/pszx/mdps_order_operate.html HTTP/1.1" 200 37
120.253.135.82 - - [02/Sep/2021:06:46:28 +0800] "GET /xingrg/kc/pszx/mdps_order_info.html?code=312021090200049 HTTP/1.1" 200 23931
120.253.135.82 - - [02/Sep/2021:06:46:28 +0800] "GET /xingrg/javascript/easyui/themes/default/validatebox.css HTTP/1.1" 404 1104
120.253.135.82 - - [02/Sep/2021:06:46:28 +0800] "POST /xingrg/kc/pszx/mdps_order_operate.html HTTP/1.1" 200 5279
117.184.7.30 - - [02/Sep/2021:06:46:31 +0800] "GET /xingrg/check_reg.html?_=1630536383376 HTTP/1.1" 200 22
58.40.7.146 - - [02/Sep/2021:06:46:32 +0800] "GET /xingrg/check_reg.html?_=1630536389391 HTTP/1.1" 302 -
116.238.194.18 - - [02/Sep/2021:06:46:32 +0800] "GET /xingrg/all/function/internal_message.html?_=1630536390154&CODE_STATE=getMsg HTTP/1.1" 200 27
116.238.194.18 - - [02/Sep/2021:06:46:32 +0800] "GET /xingrg/check_reg.html?_=1630536390157 HTTP/1.1" 200 22
120.253.135.82 - - [02/Sep/2021:06:46:34 +0800] "GET /xingrg/all/function/internal_message.html?_=1630536394283&CODE_STATE=getMsg HTTP/1.1" 200 27
180.169.147.146 - - [02/Sep/2021:06:46:38 +0800] "GET /xingrg/all/function/internal_message.html?_=1630536395880&CODE_STATE=getMsg HTTP/1.1" 200 27
120.253.135.82 - - [02/Sep/2021:06:46:41 +0800] "GET /xingrg/all/function/internal_message.html?_=1630536173564&CODE_STATE=getMsg HTTP/1.1" 200 27
58.35.209.156 - - [02/Sep/2021:06:46:48 +0800] "GET /xingrg/all/function/internal_message.html?_=1630536406035&CODE_STATE=getMsg HTTP/1.1" 302 -
222.70.246.151 - - [02/Sep/2021:06:46:49 +0800] "GET /xingrg/all/function/internal_message.html?_=1630536420119&CODE_STATE=getMsg HTTP/1.1" 200 27
222.70.246.151 - - [02/Sep/2021:06:46:55 +0800] "POST /xingrg/kc/buy/cgsh_order_operate.html HTTP/1.1" 200 37
222.70.246.151 - - [02/Sep/2021:06:46:56 +0800] "POST /xingrg/kc/buy/cgsh_order_operate.html HTTP/1.1" 200 4440
222.70.246.151 - - [02/Sep/2021:06:46:59 +0800] "POST /xingrg/kc/buy/cgsh_list_operate.html HTTP/1.1" 200 4481
222.70.246.151 - - [02/Sep/2021:06:47:21 +0800] "POST /xingrg/kc/buy/cgsh_list_operate.html HTTP/1.1" 200 4
120.253.135.82 - - [02/Sep/2021:06:47:22 +0800] "GET /xingrg/kc/pszx/mdps_order_operate.html?command=get_materiel&pszx_code=00101&rest_code=00104&base_code=0010250&code=00102002457 HTTP/1.1" 200 439
222.70.246.151 - - [02/Sep/2021:06:47:25 +0800] "POST /xingrg/kc/buy/cgsh_list_operate.html HTTP/1.1" 200 5175
116.238.194.18 - - [02/Sep/2021:06:47:32 +0800] "GET /xingrg/all/function/internal_message.html?_=1630536450163&CODE_STATE=getMsg HTTP/1.1" 200 27
120.253.135.82 - - [02/Sep/2021:06:47:34 +0800] "GET /xingrg/all/function/internal_message.html?_=1630536454285&CODE_STATE=getMsg HTTP/1.1" 200 27
180.169.147.146 - - [02/Sep/2021:06:47:38 +0800] "GET /xingrg/all/function/internal_message.html?_=1630536455895&CODE_STATE=getMsg HTTP/1.1" 200 27
120.253.135.82 - - [02/Sep/2021:06:47:42 +0800] "POST /xingrg/kc/pszx/mdps_order_operate.html HTTP/1.1" 200 37
120.253.135.82 - - [02/Sep/2021:06:47:43 +0800] "GET /xingrg/kc/pszx/mdps_order_info.html?code=312021090200049 HTTP/1.1" 200 23931
120.253.135.82 - - [02/Sep/2021:06:47:43 +0800] "GET /xingrg/all/function/internal_message.html?_=1630536235948&CODE_STATE=getMsg HTTP/1.1" 200 27
120.253.135.82 - - [02/Sep/2021:06:47:44 +0800] "GET /xingrg/javascript/easyui/themes/default/validatebox.css HTTP/1.1" 404 1104
120.253.135.82 - - [02/Sep/2021:06:47:44 +0800] "POST /xingrg/kc/pszx/mdps_order_operate.html HTTP/1.1" 200 5278
120.253.135.82 - - [02/Sep/2021:06:47:46 +0800] "POST /xingrg/kc/pszx/mdps_list_operate.html HTTP/1.1" 200 4675
58.35.209.156 - - [02/Sep/2021:06:47:48 +0800] "GET /xingrg/all/function/internal_message.html?_=1630536466036&CODE_STATE=getMsg HTTP/1.1" 302 -
120.253.135.82 - - [02/Sep/2021:06:47:48 +0800] "POST /xingrg/kc/pszx/mdps_list_operate.html HTTP/1.1" 200 323
120.253.135.82 - - [02/Sep/2021:06:47:49 +0800] "GET /xingrg/kc/pszx/mdps_order_info.html?code=312021090200050 HTTP/1.1" 200 23931
222.70.246.151 - - [02/Sep/2021:06:47:49 +0800] "GET /xingrg/all/function/internal_message.html?_=1630536480242&CODE_STATE=getMsg HTTP/1.1" 200 27
120.253.135.82 - - [02/Sep/2021:06:47:50 +0800] "GET /xingrg/javascript/easyui/themes/default/validatebox.css HTTP/1.1" 404 1104
120.253.135.82 - - [02/Sep/2021:06:47:51 +0800] "POST /xingrg/kc/pszx/mdps_order_operate.html HTTP/1.1" 200 2840
120.253.135.82 - - [02/Sep/2021:06:47:54 +0800] "POST /xingrg/kc/pszx/mdps_order_operate.html HTTP/1.1" 200 37
120.253.135.82 - - [02/Sep/2021:06:47:55 +0800] "GET /xingrg/kc/pszx/mdps_order_info.html?code=312021090200050 HTTP/1.1" 200 23931
222.70.246.151 - - [02/Sep/2021:06:47:55 +0800] "POST /xingrg/kc/buy/cgsh_list_operate.html HTTP/1.1" 200 4
120.253.135.82 - - [02/Sep/2021:06:47:55 +0800] "GET /xingrg/javascript/easyui/themes/default/validatebox.css HTTP/1.1" 404 1104
120.253.135.82 - - [02/Sep/2021:06:47:55 +0800] "POST /xingrg/kc/pszx/mdps_order_operate.html HTTP/1.1" 200 2857
58.221.95.50 - - [02/Sep/2021:06:47:58 +0800] "GET /xingrg/check_reg.html?_=1630536475728 HTTP/1.1" 302 -
222.70.246.151 - - [02/Sep/2021:06:47:59 +0800] "POST /xingrg/kc/buy/cgsh_list_operate.html HTTP/1.1" 200 4927
120.253.135.82 - - [02/Sep/2021:06:47:59 +0800] "POST /xingrg/all/common/load_select.html HTTP/1.1" 200 25
120.253.135.82 - - [02/Sep/2021:06:48:01 +0800] "GET /xingrg/kc/pszx/mdps_order_operate.html?command=get_materiel_price&pszx_code=00101&rest_code=00104&base_code=0010246&code=00101029073&unit_code=00100179&order_time=2021-09-03 HTTP/1.1" 200 35
120.253.135.82 - - [02/Sep/2021:06:48:15 +0800] "POST /xingrg/kc/pszx/mdps_order_operate.html HTTP/1.1" 200 37
120.253.135.82 - - [02/Sep/2021:06:48:16 +0800] "GET /xingrg/kc/pszx/mdps_order_info.html?code=312021090200050 HTTP/1.1" 200 23931
