116.238.168.124 - - [30/Aug/2021:10:43:24 +0800] "GET /xingrg/javascript/easyui/themes/default/validatebox.css HTTP/1.1" 404 1104
116.238.168.124 - - [30/Aug/2021:10:43:25 +0800] "POST /xingrg/kc/base/wldb_order_operate.html HTTP/1.1" 200 478
222.69.129.74 - - [30/Aug/2021:10:43:25 +0800] "GET /xingrg/kc/buy/cgsh_order_add.html HTTP/1.1" 200 63382
222.69.129.74 - - [30/Aug/2021:10:43:25 +0800] "POST /xingrg/kc/buy/cgsh_order_operate.html HTTP/1.1" 200 8245
222.69.129.74 - - [30/Aug/2021:10:43:25 +0800] "GET /xingrg/javascript/easyui/themes/default/validatebox.css HTTP/1.1" 404 1104
180.169.147.146 - - [30/Aug/2021:10:43:26 +0800] "GET /xingrg/all/function/internal_message.html?_=1630291405925&CODE_STATE=getMsg HTTP/1.1" 200 27
116.238.194.18 - - [30/Aug/2021:10:43:27 +0800] "POST /xingrg/services/DataTransmitService HTTP/1.1" 200 524
101.83.145.79 - - [30/Aug/2021:10:43:28 +0800] "GET /xingrg/all/function/internal_message.html?_=1630291358939&CODE_STATE=getMsg HTTP/1.1" 200 27
222.70.246.151 - - [30/Aug/2021:10:43:28 +0800] "GET /xingrg/all/function/internal_message.html?_=1630291409145&CODE_STATE=getMsg HTTP/1.1" 200 27
116.237.74.154 - - [30/Aug/2021:10:43:29 +0800] "GET /xingrg/all/function/internal_message.html?_=1630291409760&CODE_STATE=getMsg HTTP/1.1" 200 27
116.238.168.124 - - [30/Aug/2021:10:43:30 +0800] "GET /xingrg/kc/base/wldb_order_add.html HTTP/1.1" 200 30393
61.151.178.236 - - [30/Aug/2021:10:43:30 +0800] "GET /xingrg/kc/buy/cgsh_order_operate.html?command=get_materiel&rest_code=00106&code=00101008069&supplier_code=00100007&order_time=2021-08-30 HTTP/1.1" 302 -
116.238.168.124 - - [30/Aug/2021:10:43:31 +0800] "POST /xingrg/kc/base/wldb_order_operate.html HTTP/1.1" 200 6806
61.151.178.236 - - [30/Aug/2021:10:43:31 +0800] "GET /xingrg/login.html HTTP/1.1" 200 7641
116.238.168.124 - - [30/Aug/2021:10:43:31 +0800] "GET /xingrg/javascript/easyui/themes/default/validatebox.css HTTP/1.1" 404 1104
116.230.105.26 - - [30/Aug/2021:10:43:33 +0800] "GET /xingrg/all/function/internal_message.html?_=1630291371646&CODE_STATE=getMsg HTTP/1.1" 200 27
101.83.241.165 - - [30/Aug/2021:10:43:34 +0800] "GET /xingrg/all/function/internal_message.html?_=1630291413786&CODE_STATE=getMsg HTTP/1.1" 200 27
116.238.168.124 - - [30/Aug/2021:10:43:34 +0800] "GET /xingrg/all/function/internal_message.html?_=1630291394316&CODE_STATE=getMsg HTTP/1.1" 200 27
116.238.168.124 - - [30/Aug/2021:10:43:34 +0800] "GET /xingrg/all/function/internal_message.html?_=1630291413646&CODE_STATE=getMsg HTTP/1.1" 200 27
116.238.194.18 - - [30/Aug/2021:10:43:35 +0800] "GET /xingrg/all/function/internal_message.html?_=1630291401058&CODE_STATE=getMsg HTTP/1.1" 200 27
116.238.168.124 - - [30/Aug/2021:10:43:35 +0800] "POST /xingrg/all/common/load_combo.html?type=base HTTP/1.1" 200 3060
116.237.74.154 - - [30/Aug/2021:10:43:37 +0800] "GET /xingrg/kc/buy/cgsh_order_operate.html?command=get_materiel&rest_code=00106&code=00101008098&supplier_code=00100007&order_time=2021-08-30 HTTP/1.1" 200 412
222.69.129.74 - - [30/Aug/2021:10:43:37 +0800] "GET /xingrg/kc/buy/cgsh_order_operate.html?command=get_materiel&rest_code=00149&code=00101010079&supplier_code=00100336&order_time=2021-08-30 HTTP/1.1" 200 413
116.238.168.124 - - [30/Aug/2021:10:43:38 +0800] "POST /xingrg/all/common/load_combo.html?type=base HTTP/1.1" 200 3060
101.89.239.245 - - [30/Aug/2021:10:43:41 +0800] "GET /xingrg/kc/buy/cgsh_order_operate.html?command=get_materiel&rest_code=00106&code=00101008286&supplier_code=00100007&order_time=2021-08-30 HTTP/1.1" 302 -
222.70.179.113 - - [30/Aug/2021:10:43:41 +0800] "GET /xingrg/check_reg.html?_=1630291415225 HTTP/1.1" 200 22
222.70.179.113 - - [30/Aug/2021:10:43:41 +0800] "GET /xingrg/all/function/internal_message.html?_=1630291415226&CODE_STATE=getMsg HTTP/1.1" 200 27
101.89.239.245 - - [30/Aug/2021:10:43:41 +0800] "GET /xingrg/login.html HTTP/1.1" 200 7641
180.157.254.90 - - [30/Aug/2021:10:43:46 +0800] "GET /xingrg/all/function/internal_message.html?_=1630291426773&CODE_STATE=getMsg HTTP/1.1" 302 -
117.184.7.26 - - [30/Aug/2021:10:43:48 +0800] "GET /xingrg/all/function/internal_message.html?_=1630291427364&CODE_STATE=getMsg HTTP/1.1" 200 27
222.69.129.74 - - [30/Aug/2021:10:43:48 +0800] "POST /xingrg/kc/buy/cgsh_order_operate.html HTTP/1.1" 200 37
116.237.74.154 - - [30/Aug/2021:10:43:48 +0800] "GET /xingrg/kc/buy/cgsh_order_operate.html?command=get_materiel&rest_code=00106&code=00101008005&supplier_code=00100007&order_time=2021-08-30 HTTP/1.1" 200 412
116.232.48.180 - - [30/Aug/2021:10:43:50 +0800] "GET /xingrg/all/function/internal_message.html?_=1630291430107&CODE_STATE=getMsg HTTP/1.1" 200 27
116.238.194.18 - - [30/Aug/2021:10:43:52 +0800] "GET /xingrg/all/function/internal_message.html?_=1630291432059&CODE_STATE=getMsg HTTP/1.1" 200 27
222.70.246.151 - - [30/Aug/2021:10:43:53 +0800] "GET /xingrg/kc/buy/cgsh_order_operate.html?command=get_materiel&rest_code=00146&code=00101007077&supplier_code=00100002&order_time=2021-08-30 HTTP/1.1" 200 415
180.169.147.146 - - [30/Aug/2021:10:43:53 +0800] "GET /xingrg/all/function/internal_message.html?_=1630291432864&CODE_STATE=getMsg HTTP/1.1" 200 27
222.69.129.74 - - [30/Aug/2021:10:43:55 +0800] "POST /xingrg/kc/buy/cgsh_order_operate.html HTTP/1.1" 200 12
222.69.129.74 - - [30/Aug/2021:10:43:57 +0800] "GET /xingrg/kc/buy/cgsh_order_info.html?code=212021083013721 HTTP/1.1" 200 58291
222.69.129.74 - - [30/Aug/2021:10:43:57 +0800] "GET /xingrg/javascript/easyui/themes/default/validatebox.css HTTP/1.1" 404 1104
101.91.62.89 - - [30/Aug/2021:10:43:57 +0800] "GET /xingrg/kc/buy/cgsh_order_operate.html?command=get_materiel&rest_code=00106&code=00101008131&supplier_code=00100007&order_time=2021-08-30 HTTP/1.1" 302 -
101.91.62.89 - - [30/Aug/2021:10:43:58 +0800] "GET /xingrg/login.html HTTP/1.1" 200 7641
222.69.129.74 - - [30/Aug/2021:10:43:59 +0800] "POST /xingrg/kc/buy/cgsh_order_operate.html HTTP/1.1" 200 607
180.169.147.146 - - [30/Aug/2021:10:44:01 +0800] "GET /xingrg/check_reg.html?_=1630291443792 HTTP/1.1" 302 -
58.37.227.186 - - [30/Aug/2021:10:44:02 +0800] "GET /xingrg/kc/buy/cgsh_order_operate.html?command=get_materiel&rest_code=00141&code=00101008108&supplier_code=00100007&order_time=2021-08-30 HTTP/1.1" 200 412
180.157.254.90 - - [30/Aug/2021:10:44:02 +0800] "GET /xingrg/all/function/internal_message.html?_=1630291442669&CODE_STATE=getMsg HTTP/1.1" 200 27
116.237.74.154 - - [30/Aug/2021:10:44:04 +0800] "GET /xingrg/kc/buy/cgsh_order_operate.html?command=get_materiel&rest_code=00106&code=00101008271&supplier_code=00100007&order_time=2021-08-30 HTTP/1.1" 200 408
101.85.52.72 - - [30/Aug/2021:10:44:05 +0800] "GET /xingrg/all/function/internal_message.html?_=1630291443161&CODE_STATE=getMsg HTTP/1.1" 200 27
116.238.168.124 - - [30/Aug/2021:10:44:06 +0800] "GET /xingrg/kc/base/wldb_order_operate.html?command=get_materiel&rest_code=00102&base_code=0010476&code=00101019438 HTTP/1.1" 200 447
101.83.145.79 - - [30/Aug/2021:10:44:06 +0800] "GET /xingrg/all/function/internal_message.html?_=1630291446517&CODE_STATE=getMsg HTTP/1.1" 200 27
116.237.74.154 - - [30/Aug/2021:10:44:07 +0800] "GET /xingrg/all/function/internal_message.html?_=1630291445048&CODE_STATE=getMsg HTTP/1.1" 200 27
222.69.129.74 - - [30/Aug/2021:10:44:08 +0800] "GET /xingrg/all/function/internal_message.html?_=1630291446835&CODE_STATE=getMsg HTTP/1.1" 200 27
58.37.227.186 - - [30/Aug/2021:10:44:09 +0800] "GET /xingrg/all/function/internal_message.html?_=1630291331141&CODE_STATE=getMsg HTTP/1.1" 200 27
116.237.74.154 - - [30/Aug/2021:10:44:11 +0800] "POST /xingrg/kc/buy/cgsh_order_operate.html HTTP/1.1" 200 2065
116.238.168.124 - - [30/Aug/2021:10:44:14 +0800] "GET /xingrg/kc/base/wldb_order_operate.html?command=get_materiel&rest_code=00102&base_code=0010476&code=00101019134 HTTP/1.1" 200 465
180.169.147.146 - - [30/Aug/2021:10:44:17 +0800] "GET /xingrg/all/function/internal_message.html?_=1630291456293&CODE_STATE=getMsg HTTP/1.1" 200 27
180.169.147.146 - - [30/Aug/2021:10:44:17 +0800] "GET /xingrg/check_reg.html?_=1630291456294 HTTP/1.1" 200 22
58.37.227.186 - - [30/Aug/2021:10:44:18 +0800] "GET /xingrg/kc/buy/cgsh_order_operate.html?command=get_materiel&rest_code=00141&code=00101008201&supplier_code=00100007&order_time=2021-08-30 HTTP/1.1" 200 412
101.89.239.238 - - [30/Aug/2021:10:44:19 +0800] "GET /xingrg/kc/buy/cgsh_order_operate.html?command=get_materiel&rest_code=00106&code=00101008352&supplier_code=00100007&order_time=2021-08-30 HTTP/1.1" 302 -
222.70.179.252 - - [30/Aug/2021:10:44:19 +0800] "GET /xingrg/check_reg.html?_=1630291458918 HTTP/1.1" 200 22
222.70.179.252 - - [30/Aug/2021:10:44:19 +0800] "GET /xingrg/all/function/internal_message.html?_=1630291458920&CODE_STATE=getMsg HTTP/1.1" 200 27
101.89.239.238 - - [30/Aug/2021:10:44:20 +0800] "GET /xingrg/login.html HTTP/1.1" 200 7641
116.238.168.124 - - [30/Aug/2021:10:44:20 +0800] "GET /xingrg/kc/base/wldb_order_operate.html?command=get_materiel&rest_code=00102&base_code=0010476&code=00101019183 HTTP/1.1" 200 434
116.237.74.154 - - [30/Aug/2021:10:44:21 +0800] "GET /xingrg/kc/buy/cgsh_order_operate.html?command=get_materiel&rest_code=00106&code=00101008353&supplier_code=00100007&order_time=2021-08-30 HTTP/1.1" 200 408
101.83.241.165 - - [30/Aug/2021:10:44:21 +0800] "GET /xingrg/kc/buy/cgsh_order_add.html HTTP/1.1" 200 62495
101.83.241.165 - - [30/Aug/2021:10:44:22 +0800] "POST /xingrg/kc/buy/cgsh_order_operate.html HTTP/1.1" 200 8245
124.79.246.142 - - [30/Aug/2021:10:44:22 +0800] "GET /xingrg/all/function/internal_message.html?_=1630291561378&CODE_STATE=getMsg HTTP/1.1" 200 27
124.79.246.142 - - [30/Aug/2021:10:44:22 +0800] "GET /xingrg/check_reg.html?_=1630291561379 HTTP/1.1" 200 22
101.83.241.165 - - [30/Aug/2021:10:44:22 +0800] "GET /xingrg/javascript/easyui/themes/default/validatebox.css HTTP/1.1" 404 1104
180.169.147.146 - - [30/Aug/2021:10:44:23 +0800] "GET /xingrg/all/function/internal_message.html?_=1630291485451&CODE_STATE=getMsg HTTP/1.1" 200 27
116.238.168.124 - - [30/Aug/2021:10:44:26 +0800] "GET /xingrg/kc/base/wldb_order_operate.html?command=get_materiel&rest_code=00102&base_code=0010476&code=00101019400 HTTP/1.1" 200 451
180.169.147.146 - - [30/Aug/2021:10:44:26 +0800] "GET /xingrg/all/function/internal_message.html?_=1630291465916&CODE_STATE=getMsg HTTP/1.1" 200 27
58.37.227.186 - - [30/Aug/2021:10:44:27 +0800] "GET /xingrg/kc/buy/cgsh_order_operate.html?command=get_materiel&rest_code=00141&code=00101008502&supplier_code=00100007&order_time=2021-08-30 HTTP/1.1" 200 398
101.83.145.79 - - [30/Aug/2021:10:44:28 +0800] "GET /xingrg/all/function/internal_message.html?_=1630291418940&CODE_STATE=getMsg HTTP/1.1" 200 27
222.70.246.151 - - [30/Aug/2021:10:44:28 +0800] "GET /xingrg/all/function/internal_message.html?_=1630291469159&CODE_STATE=getMsg HTTP/1.1" 200 27
222.69.129.74 - - [30/Aug/2021:10:44:28 +0800] "GET /xingrg/kc/print/load_data.html?order_code=212021083013721&kc_code=cgsh&condition= HTTP/1.1" 200 708
116.237.74.154 - - [30/Aug/2021:10:44:29 +0800] "GET /xingrg/all/function/internal_message.html?_=1630291469745&CODE_STATE=getMsg HTTP/1.1" 200 27
116.230.105.26 - - [30/Aug/2021:10:44:29 +0800] "GET /xingrg/kc/buy/cgsh_order_list.html HTTP/1.1" 200 47597
116.237.74.154 - - [30/Aug/2021:10:44:33 +0800] "GET /xingrg/kc/buy/cgsh_order_operate.html?command=get_materiel&rest_code=00106&code=00101008312&supplier_code=00100007&order_time=2021-08-30 HTTP/1.1" 200 412
116.238.168.124 - - [30/Aug/2021:10:44:33 +0800] "GET /xingrg/kc/base/wldb_order_operate.html?command=get_materiel&rest_code=00102&base_code=0010476&code=00101013123 HTTP/1.1" 200 435
222.69.129.74 - - [30/Aug/2021:10:44:33 +0800] "GET /xingrg/kc/buy/cgsh_order_add.html HTTP/1.1" 200 63382
116.230.105.26 - - [30/Aug/2021:10:44:33 +0800] "GET /xingrg/all/function/internal_message.html?_=1630291431622&CODE_STATE=getMsg HTTP/1.1" 200 27
222.69.129.74 - - [30/Aug/2021:10:44:33 +0800] "POST /xingrg/kc/buy/cgsh_order_operate.html HTTP/1.1" 200 8245
222.69.129.74 - - [30/Aug/2021:10:44:33 +0800] "GET /xingrg/javascript/easyui/themes/default/validatebox.css HTTP/1.1" 404 1104
101.89.29.78 - - [30/Aug/2021:10:44:33 +0800] "GET /xingrg/kc/buy/cgsh_order_operate.html?command=get_materiel&rest_code=00106&code=00101008098&supplier_code=00100007&order_time=2021-08-30 HTTP/1.1" 302 -
116.230.105.26 - - [30/Aug/2021:10:44:34 +0800] "GET /xingrg/kc/base/check_order_list.html HTTP/1.1" 200 16308
101.89.29.78 - - [30/Aug/2021:10:44:34 +0800] "GET /xingrg/login.html HTTP/1.1" 200 7641
116.230.105.26 - - [30/Aug/2021:10:44:34 +0800] "POST /xingrg/kc/base/check_list_operate.html HTTP/1.1" 200 781
101.83.241.165 - - [30/Aug/2021:10:44:34 +0800] "GET /xingrg/all/function/internal_message.html?_=1630291473789&CODE_STATE=getMsg HTTP/1.1" 200 27
116.230.105.26 - - [30/Aug/2021:10:44:34 +0800] "POST /xingrg/kc/buy/cgsh_list_operate.html HTTP/1.1" 200 3134
116.238.168.124 - - [30/Aug/2021:10:44:34 +0800] "GET /xingrg/all/function/internal_message.html?_=1630291454331&CODE_STATE=getMsg HTTP/1.1" 200 27
116.238.168.124 - - [30/Aug/2021:10:44:34 +0800] "GET /xingrg/all/function/internal_message.html?_=1630291473659&CODE_STATE=getMsg HTTP/1.1" 200 27
116.238.194.18 - - [30/Aug/2021:10:44:35 +0800] "GET /xingrg/all/function/internal_message.html?_=1630291461126&CODE_STATE=getMsg HTTP/1.1" 200 27
116.230.105.26 - - [30/Aug/2021:10:44:36 +0800] "GET /xingrg/kc/base/check_order_list.html HTTP/1.1" 200 16308
116.230.105.26 - - [30/Aug/2021:10:44:36 +0800] "POST /xingrg/kc/base/check_list_operate.html HTTP/1.1" 200 781
101.83.241.165 - - [30/Aug/2021:10:44:38 +0800] "GET /xingrg/kc/buy/cgsh_order_operate.html?command=get_materiel&rest_code=00154&code=00101018011&supplier_code=00100422&order_time=2021-08-30 HTTP/1.1" 200 415
116.230.105.26 - - [30/Aug/2021:10:44:38 +0800] "POST /xingrg/kc/base/check_list_operate.html HTTP/1.1" 200 8806
222.70.179.113 - - [30/Aug/2021:10:44:41 +0800] "GET /xingrg/all/function/internal_message.html?_=1630291475225&CODE_STATE=getMsg HTTP/1.1" 200 27
116.230.105.26 - - [30/Aug/2021:10:44:41 +0800] "GET /xingrg/kc/base/check_order_info.html?code=452021073100501 HTTP/1.1" 200 22858
116.230.105.26 - - [30/Aug/2021:10:44:41 +0800] "GET /xingrg/dwr/interface/AjaxComOrderService.js HTTP/1.1" 200 18264
116.230.105.26 - - [30/Aug/2021:10:44:41 +0800] "GET /xingrg/dwr/interface/AjaxCheckService.js HTTP/1.1" 200 14003
61.151.178.163 - - [30/Aug/2021:10:44:41 +0800] "GET /xingrg/kc/buy/cgsh_order_operate.html?command=get_materiel&rest_code=00106&code=00101008005&supplier_code=00100007&order_time=2021-08-30 HTTP/1.1" 302 -
116.230.105.26 - - [30/Aug/2021:10:44:41 +0800] "GET /xingrg/dwr/engine.js HTTP/1.1" 200 43631
58.37.227.186 - - [30/Aug/2021:10:44:42 +0800] "GET /xingrg/kc/buy/cgsh_order_operate.html?command=get_materiel&rest_code=00141&code=00101008072&supplier_code=00100007&order_time=2021-08-30 HTTP/1.1" 200 408
61.151.178.163 - - [30/Aug/2021:10:44:42 +0800] "GET /xingrg/login.html HTTP/1.1" 200 7641
116.230.105.26 - - [30/Aug/2021:10:44:42 +0800] "POST /xingrg/dwr/call/plaincall/AjaxCheckService.loadOrderItems.dwr HTTP/1.1" 200 136538
222.69.129.74 - - [30/Aug/2021:10:44:43 +0800] "GET /xingrg/kc/buy/cgsh_order_operate.html?command=get_materiel&rest_code=00149&code=00101001060&supplier_code=00100442&order_time=2021-08-30 HTTP/1.1" 200 419
116.237.74.154 - - [30/Aug/2021:10:44:45 +0800] "GET /xingrg/kc/buy/cgsh_order_operate.html?command=get_materiel&rest_code=00106&code=00101008096&supplier_code=00100007&order_time=2021-08-30 HTTP/1.1" 200 412
180.157.254.90 - - [30/Aug/2021:10:44:46 +0800] "GET /xingrg/all/function/internal_message.html?_=1630291486774&CODE_STATE=getMsg HTTP/1.1" 302 -
117.184.7.26 - - [30/Aug/2021:10:44:48 +0800] "GET /xingrg/all/function/internal_message.html?_=1630291487365&CODE_STATE=getMsg HTTP/1.1" 200 27
116.232.48.180 - - [30/Aug/2021:10:44:50 +0800] "GET /xingrg/all/function/internal_message.html?_=1630291490105&CODE_STATE=getMsg HTTP/1.1" 200 27
116.238.168.124 - - [30/Aug/2021:10:44:51 +0800] "GET /xingrg/kc/base/wldb_order_operate.html?command=get_materiel&rest_code=00102&base_code=0010476&code=00101019306 HTTP/1.1" 200 463
116.238.194.18 - - [30/Aug/2021:10:44:53 +0800] "GET /xingrg/all/function/internal_message.html?_=1630291492063&CODE_STATE=getMsg HTTP/1.1" 200 27
180.169.147.146 - - [30/Aug/2021:10:44:53 +0800] "GET /xingrg/all/function/internal_message.html?_=1630291492868&CODE_STATE=getMsg HTTP/1.1" 200 27
180.169.147.146 - - [30/Aug/2021:10:44:53 +0800] "GET /xingrg/check_reg.html?_=1630291492876 HTTP/1.1" 200 22
116.230.105.26 - - [30/Aug/2021:10:44:53 +0800] "GET /xingrg/kc/base/check_order_list.html HTTP/1.1" 200 16308
222.70.179.252 - - [30/Aug/2021:10:44:53 +0800] "GET /xingrg/javascript/jquery_easy_ui/themes/default/images/tabs_active.png HTTP/1.1" 200 2894
116.230.105.26 - - [30/Aug/2021:10:44:54 +0800] "POST /xingrg/kc/base/check_list_operate.html HTTP/1.1" 200 781
222.70.246.151 - - [30/Aug/2021:10:44:54 +0800] "GET /xingrg/kc/buy/cgsh_order_operate.html?command=get_materiel&rest_code=00146&code=00101007061&supplier_code=00100002&order_time=2021-08-30 HTTP/1.1" 200 409
116.237.74.154 - - [30/Aug/2021:10:44:54 +0800] "GET /xingrg/kc/buy/cgsh_order_operate.html?command=get_materiel&rest_code=00106&code=00101008125&supplier_code=00100007&order_time=2021-08-30 HTTP/1.1" 200 413
116.230.105.26 - - [30/Aug/2021:10:44:55 +0800] "GET /xingrg/kc/buy/cgsh_order_list.html HTTP/1.1" 200 47597
222.69.129.74 - - [30/Aug/2021:10:44:56 +0800] "GET /xingrg/kc/buy/cgsh_order_operate.html?command=get_materiel&rest_code=00149&code=00101002047&supplier_code=00100442&order_time=2021-08-30 HTTP/1.1" 200 405
116.238.168.124 - - [30/Aug/2021:10:44:56 +0800] "GET /xingrg/kc/base/wldb_order_operate.html?command=get_materiel&rest_code=00102&base_code=0010476&code=00101019056 HTTP/1.1" 200 474
58.37.227.186 - - [30/Aug/2021:10:44:58 +0800] "GET /xingrg/kc/buy/cgsh_order_operate.html?command=get_materiel&rest_code=00141&code=00101020042&supplier_code=00100007&order_time=2021-08-30 HTTP/1.1" 200 416
116.230.105.26 - - [30/Aug/2021:10:44:59 +0800] "POST /xingrg/kc/buy/cgsh_list_operate.html HTTP/1.1" 200 3134
116.238.168.124 - - [30/Aug/2021:10:45:01 +0800] "GET /xingrg/kc/base/wldb_order_operate.html?command=get_materiel&rest_code=00102&base_code=0010476&code=00101019391 HTTP/1.1" 200 471
180.157.254.90 - - [30/Aug/2021:10:45:02 +0800] "GET /xingrg/all/function/internal_message.html?_=1630291502668&CODE_STATE=getMsg HTTP/1.1" 200 27
58.37.227.186 - - [30/Aug/2021:10:45:02 +0800] "POST /xingrg/kc/buy/cgsh_order_operate.html HTTP/1.1" 200 2065
101.85.52.72 - - [30/Aug/2021:10:45:05 +0800] "GET /xingrg/all/function/internal_message.html?_=1630291503152&CODE_STATE=getMsg HTTP/1.1" 200 27
101.85.52.72 - - [30/Aug/2021:10:45:05 +0800] "GET /xingrg/check_reg.html?_=1630291503276 HTTP/1.1" 200 22
101.83.145.79 - - [30/Aug/2021:10:45:06 +0800] "GET /xingrg/check_reg.html?_=1630291506517 HTTP/1.1" 200 22
101.83.145.79 - - [30/Aug/2021:10:45:06 +0800] "GET /xingrg/all/function/internal_message.html?_=1630291506520&CODE_STATE=getMsg HTTP/1.1" 200 27
116.237.74.154 - - [30/Aug/2021:10:45:07 +0800] "GET /xingrg/all/function/internal_message.html?_=1630291505036&CODE_STATE=getMsg HTTP/1.1" 200 27
222.69.129.74 - - [30/Aug/2021:10:45:08 +0800] "GET /xingrg/all/function/internal_message.html?_=1630291506721&CODE_STATE=getMsg HTTP/1.1" 200 27
222.69.129.74 - - [30/Aug/2021:10:45:09 +0800] "POST /xingrg/kc/buy/cgsh_order_operate.html HTTP/1.1" 200 37
58.37.227.186 - - [30/Aug/2021:10:45:09 +0800] "GET /xingrg/all/function/internal_message.html?_=1630291391232&CODE_STATE=getMsg HTTP/1.1" 200 27
58.37.227.186 - - [30/Aug/2021:10:45:13 +0800] "GET /xingrg/kc/buy/cgsh_order_operate.html?command=get_materiel&rest_code=00141&code=00101008224&supplier_code=00100007&order_time=2021-08-30 HTTP/1.1" 200 416
116.237.74.154 - - [30/Aug/2021:10:45:13 +0800] "GET /xingrg/kc/buy/cgsh_order_operate.html?command=get_materiel&rest_code=00106&code=00101008298&supplier_code=00100007&order_time=2021-08-30 HTTP/1.1" 200 431
101.89.239.245 - - [30/Aug/2021:10:45:14 +0800] "GET /xingrg/kc/buy/cgsh_order_operate.html?command=get_materiel&rest_code=00106&code=00101008353&supplier_code=00100007&order_time=2021-08-30 HTTP/1.1" 302 -
101.89.239.245 - - [30/Aug/2021:10:45:15 +0800] "GET /xingrg/login.html HTTP/1.1" 200 7641
58.221.95.50 - - [30/Aug/2021:10:45:15 +0800] "GET /xingrg/check_reg.html?_=1630291516535 HTTP/1.1" 302 -
116.237.74.154 - - [30/Aug/2021:10:45:17 +0800] "POST /xingrg/kc/buy/cgsh_order_operate.html HTTP/1.1" 200 2065
180.169.147.146 - - [30/Aug/2021:10:45:17 +0800] "GET /xingrg/all/function/internal_message.html?_=1630291516287&CODE_STATE=getMsg HTTP/1.1" 200 27
222.70.246.151 - - [30/Aug/2021:10:45:19 +0800] "POST /xingrg/kc/buy/cgsh_order_operate.html HTTP/1.1" 200 37
222.70.179.252 - - [30/Aug/2021:10:45:19 +0800] "GET /xingrg/all/function/internal_message.html?_=1630291518922&CODE_STATE=getMsg HTTP/1.1" 200 27
116.238.194.18 - - [30/Aug/2021:10:45:20 +0800] "GET /xingrg/check_reg.html?_=1630291506064 HTTP/1.1" 200 22
222.69.129.74 - - [30/Aug/2021:10:45:21 +0800] "POST /xingrg/kc/buy/cgsh_order_operate.html HTTP/1.1" 200 12
124.79.246.142 - - [30/Aug/2021:10:45:22 +0800] "GET /xingrg/all/function/internal_message.html?_=1630291621377&CODE_STATE=getMsg HTTP/1.1" 200 27
180.169.147.146 - - [30/Aug/2021:10:45:23 +0800] "GET /xingrg/all/function/internal_message.html?_=1630291545454&CODE_STATE=getMsg HTTP/1.1" 200 27
222.70.246.151 - - [30/Aug/2021:10:45:24 +0800] "POST /xingrg/kc/buy/cgsh_order_operate.html HTTP/1.1" 200 5614
58.37.227.186 - - [30/Aug/2021:10:45:24 +0800] "GET /xingrg/kc/buy/cgsh_order_operate.html?command=get_materiel&rest_code=00141&code=00101008155&supplier_code=00100007&order_time=2021-08-30 HTTP/1.1" 200 408
180.169.147.146 - - [30/Aug/2021:10:45:26 +0800] "GET /xingrg/all/function/internal_message.html?_=1630291525922&CODE_STATE=getMsg HTTP/1.1" 200 27
61.151.178.166 - - [30/Aug/2021:10:45:26 +0800] "GET /xingrg/kc/buy/cgsh_order_operate.html?command=get_materiel&rest_code=00106&code=00101008312&supplier_code=00100007&order_time=2021-08-30 HTTP/1.1" 302 -
61.151.178.166 - - [30/Aug/2021:10:45:26 +0800] "GET /xingrg/login.html HTTP/1.1" 200 7641
222.69.129.74 - - [30/Aug/2021:10:45:27 +0800] "GET /xingrg/kc/buy/cgsh_order_info.html?code=212021083013722 HTTP/1.1" 200 58293
222.69.129.74 - - [30/Aug/2021:10:45:27 +0800] "GET /xingrg/javascript/easyui/themes/default/validatebox.css HTTP/1.1" 404 1104
222.70.246.151 - - [30/Aug/2021:10:45:28 +0800] "GET /xingrg/check_reg.html?_=1630291528821 HTTP/1.1" 200 22
101.83.145.79 - - [30/Aug/2021:10:45:28 +0800] "GET /xingrg/all/function/internal_message.html?_=1630291478941&CODE_STATE=getMsg HTTP/1.1" 200 27
222.70.246.151 - - [30/Aug/2021:10:45:28 +0800] "GET /xingrg/all/function/internal_message.html?_=1630291529173&CODE_STATE=getMsg HTTP/1.1" 200 27
116.237.74.154 - - [30/Aug/2021:10:45:29 +0800] "GET /xingrg/all/function/internal_message.html?_=1630291529729&CODE_STATE=getMsg HTTP/1.1" 200 27
101.83.241.165 - - [30/Aug/2021:10:45:30 +0800] "POST /xingrg/kc/buy/cgsh_order_operate.html HTTP/1.1" 200 37
222.69.129.74 - - [30/Aug/2021:10:45:30 +0800] "POST /xingrg/kc/buy/cgsh_order_operate.html HTTP/1.1" 200 1214
116.238.194.18 - - [30/Aug/2021:10:45:30 +0800] "POST /xingrg/services/DataTransmitService HTTP/1.1" 200 524
222.70.246.151 - - [30/Aug/2021:10:45:31 +0800] "GET /xingrg/kc/print/load_data.html?order_code=212021083013723&kc_code=cgsh&condition= HTTP/1.1" 200 1879
116.230.105.26 - - [30/Aug/2021:10:45:32 +0800] "GET /xingrg/check_reg.html?_=1630291490221 HTTP/1.1" 200 22
116.237.74.154 - - [30/Aug/2021:10:45:32 +0800] "GET /xingrg/kc/buy/cgsh_order_operate.html?command=get_materiel&rest_code=00106&code=00101008291&supplier_code=00100007&order_time=2021-08-30 HTTP/1.1" 200 408
116.230.105.26 - - [30/Aug/2021:10:45:33 +0800] "GET /xingrg/all/function/internal_message.html?_=1630291491605&CODE_STATE=getMsg HTTP/1.1" 200 27
101.83.241.165 - - [30/Aug/2021:10:45:34 +0800] "GET /xingrg/check_reg.html?_=1630291533797 HTTP/1.1" 200 22
101.83.241.165 - - [30/Aug/2021:10:45:34 +0800] "GET /xingrg/all/function/internal_message.html?_=1630291533801&CODE_STATE=getMsg HTTP/1.1" 200 27
116.238.168.124 - - [30/Aug/2021:10:45:34 +0800] "GET /xingrg/all/function/internal_message.html?_=1630291514346&CODE_STATE=getMsg HTTP/1.1" 200 27
116.238.168.124 - - [30/Aug/2021:10:45:34 +0800] "GET /xingrg/all/function/internal_message.html?_=1630291533671&CODE_STATE=getMsg HTTP/1.1" 200 27
116.238.194.18 - - [30/Aug/2021:10:45:35 +0800] "GET /xingrg/all/function/internal_message.html?_=1630291521132&CODE_STATE=getMsg HTTP/1.1" 200 27
101.83.241.165 - - [30/Aug/2021:10:45:39 +0800] "POST /xingrg/kc/buy/cgsh_order_operate.html HTTP/1.1" 200 12
61.151.178.249 - - [30/Aug/2021:10:45:39 +0800] "GET /xingrg/kc/buy/cgsh_order_operate.html?command=get_materiel&rest_code=00106&code=00101008096&supplier_code=00100007&order_time=2021-08-30 HTTP/1.1" 302 -
58.37.227.186 - - [30/Aug/2021:10:45:39 +0800] "GET /xingrg/kc/buy/cgsh_order_operate.html?command=get_materiel&rest_code=00141&code=00101008210&supplier_code=00100007&order_time=2021-08-30 HTTP/1.1" 200 408
101.83.241.165 - - [30/Aug/2021:10:45:40 +0800] "GET /xingrg/kc/buy/cgsh_order_info.html?code=212021083013724 HTTP/1.1" 200 57400
61.151.178.249 - - [30/Aug/2021:10:45:40 +0800] "GET /xingrg/login.html HTTP/1.1" 200 7641
101.83.241.165 - - [30/Aug/2021:10:45:40 +0800] "GET /xingrg/javascript/easyui/themes/default/validatebox.css HTTP/1.1" 404 1104
222.70.179.113 - - [30/Aug/2021:10:45:41 +0800] "GET /xingrg/all/function/internal_message.html?_=1630291535248&CODE_STATE=getMsg HTTP/1.1" 200 27
180.157.254.90 - - [30/Aug/2021:10:45:46 +0800] "GET /xingrg/all/function/internal_message.html?_=1630291546774&CODE_STATE=getMsg HTTP/1.1" 302 -
101.83.241.165 - - [30/Aug/2021:10:45:47 +0800] "POST /xingrg/kc/buy/cgsh_order_operate.html HTTP/1.1" 200 15
116.237.74.154 - - [30/Aug/2021:10:45:47 +0800] "POST /xingrg/kc/buy/cgsh_order_operate.html HTTP/1.1" 200 37
117.184.7.26 - - [30/Aug/2021:10:45:48 +0800] "GET /xingrg/all/function/internal_message.html?_=1630291547367&CODE_STATE=getMsg HTTP/1.1" 200 27
58.40.7.146 - - [30/Aug/2021:10:45:48 +0800] "GET /xingrg/login.html HTTP/1.1" 200 7641
58.40.7.146 - - [30/Aug/2021:10:45:49 +0800] "GET /xingrg/images/blue/jxLogo.png HTTP/1.1" 200 6156
101.83.241.165 - - [30/Aug/2021:10:45:49 +0800] "GET /xingrg/kc/print/load_data.html?order_code=212021083013724&kc_code=cgsh&condition= HTTP/1.1" 200 706
58.40.7.146 - - [30/Aug/2021:10:45:49 +0800] "GET /xingrg/images/blue/hj.png HTTP/1.1" 200 1014
58.40.7.146 - - [30/Aug/2021:10:45:49 +0800] "GET /xingrg/images/blue/srbg.png HTTP/1.1" 200 138
58.40.7.146 - - [30/Aug/2021:10:45:49 +0800] "GET /xingrg/images/blue/login_bg.png HTTP/1.1" 200 22101
58.40.7.146 - - [30/Aug/2021:10:45:49 +0800] "GET /favicon.ico HTTP/1.1" 404 -
58.37.227.186 - - [30/Aug/2021:10:45:50 +0800] "GET /xingrg/kc/buy/cgsh_order_operate.html?command=get_materiel&rest_code=00141&code=00101008087&supplier_code=00100007&order_time=2021-08-30 HTTP/1.1" 200 412
116.237.74.154 - - [30/Aug/2021:10:45:50 +0800] "POST /xingrg/kc/buy/cgsh_order_operate.html HTTP/1.1" 200 20354
116.232.48.180 - - [30/Aug/2021:10:45:50 +0800] "GET /xingrg/all/function/internal_message.html?_=1630291550105&CODE_STATE=getMsg HTTP/1.1" 200 27
58.37.227.186 - - [30/Aug/2021:10:45:52 +0800] "GET /xingrg/check_reg.html?_=1630291434576 HTTP/1.1" 200 22
116.238.194.18 - - [30/Aug/2021:10:45:53 +0800] "GET /xingrg/check_reg.html?_=1630291552066 HTTP/1.1" 200 22
116.238.194.18 - - [30/Aug/2021:10:45:53 +0800] "GET /xingrg/all/function/internal_message.html?_=1630291552070&CODE_STATE=getMsg HTTP/1.1" 200 27
180.169.147.146 - - [30/Aug/2021:10:45:53 +0800] "GET /xingrg/all/function/internal_message.html?_=1630291552866&CODE_STATE=getMsg HTTP/1.1" 200 27
58.40.7.146 - - [30/Aug/2021:10:45:54 +0800] "POST /xingrg/login.do HTTP/1.1" 302 -
58.40.7.146 - - [30/Aug/2021:10:45:54 +0800] "GET /xingrg/javascript/jquery_easy_ui/themes/icon.css HTTP/1.1" 200 3949
58.40.7.146 - - [30/Aug/2021:10:45:54 +0800] "GET /xingrg/css/form.css HTTP/1.1" 200 893
58.40.7.146 - - [30/Aug/2021:10:45:54 +0800] "GET /xingrg/javascript/jquery_easy_ui/jquery.easyui.min.js HTTP/1.1" 200 213662
58.40.7.146 - - [30/Aug/2021:10:45:54 +0800] "GET /xingrg/javascript/jquery-1.4.2.min.js HTTP/1.1" 200 72205
58.40.7.146 - - [30/Aug/2021:10:45:54 +0800] "GET /xingrg/javascript/jquery_easy_ui/easyui-lang-zh_CN.js HTTP/1.1" 200 1900
58.40.7.146 - - [30/Aug/2021:10:45:54 +0800] "GET /xingrg/javascript/jquery_easy_ui/themes/default/easyui.css HTTP/1.1" 200 26500
58.40.7.146 - - [30/Aug/2021:10:45:54 +0800] "GET /xingrg/javascript/jquery.timers.js HTTP/1.1" 200 3532
58.40.7.146 - - [30/Aug/2021:10:45:54 +0800] "GET /xingrg/javascript/jquery.form.js HTTP/1.1" 200 23110
58.40.7.146 - - [30/Aug/2021:10:45:54 +0800] "GET /xingrg/javascript/jquery.utils.js HTTP/1.1" 200 11805
58.40.7.146 - - [30/Aug/2021:10:45:54 +0800] "GET /xingrg/index.html?sysBaseUrl=http%3A%2F%2F180.169.147.146%3A18081%2Fxingrg%2F&costTime=315×tamp=1630291554698 HTTP/1.1" 200 17419
58.40.7.146 - - [30/Aug/2021:10:45:54 +0800] "GET /favicon.ico HTTP/1.1" 404 -
58.40.7.146 - - [30/Aug/2021:10:45:54 +0800] "GET /xingrg/javascript/jquery_easy_ui/themes/icons/settle_new.png HTTP/1.1" 200 826
58.40.7.146 - - [30/Aug/2021:10:45:54 +0800] "GET /xingrg/images/blue/navBackgound.jpg HTTP/1.1" 200 12378
58.40.7.146 - - [30/Aug/2021:10:45:55 +0800] "POST /xingrg/all/common/load_tree.html?tree=area_rest_tree_json&manage=1 HTTP/1.1" 200 476
58.40.7.146 - - [30/Aug/2021:10:45:55 +0800] "GET /xingrg/images/blue/pingpu.png HTTP/1.1" 200 231
58.40.7.146 - - [30/Aug/2021:10:45:55 +0800] "GET /xingrg/check_reg.html?_=1630291554328 HTTP/1.1" 200 22
58.40.7.146 - - [30/Aug/2021:10:45:55 +0800] "GET /xingrg/all/function/internal_message.html?_=1630291554326&CODE_STATE=count HTTP/1.1" 200 11
58.40.7.146 - - [30/Aug/2021:10:45:55 +0800] "GET /xingrg/javascript/jquery_easy_ui/themes/default/images/tabs_rightarrow.png HTTP/1.1" 200 395
58.40.7.146 - - [30/Aug/2021:10:45:55 +0800] "GET /xingrg/javascript/jquery_easy_ui/themes/default/images/panel_tool_expand.gif HTTP/1.1" 200 247
58.40.7.146 - - [30/Aug/2021:10:45:55 +0800] "GET /xingrg/javascript/jquery_easy_ui/themes/default/images/tabs_leftarrow.png HTTP/1.1" 200 389
58.40.7.146 - - [30/Aug/2021:10:45:55 +0800] "GET /xingrg/javascript/jquery_easy_ui/themes/default/images/panel_tool_collapse.gif HTTP/1.1" 200 246
58.40.7.146 - - [30/Aug/2021:10:45:55 +0800] "POST /xingrg/load_menu.html HTTP/1.1" 200 9959
58.40.7.146 - - [30/Aug/2021:10:45:55 +0800] "GET /xingrg/javascript/jquery_easy_ui/themes/default/images/tree_arrows.gif HTTP/1.1" 200 1043
58.40.7.146 - - [30/Aug/2021:10:45:55 +0800] "GET /xingrg/javascript/jquery_easy_ui/themes/default/images/tree_folder_open.gif HTTP/1.1" 200 956
58.40.7.146 - - [30/Aug/2021:10:45:55 +0800] "GET /xingrg/javascript/jquery_easy_ui/themes/icons/search_new.png HTTP/1.1" 200 586
58.40.7.146 - - [30/Aug/2021:10:45:55 +0800] "GET /xingrg/javascript/jquery_easy_ui/themes/default/images/tree_folder.gif HTTP/1.1" 200 952
58.40.7.146 - - [30/Aug/2021:10:45:55 +0800] "GET /xingrg/javascript/jquery_easy_ui/themes/icons/storage_new.png HTTP/1.1" 200 853
58.40.7.146 - - [30/Aug/2021:10:45:55 +0800] "GET /xingrg/javascript/jquery_easy_ui/themes/icons/checkout_new.png HTTP/1.1" 200 744
58.40.7.146 - - [30/Aug/2021:10:45:55 +0800] "GET /xingrg/javascript/jquery_easy_ui/themes/icons/forms_new.png HTTP/1.1" 200 350
58.40.7.146 - - [30/Aug/2021:10:45:55 +0800] "GET /xingrg/javascript/jquery_easy_ui/themes/icons/setting_new.png HTTP/1.1" 200 450
58.40.7.146 - - [30/Aug/2021:10:45:55 +0800] "GET /xingrg/javascript/jquery_easy_ui/themes/icons/systemset_new.png HTTP/1.1" 200 606
58.40.7.146 - - [30/Aug/2021:10:45:55 +0800] "GET /xingrg/javascript/jquery_easy_ui/themes/default/images/tree_file.gif HTTP/1.1" 200 118
116.238.168.124 - - [30/Aug/2021:10:45:57 +0800] "GET /xingrg/kc/buy/cgsh_order_operate.html?command=get_materiel&rest_code=00102&code=00101008331&supplier_code=00100008&order_time=2021-08-30 HTTP/1.1" 200 417
58.40.7.146 - - [30/Aug/2021:10:46:00 +0800] "POST /xingrg/load_menu.html HTTP/1.1" 200 9242
58.40.7.146 - - [30/Aug/2021:10:46:01 +0800] "GET /xingrg/javascript/jquery_easy_ui/themes/default/images/tabs_close.gif HTTP/1.1" 200 829
58.40.7.146 - - [30/Aug/2021:10:46:01 +0800] "GET /xingrg/all/report/report_query.html?fileName=dma/new_5.0/yingye/order_list.xml HTTP/1.1" 200 55281
58.40.7.146 - - [30/Aug/2021:10:46:01 +0800] "GET /xingrg/javascript/multi_select/jqueryMultiSelect.css HTTP/1.1" 200 951
58.40.7.146 - - [30/Aug/2021:10:46:01 +0800] "GET /xingrg/javascript/pic_change.js HTTP/1.1" 200 4739
58.40.7.146 - - [30/Aug/2021:10:46:01 +0800] "GET /xingrg/javascript/calendar/timePicker.css HTTP/1.1" 200 523
58.40.7.146 - - [30/Aug/2021:10:46:01 +0800] "GET /xingrg/javascript/bigrid/fix.css HTTP/1.1" 200 1702
58.40.7.146 - - [30/Aug/2021:10:46:01 +0800] "GET /xingrg/css/blue.css HTTP/1.1" 200 15949
58.40.7.146 - - [30/Aug/2021:10:46:01 +0800] "GET /xingrg/dwr/interface/AjaxReportQueryService.js HTTP/1.1" 200 13203
58.40.7.146 - - [30/Aug/2021:10:46:01 +0800] "GET /xingrg/javascript/myfunction.js HTTP/1.1" 200 24559
58.40.7.146 - - [30/Aug/2021:10:46:01 +0800] "GET /xingrg/dwr/util.js HTTP/1.1" 200 35990
58.40.7.146 - - [30/Aug/2021:10:46:01 +0800] "GET /xingrg/dwr/engine.js HTTP/1.1" 200 43631
58.40.7.146 - - [30/Aug/2021:10:46:01 +0800] "GET /xingrg/javascript/calendar/jquery.timePicker.min.js HTTP/1.1" 200 2997
58.40.7.146 - - [30/Aug/2021:10:46:01 +0800] "GET /xingrg/javascript/bigrid/fix.js HTTP/1.1" 200 6439
58.40.7.146 - - [30/Aug/2021:10:46:01 +0800] "GET /xingrg/javascript/jqueryMultiSelect.js HTTP/1.1" 200 11866
58.40.7.146 - - [30/Aug/2021:10:46:01 +0800] "GET /xingrg/javascript/Calendar.js HTTP/1.1" 200 31561
58.40.7.146 - - [30/Aug/2021:10:46:01 +0800] "GET /xingrg/images/blue/button/advanceover.gif HTTP/1.1" 200 1347
58.40.7.146 - - [30/Aug/2021:10:46:01 +0800] "GET /xingrg/images/control/loading.gif HTTP/1.1" 200 13463
58.40.7.146 - - [30/Aug/2021:10:46:01 +0800] "GET /xingrg/images/blue/button/backover.gif HTTP/1.1" 200 1348
58.40.7.146 - - [30/Aug/2021:10:46:01 +0800] "GET /xingrg/images/blue/button/advance2over.gif HTTP/1.1" 200 1336
58.40.7.146 - - [30/Aug/2021:10:46:01 +0800] "GET /xingrg/images/blue/button/back2over.gif HTTP/1.1" 200 1335
58.40.7.146 - - [30/Aug/2021:10:46:02 +0800] "GET /xingrg/javascript/jquery_easy_ui/themes/icons/help.png HTTP/1.1" 200 1187
58.40.7.146 - - [30/Aug/2021:10:46:02 +0800] "GET /xingrg/javascript/jquery_easy_ui/themes/default/images/menu_downarrow.png HTTP/1.1" 200 173
58.40.7.146 - - [30/Aug/2021:10:46:02 +0800] "GET /xingrg/javascript/jquery_easy_ui/themes/default/images/button_a_bg.gif HTTP/1.1" 200 1194
58.40.7.146 - - [30/Aug/2021:10:46:02 +0800] "GET /xingrg/javascript/jquery_easy_ui/themes/default/images/menu.gif HTTP/1.1" 200 834
58.40.7.146 - - [30/Aug/2021:10:46:02 +0800] "GET /xingrg/javascript/jquery_easy_ui/themes/icons/print.png HTTP/1.1" 200 1057
58.40.7.146 - - [30/Aug/2021:10:46:02 +0800] "GET /xingrg/javascript/jquery_easy_ui/themes/icons/pencil.png HTTP/1.1" 200 713
58.40.7.146 - - [30/Aug/2021:10:46:02 +0800] "GET /xingrg/javascript/jquery_easy_ui/themes/default/images/menu_rightarrow.png HTTP/1.1" 200 3617
58.40.7.146 - - [30/Aug/2021:10:46:02 +0800] "POST /xingrg/dwr/call/plaincall/AjaxReportQueryService.getFixDate.dwr HTTP/1.1" 200 111
58.40.7.146 - - [30/Aug/2021:10:46:02 +0800] "GET /xingrg/javascript/jquery_easy_ui/themes/default/images/combo_arrow_dot.gif HTTP/1.1" 200 79
58.40.7.146 - - [30/Aug/2021:10:46:02 +0800] "POST /xingrg/all/common/load_tree.html?tree=area_station_tree_json&manage=1 HTTP/1.1" 200 468
58.40.7.146 - - [30/Aug/2021:10:46:02 +0800] "GET /xingrg/javascript/jquery_easy_ui/themes/icons/rest.png HTTP/1.1" 200 695
58.40.7.146 - - [30/Aug/2021:10:46:02 +0800] "GET /xingrg/javascript/jquery_easy_ui/themes/default/images/tree_checkbox_0.gif HTTP/1.1" 200 168
58.40.7.146 - - [30/Aug/2021:10:46:02 +0800] "POST /xingrg/dwr/call/plaincall/AjaxReportQueryService.getInitString.dwr HTTP/1.1" 200 76
58.40.7.146 - - [30/Aug/2021:10:46:02 +0800] "GET /xingrg/javascript/multi_select/dropdown.gif HTTP/1.1" 200 61
180.157.254.90 - - [30/Aug/2021:10:46:02 +0800] "GET /xingrg/all/function/internal_message.html?_=1630291562667&CODE_STATE=getMsg HTTP/1.1" 200 27
180.157.254.90 - - [30/Aug/2021:10:46:02 +0800] "GET /xingrg/check_reg.html?_=1630291562670 HTTP/1.1" 200 22
58.40.7.146 - - [30/Aug/2021:10:46:02 +0800] "GET /xingrg/javascript/jquery_easy_ui/themes/icons/area.png HTTP/1.1" 200 262
58.37.227.186 - - [30/Aug/2021:10:46:02 +0800] "GET /xingrg/kc/buy/cgsh_order_operate.html?command=get_materiel&rest_code=00141&code=00101008350&supplier_code=00100007&order_time=2021-08-30 HTTP/1.1" 200 408
61.151.178.177 - - [30/Aug/2021:10:46:05 +0800] "GET /xingrg/kc/buy/cgsh_order_operate.html?command=get_materiel&rest_code=00106&code=00101008298&supplier_code=00100007&order_time=2021-08-30 HTTP/1.1" 302 -
101.85.52.72 - - [30/Aug/2021:10:46:05 +0800] "GET /xingrg/all/function/internal_message.html?_=1630291563141&CODE_STATE=getMsg HTTP/1.1" 200 27
61.151.178.177 - - [30/Aug/2021:10:46:06 +0800] "GET /xingrg/login.html HTTP/1.1" 200 7641
101.83.145.79 - - [30/Aug/2021:10:46:06 +0800] "GET /xingrg/all/function/internal_message.html?_=1630291566520&CODE_STATE=getMsg HTTP/1.1" 200 27
116.237.74.154 - - [30/Aug/2021:10:46:07 +0800] "GET /xingrg/all/function/internal_message.html?_=1630291565024&CODE_STATE=getMsg HTTP/1.1" 200 27
58.37.227.186 - - [30/Aug/2021:10:46:07 +0800] "POST /xingrg/kc/buy/cgsh_order_operate.html HTTP/1.1" 200 2065
116.238.168.124 - - [30/Aug/2021:10:46:07 +0800] "GET /xingrg/kc/buy/cgsh_order_operate.html?command=get_materiel&rest_code=00102&code=00101008350&supplier_code=00100008&order_time=2021-08-30 HTTP/1.1" 200 408
222.69.129.74 - - [30/Aug/2021:10:46:08 +0800] "GET /xingrg/all/function/internal_message.html?_=1630291566699&CODE_STATE=getMsg HTTP/1.1" 200 27
222.70.246.151 - - [30/Aug/2021:10:46:09 +0800] "GET /xingrg/kc/buy/cgsh_order_add.html HTTP/1.1" 200 63335
58.37.227.186 - - [30/Aug/2021:10:46:09 +0800] "GET /xingrg/check_reg.html?_=1630291451285 HTTP/1.1" 200 22
58.37.227.186 - - [30/Aug/2021:10:46:09 +0800] "GET /xingrg/all/function/internal_message.html?_=1630291451286&CODE_STATE=getMsg HTTP/1.1" 200 27
222.70.246.151 - - [30/Aug/2021:10:46:09 +0800] "POST /xingrg/kc/buy/cgsh_order_operate.html HTTP/1.1" 200 8245
222.70.246.151 - - [30/Aug/2021:10:46:09 +0800] "GET /xingrg/javascript/easyui/themes/default/validatebox.css HTTP/1.1" 404 1104
58.40.7.146 - - [30/Aug/2021:10:46:15 +0800] "POST /xingrg/dwr/call/plaincall/AjaxReportQueryService.getFixDate.dwr HTTP/1.1" 200 111
180.169.147.146 - - [30/Aug/2021:10:46:17 +0800] "GET /xingrg/all/function/internal_message.html?_=1630291576305&CODE_STATE=getMsg HTTP/1.1" 200 27
116.238.168.124 - - [30/Aug/2021:10:46:18 +0800] "GET /xingrg/kc/buy/cgsh_order_operate.html?command=get_materiel&rest_code=00102&code=00101008149&supplier_code=00100008&order_time=2021-08-30 HTTP/1.1" 200 408
58.40.7.146 - - [30/Aug/2021:10:46:19 +0800] "GET /xingrg/javascript/jquery_easy_ui/themes/default/images/tree_checkbox_1.gif HTTP/1.1" 200 174
58.40.7.146 - - [30/Aug/2021:10:46:19 +0800] "GET /xingrg/javascript/jquery_easy_ui/themes/default/images/tree_checkbox_2.gif HTTP/1.1" 200 181
58.40.7.146 - - [30/Aug/2021:10:46:19 +0800] "POST /xingrg/dwr/call/plaincall/AjaxReportQueryService.queryInitializeString.dwr HTTP/1.1" 200 253
222.70.179.252 - - [30/Aug/2021:10:46:19 +0800] "GET /xingrg/all/function/internal_message.html?_=1630291578917&CODE_STATE=getMsg HTTP/1.1" 200 27
58.40.7.146 - - [30/Aug/2021:10:46:20 +0800] "POST /xingrg/dwr/call/plaincall/AjaxReportQueryService.refreshCache.dwr HTTP/1.1" 200 78
58.40.7.146 - - [30/Aug/2021:10:46:21 +0800] "POST /xingrg/all/report/load_report_page.html HTTP/1.1" 200 116460
58.40.7.146 - - [30/Aug/2021:10:46:21 +0800] "GET /xingrg/servlets/image?cache=0.49986346279212757&image=px HTTP/1.1" 200 807
124.79.246.142 - - [30/Aug/2021:10:46:22 +0800] "GET /xingrg/all/function/internal_message.html?_=1630291681400&CODE_STATE=getMsg HTTP/1.1" 200 27
180.169.147.146 - - [30/Aug/2021:10:46:23 +0800] "GET /xingrg/all/function/internal_message.html?_=1630291605455&CODE_STATE=getMsg HTTP/1.1" 200 27
222.69.129.74 - - [30/Aug/2021:10:46:23 +0800] "GET /xingrg/kc/print/load_data.html?order_code=212021083013722&kc_code=cgsh&condition= HTTP/1.1" 200 949
180.169.147.146 - - [30/Aug/2021:10:46:26 +0800] "GET /xingrg/all/function/internal_message.html?_=1630291585923&CODE_STATE=getMsg HTTP/1.1" 200 27
180.169.147.146 - - [30/Aug/2021:10:46:26 +0800] "GET /xingrg/check_reg.html?_=1630291585926 HTTP/1.1" 200 22
58.40.7.146 - - [30/Aug/2021:10:46:26 +0800] "GET /xingrg/all/report/report_query.html?fileName=dma/new_5.0/yingye/pay_ment_hz.xml HTTP/1.1" 200 51687
58.40.7.146 - - [30/Aug/2021:10:46:26 +0800] "GET /xingrg/dwr/interface/AjaxReportQueryService.js HTTP/1.1" 200 13203
58.40.7.146 - - [30/Aug/2021:10:46:26 +0800] "GET /xingrg/dwr/engine.js HTTP/1.1" 200 43631
116.238.168.124 - - [30/Aug/2021:10:46:26 +0800] "GET /xingrg/kc/base/wldb_order_operate.html?command=get_materiel&rest_code=00102&base_code=0010476&code=00101013011 HTTP/1.1" 200 451
58.40.7.146 - - [30/Aug/2021:10:46:26 +0800] "POST /xingrg/dwr/call/plaincall/AjaxReportQueryService.getFixDate.dwr HTTP/1.1" 200 111
61.151.178.163 - - [30/Aug/2021:10:46:26 +0800] "GET /xingrg/kc/buy/cgsh_order_operate.html?command=get_materiel&rest_code=00106&code=00101008291&supplier_code=00100007&order_time=2021-08-30 HTTP/1.1" 302 -
58.40.7.146 - - [30/Aug/2021:10:46:27 +0800] "POST /xingrg/all/common/load_tree.html?tree=area_station_tree_json&manage=1 HTTP/1.1" 200 468
116.238.168.124 - - [30/Aug/2021:10:46:27 +0800] "GET /xingrg/kc/buy/cgsh_order_operate.html?command=get_materiel&rest_code=00102&code=00101008110&supplier_code=00100008&order_time=2021-08-30 HTTP/1.1" 200 408
61.151.178.163 - - [30/Aug/2021:10:46:27 +0800] "GET /xingrg/login.html HTTP/1.1" 200 7641
101.83.145.79 - - [30/Aug/2021:10:46:28 +0800] "GET /xingrg/check_reg.html?_=1630291538970 HTTP/1.1" 200 22
101.83.145.79 - - [30/Aug/2021:10:46:28 +0800] "GET /xingrg/all/function/internal_message.html?_=1630291538975&CODE_STATE=getMsg HTTP/1.1" 200 27
222.70.246.151 - - [30/Aug/2021:10:46:28 +0800] "GET /xingrg/all/function/internal_message.html?_=1630291589186&CODE_STATE=getMsg HTTP/1.1" 200 27
116.237.74.154 - - [30/Aug/2021:10:46:29 +0800] "GET /xingrg/all/function/internal_message.html?_=1630291589715&CODE_STATE=getMsg HTTP/1.1" 200 27
58.40.7.146 - - [30/Aug/2021:10:46:30 +0800] "POST /xingrg/dwr/call/plaincall/AjaxReportQueryService.getFixDate.dwr HTTP/1.1" 200 111
116.238.168.124 - - [30/Aug/2021:10:46:32 +0800] "GET /xingrg/kc/base/wldb_order_operate.html?command=get_materiel&rest_code=00102&base_code=0010476&code=00101019066 HTTP/1.1" 200 441
58.40.7.146 - - [30/Aug/2021:10:46:33 +0800] "POST /xingrg/dwr/call/plaincall/AjaxReportQueryService.refreshCache.dwr HTTP/1.1" 200 78
116.230.105.26 - - [30/Aug/2021:10:46:33 +0800] "GET /xingrg/all/function/internal_message.html?_=1630291551585&CODE_STATE=getMsg HTTP/1.1" 200 27
58.40.7.146 - - [30/Aug/2021:10:46:33 +0800] "POST /xingrg/all/report/load_report_page.html HTTP/1.1" 200 11846
58.40.7.146 - - [30/Aug/2021:10:46:33 +0800] "GET /xingrg/servlets/image?cache=0.4416970946996065&image=px HTTP/1.1" 200 807
116.238.168.124 - - [30/Aug/2021:10:46:33 +0800] "GET /xingrg/check_reg.html?_=1630291573286 HTTP/1.1" 200 22
101.83.241.165 - - [30/Aug/2021:10:46:34 +0800] "GET /xingrg/all/function/internal_message.html?_=1630291593797&CODE_STATE=getMsg HTTP/1.1" 200 27
116.238.168.124 - - [30/Aug/2021:10:46:34 +0800] "GET /xingrg/all/function/internal_message.html?_=1630291574358&CODE_STATE=getMsg HTTP/1.1" 200 27
116.238.168.124 - - [30/Aug/2021:10:46:34 +0800] "GET /xingrg/all/function/internal_message.html?_=1630291593717&CODE_STATE=getMsg HTTP/1.1" 200 27
116.238.194.18 - - [30/Aug/2021:10:46:35 +0800] "GET /xingrg/all/function/internal_message.html?_=1630291581146&CODE_STATE=getMsg HTTP/1.1" 200 27
222.69.129.74 - - [30/Aug/2021:10:46:35 +0800] "GET /xingrg/kc/buy/cgsh_order_add.html HTTP/1.1" 200 63382
222.69.129.74 - - [30/Aug/2021:10:46:36 +0800] "POST /xingrg/kc/buy/cgsh_order_operate.html HTTP/1.1" 200 8245
222.69.129.74 - - [30/Aug/2021:10:46:36 +0800] "GET /xingrg/javascript/easyui/themes/default/validatebox.css HTTP/1.1" 404 1104
116.238.168.124 - - [30/Aug/2021:10:46:36 +0800] "GET /xingrg/kc/buy/cgsh_order_operate.html?command=get_materiel&rest_code=00102&code=00101008338&supplier_code=00100008&order_time=2021-08-30 HTTP/1.1" 200 408
116.238.168.124 - - [30/Aug/2021:10:46:41 +0800] "GET /xingrg/kc/base/wldb_order_operate.html?command=get_materiel&rest_code=00102&base_code=0010476&code=00101019283 HTTP/1.1" 200 451
116.238.168.124 - - [30/Aug/2021:10:46:45 +0800] "GET /xingrg/kc/buy/cgsh_order_operate.html?command=get_materiel&rest_code=00102&code=00101008355&supplier_code=00100008&order_time=2021-08-30 HTTP/1.1" 200 408
222.69.129.74 - - [30/Aug/2021:10:46:45 +0800] "GET /xingrg/kc/buy/cgsh_order_operate.html?command=get_materiel&rest_code=00149&code=00101007144&supplier_code=00100322&order_time=2021-08-30 HTTP/1.1" 200 428
180.157.254.90 - - [30/Aug/2021:10:46:46 +0800] "GET /xingrg/all/function/internal_message.html?_=1630291606774&CODE_STATE=getMsg HTTP/1.1" 302 -
116.237.74.154 - - [30/Aug/2021:10:46:46 +0800] "GET /xingrg/kc/buy/cgsh_order_operate.html?command=get_materiel&rest_code=00106&code=00101008219&supplier_code=00100007&order_time=2021-08-30 HTTP/1.1" 200 412
117.184.7.26 - - [30/Aug/2021:10:46:48 +0800] "GET /xingrg/check_reg.html?_=1630291607365 HTTP/1.1" 200 22
117.184.7.26 - - [30/Aug/2021:10:46:48 +0800] "GET /xingrg/all/function/internal_message.html?_=1630291607367&CODE_STATE=getMsg HTTP/1.1" 200 27
116.238.168.124 - - [30/Aug/2021:10:46:49 +0800] "GET /xingrg/kc/base/wldb_order_operate.html?command=get_materiel&rest_code=00102&base_code=0010476&code=00101019063 HTTP/1.1" 200 447
116.232.48.180 - - [30/Aug/2021:10:46:50 +0800] "GET /xingrg/all/function/internal_message.html?_=1630291610105&CODE_STATE=getMsg HTTP/1.1" 200 27
101.83.241.165 - - [30/Aug/2021:10:46:51 +0800] "GET /xingrg/kc/buy/cgsh_order_add.html HTTP/1.1" 200 62495
101.83.241.165 - - [30/Aug/2021:10:46:51 +0800] "POST /xingrg/kc/buy/cgsh_order_operate.html HTTP/1.1" 200 8245
101.83.241.165 - - [30/Aug/2021:10:46:51 +0800] "GET /xingrg/javascript/easyui/themes/default/validatebox.css HTTP/1.1" 404 1104
116.238.194.18 - - [30/Aug/2021:10:46:53 +0800] "GET /xingrg/all/function/internal_message.html?_=1630291612056&CODE_STATE=getMsg HTTP/1.1" 200 27
180.169.147.146 - - [30/Aug/2021:10:46:53 +0800] "GET /xingrg/all/function/internal_message.html?_=1630291612859&CODE_STATE=getMsg HTTP/1.1" 200 27
222.69.129.74 - - [30/Aug/2021:10:46:54 +0800] "POST /xingrg/kc/buy/cgsh_order_operate.html HTTP/1.1" 200 37
58.40.7.146 - - [30/Aug/2021:10:46:55 +0800] "GET /xingrg/all/function/internal_message.html?_=1630291614346&CODE_STATE=getMsg HTTP/1.1" 200 27
116.238.168.124 - - [30/Aug/2021:10:46:55 +0800] "GET /xingrg/kc/base/wldb_order_operate.html?command=get_materiel&rest_code=00102&base_code=0010476&code=00101019529 HTTP/1.1" 200 475
116.237.74.154 - - [30/Aug/2021:10:46:56 +0800] "GET /xingrg/kc/buy/cgsh_order_operate.html?command=get_materiel&rest_code=00106&code=00101008351&supplier_code=00100007&order_time=2021-08-30 HTTP/1.1" 200 408
116.238.168.124 - - [30/Aug/2021:10:46:57 +0800] "GET /xingrg/kc/buy/cgsh_order_operate.html?command=get_materiel&rest_code=00102&code=00101015060&supplier_code=00100008&order_time=2021-08-30 HTTP/1.1" 200 412
116.237.74.154 - - [30/Aug/2021:10:46:57 +0800] "POST /xingrg/kc/buy/cgsh_order_operate.html HTTP/1.1" 200 37
116.237.74.154 - - [30/Aug/2021:10:47:00 +0800] "POST /xingrg/kc/buy/cgsh_order_operate.html HTTP/1.1" 200 3256
222.69.129.74 - - [30/Aug/2021:10:47:01 +0800] "POST /xingrg/kc/buy/cgsh_order_operate.html HTTP/1.1" 200 12
116.237.74.154 - - [30/Aug/2021:10:47:02 +0800] "GET /xingrg/kc/buy/cgsh_order_add.html HTTP/1.1" 200 63329
116.237.74.154 - - [30/Aug/2021:10:47:02 +0800] "POST /xingrg/kc/buy/cgsh_order_operate.html HTTP/1.1" 200 8245
116.237.74.154 - - [30/Aug/2021:10:47:02 +0800] "GET /xingrg/javascript/easyui/themes/default/validatebox.css HTTP/1.1" 404 1104
180.157.254.90 - - [30/Aug/2021:10:47:02 +0800] "GET /xingrg/all/function/internal_message.html?_=1630291622670&CODE_STATE=getMsg HTTP/1.1" 200 27
222.69.129.74 - - [30/Aug/2021:10:47:02 +0800] "GET /xingrg/kc/buy/cgsh_order_info.html?code=212021083013725 HTTP/1.1" 200 58285
222.69.129.74 - - [30/Aug/2021:10:47:02 +0800] "GET /xingrg/javascript/easyui/themes/default/validatebox.css HTTP/1.1" 404 1104
222.69.129.74 - - [30/Aug/2021:10:47:03 +0800] "POST /xingrg/kc/buy/cgsh_order_operate.html HTTP/1.1" 200 629
222.69.129.74 - - [30/Aug/2021:10:47:05 +0800] "GET /xingrg/kc/print/load_data.html?order_code=212021083013725&kc_code=cgsh&condition= HTTP/1.1" 200 720
116.237.74.154 - - [30/Aug/2021:10:47:05 +0800] "GET /xingrg/javascript/easyui/themes/default/tree.css HTTP/1.1" 404 1090
116.237.74.154 - - [30/Aug/2021:10:47:05 +0800] "POST /xingrg/all/common/load_tree.html?tree=supplier_tree_json&isDelete=1 HTTP/1.1" 200 57570
101.85.52.72 - - [30/Aug/2021:10:47:05 +0800] "GET /xingrg/all/function/internal_message.html?_=1630291623147&CODE_STATE=getMsg HTTP/1.1" 200 27
116.237.74.154 - - [30/Aug/2021:10:47:06 +0800] "GET /xingrg/kc/buy/cgsh_order_operate.html?command=get_materiel&rest_code=00106&code=00101008224&supplier_code=00100007&order_time=2021-08-30 HTTP/1.1" 200 416
