116.238.194.18 - - [30/Aug/2021:08:48:22 +0800] "GET /xingrg/kc/buy/cgsh_order_operate.html?command=get_materiel&rest_code=00150&code=00101008239&supplier_code=00100007&order_time=2021-08-30 HTTP/1.1" 200 416
116.238.194.18 - - [30/Aug/2021:08:48:32 +0800] "GET /xingrg/kc/buy/cgsh_order_operate.html?command=get_materiel&rest_code=00150&code=00101008163&supplier_code=00100007&order_time=2021-08-30 HTTP/1.1" 200 409
116.230.105.26 - - [30/Aug/2021:08:48:34 +0800] "GET /xingrg/all/function/internal_message.html?_=1630284472891&CODE_STATE=getMsg HTTP/1.1" 200 27
116.238.168.124 - - [30/Aug/2021:08:48:34 +0800] "GET /favicon.ico HTTP/1.1" 404 -
222.70.246.151 - - [30/Aug/2021:08:48:35 +0800] "GET /xingrg/all/function/internal_message.html?_=1630284515539&CODE_STATE=getMsg HTTP/1.1" 200 27
172.20.0.100 - - [30/Aug/2021:08:48:35 +0800] "GET /xingrg/all/function/internal_message.html?_=1630284514920&CODE_STATE=getMsg HTTP/1.1" 200 27
222.69.129.74 - - [30/Aug/2021:08:48:36 +0800] "POST /xingrg/kc/buy/cgsh_order_operate.html HTTP/1.1" 200 2065
120.253.135.82 - - [30/Aug/2021:08:48:37 +0800] "GET /xingrg/check_reg.html?_=1630284291962 HTTP/1.1" 200 22
116.238.194.18 - - [30/Aug/2021:08:48:39 +0800] "GET /xingrg/kc/buy/cgsh_order_operate.html?command=get_materiel&rest_code=00150&code=00101008224&supplier_code=00100007&order_time=2021-08-30 HTTP/1.1" 200 416
120.253.135.82 - - [30/Aug/2021:08:48:42 +0800] "GET /xingrg/all/function/internal_message.html?_=1630284297485&CODE_STATE=getMsg HTTP/1.1" 200 27
101.83.145.79 - - [30/Aug/2021:08:48:44 +0800] "GET /xingrg/all/function/internal_message.html?_=1630284523995&CODE_STATE=getMsg HTTP/1.1" 200 27
222.69.129.74 - - [30/Aug/2021:08:48:48 +0800] "GET /xingrg/kc/buy/cgsh_order_operate.html?command=get_materiel&rest_code=00149&code=00101008304&supplier_code=00100005&order_time=2021-08-30 HTTP/1.1" 200 412
116.238.194.18 - - [30/Aug/2021:08:48:48 +0800] "GET /xingrg/kc/buy/cgsh_order_operate.html?command=get_materiel&rest_code=00150&code=00101008246&supplier_code=00100007&order_time=2021-08-30 HTTP/1.1" 200 408
116.238.194.18 - - [30/Aug/2021:08:48:56 +0800] "GET /xingrg/kc/buy/cgsh_order_operate.html?command=get_materiel&rest_code=00150&code=00101008370&supplier_code=00100007&order_time=2021-08-30 HTTP/1.1" 200 412
116.238.194.18 - - [30/Aug/2021:08:48:59 +0800] "GET /xingrg/all/function/internal_message.html?_=1630284525813&CODE_STATE=getMsg HTTP/1.1" 200 27
116.232.48.180 - - [30/Aug/2021:08:49:01 +0800] "GET /favicon.ico HTTP/1.1" 404 -
222.69.129.74 - - [30/Aug/2021:08:49:02 +0800] "GET /xingrg/kc/buy/cgsh_order_operate.html?command=get_materiel&rest_code=00149&code=00101008095&supplier_code=00100005&order_time=2021-08-30 HTTP/1.1" 200 412
180.169.147.146 - - [30/Aug/2021:08:49:02 +0800] "GET /xingrg/check_reg.html?_=1630284544143 HTTP/1.1" 302 -
116.238.194.18 - - [30/Aug/2021:08:49:04 +0800] "GET /xingrg/kc/buy/cgsh_order_operate.html?command=get_materiel&rest_code=00150&code=00101008141&supplier_code=00100007&order_time=2021-08-30 HTTP/1.1" 200 412
101.83.145.79 - - [30/Aug/2021:08:49:07 +0800] "GET /xingrg/kc/buy/cgsh_order_operate.html?command=get_materiel&rest_code=00105&code=00101008353&supplier_code=00100203&order_time=2021-08-30 HTTP/1.1" 200 408
222.69.129.74 - - [30/Aug/2021:08:49:09 +0800] "GET /xingrg/all/function/internal_message.html?_=1630284547859&CODE_STATE=getMsg HTTP/1.1" 200 27
180.169.147.146 - - [30/Aug/2021:08:49:13 +0800] "GET /xingrg/all/function/internal_message.html?_=1630284552628&CODE_STATE=getMsg HTTP/1.1" 200 27
116.238.194.18 - - [30/Aug/2021:08:49:14 +0800] "GET /xingrg/all/function/internal_message.html?_=1630284553261&CODE_STATE=getMsg HTTP/1.1" 200 27
116.238.194.18 - - [30/Aug/2021:08:49:16 +0800] "GET /xingrg/kc/buy/cgsh_order_operate.html?command=get_materiel&rest_code=00150&code=00101008148&supplier_code=00100007&order_time=2021-08-30 HTTP/1.1" 200 416
101.83.145.79 - - [30/Aug/2021:08:49:19 +0800] "GET /xingrg/kc/buy/cgsh_order_operate.html?command=get_materiel&rest_code=00105&code=00101008119&supplier_code=00100203&order_time=2021-08-30 HTTP/1.1" 200 412
116.238.194.18 - - [30/Aug/2021:08:49:23 +0800] "GET /xingrg/kc/buy/cgsh_order_operate.html?command=get_materiel&rest_code=00150&code=00101008144&supplier_code=00100007&order_time=2021-08-30 HTTP/1.1" 200 412
222.69.129.74 - - [30/Aug/2021:08:49:24 +0800] "GET /xingrg/kc/buy/cgsh_order_operate.html?command=get_materiel&rest_code=00149&code=00101008110&supplier_code=00100005&order_time=2021-08-30 HTTP/1.1" 200 408
101.83.145.79 - - [30/Aug/2021:08:49:26 +0800] "GET /xingrg/kc/buy/cgsh_order_operate.html?command=get_materiel&rest_code=00105&code=00101008236&supplier_code=00100203&order_time=2021-08-30 HTTP/1.1" 200 416
116.238.194.18 - - [30/Aug/2021:08:49:32 +0800] "GET /xingrg/kc/buy/cgsh_order_operate.html?command=get_materiel&rest_code=00150&code=00101008264&supplier_code=00100007&order_time=2021-08-30 HTTP/1.1" 200 412
116.230.105.26 - - [30/Aug/2021:08:49:34 +0800] "GET /xingrg/all/function/internal_message.html?_=1630284532869&CODE_STATE=getMsg HTTP/1.1" 200 27
101.83.145.79 - - [30/Aug/2021:08:49:34 +0800] "GET /xingrg/kc/buy/cgsh_order_operate.html?command=get_materiel&rest_code=00105&code=00101020152&supplier_code=00100203&order_time=2021-08-30 HTTP/1.1" 200 416
222.70.246.151 - - [30/Aug/2021:08:49:35 +0800] "GET /xingrg/all/function/internal_message.html?_=1630284575678&CODE_STATE=getMsg HTTP/1.1" 200 27
172.20.0.100 - - [30/Aug/2021:08:49:35 +0800] "GET /xingrg/all/function/internal_message.html?_=1630284574914&CODE_STATE=getMsg HTTP/1.1" 200 27
116.238.194.18 - - [30/Aug/2021:08:49:39 +0800] "GET /xingrg/kc/buy/cgsh_order_operate.html?command=get_materiel&rest_code=00150&code=00101008033&supplier_code=00100007&order_time=2021-08-30 HTTP/1.1" 200 408
120.253.135.82 - - [30/Aug/2021:08:49:42 +0800] "GET /xingrg/all/function/internal_message.html?_=1630284357498&CODE_STATE=getMsg HTTP/1.1" 200 27
101.83.145.79 - - [30/Aug/2021:08:49:44 +0800] "GET /xingrg/all/function/internal_message.html?_=1630284583978&CODE_STATE=getMsg HTTP/1.1" 200 27
101.83.145.79 - - [30/Aug/2021:08:49:48 +0800] "GET /xingrg/kc/buy/cgsh_order_operate.html?command=get_materiel&rest_code=00105&code=00101008168&supplier_code=00100203&order_time=2021-08-30 HTTP/1.1" 200 412
116.238.194.18 - - [30/Aug/2021:08:49:48 +0800] "GET /xingrg/check_reg.html?_=1630284574835 HTTP/1.1" 200 22
116.238.194.18 - - [30/Aug/2021:08:49:49 +0800] "GET /xingrg/kc/buy/cgsh_order_operate.html?command=get_materiel&rest_code=00150&code=00101008010&supplier_code=00100007&order_time=2021-08-30 HTTP/1.1" 200 412
222.69.129.74 - - [30/Aug/2021:08:49:55 +0800] "GET /xingrg/kc/buy/cgsh_order_operate.html?command=get_materiel&rest_code=00149&code=00101008275&supplier_code=00100005&order_time=2021-08-30 HTTP/1.1" 200 417
116.238.194.18 - - [30/Aug/2021:08:49:56 +0800] "GET /xingrg/kc/buy/cgsh_order_operate.html?command=get_materiel&rest_code=00150&code=00101008270&supplier_code=00100007&order_time=2021-08-30 HTTP/1.1" 200 412
101.83.145.79 - - [30/Aug/2021:08:49:59 +0800] "GET /xingrg/kc/buy/cgsh_order_operate.html?command=get_materiel&rest_code=00105&code=00101008248&supplier_code=00100203&order_time=2021-08-30 HTTP/1.1" 200 412
116.238.194.18 - - [30/Aug/2021:08:49:59 +0800] "GET /xingrg/all/function/internal_message.html?_=1630284585827&CODE_STATE=getMsg HTTP/1.1" 200 27
116.238.194.18 - - [30/Aug/2021:08:50:05 +0800] "GET /xingrg/kc/buy/cgsh_order_operate.html?command=get_materiel&rest_code=00150&code=00101008357&supplier_code=00100007&order_time=2021-08-30 HTTP/1.1" 200 408
222.70.246.151 - - [30/Aug/2021:08:50:07 +0800] "GET /xingrg/check_reg.html?_=1630284607785 HTTP/1.1" 200 22
222.69.129.74 - - [30/Aug/2021:08:50:09 +0800] "GET /xingrg/all/function/internal_message.html?_=1630284607872&CODE_STATE=getMsg HTTP/1.1" 200 27
116.238.194.18 - - [30/Aug/2021:08:50:11 +0800] "GET /xingrg/kc/buy/cgsh_order_operate.html?command=get_materiel&rest_code=00150&code=00101008069&supplier_code=00100007&order_time=2021-08-30 HTTP/1.1" 200 412
101.83.145.79 - - [30/Aug/2021:08:50:11 +0800] "GET /xingrg/kc/buy/cgsh_order_operate.html?command=get_materiel&rest_code=00105&code=00101008261&supplier_code=00100203&order_time=2021-08-30 HTTP/1.1" 200 408
116.238.194.18 - - [30/Aug/2021:08:50:12 +0800] "POST /xingrg/kc/buy/cgsh_order_operate.html HTTP/1.1" 200 2065
180.169.147.146 - - [30/Aug/2021:08:50:13 +0800] "GET /xingrg/all/function/internal_message.html?_=1630284612614&CODE_STATE=getMsg HTTP/1.1" 200 27
116.238.194.18 - - [30/Aug/2021:08:50:14 +0800] "GET /xingrg/all/function/internal_message.html?_=1630284613281&CODE_STATE=getMsg HTTP/1.1" 200 27
58.221.95.50 - - [30/Aug/2021:08:50:14 +0800] "GET /xingrg/check_reg.html?_=1630284615630 HTTP/1.1" 302 -
58.221.95.50 - - [30/Aug/2021:08:50:15 +0800] "GET /xingrg/login.html HTTP/1.1" 200 7641
222.69.129.74 - - [30/Aug/2021:08:50:16 +0800] "GET /xingrg/kc/buy/cgsh_order_operate.html?command=get_materiel&rest_code=00149&code=00101008109&supplier_code=00100005&order_time=2021-08-30 HTTP/1.1" 200 413
101.83.145.79 - - [30/Aug/2021:08:50:18 +0800] "GET /xingrg/kc/buy/cgsh_order_operate.html?command=get_materiel&rest_code=00105&code=00101008210&supplier_code=00100203&order_time=2021-08-30 HTTP/1.1" 200 408
116.238.194.18 - - [30/Aug/2021:08:50:19 +0800] "GET /xingrg/kc/buy/cgsh_order_operate.html?command=get_materiel&rest_code=00150&code=00101008036&supplier_code=00100007&order_time=2021-08-30 HTTP/1.1" 200 408
222.69.129.74 - - [30/Aug/2021:08:50:23 +0800] "POST /xingrg/kc/buy/cgsh_order_operate.html HTTP/1.1" 200 2065
116.238.194.18 - - [30/Aug/2021:08:50:27 +0800] "GET /xingrg/kc/buy/cgsh_order_operate.html?command=get_materiel&rest_code=00150&code=00101008271&supplier_code=00100007&order_time=2021-08-30 HTTP/1.1" 200 408
222.69.129.74 - - [30/Aug/2021:08:50:29 +0800] "GET /xingrg/kc/buy/cgsh_order_operate.html?command=get_materiel&rest_code=00149&code=00101008305&supplier_code=00100005&order_time=2021-08-30 HTTP/1.1" 200 412
101.83.145.79 - - [30/Aug/2021:08:50:29 +0800] "GET /xingrg/kc/buy/cgsh_order_operate.html?command=get_materiel&rest_code=00105&code=00101008199&supplier_code=00100203&order_time=2021-08-30 HTTP/1.1" 200 408
101.83.145.79 - - [30/Aug/2021:08:50:31 +0800] "POST /xingrg/kc/buy/cgsh_order_operate.html HTTP/1.1" 200 2065
116.230.105.26 - - [30/Aug/2021:08:50:31 +0800] "GET /xingrg/check_reg.html?_=1630284590228 HTTP/1.1" 200 22
116.230.105.26 - - [30/Aug/2021:08:50:34 +0800] "GET /xingrg/all/function/internal_message.html?_=1630284592839&CODE_STATE=getMsg HTTP/1.1" 200 27
116.238.194.18 - - [30/Aug/2021:08:50:34 +0800] "GET /xingrg/kc/buy/cgsh_order_operate.html?command=get_materiel&rest_code=00150&code=00101008353&supplier_code=00100007&order_time=2021-08-30 HTTP/1.1" 200 408
222.70.246.151 - - [30/Aug/2021:08:50:35 +0800] "GET /xingrg/all/function/internal_message.html?_=1630284635692&CODE_STATE=getMsg HTTP/1.1" 200 27
172.20.0.100 - - [30/Aug/2021:08:50:35 +0800] "GET /xingrg/all/function/internal_message.html?_=1630284634926&CODE_STATE=getMsg HTTP/1.1" 200 27
101.83.145.79 - - [30/Aug/2021:08:50:38 +0800] "GET /xingrg/kc/buy/cgsh_order_operate.html?command=get_materiel&rest_code=00105&code=00101008118&supplier_code=00100203&order_time=2021-08-30 HTTP/1.1" 200 418
116.238.194.18 - - [30/Aug/2021:08:50:41 +0800] "GET /xingrg/kc/buy/cgsh_order_operate.html?command=get_materiel&rest_code=00150&code=00101008213&supplier_code=00100007&order_time=2021-08-30 HTTP/1.1" 200 412
120.253.135.82 - - [30/Aug/2021:08:50:42 +0800] "GET /xingrg/all/function/internal_message.html?_=1630284417512&CODE_STATE=getMsg HTTP/1.1" 200 27
101.83.145.79 - - [30/Aug/2021:08:50:44 +0800] "GET /xingrg/all/function/internal_message.html?_=1630284643981&CODE_STATE=getMsg HTTP/1.1" 200 27
222.69.129.74 - - [30/Aug/2021:08:50:44 +0800] "GET /xingrg/kc/buy/cgsh_order_operate.html?command=get_materiel&rest_code=00149&code=00101008125&supplier_code=00100005&order_time=2021-08-30 HTTP/1.1" 200 413
116.238.194.18 - - [30/Aug/2021:08:50:47 +0800] "GET /xingrg/kc/buy/cgsh_order_operate.html?command=get_materiel&rest_code=00150&code=00101008312&supplier_code=00100007&order_time=2021-08-30 HTTP/1.1" 200 412
116.238.194.18 - - [30/Aug/2021:08:50:48 +0800] "POST /xingrg/kc/buy/cgsh_order_operate.html HTTP/1.1" 200 2065
101.83.145.79 - - [30/Aug/2021:08:50:49 +0800] "GET /xingrg/kc/buy/cgsh_order_operate.html?command=get_materiel&rest_code=00105&code=00101008361&supplier_code=00100203&order_time=2021-08-30 HTTP/1.1" 200 408
116.238.194.18 - - [30/Aug/2021:08:50:57 +0800] "GET /xingrg/kc/buy/cgsh_order_operate.html?command=get_materiel&rest_code=00150&code=00101015036&supplier_code=00100007&order_time=2021-08-30 HTTP/1.1" 200 413
101.83.145.79 - - [30/Aug/2021:08:50:57 +0800] "GET /xingrg/kc/buy/cgsh_order_operate.html?command=get_materiel&rest_code=00105&code=00101008355&supplier_code=00100203&order_time=2021-08-30 HTTP/1.1" 200 408
116.238.194.18 - - [30/Aug/2021:08:50:59 +0800] "GET /xingrg/all/function/internal_message.html?_=1630284645840&CODE_STATE=getMsg HTTP/1.1" 200 27
116.238.194.18 - - [30/Aug/2021:08:51:05 +0800] "GET /xingrg/kc/buy/cgsh_order_operate.html?command=get_materiel&rest_code=00150&code=00101008095&supplier_code=00100007&order_time=2021-08-30 HTTP/1.1" 200 412
222.69.129.74 - - [30/Aug/2021:08:51:09 +0800] "GET /xingrg/all/function/internal_message.html?_=1630284667939&CODE_STATE=getMsg HTTP/1.1" 200 27
116.238.194.18 - - [30/Aug/2021:08:51:10 +0800] "GET /xingrg/kc/buy/cgsh_order_operate.html?command=get_materiel&rest_code=00150&code=00101008110&supplier_code=00100007&order_time=2021-08-30 HTTP/1.1" 200 408
222.69.129.74 - - [30/Aug/2021:08:51:12 +0800] "GET /xingrg/kc/buy/cgsh_order_operate.html?command=get_materiel&rest_code=00149&code=00101013165&supplier_code=00100005&order_time=2021-08-30 HTTP/1.1" 200 409
180.169.147.146 - - [30/Aug/2021:08:51:12 +0800] "GET /xingrg/all/function/internal_message.html?_=1630284672615&CODE_STATE=getMsg HTTP/1.1" 200 27
180.169.147.146 - - [30/Aug/2021:08:51:13 +0800] "GET /xingrg/check_reg.html?_=1630284672618 HTTP/1.1" 200 22
116.238.194.18 - - [30/Aug/2021:08:51:14 +0800] "GET /xingrg/all/function/internal_message.html?_=1630284673274&CODE_STATE=getMsg HTTP/1.1" 200 27
222.69.129.74 - - [30/Aug/2021:08:51:21 +0800] "GET /xingrg/kc/buy/cgsh_order_operate.html?command=get_materiel&rest_code=00149&code=00101015024&supplier_code=00100005&order_time=2021-08-30 HTTP/1.1" 200 413
101.83.145.79 - - [30/Aug/2021:08:51:22 +0800] "GET /xingrg/kc/buy/cgsh_order_operate.html?command=get_materiel&rest_code=00105&code=00101008213&supplier_code=00100203&order_time=2021-08-30 HTTP/1.1" 200 412
222.69.129.74 - - [30/Aug/2021:08:51:25 +0800] "POST /xingrg/kc/buy/cgsh_order_operate.html HTTP/1.1" 200 2065
101.83.145.79 - - [30/Aug/2021:08:51:25 +0800] "POST /xingrg/kc/buy/cgsh_order_operate.html HTTP/1.1" 200 2065
101.83.145.79 - - [30/Aug/2021:08:51:30 +0800] "GET /xingrg/kc/buy/cgsh_order_operate.html?command=get_materiel&rest_code=00105&code=00101010136&supplier_code=00100203&order_time=2021-08-30 HTTP/1.1" 200 408
222.69.129.74 - - [30/Aug/2021:08:51:33 +0800] "GET /xingrg/kc/buy/cgsh_order_operate.html?command=get_materiel&rest_code=00149&code=00101020152&supplier_code=00100005&order_time=2021-08-30 HTTP/1.1" 200 416
116.230.105.26 - - [30/Aug/2021:08:51:34 +0800] "GET /xingrg/all/function/internal_message.html?_=1630284652837&CODE_STATE=getMsg HTTP/1.1" 200 27
222.70.246.151 - - [30/Aug/2021:08:51:35 +0800] "GET /xingrg/all/function/internal_message.html?_=1630284695705&CODE_STATE=getMsg HTTP/1.1" 200 27
172.20.0.100 - - [30/Aug/2021:08:51:35 +0800] "GET /xingrg/all/function/internal_message.html?_=1630284694917&CODE_STATE=getMsg HTTP/1.1" 200 27
120.253.135.82 - - [30/Aug/2021:08:51:42 +0800] "GET /xingrg/all/function/internal_message.html?_=1630284477526&CODE_STATE=getMsg HTTP/1.1" 200 27
222.69.129.74 - - [30/Aug/2021:08:51:43 +0800] "GET /xingrg/kc/buy/cgsh_order_operate.html?command=get_materiel&rest_code=00149&code=00101015027&supplier_code=00100005&order_time=2021-08-30 HTTP/1.1" 200 417
180.169.147.146 - - [30/Aug/2021:08:51:43 +0800] "GET /xingrg/check_reg.html?_=1630284703453 HTTP/1.1" 200 22
101.83.145.79 - - [30/Aug/2021:08:51:44 +0800] "GET /xingrg/check_reg.html?_=1630284703864 HTTP/1.1" 200 22
101.83.145.79 - - [30/Aug/2021:08:51:44 +0800] "GET /xingrg/all/function/internal_message.html?_=1630284703861&CODE_STATE=getMsg HTTP/1.1" 200 27
222.69.129.74 - - [30/Aug/2021:08:51:55 +0800] "GET /xingrg/kc/buy/cgsh_order_operate.html?command=get_materiel&rest_code=00149&code=00101015066&supplier_code=00100005&order_time=2021-08-30 HTTP/1.1" 200 413
222.70.179.113 - - [30/Aug/2021:08:51:55 +0800] "GET /xingrg/check_reg.html?_=1630284708804 HTTP/1.1" 302 -
101.83.145.79 - - [30/Aug/2021:08:51:59 +0800] "POST /xingrg/kc/buy/cgsh_order_operate.html HTTP/1.1" 200 37
116.238.194.18 - - [30/Aug/2021:08:52:00 +0800] "GET /xingrg/all/function/internal_message.html?_=1630284705894&CODE_STATE=getMsg HTTP/1.1" 200 27
101.83.145.79 - - [30/Aug/2021:08:52:00 +0800] "POST /xingrg/kc/buy/cgsh_order_operate.html HTTP/1.1" 200 38695
116.238.194.18 - - [30/Aug/2021:08:52:04 +0800] "GET /xingrg/kc/buy/cgsh_order_operate.html?command=get_materiel&rest_code=00150&code=00101008323&supplier_code=00100007&order_time=2021-08-30 HTTP/1.1" 200 408
222.69.129.74 - - [30/Aug/2021:08:52:04 +0800] "GET /xingrg/kc/buy/cgsh_order_operate.html?command=get_materiel&rest_code=00149&code=00101015044&supplier_code=00100005&order_time=2021-08-30 HTTP/1.1" 200 408
222.69.129.74 - - [30/Aug/2021:08:52:09 +0800] "GET /xingrg/all/function/internal_message.html?_=1630284727950&CODE_STATE=getMsg HTTP/1.1" 200 27
180.169.147.146 - - [30/Aug/2021:08:52:13 +0800] "GET /xingrg/all/function/internal_message.html?_=1630284732618&CODE_STATE=getMsg HTTP/1.1" 200 27
116.238.194.18 - - [30/Aug/2021:08:52:14 +0800] "GET /xingrg/check_reg.html?_=1630284733270 HTTP/1.1" 200 22
116.238.194.18 - - [30/Aug/2021:08:52:14 +0800] "GET /xingrg/all/function/internal_message.html?_=1630284733273&CODE_STATE=getMsg HTTP/1.1" 200 27
222.69.129.74 - - [30/Aug/2021:08:52:14 +0800] "GET /xingrg/kc/buy/cgsh_order_operate.html?command=get_materiel&rest_code=00149&code=00101008330&supplier_code=00100005&order_time=2021-08-30 HTTP/1.1" 200 408
116.238.194.18 - - [30/Aug/2021:08:52:15 +0800] "GET /xingrg/kc/buy/cgsh_order_operate.html?command=get_materiel&rest_code=00150&code=00101008223&supplier_code=00100007&order_time=2021-08-30 HTTP/1.1" 200 412
116.238.194.18 - - [30/Aug/2021:08:52:17 +0800] "POST /xingrg/kc/buy/cgsh_order_operate.html HTTP/1.1" 200 2065
222.69.129.74 - - [30/Aug/2021:08:52:18 +0800] "POST /xingrg/kc/buy/cgsh_order_operate.html HTTP/1.1" 200 2065
116.238.194.18 - - [30/Aug/2021:08:52:24 +0800] "GET /xingrg/kc/buy/cgsh_order_operate.html?command=get_materiel&rest_code=00150&code=00101008041&supplier_code=00100007&order_time=2021-08-30 HTTP/1.1" 200 408
222.69.129.74 - - [30/Aug/2021:08:52:25 +0800] "GET /xingrg/kc/buy/cgsh_order_operate.html?command=get_materiel&rest_code=00149&code=00101008210&supplier_code=00100005&order_time=2021-08-30 HTTP/1.1" 200 408
116.230.105.26 - - [30/Aug/2021:08:52:34 +0800] "GET /xingrg/all/function/internal_message.html?_=1630284712820&CODE_STATE=getMsg HTTP/1.1" 200 27
222.70.246.151 - - [30/Aug/2021:08:52:35 +0800] "GET /xingrg/all/function/internal_message.html?_=1630284755845&CODE_STATE=getMsg HTTP/1.1" 200 27
172.20.0.100 - - [30/Aug/2021:08:52:35 +0800] "GET /xingrg/all/function/internal_message.html?_=1630284754929&CODE_STATE=getMsg HTTP/1.1" 200 27
172.20.0.100 - - [30/Aug/2021:08:52:35 +0800] "GET /xingrg/check_reg.html?_=1630284754930 HTTP/1.1" 200 22
180.169.147.146 - - [30/Aug/2021:08:52:36 +0800] "GET /xingrg/check_reg.html?_=1630284757879 HTTP/1.1" 302 -
222.70.179.113 - - [30/Aug/2021:08:52:42 +0800] "GET /xingrg/check_reg.html?_=1630284750613 HTTP/1.1" 302 -
120.253.135.82 - - [30/Aug/2021:08:52:42 +0800] "GET /xingrg/all/function/internal_message.html?_=1630284537539&CODE_STATE=getMsg HTTP/1.1" 200 27
101.83.145.79 - - [30/Aug/2021:08:52:44 +0800] "GET /xingrg/all/function/internal_message.html?_=1630284763857&CODE_STATE=getMsg HTTP/1.1" 200 27
120.253.135.82 - - [30/Aug/2021:08:52:46 +0800] "GET /xingrg/check_reg.html?_=1630284771997 HTTP/1.1" 200 22
116.238.194.18 - - [30/Aug/2021:08:52:50 +0800] "GET /xingrg/kc/buy/cgsh_order_operate.html?command=get_materiel&rest_code=00150&code=00101008279&supplier_code=00100007&order_time=2021-08-30 HTTP/1.1" 200 412
222.69.129.74 - - [30/Aug/2021:08:52:51 +0800] "GET /xingrg/kc/buy/cgsh_order_operate.html?command=get_materiel&rest_code=00149&code=00101008101&supplier_code=00100005&order_time=2021-08-30 HTTP/1.1" 200 412
116.238.194.18 - - [30/Aug/2021:08:52:58 +0800] "GET /xingrg/kc/buy/cgsh_order_operate.html?command=get_materiel&rest_code=00150&code=00101008288&supplier_code=00100007&order_time=2021-08-30 HTTP/1.1" 200 408
116.238.194.18 - - [30/Aug/2021:08:52:59 +0800] "POST /xingrg/kc/buy/cgsh_order_operate.html HTTP/1.1" 200 2065
116.238.194.18 - - [30/Aug/2021:08:53:00 +0800] "GET /xingrg/all/function/internal_message.html?_=1630284765898&CODE_STATE=getMsg HTTP/1.1" 200 27
180.169.147.146 - - [30/Aug/2021:08:53:00 +0800] "GET /xingrg/all/function/internal_message.html?_=1630284780802&CODE_STATE=getMsg HTTP/1.1" 302 -
180.169.147.146 - - [30/Aug/2021:08:53:00 +0800] "GET /xingrg/check_reg.html?_=1630284780807 HTTP/1.1" 302 -
180.169.147.146 - - [30/Aug/2021:08:53:00 +0800] "GET /xingrg/login.html HTTP/1.1" 200 7641
180.169.147.146 - - [30/Aug/2021:08:53:00 +0800] "GET /xingrg/login.html HTTP/1.1" 200 7641
116.238.194.18 - - [30/Aug/2021:08:53:05 +0800] "GET /xingrg/kc/buy/cgsh_order_operate.html?command=get_materiel&rest_code=00150&code=00101008098&supplier_code=00100007&order_time=2021-08-30 HTTP/1.1" 200 412
222.69.129.74 - - [30/Aug/2021:08:53:09 +0800] "GET /xingrg/check_reg.html?_=1630284787887 HTTP/1.1" 200 22
222.69.129.74 - - [30/Aug/2021:08:53:09 +0800] "GET /xingrg/all/function/internal_message.html?_=1630284787938&CODE_STATE=getMsg HTTP/1.1" 200 27
116.238.194.18 - - [30/Aug/2021:08:53:11 +0800] "GET /xingrg/kc/buy/cgsh_order_operate.html?command=get_materiel&rest_code=00150&code=00101008061&supplier_code=00100007&order_time=2021-08-30 HTTP/1.1" 200 422
180.169.147.146 - - [30/Aug/2021:08:53:12 +0800] "GET /xingrg/all/function/internal_message.html?_=1630284792618&CODE_STATE=getMsg HTTP/1.1" 200 27
116.238.194.18 - - [30/Aug/2021:08:53:14 +0800] "GET /xingrg/all/function/internal_message.html?_=1630284793305&CODE_STATE=getMsg HTTP/1.1" 200 27
120.253.135.82 - - [30/Aug/2021:08:53:27 +0800] "GET /xingrg/kc/pszx/mdqp_order_list.html?state=10 HTTP/1.1" 200 11457
120.253.135.82 - - [30/Aug/2021:08:53:27 +0800] "GET /xingrg/dwr/interface/AjaxReportQueryService.js HTTP/1.1" 200 13203
120.253.135.82 - - [30/Aug/2021:08:53:27 +0800] "GET /xingrg/dwr/interface/AjaxQqpsService.js HTTP/1.1" 200 16326
120.253.135.82 - - [30/Aug/2021:08:53:27 +0800] "GET /xingrg/dwr/engine.js HTTP/1.1" 200 43631
120.253.135.82 - - [30/Aug/2021:08:53:33 +0800] "GET /xingrg/kc/buy/cgth_order_list.html HTTP/1.1" 200 46994
120.253.135.82 - - [30/Aug/2021:08:53:33 +0800] "POST /xingrg/kc/buy/cgth_list_operate.html HTTP/1.1" 200 1035
116.230.105.26 - - [30/Aug/2021:08:53:34 +0800] "GET /xingrg/all/function/internal_message.html?_=1630284772796&CODE_STATE=getMsg HTTP/1.1" 200 27
116.238.194.18 - - [30/Aug/2021:08:53:34 +0800] "POST /xingrg/kc/buy/cgsh_order_operate.html HTTP/1.1" 200 37
222.70.246.151 - - [30/Aug/2021:08:53:35 +0800] "GET /xingrg/all/function/internal_message.html?_=1630284815858&CODE_STATE=getMsg HTTP/1.1" 200 27
172.20.0.100 - - [30/Aug/2021:08:53:35 +0800] "GET /xingrg/all/function/internal_message.html?_=1630284814920&CODE_STATE=getMsg HTTP/1.1" 200 27
116.238.194.18 - - [30/Aug/2021:08:53:36 +0800] "POST /xingrg/kc/buy/cgsh_order_operate.html HTTP/1.1" 200 24533
120.253.135.82 - - [30/Aug/2021:08:53:37 +0800] "GET /xingrg/check_reg.html?_=1630284592042 HTTP/1.1" 200 22
120.253.135.82 - - [30/Aug/2021:08:53:42 +0800] "GET /xingrg/all/function/internal_message.html?_=1630284597552&CODE_STATE=getMsg HTTP/1.1" 200 27
101.83.145.79 - - [30/Aug/2021:08:53:44 +0800] "GET /xingrg/all/function/internal_message.html?_=1630284823854&CODE_STATE=getMsg HTTP/1.1" 200 27
116.238.194.18 - - [30/Aug/2021:08:54:00 +0800] "GET /xingrg/all/function/internal_message.html?_=1630284825950&CODE_STATE=getMsg HTTP/1.1" 200 27
180.169.147.146 - - [30/Aug/2021:08:54:00 +0800] "GET /xingrg/all/function/internal_message.html?_=1630284840783&CODE_STATE=getMsg HTTP/1.1" 302 -
180.169.147.146 - - [30/Aug/2021:08:54:02 +0800] "GET /xingrg/check_reg.html?_=1630284844116 HTTP/1.1" 302 -
222.69.129.74 - - [30/Aug/2021:08:54:09 +0800] "GET /xingrg/all/function/internal_message.html?_=1630284847921&CODE_STATE=getMsg HTTP/1.1" 200 27
180.169.147.146 - - [30/Aug/2021:08:54:12 +0800] "GET /xingrg/all/function/internal_message.html?_=1630284852618&CODE_STATE=getMsg HTTP/1.1" 200 27
116.238.194.18 - - [30/Aug/2021:08:54:14 +0800] "GET /xingrg/all/function/internal_message.html?_=1630284853288&CODE_STATE=getMsg HTTP/1.1" 200 27
116.230.105.26 - - [30/Aug/2021:08:54:34 +0800] "GET /xingrg/all/function/internal_message.html?_=1630284832773&CODE_STATE=getMsg HTTP/1.1" 200 27
222.70.246.151 - - [30/Aug/2021:08:54:35 +0800] "GET /xingrg/all/function/internal_message.html?_=1630284876021&CODE_STATE=getMsg HTTP/1.1" 200 27
172.20.0.100 - - [30/Aug/2021:08:54:35 +0800] "GET /xingrg/all/function/internal_message.html?_=1630284874935&CODE_STATE=getMsg HTTP/1.1" 200 27
120.253.135.82 - - [30/Aug/2021:08:54:42 +0800] "GET /xingrg/all/function/internal_message.html?_=1630284657613&CODE_STATE=getMsg HTTP/1.1" 200 27
101.83.145.79 - - [30/Aug/2021:08:54:44 +0800] "GET /xingrg/all/function/internal_message.html?_=1630284883862&CODE_STATE=getMsg HTTP/1.1" 200 27
116.238.194.18 - - [30/Aug/2021:08:54:48 +0800] "GET /xingrg/check_reg.html?_=1630284874835 HTTP/1.1" 200 22
116.238.194.18 - - [30/Aug/2021:08:55:00 +0800] "GET /xingrg/all/function/internal_message.html?_=1630284885957&CODE_STATE=getMsg HTTP/1.1" 200 27
180.169.147.146 - - [30/Aug/2021:08:55:00 +0800] "GET /xingrg/all/function/internal_message.html?_=1630284900764&CODE_STATE=getMsg HTTP/1.1" 302 -
222.70.246.151 - - [30/Aug/2021:08:55:07 +0800] "GET /xingrg/check_reg.html?_=1630284907790 HTTP/1.1" 200 22
222.69.129.74 - - [30/Aug/2021:08:55:09 +0800] "GET /xingrg/all/function/internal_message.html?_=1630284908053&CODE_STATE=getMsg HTTP/1.1" 200 27
180.169.147.146 - - [30/Aug/2021:08:55:12 +0800] "GET /xingrg/all/function/internal_message.html?_=1630284912617&CODE_STATE=getMsg HTTP/1.1" 200 27
116.238.194.18 - - [30/Aug/2021:08:55:14 +0800] "GET /xingrg/all/function/internal_message.html?_=1630284913283&CODE_STATE=getMsg HTTP/1.1" 200 27
58.221.95.50 - - [30/Aug/2021:08:55:15 +0800] "GET /xingrg/check_reg.html?_=1630284915641 HTTP/1.1" 302 -
222.69.129.74 - - [30/Aug/2021:08:55:24 +0800] "GET /xingrg/javascript/jquery_easy_ui/themes/icons/rest.png HTTP/1.1" 200 695
222.69.129.74 - - [30/Aug/2021:08:55:24 +0800] "GET /xingrg/javascript/jquery_easy_ui/themes/icons/area.png HTTP/1.1" 200 262
222.69.129.74 - - [30/Aug/2021:08:55:30 +0800] "POST /xingrg/kc/buy/cgsh_order_operate.html HTTP/1.1" 200 37
116.230.105.26 - - [30/Aug/2021:08:55:31 +0800] "GET /xingrg/check_reg.html?_=1630284890216 HTTP/1.1" 200 22
116.230.105.26 - - [30/Aug/2021:08:55:34 +0800] "GET /xingrg/all/function/internal_message.html?_=1630284892752&CODE_STATE=getMsg HTTP/1.1" 200 27
222.70.246.151 - - [30/Aug/2021:08:55:35 +0800] "GET /xingrg/all/function/internal_message.html?_=1630284936024&CODE_STATE=getMsg HTTP/1.1" 200 27
172.20.0.100 - - [30/Aug/2021:08:55:35 +0800] "GET /xingrg/all/function/internal_message.html?_=1630284934930&CODE_STATE=getMsg HTTP/1.1" 200 27
222.69.129.74 - - [30/Aug/2021:08:55:38 +0800] "POST /xingrg/kc/buy/cgsh_order_operate.html HTTP/1.1" 200 12
120.253.135.82 - - [30/Aug/2021:08:55:43 +0800] "GET /xingrg/all/function/internal_message.html?_=1630284717627&CODE_STATE=getMsg HTTP/1.1" 200 27
101.83.145.79 - - [30/Aug/2021:08:55:44 +0800] "GET /xingrg/all/function/internal_message.html?_=1630284943863&CODE_STATE=getMsg HTTP/1.1" 200 27
116.238.194.18 - - [30/Aug/2021:08:56:00 +0800] "GET /xingrg/all/function/internal_message.html?_=1630284945970&CODE_STATE=getMsg HTTP/1.1" 200 27
180.169.147.146 - - [30/Aug/2021:08:56:00 +0800] "GET /xingrg/all/function/internal_message.html?_=1630284960737&CODE_STATE=getMsg HTTP/1.1" 302 -
222.69.129.74 - - [30/Aug/2021:08:56:06 +0800] "GET /xingrg/kc/buy/cgsh_order_info.html?code=212021083013599 HTTP/1.1" 200 58291
222.69.129.74 - - [30/Aug/2021:08:56:07 +0800] "GET /xingrg/javascript/easyui/themes/default/validatebox.css HTTP/1.1" 404 1104
222.69.129.74 - - [30/Aug/2021:08:56:08 +0800] "POST /xingrg/kc/buy/cgsh_order_operate.html HTTP/1.1" 200 34312
222.69.129.74 - - [30/Aug/2021:08:56:09 +0800] "GET /xingrg/kc/print/load_config.html?kc_code=cgsh HTTP/1.1" 200 2076
222.69.129.74 - - [30/Aug/2021:08:56:09 +0800] "GET /xingrg/all/function/internal_message.html?_=1630284968086&CODE_STATE=getMsg HTTP/1.1" 200 27
222.69.129.74 - - [30/Aug/2021:08:56:09 +0800] "GET /xingrg/kc/print/load_data.html?order_code=212021083013599&kc_code=cgsh&condition= HTTP/1.1" 200 13488
180.169.147.146 - - [30/Aug/2021:08:56:13 +0800] "GET /xingrg/check_reg.html?_=1630284972632 HTTP/1.1" 200 22
180.169.147.146 - - [30/Aug/2021:08:56:13 +0800] "GET /xingrg/all/function/internal_message.html?_=1630284972618&CODE_STATE=getMsg HTTP/1.1" 200 27
116.238.194.18 - - [30/Aug/2021:08:56:14 +0800] "GET /xingrg/all/function/internal_message.html?_=1630284973289&CODE_STATE=getMsg HTTP/1.1" 200 27
116.230.105.26 - - [30/Aug/2021:08:56:34 +0800] "GET /xingrg/all/function/internal_message.html?_=1630284952748&CODE_STATE=getMsg HTTP/1.1" 200 27
222.70.246.151 - - [30/Aug/2021:08:56:35 +0800] "GET /xingrg/all/function/internal_message.html?_=1630284996038&CODE_STATE=getMsg HTTP/1.1" 200 27
172.20.0.100 - - [30/Aug/2021:08:56:35 +0800] "GET /xingrg/all/function/internal_message.html?_=1630284994923&CODE_STATE=getMsg HTTP/1.1" 200 27
116.232.48.180 - - [30/Aug/2021:08:56:37 +0800] "GET /favicon.ico HTTP/1.1" 404 -
116.232.48.180 - - [30/Aug/2021:08:56:39 +0800] "GET /xingrg/login.html HTTP/1.1" 200 7641
116.232.48.180 - - [30/Aug/2021:08:56:39 +0800] "GET /xingrg/images/blue/jxLogo.png HTTP/1.1" 200 6156
116.232.48.180 - - [30/Aug/2021:08:56:40 +0800] "GET /xingrg/images/blue/hj.png HTTP/1.1" 200 1014
116.232.48.180 - - [30/Aug/2021:08:56:40 +0800] "GET /xingrg/images/blue/srbg.png HTTP/1.1" 200 138
116.232.48.180 - - [30/Aug/2021:08:56:40 +0800] "GET /xingrg/images/blue/login_bg.png HTTP/1.1" 200 22101
116.232.48.180 - - [30/Aug/2021:08:56:40 +0800] "GET /favicon.ico HTTP/1.1" 404 -
120.253.135.82 - - [30/Aug/2021:08:56:43 +0800] "GET /xingrg/all/function/internal_message.html?_=1630284777683&CODE_STATE=getMsg HTTP/1.1" 200 27
180.169.147.146 - - [30/Aug/2021:08:56:43 +0800] "GET /xingrg/check_reg.html?_=1630285003457 HTTP/1.1" 200 22
101.83.145.79 - - [30/Aug/2021:08:56:44 +0800] "GET /xingrg/all/function/internal_message.html?_=1630285003858&CODE_STATE=getMsg HTTP/1.1" 200 27
101.83.145.79 - - [30/Aug/2021:08:56:44 +0800] "GET /xingrg/check_reg.html?_=1630285003861 HTTP/1.1" 200 22
116.232.48.180 - - [30/Aug/2021:08:56:45 +0800] "POST /xingrg/login.do HTTP/1.1" 302 -
116.232.48.180 - - [30/Aug/2021:08:56:45 +0800] "POST /xingrg/login.do HTTP/1.1" 302 -
116.232.48.180 - - [30/Aug/2021:08:56:45 +0800] "GET /xingrg/javascript/jquery_easy_ui/themes/icon.css HTTP/1.1" 200 3949
116.232.48.180 - - [30/Aug/2021:08:56:46 +0800] "GET /xingrg/css/form.css HTTP/1.1" 200 893
116.232.48.180 - - [30/Aug/2021:08:56:46 +0800] "GET /xingrg/javascript/jquery_easy_ui/themes/default/easyui.css HTTP/1.1" 200 26500
116.232.48.180 - - [30/Aug/2021:08:56:46 +0800] "GET /xingrg/javascript/jquery_easy_ui/easyui-lang-zh_CN.js HTTP/1.1" 200 1900
116.232.48.180 - - [30/Aug/2021:08:56:46 +0800] "GET /xingrg/javascript/jquery-1.4.2.min.js HTTP/1.1" 200 72205
116.232.48.180 - - [30/Aug/2021:08:56:46 +0800] "GET /xingrg/javascript/jquery_easy_ui/jquery.easyui.min.js HTTP/1.1" 200 213662
116.232.48.180 - - [30/Aug/2021:08:56:46 +0800] "GET /xingrg/javascript/jquery.timers.js HTTP/1.1" 200 3532
116.232.48.180 - - [30/Aug/2021:08:56:46 +0800] "GET /xingrg/javascript/jquery.utils.js HTTP/1.1" 200 11805
116.232.48.180 - - [30/Aug/2021:08:56:46 +0800] "GET /xingrg/javascript/jquery.form.js HTTP/1.1" 200 23110
116.232.48.180 - - [30/Aug/2021:08:56:46 +0800] "GET /xingrg/index.html?sysBaseUrl=http%3A%2F%2F180.169.147.146%3A18081%2Fxingrg%2F&costTime=92×tamp=1630285005699 HTTP/1.1" 200 17173
116.232.48.180 - - [30/Aug/2021:08:56:47 +0800] "GET /xingrg/javascript/jquery_easy_ui/themes/icons/settle_new.png HTTP/1.1" 200 826
116.232.48.180 - - [30/Aug/2021:08:56:47 +0800] "GET /xingrg/images/blue/pingpu.png HTTP/1.1" 200 231
116.232.48.180 - - [30/Aug/2021:08:56:47 +0800] "GET /xingrg/javascript/jquery_easy_ui/themes/default/images/panel_tool_collapse.gif HTTP/1.1" 200 246
116.232.48.180 - - [30/Aug/2021:08:56:47 +0800] "POST /xingrg/all/common/load_tree.html?tree=area_rest_tree_json&manage=1 HTTP/1.1" 200 342
116.232.48.180 - - [30/Aug/2021:08:56:47 +0800] "GET /xingrg/all/function/internal_message.html?_=1630285006643&CODE_STATE=count HTTP/1.1" 200 11
116.232.48.180 - - [30/Aug/2021:08:56:47 +0800] "POST /xingrg/load_menu.html HTTP/1.1" 200 5138
116.232.48.180 - - [30/Aug/2021:08:56:47 +0800] "GET /xingrg/images/blue/navBackgound.jpg HTTP/1.1" 200 12378
116.232.48.180 - - [30/Aug/2021:08:56:47 +0800] "GET /xingrg/check_reg.html?_=1630285006645 HTTP/1.1" 200 22
116.232.48.180 - - [30/Aug/2021:08:56:47 +0800] "GET /xingrg/javascript/jquery_easy_ui/themes/icons/search_new.png HTTP/1.1" 200 586
116.232.48.180 - - [30/Aug/2021:08:56:47 +0800] "GET /xingrg/javascript/jquery_easy_ui/themes/default/images/tree_arrows.gif HTTP/1.1" 200 1043
116.232.48.180 - - [30/Aug/2021:08:56:47 +0800] "GET /xingrg/javascript/jquery_easy_ui/themes/default/images/tree_folder_open.gif HTTP/1.1" 200 956
116.232.48.180 - - [30/Aug/2021:08:56:47 +0800] "GET /xingrg/javascript/jquery_easy_ui/themes/icons/storage_new.png HTTP/1.1" 200 853
116.232.48.180 - - [30/Aug/2021:08:56:47 +0800] "GET /xingrg/javascript/jquery_easy_ui/themes/default/images/tree_folder.gif HTTP/1.1" 200 952
116.232.48.180 - - [30/Aug/2021:08:56:47 +0800] "GET /xingrg/javascript/jquery_easy_ui/themes/icons/forms_new.png HTTP/1.1" 200 350
116.232.48.180 - - [30/Aug/2021:08:56:48 +0800] "GET /xingrg/javascript/jquery_easy_ui/themes/default/images/tabs_close.gif HTTP/1.1" 200 829
116.232.48.180 - - [30/Aug/2021:08:56:48 +0800] "GET /xingrg/kc/buy/buy_main.html HTTP/1.1" 200 12412
116.232.48.180 - - [30/Aug/2021:08:56:48 +0800] "GET /xingrg/css/new_ie.css HTTP/1.1" 404 1036
116.232.48.180 - - [30/Aug/2021:08:56:48 +0800] "GET /xingrg/javascript/pic_change.js HTTP/1.1" 200 4739
116.232.48.180 - - [30/Aug/2021:08:56:48 +0800] "GET /xingrg/javascript/ToolTips.js HTTP/1.1" 200 5615
116.232.48.180 - - [30/Aug/2021:08:56:48 +0800] "GET /xingrg/css/blue.css HTTP/1.1" 200 15949
116.232.48.180 - - [30/Aug/2021:08:56:48 +0800] "GET /xingrg/javascript/jquery_ui/jquery-ui.min.js HTTP/1.1" 200 186181
116.232.48.180 - - [30/Aug/2021:08:56:49 +0800] "GET /xingrg/javascript/jquery_ui/themes/humanity/humanity.css HTTP/1.1" 200 27801
116.232.48.180 - - [30/Aug/2021:08:56:49 +0800] "GET /xingrg/javascript/myfunction.js HTTP/1.1" 200 24559
116.232.48.180 - - [30/Aug/2021:08:56:49 +0800] "GET /xingrg/images/blue/button/cgxqd.gif HTTP/1.1" 200 2619
116.232.48.180 - - [30/Aug/2021:08:56:49 +0800] "GET /xingrg/images/blue/button/cgydd.gif HTTP/1.1" 200 2712
116.232.48.180 - - [30/Aug/2021:08:56:49 +0800] "GET /xingrg/images/blue/button/cgshd.gif HTTP/1.1" 200 2618
116.232.48.180 - - [30/Aug/2021:08:56:49 +0800] "GET /xingrg/images/blue/button/cgfkd.gif HTTP/1.1" 200 2075
116.232.48.180 - - [30/Aug/2021:08:56:49 +0800] "GET /xingrg/images/blue/button/kc.gif HTTP/1.1" 200 2160
116.232.48.180 - - [30/Aug/2021:08:56:49 +0800] "GET /xingrg/images/blue/button/ckthd.gif HTTP/1.1" 200 2045
116.232.48.180 - - [30/Aug/2021:08:56:49 +0800] "GET /xingrg/images/blue/pic_form2.gif HTTP/1.1" 200 1853
116.232.48.180 - - [30/Aug/2021:08:56:49 +0800] "GET /xingrg/images/blue/bg_dotted.jpg HTTP/1.1" 200 319
116.232.48.180 - - [30/Aug/2021:08:56:49 +0800] "GET /xingrg/images/blue/button/right_ah.jpg HTTP/1.1" 200 1744
116.232.48.180 - - [30/Aug/2021:08:56:49 +0800] "GET /xingrg/images/blue/button/down_ah.jpg HTTP/1.1" 200 1732
116.232.48.180 - - [30/Aug/2021:08:56:49 +0800] "GET /xingrg/javascript/jquery_ui/themes/humanity/images/ui-bg_inset-soft_100_f4f0ec_1x100.png HTTP/1.1" 200 141
116.232.48.180 - - [30/Aug/2021:08:56:50 +0800] "GET /xingrg/css/base.css HTTP/1.1" 200 2811
116.232.48.180 - - [30/Aug/2021:08:56:50 +0800] "GET /xingrg/css/site.css HTTP/1.1" 200 7541
116.232.48.180 - - [30/Aug/2021:08:56:50 +0800] "GET /xingrg/javascript/easyui/themes/icon.css HTTP/1.1" 200 4483
116.232.48.180 - - [30/Aug/2021:08:56:50 +0800] "GET /xingrg/javascript/jquery_tools/datebox.css HTTP/1.1" 200 2597
116.232.48.180 - - [30/Aug/2021:08:56:51 +0800] "GET /xingrg/javascript/jquery_tools/fix.css HTTP/1.1" 200 1702
116.232.48.180 - - [30/Aug/2021:08:56:51 +0800] "GET /xingrg/javascript/auto/jquery.autocomplete.css HTTP/1.1" 200 587
116.232.48.180 - - [30/Aug/2021:08:56:51 +0800] "GET /xingrg/javascript/jquery_tools/table.css HTTP/1.1" 200 1032
116.232.48.180 - - [30/Aug/2021:08:56:51 +0800] "GET /xingrg/javascript/jquery_tools/jquery.tools.min.js HTTP/1.1" 200 138801
116.232.48.180 - - [30/Aug/2021:08:56:51 +0800] "GET /xingrg/javascript/easyui/themes/default/easyui.css HTTP/1.1" 200 30432
116.232.48.180 - - [30/Aug/2021:08:56:51 +0800] "GET /xingrg/kc/buy/cgsh_order_list.html HTTP/1.1" 200 47591
116.232.48.180 - - [30/Aug/2021:08:56:51 +0800] "GET /xingrg/javascript/jquery_tools/jquery.tools.table.js HTTP/1.1" 200 6994
116.232.48.180 - - [30/Aug/2021:08:56:51 +0800] "GET /xingrg/javascript/jquery_tools/jquery.tools.hotkey.js HTTP/1.1" 200 3242
116.232.48.180 - - [30/Aug/2021:08:56:51 +0800] "GET /xingrg/javascript/jquery_tools/list_manager.js HTTP/1.1" 200 3652
116.232.48.180 - - [30/Aug/2021:08:56:51 +0800] "GET /xingrg/javascript/jquery_tools/jquery.tools.extend.js HTTP/1.1" 200 15385
116.232.48.180 - - [30/Aug/2021:08:56:51 +0800] "GET /xingrg/javascript/easyui/easyloader.js HTTP/1.1" 200 5975
116.232.48.180 - - [30/Aug/2021:08:56:51 +0800] "GET /xingrg/javascript/jquery.cookie.js HTTP/1.1" 200 5513
116.232.48.180 - - [30/Aug/2021:08:56:51 +0800] "GET /xingrg/javascript/print/LodopFuncs.js HTTP/1.1" 200 5121
116.232.48.180 - - [30/Aug/2021:08:56:51 +0800] "GET /xingrg/javascript/auto/jquery.autocomplete.js HTTP/1.1" 200 21624
116.232.48.180 - - [30/Aug/2021:08:56:51 +0800] "GET /xingrg/javascript/easyui/themes/icons/import_new.png HTTP/1.1" 200 1247
116.232.48.180 - - [30/Aug/2021:08:56:51 +0800] "GET /xingrg/javascript/easyui/themes/icons/check_new.png HTTP/1.1" 200 3224
116.232.48.180 - - [30/Aug/2021:08:56:51 +0800] "GET /xingrg/javascript/easyui/themes/icons/field_new.png HTTP/1.1" 200 1097
116.232.48.180 - - [30/Aug/2021:08:56:51 +0800] "GET /xingrg/javascript/easyui/themes/icons/edit_add_new.png HTTP/1.1" 200 2997
116.232.48.180 - - [30/Aug/2021:08:56:51 +0800] "GET /xingrg/javascript/easyui/themes/icons/cance_new.png HTTP/1.1" 200 3986
116.232.48.180 - - [30/Aug/2021:08:56:51 +0800] "GET /xingrg/javascript/easyui/plugins/jquery.parser.js HTTP/1.1" 200 1142
116.232.48.180 - - [30/Aug/2021:08:56:51 +0800] "GET /xingrg/images/control/ajaxLoader.gif HTTP/1.1" 200 4659
116.232.48.180 - - [30/Aug/2021:08:56:52 +0800] "POST /xingrg/kc/buy/cgsh_list_operate.html HTTP/1.1" 200 876
116.232.48.180 - - [30/Aug/2021:08:56:54 +0800] "GET /xingrg/javascript/easyui/themes/default/images/button_plain_hover.png HTTP/1.1" 200 144
222.70.179.113 - - [30/Aug/2021:08:56:55 +0800] "GET /xingrg/check_reg.html?_=1630285008787 HTTP/1.1" 302 -
116.232.48.180 - - [30/Aug/2021:08:56:55 +0800] "GET /xingrg/javascript/convert.js HTTP/1.1" 200 1239
116.232.48.180 - - [30/Aug/2021:08:56:55 +0800] "GET /xingrg/javascript/print/kc_print.js HTTP/1.1" 200 11415
116.232.48.180 - - [30/Aug/2021:08:56:55 +0800] "GET /xingrg/javascript/json2.js HTTP/1.1" 200 11259
116.232.48.180 - - [30/Aug/2021:08:56:55 +0800] "GET /xingrg/javascript/jquery_tools/order_manager.js HTTP/1.1" 200 11183
116.232.48.180 - - [30/Aug/2021:08:56:55 +0800] "GET /xingrg/javascript/easyui/themes/default/images/menu_downarrow.png HTTP/1.1" 200 173
116.232.48.180 - - [30/Aug/2021:08:56:55 +0800] "GET /xingrg/javascript/easyui/themes/icons/copy_new.png HTTP/1.1" 200 815
116.232.48.180 - - [30/Aug/2021:08:56:55 +0800] "GET /xingrg/javascript/easyui/themes/icons/print.png HTTP/1.1" 200 1057
116.232.48.180 - - [30/Aug/2021:08:56:55 +0800] "GET /xingrg/javascript/easyui/themes/icons/template_new.png HTTP/1.1" 200 3956
116.232.48.180 - - [30/Aug/2021:08:56:55 +0800] "GET /xingrg/javascript/easyui/themes/icons/ok.png HTTP/1.1" 200 883
116.232.48.180 - - [30/Aug/2021:08:56:56 +0800] "GET /xingrg/words/20210829130122_words.js HTTP/1.1" 200 837638
116.232.48.180 - - [30/Aug/2021:08:56:56 +0800] "GET /xingrg/javascript/easyui/themes/icons/cancel.png HTTP/1.1" 200 1133
116.232.48.180 - - [30/Aug/2021:08:56:56 +0800] "GET /xingrg/kc/buy/cgsh_order_add.html HTTP/1.1" 200 63370
116.232.48.180 - - [30/Aug/2021:08:57:00 +0800] "GET /xingrg/javascript/easyui/themes/default/validatebox.css HTTP/1.1" 404 1104
116.232.48.180 - - [30/Aug/2021:08:57:00 +0800] "GET /xingrg/javascript/easyui/plugins/jquery.validatebox.js HTTP/1.1" 200 6103
116.232.48.180 - - [30/Aug/2021:08:57:00 +0800] "GET /xingrg/all/common/auto_word.html?type=employee&rest_code=00109 HTTP/1.1" 200 255
116.238.194.18 - - [30/Aug/2021:08:57:00 +0800] "GET /xingrg/all/function/internal_message.html?_=1630285006023&CODE_STATE=getMsg HTTP/1.1" 200 27
116.232.48.180 - - [30/Aug/2021:08:57:00 +0800] "POST /xingrg/kc/buy/cgsh_order_operate.html HTTP/1.1" 200 8245
116.232.48.180 - - [30/Aug/2021:08:57:00 +0800] "GET /xingrg/javascript/easyui/themes/icons/edit_remove.png HTTP/1.1" 200 625
116.232.48.180 - - [30/Aug/2021:08:57:00 +0800] "GET /xingrg/all/common/auto_word.html?type=employee&rest_code=00109 HTTP/1.1" 200 255
116.232.48.180 - - [30/Aug/2021:08:57:00 +0800] "GET /xingrg/javascript/easyui/plugins/jquery.numberbox.js HTTP/1.1" 200 5213
180.169.147.146 - - [30/Aug/2021:08:57:00 +0800] "GET /xingrg/all/function/internal_message.html?_=1630285020715&CODE_STATE=getMsg HTTP/1.1" 302 -
116.232.48.180 - - [30/Aug/2021:08:57:01 +0800] "GET /xingrg/javascript/jquery_tools/images/prev.gif HTTP/1.1" 404 1086
116.232.48.180 - - [30/Aug/2021:08:57:01 +0800] "GET /xingrg/javascript/jquery_tools/images/next.gif HTTP/1.1" 404 1086
222.69.129.74 - - [30/Aug/2021:08:57:09 +0800] "GET /xingrg/all/function/internal_message.html?_=1630285028060&CODE_STATE=getMsg HTTP/1.1" 200 27
116.232.48.180 - - [30/Aug/2021:08:57:12 +0800] "GET /xingrg/kc/buy/cgsh_order_operate.html?command=get_materiel&rest_code=00109&code=00101031006&supplier_code=00100240&order_time=2021-08-30 HTTP/1.1" 200 417
180.169.147.146 - - [30/Aug/2021:08:57:13 +0800] "GET /xingrg/all/function/internal_message.html?_=1630285032632&CODE_STATE=getMsg HTTP/1.1" 200 27
116.238.194.18 - - [30/Aug/2021:08:57:14 +0800] "GET /xingrg/check_reg.html?_=1630285033285 HTTP/1.1" 200 22
116.238.194.18 - - [30/Aug/2021:08:57:14 +0800] "GET /xingrg/all/function/internal_message.html?_=1630285033300&CODE_STATE=getMsg HTTP/1.1" 200 27
116.232.48.180 - - [30/Aug/2021:08:57:19 +0800] "POST /xingrg/kc/buy/cgsh_order_operate.html HTTP/1.1" 200 37
116.232.48.180 - - [30/Aug/2021:08:57:29 +0800] "POST /xingrg/kc/buy/cgsh_order_operate.html HTTP/1.1" 200 2660
222.70.179.113 - - [30/Aug/2021:08:57:30 +0800] "GET /xingrg/check_reg.html?_=1630285050621 HTTP/1.1" 302 -
116.232.48.180 - - [30/Aug/2021:08:57:30 +0800] "GET /xingrg/kc/print/load_config.html?kc_code=cgsh HTTP/1.1" 200 2076
116.232.48.180 - - [30/Aug/2021:08:57:30 +0800] "GET /xingrg/kc/print/load_data.html?order_code=212021083013600&kc_code=cgsh&condition= HTTP/1.1" 200 647
116.230.105.26 - - [30/Aug/2021:08:57:34 +0800] "GET /xingrg/all/function/internal_message.html?_=1630285012734&CODE_STATE=getMsg HTTP/1.1" 200 27
222.70.246.151 - - [30/Aug/2021:08:57:35 +0800] "GET /xingrg/all/function/internal_message.html?_=1630285056182&CODE_STATE=getMsg HTTP/1.1" 200 27
172.20.0.100 - - [30/Aug/2021:08:57:35 +0800] "GET /xingrg/all/function/internal_message.html?_=1630285054911&CODE_STATE=getMsg HTTP/1.1" 200 27
172.20.0.100 - - [30/Aug/2021:08:57:35 +0800] "GET /xingrg/check_reg.html?_=1630285054913 HTTP/1.1" 200 22
180.169.147.146 - - [30/Aug/2021:08:57:36 +0800] "GET /xingrg/check_reg.html?_=1630285057874 HTTP/1.1" 302 -
116.232.48.180 - - [30/Aug/2021:08:57:36 +0800] "GET /xingrg/kc/buy/cgsh_order_add.html HTTP/1.1" 200 63370
116.232.48.180 - - [30/Aug/2021:08:57:36 +0800] "GET /xingrg/javascript/easyui/themes/default/validatebox.css HTTP/1.1" 404 1104
116.232.48.180 - - [30/Aug/2021:08:57:36 +0800] "POST /xingrg/kc/buy/cgsh_order_operate.html HTTP/1.1" 200 8245
116.232.48.180 - - [30/Aug/2021:08:57:36 +0800] "GET /xingrg/all/common/auto_word.html?type=employee&rest_code=00109 HTTP/1.1" 200 255
116.232.48.180 - - [30/Aug/2021:08:57:36 +0800] "GET /xingrg/all/common/auto_word.html?type=employee&rest_code=00109 HTTP/1.1" 200 255
116.232.48.180 - - [30/Aug/2021:08:57:41 +0800] "GET /xingrg/javascript/jquery_tools/images/next.gif HTTP/1.1" 404 1086
116.232.48.180 - - [30/Aug/2021:08:57:41 +0800] "GET /xingrg/javascript/jquery_tools/images/prev.gif HTTP/1.1" 404 1086
120.253.135.82 - - [30/Aug/2021:08:57:43 +0800] "GET /xingrg/all/function/internal_message.html?_=1630284837685&CODE_STATE=getMsg HTTP/1.1" 200 27
101.83.145.79 - - [30/Aug/2021:08:57:44 +0800] "GET /xingrg/all/function/internal_message.html?_=1630285063865&CODE_STATE=getMsg HTTP/1.1" 200 27
116.232.48.180 - - [30/Aug/2021:08:57:46 +0800] "GET /xingrg/kc/buy/cgsh_order_operate.html?command=get_materiel&rest_code=00109&code=00101016025&supplier_code=00100035&order_time=2021-08-30 HTTP/1.1" 200 408
120.253.135.82 - - [30/Aug/2021:08:57:46 +0800] "GET /xingrg/check_reg.html?_=1630285072016 HTTP/1.1" 200 22
116.232.48.180 - - [30/Aug/2021:08:57:47 +0800] "GET /xingrg/all/function/internal_message.html?_=1630285066641&CODE_STATE=getMsg HTTP/1.1" 200 27
116.232.48.180 - - [30/Aug/2021:08:57:55 +0800] "GET /xingrg/kc/buy/cgsh_order_operate.html?command=get_materiel&rest_code=00109&code=00101016051&supplier_code=00100035&order_time=2021-08-30 HTTP/1.1" 200 408
116.238.194.18 - - [30/Aug/2021:08:58:00 +0800] "GET /xingrg/all/function/internal_message.html?_=1630285066030&CODE_STATE=getMsg HTTP/1.1" 200 27
180.169.147.146 - - [30/Aug/2021:08:58:00 +0800] "GET /xingrg/all/function/internal_message.html?_=1630285080688&CODE_STATE=getMsg HTTP/1.1" 302 -
180.169.147.146 - - [30/Aug/2021:08:58:00 +0800] "GET /xingrg/check_reg.html?_=1630285080783 HTTP/1.1" 302 -
222.69.129.74 - - [30/Aug/2021:08:58:09 +0800] "GET /xingrg/check_reg.html?_=1630285087902 HTTP/1.1" 200 22
222.69.129.74 - - [30/Aug/2021:08:58:09 +0800] "GET /xingrg/all/function/internal_message.html?_=1630285088050&CODE_STATE=getMsg HTTP/1.1" 200 27
116.232.48.180 - - [30/Aug/2021:08:58:12 +0800] "GET /xingrg/kc/buy/cgsh_order_operate.html?command=get_materiel&rest_code=00109&code=00101016105&supplier_code=00100035&order_time=2021-08-30 HTTP/1.1" 200 409
180.169.147.146 - - [30/Aug/2021:08:58:13 +0800] "GET /xingrg/all/function/internal_message.html?_=1630285092630&CODE_STATE=getMsg HTTP/1.1" 200 27
116.238.194.18 - - [30/Aug/2021:08:58:14 +0800] "GET /xingrg/all/function/internal_message.html?_=1630285093299&CODE_STATE=getMsg HTTP/1.1" 200 27
116.232.48.180 - - [30/Aug/2021:08:58:19 +0800] "GET /xingrg/kc/buy/cgsh_order_operate.html?command=get_materiel&rest_code=00109&code=00101016080&supplier_code=00100035&order_time=2021-08-30 HTTP/1.1" 200 408
116.232.48.180 - - [30/Aug/2021:08:58:24 +0800] "GET /xingrg/kc/buy/cgsh_order_operate.html?command=get_materiel&rest_code=00109&code=00101012025&supplier_code=00100035&order_time=2021-08-30 HTTP/1.1" 200 412
116.230.105.26 - - [30/Aug/2021:08:58:34 +0800] "GET /xingrg/all/function/internal_message.html?_=1630285072718&CODE_STATE=getMsg HTTP/1.1" 200 27
222.70.246.151 - - [30/Aug/2021:08:58:35 +0800] "GET /xingrg/all/function/internal_message.html?_=1630285116191&CODE_STATE=getMsg HTTP/1.1" 200 27
172.20.0.100 - - [30/Aug/2021:08:58:35 +0800] "GET /xingrg/all/function/internal_message.html?_=1630285114915&CODE_STATE=getMsg HTTP/1.1" 200 27
120.253.135.82 - - [30/Aug/2021:08:58:37 +0800] "GET /xingrg/check_reg.html?_=1630284892079 HTTP/1.1" 200 22
120.253.135.82 - - [30/Aug/2021:08:58:43 +0800] "GET /xingrg/all/function/internal_message.html?_=1630284897761&CODE_STATE=getMsg HTTP/1.1" 200 27
101.83.145.79 - - [30/Aug/2021:08:58:44 +0800] "GET /xingrg/all/function/internal_message.html?_=1630285123891&CODE_STATE=getMsg HTTP/1.1" 200 27
116.232.48.180 - - [30/Aug/2021:08:58:47 +0800] "GET /xingrg/all/function/internal_message.html?_=1630285126642&CODE_STATE=getMsg HTTP/1.1" 200 27
116.232.48.180 - - [30/Aug/2021:08:58:49 +0800] "POST /xingrg/kc/buy/cgsh_order_operate.html HTTP/1.1" 200 37
116.232.48.180 - - [30/Aug/2021:08:58:51 +0800] "POST /xingrg/kc/buy/cgsh_order_operate.html HTTP/1.1" 200 5003
116.232.48.180 - - [30/Aug/2021:08:58:52 +0800] "GET /xingrg/kc/print/load_config.html?kc_code=cgsh HTTP/1.1" 200 2076
116.232.48.180 - - [30/Aug/2021:08:58:52 +0800] "GET /xingrg/kc/print/load_data.html?order_code=212021083013601&kc_code=cgsh&condition= HTTP/1.1" 200 1557
