101.83.145.79 - - [30/Aug/2021:10:01:43 +0800] "GET /xingrg/all/function/internal_message.html?_=1630288902729&CODE_STATE=getMsg HTTP/1.1" 200 27
116.238.168.124 - - [30/Aug/2021:10:01:43 +0800] "GET /xingrg/kc/base/wldb_order_list.html HTTP/1.1" 200 19183
116.238.168.124 - - [30/Aug/2021:10:01:43 +0800] "POST /xingrg/kc/base/wldb_list_operate.html HTTP/1.1" 200 928
101.83.145.79 - - [30/Aug/2021:10:01:44 +0800] "GET /xingrg/check_reg.html?_=1630288903973 HTTP/1.1" 200 22
116.238.168.124 - - [30/Aug/2021:10:01:44 +0800] "GET /xingrg/kc/mdqp/pssh_order_list.html HTTP/1.1" 200 17786
117.184.7.26 - - [30/Aug/2021:10:01:44 +0800] "GET /xingrg/kc/base/check_order_add.html HTTP/1.1" 200 26360
117.184.7.26 - - [30/Aug/2021:10:01:44 +0800] "GET /xingrg/dwr/interface/AjaxComOrderService.js HTTP/1.1" 200 18264
117.184.7.26 - - [30/Aug/2021:10:01:44 +0800] "GET /xingrg/dwr/interface/AjaxCheckService.js HTTP/1.1" 200 14003
117.184.7.26 - - [30/Aug/2021:10:01:44 +0800] "GET /xingrg/dwr/engine.js HTTP/1.1" 200 43631
116.238.168.124 - - [30/Aug/2021:10:01:44 +0800] "POST /xingrg/kc/mdqp/pssh_list_operate.html HTTP/1.1" 200 5420
180.157.254.90 - - [30/Aug/2021:10:01:46 +0800] "GET /xingrg/all/function/internal_message.html?_=1630288906756&CODE_STATE=getMsg HTTP/1.1" 200 27
116.238.168.124 - - [30/Aug/2021:10:01:46 +0800] "GET /xingrg/kc/buy/cgsh_order_list.html HTTP/1.1" 200 47591
116.238.168.124 - - [30/Aug/2021:10:01:47 +0800] "POST /xingrg/kc/buy/cgsh_list_operate.html HTTP/1.1" 200 876
117.184.7.26 - - [30/Aug/2021:10:01:50 +0800] "POST /xingrg/dwr/call/plaincall/AjaxCheckService.saveOrder.dwr HTTP/1.1" 200 78
116.232.48.180 - - [30/Aug/2021:10:01:50 +0800] "GET /xingrg/all/function/internal_message.html?_=1630288910005&CODE_STATE=getMsg HTTP/1.1" 200 27
101.83.145.79 - - [30/Aug/2021:10:01:50 +0800] "GET /xingrg/kc/buy/cgsh_order_operate.html?command=get_materiel&rest_code=00105&code=00101010658&supplier_code=00100442&order_time=2021-08-30 HTTP/1.1" 200 395
117.184.7.26 - - [30/Aug/2021:10:01:51 +0800] "POST /xingrg/dwr/call/plaincall/AjaxCheckService.loadOrderItems.dwr HTTP/1.1" 200 367
116.238.194.18 - - [30/Aug/2021:10:01:52 +0800] "GET /xingrg/all/function/internal_message.html?_=1630288911896&CODE_STATE=getMsg HTTP/1.1" 200 27
180.169.147.146 - - [30/Aug/2021:10:01:53 +0800] "GET /xingrg/all/function/internal_message.html?_=1630288912867&CODE_STATE=getMsg HTTP/1.1" 200 27
117.184.7.26 - - [30/Aug/2021:10:01:54 +0800] "POST /xingrg/dwr/call/plaincall/AjaxCheckService.importOrderItems.dwr HTTP/1.1" 200 78
116.237.74.154 - - [30/Aug/2021:10:01:54 +0800] "GET /xingrg/kc/buy/cgsh_order_operate.html?command=get_materiel&rest_code=00106&code=00101002002&supplier_code=00100087&order_time=2021-08-30 HTTP/1.1" 200 418
222.70.179.113 - - [30/Aug/2021:10:01:55 +0800] "GET /xingrg/check_reg.html?_=1630288908620 HTTP/1.1" 302 -
117.184.7.26 - - [30/Aug/2021:10:01:55 +0800] "POST /xingrg/dwr/call/plaincall/AjaxCheckService.loadOrderItems.dwr HTTP/1.1" 200 8378
116.238.194.18 - - [30/Aug/2021:10:01:57 +0800] "GET /xingrg/all/function/internal_message.html?_=1630288903131&CODE_STATE=getMsg HTTP/1.1" 200 27
101.83.145.79 - - [30/Aug/2021:10:01:58 +0800] "POST /xingrg/kc/buy/cgsh_order_operate.html HTTP/1.1" 200 37
117.184.7.26 - - [30/Aug/2021:10:01:58 +0800] "GET /xingrg/kc/print/load_config.html?_=1630288917423&kc_code=check HTTP/1.1" 200 2411
117.184.7.26 - - [30/Aug/2021:10:01:58 +0800] "GET /xingrg/kc/print/load_data.html?_=1630288917483&order_code=452021083000345&kc_code=check&condition= HTTP/1.1" 200 2475
101.83.145.79 - - [30/Aug/2021:10:02:00 +0800] "POST /xingrg/kc/buy/cgsh_order_operate.html HTTP/1.1" 200 3828
101.85.52.72 - - [30/Aug/2021:10:02:01 +0800] "GET /xingrg/all/function/internal_message.html?_=1630288919301&CODE_STATE=getMsg HTTP/1.1" 200 27
116.238.168.124 - - [30/Aug/2021:10:02:05 +0800] "GET /xingrg/all/function/internal_message.html?_=1630288905315&CODE_STATE=getMsg HTTP/1.1" 200 27
101.83.145.79 - - [30/Aug/2021:10:02:06 +0800] "GET /xingrg/kc/print/load_data.html?order_code=212021083013646&kc_code=cgsh&condition= HTTP/1.1" 200 1104
222.69.129.74 - - [30/Aug/2021:10:02:08 +0800] "GET /xingrg/all/function/internal_message.html?_=1630288927442&CODE_STATE=getMsg HTTP/1.1" 200 27
101.83.145.79 - - [30/Aug/2021:10:02:11 +0800] "GET /xingrg/kc/buy/cgsh_order_add.html HTTP/1.1" 200 63376
101.83.145.79 - - [30/Aug/2021:10:02:12 +0800] "POST /xingrg/kc/buy/cgsh_order_operate.html HTTP/1.1" 200 8245
101.83.145.79 - - [30/Aug/2021:10:02:12 +0800] "GET /xingrg/javascript/easyui/themes/default/validatebox.css HTTP/1.1" 404 1104
101.85.52.72 - - [30/Aug/2021:10:02:20 +0800] "GET /xingrg/kc/buy/cgsh_order_add.html HTTP/1.1" 200 62568
101.85.52.72 - - [30/Aug/2021:10:02:20 +0800] "POST /xingrg/kc/buy/cgsh_order_operate.html HTTP/1.1" 200 8245
101.85.52.72 - - [30/Aug/2021:10:02:20 +0800] "GET /xingrg/javascript/easyui/themes/default/validatebox.css HTTP/1.1" 404 1104
124.79.246.142 - - [30/Aug/2021:10:02:22 +0800] "GET /xingrg/all/function/internal_message.html?_=1630289041354&CODE_STATE=getMsg HTTP/1.1" 200 27
180.169.147.146 - - [30/Aug/2021:10:02:23 +0800] "GET /xingrg/check_reg.html?_=1630288965408 HTTP/1.1" 200 22
180.169.147.146 - - [30/Aug/2021:10:02:23 +0800] "GET /xingrg/all/function/internal_message.html?_=1630288965410&CODE_STATE=getMsg HTTP/1.1" 200 27
180.169.147.146 - - [30/Aug/2021:10:02:26 +0800] "GET /xingrg/all/function/internal_message.html?_=1630288945906&CODE_STATE=getMsg HTTP/1.1" 200 27
116.237.74.154 - - [30/Aug/2021:10:02:26 +0800] "POST /xingrg/kc/buy/cgsh_order_operate.html HTTP/1.1" 200 37
101.83.145.79 - - [30/Aug/2021:10:02:26 +0800] "GET /xingrg/kc/buy/cgsh_order_operate.html?command=get_materiel&rest_code=00105&code=00101008055&supplier_code=00100440&order_time=2021-08-30 HTTP/1.1" 200 430
101.83.145.79 - - [30/Aug/2021:10:02:28 +0800] "GET /xingrg/all/function/internal_message.html?_=1630288898886&CODE_STATE=getMsg HTTP/1.1" 200 27
222.70.179.113 - - [30/Aug/2021:10:02:29 +0800] "GET /xingrg/check_reg.html?_=1630288950360 HTTP/1.1" 302 -
116.237.74.154 - - [30/Aug/2021:10:02:30 +0800] "GET /xingrg/check_reg.html?_=1630288950338 HTTP/1.1" 200 22
116.237.74.154 - - [30/Aug/2021:10:02:30 +0800] "GET /xingrg/all/function/internal_message.html?_=1630288950341&CODE_STATE=getMsg HTTP/1.1" 200 27
117.184.7.26 - - [30/Aug/2021:10:02:31 +0800] "GET /xingrg/all/function/internal_message.html?_=1630288950159&CODE_STATE=getMsg HTTP/1.1" 200 27
116.237.74.154 - - [30/Aug/2021:10:02:31 +0800] "POST /xingrg/kc/buy/cgsh_order_operate.html HTTP/1.1" 200 12
116.237.74.154 - - [30/Aug/2021:10:02:32 +0800] "GET /xingrg/kc/buy/cgsh_order_info.html?code=212021083013647 HTTP/1.1" 200 58238
116.237.74.154 - - [30/Aug/2021:10:02:32 +0800] "GET /xingrg/javascript/easyui/themes/default/validatebox.css HTTP/1.1" 404 1104
116.238.168.124 - - [30/Aug/2021:10:02:33 +0800] "GET /xingrg/check_reg.html?_=1630288952508 HTTP/1.1" 200 22
116.230.105.26 - - [30/Aug/2021:10:02:34 +0800] "GET /xingrg/all/function/internal_message.html?_=1630288912254&CODE_STATE=getMsg HTTP/1.1" 200 27
116.238.168.124 - - [30/Aug/2021:10:02:34 +0800] "GET /xingrg/all/function/internal_message.html?_=1630288952964&CODE_STATE=getMsg HTTP/1.1" 200 27
101.83.145.79 - - [30/Aug/2021:10:02:35 +0800] "POST /xingrg/kc/buy/cgsh_order_operate.html HTTP/1.1" 200 37
116.237.74.154 - - [30/Aug/2021:10:02:35 +0800] "POST /xingrg/kc/buy/cgsh_order_operate.html HTTP/1.1" 200 616
180.169.147.146 - - [30/Aug/2021:10:02:36 +0800] "GET /xingrg/check_reg.html?_=1630288957647 HTTP/1.1" 302 -
101.85.52.72 - - [30/Aug/2021:10:02:36 +0800] "GET /xingrg/kc/buy/cgsh_order_operate.html?command=get_materiel&rest_code=00145&code=00101008024&supplier_code=00100007&order_time=2021-08-27 HTTP/1.1" 200 408
116.237.74.154 - - [30/Aug/2021:10:02:38 +0800] "GET /xingrg/kc/print/load_data.html?order_code=212021083013647&kc_code=cgsh&condition= HTTP/1.1" 200 763
222.70.246.151 - - [30/Aug/2021:10:02:40 +0800] "GET /xingrg/all/function/internal_message.html?_=1630288960685&CODE_STATE=getMsg HTTP/1.1" 200 27
101.83.145.79 - - [30/Aug/2021:10:02:42 +0800] "POST /xingrg/kc/buy/cgsh_order_operate.html HTTP/1.1" 200 2653
101.83.145.79 - - [30/Aug/2021:10:02:43 +0800] "GET /xingrg/all/function/internal_message.html?_=1630288962718&CODE_STATE=getMsg HTTP/1.1" 200 27
101.85.52.72 - - [30/Aug/2021:10:02:43 +0800] "GET /xingrg/kc/buy/cgsh_order_operate.html?command=get_materiel&rest_code=00145&code=00101008355&supplier_code=00100007&order_time=2021-08-27 HTTP/1.1" 200 408
101.83.145.79 - - [30/Aug/2021:10:02:44 +0800] "GET /xingrg/kc/print/load_data.html?order_code=212021083013648&kc_code=cgsh&condition= HTTP/1.1" 200 672
180.157.254.90 - - [30/Aug/2021:10:02:46 +0800] "GET /xingrg/check_reg.html?_=1630288966755 HTTP/1.1" 200 22
180.157.254.90 - - [30/Aug/2021:10:02:46 +0800] "GET /xingrg/all/function/internal_message.html?_=1630288966758&CODE_STATE=getMsg HTTP/1.1" 200 27
120.253.135.82 - - [30/Aug/2021:10:02:47 +0800] "GET /xingrg/check_reg.html?_=1630288972131 HTTP/1.1" 200 22
101.83.145.79 - - [30/Aug/2021:10:02:48 +0800] "GET /xingrg/kc/buy/cgsh_order_add.html HTTP/1.1" 200 63376
101.83.145.79 - - [30/Aug/2021:10:02:48 +0800] "GET /xingrg/javascript/easyui/themes/default/validatebox.css HTTP/1.1" 404 1104
101.83.145.79 - - [30/Aug/2021:10:02:48 +0800] "POST /xingrg/kc/buy/cgsh_order_operate.html HTTP/1.1" 200 8245
116.237.74.154 - - [30/Aug/2021:10:02:50 +0800] "GET /xingrg/kc/buy/cgsh_order_add.html HTTP/1.1" 200 63329
116.237.74.154 - - [30/Aug/2021:10:02:50 +0800] "POST /xingrg/kc/buy/cgsh_order_operate.html HTTP/1.1" 200 8245
116.237.74.154 - - [30/Aug/2021:10:02:50 +0800] "GET /xingrg/javascript/easyui/themes/default/validatebox.css HTTP/1.1" 404 1104
116.232.48.180 - - [30/Aug/2021:10:02:50 +0800] "GET /xingrg/check_reg.html?_=1630288970005 HTTP/1.1" 200 22
116.232.48.180 - - [30/Aug/2021:10:02:50 +0800] "GET /xingrg/all/function/internal_message.html?_=1630288970008&CODE_STATE=getMsg HTTP/1.1" 200 27
101.85.52.72 - - [30/Aug/2021:10:02:51 +0800] "GET /xingrg/kc/buy/cgsh_order_operate.html?command=get_materiel&rest_code=00145&code=00101008356&supplier_code=00100007&order_time=2021-08-27 HTTP/1.1" 200 408
116.237.74.154 - - [30/Aug/2021:10:02:52 +0800] "GET /xingrg/javascript/easyui/themes/default/tree.css HTTP/1.1" 404 1090
116.237.74.154 - - [30/Aug/2021:10:02:52 +0800] "POST /xingrg/all/common/load_tree.html?tree=supplier_tree_json&isDelete=1 HTTP/1.1" 200 57570
116.238.194.18 - - [30/Aug/2021:10:02:52 +0800] "GET /xingrg/all/function/internal_message.html?_=1630288971897&CODE_STATE=getMsg HTTP/1.1" 200 27
180.169.147.146 - - [30/Aug/2021:10:02:53 +0800] "GET /xingrg/all/function/internal_message.html?_=1630288972871&CODE_STATE=getMsg HTTP/1.1" 200 27
101.85.52.72 - - [30/Aug/2021:10:02:57 +0800] "GET /xingrg/kc/buy/cgsh_order_operate.html?command=get_materiel&rest_code=00145&code=00101008205&supplier_code=00100007&order_time=2021-08-27 HTTP/1.1" 200 412
116.238.194.18 - - [30/Aug/2021:10:02:57 +0800] "GET /xingrg/all/function/internal_message.html?_=1630288963137&CODE_STATE=getMsg HTTP/1.1" 200 27
101.83.145.79 - - [30/Aug/2021:10:02:59 +0800] "GET /xingrg/kc/buy/cgsh_order_operate.html?command=get_materiel&rest_code=00105&code=00101010079&supplier_code=00100336&order_time=2021-08-30 HTTP/1.1" 200 413
101.85.52.72 - - [30/Aug/2021:10:03:01 +0800] "GET /xingrg/check_reg.html?_=1630288979231 HTTP/1.1" 200 22
101.85.52.72 - - [30/Aug/2021:10:03:01 +0800] "GET /xingrg/all/function/internal_message.html?_=1630288979298&CODE_STATE=getMsg HTTP/1.1" 200 27
116.238.168.124 - - [30/Aug/2021:10:03:06 +0800] "GET /xingrg/all/function/internal_message.html?_=1630288965543&CODE_STATE=getMsg HTTP/1.1" 200 27
101.83.145.79 - - [30/Aug/2021:10:03:08 +0800] "POST /xingrg/kc/buy/cgsh_order_operate.html HTTP/1.1" 200 37
222.69.129.74 - - [30/Aug/2021:10:03:08 +0800] "GET /xingrg/all/function/internal_message.html?_=1630288987433&CODE_STATE=getMsg HTTP/1.1" 200 27
101.85.52.72 - - [30/Aug/2021:10:03:09 +0800] "GET /xingrg/kc/buy/cgsh_order_operate.html?command=get_materiel&rest_code=00145&code=00101008049&supplier_code=00100007&order_time=2021-08-27 HTTP/1.1" 200 408
222.69.129.74 - - [30/Aug/2021:10:03:09 +0800] "GET /xingrg/check_reg.html?_=1630288988106 HTTP/1.1" 200 22
116.237.74.154 - - [30/Aug/2021:10:03:11 +0800] "GET /xingrg/kc/buy/cgsh_order_operate.html?command=get_materiel&rest_code=00106&code=00101004011&supplier_code=00100086&order_time=2021-08-30 HTTP/1.1" 200 434
101.83.145.79 - - [30/Aug/2021:10:03:14 +0800] "POST /xingrg/kc/buy/cgsh_order_operate.html HTTP/1.1" 200 2657
101.83.145.79 - - [30/Aug/2021:10:03:17 +0800] "GET /xingrg/kc/print/load_data.html?order_code=212021083013649&kc_code=cgsh&condition= HTTP/1.1" 200 664
101.83.145.79 - - [30/Aug/2021:10:03:20 +0800] "GET /xingrg/kc/buy/cgsh_order_add.html HTTP/1.1" 200 63376
101.83.145.79 - - [30/Aug/2021:10:03:21 +0800] "GET /xingrg/javascript/easyui/themes/default/validatebox.css HTTP/1.1" 404 1104
101.83.145.79 - - [30/Aug/2021:10:03:21 +0800] "POST /xingrg/kc/buy/cgsh_order_operate.html HTTP/1.1" 200 8245
124.79.246.142 - - [30/Aug/2021:10:03:22 +0800] "GET /xingrg/all/function/internal_message.html?_=1630289101361&CODE_STATE=getMsg HTTP/1.1" 200 27
180.169.147.146 - - [30/Aug/2021:10:03:23 +0800] "GET /xingrg/all/function/internal_message.html?_=1630289025408&CODE_STATE=getMsg HTTP/1.1" 200 27
116.237.74.154 - - [30/Aug/2021:10:03:25 +0800] "POST /xingrg/kc/buy/cgsh_order_operate.html HTTP/1.1" 200 37
180.169.147.146 - - [30/Aug/2021:10:03:26 +0800] "GET /xingrg/all/function/internal_message.html?_=1630289005909&CODE_STATE=getMsg HTTP/1.1" 200 27
101.83.145.79 - - [30/Aug/2021:10:03:28 +0800] "GET /xingrg/all/function/internal_message.html?_=1630288958885&CODE_STATE=getMsg HTTP/1.1" 200 27
101.85.52.72 - - [30/Aug/2021:10:03:28 +0800] "GET /xingrg/kc/buy/cgsh_order_operate.html?command=get_materiel&rest_code=00145&code=00101008005&supplier_code=00100007&order_time=2021-08-27 HTTP/1.1" 200 412
116.237.74.154 - - [30/Aug/2021:10:03:30 +0800] "POST /xingrg/kc/buy/cgsh_order_operate.html HTTP/1.1" 200 12
116.237.74.154 - - [30/Aug/2021:10:03:31 +0800] "GET /xingrg/kc/buy/cgsh_order_info.html?code=212021083013650 HTTP/1.1" 200 58242
117.184.7.26 - - [30/Aug/2021:10:03:31 +0800] "GET /xingrg/all/function/internal_message.html?_=1630289010156&CODE_STATE=getMsg HTTP/1.1" 200 27
117.184.7.26 - - [30/Aug/2021:10:03:31 +0800] "GET /xingrg/check_reg.html?_=1630289010205 HTTP/1.1" 200 22
116.237.74.154 - - [30/Aug/2021:10:03:31 +0800] "GET /xingrg/javascript/easyui/themes/default/validatebox.css HTTP/1.1" 404 1104
116.237.74.154 - - [30/Aug/2021:10:03:32 +0800] "POST /xingrg/kc/buy/cgsh_order_operate.html HTTP/1.1" 200 610
116.230.105.26 - - [30/Aug/2021:10:03:34 +0800] "GET /xingrg/all/function/internal_message.html?_=1630288972232&CODE_STATE=getMsg HTTP/1.1" 200 27
116.238.168.124 - - [30/Aug/2021:10:03:34 +0800] "GET /xingrg/all/function/internal_message.html?_=1630289012978&CODE_STATE=getMsg HTTP/1.1" 200 27
116.237.74.154 - - [30/Aug/2021:10:03:34 +0800] "GET /xingrg/kc/print/load_data.html?order_code=212021083013650&kc_code=cgsh&condition= HTTP/1.1" 200 765
101.83.145.79 - - [30/Aug/2021:10:03:36 +0800] "GET /xingrg/kc/buy/cgsh_order_operate.html?command=get_materiel&rest_code=00105&code=00101007032&supplier_code=00100094&order_time=2021-08-30 HTTP/1.1" 200 413
101.85.52.72 - - [30/Aug/2021:10:03:37 +0800] "GET /xingrg/kc/buy/cgsh_order_operate.html?command=get_materiel&rest_code=00145&code=00101008108&supplier_code=00100007&order_time=2021-08-27 HTTP/1.1" 200 412
222.70.246.151 - - [30/Aug/2021:10:03:40 +0800] "GET /xingrg/all/function/internal_message.html?_=1630289020693&CODE_STATE=getMsg HTTP/1.1" 200 27
101.83.145.79 - - [30/Aug/2021:10:03:43 +0800] "GET /xingrg/all/function/internal_message.html?_=1630289022713&CODE_STATE=getMsg HTTP/1.1" 200 27
116.237.74.154 - - [30/Aug/2021:10:03:43 +0800] "GET /xingrg/kc/buy/cgsh_order_add.html HTTP/1.1" 200 63329
116.237.74.154 - - [30/Aug/2021:10:03:44 +0800] "POST /xingrg/kc/buy/cgsh_order_operate.html HTTP/1.1" 200 8245
116.237.74.154 - - [30/Aug/2021:10:03:44 +0800] "GET /xingrg/javascript/easyui/themes/default/validatebox.css HTTP/1.1" 404 1104
116.237.74.154 - - [30/Aug/2021:10:03:45 +0800] "GET /xingrg/javascript/easyui/themes/default/tree.css HTTP/1.1" 404 1090
116.237.74.154 - - [30/Aug/2021:10:03:45 +0800] "POST /xingrg/all/common/load_tree.html?tree=supplier_tree_json&isDelete=1 HTTP/1.1" 200 57570
180.157.254.90 - - [30/Aug/2021:10:03:46 +0800] "GET /xingrg/all/function/internal_message.html?_=1630289026744&CODE_STATE=getMsg HTTP/1.1" 200 27
101.85.52.72 - - [30/Aug/2021:10:03:46 +0800] "GET /xingrg/kc/buy/cgsh_order_operate.html?command=get_materiel&rest_code=00145&code=00101008350&supplier_code=00100007&order_time=2021-08-27 HTTP/1.1" 200 408
116.232.48.180 - - [30/Aug/2021:10:03:50 +0800] "GET /xingrg/all/function/internal_message.html?_=1630289030009&CODE_STATE=getMsg HTTP/1.1" 200 27
116.238.194.18 - - [30/Aug/2021:10:03:52 +0800] "GET /xingrg/all/function/internal_message.html?_=1630289031896&CODE_STATE=getMsg HTTP/1.1" 200 27
180.169.147.146 - - [30/Aug/2021:10:03:53 +0800] "GET /xingrg/all/function/internal_message.html?_=1630289032859&CODE_STATE=getMsg HTTP/1.1" 200 27
116.230.105.26 - - [30/Aug/2021:10:03:54 +0800] "POST /xingrg/dwr/call/plaincall/AjaxCheckService.setItemNumber.dwr HTTP/1.1" 200 78
101.85.52.72 - - [30/Aug/2021:10:03:56 +0800] "GET /xingrg/kc/buy/cgsh_order_operate.html?command=get_materiel&rest_code=00145&code=00101008353&supplier_code=00100007&order_time=2021-08-27 HTTP/1.1" 200 408
116.238.194.18 - - [30/Aug/2021:10:03:57 +0800] "GET /xingrg/check_reg.html?_=1630289022840 HTTP/1.1" 200 22
116.238.194.18 - - [30/Aug/2021:10:03:57 +0800] "GET /xingrg/all/function/internal_message.html?_=1630289023159&CODE_STATE=getMsg HTTP/1.1" 200 27
101.83.145.79 - - [30/Aug/2021:10:04:01 +0800] "POST /xingrg/kc/buy/cgsh_order_operate.html HTTP/1.1" 200 37
101.85.52.72 - - [30/Aug/2021:10:04:01 +0800] "GET /xingrg/all/function/internal_message.html?_=1630289039310&CODE_STATE=getMsg HTTP/1.1" 200 27
180.169.147.146 - - [30/Aug/2021:10:04:02 +0800] "GET /xingrg/check_reg.html?_=1630289043914 HTTP/1.1" 302 -
101.83.145.79 - - [30/Aug/2021:10:04:02 +0800] "POST /xingrg/kc/buy/cgsh_order_operate.html HTTP/1.1" 200 2657
116.237.74.154 - - [30/Aug/2021:10:04:03 +0800] "GET /xingrg/kc/buy/cgsh_order_operate.html?command=get_materiel&rest_code=00106&code=00101002006&supplier_code=00100091&order_time=2021-08-30 HTTP/1.1" 200 414
116.238.168.124 - - [30/Aug/2021:10:04:04 +0800] "GET /xingrg/kc/buy/cgsh_order_add.html HTTP/1.1" 200 63288
101.83.145.79 - - [30/Aug/2021:10:04:04 +0800] "GET /xingrg/kc/print/load_data.html?order_code=212021083013651&kc_code=cgsh&condition= HTTP/1.1" 200 676
101.85.52.72 - - [30/Aug/2021:10:04:05 +0800] "GET /xingrg/kc/buy/cgsh_order_operate.html?command=get_materiel&rest_code=00145&code=00101008152&supplier_code=00100007&order_time=2021-08-27 HTTP/1.1" 200 408
116.238.168.124 - - [30/Aug/2021:10:04:05 +0800] "POST /xingrg/kc/buy/cgsh_order_operate.html HTTP/1.1" 200 8245
116.238.168.124 - - [30/Aug/2021:10:04:05 +0800] "GET /xingrg/check_reg.html?_=1630289024635 HTTP/1.1" 200 22
116.238.168.124 - - [30/Aug/2021:10:04:05 +0800] "GET /xingrg/javascript/easyui/themes/default/validatebox.css HTTP/1.1" 404 1104
116.238.168.124 - - [30/Aug/2021:10:04:06 +0800] "GET /xingrg/all/function/internal_message.html?_=1630289025552&CODE_STATE=getMsg HTTP/1.1" 200 27
101.83.145.79 - - [30/Aug/2021:10:04:08 +0800] "GET /xingrg/kc/buy/cgsh_order_add.html HTTP/1.1" 200 63376
101.83.145.79 - - [30/Aug/2021:10:04:08 +0800] "POST /xingrg/kc/buy/cgsh_order_operate.html HTTP/1.1" 200 8245
101.83.145.79 - - [30/Aug/2021:10:04:08 +0800] "GET /xingrg/javascript/easyui/themes/default/validatebox.css HTTP/1.1" 404 1104
222.69.129.74 - - [30/Aug/2021:10:04:08 +0800] "GET /xingrg/all/function/internal_message.html?_=1630289047420&CODE_STATE=getMsg HTTP/1.1" 200 27
116.230.105.26 - - [30/Aug/2021:10:04:13 +0800] "POST /xingrg/dwr/call/plaincall/AjaxCheckService.checkOrder.dwr HTTP/1.1" 200 80
101.85.52.72 - - [30/Aug/2021:10:04:14 +0800] "GET /xingrg/kc/buy/cgsh_order_operate.html?command=get_materiel&rest_code=00145&code=00101008323&supplier_code=00100007&order_time=2021-08-27 HTTP/1.1" 200 408
116.230.105.26 - - [30/Aug/2021:10:04:14 +0800] "GET /xingrg/kc/base/check_order_info.html?code=452021082900335 HTTP/1.1" 200 22860
116.230.105.26 - - [30/Aug/2021:10:04:14 +0800] "GET /xingrg/dwr/interface/AjaxComOrderService.js HTTP/1.1" 200 18264
116.230.105.26 - - [30/Aug/2021:10:04:14 +0800] "GET /xingrg/dwr/interface/AjaxCheckService.js HTTP/1.1" 200 14003
116.230.105.26 - - [30/Aug/2021:10:04:14 +0800] "GET /xingrg/dwr/engine.js HTTP/1.1" 200 43631
116.230.105.26 - - [30/Aug/2021:10:04:15 +0800] "POST /xingrg/dwr/call/plaincall/AjaxCheckService.loadOrderItems.dwr HTTP/1.1" 200 126227
101.85.52.72 - - [30/Aug/2021:10:04:20 +0800] "GET /xingrg/kc/buy/cgsh_order_operate.html?command=get_materiel&rest_code=00145&code=00101008298&supplier_code=00100007&order_time=2021-08-27 HTTP/1.1" 200 431
101.83.145.79 - - [30/Aug/2021:10:04:21 +0800] "GET /xingrg/kc/buy/cgsh_order_operate.html?command=get_materiel&rest_code=00105&code=00101003033&supplier_code=00100092&order_time=2021-08-30 HTTP/1.1" 200 424
124.79.246.142 - - [30/Aug/2021:10:04:22 +0800] "GET /xingrg/check_reg.html?_=1630289161359 HTTP/1.1" 200 22
124.79.246.142 - - [30/Aug/2021:10:04:22 +0800] "GET /xingrg/all/function/internal_message.html?_=1630289161360&CODE_STATE=getMsg HTTP/1.1" 200 27
180.169.147.146 - - [30/Aug/2021:10:04:23 +0800] "GET /xingrg/all/function/internal_message.html?_=1630289085408&CODE_STATE=getMsg HTTP/1.1" 200 27
116.237.74.154 - - [30/Aug/2021:10:04:24 +0800] "GET /xingrg/kc/buy/cgsh_order_operate.html?command=get_materiel&rest_code=00106&code=00101003019&supplier_code=00100091&order_time=2021-08-30 HTTP/1.1" 200 415
180.169.147.146 - - [30/Aug/2021:10:04:26 +0800] "GET /xingrg/all/function/internal_message.html?_=1630289065910&CODE_STATE=getMsg HTTP/1.1" 200 27
101.85.52.72 - - [30/Aug/2021:10:04:26 +0800] "GET /xingrg/kc/buy/cgsh_order_operate.html?command=get_materiel&rest_code=00145&code=00101008264&supplier_code=00100007&order_time=2021-08-27 HTTP/1.1" 200 412
101.83.145.79 - - [30/Aug/2021:10:04:28 +0800] "GET /xingrg/all/function/internal_message.html?_=1630289018883&CODE_STATE=getMsg HTTP/1.1" 200 27
116.237.74.154 - - [30/Aug/2021:10:04:30 +0800] "GET /xingrg/all/function/internal_message.html?_=1630289070349&CODE_STATE=getMsg HTTP/1.1" 200 27
116.230.105.26 - - [30/Aug/2021:10:04:30 +0800] "GET /xingrg/kc/base/check_order_list.html HTTP/1.1" 200 16308
117.184.7.26 - - [30/Aug/2021:10:04:31 +0800] "GET /xingrg/all/function/internal_message.html?_=1630289070159&CODE_STATE=getMsg HTTP/1.1" 200 27
116.230.105.26 - - [30/Aug/2021:10:04:31 +0800] "POST /xingrg/kc/base/check_list_operate.html HTTP/1.1" 200 781
116.230.105.26 - - [30/Aug/2021:10:04:31 +0800] "GET /xingrg/kc/base/check_order_list.html HTTP/1.1" 200 16308
116.230.105.26 - - [30/Aug/2021:10:04:31 +0800] "POST /xingrg/kc/base/check_list_operate.html HTTP/1.1" 200 781
116.230.105.26 - - [30/Aug/2021:10:04:34 +0800] "GET /xingrg/all/function/internal_message.html?_=1630289032229&CODE_STATE=getMsg HTTP/1.1" 200 27
116.230.105.26 - - [30/Aug/2021:10:04:34 +0800] "POST /xingrg/kc/base/check_list_operate.html HTTP/1.1" 200 8800
116.238.168.124 - - [30/Aug/2021:10:04:34 +0800] "GET /xingrg/all/function/internal_message.html?_=1630289072991&CODE_STATE=getMsg HTTP/1.1" 200 27
116.238.168.124 - - [30/Aug/2021:10:04:35 +0800] "GET /xingrg/javascript/easyui/themes/default/tree.css HTTP/1.1" 404 1090
116.238.168.124 - - [30/Aug/2021:10:04:35 +0800] "POST /xingrg/all/common/load_tree.html?tree=supplier_tree_json&isDelete=1 HTTP/1.1" 200 57570
101.85.52.72 - - [30/Aug/2021:10:04:36 +0800] "GET /xingrg/kc/buy/cgsh_order_operate.html?command=get_materiel&rest_code=00145&code=00101008199&supplier_code=00100007&order_time=2021-08-27 HTTP/1.1" 200 408
222.70.246.151 - - [30/Aug/2021:10:04:40 +0800] "GET /xingrg/all/function/internal_message.html?_=1630289080916&CODE_STATE=getMsg HTTP/1.1" 200 27
101.83.145.79 - - [30/Aug/2021:10:04:43 +0800] "GET /xingrg/all/function/internal_message.html?_=1630289082688&CODE_STATE=getMsg HTTP/1.1" 200 27
101.85.52.72 - - [30/Aug/2021:10:04:45 +0800] "GET /xingrg/kc/buy/cgsh_order_operate.html?command=get_materiel&rest_code=00145&code=00101008354&supplier_code=00100007&order_time=2021-08-27 HTTP/1.1" 200 23
180.157.254.90 - - [30/Aug/2021:10:04:46 +0800] "GET /xingrg/all/function/internal_message.html?_=1630289086746&CODE_STATE=getMsg HTTP/1.1" 200 27
101.83.145.79 - - [30/Aug/2021:10:04:49 +0800] "POST /xingrg/kc/buy/cgsh_order_operate.html HTTP/1.1" 200 37
116.237.74.154 - - [30/Aug/2021:10:04:50 +0800] "POST /xingrg/kc/buy/cgsh_order_operate.html HTTP/1.1" 200 88
116.232.48.180 - - [30/Aug/2021:10:04:50 +0800] "GET /xingrg/all/function/internal_message.html?_=1630289089995&CODE_STATE=getMsg HTTP/1.1" 200 27
101.85.52.72 - - [30/Aug/2021:10:04:52 +0800] "POST /xingrg/kc/buy/cgsh_order_operate.html HTTP/1.1" 200 37
101.83.145.79 - - [30/Aug/2021:10:04:52 +0800] "POST /xingrg/kc/buy/cgsh_order_operate.html HTTP/1.1" 200 2671
116.238.194.18 - - [30/Aug/2021:10:04:52 +0800] "GET /xingrg/all/function/internal_message.html?_=1630289091896&CODE_STATE=getMsg HTTP/1.1" 200 27
180.169.147.146 - - [30/Aug/2021:10:04:53 +0800] "GET /xingrg/all/function/internal_message.html?_=1630289092865&CODE_STATE=getMsg HTTP/1.1" 200 27
180.169.147.146 - - [30/Aug/2021:10:04:53 +0800] "GET /xingrg/check_reg.html?_=1630289092866 HTTP/1.1" 200 22
101.83.145.79 - - [30/Aug/2021:10:04:53 +0800] "GET /xingrg/kc/print/load_data.html?order_code=212021083013652&kc_code=cgsh&condition= HTTP/1.1" 200 732
116.237.74.154 - - [30/Aug/2021:10:04:55 +0800] "POST /xingrg/kc/buy/cgsh_order_operate.html HTTP/1.1" 200 37
101.85.52.72 - - [30/Aug/2021:10:04:55 +0800] "POST /xingrg/kc/buy/cgsh_order_operate.html HTTP/1.1" 200 8212
101.83.145.79 - - [30/Aug/2021:10:04:57 +0800] "GET /xingrg/kc/buy/cgsh_order_add.html HTTP/1.1" 200 63376
116.238.194.18 - - [30/Aug/2021:10:04:57 +0800] "GET /xingrg/all/function/internal_message.html?_=1630289083163&CODE_STATE=getMsg HTTP/1.1" 200 27
101.83.145.79 - - [30/Aug/2021:10:04:57 +0800] "GET /xingrg/javascript/easyui/themes/default/validatebox.css HTTP/1.1" 404 1104
101.83.145.79 - - [30/Aug/2021:10:04:57 +0800] "POST /xingrg/kc/buy/cgsh_order_operate.html HTTP/1.1" 200 8245
116.237.74.154 - - [30/Aug/2021:10:04:59 +0800] "POST /xingrg/kc/buy/cgsh_order_operate.html HTTP/1.1" 200 12
101.85.52.72 - - [30/Aug/2021:10:05:01 +0800] "GET /xingrg/login.html HTTP/1.1" 200 7641
116.237.74.154 - - [30/Aug/2021:10:05:01 +0800] "GET /xingrg/kc/buy/cgsh_order_info.html?code=212021083013655 HTTP/1.1" 200 58242
116.237.74.154 - - [30/Aug/2021:10:05:02 +0800] "GET /xingrg/javascript/easyui/themes/default/validatebox.css HTTP/1.1" 404 1104
101.85.52.72 - - [30/Aug/2021:10:05:02 +0800] "GET /favicon.ico HTTP/1.1" 404 -
116.237.74.154 - - [30/Aug/2021:10:05:02 +0800] "POST /xingrg/kc/buy/cgsh_order_operate.html HTTP/1.1" 200 1210
116.237.74.154 - - [30/Aug/2021:10:05:04 +0800] "GET /xingrg/kc/print/load_data.html?order_code=212021083013655&kc_code=cgsh&condition= HTTP/1.1" 200 1009
101.85.52.72 - - [30/Aug/2021:10:05:05 +0800] "POST /xingrg/login.do HTTP/1.1" 302 -
101.85.52.72 - - [30/Aug/2021:10:05:05 +0800] "GET /xingrg/index.html?sysBaseUrl=http%3A%2F%2F180.169.147.146%3A18081%2Fxingrg%2F&costTime=62×tamp=1630289105403 HTTP/1.1" 200 17179
101.85.52.72 - - [30/Aug/2021:10:05:05 +0800] "GET /favicon.ico HTTP/1.1" 404 -
101.85.52.72 - - [30/Aug/2021:10:05:05 +0800] "POST /xingrg/all/common/load_tree.html?tree=area_rest_tree_json&manage=1 HTTP/1.1" 200 351
101.85.52.72 - - [30/Aug/2021:10:05:05 +0800] "GET /xingrg/all/function/internal_message.html?_=1630289103211&CODE_STATE=count HTTP/1.1" 200 11
101.85.52.72 - - [30/Aug/2021:10:05:05 +0800] "GET /xingrg/check_reg.html?_=1630289103213 HTTP/1.1" 200 22
101.85.52.72 - - [30/Aug/2021:10:05:05 +0800] "POST /xingrg/load_menu.html HTTP/1.1" 200 5138
116.238.168.124 - - [30/Aug/2021:10:05:06 +0800] "GET /xingrg/all/function/internal_message.html?_=1630289085688&CODE_STATE=getMsg HTTP/1.1" 200 27
101.85.52.72 - - [30/Aug/2021:10:05:07 +0800] "GET /xingrg/kc/buy/buy_main.html HTTP/1.1" 200 12412
101.85.52.72 - - [30/Aug/2021:10:05:07 +0800] "GET /xingrg/css/new_ie.css HTTP/1.1" 404 1036
222.70.246.151 - - [30/Aug/2021:10:05:07 +0800] "GET /xingrg/check_reg.html?_=1630289108240 HTTP/1.1" 200 22
101.83.145.79 - - [30/Aug/2021:10:05:07 +0800] "GET /xingrg/kc/buy/cgsh_order_operate.html?command=get_materiel&rest_code=00105&code=00101010616&supplier_code=00100323&order_time=2021-08-30 HTTP/1.1" 200 397
101.85.52.72 - - [30/Aug/2021:10:05:07 +0800] "GET /xingrg/images/yd/bt.gif HTTP/1.1" 404 1040
101.85.52.72 - - [30/Aug/2021:10:05:08 +0800] "GET /xingrg/kc/buy/cgsh_order_list.html HTTP/1.1" 200 47597
222.69.129.74 - - [30/Aug/2021:10:05:08 +0800] "GET /xingrg/all/function/internal_message.html?_=1630289107410&CODE_STATE=getMsg HTTP/1.1" 200 27
116.237.74.154 - - [30/Aug/2021:10:05:09 +0800] "GET /xingrg/kc/buy/cgsh_order_add.html HTTP/1.1" 200 63329
116.237.74.154 - - [30/Aug/2021:10:05:10 +0800] "POST /xingrg/kc/buy/cgsh_order_operate.html HTTP/1.1" 200 8245
116.237.74.154 - - [30/Aug/2021:10:05:10 +0800] "GET /xingrg/javascript/easyui/themes/default/validatebox.css HTTP/1.1" 404 1104
101.85.52.72 - - [30/Aug/2021:10:05:10 +0800] "POST /xingrg/kc/buy/cgsh_list_operate.html HTTP/1.1" 200 1689
116.237.74.154 - - [30/Aug/2021:10:05:12 +0800] "GET /xingrg/javascript/easyui/themes/default/tree.css HTTP/1.1" 404 1090
116.237.74.154 - - [30/Aug/2021:10:05:12 +0800] "POST /xingrg/all/common/load_tree.html?tree=supplier_tree_json&isDelete=1 HTTP/1.1" 200 57570
101.85.52.72 - - [30/Aug/2021:10:05:12 +0800] "POST /xingrg/kc/buy/cgsh_list_operate.html HTTP/1.1" 200 559
101.85.52.72 - - [30/Aug/2021:10:05:13 +0800] "GET /xingrg/kc/buy/cgsh_order_info.html?code=212021083013654 HTTP/1.1" 200 62577
101.85.52.72 - - [30/Aug/2021:10:05:14 +0800] "GET /xingrg/javascript/easyui/themes/default/validatebox.css HTTP/1.1" 404 1104
101.85.52.72 - - [30/Aug/2021:10:05:14 +0800] "GET /xingrg/all/common/auto_word.html?type=employee&rest_code=00145 HTTP/1.1" 200 155
101.85.52.72 - - [30/Aug/2021:10:05:14 +0800] "GET /xingrg/all/common/auto_word.html?type=employee&rest_code=00145 HTTP/1.1" 200 155
101.85.52.72 - - [30/Aug/2021:10:05:14 +0800] "POST /xingrg/kc/buy/cgsh_order_operate.html HTTP/1.1" 200 10321
58.221.95.50 - - [30/Aug/2021:10:05:15 +0800] "GET /xingrg/check_reg.html?_=1630289115743 HTTP/1.1" 302 -
101.85.52.72 - - [30/Aug/2021:10:05:19 +0800] "GET /xingrg/javascript/auto/indicator.gif HTTP/1.1" 404 1066
124.79.246.142 - - [30/Aug/2021:10:05:22 +0800] "GET /xingrg/all/function/internal_message.html?_=1630289221367&CODE_STATE=getMsg HTTP/1.1" 200 27
180.169.147.146 - - [30/Aug/2021:10:05:23 +0800] "GET /xingrg/all/function/internal_message.html?_=1630289145408&CODE_STATE=getMsg HTTP/1.1" 200 27
101.85.52.72 - - [30/Aug/2021:10:05:23 +0800] "GET /xingrg/kc/buy/cgsh_order_operate.html?command=get_materiel&rest_code=00145&code=00101008354&supplier_code=00100007&order_time=2021-08-27 HTTP/1.1" 200 412
180.169.147.146 - - [30/Aug/2021:10:05:26 +0800] "GET /xingrg/all/function/internal_message.html?_=1630289125913&CODE_STATE=getMsg HTTP/1.1" 200 27
101.83.145.79 - - [30/Aug/2021:10:05:28 +0800] "GET /xingrg/all/function/internal_message.html?_=1630289078882&CODE_STATE=getMsg HTTP/1.1" 200 27
116.237.74.154 - - [30/Aug/2021:10:05:30 +0800] "GET /xingrg/all/function/internal_message.html?_=1630289130326&CODE_STATE=getMsg HTTP/1.1" 200 27
117.184.7.26 - - [30/Aug/2021:10:05:31 +0800] "GET /xingrg/all/function/internal_message.html?_=1630289130160&CODE_STATE=getMsg HTTP/1.1" 200 27
101.85.52.72 - - [30/Aug/2021:10:05:31 +0800] "GET /xingrg/kc/buy/cgsh_order_operate.html?command=get_materiel&rest_code=00145&code=00101012070&supplier_code=00100007&order_time=2021-08-27 HTTP/1.1" 200 398
116.230.105.26 - - [30/Aug/2021:10:05:32 +0800] "GET /xingrg/check_reg.html?_=1630289090307 HTTP/1.1" 200 22
116.237.74.154 - - [30/Aug/2021:10:05:32 +0800] "GET /xingrg/kc/buy/cgsh_order_operate.html?command=get_materiel&rest_code=00106&code=00101002042&supplier_code=00100088&order_time=2021-08-30 HTTP/1.1" 200 416
116.230.105.26 - - [30/Aug/2021:10:05:34 +0800] "GET /xingrg/all/function/internal_message.html?_=1630289092205&CODE_STATE=getMsg HTTP/1.1" 200 27
116.238.168.124 - - [30/Aug/2021:10:05:34 +0800] "GET /xingrg/all/function/internal_message.html?_=1630289133018&CODE_STATE=getMsg HTTP/1.1" 200 27
101.83.145.79 - - [30/Aug/2021:10:05:35 +0800] "GET /xingrg/kc/buy/cgsh_order_operate.html?command=get_materiel&rest_code=00105&code=00101007057&supplier_code=00100323&order_time=2021-08-30 HTTP/1.1" 200 413
101.85.52.72 - - [30/Aug/2021:10:05:39 +0800] "POST /xingrg/kc/buy/cgsh_order_operate.html HTTP/1.1" 200 37
222.70.246.151 - - [30/Aug/2021:10:05:40 +0800] "GET /xingrg/all/function/internal_message.html?_=1630289140923&CODE_STATE=getMsg HTTP/1.1" 200 27
101.85.52.72 - - [30/Aug/2021:10:05:41 +0800] "POST /xingrg/kc/buy/cgsh_order_operate.html HTTP/1.1" 200 11504
101.83.145.79 - - [30/Aug/2021:10:05:42 +0800] "GET /xingrg/all/function/internal_message.html?_=1630289142647&CODE_STATE=getMsg HTTP/1.1" 200 27
180.157.254.90 - - [30/Aug/2021:10:05:46 +0800] "GET /xingrg/all/function/internal_message.html?_=1630289146746&CODE_STATE=getMsg HTTP/1.1" 200 27
116.238.168.124 - - [30/Aug/2021:10:05:46 +0800] "GET /xingrg/kc/buy/cgsh_order_operate.html?command=get_materiel&rest_code=00102&code=00101001075&supplier_code=00100400&order_time=2021-08-30 HTTP/1.1" 200 411
101.85.52.72 - - [30/Aug/2021:10:05:47 +0800] "GET /xingrg/kc/print/load_config.html?kc_code=cgsh HTTP/1.1" 200 2076
101.85.52.72 - - [30/Aug/2021:10:05:47 +0800] "GET /xingrg/kc/print/load_data.html?order_code=212021083013654&kc_code=cgsh&condition= HTTP/1.1" 200 4059
101.83.145.79 - - [30/Aug/2021:10:05:47 +0800] "GET /xingrg/kc/buy/cgsh_order_operate.html?command=get_materiel&rest_code=00105&code=00101007039&supplier_code=00100323&order_time=2021-08-30 HTTP/1.1" 200 413
58.37.227.186 - - [30/Aug/2021:10:05:50 +0800] "POST /xingrg/services/DataTransmitService HTTP/1.1" 200 524
101.83.145.79 - - [30/Aug/2021:10:05:50 +0800] "GET /xingrg/javascript/jquery_easy_ui/themes/default/images/tabs_close.gif HTTP/1.1" 304 -
101.83.145.79 - - [30/Aug/2021:10:05:50 +0800] "GET /xingrg/kc/buy/buy_main.html HTTP/1.1" 200 12412
101.83.145.79 - - [30/Aug/2021:10:05:50 +0800] "GET /xingrg/css/new_ie.css HTTP/1.1" 404 1036
101.83.145.79 - - [30/Aug/2021:10:05:50 +0800] "GET /xingrg/css/blue.css HTTP/1.1" 304 -
101.83.145.79 - - [30/Aug/2021:10:05:50 +0800] "GET /xingrg/javascript/jquery_ui/themes/humanity/humanity.css HTTP/1.1" 304 -
101.83.145.79 - - [30/Aug/2021:10:05:50 +0800] "GET /xingrg/javascript/pic_change.js HTTP/1.1" 304 -
101.83.145.79 - - [30/Aug/2021:10:05:50 +0800] "GET /xingrg/javascript/ToolTips.js HTTP/1.1" 304 -
101.83.145.79 - - [30/Aug/2021:10:05:50 +0800] "GET /xingrg/javascript/myfunction.js HTTP/1.1" 304 -
101.83.145.79 - - [30/Aug/2021:10:05:50 +0800] "GET /xingrg/javascript/jquery_ui/jquery-ui.min.js HTTP/1.1" 304 -
101.83.145.79 - - [30/Aug/2021:10:05:50 +0800] "GET /xingrg/images/blue/button/cgxqd.gif HTTP/1.1" 304 -
101.83.145.79 - - [30/Aug/2021:10:05:50 +0800] "GET /xingrg/images/blue/button/cgydd.gif HTTP/1.1" 304 -
101.83.145.79 - - [30/Aug/2021:10:05:50 +0800] "GET /xingrg/images/blue/button/cgshd.gif HTTP/1.1" 304 -
101.83.145.79 - - [30/Aug/2021:10:05:50 +0800] "GET /xingrg/images/blue/button/cgfkd.gif HTTP/1.1" 304 -
101.83.145.79 - - [30/Aug/2021:10:05:50 +0800] "GET /xingrg/images/blue/button/ckthd.gif HTTP/1.1" 304 -
101.83.145.79 - - [30/Aug/2021:10:05:50 +0800] "GET /xingrg/images/blue/button/kc.gif HTTP/1.1" 304 -
101.83.145.79 - - [30/Aug/2021:10:05:50 +0800] "GET /xingrg/images/blue/pic_form2.gif HTTP/1.1" 304 -
58.37.227.186 - - [30/Aug/2021:10:05:50 +0800] "POST /xingrg/services/DataTransmitService HTTP/1.1" 200 501
101.83.145.79 - - [30/Aug/2021:10:05:50 +0800] "GET /xingrg/javascript/jquery_ui/themes/humanity/images/ui-bg_inset-soft_100_f4f0ec_1x100.png HTTP/1.1" 304 -
101.83.145.79 - - [30/Aug/2021:10:05:50 +0800] "GET /xingrg/images/blue/bg_dotted.jpg HTTP/1.1" 304 -
101.83.145.79 - - [30/Aug/2021:10:05:50 +0800] "GET /xingrg/images/blue/button/right_ah.jpg HTTP/1.1" 304 -
101.83.145.79 - - [30/Aug/2021:10:05:50 +0800] "GET /xingrg/images/blue/button/down_ah.jpg HTTP/1.1" 304 -
116.232.48.180 - - [30/Aug/2021:10:05:50 +0800] "GET /xingrg/all/function/internal_message.html?_=1630289149995&CODE_STATE=getMsg HTTP/1.1" 200 27
101.83.145.79 - - [30/Aug/2021:10:05:50 +0800] "GET /xingrg/javascript/jquery_ui/themes/humanity/images/ui-iconsnew.jpg HTTP/1.1" 304 -
101.83.145.79 - - [30/Aug/2021:10:05:50 +0800] "GET /xingrg/javascript/jquery_ui/themes/humanity/images/ui-icons_ffffff_256x240.png HTTP/1.1" 304 -
101.83.145.79 - - [30/Aug/2021:10:05:50 +0800] "GET /xingrg/javascript/jquery_ui/themes/humanity/images/ui-bg_glass_70_ede4d4_1x400.png HTTP/1.1" 304 -
101.83.145.79 - - [30/Aug/2021:10:05:50 +0800] "GET /xingrg/javascript/jquery_ui/themes/humanity/images/ui-icons_c47a23_256x240.png HTTP/1.1" 304 -
116.238.194.18 - - [30/Aug/2021:10:05:52 +0800] "GET /xingrg/all/function/internal_message.html?_=1630289151914&CODE_STATE=getMsg HTTP/1.1" 200 27
116.238.194.18 - - [30/Aug/2021:10:05:52 +0800] "GET /xingrg/check_reg.html?_=1630289151918 HTTP/1.1" 200 22
101.85.52.72 - - [30/Aug/2021:10:05:53 +0800] "GET /xingrg/kc/buy/cgsh_order_add.html HTTP/1.1" 200 62568
180.169.147.146 - - [30/Aug/2021:10:05:53 +0800] "GET /xingrg/all/function/internal_message.html?_=1630289152868&CODE_STATE=getMsg HTTP/1.1" 200 27
101.85.52.72 - - [30/Aug/2021:10:05:54 +0800] "POST /xingrg/kc/buy/cgsh_order_operate.html HTTP/1.1" 200 8245
101.85.52.72 - - [30/Aug/2021:10:05:54 +0800] "GET /xingrg/javascript/easyui/themes/default/validatebox.css HTTP/1.1" 404 1104
101.85.52.72 - - [30/Aug/2021:10:05:54 +0800] "GET /xingrg/javascript/jquery_tools/images/prev.gif HTTP/1.1" 404 1086
101.85.52.72 - - [30/Aug/2021:10:05:54 +0800] "GET /xingrg/javascript/jquery_tools/images/next.gif HTTP/1.1" 404 1086
101.83.145.79 - - [30/Aug/2021:10:05:56 +0800] "GET /xingrg/kc/base/base_main.html HTTP/1.1" 200 12142
101.83.145.79 - - [30/Aug/2021:10:05:56 +0800] "GET /xingrg/images/blue/button/wlsy.gif HTTP/1.1" 304 -
101.83.145.79 - - [30/Aug/2021:10:05:56 +0800] "GET /xingrg/images/blue/button/ckpd.gif HTTP/1.1" 304 -
101.83.145.79 - - [30/Aug/2021:10:05:56 +0800] "GET /xingrg/images/blue/button/ckdb.gif HTTP/1.1" 304 -
101.83.145.79 - - [30/Aug/2021:10:05:56 +0800] "GET /xingrg/images/blue/button/yddb.gif HTTP/1.1" 304 -
101.83.145.79 - - [30/Aug/2021:10:05:56 +0800] "GET /xingrg/images/blue/button/top_left.jpg HTTP/1.1" 304 -
101.83.145.79 - - [30/Aug/2021:10:05:56 +0800] "GET /xingrg/images/blue/button/top_right.jpg HTTP/1.1" 304 -
101.83.145.79 - - [30/Aug/2021:10:05:56 +0800] "GET /xingrg/images/blue/button/down.jpg HTTP/1.1" 304 -
101.83.145.79 - - [30/Aug/2021:10:05:56 +0800] "GET /xingrg/images/blue/button/left_ah.jpg HTTP/1.1" 304 -
101.83.145.79 - - [30/Aug/2021:10:05:56 +0800] "GET /xingrg/images/blue/button/bottom_left.jpg HTTP/1.1" 304 -
101.83.145.79 - - [30/Aug/2021:10:05:56 +0800] "GET /xingrg/images/blue/button/bottom_right.jpg HTTP/1.1" 304 -
116.238.194.18 - - [30/Aug/2021:10:05:57 +0800] "GET /xingrg/all/function/internal_message.html?_=1630289143177&CODE_STATE=getMsg HTTP/1.1" 200 27
101.83.145.79 - - [30/Aug/2021:10:05:58 +0800] "GET /xingrg/kc/base/wldb_order_list.html HTTP/1.1" 200 19183
101.83.145.79 - - [30/Aug/2021:10:05:58 +0800] "GET /xingrg/css/base.css HTTP/1.1" 304 -
101.83.145.79 - - [30/Aug/2021:10:05:58 +0800] "GET /xingrg/css/site.css HTTP/1.1" 304 -
101.83.145.79 - - [30/Aug/2021:10:05:58 +0800] "GET /xingrg/javascript/jquery_tools/datebox.css HTTP/1.1" 304 -
101.83.145.79 - - [30/Aug/2021:10:05:58 +0800] "GET /xingrg/javascript/easyui/themes/default/easyui.css HTTP/1.1" 304 -
101.83.145.79 - - [30/Aug/2021:10:05:58 +0800] "GET /xingrg/javascript/easyui/themes/icon.css HTTP/1.1" 304 -
101.83.145.79 - - [30/Aug/2021:10:05:58 +0800] "GET /xingrg/javascript/auto/jquery.autocomplete.css HTTP/1.1" 304 -
101.83.145.79 - - [30/Aug/2021:10:05:58 +0800] "GET /xingrg/javascript/jquery_tools/fix.css HTTP/1.1" 304 -
101.83.145.79 - - [30/Aug/2021:10:05:58 +0800] "GET /xingrg/javascript/jquery_tools/table.css HTTP/1.1" 304 -
101.83.145.79 - - [30/Aug/2021:10:05:58 +0800] "GET /xingrg/javascript/jquery_tools/jquery.tools.min.js HTTP/1.1" 304 -
101.83.145.79 - - [30/Aug/2021:10:05:58 +0800] "GET /xingrg/javascript/jquery_tools/jquery.tools.extend.js HTTP/1.1" 304 -
101.83.145.79 - - [30/Aug/2021:10:05:58 +0800] "GET /xingrg/javascript/jquery_tools/jquery.tools.hotkey.js HTTP/1.1" 304 -
101.83.145.79 - - [30/Aug/2021:10:05:58 +0800] "GET /xingrg/javascript/jquery_tools/jquery.tools.table.js HTTP/1.1" 304 -
101.83.145.79 - - [30/Aug/2021:10:05:58 +0800] "GET /xingrg/javascript/jquery_tools/list_manager.js HTTP/1.1" 304 -
101.83.145.79 - - [30/Aug/2021:10:05:58 +0800] "GET /xingrg/javascript/auto/jquery.autocomplete.js HTTP/1.1" 304 -
101.83.145.79 - - [30/Aug/2021:10:05:58 +0800] "GET /xingrg/javascript/jquery.cookie.js HTTP/1.1" 304 -
101.83.145.79 - - [30/Aug/2021:10:05:58 +0800] "GET /xingrg/javascript/easyui/easyloader.js HTTP/1.1" 304 -
101.83.145.79 - - [30/Aug/2021:10:05:58 +0800] "GET /xingrg/javascript/print/LodopFuncs.js HTTP/1.1" 304 -
101.83.145.79 - - [30/Aug/2021:10:05:59 +0800] "GET /xingrg/javascript/easyui/themes/icons/edit_add_new.png HTTP/1.1" 304 -
101.83.145.79 - - [30/Aug/2021:10:05:59 +0800] "GET /xingrg/javascript/easyui/themes/icons/cance_new.png HTTP/1.1" 304 -
101.83.145.79 - - [30/Aug/2021:10:05:59 +0800] "GET /xingrg/javascript/easyui/themes/icons/check_new.png HTTP/1.1" 304 -
101.83.145.79 - - [30/Aug/2021:10:05:59 +0800] "GET /xingrg/javascript/easyui/themes/icons/field_new.png HTTP/1.1" 304 -
101.83.145.79 - - [30/Aug/2021:10:05:59 +0800] "GET /xingrg/javascript/easyui/themes/icons/import_new.png HTTP/1.1" 304 -
101.83.145.79 - - [30/Aug/2021:10:05:59 +0800] "GET /xingrg/javascript/easyui/plugins/jquery.parser.js HTTP/1.1" 304 -
101.83.145.79 - - [30/Aug/2021:10:05:59 +0800] "GET /xingrg/images/control/ajaxLoader.gif HTTP/1.1" 304 -
101.83.145.79 - - [30/Aug/2021:10:05:59 +0800] "POST /xingrg/kc/base/wldb_list_operate.html HTTP/1.1" 200 928
101.83.145.79 - - [30/Aug/2021:10:06:00 +0800] "GET /xingrg/kc/buy/cgsh_order_operate.html?command=get_materiel&rest_code=00105&code=00101020113&supplier_code=00100323&order_time=2021-08-30 HTTP/1.1" 200 409
101.83.145.79 - - [30/Aug/2021:10:06:00 +0800] "GET /xingrg/javascript/easyui/themes/default/images/button_plain_hover.png HTTP/1.1" 304 -
116.237.74.154 - - [30/Aug/2021:10:06:01 +0800] "GET /xingrg/kc/buy/cgsh_order_operate.html?command=get_materiel&rest_code=00106&code=00101003041&supplier_code=00100088&order_time=2021-08-30 HTTP/1.1" 200 416
101.83.145.79 - - [30/Aug/2021:10:06:02 +0800] "GET /xingrg/kc/base/wldb_order_add.html HTTP/1.1" 200 30397
101.83.145.79 - - [30/Aug/2021:10:06:02 +0800] "GET /xingrg/javascript/jquery_tools/order_manager.js HTTP/1.1" 304 -
101.83.145.79 - - [30/Aug/2021:10:06:02 +0800] "GET /xingrg/javascript/convert.js HTTP/1.1" 304 -
101.83.145.79 - - [30/Aug/2021:10:06:02 +0800] "GET /xingrg/javascript/json2.js HTTP/1.1" 304 -
101.83.145.79 - - [30/Aug/2021:10:06:02 +0800] "GET /xingrg/javascript/print/kc_print.js HTTP/1.1" 304 -
101.83.145.79 - - [30/Aug/2021:10:06:02 +0800] "GET /xingrg/words/20210829130122_words.js HTTP/1.1" 200 837638
101.83.145.79 - - [30/Aug/2021:10:06:02 +0800] "GET /xingrg/javascript/easyui/themes/icons/print.png HTTP/1.1" 304 -
101.83.145.79 - - [30/Aug/2021:10:06:02 +0800] "GET /xingrg/javascript/easyui/themes/icons/cancel.png HTTP/1.1" 304 -
101.83.145.79 - - [30/Aug/2021:10:06:02 +0800] "GET /xingrg/javascript/easyui/themes/default/images/menu_downarrow.png HTTP/1.1" 304 -
101.83.145.79 - - [30/Aug/2021:10:06:02 +0800] "GET /xingrg/javascript/easyui/themes/icons/ok.png HTTP/1.1" 304 -
101.83.145.79 - - [30/Aug/2021:10:06:02 +0800] "GET /xingrg/javascript/easyui/themes/icons/template_new.png HTTP/1.1" 304 -
101.85.52.72 - - [30/Aug/2021:10:06:03 +0800] "GET /xingrg/kc/buy/cgsh_order_operate.html?command=get_materiel&rest_code=00145&code=00101011001&supplier_code=00100047&order_time=2021-08-27 HTTP/1.1" 200 423
101.83.145.79 - - [30/Aug/2021:10:06:03 +0800] "POST /xingrg/kc/base/wldb_order_operate.html HTTP/1.1" 200 6806
101.83.145.79 - - [30/Aug/2021:10:06:03 +0800] "GET /xingrg/all/common/auto_word.html?type=base&rest_code=00105 HTTP/1.1" 200 1811
101.83.145.79 - - [30/Aug/2021:10:06:03 +0800] "GET /xingrg/all/common/auto_word.html?type=base&rest_code=00105 HTTP/1.1" 200 1811
101.83.145.79 - - [30/Aug/2021:10:06:03 +0800] "GET /xingrg/javascript/easyui/themes/default/validatebox.css HTTP/1.1" 404 1104
101.83.145.79 - - [30/Aug/2021:10:06:03 +0800] "GET /xingrg/javascript/easyui/plugins/jquery.validatebox.js HTTP/1.1" 304 -
101.83.145.79 - - [30/Aug/2021:10:06:03 +0800] "GET /xingrg/javascript/easyui/plugins/jquery.numberbox.js HTTP/1.1" 304 -
101.83.145.79 - - [30/Aug/2021:10:06:03 +0800] "GET /xingrg/javascript/easyui/themes/icons/edit_remove.png HTTP/1.1" 304 -
101.83.145.79 - - [30/Aug/2021:10:06:05 +0800] "GET /xingrg/css/images/panel_loading.gif HTTP/1.1" 304 -
101.83.145.79 - - [30/Aug/2021:10:06:05 +0800] "POST /xingrg/all/common/load_combo.html?type=base HTTP/1.1" 200 3236
101.85.52.72 - - [30/Aug/2021:10:06:05 +0800] "GET /xingrg/all/function/internal_message.html?_=1630289163268&CODE_STATE=getMsg HTTP/1.1" 200 27
116.238.168.124 - - [30/Aug/2021:10:06:06 +0800] "GET /xingrg/all/function/internal_message.html?_=1630289145707&CODE_STATE=getMsg HTTP/1.1" 200 27
222.69.129.74 - - [30/Aug/2021:10:06:08 +0800] "GET /xingrg/all/function/internal_message.html?_=1630289167399&CODE_STATE=getMsg HTTP/1.1" 200 27
101.85.52.72 - - [30/Aug/2021:10:06:10 +0800] "POST /xingrg/kc/buy/cgsh_order_operate.html HTTP/1.1" 200 37
101.85.52.72 - - [30/Aug/2021:10:06:11 +0800] "POST /xingrg/kc/buy/cgsh_order_operate.html HTTP/1.1" 200 2666
116.238.168.124 - - [30/Aug/2021:10:06:12 +0800] "GET /xingrg/kc/buy/cgsh_order_operate.html?command=get_materiel&rest_code=00102&code=00101005037&supplier_code=00100400&order_time=2021-08-30 HTTP/1.1" 200 409
101.83.145.79 - - [30/Aug/2021:10:06:15 +0800] "POST /xingrg/all/common/load_combo.html?type=base HTTP/1.1" 200 3236
101.85.52.72 - - [30/Aug/2021:10:06:16 +0800] "POST /xingrg/kc/buy/cgsh_list_operate.html HTTP/1.1" 200 2049
124.79.246.142 - - [30/Aug/2021:10:06:22 +0800] "GET /xingrg/all/function/internal_message.html?_=1630289281351&CODE_STATE=getMsg HTTP/1.1" 200 27
180.169.147.146 - - [30/Aug/2021:10:06:23 +0800] "GET /xingrg/all/function/internal_message.html?_=1630289205410&CODE_STATE=getMsg HTTP/1.1" 200 27
116.237.74.154 - - [30/Aug/2021:10:06:23 +0800] "POST /xingrg/kc/buy/cgsh_order_operate.html HTTP/1.1" 200 37
101.83.145.79 - - [30/Aug/2021:10:06:23 +0800] "GET /xingrg/kc/buy/cgsh_order_operate.html?command=get_materiel&rest_code=00105&code=00101010063&supplier_code=00100323&order_time=2021-08-30 HTTP/1.1" 200 409
101.85.52.72 - - [30/Aug/2021:10:06:25 +0800] "GET /xingrg/kc/buy/cgsh_order_add.html HTTP/1.1" 200 62568
101.85.52.72 - - [30/Aug/2021:10:06:25 +0800] "POST /xingrg/kc/buy/cgsh_order_operate.html HTTP/1.1" 200 8245
101.85.52.72 - - [30/Aug/2021:10:06:25 +0800] "GET /xingrg/javascript/easyui/themes/default/validatebox.css HTTP/1.1" 404 1104
180.169.147.146 - - [30/Aug/2021:10:06:26 +0800] "GET /xingrg/all/function/internal_message.html?_=1630289185913&CODE_STATE=getMsg HTTP/1.1" 200 27
180.169.147.146 - - [30/Aug/2021:10:06:26 +0800] "GET /xingrg/check_reg.html?_=1630289185917 HTTP/1.1" 200 22
116.238.168.124 - - [30/Aug/2021:10:06:26 +0800] "POST /xingrg/kc/buy/cgsh_order_operate.html HTTP/1.1" 200 37
101.83.145.79 - - [30/Aug/2021:10:06:28 +0800] "GET /xingrg/check_reg.html?_=1630289138925 HTTP/1.1" 200 22
101.83.145.79 - - [30/Aug/2021:10:06:28 +0800] "GET /xingrg/all/function/internal_message.html?_=1630289138922&CODE_STATE=getMsg HTTP/1.1" 200 27
116.237.74.154 - - [30/Aug/2021:10:06:30 +0800] "GET /xingrg/all/function/internal_message.html?_=1630289190314&CODE_STATE=getMsg HTTP/1.1" 200 27
101.83.145.79 - - [30/Aug/2021:10:06:30 +0800] "POST /xingrg/kc/buy/cgsh_order_operate.html HTTP/1.1" 200 37
117.184.7.26 - - [30/Aug/2021:10:06:31 +0800] "GET /xingrg/all/function/internal_message.html?_=1630289190161&CODE_STATE=getMsg HTTP/1.1" 200 27
101.83.145.79 - - [30/Aug/2021:10:06:32 +0800] "POST /xingrg/kc/buy/cgsh_order_operate.html HTTP/1.1" 200 5017
116.237.74.154 - - [30/Aug/2021:10:06:33 +0800] "POST /xingrg/kc/buy/cgsh_order_operate.html HTTP/1.1" 200 12
101.83.145.79 - - [30/Aug/2021:10:06:33 +0800] "GET /xingrg/kc/print/load_data.html?order_code=212021083013659&kc_code=cgsh&condition= HTTP/1.1" 200 1566
101.83.145.79 - - [30/Aug/2021:10:06:33 +0800] "GET /xingrg/javascript/auto/indicator.gif HTTP/1.1" 404 1066
116.230.105.26 - - [30/Aug/2021:10:06:34 +0800] "GET /xingrg/all/function/internal_message.html?_=1630289152187&CODE_STATE=getMsg HTTP/1.1" 200 27
116.237.74.154 - - [30/Aug/2021:10:06:34 +0800] "GET /xingrg/kc/buy/cgsh_order_info.html?code=212021083013657 HTTP/1.1" 200 58240
116.237.74.154 - - [30/Aug/2021:10:06:34 +0800] "GET /xingrg/javascript/easyui/themes/default/validatebox.css HTTP/1.1" 404 1104
