222.69.129.74 - - [30/Aug/2021:10:59:31 +0800] "GET /xingrg/all/function/internal_message.html?_=1630292369866&CODE_STATE=getMsg HTTP/1.1" 200 27
101.83.241.165 - - [30/Aug/2021:10:59:34 +0800] "GET /xingrg/all/function/internal_message.html?_=1630292373805&CODE_STATE=getMsg HTTP/1.1" 200 27
117.184.7.26 - - [30/Aug/2021:10:59:35 +0800] "GET /xingrg/all/function/internal_message.html?_=1630292374754&CODE_STATE=getMsg HTTP/1.1" 200 27
116.238.194.18 - - [30/Aug/2021:10:59:35 +0800] "GET /xingrg/all/function/internal_message.html?_=1630292361611&CODE_STATE=getMsg HTTP/1.1" 200 27
222.70.246.151 - - [30/Aug/2021:10:59:36 +0800] "GET /xingrg/kc/buy/cgsh_order_operate.html?command=get_materiel&rest_code=00146&code=00101006068&supplier_code=00100033&order_time=2021-08-30 HTTP/1.1" 200 408
58.37.227.186 - - [30/Aug/2021:10:59:36 +0800] "POST /xingrg/kc/buy/cgsh_order_operate.html HTTP/1.1" 200 37
116.237.74.154 - - [30/Aug/2021:10:59:36 +0800] "POST /xingrg/kc/buy/cgsh_order_operate.html HTTP/1.1" 200 37
222.69.129.74 - - [30/Aug/2021:10:59:38 +0800] "POST /xingrg/kc/buy/cgsh_order_operate.html HTTP/1.1" 200 37
116.237.74.154 - - [30/Aug/2021:10:59:41 +0800] "POST /xingrg/kc/buy/cgsh_order_operate.html HTTP/1.1" 200 12
58.37.227.186 - - [30/Aug/2021:10:59:43 +0800] "POST /xingrg/kc/buy/cgsh_order_operate.html HTTP/1.1" 200 12
116.238.168.124 - - [30/Aug/2021:10:59:45 +0800] "GET /xingrg/kc/base/wldb_order_operate.html?command=get_materiel&rest_code=00102&base_code=0010476&code=00101019185 HTTP/1.1" 200 455
180.157.254.90 - - [30/Aug/2021:10:59:46 +0800] "GET /xingrg/all/function/internal_message.html?_=1630292386773&CODE_STATE=getMsg HTTP/1.1" 302 -
222.69.129.74 - - [30/Aug/2021:10:59:47 +0800] "POST /xingrg/kc/buy/cgsh_order_operate.html HTTP/1.1" 200 12
116.237.74.154 - - [30/Aug/2021:10:59:48 +0800] "GET /xingrg/kc/buy/cgsh_order_info.html?code=212021083013681 HTTP/1.1" 200 58240
58.37.227.186 - - [30/Aug/2021:10:59:48 +0800] "GET /xingrg/kc/buy/cgsh_order_info.html?code=212021083013744 HTTP/1.1" 200 58244
116.237.74.154 - - [30/Aug/2021:10:59:48 +0800] "GET /xingrg/javascript/easyui/themes/default/validatebox.css HTTP/1.1" 404 1104
58.37.227.186 - - [30/Aug/2021:10:59:48 +0800] "GET /xingrg/javascript/easyui/themes/default/validatebox.css HTTP/1.1" 404 1104
116.230.105.26 - - [30/Aug/2021:10:59:48 +0800] "POST /xingrg/kc/buy/cgsh_list_operate.html HTTP/1.1" 200 5326
116.237.74.154 - - [30/Aug/2021:10:59:49 +0800] "POST /xingrg/kc/buy/cgsh_order_operate.html HTTP/1.1" 200 1792
58.37.227.186 - - [30/Aug/2021:10:59:49 +0800] "POST /xingrg/kc/buy/cgsh_order_operate.html HTTP/1.1" 200 13640
222.69.129.74 - - [30/Aug/2021:10:59:49 +0800] "GET /xingrg/kc/buy/cgsh_order_info.html?code=212021083013756 HTTP/1.1" 200 58295
116.230.105.26 - - [30/Aug/2021:10:59:49 +0800] "GET /xingrg/all/function/internal_message.html?_=1630292347844&CODE_STATE=getMsg HTTP/1.1" 200 27
222.69.129.74 - - [30/Aug/2021:10:59:49 +0800] "GET /xingrg/javascript/easyui/themes/default/validatebox.css HTTP/1.1" 404 1104
222.69.129.74 - - [30/Aug/2021:10:59:50 +0800] "POST /xingrg/kc/buy/cgsh_order_operate.html HTTP/1.1" 200 1807
116.232.48.180 - - [30/Aug/2021:10:59:50 +0800] "GET /xingrg/all/function/internal_message.html?_=1630292390128&CODE_STATE=getMsg HTTP/1.1" 200 27
58.37.227.186 - - [30/Aug/2021:10:59:51 +0800] "GET /xingrg/kc/print/load_config.html?kc_code=cgsh HTTP/1.1" 200 2076
116.237.74.154 - - [30/Aug/2021:10:59:51 +0800] "GET /xingrg/kc/print/load_data.html?order_code=212021083013681&kc_code=cgsh&condition= HTTP/1.1" 200 1161
58.37.227.186 - - [30/Aug/2021:10:59:51 +0800] "GET /xingrg/kc/print/load_data.html?order_code=212021083013744&kc_code=cgsh&condition= HTTP/1.1" 200 5702
222.69.129.74 - - [30/Aug/2021:10:59:51 +0800] "GET /xingrg/kc/print/load_data.html?order_code=212021083013756&kc_code=cgsh&condition= HTTP/1.1" 200 1246
116.238.194.18 - - [30/Aug/2021:10:59:53 +0800] "GET /xingrg/all/function/internal_message.html?_=1630292392102&CODE_STATE=getMsg HTTP/1.1" 200 27
180.169.147.146 - - [30/Aug/2021:10:59:53 +0800] "GET /xingrg/check_reg.html?_=1630292392862 HTTP/1.1" 200 22
180.169.147.146 - - [30/Aug/2021:10:59:53 +0800] "GET /xingrg/all/function/internal_message.html?_=1630292392866&CODE_STATE=getMsg HTTP/1.1" 200 27
116.230.105.26 - - [30/Aug/2021:10:59:54 +0800] "GET /xingrg/kc/buy/cgsh_order_add.html HTTP/1.1" 200 63297
116.230.105.26 - - [30/Aug/2021:10:59:54 +0800] "POST /xingrg/kc/buy/cgsh_order_operate.html HTTP/1.1" 200 8245
116.230.105.26 - - [30/Aug/2021:10:59:54 +0800] "GET /xingrg/javascript/easyui/themes/default/validatebox.css HTTP/1.1" 404 1104
116.230.105.26 - - [30/Aug/2021:10:59:54 +0800] "GET /xingrg/all/common/auto_word.html?type=employee&rest_code=00155 HTTP/1.1" 200 205
116.230.105.26 - - [30/Aug/2021:10:59:54 +0800] "GET /xingrg/all/common/auto_word.html?type=employee&rest_code=00155 HTTP/1.1" 200 205
116.232.48.180 - - [30/Aug/2021:10:59:54 +0800] "GET /xingrg/javascript/jquery_easy_ui/themes/default/images/tabs_active.png HTTP/1.1" 200 2894
58.40.7.146 - - [30/Aug/2021:10:59:55 +0800] "GET /xingrg/all/function/internal_message.html?_=1630292394350&CODE_STATE=getMsg HTTP/1.1" 200 27
116.232.48.180 - - [30/Aug/2021:10:59:56 +0800] "GET /xingrg/login.html HTTP/1.1" 200 7641
116.232.48.180 - - [30/Aug/2021:10:59:56 +0800] "GET /xingrg/images/blue/jxLogo.png HTTP/1.1" 200 6156
116.232.48.180 - - [30/Aug/2021:10:59:56 +0800] "GET /xingrg/images/blue/login_bg.png HTTP/1.1" 200 22101
116.232.48.180 - - [30/Aug/2021:10:59:56 +0800] "GET /xingrg/images/blue/srbg.png HTTP/1.1" 200 138
116.232.48.180 - - [30/Aug/2021:10:59:56 +0800] "GET /xingrg/images/blue/hj.png HTTP/1.1" 200 1014
116.238.168.124 - - [30/Aug/2021:10:59:58 +0800] "GET /xingrg/all/function/internal_message.html?_=1630292378418&CODE_STATE=getMsg HTTP/1.1" 200 27
222.69.129.74 - - [30/Aug/2021:10:59:59 +0800] "GET /xingrg/kc/buy/cgsh_order_add.html HTTP/1.1" 200 63382
222.69.129.74 - - [30/Aug/2021:10:59:59 +0800] "POST /xingrg/kc/buy/cgsh_order_operate.html HTTP/1.1" 200 8245
222.69.129.74 - - [30/Aug/2021:10:59:59 +0800] "GET /xingrg/javascript/easyui/themes/default/validatebox.css HTTP/1.1" 404 1104
116.237.74.154 - - [30/Aug/2021:10:59:59 +0800] "POST /xingrg/kc/buy/cgsh_list_operate.html HTTP/1.1" 200 3868
116.230.105.26 - - [30/Aug/2021:11:00:00 +0800] "GET /xingrg/javascript/auto/indicator.gif HTTP/1.1" 404 1066
180.157.254.90 - - [30/Aug/2021:11:00:02 +0800] "GET /xingrg/all/function/internal_message.html?_=1630292402707&CODE_STATE=getMsg HTTP/1.1" 200 27
116.232.48.180 - - [30/Aug/2021:11:00:03 +0800] "GET /xingrg/kc/buy/cgsh_order_add.html HTTP/1.1" 200 63370
116.232.48.180 - - [30/Aug/2021:11:00:03 +0800] "POST /xingrg/kc/buy/cgsh_order_operate.html HTTP/1.1" 200 8245
116.232.48.180 - - [30/Aug/2021:11:00:03 +0800] "GET /xingrg/javascript/easyui/themes/default/validatebox.css HTTP/1.1" 404 1104
58.37.227.186 - - [30/Aug/2021:11:00:04 +0800] "GET /xingrg/check_reg.html?_=1630292285783 HTTP/1.1" 200 22
58.37.227.186 - - [30/Aug/2021:11:00:04 +0800] "GET /xingrg/all/function/internal_message.html?_=1630292285785&CODE_STATE=getMsg HTTP/1.1" 200 27
116.230.105.26 - - [30/Aug/2021:11:00:04 +0800] "GET /xingrg/javascript/jquery_tools/images/prev.gif HTTP/1.1" 404 1086
116.230.105.26 - - [30/Aug/2021:11:00:04 +0800] "GET /xingrg/javascript/jquery_tools/images/next.gif HTTP/1.1" 404 1086
101.85.52.72 - - [30/Aug/2021:11:00:05 +0800] "GET /xingrg/all/function/internal_message.html?_=1630292402950&CODE_STATE=getMsg HTTP/1.1" 200 27
101.85.52.72 - - [30/Aug/2021:11:00:05 +0800] "GET /xingrg/check_reg.html?_=1630292403310 HTTP/1.1" 200 22
116.232.48.180 - - [30/Aug/2021:11:00:06 +0800] "GET /xingrg/javascript/auto/indicator.gif HTTP/1.1" 404 1066
101.83.145.79 - - [30/Aug/2021:11:00:06 +0800] "GET /xingrg/check_reg.html?_=1630292406542 HTTP/1.1" 200 22
101.83.145.79 - - [30/Aug/2021:11:00:06 +0800] "GET /xingrg/all/function/internal_message.html?_=1630292406546&CODE_STATE=getMsg HTTP/1.1" 200 27
116.237.74.154 - - [30/Aug/2021:11:00:07 +0800] "GET /xingrg/all/function/internal_message.html?_=1630292405047&CODE_STATE=getMsg HTTP/1.1" 200 27
116.232.48.180 - - [30/Aug/2021:11:00:07 +0800] "GET /xingrg/javascript/jquery_tools/images/prev.gif HTTP/1.1" 404 1086
116.232.48.180 - - [30/Aug/2021:11:00:07 +0800] "GET /xingrg/javascript/jquery_tools/images/next.gif HTTP/1.1" 404 1086
116.237.74.154 - - [30/Aug/2021:11:00:08 +0800] "POST /xingrg/kc/buy/cgsh_list_operate.html HTTP/1.1" 200 202
116.237.74.154 - - [30/Aug/2021:11:00:08 +0800] "GET /xingrg/kc/buy/cgsh_order_info.html?code=212021083013683 HTTP/1.1" 200 63338
116.237.74.154 - - [30/Aug/2021:11:00:09 +0800] "GET /xingrg/javascript/easyui/themes/default/validatebox.css HTTP/1.1" 404 1104
116.237.74.154 - - [30/Aug/2021:11:00:10 +0800] "POST /xingrg/kc/buy/cgsh_order_operate.html HTTP/1.1" 200 2658
116.237.74.154 - - [30/Aug/2021:11:00:10 +0800] "POST /xingrg/kc/buy/cgsh_list_operate.html HTTP/1.1" 200 3868
116.232.48.180 - - [30/Aug/2021:11:00:11 +0800] "GET /xingrg/index.html?sysBaseUrl=http%3A%2F%2F180.169.147.146%3A18081%2Fxingrg%2F&costTime=92×tamp=1630285005699 HTTP/1.1" 200 17173
116.232.48.180 - - [30/Aug/2021:11:00:11 +0800] "GET /xingrg/css/form.css HTTP/1.1" 200 893
116.232.48.180 - - [30/Aug/2021:11:00:11 +0800] "GET /xingrg/javascript/jquery-1.4.2.min.js HTTP/1.1" 200 72205
116.232.48.180 - - [30/Aug/2021:11:00:11 +0800] "GET /xingrg/javascript/jquery_easy_ui/easyui-lang-zh_CN.js HTTP/1.1" 200 1900
116.232.48.180 - - [30/Aug/2021:11:00:11 +0800] "GET /xingrg/javascript/jquery_easy_ui/jquery.easyui.min.js HTTP/1.1" 200 213662
116.232.48.180 - - [30/Aug/2021:11:00:11 +0800] "GET /xingrg/javascript/jquery.timers.js HTTP/1.1" 200 3532
116.232.48.180 - - [30/Aug/2021:11:00:11 +0800] "GET /xingrg/javascript/jquery.utils.js HTTP/1.1" 200 11805
116.232.48.180 - - [30/Aug/2021:11:00:11 +0800] "GET /xingrg/javascript/jquery.form.js HTTP/1.1" 200 23110
116.232.48.180 - - [30/Aug/2021:11:00:11 +0800] "GET /xingrg/images/blue/jxLogo.png HTTP/1.1" 200 6156
116.232.48.180 - - [30/Aug/2021:11:00:11 +0800] "GET /xingrg/javascript/jquery_easy_ui/themes/icons/settle_new.png HTTP/1.1" 200 826
116.232.48.180 - - [30/Aug/2021:11:00:11 +0800] "GET /xingrg/images/blue/navBackgound.jpg HTTP/1.1" 200 12378
116.232.48.180 - - [30/Aug/2021:11:00:11 +0800] "GET /xingrg/images/blue/pingpu.png HTTP/1.1" 200 231
116.232.48.180 - - [30/Aug/2021:11:00:11 +0800] "POST /xingrg/all/common/load_tree.html?tree=area_rest_tree_json&manage=1 HTTP/1.1" 200 342
116.232.48.180 - - [30/Aug/2021:11:00:11 +0800] "GET /xingrg/javascript/jquery_easy_ui/themes/default/images/panel_tool_collapse.gif HTTP/1.1" 200 246
116.232.48.180 - - [30/Aug/2021:11:00:11 +0800] "GET /xingrg/all/function/internal_message.html?_=1630292410977&CODE_STATE=count HTTP/1.1" 200 11
116.232.48.180 - - [30/Aug/2021:11:00:11 +0800] "GET /xingrg/check_reg.html?_=1630292410978 HTTP/1.1" 200 22
116.232.48.180 - - [30/Aug/2021:11:00:11 +0800] "POST /xingrg/load_menu.html HTTP/1.1" 200 5138
116.232.48.180 - - [30/Aug/2021:11:00:11 +0800] "GET /xingrg/javascript/jquery_easy_ui/themes/default/images/tree_folder_open.gif HTTP/1.1" 200 956
116.232.48.180 - - [30/Aug/2021:11:00:11 +0800] "GET /xingrg/javascript/jquery_easy_ui/themes/default/images/tree_arrows.gif HTTP/1.1" 200 1043
116.232.48.180 - - [30/Aug/2021:11:00:11 +0800] "GET /xingrg/javascript/jquery_easy_ui/themes/icons/search_new.png HTTP/1.1" 200 586
116.232.48.180 - - [30/Aug/2021:11:00:11 +0800] "GET /xingrg/javascript/jquery_easy_ui/themes/icons/forms_new.png HTTP/1.1" 200 350
116.232.48.180 - - [30/Aug/2021:11:00:11 +0800] "GET /xingrg/javascript/jquery_easy_ui/themes/default/images/tree_folder.gif HTTP/1.1" 200 952
116.232.48.180 - - [30/Aug/2021:11:00:11 +0800] "GET /xingrg/javascript/jquery_easy_ui/themes/icons/storage_new.png HTTP/1.1" 200 853
116.232.48.180 - - [30/Aug/2021:11:00:12 +0800] "GET /xingrg/javascript/jquery_easy_ui/themes/default/images/tabs_close.gif HTTP/1.1" 200 829
116.232.48.180 - - [30/Aug/2021:11:00:12 +0800] "GET /xingrg/kc/buy/buy_main.html HTTP/1.1" 200 12412
116.232.48.180 - - [30/Aug/2021:11:00:12 +0800] "GET /xingrg/css/new_ie.css HTTP/1.1" 404 1036
116.232.48.180 - - [30/Aug/2021:11:00:12 +0800] "GET /xingrg/javascript/ToolTips.js HTTP/1.1" 200 5615
116.232.48.180 - - [30/Aug/2021:11:00:12 +0800] "GET /xingrg/javascript/jquery_ui/jquery-ui.min.js HTTP/1.1" 200 186181
116.232.48.180 - - [30/Aug/2021:11:00:12 +0800] "GET /xingrg/javascript/jquery_ui/themes/humanity/humanity.css HTTP/1.1" 200 27801
116.232.48.180 - - [30/Aug/2021:11:00:12 +0800] "GET /xingrg/images/blue/button/cgxqd.gif HTTP/1.1" 200 2619
116.232.48.180 - - [30/Aug/2021:11:00:12 +0800] "GET /xingrg/images/blue/button/cgydd.gif HTTP/1.1" 200 2712
116.232.48.180 - - [30/Aug/2021:11:00:12 +0800] "GET /xingrg/images/blue/button/cgshd.gif HTTP/1.1" 200 2618
116.232.48.180 - - [30/Aug/2021:11:00:12 +0800] "GET /xingrg/images/blue/button/cgfkd.gif HTTP/1.1" 200 2075
116.232.48.180 - - [30/Aug/2021:11:00:12 +0800] "GET /xingrg/images/blue/button/ckthd.gif HTTP/1.1" 200 2045
116.232.48.180 - - [30/Aug/2021:11:00:12 +0800] "GET /xingrg/images/blue/button/down_ah.jpg HTTP/1.1" 200 1732
116.232.48.180 - - [30/Aug/2021:11:00:12 +0800] "GET /xingrg/javascript/jquery_ui/themes/humanity/images/ui-bg_inset-soft_100_f4f0ec_1x100.png HTTP/1.1" 200 141
58.37.227.186 - - [30/Aug/2021:11:00:12 +0800] "GET /xingrg/kc/buy/cgsh_order_add.html HTTP/1.1" 200 63335
58.37.227.186 - - [30/Aug/2021:11:00:13 +0800] "POST /xingrg/kc/buy/cgsh_order_operate.html HTTP/1.1" 200 8245
58.37.227.186 - - [30/Aug/2021:11:00:13 +0800] "GET /xingrg/javascript/easyui/themes/default/validatebox.css HTTP/1.1" 404 1104
116.232.48.180 - - [30/Aug/2021:11:00:13 +0800] "GET /xingrg/kc/buy/cgsh_order_list.html HTTP/1.1" 200 47591
116.232.48.180 - - [30/Aug/2021:11:00:13 +0800] "GET /xingrg/javascript/jquery_tools/jquery.tools.min.js HTTP/1.1" 200 138801
116.232.48.180 - - [30/Aug/2021:11:00:13 +0800] "GET /xingrg/javascript/jquery_tools/jquery.tools.table.js HTTP/1.1" 200 6994
116.232.48.180 - - [30/Aug/2021:11:00:13 +0800] "GET /xingrg/javascript/jquery_tools/jquery.tools.hotkey.js HTTP/1.1" 200 3242
116.232.48.180 - - [30/Aug/2021:11:00:13 +0800] "GET /xingrg/javascript/jquery_tools/list_manager.js HTTP/1.1" 200 3652
116.232.48.180 - - [30/Aug/2021:11:00:13 +0800] "GET /xingrg/javascript/jquery_tools/jquery.tools.extend.js HTTP/1.1" 200 15385
116.232.48.180 - - [30/Aug/2021:11:00:13 +0800] "GET /xingrg/javascript/easyui/easyloader.js HTTP/1.1" 200 5975
116.232.48.180 - - [30/Aug/2021:11:00:13 +0800] "GET /xingrg/javascript/auto/jquery.autocomplete.js HTTP/1.1" 200 21624
116.232.48.180 - - [30/Aug/2021:11:00:13 +0800] "GET /xingrg/javascript/jquery.cookie.js HTTP/1.1" 200 5513
116.232.48.180 - - [30/Aug/2021:11:00:13 +0800] "GET /xingrg/javascript/print/LodopFuncs.js HTTP/1.1" 200 5121
116.232.48.180 - - [30/Aug/2021:11:00:13 +0800] "GET /xingrg/javascript/easyui/themes/icons/cance_new.png HTTP/1.1" 200 3986
116.232.48.180 - - [30/Aug/2021:11:00:13 +0800] "GET /xingrg/javascript/easyui/themes/icons/edit_add_new.png HTTP/1.1" 200 2997
116.232.48.180 - - [30/Aug/2021:11:00:13 +0800] "GET /xingrg/javascript/easyui/themes/icons/field_new.png HTTP/1.1" 200 1097
116.232.48.180 - - [30/Aug/2021:11:00:13 +0800] "GET /xingrg/javascript/easyui/themes/icons/check_new.png HTTP/1.1" 200 3224
116.232.48.180 - - [30/Aug/2021:11:00:13 +0800] "GET /xingrg/javascript/easyui/themes/icons/import_new.png HTTP/1.1" 200 1247
116.232.48.180 - - [30/Aug/2021:11:00:13 +0800] "GET /xingrg/images/control/ajaxLoader.gif HTTP/1.1" 200 4659
58.221.95.50 - - [30/Aug/2021:11:00:15 +0800] "GET /xingrg/check_reg.html?_=1630292416554 HTTP/1.1" 302 -
116.232.48.180 - - [30/Aug/2021:11:00:15 +0800] "POST /xingrg/kc/buy/cgsh_list_operate.html HTTP/1.1" 200 3087
116.232.48.180 - - [30/Aug/2021:11:00:17 +0800] "GET /xingrg/javascript/easyui/themes/default/images/button_plain_hover.png HTTP/1.1" 200 144
180.169.147.146 - - [30/Aug/2021:11:00:17 +0800] "GET /xingrg/all/function/internal_message.html?_=1630292416320&CODE_STATE=getMsg HTTP/1.1" 200 27
116.232.48.180 - - [30/Aug/2021:11:00:17 +0800] "GET /xingrg/javascript/convert.js HTTP/1.1" 200 1239
116.232.48.180 - - [30/Aug/2021:11:00:17 +0800] "GET /xingrg/javascript/jquery_tools/order_manager.js HTTP/1.1" 200 11183
116.232.48.180 - - [30/Aug/2021:11:00:17 +0800] "GET /xingrg/words/20210829130122_words.js HTTP/1.1" 200 837638
116.232.48.180 - - [30/Aug/2021:11:00:17 +0800] "GET /xingrg/javascript/json2.js HTTP/1.1" 200 11259
116.232.48.180 - - [30/Aug/2021:11:00:17 +0800] "GET /xingrg/javascript/print/kc_print.js HTTP/1.1" 200 11415
116.232.48.180 - - [30/Aug/2021:11:00:17 +0800] "GET /xingrg/kc/buy/cgsh_order_add.html HTTP/1.1" 200 63370
116.232.48.180 - - [30/Aug/2021:11:00:17 +0800] "GET /xingrg/javascript/easyui/themes/icons/copy_new.png HTTP/1.1" 200 815
116.232.48.180 - - [30/Aug/2021:11:00:17 +0800] "GET /xingrg/javascript/easyui/themes/icons/ok.png HTTP/1.1" 200 883
116.232.48.180 - - [30/Aug/2021:11:00:17 +0800] "GET /xingrg/javascript/easyui/themes/icons/template_new.png HTTP/1.1" 200 3956
116.232.48.180 - - [30/Aug/2021:11:00:17 +0800] "GET /xingrg/javascript/easyui/themes/icons/print.png HTTP/1.1" 200 1057
116.232.48.180 - - [30/Aug/2021:11:00:17 +0800] "GET /xingrg/javascript/easyui/themes/default/images/menu_downarrow.png HTTP/1.1" 200 173
116.232.48.180 - - [30/Aug/2021:11:00:17 +0800] "GET /xingrg/javascript/easyui/themes/icons/cancel.png HTTP/1.1" 200 1133
116.237.74.154 - - [30/Aug/2021:11:00:17 +0800] "POST /xingrg/kc/buy/cgsh_order_operate.html HTTP/1.1" 200 37
222.70.246.151 - - [30/Aug/2021:11:00:18 +0800] "GET /xingrg/kc/buy/cgsh_order_operate.html?command=get_materiel&rest_code=00146&code=00101006111&supplier_code=00100033&order_time=2021-08-30 HTTP/1.1" 200 409
116.232.48.180 - - [30/Aug/2021:11:00:18 +0800] "POST /xingrg/kc/buy/cgsh_order_operate.html HTTP/1.1" 200 8245
116.232.48.180 - - [30/Aug/2021:11:00:18 +0800] "GET /xingrg/javascript/easyui/themes/default/validatebox.css HTTP/1.1" 404 1104
116.232.48.180 - - [30/Aug/2021:11:00:18 +0800] "GET /xingrg/javascript/easyui/themes/icons/edit_remove.png HTTP/1.1" 200 625
116.232.48.180 - - [30/Aug/2021:11:00:18 +0800] "GET /xingrg/all/common/auto_word.html?type=employee&rest_code=00109 HTTP/1.1" 200 255
116.232.48.180 - - [30/Aug/2021:11:00:18 +0800] "GET /xingrg/all/common/auto_word.html?type=employee&rest_code=00109 HTTP/1.1" 200 255
222.70.179.252 - - [30/Aug/2021:11:00:19 +0800] "GET /xingrg/all/function/internal_message.html?_=1630292418946&CODE_STATE=getMsg HTTP/1.1" 200 27
116.238.194.18 - - [30/Aug/2021:11:00:20 +0800] "GET /xingrg/check_reg.html?_=1630292406078 HTTP/1.1" 200 22
116.232.48.180 - - [30/Aug/2021:11:00:20 +0800] "GET /xingrg/javascript/jquery_tools/images/prev.gif HTTP/1.1" 404 1086
116.232.48.180 - - [30/Aug/2021:11:00:20 +0800] "GET /xingrg/javascript/jquery_tools/images/next.gif HTTP/1.1" 404 1086
116.237.74.154 - - [30/Aug/2021:11:00:21 +0800] "POST /xingrg/kc/buy/cgsh_order_operate.html HTTP/1.1" 200 12
124.79.246.142 - - [30/Aug/2021:11:00:22 +0800] "GET /xingrg/all/function/internal_message.html?_=1630292521411&CODE_STATE=getMsg HTTP/1.1" 200 27
116.237.74.154 - - [30/Aug/2021:11:00:23 +0800] "GET /xingrg/kc/buy/cgsh_order_info.html?code=212021083013683 HTTP/1.1" 200 58238
180.169.147.146 - - [30/Aug/2021:11:00:23 +0800] "GET /xingrg/all/function/internal_message.html?_=1630292445462&CODE_STATE=getMsg HTTP/1.1" 200 27
116.237.74.154 - - [30/Aug/2021:11:00:23 +0800] "GET /xingrg/javascript/easyui/themes/default/validatebox.css HTTP/1.1" 404 1104
116.237.74.154 - - [30/Aug/2021:11:00:23 +0800] "POST /xingrg/kc/buy/cgsh_order_operate.html HTTP/1.1" 200 608
222.70.246.151 - - [30/Aug/2021:11:00:23 +0800] "GET /xingrg/all/function/internal_message.html?_=1630292424743&CODE_STATE=getMsg HTTP/1.1" 200 27
180.169.147.146 - - [30/Aug/2021:11:00:26 +0800] "GET /xingrg/all/function/internal_message.html?_=1630292425934&CODE_STATE=getMsg HTTP/1.1" 200 27
116.237.74.154 - - [30/Aug/2021:11:00:27 +0800] "GET /xingrg/kc/print/load_data.html?order_code=212021083013683&kc_code=cgsh&condition= HTTP/1.1" 200 694
101.83.145.79 - - [30/Aug/2021:11:00:28 +0800] "GET /xingrg/all/function/internal_message.html?_=1630292378981&CODE_STATE=getMsg HTTP/1.1" 200 27
116.238.168.124 - - [30/Aug/2021:11:00:28 +0800] "GET /xingrg/all/function/internal_message.html?_=1630292427480&CODE_STATE=getMsg HTTP/1.1" 200 27
116.237.74.154 - - [30/Aug/2021:11:00:29 +0800] "GET /xingrg/all/function/internal_message.html?_=1630292429590&CODE_STATE=getMsg HTTP/1.1" 200 27
222.69.129.74 - - [30/Aug/2021:11:00:31 +0800] "GET /xingrg/all/function/internal_message.html?_=1630292429851&CODE_STATE=getMsg HTTP/1.1" 200 27
222.70.246.151 - - [30/Aug/2021:11:00:31 +0800] "POST /xingrg/kc/buy/cgsh_order_operate.html HTTP/1.1" 200 37
116.232.48.180 - - [30/Aug/2021:11:00:31 +0800] "GET /xingrg/kc/buy/cgsh_order_operate.html?command=get_materiel&rest_code=00109&code=00101020133&supplier_code=00100347&order_time=2021-08-30 HTTP/1.1" 200 417
222.70.246.151 - - [30/Aug/2021:11:00:33 +0800] "POST /xingrg/kc/buy/cgsh_order_operate.html HTTP/1.1" 200 7389
101.83.241.165 - - [30/Aug/2021:11:00:34 +0800] "GET /xingrg/all/function/internal_message.html?_=1630292433805&CODE_STATE=getMsg HTTP/1.1" 200 27
101.83.241.165 - - [30/Aug/2021:11:00:34 +0800] "GET /xingrg/check_reg.html?_=1630292433811 HTTP/1.1" 200 22
117.184.7.26 - - [30/Aug/2021:11:00:35 +0800] "GET /xingrg/all/function/internal_message.html?_=1630292434754&CODE_STATE=getMsg HTTP/1.1" 200 27
116.238.194.18 - - [30/Aug/2021:11:00:35 +0800] "GET /xingrg/all/function/internal_message.html?_=1630292421616&CODE_STATE=getMsg HTTP/1.1" 200 27
222.70.246.151 - - [30/Aug/2021:11:00:36 +0800] "GET /xingrg/kc/print/load_data.html?order_code=212021083013757&kc_code=cgsh&condition= HTTP/1.1" 200 2518
116.237.74.154 - - [30/Aug/2021:11:00:37 +0800] "POST /xingrg/kc/buy/cgsh_list_operate.html HTTP/1.1" 200 3507
116.237.74.154 - - [30/Aug/2021:11:00:38 +0800] "GET /favicon.ico HTTP/1.1" 404 -
116.232.48.180 - - [30/Aug/2021:11:00:39 +0800] "GET /xingrg/kc/buy/cgsh_order_operate.html?command=get_materiel&rest_code=00109&code=00101001008&supplier_code=00100347&order_time=2021-08-30 HTTP/1.1" 200 415
116.237.74.154 - - [30/Aug/2021:11:00:40 +0800] "POST /xingrg/kc/buy/cgsh_list_operate.html HTTP/1.1" 200 201
116.237.74.154 - - [30/Aug/2021:11:00:41 +0800] "GET /xingrg/kc/buy/cgsh_order_info.html?code=212021083013684 HTTP/1.1" 200 63340
116.237.74.154 - - [30/Aug/2021:11:00:42 +0800] "GET /xingrg/javascript/easyui/themes/default/validatebox.css HTTP/1.1" 404 1104
116.237.74.154 - - [30/Aug/2021:11:00:42 +0800] "POST /xingrg/kc/buy/cgsh_order_operate.html HTTP/1.1" 200 2656
116.237.74.154 - - [30/Aug/2021:11:00:44 +0800] "POST /xingrg/kc/buy/cgsh_list_operate.html HTTP/1.1" 200 3507
180.157.254.90 - - [30/Aug/2021:11:00:46 +0800] "GET /xingrg/all/function/internal_message.html?_=1630292446773&CODE_STATE=getMsg HTTP/1.1" 302 -
222.70.246.151 - - [30/Aug/2021:11:00:47 +0800] "GET /xingrg/kc/buy/cgsh_order_add.html HTTP/1.1" 200 63335
116.237.74.154 - - [30/Aug/2021:11:00:48 +0800] "POST /xingrg/kc/buy/cgsh_order_operate.html HTTP/1.1" 200 37
222.70.246.151 - - [30/Aug/2021:11:00:48 +0800] "POST /xingrg/kc/buy/cgsh_order_operate.html HTTP/1.1" 200 8245
222.70.246.151 - - [30/Aug/2021:11:00:48 +0800] "GET /xingrg/javascript/easyui/themes/default/validatebox.css HTTP/1.1" 404 1104
116.230.105.26 - - [30/Aug/2021:11:00:49 +0800] "GET /xingrg/all/function/internal_message.html?_=1630292407829&CODE_STATE=getMsg HTTP/1.1" 200 27
222.69.129.74 - - [30/Aug/2021:11:00:49 +0800] "GET /xingrg/kc/buy/cgsh_order_operate.html?command=get_materiel&rest_code=00149&code=00101007032&supplier_code=00100328&order_time=2021-08-30 HTTP/1.1" 200 413
116.237.74.154 - - [30/Aug/2021:11:00:51 +0800] "POST /xingrg/kc/buy/cgsh_order_operate.html HTTP/1.1" 200 12
116.237.74.154 - - [30/Aug/2021:11:00:52 +0800] "GET /xingrg/kc/buy/cgsh_order_info.html?code=212021083013684 HTTP/1.1" 200 58240
116.237.74.154 - - [30/Aug/2021:11:00:52 +0800] "GET /xingrg/javascript/easyui/themes/default/validatebox.css HTTP/1.1" 404 1104
58.37.227.186 - - [30/Aug/2021:11:00:52 +0800] "GET /xingrg/check_reg.html?_=1630292334557 HTTP/1.1" 200 22
116.238.194.18 - - [30/Aug/2021:11:00:53 +0800] "GET /xingrg/all/function/internal_message.html?_=1630292452102&CODE_STATE=getMsg HTTP/1.1" 200 27
116.238.194.18 - - [30/Aug/2021:11:00:53 +0800] "GET /xingrg/check_reg.html?_=1630292452106 HTTP/1.1" 200 22
116.237.74.154 - - [30/Aug/2021:11:00:53 +0800] "POST /xingrg/kc/buy/cgsh_order_operate.html HTTP/1.1" 200 606
180.169.147.146 - - [30/Aug/2021:11:00:53 +0800] "GET /xingrg/all/function/internal_message.html?_=1630292452870&CODE_STATE=getMsg HTTP/1.1" 200 27
222.70.179.252 - - [30/Aug/2021:11:00:53 +0800] "POST /xingrg/services/DataTransmitService HTTP/1.1" 200 524
222.70.179.252 - - [30/Aug/2021:11:00:54 +0800] "POST /xingrg/services/DataTransmitService HTTP/1.1" 200 501
58.40.7.146 - - [30/Aug/2021:11:00:55 +0800] "GET /xingrg/check_reg.html?_=1630292454352 HTTP/1.1" 200 22
58.40.7.146 - - [30/Aug/2021:11:00:55 +0800] "GET /xingrg/all/function/internal_message.html?_=1630292454354&CODE_STATE=getMsg HTTP/1.1" 200 27
116.232.48.180 - - [30/Aug/2021:11:00:55 +0800] "GET /xingrg/kc/buy/cgsh_order_operate.html?command=get_materiel&rest_code=00109&code=00102002195&supplier_code=00100347&order_time=2021-08-30 HTTP/1.1" 200 413
116.237.74.154 - - [30/Aug/2021:11:00:55 +0800] "GET /xingrg/kc/print/load_data.html?order_code=212021083013684&kc_code=cgsh&condition= HTTP/1.1" 200 697
116.238.168.124 - - [30/Aug/2021:11:00:58 +0800] "GET /xingrg/all/function/internal_message.html?_=1630292438431&CODE_STATE=getMsg HTTP/1.1" 200 27
116.230.105.26 - - [30/Aug/2021:11:01:00 +0800] "GET /xingrg/kc/buy/cgsh_order_operate.html?command=get_materiel&rest_code=00155&code=00101013056&supplier_code=00100347&order_time=2021-08-30 HTTP/1.1" 200 425
180.157.254.90 - - [30/Aug/2021:11:01:02 +0800] "GET /xingrg/check_reg.html?_=1630292462705 HTTP/1.1" 200 22
180.157.254.90 - - [30/Aug/2021:11:01:02 +0800] "GET /xingrg/all/function/internal_message.html?_=1630292462706&CODE_STATE=getMsg HTTP/1.1" 200 27
116.238.168.124 - - [30/Aug/2021:11:01:03 +0800] "GET /xingrg/kc/base/wldb_order_operate.html?command=get_materiel&rest_code=00102&base_code=0010476&code=00101013164 HTTP/1.1" 200 427
58.37.227.186 - - [30/Aug/2021:11:01:04 +0800] "GET /xingrg/all/function/internal_message.html?_=1630292345786&CODE_STATE=getMsg HTTP/1.1" 200 27
222.69.129.74 - - [30/Aug/2021:11:01:05 +0800] "POST /xingrg/kc/buy/cgsh_order_operate.html HTTP/1.1" 200 37
101.85.52.72 - - [30/Aug/2021:11:01:05 +0800] "GET /xingrg/all/function/internal_message.html?_=1630292462919&CODE_STATE=getMsg HTTP/1.1" 200 27
101.83.145.79 - - [30/Aug/2021:11:01:06 +0800] "GET /xingrg/all/function/internal_message.html?_=1630292466545&CODE_STATE=getMsg HTTP/1.1" 200 27
101.89.29.78 - - [30/Aug/2021:11:01:06 +0800] "GET /xingrg/all/function/internal_message.html?_=1630292405047&CODE_STATE=getMsg HTTP/1.1" 302 -
116.237.74.154 - - [30/Aug/2021:11:01:07 +0800] "GET /xingrg/all/function/internal_message.html?_=1630292465048&CODE_STATE=getMsg HTTP/1.1" 200 27
101.89.29.78 - - [30/Aug/2021:11:01:07 +0800] "GET /xingrg/login.html HTTP/1.1" 200 7641
101.83.145.79 - - [30/Aug/2021:11:01:08 +0800] "GET /xingrg/kc/base/wldb_order_operate.html?command=get_materiel&rest_code=00105&base_code=0010507&code=00101019374 HTTP/1.1" 200 453
116.232.48.180 - - [30/Aug/2021:11:01:08 +0800] "POST /xingrg/kc/buy/cgsh_order_operate.html HTTP/1.1" 200 37
116.232.48.180 - - [30/Aug/2021:11:01:10 +0800] "POST /xingrg/kc/buy/cgsh_order_operate.html HTTP/1.1" 200 3849
116.232.48.180 - - [30/Aug/2021:11:01:11 +0800] "GET /xingrg/all/function/internal_message.html?_=1630292470982&CODE_STATE=getMsg HTTP/1.1" 200 27
116.232.48.180 - - [30/Aug/2021:11:01:12 +0800] "GET /xingrg/kc/print/load_config.html?kc_code=cgsh HTTP/1.1" 200 2076
116.232.48.180 - - [30/Aug/2021:11:01:12 +0800] "GET /xingrg/kc/print/load_data.html?order_code=212021083013759&kc_code=cgsh&condition= HTTP/1.1" 200 1101
222.69.129.74 - - [30/Aug/2021:11:01:13 +0800] "POST /xingrg/kc/buy/cgsh_order_operate.html HTTP/1.1" 200 12
116.237.74.154 - - [30/Aug/2021:11:01:15 +0800] "POST /xingrg/kc/buy/cgsh_list_operate.html HTTP/1.1" 200 3144
222.70.246.151 - - [30/Aug/2021:11:01:17 +0800] "GET /xingrg/kc/buy/cgsh_order_operate.html?command=get_materiel&rest_code=00146&code=00101009059&supplier_code=00100023&order_time=2021-08-30 HTTP/1.1" 200 409
180.169.147.146 - - [30/Aug/2021:11:01:17 +0800] "GET /xingrg/all/function/internal_message.html?_=1630292476314&CODE_STATE=getMsg HTTP/1.1" 200 27
116.232.48.180 - - [30/Aug/2021:11:01:17 +0800] "GET /xingrg/kc/buy/cgsh_order_add.html HTTP/1.1" 200 63370
116.232.48.180 - - [30/Aug/2021:11:01:17 +0800] "GET /xingrg/javascript/easyui/themes/default/validatebox.css HTTP/1.1" 404 1104
116.232.48.180 - - [30/Aug/2021:11:01:17 +0800] "GET /xingrg/all/common/auto_word.html?type=employee&rest_code=00109 HTTP/1.1" 200 255
116.232.48.180 - - [30/Aug/2021:11:01:17 +0800] "POST /xingrg/kc/buy/cgsh_order_operate.html HTTP/1.1" 200 8245
116.232.48.180 - - [30/Aug/2021:11:01:17 +0800] "GET /xingrg/all/common/auto_word.html?type=employee&rest_code=00109 HTTP/1.1" 200 255
222.69.129.74 - - [30/Aug/2021:11:01:17 +0800] "GET /xingrg/kc/buy/cgsh_order_info.html?code=212021083013758 HTTP/1.1" 200 58295
222.69.129.74 - - [30/Aug/2021:11:01:17 +0800] "GET /xingrg/javascript/easyui/themes/default/validatebox.css HTTP/1.1" 404 1104
222.69.129.74 - - [30/Aug/2021:11:01:18 +0800] "POST /xingrg/kc/buy/cgsh_order_operate.html HTTP/1.1" 200 607
116.237.74.154 - - [30/Aug/2021:11:01:19 +0800] "POST /xingrg/kc/buy/cgsh_list_operate.html HTTP/1.1" 200 198
222.70.179.252 - - [30/Aug/2021:11:01:19 +0800] "GET /xingrg/all/function/internal_message.html?_=1630292478947&CODE_STATE=getMsg HTTP/1.1" 200 27
116.237.74.154 - - [30/Aug/2021:11:01:20 +0800] "GET /xingrg/kc/buy/cgsh_order_info.html?code=212021083013685 HTTP/1.1" 200 63342
222.69.129.74 - - [30/Aug/2021:11:01:20 +0800] "GET /xingrg/kc/print/load_data.html?order_code=212021083013758&kc_code=cgsh&condition= HTTP/1.1" 200 714
116.237.74.154 - - [30/Aug/2021:11:01:20 +0800] "GET /xingrg/javascript/easyui/themes/default/validatebox.css HTTP/1.1" 404 1104
116.237.74.154 - - [30/Aug/2021:11:01:21 +0800] "POST /xingrg/kc/buy/cgsh_order_operate.html HTTP/1.1" 200 2653
124.79.246.142 - - [30/Aug/2021:11:01:22 +0800] "GET /xingrg/all/function/internal_message.html?_=1630292581408&CODE_STATE=getMsg HTTP/1.1" 200 27
180.169.147.146 - - [30/Aug/2021:11:01:23 +0800] "GET /xingrg/all/function/internal_message.html?_=1630292505463&CODE_STATE=getMsg HTTP/1.1" 200 27
116.237.74.154 - - [30/Aug/2021:11:01:23 +0800] "POST /xingrg/kc/buy/cgsh_list_operate.html HTTP/1.1" 200 3144
222.70.246.151 - - [30/Aug/2021:11:01:23 +0800] "GET /xingrg/all/function/internal_message.html?_=1630292484758&CODE_STATE=getMsg HTTP/1.1" 200 27
116.232.48.180 - - [30/Aug/2021:11:01:24 +0800] "GET /xingrg/kc/buy/cgsh_order_operate.html?command=get_materiel&rest_code=00109&code=00101004038&supplier_code=00100312&order_time=2021-08-30 HTTP/1.1" 200 429
101.83.145.79 - - [30/Aug/2021:11:01:25 +0800] "GET /xingrg/kc/base/wldb_order_operate.html?command=get_materiel&rest_code=00105&base_code=0010507&code=00101019430 HTTP/1.1" 200 463
222.69.129.74 - - [30/Aug/2021:11:01:25 +0800] "GET /xingrg/kc/buy/cgsh_order_add.html HTTP/1.1" 200 63382
222.69.129.74 - - [30/Aug/2021:11:01:26 +0800] "POST /xingrg/kc/buy/cgsh_order_operate.html HTTP/1.1" 200 8245
180.169.147.146 - - [30/Aug/2021:11:01:26 +0800] "GET /xingrg/check_reg.html?_=1630292485921 HTTP/1.1" 200 22
222.69.129.74 - - [30/Aug/2021:11:01:26 +0800] "GET /xingrg/javascript/easyui/themes/default/validatebox.css HTTP/1.1" 404 1104
180.169.147.146 - - [30/Aug/2021:11:01:26 +0800] "GET /xingrg/all/function/internal_message.html?_=1630292485924&CODE_STATE=getMsg HTTP/1.1" 200 27
101.83.145.79 - - [30/Aug/2021:11:01:28 +0800] "GET /xingrg/check_reg.html?_=1630292438986 HTTP/1.1" 200 22
101.83.145.79 - - [30/Aug/2021:11:01:28 +0800] "GET /xingrg/all/function/internal_message.html?_=1630292438989&CODE_STATE=getMsg HTTP/1.1" 200 27
116.238.168.124 - - [30/Aug/2021:11:01:28 +0800] "GET /xingrg/check_reg.html?_=1630292487424 HTTP/1.1" 200 22
116.238.168.124 - - [30/Aug/2021:11:01:28 +0800] "GET /xingrg/all/function/internal_message.html?_=1630292487494&CODE_STATE=getMsg HTTP/1.1" 200 27
116.237.74.154 - - [30/Aug/2021:11:01:29 +0800] "POST /xingrg/kc/buy/cgsh_order_operate.html HTTP/1.1" 200 37
222.69.129.74 - - [30/Aug/2021:11:01:31 +0800] "GET /xingrg/all/function/internal_message.html?_=1630292489827&CODE_STATE=getMsg HTTP/1.1" 200 27
116.232.48.180 - - [30/Aug/2021:11:01:32 +0800] "GET /xingrg/kc/buy/cgsh_order_operate.html?command=get_materiel&rest_code=00109&code=00101004067&supplier_code=00100312&order_time=2021-08-30 HTTP/1.1" 200 433
222.69.129.74 - - [30/Aug/2021:11:01:34 +0800] "GET /xingrg/kc/buy/cgsh_order_operate.html?command=get_materiel&rest_code=00149&code=00101003006&supplier_code=00100092&order_time=2021-08-30 HTTP/1.1" 200 430
116.238.168.124 - - [30/Aug/2021:11:01:34 +0800] "GET /xingrg/check_reg.html?_=1630292473768 HTTP/1.1" 200 22
116.237.74.154 - - [30/Aug/2021:11:01:34 +0800] "POST /xingrg/kc/buy/cgsh_order_operate.html HTTP/1.1" 200 12
101.83.241.165 - - [30/Aug/2021:11:01:34 +0800] "GET /xingrg/all/function/internal_message.html?_=1630292493812&CODE_STATE=getMsg HTTP/1.1" 200 27
222.70.246.151 - - [30/Aug/2021:11:01:34 +0800] "GET /xingrg/kc/buy/cgsh_order_operate.html?command=get_materiel&rest_code=00146&code=00101009041&supplier_code=00100023&order_time=2021-08-30 HTTP/1.1" 200 410
117.184.7.26 - - [30/Aug/2021:11:01:35 +0800] "GET /xingrg/all/function/internal_message.html?_=1630292494753&CODE_STATE=getMsg HTTP/1.1" 200 27
116.238.194.18 - - [30/Aug/2021:11:01:35 +0800] "GET /xingrg/all/function/internal_message.html?_=1630292481629&CODE_STATE=getMsg HTTP/1.1" 200 27
116.237.74.154 - - [30/Aug/2021:11:01:36 +0800] "GET /xingrg/kc/buy/cgsh_order_info.html?code=212021083013685 HTTP/1.1" 200 58242
116.237.74.154 - - [30/Aug/2021:11:01:36 +0800] "GET /xingrg/javascript/easyui/themes/default/validatebox.css HTTP/1.1" 404 1104
101.83.145.79 - - [30/Aug/2021:11:01:36 +0800] "POST /xingrg/kc/base/wldb_order_operate.html HTTP/1.1" 200 37
101.83.145.79 - - [30/Aug/2021:11:01:37 +0800] "POST /xingrg/kc/base/wldb_order_operate.html HTTP/1.1" 200 3211
116.237.74.154 - - [30/Aug/2021:11:01:37 +0800] "POST /xingrg/kc/buy/cgsh_order_operate.html HTTP/1.1" 200 603
101.83.145.79 - - [30/Aug/2021:11:01:38 +0800] "GET /xingrg/kc/base/wldb_order_info.html?code=422021083003290 HTTP/1.1" 200 30410
101.83.145.79 - - [30/Aug/2021:11:01:38 +0800] "GET /xingrg/javascript/easyui/themes/default/validatebox.css HTTP/1.1" 404 1104
101.83.145.79 - - [30/Aug/2021:11:01:39 +0800] "POST /xingrg/kc/base/wldb_order_operate.html HTTP/1.1" 200 3211
116.237.74.154 - - [30/Aug/2021:11:01:40 +0800] "GET /xingrg/kc/print/load_data.html?order_code=212021083013685&kc_code=cgsh&condition= HTTP/1.1" 200 704
58.37.227.186 - - [30/Aug/2021:11:01:42 +0800] "GET /xingrg/javascript/jquery_tools/images/prev.gif HTTP/1.1" 404 1086
58.37.227.186 - - [30/Aug/2021:11:01:42 +0800] "GET /xingrg/javascript/jquery_tools/images/next.gif HTTP/1.1" 404 1086
116.232.48.180 - - [30/Aug/2021:11:01:43 +0800] "GET /xingrg/kc/buy/cgsh_order_operate.html?command=get_materiel&rest_code=00109&code=00101004071&supplier_code=00100312&order_time=2021-08-30 HTTP/1.1" 200 409
180.157.254.90 - - [30/Aug/2021:11:01:46 +0800] "GET /xingrg/all/function/internal_message.html?_=1630292506774&CODE_STATE=getMsg HTTP/1.1" 302 -
222.69.129.74 - - [30/Aug/2021:11:01:47 +0800] "POST /xingrg/kc/buy/cgsh_order_operate.html HTTP/1.1" 200 37
116.230.105.26 - - [30/Aug/2021:11:01:49 +0800] "GET /xingrg/all/function/internal_message.html?_=1630292467814&CODE_STATE=getMsg HTTP/1.1" 200 27
116.232.48.180 - - [30/Aug/2021:11:01:50 +0800] "GET /xingrg/kc/buy/cgsh_order_operate.html?command=get_materiel&rest_code=00109&code=00101005022&supplier_code=00100312&order_time=2021-08-30 HTTP/1.1" 200 417
222.69.129.74 - - [30/Aug/2021:11:01:52 +0800] "POST /xingrg/kc/buy/cgsh_order_operate.html HTTP/1.1" 200 12
116.237.74.154 - - [30/Aug/2021:11:01:52 +0800] "POST /xingrg/kc/buy/cgsh_list_operate.html HTTP/1.1" 200 2777
116.238.194.18 - - [30/Aug/2021:11:01:53 +0800] "GET /xingrg/all/function/internal_message.html?_=1630292512104&CODE_STATE=getMsg HTTP/1.1" 200 27
222.69.129.74 - - [30/Aug/2021:11:01:53 +0800] "GET /xingrg/kc/buy/cgsh_order_info.html?code=212021083013760 HTTP/1.1" 200 58293
180.169.147.146 - - [30/Aug/2021:11:01:53 +0800] "GET /xingrg/all/function/internal_message.html?_=1630292512859&CODE_STATE=getMsg HTTP/1.1" 200 27
222.69.129.74 - - [30/Aug/2021:11:01:53 +0800] "GET /xingrg/javascript/easyui/themes/default/validatebox.css HTTP/1.1" 404 1104
222.69.129.74 - - [30/Aug/2021:11:01:54 +0800] "POST /xingrg/kc/buy/cgsh_order_operate.html HTTP/1.1" 200 609
58.40.7.146 - - [30/Aug/2021:11:01:55 +0800] "GET /xingrg/all/function/internal_message.html?_=1630292514341&CODE_STATE=getMsg HTTP/1.1" 200 27
222.69.129.74 - - [30/Aug/2021:11:01:55 +0800] "GET /xingrg/kc/print/load_data.html?order_code=212021083013760&kc_code=cgsh&condition= HTTP/1.1" 200 767
58.37.227.186 - - [30/Aug/2021:11:01:56 +0800] "GET /xingrg/kc/buy/cgsh_order_operate.html?command=get_materiel&rest_code=00141&code=00101018017&supplier_code=00100330&order_time=2021-08-30 HTTP/1.1" 200 423
116.232.48.180 - - [30/Aug/2021:11:01:57 +0800] "GET /xingrg/kc/buy/cgsh_order_operate.html?command=get_materiel&rest_code=00109&code=00101001029&supplier_code=00100312&order_time=2021-08-30 HTTP/1.1" 200 413
116.237.74.154 - - [30/Aug/2021:11:01:58 +0800] "POST /xingrg/kc/buy/cgsh_list_operate.html HTTP/1.1" 200 276
116.238.168.124 - - [30/Aug/2021:11:01:59 +0800] "GET /xingrg/all/function/internal_message.html?_=1630292498446&CODE_STATE=getMsg HTTP/1.1" 200 27
116.237.74.154 - - [30/Aug/2021:11:01:59 +0800] "GET /xingrg/kc/buy/cgsh_order_info.html?code=212021083013689 HTTP/1.1" 200 63342
222.69.129.74 - - [30/Aug/2021:11:01:59 +0800] "GET /xingrg/kc/buy/cgsh_order_add.html HTTP/1.1" 200 63382
116.237.74.154 - - [30/Aug/2021:11:01:59 +0800] "GET /xingrg/javascript/easyui/themes/default/validatebox.css HTTP/1.1" 404 1104
222.69.129.74 - - [30/Aug/2021:11:01:59 +0800] "POST /xingrg/kc/buy/cgsh_order_operate.html HTTP/1.1" 200 8245
222.69.129.74 - - [30/Aug/2021:11:01:59 +0800] "GET /xingrg/javascript/easyui/themes/default/validatebox.css HTTP/1.1" 404 1104
116.237.74.154 - - [30/Aug/2021:11:02:00 +0800] "POST /xingrg/kc/buy/cgsh_order_operate.html HTTP/1.1" 200 3256
116.237.74.154 - - [30/Aug/2021:11:02:00 +0800] "POST /xingrg/kc/buy/cgsh_list_operate.html HTTP/1.1" 200 2777
180.157.254.90 - - [30/Aug/2021:11:02:02 +0800] "GET /xingrg/all/function/internal_message.html?_=1630292522705&CODE_STATE=getMsg HTTP/1.1" 200 27
58.37.227.186 - - [30/Aug/2021:11:02:04 +0800] "GET /xingrg/all/function/internal_message.html?_=1630292405814&CODE_STATE=getMsg HTTP/1.1" 200 27
101.85.52.72 - - [30/Aug/2021:11:02:05 +0800] "GET /xingrg/all/function/internal_message.html?_=1630292522890&CODE_STATE=getMsg HTTP/1.1" 200 27
101.83.145.79 - - [30/Aug/2021:11:02:06 +0800] "GET /xingrg/all/function/internal_message.html?_=1630292526545&CODE_STATE=getMsg HTTP/1.1" 200 27
116.237.74.154 - - [30/Aug/2021:11:02:07 +0800] "GET /xingrg/all/function/internal_message.html?_=1630292525057&CODE_STATE=getMsg HTTP/1.1" 200 27
116.237.74.154 - - [30/Aug/2021:11:02:07 +0800] "POST /xingrg/kc/buy/cgsh_order_operate.html HTTP/1.1" 200 37
222.69.129.74 - - [30/Aug/2021:11:02:07 +0800] "GET /xingrg/kc/buy/cgsh_order_operate.html?command=get_materiel&rest_code=00149&code=00101003037&supplier_code=00100091&order_time=2021-08-30 HTTP/1.1" 200 413
116.232.48.180 - - [30/Aug/2021:11:02:11 +0800] "GET /xingrg/all/function/internal_message.html?_=1630292530983&CODE_STATE=getMsg HTTP/1.1" 200 27
58.37.227.186 - - [30/Aug/2021:11:02:14 +0800] "POST /xingrg/kc/buy/cgsh_order_operate.html HTTP/1.1" 200 37
116.232.48.180 - - [30/Aug/2021:11:02:14 +0800] "POST /xingrg/kc/buy/cgsh_order_operate.html HTTP/1.1" 200 88
116.237.74.154 - - [30/Aug/2021:11:02:15 +0800] "POST /xingrg/kc/buy/cgsh_order_operate.html HTTP/1.1" 200 12
116.237.74.154 - - [30/Aug/2021:11:02:16 +0800] "GET /xingrg/kc/buy/cgsh_order_info.html?code=212021083013689 HTTP/1.1" 200 58242
116.237.74.154 - - [30/Aug/2021:11:02:16 +0800] "GET /xingrg/javascript/easyui/themes/default/validatebox.css HTTP/1.1" 404 1104
116.237.74.154 - - [30/Aug/2021:11:02:17 +0800] "POST /xingrg/kc/buy/cgsh_order_operate.html HTTP/1.1" 200 1206
180.169.147.146 - - [30/Aug/2021:11:02:17 +0800] "GET /xingrg/all/function/internal_message.html?_=1630292536324&CODE_STATE=getMsg HTTP/1.1" 200 27
222.70.179.252 - - [30/Aug/2021:11:02:19 +0800] "GET /xingrg/all/function/internal_message.html?_=1630292538947&CODE_STATE=getMsg HTTP/1.1" 200 27
58.37.227.186 - - [30/Aug/2021:11:02:19 +0800] "POST /xingrg/kc/buy/cgsh_order_operate.html HTTP/1.1" 200 12
116.237.74.154 - - [30/Aug/2021:11:02:19 +0800] "GET /xingrg/kc/print/load_data.html?order_code=212021083013689&kc_code=cgsh&condition= HTTP/1.1" 200 935
58.37.227.186 - - [30/Aug/2021:11:02:21 +0800] "GET /xingrg/kc/buy/cgsh_order_info.html?code=212021083013761 HTTP/1.1" 200 58250
58.37.227.186 - - [30/Aug/2021:11:02:21 +0800] "GET /xingrg/javascript/easyui/themes/default/validatebox.css HTTP/1.1" 404 1104
222.69.129.74 - - [30/Aug/2021:11:02:21 +0800] "POST /xingrg/kc/buy/cgsh_order_operate.html HTTP/1.1" 200 37
124.79.246.142 - - [30/Aug/2021:11:02:22 +0800] "GET /xingrg/all/function/internal_message.html?_=1630292641419&CODE_STATE=getMsg HTTP/1.1" 200 27
58.37.227.186 - - [30/Aug/2021:11:02:22 +0800] "POST /xingrg/kc/buy/cgsh_order_operate.html HTTP/1.1" 200 614
180.169.147.146 - - [30/Aug/2021:11:02:23 +0800] "GET /xingrg/check_reg.html?_=1630292565450 HTTP/1.1" 200 22
180.169.147.146 - - [30/Aug/2021:11:02:23 +0800] "GET /xingrg/all/function/internal_message.html?_=1630292565456&CODE_STATE=getMsg HTTP/1.1" 200 27
222.70.246.151 - - [30/Aug/2021:11:02:23 +0800] "GET /xingrg/all/function/internal_message.html?_=1630292544771&CODE_STATE=getMsg HTTP/1.1" 200 27
116.232.48.180 - - [30/Aug/2021:11:02:25 +0800] "POST /xingrg/kc/buy/cgsh_order_operate.html HTTP/1.1" 200 37
180.169.147.146 - - [30/Aug/2021:11:02:26 +0800] "GET /xingrg/all/function/internal_message.html?_=1630292545924&CODE_STATE=getMsg HTTP/1.1" 200 27
116.232.48.180 - - [30/Aug/2021:11:02:27 +0800] "POST /xingrg/kc/buy/cgsh_order_operate.html HTTP/1.1" 200 5040
101.83.145.79 - - [30/Aug/2021:11:02:28 +0800] "GET /xingrg/all/function/internal_message.html?_=1630292498993&CODE_STATE=getMsg HTTP/1.1" 200 27
116.238.168.124 - - [30/Aug/2021:11:02:28 +0800] "GET /xingrg/all/function/internal_message.html?_=1630292547506&CODE_STATE=getMsg HTTP/1.1" 200 27
116.232.48.180 - - [30/Aug/2021:11:02:28 +0800] "GET /xingrg/kc/print/load_config.html?kc_code=cgsh HTTP/1.1" 200 2076
222.69.129.74 - - [30/Aug/2021:11:02:28 +0800] "POST /xingrg/kc/buy/cgsh_order_operate.html HTTP/1.1" 200 12
116.232.48.180 - - [30/Aug/2021:11:02:29 +0800] "GET /xingrg/kc/print/load_data.html?order_code=212021083013764&kc_code=cgsh&condition= HTTP/1.1" 200 1586
116.237.74.154 - - [30/Aug/2021:11:02:29 +0800] "GET /xingrg/all/function/internal_message.html?_=1630292549618&CODE_STATE=getMsg HTTP/1.1" 200 27
222.70.179.113 - - [30/Aug/2021:11:02:29 +0800] "GET /xingrg/check_reg.html?_=1630292550155 HTTP/1.1" 302 -
222.69.129.74 - - [30/Aug/2021:11:02:30 +0800] "GET /xingrg/kc/buy/cgsh_order_info.html?code=212021083013763 HTTP/1.1" 200 58295
116.237.74.154 - - [30/Aug/2021:11:02:30 +0800] "GET /xingrg/check_reg.html?_=1630292550491 HTTP/1.1" 200 22
222.69.129.74 - - [30/Aug/2021:11:02:30 +0800] "GET /xingrg/javascript/easyui/themes/default/validatebox.css HTTP/1.1" 404 1104
116.237.74.154 - - [30/Aug/2021:11:02:31 +0800] "POST /xingrg/kc/buy/cgsh_list_operate.html HTTP/1.1" 200 2410
222.69.129.74 - - [30/Aug/2021:11:02:31 +0800] "GET /xingrg/all/function/internal_message.html?_=1630292549808&CODE_STATE=getMsg HTTP/1.1" 200 27
222.69.129.74 - - [30/Aug/2021:11:02:31 +0800] "POST /xingrg/kc/buy/cgsh_order_operate.html HTTP/1.1" 200 611
222.69.129.74 - - [30/Aug/2021:11:02:32 +0800] "GET /xingrg/kc/print/load_data.html?order_code=212021083013763&kc_code=cgsh&condition= HTTP/1.1" 200 769
116.232.48.180 - - [30/Aug/2021:11:02:32 +0800] "GET /xingrg/kc/buy/cgsh_order_add.html HTTP/1.1" 200 63370
116.232.48.180 - - [30/Aug/2021:11:02:33 +0800] "POST /xingrg/kc/buy/cgsh_order_operate.html HTTP/1.1" 200 8245
116.232.48.180 - - [30/Aug/2021:11:02:33 +0800] "GET /xingrg/all/common/auto_word.html?type=employee&rest_code=00109 HTTP/1.1" 200 255
116.232.48.180 - - [30/Aug/2021:11:02:33 +0800] "GET /xingrg/all/common/auto_word.html?type=employee&rest_code=00109 HTTP/1.1" 200 255
116.232.48.180 - - [30/Aug/2021:11:02:33 +0800] "GET /xingrg/javascript/easyui/themes/default/validatebox.css HTTP/1.1" 404 1104
116.237.74.154 - - [30/Aug/2021:11:02:34 +0800] "POST /xingrg/kc/buy/cgsh_list_operate.html HTTP/1.1" 200 280
101.83.241.165 - - [30/Aug/2021:11:02:34 +0800] "GET /xingrg/all/function/internal_message.html?_=1630292553799&CODE_STATE=getMsg HTTP/1.1" 200 27
116.237.74.154 - - [30/Aug/2021:11:02:34 +0800] "GET /xingrg/kc/buy/cgsh_order_info.html?code=212021083013730 HTTP/1.1" 200 63341
116.237.74.154 - - [30/Aug/2021:11:02:35 +0800] "GET /xingrg/javascript/easyui/themes/default/validatebox.css HTTP/1.1" 404 1104
180.169.147.146 - - [30/Aug/2021:11:02:35 +0800] "GET /xingrg/check_reg.html?_=1630292557444 HTTP/1.1" 302 -
117.184.7.26 - - [30/Aug/2021:11:02:35 +0800] "GET /xingrg/check_reg.html?_=1630292554753 HTTP/1.1" 200 22
117.184.7.26 - - [30/Aug/2021:11:02:35 +0800] "GET /xingrg/all/function/internal_message.html?_=1630292554754&CODE_STATE=getMsg HTTP/1.1" 200 27
116.238.194.18 - - [30/Aug/2021:11:02:35 +0800] "GET /xingrg/all/function/internal_message.html?_=1630292541697&CODE_STATE=getMsg HTTP/1.1" 200 27
116.237.74.154 - - [30/Aug/2021:11:02:36 +0800] "POST /xingrg/kc/buy/cgsh_order_operate.html HTTP/1.1" 200 3250
116.237.74.154 - - [30/Aug/2021:11:02:36 +0800] "POST /xingrg/kc/buy/cgsh_list_operate.html HTTP/1.1" 200 2410
222.69.129.74 - - [30/Aug/2021:11:02:37 +0800] "GET /xingrg/kc/buy/cgsh_order_add.html HTTP/1.1" 200 63382
101.85.52.72 - - [30/Aug/2021:11:02:37 +0800] "GET /xingrg/kc/buy/cgsh_order_add.html HTTP/1.1" 200 62568
222.69.129.74 - - [30/Aug/2021:11:02:37 +0800] "POST /xingrg/kc/buy/cgsh_order_operate.html HTTP/1.1" 200 8245
222.69.129.74 - - [30/Aug/2021:11:02:37 +0800] "GET /xingrg/javascript/easyui/themes/default/validatebox.css HTTP/1.1" 404 1104
101.85.52.72 - - [30/Aug/2021:11:02:37 +0800] "POST /xingrg/kc/buy/cgsh_order_operate.html HTTP/1.1" 200 8245
101.85.52.72 - - [30/Aug/2021:11:02:37 +0800] "GET /xingrg/javascript/easyui/themes/default/validatebox.css HTTP/1.1" 404 1104
101.85.52.72 - - [30/Aug/2021:11:02:40 +0800] "GET /xingrg/javascript/jquery_tools/images/next.gif HTTP/1.1" 404 1086
101.85.52.72 - - [30/Aug/2021:11:02:40 +0800] "GET /xingrg/javascript/jquery_tools/images/prev.gif HTTP/1.1" 404 1086
116.232.48.180 - - [30/Aug/2021:11:02:40 +0800] "GET /xingrg/kc/buy/cgsh_order_operate.html?command=get_materiel&rest_code=00109&code=00101010079&supplier_code=00100336&order_time=2021-08-30 HTTP/1.1" 200 413
116.237.74.154 - - [30/Aug/2021:11:02:41 +0800] "POST /xingrg/kc/buy/cgsh_order_operate.html HTTP/1.1" 200 37
58.37.227.186 - - [30/Aug/2021:11:02:42 +0800] "GET /xingrg/kc/print/load_data.html?order_code=212021083013761&kc_code=cgsh&condition= HTTP/1.1" 200 717
120.253.135.82 - - [30/Aug/2021:11:02:47 +0800] "GET /xingrg/check_reg.html?_=1630292572202 HTTP/1.1" 200 22
116.230.105.26 - - [30/Aug/2021:11:02:49 +0800] "GET /xingrg/check_reg.html?_=1630292527784 HTTP/1.1" 200 22
116.230.105.26 - - [30/Aug/2021:11:02:49 +0800] "GET /xingrg/all/function/internal_message.html?_=1630292527785&CODE_STATE=getMsg HTTP/1.1" 200 27
116.232.48.180 - - [30/Aug/2021:11:02:50 +0800] "POST /xingrg/kc/buy/cgsh_order_operate.html HTTP/1.1" 200 37
116.237.74.154 - - [30/Aug/2021:11:02:51 +0800] "POST /xingrg/kc/buy/cgsh_order_operate.html HTTP/1.1" 200 12
116.232.48.180 - - [30/Aug/2021:11:02:51 +0800] "POST /xingrg/kc/buy/cgsh_order_operate.html HTTP/1.1" 200 2657
116.237.74.154 - - [30/Aug/2021:11:02:52 +0800] "GET /xingrg/kc/buy/cgsh_order_info.html?code=212021083013730 HTTP/1.1" 200 58241
116.237.74.154 - - [30/Aug/2021:11:02:52 +0800] "GET /xingrg/javascript/easyui/themes/default/validatebox.css HTTP/1.1" 404 1104
116.232.48.180 - - [30/Aug/2021:11:02:53 +0800] "GET /xingrg/kc/print/load_config.html?kc_code=cgsh HTTP/1.1" 200 2076
116.238.194.18 - - [30/Aug/2021:11:02:53 +0800] "GET /xingrg/all/function/internal_message.html?_=1630292572103&CODE_STATE=getMsg HTTP/1.1" 200 27
116.237.74.154 - - [30/Aug/2021:11:02:53 +0800] "POST /xingrg/kc/buy/cgsh_order_operate.html HTTP/1.1" 200 1200
116.232.48.180 - - [30/Aug/2021:11:02:53 +0800] "GET /xingrg/kc/print/load_data.html?order_code=212021083013765&kc_code=cgsh&condition= HTTP/1.1" 200 661
180.169.147.146 - - [30/Aug/2021:11:02:53 +0800] "GET /xingrg/all/function/internal_message.html?_=1630292572865&CODE_STATE=getMsg HTTP/1.1" 200 27
58.40.7.146 - - [30/Aug/2021:11:02:55 +0800] "GET /xingrg/all/function/internal_message.html?_=1630292574344&CODE_STATE=getMsg HTTP/1.1" 200 27
116.237.74.154 - - [30/Aug/2021:11:02:55 +0800] "GET /xingrg/kc/print/load_data.html?order_code=212021083013730&kc_code=cgsh&condition= HTTP/1.1" 200 922
