116.237.74.154 - - [27/Aug/2021:10:29:44 +0800] "POST /xingrg/services/DataTransmitService HTTP/1.1" 200 524
116.230.105.26 - - [27/Aug/2021:10:29:45 +0800] "GET /xingrg/all/function/internal_message.html?_=1630031353323&CODE_STATE=getMsg HTTP/1.1" 200 27
222.70.179.113 - - [27/Aug/2021:10:29:45 +0800] "GET /xingrg/all/function/internal_message.html?_=1630031385276&CODE_STATE=getMsg HTTP/1.1" 200 27
180.157.254.90 - - [27/Aug/2021:10:29:45 +0800] "GET /xingrg/all/function/internal_message.html?_=1630031392669&CODE_STATE=getMsg HTTP/1.1" 200 27
116.238.194.18 - - [27/Aug/2021:10:29:49 +0800] "GET /xingrg/all/function/internal_message.html?_=1630031391759&CODE_STATE=getMsg HTTP/1.1" 200 27
116.238.194.18 - - [27/Aug/2021:10:29:49 +0800] "GET /xingrg/check_reg.html?_=1630031391763 HTTP/1.1" 200 22
116.230.105.26 - - [27/Aug/2021:10:29:50 +0800] "GET /xingrg/javascript/auto/indicator.gif HTTP/1.1" 404 1066
116.233.78.234 - - [27/Aug/2021:10:29:51 +0800] "GET /xingrg/all/function/internal_message.html?_=1630031396409&CODE_STATE=getMsg HTTP/1.1" 200 27
116.230.105.26 - - [27/Aug/2021:10:29:51 +0800] "GET /xingrg/javascript/jquery_tools/images/prev.gif HTTP/1.1" 404 1086
116.230.105.26 - - [27/Aug/2021:10:29:51 +0800] "GET /xingrg/javascript/jquery_tools/images/next.gif HTTP/1.1" 404 1086
116.237.74.154 - - [27/Aug/2021:10:29:55 +0800] "POST /xingrg/services/DataTransmitService HTTP/1.1" 200 501
116.238.194.18 - - [27/Aug/2021:10:29:57 +0800] "GET /xingrg/all/function/internal_message.html?_=1630031390587&CODE_STATE=getMsg HTTP/1.1" 200 27
124.77.108.71 - - [27/Aug/2021:10:29:57 +0800] "GET /xingrg/all/function/internal_message.html?_=1630031394122&CODE_STATE=getMsg HTTP/1.1" 200 27
116.230.105.26 - - [27/Aug/2021:10:29:58 +0800] "GET /xingrg/kc/buy/cgsh_order_operate.html?command=get_materiel&rest_code=00155&code=00101010545&supplier_code=00100266&order_time=2021-08-27 HTTP/1.1" 200 395
61.151.207.141 - - [27/Aug/2021:10:29:59 +0800] "GET /xingrg/kc/buy/cgsh_order_info.html?code=212021082712188 HTTP/1.1" 302 -
61.151.207.141 - - [27/Aug/2021:10:30:00 +0800] "GET /xingrg/login.html HTTP/1.1" 200 7641
180.169.147.146 - - [27/Aug/2021:10:30:06 +0800] "GET /xingrg/all/function/internal_message.html?_=1630031411457&CODE_STATE=getMsg HTTP/1.1" 200 27
101.83.145.79 - - [27/Aug/2021:10:30:07 +0800] "GET /xingrg/kc/buy/cgsh_order_operate.html?command=get_materiel&rest_code=00105&code=00101018007&supplier_code=00100330&order_time=2021-08-27 HTTP/1.1" 200 409
120.253.135.82 - - [27/Aug/2021:10:30:08 +0800] "GET /xingrg/check_reg.html?_=1630031421368 HTTP/1.1" 200 22
116.230.105.26 - - [27/Aug/2021:10:30:08 +0800] "GET /xingrg/kc/buy/cgsh_order_operate.html?command=get_materiel&rest_code=00155&code=00101007122&supplier_code=00100266&order_time=2021-08-27 HTTP/1.1" 200 435
101.83.145.79 - - [27/Aug/2021:10:30:10 +0800] "GET /xingrg/all/function/internal_message.html?_=1630031415010&CODE_STATE=getMsg HTTP/1.1" 200 27
116.237.74.154 - - [27/Aug/2021:10:30:13 +0800] "POST /xingrg/services/DataTransmitService HTTP/1.1" 200 524
116.237.74.154 - - [27/Aug/2021:10:30:13 +0800] "POST /xingrg/services/DataTransmitService HTTP/1.1" 200 497
116.237.74.154 - - [27/Aug/2021:10:30:13 +0800] "GET /xingrg/all/function/internal_message.html?_=1630031413591&CODE_STATE=getMsg HTTP/1.1" 200 27
61.151.178.165 - - [27/Aug/2021:10:30:14 +0800] "GET /xingrg/all/function/internal_message.html?_=1630031353621&CODE_STATE=getMsg HTTP/1.1" 302 -
61.151.178.165 - - [27/Aug/2021:10:30:15 +0800] "GET /xingrg/login.html HTTP/1.1" 200 7641
61.151.178.249 - - [27/Aug/2021:10:30:15 +0800] "GET /xingrg/kc/print/load_data.html?order_code=212021082712188&kc_code=cgsh HTTP/1.1" 302 -
61.151.178.249 - - [27/Aug/2021:10:30:15 +0800] "GET /xingrg/login.html HTTP/1.1" 200 7641
180.169.147.146 - - [27/Aug/2021:10:30:17 +0800] "GET /xingrg/all/function/internal_message.html?_=1630031565791&CODE_STATE=getMsg HTTP/1.1" 200 27
180.169.147.146 - - [27/Aug/2021:10:30:18 +0800] "GET /xingrg/check_reg.html?_=1630031566166 HTTP/1.1" 200 22
101.83.145.79 - - [27/Aug/2021:10:30:20 +0800] "POST /xingrg/kc/buy/cgsh_order_operate.html HTTP/1.1" 200 37
58.37.227.186 - - [27/Aug/2021:10:30:20 +0800] "GET /xingrg/check_reg.html?_=1630031309068 HTTP/1.1" 200 22
58.37.227.186 - - [27/Aug/2021:10:30:20 +0800] "GET /xingrg/check_reg.html?_=1630031309083 HTTP/1.1" 200 22
101.83.145.79 - - [27/Aug/2021:10:30:21 +0800] "POST /xingrg/kc/buy/cgsh_order_operate.html HTTP/1.1" 200 3849
101.83.145.79 - - [27/Aug/2021:10:30:23 +0800] "GET /xingrg/kc/print/load_data.html?order_code=212021082712189&kc_code=cgsh&condition= HTTP/1.1" 200 1135
120.253.135.82 - - [27/Aug/2021:10:30:23 +0800] "GET /xingrg/all/function/internal_message.html?_=1630031202700&CODE_STATE=getMsg HTTP/1.1" 200 27
116.230.105.26 - - [27/Aug/2021:10:30:24 +0800] "GET /xingrg/kc/buy/cgsh_order_operate.html?command=get_materiel&rest_code=00155&code=00101012109&supplier_code=00100266&order_time=2021-08-27 HTTP/1.1" 200 396
120.253.135.82 - - [27/Aug/2021:10:30:24 +0800] "GET /xingrg/all/function/internal_message.html?_=1630031436882&CODE_STATE=getMsg HTTP/1.1" 200 27
180.169.147.146 - - [27/Aug/2021:10:30:26 +0800] "GET /xingrg/all/function/internal_message.html?_=1630031431144&CODE_STATE=getMsg HTTP/1.1" 200 27
180.169.147.146 - - [27/Aug/2021:10:30:26 +0800] "GET /xingrg/check_reg.html?_=1630031431147 HTTP/1.1" 200 22
101.83.145.79 - - [27/Aug/2021:10:30:26 +0800] "GET /xingrg/kc/buy/cgsh_order_add.html HTTP/1.1" 200 63376
101.83.145.79 - - [27/Aug/2021:10:30:26 +0800] "POST /xingrg/kc/buy/cgsh_order_operate.html HTTP/1.1" 200 8245
101.83.145.79 - - [27/Aug/2021:10:30:26 +0800] "GET /xingrg/javascript/easyui/themes/default/validatebox.css HTTP/1.1" 404 1104
116.237.74.154 - - [27/Aug/2021:10:30:26 +0800] "GET /xingrg/kc/buy/cgsh_order_add.html HTTP/1.1" 200 63335
116.237.74.154 - - [27/Aug/2021:10:30:27 +0800] "GET /xingrg/javascript/easyui/themes/default/validatebox.css HTTP/1.1" 404 1104
116.237.74.154 - - [27/Aug/2021:10:30:27 +0800] "POST /xingrg/kc/buy/cgsh_order_operate.html HTTP/1.1" 200 8245
116.237.74.154 - - [27/Aug/2021:10:30:28 +0800] "POST /xingrg/services/DataTransmitService HTTP/1.1" 200 524
180.169.147.146 - - [27/Aug/2021:10:30:29 +0800] "GET /xingrg/all/function/internal_message.html?_=1630031432483&CODE_STATE=getMsg HTTP/1.1" 200 27
116.237.74.154 - - [27/Aug/2021:10:30:30 +0800] "GET /xingrg/javascript/easyui/themes/default/tree.css HTTP/1.1" 404 1090
116.237.74.154 - - [27/Aug/2021:10:30:31 +0800] "POST /xingrg/all/common/load_tree.html?tree=supplier_tree_json&isDelete=1 HTTP/1.1" 200 57570
222.69.131.200 - - [27/Aug/2021:10:30:31 +0800] "GET /xingrg/all/function/internal_message.html?_=1630031434017&CODE_STATE=getMsg HTTP/1.1" 200 27
222.70.246.151 - - [27/Aug/2021:10:30:32 +0800] "GET /xingrg/all/function/internal_message.html?_=1630031435222&CODE_STATE=getMsg HTTP/1.1" 200 27
116.230.105.26 - - [27/Aug/2021:10:30:34 +0800] "GET /xingrg/kc/buy/cgsh_order_operate.html?command=get_materiel&rest_code=00155&code=00101010146&supplier_code=00100266&order_time=2021-08-27 HTTP/1.1" 200 408
116.237.74.154 - - [27/Aug/2021:10:30:41 +0800] "GET /xingrg/kc/buy/cgsh_order_operate.html?command=get_materiel&rest_code=00106&code=00101012025&supplier_code=00100032&order_time=2021-08-27 HTTP/1.1" 200 412
101.83.145.79 - - [27/Aug/2021:10:30:41 +0800] "GET /xingrg/kc/buy/cgsh_order_operate.html?command=get_materiel&rest_code=00105&code=00101001167&supplier_code=00100314&order_time=2021-08-27 HTTP/1.1" 200 411
116.230.105.26 - - [27/Aug/2021:10:30:45 +0800] "GET /xingrg/all/function/internal_message.html?_=1630031413329&CODE_STATE=getMsg HTTP/1.1" 200 27
116.230.105.26 - - [27/Aug/2021:10:30:45 +0800] "GET /xingrg/check_reg.html?_=1630031413331 HTTP/1.1" 200 22
222.70.179.113 - - [27/Aug/2021:10:30:45 +0800] "GET /xingrg/all/function/internal_message.html?_=1630031445275&CODE_STATE=getMsg HTTP/1.1" 200 27
180.157.254.90 - - [27/Aug/2021:10:30:45 +0800] "GET /xingrg/all/function/internal_message.html?_=1630031452684&CODE_STATE=getMsg HTTP/1.1" 200 27
180.157.254.90 - - [27/Aug/2021:10:30:45 +0800] "GET /xingrg/check_reg.html?_=1630031452685 HTTP/1.1" 200 22
116.238.194.18 - - [27/Aug/2021:10:30:49 +0800] "GET /xingrg/all/function/internal_message.html?_=1630031451763&CODE_STATE=getMsg HTTP/1.1" 200 27
116.230.105.26 - - [27/Aug/2021:10:30:50 +0800] "POST /xingrg/kc/buy/cgsh_order_operate.html HTTP/1.1" 200 37
116.237.74.154 - - [27/Aug/2021:10:30:50 +0800] "GET /xingrg/kc/buy/cgsh_order_operate.html?command=get_materiel&rest_code=00106&code=00101016025&supplier_code=00100032&order_time=2021-08-27 HTTP/1.1" 200 408
116.233.78.234 - - [27/Aug/2021:10:30:51 +0800] "GET /xingrg/all/function/internal_message.html?_=1630031456412&CODE_STATE=getMsg HTTP/1.1" 200 27
116.233.78.234 - - [27/Aug/2021:10:30:51 +0800] "GET /xingrg/check_reg.html?_=1630031456412 HTTP/1.1" 200 22
101.83.145.79 - - [27/Aug/2021:10:30:52 +0800] "POST /xingrg/kc/buy/cgsh_order_operate.html HTTP/1.1" 200 37
116.230.105.26 - - [27/Aug/2021:10:30:52 +0800] "POST /xingrg/kc/buy/cgsh_order_operate.html HTTP/1.1" 200 3855
116.238.194.18 - - [27/Aug/2021:10:30:57 +0800] "GET /xingrg/check_reg.html?_=1630031450453 HTTP/1.1" 200 22
116.238.194.18 - - [27/Aug/2021:10:30:57 +0800] "GET /xingrg/all/function/internal_message.html?_=1630031450600&CODE_STATE=getMsg HTTP/1.1" 200 27
124.77.108.71 - - [27/Aug/2021:10:30:57 +0800] "GET /xingrg/all/function/internal_message.html?_=1630031454124&CODE_STATE=getMsg HTTP/1.1" 200 27
101.83.145.79 - - [27/Aug/2021:10:30:58 +0800] "POST /xingrg/kc/buy/cgsh_order_operate.html HTTP/1.1" 200 2658
116.237.74.154 - - [27/Aug/2021:10:30:59 +0800] "GET /xingrg/kc/buy/cgsh_order_operate.html?command=get_materiel&rest_code=00106&code=00101006161&supplier_code=00100032&order_time=2021-08-27 HTTP/1.1" 200 409
101.83.145.79 - - [27/Aug/2021:10:30:59 +0800] "GET /xingrg/kc/print/load_data.html?order_code=212021082712191&kc_code=cgsh&condition= HTTP/1.1" 200 669
222.70.179.113 - - [27/Aug/2021:10:31:01 +0800] "GET /xingrg/check_reg.html?_=1630031489122 HTTP/1.1" 302 -
116.230.105.26 - - [27/Aug/2021:10:31:02 +0800] "GET /xingrg/kc/print/load_data.html?order_code=212021082712190&kc_code=cgsh&condition= HTTP/1.1" 200 1150
101.83.145.79 - - [27/Aug/2021:10:31:03 +0800] "GET /xingrg/kc/buy/cgsh_order_add.html HTTP/1.1" 200 63376
101.83.145.79 - - [27/Aug/2021:10:31:03 +0800] "POST /xingrg/kc/buy/cgsh_order_operate.html HTTP/1.1" 200 8245
101.83.145.79 - - [27/Aug/2021:10:31:03 +0800] "GET /xingrg/javascript/easyui/themes/default/validatebox.css HTTP/1.1" 404 1104
180.169.147.146 - - [27/Aug/2021:10:31:06 +0800] "GET /xingrg/all/function/internal_message.html?_=1630031471446&CODE_STATE=getMsg HTTP/1.1" 200 27
116.237.74.154 - - [27/Aug/2021:10:31:08 +0800] "GET /xingrg/kc/buy/cgsh_order_operate.html?command=get_materiel&rest_code=00106&code=00101016017&supplier_code=00100032&order_time=2021-08-27 HTTP/1.1" 200 408
116.230.105.26 - - [27/Aug/2021:10:31:09 +0800] "GET /xingrg/kc/buy/cgsh_order_add.html HTTP/1.1" 200 63297
116.230.105.26 - - [27/Aug/2021:10:31:10 +0800] "POST /xingrg/kc/buy/cgsh_order_operate.html HTTP/1.1" 200 8245
116.230.105.26 - - [27/Aug/2021:10:31:10 +0800] "GET /xingrg/javascript/easyui/themes/default/validatebox.css HTTP/1.1" 404 1104
101.83.145.79 - - [27/Aug/2021:10:31:10 +0800] "GET /xingrg/all/function/internal_message.html?_=1630031475031&CODE_STATE=getMsg HTTP/1.1" 200 27
116.237.74.154 - - [27/Aug/2021:10:31:12 +0800] "GET /xingrg/check_reg.html?_=1630031472003 HTTP/1.1" 200 22
101.83.145.79 - - [27/Aug/2021:10:31:12 +0800] "GET /xingrg/kc/buy/cgsh_order_operate.html?command=get_materiel&rest_code=00105&code=00101010628&supplier_code=00100327&order_time=2021-08-27 HTTP/1.1" 200 412
116.237.74.154 - - [27/Aug/2021:10:31:13 +0800] "GET /xingrg/all/function/internal_message.html?_=1630031473572&CODE_STATE=getMsg HTTP/1.1" 200 27
61.151.178.177 - - [27/Aug/2021:10:31:13 +0800] "GET /xingrg/all/function/internal_message.html?_=1630031413591&CODE_STATE=getMsg HTTP/1.1" 302 -
61.151.178.177 - - [27/Aug/2021:10:31:14 +0800] "GET /xingrg/login.html HTTP/1.1" 200 7641
116.237.74.154 - - [27/Aug/2021:10:31:15 +0800] "GET /xingrg/kc/buy/cgsh_order_operate.html?command=get_materiel&rest_code=00106&code=00101004057&supplier_code=00100032&order_time=2021-08-27 HTTP/1.1" 200 409
180.169.147.146 - - [27/Aug/2021:10:31:17 +0800] "GET /xingrg/all/function/internal_message.html?_=1630031625792&CODE_STATE=getMsg HTTP/1.1" 200 27
116.230.105.26 - - [27/Aug/2021:10:31:19 +0800] "GET /xingrg/kc/buy/cgsh_order_operate.html?command=get_materiel&rest_code=00155&code=00101020095&supplier_code=00100337&order_time=2021-08-27 HTTP/1.1" 200 435
101.83.145.79 - - [27/Aug/2021:10:31:23 +0800] "POST /xingrg/kc/buy/cgsh_order_operate.html HTTP/1.1" 200 37
120.253.135.82 - - [27/Aug/2021:10:31:23 +0800] "GET /xingrg/all/function/internal_message.html?_=1630031262710&CODE_STATE=getMsg HTTP/1.1" 200 27
120.253.135.82 - - [27/Aug/2021:10:31:24 +0800] "GET /xingrg/all/function/internal_message.html?_=1630031496895&CODE_STATE=getMsg HTTP/1.1" 200 27
116.237.74.154 - - [27/Aug/2021:10:31:24 +0800] "GET /xingrg/kc/buy/cgsh_order_operate.html?command=get_materiel&rest_code=00106&code=00101004010&supplier_code=00100032&order_time=2021-08-27 HTTP/1.1" 200 409
180.169.147.146 - - [27/Aug/2021:10:31:26 +0800] "GET /xingrg/all/function/internal_message.html?_=1630031491148&CODE_STATE=getMsg HTTP/1.1" 200 27
180.169.147.146 - - [27/Aug/2021:10:31:29 +0800] "GET /xingrg/all/function/internal_message.html?_=1630031492462&CODE_STATE=getMsg HTTP/1.1" 200 27
116.237.74.154 - - [27/Aug/2021:10:31:31 +0800] "GET /xingrg/kc/buy/cgsh_order_operate.html?command=get_materiel&rest_code=00106&code=00101020215&supplier_code=00100032&order_time=2021-08-27 HTTP/1.1" 200 391
222.70.246.151 - - [27/Aug/2021:10:31:32 +0800] "GET /xingrg/all/function/internal_message.html?_=1630031495233&CODE_STATE=getMsg HTTP/1.1" 200 27
116.230.105.26 - - [27/Aug/2021:10:31:33 +0800] "GET /xingrg/kc/buy/cgsh_order_operate.html?command=get_materiel&rest_code=00155&code=00101019699&supplier_code=00100337&order_time=2021-08-27 HTTP/1.1" 200 402
116.237.74.154 - - [27/Aug/2021:10:31:42 +0800] "POST /xingrg/kc/buy/cgsh_order_operate.html HTTP/1.1" 200 37
116.230.105.26 - - [27/Aug/2021:10:31:44 +0800] "GET /xingrg/kc/buy/cgsh_order_operate.html?command=get_materiel&rest_code=00155&code=00101019278&supplier_code=00100337&order_time=2021-08-27 HTTP/1.1" 200 436
116.230.105.26 - - [27/Aug/2021:10:31:45 +0800] "GET /xingrg/all/function/internal_message.html?_=1630031473323&CODE_STATE=getMsg HTTP/1.1" 200 27
222.70.179.113 - - [27/Aug/2021:10:31:45 +0800] "GET /xingrg/all/function/internal_message.html?_=1630031505275&CODE_STATE=getMsg HTTP/1.1" 200 27
180.157.254.90 - - [27/Aug/2021:10:31:45 +0800] "GET /xingrg/all/function/internal_message.html?_=1630031512669&CODE_STATE=getMsg HTTP/1.1" 200 27
116.237.74.154 - - [27/Aug/2021:10:31:47 +0800] "POST /xingrg/services/DataTransmitService HTTP/1.1" 200 501
116.237.74.154 - - [27/Aug/2021:10:31:47 +0800] "POST /xingrg/services/DataTransmitService HTTP/1.1" 200 501
222.69.131.200 - - [27/Aug/2021:10:31:48 +0800] "GET /xingrg/login.html?sysBaseUrl=http%3A%2F%2F180.169.147.146%3A18081%2Fxingrg%2F&costTime=31×tamp=1615347190560 HTTP/1.1" 200 7641
222.69.131.200 - - [27/Aug/2021:10:31:48 +0800] "GET /favicon.ico HTTP/1.1" 404 -
116.238.194.18 - - [27/Aug/2021:10:31:49 +0800] "GET /xingrg/all/function/internal_message.html?_=1630031511763&CODE_STATE=getMsg HTTP/1.1" 200 27
116.237.74.154 - - [27/Aug/2021:10:31:49 +0800] "POST /xingrg/services/DataTransmitService HTTP/1.1" 200 501
116.237.74.154 - - [27/Aug/2021:10:31:49 +0800] "POST /xingrg/kc/buy/cgsh_order_operate.html HTTP/1.1" 200 12
116.233.78.234 - - [27/Aug/2021:10:31:51 +0800] "GET /xingrg/all/function/internal_message.html?_=1630031516413&CODE_STATE=getMsg HTTP/1.1" 200 27
116.237.74.154 - - [27/Aug/2021:10:31:51 +0800] "POST /xingrg/services/DataTransmitService HTTP/1.1" 200 501
116.237.74.154 - - [27/Aug/2021:10:31:51 +0800] "GET /xingrg/kc/buy/cgsh_order_info.html?code=212021082712193 HTTP/1.1" 200 58248
116.237.74.154 - - [27/Aug/2021:10:31:51 +0800] "POST /xingrg/services/DataTransmitService HTTP/1.1" 200 501
116.237.74.154 - - [27/Aug/2021:10:31:52 +0800] "GET /xingrg/javascript/easyui/themes/default/validatebox.css HTTP/1.1" 404 1104
116.237.74.154 - - [27/Aug/2021:10:31:52 +0800] "POST /xingrg/services/DataTransmitService HTTP/1.1" 200 501
222.69.131.200 - - [27/Aug/2021:10:31:52 +0800] "POST /xingrg/login.do HTTP/1.1" 302 -
222.69.131.200 - - [27/Aug/2021:10:31:52 +0800] "GET /xingrg/index.html?sysBaseUrl=http%3A%2F%2F180.169.147.146%3A18081%2Fxingrg%2F&costTime=55×tamp=1630031512263 HTTP/1.1" 200 17179
222.69.131.200 - - [27/Aug/2021:10:31:52 +0800] "GET /favicon.ico HTTP/1.1" 404 -
222.69.131.200 - - [27/Aug/2021:10:31:52 +0800] "POST /xingrg/all/common/load_tree.html?tree=area_rest_tree_json&manage=1 HTTP/1.1" 200 351
222.69.131.200 - - [27/Aug/2021:10:31:52 +0800] "GET /xingrg/check_reg.html?_=1630031514647 HTTP/1.1" 200 22
222.69.131.200 - - [27/Aug/2021:10:31:52 +0800] "GET /xingrg/all/function/internal_message.html?_=1630031514646&CODE_STATE=count HTTP/1.1" 200 11
222.69.131.200 - - [27/Aug/2021:10:31:52 +0800] "POST /xingrg/load_menu.html HTTP/1.1" 200 5138
116.237.74.154 - - [27/Aug/2021:10:31:52 +0800] "POST /xingrg/kc/buy/cgsh_order_operate.html HTTP/1.1" 200 4125
116.237.74.154 - - [27/Aug/2021:10:31:53 +0800] "POST /xingrg/services/DataTransmitService HTTP/1.1" 200 501
116.237.74.154 - - [27/Aug/2021:10:31:53 +0800] "POST /xingrg/services/DataTransmitService HTTP/1.1" 200 501
116.237.74.154 - - [27/Aug/2021:10:31:54 +0800] "POST /xingrg/services/DataTransmitService HTTP/1.1" 200 501
116.237.74.154 - - [27/Aug/2021:10:31:54 +0800] "POST /xingrg/services/DataTransmitService HTTP/1.1" 200 412
101.83.145.79 - - [27/Aug/2021:10:31:55 +0800] "POST /xingrg/kc/buy/cgsh_order_operate.html HTTP/1.1" 200 2671
101.83.145.79 - - [27/Aug/2021:10:31:56 +0800] "GET /xingrg/kc/print/load_data.html?order_code=212021082712192&kc_code=cgsh&condition= HTTP/1.1" 200 675
124.77.108.71 - - [27/Aug/2021:10:31:57 +0800] "GET /xingrg/all/function/internal_message.html?_=1630031514123&CODE_STATE=getMsg HTTP/1.1" 200 27
116.238.194.18 - - [27/Aug/2021:10:32:00 +0800] "GET /xingrg/all/function/internal_message.html?_=1630031510614&CODE_STATE=getMsg HTTP/1.1" 200 27
116.237.74.154 - - [27/Aug/2021:10:32:00 +0800] "GET /xingrg/kc/print/load_data.html?order_code=212021082712193&kc_code=cgsh&condition= HTTP/1.1" 200 2054
101.83.145.79 - - [27/Aug/2021:10:32:01 +0800] "GET /xingrg/kc/buy/cgsh_order_add.html HTTP/1.1" 200 63376
101.83.145.79 - - [27/Aug/2021:10:32:01 +0800] "POST /xingrg/kc/buy/cgsh_order_operate.html HTTP/1.1" 200 8245
101.83.145.79 - - [27/Aug/2021:10:32:01 +0800] "GET /xingrg/javascript/easyui/themes/default/validatebox.css HTTP/1.1" 404 1104
180.169.147.146 - - [27/Aug/2021:10:32:02 +0800] "POST /xingrg/all/user/operate.html HTTP/1.1" 200 36
180.169.147.146 - - [27/Aug/2021:10:32:02 +0800] "GET /xingrg/index.html?sysBaseUrl=http%3A%2F%2F180.169.147.146%3A18081%2Fxingrg%2F&costTime=41×tamp=1630025805412 HTTP/1.1" 200 17503
180.169.147.146 - - [27/Aug/2021:10:32:02 +0800] "GET /xingrg/javascript/jquery_easy_ui/themes/default/easyui.css HTTP/1.1" 304 -
180.169.147.146 - - [27/Aug/2021:10:32:02 +0800] "GET /xingrg/javascript/jquery_easy_ui/themes/icon.css HTTP/1.1" 304 -
180.169.147.146 - - [27/Aug/2021:10:32:02 +0800] "GET /xingrg/css/form.css HTTP/1.1" 304 -
180.169.147.146 - - [27/Aug/2021:10:32:02 +0800] "GET /xingrg/javascript/jquery-1.4.2.min.js HTTP/1.1" 304 -
180.169.147.146 - - [27/Aug/2021:10:32:02 +0800] "GET /xingrg/javascript/jquery_easy_ui/jquery.easyui.min.js HTTP/1.1" 304 -
180.169.147.146 - - [27/Aug/2021:10:32:02 +0800] "GET /xingrg/javascript/jquery_easy_ui/easyui-lang-zh_CN.js HTTP/1.1" 304 -
180.169.147.146 - - [27/Aug/2021:10:32:02 +0800] "GET /xingrg/javascript/jquery.form.js HTTP/1.1" 304 -
180.169.147.146 - - [27/Aug/2021:10:32:02 +0800] "GET /xingrg/javascript/jquery.utils.js HTTP/1.1" 304 -
180.169.147.146 - - [27/Aug/2021:10:32:02 +0800] "GET /xingrg/javascript/jquery.timers.js HTTP/1.1" 304 -
180.169.147.146 - - [27/Aug/2021:10:32:02 +0800] "GET /xingrg/images/blue/jxLogo.png HTTP/1.1" 304 -
180.169.147.146 - - [27/Aug/2021:10:32:02 +0800] "GET /xingrg/javascript/jquery_easy_ui/themes/icons/settle_new.png HTTP/1.1" 304 -
180.169.147.146 - - [27/Aug/2021:10:32:02 +0800] "GET /xingrg/images/blue/navBackgound.jpg HTTP/1.1" 304 -
180.169.147.146 - - [27/Aug/2021:10:32:02 +0800] "POST /xingrg/all/common/load_tree.html?tree=area_rest_tree_json&manage=1 HTTP/1.1" 200 3344
180.169.147.146 - - [27/Aug/2021:10:32:03 +0800] "GET /xingrg/all/function/internal_message.html?_=1630031528160&CODE_STATE=count HTTP/1.1" 200 11
180.169.147.146 - - [27/Aug/2021:10:32:03 +0800] "GET /xingrg/check_reg.html?_=1630031528160 HTTP/1.1" 200 22
180.169.147.146 - - [27/Aug/2021:10:32:03 +0800] "GET /xingrg/images/blue/pingpu.png HTTP/1.1" 304 -
180.169.147.146 - - [27/Aug/2021:10:32:03 +0800] "GET /xingrg/javascript/jquery_easy_ui/themes/default/images/tabs_leftarrow.png HTTP/1.1" 304 -
180.169.147.146 - - [27/Aug/2021:10:32:03 +0800] "GET /xingrg/javascript/jquery_easy_ui/themes/default/images/panel_tool_collapse.gif HTTP/1.1" 304 -
180.169.147.146 - - [27/Aug/2021:10:32:03 +0800] "GET /xingrg/javascript/jquery_easy_ui/themes/default/images/panel_tool_expand.gif HTTP/1.1" 304 -
180.169.147.146 - - [27/Aug/2021:10:32:03 +0800] "GET /xingrg/javascript/jquery_easy_ui/themes/default/images/tabs_rightarrow.png HTTP/1.1" 304 -
180.169.147.146 - - [27/Aug/2021:10:32:03 +0800] "POST /xingrg/load_menu.html HTTP/1.1" 200 11564
180.169.147.146 - - [27/Aug/2021:10:32:04 +0800] "GET /xingrg/kc/report/report_main.html HTTP/1.1" 200 9370
180.169.147.146 - - [27/Aug/2021:10:32:06 +0800] "GET /xingrg/all/report/report_query.html?fileName=kc/buy/gys_amount_base_rest.xml HTTP/1.1" 200 51664
180.169.147.146 - - [27/Aug/2021:10:32:06 +0800] "GET /xingrg/dwr/interface/AjaxReportQueryService.js HTTP/1.1" 200 13203
180.169.147.146 - - [27/Aug/2021:10:32:06 +0800] "GET /xingrg/dwr/engine.js HTTP/1.1" 200 43631
180.169.147.146 - - [27/Aug/2021:10:32:06 +0800] "POST /xingrg/dwr/call/plaincall/AjaxReportQueryService.getFixDate.dwr HTTP/1.1" 200 111
180.169.147.146 - - [27/Aug/2021:10:32:06 +0800] "POST /xingrg/all/common/load_tree.html?tree=area_rest_tree_json&manage=1 HTTP/1.1" 200 3344
180.169.147.146 - - [27/Aug/2021:10:32:06 +0800] "POST /xingrg/all/common/load_tree.html?tree=supplier_tree_json&manage=1 HTTP/1.1" 200 58541
180.169.147.146 - - [27/Aug/2021:10:32:06 +0800] "GET /xingrg/all/function/internal_message.html?_=1630031531451&CODE_STATE=getMsg HTTP/1.1" 200 27
116.237.74.154 - - [27/Aug/2021:10:32:07 +0800] "GET /xingrg/kc/print/load_data.html?order_code=212021082712193&kc_code=cgsh HTTP/1.1" 200 2054
61.151.178.165 - - [27/Aug/2021:10:32:07 +0800] "GET /xingrg/kc/buy/cgsh_order_operate.html?command=get_materiel&rest_code=00106&code=00101016017&supplier_code=00100032&order_time=2021-08-27 HTTP/1.1" 302 -
61.151.178.165 - - [27/Aug/2021:10:32:08 +0800] "GET /xingrg/login.html HTTP/1.1" 200 7641
180.169.147.146 - - [27/Aug/2021:10:32:08 +0800] "POST /xingrg/dwr/call/plaincall/AjaxReportQueryService.getFixDate.dwr HTTP/1.1" 200 111
180.169.147.146 - - [27/Aug/2021:10:32:10 +0800] "POST /xingrg/dwr/call/plaincall/AjaxReportQueryService.getFixDate.dwr HTTP/1.1" 200 111
101.83.145.79 - - [27/Aug/2021:10:32:10 +0800] "GET /xingrg/all/function/internal_message.html?_=1630031535014&CODE_STATE=getMsg HTTP/1.1" 200 27
101.83.145.79 - - [27/Aug/2021:10:32:11 +0800] "GET /xingrg/check_reg.html?_=1630031535934 HTTP/1.1" 200 22
61.151.178.180 - - [27/Aug/2021:10:32:11 +0800] "GET /xingrg/check_reg.html?_=1630031472003 HTTP/1.1" 302 -
61.151.178.180 - - [27/Aug/2021:10:32:11 +0800] "GET /xingrg/login.html HTTP/1.1" 200 7641
101.83.145.79 - - [27/Aug/2021:10:32:12 +0800] "GET /xingrg/kc/buy/cgsh_order_operate.html?command=get_materiel&rest_code=00105&code=00101007168&supplier_code=00100326&order_time=2021-08-27 HTTP/1.1" 200 396
61.151.178.164 - - [27/Aug/2021:10:32:13 +0800] "GET /xingrg/all/function/internal_message.html?_=1630031473572&CODE_STATE=getMsg HTTP/1.1" 302 -
61.151.178.164 - - [27/Aug/2021:10:32:13 +0800] "GET /xingrg/login.html HTTP/1.1" 200 7641
180.169.147.146 - - [27/Aug/2021:10:32:17 +0800] "GET /xingrg/all/function/internal_message.html?_=1630031685767&CODE_STATE=getMsg HTTP/1.1" 200 27
116.237.74.154 - - [27/Aug/2021:10:32:18 +0800] "GET /xingrg/all/function/internal_message.html?_=1630031538217&CODE_STATE=getMsg HTTP/1.1" 200 27
120.253.135.82 - - [27/Aug/2021:10:32:24 +0800] "GET /xingrg/all/function/internal_message.html?_=1630031556923&CODE_STATE=getMsg HTTP/1.1" 200 27
120.253.135.82 - - [27/Aug/2021:10:32:24 +0800] "GET /xingrg/all/function/internal_message.html?_=1630031322966&CODE_STATE=getMsg HTTP/1.1" 200 27
116.237.74.154 - - [27/Aug/2021:10:32:27 +0800] "GET /xingrg/kc/buy/cgsh_order_add.html HTTP/1.1" 200 63335
116.237.74.154 - - [27/Aug/2021:10:32:27 +0800] "GET /xingrg/javascript/easyui/themes/default/validatebox.css HTTP/1.1" 404 1104
116.237.74.154 - - [27/Aug/2021:10:32:27 +0800] "POST /xingrg/kc/buy/cgsh_order_operate.html HTTP/1.1" 200 8245
116.237.74.154 - - [27/Aug/2021:10:32:28 +0800] "GET /xingrg/javascript/easyui/themes/default/tree.css HTTP/1.1" 404 1090
116.237.74.154 - - [27/Aug/2021:10:32:28 +0800] "POST /xingrg/all/common/load_tree.html?tree=supplier_tree_json&isDelete=1 HTTP/1.1" 200 57570
180.169.147.146 - - [27/Aug/2021:10:32:29 +0800] "GET /xingrg/all/function/internal_message.html?_=1630031552455&CODE_STATE=getMsg HTTP/1.1" 200 27
180.169.147.146 - - [27/Aug/2021:10:32:31 +0800] "POST /xingrg/dwr/call/plaincall/AjaxReportQueryService.refreshCache.dwr HTTP/1.1" 200 78
222.70.246.151 - - [27/Aug/2021:10:32:32 +0800] "GET /xingrg/all/function/internal_message.html?_=1630031555256&CODE_STATE=getMsg HTTP/1.1" 200 27
101.83.145.79 - - [27/Aug/2021:10:32:35 +0800] "POST /xingrg/kc/buy/cgsh_order_operate.html HTTP/1.1" 200 37
180.169.147.146 - - [27/Aug/2021:10:32:36 +0800] "POST /xingrg/all/report/load_report_page.html HTTP/1.1" 200 319274
180.169.147.146 - - [27/Aug/2021:10:32:36 +0800] "GET /xingrg/servlets/image?cache=0.12322025383996627&image=px HTTP/1.1" 200 807
101.83.145.79 - - [27/Aug/2021:10:32:38 +0800] "POST /xingrg/kc/buy/cgsh_order_operate.html HTTP/1.1" 200 2653
101.83.145.79 - - [27/Aug/2021:10:32:39 +0800] "GET /xingrg/kc/print/load_data.html?order_code=212021082712194&kc_code=cgsh&condition= HTTP/1.1" 200 668
116.237.74.154 - - [27/Aug/2021:10:32:40 +0800] "GET /xingrg/kc/buy/cgsh_order_operate.html?command=get_materiel&rest_code=00106&code=00101009001&supplier_code=00100022&order_time=2021-08-27 HTTP/1.1" 200 418
116.230.105.26 - - [27/Aug/2021:10:32:45 +0800] "GET /xingrg/all/function/internal_message.html?_=1630031533326&CODE_STATE=getMsg HTTP/1.1" 200 27
222.70.179.113 - - [27/Aug/2021:10:32:45 +0800] "GET /xingrg/all/function/internal_message.html?_=1630031565289&CODE_STATE=getMsg HTTP/1.1" 200 27
101.83.145.79 - - [27/Aug/2021:10:32:45 +0800] "GET /xingrg/kc/buy/cgsh_order_add.html HTTP/1.1" 200 63376
101.83.145.79 - - [27/Aug/2021:10:32:45 +0800] "GET /xingrg/javascript/easyui/themes/default/validatebox.css HTTP/1.1" 404 1104
101.83.145.79 - - [27/Aug/2021:10:32:45 +0800] "POST /xingrg/kc/buy/cgsh_order_operate.html HTTP/1.1" 200 8245
180.157.254.90 - - [27/Aug/2021:10:32:45 +0800] "GET /xingrg/all/function/internal_message.html?_=1630031572668&CODE_STATE=getMsg HTTP/1.1" 200 27
116.238.194.18 - - [27/Aug/2021:10:32:49 +0800] "GET /xingrg/all/function/internal_message.html?_=1630031571774&CODE_STATE=getMsg HTTP/1.1" 200 27
116.233.78.234 - - [27/Aug/2021:10:32:51 +0800] "GET /xingrg/all/function/internal_message.html?_=1630031576416&CODE_STATE=getMsg HTTP/1.1" 200 27
61.151.178.180 - - [27/Aug/2021:10:32:51 +0800] "GET /xingrg/kc/buy/cgsh_order_info.html?code=212021082712193 HTTP/1.1" 302 -
222.69.131.200 - - [27/Aug/2021:10:32:52 +0800] "GET /xingrg/all/function/internal_message.html?_=1630031574657&CODE_STATE=getMsg HTTP/1.1" 200 27
61.151.178.180 - - [27/Aug/2021:10:32:52 +0800] "GET /xingrg/login.html HTTP/1.1" 200 7641
101.83.145.79 - - [27/Aug/2021:10:32:56 +0800] "GET /xingrg/kc/buy/cgsh_order_operate.html?command=get_materiel&rest_code=00105&code=00101001040&supplier_code=00100090&order_time=2021-08-27 HTTP/1.1" 200 413
116.237.74.154 - - [27/Aug/2021:10:32:57 +0800] "GET /xingrg/kc/buy/cgsh_order_operate.html?command=get_materiel&rest_code=00106&code=00101009011&supplier_code=00100022&order_time=2021-08-27 HTTP/1.1" 200 418
116.238.194.18 - - [27/Aug/2021:10:32:57 +0800] "GET /xingrg/all/function/internal_message.html?_=1630031570628&CODE_STATE=getMsg HTTP/1.1" 200 27
124.77.108.71 - - [27/Aug/2021:10:32:57 +0800] "GET /xingrg/all/function/internal_message.html?_=1630031574124&CODE_STATE=getMsg HTTP/1.1" 200 27
180.169.147.146 - - [27/Aug/2021:10:33:03 +0800] "GET /xingrg/all/function/internal_message.html?_=1630031588173&CODE_STATE=getMsg HTTP/1.1" 200 27
116.237.74.154 - - [27/Aug/2021:10:33:04 +0800] "GET /xingrg/kc/buy/cgsh_order_operate.html?command=get_materiel&rest_code=00106&code=00101009062&supplier_code=00100022&order_time=2021-08-27 HTTP/1.1" 200 412
101.89.239.245 - - [27/Aug/2021:10:33:06 +0800] "GET /xingrg/kc/print/load_data.html?order_code=212021082712193&kc_code=cgsh HTTP/1.1" 302 -
180.169.147.146 - - [27/Aug/2021:10:33:06 +0800] "GET /xingrg/all/function/internal_message.html?_=1630031591455&CODE_STATE=getMsg HTTP/1.1" 200 27
101.89.239.245 - - [27/Aug/2021:10:33:08 +0800] "GET /xingrg/login.html HTTP/1.1" 200 7641
101.83.145.79 - - [27/Aug/2021:10:33:10 +0800] "GET /xingrg/all/function/internal_message.html?_=1630031594984&CODE_STATE=getMsg HTTP/1.1" 200 27
180.169.147.146 - - [27/Aug/2021:10:33:17 +0800] "GET /xingrg/all/function/internal_message.html?_=1630031745746&CODE_STATE=getMsg HTTP/1.1" 200 27
101.91.62.89 - - [27/Aug/2021:10:33:17 +0800] "GET /xingrg/all/function/internal_message.html?_=1630031538217&CODE_STATE=getMsg HTTP/1.1" 302 -
116.237.74.154 - - [27/Aug/2021:10:33:18 +0800] "GET /xingrg/all/function/internal_message.html?_=1630031598186&CODE_STATE=getMsg HTTP/1.1" 200 27
101.91.62.89 - - [27/Aug/2021:10:33:18 +0800] "GET /xingrg/login.html HTTP/1.1" 200 7641
222.70.246.151 - - [27/Aug/2021:10:33:20 +0800] "GET /xingrg/check_reg.html?_=1630031603564 HTTP/1.1" 200 22
120.253.135.82 - - [27/Aug/2021:10:33:24 +0800] "GET /xingrg/all/function/internal_message.html?_=1630031616940&CODE_STATE=getMsg HTTP/1.1" 200 27
120.253.135.82 - - [27/Aug/2021:10:33:24 +0800] "GET /xingrg/all/function/internal_message.html?_=1630031382971&CODE_STATE=getMsg HTTP/1.1" 200 27
180.157.254.90 - - [27/Aug/2021:10:33:26 +0800] "POST /xingrg/services/DataTransmitService HTTP/1.1" 200 524
116.237.74.154 - - [27/Aug/2021:10:33:26 +0800] "GET /xingrg/kc/buy/cgsh_order_operate.html?command=get_materiel&rest_code=00106&code=00101009057&supplier_code=00100022&order_time=2021-08-27 HTTP/1.1" 200 408
180.169.147.146 - - [27/Aug/2021:10:33:29 +0800] "GET /xingrg/all/function/internal_message.html?_=1630031612436&CODE_STATE=getMsg HTTP/1.1" 200 27
101.83.145.79 - - [27/Aug/2021:10:33:32 +0800] "GET /xingrg/kc/buy/cgsh_order_operate.html?command=get_materiel&rest_code=00105&code=00101001140&supplier_code=00100090&order_time=2021-08-27 HTTP/1.1" 200 413
222.70.246.151 - - [27/Aug/2021:10:33:32 +0800] "GET /xingrg/all/function/internal_message.html?_=1630031615260&CODE_STATE=getMsg HTTP/1.1" 200 27
101.89.239.245 - - [27/Aug/2021:10:33:37 +0800] "GET /xingrg/kc/buy/cgsh_order_operate.html?command=get_materiel&rest_code=00106&code=00101009001&supplier_code=00100022&order_time=2021-08-27 HTTP/1.1" 302 -
101.89.239.245 - - [27/Aug/2021:10:33:37 +0800] "GET /xingrg/login.html HTTP/1.1" 200 7641
116.230.105.26 - - [27/Aug/2021:10:33:45 +0800] "GET /xingrg/all/function/internal_message.html?_=1630031593328&CODE_STATE=getMsg HTTP/1.1" 200 27
222.70.179.113 - - [27/Aug/2021:10:33:45 +0800] "GET /xingrg/check_reg.html?_=1630031625288 HTTP/1.1" 200 22
222.70.179.113 - - [27/Aug/2021:10:33:45 +0800] "GET /xingrg/all/function/internal_message.html?_=1630031625291&CODE_STATE=getMsg HTTP/1.1" 200 27
180.157.254.90 - - [27/Aug/2021:10:33:45 +0800] "GET /xingrg/all/function/internal_message.html?_=1630031632683&CODE_STATE=getMsg HTTP/1.1" 200 27
101.83.145.79 - - [27/Aug/2021:10:33:48 +0800] "GET /xingrg/kc/buy/cgsh_order_operate.html?command=get_materiel&rest_code=00105&code=00101001049&supplier_code=00100090&order_time=2021-08-27 HTTP/1.1" 200 413
116.238.194.18 - - [27/Aug/2021:10:33:49 +0800] "GET /xingrg/all/function/internal_message.html?_=1630031631775&CODE_STATE=getMsg HTTP/1.1" 200 27
116.233.78.234 - - [27/Aug/2021:10:33:51 +0800] "GET /xingrg/all/function/internal_message.html?_=1630031636421&CODE_STATE=getMsg HTTP/1.1" 200 27
222.69.131.200 - - [27/Aug/2021:10:33:52 +0800] "GET /xingrg/all/function/internal_message.html?_=1630031634657&CODE_STATE=getMsg HTTP/1.1" 200 27
61.151.178.163 - - [27/Aug/2021:10:33:53 +0800] "GET /xingrg/kc/buy/cgsh_order_operate.html?command=get_materiel&rest_code=00106&code=00101009011&supplier_code=00100022&order_time=2021-08-27 HTTP/1.1" 302 -
61.151.178.163 - - [27/Aug/2021:10:33:54 +0800] "GET /xingrg/login.html HTTP/1.1" 200 7641
116.238.194.18 - - [27/Aug/2021:10:33:57 +0800] "GET /xingrg/all/function/internal_message.html?_=1630031630651&CODE_STATE=getMsg HTTP/1.1" 200 27
124.77.108.71 - - [27/Aug/2021:10:33:57 +0800] "GET /xingrg/all/function/internal_message.html?_=1630031634124&CODE_STATE=getMsg HTTP/1.1" 200 27
124.77.108.71 - - [27/Aug/2021:10:33:57 +0800] "GET /xingrg/check_reg.html?_=1630031634127 HTTP/1.1" 200 22
116.230.105.26 - - [27/Aug/2021:10:33:58 +0800] "GET /xingrg/kc/buy/cgsh_order_operate.html?command=get_materiel&rest_code=00155&code=00101019229&supplier_code=00100337&order_time=2021-08-27 HTTP/1.1" 200 418
116.237.74.154 - - [27/Aug/2021:10:33:59 +0800] "GET /xingrg/kc/buy/cgsh_order_operate.html?command=get_materiel&rest_code=00106&code=00101009007&supplier_code=00100022&order_time=2021-08-27 HTTP/1.1" 200 408
101.91.60.88 - - [27/Aug/2021:10:34:01 +0800] "GET /xingrg/kc/buy/cgsh_order_operate.html?command=get_materiel&rest_code=00106&code=00101009062&supplier_code=00100022&order_time=2021-08-27 HTTP/1.1" 302 -
101.91.60.88 - - [27/Aug/2021:10:34:02 +0800] "GET /xingrg/login.html HTTP/1.1" 200 7641
101.83.145.79 - - [27/Aug/2021:10:34:02 +0800] "GET /xingrg/kc/buy/cgsh_order_operate.html?command=get_materiel&rest_code=00105&code=00101001125&supplier_code=00100090&order_time=2021-08-27 HTTP/1.1" 200 413
180.169.147.146 - - [27/Aug/2021:10:34:03 +0800] "GET /xingrg/all/function/internal_message.html?_=1630031648169&CODE_STATE=getMsg HTTP/1.1" 200 27
180.169.147.146 - - [27/Aug/2021:10:34:06 +0800] "GET /xingrg/check_reg.html?_=1630031651443 HTTP/1.1" 200 22
180.169.147.146 - - [27/Aug/2021:10:34:06 +0800] "GET /xingrg/all/function/internal_message.html?_=1630031651449&CODE_STATE=getMsg HTTP/1.1" 200 27
101.83.145.79 - - [27/Aug/2021:10:34:10 +0800] "GET /xingrg/all/function/internal_message.html?_=1630031654988&CODE_STATE=getMsg HTTP/1.1" 200 27
120.253.135.82 - - [27/Aug/2021:10:34:14 +0800] "GET /xingrg/check_reg.html?_=1630031432751 HTTP/1.1" 200 22
58.221.95.50 - - [27/Aug/2021:10:34:15 +0800] "GET /xingrg/check_reg.html?_=1630031657957 HTTP/1.1" 302 -
116.230.105.26 - - [27/Aug/2021:10:34:16 +0800] "POST /xingrg/kc/buy/cgsh_order_operate.html HTTP/1.1" 200 37
101.83.145.79 - - [27/Aug/2021:10:34:16 +0800] "GET /xingrg/kc/buy/cgsh_order_operate.html?command=get_materiel&rest_code=00105&code=00101001043&supplier_code=00100090&order_time=2021-08-27 HTTP/1.1" 200 415
180.169.147.146 - - [27/Aug/2021:10:34:17 +0800] "GET /xingrg/all/function/internal_message.html?_=1630031805714&CODE_STATE=getMsg HTTP/1.1" 200 27
61.151.178.249 - - [27/Aug/2021:10:34:17 +0800] "GET /xingrg/all/function/internal_message.html?_=1630031598186&CODE_STATE=getMsg HTTP/1.1" 302 -
116.230.105.26 - - [27/Aug/2021:10:34:17 +0800] "POST /xingrg/kc/buy/cgsh_order_operate.html HTTP/1.1" 200 4481
61.151.178.249 - - [27/Aug/2021:10:34:18 +0800] "GET /xingrg/login.html HTTP/1.1" 200 7641
116.237.74.154 - - [27/Aug/2021:10:34:18 +0800] "GET /xingrg/all/function/internal_message.html?_=1630031658157&CODE_STATE=getMsg HTTP/1.1" 200 27
116.230.105.26 - - [27/Aug/2021:10:34:19 +0800] "GET /xingrg/kc/print/load_data.html?order_code=212021082712195&kc_code=cgsh&condition= HTTP/1.1" 200 1408
116.237.74.154 - - [27/Aug/2021:10:34:21 +0800] "GET /xingrg/kc/buy/cgsh_order_operate.html?command=get_materiel&rest_code=00106&code=00101009016&supplier_code=00100022&order_time=2021-08-27 HTTP/1.1" 200 414
120.253.135.82 - - [27/Aug/2021:10:34:24 +0800] "GET /xingrg/all/function/internal_message.html?_=1630031676959&CODE_STATE=getMsg HTTP/1.1" 200 27
120.253.135.82 - - [27/Aug/2021:10:34:24 +0800] "GET /xingrg/all/function/internal_message.html?_=1630031442986&CODE_STATE=getMsg HTTP/1.1" 200 27
180.169.147.146 - - [27/Aug/2021:10:34:26 +0800] "GET /xingrg/check_reg.html?_=1630031670098 HTTP/1.1" 200 22
116.230.105.26 - - [27/Aug/2021:10:34:27 +0800] "GET /xingrg/kc/buy/cgsh_order_add.html HTTP/1.1" 200 63297
116.230.105.26 - - [27/Aug/2021:10:34:27 +0800] "GET /xingrg/words/20210827093343_words.js HTTP/1.1" 304 -
116.230.105.26 - - [27/Aug/2021:10:34:27 +0800] "GET /xingrg/javascript/easyui/themes/default/validatebox.css HTTP/1.1" 404 1104
116.230.105.26 - - [27/Aug/2021:10:34:27 +0800] "POST /xingrg/kc/buy/cgsh_order_operate.html HTTP/1.1" 200 8245
180.169.147.146 - - [27/Aug/2021:10:34:29 +0800] "GET /xingrg/all/function/internal_message.html?_=1630031672422&CODE_STATE=getMsg HTTP/1.1" 200 27
116.237.74.154 - - [27/Aug/2021:10:34:30 +0800] "GET /xingrg/kc/buy/cgsh_order_operate.html?command=get_materiel&rest_code=00106&code=00101009013&supplier_code=00100022&order_time=2021-08-27 HTTP/1.1" 200 422
222.70.246.151 - - [27/Aug/2021:10:34:32 +0800] "GET /xingrg/all/function/internal_message.html?_=1630031675273&CODE_STATE=getMsg HTTP/1.1" 200 27
116.230.105.26 - - [27/Aug/2021:10:34:39 +0800] "GET /xingrg/kc/buy/cgsh_order_operate.html?command=get_materiel&rest_code=00155&code=00101010656&supplier_code=00100211&order_time=2021-08-27 HTTP/1.1" 200 403
116.237.74.154 - - [27/Aug/2021:10:34:41 +0800] "GET /xingrg/kc/buy/cgsh_order_operate.html?command=get_materiel&rest_code=00106&code=00101009112&supplier_code=00100022&order_time=2021-08-27 HTTP/1.1" 200 411
116.230.105.26 - - [27/Aug/2021:10:34:45 +0800] "GET /xingrg/all/function/internal_message.html?_=1630031653319&CODE_STATE=getMsg HTTP/1.1" 200 27
222.70.179.113 - - [27/Aug/2021:10:34:45 +0800] "GET /xingrg/all/function/internal_message.html?_=1630031685276&CODE_STATE=getMsg HTTP/1.1" 200 27
180.157.254.90 - - [27/Aug/2021:10:34:45 +0800] "GET /xingrg/all/function/internal_message.html?_=1630031692682&CODE_STATE=getMsg HTTP/1.1" 200 27
116.230.105.26 - - [27/Aug/2021:10:34:48 +0800] "GET /xingrg/kc/buy/cgsh_order_operate.html?command=get_materiel&rest_code=00155&code=00101014017&supplier_code=00100211&order_time=2021-08-27 HTTP/1.1" 200 419
116.238.194.18 - - [27/Aug/2021:10:34:49 +0800] "GET /xingrg/check_reg.html?_=1630031691776 HTTP/1.1" 200 22
116.238.194.18 - - [27/Aug/2021:10:34:49 +0800] "GET /xingrg/all/function/internal_message.html?_=1630031691780&CODE_STATE=getMsg HTTP/1.1" 200 27
116.233.78.234 - - [27/Aug/2021:10:34:51 +0800] "GET /xingrg/all/function/internal_message.html?_=1630031696421&CODE_STATE=getMsg HTTP/1.1" 200 27
222.69.131.200 - - [27/Aug/2021:10:34:52 +0800] "GET /xingrg/all/function/internal_message.html?_=1630031694655&CODE_STATE=getMsg HTTP/1.1" 200 27
116.230.105.26 - - [27/Aug/2021:10:34:55 +0800] "POST /xingrg/kc/buy/cgsh_order_operate.html HTTP/1.1" 200 37
116.237.74.154 - - [27/Aug/2021:10:34:55 +0800] "GET /xingrg/kc/buy/cgsh_order_operate.html?command=get_materiel&rest_code=00106&code=00101009031&supplier_code=00100022&order_time=2021-08-27 HTTP/1.1" 200 410
116.238.194.18 - - [27/Aug/2021:10:34:57 +0800] "GET /xingrg/all/function/internal_message.html?_=1630031690655&CODE_STATE=getMsg HTTP/1.1" 200 27
116.230.105.26 - - [27/Aug/2021:10:34:57 +0800] "POST /xingrg/kc/buy/cgsh_order_operate.html HTTP/1.1" 200 3261
124.77.108.71 - - [27/Aug/2021:10:34:57 +0800] "GET /xingrg/all/function/internal_message.html?_=1630031694126&CODE_STATE=getMsg HTTP/1.1" 200 27
116.230.105.26 - - [27/Aug/2021:10:34:58 +0800] "GET /xingrg/kc/print/load_data.html?order_code=212021082712196&kc_code=cgsh&condition= HTTP/1.1" 200 904
116.230.105.26 - - [27/Aug/2021:10:35:02 +0800] "GET /xingrg/kc/buy/cgsh_order_add.html HTTP/1.1" 200 63297
116.230.105.26 - - [27/Aug/2021:10:35:02 +0800] "POST /xingrg/kc/buy/cgsh_order_operate.html HTTP/1.1" 200 8245
116.230.105.26 - - [27/Aug/2021:10:35:02 +0800] "GET /xingrg/javascript/easyui/themes/default/validatebox.css HTTP/1.1" 404 1104
180.169.147.146 - - [27/Aug/2021:10:35:03 +0800] "GET /xingrg/all/function/internal_message.html?_=1630031708168&CODE_STATE=getMsg HTTP/1.1" 200 27
180.169.147.146 - - [27/Aug/2021:10:35:06 +0800] "GET /xingrg/all/function/internal_message.html?_=1630031711452&CODE_STATE=getMsg HTTP/1.1" 200 27
120.253.135.82 - - [27/Aug/2021:10:35:08 +0800] "GET /xingrg/check_reg.html?_=1630031721365 HTTP/1.1" 200 22
116.230.105.26 - - [27/Aug/2021:10:35:09 +0800] "GET /xingrg/kc/buy/cgsh_order_operate.html?command=get_materiel&rest_code=00155&code=00101006001&supplier_code=00100404&order_time=2021-08-27 HTTP/1.1" 200 426
101.83.145.79 - - [27/Aug/2021:10:35:10 +0800] "GET /xingrg/all/function/internal_message.html?_=1630031714939&CODE_STATE=getMsg HTTP/1.1" 200 27
101.83.145.79 - - [27/Aug/2021:10:35:16 +0800] "POST /xingrg/kc/buy/cgsh_order_operate.html HTTP/1.1" 200 64
180.169.147.146 - - [27/Aug/2021:10:35:17 +0800] "GET /xingrg/all/function/internal_message.html?_=1630031865684&CODE_STATE=getMsg HTTP/1.1" 200 27
180.169.147.146 - - [27/Aug/2021:10:35:18 +0800] "GET /xingrg/check_reg.html?_=1630031866186 HTTP/1.1" 200 22
116.237.74.154 - - [27/Aug/2021:10:35:18 +0800] "GET /xingrg/all/function/internal_message.html?_=1630031718125&CODE_STATE=getMsg HTTP/1.1" 200 27
61.151.178.236 - - [27/Aug/2021:10:35:19 +0800] "GET /xingrg/all/function/internal_message.html?_=1630031658157&CODE_STATE=getMsg HTTP/1.1" 302 -
61.151.178.236 - - [27/Aug/2021:10:35:19 +0800] "GET /xingrg/login.html HTTP/1.1" 200 7641
58.37.227.186 - - [27/Aug/2021:10:35:20 +0800] "GET /xingrg/check_reg.html?_=1630031609076 HTTP/1.1" 200 22
58.37.227.186 - - [27/Aug/2021:10:35:20 +0800] "GET /xingrg/check_reg.html?_=1630031609091 HTTP/1.1" 200 22
116.237.74.154 - - [27/Aug/2021:10:35:21 +0800] "POST /xingrg/kc/buy/cgsh_order_operate.html HTTP/1.1" 200 37
116.230.105.26 - - [27/Aug/2021:10:35:21 +0800] "POST /xingrg/kc/buy/cgsh_order_operate.html HTTP/1.1" 200 88
101.83.145.79 - - [27/Aug/2021:10:35:23 +0800] "POST /xingrg/kc/buy/cgsh_order_operate.html HTTP/1.1" 200 37
120.253.135.82 - - [27/Aug/2021:10:35:24 +0800] "GET /xingrg/all/function/internal_message.html?_=1630031736966&CODE_STATE=getMsg HTTP/1.1" 200 27
120.253.135.82 - - [27/Aug/2021:10:35:24 +0800] "GET /xingrg/all/function/internal_message.html?_=1630031503000&CODE_STATE=getMsg HTTP/1.1" 200 27
101.83.145.79 - - [27/Aug/2021:10:35:24 +0800] "POST /xingrg/kc/buy/cgsh_order_operate.html HTTP/1.1" 200 5048
116.230.105.26 - - [27/Aug/2021:10:35:26 +0800] "POST /xingrg/kc/buy/cgsh_order_operate.html HTTP/1.1" 200 37
61.151.178.249 - - [27/Aug/2021:10:35:26 +0800] "GET /xingrg/kc/buy/cgsh_order_operate.html?command=get_materiel&rest_code=00106&code=00101009013&supplier_code=00100022&order_time=2021-08-27 HTTP/1.1" 302 -
101.83.145.79 - - [27/Aug/2021:10:35:26 +0800] "GET /xingrg/kc/print/load_data.html?order_code=212021082712200&kc_code=cgsh&condition= HTTP/1.1" 200 1645
61.151.178.249 - - [27/Aug/2021:10:35:27 +0800] "GET /xingrg/login.html HTTP/1.1" 200 7641
116.230.105.26 - - [27/Aug/2021:10:35:27 +0800] "POST /xingrg/kc/buy/cgsh_order_operate.html HTTP/1.1" 200 2675
116.237.74.154 - - [27/Aug/2021:10:35:28 +0800] "POST /xingrg/kc/buy/cgsh_order_operate.html HTTP/1.1" 200 12
116.230.105.26 - - [27/Aug/2021:10:35:28 +0800] "GET /xingrg/kc/print/load_data.html?order_code=212021082712201&kc_code=cgsh&condition= HTTP/1.1" 200 715
180.169.147.146 - - [27/Aug/2021:10:35:29 +0800] "GET /xingrg/all/function/internal_message.html?_=1630031732410&CODE_STATE=getMsg HTTP/1.1" 200 27
116.237.74.154 - - [27/Aug/2021:10:35:29 +0800] "GET /xingrg/kc/buy/cgsh_order_info.html?code=212021082712198 HTTP/1.1" 200 58244
116.237.74.154 - - [27/Aug/2021:10:35:29 +0800] "GET /xingrg/javascript/easyui/themes/default/validatebox.css HTTP/1.1" 404 1104
101.83.145.79 - - [27/Aug/2021:10:35:30 +0800] "GET /xingrg/kc/buy/cgsh_order_add.html HTTP/1.1" 200 63376
116.237.74.154 - - [27/Aug/2021:10:35:30 +0800] "POST /xingrg/kc/buy/cgsh_order_operate.html HTTP/1.1" 200 6557
101.83.145.79 - - [27/Aug/2021:10:35:30 +0800] "POST /xingrg/kc/buy/cgsh_order_operate.html HTTP/1.1" 200 8245
101.83.145.79 - - [27/Aug/2021:10:35:30 +0800] "GET /xingrg/javascript/easyui/themes/default/validatebox.css HTTP/1.1" 404 1104
116.237.74.154 - - [27/Aug/2021:10:35:32 +0800] "GET /xingrg/kc/print/load_data.html?order_code=212021082712198&kc_code=cgsh&condition= HTTP/1.1" 200 3012
222.70.246.151 - - [27/Aug/2021:10:35:32 +0800] "GET /xingrg/all/function/internal_message.html?_=1630031735306&CODE_STATE=getMsg HTTP/1.1" 200 27
116.230.105.26 - - [27/Aug/2021:10:35:33 +0800] "GET /xingrg/kc/buy/cgsh_order_add.html HTTP/1.1" 200 63297
116.230.105.26 - - [27/Aug/2021:10:35:33 +0800] "POST /xingrg/kc/buy/cgsh_order_operate.html HTTP/1.1" 200 8245
116.230.105.26 - - [27/Aug/2021:10:35:33 +0800] "GET /xingrg/javascript/easyui/themes/default/validatebox.css HTTP/1.1" 404 1104
116.237.74.154 - - [27/Aug/2021:10:35:37 +0800] "GET /xingrg/kc/print/load_data.html?order_code=212021082712198&kc_code=cgsh HTTP/1.1" 200 3012
61.151.178.165 - - [27/Aug/2021:10:35:38 +0800] "GET /xingrg/kc/buy/cgsh_order_operate.html?command=get_materiel&rest_code=00106&code=00101009112&supplier_code=00100022&order_time=2021-08-27 HTTP/1.1" 302 -
61.151.178.165 - - [27/Aug/2021:10:35:38 +0800] "GET /xingrg/login.html HTTP/1.1" 200 7641
116.230.105.26 - - [27/Aug/2021:10:35:40 +0800] "GET /xingrg/kc/buy/cgsh_order_operate.html?command=get_materiel&rest_code=00155&code=00101007032&supplier_code=00100328&order_time=2021-08-27 HTTP/1.1" 200 413
101.83.145.79 - - [27/Aug/2021:10:35:44 +0800] "GET /xingrg/kc/buy/cgsh_order_operate.html?command=get_materiel&rest_code=00105&code=00101003003&supplier_code=00100093&order_time=2021-08-27 HTTP/1.1" 200 414
116.230.105.26 - - [27/Aug/2021:10:35:45 +0800] "GET /xingrg/all/function/internal_message.html?_=1630031713332&CODE_STATE=getMsg HTTP/1.1" 200 27
116.230.105.26 - - [27/Aug/2021:10:35:45 +0800] "GET /xingrg/check_reg.html?_=1630031713334 HTTP/1.1" 200 22
222.70.179.113 - - [27/Aug/2021:10:35:45 +0800] "GET /xingrg/all/function/internal_message.html?_=1630031745275&CODE_STATE=getMsg HTTP/1.1" 200 27
180.157.254.90 - - [27/Aug/2021:10:35:45 +0800] "GET /xingrg/all/function/internal_message.html?_=1630031752682&CODE_STATE=getMsg HTTP/1.1" 200 27
180.157.254.90 - - [27/Aug/2021:10:35:45 +0800] "GET /xingrg/check_reg.html?_=1630031752683 HTTP/1.1" 200 22
116.238.194.18 - - [27/Aug/2021:10:35:49 +0800] "GET /xingrg/all/function/internal_message.html?_=1630031751781&CODE_STATE=getMsg HTTP/1.1" 200 27
61.151.178.180 - - [27/Aug/2021:10:35:50 +0800] "GET /xingrg/kc/buy/cgsh_order_operate.html?command=get_materiel&rest_code=00106&code=00101009031&supplier_code=00100022&order_time=2021-08-27 HTTP/1.1" 302 -
61.151.178.180 - - [27/Aug/2021:10:35:50 +0800] "GET /xingrg/login.html HTTP/1.1" 200 7641
116.233.78.234 - - [27/Aug/2021:10:35:51 +0800] "GET /xingrg/all/function/internal_message.html?_=1630031756423&CODE_STATE=getMsg HTTP/1.1" 200 27
116.233.78.234 - - [27/Aug/2021:10:35:51 +0800] "GET /xingrg/check_reg.html?_=1630031756424 HTTP/1.1" 200 22
222.69.131.200 - - [27/Aug/2021:10:35:52 +0800] "GET /xingrg/all/function/internal_message.html?_=1630031754654&CODE_STATE=getMsg HTTP/1.1" 200 27
116.238.194.18 - - [27/Aug/2021:10:35:57 +0800] "GET /xingrg/check_reg.html?_=1630031750461 HTTP/1.1" 200 22
116.238.194.18 - - [27/Aug/2021:10:35:57 +0800] "GET /xingrg/all/function/internal_message.html?_=1630031750668&CODE_STATE=getMsg HTTP/1.1" 200 27
124.77.108.71 - - [27/Aug/2021:10:35:57 +0800] "GET /xingrg/all/function/internal_message.html?_=1630031754121&CODE_STATE=getMsg HTTP/1.1" 200 27
101.83.145.79 - - [27/Aug/2021:10:36:00 +0800] "POST /xingrg/kc/buy/cgsh_order_operate.html HTTP/1.1" 200 64
222.70.179.113 - - [27/Aug/2021:10:36:01 +0800] "GET /xingrg/check_reg.html?_=1630031789104 HTTP/1.1" 302 -
116.230.105.26 - - [27/Aug/2021:10:36:01 +0800] "POST /xingrg/kc/buy/cgsh_order_operate.html HTTP/1.1" 200 37
116.237.74.154 - - [27/Aug/2021:10:36:01 +0800] "GET /xingrg/kc/buy/cgsh_order_add.html HTTP/1.1" 200 63335
116.230.105.26 - - [27/Aug/2021:10:36:02 +0800] "POST /xingrg/kc/buy/cgsh_order_operate.html HTTP/1.1" 200 2658
116.237.74.154 - - [27/Aug/2021:10:36:02 +0800] "POST /xingrg/kc/buy/cgsh_order_operate.html HTTP/1.1" 200 8245
116.237.74.154 - - [27/Aug/2021:10:36:02 +0800] "GET /xingrg/javascript/easyui/themes/default/validatebox.css HTTP/1.1" 404 1104
180.169.147.146 - - [27/Aug/2021:10:36:03 +0800] "GET /xingrg/all/function/internal_message.html?_=1630031768166&CODE_STATE=getMsg HTTP/1.1" 200 27
116.230.105.26 - - [27/Aug/2021:10:36:03 +0800] "GET /xingrg/kc/print/load_data.html?order_code=212021082712202&kc_code=cgsh&condition= HTTP/1.1" 200 686
