58.37.227.186 - - [27/Aug/2021:11:01:16 +0800] "GET /xingrg/kc/buy/cgsh_order_operate.html?command=get_materiel&rest_code=00141&code=00101007049&supplier_code=00100004&order_time=2021-08-27 HTTP/1.1" 200 409
116.237.74.154 - - [27/Aug/2021:11:01:16 +0800] "GET /xingrg/kc/print/load_data.html?order_code=212021082712215&kc_code=cgsh HTTP/1.1" 200 17655
180.169.147.146 - - [27/Aug/2021:11:01:17 +0800] "GET /xingrg/all/function/internal_message.html?_=1630033425132&CODE_STATE=getMsg HTTP/1.1" 200 27
61.151.207.141 - - [27/Aug/2021:11:01:18 +0800] "GET /xingrg/all/function/internal_message.html?_=1630033218040&CODE_STATE=getMsg HTTP/1.1" 302 -
116.237.74.154 - - [27/Aug/2021:11:01:19 +0800] "GET /xingrg/all/function/internal_message.html?_=1630033278835&CODE_STATE=getMsg HTTP/1.1" 200 27
61.151.207.141 - - [27/Aug/2021:11:01:19 +0800] "GET /xingrg/login.html HTTP/1.1" 200 7641
58.37.227.186 - - [27/Aug/2021:11:01:23 +0800] "GET /xingrg/kc/buy/cgsh_order_operate.html?command=get_materiel&rest_code=00141&code=00101007071&supplier_code=00100004&order_time=2021-08-27 HTTP/1.1" 200 417
120.253.135.82 - - [27/Aug/2021:11:01:24 +0800] "GET /xingrg/all/function/internal_message.html?_=1630033297366&CODE_STATE=getMsg HTTP/1.1" 200 27
120.253.135.82 - - [27/Aug/2021:11:01:26 +0800] "GET /xingrg/all/function/internal_message.html?_=1630033065548&CODE_STATE=getMsg HTTP/1.1" 200 27
180.169.147.146 - - [27/Aug/2021:11:01:29 +0800] "GET /xingrg/all/function/internal_message.html?_=1630033292650&CODE_STATE=getMsg HTTP/1.1" 200 27
180.174.198.13 - - [27/Aug/2021:11:01:30 +0800] "GET /xingrg/check_reg.html?_=1630033292477 HTTP/1.1" 200 22
180.174.198.13 - - [27/Aug/2021:11:01:30 +0800] "GET /xingrg/all/function/internal_message.html?_=1630033292805&CODE_STATE=getMsg HTTP/1.1" 200 27
116.238.194.18 - - [27/Aug/2021:11:01:30 +0800] "POST /xingrg/kc/buy/cgsh_order_operate.html HTTP/1.1" 200 37
222.70.246.151 - - [27/Aug/2021:11:01:33 +0800] "GET /xingrg/all/function/internal_message.html?_=1630033295750&CODE_STATE=getMsg HTTP/1.1" 200 27
116.238.194.18 - - [27/Aug/2021:11:01:33 +0800] "POST /xingrg/kc/buy/cgsh_order_operate.html HTTP/1.1" 200 12
116.238.194.18 - - [27/Aug/2021:11:01:34 +0800] "GET /xingrg/kc/buy/cgsh_order_info.html?code=212021082712257 HTTP/1.1" 200 58166
116.238.194.18 - - [27/Aug/2021:11:01:35 +0800] "GET /xingrg/javascript/easyui/themes/default/validatebox.css HTTP/1.1" 404 1104
116.238.194.18 - - [27/Aug/2021:11:01:35 +0800] "POST /xingrg/kc/buy/cgsh_order_operate.html HTTP/1.1" 200 1209
116.238.194.18 - - [27/Aug/2021:11:01:37 +0800] "GET /xingrg/kc/print/load_data.html?order_code=212021082712257&kc_code=cgsh&condition= HTTP/1.1" 200 1010
116.237.74.154 - - [27/Aug/2021:11:01:38 +0800] "GET /xingrg/kc/buy/cgsh_order_operate.html?command=get_materiel&rest_code=00106&code=00101004011&supplier_code=00100088&order_time=2021-08-27 HTTP/1.1" 200 413
116.238.194.18 - - [27/Aug/2021:11:01:41 +0800] "GET /xingrg/kc/buy/cgsh_order_add.html HTTP/1.1" 200 63253
116.238.194.18 - - [27/Aug/2021:11:01:41 +0800] "POST /xingrg/kc/buy/cgsh_order_operate.html HTTP/1.1" 200 8245
116.238.194.18 - - [27/Aug/2021:11:01:41 +0800] "GET /xingrg/javascript/easyui/themes/default/validatebox.css HTTP/1.1" 404 1104
116.230.105.26 - - [27/Aug/2021:11:01:44 +0800] "GET /xingrg/all/function/internal_message.html?_=1630033273068&CODE_STATE=getMsg HTTP/1.1" 200 27
222.70.179.113 - - [27/Aug/2021:11:01:45 +0800] "GET /xingrg/all/function/internal_message.html?_=1630033305338&CODE_STATE=getMsg HTTP/1.1" 200 27
180.157.254.90 - - [27/Aug/2021:11:01:45 +0800] "GET /xingrg/all/function/internal_message.html?_=1630033312721&CODE_STATE=getMsg HTTP/1.1" 200 27
116.233.78.234 - - [27/Aug/2021:11:01:51 +0800] "GET /xingrg/all/function/internal_message.html?_=1630033316487&CODE_STATE=getMsg HTTP/1.1" 200 27
116.238.194.18 - - [27/Aug/2021:11:01:51 +0800] "GET /xingrg/kc/buy/cgsh_order_operate.html?command=get_materiel&rest_code=00150&code=00101004065&supplier_code=00100086&order_time=2021-08-27 HTTP/1.1" 200 434
180.162.111.5 - - [27/Aug/2021:11:01:51 +0800] "GET /xingrg/all/function/internal_message.html?_=1630032902181&CODE_STATE=getMsg HTTP/1.1" 200 27
222.69.131.200 - - [27/Aug/2021:11:01:52 +0800] "GET /xingrg/check_reg.html?_=1630033314763 HTTP/1.1" 200 22
222.69.131.200 - - [27/Aug/2021:11:01:52 +0800] "GET /xingrg/all/function/internal_message.html?_=1630033314766&CODE_STATE=getMsg HTTP/1.1" 200 27
116.238.194.18 - - [27/Aug/2021:11:01:55 +0800] "GET /xingrg/check_reg.html?_=1630033309324 HTTP/1.1" 200 22
116.238.194.18 - - [27/Aug/2021:11:01:56 +0800] "GET /xingrg/all/function/internal_message.html?_=1630033309446&CODE_STATE=getMsg HTTP/1.1" 200 27
116.238.194.18 - - [27/Aug/2021:11:01:56 +0800] "GET /xingrg/kc/buy/cgsh_order_operate.html?command=get_materiel&rest_code=00150&code=00101004011&supplier_code=00100086&order_time=2021-08-27 HTTP/1.1" 200 415
124.77.108.71 - - [27/Aug/2021:11:01:57 +0800] "GET /xingrg/all/function/internal_message.html?_=1630033314156&CODE_STATE=getMsg HTTP/1.1" 200 27
116.237.74.154 - - [27/Aug/2021:11:01:58 +0800] "GET /xingrg/all/function/internal_message.html?_=1630033323649&CODE_STATE=getMsg HTTP/1.1" 200 27
116.237.74.154 - - [27/Aug/2021:11:01:58 +0800] "GET /xingrg/kc/buy/cgsh_order_operate.html?command=get_materiel&rest_code=00106&code=00101004065&supplier_code=00100088&order_time=2021-08-27 HTTP/1.1" 200 434
180.169.147.146 - - [27/Aug/2021:11:02:03 +0800] "GET /xingrg/all/function/internal_message.html?_=1630033328202&CODE_STATE=getMsg HTTP/1.1" 200 27
180.169.147.146 - - [27/Aug/2021:11:02:03 +0800] "GET /xingrg/check_reg.html?_=1630033328207 HTTP/1.1" 200 22
180.174.198.13 - - [27/Aug/2021:11:02:03 +0800] "GET /xingrg/kc/mdqp/pssh_order_list.html HTTP/1.1" 200 17786
180.174.198.13 - - [27/Aug/2021:11:02:03 +0800] "POST /xingrg/kc/mdqp/pssh_list_operate.html HTTP/1.1" 200 5409
180.174.198.13 - - [27/Aug/2021:11:02:04 +0800] "POST /xingrg/kc/mdqp/pssh_list_operate.html HTTP/1.1" 200 358
180.174.198.13 - - [27/Aug/2021:11:02:04 +0800] "GET /xingrg/kc/mdqp/pssh_order_info.html?code=312021082500649 HTTP/1.1" 200 17297
180.174.198.13 - - [27/Aug/2021:11:02:04 +0800] "GET /xingrg/javascript/pic_change.js HTTP/1.1" 304 -
180.174.198.13 - - [27/Aug/2021:11:02:04 +0800] "GET /xingrg/javascript/jquery_tools/jquery-1.4.2.min.js HTTP/1.1" 404 1094
180.174.198.13 - - [27/Aug/2021:11:02:04 +0800] "GET /xingrg/javascript/jquery_tools/order_manager.js HTTP/1.1" 304 -
180.174.198.13 - - [27/Aug/2021:11:02:04 +0800] "GET /xingrg/javascript/convert.js HTTP/1.1" 304 -
180.174.198.13 - - [27/Aug/2021:11:02:04 +0800] "GET /xingrg/words/20210827093343_words.js HTTP/1.1" 200 837521
180.174.198.13 - - [27/Aug/2021:11:02:04 +0800] "GET /xingrg/javascript/json2.js HTTP/1.1" 304 -
180.174.198.13 - - [27/Aug/2021:11:02:04 +0800] "GET /xingrg/javascript/print/kc_print.js HTTP/1.1" 304 -
180.174.198.13 - - [27/Aug/2021:11:02:05 +0800] "GET /xingrg/javascript/easyui/themes/icons/back_new.png HTTP/1.1" 304 -
180.174.198.13 - - [27/Aug/2021:11:02:05 +0800] "POST /xingrg/kc/mdqp/pssh_order_operate.html HTTP/1.1" 200 1060
180.174.198.13 - - [27/Aug/2021:11:02:05 +0800] "GET /xingrg/all/common/auto_word.html?type=base&rest_code=00102&rest_code=00102 HTTP/1.1" 200 1711
180.174.198.13 - - [27/Aug/2021:11:02:05 +0800] "GET /xingrg/all/common/auto_word.html?type=employee&rest_code=00102 HTTP/1.1" 200 189
180.174.198.13 - - [27/Aug/2021:11:02:05 +0800] "GET /xingrg/javascript/easyui/themes/default/validatebox.css HTTP/1.1" 404 1104
180.174.198.13 - - [27/Aug/2021:11:02:05 +0800] "GET /xingrg/javascript/easyui/plugins/jquery.validatebox.js HTTP/1.1" 304 -
180.174.198.13 - - [27/Aug/2021:11:02:05 +0800] "GET /xingrg/javascript/easyui/plugins/jquery.numberbox.js HTTP/1.1" 304 -
180.174.198.13 - - [27/Aug/2021:11:02:06 +0800] "GET /xingrg/css/images/panel_loading.gif HTTP/1.1" 304 -
180.174.198.13 - - [27/Aug/2021:11:02:06 +0800] "POST /xingrg/all/common/load_combo.html?type=employee HTTP/1.1" 200 353
180.169.147.146 - - [27/Aug/2021:11:02:06 +0800] "GET /xingrg/all/function/internal_message.html?_=1630033331456&CODE_STATE=getMsg HTTP/1.1" 200 27
180.174.198.13 - - [27/Aug/2021:11:02:07 +0800] "POST /xingrg/all/common/load_combo.html?type=base&rest_code=00102 HTTP/1.1" 200 3060
61.151.178.163 - - [27/Aug/2021:11:02:08 +0800] "GET /xingrg/kc/print/load_data.html?order_code=212021082712215&kc_code=cgsh&condition= HTTP/1.1" 302 -
61.151.178.163 - - [27/Aug/2021:11:02:09 +0800] "GET /xingrg/login.html HTTP/1.1" 200 7641
116.238.194.18 - - [27/Aug/2021:11:02:09 +0800] "POST /xingrg/kc/buy/cgsh_order_operate.html HTTP/1.1" 200 37
58.37.227.186 - - [27/Aug/2021:11:02:09 +0800] "GET /xingrg/all/function/internal_message.html?_=1630033218313&CODE_STATE=getMsg HTTP/1.1" 200 27
101.83.145.79 - - [27/Aug/2021:11:02:10 +0800] "GET /xingrg/all/function/internal_message.html?_=1630033334347&CODE_STATE=getMsg HTTP/1.1" 200 27
116.237.74.154 - - [27/Aug/2021:11:02:11 +0800] "GET /xingrg/kc/buy/cgsh_order_operate.html?command=get_materiel&rest_code=00106&code=00101002042&supplier_code=00100088&order_time=2021-08-27 HTTP/1.1" 200 414
101.83.145.79 - - [27/Aug/2021:11:02:11 +0800] "GET /xingrg/check_reg.html?_=1630033335861 HTTP/1.1" 200 22
101.89.239.120 - - [27/Aug/2021:11:02:11 +0800] "GET /xingrg/check_reg.html?_=1630033272097 HTTP/1.1" 302 -
101.89.239.120 - - [27/Aug/2021:11:02:12 +0800] "GET /xingrg/login.html HTTP/1.1" 200 7641
116.238.194.18 - - [27/Aug/2021:11:02:12 +0800] "POST /xingrg/kc/buy/cgsh_order_operate.html HTTP/1.1" 200 12
180.174.198.13 - - [27/Aug/2021:11:02:13 +0800] "POST /xingrg/kc/mdqp/pssh_order_operate.html HTTP/1.1" 200 37
180.174.198.13 - - [27/Aug/2021:11:02:13 +0800] "POST /xingrg/kc/mdqp/pssh_order_operate.html HTTP/1.1" 200 12
116.238.194.18 - - [27/Aug/2021:11:02:13 +0800] "GET /xingrg/kc/buy/cgsh_order_info.html?code=212021082712258 HTTP/1.1" 200 58166
101.85.93.96 - - [27/Aug/2021:11:02:13 +0800] "GET /xingrg/check_reg.html?_=1630033282743 HTTP/1.1" 200 22
101.85.93.96 - - [27/Aug/2021:11:02:13 +0800] "GET /xingrg/all/function/internal_message.html?_=1630033282745&CODE_STATE=getMsg HTTP/1.1" 200 27
116.238.194.18 - - [27/Aug/2021:11:02:13 +0800] "GET /xingrg/javascript/easyui/themes/default/validatebox.css HTTP/1.1" 404 1104
180.174.198.13 - - [27/Aug/2021:11:02:14 +0800] "GET /xingrg/kc/mdqp/pssh_order_info.html?code=312021082500649 HTTP/1.1" 200 14382
180.174.198.13 - - [27/Aug/2021:11:02:14 +0800] "GET /xingrg/javascript/jquery_tools/jquery-1.4.2.min.js HTTP/1.1" 404 1094
180.174.198.13 - - [27/Aug/2021:11:02:14 +0800] "GET /xingrg/javascript/easyui/themes/icons/uncheck_new.png HTTP/1.1" 304 -
180.174.198.13 - - [27/Aug/2021:11:02:14 +0800] "POST /xingrg/kc/mdqp/pssh_order_operate.html HTTP/1.1" 200 1060
180.174.198.13 - - [27/Aug/2021:11:02:14 +0800] "GET /xingrg/javascript/easyui/themes/default/validatebox.css HTTP/1.1" 404 1104
116.238.194.18 - - [27/Aug/2021:11:02:14 +0800] "POST /xingrg/kc/buy/cgsh_order_operate.html HTTP/1.1" 200 612
180.174.198.13 - - [27/Aug/2021:11:02:15 +0800] "GET /xingrg/kc/print/load_config.html?kc_code=pssh HTTP/1.1" 200 2290
180.174.198.13 - - [27/Aug/2021:11:02:15 +0800] "GET /xingrg/kc/print/load_data.html?order_code=312021082500649&kc_code=pssh&condition= HTTP/1.1" 200 829
61.151.178.166 - - [27/Aug/2021:11:02:15 +0800] "GET /xingrg/kc/print/load_data.html?order_code=212021082712215&kc_code=cgsh HTTP/1.1" 302 -
61.151.178.166 - - [27/Aug/2021:11:02:16 +0800] "GET /xingrg/login.html HTTP/1.1" 200 7641
116.238.194.18 - - [27/Aug/2021:11:02:16 +0800] "GET /xingrg/kc/print/load_data.html?order_code=212021082712258&kc_code=cgsh&condition= HTTP/1.1" 200 786
180.169.147.146 - - [27/Aug/2021:11:02:17 +0800] "GET /xingrg/all/function/internal_message.html?_=1630033485115&CODE_STATE=getMsg HTTP/1.1" 200 27
101.85.93.96 - - [27/Aug/2021:11:02:17 +0800] "GET /xingrg/javascript/jquery_easy_ui/themes/default/images/tabs_active.png HTTP/1.1" 200 2894
61.151.178.180 - - [27/Aug/2021:11:02:18 +0800] "GET /xingrg/all/function/internal_message.html?_=1630033278835&CODE_STATE=getMsg HTTP/1.1" 302 -
116.237.74.154 - - [27/Aug/2021:11:02:19 +0800] "GET /xingrg/all/function/internal_message.html?_=1630033338812&CODE_STATE=getMsg HTTP/1.1" 200 27
61.151.178.180 - - [27/Aug/2021:11:02:19 +0800] "GET /xingrg/login.html HTTP/1.1" 200 7641
180.174.198.13 - - [27/Aug/2021:11:02:19 +0800] "POST /xingrg/kc/mdqp/pssh_list_operate.html HTTP/1.1" 200 1587
116.238.194.18 - - [27/Aug/2021:11:02:20 +0800] "GET /xingrg/kc/buy/cgsh_order_add.html HTTP/1.1" 200 63253
180.174.198.13 - - [27/Aug/2021:11:02:20 +0800] "POST /xingrg/kc/mdqp/pssh_list_operate.html HTTP/1.1" 200 258
116.238.194.18 - - [27/Aug/2021:11:02:20 +0800] "POST /xingrg/kc/buy/cgsh_order_operate.html HTTP/1.1" 200 8245
116.238.194.18 - - [27/Aug/2021:11:02:20 +0800] "GET /xingrg/javascript/easyui/themes/default/validatebox.css HTTP/1.1" 404 1104
180.174.198.13 - - [27/Aug/2021:11:02:22 +0800] "POST /xingrg/kc/mdqp/pssh_list_operate.html HTTP/1.1" 200 5428
180.174.198.13 - - [27/Aug/2021:11:02:23 +0800] "POST /xingrg/kc/mdqp/pssh_list_operate.html HTTP/1.1" 200 364
180.174.198.13 - - [27/Aug/2021:11:02:24 +0800] "GET /xingrg/kc/mdqp/pssh_order_info.html?code=312021082600672 HTTP/1.1" 200 17297
180.174.198.13 - - [27/Aug/2021:11:02:24 +0800] "GET /xingrg/javascript/jquery_tools/jquery-1.4.2.min.js HTTP/1.1" 404 1094
120.253.135.82 - - [27/Aug/2021:11:02:24 +0800] "GET /xingrg/all/function/internal_message.html?_=1630033357386&CODE_STATE=getMsg HTTP/1.1" 200 27
180.174.198.13 - - [27/Aug/2021:11:02:24 +0800] "POST /xingrg/kc/mdqp/pssh_order_operate.html HTTP/1.1" 200 1061
180.174.198.13 - - [27/Aug/2021:11:02:24 +0800] "GET /xingrg/javascript/easyui/themes/default/validatebox.css HTTP/1.1" 404 1104
180.174.198.13 - - [27/Aug/2021:11:02:25 +0800] "POST /xingrg/all/common/load_combo.html?type=employee HTTP/1.1" 200 353
58.37.227.186 - - [27/Aug/2021:11:02:26 +0800] "POST /xingrg/kc/buy/cgsh_order_operate.html HTTP/1.1" 200 37
120.253.135.82 - - [27/Aug/2021:11:02:26 +0800] "GET /xingrg/all/function/internal_message.html?_=1630033125549&CODE_STATE=getMsg HTTP/1.1" 200 27
116.238.194.18 - - [27/Aug/2021:11:02:28 +0800] "GET /xingrg/kc/buy/cgsh_order_operate.html?command=get_materiel&rest_code=00150&code=00101002048&supplier_code=00100442&order_time=2021-08-27 HTTP/1.1" 200 399
180.169.147.146 - - [27/Aug/2021:11:02:29 +0800] "GET /xingrg/all/function/internal_message.html?_=1630033352633&CODE_STATE=getMsg HTTP/1.1" 200 27
180.174.198.13 - - [27/Aug/2021:11:02:31 +0800] "POST /xingrg/kc/mdqp/pssh_order_operate.html HTTP/1.1" 200 37
180.174.198.13 - - [27/Aug/2021:11:02:31 +0800] "GET /xingrg/all/function/internal_message.html?_=1630033353117&CODE_STATE=getMsg HTTP/1.1" 200 27
58.37.227.186 - - [27/Aug/2021:11:02:31 +0800] "POST /xingrg/kc/buy/cgsh_order_operate.html HTTP/1.1" 200 12
180.174.198.13 - - [27/Aug/2021:11:02:32 +0800] "POST /xingrg/kc/mdqp/pssh_order_operate.html HTTP/1.1" 200 12
180.174.198.13 - - [27/Aug/2021:11:02:32 +0800] "GET /xingrg/kc/mdqp/pssh_order_info.html?code=312021082600672 HTTP/1.1" 200 14386
180.174.198.13 - - [27/Aug/2021:11:02:32 +0800] "GET /xingrg/javascript/jquery_tools/jquery-1.4.2.min.js HTTP/1.1" 404 1094
180.174.198.13 - - [27/Aug/2021:11:02:32 +0800] "POST /xingrg/kc/mdqp/pssh_order_operate.html HTTP/1.1" 200 1061
180.174.198.13 - - [27/Aug/2021:11:02:33 +0800] "GET /xingrg/javascript/easyui/themes/default/validatebox.css HTTP/1.1" 404 1104
222.70.246.151 - - [27/Aug/2021:11:02:33 +0800] "GET /xingrg/all/function/internal_message.html?_=1630033355783&CODE_STATE=getMsg HTTP/1.1" 200 27
58.37.227.186 - - [27/Aug/2021:11:02:33 +0800] "GET /xingrg/kc/buy/cgsh_order_info.html?code=212021082712259 HTTP/1.1" 200 58244
58.37.227.186 - - [27/Aug/2021:11:02:33 +0800] "GET /xingrg/javascript/easyui/themes/default/validatebox.css HTTP/1.1" 404 1104
116.237.74.154 - - [27/Aug/2021:11:02:33 +0800] "GET /xingrg/kc/buy/cgsh_order_operate.html?command=get_materiel&rest_code=00106&code=00101003037&supplier_code=00100088&order_time=2021-08-27 HTTP/1.1" 200 415
116.238.194.18 - - [27/Aug/2021:11:02:34 +0800] "GET /xingrg/all/function/internal_message.html?_=1630033356572&CODE_STATE=getMsg HTTP/1.1" 200 27
58.37.227.186 - - [27/Aug/2021:11:02:34 +0800] "POST /xingrg/kc/buy/cgsh_order_operate.html HTTP/1.1" 200 2381
101.85.93.96 - - [27/Aug/2021:11:02:34 +0800] "GET /xingrg/javascript/jquery_easy_ui/themes/default/images/tabs_close.gif HTTP/1.1" 200 829
101.85.93.96 - - [27/Aug/2021:11:02:34 +0800] "GET /xingrg/kc/base/yddb_order_list.html HTTP/1.1" 200 16795
101.85.93.96 - - [27/Aug/2021:11:02:34 +0800] "GET /xingrg/css/base.css HTTP/1.1" 200 2811
101.85.93.96 - - [27/Aug/2021:11:02:34 +0800] "GET /xingrg/javascript/jquery_tools/jquery.tools.hotkey.js HTTP/1.1" 200 3242
101.85.93.96 - - [27/Aug/2021:11:02:34 +0800] "GET /xingrg/css/site.css HTTP/1.1" 200 7541
101.85.93.96 - - [27/Aug/2021:11:02:34 +0800] "GET /xingrg/javascript/jquery_tools/datebox.css HTTP/1.1" 200 2597
101.85.93.96 - - [27/Aug/2021:11:02:34 +0800] "GET /xingrg/javascript/jquery_tools/table.css HTTP/1.1" 200 1032
101.85.93.96 - - [27/Aug/2021:11:02:34 +0800] "GET /xingrg/javascript/jquery_tools/fix.css HTTP/1.1" 200 1702
101.85.93.96 - - [27/Aug/2021:11:02:34 +0800] "GET /xingrg/javascript/easyui/themes/icon.css HTTP/1.1" 200 4483
101.85.93.96 - - [27/Aug/2021:11:02:34 +0800] "GET /xingrg/javascript/jquery_tools/jquery.tools.min.js HTTP/1.1" 200 138801
101.85.93.96 - - [27/Aug/2021:11:02:34 +0800] "GET /xingrg/javascript/auto/jquery.autocomplete.css HTTP/1.1" 200 587
101.85.93.96 - - [27/Aug/2021:11:02:34 +0800] "GET /xingrg/javascript/jquery_tools/list_manager.js HTTP/1.1" 200 3652
101.85.93.96 - - [27/Aug/2021:11:02:34 +0800] "GET /xingrg/javascript/easyui/easyloader.js HTTP/1.1" 200 5975
101.85.93.96 - - [27/Aug/2021:11:02:34 +0800] "GET /xingrg/javascript/auto/jquery.autocomplete.js HTTP/1.1" 200 21624
101.85.93.96 - - [27/Aug/2021:11:02:34 +0800] "GET /xingrg/javascript/jquery.cookie.js HTTP/1.1" 200 5513
101.85.93.96 - - [27/Aug/2021:11:02:34 +0800] "GET /xingrg/javascript/jquery_tools/jquery.tools.extend.js HTTP/1.1" 200 15385
101.85.93.96 - - [27/Aug/2021:11:02:34 +0800] "GET /xingrg/javascript/jquery_tools/jquery.tools.table.js HTTP/1.1" 200 6994
101.85.93.96 - - [27/Aug/2021:11:02:34 +0800] "GET /xingrg/javascript/print/LodopFuncs.js HTTP/1.1" 200 5121
101.85.93.96 - - [27/Aug/2021:11:02:34 +0800] "GET /xingrg/javascript/easyui/themes/default/easyui.css HTTP/1.1" 200 30432
101.85.93.96 - - [27/Aug/2021:11:02:35 +0800] "GET /xingrg/javascript/easyui/themes/icons/edit_add_new.png HTTP/1.1" 200 2997
101.85.93.96 - - [27/Aug/2021:11:02:35 +0800] "GET /xingrg/javascript/easyui/themes/icons/field_new.png HTTP/1.1" 200 1097
101.85.93.96 - - [27/Aug/2021:11:02:35 +0800] "GET /xingrg/javascript/easyui/themes/icons/import_new.png HTTP/1.1" 200 1247
180.174.198.13 - - [27/Aug/2021:11:02:35 +0800] "GET /xingrg/kc/print/load_data.html?order_code=312021082600672&kc_code=pssh&condition= HTTP/1.1" 200 842
101.85.93.96 - - [27/Aug/2021:11:02:35 +0800] "GET /xingrg/javascript/easyui/plugins/jquery.parser.js HTTP/1.1" 200 1142
101.85.93.96 - - [27/Aug/2021:11:02:35 +0800] "GET /xingrg/images/control/ajaxLoader.gif HTTP/1.1" 200 4659
101.85.93.96 - - [27/Aug/2021:11:02:35 +0800] "POST /xingrg/kc/base/yddb_list_operate.html HTTP/1.1" 200 636
58.37.227.186 - - [27/Aug/2021:11:02:35 +0800] "GET /xingrg/kc/print/load_data.html?order_code=212021082712259&kc_code=cgsh&condition= HTTP/1.1" 200 1431
101.85.93.96 - - [27/Aug/2021:11:02:39 +0800] "POST /xingrg/kc/base/yddb_list_operate.html HTTP/1.1" 200 4381
180.174.198.13 - - [27/Aug/2021:11:02:39 +0800] "POST /xingrg/kc/mdqp/pssh_list_operate.html HTTP/1.1" 200 5453
101.85.93.96 - - [27/Aug/2021:11:02:39 +0800] "POST /xingrg/kc/base/yddb_list_operate.html HTTP/1.1" 200 4381
101.85.93.96 - - [27/Aug/2021:11:02:40 +0800] "POST /xingrg/kc/base/yddb_list_operate.html HTTP/1.1" 200 4381
58.37.227.186 - - [27/Aug/2021:11:02:40 +0800] "GET /xingrg/kc/buy/cgsh_order_add.html HTTP/1.1" 200 63335
180.174.198.13 - - [27/Aug/2021:11:02:40 +0800] "GET /xingrg/kc/mdqp/pssh_order_list.html HTTP/1.1" 200 17786
101.85.93.96 - - [27/Aug/2021:11:02:40 +0800] "GET /xingrg/javascript/easyui/themes/default/images/button_plain_hover.png HTTP/1.1" 200 144
58.37.227.186 - - [27/Aug/2021:11:02:40 +0800] "POST /xingrg/kc/buy/cgsh_order_operate.html HTTP/1.1" 200 8245
58.37.227.186 - - [27/Aug/2021:11:02:40 +0800] "GET /xingrg/javascript/easyui/themes/default/validatebox.css HTTP/1.1" 404 1104
180.174.198.13 - - [27/Aug/2021:11:02:41 +0800] "POST /xingrg/kc/mdqp/pssh_list_operate.html HTTP/1.1" 200 5453
180.174.198.13 - - [27/Aug/2021:11:02:41 +0800] "GET /xingrg/kc/buy/cgsh_order_list.html HTTP/1.1" 200 47591
116.238.194.18 - - [27/Aug/2021:11:02:42 +0800] "GET /xingrg/kc/buy/cgsh_order_operate.html?command=get_materiel&rest_code=00150&code=00101002047&supplier_code=00100442&order_time=2021-08-27 HTTP/1.1" 200 405
180.174.198.13 - - [27/Aug/2021:11:02:42 +0800] "POST /xingrg/kc/buy/cgsh_list_operate.html HTTP/1.1" 200 876
180.174.198.13 - - [27/Aug/2021:11:02:42 +0800] "GET /xingrg/kc/buy/cgsh_order_add.html HTTP/1.1" 200 63294
180.174.198.13 - - [27/Aug/2021:11:02:43 +0800] "POST /xingrg/kc/buy/cgsh_order_operate.html HTTP/1.1" 200 8245
180.174.198.13 - - [27/Aug/2021:11:02:43 +0800] "GET /xingrg/javascript/easyui/themes/default/validatebox.css HTTP/1.1" 404 1104
116.230.105.26 - - [27/Aug/2021:11:02:44 +0800] "GET /xingrg/all/function/internal_message.html?_=1630033333054&CODE_STATE=getMsg HTTP/1.1" 200 27
222.70.179.113 - - [27/Aug/2021:11:02:45 +0800] "GET /xingrg/all/function/internal_message.html?_=1630033365337&CODE_STATE=getMsg HTTP/1.1" 200 27
180.157.254.90 - - [27/Aug/2021:11:02:45 +0800] "GET /xingrg/all/function/internal_message.html?_=1630033372721&CODE_STATE=getMsg HTTP/1.1" 200 27
116.233.78.234 - - [27/Aug/2021:11:02:51 +0800] "GET /xingrg/all/function/internal_message.html?_=1630033376490&CODE_STATE=getMsg HTTP/1.1" 200 27
180.162.111.5 - - [27/Aug/2021:11:02:51 +0800] "GET /xingrg/all/function/internal_message.html?_=1630032962182&CODE_STATE=getMsg HTTP/1.1" 200 27
222.69.131.200 - - [27/Aug/2021:11:02:52 +0800] "GET /xingrg/all/function/internal_message.html?_=1630033374753&CODE_STATE=getMsg HTTP/1.1" 200 27
58.37.227.186 - - [27/Aug/2021:11:02:54 +0800] "GET /xingrg/kc/buy/cgsh_order_operate.html?command=get_materiel&rest_code=00141&code=00101008149&supplier_code=00100007&order_time=2021-08-27 HTTP/1.1" 200 408
116.238.194.18 - - [27/Aug/2021:11:02:55 +0800] "GET /xingrg/kc/buy/cgsh_order_operate.html?command=get_materiel&rest_code=00150&code=00101006152&supplier_code=00100442&order_time=2021-08-27 HTTP/1.1" 200 409
180.174.198.13 - - [27/Aug/2021:11:02:55 +0800] "GET /xingrg/kc/buy/cgsh_order_operate.html?command=get_materiel&rest_code=00102&code=00101008257&supplier_code=00100008&order_time=2021-08-27 HTTP/1.1" 200 416
116.238.194.18 - - [27/Aug/2021:11:02:56 +0800] "GET /xingrg/all/function/internal_message.html?_=1630033369460&CODE_STATE=getMsg HTTP/1.1" 200 27
124.77.108.71 - - [27/Aug/2021:11:02:57 +0800] "GET /xingrg/all/function/internal_message.html?_=1630033374156&CODE_STATE=getMsg HTTP/1.1" 200 27
116.237.74.154 - - [27/Aug/2021:11:02:58 +0800] "GET /xingrg/check_reg.html?_=1630033383634 HTTP/1.1" 200 22
116.237.74.154 - - [27/Aug/2021:11:02:58 +0800] "GET /xingrg/all/function/internal_message.html?_=1630033383638&CODE_STATE=getMsg HTTP/1.1" 200 27
180.174.198.13 - - [27/Aug/2021:11:03:02 +0800] "GET /xingrg/kc/buy/cgsh_order_operate.html?command=get_materiel&rest_code=00102&code=00101008312&supplier_code=00100008&order_time=2021-08-27 HTTP/1.1" 200 412
180.169.147.146 - - [27/Aug/2021:11:03:03 +0800] "GET /xingrg/all/function/internal_message.html?_=1630033388207&CODE_STATE=getMsg HTTP/1.1" 200 27
58.37.227.186 - - [27/Aug/2021:11:03:03 +0800] "GET /xingrg/kc/buy/cgsh_order_operate.html?command=get_materiel&rest_code=00141&code=00101008185&supplier_code=00100007&order_time=2021-08-27 HTTP/1.1" 200 408
58.37.227.186 - - [27/Aug/2021:11:03:05 +0800] "GET /xingrg/check_reg.html?_=1630033273809 HTTP/1.1" 200 22
116.237.74.154 - - [27/Aug/2021:11:03:06 +0800] "POST /xingrg/kc/buy/cgsh_order_operate.html HTTP/1.1" 200 37
180.169.147.146 - - [27/Aug/2021:11:03:06 +0800] "GET /xingrg/all/function/internal_message.html?_=1630033391448&CODE_STATE=getMsg HTTP/1.1" 200 27
180.174.198.13 - - [27/Aug/2021:11:03:08 +0800] "GET /xingrg/kc/buy/cgsh_order_operate.html?command=get_materiel&rest_code=00102&code=00101008038&supplier_code=00100008&order_time=2021-08-27 HTTP/1.1" 200 412
58.37.227.186 - - [27/Aug/2021:11:03:09 +0800] "GET /xingrg/all/function/internal_message.html?_=1630033278292&CODE_STATE=getMsg HTTP/1.1" 200 27
101.83.145.79 - - [27/Aug/2021:11:03:10 +0800] "GET /xingrg/all/function/internal_message.html?_=1630033394315&CODE_STATE=getMsg HTTP/1.1" 200 27
101.85.93.96 - - [27/Aug/2021:11:03:13 +0800] "GET /xingrg/all/function/internal_message.html?_=1630033342744&CODE_STATE=getMsg HTTP/1.1" 200 27
116.238.194.18 - - [27/Aug/2021:11:03:14 +0800] "POST /xingrg/kc/buy/cgsh_order_operate.html HTTP/1.1" 200 37
58.37.227.186 - - [27/Aug/2021:11:03:15 +0800] "GET /xingrg/kc/buy/cgsh_order_operate.html?command=get_materiel&rest_code=00141&code=00101008612&supplier_code=00100007&order_time=2021-08-27 HTTP/1.1" 200 406
180.174.198.13 - - [27/Aug/2021:11:03:15 +0800] "GET /xingrg/kc/buy/cgsh_order_operate.html?command=get_materiel&rest_code=00102&code=00101008298&supplier_code=00100008&order_time=2021-08-27 HTTP/1.1" 200 412
116.237.74.154 - - [27/Aug/2021:11:03:16 +0800] "POST /xingrg/kc/buy/cgsh_order_operate.html HTTP/1.1" 200 12
180.169.147.146 - - [27/Aug/2021:11:03:17 +0800] "GET /xingrg/all/function/internal_message.html?_=1630033545093&CODE_STATE=getMsg HTTP/1.1" 200 27
116.238.194.18 - - [27/Aug/2021:11:03:17 +0800] "POST /xingrg/kc/buy/cgsh_order_operate.html HTTP/1.1" 200 12
116.237.74.154 - - [27/Aug/2021:11:03:17 +0800] "GET /xingrg/kc/buy/cgsh_order_info.html?code=212021082712260 HTTP/1.1" 200 58240
116.237.74.154 - - [27/Aug/2021:11:03:18 +0800] "GET /xingrg/javascript/easyui/themes/default/validatebox.css HTTP/1.1" 404 1104
116.238.194.18 - - [27/Aug/2021:11:03:18 +0800] "GET /xingrg/kc/buy/cgsh_order_info.html?code=212021082712261 HTTP/1.1" 200 58164
116.237.74.154 - - [27/Aug/2021:11:03:18 +0800] "POST /xingrg/kc/buy/cgsh_order_operate.html HTTP/1.1" 200 2402
61.151.178.217 - - [27/Aug/2021:11:03:18 +0800] "GET /xingrg/all/function/internal_message.html?_=1630033338812&CODE_STATE=getMsg HTTP/1.1" 302 -
116.238.194.18 - - [27/Aug/2021:11:03:18 +0800] "GET /xingrg/javascript/easyui/themes/default/validatebox.css HTTP/1.1" 404 1104
116.237.74.154 - - [27/Aug/2021:11:03:19 +0800] "GET /xingrg/all/function/internal_message.html?_=1630033398787&CODE_STATE=getMsg HTTP/1.1" 200 27
116.238.194.18 - - [27/Aug/2021:11:03:19 +0800] "POST /xingrg/kc/buy/cgsh_order_operate.html HTTP/1.1" 200 1202
61.151.178.217 - - [27/Aug/2021:11:03:19 +0800] "GET /xingrg/login.html HTTP/1.1" 200 7641
116.238.194.18 - - [27/Aug/2021:11:03:20 +0800] "GET /xingrg/kc/print/load_data.html?order_code=212021082712261&kc_code=cgsh&condition= HTTP/1.1" 200 940
222.70.246.151 - - [27/Aug/2021:11:03:20 +0800] "GET /xingrg/check_reg.html?_=1630033403608 HTTP/1.1" 200 22
116.237.74.154 - - [27/Aug/2021:11:03:22 +0800] "GET /xingrg/kc/print/load_data.html?order_code=212021082712260&kc_code=cgsh&condition= HTTP/1.1" 200 1469
58.37.227.186 - - [27/Aug/2021:11:03:23 +0800] "GET /xingrg/kc/buy/cgsh_order_operate.html?command=get_materiel&rest_code=00141&code=00101008010&supplier_code=00100007&order_time=2021-08-27 HTTP/1.1" 200 412
116.238.194.18 - - [27/Aug/2021:11:03:24 +0800] "GET /xingrg/kc/buy/cgsh_order_add.html HTTP/1.1" 200 63253
116.238.194.18 - - [27/Aug/2021:11:03:24 +0800] "POST /xingrg/kc/buy/cgsh_order_operate.html HTTP/1.1" 200 8245
116.238.194.18 - - [27/Aug/2021:11:03:24 +0800] "GET /xingrg/javascript/easyui/themes/default/validatebox.css HTTP/1.1" 404 1104
120.253.135.82 - - [27/Aug/2021:11:03:24 +0800] "GET /xingrg/all/function/internal_message.html?_=1630033417392&CODE_STATE=getMsg HTTP/1.1" 200 27
120.253.135.82 - - [27/Aug/2021:11:03:27 +0800] "GET /xingrg/all/function/internal_message.html?_=1630033185769&CODE_STATE=getMsg HTTP/1.1" 200 27
116.237.74.154 - - [27/Aug/2021:11:03:28 +0800] "GET /xingrg/kc/buy/cgsh_order_add.html HTTP/1.1" 200 63329
116.237.74.154 - - [27/Aug/2021:11:03:28 +0800] "POST /xingrg/kc/buy/cgsh_order_operate.html HTTP/1.1" 200 8245
116.237.74.154 - - [27/Aug/2021:11:03:28 +0800] "GET /xingrg/javascript/easyui/themes/default/validatebox.css HTTP/1.1" 404 1104
180.169.147.146 - - [27/Aug/2021:11:03:29 +0800] "GET /xingrg/all/function/internal_message.html?_=1630033412626&CODE_STATE=getMsg HTTP/1.1" 200 27
58.37.227.186 - - [27/Aug/2021:11:03:30 +0800] "GET /xingrg/kc/buy/cgsh_order_operate.html?command=get_materiel&rest_code=00141&code=00101008026&supplier_code=00100007&order_time=2021-08-27 HTTP/1.1" 200 409
116.237.74.154 - - [27/Aug/2021:11:03:31 +0800] "GET /xingrg/javascript/easyui/themes/default/tree.css HTTP/1.1" 404 1090
180.174.198.13 - - [27/Aug/2021:11:03:31 +0800] "GET /xingrg/all/function/internal_message.html?_=1630033413135&CODE_STATE=getMsg HTTP/1.1" 200 27
116.237.74.154 - - [27/Aug/2021:11:03:31 +0800] "POST /xingrg/all/common/load_tree.html?tree=supplier_tree_json&isDelete=1 HTTP/1.1" 200 57570
116.238.194.18 - - [27/Aug/2021:11:03:32 +0800] "GET /xingrg/kc/buy/cgsh_order_operate.html?command=get_materiel&rest_code=00150&code=00101010548&supplier_code=00100441&order_time=2021-08-27 HTTP/1.1" 200 403
222.70.246.151 - - [27/Aug/2021:11:03:33 +0800] "GET /xingrg/all/function/internal_message.html?_=1630033415792&CODE_STATE=getMsg HTTP/1.1" 200 27
116.238.194.18 - - [27/Aug/2021:11:03:34 +0800] "GET /xingrg/check_reg.html?_=1630033416551 HTTP/1.1" 200 22
116.238.194.18 - - [27/Aug/2021:11:03:34 +0800] "GET /xingrg/all/function/internal_message.html?_=1630033416552&CODE_STATE=getMsg HTTP/1.1" 200 27
222.69.131.200 - - [27/Aug/2021:11:03:35 +0800] "GET /xingrg/kc/base/wldb_order_list.html HTTP/1.1" 200 19189
222.69.131.200 - - [27/Aug/2021:11:03:35 +0800] "POST /xingrg/kc/base/wldb_list_operate.html HTTP/1.1" 200 928
222.69.131.200 - - [27/Aug/2021:11:03:40 +0800] "GET /xingrg/kc/base/wldb_order_add.html HTTP/1.1" 200 30403
222.69.131.200 - - [27/Aug/2021:11:03:40 +0800] "POST /xingrg/kc/base/wldb_order_operate.html HTTP/1.1" 200 6806
222.69.131.200 - - [27/Aug/2021:11:03:40 +0800] "GET /xingrg/all/common/auto_word.html?type=base&rest_code=00149 HTTP/1.1" 200 1811
222.69.131.200 - - [27/Aug/2021:11:03:40 +0800] "GET /xingrg/all/common/auto_word.html?type=base&rest_code=00149 HTTP/1.1" 200 1811
222.69.131.200 - - [27/Aug/2021:11:03:40 +0800] "GET /xingrg/javascript/easyui/themes/default/validatebox.css HTTP/1.1" 404 1104
116.238.194.18 - - [27/Aug/2021:11:03:40 +0800] "GET /xingrg/kc/buy/cgsh_order_operate.html?command=get_materiel&rest_code=00150&code=00101010313&supplier_code=00100441&order_time=2021-08-27 HTTP/1.1" 200 421
58.37.227.186 - - [27/Aug/2021:11:03:44 +0800] "GET /xingrg/kc/buy/cgsh_order_operate.html?command=get_materiel&rest_code=00141&code=00101008110&supplier_code=00100007&order_time=2021-08-27 HTTP/1.1" 200 408
222.69.131.200 - - [27/Aug/2021:11:03:44 +0800] "GET /xingrg/javascript/jquery_tools/images/next.gif HTTP/1.1" 404 1086
222.69.131.200 - - [27/Aug/2021:11:03:44 +0800] "GET /xingrg/javascript/jquery_tools/images/prev.gif HTTP/1.1" 404 1086
116.230.105.26 - - [27/Aug/2021:11:03:44 +0800] "GET /xingrg/all/function/internal_message.html?_=1630033393036&CODE_STATE=getMsg HTTP/1.1" 200 27
222.70.179.113 - - [27/Aug/2021:11:03:45 +0800] "GET /xingrg/all/function/internal_message.html?_=1630033425336&CODE_STATE=getMsg HTTP/1.1" 200 27
222.70.179.113 - - [27/Aug/2021:11:03:45 +0800] "GET /xingrg/check_reg.html?_=1630033425338 HTTP/1.1" 200 22
180.157.254.90 - - [27/Aug/2021:11:03:45 +0800] "GET /xingrg/all/function/internal_message.html?_=1630033432735&CODE_STATE=getMsg HTTP/1.1" 200 27
116.238.194.18 - - [27/Aug/2021:11:03:46 +0800] "GET /xingrg/kc/buy/cgsh_order_operate.html?command=get_materiel&rest_code=00150&code=00101010550&supplier_code=00100441&order_time=2021-08-27 HTTP/1.1" 200 399
180.174.198.13 - - [27/Aug/2021:11:03:46 +0800] "GET /xingrg/kc/buy/cgsh_order_operate.html?command=get_materiel&rest_code=00102&code=00101008163&supplier_code=00100008&order_time=2021-08-27 HTTP/1.1" 200 409
222.69.131.200 - - [27/Aug/2021:11:03:48 +0800] "GET /xingrg/kc/base/wldb_order_operate.html?command=get_materiel&rest_code=00149&base_code=0010394&code=00101027001 HTTP/1.1" 200 471
116.233.78.234 - - [27/Aug/2021:11:03:51 +0800] "GET /xingrg/all/function/internal_message.html?_=1630033436492&CODE_STATE=getMsg HTTP/1.1" 200 27
180.162.111.5 - - [27/Aug/2021:11:03:51 +0800] "GET /xingrg/check_reg.html?_=1630033022182 HTTP/1.1" 200 22
180.162.111.5 - - [27/Aug/2021:11:03:51 +0800] "GET /xingrg/all/function/internal_message.html?_=1630033022184&CODE_STATE=getMsg HTTP/1.1" 200 27
116.238.194.18 - - [27/Aug/2021:11:03:52 +0800] "POST /xingrg/kc/buy/cgsh_order_operate.html HTTP/1.1" 200 37
222.69.131.200 - - [27/Aug/2021:11:03:52 +0800] "GET /xingrg/all/function/internal_message.html?_=1630033434780&CODE_STATE=getMsg HTTP/1.1" 200 27
222.69.131.200 - - [27/Aug/2021:11:03:53 +0800] "GET /xingrg/kc/base/wldb_order_operate.html?command=get_materiel&rest_code=00149&base_code=0010394&code=00101019400 HTTP/1.1" 200 450
58.37.227.186 - - [27/Aug/2021:11:03:53 +0800] "GET /xingrg/kc/buy/cgsh_order_operate.html?command=get_materiel&rest_code=00141&code=00101008096&supplier_code=00100007&order_time=2021-08-27 HTTP/1.1" 200 412
116.237.74.154 - - [27/Aug/2021:11:03:54 +0800] "GET /xingrg/kc/buy/cgsh_order_operate.html?command=get_materiel&rest_code=00106&code=00101010309&supplier_code=00100091&order_time=2021-08-27 HTTP/1.1" 200 423
116.238.194.18 - - [27/Aug/2021:11:03:55 +0800] "POST /xingrg/kc/buy/cgsh_order_operate.html HTTP/1.1" 200 12
116.238.194.18 - - [27/Aug/2021:11:03:56 +0800] "GET /xingrg/all/function/internal_message.html?_=1630033429474&CODE_STATE=getMsg HTTP/1.1" 200 27
116.238.194.18 - - [27/Aug/2021:11:03:56 +0800] "GET /xingrg/kc/buy/cgsh_order_info.html?code=212021082712262 HTTP/1.1" 200 58166
116.238.194.18 - - [27/Aug/2021:11:03:56 +0800] "GET /xingrg/javascript/easyui/themes/default/validatebox.css HTTP/1.1" 404 1104
116.238.194.18 - - [27/Aug/2021:11:03:57 +0800] "POST /xingrg/kc/buy/cgsh_order_operate.html HTTP/1.1" 200 1805
124.77.108.71 - - [27/Aug/2021:11:03:57 +0800] "GET /xingrg/check_reg.html?_=1630033434146 HTTP/1.1" 200 22
124.77.108.71 - - [27/Aug/2021:11:03:57 +0800] "GET /xingrg/all/function/internal_message.html?_=1630033434148&CODE_STATE=getMsg HTTP/1.1" 200 27
116.237.74.154 - - [27/Aug/2021:11:03:58 +0800] "GET /xingrg/all/function/internal_message.html?_=1630033443616&CODE_STATE=getMsg HTTP/1.1" 200 27
222.69.131.200 - - [27/Aug/2021:11:03:58 +0800] "GET /xingrg/kc/base/wldb_order_operate.html?command=get_materiel&rest_code=00149&base_code=0010394&code=00101019058 HTTP/1.1" 200 454
116.238.194.18 - - [27/Aug/2021:11:03:58 +0800] "GET /xingrg/kc/print/load_data.html?order_code=212021082712262&kc_code=cgsh&condition= HTTP/1.1" 200 1188
58.37.227.186 - - [27/Aug/2021:11:04:01 +0800] "GET /xingrg/kc/buy/cgsh_order_operate.html?command=get_materiel&rest_code=00141&code=00101008038&supplier_code=00100007&order_time=2021-08-27 HTTP/1.1" 200 412
116.238.194.18 - - [27/Aug/2021:11:04:02 +0800] "GET /xingrg/kc/buy/cgsh_order_add.html HTTP/1.1" 200 63253
116.238.194.18 - - [27/Aug/2021:11:04:03 +0800] "POST /xingrg/kc/buy/cgsh_order_operate.html HTTP/1.1" 200 8245
180.169.147.146 - - [27/Aug/2021:11:04:03 +0800] "GET /xingrg/all/function/internal_message.html?_=1630033448211&CODE_STATE=getMsg HTTP/1.1" 200 27
116.238.194.18 - - [27/Aug/2021:11:04:03 +0800] "GET /xingrg/javascript/easyui/themes/default/validatebox.css HTTP/1.1" 404 1104
222.69.131.200 - - [27/Aug/2021:11:04:03 +0800] "GET /xingrg/kc/base/wldb_order_operate.html?command=get_materiel&rest_code=00149&base_code=0010394&code=00101019066 HTTP/1.1" 200 441
180.169.147.146 - - [27/Aug/2021:11:04:06 +0800] "GET /xingrg/all/function/internal_message.html?_=1630033451451&CODE_STATE=getMsg HTTP/1.1" 200 27
180.169.147.146 - - [27/Aug/2021:11:04:06 +0800] "GET /xingrg/check_reg.html?_=1630033451453 HTTP/1.1" 200 22
58.37.227.186 - - [27/Aug/2021:11:04:07 +0800] "GET /xingrg/kc/buy/cgsh_order_operate.html?command=get_materiel&rest_code=00141&code=00101008221&supplier_code=00100007&order_time=2021-08-27 HTTP/1.1" 200 412
222.70.246.151 - - [27/Aug/2021:11:04:08 +0800] "GET /xingrg/kc/base/check_order_list.html HTTP/1.1" 200 16308
222.70.246.151 - - [27/Aug/2021:11:04:08 +0800] "POST /xingrg/kc/base/check_list_operate.html HTTP/1.1" 200 781
58.37.227.186 - - [27/Aug/2021:11:04:09 +0800] "GET /xingrg/all/function/internal_message.html?_=1630033338268&CODE_STATE=getMsg HTTP/1.1" 200 27
222.69.131.200 - - [27/Aug/2021:11:04:09 +0800] "GET /xingrg/kc/base/wldb_order_operate.html?command=get_materiel&rest_code=00149&base_code=0010394&code=00101019184 HTTP/1.1" 200 442
101.83.145.79 - - [27/Aug/2021:11:04:10 +0800] "GET /xingrg/all/function/internal_message.html?_=1630033454297&CODE_STATE=getMsg HTTP/1.1" 200 27
116.238.194.18 - - [27/Aug/2021:11:04:10 +0800] "GET /xingrg/kc/buy/cgsh_order_operate.html?command=get_materiel&rest_code=00150&code=00101001115&supplier_code=00100089&order_time=2021-08-27 HTTP/1.1" 200 415
101.85.93.96 - - [27/Aug/2021:11:04:13 +0800] "GET /xingrg/all/function/internal_message.html?_=1630033402744&CODE_STATE=getMsg HTTP/1.1" 200 27
58.37.227.186 - - [27/Aug/2021:11:04:14 +0800] "GET /xingrg/kc/buy/cgsh_order_operate.html?command=get_materiel&rest_code=00141&code=00101008163&supplier_code=00100007&order_time=2021-08-27 HTTP/1.1" 200 409
120.253.135.82 - - [27/Aug/2021:11:04:14 +0800] "GET /xingrg/check_reg.html?_=1630033233455 HTTP/1.1" 200 22
222.69.131.200 - - [27/Aug/2021:11:04:14 +0800] "GET /xingrg/kc/base/wldb_order_operate.html?command=get_materiel&rest_code=00149&base_code=0010394&code=00101019222 HTTP/1.1" 200 454
58.221.95.50 - - [27/Aug/2021:11:04:15 +0800] "GET /xingrg/check_reg.html?_=1630033457996 HTTP/1.1" 302 -
116.237.74.154 - - [27/Aug/2021:11:04:15 +0800] "GET /xingrg/kc/buy/cgsh_order_operate.html?command=get_materiel&rest_code=00106&code=00101002006&supplier_code=00100091&order_time=2021-08-27 HTTP/1.1" 200 414
222.70.246.151 - - [27/Aug/2021:11:04:16 +0800] "POST /xingrg/kc/base/check_list_operate.html HTTP/1.1" 200 5520
180.169.147.146 - - [27/Aug/2021:11:04:17 +0800] "GET /xingrg/all/function/internal_message.html?_=1630033605068&CODE_STATE=getMsg HTTP/1.1" 200 27
116.237.74.154 - - [27/Aug/2021:11:04:19 +0800] "GET /xingrg/all/function/internal_message.html?_=1630033458766&CODE_STATE=getMsg HTTP/1.1" 200 27
116.238.194.18 - - [27/Aug/2021:11:04:19 +0800] "POST /xingrg/kc/buy/cgsh_order_operate.html HTTP/1.1" 200 37
222.69.131.200 - - [27/Aug/2021:11:04:20 +0800] "GET /xingrg/kc/base/wldb_order_operate.html?command=get_materiel&rest_code=00149&base_code=0010394&code=00101019306 HTTP/1.1" 200 463
58.37.227.186 - - [27/Aug/2021:11:04:21 +0800] "GET /xingrg/kc/buy/cgsh_order_operate.html?command=get_materiel&rest_code=00141&code=00101008361&supplier_code=00100007&order_time=2021-08-27 HTTP/1.1" 200 408
116.238.194.18 - - [27/Aug/2021:11:04:22 +0800] "POST /xingrg/kc/buy/cgsh_order_operate.html HTTP/1.1" 200 12
116.238.194.18 - - [27/Aug/2021:11:04:23 +0800] "GET /xingrg/kc/buy/cgsh_order_info.html?code=212021082712263 HTTP/1.1" 200 58164
116.238.194.18 - - [27/Aug/2021:11:04:23 +0800] "GET /xingrg/javascript/easyui/themes/default/validatebox.css HTTP/1.1" 404 1104
116.238.194.18 - - [27/Aug/2021:11:04:24 +0800] "POST /xingrg/kc/buy/cgsh_order_operate.html HTTP/1.1" 200 608
222.69.131.200 - - [27/Aug/2021:11:04:24 +0800] "GET /xingrg/kc/base/wldb_order_operate.html?command=get_materiel&rest_code=00149&base_code=0010394&code=00101019391 HTTP/1.1" 200 471
120.253.135.82 - - [27/Aug/2021:11:04:24 +0800] "GET /xingrg/all/function/internal_message.html?_=1630033477415&CODE_STATE=getMsg HTTP/1.1" 200 27
116.238.194.18 - - [27/Aug/2021:11:04:25 +0800] "GET /xingrg/kc/print/load_data.html?order_code=212021082712263&kc_code=cgsh&condition= HTTP/1.1" 200 783
120.253.135.82 - - [27/Aug/2021:11:04:27 +0800] "GET /xingrg/all/function/internal_message.html?_=1630033245778&CODE_STATE=getMsg HTTP/1.1" 200 27
180.169.147.146 - - [27/Aug/2021:11:04:27 +0800] "GET /xingrg/check_reg.html?_=1630033470779 HTTP/1.1" 200 22
222.69.131.200 - - [27/Aug/2021:11:04:28 +0800] "GET /xingrg/kc/base/wldb_order_operate.html?command=get_materiel&rest_code=00149&base_code=0010394&code=00101019185 HTTP/1.1" 200 455
180.169.147.146 - - [27/Aug/2021:11:04:29 +0800] "GET /xingrg/all/function/internal_message.html?_=1630033472620&CODE_STATE=getMsg HTTP/1.1" 200 27
116.238.194.18 - - [27/Aug/2021:11:04:29 +0800] "GET /xingrg/kc/buy/cgsh_order_add.html HTTP/1.1" 200 63253
116.238.194.18 - - [27/Aug/2021:11:04:30 +0800] "POST /xingrg/kc/buy/cgsh_order_operate.html HTTP/1.1" 200 8245
116.238.194.18 - - [27/Aug/2021:11:04:30 +0800] "GET /xingrg/javascript/easyui/themes/default/validatebox.css HTTP/1.1" 404 1104
58.37.227.186 - - [27/Aug/2021:11:04:31 +0800] "GET /xingrg/kc/buy/cgsh_order_operate.html?command=get_materiel&rest_code=00141&code=00101008355&supplier_code=00100007&order_time=2021-08-27 HTTP/1.1" 200 408
180.174.198.13 - - [27/Aug/2021:11:04:31 +0800] "GET /xingrg/all/function/internal_message.html?_=1630033473141&CODE_STATE=getMsg HTTP/1.1" 200 27
180.174.198.13 - - [27/Aug/2021:11:04:31 +0800] "GET /xingrg/kc/buy/cgsh_order_operate.html?command=get_materiel&rest_code=00102&code=00101008264&supplier_code=00100008&order_time=2021-08-27 HTTP/1.1" 200 412
222.69.131.200 - - [27/Aug/2021:11:04:32 +0800] "GET /xingrg/kc/base/wldb_order_operate.html?command=get_materiel&rest_code=00149&base_code=0010394&code=00101019187 HTTP/1.1" 200 465
222.70.246.151 - - [27/Aug/2021:11:04:33 +0800] "GET /xingrg/all/function/internal_message.html?_=1630033475805&CODE_STATE=getMsg HTTP/1.1" 200 27
116.238.194.18 - - [27/Aug/2021:11:04:34 +0800] "GET /xingrg/all/function/internal_message.html?_=1630033476548&CODE_STATE=getMsg HTTP/1.1" 200 27
116.237.74.154 - - [27/Aug/2021:11:04:36 +0800] "POST /xingrg/kc/buy/cgsh_order_operate.html HTTP/1.1" 200 37
222.69.131.200 - - [27/Aug/2021:11:04:37 +0800] "GET /xingrg/kc/base/wldb_order_operate.html?command=get_materiel&rest_code=00149&base_code=0010394&code=00101019079 HTTP/1.1" 200 465
58.37.227.186 - - [27/Aug/2021:11:04:38 +0800] "GET /xingrg/kc/buy/cgsh_order_operate.html?command=get_materiel&rest_code=00141&code=00101008264&supplier_code=00100007&order_time=2021-08-27 HTTP/1.1" 200 412
180.174.198.13 - - [27/Aug/2021:11:04:38 +0800] "GET /xingrg/kc/buy/cgsh_order_operate.html?command=get_materiel&rest_code=00102&code=00101008362&supplier_code=00100008&order_time=2021-08-27 HTTP/1.1" 200 408
116.238.194.18 - - [27/Aug/2021:11:04:40 +0800] "GET /xingrg/kc/buy/cgsh_order_operate.html?command=get_materiel&rest_code=00150&code=00101015122&supplier_code=00100443&order_time=2021-08-27 HTTP/1.1" 200 407
116.237.74.154 - - [27/Aug/2021:11:04:40 +0800] "POST /xingrg/kc/buy/cgsh_order_operate.html HTTP/1.1" 200 12
116.237.74.154 - - [27/Aug/2021:11:04:42 +0800] "GET /xingrg/kc/buy/cgsh_order_info.html?code=212021082712264 HTTP/1.1" 200 58242
116.237.74.154 - - [27/Aug/2021:11:04:42 +0800] "GET /xingrg/javascript/easyui/themes/default/validatebox.css HTTP/1.1" 404 1104
116.237.74.154 - - [27/Aug/2021:11:04:42 +0800] "POST /xingrg/kc/buy/cgsh_order_operate.html HTTP/1.1" 200 1213
222.69.131.200 - - [27/Aug/2021:11:04:43 +0800] "GET /xingrg/kc/base/wldb_order_operate.html?command=get_materiel&rest_code=00149&base_code=0010394&code=00101019310 HTTP/1.1" 200 461
116.230.105.26 - - [27/Aug/2021:11:04:44 +0800] "GET /xingrg/all/function/internal_message.html?_=1630033453021&CODE_STATE=getMsg HTTP/1.1" 200 27
222.70.179.113 - - [27/Aug/2021:11:04:45 +0800] "GET /xingrg/all/function/internal_message.html?_=1630033485336&CODE_STATE=getMsg HTTP/1.1" 200 27
180.157.254.90 - - [27/Aug/2021:11:04:45 +0800] "GET /xingrg/all/function/internal_message.html?_=1630033492735&CODE_STATE=getMsg HTTP/1.1" 200 27
222.70.246.151 - - [27/Aug/2021:11:04:46 +0800] "GET /xingrg/kc/base/check_order_list.html HTTP/1.1" 200 16308
222.70.246.151 - - [27/Aug/2021:11:04:46 +0800] "POST /xingrg/kc/base/check_list_operate.html HTTP/1.1" 200 781
116.238.194.18 - - [27/Aug/2021:11:04:46 +0800] "POST /xingrg/kc/buy/cgsh_order_operate.html HTTP/1.1" 200 37
116.237.74.154 - - [27/Aug/2021:11:04:46 +0800] "GET /xingrg/kc/print/load_data.html?order_code=212021082712264&kc_code=cgsh&condition= HTTP/1.1" 200 1008
58.37.227.186 - - [27/Aug/2021:11:04:47 +0800] "GET /xingrg/kc/buy/cgsh_order_operate.html?command=get_materiel&rest_code=00141&code=00101008356&supplier_code=00100007&order_time=2021-08-27 HTTP/1.1" 200 408
116.238.194.18 - - [27/Aug/2021:11:04:50 +0800] "POST /xingrg/kc/buy/cgsh_order_operate.html HTTP/1.1" 200 12
116.233.78.234 - - [27/Aug/2021:11:04:51 +0800] "GET /xingrg/all/function/internal_message.html?_=1630033496496&CODE_STATE=getMsg HTTP/1.1" 200 27
180.162.111.5 - - [27/Aug/2021:11:04:51 +0800] "GET /xingrg/all/function/internal_message.html?_=1630033082184&CODE_STATE=getMsg HTTP/1.1" 200 27
116.238.194.18 - - [27/Aug/2021:11:04:51 +0800] "GET /xingrg/kc/buy/cgsh_order_info.html?code=212021082712265 HTTP/1.1" 200 58164
116.238.194.18 - - [27/Aug/2021:11:04:52 +0800] "GET /xingrg/javascript/easyui/themes/default/validatebox.css HTTP/1.1" 404 1104
222.69.131.200 - - [27/Aug/2021:11:04:52 +0800] "GET /xingrg/all/function/internal_message.html?_=1630033494768&CODE_STATE=getMsg HTTP/1.1" 200 27
116.238.194.18 - - [27/Aug/2021:11:04:52 +0800] "POST /xingrg/kc/buy/cgsh_order_operate.html HTTP/1.1" 200 614
116.238.194.18 - - [27/Aug/2021:11:04:54 +0800] "GET /xingrg/kc/print/load_data.html?order_code=212021082712265&kc_code=cgsh&condition= HTTP/1.1" 200 711
222.70.246.151 - - [27/Aug/2021:11:04:54 +0800] "POST /xingrg/kc/base/check_list_operate.html HTTP/1.1" 200 5520
116.238.194.18 - - [27/Aug/2021:11:04:56 +0800] "GET /xingrg/all/function/internal_message.html?_=1630033489488&CODE_STATE=getMsg HTTP/1.1" 200 27
124.77.108.71 - - [27/Aug/2021:11:04:57 +0800] "GET /xingrg/all/function/internal_message.html?_=1630033494147&CODE_STATE=getMsg HTTP/1.1" 200 27
116.238.194.18 - - [27/Aug/2021:11:04:58 +0800] "GET /xingrg/kc/buy/cgsh_order_add.html HTTP/1.1" 200 63253
222.69.131.200 - - [27/Aug/2021:11:04:58 +0800] "GET /xingrg/kc/base/wldb_order_operate.html?command=get_materiel&rest_code=00149&base_code=0010394&code=00101019724 HTTP/1.1" 200 431
116.237.74.154 - - [27/Aug/2021:11:04:58 +0800] "GET /xingrg/all/function/internal_message.html?_=1630033503594&CODE_STATE=getMsg HTTP/1.1" 200 27
116.238.194.18 - - [27/Aug/2021:11:04:58 +0800] "POST /xingrg/kc/buy/cgsh_order_operate.html HTTP/1.1" 200 8245
116.238.194.18 - - [27/Aug/2021:11:04:58 +0800] "GET /xingrg/javascript/easyui/themes/default/validatebox.css HTTP/1.1" 404 1104
116.237.74.154 - - [27/Aug/2021:11:04:58 +0800] "GET /xingrg/kc/buy/cgsh_order_add.html HTTP/1.1" 200 63329
116.237.74.154 - - [27/Aug/2021:11:04:59 +0800] "POST /xingrg/kc/buy/cgsh_order_operate.html HTTP/1.1" 200 8245
116.237.74.154 - - [27/Aug/2021:11:04:59 +0800] "GET /xingrg/javascript/easyui/themes/default/validatebox.css HTTP/1.1" 404 1104
58.37.227.186 - - [27/Aug/2021:11:05:00 +0800] "GET /xingrg/kc/buy/cgsh_order_operate.html?command=get_materiel&rest_code=00141&code=00101015060&supplier_code=00100007&order_time=2021-08-27 HTTP/1.1" 200 413
116.237.74.154 - - [27/Aug/2021:11:05:00 +0800] "GET /xingrg/javascript/easyui/themes/default/tree.css HTTP/1.1" 404 1090
116.237.74.154 - - [27/Aug/2021:11:05:00 +0800] "POST /xingrg/all/common/load_tree.html?tree=supplier_tree_json&isDelete=1 HTTP/1.1" 200 57570
180.174.198.13 - - [27/Aug/2021:11:05:01 +0800] "GET /xingrg/kc/buy/cgsh_order_operate.html?command=get_materiel&rest_code=00102&code=00101008360&supplier_code=00100008&order_time=2021-08-27 HTTP/1.1" 200 412
222.70.246.151 - - [27/Aug/2021:11:05:01 +0800] "GET /xingrg/kc/base/yddb_order_list.html HTTP/1.1" 200 16795
222.70.246.151 - - [27/Aug/2021:11:05:01 +0800] "POST /xingrg/kc/base/yddb_list_operate.html HTTP/1.1" 200 636
180.169.147.146 - - [27/Aug/2021:11:05:03 +0800] "GET /xingrg/all/function/internal_message.html?_=1630033508212&CODE_STATE=getMsg HTTP/1.1" 200 27
222.69.131.200 - - [27/Aug/2021:11:05:04 +0800] "GET /xingrg/kc/base/wldb_order_operate.html?command=get_materiel&rest_code=00149&base_code=0010394&code=00101016086 HTTP/1.1" 200 468
116.238.194.18 - - [27/Aug/2021:11:05:05 +0800] "GET /xingrg/kc/buy/cgsh_order_operate.html?command=get_materiel&rest_code=00150&code=00102002167&supplier_code=00100347&order_time=2021-08-27 HTTP/1.1" 200 409
116.238.194.18 - - [27/Aug/2021:11:05:06 +0800] "POST /xingrg/services/DataTransmitService HTTP/1.1" 200 524
116.238.194.18 - - [27/Aug/2021:11:05:06 +0800] "POST /xingrg/services/DataTransmitService HTTP/1.1" 200 501
116.238.194.18 - - [27/Aug/2021:11:05:06 +0800] "POST /xingrg/services/DataTransmitService HTTP/1.1" 200 501
180.169.147.146 - - [27/Aug/2021:11:05:06 +0800] "GET /xingrg/all/function/internal_message.html?_=1630033511456&CODE_STATE=getMsg HTTP/1.1" 200 27
180.174.198.13 - - [27/Aug/2021:11:05:06 +0800] "GET /xingrg/kc/buy/cgsh_order_operate.html?command=get_materiel&rest_code=00102&code=00101008286&supplier_code=00100008&order_time=2021-08-27 HTTP/1.1" 200 408
116.238.194.18 - - [27/Aug/2021:11:05:07 +0800] "POST /xingrg/services/DataTransmitService HTTP/1.1" 200 501
