222.69.131.200 - - [27/Aug/2021:10:20:32 +0800] "GET /xingrg/all/function/internal_message.html?_=1630030834165&CODE_STATE=getMsg HTTP/1.1" 200 27
222.70.246.151 - - [27/Aug/2021:10:20:32 +0800] "GET /xingrg/all/function/internal_message.html?_=1630030835050&CODE_STATE=getMsg HTTP/1.1" 200 27
116.230.105.26 - - [27/Aug/2021:10:20:45 +0800] "GET /xingrg/all/function/internal_message.html?_=1630030813332&CODE_STATE=getMsg HTTP/1.1" 200 27
116.230.105.26 - - [27/Aug/2021:10:20:45 +0800] "GET /xingrg/check_reg.html?_=1630030813338 HTTP/1.1" 200 22
222.70.179.113 - - [27/Aug/2021:10:20:45 +0800] "GET /xingrg/all/function/internal_message.html?_=1630030845276&CODE_STATE=getMsg HTTP/1.1" 200 27
180.157.254.90 - - [27/Aug/2021:10:20:45 +0800] "GET /xingrg/all/function/internal_message.html?_=1630030852650&CODE_STATE=getMsg HTTP/1.1" 200 27
180.157.254.90 - - [27/Aug/2021:10:20:45 +0800] "GET /xingrg/check_reg.html?_=1630030852651 HTTP/1.1" 200 22
116.238.194.18 - - [27/Aug/2021:10:20:49 +0800] "GET /xingrg/all/function/internal_message.html?_=1630030851747&CODE_STATE=getMsg HTTP/1.1" 200 27
116.233.78.234 - - [27/Aug/2021:10:20:51 +0800] "GET /xingrg/all/function/internal_message.html?_=1630030856387&CODE_STATE=getMsg HTTP/1.1" 200 27
116.233.78.234 - - [27/Aug/2021:10:20:51 +0800] "GET /xingrg/check_reg.html?_=1630030856388 HTTP/1.1" 200 22
116.237.74.154 - - [27/Aug/2021:10:20:51 +0800] "GET /favicon.ico HTTP/1.1" 404 -
116.238.194.18 - - [27/Aug/2021:10:20:56 +0800] "GET /xingrg/check_reg.html?_=1630030850417 HTTP/1.1" 200 22
116.238.194.18 - - [27/Aug/2021:10:20:57 +0800] "GET /xingrg/all/function/internal_message.html?_=1630030850465&CODE_STATE=getMsg HTTP/1.1" 200 27
124.77.108.71 - - [27/Aug/2021:10:20:57 +0800] "GET /xingrg/all/function/internal_message.html?_=1630030854123&CODE_STATE=getMsg HTTP/1.1" 200 27
222.70.179.113 - - [27/Aug/2021:10:21:01 +0800] "GET /xingrg/check_reg.html?_=1630030889170 HTTP/1.1" 302 -
180.169.147.146 - - [27/Aug/2021:10:21:06 +0800] "GET /xingrg/all/function/internal_message.html?_=1630030871450&CODE_STATE=getMsg HTTP/1.1" 200 27
116.237.74.154 - - [27/Aug/2021:10:21:07 +0800] "POST /xingrg/login.do HTTP/1.1" 302 -
116.237.74.154 - - [27/Aug/2021:10:21:07 +0800] "GET /xingrg/index.html?sysBaseUrl=http%3A%2F%2F180.169.147.146%3A18081%2Fxingrg%2F&costTime=47×tamp=1630030867260 HTTP/1.1" 200 17173
116.237.74.154 - - [27/Aug/2021:10:21:10 +0800] "POST /xingrg/all/common/load_tree.html?tree=area_rest_tree_json&manage=1 HTTP/1.1" 200 342
101.83.145.79 - - [27/Aug/2021:10:21:11 +0800] "GET /xingrg/all/function/internal_message.html?_=1630030875198&CODE_STATE=getMsg HTTP/1.1" 200 27
116.237.74.154 - - [27/Aug/2021:10:21:12 +0800] "GET /xingrg/all/function/internal_message.html?_=1630030871970&CODE_STATE=count HTTP/1.1" 200 11
116.237.74.154 - - [27/Aug/2021:10:21:12 +0800] "GET /xingrg/check_reg.html?_=1630030871971 HTTP/1.1" 200 22
116.237.74.154 - - [27/Aug/2021:10:21:12 +0800] "GET /favicon.ico HTTP/1.1" 404 -
116.237.74.154 - - [27/Aug/2021:10:21:12 +0800] "POST /xingrg/load_menu.html HTTP/1.1" 200 5138
180.169.147.146 - - [27/Aug/2021:10:21:17 +0800] "GET /xingrg/all/function/internal_message.html?_=1630031025961&CODE_STATE=getMsg HTTP/1.1" 200 27
116.237.74.154 - - [27/Aug/2021:10:21:21 +0800] "GET /xingrg/kc/buy/buy_main.html HTTP/1.1" 200 12412
116.237.74.154 - - [27/Aug/2021:10:21:21 +0800] "GET /xingrg/css/new_ie.css HTTP/1.1" 404 1036
120.253.135.82 - - [27/Aug/2021:10:21:22 +0800] "GET /xingrg/all/function/internal_message.html?_=1630030661620&CODE_STATE=getMsg HTTP/1.1" 200 27
120.253.135.82 - - [27/Aug/2021:10:21:23 +0800] "GET /xingrg/all/function/internal_message.html?_=1630030896745&CODE_STATE=getMsg HTTP/1.1" 200 27
116.237.74.154 - - [27/Aug/2021:10:21:24 +0800] "GET /xingrg/images/yd/bt.gif HTTP/1.1" 404 1040
180.169.147.146 - - [27/Aug/2021:10:21:26 +0800] "GET /xingrg/all/function/internal_message.html?_=1630030891135&CODE_STATE=getMsg HTTP/1.1" 200 27
116.237.74.154 - - [27/Aug/2021:10:21:26 +0800] "GET /xingrg/kc/buy/cgsh_order_list.html HTTP/1.1" 200 47591
116.237.74.154 - - [27/Aug/2021:10:21:27 +0800] "GET /xingrg/kc/buy/cgsh_order_list.html HTTP/1.1" 200 47591
180.169.147.146 - - [27/Aug/2021:10:21:29 +0800] "GET /xingrg/all/function/internal_message.html?_=1630030892320&CODE_STATE=getMsg HTTP/1.1" 200 27
222.69.131.200 - - [27/Aug/2021:10:21:32 +0800] "GET /xingrg/all/function/internal_message.html?_=1630030894145&CODE_STATE=getMsg HTTP/1.1" 200 27
222.69.131.200 - - [27/Aug/2021:10:21:32 +0800] "GET /xingrg/check_reg.html?_=1630030894286 HTTP/1.1" 200 22
222.70.246.151 - - [27/Aug/2021:10:21:32 +0800] "GET /xingrg/all/function/internal_message.html?_=1630030895066&CODE_STATE=getMsg HTTP/1.1" 200 27
116.237.74.154 - - [27/Aug/2021:10:21:35 +0800] "POST /xingrg/kc/buy/cgsh_list_operate.html HTTP/1.1" 200 876
116.230.105.26 - - [27/Aug/2021:10:21:45 +0800] "GET /xingrg/all/function/internal_message.html?_=1630030873322&CODE_STATE=getMsg HTTP/1.1" 200 27
222.70.179.113 - - [27/Aug/2021:10:21:45 +0800] "GET /xingrg/all/function/internal_message.html?_=1630030905275&CODE_STATE=getMsg HTTP/1.1" 200 27
180.157.254.90 - - [27/Aug/2021:10:21:45 +0800] "GET /xingrg/all/function/internal_message.html?_=1630030912650&CODE_STATE=getMsg HTTP/1.1" 200 27
116.238.194.18 - - [27/Aug/2021:10:21:49 +0800] "GET /xingrg/all/function/internal_message.html?_=1630030911749&CODE_STATE=getMsg HTTP/1.1" 200 27
116.237.74.154 - - [27/Aug/2021:10:21:50 +0800] "GET /xingrg/kc/buy/cgsh_order_add.html HTTP/1.1" 200 63335
116.237.74.154 - - [27/Aug/2021:10:21:50 +0800] "GET /xingrg/words/20210827093343_words.js HTTP/1.1" 200 837521
116.233.78.234 - - [27/Aug/2021:10:21:51 +0800] "GET /xingrg/all/function/internal_message.html?_=1630030916389&CODE_STATE=getMsg HTTP/1.1" 200 27
116.237.74.154 - - [27/Aug/2021:10:21:51 +0800] "POST /xingrg/kc/buy/cgsh_order_operate.html HTTP/1.1" 200 8245
116.237.74.154 - - [27/Aug/2021:10:21:51 +0800] "GET /xingrg/all/common/auto_word.html?type=employee&rest_code=00106 HTTP/1.1" 200 205
116.237.74.154 - - [27/Aug/2021:10:21:51 +0800] "GET /xingrg/all/common/auto_word.html?type=employee&rest_code=00106 HTTP/1.1" 200 205
116.237.74.154 - - [27/Aug/2021:10:21:51 +0800] "GET /xingrg/javascript/easyui/themes/default/validatebox.css HTTP/1.1" 404 1104
116.237.74.154 - - [27/Aug/2021:10:21:52 +0800] "GET /xingrg/javascript/easyui/themes/default/tree.css HTTP/1.1" 404 1090
116.237.74.154 - - [27/Aug/2021:10:21:52 +0800] "POST /xingrg/all/common/load_tree.html?tree=supplier_tree_json&isDelete=1 HTTP/1.1" 200 57570
116.238.194.18 - - [27/Aug/2021:10:21:57 +0800] "GET /xingrg/all/function/internal_message.html?_=1630030910479&CODE_STATE=getMsg HTTP/1.1" 200 27
124.77.108.71 - - [27/Aug/2021:10:21:57 +0800] "GET /xingrg/all/function/internal_message.html?_=1630030914120&CODE_STATE=getMsg HTTP/1.1" 200 27
120.253.135.82 - - [27/Aug/2021:10:21:58 +0800] "GET /xingrg/kc/pszx/mdth_order_list.html HTTP/1.1" 200 18472
120.253.135.82 - - [27/Aug/2021:10:21:58 +0800] "POST /xingrg/kc/pszx/mdth_order_new_list.html HTTP/1.1" 200 4657
120.253.135.82 - - [27/Aug/2021:10:22:02 +0800] "POST /xingrg/kc/pszx/mdth_order_new_list.html HTTP/1.1" 200 608
120.253.135.82 - - [27/Aug/2021:10:22:03 +0800] "POST /xingrg/kc/pszx/mdth_order_new_list.html HTTP/1.1" 200 606
120.253.135.82 - - [27/Aug/2021:10:22:05 +0800] "GET /xingrg/kc/pszx/mdth_order_info.html?code=322021082700010 HTTP/1.1" 200 22175
120.253.135.82 - - [27/Aug/2021:10:22:05 +0800] "POST /xingrg/kc/pszx/mdth_order_new_info.html HTTP/1.1" 200 3518
120.253.135.82 - - [27/Aug/2021:10:22:05 +0800] "GET /xingrg/javascript/easyui/themes/default/validatebox.css HTTP/1.1" 404 1104
116.237.74.154 - - [27/Aug/2021:10:22:06 +0800] "GET /xingrg/javascript/auto/indicator.gif HTTP/1.1" 404 1066
61.151.207.158 - - [27/Aug/2021:10:22:06 +0800] "GET /xingrg/index.html?sysBaseUrl=http://180.169.147.146:18081/xingrg/&costTime=47×tamp=1630030867260 HTTP/1.1" 302 -
180.169.147.146 - - [27/Aug/2021:10:22:06 +0800] "GET /xingrg/all/function/internal_message.html?_=1630030931458&CODE_STATE=getMsg HTTP/1.1" 200 27
61.151.207.158 - - [27/Aug/2021:10:22:07 +0800] "GET /xingrg/login.html HTTP/1.1" 200 7641
101.83.145.79 - - [27/Aug/2021:10:22:11 +0800] "GET /xingrg/all/function/internal_message.html?_=1630030935180&CODE_STATE=getMsg HTTP/1.1" 200 27
101.83.145.79 - - [27/Aug/2021:10:22:11 +0800] "GET /xingrg/check_reg.html?_=1630030935883 HTTP/1.1" 200 22
61.151.207.158 - - [27/Aug/2021:10:22:11 +0800] "GET /xingrg/all/function/internal_message.html?_=1630030871970&CODE_STATE=count HTTP/1.1" 302 -
116.237.74.154 - - [27/Aug/2021:10:22:12 +0800] "GET /xingrg/all/function/internal_message.html?_=1630030931976&CODE_STATE=getMsg HTTP/1.1" 200 27
61.151.207.158 - - [27/Aug/2021:10:22:12 +0800] "GET /xingrg/login.html HTTP/1.1" 200 7641
116.237.74.154 - - [27/Aug/2021:10:22:16 +0800] "GET /xingrg/kc/buy/cgsh_order_operate.html?command=get_materiel&rest_code=00106&code=00101008146&supplier_code=00100009&order_time=2021-08-27 HTTP/1.1" 200 416
180.169.147.146 - - [27/Aug/2021:10:22:17 +0800] "GET /xingrg/all/function/internal_message.html?_=1630031085934&CODE_STATE=getMsg HTTP/1.1" 200 27
120.253.135.82 - - [27/Aug/2021:10:22:22 +0800] "GET /xingrg/all/function/internal_message.html?_=1630030721621&CODE_STATE=getMsg HTTP/1.1" 200 27
120.253.135.82 - - [27/Aug/2021:10:22:24 +0800] "GET /xingrg/all/function/internal_message.html?_=1630030956762&CODE_STATE=getMsg HTTP/1.1" 200 27
180.169.147.146 - - [27/Aug/2021:10:22:26 +0800] "GET /xingrg/all/function/internal_message.html?_=1630030951135&CODE_STATE=getMsg HTTP/1.1" 200 27
116.237.74.154 - - [27/Aug/2021:10:22:29 +0800] "GET /xingrg/kc/buy/cgsh_order_operate.html?command=get_materiel&rest_code=00106&code=00101008147&supplier_code=00100009&order_time=2021-08-27 HTTP/1.1" 200 418
180.169.147.146 - - [27/Aug/2021:10:22:29 +0800] "GET /xingrg/all/function/internal_message.html?_=1630030952323&CODE_STATE=getMsg HTTP/1.1" 200 27
222.69.131.200 - - [27/Aug/2021:10:22:32 +0800] "GET /xingrg/all/function/internal_message.html?_=1630030954116&CODE_STATE=getMsg HTTP/1.1" 200 27
222.70.246.151 - - [27/Aug/2021:10:22:32 +0800] "GET /xingrg/all/function/internal_message.html?_=1630030955089&CODE_STATE=getMsg HTTP/1.1" 200 27
116.230.105.26 - - [27/Aug/2021:10:22:45 +0800] "GET /xingrg/all/function/internal_message.html?_=1630030933315&CODE_STATE=getMsg HTTP/1.1" 200 27
222.70.179.113 - - [27/Aug/2021:10:22:45 +0800] "GET /xingrg/all/function/internal_message.html?_=1630030965275&CODE_STATE=getMsg HTTP/1.1" 200 27
180.157.254.90 - - [27/Aug/2021:10:22:45 +0800] "GET /xingrg/all/function/internal_message.html?_=1630030972649&CODE_STATE=getMsg HTTP/1.1" 200 27
116.238.194.18 - - [27/Aug/2021:10:22:49 +0800] "GET /xingrg/all/function/internal_message.html?_=1630030971758&CODE_STATE=getMsg HTTP/1.1" 200 27
61.151.178.177 - - [27/Aug/2021:10:22:50 +0800] "GET /xingrg/kc/buy/cgsh_order_add.html HTTP/1.1" 302 -
116.233.78.234 - - [27/Aug/2021:10:22:51 +0800] "GET /xingrg/all/function/internal_message.html?_=1630030976391&CODE_STATE=getMsg HTTP/1.1" 200 27
61.151.178.177 - - [27/Aug/2021:10:22:51 +0800] "GET /xingrg/login.html HTTP/1.1" 200 7641
116.233.78.234 - - [27/Aug/2021:10:22:53 +0800] "GET /favicon.ico HTTP/1.1" 404 -
116.238.194.18 - - [27/Aug/2021:10:22:57 +0800] "GET /xingrg/all/function/internal_message.html?_=1630030970492&CODE_STATE=getMsg HTTP/1.1" 200 27
124.77.108.71 - - [27/Aug/2021:10:22:57 +0800] "GET /xingrg/all/function/internal_message.html?_=1630030974119&CODE_STATE=getMsg HTTP/1.1" 200 27
116.237.74.154 - - [27/Aug/2021:10:23:00 +0800] "POST /xingrg/kc/buy/cgsh_order_operate.html HTTP/1.1" 200 37
120.253.135.82 - - [27/Aug/2021:10:23:01 +0800] "POST /xingrg/kc/pszx/mdth_order_new_list.html HTTP/1.1" 200 290
116.237.74.154 - - [27/Aug/2021:10:23:03 +0800] "POST /xingrg/kc/buy/cgsh_order_operate.html HTTP/1.1" 200 12
222.69.131.200 - - [27/Aug/2021:10:23:03 +0800] "GET /xingrg/kc/buy/cgsh_order_operate.html?command=get_materiel&rest_code=00149&code=00101006128&supplier_code=00100012&order_time=2021-08-27 HTTP/1.1" 200 427
180.169.147.146 - - [27/Aug/2021:10:23:06 +0800] "GET /xingrg/all/function/internal_message.html?_=1630030991449&CODE_STATE=getMsg HTTP/1.1" 200 27
116.237.74.154 - - [27/Aug/2021:10:23:08 +0800] "GET /xingrg/kc/buy/cgsh_order_info.html?code=212021082712183 HTTP/1.1" 200 58250
116.237.74.154 - - [27/Aug/2021:10:23:09 +0800] "GET /xingrg/javascript/easyui/themes/default/validatebox.css HTTP/1.1" 404 1104
116.237.74.154 - - [27/Aug/2021:10:23:09 +0800] "POST /xingrg/kc/buy/cgsh_order_operate.html HTTP/1.1" 200 1208
101.83.145.79 - - [27/Aug/2021:10:23:10 +0800] "GET /xingrg/all/function/internal_message.html?_=1630030995156&CODE_STATE=getMsg HTTP/1.1" 200 27
116.237.74.154 - - [27/Aug/2021:10:23:11 +0800] "GET /xingrg/kc/print/load_config.html?kc_code=cgsh HTTP/1.1" 200 2076
116.237.74.154 - - [27/Aug/2021:10:23:11 +0800] "GET /xingrg/kc/print/load_data.html?order_code=212021082712183&kc_code=cgsh&condition= HTTP/1.1" 200 1012
101.89.239.245 - - [27/Aug/2021:10:23:11 +0800] "GET /xingrg/all/function/internal_message.html?_=1630030931976&CODE_STATE=getMsg HTTP/1.1" 302 -
101.89.239.245 - - [27/Aug/2021:10:23:12 +0800] "GET /xingrg/login.html HTTP/1.1" 200 7641
116.237.74.154 - - [27/Aug/2021:10:23:13 +0800] "GET /xingrg/all/function/internal_message.html?_=1630030993759&CODE_STATE=getMsg HTTP/1.1" 200 27
180.169.147.146 - - [27/Aug/2021:10:23:17 +0800] "GET /xingrg/all/function/internal_message.html?_=1630031145913&CODE_STATE=getMsg HTTP/1.1" 200 27
222.69.131.200 - - [27/Aug/2021:10:23:19 +0800] "POST /xingrg/kc/buy/cgsh_order_operate.html HTTP/1.1" 200 37
222.70.246.151 - - [27/Aug/2021:10:23:20 +0800] "GET /xingrg/check_reg.html?_=1630031003549 HTTP/1.1" 200 22
116.237.74.154 - - [27/Aug/2021:10:23:22 +0800] "GET /xingrg/kc/print/load_data.html?order_code=212021082712183&kc_code=cgsh HTTP/1.1" 200 1012
120.253.135.82 - - [27/Aug/2021:10:23:23 +0800] "GET /xingrg/all/function/internal_message.html?_=1630030781833&CODE_STATE=getMsg HTTP/1.1" 200 27
120.253.135.82 - - [27/Aug/2021:10:23:24 +0800] "GET /xingrg/all/function/internal_message.html?_=1630031016771&CODE_STATE=getMsg HTTP/1.1" 200 27
222.69.131.200 - - [27/Aug/2021:10:23:24 +0800] "POST /xingrg/kc/buy/cgsh_order_operate.html HTTP/1.1" 200 12
222.69.131.200 - - [27/Aug/2021:10:23:25 +0800] "GET /xingrg/kc/buy/cgsh_order_info.html?code=212021082712184 HTTP/1.1" 200 58291
222.69.131.200 - - [27/Aug/2021:10:23:25 +0800] "GET /xingrg/words/20210827093343_words.js HTTP/1.1" 304 -
222.69.131.200 - - [27/Aug/2021:10:23:25 +0800] "GET /xingrg/javascript/easyui/themes/default/validatebox.css HTTP/1.1" 404 1104
180.169.147.146 - - [27/Aug/2021:10:23:25 +0800] "GET /xingrg/all/function/internal_message.html?_=1630031011132&CODE_STATE=getMsg HTTP/1.1" 200 27
222.69.131.200 - - [27/Aug/2021:10:23:26 +0800] "POST /xingrg/kc/buy/cgsh_order_operate.html HTTP/1.1" 200 3603
101.91.62.89 - - [27/Aug/2021:10:23:27 +0800] "GET /xingrg/kc/buy/cgsh_order_operate.html?command=get_materiel&rest_code=00106&code=00101008147&supplier_code=00100009&order_time=2021-08-27 HTTP/1.1" 302 -
101.91.62.89 - - [27/Aug/2021:10:23:27 +0800] "GET /xingrg/login.html HTTP/1.1" 200 7641
222.69.131.200 - - [27/Aug/2021:10:23:28 +0800] "GET /xingrg/kc/print/load_data.html?order_code=212021082712184&kc_code=cgsh&condition= HTTP/1.1" 200 1970
180.169.147.146 - - [27/Aug/2021:10:23:29 +0800] "GET /xingrg/all/function/internal_message.html?_=1630031012321&CODE_STATE=getMsg HTTP/1.1" 200 27
222.69.131.200 - - [27/Aug/2021:10:23:32 +0800] "GET /xingrg/all/function/internal_message.html?_=1630031014104&CODE_STATE=getMsg HTTP/1.1" 200 27
222.70.246.151 - - [27/Aug/2021:10:23:32 +0800] "GET /xingrg/all/function/internal_message.html?_=1630031015092&CODE_STATE=getMsg HTTP/1.1" 200 27
116.230.105.26 - - [27/Aug/2021:10:23:45 +0800] "GET /xingrg/all/function/internal_message.html?_=1630030993319&CODE_STATE=getMsg HTTP/1.1" 200 27
222.70.179.113 - - [27/Aug/2021:10:23:45 +0800] "GET /xingrg/check_reg.html?_=1630031025290 HTTP/1.1" 200 22
222.70.179.113 - - [27/Aug/2021:10:23:45 +0800] "GET /xingrg/all/function/internal_message.html?_=1630031025288&CODE_STATE=getMsg HTTP/1.1" 200 27
180.157.254.90 - - [27/Aug/2021:10:23:45 +0800] "GET /xingrg/all/function/internal_message.html?_=1630031032648&CODE_STATE=getMsg HTTP/1.1" 200 27
222.69.131.200 - - [27/Aug/2021:10:23:47 +0800] "GET /xingrg/kc/buy/cgsh_order_add.html HTTP/1.1" 200 63382
222.69.131.200 - - [27/Aug/2021:10:23:47 +0800] "POST /xingrg/kc/buy/cgsh_order_operate.html HTTP/1.1" 200 8245
222.69.131.200 - - [27/Aug/2021:10:23:47 +0800] "GET /xingrg/javascript/easyui/themes/default/validatebox.css HTTP/1.1" 404 1104
116.238.194.18 - - [27/Aug/2021:10:23:49 +0800] "GET /xingrg/all/function/internal_message.html?_=1630031031761&CODE_STATE=getMsg HTTP/1.1" 200 27
116.233.78.234 - - [27/Aug/2021:10:23:51 +0800] "GET /xingrg/all/function/internal_message.html?_=1630031036394&CODE_STATE=getMsg HTTP/1.1" 200 27
116.238.194.18 - - [27/Aug/2021:10:23:57 +0800] "GET /xingrg/all/function/internal_message.html?_=1630031030513&CODE_STATE=getMsg HTTP/1.1" 200 27
124.77.108.71 - - [27/Aug/2021:10:23:58 +0800] "GET /xingrg/all/function/internal_message.html?_=1630031034120&CODE_STATE=getMsg HTTP/1.1" 200 27
124.77.108.71 - - [27/Aug/2021:10:23:58 +0800] "GET /xingrg/check_reg.html?_=1630031034120 HTTP/1.1" 200 22
222.69.131.200 - - [27/Aug/2021:10:24:02 +0800] "GET /xingrg/kc/buy/cgsh_order_operate.html?command=get_materiel&rest_code=00149&code=00102002166&supplier_code=00100073&order_time=2021-08-27 HTTP/1.1" 200 433
116.237.74.154 - - [27/Aug/2021:10:24:06 +0800] "GET /xingrg/kc/buy/cgsh_order_add.html HTTP/1.1" 200 63335
116.237.74.154 - - [27/Aug/2021:10:24:06 +0800] "POST /xingrg/kc/buy/cgsh_order_operate.html HTTP/1.1" 200 8245
116.237.74.154 - - [27/Aug/2021:10:24:06 +0800] "GET /xingrg/javascript/easyui/themes/default/validatebox.css HTTP/1.1" 404 1104
180.169.147.146 - - [27/Aug/2021:10:24:06 +0800] "GET /xingrg/check_reg.html?_=1630031051453 HTTP/1.1" 200 22
180.169.147.146 - - [27/Aug/2021:10:24:06 +0800] "GET /xingrg/all/function/internal_message.html?_=1630031051457&CODE_STATE=getMsg HTTP/1.1" 200 27
116.237.74.154 - - [27/Aug/2021:10:24:08 +0800] "GET /xingrg/javascript/easyui/themes/default/tree.css HTTP/1.1" 404 1090
116.237.74.154 - - [27/Aug/2021:10:24:08 +0800] "POST /xingrg/all/common/load_tree.html?tree=supplier_tree_json&isDelete=1 HTTP/1.1" 200 57570
61.151.178.165 - - [27/Aug/2021:10:24:09 +0800] "GET /xingrg/kc/buy/cgsh_order_info.html?code=212021082712183 HTTP/1.1" 302 -
61.151.178.165 - - [27/Aug/2021:10:24:09 +0800] "GET /xingrg/login.html HTTP/1.1" 200 7641
101.83.145.79 - - [27/Aug/2021:10:24:10 +0800] "GET /xingrg/all/function/internal_message.html?_=1630031055132&CODE_STATE=getMsg HTTP/1.1" 200 27
222.69.131.200 - - [27/Aug/2021:10:24:13 +0800] "GET /xingrg/kc/buy/cgsh_order_operate.html?command=get_materiel&rest_code=00149&code=00102013013&supplier_code=00100073&order_time=2021-08-27 HTTP/1.1" 200 409
120.253.135.82 - - [27/Aug/2021:10:24:14 +0800] "GET /xingrg/check_reg.html?_=1630030832739 HTTP/1.1" 200 22
116.237.74.154 - - [27/Aug/2021:10:24:14 +0800] "GET /xingrg/all/function/internal_message.html?_=1630031053753&CODE_STATE=getMsg HTTP/1.1" 200 27
101.91.60.88 - - [27/Aug/2021:10:24:14 +0800] "GET /xingrg/all/function/internal_message.html?_=1630030993759&CODE_STATE=getMsg HTTP/1.1" 302 -
58.221.95.50 - - [27/Aug/2021:10:24:15 +0800] "GET /xingrg/check_reg.html?_=1630031057937 HTTP/1.1" 302 -
101.91.60.88 - - [27/Aug/2021:10:24:15 +0800] "GET /xingrg/login.html HTTP/1.1" 200 7641
180.169.147.146 - - [27/Aug/2021:10:24:17 +0800] "GET /xingrg/all/function/internal_message.html?_=1630031205922&CODE_STATE=getMsg HTTP/1.1" 200 27
120.253.135.82 - - [27/Aug/2021:10:24:23 +0800] "GET /xingrg/all/function/internal_message.html?_=1630030841835&CODE_STATE=getMsg HTTP/1.1" 200 27
120.253.135.82 - - [27/Aug/2021:10:24:24 +0800] "GET /xingrg/all/function/internal_message.html?_=1630031076791&CODE_STATE=getMsg HTTP/1.1" 200 27
180.169.147.146 - - [27/Aug/2021:10:24:25 +0800] "GET /xingrg/all/function/internal_message.html?_=1630031071136&CODE_STATE=getMsg HTTP/1.1" 200 27
116.237.74.154 - - [27/Aug/2021:10:24:26 +0800] "GET /xingrg/kc/buy/cgsh_order_operate.html?command=get_materiel&rest_code=00106&code=00101006129&supplier_code=00100015&order_time=2021-08-27 HTTP/1.1" 200 431
180.169.147.146 - - [27/Aug/2021:10:24:27 +0800] "GET /xingrg/check_reg.html?_=1630031070127 HTTP/1.1" 200 22
180.169.147.146 - - [27/Aug/2021:10:24:29 +0800] "GET /xingrg/all/function/internal_message.html?_=1630031072306&CODE_STATE=getMsg HTTP/1.1" 200 27
222.69.131.200 - - [27/Aug/2021:10:24:31 +0800] "GET /xingrg/all/function/internal_message.html?_=1630031074085&CODE_STATE=getMsg HTTP/1.1" 200 27
222.70.246.151 - - [27/Aug/2021:10:24:32 +0800] "GET /xingrg/all/function/internal_message.html?_=1630031075106&CODE_STATE=getMsg HTTP/1.1" 200 27
222.69.131.200 - - [27/Aug/2021:10:24:32 +0800] "POST /xingrg/kc/buy/cgsh_order_operate.html HTTP/1.1" 200 37
117.184.7.26 - - [27/Aug/2021:10:24:35 +0800] "GET /favicon.ico HTTP/1.1" 404 -
116.237.74.154 - - [27/Aug/2021:10:24:37 +0800] "GET /xingrg/kc/buy/cgsh_order_operate.html?command=get_materiel&rest_code=00106&code=00101006109&supplier_code=00100015&order_time=2021-08-27 HTTP/1.1" 200 409
222.69.131.200 - - [27/Aug/2021:10:24:38 +0800] "POST /xingrg/kc/buy/cgsh_order_operate.html HTTP/1.1" 200 12
222.69.131.200 - - [27/Aug/2021:10:24:40 +0800] "GET /xingrg/kc/buy/cgsh_order_info.html?code=212021082712185 HTTP/1.1" 200 58293
222.69.131.200 - - [27/Aug/2021:10:24:40 +0800] "GET /xingrg/javascript/easyui/themes/default/validatebox.css HTTP/1.1" 404 1104
222.69.131.200 - - [27/Aug/2021:10:24:41 +0800] "POST /xingrg/kc/buy/cgsh_order_operate.html HTTP/1.1" 200 1224
222.69.131.200 - - [27/Aug/2021:10:24:44 +0800] "GET /xingrg/kc/print/load_data.html?order_code=212021082712185&kc_code=cgsh&condition= HTTP/1.1" 200 1006
116.230.105.26 - - [27/Aug/2021:10:24:45 +0800] "GET /xingrg/all/function/internal_message.html?_=1630031053331&CODE_STATE=getMsg HTTP/1.1" 200 27
222.70.179.113 - - [27/Aug/2021:10:24:45 +0800] "GET /xingrg/all/function/internal_message.html?_=1630031085279&CODE_STATE=getMsg HTTP/1.1" 200 27
116.237.74.154 - - [27/Aug/2021:10:24:45 +0800] "GET /xingrg/kc/buy/cgsh_order_operate.html?command=get_materiel&rest_code=00106&code=00101006065&supplier_code=00100015&order_time=2021-08-27 HTTP/1.1" 200 411
180.157.254.90 - - [27/Aug/2021:10:24:45 +0800] "GET /xingrg/all/function/internal_message.html?_=1630031092647&CODE_STATE=getMsg HTTP/1.1" 200 27
116.238.194.18 - - [27/Aug/2021:10:24:49 +0800] "GET /xingrg/check_reg.html?_=1630031091763 HTTP/1.1" 200 22
116.238.194.18 - - [27/Aug/2021:10:24:49 +0800] "GET /xingrg/all/function/internal_message.html?_=1630031091770&CODE_STATE=getMsg HTTP/1.1" 200 27
116.233.78.234 - - [27/Aug/2021:10:24:51 +0800] "GET /xingrg/all/function/internal_message.html?_=1630031096396&CODE_STATE=getMsg HTTP/1.1" 200 27
116.237.74.154 - - [27/Aug/2021:10:24:55 +0800] "GET /xingrg/kc/buy/cgsh_order_operate.html?command=get_materiel&rest_code=00106&code=00101006025&supplier_code=00100015&order_time=2021-08-27 HTTP/1.1" 200 417
116.238.194.18 - - [27/Aug/2021:10:24:57 +0800] "GET /xingrg/all/function/internal_message.html?_=1630031090519&CODE_STATE=getMsg HTTP/1.1" 200 27
124.77.108.71 - - [27/Aug/2021:10:24:57 +0800] "GET /xingrg/all/function/internal_message.html?_=1630031094116&CODE_STATE=getMsg HTTP/1.1" 200 27
101.83.145.79 - - [27/Aug/2021:10:25:01 +0800] "GET /xingrg/kc/buy/cgsh_order_add.html HTTP/1.1" 200 63376
101.83.145.79 - - [27/Aug/2021:10:25:01 +0800] "POST /xingrg/kc/buy/cgsh_order_operate.html HTTP/1.1" 200 8245
101.83.145.79 - - [27/Aug/2021:10:25:01 +0800] "GET /xingrg/javascript/easyui/themes/default/validatebox.css HTTP/1.1" 404 1104
180.169.147.146 - - [27/Aug/2021:10:25:06 +0800] "GET /xingrg/all/function/internal_message.html?_=1630031111445&CODE_STATE=getMsg HTTP/1.1" 200 27
120.253.135.82 - - [27/Aug/2021:10:25:08 +0800] "GET /xingrg/check_reg.html?_=1630031121339 HTTP/1.1" 200 22
101.83.145.79 - - [27/Aug/2021:10:25:10 +0800] "GET /xingrg/all/function/internal_message.html?_=1630031115139&CODE_STATE=getMsg HTTP/1.1" 200 27
61.151.178.180 - - [27/Aug/2021:10:25:13 +0800] "GET /xingrg/all/function/internal_message.html?_=1630031053753&CODE_STATE=getMsg HTTP/1.1" 302 -
116.237.74.154 - - [27/Aug/2021:10:25:13 +0800] "GET /xingrg/all/function/internal_message.html?_=1630031113736&CODE_STATE=getMsg HTTP/1.1" 200 27
101.83.145.79 - - [27/Aug/2021:10:25:14 +0800] "GET /xingrg/kc/buy/cgsh_order_operate.html?command=get_materiel&rest_code=00105&code=00101009109&supplier_code=00100024&order_time=2021-08-27 HTTP/1.1" 200 399
61.151.178.180 - - [27/Aug/2021:10:25:14 +0800] "GET /xingrg/login.html HTTP/1.1" 200 7641
180.169.147.146 - - [27/Aug/2021:10:25:17 +0800] "GET /xingrg/all/function/internal_message.html?_=1630031265894&CODE_STATE=getMsg HTTP/1.1" 200 27
180.169.147.146 - - [27/Aug/2021:10:25:18 +0800] "GET /xingrg/check_reg.html?_=1630031266162 HTTP/1.1" 200 22
58.37.227.186 - - [27/Aug/2021:10:25:20 +0800] "GET /xingrg/check_reg.html?_=1630031009093 HTTP/1.1" 200 22
58.37.227.186 - - [27/Aug/2021:10:25:20 +0800] "GET /xingrg/check_reg.html?_=1630031009108 HTTP/1.1" 200 22
120.253.135.82 - - [27/Aug/2021:10:25:23 +0800] "GET /xingrg/all/function/internal_message.html?_=1630030901849&CODE_STATE=getMsg HTTP/1.1" 200 27
120.253.135.82 - - [27/Aug/2021:10:25:24 +0800] "GET /xingrg/all/function/internal_message.html?_=1630031136798&CODE_STATE=getMsg HTTP/1.1" 200 27
61.151.178.164 - - [27/Aug/2021:10:25:25 +0800] "GET /xingrg/kc/buy/cgsh_order_operate.html?command=get_materiel&rest_code=00106&code=00101006129&supplier_code=00100015&order_time=2021-08-27 HTTP/1.1" 302 -
61.151.178.164 - - [27/Aug/2021:10:25:25 +0800] "GET /xingrg/login.html HTTP/1.1" 200 7641
180.169.147.146 - - [27/Aug/2021:10:25:26 +0800] "GET /xingrg/all/function/internal_message.html?_=1630031131137&CODE_STATE=getMsg HTTP/1.1" 200 27
180.169.147.146 - - [27/Aug/2021:10:25:26 +0800] "GET /xingrg/check_reg.html?_=1630031131143 HTTP/1.1" 200 22
180.169.147.146 - - [27/Aug/2021:10:25:29 +0800] "GET /xingrg/all/function/internal_message.html?_=1630031132291&CODE_STATE=getMsg HTTP/1.1" 200 27
222.69.131.200 - - [27/Aug/2021:10:25:31 +0800] "GET /xingrg/kc/buy/cgsh_order_add.html HTTP/1.1" 200 63382
222.69.131.200 - - [27/Aug/2021:10:25:32 +0800] "POST /xingrg/kc/buy/cgsh_order_operate.html HTTP/1.1" 200 8245
222.69.131.200 - - [27/Aug/2021:10:25:32 +0800] "GET /xingrg/all/function/internal_message.html?_=1630031134129&CODE_STATE=getMsg HTTP/1.1" 200 27
222.69.131.200 - - [27/Aug/2021:10:25:32 +0800] "GET /xingrg/javascript/easyui/themes/default/validatebox.css HTTP/1.1" 404 1104
222.70.246.151 - - [27/Aug/2021:10:25:32 +0800] "GET /xingrg/all/function/internal_message.html?_=1630031135128&CODE_STATE=getMsg HTTP/1.1" 200 27
116.237.74.154 - - [27/Aug/2021:10:25:33 +0800] "GET /xingrg/kc/buy/cgsh_order_operate.html?command=get_materiel&rest_code=00106&code=00101006174&supplier_code=00100015&order_time=2021-08-27 HTTP/1.1" 200 414
101.83.145.79 - - [27/Aug/2021:10:25:41 +0800] "GET /xingrg/kc/buy/cgsh_order_operate.html?command=get_materiel&rest_code=00105&code=00101009011&supplier_code=00100024&order_time=2021-08-27 HTTP/1.1" 200 416
61.151.178.249 - - [27/Aug/2021:10:25:42 +0800] "GET /xingrg/kc/buy/cgsh_order_operate.html?command=get_materiel&rest_code=00106&code=00101006065&supplier_code=00100015&order_time=2021-08-27 HTTP/1.1" 302 -
61.151.178.249 - - [27/Aug/2021:10:25:43 +0800] "GET /xingrg/login.html HTTP/1.1" 200 7641
116.230.105.26 - - [27/Aug/2021:10:25:45 +0800] "GET /xingrg/all/function/internal_message.html?_=1630031113330&CODE_STATE=getMsg HTTP/1.1" 200 27
116.230.105.26 - - [27/Aug/2021:10:25:45 +0800] "GET /xingrg/check_reg.html?_=1630031113332 HTTP/1.1" 200 22
222.70.179.113 - - [27/Aug/2021:10:25:45 +0800] "GET /xingrg/all/function/internal_message.html?_=1630031145278&CODE_STATE=getMsg HTTP/1.1" 200 27
180.157.254.90 - - [27/Aug/2021:10:25:45 +0800] "GET /xingrg/all/function/internal_message.html?_=1630031152672&CODE_STATE=getMsg HTTP/1.1" 200 27
180.157.254.90 - - [27/Aug/2021:10:25:45 +0800] "GET /xingrg/check_reg.html?_=1630031152674 HTTP/1.1" 200 22
116.238.194.18 - - [27/Aug/2021:10:25:49 +0800] "GET /xingrg/all/function/internal_message.html?_=1630031151756&CODE_STATE=getMsg HTTP/1.1" 200 27
116.233.78.234 - - [27/Aug/2021:10:25:51 +0800] "GET /xingrg/all/function/internal_message.html?_=1630031156399&CODE_STATE=getMsg HTTP/1.1" 200 27
116.233.78.234 - - [27/Aug/2021:10:25:51 +0800] "GET /xingrg/check_reg.html?_=1630031156400 HTTP/1.1" 200 22
101.83.145.79 - - [27/Aug/2021:10:25:54 +0800] "GET /xingrg/kc/buy/cgsh_order_operate.html?command=get_materiel&rest_code=00105&code=00101009062&supplier_code=00100024&order_time=2021-08-27 HTTP/1.1" 200 412
116.238.194.18 - - [27/Aug/2021:10:25:57 +0800] "GET /xingrg/check_reg.html?_=1630031150439 HTTP/1.1" 200 22
116.238.194.18 - - [27/Aug/2021:10:25:57 +0800] "GET /xingrg/all/function/internal_message.html?_=1630031150533&CODE_STATE=getMsg HTTP/1.1" 200 27
124.77.108.71 - - [27/Aug/2021:10:25:57 +0800] "GET /xingrg/all/function/internal_message.html?_=1630031154116&CODE_STATE=getMsg HTTP/1.1" 200 27
116.237.74.154 - - [27/Aug/2021:10:25:59 +0800] "GET /xingrg/kc/buy/cgsh_order_operate.html?command=get_materiel&rest_code=00106&code=00101006062&supplier_code=00100015&order_time=2021-08-27 HTTP/1.1" 200 409
222.70.179.113 - - [27/Aug/2021:10:26:01 +0800] "GET /xingrg/check_reg.html?_=1630031189145 HTTP/1.1" 302 -
101.83.145.79 - - [27/Aug/2021:10:26:03 +0800] "GET /xingrg/kc/buy/cgsh_order_operate.html?command=get_materiel&rest_code=00105&code=00101009124&supplier_code=00100024&order_time=2021-08-27 HTTP/1.1" 200 402
180.169.147.146 - - [27/Aug/2021:10:26:06 +0800] "GET /xingrg/all/function/internal_message.html?_=1630031171450&CODE_STATE=getMsg HTTP/1.1" 200 27
116.237.74.154 - - [27/Aug/2021:10:26:08 +0800] "GET /xingrg/kc/buy/cgsh_order_operate.html?command=get_materiel&rest_code=00106&code=00101006193&supplier_code=00100015&order_time=2021-08-27 HTTP/1.1" 200 409
101.83.145.79 - - [27/Aug/2021:10:26:10 +0800] "GET /xingrg/all/function/internal_message.html?_=1630031175107&CODE_STATE=getMsg HTTP/1.1" 200 27
116.237.74.154 - - [27/Aug/2021:10:26:12 +0800] "GET /xingrg/check_reg.html?_=1630031171992 HTTP/1.1" 200 22
116.237.74.154 - - [27/Aug/2021:10:26:13 +0800] "GET /xingrg/all/function/internal_message.html?_=1630031173692&CODE_STATE=getMsg HTTP/1.1" 200 27
180.169.147.146 - - [27/Aug/2021:10:26:17 +0800] "GET /xingrg/all/function/internal_message.html?_=1630031325872&CODE_STATE=getMsg HTTP/1.1" 200 27
116.237.74.154 - - [27/Aug/2021:10:26:22 +0800] "POST /xingrg/kc/buy/cgsh_order_operate.html HTTP/1.1" 200 37
120.253.135.82 - - [27/Aug/2021:10:26:23 +0800] "GET /xingrg/all/function/internal_message.html?_=1630030962161&CODE_STATE=getMsg HTTP/1.1" 200 27
120.253.135.82 - - [27/Aug/2021:10:26:24 +0800] "GET /xingrg/all/function/internal_message.html?_=1630031196811&CODE_STATE=getMsg HTTP/1.1" 200 27
116.237.74.154 - - [27/Aug/2021:10:26:25 +0800] "POST /xingrg/kc/buy/cgsh_order_operate.html HTTP/1.1" 200 12
180.169.147.146 - - [27/Aug/2021:10:26:25 +0800] "GET /xingrg/all/function/internal_message.html?_=1630031191134&CODE_STATE=getMsg HTTP/1.1" 200 27
116.237.74.154 - - [27/Aug/2021:10:26:28 +0800] "GET /xingrg/kc/buy/cgsh_order_info.html?code=212021082712186 HTTP/1.1" 200 58246
180.169.147.146 - - [27/Aug/2021:10:26:29 +0800] "GET /xingrg/all/function/internal_message.html?_=1630031192277&CODE_STATE=getMsg HTTP/1.1" 200 27
116.237.74.154 - - [27/Aug/2021:10:26:29 +0800] "GET /xingrg/javascript/easyui/themes/default/validatebox.css HTTP/1.1" 404 1104
116.237.74.154 - - [27/Aug/2021:10:26:30 +0800] "POST /xingrg/kc/buy/cgsh_order_operate.html HTTP/1.1" 200 4786
116.237.74.154 - - [27/Aug/2021:10:26:31 +0800] "POST /xingrg/services/DataTransmitService HTTP/1.1" 200 524
116.237.74.154 - - [27/Aug/2021:10:26:31 +0800] "POST /xingrg/services/DataTransmitService HTTP/1.1" 200 2515
116.237.74.154 - - [27/Aug/2021:10:26:31 +0800] "POST /xingrg/services/DataTransmitService HTTP/1.1" 200 11863
222.69.131.200 - - [27/Aug/2021:10:26:32 +0800] "GET /xingrg/all/function/internal_message.html?_=1630031194106&CODE_STATE=getMsg HTTP/1.1" 200 27
222.69.131.200 - - [27/Aug/2021:10:26:32 +0800] "GET /xingrg/check_reg.html?_=1630031194308 HTTP/1.1" 200 22
101.83.145.79 - - [27/Aug/2021:10:26:32 +0800] "GET /xingrg/kc/buy/cgsh_order_operate.html?command=get_materiel&rest_code=00105&code=00101009059&supplier_code=00100024&order_time=2021-08-27 HTTP/1.1" 200 409
222.70.246.151 - - [27/Aug/2021:10:26:32 +0800] "GET /xingrg/all/function/internal_message.html?_=1630031195134&CODE_STATE=getMsg HTTP/1.1" 200 27
61.151.178.164 - - [27/Aug/2021:10:26:32 +0800] "GET /xingrg/kc/buy/cgsh_order_operate.html?command=get_materiel&rest_code=00106&code=00101006174&supplier_code=00100015&order_time=2021-08-27 HTTP/1.1" 302 -
116.237.74.154 - - [27/Aug/2021:10:26:32 +0800] "GET /xingrg/kc/print/load_data.html?order_code=212021082712186&kc_code=cgsh&condition= HTTP/1.1" 200 2406
116.237.74.154 - - [27/Aug/2021:10:26:33 +0800] "POST /xingrg/services/DataTransmitService HTTP/1.1" 200 1215
116.237.74.154 - - [27/Aug/2021:10:26:33 +0800] "POST /xingrg/services/DataTransmitService HTTP/1.1" 200 2515
61.151.178.164 - - [27/Aug/2021:10:26:33 +0800] "GET /xingrg/login.html HTTP/1.1" 200 7641
116.237.74.154 - - [27/Aug/2021:10:26:33 +0800] "POST /xingrg/services/DataTransmitService HTTP/1.1" 200 1471
116.237.74.154 - - [27/Aug/2021:10:26:34 +0800] "POST /xingrg/services/DataTransmitService HTTP/1.1" 200 151804
116.237.74.154 - - [27/Aug/2021:10:26:37 +0800] "GET /xingrg/kc/print/load_data.html?order_code=212021082712186&kc_code=cgsh HTTP/1.1" 200 2406
116.230.105.26 - - [27/Aug/2021:10:26:45 +0800] "GET /xingrg/all/function/internal_message.html?_=1630031173328&CODE_STATE=getMsg HTTP/1.1" 200 27
222.70.179.113 - - [27/Aug/2021:10:26:45 +0800] "GET /xingrg/all/function/internal_message.html?_=1630031205277&CODE_STATE=getMsg HTTP/1.1" 200 27
180.157.254.90 - - [27/Aug/2021:10:26:45 +0800] "GET /xingrg/all/function/internal_message.html?_=1630031212673&CODE_STATE=getMsg HTTP/1.1" 200 27
116.238.194.18 - - [27/Aug/2021:10:26:49 +0800] "GET /xingrg/all/function/internal_message.html?_=1630031211759&CODE_STATE=getMsg HTTP/1.1" 200 27
222.70.246.151 - - [27/Aug/2021:10:26:49 +0800] "GET /favicon.ico HTTP/1.1" 404 -
116.233.78.234 - - [27/Aug/2021:10:26:51 +0800] "GET /xingrg/all/function/internal_message.html?_=1630031216401&CODE_STATE=getMsg HTTP/1.1" 200 27
116.238.194.18 - - [27/Aug/2021:10:26:57 +0800] "GET /xingrg/all/function/internal_message.html?_=1630031210546&CODE_STATE=getMsg HTTP/1.1" 200 27
124.77.108.71 - - [27/Aug/2021:10:26:57 +0800] "GET /xingrg/all/function/internal_message.html?_=1630031214120&CODE_STATE=getMsg HTTP/1.1" 200 27
101.89.19.197 - - [27/Aug/2021:10:26:58 +0800] "GET /xingrg/kc/buy/cgsh_order_operate.html?command=get_materiel&rest_code=00106&code=00101006062&supplier_code=00100015&order_time=2021-08-27 HTTP/1.1" 302 -
101.89.19.197 - - [27/Aug/2021:10:26:58 +0800] "GET /xingrg/login.html HTTP/1.1" 200 7641
101.83.145.79 - - [27/Aug/2021:10:27:05 +0800] "GET /xingrg/kc/buy/cgsh_order_operate.html?command=get_materiel&rest_code=00105&code=00101009112&supplier_code=00100024&order_time=2021-08-27 HTTP/1.1" 200 411
61.151.207.141 - - [27/Aug/2021:10:27:06 +0800] "GET /xingrg/kc/buy/cgsh_order_operate.html?command=get_materiel&rest_code=00106&code=00101006193&supplier_code=00100015&order_time=2021-08-27 HTTP/1.1" 302 -
180.169.147.146 - - [27/Aug/2021:10:27:06 +0800] "GET /xingrg/all/function/internal_message.html?_=1630031231454&CODE_STATE=getMsg HTTP/1.1" 200 27
61.151.207.141 - - [27/Aug/2021:10:27:06 +0800] "GET /xingrg/login.html HTTP/1.1" 200 7641
101.83.145.79 - - [27/Aug/2021:10:27:10 +0800] "GET /xingrg/all/function/internal_message.html?_=1630031235082&CODE_STATE=getMsg HTTP/1.1" 200 27
101.83.145.79 - - [27/Aug/2021:10:27:11 +0800] "GET /xingrg/check_reg.html?_=1630031235923 HTTP/1.1" 200 22
61.151.207.205 - - [27/Aug/2021:10:27:11 +0800] "GET /xingrg/check_reg.html?_=1630031171992 HTTP/1.1" 302 -
116.237.74.154 - - [27/Aug/2021:10:27:12 +0800] "GET /xingrg/kc/buy/cgsh_order_add.html HTTP/1.1" 200 63335
61.151.207.205 - - [27/Aug/2021:10:27:12 +0800] "GET /xingrg/login.html HTTP/1.1" 200 7641
116.237.74.154 - - [27/Aug/2021:10:27:13 +0800] "POST /xingrg/kc/buy/cgsh_order_operate.html HTTP/1.1" 200 8245
116.237.74.154 - - [27/Aug/2021:10:27:13 +0800] "GET /xingrg/javascript/easyui/themes/default/validatebox.css HTTP/1.1" 404 1104
116.237.74.154 - - [27/Aug/2021:10:27:13 +0800] "GET /xingrg/all/function/internal_message.html?_=1630031233668&CODE_STATE=getMsg HTTP/1.1" 200 27
180.169.147.146 - - [27/Aug/2021:10:27:17 +0800] "GET /xingrg/all/function/internal_message.html?_=1630031385846&CODE_STATE=getMsg HTTP/1.1" 200 27
116.237.74.154 - - [27/Aug/2021:10:27:20 +0800] "GET /xingrg/javascript/easyui/themes/default/tree.css HTTP/1.1" 404 1090
116.237.74.154 - - [27/Aug/2021:10:27:20 +0800] "POST /xingrg/all/common/load_tree.html?tree=supplier_tree_json&isDelete=1 HTTP/1.1" 200 57570
116.230.105.26 - - [27/Aug/2021:10:27:22 +0800] "GET /xingrg/kc/buy/cgsh_order_add.html HTTP/1.1" 200 63297
116.230.105.26 - - [27/Aug/2021:10:27:23 +0800] "GET /xingrg/words/20210827093343_words.js HTTP/1.1" 304 -
120.253.135.82 - - [27/Aug/2021:10:27:23 +0800] "GET /xingrg/all/function/internal_message.html?_=1630031022172&CODE_STATE=getMsg HTTP/1.1" 200 27
116.230.105.26 - - [27/Aug/2021:10:27:23 +0800] "POST /xingrg/kc/buy/cgsh_order_operate.html HTTP/1.1" 200 8245
116.230.105.26 - - [27/Aug/2021:10:27:23 +0800] "GET /xingrg/javascript/easyui/themes/default/validatebox.css HTTP/1.1" 404 1104
120.253.135.82 - - [27/Aug/2021:10:27:24 +0800] "GET /xingrg/all/function/internal_message.html?_=1630031256836&CODE_STATE=getMsg HTTP/1.1" 200 27
180.169.147.146 - - [27/Aug/2021:10:27:25 +0800] "GET /xingrg/all/function/internal_message.html?_=1630031251137&CODE_STATE=getMsg HTTP/1.1" 200 27
101.89.239.245 - - [27/Aug/2021:10:27:28 +0800] "GET /xingrg/kc/buy/cgsh_order_info.html?code=212021082712186 HTTP/1.1" 302 -
180.169.147.146 - - [27/Aug/2021:10:27:29 +0800] "GET /xingrg/all/function/internal_message.html?_=1630031252300&CODE_STATE=getMsg HTTP/1.1" 200 27
101.89.239.245 - - [27/Aug/2021:10:27:30 +0800] "GET /xingrg/login.html HTTP/1.1" 200 7641
101.89.29.78 - - [27/Aug/2021:10:27:31 +0800] "GET /xingrg/kc/print/load_data.html?order_code=212021082712186&kc_code=cgsh&condition= HTTP/1.1" 302 -
222.69.131.200 - - [27/Aug/2021:10:27:32 +0800] "GET /xingrg/all/function/internal_message.html?_=1630031254096&CODE_STATE=getMsg HTTP/1.1" 200 27
222.70.246.151 - - [27/Aug/2021:10:27:32 +0800] "GET /xingrg/all/function/internal_message.html?_=1630031255165&CODE_STATE=getMsg HTTP/1.1" 200 27
116.237.74.154 - - [27/Aug/2021:10:27:32 +0800] "GET /xingrg/kc/buy/cgsh_order_operate.html?command=get_materiel&rest_code=00106&code=00101007125&supplier_code=00100002&order_time=2021-08-27 HTTP/1.1" 200 408
101.89.29.78 - - [27/Aug/2021:10:27:33 +0800] "GET /xingrg/login.html HTTP/1.1" 200 7641
116.237.74.154 - - [27/Aug/2021:10:27:42 +0800] "GET /xingrg/kc/buy/cgsh_order_operate.html?command=get_materiel&rest_code=00106&code=00101007049&supplier_code=00100002&order_time=2021-08-27 HTTP/1.1" 200 409
116.230.105.26 - - [27/Aug/2021:10:27:45 +0800] "GET /xingrg/all/function/internal_message.html?_=1630031233325&CODE_STATE=getMsg HTTP/1.1" 200 27
222.70.179.113 - - [27/Aug/2021:10:27:45 +0800] "GET /xingrg/all/function/internal_message.html?_=1630031265277&CODE_STATE=getMsg HTTP/1.1" 200 27
180.157.254.90 - - [27/Aug/2021:10:27:45 +0800] "GET /xingrg/all/function/internal_message.html?_=1630031272671&CODE_STATE=getMsg HTTP/1.1" 200 27
116.238.194.18 - - [27/Aug/2021:10:27:49 +0800] "GET /xingrg/all/function/internal_message.html?_=1630031271759&CODE_STATE=getMsg HTTP/1.1" 200 27
116.233.78.234 - - [27/Aug/2021:10:27:51 +0800] "GET /xingrg/all/function/internal_message.html?_=1630031276403&CODE_STATE=getMsg HTTP/1.1" 200 27
116.237.74.154 - - [27/Aug/2021:10:27:53 +0800] "GET /xingrg/kc/buy/cgsh_order_operate.html?command=get_materiel&rest_code=00106&code=00101007048&supplier_code=00100002&order_time=2021-08-27 HTTP/1.1" 200 410
101.83.145.79 - - [27/Aug/2021:10:27:56 +0800] "POST /xingrg/kc/buy/cgsh_order_operate.html HTTP/1.1" 200 37
116.238.194.18 - - [27/Aug/2021:10:27:57 +0800] "GET /xingrg/all/function/internal_message.html?_=1630031270561&CODE_STATE=getMsg HTTP/1.1" 200 27
101.83.145.79 - - [27/Aug/2021:10:27:57 +0800] "POST /xingrg/kc/buy/cgsh_order_operate.html HTTP/1.1" 200 6824
124.77.108.71 - - [27/Aug/2021:10:27:57 +0800] "GET /xingrg/all/function/internal_message.html?_=1630031274118&CODE_STATE=getMsg HTTP/1.1" 200 27
101.83.145.79 - - [27/Aug/2021:10:27:58 +0800] "GET /xingrg/kc/print/load_data.html?order_code=212021082712187&kc_code=cgsh&condition= HTTP/1.1" 200 2282
116.237.74.154 - - [27/Aug/2021:10:28:00 +0800] "GET /xingrg/kc/buy/cgsh_order_operate.html?command=get_materiel&rest_code=00106&code=00101007059&supplier_code=00100002&order_time=2021-08-27 HTTP/1.1" 200 409
101.83.145.79 - - [27/Aug/2021:10:28:03 +0800] "GET /xingrg/kc/buy/cgsh_order_add.html HTTP/1.1" 200 63376
101.83.145.79 - - [27/Aug/2021:10:28:03 +0800] "GET /xingrg/javascript/easyui/themes/default/validatebox.css HTTP/1.1" 404 1104
101.83.145.79 - - [27/Aug/2021:10:28:03 +0800] "POST /xingrg/kc/buy/cgsh_order_operate.html HTTP/1.1" 200 8245
180.169.147.146 - - [27/Aug/2021:10:28:06 +0800] "GET /xingrg/all/function/internal_message.html?_=1630031291445&CODE_STATE=getMsg HTTP/1.1" 200 27
101.83.145.79 - - [27/Aug/2021:10:28:10 +0800] "GET /xingrg/all/function/internal_message.html?_=1630031295058&CODE_STATE=getMsg HTTP/1.1" 200 27
116.237.74.154 - - [27/Aug/2021:10:28:13 +0800] "GET /xingrg/all/function/internal_message.html?_=1630031293663&CODE_STATE=getMsg HTTP/1.1" 200 27
116.237.74.154 - - [27/Aug/2021:10:28:14 +0800] "GET /xingrg/kc/buy/cgsh_order_operate.html?command=get_materiel&rest_code=00106&code=00101007077&supplier_code=00100002&order_time=2021-08-27 HTTP/1.1" 200 415
101.83.145.79 - - [27/Aug/2021:10:28:17 +0800] "GET /xingrg/kc/buy/cgsh_order_operate.html?command=get_materiel&rest_code=00105&code=00101018018&supplier_code=00100330&order_time=2021-08-27 HTTP/1.1" 200 417
180.169.147.146 - - [27/Aug/2021:10:28:17 +0800] "GET /xingrg/all/function/internal_message.html?_=1630031445826&CODE_STATE=getMsg HTTP/1.1" 200 27
222.70.246.151 - - [27/Aug/2021:10:28:20 +0800] "GET /xingrg/check_reg.html?_=1630031303555 HTTP/1.1" 200 22
101.93.222.235 - - [27/Aug/2021:10:28:22 +0800] "GET /favicon.ico HTTP/1.1" 404 -
120.253.135.82 - - [27/Aug/2021:10:28:23 +0800] "GET /xingrg/all/function/internal_message.html?_=1630031082201&CODE_STATE=getMsg HTTP/1.1" 200 27
120.253.135.82 - - [27/Aug/2021:10:28:24 +0800] "GET /xingrg/all/function/internal_message.html?_=1630031316855&CODE_STATE=getMsg HTTP/1.1" 200 27
116.237.74.154 - - [27/Aug/2021:10:28:25 +0800] "GET /xingrg/kc/buy/cgsh_order_operate.html?command=get_materiel&rest_code=00106&code=00101007181&supplier_code=00100002&order_time=2021-08-27 HTTP/1.1" 200 398
180.169.147.146 - - [27/Aug/2021:10:28:25 +0800] "GET /xingrg/all/function/internal_message.html?_=1630031311136&CODE_STATE=getMsg HTTP/1.1" 200 27
180.169.147.146 - - [27/Aug/2021:10:28:29 +0800] "GET /xingrg/all/function/internal_message.html?_=1630031312490&CODE_STATE=getMsg HTTP/1.1" 200 27
101.91.60.88 - - [27/Aug/2021:10:28:31 +0800] "GET /xingrg/kc/buy/cgsh_order_operate.html?command=get_materiel&rest_code=00106&code=00101007125&supplier_code=00100002&order_time=2021-08-27 HTTP/1.1" 302 -
101.91.60.88 - - [27/Aug/2021:10:28:31 +0800] "GET /xingrg/login.html HTTP/1.1" 200 7641
222.69.131.200 - - [27/Aug/2021:10:28:31 +0800] "GET /xingrg/all/function/internal_message.html?_=1630031314064&CODE_STATE=getMsg HTTP/1.1" 200 27
222.70.246.151 - - [27/Aug/2021:10:28:32 +0800] "GET /xingrg/all/function/internal_message.html?_=1630031315177&CODE_STATE=getMsg HTTP/1.1" 200 27
116.237.74.154 - - [27/Aug/2021:10:28:32 +0800] "GET /xingrg/kc/buy/cgsh_order_operate.html?command=get_materiel&rest_code=00106&code=00101015054&supplier_code=00100002&order_time=2021-08-27 HTTP/1.1" 200 404
116.230.105.26 - - [27/Aug/2021:10:28:45 +0800] "GET /xingrg/all/function/internal_message.html?_=1630031293329&CODE_STATE=getMsg HTTP/1.1" 200 27
222.70.179.113 - - [27/Aug/2021:10:28:45 +0800] "GET /xingrg/all/function/internal_message.html?_=1630031325276&CODE_STATE=getMsg HTTP/1.1" 200 27
222.70.179.113 - - [27/Aug/2021:10:28:45 +0800] "GET /xingrg/check_reg.html?_=1630031325277 HTTP/1.1" 200 22
180.157.254.90 - - [27/Aug/2021:10:28:45 +0800] "GET /xingrg/all/function/internal_message.html?_=1630031332671&CODE_STATE=getMsg HTTP/1.1" 200 27
116.238.194.18 - - [27/Aug/2021:10:28:49 +0800] "GET /xingrg/all/function/internal_message.html?_=1630031331759&CODE_STATE=getMsg HTTP/1.1" 200 27
116.237.74.154 - - [27/Aug/2021:10:28:50 +0800] "POST /xingrg/kc/buy/cgsh_order_operate.html HTTP/1.1" 200 37
116.233.78.234 - - [27/Aug/2021:10:28:51 +0800] "GET /xingrg/all/function/internal_message.html?_=1630031336406&CODE_STATE=getMsg HTTP/1.1" 200 27
101.89.239.120 - - [27/Aug/2021:10:28:52 +0800] "GET /xingrg/kc/buy/cgsh_order_operate.html?command=get_materiel&rest_code=00106&code=00101007048&supplier_code=00100002&order_time=2021-08-27 HTTP/1.1" 302 -
101.89.239.120 - - [27/Aug/2021:10:28:52 +0800] "GET /xingrg/login.html HTTP/1.1" 200 7641
120.253.135.82 - - [27/Aug/2021:10:28:56 +0800] "GET /xingrg/kc/pszx/mdth_order_info.html?code=322021082600009 HTTP/1.1" 200 22235
120.253.135.82 - - [27/Aug/2021:10:28:56 +0800] "GET /xingrg/javascript/easyui/themes/default/validatebox.css HTTP/1.1" 404 1104
116.238.194.18 - - [27/Aug/2021:10:28:57 +0800] "GET /xingrg/all/function/internal_message.html?_=1630031330583&CODE_STATE=getMsg HTTP/1.1" 200 27
124.77.108.71 - - [27/Aug/2021:10:28:57 +0800] "GET /xingrg/all/function/internal_message.html?_=1630031334122&CODE_STATE=getMsg HTTP/1.1" 200 27
124.77.108.71 - - [27/Aug/2021:10:28:57 +0800] "GET /xingrg/check_reg.html?_=1630031334124 HTTP/1.1" 200 22
116.237.74.154 - - [27/Aug/2021:10:28:59 +0800] "POST /xingrg/kc/buy/cgsh_order_operate.html HTTP/1.1" 200 12
120.253.135.82 - - [27/Aug/2021:10:28:59 +0800] "POST /xingrg/kc/pszx/mdth_order_new_info.html HTTP/1.1" 200 12592
116.237.74.154 - - [27/Aug/2021:10:29:00 +0800] "GET /xingrg/kc/buy/cgsh_order_info.html?code=212021082712188 HTTP/1.1" 200 58246
116.237.74.154 - - [27/Aug/2021:10:29:00 +0800] "GET /xingrg/javascript/easyui/themes/default/validatebox.css HTTP/1.1" 404 1104
116.237.74.154 - - [27/Aug/2021:10:29:02 +0800] "POST /xingrg/kc/buy/cgsh_order_operate.html HTTP/1.1" 200 3557
116.237.74.154 - - [27/Aug/2021:10:29:03 +0800] "GET /xingrg/kc/print/load_data.html?order_code=212021082712188&kc_code=cgsh&condition= HTTP/1.1" 200 1898
180.169.147.146 - - [27/Aug/2021:10:29:06 +0800] "GET /xingrg/all/function/internal_message.html?_=1630031351450&CODE_STATE=getMsg HTTP/1.1" 200 27
180.169.147.146 - - [27/Aug/2021:10:29:06 +0800] "GET /xingrg/check_reg.html?_=1630031351454 HTTP/1.1" 200 22
101.83.145.79 - - [27/Aug/2021:10:29:10 +0800] "GET /xingrg/all/function/internal_message.html?_=1630031355035&CODE_STATE=getMsg HTTP/1.1" 200 27
61.151.178.236 - - [27/Aug/2021:10:29:11 +0800] "GET /xingrg/kc/buy/cgsh_order_operate.html?command=get_materiel&rest_code=00106&code=00101007077&supplier_code=00100002&order_time=2021-08-27 HTTP/1.1" 302 -
61.151.178.236 - - [27/Aug/2021:10:29:12 +0800] "GET /xingrg/login.html HTTP/1.1" 200 7641
116.237.74.154 - - [27/Aug/2021:10:29:13 +0800] "GET /xingrg/all/function/internal_message.html?_=1630031353621&CODE_STATE=getMsg HTTP/1.1" 200 27
120.253.135.82 - - [27/Aug/2021:10:29:13 +0800] "GET /xingrg/check_reg.html?_=1630031132748 HTTP/1.1" 200 22
58.221.95.50 - - [27/Aug/2021:10:29:15 +0800] "GET /xingrg/check_reg.html?_=1630031357947 HTTP/1.1" 302 -
116.237.74.154 - - [27/Aug/2021:10:29:15 +0800] "GET /xingrg/kc/print/load_data.html?order_code=212021082712188&kc_code=cgsh HTTP/1.1" 200 1898
180.169.147.146 - - [27/Aug/2021:10:29:17 +0800] "GET /xingrg/all/function/internal_message.html?_=1630031505815&CODE_STATE=getMsg HTTP/1.1" 200 27
120.253.135.82 - - [27/Aug/2021:10:29:23 +0800] "GET /xingrg/all/function/internal_message.html?_=1630031142402&CODE_STATE=getMsg HTTP/1.1" 200 27
120.253.135.82 - - [27/Aug/2021:10:29:24 +0800] "GET /xingrg/all/function/internal_message.html?_=1630031376878&CODE_STATE=getMsg HTTP/1.1" 200 27
180.169.147.146 - - [27/Aug/2021:10:29:25 +0800] "GET /xingrg/all/function/internal_message.html?_=1630031371138&CODE_STATE=getMsg HTTP/1.1" 200 27
180.169.147.146 - - [27/Aug/2021:10:29:27 +0800] "GET /xingrg/check_reg.html?_=1630031370111 HTTP/1.1" 200 22
180.169.147.146 - - [27/Aug/2021:10:29:29 +0800] "GET /xingrg/all/function/internal_message.html?_=1630031372484&CODE_STATE=getMsg HTTP/1.1" 200 27
222.69.131.200 - - [27/Aug/2021:10:29:31 +0800] "GET /xingrg/all/function/internal_message.html?_=1630031374046&CODE_STATE=getMsg HTTP/1.1" 200 27
222.70.246.151 - - [27/Aug/2021:10:29:32 +0800] "GET /xingrg/all/function/internal_message.html?_=1630031375190&CODE_STATE=getMsg HTTP/1.1" 200 27
101.83.145.79 - - [27/Aug/2021:10:29:41 +0800] "GET /xingrg/kc/buy/cgsh_order_operate.html?command=get_materiel&rest_code=00105&code=00101018019&supplier_code=00100330&order_time=2021-08-27 HTTP/1.1" 200 421
