222.69.131.200 - - [27/Aug/2021:10:41:52 +0800] "GET /xingrg/all/function/internal_message.html?_=1630032114693&CODE_STATE=getMsg HTTP/1.1" 200 27
101.89.19.197 - - [27/Aug/2021:10:41:53 +0800] "GET /xingrg/kc/buy/cgsh_order_operate.html?command=get_materiel&rest_code=00106&code=00101008356&supplier_code=00100007&order_time=2021-08-27 HTTP/1.1" 302 -
101.89.19.197 - - [27/Aug/2021:10:41:54 +0800] "GET /xingrg/login.html HTTP/1.1" 200 7641
116.237.74.154 - - [27/Aug/2021:10:41:54 +0800] "GET /xingrg/kc/buy/cgsh_order_operate.html?command=get_materiel&rest_code=00106&code=00101011001&supplier_code=00100050&order_time=2021-08-27 HTTP/1.1" 200 423
101.83.145.79 - - [27/Aug/2021:10:41:55 +0800] "GET /xingrg/kc/buy/cgsh_order_operate.html?command=get_materiel&rest_code=00105&code=00101004020&supplier_code=00100312&order_time=2021-08-27 HTTP/1.1" 200 409
116.238.194.18 - - [27/Aug/2021:10:41:57 +0800] "GET /xingrg/all/function/internal_message.html?_=1630032110750&CODE_STATE=getMsg HTTP/1.1" 200 27
124.77.108.71 - - [27/Aug/2021:10:41:57 +0800] "GET /xingrg/all/function/internal_message.html?_=1630032114135&CODE_STATE=getMsg HTTP/1.1" 200 27
101.83.145.79 - - [27/Aug/2021:10:42:02 +0800] "GET /xingrg/kc/buy/cgsh_order_operate.html?command=get_materiel&rest_code=00105&code=00101001096&supplier_code=00100312&order_time=2021-08-27 HTTP/1.1" 200 414
180.169.147.146 - - [27/Aug/2021:10:42:03 +0800] "GET /xingrg/all/function/internal_message.html?_=1630032128176&CODE_STATE=getMsg HTTP/1.1" 200 27
180.169.147.146 - - [27/Aug/2021:10:42:03 +0800] "GET /xingrg/check_reg.html?_=1630032128181 HTTP/1.1" 200 22
116.237.74.154 - - [27/Aug/2021:10:42:06 +0800] "POST /xingrg/kc/buy/cgsh_order_operate.html HTTP/1.1" 200 37
116.230.105.26 - - [27/Aug/2021:10:42:06 +0800] "GET /xingrg/kc/print/load_data.html?order_code=212021082712217&kc_code=cgsh&condition= HTTP/1.1" 200 769
101.91.62.89 - - [27/Aug/2021:10:42:06 +0800] "GET /xingrg/kc/buy/cgsh_order_operate.html?command=get_materiel&rest_code=00106&code=00101008362&supplier_code=00100007&order_time=2021-08-27 HTTP/1.1" 302 -
180.169.147.146 - - [27/Aug/2021:10:42:06 +0800] "GET /xingrg/all/function/internal_message.html?_=1630032131451&CODE_STATE=getMsg HTTP/1.1" 200 27
101.91.62.89 - - [27/Aug/2021:10:42:07 +0800] "GET /xingrg/login.html HTTP/1.1" 200 7641
101.83.145.79 - - [27/Aug/2021:10:42:10 +0800] "GET /xingrg/all/function/internal_message.html?_=1630032134806&CODE_STATE=getMsg HTTP/1.1" 200 27
101.83.145.79 - - [27/Aug/2021:10:42:11 +0800] "GET /xingrg/check_reg.html?_=1630032135935 HTTP/1.1" 200 22
116.230.105.26 - - [27/Aug/2021:10:42:12 +0800] "GET /xingrg/kc/buy/cgsh_order_add.html HTTP/1.1" 200 63297
116.230.105.26 - - [27/Aug/2021:10:42:12 +0800] "POST /xingrg/kc/buy/cgsh_order_operate.html HTTP/1.1" 200 8245
116.230.105.26 - - [27/Aug/2021:10:42:12 +0800] "GET /xingrg/javascript/easyui/themes/default/validatebox.css HTTP/1.1" 404 1104
101.85.93.96 - - [27/Aug/2021:10:42:12 +0800] "POST /xingrg/login.do HTTP/1.1" 302 -
101.85.93.96 - - [27/Aug/2021:10:42:12 +0800] "GET /xingrg/css/form.css HTTP/1.1" 200 893
101.85.93.96 - - [27/Aug/2021:10:42:12 +0800] "GET /xingrg/javascript/jquery_easy_ui/themes/icon.css HTTP/1.1" 200 3949
101.85.93.96 - - [27/Aug/2021:10:42:12 +0800] "GET /xingrg/index.html?sysBaseUrl=http%3A%2F%2F180.169.147.146%3A18081%2Fxingrg%2F&costTime=37×tamp=1630032132890 HTTP/1.1" 200 17179
101.85.93.96 - - [27/Aug/2021:10:42:12 +0800] "GET /xingrg/javascript/jquery-1.4.2.min.js HTTP/1.1" 200 72205
101.85.93.96 - - [27/Aug/2021:10:42:12 +0800] "GET /xingrg/javascript/jquery_easy_ui/easyui-lang-zh_CN.js HTTP/1.1" 200 1900
101.85.93.96 - - [27/Aug/2021:10:42:12 +0800] "GET /xingrg/javascript/jquery_easy_ui/jquery.easyui.min.js HTTP/1.1" 200 213662
101.85.93.96 - - [27/Aug/2021:10:42:12 +0800] "GET /xingrg/javascript/jquery.timers.js HTTP/1.1" 200 3532
101.85.93.96 - - [27/Aug/2021:10:42:13 +0800] "GET /favicon.ico HTTP/1.1" 404 -
101.85.93.96 - - [27/Aug/2021:10:42:13 +0800] "GET /xingrg/javascript/jquery_easy_ui/themes/default/easyui.css HTTP/1.1" 200 26500
101.85.93.96 - - [27/Aug/2021:10:42:13 +0800] "GET /xingrg/javascript/jquery.utils.js HTTP/1.1" 200 11805
101.85.93.96 - - [27/Aug/2021:10:42:13 +0800] "GET /xingrg/javascript/jquery.form.js HTTP/1.1" 200 23110
101.85.93.96 - - [27/Aug/2021:10:42:13 +0800] "GET /xingrg/javascript/jquery_easy_ui/themes/icons/settle_new.png HTTP/1.1" 200 826
101.85.93.96 - - [27/Aug/2021:10:42:13 +0800] "GET /xingrg/images/blue/navBackgound.jpg HTTP/1.1" 200 12378
101.85.93.96 - - [27/Aug/2021:10:42:13 +0800] "POST /xingrg/all/common/load_tree.html?tree=area_rest_tree_json&manage=1 HTTP/1.1" 200 351
101.85.93.96 - - [27/Aug/2021:10:42:13 +0800] "GET /xingrg/all/function/internal_message.html?_=1630032082703&CODE_STATE=count HTTP/1.1" 200 11
101.85.93.96 - - [27/Aug/2021:10:42:13 +0800] "GET /xingrg/check_reg.html?_=1630032082703 HTTP/1.1" 200 22
101.85.93.96 - - [27/Aug/2021:10:42:13 +0800] "GET /xingrg/images/blue/pingpu.png HTTP/1.1" 200 231
101.85.93.96 - - [27/Aug/2021:10:42:13 +0800] "GET /xingrg/javascript/jquery_easy_ui/themes/default/images/tabs_rightarrow.png HTTP/1.1" 200 395
101.85.93.96 - - [27/Aug/2021:10:42:13 +0800] "GET /xingrg/javascript/jquery_easy_ui/themes/default/images/panel_tool_collapse.gif HTTP/1.1" 200 246
101.85.93.96 - - [27/Aug/2021:10:42:13 +0800] "GET /xingrg/javascript/jquery_easy_ui/themes/default/images/tabs_leftarrow.png HTTP/1.1" 200 389
101.85.93.96 - - [27/Aug/2021:10:42:13 +0800] "GET /xingrg/javascript/jquery_easy_ui/themes/default/images/tree_arrows.gif HTTP/1.1" 200 1043
101.83.145.79 - - [27/Aug/2021:10:42:13 +0800] "GET /xingrg/kc/buy/cgsh_order_operate.html?command=get_materiel&rest_code=00105&code=00101001023&supplier_code=00100312&order_time=2021-08-27 HTTP/1.1" 200 413
101.85.93.96 - - [27/Aug/2021:10:42:14 +0800] "POST /xingrg/load_menu.html HTTP/1.1" 200 5138
101.85.93.96 - - [27/Aug/2021:10:42:14 +0800] "GET /xingrg/javascript/jquery_easy_ui/themes/default/images/tree_folder.gif HTTP/1.1" 200 952
101.85.93.96 - - [27/Aug/2021:10:42:14 +0800] "GET /xingrg/javascript/jquery_easy_ui/themes/icons/storage_new.png HTTP/1.1" 200 853
101.85.93.96 - - [27/Aug/2021:10:42:14 +0800] "GET /xingrg/javascript/jquery_easy_ui/themes/default/images/tree_folder_open.gif HTTP/1.1" 200 956
101.85.93.96 - - [27/Aug/2021:10:42:14 +0800] "GET /xingrg/javascript/jquery_easy_ui/themes/default/images/tree_file.gif HTTP/1.1" 200 118
101.85.93.96 - - [27/Aug/2021:10:42:14 +0800] "GET /xingrg/javascript/jquery_easy_ui/themes/icons/forms_new.png HTTP/1.1" 200 350
101.85.93.96 - - [27/Aug/2021:10:42:14 +0800] "GET /xingrg/javascript/jquery_easy_ui/themes/icons/search_new.png HTTP/1.1" 200 586
116.237.74.154 - - [27/Aug/2021:10:42:17 +0800] "POST /xingrg/kc/buy/cgsh_order_operate.html HTTP/1.1" 200 12
180.169.147.146 - - [27/Aug/2021:10:42:17 +0800] "GET /xingrg/all/function/internal_message.html?_=1630032285534&CODE_STATE=getMsg HTTP/1.1" 200 27
116.230.105.26 - - [27/Aug/2021:10:42:18 +0800] "GET /xingrg/kc/buy/cgsh_order_operate.html?command=get_materiel&rest_code=00155&code=00101001167&supplier_code=00100314&order_time=2021-08-27 HTTP/1.1" 200 411
116.237.74.154 - - [27/Aug/2021:10:42:18 +0800] "GET /xingrg/kc/buy/cgsh_order_info.html?code=212021082712218 HTTP/1.1" 200 58246
116.237.74.154 - - [27/Aug/2021:10:42:18 +0800] "GET /xingrg/all/function/internal_message.html?_=1630032138398&CODE_STATE=getMsg HTTP/1.1" 200 27
116.237.74.154 - - [27/Aug/2021:10:42:18 +0800] "GET /xingrg/javascript/easyui/themes/default/validatebox.css HTTP/1.1" 404 1104
116.237.74.154 - - [27/Aug/2021:10:42:19 +0800] "POST /xingrg/kc/buy/cgsh_order_operate.html HTTP/1.1" 200 1207
116.237.74.154 - - [27/Aug/2021:10:42:20 +0800] "GET /xingrg/kc/print/load_data.html?order_code=212021082712218&kc_code=cgsh&condition= HTTP/1.1" 200 981
120.253.135.82 - - [27/Aug/2021:10:42:24 +0800] "GET /xingrg/all/function/internal_message.html?_=1630032157070&CODE_STATE=getMsg HTTP/1.1" 200 27
120.253.135.82 - - [27/Aug/2021:10:42:24 +0800] "GET /xingrg/all/function/internal_message.html?_=1630031923522&CODE_STATE=getMsg HTTP/1.1" 200 27
116.230.105.26 - - [27/Aug/2021:10:42:26 +0800] "POST /xingrg/kc/buy/cgsh_order_operate.html HTTP/1.1" 200 37
116.230.105.26 - - [27/Aug/2021:10:42:27 +0800] "POST /xingrg/kc/buy/cgsh_order_operate.html HTTP/1.1" 200 2658
116.230.105.26 - - [27/Aug/2021:10:42:28 +0800] "GET /xingrg/kc/print/load_data.html?order_code=212021082712219&kc_code=cgsh&condition= HTTP/1.1" 200 678
116.237.74.154 - - [27/Aug/2021:10:42:28 +0800] "POST /xingrg/kc/buy/cgsh_list_operate.html HTTP/1.1" 200 1697
180.169.147.146 - - [27/Aug/2021:10:42:29 +0800] "GET /xingrg/all/function/internal_message.html?_=1630032152634&CODE_STATE=getMsg HTTP/1.1" 200 27
116.237.74.154 - - [27/Aug/2021:10:42:30 +0800] "POST /xingrg/kc/buy/cgsh_list_operate.html HTTP/1.1" 200 562
180.174.198.13 - - [27/Aug/2021:10:42:30 +0800] "GET /xingrg/all/function/internal_message.html?_=1630032152531&CODE_STATE=getMsg HTTP/1.1" 200 27
101.83.145.79 - - [27/Aug/2021:10:42:31 +0800] "GET /xingrg/kc/buy/cgsh_order_operate.html?command=get_materiel&rest_code=00105&code=00101005074&supplier_code=00100312&order_time=2021-08-27 HTTP/1.1" 200 400
116.237.74.154 - - [27/Aug/2021:10:42:31 +0800] "GET /xingrg/kc/buy/cgsh_order_info.html?code=212021082712215 HTTP/1.1" 200 63344
116.237.74.154 - - [27/Aug/2021:10:42:32 +0800] "GET /xingrg/javascript/easyui/themes/default/validatebox.css HTTP/1.1" 404 1104
222.70.246.151 - - [27/Aug/2021:10:42:32 +0800] "GET /xingrg/all/function/internal_message.html?_=1630032155424&CODE_STATE=getMsg HTTP/1.1" 200 27
116.237.74.154 - - [27/Aug/2021:10:42:32 +0800] "POST /xingrg/kc/buy/cgsh_order_operate.html HTTP/1.1" 200 12102
116.237.74.154 - - [27/Aug/2021:10:42:41 +0800] "GET /xingrg/kc/buy/cgsh_order_operate.html?command=get_materiel&rest_code=00106&code=00101008360&supplier_code=00100007&order_time=2021-08-27 HTTP/1.1" 200 412
101.91.62.89 - - [27/Aug/2021:10:42:43 +0800] "GET /xingrg/kc/buy/cgsh_order_operate.html?command=get_materiel&rest_code=00106&code=00101011005&supplier_code=00100050&order_time=2021-08-27 HTTP/1.1" 302 -
101.91.62.89 - - [27/Aug/2021:10:42:44 +0800] "GET /xingrg/login.html HTTP/1.1" 200 7641
116.230.105.26 - - [27/Aug/2021:10:42:45 +0800] "GET /xingrg/all/function/internal_message.html?_=1630032133336&CODE_STATE=getMsg HTTP/1.1" 200 27
222.70.179.113 - - [27/Aug/2021:10:42:45 +0800] "GET /xingrg/all/function/internal_message.html?_=1630032165310&CODE_STATE=getMsg HTTP/1.1" 200 27
180.157.254.90 - - [27/Aug/2021:10:42:45 +0800] "GET /xingrg/all/function/internal_message.html?_=1630032172703&CODE_STATE=getMsg HTTP/1.1" 200 27
116.238.194.18 - - [27/Aug/2021:10:42:49 +0800] "GET /xingrg/all/function/internal_message.html?_=1630032171778&CODE_STATE=getMsg HTTP/1.1" 200 27
116.237.74.154 - - [27/Aug/2021:10:42:50 +0800] "GET /xingrg/kc/buy/cgsh_order_operate.html?command=get_materiel&rest_code=00106&code=00101008059&supplier_code=00100007&order_time=2021-08-27 HTTP/1.1" 200 408
116.233.78.234 - - [27/Aug/2021:10:42:51 +0800] "GET /xingrg/all/function/internal_message.html?_=1630032176440&CODE_STATE=getMsg HTTP/1.1" 200 27
222.69.131.200 - - [27/Aug/2021:10:42:52 +0800] "GET /xingrg/all/function/internal_message.html?_=1630032174684&CODE_STATE=getMsg HTTP/1.1" 200 27
101.83.145.79 - - [27/Aug/2021:10:42:52 +0800] "GET /xingrg/kc/buy/cgsh_order_operate.html?command=get_materiel&rest_code=00105&code=00101004023&supplier_code=00100312&order_time=2021-08-27 HTTP/1.1" 200 409
116.237.74.154 - - [27/Aug/2021:10:42:56 +0800] "GET /xingrg/kc/buy/cgsh_order_operate.html?command=get_materiel&rest_code=00106&code=00101008357&supplier_code=00100007&order_time=2021-08-27 HTTP/1.1" 200 408
116.238.194.18 - - [27/Aug/2021:10:42:57 +0800] "GET /xingrg/all/function/internal_message.html?_=1630032170763&CODE_STATE=getMsg HTTP/1.1" 200 27
124.77.108.71 - - [27/Aug/2021:10:42:57 +0800] "GET /xingrg/all/function/internal_message.html?_=1630032174134&CODE_STATE=getMsg HTTP/1.1" 200 27
116.237.74.154 - - [27/Aug/2021:10:43:02 +0800] "GET /xingrg/kc/buy/cgsh_order_operate.html?command=get_materiel&rest_code=00106&code=00101008069&supplier_code=00100007&order_time=2021-08-27 HTTP/1.1" 200 412
180.169.147.146 - - [27/Aug/2021:10:43:03 +0800] "GET /xingrg/all/function/internal_message.html?_=1630032188184&CODE_STATE=getMsg HTTP/1.1" 200 27
120.253.135.82 - - [27/Aug/2021:10:43:03 +0800] "GET /xingrg/kc/pszx/mdqp_order_list.html?state=10 HTTP/1.1" 200 10217
120.253.135.82 - - [27/Aug/2021:10:43:03 +0800] "GET /xingrg/dwr/interface/AjaxReportQueryService.js HTTP/1.1" 200 13203
120.253.135.82 - - [27/Aug/2021:10:43:03 +0800] "GET /xingrg/dwr/interface/AjaxQqpsService.js HTTP/1.1" 200 16326
120.253.135.82 - - [27/Aug/2021:10:43:03 +0800] "GET /xingrg/dwr/engine.js HTTP/1.1" 200 43631
116.237.74.154 - - [27/Aug/2021:10:43:04 +0800] "POST /xingrg/kc/buy/cgsh_order_operate.html HTTP/1.1" 200 2065
180.169.147.146 - - [27/Aug/2021:10:43:06 +0800] "GET /xingrg/all/function/internal_message.html?_=1630032191454&CODE_STATE=getMsg HTTP/1.1" 200 27
116.237.74.154 - - [27/Aug/2021:10:43:08 +0800] "GET /xingrg/kc/buy/cgsh_order_operate.html?command=get_materiel&rest_code=00106&code=00101008286&supplier_code=00100007&order_time=2021-08-27 HTTP/1.1" 200 408
101.83.145.79 - - [27/Aug/2021:10:43:10 +0800] "GET /xingrg/all/function/internal_message.html?_=1630032194740&CODE_STATE=getMsg HTTP/1.1" 200 27
101.85.93.96 - - [27/Aug/2021:10:43:13 +0800] "GET /xingrg/all/function/internal_message.html?_=1630032142714&CODE_STATE=getMsg HTTP/1.1" 200 27
101.83.145.79 - - [27/Aug/2021:10:43:13 +0800] "POST /xingrg/kc/buy/cgsh_order_operate.html HTTP/1.1" 200 37
101.83.145.79 - - [27/Aug/2021:10:43:15 +0800] "POST /xingrg/kc/buy/cgsh_order_operate.html HTTP/1.1" 200 9193
116.237.74.154 - - [27/Aug/2021:10:43:15 +0800] "GET /xingrg/kc/buy/cgsh_order_operate.html?command=get_materiel&rest_code=00106&code=00101008036&supplier_code=00100007&order_time=2021-08-27 HTTP/1.1" 200 408
180.162.111.5 - - [27/Aug/2021:10:43:15 +0800] "GET /xingrg HTTP/1.1" 302 -
101.83.145.79 - - [27/Aug/2021:10:43:16 +0800] "GET /xingrg/kc/print/load_data.html?order_code=212021082712220&kc_code=cgsh&condition= HTTP/1.1" 200 3153
180.162.111.5 - - [27/Aug/2021:10:43:17 +0800] "GET /xingrg/index.html HTTP/1.1" 302 -
180.162.111.5 - - [27/Aug/2021:10:43:17 +0800] "GET /favicon.ico HTTP/1.1" 404 -
180.162.111.5 - - [27/Aug/2021:10:43:17 +0800] "GET /xingrg/login.html HTTP/1.1" 200 7641
180.169.147.146 - - [27/Aug/2021:10:43:17 +0800] "GET /xingrg/all/function/internal_message.html?_=1630032345509&CODE_STATE=getMsg HTTP/1.1" 200 27
180.162.111.5 - - [27/Aug/2021:10:43:17 +0800] "GET /favicon.ico HTTP/1.1" 404 -
116.237.74.154 - - [27/Aug/2021:10:43:18 +0800] "GET /xingrg/all/function/internal_message.html?_=1630032198418&CODE_STATE=getMsg HTTP/1.1" 200 27
61.151.207.141 - - [27/Aug/2021:10:43:19 +0800] "GET /xingrg/kc/print/load_data.html?order_code=212021082712218&kc_code=cgsh&condition= HTTP/1.1" 302 -
61.151.207.141 - - [27/Aug/2021:10:43:20 +0800] "GET /xingrg/login.html HTTP/1.1" 200 7641
222.70.246.151 - - [27/Aug/2021:10:43:20 +0800] "GET /xingrg/check_reg.html?_=1630032203577 HTTP/1.1" 200 22
116.237.74.154 - - [27/Aug/2021:10:43:22 +0800] "GET /xingrg/kc/buy/cgsh_order_operate.html?command=get_materiel&rest_code=00106&code=00101008131&supplier_code=00100007&order_time=2021-08-27 HTTP/1.1" 200 408
120.253.135.82 - - [27/Aug/2021:10:43:24 +0800] "GET /xingrg/all/function/internal_message.html?_=1630032217074&CODE_STATE=getMsg HTTP/1.1" 200 27
120.253.135.82 - - [27/Aug/2021:10:43:24 +0800] "GET /xingrg/all/function/internal_message.html?_=1630031983735&CODE_STATE=getMsg HTTP/1.1" 200 27
116.237.74.154 - - [27/Aug/2021:10:43:28 +0800] "GET /xingrg/kc/buy/cgsh_order_operate.html?command=get_materiel&rest_code=00106&code=00101008318&supplier_code=00100007&order_time=2021-08-27 HTTP/1.1" 200 408
101.83.145.79 - - [27/Aug/2021:10:43:29 +0800] "GET /xingrg/kc/buy/cgsh_order_add.html HTTP/1.1" 200 63376
101.83.145.79 - - [27/Aug/2021:10:43:29 +0800] "GET /xingrg/javascript/easyui/themes/default/validatebox.css HTTP/1.1" 404 1104
101.83.145.79 - - [27/Aug/2021:10:43:29 +0800] "POST /xingrg/kc/buy/cgsh_order_operate.html HTTP/1.1" 200 8245
180.169.147.146 - - [27/Aug/2021:10:43:29 +0800] "GET /xingrg/all/function/internal_message.html?_=1630032212612&CODE_STATE=getMsg HTTP/1.1" 200 27
180.174.198.13 - - [27/Aug/2021:10:43:30 +0800] "GET /xingrg/all/function/internal_message.html?_=1630032212549&CODE_STATE=getMsg HTTP/1.1" 200 27
222.70.246.151 - - [27/Aug/2021:10:43:32 +0800] "GET /xingrg/all/function/internal_message.html?_=1630032215427&CODE_STATE=getMsg HTTP/1.1" 200 27
180.162.111.5 - - [27/Aug/2021:10:43:34 +0800] "GET /xingrg HTTP/1.1" 302 -
180.162.111.5 - - [27/Aug/2021:10:43:34 +0800] "GET /favicon.ico HTTP/1.1" 404 -
180.162.111.5 - - [27/Aug/2021:10:43:34 +0800] "GET /xingrg/index.html HTTP/1.1" 302 -
180.162.111.5 - - [27/Aug/2021:10:43:34 +0800] "GET /xingrg/login.html HTTP/1.1" 200 7641
180.162.111.5 - - [27/Aug/2021:10:43:34 +0800] "GET /favicon.ico HTTP/1.1" 404 -
116.237.74.154 - - [27/Aug/2021:10:43:35 +0800] "GET /xingrg/kc/buy/cgsh_order_operate.html?command=get_materiel&rest_code=00106&code=00101008352&supplier_code=00100007&order_time=2021-08-27 HTTP/1.1" 200 412
116.237.74.154 - - [27/Aug/2021:10:43:39 +0800] "POST /xingrg/kc/buy/cgsh_order_operate.html HTTP/1.1" 200 2065
61.151.178.217 - - [27/Aug/2021:10:43:39 +0800] "GET /xingrg/kc/buy/cgsh_order_operate.html?command=get_materiel&rest_code=00106&code=00101008360&supplier_code=00100007&order_time=2021-08-27 HTTP/1.1" 302 -
61.151.178.217 - - [27/Aug/2021:10:43:39 +0800] "GET /xingrg/login.html HTTP/1.1" 200 7641
101.83.145.79 - - [27/Aug/2021:10:43:43 +0800] "GET /xingrg/kc/buy/cgsh_order_operate.html?command=get_materiel&rest_code=00105&code=00101004063&supplier_code=00100085&order_time=2021-08-27 HTTP/1.1" 200 414
116.237.74.154 - - [27/Aug/2021:10:43:44 +0800] "GET /xingrg/kc/buy/cgsh_order_operate.html?command=get_materiel&rest_code=00106&code=00101008005&supplier_code=00100007&order_time=2021-08-27 HTTP/1.1" 200 412
116.230.105.26 - - [27/Aug/2021:10:43:45 +0800] "GET /xingrg/all/function/internal_message.html?_=1630032193307&CODE_STATE=getMsg HTTP/1.1" 200 27
222.70.179.113 - - [27/Aug/2021:10:43:45 +0800] "GET /xingrg/all/function/internal_message.html?_=1630032225310&CODE_STATE=getMsg HTTP/1.1" 200 27
222.70.179.113 - - [27/Aug/2021:10:43:45 +0800] "GET /xingrg/check_reg.html?_=1630032225311 HTTP/1.1" 200 22
180.157.254.90 - - [27/Aug/2021:10:43:45 +0800] "GET /xingrg/all/function/internal_message.html?_=1630032232702&CODE_STATE=getMsg HTTP/1.1" 200 27
116.238.194.18 - - [27/Aug/2021:10:43:49 +0800] "GET /xingrg/all/function/internal_message.html?_=1630032231779&CODE_STATE=getMsg HTTP/1.1" 200 27
116.233.78.234 - - [27/Aug/2021:10:43:51 +0800] "GET /xingrg/all/function/internal_message.html?_=1630032236443&CODE_STATE=getMsg HTTP/1.1" 200 27
180.162.111.5 - - [27/Aug/2021:10:43:51 +0800] "POST /xingrg/login.do HTTP/1.1" 302 -
180.162.111.5 - - [27/Aug/2021:10:43:51 +0800] "GET /xingrg/index.html?sysBaseUrl=http%3A%2F%2F180.169.147.146%3A18081%2Fxingrg%2F&costTime=36×tamp=1630032231378 HTTP/1.1" 200 17179
116.237.74.154 - - [27/Aug/2021:10:43:51 +0800] "GET /xingrg/kc/buy/cgsh_order_operate.html?command=get_materiel&rest_code=00106&code=00101008353&supplier_code=00100007&order_time=2021-08-27 HTTP/1.1" 200 408
180.162.111.5 - - [27/Aug/2021:10:43:51 +0800] "GET /favicon.ico HTTP/1.1" 404 -
180.162.111.5 - - [27/Aug/2021:10:43:51 +0800] "POST /xingrg/all/common/load_tree.html?tree=area_rest_tree_json&manage=1 HTTP/1.1" 200 351
180.162.111.5 - - [27/Aug/2021:10:43:51 +0800] "GET /xingrg/all/function/internal_message.html?_=1630031822176&CODE_STATE=count HTTP/1.1" 200 11
180.162.111.5 - - [27/Aug/2021:10:43:51 +0800] "GET /xingrg/check_reg.html?_=1630031822177 HTTP/1.1" 200 22
180.162.111.5 - - [27/Aug/2021:10:43:51 +0800] "POST /xingrg/load_menu.html HTTP/1.1" 200 5138
222.69.131.200 - - [27/Aug/2021:10:43:52 +0800] "GET /xingrg/all/function/internal_message.html?_=1630032234695&CODE_STATE=getMsg HTTP/1.1" 200 27
101.83.145.79 - - [27/Aug/2021:10:43:55 +0800] "POST /xingrg/kc/buy/cgsh_order_operate.html HTTP/1.1" 200 37
116.238.194.18 - - [27/Aug/2021:10:43:57 +0800] "GET /xingrg/all/function/internal_message.html?_=1630032230786&CODE_STATE=getMsg HTTP/1.1" 200 27
101.83.145.79 - - [27/Aug/2021:10:43:57 +0800] "POST /xingrg/kc/buy/cgsh_order_operate.html HTTP/1.1" 200 2663
116.237.74.154 - - [27/Aug/2021:10:43:57 +0800] "GET /xingrg/kc/buy/cgsh_order_operate.html?command=get_materiel&rest_code=00106&code=00101008114&supplier_code=00100007&order_time=2021-08-27 HTTP/1.1" 200 412
124.77.108.71 - - [27/Aug/2021:10:43:57 +0800] "GET /xingrg/check_reg.html?_=1630032234162 HTTP/1.1" 200 22
124.77.108.71 - - [27/Aug/2021:10:43:57 +0800] "GET /xingrg/all/function/internal_message.html?_=1630032234138&CODE_STATE=getMsg HTTP/1.1" 200 27
101.83.145.79 - - [27/Aug/2021:10:43:58 +0800] "GET /xingrg/kc/print/load_data.html?order_code=212021082712221&kc_code=cgsh&condition= HTTP/1.1" 200 724
61.151.178.177 - - [27/Aug/2021:10:44:01 +0800] "GET /xingrg/kc/buy/cgsh_order_operate.html?command=get_materiel&rest_code=00106&code=00101008069&supplier_code=00100007&order_time=2021-08-27 HTTP/1.1" 302 -
61.151.178.177 - - [27/Aug/2021:10:44:01 +0800] "GET /xingrg/login.html HTTP/1.1" 200 7641
180.169.147.146 - - [27/Aug/2021:10:44:03 +0800] "GET /xingrg/all/function/internal_message.html?_=1630032248170&CODE_STATE=getMsg HTTP/1.1" 200 27
116.237.74.154 - - [27/Aug/2021:10:44:04 +0800] "GET /xingrg/kc/buy/cgsh_order_operate.html?command=get_materiel&rest_code=00106&code=00101008125&supplier_code=00100007&order_time=2021-08-27 HTTP/1.1" 200 413
180.169.147.146 - - [27/Aug/2021:10:44:06 +0800] "GET /xingrg/check_reg.html?_=1630032251459 HTTP/1.1" 200 22
180.169.147.146 - - [27/Aug/2021:10:44:06 +0800] "GET /xingrg/all/function/internal_message.html?_=1630032251467&CODE_STATE=getMsg HTTP/1.1" 200 27
61.151.178.165 - - [27/Aug/2021:10:44:06 +0800] "GET /xingrg/kc/buy/cgsh_order_operate.html?command=get_materiel&rest_code=00106&code=00101008286&supplier_code=00100007&order_time=2021-08-27 HTTP/1.1" 302 -
61.151.178.165 - - [27/Aug/2021:10:44:07 +0800] "GET /xingrg/login.html HTTP/1.1" 200 7641
101.83.145.79 - - [27/Aug/2021:10:44:08 +0800] "GET /xingrg/kc/buy/cgsh_order_add.html HTTP/1.1" 200 63376
101.83.145.79 - - [27/Aug/2021:10:44:08 +0800] "GET /xingrg/javascript/easyui/themes/default/validatebox.css HTTP/1.1" 404 1104
101.83.145.79 - - [27/Aug/2021:10:44:08 +0800] "POST /xingrg/kc/buy/cgsh_order_operate.html HTTP/1.1" 200 8245
101.83.145.79 - - [27/Aug/2021:10:44:10 +0800] "GET /xingrg/all/function/internal_message.html?_=1630032254718&CODE_STATE=getMsg HTTP/1.1" 200 27
116.237.74.154 - - [27/Aug/2021:10:44:11 +0800] "GET /xingrg/kc/buy/cgsh_order_operate.html?command=get_materiel&rest_code=00106&code=00101008010&supplier_code=00100007&order_time=2021-08-27 HTTP/1.1" 200 412
101.85.93.96 - - [27/Aug/2021:10:44:13 +0800] "GET /xingrg/all/function/internal_message.html?_=1630032202705&CODE_STATE=getMsg HTTP/1.1" 200 27
61.151.178.236 - - [27/Aug/2021:10:44:14 +0800] "GET /xingrg/kc/buy/cgsh_order_operate.html?command=get_materiel&rest_code=00106&code=00101008036&supplier_code=00100007&order_time=2021-08-27 HTTP/1.1" 302 -
120.253.135.82 - - [27/Aug/2021:10:44:14 +0800] "GET /xingrg/check_reg.html?_=1630032033214 HTTP/1.1" 200 22
61.151.178.236 - - [27/Aug/2021:10:44:14 +0800] "GET /xingrg/login.html HTTP/1.1" 200 7641
58.221.95.50 - - [27/Aug/2021:10:44:15 +0800] "GET /xingrg/check_reg.html?_=1630032257970 HTTP/1.1" 302 -
116.237.74.154 - - [27/Aug/2021:10:44:15 +0800] "POST /xingrg/kc/buy/cgsh_order_operate.html HTTP/1.1" 200 2065
180.169.147.146 - - [27/Aug/2021:10:44:17 +0800] "GET /xingrg/all/function/internal_message.html?_=1630032405481&CODE_STATE=getMsg HTTP/1.1" 200 27
101.83.145.79 - - [27/Aug/2021:10:44:18 +0800] "GET /xingrg/kc/buy/cgsh_order_operate.html?command=get_materiel&rest_code=00105&code=00101002035&supplier_code=00100088&order_time=2021-08-27 HTTP/1.1" 200 414
116.237.74.154 - - [27/Aug/2021:10:44:18 +0800] "GET /xingrg/all/function/internal_message.html?_=1630032258347&CODE_STATE=getMsg HTTP/1.1" 200 27
61.151.178.163 - - [27/Aug/2021:10:44:20 +0800] "GET /xingrg/kc/buy/cgsh_order_operate.html?command=get_materiel&rest_code=00106&code=00101008131&supplier_code=00100007&order_time=2021-08-27 HTTP/1.1" 302 -
61.151.178.163 - - [27/Aug/2021:10:44:21 +0800] "GET /xingrg/login.html HTTP/1.1" 200 7641
116.237.74.154 - - [27/Aug/2021:10:44:22 +0800] "GET /xingrg/kc/buy/cgsh_order_operate.html?command=get_materiel&rest_code=00106&code=00101008312&supplier_code=00100007&order_time=2021-08-27 HTTP/1.1" 200 412
120.253.135.82 - - [27/Aug/2021:10:44:24 +0800] "GET /xingrg/all/function/internal_message.html?_=1630032277095&CODE_STATE=getMsg HTTP/1.1" 200 27
120.253.135.82 - - [27/Aug/2021:10:44:24 +0800] "GET /xingrg/all/function/internal_message.html?_=1630032043745&CODE_STATE=getMsg HTTP/1.1" 200 27
61.151.178.164 - - [27/Aug/2021:10:44:26 +0800] "GET /xingrg/kc/buy/cgsh_order_operate.html?command=get_materiel&rest_code=00106&code=00101008318&supplier_code=00100007&order_time=2021-08-27 HTTP/1.1" 302 -
180.169.147.146 - - [27/Aug/2021:10:44:27 +0800] "GET /xingrg/check_reg.html?_=1630032270404 HTTP/1.1" 200 22
61.151.178.164 - - [27/Aug/2021:10:44:27 +0800] "GET /xingrg/login.html HTTP/1.1" 200 7641
180.169.147.146 - - [27/Aug/2021:10:44:29 +0800] "GET /xingrg/all/function/internal_message.html?_=1630032272606&CODE_STATE=getMsg HTTP/1.1" 200 27
180.174.198.13 - - [27/Aug/2021:10:44:30 +0800] "GET /xingrg/all/function/internal_message.html?_=1630032272558&CODE_STATE=getMsg HTTP/1.1" 200 27
116.237.74.154 - - [27/Aug/2021:10:44:32 +0800] "GET /xingrg/kc/buy/cgsh_order_operate.html?command=get_materiel&rest_code=00106&code=00101008437&supplier_code=00100007&order_time=2021-08-27 HTTP/1.1" 200 396
222.70.246.151 - - [27/Aug/2021:10:44:32 +0800] "GET /xingrg/all/function/internal_message.html?_=1630032275441&CODE_STATE=getMsg HTTP/1.1" 200 27
61.151.178.165 - - [27/Aug/2021:10:44:33 +0800] "GET /xingrg/kc/buy/cgsh_order_operate.html?command=get_materiel&rest_code=00106&code=00101008352&supplier_code=00100007&order_time=2021-08-27 HTTP/1.1" 302 -
61.151.178.165 - - [27/Aug/2021:10:44:35 +0800] "GET /xingrg/login.html HTTP/1.1" 200 7641
101.83.145.79 - - [27/Aug/2021:10:44:37 +0800] "GET /xingrg/kc/buy/cgsh_order_operate.html?command=get_materiel&rest_code=00105&code=00101003037&supplier_code=00100088&order_time=2021-08-27 HTTP/1.1" 200 413
101.91.62.89 - - [27/Aug/2021:10:44:41 +0800] "GET /xingrg/kc/buy/cgsh_order_operate.html?command=get_materiel&rest_code=00106&code=00101008005&supplier_code=00100007&order_time=2021-08-27 HTTP/1.1" 302 -
101.91.62.89 - - [27/Aug/2021:10:44:41 +0800] "GET /xingrg/login.html HTTP/1.1" 200 7641
116.230.105.26 - - [27/Aug/2021:10:44:45 +0800] "GET /xingrg/all/function/internal_message.html?_=1630032253289&CODE_STATE=getMsg HTTP/1.1" 200 27
222.70.179.113 - - [27/Aug/2021:10:44:45 +0800] "GET /xingrg/all/function/internal_message.html?_=1630032285309&CODE_STATE=getMsg HTTP/1.1" 200 27
180.157.254.90 - - [27/Aug/2021:10:44:45 +0800] "GET /xingrg/all/function/internal_message.html?_=1630032292700&CODE_STATE=getMsg HTTP/1.1" 200 27
116.237.74.154 - - [27/Aug/2021:10:44:47 +0800] "POST /xingrg/kc/buy/cgsh_order_operate.html HTTP/1.1" 200 37
116.238.194.18 - - [27/Aug/2021:10:44:49 +0800] "GET /xingrg/all/function/internal_message.html?_=1630032291780&CODE_STATE=getMsg HTTP/1.1" 200 27
116.238.194.18 - - [27/Aug/2021:10:44:49 +0800] "GET /xingrg/check_reg.html?_=1630032291783 HTTP/1.1" 200 22
101.83.145.79 - - [27/Aug/2021:10:44:49 +0800] "POST /xingrg/kc/buy/cgsh_order_operate.html HTTP/1.1" 200 37
116.237.74.154 - - [27/Aug/2021:10:44:50 +0800] "POST /xingrg/kc/buy/cgsh_order_operate.html HTTP/1.1" 200 21544
101.83.145.79 - - [27/Aug/2021:10:44:50 +0800] "POST /xingrg/kc/buy/cgsh_order_operate.html HTTP/1.1" 200 3261
116.233.78.234 - - [27/Aug/2021:10:44:51 +0800] "GET /xingrg/all/function/internal_message.html?_=1630032296446&CODE_STATE=getMsg HTTP/1.1" 200 27
180.162.111.5 - - [27/Aug/2021:10:44:51 +0800] "GET /xingrg/all/function/internal_message.html?_=1630031882188&CODE_STATE=getMsg HTTP/1.1" 200 27
101.83.145.79 - - [27/Aug/2021:10:44:51 +0800] "GET /xingrg/kc/print/load_data.html?order_code=212021082712222&kc_code=cgsh&condition= HTTP/1.1" 200 977
222.69.131.200 - - [27/Aug/2021:10:44:52 +0800] "GET /xingrg/all/function/internal_message.html?_=1630032294698&CODE_STATE=getMsg HTTP/1.1" 200 27
101.83.145.79 - - [27/Aug/2021:10:44:55 +0800] "GET /xingrg/kc/buy/cgsh_order_add.html HTTP/1.1" 200 63376
101.83.145.79 - - [27/Aug/2021:10:44:56 +0800] "GET /xingrg/javascript/easyui/themes/default/validatebox.css HTTP/1.1" 404 1104
101.83.145.79 - - [27/Aug/2021:10:44:56 +0800] "POST /xingrg/kc/buy/cgsh_order_operate.html HTTP/1.1" 200 8245
116.238.194.18 - - [27/Aug/2021:10:44:57 +0800] "GET /xingrg/all/function/internal_message.html?_=1630032290791&CODE_STATE=getMsg HTTP/1.1" 200 27
124.77.108.71 - - [27/Aug/2021:10:44:57 +0800] "GET /xingrg/all/function/internal_message.html?_=1630032294129&CODE_STATE=getMsg HTTP/1.1" 200 27
180.174.198.13 - - [27/Aug/2021:10:45:01 +0800] "GET /xingrg/kc/buy/cgth_order_list.html HTTP/1.1" 200 46994
180.174.198.13 - - [27/Aug/2021:10:45:01 +0800] "GET /xingrg/kc/buy/cgsh_order_list.html HTTP/1.1" 200 47591
180.174.198.13 - - [27/Aug/2021:10:45:01 +0800] "POST /xingrg/kc/buy/cgth_list_operate.html HTTP/1.1" 200 1035
180.174.198.13 - - [27/Aug/2021:10:45:01 +0800] "GET /xingrg/kc/buy/cgsh_order_list.html HTTP/1.1" 200 47591
101.89.239.120 - - [27/Aug/2021:10:45:01 +0800] "GET /xingrg/kc/buy/cgsh_order_operate.html?command=get_materiel&rest_code=00106&code=00101008125&supplier_code=00100007&order_time=2021-08-27 HTTP/1.1" 302 -
101.89.239.120 - - [27/Aug/2021:10:45:02 +0800] "GET /xingrg/login.html HTTP/1.1" 200 7641
180.174.198.13 - - [27/Aug/2021:10:45:02 +0800] "POST /xingrg/kc/buy/cgsh_list_operate.html HTTP/1.1" 200 876
180.174.198.13 - - [27/Aug/2021:10:45:02 +0800] "POST /xingrg/kc/buy/cgsh_list_operate.html HTTP/1.1" 200 876
180.169.147.146 - - [27/Aug/2021:10:45:03 +0800] "GET /xingrg/all/function/internal_message.html?_=1630032308187&CODE_STATE=getMsg HTTP/1.1" 200 27
180.169.147.146 - - [27/Aug/2021:10:45:06 +0800] "GET /xingrg/all/function/internal_message.html?_=1630032311453&CODE_STATE=getMsg HTTP/1.1" 200 27
101.83.145.79 - - [27/Aug/2021:10:45:07 +0800] "GET /xingrg/kc/buy/cgsh_order_operate.html?command=get_materiel&rest_code=00105&code=00101008061&supplier_code=00100339&order_time=2021-08-27 HTTP/1.1" 200 423
120.253.135.82 - - [27/Aug/2021:10:45:08 +0800] "GET /xingrg/check_reg.html?_=1630032321379 HTTP/1.1" 200 22
61.151.178.163 - - [27/Aug/2021:10:45:09 +0800] "GET /xingrg/kc/buy/cgsh_order_operate.html?command=get_materiel&rest_code=00106&code=00101008010&supplier_code=00100007&order_time=2021-08-27 HTTP/1.1" 302 -
101.83.145.79 - - [27/Aug/2021:10:45:10 +0800] "GET /xingrg/all/function/internal_message.html?_=1630032314699&CODE_STATE=getMsg HTTP/1.1" 200 27
61.151.178.163 - - [27/Aug/2021:10:45:10 +0800] "GET /xingrg/login.html HTTP/1.1" 200 7641
101.85.93.96 - - [27/Aug/2021:10:45:13 +0800] "GET /xingrg/all/function/internal_message.html?_=1630032262707&CODE_STATE=getMsg HTTP/1.1" 200 27
180.169.147.146 - - [27/Aug/2021:10:45:17 +0800] "GET /xingrg/all/function/internal_message.html?_=1630032465486&CODE_STATE=getMsg HTTP/1.1" 200 27
101.91.62.89 - - [27/Aug/2021:10:45:17 +0800] "GET /xingrg/all/function/internal_message.html?_=1630032258347&CODE_STATE=getMsg HTTP/1.1" 302 -
101.91.62.89 - - [27/Aug/2021:10:45:18 +0800] "GET /xingrg/login.html HTTP/1.1" 200 7641
180.169.147.146 - - [27/Aug/2021:10:45:18 +0800] "GET /xingrg/check_reg.html?_=1630032466250 HTTP/1.1" 200 22
116.237.74.154 - - [27/Aug/2021:10:45:18 +0800] "GET /xingrg/all/function/internal_message.html?_=1630032318327&CODE_STATE=getMsg HTTP/1.1" 200 27
58.37.227.186 - - [27/Aug/2021:10:45:20 +0800] "GET /xingrg/check_reg.html?_=1630032209047 HTTP/1.1" 200 22
58.37.227.186 - - [27/Aug/2021:10:45:20 +0800] "GET /xingrg/check_reg.html?_=1630032209063 HTTP/1.1" 200 22
120.253.135.82 - - [27/Aug/2021:10:45:24 +0800] "GET /xingrg/all/function/internal_message.html?_=1630032337102&CODE_STATE=getMsg HTTP/1.1" 200 27
120.253.135.82 - - [27/Aug/2021:10:45:25 +0800] "GET /xingrg/all/function/internal_message.html?_=1630032103758&CODE_STATE=getMsg HTTP/1.1" 200 27
116.237.74.154 - - [27/Aug/2021:10:45:26 +0800] "GET /xingrg/kc/buy/cgsh_order_operate.html?command=get_materiel&rest_code=00106&code=00101008098&supplier_code=00100007&order_time=2021-08-27 HTTP/1.1" 200 412
101.83.145.79 - - [27/Aug/2021:10:45:28 +0800] "GET /xingrg/kc/buy/cgsh_order_operate.html?command=get_materiel&rest_code=00105&code=00101008094&supplier_code=00100339&order_time=2021-08-27 HTTP/1.1" 200 417
180.169.147.146 - - [27/Aug/2021:10:45:29 +0800] "GET /xingrg/all/function/internal_message.html?_=1630032332607&CODE_STATE=getMsg HTTP/1.1" 200 27
180.174.198.13 - - [27/Aug/2021:10:45:30 +0800] "GET /xingrg/all/function/internal_message.html?_=1630032332580&CODE_STATE=getMsg HTTP/1.1" 200 27
222.70.246.151 - - [27/Aug/2021:10:45:32 +0800] "GET /xingrg/all/function/internal_message.html?_=1630032335469&CODE_STATE=getMsg HTTP/1.1" 200 27
101.83.145.79 - - [27/Aug/2021:10:45:41 +0800] "POST /xingrg/kc/buy/cgsh_order_operate.html HTTP/1.1" 200 37
101.83.145.79 - - [27/Aug/2021:10:45:43 +0800] "POST /xingrg/kc/buy/cgsh_order_operate.html HTTP/1.1" 200 3261
101.83.145.79 - - [27/Aug/2021:10:45:44 +0800] "GET /xingrg/kc/print/load_data.html?order_code=212021082712223&kc_code=cgsh&condition= HTTP/1.1" 200 911
116.230.105.26 - - [27/Aug/2021:10:45:45 +0800] "GET /xingrg/all/function/internal_message.html?_=1630032313271&CODE_STATE=getMsg HTTP/1.1" 200 27
116.230.105.26 - - [27/Aug/2021:10:45:45 +0800] "GET /xingrg/check_reg.html?_=1630032313329 HTTP/1.1" 200 22
222.70.179.113 - - [27/Aug/2021:10:45:45 +0800] "GET /xingrg/all/function/internal_message.html?_=1630032345307&CODE_STATE=getMsg HTTP/1.1" 200 27
180.157.254.90 - - [27/Aug/2021:10:45:45 +0800] "GET /xingrg/all/function/internal_message.html?_=1630032352700&CODE_STATE=getMsg HTTP/1.1" 200 27
180.157.254.90 - - [27/Aug/2021:10:45:45 +0800] "GET /xingrg/check_reg.html?_=1630032352702 HTTP/1.1" 200 22
101.83.145.79 - - [27/Aug/2021:10:45:47 +0800] "GET /xingrg/kc/buy/cgsh_order_add.html HTTP/1.1" 200 63376
101.83.145.79 - - [27/Aug/2021:10:45:48 +0800] "POST /xingrg/kc/buy/cgsh_order_operate.html HTTP/1.1" 200 8245
101.83.145.79 - - [27/Aug/2021:10:45:48 +0800] "GET /xingrg/javascript/easyui/themes/default/validatebox.css HTTP/1.1" 404 1104
116.238.194.18 - - [27/Aug/2021:10:45:49 +0800] "GET /xingrg/all/function/internal_message.html?_=1630032351800&CODE_STATE=getMsg HTTP/1.1" 200 27
116.233.78.234 - - [27/Aug/2021:10:45:51 +0800] "GET /xingrg/all/function/internal_message.html?_=1630032356448&CODE_STATE=getMsg HTTP/1.1" 200 27
116.233.78.234 - - [27/Aug/2021:10:45:51 +0800] "GET /xingrg/check_reg.html?_=1630032356449 HTTP/1.1" 200 22
180.162.111.5 - - [27/Aug/2021:10:45:51 +0800] "GET /xingrg/all/function/internal_message.html?_=1630031942180&CODE_STATE=getMsg HTTP/1.1" 200 27
222.69.131.200 - - [27/Aug/2021:10:45:52 +0800] "GET /xingrg/all/function/internal_message.html?_=1630032354703&CODE_STATE=getMsg HTTP/1.1" 200 27
116.238.194.18 - - [27/Aug/2021:10:45:57 +0800] "GET /xingrg/check_reg.html?_=1630032350475 HTTP/1.1" 200 22
116.238.194.18 - - [27/Aug/2021:10:45:57 +0800] "GET /xingrg/all/function/internal_message.html?_=1630032350805&CODE_STATE=getMsg HTTP/1.1" 200 27
124.77.108.71 - - [27/Aug/2021:10:45:57 +0800] "GET /xingrg/all/function/internal_message.html?_=1630032354128&CODE_STATE=getMsg HTTP/1.1" 200 27
116.237.74.154 - - [27/Aug/2021:10:45:58 +0800] "POST /xingrg/kc/buy/cgsh_order_operate.html HTTP/1.1" 200 37
222.70.179.113 - - [27/Aug/2021:10:46:01 +0800] "GET /xingrg/check_reg.html?_=1630032389086 HTTP/1.1" 302 -
116.237.74.154 - - [27/Aug/2021:10:46:02 +0800] "POST /xingrg/kc/buy/cgsh_order_operate.html HTTP/1.1" 200 22134
180.169.147.146 - - [27/Aug/2021:10:46:03 +0800] "GET /xingrg/all/function/internal_message.html?_=1630032368187&CODE_STATE=getMsg HTTP/1.1" 200 27
101.83.145.79 - - [27/Aug/2021:10:46:03 +0800] "GET /xingrg/kc/buy/cgsh_order_operate.html?command=get_materiel&rest_code=00105&code=00101003033&supplier_code=00100092&order_time=2021-08-27 HTTP/1.1" 200 424
180.169.147.146 - - [27/Aug/2021:10:46:06 +0800] "GET /xingrg/all/function/internal_message.html?_=1630032371458&CODE_STATE=getMsg HTTP/1.1" 200 27
101.83.145.79 - - [27/Aug/2021:10:46:10 +0800] "GET /xingrg/all/function/internal_message.html?_=1630032374673&CODE_STATE=getMsg HTTP/1.1" 200 27
116.237.74.154 - - [27/Aug/2021:10:46:12 +0800] "GET /xingrg/kc/buy/cgsh_order_operate.html?command=get_materiel&rest_code=00106&code=00101008176&supplier_code=00100007&order_time=2021-08-27 HTTP/1.1" 200 412
116.237.74.154 - - [27/Aug/2021:10:46:12 +0800] "GET /xingrg/check_reg.html?_=1630032372082 HTTP/1.1" 200 22
101.85.93.96 - - [27/Aug/2021:10:46:13 +0800] "GET /xingrg/all/function/internal_message.html?_=1630032322707&CODE_STATE=getMsg HTTP/1.1" 200 27
180.169.147.146 - - [27/Aug/2021:10:46:17 +0800] "GET /xingrg/all/function/internal_message.html?_=1630032525462&CODE_STATE=getMsg HTTP/1.1" 200 27
101.83.145.79 - - [27/Aug/2021:10:46:17 +0800] "POST /xingrg/kc/buy/cgsh_order_operate.html HTTP/1.1" 200 37
116.237.74.154 - - [27/Aug/2021:10:46:18 +0800] "GET /xingrg/all/function/internal_message.html?_=1630032378296&CODE_STATE=getMsg HTTP/1.1" 200 27
116.237.74.154 - - [27/Aug/2021:10:46:22 +0800] "GET /xingrg/kc/buy/cgsh_order_operate.html?command=get_materiel&rest_code=00106&code=00101008219&supplier_code=00100007&order_time=2021-08-27 HTTP/1.1" 200 412
101.83.145.79 - - [27/Aug/2021:10:46:23 +0800] "POST /xingrg/kc/buy/cgsh_order_operate.html HTTP/1.1" 200 2673
120.253.135.82 - - [27/Aug/2021:10:46:24 +0800] "GET /xingrg/all/function/internal_message.html?_=1630032397114&CODE_STATE=getMsg HTTP/1.1" 200 27
61.151.178.217 - - [27/Aug/2021:10:46:25 +0800] "GET /xingrg/kc/buy/cgsh_order_operate.html?command=get_materiel&rest_code=00106&code=00101008098&supplier_code=00100007&order_time=2021-08-27 HTTP/1.1" 302 -
61.151.178.217 - - [27/Aug/2021:10:46:25 +0800] "GET /xingrg/login.html HTTP/1.1" 200 7641
120.253.135.82 - - [27/Aug/2021:10:46:25 +0800] "GET /xingrg/all/function/internal_message.html?_=1630032163975&CODE_STATE=getMsg HTTP/1.1" 200 27
101.83.145.79 - - [27/Aug/2021:10:46:25 +0800] "GET /xingrg/kc/print/load_data.html?order_code=212021082712224&kc_code=cgsh&condition= HTTP/1.1" 200 735
116.230.105.26 - - [27/Aug/2021:10:46:28 +0800] "POST /xingrg/kc/buy/cgsh_list_operate.html HTTP/1.1" 200 8273
101.83.145.79 - - [27/Aug/2021:10:46:28 +0800] "GET /xingrg/kc/buy/cgsh_order_add.html HTTP/1.1" 200 63376
101.83.145.79 - - [27/Aug/2021:10:46:28 +0800] "POST /xingrg/kc/buy/cgsh_order_operate.html HTTP/1.1" 200 8245
101.83.145.79 - - [27/Aug/2021:10:46:28 +0800] "GET /xingrg/javascript/easyui/themes/default/validatebox.css HTTP/1.1" 404 1104
180.169.147.146 - - [27/Aug/2021:10:46:29 +0800] "GET /xingrg/all/function/internal_message.html?_=1630032392620&CODE_STATE=getMsg HTTP/1.1" 200 27
180.174.198.13 - - [27/Aug/2021:10:46:30 +0800] "GET /xingrg/check_reg.html?_=1630032392445 HTTP/1.1" 200 22
180.174.198.13 - - [27/Aug/2021:10:46:30 +0800] "GET /xingrg/all/function/internal_message.html?_=1630032392585&CODE_STATE=getMsg HTTP/1.1" 200 27
222.70.246.151 - - [27/Aug/2021:10:46:32 +0800] "GET /xingrg/all/function/internal_message.html?_=1630032395483&CODE_STATE=getMsg HTTP/1.1" 200 27
116.237.74.154 - - [27/Aug/2021:10:46:34 +0800] "GET /xingrg/kc/buy/cgsh_order_operate.html?command=get_materiel&rest_code=00106&code=00101008349&supplier_code=00100007&order_time=2021-08-27 HTTP/1.1" 200 412
116.230.105.26 - - [27/Aug/2021:10:46:36 +0800] "POST /xingrg/kc/buy/cgsh_list_operate.html HTTP/1.1" 200 348
116.230.105.26 - - [27/Aug/2021:10:46:36 +0800] "GET /xingrg/kc/buy/cgsh_order_info.html?code=212021082712216 HTTP/1.1" 200 63310
116.230.105.26 - - [27/Aug/2021:10:46:37 +0800] "GET /xingrg/javascript/easyui/themes/default/validatebox.css HTTP/1.1" 404 1104
116.230.105.26 - - [27/Aug/2021:10:46:37 +0800] "POST /xingrg/kc/buy/cgsh_order_operate.html HTTP/1.1" 200 3852
101.83.145.79 - - [27/Aug/2021:10:46:38 +0800] "GET /xingrg/kc/buy/cgsh_order_operate.html?command=get_materiel&rest_code=00105&code=00101010079&supplier_code=00100336&order_time=2021-08-27 HTTP/1.1" 200 413
116.230.105.26 - - [27/Aug/2021:10:46:38 +0800] "POST /xingrg/kc/buy/cgsh_list_operate.html HTTP/1.1" 200 8273
116.230.105.26 - - [27/Aug/2021:10:46:45 +0800] "GET /xingrg/all/function/internal_message.html?_=1630032373260&CODE_STATE=getMsg HTTP/1.1" 200 27
101.83.145.79 - - [27/Aug/2021:10:46:45 +0800] "POST /xingrg/kc/buy/cgsh_order_operate.html HTTP/1.1" 200 37
116.237.74.154 - - [27/Aug/2021:10:46:45 +0800] "GET /xingrg/kc/buy/cgsh_order_operate.html?command=get_materiel&rest_code=00106&code=00101008244&supplier_code=00100007&order_time=2021-08-27 HTTP/1.1" 200 408
222.70.179.113 - - [27/Aug/2021:10:46:45 +0800] "GET /xingrg/all/function/internal_message.html?_=1630032405306&CODE_STATE=getMsg HTTP/1.1" 200 27
180.157.254.90 - - [27/Aug/2021:10:46:45 +0800] "GET /xingrg/all/function/internal_message.html?_=1630032412700&CODE_STATE=getMsg HTTP/1.1" 200 27
116.238.194.18 - - [27/Aug/2021:10:46:49 +0800] "GET /xingrg/all/function/internal_message.html?_=1630032411803&CODE_STATE=getMsg HTTP/1.1" 200 27
116.237.74.154 - - [27/Aug/2021:10:46:49 +0800] "POST /xingrg/kc/buy/cgsh_order_operate.html HTTP/1.1" 200 2065
116.233.78.234 - - [27/Aug/2021:10:46:51 +0800] "GET /xingrg/all/function/internal_message.html?_=1630032416450&CODE_STATE=getMsg HTTP/1.1" 200 27
180.162.111.5 - - [27/Aug/2021:10:46:51 +0800] "GET /xingrg/all/function/internal_message.html?_=1630032002181&CODE_STATE=getMsg HTTP/1.1" 200 27
101.83.145.79 - - [27/Aug/2021:10:46:51 +0800] "POST /xingrg/kc/buy/cgsh_order_operate.html HTTP/1.1" 200 2657
222.69.131.200 - - [27/Aug/2021:10:46:52 +0800] "GET /xingrg/check_reg.html?_=1630032414704 HTTP/1.1" 200 22
222.69.131.200 - - [27/Aug/2021:10:46:52 +0800] "GET /xingrg/all/function/internal_message.html?_=1630032414706&CODE_STATE=getMsg HTTP/1.1" 200 27
101.83.145.79 - - [27/Aug/2021:10:46:53 +0800] "GET /xingrg/kc/print/load_data.html?order_code=212021082712225&kc_code=cgsh&condition= HTTP/1.1" 200 664
116.237.74.154 - - [27/Aug/2021:10:46:54 +0800] "GET /xingrg/kc/buy/cgsh_order_operate.html?command=get_materiel&rest_code=00106&code=00101008351&supplier_code=00100007&order_time=2021-08-27 HTTP/1.1" 200 408
116.238.194.18 - - [27/Aug/2021:10:46:57 +0800] "GET /xingrg/all/function/internal_message.html?_=1630032410818&CODE_STATE=getMsg HTTP/1.1" 200 27
124.77.108.71 - - [27/Aug/2021:10:46:57 +0800] "GET /xingrg/all/function/internal_message.html?_=1630032414138&CODE_STATE=getMsg HTTP/1.1" 200 27
101.83.145.79 - - [27/Aug/2021:10:46:58 +0800] "GET /xingrg/kc/buy/cgsh_order_add.html HTTP/1.1" 200 63376
101.83.145.79 - - [27/Aug/2021:10:46:59 +0800] "POST /xingrg/kc/buy/cgsh_order_operate.html HTTP/1.1" 200 8245
101.83.145.79 - - [27/Aug/2021:10:46:59 +0800] "GET /xingrg/javascript/easyui/themes/default/validatebox.css HTTP/1.1" 404 1104
116.237.74.154 - - [27/Aug/2021:10:47:01 +0800] "GET /xingrg/kc/buy/cgsh_order_operate.html?command=get_materiel&rest_code=00106&code=00101008186&supplier_code=00100007&order_time=2021-08-27 HTTP/1.1" 200 408
180.169.147.146 - - [27/Aug/2021:10:47:03 +0800] "GET /xingrg/check_reg.html?_=1630032428189 HTTP/1.1" 200 22
180.169.147.146 - - [27/Aug/2021:10:47:03 +0800] "GET /xingrg/all/function/internal_message.html?_=1630032428192&CODE_STATE=getMsg HTTP/1.1" 200 27
180.169.147.146 - - [27/Aug/2021:10:47:06 +0800] "GET /xingrg/all/function/internal_message.html?_=1630032431447&CODE_STATE=getMsg HTTP/1.1" 200 27
101.83.145.79 - - [27/Aug/2021:10:47:07 +0800] "GET /xingrg/kc/buy/cgsh_order_operate.html?command=get_materiel&rest_code=00105&code=00101002006&supplier_code=00100091&order_time=2021-08-27 HTTP/1.1" 200 414
101.83.145.79 - - [27/Aug/2021:10:47:10 +0800] "GET /xingrg/all/function/internal_message.html?_=1630032434650&CODE_STATE=getMsg HTTP/1.1" 200 27
101.83.145.79 - - [27/Aug/2021:10:47:11 +0800] "GET /xingrg/check_reg.html?_=1630032435923 HTTP/1.1" 200 22
116.237.74.154 - - [27/Aug/2021:10:47:12 +0800] "GET /xingrg/kc/buy/cgsh_order_operate.html?command=get_materiel&rest_code=00106&code=00101008026&supplier_code=00100007&order_time=2021-08-27 HTTP/1.1" 200 409
61.151.207.158 - - [27/Aug/2021:10:47:12 +0800] "GET /xingrg/check_reg.html?_=1630032372082 HTTP/1.1" 302 -
61.151.207.158 - - [27/Aug/2021:10:47:13 +0800] "GET /xingrg/login.html HTTP/1.1" 200 7641
101.85.93.96 - - [27/Aug/2021:10:47:13 +0800] "GET /xingrg/all/function/internal_message.html?_=1630032382720&CODE_STATE=getMsg HTTP/1.1" 200 27
101.85.93.96 - - [27/Aug/2021:10:47:13 +0800] "GET /xingrg/check_reg.html?_=1630032382718 HTTP/1.1" 200 22
180.169.147.146 - - [27/Aug/2021:10:47:17 +0800] "GET /xingrg/all/function/internal_message.html?_=1630032585430&CODE_STATE=getMsg HTTP/1.1" 200 27
101.91.62.89 - - [27/Aug/2021:10:47:17 +0800] "GET /xingrg/all/function/internal_message.html?_=1630032378296&CODE_STATE=getMsg HTTP/1.1" 302 -
116.237.74.154 - - [27/Aug/2021:10:47:18 +0800] "GET /xingrg/all/function/internal_message.html?_=1630032438282&CODE_STATE=getMsg HTTP/1.1" 200 27
101.91.62.89 - - [27/Aug/2021:10:47:18 +0800] "GET /xingrg/login.html HTTP/1.1" 200 7641
101.83.145.79 - - [27/Aug/2021:10:47:22 +0800] "GET /xingrg/kc/buy/cgsh_order_operate.html?command=get_materiel&rest_code=00105&code=00101002034&supplier_code=00100091&order_time=2021-08-27 HTTP/1.1" 200 409
120.253.135.82 - - [27/Aug/2021:10:47:24 +0800] "GET /xingrg/all/function/internal_message.html?_=1630032457138&CODE_STATE=getMsg HTTP/1.1" 200 27
120.253.135.82 - - [27/Aug/2021:10:47:25 +0800] "GET /xingrg/all/function/internal_message.html?_=1630032223988&CODE_STATE=getMsg HTTP/1.1" 200 27
116.237.74.154 - - [27/Aug/2021:10:47:28 +0800] "GET /xingrg/kc/buy/cgsh_order_operate.html?command=get_materiel&rest_code=00106&code=00101008088&supplier_code=00100007&order_time=2021-08-27 HTTP/1.1" 200 408
180.169.147.146 - - [27/Aug/2021:10:47:29 +0800] "GET /xingrg/all/function/internal_message.html?_=1630032452618&CODE_STATE=getMsg HTTP/1.1" 200 27
180.174.198.13 - - [27/Aug/2021:10:47:30 +0800] "GET /xingrg/all/function/internal_message.html?_=1630032452598&CODE_STATE=getMsg HTTP/1.1" 200 27
61.151.178.217 - - [27/Aug/2021:10:47:32 +0800] "GET /xingrg/kc/buy/cgsh_order_operate.html?command=get_materiel&rest_code=00106&code=00101008349&supplier_code=00100007&order_time=2021-08-27 HTTP/1.1" 302 -
116.237.74.154 - - [27/Aug/2021:10:47:32 +0800] "POST /xingrg/kc/buy/cgsh_order_operate.html HTTP/1.1" 200 2065
61.151.178.217 - - [27/Aug/2021:10:47:32 +0800] "GET /xingrg/login.html HTTP/1.1" 200 7641
222.70.246.151 - - [27/Aug/2021:10:47:32 +0800] "GET /xingrg/all/function/internal_message.html?_=1630032455515&CODE_STATE=getMsg HTTP/1.1" 200 27
101.83.145.79 - - [27/Aug/2021:10:47:37 +0800] "POST /xingrg/kc/buy/cgsh_order_operate.html HTTP/1.1" 200 37
116.237.74.154 - - [27/Aug/2021:10:47:39 +0800] "POST /xingrg/kc/buy/cgsh_order_operate.html HTTP/1.1" 200 37
101.83.145.79 - - [27/Aug/2021:10:47:39 +0800] "POST /xingrg/kc/buy/cgsh_order_operate.html HTTP/1.1" 200 3254
101.83.145.79 - - [27/Aug/2021:10:47:42 +0800] "GET /xingrg/kc/print/load_data.html?order_code=212021082712226&kc_code=cgsh&condition= HTTP/1.1" 200 964
116.230.105.26 - - [27/Aug/2021:10:47:45 +0800] "GET /xingrg/all/function/internal_message.html?_=1630032433244&CODE_STATE=getMsg HTTP/1.1" 200 27
222.70.179.113 - - [27/Aug/2021:10:47:45 +0800] "GET /xingrg/all/function/internal_message.html?_=1630032465305&CODE_STATE=getMsg HTTP/1.1" 200 27
180.157.254.90 - - [27/Aug/2021:10:47:45 +0800] "GET /xingrg/all/function/internal_message.html?_=1630032472699&CODE_STATE=getMsg HTTP/1.1" 200 27
101.83.145.79 - - [27/Aug/2021:10:47:46 +0800] "GET /xingrg/kc/buy/cgsh_order_add.html HTTP/1.1" 200 63376
101.83.145.79 - - [27/Aug/2021:10:47:47 +0800] "GET /xingrg/javascript/easyui/themes/default/validatebox.css HTTP/1.1" 404 1104
101.83.145.79 - - [27/Aug/2021:10:47:47 +0800] "POST /xingrg/kc/buy/cgsh_order_operate.html HTTP/1.1" 200 8245
116.238.194.18 - - [27/Aug/2021:10:47:49 +0800] "GET /xingrg/all/function/internal_message.html?_=1630032471805&CODE_STATE=getMsg HTTP/1.1" 200 27
120.253.135.82 - - [27/Aug/2021:10:47:50 +0800] "GET /xingrg/javascript/jquery_easy_ui/themes/default/images/button_plain_hover.png HTTP/1.1" 200 252
116.233.78.234 - - [27/Aug/2021:10:47:51 +0800] "GET /xingrg/all/function/internal_message.html?_=1630032476453&CODE_STATE=getMsg HTTP/1.1" 200 27
180.162.111.5 - - [27/Aug/2021:10:47:51 +0800] "GET /xingrg/all/function/internal_message.html?_=1630032062180&CODE_STATE=getMsg HTTP/1.1" 200 27
120.253.135.82 - - [27/Aug/2021:10:47:52 +0800] "GET /xingrg/kc/pszx/mdqp_order_list.html?state=10 HTTP/1.1" 200 10217
120.253.135.82 - - [27/Aug/2021:10:47:52 +0800] "GET /xingrg/dwr/interface/AjaxReportQueryService.js HTTP/1.1" 200 13203
120.253.135.82 - - [27/Aug/2021:10:47:52 +0800] "GET /xingrg/dwr/interface/AjaxQqpsService.js HTTP/1.1" 200 16326
120.253.135.82 - - [27/Aug/2021:10:47:52 +0800] "GET /xingrg/dwr/engine.js HTTP/1.1" 200 43631
