222.70.179.113 - - [27/Aug/2021:09:42:01 +0800] "POST /xingrg/kc/buy/cgsh_order_operate.html HTTP/1.1" 200 2065
116.230.105.26 - - [27/Aug/2021:09:42:02 +0800] "GET /xingrg/kc/buy/cgsh_order_operate.html?command=get_materiel&rest_code=00155&code=00101008312&supplier_code=00100005&order_time=2021-08-27 HTTP/1.1" 200 412
180.169.147.146 - - [27/Aug/2021:09:42:06 +0800] "GET /xingrg/all/function/internal_message.html?_=1630028531457&CODE_STATE=getMsg HTTP/1.1" 200 27
116.233.78.234 - - [27/Aug/2021:09:42:07 +0800] "GET /xingrg/kc/buy/cgsh_order_operate.html?command=get_materiel&rest_code=00109&code=00101008356&supplier_code=00100005&order_time=2021-08-27 HTTP/1.1" 200 408
222.70.179.113 - - [27/Aug/2021:09:42:07 +0800] "GET /xingrg/kc/buy/cgsh_order_operate.html?command=get_materiel&rest_code=00111&code=00101008110&supplier_code=00100005&order_time=2021-08-27 HTTP/1.1" 200 408
101.83.145.79 - - [27/Aug/2021:09:42:11 +0800] "GET /xingrg/kc/buy/cgsh_order_operate.html?command=get_materiel&rest_code=00105&code=00101008248&supplier_code=00100203&order_time=2021-08-27 HTTP/1.1" 200 412
101.83.145.79 - - [27/Aug/2021:09:42:11 +0800] "GET /xingrg/all/function/internal_message.html?_=1630028535838&CODE_STATE=getMsg HTTP/1.1" 200 27
101.83.145.79 - - [27/Aug/2021:09:42:11 +0800] "GET /xingrg/check_reg.html?_=1630028535840 HTTP/1.1" 200 22
124.77.108.71 - - [27/Aug/2021:09:42:12 +0800] "POST /xingrg/dwr/call/plaincall/AjaxYddbService.saveMaterielItem.dwr HTTP/1.1" 200 79
120.253.135.82 - - [27/Aug/2021:09:42:13 +0800] "GET /xingrg/all/function/internal_message.html?_=1630028312664&CODE_STATE=getMsg HTTP/1.1" 200 27
222.70.179.113 - - [27/Aug/2021:09:42:16 +0800] "POST /xingrg/kc/buy/cgsh_order_operate.html HTTP/1.1" 200 37
116.233.78.234 - - [27/Aug/2021:09:42:16 +0800] "POST /xingrg/kc/buy/cgsh_order_operate.html HTTP/1.1" 200 2065
116.230.105.26 - - [27/Aug/2021:09:42:18 +0800] "GET /xingrg/kc/buy/cgsh_order_operate.html?command=get_materiel&rest_code=00155&code=00101008110&supplier_code=00100005&order_time=2021-08-27 HTTP/1.1" 200 408
222.70.179.113 - - [27/Aug/2021:09:42:18 +0800] "POST /xingrg/kc/buy/cgsh_order_operate.html HTTP/1.1" 200 47600
116.230.105.26 - - [27/Aug/2021:09:42:19 +0800] "POST /xingrg/kc/buy/cgsh_order_operate.html HTTP/1.1" 200 2065
124.77.108.71 - - [27/Aug/2021:09:42:19 +0800] "POST /xingrg/dwr/call/plaincall/AjaxComOrderService.getMaterielSearchList.dwr HTTP/1.1" 200 9750
222.70.179.113 - - [27/Aug/2021:09:42:19 +0800] "GET /xingrg/kc/print/load_config.html?kc_code=cgsh HTTP/1.1" 200 2076
222.70.179.113 - - [27/Aug/2021:09:42:19 +0800] "GET /xingrg/kc/print/load_data.html?order_code=212021082712165&kc_code=cgsh&condition= HTTP/1.1" 200 17694
124.77.108.71 - - [27/Aug/2021:09:42:20 +0800] "POST /xingrg/dwr/call/plaincall/AjaxComOrderService.getMaterielSearchList.dwr HTTP/1.1" 200 5065
172.20.0.100 - - [27/Aug/2021:09:42:21 +0800] "GET /xingrg/all/function/internal_message.html?_=1630028545052&CODE_STATE=getMsg HTTP/1.1" 200 27
116.233.78.234 - - [27/Aug/2021:09:42:21 +0800] "GET /xingrg/kc/buy/cgsh_order_operate.html?command=get_materiel&rest_code=00109&code=00101008137&supplier_code=00100005&order_time=2021-08-27 HTTP/1.1" 200 408
124.77.108.71 - - [27/Aug/2021:09:42:22 +0800] "POST /xingrg/dwr/call/plaincall/AjaxYddbService.getMaterielByMap.dwr HTTP/1.1" 200 3491
120.253.135.82 - - [27/Aug/2021:09:42:23 +0800] "GET /xingrg/all/function/internal_message.html?_=1630028556127&CODE_STATE=getMsg HTTP/1.1" 200 27
101.83.145.79 - - [27/Aug/2021:09:42:24 +0800] "GET /xingrg/kc/buy/cgsh_order_operate.html?command=get_materiel&rest_code=00105&code=00101008358&supplier_code=00100203&order_time=2021-08-27 HTTP/1.1" 200 412
116.230.105.26 - - [27/Aug/2021:09:42:24 +0800] "GET /xingrg/kc/buy/cgsh_order_operate.html?command=get_materiel&rest_code=00155&code=00101008283&supplier_code=00100005&order_time=2021-08-27 HTTP/1.1" 200 408
124.77.108.71 - - [27/Aug/2021:09:42:24 +0800] "POST /xingrg/dwr/call/plaincall/AjaxYddbService.saveMaterielItem.dwr HTTP/1.1" 200 79
180.169.147.146 - - [27/Aug/2021:09:42:25 +0800] "GET /xingrg/all/function/internal_message.html?_=1630028551092&CODE_STATE=getMsg HTTP/1.1" 200 27
116.233.78.234 - - [27/Aug/2021:09:42:26 +0800] "GET /xingrg/kc/buy/cgsh_order_operate.html?command=get_materiel&rest_code=00109&code=00101008041&supplier_code=00100005&order_time=2021-08-27 HTTP/1.1" 200 408
180.169.147.146 - - [27/Aug/2021:09:42:28 +0800] "GET /xingrg/all/function/internal_message.html?_=1630028551181&CODE_STATE=getMsg HTTP/1.1" 200 27
116.238.194.18 - - [27/Aug/2021:09:42:28 +0800] "GET /xingrg/check_reg.html?_=1630028542243 HTTP/1.1" 200 22
116.238.194.18 - - [27/Aug/2021:09:42:28 +0800] "GET /xingrg/all/function/internal_message.html?_=1630028542368&CODE_STATE=getMsg HTTP/1.1" 200 27
124.77.108.71 - - [27/Aug/2021:09:42:29 +0800] "POST /xingrg/dwr/call/plaincall/AjaxComOrderService.getMaterielSearchList.dwr HTTP/1.1" 200 293
116.230.105.26 - - [27/Aug/2021:09:42:30 +0800] "GET /xingrg/kc/buy/cgsh_order_operate.html?command=get_materiel&rest_code=00155&code=00101008223&supplier_code=00100005&order_time=2021-08-27 HTTP/1.1" 200 412
101.83.145.79 - - [27/Aug/2021:09:42:31 +0800] "GET /xingrg/kc/buy/cgsh_order_operate.html?command=get_materiel&rest_code=00105&code=00101008088&supplier_code=00100203&order_time=2021-08-27 HTTP/1.1" 200 408
222.70.246.151 - - [27/Aug/2021:09:42:31 +0800] "GET /xingrg/all/function/internal_message.html?_=1630028554406&CODE_STATE=getMsg HTTP/1.1" 200 27
222.69.131.200 - - [27/Aug/2021:09:42:32 +0800] "GET /xingrg/all/function/internal_message.html?_=1630028554119&CODE_STATE=getMsg HTTP/1.1" 200 27
116.238.194.18 - - [27/Aug/2021:09:42:34 +0800] "POST /xingrg/kc/buy/cgsh_order_operate.html HTTP/1.1" 200 37
116.233.78.234 - - [27/Aug/2021:09:42:35 +0800] "GET /xingrg/kc/buy/cgsh_order_operate.html?command=get_materiel&rest_code=00109&code=00101015062&supplier_code=00100005&order_time=2021-08-27 HTTP/1.1" 200 412
116.230.105.26 - - [27/Aug/2021:09:42:37 +0800] "GET /xingrg/kc/buy/cgsh_order_operate.html?command=get_materiel&rest_code=00155&code=00101008168&supplier_code=00100005&order_time=2021-08-27 HTTP/1.1" 200 412
124.77.108.71 - - [27/Aug/2021:09:42:37 +0800] "POST /xingrg/dwr/call/plaincall/AjaxComOrderService.getMaterielSearchList.dwr HTTP/1.1" 200 204
116.238.194.18 - - [27/Aug/2021:09:42:37 +0800] "POST /xingrg/kc/buy/cgsh_order_operate.html HTTP/1.1" 200 12
116.238.194.18 - - [27/Aug/2021:09:42:37 +0800] "GET /xingrg/all/function/internal_message.html?_=1630028560320&CODE_STATE=getMsg HTTP/1.1" 200 27
116.238.194.18 - - [27/Aug/2021:09:42:38 +0800] "GET /xingrg/kc/buy/cgsh_order_info.html?code=212021082712146 HTTP/1.1" 200 58178
116.238.194.18 - - [27/Aug/2021:09:42:38 +0800] "GET /xingrg/words/20210827093343_words.js HTTP/1.1" 200 837521
116.238.194.18 - - [27/Aug/2021:09:42:39 +0800] "GET /xingrg/javascript/easyui/themes/default/validatebox.css HTTP/1.1" 404 1104
124.77.108.71 - - [27/Aug/2021:09:42:39 +0800] "POST /xingrg/dwr/call/plaincall/AjaxComOrderService.getMaterielSearchList.dwr HTTP/1.1" 200 522
116.238.194.18 - - [27/Aug/2021:09:42:39 +0800] "POST /xingrg/kc/buy/cgsh_order_operate.html HTTP/1.1" 200 27854
101.83.145.79 - - [27/Aug/2021:09:42:40 +0800] "GET /xingrg/kc/buy/cgsh_order_operate.html?command=get_materiel&rest_code=00105&code=00101008246&supplier_code=00100203&order_time=2021-08-27 HTTP/1.1" 200 408
116.238.194.18 - - [27/Aug/2021:09:42:41 +0800] "GET /xingrg/kc/print/load_config.html?kc_code=cgsh HTTP/1.1" 200 2076
116.238.194.18 - - [27/Aug/2021:09:42:41 +0800] "GET /xingrg/kc/print/load_data.html?order_code=212021082712146&kc_code=cgsh&condition= HTTP/1.1" 200 11114
116.230.105.26 - - [27/Aug/2021:09:42:42 +0800] "GET /xingrg/all/function/internal_message.html?_=1630028531104&CODE_STATE=getMsg HTTP/1.1" 200 27
124.77.108.71 - - [27/Aug/2021:09:42:43 +0800] "POST /xingrg/dwr/call/plaincall/AjaxYddbService.getMaterielByMap.dwr HTTP/1.1" 200 3495
222.70.179.113 - - [27/Aug/2021:09:42:45 +0800] "GET /xingrg/all/function/internal_message.html?_=1630028565246&CODE_STATE=getMsg HTTP/1.1" 200 27
180.157.254.90 - - [27/Aug/2021:09:42:45 +0800] "GET /xingrg/all/function/internal_message.html?_=1630028572606&CODE_STATE=getMsg HTTP/1.1" 200 27
116.230.105.26 - - [27/Aug/2021:09:42:46 +0800] "GET /xingrg/kc/buy/cgsh_order_operate.html?command=get_materiel&rest_code=00155&code=00101008229&supplier_code=00100005&order_time=2021-08-27 HTTP/1.1" 200 420
124.77.108.71 - - [27/Aug/2021:09:42:46 +0800] "POST /xingrg/dwr/call/plaincall/AjaxYddbService.saveMaterielItem.dwr HTTP/1.1" 200 79
116.238.194.18 - - [27/Aug/2021:09:42:49 +0800] "POST /xingrg/kc/buy/cgsh_list_operate.html HTTP/1.1" 200 580
101.83.145.79 - - [27/Aug/2021:09:42:50 +0800] "GET /xingrg/kc/buy/cgsh_order_operate.html?command=get_materiel&rest_code=00105&code=00101008118&supplier_code=00100203&order_time=2021-08-27 HTTP/1.1" 200 418
116.238.194.18 - - [27/Aug/2021:09:42:50 +0800] "GET /xingrg/kc/buy/cgsh_order_info.html?code=212021082712161 HTTP/1.1" 200 63262
124.77.108.71 - - [27/Aug/2021:09:42:50 +0800] "POST /xingrg/dwr/call/plaincall/AjaxComOrderService.getMaterielSearchList.dwr HTTP/1.1" 200 18445
116.238.194.18 - - [27/Aug/2021:09:42:50 +0800] "GET /xingrg/javascript/easyui/themes/default/validatebox.css HTTP/1.1" 404 1104
116.233.78.234 - - [27/Aug/2021:09:42:51 +0800] "GET /xingrg/all/function/internal_message.html?_=1630028576293&CODE_STATE=getMsg HTTP/1.1" 200 27
116.238.194.18 - - [27/Aug/2021:09:42:51 +0800] "POST /xingrg/kc/buy/cgsh_order_operate.html HTTP/1.1" 200 8011
124.77.108.71 - - [27/Aug/2021:09:42:55 +0800] "POST /xingrg/dwr/call/plaincall/AjaxComOrderService.getMaterielSearchList.dwr HTTP/1.1" 200 13719
101.83.145.79 - - [27/Aug/2021:09:42:56 +0800] "GET /xingrg/kc/buy/cgsh_order_operate.html?command=get_materiel&rest_code=00105&code=00101008087&supplier_code=00100203&order_time=2021-08-27 HTTP/1.1" 200 412
124.77.108.71 - - [27/Aug/2021:09:42:57 +0800] "GET /xingrg/all/function/internal_message.html?_=1630028574081&CODE_STATE=getMsg HTTP/1.1" 200 27
124.77.108.71 - - [27/Aug/2021:09:43:00 +0800] "POST /xingrg/dwr/call/plaincall/AjaxComOrderService.getMaterielSearchList.dwr HTTP/1.1" 200 283
124.77.108.71 - - [27/Aug/2021:09:43:01 +0800] "POST /xingrg/dwr/call/plaincall/AjaxYddbService.getMaterielByMap.dwr HTTP/1.1" 200 3506
101.83.145.79 - - [27/Aug/2021:09:43:06 +0800] "GET /xingrg/kc/buy/cgsh_order_operate.html?command=get_materiel&rest_code=00105&code=00101008361&supplier_code=00100203&order_time=2021-08-27 HTTP/1.1" 200 408
180.169.147.146 - - [27/Aug/2021:09:43:06 +0800] "GET /xingrg/all/function/internal_message.html?_=1630028591455&CODE_STATE=getMsg HTTP/1.1" 200 27
101.83.145.79 - - [27/Aug/2021:09:43:08 +0800] "POST /xingrg/kc/buy/cgsh_order_operate.html HTTP/1.1" 200 2065
124.77.108.71 - - [27/Aug/2021:09:43:09 +0800] "POST /xingrg/dwr/call/plaincall/AjaxYddbService.saveMaterielItem.dwr HTTP/1.1" 200 79
101.83.145.79 - - [27/Aug/2021:09:43:11 +0800] "GET /xingrg/all/function/internal_message.html?_=1630028595830&CODE_STATE=getMsg HTTP/1.1" 200 27
116.233.78.234 - - [27/Aug/2021:09:43:11 +0800] "POST /xingrg/kc/buy/cgsh_order_operate.html HTTP/1.1" 200 37
116.230.105.26 - - [27/Aug/2021:09:43:13 +0800] "POST /xingrg/kc/buy/cgsh_order_operate.html HTTP/1.1" 200 2065
120.253.135.82 - - [27/Aug/2021:09:43:13 +0800] "GET /xingrg/all/function/internal_message.html?_=1630028372667&CODE_STATE=getMsg HTTP/1.1" 200 27
124.77.108.71 - - [27/Aug/2021:09:43:16 +0800] "POST /xingrg/dwr/call/plaincall/AjaxComOrderService.getMaterielSearchList.dwr HTTP/1.1" 200 27664
116.230.105.26 - - [27/Aug/2021:09:43:18 +0800] "GET /xingrg/kc/buy/cgsh_order_operate.html?command=get_materiel&rest_code=00155&code=00101008186&supplier_code=00100005&order_time=2021-08-27 HTTP/1.1" 200 408
222.70.246.151 - - [27/Aug/2021:09:43:20 +0800] "GET /xingrg/check_reg.html?_=1630028603509 HTTP/1.1" 200 22
172.20.0.100 - - [27/Aug/2021:09:43:21 +0800] "GET /xingrg/check_reg.html?_=1630028605053 HTTP/1.1" 200 22
172.20.0.100 - - [27/Aug/2021:09:43:21 +0800] "GET /xingrg/all/function/internal_message.html?_=1630028605057&CODE_STATE=getMsg HTTP/1.1" 200 27
120.253.135.82 - - [27/Aug/2021:09:43:23 +0800] "GET /xingrg/all/function/internal_message.html?_=1630028616135&CODE_STATE=getMsg HTTP/1.1" 200 27
124.77.108.71 - - [27/Aug/2021:09:43:24 +0800] "POST /xingrg/dwr/call/plaincall/AjaxComOrderService.getMaterielSearchList.dwr HTTP/1.1" 200 205
116.238.194.18 - - [27/Aug/2021:09:43:25 +0800] "POST /xingrg/kc/buy/cgsh_order_operate.html HTTP/1.1" 200 37
116.230.105.26 - - [27/Aug/2021:09:43:25 +0800] "GET /xingrg/kc/buy/cgsh_order_operate.html?command=get_materiel&rest_code=00155&code=00101008313&supplier_code=00100005&order_time=2021-08-27 HTTP/1.1" 200 412
180.169.147.146 - - [27/Aug/2021:09:43:25 +0800] "GET /xingrg/all/function/internal_message.html?_=1630028611079&CODE_STATE=getMsg HTTP/1.1" 200 27
101.83.145.79 - - [27/Aug/2021:09:43:26 +0800] "GET /xingrg/kc/buy/cgsh_order_operate.html?command=get_materiel&rest_code=00105&code=00101008067&supplier_code=00100203&order_time=2021-08-27 HTTP/1.1" 200 416
116.238.194.18 - - [27/Aug/2021:09:43:27 +0800] "POST /xingrg/kc/buy/cgsh_order_operate.html HTTP/1.1" 200 12
124.77.108.71 - - [27/Aug/2021:09:43:27 +0800] "POST /xingrg/dwr/call/plaincall/AjaxComOrderService.getMaterielSearchList.dwr HTTP/1.1" 200 27665
180.169.147.146 - - [27/Aug/2021:09:43:28 +0800] "GET /xingrg/all/function/internal_message.html?_=1630028611160&CODE_STATE=getMsg HTTP/1.1" 200 27
116.238.194.18 - - [27/Aug/2021:09:43:28 +0800] "GET /xingrg/all/function/internal_message.html?_=1630028602381&CODE_STATE=getMsg HTTP/1.1" 200 27
116.238.194.18 - - [27/Aug/2021:09:43:28 +0800] "GET /xingrg/kc/buy/cgsh_order_info.html?code=212021082712161 HTTP/1.1" 200 58166
116.238.194.18 - - [27/Aug/2021:09:43:29 +0800] "GET /xingrg/javascript/easyui/themes/default/validatebox.css HTTP/1.1" 404 1104
116.238.194.18 - - [27/Aug/2021:09:43:29 +0800] "POST /xingrg/kc/buy/cgsh_order_operate.html HTTP/1.1" 200 5957
116.238.194.18 - - [27/Aug/2021:09:43:30 +0800] "GET /xingrg/kc/print/load_data.html?order_code=212021082712161&kc_code=cgsh&condition= HTTP/1.1" 200 2759
116.230.105.26 - - [27/Aug/2021:09:43:31 +0800] "GET /xingrg/kc/buy/cgsh_order_operate.html?command=get_materiel&rest_code=00155&code=00101008558&supplier_code=00100005&order_time=2021-08-27 HTTP/1.1" 200 395
222.70.246.151 - - [27/Aug/2021:09:43:31 +0800] "GET /xingrg/all/function/internal_message.html?_=1630028614409&CODE_STATE=getMsg HTTP/1.1" 200 27
222.69.131.200 - - [27/Aug/2021:09:43:32 +0800] "GET /xingrg/all/function/internal_message.html?_=1630028614146&CODE_STATE=getMsg HTTP/1.1" 200 27
101.83.145.79 - - [27/Aug/2021:09:43:34 +0800] "GET /xingrg/kc/buy/cgsh_order_operate.html?command=get_materiel&rest_code=00105&code=00101008059&supplier_code=00100203&order_time=2021-08-27 HTTP/1.1" 200 408
116.233.78.234 - - [27/Aug/2021:09:43:35 +0800] "POST /xingrg/kc/buy/cgsh_order_operate.html HTTP/1.1" 200 54714
116.238.194.18 - - [27/Aug/2021:09:43:37 +0800] "GET /xingrg/all/function/internal_message.html?_=1630028620321&CODE_STATE=getMsg HTTP/1.1" 200 27
116.238.194.18 - - [27/Aug/2021:09:43:38 +0800] "POST /xingrg/all/user/operate.html HTTP/1.1" 200 36
116.238.194.18 - - [27/Aug/2021:09:43:39 +0800] "GET /xingrg/javascript/jquery_easy_ui/themes/default/easyui.css HTTP/1.1" 304 -
116.238.194.18 - - [27/Aug/2021:09:43:39 +0800] "GET /xingrg/index.html?sysBaseUrl=http%3A%2F%2F180.169.147.146%3A18081%2Fxingrg%2F&costTime=37×tamp=1630026954740 HTTP/1.1" 200 17177
116.238.194.18 - - [27/Aug/2021:09:43:39 +0800] "GET /xingrg/javascript/jquery_easy_ui/themes/icon.css HTTP/1.1" 304 -
116.238.194.18 - - [27/Aug/2021:09:43:39 +0800] "GET /xingrg/css/form.css HTTP/1.1" 304 -
116.238.194.18 - - [27/Aug/2021:09:43:39 +0800] "GET /xingrg/javascript/jquery-1.4.2.min.js HTTP/1.1" 304 -
116.238.194.18 - - [27/Aug/2021:09:43:39 +0800] "GET /xingrg/javascript/jquery_easy_ui/jquery.easyui.min.js HTTP/1.1" 304 -
116.238.194.18 - - [27/Aug/2021:09:43:39 +0800] "GET /xingrg/javascript/jquery_easy_ui/easyui-lang-zh_CN.js HTTP/1.1" 304 -
116.238.194.18 - - [27/Aug/2021:09:43:39 +0800] "GET /xingrg/javascript/jquery.form.js HTTP/1.1" 304 -
116.238.194.18 - - [27/Aug/2021:09:43:39 +0800] "GET /xingrg/javascript/jquery.utils.js HTTP/1.1" 304 -
116.238.194.18 - - [27/Aug/2021:09:43:39 +0800] "GET /xingrg/javascript/jquery.timers.js HTTP/1.1" 304 -
116.238.194.18 - - [27/Aug/2021:09:43:39 +0800] "GET /xingrg/images/blue/jxLogo.png HTTP/1.1" 304 -
116.238.194.18 - - [27/Aug/2021:09:43:39 +0800] "GET /xingrg/images/blue/navBackgound.jpg HTTP/1.1" 304 -
116.238.194.18 - - [27/Aug/2021:09:43:39 +0800] "GET /xingrg/javascript/jquery_easy_ui/themes/icons/settle_new.png HTTP/1.1" 304 -
116.238.194.18 - - [27/Aug/2021:09:43:39 +0800] "POST /xingrg/all/common/load_tree.html?tree=area_rest_tree_json&manage=1 HTTP/1.1" 200 476
116.238.194.18 - - [27/Aug/2021:09:43:39 +0800] "GET /xingrg/images/blue/pingpu.png HTTP/1.1" 304 -
116.238.194.18 - - [27/Aug/2021:09:43:39 +0800] "GET /xingrg/javascript/jquery_easy_ui/themes/default/images/tabs_leftarrow.png HTTP/1.1" 304 -
116.238.194.18 - - [27/Aug/2021:09:43:39 +0800] "GET /xingrg/javascript/jquery_easy_ui/themes/default/images/tabs_rightarrow.png HTTP/1.1" 304 -
116.238.194.18 - - [27/Aug/2021:09:43:39 +0800] "GET /xingrg/javascript/jquery_easy_ui/themes/default/images/panel_tool_collapse.gif HTTP/1.1" 304 -
116.238.194.18 - - [27/Aug/2021:09:43:39 +0800] "GET /xingrg/all/function/internal_message.html?_=1630028612833&CODE_STATE=count HTTP/1.1" 200 11
116.238.194.18 - - [27/Aug/2021:09:43:39 +0800] "GET /xingrg/check_reg.html?_=1630028612834 HTTP/1.1" 200 22
116.238.194.18 - - [27/Aug/2021:09:43:39 +0800] "POST /xingrg/load_menu.html HTTP/1.1" 200 5138
116.233.78.234 - - [27/Aug/2021:09:43:39 +0800] "GET /xingrg/kc/print/load_config.html?kc_code=cgsh HTTP/1.1" 200 2076
116.233.78.234 - - [27/Aug/2021:09:43:39 +0800] "GET /xingrg/kc/print/load_data.html?order_code=212021082712164&kc_code=cgsh&condition= HTTP/1.1" 200 20371
116.238.194.18 - - [27/Aug/2021:09:43:41 +0800] "GET /xingrg/kc/buy/cgsh_order_list.html HTTP/1.1" 200 47595
116.230.105.26 - - [27/Aug/2021:09:43:42 +0800] "GET /xingrg/all/function/internal_message.html?_=1630028591107&CODE_STATE=getMsg HTTP/1.1" 200 27
116.238.194.18 - - [27/Aug/2021:09:43:43 +0800] "POST /xingrg/kc/buy/cgsh_list_operate.html HTTP/1.1" 200 2085
116.230.105.26 - - [27/Aug/2021:09:43:43 +0800] "POST /xingrg/kc/buy/cgsh_order_operate.html HTTP/1.1" 200 2065
101.83.145.79 - - [27/Aug/2021:09:43:44 +0800] "GET /xingrg/kc/buy/cgsh_order_operate.html?command=get_materiel&rest_code=00105&code=00101008357&supplier_code=00100203&order_time=2021-08-27 HTTP/1.1" 200 408
222.69.131.200 - - [27/Aug/2021:09:43:44 +0800] "GET /favicon.ico HTTP/1.1" 404 -
222.69.131.200 - - [27/Aug/2021:09:43:45 +0800] "GET /favicon.ico HTTP/1.1" 404 -
222.70.179.113 - - [27/Aug/2021:09:43:45 +0800] "GET /xingrg/check_reg.html?_=1630028625229 HTTP/1.1" 200 22
222.70.179.113 - - [27/Aug/2021:09:43:45 +0800] "GET /xingrg/all/function/internal_message.html?_=1630028625232&CODE_STATE=getMsg HTTP/1.1" 200 27
222.69.131.200 - - [27/Aug/2021:09:43:45 +0800] "GET /favicon.ico HTTP/1.1" 404 -
180.157.254.90 - - [27/Aug/2021:09:43:45 +0800] "GET /xingrg/all/function/internal_message.html?_=1630028632605&CODE_STATE=getMsg HTTP/1.1" 200 27
222.69.131.200 - - [27/Aug/2021:09:43:46 +0800] "GET /xingrg HTTP/1.1" 302 -
222.69.131.200 - - [27/Aug/2021:09:43:46 +0800] "GET /xingrg/ HTTP/1.1" 200 292
222.69.131.200 - - [27/Aug/2021:09:43:47 +0800] "GET /xingrg/index.html HTTP/1.1" 302 -
222.69.131.200 - - [27/Aug/2021:09:43:47 +0800] "GET /xingrg/login.html HTTP/1.1" 200 7641
222.69.131.200 - - [27/Aug/2021:09:43:47 +0800] "GET /favicon.ico HTTP/1.1" 404 -
222.69.131.200 - - [27/Aug/2021:09:43:47 +0800] "GET /favicon.ico HTTP/1.1" 404 -
116.230.105.26 - - [27/Aug/2021:09:43:48 +0800] "GET /xingrg/kc/buy/cgsh_order_operate.html?command=get_materiel&rest_code=00155&code=00101008298&supplier_code=00100005&order_time=2021-08-27 HTTP/1.1" 200 412
116.238.194.18 - - [27/Aug/2021:09:43:49 +0800] "POST /xingrg/kc/buy/cgsh_list_operate.html HTTP/1.1" 200 568
116.238.194.18 - - [27/Aug/2021:09:43:50 +0800] "GET /xingrg/kc/buy/cgsh_order_info.html?code=212021082712158 HTTP/1.1" 200 62992
116.238.194.18 - - [27/Aug/2021:09:43:50 +0800] "GET /xingrg/javascript/easyui/themes/default/validatebox.css HTTP/1.1" 404 1104
116.238.194.18 - - [27/Aug/2021:09:43:51 +0800] "POST /xingrg/kc/buy/cgsh_order_operate.html HTTP/1.1" 200 6270
116.233.78.234 - - [27/Aug/2021:09:43:51 +0800] "GET /xingrg/all/function/internal_message.html?_=1630028637115&CODE_STATE=getMsg HTTP/1.1" 200 27
222.69.131.200 - - [27/Aug/2021:09:43:54 +0800] "GET /xingrg/login.html HTTP/1.1" 200 7641
222.69.131.200 - - [27/Aug/2021:09:43:54 +0800] "GET /favicon.ico HTTP/1.1" 404 -
116.238.194.18 - - [27/Aug/2021:09:43:56 +0800] "POST /xingrg/kc/buy/cgsh_order_operate.html HTTP/1.1" 200 37
222.70.179.113 - - [27/Aug/2021:09:43:56 +0800] "GET /xingrg/kc/buy/cgsh_order_add.html HTTP/1.1" 200 63329
101.83.145.79 - - [27/Aug/2021:09:43:56 +0800] "POST /xingrg/kc/buy/cgsh_order_operate.html HTTP/1.1" 200 2065
222.70.179.113 - - [27/Aug/2021:09:43:56 +0800] "POST /xingrg/kc/buy/cgsh_order_operate.html HTTP/1.1" 200 8245
222.70.179.113 - - [27/Aug/2021:09:43:56 +0800] "GET /xingrg/javascript/easyui/themes/default/validatebox.css HTTP/1.1" 404 1104
116.230.105.26 - - [27/Aug/2021:09:43:56 +0800] "GET /xingrg/kc/buy/cgsh_order_operate.html?command=get_materiel&rest_code=00155&code=00101008069&supplier_code=00100005&order_time=2021-08-27 HTTP/1.1" 200 412
124.77.108.71 - - [27/Aug/2021:09:43:57 +0800] "GET /xingrg/all/function/internal_message.html?_=1630028634090&CODE_STATE=getMsg HTTP/1.1" 200 27
124.77.108.71 - - [27/Aug/2021:09:43:57 +0800] "GET /xingrg/check_reg.html?_=1630028634091 HTTP/1.1" 200 22
116.238.194.18 - - [27/Aug/2021:09:43:59 +0800] "POST /xingrg/kc/buy/cgsh_order_operate.html HTTP/1.1" 200 12
222.70.179.113 - - [27/Aug/2021:09:44:00 +0800] "GET /xingrg/javascript/jquery_tools/images/prev.gif HTTP/1.1" 404 1086
222.70.179.113 - - [27/Aug/2021:09:44:00 +0800] "GET /xingrg/javascript/jquery_tools/images/next.gif HTTP/1.1" 404 1086
116.238.194.18 - - [27/Aug/2021:09:44:00 +0800] "GET /xingrg/kc/buy/cgsh_order_info.html?code=212021082712158 HTTP/1.1" 200 57896
101.83.145.79 - - [27/Aug/2021:09:44:00 +0800] "GET /xingrg/kc/buy/cgsh_order_operate.html?command=get_materiel&rest_code=00105&code=00101010136&supplier_code=00100203&order_time=2021-08-27 HTTP/1.1" 200 408
116.238.194.18 - - [27/Aug/2021:09:44:00 +0800] "GET /xingrg/javascript/easyui/themes/default/validatebox.css HTTP/1.1" 404 1104
116.238.194.18 - - [27/Aug/2021:09:44:01 +0800] "POST /xingrg/kc/buy/cgsh_order_operate.html HTTP/1.1" 200 4217
116.238.194.18 - - [27/Aug/2021:09:44:02 +0800] "GET /xingrg/kc/print/load_data.html?order_code=212021082712158&kc_code=cgsh&condition= HTTP/1.1" 200 2139
222.69.131.200 - - [27/Aug/2021:09:44:02 +0800] "POST /xingrg/login.do HTTP/1.1" 302 -
222.69.131.200 - - [27/Aug/2021:09:44:02 +0800] "GET /xingrg/index.html?sysBaseUrl=http%3A%2F%2F180.169.147.146%3A18081%2Fxingrg%2F&costTime=7×tamp=1630028642609 HTTP/1.1" 200 16968
222.69.131.200 - - [27/Aug/2021:09:44:02 +0800] "POST /xingrg/login.do HTTP/1.1" 302 -
222.69.131.200 - - [27/Aug/2021:09:44:02 +0800] "GET /xingrg/index.html?sysBaseUrl=http%3A%2F%2F180.169.147.146%3A18081%2Fxingrg%2F&costTime=50×tamp=1630028642754 HTTP/1.1" 200 17419
222.69.131.200 - - [27/Aug/2021:09:44:02 +0800] "GET /favicon.ico HTTP/1.1" 404 -
222.69.131.200 - - [27/Aug/2021:09:44:02 +0800] "GET /favicon.ico HTTP/1.1" 404 -
222.69.131.200 - - [27/Aug/2021:09:44:02 +0800] "POST /xingrg/all/common/load_tree.html?tree=area_rest_tree_json&manage=1 HTTP/1.1" 200 3472
222.69.131.200 - - [27/Aug/2021:09:44:03 +0800] "POST /xingrg/all/common/load_tree.html?tree=area_rest_tree_json&manage=1 HTTP/1.1" 200 351
222.69.131.200 - - [27/Aug/2021:09:44:03 +0800] "GET /xingrg/check_reg.html?_=1630028645686 HTTP/1.1" 200 22
222.69.131.200 - - [27/Aug/2021:09:44:03 +0800] "GET /xingrg/all/function/internal_message.html?_=1630028645683&CODE_STATE=count HTTP/1.1" 200 11
222.69.131.200 - - [27/Aug/2021:09:44:03 +0800] "POST /xingrg/load_menu.html HTTP/1.1" 200 677
222.69.131.200 - - [27/Aug/2021:09:44:03 +0800] "GET /xingrg/all/function/internal_message.html?_=1630028646426&CODE_STATE=count HTTP/1.1" 200 11
222.69.131.200 - - [27/Aug/2021:09:44:03 +0800] "GET /xingrg/check_reg.html?_=1630028646431 HTTP/1.1" 200 22
222.69.131.200 - - [27/Aug/2021:09:44:03 +0800] "POST /xingrg/load_menu.html HTTP/1.1" 200 9959
222.69.131.200 - - [27/Aug/2021:09:44:04 +0800] "GET /xingrg/dma/sys/data_clear.html HTTP/1.1" 200 12693
222.69.131.200 - - [27/Aug/2021:09:44:04 +0800] "GET /xingrg/dwr/interface/AjaxReportQueryService.js HTTP/1.1" 200 13203
222.69.131.200 - - [27/Aug/2021:09:44:04 +0800] "GET /xingrg/dwr/util.js HTTP/1.1" 200 35990
222.69.131.200 - - [27/Aug/2021:09:44:04 +0800] "GET /xingrg/dwr/engine.js HTTP/1.1" 200 43631
222.69.131.200 - - [27/Aug/2021:09:44:04 +0800] "POST /xingrg/all/common/load_tree.html?tree=station_tree_json HTTP/1.1" 200 3192
222.69.131.200 - - [27/Aug/2021:09:44:04 +0800] "POST /xingrg/all/common/load_tree.html?tree=station_tree_json HTTP/1.1" 200 3192
222.69.131.200 - - [27/Aug/2021:09:44:05 +0800] "POST /xingrg/load_menu.html HTTP/1.1" 200 9242
222.69.131.200 - - [27/Aug/2021:09:44:06 +0800] "GET /xingrg/all/report/report_query.html?fileName=dma/new_5.0/yingye/order_list.xml HTTP/1.1" 200 55281
222.69.131.200 - - [27/Aug/2021:09:44:06 +0800] "GET /xingrg/dwr/interface/AjaxReportQueryService.js HTTP/1.1" 200 13203
222.69.131.200 - - [27/Aug/2021:09:44:06 +0800] "GET /xingrg/dwr/engine.js HTTP/1.1" 200 43631
222.69.131.200 - - [27/Aug/2021:09:44:06 +0800] "POST /xingrg/dwr/call/plaincall/AjaxReportQueryService.getFixDate.dwr HTTP/1.1" 200 111
180.169.147.146 - - [27/Aug/2021:09:44:06 +0800] "GET /xingrg/check_reg.html?_=1630028651452 HTTP/1.1" 200 22
180.169.147.146 - - [27/Aug/2021:09:44:06 +0800] "GET /xingrg/all/function/internal_message.html?_=1630028651454&CODE_STATE=getMsg HTTP/1.1" 200 27
222.69.131.200 - - [27/Aug/2021:09:44:06 +0800] "POST /xingrg/all/common/load_tree.html?tree=area_station_tree_json&manage=1 HTTP/1.1" 200 347
222.69.131.200 - - [27/Aug/2021:09:44:07 +0800] "POST /xingrg/dwr/call/plaincall/AjaxReportQueryService.getInitString.dwr HTTP/1.1" 200 76
222.70.179.113 - - [27/Aug/2021:09:44:08 +0800] "GET /xingrg/kc/buy/cgsh_order_operate.html?command=get_materiel&rest_code=00111&code=00101001138&supplier_code=00100199&order_time=2021-08-27 HTTP/1.1" 200 413
222.69.131.200 - - [27/Aug/2021:09:44:08 +0800] "POST /xingrg/dwr/call/plaincall/AjaxReportQueryService.getFixDate.dwr HTTP/1.1" 200 111
116.238.194.18 - - [27/Aug/2021:09:44:10 +0800] "POST /xingrg/kc/buy/cgsh_list_operate.html HTTP/1.1" 200 558
116.238.194.18 - - [27/Aug/2021:09:44:10 +0800] "GET /xingrg/kc/buy/cgsh_order_info.html?code=212021082712154 HTTP/1.1" 200 62992
116.238.194.18 - - [27/Aug/2021:09:44:11 +0800] "GET /xingrg/javascript/easyui/themes/default/validatebox.css HTTP/1.1" 404 1104
222.69.131.200 - - [27/Aug/2021:09:44:11 +0800] "POST /xingrg/dwr/call/plaincall/AjaxReportQueryService.queryInitializeString.dwr HTTP/1.1" 200 253
116.238.194.18 - - [27/Aug/2021:09:44:11 +0800] "POST /xingrg/kc/buy/cgsh_order_operate.html HTTP/1.1" 200 14606
101.83.145.79 - - [27/Aug/2021:09:44:11 +0800] "GET /xingrg/all/function/internal_message.html?_=1630028655926&CODE_STATE=getMsg HTTP/1.1" 200 27
116.230.105.26 - - [27/Aug/2021:09:44:12 +0800] "GET /xingrg/kc/buy/cgsh_order_operate.html?command=get_materiel&rest_code=00155&code=00101008331&supplier_code=00100005&order_time=2021-08-27 HTTP/1.1" 200 416
120.253.135.82 - - [27/Aug/2021:09:44:13 +0800] "GET /xingrg/check_reg.html?_=1630028431836 HTTP/1.1" 200 22
222.69.131.200 - - [27/Aug/2021:09:44:13 +0800] "POST /xingrg/dwr/call/plaincall/AjaxReportQueryService.refreshCache.dwr HTTP/1.1" 200 78
222.69.131.200 - - [27/Aug/2021:09:44:13 +0800] "POST /xingrg/all/report/load_report_page.html HTTP/1.1" 200 209225
222.69.131.200 - - [27/Aug/2021:09:44:13 +0800] "GET /xingrg/servlets/image?cache=0.0014868679633377457&image=px HTTP/1.1" 200 807
120.253.135.82 - - [27/Aug/2021:09:44:13 +0800] "GET /xingrg/all/function/internal_message.html?_=1630028432680&CODE_STATE=getMsg HTTP/1.1" 200 27
58.221.95.50 - - [27/Aug/2021:09:44:15 +0800] "GET /xingrg/check_reg.html?_=1630028657890 HTTP/1.1" 302 -
116.230.105.26 - - [27/Aug/2021:09:44:15 +0800] "POST /xingrg/kc/buy/cgsh_order_operate.html HTTP/1.1" 200 2065
222.69.131.200 - - [27/Aug/2021:09:44:16 +0800] "POST /xingrg/dwr/call/plaincall/AjaxReportQueryService.getFixDate.dwr HTTP/1.1" 200 111
124.77.108.71 - - [27/Aug/2021:09:44:17 +0800] "POST /xingrg/dwr/call/plaincall/AjaxComOrderService.getMaterielSearchList.dwr HTTP/1.1" 200 27397
222.69.131.200 - - [27/Aug/2021:09:44:19 +0800] "POST /xingrg/all/report/load_report_page.html HTTP/1.1" 200 153662
222.69.131.200 - - [27/Aug/2021:09:44:19 +0800] "GET /xingrg/servlets/image?cache=0.6000600119894383&image=px HTTP/1.1" 200 807
124.77.108.71 - - [27/Aug/2021:09:44:19 +0800] "POST /xingrg/dwr/call/plaincall/AjaxComOrderService.getMaterielSearchList.dwr HTTP/1.1" 200 548
222.70.179.113 - - [27/Aug/2021:09:44:21 +0800] "GET /xingrg/kc/buy/cgsh_order_operate.html?command=get_materiel&rest_code=00111&code=00101002027&supplier_code=00100199&order_time=2021-08-27 HTTP/1.1" 200 415
124.77.108.71 - - [27/Aug/2021:09:44:21 +0800] "POST /xingrg/dwr/call/plaincall/AjaxYddbService.getMaterielByMap.dwr HTTP/1.1" 200 3503
172.20.0.100 - - [27/Aug/2021:09:44:21 +0800] "GET /xingrg/all/function/internal_message.html?_=1630028665049&CODE_STATE=getMsg HTTP/1.1" 200 27
222.69.131.200 - - [27/Aug/2021:09:44:22 +0800] "POST /xingrg/dma/sys/setting_operate.html HTTP/1.1" 200 4
120.253.135.82 - - [27/Aug/2021:09:44:23 +0800] "GET /xingrg/all/function/internal_message.html?_=1630028676153&CODE_STATE=getMsg HTTP/1.1" 200 27
124.77.108.71 - - [27/Aug/2021:09:44:23 +0800] "POST /xingrg/dwr/call/plaincall/AjaxYddbService.saveMaterielItem.dwr HTTP/1.1" 200 80
180.169.147.146 - - [27/Aug/2021:09:44:25 +0800] "GET /xingrg/all/function/internal_message.html?_=1630028671082&CODE_STATE=getMsg HTTP/1.1" 200 27
180.169.147.146 - - [27/Aug/2021:09:44:26 +0800] "GET /xingrg/check_reg.html?_=1630028669604 HTTP/1.1" 200 22
180.169.147.146 - - [27/Aug/2021:09:44:28 +0800] "GET /xingrg/all/function/internal_message.html?_=1630028671148&CODE_STATE=getMsg HTTP/1.1" 200 27
124.77.108.71 - - [27/Aug/2021:09:44:28 +0800] "POST /xingrg/dwr/call/plaincall/AjaxComOrderService.getMaterielSearchList.dwr HTTP/1.1" 200 8321
124.77.108.71 - - [27/Aug/2021:09:44:30 +0800] "POST /xingrg/dwr/call/plaincall/AjaxYddbService.getMaterielByMap.dwr HTTP/1.1" 200 3494
222.70.246.151 - - [27/Aug/2021:09:44:31 +0800] "GET /xingrg/all/function/internal_message.html?_=1630028674423&CODE_STATE=getMsg HTTP/1.1" 200 27
222.69.131.200 - - [27/Aug/2021:09:44:32 +0800] "GET /xingrg/all/function/internal_message.html?_=1630028674147&CODE_STATE=getMsg HTTP/1.1" 200 27
124.77.108.71 - - [27/Aug/2021:09:44:32 +0800] "POST /xingrg/dwr/call/plaincall/AjaxYddbService.saveMaterielItem.dwr HTTP/1.1" 200 80
222.69.131.200 - - [27/Aug/2021:09:44:32 +0800] "POST /xingrg/services/DataTransmitService HTTP/1.1" 401 565
222.69.131.200 - - [27/Aug/2021:09:44:32 +0800] "POST /xingrg/services/DataTransmitService HTTP/1.1" 200 478
222.69.131.200 - - [27/Aug/2021:09:44:32 +0800] "POST /xingrg/services/DataTransmitService HTTP/1.1" 200 1320
222.69.131.200 - - [27/Aug/2021:09:44:32 +0800] "POST /xingrg/services/DataTransmitService HTTP/1.1" 200 478
222.69.131.200 - - [27/Aug/2021:09:44:32 +0800] "POST /xingrg/services/DataTransmitService HTTP/1.1" 200 1320
222.69.131.200 - - [27/Aug/2021:09:44:32 +0800] "POST /xingrg/services/DataTransmitService HTTP/1.1" 200 524
222.69.131.200 - - [27/Aug/2021:09:44:33 +0800] "POST /xingrg/services/DataTransmitService HTTP/1.1" 200 1983
101.83.145.79 - - [27/Aug/2021:09:44:33 +0800] "POST /xingrg/kc/buy/cgsh_order_operate.html HTTP/1.1" 200 37
222.69.131.200 - - [27/Aug/2021:09:44:33 +0800] "POST /xingrg/services/DataTransmitService HTTP/1.1" 200 45454
222.69.131.200 - - [27/Aug/2021:09:44:33 +0800] "POST /xingrg/services/DataTransmitService HTTP/1.1" 200 19237
116.230.105.26 - - [27/Aug/2021:09:44:34 +0800] "GET /xingrg/kc/buy/cgsh_order_operate.html?command=get_materiel&rest_code=00155&code=00101008279&supplier_code=00100005&order_time=2021-08-27 HTTP/1.1" 200 412
222.70.179.113 - - [27/Aug/2021:09:44:34 +0800] "GET /xingrg/kc/buy/cgsh_order_operate.html?command=get_materiel&rest_code=00111&code=00101002006&supplier_code=00100199&order_time=2021-08-27 HTTP/1.1" 200 414
101.83.145.79 - - [27/Aug/2021:09:44:36 +0800] "POST /xingrg/kc/buy/cgsh_order_operate.html HTTP/1.1" 200 38130
116.238.194.18 - - [27/Aug/2021:09:44:37 +0800] "GET /xingrg/all/function/internal_message.html?_=1630028680325&CODE_STATE=getMsg HTTP/1.1" 200 27
116.238.194.18 - - [27/Aug/2021:09:44:39 +0800] "GET /xingrg/all/function/internal_message.html?_=1630028672848&CODE_STATE=getMsg HTTP/1.1" 200 27
116.230.105.26 - - [27/Aug/2021:09:44:42 +0800] "GET /xingrg/check_reg.html?_=1630028651122 HTTP/1.1" 200 22
116.230.105.26 - - [27/Aug/2021:09:44:42 +0800] "GET /xingrg/all/function/internal_message.html?_=1630028651124&CODE_STATE=getMsg HTTP/1.1" 200 27
116.230.105.26 - - [27/Aug/2021:09:44:43 +0800] "GET /xingrg/kc/buy/cgsh_order_operate.html?command=get_materiel&rest_code=00155&code=00101008278&supplier_code=00100005&order_time=2021-08-27 HTTP/1.1" 200 412
222.70.179.113 - - [27/Aug/2021:09:44:45 +0800] "GET /xingrg/all/function/internal_message.html?_=1630028685221&CODE_STATE=getMsg HTTP/1.1" 200 27
180.157.254.90 - - [27/Aug/2021:09:44:45 +0800] "GET /xingrg/all/function/internal_message.html?_=1630028692604&CODE_STATE=getMsg HTTP/1.1" 200 27
116.230.105.26 - - [27/Aug/2021:09:44:48 +0800] "GET /xingrg/kc/buy/cgsh_order_operate.html?command=get_materiel&rest_code=00155&code=00101008350&supplier_code=00100005&order_time=2021-08-27 HTTP/1.1" 200 408
116.233.78.234 - - [27/Aug/2021:09:44:51 +0800] "GET /xingrg/all/function/internal_message.html?_=1630028696297&CODE_STATE=getMsg HTTP/1.1" 200 27
222.69.131.200 - - [27/Aug/2021:09:44:52 +0800] "POST /xingrg/services/DataTransmitService HTTP/1.1" 200 524
116.230.105.26 - - [27/Aug/2021:09:44:52 +0800] "POST /xingrg/kc/buy/cgsh_order_operate.html HTTP/1.1" 200 2065
222.69.131.200 - - [27/Aug/2021:09:44:52 +0800] "POST /xingrg/services/DataTransmitService HTTP/1.1" 200 501
124.77.108.71 - - [27/Aug/2021:09:44:53 +0800] "POST /xingrg/dwr/call/plaincall/AjaxComOrderService.getMaterielSearchList.dwr HTTP/1.1" 200 6835
124.77.108.71 - - [27/Aug/2021:09:44:53 +0800] "POST /xingrg/dwr/call/plaincall/AjaxComOrderService.getMaterielSearchList.dwr HTTP/1.1" 200 35106
222.69.131.200 - - [27/Aug/2021:09:44:55 +0800] "POST /xingrg/services/DataTransmitService HTTP/1.1" 200 524
124.77.108.71 - - [27/Aug/2021:09:44:57 +0800] "GET /xingrg/all/function/internal_message.html?_=1630028694079&CODE_STATE=getMsg HTTP/1.1" 200 27
180.169.147.146 - - [27/Aug/2021:09:45:06 +0800] "GET /xingrg/all/function/internal_message.html?_=1630028711447&CODE_STATE=getMsg HTTP/1.1" 200 27
116.230.105.26 - - [27/Aug/2021:09:45:08 +0800] "GET /xingrg/kc/buy/cgsh_order_operate.html?command=get_materiel&rest_code=00155&code=00101008371&supplier_code=00100005&order_time=2021-08-27 HTTP/1.1" 200 412
120.253.135.82 - - [27/Aug/2021:09:45:08 +0800] "GET /xingrg/check_reg.html?_=1630028721299 HTTP/1.1" 200 22
101.83.145.79 - - [27/Aug/2021:09:45:11 +0800] "GET /xingrg/all/function/internal_message.html?_=1630028715831&CODE_STATE=getMsg HTTP/1.1" 200 27
120.253.135.82 - - [27/Aug/2021:09:45:13 +0800] "GET /xingrg/all/function/internal_message.html?_=1630028492694&CODE_STATE=getMsg HTTP/1.1" 200 27
116.238.194.18 - - [27/Aug/2021:09:45:16 +0800] "POST /xingrg/kc/buy/cgsh_order_operate.html HTTP/1.1" 200 37
222.69.131.200 - - [27/Aug/2021:09:45:19 +0800] "POST /xingrg/services/DataTransmitService HTTP/1.1" 200 501
222.69.131.200 - - [27/Aug/2021:09:45:19 +0800] "POST /xingrg/services/DataTransmitService HTTP/1.1" 200 501
58.37.227.186 - - [27/Aug/2021:09:45:20 +0800] "GET /xingrg/check_reg.html?_=1630028609196 HTTP/1.1" 200 22
58.37.227.186 - - [27/Aug/2021:09:45:20 +0800] "GET /xingrg/check_reg.html?_=1630028609212 HTTP/1.1" 200 22
116.238.194.18 - - [27/Aug/2021:09:45:20 +0800] "POST /xingrg/kc/buy/cgsh_order_operate.html HTTP/1.1" 200 12
172.20.0.100 - - [27/Aug/2021:09:45:21 +0800] "GET /xingrg/all/function/internal_message.html?_=1630028725040&CODE_STATE=getMsg HTTP/1.1" 200 27
116.238.194.18 - - [27/Aug/2021:09:45:21 +0800] "GET /xingrg/kc/buy/cgsh_order_info.html?code=212021082712154 HTTP/1.1" 200 57896
222.69.131.200 - - [27/Aug/2021:09:45:21 +0800] "POST /xingrg/services/DataTransmitService HTTP/1.1" 200 501
116.238.194.18 - - [27/Aug/2021:09:45:21 +0800] "GET /xingrg/javascript/easyui/themes/default/validatebox.css HTTP/1.1" 404 1104
116.238.194.18 - - [27/Aug/2021:09:45:22 +0800] "POST /xingrg/kc/buy/cgsh_order_operate.html HTTP/1.1" 200 12551
120.253.135.82 - - [27/Aug/2021:09:45:23 +0800] "GET /xingrg/all/function/internal_message.html?_=1630028736161&CODE_STATE=getMsg HTTP/1.1" 200 27
222.69.131.200 - - [27/Aug/2021:09:45:23 +0800] "POST /xingrg/services/DataTransmitService HTTP/1.1" 200 501
222.69.131.200 - - [27/Aug/2021:09:45:24 +0800] "POST /xingrg/services/DataTransmitService HTTP/1.1" 200 501
116.230.105.26 - - [27/Aug/2021:09:45:24 +0800] "POST /xingrg/kc/buy/cgsh_order_operate.html HTTP/1.1" 200 37
222.69.131.200 - - [27/Aug/2021:09:45:24 +0800] "POST /xingrg/services/DataTransmitService HTTP/1.1" 200 501
222.69.131.200 - - [27/Aug/2021:09:45:25 +0800] "POST /xingrg/services/DataTransmitService HTTP/1.1" 200 501
116.230.105.26 - - [27/Aug/2021:09:45:25 +0800] "POST /xingrg/kc/buy/cgsh_order_operate.html HTTP/1.1" 200 39326
180.169.147.146 - - [27/Aug/2021:09:45:25 +0800] "GET /xingrg/check_reg.html?_=1630028731082 HTTP/1.1" 200 22
180.169.147.146 - - [27/Aug/2021:09:45:25 +0800] "GET /xingrg/all/function/internal_message.html?_=1630028731087&CODE_STATE=getMsg HTTP/1.1" 200 27
124.77.108.71 - - [27/Aug/2021:09:45:26 +0800] "POST /xingrg/dwr/call/plaincall/AjaxComOrderService.getMaterielSearchList.dwr HTTP/1.1" 200 27665
222.69.131.200 - - [27/Aug/2021:09:45:26 +0800] "POST /xingrg/services/DataTransmitService HTTP/1.1" 200 501
222.69.131.200 - - [27/Aug/2021:09:45:26 +0800] "POST /xingrg/services/DataTransmitService HTTP/1.1" 200 501
180.169.147.146 - - [27/Aug/2021:09:45:28 +0800] "GET /xingrg/all/function/internal_message.html?_=1630028731162&CODE_STATE=getMsg HTTP/1.1" 200 27
222.69.131.200 - - [27/Aug/2021:09:45:28 +0800] "POST /xingrg/services/DataTransmitService HTTP/1.1" 200 412
124.77.108.71 - - [27/Aug/2021:09:45:29 +0800] "POST /xingrg/dwr/call/plaincall/AjaxComOrderService.getMaterielSearchList.dwr HTTP/1.1" 200 1567
222.70.246.151 - - [27/Aug/2021:09:45:31 +0800] "GET /xingrg/all/function/internal_message.html?_=1630028734444&CODE_STATE=getMsg HTTP/1.1" 200 27
222.69.131.200 - - [27/Aug/2021:09:45:32 +0800] "GET /xingrg/all/function/internal_message.html?_=1630028734156&CODE_STATE=getMsg HTTP/1.1" 200 27
124.77.108.71 - - [27/Aug/2021:09:45:37 +0800] "POST /xingrg/dwr/call/plaincall/AjaxYddbService.getMaterielByMap.dwr HTTP/1.1" 200 3561
116.238.194.18 - - [27/Aug/2021:09:45:37 +0800] "GET /xingrg/check_reg.html?_=1630028740325 HTTP/1.1" 200 22
116.238.194.18 - - [27/Aug/2021:09:45:37 +0800] "GET /xingrg/all/function/internal_message.html?_=1630028740328&CODE_STATE=getMsg HTTP/1.1" 200 27
116.238.194.18 - - [27/Aug/2021:09:45:39 +0800] "GET /xingrg/all/function/internal_message.html?_=1630028732860&CODE_STATE=getMsg HTTP/1.1" 200 27
124.77.108.71 - - [27/Aug/2021:09:45:40 +0800] "POST /xingrg/dwr/call/plaincall/AjaxYddbService.saveMaterielItem.dwr HTTP/1.1" 200 80
116.230.105.26 - - [27/Aug/2021:09:45:42 +0800] "GET /xingrg/login.html HTTP/1.1" 200 7641
116.230.105.26 - - [27/Aug/2021:09:45:42 +0800] "GET /favicon.ico HTTP/1.1" 404 -
116.230.105.26 - - [27/Aug/2021:09:45:44 +0800] "POST /xingrg/login.do HTTP/1.1" 302 -
124.77.108.71 - - [27/Aug/2021:09:45:44 +0800] "POST /xingrg/dwr/call/plaincall/AjaxComOrderService.getMaterielSearchList.dwr HTTP/1.1" 200 27397
116.230.105.26 - - [27/Aug/2021:09:45:44 +0800] "GET /xingrg/index.html?sysBaseUrl=http%3A%2F%2F180.169.147.146%3A18081%2Fxingrg%2F&costTime=45×tamp=1630028744783 HTTP/1.1" 200 17179
116.230.105.26 - - [27/Aug/2021:09:45:44 +0800] "GET /favicon.ico HTTP/1.1" 404 -
116.230.105.26 - - [27/Aug/2021:09:45:44 +0800] "POST /xingrg/all/common/load_tree.html?tree=area_rest_tree_json&manage=1 HTTP/1.1" 200 351
116.230.105.26 - - [27/Aug/2021:09:45:45 +0800] "GET /xingrg/all/function/internal_message.html?_=1630028713306&CODE_STATE=count HTTP/1.1" 200 11
116.230.105.26 - - [27/Aug/2021:09:45:45 +0800] "GET /xingrg/check_reg.html?_=1630028713307 HTTP/1.1" 200 22
116.230.105.26 - - [27/Aug/2021:09:45:45 +0800] "POST /xingrg/load_menu.html HTTP/1.1" 200 5138
222.70.179.113 - - [27/Aug/2021:09:45:45 +0800] "GET /xingrg/all/function/internal_message.html?_=1630028745228&CODE_STATE=getMsg HTTP/1.1" 200 27
180.157.254.90 - - [27/Aug/2021:09:45:45 +0800] "GET /xingrg/check_reg.html?_=1630028752602 HTTP/1.1" 200 22
180.157.254.90 - - [27/Aug/2021:09:45:45 +0800] "GET /xingrg/all/function/internal_message.html?_=1630028752604&CODE_STATE=getMsg HTTP/1.1" 200 27
116.238.194.18 - - [27/Aug/2021:09:45:47 +0800] "GET /xingrg/kc/print/load_data.html?order_code=212021082712154&kc_code=cgsh&condition= HTTP/1.1" 200 5370
124.77.108.71 - - [27/Aug/2021:09:45:48 +0800] "POST /xingrg/dwr/call/plaincall/AjaxComOrderService.getMaterielSearchList.dwr HTTP/1.1" 200 655
116.230.105.26 - - [27/Aug/2021:09:45:48 +0800] "GET /xingrg/kc/buy/cgsh_order_list.html HTTP/1.1" 200 47597
116.230.105.26 - - [27/Aug/2021:09:45:50 +0800] "POST /xingrg/kc/buy/cgsh_list_operate.html HTTP/1.1" 200 3137
116.233.78.234 - - [27/Aug/2021:09:45:51 +0800] "GET /xingrg/all/function/internal_message.html?_=1630028756308&CODE_STATE=getMsg HTTP/1.1" 200 27
116.233.78.234 - - [27/Aug/2021:09:45:51 +0800] "GET /xingrg/check_reg.html?_=1630028756311 HTTP/1.1" 200 22
124.77.108.71 - - [27/Aug/2021:09:45:54 +0800] "POST /xingrg/dwr/call/plaincall/AjaxComOrderService.getMaterielSearchList.dwr HTTP/1.1" 200 205
116.230.105.26 - - [27/Aug/2021:09:45:55 +0800] "POST /xingrg/kc/buy/cgsh_list_operate.html HTTP/1.1" 200 3137
124.77.108.71 - - [27/Aug/2021:09:45:55 +0800] "POST /xingrg/dwr/call/plaincall/AjaxComOrderService.getMaterielSearchList.dwr HTTP/1.1" 200 2239
116.230.105.26 - - [27/Aug/2021:09:45:56 +0800] "POST /xingrg/kc/buy/cgsh_list_operate.html HTTP/1.1" 200 565
116.230.105.26 - - [27/Aug/2021:09:45:56 +0800] "GET /xingrg/kc/buy/cgsh_order_info.html?code=212021082712166 HTTP/1.1" 200 63306
116.230.105.26 - - [27/Aug/2021:09:45:57 +0800] "GET /xingrg/words/20210827093343_words.js HTTP/1.1" 304 -
116.230.105.26 - - [27/Aug/2021:09:45:57 +0800] "GET /xingrg/all/common/auto_word.html?type=employee&rest_code=00155 HTTP/1.1" 200 205
116.230.105.26 - - [27/Aug/2021:09:45:57 +0800] "GET /xingrg/all/common/auto_word.html?type=employee&rest_code=00155 HTTP/1.1" 200 205
116.230.105.26 - - [27/Aug/2021:09:45:57 +0800] "GET /xingrg/javascript/easyui/themes/default/validatebox.css HTTP/1.1" 404 1104
222.70.179.113 - - [27/Aug/2021:09:45:57 +0800] "POST /xingrg/kc/buy/cgsh_order_operate.html HTTP/1.1" 200 37
116.230.105.26 - - [27/Aug/2021:09:45:57 +0800] "POST /xingrg/kc/buy/cgsh_order_operate.html HTTP/1.1" 200 39326
124.77.108.71 - - [27/Aug/2021:09:45:57 +0800] "GET /xingrg/all/function/internal_message.html?_=1630028754089&CODE_STATE=getMsg HTTP/1.1" 200 27
116.230.105.26 - - [27/Aug/2021:09:45:58 +0800] "GET /xingrg/kc/print/load_config.html?kc_code=cgsh HTTP/1.1" 200 2076
116.230.105.26 - - [27/Aug/2021:09:45:58 +0800] "GET /xingrg/kc/print/load_data.html?order_code=212021082712166&kc_code=cgsh HTTP/1.1" 200 14574
222.70.179.113 - - [27/Aug/2021:09:45:59 +0800] "POST /xingrg/kc/buy/cgsh_order_operate.html HTTP/1.1" 200 3853
222.70.179.113 - - [27/Aug/2021:09:46:00 +0800] "GET /xingrg/kc/print/load_data.html?order_code=212021082712168&kc_code=cgsh&condition= HTTP/1.1" 200 1123
222.70.179.113 - - [27/Aug/2021:09:46:01 +0800] "GET /xingrg/check_reg.html?_=1630028789291 HTTP/1.1" 302 -
124.77.108.71 - - [27/Aug/2021:09:46:02 +0800] "POST /xingrg/dwr/call/plaincall/AjaxYddbService.getMaterielByMap.dwr HTTP/1.1" 200 3502
124.77.108.71 - - [27/Aug/2021:09:46:05 +0800] "POST /xingrg/dwr/call/plaincall/AjaxYddbService.saveMaterielItem.dwr HTTP/1.1" 200 80
222.70.179.113 - - [27/Aug/2021:09:46:05 +0800] "GET /xingrg/kc/buy/cgsh_order_add.html HTTP/1.1" 200 63329
222.70.179.113 - - [27/Aug/2021:09:46:05 +0800] "POST /xingrg/kc/buy/cgsh_order_operate.html HTTP/1.1" 200 8245
222.70.179.113 - - [27/Aug/2021:09:46:05 +0800] "GET /xingrg/javascript/easyui/themes/default/validatebox.css HTTP/1.1" 404 1104
180.169.147.146 - - [27/Aug/2021:09:46:06 +0800] "GET /xingrg/all/function/internal_message.html?_=1630028771458&CODE_STATE=getMsg HTTP/1.1" 200 27
124.77.108.71 - - [27/Aug/2021:09:46:09 +0800] "POST /xingrg/dwr/call/plaincall/AjaxComOrderService.getMaterielSearchList.dwr HTTP/1.1" 200 10139
124.77.108.71 - - [27/Aug/2021:09:46:11 +0800] "POST /xingrg/dwr/call/plaincall/AjaxComOrderService.getMaterielSearchList.dwr HTTP/1.1" 200 934
101.83.145.79 - - [27/Aug/2021:09:46:11 +0800] "GET /xingrg/all/function/internal_message.html?_=1630028775837&CODE_STATE=getMsg HTTP/1.1" 200 27
124.77.108.71 - - [27/Aug/2021:09:46:12 +0800] "POST /xingrg/dwr/call/plaincall/AjaxYddbService.getMaterielByMap.dwr HTTP/1.1" 200 3504
120.253.135.82 - - [27/Aug/2021:09:46:13 +0800] "GET /xingrg/all/function/internal_message.html?_=1630028552708&CODE_STATE=getMsg HTTP/1.1" 200 27
124.77.108.71 - - [27/Aug/2021:09:46:14 +0800] "POST /xingrg/dwr/call/plaincall/AjaxYddbService.saveMaterielItem.dwr HTTP/1.1" 200 80
222.70.179.113 - - [27/Aug/2021:09:46:16 +0800] "GET /xingrg/kc/buy/cgsh_order_operate.html?command=get_materiel&rest_code=00111&code=00101001060&supplier_code=00100042&order_time=2021-08-27 HTTP/1.1" 200 419
172.20.0.100 - - [27/Aug/2021:09:46:21 +0800] "GET /xingrg/all/function/internal_message.html?_=1630028785047&CODE_STATE=getMsg HTTP/1.1" 200 27
124.77.108.71 - - [27/Aug/2021:09:46:22 +0800] "POST /xingrg/dwr/call/plaincall/AjaxComOrderService.getMaterielSearchList.dwr HTTP/1.1" 200 205
120.253.135.82 - - [27/Aug/2021:09:46:23 +0800] "GET /xingrg/all/function/internal_message.html?_=1630028796174&CODE_STATE=getMsg HTTP/1.1" 200 27
180.169.147.146 - - [27/Aug/2021:09:46:25 +0800] "GET /xingrg/all/function/internal_message.html?_=1630028791087&CODE_STATE=getMsg HTTP/1.1" 200 27
222.70.179.113 - - [27/Aug/2021:09:46:27 +0800] "GET /xingrg/kc/buy/cgsh_order_operate.html?command=get_materiel&rest_code=00111&code=00101005037&supplier_code=00100042&order_time=2021-08-27 HTTP/1.1" 200 409
180.169.147.146 - - [27/Aug/2021:09:46:28 +0800] "GET /xingrg/all/function/internal_message.html?_=1630028791148&CODE_STATE=getMsg HTTP/1.1" 200 27
124.77.108.71 - - [27/Aug/2021:09:46:29 +0800] "POST /xingrg/dwr/call/plaincall/AjaxComOrderService.getMaterielSearchList.dwr HTTP/1.1" 200 3075
222.70.246.151 - - [27/Aug/2021:09:46:31 +0800] "GET /xingrg/all/function/internal_message.html?_=1630028794450&CODE_STATE=getMsg HTTP/1.1" 200 27
222.69.131.200 - - [27/Aug/2021:09:46:32 +0800] "GET /xingrg/check_reg.html?_=1630028794145 HTTP/1.1" 200 22
222.69.131.200 - - [27/Aug/2021:09:46:32 +0800] "GET /xingrg/all/function/internal_message.html?_=1630028794148&CODE_STATE=getMsg HTTP/1.1" 200 27
222.70.179.113 - - [27/Aug/2021:09:46:35 +0800] "GET /xingrg/kc/buy/cgsh_order_operate.html?command=get_materiel&rest_code=00111&code=00101018019&supplier_code=00100042&order_time=2021-08-27 HTTP/1.1" 200 421
116.238.194.18 - - [27/Aug/2021:09:46:37 +0800] "GET /xingrg/all/function/internal_message.html?_=1630028800327&CODE_STATE=getMsg HTTP/1.1" 200 27
116.238.194.18 - - [27/Aug/2021:09:46:39 +0800] "GET /xingrg/all/function/internal_message.html?_=1630028792875&CODE_STATE=getMsg HTTP/1.1" 200 27
116.230.105.26 - - [27/Aug/2021:09:46:45 +0800] "GET /xingrg/all/function/internal_message.html?_=1630028773324&CODE_STATE=getMsg HTTP/1.1" 200 27
222.70.179.113 - - [27/Aug/2021:09:46:45 +0800] "GET /xingrg/all/function/internal_message.html?_=1630028805227&CODE_STATE=getMsg HTTP/1.1" 200 27
222.70.179.113 - - [27/Aug/2021:09:46:45 +0800] "GET /xingrg/kc/buy/cgsh_order_operate.html?command=get_materiel&rest_code=00111&code=00101003025&supplier_code=00100042&order_time=2021-08-27 HTTP/1.1" 200 409
180.157.254.90 - - [27/Aug/2021:09:46:45 +0800] "GET /xingrg/all/function/internal_message.html?_=1630028812604&CODE_STATE=getMsg HTTP/1.1" 200 27
116.233.78.234 - - [27/Aug/2021:09:46:51 +0800] "GET /xingrg/all/function/internal_message.html?_=1630028816302&CODE_STATE=getMsg HTTP/1.1" 200 27
222.70.179.113 - - [27/Aug/2021:09:46:51 +0800] "GET /xingrg/kc/buy/cgsh_order_operate.html?command=get_materiel&rest_code=00111&code=00101001111&supplier_code=00100042&order_time=2021-08-27 HTTP/1.1" 200 409
124.77.108.71 - - [27/Aug/2021:09:46:57 +0800] "GET /xingrg/all/function/internal_message.html?_=1630028814091&CODE_STATE=getMsg HTTP/1.1" 200 27
124.77.108.71 - - [27/Aug/2021:09:47:04 +0800] "POST /xingrg/dwr/call/plaincall/AjaxYddbService.getMaterielByMap.dwr HTTP/1.1" 200 3489
180.169.147.146 - - [27/Aug/2021:09:47:06 +0800] "GET /xingrg/all/function/internal_message.html?_=1630028831453&CODE_STATE=getMsg HTTP/1.1" 200 27
