116.230.105.26 - - [27/Aug/2021:09:37:36 +0800] "GET /xingrg/kc/buy/cgsh_order_operate.html?command=get_materiel&rest_code=00155&code=00101008304&supplier_code=00100005&order_time=2021-08-27 HTTP/1.1" 200 412
116.238.194.18 - - [27/Aug/2021:09:37:37 +0800] "GET /xingrg/all/function/internal_message.html?_=1630028260314&CODE_STATE=getMsg HTTP/1.1" 200 27
124.77.108.71 - - [27/Aug/2021:09:37:44 +0800] "POST /xingrg/dwr/call/plaincall/AjaxYddbService.getMaterielByMap.dwr HTTP/1.1" 200 3487
222.70.179.113 - - [27/Aug/2021:09:37:45 +0800] "GET /xingrg/kc/buy/cgsh_order_operate.html?command=get_materiel&rest_code=00111&code=00101015038&supplier_code=00100005&order_time=2021-08-27 HTTP/1.1" 200 418
222.70.179.113 - - [27/Aug/2021:09:37:45 +0800] "GET /xingrg/all/function/internal_message.html?_=1630028265327&CODE_STATE=getMsg HTTP/1.1" 200 27
116.230.105.26 - - [27/Aug/2021:09:37:45 +0800] "GET /xingrg/kc/buy/cgsh_order_operate.html?command=get_materiel&rest_code=00155&code=00101008155&supplier_code=00100005&order_time=2021-08-27 HTTP/1.1" 200 408
180.157.254.90 - - [27/Aug/2021:09:37:45 +0800] "GET /xingrg/all/function/internal_message.html?_=1630028272593&CODE_STATE=getMsg HTTP/1.1" 200 27
116.233.78.234 - - [27/Aug/2021:09:37:51 +0800] "GET /xingrg/all/function/internal_message.html?_=1630028276288&CODE_STATE=getMsg HTTP/1.1" 200 27
116.230.105.26 - - [27/Aug/2021:09:37:51 +0800] "GET /xingrg/all/function/internal_message.html?_=1630028239617&CODE_STATE=getMsg HTTP/1.1" 200 27
124.77.108.71 - - [27/Aug/2021:09:37:55 +0800] "POST /xingrg/dwr/call/plaincall/AjaxYddbService.removeMaterielItem.dwr HTTP/1.1" 200 79
222.70.179.113 - - [27/Aug/2021:09:37:57 +0800] "GET /xingrg/kc/buy/cgsh_order_operate.html?command=get_materiel&rest_code=00111&code=00101008150&supplier_code=00100005&order_time=2021-08-27 HTTP/1.1" 200 409
116.230.105.26 - - [27/Aug/2021:09:37:57 +0800] "GET /xingrg/kc/buy/cgsh_order_operate.html?command=get_materiel&rest_code=00155&code=00101008080&supplier_code=00100005&order_time=2021-08-27 HTTP/1.1" 200 416
124.77.108.71 - - [27/Aug/2021:09:37:57 +0800] "GET /xingrg/all/function/internal_message.html?_=1630028274085&CODE_STATE=getMsg HTTP/1.1" 200 27
101.83.145.79 - - [27/Aug/2021:09:37:58 +0800] "GET /xingrg/kc/buy/cgsh_order_operate.html?command=get_materiel&rest_code=00105&code=00101008351&supplier_code=00100203&order_time=2021-08-27 HTTP/1.1" 200 408
222.70.179.113 - - [27/Aug/2021:09:37:59 +0800] "POST /xingrg/kc/buy/cgsh_order_operate.html HTTP/1.1" 200 2065
116.233.78.234 - - [27/Aug/2021:09:38:01 +0800] "GET /xingrg/kc/buy/cgsh_order_operate.html?command=get_materiel&rest_code=00109&code=00101008264&supplier_code=00100005&order_time=2021-08-27 HTTP/1.1" 200 412
124.77.108.71 - - [27/Aug/2021:09:38:01 +0800] "POST /xingrg/dwr/call/plaincall/AjaxComOrderService.getMaterielSearchList.dwr HTTP/1.1" 200 1060
116.230.105.26 - - [27/Aug/2021:09:38:02 +0800] "GET /xingrg/kc/buy/cgsh_order_operate.html?command=get_materiel&rest_code=00155&code=00101008331&supplier_code=00100005&order_time=2021-08-27 HTTP/1.1" 200 416
124.77.108.71 - - [27/Aug/2021:09:38:04 +0800] "POST /xingrg/dwr/call/plaincall/AjaxYddbService.getMaterielByMap.dwr HTTP/1.1" 200 3499
101.83.145.79 - - [27/Aug/2021:09:38:05 +0800] "GET /xingrg/kc/buy/cgsh_order_operate.html?command=get_materiel&rest_code=00105&code=00101008221&supplier_code=00100203&order_time=2021-08-27 HTTP/1.1" 200 412
222.70.179.113 - - [27/Aug/2021:09:38:05 +0800] "GET /xingrg/kc/buy/cgsh_order_operate.html?command=get_materiel&rest_code=00111&code=00101008089&supplier_code=00100005&order_time=2021-08-27 HTTP/1.1" 200 408
124.77.108.71 - - [27/Aug/2021:09:38:06 +0800] "POST /xingrg/dwr/call/plaincall/AjaxYddbService.saveMaterielItem.dwr HTTP/1.1" 200 79
180.169.147.146 - - [27/Aug/2021:09:38:06 +0800] "GET /xingrg/all/function/internal_message.html?_=1630028291456&CODE_STATE=getMsg HTTP/1.1" 200 27
116.233.78.234 - - [27/Aug/2021:09:38:07 +0800] "GET /xingrg/kc/buy/cgsh_order_operate.html?command=get_materiel&rest_code=00109&code=00101008415&supplier_code=00100005&order_time=2021-08-27 HTTP/1.1" 200 398
101.83.145.79 - - [27/Aug/2021:09:38:11 +0800] "GET /xingrg/all/function/internal_message.html?_=1630028295826&CODE_STATE=getMsg HTTP/1.1" 200 27
116.233.78.234 - - [27/Aug/2021:09:38:13 +0800] "GET /xingrg/kc/buy/cgsh_order_operate.html?command=get_materiel&rest_code=00109&code=00101008357&supplier_code=00100005&order_time=2021-08-27 HTTP/1.1" 200 408
120.253.135.82 - - [27/Aug/2021:09:38:13 +0800] "GET /xingrg/all/function/internal_message.html?_=1630028072231&CODE_STATE=getMsg HTTP/1.1" 200 27
101.83.145.79 - - [27/Aug/2021:09:38:13 +0800] "GET /xingrg/kc/buy/cgsh_order_operate.html?command=get_materiel&rest_code=00105&code=00101008137&supplier_code=00100203&order_time=2021-08-27 HTTP/1.1" 200 408
124.77.108.71 - - [27/Aug/2021:09:38:13 +0800] "POST /xingrg/dwr/call/plaincall/AjaxComOrderService.getMaterielSearchList.dwr HTTP/1.1" 200 9180
116.233.78.234 - - [27/Aug/2021:09:38:15 +0800] "POST /xingrg/kc/buy/cgsh_order_operate.html HTTP/1.1" 200 2065
222.70.179.113 - - [27/Aug/2021:09:38:16 +0800] "GET /xingrg/kc/buy/cgsh_order_operate.html?command=get_materiel&rest_code=00111&code=00101008403&supplier_code=00100005&order_time=2021-08-27 HTTP/1.1" 200 412
124.77.108.71 - - [27/Aug/2021:09:38:17 +0800] "POST /xingrg/dwr/call/plaincall/AjaxComOrderService.getMaterielSearchList.dwr HTTP/1.1" 200 204
116.230.105.26 - - [27/Aug/2021:09:38:17 +0800] "GET /xingrg/kc/buy/cgsh_order_operate.html?command=get_materiel&rest_code=00155&code=00101013044&supplier_code=00100005&order_time=2021-08-27 HTTP/1.1" 200 428
116.233.78.234 - - [27/Aug/2021:09:38:18 +0800] "GET /xingrg/kc/buy/cgsh_order_operate.html?command=get_materiel&rest_code=00109&code=00101008069&supplier_code=00100005&order_time=2021-08-27 HTTP/1.1" 200 412
124.77.108.71 - - [27/Aug/2021:09:38:18 +0800] "POST /xingrg/dwr/call/plaincall/AjaxComOrderService.getMaterielSearchList.dwr HTTP/1.1" 200 288
124.77.108.71 - - [27/Aug/2021:09:38:19 +0800] "POST /xingrg/dwr/call/plaincall/AjaxYddbService.getMaterielByMap.dwr HTTP/1.1" 200 3545
222.70.246.151 - - [27/Aug/2021:09:38:20 +0800] "GET /xingrg/check_reg.html?_=1630028303504 HTTP/1.1" 200 22
172.20.0.100 - - [27/Aug/2021:09:38:21 +0800] "GET /xingrg/check_reg.html?_=1630028305047 HTTP/1.1" 200 22
172.20.0.100 - - [27/Aug/2021:09:38:21 +0800] "GET /xingrg/all/function/internal_message.html?_=1630028305049&CODE_STATE=getMsg HTTP/1.1" 200 27
124.77.108.71 - - [27/Aug/2021:09:38:21 +0800] "POST /xingrg/dwr/call/plaincall/AjaxYddbService.saveMaterielItem.dwr HTTP/1.1" 200 79
120.253.135.82 - - [27/Aug/2021:09:38:23 +0800] "GET /xingrg/all/function/internal_message.html?_=1630028316069&CODE_STATE=getMsg HTTP/1.1" 200 27
222.70.179.113 - - [27/Aug/2021:09:38:24 +0800] "GET /xingrg/kc/buy/cgsh_order_operate.html?command=get_materiel&rest_code=00111&code=00101008173&supplier_code=00100005&order_time=2021-08-27 HTTP/1.1" 200 412
116.233.78.234 - - [27/Aug/2021:09:38:25 +0800] "GET /xingrg/kc/buy/cgsh_order_operate.html?command=get_materiel&rest_code=00109&code=00101008286&supplier_code=00100005&order_time=2021-08-27 HTTP/1.1" 200 408
116.230.105.26 - - [27/Aug/2021:09:38:27 +0800] "GET /xingrg/kc/buy/cgsh_order_operate.html?command=get_materiel&rest_code=00155&code=00101008185&supplier_code=00100005&order_time=2021-08-27 HTTP/1.1" 200 408
180.169.147.146 - - [27/Aug/2021:09:38:28 +0800] "GET /xingrg/all/function/internal_message.html?_=1630028311243&CODE_STATE=getMsg HTTP/1.1" 200 27
124.77.108.71 - - [27/Aug/2021:09:38:28 +0800] "POST /xingrg/dwr/call/plaincall/AjaxComOrderService.getMaterielSearchList.dwr HTTP/1.1" 200 35105
116.238.194.18 - - [27/Aug/2021:09:38:28 +0800] "GET /xingrg/all/function/internal_message.html?_=1630028302313&CODE_STATE=getMsg HTTP/1.1" 200 27
180.169.147.146 - - [27/Aug/2021:09:38:30 +0800] "GET /xingrg/all/function/internal_message.html?_=1630028315522&CODE_STATE=getMsg HTTP/1.1" 200 27
124.77.108.71 - - [27/Aug/2021:09:38:30 +0800] "POST /xingrg/dwr/call/plaincall/AjaxComOrderService.getMaterielSearchList.dwr HTTP/1.1" 200 204
222.70.246.151 - - [27/Aug/2021:09:38:31 +0800] "GET /xingrg/all/function/internal_message.html?_=1630028314341&CODE_STATE=getMsg HTTP/1.1" 200 27
116.233.78.234 - - [27/Aug/2021:09:38:32 +0800] "GET /xingrg/kc/buy/cgsh_order_operate.html?command=get_materiel&rest_code=00109&code=00101008131&supplier_code=00100005&order_time=2021-08-27 HTTP/1.1" 200 408
222.69.131.200 - - [27/Aug/2021:09:38:32 +0800] "GET /xingrg/all/function/internal_message.html?_=1630028314116&CODE_STATE=getMsg HTTP/1.1" 200 27
116.230.105.26 - - [27/Aug/2021:09:38:33 +0800] "GET /xingrg/kc/buy/cgsh_order_operate.html?command=get_materiel&rest_code=00155&code=00101008559&supplier_code=00100005&order_time=2021-08-27 HTTP/1.1" 200 399
101.83.145.79 - - [27/Aug/2021:09:38:33 +0800] "GET /xingrg/kc/buy/cgsh_order_operate.html?command=get_materiel&rest_code=00105&code=00101008108&supplier_code=00100203&order_time=2021-08-27 HTTP/1.1" 200 412
222.70.179.113 - - [27/Aug/2021:09:38:34 +0800] "GET /xingrg/kc/buy/cgsh_order_operate.html?command=get_materiel&rest_code=00111&code=00101008350&supplier_code=00100005&order_time=2021-08-27 HTTP/1.1" 200 408
116.233.78.234 - - [27/Aug/2021:09:38:36 +0800] "GET /xingrg/kc/buy/cgsh_order_operate.html?command=get_materiel&rest_code=00109&code=00101008296&supplier_code=00100005&order_time=2021-08-27 HTTP/1.1" 200 416
124.77.108.71 - - [27/Aug/2021:09:38:36 +0800] "POST /xingrg/dwr/call/plaincall/AjaxComOrderService.getMaterielSearchList.dwr HTTP/1.1" 200 6834
116.238.194.18 - - [27/Aug/2021:09:38:37 +0800] "GET /xingrg/all/function/internal_message.html?_=1630028320302&CODE_STATE=getMsg HTTP/1.1" 200 27
116.230.105.26 - - [27/Aug/2021:09:38:39 +0800] "GET /xingrg/kc/buy/cgsh_order_operate.html?command=get_materiel&rest_code=00155&code=00101008013&supplier_code=00100005&order_time=2021-08-27 HTTP/1.1" 200 408
101.83.145.79 - - [27/Aug/2021:09:38:41 +0800] "GET /xingrg/kc/buy/cgsh_order_operate.html?command=get_materiel&rest_code=00105&code=00101008004&supplier_code=00100203&order_time=2021-08-27 HTTP/1.1" 200 416
116.233.78.234 - - [27/Aug/2021:09:38:44 +0800] "GET /xingrg/kc/buy/cgsh_order_operate.html?command=get_materiel&rest_code=00109&code=00101008352&supplier_code=00100005&order_time=2021-08-27 HTTP/1.1" 200 412
222.70.179.113 - - [27/Aug/2021:09:38:45 +0800] "GET /xingrg/check_reg.html?_=1630028325202 HTTP/1.1" 200 22
222.70.179.113 - - [27/Aug/2021:09:38:45 +0800] "GET /xingrg/all/function/internal_message.html?_=1630028325299&CODE_STATE=getMsg HTTP/1.1" 200 27
116.230.105.26 - - [27/Aug/2021:09:38:45 +0800] "GET /xingrg/kc/buy/cgsh_order_operate.html?command=get_materiel&rest_code=00155&code=00101008010&supplier_code=00100005&order_time=2021-08-27 HTTP/1.1" 200 412
180.157.254.90 - - [27/Aug/2021:09:38:45 +0800] "GET /xingrg/all/function/internal_message.html?_=1630028332592&CODE_STATE=getMsg HTTP/1.1" 200 27
116.233.78.234 - - [27/Aug/2021:09:38:46 +0800] "POST /xingrg/kc/buy/cgsh_order_operate.html HTTP/1.1" 200 2065
101.83.145.79 - - [27/Aug/2021:09:38:49 +0800] "GET /xingrg/kc/buy/cgsh_order_operate.html?command=get_materiel&rest_code=00105&code=00101008188&supplier_code=00100203&order_time=2021-08-27 HTTP/1.1" 200 412
116.233.78.234 - - [27/Aug/2021:09:38:49 +0800] "GET /xingrg/kc/buy/cgsh_order_operate.html?command=get_materiel&rest_code=00109&code=00101008353&supplier_code=00100005&order_time=2021-08-27 HTTP/1.1" 200 408
222.70.179.113 - - [27/Aug/2021:09:38:50 +0800] "POST /xingrg/kc/buy/cgsh_order_operate.html HTTP/1.1" 200 2065
116.233.78.234 - - [27/Aug/2021:09:38:51 +0800] "GET /xingrg/all/function/internal_message.html?_=1630028336287&CODE_STATE=getMsg HTTP/1.1" 200 27
116.230.105.26 - - [27/Aug/2021:09:38:51 +0800] "GET /xingrg/all/function/internal_message.html?_=1630028299624&CODE_STATE=getMsg HTTP/1.1" 200 27
116.230.105.26 - - [27/Aug/2021:09:38:51 +0800] "GET /xingrg/check_reg.html?_=1630028299630 HTTP/1.1" 200 22
116.230.105.26 - - [27/Aug/2021:09:38:51 +0800] "GET /xingrg/kc/buy/cgsh_order_operate.html?command=get_materiel&rest_code=00155&code=00101008096&supplier_code=00100005&order_time=2021-08-27 HTTP/1.1" 200 412
116.230.105.26 - - [27/Aug/2021:09:38:53 +0800] "POST /xingrg/kc/buy/cgsh_order_operate.html HTTP/1.1" 200 2065
116.233.78.234 - - [27/Aug/2021:09:38:54 +0800] "GET /xingrg/kc/buy/cgsh_order_operate.html?command=get_materiel&rest_code=00109&code=00101008213&supplier_code=00100005&order_time=2021-08-27 HTTP/1.1" 200 412
222.70.179.113 - - [27/Aug/2021:09:38:57 +0800] "GET /xingrg/kc/buy/cgsh_order_operate.html?command=get_materiel&rest_code=00111&code=00101008356&supplier_code=00100005&order_time=2021-08-27 HTTP/1.1" 200 408
116.230.105.26 - - [27/Aug/2021:09:38:57 +0800] "GET /xingrg/kc/buy/cgsh_order_operate.html?command=get_materiel&rest_code=00155&code=00101008163&supplier_code=00100005&order_time=2021-08-27 HTTP/1.1" 200 409
124.77.108.71 - - [27/Aug/2021:09:38:57 +0800] "GET /xingrg/check_reg.html?_=1630028334083 HTTP/1.1" 200 22
124.77.108.71 - - [27/Aug/2021:09:38:57 +0800] "GET /xingrg/all/function/internal_message.html?_=1630028334083&CODE_STATE=getMsg HTTP/1.1" 200 27
101.83.145.79 - - [27/Aug/2021:09:39:01 +0800] "GET /xingrg/kc/buy/cgsh_order_operate.html?command=get_materiel&rest_code=00105&code=00101008350&supplier_code=00100203&order_time=2021-08-27 HTTP/1.1" 200 408
116.233.78.234 - - [27/Aug/2021:09:39:01 +0800] "GET /xingrg/kc/buy/cgsh_order_operate.html?command=get_materiel&rest_code=00109&code=00101008323&supplier_code=00100005&order_time=2021-08-27 HTTP/1.1" 200 408
180.169.147.146 - - [27/Aug/2021:09:39:06 +0800] "GET /xingrg/check_reg.html?_=1630028351453 HTTP/1.1" 200 22
180.169.147.146 - - [27/Aug/2021:09:39:06 +0800] "GET /xingrg/all/function/internal_message.html?_=1630028351456&CODE_STATE=getMsg HTTP/1.1" 200 27
116.230.105.26 - - [27/Aug/2021:09:39:07 +0800] "GET /xingrg/kc/buy/cgsh_order_operate.html?command=get_materiel&rest_code=00155&code=00101008607&supplier_code=00100005&order_time=2021-08-27 HTTP/1.1" 200 399
116.233.78.234 - - [27/Aug/2021:09:39:07 +0800] "GET /xingrg/kc/buy/cgsh_order_operate.html?command=get_materiel&rest_code=00109&code=00101008350&supplier_code=00100005&order_time=2021-08-27 HTTP/1.1" 200 408
101.83.145.79 - - [27/Aug/2021:09:39:11 +0800] "GET /xingrg/all/function/internal_message.html?_=1630028355832&CODE_STATE=getMsg HTTP/1.1" 200 27
120.253.135.82 - - [27/Aug/2021:09:39:12 +0800] "GET /xingrg/check_reg.html?_=1630028131645 HTTP/1.1" 200 22
120.253.135.82 - - [27/Aug/2021:09:39:13 +0800] "GET /xingrg/all/function/internal_message.html?_=1630028132436&CODE_STATE=getMsg HTTP/1.1" 200 27
58.221.95.50 - - [27/Aug/2021:09:39:15 +0800] "GET /xingrg/check_reg.html?_=1630028357884 HTTP/1.1" 302 -
124.77.108.71 - - [27/Aug/2021:09:39:16 +0800] "POST /xingrg/dwr/call/plaincall/AjaxComOrderService.getMaterielSearchList.dwr HTTP/1.1" 200 35105
124.77.108.71 - - [27/Aug/2021:09:39:18 +0800] "POST /xingrg/dwr/call/plaincall/AjaxComOrderService.getMaterielSearchList.dwr HTTP/1.1" 200 552
101.83.145.79 - - [27/Aug/2021:09:39:19 +0800] "GET /xingrg/kc/buy/cgsh_order_operate.html?command=get_materiel&rest_code=00105&code=00101008036&supplier_code=00100203&order_time=2021-08-27 HTTP/1.1" 200 408
124.77.108.71 - - [27/Aug/2021:09:39:19 +0800] "POST /xingrg/dwr/call/plaincall/AjaxYddbService.getMaterielByMap.dwr HTTP/1.1" 200 3528
172.20.0.100 - - [27/Aug/2021:09:39:21 +0800] "GET /xingrg/all/function/internal_message.html?_=1630028365060&CODE_STATE=getMsg HTTP/1.1" 200 27
120.253.135.82 - - [27/Aug/2021:09:39:23 +0800] "GET /xingrg/all/function/internal_message.html?_=1630028376086&CODE_STATE=getMsg HTTP/1.1" 200 27
116.233.78.234 - - [27/Aug/2021:09:39:24 +0800] "POST /xingrg/kc/buy/cgsh_order_operate.html HTTP/1.1" 200 37
116.230.105.26 - - [27/Aug/2021:09:39:24 +0800] "GET /xingrg/kc/buy/cgsh_order_operate.html?command=get_materiel&rest_code=00155&code=00101008101&supplier_code=00100005&order_time=2021-08-27 HTTP/1.1" 200 23
124.77.108.71 - - [27/Aug/2021:09:39:25 +0800] "POST /xingrg/dwr/call/plaincall/AjaxYddbService.saveMaterielItem.dwr HTTP/1.1" 200 79
222.70.179.113 - - [27/Aug/2021:09:39:25 +0800] "GET /xingrg/kc/buy/cgsh_order_operate.html?command=get_materiel&rest_code=00111&code=00101008323&supplier_code=00100005&order_time=2021-08-27 HTTP/1.1" 200 408
116.233.78.234 - - [27/Aug/2021:09:39:25 +0800] "POST /xingrg/kc/buy/cgsh_order_operate.html HTTP/1.1" 200 41680
180.169.147.146 - - [27/Aug/2021:09:39:26 +0800] "GET /xingrg/check_reg.html?_=1630028369614 HTTP/1.1" 200 22
180.169.147.146 - - [27/Aug/2021:09:39:28 +0800] "GET /xingrg/all/function/internal_message.html?_=1630028371236&CODE_STATE=getMsg HTTP/1.1" 200 27
116.238.194.18 - - [27/Aug/2021:09:39:28 +0800] "GET /xingrg/all/function/internal_message.html?_=1630028362327&CODE_STATE=getMsg HTTP/1.1" 200 27
116.230.105.26 - - [27/Aug/2021:09:39:29 +0800] "POST /xingrg/kc/buy/cgsh_order_operate.html HTTP/1.1" 200 37
180.169.147.146 - - [27/Aug/2021:09:39:30 +0800] "GET /xingrg/check_reg.html?_=1630028375520 HTTP/1.1" 200 22
180.169.147.146 - - [27/Aug/2021:09:39:30 +0800] "GET /xingrg/all/function/internal_message.html?_=1630028375524&CODE_STATE=getMsg HTTP/1.1" 200 27
116.230.105.26 - - [27/Aug/2021:09:39:30 +0800] "POST /xingrg/kc/buy/cgsh_order_operate.html HTTP/1.1" 200 8212
124.77.108.71 - - [27/Aug/2021:09:39:30 +0800] "POST /xingrg/dwr/call/plaincall/AjaxComOrderService.getMaterielSearchList.dwr HTTP/1.1" 200 24345
116.233.78.234 - - [27/Aug/2021:09:39:31 +0800] "GET /xingrg/kc/buy/cgsh_order_operate.html?command=get_materiel&rest_code=00109&code=00101008110&supplier_code=00100005&order_time=2021-08-27 HTTP/1.1" 200 408
222.70.246.151 - - [27/Aug/2021:09:39:31 +0800] "GET /xingrg/all/function/internal_message.html?_=1630028374355&CODE_STATE=getMsg HTTP/1.1" 200 27
222.69.131.200 - - [27/Aug/2021:09:39:32 +0800] "GET /xingrg/all/function/internal_message.html?_=1630028374116&CODE_STATE=getMsg HTTP/1.1" 200 27
124.77.108.71 - - [27/Aug/2021:09:39:33 +0800] "POST /xingrg/dwr/call/plaincall/AjaxComOrderService.getMaterielSearchList.dwr HTTP/1.1" 200 3686
124.77.108.71 - - [27/Aug/2021:09:39:35 +0800] "POST /xingrg/dwr/call/plaincall/AjaxYddbService.getMaterielByMap.dwr HTTP/1.1" 200 3503
116.230.105.26 - - [27/Aug/2021:09:39:36 +0800] "GET /xingrg/login.html HTTP/1.1" 200 7641
116.230.105.26 - - [27/Aug/2021:09:39:36 +0800] "GET /favicon.ico HTTP/1.1" 404 -
116.238.194.18 - - [27/Aug/2021:09:39:37 +0800] "GET /xingrg/all/function/internal_message.html?_=1630028380308&CODE_STATE=getMsg HTTP/1.1" 200 27
116.233.78.234 - - [27/Aug/2021:09:39:38 +0800] "GET /xingrg/kc/buy/cgsh_order_operate.html?command=get_materiel&rest_code=00109&code=00101008290&supplier_code=00100005&order_time=2021-08-27 HTTP/1.1" 200 416
124.77.108.71 - - [27/Aug/2021:09:39:39 +0800] "POST /xingrg/dwr/call/plaincall/AjaxYddbService.saveMaterielItem.dwr HTTP/1.1" 200 79
101.83.145.79 - - [27/Aug/2021:09:39:40 +0800] "GET /xingrg/kc/buy/cgsh_order_operate.html?command=get_materiel&rest_code=00105&code=00101015026&supplier_code=00100203&order_time=2021-08-27 HTTP/1.1" 200 412
116.230.105.26 - - [27/Aug/2021:09:39:42 +0800] "POST /xingrg/login.do HTTP/1.1" 302 -
116.230.105.26 - - [27/Aug/2021:09:39:42 +0800] "GET /xingrg/index.html?sysBaseUrl=http%3A%2F%2F180.169.147.146%3A18081%2Fxingrg%2F&costTime=37×tamp=1630028382417 HTTP/1.1" 200 17179
116.230.105.26 - - [27/Aug/2021:09:39:42 +0800] "GET /favicon.ico HTTP/1.1" 404 -
116.230.105.26 - - [27/Aug/2021:09:39:42 +0800] "POST /xingrg/all/common/load_tree.html?tree=area_rest_tree_json&manage=1 HTTP/1.1" 200 351
116.230.105.26 - - [27/Aug/2021:09:39:42 +0800] "GET /xingrg/all/function/internal_message.html?_=1630028351090&CODE_STATE=count HTTP/1.1" 200 11
116.230.105.26 - - [27/Aug/2021:09:39:42 +0800] "GET /xingrg/check_reg.html?_=1630028351091 HTTP/1.1" 200 22
116.230.105.26 - - [27/Aug/2021:09:39:42 +0800] "POST /xingrg/load_menu.html HTTP/1.1" 200 5138
124.77.108.71 - - [27/Aug/2021:09:39:44 +0800] "POST /xingrg/dwr/call/plaincall/AjaxComOrderService.getMaterielSearchList.dwr HTTP/1.1" 200 13511
222.70.179.113 - - [27/Aug/2021:09:39:45 +0800] "GET /xingrg/all/function/internal_message.html?_=1630028385277&CODE_STATE=getMsg HTTP/1.1" 200 27
222.70.179.113 - - [27/Aug/2021:09:39:45 +0800] "GET /xingrg/kc/buy/cgsh_order_operate.html?command=get_materiel&rest_code=00111&code=00101008112&supplier_code=00100005&order_time=2021-08-27 HTTP/1.1" 200 412
116.233.78.234 - - [27/Aug/2021:09:39:45 +0800] "GET /xingrg/kc/buy/cgsh_order_operate.html?command=get_materiel&rest_code=00109&code=00101015060&supplier_code=00100005&order_time=2021-08-27 HTTP/1.1" 200 412
180.157.254.90 - - [27/Aug/2021:09:39:45 +0800] "GET /xingrg/all/function/internal_message.html?_=1630028392592&CODE_STATE=getMsg HTTP/1.1" 200 27
116.230.105.26 - - [27/Aug/2021:09:39:45 +0800] "GET /xingrg/kc/buy/cgsh_order_list.html HTTP/1.1" 200 47597
116.230.105.26 - - [27/Aug/2021:09:39:47 +0800] "POST /xingrg/kc/buy/cgsh_list_operate.html HTTP/1.1" 200 3137
124.77.108.71 - - [27/Aug/2021:09:39:48 +0800] "POST /xingrg/dwr/call/plaincall/AjaxComOrderService.getMaterielSearchList.dwr HTTP/1.1" 200 704
116.233.78.234 - - [27/Aug/2021:09:39:50 +0800] "GET /xingrg/kc/buy/cgsh_order_operate.html?command=get_materiel&rest_code=00109&code=00101008223&supplier_code=00100005&order_time=2021-08-27 HTTP/1.1" 200 412
116.233.78.234 - - [27/Aug/2021:09:39:51 +0800] "GET /xingrg/all/function/internal_message.html?_=1630028396285&CODE_STATE=getMsg HTTP/1.1" 200 27
101.83.145.79 - - [27/Aug/2021:09:39:51 +0800] "GET /xingrg/kc/buy/cgsh_order_operate.html?command=get_materiel&rest_code=00105&code=00101008041&supplier_code=00100203&order_time=2021-08-27 HTTP/1.1" 200 408
116.230.105.26 - - [27/Aug/2021:09:39:51 +0800] "POST /xingrg/kc/buy/cgsh_list_operate.html HTTP/1.1" 200 3137
116.233.78.234 - - [27/Aug/2021:09:39:52 +0800] "POST /xingrg/kc/buy/cgsh_order_operate.html HTTP/1.1" 200 2065
124.77.108.71 - - [27/Aug/2021:09:39:53 +0800] "POST /xingrg/dwr/call/plaincall/AjaxComOrderService.getMaterielSearchList.dwr HTTP/1.1" 200 204
116.230.105.26 - - [27/Aug/2021:09:39:53 +0800] "POST /xingrg/kc/buy/cgsh_list_operate.html HTTP/1.1" 200 565
116.230.105.26 - - [27/Aug/2021:09:39:54 +0800] "GET /xingrg/kc/buy/cgsh_order_info.html?code=212021082712166 HTTP/1.1" 200 63306
116.230.105.26 - - [27/Aug/2021:09:39:54 +0800] "GET /xingrg/words/20210827093343_words.js HTTP/1.1" 304 -
116.230.105.26 - - [27/Aug/2021:09:39:54 +0800] "GET /xingrg/all/common/auto_word.html?type=employee&rest_code=00155 HTTP/1.1" 200 205
116.230.105.26 - - [27/Aug/2021:09:39:54 +0800] "GET /xingrg/javascript/easyui/themes/default/validatebox.css HTTP/1.1" 404 1104
116.230.105.26 - - [27/Aug/2021:09:39:54 +0800] "GET /xingrg/all/common/auto_word.html?type=employee&rest_code=00155 HTTP/1.1" 200 205
116.230.105.26 - - [27/Aug/2021:09:39:54 +0800] "POST /xingrg/kc/buy/cgsh_order_operate.html HTTP/1.1" 200 14517
116.233.78.234 - - [27/Aug/2021:09:39:56 +0800] "GET /xingrg/kc/buy/cgsh_order_operate.html?command=get_materiel&rest_code=00109&code=00101008286&supplier_code=00100005&order_time=2021-08-27 HTTP/1.1" 200 408
124.77.108.71 - - [27/Aug/2021:09:39:57 +0800] "GET /xingrg/all/function/internal_message.html?_=1630028394086&CODE_STATE=getMsg HTTP/1.1" 200 27
101.83.145.79 - - [27/Aug/2021:09:39:57 +0800] "GET /xingrg/kc/buy/cgsh_order_operate.html?command=get_materiel&rest_code=00105&code=00101015032&supplier_code=00100203&order_time=2021-08-27 HTTP/1.1" 200 418
116.230.105.26 - - [27/Aug/2021:09:39:58 +0800] "GET /xingrg/javascript/auto/indicator.gif HTTP/1.1" 404 1066
124.77.108.71 - - [27/Aug/2021:09:39:59 +0800] "POST /xingrg/dwr/call/plaincall/AjaxComOrderService.getMaterielSearchList.dwr HTTP/1.1" 200 204
116.230.105.26 - - [27/Aug/2021:09:40:01 +0800] "GET /xingrg/kc/buy/cgsh_order_operate.html?command=get_materiel&rest_code=00155&code=00101008101&supplier_code=00100005&order_time=2021-08-27 HTTP/1.1" 200 412
116.233.78.234 - - [27/Aug/2021:09:40:01 +0800] "GET /xingrg/kc/buy/cgsh_order_operate.html?command=get_materiel&rest_code=00109&code=00101008131&supplier_code=00100005&order_time=2021-08-27 HTTP/1.1" 200 408
124.77.108.71 - - [27/Aug/2021:09:40:04 +0800] "POST /xingrg/dwr/call/plaincall/AjaxComOrderService.getMaterielSearchList.dwr HTTP/1.1" 200 204
124.77.108.71 - - [27/Aug/2021:09:40:05 +0800] "POST /xingrg/dwr/call/plaincall/AjaxComOrderService.getMaterielSearchList.dwr HTTP/1.1" 200 410
116.233.78.234 - - [27/Aug/2021:09:40:05 +0800] "GET /xingrg/kc/buy/cgsh_order_operate.html?command=get_materiel&rest_code=00109&code=00101008095&supplier_code=00100005&order_time=2021-08-27 HTTP/1.1" 200 412
124.77.108.71 - - [27/Aug/2021:09:40:06 +0800] "POST /xingrg/dwr/call/plaincall/AjaxYddbService.getMaterielByMap.dwr HTTP/1.1" 200 3494
180.169.147.146 - - [27/Aug/2021:09:40:06 +0800] "GET /xingrg/all/function/internal_message.html?_=1630028411462&CODE_STATE=getMsg HTTP/1.1" 200 27
120.253.135.82 - - [27/Aug/2021:09:40:08 +0800] "GET /xingrg/check_reg.html?_=1630028421290 HTTP/1.1" 200 22
124.77.108.71 - - [27/Aug/2021:09:40:08 +0800] "POST /xingrg/dwr/call/plaincall/AjaxYddbService.saveMaterielItem.dwr HTTP/1.1" 200 79
116.230.105.26 - - [27/Aug/2021:09:40:09 +0800] "GET /xingrg/kc/buy/cgsh_order_operate.html?command=get_materiel&rest_code=00155&code=00101008361&supplier_code=00100005&order_time=2021-08-27 HTTP/1.1" 200 408
116.233.78.234 - - [27/Aug/2021:09:40:11 +0800] "GET /xingrg/kc/buy/cgsh_order_operate.html?command=get_materiel&rest_code=00109&code=00101008150&supplier_code=00100005&order_time=2021-08-27 HTTP/1.1" 200 409
101.83.145.79 - - [27/Aug/2021:09:40:11 +0800] "GET /xingrg/kc/buy/cgsh_order_operate.html?command=get_materiel&rest_code=00105&code=00101008112&supplier_code=00100203&order_time=2021-08-27 HTTP/1.1" 200 412
101.83.145.79 - - [27/Aug/2021:09:40:11 +0800] "GET /xingrg/all/function/internal_message.html?_=1630028415835&CODE_STATE=getMsg HTTP/1.1" 200 27
124.77.108.71 - - [27/Aug/2021:09:40:11 +0800] "POST /xingrg/dwr/call/plaincall/AjaxComOrderService.getMaterielSearchList.dwr HTTP/1.1" 200 4926
124.77.108.71 - - [27/Aug/2021:09:40:12 +0800] "POST /xingrg/dwr/call/plaincall/AjaxYddbService.getMaterielByMap.dwr HTTP/1.1" 200 3502
120.253.135.82 - - [27/Aug/2021:09:40:13 +0800] "GET /xingrg/all/function/internal_message.html?_=1630028192438&CODE_STATE=getMsg HTTP/1.1" 200 27
124.77.108.71 - - [27/Aug/2021:09:40:14 +0800] "POST /xingrg/dwr/call/plaincall/AjaxYddbService.saveMaterielItem.dwr HTTP/1.1" 200 79
116.230.105.26 - - [27/Aug/2021:09:40:15 +0800] "GET /xingrg/kc/buy/cgsh_order_operate.html?command=get_materiel&rest_code=00155&code=00101008355&supplier_code=00100005&order_time=2021-08-27 HTTP/1.1" 200 408
222.70.179.113 - - [27/Aug/2021:09:40:15 +0800] "GET /xingrg/kc/buy/cgsh_order_operate.html?command=get_materiel&rest_code=00111&code=00101008290&supplier_code=00100005&order_time=2021-08-27 HTTP/1.1" 200 416
116.233.78.234 - - [27/Aug/2021:09:40:17 +0800] "GET /xingrg/kc/buy/cgsh_order_operate.html?command=get_materiel&rest_code=00109&code=00101008168&supplier_code=00100005&order_time=2021-08-27 HTTP/1.1" 200 412
222.70.179.113 - - [27/Aug/2021:09:40:18 +0800] "POST /xingrg/kc/buy/cgsh_order_operate.html HTTP/1.1" 200 2065
116.233.78.234 - - [27/Aug/2021:09:40:18 +0800] "POST /xingrg/kc/buy/cgsh_order_operate.html HTTP/1.1" 200 2065
124.77.108.71 - - [27/Aug/2021:09:40:20 +0800] "POST /xingrg/dwr/call/plaincall/AjaxComOrderService.getMaterielSearchList.dwr HTTP/1.1" 200 3217
58.37.227.186 - - [27/Aug/2021:09:40:20 +0800] "GET /xingrg/check_reg.html?_=1630028309199 HTTP/1.1" 200 22
58.37.227.186 - - [27/Aug/2021:09:40:20 +0800] "GET /xingrg/check_reg.html?_=1630028309214 HTTP/1.1" 200 22
172.20.0.100 - - [27/Aug/2021:09:40:21 +0800] "GET /xingrg/all/function/internal_message.html?_=1630028425049&CODE_STATE=getMsg HTTP/1.1" 200 27
116.230.105.26 - - [27/Aug/2021:09:40:21 +0800] "GET /xingrg/kc/buy/cgsh_order_operate.html?command=get_materiel&rest_code=00155&code=00101008144&supplier_code=00100005&order_time=2021-08-27 HTTP/1.1" 200 412
116.233.78.234 - - [27/Aug/2021:09:40:22 +0800] "GET /xingrg/kc/buy/cgsh_order_operate.html?command=get_materiel&rest_code=00109&code=00101008236&supplier_code=00100005&order_time=2021-08-27 HTTP/1.1" 200 416
120.253.135.82 - - [27/Aug/2021:09:40:23 +0800] "GET /xingrg/all/function/internal_message.html?_=1630028436093&CODE_STATE=getMsg HTTP/1.1" 200 27
116.230.105.26 - - [27/Aug/2021:09:40:23 +0800] "POST /xingrg/kc/buy/cgsh_order_operate.html HTTP/1.1" 200 2065
222.70.179.113 - - [27/Aug/2021:09:40:23 +0800] "GET /xingrg/kc/buy/cgsh_order_operate.html?command=get_materiel&rest_code=00111&code=00101008125&supplier_code=00100005&order_time=2021-08-27 HTTP/1.1" 200 413
124.77.108.71 - - [27/Aug/2021:09:40:24 +0800] "POST /xingrg/dwr/call/plaincall/AjaxComOrderService.getMaterielSearchList.dwr HTTP/1.1" 200 204
124.77.108.71 - - [27/Aug/2021:09:40:24 +0800] "POST /xingrg/dwr/call/plaincall/AjaxComOrderService.getMaterielSearchList.dwr HTTP/1.1" 200 400
101.83.145.79 - - [27/Aug/2021:09:40:25 +0800] "POST /xingrg/kc/buy/cgsh_order_operate.html HTTP/1.1" 200 2065
180.169.147.146 - - [27/Aug/2021:09:40:25 +0800] "POST /xingrg/all/user/operate.html HTTP/1.1" 200 36
180.169.147.146 - - [27/Aug/2021:09:40:25 +0800] "GET /xingrg/index.html?sysBaseUrl=http%3A%2F%2F180.169.147.146%3A18081%2Fxingrg%2F&costTime=41×tamp=1630025805412 HTTP/1.1" 200 17509
180.169.147.146 - - [27/Aug/2021:09:40:25 +0800] "GET /xingrg/javascript/jquery_easy_ui/themes/default/easyui.css HTTP/1.1" 304 -
180.169.147.146 - - [27/Aug/2021:09:40:25 +0800] "GET /xingrg/javascript/jquery_easy_ui/themes/icon.css HTTP/1.1" 304 -
180.169.147.146 - - [27/Aug/2021:09:40:25 +0800] "GET /xingrg/css/form.css HTTP/1.1" 304 -
180.169.147.146 - - [27/Aug/2021:09:40:25 +0800] "GET /xingrg/javascript/jquery-1.4.2.min.js HTTP/1.1" 304 -
180.169.147.146 - - [27/Aug/2021:09:40:25 +0800] "GET /xingrg/javascript/jquery_easy_ui/jquery.easyui.min.js HTTP/1.1" 304 -
180.169.147.146 - - [27/Aug/2021:09:40:25 +0800] "GET /xingrg/javascript/jquery_easy_ui/easyui-lang-zh_CN.js HTTP/1.1" 304 -
180.169.147.146 - - [27/Aug/2021:09:40:25 +0800] "GET /xingrg/javascript/jquery.form.js HTTP/1.1" 304 -
180.169.147.146 - - [27/Aug/2021:09:40:25 +0800] "GET /xingrg/javascript/jquery.utils.js HTTP/1.1" 304 -
180.169.147.146 - - [27/Aug/2021:09:40:25 +0800] "GET /xingrg/javascript/jquery.timers.js HTTP/1.1" 304 -
180.169.147.146 - - [27/Aug/2021:09:40:25 +0800] "GET /xingrg/images/blue/jxLogo.png HTTP/1.1" 304 -
180.169.147.146 - - [27/Aug/2021:09:40:25 +0800] "GET /xingrg/javascript/jquery_easy_ui/themes/icons/settle_new.png HTTP/1.1" 304 -
180.169.147.146 - - [27/Aug/2021:09:40:25 +0800] "GET /xingrg/images/blue/navBackgound.jpg HTTP/1.1" 304 -
180.169.147.146 - - [27/Aug/2021:09:40:25 +0800] "POST /xingrg/all/common/load_tree.html?tree=area_rest_tree_json&manage=1 HTTP/1.1" 200 3344
180.169.147.146 - - [27/Aug/2021:09:40:25 +0800] "GET /xingrg/all/function/internal_message.html?_=1630028431076&CODE_STATE=count HTTP/1.1" 200 11
180.169.147.146 - - [27/Aug/2021:09:40:25 +0800] "GET /xingrg/check_reg.html?_=1630028431077 HTTP/1.1" 200 22
180.169.147.146 - - [27/Aug/2021:09:40:25 +0800] "GET /xingrg/javascript/jquery_easy_ui/themes/default/images/tabs_rightarrow.png HTTP/1.1" 304 -
180.169.147.146 - - [27/Aug/2021:09:40:25 +0800] "GET /xingrg/javascript/jquery_easy_ui/themes/default/images/panel_tool_collapse.gif HTTP/1.1" 304 -
180.169.147.146 - - [27/Aug/2021:09:40:25 +0800] "GET /xingrg/images/blue/pingpu.png HTTP/1.1" 304 -
180.169.147.146 - - [27/Aug/2021:09:40:25 +0800] "GET /xingrg/javascript/jquery_easy_ui/themes/default/images/tabs_leftarrow.png HTTP/1.1" 304 -
180.169.147.146 - - [27/Aug/2021:09:40:25 +0800] "GET /xingrg/javascript/jquery_easy_ui/themes/default/images/panel_tool_expand.gif HTTP/1.1" 304 -
180.169.147.146 - - [27/Aug/2021:09:40:26 +0800] "POST /xingrg/load_menu.html HTTP/1.1" 200 9959
116.230.105.26 - - [27/Aug/2021:09:40:26 +0800] "GET /xingrg/kc/buy/cgsh_order_operate.html?command=get_materiel&rest_code=00155&code=00101008264&supplier_code=00100005&order_time=2021-08-27 HTTP/1.1" 200 412
101.83.145.79 - - [27/Aug/2021:09:40:26 +0800] "POST /xingrg/kc/buy/cgsh_order_operate.html HTTP/1.1" 200 2065
124.77.108.71 - - [27/Aug/2021:09:40:27 +0800] "POST /xingrg/dwr/call/plaincall/AjaxYddbService.getMaterielByMap.dwr HTTP/1.1" 200 3494
101.83.145.79 - - [27/Aug/2021:09:40:27 +0800] "POST /xingrg/kc/buy/cgsh_order_operate.html HTTP/1.1" 200 2065
180.169.147.146 - - [27/Aug/2021:09:40:28 +0800] "GET /xingrg/all/function/internal_message.html?_=1630028431227&CODE_STATE=getMsg HTTP/1.1" 200 27
180.169.147.146 - - [27/Aug/2021:09:40:28 +0800] "GET /xingrg/kc/buy/cgsh_order_list.html HTTP/1.1" 200 47852
116.238.194.18 - - [27/Aug/2021:09:40:28 +0800] "GET /xingrg/all/function/internal_message.html?_=1630028422348&CODE_STATE=getMsg HTTP/1.1" 200 27
116.233.78.234 - - [27/Aug/2021:09:40:29 +0800] "GET /xingrg/kc/buy/cgsh_order_operate.html?command=get_materiel&rest_code=00109&code=00101008109&supplier_code=00100005&order_time=2021-08-27 HTTP/1.1" 200 413
180.169.147.146 - - [27/Aug/2021:09:40:29 +0800] "POST /xingrg/kc/buy/cgsh_list_operate.html HTTP/1.1" 200 876
116.230.105.26 - - [27/Aug/2021:09:40:31 +0800] "GET /xingrg/kc/buy/cgsh_order_operate.html?command=get_materiel&rest_code=00155&code=00101008356&supplier_code=00100005&order_time=2021-08-27 HTTP/1.1" 200 408
222.70.246.151 - - [27/Aug/2021:09:40:31 +0800] "GET /xingrg/all/function/internal_message.html?_=1630028434377&CODE_STATE=getMsg HTTP/1.1" 200 27
222.69.131.200 - - [27/Aug/2021:09:40:32 +0800] "GET /xingrg/all/function/internal_message.html?_=1630028434118&CODE_STATE=getMsg HTTP/1.1" 200 27
124.77.108.71 - - [27/Aug/2021:09:40:32 +0800] "POST /xingrg/dwr/call/plaincall/AjaxYddbService.saveMaterielItem.dwr HTTP/1.1" 200 79
222.70.179.113 - - [27/Aug/2021:09:40:34 +0800] "GET /xingrg/kc/buy/cgsh_order_operate.html?command=get_materiel&rest_code=00111&code=00101020152&supplier_code=00100005&order_time=2021-08-27 HTTP/1.1" 200 416
116.233.78.234 - - [27/Aug/2021:09:40:34 +0800] "GET /xingrg/kc/buy/cgsh_order_operate.html?command=get_materiel&rest_code=00109&code=00101015046&supplier_code=00100005&order_time=2021-08-27 HTTP/1.1" 200 412
124.77.108.71 - - [27/Aug/2021:09:40:36 +0800] "POST /xingrg/dwr/call/plaincall/AjaxComOrderService.getMaterielSearchList.dwr HTTP/1.1" 200 58154
116.238.194.18 - - [27/Aug/2021:09:40:37 +0800] "GET /xingrg/all/function/internal_message.html?_=1630028440312&CODE_STATE=getMsg HTTP/1.1" 200 27
116.238.194.18 - - [27/Aug/2021:09:40:37 +0800] "GET /xingrg/check_reg.html?_=1630028440315 HTTP/1.1" 200 22
116.230.105.26 - - [27/Aug/2021:09:40:38 +0800] "GET /xingrg/kc/buy/cgsh_order_operate.html?command=get_materiel&rest_code=00155&code=00101008196&supplier_code=00100005&order_time=2021-08-27 HTTP/1.1" 200 416
222.69.131.200 - - [27/Aug/2021:09:40:38 +0800] "POST /xingrg/services/DataTransmitService HTTP/1.1" 401 565
222.69.131.200 - - [27/Aug/2021:09:40:38 +0800] "POST /xingrg/services/DataTransmitService HTTP/1.1" 200 478
222.69.131.200 - - [27/Aug/2021:09:40:38 +0800] "POST /xingrg/services/DataTransmitService HTTP/1.1" 200 1320
222.69.131.200 - - [27/Aug/2021:09:40:38 +0800] "POST /xingrg/services/DataTransmitService HTTP/1.1" 200 478
222.69.131.200 - - [27/Aug/2021:09:40:38 +0800] "POST /xingrg/services/DataTransmitService HTTP/1.1" 200 1320
222.69.131.200 - - [27/Aug/2021:09:40:38 +0800] "POST /xingrg/services/DataTransmitService HTTP/1.1" 200 524
222.69.131.200 - - [27/Aug/2021:09:40:39 +0800] "POST /xingrg/services/DataTransmitService HTTP/1.1" 200 1983
124.77.108.71 - - [27/Aug/2021:09:40:39 +0800] "POST /xingrg/dwr/call/plaincall/AjaxComOrderService.getMaterielSearchList.dwr HTTP/1.1" 200 684
222.69.131.200 - - [27/Aug/2021:09:40:39 +0800] "POST /xingrg/services/DataTransmitService HTTP/1.1" 200 45454
222.69.131.200 - - [27/Aug/2021:09:40:39 +0800] "POST /xingrg/services/DataTransmitService HTTP/1.1" 200 19237
116.233.78.234 - - [27/Aug/2021:09:40:41 +0800] "GET /xingrg/kc/buy/cgsh_order_operate.html?command=get_materiel&rest_code=00109&code=00101015052&supplier_code=00100005&order_time=2021-08-27 HTTP/1.1" 200 413
222.69.131.200 - - [27/Aug/2021:09:40:42 +0800] "POST /xingrg/services/DataTransmitService HTTP/1.1" 200 524
116.230.105.26 - - [27/Aug/2021:09:40:42 +0800] "GET /xingrg/all/function/internal_message.html?_=1630028411129&CODE_STATE=getMsg HTTP/1.1" 200 27
222.69.131.200 - - [27/Aug/2021:09:40:43 +0800] "POST /xingrg/services/DataTransmitService HTTP/1.1" 200 1983
222.70.179.113 - - [27/Aug/2021:09:40:45 +0800] "GET /xingrg/all/function/internal_message.html?_=1630028445275&CODE_STATE=getMsg HTTP/1.1" 200 27
222.70.179.113 - - [27/Aug/2021:09:40:45 +0800] "GET /xingrg/kc/buy/cgsh_order_operate.html?command=get_materiel&rest_code=00111&code=00101008236&supplier_code=00100005&order_time=2021-08-27 HTTP/1.1" 200 416
180.157.254.90 - - [27/Aug/2021:09:40:45 +0800] "GET /xingrg/all/function/internal_message.html?_=1630028452591&CODE_STATE=getMsg HTTP/1.1" 200 27
180.157.254.90 - - [27/Aug/2021:09:40:45 +0800] "GET /xingrg/check_reg.html?_=1630028452593 HTTP/1.1" 200 22
116.233.78.234 - - [27/Aug/2021:09:40:47 +0800] "GET /xingrg/kc/buy/cgsh_order_operate.html?command=get_materiel&rest_code=00109&code=00101008114&supplier_code=00100005&order_time=2021-08-27 HTTP/1.1" 200 412
116.230.105.26 - - [27/Aug/2021:09:40:47 +0800] "GET /xingrg/kc/buy/cgsh_order_operate.html?command=get_materiel&rest_code=00155&code=00101008197&supplier_code=00100005&order_time=2021-08-27 HTTP/1.1" 200 416
124.77.108.71 - - [27/Aug/2021:09:40:48 +0800] "POST /xingrg/dwr/call/plaincall/AjaxYddbService.getMaterielByMap.dwr HTTP/1.1" 200 3489
116.233.78.234 - - [27/Aug/2021:09:40:48 +0800] "POST /xingrg/kc/buy/cgsh_order_operate.html HTTP/1.1" 200 2065
124.77.108.71 - - [27/Aug/2021:09:40:50 +0800] "POST /xingrg/dwr/call/plaincall/AjaxYddbService.saveMaterielItem.dwr HTTP/1.1" 200 79
116.233.78.234 - - [27/Aug/2021:09:40:51 +0800] "GET /xingrg/all/function/internal_message.html?_=1630028456295&CODE_STATE=getMsg HTTP/1.1" 200 27
116.233.78.234 - - [27/Aug/2021:09:40:51 +0800] "GET /xingrg/check_reg.html?_=1630028456298 HTTP/1.1" 200 22
124.77.108.71 - - [27/Aug/2021:09:40:55 +0800] "POST /xingrg/dwr/call/plaincall/AjaxComOrderService.getMaterielSearchList.dwr HTTP/1.1" 200 3060
222.70.179.113 - - [27/Aug/2021:09:40:56 +0800] "GET /xingrg/kc/buy/cgsh_order_operate.html?command=get_materiel&rest_code=00111&code=00101013165&supplier_code=00100005&order_time=2021-08-27 HTTP/1.1" 200 409
101.83.145.79 - - [27/Aug/2021:09:40:57 +0800] "GET /xingrg/kc/buy/cgsh_order_operate.html?command=get_materiel&rest_code=00105&code=00101008114&supplier_code=00100203&order_time=2021-08-27 HTTP/1.1" 200 412
124.77.108.71 - - [27/Aug/2021:09:40:57 +0800] "POST /xingrg/dwr/call/plaincall/AjaxComOrderService.getMaterielSearchList.dwr HTTP/1.1" 200 811
124.77.108.71 - - [27/Aug/2021:09:40:57 +0800] "GET /xingrg/all/function/internal_message.html?_=1630028454084&CODE_STATE=getMsg HTTP/1.1" 200 27
222.70.179.113 - - [27/Aug/2021:09:41:01 +0800] "GET /xingrg/check_reg.html?_=1630028489314 HTTP/1.1" 302 -
124.77.108.71 - - [27/Aug/2021:09:41:02 +0800] "POST /xingrg/dwr/call/plaincall/AjaxYddbService.getMaterielByMap.dwr HTTP/1.1" 200 3506
116.230.105.26 - - [27/Aug/2021:09:41:03 +0800] "GET /xingrg/kc/buy/cgsh_order_operate.html?command=get_materiel&rest_code=00155&code=00101008478&supplier_code=00100005&order_time=2021-08-27 HTTP/1.1" 200 399
116.238.194.18 - - [27/Aug/2021:09:41:03 +0800] "POST /xingrg/kc/buy/cgsh_order_operate.html HTTP/1.1" 200 37
116.233.78.234 - - [27/Aug/2021:09:41:04 +0800] "GET /xingrg/kc/buy/cgsh_order_operate.html?command=get_materiel&rest_code=00109&code=00101019254&supplier_code=00100005&order_time=2021-08-27 HTTP/1.1" 200 447
101.83.145.79 - - [27/Aug/2021:09:41:04 +0800] "GET /xingrg/kc/buy/cgsh_order_operate.html?command=get_materiel&rest_code=00105&code=00101008109&supplier_code=00100203&order_time=2021-08-27 HTTP/1.1" 200 413
116.238.194.18 - - [27/Aug/2021:09:41:04 +0800] "POST /xingrg/kc/buy/cgsh_order_operate.html HTTP/1.1" 200 29902
124.77.108.71 - - [27/Aug/2021:09:41:05 +0800] "POST /xingrg/dwr/call/plaincall/AjaxYddbService.saveMaterielItem.dwr HTTP/1.1" 200 79
222.69.131.200 - - [27/Aug/2021:09:41:05 +0800] "POST /xingrg/services/DataTransmitService HTTP/1.1" 200 524
222.69.131.200 - - [27/Aug/2021:09:41:05 +0800] "POST /xingrg/services/DataTransmitService HTTP/1.1" 200 501
116.230.105.26 - - [27/Aug/2021:09:41:05 +0800] "POST /xingrg/kc/buy/cgsh_order_operate.html HTTP/1.1" 200 2065
180.169.147.146 - - [27/Aug/2021:09:41:06 +0800] "GET /xingrg/all/function/internal_message.html?_=1630028471448&CODE_STATE=getMsg HTTP/1.1" 200 27
116.233.78.234 - - [27/Aug/2021:09:41:07 +0800] "POST /xingrg/all/common/load_select.html HTTP/1.1" 200 25
124.77.108.71 - - [27/Aug/2021:09:41:08 +0800] "POST /xingrg/dwr/call/plaincall/AjaxComOrderService.getMaterielSearchList.dwr HTTP/1.1" 200 35105
222.70.179.113 - - [27/Aug/2021:09:41:08 +0800] "GET /xingrg/kc/buy/cgsh_order_operate.html?command=get_materiel&rest_code=00111&code=00101008223&supplier_code=00100005&order_time=2021-08-27 HTTP/1.1" 200 412
116.230.105.26 - - [27/Aug/2021:09:41:09 +0800] "GET /xingrg/kc/buy/cgsh_order_operate.html?command=get_materiel&rest_code=00155&code=00101008006&supplier_code=00100005&order_time=2021-08-27 HTTP/1.1" 200 416
101.83.145.79 - - [27/Aug/2021:09:41:10 +0800] "GET /xingrg/kc/buy/cgsh_order_operate.html?command=get_materiel&rest_code=00105&code=00101010112&supplier_code=00100203&order_time=2021-08-27 HTTP/1.1" 200 412
124.77.108.71 - - [27/Aug/2021:09:41:11 +0800] "POST /xingrg/dwr/call/plaincall/AjaxComOrderService.getMaterielSearchList.dwr HTTP/1.1" 200 816
116.233.78.234 - - [27/Aug/2021:09:41:11 +0800] "GET /xingrg/kc/buy/cgsh_order_operate.html?command=get_materiel_price&rest_code=00109&code=00101019254&unit_code=00100040&supplier_code=00100005&order_time=2021-08-27 HTTP/1.1" 200 27
101.83.145.79 - - [27/Aug/2021:09:41:11 +0800] "GET /xingrg/all/function/internal_message.html?_=1630028475936&CODE_STATE=getMsg HTTP/1.1" 200 27
222.70.179.113 - - [27/Aug/2021:09:41:12 +0800] "POST /xingrg/kc/buy/cgsh_order_operate.html HTTP/1.1" 200 2065
222.69.131.200 - - [27/Aug/2021:09:41:13 +0800] "POST /xingrg/services/DataTransmitService HTTP/1.1" 200 524
120.253.135.82 - - [27/Aug/2021:09:41:13 +0800] "GET /xingrg/all/function/internal_message.html?_=1630028252452&CODE_STATE=getMsg HTTP/1.1" 200 27
101.83.145.79 - - [27/Aug/2021:09:41:16 +0800] "GET /xingrg/kc/buy/cgsh_order_operate.html?command=get_materiel&rest_code=00105&code=00101008125&supplier_code=00100203&order_time=2021-08-27 HTTP/1.1" 200 413
124.77.108.71 - - [27/Aug/2021:09:41:16 +0800] "POST /xingrg/dwr/call/plaincall/AjaxYddbService.getMaterielByMap.dwr HTTP/1.1" 200 3496
116.230.105.26 - - [27/Aug/2021:09:41:16 +0800] "GET /xingrg/kc/buy/cgsh_order_operate.html?command=get_materiel&rest_code=00155&code=00101008036&supplier_code=00100005&order_time=2021-08-27 HTTP/1.1" 200 408
124.77.108.71 - - [27/Aug/2021:09:41:18 +0800] "POST /xingrg/dwr/call/plaincall/AjaxYddbService.saveMaterielItem.dwr HTTP/1.1" 200 79
222.70.179.113 - - [27/Aug/2021:09:41:18 +0800] "GET /xingrg/kc/buy/cgsh_order_operate.html?command=get_materiel&rest_code=00111&code=00101008230&supplier_code=00100005&order_time=2021-08-27 HTTP/1.1" 200 408
172.20.0.100 - - [27/Aug/2021:09:41:21 +0800] "GET /xingrg/all/function/internal_message.html?_=1630028485043&CODE_STATE=getMsg HTTP/1.1" 200 27
124.77.108.71 - - [27/Aug/2021:09:41:22 +0800] "POST /xingrg/dwr/call/plaincall/AjaxComOrderService.getMaterielSearchList.dwr HTTP/1.1" 200 35105
116.233.78.234 - - [27/Aug/2021:09:41:22 +0800] "GET /xingrg/kc/buy/cgsh_order_operate.html?command=get_materiel&rest_code=00109&code=00101008141&supplier_code=00100005&order_time=2021-08-27 HTTP/1.1" 200 412
116.230.105.26 - - [27/Aug/2021:09:41:22 +0800] "GET /xingrg/kc/buy/cgsh_order_operate.html?command=get_materiel&rest_code=00155&code=00101008131&supplier_code=00100005&order_time=2021-08-27 HTTP/1.1" 200 408
120.253.135.82 - - [27/Aug/2021:09:41:23 +0800] "GET /xingrg/all/function/internal_message.html?_=1630028496107&CODE_STATE=getMsg HTTP/1.1" 200 27
180.169.147.146 - - [27/Aug/2021:09:41:26 +0800] "GET /xingrg/all/function/internal_message.html?_=1630028491182&CODE_STATE=getMsg HTTP/1.1" 200 27
124.77.108.71 - - [27/Aug/2021:09:41:26 +0800] "POST /xingrg/dwr/call/plaincall/AjaxComOrderService.getMaterielSearchList.dwr HTTP/1.1" 200 1055
116.233.78.234 - - [27/Aug/2021:09:41:27 +0800] "GET /xingrg/kc/buy/cgsh_order_operate.html?command=get_materiel&rest_code=00109&code=00101008586&supplier_code=00100005&order_time=2021-08-27 HTTP/1.1" 200 396
180.169.147.146 - - [27/Aug/2021:09:41:28 +0800] "GET /xingrg/all/function/internal_message.html?_=1630028491202&CODE_STATE=getMsg HTTP/1.1" 200 27
116.238.194.18 - - [27/Aug/2021:09:41:28 +0800] "GET /xingrg/all/function/internal_message.html?_=1630028482354&CODE_STATE=getMsg HTTP/1.1" 200 27
124.77.108.71 - - [27/Aug/2021:09:41:29 +0800] "POST /xingrg/dwr/call/plaincall/AjaxYddbService.getMaterielByMap.dwr HTTP/1.1" 200 3502
116.230.105.26 - - [27/Aug/2021:09:41:29 +0800] "GET /xingrg/kc/buy/cgsh_order_operate.html?command=get_materiel&rest_code=00155&code=00101008108&supplier_code=00100005&order_time=2021-08-27 HTTP/1.1" 200 412
124.77.108.71 - - [27/Aug/2021:09:41:31 +0800] "POST /xingrg/dwr/call/plaincall/AjaxYddbService.saveMaterielItem.dwr HTTP/1.1" 200 79
222.70.246.151 - - [27/Aug/2021:09:41:31 +0800] "GET /xingrg/all/function/internal_message.html?_=1630028494382&CODE_STATE=getMsg HTTP/1.1" 200 27
222.69.131.200 - - [27/Aug/2021:09:41:32 +0800] "GET /xingrg/all/function/internal_message.html?_=1630028494116&CODE_STATE=getMsg HTTP/1.1" 200 27
222.69.131.200 - - [27/Aug/2021:09:41:32 +0800] "GET /xingrg/check_reg.html?_=1630028494119 HTTP/1.1" 200 22
116.230.105.26 - - [27/Aug/2021:09:41:36 +0800] "GET /xingrg/kc/buy/cgsh_order_operate.html?command=get_materiel&rest_code=00155&code=00101008318&supplier_code=00100005&order_time=2021-08-27 HTTP/1.1" 200 408
124.77.108.71 - - [27/Aug/2021:09:41:36 +0800] "POST /xingrg/dwr/call/plaincall/AjaxComOrderService.getMaterielSearchList.dwr HTTP/1.1" 200 2771
116.238.194.18 - - [27/Aug/2021:09:41:37 +0800] "GET /xingrg/kc/buy/cgsh_order_operate.html?command=get_materiel&rest_code=00150&code=00101008219&supplier_code=00100007&order_time=2021-08-27 HTTP/1.1" 200 412
116.238.194.18 - - [27/Aug/2021:09:41:37 +0800] "GET /xingrg/all/function/internal_message.html?_=1630028500317&CODE_STATE=getMsg HTTP/1.1" 200 27
116.230.105.26 - - [27/Aug/2021:09:41:38 +0800] "POST /xingrg/kc/buy/cgsh_order_operate.html HTTP/1.1" 200 2065
124.77.108.71 - - [27/Aug/2021:09:41:39 +0800] "POST /xingrg/dwr/call/plaincall/AjaxComOrderService.getMaterielSearchList.dwr HTTP/1.1" 200 577
101.83.145.79 - - [27/Aug/2021:09:41:41 +0800] "GET /xingrg/kc/buy/cgsh_order_operate.html?command=get_materiel&rest_code=00105&code=00101008333&supplier_code=00100203&order_time=2021-08-27 HTTP/1.1" 200 412
124.77.108.71 - - [27/Aug/2021:09:41:42 +0800] "POST /xingrg/dwr/call/plaincall/AjaxYddbService.getMaterielByMap.dwr HTTP/1.1" 200 3532
116.230.105.26 - - [27/Aug/2021:09:41:42 +0800] "GET /xingrg/kc/buy/cgsh_order_operate.html?command=get_materiel&rest_code=00155&code=00101008352&supplier_code=00100005&order_time=2021-08-27 HTTP/1.1" 200 412
116.230.105.26 - - [27/Aug/2021:09:41:42 +0800] "GET /xingrg/all/function/internal_message.html?_=1630028471094&CODE_STATE=getMsg HTTP/1.1" 200 27
222.70.179.113 - - [27/Aug/2021:09:41:45 +0800] "GET /xingrg/all/function/internal_message.html?_=1630028505253&CODE_STATE=getMsg HTTP/1.1" 200 27
124.77.108.71 - - [27/Aug/2021:09:41:45 +0800] "POST /xingrg/dwr/call/plaincall/AjaxYddbService.saveMaterielItem.dwr HTTP/1.1" 200 79
180.157.254.90 - - [27/Aug/2021:09:41:45 +0800] "GET /xingrg/all/function/internal_message.html?_=1630028512591&CODE_STATE=getMsg HTTP/1.1" 200 27
116.233.78.234 - - [27/Aug/2021:09:41:45 +0800] "GET /xingrg/kc/buy/cgsh_order_operate.html?command=get_materiel&rest_code=00109&code=00101009030&supplier_code=00100005&order_time=2021-08-27 HTTP/1.1" 200 412
116.230.105.26 - - [27/Aug/2021:09:41:48 +0800] "GET /xingrg/kc/buy/cgsh_order_operate.html?command=get_materiel&rest_code=00155&code=00101008271&supplier_code=00100005&order_time=2021-08-27 HTTP/1.1" 200 408
222.70.179.113 - - [27/Aug/2021:09:41:49 +0800] "GET /xingrg/kc/buy/cgsh_order_operate.html?command=get_materiel&rest_code=00111&code=00101008114&supplier_code=00100005&order_time=2021-08-27 HTTP/1.1" 200 412
116.233.78.234 - - [27/Aug/2021:09:41:51 +0800] "GET /xingrg/all/function/internal_message.html?_=1630028516290&CODE_STATE=getMsg HTTP/1.1" 200 27
101.83.145.79 - - [27/Aug/2021:09:41:52 +0800] "GET /xingrg/kc/buy/cgsh_order_operate.html?command=get_materiel&rest_code=00105&code=00101009030&supplier_code=00100203&order_time=2021-08-27 HTTP/1.1" 200 413
116.230.105.26 - - [27/Aug/2021:09:41:55 +0800] "GET /xingrg/kc/buy/cgsh_order_operate.html?command=get_materiel&rest_code=00155&code=00101008353&supplier_code=00100005&order_time=2021-08-27 HTTP/1.1" 200 408
124.77.108.71 - - [27/Aug/2021:09:41:57 +0800] "GET /xingrg/all/function/internal_message.html?_=1630028514086&CODE_STATE=getMsg HTTP/1.1" 200 27
222.70.179.113 - - [27/Aug/2021:09:41:59 +0800] "GET /xingrg/kc/buy/cgsh_order_operate.html?command=get_materiel&rest_code=00111&code=00101008095&supplier_code=00100005&order_time=2021-08-27 HTTP/1.1" 200 412
