116.233.78.234 - - [27/Aug/2021:09:12:27 +0800] "GET /xingrg/all/common/auto_word.html?type=employee&rest_code=00109 HTTP/1.1" 200 255
116.233.78.234 - - [27/Aug/2021:09:12:27 +0800] "GET /xingrg/all/common/auto_word.html?type=employee&rest_code=00109 HTTP/1.1" 200 255
116.233.78.234 - - [27/Aug/2021:09:12:27 +0800] "GET /xingrg/javascript/easyui/themes/default/validatebox.css HTTP/1.1" 404 1104
180.169.147.146 - - [27/Aug/2021:09:12:27 +0800] "GET /xingrg/all/function/internal_message.html?_=1630026750316&CODE_STATE=getMsg HTTP/1.1" 200 27
180.169.147.146 - - [27/Aug/2021:09:12:30 +0800] "GET /xingrg/all/function/internal_message.html?_=1630026755474&CODE_STATE=getMsg HTTP/1.1" 200 27
116.233.78.234 - - [27/Aug/2021:09:12:30 +0800] "GET /xingrg/javascript/jquery_tools/images/prev.gif HTTP/1.1" 404 1086
116.233.78.234 - - [27/Aug/2021:09:12:30 +0800] "GET /xingrg/javascript/jquery_tools/images/next.gif HTTP/1.1" 404 1086
222.70.246.151 - - [27/Aug/2021:09:12:31 +0800] "GET /xingrg/all/function/internal_message.html?_=1630026753937&CODE_STATE=getMsg HTTP/1.1" 200 27
222.69.131.200 - - [27/Aug/2021:09:12:31 +0800] "GET /xingrg/all/function/internal_message.html?_=1630026754026&CODE_STATE=getMsg HTTP/1.1" 200 27
180.157.254.90 - - [27/Aug/2021:09:12:34 +0800] "POST /xingrg/kc/buy/cgsh_order_operate.html HTTP/1.1" 200 37
180.157.254.90 - - [27/Aug/2021:09:12:35 +0800] "POST /xingrg/kc/buy/cgsh_order_operate.html HTTP/1.1" 200 13894
116.233.78.234 - - [27/Aug/2021:09:12:35 +0800] "GET /xingrg/kc/buy/cgsh_order_operate.html?command=get_materiel&rest_code=00109&code=00101007085&supplier_code=00100004&order_time=2021-08-27 HTTP/1.1" 200 413
180.157.254.90 - - [27/Aug/2021:09:12:39 +0800] "GET /xingrg/kc/buy/cgsh_order_list.html HTTP/1.1" 200 47597
180.157.254.90 - - [27/Aug/2021:09:12:41 +0800] "POST /xingrg/kc/buy/cgsh_list_operate.html HTTP/1.1" 200 2031
116.233.78.234 - - [27/Aug/2021:09:12:42 +0800] "GET /xingrg/kc/buy/cgsh_order_operate.html?command=get_materiel&rest_code=00109&code=00101007051&supplier_code=00100004&order_time=2021-08-27 HTTP/1.1" 200 413
222.69.131.200 - - [27/Aug/2021:09:12:43 +0800] "GET /xingrg/kc/print/load_data.html?order_code=212021082712149&kc_code=cgsh&condition= HTTP/1.1" 200 2043
180.157.254.90 - - [27/Aug/2021:09:12:43 +0800] "POST /xingrg/kc/buy/cgsh_list_operate.html HTTP/1.1" 200 566
180.157.254.90 - - [27/Aug/2021:09:12:44 +0800] "GET /xingrg/kc/buy/cgsh_order_info.html?code=212021082712151 HTTP/1.1" 200 63338
180.157.254.90 - - [27/Aug/2021:09:12:44 +0800] "GET /xingrg/javascript/easyui/themes/default/validatebox.css HTTP/1.1" 404 1104
222.70.179.113 - - [27/Aug/2021:09:12:44 +0800] "GET /xingrg/all/function/internal_message.html?_=1630026764812&CODE_STATE=getMsg HTTP/1.1" 200 27
180.157.254.90 - - [27/Aug/2021:09:12:45 +0800] "POST /xingrg/kc/buy/cgsh_order_operate.html HTTP/1.1" 200 13894
180.157.254.90 - - [27/Aug/2021:09:12:45 +0800] "GET /xingrg/all/function/internal_message.html?_=1630026772573&CODE_STATE=getMsg HTTP/1.1" 200 27
116.233.78.234 - - [27/Aug/2021:09:12:51 +0800] "GET /xingrg/all/function/internal_message.html?_=1630026776222&CODE_STATE=getMsg HTTP/1.1" 200 27
116.230.105.26 - - [27/Aug/2021:09:12:51 +0800] "GET /xingrg/all/function/internal_message.html?_=1630026739633&CODE_STATE=getMsg HTTP/1.1" 200 27
116.233.78.234 - - [27/Aug/2021:09:12:58 +0800] "POST /xingrg/kc/buy/cgsh_order_operate.html HTTP/1.1" 200 37
116.233.78.234 - - [27/Aug/2021:09:12:59 +0800] "POST /xingrg/kc/buy/cgsh_order_operate.html HTTP/1.1" 200 3256
116.233.78.234 - - [27/Aug/2021:09:13:00 +0800] "GET /xingrg/kc/print/load_config.html?kc_code=cgsh HTTP/1.1" 200 2076
116.233.78.234 - - [27/Aug/2021:09:13:00 +0800] "GET /xingrg/kc/print/load_data.html?order_code=212021082712152&kc_code=cgsh&condition= HTTP/1.1" 200 951
180.157.254.90 - - [27/Aug/2021:09:13:02 +0800] "GET /xingrg/kc/buy/cgsh_order_operate.html?command=get_materiel&rest_code=00148&code=00101008361&supplier_code=00100007&order_time=2021-08-27 HTTP/1.1" 200 408
116.237.74.154 - - [27/Aug/2021:09:13:04 +0800] "GET /xingrg/all/function/internal_message.html?_=1630026789334&CODE_STATE=getMsg HTTP/1.1" 200 27
116.233.78.234 - - [27/Aug/2021:09:13:04 +0800] "GET /xingrg/kc/buy/cgsh_order_add.html HTTP/1.1" 200 63370
116.233.78.234 - - [27/Aug/2021:09:13:04 +0800] "POST /xingrg/kc/buy/cgsh_order_operate.html HTTP/1.1" 200 8245
116.233.78.234 - - [27/Aug/2021:09:13:04 +0800] "GET /xingrg/all/common/auto_word.html?type=employee&rest_code=00109 HTTP/1.1" 200 255
116.233.78.234 - - [27/Aug/2021:09:13:04 +0800] "GET /xingrg/all/common/auto_word.html?type=employee&rest_code=00109 HTTP/1.1" 200 255
116.233.78.234 - - [27/Aug/2021:09:13:04 +0800] "GET /xingrg/javascript/easyui/themes/default/validatebox.css HTTP/1.1" 404 1104
180.157.254.90 - - [27/Aug/2021:09:13:11 +0800] "GET /xingrg/kc/buy/cgsh_order_operate.html?command=get_materiel&rest_code=00148&code=00101008356&supplier_code=00100007&order_time=2021-08-27 HTTP/1.1" 200 408
101.83.145.79 - - [27/Aug/2021:09:13:11 +0800] "GET /xingrg/all/function/internal_message.html?_=1630026795794&CODE_STATE=getMsg HTTP/1.1" 200 27
116.238.194.18 - - [27/Aug/2021:09:13:17 +0800] "GET /xingrg/all/function/internal_message.html?_=1630026791297&CODE_STATE=getMsg HTTP/1.1" 200 27
222.70.246.151 - - [27/Aug/2021:09:13:20 +0800] "GET /xingrg/check_reg.html?_=1630026803440 HTTP/1.1" 200 22
120.253.135.82 - - [27/Aug/2021:09:13:22 +0800] "GET /xingrg/all/function/internal_message.html?_=1630026815712&CODE_STATE=getMsg HTTP/1.1" 200 27
180.157.254.90 - - [27/Aug/2021:09:13:26 +0800] "GET /xingrg/kc/buy/cgsh_order_operate.html?command=get_materiel&rest_code=00148&code=00101008069&supplier_code=00100007&order_time=2021-08-27 HTTP/1.1" 200 412
180.169.147.146 - - [27/Aug/2021:09:13:27 +0800] "GET /xingrg/all/function/internal_message.html?_=1630026810306&CODE_STATE=getMsg HTTP/1.1" 200 27
116.233.78.234 - - [27/Aug/2021:09:13:29 +0800] "GET /xingrg/javascript/jquery_tools/images/next.gif HTTP/1.1" 404 1086
116.233.78.234 - - [27/Aug/2021:09:13:29 +0800] "GET /xingrg/javascript/jquery_tools/images/prev.gif HTTP/1.1" 404 1086
180.169.147.146 - - [27/Aug/2021:09:13:30 +0800] "GET /xingrg/all/function/internal_message.html?_=1630026815488&CODE_STATE=getMsg HTTP/1.1" 200 27
222.70.246.151 - - [27/Aug/2021:09:13:31 +0800] "GET /xingrg/all/function/internal_message.html?_=1630026813939&CODE_STATE=getMsg HTTP/1.1" 200 27
222.69.131.200 - - [27/Aug/2021:09:13:31 +0800] "GET /xingrg/all/function/internal_message.html?_=1630026814029&CODE_STATE=getMsg HTTP/1.1" 200 27
180.157.254.90 - - [27/Aug/2021:09:13:32 +0800] "GET /xingrg/kc/buy/cgsh_order_operate.html?command=get_materiel&rest_code=00148&code=00101008036&supplier_code=00100007&order_time=2021-08-27 HTTP/1.1" 200 408
116.238.194.18 - - [27/Aug/2021:09:13:33 +0800] "GET /xingrg/kc/buy/cgsh_order_operate.html?command=get_materiel&rest_code=00151&code=00101012060&supplier_code=00100007&order_time=2021-08-27 HTTP/1.1" 200 408
180.157.254.90 - - [27/Aug/2021:09:13:34 +0800] "POST /xingrg/kc/buy/cgsh_order_operate.html HTTP/1.1" 200 2065
116.233.78.234 - - [27/Aug/2021:09:13:37 +0800] "GET /xingrg/kc/buy/cgsh_order_operate.html?command=get_materiel&rest_code=00109&code=00101007109&supplier_code=00100015&order_time=2021-08-27 HTTP/1.1" 200 408
180.157.254.90 - - [27/Aug/2021:09:13:38 +0800] "GET /xingrg/kc/buy/cgsh_order_operate.html?command=get_materiel&rest_code=00148&code=00101008286&supplier_code=00100007&order_time=2021-08-27 HTTP/1.1" 200 408
116.238.194.18 - - [27/Aug/2021:09:13:42 +0800] "GET /xingrg/kc/buy/cgsh_order_operate.html?command=get_materiel&rest_code=00151&code=00101016038&supplier_code=00100007&order_time=2021-08-27 HTTP/1.1" 200 408
222.70.179.113 - - [27/Aug/2021:09:13:44 +0800] "GET /xingrg/all/function/internal_message.html?_=1630026824811&CODE_STATE=getMsg HTTP/1.1" 200 27
180.157.254.90 - - [27/Aug/2021:09:13:45 +0800] "GET /xingrg/all/function/internal_message.html?_=1630026832565&CODE_STATE=getMsg HTTP/1.1" 200 27
116.238.194.18 - - [27/Aug/2021:09:13:49 +0800] "GET /xingrg/kc/buy/cgsh_order_operate.html?command=get_materiel&rest_code=00151&code=00101008318&supplier_code=00100007&order_time=2021-08-27 HTTP/1.1" 200 408
116.233.78.234 - - [27/Aug/2021:09:13:51 +0800] "GET /xingrg/all/function/internal_message.html?_=1630026836223&CODE_STATE=getMsg HTTP/1.1" 200 27
116.230.105.26 - - [27/Aug/2021:09:13:51 +0800] "GET /xingrg/check_reg.html?_=1630026799628 HTTP/1.1" 200 22
116.230.105.26 - - [27/Aug/2021:09:13:51 +0800] "GET /xingrg/all/function/internal_message.html?_=1630026799632&CODE_STATE=getMsg HTTP/1.1" 200 27
116.233.78.234 - - [27/Aug/2021:09:13:54 +0800] "GET /xingrg/kc/buy/cgsh_order_operate.html?command=get_materiel&rest_code=00109&code=00101010248&supplier_code=00100015&order_time=2021-08-27 HTTP/1.1" 200 430
116.238.194.18 - - [27/Aug/2021:09:13:55 +0800] "GET /xingrg/kc/buy/cgsh_order_operate.html?command=get_materiel&rest_code=00151&code=00101008264&supplier_code=00100007&order_time=2021-08-27 HTTP/1.1" 200 412
180.157.254.90 - - [27/Aug/2021:09:13:56 +0800] "GET /xingrg/kc/buy/cgsh_order_operate.html?command=get_materiel&rest_code=00148&code=00101008185&supplier_code=00100007&order_time=2021-08-27 HTTP/1.1" 200 408
180.157.254.90 - - [27/Aug/2021:09:14:02 +0800] "GET /xingrg/kc/buy/cgsh_order_operate.html?command=get_materiel&rest_code=00148&code=00101008114&supplier_code=00100007&order_time=2021-08-27 HTTP/1.1" 200 412
116.238.194.18 - - [27/Aug/2021:09:14:03 +0800] "GET /xingrg/kc/buy/cgsh_order_operate.html?command=get_materiel&rest_code=00151&code=00101008344&supplier_code=00100007&order_time=2021-08-27 HTTP/1.1" 200 412
116.237.74.154 - - [27/Aug/2021:09:14:04 +0800] "GET /xingrg/all/function/internal_message.html?_=1630026849335&CODE_STATE=getMsg HTTP/1.1" 200 27
180.157.254.90 - - [27/Aug/2021:09:14:04 +0800] "POST /xingrg/kc/buy/cgsh_order_operate.html HTTP/1.1" 200 2065
116.233.78.234 - - [27/Aug/2021:09:14:07 +0800] "GET /xingrg/kc/buy/cgsh_order_operate.html?command=get_materiel&rest_code=00109&code=00101006193&supplier_code=00100015&order_time=2021-08-27 HTTP/1.1" 200 409
180.157.254.90 - - [27/Aug/2021:09:14:09 +0800] "GET /xingrg/kc/buy/cgsh_order_operate.html?command=get_materiel&rest_code=00148&code=00101008330&supplier_code=00100007&order_time=2021-08-27 HTTP/1.1" 200 408
116.238.194.18 - - [27/Aug/2021:09:14:10 +0800] "GET /xingrg/kc/buy/cgsh_order_operate.html?command=get_materiel&rest_code=00151&code=00101008357&supplier_code=00100007&order_time=2021-08-27 HTTP/1.1" 200 408
101.83.145.79 - - [27/Aug/2021:09:14:11 +0800] "GET /xingrg/all/function/internal_message.html?_=1630026855794&CODE_STATE=getMsg HTTP/1.1" 200 27
58.221.95.50 - - [27/Aug/2021:09:14:15 +0800] "GET /xingrg/check_reg.html?_=1630026857845 HTTP/1.1" 302 -
116.238.194.18 - - [27/Aug/2021:09:14:16 +0800] "GET /xingrg/kc/buy/cgsh_order_operate.html?command=get_materiel&rest_code=00151&code=00101012039&supplier_code=00100007&order_time=2021-08-27 HTTP/1.1" 200 408
222.70.179.113 - - [27/Aug/2021:09:14:16 +0800] "GET /xingrg/kc/buy/cgsh_order_operate.html?command=get_materiel&rest_code=00111&code=00101008417&supplier_code=00100037&order_time=2021-08-27 HTTP/1.1" 200 413
116.238.194.18 - - [27/Aug/2021:09:14:17 +0800] "GET /xingrg/all/function/internal_message.html?_=1630026851302&CODE_STATE=getMsg HTTP/1.1" 200 27
116.233.78.234 - - [27/Aug/2021:09:14:21 +0800] "POST /xingrg/kc/buy/cgsh_order_operate.html HTTP/1.1" 200 37
120.253.135.82 - - [27/Aug/2021:09:14:22 +0800] "GET /xingrg/all/function/internal_message.html?_=1630026875729&CODE_STATE=getMsg HTTP/1.1" 200 27
116.238.194.18 - - [27/Aug/2021:09:14:23 +0800] "GET /xingrg/kc/buy/cgsh_order_operate.html?command=get_materiel&rest_code=00151&code=00101016025&supplier_code=00100007&order_time=2021-08-27 HTTP/1.1" 200 408
180.157.254.90 - - [27/Aug/2021:09:14:23 +0800] "GET /xingrg/kc/buy/cgsh_order_operate.html?command=get_materiel&rest_code=00148&code=00101016105&supplier_code=00100007&order_time=2021-08-27 HTTP/1.1" 200 409
116.233.78.234 - - [27/Aug/2021:09:14:24 +0800] "POST /xingrg/kc/buy/cgsh_order_operate.html HTTP/1.1" 200 3255
180.169.147.146 - - [27/Aug/2021:09:14:26 +0800] "GET /xingrg/check_reg.html?_=1630026869552 HTTP/1.1" 200 22
180.169.147.146 - - [27/Aug/2021:09:14:27 +0800] "GET /xingrg/all/function/internal_message.html?_=1630026870299&CODE_STATE=getMsg HTTP/1.1" 200 27
116.233.78.234 - - [27/Aug/2021:09:14:27 +0800] "GET /xingrg/kc/print/load_config.html?kc_code=cgsh HTTP/1.1" 200 2076
116.233.78.234 - - [27/Aug/2021:09:14:27 +0800] "GET /xingrg/kc/print/load_data.html?order_code=212021082712153&kc_code=cgsh&condition= HTTP/1.1" 200 986
180.169.147.146 - - [27/Aug/2021:09:14:30 +0800] "GET /xingrg/check_reg.html?_=1630026875494 HTTP/1.1" 200 22
180.169.147.146 - - [27/Aug/2021:09:14:30 +0800] "GET /xingrg/all/function/internal_message.html?_=1630026875496&CODE_STATE=getMsg HTTP/1.1" 200 27
116.233.78.234 - - [27/Aug/2021:09:14:31 +0800] "GET /xingrg/kc/buy/cgsh_order_add.html HTTP/1.1" 200 63370
222.70.246.151 - - [27/Aug/2021:09:14:31 +0800] "GET /xingrg/all/function/internal_message.html?_=1630026873953&CODE_STATE=getMsg HTTP/1.1" 200 27
116.233.78.234 - - [27/Aug/2021:09:14:31 +0800] "POST /xingrg/kc/buy/cgsh_order_operate.html HTTP/1.1" 200 8245
116.233.78.234 - - [27/Aug/2021:09:14:31 +0800] "GET /xingrg/all/common/auto_word.html?type=employee&rest_code=00109 HTTP/1.1" 200 255
116.233.78.234 - - [27/Aug/2021:09:14:31 +0800] "GET /xingrg/javascript/easyui/themes/default/validatebox.css HTTP/1.1" 404 1104
116.233.78.234 - - [27/Aug/2021:09:14:31 +0800] "GET /xingrg/all/common/auto_word.html?type=employee&rest_code=00109 HTTP/1.1" 200 255
222.69.131.200 - - [27/Aug/2021:09:14:31 +0800] "GET /xingrg/all/function/internal_message.html?_=1630026874029&CODE_STATE=getMsg HTTP/1.1" 200 27
222.70.179.113 - - [27/Aug/2021:09:14:39 +0800] "POST /xingrg/kc/buy/cgsh_order_operate.html HTTP/1.1" 200 37
116.238.194.18 - - [27/Aug/2021:09:14:39 +0800] "GET /xingrg/kc/buy/cgsh_order_operate.html?command=get_materiel&rest_code=00151&code=00101008353&supplier_code=00100007&order_time=2021-08-27 HTTP/1.1" 200 23
116.233.78.234 - - [27/Aug/2021:09:14:40 +0800] "POST /xingrg/kc/buy/cgsh_list_operate.html HTTP/1.1" 200 2733
116.238.194.18 - - [27/Aug/2021:09:14:44 +0800] "POST /xingrg/kc/buy/cgsh_order_operate.html HTTP/1.1" 200 37
222.70.179.113 - - [27/Aug/2021:09:14:44 +0800] "POST /xingrg/kc/buy/cgsh_order_operate.html HTTP/1.1" 200 17450
116.233.78.234 - - [27/Aug/2021:09:14:44 +0800] "POST /xingrg/kc/buy/cgsh_list_operate.html HTTP/1.1" 200 277
222.70.179.113 - - [27/Aug/2021:09:14:44 +0800] "GET /xingrg/all/function/internal_message.html?_=1630026884808&CODE_STATE=getMsg HTTP/1.1" 200 27
116.233.78.234 - - [27/Aug/2021:09:14:45 +0800] "GET /xingrg/kc/buy/cgsh_order_info.html?code=212021082712153 HTTP/1.1" 200 63379
116.233.78.234 - - [27/Aug/2021:09:14:45 +0800] "GET /xingrg/all/common/auto_word.html?type=employee&rest_code=00109 HTTP/1.1" 200 255
116.233.78.234 - - [27/Aug/2021:09:14:45 +0800] "GET /xingrg/javascript/easyui/themes/default/validatebox.css HTTP/1.1" 404 1104
116.233.78.234 - - [27/Aug/2021:09:14:45 +0800] "GET /xingrg/all/common/auto_word.html?type=employee&rest_code=00109 HTTP/1.1" 200 255
180.157.254.90 - - [27/Aug/2021:09:14:45 +0800] "GET /xingrg/all/function/internal_message.html?_=1630026892557&CODE_STATE=getMsg HTTP/1.1" 200 27
116.233.78.234 - - [27/Aug/2021:09:14:45 +0800] "POST /xingrg/kc/buy/cgsh_order_operate.html HTTP/1.1" 200 3255
116.233.78.234 - - [27/Aug/2021:09:14:50 +0800] "GET /xingrg/kc/buy/cgsh_order_operate.html?command=get_materiel&rest_code=00109&code=00101006057&supplier_code=00100015&order_time=2021-08-27 HTTP/1.1" 200 413
116.233.78.234 - - [27/Aug/2021:09:14:51 +0800] "GET /xingrg/all/function/internal_message.html?_=1630026896226&CODE_STATE=getMsg HTTP/1.1" 200 27
116.230.105.26 - - [27/Aug/2021:09:14:51 +0800] "GET /xingrg/all/function/internal_message.html?_=1630026859643&CODE_STATE=getMsg HTTP/1.1" 200 27
116.238.194.18 - - [27/Aug/2021:09:14:52 +0800] "GET /xingrg/check_reg.html?_=1630026894654 HTTP/1.1" 302 -
116.238.194.18 - - [27/Aug/2021:09:14:55 +0800] "POST /xingrg/kc/buy/cgsh_order_operate.html HTTP/1.1" 200 6837
116.233.78.234 - - [27/Aug/2021:09:14:59 +0800] "GET /xingrg/kc/buy/cgsh_order_operate.html?command=get_materiel&rest_code=00109&code=00101006179&supplier_code=00100015&order_time=2021-08-27 HTTP/1.1" 200 419
222.70.179.113 - - [27/Aug/2021:09:15:01 +0800] "GET /xingrg/login.html HTTP/1.1" 200 7641
180.157.254.90 - - [27/Aug/2021:09:15:01 +0800] "GET /xingrg/kc/buy/cgsh_order_operate.html?command=get_materiel&rest_code=00148&code=00101008233&supplier_code=00100007&order_time=2021-08-27 HTTP/1.1" 200 408
222.70.179.113 - - [27/Aug/2021:09:15:01 +0800] "GET /favicon.ico HTTP/1.1" 404 -
116.237.74.154 - - [27/Aug/2021:09:15:04 +0800] "GET /xingrg/all/function/internal_message.html?_=1630026909338&CODE_STATE=getMsg HTTP/1.1" 200 27
180.157.254.90 - - [27/Aug/2021:09:15:04 +0800] "POST /xingrg/kc/buy/cgsh_order_operate.html HTTP/1.1" 200 2065
116.233.78.234 - - [27/Aug/2021:09:15:07 +0800] "GET /xingrg/kc/buy/cgsh_order_operate.html?command=get_materiel&rest_code=00109&code=00101006180&supplier_code=00100015&order_time=2021-08-27 HTTP/1.1" 200 423
120.253.135.82 - - [27/Aug/2021:09:15:08 +0800] "GET /xingrg/check_reg.html?_=1630026921261 HTTP/1.1" 200 22
222.70.179.113 - - [27/Aug/2021:09:15:08 +0800] "POST /xingrg/login.do HTTP/1.1" 302 -
222.70.179.113 - - [27/Aug/2021:09:15:08 +0800] "GET /xingrg/index.html?sysBaseUrl=http%3A%2F%2F180.169.147.146%3A18081%2Fxingrg%2F&costTime=36×tamp=1630026908751 HTTP/1.1" 200 17173
222.70.179.113 - - [27/Aug/2021:09:15:08 +0800] "GET /favicon.ico HTTP/1.1" 404 -
222.70.179.113 - - [27/Aug/2021:09:15:08 +0800] "POST /xingrg/all/common/load_tree.html?tree=area_rest_tree_json&manage=1 HTTP/1.1" 200 342
222.70.179.113 - - [27/Aug/2021:09:15:09 +0800] "GET /xingrg/all/function/internal_message.html?_=1630026909059&CODE_STATE=count HTTP/1.1" 200 11
222.70.179.113 - - [27/Aug/2021:09:15:09 +0800] "GET /xingrg/check_reg.html?_=1630026909060 HTTP/1.1" 200 22
222.70.179.113 - - [27/Aug/2021:09:15:09 +0800] "POST /xingrg/load_menu.html HTTP/1.1" 200 5138
101.83.145.79 - - [27/Aug/2021:09:15:11 +0800] "GET /xingrg/all/function/internal_message.html?_=1630026915794&CODE_STATE=getMsg HTTP/1.1" 200 27
222.70.179.113 - - [27/Aug/2021:09:15:12 +0800] "GET /xingrg/kc/buy/buy_main.html HTTP/1.1" 200 12412
222.70.179.113 - - [27/Aug/2021:09:15:12 +0800] "GET /xingrg/css/new_ie.css HTTP/1.1" 404 1036
222.70.179.113 - - [27/Aug/2021:09:15:13 +0800] "GET /xingrg/images/yd/bt.gif HTTP/1.1" 404 1040
116.233.78.234 - - [27/Aug/2021:09:15:13 +0800] "GET /xingrg/kc/buy/cgsh_order_operate.html?command=get_materiel&rest_code=00109&code=00101006109&supplier_code=00100015&order_time=2021-08-27 HTTP/1.1" 200 409
222.70.179.113 - - [27/Aug/2021:09:15:13 +0800] "GET /xingrg/kc/buy/cgsh_order_list.html HTTP/1.1" 200 47591
180.157.254.90 - - [27/Aug/2021:09:15:14 +0800] "GET /xingrg/kc/buy/cgsh_order_operate.html?command=get_materiel&rest_code=00148&code=00101008353&supplier_code=00100007&order_time=2021-08-27 HTTP/1.1" 200 408
222.70.179.113 - - [27/Aug/2021:09:15:15 +0800] "POST /xingrg/kc/buy/cgsh_list_operate.html HTTP/1.1" 200 2417
116.238.194.18 - - [27/Aug/2021:09:15:17 +0800] "GET /xingrg/all/function/internal_message.html?_=1630026911315&CODE_STATE=getMsg HTTP/1.1" 200 27
222.70.179.113 - - [27/Aug/2021:09:15:18 +0800] "POST /xingrg/kc/buy/cgsh_list_operate.html HTTP/1.1" 200 578
222.70.179.113 - - [27/Aug/2021:09:15:19 +0800] "GET /xingrg/kc/buy/cgsh_order_info.html?code=212021082712148 HTTP/1.1" 200 63340
222.70.179.113 - - [27/Aug/2021:09:15:19 +0800] "GET /xingrg/all/common/auto_word.html?type=employee&rest_code=00111 HTTP/1.1" 200 155
222.70.179.113 - - [27/Aug/2021:09:15:19 +0800] "GET /xingrg/javascript/easyui/themes/default/validatebox.css HTTP/1.1" 404 1104
222.70.179.113 - - [27/Aug/2021:09:15:19 +0800] "GET /xingrg/all/common/auto_word.html?type=employee&rest_code=00111 HTTP/1.1" 200 155
116.233.78.234 - - [27/Aug/2021:09:15:20 +0800] "GET /xingrg/kc/buy/cgsh_order_operate.html?command=get_materiel&rest_code=00109&code=00101006144&supplier_code=00100015&order_time=2021-08-27 HTTP/1.1" 200 430
222.70.179.113 - - [27/Aug/2021:09:15:20 +0800] "POST /xingrg/kc/buy/cgsh_order_operate.html HTTP/1.1" 200 17450
58.37.227.186 - - [27/Aug/2021:09:15:20 +0800] "GET /xingrg/check_reg.html?_=1630026809276 HTTP/1.1" 200 22
58.37.227.186 - - [27/Aug/2021:09:15:20 +0800] "GET /xingrg/check_reg.html?_=1630026809276 HTTP/1.1" 200 22
222.70.179.113 - - [27/Aug/2021:09:15:21 +0800] "GET /xingrg/kc/print/load_config.html?kc_code=cgsh HTTP/1.1" 200 2076
222.70.179.113 - - [27/Aug/2021:09:15:21 +0800] "GET /xingrg/kc/print/load_data.html?order_code=212021082712148&kc_code=cgsh&condition= HTTP/1.1" 200 6300
120.253.135.82 - - [27/Aug/2021:09:15:22 +0800] "GET /xingrg/all/function/internal_message.html?_=1630026935738&CODE_STATE=getMsg HTTP/1.1" 200 27
116.233.78.234 - - [27/Aug/2021:09:15:24 +0800] "POST /xingrg/kc/buy/cgsh_order_operate.html HTTP/1.1" 200 2065
116.233.78.234 - - [27/Aug/2021:09:15:26 +0800] "GET /xingrg/kc/buy/cgsh_order_operate.html?command=get_materiel&rest_code=00109&code=00101006057&supplier_code=00100015&order_time=2021-08-27 HTTP/1.1" 200 413
180.169.147.146 - - [27/Aug/2021:09:15:27 +0800] "GET /xingrg/all/function/internal_message.html?_=1630026930478&CODE_STATE=getMsg HTTP/1.1" 200 27
180.169.147.146 - - [27/Aug/2021:09:15:30 +0800] "GET /xingrg/all/function/internal_message.html?_=1630026935494&CODE_STATE=getMsg HTTP/1.1" 200 27
116.233.78.234 - - [27/Aug/2021:09:15:31 +0800] "GET /xingrg/kc/buy/cgsh_order_operate.html?command=get_materiel&rest_code=00109&code=00101006109&supplier_code=00100015&order_time=2021-08-27 HTTP/1.1" 200 409
222.70.246.151 - - [27/Aug/2021:09:15:31 +0800] "GET /xingrg/all/function/internal_message.html?_=1630026933968&CODE_STATE=getMsg HTTP/1.1" 200 27
222.69.131.200 - - [27/Aug/2021:09:15:31 +0800] "GET /xingrg/all/function/internal_message.html?_=1630026934027&CODE_STATE=getMsg HTTP/1.1" 200 27
180.157.254.90 - - [27/Aug/2021:09:15:34 +0800] "GET /xingrg/kc/buy/cgsh_order_operate.html?command=get_materiel&rest_code=00148&code=00101008096&supplier_code=00100007&order_time=2021-08-27 HTTP/1.1" 200 412
116.233.78.234 - - [27/Aug/2021:09:15:36 +0800] "GET /xingrg/kc/buy/cgsh_order_operate.html?command=get_materiel&rest_code=00109&code=00101006013&supplier_code=00100015&order_time=2021-08-27 HTTP/1.1" 200 409
116.233.78.234 - - [27/Aug/2021:09:15:41 +0800] "GET /xingrg/kc/buy/cgsh_order_operate.html?command=get_materiel&rest_code=00109&code=00101006058&supplier_code=00100015&order_time=2021-08-27 HTTP/1.1" 200 413
180.157.254.90 - - [27/Aug/2021:09:15:44 +0800] "GET /xingrg/kc/buy/cgsh_order_operate.html?command=get_materiel&rest_code=00148&code=00101008223&supplier_code=00100007&order_time=2021-08-27 HTTP/1.1" 200 412
180.157.254.90 - - [27/Aug/2021:09:15:45 +0800] "GET /xingrg/all/function/internal_message.html?_=1630026952564&CODE_STATE=getMsg HTTP/1.1" 200 27
180.157.254.90 - - [27/Aug/2021:09:15:45 +0800] "GET /xingrg/check_reg.html?_=1630026952566 HTTP/1.1" 200 22
116.238.194.18 - - [27/Aug/2021:09:15:48 +0800] "POST /xingrg/kc/buy/cgsh_list_operate.html HTTP/1.1" 302 -
116.238.194.18 - - [27/Aug/2021:09:15:48 +0800] "GET /xingrg/kc/buy/images/blue/login_bg.png HTTP/1.1" 404 1070
116.238.194.18 - - [27/Aug/2021:09:15:48 +0800] "GET /xingrg/kc/buy/images/blue/srbg.png HTTP/1.1" 404 1062
116.238.194.18 - - [27/Aug/2021:09:15:48 +0800] "GET /xingrg/kc/buy/images/blue/hj.png HTTP/1.1" 404 1058
116.238.194.18 - - [27/Aug/2021:09:15:49 +0800] "GET /xingrg/javascript/jquery_tools/images/prev.gif HTTP/1.1" 404 1086
116.238.194.18 - - [27/Aug/2021:09:15:49 +0800] "GET /xingrg/javascript/jquery_tools/images/next.gif HTTP/1.1" 404 1086
116.233.78.234 - - [27/Aug/2021:09:15:51 +0800] "GET /xingrg/all/function/internal_message.html?_=1630026956228&CODE_STATE=getMsg HTTP/1.1" 200 27
116.233.78.234 - - [27/Aug/2021:09:15:51 +0800] "GET /xingrg/check_reg.html?_=1630026956230 HTTP/1.1" 200 22
116.230.105.26 - - [27/Aug/2021:09:15:51 +0800] "GET /xingrg/all/function/internal_message.html?_=1630026919633&CODE_STATE=getMsg HTTP/1.1" 200 27
116.238.194.18 - - [27/Aug/2021:09:15:52 +0800] "GET /xingrg/login.html HTTP/1.1" 200 7641
116.238.194.18 - - [27/Aug/2021:09:15:53 +0800] "GET /favicon.ico HTTP/1.1" 404 -
116.238.194.18 - - [27/Aug/2021:09:15:54 +0800] "POST /xingrg/login.do HTTP/1.1" 302 -
116.238.194.18 - - [27/Aug/2021:09:15:54 +0800] "GET /xingrg/index.html?sysBaseUrl=http%3A%2F%2F180.169.147.146%3A18081%2Fxingrg%2F&costTime=37×tamp=1630026954740 HTTP/1.1" 200 17179
116.238.194.18 - - [27/Aug/2021:09:15:54 +0800] "GET /xingrg/javascript/jquery-1.4.2.min.js HTTP/1.1" 304 -
116.238.194.18 - - [27/Aug/2021:09:15:54 +0800] "GET /xingrg/javascript/jquery_easy_ui/themes/default/easyui.css HTTP/1.1" 304 -
116.238.194.18 - - [27/Aug/2021:09:15:54 +0800] "GET /xingrg/javascript/jquery_easy_ui/jquery.easyui.min.js HTTP/1.1" 304 -
116.238.194.18 - - [27/Aug/2021:09:15:54 +0800] "GET /xingrg/css/form.css HTTP/1.1" 304 -
116.238.194.18 - - [27/Aug/2021:09:15:54 +0800] "GET /xingrg/javascript/jquery_easy_ui/themes/icon.css HTTP/1.1" 304 -
116.238.194.18 - - [27/Aug/2021:09:15:54 +0800] "GET /xingrg/javascript/jquery_easy_ui/easyui-lang-zh_CN.js HTTP/1.1" 304 -
116.238.194.18 - - [27/Aug/2021:09:15:54 +0800] "GET /xingrg/javascript/jquery.form.js HTTP/1.1" 304 -
116.238.194.18 - - [27/Aug/2021:09:15:54 +0800] "GET /xingrg/javascript/jquery.utils.js HTTP/1.1" 304 -
116.238.194.18 - - [27/Aug/2021:09:15:54 +0800] "GET /xingrg/javascript/jquery.timers.js HTTP/1.1" 304 -
116.238.194.18 - - [27/Aug/2021:09:15:54 +0800] "GET /favicon.ico HTTP/1.1" 404 -
116.238.194.18 - - [27/Aug/2021:09:15:55 +0800] "POST /xingrg/all/common/load_tree.html?tree=area_rest_tree_json&manage=1 HTTP/1.1" 200 476
116.238.194.18 - - [27/Aug/2021:09:15:58 +0800] "GET /xingrg/all/function/internal_message.html?_=1630026951811&CODE_STATE=count HTTP/1.1" 200 11
116.238.194.18 - - [27/Aug/2021:09:15:58 +0800] "GET /xingrg/check_reg.html?_=1630026951812 HTTP/1.1" 200 22
116.238.194.18 - - [27/Aug/2021:09:15:58 +0800] "POST /xingrg/load_menu.html HTTP/1.1" 200 5138
116.233.78.234 - - [27/Aug/2021:09:15:58 +0800] "POST /xingrg/kc/buy/cgsh_order_operate.html HTTP/1.1" 200 37
116.238.194.18 - - [27/Aug/2021:09:15:59 +0800] "GET /xingrg/login.html HTTP/1.1" 200 7641
116.238.194.18 - - [27/Aug/2021:09:15:59 +0800] "GET /favicon.ico HTTP/1.1" 404 -
116.233.78.234 - - [27/Aug/2021:09:16:00 +0800] "POST /xingrg/kc/buy/cgsh_order_operate.html HTTP/1.1" 200 8007
222.70.179.113 - - [27/Aug/2021:09:16:01 +0800] "GET /xingrg/check_reg.html?_=1630026989399 HTTP/1.1" 302 -
116.233.78.234 - - [27/Aug/2021:09:16:01 +0800] "GET /xingrg/kc/print/load_config.html?kc_code=cgsh HTTP/1.1" 200 2076
116.233.78.234 - - [27/Aug/2021:09:16:01 +0800] "GET /xingrg/kc/print/load_data.html?order_code=212021082712153&kc_code=cgsh&condition= HTTP/1.1" 200 2797
116.237.74.154 - - [27/Aug/2021:09:16:04 +0800] "GET /xingrg/all/function/internal_message.html?_=1630026969366&CODE_STATE=getMsg HTTP/1.1" 200 27
116.233.78.234 - - [27/Aug/2021:09:16:05 +0800] "GET /xingrg/kc/buy/cgsh_order_add.html HTTP/1.1" 200 63370
116.233.78.234 - - [27/Aug/2021:09:16:05 +0800] "POST /xingrg/kc/buy/cgsh_order_operate.html HTTP/1.1" 200 8245
116.233.78.234 - - [27/Aug/2021:09:16:05 +0800] "GET /xingrg/all/common/auto_word.html?type=employee&rest_code=00109 HTTP/1.1" 200 255
116.233.78.234 - - [27/Aug/2021:09:16:06 +0800] "GET /xingrg/all/common/auto_word.html?type=employee&rest_code=00109 HTTP/1.1" 200 255
116.233.78.234 - - [27/Aug/2021:09:16:06 +0800] "GET /xingrg/javascript/easyui/themes/default/validatebox.css HTTP/1.1" 404 1104
116.238.194.18 - - [27/Aug/2021:09:16:06 +0800] "POST /xingrg/login.do HTTP/1.1" 302 -
116.238.194.18 - - [27/Aug/2021:09:16:06 +0800] "GET /xingrg/index.html?sysBaseUrl=http%3A%2F%2F180.169.147.146%3A18081%2Fxingrg%2F&costTime=37×tamp=1630026966696 HTTP/1.1" 200 17177
116.238.194.18 - - [27/Aug/2021:09:16:06 +0800] "GET /favicon.ico HTTP/1.1" 404 -
180.174.198.13 - - [27/Aug/2021:09:16:06 +0800] "GET /favicon.ico HTTP/1.1" 404 -
116.238.194.18 - - [27/Aug/2021:09:16:06 +0800] "POST /xingrg/all/common/load_tree.html?tree=area_rest_tree_json&manage=1 HTTP/1.1" 200 476
116.238.194.18 - - [27/Aug/2021:09:16:07 +0800] "GET /xingrg/all/function/internal_message.html?_=1630026969592&CODE_STATE=count HTTP/1.1" 200 11
116.238.194.18 - - [27/Aug/2021:09:16:07 +0800] "GET /xingrg/check_reg.html?_=1630026969595 HTTP/1.1" 200 22
116.238.194.18 - - [27/Aug/2021:09:16:07 +0800] "POST /xingrg/load_menu.html HTTP/1.1" 200 5138
116.238.194.18 - - [27/Aug/2021:09:16:08 +0800] "POST /xingrg/all/user/operate.html HTTP/1.1" 200 36
116.238.194.18 - - [27/Aug/2021:09:16:08 +0800] "GET /xingrg/javascript/jquery_easy_ui/themes/default/easyui.css HTTP/1.1" 304 -
116.238.194.18 - - [27/Aug/2021:09:16:08 +0800] "GET /xingrg/index.html?sysBaseUrl=http%3A%2F%2F180.169.147.146%3A18081%2Fxingrg%2F&costTime=37×tamp=1630026954740 HTTP/1.1" 200 17177
116.238.194.18 - - [27/Aug/2021:09:16:08 +0800] "GET /xingrg/javascript/jquery_easy_ui/themes/icon.css HTTP/1.1" 304 -
116.238.194.18 - - [27/Aug/2021:09:16:08 +0800] "GET /xingrg/css/form.css HTTP/1.1" 304 -
116.238.194.18 - - [27/Aug/2021:09:16:08 +0800] "GET /xingrg/javascript/jquery-1.4.2.min.js HTTP/1.1" 304 -
116.238.194.18 - - [27/Aug/2021:09:16:08 +0800] "GET /xingrg/javascript/jquery_easy_ui/jquery.easyui.min.js HTTP/1.1" 304 -
116.238.194.18 - - [27/Aug/2021:09:16:08 +0800] "GET /xingrg/javascript/jquery_easy_ui/easyui-lang-zh_CN.js HTTP/1.1" 304 -
116.238.194.18 - - [27/Aug/2021:09:16:08 +0800] "GET /xingrg/javascript/jquery.form.js HTTP/1.1" 304 -
116.238.194.18 - - [27/Aug/2021:09:16:08 +0800] "GET /xingrg/javascript/jquery.utils.js HTTP/1.1" 304 -
116.238.194.18 - - [27/Aug/2021:09:16:08 +0800] "GET /xingrg/javascript/jquery.timers.js HTTP/1.1" 304 -
116.238.194.18 - - [27/Aug/2021:09:16:08 +0800] "GET /xingrg/images/blue/jxLogo.png HTTP/1.1" 304 -
116.238.194.18 - - [27/Aug/2021:09:16:08 +0800] "GET /xingrg/images/blue/navBackgound.jpg HTTP/1.1" 304 -
116.238.194.18 - - [27/Aug/2021:09:16:08 +0800] "GET /xingrg/javascript/jquery_easy_ui/themes/icons/settle_new.png HTTP/1.1" 304 -
116.238.194.18 - - [27/Aug/2021:09:16:08 +0800] "POST /xingrg/all/common/load_tree.html?tree=area_rest_tree_json&manage=1 HTTP/1.1" 200 476
116.238.194.18 - - [27/Aug/2021:09:16:08 +0800] "GET /xingrg/images/blue/pingpu.png HTTP/1.1" 304 -
116.238.194.18 - - [27/Aug/2021:09:16:08 +0800] "GET /xingrg/javascript/jquery_easy_ui/themes/default/images/tabs_leftarrow.png HTTP/1.1" 304 -
116.238.194.18 - - [27/Aug/2021:09:16:08 +0800] "GET /xingrg/javascript/jquery_easy_ui/themes/default/images/tabs_rightarrow.png HTTP/1.1" 304 -
116.238.194.18 - - [27/Aug/2021:09:16:08 +0800] "GET /xingrg/javascript/jquery_easy_ui/themes/default/images/panel_tool_collapse.gif HTTP/1.1" 304 -
116.238.194.18 - - [27/Aug/2021:09:16:08 +0800] "GET /xingrg/check_reg.html?_=1630026962225 HTTP/1.1" 200 22
116.238.194.18 - - [27/Aug/2021:09:16:08 +0800] "GET /xingrg/all/function/internal_message.html?_=1630026962224&CODE_STATE=count HTTP/1.1" 200 11
116.238.194.18 - - [27/Aug/2021:09:16:08 +0800] "POST /xingrg/load_menu.html HTTP/1.1" 200 5138
222.70.179.113 - - [27/Aug/2021:09:16:09 +0800] "GET /xingrg/all/function/internal_message.html?_=1630026969072&CODE_STATE=getMsg HTTP/1.1" 200 27
116.238.194.18 - - [27/Aug/2021:09:16:10 +0800] "GET /xingrg/kc/buy/cgsh_order_list.html HTTP/1.1" 200 47595
116.233.78.234 - - [27/Aug/2021:09:16:11 +0800] "GET /xingrg/javascript/jquery_tools/images/prev.gif HTTP/1.1" 404 1086
116.233.78.234 - - [27/Aug/2021:09:16:11 +0800] "GET /xingrg/javascript/jquery_tools/images/next.gif HTTP/1.1" 404 1086
101.83.145.79 - - [27/Aug/2021:09:16:11 +0800] "GET /xingrg/all/function/internal_message.html?_=1630026975794&CODE_STATE=getMsg HTTP/1.1" 200 27
116.238.194.18 - - [27/Aug/2021:09:16:12 +0800] "POST /xingrg/kc/buy/cgsh_list_operate.html HTTP/1.1" 200 1706
116.238.194.18 - - [27/Aug/2021:09:16:13 +0800] "GET /xingrg/kc/buy/cgsh_order_add.html HTTP/1.1" 200 62971
116.238.194.18 - - [27/Aug/2021:09:16:13 +0800] "GET /xingrg/words/20210826200719_words.js HTTP/1.1" 200 837459
116.238.194.18 - - [27/Aug/2021:09:16:14 +0800] "POST /xingrg/kc/buy/cgsh_order_operate.html HTTP/1.1" 200 8245
116.238.194.18 - - [27/Aug/2021:09:16:14 +0800] "GET /xingrg/all/common/auto_word.html?type=employee&rest_code=00151 HTTP/1.1" 200 293
116.238.194.18 - - [27/Aug/2021:09:16:14 +0800] "GET /xingrg/all/common/auto_word.html?type=employee&rest_code=00151 HTTP/1.1" 200 293
116.238.194.18 - - [27/Aug/2021:09:16:14 +0800] "GET /xingrg/javascript/easyui/themes/default/validatebox.css HTTP/1.1" 404 1104
116.233.78.234 - - [27/Aug/2021:09:16:15 +0800] "GET /xingrg/kc/buy/cgsh_order_operate.html?command=get_materiel&rest_code=00109&code=00101016025&supplier_code=00100035&order_time=2021-08-27 HTTP/1.1" 200 408
116.238.194.18 - - [27/Aug/2021:09:16:18 +0800] "GET /xingrg/javascript/auto/indicator.gif HTTP/1.1" 404 1066
116.238.194.18 - - [27/Aug/2021:09:16:19 +0800] "GET /xingrg/css/base.css HTTP/1.1" 304 -
116.238.194.18 - - [27/Aug/2021:09:16:19 +0800] "GET /xingrg/css/site.css HTTP/1.1" 304 -
116.238.194.18 - - [27/Aug/2021:09:16:19 +0800] "GET /xingrg/javascript/jquery_tools/datebox.css HTTP/1.1" 304 -
116.238.194.18 - - [27/Aug/2021:09:16:19 +0800] "GET /xingrg/javascript/jquery_tools/table.css HTTP/1.1" 304 -
116.238.194.18 - - [27/Aug/2021:09:16:19 +0800] "GET /xingrg/javascript/easyui/themes/default/easyui.css HTTP/1.1" 304 -
116.238.194.18 - - [27/Aug/2021:09:16:19 +0800] "GET /xingrg/javascript/easyui/themes/icon.css HTTP/1.1" 304 -
116.238.194.18 - - [27/Aug/2021:09:16:19 +0800] "GET /xingrg/javascript/auto/jquery.autocomplete.css HTTP/1.1" 304 -
116.238.194.18 - - [27/Aug/2021:09:16:19 +0800] "GET /xingrg/javascript/jquery_tools/jquery.tools.min.js HTTP/1.1" 304 -
116.238.194.18 - - [27/Aug/2021:09:16:19 +0800] "GET /xingrg/javascript/jquery_tools/fix.css HTTP/1.1" 304 -
116.238.194.18 - - [27/Aug/2021:09:16:19 +0800] "GET /xingrg/javascript/jquery_tools/jquery.tools.extend.js HTTP/1.1" 304 -
116.238.194.18 - - [27/Aug/2021:09:16:19 +0800] "GET /xingrg/javascript/jquery_tools/jquery.tools.hotkey.js HTTP/1.1" 304 -
116.238.194.18 - - [27/Aug/2021:09:16:19 +0800] "GET /xingrg/javascript/jquery_tools/list_manager.js HTTP/1.1" 304 -
116.238.194.18 - - [27/Aug/2021:09:16:19 +0800] "GET /xingrg/javascript/auto/jquery.autocomplete.js HTTP/1.1" 304 -
116.238.194.18 - - [27/Aug/2021:09:16:19 +0800] "GET /xingrg/javascript/jquery_tools/jquery.tools.table.js HTTP/1.1" 304 -
116.238.194.18 - - [27/Aug/2021:09:16:19 +0800] "GET /xingrg/javascript/jquery.cookie.js HTTP/1.1" 304 -
116.238.194.18 - - [27/Aug/2021:09:16:19 +0800] "GET /xingrg/javascript/easyui/easyloader.js HTTP/1.1" 304 -
116.238.194.18 - - [27/Aug/2021:09:16:19 +0800] "GET /xingrg/javascript/print/LodopFuncs.js HTTP/1.1" 304 -
116.238.194.18 - - [27/Aug/2021:09:16:19 +0800] "GET /xingrg/kc/buy/cgsh_order_list.html HTTP/1.1" 200 47595
116.238.194.18 - - [27/Aug/2021:09:16:19 +0800] "GET /xingrg/javascript/easyui/plugins/jquery.parser.js HTTP/1.1" 304 -
180.157.254.90 - - [27/Aug/2021:09:16:20 +0800] "GET /xingrg/kc/buy/cgsh_order_operate.html?command=get_materiel&rest_code=00148&code=00101009112&supplier_code=00100007&order_time=2021-08-27 HTTP/1.1" 200 411
116.238.194.18 - - [27/Aug/2021:09:16:21 +0800] "POST /xingrg/kc/buy/cgsh_list_operate.html HTTP/1.1" 200 1706
120.253.135.82 - - [27/Aug/2021:09:16:22 +0800] "GET /xingrg/all/function/internal_message.html?_=1630026995756&CODE_STATE=getMsg HTTP/1.1" 200 27
116.238.194.18 - - [27/Aug/2021:09:16:23 +0800] "POST /xingrg/kc/buy/cgsh_list_operate.html HTTP/1.1" 200 558
116.233.78.234 - - [27/Aug/2021:09:16:23 +0800] "GET /xingrg/kc/buy/cgsh_order_operate.html?command=get_materiel&rest_code=00109&code=00101012019&supplier_code=00100035&order_time=2021-08-27 HTTP/1.1" 200 412
180.157.254.90 - - [27/Aug/2021:09:16:24 +0800] "POST /xingrg/kc/buy/cgsh_order_operate.html HTTP/1.1" 200 2065
116.238.194.18 - - [27/Aug/2021:09:16:25 +0800] "GET /xingrg/javascript/pic_change.js HTTP/1.1" 304 -
116.238.194.18 - - [27/Aug/2021:09:16:25 +0800] "GET /xingrg/javascript/jquery_tools/order_manager.js HTTP/1.1" 304 -
116.238.194.18 - - [27/Aug/2021:09:16:25 +0800] "GET /xingrg/javascript/convert.js HTTP/1.1" 304 -
116.238.194.18 - - [27/Aug/2021:09:16:25 +0800] "GET /xingrg/javascript/json2.js HTTP/1.1" 304 -
116.238.194.18 - - [27/Aug/2021:09:16:25 +0800] "GET /xingrg/javascript/print/kc_print.js HTTP/1.1" 304 -
116.238.194.18 - - [27/Aug/2021:09:16:25 +0800] "GET /xingrg/kc/buy/cgsh_order_info.html?code=212021082712154 HTTP/1.1" 200 62992
116.238.194.18 - - [27/Aug/2021:09:16:25 +0800] "GET /xingrg/words/20210826200719_words.js HTTP/1.1" 304 -
116.238.194.18 - - [27/Aug/2021:09:16:25 +0800] "GET /xingrg/all/common/auto_word.html?type=employee&rest_code=00151 HTTP/1.1" 200 293
116.238.194.18 - - [27/Aug/2021:09:16:25 +0800] "GET /xingrg/all/common/auto_word.html?type=employee&rest_code=00151 HTTP/1.1" 200 293
116.238.194.18 - - [27/Aug/2021:09:16:25 +0800] "GET /xingrg/javascript/easyui/plugins/jquery.validatebox.js HTTP/1.1" 304 -
116.238.194.18 - - [27/Aug/2021:09:16:25 +0800] "GET /xingrg/javascript/easyui/themes/default/validatebox.css HTTP/1.1" 404 1104
116.238.194.18 - - [27/Aug/2021:09:16:25 +0800] "GET /xingrg/javascript/easyui/plugins/jquery.numberbox.js HTTP/1.1" 304 -
116.238.194.18 - - [27/Aug/2021:09:16:26 +0800] "POST /xingrg/kc/buy/cgsh_order_operate.html HTTP/1.1" 200 6837
180.169.147.146 - - [27/Aug/2021:09:16:27 +0800] "GET /xingrg/all/function/internal_message.html?_=1630026990458&CODE_STATE=getMsg HTTP/1.1" 200 27
116.233.78.234 - - [27/Aug/2021:09:16:29 +0800] "GET /xingrg/kc/buy/cgsh_order_operate.html?command=get_materiel&rest_code=00109&code=00101016105&supplier_code=00100035&order_time=2021-08-27 HTTP/1.1" 200 409
180.169.147.146 - - [27/Aug/2021:09:16:30 +0800] "GET /xingrg/all/function/internal_message.html?_=1630026995493&CODE_STATE=getMsg HTTP/1.1" 200 27
222.70.246.151 - - [27/Aug/2021:09:16:31 +0800] "GET /xingrg/all/function/internal_message.html?_=1630026993979&CODE_STATE=getMsg HTTP/1.1" 200 27
222.69.131.200 - - [27/Aug/2021:09:16:31 +0800] "GET /xingrg/all/function/internal_message.html?_=1630026994027&CODE_STATE=getMsg HTTP/1.1" 200 27
222.69.131.200 - - [27/Aug/2021:09:16:31 +0800] "GET /xingrg/check_reg.html?_=1630026994031 HTTP/1.1" 200 22
116.233.78.234 - - [27/Aug/2021:09:16:34 +0800] "GET /xingrg/kc/buy/cgsh_order_operate.html?command=get_materiel&rest_code=00109&code=00101012025&supplier_code=00100035&order_time=2021-08-27 HTTP/1.1" 200 412
116.238.194.18 - - [27/Aug/2021:09:16:35 +0800] "GET /xingrg/javascript/auto/indicator.gif HTTP/1.1" 404 1066
180.157.254.90 - - [27/Aug/2021:09:16:35 +0800] "GET /xingrg/kc/buy/cgsh_order_operate.html?command=get_materiel&rest_code=00148&code=00101008105&supplier_code=00100007&order_time=2021-08-27 HTTP/1.1" 200 412
116.238.194.18 - - [27/Aug/2021:09:16:36 +0800] "GET /xingrg/kc/buy/cgsh_order_operate.html?command=get_materiel&rest_code=00151&code=00101007091&supplier_code=00100096&order_time=2021-08-27 HTTP/1.1" 200 413
116.238.194.18 - - [27/Aug/2021:09:16:38 +0800] "GET /xingrg/kc/buy/cgsh_order_operate.html?command=get_materiel&rest_code=00151&code=00101008353&supplier_code=00100007&order_time=2021-08-27 HTTP/1.1" 200 408
116.233.78.234 - - [27/Aug/2021:09:16:42 +0800] "GET /xingrg/kc/buy/cgsh_order_operate.html?command=get_materiel&rest_code=00109&code=00101012010&supplier_code=00100035&order_time=2021-08-27 HTTP/1.1" 200 409
180.157.254.90 - - [27/Aug/2021:09:16:42 +0800] "GET /xingrg/kc/buy/cgsh_order_operate.html?command=get_materiel&rest_code=00148&code=00101008119&supplier_code=00100007&order_time=2021-08-27 HTTP/1.1" 200 412
180.157.254.90 - - [27/Aug/2021:09:16:45 +0800] "GET /xingrg/all/function/internal_message.html?_=1630027012564&CODE_STATE=getMsg HTTP/1.1" 200 27
116.233.78.234 - - [27/Aug/2021:09:16:49 +0800] "GET /xingrg/kc/buy/cgsh_order_operate.html?command=get_materiel&rest_code=00109&code=00101012005&supplier_code=00100035&order_time=2021-08-27 HTTP/1.1" 200 412
116.233.78.234 - - [27/Aug/2021:09:16:51 +0800] "GET /xingrg/all/function/internal_message.html?_=1630027016231&CODE_STATE=getMsg HTTP/1.1" 200 27
116.230.105.26 - - [27/Aug/2021:09:16:51 +0800] "GET /xingrg/all/function/internal_message.html?_=1630026979635&CODE_STATE=getMsg HTTP/1.1" 200 27
116.238.194.18 - - [27/Aug/2021:09:16:53 +0800] "GET /xingrg/kc/buy/cgsh_order_operate.html?command=get_materiel&rest_code=00151&code=00101008362&supplier_code=00100007&order_time=2021-08-27 HTTP/1.1" 200 408
116.238.194.18 - - [27/Aug/2021:09:16:55 +0800] "GET /xingrg/kc/buy/cgsh_order_operate.html?command=get_materiel&rest_code=00151&code=00101006168&supplier_code=00100096&order_time=2021-08-27 HTTP/1.1" 200 423
116.233.78.234 - - [27/Aug/2021:09:16:55 +0800] "GET /xingrg/kc/buy/cgsh_order_operate.html?command=get_materiel&rest_code=00109&code=00101012040&supplier_code=00100035&order_time=2021-08-27 HTTP/1.1" 200 412
180.157.254.90 - - [27/Aug/2021:09:16:55 +0800] "GET /xingrg/kc/buy/cgsh_order_operate.html?command=get_materiel&rest_code=00148&code=00101009011&supplier_code=00100007&order_time=2021-08-27 HTTP/1.1" 200 416
116.238.194.18 - - [27/Aug/2021:09:17:03 +0800] "GET /xingrg/kc/buy/cgsh_order_operate.html?command=get_materiel&rest_code=00151&code=00101008017&supplier_code=00100007&order_time=2021-08-27 HTTP/1.1" 200 416
116.237.74.154 - - [27/Aug/2021:09:17:04 +0800] "GET /xingrg/check_reg.html?_=1630027029365 HTTP/1.1" 200 22
116.237.74.154 - - [27/Aug/2021:09:17:04 +0800] "GET /xingrg/all/function/internal_message.html?_=1630027029368&CODE_STATE=getMsg HTTP/1.1" 200 27
116.238.194.18 - - [27/Aug/2021:09:17:06 +0800] "GET /xingrg/kc/buy/cgsh_order_operate.html?command=get_materiel&rest_code=00151&code=00101006112&supplier_code=00100096&order_time=2021-08-27 HTTP/1.1" 200 411
116.238.194.18 - - [27/Aug/2021:09:17:07 +0800] "GET /xingrg/all/function/internal_message.html?_=1630027029609&CODE_STATE=getMsg HTTP/1.1" 200 27
180.157.254.90 - - [27/Aug/2021:09:17:08 +0800] "GET /xingrg/kc/buy/cgsh_order_operate.html?command=get_materiel&rest_code=00148&code=00101009016&supplier_code=00100007&order_time=2021-08-27 HTTP/1.1" 200 412
116.238.194.18 - - [27/Aug/2021:09:17:08 +0800] "GET /xingrg/all/function/internal_message.html?_=1630027022232&CODE_STATE=getMsg HTTP/1.1" 200 27
222.70.179.113 - - [27/Aug/2021:09:17:09 +0800] "GET /xingrg/all/function/internal_message.html?_=1630027029065&CODE_STATE=getMsg HTTP/1.1" 200 27
101.83.145.79 - - [27/Aug/2021:09:17:11 +0800] "GET /xingrg/check_reg.html?_=1630027035794 HTTP/1.1" 200 22
101.83.145.79 - - [27/Aug/2021:09:17:11 +0800] "GET /xingrg/all/function/internal_message.html?_=1630027035797&CODE_STATE=getMsg HTTP/1.1" 200 27
180.157.254.90 - - [27/Aug/2021:09:17:12 +0800] "POST /xingrg/kc/buy/cgsh_order_operate.html HTTP/1.1" 200 2065
180.157.254.90 - - [27/Aug/2021:09:17:17 +0800] "GET /xingrg/kc/buy/cgsh_order_operate.html?command=get_materiel&rest_code=00148&code=00101009013&supplier_code=00100007&order_time=2021-08-27 HTTP/1.1" 200 420
116.238.194.18 - - [27/Aug/2021:09:17:17 +0800] "GET /xingrg/kc/buy/cgsh_order_operate.html?command=get_materiel&rest_code=00151&code=00101016104&supplier_code=00100096&order_time=2021-08-27 HTTP/1.1" 200 408
116.238.194.18 - - [27/Aug/2021:09:17:18 +0800] "GET /xingrg/kc/buy/cgsh_order_operate.html?command=get_materiel&rest_code=00151&code=00101008137&supplier_code=00100007&order_time=2021-08-27 HTTP/1.1" 200 408
120.253.135.82 - - [27/Aug/2021:09:17:22 +0800] "GET /xingrg/all/function/internal_message.html?_=1630027055786&CODE_STATE=getMsg HTTP/1.1" 200 27
116.238.194.18 - - [27/Aug/2021:09:17:24 +0800] "GET /xingrg/kc/buy/cgsh_order_operate.html?command=get_materiel&rest_code=00151&code=00101008033&supplier_code=00100007&order_time=2021-08-27 HTTP/1.1" 200 408
180.169.147.146 - - [27/Aug/2021:09:17:27 +0800] "GET /xingrg/all/function/internal_message.html?_=1630027050434&CODE_STATE=getMsg HTTP/1.1" 200 27
116.233.78.234 - - [27/Aug/2021:09:17:29 +0800] "GET /xingrg/javascript/auto/indicator.gif HTTP/1.1" 404 1066
180.169.147.146 - - [27/Aug/2021:09:17:30 +0800] "GET /xingrg/all/function/internal_message.html?_=1630027055492&CODE_STATE=getMsg HTTP/1.1" 200 27
222.70.246.151 - - [27/Aug/2021:09:17:31 +0800] "GET /xingrg/all/function/internal_message.html?_=1630027053993&CODE_STATE=getMsg HTTP/1.1" 200 27
116.238.194.18 - - [27/Aug/2021:09:17:31 +0800] "POST /xingrg/kc/buy/cgsh_order_operate.html HTTP/1.1" 200 37
222.69.131.200 - - [27/Aug/2021:09:17:31 +0800] "GET /xingrg/all/function/internal_message.html?_=1630027054037&CODE_STATE=getMsg HTTP/1.1" 200 27
116.238.194.18 - - [27/Aug/2021:09:17:31 +0800] "GET /xingrg/kc/buy/cgsh_order_operate.html?command=get_materiel&rest_code=00151&code=00101006013&supplier_code=00100096&order_time=2021-08-27 HTTP/1.1" 200 23
116.233.78.234 - - [27/Aug/2021:09:17:32 +0800] "GET /xingrg/kc/buy/cgsh_order_operate.html?command=get_materiel&rest_code=00109&code=00101016080&supplier_code=00100035&order_time=2021-08-27 HTTP/1.1" 200 23
116.238.194.18 - - [27/Aug/2021:09:17:33 +0800] "POST /xingrg/kc/buy/cgsh_order_operate.html HTTP/1.1" 200 9844
116.238.194.18 - - [27/Aug/2021:09:17:37 +0800] "POST /xingrg/kc/buy/cgsh_order_operate.html HTTP/1.1" 200 37
116.233.78.234 - - [27/Aug/2021:09:17:38 +0800] "GET /xingrg/kc/buy/cgsh_order_operate.html?command=get_materiel&rest_code=00109&code=00101016080&supplier_code=00100035&order_time=2021-08-27 HTTP/1.1" 200 408
116.238.194.18 - - [27/Aug/2021:09:17:38 +0800] "POST /xingrg/kc/buy/cgsh_order_operate.html HTTP/1.1" 200 4470
116.238.194.18 - - [27/Aug/2021:09:17:40 +0800] "GET /xingrg/kc/buy/cgsh_order_operate.html?command=get_materiel&rest_code=00151&code=00101008131&supplier_code=00100007&order_time=2021-08-27 HTTP/1.1" 200 408
116.238.194.18 - - [27/Aug/2021:09:17:45 +0800] "GET /xingrg/login.html HTTP/1.1" 200 7641
116.238.194.18 - - [27/Aug/2021:09:17:45 +0800] "GET /favicon.ico HTTP/1.1" 404 -
180.157.254.90 - - [27/Aug/2021:09:17:45 +0800] "GET /xingrg/all/function/internal_message.html?_=1630027072563&CODE_STATE=getMsg HTTP/1.1" 200 27
180.157.254.90 - - [27/Aug/2021:09:17:46 +0800] "GET /xingrg/kc/buy/cgsh_order_operate.html?command=get_materiel&rest_code=00148&code=00101008261&supplier_code=00100007&order_time=2021-08-27 HTTP/1.1" 200 408
116.233.78.234 - - [27/Aug/2021:09:17:51 +0800] "GET /xingrg/all/function/internal_message.html?_=1630027076233&CODE_STATE=getMsg HTTP/1.1" 200 27
116.230.105.26 - - [27/Aug/2021:09:17:51 +0800] "GET /xingrg/all/function/internal_message.html?_=1630027039626&CODE_STATE=getMsg HTTP/1.1" 200 27
116.238.194.18 - - [27/Aug/2021:09:17:52 +0800] "POST /xingrg/login.do HTTP/1.1" 302 -
116.238.194.18 - - [27/Aug/2021:09:17:52 +0800] "GET /xingrg/index.html?sysBaseUrl=http%3A%2F%2F180.169.147.146%3A18081%2Fxingrg%2F&costTime=37×tamp=1630027072428 HTTP/1.1" 200 17177
116.238.194.18 - - [27/Aug/2021:09:17:52 +0800] "POST /xingrg/all/common/load_tree.html?tree=area_rest_tree_json&manage=1 HTTP/1.1" 200 476
116.238.194.18 - - [27/Aug/2021:09:17:52 +0800] "GET /xingrg/all/function/internal_message.html?_=1630027075313&CODE_STATE=count HTTP/1.1" 200 11
116.238.194.18 - - [27/Aug/2021:09:17:52 +0800] "GET /xingrg/check_reg.html?_=1630027075314 HTTP/1.1" 200 22
116.238.194.18 - - [27/Aug/2021:09:17:52 +0800] "GET /favicon.ico HTTP/1.1" 404 -
116.238.194.18 - - [27/Aug/2021:09:17:52 +0800] "POST /xingrg/load_menu.html HTTP/1.1" 200 5138
116.238.194.18 - - [27/Aug/2021:09:17:55 +0800] "GET /xingrg/kc/buy/cgsh_order_list.html HTTP/1.1" 200 47595
116.238.194.18 - - [27/Aug/2021:09:17:56 +0800] "GET /xingrg/kc/buy/cgsh_order_operate.html?command=get_materiel&rest_code=00151&code=00101008102&supplier_code=00100007&order_time=2021-08-27 HTTP/1.1" 200 413
116.238.194.18 - - [27/Aug/2021:09:17:57 +0800] "POST /xingrg/kc/buy/cgsh_list_operate.html HTTP/1.1" 200 2052
180.157.254.90 - - [27/Aug/2021:09:17:57 +0800] "GET /xingrg/kc/buy/cgsh_order_operate.html?command=get_materiel&rest_code=00148&code=00101008219&supplier_code=00100007&order_time=2021-08-27 HTTP/1.1" 200 412
116.238.194.18 - - [27/Aug/2021:09:17:59 +0800] "POST /xingrg/kc/buy/cgsh_list_operate.html HTTP/1.1" 200 425
116.238.194.18 - - [27/Aug/2021:09:17:59 +0800] "GET /xingrg/kc/buy/cgsh_order_info.html?code=212021082712155 HTTP/1.1" 200 62970
116.238.194.18 - - [27/Aug/2021:09:18:00 +0800] "GET /xingrg/all/common/auto_word.html?type=employee&rest_code=00151 HTTP/1.1" 200 293
116.238.194.18 - - [27/Aug/2021:09:18:00 +0800] "GET /xingrg/all/common/auto_word.html?type=employee&rest_code=00151 HTTP/1.1" 200 293
116.238.194.18 - - [27/Aug/2021:09:18:00 +0800] "GET /xingrg/javascript/easyui/themes/default/validatebox.css HTTP/1.1" 404 1104
116.233.78.234 - - [27/Aug/2021:09:18:00 +0800] "GET /xingrg/kc/buy/cgsh_order_operate.html?command=get_materiel&rest_code=00109&code=00101010136&supplier_code=00100035&order_time=2021-08-27 HTTP/1.1" 200 409
116.238.194.18 - - [27/Aug/2021:09:18:00 +0800] "POST /xingrg/kc/buy/cgsh_order_operate.html HTTP/1.1" 200 4470
116.238.194.18 - - [27/Aug/2021:09:18:02 +0800] "GET /xingrg/javascript/auto/indicator.gif HTTP/1.1" 404 1066
116.237.74.154 - - [27/Aug/2021:09:18:04 +0800] "GET /xingrg/all/function/internal_message.html?_=1630027089354&CODE_STATE=getMsg HTTP/1.1" 200 27
