101.83.145.79 - - [26/Aug/2021:09:52:01 +0800] "POST /xingrg/kc/buy/cgsh_order_operate.html HTTP/1.1" 200 6219
101.83.145.79 - - [26/Aug/2021:09:52:03 +0800] "GET /xingrg/kc/print/load_data.html?order_code=212021082611775&kc_code=cgsh&condition= HTTP/1.1" 200 2119
222.70.246.151 - - [26/Aug/2021:09:52:03 +0800] "GET /xingrg/all/function/internal_message.html?_=1629942722693&CODE_STATE=getMsg HTTP/1.1" 200 27
222.70.179.113 - - [26/Aug/2021:09:52:04 +0800] "GET /xingrg/kc/buy/cgsh_order_operate.html?command=get_materiel&rest_code=00111&code=00101016105&supplier_code=00100037&order_time=2021-08-26 HTTP/1.1" 200 409
124.77.108.71 - - [26/Aug/2021:09:52:05 +0800] "POST /xingrg/kc/buy/cgsh_list_operate.html HTTP/1.1" 200 424
101.83.145.79 - - [26/Aug/2021:09:52:07 +0800] "GET /xingrg/kc/buy/cgsh_order_add.html HTTP/1.1" 200 63417
114.86.229.34 - - [26/Aug/2021:09:52:07 +0800] "GET /xingrg/all/function/internal_message.html?_=1629942731692&CODE_STATE=getMsg HTTP/1.1" 200 27
101.83.145.79 - - [26/Aug/2021:09:52:07 +0800] "POST /xingrg/kc/buy/cgsh_order_operate.html HTTP/1.1" 200 8245
101.83.145.79 - - [26/Aug/2021:09:52:07 +0800] "GET /xingrg/javascript/easyui/themes/default/validatebox.css HTTP/1.1" 404 1104
101.83.145.79 - - [26/Aug/2021:09:52:13 +0800] "GET /xingrg/all/function/internal_message.html?_=1629942737347&CODE_STATE=getMsg HTTP/1.1" 200 27
58.37.227.186 - - [26/Aug/2021:09:52:13 +0800] "GET /xingrg/kc/buy/cgsh_order_operate.html?command=get_materiel&rest_code=00141&code=00101006056&supplier_code=00100012&order_time=2021-08-26 HTTP/1.1" 200 413
101.83.145.79 - - [26/Aug/2021:09:52:18 +0800] "GET /xingrg/kc/buy/cgsh_order_operate.html?command=get_materiel&rest_code=00105&code=00101016100&supplier_code=00100034&order_time=2021-08-26 HTTP/1.1" 200 412
124.77.108.71 - - [26/Aug/2021:09:52:19 +0800] "POST /xingrg/kc/buy/cgsh_list_operate.html HTTP/1.1" 200 500
124.77.108.71 - - [26/Aug/2021:09:52:30 +0800] "GET /xingrg/all/function/internal_message.html?_=1629942749374&CODE_STATE=getMsg HTTP/1.1" 200 27
180.174.198.13 - - [26/Aug/2021:09:52:33 +0800] "GET /xingrg/all/function/internal_message.html?_=1629942739054&CODE_STATE=getMsg HTTP/1.1" 200 27
58.37.227.186 - - [26/Aug/2021:09:52:34 +0800] "GET /xingrg/kc/buy/cgsh_order_operate.html?command=get_materiel&rest_code=00141&code=00101006055&supplier_code=00100012&order_time=2021-08-26 HTTP/1.1" 200 409
124.77.108.71 - - [26/Aug/2021:09:52:34 +0800] "POST /xingrg/kc/buy/cgsh_list_operate.html HTTP/1.1" 200 198
116.238.194.18 - - [26/Aug/2021:09:52:36 +0800] "GET /xingrg/all/function/internal_message.html?_=1629942752020&CODE_STATE=getMsg HTTP/1.1" 200 27
58.37.227.186 - - [26/Aug/2021:09:52:39 +0800] "GET /xingrg/all/function/internal_message.html?_=1629942648839&CODE_STATE=getMsg HTTP/1.1" 200 27
124.77.108.71 - - [26/Aug/2021:09:52:39 +0800] "POST /xingrg/kc/buy/cgsh_list_operate.html HTTP/1.1" 200 354
222.69.131.158 - - [26/Aug/2021:09:52:40 +0800] "GET /xingrg/all/function/internal_message.html?_=1629942763386&CODE_STATE=getMsg HTTP/1.1" 200 27
101.83.145.79 - - [26/Aug/2021:09:52:42 +0800] "GET /xingrg/kc/buy/cgsh_order_operate.html?command=get_materiel&rest_code=00105&code=00101012026&supplier_code=00100034&order_time=2021-08-26 HTTP/1.1" 200 408
120.253.135.82 - - [26/Aug/2021:09:52:45 +0800] "GET /xingrg/all/function/internal_message.html?_=1629942544864&CODE_STATE=getMsg HTTP/1.1" 200 27
222.70.179.113 - - [26/Aug/2021:09:52:46 +0800] "GET /xingrg/all/function/internal_message.html?_=1629942767659&CODE_STATE=getMsg HTTP/1.1" 200 27
124.77.108.71 - - [26/Aug/2021:09:52:47 +0800] "POST /xingrg/kc/buy/cgsh_list_operate.html HTTP/1.1" 200 273
124.77.108.71 - - [26/Aug/2021:09:52:56 +0800] "POST /xingrg/kc/buy/cgsh_list_operate.html HTTP/1.1" 200 343
101.83.145.79 - - [26/Aug/2021:09:52:57 +0800] "GET /xingrg/kc/buy/cgsh_order_operate.html?command=get_materiel&rest_code=00105&code=00101016071&supplier_code=00100034&order_time=2021-08-26 HTTP/1.1" 200 416
58.37.227.186 - - [26/Aug/2021:09:53:01 +0800] "GET /xingrg/kc/buy/cgsh_order_operate.html?command=get_materiel&rest_code=00141&code=00101006130&supplier_code=00100012&order_time=2021-08-26 HTTP/1.1" 200 427
222.70.246.151 - - [26/Aug/2021:09:53:03 +0800] "GET /xingrg/all/function/internal_message.html?_=1629942782723&CODE_STATE=getMsg HTTP/1.1" 200 27
114.86.229.34 - - [26/Aug/2021:09:53:07 +0800] "GET /xingrg/all/function/internal_message.html?_=1629942791694&CODE_STATE=getMsg HTTP/1.1" 200 27
124.77.108.71 - - [26/Aug/2021:09:53:11 +0800] "POST /xingrg/kc/buy/cgsh_list_operate.html HTTP/1.1" 200 3000
101.83.145.79 - - [26/Aug/2021:09:53:13 +0800] "GET /xingrg/all/function/internal_message.html?_=1629942797366&CODE_STATE=getMsg HTTP/1.1" 200 27
101.83.145.79 - - [26/Aug/2021:09:53:13 +0800] "GET /xingrg/check_reg.html?_=1629942797369 HTTP/1.1" 200 22
120.253.135.82 - - [26/Aug/2021:09:53:13 +0800] "GET /xingrg/kc/pszx/mdps_order_list.html?orderType=0 HTTP/1.1" 200 21089
120.253.135.82 - - [26/Aug/2021:09:53:13 +0800] "POST /xingrg/kc/pszx/mdps_list_operate.html HTTP/1.1" 200 5420
101.83.145.79 - - [26/Aug/2021:09:53:13 +0800] "GET /xingrg/kc/buy/cgsh_order_operate.html?command=get_materiel&rest_code=00105&code=00101016030&supplier_code=00100034&order_time=2021-08-26 HTTP/1.1" 200 412
124.77.108.71 - - [26/Aug/2021:09:53:14 +0800] "POST /xingrg/kc/buy/cgsh_list_operate.html HTTP/1.1" 200 279
222.70.179.113 - - [26/Aug/2021:09:53:20 +0800] "GET /xingrg/kc/buy/cgsh_order_operate.html?command=get_materiel&rest_code=00111&code=00101009062&supplier_code=00100037&order_time=2021-08-26 HTTP/1.1" 200 412
58.37.227.186 - - [26/Aug/2021:09:53:20 +0800] "GET /xingrg/kc/buy/cgsh_order_operate.html?command=get_materiel&rest_code=00141&code=00101006127&supplier_code=00100012&order_time=2021-08-26 HTTP/1.1" 200 423
124.77.108.71 - - [26/Aug/2021:09:53:20 +0800] "POST /xingrg/kc/buy/cgsh_list_operate.html HTTP/1.1" 200 343
101.83.145.79 - - [26/Aug/2021:09:53:23 +0800] "GET /xingrg/kc/buy/cgsh_order_operate.html?command=get_materiel&rest_code=00105&code=00101012029&supplier_code=00100034&order_time=2021-08-26 HTTP/1.1" 200 412
120.253.135.82 - - [26/Aug/2021:09:53:23 +0800] "POST /xingrg/kc/pszx/mdps_list_operate.html HTTP/1.1" 200 2063
120.253.135.82 - - [26/Aug/2021:09:53:25 +0800] "POST /xingrg/kc/pszx/mdps_list_operate.html HTTP/1.1" 200 643
120.253.135.82 - - [26/Aug/2021:09:53:26 +0800] "GET /xingrg/kc/pszx/mdps_order_info.html?code=312021082600673 HTTP/1.1" 200 23931
120.253.135.82 - - [26/Aug/2021:09:53:26 +0800] "GET /xingrg/javascript/easyui/themes/default/validatebox.css HTTP/1.1" 404 1104
120.253.135.82 - - [26/Aug/2021:09:53:26 +0800] "POST /xingrg/kc/pszx/mdps_order_operate.html HTTP/1.1" 200 7908
124.77.108.71 - - [26/Aug/2021:09:53:30 +0800] "GET /xingrg/all/function/internal_message.html?_=1629942809383&CODE_STATE=getMsg HTTP/1.1" 200 27
180.174.198.13 - - [26/Aug/2021:09:53:33 +0800] "GET /xingrg/all/function/internal_message.html?_=1629942799064&CODE_STATE=getMsg HTTP/1.1" 200 27
124.77.108.71 - - [26/Aug/2021:09:53:35 +0800] "POST /xingrg/kc/buy/cgsh_list_operate.html HTTP/1.1" 200 271
58.37.227.186 - - [26/Aug/2021:09:53:36 +0800] "GET /xingrg/kc/buy/cgsh_order_operate.html?command=get_materiel&rest_code=00141&code=00101018007&supplier_code=00100012&order_time=2021-08-26 HTTP/1.1" 200 409
116.238.194.18 - - [26/Aug/2021:09:53:36 +0800] "GET /xingrg/all/function/internal_message.html?_=1629942812033&CODE_STATE=getMsg HTTP/1.1" 200 27
101.83.145.79 - - [26/Aug/2021:09:53:36 +0800] "GET /xingrg/kc/buy/cgsh_order_operate.html?command=get_materiel&rest_code=00105&code=00101012070&supplier_code=00100034&order_time=2021-08-26 HTTP/1.1" 200 398
58.37.227.186 - - [26/Aug/2021:09:53:39 +0800] "GET /xingrg/all/function/internal_message.html?_=1629942708800&CODE_STATE=getMsg HTTP/1.1" 200 27
222.69.131.158 - - [26/Aug/2021:09:53:40 +0800] "GET /xingrg/all/function/internal_message.html?_=1629942823390&CODE_STATE=getMsg HTTP/1.1" 200 27
124.77.108.71 - - [26/Aug/2021:09:53:44 +0800] "POST /xingrg/kc/buy/cgsh_list_operate.html HTTP/1.1" 200 270
222.70.179.113 - - [26/Aug/2021:09:53:45 +0800] "GET /xingrg/kc/buy/cgsh_order_operate.html?command=get_materiel&rest_code=00111&code=00101016025&supplier_code=00100037&order_time=2021-08-26 HTTP/1.1" 200 408
58.37.227.186 - - [26/Aug/2021:09:53:45 +0800] "GET /xingrg/kc/buy/cgsh_order_operate.html?command=get_materiel&rest_code=00141&code=00101018011&supplier_code=00100012&order_time=2021-08-26 HTTP/1.1" 200 413
120.253.135.82 - - [26/Aug/2021:09:53:45 +0800] "GET /xingrg/all/function/internal_message.html?_=1629942605046&CODE_STATE=getMsg HTTP/1.1" 200 27
222.70.179.113 - - [26/Aug/2021:09:53:46 +0800] "GET /xingrg/all/function/internal_message.html?_=1629942827636&CODE_STATE=getMsg HTTP/1.1" 200 27
222.70.179.113 - - [26/Aug/2021:09:53:48 +0800] "POST /xingrg/kc/buy/cgsh_order_operate.html HTTP/1.1" 200 2065
222.70.179.113 - - [26/Aug/2021:09:53:56 +0800] "GET /xingrg/kc/buy/cgsh_order_operate.html?command=get_materiel&rest_code=00111&code=00101008304&supplier_code=00100037&order_time=2021-08-26 HTTP/1.1" 200 412
101.83.145.79 - - [26/Aug/2021:09:54:00 +0800] "POST /xingrg/kc/buy/cgsh_order_operate.html HTTP/1.1" 200 37
101.83.145.79 - - [26/Aug/2021:09:54:02 +0800] "POST /xingrg/kc/buy/cgsh_order_operate.html HTTP/1.1" 200 5612
116.238.194.18 - - [26/Aug/2021:09:54:03 +0800] "GET /favicon.ico HTTP/1.1" 404 -
222.70.246.151 - - [26/Aug/2021:09:54:03 +0800] "GET /xingrg/all/function/internal_message.html?_=1629942842734&CODE_STATE=getMsg HTTP/1.1" 200 27
101.83.145.79 - - [26/Aug/2021:09:54:03 +0800] "GET /xingrg/kc/print/load_data.html?order_code=212021082611776&kc_code=cgsh&condition= HTTP/1.1" 200 1833
116.238.194.18 - - [26/Aug/2021:09:54:05 +0800] "GET /xingrg/login.html HTTP/1.1" 200 7641
222.70.179.113 - - [26/Aug/2021:09:54:06 +0800] "GET /xingrg/kc/buy/cgsh_order_operate.html?command=get_materiel&rest_code=00111&code=00101008296&supplier_code=00100037&order_time=2021-08-26 HTTP/1.1" 200 416
114.86.229.34 - - [26/Aug/2021:09:54:07 +0800] "GET /xingrg/all/function/internal_message.html?_=1629942851696&CODE_STATE=getMsg HTTP/1.1" 200 27
114.86.229.34 - - [26/Aug/2021:09:54:07 +0800] "GET /xingrg/check_reg.html?_=1629942851697 HTTP/1.1" 200 22
116.238.194.18 - - [26/Aug/2021:09:54:08 +0800] "GET /favicon.ico HTTP/1.1" 404 -
116.238.194.18 - - [26/Aug/2021:09:54:12 +0800] "POST /xingrg/login.do HTTP/1.1" 302 -
116.238.194.18 - - [26/Aug/2021:09:54:12 +0800] "GET /xingrg/javascript/jquery_easy_ui/themes/icon.css HTTP/1.1" 304 -
116.238.194.18 - - [26/Aug/2021:09:54:12 +0800] "GET /xingrg/css/form.css HTTP/1.1" 304 -
116.238.194.18 - - [26/Aug/2021:09:54:12 +0800] "GET /xingrg/javascript/jquery_easy_ui/jquery.easyui.min.js HTTP/1.1" 304 -
116.238.194.18 - - [26/Aug/2021:09:54:12 +0800] "GET /xingrg/javascript/jquery_easy_ui/easyui-lang-zh_CN.js HTTP/1.1" 304 -
116.238.194.18 - - [26/Aug/2021:09:54:12 +0800] "GET /xingrg/javascript/jquery_easy_ui/themes/default/easyui.css HTTP/1.1" 304 -
116.238.194.18 - - [26/Aug/2021:09:54:12 +0800] "GET /xingrg/javascript/jquery.form.js HTTP/1.1" 304 -
116.238.194.18 - - [26/Aug/2021:09:54:12 +0800] "GET /xingrg/javascript/jquery.timers.js HTTP/1.1" 304 -
116.238.194.18 - - [26/Aug/2021:09:54:12 +0800] "GET /xingrg/javascript/jquery-1.4.2.min.js HTTP/1.1" 304 -
116.238.194.18 - - [26/Aug/2021:09:54:12 +0800] "GET /xingrg/javascript/jquery.utils.js HTTP/1.1" 304 -
116.238.194.18 - - [26/Aug/2021:09:54:12 +0800] "GET /xingrg/index.html?sysBaseUrl=http%3A%2F%2F180.169.147.146%3A18081%2Fxingrg%2F&costTime=122×tamp=1629942852621 HTTP/1.1" 200 17503
116.238.194.18 - - [26/Aug/2021:09:54:12 +0800] "GET /favicon.ico HTTP/1.1" 404 -
116.238.194.18 - - [26/Aug/2021:09:54:12 +0800] "GET /xingrg/javascript/jquery_easy_ui/themes/default/images/panel_tool_expand.gif HTTP/1.1" 200 247
116.238.194.18 - - [26/Aug/2021:09:54:12 +0800] "POST /xingrg/all/common/load_tree.html?tree=area_rest_tree_json&manage=1 HTTP/1.1" 200 3472
116.238.194.18 - - [26/Aug/2021:09:54:12 +0800] "GET /xingrg/check_reg.html?_=1629942848255 HTTP/1.1" 200 22
116.238.194.18 - - [26/Aug/2021:09:54:13 +0800] "GET /xingrg/all/function/internal_message.html?_=1629942848253&CODE_STATE=count HTTP/1.1" 200 11
101.83.145.79 - - [26/Aug/2021:09:54:13 +0800] "GET /xingrg/all/function/internal_message.html?_=1629942857358&CODE_STATE=getMsg HTTP/1.1" 200 27
116.238.194.18 - - [26/Aug/2021:09:54:13 +0800] "POST /xingrg/load_menu.html HTTP/1.1" 200 11443
116.238.194.18 - - [26/Aug/2021:09:54:13 +0800] "GET /xingrg/javascript/jquery_easy_ui/themes/icons/delivery_new.png HTTP/1.1" 200 700
116.238.194.18 - - [26/Aug/2021:09:54:13 +0800] "GET /xingrg/javascript/jquery_easy_ui/themes/icons/checkout_new.png HTTP/1.1" 200 744
116.238.194.18 - - [26/Aug/2021:09:54:13 +0800] "GET /xingrg/javascript/jquery_easy_ui/themes/icons/setting_new.png HTTP/1.1" 200 450
116.238.194.18 - - [26/Aug/2021:09:54:13 +0800] "GET /xingrg/javascript/jquery_easy_ui/themes/icons/systemset_new.png HTTP/1.1" 200 606
120.253.135.82 - - [26/Aug/2021:09:54:13 +0800] "GET /xingrg/check_reg.html?_=1629942868363 HTTP/1.1" 302 -
116.238.194.18 - - [26/Aug/2021:09:54:16 +0800] "GET /xingrg/system/info/materiel_manager.html HTTP/1.1" 200 19497
116.238.194.18 - - [26/Aug/2021:09:54:16 +0800] "GET /xingrg/css/blue.css HTTP/1.1" 304 -
116.238.194.18 - - [26/Aug/2021:09:54:16 +0800] "GET /xingrg/css/xtree.css HTTP/1.1" 304 -
116.238.194.18 - - [26/Aug/2021:09:54:16 +0800] "GET /xingrg/javascript/jquery_ui/themes/base/base.css HTTP/1.1" 304 -
116.238.194.18 - - [26/Aug/2021:09:54:16 +0800] "GET /xingrg/javascript/Calendar.js HTTP/1.1" 304 -
116.238.194.18 - - [26/Aug/2021:09:54:16 +0800] "GET /xingrg/javascript/myfunction.js HTTP/1.1" 304 -
116.238.194.18 - - [26/Aug/2021:09:54:16 +0800] "GET /xingrg/javascript/Grid.js HTTP/1.1" 304 -
116.238.194.18 - - [26/Aug/2021:09:54:16 +0800] "GET /xingrg/javascript/pic_change.js HTTP/1.1" 304 -
116.238.194.18 - - [26/Aug/2021:09:54:16 +0800] "GET /xingrg/javascript/ToolTips.js HTTP/1.1" 304 -
116.238.194.18 - - [26/Aug/2021:09:54:16 +0800] "GET /xingrg/dwr/interface/AjaxBaseInfoService.js HTTP/1.1" 200 21363
116.238.194.18 - - [26/Aug/2021:09:54:16 +0800] "GET /xingrg/dwr/interface/AjaxComOrderService.js HTTP/1.1" 200 18264
116.238.194.18 - - [26/Aug/2021:09:54:16 +0800] "GET /xingrg/dwr/util.js HTTP/1.1" 200 35990
116.238.194.18 - - [26/Aug/2021:09:54:16 +0800] "GET /xingrg/dwr/engine.js HTTP/1.1" 200 43631
116.238.194.18 - - [26/Aug/2021:09:54:16 +0800] "GET /xingrg/javascript/xtree.js HTTP/1.1" 200 26582
116.238.194.18 - - [26/Aug/2021:09:54:16 +0800] "GET /xingrg/javascript/print/LodopFuncs.js HTTP/1.1" 304 -
116.238.194.18 - - [26/Aug/2021:09:54:16 +0800] "GET /xingrg/images/xtree/openfoldericon.png HTTP/1.1" 200 232
116.238.194.18 - - [26/Aug/2021:09:54:16 +0800] "GET /xingrg/javascript/jquery_easy_ui/themes/icons/import_new.png HTTP/1.1" 200 1247
116.238.194.18 - - [26/Aug/2021:09:54:16 +0800] "GET /xingrg/javascript/jquery_easy_ui/themes/icons/print_new.png HTTP/1.1" 200 3580
116.238.194.18 - - [26/Aug/2021:09:54:16 +0800] "GET /xingrg/javascript/jquery_easy_ui/themes/icons/manage.png HTTP/1.1" 200 696
116.238.194.18 - - [26/Aug/2021:09:54:16 +0800] "POST /xingrg/dwr/call/plaincall/AjaxBaseInfoService.getSubMaterielSorts.dwr HTTP/1.1" 200 219
116.238.194.18 - - [26/Aug/2021:09:54:16 +0800] "GET /xingrg/images/xtree/Lplus.png HTTP/1.1" 200 224
116.238.194.18 - - [26/Aug/2021:09:54:16 +0800] "GET /xingrg/images/xtree/foldericon.png HTTP/1.1" 200 229
116.238.194.18 - - [26/Aug/2021:09:54:16 +0800] "GET /xingrg/images/xtree/Tplus.png HTTP/1.1" 200 222
116.238.194.18 - - [26/Aug/2021:09:54:16 +0800] "GET /xingrg/images/xtree/Lplus.png HTTP/1.1" 200 224
116.238.194.18 - - [26/Aug/2021:09:54:16 +0800] "POST /xingrg/dwr/call/plaincall/AjaxBaseInfoService.getMateriels.dwr HTTP/1.1" 200 2929
116.238.194.18 - - [26/Aug/2021:09:54:20 +0800] "POST /xingrg/dwr/call/plaincall/AjaxBaseInfoService.getSubMaterielSorts.dwr HTTP/1.1" 200 3482
116.238.194.18 - - [26/Aug/2021:09:54:20 +0800] "GET /xingrg/images/xtree/blank.png HTTP/1.1" 200 144
116.238.194.18 - - [26/Aug/2021:09:54:20 +0800] "GET /xingrg/images/xtree/T.png HTTP/1.1" 200 152
116.238.194.18 - - [26/Aug/2021:09:54:20 +0800] "GET /xingrg/images/xtree/file.png HTTP/1.1" 200 251
116.238.194.18 - - [26/Aug/2021:09:54:20 +0800] "GET /xingrg/images/xtree/L.png HTTP/1.1" 200 153
116.238.194.18 - - [26/Aug/2021:09:54:20 +0800] "GET /xingrg/images/xtree/L.png HTTP/1.1" 200 153
116.238.194.18 - - [26/Aug/2021:09:54:20 +0800] "GET /xingrg/images/xtree/L.png HTTP/1.1" 200 153
116.238.194.18 - - [26/Aug/2021:09:54:20 +0800] "GET /xingrg/images/xtree/L.png HTTP/1.1" 200 153
116.238.194.18 - - [26/Aug/2021:09:54:20 +0800] "GET /xingrg/images/xtree/L.png HTTP/1.1" 200 153
116.238.194.18 - - [26/Aug/2021:09:54:20 +0800] "GET /xingrg/images/xtree/L.png HTTP/1.1" 200 153
116.238.194.18 - - [26/Aug/2021:09:54:20 +0800] "GET /xingrg/images/xtree/L.png HTTP/1.1" 200 153
116.238.194.18 - - [26/Aug/2021:09:54:20 +0800] "GET /xingrg/images/xtree/L.png HTTP/1.1" 200 153
116.238.194.18 - - [26/Aug/2021:09:54:20 +0800] "GET /xingrg/images/xtree/L.png HTTP/1.1" 200 153
116.238.194.18 - - [26/Aug/2021:09:54:20 +0800] "GET /xingrg/images/xtree/Lminus.png HTTP/1.1" 200 219
116.238.194.18 - - [26/Aug/2021:09:54:20 +0800] "POST /xingrg/dwr/call/plaincall/AjaxBaseInfoService.getMateriels.dwr HTTP/1.1" 200 3020
116.238.194.18 - - [26/Aug/2021:09:54:24 +0800] "POST /xingrg/dwr/call/plaincall/AjaxBaseInfoService.getMateriels.dwr HTTP/1.1" 200 2903
116.238.194.18 - - [26/Aug/2021:09:54:27 +0800] "GET /xingrg/system/info/materiel_info.html?code=00102014&isAdd=1 HTTP/1.1" 200 34688
116.238.194.18 - - [26/Aug/2021:09:54:27 +0800] "GET /xingrg/dwr/interface/AjaxGetFirstChart.js HTTP/1.1" 200 631
116.238.194.18 - - [26/Aug/2021:09:54:27 +0800] "GET /xingrg/javascript/checkform.js HTTP/1.1" 304 -
116.238.194.18 - - [26/Aug/2021:09:54:27 +0800] "GET /xingrg/dwr/engine.js HTTP/1.1" 200 43631
116.238.194.18 - - [26/Aug/2021:09:54:27 +0800] "GET /favicon.ico HTTP/1.1" 404 -
116.238.194.18 - - [26/Aug/2021:09:54:27 +0800] "POST /xingrg/all/common/load_tree.html?tree=area_rest_tree_json HTTP/1.1" 200 3472
116.238.194.18 - - [26/Aug/2021:09:54:27 +0800] "POST /xingrg/dwr/call/plaincall/AjaxBaseInfoService.getMaterielInfo.dwr HTTP/1.1" 200 216
116.238.194.18 - - [26/Aug/2021:09:54:27 +0800] "GET /xingrg/javascript/jquery_easy_ui/themes/default/images/tree_checkbox_0.gif HTTP/1.1" 304 -
116.238.194.18 - - [26/Aug/2021:09:54:27 +0800] "POST /xingrg/all/common/load_tree.html?tree=area_rest_tree_json&defaultRests=undefined HTTP/1.1" 200 3472
124.77.108.71 - - [26/Aug/2021:09:54:30 +0800] "GET /xingrg/check_reg.html?_=1629942869370 HTTP/1.1" 200 22
124.77.108.71 - - [26/Aug/2021:09:54:30 +0800] "GET /xingrg/all/function/internal_message.html?_=1629942869376&CODE_STATE=getMsg HTTP/1.1" 200 27
222.70.179.113 - - [26/Aug/2021:09:54:31 +0800] "POST /xingrg/kc/buy/cgsh_order_operate.html HTTP/1.1" 200 37
180.174.198.13 - - [26/Aug/2021:09:54:33 +0800] "GET /xingrg/check_reg.html?_=1629942858770 HTTP/1.1" 200 22
180.174.198.13 - - [26/Aug/2021:09:54:33 +0800] "GET /xingrg/all/function/internal_message.html?_=1629942859083&CODE_STATE=getMsg HTTP/1.1" 200 27
222.70.179.113 - - [26/Aug/2021:09:54:34 +0800] "POST /xingrg/kc/buy/cgsh_order_operate.html HTTP/1.1" 200 17464
222.70.179.113 - - [26/Aug/2021:09:54:35 +0800] "GET /xingrg/kc/print/load_data.html?order_code=212021082611777&kc_code=cgsh&condition= HTTP/1.1" 200 6308
58.37.227.186 - - [26/Aug/2021:09:54:39 +0800] "GET /xingrg/all/function/internal_message.html?_=1629942768779&CODE_STATE=getMsg HTTP/1.1" 200 27
222.69.131.158 - - [26/Aug/2021:09:54:40 +0800] "GET /xingrg/check_reg.html?_=1629942883389 HTTP/1.1" 200 22
222.69.131.158 - - [26/Aug/2021:09:54:40 +0800] "GET /xingrg/all/function/internal_message.html?_=1629942883391&CODE_STATE=getMsg HTTP/1.1" 200 27
58.37.227.186 - - [26/Aug/2021:09:54:41 +0800] "POST /xingrg/kc/buy/cgsh_order_operate.html HTTP/1.1" 200 37
120.253.135.82 - - [26/Aug/2021:09:54:45 +0800] "GET /xingrg/all/function/internal_message.html?_=1629942665124&CODE_STATE=getMsg HTTP/1.1" 200 27
222.70.179.113 - - [26/Aug/2021:09:54:46 +0800] "GET /xingrg/all/function/internal_message.html?_=1629942887620&CODE_STATE=getMsg HTTP/1.1" 200 27
58.37.227.186 - - [26/Aug/2021:09:54:48 +0800] "POST /xingrg/kc/buy/cgsh_order_operate.html HTTP/1.1" 200 12
58.37.227.186 - - [26/Aug/2021:09:54:49 +0800] "GET /xingrg/kc/buy/cgsh_order_info.html?code=212021082611778 HTTP/1.1" 200 58285
58.37.227.186 - - [26/Aug/2021:09:54:50 +0800] "GET /xingrg/javascript/easyui/themes/default/validatebox.css HTTP/1.1" 404 1104
124.77.108.71 - - [26/Aug/2021:09:54:50 +0800] "POST /xingrg/kc/buy/cgsh_list_operate.html HTTP/1.1" 200 5290
58.37.227.186 - - [26/Aug/2021:09:54:50 +0800] "POST /xingrg/kc/buy/cgsh_order_operate.html HTTP/1.1" 200 5370
58.37.227.186 - - [26/Aug/2021:09:54:53 +0800] "GET /xingrg/kc/print/load_data.html?order_code=212021082611778&kc_code=cgsh&condition= HTTP/1.1" 200 2636
124.77.108.71 - - [26/Aug/2021:09:54:53 +0800] "POST /xingrg/kc/buy/cgsh_list_operate.html HTTP/1.1" 200 198
116.238.194.18 - - [26/Aug/2021:09:54:55 +0800] "GET /xingrg/check_reg.html?_=1629942898418 HTTP/1.1" 302 -
124.77.108.71 - - [26/Aug/2021:09:54:58 +0800] "POST /xingrg/kc/buy/cgsh_list_operate.html HTTP/1.1" 200 424
222.70.246.151 - - [26/Aug/2021:09:55:02 +0800] "GET /xingrg/check_reg.html?_=1629942902022 HTTP/1.1" 200 22
222.70.246.151 - - [26/Aug/2021:09:55:03 +0800] "GET /xingrg/all/function/internal_message.html?_=1629942902749&CODE_STATE=getMsg HTTP/1.1" 200 27
114.86.229.34 - - [26/Aug/2021:09:55:07 +0800] "GET /xingrg/all/function/internal_message.html?_=1629942911699&CODE_STATE=getMsg HTTP/1.1" 200 27
124.77.108.71 - - [26/Aug/2021:09:55:08 +0800] "POST /xingrg/kc/buy/cgsh_list_operate.html HTTP/1.1" 200 424
116.238.194.18 - - [26/Aug/2021:09:55:11 +0800] "POST /xingrg/dwr/call/plaincall/AjaxGetFirstChart.getFirstChart.dwr HTTP/1.1" 200 80
116.238.194.18 - - [26/Aug/2021:09:55:12 +0800] "GET /xingrg/all/function/internal_message.html?_=1629942908255&CODE_STATE=getMsg HTTP/1.1" 200 27
101.83.145.79 - - [26/Aug/2021:09:55:13 +0800] "GET /xingrg/all/function/internal_message.html?_=1629942917358&CODE_STATE=getMsg HTTP/1.1" 200 27
116.238.194.18 - - [26/Aug/2021:09:55:16 +0800] "POST /xingrg/dwr/call/plaincall/AjaxBaseInfoService.changeUnitGroup.dwr HTTP/1.1" 200 243
116.238.194.18 - - [26/Aug/2021:09:55:17 +0800] "POST /xingrg/dwr/call/plaincall/AjaxBaseInfoService.saveMateriel.dwr HTTP/1.1" 200 108
116.238.194.18 - - [26/Aug/2021:09:55:17 +0800] "POST /xingrg/dwr/call/plaincall/AjaxBaseInfoService.getMateriels.dwr HTTP/1.1" 200 2903
124.77.108.71 - - [26/Aug/2021:09:55:18 +0800] "POST /xingrg/kc/buy/cgsh_list_operate.html HTTP/1.1" 200 510
222.70.179.113 - - [26/Aug/2021:09:55:27 +0800] "GET /xingrg/check_reg.html?_=1629942928580 HTTP/1.1" 200 22
124.77.108.71 - - [26/Aug/2021:09:55:30 +0800] "GET /xingrg/all/function/internal_message.html?_=1629942929391&CODE_STATE=getMsg HTTP/1.1" 200 27
124.77.108.71 - - [26/Aug/2021:09:55:32 +0800] "POST /xingrg/kc/buy/cgsh_list_operate.html HTTP/1.1" 200 273
180.174.198.13 - - [26/Aug/2021:09:55:33 +0800] "GET /xingrg/all/function/internal_message.html?_=1629942919115&CODE_STATE=getMsg HTTP/1.1" 200 27
124.77.108.71 - - [26/Aug/2021:09:55:38 +0800] "POST /xingrg/kc/buy/cgsh_list_operate.html HTTP/1.1" 200 349
58.37.227.186 - - [26/Aug/2021:09:55:38 +0800] "GET /xingrg/check_reg.html?_=1629942828556 HTTP/1.1" 200 22
58.37.227.186 - - [26/Aug/2021:09:55:39 +0800] "GET /xingrg/all/function/internal_message.html?_=1629942828759&CODE_STATE=getMsg HTTP/1.1" 200 27
222.69.131.158 - - [26/Aug/2021:09:55:40 +0800] "GET /xingrg/all/function/internal_message.html?_=1629942943400&CODE_STATE=getMsg HTTP/1.1" 200 27
58.221.95.50 - - [26/Aug/2021:09:55:44 +0800] "GET /xingrg/check_reg.html?_=1629942948945 HTTP/1.1" 302 -
120.253.135.82 - - [26/Aug/2021:09:55:45 +0800] "GET /xingrg/all/function/internal_message.html?_=1629942725139&CODE_STATE=getMsg HTTP/1.1" 200 27
124.77.108.71 - - [26/Aug/2021:09:55:46 +0800] "POST /xingrg/kc/buy/cgsh_list_operate.html HTTP/1.1" 200 349
222.70.179.113 - - [26/Aug/2021:09:55:46 +0800] "GET /xingrg/all/function/internal_message.html?_=1629942947597&CODE_STATE=getMsg HTTP/1.1" 200 27
120.253.135.82 - - [26/Aug/2021:09:55:50 +0800] "GET /xingrg/kc/pszx/mdqp_order_list.html?state=10 HTTP/1.1" 200 10217
120.253.135.82 - - [26/Aug/2021:09:55:50 +0800] "POST /xingrg/kc/pszx/mdps_list_operate.html HTTP/1.1" 200 2063
120.253.135.82 - - [26/Aug/2021:09:55:50 +0800] "GET /xingrg/dwr/interface/AjaxReportQueryService.js HTTP/1.1" 200 13203
120.253.135.82 - - [26/Aug/2021:09:55:50 +0800] "GET /xingrg/dwr/interface/AjaxQqpsService.js HTTP/1.1" 200 16326
120.253.135.82 - - [26/Aug/2021:09:55:50 +0800] "GET /xingrg/dwr/engine.js HTTP/1.1" 200 43631
124.77.108.71 - - [26/Aug/2021:09:55:55 +0800] "POST /xingrg/kc/buy/cgsh_list_operate.html HTTP/1.1" 200 424
222.70.246.151 - - [26/Aug/2021:09:56:03 +0800] "GET /xingrg/all/function/internal_message.html?_=1629942962763&CODE_STATE=getMsg HTTP/1.1" 200 27
124.77.108.71 - - [26/Aug/2021:09:56:04 +0800] "POST /xingrg/kc/buy/cgsh_list_operate.html HTTP/1.1" 200 567
114.86.229.34 - - [26/Aug/2021:09:56:07 +0800] "GET /xingrg/all/function/internal_message.html?_=1629942971703&CODE_STATE=getMsg HTTP/1.1" 200 27
124.77.108.71 - - [26/Aug/2021:09:56:07 +0800] "GET /xingrg/kc/buy/cgsh_order_info.html?code=212021081506601 HTTP/1.1" 200 58363
124.77.108.71 - - [26/Aug/2021:09:56:08 +0800] "GET /xingrg/words/20210826095517_words.js HTTP/1.1" 200 837225
124.77.108.71 - - [26/Aug/2021:09:56:08 +0800] "GET /xingrg/javascript/easyui/themes/default/validatebox.css HTTP/1.1" 404 1104
124.77.108.71 - - [26/Aug/2021:09:56:09 +0800] "POST /xingrg/kc/buy/cgsh_order_operate.html HTTP/1.1" 200 4159
116.238.194.18 - - [26/Aug/2021:09:56:13 +0800] "GET /xingrg/all/function/internal_message.html?_=1629942968268&CODE_STATE=getMsg HTTP/1.1" 200 27
101.83.145.79 - - [26/Aug/2021:09:56:13 +0800] "GET /xingrg/all/function/internal_message.html?_=1629942977359&CODE_STATE=getMsg HTTP/1.1" 200 27
124.77.108.71 - - [26/Aug/2021:09:56:24 +0800] "POST /xingrg/kc/buy/cgsh_list_operate.html HTTP/1.1" 200 274
124.77.108.71 - - [26/Aug/2021:09:56:30 +0800] "GET /xingrg/all/function/internal_message.html?_=1629942989392&CODE_STATE=getMsg HTTP/1.1" 200 27
124.77.108.71 - - [26/Aug/2021:09:56:32 +0800] "POST /xingrg/kc/buy/cgsh_list_operate.html HTTP/1.1" 200 5417
180.174.198.13 - - [26/Aug/2021:09:56:33 +0800] "GET /xingrg/all/function/internal_message.html?_=1629942979128&CODE_STATE=getMsg HTTP/1.1" 200 27
124.77.108.71 - - [26/Aug/2021:09:56:34 +0800] "POST /xingrg/kc/buy/cgsh_list_operate.html HTTP/1.1" 200 425
58.37.227.186 - - [26/Aug/2021:09:56:39 +0800] "GET /xingrg/all/function/internal_message.html?_=1629942888737&CODE_STATE=getMsg HTTP/1.1" 200 27
222.69.131.158 - - [26/Aug/2021:09:56:40 +0800] "GET /xingrg/all/function/internal_message.html?_=1629943003401&CODE_STATE=getMsg HTTP/1.1" 200 27
124.77.108.71 - - [26/Aug/2021:09:56:43 +0800] "POST /xingrg/kc/buy/cgsh_list_operate.html HTTP/1.1" 200 274
120.253.135.82 - - [26/Aug/2021:09:56:44 +0800] "GET /xingrg/check_reg.html?_=1629942783935 HTTP/1.1" 200 22
120.253.135.82 - - [26/Aug/2021:09:56:45 +0800] "GET /xingrg/all/function/internal_message.html?_=1629942785152&CODE_STATE=getMsg HTTP/1.1" 200 27
222.70.179.113 - - [26/Aug/2021:09:56:46 +0800] "GET /xingrg/all/function/internal_message.html?_=1629943007581&CODE_STATE=getMsg HTTP/1.1" 200 27
124.77.108.71 - - [26/Aug/2021:09:56:48 +0800] "POST /xingrg/kc/buy/cgsh_list_operate.html HTTP/1.1" 200 424
101.83.145.79 - - [26/Aug/2021:09:56:56 +0800] "GET /xingrg/kc/base/yddb_order_list.html HTTP/1.1" 200 16830
101.83.145.79 - - [26/Aug/2021:09:56:57 +0800] "POST /xingrg/kc/base/yddb_list_operate.html HTTP/1.1" 200 636
124.77.108.71 - - [26/Aug/2021:09:56:57 +0800] "POST /xingrg/kc/buy/cgsh_list_operate.html HTTP/1.1" 200 422
101.83.145.79 - - [26/Aug/2021:09:56:58 +0800] "POST /xingrg/kc/base/yddb_list_operate.html HTTP/1.1" 200 636
101.83.145.79 - - [26/Aug/2021:09:57:01 +0800] "POST /xingrg/kc/base/yddb_list_operate.html HTTP/1.1" 200 3862
101.83.145.79 - - [26/Aug/2021:09:57:02 +0800] "POST /xingrg/kc/base/yddb_list_operate.html HTTP/1.1" 200 212
222.70.246.151 - - [26/Aug/2021:09:57:03 +0800] "GET /xingrg/all/function/internal_message.html?_=1629943022776&CODE_STATE=getMsg HTTP/1.1" 200 27
124.77.108.71 - - [26/Aug/2021:09:57:06 +0800] "POST /xingrg/kc/buy/cgsh_list_operate.html HTTP/1.1" 200 275
114.86.229.34 - - [26/Aug/2021:09:57:07 +0800] "GET /xingrg/all/function/internal_message.html?_=1629943031703&CODE_STATE=getMsg HTTP/1.1" 200 27
124.77.108.71 - - [26/Aug/2021:09:57:11 +0800] "POST /xingrg/kc/buy/cgsh_list_operate.html HTTP/1.1" 200 424
116.238.194.18 - - [26/Aug/2021:09:57:13 +0800] "GET /xingrg/all/function/internal_message.html?_=1629943028282&CODE_STATE=getMsg HTTP/1.1" 200 27
101.83.145.79 - - [26/Aug/2021:09:57:13 +0800] "GET /xingrg/all/function/internal_message.html?_=1629943037354&CODE_STATE=getMsg HTTP/1.1" 200 27
180.169.147.146 - - [26/Aug/2021:09:57:20 +0800] "POST /xingrg/login.do HTTP/1.1" 302 -
180.169.147.146 - - [26/Aug/2021:09:57:20 +0800] "GET /xingrg/index.html?sysBaseUrl=http%3A%2F%2F180.169.147.146%3A18081%2Fxingrg%2F&costTime=39×tamp=1629943040787 HTTP/1.1" 200 17179
180.169.147.146 - - [26/Aug/2021:09:57:20 +0800] "GET /xingrg/javascript/jquery_easy_ui/themes/icon.css HTTP/1.1" 200 3949
180.169.147.146 - - [26/Aug/2021:09:57:20 +0800] "GET /xingrg/javascript/jquery_easy_ui/themes/default/easyui.css HTTP/1.1" 200 26500
180.169.147.146 - - [26/Aug/2021:09:57:20 +0800] "GET /xingrg/css/form.css HTTP/1.1" 200 893
180.169.147.146 - - [26/Aug/2021:09:57:20 +0800] "GET /xingrg/javascript/jquery-1.4.2.min.js HTTP/1.1" 200 72205
180.169.147.146 - - [26/Aug/2021:09:57:20 +0800] "GET /xingrg/javascript/jquery_easy_ui/jquery.easyui.min.js HTTP/1.1" 200 213662
180.169.147.146 - - [26/Aug/2021:09:57:20 +0800] "GET /xingrg/javascript/jquery_easy_ui/easyui-lang-zh_CN.js HTTP/1.1" 200 1900
180.169.147.146 - - [26/Aug/2021:09:57:20 +0800] "GET /xingrg/javascript/jquery.form.js HTTP/1.1" 200 23110
180.169.147.146 - - [26/Aug/2021:09:57:20 +0800] "GET /xingrg/javascript/jquery.utils.js HTTP/1.1" 200 11805
180.169.147.146 - - [26/Aug/2021:09:57:20 +0800] "GET /xingrg/javascript/jquery.timers.js HTTP/1.1" 200 3532
180.169.147.146 - - [26/Aug/2021:09:57:20 +0800] "GET /favicon.ico HTTP/1.1" 404 -
180.169.147.146 - - [26/Aug/2021:09:57:20 +0800] "GET /xingrg/javascript/jquery_easy_ui/themes/icons/settle_new.png HTTP/1.1" 200 826
180.169.147.146 - - [26/Aug/2021:09:57:20 +0800] "GET /xingrg/images/blue/navBackgound.jpg HTTP/1.1" 200 12378
124.77.108.71 - - [26/Aug/2021:09:57:21 +0800] "POST /xingrg/kc/buy/cgsh_list_operate.html HTTP/1.1" 200 274
180.169.147.146 - - [26/Aug/2021:09:57:21 +0800] "POST /xingrg/all/common/load_tree.html?tree=area_rest_tree_json&manage=1 HTTP/1.1" 200 351
180.169.147.146 - - [26/Aug/2021:09:57:21 +0800] "GET /xingrg/all/function/internal_message.html?_=1629943048659&CODE_STATE=count HTTP/1.1" 200 11
180.169.147.146 - - [26/Aug/2021:09:57:21 +0800] "GET /xingrg/check_reg.html?_=1629943048660 HTTP/1.1" 200 22
180.169.147.146 - - [26/Aug/2021:09:57:21 +0800] "GET /xingrg/images/blue/pingpu.png HTTP/1.1" 200 231
180.169.147.146 - - [26/Aug/2021:09:57:21 +0800] "GET /xingrg/javascript/jquery_easy_ui/themes/default/images/tabs_leftarrow.png HTTP/1.1" 200 389
180.169.147.146 - - [26/Aug/2021:09:57:21 +0800] "GET /xingrg/javascript/jquery_easy_ui/themes/default/images/tabs_rightarrow.png HTTP/1.1" 200 395
180.169.147.146 - - [26/Aug/2021:09:57:21 +0800] "GET /xingrg/javascript/jquery_easy_ui/themes/default/images/panel_tool_collapse.gif HTTP/1.1" 200 246
180.169.147.146 - - [26/Aug/2021:09:57:21 +0800] "POST /xingrg/load_menu.html HTTP/1.1" 200 5138
180.169.147.146 - - [26/Aug/2021:09:57:21 +0800] "GET /xingrg/javascript/jquery_easy_ui/themes/default/images/tree_arrows.gif HTTP/1.1" 200 1043
180.169.147.146 - - [26/Aug/2021:09:57:21 +0800] "GET /xingrg/javascript/jquery_easy_ui/themes/default/images/tree_folder_open.gif HTTP/1.1" 200 956
180.169.147.146 - - [26/Aug/2021:09:57:21 +0800] "GET /xingrg/javascript/jquery_easy_ui/themes/icons/search_new.png HTTP/1.1" 200 586
180.169.147.146 - - [26/Aug/2021:09:57:21 +0800] "GET /xingrg/javascript/jquery_easy_ui/themes/default/images/tree_folder.gif HTTP/1.1" 200 952
180.169.147.146 - - [26/Aug/2021:09:57:21 +0800] "GET /xingrg/javascript/jquery_easy_ui/themes/icons/storage_new.png HTTP/1.1" 200 853
180.169.147.146 - - [26/Aug/2021:09:57:21 +0800] "GET /xingrg/javascript/jquery_easy_ui/themes/icons/forms_new.png HTTP/1.1" 200 350
180.169.147.146 - - [26/Aug/2021:09:57:21 +0800] "GET /xingrg/javascript/jquery_easy_ui/themes/default/images/tree_file.gif HTTP/1.1" 200 118
124.77.108.71 - - [26/Aug/2021:09:57:26 +0800] "POST /xingrg/kc/buy/cgsh_list_operate.html HTTP/1.1" 200 274
180.169.147.146 - - [26/Aug/2021:09:57:27 +0800] "GET /xingrg/javascript/jquery_easy_ui/themes/default/images/tabs_close.gif HTTP/1.1" 200 829
180.169.147.146 - - [26/Aug/2021:09:57:27 +0800] "GET /xingrg/kc/mdqp/qqps_order_list.html HTTP/1.1" 200 10410
180.169.147.146 - - [26/Aug/2021:09:57:27 +0800] "GET /xingrg/javascript/pic_change.js HTTP/1.1" 200 4739
180.169.147.146 - - [26/Aug/2021:09:57:27 +0800] "GET /xingrg/dwr/interface/AjaxQqpsService.js HTTP/1.1" 200 16326
180.169.147.146 - - [26/Aug/2021:09:57:27 +0800] "GET /xingrg/dwr/interface/AjaxReportQueryService.js HTTP/1.1" 200 13203
180.169.147.146 - - [26/Aug/2021:09:57:27 +0800] "GET /xingrg/dwr/engine.js HTTP/1.1" 200 43631
180.169.147.146 - - [26/Aug/2021:09:57:27 +0800] "GET /xingrg/dwr/util.js HTTP/1.1" 200 35990
180.169.147.146 - - [26/Aug/2021:09:57:27 +0800] "GET /xingrg/javascript/Calendar.js HTTP/1.1" 200 31561
180.169.147.146 - - [26/Aug/2021:09:57:27 +0800] "GET /xingrg/javascript/myfunction.js HTTP/1.1" 200 24559
180.169.147.146 - - [26/Aug/2021:09:57:27 +0800] "GET /xingrg/javascript/ToolTips.js HTTP/1.1" 200 5615
180.169.147.146 - - [26/Aug/2021:09:57:27 +0800] "GET /xingrg/javascript/jquery_easy_ui/themes/icons/check_new.png HTTP/1.1" 200 3224
180.169.147.146 - - [26/Aug/2021:09:57:27 +0800] "GET /xingrg/javascript/jquery_easy_ui/themes/icons/edit_add_new.png HTTP/1.1" 200 2997
180.169.147.146 - - [26/Aug/2021:09:57:27 +0800] "GET /xingrg/javascript/jquery_easy_ui/themes/icons/uncheck_new.png HTTP/1.1" 200 3197
180.169.147.146 - - [26/Aug/2021:09:57:27 +0800] "GET /xingrg/javascript/jquery_easy_ui/themes/icons/cance_new.png HTTP/1.1" 200 3986
124.77.108.71 - - [26/Aug/2021:09:57:30 +0800] "GET /xingrg/all/function/internal_message.html?_=1629943049401&CODE_STATE=getMsg HTTP/1.1" 200 27
124.77.108.71 - - [26/Aug/2021:09:57:32 +0800] "POST /xingrg/kc/buy/cgsh_list_operate.html HTTP/1.1" 200 500
180.174.198.13 - - [26/Aug/2021:09:57:33 +0800] "GET /xingrg/all/function/internal_message.html?_=1629943039321&CODE_STATE=getMsg HTTP/1.1" 200 27
58.37.227.186 - - [26/Aug/2021:09:57:39 +0800] "GET /xingrg/all/function/internal_message.html?_=1629942948718&CODE_STATE=getMsg HTTP/1.1" 200 27
222.69.131.158 - - [26/Aug/2021:09:57:40 +0800] "GET /xingrg/all/function/internal_message.html?_=1629943063401&CODE_STATE=getMsg HTTP/1.1" 200 27
124.77.108.71 - - [26/Aug/2021:09:57:44 +0800] "POST /xingrg/kc/buy/cgsh_list_operate.html HTTP/1.1" 200 349
120.253.135.82 - - [26/Aug/2021:09:57:45 +0800] "GET /xingrg/all/function/internal_message.html?_=1629942845166&CODE_STATE=getMsg HTTP/1.1" 200 27
222.70.179.113 - - [26/Aug/2021:09:57:46 +0800] "GET /xingrg/all/function/internal_message.html?_=1629943067564&CODE_STATE=getMsg HTTP/1.1" 200 27
124.77.108.71 - - [26/Aug/2021:09:57:53 +0800] "POST /xingrg/kc/buy/cgsh_list_operate.html HTTP/1.1" 200 1948
124.77.108.71 - - [26/Aug/2021:09:57:54 +0800] "POST /xingrg/kc/buy/cgsh_list_operate.html HTTP/1.1" 200 274
180.169.147.146 - - [26/Aug/2021:09:58:02 +0800] "GET /xingrg/kc/mdqp/qqps_order_info.html?code=302021082500510 HTTP/1.1" 200 28079
180.169.147.146 - - [26/Aug/2021:09:58:02 +0800] "GET /xingrg/javascript/auto/jquery.autocomplete.css HTTP/1.1" 200 587
180.169.147.146 - - [26/Aug/2021:09:58:02 +0800] "GET /xingrg/javascript/auto/jquery.autocomplete.js HTTP/1.1" 200 21624
180.169.147.146 - - [26/Aug/2021:09:58:02 +0800] "GET /xingrg/javascript/tools/jquery.qtip-1.0.0-rc3.min.js HTTP/1.1" 200 38404
180.169.147.146 - - [26/Aug/2021:09:58:02 +0800] "GET /xingrg/dwr/interface/AjaxComOrderService.js HTTP/1.1" 200 18264
180.169.147.146 - - [26/Aug/2021:09:58:02 +0800] "GET /xingrg/dwr/interface/AjaxQqpsService.js HTTP/1.1" 200 16326
180.169.147.146 - - [26/Aug/2021:09:58:02 +0800] "GET /xingrg/dwr/engine.js HTTP/1.1" 200 43631
180.169.147.146 - - [26/Aug/2021:09:58:02 +0800] "GET /xingrg/javascript/AjaxInfoList.js HTTP/1.1" 200 3774
180.169.147.146 - - [26/Aug/2021:09:58:02 +0800] "GET /xingrg/javascript/Grid.js HTTP/1.1" 200 58908
180.169.147.146 - - [26/Aug/2021:09:58:02 +0800] "GET /xingrg/javascript/print/kc_print.js HTTP/1.1" 200 11415
180.169.147.146 - - [26/Aug/2021:09:58:02 +0800] "GET /xingrg/javascript/print/LodopFuncs.js HTTP/1.1" 200 5121
180.169.147.146 - - [26/Aug/2021:09:58:02 +0800] "GET /xingrg/words/20210826095517_words.js HTTP/1.1" 200 837225
180.169.147.146 - - [26/Aug/2021:09:58:02 +0800] "GET /xingrg/javascript/jquery_easy_ui/themes/icons/template_new.png HTTP/1.1" 200 3956
180.169.147.146 - - [26/Aug/2021:09:58:02 +0800] "GET /xingrg/javascript/jquery_easy_ui/themes/icons/copy_new.png HTTP/1.1" 200 815
180.169.147.146 - - [26/Aug/2021:09:58:02 +0800] "GET /xingrg/javascript/jquery_easy_ui/themes/icons/ok.png HTTP/1.1" 200 883
180.169.147.146 - - [26/Aug/2021:09:58:02 +0800] "GET /xingrg/javascript/jquery_easy_ui/themes/icons/print.png HTTP/1.1" 200 1057
180.169.147.146 - - [26/Aug/2021:09:58:02 +0800] "GET /xingrg/javascript/jquery_easy_ui/themes/default/images/menu_downarrow.png HTTP/1.1" 200 173
180.169.147.146 - - [26/Aug/2021:09:58:02 +0800] "GET /xingrg/javascript/jquery_easy_ui/themes/icons/back_new.png HTTP/1.1" 200 3414
180.169.147.146 - - [26/Aug/2021:09:58:03 +0800] "GET /xingrg/images/blue/button/kc_tab_add.gif HTTP/1.1" 200 375
180.169.147.146 - - [26/Aug/2021:09:58:03 +0800] "GET /xingrg/images/blue/button/kc_tab_edit.gif HTTP/1.1" 200 551
180.169.147.146 - - [26/Aug/2021:09:58:03 +0800] "GET /xingrg/images/blue/button/kc_tab_save.gif HTTP/1.1" 200 777
180.169.147.146 - - [26/Aug/2021:09:58:03 +0800] "GET /xingrg/images/blue/button/kc_tab_del.gif HTTP/1.1" 200 383
180.169.147.146 - - [26/Aug/2021:09:58:03 +0800] "GET /xingrg/images/blue/wait.gif HTTP/1.1" 200 1100
180.169.147.146 - - [26/Aug/2021:09:58:03 +0800] "GET /xingrg/javascript/jquery_easy_ui/themes/default/images/combo_arrow_dot.gif HTTP/1.1" 200 79
180.169.147.146 - - [26/Aug/2021:09:58:03 +0800] "GET /xingrg/images/blue/kc_tab_left.gif HTTP/1.1" 200 188
180.169.147.146 - - [26/Aug/2021:09:58:03 +0800] "GET /xingrg/images/blue/kc_tab_mid.gif HTTP/1.1" 200 44
180.169.147.146 - - [26/Aug/2021:09:58:03 +0800] "GET /xingrg/images/blue/kc_tab_right.gif HTTP/1.1" 200 643
180.169.147.146 - - [26/Aug/2021:09:58:03 +0800] "GET /xingrg/images/blue/kc_tab2_left.gif HTTP/1.1" 200 625
180.169.147.146 - - [26/Aug/2021:09:58:03 +0800] "GET /xingrg/images/blue/kc_tab2_right.gif HTTP/1.1" 200 192
180.169.147.146 - - [26/Aug/2021:09:58:03 +0800] "POST /xingrg/dwr/call/plaincall/AjaxQqpsService.loadMaterielItems.dwr HTTP/1.1" 200 6204
222.70.246.151 - - [26/Aug/2021:09:58:03 +0800] "GET /xingrg/all/function/internal_message.html?_=1629943082797&CODE_STATE=getMsg HTTP/1.1" 200 27
180.169.147.146 - - [26/Aug/2021:09:58:04 +0800] "GET /xingrg/images/yd/bt.gif HTTP/1.1" 404 1040
180.169.147.146 - - [26/Aug/2021:09:58:04 +0800] "GET /xingrg/images/yd/bt2.gif HTTP/1.1" 404 1042
101.83.145.79 - - [26/Aug/2021:09:58:04 +0800] "POST /xingrg/services/DataTransmitService HTTP/1.1" 200 524
180.169.147.146 - - [26/Aug/2021:09:58:05 +0800] "GET /xingrg/javascript/jquery_easy_ui/themes/default/images/button_plain_hover.png HTTP/1.1" 200 252
101.83.145.79 - - [26/Aug/2021:09:58:05 +0800] "POST /xingrg/services/DataTransmitService HTTP/1.1" 200 2235
180.169.147.146 - - [26/Aug/2021:09:58:05 +0800] "GET /xingrg/kc/mdqp/qqps_order_list.html?isBack=1 HTTP/1.1" 200 10419
180.169.147.146 - - [26/Aug/2021:09:58:05 +0800] "GET /xingrg/dwr/interface/AjaxQqpsService.js HTTP/1.1" 200 16326
180.169.147.146 - - [26/Aug/2021:09:58:05 +0800] "GET /xingrg/dwr/interface/AjaxReportQueryService.js HTTP/1.1" 200 13203
180.169.147.146 - - [26/Aug/2021:09:58:05 +0800] "GET /xingrg/dwr/engine.js HTTP/1.1" 200 43631
101.83.145.79 - - [26/Aug/2021:09:58:06 +0800] "POST /xingrg/services/DataTransmitService HTTP/1.1" 200 144388
180.169.147.146 - - [26/Aug/2021:09:58:07 +0800] "GET /xingrg/kc/mdqp/qqps_order_info.html?code=302021082500512 HTTP/1.1" 200 28079
180.169.147.146 - - [26/Aug/2021:09:58:07 +0800] "GET /xingrg/dwr/interface/AjaxComOrderService.js HTTP/1.1" 200 18264
180.169.147.146 - - [26/Aug/2021:09:58:07 +0800] "GET /xingrg/dwr/interface/AjaxQqpsService.js HTTP/1.1" 200 16326
180.169.147.146 - - [26/Aug/2021:09:58:07 +0800] "GET /xingrg/dwr/engine.js HTTP/1.1" 200 43631
114.86.229.34 - - [26/Aug/2021:09:58:07 +0800] "GET /xingrg/all/function/internal_message.html?_=1629943091705&CODE_STATE=getMsg HTTP/1.1" 200 27
180.169.147.146 - - [26/Aug/2021:09:58:07 +0800] "POST /xingrg/dwr/call/plaincall/AjaxQqpsService.loadMaterielItems.dwr HTTP/1.1" 200 336
180.169.147.146 - - [26/Aug/2021:09:58:09 +0800] "GET /xingrg/kc/mdqp/qqps_order_list.html?isBack=1 HTTP/1.1" 200 10419
180.169.147.146 - - [26/Aug/2021:09:58:09 +0800] "GET /xingrg/dwr/interface/AjaxQqpsService.js HTTP/1.1" 200 16326
180.169.147.146 - - [26/Aug/2021:09:58:09 +0800] "GET /xingrg/dwr/interface/AjaxReportQueryService.js HTTP/1.1" 200 13203
180.169.147.146 - - [26/Aug/2021:09:58:09 +0800] "GET /xingrg/dwr/engine.js HTTP/1.1" 200 43631
180.169.147.146 - - [26/Aug/2021:09:58:10 +0800] "GET /xingrg/kc/mdqp/qqps_order_info.html?code=302021082500511 HTTP/1.1" 200 28079
180.169.147.146 - - [26/Aug/2021:09:58:10 +0800] "GET /xingrg/dwr/interface/AjaxComOrderService.js HTTP/1.1" 200 18264
180.169.147.146 - - [26/Aug/2021:09:58:10 +0800] "GET /xingrg/dwr/interface/AjaxQqpsService.js HTTP/1.1" 200 16326
180.169.147.146 - - [26/Aug/2021:09:58:11 +0800] "GET /xingrg/dwr/engine.js HTTP/1.1" 200 43631
180.169.147.146 - - [26/Aug/2021:09:58:11 +0800] "POST /xingrg/dwr/call/plaincall/AjaxQqpsService.loadMaterielItems.dwr HTTP/1.1" 200 1311
116.238.194.18 - - [26/Aug/2021:09:58:13 +0800] "GET /xingrg/all/function/internal_message.html?_=1629943088297&CODE_STATE=getMsg HTTP/1.1" 200 27
101.83.145.79 - - [26/Aug/2021:09:58:13 +0800] "GET /xingrg/all/function/internal_message.html?_=1629943097354&CODE_STATE=getMsg HTTP/1.1" 200 27
101.83.145.79 - - [26/Aug/2021:09:58:13 +0800] "GET /xingrg/check_reg.html?_=1629943097357 HTTP/1.1" 200 22
180.169.147.146 - - [26/Aug/2021:09:58:19 +0800] "GET /xingrg/javascript/auto/indicator.gif HTTP/1.1" 404 1066
180.169.147.146 - - [26/Aug/2021:09:58:21 +0800] "GET /xingrg/all/function/internal_message.html?_=1629943108668&CODE_STATE=getMsg HTTP/1.1" 200 27
180.169.147.146 - - [26/Aug/2021:09:58:29 +0800] "POST /xingrg/dwr/call/plaincall/AjaxQqpsService.getMaterielByCode.dwr HTTP/1.1" 200 2777
124.77.108.71 - - [26/Aug/2021:09:58:30 +0800] "GET /xingrg/all/function/internal_message.html?_=1629943109394&CODE_STATE=getMsg HTTP/1.1" 200 27
180.169.147.146 - - [26/Aug/2021:09:58:31 +0800] "POST /xingrg/dwr/call/plaincall/AjaxQqpsService.saveMaterielItem.dwr HTTP/1.1" 200 78
180.174.198.13 - - [26/Aug/2021:09:58:33 +0800] "GET /xingrg/all/function/internal_message.html?_=1629943099332&CODE_STATE=getMsg HTTP/1.1" 200 27
180.169.147.146 - - [26/Aug/2021:09:58:36 +0800] "POST /xingrg/dwr/call/plaincall/AjaxQqpsService.getMaterielByCode.dwr HTTP/1.1" 200 2690
58.37.227.186 - - [26/Aug/2021:09:58:39 +0800] "GET /xingrg/all/function/internal_message.html?_=1629943008689&CODE_STATE=getMsg HTTP/1.1" 200 27
222.69.131.158 - - [26/Aug/2021:09:58:40 +0800] "GET /xingrg/all/function/internal_message.html?_=1629943123405&CODE_STATE=getMsg HTTP/1.1" 200 27
180.169.147.146 - - [26/Aug/2021:09:58:40 +0800] "POST /xingrg/dwr/call/plaincall/AjaxQqpsService.saveMaterielItem.dwr HTTP/1.1" 200 78
180.157.254.90 - - [26/Aug/2021:09:58:45 +0800] "POST /xingrg/services/DataTransmitService HTTP/1.1" 200 524
120.253.135.82 - - [26/Aug/2021:09:58:45 +0800] "GET /xingrg/all/function/internal_message.html?_=1629942905179&CODE_STATE=getMsg HTTP/1.1" 200 27
180.157.254.90 - - [26/Aug/2021:09:58:45 +0800] "POST /xingrg/services/DataTransmitService HTTP/1.1" 200 501
222.70.179.113 - - [26/Aug/2021:09:58:46 +0800] "GET /xingrg/all/function/internal_message.html?_=1629943127547&CODE_STATE=getMsg HTTP/1.1" 200 27
101.83.145.79 - - [26/Aug/2021:09:58:54 +0800] "GET /xingrg/javascript/jquery_easy_ui/themes/default/images/tabs_active.png HTTP/1.1" 304 -
101.83.145.79 - - [26/Aug/2021:09:58:55 +0800] "GET /xingrg/kc/buy/cgsh_order_list.html HTTP/1.1" 200 47632
101.83.145.79 - - [26/Aug/2021:09:58:57 +0800] "POST /xingrg/kc/buy/cgsh_list_operate.html HTTP/1.1" 200 3126
222.70.246.151 - - [26/Aug/2021:09:59:03 +0800] "GET /xingrg/all/function/internal_message.html?_=1629943142802&CODE_STATE=getMsg HTTP/1.1" 200 27
114.86.229.34 - - [26/Aug/2021:09:59:07 +0800] "GET /xingrg/all/function/internal_message.html?_=1629943151710&CODE_STATE=getMsg HTTP/1.1" 200 27
114.86.229.34 - - [26/Aug/2021:09:59:07 +0800] "GET /xingrg/check_reg.html?_=1629943151712 HTTP/1.1" 200 22
101.83.145.79 - - [26/Aug/2021:09:59:08 +0800] "GET /xingrg/kc/buy/cgsh_order_add.html HTTP/1.1" 200 63417
101.83.145.79 - - [26/Aug/2021:09:59:08 +0800] "GET /xingrg/words/20210826095517_words.js HTTP/1.1" 200 837225
101.83.145.79 - - [26/Aug/2021:09:59:08 +0800] "POST /xingrg/kc/buy/cgsh_order_operate.html HTTP/1.1" 200 8245
101.83.145.79 - - [26/Aug/2021:09:59:09 +0800] "GET /xingrg/javascript/easyui/themes/default/validatebox.css HTTP/1.1" 404 1104
180.169.147.146 - - [26/Aug/2021:09:59:10 +0800] "GET /xingrg/kc/mdqp/qqps_order_add.html HTTP/1.1" 200 27917
180.169.147.146 - - [26/Aug/2021:09:59:10 +0800] "GET /xingrg/dwr/interface/AjaxComOrderService.js HTTP/1.1" 200 18264
180.169.147.146 - - [26/Aug/2021:09:59:10 +0800] "GET /xingrg/dwr/interface/AjaxQqpsService.js HTTP/1.1" 200 16326
180.169.147.146 - - [26/Aug/2021:09:59:10 +0800] "GET /xingrg/dwr/engine.js HTTP/1.1" 200 43631
180.169.147.146 - - [26/Aug/2021:09:59:10 +0800] "GET /xingrg/words/20210826095517_words.js HTTP/1.1" 304 -
116.238.194.18 - - [26/Aug/2021:09:59:13 +0800] "GET /xingrg/check_reg.html?_=1629943148256 HTTP/1.1" 200 22
116.238.194.18 - - [26/Aug/2021:09:59:13 +0800] "GET /xingrg/all/function/internal_message.html?_=1629943148310&CODE_STATE=getMsg HTTP/1.1" 200 27
101.83.145.79 - - [26/Aug/2021:09:59:13 +0800] "GET /xingrg/all/function/internal_message.html?_=1629943157369&CODE_STATE=getMsg HTTP/1.1" 200 27
120.253.135.82 - - [26/Aug/2021:09:59:13 +0800] "GET /xingrg/check_reg.html?_=1629943168369 HTTP/1.1" 302 -
180.169.147.146 - - [26/Aug/2021:09:59:19 +0800] "POST /xingrg/dwr/call/plaincall/AjaxQqpsService.saveOrder.dwr HTTP/1.1" 200 78
180.169.147.146 - - [26/Aug/2021:09:59:21 +0800] "GET /xingrg/all/function/internal_message.html?_=1629943168671&CODE_STATE=getMsg HTTP/1.1" 200 27
101.83.145.79 - - [26/Aug/2021:09:59:21 +0800] "GET /xingrg/kc/buy/cgsh_order_operate.html?command=get_materiel&rest_code=00105&code=00101013232&supplier_code=00100339&order_time=2021-08-26 HTTP/1.1" 200 406
124.77.108.71 - - [26/Aug/2021:09:59:30 +0800] "GET /xingrg/check_reg.html?_=1629943169398 HTTP/1.1" 200 22
124.77.108.71 - - [26/Aug/2021:09:59:30 +0800] "GET /xingrg/all/function/internal_message.html?_=1629943169402&CODE_STATE=getMsg HTTP/1.1" 200 27
180.169.147.146 - - [26/Aug/2021:09:59:32 +0800] "POST /xingrg/dwr/call/plaincall/AjaxQqpsService.getMaterielByCode.dwr HTTP/1.1" 200 2758
180.174.198.13 - - [26/Aug/2021:09:59:32 +0800] "GET /xingrg/check_reg.html?_=1629943158837 HTTP/1.1" 200 22
101.83.145.79 - - [26/Aug/2021:09:59:33 +0800] "POST /xingrg/kc/buy/cgsh_order_operate.html HTTP/1.1" 200 37
180.174.198.13 - - [26/Aug/2021:09:59:33 +0800] "GET /xingrg/all/function/internal_message.html?_=1629943159346&CODE_STATE=getMsg HTTP/1.1" 200 27
101.83.145.79 - - [26/Aug/2021:09:59:34 +0800] "POST /xingrg/kc/buy/cgsh_order_operate.html HTTP/1.1" 200 2649
101.83.145.79 - - [26/Aug/2021:09:59:35 +0800] "GET /xingrg/kc/print/load_data.html?order_code=212021082611779&kc_code=cgsh&condition= HTTP/1.1" 200 659
180.169.147.146 - - [26/Aug/2021:09:59:36 +0800] "POST /xingrg/dwr/call/plaincall/AjaxQqpsService.saveMaterielItem.dwr HTTP/1.1" 200 78
58.37.227.186 - - [26/Aug/2021:09:59:39 +0800] "GET /xingrg/all/function/internal_message.html?_=1629943068670&CODE_STATE=getMsg HTTP/1.1" 200 27
101.83.145.79 - - [26/Aug/2021:09:59:39 +0800] "GET /xingrg/kc/buy/cgsh_order_add.html HTTP/1.1" 200 63417
101.83.145.79 - - [26/Aug/2021:09:59:39 +0800] "GET /xingrg/javascript/easyui/themes/default/validatebox.css HTTP/1.1" 404 1104
101.83.145.79 - - [26/Aug/2021:09:59:39 +0800] "POST /xingrg/kc/buy/cgsh_order_operate.html HTTP/1.1" 200 8245
222.69.131.158 - - [26/Aug/2021:09:59:40 +0800] "GET /xingrg/all/function/internal_message.html?_=1629943183407&CODE_STATE=getMsg HTTP/1.1" 200 27
222.69.131.158 - - [26/Aug/2021:09:59:40 +0800] "GET /xingrg/check_reg.html?_=1629943183410 HTTP/1.1" 200 22
120.253.135.82 - - [26/Aug/2021:09:59:45 +0800] "GET /xingrg/all/function/internal_message.html?_=1629942965365&CODE_STATE=getMsg HTTP/1.1" 200 27
