222.70.246.151 - - [26/Aug/2021:10:41:04 +0800] "GET /xingrg/all/function/internal_message.html?_=1629945663436&CODE_STATE=getMsg HTTP/1.1" 200 27
116.238.194.18 - - [26/Aug/2021:10:41:04 +0800] "POST /xingrg/kc/buy/cgsh_order_operate.html HTTP/1.1" 200 12
116.238.194.18 - - [26/Aug/2021:10:41:05 +0800] "GET /xingrg/kc/buy/cgsh_order_info.html?code=212021082611838 HTTP/1.1" 200 57943
116.238.194.18 - - [26/Aug/2021:10:41:05 +0800] "GET /xingrg/javascript/easyui/themes/default/validatebox.css HTTP/1.1" 404 1104
116.238.194.18 - - [26/Aug/2021:10:41:06 +0800] "POST /xingrg/kc/buy/cgsh_order_operate.html HTTP/1.1" 200 1871
120.253.135.82 - - [26/Aug/2021:10:41:06 +0800] "POST /xingrg/kc/pszx/mdps_order_operate.html HTTP/1.1" 200 37
114.86.229.34 - - [26/Aug/2021:10:41:07 +0800] "GET /xingrg/all/function/internal_message.html?_=1629945671804&CODE_STATE=getMsg HTTP/1.1" 200 27
120.253.135.82 - - [26/Aug/2021:10:41:08 +0800] "POST /xingrg/kc/pszx/mdps_order_operate.html HTTP/1.1" 200 12
180.174.198.13 - - [26/Aug/2021:10:41:08 +0800] "POST /xingrg/kc/buy/cgsh_order_operate.html HTTP/1.1" 200 37
222.70.246.151 - - [26/Aug/2021:10:41:08 +0800] "GET /xingrg/kc/buy/cgsh_order_operate.html?command=get_materiel&rest_code=00146&code=00101008010&supplier_code=00100005&order_time=2021-08-26 HTTP/1.1" 200 412
116.238.194.18 - - [26/Aug/2021:10:41:08 +0800] "GET /xingrg/kc/print/load_data.html?order_code=212021082611838&kc_code=cgsh&condition= HTTP/1.1" 200 1256
116.230.105.26 - - [26/Aug/2021:10:41:08 +0800] "GET /xingrg/all/function/internal_message.html?_=1629945639401&CODE_STATE=getMsg HTTP/1.1" 200 27
58.221.95.50 - - [26/Aug/2021:10:41:09 +0800] "GET /xingrg/all/function/internal_message.html?_=1629945672966&CODE_STATE=getMsg HTTP/1.1" 200 27
116.230.105.26 - - [26/Aug/2021:10:41:09 +0800] "GET /xingrg/kc/buy/cgsh_order_operate.html?command=get_materiel&rest_code=00155&code=00101002006&supplier_code=00100199&order_time=2021-08-26 HTTP/1.1" 200 414
180.174.198.13 - - [26/Aug/2021:10:41:11 +0800] "POST /xingrg/kc/buy/cgsh_order_operate.html HTTP/1.1" 200 12
180.174.198.13 - - [26/Aug/2021:10:41:13 +0800] "GET /xingrg/kc/buy/cgsh_order_info.html?code=212021082611839 HTTP/1.1" 200 58236
120.253.135.82 - - [26/Aug/2021:10:41:13 +0800] "GET /xingrg/kc/pszx/mdps_order_info.html?code=312021082500657 HTTP/1.1" 200 19591
180.174.198.13 - - [26/Aug/2021:10:41:14 +0800] "GET /xingrg/javascript/easyui/themes/default/validatebox.css HTTP/1.1" 404 1104
120.253.135.82 - - [26/Aug/2021:10:41:14 +0800] "POST /xingrg/kc/pszx/mdps_order_operate.html HTTP/1.1" 200 983
120.253.135.82 - - [26/Aug/2021:10:41:14 +0800] "GET /xingrg/javascript/easyui/themes/default/validatebox.css HTTP/1.1" 404 1104
116.238.194.18 - - [26/Aug/2021:10:41:14 +0800] "GET /xingrg/kc/buy/cgsh_order_add.html HTTP/1.1" 200 63024
180.174.198.13 - - [26/Aug/2021:10:41:15 +0800] "POST /xingrg/kc/buy/cgsh_order_operate.html HTTP/1.1" 200 612
124.79.246.142 - - [26/Aug/2021:10:41:15 +0800] "GET /xingrg/all/function/internal_message.html?_=1629945778241&CODE_STATE=getMsg HTTP/1.1" 200 27
116.238.194.18 - - [26/Aug/2021:10:41:15 +0800] "POST /xingrg/kc/buy/cgsh_order_operate.html HTTP/1.1" 200 8245
116.238.194.18 - - [26/Aug/2021:10:41:15 +0800] "GET /xingrg/javascript/easyui/themes/default/validatebox.css HTTP/1.1" 404 1104
120.253.135.82 - - [26/Aug/2021:10:41:15 +0800] "POST /xingrg/kc/pszx/mdps_list_operate.html HTTP/1.1" 200 2072
222.70.246.151 - - [26/Aug/2021:10:41:18 +0800] "GET /xingrg/kc/buy/cgsh_order_operate.html?command=get_materiel&rest_code=00146&code=00101008038&supplier_code=00100005&order_time=2021-08-26 HTTP/1.1" 200 412
180.169.147.146 - - [26/Aug/2021:10:41:18 +0800] "GET /xingrg/check_reg.html?_=1629945682813 HTTP/1.1" 200 22
180.169.147.146 - - [26/Aug/2021:10:41:18 +0800] "GET /xingrg/all/function/internal_message.html?_=1629945682817&CODE_STATE=getMsg HTTP/1.1" 200 27
180.174.198.13 - - [26/Aug/2021:10:41:19 +0800] "GET /xingrg/kc/print/load_data.html?order_code=212021082611839&kc_code=cgsh&condition= HTTP/1.1" 200 692
116.230.105.26 - - [26/Aug/2021:10:41:19 +0800] "GET /xingrg/kc/buy/cgsh_order_operate.html?command=get_materiel&rest_code=00155&code=00101001111&supplier_code=00100199&order_time=2021-08-26 HTTP/1.1" 200 409
180.169.147.146 - - [26/Aug/2021:10:41:21 +0800] "GET /xingrg/all/function/internal_message.html?_=1629945688721&CODE_STATE=getMsg HTTP/1.1" 302 -
116.238.194.18 - - [26/Aug/2021:10:41:22 +0800] "GET /xingrg/all/function/internal_message.html?_=1629945677320&CODE_STATE=getMsg HTTP/1.1" 200 27
58.40.7.146 - - [26/Aug/2021:10:41:24 +0800] "GET /xingrg/all/function/internal_message.html?_=1629945688344&CODE_STATE=getMsg HTTP/1.1" 200 27
116.238.194.18 - - [26/Aug/2021:10:41:25 +0800] "GET /xingrg/kc/buy/cgsh_order_operate.html?command=get_materiel&rest_code=00151&code=00101010275&supplier_code=00100329&order_time=2021-08-26 HTTP/1.1" 200 427
172.20.0.100 - - [26/Aug/2021:10:41:25 +0800] "GET /xingrg/all/function/internal_message.html?_=1629945688924&CODE_STATE=getMsg HTTP/1.1" 200 27
101.85.93.96 - - [26/Aug/2021:10:41:26 +0800] "GET /xingrg/all/function/internal_message.html?_=1629945636512&CODE_STATE=getMsg HTTP/1.1" 200 27
222.70.246.151 - - [26/Aug/2021:10:41:28 +0800] "GET /xingrg/kc/buy/cgsh_order_operate.html?command=get_materiel&rest_code=00146&code=00101008358&supplier_code=00100005&order_time=2021-08-26 HTTP/1.1" 200 412
116.230.105.26 - - [26/Aug/2021:10:41:29 +0800] "GET /xingrg/kc/buy/cgsh_order_operate.html?command=get_materiel&rest_code=00155&code=00101002027&supplier_code=00100199&order_time=2021-08-26 HTTP/1.1" 200 413
124.77.108.71 - - [26/Aug/2021:10:41:31 +0800] "GET /xingrg/all/function/internal_message.html?_=1629945689532&CODE_STATE=getMsg HTTP/1.1" 200 27
101.83.145.79 - - [26/Aug/2021:10:41:35 +0800] "GET /xingrg/all/function/internal_message.html?_=1629945700019&CODE_STATE=getMsg HTTP/1.1" 200 27
116.237.74.154 - - [26/Aug/2021:10:41:35 +0800] "POST /xingrg/dwr/call/plaincall/AjaxQqpsService.saveOrder.dwr HTTP/1.1" 200 78
116.237.74.154 - - [26/Aug/2021:10:41:36 +0800] "POST /xingrg/dwr/call/plaincall/AjaxQqpsService.saveMaterielItem.dwr HTTP/1.1" 200 78
116.238.194.18 - - [26/Aug/2021:10:41:37 +0800] "GET /xingrg/kc/buy/cgsh_order_operate.html?command=get_materiel&rest_code=00151&code=00101010594&supplier_code=00100329&order_time=2021-08-26 HTTP/1.1" 200 414
120.253.135.82 - - [26/Aug/2021:10:41:37 +0800] "POST /xingrg/kc/pszx/mdps_list_operate.html HTTP/1.1" 200 618
222.70.246.151 - - [26/Aug/2021:10:41:37 +0800] "GET /xingrg/kc/buy/cgsh_order_operate.html?command=get_materiel&rest_code=00146&code=00101016122&supplier_code=00100005&order_time=2021-08-26 HTTP/1.1" 200 395
116.230.105.26 - - [26/Aug/2021:10:41:38 +0800] "GET /xingrg/kc/buy/cgsh_order_operate.html?command=get_materiel&rest_code=00155&code=00101001075&supplier_code=00100199&order_time=2021-08-26 HTTP/1.1" 200 409
120.253.135.82 - - [26/Aug/2021:10:41:38 +0800] "GET /xingrg/kc/pszx/mdps_order_info.html?code=312021082500645 HTTP/1.1" 200 23931
120.253.135.82 - - [26/Aug/2021:10:41:38 +0800] "GET /xingrg/javascript/easyui/themes/default/validatebox.css HTTP/1.1" 404 1104
120.253.135.82 - - [26/Aug/2021:10:41:38 +0800] "POST /xingrg/kc/pszx/mdps_order_operate.html HTTP/1.1" 200 6327
222.69.131.158 - - [26/Aug/2021:10:41:40 +0800] "GET /xingrg/all/function/internal_message.html?_=1629945703560&CODE_STATE=getMsg HTTP/1.1" 200 27
180.174.198.13 - - [26/Aug/2021:10:41:42 +0800] "GET /xingrg/all/function/internal_message.html?_=1629945704944&CODE_STATE=getMsg HTTP/1.1" 200 27
120.253.135.82 - - [26/Aug/2021:10:41:42 +0800] "POST /xingrg/kc/pszx/mdps_order_operate.html HTTP/1.1" 200 37
120.253.135.82 - - [26/Aug/2021:10:41:43 +0800] "POST /xingrg/kc/pszx/mdps_order_operate.html HTTP/1.1" 200 12
222.70.179.113 - - [26/Aug/2021:10:41:45 +0800] "GET /xingrg/all/function/internal_message.html?_=1629945706824&CODE_STATE=getMsg HTTP/1.1" 200 27
116.230.105.26 - - [26/Aug/2021:10:41:46 +0800] "GET /xingrg/kc/buy/cgsh_order_operate.html?command=get_materiel&rest_code=00155&code=00101010161&supplier_code=00100199&order_time=2021-08-26 HTTP/1.1" 200 409
116.237.74.154 - - [26/Aug/2021:10:41:46 +0800] "POST /xingrg/kc/buy/cgsh_order_operate.html HTTP/1.1" 200 37
116.237.74.154 - - [26/Aug/2021:10:41:51 +0800] "POST /xingrg/kc/buy/cgsh_order_operate.html HTTP/1.1" 200 12
120.253.135.82 - - [26/Aug/2021:10:41:54 +0800] "GET /xingrg/kc/pszx/mdps_order_info.html?code=312021082500645 HTTP/1.1" 200 19591
120.253.135.82 - - [26/Aug/2021:10:41:54 +0800] "POST /xingrg/kc/pszx/mdps_order_operate.html HTTP/1.1" 200 4510
180.169.147.146 - - [26/Aug/2021:10:41:54 +0800] "GET /xingrg/all/function/internal_message.html?_=1629945860081&CODE_STATE=getMsg HTTP/1.1" 200 27
180.169.147.146 - - [26/Aug/2021:10:41:54 +0800] "GET /xingrg/check_reg.html?_=1629945860081 HTTP/1.1" 200 22
120.253.135.82 - - [26/Aug/2021:10:41:54 +0800] "GET /xingrg/javascript/easyui/themes/default/validatebox.css HTTP/1.1" 404 1104
120.253.135.82 - - [26/Aug/2021:10:41:54 +0800] "GET /xingrg/check_reg.html?_=1629945494437 HTTP/1.1" 200 22
120.253.135.82 - - [26/Aug/2021:10:41:54 +0800] "GET /xingrg/all/function/internal_message.html?_=1629945494438&CODE_STATE=getMsg HTTP/1.1" 200 27
120.253.135.82 - - [26/Aug/2021:10:41:55 +0800] "POST /xingrg/kc/pszx/mdps_list_operate.html HTTP/1.1" 200 1699
120.253.135.82 - - [26/Aug/2021:10:41:56 +0800] "POST /xingrg/kc/pszx/mdps_list_operate.html HTTP/1.1" 200 205
116.237.74.154 - - [26/Aug/2021:10:41:57 +0800] "GET /xingrg/kc/buy/cgsh_order_info.html?code=212021082611830 HTTP/1.1" 200 58287
120.253.135.82 - - [26/Aug/2021:10:41:57 +0800] "GET /xingrg/kc/pszx/mdps_order_info.html?code=312021082500655 HTTP/1.1" 200 23937
116.237.74.154 - - [26/Aug/2021:10:41:58 +0800] "GET /xingrg/javascript/easyui/themes/default/validatebox.css HTTP/1.1" 404 1104
120.253.135.82 - - [26/Aug/2021:10:41:58 +0800] "GET /xingrg/javascript/easyui/themes/default/validatebox.css HTTP/1.1" 404 1104
120.253.135.82 - - [26/Aug/2021:10:41:58 +0800] "POST /xingrg/kc/pszx/mdps_order_operate.html HTTP/1.1" 200 2295
116.237.74.154 - - [26/Aug/2021:10:41:58 +0800] "POST /xingrg/kc/buy/cgsh_order_operate.html HTTP/1.1" 200 617
120.253.135.82 - - [26/Aug/2021:10:42:00 +0800] "POST /xingrg/kc/pszx/mdps_order_operate.html HTTP/1.1" 200 37
116.230.105.26 - - [26/Aug/2021:10:42:01 +0800] "POST /xingrg/kc/buy/cgsh_order_operate.html HTTP/1.1" 200 37
116.238.194.18 - - [26/Aug/2021:10:42:02 +0800] "GET /xingrg/kc/buy/cgsh_order_operate.html?command=get_materiel&rest_code=00151&code=00101007159&supplier_code=00100329&order_time=2021-08-26 HTTP/1.1" 200 428
120.253.135.82 - - [26/Aug/2021:10:42:02 +0800] "POST /xingrg/kc/pszx/mdps_order_operate.html HTTP/1.1" 200 12
116.230.105.26 - - [26/Aug/2021:10:42:03 +0800] "POST /xingrg/kc/buy/cgsh_order_operate.html HTTP/1.1" 200 6205
180.174.198.13 - - [26/Aug/2021:10:42:03 +0800] "GET /xingrg/all/function/internal_message.html?_=1629945709833&CODE_STATE=getMsg HTTP/1.1" 200 27
116.237.74.154 - - [26/Aug/2021:10:42:03 +0800] "GET /xingrg/kc/print/load_data.html?order_code=212021082611830&kc_code=cgsh&condition= HTTP/1.1" 200 773
222.70.246.151 - - [26/Aug/2021:10:42:04 +0800] "GET /xingrg/all/function/internal_message.html?_=1629945723450&CODE_STATE=getMsg HTTP/1.1" 200 27
114.86.229.34 - - [26/Aug/2021:10:42:07 +0800] "GET /xingrg/all/function/internal_message.html?_=1629945731807&CODE_STATE=getMsg HTTP/1.1" 200 27
116.230.105.26 - - [26/Aug/2021:10:42:08 +0800] "GET /xingrg/all/function/internal_message.html?_=1629945699409&CODE_STATE=getMsg HTTP/1.1" 200 27
58.221.95.50 - - [26/Aug/2021:10:42:09 +0800] "GET /xingrg/check_reg.html?_=1629945732966 HTTP/1.1" 200 22
58.221.95.50 - - [26/Aug/2021:10:42:09 +0800] "GET /xingrg/all/function/internal_message.html?_=1629945732968&CODE_STATE=getMsg HTTP/1.1" 200 27
116.238.194.18 - - [26/Aug/2021:10:42:12 +0800] "POST /xingrg/kc/buy/cgsh_order_operate.html HTTP/1.1" 200 37
222.70.246.151 - - [26/Aug/2021:10:42:13 +0800] "GET /xingrg/kc/buy/cgsh_order_operate.html?command=get_materiel&rest_code=00146&code=00101008355&supplier_code=00100005&order_time=2021-08-26 HTTP/1.1" 200 408
124.79.246.142 - - [26/Aug/2021:10:42:15 +0800] "GET /xingrg/all/function/internal_message.html?_=1629945838255&CODE_STATE=getMsg HTTP/1.1" 200 27
116.238.194.18 - - [26/Aug/2021:10:42:15 +0800] "POST /xingrg/kc/buy/cgsh_order_operate.html HTTP/1.1" 200 12
116.238.194.18 - - [26/Aug/2021:10:42:17 +0800] "GET /xingrg/kc/buy/cgsh_order_info.html?code=212021082611841 HTTP/1.1" 200 57941
116.238.194.18 - - [26/Aug/2021:10:42:17 +0800] "GET /xingrg/javascript/easyui/themes/default/validatebox.css HTTP/1.1" 404 1104
116.237.74.154 - - [26/Aug/2021:10:42:18 +0800] "GET /xingrg/kc/buy/buy_main.html HTTP/1.1" 200 12412
116.237.74.154 - - [26/Aug/2021:10:42:18 +0800] "GET /xingrg/css/new_ie.css HTTP/1.1" 404 1036
116.238.194.18 - - [26/Aug/2021:10:42:18 +0800] "POST /xingrg/kc/buy/cgsh_order_operate.html HTTP/1.1" 200 1847
180.169.147.146 - - [26/Aug/2021:10:42:18 +0800] "GET /xingrg/all/function/internal_message.html?_=1629945742819&CODE_STATE=getMsg HTTP/1.1" 200 27
120.253.135.82 - - [26/Aug/2021:10:42:19 +0800] "GET /xingrg/kc/pszx/mdps_order_info.html?code=312021082500655 HTTP/1.1" 200 19597
116.237.74.154 - - [26/Aug/2021:10:42:19 +0800] "GET /xingrg/kc/buy/cgsh_order_list.html HTTP/1.1" 200 47632
120.253.135.82 - - [26/Aug/2021:10:42:20 +0800] "POST /xingrg/kc/pszx/mdps_order_operate.html HTTP/1.1" 200 517
120.253.135.82 - - [26/Aug/2021:10:42:20 +0800] "GET /xingrg/javascript/easyui/themes/default/validatebox.css HTTP/1.1" 404 1104
116.238.194.18 - - [26/Aug/2021:10:42:20 +0800] "GET /xingrg/kc/print/load_data.html?order_code=212021082611841&kc_code=cgsh&condition= HTTP/1.1" 200 1248
180.169.147.146 - - [26/Aug/2021:10:42:21 +0800] "GET /xingrg/all/function/internal_message.html?_=1629945748720&CODE_STATE=getMsg HTTP/1.1" 302 -
180.169.147.146 - - [26/Aug/2021:10:42:21 +0800] "GET /xingrg/check_reg.html?_=1629945748722 HTTP/1.1" 302 -
120.253.135.82 - - [26/Aug/2021:10:42:21 +0800] "POST /xingrg/kc/pszx/mdps_list_operate.html HTTP/1.1" 200 868
222.70.179.252 - - [26/Aug/2021:10:42:21 +0800] "POST /xingrg/services/DataTransmitService HTTP/1.1" 200 524
116.237.74.154 - - [26/Aug/2021:10:42:21 +0800] "POST /xingrg/kc/buy/cgsh_list_operate.html HTTP/1.1" 200 2068
116.238.194.18 - - [26/Aug/2021:10:42:22 +0800] "GET /xingrg/all/function/internal_message.html?_=1629945737333&CODE_STATE=getMsg HTTP/1.1" 200 27
222.70.179.252 - - [26/Aug/2021:10:42:22 +0800] "POST /xingrg/services/DataTransmitService HTTP/1.1" 200 501
58.40.7.146 - - [26/Aug/2021:10:42:24 +0800] "GET /xingrg/all/function/internal_message.html?_=1629945748347&CODE_STATE=getMsg HTTP/1.1" 200 27
172.20.0.100 - - [26/Aug/2021:10:42:25 +0800] "GET /xingrg/all/function/internal_message.html?_=1629945748912&CODE_STATE=getMsg HTTP/1.1" 200 27
101.85.93.96 - - [26/Aug/2021:10:42:26 +0800] "GET /xingrg/all/function/internal_message.html?_=1629945696509&CODE_STATE=getMsg HTTP/1.1" 200 27
116.237.74.154 - - [26/Aug/2021:10:42:27 +0800] "POST /xingrg/kc/buy/cgsh_list_operate.html HTTP/1.1" 200 360
120.253.135.82 - - [26/Aug/2021:10:42:30 +0800] "POST /xingrg/kc/pszx/mdps_list_operate.html HTTP/1.1" 200 3856
116.237.74.154 - - [26/Aug/2021:10:42:30 +0800] "GET /xingrg/kc/buy/cgsh_order_info.html?code=212021082611808 HTTP/1.1" 200 63385
124.77.108.71 - - [26/Aug/2021:10:42:31 +0800] "GET /xingrg/all/function/internal_message.html?_=1629945749533&CODE_STATE=getMsg HTTP/1.1" 200 27
116.237.74.154 - - [26/Aug/2021:10:42:31 +0800] "GET /xingrg/javascript/easyui/themes/default/validatebox.css HTTP/1.1" 404 1104
116.237.74.154 - - [26/Aug/2021:10:42:31 +0800] "POST /xingrg/kc/buy/cgsh_order_operate.html HTTP/1.1" 200 3859
101.83.145.79 - - [26/Aug/2021:10:42:35 +0800] "GET /xingrg/all/function/internal_message.html?_=1629945759995&CODE_STATE=getMsg HTTP/1.1" 200 27
120.253.135.82 - - [26/Aug/2021:10:42:36 +0800] "POST /xingrg/kc/pszx/mdps_list_operate.html HTTP/1.1" 200 290
120.253.135.82 - - [26/Aug/2021:10:42:36 +0800] "GET /xingrg/kc/pszx/mdps_order_info.html?code=312021082600672 HTTP/1.1" 200 23925
120.253.135.82 - - [26/Aug/2021:10:42:37 +0800] "GET /xingrg/javascript/easyui/themes/default/validatebox.css HTTP/1.1" 404 1104
120.253.135.82 - - [26/Aug/2021:10:42:37 +0800] "POST /xingrg/kc/pszx/mdps_order_operate.html HTTP/1.1" 200 2791
222.69.131.158 - - [26/Aug/2021:10:42:40 +0800] "GET /xingrg/all/function/internal_message.html?_=1629945763560&CODE_STATE=getMsg HTTP/1.1" 200 27
180.174.198.13 - - [26/Aug/2021:10:42:42 +0800] "GET /xingrg/all/function/internal_message.html?_=1629945765449&CODE_STATE=getMsg HTTP/1.1" 200 27
120.253.135.82 - - [26/Aug/2021:10:42:43 +0800] "POST /xingrg/kc/pszx/mdps_order_operate.html HTTP/1.1" 200 37
120.253.135.82 - - [26/Aug/2021:10:42:44 +0800] "POST /xingrg/kc/pszx/mdps_order_operate.html HTTP/1.1" 200 12
222.70.179.113 - - [26/Aug/2021:10:42:45 +0800] "GET /xingrg/all/function/internal_message.html?_=1629945766807&CODE_STATE=getMsg HTTP/1.1" 200 27
116.237.74.154 - - [26/Aug/2021:10:42:46 +0800] "GET /xingrg/check_reg.html?_=1629945767416 HTTP/1.1" 200 22
116.237.74.154 - - [26/Aug/2021:10:42:46 +0800] "GET /xingrg/all/function/internal_message.html?_=1629945767511&CODE_STATE=getMsg HTTP/1.1" 200 27
222.70.246.151 - - [26/Aug/2021:10:42:49 +0800] "GET /xingrg/kc/buy/cgsh_order_operate.html?command=get_materiel&rest_code=00146&code=00101008004&supplier_code=00100005&order_time=2021-08-26 HTTP/1.1" 200 416
180.169.147.146 - - [26/Aug/2021:10:42:54 +0800] "GET /xingrg/all/function/internal_message.html?_=1629945920080&CODE_STATE=getMsg HTTP/1.1" 200 27
120.253.135.82 - - [26/Aug/2021:10:42:57 +0800] "GET /xingrg/kc/pszx/mdps_order_info.html?code=312021082600672 HTTP/1.1" 200 19585
120.253.135.82 - - [26/Aug/2021:10:42:57 +0800] "POST /xingrg/kc/pszx/mdps_order_operate.html HTTP/1.1" 200 1009
120.253.135.82 - - [26/Aug/2021:10:42:57 +0800] "GET /xingrg/javascript/easyui/themes/default/validatebox.css HTTP/1.1" 404 1104
120.253.135.82 - - [26/Aug/2021:10:42:58 +0800] "GET /xingrg/all/function/internal_message.html?_=1629945557602&CODE_STATE=getMsg HTTP/1.1" 200 27
120.253.135.82 - - [26/Aug/2021:10:42:58 +0800] "POST /xingrg/kc/pszx/mdps_list_operate.html HTTP/1.1" 200 3494
222.70.179.113 - - [26/Aug/2021:10:43:01 +0800] "POST /xingrg/kc/buy/cgsh_order_operate.html HTTP/1.1" 200 37
222.70.246.151 - - [26/Aug/2021:10:43:02 +0800] "GET /xingrg/kc/buy/cgsh_order_operate.html?command=get_materiel&rest_code=00146&code=00101008264&supplier_code=00100005&order_time=2021-08-26 HTTP/1.1" 200 412
222.70.179.113 - - [26/Aug/2021:10:43:03 +0800] "POST /xingrg/kc/buy/cgsh_order_operate.html HTTP/1.1" 200 8003
180.174.198.13 - - [26/Aug/2021:10:43:03 +0800] "GET /xingrg/all/function/internal_message.html?_=1629945769836&CODE_STATE=getMsg HTTP/1.1" 200 27
222.70.246.151 - - [26/Aug/2021:10:43:04 +0800] "GET /xingrg/all/function/internal_message.html?_=1629945783465&CODE_STATE=getMsg HTTP/1.1" 200 27
120.253.135.82 - - [26/Aug/2021:10:43:04 +0800] "POST /xingrg/kc/pszx/mdps_list_operate.html HTTP/1.1" 200 282
222.70.179.113 - - [26/Aug/2021:10:43:05 +0800] "GET /xingrg/kc/print/load_data.html?order_code=212021082611842&kc_code=cgsh&condition= HTTP/1.1" 200 2718
120.253.135.82 - - [26/Aug/2021:10:43:05 +0800] "GET /xingrg/kc/pszx/mdps_order_info.html?code=312021082500658 HTTP/1.1" 200 23925
120.253.135.82 - - [26/Aug/2021:10:43:06 +0800] "POST /xingrg/kc/pszx/mdps_order_operate.html HTTP/1.1" 200 2767
120.253.135.82 - - [26/Aug/2021:10:43:06 +0800] "GET /xingrg/javascript/easyui/themes/default/validatebox.css HTTP/1.1" 404 1104
58.35.199.85 - - [26/Aug/2021:10:43:07 +0800] "POST /xingrg/services/DataTransmitService HTTP/1.1" 401 565
58.35.199.85 - - [26/Aug/2021:10:43:07 +0800] "POST /xingrg/services/DataTransmitService HTTP/1.1" 200 478
58.35.199.85 - - [26/Aug/2021:10:43:07 +0800] "POST /xingrg/services/DataTransmitService HTTP/1.1" 200 1320
58.35.199.85 - - [26/Aug/2021:10:43:07 +0800] "POST /xingrg/services/DataTransmitService HTTP/1.1" 200 478
58.35.199.85 - - [26/Aug/2021:10:43:07 +0800] "POST /xingrg/services/DataTransmitService HTTP/1.1" 200 1320
58.35.199.85 - - [26/Aug/2021:10:43:07 +0800] "POST /xingrg/services/DataTransmitService HTTP/1.1" 200 524
114.86.229.34 - - [26/Aug/2021:10:43:07 +0800] "GET /xingrg/all/function/internal_message.html?_=1629945791807&CODE_STATE=getMsg HTTP/1.1" 200 27
58.35.199.85 - - [26/Aug/2021:10:43:08 +0800] "POST /xingrg/services/DataTransmitService HTTP/1.1" 200 1971
58.35.199.85 - - [26/Aug/2021:10:43:08 +0800] "POST /xingrg/services/DataTransmitService HTTP/1.1" 200 45454
58.35.199.85 - - [26/Aug/2021:10:43:08 +0800] "POST /xingrg/services/DataTransmitService HTTP/1.1" 200 19237
116.230.105.26 - - [26/Aug/2021:10:43:08 +0800] "GET /xingrg/all/function/internal_message.html?_=1629945759397&CODE_STATE=getMsg HTTP/1.1" 200 27
58.221.95.50 - - [26/Aug/2021:10:43:09 +0800] "GET /xingrg/all/function/internal_message.html?_=1629945792994&CODE_STATE=getMsg HTTP/1.1" 200 27
120.253.135.82 - - [26/Aug/2021:10:43:09 +0800] "POST /xingrg/kc/pszx/mdps_order_operate.html HTTP/1.1" 200 37
58.35.199.85 - - [26/Aug/2021:10:43:10 +0800] "POST /xingrg/services/DataTransmitService HTTP/1.1" 200 524
58.35.199.85 - - [26/Aug/2021:10:43:10 +0800] "POST /xingrg/services/DataTransmitService HTTP/1.1" 200 1971
120.253.135.82 - - [26/Aug/2021:10:43:10 +0800] "POST /xingrg/kc/pszx/mdps_order_operate.html HTTP/1.1" 200 12
222.70.246.151 - - [26/Aug/2021:10:43:13 +0800] "GET /xingrg/kc/buy/cgsh_order_operate.html?command=get_materiel&rest_code=00146&code=00101008360&supplier_code=00100005&order_time=2021-08-26 HTTP/1.1" 200 412
101.83.145.79 - - [26/Aug/2021:10:43:13 +0800] "GET /xingrg/check_reg.html?_=1629945797410 HTTP/1.1" 200 22
124.79.246.142 - - [26/Aug/2021:10:43:15 +0800] "GET /xingrg/all/function/internal_message.html?_=1629945898253&CODE_STATE=getMsg HTTP/1.1" 200 27
180.169.147.146 - - [26/Aug/2021:10:43:18 +0800] "GET /xingrg/all/function/internal_message.html?_=1629945802824&CODE_STATE=getMsg HTTP/1.1" 200 27
120.253.135.82 - - [26/Aug/2021:10:43:20 +0800] "GET /xingrg/kc/pszx/mdps_order_info.html?code=312021082500658 HTTP/1.1" 200 19585
180.169.147.146 - - [26/Aug/2021:10:43:21 +0800] "GET /xingrg/all/function/internal_message.html?_=1629945808732&CODE_STATE=getMsg HTTP/1.1" 302 -
120.253.135.82 - - [26/Aug/2021:10:43:21 +0800] "POST /xingrg/kc/pszx/mdps_order_operate.html HTTP/1.1" 200 982
120.253.135.82 - - [26/Aug/2021:10:43:21 +0800] "GET /xingrg/javascript/easyui/themes/default/validatebox.css HTTP/1.1" 404 1104
116.238.194.18 - - [26/Aug/2021:10:43:22 +0800] "GET /xingrg/all/function/internal_message.html?_=1629945797348&CODE_STATE=getMsg HTTP/1.1" 200 27
222.70.246.151 - - [26/Aug/2021:10:43:22 +0800] "GET /xingrg/kc/buy/cgsh_order_operate.html?command=get_materiel&rest_code=00146&code=00101008196&supplier_code=00100005&order_time=2021-08-26 HTTP/1.1" 200 416
120.253.135.82 - - [26/Aug/2021:10:43:22 +0800] "POST /xingrg/kc/pszx/mdps_list_operate.html HTTP/1.1" 200 3132
58.40.7.146 - - [26/Aug/2021:10:43:24 +0800] "GET /xingrg/all/function/internal_message.html?_=1629945808348&CODE_STATE=getMsg HTTP/1.1" 200 27
172.20.0.100 - - [26/Aug/2021:10:43:24 +0800] "GET /xingrg/kc/report/report_main.html HTTP/1.1" 200 7325
172.20.0.100 - - [26/Aug/2021:10:43:25 +0800] "GET /xingrg/all/function/internal_message.html?_=1629945808886&CODE_STATE=getMsg HTTP/1.1" 200 27
101.85.93.96 - - [26/Aug/2021:10:43:26 +0800] "GET /xingrg/all/function/internal_message.html?_=1629945756524&CODE_STATE=getMsg HTTP/1.1" 200 27
172.20.0.100 - - [26/Aug/2021:10:43:26 +0800] "GET /xingrg/all/report/report_query.html?fileName=kc/buy/gys_amount.xml&rh=99999 HTTP/1.1" 200 51931
172.20.0.100 - - [26/Aug/2021:10:43:26 +0800] "GET /xingrg/dwr/interface/AjaxReportQueryService.js HTTP/1.1" 200 13203
172.20.0.100 - - [26/Aug/2021:10:43:26 +0800] "GET /xingrg/dwr/engine.js HTTP/1.1" 200 43631
172.20.0.100 - - [26/Aug/2021:10:43:27 +0800] "POST /xingrg/dwr/call/plaincall/AjaxReportQueryService.getFixDate.dwr HTTP/1.1" 200 111
172.20.0.100 - - [26/Aug/2021:10:43:27 +0800] "GET /xingrg/javascript/jquery_easy_ui/themes/default/images/menu_rightarrow.png HTTP/1.1" 200 3617
172.20.0.100 - - [26/Aug/2021:10:43:27 +0800] "POST /xingrg/all/common/load_tree.html?tree=supplier_tree_json&manage=1 HTTP/1.1" 200 58541
120.253.135.82 - - [26/Aug/2021:10:43:27 +0800] "POST /xingrg/kc/pszx/mdps_list_operate.html HTTP/1.1" 200 213
222.70.179.113 - - [26/Aug/2021:10:43:28 +0800] "GET /xingrg/kc/buy/cgsh_order_add.html HTTP/1.1" 200 63370
120.253.135.82 - - [26/Aug/2021:10:43:28 +0800] "GET /xingrg/kc/pszx/mdps_order_info.html?code=312021082500652 HTTP/1.1" 200 23925
172.20.0.100 - - [26/Aug/2021:10:43:28 +0800] "POST /xingrg/all/common/load_tree.html?tree=materiel_sort_tree_json HTTP/1.1" 200 8666
222.70.179.113 - - [26/Aug/2021:10:43:28 +0800] "GET /xingrg/javascript/easyui/themes/default/validatebox.css HTTP/1.1" 404 1104
222.70.179.113 - - [26/Aug/2021:10:43:28 +0800] "POST /xingrg/kc/buy/cgsh_order_operate.html HTTP/1.1" 200 8245
172.20.0.100 - - [26/Aug/2021:10:43:28 +0800] "POST /xingrg/dwr/call/plaincall/AjaxReportQueryService.getInitString.dwr HTTP/1.1" 200 1401
120.253.135.82 - - [26/Aug/2021:10:43:28 +0800] "POST /xingrg/kc/pszx/mdps_order_operate.html HTTP/1.1" 200 2304
120.253.135.82 - - [26/Aug/2021:10:43:28 +0800] "GET /xingrg/javascript/easyui/themes/default/validatebox.css HTTP/1.1" 404 1104
172.20.0.100 - - [26/Aug/2021:10:43:29 +0800] "GET /xingrg/javascript/multi_select/dropdown.gif HTTP/1.1" 200 61
172.20.0.100 - - [26/Aug/2021:10:43:29 +0800] "POST /xingrg/dwr/call/plaincall/AjaxReportQueryService.getFixDate.dwr HTTP/1.1" 200 111
172.20.0.100 - - [26/Aug/2021:10:43:31 +0800] "POST /xingrg/dwr/call/plaincall/AjaxReportQueryService.refreshCache.dwr HTTP/1.1" 200 78
120.253.135.82 - - [26/Aug/2021:10:43:31 +0800] "POST /xingrg/kc/pszx/mdps_order_operate.html HTTP/1.1" 200 37
120.253.135.82 - - [26/Aug/2021:10:43:33 +0800] "POST /xingrg/kc/pszx/mdps_order_operate.html HTTP/1.1" 200 12
172.20.0.100 - - [26/Aug/2021:10:43:34 +0800] "POST /xingrg/all/report/load_report_page.html HTTP/1.1" 200 154025
172.20.0.100 - - [26/Aug/2021:10:43:34 +0800] "GET /xingrg/servlets/image?cache=0.014677944179168012&image=px HTTP/1.1" 200 807
222.70.246.151 - - [26/Aug/2021:10:43:34 +0800] "GET /xingrg/kc/buy/cgsh_order_operate.html?command=get_materiel&rest_code=00146&code=00101008197&supplier_code=00100005&order_time=2021-08-26 HTTP/1.1" 200 416
101.83.145.79 - - [26/Aug/2021:10:43:35 +0800] "GET /xingrg/all/function/internal_message.html?_=1629945819977&CODE_STATE=getMsg HTTP/1.1" 200 27
222.70.246.151 - - [26/Aug/2021:10:43:37 +0800] "POST /xingrg/kc/buy/cgsh_order_operate.html HTTP/1.1" 200 2065
222.69.131.158 - - [26/Aug/2021:10:43:40 +0800] "GET /xingrg/all/function/internal_message.html?_=1629945823559&CODE_STATE=getMsg HTTP/1.1" 200 27
120.253.135.82 - - [26/Aug/2021:10:43:40 +0800] "GET /xingrg/kc/pszx/mdps_order_info.html?code=312021082500652 HTTP/1.1" 200 19585
116.237.74.154 - - [26/Aug/2021:10:43:41 +0800] "POST /xingrg/kc/buy/cgsh_order_operate.html HTTP/1.1" 200 37
222.70.179.113 - - [26/Aug/2021:10:43:41 +0800] "GET /xingrg/kc/buy/cgsh_order_operate.html?command=get_materiel&rest_code=00111&code=00101010079&supplier_code=00100336&order_time=2021-08-26 HTTP/1.1" 200 413
120.253.135.82 - - [26/Aug/2021:10:43:41 +0800] "POST /xingrg/kc/pszx/mdps_order_operate.html HTTP/1.1" 200 525
120.253.135.82 - - [26/Aug/2021:10:43:41 +0800] "GET /xingrg/javascript/easyui/themes/default/validatebox.css HTTP/1.1" 404 1104
180.174.198.13 - - [26/Aug/2021:10:43:42 +0800] "GET /xingrg/all/function/internal_message.html?_=1629945825455&CODE_STATE=getMsg HTTP/1.1" 200 27
120.253.135.82 - - [26/Aug/2021:10:43:42 +0800] "POST /xingrg/kc/pszx/mdps_list_operate.html HTTP/1.1" 200 2770
120.253.135.82 - - [26/Aug/2021:10:43:45 +0800] "POST /xingrg/kc/pszx/mdps_list_operate.html HTTP/1.1" 200 283
222.70.179.113 - - [26/Aug/2021:10:43:45 +0800] "GET /xingrg/all/function/internal_message.html?_=1629945826831&CODE_STATE=getMsg HTTP/1.1" 200 27
120.253.135.82 - - [26/Aug/2021:10:43:45 +0800] "GET /xingrg/kc/pszx/mdps_order_info.html?code=312021082500649 HTTP/1.1" 200 23925
116.237.74.154 - - [26/Aug/2021:10:43:46 +0800] "POST /xingrg/kc/buy/cgsh_order_operate.html HTTP/1.1" 200 4460
116.237.74.154 - - [26/Aug/2021:10:43:46 +0800] "GET /xingrg/all/function/internal_message.html?_=1629945827510&CODE_STATE=getMsg HTTP/1.1" 200 27
120.253.135.82 - - [26/Aug/2021:10:43:46 +0800] "GET /xingrg/javascript/easyui/themes/default/validatebox.css HTTP/1.1" 404 1104
120.253.135.82 - - [26/Aug/2021:10:43:46 +0800] "POST /xingrg/kc/pszx/mdps_order_operate.html HTTP/1.1" 200 2785
101.85.93.96 - - [26/Aug/2021:10:43:48 +0800] "GET /xingrg HTTP/1.1" 302 -
101.85.93.96 - - [26/Aug/2021:10:43:48 +0800] "GET /xingrg/index.html HTTP/1.1" 302 -
101.85.93.96 - - [26/Aug/2021:10:43:48 +0800] "GET /favicon.ico HTTP/1.1" 404 -
101.85.93.96 - - [26/Aug/2021:10:43:48 +0800] "GET /xingrg/login.html HTTP/1.1" 200 7641
101.85.93.96 - - [26/Aug/2021:10:43:49 +0800] "GET /favicon.ico HTTP/1.1" 404 -
120.253.135.82 - - [26/Aug/2021:10:43:50 +0800] "POST /xingrg/kc/pszx/mdps_order_operate.html HTTP/1.1" 200 37
222.70.179.113 - - [26/Aug/2021:10:43:51 +0800] "POST /xingrg/kc/buy/cgsh_order_operate.html HTTP/1.1" 200 37
120.253.135.82 - - [26/Aug/2021:10:43:51 +0800] "POST /xingrg/kc/pszx/mdps_order_operate.html HTTP/1.1" 200 12
116.237.74.154 - - [26/Aug/2021:10:43:52 +0800] "POST /xingrg/kc/buy/cgsh_list_operate.html HTTP/1.1" 200 563
116.237.74.154 - - [26/Aug/2021:10:43:52 +0800] "GET /xingrg/kc/buy/cgsh_order_info.html?code=212021082611812 HTTP/1.1" 200 63385
116.237.74.154 - - [26/Aug/2021:10:43:53 +0800] "GET /xingrg/javascript/easyui/themes/default/validatebox.css HTTP/1.1" 404 1104
116.237.74.154 - - [26/Aug/2021:10:43:53 +0800] "POST /xingrg/kc/buy/cgsh_order_operate.html HTTP/1.1" 200 22104
116.237.74.154 - - [26/Aug/2021:10:43:54 +0800] "POST /xingrg/kc/buy/cgsh_list_operate.html HTTP/1.1" 200 2068
222.70.246.151 - - [26/Aug/2021:10:43:54 +0800] "GET /xingrg/kc/buy/cgsh_order_operate.html?command=get_materiel&rest_code=00146&code=00101008033&supplier_code=00100005&order_time=2021-08-26 HTTP/1.1" 200 408
180.169.147.146 - - [26/Aug/2021:10:43:54 +0800] "GET /xingrg/all/function/internal_message.html?_=1629945980090&CODE_STATE=getMsg HTTP/1.1" 200 27
222.70.179.113 - - [26/Aug/2021:10:43:55 +0800] "POST /xingrg/kc/buy/cgsh_order_operate.html HTTP/1.1" 200 2657
101.85.93.96 - - [26/Aug/2021:10:43:56 +0800] "POST /xingrg/login.do HTTP/1.1" 302 -
101.85.93.96 - - [26/Aug/2021:10:43:56 +0800] "GET /xingrg/index.html?sysBaseUrl=http%3A%2F%2F180.169.147.146%3A18081%2Fxingrg%2F&costTime=37×tamp=1629945836686 HTTP/1.1" 200 17179
101.85.93.96 - - [26/Aug/2021:10:43:56 +0800] "GET /favicon.ico HTTP/1.1" 404 -
101.85.93.96 - - [26/Aug/2021:10:43:57 +0800] "POST /xingrg/all/common/load_tree.html?tree=area_rest_tree_json&manage=1 HTTP/1.1" 200 351
101.85.93.96 - - [26/Aug/2021:10:43:57 +0800] "GET /xingrg/all/function/internal_message.html?_=1629945787538&CODE_STATE=count HTTP/1.1" 200 11
101.85.93.96 - - [26/Aug/2021:10:43:57 +0800] "GET /xingrg/check_reg.html?_=1629945787538 HTTP/1.1" 200 22
101.85.93.96 - - [26/Aug/2021:10:43:57 +0800] "POST /xingrg/load_menu.html HTTP/1.1" 200 5138
180.174.198.13 - - [26/Aug/2021:10:43:59 +0800] "GET /xingrg/kc/base/wldb_order_list.html HTTP/1.1" 200 19224
222.70.179.113 - - [26/Aug/2021:10:43:59 +0800] "GET /xingrg/kc/print/load_data.html?order_code=212021082611843&kc_code=cgsh&condition= HTTP/1.1" 200 670
180.174.198.13 - - [26/Aug/2021:10:43:59 +0800] "POST /xingrg/kc/base/wldb_list_operate.html HTTP/1.1" 200 928
116.237.74.154 - - [26/Aug/2021:10:44:00 +0800] "POST /xingrg/kc/buy/cgsh_list_operate.html HTTP/1.1" 200 2068
180.174.198.13 - - [26/Aug/2021:10:44:01 +0800] "GET /xingrg/kc/base/wldb_order_add.html HTTP/1.1" 200 30438
180.174.198.13 - - [26/Aug/2021:10:44:02 +0800] "POST /xingrg/kc/base/wldb_order_operate.html HTTP/1.1" 200 6806
101.85.93.96 - - [26/Aug/2021:10:44:03 +0800] "GET /xingrg/kc/mdqp/pssh_order_list.html HTTP/1.1" 200 17031
180.174.198.13 - - [26/Aug/2021:10:44:03 +0800] "GET /xingrg/all/common/auto_word.html?type=base&rest_code=00102 HTTP/1.1" 200 1711
180.174.198.13 - - [26/Aug/2021:10:44:03 +0800] "GET /xingrg/all/common/auto_word.html?type=base&rest_code=00102 HTTP/1.1" 200 1711
180.174.198.13 - - [26/Aug/2021:10:44:03 +0800] "GET /xingrg/javascript/easyui/themes/default/validatebox.css HTTP/1.1" 404 1104
116.238.194.18 - - [26/Aug/2021:10:44:03 +0800] "POST /xingrg/all/user/operate.html HTTP/1.1" 200 36
120.253.135.82 - - [26/Aug/2021:10:44:03 +0800] "GET /xingrg/kc/pszx/mdps_order_info.html?code=312021082500649 HTTP/1.1" 200 19585
180.174.198.13 - - [26/Aug/2021:10:44:03 +0800] "GET /xingrg/all/function/internal_message.html?_=1629945829849&CODE_STATE=getMsg HTTP/1.1" 200 27
222.70.179.113 - - [26/Aug/2021:10:44:03 +0800] "GET /xingrg/kc/buy/cgsh_order_add.html HTTP/1.1" 200 63370
116.238.194.18 - - [26/Aug/2021:10:44:04 +0800] "GET /xingrg/javascript/jquery_easy_ui/themes/default/easyui.css HTTP/1.1" 304 -
116.238.194.18 - - [26/Aug/2021:10:44:04 +0800] "GET /xingrg/index.html?sysBaseUrl=http%3A%2F%2F180.169.147.146%3A18081%2Fxingrg%2F&costTime=42×tamp=1629944470959 HTTP/1.1" 200 17179
116.238.194.18 - - [26/Aug/2021:10:44:04 +0800] "GET /xingrg/javascript/jquery_easy_ui/themes/icon.css HTTP/1.1" 304 -
116.238.194.18 - - [26/Aug/2021:10:44:04 +0800] "GET /xingrg/css/form.css HTTP/1.1" 304 -
116.238.194.18 - - [26/Aug/2021:10:44:04 +0800] "GET /xingrg/javascript/jquery-1.4.2.min.js HTTP/1.1" 304 -
116.238.194.18 - - [26/Aug/2021:10:44:04 +0800] "GET /xingrg/javascript/jquery_easy_ui/jquery.easyui.min.js HTTP/1.1" 304 -
116.238.194.18 - - [26/Aug/2021:10:44:04 +0800] "GET /xingrg/javascript/jquery_easy_ui/easyui-lang-zh_CN.js HTTP/1.1" 304 -
116.238.194.18 - - [26/Aug/2021:10:44:04 +0800] "GET /xingrg/javascript/jquery.form.js HTTP/1.1" 304 -
116.238.194.18 - - [26/Aug/2021:10:44:04 +0800] "GET /xingrg/javascript/jquery.utils.js HTTP/1.1" 304 -
116.238.194.18 - - [26/Aug/2021:10:44:04 +0800] "GET /xingrg/javascript/jquery.timers.js HTTP/1.1" 304 -
116.238.194.18 - - [26/Aug/2021:10:44:04 +0800] "GET /xingrg/images/blue/jxLogo.png HTTP/1.1" 304 -
116.238.194.18 - - [26/Aug/2021:10:44:04 +0800] "GET /xingrg/images/blue/navBackgound.jpg HTTP/1.1" 304 -
116.238.194.18 - - [26/Aug/2021:10:44:04 +0800] "GET /xingrg/javascript/jquery_easy_ui/themes/icons/settle_new.png HTTP/1.1" 304 -
116.238.194.18 - - [26/Aug/2021:10:44:04 +0800] "POST /xingrg/all/common/load_tree.html?tree=area_rest_tree_json&manage=1 HTTP/1.1" 200 476
116.238.194.18 - - [26/Aug/2021:10:44:04 +0800] "GET /xingrg/images/blue/pingpu.png HTTP/1.1" 304 -
116.238.194.18 - - [26/Aug/2021:10:44:04 +0800] "GET /xingrg/javascript/jquery_easy_ui/themes/default/images/tabs_leftarrow.png HTTP/1.1" 304 -
116.238.194.18 - - [26/Aug/2021:10:44:04 +0800] "GET /xingrg/javascript/jquery_easy_ui/themes/default/images/tabs_rightarrow.png HTTP/1.1" 304 -
222.70.246.151 - - [26/Aug/2021:10:44:04 +0800] "GET /xingrg/all/function/internal_message.html?_=1629945843476&CODE_STATE=getMsg HTTP/1.1" 200 27
116.238.194.18 - - [26/Aug/2021:10:44:04 +0800] "GET /xingrg/javascript/jquery_easy_ui/themes/default/images/panel_tool_collapse.gif HTTP/1.1" 304 -
116.238.194.18 - - [26/Aug/2021:10:44:04 +0800] "GET /xingrg/all/function/internal_message.html?_=1629945839432&CODE_STATE=count HTTP/1.1" 200 11
116.238.194.18 - - [26/Aug/2021:10:44:04 +0800] "GET /xingrg/check_reg.html?_=1629945839433 HTTP/1.1" 200 22
116.238.194.18 - - [26/Aug/2021:10:44:04 +0800] "POST /xingrg/load_menu.html HTTP/1.1" 200 5138
222.70.179.113 - - [26/Aug/2021:10:44:04 +0800] "POST /xingrg/kc/buy/cgsh_order_operate.html HTTP/1.1" 200 8245
222.70.179.113 - - [26/Aug/2021:10:44:04 +0800] "GET /xingrg/javascript/easyui/themes/default/validatebox.css HTTP/1.1" 404 1104
120.253.135.82 - - [26/Aug/2021:10:44:04 +0800] "POST /xingrg/kc/pszx/mdps_order_operate.html HTTP/1.1" 200 1001
120.253.135.82 - - [26/Aug/2021:10:44:04 +0800] "GET /xingrg/javascript/easyui/themes/default/validatebox.css HTTP/1.1" 404 1104
101.85.93.96 - - [26/Aug/2021:10:44:04 +0800] "POST /xingrg/kc/mdqp/pssh_list_operate.html HTTP/1.1" 200 5412
120.253.135.82 - - [26/Aug/2021:10:44:04 +0800] "GET /xingrg/all/function/internal_message.html?_=1629945624151&CODE_STATE=getMsg HTTP/1.1" 200 27
116.238.194.18 - - [26/Aug/2021:10:44:05 +0800] "POST /xingrg/services/DataTransmitService HTTP/1.1" 200 524
120.253.135.82 - - [26/Aug/2021:10:44:05 +0800] "POST /xingrg/kc/pszx/mdps_list_operate.html HTTP/1.1" 200 2408
222.70.246.151 - - [26/Aug/2021:10:44:05 +0800] "GET /xingrg/kc/buy/cgsh_order_operate.html?command=get_materiel&rest_code=00146&code=00101008357&supplier_code=00100005&order_time=2021-08-26 HTTP/1.1" 200 408
116.238.194.18 - - [26/Aug/2021:10:44:06 +0800] "POST /xingrg/services/DataTransmitService HTTP/1.1" 200 412
114.86.229.34 - - [26/Aug/2021:10:44:07 +0800] "GET /xingrg/all/function/internal_message.html?_=1629945851808&CODE_STATE=getMsg HTTP/1.1" 200 27
114.86.229.34 - - [26/Aug/2021:10:44:07 +0800] "GET /xingrg/check_reg.html?_=1629945851812 HTTP/1.1" 200 22
101.85.93.96 - - [26/Aug/2021:10:44:08 +0800] "POST /xingrg/kc/mdqp/pssh_list_operate.html HTTP/1.1" 200 359
101.85.93.96 - - [26/Aug/2021:10:44:08 +0800] "GET /xingrg/kc/mdqp/pssh_order_info.html?code=312021082600674 HTTP/1.1" 200 17277
116.230.105.26 - - [26/Aug/2021:10:44:08 +0800] "GET /xingrg/all/function/internal_message.html?_=1629945819408&CODE_STATE=getMsg HTTP/1.1" 200 27
180.174.198.13 - - [26/Aug/2021:10:44:08 +0800] "GET /xingrg/kc/base/wldb_order_operate.html?command=get_materiel&rest_code=00102&base_code=0010477&code=00102002314 HTTP/1.1" 200 447
101.85.93.96 - - [26/Aug/2021:10:44:08 +0800] "GET /xingrg/words/20210826102034_words.js HTTP/1.1" 200 837282
101.85.93.96 - - [26/Aug/2021:10:44:08 +0800] "GET /xingrg/javascript/jquery_tools/jquery-1.4.2.min.js HTTP/1.1" 404 1094
101.85.93.96 - - [26/Aug/2021:10:44:09 +0800] "GET /xingrg/javascript/easyui/themes/icons/back_new.png HTTP/1.1" 200 3414
58.221.95.50 - - [26/Aug/2021:10:44:09 +0800] "GET /xingrg/all/function/internal_message.html?_=1629945852995&CODE_STATE=getMsg HTTP/1.1" 200 27
101.85.93.96 - - [26/Aug/2021:10:44:09 +0800] "POST /xingrg/kc/mdqp/pssh_order_operate.html HTTP/1.1" 200 1077
101.85.93.96 - - [26/Aug/2021:10:44:09 +0800] "GET /xingrg/all/common/auto_word.html?type=base&rest_code=00142&rest_code=00142 HTTP/1.1" 200 719
101.85.93.96 - - [26/Aug/2021:10:44:09 +0800] "GET /xingrg/all/common/auto_word.html?type=employee&rest_code=00142 HTTP/1.1" 200 105
101.85.93.96 - - [26/Aug/2021:10:44:09 +0800] "GET /xingrg/javascript/easyui/themes/default/validatebox.css HTTP/1.1" 404 1104
120.253.135.82 - - [26/Aug/2021:10:44:10 +0800] "POST /xingrg/kc/pszx/mdps_list_operate.html HTTP/1.1" 200 205
120.253.135.82 - - [26/Aug/2021:10:44:11 +0800] "GET /xingrg/kc/pszx/mdps_order_info.html?code=312021082500650 HTTP/1.1" 200 23925
120.253.135.82 - - [26/Aug/2021:10:44:11 +0800] "GET /xingrg/javascript/easyui/themes/default/validatebox.css HTTP/1.1" 404 1104
120.253.135.82 - - [26/Aug/2021:10:44:11 +0800] "POST /xingrg/kc/pszx/mdps_order_operate.html HTTP/1.1" 200 2288
222.70.179.113 - - [26/Aug/2021:10:44:12 +0800] "GET /xingrg/kc/buy/cgsh_order_operate.html?command=get_materiel&rest_code=00111&code=00101001019&supplier_code=00100318&order_time=2021-08-26 HTTP/1.1" 200 413
120.253.135.82 - - [26/Aug/2021:10:44:13 +0800] "GET /xingrg/check_reg.html?_=1629945868451 HTTP/1.1" 302 -
222.70.246.151 - - [26/Aug/2021:10:44:13 +0800] "GET /xingrg/kc/buy/cgsh_order_operate.html?command=get_materiel&rest_code=00146&code=00101008069&supplier_code=00100005&order_time=2021-08-26 HTTP/1.1" 200 412
120.253.135.82 - - [26/Aug/2021:10:44:15 +0800] "POST /xingrg/kc/pszx/mdps_order_operate.html HTTP/1.1" 200 37
120.253.135.82 - - [26/Aug/2021:10:44:16 +0800] "POST /xingrg/kc/pszx/mdps_order_operate.html HTTP/1.1" 200 12
101.85.93.96 - - [26/Aug/2021:10:44:16 +0800] "POST /xingrg/kc/mdqp/pssh_list_operate.html HTTP/1.1" 200 797
101.85.93.96 - - [26/Aug/2021:10:44:17 +0800] "GET /xingrg/kc/mdqp/pssh_order_info.html?code=312021082600673 HTTP/1.1" 200 17279
101.85.93.96 - - [26/Aug/2021:10:44:17 +0800] "GET /xingrg/javascript/jquery_tools/jquery-1.4.2.min.js HTTP/1.1" 404 1094
101.85.93.96 - - [26/Aug/2021:10:44:17 +0800] "POST /xingrg/kc/mdqp/pssh_order_operate.html HTTP/1.1" 200 6389
101.85.93.96 - - [26/Aug/2021:10:44:17 +0800] "GET /xingrg/javascript/easyui/themes/default/validatebox.css HTTP/1.1" 404 1104
116.238.194.18 - - [26/Aug/2021:10:44:18 +0800] "POST /xingrg/services/DataTransmitService HTTP/1.1" 200 524
180.169.147.146 - - [26/Aug/2021:10:44:18 +0800] "GET /xingrg/all/function/internal_message.html?_=1629945862813&CODE_STATE=getMsg HTTP/1.1" 200 27
116.238.194.18 - - [26/Aug/2021:10:44:19 +0800] "POST /xingrg/services/DataTransmitService HTTP/1.1" 200 412
116.237.74.154 - - [26/Aug/2021:10:44:19 +0800] "GET /xingrg/kc/buy/cgsh_order_operate.html?command=get_materiel&rest_code=00106&code=00101010041&supplier_code=00100007&order_time=2021-08-26 HTTP/1.1" 200 412
180.169.147.146 - - [26/Aug/2021:10:44:20 +0800] "GET /xingrg/all/function/internal_message.html?_=1629945868718&CODE_STATE=getMsg HTTP/1.1" 302 -
116.238.194.18 - - [26/Aug/2021:10:44:21 +0800] "GET /xingrg/kc/buy/cgsh_order_list.html HTTP/1.1" 200 47638
116.238.194.18 - - [26/Aug/2021:10:44:21 +0800] "POST /xingrg/kc/buy/cgsh_list_operate.html HTTP/1.1" 200 876
172.20.0.100 - - [26/Aug/2021:10:44:23 +0800] "GET /xingrg/check_reg.html?_=1629945866519 HTTP/1.1" 200 22
58.40.7.146 - - [26/Aug/2021:10:44:24 +0800] "GET /xingrg/all/function/internal_message.html?_=1629945868350&CODE_STATE=getMsg HTTP/1.1" 200 27
172.20.0.100 - - [26/Aug/2021:10:44:25 +0800] "GET /xingrg/all/function/internal_message.html?_=1629945868874&CODE_STATE=getMsg HTTP/1.1" 200 27
222.70.246.151 - - [26/Aug/2021:10:44:28 +0800] "POST /xingrg/kc/buy/cgsh_order_operate.html HTTP/1.1" 200 2065
222.70.179.113 - - [26/Aug/2021:10:44:29 +0800] "POST /xingrg/kc/buy/cgsh_order_operate.html HTTP/1.1" 200 37
222.70.179.113 - - [26/Aug/2021:10:44:31 +0800] "POST /xingrg/kc/buy/cgsh_order_operate.html HTTP/1.1" 200 2662
120.253.135.82 - - [26/Aug/2021:10:44:32 +0800] "GET /xingrg/kc/pszx/mdps_order_info.html?code=312021082500650 HTTP/1.1" 200 19585
120.253.135.82 - - [26/Aug/2021:10:44:32 +0800] "GET /xingrg/javascript/easyui/themes/default/validatebox.css HTTP/1.1" 404 1104
120.253.135.82 - - [26/Aug/2021:10:44:32 +0800] "POST /xingrg/kc/pszx/mdps_order_operate.html HTTP/1.1" 200 509
222.70.179.113 - - [26/Aug/2021:10:44:33 +0800] "GET /xingrg/kc/print/load_data.html?order_code=212021082611844&kc_code=cgsh&condition= HTTP/1.1" 200 682
180.174.198.13 - - [26/Aug/2021:10:44:34 +0800] "GET /xingrg/check_reg.html?_=1629945859933 HTTP/1.1" 200 22
120.253.135.82 - - [26/Aug/2021:10:44:34 +0800] "POST /xingrg/kc/pszx/mdps_list_operate.html HTTP/1.1" 200 2046
101.83.145.79 - - [26/Aug/2021:10:44:35 +0800] "GET /xingrg/all/function/internal_message.html?_=1629945879959&CODE_STATE=getMsg HTTP/1.1" 200 27
120.253.135.82 - - [26/Aug/2021:10:44:36 +0800] "POST /xingrg/kc/pszx/mdps_list_operate.html HTTP/1.1" 200 621
222.70.246.151 - - [26/Aug/2021:10:44:37 +0800] "GET /xingrg/kc/buy/cgsh_order_operate.html?command=get_materiel&rest_code=00146&code=00101008036&supplier_code=00100005&order_time=2021-08-26 HTTP/1.1" 200 408
120.253.135.82 - - [26/Aug/2021:10:44:37 +0800] "GET /xingrg/kc/pszx/mdps_order_info.html?code=312021082500651 HTTP/1.1" 200 23925
120.253.135.82 - - [26/Aug/2021:10:44:37 +0800] "GET /xingrg/javascript/easyui/themes/default/validatebox.css HTTP/1.1" 404 1104
120.253.135.82 - - [26/Aug/2021:10:44:37 +0800] "POST /xingrg/kc/pszx/mdps_order_operate.html HTTP/1.1" 200 5864
222.70.179.113 - - [26/Aug/2021:10:44:37 +0800] "GET /xingrg/kc/buy/cgsh_order_add.html HTTP/1.1" 200 63370
222.70.179.113 - - [26/Aug/2021:10:44:38 +0800] "POST /xingrg/kc/buy/cgsh_order_operate.html HTTP/1.1" 200 8245
222.70.179.113 - - [26/Aug/2021:10:44:38 +0800] "GET /xingrg/javascript/easyui/themes/default/validatebox.css HTTP/1.1" 404 1104
172.20.0.100 - - [26/Aug/2021:10:44:38 +0800] "POST /xingrg/dwr/call/plaincall/AjaxReportQueryService.getFixDate.dwr HTTP/1.1" 200 111
172.20.0.100 - - [26/Aug/2021:10:44:39 +0800] "POST /xingrg/dwr/call/plaincall/AjaxReportQueryService.refreshCache.dwr HTTP/1.1" 200 78
116.237.74.154 - - [26/Aug/2021:10:44:40 +0800] "GET /xingrg/kc/buy/cgsh_order_operate.html?command=get_materiel&rest_code=00106&code=00101008209&supplier_code=00100007&order_time=2021-08-26 HTTP/1.1" 200 409
222.69.131.158 - - [26/Aug/2021:10:44:40 +0800] "GET /xingrg/all/function/internal_message.html?_=1629945883560&CODE_STATE=getMsg HTTP/1.1" 200 27
222.69.131.158 - - [26/Aug/2021:10:44:40 +0800] "GET /xingrg/check_reg.html?_=1629945883563 HTTP/1.1" 200 22
101.85.93.96 - - [26/Aug/2021:10:44:40 +0800] "POST /xingrg/kc/mdqp/pssh_list_operate.html HTTP/1.1" 200 1900
180.174.198.13 - - [26/Aug/2021:10:44:42 +0800] "GET /xingrg/all/function/internal_message.html?_=1629945885469&CODE_STATE=getMsg HTTP/1.1" 200 27
172.20.0.100 - - [26/Aug/2021:10:44:43 +0800] "POST /xingrg/all/report/load_report_page.html HTTP/1.1" 200 128366
172.20.0.100 - - [26/Aug/2021:10:44:43 +0800] "GET /xingrg/servlets/image?cache=0.35573642916482084&image=px HTTP/1.1" 200 807
101.85.93.96 - - [26/Aug/2021:10:44:44 +0800] "GET /xingrg/javascript/jquery_tools/images/next.gif HTTP/1.1" 404 1086
101.85.93.96 - - [26/Aug/2021:10:44:44 +0800] "GET /xingrg/javascript/jquery_tools/images/prev.gif HTTP/1.1" 404 1086
222.70.179.113 - - [26/Aug/2021:10:44:45 +0800] "GET /xingrg/all/function/internal_message.html?_=1629945886804&CODE_STATE=getMsg HTTP/1.1" 200 27
116.237.74.154 - - [26/Aug/2021:10:44:46 +0800] "GET /xingrg/all/function/internal_message.html?_=1629945887486&CODE_STATE=getMsg HTTP/1.1" 200 27
172.20.0.100 - - [26/Aug/2021:10:44:48 +0800] "POST /xingrg/all/report/report_print.html HTTP/1.1" 302 -
172.20.0.100 - - [26/Aug/2021:10:44:48 +0800] "GET /xingrg/servlets/image?image=px HTTP/1.1" 200 807
172.20.0.100 - - [26/Aug/2021:10:44:48 +0800] "GET /xingrg/servlets/html?sysBaseUrl=http%3A%2F%2F172.20.0.8%3A18081%2Fxingrg%2F&costTime=2135×tamp=1629945888277 HTTP/1.1" 200 124130
172.20.0.100 - - [26/Aug/2021:10:44:48 +0800] "GET /favicon.ico HTTP/1.1" 404 -
222.70.246.151 - - [26/Aug/2021:10:44:48 +0800] "GET /xingrg/kc/buy/cgsh_order_operate.html?command=get_materiel&rest_code=00146&code=00101008131&supplier_code=00100005&order_time=2021-08-26 HTTP/1.1" 200 408
120.253.135.82 - - [26/Aug/2021:10:44:50 +0800] "POST /xingrg/kc/pszx/mdps_order_operate.html HTTP/1.1" 200 37
222.70.179.113 - - [26/Aug/2021:10:44:51 +0800] "GET /xingrg/kc/buy/cgsh_order_operate.html?command=get_materiel&rest_code=00111&code=00101001029&supplier_code=00100314&order_time=2021-08-26 HTTP/1.1" 200 415
116.237.74.154 - - [26/Aug/2021:10:44:52 +0800] "GET /xingrg/kc/buy/cgsh_order_operate.html?command=get_materiel&rest_code=00106&code=00101008300&supplier_code=00100007&order_time=2021-08-26 HTTP/1.1" 200 412
120.253.135.82 - - [26/Aug/2021:10:44:52 +0800] "POST /xingrg/kc/pszx/mdps_order_operate.html HTTP/1.1" 200 12
180.169.147.146 - - [26/Aug/2021:10:44:55 +0800] "GET /xingrg/all/function/internal_message.html?_=1629946040441&CODE_STATE=getMsg HTTP/1.1" 200 27
116.238.194.18 - - [26/Aug/2021:10:44:55 +0800] "GET /xingrg/check_reg.html?_=1629945898278 HTTP/1.1" 302 -
101.85.93.96 - - [26/Aug/2021:10:44:57 +0800] "GET /xingrg/all/function/internal_message.html?_=1629945847551&CODE_STATE=getMsg HTTP/1.1" 200 27
116.238.194.18 - - [26/Aug/2021:10:45:00 +0800] "GET /xingrg/kc/buy/cgsh_order_add.html HTTP/1.1" 200 63306
116.238.194.18 - - [26/Aug/2021:10:45:01 +0800] "POST /xingrg/kc/buy/cgsh_order_operate.html HTTP/1.1" 200 8245
116.238.194.18 - - [26/Aug/2021:10:45:01 +0800] "GET /xingrg/javascript/easyui/themes/default/validatebox.css HTTP/1.1" 404 1104
222.70.246.151 - - [26/Aug/2021:10:45:02 +0800] "GET /xingrg/check_reg.html?_=1629945902120 HTTP/1.1" 200 22
222.70.179.113 - - [26/Aug/2021:10:45:03 +0800] "POST /xingrg/kc/buy/cgsh_order_operate.html HTTP/1.1" 200 37
116.238.194.18 - - [26/Aug/2021:10:45:03 +0800] "GET /xingrg/javascript/auto/indicator.gif HTTP/1.1" 404 1066
180.174.198.13 - - [26/Aug/2021:10:45:03 +0800] "GET /xingrg/all/function/internal_message.html?_=1629945889863&CODE_STATE=getMsg HTTP/1.1" 200 27
222.70.246.151 - - [26/Aug/2021:10:45:04 +0800] "GET /xingrg/all/function/internal_message.html?_=1629945903490&CODE_STATE=getMsg HTTP/1.1" 200 27
116.238.194.18 - - [26/Aug/2021:10:45:04 +0800] "GET /xingrg/all/function/internal_message.html?_=1629945899434&CODE_STATE=getMsg HTTP/1.1" 200 27
222.70.179.113 - - [26/Aug/2021:10:45:05 +0800] "POST /xingrg/kc/buy/cgsh_order_operate.html HTTP/1.1" 200 2662
172.20.0.100 - - [26/Aug/2021:10:45:05 +0800] "GET /xingrg/kc/base/base_main.html HTTP/1.1" 200 12132
222.70.179.113 - - [26/Aug/2021:10:45:06 +0800] "GET /xingrg/kc/print/load_data.html?order_code=212021082611845&kc_code=cgsh&condition= HTTP/1.1" 200 673
222.70.246.151 - - [26/Aug/2021:10:45:06 +0800] "GET /xingrg/kc/buy/cgsh_order_operate.html?command=get_materiel&rest_code=00146&code=00101008318&supplier_code=00100005&order_time=2021-08-26 HTTP/1.1" 200 408
114.86.229.34 - - [26/Aug/2021:10:45:07 +0800] "GET /xingrg/all/function/internal_message.html?_=1629945911811&CODE_STATE=getMsg HTTP/1.1" 200 27
116.230.105.26 - - [26/Aug/2021:10:45:08 +0800] "GET /xingrg/check_reg.html?_=1629945879409 HTTP/1.1" 200 22
