222.70.179.113 - - [26/Aug/2021:09:03:29 +0800] "GET /xingrg/kc/buy/cgsh_order_operate.html?command=get_materiel&rest_code=00111&code=00101007077&supplier_code=00100004&order_time=2021-08-26 HTTP/1.1" 200 415
101.83.145.79 - - [26/Aug/2021:09:03:38 +0800] "GET /xingrg/kc/buy/cgsh_order_operate.html?command=get_materiel&rest_code=00105&code=00101008350&supplier_code=00100203&order_time=2021-08-26 HTTP/1.1" 200 408
222.69.131.158 - - [26/Aug/2021:09:03:40 +0800] "GET /xingrg/all/function/internal_message.html?_=1629939823215&CODE_STATE=getMsg HTTP/1.1" 200 27
222.70.179.113 - - [26/Aug/2021:09:03:47 +0800] "GET /xingrg/all/function/internal_message.html?_=1629939828545&CODE_STATE=getMsg HTTP/1.1" 200 27
101.83.145.79 - - [26/Aug/2021:09:03:47 +0800] "GET /xingrg/kc/buy/cgsh_order_operate.html?command=get_materiel&rest_code=00105&code=00101008112&supplier_code=00100203&order_time=2021-08-26 HTTP/1.1" 200 412
101.83.145.79 - - [26/Aug/2021:09:03:56 +0800] "GET /xingrg/kc/buy/cgsh_order_operate.html?command=get_materiel&rest_code=00105&code=00101008096&supplier_code=00100203&order_time=2021-08-26 HTTP/1.1" 200 412
116.238.194.18 - - [26/Aug/2021:09:03:58 +0800] "GET /xingrg/all/function/internal_message.html?_=1629939833944&CODE_STATE=getMsg HTTP/1.1" 200 27
222.70.246.151 - - [26/Aug/2021:09:04:02 +0800] "GET /xingrg/all/function/internal_message.html?_=1629939841978&CODE_STATE=getMsg HTTP/1.1" 200 27
114.86.229.34 - - [26/Aug/2021:09:04:07 +0800] "GET /xingrg/all/function/internal_message.html?_=1629939851048&CODE_STATE=getMsg HTTP/1.1" 200 27
114.86.229.34 - - [26/Aug/2021:09:04:07 +0800] "GET /xingrg/check_reg.html?_=1629939851050 HTTP/1.1" 200 22
101.83.145.79 - - [26/Aug/2021:09:04:13 +0800] "GET /xingrg/all/function/internal_message.html?_=1629939857369&CODE_STATE=getMsg HTTP/1.1" 200 27
120.253.135.82 - - [26/Aug/2021:09:04:13 +0800] "GET /xingrg/check_reg.html?_=1629939868276 HTTP/1.1" 302 -
101.83.145.79 - - [26/Aug/2021:09:04:25 +0800] "GET /xingrg/kc/buy/cgsh_order_operate.html?command=get_materiel&rest_code=00105&code=00101008439&supplier_code=00100203&order_time=2021-08-26 HTTP/1.1" 200 399
222.70.179.113 - - [26/Aug/2021:09:04:34 +0800] "GET /xingrg/kc/buy/cgsh_order_operate.html?command=get_materiel&rest_code=00111&code=00101007061&supplier_code=00100004&order_time=2021-08-26 HTTP/1.1" 200 409
222.69.131.158 - - [26/Aug/2021:09:04:40 +0800] "GET /xingrg/all/function/internal_message.html?_=1629939883224&CODE_STATE=getMsg HTTP/1.1" 200 27
222.69.131.158 - - [26/Aug/2021:09:04:40 +0800] "GET /xingrg/check_reg.html?_=1629939883227 HTTP/1.1" 200 22
101.83.145.79 - - [26/Aug/2021:09:04:40 +0800] "GET /xingrg/kc/buy/cgsh_order_operate.html?command=get_materiel&rest_code=00105&code=00101008223&supplier_code=00100203&order_time=2021-08-26 HTTP/1.1" 200 412
222.70.179.113 - - [26/Aug/2021:09:04:46 +0800] "GET /xingrg/kc/buy/cgsh_order_operate.html?command=get_materiel&rest_code=00111&code=00101007076&supplier_code=00100004&order_time=2021-08-26 HTTP/1.1" 200 410
222.70.179.113 - - [26/Aug/2021:09:04:47 +0800] "GET /xingrg/all/function/internal_message.html?_=1629939888518&CODE_STATE=getMsg HTTP/1.1" 200 27
222.69.131.158 - - [26/Aug/2021:09:04:54 +0800] "POST /xingrg/kc/buy/cgsh_order_operate.html HTTP/1.1" 200 37
222.69.131.158 - - [26/Aug/2021:09:04:56 +0800] "POST /xingrg/kc/buy/cgsh_order_operate.html HTTP/1.1" 200 14479
116.238.194.18 - - [26/Aug/2021:09:04:58 +0800] "GET /xingrg/check_reg.html?_=1629939893801 HTTP/1.1" 200 22
116.238.194.18 - - [26/Aug/2021:09:04:58 +0800] "GET /xingrg/all/function/internal_message.html?_=1629939893957&CODE_STATE=getMsg HTTP/1.1" 200 27
101.83.145.79 - - [26/Aug/2021:09:05:00 +0800] "POST /xingrg/kc/buy/cgsh_order_operate.html HTTP/1.1" 200 2065
101.83.145.79 - - [26/Aug/2021:09:05:02 +0800] "POST /xingrg/kc/buy/cgsh_order_operate.html HTTP/1.1" 200 2065
222.70.246.151 - - [26/Aug/2021:09:05:02 +0800] "GET /xingrg/check_reg.html?_=1629939901880 HTTP/1.1" 200 22
222.70.246.151 - - [26/Aug/2021:09:05:02 +0800] "GET /xingrg/all/function/internal_message.html?_=1629939901991&CODE_STATE=getMsg HTTP/1.1" 200 27
114.86.229.34 - - [26/Aug/2021:09:05:07 +0800] "GET /xingrg/all/function/internal_message.html?_=1629939911053&CODE_STATE=getMsg HTTP/1.1" 200 27
101.83.145.79 - - [26/Aug/2021:09:05:11 +0800] "GET /xingrg/kc/buy/cgsh_order_operate.html?command=get_materiel&rest_code=00105&code=00101008353&supplier_code=00100203&order_time=2021-08-26 HTTP/1.1" 200 408
101.83.145.79 - - [26/Aug/2021:09:05:13 +0800] "GET /xingrg/all/function/internal_message.html?_=1629939917257&CODE_STATE=getMsg HTTP/1.1" 200 27
222.70.179.113 - - [26/Aug/2021:09:05:27 +0800] "GET /xingrg/check_reg.html?_=1629939928509 HTTP/1.1" 200 22
101.83.145.79 - - [26/Aug/2021:09:05:31 +0800] "GET /xingrg/kc/buy/cgsh_order_operate.html?command=get_materiel&rest_code=00105&code=00101008125&supplier_code=00100203&order_time=2021-08-26 HTTP/1.1" 200 413
222.69.131.158 - - [26/Aug/2021:09:05:40 +0800] "GET /xingrg/all/function/internal_message.html?_=1629939943213&CODE_STATE=getMsg HTTP/1.1" 200 27
222.70.179.113 - - [26/Aug/2021:09:05:47 +0800] "GET /xingrg/all/function/internal_message.html?_=1629939948502&CODE_STATE=getMsg HTTP/1.1" 200 27
116.238.194.18 - - [26/Aug/2021:09:05:58 +0800] "GET /xingrg/all/function/internal_message.html?_=1629939953970&CODE_STATE=getMsg HTTP/1.1" 200 27
222.70.246.151 - - [26/Aug/2021:09:06:02 +0800] "GET /xingrg/all/function/internal_message.html?_=1629939962004&CODE_STATE=getMsg HTTP/1.1" 200 27
114.86.229.34 - - [26/Aug/2021:09:06:07 +0800] "GET /xingrg/all/function/internal_message.html?_=1629939971044&CODE_STATE=getMsg HTTP/1.1" 200 27
101.83.145.79 - - [26/Aug/2021:09:06:11 +0800] "GET /xingrg/kc/buy/cgsh_order_operate.html?command=get_materiel&rest_code=00105&code=00101020152&supplier_code=00100203&order_time=2021-08-26 HTTP/1.1" 200 416
101.83.145.79 - - [26/Aug/2021:09:06:13 +0800] "GET /xingrg/all/function/internal_message.html?_=1629939977267&CODE_STATE=getMsg HTTP/1.1" 200 27
222.70.179.113 - - [26/Aug/2021:09:06:19 +0800] "POST /xingrg/kc/buy/cgsh_order_operate.html HTTP/1.1" 200 37
222.70.179.113 - - [26/Aug/2021:09:06:21 +0800] "POST /xingrg/kc/buy/cgsh_order_operate.html HTTP/1.1" 200 5020
101.83.145.79 - - [26/Aug/2021:09:06:21 +0800] "GET /xingrg/kc/buy/cgsh_order_operate.html?command=get_materiel&rest_code=00105&code=00101008168&supplier_code=00100203&order_time=2021-08-26 HTTP/1.1" 200 412
222.70.179.113 - - [26/Aug/2021:09:06:23 +0800] "GET /xingrg/kc/print/load_data.html?order_code=212021082611752&kc_code=cgsh&condition= HTTP/1.1" 200 1625
101.83.145.79 - - [26/Aug/2021:09:06:30 +0800] "GET /xingrg/kc/buy/cgsh_order_operate.html?command=get_materiel&rest_code=00105&code=00101015038&supplier_code=00100203&order_time=2021-08-26 HTTP/1.1" 200 418
222.69.131.158 - - [26/Aug/2021:09:06:40 +0800] "GET /xingrg/all/function/internal_message.html?_=1629940003222&CODE_STATE=getMsg HTTP/1.1" 200 27
101.83.145.79 - - [26/Aug/2021:09:06:46 +0800] "GET /xingrg/kc/buy/cgsh_order_operate.html?command=get_materiel&rest_code=00105&code=00101015046&supplier_code=00100203&order_time=2021-08-26 HTTP/1.1" 200 412
222.70.179.113 - - [26/Aug/2021:09:06:47 +0800] "GET /xingrg/all/function/internal_message.html?_=1629940008484&CODE_STATE=getMsg HTTP/1.1" 200 27
101.83.145.79 - - [26/Aug/2021:09:06:57 +0800] "GET /xingrg/kc/buy/cgsh_order_operate.html?command=get_materiel&rest_code=00105&code=00101015027&supplier_code=00100203&order_time=2021-08-26 HTTP/1.1" 200 417
116.238.194.18 - - [26/Aug/2021:09:06:58 +0800] "GET /xingrg/all/function/internal_message.html?_=1629940013984&CODE_STATE=getMsg HTTP/1.1" 200 27
58.35.199.85 - - [26/Aug/2021:09:07:01 +0800] "POST /xingrg/services/DataTransmitService HTTP/1.1" 200 524
58.35.199.85 - - [26/Aug/2021:09:07:01 +0800] "POST /xingrg/services/DataTransmitService HTTP/1.1" 200 501
58.35.199.85 - - [26/Aug/2021:09:07:01 +0800] "POST /xingrg/services/DataTransmitService HTTP/1.1" 200 501
58.35.199.85 - - [26/Aug/2021:09:07:02 +0800] "POST /xingrg/services/DataTransmitService HTTP/1.1" 200 501
58.35.199.85 - - [26/Aug/2021:09:07:02 +0800] "POST /xingrg/services/DataTransmitService HTTP/1.1" 200 501
58.35.199.85 - - [26/Aug/2021:09:07:02 +0800] "POST /xingrg/services/DataTransmitService HTTP/1.1" 200 501
58.35.199.85 - - [26/Aug/2021:09:07:02 +0800] "POST /xingrg/services/DataTransmitService HTTP/1.1" 200 501
222.70.246.151 - - [26/Aug/2021:09:07:02 +0800] "GET /xingrg/all/function/internal_message.html?_=1629940022019&CODE_STATE=getMsg HTTP/1.1" 200 27
58.35.199.85 - - [26/Aug/2021:09:07:03 +0800] "POST /xingrg/services/DataTransmitService HTTP/1.1" 200 501
58.35.199.85 - - [26/Aug/2021:09:07:03 +0800] "POST /xingrg/services/DataTransmitService HTTP/1.1" 200 501
58.35.199.85 - - [26/Aug/2021:09:07:03 +0800] "POST /xingrg/services/DataTransmitService HTTP/1.1" 200 501
58.35.199.85 - - [26/Aug/2021:09:07:03 +0800] "POST /xingrg/services/DataTransmitService HTTP/1.1" 200 412
101.83.145.79 - - [26/Aug/2021:09:07:05 +0800] "GET /xingrg/kc/buy/cgsh_order_operate.html?command=get_materiel&rest_code=00105&code=00101008236&supplier_code=00100203&order_time=2021-08-26 HTTP/1.1" 200 416
114.86.229.34 - - [26/Aug/2021:09:07:05 +0800] "GET /xingrg/kc/buy/cgsh_order_add.html HTTP/1.1" 200 63411
114.86.229.34 - - [26/Aug/2021:09:07:05 +0800] "POST /xingrg/kc/buy/cgsh_order_operate.html HTTP/1.1" 200 8245
114.86.229.34 - - [26/Aug/2021:09:07:05 +0800] "GET /xingrg/all/common/auto_word.html?type=employee&rest_code=00109 HTTP/1.1" 200 255
114.86.229.34 - - [26/Aug/2021:09:07:05 +0800] "GET /xingrg/all/common/auto_word.html?type=employee&rest_code=00109 HTTP/1.1" 200 255
114.86.229.34 - - [26/Aug/2021:09:07:05 +0800] "GET /xingrg/javascript/easyui/themes/default/validatebox.css HTTP/1.1" 404 1104
114.86.229.34 - - [26/Aug/2021:09:07:07 +0800] "GET /xingrg/all/function/internal_message.html?_=1629940031054&CODE_STATE=getMsg HTTP/1.1" 200 27
101.83.145.79 - - [26/Aug/2021:09:07:13 +0800] "GET /xingrg/all/function/internal_message.html?_=1629940037258&CODE_STATE=getMsg HTTP/1.1" 200 27
114.86.229.34 - - [26/Aug/2021:09:07:13 +0800] "GET /xingrg/kc/buy/cgsh_order_operate.html?command=get_materiel&rest_code=00109&code=00101001032&supplier_code=00100454&order_time=2021-08-26 HTTP/1.1" 200 415
101.83.145.79 - - [26/Aug/2021:09:07:16 +0800] "POST /xingrg/kc/buy/cgsh_order_operate.html HTTP/1.1" 200 2065
101.83.145.79 - - [26/Aug/2021:09:07:18 +0800] "POST /xingrg/kc/buy/cgsh_order_operate.html HTTP/1.1" 200 2065
114.86.229.34 - - [26/Aug/2021:09:07:23 +0800] "GET /xingrg/kc/buy/cgsh_order_operate.html?command=get_materiel&rest_code=00109&code=00101005037&supplier_code=00100454&order_time=2021-08-26 HTTP/1.1" 200 409
114.86.229.34 - - [26/Aug/2021:09:07:34 +0800] "POST /xingrg/kc/buy/cgsh_order_operate.html HTTP/1.1" 200 37
114.86.229.34 - - [26/Aug/2021:09:07:35 +0800] "POST /xingrg/kc/buy/cgsh_order_operate.html HTTP/1.1" 200 3245
114.86.229.34 - - [26/Aug/2021:09:07:36 +0800] "GET /xingrg/kc/print/load_config.html?kc_code=cgsh HTTP/1.1" 200 2076
114.86.229.34 - - [26/Aug/2021:09:07:36 +0800] "GET /xingrg/kc/print/load_data.html?order_code=212021082611753&kc_code=cgsh&condition= HTTP/1.1" 200 876
114.86.229.34 - - [26/Aug/2021:09:07:40 +0800] "GET /xingrg/kc/buy/cgsh_order_add.html HTTP/1.1" 200 63411
222.69.131.158 - - [26/Aug/2021:09:07:40 +0800] "GET /xingrg/all/function/internal_message.html?_=1629940063232&CODE_STATE=getMsg HTTP/1.1" 200 27
114.86.229.34 - - [26/Aug/2021:09:07:40 +0800] "POST /xingrg/kc/buy/cgsh_order_operate.html HTTP/1.1" 200 8245
114.86.229.34 - - [26/Aug/2021:09:07:40 +0800] "GET /xingrg/all/common/auto_word.html?type=employee&rest_code=00109 HTTP/1.1" 200 255
114.86.229.34 - - [26/Aug/2021:09:07:40 +0800] "GET /xingrg/all/common/auto_word.html?type=employee&rest_code=00109 HTTP/1.1" 200 255
114.86.229.34 - - [26/Aug/2021:09:07:40 +0800] "GET /xingrg/javascript/easyui/themes/default/validatebox.css HTTP/1.1" 404 1104
222.70.179.113 - - [26/Aug/2021:09:07:47 +0800] "GET /xingrg/all/function/internal_message.html?_=1629940068469&CODE_STATE=getMsg HTTP/1.1" 200 27
101.83.145.79 - - [26/Aug/2021:09:07:48 +0800] "GET /xingrg/kc/buy/cgsh_order_operate.html?command=get_materiel&rest_code=00105&code=00101008278&supplier_code=00100203&order_time=2021-08-26 HTTP/1.1" 200 412
114.86.229.34 - - [26/Aug/2021:09:07:50 +0800] "GET /xingrg/kc/buy/cgsh_order_operate.html?command=get_materiel&rest_code=00109&code=00101010136&supplier_code=00100035&order_time=2021-08-26 HTTP/1.1" 200 409
114.86.229.34 - - [26/Aug/2021:09:07:56 +0800] "GET /xingrg/kc/buy/cgsh_order_operate.html?command=get_materiel&rest_code=00109&code=00101012030&supplier_code=00100035&order_time=2021-08-26 HTTP/1.1" 200 416
116.238.194.18 - - [26/Aug/2021:09:07:58 +0800] "GET /xingrg/all/function/internal_message.html?_=1629940074027&CODE_STATE=getMsg HTTP/1.1" 200 27
222.70.246.151 - - [26/Aug/2021:09:08:02 +0800] "GET /xingrg/all/function/internal_message.html?_=1629940082032&CODE_STATE=getMsg HTTP/1.1" 200 27
114.86.229.34 - - [26/Aug/2021:09:08:04 +0800] "GET /xingrg/kc/buy/cgsh_order_operate.html?command=get_materiel&rest_code=00109&code=00101012061&supplier_code=00100035&order_time=2021-08-26 HTTP/1.1" 200 412
114.86.229.34 - - [26/Aug/2021:09:08:07 +0800] "GET /xingrg/all/function/internal_message.html?_=1629940091057&CODE_STATE=getMsg HTTP/1.1" 200 27
114.86.229.34 - - [26/Aug/2021:09:08:09 +0800] "GET /xingrg/kc/buy/cgsh_order_operate.html?command=get_materiel&rest_code=00109&code=00101012026&supplier_code=00100035&order_time=2021-08-26 HTTP/1.1" 200 408
101.83.145.79 - - [26/Aug/2021:09:08:13 +0800] "GET /xingrg/all/function/internal_message.html?_=1629940097294&CODE_STATE=getMsg HTTP/1.1" 200 27
101.83.145.79 - - [26/Aug/2021:09:08:13 +0800] "GET /xingrg/check_reg.html?_=1629940097297 HTTP/1.1" 200 22
114.86.229.34 - - [26/Aug/2021:09:08:20 +0800] "POST /xingrg/kc/buy/cgsh_order_operate.html HTTP/1.1" 200 37
114.86.229.34 - - [26/Aug/2021:09:08:22 +0800] "POST /xingrg/kc/buy/cgsh_order_operate.html HTTP/1.1" 200 4433
114.86.229.34 - - [26/Aug/2021:09:08:24 +0800] "GET /xingrg/kc/print/load_config.html?kc_code=cgsh HTTP/1.1" 200 2076
222.70.179.113 - - [26/Aug/2021:09:08:24 +0800] "GET /xingrg/kc/buy/cgsh_order_add.html HTTP/1.1" 200 63370
114.86.229.34 - - [26/Aug/2021:09:08:24 +0800] "GET /xingrg/kc/print/load_data.html?order_code=212021082611754&kc_code=cgsh&condition= HTTP/1.1" 200 1361
222.70.179.113 - - [26/Aug/2021:09:08:24 +0800] "POST /xingrg/kc/buy/cgsh_order_operate.html HTTP/1.1" 200 8245
222.70.179.113 - - [26/Aug/2021:09:08:24 +0800] "GET /xingrg/javascript/easyui/themes/default/validatebox.css HTTP/1.1" 404 1104
101.83.145.79 - - [26/Aug/2021:09:08:31 +0800] "GET /xingrg/kc/buy/cgsh_order_operate.html?command=get_materiel&rest_code=00105&code=00101008176&supplier_code=00100203&order_time=2021-08-26 HTTP/1.1" 200 412
222.69.131.158 - - [26/Aug/2021:09:08:40 +0800] "GET /xingrg/all/function/internal_message.html?_=1629940123216&CODE_STATE=getMsg HTTP/1.1" 200 27
101.83.145.79 - - [26/Aug/2021:09:08:41 +0800] "GET /xingrg/kc/buy/cgsh_order_operate.html?command=get_materiel&rest_code=00105&code=00101008248&supplier_code=00100203&order_time=2021-08-26 HTTP/1.1" 200 412
180.169.147.146 - - [26/Aug/2021:09:08:44 +0800] "GET /xingrg/login.html HTTP/1.1" 200 7641
222.70.179.113 - - [26/Aug/2021:09:08:46 +0800] "GET /xingrg/all/function/internal_message.html?_=1629940128444&CODE_STATE=getMsg HTTP/1.1" 200 27
180.169.147.146 - - [26/Aug/2021:09:08:47 +0800] "GET /xingrg/images/blue/login_bg.png HTTP/1.1" 304 -
101.83.145.79 - - [26/Aug/2021:09:08:47 +0800] "GET /xingrg/kc/buy/cgsh_order_operate.html?command=get_materiel&rest_code=00105&code=00101008261&supplier_code=00100203&order_time=2021-08-26 HTTP/1.1" 200 408
180.169.147.146 - - [26/Aug/2021:09:08:48 +0800] "GET /xingrg/images/blue/hj.png HTTP/1.1" 304 -
180.169.147.146 - - [26/Aug/2021:09:08:48 +0800] "GET /xingrg/images/blue/srbg.png HTTP/1.1" 304 -
180.169.147.146 - - [26/Aug/2021:09:08:49 +0800] "GET /favicon.ico HTTP/1.1" 404 -
180.169.147.146 - - [26/Aug/2021:09:08:53 +0800] "POST /xingrg/login.do HTTP/1.1" 302 -
180.169.147.146 - - [26/Aug/2021:09:08:53 +0800] "GET /xingrg/index.html?sysBaseUrl=http%3A%2F%2F180.169.147.146%3A18081%2Fxingrg%2F&costTime=47×tamp=1629940133603 HTTP/1.1" 200 17503
180.169.147.146 - - [26/Aug/2021:09:08:54 +0800] "GET /favicon.ico HTTP/1.1" 404 -
180.169.147.146 - - [26/Aug/2021:09:08:54 +0800] "POST /xingrg/all/common/load_tree.html?tree=area_rest_tree_json&manage=1 HTTP/1.1" 200 3472
180.169.147.146 - - [26/Aug/2021:09:08:54 +0800] "GET /xingrg/check_reg.html?_=1629940135824 HTTP/1.1" 200 22
180.169.147.146 - - [26/Aug/2021:09:08:54 +0800] "GET /xingrg/all/function/internal_message.html?_=1629940135823&CODE_STATE=count HTTP/1.1" 200 11
180.169.147.146 - - [26/Aug/2021:09:08:54 +0800] "POST /xingrg/load_menu.html HTTP/1.1" 200 11443
101.83.145.79 - - [26/Aug/2021:09:08:55 +0800] "GET /xingrg/kc/buy/cgsh_order_operate.html?command=get_materiel&rest_code=00105&code=00101008312&supplier_code=00100203&order_time=2021-08-26 HTTP/1.1" 200 412
180.169.147.146 - - [26/Aug/2021:09:08:55 +0800] "GET /xingrg/javascript/jquery_easy_ui/themes/icons/delivery_new.png HTTP/1.1" 304 -
116.238.194.18 - - [26/Aug/2021:09:08:58 +0800] "GET /xingrg/all/function/internal_message.html?_=1629940134027&CODE_STATE=getMsg HTTP/1.1" 200 27
180.169.147.146 - - [26/Aug/2021:09:08:59 +0800] "GET /xingrg/javascript/jquery_easy_ui/themes/icons/area.png HTTP/1.1" 304 -
180.169.147.146 - - [26/Aug/2021:09:08:59 +0800] "GET /xingrg/javascript/jquery_easy_ui/themes/icons/manage.png HTTP/1.1" 304 -
180.169.147.146 - - [26/Aug/2021:09:08:59 +0800] "GET /xingrg/javascript/jquery_easy_ui/themes/icons/rest.png HTTP/1.1" 304 -
180.169.147.146 - - [26/Aug/2021:09:08:59 +0800] "GET /xingrg/javascript/jquery_easy_ui/themes/default/images/button_a_bg.gif HTTP/1.1" 304 -
180.169.147.146 - - [26/Aug/2021:09:08:59 +0800] "GET /xingrg/javascript/jquery_easy_ui/themes/default/images/button_span_bg.gif HTTP/1.1" 304 -
180.169.147.146 - - [26/Aug/2021:09:08:59 +0800] "GET /xingrg/javascript/jquery_easy_ui/themes/icons/ok.png HTTP/1.1" 304 -
180.169.147.146 - - [26/Aug/2021:09:08:59 +0800] "GET /xingrg/javascript/jquery_easy_ui/themes/default/images/panel_tools.gif HTTP/1.1" 304 -
180.169.147.146 - - [26/Aug/2021:09:08:59 +0800] "GET /xingrg/javascript/jquery_easy_ui/themes/default/images/panel_title.png HTTP/1.1" 304 -
222.70.246.151 - - [26/Aug/2021:09:09:02 +0800] "GET /xingrg/all/function/internal_message.html?_=1629940142045&CODE_STATE=getMsg HTTP/1.1" 200 27
222.70.179.113 - - [26/Aug/2021:09:09:03 +0800] "GET /xingrg/kc/buy/cgsh_order_operate.html?command=get_materiel&rest_code=00111&code=00101008358&supplier_code=00100005&order_time=2021-08-26 HTTP/1.1" 200 412
180.169.147.146 - - [26/Aug/2021:09:09:04 +0800] "POST /xingrg/all/user/operate.html HTTP/1.1" 200 36
180.169.147.146 - - [26/Aug/2021:09:09:04 +0800] "GET /xingrg/index.html?sysBaseUrl=http%3A%2F%2F180.169.147.146%3A18081%2Fxingrg%2F&costTime=47×tamp=1629940133603 HTTP/1.1" 200 17509
180.169.147.146 - - [26/Aug/2021:09:09:04 +0800] "GET /xingrg/javascript/jquery_easy_ui/themes/default/easyui.css HTTP/1.1" 304 -
180.169.147.146 - - [26/Aug/2021:09:09:04 +0800] "GET /xingrg/javascript/jquery_easy_ui/themes/icon.css HTTP/1.1" 304 -
180.169.147.146 - - [26/Aug/2021:09:09:04 +0800] "GET /xingrg/css/form.css HTTP/1.1" 304 -
180.169.147.146 - - [26/Aug/2021:09:09:04 +0800] "GET /xingrg/javascript/jquery-1.4.2.min.js HTTP/1.1" 304 -
180.169.147.146 - - [26/Aug/2021:09:09:04 +0800] "GET /xingrg/javascript/jquery_easy_ui/jquery.easyui.min.js HTTP/1.1" 304 -
180.169.147.146 - - [26/Aug/2021:09:09:04 +0800] "GET /xingrg/javascript/jquery_easy_ui/easyui-lang-zh_CN.js HTTP/1.1" 304 -
180.169.147.146 - - [26/Aug/2021:09:09:04 +0800] "GET /xingrg/javascript/jquery.form.js HTTP/1.1" 304 -
180.169.147.146 - - [26/Aug/2021:09:09:04 +0800] "GET /xingrg/javascript/jquery.utils.js HTTP/1.1" 304 -
180.169.147.146 - - [26/Aug/2021:09:09:04 +0800] "GET /xingrg/javascript/jquery.timers.js HTTP/1.1" 304 -
180.169.147.146 - - [26/Aug/2021:09:09:04 +0800] "GET /xingrg/images/blue/jxLogo.png HTTP/1.1" 304 -
180.169.147.146 - - [26/Aug/2021:09:09:04 +0800] "GET /xingrg/javascript/jquery_easy_ui/themes/icons/settle_new.png HTTP/1.1" 304 -
180.169.147.146 - - [26/Aug/2021:09:09:04 +0800] "GET /xingrg/images/blue/navBackgound.jpg HTTP/1.1" 304 -
180.169.147.146 - - [26/Aug/2021:09:09:04 +0800] "POST /xingrg/all/common/load_tree.html?tree=area_rest_tree_json&manage=1 HTTP/1.1" 200 3472
180.169.147.146 - - [26/Aug/2021:09:09:04 +0800] "GET /xingrg/all/function/internal_message.html?_=1629940145900&CODE_STATE=count HTTP/1.1" 200 11
180.169.147.146 - - [26/Aug/2021:09:09:04 +0800] "GET /xingrg/javascript/jquery_easy_ui/themes/default/images/panel_tool_collapse.gif HTTP/1.1" 304 -
180.169.147.146 - - [26/Aug/2021:09:09:04 +0800] "GET /xingrg/javascript/jquery_easy_ui/themes/default/images/tabs_leftarrow.png HTTP/1.1" 304 -
180.169.147.146 - - [26/Aug/2021:09:09:04 +0800] "GET /xingrg/images/blue/pingpu.png HTTP/1.1" 304 -
180.169.147.146 - - [26/Aug/2021:09:09:04 +0800] "GET /xingrg/javascript/jquery_easy_ui/themes/default/images/panel_tool_expand.gif HTTP/1.1" 304 -
180.169.147.146 - - [26/Aug/2021:09:09:04 +0800] "GET /xingrg/check_reg.html?_=1629940145901 HTTP/1.1" 200 22
180.169.147.146 - - [26/Aug/2021:09:09:04 +0800] "POST /xingrg/load_menu.html HTTP/1.1" 200 9959
180.169.147.146 - - [26/Aug/2021:09:09:04 +0800] "GET /xingrg/javascript/jquery_easy_ui/themes/default/images/tabs_rightarrow.png HTTP/1.1" 304 -
180.169.147.146 - - [26/Aug/2021:09:09:04 +0800] "GET /xingrg/javascript/jquery_easy_ui/themes/default/images/tree_arrows.gif HTTP/1.1" 304 -
180.169.147.146 - - [26/Aug/2021:09:09:04 +0800] "GET /xingrg/javascript/jquery_easy_ui/themes/default/images/tree_file.gif HTTP/1.1" 304 -
180.169.147.146 - - [26/Aug/2021:09:09:04 +0800] "GET /xingrg/javascript/jquery_easy_ui/themes/icons/systemset_new.png HTTP/1.1" 304 -
180.169.147.146 - - [26/Aug/2021:09:09:04 +0800] "GET /xingrg/javascript/jquery_easy_ui/themes/icons/setting_new.png HTTP/1.1" 304 -
180.169.147.146 - - [26/Aug/2021:09:09:04 +0800] "GET /xingrg/javascript/jquery_easy_ui/themes/icons/forms_new.png HTTP/1.1" 304 -
180.169.147.146 - - [26/Aug/2021:09:09:04 +0800] "GET /xingrg/javascript/jquery_easy_ui/themes/icons/checkout_new.png HTTP/1.1" 304 -
180.169.147.146 - - [26/Aug/2021:09:09:04 +0800] "GET /xingrg/javascript/jquery_easy_ui/themes/icons/storage_new.png HTTP/1.1" 304 -
180.169.147.146 - - [26/Aug/2021:09:09:04 +0800] "GET /xingrg/javascript/jquery_easy_ui/themes/default/images/tree_folder.gif HTTP/1.1" 304 -
180.169.147.146 - - [26/Aug/2021:09:09:04 +0800] "GET /xingrg/javascript/jquery_easy_ui/themes/icons/search_new.png HTTP/1.1" 304 -
180.169.147.146 - - [26/Aug/2021:09:09:04 +0800] "GET /xingrg/javascript/jquery_easy_ui/themes/default/images/tree_folder_open.gif HTTP/1.1" 304 -
101.83.145.79 - - [26/Aug/2021:09:09:04 +0800] "GET /xingrg/kc/buy/cgsh_order_operate.html?command=get_materiel&rest_code=00105&code=00101008088&supplier_code=00100203&order_time=2021-08-26 HTTP/1.1" 200 408
114.86.229.34 - - [26/Aug/2021:09:09:07 +0800] "GET /xingrg/all/function/internal_message.html?_=1629940151052&CODE_STATE=getMsg HTTP/1.1" 200 27
114.86.229.34 - - [26/Aug/2021:09:09:07 +0800] "GET /xingrg/check_reg.html?_=1629940151053 HTTP/1.1" 200 22
180.169.147.146 - - [26/Aug/2021:09:09:10 +0800] "GET /xingrg/javascript/jquery_easy_ui/themes/default/images/tabs_close.gif HTTP/1.1" 304 -
180.169.147.146 - - [26/Aug/2021:09:09:10 +0800] "GET /xingrg/kc/buy/cgsh_order_list.html HTTP/1.1" 200 47893
180.169.147.146 - - [26/Aug/2021:09:09:10 +0800] "GET /xingrg/css/base.css HTTP/1.1" 304 -
180.169.147.146 - - [26/Aug/2021:09:09:10 +0800] "GET /xingrg/css/site.css HTTP/1.1" 304 -
180.169.147.146 - - [26/Aug/2021:09:09:10 +0800] "GET /xingrg/javascript/jquery_tools/datebox.css HTTP/1.1" 304 -
180.169.147.146 - - [26/Aug/2021:09:09:10 +0800] "GET /xingrg/javascript/easyui/themes/default/easyui.css HTTP/1.1" 304 -
180.169.147.146 - - [26/Aug/2021:09:09:10 +0800] "GET /xingrg/javascript/easyui/themes/icon.css HTTP/1.1" 304 -
180.169.147.146 - - [26/Aug/2021:09:09:10 +0800] "GET /xingrg/javascript/auto/jquery.autocomplete.css HTTP/1.1" 304 -
180.169.147.146 - - [26/Aug/2021:09:09:10 +0800] "GET /xingrg/javascript/jquery_tools/fix.css HTTP/1.1" 304 -
180.169.147.146 - - [26/Aug/2021:09:09:10 +0800] "GET /xingrg/javascript/jquery_tools/jquery.tools.extend.js HTTP/1.1" 304 -
180.169.147.146 - - [26/Aug/2021:09:09:10 +0800] "GET /xingrg/javascript/jquery_tools/jquery.tools.hotkey.js HTTP/1.1" 304 -
180.169.147.146 - - [26/Aug/2021:09:09:10 +0800] "GET /xingrg/javascript/jquery_tools/jquery.tools.min.js HTTP/1.1" 304 -
180.169.147.146 - - [26/Aug/2021:09:09:10 +0800] "GET /xingrg/javascript/jquery_tools/jquery.tools.table.js HTTP/1.1" 304 -
180.169.147.146 - - [26/Aug/2021:09:09:10 +0800] "GET /xingrg/javascript/jquery_tools/table.css HTTP/1.1" 304 -
180.169.147.146 - - [26/Aug/2021:09:09:10 +0800] "GET /xingrg/javascript/jquery_tools/list_manager.js HTTP/1.1" 304 -
180.169.147.146 - - [26/Aug/2021:09:09:10 +0800] "GET /xingrg/javascript/auto/jquery.autocomplete.js HTTP/1.1" 304 -
180.169.147.146 - - [26/Aug/2021:09:09:10 +0800] "GET /xingrg/javascript/jquery.cookie.js HTTP/1.1" 304 -
180.169.147.146 - - [26/Aug/2021:09:09:10 +0800] "GET /xingrg/javascript/easyui/easyloader.js HTTP/1.1" 304 -
180.169.147.146 - - [26/Aug/2021:09:09:10 +0800] "GET /xingrg/javascript/print/LodopFuncs.js HTTP/1.1" 304 -
180.169.147.146 - - [26/Aug/2021:09:09:11 +0800] "GET /xingrg/javascript/easyui/themes/icons/import_new.png HTTP/1.1" 304 -
180.169.147.146 - - [26/Aug/2021:09:09:11 +0800] "GET /xingrg/javascript/easyui/themes/icons/field_new.png HTTP/1.1" 304 -
180.169.147.146 - - [26/Aug/2021:09:09:11 +0800] "GET /xingrg/javascript/easyui/themes/icons/uncheck_new.png HTTP/1.1" 304 -
180.169.147.146 - - [26/Aug/2021:09:09:11 +0800] "GET /xingrg/javascript/easyui/themes/icons/check_new.png HTTP/1.1" 304 -
180.169.147.146 - - [26/Aug/2021:09:09:11 +0800] "GET /xingrg/javascript/easyui/themes/icons/cance_new.png HTTP/1.1" 304 -
180.169.147.146 - - [26/Aug/2021:09:09:11 +0800] "GET /xingrg/javascript/easyui/themes/icons/edit_add_new.png HTTP/1.1" 304 -
180.169.147.146 - - [26/Aug/2021:09:09:11 +0800] "GET /xingrg/javascript/easyui/plugins/jquery.parser.js HTTP/1.1" 304 -
180.169.147.146 - - [26/Aug/2021:09:09:12 +0800] "POST /xingrg/kc/buy/cgsh_list_operate.html HTTP/1.1" 200 876
101.83.145.79 - - [26/Aug/2021:09:09:13 +0800] "GET /xingrg/all/function/internal_message.html?_=1629940157283&CODE_STATE=getMsg HTTP/1.1" 200 27
222.70.179.113 - - [26/Aug/2021:09:09:13 +0800] "GET /xingrg/kc/buy/cgsh_order_operate.html?command=get_materiel&rest_code=00111&code=00101008361&supplier_code=00100005&order_time=2021-08-26 HTTP/1.1" 200 408
120.253.135.82 - - [26/Aug/2021:09:09:13 +0800] "GET /xingrg/check_reg.html?_=1629940168283 HTTP/1.1" 302 -
180.169.147.146 - - [26/Aug/2021:09:09:20 +0800] "GET /xingrg/javascript/jquery_tools/images/next.gif HTTP/1.1" 404 1086
180.169.147.146 - - [26/Aug/2021:09:09:20 +0800] "GET /xingrg/javascript/jquery_tools/images/prev.gif HTTP/1.1" 404 1086
222.70.179.113 - - [26/Aug/2021:09:09:24 +0800] "GET /xingrg/kc/buy/cgsh_order_operate.html?command=get_materiel&rest_code=00111&code=00101008321&supplier_code=00100005&order_time=2021-08-26 HTTP/1.1" 200 412
180.169.147.146 - - [26/Aug/2021:09:09:26 +0800] "POST /xingrg/kc/buy/cgsh_list_operate.html HTTP/1.1" 200 5400
114.86.229.34 - - [26/Aug/2021:09:09:28 +0800] "POST /xingrg/kc/buy/cgsh_order_operate.html HTTP/1.1" 200 37
180.169.147.146 - - [26/Aug/2021:09:09:28 +0800] "GET /xingrg/javascript/easyui/themes/default/images/button_plain_hover.png HTTP/1.1" 304 -
114.86.229.34 - - [26/Aug/2021:09:09:29 +0800] "POST /xingrg/kc/buy/cgsh_order_operate.html HTTP/1.1" 200 4433
222.70.179.113 - - [26/Aug/2021:09:09:33 +0800] "GET /xingrg/kc/buy/cgsh_order_operate.html?command=get_materiel&rest_code=00111&code=00101008005&supplier_code=00100005&order_time=2021-08-26 HTTP/1.1" 200 412
180.169.147.146 - - [26/Aug/2021:09:09:33 +0800] "POST /xingrg/kc/buy/cgsh_list_operate.html HTTP/1.1" 200 198
180.169.147.146 - - [26/Aug/2021:09:09:38 +0800] "POST /xingrg/kc/buy/cgsh_list_operate.html HTTP/1.1" 200 4
222.69.131.158 - - [26/Aug/2021:09:09:40 +0800] "GET /xingrg/all/function/internal_message.html?_=1629940183232&CODE_STATE=getMsg HTTP/1.1" 200 27
222.69.131.158 - - [26/Aug/2021:09:09:40 +0800] "GET /xingrg/check_reg.html?_=1629940183235 HTTP/1.1" 200 22
222.70.179.113 - - [26/Aug/2021:09:09:40 +0800] "GET /xingrg/kc/buy/cgsh_order_operate.html?command=get_materiel&rest_code=00111&code=00101008244&supplier_code=00100005&order_time=2021-08-26 HTTP/1.1" 200 408
180.169.147.146 - - [26/Aug/2021:09:09:41 +0800] "POST /xingrg/kc/buy/cgsh_list_operate.html HTTP/1.1" 200 5217
222.70.179.113 - - [26/Aug/2021:09:09:46 +0800] "GET /xingrg/all/function/internal_message.html?_=1629940188416&CODE_STATE=getMsg HTTP/1.1" 200 27
222.70.179.113 - - [26/Aug/2021:09:09:47 +0800] "GET /xingrg/kc/buy/cgsh_order_operate.html?command=get_materiel&rest_code=00111&code=00101008096&supplier_code=00100005&order_time=2021-08-26 HTTP/1.1" 200 412
101.83.145.79 - - [26/Aug/2021:09:09:48 +0800] "GET /xingrg/kc/buy/cgsh_order_operate.html?command=get_materiel&rest_code=00105&code=00101008212&supplier_code=00100203&order_time=2021-08-26 HTTP/1.1" 200 412
180.169.147.146 - - [26/Aug/2021:09:09:51 +0800] "POST /xingrg/kc/buy/cgsh_list_operate.html HTTP/1.1" 200 342
116.238.194.18 - - [26/Aug/2021:09:09:58 +0800] "GET /xingrg/check_reg.html?_=1629940193839 HTTP/1.1" 200 22
116.238.194.18 - - [26/Aug/2021:09:09:58 +0800] "GET /xingrg/all/function/internal_message.html?_=1629940194041&CODE_STATE=getMsg HTTP/1.1" 200 27
101.83.145.79 - - [26/Aug/2021:09:10:01 +0800] "GET /xingrg/kc/buy/cgsh_order_operate.html?command=get_materiel&rest_code=00105&code=00101008137&supplier_code=00100203&order_time=2021-08-26 HTTP/1.1" 200 408
222.70.246.151 - - [26/Aug/2021:09:10:02 +0800] "GET /xingrg/check_reg.html?_=1629940201891 HTTP/1.1" 200 22
222.70.246.151 - - [26/Aug/2021:09:10:03 +0800] "GET /xingrg/all/function/internal_message.html?_=1629940202059&CODE_STATE=getMsg HTTP/1.1" 200 27
114.86.229.34 - - [26/Aug/2021:09:10:07 +0800] "GET /xingrg/all/function/internal_message.html?_=1629940211592&CODE_STATE=getMsg HTTP/1.1" 200 27
101.83.145.79 - - [26/Aug/2021:09:10:13 +0800] "GET /xingrg/all/function/internal_message.html?_=1629940217295&CODE_STATE=getMsg HTTP/1.1" 200 27
222.70.179.113 - - [26/Aug/2021:09:10:16 +0800] "GET /xingrg/kc/buy/cgsh_order_operate.html?command=get_materiel&rest_code=00111&code=00101008290&supplier_code=00100005&order_time=2021-08-26 HTTP/1.1" 200 416
101.83.145.79 - - [26/Aug/2021:09:10:17 +0800] "GET /xingrg/kc/buy/cgsh_order_operate.html?command=get_materiel&rest_code=00105&code=00101008357&supplier_code=00100203&order_time=2021-08-26 HTTP/1.1" 200 408
101.83.145.79 - - [26/Aug/2021:09:10:25 +0800] "POST /xingrg/kc/buy/cgsh_order_operate.html HTTP/1.1" 200 2065
222.70.179.113 - - [26/Aug/2021:09:10:27 +0800] "GET /xingrg/check_reg.html?_=1629940228516 HTTP/1.1" 200 22
222.70.179.113 - - [26/Aug/2021:09:10:28 +0800] "GET /xingrg/kc/buy/cgsh_order_operate.html?command=get_materiel&rest_code=00111&code=00101008126&supplier_code=00100005&order_time=2021-08-26 HTTP/1.1" 200 412
101.83.145.79 - - [26/Aug/2021:09:10:32 +0800] "GET /xingrg/kc/buy/cgsh_order_operate.html?command=get_materiel&rest_code=00105&code=00101008131&supplier_code=00100203&order_time=2021-08-26 HTTP/1.1" 200 408
222.70.179.113 - - [26/Aug/2021:09:10:36 +0800] "GET /xingrg/kc/buy/cgsh_order_operate.html?command=get_materiel&rest_code=00111&code=00101008004&supplier_code=00100005&order_time=2021-08-26 HTTP/1.1" 200 416
222.69.131.158 - - [26/Aug/2021:09:10:40 +0800] "GET /xingrg/all/function/internal_message.html?_=1629940243230&CODE_STATE=getMsg HTTP/1.1" 200 27
222.70.179.113 - - [26/Aug/2021:09:10:46 +0800] "GET /xingrg/all/function/internal_message.html?_=1629940248395&CODE_STATE=getMsg HTTP/1.1" 200 27
101.83.145.79 - - [26/Aug/2021:09:10:52 +0800] "GET /xingrg/kc/buy/cgsh_order_operate.html?command=get_materiel&rest_code=00105&code=00101008213&supplier_code=00100203&order_time=2021-08-26 HTTP/1.1" 200 412
116.238.194.18 - - [26/Aug/2021:09:10:58 +0800] "GET /xingrg/all/function/internal_message.html?_=1629940254054&CODE_STATE=getMsg HTTP/1.1" 200 27
222.70.246.151 - - [26/Aug/2021:09:11:03 +0800] "GET /xingrg/all/function/internal_message.html?_=1629940262073&CODE_STATE=getMsg HTTP/1.1" 200 27
114.86.229.34 - - [26/Aug/2021:09:11:07 +0800] "GET /xingrg/all/function/internal_message.html?_=1629940271602&CODE_STATE=getMsg HTTP/1.1" 200 27
101.83.145.79 - - [26/Aug/2021:09:11:13 +0800] "GET /xingrg/all/function/internal_message.html?_=1629940277436&CODE_STATE=getMsg HTTP/1.1" 200 27
101.83.145.79 - - [26/Aug/2021:09:11:13 +0800] "GET /xingrg/kc/buy/cgsh_order_operate.html?command=get_materiel&rest_code=00105&code=00101010136&supplier_code=00100203&order_time=2021-08-26 HTTP/1.1" 200 408
222.69.131.158 - - [26/Aug/2021:09:11:14 +0800] "POST /xingrg/services/DataTransmitService HTTP/1.1" 200 501
222.69.131.158 - - [26/Aug/2021:09:11:16 +0800] "POST /xingrg/services/DataTransmitService HTTP/1.1" 200 501
101.83.145.79 - - [26/Aug/2021:09:11:27 +0800] "POST /xingrg/kc/buy/cgsh_order_operate.html HTTP/1.1" 200 37
101.83.145.79 - - [26/Aug/2021:09:11:29 +0800] "POST /xingrg/kc/buy/cgsh_order_operate.html HTTP/1.1" 200 45807
222.69.131.158 - - [26/Aug/2021:09:11:40 +0800] "GET /xingrg/all/function/internal_message.html?_=1629940303240&CODE_STATE=getMsg HTTP/1.1" 200 27
222.70.179.113 - - [26/Aug/2021:09:11:46 +0800] "GET /xingrg/all/function/internal_message.html?_=1629940308370&CODE_STATE=getMsg HTTP/1.1" 200 27
222.70.179.113 - - [26/Aug/2021:09:11:55 +0800] "GET /xingrg/kc/buy/cgsh_order_operate.html?command=get_materiel&rest_code=00111&code=00101008067&supplier_code=00100005&order_time=2021-08-26 HTTP/1.1" 200 416
222.69.131.158 - - [26/Aug/2021:09:11:56 +0800] "POST /xingrg/services/DataTransmitService HTTP/1.1" 200 501
116.238.194.18 - - [26/Aug/2021:09:11:58 +0800] "GET /xingrg/all/function/internal_message.html?_=1629940314067&CODE_STATE=getMsg HTTP/1.1" 200 27
120.253.135.82 - - [26/Aug/2021:09:12:01 +0800] "GET /xingrg/check_reg.html?_=1629940082661 HTTP/1.1" 200 22
120.253.135.82 - - [26/Aug/2021:09:12:01 +0800] "GET /xingrg/all/function/internal_message.html?_=1629940082631&CODE_STATE=getMsg HTTP/1.1" 200 27
222.70.246.151 - - [26/Aug/2021:09:12:03 +0800] "GET /xingrg/all/function/internal_message.html?_=1629940322086&CODE_STATE=getMsg HTTP/1.1" 200 27
222.70.179.113 - - [26/Aug/2021:09:12:04 +0800] "GET /xingrg/kc/buy/cgsh_order_operate.html?command=get_materiel&rest_code=00111&code=00101008270&supplier_code=00100005&order_time=2021-08-26 HTTP/1.1" 200 412
114.86.229.34 - - [26/Aug/2021:09:12:07 +0800] "GET /xingrg/all/function/internal_message.html?_=1629940331604&CODE_STATE=getMsg HTTP/1.1" 200 27
120.253.135.82 - - [26/Aug/2021:09:12:10 +0800] "GET /xingrg/javascript/easyui/themes/sunny/images/ui-bg_gloss-wave_60_fece2f_500x100.png HTTP/1.1" 200 3512
120.253.135.82 - - [26/Aug/2021:09:12:12 +0800] "GET /xingrg/kc/pszx/mdqp_order_list.html?state=10 HTTP/1.1" 200 10217
120.253.135.82 - - [26/Aug/2021:09:12:12 +0800] "GET /xingrg/dwr/interface/AjaxReportQueryService.js HTTP/1.1" 200 13203
120.253.135.82 - - [26/Aug/2021:09:12:12 +0800] "GET /xingrg/dwr/interface/AjaxQqpsService.js HTTP/1.1" 200 16326
120.253.135.82 - - [26/Aug/2021:09:12:12 +0800] "GET /xingrg/dwr/engine.js HTTP/1.1" 200 43631
101.83.145.79 - - [26/Aug/2021:09:12:13 +0800] "GET /xingrg/all/function/internal_message.html?_=1629940337294&CODE_STATE=getMsg HTTP/1.1" 200 27
120.253.135.82 - - [26/Aug/2021:09:12:15 +0800] "GET /xingrg/kc/report/report_main.html HTTP/1.1" 200 9370
120.253.135.82 - - [26/Aug/2021:09:12:16 +0800] "GET /xingrg/kc/base/kc_stocks.html HTTP/1.1" 200 16437
120.253.135.82 - - [26/Aug/2021:09:12:16 +0800] "GET /xingrg/javascript/easyui/themes/default/tree.css HTTP/1.1" 404 1090
120.253.135.82 - - [26/Aug/2021:09:12:16 +0800] "POST /xingrg/all/common/load_tree.html?tree=materiel_sort_tree_json HTTP/1.1" 200 8666
222.70.179.113 - - [26/Aug/2021:09:12:16 +0800] "GET /xingrg/kc/buy/cgsh_order_operate.html?command=get_materiel&rest_code=00111&code=00101008108&supplier_code=00100005&order_time=2021-08-26 HTTP/1.1" 200 414
120.253.135.82 - - [26/Aug/2021:09:12:17 +0800] "POST /xingrg/all/common/load_combo.html?type=base HTTP/1.1" 200 1075
222.70.179.113 - - [26/Aug/2021:09:12:24 +0800] "GET /xingrg/kc/buy/cgsh_order_operate.html?command=get_materiel&rest_code=00111&code=00101008213&supplier_code=00100005&order_time=2021-08-26 HTTP/1.1" 200 412
120.253.135.82 - - [26/Aug/2021:09:12:25 +0800] "POST /xingrg/kc/base/stock_operate.html HTTP/1.1" 200 1459
120.253.135.82 - - [26/Aug/2021:09:12:33 +0800] "GET /xingrg/kc/pszx/mdps_order_list.html?orderType=0 HTTP/1.1" 200 21089
120.253.135.82 - - [26/Aug/2021:09:12:33 +0800] "POST /xingrg/kc/pszx/mdps_list_operate.html HTTP/1.1" 200 5420
222.69.131.158 - - [26/Aug/2021:09:12:39 +0800] "POST /xingrg/services/DataTransmitService HTTP/1.1" 200 501
222.69.131.158 - - [26/Aug/2021:09:12:40 +0800] "GET /xingrg/all/function/internal_message.html?_=1629940363239&CODE_STATE=getMsg HTTP/1.1" 200 27
120.253.135.82 - - [26/Aug/2021:09:12:42 +0800] "POST /xingrg/kc/pszx/mdps_list_operate.html HTTP/1.1" 200 3179
120.253.135.82 - - [26/Aug/2021:09:12:43 +0800] "GET /xingrg/all/function/internal_message.html?_=1629940142667&CODE_STATE=getMsg HTTP/1.1" 200 27
120.253.135.82 - - [26/Aug/2021:09:12:44 +0800] "POST /xingrg/kc/pszx/mdps_list_operate.html HTTP/1.1" 200 350
120.253.135.82 - - [26/Aug/2021:09:12:46 +0800] "POST /xingrg/kc/pszx/mdps_list_operate.html HTTP/1.1" 200 297
222.69.131.158 - - [26/Aug/2021:09:12:46 +0800] "POST /xingrg/services/DataTransmitService HTTP/1.1" 200 501
222.69.131.158 - - [26/Aug/2021:09:12:46 +0800] "POST /xingrg/services/DataTransmitService HTTP/1.1" 200 501
222.70.179.113 - - [26/Aug/2021:09:12:46 +0800] "GET /xingrg/all/function/internal_message.html?_=1629940368348&CODE_STATE=getMsg HTTP/1.1" 200 27
120.253.135.82 - - [26/Aug/2021:09:12:49 +0800] "POST /xingrg/kc/pszx/mdps_list_operate.html HTTP/1.1" 200 203
120.253.135.82 - - [26/Aug/2021:09:12:51 +0800] "POST /xingrg/kc/pszx/mdps_list_operate.html HTTP/1.1" 200 625
222.70.179.113 - - [26/Aug/2021:09:12:52 +0800] "GET /xingrg/kc/buy/cgsh_order_operate.html?command=get_materiel&rest_code=00111&code=00101008415&supplier_code=00100005&order_time=2021-08-26 HTTP/1.1" 200 398
120.253.135.82 - - [26/Aug/2021:09:12:52 +0800] "POST /xingrg/kc/pszx/mdps_list_operate.html HTTP/1.1" 200 538
120.253.135.82 - - [26/Aug/2021:09:12:55 +0800] "GET /xingrg/kc/pszx/mdps_order_add.html HTTP/1.1" 200 29111
120.253.135.82 - - [26/Aug/2021:09:12:56 +0800] "POST /xingrg/kc/pszx/mdps_order_operate.html HTTP/1.1" 200 7126
120.253.135.82 - - [26/Aug/2021:09:12:56 +0800] "GET /xingrg/javascript/easyui/themes/default/validatebox.css HTTP/1.1" 404 1104
116.238.194.18 - - [26/Aug/2021:09:12:58 +0800] "GET /xingrg/all/function/internal_message.html?_=1629940374113&CODE_STATE=getMsg HTTP/1.1" 200 27
222.70.179.113 - - [26/Aug/2021:09:12:59 +0800] "GET /xingrg/kc/buy/cgsh_order_operate.html?command=get_materiel&rest_code=00111&code=00101008332&supplier_code=00100005&order_time=2021-08-26 HTTP/1.1" 200 412
222.70.246.151 - - [26/Aug/2021:09:13:03 +0800] "GET /xingrg/all/function/internal_message.html?_=1629940382106&CODE_STATE=getMsg HTTP/1.1" 200 27
120.253.135.82 - - [26/Aug/2021:09:13:05 +0800] "POST /xingrg/all/common/load_combo.html?type=base HTTP/1.1" 200 1075
222.69.131.158 - - [26/Aug/2021:09:13:06 +0800] "POST /xingrg/services/DataTransmitService HTTP/1.1" 200 501
114.86.229.34 - - [26/Aug/2021:09:13:07 +0800] "GET /xingrg/all/function/internal_message.html?_=1629940391604&CODE_STATE=getMsg HTTP/1.1" 200 27
222.69.131.158 - - [26/Aug/2021:09:13:09 +0800] "POST /xingrg/services/DataTransmitService HTTP/1.1" 200 501
222.69.131.158 - - [26/Aug/2021:09:13:11 +0800] "POST /xingrg/services/DataTransmitService HTTP/1.1" 200 501
101.83.145.79 - - [26/Aug/2021:09:13:13 +0800] "GET /xingrg/all/function/internal_message.html?_=1629940397279&CODE_STATE=getMsg HTTP/1.1" 200 27
101.83.145.79 - - [26/Aug/2021:09:13:13 +0800] "GET /xingrg/check_reg.html?_=1629940397283 HTTP/1.1" 200 22
222.70.179.113 - - [26/Aug/2021:09:13:14 +0800] "GET /xingrg/kc/buy/cgsh_order_operate.html?command=get_materiel&rest_code=00111&code=00101008148&supplier_code=00100005&order_time=2021-08-26 HTTP/1.1" 200 416
120.253.135.82 - - [26/Aug/2021:09:13:16 +0800] "GET /xingrg/kc/pszx/mdps_order_operate.html?command=get_materiel&pszx_code=00101&rest_code=00156&base_code=0010246&code=00101006054 HTTP/1.1" 200 423
222.70.179.113 - - [26/Aug/2021:09:13:27 +0800] "GET /xingrg/kc/buy/cgsh_order_operate.html?command=get_materiel&rest_code=00111&code=00101008176&supplier_code=00100005&order_time=2021-08-26 HTTP/1.1" 200 412
101.93.222.235 - - [26/Aug/2021:09:13:29 +0800] "POST /xingrg/services/DataTransmitService HTTP/1.1" 200 524
101.93.222.235 - - [26/Aug/2021:09:13:30 +0800] "POST /xingrg/services/DataTransmitService HTTP/1.1" 200 2071
101.93.222.235 - - [26/Aug/2021:09:13:30 +0800] "POST /xingrg/services/DataTransmitService HTTP/1.1" 200 11875
101.93.222.235 - - [26/Aug/2021:09:13:32 +0800] "POST /xingrg/services/DataTransmitService HTTP/1.1" 200 1215
101.93.222.235 - - [26/Aug/2021:09:13:33 +0800] "POST /xingrg/services/DataTransmitService HTTP/1.1" 200 2451
101.93.222.235 - - [26/Aug/2021:09:13:33 +0800] "POST /xingrg/services/DataTransmitService HTTP/1.1" 200 1431
120.253.135.82 - - [26/Aug/2021:09:13:33 +0800] "POST /xingrg/kc/pszx/mdps_order_operate.html HTTP/1.1" 200 37
222.69.131.158 - - [26/Aug/2021:09:13:34 +0800] "POST /xingrg/services/DataTransmitService HTTP/1.1" 200 412
101.93.222.235 - - [26/Aug/2021:09:13:34 +0800] "POST /xingrg/services/DataTransmitService HTTP/1.1" 200 152932
222.69.131.158 - - [26/Aug/2021:09:13:37 +0800] "GET /xingrg/kc/buy/cgsh_order_operate.html?command=get_materiel&rest_code=00149&code=00101008370&supplier_code=00100005&order_time=2021-08-26 HTTP/1.1" 200 412
222.69.131.158 - - [26/Aug/2021:09:13:40 +0800] "GET /xingrg/all/function/internal_message.html?_=1629940423249&CODE_STATE=getMsg HTTP/1.1" 200 27
120.253.135.82 - - [26/Aug/2021:09:13:41 +0800] "GET /xingrg/kc/pszx/mdps_order_info.html?code=312021082600697 HTTP/1.1" 200 23931
222.70.179.113 - - [26/Aug/2021:09:13:42 +0800] "GET /xingrg/kc/buy/cgsh_order_operate.html?command=get_materiel&rest_code=00111&code=00101019254&supplier_code=00100005&order_time=2021-08-26 HTTP/1.1" 200 447
120.253.135.82 - - [26/Aug/2021:09:13:42 +0800] "GET /xingrg/javascript/easyui/themes/default/validatebox.css HTTP/1.1" 404 1104
120.253.135.82 - - [26/Aug/2021:09:13:42 +0800] "POST /xingrg/kc/pszx/mdps_order_operate.html HTTP/1.1" 200 2279
120.253.135.82 - - [26/Aug/2021:09:13:43 +0800] "GET /xingrg/all/function/internal_message.html?_=1629940202680&CODE_STATE=getMsg HTTP/1.1" 200 27
222.70.179.113 - - [26/Aug/2021:09:13:46 +0800] "POST /xingrg/all/common/load_select.html HTTP/1.1" 200 25
222.70.179.113 - - [26/Aug/2021:09:13:46 +0800] "GET /xingrg/all/function/internal_message.html?_=1629940428323&CODE_STATE=getMsg HTTP/1.1" 200 27
222.70.179.113 - - [26/Aug/2021:09:13:50 +0800] "GET /xingrg/kc/buy/cgsh_order_operate.html?command=get_materiel_price&rest_code=00111&code=00101019254&unit_code=00100040&supplier_code=00100005&order_time=2021-08-26 HTTP/1.1" 200 27
120.253.135.82 - - [26/Aug/2021:09:13:54 +0800] "POST /xingrg/kc/pszx/mdps_order_operate.html HTTP/1.1" 200 37
120.253.135.82 - - [26/Aug/2021:09:13:57 +0800] "GET /xingrg/kc/pszx/mdps_order_info.html?code=312021082600697 HTTP/1.1" 200 23931
120.253.135.82 - - [26/Aug/2021:09:13:57 +0800] "POST /xingrg/kc/pszx/mdps_order_operate.html HTTP/1.1" 200 2281
120.253.135.82 - - [26/Aug/2021:09:13:57 +0800] "GET /xingrg/javascript/easyui/themes/default/validatebox.css HTTP/1.1" 404 1104
116.238.194.18 - - [26/Aug/2021:09:13:58 +0800] "GET /xingrg/all/function/internal_message.html?_=1629940434126&CODE_STATE=getMsg HTTP/1.1" 200 27
222.70.179.113 - - [26/Aug/2021:09:14:02 +0800] "GET /xingrg/kc/buy/cgsh_order_operate.html?command=get_materiel&rest_code=00111&code=00101008003&supplier_code=00100005&order_time=2021-08-26 HTTP/1.1" 200 408
222.70.246.151 - - [26/Aug/2021:09:14:03 +0800] "GET /xingrg/all/function/internal_message.html?_=1629940442113&CODE_STATE=getMsg HTTP/1.1" 200 27
222.70.179.113 - - [26/Aug/2021:09:14:04 +0800] "POST /xingrg/kc/buy/cgsh_order_operate.html HTTP/1.1" 200 2065
114.86.229.34 - - [26/Aug/2021:09:14:07 +0800] "GET /xingrg/all/function/internal_message.html?_=1629940451605&CODE_STATE=getMsg HTTP/1.1" 200 27
114.86.229.34 - - [26/Aug/2021:09:14:07 +0800] "GET /xingrg/check_reg.html?_=1629940451609 HTTP/1.1" 200 22
101.83.145.79 - - [26/Aug/2021:09:14:13 +0800] "GET /xingrg/all/function/internal_message.html?_=1629940457283&CODE_STATE=getMsg HTTP/1.1" 200 27
120.253.135.82 - - [26/Aug/2021:09:14:13 +0800] "GET /xingrg/check_reg.html?_=1629940468293 HTTP/1.1" 302 -
222.70.179.113 - - [26/Aug/2021:09:14:17 +0800] "GET /xingrg/kc/buy/cgsh_order_operate.html?command=get_materiel&rest_code=00111&code=00101008356&supplier_code=00100005&order_time=2021-08-26 HTTP/1.1" 200 408
180.174.198.13 - - [26/Aug/2021:09:14:22 +0800] "GET /favicon.ico HTTP/1.1" 404 -
180.174.198.13 - - [26/Aug/2021:09:14:22 +0800] "GET /favicon.ico HTTP/1.1" 404 -
180.174.198.13 - - [26/Aug/2021:09:14:23 +0800] "GET /favicon.ico HTTP/1.1" 404 -
180.174.198.13 - - [26/Aug/2021:09:14:24 +0800] "GET /favicon.ico HTTP/1.1" 404 -
180.174.198.13 - - [26/Aug/2021:09:14:24 +0800] "GET /favicon.ico HTTP/1.1" 404 -
180.174.198.13 - - [26/Aug/2021:09:14:25 +0800] "GET /favicon.ico HTTP/1.1" 404 -
222.70.179.113 - - [26/Aug/2021:09:14:25 +0800] "GET /xingrg/kc/buy/cgsh_order_operate.html?command=get_materiel&rest_code=00111&code=00101008357&supplier_code=00100005&order_time=2021-08-26 HTTP/1.1" 200 408
180.174.198.13 - - [26/Aug/2021:09:14:26 +0800] "GET /xingrg/login.html HTTP/1.1" 200 7641
180.174.198.13 - - [26/Aug/2021:09:14:26 +0800] "GET /xingrg/images/blue/jxLogo.png HTTP/1.1" 200 6156
180.174.198.13 - - [26/Aug/2021:09:14:27 +0800] "GET /xingrg/images/blue/srbg.png HTTP/1.1" 200 138
180.174.198.13 - - [26/Aug/2021:09:14:27 +0800] "GET /xingrg/images/blue/login_bg.png HTTP/1.1" 200 22101
180.174.198.13 - - [26/Aug/2021:09:14:27 +0800] "GET /xingrg/images/blue/hj.png HTTP/1.1" 200 1014
180.174.198.13 - - [26/Aug/2021:09:14:27 +0800] "GET /favicon.ico HTTP/1.1" 404 -
180.174.198.13 - - [26/Aug/2021:09:14:31 +0800] "POST /xingrg/login.do HTTP/1.1" 302 -
180.174.198.13 - - [26/Aug/2021:09:14:31 +0800] "GET /xingrg/javascript/jquery_easy_ui/themes/icon.css HTTP/1.1" 200 3949
180.174.198.13 - - [26/Aug/2021:09:14:31 +0800] "GET /xingrg/css/form.css HTTP/1.1" 200 893
180.174.198.13 - - [26/Aug/2021:09:14:31 +0800] "GET /xingrg/index.html?sysBaseUrl=http%3A%2F%2F180.169.147.146%3A18081%2Fxingrg%2F&costTime=43×tamp=1629940471003 HTTP/1.1" 200 17173
180.174.198.13 - - [26/Aug/2021:09:14:31 +0800] "GET /xingrg/javascript/jquery-1.4.2.min.js HTTP/1.1" 200 72205
180.174.198.13 - - [26/Aug/2021:09:14:31 +0800] "GET /xingrg/javascript/jquery_easy_ui/easyui-lang-zh_CN.js HTTP/1.1" 200 1900
180.174.198.13 - - [26/Aug/2021:09:14:31 +0800] "GET /xingrg/javascript/jquery_easy_ui/jquery.easyui.min.js HTTP/1.1" 200 213662
180.174.198.13 - - [26/Aug/2021:09:14:31 +0800] "GET /xingrg/javascript/jquery.timers.js HTTP/1.1" 200 3532
180.174.198.13 - - [26/Aug/2021:09:14:31 +0800] "GET /xingrg/javascript/jquery_easy_ui/themes/default/easyui.css HTTP/1.1" 200 26500
180.174.198.13 - - [26/Aug/2021:09:14:31 +0800] "GET /xingrg/javascript/jquery.utils.js HTTP/1.1" 200 11805
180.174.198.13 - - [26/Aug/2021:09:14:31 +0800] "GET /xingrg/javascript/jquery.form.js HTTP/1.1" 200 23110
180.174.198.13 - - [26/Aug/2021:09:14:31 +0800] "GET /xingrg/javascript/jquery_easy_ui/themes/icons/settle_new.png HTTP/1.1" 200 826
180.174.198.13 - - [26/Aug/2021:09:14:31 +0800] "GET /xingrg/images/blue/navBackgound.jpg HTTP/1.1" 200 12378
180.174.198.13 - - [26/Aug/2021:09:14:31 +0800] "POST /xingrg/all/common/load_tree.html?tree=area_rest_tree_json&manage=1 HTTP/1.1" 200 342
180.174.198.13 - - [26/Aug/2021:09:14:31 +0800] "GET /favicon.ico HTTP/1.1" 404 -
180.174.198.13 - - [26/Aug/2021:09:14:31 +0800] "GET /xingrg/images/blue/pingpu.png HTTP/1.1" 200 231
180.174.198.13 - - [26/Aug/2021:09:14:31 +0800] "GET /xingrg/javascript/jquery_easy_ui/themes/default/images/tabs_leftarrow.png HTTP/1.1" 200 389
180.174.198.13 - - [26/Aug/2021:09:14:31 +0800] "GET /xingrg/javascript/jquery_easy_ui/themes/default/images/tabs_rightarrow.png HTTP/1.1" 200 395
180.174.198.13 - - [26/Aug/2021:09:14:31 +0800] "GET /xingrg/javascript/jquery_easy_ui/themes/default/images/panel_tool_collapse.gif HTTP/1.1" 200 246
180.174.198.13 - - [26/Aug/2021:09:14:32 +0800] "GET /xingrg/check_reg.html?_=1629940457871 HTTP/1.1" 200 22
180.174.198.13 - - [26/Aug/2021:09:14:32 +0800] "GET /xingrg/all/function/internal_message.html?_=1629940457870&CODE_STATE=count HTTP/1.1" 200 11
180.174.198.13 - - [26/Aug/2021:09:14:32 +0800] "GET /xingrg/javascript/jquery_easy_ui/themes/default/images/tree_arrows.gif HTTP/1.1" 200 1043
180.174.198.13 - - [26/Aug/2021:09:14:32 +0800] "POST /xingrg/load_menu.html HTTP/1.1" 200 5138
180.174.198.13 - - [26/Aug/2021:09:14:32 +0800] "GET /xingrg/javascript/jquery_easy_ui/themes/default/images/tree_folder_open.gif HTTP/1.1" 200 956
