222.70.246.151 - - [21/Aug/2021:06:18:28 +0800] "GET /xingrg/login.html HTTP/1.1" 200 7641
222.70.246.151 - - [21/Aug/2021:06:18:28 +0800] "GET /xingrg/login.html HTTP/1.1" 200 7641
222.70.246.151 - - [21/Aug/2021:06:18:28 +0800] "GET /xingrg/all/function/internal_message.html?_=1629497926590&CODE_STATE=getMsg HTTP/1.1" 200 27
222.70.246.151 - - [21/Aug/2021:06:18:30 +0800] "GET /favicon.ico HTTP/1.1" 404 -
120.253.135.82 - - [21/Aug/2021:06:18:31 +0800] "POST /xingrg/kc/pszx/mdps_list_operate.html HTTP/1.1" 200 3857
222.70.246.151 - - [21/Aug/2021:06:18:32 +0800] "POST /xingrg/login.do HTTP/1.1" 302 -
222.70.246.151 - - [21/Aug/2021:06:18:32 +0800] "GET /xingrg/index.html?sysBaseUrl=http%3A%2F%2F180.169.147.146%3A18081%2Fxingrg%2F&costTime=129×tamp=1629497912378 HTTP/1.1" 200 17179
222.70.246.151 - - [21/Aug/2021:06:18:32 +0800] "GET /xingrg/javascript/jquery_easy_ui/themes/default/easyui.css HTTP/1.1" 304 -
222.70.246.151 - - [21/Aug/2021:06:18:32 +0800] "GET /xingrg/javascript/jquery.utils.js HTTP/1.1" 304 -
222.70.246.151 - - [21/Aug/2021:06:18:32 +0800] "GET /xingrg/css/form.css HTTP/1.1" 304 -
222.70.246.151 - - [21/Aug/2021:06:18:32 +0800] "GET /xingrg/javascript/jquery_easy_ui/themes/icon.css HTTP/1.1" 304 -
222.70.246.151 - - [21/Aug/2021:06:18:32 +0800] "GET /xingrg/javascript/jquery-1.4.2.min.js HTTP/1.1" 304 -
222.70.246.151 - - [21/Aug/2021:06:18:32 +0800] "GET /xingrg/javascript/jquery.form.js HTTP/1.1" 304 -
222.70.246.151 - - [21/Aug/2021:06:18:32 +0800] "GET /xingrg/javascript/jquery_easy_ui/jquery.easyui.min.js HTTP/1.1" 304 -
222.70.246.151 - - [21/Aug/2021:06:18:32 +0800] "GET /xingrg/javascript/jquery_easy_ui/easyui-lang-zh_CN.js HTTP/1.1" 304 -
222.70.246.151 - - [21/Aug/2021:06:18:32 +0800] "GET /xingrg/javascript/jquery.timers.js HTTP/1.1" 304 -
222.70.246.151 - - [21/Aug/2021:06:18:32 +0800] "GET /favicon.ico HTTP/1.1" 404 -
222.70.246.151 - - [21/Aug/2021:06:18:32 +0800] "POST /xingrg/all/common/load_tree.html?tree=area_rest_tree_json&manage=1 HTTP/1.1" 200 479
222.70.246.151 - - [21/Aug/2021:06:18:32 +0800] "GET /xingrg/all/function/internal_message.html?_=1629497925724&CODE_STATE=count HTTP/1.1" 200 11
222.70.246.151 - - [21/Aug/2021:06:18:32 +0800] "GET /xingrg/check_reg.html?_=1629497925724 HTTP/1.1" 200 22
222.70.246.151 - - [21/Aug/2021:06:18:32 +0800] "POST /xingrg/load_menu.html HTTP/1.1" 200 5138
120.253.135.82 - - [21/Aug/2021:06:18:33 +0800] "POST /xingrg/kc/pszx/mdps_list_operate.html HTTP/1.1" 200 433
116.238.194.18 - - [21/Aug/2021:06:18:33 +0800] "GET /xingrg/kc/buy/cgsh_order_operate.html?command=get_materiel&rest_code=00151&code=00101011005&supplier_code=00100047&order_time=2021-08-21 HTTP/1.1" 200 428
222.70.246.151 - - [21/Aug/2021:06:18:39 +0800] "GET /xingrg/javascript/pic_change.js HTTP/1.1" 304 -
222.70.246.151 - - [21/Aug/2021:06:18:39 +0800] "GET /xingrg/css/blue.css HTTP/1.1" 304 -
222.70.246.151 - - [21/Aug/2021:06:18:39 +0800] "GET /xingrg/dwr/util.js HTTP/1.1" 304 -
222.70.246.151 - - [21/Aug/2021:06:18:39 +0800] "GET /xingrg/javascript/Calendar.js HTTP/1.1" 304 -
222.70.246.151 - - [21/Aug/2021:06:18:39 +0800] "GET /xingrg/javascript/myfunction.js HTTP/1.1" 304 -
222.70.246.151 - - [21/Aug/2021:06:18:39 +0800] "GET /xingrg/kc/mdqp/qqps_order_list.html HTTP/1.1" 200 10027
222.70.246.151 - - [21/Aug/2021:06:18:39 +0800] "GET /xingrg/dwr/interface/AjaxReportQueryService.js HTTP/1.1" 200 13203
222.70.246.151 - - [21/Aug/2021:06:18:39 +0800] "GET /xingrg/javascript/ToolTips.js HTTP/1.1" 304 -
222.70.246.151 - - [21/Aug/2021:06:18:39 +0800] "GET /xingrg/dwr/interface/AjaxQqpsService.js HTTP/1.1" 200 16326
222.70.246.151 - - [21/Aug/2021:06:18:39 +0800] "GET /xingrg/dwr/engine.js HTTP/1.1" 200 43631
101.83.145.79 - - [21/Aug/2021:06:18:42 +0800] "GET /xingrg/all/function/internal_message.html?_=1629497924839&CODE_STATE=getMsg HTTP/1.1" 200 27
172.20.0.100 - - [21/Aug/2021:06:18:43 +0800] "GET /xingrg/all/function/internal_message.html?_=1629497922107&CODE_STATE=getMsg HTTP/1.1" 200 27
222.70.246.151 - - [21/Aug/2021:06:18:43 +0800] "GET /xingrg/javascript/auto/jquery.autocomplete.css HTTP/1.1" 304 -
222.70.246.151 - - [21/Aug/2021:06:18:43 +0800] "GET /xingrg/javascript/tools/jquery.qtip-1.0.0-rc3.min.js HTTP/1.1" 304 -
222.70.246.151 - - [21/Aug/2021:06:18:43 +0800] "GET /xingrg/javascript/auto/jquery.autocomplete.js HTTP/1.1" 304 -
222.70.246.151 - - [21/Aug/2021:06:18:43 +0800] "GET /xingrg/javascript/Grid.js HTTP/1.1" 304 -
222.70.246.151 - - [21/Aug/2021:06:18:43 +0800] "GET /xingrg/javascript/print/LodopFuncs.js HTTP/1.1" 304 -
222.70.246.151 - - [21/Aug/2021:06:18:43 +0800] "GET /xingrg/javascript/print/kc_print.js HTTP/1.1" 304 -
222.70.246.151 - - [21/Aug/2021:06:18:43 +0800] "GET /xingrg/kc/mdqp/qqps_order_info.html?code=302021082000399 HTTP/1.1" 200 28155
222.70.246.151 - - [21/Aug/2021:06:18:43 +0800] "GET /xingrg/javascript/AjaxInfoList.js HTTP/1.1" 304 -
222.70.246.151 - - [21/Aug/2021:06:18:43 +0800] "GET /xingrg/dwr/interface/AjaxComOrderService.js HTTP/1.1" 200 18264
222.70.246.151 - - [21/Aug/2021:06:18:43 +0800] "GET /xingrg/dwr/interface/AjaxQqpsService.js HTTP/1.1" 200 16326
222.70.246.151 - - [21/Aug/2021:06:18:43 +0800] "GET /xingrg/dwr/engine.js HTTP/1.1" 200 43631
222.70.246.151 - - [21/Aug/2021:06:18:43 +0800] "GET /xingrg/words/20210820122841_words.js HTTP/1.1" 304 -
222.70.246.151 - - [21/Aug/2021:06:18:43 +0800] "POST /xingrg/dwr/call/plaincall/AjaxQqpsService.loadMaterielItems.dwr HTTP/1.1" 200 329
116.238.194.18 - - [21/Aug/2021:06:18:45 +0800] "GET /xingrg/kc/buy/cgsh_order_operate.html?command=get_materiel&rest_code=00151&code=00101011001&supplier_code=00100047&order_time=2021-08-21 HTTP/1.1" 200 423
116.238.194.18 - - [21/Aug/2021:06:18:47 +0800] "GET /xingrg/all/function/internal_message.html?_=1629497863681&CODE_STATE=getMsg HTTP/1.1" 200 27
172.20.0.100 - - [21/Aug/2021:06:18:49 +0800] "GET /xingrg/check_reg.html?_=1629497928520 HTTP/1.1" 200 22
172.20.0.100 - - [21/Aug/2021:06:18:49 +0800] "GET /xingrg/all/function/internal_message.html?_=1629497928521&CODE_STATE=getMsg HTTP/1.1" 200 27
116.238.194.18 - - [21/Aug/2021:06:18:50 +0800] "GET /xingrg/check_reg.html?_=1629497930269 HTTP/1.1" 200 22
116.238.194.18 - - [21/Aug/2021:06:18:50 +0800] "GET /xingrg/all/function/internal_message.html?_=1629497930271&CODE_STATE=getMsg HTTP/1.1" 200 27
116.230.105.26 - - [21/Aug/2021:06:18:52 +0800] "GET /xingrg/all/function/internal_message.html?_=1629497909338&CODE_STATE=getMsg HTTP/1.1" 200 27
116.238.194.18 - - [21/Aug/2021:06:18:52 +0800] "POST /xingrg/kc/buy/cgsh_order_operate.html HTTP/1.1" 200 37
116.238.194.18 - - [21/Aug/2021:06:18:54 +0800] "POST /xingrg/kc/buy/cgsh_order_operate.html HTTP/1.1" 200 3272
222.70.246.151 - - [21/Aug/2021:06:18:54 +0800] "POST /xingrg/dwr/call/plaincall/AjaxQqpsService.checkOrder.dwr HTTP/1.1" 200 78
120.253.135.82 - - [21/Aug/2021:06:18:54 +0800] "POST /xingrg/kc/pszx/mdps_list_operate.html HTTP/1.1" 200 233
222.70.246.151 - - [21/Aug/2021:06:18:56 +0800] "GET /xingrg/dwr/interface/AjaxQqpsService.js HTTP/1.1" 200 16326
222.70.246.151 - - [21/Aug/2021:06:18:56 +0800] "GET /xingrg/dwr/interface/AjaxComOrderService.js HTTP/1.1" 200 18264
222.70.246.151 - - [21/Aug/2021:06:18:56 +0800] "GET /xingrg/kc/mdqp/qqps_order_info.html?code=302021082000399 HTTP/1.1" 200 26396
222.70.246.151 - - [21/Aug/2021:06:18:56 +0800] "GET /xingrg/dwr/engine.js HTTP/1.1" 200 43631
120.253.135.82 - - [21/Aug/2021:06:18:56 +0800] "POST /xingrg/kc/pszx/mdps_list_operate.html HTTP/1.1" 200 628
222.70.246.151 - - [21/Aug/2021:06:18:56 +0800] "POST /xingrg/dwr/call/plaincall/AjaxQqpsService.loadMaterielItems.dwr HTTP/1.1" 200 329
120.253.135.82 - - [21/Aug/2021:06:18:57 +0800] "GET /xingrg/all/function/internal_message.html?_=1629497714812&CODE_STATE=getMsg HTTP/1.1" 200 27
116.238.194.18 - - [21/Aug/2021:06:19:00 +0800] "POST /xingrg/all/user/operate.html HTTP/1.1" 200 36
116.238.194.18 - - [21/Aug/2021:06:19:01 +0800] "GET /xingrg/javascript/jquery_easy_ui/themes/default/easyui.css HTTP/1.1" 304 -
116.238.194.18 - - [21/Aug/2021:06:19:01 +0800] "GET /xingrg/index.html?sysBaseUrl=http%3A%2F%2F180.169.147.146%3A18081%2Fxingrg%2F&costTime=1153×tamp=1629369930046 HTTP/1.1" 200 17179
116.238.194.18 - - [21/Aug/2021:06:19:01 +0800] "GET /xingrg/javascript/jquery_easy_ui/themes/icon.css HTTP/1.1" 304 -
116.238.194.18 - - [21/Aug/2021:06:19:01 +0800] "GET /xingrg/css/form.css HTTP/1.1" 304 -
116.238.194.18 - - [21/Aug/2021:06:19:01 +0800] "GET /xingrg/javascript/jquery-1.4.2.min.js HTTP/1.1" 304 -
116.238.194.18 - - [21/Aug/2021:06:19:01 +0800] "GET /xingrg/javascript/jquery_easy_ui/jquery.easyui.min.js HTTP/1.1" 304 -
116.238.194.18 - - [21/Aug/2021:06:19:01 +0800] "GET /xingrg/javascript/jquery_easy_ui/easyui-lang-zh_CN.js HTTP/1.1" 304 -
116.238.194.18 - - [21/Aug/2021:06:19:01 +0800] "GET /xingrg/javascript/jquery.form.js HTTP/1.1" 304 -
116.238.194.18 - - [21/Aug/2021:06:19:01 +0800] "GET /xingrg/javascript/jquery.utils.js HTTP/1.1" 304 -
116.238.194.18 - - [21/Aug/2021:06:19:01 +0800] "GET /xingrg/javascript/jquery.timers.js HTTP/1.1" 304 -
116.238.194.18 - - [21/Aug/2021:06:19:01 +0800] "GET /xingrg/images/blue/jxLogo.png HTTP/1.1" 304 -
116.238.194.18 - - [21/Aug/2021:06:19:01 +0800] "GET /xingrg/images/blue/navBackgound.jpg HTTP/1.1" 304 -
116.238.194.18 - - [21/Aug/2021:06:19:01 +0800] "GET /xingrg/javascript/jquery_easy_ui/themes/icons/settle_new.png HTTP/1.1" 304 -
116.238.194.18 - - [21/Aug/2021:06:19:01 +0800] "POST /xingrg/all/common/load_tree.html?tree=area_rest_tree_json&manage=1 HTTP/1.1" 200 476
116.238.194.18 - - [21/Aug/2021:06:19:01 +0800] "GET /xingrg/images/blue/pingpu.png HTTP/1.1" 304 -
116.238.194.18 - - [21/Aug/2021:06:19:01 +0800] "GET /xingrg/javascript/jquery_easy_ui/themes/default/images/tabs_rightarrow.png HTTP/1.1" 304 -
116.238.194.18 - - [21/Aug/2021:06:19:01 +0800] "GET /xingrg/javascript/jquery_easy_ui/themes/default/images/tabs_leftarrow.png HTTP/1.1" 304 -
116.238.194.18 - - [21/Aug/2021:06:19:01 +0800] "GET /xingrg/javascript/jquery_easy_ui/themes/default/images/panel_tool_collapse.gif HTTP/1.1" 304 -
116.238.194.18 - - [21/Aug/2021:06:19:01 +0800] "GET /xingrg/all/function/internal_message.html?_=1629497877908&CODE_STATE=count HTTP/1.1" 200 11
116.238.194.18 - - [21/Aug/2021:06:19:01 +0800] "GET /xingrg/check_reg.html?_=1629497877909 HTTP/1.1" 200 22
116.238.194.18 - - [21/Aug/2021:06:19:01 +0800] "POST /xingrg/load_menu.html HTTP/1.1" 200 5138
120.253.135.82 - - [21/Aug/2021:06:19:01 +0800] "POST /xingrg/kc/pszx/mdps_list_operate.html HTTP/1.1" 200 284
222.70.246.151 - - [21/Aug/2021:06:19:03 +0800] "GET /xingrg/kc/mdqp/qqps_order_list.html HTTP/1.1" 200 9642
222.70.246.151 - - [21/Aug/2021:06:19:03 +0800] "GET /xingrg/dwr/interface/AjaxReportQueryService.js HTTP/1.1" 200 13203
222.70.246.151 - - [21/Aug/2021:06:19:03 +0800] "GET /xingrg/dwr/interface/AjaxQqpsService.js HTTP/1.1" 200 16326
222.70.246.151 - - [21/Aug/2021:06:19:03 +0800] "GET /xingrg/dwr/engine.js HTTP/1.1" 200 43631
116.238.194.18 - - [21/Aug/2021:06:19:04 +0800] "GET /xingrg/kc/buy/cgsh_order_list.html HTTP/1.1" 200 47540
116.238.194.18 - - [21/Aug/2021:06:19:05 +0800] "POST /xingrg/kc/buy/cgsh_list_operate.html HTTP/1.1" 200 876
120.253.135.82 - - [21/Aug/2021:06:19:05 +0800] "POST /xingrg/kc/pszx/mdps_list_operate.html HTTP/1.1" 200 621
222.70.246.151 - - [21/Aug/2021:06:19:05 +0800] "GET /xingrg/kc/mdqp/qqps_order_info.html?code=302021082000397 HTTP/1.1" 200 28155
222.70.246.151 - - [21/Aug/2021:06:19:05 +0800] "GET /xingrg/dwr/interface/AjaxQqpsService.js HTTP/1.1" 200 16326
222.70.246.151 - - [21/Aug/2021:06:19:05 +0800] "GET /xingrg/dwr/interface/AjaxComOrderService.js HTTP/1.1" 200 18264
222.70.246.151 - - [21/Aug/2021:06:19:05 +0800] "GET /xingrg/dwr/engine.js HTTP/1.1" 200 43631
120.253.135.82 - - [21/Aug/2021:06:19:06 +0800] "GET /xingrg/kc/pszx/mdps_order_info.html?code=312021082100554 HTTP/1.1" 200 23925
222.70.246.151 - - [21/Aug/2021:06:19:06 +0800] "POST /xingrg/dwr/call/plaincall/AjaxQqpsService.loadMaterielItems.dwr HTTP/1.1" 200 890
120.253.135.82 - - [21/Aug/2021:06:19:06 +0800] "GET /xingrg/javascript/easyui/themes/default/validatebox.css HTTP/1.1" 404 1104
120.253.135.82 - - [21/Aug/2021:06:19:06 +0800] "POST /xingrg/kc/pszx/mdps_order_operate.html HTTP/1.1" 200 5727
120.253.135.82 - - [21/Aug/2021:06:19:10 +0800] "GET /xingrg/css/images/panel_loading.gif HTTP/1.1" 200 1737
120.253.135.82 - - [21/Aug/2021:06:19:10 +0800] "POST /xingrg/all/common/load_combo.html?type=base HTTP/1.1" 200 1075
116.238.194.18 - - [21/Aug/2021:06:19:11 +0800] "GET /xingrg/kc/buy/cgsh_order_add.html HTTP/1.1" 200 63208
116.238.194.18 - - [21/Aug/2021:06:19:11 +0800] "POST /xingrg/kc/buy/cgsh_order_operate.html HTTP/1.1" 200 8245
116.238.194.18 - - [21/Aug/2021:06:19:12 +0800] "GET /xingrg/all/common/auto_word.html?type=employee&rest_code=00150 HTTP/1.1" 200 205
116.238.194.18 - - [21/Aug/2021:06:19:12 +0800] "GET /xingrg/all/common/auto_word.html?type=employee&rest_code=00150 HTTP/1.1" 200 205
116.238.194.18 - - [21/Aug/2021:06:19:12 +0800] "GET /xingrg/javascript/easyui/themes/default/validatebox.css HTTP/1.1" 404 1104
116.238.194.18 - - [21/Aug/2021:06:19:13 +0800] "GET /xingrg/javascript/auto/indicator.gif HTTP/1.1" 404 1066
120.253.135.82 - - [21/Aug/2021:06:19:14 +0800] "POST /xingrg/kc/pszx/mdps_order_operate.html HTTP/1.1" 200 37
120.253.135.82 - - [21/Aug/2021:06:19:16 +0800] "GET /xingrg/kc/pszx/mdps_order_info.html?code=312021082100554 HTTP/1.1" 200 23925
120.253.135.82 - - [21/Aug/2021:06:19:16 +0800] "GET /xingrg/javascript/easyui/themes/default/validatebox.css HTTP/1.1" 404 1104
120.253.135.82 - - [21/Aug/2021:06:19:16 +0800] "POST /xingrg/kc/pszx/mdps_order_operate.html HTTP/1.1" 200 5800
116.238.194.18 - - [21/Aug/2021:06:19:21 +0800] "GET /xingrg/kc/buy/cgsh_order_operate.html?command=get_materiel&rest_code=00150&code=00101031012&supplier_code=00100054&order_time=2021-08-21 HTTP/1.1" 200 417
222.70.246.151 - - [21/Aug/2021:06:19:25 +0800] "GET /xingrg/javascript/auto/indicator.gif HTTP/1.1" 404 1066
222.70.246.151 - - [21/Aug/2021:06:19:28 +0800] "GET /xingrg/all/function/internal_message.html?_=1629497986596&CODE_STATE=getMsg HTTP/1.1" 302 -
222.70.246.151 - - [21/Aug/2021:06:19:29 +0800] "POST /xingrg/dwr/call/plaincall/AjaxQqpsService.getMaterielByCode.dwr HTTP/1.1" 200 2591
116.238.194.18 - - [21/Aug/2021:06:19:31 +0800] "POST /xingrg/kc/buy/cgsh_order_operate.html HTTP/1.1" 200 37
222.70.246.151 - - [21/Aug/2021:06:19:32 +0800] "POST /xingrg/dwr/call/plaincall/AjaxQqpsService.saveMaterielItem.dwr HTTP/1.1" 200 78
222.70.246.151 - - [21/Aug/2021:06:19:32 +0800] "GET /xingrg/all/function/internal_message.html?_=1629497985730&CODE_STATE=getMsg HTTP/1.1" 200 27
116.238.194.18 - - [21/Aug/2021:06:19:34 +0800] "POST /xingrg/kc/buy/cgsh_order_operate.html HTTP/1.1" 200 12
116.238.194.18 - - [21/Aug/2021:06:19:35 +0800] "GET /xingrg/kc/buy/cgsh_order_info.html?code=212021082109376 HTTP/1.1" 200 58119
116.238.194.18 - - [21/Aug/2021:06:19:36 +0800] "GET /xingrg/javascript/easyui/themes/default/validatebox.css HTTP/1.1" 404 1104
116.238.194.18 - - [21/Aug/2021:06:19:36 +0800] "POST /xingrg/kc/buy/cgsh_order_operate.html HTTP/1.1" 200 613
222.70.246.151 - - [21/Aug/2021:06:19:36 +0800] "POST /xingrg/dwr/call/plaincall/AjaxQqpsService.getMaterielByCode.dwr HTTP/1.1" 200 2613
116.238.194.18 - - [21/Aug/2021:06:19:37 +0800] "GET /xingrg/kc/print/load_config.html?kc_code=cgsh HTTP/1.1" 200 2076
116.238.194.18 - - [21/Aug/2021:06:19:37 +0800] "GET /xingrg/kc/print/load_data.html?order_code=212021082109376&kc_code=cgsh&condition= HTTP/1.1" 200 728
120.253.135.82 - - [21/Aug/2021:06:19:37 +0800] "POST /xingrg/kc/pszx/mdps_order_operate.html HTTP/1.1" 200 37
120.253.135.82 - - [21/Aug/2021:06:19:38 +0800] "GET /xingrg/kc/pszx/mdps_order_info.html?code=312021082100554 HTTP/1.1" 200 23925
222.70.246.151 - - [21/Aug/2021:06:19:39 +0800] "POST /xingrg/dwr/call/plaincall/AjaxQqpsService.saveMaterielItem.dwr HTTP/1.1" 200 78
120.253.135.82 - - [21/Aug/2021:06:19:39 +0800] "GET /xingrg/javascript/easyui/themes/default/validatebox.css HTTP/1.1" 404 1104
120.253.135.82 - - [21/Aug/2021:06:19:39 +0800] "POST /xingrg/kc/pszx/mdps_order_operate.html HTTP/1.1" 200 5801
101.83.145.79 - - [21/Aug/2021:06:19:42 +0800] "GET /xingrg/all/function/internal_message.html?_=1629497984837&CODE_STATE=getMsg HTTP/1.1" 200 27
172.20.0.100 - - [21/Aug/2021:06:19:43 +0800] "GET /xingrg/check_reg.html?_=1629497982108 HTTP/1.1" 200 22
172.20.0.100 - - [21/Aug/2021:06:19:43 +0800] "GET /xingrg/all/function/internal_message.html?_=1629497982110&CODE_STATE=getMsg HTTP/1.1" 200 27
116.238.194.18 - - [21/Aug/2021:06:19:45 +0800] "GET /xingrg/kc/buy/cgsh_order_add.html HTTP/1.1" 200 63208
116.238.194.18 - - [21/Aug/2021:06:19:45 +0800] "POST /xingrg/kc/buy/cgsh_order_operate.html HTTP/1.1" 200 8245
116.238.194.18 - - [21/Aug/2021:06:19:45 +0800] "GET /xingrg/javascript/easyui/themes/default/validatebox.css HTTP/1.1" 404 1104
120.253.135.82 - - [21/Aug/2021:06:19:47 +0800] "POST /xingrg/kc/pszx/mdps_list_operate.html HTTP/1.1" 200 3857
120.253.135.82 - - [21/Aug/2021:06:19:49 +0800] "POST /xingrg/kc/pszx/mdps_list_operate.html HTTP/1.1" 200 216
172.20.0.100 - - [21/Aug/2021:06:19:49 +0800] "GET /xingrg/all/function/internal_message.html?_=1629497988523&CODE_STATE=getMsg HTTP/1.1" 200 27
116.238.194.18 - - [21/Aug/2021:06:19:50 +0800] "GET /xingrg/all/function/internal_message.html?_=1629497990271&CODE_STATE=getMsg HTTP/1.1" 200 27
120.253.135.82 - - [21/Aug/2021:06:19:50 +0800] "POST /xingrg/kc/pszx/mdps_list_operate.html HTTP/1.1" 200 621
222.70.246.151 - - [21/Aug/2021:06:19:51 +0800] "POST /xingrg/dwr/call/plaincall/AjaxQqpsService.getMaterielByCode.dwr HTTP/1.1" 200 2584
116.230.105.26 - - [21/Aug/2021:06:19:52 +0800] "GET /xingrg/all/function/internal_message.html?_=1629497969310&CODE_STATE=getMsg HTTP/1.1" 200 27
120.253.135.82 - - [21/Aug/2021:06:19:52 +0800] "POST /xingrg/kc/pszx/mdps_list_operate.html HTTP/1.1" 200 204
222.70.246.151 - - [21/Aug/2021:06:19:55 +0800] "POST /xingrg/dwr/call/plaincall/AjaxQqpsService.saveMaterielItem.dwr HTTP/1.1" 200 78
120.253.135.82 - - [21/Aug/2021:06:19:55 +0800] "GET /xingrg/kc/pszx/mdps_order_info.html?code=312021082100555 HTTP/1.1" 200 23925
120.253.135.82 - - [21/Aug/2021:06:19:55 +0800] "GET /xingrg/javascript/easyui/themes/default/validatebox.css HTTP/1.1" 404 1104
120.253.135.82 - - [21/Aug/2021:06:19:55 +0800] "POST /xingrg/kc/pszx/mdps_order_operate.html HTTP/1.1" 200 2308
116.238.194.18 - - [21/Aug/2021:06:19:57 +0800] "GET /xingrg/kc/buy/cgsh_order_operate.html?command=get_materiel&rest_code=00150&code=00101008176&supplier_code=00100007&order_time=2021-08-21 HTTP/1.1" 200 412
120.253.135.82 - - [21/Aug/2021:06:19:58 +0800] "POST /xingrg/kc/pszx/mdps_order_operate.html HTTP/1.1" 200 37
120.253.135.82 - - [21/Aug/2021:06:19:59 +0800] "GET /xingrg/kc/pszx/mdps_order_info.html?code=312021082100555 HTTP/1.1" 200 23925
222.70.246.151 - - [21/Aug/2021:06:19:59 +0800] "GET /xingrg/check_reg.html?_=1629498001463 HTTP/1.1" 200 22
120.253.135.82 - - [21/Aug/2021:06:19:59 +0800] "GET /xingrg/javascript/easyui/themes/default/validatebox.css HTTP/1.1" 404 1104
120.253.135.82 - - [21/Aug/2021:06:19:59 +0800] "POST /xingrg/kc/pszx/mdps_order_operate.html HTTP/1.1" 200 2315
120.253.135.82 - - [21/Aug/2021:06:20:00 +0800] "GET /xingrg/all/function/internal_message.html?_=1629497777197&CODE_STATE=getMsg HTTP/1.1" 200 27
116.238.194.18 - - [21/Aug/2021:06:20:01 +0800] "GET /xingrg/all/function/internal_message.html?_=1629497937922&CODE_STATE=getMsg HTTP/1.1" 200 27
222.70.246.151 - - [21/Aug/2021:06:20:01 +0800] "POST /xingrg/dwr/call/plaincall/AjaxQqpsService.getMaterielByCode.dwr HTTP/1.1" 200 2613
222.70.246.151 - - [21/Aug/2021:06:20:03 +0800] "POST /xingrg/dwr/call/plaincall/AjaxQqpsService.saveMaterielItem.dwr HTTP/1.1" 200 78
120.253.135.82 - - [21/Aug/2021:06:20:04 +0800] "POST /xingrg/kc/pszx/mdps_list_operate.html HTTP/1.1" 200 3857
120.253.135.82 - - [21/Aug/2021:06:20:05 +0800] "POST /xingrg/kc/pszx/mdps_list_operate.html HTTP/1.1" 200 621
120.253.135.82 - - [21/Aug/2021:06:20:07 +0800] "GET /xingrg/kc/pszx/mdps_order_info.html?code=312021082100554 HTTP/1.1" 200 23925
120.253.135.82 - - [21/Aug/2021:06:20:08 +0800] "GET /xingrg/javascript/easyui/themes/default/validatebox.css HTTP/1.1" 404 1104
120.253.135.82 - - [21/Aug/2021:06:20:08 +0800] "POST /xingrg/kc/pszx/mdps_order_operate.html HTTP/1.1" 200 5801
116.238.194.18 - - [21/Aug/2021:06:20:11 +0800] "GET /xingrg/kc/buy/cgsh_order_operate.html?command=get_materiel&rest_code=00150&code=00101008256&supplier_code=00100007&order_time=2021-08-21 HTTP/1.1" 200 413
120.253.135.82 - - [21/Aug/2021:06:20:14 +0800] "POST /xingrg/kc/pszx/mdps_list_operate.html HTTP/1.1" 200 3857
120.253.135.82 - - [21/Aug/2021:06:20:16 +0800] "POST /xingrg/kc/pszx/mdps_list_operate.html HTTP/1.1" 200 216
120.253.135.82 - - [21/Aug/2021:06:20:18 +0800] "POST /xingrg/kc/pszx/mdps_list_operate.html HTTP/1.1" 200 621
120.253.135.82 - - [21/Aug/2021:06:20:19 +0800] "GET /xingrg/kc/pszx/mdps_order_info.html?code=312021082100554 HTTP/1.1" 200 23925
120.253.135.82 - - [21/Aug/2021:06:20:19 +0800] "GET /xingrg/javascript/easyui/themes/default/validatebox.css HTTP/1.1" 404 1104
120.253.135.82 - - [21/Aug/2021:06:20:20 +0800] "POST /xingrg/kc/pszx/mdps_order_operate.html HTTP/1.1" 200 5801
116.238.194.18 - - [21/Aug/2021:06:20:20 +0800] "GET /xingrg/kc/buy/cgsh_order_operate.html?command=get_materiel&rest_code=00150&code=00101008132&supplier_code=00100007&order_time=2021-08-21 HTTP/1.1" 200 408
222.70.246.151 - - [21/Aug/2021:06:20:27 +0800] "GET /xingrg/check_reg.html?_=1629498044854 HTTP/1.1" 302 -
116.238.194.18 - - [21/Aug/2021:06:20:28 +0800] "GET /xingrg/kc/buy/cgsh_order_operate.html?command=get_materiel&rest_code=00150&code=00101008156&supplier_code=00100007&order_time=2021-08-21 HTTP/1.1" 200 414
222.70.246.151 - - [21/Aug/2021:06:20:28 +0800] "GET /xingrg/all/function/internal_message.html?_=1629498046610&CODE_STATE=getMsg HTTP/1.1" 302 -
120.253.135.82 - - [21/Aug/2021:06:20:29 +0800] "GET /xingrg/kc/print/load_data.html?order_code=312021082100554&kc_code=mdps&condition= HTTP/1.1" 200 2290
222.70.246.151 - - [21/Aug/2021:06:20:32 +0800] "GET /xingrg/all/function/internal_message.html?_=1629498045744&CODE_STATE=getMsg HTTP/1.1" 200 27
222.70.246.151 - - [21/Aug/2021:06:20:34 +0800] "POST /xingrg/dwr/call/plaincall/AjaxQqpsService.getMaterielByCode.dwr HTTP/1.1" 200 2627
222.70.246.151 - - [21/Aug/2021:06:20:35 +0800] "POST /xingrg/dwr/call/plaincall/AjaxQqpsService.saveMaterielItem.dwr HTTP/1.1" 200 79
120.253.135.82 - - [21/Aug/2021:06:20:38 +0800] "POST /xingrg/kc/pszx/mdps_list_operate.html HTTP/1.1" 200 3857
120.253.135.82 - - [21/Aug/2021:06:20:39 +0800] "POST /xingrg/kc/pszx/mdps_list_operate.html HTTP/1.1" 200 216
120.253.135.82 - - [21/Aug/2021:06:20:39 +0800] "GET /xingrg/kc/pszx/mdps_order_info.html?code=312021082100555 HTTP/1.1" 200 23925
120.253.135.82 - - [21/Aug/2021:06:20:40 +0800] "GET /xingrg/javascript/easyui/themes/default/validatebox.css HTTP/1.1" 404 1104
120.253.135.82 - - [21/Aug/2021:06:20:40 +0800] "POST /xingrg/kc/pszx/mdps_order_operate.html HTTP/1.1" 200 2315
120.253.135.82 - - [21/Aug/2021:06:20:42 +0800] "GET /xingrg/kc/print/load_data.html?order_code=312021082100555&kc_code=mdps&condition= HTTP/1.1" 200 693
116.238.194.18 - - [21/Aug/2021:06:20:42 +0800] "GET /xingrg/kc/buy/cgsh_order_operate.html?command=get_materiel&rest_code=00150&code=00101008331&supplier_code=00100007&order_time=2021-08-21 HTTP/1.1" 200 416
101.83.145.79 - - [21/Aug/2021:06:20:42 +0800] "GET /xingrg/all/function/internal_message.html?_=1629498044837&CODE_STATE=getMsg HTTP/1.1" 200 27
172.20.0.100 - - [21/Aug/2021:06:20:43 +0800] "GET /xingrg/all/function/internal_message.html?_=1629498042098&CODE_STATE=getMsg HTTP/1.1" 200 27
222.70.246.151 - - [21/Aug/2021:06:20:43 +0800] "POST /xingrg/dwr/call/plaincall/AjaxQqpsService.getMaterielByCode.dwr HTTP/1.1" 200 2603
222.70.246.151 - - [21/Aug/2021:06:20:47 +0800] "POST /xingrg/dwr/call/plaincall/AjaxQqpsService.saveMaterielItem.dwr HTTP/1.1" 200 79
120.253.135.82 - - [21/Aug/2021:06:20:47 +0800] "POST /xingrg/kc/pszx/mdps_list_operate.html HTTP/1.1" 200 3857
172.20.0.100 - - [21/Aug/2021:06:20:49 +0800] "GET /xingrg/all/function/internal_message.html?_=1629498048526&CODE_STATE=getMsg HTTP/1.1" 200 27
116.238.194.18 - - [21/Aug/2021:06:20:50 +0800] "GET /xingrg/all/function/internal_message.html?_=1629498050273&CODE_STATE=getMsg HTTP/1.1" 200 27
116.230.105.26 - - [21/Aug/2021:06:20:52 +0800] "GET /xingrg/all/function/internal_message.html?_=1629498029283&CODE_STATE=getMsg HTTP/1.1" 200 27
116.238.194.18 - - [21/Aug/2021:06:20:53 +0800] "GET /xingrg/kc/buy/cgsh_order_operate.html?command=get_materiel&rest_code=00150&code=00101008349&supplier_code=00100007&order_time=2021-08-21 HTTP/1.1" 200 412
120.253.135.82 - - [21/Aug/2021:06:21:00 +0800] "GET /xingrg/all/function/internal_message.html?_=1629497837242&CODE_STATE=getMsg HTTP/1.1" 200 27
116.238.194.18 - - [21/Aug/2021:06:21:01 +0800] "GET /xingrg/all/function/internal_message.html?_=1629497997935&CODE_STATE=getMsg HTTP/1.1" 200 27
116.238.194.18 - - [21/Aug/2021:06:21:03 +0800] "GET /xingrg/kc/buy/cgsh_order_operate.html?command=get_materiel&rest_code=00150&code=00101008350&supplier_code=00100007&order_time=2021-08-21 HTTP/1.1" 200 408
222.70.246.151 - - [21/Aug/2021:06:21:15 +0800] "POST /xingrg/dwr/call/plaincall/AjaxQqpsService.getMaterielByCode.dwr HTTP/1.1" 200 2571
116.238.194.18 - - [21/Aug/2021:06:21:16 +0800] "GET /xingrg/kc/buy/cgsh_order_operate.html?command=get_materiel&rest_code=00150&code=00101008049&supplier_code=00100007&order_time=2021-08-21 HTTP/1.1" 200 408
116.238.194.18 - - [21/Aug/2021:06:21:25 +0800] "GET /xingrg/kc/buy/cgsh_order_operate.html?command=get_materiel&rest_code=00150&code=00101008244&supplier_code=00100007&order_time=2021-08-21 HTTP/1.1" 200 408
222.70.246.151 - - [21/Aug/2021:06:21:29 +0800] "GET /xingrg/all/function/internal_message.html?_=1629498106630&CODE_STATE=getMsg HTTP/1.1" 302 -
222.70.246.151 - - [21/Aug/2021:06:21:32 +0800] "GET /xingrg/all/function/internal_message.html?_=1629498105757&CODE_STATE=getMsg HTTP/1.1" 200 27
116.238.194.18 - - [21/Aug/2021:06:21:36 +0800] "GET /xingrg/kc/buy/cgsh_order_operate.html?command=get_materiel&rest_code=00150&code=00101008149&supplier_code=00100007&order_time=2021-08-21 HTTP/1.1" 200 408
222.70.246.151 - - [21/Aug/2021:06:21:37 +0800] "POST /xingrg/dwr/call/plaincall/AjaxQqpsService.saveMaterielItem.dwr HTTP/1.1" 200 79
101.83.145.79 - - [21/Aug/2021:06:21:42 +0800] "GET /xingrg/all/function/internal_message.html?_=1629498104834&CODE_STATE=getMsg HTTP/1.1" 200 27
172.20.0.100 - - [21/Aug/2021:06:21:43 +0800] "GET /xingrg/all/function/internal_message.html?_=1629498102099&CODE_STATE=getMsg HTTP/1.1" 200 27
116.238.194.18 - - [21/Aug/2021:06:21:43 +0800] "GET /xingrg/kc/buy/cgsh_order_operate.html?command=get_materiel&rest_code=00150&code=00101008185&supplier_code=00100007&order_time=2021-08-21 HTTP/1.1" 200 408
222.70.246.151 - - [21/Aug/2021:06:21:48 +0800] "POST /xingrg/dwr/call/plaincall/AjaxQqpsService.checkOrder.dwr HTTP/1.1" 200 79
172.20.0.100 - - [21/Aug/2021:06:21:49 +0800] "GET /xingrg/all/function/internal_message.html?_=1629498108529&CODE_STATE=getMsg HTTP/1.1" 200 27
222.70.246.151 - - [21/Aug/2021:06:21:49 +0800] "GET /xingrg/kc/mdqp/qqps_order_info.html?code=302021082000397 HTTP/1.1" 200 26396
222.70.246.151 - - [21/Aug/2021:06:21:49 +0800] "GET /xingrg/dwr/interface/AjaxComOrderService.js HTTP/1.1" 200 18264
222.70.246.151 - - [21/Aug/2021:06:21:49 +0800] "GET /xingrg/dwr/engine.js HTTP/1.1" 200 43631
222.70.246.151 - - [21/Aug/2021:06:21:49 +0800] "GET /xingrg/dwr/interface/AjaxQqpsService.js HTTP/1.1" 200 16326
222.70.246.151 - - [21/Aug/2021:06:21:50 +0800] "POST /xingrg/dwr/call/plaincall/AjaxQqpsService.loadMaterielItems.dwr HTTP/1.1" 200 2837
116.238.194.18 - - [21/Aug/2021:06:21:50 +0800] "GET /xingrg/all/function/internal_message.html?_=1629498110271&CODE_STATE=getMsg HTTP/1.1" 200 27
116.238.194.18 - - [21/Aug/2021:06:21:51 +0800] "GET /xingrg/kc/buy/cgsh_order_operate.html?command=get_materiel&rest_code=00150&code=00101008096&supplier_code=00100007&order_time=2021-08-21 HTTP/1.1" 200 412
116.230.105.26 - - [21/Aug/2021:06:21:52 +0800] "GET /xingrg/all/function/internal_message.html?_=1629498089267&CODE_STATE=getMsg HTTP/1.1" 200 27
116.238.194.18 - - [21/Aug/2021:06:21:58 +0800] "GET /xingrg/kc/buy/cgsh_order_operate.html?command=get_materiel&rest_code=00150&code=00101008361&supplier_code=00100007&order_time=2021-08-21 HTTP/1.1" 200 408
120.253.135.82 - - [21/Aug/2021:06:22:00 +0800] "GET /xingrg/all/function/internal_message.html?_=1629497897256&CODE_STATE=getMsg HTTP/1.1" 200 27
222.70.246.151 - - [21/Aug/2021:06:22:00 +0800] "GET /xingrg/kc/mdqp/qqps_order_add.html HTTP/1.1" 200 27993
222.70.246.151 - - [21/Aug/2021:06:22:00 +0800] "GET /xingrg/dwr/interface/AjaxQqpsService.js HTTP/1.1" 200 16326
222.70.246.151 - - [21/Aug/2021:06:22:00 +0800] "GET /xingrg/dwr/interface/AjaxComOrderService.js HTTP/1.1" 200 18264
222.70.246.151 - - [21/Aug/2021:06:22:00 +0800] "GET /xingrg/dwr/engine.js HTTP/1.1" 200 43631
116.238.194.18 - - [21/Aug/2021:06:22:01 +0800] "GET /xingrg/all/function/internal_message.html?_=1629498057949&CODE_STATE=getMsg HTTP/1.1" 200 27
116.238.194.18 - - [21/Aug/2021:06:22:05 +0800] "GET /xingrg/kc/buy/cgsh_order_operate.html?command=get_materiel&rest_code=00150&code=00101008144&supplier_code=00100007&order_time=2021-08-21 HTTP/1.1" 200 412
116.230.105.26 - - [21/Aug/2021:06:22:08 +0800] "GET /xingrg/check_reg.html?_=1629498106076 HTTP/1.1" 200 22
116.238.194.18 - - [21/Aug/2021:06:22:16 +0800] "GET /xingrg/kc/buy/cgsh_order_operate.html?command=get_materiel&rest_code=00150&code=00101008264&supplier_code=00100007&order_time=2021-08-21 HTTP/1.1" 200 412
222.70.246.151 - - [21/Aug/2021:06:22:17 +0800] "POST /xingrg/dwr/call/plaincall/AjaxQqpsService.saveOrder.dwr HTTP/1.1" 200 78
116.238.194.18 - - [21/Aug/2021:06:22:24 +0800] "GET /xingrg/kc/buy/cgsh_order_operate.html?command=get_materiel&rest_code=00150&code=00101008301&supplier_code=00100007&order_time=2021-08-21 HTTP/1.1" 200 422
120.253.135.82 - - [21/Aug/2021:06:22:27 +0800] "POST /xingrg/kc/pszx/mdps_list_operate.html HTTP/1.1" 200 2770
222.70.246.151 - - [21/Aug/2021:06:22:29 +0800] "GET /xingrg/all/function/internal_message.html?_=1629498166637&CODE_STATE=getMsg HTTP/1.1" 302 -
222.70.246.151 - - [21/Aug/2021:06:22:29 +0800] "GET /xingrg/javascript/auto/indicator.gif HTTP/1.1" 404 1066
120.253.135.82 - - [21/Aug/2021:06:22:29 +0800] "POST /xingrg/kc/pszx/mdps_list_operate.html HTTP/1.1" 200 629
120.253.135.82 - - [21/Aug/2021:06:22:30 +0800] "POST /xingrg/kc/pszx/mdps_list_operate.html HTTP/1.1" 200 655
222.70.246.151 - - [21/Aug/2021:06:22:32 +0800] "POST /xingrg/dwr/call/plaincall/AjaxQqpsService.getMaterielByCode.dwr HTTP/1.1" 200 2620
222.70.246.151 - - [21/Aug/2021:06:22:32 +0800] "GET /xingrg/all/function/internal_message.html?_=1629498165774&CODE_STATE=getMsg HTTP/1.1" 200 27
222.70.246.151 - - [21/Aug/2021:06:22:34 +0800] "POST /xingrg/dwr/call/plaincall/AjaxQqpsService.saveMaterielItem.dwr HTTP/1.1" 200 78
116.238.194.18 - - [21/Aug/2021:06:22:35 +0800] "GET /xingrg/kc/buy/cgsh_order_operate.html?command=get_materiel&rest_code=00150&code=00101008063&supplier_code=00100007&order_time=2021-08-21 HTTP/1.1" 200 412
120.253.135.82 - - [21/Aug/2021:06:22:36 +0800] "POST /xingrg/kc/pszx/mdps_list_operate.html HTTP/1.1" 200 277
120.253.135.82 - - [21/Aug/2021:06:22:37 +0800] "GET /xingrg/kc/pszx/mdps_order_info.html?code=312021082100556 HTTP/1.1" 200 23925
120.253.135.82 - - [21/Aug/2021:06:22:37 +0800] "GET /xingrg/javascript/easyui/themes/default/validatebox.css HTTP/1.1" 404 1104
120.253.135.82 - - [21/Aug/2021:06:22:37 +0800] "POST /xingrg/kc/pszx/mdps_order_operate.html HTTP/1.1" 200 2749
222.70.246.151 - - [21/Aug/2021:06:22:40 +0800] "POST /xingrg/dwr/call/plaincall/AjaxQqpsService.getMaterielByCode.dwr HTTP/1.1" 200 2653
222.70.246.151 - - [21/Aug/2021:06:22:42 +0800] "POST /xingrg/dwr/call/plaincall/AjaxQqpsService.saveMaterielItem.dwr HTTP/1.1" 200 78
120.253.135.82 - - [21/Aug/2021:06:22:42 +0800] "POST /xingrg/kc/pszx/mdps_order_operate.html HTTP/1.1" 200 37
101.83.145.79 - - [21/Aug/2021:06:22:42 +0800] "GET /xingrg/all/function/internal_message.html?_=1629498164833&CODE_STATE=getMsg HTTP/1.1" 200 27
101.83.145.79 - - [21/Aug/2021:06:22:42 +0800] "GET /xingrg/check_reg.html?_=1629498164834 HTTP/1.1" 200 22
116.238.194.18 - - [21/Aug/2021:06:22:43 +0800] "GET /xingrg/kc/buy/cgsh_order_operate.html?command=get_materiel&rest_code=00150&code=00101008357&supplier_code=00100007&order_time=2021-08-21 HTTP/1.1" 200 408
172.20.0.100 - - [21/Aug/2021:06:22:43 +0800] "GET /xingrg/all/function/internal_message.html?_=1629498162101&CODE_STATE=getMsg HTTP/1.1" 200 27
120.253.135.82 - - [21/Aug/2021:06:22:43 +0800] "GET /xingrg/kc/pszx/mdps_order_info.html?code=312021082100556 HTTP/1.1" 200 23925
120.253.135.82 - - [21/Aug/2021:06:22:44 +0800] "GET /xingrg/javascript/easyui/themes/default/validatebox.css HTTP/1.1" 404 1104
120.253.135.82 - - [21/Aug/2021:06:22:44 +0800] "POST /xingrg/kc/pszx/mdps_order_operate.html HTTP/1.1" 200 2764
222.70.246.151 - - [21/Aug/2021:06:22:48 +0800] "POST /xingrg/dwr/call/plaincall/AjaxQqpsService.getMaterielByCode.dwr HTTP/1.1" 200 2625
172.20.0.100 - - [21/Aug/2021:06:22:49 +0800] "GET /xingrg/all/function/internal_message.html?_=1629498168530&CODE_STATE=getMsg HTTP/1.1" 200 27
120.253.135.82 - - [21/Aug/2021:06:22:49 +0800] "GET /xingrg/check_reg.html?_=1629497946427 HTTP/1.1" 200 22
116.238.194.18 - - [21/Aug/2021:06:22:50 +0800] "GET /xingrg/all/function/internal_message.html?_=1629498170269&CODE_STATE=getMsg HTTP/1.1" 200 27
222.70.246.151 - - [21/Aug/2021:06:22:50 +0800] "POST /xingrg/dwr/call/plaincall/AjaxQqpsService.saveMaterielItem.dwr HTTP/1.1" 200 78
116.238.194.18 - - [21/Aug/2021:06:22:51 +0800] "GET /xingrg/kc/buy/cgsh_order_operate.html?command=get_materiel&rest_code=00150&code=00101008069&supplier_code=00100007&order_time=2021-08-21 HTTP/1.1" 200 412
116.230.105.26 - - [21/Aug/2021:06:22:52 +0800] "GET /xingrg/all/function/internal_message.html?_=1629498149260&CODE_STATE=getMsg HTTP/1.1" 200 27
116.238.194.18 - - [21/Aug/2021:06:22:57 +0800] "GET /xingrg/kc/buy/cgsh_order_operate.html?command=get_materiel&rest_code=00150&code=00101008286&supplier_code=00100007&order_time=2021-08-21 HTTP/1.1" 200 408
120.253.135.82 - - [21/Aug/2021:06:23:00 +0800] "GET /xingrg/all/function/internal_message.html?_=1629497957277&CODE_STATE=getMsg HTTP/1.1" 200 27
222.70.246.151 - - [21/Aug/2021:06:23:01 +0800] "POST /xingrg/dwr/call/plaincall/AjaxQqpsService.getMaterielByCode.dwr HTTP/1.1" 200 2672
120.253.135.82 - - [21/Aug/2021:06:23:01 +0800] "GET /xingrg/kc/pszx/mdps_order_operate.html?command=get_materiel&pszx_code=00101&rest_code=00111&base_code=0010246&code=00101030030 HTTP/1.1" 200 424
116.238.194.18 - - [21/Aug/2021:06:23:01 +0800] "GET /xingrg/all/function/internal_message.html?_=1629498117968&CODE_STATE=getMsg HTTP/1.1" 200 27
116.238.194.18 - - [21/Aug/2021:06:23:02 +0800] "POST /xingrg/kc/buy/cgsh_order_operate.html HTTP/1.1" 200 37
222.70.246.151 - - [21/Aug/2021:06:23:03 +0800] "POST /xingrg/dwr/call/plaincall/AjaxQqpsService.saveMaterielItem.dwr HTTP/1.1" 200 78
116.238.194.18 - - [21/Aug/2021:06:23:04 +0800] "POST /xingrg/kc/buy/cgsh_order_operate.html HTTP/1.1" 200 13900
120.253.135.82 - - [21/Aug/2021:06:23:07 +0800] "POST /xingrg/kc/pszx/mdps_order_operate.html HTTP/1.1" 200 37
120.253.135.82 - - [21/Aug/2021:06:23:07 +0800] "GET /xingrg/kc/pszx/mdps_order_info.html?code=312021082100556 HTTP/1.1" 200 23925
120.253.135.82 - - [21/Aug/2021:06:23:08 +0800] "GET /xingrg/javascript/easyui/themes/default/validatebox.css HTTP/1.1" 404 1104
120.253.135.82 - - [21/Aug/2021:06:23:08 +0800] "POST /xingrg/kc/pszx/mdps_order_operate.html HTTP/1.1" 200 2770
222.70.246.151 - - [21/Aug/2021:06:23:09 +0800] "POST /xingrg/dwr/call/plaincall/AjaxQqpsService.getMaterielByCode.dwr HTTP/1.1" 200 2643
120.253.135.82 - - [21/Aug/2021:06:23:09 +0800] "POST /xingrg/kc/pszx/mdps_list_operate.html HTTP/1.1" 200 2770
222.70.246.151 - - [21/Aug/2021:06:23:10 +0800] "POST /xingrg/dwr/call/plaincall/AjaxQqpsService.saveMaterielItem.dwr HTTP/1.1" 200 79
116.238.194.18 - - [21/Aug/2021:06:23:10 +0800] "GET /xingrg/kc/buy/cgsh_order_operate.html?command=get_materiel&rest_code=00150&code=00101008131&supplier_code=00100007&order_time=2021-08-21 HTTP/1.1" 200 408
120.253.135.82 - - [21/Aug/2021:06:23:11 +0800] "POST /xingrg/kc/pszx/mdps_list_operate.html HTTP/1.1" 200 211
120.253.135.82 - - [21/Aug/2021:06:23:12 +0800] "GET /xingrg/kc/pszx/mdps_order_info.html?code=312021082100557 HTTP/1.1" 200 23925
120.253.135.82 - - [21/Aug/2021:06:23:12 +0800] "GET /xingrg/javascript/easyui/themes/default/validatebox.css HTTP/1.1" 404 1104
120.253.135.82 - - [21/Aug/2021:06:23:12 +0800] "POST /xingrg/kc/pszx/mdps_order_operate.html HTTP/1.1" 200 2295
120.253.135.82 - - [21/Aug/2021:06:23:16 +0800] "POST /xingrg/kc/pszx/mdps_order_operate.html HTTP/1.1" 200 37
120.253.135.82 - - [21/Aug/2021:06:23:16 +0800] "GET /xingrg/kc/pszx/mdps_order_info.html?code=312021082100557 HTTP/1.1" 200 23925
222.70.246.151 - - [21/Aug/2021:06:23:17 +0800] "POST /xingrg/dwr/call/plaincall/AjaxQqpsService.getMaterielByCode.dwr HTTP/1.1" 200 2642
120.253.135.82 - - [21/Aug/2021:06:23:17 +0800] "GET /xingrg/javascript/easyui/themes/default/validatebox.css HTTP/1.1" 404 1104
120.253.135.82 - - [21/Aug/2021:06:23:17 +0800] "POST /xingrg/kc/pszx/mdps_order_operate.html HTTP/1.1" 200 2302
116.238.194.18 - - [21/Aug/2021:06:23:18 +0800] "GET /xingrg/kc/buy/cgsh_order_operate.html?command=get_materiel&rest_code=00150&code=00101008352&supplier_code=00100007&order_time=2021-08-21 HTTP/1.1" 200 412
120.253.135.82 - - [21/Aug/2021:06:23:20 +0800] "POST /xingrg/kc/pszx/mdps_list_operate.html HTTP/1.1" 200 2770
222.70.246.151 - - [21/Aug/2021:06:23:20 +0800] "POST /xingrg/dwr/call/plaincall/AjaxQqpsService.saveMaterielItem.dwr HTTP/1.1" 200 79
120.253.135.82 - - [21/Aug/2021:06:23:21 +0800] "POST /xingrg/kc/pszx/mdps_list_operate.html HTTP/1.1" 200 283
120.253.135.82 - - [21/Aug/2021:06:23:22 +0800] "POST /xingrg/kc/pszx/mdps_list_operate.html HTTP/1.1" 200 655
58.35.199.85 - - [21/Aug/2021:06:23:23 +0800] "POST /xingrg/services/DataTransmitService HTTP/1.1" 200 524
58.40.7.146 - - [21/Aug/2021:06:23:23 +0800] "POST /xingrg/services/DataTransmitService HTTP/1.1" 200 524
58.35.199.85 - - [21/Aug/2021:06:23:23 +0800] "POST /xingrg/services/DataTransmitService HTTP/1.1" 200 501
58.35.199.85 - - [21/Aug/2021:06:23:24 +0800] "POST /xingrg/services/DataTransmitService HTTP/1.1" 200 501
120.253.135.82 - - [21/Aug/2021:06:23:24 +0800] "POST /xingrg/kc/pszx/mdps_list_operate.html HTTP/1.1" 200 629
58.35.199.85 - - [21/Aug/2021:06:23:24 +0800] "POST /xingrg/services/DataTransmitService HTTP/1.1" 200 501
58.35.199.85 - - [21/Aug/2021:06:23:24 +0800] "POST /xingrg/services/DataTransmitService HTTP/1.1" 200 501
58.35.199.85 - - [21/Aug/2021:06:23:24 +0800] "POST /xingrg/services/DataTransmitService HTTP/1.1" 200 501
58.35.199.85 - - [21/Aug/2021:06:23:24 +0800] "POST /xingrg/services/DataTransmitService HTTP/1.1" 200 501
58.35.199.85 - - [21/Aug/2021:06:23:25 +0800] "POST /xingrg/services/DataTransmitService HTTP/1.1" 200 501
58.35.199.85 - - [21/Aug/2021:06:23:25 +0800] "POST /xingrg/services/DataTransmitService HTTP/1.1" 200 501
58.35.199.85 - - [21/Aug/2021:06:23:25 +0800] "POST /xingrg/services/DataTransmitService HTTP/1.1" 200 501
58.35.199.85 - - [21/Aug/2021:06:23:25 +0800] "POST /xingrg/services/DataTransmitService HTTP/1.1" 200 412
120.253.135.82 - - [21/Aug/2021:06:23:26 +0800] "POST /xingrg/kc/pszx/mdps_list_operate.html HTTP/1.1" 200 211
116.238.194.18 - - [21/Aug/2021:06:23:26 +0800] "GET /xingrg/kc/buy/cgsh_order_operate.html?command=get_materiel&rest_code=00150&code=00101008371&supplier_code=00100007&order_time=2021-08-21 HTTP/1.1" 200 412
222.70.246.151 - - [21/Aug/2021:06:23:29 +0800] "GET /xingrg/all/function/internal_message.html?_=1629498226658&CODE_STATE=getMsg HTTP/1.1" 302 -
222.70.246.151 - - [21/Aug/2021:06:23:29 +0800] "POST /xingrg/dwr/call/plaincall/AjaxQqpsService.getMaterielByCode.dwr HTTP/1.1" 200 2674
222.70.246.151 - - [21/Aug/2021:06:23:32 +0800] "GET /xingrg/check_reg.html?_=1629498225723 HTTP/1.1" 200 22
222.70.246.151 - - [21/Aug/2021:06:23:32 +0800] "GET /xingrg/all/function/internal_message.html?_=1629498225793&CODE_STATE=getMsg HTTP/1.1" 200 27
222.70.246.151 - - [21/Aug/2021:06:23:32 +0800] "POST /xingrg/dwr/call/plaincall/AjaxQqpsService.saveMaterielItem.dwr HTTP/1.1" 200 79
116.238.194.18 - - [21/Aug/2021:06:23:34 +0800] "GET /xingrg/kc/buy/cgsh_order_operate.html?command=get_materiel&rest_code=00150&code=00101008005&supplier_code=00100007&order_time=2021-08-21 HTTP/1.1" 200 412
222.70.246.151 - - [21/Aug/2021:06:23:39 +0800] "POST /xingrg/dwr/call/plaincall/AjaxQqpsService.getMaterielByCode.dwr HTTP/1.1" 200 2629
116.238.194.18 - - [21/Aug/2021:06:23:42 +0800] "GET /xingrg/kc/buy/cgsh_order_operate.html?command=get_materiel&rest_code=00150&code=00101008271&supplier_code=00100007&order_time=2021-08-21 HTTP/1.1" 200 408
101.83.145.79 - - [21/Aug/2021:06:23:42 +0800] "GET /xingrg/all/function/internal_message.html?_=1629498224832&CODE_STATE=getMsg HTTP/1.1" 200 27
172.20.0.100 - - [21/Aug/2021:06:23:43 +0800] "GET /xingrg/all/function/internal_message.html?_=1629498222103&CODE_STATE=getMsg HTTP/1.1" 200 27
222.70.246.151 - - [21/Aug/2021:06:23:46 +0800] "POST /xingrg/dwr/call/plaincall/AjaxQqpsService.saveMaterielItem.dwr HTTP/1.1" 200 79
120.253.135.82 - - [21/Aug/2021:06:23:47 +0800] "GET /xingrg/kc/pszx/mdps_order_info.html?code=312021082100556 HTTP/1.1" 200 23925
116.238.194.18 - - [21/Aug/2021:06:23:48 +0800] "POST /xingrg/kc/buy/cgsh_order_operate.html HTTP/1.1" 200 37
120.253.135.82 - - [21/Aug/2021:06:23:48 +0800] "POST /xingrg/kc/pszx/mdps_order_operate.html HTTP/1.1" 200 2770
120.253.135.82 - - [21/Aug/2021:06:23:48 +0800] "GET /xingrg/javascript/easyui/themes/default/validatebox.css HTTP/1.1" 404 1104
116.238.194.18 - - [21/Aug/2021:06:23:49 +0800] "POST /xingrg/kc/buy/cgsh_order_operate.html HTTP/1.1" 200 16856
172.20.0.100 - - [21/Aug/2021:06:23:49 +0800] "GET /xingrg/check_reg.html?_=1629498228518 HTTP/1.1" 200 22
172.20.0.100 - - [21/Aug/2021:06:23:49 +0800] "GET /xingrg/all/function/internal_message.html?_=1629498228522&CODE_STATE=getMsg HTTP/1.1" 200 27
120.253.135.82 - - [21/Aug/2021:06:23:50 +0800] "GET /xingrg/kc/print/load_data.html?order_code=312021082100556&kc_code=mdps&condition= HTTP/1.1" 200 875
116.238.194.18 - - [21/Aug/2021:06:23:50 +0800] "GET /xingrg/all/function/internal_message.html?_=1629498230270&CODE_STATE=getMsg HTTP/1.1" 200 27
116.238.194.18 - - [21/Aug/2021:06:23:50 +0800] "GET /xingrg/check_reg.html?_=1629498230278 HTTP/1.1" 200 22
116.230.105.26 - - [21/Aug/2021:06:23:52 +0800] "GET /xingrg/all/function/internal_message.html?_=1629498209233&CODE_STATE=getMsg HTTP/1.1" 200 27
222.70.246.151 - - [21/Aug/2021:06:23:53 +0800] "POST /xingrg/dwr/call/plaincall/AjaxQqpsService.getMaterielByCode.dwr HTTP/1.1" 200 2640
120.253.135.82 - - [21/Aug/2021:06:23:55 +0800] "POST /xingrg/kc/pszx/mdps_list_operate.html HTTP/1.1" 200 2770
116.238.194.18 - - [21/Aug/2021:06:23:56 +0800] "GET /xingrg/kc/buy/cgsh_order_operate.html?command=get_materiel&rest_code=00150&code=00101008353&supplier_code=00100007&order_time=2021-08-21 HTTP/1.1" 200 408
120.253.135.82 - - [21/Aug/2021:06:23:57 +0800] "POST /xingrg/kc/pszx/mdps_list_operate.html HTTP/1.1" 200 211
120.253.135.82 - - [21/Aug/2021:06:24:00 +0800] "GET /xingrg/all/function/internal_message.html?_=1629498017283&CODE_STATE=getMsg HTTP/1.1" 200 27
116.238.194.18 - - [21/Aug/2021:06:24:01 +0800] "GET /xingrg/check_reg.html?_=1629498177913 HTTP/1.1" 200 22
116.238.194.18 - - [21/Aug/2021:06:24:01 +0800] "GET /xingrg/all/function/internal_message.html?_=1629498177976&CODE_STATE=getMsg HTTP/1.1" 200 27
222.70.246.151 - - [21/Aug/2021:06:24:02 +0800] "POST /xingrg/dwr/call/plaincall/AjaxQqpsService.saveMaterielItem.dwr HTTP/1.1" 200 79
116.238.194.18 - - [21/Aug/2021:06:24:03 +0800] "GET /xingrg/kc/buy/cgsh_order_operate.html?command=get_materiel&rest_code=00150&code=00101008095&supplier_code=00100007&order_time=2021-08-21 HTTP/1.1" 200 412
222.70.246.151 - - [21/Aug/2021:06:24:09 +0800] "POST /xingrg/dwr/call/plaincall/AjaxQqpsService.getMaterielByCode.dwr HTTP/1.1" 200 2622
116.238.194.18 - - [21/Aug/2021:06:24:11 +0800] "GET /xingrg/kc/buy/cgsh_order_operate.html?command=get_materiel&rest_code=00150&code=00101008110&supplier_code=00100007&order_time=2021-08-21 HTTP/1.1" 200 408
222.70.246.151 - - [21/Aug/2021:06:24:16 +0800] "POST /xingrg/dwr/call/plaincall/AjaxQqpsService.saveMaterielItem.dwr HTTP/1.1" 200 79
116.238.194.18 - - [21/Aug/2021:06:24:18 +0800] "GET /xingrg/kc/buy/cgsh_order_operate.html?command=get_materiel&rest_code=00150&code=00101008283&supplier_code=00100007&order_time=2021-08-21 HTTP/1.1" 200 408
222.70.246.151 - - [21/Aug/2021:06:24:23 +0800] "POST /xingrg/dwr/call/plaincall/AjaxQqpsService.getMaterielByCode.dwr HTTP/1.1" 200 2650
222.70.246.151 - - [21/Aug/2021:06:24:25 +0800] "POST /xingrg/dwr/call/plaincall/AjaxQqpsService.saveMaterielItem.dwr HTTP/1.1" 200 79
222.70.246.151 - - [21/Aug/2021:06:24:29 +0800] "GET /xingrg/all/function/internal_message.html?_=1629498286664&CODE_STATE=getMsg HTTP/1.1" 302 -
116.238.194.18 - - [21/Aug/2021:06:24:29 +0800] "GET /xingrg/kc/buy/cgsh_order_operate.html?command=get_materiel&rest_code=00150&code=00101008323&supplier_code=00100007&order_time=2021-08-21 HTTP/1.1" 200 408
222.70.246.151 - - [21/Aug/2021:06:24:32 +0800] "GET /xingrg/all/function/internal_message.html?_=1629498285798&CODE_STATE=getMsg HTTP/1.1" 200 27
222.70.246.151 - - [21/Aug/2021:06:24:33 +0800] "POST /xingrg/dwr/call/plaincall/AjaxQqpsService.getMaterielByCode.dwr HTTP/1.1" 200 2671
222.70.246.151 - - [21/Aug/2021:06:24:36 +0800] "POST /xingrg/dwr/call/plaincall/AjaxQqpsService.saveMaterielItem.dwr HTTP/1.1" 200 79
222.70.246.151 - - [21/Aug/2021:06:24:42 +0800] "POST /xingrg/dwr/call/plaincall/AjaxQqpsService.getMaterielByCode.dwr HTTP/1.1" 200 2616
101.83.145.79 - - [21/Aug/2021:06:24:42 +0800] "GET /xingrg/all/function/internal_message.html?_=1629498284830&CODE_STATE=getMsg HTTP/1.1" 200 27
172.20.0.100 - - [21/Aug/2021:06:24:43 +0800] "GET /xingrg/all/function/internal_message.html?_=1629498282105&CODE_STATE=getMsg HTTP/1.1" 200 27
172.20.0.100 - - [21/Aug/2021:06:24:43 +0800] "GET /xingrg/check_reg.html?_=1629498282107 HTTP/1.1" 200 22
222.70.246.151 - - [21/Aug/2021:06:24:43 +0800] "POST /xingrg/dwr/call/plaincall/AjaxQqpsService.saveMaterielItem.dwr HTTP/1.1" 200 79
120.253.135.82 - - [21/Aug/2021:06:24:47 +0800] "POST /xingrg/kc/pszx/mdps_list_operate.html HTTP/1.1" 200 2805
222.70.246.151 - - [21/Aug/2021:06:24:48 +0800] "POST /xingrg/dwr/call/plaincall/AjaxQqpsService.getMaterielByCode.dwr HTTP/1.1" 200 2585
120.253.135.82 - - [21/Aug/2021:06:24:49 +0800] "POST /xingrg/kc/pszx/mdps_list_operate.html HTTP/1.1" 200 595
222.70.246.151 - - [21/Aug/2021:06:24:49 +0800] "POST /xingrg/dwr/call/plaincall/AjaxQqpsService.saveMaterielItem.dwr HTTP/1.1" 200 79
172.20.0.100 - - [21/Aug/2021:06:24:49 +0800] "GET /xingrg/all/function/internal_message.html?_=1629498288525&CODE_STATE=getMsg HTTP/1.1" 200 27
120.253.135.82 - - [21/Aug/2021:06:24:49 +0800] "GET /xingrg/kc/pszx/mdps_order_info.html?code=312021082000547 HTTP/1.1" 200 23931
120.253.135.82 - - [21/Aug/2021:06:24:50 +0800] "POST /xingrg/kc/pszx/mdps_order_operate.html HTTP/1.1" 200 6232
120.253.135.82 - - [21/Aug/2021:06:24:50 +0800] "GET /xingrg/javascript/easyui/themes/default/validatebox.css HTTP/1.1" 404 1104
116.238.194.18 - - [21/Aug/2021:06:24:50 +0800] "GET /xingrg/all/function/internal_message.html?_=1629498290277&CODE_STATE=getMsg HTTP/1.1" 200 27
116.230.105.26 - - [21/Aug/2021:06:24:52 +0800] "GET /xingrg/all/function/internal_message.html?_=1629498269220&CODE_STATE=getMsg HTTP/1.1" 200 27
222.70.246.151 - - [21/Aug/2021:06:24:56 +0800] "POST /xingrg/dwr/call/plaincall/AjaxQqpsService.getMaterielByCode.dwr HTTP/1.1" 200 2644
222.70.246.151 - - [21/Aug/2021:06:24:59 +0800] "GET /xingrg/check_reg.html?_=1629498301457 HTTP/1.1" 200 22
120.253.135.82 - - [21/Aug/2021:06:25:00 +0800] "GET /xingrg/all/function/internal_message.html?_=1629498077297&CODE_STATE=getMsg HTTP/1.1" 200 27
222.70.246.151 - - [21/Aug/2021:06:25:00 +0800] "POST /xingrg/dwr/call/plaincall/AjaxQqpsService.saveMaterielItem.dwr HTTP/1.1" 200 79
116.238.194.18 - - [21/Aug/2021:06:25:01 +0800] "GET /xingrg/all/function/internal_message.html?_=1629498237989&CODE_STATE=getMsg HTTP/1.1" 200 27
114.88.154.248 - - [21/Aug/2021:06:25:05 +0800] "POST /xingrg/services/DataTransmitService HTTP/1.1" 200 524
222.70.246.151 - - [21/Aug/2021:06:25:06 +0800] "POST /xingrg/dwr/call/plaincall/AjaxQqpsService.getMaterielByCode.dwr HTTP/1.1" 200 2631
114.88.154.248 - - [21/Aug/2021:06:25:06 +0800] "POST /xingrg/services/DataTransmitService HTTP/1.1" 200 501
222.70.246.151 - - [21/Aug/2021:06:25:07 +0800] "POST /xingrg/dwr/call/plaincall/AjaxQqpsService.saveMaterielItem.dwr HTTP/1.1" 200 79
222.70.246.151 - - [21/Aug/2021:06:25:12 +0800] "POST /xingrg/dwr/call/plaincall/AjaxQqpsService.getMaterielByCode.dwr HTTP/1.1" 200 2571
120.253.135.82 - - [21/Aug/2021:06:25:13 +0800] "POST /xingrg/kc/pszx/mdps_list_operate.html HTTP/1.1" 200 2805
116.238.194.18 - - [21/Aug/2021:06:25:13 +0800] "POST /xingrg/kc/buy/cgsh_order_operate.html HTTP/1.1" 200 37
222.70.246.151 - - [21/Aug/2021:06:25:14 +0800] "POST /xingrg/dwr/call/plaincall/AjaxQqpsService.saveMaterielItem.dwr HTTP/1.1" 200 79
