120.253.135.82 - - [21/Aug/2021:06:25:15 +0800] "POST /xingrg/kc/pszx/mdps_list_operate.html HTTP/1.1" 200 371
116.238.194.18 - - [21/Aug/2021:06:25:15 +0800] "POST /xingrg/kc/buy/cgsh_order_operate.html HTTP/1.1" 200 19794
120.253.135.82 - - [21/Aug/2021:06:25:16 +0800] "GET /xingrg/kc/pszx/mdps_order_info.html?code=312021082000549 HTTP/1.1" 200 23931
120.253.135.82 - - [21/Aug/2021:06:25:16 +0800] "POST /xingrg/kc/pszx/mdps_order_operate.html HTTP/1.1" 200 3261
120.253.135.82 - - [21/Aug/2021:06:25:16 +0800] "GET /xingrg/javascript/easyui/themes/default/validatebox.css HTTP/1.1" 404 1104
120.253.135.82 - - [21/Aug/2021:06:25:18 +0800] "POST /xingrg/kc/pszx/mdps_list_operate.html HTTP/1.1" 200 2805
222.70.246.151 - - [21/Aug/2021:06:25:20 +0800] "POST /xingrg/dwr/call/plaincall/AjaxQqpsService.getMaterielByCode.dwr HTTP/1.1" 200 2650
120.253.135.82 - - [21/Aug/2021:06:25:20 +0800] "POST /xingrg/kc/pszx/mdps_list_operate.html HTTP/1.1" 200 587
120.253.135.82 - - [21/Aug/2021:06:25:22 +0800] "POST /xingrg/kc/pszx/mdps_list_operate.html HTTP/1.1" 200 201
222.70.246.151 - - [21/Aug/2021:06:25:27 +0800] "GET /xingrg/check_reg.html?_=1629498344855 HTTP/1.1" 302 -
222.70.246.151 - - [21/Aug/2021:06:25:27 +0800] "GET /xingrg/login.html HTTP/1.1" 200 7641
120.253.135.82 - - [21/Aug/2021:06:25:27 +0800] "GET /xingrg/kc/pszx/mdps_order_info.html?code=312021082100552 HTTP/1.1" 200 23931
120.253.135.82 - - [21/Aug/2021:06:25:28 +0800] "GET /xingrg/javascript/easyui/themes/default/validatebox.css HTTP/1.1" 404 1104
120.253.135.82 - - [21/Aug/2021:06:25:28 +0800] "POST /xingrg/kc/pszx/mdps_order_operate.html HTTP/1.1" 200 10737
222.70.246.151 - - [21/Aug/2021:06:25:29 +0800] "GET /xingrg/all/function/internal_message.html?_=1629498346678&CODE_STATE=getMsg HTTP/1.1" 302 -
116.238.194.18 - - [21/Aug/2021:06:25:29 +0800] "GET /xingrg/kc/buy/cgsh_order_operate.html?command=get_materiel&rest_code=00150&code=00101008224&supplier_code=00100007&order_time=2021-08-21 HTTP/1.1" 200 416
222.70.246.151 - - [21/Aug/2021:06:25:30 +0800] "POST /xingrg/dwr/call/plaincall/AjaxQqpsService.saveMaterielItem.dwr HTTP/1.1" 200 79
120.253.135.82 - - [21/Aug/2021:06:25:31 +0800] "POST /xingrg/kc/pszx/mdps_order_operate.html HTTP/1.1" 200 37
222.70.246.151 - - [21/Aug/2021:06:25:32 +0800] "GET /xingrg/all/function/internal_message.html?_=1629498345875&CODE_STATE=getMsg HTTP/1.1" 200 27
120.253.135.82 - - [21/Aug/2021:06:25:32 +0800] "GET /xingrg/kc/pszx/mdps_order_info.html?code=312021082100552 HTTP/1.1" 200 23931
120.253.135.82 - - [21/Aug/2021:06:25:33 +0800] "GET /xingrg/javascript/easyui/themes/default/validatebox.css HTTP/1.1" 404 1104
120.253.135.82 - - [21/Aug/2021:06:25:33 +0800] "POST /xingrg/kc/pszx/mdps_order_operate.html HTTP/1.1" 200 10876
116.238.194.18 - - [21/Aug/2021:06:25:36 +0800] "GET /xingrg/kc/buy/cgsh_order_operate.html?command=get_materiel&rest_code=00150&code=00101008360&supplier_code=00100007&order_time=2021-08-21 HTTP/1.1" 200 412
222.70.246.151 - - [21/Aug/2021:06:25:37 +0800] "POST /xingrg/dwr/call/plaincall/AjaxQqpsService.getMaterielByCode.dwr HTTP/1.1" 200 2664
101.83.145.79 - - [21/Aug/2021:06:25:42 +0800] "GET /xingrg/all/function/internal_message.html?_=1629498344829&CODE_STATE=getMsg HTTP/1.1" 200 27
172.20.0.100 - - [21/Aug/2021:06:25:43 +0800] "GET /xingrg/all/function/internal_message.html?_=1629498342108&CODE_STATE=getMsg HTTP/1.1" 200 27
116.238.194.18 - - [21/Aug/2021:06:25:43 +0800] "GET /xingrg/kc/buy/cgsh_order_operate.html?command=get_materiel&rest_code=00150&code=00101008041&supplier_code=00100007&order_time=2021-08-21 HTTP/1.1" 200 408
222.70.246.151 - - [21/Aug/2021:06:25:46 +0800] "POST /xingrg/dwr/call/plaincall/AjaxQqpsService.saveMaterielItem.dwr HTTP/1.1" 200 79
172.20.0.100 - - [21/Aug/2021:06:25:49 +0800] "GET /xingrg/all/function/internal_message.html?_=1629498348527&CODE_STATE=getMsg HTTP/1.1" 200 27
116.238.194.18 - - [21/Aug/2021:06:25:50 +0800] "GET /xingrg/all/function/internal_message.html?_=1629498350276&CODE_STATE=getMsg HTTP/1.1" 200 27
222.70.246.151 - - [21/Aug/2021:06:25:51 +0800] "POST /xingrg/dwr/call/plaincall/AjaxQqpsService.getMaterielByCode.dwr HTTP/1.1" 200 2664
116.230.105.26 - - [21/Aug/2021:06:25:52 +0800] "GET /xingrg/all/function/internal_message.html?_=1629498329204&CODE_STATE=getMsg HTTP/1.1" 200 27
222.70.246.151 - - [21/Aug/2021:06:25:53 +0800] "POST /xingrg/dwr/call/plaincall/AjaxQqpsService.saveMaterielItem.dwr HTTP/1.1" 200 79
120.253.135.82 - - [21/Aug/2021:06:25:59 +0800] "GET /xingrg/kc/pszx/mdps_order_operate.html?command=get_materiel&pszx_code=00101&rest_code=00156&base_code=0010246&code=00102012003 HTTP/1.1" 200 430
120.253.135.82 - - [21/Aug/2021:06:26:00 +0800] "GET /xingrg/all/function/internal_message.html?_=1629498137310&CODE_STATE=getMsg HTTP/1.1" 200 27
116.238.194.18 - - [21/Aug/2021:06:26:01 +0800] "GET /xingrg/all/function/internal_message.html?_=1629498298004&CODE_STATE=getMsg HTTP/1.1" 200 27
116.238.194.18 - - [21/Aug/2021:06:26:01 +0800] "POST /xingrg/kc/buy/cgsh_order_operate.html HTTP/1.1" 200 37
116.238.194.18 - - [21/Aug/2021:06:26:06 +0800] "POST /xingrg/kc/buy/cgsh_order_operate.html HTTP/1.1" 200 22744
120.253.135.82 - - [21/Aug/2021:06:26:07 +0800] "POST /xingrg/kc/pszx/mdps_order_operate.html HTTP/1.1" 200 37
120.253.135.82 - - [21/Aug/2021:06:26:08 +0800] "GET /xingrg/kc/pszx/mdps_order_info.html?code=312021082100552 HTTP/1.1" 200 23931
120.253.135.82 - - [21/Aug/2021:06:26:08 +0800] "GET /xingrg/javascript/easyui/themes/default/validatebox.css HTTP/1.1" 404 1104
120.253.135.82 - - [21/Aug/2021:06:26:08 +0800] "POST /xingrg/kc/pszx/mdps_order_operate.html HTTP/1.1" 200 11365
222.70.246.151 - - [21/Aug/2021:06:26:09 +0800] "POST /xingrg/dwr/call/plaincall/AjaxQqpsService.getMaterielByCode.dwr HTTP/1.1" 200 2659
120.253.135.82 - - [21/Aug/2021:06:26:11 +0800] "POST /xingrg/kc/pszx/mdps_list_operate.html HTTP/1.1" 200 2805
222.70.246.151 - - [21/Aug/2021:06:26:12 +0800] "POST /xingrg/dwr/call/plaincall/AjaxQqpsService.saveMaterielItem.dwr HTTP/1.1" 200 79
120.253.135.82 - - [21/Aug/2021:06:26:13 +0800] "POST /xingrg/kc/pszx/mdps_list_operate.html HTTP/1.1" 200 201
116.238.194.18 - - [21/Aug/2021:06:26:15 +0800] "GET /xingrg/kc/buy/cgsh_order_operate.html?command=get_materiel&rest_code=00150&code=00101008313&supplier_code=00100007&order_time=2021-08-21 HTTP/1.1" 200 412
120.253.135.82 - - [21/Aug/2021:06:26:16 +0800] "GET /xingrg/kc/pszx/mdps_order_info.html?code=312021082100553 HTTP/1.1" 200 23931
120.253.135.82 - - [21/Aug/2021:06:26:17 +0800] "GET /xingrg/javascript/easyui/themes/default/validatebox.css HTTP/1.1" 404 1104
120.253.135.82 - - [21/Aug/2021:06:26:17 +0800] "POST /xingrg/kc/pszx/mdps_order_operate.html HTTP/1.1" 200 2273
120.253.135.82 - - [21/Aug/2021:06:26:18 +0800] "GET /xingrg/javascript/jquery_tools/images/prev.gif HTTP/1.1" 404 1086
120.253.135.82 - - [21/Aug/2021:06:26:18 +0800] "GET /xingrg/javascript/jquery_tools/images/next.gif HTTP/1.1" 404 1086
116.238.194.18 - - [21/Aug/2021:06:26:25 +0800] "GET /xingrg/kc/buy/cgsh_order_operate.html?command=get_materiel&rest_code=00150&code=00101008186&supplier_code=00100007&order_time=2021-08-21 HTTP/1.1" 200 408
222.70.246.151 - - [21/Aug/2021:06:26:28 +0800] "POST /xingrg/dwr/call/plaincall/AjaxQqpsService.getMaterielByCode.dwr HTTP/1.1" 200 2650
222.70.246.151 - - [21/Aug/2021:06:26:29 +0800] "GET /xingrg/all/function/internal_message.html?_=1629498406698&CODE_STATE=getMsg HTTP/1.1" 302 -
120.253.135.82 - - [21/Aug/2021:06:26:29 +0800] "POST /xingrg/kc/pszx/mdps_order_operate.html HTTP/1.1" 200 37
120.253.135.82 - - [21/Aug/2021:06:26:29 +0800] "GET /xingrg/kc/pszx/mdps_order_info.html?code=312021082100553 HTTP/1.1" 200 23931
120.253.135.82 - - [21/Aug/2021:06:26:30 +0800] "GET /xingrg/javascript/easyui/themes/default/validatebox.css HTTP/1.1" 404 1104
120.253.135.82 - - [21/Aug/2021:06:26:30 +0800] "POST /xingrg/kc/pszx/mdps_order_operate.html HTTP/1.1" 200 2281
120.253.135.82 - - [21/Aug/2021:06:26:32 +0800] "POST /xingrg/kc/pszx/mdps_list_operate.html HTTP/1.1" 200 2805
222.70.246.151 - - [21/Aug/2021:06:26:32 +0800] "GET /xingrg/all/function/internal_message.html?_=1629498405889&CODE_STATE=getMsg HTTP/1.1" 200 27
116.238.194.18 - - [21/Aug/2021:06:26:33 +0800] "GET /xingrg/kc/buy/cgsh_order_operate.html?command=get_materiel&rest_code=00150&code=00101008312&supplier_code=00100007&order_time=2021-08-21 HTTP/1.1" 200 412
120.253.135.82 - - [21/Aug/2021:06:26:33 +0800] "POST /xingrg/kc/pszx/mdps_list_operate.html HTTP/1.1" 200 201
120.253.135.82 - - [21/Aug/2021:06:26:36 +0800] "POST /xingrg/kc/pszx/mdps_list_operate.html HTTP/1.1" 200 595
222.70.246.151 - - [21/Aug/2021:06:26:36 +0800] "POST /xingrg/dwr/call/plaincall/AjaxQqpsService.saveMaterielItem.dwr HTTP/1.1" 200 79
120.253.135.82 - - [21/Aug/2021:06:26:39 +0800] "GET /xingrg/kc/pszx/mdps_order_info.html?code=312021082100553 HTTP/1.1" 200 23931
120.253.135.82 - - [21/Aug/2021:06:26:39 +0800] "POST /xingrg/kc/pszx/mdps_order_operate.html HTTP/1.1" 200 2281
120.253.135.82 - - [21/Aug/2021:06:26:39 +0800] "GET /xingrg/javascript/easyui/themes/default/validatebox.css HTTP/1.1" 404 1104
116.238.194.18 - - [21/Aug/2021:06:26:41 +0800] "GET /xingrg/kc/buy/cgsh_order_operate.html?command=get_materiel&rest_code=00150&code=00101008114&supplier_code=00100007&order_time=2021-08-21 HTTP/1.1" 200 412
101.83.145.79 - - [21/Aug/2021:06:26:42 +0800] "GET /xingrg/all/function/internal_message.html?_=1629498404843&CODE_STATE=getMsg HTTP/1.1" 200 27
172.20.0.100 - - [21/Aug/2021:06:26:43 +0800] "GET /xingrg/all/function/internal_message.html?_=1629498402110&CODE_STATE=getMsg HTTP/1.1" 200 27
222.70.246.151 - - [21/Aug/2021:06:26:46 +0800] "POST /xingrg/dwr/call/plaincall/AjaxQqpsService.getMaterielByCode.dwr HTTP/1.1" 200 2578
116.238.194.18 - - [21/Aug/2021:06:26:47 +0800] "GET /xingrg/kc/buy/cgsh_order_operate.html?command=get_materiel&rest_code=00150&code=00101008061&supplier_code=00100007&order_time=2021-08-21 HTTP/1.1" 200 422
172.20.0.100 - - [21/Aug/2021:06:26:49 +0800] "GET /xingrg/all/function/internal_message.html?_=1629498408529&CODE_STATE=getMsg HTTP/1.1" 200 27
116.238.194.18 - - [21/Aug/2021:06:26:50 +0800] "GET /xingrg/all/function/internal_message.html?_=1629498410276&CODE_STATE=getMsg HTTP/1.1" 200 27
222.70.246.151 - - [21/Aug/2021:06:26:50 +0800] "POST /xingrg/dwr/call/plaincall/AjaxQqpsService.saveMaterielItem.dwr HTTP/1.1" 200 79
120.253.135.82 - - [21/Aug/2021:06:26:51 +0800] "GET /xingrg/kc/pszx/mdps_order_operate.html?command=get_materiel&pszx_code=00101&rest_code=00156&base_code=0010246&code=00101008316 HTTP/1.1" 200 420
116.230.105.26 - - [21/Aug/2021:06:26:52 +0800] "GET /xingrg/all/function/internal_message.html?_=1629498389186&CODE_STATE=getMsg HTTP/1.1" 200 27
116.238.194.18 - - [21/Aug/2021:06:26:54 +0800] "POST /xingrg/kc/buy/cgsh_order_operate.html HTTP/1.1" 200 37
116.238.194.18 - - [21/Aug/2021:06:26:56 +0800] "POST /xingrg/kc/buy/cgsh_order_operate.html HTTP/1.1" 200 25710
222.70.246.151 - - [21/Aug/2021:06:26:57 +0800] "POST /xingrg/dwr/call/plaincall/AjaxQqpsService.getMaterielByCode.dwr HTTP/1.1" 200 2620
120.253.135.82 - - [21/Aug/2021:06:27:00 +0800] "GET /xingrg/all/function/internal_message.html?_=1629498197324&CODE_STATE=getMsg HTTP/1.1" 200 27
222.70.246.151 - - [21/Aug/2021:06:27:01 +0800] "POST /xingrg/dwr/call/plaincall/AjaxQqpsService.saveMaterielItem.dwr HTTP/1.1" 200 79
116.238.194.18 - - [21/Aug/2021:06:27:01 +0800] "GET /xingrg/all/function/internal_message.html?_=1629498358018&CODE_STATE=getMsg HTTP/1.1" 200 27
116.238.194.18 - - [21/Aug/2021:06:27:04 +0800] "GET /xingrg/kc/buy/cgsh_order_operate.html?command=get_materiel&rest_code=00150&code=00101008236&supplier_code=00100007&order_time=2021-08-21 HTTP/1.1" 200 416
222.70.246.151 - - [21/Aug/2021:06:27:07 +0800] "POST /xingrg/dwr/call/plaincall/AjaxQqpsService.getMaterielByCode.dwr HTTP/1.1" 200 2577
120.253.135.82 - - [21/Aug/2021:06:27:07 +0800] "GET /xingrg/kc/pszx/mdps_order_operate.html?command=get_materiel&pszx_code=00101&rest_code=00156&base_code=0010246&code=00101019237 HTTP/1.1" 200 419
116.230.105.26 - - [21/Aug/2021:06:27:08 +0800] "GET /xingrg/check_reg.html?_=1629498406055 HTTP/1.1" 200 22
222.70.246.151 - - [21/Aug/2021:06:27:14 +0800] "POST /xingrg/dwr/call/plaincall/AjaxQqpsService.saveMaterielItem.dwr HTTP/1.1" 200 79
120.253.135.82 - - [21/Aug/2021:06:27:16 +0800] "GET /xingrg/kc/pszx/mdps_order_operate.html?command=get_materiel&pszx_code=00101&rest_code=00156&base_code=0010246&code=00101013158 HTTP/1.1" 200 415
116.238.194.18 - - [21/Aug/2021:06:27:18 +0800] "POST /xingrg/kc/buy/cgsh_order_operate.html HTTP/1.1" 200 37
116.238.194.18 - - [21/Aug/2021:06:27:20 +0800] "POST /xingrg/kc/buy/cgsh_order_operate.html HTTP/1.1" 200 26305
116.238.194.18 - - [21/Aug/2021:06:27:21 +0800] "GET /xingrg/kc/buy/cgsh_order_add.html HTTP/1.1" 200 63208
116.238.194.18 - - [21/Aug/2021:06:27:21 +0800] "POST /xingrg/kc/buy/cgsh_order_operate.html HTTP/1.1" 200 8245
116.238.194.18 - - [21/Aug/2021:06:27:22 +0800] "GET /xingrg/javascript/easyui/themes/default/validatebox.css HTTP/1.1" 404 1104
222.70.246.151 - - [21/Aug/2021:06:27:29 +0800] "GET /xingrg/all/function/internal_message.html?_=1629498466705&CODE_STATE=getMsg HTTP/1.1" 302 -
120.253.135.82 - - [21/Aug/2021:06:27:32 +0800] "GET /xingrg/kc/pszx/mdps_order_operate.html?command=get_materiel&pszx_code=00101&rest_code=00156&base_code=0010246&code=00101019820 HTTP/1.1" 200 409
222.70.246.151 - - [21/Aug/2021:06:27:32 +0800] "GET /xingrg/all/function/internal_message.html?_=1629498465902&CODE_STATE=getMsg HTTP/1.1" 200 27
222.70.246.151 - - [21/Aug/2021:06:27:34 +0800] "POST /xingrg/dwr/call/plaincall/AjaxQqpsService.getMaterielByCode.dwr HTTP/1.1" 200 2585
120.253.135.82 - - [21/Aug/2021:06:27:36 +0800] "POST /xingrg/kc/pszx/mdps_order_operate.html HTTP/1.1" 200 1790
101.83.145.79 - - [21/Aug/2021:06:27:42 +0800] "GET /xingrg/check_reg.html?_=1629498464829 HTTP/1.1" 200 22
101.83.145.79 - - [21/Aug/2021:06:27:42 +0800] "GET /xingrg/all/function/internal_message.html?_=1629498464830&CODE_STATE=getMsg HTTP/1.1" 200 27
172.20.0.100 - - [21/Aug/2021:06:27:43 +0800] "GET /xingrg/all/function/internal_message.html?_=1629498462098&CODE_STATE=getMsg HTTP/1.1" 200 27
222.70.246.151 - - [21/Aug/2021:06:27:49 +0800] "POST /xingrg/dwr/call/plaincall/AjaxQqpsService.saveMaterielItem.dwr HTTP/1.1" 200 79
172.20.0.100 - - [21/Aug/2021:06:27:49 +0800] "GET /xingrg/all/function/internal_message.html?_=1629498468531&CODE_STATE=getMsg HTTP/1.1" 200 27
120.253.135.82 - - [21/Aug/2021:06:27:49 +0800] "GET /xingrg/check_reg.html?_=1629498246435 HTTP/1.1" 200 22
116.238.194.18 - - [21/Aug/2021:06:27:50 +0800] "GET /xingrg/all/function/internal_message.html?_=1629498470291&CODE_STATE=getMsg HTTP/1.1" 200 27
120.253.135.82 - - [21/Aug/2021:06:27:50 +0800] "GET /xingrg/kc/pszx/mdps_order_operate.html?command=get_materiel&pszx_code=00101&rest_code=00156&base_code=0010246&code=00101016079 HTTP/1.1" 200 419
116.230.105.26 - - [21/Aug/2021:06:27:51 +0800] "GET /xingrg/all/function/internal_message.html?_=1629498449174&CODE_STATE=getMsg HTTP/1.1" 200 27
120.253.135.82 - - [21/Aug/2021:06:27:54 +0800] "POST /xingrg/all/common/load_select.html HTTP/1.1" 200 12
120.253.135.82 - - [21/Aug/2021:06:27:56 +0800] "GET /xingrg/kc/pszx/mdps_order_operate.html?command=get_materiel_price&pszx_code=00101&rest_code=00156&base_code=0010246&code=00101016079&unit_code=00100020&order_time=2021-08-20 HTTP/1.1" 200 33
120.253.135.82 - - [21/Aug/2021:06:28:00 +0800] "GET /xingrg/all/function/internal_message.html?_=1629498257336&CODE_STATE=getMsg HTTP/1.1" 200 27
116.238.194.18 - - [21/Aug/2021:06:28:01 +0800] "GET /xingrg/all/function/internal_message.html?_=1629498418141&CODE_STATE=getMsg HTTP/1.1" 200 27
222.70.246.151 - - [21/Aug/2021:06:28:08 +0800] "POST /xingrg/dwr/call/plaincall/AjaxQqpsService.getMaterielByCode.dwr HTTP/1.1" 200 2640
222.70.246.151 - - [21/Aug/2021:06:28:14 +0800] "POST /xingrg/dwr/call/plaincall/AjaxQqpsService.saveMaterielItem.dwr HTTP/1.1" 200 79
116.238.194.18 - - [21/Aug/2021:06:28:20 +0800] "GET /xingrg/kc/buy/cgsh_order_operate.html?command=get_materiel&rest_code=00150&code=00101009001&supplier_code=00100424&order_time=2021-08-21 HTTP/1.1" 200 416
222.70.246.151 - - [21/Aug/2021:06:28:21 +0800] "POST /xingrg/dwr/call/plaincall/AjaxQqpsService.getMaterielByCode.dwr HTTP/1.1" 200 2571
120.253.135.82 - - [21/Aug/2021:06:28:22 +0800] "GET /xingrg/kc/pszx/mdps_order_operate.html?command=get_materiel&pszx_code=00101&rest_code=00156&base_code=0010246&code=00101016022 HTTP/1.1" 200 414
222.70.246.151 - - [21/Aug/2021:06:28:25 +0800] "POST /xingrg/dwr/call/plaincall/AjaxQqpsService.saveMaterielItem.dwr HTTP/1.1" 200 79
222.70.246.151 - - [21/Aug/2021:06:28:29 +0800] "GET /xingrg/all/function/internal_message.html?_=1629498526726&CODE_STATE=getMsg HTTP/1.1" 302 -
116.238.194.18 - - [21/Aug/2021:06:28:31 +0800] "GET /xingrg/kc/buy/cgsh_order_operate.html?command=get_materiel&rest_code=00150&code=00101009124&supplier_code=00100424&order_time=2021-08-21 HTTP/1.1" 200 402
222.70.246.151 - - [21/Aug/2021:06:28:32 +0800] "GET /xingrg/check_reg.html?_=1629498525729 HTTP/1.1" 200 22
222.70.246.151 - - [21/Aug/2021:06:28:32 +0800] "GET /xingrg/all/function/internal_message.html?_=1629498525915&CODE_STATE=getMsg HTTP/1.1" 200 27
222.70.246.151 - - [21/Aug/2021:06:28:37 +0800] "POST /xingrg/dwr/call/plaincall/AjaxQqpsService.getMaterielByCode.dwr HTTP/1.1" 200 2592
120.253.135.82 - - [21/Aug/2021:06:28:38 +0800] "GET /xingrg/kc/pszx/mdps_order_operate.html?command=get_materiel&pszx_code=00101&rest_code=00156&base_code=0010246&code=00101019803 HTTP/1.1" 200 431
116.238.194.18 - - [21/Aug/2021:06:28:39 +0800] "GET /xingrg/kc/buy/cgsh_order_operate.html?command=get_materiel&rest_code=00150&code=00101009062&supplier_code=00100424&order_time=2021-08-21 HTTP/1.1" 200 412
222.70.246.151 - - [21/Aug/2021:06:28:40 +0800] "POST /xingrg/dwr/call/plaincall/AjaxQqpsService.saveMaterielItem.dwr HTTP/1.1" 200 79
101.83.145.79 - - [21/Aug/2021:06:28:42 +0800] "GET /xingrg/all/function/internal_message.html?_=1629498524844&CODE_STATE=getMsg HTTP/1.1" 200 27
172.20.0.100 - - [21/Aug/2021:06:28:43 +0800] "GET /xingrg/all/function/internal_message.html?_=1629498522100&CODE_STATE=getMsg HTTP/1.1" 200 27
116.238.194.18 - - [21/Aug/2021:06:28:47 +0800] "GET /xingrg/kc/buy/cgsh_order_operate.html?command=get_materiel&rest_code=00150&code=00101009011&supplier_code=00100424&order_time=2021-08-21 HTTP/1.1" 200 416
172.20.0.100 - - [21/Aug/2021:06:28:49 +0800] "GET /xingrg/check_reg.html?_=1629498528520 HTTP/1.1" 200 22
172.20.0.100 - - [21/Aug/2021:06:28:49 +0800] "GET /xingrg/all/function/internal_message.html?_=1629498528520&CODE_STATE=getMsg HTTP/1.1" 200 27
222.70.246.151 - - [21/Aug/2021:06:28:50 +0800] "POST /xingrg/dwr/call/plaincall/AjaxQqpsService.getMaterielByCode.dwr HTTP/1.1" 200 2630
116.238.194.18 - - [21/Aug/2021:06:28:50 +0800] "GET /xingrg/check_reg.html?_=1629498530299 HTTP/1.1" 200 22
116.238.194.18 - - [21/Aug/2021:06:28:50 +0800] "GET /xingrg/all/function/internal_message.html?_=1629498530301&CODE_STATE=getMsg HTTP/1.1" 200 27
116.230.105.26 - - [21/Aug/2021:06:28:51 +0800] "GET /xingrg/all/function/internal_message.html?_=1629498509163&CODE_STATE=getMsg HTTP/1.1" 200 27
222.70.246.151 - - [21/Aug/2021:06:28:53 +0800] "POST /xingrg/dwr/call/plaincall/AjaxQqpsService.saveMaterielItem.dwr HTTP/1.1" 200 79
116.238.194.18 - - [21/Aug/2021:06:28:55 +0800] "GET /xingrg/kc/buy/cgsh_order_operate.html?command=get_materiel&rest_code=00150&code=00101009041&supplier_code=00100424&order_time=2021-08-21 HTTP/1.1" 200 409
120.253.135.82 - - [21/Aug/2021:06:29:00 +0800] "GET /xingrg/all/function/internal_message.html?_=1629498317351&CODE_STATE=getMsg HTTP/1.1" 200 27
116.238.194.18 - - [21/Aug/2021:06:29:01 +0800] "GET /xingrg/check_reg.html?_=1629498477919 HTTP/1.1" 200 22
116.238.194.18 - - [21/Aug/2021:06:29:01 +0800] "GET /xingrg/all/function/internal_message.html?_=1629498478153&CODE_STATE=getMsg HTTP/1.1" 200 27
116.238.194.18 - - [21/Aug/2021:06:29:01 +0800] "GET /xingrg/kc/buy/cgsh_order_operate.html?command=get_materiel&rest_code=00150&code=00101009039&supplier_code=00100424&order_time=2021-08-21 HTTP/1.1" 200 408
116.238.194.18 - - [21/Aug/2021:06:29:09 +0800] "GET /xingrg/kc/buy/cgsh_order_operate.html?command=get_materiel&rest_code=00150&code=00101009016&supplier_code=00100424&order_time=2021-08-21 HTTP/1.1" 200 412
120.253.135.82 - - [21/Aug/2021:06:29:10 +0800] "GET /xingrg/kc/pszx/mdps_order_operate.html?command=get_materiel&pszx_code=00101&rest_code=00156&base_code=0010246&code=00102002128 HTTP/1.1" 200 418
58.37.4.159 - - [21/Aug/2021:06:29:18 +0800] "POST /xingrg/services/DataTransmitService HTTP/1.1" 200 524
116.238.194.18 - - [21/Aug/2021:06:29:23 +0800] "POST /xingrg/kc/buy/cgsh_order_operate.html HTTP/1.1" 200 37
116.238.194.18 - - [21/Aug/2021:06:29:25 +0800] "POST /xingrg/kc/buy/cgsh_order_operate.html HTTP/1.1" 200 6205
120.253.135.82 - - [21/Aug/2021:06:29:26 +0800] "POST /xingrg/kc/pszx/mdps_order_operate.html HTTP/1.1" 200 37
120.253.135.82 - - [21/Aug/2021:06:29:26 +0800] "GET /xingrg/kc/pszx/mdps_order_info.html?code=312021082100553 HTTP/1.1" 200 23931
116.238.194.18 - - [21/Aug/2021:06:29:27 +0800] "GET /xingrg/kc/buy/cgsh_order_add.html HTTP/1.1" 200 63208
120.253.135.82 - - [21/Aug/2021:06:29:27 +0800] "GET /xingrg/javascript/easyui/themes/default/validatebox.css HTTP/1.1" 404 1104
120.253.135.82 - - [21/Aug/2021:06:29:27 +0800] "POST /xingrg/kc/pszx/mdps_order_operate.html HTTP/1.1" 200 5662
116.238.194.18 - - [21/Aug/2021:06:29:27 +0800] "POST /xingrg/kc/buy/cgsh_order_operate.html HTTP/1.1" 200 8245
116.238.194.18 - - [21/Aug/2021:06:29:27 +0800] "GET /xingrg/javascript/easyui/themes/default/validatebox.css HTTP/1.1" 404 1104
120.253.135.82 - - [21/Aug/2021:06:29:28 +0800] "POST /xingrg/kc/pszx/mdps_list_operate.html HTTP/1.1" 200 2807
222.70.246.151 - - [21/Aug/2021:06:29:29 +0800] "GET /xingrg/all/function/internal_message.html?_=1629498586732&CODE_STATE=getMsg HTTP/1.1" 302 -
222.70.246.151 - - [21/Aug/2021:06:29:29 +0800] "POST /xingrg/dwr/call/plaincall/AjaxQqpsService.getMaterielByCode.dwr HTTP/1.1" 200 2664
222.70.246.151 - - [21/Aug/2021:06:29:31 +0800] "POST /xingrg/dwr/call/plaincall/AjaxQqpsService.saveMaterielItem.dwr HTTP/1.1" 200 79
120.253.135.82 - - [21/Aug/2021:06:29:32 +0800] "POST /xingrg/kc/pszx/mdps_list_operate.html HTTP/1.1" 200 587
222.70.246.151 - - [21/Aug/2021:06:29:32 +0800] "GET /xingrg/all/function/internal_message.html?_=1629498586006&CODE_STATE=getMsg HTTP/1.1" 200 27
120.253.135.82 - - [21/Aug/2021:06:29:34 +0800] "POST /xingrg/kc/pszx/mdps_list_operate.html HTTP/1.1" 200 371
116.238.194.18 - - [21/Aug/2021:06:29:36 +0800] "GET /xingrg/kc/buy/cgsh_order_operate.html?command=get_materiel&rest_code=00150&code=00101011003&supplier_code=00100047&order_time=2021-08-21 HTTP/1.1" 200 413
120.253.135.82 - - [21/Aug/2021:06:29:36 +0800] "POST /xingrg/kc/pszx/mdps_list_operate.html HTTP/1.1" 200 595
222.70.246.151 - - [21/Aug/2021:06:29:36 +0800] "POST /xingrg/dwr/call/plaincall/AjaxQqpsService.getMaterielByCode.dwr HTTP/1.1" 200 2596
120.253.135.82 - - [21/Aug/2021:06:29:39 +0800] "GET /xingrg/kc/pszx/mdps_order_info.html?code=312021082000547 HTTP/1.1" 200 23931
120.253.135.82 - - [21/Aug/2021:06:29:40 +0800] "GET /xingrg/javascript/easyui/themes/default/validatebox.css HTTP/1.1" 404 1104
120.253.135.82 - - [21/Aug/2021:06:29:40 +0800] "POST /xingrg/kc/pszx/mdps_order_operate.html HTTP/1.1" 200 6232
222.70.246.151 - - [21/Aug/2021:06:29:40 +0800] "POST /xingrg/dwr/call/plaincall/AjaxQqpsService.saveMaterielItem.dwr HTTP/1.1" 200 79
101.83.145.79 - - [21/Aug/2021:06:29:42 +0800] "GET /xingrg/all/function/internal_message.html?_=1629498584842&CODE_STATE=getMsg HTTP/1.1" 200 27
172.20.0.100 - - [21/Aug/2021:06:29:43 +0800] "GET /xingrg/all/function/internal_message.html?_=1629498582102&CODE_STATE=getMsg HTTP/1.1" 200 27
172.20.0.100 - - [21/Aug/2021:06:29:43 +0800] "GET /xingrg/check_reg.html?_=1629498582104 HTTP/1.1" 200 22
116.238.194.18 - - [21/Aug/2021:06:29:45 +0800] "POST /xingrg/kc/buy/cgsh_order_operate.html HTTP/1.1" 200 37
222.70.179.252 - - [21/Aug/2021:06:29:45 +0800] "POST /xingrg/services/DataTransmitService HTTP/1.1" 200 524
222.70.179.252 - - [21/Aug/2021:06:29:46 +0800] "POST /xingrg/services/DataTransmitService HTTP/1.1" 200 501
116.238.194.18 - - [21/Aug/2021:06:29:47 +0800] "POST /xingrg/kc/buy/cgsh_order_operate.html HTTP/1.1" 200 2656
172.20.0.100 - - [21/Aug/2021:06:29:49 +0800] "GET /xingrg/all/function/internal_message.html?_=1629498588523&CODE_STATE=getMsg HTTP/1.1" 200 27
120.253.135.82 - - [21/Aug/2021:06:29:49 +0800] "POST /xingrg/kc/pszx/mdps_order_operate.html HTTP/1.1" 200 37
120.253.135.82 - - [21/Aug/2021:06:29:50 +0800] "GET /xingrg/kc/pszx/mdps_order_info.html?code=312021082000547 HTTP/1.1" 200 23931
116.238.194.18 - - [21/Aug/2021:06:29:50 +0800] "GET /xingrg/all/function/internal_message.html?_=1629498590285&CODE_STATE=getMsg HTTP/1.1" 200 27
116.238.194.18 - - [21/Aug/2021:06:29:50 +0800] "GET /xingrg/kc/buy/cgsh_order_add.html HTTP/1.1" 200 63208
120.253.135.82 - - [21/Aug/2021:06:29:50 +0800] "GET /xingrg/javascript/easyui/themes/default/validatebox.css HTTP/1.1" 404 1104
120.253.135.82 - - [21/Aug/2021:06:29:50 +0800] "POST /xingrg/kc/pszx/mdps_order_operate.html HTTP/1.1" 200 5747
116.238.194.18 - - [21/Aug/2021:06:29:51 +0800] "POST /xingrg/kc/buy/cgsh_order_operate.html HTTP/1.1" 200 8245
116.238.194.18 - - [21/Aug/2021:06:29:51 +0800] "GET /xingrg/javascript/easyui/themes/default/validatebox.css HTTP/1.1" 404 1104
116.230.105.26 - - [21/Aug/2021:06:29:51 +0800] "GET /xingrg/all/function/internal_message.html?_=1629498569154&CODE_STATE=getMsg HTTP/1.1" 200 27
120.253.135.82 - - [21/Aug/2021:06:29:55 +0800] "POST /xingrg/kc/pszx/mdps_list_operate.html HTTP/1.1" 200 2807
120.253.135.82 - - [21/Aug/2021:06:29:57 +0800] "POST /xingrg/kc/pszx/mdps_list_operate.html HTTP/1.1" 200 371
120.253.135.82 - - [21/Aug/2021:06:29:58 +0800] "GET /xingrg/kc/pszx/mdps_order_info.html?code=312021082000549 HTTP/1.1" 200 23931
120.253.135.82 - - [21/Aug/2021:06:29:58 +0800] "GET /xingrg/javascript/easyui/themes/default/validatebox.css HTTP/1.1" 404 1104
120.253.135.82 - - [21/Aug/2021:06:29:58 +0800] "POST /xingrg/kc/pszx/mdps_order_operate.html HTTP/1.1" 200 3261
116.238.194.18 - - [21/Aug/2021:06:29:59 +0800] "GET /xingrg/kc/buy/cgsh_order_operate.html?command=get_materiel&rest_code=00150&code=00101012039&supplier_code=00100096&order_time=2021-08-21 HTTP/1.1" 200 409
222.70.246.151 - - [21/Aug/2021:06:29:59 +0800] "GET /xingrg/check_reg.html?_=1629498601434 HTTP/1.1" 200 22
120.253.135.82 - - [21/Aug/2021:06:30:00 +0800] "GET /xingrg/all/function/internal_message.html?_=1629498377364&CODE_STATE=getMsg HTTP/1.1" 200 27
120.253.135.82 - - [21/Aug/2021:06:30:00 +0800] "POST /xingrg/kc/pszx/mdps_list_operate.html HTTP/1.1" 200 2807
116.238.194.18 - - [21/Aug/2021:06:30:01 +0800] "GET /xingrg/all/function/internal_message.html?_=1629498538167&CODE_STATE=getMsg HTTP/1.1" 200 27
120.253.135.82 - - [21/Aug/2021:06:30:02 +0800] "POST /xingrg/kc/pszx/mdps_list_operate.html HTTP/1.1" 200 587
120.253.135.82 - - [21/Aug/2021:06:30:03 +0800] "GET /xingrg/kc/pszx/mdps_order_info.html?code=312021082100552 HTTP/1.1" 200 23931
120.253.135.82 - - [21/Aug/2021:06:30:03 +0800] "GET /xingrg/javascript/easyui/themes/default/validatebox.css HTTP/1.1" 404 1104
120.253.135.82 - - [21/Aug/2021:06:30:03 +0800] "POST /xingrg/kc/pszx/mdps_order_operate.html HTTP/1.1" 200 11365
58.37.4.159 - - [21/Aug/2021:06:30:07 +0800] "POST /xingrg/services/DataTransmitService HTTP/1.1" 200 501
58.37.4.159 - - [21/Aug/2021:06:30:07 +0800] "POST /xingrg/services/DataTransmitService HTTP/1.1" 200 501
58.37.4.159 - - [21/Aug/2021:06:30:09 +0800] "POST /xingrg/services/DataTransmitService HTTP/1.1" 200 501
58.37.4.159 - - [21/Aug/2021:06:30:10 +0800] "POST /xingrg/services/DataTransmitService HTTP/1.1" 200 501
58.37.4.159 - - [21/Aug/2021:06:30:11 +0800] "POST /xingrg/services/DataTransmitService HTTP/1.1" 200 501
58.37.4.159 - - [21/Aug/2021:06:30:11 +0800] "POST /xingrg/services/DataTransmitService HTTP/1.1" 200 501
58.37.4.159 - - [21/Aug/2021:06:30:12 +0800] "POST /xingrg/services/DataTransmitService HTTP/1.1" 200 501
58.37.4.159 - - [21/Aug/2021:06:30:13 +0800] "POST /xingrg/services/DataTransmitService HTTP/1.1" 200 501
58.37.4.159 - - [21/Aug/2021:06:30:13 +0800] "POST /xingrg/services/DataTransmitService HTTP/1.1" 200 501
58.37.4.159 - - [21/Aug/2021:06:30:13 +0800] "POST /xingrg/services/DataTransmitService HTTP/1.1" 200 412
222.70.246.151 - - [21/Aug/2021:06:30:27 +0800] "GET /xingrg/check_reg.html?_=1629498644862 HTTP/1.1" 302 -
222.70.246.151 - - [21/Aug/2021:06:30:29 +0800] "GET /xingrg/all/function/internal_message.html?_=1629498646746&CODE_STATE=getMsg HTTP/1.1" 302 -
116.238.194.18 - - [21/Aug/2021:06:30:29 +0800] "GET /xingrg/kc/buy/cgsh_order_operate.html?command=get_materiel&rest_code=00150&code=00101006184&supplier_code=00100096&order_time=2021-08-21 HTTP/1.1" 200 408
222.70.246.151 - - [21/Aug/2021:06:30:32 +0800] "GET /xingrg/all/function/internal_message.html?_=1629498646020&CODE_STATE=getMsg HTTP/1.1" 200 27
116.238.194.18 - - [21/Aug/2021:06:30:37 +0800] "GET /xingrg/kc/buy/cgsh_order_operate.html?command=get_materiel&rest_code=00150&code=00101006055&supplier_code=00100096&order_time=2021-08-21 HTTP/1.1" 200 411
120.253.135.82 - - [21/Aug/2021:06:30:38 +0800] "POST /xingrg/all/common/load_select.html HTTP/1.1" 200 25
120.253.135.82 - - [21/Aug/2021:06:30:40 +0800] "GET /xingrg/kc/pszx/mdps_order_operate.html?command=get_materiel_price&pszx_code=00101&rest_code=00156&base_code=0010246&code=00101019133&unit_code=00100189&order_time=2021-08-21 HTTP/1.1" 200 34
101.83.145.79 - - [21/Aug/2021:06:30:42 +0800] "GET /xingrg/all/function/internal_message.html?_=1629498644841&CODE_STATE=getMsg HTTP/1.1" 200 27
172.20.0.100 - - [21/Aug/2021:06:30:43 +0800] "GET /xingrg/all/function/internal_message.html?_=1629498642105&CODE_STATE=getMsg HTTP/1.1" 200 27
116.238.194.18 - - [21/Aug/2021:06:30:46 +0800] "GET /xingrg/kc/buy/cgsh_order_operate.html?command=get_materiel&rest_code=00150&code=00101006065&supplier_code=00100096&order_time=2021-08-21 HTTP/1.1" 200 411
172.20.0.100 - - [21/Aug/2021:06:30:49 +0800] "GET /xingrg/all/function/internal_message.html?_=1629498648525&CODE_STATE=getMsg HTTP/1.1" 200 27
116.238.194.18 - - [21/Aug/2021:06:30:50 +0800] "GET /xingrg/all/function/internal_message.html?_=1629498650286&CODE_STATE=getMsg HTTP/1.1" 200 27
116.230.105.26 - - [21/Aug/2021:06:30:51 +0800] "GET /xingrg/all/function/internal_message.html?_=1629498629153&CODE_STATE=getMsg HTTP/1.1" 200 27
120.253.135.82 - - [21/Aug/2021:06:30:52 +0800] "POST /xingrg/all/common/load_select.html HTTP/1.1" 200 25
116.238.194.18 - - [21/Aug/2021:06:30:52 +0800] "GET /xingrg/kc/buy/cgsh_order_operate.html?command=get_materiel&rest_code=00150&code=00101006115&supplier_code=00100096&order_time=2021-08-21 HTTP/1.1" 200 409
120.253.135.82 - - [21/Aug/2021:06:30:54 +0800] "GET /xingrg/kc/pszx/mdps_order_operate.html?command=get_materiel_price&pszx_code=00101&rest_code=00156&base_code=0010246&code=00101019400&unit_code=00100111&order_time=2021-08-21 HTTP/1.1" 200 36
116.238.194.18 - - [21/Aug/2021:06:30:54 +0800] "GET /xingrg/javascript/jquery_easy_ui/themes/default/images/tabs_active.png HTTP/1.1" 304 -
116.238.194.18 - - [21/Aug/2021:06:31:00 +0800] "GET /xingrg/kc/buy/cgsh_order_operate.html?command=get_materiel&rest_code=00150&code=00101006111&supplier_code=00100096&order_time=2021-08-21 HTTP/1.1" 200 409
120.253.135.82 - - [21/Aug/2021:06:31:00 +0800] "GET /xingrg/all/function/internal_message.html?_=1629498437378&CODE_STATE=getMsg HTTP/1.1" 200 27
116.238.194.18 - - [21/Aug/2021:06:31:01 +0800] "GET /xingrg/all/function/internal_message.html?_=1629498598181&CODE_STATE=getMsg HTTP/1.1" 200 27
116.238.194.18 - - [21/Aug/2021:06:31:10 +0800] "GET /xingrg/kc/buy/cgsh_order_operate.html?command=get_materiel&rest_code=00150&code=00101006109&supplier_code=00100096&order_time=2021-08-21 HTTP/1.1" 200 409
120.253.135.82 - - [21/Aug/2021:06:31:15 +0800] "POST /xingrg/kc/pszx/mdps_order_operate.html HTTP/1.1" 200 37
120.253.135.82 - - [21/Aug/2021:06:31:16 +0800] "GET /xingrg/kc/pszx/mdps_order_info.html?code=312021082100552 HTTP/1.1" 200 23931
116.238.194.18 - - [21/Aug/2021:06:31:16 +0800] "GET /xingrg/kc/buy/cgsh_order_operate.html?command=get_materiel&rest_code=00150&code=00101007061&supplier_code=00100096&order_time=2021-08-21 HTTP/1.1" 200 410
120.253.135.82 - - [21/Aug/2021:06:31:16 +0800] "POST /xingrg/kc/pszx/mdps_order_operate.html HTTP/1.1" 200 7926
120.253.135.82 - - [21/Aug/2021:06:31:16 +0800] "GET /xingrg/javascript/easyui/themes/default/validatebox.css HTTP/1.1" 404 1104
120.253.135.82 - - [21/Aug/2021:06:31:18 +0800] "POST /xingrg/kc/pszx/mdps_list_operate.html HTTP/1.1" 200 2806
120.253.135.82 - - [21/Aug/2021:06:31:20 +0800] "POST /xingrg/kc/pszx/mdps_list_operate.html HTTP/1.1" 200 577
120.253.135.82 - - [21/Aug/2021:06:31:22 +0800] "POST /xingrg/kc/pszx/mdps_list_operate.html HTTP/1.1" 200 599
120.253.135.82 - - [21/Aug/2021:06:31:23 +0800] "GET /xingrg/kc/pszx/mdps_order_info.html?code=312021082000547 HTTP/1.1" 200 23931
120.253.135.82 - - [21/Aug/2021:06:31:23 +0800] "GET /xingrg/javascript/easyui/themes/default/validatebox.css HTTP/1.1" 404 1104
120.253.135.82 - - [21/Aug/2021:06:31:23 +0800] "POST /xingrg/kc/pszx/mdps_order_operate.html HTTP/1.1" 200 5747
120.253.135.82 - - [21/Aug/2021:06:31:25 +0800] "GET /xingrg/kc/print/load_data.html?order_code=312021082000547&kc_code=mdps&condition= HTTP/1.1" 200 2223
116.238.194.18 - - [21/Aug/2021:06:31:28 +0800] "GET /xingrg/kc/buy/cgsh_order_operate.html?command=get_materiel&rest_code=00150&code=00101007125&supplier_code=00100096&order_time=2021-08-21 HTTP/1.1" 200 408
222.70.246.151 - - [21/Aug/2021:06:31:29 +0800] "GET /xingrg/all/function/internal_message.html?_=1629498706767&CODE_STATE=getMsg HTTP/1.1" 302 -
120.253.135.82 - - [21/Aug/2021:06:31:31 +0800] "POST /xingrg/kc/pszx/mdps_list_operate.html HTTP/1.1" 200 2806
120.253.135.82 - - [21/Aug/2021:06:31:32 +0800] "POST /xingrg/kc/pszx/mdps_list_operate.html HTTP/1.1" 200 371
222.70.246.151 - - [21/Aug/2021:06:31:32 +0800] "GET /xingrg/all/function/internal_message.html?_=1629498706033&CODE_STATE=getMsg HTTP/1.1" 200 27
120.253.135.82 - - [21/Aug/2021:06:31:32 +0800] "GET /xingrg/kc/pszx/mdps_order_info.html?code=312021082000549 HTTP/1.1" 200 23931
120.253.135.82 - - [21/Aug/2021:06:31:33 +0800] "GET /xingrg/javascript/easyui/themes/default/validatebox.css HTTP/1.1" 404 1104
120.253.135.82 - - [21/Aug/2021:06:31:33 +0800] "POST /xingrg/kc/pszx/mdps_order_operate.html HTTP/1.1" 200 3261
120.253.135.82 - - [21/Aug/2021:06:31:35 +0800] "GET /xingrg/kc/print/load_data.html?order_code=312021082000549&kc_code=mdps&condition= HTTP/1.1" 200 1131
116.238.194.18 - - [21/Aug/2021:06:31:39 +0800] "GET /xingrg/kc/buy/cgsh_order_operate.html?command=get_materiel&rest_code=00150&code=00101007048&supplier_code=00100096&order_time=2021-08-21 HTTP/1.1" 200 408
120.253.135.82 - - [21/Aug/2021:06:31:40 +0800] "POST /xingrg/kc/pszx/mdps_list_operate.html HTTP/1.1" 200 2806
120.253.135.82 - - [21/Aug/2021:06:31:41 +0800] "POST /xingrg/kc/pszx/mdps_list_operate.html HTTP/1.1" 200 620
120.253.135.82 - - [21/Aug/2021:06:31:42 +0800] "GET /xingrg/kc/pszx/mdps_order_info.html?code=312021082100552 HTTP/1.1" 200 23931
120.253.135.82 - - [21/Aug/2021:06:31:42 +0800] "GET /xingrg/javascript/easyui/themes/default/validatebox.css HTTP/1.1" 404 1104
120.253.135.82 - - [21/Aug/2021:06:31:42 +0800] "POST /xingrg/kc/pszx/mdps_order_operate.html HTTP/1.1" 200 7926
101.83.145.79 - - [21/Aug/2021:06:31:42 +0800] "GET /xingrg/all/function/internal_message.html?_=1629498704841&CODE_STATE=getMsg HTTP/1.1" 200 27
172.20.0.100 - - [21/Aug/2021:06:31:43 +0800] "GET /xingrg/all/function/internal_message.html?_=1629498702108&CODE_STATE=getMsg HTTP/1.1" 200 27
116.238.194.18 - - [21/Aug/2021:06:31:46 +0800] "GET /xingrg/kc/buy/cgsh_order_operate.html?command=get_materiel&rest_code=00150&code=00101007049&supplier_code=00100096&order_time=2021-08-21 HTTP/1.1" 200 409
120.253.135.82 - - [21/Aug/2021:06:31:48 +0800] "GET /xingrg/kc/print/load_data.html?order_code=312021082100552&kc_code=mdps&condition= HTTP/1.1" 200 3359
172.20.0.100 - - [21/Aug/2021:06:31:49 +0800] "GET /xingrg/all/function/internal_message.html?_=1629498708527&CODE_STATE=getMsg HTTP/1.1" 200 27
116.238.194.18 - - [21/Aug/2021:06:31:50 +0800] "GET /xingrg/all/function/internal_message.html?_=1629498710285&CODE_STATE=getMsg HTTP/1.1" 200 27
116.230.105.26 - - [21/Aug/2021:06:31:51 +0800] "GET /xingrg/all/function/internal_message.html?_=1629498689126&CODE_STATE=getMsg HTTP/1.1" 200 27
120.253.135.82 - - [21/Aug/2021:06:32:00 +0800] "GET /xingrg/all/function/internal_message.html?_=1629498497391&CODE_STATE=getMsg HTTP/1.1" 200 27
116.238.194.18 - - [21/Aug/2021:06:32:00 +0800] "GET /xingrg/kc/buy/cgsh_order_operate.html?command=get_materiel&rest_code=00150&code=00101007077&supplier_code=00100096&order_time=2021-08-21 HTTP/1.1" 200 415
116.238.194.18 - - [21/Aug/2021:06:32:01 +0800] "GET /xingrg/all/function/internal_message.html?_=1629498658194&CODE_STATE=getMsg HTTP/1.1" 200 27
116.230.105.26 - - [21/Aug/2021:06:32:08 +0800] "GET /xingrg/check_reg.html?_=1629498706050 HTTP/1.1" 200 22
116.238.194.18 - - [21/Aug/2021:06:32:11 +0800] "GET /xingrg/kc/buy/cgsh_order_operate.html?command=get_materiel&rest_code=00150&code=00101007081&supplier_code=00100096&order_time=2021-08-21 HTTP/1.1" 200 414
120.253.135.82 - - [21/Aug/2021:06:32:26 +0800] "POST /xingrg/kc/pszx/mdps_list_operate.html HTTP/1.1" 200 2806
222.70.246.151 - - [21/Aug/2021:06:32:29 +0800] "GET /xingrg/all/function/internal_message.html?_=1629498766773&CODE_STATE=getMsg HTTP/1.1" 302 -
116.238.194.18 - - [21/Aug/2021:06:32:32 +0800] "GET /xingrg/kc/buy/cgsh_order_operate.html?command=get_materiel&rest_code=00150&code=00101007059&supplier_code=00100096&order_time=2021-08-21 HTTP/1.1" 200 409
222.70.246.151 - - [21/Aug/2021:06:32:32 +0800] "GET /xingrg/all/function/internal_message.html?_=1629498766134&CODE_STATE=getMsg HTTP/1.1" 200 27
116.238.194.18 - - [21/Aug/2021:06:32:42 +0800] "POST /xingrg/kc/buy/cgsh_order_operate.html HTTP/1.1" 200 37
101.83.145.79 - - [21/Aug/2021:06:32:42 +0800] "GET /xingrg/all/function/internal_message.html?_=1629498764867&CODE_STATE=getMsg HTTP/1.1" 200 27
101.83.145.79 - - [21/Aug/2021:06:32:42 +0800] "GET /xingrg/check_reg.html?_=1629498764866 HTTP/1.1" 200 22
172.20.0.100 - - [21/Aug/2021:06:32:43 +0800] "GET /xingrg/all/function/internal_message.html?_=1629498762111&CODE_STATE=getMsg HTTP/1.1" 200 27
116.238.194.18 - - [21/Aug/2021:06:32:43 +0800] "POST /xingrg/kc/buy/cgsh_order_operate.html HTTP/1.1" 200 10938
116.238.194.18 - - [21/Aug/2021:06:32:45 +0800] "GET /xingrg/kc/buy/cgsh_order_add.html HTTP/1.1" 200 63208
116.238.194.18 - - [21/Aug/2021:06:32:45 +0800] "POST /xingrg/kc/buy/cgsh_order_operate.html HTTP/1.1" 200 8245
116.238.194.18 - - [21/Aug/2021:06:32:45 +0800] "GET /xingrg/javascript/easyui/themes/default/validatebox.css HTTP/1.1" 404 1104
172.20.0.100 - - [21/Aug/2021:06:32:49 +0800] "GET /xingrg/all/function/internal_message.html?_=1629498768530&CODE_STATE=getMsg HTTP/1.1" 200 27
120.253.135.82 - - [21/Aug/2021:06:32:49 +0800] "GET /xingrg/check_reg.html?_=1629498546528 HTTP/1.1" 200 22
116.238.194.18 - - [21/Aug/2021:06:32:50 +0800] "GET /xingrg/all/function/internal_message.html?_=1629498770308&CODE_STATE=getMsg HTTP/1.1" 200 27
116.230.105.26 - - [21/Aug/2021:06:32:51 +0800] "GET /xingrg/all/function/internal_message.html?_=1629498749109&CODE_STATE=getMsg HTTP/1.1" 200 27
116.238.194.18 - - [21/Aug/2021:06:32:56 +0800] "GET /xingrg/kc/buy/cgsh_order_operate.html?command=get_materiel&rest_code=00150&code=00101015022&supplier_code=00100054&order_time=2021-08-21 HTTP/1.1" 200 408
120.253.135.82 - - [21/Aug/2021:06:33:00 +0800] "GET /xingrg/all/function/internal_message.html?_=1629498557405&CODE_STATE=getMsg HTTP/1.1" 200 27
116.238.194.18 - - [21/Aug/2021:06:33:01 +0800] "GET /xingrg/all/function/internal_message.html?_=1629498718208&CODE_STATE=getMsg HTTP/1.1" 200 27
116.238.194.18 - - [21/Aug/2021:06:33:08 +0800] "GET /xingrg/kc/buy/cgsh_order_operate.html?command=get_materiel&rest_code=00150&code=00101015040&supplier_code=00100054&order_time=2021-08-21 HTTP/1.1" 200 408
116.238.194.18 - - [21/Aug/2021:06:33:17 +0800] "GET /xingrg/kc/buy/cgsh_order_operate.html?command=get_materiel&rest_code=00150&code=00101015062&supplier_code=00100054&order_time=2021-08-21 HTTP/1.1" 200 412
222.70.246.151 - - [21/Aug/2021:06:33:29 +0800] "GET /xingrg/all/function/internal_message.html?_=1629498826793&CODE_STATE=getMsg HTTP/1.1" 302 -
222.70.246.151 - - [21/Aug/2021:06:33:32 +0800] "GET /xingrg/check_reg.html?_=1629498825742 HTTP/1.1" 200 22
222.70.246.151 - - [21/Aug/2021:06:33:33 +0800] "GET /xingrg/all/function/internal_message.html?_=1629498826229&CODE_STATE=getMsg HTTP/1.1" 200 27
116.238.194.18 - - [21/Aug/2021:06:33:37 +0800] "GET /xingrg/kc/buy/cgsh_order_operate.html?command=get_materiel&rest_code=00150&code=00101015021&supplier_code=00100054&order_time=2021-08-21 HTTP/1.1" 200 408
116.238.194.18 - - [21/Aug/2021:06:33:41 +0800] "POST /xingrg/kc/buy/cgsh_order_operate.html HTTP/1.1" 200 37
101.83.145.79 - - [21/Aug/2021:06:33:42 +0800] "GET /xingrg/all/function/internal_message.html?_=1629498824865&CODE_STATE=getMsg HTTP/1.1" 200 27
172.20.0.100 - - [21/Aug/2021:06:33:43 +0800] "GET /xingrg/all/function/internal_message.html?_=1629498822099&CODE_STATE=getMsg HTTP/1.1" 200 27
116.238.194.18 - - [21/Aug/2021:06:33:43 +0800] "POST /xingrg/kc/buy/cgsh_order_operate.html HTTP/1.1" 200 4413
172.20.0.100 - - [21/Aug/2021:06:33:49 +0800] "GET /xingrg/check_reg.html?_=1629498828517 HTTP/1.1" 200 22
172.20.0.100 - - [21/Aug/2021:06:33:49 +0800] "GET /xingrg/all/function/internal_message.html?_=1629498828521&CODE_STATE=getMsg HTTP/1.1" 200 27
116.238.194.18 - - [21/Aug/2021:06:33:50 +0800] "GET /xingrg/check_reg.html?_=1629498830307 HTTP/1.1" 200 22
116.238.194.18 - - [21/Aug/2021:06:33:50 +0800] "GET /xingrg/all/function/internal_message.html?_=1629498830308&CODE_STATE=getMsg HTTP/1.1" 200 27
116.230.105.26 - - [21/Aug/2021:06:33:51 +0800] "GET /xingrg/all/function/internal_message.html?_=1629498809084&CODE_STATE=getMsg HTTP/1.1" 200 27
120.253.135.82 - - [21/Aug/2021:06:34:00 +0800] "GET /xingrg/all/function/internal_message.html?_=1629498617419&CODE_STATE=getMsg HTTP/1.1" 200 27
116.238.194.18 - - [21/Aug/2021:06:34:01 +0800] "GET /xingrg/check_reg.html?_=1629498778236 HTTP/1.1" 200 22
116.238.194.18 - - [21/Aug/2021:06:34:01 +0800] "GET /xingrg/all/function/internal_message.html?_=1629498778243&CODE_STATE=getMsg HTTP/1.1" 200 27
120.253.135.82 - - [21/Aug/2021:06:34:17 +0800] "GET /xingrg/kc/pszx/mdqp_order_list.html?state=10 HTTP/1.1" 200 16359
120.253.135.82 - - [21/Aug/2021:06:34:17 +0800] "GET /xingrg/dwr/interface/AjaxReportQueryService.js HTTP/1.1" 200 13203
120.253.135.82 - - [21/Aug/2021:06:34:17 +0800] "GET /xingrg/dwr/interface/AjaxQqpsService.js HTTP/1.1" 200 16326
120.253.135.82 - - [21/Aug/2021:06:34:17 +0800] "GET /xingrg/dwr/engine.js HTTP/1.1" 200 43631
222.70.246.151 - - [21/Aug/2021:06:34:19 +0800] "POST /xingrg/dwr/call/plaincall/AjaxQqpsService.checkOrder.dwr HTTP/1.1" 200 79
120.253.135.82 - - [21/Aug/2021:06:34:21 +0800] "GET /xingrg/kc/pszx/mdqp_order_info.html?code=302021082000409 HTTP/1.1" 200 13338
120.253.135.82 - - [21/Aug/2021:06:34:21 +0800] "GET /xingrg/dwr/interface/AjaxQqpsService.js HTTP/1.1" 200 16326
120.253.135.82 - - [21/Aug/2021:06:34:21 +0800] "GET /xingrg/dwr/interface/AjaxComOrderService.js HTTP/1.1" 200 18264
120.253.135.82 - - [21/Aug/2021:06:34:21 +0800] "GET /xingrg/dwr/engine.js HTTP/1.1" 200 43631
222.70.246.151 - - [21/Aug/2021:06:34:21 +0800] "GET /xingrg/kc/mdqp/qqps_order_info.html?code=302021082100410 HTTP/1.1" 200 26396
222.70.246.151 - - [21/Aug/2021:06:34:21 +0800] "GET /xingrg/dwr/interface/AjaxQqpsService.js HTTP/1.1" 200 16326
222.70.246.151 - - [21/Aug/2021:06:34:21 +0800] "GET /xingrg/dwr/interface/AjaxComOrderService.js HTTP/1.1" 200 18264
222.70.246.151 - - [21/Aug/2021:06:34:21 +0800] "GET /xingrg/dwr/engine.js HTTP/1.1" 200 43631
120.253.135.82 - - [21/Aug/2021:06:34:21 +0800] "POST /xingrg/dwr/call/plaincall/AjaxQqpsService.loadMaterielItems.dwr HTTP/1.1" 200 324
222.70.246.151 - - [21/Aug/2021:06:34:22 +0800] "POST /xingrg/dwr/call/plaincall/AjaxQqpsService.loadMaterielItems.dwr HTTP/1.1" 200 10009
120.253.135.82 - - [21/Aug/2021:06:34:23 +0800] "GET /xingrg/kc/pszx/mdqp_order_list.html?isBack=1 HTTP/1.1" 302 -
120.253.135.82 - - [21/Aug/2021:06:34:23 +0800] "GET /xingrg/kc/pszx/mdqp_order_list.html?state=10 HTTP/1.1" 200 16359
120.253.135.82 - - [21/Aug/2021:06:34:23 +0800] "GET /xingrg/dwr/interface/AjaxQqpsService.js HTTP/1.1" 200 16326
120.253.135.82 - - [21/Aug/2021:06:34:23 +0800] "GET /xingrg/dwr/interface/AjaxReportQueryService.js HTTP/1.1" 200 13203
120.253.135.82 - - [21/Aug/2021:06:34:23 +0800] "GET /xingrg/dwr/engine.js HTTP/1.1" 200 43631
120.253.135.82 - - [21/Aug/2021:06:34:25 +0800] "GET /xingrg/kc/pszx/mdqp_order_info.html?code=302021082000409 HTTP/1.1" 200 13338
120.253.135.82 - - [21/Aug/2021:06:34:26 +0800] "GET /xingrg/dwr/interface/AjaxComOrderService.js HTTP/1.1" 200 18264
120.253.135.82 - - [21/Aug/2021:06:34:26 +0800] "GET /xingrg/dwr/interface/AjaxQqpsService.js HTTP/1.1" 200 16326
120.253.135.82 - - [21/Aug/2021:06:34:26 +0800] "GET /xingrg/dwr/engine.js HTTP/1.1" 200 43631
120.253.135.82 - - [21/Aug/2021:06:34:26 +0800] "POST /xingrg/dwr/call/plaincall/AjaxQqpsService.loadMaterielItems.dwr HTTP/1.1" 200 324
120.253.135.82 - - [21/Aug/2021:06:34:28 +0800] "GET /xingrg/kc/pszx/mdqp_order_list.html?isBack=1 HTTP/1.1" 302 -
120.253.135.82 - - [21/Aug/2021:06:34:28 +0800] "GET /xingrg/kc/pszx/mdqp_order_list.html?state=10 HTTP/1.1" 200 16359
120.253.135.82 - - [21/Aug/2021:06:34:28 +0800] "GET /xingrg/dwr/interface/AjaxQqpsService.js HTTP/1.1" 200 16326
120.253.135.82 - - [21/Aug/2021:06:34:28 +0800] "GET /xingrg/dwr/interface/AjaxReportQueryService.js HTTP/1.1" 200 13203
120.253.135.82 - - [21/Aug/2021:06:34:28 +0800] "GET /xingrg/dwr/engine.js HTTP/1.1" 200 43631
222.70.246.151 - - [21/Aug/2021:06:34:29 +0800] "GET /xingrg/all/function/internal_message.html?_=1629498886800&CODE_STATE=getMsg HTTP/1.1" 302 -
222.70.246.151 - - [21/Aug/2021:06:34:31 +0800] "GET /xingrg/kc/mdqp/qqps_order_list.html HTTP/1.1" 200 9668
222.70.246.151 - - [21/Aug/2021:06:34:31 +0800] "GET /xingrg/dwr/interface/AjaxReportQueryService.js HTTP/1.1" 200 13203
222.70.246.151 - - [21/Aug/2021:06:34:31 +0800] "GET /xingrg/dwr/interface/AjaxQqpsService.js HTTP/1.1" 200 16326
222.70.246.151 - - [21/Aug/2021:06:34:31 +0800] "GET /xingrg/dwr/engine.js HTTP/1.1" 200 43631
120.253.135.82 - - [21/Aug/2021:06:34:31 +0800] "GET /xingrg/kc/pszx/mdqp_order_info.html?code=302021082000402 HTTP/1.1" 200 13338
120.253.135.82 - - [21/Aug/2021:06:34:31 +0800] "GET /xingrg/dwr/interface/AjaxQqpsService.js HTTP/1.1" 200 16326
120.253.135.82 - - [21/Aug/2021:06:34:31 +0800] "GET /xingrg/dwr/interface/AjaxComOrderService.js HTTP/1.1" 200 18264
120.253.135.82 - - [21/Aug/2021:06:34:31 +0800] "GET /xingrg/dwr/engine.js HTTP/1.1" 200 43631
120.253.135.82 - - [21/Aug/2021:06:34:32 +0800] "POST /xingrg/dwr/call/plaincall/AjaxQqpsService.loadMaterielItems.dwr HTTP/1.1" 200 9532
222.70.246.151 - - [21/Aug/2021:06:34:33 +0800] "GET /xingrg/all/function/internal_message.html?_=1629498886231&CODE_STATE=getMsg HTTP/1.1" 200 27
120.253.135.82 - - [21/Aug/2021:06:34:33 +0800] "GET /xingrg/images/yd/bt.gif HTTP/1.1" 404 1040
120.253.135.82 - - [21/Aug/2021:06:34:33 +0800] "GET /xingrg/images/yd/bt2.gif HTTP/1.1" 404 1042
222.70.246.151 - - [21/Aug/2021:06:34:34 +0800] "GET /xingrg/kc/mdqp/pssh_order_list.html HTTP/1.1" 200 17822
222.70.246.151 - - [21/Aug/2021:06:34:34 +0800] "GET /xingrg/css/base.css HTTP/1.1" 304 -
222.70.246.151 - - [21/Aug/2021:06:34:34 +0800] "GET /xingrg/css/site.css HTTP/1.1" 304 -
222.70.246.151 - - [21/Aug/2021:06:34:34 +0800] "GET /xingrg/javascript/easyui/themes/icon.css HTTP/1.1" 304 -
222.70.246.151 - - [21/Aug/2021:06:34:34 +0800] "GET /xingrg/javascript/jquery_tools/datebox.css HTTP/1.1" 304 -
222.70.246.151 - - [21/Aug/2021:06:34:34 +0800] "GET /xingrg/javascript/jquery_tools/jquery.tools.extend.js HTTP/1.1" 304 -
222.70.246.151 - - [21/Aug/2021:06:34:34 +0800] "GET /xingrg/javascript/easyui/themes/default/easyui.css HTTP/1.1" 304 -
222.70.246.151 - - [21/Aug/2021:06:34:34 +0800] "GET /xingrg/javascript/jquery_tools/jquery.tools.hotkey.js HTTP/1.1" 304 -
222.70.246.151 - - [21/Aug/2021:06:34:34 +0800] "GET /xingrg/javascript/jquery_tools/table.css HTTP/1.1" 304 -
222.70.246.151 - - [21/Aug/2021:06:34:34 +0800] "GET /xingrg/javascript/jquery_tools/fix.css HTTP/1.1" 304 -
222.70.246.151 - - [21/Aug/2021:06:34:34 +0800] "GET /xingrg/javascript/jquery.cookie.js HTTP/1.1" 304 -
222.70.246.151 - - [21/Aug/2021:06:34:34 +0800] "GET /xingrg/javascript/easyui/easyloader.js HTTP/1.1" 304 -
222.70.246.151 - - [21/Aug/2021:06:34:34 +0800] "GET /xingrg/javascript/jquery_tools/jquery.tools.table.js HTTP/1.1" 304 -
222.70.246.151 - - [21/Aug/2021:06:34:34 +0800] "GET /xingrg/javascript/jquery_tools/jquery.tools.min.js HTTP/1.1" 304 -
222.70.246.151 - - [21/Aug/2021:06:34:34 +0800] "GET /xingrg/javascript/jquery_tools/list_manager.js HTTP/1.1" 304 -
222.70.246.151 - - [21/Aug/2021:06:34:34 +0800] "GET /xingrg/javascript/easyui/plugins/jquery.parser.js HTTP/1.1" 304 -
222.70.246.151 - - [21/Aug/2021:06:34:34 +0800] "POST /xingrg/kc/mdqp/pssh_list_operate.html HTTP/1.1" 200 5474
