116.230.105.26 - - [21/Aug/2021:10:06:31 +0800] "GET /xingrg/all/function/internal_message.html?_=1629511567829&CODE_STATE=getMsg HTTP/1.1" 200 27
222.70.246.151 - - [21/Aug/2021:10:06:31 +0800] "GET /xingrg/all/function/internal_message.html?_=1629511609688&CODE_STATE=getMsg HTTP/1.1" 302 -
61.151.207.205 - - [21/Aug/2021:10:06:31 +0800] "GET /xingrg/kc/print/load_data.html?order_code=212021082109437&kc_code=cgsh HTTP/1.1" 302 -
61.151.207.205 - - [21/Aug/2021:10:06:32 +0800] "GET /xingrg/login.html HTTP/1.1" 200 7641
58.37.4.159 - - [21/Aug/2021:10:06:36 +0800] "GET /xingrg/kc/buy/cgsh_order_operate.html?command=get_materiel&rest_code=00106&code=00101006112&supplier_code=00100015&order_time=2021-08-21 HTTP/1.1" 200 409
222.70.246.151 - - [21/Aug/2021:10:06:39 +0800] "GET /xingrg/all/function/internal_message.html?_=1629511613369&CODE_STATE=getMsg HTTP/1.1" 200 27
114.88.154.248 - - [21/Aug/2021:10:06:41 +0800] "GET /xingrg/all/function/internal_message.html?_=1629511491386&CODE_STATE=getMsg HTTP/1.1" 200 27
101.83.145.79 - - [21/Aug/2021:10:06:43 +0800] "GET /xingrg/all/function/internal_message.html?_=1629511605090&CODE_STATE=getMsg HTTP/1.1" 200 27
172.20.0.100 - - [21/Aug/2021:10:06:43 +0800] "GET /xingrg/all/function/internal_message.html?_=1629511602098&CODE_STATE=getMsg HTTP/1.1" 200 27
58.37.4.159 - - [21/Aug/2021:10:06:43 +0800] "GET /xingrg/kc/buy/cgsh_order_operate.html?command=get_materiel&rest_code=00106&code=00101006109&supplier_code=00100015&order_time=2021-08-21 HTTP/1.1" 200 409
120.253.135.82 - - [21/Aug/2021:10:06:44 +0800] "GET /xingrg/kc/report/report_main.html HTTP/1.1" 200 9370
120.253.135.82 - - [21/Aug/2021:10:06:45 +0800] "GET /xingrg/kc/base/kc_stocks.html HTTP/1.1" 200 16437
120.253.135.82 - - [21/Aug/2021:10:06:45 +0800] "GET /xingrg/javascript/easyui/themes/default/tree.css HTTP/1.1" 404 1090
120.253.135.82 - - [21/Aug/2021:10:06:45 +0800] "GET /xingrg/all/function/internal_message.html?_=1629511382244&CODE_STATE=getMsg HTTP/1.1" 200 27
120.253.135.82 - - [21/Aug/2021:10:06:45 +0800] "POST /xingrg/all/common/load_tree.html?tree=materiel_sort_tree_json HTTP/1.1" 200 8666
120.253.135.82 - - [21/Aug/2021:10:06:47 +0800] "POST /xingrg/all/common/load_combo.html?type=base HTTP/1.1" 200 1075
172.20.0.100 - - [21/Aug/2021:10:06:49 +0800] "GET /xingrg/all/function/internal_message.html?_=1629511608518&CODE_STATE=getMsg HTTP/1.1" 200 27
116.232.52.242 - - [21/Aug/2021:10:06:50 +0800] "GET /xingrg/all/function/internal_message.html?_=1629511610772&CODE_STATE=getMsg HTTP/1.1" 200 27
116.232.52.242 - - [21/Aug/2021:10:06:50 +0800] "GET /xingrg/check_reg.html?_=1629511610773 HTTP/1.1" 200 22
58.37.4.159 - - [21/Aug/2021:10:06:50 +0800] "GET /xingrg/kc/buy/cgsh_order_operate.html?command=get_materiel&rest_code=00106&code=00101006111&supplier_code=00100015&order_time=2021-08-21 HTTP/1.1" 200 409
116.238.194.18 - - [21/Aug/2021:10:06:51 +0800] "GET /xingrg/all/function/internal_message.html?_=1629511610743&CODE_STATE=getMsg HTTP/1.1" 200 27
120.253.135.82 - - [21/Aug/2021:10:06:53 +0800] "POST /xingrg/kc/base/stock_operate.html HTTP/1.1" 200 1733
58.37.4.159 - - [21/Aug/2021:10:06:56 +0800] "GET /xingrg/kc/buy/cgsh_order_operate.html?command=get_materiel&rest_code=00106&code=00101006133&supplier_code=00100015&order_time=2021-08-21 HTTP/1.1" 200 415
114.83.216.119 - - [21/Aug/2021:10:07:04 +0800] "GET /xingrg/all/function/internal_message.html?_=1629511623488&CODE_STATE=getMsg HTTP/1.1" 200 27
58.37.4.159 - - [21/Aug/2021:10:07:04 +0800] "GET /xingrg/kc/buy/cgsh_order_operate.html?command=get_materiel&rest_code=00106&code=00101006130&supplier_code=00100015&order_time=2021-08-21 HTTP/1.1" 200 429
222.70.178.182 - - [21/Aug/2021:10:07:07 +0800] "GET /xingrg/check_reg.html?_=1629511623324 HTTP/1.1" 200 22
222.70.178.182 - - [21/Aug/2021:10:07:07 +0800] "GET /xingrg/all/function/internal_message.html?_=1629511623327&CODE_STATE=getMsg HTTP/1.1" 200 27
101.83.145.79 - - [21/Aug/2021:10:07:13 +0800] "GET /xingrg/all/function/internal_message.html?_=1629511588022&CODE_STATE=getMsg HTTP/1.1" 200 27
58.37.4.159 - - [21/Aug/2021:10:07:20 +0800] "GET /xingrg/all/function/internal_message.html?_=1629511635936&CODE_STATE=getMsg HTTP/1.1" 200 27
180.174.198.13 - - [21/Aug/2021:10:07:21 +0800] "GET /xingrg/all/function/internal_message.html?_=1629511621954&CODE_STATE=getMsg HTTP/1.1" 200 27
101.91.60.88 - - [21/Aug/2021:10:07:21 +0800] "GET /xingrg/all/function/internal_message.html?_=1629511575921&CODE_STATE=getMsg HTTP/1.1" 302 -
101.91.60.88 - - [21/Aug/2021:10:07:21 +0800] "GET /xingrg/login.html HTTP/1.1" 200 7641
120.253.135.82 - - [21/Aug/2021:10:07:21 +0800] "GET /xingrg/all/function/internal_message.html?_=1629511768265&CODE_STATE=getMsg HTTP/1.1" 200 27
58.37.4.159 - - [21/Aug/2021:10:07:21 +0800] "GET /xingrg/kc/buy/cgsh_order_operate.html?command=get_materiel&rest_code=00106&code=00101006029&supplier_code=00100015&order_time=2021-08-21 HTTP/1.1" 200 409
180.169.147.146 - - [21/Aug/2021:10:07:22 +0800] "GET /xingrg/all/function/internal_message.html?_=1629511644423&CODE_STATE=getMsg HTTP/1.1" 200 27
61.151.207.158 - - [21/Aug/2021:10:07:25 +0800] "GET /xingrg/kc/buy/cgsh_order_operate.html?command=get_materiel&rest_code=00106&code=00101006065&supplier_code=00100015&order_time=2021-08-21 HTTP/1.1" 302 -
61.151.207.158 - - [21/Aug/2021:10:07:26 +0800] "GET /xingrg/login.html HTTP/1.1" 200 7641
101.85.93.96 - - [21/Aug/2021:10:07:26 +0800] "GET /xingrg/all/function/internal_message.html?_=1629511600983&CODE_STATE=getMsg HTTP/1.1" 200 27
116.235.222.38 - - [21/Aug/2021:10:07:27 +0800] "GET /xingrg/all/function/internal_message.html?_=1629511639693&CODE_STATE=getMsg HTTP/1.1" 200 27
116.230.105.26 - - [21/Aug/2021:10:07:31 +0800] "GET /xingrg/all/function/internal_message.html?_=1629511627818&CODE_STATE=getMsg HTTP/1.1" 200 27
222.70.246.151 - - [21/Aug/2021:10:07:31 +0800] "GET /xingrg/all/function/internal_message.html?_=1629511669694&CODE_STATE=getMsg HTTP/1.1" 302 -
58.37.4.159 - - [21/Aug/2021:10:07:33 +0800] "POST /xingrg/kc/buy/cgsh_order_operate.html HTTP/1.1" 200 37
61.151.207.205 - - [21/Aug/2021:10:07:33 +0800] "GET /xingrg/kc/buy/cgsh_order_operate.html?command=get_materiel&rest_code=00106&code=00101006112&supplier_code=00100015&order_time=2021-08-21 HTTP/1.1" 302 -
61.151.207.205 - - [21/Aug/2021:10:07:34 +0800] "GET /xingrg/login.html HTTP/1.1" 200 7641
58.37.4.159 - - [21/Aug/2021:10:07:36 +0800] "POST /xingrg/kc/buy/cgsh_order_operate.html HTTP/1.1" 200 12
58.37.4.159 - - [21/Aug/2021:10:07:37 +0800] "GET /xingrg/kc/buy/cgsh_order_info.html?code=212021082109438 HTTP/1.1" 200 58189
58.37.4.159 - - [21/Aug/2021:10:07:37 +0800] "GET /xingrg/javascript/easyui/themes/default/validatebox.css HTTP/1.1" 404 1104
58.37.4.159 - - [21/Aug/2021:10:07:38 +0800] "POST /xingrg/kc/buy/cgsh_order_operate.html HTTP/1.1" 200 5345
120.253.135.82 - - [21/Aug/2021:10:07:38 +0800] "GET /xingrg/javascript/easyui/themes/sunny/images/ui-bg_gloss-wave_60_fece2f_500x100.png HTTP/1.1" 200 3512
58.37.4.159 - - [21/Aug/2021:10:07:39 +0800] "GET /xingrg/kc/print/load_data.html?order_code=212021082109438&kc_code=cgsh&condition= HTTP/1.1" 200 2596
222.70.246.151 - - [21/Aug/2021:10:07:39 +0800] "GET /xingrg/all/function/internal_message.html?_=1629511673622&CODE_STATE=getMsg HTTP/1.1" 200 27
114.88.154.248 - - [21/Aug/2021:10:07:41 +0800] "GET /xingrg/all/function/internal_message.html?_=1629511551389&CODE_STATE=getMsg HTTP/1.1" 200 27
101.83.145.79 - - [21/Aug/2021:10:07:43 +0800] "GET /xingrg/all/function/internal_message.html?_=1629511665088&CODE_STATE=getMsg HTTP/1.1" 200 27
101.83.145.79 - - [21/Aug/2021:10:07:43 +0800] "GET /xingrg/check_reg.html?_=1629511665089 HTTP/1.1" 200 22
172.20.0.100 - - [21/Aug/2021:10:07:43 +0800] "GET /xingrg/all/function/internal_message.html?_=1629511662102&CODE_STATE=getMsg HTTP/1.1" 200 27
58.37.4.159 - - [21/Aug/2021:10:07:45 +0800] "GET /xingrg/kc/buy/cgsh_order_add.html HTTP/1.1" 200 63278
120.253.135.82 - - [21/Aug/2021:10:07:45 +0800] "GET /xingrg/all/function/internal_message.html?_=1629511442246&CODE_STATE=getMsg HTTP/1.1" 200 27
58.37.4.159 - - [21/Aug/2021:10:07:45 +0800] "POST /xingrg/kc/buy/cgsh_order_operate.html HTTP/1.1" 200 8245
58.37.4.159 - - [21/Aug/2021:10:07:45 +0800] "GET /xingrg/javascript/easyui/themes/default/validatebox.css HTTP/1.1" 404 1104
58.37.4.159 - - [21/Aug/2021:10:07:47 +0800] "GET /xingrg/javascript/easyui/themes/default/tree.css HTTP/1.1" 404 1090
58.37.4.159 - - [21/Aug/2021:10:07:47 +0800] "POST /xingrg/all/common/load_tree.html?tree=supplier_tree_json&isDelete=1 HTTP/1.1" 200 57451
180.174.198.13 - - [21/Aug/2021:10:07:47 +0800] "POST /xingrg/services/DataTransmitService HTTP/1.1" 200 524
101.89.239.245 - - [21/Aug/2021:10:07:49 +0800] "GET /xingrg/kc/buy/cgsh_order_operate.html?command=get_materiel&rest_code=00106&code=00101006111&supplier_code=00100015&order_time=2021-08-21 HTTP/1.1" 302 -
101.89.239.245 - - [21/Aug/2021:10:07:49 +0800] "GET /xingrg/login.html HTTP/1.1" 200 7641
172.20.0.100 - - [21/Aug/2021:10:07:49 +0800] "GET /xingrg/all/function/internal_message.html?_=1629511668520&CODE_STATE=getMsg HTTP/1.1" 200 27
116.232.52.242 - - [21/Aug/2021:10:07:50 +0800] "GET /xingrg/all/function/internal_message.html?_=1629511670775&CODE_STATE=getMsg HTTP/1.1" 200 27
116.238.194.18 - - [21/Aug/2021:10:07:51 +0800] "GET /xingrg/all/function/internal_message.html?_=1629511670746&CODE_STATE=getMsg HTTP/1.1" 200 27
120.253.135.82 - - [21/Aug/2021:10:07:54 +0800] "GET /xingrg/kc/pszx/mdqp_order_list.html?state=10 HTTP/1.1" 200 10217
120.253.135.82 - - [21/Aug/2021:10:07:54 +0800] "GET /xingrg/dwr/interface/AjaxQqpsService.js HTTP/1.1" 200 16326
120.253.135.82 - - [21/Aug/2021:10:07:54 +0800] "GET /xingrg/dwr/interface/AjaxReportQueryService.js HTTP/1.1" 200 13203
120.253.135.82 - - [21/Aug/2021:10:07:54 +0800] "GET /xingrg/dwr/engine.js HTTP/1.1" 200 43631
61.151.178.166 - - [21/Aug/2021:10:07:54 +0800] "GET /xingrg/kc/buy/cgsh_order_operate.html?command=get_materiel&rest_code=00106&code=00101006133&supplier_code=00100015&order_time=2021-08-21 HTTP/1.1" 302 -
61.151.178.166 - - [21/Aug/2021:10:07:54 +0800] "GET /xingrg/login.html HTTP/1.1" 200 7641
114.83.216.119 - - [21/Aug/2021:10:08:04 +0800] "GET /xingrg/all/function/internal_message.html?_=1629511683470&CODE_STATE=getMsg HTTP/1.1" 200 27
222.70.178.182 - - [21/Aug/2021:10:08:07 +0800] "GET /xingrg/all/function/internal_message.html?_=1629511683315&CODE_STATE=getMsg HTTP/1.1" 200 27
58.37.4.159 - - [21/Aug/2021:10:08:10 +0800] "GET /xingrg/kc/buy/cgsh_order_operate.html?command=get_materiel&rest_code=00106&code=00101007001&supplier_code=00100002&order_time=2021-08-21 HTTP/1.1" 200 409
101.83.145.79 - - [21/Aug/2021:10:08:13 +0800] "GET /xingrg/all/function/internal_message.html?_=1629511648022&CODE_STATE=getMsg HTTP/1.1" 200 27
58.37.4.159 - - [21/Aug/2021:10:08:20 +0800] "GET /xingrg/all/function/internal_message.html?_=1629511695926&CODE_STATE=getMsg HTTP/1.1" 200 27
120.253.135.82 - - [21/Aug/2021:10:08:21 +0800] "GET /xingrg/all/function/internal_message.html?_=1629511828291&CODE_STATE=getMsg HTTP/1.1" 200 27
180.174.198.13 - - [21/Aug/2021:10:08:21 +0800] "GET /xingrg/all/function/internal_message.html?_=1629511682606&CODE_STATE=getMsg HTTP/1.1" 200 27
180.169.147.146 - - [21/Aug/2021:10:08:22 +0800] "GET /xingrg/check_reg.html?_=1629511704415 HTTP/1.1" 200 22
180.169.147.146 - - [21/Aug/2021:10:08:22 +0800] "GET /xingrg/all/function/internal_message.html?_=1629511704410&CODE_STATE=getMsg HTTP/1.1" 200 27
101.85.93.96 - - [21/Aug/2021:10:08:26 +0800] "GET /xingrg/check_reg.html?_=1629511660982 HTTP/1.1" 200 22
101.85.93.96 - - [21/Aug/2021:10:08:26 +0800] "GET /xingrg/all/function/internal_message.html?_=1629511660981&CODE_STATE=getMsg HTTP/1.1" 200 27
116.235.222.38 - - [21/Aug/2021:10:08:27 +0800] "GET /xingrg/all/function/internal_message.html?_=1629511699678&CODE_STATE=getMsg HTTP/1.1" 200 27
116.230.105.26 - - [21/Aug/2021:10:08:31 +0800] "GET /xingrg/all/function/internal_message.html?_=1629511687812&CODE_STATE=getMsg HTTP/1.1" 200 27
222.70.246.151 - - [21/Aug/2021:10:08:31 +0800] "GET /xingrg/all/function/internal_message.html?_=1629511729715&CODE_STATE=getMsg HTTP/1.1" 302 -
222.70.246.151 - - [21/Aug/2021:10:08:32 +0800] "GET /xingrg/check_reg.html?_=1629511726595 HTTP/1.1" 200 22
61.151.178.249 - - [21/Aug/2021:10:08:37 +0800] "GET /xingrg/kc/buy/cgsh_order_info.html?code=212021082109438 HTTP/1.1" 302 -
58.37.4.159 - - [21/Aug/2021:10:08:37 +0800] "GET /xingrg/kc/buy/cgsh_order_operate.html?command=get_materiel&rest_code=00106&code=00101007059&supplier_code=00100002&order_time=2021-08-21 HTTP/1.1" 200 410
61.151.178.249 - - [21/Aug/2021:10:08:37 +0800] "GET /xingrg/login.html HTTP/1.1" 200 7641
61.151.178.165 - - [21/Aug/2021:10:08:39 +0800] "GET /xingrg/kc/print/load_data.html?order_code=212021082109438&kc_code=cgsh&condition= HTTP/1.1" 302 -
61.151.178.165 - - [21/Aug/2021:10:08:39 +0800] "GET /xingrg/login.html HTTP/1.1" 200 7641
222.70.246.151 - - [21/Aug/2021:10:08:39 +0800] "GET /xingrg/all/function/internal_message.html?_=1629511733631&CODE_STATE=getMsg HTTP/1.1" 200 27
114.88.154.248 - - [21/Aug/2021:10:08:41 +0800] "GET /xingrg/all/function/internal_message.html?_=1629511611419&CODE_STATE=getMsg HTTP/1.1" 200 27
101.83.145.79 - - [21/Aug/2021:10:08:43 +0800] "GET /xingrg/all/function/internal_message.html?_=1629511725102&CODE_STATE=getMsg HTTP/1.1" 200 27
172.20.0.100 - - [21/Aug/2021:10:08:43 +0800] "GET /xingrg/all/function/internal_message.html?_=1629511722104&CODE_STATE=getMsg HTTP/1.1" 200 27
120.253.135.82 - - [21/Aug/2021:10:08:45 +0800] "GET /xingrg/all/function/internal_message.html?_=1629511502299&CODE_STATE=getMsg HTTP/1.1" 200 27
58.37.4.159 - - [21/Aug/2021:10:08:48 +0800] "GET /xingrg/kc/buy/cgsh_order_operate.html?command=get_materiel&rest_code=00106&code=00101007077&supplier_code=00100002&order_time=2021-08-21 HTTP/1.1" 200 415
172.20.0.100 - - [21/Aug/2021:10:08:49 +0800] "GET /xingrg/all/function/internal_message.html?_=1629511728522&CODE_STATE=getMsg HTTP/1.1" 200 27
172.20.0.100 - - [21/Aug/2021:10:08:49 +0800] "GET /xingrg/check_reg.html?_=1629511728524 HTTP/1.1" 200 22
116.232.52.242 - - [21/Aug/2021:10:08:50 +0800] "GET /xingrg/all/function/internal_message.html?_=1629511730778&CODE_STATE=getMsg HTTP/1.1" 200 27
116.238.194.18 - - [21/Aug/2021:10:08:51 +0800] "GET /xingrg/all/function/internal_message.html?_=1629511730746&CODE_STATE=getMsg HTTP/1.1" 200 27
116.238.194.18 - - [21/Aug/2021:10:08:51 +0800] "GET /xingrg/check_reg.html?_=1629511730748 HTTP/1.1" 200 22
116.232.52.242 - - [21/Aug/2021:10:08:52 +0800] "GET /favicon.ico HTTP/1.1" 404 -
114.83.216.119 - - [21/Aug/2021:10:09:04 +0800] "GET /xingrg/all/function/internal_message.html?_=1629511743455&CODE_STATE=getMsg HTTP/1.1" 200 27
58.37.4.159 - - [21/Aug/2021:10:09:05 +0800] "GET /xingrg/kc/buy/cgsh_order_operate.html?command=get_materiel&rest_code=00106&code=00101007072&supplier_code=00100002&order_time=2021-08-21 HTTP/1.1" 200 415
222.70.178.182 - - [21/Aug/2021:10:09:07 +0800] "GET /xingrg/all/function/internal_message.html?_=1629511743317&CODE_STATE=getMsg HTTP/1.1" 200 27
61.151.178.180 - - [21/Aug/2021:10:09:09 +0800] "GET /xingrg/kc/buy/cgsh_order_operate.html?command=get_materiel&rest_code=00106&code=00101007001&supplier_code=00100002&order_time=2021-08-21 HTTP/1.1" 302 -
61.151.178.180 - - [21/Aug/2021:10:09:09 +0800] "GET /xingrg/login.html HTTP/1.1" 200 7641
101.83.145.79 - - [21/Aug/2021:10:09:13 +0800] "GET /xingrg/all/function/internal_message.html?_=1629511708048&CODE_STATE=getMsg HTTP/1.1" 200 27
180.174.198.13 - - [21/Aug/2021:10:09:15 +0800] "GET /xingrg/check_reg.html?_=1629511736169 HTTP/1.1" 200 22
58.37.4.159 - - [21/Aug/2021:10:09:18 +0800] "POST /xingrg/kc/buy/cgsh_order_operate.html HTTP/1.1" 200 37
58.37.4.159 - - [21/Aug/2021:10:09:20 +0800] "GET /xingrg/all/function/internal_message.html?_=1629511755932&CODE_STATE=getMsg HTTP/1.1" 200 27
120.253.135.82 - - [21/Aug/2021:10:09:21 +0800] "GET /xingrg/all/function/internal_message.html?_=1629511888316&CODE_STATE=getMsg HTTP/1.1" 200 27
180.174.198.13 - - [21/Aug/2021:10:09:21 +0800] "GET /xingrg/all/function/internal_message.html?_=1629511742622&CODE_STATE=getMsg HTTP/1.1" 200 27
58.37.4.159 - - [21/Aug/2021:10:09:22 +0800] "POST /xingrg/kc/buy/cgsh_order_operate.html HTTP/1.1" 200 12
180.169.147.146 - - [21/Aug/2021:10:09:22 +0800] "GET /xingrg/all/function/internal_message.html?_=1629511764422&CODE_STATE=getMsg HTTP/1.1" 200 27
58.37.4.159 - - [21/Aug/2021:10:09:23 +0800] "GET /xingrg/kc/buy/cgsh_order_info.html?code=212021082109439 HTTP/1.1" 200 58189
58.37.4.159 - - [21/Aug/2021:10:09:23 +0800] "GET /xingrg/javascript/easyui/themes/default/validatebox.css HTTP/1.1" 404 1104
58.37.4.159 - - [21/Aug/2021:10:09:23 +0800] "POST /xingrg/kc/buy/cgsh_order_operate.html HTTP/1.1" 200 2968
58.37.4.159 - - [21/Aug/2021:10:09:25 +0800] "GET /xingrg/kc/print/load_data.html?order_code=212021082109439&kc_code=cgsh&condition= HTTP/1.1" 200 1674
101.85.93.96 - - [21/Aug/2021:10:09:26 +0800] "GET /xingrg/all/function/internal_message.html?_=1629511720996&CODE_STATE=getMsg HTTP/1.1" 200 27
116.235.222.38 - - [21/Aug/2021:10:09:27 +0800] "GET /xingrg/all/function/internal_message.html?_=1629511759663&CODE_STATE=getMsg HTTP/1.1" 200 27
116.235.222.38 - - [21/Aug/2021:10:09:28 +0800] "GET /xingrg/check_reg.html?_=1629511759820 HTTP/1.1" 200 22
116.230.105.26 - - [21/Aug/2021:10:09:31 +0800] "GET /xingrg/all/function/internal_message.html?_=1629511747825&CODE_STATE=getMsg HTTP/1.1" 200 27
222.70.246.151 - - [21/Aug/2021:10:09:31 +0800] "GET /xingrg/all/function/internal_message.html?_=1629511789721&CODE_STATE=getMsg HTTP/1.1" 302 -
58.37.4.159 - - [21/Aug/2021:10:09:32 +0800] "GET /xingrg/kc/print/load_data.html?order_code=212021082109439&kc_code=cgsh HTTP/1.1" 200 1674
114.83.216.119 - - [21/Aug/2021:10:09:34 +0800] "GET /xingrg/kc/buy/cgsh_order_operate.html?command=get_materiel&rest_code=00149&code=00101011010&supplier_code=00100051&order_time=2021-08-21 HTTP/1.1" 200 418
101.89.19.197 - - [21/Aug/2021:10:09:35 +0800] "GET /xingrg/kc/buy/cgsh_order_operate.html?command=get_materiel&rest_code=00106&code=00101007059&supplier_code=00100002&order_time=2021-08-21 HTTP/1.1" 302 -
101.89.19.197 - - [21/Aug/2021:10:09:36 +0800] "GET /xingrg/login.html HTTP/1.1" 200 7641
222.70.246.151 - - [21/Aug/2021:10:09:39 +0800] "GET /xingrg/all/function/internal_message.html?_=1629511793644&CODE_STATE=getMsg HTTP/1.1" 200 27
114.88.154.248 - - [21/Aug/2021:10:09:41 +0800] "GET /xingrg/check_reg.html?_=1629511671422 HTTP/1.1" 200 22
114.88.154.248 - - [21/Aug/2021:10:09:41 +0800] "GET /xingrg/all/function/internal_message.html?_=1629511671421&CODE_STATE=getMsg HTTP/1.1" 200 27
101.83.145.79 - - [21/Aug/2021:10:09:43 +0800] "GET /xingrg/all/function/internal_message.html?_=1629511785100&CODE_STATE=getMsg HTTP/1.1" 200 27
172.20.0.100 - - [21/Aug/2021:10:09:43 +0800] "GET /xingrg/all/function/internal_message.html?_=1629511782106&CODE_STATE=getMsg HTTP/1.1" 200 27
172.20.0.100 - - [21/Aug/2021:10:09:43 +0800] "GET /xingrg/check_reg.html?_=1629511782107 HTTP/1.1" 200 22
120.253.135.82 - - [21/Aug/2021:10:09:45 +0800] "GET /xingrg/all/function/internal_message.html?_=1629511562303&CODE_STATE=getMsg HTTP/1.1" 200 27
222.70.246.151 - - [21/Aug/2021:10:09:49 +0800] "GET /favicon.ico HTTP/1.1" 404 -
172.20.0.100 - - [21/Aug/2021:10:09:49 +0800] "GET /xingrg/all/function/internal_message.html?_=1629511788526&CODE_STATE=getMsg HTTP/1.1" 200 27
116.232.52.242 - - [21/Aug/2021:10:09:50 +0800] "GET /xingrg/all/function/internal_message.html?_=1629511790780&CODE_STATE=getMsg HTTP/1.1" 200 27
116.238.194.18 - - [21/Aug/2021:10:09:51 +0800] "GET /xingrg/all/function/internal_message.html?_=1629511790749&CODE_STATE=getMsg HTTP/1.1" 200 27
114.83.216.119 - - [21/Aug/2021:10:09:54 +0800] "GET /xingrg/kc/buy/cgsh_order_operate.html?command=get_materiel&rest_code=00149&code=00101011005&supplier_code=00100051&order_time=2021-08-21 HTTP/1.1" 200 428
116.232.52.242 - - [21/Aug/2021:10:09:57 +0800] "GET /favicon.ico HTTP/1.1" 404 -
222.70.246.151 - - [21/Aug/2021:10:09:58 +0800] "GET /xingrg/check_reg.html?_=1629511800581 HTTP/1.1" 200 22
61.151.178.180 - - [21/Aug/2021:10:10:03 +0800] "GET /xingrg/kc/buy/cgsh_order_operate.html?command=get_materiel&rest_code=00106&code=00101007072&supplier_code=00100002&order_time=2021-08-21 HTTP/1.1" 302 -
61.151.178.180 - - [21/Aug/2021:10:10:03 +0800] "GET /xingrg/login.html HTTP/1.1" 200 7641
114.83.216.119 - - [21/Aug/2021:10:10:04 +0800] "GET /xingrg/all/function/internal_message.html?_=1629511803452&CODE_STATE=getMsg HTTP/1.1" 200 27
58.37.4.159 - - [21/Aug/2021:10:10:05 +0800] "GET /xingrg/javascript/easyui/themes/default/tree.css HTTP/1.1" 404 1090
58.37.4.159 - - [21/Aug/2021:10:10:05 +0800] "POST /xingrg/all/common/load_tree.html?tree=supplier_tree_json&manage=1 HTTP/1.1" 200 58422
114.83.216.119 - - [21/Aug/2021:10:10:07 +0800] "GET /xingrg/kc/buy/cgsh_order_operate.html?command=get_materiel&rest_code=00149&code=00101011003&supplier_code=00100051&order_time=2021-08-21 HTTP/1.1" 200 413
222.70.178.182 - - [21/Aug/2021:10:10:07 +0800] "GET /xingrg/all/function/internal_message.html?_=1629511803319&CODE_STATE=getMsg HTTP/1.1" 200 27
58.37.4.159 - - [21/Aug/2021:10:10:13 +0800] "POST /xingrg/kc/buy/cgsh_list_operate.html HTTP/1.1" 200 5981
101.83.145.79 - - [21/Aug/2021:10:10:13 +0800] "GET /xingrg/all/function/internal_message.html?_=1629511768048&CODE_STATE=getMsg HTTP/1.1" 200 27
58.37.4.159 - - [21/Aug/2021:10:10:15 +0800] "POST /xingrg/kc/buy/cgsh_list_operate.html HTTP/1.1" 200 564
58.37.4.159 - - [21/Aug/2021:10:10:16 +0800] "POST /xingrg/kc/buy/cgsh_list_operate.html HTTP/1.1" 200 564
58.37.4.159 - - [21/Aug/2021:10:10:17 +0800] "GET /xingrg/kc/buy/cgsh_order_info.html?code=212021082109438 HTTP/1.1" 200 58189
58.37.4.159 - - [21/Aug/2021:10:10:17 +0800] "GET /xingrg/javascript/easyui/themes/default/validatebox.css HTTP/1.1" 404 1104
114.83.216.119 - - [21/Aug/2021:10:10:19 +0800] "POST /xingrg/kc/buy/cgsh_order_operate.html HTTP/1.1" 200 37
58.37.4.159 - - [21/Aug/2021:10:10:19 +0800] "POST /xingrg/kc/buy/cgsh_order_operate.html HTTP/1.1" 200 5345
58.37.4.159 - - [21/Aug/2021:10:10:20 +0800] "GET /xingrg/kc/print/load_data.html?order_code=212021082109438&kc_code=cgsh HTTP/1.1" 200 2596
120.253.135.82 - - [21/Aug/2021:10:10:20 +0800] "GET /xingrg/check_reg.html?_=1629511946748 HTTP/1.1" 200 22
61.151.207.205 - - [21/Aug/2021:10:10:21 +0800] "GET /xingrg/all/function/internal_message.html?_=1629511755932&CODE_STATE=getMsg HTTP/1.1" 302 -
61.151.207.205 - - [21/Aug/2021:10:10:21 +0800] "GET /xingrg/login.html HTTP/1.1" 200 7641
58.37.4.159 - - [21/Aug/2021:10:10:21 +0800] "GET /xingrg/all/function/internal_message.html?_=1629511816540&CODE_STATE=getMsg HTTP/1.1" 200 27
120.253.135.82 - - [21/Aug/2021:10:10:21 +0800] "GET /xingrg/all/function/internal_message.html?_=1629511948329&CODE_STATE=getMsg HTTP/1.1" 200 27
180.174.198.13 - - [21/Aug/2021:10:10:21 +0800] "GET /xingrg/all/function/internal_message.html?_=1629511802636&CODE_STATE=getMsg HTTP/1.1" 200 27
180.169.147.146 - - [21/Aug/2021:10:10:22 +0800] "GET /xingrg/all/function/internal_message.html?_=1629511824411&CODE_STATE=getMsg HTTP/1.1" 200 27
61.151.178.164 - - [21/Aug/2021:10:10:23 +0800] "GET /xingrg/kc/buy/cgsh_order_info.html?code=212021082109439 HTTP/1.1" 302 -
61.151.178.164 - - [21/Aug/2021:10:10:23 +0800] "GET /xingrg/login.html HTTP/1.1" 200 7641
61.151.207.141 - - [21/Aug/2021:10:10:25 +0800] "GET /xingrg/kc/print/load_data.html?order_code=212021082109439&kc_code=cgsh&condition= HTTP/1.1" 302 -
61.151.207.141 - - [21/Aug/2021:10:10:25 +0800] "GET /xingrg/login.html HTTP/1.1" 200 7641
101.85.93.96 - - [21/Aug/2021:10:10:26 +0800] "GET /xingrg/all/function/internal_message.html?_=1629511780995&CODE_STATE=getMsg HTTP/1.1" 200 27
222.70.246.151 - - [21/Aug/2021:10:10:27 +0800] "GET /xingrg/check_reg.html?_=1629511845121 HTTP/1.1" 302 -
116.235.222.38 - - [21/Aug/2021:10:10:27 +0800] "GET /xingrg/all/function/internal_message.html?_=1629511819639&CODE_STATE=getMsg HTTP/1.1" 200 27
114.83.216.119 - - [21/Aug/2021:10:10:28 +0800] "POST /xingrg/kc/buy/cgsh_order_operate.html HTTP/1.1" 200 12
114.83.216.119 - - [21/Aug/2021:10:10:29 +0800] "GET /xingrg/kc/buy/cgsh_order_info.html?code=212021082109440 HTTP/1.1" 200 58234
114.83.216.119 - - [21/Aug/2021:10:10:30 +0800] "GET /xingrg/javascript/easyui/themes/default/validatebox.css HTTP/1.1" 404 1104
114.83.216.119 - - [21/Aug/2021:10:10:30 +0800] "POST /xingrg/kc/buy/cgsh_order_operate.html HTTP/1.1" 200 1799
116.230.105.26 - - [21/Aug/2021:10:10:31 +0800] "GET /xingrg/all/function/internal_message.html?_=1629511807822&CODE_STATE=getMsg HTTP/1.1" 200 27
222.70.246.151 - - [21/Aug/2021:10:10:31 +0800] "GET /xingrg/all/function/internal_message.html?_=1629511849734&CODE_STATE=getMsg HTTP/1.1" 302 -
114.83.216.119 - - [21/Aug/2021:10:10:31 +0800] "GET /xingrg/kc/print/load_data.html?order_code=212021082109440&kc_code=cgsh&condition= HTTP/1.1" 200 1183
222.70.246.151 - - [21/Aug/2021:10:10:40 +0800] "GET /xingrg/all/function/internal_message.html?_=1629511853892&CODE_STATE=getMsg HTTP/1.1" 200 27
114.83.216.119 - - [21/Aug/2021:10:10:40 +0800] "GET /xingrg/kc/buy/cgsh_order_add.html HTTP/1.1" 200 63325
114.83.216.119 - - [21/Aug/2021:10:10:40 +0800] "POST /xingrg/kc/buy/cgsh_order_operate.html HTTP/1.1" 200 8245
114.83.216.119 - - [21/Aug/2021:10:10:40 +0800] "GET /xingrg/javascript/easyui/themes/default/validatebox.css HTTP/1.1" 404 1104
114.88.154.248 - - [21/Aug/2021:10:10:41 +0800] "GET /xingrg/all/function/internal_message.html?_=1629511731421&CODE_STATE=getMsg HTTP/1.1" 200 27
101.83.145.79 - - [21/Aug/2021:10:10:43 +0800] "GET /xingrg/all/function/internal_message.html?_=1629511845099&CODE_STATE=getMsg HTTP/1.1" 200 27
172.20.0.100 - - [21/Aug/2021:10:10:43 +0800] "GET /xingrg/all/function/internal_message.html?_=1629511842108&CODE_STATE=getMsg HTTP/1.1" 200 27
58.37.4.159 - - [21/Aug/2021:10:10:44 +0800] "GET /xingrg/kc/buy/cgsh_order_add.html HTTP/1.1" 200 63278
58.37.4.159 - - [21/Aug/2021:10:10:45 +0800] "GET /xingrg/javascript/easyui/themes/default/validatebox.css HTTP/1.1" 404 1104
58.37.4.159 - - [21/Aug/2021:10:10:45 +0800] "POST /xingrg/kc/buy/cgsh_order_operate.html HTTP/1.1" 200 8245
120.253.135.82 - - [21/Aug/2021:10:10:45 +0800] "GET /xingrg/all/function/internal_message.html?_=1629511622382&CODE_STATE=getMsg HTTP/1.1" 200 27
58.37.4.159 - - [21/Aug/2021:10:10:46 +0800] "GET /xingrg/javascript/easyui/themes/default/tree.css HTTP/1.1" 404 1090
58.37.4.159 - - [21/Aug/2021:10:10:46 +0800] "POST /xingrg/all/common/load_tree.html?tree=supplier_tree_json&isDelete=1 HTTP/1.1" 200 57451
172.20.0.100 - - [21/Aug/2021:10:10:49 +0800] "GET /xingrg/all/function/internal_message.html?_=1629511848529&CODE_STATE=getMsg HTTP/1.1" 200 27
116.232.52.242 - - [21/Aug/2021:10:10:50 +0800] "GET /xingrg/all/function/internal_message.html?_=1629511850783&CODE_STATE=getMsg HTTP/1.1" 200 27
116.238.194.18 - - [21/Aug/2021:10:10:51 +0800] "GET /xingrg/all/function/internal_message.html?_=1629511850752&CODE_STATE=getMsg HTTP/1.1" 200 27
114.83.216.119 - - [21/Aug/2021:10:11:04 +0800] "GET /xingrg/all/function/internal_message.html?_=1629511863434&CODE_STATE=getMsg HTTP/1.1" 200 27
114.83.216.119 - - [21/Aug/2021:10:11:05 +0800] "GET /xingrg/check_reg.html?_=1629511864332 HTTP/1.1" 200 22
114.83.216.119 - - [21/Aug/2021:10:11:05 +0800] "GET /xingrg/kc/buy/cgsh_order_operate.html?command=get_materiel&rest_code=00149&code=00101010161&supplier_code=00100039&order_time=2021-08-21 HTTP/1.1" 200 409
222.70.178.182 - - [21/Aug/2021:10:11:07 +0800] "GET /xingrg/all/function/internal_message.html?_=1629511863323&CODE_STATE=getMsg HTTP/1.1" 200 27
58.37.4.159 - - [21/Aug/2021:10:11:09 +0800] "GET /xingrg/kc/buy/cgsh_order_operate.html?command=get_materiel&rest_code=00106&code=00101016025&supplier_code=00100032&order_time=2021-08-21 HTTP/1.1" 200 408
101.83.145.79 - - [21/Aug/2021:10:11:13 +0800] "GET /xingrg/all/function/internal_message.html?_=1629511828048&CODE_STATE=getMsg HTTP/1.1" 200 27
101.83.145.79 - - [21/Aug/2021:10:11:13 +0800] "GET /xingrg/check_reg.html?_=1629511828051 HTTP/1.1" 200 22
114.83.216.119 - - [21/Aug/2021:10:11:20 +0800] "GET /xingrg/kc/buy/cgsh_order_operate.html?command=get_materiel&rest_code=00149&code=00101001060&supplier_code=00100039&order_time=2021-08-21 HTTP/1.1" 200 421
58.37.4.159 - - [21/Aug/2021:10:11:20 +0800] "GET /xingrg/check_reg.html?_=1629511875952 HTTP/1.1" 200 22
101.89.239.120 - - [21/Aug/2021:10:11:21 +0800] "GET /xingrg/all/function/internal_message.html?_=1629511816540&CODE_STATE=getMsg HTTP/1.1" 302 -
58.37.4.159 - - [21/Aug/2021:10:11:21 +0800] "GET /xingrg/all/function/internal_message.html?_=1629511876534&CODE_STATE=getMsg HTTP/1.1" 200 27
120.253.135.82 - - [21/Aug/2021:10:11:21 +0800] "GET /xingrg/all/function/internal_message.html?_=1629512008334&CODE_STATE=getMsg HTTP/1.1" 200 27
101.89.239.120 - - [21/Aug/2021:10:11:22 +0800] "GET /xingrg/login.html HTTP/1.1" 200 7641
180.174.198.13 - - [21/Aug/2021:10:11:22 +0800] "GET /xingrg/all/function/internal_message.html?_=1629511863619&CODE_STATE=getMsg HTTP/1.1" 200 27
180.169.147.146 - - [21/Aug/2021:10:11:22 +0800] "GET /xingrg/all/function/internal_message.html?_=1629511884415&CODE_STATE=getMsg HTTP/1.1" 200 27
120.253.135.82 - - [21/Aug/2021:10:11:24 +0800] "GET /xingrg/check_reg.html?_=1629511661348 HTTP/1.1" 200 22
101.85.93.96 - - [21/Aug/2021:10:11:26 +0800] "GET /xingrg/all/function/internal_message.html?_=1629511840994&CODE_STATE=getMsg HTTP/1.1" 200 27
116.235.222.38 - - [21/Aug/2021:10:11:27 +0800] "GET /xingrg/all/function/internal_message.html?_=1629511879624&CODE_STATE=getMsg HTTP/1.1" 200 27
58.37.4.159 - - [21/Aug/2021:10:11:28 +0800] "GET /xingrg/kc/buy/cgsh_order_operate.html?command=get_materiel&rest_code=00106&code=00101010136&supplier_code=00100032&order_time=2021-08-21 HTTP/1.1" 200 408
116.230.105.26 - - [21/Aug/2021:10:11:31 +0800] "GET /xingrg/all/function/internal_message.html?_=1629511867821&CODE_STATE=getMsg HTTP/1.1" 200 27
116.230.105.26 - - [21/Aug/2021:10:11:31 +0800] "GET /xingrg/check_reg.html?_=1629511867822 HTTP/1.1" 200 22
114.83.216.119 - - [21/Aug/2021:10:11:31 +0800] "GET /xingrg/kc/buy/cgsh_order_operate.html?command=get_materiel&rest_code=00149&code=00101001010&supplier_code=00100039&order_time=2021-08-21 HTTP/1.1" 200 411
222.70.246.151 - - [21/Aug/2021:10:11:31 +0800] "GET /xingrg/all/function/internal_message.html?_=1629511909755&CODE_STATE=getMsg HTTP/1.1" 302 -
58.37.4.159 - - [21/Aug/2021:10:11:35 +0800] "GET /xingrg/kc/buy/cgsh_order_operate.html?command=get_materiel&rest_code=00106&code=00101012024&supplier_code=00100032&order_time=2021-08-21 HTTP/1.1" 200 408
222.70.246.151 - - [21/Aug/2021:10:11:40 +0800] "GET /xingrg/all/function/internal_message.html?_=1629511913905&CODE_STATE=getMsg HTTP/1.1" 200 27
114.88.154.248 - - [21/Aug/2021:10:11:41 +0800] "GET /xingrg/all/function/internal_message.html?_=1629511791423&CODE_STATE=getMsg HTTP/1.1" 200 27
101.83.145.79 - - [21/Aug/2021:10:11:43 +0800] "GET /xingrg/all/function/internal_message.html?_=1629511905100&CODE_STATE=getMsg HTTP/1.1" 200 27
172.20.0.100 - - [21/Aug/2021:10:11:43 +0800] "GET /xingrg/all/function/internal_message.html?_=1629511902110&CODE_STATE=getMsg HTTP/1.1" 200 27
58.37.4.159 - - [21/Aug/2021:10:11:44 +0800] "GET /xingrg/kc/buy/cgsh_order_operate.html?command=get_materiel&rest_code=00106&code=00101010248&supplier_code=00100032&order_time=2021-08-21 HTTP/1.1" 200 430
120.253.135.82 - - [21/Aug/2021:10:11:45 +0800] "GET /xingrg/all/function/internal_message.html?_=1629511682392&CODE_STATE=getMsg HTTP/1.1" 200 27
114.83.216.119 - - [21/Aug/2021:10:11:47 +0800] "POST /xingrg/kc/buy/cgsh_order_operate.html HTTP/1.1" 200 37
172.20.0.100 - - [21/Aug/2021:10:11:49 +0800] "GET /xingrg/all/function/internal_message.html?_=1629511908531&CODE_STATE=getMsg HTTP/1.1" 200 27
58.37.4.159 - - [21/Aug/2021:10:11:50 +0800] "GET /xingrg/kc/buy/cgsh_order_operate.html?command=get_materiel&rest_code=00106&code=00101012025&supplier_code=00100032&order_time=2021-08-21 HTTP/1.1" 200 412
116.232.52.242 - - [21/Aug/2021:10:11:50 +0800] "GET /xingrg/all/function/internal_message.html?_=1629511910785&CODE_STATE=getMsg HTTP/1.1" 200 27
116.232.52.242 - - [21/Aug/2021:10:11:50 +0800] "GET /xingrg/check_reg.html?_=1629511910786 HTTP/1.1" 200 22
114.83.216.119 - - [21/Aug/2021:10:11:50 +0800] "POST /xingrg/kc/buy/cgsh_order_operate.html HTTP/1.1" 200 12
116.238.194.18 - - [21/Aug/2021:10:11:51 +0800] "GET /xingrg/all/function/internal_message.html?_=1629511910753&CODE_STATE=getMsg HTTP/1.1" 200 27
114.83.216.119 - - [21/Aug/2021:10:11:51 +0800] "GET /xingrg/kc/buy/cgsh_order_info.html?code=212021082109441 HTTP/1.1" 200 58234
114.83.216.119 - - [21/Aug/2021:10:11:51 +0800] "GET /xingrg/javascript/easyui/themes/default/validatebox.css HTTP/1.1" 404 1104
114.83.216.119 - - [21/Aug/2021:10:11:52 +0800] "POST /xingrg/kc/buy/cgsh_order_operate.html HTTP/1.1" 200 1797
114.83.216.119 - - [21/Aug/2021:10:11:54 +0800] "GET /xingrg/kc/print/load_data.html?order_code=212021082109441&kc_code=cgsh&condition= HTTP/1.1" 200 1175
58.37.4.159 - - [21/Aug/2021:10:11:56 +0800] "GET /xingrg/kc/buy/cgsh_order_operate.html?command=get_materiel&rest_code=00106&code=00101012029&supplier_code=00100032&order_time=2021-08-21 HTTP/1.1" 200 412
114.83.216.119 - - [21/Aug/2021:10:11:59 +0800] "GET /xingrg/kc/buy/cgsh_order_add.html HTTP/1.1" 200 63325
114.83.216.119 - - [21/Aug/2021:10:12:00 +0800] "POST /xingrg/kc/buy/cgsh_order_operate.html HTTP/1.1" 200 8245
114.83.216.119 - - [21/Aug/2021:10:12:00 +0800] "GET /xingrg/javascript/easyui/themes/default/validatebox.css HTTP/1.1" 404 1104
58.37.4.159 - - [21/Aug/2021:10:12:02 +0800] "GET /xingrg/kc/buy/cgsh_order_operate.html?command=get_materiel&rest_code=00106&code=00101001111&supplier_code=00100032&order_time=2021-08-21 HTTP/1.1" 200 409
114.83.216.119 - - [21/Aug/2021:10:12:04 +0800] "GET /xingrg/all/function/internal_message.html?_=1629511923417&CODE_STATE=getMsg HTTP/1.1" 200 27
101.89.19.197 - - [21/Aug/2021:10:12:07 +0800] "GET /xingrg/kc/buy/cgsh_order_operate.html?command=get_materiel&rest_code=00106&code=00101016025&supplier_code=00100032&order_time=2021-08-21 HTTP/1.1" 302 -
101.89.19.197 - - [21/Aug/2021:10:12:07 +0800] "GET /xingrg/login.html HTTP/1.1" 200 7641
222.70.178.182 - - [21/Aug/2021:10:12:07 +0800] "GET /xingrg/all/function/internal_message.html?_=1629511923325&CODE_STATE=getMsg HTTP/1.1" 200 27
222.70.178.182 - - [21/Aug/2021:10:12:07 +0800] "GET /xingrg/check_reg.html?_=1629511923333 HTTP/1.1" 200 22
58.37.4.159 - - [21/Aug/2021:10:12:10 +0800] "GET /xingrg/kc/buy/cgsh_order_operate.html?command=get_materiel&rest_code=00106&code=00101002027&supplier_code=00100032&order_time=2021-08-21 HTTP/1.1" 200 413
101.83.145.79 - - [21/Aug/2021:10:12:13 +0800] "GET /xingrg/all/function/internal_message.html?_=1629511888051&CODE_STATE=getMsg HTTP/1.1" 200 27
116.235.222.38 - - [21/Aug/2021:10:12:15 +0800] "GET /xingrg/kc/buy/cgsh_order_add.html HTTP/1.1" 200 63360
116.235.222.38 - - [21/Aug/2021:10:12:16 +0800] "GET /xingrg/javascript/easyui/themes/default/validatebox.css HTTP/1.1" 404 1104
116.235.222.38 - - [21/Aug/2021:10:12:16 +0800] "POST /xingrg/kc/buy/cgsh_order_operate.html HTTP/1.1" 200 8245
116.235.222.38 - - [21/Aug/2021:10:12:17 +0800] "GET /xingrg/javascript/easyui/themes/default/tree.css HTTP/1.1" 404 1090
116.235.222.38 - - [21/Aug/2021:10:12:17 +0800] "POST /xingrg/all/common/load_tree.html?tree=supplier_tree_json&isDelete=1 HTTP/1.1" 200 57451
58.37.4.159 - - [21/Aug/2021:10:12:19 +0800] "POST /xingrg/kc/buy/cgsh_order_operate.html HTTP/1.1" 200 37
101.91.60.88 - - [21/Aug/2021:10:12:20 +0800] "GET /xingrg/check_reg.html?_=1629511875952 HTTP/1.1" 302 -
101.91.60.88 - - [21/Aug/2021:10:12:20 +0800] "GET /xingrg/login.html HTTP/1.1" 200 7641
101.89.239.120 - - [21/Aug/2021:10:12:21 +0800] "GET /xingrg/all/function/internal_message.html?_=1629511876534&CODE_STATE=getMsg HTTP/1.1" 302 -
58.37.4.159 - - [21/Aug/2021:10:12:21 +0800] "GET /xingrg/all/function/internal_message.html?_=1629511936476&CODE_STATE=getMsg HTTP/1.1" 200 27
120.253.135.82 - - [21/Aug/2021:10:12:21 +0800] "GET /xingrg/all/function/internal_message.html?_=1629512068348&CODE_STATE=getMsg HTTP/1.1" 200 27
101.89.239.120 - - [21/Aug/2021:10:12:21 +0800] "GET /xingrg/login.html HTTP/1.1" 200 7641
58.37.4.159 - - [21/Aug/2021:10:12:22 +0800] "POST /xingrg/kc/buy/cgsh_order_operate.html HTTP/1.1" 200 12
180.174.198.13 - - [21/Aug/2021:10:12:22 +0800] "GET /xingrg/all/function/internal_message.html?_=1629511923630&CODE_STATE=getMsg HTTP/1.1" 200 27
180.169.147.146 - - [21/Aug/2021:10:12:22 +0800] "GET /xingrg/all/function/internal_message.html?_=1629511944424&CODE_STATE=getMsg HTTP/1.1" 200 27
58.37.4.159 - - [21/Aug/2021:10:12:22 +0800] "GET /xingrg/kc/buy/cgsh_order_info.html?code=212021082109442 HTTP/1.1" 200 58191
58.37.4.159 - - [21/Aug/2021:10:12:23 +0800] "GET /xingrg/javascript/easyui/themes/default/validatebox.css HTTP/1.1" 404 1104
58.37.4.159 - - [21/Aug/2021:10:12:23 +0800] "POST /xingrg/kc/buy/cgsh_order_operate.html HTTP/1.1" 200 4757
58.37.4.159 - - [21/Aug/2021:10:12:25 +0800] "GET /xingrg/kc/print/load_data.html?order_code=212021082109442&kc_code=cgsh&condition= HTTP/1.1" 200 2312
101.85.93.96 - - [21/Aug/2021:10:12:26 +0800] "GET /xingrg/all/function/internal_message.html?_=1629511900992&CODE_STATE=getMsg HTTP/1.1" 200 27
116.235.222.38 - - [21/Aug/2021:10:12:27 +0800] "GET /xingrg/all/function/internal_message.html?_=1629511939615&CODE_STATE=getMsg HTTP/1.1" 200 27
58.37.4.159 - - [21/Aug/2021:10:12:30 +0800] "GET /xingrg/kc/print/load_data.html?order_code=212021082109442&kc_code=cgsh HTTP/1.1" 200 2312
116.230.105.26 - - [21/Aug/2021:10:12:31 +0800] "GET /xingrg/all/function/internal_message.html?_=1629511927817&CODE_STATE=getMsg HTTP/1.1" 200 27
222.70.246.151 - - [21/Aug/2021:10:12:31 +0800] "GET /xingrg/all/function/internal_message.html?_=1629511969761&CODE_STATE=getMsg HTTP/1.1" 302 -
116.235.222.38 - - [21/Aug/2021:10:12:32 +0800] "GET /xingrg/kc/buy/cgsh_order_operate.html?command=get_materiel&rest_code=00107&code=00101004011&supplier_code=00100086&order_time=2021-08-21 HTTP/1.1" 200 413
61.151.178.177 - - [21/Aug/2021:10:12:34 +0800] "GET /xingrg/kc/buy/cgsh_order_operate.html?command=get_materiel&rest_code=00106&code=00101012024&supplier_code=00100032&order_time=2021-08-21 HTTP/1.1" 302 -
61.151.178.177 - - [21/Aug/2021:10:12:34 +0800] "GET /xingrg/login.html HTTP/1.1" 200 7641
114.83.216.119 - - [21/Aug/2021:10:12:39 +0800] "GET /xingrg/kc/buy/cgsh_order_operate.html?command=get_materiel&rest_code=00149&code=00101004033&supplier_code=00100083&order_time=2021-08-21 HTTP/1.1" 200 439
222.70.246.151 - - [21/Aug/2021:10:12:40 +0800] "GET /xingrg/all/function/internal_message.html?_=1629511974162&CODE_STATE=getMsg HTTP/1.1" 200 27
114.88.154.248 - - [21/Aug/2021:10:12:41 +0800] "GET /xingrg/all/function/internal_message.html?_=1629511851417&CODE_STATE=getMsg HTTP/1.1" 200 27
61.151.178.163 - - [21/Aug/2021:10:12:42 +0800] "GET /xingrg/kc/buy/cgsh_order_operate.html?command=get_materiel&rest_code=00106&code=00101010248&supplier_code=00100032&order_time=2021-08-21 HTTP/1.1" 302 -
101.83.145.79 - - [21/Aug/2021:10:12:43 +0800] "GET /xingrg/check_reg.html?_=1629511965100 HTTP/1.1" 200 22
101.83.145.79 - - [21/Aug/2021:10:12:43 +0800] "GET /xingrg/all/function/internal_message.html?_=1629511965102&CODE_STATE=getMsg HTTP/1.1" 200 27
172.20.0.100 - - [21/Aug/2021:10:12:43 +0800] "GET /xingrg/all/function/internal_message.html?_=1629511962098&CODE_STATE=getMsg HTTP/1.1" 200 27
61.151.178.163 - - [21/Aug/2021:10:12:43 +0800] "GET /xingrg/login.html HTTP/1.1" 200 7641
120.253.135.82 - - [21/Aug/2021:10:12:45 +0800] "GET /xingrg/all/function/internal_message.html?_=1629511742486&CODE_STATE=getMsg HTTP/1.1" 200 27
116.235.222.38 - - [21/Aug/2021:10:12:46 +0800] "GET /xingrg/kc/buy/cgsh_order_operate.html?command=get_materiel&rest_code=00107&code=00101004065&supplier_code=00100086&order_time=2021-08-21 HTTP/1.1" 200 433
172.20.0.100 - - [21/Aug/2021:10:12:49 +0800] "GET /xingrg/all/function/internal_message.html?_=1629511968532&CODE_STATE=getMsg HTTP/1.1" 200 27
58.37.4.159 - - [21/Aug/2021:10:12:50 +0800] "GET /xingrg/kc/buy/cgsh_order_add.html HTTP/1.1" 200 63278
116.232.52.242 - - [21/Aug/2021:10:12:50 +0800] "GET /xingrg/all/function/internal_message.html?_=1629511970788&CODE_STATE=getMsg HTTP/1.1" 200 27
58.37.4.159 - - [21/Aug/2021:10:12:50 +0800] "GET /xingrg/javascript/easyui/themes/default/validatebox.css HTTP/1.1" 404 1104
58.37.4.159 - - [21/Aug/2021:10:12:50 +0800] "POST /xingrg/kc/buy/cgsh_order_operate.html HTTP/1.1" 200 8245
116.238.194.18 - - [21/Aug/2021:10:12:51 +0800] "GET /xingrg/all/function/internal_message.html?_=1629511970760&CODE_STATE=getMsg HTTP/1.1" 200 27
58.37.4.159 - - [21/Aug/2021:10:12:51 +0800] "GET /xingrg/javascript/easyui/themes/default/tree.css HTTP/1.1" 404 1090
58.37.4.159 - - [21/Aug/2021:10:12:51 +0800] "POST /xingrg/all/common/load_tree.html?tree=supplier_tree_json&isDelete=1 HTTP/1.1" 200 57451
116.235.222.38 - - [21/Aug/2021:10:12:52 +0800] "POST /xingrg/kc/buy/cgsh_order_operate.html HTTP/1.1" 200 37
114.83.216.119 - - [21/Aug/2021:10:12:52 +0800] "GET /xingrg/kc/buy/cgsh_order_operate.html?command=get_materiel&rest_code=00149&code=00101004048&supplier_code=00100083&order_time=2021-08-21 HTTP/1.1" 200 417
116.235.222.38 - - [21/Aug/2021:10:12:53 +0800] "POST /xingrg/kc/buy/cgsh_order_operate.html HTTP/1.1" 200 3255
116.235.222.38 - - [21/Aug/2021:10:12:55 +0800] "GET /xingrg/kc/print/load_data.html?order_code=212021082109443&kc_code=cgsh&condition= HTTP/1.1" 200 964
116.235.222.38 - - [21/Aug/2021:10:12:58 +0800] "GET /xingrg/kc/buy/cgsh_order_add.html HTTP/1.1" 200 63360
116.235.222.38 - - [21/Aug/2021:10:12:59 +0800] "GET /xingrg/javascript/easyui/themes/default/validatebox.css HTTP/1.1" 404 1104
116.235.222.38 - - [21/Aug/2021:10:12:59 +0800] "POST /xingrg/kc/buy/cgsh_order_operate.html HTTP/1.1" 200 8245
116.235.222.38 - - [21/Aug/2021:10:13:00 +0800] "GET /xingrg/javascript/easyui/themes/default/tree.css HTTP/1.1" 404 1090
116.235.222.38 - - [21/Aug/2021:10:13:00 +0800] "POST /xingrg/all/common/load_tree.html?tree=supplier_tree_json&isDelete=1 HTTP/1.1" 200 57451
61.151.178.236 - - [21/Aug/2021:10:13:01 +0800] "GET /xingrg/kc/buy/cgsh_order_operate.html?command=get_materiel&rest_code=00106&code=00101001111&supplier_code=00100032&order_time=2021-08-21 HTTP/1.1" 302 -
58.37.4.159 - - [21/Aug/2021:10:13:01 +0800] "GET /xingrg/kc/buy/cgsh_order_operate.html?command=get_materiel&rest_code=00106&code=00101009001&supplier_code=00100022&order_time=2021-08-21 HTTP/1.1" 200 418
61.151.178.236 - - [21/Aug/2021:10:13:01 +0800] "GET /xingrg/login.html HTTP/1.1" 200 7641
114.83.216.119 - - [21/Aug/2021:10:13:04 +0800] "GET /xingrg/all/function/internal_message.html?_=1629511983396&CODE_STATE=getMsg HTTP/1.1" 200 27
222.70.178.182 - - [21/Aug/2021:10:13:07 +0800] "GET /xingrg/all/function/internal_message.html?_=1629511983318&CODE_STATE=getMsg HTTP/1.1" 200 27
58.37.4.159 - - [21/Aug/2021:10:13:11 +0800] "GET /xingrg/kc/buy/cgsh_order_operate.html?command=get_materiel&rest_code=00106&code=00101009011&supplier_code=00100022&order_time=2021-08-21 HTTP/1.1" 200 418
101.83.145.79 - - [21/Aug/2021:10:13:13 +0800] "GET /xingrg/all/function/internal_message.html?_=1629511948051&CODE_STATE=getMsg HTTP/1.1" 200 27
58.37.4.159 - - [21/Aug/2021:10:13:19 +0800] "GET /xingrg/kc/buy/cgsh_order_operate.html?command=get_materiel&rest_code=00106&code=00101009007&supplier_code=00100022&order_time=2021-08-21 HTTP/1.1" 200 410
116.235.222.38 - - [21/Aug/2021:10:13:19 +0800] "GET /xingrg/kc/buy/cgsh_order_operate.html?command=get_materiel&rest_code=00107&code=00101010108&supplier_code=00100336&order_time=2021-08-21 HTTP/1.1" 200 421
58.37.4.159 - - [21/Aug/2021:10:13:21 +0800] "GET /xingrg/all/function/internal_message.html?_=1629511996447&CODE_STATE=getMsg HTTP/1.1" 200 27
120.253.135.82 - - [21/Aug/2021:10:13:21 +0800] "GET /xingrg/all/function/internal_message.html?_=1629512128369&CODE_STATE=getMsg HTTP/1.1" 200 27
180.169.147.146 - - [21/Aug/2021:10:13:22 +0800] "GET /xingrg/check_reg.html?_=1629512004414 HTTP/1.1" 200 22
180.169.147.146 - - [21/Aug/2021:10:13:22 +0800] "GET /xingrg/all/function/internal_message.html?_=1629512004417&CODE_STATE=getMsg HTTP/1.1" 200 27
180.174.198.13 - - [21/Aug/2021:10:13:23 +0800] "GET /xingrg/all/function/internal_message.html?_=1629511983979&CODE_STATE=getMsg HTTP/1.1" 200 27
101.85.93.96 - - [21/Aug/2021:10:13:26 +0800] "GET /xingrg/check_reg.html?_=1629511960991 HTTP/1.1" 200 22
101.85.93.96 - - [21/Aug/2021:10:13:26 +0800] "GET /xingrg/all/function/internal_message.html?_=1629511960994&CODE_STATE=getMsg HTTP/1.1" 200 27
116.235.222.38 - - [21/Aug/2021:10:13:26 +0800] "POST /xingrg/kc/buy/cgsh_order_operate.html HTTP/1.1" 200 37
114.83.216.119 - - [21/Aug/2021:10:13:29 +0800] "GET /xingrg/kc/buy/cgsh_order_operate.html?command=get_materiel&rest_code=00149&code=00101004011&supplier_code=00100083&order_time=2021-08-21 HTTP/1.1" 200 415
116.230.105.26 - - [21/Aug/2021:10:13:31 +0800] "GET /xingrg/all/function/internal_message.html?_=1629511987819&CODE_STATE=getMsg HTTP/1.1" 200 27
222.70.246.151 - - [21/Aug/2021:10:13:31 +0800] "GET /xingrg/all/function/internal_message.html?_=1629512029783&CODE_STATE=getMsg HTTP/1.1" 302 -
222.70.246.151 - - [21/Aug/2021:10:13:32 +0800] "GET /xingrg/check_reg.html?_=1629512026601 HTTP/1.1" 200 22
180.174.198.13 - - [21/Aug/2021:10:13:33 +0800] "GET /xingrg/javascript/easyui/themes/default/tree.css HTTP/1.1" 404 1090
180.174.198.13 - - [21/Aug/2021:10:13:33 +0800] "POST /xingrg/all/common/load_tree.html?tree=supplier_tree_json&isDelete=1 HTTP/1.1" 200 57451
116.235.222.38 - - [21/Aug/2021:10:13:36 +0800] "POST /xingrg/kc/buy/cgsh_order_operate.html HTTP/1.1" 200 2665
58.37.4.159 - - [21/Aug/2021:10:13:38 +0800] "POST /xingrg/kc/buy/cgsh_order_operate.html HTTP/1.1" 200 37
116.235.222.38 - - [21/Aug/2021:10:13:38 +0800] "GET /xingrg/kc/print/load_data.html?order_code=212021082109444&kc_code=cgsh&condition= HTTP/1.1" 200 678
222.70.246.151 - - [21/Aug/2021:10:13:40 +0800] "GET /xingrg/all/function/internal_message.html?_=1629512034166&CODE_STATE=getMsg HTTP/1.1" 200 27
114.83.216.119 - - [21/Aug/2021:10:13:42 +0800] "GET /xingrg/kc/buy/cgsh_order_operate.html?command=get_materiel&rest_code=00149&code=00101004067&supplier_code=00100083&order_time=2021-08-21 HTTP/1.1" 200 413
58.37.4.159 - - [21/Aug/2021:10:13:42 +0800] "POST /xingrg/kc/buy/cgsh_order_operate.html HTTP/1.1" 200 12
101.83.145.79 - - [21/Aug/2021:10:13:43 +0800] "GET /xingrg/all/function/internal_message.html?_=1629512025125&CODE_STATE=getMsg HTTP/1.1" 200 27
172.20.0.100 - - [21/Aug/2021:10:13:43 +0800] "GET /xingrg/all/function/internal_message.html?_=1629512022101&CODE_STATE=getMsg HTTP/1.1" 200 27
101.83.145.79 - - [21/Aug/2021:10:13:43 +0800] "POST /xingrg/services/DataTransmitService HTTP/1.1" 200 524
58.37.4.159 - - [21/Aug/2021:10:13:45 +0800] "GET /xingrg/kc/buy/cgsh_order_info.html?code=212021082109445 HTTP/1.1" 200 58187
58.37.4.159 - - [21/Aug/2021:10:13:45 +0800] "GET /xingrg/javascript/easyui/themes/default/validatebox.css HTTP/1.1" 404 1104
120.253.135.82 - - [21/Aug/2021:10:13:45 +0800] "GET /xingrg/all/function/internal_message.html?_=1629511802564&CODE_STATE=getMsg HTTP/1.1" 200 27
58.37.4.159 - - [21/Aug/2021:10:13:46 +0800] "POST /xingrg/kc/buy/cgsh_order_operate.html HTTP/1.1" 200 2392
101.83.145.79 - - [21/Aug/2021:10:13:47 +0800] "POST /xingrg/services/DataTransmitService HTTP/1.1" 200 501
58.37.4.159 - - [21/Aug/2021:10:13:48 +0800] "GET /xingrg/kc/print/load_data.html?order_code=212021082109445&kc_code=cgsh&condition= HTTP/1.1" 200 1420
172.20.0.100 - - [21/Aug/2021:10:13:49 +0800] "GET /xingrg/check_reg.html?_=1629512028521 HTTP/1.1" 200 22
172.20.0.100 - - [21/Aug/2021:10:13:49 +0800] "GET /xingrg/all/function/internal_message.html?_=1629512028522&CODE_STATE=getMsg HTTP/1.1" 200 27
116.232.52.242 - - [21/Aug/2021:10:13:50 +0800] "GET /xingrg/all/function/internal_message.html?_=1629512030790&CODE_STATE=getMsg HTTP/1.1" 200 27
116.238.194.18 - - [21/Aug/2021:10:13:51 +0800] "GET /xingrg/check_reg.html?_=1629512030760 HTTP/1.1" 200 22
116.238.194.18 - - [21/Aug/2021:10:13:51 +0800] "GET /xingrg/all/function/internal_message.html?_=1629512030766&CODE_STATE=getMsg HTTP/1.1" 200 27
58.37.4.159 - - [21/Aug/2021:10:13:53 +0800] "GET /xingrg/kc/print/load_data.html?order_code=212021082109445&kc_code=cgsh HTTP/1.1" 200 1420
114.83.216.119 - - [21/Aug/2021:10:13:53 +0800] "GET /xingrg/kc/buy/cgsh_order_operate.html?command=get_materiel&rest_code=00149&code=00101004103&supplier_code=00100083&order_time=2021-08-21 HTTP/1.1" 200 399
116.235.222.38 - - [21/Aug/2021:10:13:55 +0800] "GET /xingrg/kc/buy/cgsh_order_add.html HTTP/1.1" 200 63360
116.235.222.38 - - [21/Aug/2021:10:13:56 +0800] "GET /xingrg/javascript/easyui/themes/default/validatebox.css HTTP/1.1" 404 1104
101.83.145.79 - - [21/Aug/2021:10:13:56 +0800] "POST /xingrg/services/DataTransmitService HTTP/1.1" 200 524
116.235.222.38 - - [21/Aug/2021:10:13:56 +0800] "POST /xingrg/kc/buy/cgsh_order_operate.html HTTP/1.1" 200 8245
116.235.222.38 - - [21/Aug/2021:10:13:59 +0800] "GET /xingrg/javascript/easyui/themes/default/tree.css HTTP/1.1" 404 1090
116.235.222.38 - - [21/Aug/2021:10:13:59 +0800] "POST /xingrg/all/common/load_tree.html?tree=supplier_tree_json&isDelete=1 HTTP/1.1" 200 57451
114.83.216.119 - - [21/Aug/2021:10:14:04 +0800] "GET /xingrg/all/function/internal_message.html?_=1629512043376&CODE_STATE=getMsg HTTP/1.1" 200 27
