180.169.147.146 - - [21/Aug/2021:09:08:27 +0800] "GET /xingrg/javascript/jquery_easy_ui/themes/icons/pencil.png HTTP/1.1" 200 713
180.169.147.146 - - [21/Aug/2021:09:08:27 +0800] "POST /xingrg/dwr/call/plaincall/AjaxReportQueryService.getFixDate.dwr HTTP/1.1" 200 111
180.169.147.146 - - [21/Aug/2021:09:08:27 +0800] "GET /xingrg/javascript/jquery_easy_ui/themes/default/images/menu_rightarrow.png HTTP/1.1" 200 3617
180.169.147.146 - - [21/Aug/2021:09:08:27 +0800] "GET /xingrg/javascript/jquery_easy_ui/themes/default/images/combo_arrow_dot.gif HTTP/1.1" 200 79
180.169.147.146 - - [21/Aug/2021:09:08:27 +0800] "POST /xingrg/all/common/load_tree.html?tree=area_rest_tree_json&manage=1 HTTP/1.1" 200 3472
180.169.147.146 - - [21/Aug/2021:09:08:27 +0800] "GET /xingrg/javascript/jquery_easy_ui/themes/default/images/tree_checkbox_0.gif HTTP/1.1" 200 168
180.169.147.146 - - [21/Aug/2021:09:08:27 +0800] "GET /xingrg/javascript/jquery_easy_ui/themes/icons/rest.png HTTP/1.1" 200 695
180.169.147.146 - - [21/Aug/2021:09:08:27 +0800] "GET /xingrg/javascript/jquery_easy_ui/themes/icons/area.png HTTP/1.1" 200 262
180.169.147.146 - - [21/Aug/2021:09:08:27 +0800] "GET /xingrg/javascript/jquery_easy_ui/themes/icons/manage.png HTTP/1.1" 200 696
180.169.147.146 - - [21/Aug/2021:09:08:27 +0800] "POST /xingrg/all/common/load_tree.html?tree=supplier_tree_json&manage=1 HTTP/1.1" 200 58422
116.235.222.38 - - [21/Aug/2021:09:08:27 +0800] "GET /xingrg/all/function/internal_message.html?_=1629508099588&CODE_STATE=getMsg HTTP/1.1" 200 27
116.230.105.26 - - [21/Aug/2021:09:08:30 +0800] "GET /xingrg/all/function/internal_message.html?_=1629508087817&CODE_STATE=getMsg HTTP/1.1" 200 27
222.70.246.151 - - [21/Aug/2021:09:08:30 +0800] "GET /xingrg/all/function/internal_message.html?_=1629508128900&CODE_STATE=getMsg HTTP/1.1" 302 -
222.70.246.151 - - [21/Aug/2021:09:08:32 +0800] "GET /xingrg/check_reg.html?_=1629508126354 HTTP/1.1" 200 22
222.70.246.151 - - [21/Aug/2021:09:08:35 +0800] "GET /xingrg/all/function/internal_message.html?_=1629508128697&CODE_STATE=getMsg HTTP/1.1" 200 27
180.169.147.146 - - [21/Aug/2021:09:08:41 +0800] "GET /xingrg/javascript/jquery_easy_ui/themes/default/images/tree_checkbox_2.gif HTTP/1.1" 200 181
180.169.147.146 - - [21/Aug/2021:09:08:41 +0800] "GET /xingrg/javascript/jquery_easy_ui/themes/default/images/tree_checkbox_1.gif HTTP/1.1" 200 174
116.238.194.18 - - [21/Aug/2021:09:08:42 +0800] "GET /xingrg/all/function/internal_message.html?_=1629508058897&CODE_STATE=getMsg HTTP/1.1" 200 27
180.169.147.146 - - [21/Aug/2021:09:08:42 +0800] "POST /xingrg/dwr/call/plaincall/AjaxReportQueryService.refreshCache.dwr HTTP/1.1" 200 78
101.83.145.79 - - [21/Aug/2021:09:08:43 +0800] "GET /xingrg/all/function/internal_message.html?_=1629508125042&CODE_STATE=getMsg HTTP/1.1" 200 27
172.20.0.100 - - [21/Aug/2021:09:08:43 +0800] "GET /xingrg/all/function/internal_message.html?_=1629508122103&CODE_STATE=getMsg HTTP/1.1" 200 27
180.169.147.146 - - [21/Aug/2021:09:08:43 +0800] "POST /xingrg/all/report/load_report_page.html HTTP/1.1" 200 49764
180.169.147.146 - - [21/Aug/2021:09:08:43 +0800] "GET /xingrg/servlets/image?cache=0.6737479985758834&image=px HTTP/1.1" 200 807
172.20.0.100 - - [21/Aug/2021:09:08:49 +0800] "GET /xingrg/all/function/internal_message.html?_=1629508128519&CODE_STATE=getMsg HTTP/1.1" 200 27
172.20.0.100 - - [21/Aug/2021:09:08:49 +0800] "GET /xingrg/check_reg.html?_=1629508128520 HTTP/1.1" 200 22
116.232.52.242 - - [21/Aug/2021:09:08:50 +0800] "GET /xingrg/all/function/internal_message.html?_=1629508130629&CODE_STATE=getMsg HTTP/1.1" 200 27
116.238.194.18 - - [21/Aug/2021:09:08:51 +0800] "GET /xingrg/check_reg.html?_=1629508130617 HTTP/1.1" 200 22
116.238.194.18 - - [21/Aug/2021:09:08:51 +0800] "GET /xingrg/all/function/internal_message.html?_=1629508130618&CODE_STATE=getMsg HTTP/1.1" 200 27
58.37.4.159 - - [21/Aug/2021:09:08:55 +0800] "GET /xingrg/all/function/internal_message.html?_=1629508140748&CODE_STATE=getMsg HTTP/1.1" 200 27
101.83.241.165 - - [21/Aug/2021:09:09:00 +0800] "GET /xingrg/all/function/internal_message.html?_=1629508142055&CODE_STATE=getMsg HTTP/1.1" 200 27
114.83.216.119 - - [21/Aug/2021:09:09:04 +0800] "GET /xingrg/all/function/internal_message.html?_=1629508143938&CODE_STATE=getMsg HTTP/1.1" 200 27
101.83.145.79 - - [21/Aug/2021:09:09:08 +0800] "GET /xingrg/all/function/internal_message.html?_=1629508103496&CODE_STATE=getMsg HTTP/1.1" 200 27
120.253.135.82 - - [21/Aug/2021:09:09:20 +0800] "GET /xingrg/all/function/internal_message.html?_=1629508287415&CODE_STATE=getMsg HTTP/1.1" 200 27
180.169.147.146 - - [21/Aug/2021:09:09:22 +0800] "GET /xingrg/all/function/internal_message.html?_=1629508164429&CODE_STATE=getMsg HTTP/1.1" 200 27
120.253.135.82 - - [21/Aug/2021:09:09:24 +0800] "GET /xingrg/all/function/internal_message.html?_=1629507941572&CODE_STATE=getMsg HTTP/1.1" 200 27
101.85.93.96 - - [21/Aug/2021:09:09:26 +0800] "GET /xingrg/all/function/internal_message.html?_=1629508120940&CODE_STATE=getMsg HTTP/1.1" 200 27
116.235.222.38 - - [21/Aug/2021:09:09:27 +0800] "GET /xingrg/check_reg.html?_=1629508159438 HTTP/1.1" 200 22
116.235.222.38 - - [21/Aug/2021:09:09:27 +0800] "GET /xingrg/all/function/internal_message.html?_=1629508159564&CODE_STATE=getMsg HTTP/1.1" 200 27
116.230.105.26 - - [21/Aug/2021:09:09:30 +0800] "GET /xingrg/all/function/internal_message.html?_=1629508147820&CODE_STATE=getMsg HTTP/1.1" 200 27
222.70.246.151 - - [21/Aug/2021:09:09:30 +0800] "GET /xingrg/all/function/internal_message.html?_=1629508188906&CODE_STATE=getMsg HTTP/1.1" 302 -
222.70.246.151 - - [21/Aug/2021:09:09:35 +0800] "GET /xingrg/all/function/internal_message.html?_=1629508188711&CODE_STATE=getMsg HTTP/1.1" 200 27
116.238.194.18 - - [21/Aug/2021:09:09:42 +0800] "GET /xingrg/all/function/internal_message.html?_=1629508118932&CODE_STATE=getMsg HTTP/1.1" 200 27
101.83.145.79 - - [21/Aug/2021:09:09:43 +0800] "GET /xingrg/all/function/internal_message.html?_=1629508185042&CODE_STATE=getMsg HTTP/1.1" 200 27
172.20.0.100 - - [21/Aug/2021:09:09:43 +0800] "GET /xingrg/all/function/internal_message.html?_=1629508182105&CODE_STATE=getMsg HTTP/1.1" 200 27
172.20.0.100 - - [21/Aug/2021:09:09:43 +0800] "GET /xingrg/check_reg.html?_=1629508182106 HTTP/1.1" 200 22
172.20.0.100 - - [21/Aug/2021:09:09:49 +0800] "GET /xingrg/all/function/internal_message.html?_=1629508188522&CODE_STATE=getMsg HTTP/1.1" 200 27
116.232.52.242 - - [21/Aug/2021:09:09:50 +0800] "GET /xingrg/all/function/internal_message.html?_=1629508190631&CODE_STATE=getMsg HTTP/1.1" 200 27
116.238.194.18 - - [21/Aug/2021:09:09:51 +0800] "GET /xingrg/all/function/internal_message.html?_=1629508190620&CODE_STATE=getMsg HTTP/1.1" 200 27
58.37.4.159 - - [21/Aug/2021:09:09:55 +0800] "GET /xingrg/all/function/internal_message.html?_=1629508200770&CODE_STATE=getMsg HTTP/1.1" 200 27
222.70.246.151 - - [21/Aug/2021:09:09:58 +0800] "GET /xingrg/check_reg.html?_=1629508200808 HTTP/1.1" 200 22
101.83.241.165 - - [21/Aug/2021:09:10:00 +0800] "GET /xingrg/all/function/internal_message.html?_=1629508202050&CODE_STATE=getMsg HTTP/1.1" 200 27
114.83.216.119 - - [21/Aug/2021:09:10:04 +0800] "GET /xingrg/all/function/internal_message.html?_=1629508203923&CODE_STATE=getMsg HTTP/1.1" 200 27
101.83.145.79 - - [21/Aug/2021:09:10:08 +0800] "GET /xingrg/all/function/internal_message.html?_=1629508163497&CODE_STATE=getMsg HTTP/1.1" 200 27
120.253.135.82 - - [21/Aug/2021:09:10:19 +0800] "GET /xingrg/check_reg.html?_=1629508346675 HTTP/1.1" 200 22
120.253.135.82 - - [21/Aug/2021:09:10:20 +0800] "GET /xingrg/all/function/internal_message.html?_=1629508347428&CODE_STATE=getMsg HTTP/1.1" 200 27
180.169.147.146 - - [21/Aug/2021:09:10:22 +0800] "GET /xingrg/all/function/internal_message.html?_=1629508224415&CODE_STATE=getMsg HTTP/1.1" 200 27
114.83.216.119 - - [21/Aug/2021:09:10:24 +0800] "GET /xingrg/kc/buy/cgsh_order_add.html HTTP/1.1" 200 63325
114.83.216.119 - - [21/Aug/2021:09:10:24 +0800] "POST /xingrg/kc/buy/cgsh_order_operate.html HTTP/1.1" 200 8245
114.83.216.119 - - [21/Aug/2021:09:10:24 +0800] "GET /xingrg/javascript/easyui/themes/default/validatebox.css HTTP/1.1" 404 1104
120.253.135.82 - - [21/Aug/2021:09:10:24 +0800] "GET /xingrg/all/function/internal_message.html?_=1629508001581&CODE_STATE=getMsg HTTP/1.1" 200 27
101.85.93.96 - - [21/Aug/2021:09:10:26 +0800] "GET /xingrg/all/function/internal_message.html?_=1629508180939&CODE_STATE=getMsg HTTP/1.1" 200 27
222.70.246.151 - - [21/Aug/2021:09:10:27 +0800] "GET /xingrg/check_reg.html?_=1629508245050 HTTP/1.1" 302 -
116.235.222.38 - - [21/Aug/2021:09:10:27 +0800] "GET /xingrg/all/function/internal_message.html?_=1629508219551&CODE_STATE=getMsg HTTP/1.1" 200 27
116.230.105.26 - - [21/Aug/2021:09:10:30 +0800] "GET /xingrg/all/function/internal_message.html?_=1629508207835&CODE_STATE=getMsg HTTP/1.1" 200 27
222.70.246.151 - - [21/Aug/2021:09:10:30 +0800] "GET /xingrg/all/function/internal_message.html?_=1629508248919&CODE_STATE=getMsg HTTP/1.1" 302 -
101.83.241.165 - - [21/Aug/2021:09:10:34 +0800] "GET /xingrg/javascript/easyui/plugins/jquery.draggable.js HTTP/1.1" 200 6121
101.83.241.165 - - [21/Aug/2021:09:10:34 +0800] "GET /xingrg/css/images/panel_loading.gif HTTP/1.1" 200 1737
101.83.241.165 - - [21/Aug/2021:09:10:34 +0800] "GET /xingrg/javascript/easyui/plugins/jquery.droppable.js HTTP/1.1" 200 1167
101.83.241.165 - - [21/Aug/2021:09:10:34 +0800] "GET /xingrg/javascript/easyui/themes/default/tree.css HTTP/1.1" 404 1090
101.83.241.165 - - [21/Aug/2021:09:10:34 +0800] "GET /xingrg/javascript/easyui/plugins/jquery.tree.js HTTP/1.1" 200 20874
101.83.241.165 - - [21/Aug/2021:09:10:34 +0800] "POST /xingrg/all/common/load_tree.html?tree=supplier_tree_json&isDelete=1 HTTP/1.1" 200 57451
222.70.246.151 - - [21/Aug/2021:09:10:35 +0800] "GET /xingrg/all/function/internal_message.html?_=1629508248724&CODE_STATE=getMsg HTTP/1.1" 200 27
101.83.241.165 - - [21/Aug/2021:09:10:36 +0800] "GET /xingrg/javascript/easyui/themes/default/images/tree_arrows.gif HTTP/1.1" 200 617
101.83.241.165 - - [21/Aug/2021:09:10:36 +0800] "GET /xingrg/javascript/easyui/themes/default/images/tree_folder_open.gif HTTP/1.1" 200 956
101.83.241.165 - - [21/Aug/2021:09:10:36 +0800] "GET /xingrg/javascript/easyui/themes/default/images/tree_folder.gif HTTP/1.1" 200 952
101.83.241.165 - - [21/Aug/2021:09:10:36 +0800] "GET /xingrg/javascript/easyui/themes/default/images/tree_file.gif HTTP/1.1" 200 118
116.238.194.18 - - [21/Aug/2021:09:10:42 +0800] "GET /xingrg/all/function/internal_message.html?_=1629508178937&CODE_STATE=getMsg HTTP/1.1" 200 27
101.83.145.79 - - [21/Aug/2021:09:10:43 +0800] "GET /xingrg/all/function/internal_message.html?_=1629508245039&CODE_STATE=getMsg HTTP/1.1" 200 27
172.20.0.100 - - [21/Aug/2021:09:10:43 +0800] "GET /xingrg/all/function/internal_message.html?_=1629508242107&CODE_STATE=getMsg HTTP/1.1" 200 27
172.20.0.100 - - [21/Aug/2021:09:10:49 +0800] "GET /xingrg/all/function/internal_message.html?_=1629508248525&CODE_STATE=getMsg HTTP/1.1" 200 27
116.232.52.242 - - [21/Aug/2021:09:10:50 +0800] "GET /xingrg/all/function/internal_message.html?_=1629508250634&CODE_STATE=getMsg HTTP/1.1" 200 27
116.238.194.18 - - [21/Aug/2021:09:10:51 +0800] "GET /xingrg/all/function/internal_message.html?_=1629508250621&CODE_STATE=getMsg HTTP/1.1" 200 27
58.37.4.159 - - [21/Aug/2021:09:10:55 +0800] "GET /xingrg/all/function/internal_message.html?_=1629508260765&CODE_STATE=getMsg HTTP/1.1" 200 27
101.83.241.165 - - [21/Aug/2021:09:11:00 +0800] "GET /xingrg/all/function/internal_message.html?_=1629508262050&CODE_STATE=getMsg HTTP/1.1" 200 27
114.83.216.119 - - [21/Aug/2021:09:11:04 +0800] "GET /xingrg/all/function/internal_message.html?_=1629508263909&CODE_STATE=getMsg HTTP/1.1" 200 27
114.83.216.119 - - [21/Aug/2021:09:11:05 +0800] "GET /xingrg/check_reg.html?_=1629508264200 HTTP/1.1" 200 22
101.83.145.79 - - [21/Aug/2021:09:11:08 +0800] "GET /xingrg/all/function/internal_message.html?_=1629508223498&CODE_STATE=getMsg HTTP/1.1" 200 27
114.83.216.119 - - [21/Aug/2021:09:11:17 +0800] "GET /xingrg/kc/buy/cgsh_order_operate.html?command=get_materiel&rest_code=00149&code=00101008323&supplier_code=00100005&order_time=2021-08-20 HTTP/1.1" 200 408
120.253.135.82 - - [21/Aug/2021:09:11:20 +0800] "GET /xingrg/all/function/internal_message.html?_=1629508407441&CODE_STATE=getMsg HTTP/1.1" 200 27
180.169.147.146 - - [21/Aug/2021:09:11:22 +0800] "GET /xingrg/all/function/internal_message.html?_=1629508284414&CODE_STATE=getMsg HTTP/1.1" 200 27
120.253.135.82 - - [21/Aug/2021:09:11:24 +0800] "GET /xingrg/check_reg.html?_=1629508061148 HTTP/1.1" 200 22
120.253.135.82 - - [21/Aug/2021:09:11:24 +0800] "GET /xingrg/all/function/internal_message.html?_=1629508061595&CODE_STATE=getMsg HTTP/1.1" 200 27
114.83.216.119 - - [21/Aug/2021:09:11:25 +0800] "GET /xingrg/kc/buy/cgsh_order_operate.html?command=get_materiel&rest_code=00149&code=00101008176&supplier_code=00100005&order_time=2021-08-20 HTTP/1.1" 200 412
101.85.93.96 - - [21/Aug/2021:09:11:26 +0800] "GET /xingrg/all/function/internal_message.html?_=1629508240940&CODE_STATE=getMsg HTTP/1.1" 200 27
116.235.222.38 - - [21/Aug/2021:09:11:27 +0800] "GET /xingrg/all/function/internal_message.html?_=1629508279537&CODE_STATE=getMsg HTTP/1.1" 200 27
116.230.105.26 - - [21/Aug/2021:09:11:30 +0800] "GET /xingrg/check_reg.html?_=1629508267832 HTTP/1.1" 200 22
116.230.105.26 - - [21/Aug/2021:09:11:30 +0800] "GET /xingrg/all/function/internal_message.html?_=1629508267834&CODE_STATE=getMsg HTTP/1.1" 200 27
222.70.246.151 - - [21/Aug/2021:09:11:30 +0800] "GET /xingrg/all/function/internal_message.html?_=1629508308941&CODE_STATE=getMsg HTTP/1.1" 302 -
222.70.246.151 - - [21/Aug/2021:09:11:35 +0800] "GET /xingrg/all/function/internal_message.html?_=1629508308854&CODE_STATE=getMsg HTTP/1.1" 200 27
116.238.194.18 - - [21/Aug/2021:09:11:42 +0800] "GET /xingrg/check_reg.html?_=1629508238706 HTTP/1.1" 200 22
116.238.194.18 - - [21/Aug/2021:09:11:42 +0800] "GET /xingrg/all/function/internal_message.html?_=1629508238949&CODE_STATE=getMsg HTTP/1.1" 200 27
101.83.145.79 - - [21/Aug/2021:09:11:43 +0800] "GET /xingrg/all/function/internal_message.html?_=1629508305038&CODE_STATE=getMsg HTTP/1.1" 200 27
172.20.0.100 - - [21/Aug/2021:09:11:43 +0800] "GET /xingrg/all/function/internal_message.html?_=1629508302094&CODE_STATE=getMsg HTTP/1.1" 200 27
172.20.0.100 - - [21/Aug/2021:09:11:49 +0800] "GET /xingrg/all/function/internal_message.html?_=1629508308527&CODE_STATE=getMsg HTTP/1.1" 200 27
116.232.52.242 - - [21/Aug/2021:09:11:50 +0800] "GET /xingrg/all/function/internal_message.html?_=1629508310636&CODE_STATE=getMsg HTTP/1.1" 200 27
116.232.52.242 - - [21/Aug/2021:09:11:50 +0800] "GET /xingrg/check_reg.html?_=1629508310637 HTTP/1.1" 200 22
116.238.194.18 - - [21/Aug/2021:09:11:51 +0800] "GET /xingrg/all/function/internal_message.html?_=1629508310626&CODE_STATE=getMsg HTTP/1.1" 200 27
58.37.4.159 - - [21/Aug/2021:09:11:55 +0800] "GET /xingrg/all/function/internal_message.html?_=1629508320776&CODE_STATE=getMsg HTTP/1.1" 200 27
114.83.216.119 - - [21/Aug/2021:09:12:04 +0800] "GET /xingrg/all/function/internal_message.html?_=1629508323885&CODE_STATE=getMsg HTTP/1.1" 200 27
101.83.145.79 - - [21/Aug/2021:09:12:08 +0800] "GET /xingrg/check_reg.html?_=1629508283500 HTTP/1.1" 200 22
101.83.145.79 - - [21/Aug/2021:09:12:08 +0800] "GET /xingrg/all/function/internal_message.html?_=1629508283503&CODE_STATE=getMsg HTTP/1.1" 200 27
114.83.216.119 - - [21/Aug/2021:09:12:10 +0800] "GET /xingrg/kc/buy/cgsh_order_operate.html?command=get_materiel&rest_code=00149&code=00101008091&supplier_code=00100005&order_time=2021-08-20 HTTP/1.1" 200 413
120.253.135.82 - - [21/Aug/2021:09:12:20 +0800] "GET /xingrg/all/function/internal_message.html?_=1629508467455&CODE_STATE=getMsg HTTP/1.1" 200 27
180.169.147.146 - - [21/Aug/2021:09:12:22 +0800] "GET /xingrg/all/function/internal_message.html?_=1629508344425&CODE_STATE=getMsg HTTP/1.1" 200 27
120.253.135.82 - - [21/Aug/2021:09:12:24 +0800] "GET /xingrg/all/function/internal_message.html?_=1629508121608&CODE_STATE=getMsg HTTP/1.1" 200 27
101.85.93.96 - - [21/Aug/2021:09:12:26 +0800] "GET /xingrg/all/function/internal_message.html?_=1629508300939&CODE_STATE=getMsg HTTP/1.1" 200 27
116.235.222.38 - - [21/Aug/2021:09:12:27 +0800] "GET /xingrg/all/function/internal_message.html?_=1629508339522&CODE_STATE=getMsg HTTP/1.1" 200 27
116.230.105.26 - - [21/Aug/2021:09:12:30 +0800] "GET /xingrg/all/function/internal_message.html?_=1629508327823&CODE_STATE=getMsg HTTP/1.1" 200 27
222.70.246.151 - - [21/Aug/2021:09:12:30 +0800] "GET /xingrg/all/function/internal_message.html?_=1629508368946&CODE_STATE=getMsg HTTP/1.1" 302 -
114.83.216.119 - - [21/Aug/2021:09:12:33 +0800] "GET /xingrg/kc/buy/cgsh_order_operate.html?command=get_materiel&rest_code=00149&code=00101008072&supplier_code=00100005&order_time=2021-08-20 HTTP/1.1" 200 408
222.70.246.151 - - [21/Aug/2021:09:12:35 +0800] "GET /xingrg/all/function/internal_message.html?_=1629508368860&CODE_STATE=getMsg HTTP/1.1" 200 27
116.238.194.18 - - [21/Aug/2021:09:12:42 +0800] "GET /xingrg/all/function/internal_message.html?_=1629508298962&CODE_STATE=getMsg HTTP/1.1" 200 27
101.83.145.79 - - [21/Aug/2021:09:12:43 +0800] "GET /xingrg/all/function/internal_message.html?_=1629508365036&CODE_STATE=getMsg HTTP/1.1" 200 27
101.83.145.79 - - [21/Aug/2021:09:12:43 +0800] "GET /xingrg/check_reg.html?_=1629508365037 HTTP/1.1" 200 22
172.20.0.100 - - [21/Aug/2021:09:12:43 +0800] "GET /xingrg/all/function/internal_message.html?_=1629508362097&CODE_STATE=getMsg HTTP/1.1" 200 27
172.20.0.100 - - [21/Aug/2021:09:12:49 +0800] "GET /xingrg/all/function/internal_message.html?_=1629508368529&CODE_STATE=getMsg HTTP/1.1" 200 27
116.232.52.242 - - [21/Aug/2021:09:12:50 +0800] "GET /xingrg/all/function/internal_message.html?_=1629508370638&CODE_STATE=getMsg HTTP/1.1" 200 27
116.238.194.18 - - [21/Aug/2021:09:12:51 +0800] "GET /xingrg/all/function/internal_message.html?_=1629508370624&CODE_STATE=getMsg HTTP/1.1" 200 27
58.37.4.159 - - [21/Aug/2021:09:12:55 +0800] "GET /xingrg/all/function/internal_message.html?_=1629508380769&CODE_STATE=getMsg HTTP/1.1" 200 27
58.37.4.159 - - [21/Aug/2021:09:12:55 +0800] "GET /xingrg/check_reg.html?_=1629508380772 HTTP/1.1" 200 22
114.84.82.184 - - [21/Aug/2021:09:12:56 +0800] "POST /xingrg/services/DataTransmitService HTTP/1.1" 200 524
114.83.216.119 - - [21/Aug/2021:09:13:04 +0800] "GET /xingrg/all/function/internal_message.html?_=1629508383870&CODE_STATE=getMsg HTTP/1.1" 200 27
101.83.145.79 - - [21/Aug/2021:09:13:08 +0800] "GET /xingrg/all/function/internal_message.html?_=1629508343488&CODE_STATE=getMsg HTTP/1.1" 200 27
120.253.135.82 - - [21/Aug/2021:09:13:20 +0800] "GET /xingrg/all/function/internal_message.html?_=1629508527482&CODE_STATE=getMsg HTTP/1.1" 200 27
180.169.147.146 - - [21/Aug/2021:09:13:22 +0800] "GET /xingrg/check_reg.html?_=1629508404421 HTTP/1.1" 200 22
180.169.147.146 - - [21/Aug/2021:09:13:22 +0800] "GET /xingrg/all/function/internal_message.html?_=1629508404428&CODE_STATE=getMsg HTTP/1.1" 200 27
120.253.135.82 - - [21/Aug/2021:09:13:24 +0800] "GET /xingrg/all/function/internal_message.html?_=1629508181621&CODE_STATE=getMsg HTTP/1.1" 200 27
101.85.93.96 - - [21/Aug/2021:09:13:26 +0800] "GET /xingrg/check_reg.html?_=1629508360940 HTTP/1.1" 200 22
101.85.93.96 - - [21/Aug/2021:09:13:26 +0800] "GET /xingrg/all/function/internal_message.html?_=1629508360944&CODE_STATE=getMsg HTTP/1.1" 200 27
116.235.222.38 - - [21/Aug/2021:09:13:27 +0800] "GET /xingrg/all/function/internal_message.html?_=1629508399496&CODE_STATE=getMsg HTTP/1.1" 200 27
116.230.105.26 - - [21/Aug/2021:09:13:30 +0800] "GET /xingrg/all/function/internal_message.html?_=1629508387808&CODE_STATE=getMsg HTTP/1.1" 200 27
222.70.246.151 - - [21/Aug/2021:09:13:31 +0800] "GET /xingrg/all/function/internal_message.html?_=1629508428968&CODE_STATE=getMsg HTTP/1.1" 302 -
222.70.246.151 - - [21/Aug/2021:09:13:32 +0800] "GET /xingrg/check_reg.html?_=1629508426454 HTTP/1.1" 200 22
222.70.246.151 - - [21/Aug/2021:09:13:35 +0800] "GET /xingrg/all/function/internal_message.html?_=1629508428874&CODE_STATE=getMsg HTTP/1.1" 200 27
116.238.194.18 - - [21/Aug/2021:09:13:42 +0800] "GET /xingrg/all/function/internal_message.html?_=1629508358976&CODE_STATE=getMsg HTTP/1.1" 200 27
101.83.145.79 - - [21/Aug/2021:09:13:43 +0800] "GET /xingrg/all/function/internal_message.html?_=1629508425051&CODE_STATE=getMsg HTTP/1.1" 200 27
172.20.0.100 - - [21/Aug/2021:09:13:43 +0800] "GET /xingrg/all/function/internal_message.html?_=1629508422100&CODE_STATE=getMsg HTTP/1.1" 200 27
172.20.0.100 - - [21/Aug/2021:09:13:49 +0800] "GET /xingrg/check_reg.html?_=1629508428532 HTTP/1.1" 200 22
172.20.0.100 - - [21/Aug/2021:09:13:49 +0800] "GET /xingrg/all/function/internal_message.html?_=1629508428533&CODE_STATE=getMsg HTTP/1.1" 200 27
116.232.52.242 - - [21/Aug/2021:09:13:50 +0800] "GET /xingrg/all/function/internal_message.html?_=1629508430641&CODE_STATE=getMsg HTTP/1.1" 200 27
116.238.194.18 - - [21/Aug/2021:09:13:51 +0800] "GET /xingrg/check_reg.html?_=1629508430628 HTTP/1.1" 200 22
116.238.194.18 - - [21/Aug/2021:09:13:51 +0800] "GET /xingrg/all/function/internal_message.html?_=1629508430631&CODE_STATE=getMsg HTTP/1.1" 200 27
58.37.4.159 - - [21/Aug/2021:09:13:55 +0800] "GET /xingrg/all/function/internal_message.html?_=1629508440775&CODE_STATE=getMsg HTTP/1.1" 200 27
114.83.216.119 - - [21/Aug/2021:09:14:04 +0800] "GET /xingrg/all/function/internal_message.html?_=1629508443857&CODE_STATE=getMsg HTTP/1.1" 200 27
101.83.145.79 - - [21/Aug/2021:09:14:08 +0800] "GET /xingrg/all/function/internal_message.html?_=1629508403502&CODE_STATE=getMsg HTTP/1.1" 200 27
120.253.135.82 - - [21/Aug/2021:09:14:20 +0800] "GET /xingrg/all/function/internal_message.html?_=1629508587503&CODE_STATE=getMsg HTTP/1.1" 200 27
180.169.147.146 - - [21/Aug/2021:09:14:22 +0800] "GET /xingrg/all/function/internal_message.html?_=1629508464416&CODE_STATE=getMsg HTTP/1.1" 200 27
120.253.135.82 - - [21/Aug/2021:09:14:24 +0800] "GET /xingrg/all/function/internal_message.html?_=1629508241656&CODE_STATE=getMsg HTTP/1.1" 200 27
101.85.93.96 - - [21/Aug/2021:09:14:26 +0800] "GET /xingrg/all/function/internal_message.html?_=1629508420929&CODE_STATE=getMsg HTTP/1.1" 200 27
116.235.222.38 - - [21/Aug/2021:09:14:27 +0800] "GET /xingrg/check_reg.html?_=1629508459439 HTTP/1.1" 200 22
116.235.222.38 - - [21/Aug/2021:09:14:27 +0800] "GET /xingrg/all/function/internal_message.html?_=1629508459477&CODE_STATE=getMsg HTTP/1.1" 200 27
116.230.105.26 - - [21/Aug/2021:09:14:30 +0800] "GET /xingrg/all/function/internal_message.html?_=1629508447815&CODE_STATE=getMsg HTTP/1.1" 200 27
222.70.246.151 - - [21/Aug/2021:09:14:31 +0800] "GET /xingrg/all/function/internal_message.html?_=1629508488974&CODE_STATE=getMsg HTTP/1.1" 302 -
222.70.246.151 - - [21/Aug/2021:09:14:35 +0800] "GET /xingrg/all/function/internal_message.html?_=1629508488888&CODE_STATE=getMsg HTTP/1.1" 200 27
114.83.216.119 - - [21/Aug/2021:09:14:38 +0800] "POST /xingrg/services/DataTransmitService HTTP/1.1" 200 524
114.83.216.119 - - [21/Aug/2021:09:14:38 +0800] "POST /xingrg/services/DataTransmitService HTTP/1.1" 200 1983
114.83.216.119 - - [21/Aug/2021:09:14:39 +0800] "POST /xingrg/services/DataTransmitService HTTP/1.1" 200 133031
116.238.194.18 - - [21/Aug/2021:09:14:42 +0800] "GET /xingrg/all/function/internal_message.html?_=1629508419016&CODE_STATE=getMsg HTTP/1.1" 200 27
101.83.145.79 - - [21/Aug/2021:09:14:43 +0800] "GET /xingrg/all/function/internal_message.html?_=1629508485049&CODE_STATE=getMsg HTTP/1.1" 200 27
172.20.0.100 - - [21/Aug/2021:09:14:43 +0800] "GET /xingrg/all/function/internal_message.html?_=1629508482102&CODE_STATE=getMsg HTTP/1.1" 200 27
172.20.0.100 - - [21/Aug/2021:09:14:43 +0800] "GET /xingrg/check_reg.html?_=1629508482103 HTTP/1.1" 200 22
172.20.0.100 - - [21/Aug/2021:09:14:49 +0800] "GET /xingrg/all/function/internal_message.html?_=1629508488519&CODE_STATE=getMsg HTTP/1.1" 200 27
116.232.52.242 - - [21/Aug/2021:09:14:50 +0800] "GET /xingrg/all/function/internal_message.html?_=1629508490644&CODE_STATE=getMsg HTTP/1.1" 200 27
116.238.194.18 - - [21/Aug/2021:09:14:51 +0800] "GET /xingrg/all/function/internal_message.html?_=1629508490629&CODE_STATE=getMsg HTTP/1.1" 200 27
58.37.4.159 - - [21/Aug/2021:09:14:55 +0800] "GET /xingrg/all/function/internal_message.html?_=1629508500773&CODE_STATE=getMsg HTTP/1.1" 200 27
222.70.246.151 - - [21/Aug/2021:09:14:58 +0800] "GET /xingrg/check_reg.html?_=1629508500785 HTTP/1.1" 200 22
222.70.246.151 - - [21/Aug/2021:09:15:00 +0800] "POST /xingrg/kc/buy/cgsh_order_operate.html HTTP/1.1" 200 37
222.70.246.151 - - [21/Aug/2021:09:15:02 +0800] "POST /xingrg/kc/buy/cgsh_order_operate.html HTTP/1.1" 200 20996
114.83.216.119 - - [21/Aug/2021:09:15:04 +0800] "GET /xingrg/all/function/internal_message.html?_=1629508503844&CODE_STATE=getMsg HTTP/1.1" 200 27
101.83.145.79 - - [21/Aug/2021:09:15:08 +0800] "GET /xingrg/all/function/internal_message.html?_=1629508463487&CODE_STATE=getMsg HTTP/1.1" 200 27
120.253.135.82 - - [21/Aug/2021:09:15:19 +0800] "GET /xingrg/check_reg.html?_=1629508646675 HTTP/1.1" 200 22
120.253.135.82 - - [21/Aug/2021:09:15:20 +0800] "GET /xingrg/all/function/internal_message.html?_=1629508647511&CODE_STATE=getMsg HTTP/1.1" 200 27
180.169.147.146 - - [21/Aug/2021:09:15:22 +0800] "GET /xingrg/all/function/internal_message.html?_=1629508524423&CODE_STATE=getMsg HTTP/1.1" 200 27
120.253.135.82 - - [21/Aug/2021:09:15:25 +0800] "GET /xingrg/all/function/internal_message.html?_=1629508301664&CODE_STATE=getMsg HTTP/1.1" 200 27
101.85.93.96 - - [21/Aug/2021:09:15:26 +0800] "GET /xingrg/all/function/internal_message.html?_=1629508480928&CODE_STATE=getMsg HTTP/1.1" 200 27
222.70.246.151 - - [21/Aug/2021:09:15:27 +0800] "GET /xingrg/check_reg.html?_=1629508545060 HTTP/1.1" 302 -
116.235.222.38 - - [21/Aug/2021:09:15:27 +0800] "GET /xingrg/all/function/internal_message.html?_=1629508519461&CODE_STATE=getMsg HTTP/1.1" 200 27
222.70.246.151 - - [21/Aug/2021:09:15:28 +0800] "GET /xingrg/kc/buy/cgsh_order_operate.html?command=get_materiel&rest_code=00146&code=00101008354&supplier_code=00100005&order_time=2021-08-21 HTTP/1.1" 200 412
116.230.105.26 - - [21/Aug/2021:09:15:30 +0800] "GET /xingrg/all/function/internal_message.html?_=1629508507819&CODE_STATE=getMsg HTTP/1.1" 200 27
222.70.246.151 - - [21/Aug/2021:09:15:31 +0800] "GET /xingrg/all/function/internal_message.html?_=1629508548987&CODE_STATE=getMsg HTTP/1.1" 302 -
222.70.246.151 - - [21/Aug/2021:09:15:35 +0800] "GET /xingrg/all/function/internal_message.html?_=1629508548901&CODE_STATE=getMsg HTTP/1.1" 200 27
222.70.246.151 - - [21/Aug/2021:09:15:36 +0800] "GET /xingrg/kc/buy/cgsh_order_operate.html?command=get_materiel&rest_code=00146&code=00101008028&supplier_code=00100005&order_time=2021-08-21 HTTP/1.1" 200 412
180.174.198.13 - - [21/Aug/2021:09:15:37 +0800] "POST /xingrg/services/DataTransmitService HTTP/1.1" 200 524
180.174.198.13 - - [21/Aug/2021:09:15:38 +0800] "POST /xingrg/services/DataTransmitService HTTP/1.1" 200 501
116.238.194.18 - - [21/Aug/2021:09:15:42 +0800] "GET /xingrg/all/function/internal_message.html?_=1629508479019&CODE_STATE=getMsg HTTP/1.1" 200 27
101.83.145.79 - - [21/Aug/2021:09:15:43 +0800] "GET /xingrg/all/function/internal_message.html?_=1629508545049&CODE_STATE=getMsg HTTP/1.1" 200 27
222.70.246.151 - - [21/Aug/2021:09:15:43 +0800] "GET /xingrg/kc/buy/cgsh_order_operate.html?command=get_materiel&rest_code=00146&code=00101008096&supplier_code=00100005&order_time=2021-08-21 HTTP/1.1" 200 412
172.20.0.100 - - [21/Aug/2021:09:15:43 +0800] "GET /xingrg/all/function/internal_message.html?_=1629508542104&CODE_STATE=getMsg HTTP/1.1" 200 27
172.20.0.100 - - [21/Aug/2021:09:15:49 +0800] "GET /xingrg/all/function/internal_message.html?_=1629508548520&CODE_STATE=getMsg HTTP/1.1" 200 27
116.232.52.242 - - [21/Aug/2021:09:15:50 +0800] "GET /xingrg/all/function/internal_message.html?_=1629508550646&CODE_STATE=getMsg HTTP/1.1" 200 27
116.238.194.18 - - [21/Aug/2021:09:15:51 +0800] "GET /xingrg/all/function/internal_message.html?_=1629508550627&CODE_STATE=getMsg HTTP/1.1" 200 27
222.70.246.151 - - [21/Aug/2021:09:15:53 +0800] "GET /xingrg/kc/buy/cgsh_order_operate.html?command=get_materiel&rest_code=00146&code=00101008088&supplier_code=00100005&order_time=2021-08-21 HTTP/1.1" 200 408
58.37.4.159 - - [21/Aug/2021:09:15:55 +0800] "GET /xingrg/all/function/internal_message.html?_=1629508560772&CODE_STATE=getMsg HTTP/1.1" 200 27
222.70.246.151 - - [21/Aug/2021:09:15:56 +0800] "POST /xingrg/kc/buy/cgsh_order_operate.html HTTP/1.1" 200 2065
222.70.246.151 - - [21/Aug/2021:09:16:01 +0800] "GET /xingrg/kc/buy/cgsh_order_operate.html?command=get_materiel&rest_code=00146&code=00101008370&supplier_code=00100005&order_time=2021-08-21 HTTP/1.1" 200 412
114.83.216.119 - - [21/Aug/2021:09:16:03 +0800] "POST /xingrg/services/DataTransmitService HTTP/1.1" 200 524
114.83.216.119 - - [21/Aug/2021:09:16:04 +0800] "GET /xingrg/all/function/internal_message.html?_=1629508563835&CODE_STATE=getMsg HTTP/1.1" 200 27
114.83.216.119 - - [21/Aug/2021:09:16:05 +0800] "GET /xingrg/check_reg.html?_=1629508564196 HTTP/1.1" 200 22
116.232.52.242 - - [21/Aug/2021:09:16:07 +0800] "GET /xingrg/javascript/jquery_easy_ui/themes/default/images/tabs_close.gif HTTP/1.1" 200 829
116.232.52.242 - - [21/Aug/2021:09:16:07 +0800] "GET /xingrg/kc/buy/buy_main.html HTTP/1.1" 200 12412
116.232.52.242 - - [21/Aug/2021:09:16:07 +0800] "GET /xingrg/css/new_ie.css HTTP/1.1" 404 1036
116.232.52.242 - - [21/Aug/2021:09:16:07 +0800] "GET /xingrg/javascript/ToolTips.js HTTP/1.1" 200 5615
116.232.52.242 - - [21/Aug/2021:09:16:07 +0800] "GET /xingrg/javascript/pic_change.js HTTP/1.1" 200 4739
116.232.52.242 - - [21/Aug/2021:09:16:07 +0800] "GET /xingrg/css/blue.css HTTP/1.1" 200 15949
116.232.52.242 - - [21/Aug/2021:09:16:07 +0800] "GET /xingrg/javascript/jquery_ui/jquery-ui.min.js HTTP/1.1" 200 186181
116.232.52.242 - - [21/Aug/2021:09:16:07 +0800] "GET /xingrg/javascript/jquery_ui/themes/humanity/humanity.css HTTP/1.1" 200 27801
116.232.52.242 - - [21/Aug/2021:09:16:07 +0800] "GET /xingrg/javascript/myfunction.js HTTP/1.1" 200 24559
116.232.52.242 - - [21/Aug/2021:09:16:07 +0800] "GET /xingrg/images/blue/button/cgxqd.gif HTTP/1.1" 200 2619
116.232.52.242 - - [21/Aug/2021:09:16:07 +0800] "GET /xingrg/images/blue/button/cgydd.gif HTTP/1.1" 200 2712
116.232.52.242 - - [21/Aug/2021:09:16:07 +0800] "GET /xingrg/images/blue/button/cgshd.gif HTTP/1.1" 200 2618
116.232.52.242 - - [21/Aug/2021:09:16:07 +0800] "GET /xingrg/images/blue/button/cgfkd.gif HTTP/1.1" 200 2075
116.232.52.242 - - [21/Aug/2021:09:16:07 +0800] "GET /xingrg/images/blue/button/kc.gif HTTP/1.1" 200 2160
116.232.52.242 - - [21/Aug/2021:09:16:07 +0800] "GET /xingrg/images/blue/button/ckthd.gif HTTP/1.1" 200 2045
116.232.52.242 - - [21/Aug/2021:09:16:07 +0800] "GET /xingrg/images/blue/pic_form2.gif HTTP/1.1" 200 1853
116.232.52.242 - - [21/Aug/2021:09:16:07 +0800] "GET /xingrg/images/blue/button/down_ah.jpg HTTP/1.1" 200 1732
116.232.52.242 - - [21/Aug/2021:09:16:07 +0800] "GET /xingrg/images/blue/button/right_ah.jpg HTTP/1.1" 200 1744
116.232.52.242 - - [21/Aug/2021:09:16:07 +0800] "GET /xingrg/images/blue/bg_dotted.jpg HTTP/1.1" 200 319
116.232.52.242 - - [21/Aug/2021:09:16:07 +0800] "GET /xingrg/javascript/jquery_ui/themes/humanity/images/ui-bg_inset-soft_100_f4f0ec_1x100.png HTTP/1.1" 200 141
114.83.216.119 - - [21/Aug/2021:09:16:08 +0800] "POST /xingrg/services/DataTransmitService HTTP/1.1" 200 501
116.232.52.242 - - [21/Aug/2021:09:16:08 +0800] "GET /xingrg/kc/mdqp/qp_main.html HTTP/1.1" 200 10633
116.232.52.242 - - [21/Aug/2021:09:16:08 +0800] "GET /xingrg/images/blue/button/qqpsd.gif HTTP/1.1" 200 2548
116.232.52.242 - - [21/Aug/2021:09:16:08 +0800] "GET /xingrg/images/blue/button/pszx.gif HTTP/1.1" 200 2648
116.232.52.242 - - [21/Aug/2021:09:16:08 +0800] "GET /xingrg/images/blue/button/psshd.gif HTTP/1.1" 200 2692
101.83.145.79 - - [21/Aug/2021:09:16:08 +0800] "GET /xingrg/all/function/internal_message.html?_=1629508523496&CODE_STATE=getMsg HTTP/1.1" 200 27
222.70.246.151 - - [21/Aug/2021:09:16:09 +0800] "GET /xingrg/kc/buy/cgsh_order_operate.html?command=get_materiel&rest_code=00146&code=00101008372&supplier_code=00100005&order_time=2021-08-21 HTTP/1.1" 200 408
116.232.52.242 - - [21/Aug/2021:09:16:09 +0800] "GET /xingrg/kc/buy/buy_main.html HTTP/1.1" 200 12412
116.232.52.242 - - [21/Aug/2021:09:16:09 +0800] "GET /xingrg/css/new_ie.css HTTP/1.1" 404 1036
116.232.52.242 - - [21/Aug/2021:09:16:11 +0800] "GET /xingrg/kc/buy/cgsh_order_list.html HTTP/1.1" 200 47534
116.232.52.242 - - [21/Aug/2021:09:16:11 +0800] "GET /xingrg/css/base.css HTTP/1.1" 200 2811
116.232.52.242 - - [21/Aug/2021:09:16:11 +0800] "GET /xingrg/css/site.css HTTP/1.1" 200 7541
116.232.52.242 - - [21/Aug/2021:09:16:11 +0800] "GET /xingrg/javascript/jquery_tools/datebox.css HTTP/1.1" 200 2597
116.232.52.242 - - [21/Aug/2021:09:16:11 +0800] "GET /xingrg/javascript/easyui/themes/icon.css HTTP/1.1" 200 4483
116.232.52.242 - - [21/Aug/2021:09:16:11 +0800] "GET /xingrg/javascript/auto/jquery.autocomplete.css HTTP/1.1" 200 587
116.232.52.242 - - [21/Aug/2021:09:16:11 +0800] "GET /xingrg/javascript/jquery_tools/fix.css HTTP/1.1" 200 1702
116.232.52.242 - - [21/Aug/2021:09:16:11 +0800] "GET /xingrg/javascript/jquery_tools/table.css HTTP/1.1" 200 1032
116.232.52.242 - - [21/Aug/2021:09:16:11 +0800] "GET /xingrg/javascript/jquery_tools/jquery.tools.min.js HTTP/1.1" 200 138801
116.232.52.242 - - [21/Aug/2021:09:16:11 +0800] "GET /xingrg/javascript/easyui/themes/default/easyui.css HTTP/1.1" 200 30432
116.232.52.242 - - [21/Aug/2021:09:16:11 +0800] "GET /xingrg/javascript/jquery_tools/jquery.tools.hotkey.js HTTP/1.1" 200 3242
116.232.52.242 - - [21/Aug/2021:09:16:11 +0800] "GET /xingrg/javascript/jquery_tools/jquery.tools.table.js HTTP/1.1" 200 6994
116.232.52.242 - - [21/Aug/2021:09:16:11 +0800] "GET /xingrg/javascript/jquery_tools/list_manager.js HTTP/1.1" 200 3652
116.232.52.242 - - [21/Aug/2021:09:16:11 +0800] "GET /xingrg/javascript/jquery_tools/jquery.tools.extend.js HTTP/1.1" 200 15385
116.232.52.242 - - [21/Aug/2021:09:16:11 +0800] "GET /xingrg/javascript/easyui/easyloader.js HTTP/1.1" 200 5975
116.232.52.242 - - [21/Aug/2021:09:16:11 +0800] "GET /xingrg/javascript/jquery.cookie.js HTTP/1.1" 200 5513
116.232.52.242 - - [21/Aug/2021:09:16:11 +0800] "GET /xingrg/javascript/print/LodopFuncs.js HTTP/1.1" 200 5121
116.232.52.242 - - [21/Aug/2021:09:16:11 +0800] "GET /xingrg/javascript/auto/jquery.autocomplete.js HTTP/1.1" 200 21624
116.232.52.242 - - [21/Aug/2021:09:16:11 +0800] "GET /xingrg/javascript/easyui/themes/icons/edit_add_new.png HTTP/1.1" 200 2997
116.232.52.242 - - [21/Aug/2021:09:16:11 +0800] "GET /xingrg/javascript/easyui/themes/icons/check_new.png HTTP/1.1" 200 3224
116.232.52.242 - - [21/Aug/2021:09:16:11 +0800] "GET /xingrg/javascript/easyui/themes/icons/cance_new.png HTTP/1.1" 200 3986
116.232.52.242 - - [21/Aug/2021:09:16:11 +0800] "GET /xingrg/javascript/easyui/themes/icons/field_new.png HTTP/1.1" 200 1097
116.232.52.242 - - [21/Aug/2021:09:16:11 +0800] "GET /xingrg/javascript/easyui/themes/icons/import_new.png HTTP/1.1" 200 1247
116.232.52.242 - - [21/Aug/2021:09:16:11 +0800] "GET /xingrg/javascript/easyui/plugins/jquery.parser.js HTTP/1.1" 200 1142
116.232.52.242 - - [21/Aug/2021:09:16:11 +0800] "GET /xingrg/images/control/ajaxLoader.gif HTTP/1.1" 200 4659
116.232.52.242 - - [21/Aug/2021:09:16:12 +0800] "POST /xingrg/kc/buy/cgsh_list_operate.html HTTP/1.1" 200 876
116.232.52.242 - - [21/Aug/2021:09:16:12 +0800] "GET /xingrg/javascript/easyui/themes/default/images/button_plain_hover.png HTTP/1.1" 200 144
116.232.52.242 - - [21/Aug/2021:09:16:13 +0800] "GET /xingrg/javascript/convert.js HTTP/1.1" 200 1239
116.232.52.242 - - [21/Aug/2021:09:16:13 +0800] "GET /xingrg/javascript/jquery_tools/order_manager.js HTTP/1.1" 200 11183
116.232.52.242 - - [21/Aug/2021:09:16:13 +0800] "GET /xingrg/javascript/print/kc_print.js HTTP/1.1" 200 11415
116.232.52.242 - - [21/Aug/2021:09:16:13 +0800] "GET /xingrg/javascript/json2.js HTTP/1.1" 200 11259
116.232.52.242 - - [21/Aug/2021:09:16:13 +0800] "GET /xingrg/kc/buy/cgsh_order_add.html HTTP/1.1" 200 63319
116.232.52.242 - - [21/Aug/2021:09:16:13 +0800] "GET /xingrg/words/20210820122841_words.js HTTP/1.1" 200 836151
116.232.52.242 - - [21/Aug/2021:09:16:13 +0800] "GET /xingrg/javascript/easyui/themes/icons/copy_new.png HTTP/1.1" 200 815
116.232.52.242 - - [21/Aug/2021:09:16:13 +0800] "GET /xingrg/javascript/easyui/themes/icons/ok.png HTTP/1.1" 200 883
116.232.52.242 - - [21/Aug/2021:09:16:13 +0800] "GET /xingrg/javascript/easyui/themes/icons/template_new.png HTTP/1.1" 200 3956
116.232.52.242 - - [21/Aug/2021:09:16:13 +0800] "GET /xingrg/javascript/easyui/themes/icons/print.png HTTP/1.1" 200 1057
116.232.52.242 - - [21/Aug/2021:09:16:13 +0800] "GET /xingrg/javascript/easyui/themes/default/images/menu_downarrow.png HTTP/1.1" 200 173
116.232.52.242 - - [21/Aug/2021:09:16:13 +0800] "GET /xingrg/javascript/easyui/themes/icons/cancel.png HTTP/1.1" 200 1133
116.232.52.242 - - [21/Aug/2021:09:16:13 +0800] "POST /xingrg/kc/buy/cgsh_order_operate.html HTTP/1.1" 200 8245
116.232.52.242 - - [21/Aug/2021:09:16:13 +0800] "GET /xingrg/all/common/auto_word.html?type=employee&rest_code=00109 HTTP/1.1" 200 255
116.232.52.242 - - [21/Aug/2021:09:16:13 +0800] "GET /xingrg/javascript/easyui/themes/default/validatebox.css HTTP/1.1" 404 1104
116.232.52.242 - - [21/Aug/2021:09:16:13 +0800] "GET /xingrg/javascript/easyui/plugins/jquery.validatebox.js HTTP/1.1" 200 6103
116.232.52.242 - - [21/Aug/2021:09:16:13 +0800] "GET /xingrg/javascript/easyui/themes/icons/edit_remove.png HTTP/1.1" 200 625
116.232.52.242 - - [21/Aug/2021:09:16:13 +0800] "GET /xingrg/all/common/auto_word.html?type=employee&rest_code=00109 HTTP/1.1" 200 255
116.232.52.242 - - [21/Aug/2021:09:16:13 +0800] "GET /xingrg/javascript/easyui/plugins/jquery.numberbox.js HTTP/1.1" 200 5213
120.253.135.82 - - [21/Aug/2021:09:16:20 +0800] "GET /xingrg/all/function/internal_message.html?_=1629508707525&CODE_STATE=getMsg HTTP/1.1" 200 27
222.70.246.151 - - [21/Aug/2021:09:16:22 +0800] "GET /xingrg/kc/buy/cgsh_order_operate.html?command=get_materiel&rest_code=00146&code=00101008024&supplier_code=00100005&order_time=2021-08-21 HTTP/1.1" 200 408
180.169.147.146 - - [21/Aug/2021:09:16:22 +0800] "GET /xingrg/all/function/internal_message.html?_=1629508584412&CODE_STATE=getMsg HTTP/1.1" 200 27
120.253.135.82 - - [21/Aug/2021:09:16:24 +0800] "GET /xingrg/check_reg.html?_=1629508361170 HTTP/1.1" 200 22
120.253.135.82 - - [21/Aug/2021:09:16:25 +0800] "GET /xingrg/all/function/internal_message.html?_=1629508361677&CODE_STATE=getMsg HTTP/1.1" 200 27
101.85.93.96 - - [21/Aug/2021:09:16:26 +0800] "GET /xingrg/all/function/internal_message.html?_=1629508540928&CODE_STATE=getMsg HTTP/1.1" 200 27
116.235.222.38 - - [21/Aug/2021:09:16:27 +0800] "GET /xingrg/all/function/internal_message.html?_=1629508579446&CODE_STATE=getMsg HTTP/1.1" 200 27
116.238.194.18 - - [21/Aug/2021:09:16:27 +0800] "POST /xingrg/kc/buy/cgsh_list_operate.html HTTP/1.1" 200 2464
116.232.52.242 - - [21/Aug/2021:09:16:29 +0800] "GET /xingrg/javascript/jquery_tools/images/prev.gif HTTP/1.1" 404 1086
116.232.52.242 - - [21/Aug/2021:09:16:29 +0800] "GET /xingrg/javascript/jquery_tools/images/next.gif HTTP/1.1" 404 1086
116.230.105.26 - - [21/Aug/2021:09:16:30 +0800] "GET /xingrg/all/function/internal_message.html?_=1629508567824&CODE_STATE=getMsg HTTP/1.1" 200 27
116.230.105.26 - - [21/Aug/2021:09:16:30 +0800] "GET /xingrg/check_reg.html?_=1629508567826 HTTP/1.1" 200 22
222.70.246.151 - - [21/Aug/2021:09:16:31 +0800] "GET /xingrg/all/function/internal_message.html?_=1629508609008&CODE_STATE=getMsg HTTP/1.1" 302 -
222.70.246.151 - - [21/Aug/2021:09:16:31 +0800] "POST /xingrg/kc/buy/cgsh_order_operate.html HTTP/1.1" 200 2065
116.238.194.18 - - [21/Aug/2021:09:16:33 +0800] "POST /xingrg/kc/buy/cgsh_list_operate.html HTTP/1.1" 200 560
116.238.194.18 - - [21/Aug/2021:09:16:34 +0800] "GET /xingrg/kc/buy/cgsh_order_info.html?code=212021082109373 HTTP/1.1" 200 62935
116.238.194.18 - - [21/Aug/2021:09:16:34 +0800] "GET /xingrg/javascript/easyui/themes/default/validatebox.css HTTP/1.1" 404 1104
116.238.194.18 - - [21/Aug/2021:09:16:35 +0800] "POST /xingrg/kc/buy/cgsh_order_operate.html HTTP/1.1" 200 20011
222.70.246.151 - - [21/Aug/2021:09:16:35 +0800] "GET /xingrg/all/function/internal_message.html?_=1629508608915&CODE_STATE=getMsg HTTP/1.1" 200 27
114.83.216.119 - - [21/Aug/2021:09:16:37 +0800] "POST /xingrg/services/DataTransmitService HTTP/1.1" 200 524
116.232.52.242 - - [21/Aug/2021:09:16:38 +0800] "GET /xingrg/kc/buy/cgsh_order_operate.html?command=get_materiel&rest_code=00109&code=00101006180&supplier_code=00100015&order_time=2021-08-21 HTTP/1.1" 200 423
116.238.194.18 - - [21/Aug/2021:09:16:42 +0800] "GET /xingrg/check_reg.html?_=1629508538710 HTTP/1.1" 200 22
116.238.194.18 - - [21/Aug/2021:09:16:42 +0800] "GET /xingrg/all/function/internal_message.html?_=1629508539032&CODE_STATE=getMsg HTTP/1.1" 200 27
101.83.145.79 - - [21/Aug/2021:09:16:43 +0800] "GET /xingrg/all/function/internal_message.html?_=1629508605049&CODE_STATE=getMsg HTTP/1.1" 200 27
172.20.0.100 - - [21/Aug/2021:09:16:43 +0800] "GET /xingrg/all/function/internal_message.html?_=1629508602106&CODE_STATE=getMsg HTTP/1.1" 200 27
172.20.0.100 - - [21/Aug/2021:09:16:49 +0800] "GET /xingrg/all/function/internal_message.html?_=1629508608524&CODE_STATE=getMsg HTTP/1.1" 200 27
116.232.52.242 - - [21/Aug/2021:09:16:50 +0800] "GET /xingrg/all/function/internal_message.html?_=1629508610649&CODE_STATE=getMsg HTTP/1.1" 200 27
116.232.52.242 - - [21/Aug/2021:09:16:50 +0800] "GET /xingrg/check_reg.html?_=1629508610650 HTTP/1.1" 200 22
116.238.194.18 - - [21/Aug/2021:09:16:51 +0800] "GET /xingrg/all/function/internal_message.html?_=1629508610642&CODE_STATE=getMsg HTTP/1.1" 200 27
116.232.52.242 - - [21/Aug/2021:09:16:51 +0800] "GET /xingrg/kc/buy/cgsh_order_operate.html?command=get_materiel&rest_code=00109&code=00101006039&supplier_code=00100015&order_time=2021-08-21 HTTP/1.1" 200 413
58.37.4.159 - - [21/Aug/2021:09:16:55 +0800] "GET /xingrg/all/function/internal_message.html?_=1629508620765&CODE_STATE=getMsg HTTP/1.1" 200 27
114.83.216.119 - - [21/Aug/2021:09:17:04 +0800] "GET /xingrg/all/function/internal_message.html?_=1629508623808&CODE_STATE=getMsg HTTP/1.1" 200 27
101.83.145.79 - - [21/Aug/2021:09:17:08 +0800] "GET /xingrg/check_reg.html?_=1629508583503 HTTP/1.1" 200 22
101.83.145.79 - - [21/Aug/2021:09:17:08 +0800] "GET /xingrg/all/function/internal_message.html?_=1629508583499&CODE_STATE=getMsg HTTP/1.1" 200 27
222.70.246.151 - - [21/Aug/2021:09:17:20 +0800] "POST /xingrg/kc/buy/cgsh_order_operate.html HTTP/1.1" 200 37
120.253.135.82 - - [21/Aug/2021:09:17:20 +0800] "GET /xingrg/all/function/internal_message.html?_=1629508767538&CODE_STATE=getMsg HTTP/1.1" 200 27
222.70.246.151 - - [21/Aug/2021:09:17:22 +0800] "POST /xingrg/kc/buy/cgsh_order_operate.html HTTP/1.1" 200 28068
180.169.147.146 - - [21/Aug/2021:09:17:22 +0800] "GET /xingrg/all/function/internal_message.html?_=1629508644416&CODE_STATE=getMsg HTTP/1.1" 200 27
120.253.135.82 - - [21/Aug/2021:09:17:25 +0800] "GET /xingrg/all/function/internal_message.html?_=1629508421692&CODE_STATE=getMsg HTTP/1.1" 200 27
101.85.93.96 - - [21/Aug/2021:09:17:26 +0800] "GET /xingrg/all/function/internal_message.html?_=1629508600928&CODE_STATE=getMsg HTTP/1.1" 200 27
116.235.222.38 - - [21/Aug/2021:09:17:27 +0800] "GET /xingrg/all/function/internal_message.html?_=1629508639446&CODE_STATE=getMsg HTTP/1.1" 200 27
116.230.105.26 - - [21/Aug/2021:09:17:30 +0800] "GET /xingrg/all/function/internal_message.html?_=1629508627820&CODE_STATE=getMsg HTTP/1.1" 200 27
222.70.246.151 - - [21/Aug/2021:09:17:31 +0800] "GET /xingrg/all/function/internal_message.html?_=1629508669014&CODE_STATE=getMsg HTTP/1.1" 302 -
116.238.194.18 - - [21/Aug/2021:09:17:31 +0800] "POST /xingrg/kc/buy/cgsh_order_operate.html HTTP/1.1" 200 37
116.238.194.18 - - [21/Aug/2021:09:17:34 +0800] "POST /xingrg/kc/buy/cgsh_order_operate.html HTTP/1.1" 200 12
116.238.194.18 - - [21/Aug/2021:09:17:35 +0800] "GET /xingrg/kc/buy/cgsh_order_info.html?code=212021082109373 HTTP/1.1" 200 57839
222.70.246.151 - - [21/Aug/2021:09:17:35 +0800] "GET /xingrg/all/function/internal_message.html?_=1629508668929&CODE_STATE=getMsg HTTP/1.1" 200 27
116.238.194.18 - - [21/Aug/2021:09:17:35 +0800] "GET /xingrg/javascript/easyui/themes/default/validatebox.css HTTP/1.1" 404 1104
222.70.246.151 - - [21/Aug/2021:09:17:35 +0800] "GET /xingrg/kc/buy/cgsh_order_operate.html?command=get_materiel&rest_code=00146&code=00101008296&supplier_code=00100005&order_time=2021-08-21 HTTP/1.1" 200 416
116.238.194.18 - - [21/Aug/2021:09:17:35 +0800] "POST /xingrg/kc/buy/cgsh_order_operate.html HTTP/1.1" 200 17955
116.238.194.18 - - [21/Aug/2021:09:17:37 +0800] "GET /xingrg/kc/print/load_data.html?order_code=212021082109373&kc_code=cgsh&condition= HTTP/1.1" 200 7446
116.238.194.18 - - [21/Aug/2021:09:17:42 +0800] "GET /xingrg/all/function/internal_message.html?_=1629508599045&CODE_STATE=getMsg HTTP/1.1" 200 27
101.83.145.79 - - [21/Aug/2021:09:17:43 +0800] "GET /xingrg/check_reg.html?_=1629508665048 HTTP/1.1" 200 22
101.83.145.79 - - [21/Aug/2021:09:17:43 +0800] "GET /xingrg/all/function/internal_message.html?_=1629508665049&CODE_STATE=getMsg HTTP/1.1" 200 27
172.20.0.100 - - [21/Aug/2021:09:17:43 +0800] "GET /xingrg/all/function/internal_message.html?_=1629508662107&CODE_STATE=getMsg HTTP/1.1" 200 27
116.238.194.18 - - [21/Aug/2021:09:17:47 +0800] "POST /xingrg/kc/buy/cgsh_list_operate.html HTTP/1.1" 200 2085
116.238.194.18 - - [21/Aug/2021:09:17:49 +0800] "POST /xingrg/kc/buy/cgsh_list_operate.html HTTP/1.1" 200 280
116.232.52.242 - - [21/Aug/2021:09:17:49 +0800] "GET /xingrg/kc/buy/cgsh_order_operate.html?command=get_materiel&rest_code=00109&code=00101006129&supplier_code=00100015&order_time=2021-08-21 HTTP/1.1" 200 431
222.70.246.151 - - [21/Aug/2021:09:17:49 +0800] "GET /xingrg/kc/buy/cgsh_order_operate.html?command=get_materiel&rest_code=00146&code=00101008371&supplier_code=00100005&order_time=2021-08-21 HTTP/1.1" 200 412
172.20.0.100 - - [21/Aug/2021:09:17:49 +0800] "GET /xingrg/all/function/internal_message.html?_=1629508668527&CODE_STATE=getMsg HTTP/1.1" 200 27
116.238.194.18 - - [21/Aug/2021:09:17:50 +0800] "GET /xingrg/kc/buy/cgsh_order_info.html?code=212021082109375 HTTP/1.1" 200 62935
116.238.194.18 - - [21/Aug/2021:09:17:50 +0800] "GET /xingrg/javascript/easyui/themes/default/validatebox.css HTTP/1.1" 404 1104
116.232.52.242 - - [21/Aug/2021:09:17:50 +0800] "GET /xingrg/all/function/internal_message.html?_=1629508670669&CODE_STATE=getMsg HTTP/1.1" 200 27
116.238.194.18 - - [21/Aug/2021:09:17:50 +0800] "POST /xingrg/kc/buy/cgsh_order_operate.html HTTP/1.1" 200 3272
116.238.194.18 - - [21/Aug/2021:09:17:51 +0800] "GET /xingrg/all/function/internal_message.html?_=1629508670645&CODE_STATE=getMsg HTTP/1.1" 200 27
116.238.194.18 - - [21/Aug/2021:09:17:54 +0800] "POST /xingrg/kc/buy/cgsh_order_operate.html HTTP/1.1" 200 37
58.37.4.159 - - [21/Aug/2021:09:17:55 +0800] "GET /xingrg/all/function/internal_message.html?_=1629508680804&CODE_STATE=getMsg HTTP/1.1" 200 27
58.37.4.159 - - [21/Aug/2021:09:17:55 +0800] "GET /xingrg/check_reg.html?_=1629508680807 HTTP/1.1" 200 22
222.70.246.151 - - [21/Aug/2021:09:17:57 +0800] "GET /xingrg/kc/buy/cgsh_order_operate.html?command=get_materiel&rest_code=00146&code=00101008213&supplier_code=00100005&order_time=2021-08-21 HTTP/1.1" 200 412
116.238.194.18 - - [21/Aug/2021:09:17:58 +0800] "POST /xingrg/kc/buy/cgsh_order_operate.html HTTP/1.1" 200 12
116.238.194.18 - - [21/Aug/2021:09:17:58 +0800] "GET /xingrg/kc/buy/cgsh_order_info.html?code=212021082109375 HTTP/1.1" 200 57839
116.238.194.18 - - [21/Aug/2021:09:17:59 +0800] "GET /xingrg/javascript/easyui/themes/default/validatebox.css HTTP/1.1" 404 1104
116.232.52.242 - - [21/Aug/2021:09:17:59 +0800] "GET /xingrg/kc/buy/cgsh_order_operate.html?command=get_materiel&rest_code=00109&code=00101006029&supplier_code=00100015&order_time=2021-08-21 HTTP/1.1" 200 409
116.238.194.18 - - [21/Aug/2021:09:17:59 +0800] "POST /xingrg/kc/buy/cgsh_order_operate.html HTTP/1.1" 200 1222
116.238.194.18 - - [21/Aug/2021:09:18:01 +0800] "GET /xingrg/kc/print/load_data.html?order_code=212021082109375&kc_code=cgsh&condition= HTTP/1.1" 200 1029
114.83.216.119 - - [21/Aug/2021:09:18:02 +0800] "GET /xingrg/kc/buy/cgsh_order_operate.html?command=get_materiel&rest_code=00149&code=00101008219&supplier_code=00100005&order_time=2021-08-20 HTTP/1.1" 200 412
222.70.246.151 - - [21/Aug/2021:09:18:03 +0800] "POST /xingrg/kc/buy/cgsh_order_operate.html HTTP/1.1" 200 2065
114.83.216.119 - - [21/Aug/2021:09:18:04 +0800] "GET /xingrg/all/function/internal_message.html?_=1629508683799&CODE_STATE=getMsg HTTP/1.1" 200 27
101.83.145.79 - - [21/Aug/2021:09:18:08 +0800] "GET /xingrg/all/function/internal_message.html?_=1629508643488&CODE_STATE=getMsg HTTP/1.1" 302 -
222.70.246.151 - - [21/Aug/2021:09:18:09 +0800] "GET /xingrg/kc/buy/cgsh_order_operate.html?command=get_materiel&rest_code=00146&code=00101008353&supplier_code=00100005&order_time=2021-08-21 HTTP/1.1" 200 408
116.238.194.18 - - [21/Aug/2021:09:18:13 +0800] "POST /xingrg/kc/buy/cgsh_list_operate.html HTTP/1.1" 200 1706
116.238.194.18 - - [21/Aug/2021:09:18:15 +0800] "POST /xingrg/kc/buy/cgsh_list_operate.html HTTP/1.1" 200 273
116.238.194.18 - - [21/Aug/2021:09:18:18 +0800] "GET /xingrg/kc/buy/cgsh_order_info.html?code=212021082109374 HTTP/1.1" 200 62935
116.238.194.18 - - [21/Aug/2021:09:18:18 +0800] "GET /xingrg/javascript/easyui/themes/default/validatebox.css HTTP/1.1" 404 1104
116.238.194.18 - - [21/Aug/2021:09:18:19 +0800] "POST /xingrg/kc/buy/cgsh_order_operate.html HTTP/1.1" 200 3262
