222.70.178.182 - - [21/Aug/2021:09:35:28 +0800] "GET /xingrg/kc/buy/cgsh_order_operate.html?command=get_materiel&rest_code=00111&code=00101007061&supplier_code=00100037&order_time=2021-08-21 HTTP/1.1" 200 409
116.232.52.242 - - [21/Aug/2021:09:35:30 +0800] "GET /xingrg/kc/buy/cgsh_order_operate.html?command=get_materiel&rest_code=00109&code=00101008353&supplier_code=00100005&order_time=2021-08-21 HTTP/1.1" 200 408
116.230.105.26 - - [21/Aug/2021:09:35:30 +0800] "GET /xingrg/all/function/internal_message.html?_=1629509707820&CODE_STATE=getMsg HTTP/1.1" 200 27
222.70.246.151 - - [21/Aug/2021:09:35:31 +0800] "GET /xingrg/all/function/internal_message.html?_=1629509749259&CODE_STATE=getMsg HTTP/1.1" 302 -
114.83.216.119 - - [21/Aug/2021:09:35:32 +0800] "GET /xingrg/kc/buy/cgsh_order_operate.html?command=get_materiel&rest_code=00149&code=00101008114&supplier_code=00100005&order_time=2021-08-20 HTTP/1.1" 200 412
116.232.52.242 - - [21/Aug/2021:09:35:33 +0800] "POST /xingrg/kc/buy/cgsh_order_operate.html HTTP/1.1" 200 2065
116.232.52.242 - - [21/Aug/2021:09:35:34 +0800] "POST /xingrg/kc/buy/cgsh_order_operate.html HTTP/1.1" 200 2065
222.70.178.182 - - [21/Aug/2021:09:35:36 +0800] "POST /xingrg/kc/buy/cgsh_order_operate.html HTTP/1.1" 200 2065
222.70.246.151 - - [21/Aug/2021:09:35:36 +0800] "GET /xingrg/all/function/internal_message.html?_=1629509750088&CODE_STATE=getMsg HTTP/1.1" 200 27
222.70.178.182 - - [21/Aug/2021:09:35:42 +0800] "POST /xingrg/kc/buy/cgsh_order_operate.html HTTP/1.1" 200 37
101.83.145.79 - - [21/Aug/2021:09:35:43 +0800] "GET /xingrg/all/function/internal_message.html?_=1629509745072&CODE_STATE=getMsg HTTP/1.1" 200 27
172.20.0.100 - - [21/Aug/2021:09:35:43 +0800] "GET /xingrg/all/function/internal_message.html?_=1629509742106&CODE_STATE=getMsg HTTP/1.1" 200 27
116.232.52.242 - - [21/Aug/2021:09:35:43 +0800] "GET /xingrg/kc/buy/cgsh_order_operate.html?command=get_materiel&rest_code=00109&code=00101008350&supplier_code=00100005&order_time=2021-08-21 HTTP/1.1" 200 408
114.83.216.119 - - [21/Aug/2021:09:35:44 +0800] "GET /xingrg/kc/buy/cgsh_order_operate.html?command=get_materiel&rest_code=00149&code=00101008101&supplier_code=00100005&order_time=2021-08-20 HTTP/1.1" 200 412
172.20.0.100 - - [21/Aug/2021:09:35:49 +0800] "GET /xingrg/all/function/internal_message.html?_=1629509748526&CODE_STATE=getMsg HTTP/1.1" 200 27
116.232.52.242 - - [21/Aug/2021:09:35:50 +0800] "GET /xingrg/all/function/internal_message.html?_=1629509750699&CODE_STATE=getMsg HTTP/1.1" 200 27
116.238.194.18 - - [21/Aug/2021:09:35:51 +0800] "GET /xingrg/all/function/internal_message.html?_=1629509750674&CODE_STATE=getMsg HTTP/1.1" 200 27
116.232.52.242 - - [21/Aug/2021:09:35:52 +0800] "GET /xingrg/kc/buy/cgsh_order_operate.html?command=get_materiel&rest_code=00109&code=00101008290&supplier_code=00100005&order_time=2021-08-21 HTTP/1.1" 200 416
114.83.216.119 - - [21/Aug/2021:09:35:57 +0800] "POST /xingrg/kc/buy/cgsh_order_operate.html HTTP/1.1" 200 2065
222.70.178.182 - - [21/Aug/2021:09:35:57 +0800] "POST /xingrg/kc/buy/cgsh_order_operate.html HTTP/1.1" 200 19211
124.79.246.142 - - [21/Aug/2021:09:35:59 +0800] "GET /xingrg/all/function/internal_message.html?_=1629509857596&CODE_STATE=getMsg HTTP/1.1" 200 27
116.232.52.242 - - [21/Aug/2021:09:35:59 +0800] "GET /xingrg/kc/buy/cgsh_order_operate.html?command=get_materiel&rest_code=00109&code=00101008356&supplier_code=00100005&order_time=2021-08-21 HTTP/1.1" 200 408
222.70.178.182 - - [21/Aug/2021:09:36:02 +0800] "GET /xingrg/all/function/internal_message.html?_=1629509758041&CODE_STATE=getMsg HTTP/1.1" 200 27
114.83.216.119 - - [21/Aug/2021:09:36:04 +0800] "GET /xingrg/all/function/internal_message.html?_=1629509763813&CODE_STATE=getMsg HTTP/1.1" 200 27
114.83.216.119 - - [21/Aug/2021:09:36:05 +0800] "GET /xingrg/check_reg.html?_=1629509764342 HTTP/1.1" 200 22
116.232.52.242 - - [21/Aug/2021:09:36:06 +0800] "GET /xingrg/kc/buy/cgsh_order_operate.html?command=get_materiel&rest_code=00109&code=00101008223&supplier_code=00100005&order_time=2021-08-21 HTTP/1.1" 200 412
116.232.52.242 - - [21/Aug/2021:09:36:11 +0800] "GET /xingrg/kc/buy/cgsh_order_operate.html?command=get_materiel&rest_code=00109&code=00101008286&supplier_code=00100005&order_time=2021-08-21 HTTP/1.1" 200 408
101.83.145.79 - - [21/Aug/2021:09:36:13 +0800] "GET /xingrg/all/function/internal_message.html?_=1629509727995&CODE_STATE=getMsg HTTP/1.1" 200 27
101.83.145.79 - - [21/Aug/2021:09:36:13 +0800] "GET /xingrg/check_reg.html?_=1629509728013 HTTP/1.1" 200 22
114.83.216.119 - - [21/Aug/2021:09:36:15 +0800] "GET /xingrg/kc/buy/cgsh_order_operate.html?command=get_materiel&rest_code=00149&code=00101008125&supplier_code=00100005&order_time=2021-08-20 HTTP/1.1" 200 413
180.174.198.13 - - [21/Aug/2021:09:36:16 +0800] "GET /xingrg/all/function/internal_message.html?_=1629509757135&CODE_STATE=getMsg HTTP/1.1" 200 27
116.232.52.242 - - [21/Aug/2021:09:36:17 +0800] "GET /xingrg/kc/buy/cgsh_order_operate.html?command=get_materiel&rest_code=00109&code=00101008131&supplier_code=00100005&order_time=2021-08-21 HTTP/1.1" 200 408
180.174.198.13 - - [21/Aug/2021:09:36:17 +0800] "GET /xingrg/javascript/jquery_easy_ui/themes/default/images/tabs_active.png HTTP/1.1" 200 2894
180.174.198.13 - - [21/Aug/2021:09:36:21 +0800] "GET /xingrg/kc/base/wldb_order_list.html HTTP/1.1" 200 19183
120.253.135.82 - - [21/Aug/2021:09:36:21 +0800] "GET /xingrg/all/function/internal_message.html?_=1629509907827&CODE_STATE=getMsg HTTP/1.1" 200 27
180.174.198.13 - - [21/Aug/2021:09:36:21 +0800] "POST /xingrg/kc/base/wldb_list_operate.html HTTP/1.1" 200 928
180.174.198.13 - - [21/Aug/2021:09:36:22 +0800] "GET /xingrg/kc/base/wldb_order_add.html HTTP/1.1" 200 30393
180.169.147.146 - - [21/Aug/2021:09:36:22 +0800] "GET /xingrg/all/function/internal_message.html?_=1629509784410&CODE_STATE=getMsg HTTP/1.1" 200 27
180.174.198.13 - - [21/Aug/2021:09:36:23 +0800] "POST /xingrg/kc/base/wldb_order_operate.html HTTP/1.1" 200 6806
180.174.198.13 - - [21/Aug/2021:09:36:23 +0800] "GET /xingrg/all/common/auto_word.html?type=base&rest_code=00102 HTTP/1.1" 200 1711
180.174.198.13 - - [21/Aug/2021:09:36:23 +0800] "GET /xingrg/all/common/auto_word.html?type=base&rest_code=00102 HTTP/1.1" 200 1711
180.174.198.13 - - [21/Aug/2021:09:36:23 +0800] "GET /xingrg/javascript/easyui/themes/default/validatebox.css HTTP/1.1" 404 1104
116.232.52.242 - - [21/Aug/2021:09:36:23 +0800] "GET /xingrg/kc/buy/cgsh_order_operate.html?command=get_materiel&rest_code=00109&code=00101008109&supplier_code=00100005&order_time=2021-08-21 HTTP/1.1" 200 413
180.174.198.13 - - [21/Aug/2021:09:36:24 +0800] "GET /xingrg/css/images/panel_loading.gif HTTP/1.1" 200 1737
180.174.198.13 - - [21/Aug/2021:09:36:24 +0800] "POST /xingrg/all/common/load_combo.html?type=base HTTP/1.1" 200 3060
120.253.135.82 - - [21/Aug/2021:09:36:24 +0800] "GET /xingrg/check_reg.html?_=1629509561250 HTTP/1.1" 200 22
101.85.93.96 - - [21/Aug/2021:09:36:26 +0800] "GET /xingrg/all/function/internal_message.html?_=1629509740962&CODE_STATE=getMsg HTTP/1.1" 200 27
116.235.222.38 - - [21/Aug/2021:09:36:27 +0800] "GET /xingrg/all/function/internal_message.html?_=1629509779482&CODE_STATE=getMsg HTTP/1.1" 200 27
120.253.135.82 - - [21/Aug/2021:09:36:28 +0800] "GET /xingrg/all/function/internal_message.html?_=1629509564711&CODE_STATE=getMsg HTTP/1.1" 200 27
116.232.52.242 - - [21/Aug/2021:09:36:29 +0800] "GET /xingrg/kc/buy/cgsh_order_operate.html?command=get_materiel&rest_code=00109&code=00101008155&supplier_code=00100005&order_time=2021-08-21 HTTP/1.1" 200 408
180.174.198.13 - - [21/Aug/2021:09:36:29 +0800] "GET /xingrg/kc/base/wldb_order_operate.html?command=get_materiel&rest_code=00102&base_code=0010476&code=00101013221 HTTP/1.1" 200 433
116.230.105.26 - - [21/Aug/2021:09:36:30 +0800] "GET /xingrg/check_reg.html?_=1629509767816 HTTP/1.1" 200 22
116.230.105.26 - - [21/Aug/2021:09:36:30 +0800] "GET /xingrg/all/function/internal_message.html?_=1629509767818&CODE_STATE=getMsg HTTP/1.1" 200 27
222.70.246.151 - - [21/Aug/2021:09:36:31 +0800] "GET /xingrg/all/function/internal_message.html?_=1629509809280&CODE_STATE=getMsg HTTP/1.1" 302 -
222.70.246.151 - - [21/Aug/2021:09:36:36 +0800] "GET /xingrg/all/function/internal_message.html?_=1629509810092&CODE_STATE=getMsg HTTP/1.1" 200 27
116.232.52.242 - - [21/Aug/2021:09:36:39 +0800] "GET /xingrg/kc/buy/cgsh_order_operate.html?command=get_materiel&rest_code=00109&code=00101008114&supplier_code=00100005&order_time=2021-08-21 HTTP/1.1" 200 412
101.83.145.79 - - [21/Aug/2021:09:36:43 +0800] "GET /xingrg/all/function/internal_message.html?_=1629509805061&CODE_STATE=getMsg HTTP/1.1" 200 27
172.20.0.100 - - [21/Aug/2021:09:36:43 +0800] "GET /xingrg/all/function/internal_message.html?_=1629509802108&CODE_STATE=getMsg HTTP/1.1" 200 27
114.83.216.119 - - [21/Aug/2021:09:36:44 +0800] "GET /xingrg/kc/buy/cgsh_order_operate.html?command=get_materiel&rest_code=00149&code=00101008314&supplier_code=00100005&order_time=2021-08-20 HTTP/1.1" 200 413
180.174.198.13 - - [21/Aug/2021:09:36:45 +0800] "GET /xingrg/kc/base/wldb_order_operate.html?command=get_materiel&rest_code=00102&base_code=0010476&code=00101013193 HTTP/1.1" 200 444
116.232.52.242 - - [21/Aug/2021:09:36:48 +0800] "GET /xingrg/kc/buy/cgsh_order_operate.html?command=get_materiel&rest_code=00109&code=00101015046&supplier_code=00100005&order_time=2021-08-21 HTTP/1.1" 200 412
172.20.0.100 - - [21/Aug/2021:09:36:49 +0800] "GET /xingrg/all/function/internal_message.html?_=1629509808530&CODE_STATE=getMsg HTTP/1.1" 200 27
116.232.52.242 - - [21/Aug/2021:09:36:50 +0800] "GET /xingrg/all/function/internal_message.html?_=1629509810699&CODE_STATE=getMsg HTTP/1.1" 200 27
116.232.52.242 - - [21/Aug/2021:09:36:50 +0800] "GET /xingrg/check_reg.html?_=1629509810700 HTTP/1.1" 200 22
116.238.194.18 - - [21/Aug/2021:09:36:51 +0800] "GET /xingrg/all/function/internal_message.html?_=1629509810674&CODE_STATE=getMsg HTTP/1.1" 200 27
116.232.52.242 - - [21/Aug/2021:09:36:57 +0800] "GET /xingrg/kc/buy/cgsh_order_operate.html?command=get_materiel&rest_code=00109&code=00101015052&supplier_code=00100005&order_time=2021-08-21 HTTP/1.1" 200 413
114.83.216.119 - - [21/Aug/2021:09:36:58 +0800] "GET /xingrg/kc/buy/cgsh_order_operate.html?command=get_materiel&rest_code=00149&code=00101008306&supplier_code=00100005&order_time=2021-08-20 HTTP/1.1" 200 412
124.79.246.142 - - [21/Aug/2021:09:36:59 +0800] "GET /xingrg/all/function/internal_message.html?_=1629509917595&CODE_STATE=getMsg HTTP/1.1" 200 27
114.88.154.248 - - [21/Aug/2021:09:37:02 +0800] "GET /xingrg/check_reg.html?_=1629509711476 HTTP/1.1" 302 -
222.70.178.182 - - [21/Aug/2021:09:37:02 +0800] "GET /xingrg/all/function/internal_message.html?_=1629509818016&CODE_STATE=getMsg HTTP/1.1" 200 27
114.83.216.119 - - [21/Aug/2021:09:37:04 +0800] "GET /xingrg/all/function/internal_message.html?_=1629509823788&CODE_STATE=getMsg HTTP/1.1" 200 27
116.232.52.242 - - [21/Aug/2021:09:37:05 +0800] "GET /xingrg/kc/buy/cgsh_order_operate.html?command=get_materiel&rest_code=00109&code=00101015038&supplier_code=00100005&order_time=2021-08-21 HTTP/1.1" 200 418
114.83.216.119 - - [21/Aug/2021:09:37:09 +0800] "GET /xingrg/kc/buy/cgsh_order_operate.html?command=get_materiel&rest_code=00149&code=00101008010&supplier_code=00100005&order_time=2021-08-20 HTTP/1.1" 200 412
114.83.216.119 - - [21/Aug/2021:09:37:12 +0800] "POST /xingrg/kc/buy/cgsh_order_operate.html HTTP/1.1" 200 2065
101.83.145.79 - - [21/Aug/2021:09:37:13 +0800] "GET /xingrg/all/function/internal_message.html?_=1629509787998&CODE_STATE=getMsg HTTP/1.1" 200 27
180.174.198.13 - - [21/Aug/2021:09:37:15 +0800] "GET /xingrg/kc/buy/cgsh_order_list.html HTTP/1.1" 200 47534
180.174.198.13 - - [21/Aug/2021:09:37:16 +0800] "POST /xingrg/kc/buy/cgsh_list_operate.html HTTP/1.1" 200 876
180.174.198.13 - - [21/Aug/2021:09:37:16 +0800] "GET /xingrg/all/function/internal_message.html?_=1629509817163&CODE_STATE=getMsg HTTP/1.1" 200 27
180.174.198.13 - - [21/Aug/2021:09:37:16 +0800] "GET /xingrg/kc/buy/cgsh_order_add.html HTTP/1.1" 200 63231
180.174.198.13 - - [21/Aug/2021:09:37:17 +0800] "POST /xingrg/kc/buy/cgsh_order_operate.html HTTP/1.1" 200 8245
180.174.198.13 - - [21/Aug/2021:09:37:17 +0800] "GET /xingrg/javascript/easyui/themes/default/validatebox.css HTTP/1.1" 404 1104
114.83.216.119 - - [21/Aug/2021:09:37:19 +0800] "GET /xingrg/kc/buy/cgsh_order_operate.html?command=get_materiel&rest_code=00149&code=00101008330&supplier_code=00100005&order_time=2021-08-20 HTTP/1.1" 200 408
120.253.135.82 - - [21/Aug/2021:09:37:21 +0800] "GET /xingrg/all/function/internal_message.html?_=1629509967842&CODE_STATE=getMsg HTTP/1.1" 200 27
180.169.147.146 - - [21/Aug/2021:09:37:22 +0800] "GET /xingrg/all/function/internal_message.html?_=1629509844415&CODE_STATE=getMsg HTTP/1.1" 200 27
116.232.52.242 - - [21/Aug/2021:09:37:24 +0800] "GET /xingrg/kc/buy/cgsh_order_operate.html?command=get_materiel&rest_code=00109&code=00101008123&supplier_code=00100005&order_time=2021-08-21 HTTP/1.1" 200 412
101.85.93.96 - - [21/Aug/2021:09:37:26 +0800] "GET /xingrg/all/function/internal_message.html?_=1629509800961&CODE_STATE=getMsg HTTP/1.1" 200 27
116.235.222.38 - - [21/Aug/2021:09:37:27 +0800] "GET /xingrg/all/function/internal_message.html?_=1629509839481&CODE_STATE=getMsg HTTP/1.1" 200 27
120.253.135.82 - - [21/Aug/2021:09:37:28 +0800] "GET /xingrg/all/function/internal_message.html?_=1629509624725&CODE_STATE=getMsg HTTP/1.1" 200 27
116.230.105.26 - - [21/Aug/2021:09:37:30 +0800] "GET /xingrg/all/function/internal_message.html?_=1629509827824&CODE_STATE=getMsg HTTP/1.1" 200 27
222.70.246.151 - - [21/Aug/2021:09:37:31 +0800] "GET /xingrg/all/function/internal_message.html?_=1629509869286&CODE_STATE=getMsg HTTP/1.1" 302 -
116.232.52.242 - - [21/Aug/2021:09:37:32 +0800] "GET /xingrg/kc/buy/cgsh_order_operate.html?command=get_materiel&rest_code=00109&code=00101008010&supplier_code=00100005&order_time=2021-08-21 HTTP/1.1" 200 412
222.70.246.151 - - [21/Aug/2021:09:37:36 +0800] "GET /xingrg/all/function/internal_message.html?_=1629509870384&CODE_STATE=getMsg HTTP/1.1" 200 27
116.232.52.242 - - [21/Aug/2021:09:37:38 +0800] "POST /xingrg/kc/buy/cgsh_order_operate.html HTTP/1.1" 200 2065
116.232.52.242 - - [21/Aug/2021:09:37:38 +0800] "POST /xingrg/kc/buy/cgsh_order_operate.html HTTP/1.1" 200 2065
101.83.145.79 - - [21/Aug/2021:09:37:43 +0800] "GET /xingrg/check_reg.html?_=1629509865077 HTTP/1.1" 200 22
101.83.145.79 - - [21/Aug/2021:09:37:43 +0800] "GET /xingrg/all/function/internal_message.html?_=1629509865075&CODE_STATE=getMsg HTTP/1.1" 200 27
172.20.0.100 - - [21/Aug/2021:09:37:43 +0800] "GET /xingrg/all/function/internal_message.html?_=1629509862110&CODE_STATE=getMsg HTTP/1.1" 200 27
180.174.198.13 - - [21/Aug/2021:09:37:44 +0800] "GET /xingrg/javascript/easyui/plugins/jquery.draggable.js HTTP/1.1" 200 6121
180.174.198.13 - - [21/Aug/2021:09:37:44 +0800] "GET /xingrg/javascript/easyui/plugins/jquery.droppable.js HTTP/1.1" 200 1167
180.174.198.13 - - [21/Aug/2021:09:37:44 +0800] "GET /xingrg/javascript/easyui/themes/default/tree.css HTTP/1.1" 404 1090
180.174.198.13 - - [21/Aug/2021:09:37:44 +0800] "GET /xingrg/javascript/easyui/plugins/jquery.tree.js HTTP/1.1" 200 20874
180.174.198.13 - - [21/Aug/2021:09:37:44 +0800] "POST /xingrg/all/common/load_tree.html?tree=supplier_tree_json&isDelete=1 HTTP/1.1" 200 57451
116.232.52.242 - - [21/Aug/2021:09:37:45 +0800] "GET /xingrg/kc/buy/cgsh_order_operate.html?command=get_materiel&rest_code=00109&code=00101008323&supplier_code=00100005&order_time=2021-08-21 HTTP/1.1" 200 408
180.174.198.13 - - [21/Aug/2021:09:37:46 +0800] "GET /xingrg/javascript/easyui/themes/default/images/tree_arrows.gif HTTP/1.1" 200 617
180.174.198.13 - - [21/Aug/2021:09:37:47 +0800] "GET /xingrg/javascript/easyui/themes/default/images/tree_folder_open.gif HTTP/1.1" 200 956
180.174.198.13 - - [21/Aug/2021:09:37:47 +0800] "GET /xingrg/javascript/easyui/themes/default/images/tree_folder.gif HTTP/1.1" 200 952
180.174.198.13 - - [21/Aug/2021:09:37:47 +0800] "GET /xingrg/javascript/easyui/themes/default/images/tree_file.gif HTTP/1.1" 200 118
172.20.0.100 - - [21/Aug/2021:09:37:49 +0800] "GET /xingrg/all/function/internal_message.html?_=1629509868519&CODE_STATE=getMsg HTTP/1.1" 200 27
116.232.52.242 - - [21/Aug/2021:09:37:50 +0800] "GET /xingrg/all/function/internal_message.html?_=1629509870701&CODE_STATE=getMsg HTTP/1.1" 200 27
116.238.194.18 - - [21/Aug/2021:09:37:51 +0800] "GET /xingrg/all/function/internal_message.html?_=1629509870672&CODE_STATE=getMsg HTTP/1.1" 200 27
116.232.52.242 - - [21/Aug/2021:09:37:53 +0800] "GET /xingrg/kc/buy/cgsh_order_operate.html?command=get_materiel&rest_code=00109&code=00101008350&supplier_code=00100005&order_time=2021-08-21 HTTP/1.1" 200 408
114.83.216.119 - - [21/Aug/2021:09:37:55 +0800] "POST /xingrg/kc/buy/cgsh_order_operate.html HTTP/1.1" 200 37
114.83.216.119 - - [21/Aug/2021:09:37:56 +0800] "POST /xingrg/kc/buy/cgsh_order_operate.html HTTP/1.1" 200 41093
124.79.246.142 - - [21/Aug/2021:09:37:59 +0800] "GET /xingrg/check_reg.html?_=1629509977592 HTTP/1.1" 200 22
124.79.246.142 - - [21/Aug/2021:09:37:59 +0800] "GET /xingrg/all/function/internal_message.html?_=1629509977593&CODE_STATE=getMsg HTTP/1.1" 200 27
116.232.52.242 - - [21/Aug/2021:09:38:01 +0800] "GET /xingrg/kc/buy/cgsh_order_operate.html?command=get_materiel&rest_code=00109&code=00101008036&supplier_code=00100005&order_time=2021-08-21 HTTP/1.1" 200 408
222.70.178.182 - - [21/Aug/2021:09:38:02 +0800] "GET /xingrg/all/function/internal_message.html?_=1629509877986&CODE_STATE=getMsg HTTP/1.1" 200 27
114.83.216.119 - - [21/Aug/2021:09:38:04 +0800] "GET /xingrg/all/function/internal_message.html?_=1629509883766&CODE_STATE=getMsg HTTP/1.1" 200 27
116.232.52.242 - - [21/Aug/2021:09:38:08 +0800] "GET /xingrg/kc/buy/cgsh_order_operate.html?command=get_materiel&rest_code=00109&code=00101008350&supplier_code=00100005&order_time=2021-08-21 HTTP/1.1" 200 408
180.174.198.13 - - [21/Aug/2021:09:38:11 +0800] "GET /xingrg/kc/buy/cgsh_order_operate.html?command=get_materiel&rest_code=00102&code=00101015042&supplier_code=00100054&order_time=2021-08-21 HTTP/1.1" 200 408
101.83.145.79 - - [21/Aug/2021:09:38:13 +0800] "GET /xingrg/all/function/internal_message.html?_=1629509847998&CODE_STATE=getMsg HTTP/1.1" 200 27
180.174.198.13 - - [21/Aug/2021:09:38:16 +0800] "GET /xingrg/all/function/internal_message.html?_=1629509877250&CODE_STATE=getMsg HTTP/1.1" 200 27
120.253.135.82 - - [21/Aug/2021:09:38:21 +0800] "GET /xingrg/all/function/internal_message.html?_=1629510027862&CODE_STATE=getMsg HTTP/1.1" 200 27
180.174.198.13 - - [21/Aug/2021:09:38:21 +0800] "POST /xingrg/kc/buy/cgsh_order_operate.html HTTP/1.1" 200 37
116.232.52.242 - - [21/Aug/2021:09:38:21 +0800] "GET /xingrg/kc/buy/cgsh_order_operate.html?command=get_materiel&rest_code=00109&code=00101008357&supplier_code=00100005&order_time=2021-08-21 HTTP/1.1" 200 408
180.169.147.146 - - [21/Aug/2021:09:38:22 +0800] "GET /xingrg/check_reg.html?_=1629509904421 HTTP/1.1" 200 22
180.169.147.146 - - [21/Aug/2021:09:38:22 +0800] "GET /xingrg/all/function/internal_message.html?_=1629509904424&CODE_STATE=getMsg HTTP/1.1" 200 27
116.230.105.26 - - [21/Aug/2021:09:38:24 +0800] "POST /xingrg/kc/buy/cgsh_order_operate.html HTTP/1.1" 200 37
116.230.105.26 - - [21/Aug/2021:09:38:26 +0800] "POST /xingrg/kc/buy/cgsh_order_operate.html HTTP/1.1" 200 28112
101.85.93.96 - - [21/Aug/2021:09:38:26 +0800] "GET /xingrg/all/function/internal_message.html?_=1629509860965&CODE_STATE=getMsg HTTP/1.1" 200 27
101.85.93.96 - - [21/Aug/2021:09:38:26 +0800] "GET /xingrg/check_reg.html?_=1629509860963 HTTP/1.1" 200 22
116.235.222.38 - - [21/Aug/2021:09:38:27 +0800] "GET /xingrg/all/function/internal_message.html?_=1629509899489&CODE_STATE=getMsg HTTP/1.1" 200 27
116.230.105.26 - - [21/Aug/2021:09:38:28 +0800] "GET /xingrg/kc/print/load_config.html?kc_code=cgsh HTTP/1.1" 200 2076
120.253.135.82 - - [21/Aug/2021:09:38:28 +0800] "GET /xingrg/all/function/internal_message.html?_=1629509684784&CODE_STATE=getMsg HTTP/1.1" 200 27
116.230.105.26 - - [21/Aug/2021:09:38:28 +0800] "GET /xingrg/kc/print/load_data.html?order_code=212021082109414&kc_code=cgsh&condition= HTTP/1.1" 200 10369
116.232.52.242 - - [21/Aug/2021:09:38:29 +0800] "GET /xingrg/kc/buy/cgsh_order_operate.html?command=get_materiel&rest_code=00109&code=00101008286&supplier_code=00100005&order_time=2021-08-21 HTTP/1.1" 200 408
116.230.105.26 - - [21/Aug/2021:09:38:31 +0800] "GET /xingrg/all/function/internal_message.html?_=1629509887843&CODE_STATE=getMsg HTTP/1.1" 200 27
222.70.246.151 - - [21/Aug/2021:09:38:31 +0800] "GET /xingrg/all/function/internal_message.html?_=1629509929308&CODE_STATE=getMsg HTTP/1.1" 302 -
180.174.198.13 - - [21/Aug/2021:09:38:32 +0800] "POST /xingrg/kc/buy/cgsh_order_operate.html HTTP/1.1" 200 12
222.70.246.151 - - [21/Aug/2021:09:38:32 +0800] "GET /xingrg/check_reg.html?_=1629509926568 HTTP/1.1" 200 22
180.174.198.13 - - [21/Aug/2021:09:38:33 +0800] "GET /xingrg/kc/buy/cgsh_order_info.html?code=212021082109418 HTTP/1.1" 200 58136
180.174.198.13 - - [21/Aug/2021:09:38:34 +0800] "GET /xingrg/javascript/easyui/themes/default/validatebox.css HTTP/1.1" 404 1104
180.174.198.13 - - [21/Aug/2021:09:38:34 +0800] "POST /xingrg/kc/buy/cgsh_order_operate.html HTTP/1.1" 200 605
222.70.246.151 - - [21/Aug/2021:09:38:36 +0800] "GET /xingrg/all/function/internal_message.html?_=1629509930400&CODE_STATE=getMsg HTTP/1.1" 200 27
180.174.198.13 - - [21/Aug/2021:09:38:36 +0800] "GET /xingrg/kc/print/load_data.html?order_code=212021082109418&kc_code=cgsh&condition= HTTP/1.1" 200 678
116.232.52.242 - - [21/Aug/2021:09:38:37 +0800] "GET /xingrg/kc/buy/cgsh_order_operate.html?command=get_materiel&rest_code=00109&code=00101008233&supplier_code=00100005&order_time=2021-08-21 HTTP/1.1" 200 408
101.83.145.79 - - [21/Aug/2021:09:38:43 +0800] "GET /xingrg/all/function/internal_message.html?_=1629509925075&CODE_STATE=getMsg HTTP/1.1" 200 27
172.20.0.100 - - [21/Aug/2021:09:38:43 +0800] "GET /xingrg/all/function/internal_message.html?_=1629509922097&CODE_STATE=getMsg HTTP/1.1" 200 27
116.232.52.242 - - [21/Aug/2021:09:38:46 +0800] "GET /xingrg/kc/buy/cgsh_order_operate.html?command=get_materiel&rest_code=00109&code=00101008279&supplier_code=00100005&order_time=2021-08-21 HTTP/1.1" 200 412
172.20.0.100 - - [21/Aug/2021:09:38:49 +0800] "GET /xingrg/check_reg.html?_=1629509928521 HTTP/1.1" 200 22
172.20.0.100 - - [21/Aug/2021:09:38:49 +0800] "GET /xingrg/all/function/internal_message.html?_=1629509928522&CODE_STATE=getMsg HTTP/1.1" 200 27
116.232.52.242 - - [21/Aug/2021:09:38:50 +0800] "GET /xingrg/all/function/internal_message.html?_=1629509930708&CODE_STATE=getMsg HTTP/1.1" 200 27
116.238.194.18 - - [21/Aug/2021:09:38:51 +0800] "GET /xingrg/all/function/internal_message.html?_=1629509930671&CODE_STATE=getMsg HTTP/1.1" 200 27
116.238.194.18 - - [21/Aug/2021:09:38:51 +0800] "GET /xingrg/check_reg.html?_=1629509930674 HTTP/1.1" 200 22
124.79.246.142 - - [21/Aug/2021:09:38:59 +0800] "GET /xingrg/all/function/internal_message.html?_=1629510037592&CODE_STATE=getMsg HTTP/1.1" 200 27
222.70.178.182 - - [21/Aug/2021:09:39:00 +0800] "GET /xingrg/check_reg.html?_=1629509936187 HTTP/1.1" 200 22
222.70.178.182 - - [21/Aug/2021:09:39:02 +0800] "GET /xingrg/all/function/internal_message.html?_=1629509937958&CODE_STATE=getMsg HTTP/1.1" 200 27
114.83.216.119 - - [21/Aug/2021:09:39:04 +0800] "GET /xingrg/all/function/internal_message.html?_=1629509943752&CODE_STATE=getMsg HTTP/1.1" 200 27
116.232.52.242 - - [21/Aug/2021:09:39:07 +0800] "GET /xingrg/kc/buy/cgsh_order_operate.html?command=get_materiel&rest_code=00109&code=00101008041&supplier_code=00100005&order_time=2021-08-21 HTTP/1.1" 200 408
101.83.145.79 - - [21/Aug/2021:09:39:13 +0800] "GET /xingrg/all/function/internal_message.html?_=1629509907998&CODE_STATE=getMsg HTTP/1.1" 200 27
180.174.198.13 - - [21/Aug/2021:09:39:14 +0800] "GET /xingrg/check_reg.html?_=1629509935604 HTTP/1.1" 200 22
180.174.198.13 - - [21/Aug/2021:09:39:16 +0800] "GET /xingrg/all/function/internal_message.html?_=1629509937252&CODE_STATE=getMsg HTTP/1.1" 200 27
116.232.52.242 - - [21/Aug/2021:09:39:20 +0800] "POST /xingrg/kc/buy/cgsh_order_operate.html HTTP/1.1" 200 37
120.253.135.82 - - [21/Aug/2021:09:39:21 +0800] "GET /xingrg/all/function/internal_message.html?_=1629510087868&CODE_STATE=getMsg HTTP/1.1" 200 27
116.232.52.242 - - [21/Aug/2021:09:39:22 +0800] "POST /xingrg/kc/buy/cgsh_order_operate.html HTTP/1.1" 200 42270
180.169.147.146 - - [21/Aug/2021:09:39:22 +0800] "GET /xingrg/all/function/internal_message.html?_=1629509964411&CODE_STATE=getMsg HTTP/1.1" 200 27
116.232.52.242 - - [21/Aug/2021:09:39:24 +0800] "GET /xingrg/kc/print/load_config.html?kc_code=cgsh HTTP/1.1" 200 2076
116.232.52.242 - - [21/Aug/2021:09:39:24 +0800] "GET /xingrg/kc/print/load_data.html?order_code=212021082109419&kc_code=cgsh&condition= HTTP/1.1" 200 15668
101.85.93.96 - - [21/Aug/2021:09:39:26 +0800] "GET /xingrg/all/function/internal_message.html?_=1629509920964&CODE_STATE=getMsg HTTP/1.1" 200 27
116.235.222.38 - - [21/Aug/2021:09:39:27 +0800] "GET /xingrg/check_reg.html?_=1629509959483 HTTP/1.1" 200 22
116.235.222.38 - - [21/Aug/2021:09:39:27 +0800] "GET /xingrg/all/function/internal_message.html?_=1629509959486&CODE_STATE=getMsg HTTP/1.1" 200 27
120.253.135.82 - - [21/Aug/2021:09:39:28 +0800] "GET /xingrg/all/function/internal_message.html?_=1629509744799&CODE_STATE=getMsg HTTP/1.1" 200 27
116.230.105.26 - - [21/Aug/2021:09:39:31 +0800] "GET /xingrg/all/function/internal_message.html?_=1629509947834&CODE_STATE=getMsg HTTP/1.1" 200 27
222.70.246.151 - - [21/Aug/2021:09:39:31 +0800] "GET /xingrg/all/function/internal_message.html?_=1629509989313&CODE_STATE=getMsg HTTP/1.1" 302 -
222.70.246.151 - - [21/Aug/2021:09:39:36 +0800] "GET /xingrg/all/function/internal_message.html?_=1629509990413&CODE_STATE=getMsg HTTP/1.1" 200 27
180.174.198.13 - - [21/Aug/2021:09:39:37 +0800] "GET /xingrg/kc/buy/cgsh_order_add.html HTTP/1.1" 200 63231
180.174.198.13 - - [21/Aug/2021:09:39:38 +0800] "POST /xingrg/kc/buy/cgsh_order_operate.html HTTP/1.1" 200 8245
180.174.198.13 - - [21/Aug/2021:09:39:39 +0800] "GET /xingrg/javascript/easyui/themes/default/validatebox.css HTTP/1.1" 404 1104
114.88.154.248 - - [21/Aug/2021:09:39:40 +0800] "GET /xingrg/kc/buy/buy_main.html HTTP/1.1" 302 -
114.88.154.248 - - [21/Aug/2021:09:39:40 +0800] "GET /xingrg/login.html HTTP/1.1" 200 7641
114.88.154.248 - - [21/Aug/2021:09:39:40 +0800] "GET /xingrg/login.html HTTP/1.1" 200 7641
114.88.154.248 - - [21/Aug/2021:09:39:40 +0800] "GET /favicon.ico HTTP/1.1" 404 -
180.174.198.13 - - [21/Aug/2021:09:39:41 +0800] "GET /xingrg/javascript/easyui/themes/default/tree.css HTTP/1.1" 404 1090
180.174.198.13 - - [21/Aug/2021:09:39:41 +0800] "POST /xingrg/all/common/load_tree.html?tree=supplier_tree_json&isDelete=1 HTTP/1.1" 200 57451
114.88.154.248 - - [21/Aug/2021:09:39:41 +0800] "POST /xingrg/login.do HTTP/1.1" 302 -
114.88.154.248 - - [21/Aug/2021:09:39:41 +0800] "GET /xingrg/index.html?sysBaseUrl=http%3A%2F%2F180.169.147.146%3A18081%2Fxingrg%2F&costTime=45×tamp=1629509981695 HTTP/1.1" 200 17179
114.88.154.248 - - [21/Aug/2021:09:39:41 +0800] "POST /xingrg/all/common/load_tree.html?tree=area_rest_tree_json&manage=1 HTTP/1.1" 200 351
114.88.154.248 - - [21/Aug/2021:09:39:41 +0800] "GET /xingrg/all/function/internal_message.html?_=1629509871329&CODE_STATE=count HTTP/1.1" 200 11
114.88.154.248 - - [21/Aug/2021:09:39:41 +0800] "GET /xingrg/check_reg.html?_=1629509871331 HTTP/1.1" 200 22
114.88.154.248 - - [21/Aug/2021:09:39:41 +0800] "GET /favicon.ico HTTP/1.1" 404 -
114.88.154.248 - - [21/Aug/2021:09:39:41 +0800] "POST /xingrg/load_menu.html HTTP/1.1" 200 5138
101.83.145.79 - - [21/Aug/2021:09:39:43 +0800] "GET /xingrg/all/function/internal_message.html?_=1629509985073&CODE_STATE=getMsg HTTP/1.1" 200 27
172.20.0.100 - - [21/Aug/2021:09:39:43 +0800] "GET /xingrg/all/function/internal_message.html?_=1629509982100&CODE_STATE=getMsg HTTP/1.1" 200 27
172.20.0.100 - - [21/Aug/2021:09:39:43 +0800] "GET /xingrg/check_reg.html?_=1629509982101 HTTP/1.1" 200 22
114.88.154.248 - - [21/Aug/2021:09:39:43 +0800] "GET /xingrg/kc/buy/buy_main.html HTTP/1.1" 200 12412
114.88.154.248 - - [21/Aug/2021:09:39:43 +0800] "GET /xingrg/css/new_ie.css HTTP/1.1" 404 1036
114.88.154.248 - - [21/Aug/2021:09:39:45 +0800] "GET /xingrg/images/yd/bt.gif HTTP/1.1" 404 1040
114.88.154.248 - - [21/Aug/2021:09:39:45 +0800] "GET /xingrg/kc/buy/cgsh_order_list.html HTTP/1.1" 200 47540
114.88.154.248 - - [21/Aug/2021:09:39:46 +0800] "POST /xingrg/kc/buy/cgsh_list_operate.html HTTP/1.1" 200 876
114.88.154.248 - - [21/Aug/2021:09:39:47 +0800] "GET /xingrg/kc/buy/cgsh_order_add.html HTTP/1.1" 200 63278
114.88.154.248 - - [21/Aug/2021:09:39:47 +0800] "GET /xingrg/words/20210820122841_words.js HTTP/1.1" 304 -
114.88.154.248 - - [21/Aug/2021:09:39:47 +0800] "POST /xingrg/kc/buy/cgsh_order_operate.html HTTP/1.1" 200 8245
114.88.154.248 - - [21/Aug/2021:09:39:47 +0800] "GET /xingrg/all/common/auto_word.html?type=employee&rest_code=00141 HTTP/1.1" 200 201
114.88.154.248 - - [21/Aug/2021:09:39:47 +0800] "GET /xingrg/all/common/auto_word.html?type=employee&rest_code=00141 HTTP/1.1" 200 201
114.88.154.248 - - [21/Aug/2021:09:39:47 +0800] "GET /xingrg/javascript/easyui/themes/default/validatebox.css HTTP/1.1" 404 1104
172.20.0.100 - - [21/Aug/2021:09:39:49 +0800] "GET /xingrg/all/function/internal_message.html?_=1629509988524&CODE_STATE=getMsg HTTP/1.1" 200 27
116.232.52.242 - - [21/Aug/2021:09:39:50 +0800] "GET /xingrg/all/function/internal_message.html?_=1629509990706&CODE_STATE=getMsg HTTP/1.1" 200 27
116.238.194.18 - - [21/Aug/2021:09:39:51 +0800] "GET /xingrg/all/function/internal_message.html?_=1629509990687&CODE_STATE=getMsg HTTP/1.1" 200 27
222.70.246.151 - - [21/Aug/2021:09:39:58 +0800] "GET /xingrg/check_reg.html?_=1629510000704 HTTP/1.1" 200 22
124.79.246.142 - - [21/Aug/2021:09:39:59 +0800] "GET /xingrg/all/function/internal_message.html?_=1629510097597&CODE_STATE=getMsg HTTP/1.1" 200 27
222.70.178.182 - - [21/Aug/2021:09:40:02 +0800] "GET /xingrg/all/function/internal_message.html?_=1629509997930&CODE_STATE=getMsg HTTP/1.1" 200 27
114.83.216.119 - - [21/Aug/2021:09:40:04 +0800] "GET /xingrg/all/function/internal_message.html?_=1629510003905&CODE_STATE=getMsg HTTP/1.1" 200 27
114.88.154.248 - - [21/Aug/2021:09:40:05 +0800] "GET /xingrg/javascript/jquery_tools/images/next.gif HTTP/1.1" 404 1086
114.88.154.248 - - [21/Aug/2021:09:40:05 +0800] "GET /xingrg/javascript/jquery_tools/images/prev.gif HTTP/1.1" 404 1086
114.88.154.248 - - [21/Aug/2021:09:40:13 +0800] "GET /xingrg/javascript/auto/indicator.gif HTTP/1.1" 404 1066
101.83.145.79 - - [21/Aug/2021:09:40:13 +0800] "GET /xingrg/all/function/internal_message.html?_=1629509967998&CODE_STATE=getMsg HTTP/1.1" 200 27
180.174.198.13 - - [21/Aug/2021:09:40:14 +0800] "GET /xingrg/kc/buy/cgsh_order_operate.html?command=get_materiel&rest_code=00102&code=00101031001&supplier_code=00100064&order_time=2021-08-21 HTTP/1.1" 200 419
222.70.178.182 - - [21/Aug/2021:09:40:16 +0800] "POST /xingrg/kc/buy/cgsh_order_operate.html HTTP/1.1" 200 37
180.174.198.13 - - [21/Aug/2021:09:40:16 +0800] "GET /xingrg/all/function/internal_message.html?_=1629509997453&CODE_STATE=getMsg HTTP/1.1" 200 27
222.70.178.182 - - [21/Aug/2021:09:40:17 +0800] "POST /xingrg/kc/buy/cgsh_order_operate.html HTTP/1.1" 200 19210
114.88.154.248 - - [21/Aug/2021:09:40:19 +0800] "POST /xingrg/kc/buy/cgsh_list_operate.html HTTP/1.1" 200 5503
120.253.135.82 - - [21/Aug/2021:09:40:20 +0800] "GET /xingrg/check_reg.html?_=1629510146722 HTTP/1.1" 200 22
120.253.135.82 - - [21/Aug/2021:09:40:21 +0800] "GET /xingrg/all/function/internal_message.html?_=1629510147882&CODE_STATE=getMsg HTTP/1.1" 200 27
180.169.147.146 - - [21/Aug/2021:09:40:22 +0800] "GET /xingrg/all/function/internal_message.html?_=1629510024416&CODE_STATE=getMsg HTTP/1.1" 200 27
180.174.198.13 - - [21/Aug/2021:09:40:23 +0800] "POST /xingrg/kc/buy/cgsh_order_operate.html HTTP/1.1" 200 37
101.85.93.96 - - [21/Aug/2021:09:40:26 +0800] "GET /xingrg/all/function/internal_message.html?_=1629509980965&CODE_STATE=getMsg HTTP/1.1" 200 27
222.70.246.151 - - [21/Aug/2021:09:40:27 +0800] "GET /xingrg/check_reg.html?_=1629510045084 HTTP/1.1" 302 -
180.174.198.13 - - [21/Aug/2021:09:40:27 +0800] "POST /xingrg/kc/buy/cgsh_order_operate.html HTTP/1.1" 200 12
116.235.222.38 - - [21/Aug/2021:09:40:27 +0800] "GET /xingrg/all/function/internal_message.html?_=1629510019485&CODE_STATE=getMsg HTTP/1.1" 200 27
120.253.135.82 - - [21/Aug/2021:09:40:28 +0800] "GET /xingrg/all/function/internal_message.html?_=1629509804841&CODE_STATE=getMsg HTTP/1.1" 200 27
116.230.105.26 - - [21/Aug/2021:09:40:30 +0800] "GET /xingrg/all/function/internal_message.html?_=1629510007816&CODE_STATE=getMsg HTTP/1.1" 200 27
222.70.246.151 - - [21/Aug/2021:09:40:31 +0800] "GET /xingrg/all/function/internal_message.html?_=1629510049327&CODE_STATE=getMsg HTTP/1.1" 302 -
180.174.198.13 - - [21/Aug/2021:09:40:32 +0800] "GET /xingrg/kc/buy/cgsh_order_info.html?code=212021082109420 HTTP/1.1" 200 58138
180.174.198.13 - - [21/Aug/2021:09:40:33 +0800] "GET /xingrg/javascript/easyui/themes/default/validatebox.css HTTP/1.1" 404 1104
180.174.198.13 - - [21/Aug/2021:09:40:33 +0800] "POST /xingrg/kc/buy/cgsh_order_operate.html HTTP/1.1" 200 612
180.174.198.13 - - [21/Aug/2021:09:40:36 +0800] "GET /xingrg/kc/print/load_data.html?order_code=212021082109420&kc_code=cgsh&condition= HTTP/1.1" 200 727
222.70.246.151 - - [21/Aug/2021:09:40:37 +0800] "GET /xingrg/all/function/internal_message.html?_=1629510050692&CODE_STATE=getMsg HTTP/1.1" 200 27
114.88.154.248 - - [21/Aug/2021:09:40:41 +0800] "GET /xingrg/all/function/internal_message.html?_=1629509931349&CODE_STATE=getMsg HTTP/1.1" 200 27
101.83.145.79 - - [21/Aug/2021:09:40:43 +0800] "GET /xingrg/all/function/internal_message.html?_=1629510045072&CODE_STATE=getMsg HTTP/1.1" 200 27
172.20.0.100 - - [21/Aug/2021:09:40:43 +0800] "GET /xingrg/all/function/internal_message.html?_=1629510042102&CODE_STATE=getMsg HTTP/1.1" 200 27
180.174.198.13 - - [21/Aug/2021:09:40:48 +0800] "GET /xingrg/kc/buy/cgsh_order_add.html HTTP/1.1" 200 63231
180.174.198.13 - - [21/Aug/2021:09:40:49 +0800] "POST /xingrg/kc/buy/cgsh_order_operate.html HTTP/1.1" 200 8245
172.20.0.100 - - [21/Aug/2021:09:40:49 +0800] "GET /xingrg/all/function/internal_message.html?_=1629510048527&CODE_STATE=getMsg HTTP/1.1" 200 27
180.174.198.13 - - [21/Aug/2021:09:40:50 +0800] "GET /xingrg/javascript/easyui/themes/default/validatebox.css HTTP/1.1" 404 1104
116.232.52.242 - - [21/Aug/2021:09:40:50 +0800] "GET /xingrg/all/function/internal_message.html?_=1629510050709&CODE_STATE=getMsg HTTP/1.1" 200 27
116.238.194.18 - - [21/Aug/2021:09:40:51 +0800] "GET /xingrg/all/function/internal_message.html?_=1629510050685&CODE_STATE=getMsg HTTP/1.1" 200 27
124.79.246.142 - - [21/Aug/2021:09:40:59 +0800] "GET /xingrg/all/function/internal_message.html?_=1629510157588&CODE_STATE=getMsg HTTP/1.1" 200 27
222.70.178.182 - - [21/Aug/2021:09:41:02 +0800] "GET /xingrg/all/function/internal_message.html?_=1629510057914&CODE_STATE=getMsg HTTP/1.1" 200 27
114.83.216.119 - - [21/Aug/2021:09:41:04 +0800] "GET /xingrg/all/function/internal_message.html?_=1629510063883&CODE_STATE=getMsg HTTP/1.1" 200 27
114.83.216.119 - - [21/Aug/2021:09:41:05 +0800] "GET /xingrg/check_reg.html?_=1629510064346 HTTP/1.1" 200 22
114.83.216.119 - - [21/Aug/2021:09:41:06 +0800] "GET /xingrg/kc/buy/cgsh_order_operate.html?command=get_materiel&rest_code=00149&code=00101013165&supplier_code=00100005&order_time=2021-08-20 HTTP/1.1" 200 409
101.83.145.79 - - [21/Aug/2021:09:41:13 +0800] "GET /xingrg/all/function/internal_message.html?_=1629510027999&CODE_STATE=getMsg HTTP/1.1" 200 27
101.83.145.79 - - [21/Aug/2021:09:41:13 +0800] "GET /xingrg/check_reg.html?_=1629510028003 HTTP/1.1" 200 22
101.85.93.96 - - [21/Aug/2021:09:41:15 +0800] "GET /xingrg/javascript/jquery_easy_ui/themes/default/images/tabs_close.gif HTTP/1.1" 200 829
101.85.93.96 - - [21/Aug/2021:09:41:15 +0800] "GET /xingrg/css/base.css HTTP/1.1" 200 2811
101.85.93.96 - - [21/Aug/2021:09:41:15 +0800] "GET /xingrg/css/site.css HTTP/1.1" 200 7541
101.85.93.96 - - [21/Aug/2021:09:41:15 +0800] "GET /xingrg/javascript/jquery_tools/datebox.css HTTP/1.1" 200 2597
101.85.93.96 - - [21/Aug/2021:09:41:15 +0800] "GET /xingrg/javascript/auto/jquery.autocomplete.css HTTP/1.1" 200 587
101.85.93.96 - - [21/Aug/2021:09:41:15 +0800] "GET /xingrg/javascript/jquery_tools/table.css HTTP/1.1" 200 1032
101.85.93.96 - - [21/Aug/2021:09:41:15 +0800] "GET /xingrg/javascript/jquery_tools/fix.css HTTP/1.1" 200 1702
101.85.93.96 - - [21/Aug/2021:09:41:15 +0800] "GET /xingrg/javascript/easyui/themes/icon.css HTTP/1.1" 200 4483
101.85.93.96 - - [21/Aug/2021:09:41:15 +0800] "GET /xingrg/javascript/jquery_tools/jquery.tools.table.js HTTP/1.1" 200 6994
101.85.93.96 - - [21/Aug/2021:09:41:15 +0800] "GET /xingrg/javascript/jquery_tools/jquery.tools.min.js HTTP/1.1" 200 138801
101.85.93.96 - - [21/Aug/2021:09:41:15 +0800] "GET /xingrg/kc/buy/cgsh_order_list.html HTTP/1.1" 200 47540
101.85.93.96 - - [21/Aug/2021:09:41:15 +0800] "GET /xingrg/javascript/jquery_tools/jquery.tools.extend.js HTTP/1.1" 200 15385
101.85.93.96 - - [21/Aug/2021:09:41:15 +0800] "GET /xingrg/javascript/jquery_tools/jquery.tools.hotkey.js HTTP/1.1" 200 3242
101.85.93.96 - - [21/Aug/2021:09:41:15 +0800] "GET /xingrg/javascript/jquery_tools/list_manager.js HTTP/1.1" 200 3652
101.85.93.96 - - [21/Aug/2021:09:41:15 +0800] "GET /xingrg/javascript/easyui/easyloader.js HTTP/1.1" 200 5975
101.85.93.96 - - [21/Aug/2021:09:41:15 +0800] "GET /xingrg/javascript/jquery.cookie.js HTTP/1.1" 200 5513
101.85.93.96 - - [21/Aug/2021:09:41:15 +0800] "GET /xingrg/javascript/print/LodopFuncs.js HTTP/1.1" 200 5121
101.85.93.96 - - [21/Aug/2021:09:41:15 +0800] "GET /xingrg/javascript/jquery.utils.js HTTP/1.1" 200 11805
101.85.93.96 - - [21/Aug/2021:09:41:15 +0800] "GET /xingrg/javascript/auto/jquery.autocomplete.js HTTP/1.1" 200 21624
101.85.93.96 - - [21/Aug/2021:09:41:15 +0800] "GET /xingrg/javascript/easyui/themes/default/easyui.css HTTP/1.1" 200 30432
101.85.93.96 - - [21/Aug/2021:09:41:15 +0800] "GET /xingrg/javascript/easyui/themes/icons/edit_add_new.png HTTP/1.1" 200 2997
101.85.93.96 - - [21/Aug/2021:09:41:15 +0800] "GET /xingrg/javascript/easyui/themes/icons/field_new.png HTTP/1.1" 200 1097
101.85.93.96 - - [21/Aug/2021:09:41:15 +0800] "GET /xingrg/javascript/easyui/themes/icons/check_new.png HTTP/1.1" 200 3224
101.85.93.96 - - [21/Aug/2021:09:41:15 +0800] "GET /xingrg/javascript/easyui/themes/icons/cance_new.png HTTP/1.1" 200 3986
101.85.93.96 - - [21/Aug/2021:09:41:15 +0800] "GET /xingrg/javascript/easyui/themes/icons/import_new.png HTTP/1.1" 200 1247
101.85.93.96 - - [21/Aug/2021:09:41:15 +0800] "GET /xingrg/javascript/easyui/plugins/jquery.parser.js HTTP/1.1" 200 1142
101.85.93.96 - - [21/Aug/2021:09:41:15 +0800] "GET /xingrg/images/control/ajaxLoader.gif HTTP/1.1" 200 4659
180.174.198.13 - - [21/Aug/2021:09:41:16 +0800] "GET /xingrg/all/function/internal_message.html?_=1629510057468&CODE_STATE=getMsg HTTP/1.1" 200 27
120.253.135.82 - - [21/Aug/2021:09:41:21 +0800] "GET /xingrg/all/function/internal_message.html?_=1629510207913&CODE_STATE=getMsg HTTP/1.1" 200 27
101.85.93.96 - - [21/Aug/2021:09:41:22 +0800] "POST /xingrg/kc/buy/cgsh_list_operate.html HTTP/1.1" 200 1697
180.169.147.146 - - [21/Aug/2021:09:41:22 +0800] "GET /xingrg/all/function/internal_message.html?_=1629510084423&CODE_STATE=getMsg HTTP/1.1" 200 27
101.85.93.96 - - [21/Aug/2021:09:41:23 +0800] "GET /xingrg/javascript/easyui/themes/default/images/button_plain_hover.png HTTP/1.1" 200 144
101.85.93.96 - - [21/Aug/2021:09:41:24 +0800] "GET /xingrg/javascript/pic_change.js HTTP/1.1" 200 4739
101.85.93.96 - - [21/Aug/2021:09:41:24 +0800] "GET /xingrg/javascript/convert.js HTTP/1.1" 200 1239
101.85.93.96 - - [21/Aug/2021:09:41:24 +0800] "GET /xingrg/javascript/jquery_tools/order_manager.js HTTP/1.1" 200 11183
101.85.93.96 - - [21/Aug/2021:09:41:24 +0800] "GET /xingrg/javascript/print/kc_print.js HTTP/1.1" 200 11415
101.85.93.96 - - [21/Aug/2021:09:41:24 +0800] "GET /xingrg/javascript/json2.js HTTP/1.1" 200 11259
101.85.93.96 - - [21/Aug/2021:09:41:24 +0800] "GET /xingrg/kc/buy/cgsh_order_add.html HTTP/1.1" 200 62435
101.85.93.96 - - [21/Aug/2021:09:41:24 +0800] "GET /xingrg/words/20210820122841_words.js HTTP/1.1" 200 836151
101.85.93.96 - - [21/Aug/2021:09:41:24 +0800] "GET /xingrg/javascript/easyui/themes/icons/ok.png HTTP/1.1" 200 883
101.85.93.96 - - [21/Aug/2021:09:41:24 +0800] "GET /xingrg/javascript/easyui/themes/icons/copy_new.png HTTP/1.1" 200 815
101.85.93.96 - - [21/Aug/2021:09:41:24 +0800] "GET /xingrg/javascript/easyui/themes/icons/template_new.png HTTP/1.1" 200 3956
101.85.93.96 - - [21/Aug/2021:09:41:24 +0800] "GET /xingrg/javascript/easyui/themes/default/images/menu_downarrow.png HTTP/1.1" 200 173
101.85.93.96 - - [21/Aug/2021:09:41:24 +0800] "GET /xingrg/javascript/easyui/themes/icons/print.png HTTP/1.1" 200 1057
101.85.93.96 - - [21/Aug/2021:09:41:24 +0800] "GET /xingrg/javascript/easyui/themes/icons/cancel.png HTTP/1.1" 200 1133
120.253.135.82 - - [21/Aug/2021:09:41:24 +0800] "GET /xingrg/check_reg.html?_=1629509861253 HTTP/1.1" 200 22
101.85.93.96 - - [21/Aug/2021:09:41:25 +0800] "GET /xingrg/all/common/auto_word.html?type=employee&rest_code=00142 HTTP/1.1" 200 105
101.85.93.96 - - [21/Aug/2021:09:41:25 +0800] "GET /xingrg/all/common/auto_word.html?type=employee&rest_code=00142 HTTP/1.1" 200 105
101.85.93.96 - - [21/Aug/2021:09:41:25 +0800] "GET /xingrg/javascript/easyui/themes/default/validatebox.css HTTP/1.1" 404 1104
101.85.93.96 - - [21/Aug/2021:09:41:25 +0800] "GET /xingrg/javascript/easyui/plugins/jquery.validatebox.js HTTP/1.1" 200 6103
101.85.93.96 - - [21/Aug/2021:09:41:25 +0800] "GET /xingrg/javascript/easyui/plugins/jquery.numberbox.js HTTP/1.1" 200 5213
101.85.93.96 - - [21/Aug/2021:09:41:25 +0800] "POST /xingrg/kc/buy/cgsh_order_operate.html HTTP/1.1" 200 8245
101.85.93.96 - - [21/Aug/2021:09:41:25 +0800] "GET /xingrg/javascript/easyui/themes/icons/edit_remove.png HTTP/1.1" 200 625
101.85.93.96 - - [21/Aug/2021:09:41:26 +0800] "GET /xingrg/all/function/internal_message.html?_=1629510040975&CODE_STATE=getMsg HTTP/1.1" 200 27
101.85.93.96 - - [21/Aug/2021:09:41:27 +0800] "GET /xingrg/javascript/auto/indicator.gif HTTP/1.1" 404 1066
116.235.222.38 - - [21/Aug/2021:09:41:27 +0800] "GET /xingrg/all/function/internal_message.html?_=1629510079485&CODE_STATE=getMsg HTTP/1.1" 200 27
120.253.135.82 - - [21/Aug/2021:09:41:28 +0800] "GET /xingrg/all/function/internal_message.html?_=1629509864840&CODE_STATE=getMsg HTTP/1.1" 200 27
114.83.216.119 - - [21/Aug/2021:09:41:28 +0800] "GET /xingrg/kc/buy/cgsh_order_operate.html?command=get_materiel&rest_code=00149&code=00101015024&supplier_code=00100005&order_time=2021-08-20 HTTP/1.1" 200 413
116.235.222.38 - - [21/Aug/2021:09:41:29 +0800] "GET /xingrg/kc/buy/cgsh_order_add.html HTTP/1.1" 200 63360
101.85.93.96 - - [21/Aug/2021:09:41:30 +0800] "GET /xingrg/javascript/jquery_tools/images/prev.gif HTTP/1.1" 404 1086
101.85.93.96 - - [21/Aug/2021:09:41:30 +0800] "GET /xingrg/javascript/jquery_tools/images/next.gif HTTP/1.1" 404 1086
116.235.222.38 - - [21/Aug/2021:09:41:30 +0800] "POST /xingrg/kc/buy/cgsh_order_operate.html HTTP/1.1" 200 8245
116.235.222.38 - - [21/Aug/2021:09:41:30 +0800] "GET /xingrg/javascript/easyui/themes/default/validatebox.css HTTP/1.1" 404 1104
116.230.105.26 - - [21/Aug/2021:09:41:31 +0800] "GET /xingrg/check_reg.html?_=1629510067833 HTTP/1.1" 200 22
116.230.105.26 - - [21/Aug/2021:09:41:31 +0800] "GET /xingrg/all/function/internal_message.html?_=1629510067837&CODE_STATE=getMsg HTTP/1.1" 200 27
222.70.246.151 - - [21/Aug/2021:09:41:31 +0800] "GET /xingrg/all/function/internal_message.html?_=1629510109348&CODE_STATE=getMsg HTTP/1.1" 302 -
222.70.246.151 - - [21/Aug/2021:09:41:37 +0800] "GET /xingrg/all/function/internal_message.html?_=1629510110705&CODE_STATE=getMsg HTTP/1.1" 200 27
116.235.222.38 - - [21/Aug/2021:09:41:38 +0800] "GET /xingrg/javascript/easyui/themes/default/tree.css HTTP/1.1" 404 1090
116.235.222.38 - - [21/Aug/2021:09:41:38 +0800] "POST /xingrg/all/common/load_tree.html?tree=supplier_tree_json&isDelete=1 HTTP/1.1" 200 57451
114.83.216.119 - - [21/Aug/2021:09:41:40 +0800] "GET /xingrg/kc/buy/cgsh_order_operate.html?command=get_materiel&rest_code=00149&code=00101015066&supplier_code=00100005&order_time=2021-08-20 HTTP/1.1" 200 413
114.88.154.248 - - [21/Aug/2021:09:41:41 +0800] "GET /xingrg/all/function/internal_message.html?_=1629509991336&CODE_STATE=getMsg HTTP/1.1" 200 27
101.83.145.79 - - [21/Aug/2021:09:41:43 +0800] "GET /xingrg/all/function/internal_message.html?_=1629510105072&CODE_STATE=getMsg HTTP/1.1" 200 27
172.20.0.100 - - [21/Aug/2021:09:41:43 +0800] "GET /xingrg/all/function/internal_message.html?_=1629510102103&CODE_STATE=getMsg HTTP/1.1" 200 27
116.230.105.26 - - [21/Aug/2021:09:41:47 +0800] "GET /xingrg/kc/buy/cgsh_order_add.html HTTP/1.1" 200 63240
116.230.105.26 - - [21/Aug/2021:09:41:47 +0800] "POST /xingrg/kc/buy/cgsh_order_operate.html HTTP/1.1" 200 8245
116.230.105.26 - - [21/Aug/2021:09:41:47 +0800] "GET /xingrg/javascript/easyui/themes/default/validatebox.css HTTP/1.1" 404 1104
172.20.0.100 - - [21/Aug/2021:09:41:49 +0800] "GET /xingrg/all/function/internal_message.html?_=1629510108529&CODE_STATE=getMsg HTTP/1.1" 200 27
116.232.52.242 - - [21/Aug/2021:09:41:50 +0800] "GET /xingrg/all/function/internal_message.html?_=1629510110711&CODE_STATE=getMsg HTTP/1.1" 200 27
116.232.52.242 - - [21/Aug/2021:09:41:50 +0800] "GET /xingrg/check_reg.html?_=1629510110712 HTTP/1.1" 200 22
116.238.194.18 - - [21/Aug/2021:09:41:51 +0800] "GET /xingrg/all/function/internal_message.html?_=1629510110684&CODE_STATE=getMsg HTTP/1.1" 200 27
114.83.216.119 - - [21/Aug/2021:09:41:57 +0800] "POST /xingrg/kc/buy/cgsh_order_operate.html HTTP/1.1" 200 37
116.230.105.26 - - [21/Aug/2021:09:41:58 +0800] "GET /xingrg/kc/buy/cgsh_order_operate.html?command=get_materiel&rest_code=00155&code=00101002041&supplier_code=00100199&order_time=2021-08-21 HTTP/1.1" 200 409
124.79.246.142 - - [21/Aug/2021:09:41:59 +0800] "GET /xingrg/all/function/internal_message.html?_=1629510217587&CODE_STATE=getMsg HTTP/1.1" 200 27
114.83.216.119 - - [21/Aug/2021:09:42:01 +0800] "POST /xingrg/kc/buy/cgsh_order_operate.html HTTP/1.1" 200 12
222.70.178.182 - - [21/Aug/2021:09:42:02 +0800] "GET /xingrg/all/function/internal_message.html?_=1629510117898&CODE_STATE=getMsg HTTP/1.1" 200 27
114.83.216.119 - - [21/Aug/2021:09:42:03 +0800] "GET /xingrg/kc/buy/cgsh_order_info.html?code=212021082109413 HTTP/1.1" 200 58234
114.83.216.119 - - [21/Aug/2021:09:42:03 +0800] "GET /xingrg/javascript/easyui/themes/default/validatebox.css HTTP/1.1" 404 1104
114.83.216.119 - - [21/Aug/2021:09:42:04 +0800] "POST /xingrg/kc/buy/cgsh_order_operate.html HTTP/1.1" 200 40804
114.83.216.119 - - [21/Aug/2021:09:42:04 +0800] "GET /xingrg/all/function/internal_message.html?_=1629510123864&CODE_STATE=getMsg HTTP/1.1" 200 27
116.230.105.26 - - [21/Aug/2021:09:42:05 +0800] "GET /xingrg/kc/buy/cgsh_order_operate.html?command=get_materiel&rest_code=00155&code=00101002027&supplier_code=00100199&order_time=2021-08-21 HTTP/1.1" 200 413
116.230.105.26 - - [21/Aug/2021:09:42:11 +0800] "GET /xingrg/kc/buy/cgsh_order_operate.html?command=get_materiel&rest_code=00155&code=00101002006&supplier_code=00100199&order_time=2021-08-21 HTTP/1.1" 200 414
101.83.145.79 - - [21/Aug/2021:09:42:13 +0800] "GET /xingrg/all/function/internal_message.html?_=1629510088002&CODE_STATE=getMsg HTTP/1.1" 200 27
114.83.216.119 - - [21/Aug/2021:09:42:15 +0800] "GET /xingrg/kc/print/load_data.html?order_code=212021082109413&kc_code=cgsh&condition= HTTP/1.1" 200 15928
180.174.198.13 - - [21/Aug/2021:09:42:16 +0800] "GET /xingrg/all/function/internal_message.html?_=1629510117693&CODE_STATE=getMsg HTTP/1.1" 200 27
120.253.135.82 - - [21/Aug/2021:09:42:21 +0800] "GET /xingrg/all/function/internal_message.html?_=1629510267925&CODE_STATE=getMsg HTTP/1.1" 200 27
180.169.147.146 - - [21/Aug/2021:09:42:22 +0800] "GET /xingrg/all/function/internal_message.html?_=1629510144414&CODE_STATE=getMsg HTTP/1.1" 200 27
101.85.93.96 - - [21/Aug/2021:09:42:26 +0800] "GET /xingrg/all/function/internal_message.html?_=1629510100999&CODE_STATE=getMsg HTTP/1.1" 200 27
116.230.105.26 - - [21/Aug/2021:09:42:27 +0800] "POST /xingrg/kc/buy/cgsh_order_operate.html HTTP/1.1" 200 37
116.235.222.38 - - [21/Aug/2021:09:42:27 +0800] "GET /xingrg/all/function/internal_message.html?_=1629510139494&CODE_STATE=getMsg HTTP/1.1" 200 27
120.253.135.82 - - [21/Aug/2021:09:42:28 +0800] "GET /xingrg/all/function/internal_message.html?_=1629509924855&CODE_STATE=getMsg HTTP/1.1" 200 27
116.230.105.26 - - [21/Aug/2021:09:42:28 +0800] "POST /xingrg/kc/buy/cgsh_order_operate.html HTTP/1.1" 200 3843
116.230.105.26 - - [21/Aug/2021:09:42:29 +0800] "GET /xingrg/kc/print/load_data.html?order_code=212021082109421&kc_code=cgsh&condition= HTTP/1.1" 200 1121
116.230.105.26 - - [21/Aug/2021:09:42:31 +0800] "GET /xingrg/all/function/internal_message.html?_=1629510127897&CODE_STATE=getMsg HTTP/1.1" 200 27
222.70.246.151 - - [21/Aug/2021:09:42:31 +0800] "GET /xingrg/all/function/internal_message.html?_=1629510169354&CODE_STATE=getMsg HTTP/1.1" 302 -
222.70.246.151 - - [21/Aug/2021:09:42:37 +0800] "GET /xingrg/all/function/internal_message.html?_=1629510170939&CODE_STATE=getMsg HTTP/1.1" 200 27
114.88.154.248 - - [21/Aug/2021:09:42:41 +0800] "GET /xingrg/all/function/internal_message.html?_=1629510051341&CODE_STATE=getMsg HTTP/1.1" 200 27
101.83.145.79 - - [21/Aug/2021:09:42:43 +0800] "GET /xingrg/check_reg.html?_=1629510165072 HTTP/1.1" 200 22
101.83.145.79 - - [21/Aug/2021:09:42:43 +0800] "GET /xingrg/all/function/internal_message.html?_=1629510165071&CODE_STATE=getMsg HTTP/1.1" 200 27
