116.232.54.86 - - [19/Aug/2021:10:09:17 +0800] "GET /xingrg/all/function/internal_message.html?_=1629338958603&CODE_STATE=getMsg HTTP/1.1" 200 27
180.169.147.146 - - [19/Aug/2021:10:09:25 +0800] "GET /xingrg/all/function/internal_message.html?_=1629338968585&CODE_STATE=getMsg HTTP/1.1" 200 27
180.169.147.146 - - [19/Aug/2021:10:09:26 +0800] "GET /xingrg/all/function/internal_message.html?_=1629338972840&CODE_STATE=getMsg HTTP/1.1" 200 27
116.235.222.38 - - [19/Aug/2021:10:09:26 +0800] "GET /xingrg/all/function/internal_message.html?_=1629338963094&CODE_STATE=getMsg HTTP/1.1" 200 27
116.238.194.18 - - [19/Aug/2021:10:09:28 +0800] "GET /xingrg/all/function/internal_message.html?_=1629338908521&CODE_STATE=getMsg HTTP/1.1" 200 27
116.238.194.18 - - [19/Aug/2021:10:09:36 +0800] "GET /xingrg/all/function/internal_message.html?_=1629338977264&CODE_STATE=getMsg HTTP/1.1" 200 27
116.238.194.18 - - [19/Aug/2021:10:09:36 +0800] "GET /xingrg/check_reg.html?_=1629338977267 HTTP/1.1" 200 22
222.70.178.182 - - [19/Aug/2021:10:09:52 +0800] "GET /xingrg/all/function/internal_message.html?_=1629338990695&CODE_STATE=getMsg HTTP/1.1" 302 -
101.83.145.79 - - [19/Aug/2021:10:09:57 +0800] "GET /xingrg/all/function/internal_message.html?_=1629338953824&CODE_STATE=getMsg HTTP/1.1" 200 27
117.184.7.26 - - [19/Aug/2021:10:10:02 +0800] "GET /xingrg/all/function/internal_message.html?_=1629338996197&CODE_STATE=getMsg HTTP/1.1" 200 27
117.184.7.26 - - [19/Aug/2021:10:10:02 +0800] "POST /xingrg/kc/buy/cgsh_list_operate.html HTTP/1.1" 200 5652
117.184.7.26 - - [19/Aug/2021:10:10:06 +0800] "POST /xingrg/kc/buy/cgsh_list_operate.html HTTP/1.1" 200 576
222.70.246.151 - - [19/Aug/2021:10:10:06 +0800] "GET /xingrg/all/function/internal_message.html?_=1629339013130&CODE_STATE=getMsg HTTP/1.1" 200 27
180.169.147.146 - - [19/Aug/2021:10:10:06 +0800] "GET /xingrg/all/function/internal_message.html?_=1629339007881&CODE_STATE=getMsg HTTP/1.1" 200 27
117.184.7.26 - - [19/Aug/2021:10:10:07 +0800] "GET /xingrg/kc/buy/cgsh_order_info.html?code=212021081808487 HTTP/1.1" 200 63277
117.184.7.26 - - [19/Aug/2021:10:10:07 +0800] "GET /xingrg/words/20210819093241_words.js HTTP/1.1" 304 -
117.184.7.26 - - [19/Aug/2021:10:10:07 +0800] "GET /xingrg/javascript/easyui/themes/default/validatebox.css HTTP/1.1" 404 1104
117.184.7.26 - - [19/Aug/2021:10:10:08 +0800] "POST /xingrg/kc/buy/cgsh_order_operate.html HTTP/1.1" 200 9195
180.169.147.146 - - [19/Aug/2021:10:10:08 +0800] "GET /xingrg/all/function/internal_message.html?_=1629339005864&CODE_STATE=getMsg HTTP/1.1" 200 27
114.88.154.248 - - [19/Aug/2021:10:10:09 +0800] "GET /xingrg/all/function/internal_message.html?_=1629338900547&CODE_STATE=getMsg HTTP/1.1" 200 27
116.235.222.38 - - [19/Aug/2021:10:10:15 +0800] "GET /xingrg/all/function/internal_message.html?_=1629339011983&CODE_STATE=getMsg HTTP/1.1" 200 27
116.232.54.86 - - [19/Aug/2021:10:10:17 +0800] "GET /xingrg/all/function/internal_message.html?_=1629339018606&CODE_STATE=getMsg HTTP/1.1" 200 27
116.232.54.86 - - [19/Aug/2021:10:10:17 +0800] "GET /xingrg/check_reg.html?_=1629339018606 HTTP/1.1" 200 22
180.169.147.146 - - [19/Aug/2021:10:10:25 +0800] "GET /xingrg/all/function/internal_message.html?_=1629339028586&CODE_STATE=getMsg HTTP/1.1" 200 27
180.169.147.146 - - [19/Aug/2021:10:10:26 +0800] "GET /xingrg/check_reg.html?_=1629339032831 HTTP/1.1" 200 22
180.169.147.146 - - [19/Aug/2021:10:10:26 +0800] "GET /xingrg/all/function/internal_message.html?_=1629339032836&CODE_STATE=getMsg HTTP/1.1" 200 27
116.235.222.38 - - [19/Aug/2021:10:10:26 +0800] "GET /xingrg/all/function/internal_message.html?_=1629339023096&CODE_STATE=getMsg HTTP/1.1" 200 27
116.238.194.18 - - [19/Aug/2021:10:10:28 +0800] "GET /xingrg/all/function/internal_message.html?_=1629338968552&CODE_STATE=getMsg HTTP/1.1" 200 27
117.184.7.26 - - [19/Aug/2021:10:10:29 +0800] "POST /xingrg/kc/buy/cgsh_list_operate.html HTTP/1.1" 200 5652
117.184.7.26 - - [19/Aug/2021:10:10:30 +0800] "POST /xingrg/kc/buy/cgsh_list_operate.html HTTP/1.1" 200 576
117.184.7.26 - - [19/Aug/2021:10:10:31 +0800] "GET /xingrg/kc/buy/cgsh_order_info.html?code=212021081808487 HTTP/1.1" 200 63277
117.184.7.26 - - [19/Aug/2021:10:10:31 +0800] "GET /xingrg/javascript/easyui/themes/default/validatebox.css HTTP/1.1" 404 1104
117.184.7.26 - - [19/Aug/2021:10:10:32 +0800] "POST /xingrg/kc/buy/cgsh_order_operate.html HTTP/1.1" 200 9195
116.238.194.18 - - [19/Aug/2021:10:10:36 +0800] "GET /xingrg/all/function/internal_message.html?_=1629339037268&CODE_STATE=getMsg HTTP/1.1" 200 27
58.37.4.159 - - [19/Aug/2021:10:10:41 +0800] "POST /xingrg/services/DataTransmitService HTTP/1.1" 200 501
58.37.4.159 - - [19/Aug/2021:10:10:42 +0800] "POST /xingrg/services/DataTransmitService HTTP/1.1" 200 501
222.70.178.182 - - [19/Aug/2021:10:10:52 +0800] "GET /xingrg/all/function/internal_message.html?_=1629339050680&CODE_STATE=getMsg HTTP/1.1" 302 -
101.83.145.79 - - [19/Aug/2021:10:10:57 +0800] "GET /xingrg/all/function/internal_message.html?_=1629339013810&CODE_STATE=getMsg HTTP/1.1" 200 27
117.184.7.26 - - [19/Aug/2021:10:11:02 +0800] "GET /xingrg/all/function/internal_message.html?_=1629339056209&CODE_STATE=getMsg HTTP/1.1" 200 27
58.37.4.159 - - [19/Aug/2021:10:11:05 +0800] "POST /xingrg/services/DataTransmitService HTTP/1.1" 200 501
222.70.246.151 - - [19/Aug/2021:10:11:06 +0800] "GET /xingrg/all/function/internal_message.html?_=1629339073468&CODE_STATE=getMsg HTTP/1.1" 200 27
180.169.147.146 - - [19/Aug/2021:10:11:06 +0800] "GET /xingrg/all/function/internal_message.html?_=1629339067870&CODE_STATE=getMsg HTTP/1.1" 200 27
117.184.7.26 - - [19/Aug/2021:10:11:07 +0800] "POST /xingrg/kc/buy/cgsh_list_operate.html HTTP/1.1" 200 5652
180.169.147.146 - - [19/Aug/2021:10:11:08 +0800] "GET /xingrg/all/function/internal_message.html?_=1629339065834&CODE_STATE=getMsg HTTP/1.1" 200 27
114.88.154.248 - - [19/Aug/2021:10:11:09 +0800] "GET /xingrg/all/function/internal_message.html?_=1629338960521&CODE_STATE=getMsg HTTP/1.1" 200 27
114.88.154.248 - - [19/Aug/2021:10:11:09 +0800] "GET /xingrg/check_reg.html?_=1629338961083 HTTP/1.1" 200 22
117.184.7.26 - - [19/Aug/2021:10:11:11 +0800] "POST /xingrg/kc/buy/cgsh_list_operate.html HTTP/1.1" 200 360
116.235.222.38 - - [19/Aug/2021:10:11:13 +0800] "GET /xingrg/check_reg.html?_=1629339069226 HTTP/1.1" 200 22
117.184.7.26 - - [19/Aug/2021:10:11:13 +0800] "GET /xingrg/kc/buy/cgsh_order_info.html?code=212021081808488 HTTP/1.1" 200 63279
117.184.7.26 - - [19/Aug/2021:10:11:13 +0800] "GET /xingrg/javascript/easyui/themes/default/validatebox.css HTTP/1.1" 404 1104
117.184.7.26 - - [19/Aug/2021:10:11:15 +0800] "POST /xingrg/kc/buy/cgsh_order_operate.html HTTP/1.1" 200 3852
116.235.222.38 - - [19/Aug/2021:10:11:15 +0800] "GET /xingrg/all/function/internal_message.html?_=1629339071975&CODE_STATE=getMsg HTTP/1.1" 200 27
116.232.54.86 - - [19/Aug/2021:10:11:17 +0800] "GET /xingrg/all/function/internal_message.html?_=1629339078609&CODE_STATE=getMsg HTTP/1.1" 200 27
116.235.222.38 - - [19/Aug/2021:10:11:19 +0800] "GET /xingrg/kc/buy/cgsh_order_add.html HTTP/1.1" 200 63360
116.235.222.38 - - [19/Aug/2021:10:11:19 +0800] "GET /xingrg/words/20210819093241_words.js HTTP/1.1" 304 -
116.235.222.38 - - [19/Aug/2021:10:11:19 +0800] "POST /xingrg/kc/buy/cgsh_order_operate.html HTTP/1.1" 200 8245
116.235.222.38 - - [19/Aug/2021:10:11:19 +0800] "GET /xingrg/javascript/easyui/themes/default/validatebox.css HTTP/1.1" 404 1104
116.235.222.38 - - [19/Aug/2021:10:11:21 +0800] "GET /xingrg/javascript/easyui/themes/default/tree.css HTTP/1.1" 404 1090
116.235.222.38 - - [19/Aug/2021:10:11:22 +0800] "POST /xingrg/all/common/load_tree.html?tree=supplier_tree_json&isDelete=1 HTTP/1.1" 200 57451
180.169.147.146 - - [19/Aug/2021:10:11:25 +0800] "GET /xingrg/check_reg.html?_=1629339088607 HTTP/1.1" 200 22
180.169.147.146 - - [19/Aug/2021:10:11:25 +0800] "GET /xingrg/all/function/internal_message.html?_=1629339088610&CODE_STATE=getMsg HTTP/1.1" 200 27
180.169.147.146 - - [19/Aug/2021:10:11:26 +0800] "GET /xingrg/all/function/internal_message.html?_=1629339092839&CODE_STATE=getMsg HTTP/1.1" 200 27
116.235.222.38 - - [19/Aug/2021:10:11:26 +0800] "GET /xingrg/all/function/internal_message.html?_=1629339083096&CODE_STATE=getMsg HTTP/1.1" 200 27
116.235.222.38 - - [19/Aug/2021:10:11:26 +0800] "GET /xingrg/check_reg.html?_=1629339083288 HTTP/1.1" 200 22
117.184.7.26 - - [19/Aug/2021:10:11:28 +0800] "GET /xingrg/system/info/materiel_import.html?isSelect=1&singleSelect=false HTTP/1.1" 200 5600
116.238.194.18 - - [19/Aug/2021:10:11:28 +0800] "GET /xingrg/all/function/internal_message.html?_=1629339028564&CODE_STATE=getMsg HTTP/1.1" 200 27
117.184.7.26 - - [19/Aug/2021:10:11:28 +0800] "POST /xingrg/all/common/load_tree.html?tree=materiel_sort_tree_json HTTP/1.1" 200 8666
117.184.7.26 - - [19/Aug/2021:10:11:29 +0800] "GET /favicon.ico HTTP/1.1" 404 -
58.37.4.159 - - [19/Aug/2021:10:11:30 +0800] "POST /xingrg/services/DataTransmitService HTTP/1.1" 200 501
222.70.178.182 - - [19/Aug/2021:10:11:32 +0800] "GET /xingrg/check_reg.html?_=1629339090165 HTTP/1.1" 302 -
58.37.4.159 - - [19/Aug/2021:10:11:32 +0800] "POST /xingrg/services/DataTransmitService HTTP/1.1" 200 501
58.37.4.159 - - [19/Aug/2021:10:11:33 +0800] "POST /xingrg/services/DataTransmitService HTTP/1.1" 200 501
116.238.194.18 - - [19/Aug/2021:10:11:36 +0800] "GET /xingrg/all/function/internal_message.html?_=1629339097272&CODE_STATE=getMsg HTTP/1.1" 200 27
117.184.7.26 - - [19/Aug/2021:10:11:39 +0800] "GET /xingrg/kc/buy/cgsh_order_operate.html?command=get_materiel&rest_code=00108&code=00101012046&supplier_code=00100347&order_time=2021-08-18 HTTP/1.1" 200 417
58.37.4.159 - - [19/Aug/2021:10:11:41 +0800] "POST /xingrg/services/DataTransmitService HTTP/1.1" 200 501
58.37.4.159 - - [19/Aug/2021:10:11:43 +0800] "POST /xingrg/services/DataTransmitService HTTP/1.1" 200 501
58.37.4.159 - - [19/Aug/2021:10:11:44 +0800] "POST /xingrg/services/DataTransmitService HTTP/1.1" 200 501
58.37.4.159 - - [19/Aug/2021:10:11:44 +0800] "POST /xingrg/services/DataTransmitService HTTP/1.1" 200 412
116.235.222.38 - - [19/Aug/2021:10:11:45 +0800] "GET /xingrg/kc/buy/cgsh_order_operate.html?command=get_materiel&rest_code=00107&code=00101001096&supplier_code=00100199&order_time=2021-08-19 HTTP/1.1" 200 413
222.70.246.151 - - [19/Aug/2021:10:11:47 +0800] "GET /xingrg/check_reg.html?_=1629339114671 HTTP/1.1" 200 22
222.70.178.182 - - [19/Aug/2021:10:11:52 +0800] "GET /xingrg/all/function/internal_message.html?_=1629339110650&CODE_STATE=getMsg HTTP/1.1" 302 -
101.83.145.79 - - [19/Aug/2021:10:11:57 +0800] "GET /xingrg/all/function/internal_message.html?_=1629339073790&CODE_STATE=getMsg HTTP/1.1" 200 27
117.184.7.26 - - [19/Aug/2021:10:12:01 +0800] "POST /xingrg/kc/buy/cgsh_order_operate.html HTTP/1.1" 200 37
117.184.7.26 - - [19/Aug/2021:10:12:03 +0800] "POST /xingrg/kc/buy/cgsh_order_operate.html HTTP/1.1" 200 3253
222.70.246.151 - - [19/Aug/2021:10:12:06 +0800] "GET /xingrg/all/function/internal_message.html?_=1629339133469&CODE_STATE=getMsg HTTP/1.1" 200 27
180.169.147.146 - - [19/Aug/2021:10:12:06 +0800] "GET /xingrg/all/function/internal_message.html?_=1629339127878&CODE_STATE=getMsg HTTP/1.1" 200 27
117.184.7.26 - - [19/Aug/2021:10:12:06 +0800] "GET /xingrg/kc/print/load_data.html?order_code=212021081808488&kc_code=cgsh&condition= HTTP/1.1" 200 890
180.169.147.146 - - [19/Aug/2021:10:12:08 +0800] "GET /xingrg/all/function/internal_message.html?_=1629339125829&CODE_STATE=getMsg HTTP/1.1" 200 27
114.88.154.248 - - [19/Aug/2021:10:12:09 +0800] "GET /xingrg/all/function/internal_message.html?_=1629339020504&CODE_STATE=getMsg HTTP/1.1" 200 27
116.235.222.38 - - [19/Aug/2021:10:12:10 +0800] "GET /xingrg/kc/buy/cgsh_order_operate.html?command=get_materiel&rest_code=00107&code=00101002007&supplier_code=00100199&order_time=2021-08-19 HTTP/1.1" 200 409
116.235.222.38 - - [19/Aug/2021:10:12:15 +0800] "GET /xingrg/all/function/internal_message.html?_=1629339131954&CODE_STATE=getMsg HTTP/1.1" 200 27
116.232.54.86 - - [19/Aug/2021:10:12:17 +0800] "GET /xingrg/all/function/internal_message.html?_=1629339138612&CODE_STATE=getMsg HTTP/1.1" 200 27
116.235.222.38 - - [19/Aug/2021:10:12:24 +0800] "POST /xingrg/kc/buy/cgsh_order_operate.html HTTP/1.1" 200 37
116.235.222.38 - - [19/Aug/2021:10:12:25 +0800] "POST /xingrg/kc/buy/cgsh_order_operate.html HTTP/1.1" 200 3244
180.169.147.146 - - [19/Aug/2021:10:12:25 +0800] "GET /xingrg/all/function/internal_message.html?_=1629339148596&CODE_STATE=getMsg HTTP/1.1" 200 27
180.169.147.146 - - [19/Aug/2021:10:12:26 +0800] "GET /xingrg/all/function/internal_message.html?_=1629339152838&CODE_STATE=getMsg HTTP/1.1" 200 27
116.235.222.38 - - [19/Aug/2021:10:12:26 +0800] "GET /xingrg/all/function/internal_message.html?_=1629339143099&CODE_STATE=getMsg HTTP/1.1" 200 27
116.235.222.38 - - [19/Aug/2021:10:12:27 +0800] "GET /xingrg/kc/print/load_data.html?order_code=212021081908524&kc_code=cgsh&condition= HTTP/1.1" 200 890
116.238.194.18 - - [19/Aug/2021:10:12:27 +0800] "GET /xingrg/check_reg.html?_=1629339087662 HTTP/1.1" 200 22
116.238.194.18 - - [19/Aug/2021:10:12:28 +0800] "GET /xingrg/all/function/internal_message.html?_=1629339088578&CODE_STATE=getMsg HTTP/1.1" 200 27
116.235.222.38 - - [19/Aug/2021:10:12:32 +0800] "GET /xingrg/kc/buy/cgsh_order_add.html HTTP/1.1" 200 63360
116.235.222.38 - - [19/Aug/2021:10:12:33 +0800] "POST /xingrg/kc/buy/cgsh_order_operate.html HTTP/1.1" 200 8245
116.235.222.38 - - [19/Aug/2021:10:12:33 +0800] "GET /xingrg/javascript/easyui/themes/default/validatebox.css HTTP/1.1" 404 1104
116.235.222.38 - - [19/Aug/2021:10:12:34 +0800] "GET /xingrg/javascript/easyui/themes/default/tree.css HTTP/1.1" 404 1090
116.235.222.38 - - [19/Aug/2021:10:12:35 +0800] "POST /xingrg/all/common/load_tree.html?tree=supplier_tree_json&isDelete=1 HTTP/1.1" 200 57451
116.238.194.18 - - [19/Aug/2021:10:12:36 +0800] "GET /xingrg/all/function/internal_message.html?_=1629339157275&CODE_STATE=getMsg HTTP/1.1" 200 27
117.184.7.26 - - [19/Aug/2021:10:12:42 +0800] "POST /xingrg/kc/buy/cgsh_list_operate.html HTTP/1.1" 200 5652
117.184.7.26 - - [19/Aug/2021:10:12:46 +0800] "POST /xingrg/kc/buy/cgsh_list_operate.html HTTP/1.1" 200 556
117.184.7.26 - - [19/Aug/2021:10:12:48 +0800] "GET /xingrg/kc/buy/cgsh_order_info.html?code=212021081808348 HTTP/1.1" 200 63287
117.184.7.26 - - [19/Aug/2021:10:12:48 +0800] "GET /xingrg/javascript/easyui/themes/default/validatebox.css HTTP/1.1" 404 1104
117.184.7.26 - - [19/Aug/2021:10:12:49 +0800] "POST /xingrg/kc/buy/cgsh_order_operate.html HTTP/1.1" 200 22753
116.235.222.38 - - [19/Aug/2021:10:12:49 +0800] "GET /xingrg/kc/buy/cgsh_order_operate.html?command=get_materiel&rest_code=00107&code=00101007075&supplier_code=00100002&order_time=2021-08-19 HTTP/1.1" 200 408
222.70.178.182 - - [19/Aug/2021:10:12:52 +0800] "GET /xingrg/all/function/internal_message.html?_=1629339170633&CODE_STATE=getMsg HTTP/1.1" 302 -
101.83.145.79 - - [19/Aug/2021:10:12:57 +0800] "GET /xingrg/all/function/internal_message.html?_=1629339133760&CODE_STATE=getMsg HTTP/1.1" 200 27
101.83.145.79 - - [19/Aug/2021:10:12:58 +0800] "GET /xingrg/check_reg.html?_=1629339134449 HTTP/1.1" 200 22
117.184.7.26 - - [19/Aug/2021:10:13:02 +0800] "GET /xingrg/all/function/internal_message.html?_=1629339176214&CODE_STATE=getMsg HTTP/1.1" 200 27
222.70.246.151 - - [19/Aug/2021:10:13:06 +0800] "GET /xingrg/all/function/internal_message.html?_=1629339193482&CODE_STATE=getMsg HTTP/1.1" 200 27
180.169.147.146 - - [19/Aug/2021:10:13:06 +0800] "GET /xingrg/all/function/internal_message.html?_=1629339187884&CODE_STATE=getMsg HTTP/1.1" 200 27
180.169.147.146 - - [19/Aug/2021:10:13:08 +0800] "GET /xingrg/all/function/internal_message.html?_=1629339185801&CODE_STATE=getMsg HTTP/1.1" 200 27
114.88.154.248 - - [19/Aug/2021:10:13:09 +0800] "GET /xingrg/all/function/internal_message.html?_=1629339080477&CODE_STATE=getMsg HTTP/1.1" 200 27
116.235.222.38 - - [19/Aug/2021:10:13:09 +0800] "GET /xingrg/kc/buy/cgsh_order_operate.html?command=get_materiel&rest_code=00107&code=00101007061&supplier_code=00100002&order_time=2021-08-19 HTTP/1.1" 200 409
116.235.222.38 - - [19/Aug/2021:10:13:15 +0800] "GET /xingrg/all/function/internal_message.html?_=1629339191941&CODE_STATE=getMsg HTTP/1.1" 200 27
116.232.54.86 - - [19/Aug/2021:10:13:17 +0800] "GET /xingrg/all/function/internal_message.html?_=1629339198614&CODE_STATE=getMsg HTTP/1.1" 200 27
180.169.147.146 - - [19/Aug/2021:10:13:25 +0800] "GET /xingrg/all/function/internal_message.html?_=1629339208598&CODE_STATE=getMsg HTTP/1.1" 200 27
116.235.222.38 - - [19/Aug/2021:10:13:25 +0800] "GET /xingrg/kc/buy/cgsh_order_operate.html?command=get_materiel&rest_code=00107&code=00101007022&supplier_code=00100002&order_time=2021-08-19 HTTP/1.1" 200 413
180.169.147.146 - - [19/Aug/2021:10:13:26 +0800] "GET /xingrg/all/function/internal_message.html?_=1629339212842&CODE_STATE=getMsg HTTP/1.1" 200 27
116.235.222.38 - - [19/Aug/2021:10:13:26 +0800] "GET /xingrg/all/function/internal_message.html?_=1629339203105&CODE_STATE=getMsg HTTP/1.1" 200 27
116.238.194.18 - - [19/Aug/2021:10:13:28 +0800] "GET /xingrg/all/function/internal_message.html?_=1629339148591&CODE_STATE=getMsg HTTP/1.1" 200 27
116.238.194.18 - - [19/Aug/2021:10:13:36 +0800] "GET /xingrg/all/function/internal_message.html?_=1629339217276&CODE_STATE=getMsg HTTP/1.1" 200 27
180.169.147.146 - - [19/Aug/2021:10:13:40 +0800] "GET /xingrg/check_reg.html?_=1629339217705 HTTP/1.1" 200 22
116.235.222.38 - - [19/Aug/2021:10:13:42 +0800] "GET /xingrg/kc/buy/cgsh_order_operate.html?command=get_materiel&rest_code=00107&code=00101007077&supplier_code=00100002&order_time=2021-08-19 HTTP/1.1" 200 415
222.70.178.182 - - [19/Aug/2021:10:13:52 +0800] "GET /xingrg/all/function/internal_message.html?_=1629339230619&CODE_STATE=getMsg HTTP/1.1" 302 -
116.235.222.38 - - [19/Aug/2021:10:13:53 +0800] "POST /xingrg/kc/buy/cgsh_order_operate.html HTTP/1.1" 200 37
116.235.222.38 - - [19/Aug/2021:10:13:55 +0800] "POST /xingrg/kc/buy/cgsh_order_operate.html HTTP/1.1" 200 4431
101.83.145.79 - - [19/Aug/2021:10:13:57 +0800] "GET /xingrg/all/function/internal_message.html?_=1629339193736&CODE_STATE=getMsg HTTP/1.1" 200 27
116.235.222.38 - - [19/Aug/2021:10:13:58 +0800] "GET /xingrg/kc/print/load_data.html?order_code=212021081908525&kc_code=cgsh&condition= HTTP/1.1" 200 1414
117.184.7.26 - - [19/Aug/2021:10:14:01 +0800] "GET /xingrg/all/function/internal_message.html?_=1629339236185&CODE_STATE=getMsg HTTP/1.1" 200 27
117.184.7.26 - - [19/Aug/2021:10:14:02 +0800] "GET /xingrg/check_reg.html?_=1629339236202 HTTP/1.1" 200 22
180.169.147.146 - - [19/Aug/2021:10:14:06 +0800] "GET /xingrg/check_reg.html?_=1629339247875 HTTP/1.1" 200 22
180.169.147.146 - - [19/Aug/2021:10:14:06 +0800] "GET /xingrg/all/function/internal_message.html?_=1629339247879&CODE_STATE=getMsg HTTP/1.1" 200 27
222.70.246.151 - - [19/Aug/2021:10:14:06 +0800] "GET /xingrg/all/function/internal_message.html?_=1629339253805&CODE_STATE=getMsg HTTP/1.1" 200 27
180.169.147.146 - - [19/Aug/2021:10:14:08 +0800] "GET /xingrg/all/function/internal_message.html?_=1629339245782&CODE_STATE=getMsg HTTP/1.1" 200 27
114.88.154.248 - - [19/Aug/2021:10:14:09 +0800] "GET /xingrg/all/function/internal_message.html?_=1629339140458&CODE_STATE=getMsg HTTP/1.1" 200 27
116.235.222.38 - - [19/Aug/2021:10:14:15 +0800] "GET /xingrg/all/function/internal_message.html?_=1629339251923&CODE_STATE=getMsg HTTP/1.1" 200 27
116.232.54.86 - - [19/Aug/2021:10:14:17 +0800] "GET /xingrg/all/function/internal_message.html?_=1629339258617&CODE_STATE=getMsg HTTP/1.1" 200 27
180.174.198.13 - - [19/Aug/2021:10:14:18 +0800] "GET /favicon.ico HTTP/1.1" 404 -
180.174.198.13 - - [19/Aug/2021:10:14:19 +0800] "GET /favicon.ico HTTP/1.1" 404 -
116.235.222.38 - - [19/Aug/2021:10:14:19 +0800] "GET /xingrg/kc/base/base_main.html HTTP/1.1" 200 12142
180.174.198.13 - - [19/Aug/2021:10:14:19 +0800] "GET /favicon.ico HTTP/1.1" 404 -
180.174.198.13 - - [19/Aug/2021:10:14:20 +0800] "GET /favicon.ico HTTP/1.1" 404 -
116.235.222.38 - - [19/Aug/2021:10:14:20 +0800] "GET /xingrg/kc/base/wldb_order_list.html HTTP/1.1" 200 19189
180.174.198.13 - - [19/Aug/2021:10:14:21 +0800] "GET /xingrg/login.html HTTP/1.1" 200 7641
180.174.198.13 - - [19/Aug/2021:10:14:21 +0800] "GET /xingrg/images/blue/jxLogo.png HTTP/1.1" 200 6156
180.174.198.13 - - [19/Aug/2021:10:14:22 +0800] "GET /xingrg/images/blue/hj.png HTTP/1.1" 200 1014
180.174.198.13 - - [19/Aug/2021:10:14:22 +0800] "GET /xingrg/images/blue/srbg.png HTTP/1.1" 200 138
180.174.198.13 - - [19/Aug/2021:10:14:22 +0800] "GET /xingrg/images/blue/login_bg.png HTTP/1.1" 200 22101
116.235.222.38 - - [19/Aug/2021:10:14:22 +0800] "POST /xingrg/kc/base/wldb_list_operate.html HTTP/1.1" 200 928
180.174.198.13 - - [19/Aug/2021:10:14:23 +0800] "GET /favicon.ico HTTP/1.1" 404 -
180.169.147.146 - - [19/Aug/2021:10:14:25 +0800] "GET /xingrg/all/function/internal_message.html?_=1629339268599&CODE_STATE=getMsg HTTP/1.1" 200 27
180.169.147.146 - - [19/Aug/2021:10:14:26 +0800] "GET /xingrg/all/function/internal_message.html?_=1629339272842&CODE_STATE=getMsg HTTP/1.1" 200 27
116.235.222.38 - - [19/Aug/2021:10:14:26 +0800] "GET /xingrg/all/function/internal_message.html?_=1629339263105&CODE_STATE=getMsg HTTP/1.1" 200 27
116.235.222.38 - - [19/Aug/2021:10:14:28 +0800] "GET /xingrg/kc/base/wldb_order_add.html HTTP/1.1" 200 30399
180.174.198.13 - - [19/Aug/2021:10:14:28 +0800] "POST /xingrg/login.do HTTP/1.1" 302 -
116.238.194.18 - - [19/Aug/2021:10:14:28 +0800] "GET /xingrg/all/function/internal_message.html?_=1629339208605&CODE_STATE=getMsg HTTP/1.1" 200 27
180.174.198.13 - - [19/Aug/2021:10:14:28 +0800] "GET /xingrg/javascript/jquery_easy_ui/themes/icon.css HTTP/1.1" 200 3949
116.235.222.38 - - [19/Aug/2021:10:14:28 +0800] "GET /xingrg/all/common/auto_word.html?type=base&rest_code=00107 HTTP/1.1" 200 1861
180.174.198.13 - - [19/Aug/2021:10:14:28 +0800] "GET /xingrg/index.html?sysBaseUrl=http%3A%2F%2F180.169.147.146%3A18081%2Fxingrg%2F&costTime=1581×tamp=1629339268545 HTTP/1.1" 200 17173
116.235.222.38 - - [19/Aug/2021:10:14:28 +0800] "GET /xingrg/all/common/auto_word.html?type=base&rest_code=00107 HTTP/1.1" 200 1861
180.174.198.13 - - [19/Aug/2021:10:14:28 +0800] "GET /xingrg/javascript/jquery-1.4.2.min.js HTTP/1.1" 200 72205
180.174.198.13 - - [19/Aug/2021:10:14:28 +0800] "GET /xingrg/javascript/jquery_easy_ui/easyui-lang-zh_CN.js HTTP/1.1" 200 1900
180.174.198.13 - - [19/Aug/2021:10:14:28 +0800] "GET /xingrg/css/form.css HTTP/1.1" 200 893
180.174.198.13 - - [19/Aug/2021:10:14:28 +0800] "GET /xingrg/javascript/jquery_easy_ui/jquery.easyui.min.js HTTP/1.1" 200 213662
180.174.198.13 - - [19/Aug/2021:10:14:28 +0800] "GET /xingrg/javascript/jquery.timers.js HTTP/1.1" 200 3532
180.174.198.13 - - [19/Aug/2021:10:14:28 +0800] "GET /xingrg/javascript/jquery_easy_ui/themes/default/easyui.css HTTP/1.1" 200 26500
180.174.198.13 - - [19/Aug/2021:10:14:28 +0800] "GET /xingrg/javascript/jquery.utils.js HTTP/1.1" 200 11805
180.174.198.13 - - [19/Aug/2021:10:14:28 +0800] "GET /xingrg/javascript/jquery.form.js HTTP/1.1" 200 23110
116.235.222.38 - - [19/Aug/2021:10:14:28 +0800] "GET /xingrg/javascript/easyui/themes/default/validatebox.css HTTP/1.1" 404 1104
116.235.222.38 - - [19/Aug/2021:10:14:28 +0800] "POST /xingrg/kc/base/wldb_order_operate.html HTTP/1.1" 200 6806
180.174.198.13 - - [19/Aug/2021:10:14:29 +0800] "GET /favicon.ico HTTP/1.1" 404 -
180.174.198.13 - - [19/Aug/2021:10:14:29 +0800] "GET /xingrg/images/blue/pingpu.png HTTP/1.1" 200 231
180.174.198.13 - - [19/Aug/2021:10:14:29 +0800] "GET /xingrg/javascript/jquery_easy_ui/themes/icons/settle_new.png HTTP/1.1" 200 826
180.174.198.13 - - [19/Aug/2021:10:14:29 +0800] "GET /xingrg/javascript/jquery_easy_ui/themes/default/images/tabs_leftarrow.png HTTP/1.1" 200 389
180.174.198.13 - - [19/Aug/2021:10:14:29 +0800] "GET /xingrg/javascript/jquery_easy_ui/themes/default/images/tabs_rightarrow.png HTTP/1.1" 200 395
180.174.198.13 - - [19/Aug/2021:10:14:29 +0800] "GET /xingrg/images/blue/navBackgound.jpg HTTP/1.1" 200 12378
180.174.198.13 - - [19/Aug/2021:10:14:29 +0800] "GET /xingrg/javascript/jquery_easy_ui/themes/default/images/panel_tool_collapse.gif HTTP/1.1" 200 246
180.174.198.13 - - [19/Aug/2021:10:14:29 +0800] "POST /xingrg/all/common/load_tree.html?tree=area_rest_tree_json&manage=1 HTTP/1.1" 200 342
180.174.198.13 - - [19/Aug/2021:10:14:29 +0800] "GET /xingrg/all/function/internal_message.html?_=1629339251914&CODE_STATE=count HTTP/1.1" 200 11
180.174.198.13 - - [19/Aug/2021:10:14:29 +0800] "GET /xingrg/check_reg.html?_=1629339251915 HTTP/1.1" 200 22
180.174.198.13 - - [19/Aug/2021:10:14:30 +0800] "GET /xingrg/javascript/jquery_easy_ui/themes/default/images/tree_arrows.gif HTTP/1.1" 200 1043
180.174.198.13 - - [19/Aug/2021:10:14:30 +0800] "POST /xingrg/load_menu.html HTTP/1.1" 200 5138
180.174.198.13 - - [19/Aug/2021:10:14:30 +0800] "GET /xingrg/javascript/jquery_easy_ui/themes/default/images/tree_folder_open.gif HTTP/1.1" 200 956
180.174.198.13 - - [19/Aug/2021:10:14:30 +0800] "GET /xingrg/javascript/jquery_easy_ui/themes/icons/search_new.png HTTP/1.1" 200 586
180.174.198.13 - - [19/Aug/2021:10:14:30 +0800] "GET /xingrg/javascript/jquery_easy_ui/themes/default/images/tree_folder.gif HTTP/1.1" 200 952
180.174.198.13 - - [19/Aug/2021:10:14:30 +0800] "GET /xingrg/javascript/jquery_easy_ui/themes/icons/storage_new.png HTTP/1.1" 200 853
180.174.198.13 - - [19/Aug/2021:10:14:30 +0800] "GET /xingrg/javascript/jquery_easy_ui/themes/icons/forms_new.png HTTP/1.1" 200 350
180.174.198.13 - - [19/Aug/2021:10:14:30 +0800] "GET /xingrg/javascript/jquery_easy_ui/themes/default/images/tree_file.gif HTTP/1.1" 200 118
116.235.222.38 - - [19/Aug/2021:10:14:31 +0800] "POST /xingrg/all/common/load_combo.html?type=base HTTP/1.1" 200 3324
180.174.198.13 - - [19/Aug/2021:10:14:32 +0800] "GET /xingrg/javascript/jquery_easy_ui/themes/default/images/tabs_close.gif HTTP/1.1" 200 829
117.184.7.26 - - [19/Aug/2021:10:14:33 +0800] "GET /xingrg/kc/buy/cgsh_order_operate.html?command=get_materiel&rest_code=00108&code=00101008238&supplier_code=00100008&order_time=2021-08-18 HTTP/1.1" 200 416
180.174.198.13 - - [19/Aug/2021:10:14:33 +0800] "GET /xingrg/css/site.css HTTP/1.1" 200 7541
180.174.198.13 - - [19/Aug/2021:10:14:33 +0800] "GET /xingrg/javascript/jquery_tools/datebox.css HTTP/1.1" 200 2597
180.174.198.13 - - [19/Aug/2021:10:14:33 +0800] "GET /xingrg/css/base.css HTTP/1.1" 200 2811
180.174.198.13 - - [19/Aug/2021:10:14:33 +0800] "GET /xingrg/javascript/jquery_tools/fix.css HTTP/1.1" 200 1702
180.174.198.13 - - [19/Aug/2021:10:14:33 +0800] "GET /xingrg/javascript/auto/jquery.autocomplete.css HTTP/1.1" 200 587
180.174.198.13 - - [19/Aug/2021:10:14:33 +0800] "GET /xingrg/javascript/jquery_tools/table.css HTTP/1.1" 200 1032
180.174.198.13 - - [19/Aug/2021:10:14:33 +0800] "GET /xingrg/javascript/easyui/themes/icon.css HTTP/1.1" 200 4483
180.174.198.13 - - [19/Aug/2021:10:14:33 +0800] "GET /xingrg/javascript/jquery_tools/jquery.tools.min.js HTTP/1.1" 200 138801
180.174.198.13 - - [19/Aug/2021:10:14:33 +0800] "GET /xingrg/javascript/jquery_tools/jquery.tools.hotkey.js HTTP/1.1" 200 3242
180.174.198.13 - - [19/Aug/2021:10:14:33 +0800] "GET /xingrg/javascript/jquery_tools/jquery.tools.table.js HTTP/1.1" 200 6994
180.174.198.13 - - [19/Aug/2021:10:14:33 +0800] "GET /xingrg/javascript/easyui/easyloader.js HTTP/1.1" 200 5975
180.174.198.13 - - [19/Aug/2021:10:14:33 +0800] "GET /xingrg/javascript/jquery_tools/list_manager.js HTTP/1.1" 200 3652
180.174.198.13 - - [19/Aug/2021:10:14:33 +0800] "GET /xingrg/javascript/jquery.cookie.js HTTP/1.1" 200 5513
180.174.198.13 - - [19/Aug/2021:10:14:33 +0800] "GET /xingrg/javascript/jquery_tools/jquery.tools.extend.js HTTP/1.1" 200 15385
180.174.198.13 - - [19/Aug/2021:10:14:33 +0800] "GET /xingrg/javascript/print/LodopFuncs.js HTTP/1.1" 200 5121
180.174.198.13 - - [19/Aug/2021:10:14:33 +0800] "GET /xingrg/kc/buy/cgsh_order_list.html HTTP/1.1" 200 47534
180.174.198.13 - - [19/Aug/2021:10:14:33 +0800] "GET /xingrg/javascript/easyui/themes/default/easyui.css HTTP/1.1" 200 30432
180.174.198.13 - - [19/Aug/2021:10:14:33 +0800] "GET /xingrg/javascript/auto/jquery.autocomplete.js HTTP/1.1" 200 21624
180.174.198.13 - - [19/Aug/2021:10:14:34 +0800] "GET /xingrg/javascript/easyui/themes/icons/cance_new.png HTTP/1.1" 200 3986
180.174.198.13 - - [19/Aug/2021:10:14:34 +0800] "GET /xingrg/javascript/easyui/themes/icons/check_new.png HTTP/1.1" 200 3224
180.174.198.13 - - [19/Aug/2021:10:14:34 +0800] "GET /xingrg/javascript/easyui/plugins/jquery.parser.js HTTP/1.1" 200 1142
180.174.198.13 - - [19/Aug/2021:10:14:34 +0800] "GET /xingrg/images/control/ajaxLoader.gif HTTP/1.1" 200 4659
180.174.198.13 - - [19/Aug/2021:10:14:34 +0800] "GET /xingrg/javascript/easyui/themes/icons/edit_add_new.png HTTP/1.1" 200 2997
180.174.198.13 - - [19/Aug/2021:10:14:34 +0800] "GET /xingrg/javascript/easyui/themes/icons/field_new.png HTTP/1.1" 200 1097
180.174.198.13 - - [19/Aug/2021:10:14:34 +0800] "GET /xingrg/javascript/easyui/themes/icons/import_new.png HTTP/1.1" 200 1247
116.238.194.18 - - [19/Aug/2021:10:14:36 +0800] "GET /xingrg/check_reg.html?_=1629339277282 HTTP/1.1" 200 22
116.238.194.18 - - [19/Aug/2021:10:14:36 +0800] "GET /xingrg/all/function/internal_message.html?_=1629339277286&CODE_STATE=getMsg HTTP/1.1" 200 27
180.174.198.13 - - [19/Aug/2021:10:14:37 +0800] "POST /xingrg/kc/buy/cgsh_list_operate.html HTTP/1.1" 200 876
117.184.7.26 - - [19/Aug/2021:10:14:45 +0800] "POST /xingrg/kc/buy/cgsh_order_operate.html HTTP/1.1" 200 37
117.184.7.26 - - [19/Aug/2021:10:14:47 +0800] "POST /xingrg/kc/buy/cgsh_order_operate.html HTTP/1.1" 200 22753
222.70.178.182 - - [19/Aug/2021:10:14:52 +0800] "GET /xingrg/all/function/internal_message.html?_=1629339290603&CODE_STATE=getMsg HTTP/1.1" 302 -
101.83.145.79 - - [19/Aug/2021:10:14:57 +0800] "GET /xingrg/all/function/internal_message.html?_=1629339253720&CODE_STATE=getMsg HTTP/1.1" 200 27
117.184.7.26 - - [19/Aug/2021:10:15:00 +0800] "GET /favicon.ico HTTP/1.1" 404 -
117.184.7.26 - - [19/Aug/2021:10:15:01 +0800] "GET /xingrg/all/function/internal_message.html?_=1629339296156&CODE_STATE=getMsg HTTP/1.1" 200 27
117.184.7.26 - - [19/Aug/2021:10:15:02 +0800] "POST /xingrg/kc/buy/cgsh_list_operate.html HTTP/1.1" 200 5652
180.169.147.146 - - [19/Aug/2021:10:15:06 +0800] "GET /xingrg/all/function/internal_message.html?_=1629339307883&CODE_STATE=getMsg HTTP/1.1" 200 27
222.70.246.151 - - [19/Aug/2021:10:15:06 +0800] "GET /xingrg/all/function/internal_message.html?_=1629339313807&CODE_STATE=getMsg HTTP/1.1" 200 27
114.88.154.248 - - [19/Aug/2021:10:15:09 +0800] "GET /xingrg/all/function/internal_message.html?_=1629339200453&CODE_STATE=getMsg HTTP/1.1" 200 27
116.235.222.38 - - [19/Aug/2021:10:15:15 +0800] "GET /xingrg/all/function/internal_message.html?_=1629339311904&CODE_STATE=getMsg HTTP/1.1" 200 27
180.174.198.13 - - [19/Aug/2021:10:15:16 +0800] "GET /xingrg/javascript/jquery_easy_ui/themes/icons/area.png HTTP/1.1" 200 262
180.174.198.13 - - [19/Aug/2021:10:15:16 +0800] "GET /xingrg/javascript/jquery_easy_ui/themes/icons/rest.png HTTP/1.1" 200 695
116.232.54.86 - - [19/Aug/2021:10:15:17 +0800] "GET /xingrg/all/function/internal_message.html?_=1629339318620&CODE_STATE=getMsg HTTP/1.1" 200 27
116.232.54.86 - - [19/Aug/2021:10:15:17 +0800] "GET /xingrg/check_reg.html?_=1629339318620 HTTP/1.1" 200 22
180.174.198.13 - - [19/Aug/2021:10:15:17 +0800] "GET /xingrg/javascript/easyui/themes/default/images/button_plain_hover.png HTTP/1.1" 200 144
180.174.198.13 - - [19/Aug/2021:10:15:19 +0800] "GET /xingrg/javascript/pic_change.js HTTP/1.1" 200 4739
180.174.198.13 - - [19/Aug/2021:10:15:19 +0800] "GET /xingrg/javascript/convert.js HTTP/1.1" 200 1239
180.174.198.13 - - [19/Aug/2021:10:15:19 +0800] "GET /xingrg/javascript/json2.js HTTP/1.1" 200 11259
180.174.198.13 - - [19/Aug/2021:10:15:19 +0800] "GET /xingrg/kc/buy/cgsh_order_add.html HTTP/1.1" 200 63231
180.174.198.13 - - [19/Aug/2021:10:15:19 +0800] "GET /xingrg/javascript/print/kc_print.js HTTP/1.1" 200 11415
180.174.198.13 - - [19/Aug/2021:10:15:19 +0800] "GET /xingrg/javascript/jquery_tools/order_manager.js HTTP/1.1" 200 11183
180.174.198.13 - - [19/Aug/2021:10:15:19 +0800] "GET /xingrg/words/20210819093241_words.js HTTP/1.1" 200 835798
180.174.198.13 - - [19/Aug/2021:10:15:19 +0800] "GET /xingrg/javascript/easyui/themes/icons/copy_new.png HTTP/1.1" 200 815
180.174.198.13 - - [19/Aug/2021:10:15:19 +0800] "GET /xingrg/javascript/easyui/themes/icons/template_new.png HTTP/1.1" 200 3956
180.174.198.13 - - [19/Aug/2021:10:15:19 +0800] "GET /xingrg/javascript/easyui/themes/icons/ok.png HTTP/1.1" 200 883
180.174.198.13 - - [19/Aug/2021:10:15:19 +0800] "GET /xingrg/javascript/easyui/themes/icons/print.png HTTP/1.1" 200 1057
180.174.198.13 - - [19/Aug/2021:10:15:19 +0800] "GET /xingrg/javascript/easyui/themes/default/images/menu_downarrow.png HTTP/1.1" 200 173
180.174.198.13 - - [19/Aug/2021:10:15:19 +0800] "GET /xingrg/javascript/easyui/themes/icons/cancel.png HTTP/1.1" 200 1133
180.174.198.13 - - [19/Aug/2021:10:15:20 +0800] "POST /xingrg/kc/buy/cgsh_order_operate.html HTTP/1.1" 200 8245
180.174.198.13 - - [19/Aug/2021:10:15:20 +0800] "GET /xingrg/javascript/easyui/themes/icons/edit_remove.png HTTP/1.1" 200 625
180.174.198.13 - - [19/Aug/2021:10:15:21 +0800] "GET /xingrg/all/common/auto_word.html?type=employee&rest_code=00102 HTTP/1.1" 200 189
180.174.198.13 - - [19/Aug/2021:10:15:21 +0800] "GET /xingrg/all/common/auto_word.html?type=employee&rest_code=00102 HTTP/1.1" 200 189
180.174.198.13 - - [19/Aug/2021:10:15:21 +0800] "GET /xingrg/javascript/easyui/themes/default/validatebox.css HTTP/1.1" 404 1104
180.174.198.13 - - [19/Aug/2021:10:15:21 +0800] "GET /xingrg/javascript/easyui/plugins/jquery.validatebox.js HTTP/1.1" 200 6103
180.174.198.13 - - [19/Aug/2021:10:15:21 +0800] "GET /xingrg/javascript/easyui/plugins/jquery.numberbox.js HTTP/1.1" 200 5213
180.174.198.13 - - [19/Aug/2021:10:15:21 +0800] "GET /xingrg/javascript/auto/indicator.gif HTTP/1.1" 404 1066
180.169.147.146 - - [19/Aug/2021:10:15:25 +0800] "GET /xingrg/all/function/internal_message.html?_=1629339328617&CODE_STATE=getMsg HTTP/1.1" 200 27
180.169.147.146 - - [19/Aug/2021:10:15:26 +0800] "GET /xingrg/check_reg.html?_=1629339332840 HTTP/1.1" 200 22
180.169.147.146 - - [19/Aug/2021:10:15:26 +0800] "GET /xingrg/all/function/internal_message.html?_=1629339332844&CODE_STATE=getMsg HTTP/1.1" 200 27
116.235.222.38 - - [19/Aug/2021:10:15:26 +0800] "GET /xingrg/all/function/internal_message.html?_=1629339323112&CODE_STATE=getMsg HTTP/1.1" 200 27
116.238.194.18 - - [19/Aug/2021:10:15:28 +0800] "GET /xingrg/all/function/internal_message.html?_=1629339268635&CODE_STATE=getMsg HTTP/1.1" 200 27
180.174.198.13 - - [19/Aug/2021:10:15:29 +0800] "GET /xingrg/all/function/internal_message.html?_=1629339311924&CODE_STATE=getMsg HTTP/1.1" 200 27
116.238.194.18 - - [19/Aug/2021:10:15:36 +0800] "GET /xingrg/all/function/internal_message.html?_=1629339337276&CODE_STATE=getMsg HTTP/1.1" 200 27
180.174.198.13 - - [19/Aug/2021:10:15:41 +0800] "GET /xingrg/kc/buy/cgsh_order_operate.html?command=get_materiel&rest_code=00102&code=00101007006&supplier_code=00100096&order_time=2021-08-19 HTTP/1.1" 200 413
222.70.178.182 - - [19/Aug/2021:10:15:46 +0800] "GET /xingrg/login.html HTTP/1.1" 200 7641
222.70.178.182 - - [19/Aug/2021:10:15:46 +0800] "GET /favicon.ico HTTP/1.1" 404 -
114.88.154.248 - - [19/Aug/2021:10:15:50 +0800] "GET /xingrg/kc/buy/cgsh_order_add.html HTTP/1.1" 200 63278
114.88.154.248 - - [19/Aug/2021:10:15:51 +0800] "GET /xingrg/javascript/easyui/themes/default/validatebox.css HTTP/1.1" 404 1104
114.88.154.248 - - [19/Aug/2021:10:15:51 +0800] "POST /xingrg/kc/buy/cgsh_order_operate.html HTTP/1.1" 200 8245
117.184.7.26 - - [19/Aug/2021:10:15:53 +0800] "POST /xingrg/kc/buy/cgsh_list_operate.html HTTP/1.1" 200 556
101.83.145.79 - - [19/Aug/2021:10:15:57 +0800] "GET /xingrg/all/function/internal_message.html?_=1629339313706&CODE_STATE=getMsg HTTP/1.1" 200 27
180.174.198.13 - - [19/Aug/2021:10:15:59 +0800] "POST /xingrg/kc/buy/cgsh_order_operate.html HTTP/1.1" 200 37
117.184.7.26 - - [19/Aug/2021:10:16:01 +0800] "GET /xingrg/all/function/internal_message.html?_=1629339356143&CODE_STATE=getMsg HTTP/1.1" 200 27
117.184.7.26 - - [19/Aug/2021:10:16:02 +0800] "GET /xingrg/kc/buy/cgsh_order_info.html?code=212021081808348 HTTP/1.1" 200 63287
117.184.7.26 - - [19/Aug/2021:10:16:02 +0800] "GET /xingrg/words/20210819093241_words.js HTTP/1.1" 304 -
117.184.7.26 - - [19/Aug/2021:10:16:03 +0800] "GET /xingrg/javascript/easyui/themes/default/validatebox.css HTTP/1.1" 404 1104
101.93.222.235 - - [19/Aug/2021:10:16:03 +0800] "GET /favicon.ico HTTP/1.1" 404 -
117.184.7.26 - - [19/Aug/2021:10:16:03 +0800] "POST /xingrg/kc/buy/cgsh_order_operate.html HTTP/1.1" 200 22753
180.169.147.146 - - [19/Aug/2021:10:16:06 +0800] "GET /xingrg/all/function/internal_message.html?_=1629339367872&CODE_STATE=getMsg HTTP/1.1" 200 27
180.174.198.13 - - [19/Aug/2021:10:16:06 +0800] "POST /xingrg/kc/buy/cgsh_order_operate.html HTTP/1.1" 200 12
222.70.246.151 - - [19/Aug/2021:10:16:07 +0800] "GET /xingrg/all/function/internal_message.html?_=1629339374126&CODE_STATE=getMsg HTTP/1.1" 200 27
180.174.198.13 - - [19/Aug/2021:10:16:08 +0800] "GET /xingrg/kc/buy/cgsh_order_info.html?code=212021081908526 HTTP/1.1" 200 58128
114.88.154.248 - - [19/Aug/2021:10:16:09 +0800] "GET /xingrg/all/function/internal_message.html?_=1629339260419&CODE_STATE=getMsg HTTP/1.1" 200 27
180.174.198.13 - - [19/Aug/2021:10:16:09 +0800] "GET /xingrg/javascript/easyui/themes/default/validatebox.css HTTP/1.1" 404 1104
114.88.154.248 - - [19/Aug/2021:10:16:09 +0800] "GET /xingrg/check_reg.html?_=1629339261082 HTTP/1.1" 200 22
180.174.198.13 - - [19/Aug/2021:10:16:10 +0800] "POST /xingrg/kc/buy/cgsh_order_operate.html HTTP/1.1" 200 612
180.174.198.13 - - [19/Aug/2021:10:16:11 +0800] "GET /xingrg/kc/print/load_config.html?kc_code=cgsh HTTP/1.1" 200 2076
180.174.198.13 - - [19/Aug/2021:10:16:12 +0800] "GET /xingrg/kc/print/load_data.html?order_code=212021081908526&kc_code=cgsh&condition= HTTP/1.1" 200 669
116.235.222.38 - - [19/Aug/2021:10:16:12 +0800] "GET /xingrg/check_reg.html?_=1629339369227 HTTP/1.1" 200 22
116.235.222.38 - - [19/Aug/2021:10:16:15 +0800] "GET /xingrg/all/function/internal_message.html?_=1629339371879&CODE_STATE=getMsg HTTP/1.1" 200 27
116.232.54.86 - - [19/Aug/2021:10:16:17 +0800] "GET /xingrg/all/function/internal_message.html?_=1629339378622&CODE_STATE=getMsg HTTP/1.1" 200 27
180.174.198.13 - - [19/Aug/2021:10:16:18 +0800] "GET /xingrg/kc/buy/cgsh_order_add.html HTTP/1.1" 200 63231
180.174.198.13 - - [19/Aug/2021:10:16:19 +0800] "POST /xingrg/kc/buy/cgsh_order_operate.html HTTP/1.1" 200 8245
180.174.198.13 - - [19/Aug/2021:10:16:19 +0800] "GET /xingrg/javascript/easyui/themes/default/validatebox.css HTTP/1.1" 404 1104
180.169.147.146 - - [19/Aug/2021:10:16:25 +0800] "GET /xingrg/all/function/internal_message.html?_=1629339388618&CODE_STATE=getMsg HTTP/1.1" 200 27
180.169.147.146 - - [19/Aug/2021:10:16:25 +0800] "GET /xingrg/check_reg.html?_=1629339388622 HTTP/1.1" 200 22
180.169.147.146 - - [19/Aug/2021:10:16:26 +0800] "GET /xingrg/all/function/internal_message.html?_=1629339392849&CODE_STATE=getMsg HTTP/1.1" 200 27
116.235.222.38 - - [19/Aug/2021:10:16:26 +0800] "GET /xingrg/all/function/internal_message.html?_=1629339383137&CODE_STATE=getMsg HTTP/1.1" 200 27
116.235.222.38 - - [19/Aug/2021:10:16:26 +0800] "GET /xingrg/check_reg.html?_=1629339383280 HTTP/1.1" 200 22
116.238.194.18 - - [19/Aug/2021:10:16:28 +0800] "GET /xingrg/all/function/internal_message.html?_=1629339328647&CODE_STATE=getMsg HTTP/1.1" 200 27
180.174.198.13 - - [19/Aug/2021:10:16:29 +0800] "GET /xingrg/javascript/easyui/plugins/jquery.draggable.js HTTP/1.1" 200 6121
180.174.198.13 - - [19/Aug/2021:10:16:29 +0800] "GET /xingrg/css/images/panel_loading.gif HTTP/1.1" 200 1737
180.174.198.13 - - [19/Aug/2021:10:16:29 +0800] "GET /xingrg/javascript/easyui/plugins/jquery.droppable.js HTTP/1.1" 200 1167
180.174.198.13 - - [19/Aug/2021:10:16:30 +0800] "GET /xingrg/javascript/easyui/themes/default/tree.css HTTP/1.1" 404 1090
180.174.198.13 - - [19/Aug/2021:10:16:30 +0800] "GET /xingrg/all/function/internal_message.html?_=1629339372096&CODE_STATE=getMsg HTTP/1.1" 200 27
180.174.198.13 - - [19/Aug/2021:10:16:30 +0800] "GET /xingrg/javascript/easyui/plugins/jquery.tree.js HTTP/1.1" 200 20874
180.174.198.13 - - [19/Aug/2021:10:16:31 +0800] "POST /xingrg/all/common/load_tree.html?tree=supplier_tree_json&isDelete=1 HTTP/1.1" 200 57451
180.174.198.13 - - [19/Aug/2021:10:16:33 +0800] "GET /xingrg/javascript/easyui/themes/default/images/tree_arrows.gif HTTP/1.1" 200 617
180.174.198.13 - - [19/Aug/2021:10:16:33 +0800] "GET /xingrg/javascript/easyui/themes/default/images/tree_folder_open.gif HTTP/1.1" 200 956
180.174.198.13 - - [19/Aug/2021:10:16:33 +0800] "GET /xingrg/javascript/easyui/themes/default/images/tree_folder.gif HTTP/1.1" 200 952
180.174.198.13 - - [19/Aug/2021:10:16:33 +0800] "GET /xingrg/javascript/easyui/themes/default/images/tree_file.gif HTTP/1.1" 200 118
114.88.154.248 - - [19/Aug/2021:10:16:34 +0800] "GET /xingrg/kc/buy/cgsh_order_operate.html?command=get_materiel&rest_code=00141&code=00101006111&supplier_code=00100012&order_time=2021-08-19 HTTP/1.1" 200 409
116.238.194.18 - - [19/Aug/2021:10:16:36 +0800] "GET /xingrg/all/function/internal_message.html?_=1629339397276&CODE_STATE=getMsg HTTP/1.1" 200 27
222.70.178.182 - - [19/Aug/2021:10:16:42 +0800] "POST /xingrg/login.do HTTP/1.1" 302 -
222.70.178.182 - - [19/Aug/2021:10:16:42 +0800] "GET /xingrg/index.html?sysBaseUrl=http%3A%2F%2F180.169.147.146%3A18081%2Fxingrg%2F&costTime=1269×tamp=1629339402447 HTTP/1.1" 200 17173
222.70.178.182 - - [19/Aug/2021:10:16:42 +0800] "GET /favicon.ico HTTP/1.1" 404 -
222.70.178.182 - - [19/Aug/2021:10:16:42 +0800] "GET /xingrg/check_reg.html?_=1629339400862 HTTP/1.1" 200 22
222.70.178.182 - - [19/Aug/2021:10:16:42 +0800] "GET /xingrg/all/function/internal_message.html?_=1629339400862&CODE_STATE=count HTTP/1.1" 200 11
222.70.178.182 - - [19/Aug/2021:10:16:42 +0800] "POST /xingrg/all/common/load_tree.html?tree=area_rest_tree_json&manage=1 HTTP/1.1" 200 342
222.70.178.182 - - [19/Aug/2021:10:16:42 +0800] "POST /xingrg/load_menu.html HTTP/1.1" 200 5138
180.174.198.13 - - [19/Aug/2021:10:16:43 +0800] "GET /favicon.ico HTTP/1.1" 404 -
222.70.246.151 - - [19/Aug/2021:10:16:47 +0800] "GET /xingrg/check_reg.html?_=1629339414682 HTTP/1.1" 200 22
222.70.178.182 - - [19/Aug/2021:10:16:51 +0800] "GET /xingrg/css/new_ie.css HTTP/1.1" 404 1036
222.70.178.182 - - [19/Aug/2021:10:16:51 +0800] "GET /xingrg/kc/buy/buy_main.html HTTP/1.1" 200 12412
222.70.178.182 - - [19/Aug/2021:10:16:52 +0800] "GET /xingrg/images/yd/bt.gif HTTP/1.1" 404 1040
222.70.178.182 - - [19/Aug/2021:10:16:53 +0800] "GET /xingrg/kc/buy/cgsh_order_list.html HTTP/1.1" 200 47534
114.88.154.248 - - [19/Aug/2021:10:16:56 +0800] "GET /xingrg/kc/buy/cgsh_order_operate.html?command=get_materiel&rest_code=00141&code=00101006130&supplier_code=00100012&order_time=2021-08-19 HTTP/1.1" 200 427
222.70.178.182 - - [19/Aug/2021:10:16:56 +0800] "POST /xingrg/kc/buy/cgsh_list_operate.html HTTP/1.1" 200 3135
101.83.145.79 - - [19/Aug/2021:10:16:57 +0800] "GET /xingrg/all/function/internal_message.html?_=1629339373692&CODE_STATE=getMsg HTTP/1.1" 200 27
180.174.198.13 - - [19/Aug/2021:10:16:57 +0800] "GET /xingrg/kc/buy/cgsh_order_operate.html?command=get_materiel&rest_code=00102&code=00101015001&supplier_code=00100054&order_time=2021-08-19 HTTP/1.1" 200 412
222.70.178.182 - - [19/Aug/2021:10:16:59 +0800] "POST /xingrg/kc/buy/cgsh_list_operate.html HTTP/1.1" 200 578
222.70.178.182 - - [19/Aug/2021:10:17:01 +0800] "GET /xingrg/kc/buy/cgsh_order_info.html?code=212021081908512 HTTP/1.1" 200 63281
222.70.178.182 - - [19/Aug/2021:10:17:01 +0800] "GET /xingrg/words/20210819093241_words.js HTTP/1.1" 304 -
222.70.178.182 - - [19/Aug/2021:10:17:01 +0800] "GET /xingrg/javascript/easyui/themes/default/validatebox.css HTTP/1.1" 404 1104
117.184.7.26 - - [19/Aug/2021:10:17:01 +0800] "GET /xingrg/all/function/internal_message.html?_=1629339416119&CODE_STATE=getMsg HTTP/1.1" 200 27
222.70.178.182 - - [19/Aug/2021:10:17:01 +0800] "GET /xingrg/all/common/auto_word.html?type=employee&rest_code=00111 HTTP/1.1" 200 155
222.70.178.182 - - [19/Aug/2021:10:17:01 +0800] "GET /xingrg/all/common/auto_word.html?type=employee&rest_code=00111 HTTP/1.1" 200 155
222.70.178.182 - - [19/Aug/2021:10:17:02 +0800] "POST /xingrg/kc/buy/cgsh_order_operate.html HTTP/1.1" 200 45815
222.70.178.182 - - [19/Aug/2021:10:17:04 +0800] "GET /xingrg/kc/print/load_config.html?kc_code=cgsh HTTP/1.1" 200 2076
222.70.178.182 - - [19/Aug/2021:10:17:05 +0800] "GET /xingrg/kc/print/load_data.html?order_code=212021081908512&kc_code=cgsh&condition= HTTP/1.1" 200 17006
180.169.147.146 - - [19/Aug/2021:10:17:06 +0800] "GET /xingrg/all/function/internal_message.html?_=1629339427882&CODE_STATE=getMsg HTTP/1.1" 200 27
114.88.154.248 - - [19/Aug/2021:10:17:06 +0800] "GET /xingrg/kc/buy/cgsh_order_operate.html?command=get_materiel&rest_code=00141&code=00101006055&supplier_code=00100012&order_time=2021-08-19 HTTP/1.1" 200 409
222.70.246.151 - - [19/Aug/2021:10:17:07 +0800] "GET /xingrg/all/function/internal_message.html?_=1629339434129&CODE_STATE=getMsg HTTP/1.1" 200 27
114.88.154.248 - - [19/Aug/2021:10:17:08 +0800] "GET /xingrg/all/function/internal_message.html?_=1629339320379&CODE_STATE=getMsg HTTP/1.1" 200 27
180.174.198.13 - - [19/Aug/2021:10:17:10 +0800] "GET /xingrg/kc/buy/cgsh_order_operate.html?command=get_materiel&rest_code=00102&code=00101015042&supplier_code=00100054&order_time=2021-08-19 HTTP/1.1" 200 408
116.235.222.38 - - [19/Aug/2021:10:17:15 +0800] "GET /xingrg/all/function/internal_message.html?_=1629339431853&CODE_STATE=getMsg HTTP/1.1" 200 27
116.232.54.86 - - [19/Aug/2021:10:17:17 +0800] "GET /xingrg/all/function/internal_message.html?_=1629339438625&CODE_STATE=getMsg HTTP/1.1" 200 27
180.174.198.13 - - [19/Aug/2021:10:17:20 +0800] "POST /xingrg/kc/buy/cgsh_order_operate.html HTTP/1.1" 200 37
180.169.147.146 - - [19/Aug/2021:10:17:25 +0800] "GET /xingrg/all/function/internal_message.html?_=1629339448630&CODE_STATE=getMsg HTTP/1.1" 200 27
180.169.147.146 - - [19/Aug/2021:10:17:26 +0800] "GET /xingrg/all/function/internal_message.html?_=1629339452850&CODE_STATE=getMsg HTTP/1.1" 200 27
116.235.222.38 - - [19/Aug/2021:10:17:26 +0800] "GET /xingrg/all/function/internal_message.html?_=1629339443110&CODE_STATE=getMsg HTTP/1.1" 200 27
180.174.198.13 - - [19/Aug/2021:10:17:27 +0800] "POST /xingrg/kc/buy/cgsh_order_operate.html HTTP/1.1" 200 12
116.238.194.18 - - [19/Aug/2021:10:17:27 +0800] "GET /xingrg/check_reg.html?_=1629339387679 HTTP/1.1" 200 22
116.238.194.18 - - [19/Aug/2021:10:17:28 +0800] "GET /xingrg/all/function/internal_message.html?_=1629339388661&CODE_STATE=getMsg HTTP/1.1" 200 27
180.174.198.13 - - [19/Aug/2021:10:17:29 +0800] "GET /xingrg/kc/buy/cgsh_order_info.html?code=212021081908527 HTTP/1.1" 200 58136
180.174.198.13 - - [19/Aug/2021:10:17:30 +0800] "GET /xingrg/all/function/internal_message.html?_=1629339432574&CODE_STATE=getMsg HTTP/1.1" 200 27
180.174.198.13 - - [19/Aug/2021:10:17:30 +0800] "GET /xingrg/javascript/easyui/themes/default/validatebox.css HTTP/1.1" 404 1104
180.174.198.13 - - [19/Aug/2021:10:17:31 +0800] "POST /xingrg/kc/buy/cgsh_order_operate.html HTTP/1.1" 200 1199
180.174.198.13 - - [19/Aug/2021:10:17:33 +0800] "GET /xingrg/kc/print/load_data.html?order_code=212021081908527&kc_code=cgsh&condition= HTTP/1.1" 200 905
116.238.194.18 - - [19/Aug/2021:10:17:36 +0800] "GET /xingrg/all/function/internal_message.html?_=1629339457278&CODE_STATE=getMsg HTTP/1.1" 200 27
114.88.154.248 - - [19/Aug/2021:10:17:36 +0800] "GET /xingrg/kc/buy/cgsh_order_operate.html?command=get_materiel&rest_code=00141&code=00101006175&supplier_code=00100012&order_time=2021-08-19 HTTP/1.1" 200 414
222.70.178.182 - - [19/Aug/2021:10:17:42 +0800] "GET /xingrg/all/function/internal_message.html?_=1629339460869&CODE_STATE=getMsg HTTP/1.1" 200 27
101.83.145.79 - - [19/Aug/2021:10:17:57 +0800] "GET /xingrg/all/function/internal_message.html?_=1629339433677&CODE_STATE=getMsg HTTP/1.1" 200 27
101.83.145.79 - - [19/Aug/2021:10:17:58 +0800] "GET /xingrg/check_reg.html?_=1629339434444 HTTP/1.1" 200 22
117.184.7.26 - - [19/Aug/2021:10:18:01 +0800] "GET /xingrg/all/function/internal_message.html?_=1629339476108&CODE_STATE=getMsg HTTP/1.1" 200 27
114.88.154.248 - - [19/Aug/2021:10:18:02 +0800] "GET /xingrg/kc/buy/cgsh_order_operate.html?command=get_materiel&rest_code=00141&code=00101006133&supplier_code=00100012&order_time=2021-08-19 HTTP/1.1" 200 413
180.169.147.146 - - [19/Aug/2021:10:18:06 +0800] "GET /xingrg/all/function/internal_message.html?_=1629339487872&CODE_STATE=getMsg HTTP/1.1" 200 27
222.70.246.151 - - [19/Aug/2021:10:18:07 +0800] "GET /xingrg/all/function/internal_message.html?_=1629339494144&CODE_STATE=getMsg HTTP/1.1" 200 27
114.88.154.248 - - [19/Aug/2021:10:18:08 +0800] "GET /xingrg/all/function/internal_message.html?_=1629339380381&CODE_STATE=getMsg HTTP/1.1" 200 27
116.230.105.26 - - [19/Aug/2021:10:18:11 +0800] "GET /xingrg/login.html HTTP/1.1" 200 7641
116.230.105.26 - - [19/Aug/2021:10:18:12 +0800] "GET /favicon.ico HTTP/1.1" 404 -
114.88.154.248 - - [19/Aug/2021:10:18:15 +0800] "GET /xingrg/kc/buy/cgsh_order_operate.html?command=get_materiel&rest_code=00141&code=00101006229&supplier_code=00100012&order_time=2021-08-19 HTTP/1.1" 200 412
116.235.222.38 - - [19/Aug/2021:10:18:15 +0800] "GET /xingrg/all/function/internal_message.html?_=1629339491824&CODE_STATE=getMsg HTTP/1.1" 200 27
116.232.54.86 - - [19/Aug/2021:10:18:17 +0800] "GET /xingrg/all/function/internal_message.html?_=1629339498628&CODE_STATE=getMsg HTTP/1.1" 200 27
116.230.105.26 - - [19/Aug/2021:10:18:17 +0800] "POST /xingrg/login.do HTTP/1.1" 302 -
