116.232.54.86 - - [19/Aug/2021:10:45:17 +0800] "GET /xingrg/check_reg.html?_=1629341118701 HTTP/1.1" 200 22
120.253.135.82 - - [19/Aug/2021:10:45:17 +0800] "GET /xingrg/kc/base/kc_stocks.html HTTP/1.1" 200 16437
120.253.135.82 - - [19/Aug/2021:10:45:17 +0800] "GET /xingrg/css/base.css HTTP/1.1" 304 -
120.253.135.82 - - [19/Aug/2021:10:45:17 +0800] "GET /xingrg/css/site.css HTTP/1.1" 304 -
120.253.135.82 - - [19/Aug/2021:10:45:17 +0800] "GET /xingrg/javascript/jquery_tools/datebox.css HTTP/1.1" 304 -
120.253.135.82 - - [19/Aug/2021:10:45:17 +0800] "GET /xingrg/javascript/easyui/themes/sunny/easyui.css HTTP/1.1" 304 -
120.253.135.82 - - [19/Aug/2021:10:45:17 +0800] "GET /xingrg/javascript/easyui/themes/icon.css HTTP/1.1" 304 -
120.253.135.82 - - [19/Aug/2021:10:45:17 +0800] "GET /xingrg/javascript/auto/jquery.autocomplete.css HTTP/1.1" 304 -
120.253.135.82 - - [19/Aug/2021:10:45:17 +0800] "GET /xingrg/javascript/jquery_tools/fix.css HTTP/1.1" 304 -
120.253.135.82 - - [19/Aug/2021:10:45:17 +0800] "GET /xingrg/javascript/auto/jquery.autocomplete.js HTTP/1.1" 304 -
120.253.135.82 - - [19/Aug/2021:10:45:17 +0800] "GET /xingrg/javascript/jquery_tools/jquery.tools.extend.js HTTP/1.1" 304 -
120.253.135.82 - - [19/Aug/2021:10:45:17 +0800] "GET /xingrg/javascript/print/LodopFuncs.js HTTP/1.1" 304 -
120.253.135.82 - - [19/Aug/2021:10:45:17 +0800] "GET /xingrg/javascript/convert.js HTTP/1.1" 304 -
120.253.135.82 - - [19/Aug/2021:10:45:17 +0800] "GET /xingrg/javascript/easyui/easyloader.js HTTP/1.1" 304 -
120.253.135.82 - - [19/Aug/2021:10:45:17 +0800] "GET /xingrg/javascript/jquery.cookie.js HTTP/1.1" 304 -
120.253.135.82 - - [19/Aug/2021:10:45:17 +0800] "GET /xingrg/javascript/jquery_tools/jquery.tools.hotkey.js HTTP/1.1" 304 -
120.253.135.82 - - [19/Aug/2021:10:45:17 +0800] "GET /xingrg/javascript/jquery_tools/jquery.tools.min.js HTTP/1.1" 304 -
120.253.135.82 - - [19/Aug/2021:10:45:17 +0800] "GET /xingrg/javascript/jquery_tools/list_manager.js HTTP/1.1" 304 -
120.253.135.82 - - [19/Aug/2021:10:45:18 +0800] "GET /xingrg/javascript/easyui/themes/icons/field_new.png HTTP/1.1" 304 -
120.253.135.82 - - [19/Aug/2021:10:45:18 +0800] "GET /xingrg/javascript/easyui/themes/icons/refresh_new.png HTTP/1.1" 304 -
120.253.135.82 - - [19/Aug/2021:10:45:18 +0800] "GET /xingrg/javascript/easyui/themes/icons/print_new.png HTTP/1.1" 304 -
120.253.135.82 - - [19/Aug/2021:10:45:18 +0800] "GET /xingrg/javascript/easyui/themes/icons/filter_new.png HTTP/1.1" 304 -
120.253.135.82 - - [19/Aug/2021:10:45:18 +0800] "GET /xingrg/javascript/easyui/themes/icons/import_new.png HTTP/1.1" 304 -
120.253.135.82 - - [19/Aug/2021:10:45:18 +0800] "GET /xingrg/javascript/easyui/plugins/jquery.parser.js HTTP/1.1" 304 -
120.253.135.82 - - [19/Aug/2021:10:45:18 +0800] "GET /xingrg/images/control/ajaxLoader.gif HTTP/1.1" 304 -
120.253.135.82 - - [19/Aug/2021:10:45:18 +0800] "GET /xingrg/javascript/jquery_easy_ui/themes/icons/manage.png HTTP/1.1" 304 -
120.253.135.82 - - [19/Aug/2021:10:45:18 +0800] "GET /xingrg/javascript/jquery_easy_ui/themes/icons/area.png HTTP/1.1" 304 -
120.253.135.82 - - [19/Aug/2021:10:45:18 +0800] "GET /xingrg/javascript/easyui/plugins/jquery.draggable.js HTTP/1.1" 304 -
120.253.135.82 - - [19/Aug/2021:10:45:18 +0800] "GET /xingrg/javascript/easyui/plugins/jquery.droppable.js HTTP/1.1" 304 -
120.253.135.82 - - [19/Aug/2021:10:45:18 +0800] "GET /xingrg/javascript/easyui/themes/default/tree.css HTTP/1.1" 404 1090
120.253.135.82 - - [19/Aug/2021:10:45:18 +0800] "GET /xingrg/javascript/easyui/plugins/jquery.tree.js HTTP/1.1" 304 -
120.253.135.82 - - [19/Aug/2021:10:45:18 +0800] "GET /xingrg/all/common/auto_word.html?type=base&rest_code=00101 HTTP/1.1" 200 613
120.253.135.82 - - [19/Aug/2021:10:45:18 +0800] "POST /xingrg/all/common/load_tree.html?tree=materiel_sort_tree_json HTTP/1.1" 200 8666
116.230.105.26 - - [19/Aug/2021:10:45:18 +0800] "GET /xingrg/all/function/internal_message.html?_=1629341100385&CODE_STATE=getMsg HTTP/1.1" 200 27
120.253.135.82 - - [19/Aug/2021:10:45:18 +0800] "GET /xingrg/javascript/easyui/themes/sunny/images/tree_arrows.gif HTTP/1.1" 304 -
120.253.135.82 - - [19/Aug/2021:10:45:18 +0800] "GET /xingrg/javascript/easyui/themes/sunny/images/tree_folder_open.gif HTTP/1.1" 304 -
120.253.135.82 - - [19/Aug/2021:10:45:18 +0800] "GET /xingrg/javascript/easyui/themes/sunny/images/tree_file.gif HTTP/1.1" 304 -
120.253.135.82 - - [19/Aug/2021:10:45:18 +0800] "GET /xingrg/javascript/easyui/themes/sunny/images/tree_folder.gif HTTP/1.1" 304 -
120.253.135.82 - - [19/Aug/2021:10:45:20 +0800] "GET /xingrg/css/images/panel_loading.gif HTTP/1.1" 304 -
120.253.135.82 - - [19/Aug/2021:10:45:20 +0800] "POST /xingrg/all/common/load_combo.html?type=base HTTP/1.1" 200 1075
222.70.178.182 - - [19/Aug/2021:10:45:21 +0800] "GET /xingrg/kc/buy/cgsh_order_operate.html?command=get_materiel&rest_code=00111&code=00101010161&supplier_code=00100042&order_time=2021-08-19 HTTP/1.1" 200 409
101.85.52.72 - - [19/Aug/2021:10:45:21 +0800] "GET /xingrg/all/function/internal_message.html?_=1629341118799&CODE_STATE=getMsg HTTP/1.1" 200 27
180.169.147.146 - - [19/Aug/2021:10:45:25 +0800] "GET /xingrg/all/function/internal_message.html?_=1629341128741&CODE_STATE=getMsg HTTP/1.1" 200 27
180.169.147.146 - - [19/Aug/2021:10:45:26 +0800] "GET /xingrg/all/function/internal_message.html?_=1629341132899&CODE_STATE=getMsg HTTP/1.1" 302 -
180.169.147.146 - - [19/Aug/2021:10:45:26 +0800] "GET /xingrg/check_reg.html?_=1629341132901 HTTP/1.1" 302 -
116.235.222.38 - - [19/Aug/2021:10:45:26 +0800] "GET /xingrg/all/function/internal_message.html?_=1629341123164&CODE_STATE=getMsg HTTP/1.1" 200 27
120.253.135.82 - - [19/Aug/2021:10:45:28 +0800] "POST /xingrg/kc/base/stock_operate.html HTTP/1.1" 200 1460
120.253.135.82 - - [19/Aug/2021:10:45:28 +0800] "GET /xingrg/javascript/jquery_tools/fix_table.js HTTP/1.1" 304 -
116.238.194.18 - - [19/Aug/2021:10:45:29 +0800] "GET /xingrg/all/function/internal_message.html?_=1629341069136&CODE_STATE=getMsg HTTP/1.1" 200 27
180.174.198.13 - - [19/Aug/2021:10:45:32 +0800] "GET /xingrg/all/function/internal_message.html?_=1629341114343&CODE_STATE=getMsg HTTP/1.1" 200 27
101.83.145.79 - - [19/Aug/2021:10:45:34 +0800] "GET /xingrg/kc/buy/cgsh_order_operate.html?command=get_materiel&rest_code=00105&code=00101012026&supplier_code=00100034&order_time=2021-08-19 HTTP/1.1" 200 408
222.70.178.182 - - [19/Aug/2021:10:45:37 +0800] "GET /xingrg/kc/buy/cgsh_order_operate.html?command=get_materiel&rest_code=00111&code=00101018019&supplier_code=00100042&order_time=2021-08-19 HTTP/1.1" 200 421
120.253.135.82 - - [19/Aug/2021:10:45:40 +0800] "POST /xingrg/kc/base/stock_operate.html HTTP/1.1" 200 1472
222.70.178.182 - - [19/Aug/2021:10:45:43 +0800] "GET /xingrg/all/function/internal_message.html?_=1629341141422&CODE_STATE=getMsg HTTP/1.1" 200 27
222.70.178.182 - - [19/Aug/2021:10:45:46 +0800] "GET /xingrg/kc/buy/cgsh_order_operate.html?command=get_materiel&rest_code=00111&code=00101003025&supplier_code=00100042&order_time=2021-08-19 HTTP/1.1" 200 409
120.253.135.82 - - [19/Aug/2021:10:45:47 +0800] "GET /xingrg/javascript/easyui/themes/sunny/images/ui-bg_gloss-wave_60_fece2f_500x100.png HTTP/1.1" 304 -
120.253.135.82 - - [19/Aug/2021:10:45:52 +0800] "POST /xingrg/kc/base/stock_operate.html HTTP/1.1" 200 1729
101.83.145.79 - - [19/Aug/2021:10:45:56 +0800] "GET /xingrg/all/function/internal_message.html?_=1629341113189&CODE_STATE=getMsg HTTP/1.1" 200 27
58.40.7.146 - - [19/Aug/2021:10:45:58 +0800] "POST /xingrg/all/user/operate.html HTTP/1.1" 200 36
58.40.7.146 - - [19/Aug/2021:10:45:58 +0800] "GET /xingrg/index.html?sysBaseUrl=http%3A%2F%2F180.169.147.146%3A18081%2Fxingrg%2F&costTime=2362×tamp=1629339898483 HTTP/1.1" 200 17179
58.40.7.146 - - [19/Aug/2021:10:45:58 +0800] "GET /xingrg/javascript/jquery_easy_ui/themes/default/easyui.css HTTP/1.1" 304 -
58.40.7.146 - - [19/Aug/2021:10:45:58 +0800] "GET /xingrg/javascript/jquery_easy_ui/themes/icon.css HTTP/1.1" 304 -
58.40.7.146 - - [19/Aug/2021:10:45:58 +0800] "GET /xingrg/css/form.css HTTP/1.1" 304 -
58.40.7.146 - - [19/Aug/2021:10:45:58 +0800] "GET /xingrg/javascript/jquery-1.4.2.min.js HTTP/1.1" 304 -
58.40.7.146 - - [19/Aug/2021:10:45:58 +0800] "GET /xingrg/javascript/jquery_easy_ui/jquery.easyui.min.js HTTP/1.1" 304 -
58.40.7.146 - - [19/Aug/2021:10:45:58 +0800] "GET /xingrg/javascript/jquery_easy_ui/easyui-lang-zh_CN.js HTTP/1.1" 304 -
58.40.7.146 - - [19/Aug/2021:10:45:58 +0800] "GET /xingrg/javascript/jquery.form.js HTTP/1.1" 304 -
58.40.7.146 - - [19/Aug/2021:10:45:58 +0800] "GET /xingrg/javascript/jquery.utils.js HTTP/1.1" 304 -
58.40.7.146 - - [19/Aug/2021:10:45:58 +0800] "GET /xingrg/javascript/jquery.timers.js HTTP/1.1" 304 -
58.40.7.146 - - [19/Aug/2021:10:45:59 +0800] "GET /xingrg/images/blue/jxLogo.png HTTP/1.1" 304 -
58.40.7.146 - - [19/Aug/2021:10:45:59 +0800] "GET /xingrg/all/function/internal_message.html?_=1629341160293&CODE_STATE=count HTTP/1.1" 200 11
58.40.7.146 - - [19/Aug/2021:10:45:59 +0800] "GET /xingrg/check_reg.html?_=1629341160294 HTTP/1.1" 200 22
58.40.7.146 - - [19/Aug/2021:10:45:59 +0800] "GET /xingrg/javascript/jquery_easy_ui/themes/default/images/panel_tool_collapse.gif HTTP/1.1" 304 -
58.40.7.146 - - [19/Aug/2021:10:45:59 +0800] "GET /xingrg/javascript/jquery_easy_ui/themes/default/images/tabs_rightarrow.png HTTP/1.1" 304 -
58.40.7.146 - - [19/Aug/2021:10:45:59 +0800] "GET /xingrg/images/blue/navBackgound.jpg HTTP/1.1" 304 -
58.40.7.146 - - [19/Aug/2021:10:45:59 +0800] "GET /xingrg/javascript/jquery_easy_ui/themes/default/images/tabs_leftarrow.png HTTP/1.1" 304 -
58.40.7.146 - - [19/Aug/2021:10:45:59 +0800] "GET /xingrg/images/blue/pingpu.png HTTP/1.1" 304 -
58.40.7.146 - - [19/Aug/2021:10:45:59 +0800] "GET /xingrg/javascript/jquery_easy_ui/themes/icons/settle_new.png HTTP/1.1" 304 -
58.40.7.146 - - [19/Aug/2021:10:45:59 +0800] "POST /xingrg/all/common/load_tree.html?tree=area_rest_tree_json&manage=1 HTTP/1.1" 200 3472
58.40.7.146 - - [19/Aug/2021:10:45:59 +0800] "POST /xingrg/load_menu.html HTTP/1.1" 200 5138
222.70.178.182 - - [19/Aug/2021:10:45:59 +0800] "GET /xingrg/kc/buy/cgsh_order_operate.html?command=get_materiel&rest_code=00111&code=00101001060&supplier_code=00100042&order_time=2021-08-19 HTTP/1.1" 200 419
58.40.7.146 - - [19/Aug/2021:10:46:00 +0800] "GET /xingrg/kc/buy/buy_main.html HTTP/1.1" 200 12412
58.40.7.146 - - [19/Aug/2021:10:46:00 +0800] "GET /xingrg/css/new_ie.css HTTP/1.1" 404 1036
117.184.7.26 - - [19/Aug/2021:10:46:01 +0800] "GET /xingrg/all/function/internal_message.html?_=1629341155615&CODE_STATE=getMsg HTTP/1.1" 200 27
116.238.194.18 - - [19/Aug/2021:10:46:01 +0800] "GET /xingrg/all/function/internal_message.html?_=1629341162527&CODE_STATE=getMsg HTTP/1.1" 200 27
120.253.135.82 - - [19/Aug/2021:10:46:02 +0800] "POST /xingrg/kc/base/stock_operate.html HTTP/1.1" 200 1756
58.40.7.146 - - [19/Aug/2021:10:46:02 +0800] "GET /xingrg/kc/buy/cgsh_order_list.html HTTP/1.1" 200 47540
180.169.147.146 - - [19/Aug/2021:10:46:06 +0800] "GET /xingrg/all/function/internal_message.html?_=1629341167878&CODE_STATE=getMsg HTTP/1.1" 200 27
222.70.178.182 - - [19/Aug/2021:10:46:07 +0800] "GET /xingrg/kc/buy/cgsh_order_operate.html?command=get_materiel&rest_code=00111&code=00101001111&supplier_code=00100042&order_time=2021-08-19 HTTP/1.1" 200 409
114.88.154.248 - - [19/Aug/2021:10:46:08 +0800] "GET /xingrg/all/function/internal_message.html?_=1629341059833&CODE_STATE=getMsg HTTP/1.1" 200 27
114.88.154.248 - - [19/Aug/2021:10:46:09 +0800] "GET /xingrg/check_reg.html?_=1629341061168 HTTP/1.1" 200 22
222.70.246.151 - - [19/Aug/2021:10:46:09 +0800] "GET /xingrg/all/function/internal_message.html?_=1629341176856&CODE_STATE=getMsg HTTP/1.1" 200 27
120.253.135.82 - - [19/Aug/2021:10:46:11 +0800] "POST /xingrg/kc/base/stock_operate.html HTTP/1.1" 200 1756
116.235.222.38 - - [19/Aug/2021:10:46:12 +0800] "GET /xingrg/check_reg.html?_=1629341169273 HTTP/1.1" 200 22
120.253.135.82 - - [19/Aug/2021:10:46:14 +0800] "GET /xingrg/all/function/internal_message.html?_=1629340952140&CODE_STATE=getMsg HTTP/1.1" 200 27
116.235.222.38 - - [19/Aug/2021:10:46:14 +0800] "GET /xingrg/all/function/internal_message.html?_=1629341171259&CODE_STATE=getMsg HTTP/1.1" 200 27
116.232.54.86 - - [19/Aug/2021:10:46:17 +0800] "GET /xingrg/all/function/internal_message.html?_=1629341178703&CODE_STATE=getMsg HTTP/1.1" 200 27
116.230.105.26 - - [19/Aug/2021:10:46:18 +0800] "GET /xingrg/all/function/internal_message.html?_=1629341160369&CODE_STATE=getMsg HTTP/1.1" 200 27
222.70.178.182 - - [19/Aug/2021:10:46:21 +0800] "POST /xingrg/kc/buy/cgsh_order_operate.html HTTP/1.1" 200 37
101.85.52.72 - - [19/Aug/2021:10:46:21 +0800] "GET /xingrg/all/function/internal_message.html?_=1629341178820&CODE_STATE=getMsg HTTP/1.1" 200 27
101.83.145.79 - - [19/Aug/2021:10:46:22 +0800] "GET /xingrg/kc/buy/cgsh_order_operate.html?command=get_materiel&rest_code=00105&code=00101020153&supplier_code=00100034&order_time=2021-08-19 HTTP/1.1" 200 408
180.169.147.146 - - [19/Aug/2021:10:46:25 +0800] "GET /xingrg/all/function/internal_message.html?_=1629341188743&CODE_STATE=getMsg HTTP/1.1" 200 27
180.169.147.146 - - [19/Aug/2021:10:46:25 +0800] "GET /xingrg/check_reg.html?_=1629341188754 HTTP/1.1" 200 22
180.169.147.146 - - [19/Aug/2021:10:46:26 +0800] "GET /xingrg/all/function/internal_message.html?_=1629341192927&CODE_STATE=getMsg HTTP/1.1" 302 -
116.235.222.38 - - [19/Aug/2021:10:46:26 +0800] "GET /xingrg/all/function/internal_message.html?_=1629341183156&CODE_STATE=getMsg HTTP/1.1" 200 27
116.235.222.38 - - [19/Aug/2021:10:46:26 +0800] "GET /xingrg/check_reg.html?_=1629341183205 HTTP/1.1" 200 22
222.70.178.182 - - [19/Aug/2021:10:46:27 +0800] "POST /xingrg/kc/buy/cgsh_order_operate.html HTTP/1.1" 200 5030
116.238.194.18 - - [19/Aug/2021:10:46:29 +0800] "GET /xingrg/all/function/internal_message.html?_=1629341129148&CODE_STATE=getMsg HTTP/1.1" 200 27
120.253.135.82 - - [19/Aug/2021:10:46:29 +0800] "GET /xingrg/kc/pszx/ps_main.html HTTP/1.1" 200 13401
120.253.135.82 - - [19/Aug/2021:10:46:29 +0800] "GET /xingrg/javascript/ToolTips.js HTTP/1.1" 200 5615
120.253.135.82 - - [19/Aug/2021:10:46:29 +0800] "GET /xingrg/images/blue/button/ckpd.gif HTTP/1.1" 200 2051
120.253.135.82 - - [19/Aug/2021:10:46:29 +0800] "GET /xingrg/images/blue/button/cgydd.gif HTTP/1.1" 200 2712
120.253.135.82 - - [19/Aug/2021:10:46:29 +0800] "GET /xingrg/images/blue/button/pszx.gif HTTP/1.1" 200 2648
120.253.135.82 - - [19/Aug/2021:10:46:29 +0800] "GET /xingrg/images/blue/button/yddb.gif HTTP/1.1" 200 2040
120.253.135.82 - - [19/Aug/2021:10:46:29 +0800] "GET /xingrg/images/blue/button/jzcgd.gif HTTP/1.1" 200 1976
120.253.135.82 - - [19/Aug/2021:10:46:29 +0800] "GET /xingrg/images/blue/button/fdqpd.gif HTTP/1.1" 200 2116
120.253.135.82 - - [19/Aug/2021:10:46:29 +0800] "GET /xingrg/images/blue/pic_form2.gif HTTP/1.1" 200 1853
120.253.135.82 - - [19/Aug/2021:10:46:29 +0800] "GET /xingrg/images/blue/button/fdps2.gif HTTP/1.1" 200 2548
120.253.135.82 - - [19/Aug/2021:10:46:29 +0800] "GET /xingrg/images/blue/button/down_ah.jpg HTTP/1.1" 200 1732
120.253.135.82 - - [19/Aug/2021:10:46:29 +0800] "GET /xingrg/images/blue/bg_dotted.jpg HTTP/1.1" 200 319
120.253.135.82 - - [19/Aug/2021:10:46:29 +0800] "GET /xingrg/images/blue/button/left_down_ah.jpg HTTP/1.1" 200 1848
120.253.135.82 - - [19/Aug/2021:10:46:29 +0800] "GET /xingrg/images/blue/button/line.jpg HTTP/1.1" 200 1397
120.253.135.82 - - [19/Aug/2021:10:46:29 +0800] "GET /xingrg/images/blue/button/right_down_ah.jpg HTTP/1.1" 200 1842
222.70.178.182 - - [19/Aug/2021:10:46:30 +0800] "GET /xingrg/kc/print/load_data.html?order_code=212021081908571&kc_code=cgsh&condition= HTTP/1.1" 200 1604
180.174.198.13 - - [19/Aug/2021:10:46:32 +0800] "GET /xingrg/all/function/internal_message.html?_=1629341174357&CODE_STATE=getMsg HTTP/1.1" 200 27
58.40.7.146 - - [19/Aug/2021:10:46:35 +0800] "POST /xingrg/kc/buy/cgsh_list_operate.html HTTP/1.1" 200 5136
222.70.178.182 - - [19/Aug/2021:10:46:42 +0800] "GET /xingrg/check_reg.html?_=1629341200921 HTTP/1.1" 200 22
222.70.178.182 - - [19/Aug/2021:10:46:43 +0800] "GET /xingrg/all/function/internal_message.html?_=1629341201408&CODE_STATE=getMsg HTTP/1.1" 200 27
116.230.105.26 - - [19/Aug/2021:10:46:46 +0800] "GET /xingrg/kc/buy/cgsh_order_add.html HTTP/1.1" 200 63240
116.230.105.26 - - [19/Aug/2021:10:46:46 +0800] "GET /xingrg/words/20210819093241_words.js HTTP/1.1" 304 -
116.230.105.26 - - [19/Aug/2021:10:46:47 +0800] "POST /xingrg/kc/buy/cgsh_order_operate.html HTTP/1.1" 200 8245
116.230.105.26 - - [19/Aug/2021:10:46:47 +0800] "GET /xingrg/javascript/easyui/themes/default/validatebox.css HTTP/1.1" 404 1104
222.70.246.151 - - [19/Aug/2021:10:46:47 +0800] "GET /xingrg/check_reg.html?_=1629341215029 HTTP/1.1" 200 22
120.253.135.82 - - [19/Aug/2021:10:46:54 +0800] "GET /xingrg/images/yd/bt.gif HTTP/1.1" 404 1040
58.40.7.146 - - [19/Aug/2021:10:46:56 +0800] "GET /xingrg/javascript/auto/indicator.gif HTTP/1.1" 404 1066
101.83.145.79 - - [19/Aug/2021:10:46:56 +0800] "GET /xingrg/all/function/internal_message.html?_=1629341173172&CODE_STATE=getMsg HTTP/1.1" 200 27
58.40.7.146 - - [19/Aug/2021:10:46:59 +0800] "GET /xingrg/all/function/internal_message.html?_=1629341220315&CODE_STATE=getMsg HTTP/1.1" 200 27
117.184.7.26 - - [19/Aug/2021:10:46:59 +0800] "GET /xingrg/kc/buy/buy_main.html HTTP/1.1" 200 12412
117.184.7.26 - - [19/Aug/2021:10:46:59 +0800] "GET /xingrg/css/new_ie.css HTTP/1.1" 404 1036
117.184.7.26 - - [19/Aug/2021:10:46:59 +0800] "GET /xingrg/kc/buy/buy_main.html HTTP/1.1" 200 12412
117.184.7.26 - - [19/Aug/2021:10:46:59 +0800] "GET /xingrg/css/new_ie.css HTTP/1.1" 404 1036
117.184.7.26 - - [19/Aug/2021:10:46:59 +0800] "GET /xingrg/images/yd/bt.gif HTTP/1.1" 404 1040
117.184.7.26 - - [19/Aug/2021:10:47:00 +0800] "POST /xingrg/kc/buy/cgsh_list_operate.html HTTP/1.1" 200 5652
117.184.7.26 - - [19/Aug/2021:10:47:01 +0800] "GET /xingrg/kc/buy/cgsh_order_list.html HTTP/1.1" 200 47534
117.184.7.26 - - [19/Aug/2021:10:47:01 +0800] "GET /xingrg/all/function/internal_message.html?_=1629341215693&CODE_STATE=getMsg HTTP/1.1" 200 27
116.238.194.18 - - [19/Aug/2021:10:47:01 +0800] "GET /xingrg/all/function/internal_message.html?_=1629341222527&CODE_STATE=getMsg HTTP/1.1" 200 27
120.253.135.82 - - [19/Aug/2021:10:47:02 +0800] "GET /xingrg/kc/report/report_main.html HTTP/1.1" 200 9370
120.253.135.82 - - [19/Aug/2021:10:47:03 +0800] "GET /xingrg/kc/base/kc_stocks.html HTTP/1.1" 200 16437
117.184.7.26 - - [19/Aug/2021:10:47:04 +0800] "POST /xingrg/kc/buy/cgsh_list_operate.html HTTP/1.1" 200 2384
120.253.135.82 - - [19/Aug/2021:10:47:04 +0800] "GET /xingrg/javascript/easyui/themes/default/tree.css HTTP/1.1" 404 1090
120.253.135.82 - - [19/Aug/2021:10:47:04 +0800] "POST /xingrg/all/common/load_tree.html?tree=materiel_sort_tree_json HTTP/1.1" 200 8666
116.230.105.26 - - [19/Aug/2021:10:47:05 +0800] "GET /xingrg/kc/buy/cgsh_order_operate.html?command=get_materiel&rest_code=00155&code=00101010045&supplier_code=00100347&order_time=2021-08-19 HTTP/1.1" 200 418
120.253.135.82 - - [19/Aug/2021:10:47:05 +0800] "POST /xingrg/all/common/load_combo.html?type=base HTTP/1.1" 200 1075
180.169.147.146 - - [19/Aug/2021:10:47:06 +0800] "GET /xingrg/all/function/internal_message.html?_=1629341227883&CODE_STATE=getMsg HTTP/1.1" 200 27
114.88.154.248 - - [19/Aug/2021:10:47:08 +0800] "GET /xingrg/all/function/internal_message.html?_=1629341119808&CODE_STATE=getMsg HTTP/1.1" 200 27
58.37.4.159 - - [19/Aug/2021:10:47:09 +0800] "GET /xingrg/login.html?r=1 HTTP/1.1" 200 7641
58.37.4.159 - - [19/Aug/2021:10:47:09 +0800] "GET /favicon.ico HTTP/1.1" 404 -
222.70.246.151 - - [19/Aug/2021:10:47:10 +0800] "GET /xingrg/all/function/internal_message.html?_=1629341237174&CODE_STATE=getMsg HTTP/1.1" 200 27
120.253.135.82 - - [19/Aug/2021:10:47:14 +0800] "POST /xingrg/kc/base/stock_operate.html HTTP/1.1" 200 1460
120.253.135.82 - - [19/Aug/2021:10:47:14 +0800] "GET /xingrg/all/function/internal_message.html?_=1629341012153&CODE_STATE=getMsg HTTP/1.1" 200 27
101.83.145.79 - - [19/Aug/2021:10:47:14 +0800] "GET /xingrg/kc/buy/cgsh_order_operate.html?command=get_materiel&rest_code=00105&code=00101012029&supplier_code=00100034&order_time=2021-08-19 HTTP/1.1" 200 412
116.235.222.38 - - [19/Aug/2021:10:47:14 +0800] "GET /xingrg/all/function/internal_message.html?_=1629341231233&CODE_STATE=getMsg HTTP/1.1" 200 27
116.232.54.86 - - [19/Aug/2021:10:47:17 +0800] "GET /xingrg/all/function/internal_message.html?_=1629341238705&CODE_STATE=getMsg HTTP/1.1" 200 27
120.253.135.82 - - [19/Aug/2021:10:47:17 +0800] "GET /xingrg/kc/base/stock_detail.html?m=00101012077 HTTP/1.1" 200 6349
120.253.135.82 - - [19/Aug/2021:10:47:17 +0800] "GET /xingrg/javascript/jquery_easy_ui/themes/default/images/button_a_bg.gif HTTP/1.1" 200 1194
120.253.135.82 - - [19/Aug/2021:10:47:17 +0800] "GET /xingrg/javascript/jquery_easy_ui/themes/default/images/button_span_bg.gif HTTP/1.1" 200 2061
120.253.135.82 - - [19/Aug/2021:10:47:17 +0800] "GET /xingrg/javascript/jquery_easy_ui/themes/default/images/menu_downarrow.png HTTP/1.1" 200 173
120.253.135.82 - - [19/Aug/2021:10:47:17 +0800] "GET /xingrg/javascript/jquery_easy_ui/themes/icons/search.png HTTP/1.1" 200 813
120.253.135.82 - - [19/Aug/2021:10:47:17 +0800] "GET /xingrg/javascript/jquery_easy_ui/themes/icons/print.png HTTP/1.1" 200 1057
120.253.135.82 - - [19/Aug/2021:10:47:17 +0800] "GET /xingrg/javascript/jquery_easy_ui/themes/default/images/menu.gif HTTP/1.1" 200 834
120.253.135.82 - - [19/Aug/2021:10:47:17 +0800] "GET /xingrg/javascript/jquery_easy_ui/themes/default/images/calendar_nextmonth.gif HTTP/1.1" 200 64
120.253.135.82 - - [19/Aug/2021:10:47:17 +0800] "GET /xingrg/javascript/jquery_easy_ui/themes/default/images/calendar_prevyear.gif HTTP/1.1" 200 76
120.253.135.82 - - [19/Aug/2021:10:47:17 +0800] "GET /xingrg/javascript/jquery_easy_ui/themes/default/images/calendar_nextyear.gif HTTP/1.1" 200 75
120.253.135.82 - - [19/Aug/2021:10:47:17 +0800] "GET /xingrg/javascript/jquery_easy_ui/themes/default/images/calendar_prevmonth.gif HTTP/1.1" 200 66
116.230.105.26 - - [19/Aug/2021:10:47:18 +0800] "GET /xingrg/all/function/internal_message.html?_=1629341220362&CODE_STATE=getMsg HTTP/1.1" 200 27
120.253.135.82 - - [19/Aug/2021:10:47:19 +0800] "GET /xingrg/kc/base/stock_operate.html?_=1629341017453&command=get_report_file&start_day=20210801 HTTP/1.1" 200 53
120.253.135.82 - - [19/Aug/2021:10:47:19 +0800] "GET /xingrg/javascript/bigrid/fix.css HTTP/1.1" 200 1702
120.253.135.82 - - [19/Aug/2021:10:47:19 +0800] "GET /xingrg/javascript/multi_select/jqueryMultiSelect.css HTTP/1.1" 200 951
120.253.135.82 - - [19/Aug/2021:10:47:19 +0800] "GET /xingrg/javascript/calendar/timePicker.css HTTP/1.1" 200 523
120.253.135.82 - - [19/Aug/2021:10:47:19 +0800] "GET /xingrg/dwr/util.js HTTP/1.1" 304 -
120.253.135.82 - - [19/Aug/2021:10:47:19 +0800] "GET /xingrg/all/report/report_query.html?isQuery=1&onlyBody=1&rh=2000&fileName=kc/base/kc_stock_detail_new.xml&queryString=(1=1)&queryText=&tableQueryString=init_table$sp1$$sp$crk_table$sp1$order_day%20between%2020210801%20and%2020210831&varString=start_day:20210801,materiel_code:00101012077,cost_id:3271,end_date:20210731 HTTP/1.1" 200 48701
120.253.135.82 - - [19/Aug/2021:10:47:19 +0800] "GET /xingrg/javascript/Calendar.js HTTP/1.1" 304 -
120.253.135.82 - - [19/Aug/2021:10:47:19 +0800] "GET /xingrg/javascript/jqueryMultiSelect.js HTTP/1.1" 200 11866
120.253.135.82 - - [19/Aug/2021:10:47:19 +0800] "GET /xingrg/dwr/interface/AjaxReportQueryService.js HTTP/1.1" 200 13203
120.253.135.82 - - [19/Aug/2021:10:47:19 +0800] "GET /xingrg/dwr/engine.js HTTP/1.1" 200 43631
120.253.135.82 - - [19/Aug/2021:10:47:19 +0800] "GET /xingrg/javascript/calendar/jquery.timePicker.min.js HTTP/1.1" 200 2997
120.253.135.82 - - [19/Aug/2021:10:47:19 +0800] "GET /xingrg/javascript/bigrid/fix.js HTTP/1.1" 200 6439
120.253.135.82 - - [19/Aug/2021:10:47:19 +0800] "GET /xingrg/images/blue/button/advanceover.gif HTTP/1.1" 200 1347
120.253.135.82 - - [19/Aug/2021:10:47:19 +0800] "GET /xingrg/images/control/loading.gif HTTP/1.1" 200 13463
120.253.135.82 - - [19/Aug/2021:10:47:19 +0800] "GET /xingrg/images/blue/button/advance2over.gif HTTP/1.1" 200 1336
120.253.135.82 - - [19/Aug/2021:10:47:19 +0800] "GET /xingrg/images/blue/button/back2over.gif HTTP/1.1" 200 1335
120.253.135.82 - - [19/Aug/2021:10:47:19 +0800] "GET /xingrg/images/blue/button/backover.gif HTTP/1.1" 200 1348
120.253.135.82 - - [19/Aug/2021:10:47:19 +0800] "GET /xingrg/javascript/jquery_easy_ui/themes/icons/help.png HTTP/1.1" 200 1187
101.85.52.72 - - [19/Aug/2021:10:47:21 +0800] "GET /xingrg/all/function/internal_message.html?_=1629341238806&CODE_STATE=getMsg HTTP/1.1" 200 27
120.253.135.82 - - [19/Aug/2021:10:47:22 +0800] "POST /xingrg/all/report/load_report_page.html HTTP/1.1" 200 69208
120.253.135.82 - - [19/Aug/2021:10:47:22 +0800] "GET /xingrg/servlets/image?cache=0.32429628489774187&image=px HTTP/1.1" 200 807
116.230.105.26 - - [19/Aug/2021:10:47:22 +0800] "GET /xingrg/kc/buy/cgsh_order_operate.html?command=get_materiel&rest_code=00155&code=00101023025&supplier_code=00100347&order_time=2021-08-19 HTTP/1.1" 200 396
180.169.147.146 - - [19/Aug/2021:10:47:25 +0800] "GET /xingrg/all/function/internal_message.html?_=1629341248754&CODE_STATE=getMsg HTTP/1.1" 200 27
180.169.147.146 - - [19/Aug/2021:10:47:26 +0800] "GET /xingrg/all/function/internal_message.html?_=1629341252931&CODE_STATE=getMsg HTTP/1.1" 302 -
116.235.222.38 - - [19/Aug/2021:10:47:26 +0800] "GET /xingrg/all/function/internal_message.html?_=1629341243159&CODE_STATE=getMsg HTTP/1.1" 200 27
116.238.194.18 - - [19/Aug/2021:10:47:27 +0800] "GET /xingrg/check_reg.html?_=1629341187815 HTTP/1.1" 200 22
58.37.4.159 - - [19/Aug/2021:10:47:28 +0800] "POST /xingrg/login.do HTTP/1.1" 302 -
58.37.4.159 - - [19/Aug/2021:10:47:28 +0800] "GET /xingrg/index.html?sysBaseUrl=http%3A%2F%2F180.169.147.146%3A18081%2Fxingrg%2F&costTime=1526×tamp=1629341248502 HTTP/1.1" 200 17173
58.37.4.159 - - [19/Aug/2021:10:47:28 +0800] "GET /favicon.ico HTTP/1.1" 404 -
58.37.4.159 - - [19/Aug/2021:10:47:28 +0800] "GET /xingrg/all/function/internal_message.html?_=1629341254203&CODE_STATE=count HTTP/1.1" 200 11
58.37.4.159 - - [19/Aug/2021:10:47:28 +0800] "GET /xingrg/check_reg.html?_=1629341254203 HTTP/1.1" 200 22
58.37.4.159 - - [19/Aug/2021:10:47:28 +0800] "POST /xingrg/all/common/load_tree.html?tree=area_rest_tree_json&manage=1 HTTP/1.1" 200 342
58.37.4.159 - - [19/Aug/2021:10:47:28 +0800] "POST /xingrg/load_menu.html HTTP/1.1" 200 5138
116.238.194.18 - - [19/Aug/2021:10:47:29 +0800] "GET /xingrg/all/function/internal_message.html?_=1629341189162&CODE_STATE=getMsg HTTP/1.1" 200 27
117.184.7.26 - - [19/Aug/2021:10:47:29 +0800] "POST /xingrg/kc/buy/cgsh_list_operate.html HTTP/1.1" 200 4
116.230.105.26 - - [19/Aug/2021:10:47:30 +0800] "GET /xingrg/kc/report/report_main.html HTTP/1.1" 200 7345
116.230.105.26 - - [19/Aug/2021:10:47:30 +0800] "GET /xingrg/javascript/jquery_ui/themes/humanity/humanity.css HTTP/1.1" 304 -
116.230.105.26 - - [19/Aug/2021:10:47:31 +0800] "GET /xingrg/kc/base/kc_stocks.html HTTP/1.1" 200 16443
116.230.105.26 - - [19/Aug/2021:10:47:31 +0800] "GET /xingrg/javascript/easyui/plugins/jquery.draggable.js HTTP/1.1" 304 -
116.230.105.26 - - [19/Aug/2021:10:47:31 +0800] "GET /xingrg/javascript/easyui/plugins/jquery.droppable.js HTTP/1.1" 304 -
116.230.105.26 - - [19/Aug/2021:10:47:31 +0800] "GET /xingrg/javascript/easyui/themes/default/tree.css HTTP/1.1" 404 1090
116.230.105.26 - - [19/Aug/2021:10:47:31 +0800] "GET /xingrg/javascript/easyui/plugins/jquery.tree.js HTTP/1.1" 304 -
116.230.105.26 - - [19/Aug/2021:10:47:32 +0800] "GET /xingrg/all/common/auto_word.html?type=base&rest_code=00155 HTTP/1.1" 200 1707
116.230.105.26 - - [19/Aug/2021:10:47:32 +0800] "POST /xingrg/all/common/load_tree.html?tree=materiel_sort_tree_json HTTP/1.1" 200 8666
117.184.7.26 - - [19/Aug/2021:10:47:32 +0800] "POST /xingrg/kc/buy/cgsh_list_operate.html HTTP/1.1" 200 876
180.174.198.13 - - [19/Aug/2021:10:47:32 +0800] "GET /xingrg/all/function/internal_message.html?_=1629341234993&CODE_STATE=getMsg HTTP/1.1" 200 27
58.37.4.159 - - [19/Aug/2021:10:47:34 +0800] "GET /xingrg/kc/buy/buy_main.html HTTP/1.1" 200 12412
58.37.4.159 - - [19/Aug/2021:10:47:34 +0800] "GET /xingrg/css/new_ie.css HTTP/1.1" 404 1036
58.37.4.159 - - [19/Aug/2021:10:47:36 +0800] "GET /xingrg/images/yd/bt.gif HTTP/1.1" 404 1040
58.37.4.159 - - [19/Aug/2021:10:47:38 +0800] "GET /xingrg/kc/buy/cgsh_order_list.html HTTP/1.1" 200 47534
58.37.4.159 - - [19/Aug/2021:10:47:40 +0800] "POST /xingrg/kc/buy/cgsh_list_operate.html HTTP/1.1" 200 876
222.70.178.182 - - [19/Aug/2021:10:47:43 +0800] "GET /xingrg/all/function/internal_message.html?_=1629341261393&CODE_STATE=getMsg HTTP/1.1" 200 27
58.37.4.159 - - [19/Aug/2021:10:47:43 +0800] "GET /xingrg/kc/buy/cgsh_order_add.html HTTP/1.1" 200 63272
58.37.4.159 - - [19/Aug/2021:10:47:43 +0800] "GET /xingrg/words/20210819093241_words.js HTTP/1.1" 200 835798
116.230.105.26 - - [19/Aug/2021:10:47:43 +0800] "POST /xingrg/kc/base/stock_operate.html HTTP/1.1" 200 1914
58.37.4.159 - - [19/Aug/2021:10:47:43 +0800] "GET /xingrg/javascript/easyui/themes/default/validatebox.css HTTP/1.1" 404 1104
58.37.4.159 - - [19/Aug/2021:10:47:43 +0800] "POST /xingrg/kc/buy/cgsh_order_operate.html HTTP/1.1" 200 8245
58.37.4.159 - - [19/Aug/2021:10:47:43 +0800] "GET /xingrg/all/common/auto_word.html?type=employee&rest_code=00106 HTTP/1.1" 200 205
58.37.4.159 - - [19/Aug/2021:10:47:44 +0800] "GET /xingrg/all/common/auto_word.html?type=employee&rest_code=00106 HTTP/1.1" 200 205
58.37.4.159 - - [19/Aug/2021:10:47:44 +0800] "GET /xingrg/javascript/easyui/themes/default/tree.css HTTP/1.1" 404 1090
58.37.4.159 - - [19/Aug/2021:10:47:45 +0800] "POST /xingrg/all/common/load_tree.html?tree=supplier_tree_json&isDelete=1 HTTP/1.1" 200 57451
116.230.105.26 - - [19/Aug/2021:10:47:45 +0800] "GET /xingrg/kc/base/stock_detail.html?m=00101023025 HTTP/1.1" 200 7239
116.230.105.26 - - [19/Aug/2021:10:47:46 +0800] "GET /xingrg/javascript/jquery_easy_ui/themes/default/images/button_a_bg.gif HTTP/1.1" 304 -
116.230.105.26 - - [19/Aug/2021:10:47:46 +0800] "GET /xingrg/javascript/jquery_easy_ui/themes/default/images/menu.gif HTTP/1.1" 304 -
120.253.135.82 - - [19/Aug/2021:10:47:46 +0800] "GET /xingrg/kc/base/stock_operate.html?_=1629341044293&command=get_report_file&start_day=20210701 HTTP/1.1" 200 53
120.253.135.82 - - [19/Aug/2021:10:47:46 +0800] "GET /xingrg/all/report/report_query.html?isQuery=1&onlyBody=1&rh=2000&fileName=kc/base/kc_stock_detail_new.xml&queryString=(1=1)&queryText=&tableQueryString=init_table$sp1$$sp$crk_table$sp1$order_day%20between%2020210701%20and%2020210731&varString=start_day:20210701,materiel_code:00101012077,cost_id:3270,end_date:20210630 HTTP/1.1" 200 48701
120.253.135.82 - - [19/Aug/2021:10:47:46 +0800] "GET /xingrg/dwr/interface/AjaxReportQueryService.js HTTP/1.1" 200 13203
120.253.135.82 - - [19/Aug/2021:10:47:46 +0800] "GET /xingrg/dwr/engine.js HTTP/1.1" 200 43631
116.230.105.26 - - [19/Aug/2021:10:47:47 +0800] "GET /xingrg/kc/base/stock_operate.html?_=1629341248962&command=get_report_file&start_day=20210801 HTTP/1.1" 200 53
116.230.105.26 - - [19/Aug/2021:10:47:47 +0800] "GET /xingrg/all/report/report_query.html?isQuery=1&onlyBody=1&rh=2000&fileName=kc/base/kc_stock_detail_new.xml&queryString=(1=1)&queryText=&tableQueryString=init_table$sp1$$sp$crk_table$sp1$order_day%20between%2020210801%20and%2020210831&varString=start_day:20210801,materiel_code:00101023025,cost_id:3264,end_date:20210731 HTTP/1.1" 200 48701
116.230.105.26 - - [19/Aug/2021:10:47:47 +0800] "GET /xingrg/javascript/multi_select/jqueryMultiSelect.css HTTP/1.1" 304 -
116.230.105.26 - - [19/Aug/2021:10:47:47 +0800] "GET /xingrg/javascript/calendar/timePicker.css HTTP/1.1" 304 -
116.230.105.26 - - [19/Aug/2021:10:47:47 +0800] "GET /xingrg/javascript/bigrid/fix.css HTTP/1.1" 304 -
116.230.105.26 - - [19/Aug/2021:10:47:47 +0800] "GET /xingrg/dwr/interface/AjaxReportQueryService.js HTTP/1.1" 200 13203
116.230.105.26 - - [19/Aug/2021:10:47:47 +0800] "GET /xingrg/dwr/engine.js HTTP/1.1" 200 43631
116.230.105.26 - - [19/Aug/2021:10:47:47 +0800] "GET /xingrg/dwr/util.js HTTP/1.1" 304 -
116.230.105.26 - - [19/Aug/2021:10:47:47 +0800] "GET /xingrg/javascript/jqueryMultiSelect.js HTTP/1.1" 304 -
116.230.105.26 - - [19/Aug/2021:10:47:47 +0800] "GET /xingrg/javascript/calendar/jquery.timePicker.min.js HTTP/1.1" 304 -
116.230.105.26 - - [19/Aug/2021:10:47:47 +0800] "GET /xingrg/javascript/bigrid/fix.js HTTP/1.1" 304 -
116.230.105.26 - - [19/Aug/2021:10:47:47 +0800] "GET /xingrg/images/control/loading.gif HTTP/1.1" 304 -
116.230.105.26 - - [19/Aug/2021:10:47:47 +0800] "GET /xingrg/images/blue/button/advanceover.gif HTTP/1.1" 304 -
116.230.105.26 - - [19/Aug/2021:10:47:47 +0800] "GET /xingrg/images/blue/button/back2over.gif HTTP/1.1" 304 -
116.230.105.26 - - [19/Aug/2021:10:47:47 +0800] "GET /xingrg/images/blue/button/advance2over.gif HTTP/1.1" 304 -
116.230.105.26 - - [19/Aug/2021:10:47:47 +0800] "GET /xingrg/images/blue/button/backover.gif HTTP/1.1" 304 -
116.230.105.26 - - [19/Aug/2021:10:47:47 +0800] "GET /xingrg/javascript/jquery_easy_ui/themes/icons/help.png HTTP/1.1" 304 -
120.253.135.82 - - [19/Aug/2021:10:47:49 +0800] "POST /xingrg/all/report/load_report_page.html HTTP/1.1" 200 74117
116.230.105.26 - - [19/Aug/2021:10:47:50 +0800] "POST /xingrg/all/report/load_report_page.html HTTP/1.1" 200 34814
120.253.135.82 - - [19/Aug/2021:10:47:50 +0800] "GET /xingrg/servlets/image?cache=0.21057755453086235&image=px HTTP/1.1" 200 807
116.230.105.26 - - [19/Aug/2021:10:47:50 +0800] "GET /xingrg/servlets/image?cache=0.2875889709292164&image=px HTTP/1.1" 200 807
58.40.7.146 - - [19/Aug/2021:10:47:55 +0800] "POST /xingrg/kc/buy/cgsh_list_operate.html HTTP/1.1" 200 5135
101.83.145.79 - - [19/Aug/2021:10:47:56 +0800] "GET /xingrg/all/function/internal_message.html?_=1629341233162&CODE_STATE=getMsg HTTP/1.1" 200 27
101.83.145.79 - - [19/Aug/2021:10:47:58 +0800] "GET /xingrg/check_reg.html?_=1629341234461 HTTP/1.1" 200 22
58.40.7.146 - - [19/Aug/2021:10:47:59 +0800] "GET /xingrg/all/function/internal_message.html?_=1629341280309&CODE_STATE=getMsg HTTP/1.1" 200 27
117.184.7.26 - - [19/Aug/2021:10:48:01 +0800] "GET /xingrg/all/function/internal_message.html?_=1629341275674&CODE_STATE=getMsg HTTP/1.1" 200 27
116.238.194.18 - - [19/Aug/2021:10:48:01 +0800] "GET /xingrg/all/function/internal_message.html?_=1629341282528&CODE_STATE=getMsg HTTP/1.1" 200 27
180.169.147.146 - - [19/Aug/2021:10:48:06 +0800] "GET /xingrg/all/function/internal_message.html?_=1629341287875&CODE_STATE=getMsg HTTP/1.1" 200 27
116.230.105.26 - - [19/Aug/2021:10:48:07 +0800] "GET /xingrg/kc/buy/cgsh_order_operate.html?command=get_materiel&rest_code=00155&code=00101012046&supplier_code=00100347&order_time=2021-08-19 HTTP/1.1" 200 417
114.88.154.248 - - [19/Aug/2021:10:48:08 +0800] "GET /xingrg/all/function/internal_message.html?_=1629341179776&CODE_STATE=getMsg HTTP/1.1" 200 27
222.70.246.151 - - [19/Aug/2021:10:48:10 +0800] "GET /xingrg/all/function/internal_message.html?_=1629341297188&CODE_STATE=getMsg HTTP/1.1" 200 27
120.253.135.82 - - [19/Aug/2021:10:48:14 +0800] "GET /xingrg/all/function/internal_message.html?_=1629341072177&CODE_STATE=getMsg HTTP/1.1" 200 27
116.230.105.26 - - [19/Aug/2021:10:48:14 +0800] "GET /xingrg/kc/buy/cgsh_order_operate.html?command=get_materiel&rest_code=00155&code=00101010200&supplier_code=00100347&order_time=2021-08-19 HTTP/1.1" 200 416
116.235.222.38 - - [19/Aug/2021:10:48:14 +0800] "GET /xingrg/all/function/internal_message.html?_=1629341291209&CODE_STATE=getMsg HTTP/1.1" 200 27
58.37.4.159 - - [19/Aug/2021:10:48:16 +0800] "GET /xingrg/javascript/auto/indicator.gif HTTP/1.1" 404 1066
116.232.54.86 - - [19/Aug/2021:10:48:17 +0800] "GET /xingrg/all/function/internal_message.html?_=1629341298708&CODE_STATE=getMsg HTTP/1.1" 200 27
120.253.135.82 - - [19/Aug/2021:10:48:17 +0800] "GET /xingrg/javascript/jquery_easy_ui/themes/default/images/tabs_active.png HTTP/1.1" 304 -
58.37.4.159 - - [19/Aug/2021:10:48:19 +0800] "GET /xingrg/kc/buy/cgsh_order_operate.html?command=get_materiel&rest_code=00106&code=00101001145&supplier_code=00100314&order_time=2021-08-19 HTTP/1.1" 200 415
120.253.135.82 - - [19/Aug/2021:10:48:21 +0800] "GET /xingrg/kc/pszx/mdqp_order_list.html?state=10 HTTP/1.1" 200 10217
120.253.135.82 - - [19/Aug/2021:10:48:21 +0800] "GET /xingrg/dwr/interface/AjaxReportQueryService.js HTTP/1.1" 200 13203
120.253.135.82 - - [19/Aug/2021:10:48:21 +0800] "GET /xingrg/dwr/interface/AjaxQqpsService.js HTTP/1.1" 200 16326
120.253.135.82 - - [19/Aug/2021:10:48:21 +0800] "GET /xingrg/dwr/engine.js HTTP/1.1" 200 43631
120.253.135.82 - - [19/Aug/2021:10:48:21 +0800] "GET /xingrg/javascript/jquery_easy_ui/themes/icons/check_new.png HTTP/1.1" 304 -
120.253.135.82 - - [19/Aug/2021:10:48:21 +0800] "GET /xingrg/javascript/jquery_easy_ui/themes/icons/uncheck_new.png HTTP/1.1" 304 -
101.85.52.72 - - [19/Aug/2021:10:48:21 +0800] "GET /xingrg/all/function/internal_message.html?_=1629341298807&CODE_STATE=getMsg HTTP/1.1" 200 27
116.230.105.26 - - [19/Aug/2021:10:48:23 +0800] "POST /xingrg/kc/buy/cgsh_order_operate.html HTTP/1.1" 200 37
116.230.105.26 - - [19/Aug/2021:10:48:24 +0800] "POST /xingrg/kc/buy/cgsh_order_operate.html HTTP/1.1" 200 4442
180.169.147.146 - - [19/Aug/2021:10:48:25 +0800] "GET /xingrg/all/function/internal_message.html?_=1629341308758&CODE_STATE=getMsg HTTP/1.1" 200 27
180.169.147.146 - - [19/Aug/2021:10:48:26 +0800] "GET /xingrg/all/function/internal_message.html?_=1629341312930&CODE_STATE=getMsg HTTP/1.1" 302 -
116.235.222.38 - - [19/Aug/2021:10:48:26 +0800] "GET /xingrg/all/function/internal_message.html?_=1629341303158&CODE_STATE=getMsg HTTP/1.1" 200 27
116.230.105.26 - - [19/Aug/2021:10:48:26 +0800] "GET /xingrg/kc/print/load_data.html?order_code=212021081908572&kc_code=cgsh&condition= HTTP/1.1" 200 1361
58.37.4.159 - - [19/Aug/2021:10:48:28 +0800] "GET /xingrg/all/function/internal_message.html?_=1629341314216&CODE_STATE=getMsg HTTP/1.1" 200 27
116.238.194.18 - - [19/Aug/2021:10:48:29 +0800] "GET /xingrg/all/function/internal_message.html?_=1629341249177&CODE_STATE=getMsg HTTP/1.1" 200 27
180.174.198.13 - - [19/Aug/2021:10:48:32 +0800] "GET /xingrg/all/function/internal_message.html?_=1629341295007&CODE_STATE=getMsg HTTP/1.1" 200 27
116.230.105.26 - - [19/Aug/2021:10:48:35 +0800] "GET /xingrg/kc/buy/cgsh_order_add.html HTTP/1.1" 200 63240
116.230.105.26 - - [19/Aug/2021:10:48:36 +0800] "POST /xingrg/kc/buy/cgsh_order_operate.html HTTP/1.1" 200 8245
116.230.105.26 - - [19/Aug/2021:10:48:36 +0800] "GET /xingrg/javascript/easyui/themes/default/validatebox.css HTTP/1.1" 404 1104
116.230.105.26 - - [19/Aug/2021:10:48:37 +0800] "GET /xingrg/javascript/auto/indicator.gif HTTP/1.1" 404 1066
116.230.105.26 - - [19/Aug/2021:10:48:38 +0800] "GET /xingrg/javascript/jquery_tools/images/next.gif HTTP/1.1" 404 1086
116.230.105.26 - - [19/Aug/2021:10:48:38 +0800] "GET /xingrg/javascript/jquery_tools/images/prev.gif HTTP/1.1" 404 1086
58.40.7.146 - - [19/Aug/2021:10:48:40 +0800] "POST /xingrg/kc/buy/cgsh_list_operate.html HTTP/1.1" 200 8530
58.37.4.159 - - [19/Aug/2021:10:48:41 +0800] "POST /xingrg/kc/buy/cgsh_order_operate.html HTTP/1.1" 200 37
222.70.178.182 - - [19/Aug/2021:10:48:43 +0800] "GET /xingrg/all/function/internal_message.html?_=1629341321363&CODE_STATE=getMsg HTTP/1.1" 200 27
58.35.199.85 - - [19/Aug/2021:10:48:46 +0800] "GET /favicon.ico HTTP/1.1" 404 -
116.230.105.26 - - [19/Aug/2021:10:48:46 +0800] "GET /xingrg/kc/buy/cgsh_order_operate.html?command=get_materiel&rest_code=00155&code=00101015122&supplier_code=00100443&order_time=2021-08-19 HTTP/1.1" 200 407
58.35.199.85 - - [19/Aug/2021:10:48:47 +0800] "GET /favicon.ico HTTP/1.1" 404 -
58.35.199.85 - - [19/Aug/2021:10:48:47 +0800] "GET /favicon.ico HTTP/1.1" 404 -
58.35.199.85 - - [19/Aug/2021:10:48:48 +0800] "GET /favicon.ico HTTP/1.1" 404 -
58.35.199.85 - - [19/Aug/2021:10:48:48 +0800] "GET /favicon.ico HTTP/1.1" 404 -
58.37.4.159 - - [19/Aug/2021:10:48:49 +0800] "POST /xingrg/kc/buy/cgsh_order_operate.html HTTP/1.1" 200 12
58.35.199.85 - - [19/Aug/2021:10:48:49 +0800] "GET /favicon.ico HTTP/1.1" 404 -
58.37.4.159 - - [19/Aug/2021:10:48:51 +0800] "GET /xingrg/kc/buy/cgsh_order_info.html?code=212021081908573 HTTP/1.1" 200 58183
58.37.4.159 - - [19/Aug/2021:10:48:52 +0800] "GET /xingrg/javascript/easyui/themes/default/validatebox.css HTTP/1.1" 404 1104
116.230.105.26 - - [19/Aug/2021:10:48:55 +0800] "POST /xingrg/kc/buy/cgsh_order_operate.html HTTP/1.1" 200 37
58.37.4.159 - - [19/Aug/2021:10:48:55 +0800] "POST /xingrg/kc/buy/cgsh_order_operate.html HTTP/1.1" 200 612
116.230.105.26 - - [19/Aug/2021:10:48:56 +0800] "POST /xingrg/kc/buy/cgsh_order_operate.html HTTP/1.1" 200 2664
101.83.145.79 - - [19/Aug/2021:10:48:56 +0800] "GET /xingrg/all/function/internal_message.html?_=1629341293123&CODE_STATE=getMsg HTTP/1.1" 200 27
116.230.105.26 - - [19/Aug/2021:10:48:57 +0800] "GET /xingrg/kc/print/load_data.html?order_code=212021081908574&kc_code=cgsh&condition= HTTP/1.1" 200 685
58.40.7.146 - - [19/Aug/2021:10:48:59 +0800] "GET /xingrg/all/function/internal_message.html?_=1629341340302&CODE_STATE=getMsg HTTP/1.1" 200 27
58.37.4.159 - - [19/Aug/2021:10:49:00 +0800] "GET /xingrg/kc/print/load_config.html?kc_code=cgsh HTTP/1.1" 200 2076
58.37.4.159 - - [19/Aug/2021:10:49:01 +0800] "GET /xingrg/kc/print/load_data.html?order_code=212021081908573&kc_code=cgsh&condition= HTTP/1.1" 200 702
117.184.7.26 - - [19/Aug/2021:10:49:01 +0800] "GET /xingrg/all/function/internal_message.html?_=1629341335653&CODE_STATE=getMsg HTTP/1.1" 200 27
116.238.194.18 - - [19/Aug/2021:10:49:01 +0800] "GET /xingrg/check_reg.html?_=1629341342529 HTTP/1.1" 200 22
116.238.194.18 - - [19/Aug/2021:10:49:01 +0800] "GET /xingrg/all/function/internal_message.html?_=1629341342533&CODE_STATE=getMsg HTTP/1.1" 200 27
117.184.7.26 - - [19/Aug/2021:10:49:02 +0800] "GET /xingrg/check_reg.html?_=1629341336283 HTTP/1.1" 200 22
116.230.105.26 - - [19/Aug/2021:10:49:03 +0800] "GET /xingrg/kc/buy/cgsh_order_add.html HTTP/1.1" 200 63240
116.230.105.26 - - [19/Aug/2021:10:49:04 +0800] "POST /xingrg/kc/buy/cgsh_order_operate.html HTTP/1.1" 200 8245
116.230.105.26 - - [19/Aug/2021:10:49:04 +0800] "GET /xingrg/javascript/easyui/themes/default/validatebox.css HTTP/1.1" 404 1104
180.169.147.146 - - [19/Aug/2021:10:49:06 +0800] "GET /xingrg/all/function/internal_message.html?_=1629341347881&CODE_STATE=getMsg HTTP/1.1" 200 27
180.169.147.146 - - [19/Aug/2021:10:49:06 +0800] "GET /xingrg/check_reg.html?_=1629341347885 HTTP/1.1" 200 22
116.230.105.26 - - [19/Aug/2021:10:49:07 +0800] "GET /xingrg/javascript/auto/indicator.gif HTTP/1.1" 404 1066
114.88.154.248 - - [19/Aug/2021:10:49:08 +0800] "GET /xingrg/all/function/internal_message.html?_=1629341239754&CODE_STATE=getMsg HTTP/1.1" 200 27
116.230.105.26 - - [19/Aug/2021:10:49:09 +0800] "GET /xingrg/javascript/jquery_tools/images/prev.gif HTTP/1.1" 404 1086
116.230.105.26 - - [19/Aug/2021:10:49:09 +0800] "GET /xingrg/javascript/jquery_tools/images/next.gif HTTP/1.1" 404 1086
222.70.246.151 - - [19/Aug/2021:10:49:10 +0800] "GET /xingrg/all/function/internal_message.html?_=1629341357539&CODE_STATE=getMsg HTTP/1.1" 200 27
58.37.4.159 - - [19/Aug/2021:10:49:13 +0800] "GET /xingrg/kc/buy/cgsh_order_add.html HTTP/1.1" 200 63272
58.37.4.159 - - [19/Aug/2021:10:49:13 +0800] "POST /xingrg/kc/buy/cgsh_order_operate.html HTTP/1.1" 200 8245
58.37.4.159 - - [19/Aug/2021:10:49:13 +0800] "GET /xingrg/javascript/easyui/themes/default/validatebox.css HTTP/1.1" 404 1104
120.253.135.82 - - [19/Aug/2021:10:49:14 +0800] "GET /xingrg/all/function/internal_message.html?_=1629341132209&CODE_STATE=getMsg HTTP/1.1" 200 27
116.235.222.38 - - [19/Aug/2021:10:49:14 +0800] "GET /xingrg/all/function/internal_message.html?_=1629341351185&CODE_STATE=getMsg HTTP/1.1" 200 27
116.230.105.26 - - [19/Aug/2021:10:49:15 +0800] "GET /xingrg/kc/buy/cgsh_order_operate.html?command=get_materiel&rest_code=00155&code=00101001155&supplier_code=00100323&order_time=2021-08-19 HTTP/1.1" 200 414
116.232.54.86 - - [19/Aug/2021:10:49:17 +0800] "GET /xingrg/all/function/internal_message.html?_=1629341358711&CODE_STATE=getMsg HTTP/1.1" 200 27
101.83.145.79 - - [19/Aug/2021:10:49:17 +0800] "GET /xingrg/kc/buy/cgsh_order_operate.html?command=get_materiel&rest_code=00105&code=00101012025&supplier_code=00100034&order_time=2021-08-19 HTTP/1.1" 200 412
58.37.4.159 - - [19/Aug/2021:10:49:18 +0800] "GET /xingrg/javascript/easyui/themes/default/tree.css HTTP/1.1" 404 1090
116.230.105.26 - - [19/Aug/2021:10:49:18 +0800] "GET /xingrg/all/function/internal_message.html?_=1629341340374&CODE_STATE=getMsg HTTP/1.1" 200 27
58.37.4.159 - - [19/Aug/2021:10:49:18 +0800] "POST /xingrg/all/common/load_tree.html?tree=supplier_tree_json&isDelete=1 HTTP/1.1" 200 57451
101.85.52.72 - - [19/Aug/2021:10:49:21 +0800] "GET /xingrg/check_reg.html?_=1629341358818 HTTP/1.1" 200 22
101.85.52.72 - - [19/Aug/2021:10:49:21 +0800] "GET /xingrg/all/function/internal_message.html?_=1629341358821&CODE_STATE=getMsg HTTP/1.1" 200 27
180.169.147.146 - - [19/Aug/2021:10:49:25 +0800] "GET /xingrg/all/function/internal_message.html?_=1629341368747&CODE_STATE=getMsg HTTP/1.1" 200 27
116.235.222.38 - - [19/Aug/2021:10:49:26 +0800] "GET /xingrg/all/function/internal_message.html?_=1629341363158&CODE_STATE=getMsg HTTP/1.1" 200 27
116.230.105.26 - - [19/Aug/2021:10:49:28 +0800] "POST /xingrg/kc/buy/cgsh_order_operate.html HTTP/1.1" 200 37
58.37.4.159 - - [19/Aug/2021:10:49:28 +0800] "GET /xingrg/all/function/internal_message.html?_=1629341374243&CODE_STATE=getMsg HTTP/1.1" 200 27
116.238.194.18 - - [19/Aug/2021:10:49:29 +0800] "GET /xingrg/all/function/internal_message.html?_=1629341309189&CODE_STATE=getMsg HTTP/1.1" 200 27
180.174.198.13 - - [19/Aug/2021:10:49:30 +0800] "GET /xingrg/check_reg.html?_=1629341352989 HTTP/1.1" 200 22
101.83.145.79 - - [19/Aug/2021:10:49:32 +0800] "POST /xingrg/kc/buy/cgsh_order_operate.html HTTP/1.1" 200 37
116.230.105.26 - - [19/Aug/2021:10:49:32 +0800] "POST /xingrg/kc/buy/cgsh_order_operate.html HTTP/1.1" 200 2660
180.174.198.13 - - [19/Aug/2021:10:49:32 +0800] "GET /xingrg/all/function/internal_message.html?_=1629341355022&CODE_STATE=getMsg HTTP/1.1" 200 27
116.230.105.26 - - [19/Aug/2021:10:49:34 +0800] "GET /xingrg/kc/print/load_data.html?order_code=212021081908575&kc_code=cgsh&condition= HTTP/1.1" 200 693
101.83.145.79 - - [19/Aug/2021:10:49:34 +0800] "POST /xingrg/kc/buy/cgsh_order_operate.html HTTP/1.1" 200 4424
101.83.145.79 - - [19/Aug/2021:10:49:37 +0800] "GET /xingrg/kc/print/load_data.html?order_code=212021081908576&kc_code=cgsh&condition= HTTP/1.1" 200 1379
116.230.105.26 - - [19/Aug/2021:10:49:40 +0800] "GET /xingrg/kc/buy/cgsh_order_add.html HTTP/1.1" 200 63240
116.230.105.26 - - [19/Aug/2021:10:49:40 +0800] "POST /xingrg/kc/buy/cgsh_order_operate.html HTTP/1.1" 200 8245
116.230.105.26 - - [19/Aug/2021:10:49:40 +0800] "GET /xingrg/javascript/easyui/themes/default/validatebox.css HTTP/1.1" 404 1104
101.85.93.96 - - [19/Aug/2021:10:49:41 +0800] "GET /xingrg/check_reg.html?_=1629341339951 HTTP/1.1" 200 22
101.85.93.96 - - [19/Aug/2021:10:49:41 +0800] "GET /xingrg/all/function/internal_message.html?_=1629341333507&CODE_STATE=getMsg HTTP/1.1" 200 27
58.37.4.159 - - [19/Aug/2021:10:49:42 +0800] "GET /xingrg/kc/buy/cgsh_order_operate.html?command=get_materiel&rest_code=00106&code=00101002038&supplier_code=00100087&order_time=2021-08-19 HTTP/1.1" 200 416
116.230.105.26 - - [19/Aug/2021:10:49:42 +0800] "GET /xingrg/javascript/auto/indicator.gif HTTP/1.1" 404 1066
222.70.178.182 - - [19/Aug/2021:10:49:43 +0800] "GET /xingrg/all/function/internal_message.html?_=1629341381333&CODE_STATE=getMsg HTTP/1.1" 200 27
116.230.105.26 - - [19/Aug/2021:10:49:43 +0800] "GET /xingrg/javascript/jquery_tools/images/prev.gif HTTP/1.1" 404 1086
116.230.105.26 - - [19/Aug/2021:10:49:43 +0800] "GET /xingrg/javascript/jquery_tools/images/next.gif HTTP/1.1" 404 1086
116.230.105.26 - - [19/Aug/2021:10:49:47 +0800] "GET /xingrg/kc/buy/cgsh_order_operate.html?command=get_materiel&rest_code=00155&code=00101010108&supplier_code=00100336&order_time=2021-08-19 HTTP/1.1" 200 421
116.230.105.26 - - [19/Aug/2021:10:49:56 +0800] "POST /xingrg/kc/buy/cgsh_order_operate.html HTTP/1.1" 200 37
101.83.145.79 - - [19/Aug/2021:10:49:56 +0800] "GET /xingrg/all/function/internal_message.html?_=1629341353101&CODE_STATE=getMsg HTTP/1.1" 200 27
116.230.105.26 - - [19/Aug/2021:10:49:57 +0800] "POST /xingrg/kc/buy/cgsh_order_operate.html HTTP/1.1" 200 2665
116.230.105.26 - - [19/Aug/2021:10:49:59 +0800] "GET /xingrg/kc/print/load_data.html?order_code=212021081908577&kc_code=cgsh&condition= HTTP/1.1" 200 687
58.40.7.146 - - [19/Aug/2021:10:49:59 +0800] "GET /xingrg/all/function/internal_message.html?_=1629341400309&CODE_STATE=getMsg HTTP/1.1" 200 27
117.184.7.26 - - [19/Aug/2021:10:50:01 +0800] "GET /xingrg/all/function/internal_message.html?_=1629341395628&CODE_STATE=getMsg HTTP/1.1" 200 27
58.37.4.159 - - [19/Aug/2021:10:50:01 +0800] "POST /xingrg/kc/buy/cgsh_order_operate.html HTTP/1.1" 200 37
116.238.194.18 - - [19/Aug/2021:10:50:01 +0800] "GET /xingrg/all/function/internal_message.html?_=1629341402520&CODE_STATE=getMsg HTTP/1.1" 200 27
101.83.145.79 - - [19/Aug/2021:10:50:04 +0800] "GET /xingrg/kc/buy/cgsh_order_add.html HTTP/1.1" 200 63319
101.83.145.79 - - [19/Aug/2021:10:50:04 +0800] "POST /xingrg/kc/buy/cgsh_order_operate.html HTTP/1.1" 200 8245
101.83.145.79 - - [19/Aug/2021:10:50:04 +0800] "GET /xingrg/javascript/easyui/themes/default/validatebox.css HTTP/1.1" 404 1104
116.230.105.26 - - [19/Aug/2021:10:50:05 +0800] "GET /xingrg/kc/buy/cgsh_order_add.html HTTP/1.1" 200 63240
116.230.105.26 - - [19/Aug/2021:10:50:05 +0800] "POST /xingrg/kc/buy/cgsh_order_operate.html HTTP/1.1" 200 8245
116.230.105.26 - - [19/Aug/2021:10:50:05 +0800] "GET /xingrg/javascript/easyui/themes/default/validatebox.css HTTP/1.1" 404 1104
