58.37.4.159 - - [19/Aug/2021:11:12:04 +0800] "GET /xingrg/javascript/easyui/themes/default/validatebox.css HTTP/1.1" 404 1104
120.253.135.82 - - [19/Aug/2021:11:12:04 +0800] "GET /xingrg/kc/pszx/mdps_order_info.html?code=312021081500436 HTTP/1.1" 200 19591
120.253.135.82 - - [19/Aug/2021:11:12:05 +0800] "GET /xingrg/javascript/easyui/themes/default/validatebox.css HTTP/1.1" 404 1104
58.37.4.159 - - [19/Aug/2021:11:12:05 +0800] "POST /xingrg/kc/buy/cgsh_order_operate.html HTTP/1.1" 200 608
120.253.135.82 - - [19/Aug/2021:11:12:05 +0800] "POST /xingrg/kc/pszx/mdps_order_operate.html HTTP/1.1" 200 1958
222.70.246.151 - - [19/Aug/2021:11:12:06 +0800] "GET /xingrg/kc/buy/cgsh_order_operate.html?command=get_materiel&rest_code=00146&code=00101016025&supplier_code=00100033&order_time=2021-08-19 HTTP/1.1" 200 408
180.169.147.146 - - [19/Aug/2021:11:12:06 +0800] "GET /xingrg/all/function/internal_message.html?_=1629342727876&CODE_STATE=getMsg HTTP/1.1" 200 27
120.253.135.82 - - [19/Aug/2021:11:12:06 +0800] "POST /xingrg/kc/pszx/mdps_list_operate.html HTTP/1.1" 200 1698
114.84.82.184 - - [19/Aug/2021:11:12:06 +0800] "POST /xingrg/kc/buy/cgsh_order_operate.html HTTP/1.1" 200 37
114.88.154.248 - - [19/Aug/2021:11:12:07 +0800] "GET /xingrg/all/function/internal_message.html?_=1629342619328&CODE_STATE=getMsg HTTP/1.1" 200 27
114.84.82.184 - - [19/Aug/2021:11:12:08 +0800] "POST /xingrg/kc/buy/cgsh_order_operate.html HTTP/1.1" 200 9804
58.37.4.159 - - [19/Aug/2021:11:12:09 +0800] "GET /xingrg/kc/print/load_data.html?order_code=212021081908617&kc_code=cgsh&condition= HTTP/1.1" 200 712
114.84.82.184 - - [19/Aug/2021:11:12:10 +0800] "GET /xingrg/kc/buy/cgsh_order_add.html HTTP/1.1" 200 63272
114.84.82.184 - - [19/Aug/2021:11:12:10 +0800] "POST /xingrg/kc/buy/cgsh_order_operate.html HTTP/1.1" 200 8245
114.84.82.184 - - [19/Aug/2021:11:12:10 +0800] "GET /xingrg/javascript/easyui/themes/default/validatebox.css HTTP/1.1" 404 1104
222.70.246.151 - - [19/Aug/2021:11:12:11 +0800] "GET /xingrg/all/function/internal_message.html?_=1629342738965&CODE_STATE=getMsg HTTP/1.1" 200 27
116.235.222.38 - - [19/Aug/2021:11:12:14 +0800] "GET /xingrg/all/function/internal_message.html?_=1629342731151&CODE_STATE=getMsg HTTP/1.1" 200 27
120.253.135.82 - - [19/Aug/2021:11:12:14 +0800] "GET /xingrg/all/function/internal_message.html?_=1629342512571&CODE_STATE=getMsg HTTP/1.1" 200 27
120.253.135.82 - - [19/Aug/2021:11:12:17 +0800] "POST /xingrg/kc/pszx/mdps_list_operate.html HTTP/1.1" 200 630
116.232.54.86 - - [19/Aug/2021:11:12:17 +0800] "GET /xingrg/all/function/internal_message.html?_=1629342738799&CODE_STATE=getMsg HTTP/1.1" 200 27
116.230.105.26 - - [19/Aug/2021:11:12:18 +0800] "GET /xingrg/all/function/internal_message.html?_=1629342720064&CODE_STATE=getMsg HTTP/1.1" 200 27
120.253.135.82 - - [19/Aug/2021:11:12:18 +0800] "GET /xingrg/kc/pszx/mdps_order_info.html?code=312021081800511 HTTP/1.1" 200 23935
120.253.135.82 - - [19/Aug/2021:11:12:18 +0800] "GET /xingrg/javascript/easyui/themes/default/validatebox.css HTTP/1.1" 404 1104
120.253.135.82 - - [19/Aug/2021:11:12:19 +0800] "POST /xingrg/kc/pszx/mdps_order_operate.html HTTP/1.1" 200 6300
58.37.4.159 - - [19/Aug/2021:11:12:21 +0800] "GET /xingrg/kc/buy/cgsh_order_add.html HTTP/1.1" 200 63272
58.37.4.159 - - [19/Aug/2021:11:12:22 +0800] "POST /xingrg/kc/buy/cgsh_order_operate.html HTTP/1.1" 200 8245
101.83.145.79 - - [19/Aug/2021:11:12:22 +0800] "GET /xingrg/kc/buy/cgsh_order_operate.html?command=get_materiel&rest_code=00105&code=00101004038&supplier_code=00100312&order_time=2021-08-19 HTTP/1.1" 200 409
58.37.4.159 - - [19/Aug/2021:11:12:22 +0800] "GET /xingrg/javascript/easyui/themes/default/validatebox.css HTTP/1.1" 404 1104
114.84.82.184 - - [19/Aug/2021:11:12:22 +0800] "GET /xingrg/kc/buy/cgsh_order_operate.html?command=get_materiel&rest_code=00148&code=00101006147&supplier_code=00100404&order_time=2021-08-19 HTTP/1.1" 200 426
120.253.135.82 - - [19/Aug/2021:11:12:23 +0800] "POST /xingrg/kc/pszx/mdps_order_operate.html HTTP/1.1" 200 37
180.169.147.146 - - [19/Aug/2021:11:12:26 +0800] "GET /xingrg/all/function/internal_message.html?_=1629342748845&CODE_STATE=getMsg HTTP/1.1" 200 27
116.235.222.38 - - [19/Aug/2021:11:12:26 +0800] "GET /xingrg/all/function/internal_message.html?_=1629342743197&CODE_STATE=getMsg HTTP/1.1" 200 27
58.37.4.159 - - [19/Aug/2021:11:12:27 +0800] "GET /xingrg/javascript/easyui/themes/default/tree.css HTTP/1.1" 404 1090
116.238.194.18 - - [19/Aug/2021:11:12:28 +0800] "GET /xingrg/check_reg.html?_=1629342687912 HTTP/1.1" 200 22
58.37.4.159 - - [19/Aug/2021:11:12:28 +0800] "POST /xingrg/all/common/load_tree.html?tree=supplier_tree_json&isDelete=1 HTTP/1.1" 200 57451
120.253.135.82 - - [19/Aug/2021:11:12:28 +0800] "POST /xingrg/kc/pszx/mdps_order_operate.html HTTP/1.1" 200 12
58.37.4.159 - - [19/Aug/2021:11:12:29 +0800] "GET /xingrg/all/function/internal_message.html?_=1629342754844&CODE_STATE=getMsg HTTP/1.1" 200 27
58.37.4.159 - - [19/Aug/2021:11:12:29 +0800] "GET /xingrg/check_reg.html?_=1629342754845 HTTP/1.1" 200 22
116.238.194.18 - - [19/Aug/2021:11:12:29 +0800] "GET /xingrg/all/function/internal_message.html?_=1629342689580&CODE_STATE=getMsg HTTP/1.1" 200 27
101.85.93.96 - - [19/Aug/2021:11:12:34 +0800] "GET /xingrg/all/function/internal_message.html?_=1629342712980&CODE_STATE=getMsg HTTP/1.1" 200 27
180.174.198.13 - - [19/Aug/2021:11:12:36 +0800] "GET /xingrg/all/function/internal_message.html?_=1629342738080&CODE_STATE=getMsg HTTP/1.1" 200 27
114.84.82.184 - - [19/Aug/2021:11:12:36 +0800] "POST /xingrg/kc/buy/cgsh_order_operate.html HTTP/1.1" 200 37
120.253.135.82 - - [19/Aug/2021:11:12:40 +0800] "GET /xingrg/kc/pszx/mdps_order_info.html?code=312021081800511 HTTP/1.1" 200 19595
114.84.82.184 - - [19/Aug/2021:11:12:40 +0800] "POST /xingrg/kc/buy/cgsh_order_operate.html HTTP/1.1" 200 2673
120.253.135.82 - - [19/Aug/2021:11:12:40 +0800] "GET /xingrg/javascript/easyui/themes/default/validatebox.css HTTP/1.1" 404 1104
120.253.135.82 - - [19/Aug/2021:11:12:41 +0800] "POST /xingrg/kc/pszx/mdps_order_operate.html HTTP/1.1" 200 4477
120.253.135.82 - - [19/Aug/2021:11:12:42 +0800] "POST /xingrg/kc/pszx/mdps_list_operate.html HTTP/1.1" 200 868
222.70.178.182 - - [19/Aug/2021:11:12:42 +0800] "GET /xingrg/all/function/internal_message.html?_=1629342760940&CODE_STATE=getMsg HTTP/1.1" 200 27
58.37.4.159 - - [19/Aug/2021:11:12:44 +0800] "GET /xingrg/all/function/internal_message.html?_=1629342761937&CODE_STATE=getMsg HTTP/1.1" 200 27
61.151.207.141 - - [19/Aug/2021:11:12:44 +0800] "GET /xingrg/all/function/internal_message.html?_=1629342701936&CODE_STATE=getMsg HTTP/1.1" 302 -
61.151.207.141 - - [19/Aug/2021:11:12:45 +0800] "GET /xingrg/login.html HTTP/1.1" 200 7641
101.83.145.79 - - [19/Aug/2021:11:12:46 +0800] "GET /xingrg/kc/buy/cgsh_order_operate.html?command=get_materiel&rest_code=00105&code=00101004057&supplier_code=00100312&order_time=2021-08-19 HTTP/1.1" 200 409
114.84.82.184 - - [19/Aug/2021:11:12:49 +0800] "GET /xingrg/kc/buy/cgsh_order_add.html HTTP/1.1" 200 63272
114.84.82.184 - - [19/Aug/2021:11:12:49 +0800] "POST /xingrg/kc/buy/cgsh_order_operate.html HTTP/1.1" 200 8245
114.84.82.184 - - [19/Aug/2021:11:12:49 +0800] "GET /xingrg/javascript/easyui/themes/default/validatebox.css HTTP/1.1" 404 1104
222.70.246.151 - - [19/Aug/2021:11:12:50 +0800] "POST /xingrg/kc/buy/cgsh_order_operate.html HTTP/1.1" 200 37
120.253.135.82 - - [19/Aug/2021:11:12:50 +0800] "POST /xingrg/kc/pszx/mdps_list_operate.html HTTP/1.1" 200 3545
222.70.246.151 - - [19/Aug/2021:11:12:53 +0800] "POST /xingrg/kc/buy/cgsh_order_operate.html HTTP/1.1" 200 6780
120.253.135.82 - - [19/Aug/2021:11:12:55 +0800] "POST /xingrg/kc/pszx/mdps_list_operate.html HTTP/1.1" 200 273
101.83.145.79 - - [19/Aug/2021:11:12:56 +0800] "GET /xingrg/all/function/internal_message.html?_=1629342732711&CODE_STATE=getMsg HTTP/1.1" 200 27
120.253.135.82 - - [19/Aug/2021:11:12:57 +0800] "GET /xingrg/kc/pszx/mdps_order_info.html?code=312021081800526 HTTP/1.1" 200 23931
222.70.246.151 - - [19/Aug/2021:11:12:57 +0800] "GET /xingrg/kc/print/load_data.html?order_code=212021081908619&kc_code=cgsh&condition= HTTP/1.1" 200 2271
120.253.135.82 - - [19/Aug/2021:11:12:57 +0800] "GET /xingrg/javascript/easyui/themes/default/validatebox.css HTTP/1.1" 404 1104
101.83.145.79 - - [19/Aug/2021:11:12:58 +0800] "GET /xingrg/check_reg.html?_=1629342734499 HTTP/1.1" 200 22
58.37.4.159 - - [19/Aug/2021:11:12:58 +0800] "GET /xingrg/kc/buy/cgsh_order_operate.html?command=get_materiel&rest_code=00106&code=00101010327&supplier_code=00100327&order_time=2021-08-19 HTTP/1.1" 200 403
120.253.135.82 - - [19/Aug/2021:11:12:58 +0800] "POST /xingrg/kc/pszx/mdps_order_operate.html HTTP/1.1" 200 2757
58.40.7.146 - - [19/Aug/2021:11:12:59 +0800] "GET /xingrg/all/function/internal_message.html?_=1629342780327&CODE_STATE=getMsg HTTP/1.1" 200 27
114.84.82.184 - - [19/Aug/2021:11:12:59 +0800] "GET /xingrg/all/function/internal_message.html?_=1629342780937&CODE_STATE=getMsg HTTP/1.1" 200 27
117.184.7.26 - - [19/Aug/2021:11:13:01 +0800] "GET /xingrg/all/function/internal_message.html?_=1629342775270&CODE_STATE=getMsg HTTP/1.1" 200 27
116.238.194.18 - - [19/Aug/2021:11:13:01 +0800] "GET /xingrg/all/function/internal_message.html?_=1629342782587&CODE_STATE=getMsg HTTP/1.1" 200 27
120.253.135.82 - - [19/Aug/2021:11:13:02 +0800] "POST /xingrg/kc/pszx/mdps_order_operate.html HTTP/1.1" 200 37
101.83.145.79 - - [19/Aug/2021:11:13:06 +0800] "GET /xingrg/kc/buy/cgsh_order_operate.html?command=get_materiel&rest_code=00105&code=00101001023&supplier_code=00100312&order_time=2021-08-19 HTTP/1.1" 200 415
120.253.135.82 - - [19/Aug/2021:11:13:06 +0800] "POST /xingrg/kc/pszx/mdps_order_operate.html HTTP/1.1" 200 12
180.169.147.146 - - [19/Aug/2021:11:13:06 +0800] "GET /xingrg/all/function/internal_message.html?_=1629342787882&CODE_STATE=getMsg HTTP/1.1" 200 27
114.88.154.248 - - [19/Aug/2021:11:13:07 +0800] "GET /xingrg/all/function/internal_message.html?_=1629342679297&CODE_STATE=getMsg HTTP/1.1" 200 27
114.84.82.184 - - [19/Aug/2021:11:13:08 +0800] "GET /xingrg/kc/buy/cgsh_order_operate.html?command=get_materiel&rest_code=00148&code=00101008061&supplier_code=00100339&order_time=2021-08-19 HTTP/1.1" 200 423
120.253.135.82 - - [19/Aug/2021:11:13:10 +0800] "GET /xingrg/kc/pszx/mdps_order_info.html?code=312021081800526 HTTP/1.1" 200 19591
120.253.135.82 - - [19/Aug/2021:11:13:11 +0800] "GET /xingrg/javascript/easyui/themes/default/validatebox.css HTTP/1.1" 404 1104
120.253.135.82 - - [19/Aug/2021:11:13:11 +0800] "POST /xingrg/kc/pszx/mdps_order_operate.html HTTP/1.1" 200 976
222.70.246.151 - - [19/Aug/2021:11:13:12 +0800] "GET /xingrg/all/function/internal_message.html?_=1629342799315&CODE_STATE=getMsg HTTP/1.1" 200 27
120.253.135.82 - - [19/Aug/2021:11:13:13 +0800] "POST /xingrg/kc/pszx/mdps_list_operate.html HTTP/1.1" 200 3174
222.70.246.151 - - [19/Aug/2021:11:13:13 +0800] "GET /xingrg/kc/buy/cgsh_order_add.html HTTP/1.1" 200 63278
116.235.222.38 - - [19/Aug/2021:11:13:14 +0800] "GET /xingrg/all/function/internal_message.html?_=1629342791133&CODE_STATE=getMsg HTTP/1.1" 200 27
120.253.135.82 - - [19/Aug/2021:11:13:14 +0800] "GET /xingrg/all/function/internal_message.html?_=1629342572585&CODE_STATE=getMsg HTTP/1.1" 200 27
222.70.246.151 - - [19/Aug/2021:11:13:14 +0800] "POST /xingrg/kc/buy/cgsh_order_operate.html HTTP/1.1" 200 8245
222.70.246.151 - - [19/Aug/2021:11:13:15 +0800] "GET /xingrg/javascript/easyui/themes/default/validatebox.css HTTP/1.1" 404 1104
120.253.135.82 - - [19/Aug/2021:11:13:16 +0800] "POST /xingrg/kc/pszx/mdps_list_operate.html HTTP/1.1" 200 299
116.232.54.86 - - [19/Aug/2021:11:13:17 +0800] "GET /xingrg/all/function/internal_message.html?_=1629342798802&CODE_STATE=getMsg HTTP/1.1" 200 27
120.253.135.82 - - [19/Aug/2021:11:13:17 +0800] "GET /xingrg/kc/pszx/mdps_order_info.html?code=312021081800509 HTTP/1.1" 200 23931
120.253.135.82 - - [19/Aug/2021:11:13:17 +0800] "GET /xingrg/javascript/easyui/themes/default/validatebox.css HTTP/1.1" 404 1104
116.230.105.26 - - [19/Aug/2021:11:13:18 +0800] "GET /xingrg/all/function/internal_message.html?_=1629342780045&CODE_STATE=getMsg HTTP/1.1" 200 27
120.253.135.82 - - [19/Aug/2021:11:13:18 +0800] "POST /xingrg/kc/pszx/mdps_order_operate.html HTTP/1.1" 200 2823
116.230.105.26 - - [19/Aug/2021:11:13:18 +0800] "GET /xingrg/check_reg.html?_=1629342780445 HTTP/1.1" 200 22
120.253.135.82 - - [19/Aug/2021:11:13:21 +0800] "POST /xingrg/kc/pszx/mdps_order_operate.html HTTP/1.1" 200 37
180.169.147.146 - - [19/Aug/2021:11:13:26 +0800] "GET /xingrg/all/function/internal_message.html?_=1629342808843&CODE_STATE=getMsg HTTP/1.1" 200 27
120.253.135.82 - - [19/Aug/2021:11:13:26 +0800] "POST /xingrg/kc/pszx/mdps_order_operate.html HTTP/1.1" 200 12
101.83.145.79 - - [19/Aug/2021:11:13:26 +0800] "GET /xingrg/kc/buy/cgsh_order_operate.html?command=get_materiel&rest_code=00105&code=00101004030&supplier_code=00100312&order_time=2021-08-19 HTTP/1.1" 200 408
114.84.82.184 - - [19/Aug/2021:11:13:26 +0800] "GET /xingrg/kc/buy/cgsh_order_operate.html?command=get_materiel&rest_code=00148&code=00101008314&supplier_code=00100339&order_time=2021-08-19 HTTP/1.1" 200 413
116.235.222.38 - - [19/Aug/2021:11:13:26 +0800] "GET /xingrg/all/function/internal_message.html?_=1629342803203&CODE_STATE=getMsg HTTP/1.1" 200 27
58.37.4.159 - - [19/Aug/2021:11:13:26 +0800] "GET /xingrg/kc/buy/cgsh_order_operate.html?command=get_materiel&rest_code=00106&code=00101010628&supplier_code=00100327&order_time=2021-08-19 HTTP/1.1" 200 412
58.37.4.159 - - [19/Aug/2021:11:13:29 +0800] "GET /xingrg/all/function/internal_message.html?_=1629342814861&CODE_STATE=getMsg HTTP/1.1" 200 27
116.238.194.18 - - [19/Aug/2021:11:13:29 +0800] "GET /xingrg/all/function/internal_message.html?_=1629342749593&CODE_STATE=getMsg HTTP/1.1" 200 27
120.253.135.82 - - [19/Aug/2021:11:13:30 +0800] "GET /xingrg/kc/pszx/mdps_order_info.html?code=312021081800509 HTTP/1.1" 200 19591
120.253.135.82 - - [19/Aug/2021:11:13:30 +0800] "GET /xingrg/javascript/easyui/themes/default/validatebox.css HTTP/1.1" 404 1104
120.253.135.82 - - [19/Aug/2021:11:13:31 +0800] "POST /xingrg/kc/pszx/mdps_order_operate.html HTTP/1.1" 200 1040
120.253.135.82 - - [19/Aug/2021:11:13:32 +0800] "POST /xingrg/kc/pszx/mdps_list_operate.html HTTP/1.1" 200 2804
120.253.135.82 - - [19/Aug/2021:11:13:33 +0800] "POST /xingrg/kc/pszx/mdps_list_operate.html HTTP/1.1" 200 206
101.85.93.96 - - [19/Aug/2021:11:13:34 +0800] "GET /xingrg/all/function/internal_message.html?_=1629342772960&CODE_STATE=getMsg HTTP/1.1" 200 27
114.84.82.184 - - [19/Aug/2021:11:13:34 +0800] "POST /xingrg/kc/buy/cgsh_order_operate.html HTTP/1.1" 200 37
120.253.135.82 - - [19/Aug/2021:11:13:35 +0800] "GET /xingrg/kc/pszx/mdps_order_info.html?code=312021081800507 HTTP/1.1" 200 23931
120.253.135.82 - - [19/Aug/2021:11:13:35 +0800] "GET /xingrg/javascript/easyui/themes/default/validatebox.css HTTP/1.1" 404 1104
120.253.135.82 - - [19/Aug/2021:11:13:36 +0800] "POST /xingrg/kc/pszx/mdps_order_operate.html HTTP/1.1" 200 2296
114.84.82.184 - - [19/Aug/2021:11:13:36 +0800] "POST /xingrg/kc/buy/cgsh_order_operate.html HTTP/1.1" 200 3257
180.174.198.13 - - [19/Aug/2021:11:13:36 +0800] "GET /xingrg/all/function/internal_message.html?_=1629342798836&CODE_STATE=getMsg HTTP/1.1" 200 27
120.253.135.82 - - [19/Aug/2021:11:13:40 +0800] "POST /xingrg/kc/pszx/mdps_order_operate.html HTTP/1.1" 200 37
222.70.178.182 - - [19/Aug/2021:11:13:42 +0800] "GET /xingrg/all/function/internal_message.html?_=1629342820942&CODE_STATE=getMsg HTTP/1.1" 200 27
61.151.207.141 - - [19/Aug/2021:11:13:43 +0800] "GET /xingrg/all/function/internal_message.html?_=1629342761937&CODE_STATE=getMsg HTTP/1.1" 302 -
61.151.207.141 - - [19/Aug/2021:11:13:43 +0800] "GET /xingrg/login.html HTTP/1.1" 200 7641
58.37.4.159 - - [19/Aug/2021:11:13:44 +0800] "GET /xingrg/check_reg.html?_=1629342821938 HTTP/1.1" 200 22
58.37.4.159 - - [19/Aug/2021:11:13:44 +0800] "GET /xingrg/all/function/internal_message.html?_=1629342821937&CODE_STATE=getMsg HTTP/1.1" 200 27
120.253.135.82 - - [19/Aug/2021:11:13:44 +0800] "POST /xingrg/kc/pszx/mdps_order_operate.html HTTP/1.1" 200 12
58.37.4.159 - - [19/Aug/2021:11:13:46 +0800] "POST /xingrg/kc/buy/cgsh_order_operate.html HTTP/1.1" 200 37
101.83.145.79 - - [19/Aug/2021:11:13:48 +0800] "GET /xingrg/kc/buy/cgsh_order_operate.html?command=get_materiel&rest_code=00105&code=00101005074&supplier_code=00100312&order_time=2021-08-19 HTTP/1.1" 200 400
120.253.135.82 - - [19/Aug/2021:11:13:50 +0800] "GET /xingrg/kc/pszx/mdps_order_info.html?code=312021081800507 HTTP/1.1" 200 19591
120.253.135.82 - - [19/Aug/2021:11:13:50 +0800] "GET /xingrg/javascript/easyui/themes/default/validatebox.css HTTP/1.1" 404 1104
120.253.135.82 - - [19/Aug/2021:11:13:51 +0800] "POST /xingrg/kc/pszx/mdps_order_operate.html HTTP/1.1" 200 517
222.70.246.151 - - [19/Aug/2021:11:13:51 +0800] "GET /xingrg/kc/buy/cgsh_order_operate.html?command=get_materiel&rest_code=00146&code=00101009050&supplier_code=00100023&order_time=2021-08-19 HTTP/1.1" 200 408
120.253.135.82 - - [19/Aug/2021:11:13:52 +0800] "POST /xingrg/kc/pszx/mdps_list_operate.html HTTP/1.1" 200 2435
120.253.135.82 - - [19/Aug/2021:11:13:54 +0800] "POST /xingrg/kc/pszx/mdps_list_operate.html HTTP/1.1" 200 381
114.84.82.184 - - [19/Aug/2021:11:13:54 +0800] "GET /xingrg/kc/buy/cgsh_order_operate.html?command=get_materiel&rest_code=00148&code=00101008043&supplier_code=00100339&order_time=2021-08-19 HTTP/1.1" 200 416
120.253.135.82 - - [19/Aug/2021:11:13:55 +0800] "GET /xingrg/kc/pszx/mdps_order_info.html?code=312021081800524 HTTP/1.1" 200 23931
120.253.135.82 - - [19/Aug/2021:11:13:56 +0800] "GET /xingrg/javascript/easyui/themes/default/validatebox.css HTTP/1.1" 404 1104
101.83.145.79 - - [19/Aug/2021:11:13:56 +0800] "GET /xingrg/all/function/internal_message.html?_=1629342792686&CODE_STATE=getMsg HTTP/1.1" 200 27
120.253.135.82 - - [19/Aug/2021:11:13:56 +0800] "POST /xingrg/kc/pszx/mdps_order_operate.html HTTP/1.1" 200 3312
58.40.7.146 - - [19/Aug/2021:11:13:59 +0800] "GET /xingrg/all/function/internal_message.html?_=1629342840331&CODE_STATE=getMsg HTTP/1.1" 200 27
114.84.82.184 - - [19/Aug/2021:11:13:59 +0800] "GET /xingrg/all/function/internal_message.html?_=1629342840910&CODE_STATE=getMsg HTTP/1.1" 200 27
117.184.7.26 - - [19/Aug/2021:11:14:01 +0800] "GET /xingrg/all/function/internal_message.html?_=1629342835254&CODE_STATE=getMsg HTTP/1.1" 200 27
120.253.135.82 - - [19/Aug/2021:11:14:01 +0800] "POST /xingrg/kc/pszx/mdps_order_operate.html HTTP/1.1" 200 37
116.238.194.18 - - [19/Aug/2021:11:14:01 +0800] "GET /xingrg/check_reg.html?_=1629342842589 HTTP/1.1" 200 22
116.238.194.18 - - [19/Aug/2021:11:14:01 +0800] "GET /xingrg/all/function/internal_message.html?_=1629342842590&CODE_STATE=getMsg HTTP/1.1" 200 27
117.184.7.26 - - [19/Aug/2021:11:14:02 +0800] "GET /xingrg/check_reg.html?_=1629342836333 HTTP/1.1" 200 22
114.84.82.184 - - [19/Aug/2021:11:14:04 +0800] "POST /xingrg/kc/buy/cgsh_order_operate.html HTTP/1.1" 200 37
120.253.135.82 - - [19/Aug/2021:11:14:05 +0800] "POST /xingrg/kc/pszx/mdps_order_operate.html HTTP/1.1" 200 12
114.84.82.184 - - [19/Aug/2021:11:14:06 +0800] "POST /xingrg/kc/buy/cgsh_order_operate.html HTTP/1.1" 200 3257
180.169.147.146 - - [19/Aug/2021:11:14:06 +0800] "GET /xingrg/check_reg.html?_=1629342847872 HTTP/1.1" 200 22
180.169.147.146 - - [19/Aug/2021:11:14:06 +0800] "GET /xingrg/all/function/internal_message.html?_=1629342847876&CODE_STATE=getMsg HTTP/1.1" 200 27
114.88.154.248 - - [19/Aug/2021:11:14:07 +0800] "GET /xingrg/all/function/internal_message.html?_=1629342739269&CODE_STATE=getMsg HTTP/1.1" 200 27
120.253.135.82 - - [19/Aug/2021:11:14:08 +0800] "GET /xingrg/kc/pszx/mdps_order_info.html?code=312021081800524 HTTP/1.1" 200 19591
114.84.82.184 - - [19/Aug/2021:11:14:08 +0800] "GET /xingrg/kc/buy/cgsh_order_add.html HTTP/1.1" 200 63272
114.84.82.184 - - [19/Aug/2021:11:14:08 +0800] "POST /xingrg/kc/buy/cgsh_order_operate.html HTTP/1.1" 200 8245
114.84.82.184 - - [19/Aug/2021:11:14:08 +0800] "GET /xingrg/javascript/easyui/themes/default/validatebox.css HTTP/1.1" 404 1104
120.253.135.82 - - [19/Aug/2021:11:14:08 +0800] "GET /xingrg/javascript/easyui/themes/default/validatebox.css HTTP/1.1" 404 1104
120.253.135.82 - - [19/Aug/2021:11:14:09 +0800] "POST /xingrg/kc/pszx/mdps_order_operate.html HTTP/1.1" 200 1521
120.253.135.82 - - [19/Aug/2021:11:14:10 +0800] "POST /xingrg/kc/pszx/mdps_list_operate.html HTTP/1.1" 200 2063
222.70.246.151 - - [19/Aug/2021:11:14:12 +0800] "GET /xingrg/all/function/internal_message.html?_=1629342859325&CODE_STATE=getMsg HTTP/1.1" 200 27
116.235.222.38 - - [19/Aug/2021:11:14:14 +0800] "GET /xingrg/all/function/internal_message.html?_=1629342851119&CODE_STATE=getMsg HTTP/1.1" 200 27
120.253.135.82 - - [19/Aug/2021:11:14:14 +0800] "GET /xingrg/all/function/internal_message.html?_=1629342632598&CODE_STATE=getMsg HTTP/1.1" 200 27
222.70.246.151 - - [19/Aug/2021:11:14:15 +0800] "GET /xingrg/kc/buy/cgsh_order_operate.html?command=get_materiel&rest_code=00146&code=00101009062&supplier_code=00100023&order_time=2021-08-19 HTTP/1.1" 200 414
116.232.54.86 - - [19/Aug/2021:11:14:17 +0800] "GET /xingrg/all/function/internal_message.html?_=1629342858801&CODE_STATE=getMsg HTTP/1.1" 200 27
116.230.105.26 - - [19/Aug/2021:11:14:18 +0800] "GET /xingrg/all/function/internal_message.html?_=1629342840028&CODE_STATE=getMsg HTTP/1.1" 200 27
114.88.154.248 - - [19/Aug/2021:11:14:18 +0800] "GET /xingrg/kc/buy/cgsh_order_add.html HTTP/1.1" 200 63278
114.88.154.248 - - [19/Aug/2021:11:14:19 +0800] "POST /xingrg/kc/buy/cgsh_order_operate.html HTTP/1.1" 200 8245
120.253.135.82 - - [19/Aug/2021:11:14:19 +0800] "POST /xingrg/kc/pszx/mdps_list_operate.html HTTP/1.1" 200 640
114.88.154.248 - - [19/Aug/2021:11:14:19 +0800] "GET /xingrg/javascript/easyui/themes/default/validatebox.css HTTP/1.1" 404 1104
58.37.4.159 - - [19/Aug/2021:11:14:19 +0800] "POST /xingrg/kc/buy/cgsh_order_operate.html HTTP/1.1" 200 12
120.253.135.82 - - [19/Aug/2021:11:14:20 +0800] "GET /xingrg/kc/pszx/mdps_order_info.html?code=312021081800525 HTTP/1.1" 200 23931
120.253.135.82 - - [19/Aug/2021:11:14:20 +0800] "GET /xingrg/javascript/easyui/themes/default/validatebox.css HTTP/1.1" 404 1104
120.253.135.82 - - [19/Aug/2021:11:14:21 +0800] "POST /xingrg/kc/pszx/mdps_order_operate.html HTTP/1.1" 200 4873
58.37.4.159 - - [19/Aug/2021:11:14:23 +0800] "GET /xingrg/kc/buy/cgsh_order_info.html?code=212021081908621 HTTP/1.1" 200 58181
58.37.4.159 - - [19/Aug/2021:11:14:23 +0800] "GET /xingrg/words/20210819093241_words.js HTTP/1.1" 304 -
58.37.4.159 - - [19/Aug/2021:11:14:23 +0800] "GET /xingrg/javascript/easyui/themes/default/validatebox.css HTTP/1.1" 404 1104
180.169.147.146 - - [19/Aug/2021:11:14:26 +0800] "GET /xingrg/all/function/internal_message.html?_=1629342868844&CODE_STATE=getMsg HTTP/1.1" 200 27
101.83.145.79 - - [19/Aug/2021:11:14:26 +0800] "POST /xingrg/kc/buy/cgsh_order_operate.html HTTP/1.1" 200 37
58.37.4.159 - - [19/Aug/2021:11:14:26 +0800] "POST /xingrg/kc/buy/cgsh_order_operate.html HTTP/1.1" 200 1218
116.235.222.38 - - [19/Aug/2021:11:14:26 +0800] "GET /xingrg/all/function/internal_message.html?_=1629342863218&CODE_STATE=getMsg HTTP/1.1" 200 27
114.84.82.184 - - [19/Aug/2021:11:14:27 +0800] "GET /xingrg/kc/buy/cgsh_order_operate.html?command=get_materiel&rest_code=00148&code=00101002007&supplier_code=00100442&order_time=2021-08-19 HTTP/1.1" 200 409
58.37.4.159 - - [19/Aug/2021:11:14:29 +0800] "GET /xingrg/kc/print/load_data.html?order_code=212021081908621&kc_code=cgsh&condition= HTTP/1.1" 200 940
101.83.145.79 - - [19/Aug/2021:11:14:29 +0800] "POST /xingrg/kc/buy/cgsh_order_operate.html HTTP/1.1" 200 5026
58.37.4.159 - - [19/Aug/2021:11:14:29 +0800] "GET /xingrg/all/function/internal_message.html?_=1629342875127&CODE_STATE=getMsg HTTP/1.1" 200 27
116.238.194.18 - - [19/Aug/2021:11:14:29 +0800] "GET /xingrg/all/function/internal_message.html?_=1629342809607&CODE_STATE=getMsg HTTP/1.1" 200 27
180.174.198.13 - - [19/Aug/2021:11:14:31 +0800] "GET /xingrg/check_reg.html?_=1629342853442 HTTP/1.1" 200 22
101.83.145.79 - - [19/Aug/2021:11:14:32 +0800] "GET /xingrg/kc/print/load_data.html?order_code=212021081908622&kc_code=cgsh&condition= HTTP/1.1" 200 1574
101.85.93.96 - - [19/Aug/2021:11:14:34 +0800] "GET /xingrg/all/function/internal_message.html?_=1629342832929&CODE_STATE=getMsg HTTP/1.1" 200 27
114.88.154.248 - - [19/Aug/2021:11:14:34 +0800] "GET /xingrg/kc/buy/cgsh_order_operate.html?command=get_materiel&rest_code=00141&code=00101010197&supplier_code=00100323&order_time=2021-08-19 HTTP/1.1" 200 413
180.174.198.13 - - [19/Aug/2021:11:14:36 +0800] "GET /xingrg/all/function/internal_message.html?_=1629342858841&CODE_STATE=getMsg HTTP/1.1" 200 27
114.84.82.184 - - [19/Aug/2021:11:14:37 +0800] "GET /xingrg/kc/buy/cgsh_order_operate.html?command=get_materiel&rest_code=00148&code=00101002047&supplier_code=00100442&order_time=2021-08-19 HTTP/1.1" 200 405
101.85.93.96 - - [19/Aug/2021:11:14:41 +0800] "GET /xingrg/check_reg.html?_=1629342840451 HTTP/1.1" 200 22
120.253.135.82 - - [19/Aug/2021:11:14:42 +0800] "POST /xingrg/kc/pszx/mdps_order_operate.html HTTP/1.1" 200 37
222.70.178.182 - - [19/Aug/2021:11:14:42 +0800] "GET /xingrg/all/function/internal_message.html?_=1629342880943&CODE_STATE=getMsg HTTP/1.1" 200 27
61.151.178.164 - - [19/Aug/2021:11:14:43 +0800] "GET /xingrg/check_reg.html?_=1629342821938 HTTP/1.1" 302 -
58.37.4.159 - - [19/Aug/2021:11:14:44 +0800] "GET /xingrg/all/function/internal_message.html?_=1629342881938&CODE_STATE=getMsg HTTP/1.1" 200 27
61.151.178.164 - - [19/Aug/2021:11:14:44 +0800] "GET /xingrg/login.html HTTP/1.1" 200 7641
120.253.135.82 - - [19/Aug/2021:11:14:46 +0800] "POST /xingrg/kc/pszx/mdps_order_operate.html HTTP/1.1" 200 12
114.84.82.184 - - [19/Aug/2021:11:14:50 +0800] "POST /xingrg/kc/buy/cgsh_order_operate.html HTTP/1.1" 200 37
222.70.246.151 - - [19/Aug/2021:11:14:51 +0800] "GET /xingrg/kc/buy/cgsh_order_operate.html?command=get_materiel&rest_code=00146&code=00101009011&supplier_code=00100023&order_time=2021-08-19 HTTP/1.1" 200 416
120.253.135.82 - - [19/Aug/2021:11:14:52 +0800] "GET /xingrg/kc/pszx/mdps_order_info.html?code=312021081800525 HTTP/1.1" 200 19591
120.253.135.82 - - [19/Aug/2021:11:14:53 +0800] "GET /xingrg/javascript/easyui/themes/default/validatebox.css HTTP/1.1" 404 1104
120.253.135.82 - - [19/Aug/2021:11:14:53 +0800] "POST /xingrg/kc/pszx/mdps_order_operate.html HTTP/1.1" 200 3073
101.83.145.79 - - [19/Aug/2021:11:14:53 +0800] "GET /xingrg/kc/buy/cgsh_order_add.html HTTP/1.1" 200 63319
101.83.145.79 - - [19/Aug/2021:11:14:54 +0800] "GET /xingrg/words/20210819093241_words.js HTTP/1.1" 304 -
101.83.145.79 - - [19/Aug/2021:11:14:54 +0800] "POST /xingrg/kc/buy/cgsh_order_operate.html HTTP/1.1" 200 8245
101.83.145.79 - - [19/Aug/2021:11:14:54 +0800] "GET /xingrg/javascript/easyui/themes/default/validatebox.css HTTP/1.1" 404 1104
114.84.82.184 - - [19/Aug/2021:11:14:55 +0800] "POST /xingrg/kc/buy/cgsh_order_operate.html HTTP/1.1" 200 3254
101.83.145.79 - - [19/Aug/2021:11:14:56 +0800] "GET /xingrg/all/function/internal_message.html?_=1629342852664&CODE_STATE=getMsg HTTP/1.1" 200 27
58.40.7.146 - - [19/Aug/2021:11:14:59 +0800] "GET /xingrg/all/function/internal_message.html?_=1629342900336&CODE_STATE=getMsg HTTP/1.1" 200 27
114.84.82.184 - - [19/Aug/2021:11:14:59 +0800] "GET /xingrg/check_reg.html?_=1629342900514 HTTP/1.1" 200 22
114.84.82.184 - - [19/Aug/2021:11:14:59 +0800] "GET /xingrg/all/function/internal_message.html?_=1629342900885&CODE_STATE=getMsg HTTP/1.1" 200 27
117.184.7.26 - - [19/Aug/2021:11:15:01 +0800] "GET /xingrg/all/function/internal_message.html?_=1629342895226&CODE_STATE=getMsg HTTP/1.1" 200 27
116.238.194.18 - - [19/Aug/2021:11:15:01 +0800] "GET /xingrg/all/function/internal_message.html?_=1629342902589&CODE_STATE=getMsg HTTP/1.1" 200 27
180.169.147.146 - - [19/Aug/2021:11:15:06 +0800] "GET /xingrg/all/function/internal_message.html?_=1629342907880&CODE_STATE=getMsg HTTP/1.1" 200 27
114.88.154.248 - - [19/Aug/2021:11:15:07 +0800] "GET /xingrg/all/function/internal_message.html?_=1629342799269&CODE_STATE=getMsg HTTP/1.1" 200 27
114.84.82.184 - - [19/Aug/2021:11:15:08 +0800] "POST /xingrg/kc/buy/cgsh_order_operate.html HTTP/1.1" 200 37
222.70.246.151 - - [19/Aug/2021:11:15:09 +0800] "GET /xingrg/kc/buy/cgsh_order_operate.html?command=get_materiel&rest_code=00146&code=00101009031&supplier_code=00100023&order_time=2021-08-19 HTTP/1.1" 200 408
114.84.82.184 - - [19/Aug/2021:11:15:09 +0800] "POST /xingrg/kc/buy/cgsh_order_operate.html HTTP/1.1" 200 3254
114.88.154.248 - - [19/Aug/2021:11:15:12 +0800] "GET /xingrg/kc/buy/cgsh_order_operate.html?command=get_materiel&rest_code=00141&code=00101010488&supplier_code=00100323&order_time=2021-08-19 HTTP/1.1" 200 419
222.70.246.151 - - [19/Aug/2021:11:15:12 +0800] "GET /xingrg/all/function/internal_message.html?_=1629342919335&CODE_STATE=getMsg HTTP/1.1" 200 27
120.253.135.82 - - [19/Aug/2021:11:15:13 +0800] "POST /xingrg/kc/pszx/mdps_list_operate.html HTTP/1.1" 200 1690
120.253.135.82 - - [19/Aug/2021:11:15:14 +0800] "GET /xingrg/check_reg.html?_=1629342692190 HTTP/1.1" 200 22
116.235.222.38 - - [19/Aug/2021:11:15:14 +0800] "GET /xingrg/all/function/internal_message.html?_=1629342911094&CODE_STATE=getMsg HTTP/1.1" 200 27
120.253.135.82 - - [19/Aug/2021:11:15:14 +0800] "GET /xingrg/all/function/internal_message.html?_=1629342692611&CODE_STATE=getMsg HTTP/1.1" 200 27
120.253.135.82 - - [19/Aug/2021:11:15:14 +0800] "POST /xingrg/kc/pszx/mdps_list_operate.html HTTP/1.1" 200 585
101.83.145.79 - - [19/Aug/2021:11:15:15 +0800] "GET /xingrg/kc/buy/cgsh_order_operate.html?command=get_materiel&rest_code=00105&code=00101004011&supplier_code=00100086&order_time=2021-08-19 HTTP/1.1" 200 413
120.253.135.82 - - [19/Aug/2021:11:15:16 +0800] "GET /xingrg/kc/pszx/mdps_order_info.html?code=312021081800508 HTTP/1.1" 200 23931
120.253.135.82 - - [19/Aug/2021:11:15:16 +0800] "GET /xingrg/javascript/easyui/themes/default/validatebox.css HTTP/1.1" 404 1104
116.232.54.86 - - [19/Aug/2021:11:15:17 +0800] "GET /xingrg/all/function/internal_message.html?_=1629342918804&CODE_STATE=getMsg HTTP/1.1" 200 27
116.232.54.86 - - [19/Aug/2021:11:15:17 +0800] "GET /xingrg/check_reg.html?_=1629342918805 HTTP/1.1" 200 22
120.253.135.82 - - [19/Aug/2021:11:15:17 +0800] "POST /xingrg/kc/pszx/mdps_order_operate.html HTTP/1.1" 200 5266
116.230.105.26 - - [19/Aug/2021:11:15:18 +0800] "GET /xingrg/all/function/internal_message.html?_=1629342900006&CODE_STATE=getMsg HTTP/1.1" 200 27
120.253.135.82 - - [19/Aug/2021:11:15:22 +0800] "POST /xingrg/kc/pszx/mdps_order_operate.html HTTP/1.1" 200 37
114.84.82.184 - - [19/Aug/2021:11:15:23 +0800] "POST /xingrg/kc/buy/cgsh_order_operate.html HTTP/1.1" 200 37
114.84.82.184 - - [19/Aug/2021:11:15:25 +0800] "POST /xingrg/kc/buy/cgsh_order_operate.html HTTP/1.1" 200 3254
180.169.147.146 - - [19/Aug/2021:11:15:26 +0800] "GET /xingrg/all/function/internal_message.html?_=1629342928846&CODE_STATE=getMsg HTTP/1.1" 200 27
116.235.222.38 - - [19/Aug/2021:11:15:26 +0800] "GET /xingrg/all/function/internal_message.html?_=1629342923218&CODE_STATE=getMsg HTTP/1.1" 200 27
114.84.82.184 - - [19/Aug/2021:11:15:26 +0800] "GET /xingrg/kc/buy/cgsh_order_add.html HTTP/1.1" 200 63272
114.84.82.184 - - [19/Aug/2021:11:15:27 +0800] "POST /xingrg/kc/buy/cgsh_order_operate.html HTTP/1.1" 200 8245
114.84.82.184 - - [19/Aug/2021:11:15:27 +0800] "GET /xingrg/javascript/easyui/themes/default/validatebox.css HTTP/1.1" 404 1104
120.253.135.82 - - [19/Aug/2021:11:15:27 +0800] "POST /xingrg/kc/pszx/mdps_order_operate.html HTTP/1.1" 200 12
58.37.4.159 - - [19/Aug/2021:11:15:29 +0800] "GET /xingrg/all/function/internal_message.html?_=1629342935100&CODE_STATE=getMsg HTTP/1.1" 200 27
116.238.194.18 - - [19/Aug/2021:11:15:29 +0800] "GET /xingrg/all/function/internal_message.html?_=1629342869638&CODE_STATE=getMsg HTTP/1.1" 200 27
101.83.145.79 - - [19/Aug/2021:11:15:31 +0800] "POST /xingrg/kc/buy/cgsh_order_operate.html HTTP/1.1" 200 37
101.83.145.79 - - [19/Aug/2021:11:15:32 +0800] "POST /xingrg/kc/buy/cgsh_order_operate.html HTTP/1.1" 200 2658
101.85.93.96 - - [19/Aug/2021:11:15:34 +0800] "GET /xingrg/all/function/internal_message.html?_=1629342892908&CODE_STATE=getMsg HTTP/1.1" 200 27
101.83.145.79 - - [19/Aug/2021:11:15:34 +0800] "GET /xingrg/kc/print/load_data.html?order_code=212021081908624&kc_code=cgsh&condition= HTTP/1.1" 200 734
114.84.82.184 - - [19/Aug/2021:11:15:35 +0800] "GET /xingrg/kc/buy/cgsh_order_operate.html?command=get_materiel&rest_code=00148&code=00101001115&supplier_code=00100089&order_time=2021-08-19 HTTP/1.1" 200 415
180.174.198.13 - - [19/Aug/2021:11:15:36 +0800] "GET /xingrg/all/function/internal_message.html?_=1629342918854&CODE_STATE=getMsg HTTP/1.1" 200 27
222.70.178.182 - - [19/Aug/2021:11:15:42 +0800] "GET /xingrg/all/function/internal_message.html?_=1629342940944&CODE_STATE=getMsg HTTP/1.1" 200 27
222.70.246.151 - - [19/Aug/2021:11:15:44 +0800] "POST /xingrg/kc/buy/cgsh_order_operate.html HTTP/1.1" 200 37
58.37.4.159 - - [19/Aug/2021:11:15:44 +0800] "GET /xingrg/all/function/internal_message.html?_=1629342941937&CODE_STATE=getMsg HTTP/1.1" 200 27
114.88.154.248 - - [19/Aug/2021:11:15:45 +0800] "GET /xingrg/kc/buy/cgsh_order_operate.html?command=get_materiel&rest_code=00141&code=00101010194&supplier_code=00100323&order_time=2021-08-19 HTTP/1.1" 200 416
222.70.246.151 - - [19/Aug/2021:11:15:46 +0800] "POST /xingrg/kc/buy/cgsh_order_operate.html HTTP/1.1" 200 5021
114.84.82.184 - - [19/Aug/2021:11:15:49 +0800] "POST /xingrg/kc/buy/cgsh_order_operate.html HTTP/1.1" 200 37
222.70.246.151 - - [19/Aug/2021:11:15:49 +0800] "GET /xingrg/kc/print/load_data.html?order_code=212021081908625&kc_code=cgsh&condition= HTTP/1.1" 200 1593
114.84.82.184 - - [19/Aug/2021:11:15:51 +0800] "POST /xingrg/kc/buy/cgsh_order_operate.html HTTP/1.1" 200 2659
114.88.154.248 - - [19/Aug/2021:11:15:54 +0800] "GET /xingrg/kc/buy/cgsh_order_operate.html?command=get_materiel&rest_code=00141&code=00101001213&supplier_code=00100323&order_time=2021-08-19 HTTP/1.1" 200 424
101.83.145.79 - - [19/Aug/2021:11:15:56 +0800] "GET /xingrg/all/function/internal_message.html?_=1629342912649&CODE_STATE=getMsg HTTP/1.1" 200 27
58.40.7.146 - - [19/Aug/2021:11:15:59 +0800] "GET /xingrg/all/function/internal_message.html?_=1629342960341&CODE_STATE=getMsg HTTP/1.1" 200 27
58.40.7.146 - - [19/Aug/2021:11:15:59 +0800] "GET /xingrg/check_reg.html?_=1629342960344 HTTP/1.1" 200 22
101.83.145.79 - - [19/Aug/2021:11:15:59 +0800] "GET /xingrg/kc/buy/cgsh_order_add.html HTTP/1.1" 200 63319
114.84.82.184 - - [19/Aug/2021:11:15:59 +0800] "GET /xingrg/all/function/internal_message.html?_=1629342960869&CODE_STATE=getMsg HTTP/1.1" 200 27
101.83.145.79 - - [19/Aug/2021:11:15:59 +0800] "POST /xingrg/kc/buy/cgsh_order_operate.html HTTP/1.1" 200 8245
101.83.145.79 - - [19/Aug/2021:11:15:59 +0800] "GET /xingrg/javascript/easyui/themes/default/validatebox.css HTTP/1.1" 404 1104
120.253.135.82 - - [19/Aug/2021:11:16:00 +0800] "GET /xingrg/kc/pszx/mdps_order_info.html?code=312021081800508 HTTP/1.1" 200 19591
120.253.135.82 - - [19/Aug/2021:11:16:00 +0800] "GET /xingrg/javascript/easyui/themes/default/validatebox.css HTTP/1.1" 404 1104
117.184.7.26 - - [19/Aug/2021:11:16:01 +0800] "GET /xingrg/all/function/internal_message.html?_=1629342955209&CODE_STATE=getMsg HTTP/1.1" 200 27
120.253.135.82 - - [19/Aug/2021:11:16:01 +0800] "POST /xingrg/kc/pszx/mdps_order_operate.html HTTP/1.1" 200 3461
116.238.194.18 - - [19/Aug/2021:11:16:01 +0800] "GET /xingrg/all/function/internal_message.html?_=1629342962590&CODE_STATE=getMsg HTTP/1.1" 200 27
120.253.135.82 - - [19/Aug/2021:11:16:03 +0800] "POST /xingrg/kc/pszx/mdps_list_operate.html HTTP/1.1" 200 868
114.88.154.248 - - [19/Aug/2021:11:16:04 +0800] "POST /xingrg/all/common/load_select.html HTTP/1.1" 200 38
180.169.147.146 - - [19/Aug/2021:11:16:06 +0800] "GET /xingrg/all/function/internal_message.html?_=1629342967869&CODE_STATE=getMsg HTTP/1.1" 200 27
120.253.135.82 - - [19/Aug/2021:11:16:07 +0800] "POST /xingrg/kc/pszx/mdps_list_operate.html HTTP/1.1" 200 868
120.253.135.82 - - [19/Aug/2021:11:16:07 +0800] "GET /xingrg/kc/pszx/mdqp_order_list.html?state=10 HTTP/1.1" 200 10217
120.253.135.82 - - [19/Aug/2021:11:16:07 +0800] "GET /xingrg/dwr/interface/AjaxQqpsService.js HTTP/1.1" 200 16326
120.253.135.82 - - [19/Aug/2021:11:16:07 +0800] "GET /xingrg/dwr/interface/AjaxReportQueryService.js HTTP/1.1" 200 13203
120.253.135.82 - - [19/Aug/2021:11:16:07 +0800] "GET /xingrg/dwr/engine.js HTTP/1.1" 200 43631
114.88.154.248 - - [19/Aug/2021:11:16:07 +0800] "GET /xingrg/all/function/internal_message.html?_=1629342859240&CODE_STATE=getMsg HTTP/1.1" 200 27
114.88.154.248 - - [19/Aug/2021:11:16:09 +0800] "GET /xingrg/kc/buy/cgsh_order_operate.html?command=get_materiel_price&rest_code=00141&code=00101001213&unit_code=00100487&supplier_code=00100323&order_time=2021-08-19 HTTP/1.1" 200 28
114.88.154.248 - - [19/Aug/2021:11:16:09 +0800] "GET /xingrg/check_reg.html?_=1629342861269 HTTP/1.1" 200 22
120.253.135.82 - - [19/Aug/2021:11:16:11 +0800] "GET /xingrg/kc/pszx/mdps_order_list.html?orderType=0 HTTP/1.1" 200 21048
120.253.135.82 - - [19/Aug/2021:11:16:12 +0800] "POST /xingrg/kc/pszx/mdps_list_operate.html HTTP/1.1" 200 3157
222.70.246.151 - - [19/Aug/2021:11:16:12 +0800] "GET /xingrg/all/function/internal_message.html?_=1629342979703&CODE_STATE=getMsg HTTP/1.1" 200 27
116.235.222.38 - - [19/Aug/2021:11:16:12 +0800] "GET /xingrg/check_reg.html?_=1629342969331 HTTP/1.1" 200 22
116.235.222.38 - - [19/Aug/2021:11:16:14 +0800] "GET /xingrg/all/function/internal_message.html?_=1629342971069&CODE_STATE=getMsg HTTP/1.1" 200 27
120.253.135.82 - - [19/Aug/2021:11:16:14 +0800] "GET /xingrg/all/function/internal_message.html?_=1629342752630&CODE_STATE=getMsg HTTP/1.1" 200 27
120.253.135.82 - - [19/Aug/2021:11:16:15 +0800] "GET /xingrg/kc/report/report_main.html HTTP/1.1" 200 9370
114.84.82.184 - - [19/Aug/2021:11:16:16 +0800] "GET /xingrg/kc/buy/cgsh_order_add.html HTTP/1.1" 200 63272
114.84.82.184 - - [19/Aug/2021:11:16:16 +0800] "POST /xingrg/kc/buy/cgsh_order_operate.html HTTP/1.1" 200 8245
114.84.82.184 - - [19/Aug/2021:11:16:16 +0800] "GET /xingrg/javascript/easyui/themes/default/validatebox.css HTTP/1.1" 404 1104
120.253.135.82 - - [19/Aug/2021:11:16:16 +0800] "GET /xingrg/kc/base/kc_stocks.html HTTP/1.1" 200 16437
120.253.135.82 - - [19/Aug/2021:11:16:17 +0800] "GET /xingrg/javascript/easyui/themes/default/tree.css HTTP/1.1" 404 1090
116.232.54.86 - - [19/Aug/2021:11:16:17 +0800] "GET /xingrg/all/function/internal_message.html?_=1629342978807&CODE_STATE=getMsg HTTP/1.1" 200 27
120.253.135.82 - - [19/Aug/2021:11:16:17 +0800] "POST /xingrg/all/common/load_tree.html?tree=materiel_sort_tree_json HTTP/1.1" 200 8666
116.230.105.26 - - [19/Aug/2021:11:16:18 +0800] "GET /xingrg/all/function/internal_message.html?_=1629342959989&CODE_STATE=getMsg HTTP/1.1" 200 27
120.253.135.82 - - [19/Aug/2021:11:16:18 +0800] "POST /xingrg/all/common/load_combo.html?type=base HTTP/1.1" 200 1075
114.88.154.248 - - [19/Aug/2021:11:16:21 +0800] "GET /xingrg/kc/buy/cgsh_order_operate.html?command=get_materiel&rest_code=00141&code=00101010314&supplier_code=00100323&order_time=2021-08-19 HTTP/1.1" 200 413
58.37.4.159 - - [19/Aug/2021:11:16:24 +0800] "GET /xingrg/kc/buy/cgsh_order_add.html HTTP/1.1" 200 63272
58.37.4.159 - - [19/Aug/2021:11:16:25 +0800] "POST /xingrg/kc/buy/cgsh_order_operate.html HTTP/1.1" 200 8245
58.37.4.159 - - [19/Aug/2021:11:16:25 +0800] "GET /xingrg/javascript/easyui/themes/default/validatebox.css HTTP/1.1" 404 1104
114.84.82.184 - - [19/Aug/2021:11:16:25 +0800] "GET /xingrg/kc/buy/cgsh_order_operate.html?command=get_materiel&rest_code=00148&code=00101002006&supplier_code=00100091&order_time=2021-08-19 HTTP/1.1" 200 414
120.253.135.82 - - [19/Aug/2021:11:16:25 +0800] "POST /xingrg/kc/base/stock_operate.html HTTP/1.1" 200 1489
180.169.147.146 - - [19/Aug/2021:11:16:26 +0800] "GET /xingrg/all/function/internal_message.html?_=1629342988868&CODE_STATE=getMsg HTTP/1.1" 200 27
180.169.147.146 - - [19/Aug/2021:11:16:26 +0800] "GET /xingrg/check_reg.html?_=1629342988871 HTTP/1.1" 200 22
116.235.222.38 - - [19/Aug/2021:11:16:26 +0800] "GET /xingrg/all/function/internal_message.html?_=1629342983217&CODE_STATE=getMsg HTTP/1.1" 200 27
116.235.222.38 - - [19/Aug/2021:11:16:26 +0800] "GET /xingrg/check_reg.html?_=1629342983218 HTTP/1.1" 200 22
58.37.4.159 - - [19/Aug/2021:11:16:27 +0800] "GET /xingrg/javascript/easyui/themes/default/tree.css HTTP/1.1" 404 1090
58.37.4.159 - - [19/Aug/2021:11:16:27 +0800] "POST /xingrg/all/common/load_tree.html?tree=supplier_tree_json&isDelete=1 HTTP/1.1" 200 57451
58.37.4.159 - - [19/Aug/2021:11:16:29 +0800] "GET /xingrg/all/function/internal_message.html?_=1629342995094&CODE_STATE=getMsg HTTP/1.1" 200 27
116.238.194.18 - - [19/Aug/2021:11:16:29 +0800] "GET /xingrg/all/function/internal_message.html?_=1629342929649&CODE_STATE=getMsg HTTP/1.1" 200 27
114.88.154.248 - - [19/Aug/2021:11:16:31 +0800] "GET /xingrg/kc/buy/cgsh_order_operate.html?command=get_materiel&rest_code=00141&code=00101008113&supplier_code=00100323&order_time=2021-08-19 HTTP/1.1" 200 413
114.84.82.184 - - [19/Aug/2021:11:16:33 +0800] "GET /xingrg/kc/buy/cgsh_order_operate.html?command=get_materiel&rest_code=00148&code=00101003019&supplier_code=00100091&order_time=2021-08-19 HTTP/1.1" 200 413
101.85.93.96 - - [19/Aug/2021:11:16:34 +0800] "GET /xingrg/all/function/internal_message.html?_=1629342952877&CODE_STATE=getMsg HTTP/1.1" 200 27
180.174.198.13 - - [19/Aug/2021:11:16:37 +0800] "GET /xingrg/all/function/internal_message.html?_=1629342979180&CODE_STATE=getMsg HTTP/1.1" 200 27
222.70.178.182 - - [19/Aug/2021:11:16:42 +0800] "GET /xingrg/all/function/internal_message.html?_=1629343000948&CODE_STATE=getMsg HTTP/1.1" 200 27
222.70.178.182 - - [19/Aug/2021:11:16:43 +0800] "GET /xingrg/check_reg.html?_=1629343000945 HTTP/1.1" 200 22
61.151.178.166 - - [19/Aug/2021:11:16:43 +0800] "GET /xingrg/all/function/internal_message.html?_=1629342941937&CODE_STATE=getMsg HTTP/1.1" 302 -
58.37.4.159 - - [19/Aug/2021:11:16:44 +0800] "GET /xingrg/all/function/internal_message.html?_=1629343001938&CODE_STATE=getMsg HTTP/1.1" 200 27
61.151.178.166 - - [19/Aug/2021:11:16:44 +0800] "GET /xingrg/login.html HTTP/1.1" 200 7641
114.84.82.184 - - [19/Aug/2021:11:16:46 +0800] "POST /xingrg/kc/buy/cgsh_order_operate.html HTTP/1.1" 200 37
114.84.82.184 - - [19/Aug/2021:11:16:48 +0800] "POST /xingrg/kc/buy/cgsh_order_operate.html HTTP/1.1" 200 3260
222.70.246.151 - - [19/Aug/2021:11:16:48 +0800] "GET /xingrg/check_reg.html?_=1629343015773 HTTP/1.1" 200 22
101.83.145.79 - - [19/Aug/2021:11:16:56 +0800] "GET /xingrg/all/function/internal_message.html?_=1629342972624&CODE_STATE=getMsg HTTP/1.1" 200 27
114.84.82.184 - - [19/Aug/2021:11:16:57 +0800] "GET /xingrg/kc/buy/cgsh_order_add.html HTTP/1.1" 200 63272
114.84.82.184 - - [19/Aug/2021:11:16:57 +0800] "POST /xingrg/kc/buy/cgsh_order_operate.html HTTP/1.1" 200 8245
114.84.82.184 - - [19/Aug/2021:11:16:57 +0800] "GET /xingrg/javascript/easyui/themes/default/validatebox.css HTTP/1.1" 404 1104
58.40.7.146 - - [19/Aug/2021:11:16:59 +0800] "GET /xingrg/all/function/internal_message.html?_=1629343020330&CODE_STATE=getMsg HTTP/1.1" 200 27
114.84.82.184 - - [19/Aug/2021:11:16:59 +0800] "GET /xingrg/all/function/internal_message.html?_=1629343020853&CODE_STATE=getMsg HTTP/1.1" 200 27
117.184.7.26 - - [19/Aug/2021:11:17:01 +0800] "GET /xingrg/all/function/internal_message.html?_=1629343015187&CODE_STATE=getMsg HTTP/1.1" 200 27
116.238.194.18 - - [19/Aug/2021:11:17:01 +0800] "GET /xingrg/all/function/internal_message.html?_=1629343022576&CODE_STATE=getMsg HTTP/1.1" 200 27
114.88.154.248 - - [19/Aug/2021:11:17:02 +0800] "POST /xingrg/kc/buy/cgsh_order_operate.html HTTP/1.1" 200 37
58.37.4.159 - - [19/Aug/2021:11:17:04 +0800] "GET /xingrg/kc/buy/cgsh_order_operate.html?command=get_materiel&rest_code=00106&code=00101006249&supplier_code=00100443&order_time=2021-08-19 HTTP/1.1" 200 403
114.84.82.184 - - [19/Aug/2021:11:17:06 +0800] "GET /xingrg/kc/buy/cgsh_order_operate.html?command=get_materiel&rest_code=00148&code=00101007085&supplier_code=00100328&order_time=2021-08-19 HTTP/1.1" 200 413
180.169.147.146 - - [19/Aug/2021:11:17:06 +0800] "GET /xingrg/all/function/internal_message.html?_=1629343027877&CODE_STATE=getMsg HTTP/1.1" 200 27
114.88.154.248 - - [19/Aug/2021:11:17:07 +0800] "GET /xingrg/all/function/internal_message.html?_=1629342919214&CODE_STATE=getMsg HTTP/1.1" 200 27
101.83.145.79 - - [19/Aug/2021:11:17:09 +0800] "GET /xingrg/kc/buy/cgsh_order_operate.html?command=get_materiel&rest_code=00105&code=00101002038&supplier_code=00100087&order_time=2021-08-19 HTTP/1.1" 200 416
222.70.246.151 - - [19/Aug/2021:11:17:12 +0800] "GET /xingrg/all/function/internal_message.html?_=1629343039723&CODE_STATE=getMsg HTTP/1.1" 200 27
114.88.154.248 - - [19/Aug/2021:11:17:13 +0800] "POST /xingrg/kc/buy/cgsh_order_operate.html HTTP/1.1" 200 12
116.235.222.38 - - [19/Aug/2021:11:17:14 +0800] "GET /xingrg/all/function/internal_message.html?_=1629343031049&CODE_STATE=getMsg HTTP/1.1" 200 27
120.253.135.82 - - [19/Aug/2021:11:17:14 +0800] "GET /xingrg/all/function/internal_message.html?_=1629342812639&CODE_STATE=getMsg HTTP/1.1" 200 27
114.88.154.248 - - [19/Aug/2021:11:17:16 +0800] "GET /xingrg/kc/buy/cgsh_order_info.html?code=212021081908628 HTTP/1.1" 200 58190
114.88.154.248 - - [19/Aug/2021:11:17:17 +0800] "GET /xingrg/javascript/easyui/themes/default/validatebox.css HTTP/1.1" 404 1104
116.232.54.86 - - [19/Aug/2021:11:17:17 +0800] "GET /xingrg/all/function/internal_message.html?_=1629343038812&CODE_STATE=getMsg HTTP/1.1" 200 27
114.88.154.248 - - [19/Aug/2021:11:17:17 +0800] "POST /xingrg/kc/buy/cgsh_order_operate.html HTTP/1.1" 200 3595
116.230.105.26 - - [19/Aug/2021:11:17:18 +0800] "GET /xingrg/all/function/internal_message.html?_=1629343019961&CODE_STATE=getMsg HTTP/1.1" 200 27
114.88.154.248 - - [19/Aug/2021:11:17:19 +0800] "GET /xingrg/kc/print/load_data.html?order_code=212021081908628&kc_code=cgsh&condition= HTTP/1.1" 200 1884
114.84.82.184 - - [19/Aug/2021:11:17:25 +0800] "GET /xingrg/kc/buy/cgsh_order_operate.html?command=get_materiel&rest_code=00148&code=00101007077&supplier_code=00100328&order_time=2021-08-19 HTTP/1.1" 200 415
180.169.147.146 - - [19/Aug/2021:11:17:26 +0800] "GET /xingrg/all/function/internal_message.html?_=1629343048870&CODE_STATE=getMsg HTTP/1.1" 200 27
116.235.222.38 - - [19/Aug/2021:11:17:26 +0800] "GET /xingrg/all/function/internal_message.html?_=1629343043218&CODE_STATE=getMsg HTTP/1.1" 200 27
116.238.194.18 - - [19/Aug/2021:11:17:28 +0800] "GET /xingrg/check_reg.html?_=1629342987937 HTTP/1.1" 200 22
222.70.246.151 - - [19/Aug/2021:11:17:28 +0800] "GET /xingrg/kc/buy/cgsh_order_add.html HTTP/1.1" 200 63278
58.37.4.159 - - [19/Aug/2021:11:17:29 +0800] "GET /xingrg/check_reg.html?_=1629343054834 HTTP/1.1" 200 22
58.37.4.159 - - [19/Aug/2021:11:17:29 +0800] "GET /xingrg/all/function/internal_message.html?_=1629343055073&CODE_STATE=getMsg HTTP/1.1" 200 27
116.238.194.18 - - [19/Aug/2021:11:17:29 +0800] "GET /xingrg/all/function/internal_message.html?_=1629342989663&CODE_STATE=getMsg HTTP/1.1" 200 27
222.70.246.151 - - [19/Aug/2021:11:17:30 +0800] "POST /xingrg/kc/buy/cgsh_order_operate.html HTTP/1.1" 200 8245
222.70.246.151 - - [19/Aug/2021:11:17:30 +0800] "GET /xingrg/javascript/easyui/themes/default/validatebox.css HTTP/1.1" 404 1104
114.84.82.184 - - [19/Aug/2021:11:17:34 +0800] "POST /xingrg/kc/buy/cgsh_order_operate.html HTTP/1.1" 200 37
101.85.93.96 - - [19/Aug/2021:11:17:34 +0800] "GET /xingrg/all/function/internal_message.html?_=1629343012857&CODE_STATE=getMsg HTTP/1.1" 200 27
114.84.82.184 - - [19/Aug/2021:11:17:35 +0800] "POST /xingrg/kc/buy/cgsh_order_operate.html HTTP/1.1" 200 3844
180.174.198.13 - - [19/Aug/2021:11:17:37 +0800] "GET /xingrg/all/function/internal_message.html?_=1629343039194&CODE_STATE=getMsg HTTP/1.1" 200 27
222.70.178.182 - - [19/Aug/2021:11:17:42 +0800] "GET /xingrg/all/function/internal_message.html?_=1629343060948&CODE_STATE=getMsg HTTP/1.1" 200 27
58.37.4.159 - - [19/Aug/2021:11:17:44 +0800] "GET /xingrg/all/function/internal_message.html?_=1629343061939&CODE_STATE=getMsg HTTP/1.1" 200 27
58.37.4.159 - - [19/Aug/2021:11:17:44 +0800] "GET /xingrg/kc/buy/cgsh_order_operate.html?command=get_materiel&rest_code=00106&code=00101015122&supplier_code=00100443&order_time=2021-08-19 HTTP/1.1" 200 407
222.70.246.151 - - [19/Aug/2021:11:17:44 +0800] "GET /xingrg/kc/buy/cgsh_order_operate.html?command=get_materiel&rest_code=00146&code=00101001037&supplier_code=00100094&order_time=2021-08-19 HTTP/1.1" 200 416
114.84.82.184 - - [19/Aug/2021:11:17:54 +0800] "GET /xingrg/kc/buy/cgsh_order_add.html HTTP/1.1" 200 63272
114.84.82.184 - - [19/Aug/2021:11:17:55 +0800] "POST /xingrg/kc/buy/cgsh_order_operate.html HTTP/1.1" 200 8245
114.84.82.184 - - [19/Aug/2021:11:17:55 +0800] "GET /xingrg/javascript/easyui/themes/default/validatebox.css HTTP/1.1" 404 1104
101.83.145.79 - - [19/Aug/2021:11:17:56 +0800] "GET /xingrg/all/function/internal_message.html?_=1629343032595&CODE_STATE=getMsg HTTP/1.1" 200 27
116.230.105.26 - - [19/Aug/2021:11:17:57 +0800] "GET /xingrg/kc/buy/cgsh_order_list.html HTTP/1.1" 200 47540
101.83.145.79 - - [19/Aug/2021:11:17:58 +0800] "GET /xingrg/check_reg.html?_=1629343034491 HTTP/1.1" 200 22
58.40.7.146 - - [19/Aug/2021:11:17:59 +0800] "GET /xingrg/all/function/internal_message.html?_=1629343080334&CODE_STATE=getMsg HTTP/1.1" 200 27
114.84.82.184 - - [19/Aug/2021:11:17:59 +0800] "GET /xingrg/all/function/internal_message.html?_=1629343080831&CODE_STATE=getMsg HTTP/1.1" 200 27
117.184.7.26 - - [19/Aug/2021:11:18:01 +0800] "GET /xingrg/all/function/internal_message.html?_=1629343075172&CODE_STATE=getMsg HTTP/1.1" 200 27
