180.174.198.13 - - [16/Aug/2021:09:19:37 +0800] "GET /xingrg/javascript/jquery_easy_ui/themes/default/images/tabs_close.gif HTTP/1.1" 304 -
180.174.198.13 - - [16/Aug/2021:09:19:38 +0800] "GET /xingrg/css/base.css HTTP/1.1" 304 -
180.174.198.13 - - [16/Aug/2021:09:19:38 +0800] "GET /xingrg/css/site.css HTTP/1.1" 304 -
180.174.198.13 - - [16/Aug/2021:09:19:38 +0800] "GET /xingrg/javascript/jquery_tools/datebox.css HTTP/1.1" 304 -
180.174.198.13 - - [16/Aug/2021:09:19:38 +0800] "GET /xingrg/javascript/easyui/themes/default/easyui.css HTTP/1.1" 304 -
180.174.198.13 - - [16/Aug/2021:09:19:38 +0800] "GET /xingrg/javascript/easyui/themes/icon.css HTTP/1.1" 304 -
180.174.198.13 - - [16/Aug/2021:09:19:38 +0800] "GET /xingrg/javascript/auto/jquery.autocomplete.css HTTP/1.1" 304 -
180.174.198.13 - - [16/Aug/2021:09:19:38 +0800] "GET /xingrg/kc/base/yddb_order_list.html HTTP/1.1" 200 16789
180.174.198.13 - - [16/Aug/2021:09:19:38 +0800] "GET /xingrg/javascript/jquery_tools/fix.css HTTP/1.1" 304 -
180.174.198.13 - - [16/Aug/2021:09:19:38 +0800] "GET /xingrg/javascript/jquery_tools/table.css HTTP/1.1" 304 -
180.174.198.13 - - [16/Aug/2021:09:19:38 +0800] "GET /xingrg/javascript/jquery_tools/jquery.tools.min.js HTTP/1.1" 304 -
180.174.198.13 - - [16/Aug/2021:09:19:38 +0800] "GET /xingrg/javascript/jquery_tools/jquery.tools.hotkey.js HTTP/1.1" 304 -
180.174.198.13 - - [16/Aug/2021:09:19:38 +0800] "GET /xingrg/javascript/jquery_tools/jquery.tools.extend.js HTTP/1.1" 304 -
180.174.198.13 - - [16/Aug/2021:09:19:38 +0800] "GET /xingrg/javascript/jquery_tools/jquery.tools.table.js HTTP/1.1" 304 -
180.174.198.13 - - [16/Aug/2021:09:19:38 +0800] "GET /xingrg/javascript/jquery_tools/list_manager.js HTTP/1.1" 304 -
180.174.198.13 - - [16/Aug/2021:09:19:38 +0800] "GET /xingrg/javascript/jquery.cookie.js HTTP/1.1" 304 -
180.174.198.13 - - [16/Aug/2021:09:19:38 +0800] "GET /xingrg/javascript/print/LodopFuncs.js HTTP/1.1" 304 -
180.174.198.13 - - [16/Aug/2021:09:19:38 +0800] "GET /xingrg/javascript/auto/jquery.autocomplete.js HTTP/1.1" 304 -
180.174.198.13 - - [16/Aug/2021:09:19:38 +0800] "GET /xingrg/javascript/easyui/easyloader.js HTTP/1.1" 304 -
180.174.198.13 - - [16/Aug/2021:09:19:38 +0800] "GET /xingrg/javascript/easyui/themes/icons/edit_add_new.png HTTP/1.1" 304 -
180.174.198.13 - - [16/Aug/2021:09:19:38 +0800] "GET /xingrg/javascript/easyui/themes/icons/field_new.png HTTP/1.1" 304 -
180.174.198.13 - - [16/Aug/2021:09:19:38 +0800] "GET /xingrg/javascript/easyui/themes/icons/import_new.png HTTP/1.1" 304 -
180.174.198.13 - - [16/Aug/2021:09:19:38 +0800] "GET /xingrg/javascript/easyui/plugins/jquery.parser.js HTTP/1.1" 304 -
180.174.198.13 - - [16/Aug/2021:09:19:38 +0800] "GET /xingrg/images/control/ajaxLoader.gif HTTP/1.1" 304 -
180.174.198.13 - - [16/Aug/2021:09:19:38 +0800] "GET /xingrg/javascript/jquery_easy_ui/themes/icons/area.png HTTP/1.1" 304 -
180.174.198.13 - - [16/Aug/2021:09:19:38 +0800] "GET /xingrg/javascript/jquery_easy_ui/themes/icons/rest.png HTTP/1.1" 304 -
180.174.198.13 - - [16/Aug/2021:09:19:39 +0800] "POST /xingrg/kc/base/yddb_list_operate.html HTTP/1.1" 200 636
116.230.105.26 - - [16/Aug/2021:09:19:39 +0800] "POST /xingrg/kc/buy/cgsh_list_operate.html HTTP/1.1" 200 2050
58.37.4.159 - - [16/Aug/2021:09:19:41 +0800] "GET /xingrg/kc/base/wldb_order_operate.html?command=get_materiel&rest_code=00106&base_code=0010396&code=00101016034 HTTP/1.1" 200 458
116.230.105.26 - - [16/Aug/2021:09:19:43 +0800] "GET /xingrg/kc/buy/cgsh_order_add.html HTTP/1.1" 200 63111
116.230.105.26 - - [16/Aug/2021:09:19:44 +0800] "POST /xingrg/kc/buy/cgsh_order_operate.html HTTP/1.1" 200 8245
116.230.105.26 - - [16/Aug/2021:09:19:44 +0800] "GET /xingrg/javascript/easyui/themes/default/validatebox.css HTTP/1.1" 404 1104
116.230.105.26 - - [16/Aug/2021:09:19:44 +0800] "GET /xingrg/all/common/auto_word.html?type=employee&rest_code=00155 HTTP/1.1" 200 205
116.230.105.26 - - [16/Aug/2021:09:19:44 +0800] "GET /xingrg/all/common/auto_word.html?type=employee&rest_code=00155 HTTP/1.1" 200 205
180.174.198.13 - - [16/Aug/2021:09:19:45 +0800] "POST /xingrg/kc/base/yddb_list_operate.html HTTP/1.1" 200 2792
116.230.105.26 - - [16/Aug/2021:09:19:45 +0800] "GET /xingrg/javascript/auto/indicator.gif HTTP/1.1" 404 1066
180.174.198.13 - - [16/Aug/2021:09:19:48 +0800] "POST /xingrg/kc/base/yddb_list_operate.html HTTP/1.1" 200 198
116.238.194.18 - - [16/Aug/2021:09:19:49 +0800] "GET /xingrg/all/function/internal_message.html?_=1629076787157&CODE_STATE=getMsg HTTP/1.1" 200 27
222.70.178.182 - - [16/Aug/2021:09:19:50 +0800] "GET /xingrg/kc/base/check_order_list.html?isBack=1 HTTP/1.1" 200 16302
222.70.178.182 - - [16/Aug/2021:09:19:50 +0800] "POST /xingrg/kc/base/check_list_operate.html HTTP/1.1" 200 3522
116.238.194.18 - - [16/Aug/2021:09:19:51 +0800] "GET /xingrg/kc/base/wldb_order_operate.html?command=get_materiel&rest_code=00150&base_code=0010446&code=00102002557 HTTP/1.1" 200 443
180.174.198.13 - - [16/Aug/2021:09:19:51 +0800] "POST /xingrg/kc/base/yddb_list_operate.html HTTP/1.1" 200 205
101.83.145.79 - - [16/Aug/2021:09:19:51 +0800] "GET /xingrg/all/function/internal_message.html?_=1629076791734&CODE_STATE=getMsg HTTP/1.1" 200 27
116.235.222.38 - - [16/Aug/2021:09:19:52 +0800] "GET /xingrg/kc/buy/buy_main.html HTTP/1.1" 200 12412
116.235.222.38 - - [16/Aug/2021:09:19:52 +0800] "GET /xingrg/css/new_ie.css HTTP/1.1" 404 1036
116.235.222.38 - - [16/Aug/2021:09:19:53 +0800] "GET /xingrg/images/yd/bt.gif HTTP/1.1" 404 1040
58.37.4.159 - - [16/Aug/2021:09:19:53 +0800] "GET /xingrg/check_reg.html?_=1629076794863 HTTP/1.1" 200 22
222.70.178.182 - - [16/Aug/2021:09:19:53 +0800] "GET /xingrg/kc/base/check_order_info.html?code=452021081500149 HTTP/1.1" 200 26404
222.70.178.182 - - [16/Aug/2021:09:19:53 +0800] "GET /xingrg/dwr/interface/AjaxComOrderService.js HTTP/1.1" 200 18264
222.70.178.182 - - [16/Aug/2021:09:19:53 +0800] "GET /xingrg/dwr/interface/AjaxCheckService.js HTTP/1.1" 200 14003
222.70.178.182 - - [16/Aug/2021:09:19:53 +0800] "GET /xingrg/dwr/engine.js HTTP/1.1" 200 43631
222.70.178.182 - - [16/Aug/2021:09:19:54 +0800] "POST /xingrg/dwr/call/plaincall/AjaxCheckService.loadOrderItems.dwr HTTP/1.1" 200 75323
180.174.198.13 - - [16/Aug/2021:09:19:55 +0800] "POST /xingrg/kc/base/yddb_list_operate.html HTTP/1.1" 200 277
116.235.222.38 - - [16/Aug/2021:09:19:55 +0800] "GET /xingrg/kc/buy/cgsh_order_list.html HTTP/1.1" 200 47411
101.83.241.165 - - [16/Aug/2021:09:19:55 +0800] "GET /xingrg/check_reg.html?_=1629076795061 HTTP/1.1" 200 22
101.83.241.165 - - [16/Aug/2021:09:19:55 +0800] "GET /xingrg/all/function/internal_message.html?_=1629076795065&CODE_STATE=getMsg HTTP/1.1" 200 27
116.238.194.18 - - [16/Aug/2021:09:19:59 +0800] "POST /xingrg/kc/base/wldb_order_operate.html HTTP/1.1" 200 37
116.230.105.26 - - [16/Aug/2021:09:20:00 +0800] "GET /xingrg/kc/buy/cgsh_order_operate.html?command=get_materiel&rest_code=00155&code=00101011007&supplier_code=00100037&order_time=2021-08-16 HTTP/1.1" 200 414
222.70.246.151 - - [16/Aug/2021:09:20:01 +0800] "GET /xingrg/all/function/internal_message.html?_=1629076800709&CODE_STATE=getMsg HTTP/1.1" 200 27
222.70.178.182 - - [16/Aug/2021:09:20:01 +0800] "POST /xingrg/dwr/call/plaincall/AjaxCheckService.setItemNumber.dwr HTTP/1.1" 200 76
116.235.222.38 - - [16/Aug/2021:09:20:01 +0800] "POST /xingrg/kc/buy/cgsh_list_operate.html HTTP/1.1" 200 1681
222.70.178.182 - - [16/Aug/2021:09:20:01 +0800] "POST /xingrg/dwr/call/plaincall/AjaxCheckService.setItemNumber.dwr HTTP/1.1" 200 76
222.70.178.182 - - [16/Aug/2021:09:20:02 +0800] "POST /xingrg/dwr/call/plaincall/AjaxCheckService.setItemNumber.dwr HTTP/1.1" 200 76
180.174.198.13 - - [16/Aug/2021:09:20:03 +0800] "POST /xingrg/kc/base/yddb_list_operate.html HTTP/1.1" 200 296
222.70.178.182 - - [16/Aug/2021:09:20:04 +0800] "POST /xingrg/dwr/call/plaincall/AjaxCheckService.setItemNumber.dwr HTTP/1.1" 200 76
116.230.105.26 - - [16/Aug/2021:09:20:05 +0800] "GET /xingrg/all/function/internal_message.html?_=1629076790094&CODE_STATE=getMsg HTTP/1.1" 200 27
222.70.178.182 - - [16/Aug/2021:09:20:05 +0800] "POST /xingrg/dwr/call/plaincall/AjaxCheckService.setItemNumber.dwr HTTP/1.1" 200 76
116.235.222.38 - - [16/Aug/2021:09:20:06 +0800] "POST /xingrg/kc/buy/cgsh_list_operate.html HTTP/1.1" 200 562
116.230.105.26 - - [16/Aug/2021:09:20:06 +0800] "GET /xingrg/kc/buy/cgsh_order_operate.html?command=get_materiel&rest_code=00155&code=00101009113&supplier_code=00100037&order_time=2021-08-16 HTTP/1.1" 200 398
222.70.178.182 - - [16/Aug/2021:09:20:08 +0800] "POST /xingrg/dwr/call/plaincall/AjaxCheckService.setItemNumber.dwr HTTP/1.1" 200 76
116.232.48.13 - - [16/Aug/2021:09:20:08 +0800] "GET /xingrg/all/function/internal_message.html?_=1629076806968&CODE_STATE=getMsg HTTP/1.1" 200 27
116.235.222.38 - - [16/Aug/2021:09:20:08 +0800] "GET /xingrg/kc/buy/cgsh_order_info.html?code=212021081607073 HTTP/1.1" 200 63240
116.238.194.18 - - [16/Aug/2021:09:20:09 +0800] "POST /xingrg/kc/base/wldb_order_operate.html HTTP/1.1" 200 12
222.70.178.182 - - [16/Aug/2021:09:20:09 +0800] "POST /xingrg/dwr/call/plaincall/AjaxCheckService.setItemNumber.dwr HTTP/1.1" 200 76
116.238.194.18 - - [16/Aug/2021:09:20:09 +0800] "POST /xingrg/kc/base/wldb_order_operate.html HTTP/1.1" 200 2191
116.235.222.38 - - [16/Aug/2021:09:20:09 +0800] "GET /xingrg/javascript/easyui/themes/default/validatebox.css HTTP/1.1" 404 1104
116.235.222.38 - - [16/Aug/2021:09:20:09 +0800] "GET /xingrg/all/common/auto_word.html?type=employee&rest_code=00107 HTTP/1.1" 200 101
116.235.222.38 - - [16/Aug/2021:09:20:09 +0800] "GET /xingrg/all/common/auto_word.html?type=employee&rest_code=00107 HTTP/1.1" 200 101
222.70.178.182 - - [16/Aug/2021:09:20:10 +0800] "POST /xingrg/dwr/call/plaincall/AjaxCheckService.setItemNumber.dwr HTTP/1.1" 200 76
116.235.222.38 - - [16/Aug/2021:09:20:11 +0800] "POST /xingrg/kc/buy/cgsh_order_operate.html HTTP/1.1" 200 33984
222.70.178.182 - - [16/Aug/2021:09:20:12 +0800] "POST /xingrg/dwr/call/plaincall/AjaxCheckService.setItemNumber.dwr HTTP/1.1" 200 76
222.70.178.182 - - [16/Aug/2021:09:20:14 +0800] "POST /xingrg/dwr/call/plaincall/AjaxCheckService.setItemNumber.dwr HTTP/1.1" 200 77
222.70.178.182 - - [16/Aug/2021:09:20:15 +0800] "POST /xingrg/dwr/call/plaincall/AjaxCheckService.setItemNumber.dwr HTTP/1.1" 200 77
222.70.178.182 - - [16/Aug/2021:09:20:16 +0800] "POST /xingrg/dwr/call/plaincall/AjaxCheckService.setItemNumber.dwr HTTP/1.1" 200 77
116.230.105.26 - - [16/Aug/2021:09:20:16 +0800] "GET /xingrg/kc/buy/cgsh_order_operate.html?command=get_materiel&rest_code=00155&code=00101009016&supplier_code=00100037&order_time=2021-08-16 HTTP/1.1" 200 412
58.37.4.159 - - [16/Aug/2021:09:20:16 +0800] "GET /xingrg/all/function/internal_message.html?_=1629076817877&CODE_STATE=getMsg HTTP/1.1" 200 27
116.238.194.18 - - [16/Aug/2021:09:20:17 +0800] "GET /xingrg/check_reg.html?_=1629076757498 HTTP/1.1" 200 22
116.238.194.18 - - [16/Aug/2021:09:20:17 +0800] "GET /xingrg/all/function/internal_message.html?_=1629076757562&CODE_STATE=getMsg HTTP/1.1" 200 27
222.70.178.182 - - [16/Aug/2021:09:20:17 +0800] "POST /xingrg/dwr/call/plaincall/AjaxCheckService.setItemNumber.dwr HTTP/1.1" 200 77
222.70.178.182 - - [16/Aug/2021:09:20:18 +0800] "POST /xingrg/dwr/call/plaincall/AjaxCheckService.setItemNumber.dwr HTTP/1.1" 200 77
180.169.147.146 - - [16/Aug/2021:09:20:19 +0800] "GET /xingrg/all/function/internal_message.html?_=1629076817265&CODE_STATE=getMsg HTTP/1.1" 200 27
222.70.178.182 - - [16/Aug/2021:09:20:20 +0800] "POST /xingrg/dwr/call/plaincall/AjaxCheckService.setItemNumber.dwr HTTP/1.1" 200 77
222.70.178.182 - - [16/Aug/2021:09:20:21 +0800] "POST /xingrg/dwr/call/plaincall/AjaxCheckService.setItemNumber.dwr HTTP/1.1" 200 77
222.70.178.182 - - [16/Aug/2021:09:20:22 +0800] "POST /xingrg/dwr/call/plaincall/AjaxCheckService.setItemNumber.dwr HTTP/1.1" 200 77
114.84.82.184 - - [16/Aug/2021:09:20:23 +0800] "GET /xingrg/all/function/internal_message.html?_=1629076823739&CODE_STATE=getMsg HTTP/1.1" 200 27
180.174.198.13 - - [16/Aug/2021:09:20:24 +0800] "GET /xingrg/dwr/util.js HTTP/1.1" 304 -
180.174.198.13 - - [16/Aug/2021:09:20:24 +0800] "GET /xingrg/css/blue.css HTTP/1.1" 304 -
180.174.198.13 - - [16/Aug/2021:09:20:24 +0800] "GET /xingrg/javascript/pic_change.js HTTP/1.1" 304 -
180.174.198.13 - - [16/Aug/2021:09:20:24 +0800] "GET /xingrg/javascript/myfunction.js HTTP/1.1" 304 -
180.174.198.13 - - [16/Aug/2021:09:20:24 +0800] "GET /xingrg/javascript/Calendar.js HTTP/1.1" 304 -
180.174.198.13 - - [16/Aug/2021:09:20:24 +0800] "GET /xingrg/javascript/checkform.js HTTP/1.1" 304 -
180.174.198.13 - - [16/Aug/2021:09:20:24 +0800] "GET /xingrg/javascript/Grid.js HTTP/1.1" 304 -
180.174.198.13 - - [16/Aug/2021:09:20:24 +0800] "GET /xingrg/javascript/ToolTips.js HTTP/1.1" 304 -
180.174.198.13 - - [16/Aug/2021:09:20:24 +0800] "GET /xingrg/javascript/AjaxInfoList.js HTTP/1.1" 304 -
180.174.198.13 - - [16/Aug/2021:09:20:24 +0800] "GET /xingrg/kc/base/yddb_order_info.html?code=482021081200086 HTTP/1.1" 200 31444
180.174.198.13 - - [16/Aug/2021:09:20:24 +0800] "GET /xingrg/dwr/interface/AjaxYddbService.js HTTP/1.1" 200 13201
180.174.198.13 - - [16/Aug/2021:09:20:24 +0800] "GET /xingrg/dwr/interface/AjaxComOrderService.js HTTP/1.1" 200 18264
180.174.198.13 - - [16/Aug/2021:09:20:24 +0800] "GET /xingrg/dwr/engine.js HTTP/1.1" 200 43631
222.70.178.182 - - [16/Aug/2021:09:20:24 +0800] "POST /xingrg/dwr/call/plaincall/AjaxCheckService.setItemNumber.dwr HTTP/1.1" 200 77
180.174.198.13 - - [16/Aug/2021:09:20:24 +0800] "GET /xingrg/javascript/jquery_easy_ui/themes/icons/print.png HTTP/1.1" 304 -
180.174.198.13 - - [16/Aug/2021:09:20:24 +0800] "GET /xingrg/javascript/jquery_easy_ui/themes/icons/check_new.png HTTP/1.1" 304 -
180.174.198.13 - - [16/Aug/2021:09:20:24 +0800] "GET /xingrg/javascript/jquery_easy_ui/themes/icons/edit_add_new.png HTTP/1.1" 304 -
180.174.198.13 - - [16/Aug/2021:09:20:24 +0800] "GET /xingrg/javascript/jquery_easy_ui/themes/default/images/menu_downarrow.png HTTP/1.1" 304 -
180.174.198.13 - - [16/Aug/2021:09:20:24 +0800] "GET /xingrg/javascript/jquery_easy_ui/themes/icons/back_new.png HTTP/1.1" 304 -
180.174.198.13 - - [16/Aug/2021:09:20:24 +0800] "GET /xingrg/images/blue/wait.gif HTTP/1.1" 304 -
180.174.198.13 - - [16/Aug/2021:09:20:24 +0800] "GET /xingrg/images/blue/kc_tab_left.gif HTTP/1.1" 304 -
180.174.198.13 - - [16/Aug/2021:09:20:24 +0800] "GET /xingrg/images/blue/kc_tab_mid.gif HTTP/1.1" 304 -
180.174.198.13 - - [16/Aug/2021:09:20:24 +0800] "GET /xingrg/images/blue/kc_tab_right.gif HTTP/1.1" 304 -
116.235.222.38 - - [16/Aug/2021:09:20:25 +0800] "GET /xingrg/javascript/auto/indicator.gif HTTP/1.1" 404 1066
116.230.105.26 - - [16/Aug/2021:09:20:26 +0800] "GET /xingrg/kc/buy/cgsh_order_operate.html?command=get_materiel&rest_code=00155&code=00101009013&supplier_code=00100037&order_time=2021-08-16 HTTP/1.1" 200 420
180.174.198.13 - - [16/Aug/2021:09:20:26 +0800] "POST /xingrg/dwr/call/plaincall/AjaxYddbService.loadMaterielItems.dwr HTTP/1.1" 200 400
222.70.178.182 - - [16/Aug/2021:09:20:26 +0800] "POST /xingrg/dwr/call/plaincall/AjaxCheckService.setItemNumber.dwr HTTP/1.1" 200 77
116.238.194.18 - - [16/Aug/2021:09:20:27 +0800] "GET /xingrg/kc/base/wldb_order_info.html?code=422021081601705 HTTP/1.1" 200 26280
116.238.194.18 - - [16/Aug/2021:09:20:28 +0800] "GET /xingrg/javascript/easyui/themes/default/validatebox.css HTTP/1.1" 404 1104
222.70.178.182 - - [16/Aug/2021:09:20:28 +0800] "POST /xingrg/dwr/call/plaincall/AjaxCheckService.setItemNumber.dwr HTTP/1.1" 200 77
116.238.194.18 - - [16/Aug/2021:09:20:28 +0800] "POST /xingrg/kc/base/wldb_order_operate.html HTTP/1.1" 200 485
222.70.178.182 - - [16/Aug/2021:09:20:29 +0800] "POST /xingrg/dwr/call/plaincall/AjaxCheckService.setItemNumber.dwr HTTP/1.1" 200 77
116.235.222.38 - - [16/Aug/2021:09:20:30 +0800] "GET /xingrg/all/function/internal_message.html?_=1629076828879&CODE_STATE=getMsg HTTP/1.1" 200 27
116.238.194.18 - - [16/Aug/2021:09:20:30 +0800] "GET /xingrg/kc/base/yddb_order_list.html HTTP/1.1" 200 16795
222.70.178.182 - - [16/Aug/2021:09:20:31 +0800] "POST /xingrg/dwr/call/plaincall/AjaxCheckService.setItemNumber.dwr HTTP/1.1" 200 77
116.238.194.18 - - [16/Aug/2021:09:20:31 +0800] "POST /xingrg/kc/base/yddb_list_operate.html HTTP/1.1" 200 636
116.235.222.38 - - [16/Aug/2021:09:20:31 +0800] "GET /xingrg/kc/buy/cgsh_order_operate.html?command=get_materiel&rest_code=00107&code=00101008223&supplier_code=00100006&order_time=2021-08-16 HTTP/1.1" 200 412
58.40.7.146 - - [16/Aug/2021:09:20:32 +0800] "GET /xingrg/all/function/internal_message.html?_=1629076830492&CODE_STATE=getMsg HTTP/1.1" 200 27
222.70.178.182 - - [16/Aug/2021:09:20:32 +0800] "POST /xingrg/dwr/call/plaincall/AjaxCheckService.setItemNumber.dwr HTTP/1.1" 200 77
116.238.194.18 - - [16/Aug/2021:09:20:33 +0800] "GET /xingrg/kc/base/yddb_order_add.html HTTP/1.1" 200 29837
116.238.194.18 - - [16/Aug/2021:09:20:33 +0800] "GET /xingrg/dwr/interface/AjaxYddbService.js HTTP/1.1" 200 13201
116.238.194.18 - - [16/Aug/2021:09:20:33 +0800] "GET /xingrg/dwr/util.js HTTP/1.1" 304 -
116.238.194.18 - - [16/Aug/2021:09:20:33 +0800] "GET /xingrg/dwr/interface/AjaxComOrderService.js HTTP/1.1" 200 18264
116.238.194.18 - - [16/Aug/2021:09:20:33 +0800] "GET /xingrg/dwr/engine.js HTTP/1.1" 200 43631
116.238.194.18 - - [16/Aug/2021:09:20:33 +0800] "GET /xingrg/javascript/jquery_easy_ui/themes/icons/check_new.png HTTP/1.1" 304 -
116.238.194.18 - - [16/Aug/2021:09:20:33 +0800] "GET /xingrg/javascript/jquery_easy_ui/themes/icons/cance_new.png HTTP/1.1" 304 -
116.238.194.18 - - [16/Aug/2021:09:20:33 +0800] "GET /xingrg/images/blue/kc_tab2_right.gif HTTP/1.1" 304 -
116.238.194.18 - - [16/Aug/2021:09:20:33 +0800] "GET /xingrg/images/blue/kc_tab2_left.gif HTTP/1.1" 304 -
222.70.178.182 - - [16/Aug/2021:09:20:34 +0800] "POST /xingrg/dwr/call/plaincall/AjaxCheckService.setItemNumber.dwr HTTP/1.1" 200 77
180.174.198.13 - - [16/Aug/2021:09:20:34 +0800] "GET /xingrg/javascript/jquery_easy_ui/themes/default/images/tabs_active.png HTTP/1.1" 304 -
222.70.178.182 - - [16/Aug/2021:09:20:34 +0800] "GET /xingrg/all/function/internal_message.html?_=1629076832000&CODE_STATE=getMsg HTTP/1.1" 200 27
180.174.198.13 - - [16/Aug/2021:09:20:34 +0800] "GET /xingrg/all/function/internal_message.html?_=1629076812754&CODE_STATE=getMsg HTTP/1.1" 200 27
116.238.194.18 - - [16/Aug/2021:09:20:35 +0800] "POST /xingrg/dwr/call/plaincall/AjaxYddbService.getRestBases.dwr HTTP/1.1" 200 1514
124.79.246.142 - - [16/Aug/2021:09:20:36 +0800] "GET /xingrg/all/function/internal_message.html?_=1629076932792&CODE_STATE=getMsg HTTP/1.1" 200 27
222.70.178.182 - - [16/Aug/2021:09:20:38 +0800] "POST /xingrg/dwr/call/plaincall/AjaxCheckService.setItemNumber.dwr HTTP/1.1" 200 77
180.174.198.13 - - [16/Aug/2021:09:20:38 +0800] "GET /xingrg/kc/base/yddb_order_info.html?code=482021081500105 HTTP/1.1" 200 31365
180.174.198.13 - - [16/Aug/2021:09:20:38 +0800] "GET /xingrg/dwr/interface/AjaxYddbService.js HTTP/1.1" 200 13201
180.174.198.13 - - [16/Aug/2021:09:20:38 +0800] "GET /xingrg/dwr/interface/AjaxComOrderService.js HTTP/1.1" 200 18264
180.174.198.13 - - [16/Aug/2021:09:20:38 +0800] "GET /xingrg/dwr/engine.js HTTP/1.1" 200 43631
180.174.198.13 - - [16/Aug/2021:09:20:40 +0800] "POST /xingrg/dwr/call/plaincall/AjaxYddbService.loadMaterielItems.dwr HTTP/1.1" 200 717
222.70.178.182 - - [16/Aug/2021:09:20:40 +0800] "POST /xingrg/dwr/call/plaincall/AjaxCheckService.setItemNumber.dwr HTTP/1.1" 200 77
222.70.178.182 - - [16/Aug/2021:09:20:41 +0800] "POST /xingrg/dwr/call/plaincall/AjaxCheckService.setItemNumber.dwr HTTP/1.1" 200 77
222.70.178.182 - - [16/Aug/2021:09:20:44 +0800] "POST /xingrg/dwr/call/plaincall/AjaxCheckService.setItemNumber.dwr HTTP/1.1" 200 77
116.238.194.18 - - [16/Aug/2021:09:20:44 +0800] "POST /xingrg/dwr/call/plaincall/AjaxYddbService.saveOrder.dwr HTTP/1.1" 200 78
101.83.241.165 - - [16/Aug/2021:09:20:44 +0800] "GET /xingrg/kc/buy/cgsh_order_list.html HTTP/1.1" 200 47411
222.70.178.182 - - [16/Aug/2021:09:20:44 +0800] "POST /xingrg/dwr/call/plaincall/AjaxCheckService.setItemNumber.dwr HTTP/1.1" 200 77
116.230.105.26 - - [16/Aug/2021:09:20:44 +0800] "GET /xingrg/kc/buy/cgsh_order_operate.html?command=get_materiel&rest_code=00155&code=00101008284&supplier_code=00100037&order_time=2021-08-16 HTTP/1.1" 200 412
116.238.194.18 - - [16/Aug/2021:09:20:44 +0800] "GET /xingrg/images/yd/bt.gif HTTP/1.1" 404 1040
222.70.178.182 - - [16/Aug/2021:09:20:46 +0800] "POST /xingrg/dwr/call/plaincall/AjaxCheckService.setItemNumber.dwr HTTP/1.1" 200 77
116.238.194.18 - - [16/Aug/2021:09:20:47 +0800] "POST /xingrg/dwr/call/plaincall/AjaxComOrderService.getMaterielSearchList.dwr HTTP/1.1" 200 2108
101.83.241.165 - - [16/Aug/2021:09:20:48 +0800] "POST /xingrg/kc/buy/cgsh_list_operate.html HTTP/1.1" 200 876
222.70.178.182 - - [16/Aug/2021:09:20:48 +0800] "POST /xingrg/dwr/call/plaincall/AjaxCheckService.setItemNumber.dwr HTTP/1.1" 200 77
222.70.178.182 - - [16/Aug/2021:09:20:49 +0800] "POST /xingrg/dwr/call/plaincall/AjaxCheckService.setItemNumber.dwr HTTP/1.1" 200 77
116.238.194.18 - - [16/Aug/2021:09:20:49 +0800] "GET /xingrg/all/function/internal_message.html?_=1629076847142&CODE_STATE=getMsg HTTP/1.1" 200 27
116.238.194.18 - - [16/Aug/2021:09:20:50 +0800] "POST /xingrg/dwr/call/plaincall/AjaxYddbService.getMaterielByMap.dwr HTTP/1.1" 200 3662
222.70.178.182 - - [16/Aug/2021:09:20:51 +0800] "POST /xingrg/dwr/call/plaincall/AjaxCheckService.setItemNumber.dwr HTTP/1.1" 200 77
101.83.145.79 - - [16/Aug/2021:09:20:51 +0800] "GET /xingrg/all/function/internal_message.html?_=1629076851713&CODE_STATE=getMsg HTTP/1.1" 200 27
101.83.241.165 - - [16/Aug/2021:09:20:52 +0800] "GET /xingrg/kc/buy/cgyd_order_list.html HTTP/1.1" 200 46878
116.235.222.38 - - [16/Aug/2021:09:20:53 +0800] "GET /xingrg/kc/buy/cgsh_order_operate.html?command=get_materiel&rest_code=00107&code=00101008286&supplier_code=00100006&order_time=2021-08-16 HTTP/1.1" 200 408
116.238.194.18 - - [16/Aug/2021:09:20:53 +0800] "POST /xingrg/dwr/call/plaincall/AjaxYddbService.saveMaterielItem.dwr HTTP/1.1" 200 78
222.70.178.182 - - [16/Aug/2021:09:20:54 +0800] "POST /xingrg/dwr/call/plaincall/AjaxCheckService.setItemNumber.dwr HTTP/1.1" 200 77
101.83.241.165 - - [16/Aug/2021:09:20:54 +0800] "POST /xingrg/kc/buy/cgyd_list_operate.html HTTP/1.1" 200 976
101.83.241.165 - - [16/Aug/2021:09:20:55 +0800] "GET /xingrg/all/function/internal_message.html?_=1629076855063&CODE_STATE=getMsg HTTP/1.1" 200 27
101.83.241.165 - - [16/Aug/2021:09:20:56 +0800] "GET /xingrg/kc/buy/cgsh_order_list.html HTTP/1.1" 200 47411
222.70.178.182 - - [16/Aug/2021:09:20:57 +0800] "POST /xingrg/dwr/call/plaincall/AjaxCheckService.setItemNumber.dwr HTTP/1.1" 200 77
116.230.105.26 - - [16/Aug/2021:09:20:57 +0800] "GET /xingrg/kc/buy/cgsh_order_operate.html?command=get_materiel&rest_code=00155&code=00101008090&supplier_code=00100037&order_time=2021-08-16 HTTP/1.1" 200 408
101.83.241.165 - - [16/Aug/2021:09:20:59 +0800] "POST /xingrg/kc/buy/cgsh_list_operate.html HTTP/1.1" 200 876
222.70.178.182 - - [16/Aug/2021:09:20:59 +0800] "POST /xingrg/dwr/call/plaincall/AjaxCheckService.setItemNumber.dwr HTTP/1.1" 200 77
222.70.246.151 - - [16/Aug/2021:09:21:01 +0800] "GET /xingrg/all/function/internal_message.html?_=1629076860736&CODE_STATE=getMsg HTTP/1.1" 200 27
222.70.178.182 - - [16/Aug/2021:09:21:02 +0800] "POST /xingrg/dwr/call/plaincall/AjaxCheckService.setItemNumber.dwr HTTP/1.1" 200 77
116.238.194.18 - - [16/Aug/2021:09:21:02 +0800] "POST /xingrg/dwr/call/plaincall/AjaxYddbService.checkOrder.dwr HTTP/1.1" 200 78
222.70.178.182 - - [16/Aug/2021:09:21:03 +0800] "POST /xingrg/dwr/call/plaincall/AjaxCheckService.setItemNumber.dwr HTTP/1.1" 200 77
180.169.147.146 - - [16/Aug/2021:09:21:04 +0800] "GET /favicon.ico HTTP/1.1" 404 -
222.70.178.182 - - [16/Aug/2021:09:21:04 +0800] "POST /xingrg/dwr/call/plaincall/AjaxCheckService.setItemNumber.dwr HTTP/1.1" 200 77
116.230.105.26 - - [16/Aug/2021:09:21:05 +0800] "GET /xingrg/all/function/internal_message.html?_=1629076850103&CODE_STATE=getMsg HTTP/1.1" 200 27
222.70.178.182 - - [16/Aug/2021:09:21:05 +0800] "POST /xingrg/dwr/call/plaincall/AjaxCheckService.setItemNumber.dwr HTTP/1.1" 200 77
222.70.178.182 - - [16/Aug/2021:09:21:08 +0800] "POST /xingrg/dwr/call/plaincall/AjaxCheckService.setItemNumber.dwr HTTP/1.1" 200 77
116.238.194.18 - - [16/Aug/2021:09:21:08 +0800] "GET /xingrg/kc/base/yddb_order_info.html?code=482021081600115 HTTP/1.1" 200 29465
116.238.194.18 - - [16/Aug/2021:09:21:08 +0800] "GET /xingrg/dwr/interface/AjaxComOrderService.js HTTP/1.1" 200 18264
116.238.194.18 - - [16/Aug/2021:09:21:08 +0800] "GET /xingrg/dwr/interface/AjaxYddbService.js HTTP/1.1" 200 13201
116.238.194.18 - - [16/Aug/2021:09:21:08 +0800] "GET /xingrg/dwr/engine.js HTTP/1.1" 200 43631
116.232.48.13 - - [16/Aug/2021:09:21:08 +0800] "GET /xingrg/all/function/internal_message.html?_=1629076866968&CODE_STATE=getMsg HTTP/1.1" 200 27
222.70.178.182 - - [16/Aug/2021:09:21:08 +0800] "POST /xingrg/dwr/call/plaincall/AjaxCheckService.setItemNumber.dwr HTTP/1.1" 200 77
116.230.105.26 - - [16/Aug/2021:09:21:09 +0800] "GET /xingrg/kc/buy/cgsh_order_operate.html?command=get_materiel&rest_code=00155&code=00101015012&supplier_code=00100037&order_time=2021-08-16 HTTP/1.1" 200 412
116.238.194.18 - - [16/Aug/2021:09:21:09 +0800] "POST /xingrg/dwr/call/plaincall/AjaxYddbService.loadMaterielItems.dwr HTTP/1.1" 200 389
222.70.178.182 - - [16/Aug/2021:09:21:11 +0800] "POST /xingrg/dwr/call/plaincall/AjaxCheckService.setItemNumber.dwr HTTP/1.1" 200 77
116.235.222.38 - - [16/Aug/2021:09:21:12 +0800] "GET /xingrg/kc/buy/cgsh_order_operate.html?command=get_materiel&rest_code=00107&code=00101008092&supplier_code=00100006&order_time=2021-08-16 HTTP/1.1" 200 412
222.70.178.182 - - [16/Aug/2021:09:21:13 +0800] "POST /xingrg/dwr/call/plaincall/AjaxCheckService.setItemNumber.dwr HTTP/1.1" 200 77
116.238.194.18 - - [16/Aug/2021:09:21:13 +0800] "GET /xingrg/kc/base/yddb_order_add.html HTTP/1.1" 200 29837
116.238.194.18 - - [16/Aug/2021:09:21:13 +0800] "GET /xingrg/dwr/interface/AjaxComOrderService.js HTTP/1.1" 200 18264
116.238.194.18 - - [16/Aug/2021:09:21:13 +0800] "GET /xingrg/dwr/interface/AjaxYddbService.js HTTP/1.1" 200 13201
116.238.194.18 - - [16/Aug/2021:09:21:13 +0800] "GET /xingrg/dwr/engine.js HTTP/1.1" 200 43631
222.70.178.182 - - [16/Aug/2021:09:21:14 +0800] "POST /xingrg/dwr/call/plaincall/AjaxCheckService.setItemNumber.dwr HTTP/1.1" 200 77
180.169.147.146 - - [16/Aug/2021:09:21:14 +0800] "GET /xingrg/login.html HTTP/1.1" 200 7641
222.70.178.182 - - [16/Aug/2021:09:21:16 +0800] "POST /xingrg/dwr/call/plaincall/AjaxCheckService.setItemNumber.dwr HTTP/1.1" 200 77
58.37.4.159 - - [16/Aug/2021:09:21:16 +0800] "GET /xingrg/all/function/internal_message.html?_=1629076877862&CODE_STATE=getMsg HTTP/1.1" 200 27
116.238.194.18 - - [16/Aug/2021:09:21:16 +0800] "POST /xingrg/dwr/call/plaincall/AjaxYddbService.getRestBases.dwr HTTP/1.1" 200 1514
180.169.147.146 - - [16/Aug/2021:09:21:17 +0800] "GET /favicon.ico HTTP/1.1" 404 -
116.238.194.18 - - [16/Aug/2021:09:21:17 +0800] "GET /xingrg/all/function/internal_message.html?_=1629076817574&CODE_STATE=getMsg HTTP/1.1" 200 27
222.70.178.182 - - [16/Aug/2021:09:21:17 +0800] "POST /xingrg/dwr/call/plaincall/AjaxCheckService.setItemNumber.dwr HTTP/1.1" 200 77
180.169.147.146 - - [16/Aug/2021:09:21:19 +0800] "GET /xingrg/all/function/internal_message.html?_=1629076877239&CODE_STATE=getMsg HTTP/1.1" 200 27
222.70.178.182 - - [16/Aug/2021:09:21:19 +0800] "POST /xingrg/dwr/call/plaincall/AjaxCheckService.setItemNumber.dwr HTTP/1.1" 200 77
222.70.178.182 - - [16/Aug/2021:09:21:20 +0800] "POST /xingrg/dwr/call/plaincall/AjaxCheckService.setItemNumber.dwr HTTP/1.1" 200 77
222.70.178.182 - - [16/Aug/2021:09:21:22 +0800] "POST /xingrg/dwr/call/plaincall/AjaxCheckService.setItemNumber.dwr HTTP/1.1" 200 77
116.230.105.26 - - [16/Aug/2021:09:21:23 +0800] "GET /xingrg/kc/buy/cgsh_order_operate.html?command=get_materiel&rest_code=00155&code=00101011001&supplier_code=00100037&order_time=2021-08-16 HTTP/1.1" 200 423
114.84.82.184 - - [16/Aug/2021:09:21:23 +0800] "GET /xingrg/all/function/internal_message.html?_=1629076883747&CODE_STATE=getMsg HTTP/1.1" 200 27
180.169.147.146 - - [16/Aug/2021:09:21:23 +0800] "POST /xingrg/login.do HTTP/1.1" 302 -
180.169.147.146 - - [16/Aug/2021:09:21:24 +0800] "GET /xingrg/index.html?sysBaseUrl=http%3A%2F%2F180.169.147.146%3A18081%2Fxingrg%2F&costTime=2040×tamp=1629076883941 HTTP/1.1" 200 17503
180.169.147.146 - - [16/Aug/2021:09:21:24 +0800] "GET /favicon.ico HTTP/1.1" 404 -
116.235.222.38 - - [16/Aug/2021:09:21:24 +0800] "GET /xingrg/kc/buy/cgsh_order_operate.html?command=get_materiel&rest_code=00107&code=00101008041&supplier_code=00100006&order_time=2021-08-16 HTTP/1.1" 200 408
180.169.147.146 - - [16/Aug/2021:09:21:24 +0800] "GET /xingrg/check_reg.html?_=1629076883177 HTTP/1.1" 200 22
180.169.147.146 - - [16/Aug/2021:09:21:25 +0800] "POST /xingrg/all/common/load_tree.html?tree=area_rest_tree_json&manage=1 HTTP/1.1" 200 3472
116.238.194.18 - - [16/Aug/2021:09:21:25 +0800] "POST /xingrg/dwr/call/plaincall/AjaxYddbService.saveOrder.dwr HTTP/1.1" 200 78
180.169.147.146 - - [16/Aug/2021:09:21:25 +0800] "GET /xingrg/all/function/internal_message.html?_=1629076883176&CODE_STATE=count HTTP/1.1" 200 11
180.169.147.146 - - [16/Aug/2021:09:21:25 +0800] "POST /xingrg/load_menu.html HTTP/1.1" 200 11443
116.235.222.38 - - [16/Aug/2021:09:21:30 +0800] "GET /xingrg/all/function/internal_message.html?_=1629076888963&CODE_STATE=getMsg HTTP/1.1" 200 27
116.238.194.18 - - [16/Aug/2021:09:21:31 +0800] "POST /xingrg/dwr/call/plaincall/AjaxComOrderService.getMaterielSearchList.dwr HTTP/1.1" 200 1413
116.235.222.38 - - [16/Aug/2021:09:21:31 +0800] "POST /xingrg/kc/buy/cgsh_order_operate.html HTTP/1.1" 200 2065
116.238.194.18 - - [16/Aug/2021:09:21:31 +0800] "POST /xingrg/dwr/call/plaincall/AjaxComOrderService.getMaterielSearchList.dwr HTTP/1.1" 200 415897
58.40.7.146 - - [16/Aug/2021:09:21:32 +0800] "GET /xingrg/all/function/internal_message.html?_=1629076890495&CODE_STATE=getMsg HTTP/1.1" 200 27
222.70.178.182 - - [16/Aug/2021:09:21:34 +0800] "GET /xingrg/all/function/internal_message.html?_=1629076891999&CODE_STATE=getMsg HTTP/1.1" 200 27
180.174.198.13 - - [16/Aug/2021:09:21:34 +0800] "GET /xingrg/all/function/internal_message.html?_=1629076872768&CODE_STATE=getMsg HTTP/1.1" 200 27
116.238.194.18 - - [16/Aug/2021:09:21:34 +0800] "POST /xingrg/dwr/call/plaincall/AjaxComOrderService.getMaterielSearchList.dwr HTTP/1.1" 200 297
116.230.105.26 - - [16/Aug/2021:09:21:35 +0800] "GET /xingrg/kc/buy/cgsh_order_operate.html?command=get_materiel&rest_code=00155&code=00101016025&supplier_code=00100037&order_time=2021-08-16 HTTP/1.1" 200 408
180.169.147.146 - - [16/Aug/2021:09:21:36 +0800] "GET /xingrg/kc/buy/cgsh_order_list.html HTTP/1.1" 200 47660
124.79.246.142 - - [16/Aug/2021:09:21:36 +0800] "GET /xingrg/all/function/internal_message.html?_=1629076992790&CODE_STATE=getMsg HTTP/1.1" 200 27
116.238.194.18 - - [16/Aug/2021:09:21:36 +0800] "POST /xingrg/dwr/call/plaincall/AjaxYddbService.getMaterielByMap.dwr HTTP/1.1" 200 3730
116.238.194.18 - - [16/Aug/2021:09:21:40 +0800] "POST /xingrg/dwr/call/plaincall/AjaxYddbService.getUnitPrice.dwr HTTP/1.1" 200 85
180.169.147.146 - - [16/Aug/2021:09:21:40 +0800] "POST /xingrg/kc/buy/cgsh_list_operate.html HTTP/1.1" 200 876
116.238.194.18 - - [16/Aug/2021:09:21:44 +0800] "POST /xingrg/dwr/call/plaincall/AjaxYddbService.saveMaterielItem.dwr HTTP/1.1" 200 78
180.169.147.146 - - [16/Aug/2021:09:21:46 +0800] "GET /xingrg/javascript/jquery_tools/images/next.gif HTTP/1.1" 404 1086
180.169.147.146 - - [16/Aug/2021:09:21:46 +0800] "GET /xingrg/javascript/jquery_tools/images/prev.gif HTTP/1.1" 404 1086
116.238.194.18 - - [16/Aug/2021:09:21:49 +0800] "GET /xingrg/all/function/internal_message.html?_=1629076907121&CODE_STATE=getMsg HTTP/1.1" 200 27
116.238.194.18 - - [16/Aug/2021:09:21:49 +0800] "GET /xingrg/check_reg.html?_=1629076907188 HTTP/1.1" 200 22
116.230.105.26 - - [16/Aug/2021:09:21:49 +0800] "GET /xingrg/kc/buy/cgsh_order_operate.html?command=get_materiel&rest_code=00155&code=00101015038&supplier_code=00100037&order_time=2021-08-16 HTTP/1.1" 200 418
101.83.145.79 - - [16/Aug/2021:09:21:51 +0800] "GET /xingrg/all/function/internal_message.html?_=1629076911686&CODE_STATE=getMsg HTTP/1.1" 200 27
101.83.145.79 - - [16/Aug/2021:09:21:52 +0800] "GET /xingrg/check_reg.html?_=1629076912155 HTTP/1.1" 200 22
116.235.222.38 - - [16/Aug/2021:09:21:53 +0800] "GET /xingrg/kc/buy/cgsh_order_operate.html?command=get_materiel&rest_code=00107&code=00101008236&supplier_code=00100006&order_time=2021-08-16 HTTP/1.1" 200 416
222.70.178.182 - - [16/Aug/2021:09:21:54 +0800] "POST /xingrg/dwr/call/plaincall/AjaxCheckService.setItemNumber.dwr HTTP/1.1" 200 77
180.169.147.146 - - [16/Aug/2021:09:21:54 +0800] "POST /xingrg/kc/buy/cgsh_list_operate.html HTTP/1.1" 200 4029
101.83.241.165 - - [16/Aug/2021:09:21:55 +0800] "GET /xingrg/all/function/internal_message.html?_=1629076915059&CODE_STATE=getMsg HTTP/1.1" 200 27
222.70.178.182 - - [16/Aug/2021:09:21:57 +0800] "POST /xingrg/dwr/call/plaincall/AjaxCheckService.setItemNumber.dwr HTTP/1.1" 200 77
116.238.194.18 - - [16/Aug/2021:09:21:58 +0800] "POST /xingrg/dwr/call/plaincall/AjaxYddbService.checkOrder.dwr HTTP/1.1" 200 78
222.70.178.182 - - [16/Aug/2021:09:21:58 +0800] "POST /xingrg/dwr/call/plaincall/AjaxCheckService.setItemNumber.dwr HTTP/1.1" 200 77
222.70.178.182 - - [16/Aug/2021:09:21:59 +0800] "POST /xingrg/dwr/call/plaincall/AjaxCheckService.setItemNumber.dwr HTTP/1.1" 200 77
116.238.194.18 - - [16/Aug/2021:09:22:01 +0800] "GET /xingrg/kc/base/yddb_order_info.html?code=482021081600116 HTTP/1.1" 200 29466
116.238.194.18 - - [16/Aug/2021:09:22:01 +0800] "GET /xingrg/dwr/interface/AjaxComOrderService.js HTTP/1.1" 200 18264
116.238.194.18 - - [16/Aug/2021:09:22:01 +0800] "GET /xingrg/dwr/interface/AjaxYddbService.js HTTP/1.1" 200 13201
116.238.194.18 - - [16/Aug/2021:09:22:01 +0800] "GET /xingrg/dwr/engine.js HTTP/1.1" 200 43631
222.70.246.151 - - [16/Aug/2021:09:22:01 +0800] "GET /xingrg/all/function/internal_message.html?_=1629076920752&CODE_STATE=getMsg HTTP/1.1" 200 27
180.169.147.146 - - [16/Aug/2021:09:22:01 +0800] "POST /xingrg/all/user/operate.html HTTP/1.1" 200 36
116.230.105.26 - - [16/Aug/2021:09:22:01 +0800] "GET /xingrg/kc/buy/cgsh_order_operate.html?command=get_materiel&rest_code=00155&code=00101009057&supplier_code=00100037&order_time=2021-08-16 HTTP/1.1" 200 408
116.238.194.18 - - [16/Aug/2021:09:22:01 +0800] "POST /xingrg/dwr/call/plaincall/AjaxYddbService.loadMaterielItems.dwr HTTP/1.1" 200 430
180.169.147.146 - - [16/Aug/2021:09:22:01 +0800] "GET /xingrg/javascript/jquery_easy_ui/themes/default/easyui.css HTTP/1.1" 304 -
180.169.147.146 - - [16/Aug/2021:09:22:01 +0800] "GET /xingrg/index.html?sysBaseUrl=http%3A%2F%2F180.169.147.146%3A18081%2Fxingrg%2F&costTime=2040×tamp=1629076883941 HTTP/1.1" 200 17509
180.169.147.146 - - [16/Aug/2021:09:22:01 +0800] "GET /xingrg/javascript/jquery_easy_ui/themes/icon.css HTTP/1.1" 304 -
180.169.147.146 - - [16/Aug/2021:09:22:01 +0800] "GET /xingrg/css/form.css HTTP/1.1" 304 -
180.169.147.146 - - [16/Aug/2021:09:22:01 +0800] "GET /xingrg/javascript/jquery-1.4.2.min.js HTTP/1.1" 304 -
222.70.178.182 - - [16/Aug/2021:09:22:01 +0800] "POST /xingrg/dwr/call/plaincall/AjaxCheckService.setItemNumber.dwr HTTP/1.1" 200 77
180.169.147.146 - - [16/Aug/2021:09:22:01 +0800] "GET /xingrg/javascript/jquery_easy_ui/jquery.easyui.min.js HTTP/1.1" 304 -
180.169.147.146 - - [16/Aug/2021:09:22:01 +0800] "GET /xingrg/javascript/jquery_easy_ui/easyui-lang-zh_CN.js HTTP/1.1" 304 -
180.169.147.146 - - [16/Aug/2021:09:22:01 +0800] "GET /xingrg/javascript/jquery.form.js HTTP/1.1" 304 -
180.169.147.146 - - [16/Aug/2021:09:22:01 +0800] "GET /xingrg/javascript/jquery.utils.js HTTP/1.1" 304 -
180.169.147.146 - - [16/Aug/2021:09:22:01 +0800] "GET /xingrg/javascript/jquery.timers.js HTTP/1.1" 304 -
180.169.147.146 - - [16/Aug/2021:09:22:02 +0800] "GET /xingrg/images/blue/jxLogo.png HTTP/1.1" 304 -
180.169.147.146 - - [16/Aug/2021:09:22:02 +0800] "GET /xingrg/images/blue/navBackgound.jpg HTTP/1.1" 304 -
180.169.147.146 - - [16/Aug/2021:09:22:02 +0800] "GET /xingrg/javascript/jquery_easy_ui/themes/icons/settle_new.png HTTP/1.1" 304 -
180.169.147.146 - - [16/Aug/2021:09:22:02 +0800] "GET /xingrg/check_reg.html?_=1629076920286 HTTP/1.1" 200 22
180.169.147.146 - - [16/Aug/2021:09:22:02 +0800] "GET /xingrg/images/blue/pingpu.png HTTP/1.1" 304 -
180.169.147.146 - - [16/Aug/2021:09:22:02 +0800] "GET /xingrg/all/function/internal_message.html?_=1629076920285&CODE_STATE=count HTTP/1.1" 200 11
180.169.147.146 - - [16/Aug/2021:09:22:02 +0800] "GET /xingrg/javascript/jquery_easy_ui/themes/default/images/panel_tool_collapse.gif HTTP/1.1" 304 -
180.169.147.146 - - [16/Aug/2021:09:22:02 +0800] "GET /xingrg/javascript/jquery_easy_ui/themes/default/images/panel_tool_expand.gif HTTP/1.1" 304 -
180.169.147.146 - - [16/Aug/2021:09:22:02 +0800] "GET /xingrg/javascript/jquery_easy_ui/themes/default/images/tabs_leftarrow.png HTTP/1.1" 304 -
180.169.147.146 - - [16/Aug/2021:09:22:02 +0800] "GET /xingrg/javascript/jquery_easy_ui/themes/default/images/tabs_rightarrow.png HTTP/1.1" 304 -
180.169.147.146 - - [16/Aug/2021:09:22:02 +0800] "POST /xingrg/all/common/load_tree.html?tree=area_rest_tree_json&manage=1 HTTP/1.1" 200 3472
180.169.147.146 - - [16/Aug/2021:09:22:02 +0800] "POST /xingrg/load_menu.html HTTP/1.1" 200 9959
222.70.178.182 - - [16/Aug/2021:09:22:04 +0800] "POST /xingrg/dwr/call/plaincall/AjaxCheckService.setItemNumber.dwr HTTP/1.1" 200 77
116.238.194.18 - - [16/Aug/2021:09:22:04 +0800] "GET /xingrg/kc/base/yddb_order_add.html HTTP/1.1" 200 29837
116.238.194.18 - - [16/Aug/2021:09:22:04 +0800] "GET /xingrg/dwr/interface/AjaxComOrderService.js HTTP/1.1" 200 18264
116.238.194.18 - - [16/Aug/2021:09:22:04 +0800] "GET /xingrg/dwr/interface/AjaxYddbService.js HTTP/1.1" 200 13201
116.238.194.18 - - [16/Aug/2021:09:22:04 +0800] "GET /xingrg/dwr/engine.js HTTP/1.1" 200 43631
222.70.178.182 - - [16/Aug/2021:09:22:04 +0800] "POST /xingrg/dwr/call/plaincall/AjaxCheckService.setItemNumber.dwr HTTP/1.1" 200 77
116.230.105.26 - - [16/Aug/2021:09:22:05 +0800] "GET /xingrg/all/function/internal_message.html?_=1629076910087&CODE_STATE=getMsg HTTP/1.1" 200 27
180.169.147.146 - - [16/Aug/2021:09:22:06 +0800] "GET /xingrg/kc/buy/cgsh_order_list.html HTTP/1.1" 200 47666
222.70.178.182 - - [16/Aug/2021:09:22:06 +0800] "POST /xingrg/dwr/call/plaincall/AjaxCheckService.setItemNumber.dwr HTTP/1.1" 200 77
116.238.194.18 - - [16/Aug/2021:09:22:06 +0800] "POST /xingrg/dwr/call/plaincall/AjaxYddbService.getRestBases.dwr HTTP/1.1" 200 1514
116.232.48.13 - - [16/Aug/2021:09:22:08 +0800] "GET /xingrg/check_reg.html?_=1629076926994 HTTP/1.1" 200 22
116.232.48.13 - - [16/Aug/2021:09:22:08 +0800] "GET /xingrg/all/function/internal_message.html?_=1629076926997&CODE_STATE=getMsg HTTP/1.1" 200 27
180.169.147.146 - - [16/Aug/2021:09:22:09 +0800] "POST /xingrg/kc/buy/cgsh_list_operate.html HTTP/1.1" 200 876
222.70.178.182 - - [16/Aug/2021:09:22:09 +0800] "POST /xingrg/dwr/call/plaincall/AjaxCheckService.setItemNumber.dwr HTTP/1.1" 200 77
222.70.178.182 - - [16/Aug/2021:09:22:09 +0800] "POST /xingrg/dwr/call/plaincall/AjaxCheckService.setItemNumber.dwr HTTP/1.1" 200 77
222.70.178.182 - - [16/Aug/2021:09:22:11 +0800] "POST /xingrg/dwr/call/plaincall/AjaxCheckService.setItemNumber.dwr HTTP/1.1" 200 77
116.235.222.38 - - [16/Aug/2021:09:22:11 +0800] "GET /xingrg/kc/buy/cgsh_order_operate.html?command=get_materiel&rest_code=00107&code=00101008284&supplier_code=00100006&order_time=2021-08-16 HTTP/1.1" 200 413
116.230.105.26 - - [16/Aug/2021:09:22:12 +0800] "GET /xingrg/kc/buy/cgsh_order_operate.html?command=get_materiel&rest_code=00155&code=00101011005&supplier_code=00100037&order_time=2021-08-16 HTTP/1.1" 200 428
180.169.147.146 - - [16/Aug/2021:09:22:12 +0800] "GET /xingrg/javascript/jquery_tools/images/next.gif HTTP/1.1" 404 1086
180.169.147.146 - - [16/Aug/2021:09:22:12 +0800] "GET /xingrg/javascript/jquery_tools/images/prev.gif HTTP/1.1" 404 1086
116.238.194.18 - - [16/Aug/2021:09:22:13 +0800] "POST /xingrg/dwr/call/plaincall/AjaxYddbService.saveOrder.dwr HTTP/1.1" 200 78
58.37.4.159 - - [16/Aug/2021:09:22:16 +0800] "GET /xingrg/all/function/internal_message.html?_=1629076937834&CODE_STATE=getMsg HTTP/1.1" 200 27
116.238.194.18 - - [16/Aug/2021:09:22:17 +0800] "GET /xingrg/all/function/internal_message.html?_=1629076877589&CODE_STATE=getMsg HTTP/1.1" 200 27
180.169.147.146 - - [16/Aug/2021:09:22:19 +0800] "GET /xingrg/all/function/internal_message.html?_=1629076937219&CODE_STATE=getMsg HTTP/1.1" 200 27
116.238.194.18 - - [16/Aug/2021:09:22:19 +0800] "POST /xingrg/dwr/call/plaincall/AjaxComOrderService.getMaterielSearchList.dwr HTTP/1.1" 200 19173
222.70.178.182 - - [16/Aug/2021:09:22:19 +0800] "POST /xingrg/dwr/call/plaincall/AjaxCheckService.setItemNumber.dwr HTTP/1.1" 200 77
116.238.194.18 - - [16/Aug/2021:09:22:20 +0800] "POST /xingrg/dwr/call/plaincall/AjaxComOrderService.getMaterielSearchList.dwr HTTP/1.1" 200 738
180.169.147.146 - - [16/Aug/2021:09:22:21 +0800] "POST /xingrg/kc/buy/cgsh_list_operate.html HTTP/1.1" 200 5407
222.70.178.182 - - [16/Aug/2021:09:22:21 +0800] "POST /xingrg/dwr/call/plaincall/AjaxCheckService.setItemNumber.dwr HTTP/1.1" 200 77
116.238.194.18 - - [16/Aug/2021:09:22:22 +0800] "POST /xingrg/dwr/call/plaincall/AjaxYddbService.getMaterielByMap.dwr HTTP/1.1" 200 3748
222.70.178.182 - - [16/Aug/2021:09:22:22 +0800] "POST /xingrg/dwr/call/plaincall/AjaxCheckService.setItemNumber.dwr HTTP/1.1" 200 77
114.84.82.184 - - [16/Aug/2021:09:22:23 +0800] "GET /xingrg/all/function/internal_message.html?_=1629076943745&CODE_STATE=getMsg HTTP/1.1" 200 27
114.84.82.184 - - [16/Aug/2021:09:22:23 +0800] "GET /xingrg/check_reg.html?_=1629076943746 HTTP/1.1" 200 22
116.230.105.26 - - [16/Aug/2021:09:22:23 +0800] "GET /xingrg/kc/buy/cgsh_order_operate.html?command=get_materiel&rest_code=00155&code=00101010136&supplier_code=00100037&order_time=2021-08-16 HTTP/1.1" 200 408
222.70.178.182 - - [16/Aug/2021:09:22:24 +0800] "POST /xingrg/dwr/call/plaincall/AjaxCheckService.setItemNumber.dwr HTTP/1.1" 200 77
222.70.178.182 - - [16/Aug/2021:09:22:24 +0800] "POST /xingrg/dwr/call/plaincall/AjaxCheckService.setItemNumber.dwr HTTP/1.1" 200 77
222.70.246.151 - - [16/Aug/2021:09:22:25 +0800] "GET /xingrg/check_reg.html?_=1629076945222 HTTP/1.1" 302 -
222.70.178.182 - - [16/Aug/2021:09:22:26 +0800] "POST /xingrg/dwr/call/plaincall/AjaxCheckService.setItemNumber.dwr HTTP/1.1" 200 77
116.238.194.18 - - [16/Aug/2021:09:22:27 +0800] "POST /xingrg/dwr/call/plaincall/AjaxYddbService.saveMaterielItem.dwr HTTP/1.1" 200 78
222.70.178.182 - - [16/Aug/2021:09:22:27 +0800] "POST /xingrg/dwr/call/plaincall/AjaxCheckService.setItemNumber.dwr HTTP/1.1" 200 77
116.235.222.38 - - [16/Aug/2021:09:22:30 +0800] "GET /xingrg/all/function/internal_message.html?_=1629076948946&CODE_STATE=getMsg HTTP/1.1" 200 27
116.238.194.18 - - [16/Aug/2021:09:22:30 +0800] "POST /xingrg/dwr/call/plaincall/AjaxComOrderService.getMaterielSearchList.dwr HTTP/1.1" 200 6890
180.169.147.146 - - [16/Aug/2021:09:22:30 +0800] "POST /xingrg/kc/buy/cgsh_list_operate.html HTTP/1.1" 200 563
116.238.194.18 - - [16/Aug/2021:09:22:31 +0800] "POST /xingrg/dwr/call/plaincall/AjaxComOrderService.getMaterielSearchList.dwr HTTP/1.1" 200 698
222.70.178.182 - - [16/Aug/2021:09:22:31 +0800] "POST /xingrg/dwr/call/plaincall/AjaxCheckService.setItemNumber.dwr HTTP/1.1" 200 77
58.40.7.146 - - [16/Aug/2021:09:22:32 +0800] "GET /xingrg/all/function/internal_message.html?_=1629076950498&CODE_STATE=getMsg HTTP/1.1" 200 27
222.70.178.182 - - [16/Aug/2021:09:22:32 +0800] "POST /xingrg/dwr/call/plaincall/AjaxCheckService.setItemNumber.dwr HTTP/1.1" 200 77
116.238.194.18 - - [16/Aug/2021:09:22:33 +0800] "POST /xingrg/dwr/call/plaincall/AjaxYddbService.getMaterielByMap.dwr HTTP/1.1" 200 3709
222.70.178.182 - - [16/Aug/2021:09:22:33 +0800] "POST /xingrg/dwr/call/plaincall/AjaxCheckService.setItemNumber.dwr HTTP/1.1" 200 77
222.70.178.182 - - [16/Aug/2021:09:22:34 +0800] "GET /xingrg/all/function/internal_message.html?_=1629076952005&CODE_STATE=getMsg HTTP/1.1" 200 27
180.174.198.13 - - [16/Aug/2021:09:22:34 +0800] "GET /xingrg/all/function/internal_message.html?_=1629076932782&CODE_STATE=getMsg HTTP/1.1" 200 27
116.238.194.18 - - [16/Aug/2021:09:22:35 +0800] "GET /xingrg/images/yd/bt2.gif HTTP/1.1" 404 1042
222.70.178.182 - - [16/Aug/2021:09:22:35 +0800] "POST /xingrg/dwr/call/plaincall/AjaxCheckService.setItemNumber.dwr HTTP/1.1" 200 77
180.169.147.146 - - [16/Aug/2021:09:22:36 +0800] "GET /xingrg/check_reg.html?_=1629076953874 HTTP/1.1" 200 22
124.79.246.142 - - [16/Aug/2021:09:22:36 +0800] "GET /xingrg/all/function/internal_message.html?_=1629077052790&CODE_STATE=getMsg HTTP/1.1" 200 27
222.70.178.182 - - [16/Aug/2021:09:22:38 +0800] "POST /xingrg/dwr/call/plaincall/AjaxCheckService.setItemNumber.dwr HTTP/1.1" 200 77
116.238.194.18 - - [16/Aug/2021:09:22:39 +0800] "POST /xingrg/dwr/call/plaincall/AjaxYddbService.saveMaterielItem.dwr HTTP/1.1" 200 78
222.70.178.182 - - [16/Aug/2021:09:22:39 +0800] "POST /xingrg/dwr/call/plaincall/AjaxCheckService.setItemNumber.dwr HTTP/1.1" 200 77
222.70.178.182 - - [16/Aug/2021:09:22:41 +0800] "POST /xingrg/dwr/call/plaincall/AjaxCheckService.setItemNumber.dwr HTTP/1.1" 200 77
116.238.194.18 - - [16/Aug/2021:09:22:42 +0800] "POST /xingrg/dwr/call/plaincall/AjaxComOrderService.getMaterielSearchList.dwr HTTP/1.1" 200 42846
116.238.194.18 - - [16/Aug/2021:09:22:42 +0800] "POST /xingrg/dwr/call/plaincall/AjaxComOrderService.getMaterielSearchList.dwr HTTP/1.1" 200 1095
222.70.178.182 - - [16/Aug/2021:09:22:43 +0800] "POST /xingrg/dwr/call/plaincall/AjaxCheckService.setItemNumber.dwr HTTP/1.1" 200 77
222.70.178.182 - - [16/Aug/2021:09:22:43 +0800] "POST /xingrg/dwr/call/plaincall/AjaxCheckService.setItemNumber.dwr HTTP/1.1" 200 77
222.70.178.182 - - [16/Aug/2021:09:22:45 +0800] "POST /xingrg/dwr/call/plaincall/AjaxCheckService.setItemNumber.dwr HTTP/1.1" 200 77
116.230.105.26 - - [16/Aug/2021:09:22:47 +0800] "POST /xingrg/kc/buy/cgsh_order_operate.html HTTP/1.1" 200 37
222.70.178.182 - - [16/Aug/2021:09:22:47 +0800] "POST /xingrg/dwr/call/plaincall/AjaxCheckService.setItemNumber.dwr HTTP/1.1" 200 77
180.169.147.146 - - [16/Aug/2021:09:22:47 +0800] "POST /xingrg/kc/buy/cgsh_list_operate.html HTTP/1.1" 200 4
116.238.194.18 - - [16/Aug/2021:09:22:47 +0800] "POST /xingrg/dwr/call/plaincall/AjaxYddbService.getMaterielByMap.dwr HTTP/1.1" 200 3713
116.230.105.26 - - [16/Aug/2021:09:22:48 +0800] "POST /xingrg/kc/buy/cgsh_order_operate.html HTTP/1.1" 200 10369
116.238.194.18 - - [16/Aug/2021:09:22:49 +0800] "GET /xingrg/all/function/internal_message.html?_=1629076967104&CODE_STATE=getMsg HTTP/1.1" 200 27
116.238.194.18 - - [16/Aug/2021:09:22:49 +0800] "POST /xingrg/dwr/call/plaincall/AjaxYddbService.getUnitPrice.dwr HTTP/1.1" 200 87
222.70.178.182 - - [16/Aug/2021:09:22:50 +0800] "POST /xingrg/dwr/call/plaincall/AjaxCheckService.setItemNumber.dwr HTTP/1.1" 200 77
222.70.178.182 - - [16/Aug/2021:09:22:51 +0800] "POST /xingrg/dwr/call/plaincall/AjaxCheckService.setItemNumber.dwr HTTP/1.1" 200 77
101.83.145.79 - - [16/Aug/2021:09:22:51 +0800] "GET /xingrg/all/function/internal_message.html?_=1629076971667&CODE_STATE=getMsg HTTP/1.1" 200 27
222.70.178.182 - - [16/Aug/2021:09:22:53 +0800] "POST /xingrg/dwr/call/plaincall/AjaxCheckService.setItemNumber.dwr HTTP/1.1" 200 77
180.169.147.146 - - [16/Aug/2021:09:22:53 +0800] "POST /xingrg/kc/buy/cgsh_list_operate.html HTTP/1.1" 200 5407
116.238.194.18 - - [16/Aug/2021:09:22:54 +0800] "POST /xingrg/dwr/call/plaincall/AjaxYddbService.saveMaterielItem.dwr HTTP/1.1" 200 79
222.70.178.182 - - [16/Aug/2021:09:22:54 +0800] "POST /xingrg/dwr/call/plaincall/AjaxCheckService.setItemNumber.dwr HTTP/1.1" 200 77
222.70.178.182 - - [16/Aug/2021:09:22:55 +0800] "POST /xingrg/dwr/call/plaincall/AjaxCheckService.setItemNumber.dwr HTTP/1.1" 200 77
101.83.241.165 - - [16/Aug/2021:09:22:55 +0800] "GET /xingrg/all/function/internal_message.html?_=1629076975062&CODE_STATE=getMsg HTTP/1.1" 200 27
222.70.246.151 - - [16/Aug/2021:09:23:01 +0800] "GET /xingrg/all/function/internal_message.html?_=1629076980780&CODE_STATE=getMsg HTTP/1.1" 200 27
180.169.147.146 - - [16/Aug/2021:09:23:02 +0800] "GET /xingrg/all/function/internal_message.html?_=1629076980302&CODE_STATE=getMsg HTTP/1.1" 200 27
116.235.222.38 - - [16/Aug/2021:09:23:04 +0800] "GET /xingrg/kc/buy/cgsh_order_operate.html?command=get_materiel&rest_code=00107&code=00101008224&supplier_code=00100006&order_time=2021-08-16 HTTP/1.1" 200 416
116.230.105.26 - - [16/Aug/2021:09:23:05 +0800] "GET /xingrg/all/function/internal_message.html?_=1629076970100&CODE_STATE=getMsg HTTP/1.1" 200 27
116.232.48.13 - - [16/Aug/2021:09:23:08 +0800] "GET /xingrg/all/function/internal_message.html?_=1629076986990&CODE_STATE=getMsg HTTP/1.1" 200 27
58.37.4.159 - - [16/Aug/2021:09:23:16 +0800] "GET /xingrg/all/function/internal_message.html?_=1629076997819&CODE_STATE=getMsg HTTP/1.1" 200 27
116.238.194.18 - - [16/Aug/2021:09:23:17 +0800] "GET /xingrg/all/function/internal_message.html?_=1629076937611&CODE_STATE=getMsg HTTP/1.1" 200 27
180.169.147.146 - - [16/Aug/2021:09:23:19 +0800] "GET /xingrg/all/function/internal_message.html?_=1629076997213&CODE_STATE=getMsg HTTP/1.1" 200 27
114.84.82.184 - - [16/Aug/2021:09:23:23 +0800] "GET /xingrg/all/function/internal_message.html?_=1629077003745&CODE_STATE=getMsg HTTP/1.1" 200 27
116.238.194.18 - - [16/Aug/2021:09:23:24 +0800] "POST /xingrg/dwr/call/plaincall/AjaxComOrderService.getMaterielSearchList.dwr HTTP/1.1" 200 22946
116.238.194.18 - - [16/Aug/2021:09:23:25 +0800] "POST /xingrg/dwr/call/plaincall/AjaxComOrderService.getMaterielSearchList.dwr HTTP/1.1" 200 839
