116.235.222.38 - - [16/Aug/2021:09:05:08 +0800] "GET /xingrg/all/function/internal_message.html?_=1629075906403&CODE_STATE=getMsg HTTP/1.1" 200 27
222.70.178.182 - - [16/Aug/2021:09:05:08 +0800] "POST /xingrg/dwr/call/plaincall/AjaxCheckService.setItemNumber.dwr HTTP/1.1" 200 78
116.232.48.13 - - [16/Aug/2021:09:05:08 +0800] "GET /xingrg/all/function/internal_message.html?_=1629075906939&CODE_STATE=getMsg HTTP/1.1" 200 27
222.70.178.182 - - [16/Aug/2021:09:05:09 +0800] "POST /xingrg/dwr/call/plaincall/AjaxCheckService.setItemNumber.dwr HTTP/1.1" 200 78
116.235.222.38 - - [16/Aug/2021:09:05:10 +0800] "GET /xingrg/kc/buy/cgsh_order_operate.html?command=get_materiel&rest_code=00107&code=00101008403&supplier_code=00100006&order_time=2021-08-16 HTTP/1.1" 200 412
116.238.194.18 - - [16/Aug/2021:09:05:10 +0800] "GET /xingrg/kc/buy/cgsh_order_operate.html?command=get_materiel&rest_code=00151&code=00101015038&supplier_code=00100007&order_time=2021-08-16 HTTP/1.1" 200 419
222.70.178.182 - - [16/Aug/2021:09:05:10 +0800] "POST /xingrg/dwr/call/plaincall/AjaxCheckService.setItemNumber.dwr HTTP/1.1" 200 78
58.37.4.159 - - [16/Aug/2021:09:05:16 +0800] "GET /xingrg/all/function/internal_message.html?_=1629075918091&CODE_STATE=getMsg HTTP/1.1" 200 27
222.70.178.182 - - [16/Aug/2021:09:05:18 +0800] "POST /xingrg/dwr/call/plaincall/AjaxCheckService.setItemNumber.dwr HTTP/1.1" 200 78
116.238.194.18 - - [16/Aug/2021:09:05:19 +0800] "POST /xingrg/all/user/operate.html HTTP/1.1" 200 36
180.169.147.146 - - [16/Aug/2021:09:05:19 +0800] "GET /xingrg/all/function/internal_message.html?_=1629075917542&CODE_STATE=getMsg HTTP/1.1" 200 27
116.235.222.38 - - [16/Aug/2021:09:05:19 +0800] "GET /xingrg/kc/buy/cgsh_order_operate.html?command=get_materiel&rest_code=00107&code=00101008003&supplier_code=00100006&order_time=2021-08-16 HTTP/1.1" 200 408
116.238.194.18 - - [16/Aug/2021:09:05:20 +0800] "GET /xingrg/javascript/jquery_easy_ui/themes/default/easyui.css HTTP/1.1" 304 -
116.238.194.18 - - [16/Aug/2021:09:05:20 +0800] "GET /xingrg/index.html?sysBaseUrl=http%3A%2F%2F180.169.147.146%3A18081%2Fxingrg%2F&costTime=2336×tamp=1629075232992 HTTP/1.1" 200 17177
116.238.194.18 - - [16/Aug/2021:09:05:20 +0800] "GET /xingrg/javascript/jquery_easy_ui/themes/icon.css HTTP/1.1" 304 -
116.238.194.18 - - [16/Aug/2021:09:05:20 +0800] "GET /xingrg/css/form.css HTTP/1.1" 304 -
116.238.194.18 - - [16/Aug/2021:09:05:20 +0800] "GET /xingrg/javascript/jquery-1.4.2.min.js HTTP/1.1" 304 -
116.238.194.18 - - [16/Aug/2021:09:05:20 +0800] "GET /xingrg/javascript/jquery_easy_ui/jquery.easyui.min.js HTTP/1.1" 304 -
116.238.194.18 - - [16/Aug/2021:09:05:20 +0800] "GET /xingrg/javascript/jquery_easy_ui/easyui-lang-zh_CN.js HTTP/1.1" 304 -
116.238.194.18 - - [16/Aug/2021:09:05:20 +0800] "GET /xingrg/javascript/jquery.form.js HTTP/1.1" 304 -
116.238.194.18 - - [16/Aug/2021:09:05:20 +0800] "GET /xingrg/javascript/jquery.utils.js HTTP/1.1" 304 -
116.238.194.18 - - [16/Aug/2021:09:05:20 +0800] "GET /xingrg/javascript/jquery.timers.js HTTP/1.1" 304 -
116.238.194.18 - - [16/Aug/2021:09:05:20 +0800] "GET /xingrg/images/blue/jxLogo.png HTTP/1.1" 304 -
116.238.194.18 - - [16/Aug/2021:09:05:20 +0800] "GET /xingrg/images/blue/navBackgound.jpg HTTP/1.1" 304 -
116.238.194.18 - - [16/Aug/2021:09:05:20 +0800] "GET /xingrg/javascript/jquery_easy_ui/themes/icons/settle_new.png HTTP/1.1" 304 -
116.238.194.18 - - [16/Aug/2021:09:05:20 +0800] "GET /xingrg/images/blue/pingpu.png HTTP/1.1" 304 -
116.238.194.18 - - [16/Aug/2021:09:05:20 +0800] "GET /xingrg/javascript/jquery_easy_ui/themes/default/images/tabs_rightarrow.png HTTP/1.1" 304 -
116.238.194.18 - - [16/Aug/2021:09:05:20 +0800] "GET /xingrg/javascript/jquery_easy_ui/themes/default/images/tabs_leftarrow.png HTTP/1.1" 304 -
116.238.194.18 - - [16/Aug/2021:09:05:20 +0800] "GET /xingrg/javascript/jquery_easy_ui/themes/default/images/panel_tool_collapse.gif HTTP/1.1" 304 -
116.238.194.18 - - [16/Aug/2021:09:05:20 +0800] "GET /xingrg/check_reg.html?_=1629075860897 HTTP/1.1" 200 22
116.238.194.18 - - [16/Aug/2021:09:05:20 +0800] "GET /xingrg/all/function/internal_message.html?_=1629075860896&CODE_STATE=count HTTP/1.1" 200 11
116.238.194.18 - - [16/Aug/2021:09:05:20 +0800] "POST /xingrg/all/common/load_tree.html?tree=area_rest_tree_json&manage=1 HTTP/1.1" 200 476
116.238.194.18 - - [16/Aug/2021:09:05:20 +0800] "POST /xingrg/load_menu.html HTTP/1.1" 200 5138
116.238.194.18 - - [16/Aug/2021:09:05:26 +0800] "GET /xingrg/kc/buy/cgsh_order_list.html HTTP/1.1" 200 47409
116.238.194.18 - - [16/Aug/2021:09:05:29 +0800] "POST /xingrg/kc/buy/cgsh_list_operate.html HTTP/1.1" 200 1688
58.40.7.146 - - [16/Aug/2021:09:05:32 +0800] "GET /xingrg/all/function/internal_message.html?_=1629075930486&CODE_STATE=getMsg HTTP/1.1" 200 27
116.238.194.18 - - [16/Aug/2021:09:05:34 +0800] "GET /xingrg/kc/buy/cgsh_order_add.html HTTP/1.1" 200 62797
116.238.194.18 - - [16/Aug/2021:09:05:34 +0800] "POST /xingrg/kc/buy/cgsh_order_operate.html HTTP/1.1" 200 8245
116.238.194.18 - - [16/Aug/2021:09:05:34 +0800] "GET /xingrg/all/common/auto_word.html?type=employee&rest_code=00151 HTTP/1.1" 200 293
116.238.194.18 - - [16/Aug/2021:09:05:34 +0800] "GET /xingrg/javascript/easyui/themes/default/validatebox.css HTTP/1.1" 404 1104
116.238.194.18 - - [16/Aug/2021:09:05:34 +0800] "GET /xingrg/all/common/auto_word.html?type=employee&rest_code=00151 HTTP/1.1" 200 293
222.70.178.182 - - [16/Aug/2021:09:05:35 +0800] "GET /xingrg/all/function/internal_message.html?_=1629075932208&CODE_STATE=getMsg HTTP/1.1" 200 27
124.79.246.142 - - [16/Aug/2021:09:05:36 +0800] "GET /xingrg/all/function/internal_message.html?_=1629076032767&CODE_STATE=getMsg HTTP/1.1" 200 27
116.238.194.18 - - [16/Aug/2021:09:05:37 +0800] "GET /xingrg/javascript/auto/indicator.gif HTTP/1.1" 404 1066
222.70.178.182 - - [16/Aug/2021:09:05:43 +0800] "GET /xingrg/kc/base/check_order_list.html?isBack=1 HTTP/1.1" 200 16302
222.70.178.182 - - [16/Aug/2021:09:05:43 +0800] "POST /xingrg/kc/base/check_list_operate.html HTTP/1.1" 200 3522
116.235.222.38 - - [16/Aug/2021:09:05:45 +0800] "GET /xingrg/kc/buy/cgsh_order_operate.html?command=get_materiel&rest_code=00107&code=00101008067&supplier_code=00100006&order_time=2021-08-16 HTTP/1.1" 200 416
116.238.194.18 - - [16/Aug/2021:09:05:46 +0800] "GET /xingrg/kc/buy/cgsh_order_operate.html?command=get_materiel&rest_code=00151&code=00101012029&supplier_code=00100096&order_time=2021-08-16 HTTP/1.1" 200 412
116.238.194.18 - - [16/Aug/2021:09:05:46 +0800] "GET /xingrg/kc/buy/cgsh_order_operate.html?command=get_materiel&rest_code=00151&code=00101008148&supplier_code=00100007&order_time=2021-08-16 HTTP/1.1" 200 416
222.70.178.182 - - [16/Aug/2021:09:05:46 +0800] "GET /xingrg/kc/base/check_order_info.html?code=452021081500147 HTTP/1.1" 200 26404
222.70.178.182 - - [16/Aug/2021:09:05:46 +0800] "GET /xingrg/dwr/interface/AjaxComOrderService.js HTTP/1.1" 200 18264
222.70.178.182 - - [16/Aug/2021:09:05:46 +0800] "GET /xingrg/dwr/interface/AjaxCheckService.js HTTP/1.1" 200 14003
222.70.178.182 - - [16/Aug/2021:09:05:46 +0800] "GET /xingrg/dwr/engine.js HTTP/1.1" 200 43631
222.70.178.182 - - [16/Aug/2021:09:05:47 +0800] "POST /xingrg/dwr/call/plaincall/AjaxCheckService.loadOrderItems.dwr HTTP/1.1" 200 9840
116.235.222.38 - - [16/Aug/2021:09:05:52 +0800] "POST /xingrg/kc/buy/cgsh_order_operate.html HTTP/1.1" 200 2065
101.83.145.79 - - [16/Aug/2021:09:05:52 +0800] "GET /xingrg/all/function/internal_message.html?_=1629075952228&CODE_STATE=getMsg HTTP/1.1" 200 27
222.70.178.182 - - [16/Aug/2021:09:05:55 +0800] "POST /xingrg/dwr/call/plaincall/AjaxCheckService.setItemNumber.dwr HTTP/1.1" 200 76
222.70.178.182 - - [16/Aug/2021:09:05:58 +0800] "POST /xingrg/dwr/call/plaincall/AjaxCheckService.setItemNumber.dwr HTTP/1.1" 200 76
222.70.178.182 - - [16/Aug/2021:09:05:59 +0800] "POST /xingrg/dwr/call/plaincall/AjaxCheckService.setItemNumber.dwr HTTP/1.1" 200 76
116.235.222.38 - - [16/Aug/2021:09:06:00 +0800] "GET /xingrg/kc/buy/cgsh_order_operate.html?command=get_materiel&rest_code=00107&code=00101008356&supplier_code=00100006&order_time=2021-08-16 HTTP/1.1" 200 409
222.70.178.182 - - [16/Aug/2021:09:06:00 +0800] "POST /xingrg/dwr/call/plaincall/AjaxCheckService.setItemNumber.dwr HTTP/1.1" 200 76
222.70.246.151 - - [16/Aug/2021:09:06:00 +0800] "GET /xingrg/all/function/internal_message.html?_=1629075960494&CODE_STATE=getMsg HTTP/1.1" 200 27
222.70.178.182 - - [16/Aug/2021:09:06:01 +0800] "POST /xingrg/dwr/call/plaincall/AjaxCheckService.setItemNumber.dwr HTTP/1.1" 200 76
222.70.178.182 - - [16/Aug/2021:09:06:02 +0800] "POST /xingrg/dwr/call/plaincall/AjaxCheckService.setItemNumber.dwr HTTP/1.1" 200 76
222.70.178.182 - - [16/Aug/2021:09:06:03 +0800] "POST /xingrg/dwr/call/plaincall/AjaxCheckService.setItemNumber.dwr HTTP/1.1" 200 76
222.70.178.182 - - [16/Aug/2021:09:06:05 +0800] "POST /xingrg/dwr/call/plaincall/AjaxCheckService.setItemNumber.dwr HTTP/1.1" 200 76
116.238.194.18 - - [16/Aug/2021:09:06:06 +0800] "GET /xingrg/all/function/internal_message.html?_=1629075963974&CODE_STATE=getMsg HTTP/1.1" 200 27
222.70.178.182 - - [16/Aug/2021:09:06:07 +0800] "POST /xingrg/dwr/call/plaincall/AjaxCheckService.setItemNumber.dwr HTTP/1.1" 200 76
116.230.105.26 - - [16/Aug/2021:09:06:08 +0800] "GET /xingrg/all/function/internal_message.html?_=1629075952942&CODE_STATE=getMsg HTTP/1.1" 200 27
116.235.222.38 - - [16/Aug/2021:09:06:08 +0800] "GET /xingrg/all/function/internal_message.html?_=1629075966382&CODE_STATE=getMsg HTTP/1.1" 200 27
222.70.178.182 - - [16/Aug/2021:09:06:08 +0800] "POST /xingrg/dwr/call/plaincall/AjaxCheckService.setItemNumber.dwr HTTP/1.1" 200 77
116.232.48.13 - - [16/Aug/2021:09:06:08 +0800] "GET /xingrg/all/function/internal_message.html?_=1629075966940&CODE_STATE=getMsg HTTP/1.1" 200 27
222.70.178.182 - - [16/Aug/2021:09:06:09 +0800] "POST /xingrg/dwr/call/plaincall/AjaxCheckService.setItemNumber.dwr HTTP/1.1" 200 77
222.70.178.182 - - [16/Aug/2021:09:06:11 +0800] "POST /xingrg/dwr/call/plaincall/AjaxCheckService.setItemNumber.dwr HTTP/1.1" 200 77
222.70.178.182 - - [16/Aug/2021:09:06:12 +0800] "POST /xingrg/dwr/call/plaincall/AjaxCheckService.setItemNumber.dwr HTTP/1.1" 200 77
116.238.194.18 - - [16/Aug/2021:09:06:12 +0800] "POST /xingrg/kc/buy/cgsh_order_operate.html HTTP/1.1" 200 37
116.235.222.38 - - [16/Aug/2021:09:06:14 +0800] "GET /xingrg/kc/buy/cgsh_order_operate.html?command=get_materiel&rest_code=00107&code=00101008300&supplier_code=00100006&order_time=2021-08-16 HTTP/1.1" 200 412
116.238.194.18 - - [16/Aug/2021:09:06:14 +0800] "POST /xingrg/kc/buy/cgsh_order_operate.html HTTP/1.1" 200 18786
222.70.178.182 - - [16/Aug/2021:09:06:15 +0800] "POST /xingrg/dwr/call/plaincall/AjaxCheckService.setItemNumber.dwr HTTP/1.1" 200 77
58.37.4.159 - - [16/Aug/2021:09:06:16 +0800] "GET /xingrg/all/function/internal_message.html?_=1629075978075&CODE_STATE=getMsg HTTP/1.1" 200 27
222.70.178.182 - - [16/Aug/2021:09:06:18 +0800] "POST /xingrg/dwr/call/plaincall/AjaxCheckService.setItemNumber.dwr HTTP/1.1" 200 77
180.169.147.146 - - [16/Aug/2021:09:06:19 +0800] "GET /xingrg/all/function/internal_message.html?_=1629075977543&CODE_STATE=getMsg HTTP/1.1" 200 27
116.238.194.18 - - [16/Aug/2021:09:06:20 +0800] "GET /xingrg/all/function/internal_message.html?_=1629075920913&CODE_STATE=getMsg HTTP/1.1" 200 27
222.70.178.182 - - [16/Aug/2021:09:06:26 +0800] "POST /xingrg/dwr/call/plaincall/AjaxCheckService.setItemNumber.dwr HTTP/1.1" 200 77
116.235.222.38 - - [16/Aug/2021:09:06:31 +0800] "GET /xingrg/kc/buy/cgsh_order_operate.html?command=get_materiel&rest_code=00107&code=00101008137&supplier_code=00100006&order_time=2021-08-16 HTTP/1.1" 200 408
58.40.7.146 - - [16/Aug/2021:09:06:32 +0800] "GET /xingrg/all/function/internal_message.html?_=1629075990488&CODE_STATE=getMsg HTTP/1.1" 200 27
222.70.178.182 - - [16/Aug/2021:09:06:35 +0800] "GET /xingrg/all/function/internal_message.html?_=1629075992202&CODE_STATE=getMsg HTTP/1.1" 200 27
124.79.246.142 - - [16/Aug/2021:09:06:36 +0800] "GET /xingrg/all/function/internal_message.html?_=1629076092765&CODE_STATE=getMsg HTTP/1.1" 200 27
116.238.194.18 - - [16/Aug/2021:09:06:45 +0800] "GET /xingrg/kc/buy/cgsh_order_operate.html?command=get_materiel&rest_code=00151&code=00101007049&supplier_code=00100096&order_time=2021-08-16 HTTP/1.1" 200 409
116.235.222.38 - - [16/Aug/2021:09:06:46 +0800] "GET /xingrg/kc/buy/cgsh_order_operate.html?command=get_materiel&rest_code=00107&code=00101008270&supplier_code=00100006&order_time=2021-08-16 HTTP/1.1" 200 412
116.238.194.18 - - [16/Aug/2021:09:06:48 +0800] "POST /xingrg/all/user/operate.html HTTP/1.1" 200 36
116.238.194.18 - - [16/Aug/2021:09:06:49 +0800] "GET /xingrg/index.html?sysBaseUrl=http%3A%2F%2F180.169.147.146%3A18081%2Fxingrg%2F&costTime=2268×tamp=1629017842911 HTTP/1.1" 200 17179
116.238.194.18 - - [16/Aug/2021:09:06:49 +0800] "GET /xingrg/javascript/jquery_easy_ui/themes/default/easyui.css HTTP/1.1" 304 -
116.238.194.18 - - [16/Aug/2021:09:06:49 +0800] "GET /xingrg/javascript/jquery_easy_ui/themes/icon.css HTTP/1.1" 304 -
116.238.194.18 - - [16/Aug/2021:09:06:49 +0800] "GET /xingrg/css/form.css HTTP/1.1" 304 -
116.238.194.18 - - [16/Aug/2021:09:06:49 +0800] "GET /xingrg/javascript/jquery-1.4.2.min.js HTTP/1.1" 304 -
116.238.194.18 - - [16/Aug/2021:09:06:49 +0800] "GET /xingrg/javascript/jquery_easy_ui/jquery.easyui.min.js HTTP/1.1" 304 -
116.238.194.18 - - [16/Aug/2021:09:06:49 +0800] "GET /xingrg/javascript/jquery_easy_ui/easyui-lang-zh_CN.js HTTP/1.1" 304 -
116.238.194.18 - - [16/Aug/2021:09:06:49 +0800] "GET /xingrg/javascript/jquery.form.js HTTP/1.1" 304 -
116.238.194.18 - - [16/Aug/2021:09:06:49 +0800] "GET /xingrg/javascript/jquery.utils.js HTTP/1.1" 304 -
116.238.194.18 - - [16/Aug/2021:09:06:49 +0800] "GET /xingrg/javascript/jquery.timers.js HTTP/1.1" 304 -
116.238.194.18 - - [16/Aug/2021:09:06:49 +0800] "GET /xingrg/images/blue/jxLogo.png HTTP/1.1" 304 -
116.238.194.18 - - [16/Aug/2021:09:06:49 +0800] "GET /xingrg/images/blue/navBackgound.jpg HTTP/1.1" 304 -
116.238.194.18 - - [16/Aug/2021:09:06:49 +0800] "GET /xingrg/javascript/jquery_easy_ui/themes/icons/settle_new.png HTTP/1.1" 304 -
116.238.194.18 - - [16/Aug/2021:09:06:49 +0800] "GET /xingrg/all/function/internal_message.html?_=1629076007096&CODE_STATE=count HTTP/1.1" 200 11
116.238.194.18 - - [16/Aug/2021:09:06:49 +0800] "GET /xingrg/check_reg.html?_=1629076007098 HTTP/1.1" 200 22
116.238.194.18 - - [16/Aug/2021:09:06:49 +0800] "GET /xingrg/images/blue/pingpu.png HTTP/1.1" 304 -
116.238.194.18 - - [16/Aug/2021:09:06:49 +0800] "GET /xingrg/javascript/jquery_easy_ui/themes/default/images/tabs_leftarrow.png HTTP/1.1" 304 -
116.238.194.18 - - [16/Aug/2021:09:06:49 +0800] "GET /xingrg/javascript/jquery_easy_ui/themes/default/images/panel_tool_collapse.gif HTTP/1.1" 304 -
116.238.194.18 - - [16/Aug/2021:09:06:49 +0800] "GET /xingrg/javascript/jquery_easy_ui/themes/default/images/tabs_rightarrow.png HTTP/1.1" 304 -
116.238.194.18 - - [16/Aug/2021:09:06:49 +0800] "POST /xingrg/all/common/load_tree.html?tree=area_rest_tree_json&manage=1 HTTP/1.1" 200 476
116.238.194.18 - - [16/Aug/2021:09:06:49 +0800] "POST /xingrg/load_menu.html HTTP/1.1" 200 5138
101.83.145.79 - - [16/Aug/2021:09:06:51 +0800] "GET /xingrg/all/function/internal_message.html?_=1629076012041&CODE_STATE=getMsg HTTP/1.1" 200 27
101.83.145.79 - - [16/Aug/2021:09:06:52 +0800] "GET /xingrg/check_reg.html?_=1629076012197 HTTP/1.1" 200 22
116.238.194.18 - - [16/Aug/2021:09:06:52 +0800] "GET /xingrg/kc/base/wldb_order_list.html HTTP/1.1" 200 19189
116.238.194.18 - - [16/Aug/2021:09:06:53 +0800] "POST /xingrg/kc/base/wldb_list_operate.html HTTP/1.1" 200 928
116.238.194.18 - - [16/Aug/2021:09:06:54 +0800] "GET /xingrg/kc/base/wldb_order_add.html HTTP/1.1" 200 30403
116.238.194.18 - - [16/Aug/2021:09:06:54 +0800] "POST /xingrg/kc/base/wldb_order_operate.html HTTP/1.1" 200 6806
116.238.194.18 - - [16/Aug/2021:09:06:54 +0800] "GET /xingrg/all/common/auto_word.html?type=base&rest_code=00150 HTTP/1.1" 200 1653
116.238.194.18 - - [16/Aug/2021:09:06:54 +0800] "GET /xingrg/all/common/auto_word.html?type=base&rest_code=00150 HTTP/1.1" 200 1653
116.238.194.18 - - [16/Aug/2021:09:06:54 +0800] "GET /xingrg/javascript/easyui/themes/default/validatebox.css HTTP/1.1" 404 1104
222.70.178.182 - - [16/Aug/2021:09:06:55 +0800] "GET /xingrg/kc/base/check_order_list.html?isBack=1 HTTP/1.1" 200 16302
222.70.178.182 - - [16/Aug/2021:09:06:55 +0800] "POST /xingrg/kc/base/check_list_operate.html HTTP/1.1" 200 3522
116.238.194.18 - - [16/Aug/2021:09:06:57 +0800] "GET /xingrg/javascript/auto/indicator.gif HTTP/1.1" 404 1066
222.70.178.182 - - [16/Aug/2021:09:06:59 +0800] "GET /xingrg/kc/base/check_order_info.html?code=452021081500148 HTTP/1.1" 200 26404
222.70.178.182 - - [16/Aug/2021:09:06:59 +0800] "GET /xingrg/dwr/interface/AjaxComOrderService.js HTTP/1.1" 200 18264
222.70.178.182 - - [16/Aug/2021:09:06:59 +0800] "GET /xingrg/dwr/interface/AjaxCheckService.js HTTP/1.1" 200 14003
222.70.178.182 - - [16/Aug/2021:09:06:59 +0800] "GET /xingrg/dwr/engine.js HTTP/1.1" 200 43631
222.70.178.182 - - [16/Aug/2021:09:06:59 +0800] "POST /xingrg/dwr/call/plaincall/AjaxCheckService.loadOrderItems.dwr HTTP/1.1" 200 30142
116.238.194.18 - - [16/Aug/2021:09:06:59 +0800] "GET /xingrg/kc/buy/cgsh_order_operate.html?command=get_materiel&rest_code=00151&code=00101008083&supplier_code=00100096&order_time=2021-08-16 HTTP/1.1" 200 427
222.70.246.151 - - [16/Aug/2021:09:07:00 +0800] "GET /xingrg/all/function/internal_message.html?_=1629076020501&CODE_STATE=getMsg HTTP/1.1" 200 27
116.235.222.38 - - [16/Aug/2021:09:07:01 +0800] "POST /xingrg/kc/buy/cgsh_order_operate.html HTTP/1.1" 200 2065
116.238.194.18 - - [16/Aug/2021:09:07:01 +0800] "POST /xingrg/all/common/load_select.html HTTP/1.1" 200 25
222.70.178.182 - - [16/Aug/2021:09:07:03 +0800] "POST /xingrg/dwr/call/plaincall/AjaxCheckService.setItemNumber.dwr HTTP/1.1" 200 76
116.235.222.38 - - [16/Aug/2021:09:07:04 +0800] "GET /xingrg/check_reg.html?_=1629076022347 HTTP/1.1" 200 22
116.238.194.18 - - [16/Aug/2021:09:07:05 +0800] "GET /xingrg/kc/buy/cgsh_order_operate.html?command=get_materiel_price&rest_code=00151&code=00101008083&unit_code=00100026&supplier_code=00100096&order_time=2021-08-16 HTTP/1.1" 200 27
222.70.178.182 - - [16/Aug/2021:09:07:05 +0800] "POST /xingrg/dwr/call/plaincall/AjaxCheckService.setItemNumber.dwr HTTP/1.1" 200 76
222.70.178.182 - - [16/Aug/2021:09:07:06 +0800] "POST /xingrg/dwr/call/plaincall/AjaxCheckService.setItemNumber.dwr HTTP/1.1" 200 76
222.70.178.182 - - [16/Aug/2021:09:07:07 +0800] "POST /xingrg/dwr/call/plaincall/AjaxCheckService.setItemNumber.dwr HTTP/1.1" 200 76
116.230.105.26 - - [16/Aug/2021:09:07:08 +0800] "GET /xingrg/all/function/internal_message.html?_=1629076012942&CODE_STATE=getMsg HTTP/1.1" 200 27
116.235.222.38 - - [16/Aug/2021:09:07:08 +0800] "GET /xingrg/all/function/internal_message.html?_=1629076026565&CODE_STATE=getMsg HTTP/1.1" 200 27
116.232.48.13 - - [16/Aug/2021:09:07:08 +0800] "GET /xingrg/all/function/internal_message.html?_=1629076026937&CODE_STATE=getMsg HTTP/1.1" 200 27
116.232.48.13 - - [16/Aug/2021:09:07:08 +0800] "GET /xingrg/check_reg.html?_=1629076026940 HTTP/1.1" 200 22
116.238.194.18 - - [16/Aug/2021:09:07:08 +0800] "GET /xingrg/kc/base/wldb_order_operate.html?command=get_materiel&rest_code=00150&base_code=0010445&code=00101019313 HTTP/1.1" 200 443
222.70.178.182 - - [16/Aug/2021:09:07:09 +0800] "POST /xingrg/dwr/call/plaincall/AjaxCheckService.setItemNumber.dwr HTTP/1.1" 200 76
222.70.178.182 - - [16/Aug/2021:09:07:10 +0800] "POST /xingrg/dwr/call/plaincall/AjaxCheckService.setItemNumber.dwr HTTP/1.1" 200 76
222.70.178.182 - - [16/Aug/2021:09:07:12 +0800] "POST /xingrg/dwr/call/plaincall/AjaxCheckService.setItemNumber.dwr HTTP/1.1" 200 76
222.70.178.182 - - [16/Aug/2021:09:07:14 +0800] "POST /xingrg/dwr/call/plaincall/AjaxCheckService.setItemNumber.dwr HTTP/1.1" 200 76
222.70.178.182 - - [16/Aug/2021:09:07:14 +0800] "POST /xingrg/dwr/call/plaincall/AjaxCheckService.setItemNumber.dwr HTTP/1.1" 200 76
222.70.178.182 - - [16/Aug/2021:09:07:16 +0800] "POST /xingrg/dwr/call/plaincall/AjaxCheckService.setItemNumber.dwr HTTP/1.1" 200 77
58.37.4.159 - - [16/Aug/2021:09:07:16 +0800] "GET /xingrg/all/function/internal_message.html?_=1629076038061&CODE_STATE=getMsg HTTP/1.1" 200 27
222.70.178.182 - - [16/Aug/2021:09:07:17 +0800] "POST /xingrg/dwr/call/plaincall/AjaxCheckService.setItemNumber.dwr HTTP/1.1" 200 77
116.235.222.38 - - [16/Aug/2021:09:07:17 +0800] "GET /xingrg/kc/buy/cgsh_order_operate.html?command=get_materiel&rest_code=00107&code=00101008036&supplier_code=00100006&order_time=2021-08-16 HTTP/1.1" 200 410
222.70.178.182 - - [16/Aug/2021:09:07:18 +0800] "POST /xingrg/dwr/call/plaincall/AjaxCheckService.setItemNumber.dwr HTTP/1.1" 200 77
116.238.194.18 - - [16/Aug/2021:09:07:19 +0800] "GET /xingrg/kc/base/wldb_order_operate.html?command=get_materiel&rest_code=00150&base_code=0010445&code=00101019202 HTTP/1.1" 200 449
180.169.147.146 - - [16/Aug/2021:09:07:19 +0800] "GET /xingrg/all/function/internal_message.html?_=1629076037525&CODE_STATE=getMsg HTTP/1.1" 200 27
222.70.178.182 - - [16/Aug/2021:09:07:19 +0800] "POST /xingrg/dwr/call/plaincall/AjaxCheckService.setItemNumber.dwr HTTP/1.1" 200 77
116.238.194.18 - - [16/Aug/2021:09:07:20 +0800] "GET /xingrg/all/function/internal_message.html?_=1629075980926&CODE_STATE=getMsg HTTP/1.1" 200 27
222.70.178.182 - - [16/Aug/2021:09:07:21 +0800] "POST /xingrg/dwr/call/plaincall/AjaxCheckService.setItemNumber.dwr HTTP/1.1" 200 77
222.70.246.151 - - [16/Aug/2021:09:07:25 +0800] "GET /xingrg/check_reg.html?_=1629076045204 HTTP/1.1" 302 -
222.70.178.182 - - [16/Aug/2021:09:07:30 +0800] "POST /xingrg/dwr/call/plaincall/AjaxCheckService.setItemNumber.dwr HTTP/1.1" 200 77
222.70.178.182 - - [16/Aug/2021:09:07:31 +0800] "POST /xingrg/dwr/call/plaincall/AjaxCheckService.setItemNumber.dwr HTTP/1.1" 200 77
58.40.7.146 - - [16/Aug/2021:09:07:32 +0800] "GET /xingrg/all/function/internal_message.html?_=1629076050490&CODE_STATE=getMsg HTTP/1.1" 200 27
222.70.178.182 - - [16/Aug/2021:09:07:33 +0800] "POST /xingrg/dwr/call/plaincall/AjaxCheckService.setItemNumber.dwr HTTP/1.1" 200 77
222.70.178.182 - - [16/Aug/2021:09:07:34 +0800] "POST /xingrg/dwr/call/plaincall/AjaxCheckService.setItemNumber.dwr HTTP/1.1" 200 77
222.70.178.182 - - [16/Aug/2021:09:07:34 +0800] "GET /xingrg/all/function/internal_message.html?_=1629076052183&CODE_STATE=getMsg HTTP/1.1" 200 27
222.70.178.182 - - [16/Aug/2021:09:07:35 +0800] "POST /xingrg/dwr/call/plaincall/AjaxCheckService.setItemNumber.dwr HTTP/1.1" 200 77
180.169.147.146 - - [16/Aug/2021:09:07:36 +0800] "GET /xingrg/check_reg.html?_=1629076053892 HTTP/1.1" 200 22
222.70.178.182 - - [16/Aug/2021:09:07:36 +0800] "POST /xingrg/dwr/call/plaincall/AjaxCheckService.setItemNumber.dwr HTTP/1.1" 200 77
124.79.246.142 - - [16/Aug/2021:09:07:36 +0800] "GET /xingrg/all/function/internal_message.html?_=1629076152762&CODE_STATE=getMsg HTTP/1.1" 200 27
222.70.178.182 - - [16/Aug/2021:09:07:38 +0800] "POST /xingrg/dwr/call/plaincall/AjaxCheckService.setItemNumber.dwr HTTP/1.1" 200 77
222.70.178.182 - - [16/Aug/2021:09:07:40 +0800] "POST /xingrg/dwr/call/plaincall/AjaxCheckService.setItemNumber.dwr HTTP/1.1" 200 77
116.235.222.38 - - [16/Aug/2021:09:07:41 +0800] "GET /xingrg/kc/buy/cgsh_order_operate.html?command=get_materiel&rest_code=00107&code=00101008296&supplier_code=00100006&order_time=2021-08-16 HTTP/1.1" 200 416
222.70.178.182 - - [16/Aug/2021:09:07:41 +0800] "POST /xingrg/dwr/call/plaincall/AjaxCheckService.setItemNumber.dwr HTTP/1.1" 200 77
222.70.178.182 - - [16/Aug/2021:09:07:43 +0800] "POST /xingrg/dwr/call/plaincall/AjaxCheckService.setItemNumber.dwr HTTP/1.1" 200 77
222.70.178.182 - - [16/Aug/2021:09:07:45 +0800] "POST /xingrg/dwr/call/plaincall/AjaxCheckService.setItemNumber.dwr HTTP/1.1" 200 77
222.70.178.182 - - [16/Aug/2021:09:07:45 +0800] "POST /xingrg/dwr/call/plaincall/AjaxCheckService.setItemNumber.dwr HTTP/1.1" 200 77
116.238.194.18 - - [16/Aug/2021:09:07:45 +0800] "POST /xingrg/kc/base/wldb_order_operate.html HTTP/1.1" 200 37
116.238.194.18 - - [16/Aug/2021:09:07:46 +0800] "POST /xingrg/kc/base/wldb_order_operate.html HTTP/1.1" 200 2694
222.70.178.182 - - [16/Aug/2021:09:07:48 +0800] "POST /xingrg/dwr/call/plaincall/AjaxCheckService.setItemNumber.dwr HTTP/1.1" 200 77
222.70.178.182 - - [16/Aug/2021:09:07:49 +0800] "POST /xingrg/dwr/call/plaincall/AjaxCheckService.setItemNumber.dwr HTTP/1.1" 200 77
116.238.194.18 - - [16/Aug/2021:09:07:49 +0800] "GET /xingrg/all/function/internal_message.html?_=1629076067100&CODE_STATE=getMsg HTTP/1.1" 200 27
222.70.178.182 - - [16/Aug/2021:09:07:50 +0800] "POST /xingrg/dwr/call/plaincall/AjaxCheckService.setItemNumber.dwr HTTP/1.1" 200 77
222.70.178.182 - - [16/Aug/2021:09:07:51 +0800] "POST /xingrg/dwr/call/plaincall/AjaxCheckService.setItemNumber.dwr HTTP/1.1" 200 77
101.83.145.79 - - [16/Aug/2021:09:07:52 +0800] "GET /xingrg/all/function/internal_message.html?_=1629076072157&CODE_STATE=getMsg HTTP/1.1" 200 27
222.70.178.182 - - [16/Aug/2021:09:07:52 +0800] "POST /xingrg/dwr/call/plaincall/AjaxCheckService.setItemNumber.dwr HTTP/1.1" 200 77
116.238.194.18 - - [16/Aug/2021:09:07:53 +0800] "POST /xingrg/kc/base/wldb_order_operate.html HTTP/1.1" 200 12
222.70.178.182 - - [16/Aug/2021:09:07:54 +0800] "POST /xingrg/dwr/call/plaincall/AjaxCheckService.setItemNumber.dwr HTTP/1.1" 200 77
116.238.194.18 - - [16/Aug/2021:09:07:54 +0800] "GET /xingrg/kc/base/wldb_order_info.html?code=422021081601700 HTTP/1.1" 200 26281
116.238.194.18 - - [16/Aug/2021:09:07:55 +0800] "GET /xingrg/javascript/easyui/themes/default/validatebox.css HTTP/1.1" 404 1104
116.238.194.18 - - [16/Aug/2021:09:07:55 +0800] "POST /xingrg/kc/base/wldb_order_operate.html HTTP/1.1" 200 977
222.70.178.182 - - [16/Aug/2021:09:07:55 +0800] "POST /xingrg/dwr/call/plaincall/AjaxCheckService.setItemNumber.dwr HTTP/1.1" 200 77
116.235.222.38 - - [16/Aug/2021:09:07:55 +0800] "GET /xingrg/kc/buy/cgsh_order_operate.html?command=get_materiel&rest_code=00107&code=00101008353&supplier_code=00100006&order_time=2021-08-16 HTTP/1.1" 200 408
222.70.178.182 - - [16/Aug/2021:09:07:56 +0800] "POST /xingrg/dwr/call/plaincall/AjaxCheckService.setItemNumber.dwr HTTP/1.1" 200 77
116.238.194.18 - - [16/Aug/2021:09:07:57 +0800] "GET /xingrg/kc/base/wldb_order_add.html HTTP/1.1" 200 30403
116.238.194.18 - - [16/Aug/2021:09:07:57 +0800] "POST /xingrg/kc/base/wldb_order_operate.html HTTP/1.1" 200 6806
116.238.194.18 - - [16/Aug/2021:09:07:57 +0800] "GET /xingrg/javascript/easyui/themes/default/validatebox.css HTTP/1.1" 404 1104
222.70.178.182 - - [16/Aug/2021:09:07:57 +0800] "POST /xingrg/dwr/call/plaincall/AjaxCheckService.setItemNumber.dwr HTTP/1.1" 200 77
222.70.178.182 - - [16/Aug/2021:09:07:58 +0800] "POST /xingrg/dwr/call/plaincall/AjaxCheckService.setItemNumber.dwr HTTP/1.1" 200 77
116.235.222.38 - - [16/Aug/2021:09:07:59 +0800] "POST /xingrg/kc/buy/cgsh_order_operate.html HTTP/1.1" 200 2065
222.70.178.182 - - [16/Aug/2021:09:07:59 +0800] "POST /xingrg/dwr/call/plaincall/AjaxCheckService.setItemNumber.dwr HTTP/1.1" 200 77
222.70.246.151 - - [16/Aug/2021:09:08:01 +0800] "GET /xingrg/all/function/internal_message.html?_=1629076080528&CODE_STATE=getMsg HTTP/1.1" 200 27
116.238.194.18 - - [16/Aug/2021:09:08:01 +0800] "GET /xingrg/kc/buy/cgsh_order_operate.html?command=get_materiel&rest_code=00151&code=00101012024&supplier_code=00100096&order_time=2021-08-16 HTTP/1.1" 200 408
222.70.178.182 - - [16/Aug/2021:09:08:01 +0800] "POST /xingrg/dwr/call/plaincall/AjaxCheckService.setItemNumber.dwr HTTP/1.1" 200 77
222.70.178.182 - - [16/Aug/2021:09:08:02 +0800] "POST /xingrg/dwr/call/plaincall/AjaxCheckService.setItemNumber.dwr HTTP/1.1" 200 77
222.70.178.182 - - [16/Aug/2021:09:08:03 +0800] "POST /xingrg/dwr/call/plaincall/AjaxCheckService.setItemNumber.dwr HTTP/1.1" 200 77
222.70.178.182 - - [16/Aug/2021:09:08:05 +0800] "POST /xingrg/dwr/call/plaincall/AjaxCheckService.setItemNumber.dwr HTTP/1.1" 200 77
222.70.178.182 - - [16/Aug/2021:09:08:06 +0800] "POST /xingrg/dwr/call/plaincall/AjaxCheckService.setItemNumber.dwr HTTP/1.1" 200 77
222.70.178.182 - - [16/Aug/2021:09:08:07 +0800] "POST /xingrg/dwr/call/plaincall/AjaxCheckService.setItemNumber.dwr HTTP/1.1" 200 77
116.230.105.26 - - [16/Aug/2021:09:08:08 +0800] "GET /xingrg/all/function/internal_message.html?_=1629076072934&CODE_STATE=getMsg HTTP/1.1" 200 27
116.235.222.38 - - [16/Aug/2021:09:08:08 +0800] "GET /xingrg/all/function/internal_message.html?_=1629076086536&CODE_STATE=getMsg HTTP/1.1" 200 27
116.232.48.13 - - [16/Aug/2021:09:08:08 +0800] "GET /xingrg/all/function/internal_message.html?_=1629076086941&CODE_STATE=getMsg HTTP/1.1" 200 27
116.238.194.18 - - [16/Aug/2021:09:08:08 +0800] "GET /xingrg/kc/base/wldb_order_operate.html?command=get_materiel&rest_code=00150&base_code=0010450&code=00101004038 HTTP/1.1" 200 431
222.70.178.182 - - [16/Aug/2021:09:08:08 +0800] "POST /xingrg/dwr/call/plaincall/AjaxCheckService.setItemNumber.dwr HTTP/1.1" 200 77
222.70.178.182 - - [16/Aug/2021:09:08:10 +0800] "POST /xingrg/dwr/call/plaincall/AjaxCheckService.setItemNumber.dwr HTTP/1.1" 200 77
116.235.222.38 - - [16/Aug/2021:09:08:10 +0800] "GET /xingrg/kc/buy/cgsh_order_operate.html?command=get_materiel&rest_code=00107&code=00101008344&supplier_code=00100006&order_time=2021-08-16 HTTP/1.1" 200 412
222.70.178.182 - - [16/Aug/2021:09:08:12 +0800] "POST /xingrg/dwr/call/plaincall/AjaxCheckService.setItemNumber.dwr HTTP/1.1" 200 77
116.238.194.18 - - [16/Aug/2021:09:08:15 +0800] "GET /xingrg/kc/base/wldb_order_operate.html?command=get_materiel&rest_code=00150&base_code=0010450&code=00101001170 HTTP/1.1" 200 434
58.37.4.159 - - [16/Aug/2021:09:08:16 +0800] "GET /xingrg/all/function/internal_message.html?_=1629076098036&CODE_STATE=getMsg HTTP/1.1" 200 27
180.169.147.146 - - [16/Aug/2021:09:08:19 +0800] "GET /xingrg/all/function/internal_message.html?_=1629076097497&CODE_STATE=getMsg HTTP/1.1" 200 27
116.238.194.18 - - [16/Aug/2021:09:08:19 +0800] "GET /xingrg/kc/buy/cgsh_order_operate.html?command=get_materiel&rest_code=00151&code=00101012059&supplier_code=00100096&order_time=2021-08-16 HTTP/1.1" 200 412
116.238.194.18 - - [16/Aug/2021:09:08:20 +0800] "GET /xingrg/all/function/internal_message.html?_=1629076040939&CODE_STATE=getMsg HTTP/1.1" 200 27
222.70.178.182 - - [16/Aug/2021:09:08:24 +0800] "GET /xingrg/kc/base/check_order_list.html?isBack=1 HTTP/1.1" 200 16302
222.70.178.182 - - [16/Aug/2021:09:08:25 +0800] "POST /xingrg/kc/base/check_list_operate.html HTTP/1.1" 200 3522
222.70.178.182 - - [16/Aug/2021:09:08:27 +0800] "GET /xingrg/kc/base/check_order_info.html?code=452021081500146 HTTP/1.1" 200 26404
222.70.178.182 - - [16/Aug/2021:09:08:27 +0800] "GET /xingrg/dwr/interface/AjaxCheckService.js HTTP/1.1" 200 14003
222.70.178.182 - - [16/Aug/2021:09:08:27 +0800] "GET /xingrg/dwr/interface/AjaxComOrderService.js HTTP/1.1" 200 18264
222.70.178.182 - - [16/Aug/2021:09:08:27 +0800] "GET /xingrg/dwr/engine.js HTTP/1.1" 200 43631
222.70.178.182 - - [16/Aug/2021:09:08:28 +0800] "POST /xingrg/dwr/call/plaincall/AjaxCheckService.loadOrderItems.dwr HTTP/1.1" 200 144255
116.238.194.18 - - [16/Aug/2021:09:08:31 +0800] "GET /xingrg/kc/buy/cgsh_order_operate.html?command=get_materiel&rest_code=00151&code=00101012025&supplier_code=00100096&order_time=2021-08-16 HTTP/1.1" 200 412
58.40.7.146 - - [16/Aug/2021:09:08:32 +0800] "GET /xingrg/all/function/internal_message.html?_=1629076110492&CODE_STATE=getMsg HTTP/1.1" 200 27
222.70.178.182 - - [16/Aug/2021:09:08:34 +0800] "GET /xingrg/check_reg.html?_=1629076111979 HTTP/1.1" 200 22
222.70.178.182 - - [16/Aug/2021:09:08:34 +0800] "GET /xingrg/all/function/internal_message.html?_=1629076112169&CODE_STATE=getMsg HTTP/1.1" 200 27
116.235.222.38 - - [16/Aug/2021:09:08:36 +0800] "GET /xingrg/kc/buy/cgsh_order_operate.html?command=get_materiel&rest_code=00107&code=00101008225&supplier_code=00100006&order_time=2021-08-16 HTTP/1.1" 200 416
124.79.246.142 - - [16/Aug/2021:09:08:36 +0800] "GET /xingrg/all/function/internal_message.html?_=1629076212761&CODE_STATE=getMsg HTTP/1.1" 200 27
124.79.246.142 - - [16/Aug/2021:09:08:36 +0800] "GET /xingrg/check_reg.html?_=1629076212762 HTTP/1.1" 200 22
222.70.178.182 - - [16/Aug/2021:09:08:37 +0800] "POST /xingrg/dwr/call/plaincall/AjaxCheckService.setItemNumber.dwr HTTP/1.1" 200 76
222.70.178.182 - - [16/Aug/2021:09:08:41 +0800] "POST /xingrg/dwr/call/plaincall/AjaxCheckService.setItemNumber.dwr HTTP/1.1" 200 76
222.70.178.182 - - [16/Aug/2021:09:08:44 +0800] "POST /xingrg/dwr/call/plaincall/AjaxCheckService.setItemNumber.dwr HTTP/1.1" 200 76
222.70.178.182 - - [16/Aug/2021:09:08:45 +0800] "POST /xingrg/dwr/call/plaincall/AjaxCheckService.setItemNumber.dwr HTTP/1.1" 200 76
116.238.194.18 - - [16/Aug/2021:09:08:46 +0800] "GET /xingrg/kc/buy/cgsh_order_operate.html?command=get_materiel&rest_code=00151&code=00101006056&supplier_code=00100096&order_time=2021-08-16 HTTP/1.1" 200 413
222.70.246.151 - - [16/Aug/2021:09:08:46 +0800] "GET /xingrg/check_reg.html?_=1629076125866 HTTP/1.1" 200 22
222.70.178.182 - - [16/Aug/2021:09:08:46 +0800] "POST /xingrg/dwr/call/plaincall/AjaxCheckService.setItemNumber.dwr HTTP/1.1" 200 76
116.235.222.38 - - [16/Aug/2021:09:08:49 +0800] "GET /xingrg/kc/buy/cgsh_order_operate.html?command=get_materiel&rest_code=00107&code=00101008261&supplier_code=00100006&order_time=2021-08-16 HTTP/1.1" 200 408
222.70.178.182 - - [16/Aug/2021:09:08:49 +0800] "POST /xingrg/dwr/call/plaincall/AjaxCheckService.setItemNumber.dwr HTTP/1.1" 200 76
116.238.194.18 - - [16/Aug/2021:09:08:49 +0800] "GET /xingrg/all/function/internal_message.html?_=1629076127115&CODE_STATE=getMsg HTTP/1.1" 200 27
101.83.145.79 - - [16/Aug/2021:09:08:51 +0800] "GET /xingrg/all/function/internal_message.html?_=1629076131984&CODE_STATE=getMsg HTTP/1.1" 200 27
222.70.178.182 - - [16/Aug/2021:09:08:56 +0800] "POST /xingrg/dwr/call/plaincall/AjaxCheckService.setItemNumber.dwr HTTP/1.1" 200 76
222.70.178.182 - - [16/Aug/2021:09:08:59 +0800] "POST /xingrg/dwr/call/plaincall/AjaxCheckService.setItemNumber.dwr HTTP/1.1" 200 76
222.70.178.182 - - [16/Aug/2021:09:09:00 +0800] "POST /xingrg/dwr/call/plaincall/AjaxCheckService.setItemNumber.dwr HTTP/1.1" 200 76
222.70.246.151 - - [16/Aug/2021:09:09:01 +0800] "GET /xingrg/all/function/internal_message.html?_=1629076140544&CODE_STATE=getMsg HTTP/1.1" 200 27
222.70.178.182 - - [16/Aug/2021:09:09:01 +0800] "POST /xingrg/dwr/call/plaincall/AjaxCheckService.setItemNumber.dwr HTTP/1.1" 200 77
222.70.178.182 - - [16/Aug/2021:09:09:03 +0800] "POST /xingrg/dwr/call/plaincall/AjaxCheckService.setItemNumber.dwr HTTP/1.1" 200 77
120.253.135.82 - - [16/Aug/2021:09:09:04 +0800] "GET /xingrg/check_reg.html?_=1629075918879 HTTP/1.1" 200 22
222.70.178.182 - - [16/Aug/2021:09:09:05 +0800] "POST /xingrg/dwr/call/plaincall/AjaxCheckService.setItemNumber.dwr HTTP/1.1" 200 77
222.70.178.182 - - [16/Aug/2021:09:09:06 +0800] "POST /xingrg/dwr/call/plaincall/AjaxCheckService.setItemNumber.dwr HTTP/1.1" 200 77
116.230.105.26 - - [16/Aug/2021:09:09:08 +0800] "GET /xingrg/all/function/internal_message.html?_=1629076132946&CODE_STATE=getMsg HTTP/1.1" 200 27
116.235.222.38 - - [16/Aug/2021:09:09:08 +0800] "GET /xingrg/all/function/internal_message.html?_=1629076146529&CODE_STATE=getMsg HTTP/1.1" 200 27
101.83.145.79 - - [16/Aug/2021:09:09:08 +0800] "POST /xingrg/kc/buy/cgsh_order_operate.html HTTP/1.1" 200 37
222.70.178.182 - - [16/Aug/2021:09:09:08 +0800] "POST /xingrg/dwr/call/plaincall/AjaxCheckService.setItemNumber.dwr HTTP/1.1" 200 77
116.232.48.13 - - [16/Aug/2021:09:09:08 +0800] "GET /xingrg/all/function/internal_message.html?_=1629076146941&CODE_STATE=getMsg HTTP/1.1" 200 27
222.70.178.182 - - [16/Aug/2021:09:09:09 +0800] "POST /xingrg/dwr/call/plaincall/AjaxCheckService.setItemNumber.dwr HTTP/1.1" 200 77
222.70.178.182 - - [16/Aug/2021:09:09:11 +0800] "POST /xingrg/dwr/call/plaincall/AjaxCheckService.setItemNumber.dwr HTTP/1.1" 200 77
101.83.145.79 - - [16/Aug/2021:09:09:11 +0800] "POST /xingrg/kc/buy/cgsh_order_operate.html HTTP/1.1" 200 42867
222.70.178.182 - - [16/Aug/2021:09:09:12 +0800] "POST /xingrg/dwr/call/plaincall/AjaxCheckService.setItemNumber.dwr HTTP/1.1" 200 77
116.235.222.38 - - [16/Aug/2021:09:09:14 +0800] "GET /xingrg/kc/buy/cgsh_order_operate.html?command=get_materiel&rest_code=00107&code=00101008350&supplier_code=00100006&order_time=2021-08-16 HTTP/1.1" 200 408
222.70.178.182 - - [16/Aug/2021:09:09:15 +0800] "POST /xingrg/dwr/call/plaincall/AjaxCheckService.setItemNumber.dwr HTTP/1.1" 200 77
222.70.178.182 - - [16/Aug/2021:09:09:16 +0800] "POST /xingrg/dwr/call/plaincall/AjaxCheckService.setItemNumber.dwr HTTP/1.1" 200 77
58.37.4.159 - - [16/Aug/2021:09:09:16 +0800] "GET /xingrg/all/function/internal_message.html?_=1629076158022&CODE_STATE=getMsg HTTP/1.1" 200 27
222.70.178.182 - - [16/Aug/2021:09:09:17 +0800] "POST /xingrg/dwr/call/plaincall/AjaxCheckService.setItemNumber.dwr HTTP/1.1" 200 77
222.70.178.182 - - [16/Aug/2021:09:09:19 +0800] "POST /xingrg/dwr/call/plaincall/AjaxCheckService.setItemNumber.dwr HTTP/1.1" 200 77
180.169.147.146 - - [16/Aug/2021:09:09:19 +0800] "GET /xingrg/all/function/internal_message.html?_=1629076157468&CODE_STATE=getMsg HTTP/1.1" 200 27
116.238.194.18 - - [16/Aug/2021:09:09:20 +0800] "GET /xingrg/all/function/internal_message.html?_=1629076100971&CODE_STATE=getMsg HTTP/1.1" 200 27
222.70.178.182 - - [16/Aug/2021:09:09:21 +0800] "POST /xingrg/dwr/call/plaincall/AjaxCheckService.setItemNumber.dwr HTTP/1.1" 200 77
116.230.105.26 - - [16/Aug/2021:09:09:21 +0800] "GET /xingrg/kc/buy/cgsh_order_add.html HTTP/1.1" 200 63111
116.230.105.26 - - [16/Aug/2021:09:09:22 +0800] "GET /xingrg/javascript/easyui/themes/default/validatebox.css HTTP/1.1" 404 1104
116.230.105.26 - - [16/Aug/2021:09:09:22 +0800] "POST /xingrg/kc/buy/cgsh_order_operate.html HTTP/1.1" 200 8245
222.70.178.182 - - [16/Aug/2021:09:09:22 +0800] "POST /xingrg/dwr/call/plaincall/AjaxCheckService.setItemNumber.dwr HTTP/1.1" 200 77
222.70.178.182 - - [16/Aug/2021:09:09:24 +0800] "POST /xingrg/dwr/call/plaincall/AjaxCheckService.setItemNumber.dwr HTTP/1.1" 200 77
222.70.178.182 - - [16/Aug/2021:09:09:25 +0800] "POST /xingrg/dwr/call/plaincall/AjaxCheckService.setItemNumber.dwr HTTP/1.1" 200 77
222.70.178.182 - - [16/Aug/2021:09:09:27 +0800] "POST /xingrg/dwr/call/plaincall/AjaxCheckService.setItemNumber.dwr HTTP/1.1" 200 77
222.70.178.182 - - [16/Aug/2021:09:09:28 +0800] "POST /xingrg/dwr/call/plaincall/AjaxCheckService.setItemNumber.dwr HTTP/1.1" 200 77
222.70.178.182 - - [16/Aug/2021:09:09:29 +0800] "POST /xingrg/dwr/call/plaincall/AjaxCheckService.setItemNumber.dwr HTTP/1.1" 200 77
58.40.7.146 - - [16/Aug/2021:09:09:32 +0800] "GET /xingrg/all/function/internal_message.html?_=1629076170495&CODE_STATE=getMsg HTTP/1.1" 200 27
58.40.7.146 - - [16/Aug/2021:09:09:32 +0800] "GET /xingrg/check_reg.html?_=1629076170497 HTTP/1.1" 200 22
222.70.178.182 - - [16/Aug/2021:09:09:34 +0800] "GET /xingrg/all/function/internal_message.html?_=1629076172139&CODE_STATE=getMsg HTTP/1.1" 200 27
116.230.105.26 - - [16/Aug/2021:09:09:35 +0800] "GET /xingrg/kc/buy/cgsh_order_operate.html?command=get_materiel&rest_code=00155&code=00101006109&supplier_code=00100012&order_time=2021-08-16 HTTP/1.1" 200 409
124.79.246.142 - - [16/Aug/2021:09:09:36 +0800] "GET /xingrg/all/function/internal_message.html?_=1629076272760&CODE_STATE=getMsg HTTP/1.1" 200 27
116.235.222.38 - - [16/Aug/2021:09:09:36 +0800] "POST /xingrg/kc/buy/cgsh_order_operate.html HTTP/1.1" 200 2065
222.70.178.182 - - [16/Aug/2021:09:09:39 +0800] "POST /xingrg/dwr/call/plaincall/AjaxCheckService.setItemNumber.dwr HTTP/1.1" 200 77
222.70.178.182 - - [16/Aug/2021:09:09:41 +0800] "POST /xingrg/dwr/call/plaincall/AjaxCheckService.setItemNumber.dwr HTTP/1.1" 200 77
222.70.178.182 - - [16/Aug/2021:09:09:42 +0800] "POST /xingrg/dwr/call/plaincall/AjaxCheckService.setItemNumber.dwr HTTP/1.1" 200 77
222.69.129.115 - - [16/Aug/2021:09:09:42 +0800] "POST /xingrg/services/DataTransmitService HTTP/1.1" 200 524
222.69.129.115 - - [16/Aug/2021:09:09:43 +0800] "POST /xingrg/services/DataTransmitService HTTP/1.1" 200 1983
222.70.178.182 - - [16/Aug/2021:09:09:43 +0800] "POST /xingrg/dwr/call/plaincall/AjaxCheckService.setItemNumber.dwr HTTP/1.1" 200 77
222.69.129.115 - - [16/Aug/2021:09:09:44 +0800] "POST /xingrg/services/DataTransmitService HTTP/1.1" 200 133051
116.238.194.18 - - [16/Aug/2021:09:09:44 +0800] "GET /xingrg/kc/buy/cgsh_order_operate.html?command=get_materiel&rest_code=00151&code=00101006131&supplier_code=00100096&order_time=2021-08-16 HTTP/1.1" 200 417
222.70.178.182 - - [16/Aug/2021:09:09:45 +0800] "POST /xingrg/dwr/call/plaincall/AjaxCheckService.setItemNumber.dwr HTTP/1.1" 200 77
222.70.178.182 - - [16/Aug/2021:09:09:47 +0800] "POST /xingrg/dwr/call/plaincall/AjaxCheckService.setItemNumber.dwr HTTP/1.1" 200 77
222.70.178.182 - - [16/Aug/2021:09:09:48 +0800] "POST /xingrg/dwr/call/plaincall/AjaxCheckService.setItemNumber.dwr HTTP/1.1" 200 77
116.238.194.18 - - [16/Aug/2021:09:09:49 +0800] "GET /xingrg/all/function/internal_message.html?_=1629076187107&CODE_STATE=getMsg HTTP/1.1" 200 27
116.230.105.26 - - [16/Aug/2021:09:09:49 +0800] "GET /xingrg/kc/buy/cgsh_order_operate.html?command=get_materiel&rest_code=00155&code=00101006229&supplier_code=00100012&order_time=2021-08-16 HTTP/1.1" 200 412
222.70.178.182 - - [16/Aug/2021:09:09:49 +0800] "POST /xingrg/dwr/call/plaincall/AjaxCheckService.setItemNumber.dwr HTTP/1.1" 200 77
116.235.222.38 - - [16/Aug/2021:09:09:49 +0800] "GET /xingrg/kc/buy/cgsh_order_operate.html?command=get_materiel&rest_code=00107&code=00101008358&supplier_code=00100006&order_time=2021-08-16 HTTP/1.1" 200 412
222.70.178.182 - - [16/Aug/2021:09:09:50 +0800] "POST /xingrg/dwr/call/plaincall/AjaxCheckService.setItemNumber.dwr HTTP/1.1" 200 77
101.83.145.79 - - [16/Aug/2021:09:09:51 +0800] "GET /xingrg/all/function/internal_message.html?_=1629076191962&CODE_STATE=getMsg HTTP/1.1" 200 27
222.70.178.182 - - [16/Aug/2021:09:09:52 +0800] "POST /xingrg/dwr/call/plaincall/AjaxCheckService.setItemNumber.dwr HTTP/1.1" 200 77
58.37.4.159 - - [16/Aug/2021:09:09:53 +0800] "GET /xingrg/check_reg.html?_=1629076194835 HTTP/1.1" 200 22
222.70.178.182 - - [16/Aug/2021:09:09:53 +0800] "POST /xingrg/dwr/call/plaincall/AjaxCheckService.setItemNumber.dwr HTTP/1.1" 200 77
222.70.178.182 - - [16/Aug/2021:09:09:54 +0800] "POST /xingrg/dwr/call/plaincall/AjaxCheckService.setItemNumber.dwr HTTP/1.1" 200 77
222.70.178.182 - - [16/Aug/2021:09:09:56 +0800] "POST /xingrg/dwr/call/plaincall/AjaxCheckService.setItemNumber.dwr HTTP/1.1" 200 77
222.70.178.182 - - [16/Aug/2021:09:09:57 +0800] "POST /xingrg/dwr/call/plaincall/AjaxCheckService.setItemNumber.dwr HTTP/1.1" 200 77
222.70.178.182 - - [16/Aug/2021:09:09:58 +0800] "POST /xingrg/dwr/call/plaincall/AjaxCheckService.setItemNumber.dwr HTTP/1.1" 200 77
116.230.105.26 - - [16/Aug/2021:09:09:59 +0800] "POST /xingrg/kc/buy/cgsh_order_operate.html HTTP/1.1" 200 37
222.70.178.182 - - [16/Aug/2021:09:09:59 +0800] "POST /xingrg/dwr/call/plaincall/AjaxCheckService.setItemNumber.dwr HTTP/1.1" 200 77
116.238.194.18 - - [16/Aug/2021:09:10:00 +0800] "GET /xingrg/kc/buy/cgsh_order_operate.html?command=get_materiel&rest_code=00151&code=00101006027&supplier_code=00100096&order_time=2021-08-16 HTTP/1.1" 200 409
116.230.105.26 - - [16/Aug/2021:09:10:00 +0800] "POST /xingrg/kc/buy/cgsh_order_operate.html HTTP/1.1" 200 3260
222.70.246.151 - - [16/Aug/2021:09:10:01 +0800] "GET /xingrg/all/function/internal_message.html?_=1629076200557&CODE_STATE=getMsg HTTP/1.1" 200 27
222.70.178.182 - - [16/Aug/2021:09:10:01 +0800] "POST /xingrg/dwr/call/plaincall/AjaxCheckService.setItemNumber.dwr HTTP/1.1" 200 77
222.70.178.182 - - [16/Aug/2021:09:10:02 +0800] "POST /xingrg/dwr/call/plaincall/AjaxCheckService.setItemNumber.dwr HTTP/1.1" 200 77
222.70.178.182 - - [16/Aug/2021:09:10:04 +0800] "POST /xingrg/dwr/call/plaincall/AjaxCheckService.setItemNumber.dwr HTTP/1.1" 200 77
116.235.222.38 - - [16/Aug/2021:09:10:05 +0800] "GET /xingrg/kc/buy/cgsh_order_operate.html?command=get_materiel&rest_code=00107&code=00101008332&supplier_code=00100006&order_time=2021-08-16 HTTP/1.1" 200 412
116.230.105.26 - - [16/Aug/2021:09:10:06 +0800] "GET /xingrg/kc/print/load_data.html?order_code=212021081607069&kc_code=cgsh&condition= HTTP/1.1" 200 1009
222.70.178.182 - - [16/Aug/2021:09:10:06 +0800] "POST /xingrg/dwr/call/plaincall/AjaxCheckService.setItemNumber.dwr HTTP/1.1" 200 77
222.70.178.182 - - [16/Aug/2021:09:10:07 +0800] "POST /xingrg/dwr/call/plaincall/AjaxCheckService.setItemNumber.dwr HTTP/1.1" 200 77
116.230.105.26 - - [16/Aug/2021:09:10:08 +0800] "GET /xingrg/check_reg.html?_=1629076192974 HTTP/1.1" 200 22
116.230.105.26 - - [16/Aug/2021:09:10:08 +0800] "GET /xingrg/all/function/internal_message.html?_=1629076192976&CODE_STATE=getMsg HTTP/1.1" 200 27
116.235.222.38 - - [16/Aug/2021:09:10:08 +0800] "GET /xingrg/all/function/internal_message.html?_=1629076206483&CODE_STATE=getMsg HTTP/1.1" 200 27
116.232.48.13 - - [16/Aug/2021:09:10:08 +0800] "GET /xingrg/all/function/internal_message.html?_=1629076206940&CODE_STATE=getMsg HTTP/1.1" 200 27
222.70.178.182 - - [16/Aug/2021:09:10:09 +0800] "POST /xingrg/dwr/call/plaincall/AjaxCheckService.setItemNumber.dwr HTTP/1.1" 200 77
222.70.178.182 - - [16/Aug/2021:09:10:11 +0800] "POST /xingrg/dwr/call/plaincall/AjaxCheckService.setItemNumber.dwr HTTP/1.1" 200 77
116.230.105.26 - - [16/Aug/2021:09:10:13 +0800] "GET /xingrg/kc/print/load_data.html?order_code=212021081607069&kc_code=cgsh HTTP/1.1" 200 1009
58.37.4.159 - - [16/Aug/2021:09:10:16 +0800] "GET /xingrg/all/function/internal_message.html?_=1629076218018&CODE_STATE=getMsg HTTP/1.1" 200 27
222.69.129.115 - - [16/Aug/2021:09:10:19 +0800] "POST /xingrg/services/DataTransmitService HTTP/1.1" 200 524
116.238.194.18 - - [16/Aug/2021:09:10:19 +0800] "GET /xingrg/kc/buy/cgsh_order_operate.html?command=get_materiel&rest_code=00151&code=00101006112&supplier_code=00100096&order_time=2021-08-16 HTTP/1.1" 200 411
180.169.147.146 - - [16/Aug/2021:09:10:19 +0800] "GET /xingrg/all/function/internal_message.html?_=1629076217446&CODE_STATE=getMsg HTTP/1.1" 200 27
116.238.194.18 - - [16/Aug/2021:09:10:20 +0800] "GET /xingrg/check_reg.html?_=1629076160906 HTTP/1.1" 200 22
116.238.194.18 - - [16/Aug/2021:09:10:20 +0800] "GET /xingrg/all/function/internal_message.html?_=1629076160983&CODE_STATE=getMsg HTTP/1.1" 200 27
116.238.194.18 - - [16/Aug/2021:09:10:23 +0800] "POST /xingrg/kc/base/wldb_order_operate.html HTTP/1.1" 200 37
116.238.194.18 - - [16/Aug/2021:09:10:24 +0800] "POST /xingrg/kc/base/wldb_order_operate.html HTTP/1.1" 200 2653
222.70.178.182 - - [16/Aug/2021:09:10:24 +0800] "POST /xingrg/dwr/call/plaincall/AjaxCheckService.setItemNumber.dwr HTTP/1.1" 200 77
222.70.178.182 - - [16/Aug/2021:09:10:27 +0800] "POST /xingrg/dwr/call/plaincall/AjaxCheckService.setItemNumber.dwr HTTP/1.1" 200 77
222.70.178.182 - - [16/Aug/2021:09:10:28 +0800] "POST /xingrg/dwr/call/plaincall/AjaxCheckService.setItemNumber.dwr HTTP/1.1" 200 77
222.70.178.182 - - [16/Aug/2021:09:10:29 +0800] "POST /xingrg/dwr/call/plaincall/AjaxCheckService.setItemNumber.dwr HTTP/1.1" 200 77
222.70.178.182 - - [16/Aug/2021:09:10:30 +0800] "POST /xingrg/dwr/call/plaincall/AjaxCheckService.setItemNumber.dwr HTTP/1.1" 200 77
222.70.178.182 - - [16/Aug/2021:09:10:31 +0800] "POST /xingrg/dwr/call/plaincall/AjaxCheckService.setItemNumber.dwr HTTP/1.1" 200 77
58.40.7.146 - - [16/Aug/2021:09:10:32 +0800] "GET /xingrg/all/function/internal_message.html?_=1629076230498&CODE_STATE=getMsg HTTP/1.1" 200 27
222.70.178.182 - - [16/Aug/2021:09:10:33 +0800] "POST /xingrg/dwr/call/plaincall/AjaxCheckService.setItemNumber.dwr HTTP/1.1" 200 77
222.70.178.182 - - [16/Aug/2021:09:10:34 +0800] "POST /xingrg/dwr/call/plaincall/AjaxCheckService.setItemNumber.dwr HTTP/1.1" 200 77
116.238.194.18 - - [16/Aug/2021:09:10:34 +0800] "POST /xingrg/kc/base/wldb_order_operate.html HTTP/1.1" 200 12
222.70.178.182 - - [16/Aug/2021:09:10:34 +0800] "GET /xingrg/all/function/internal_message.html?_=1629076232121&CODE_STATE=getMsg HTTP/1.1" 200 27
222.70.178.182 - - [16/Aug/2021:09:10:36 +0800] "POST /xingrg/dwr/call/plaincall/AjaxCheckService.setItemNumber.dwr HTTP/1.1" 200 77
116.238.194.18 - - [16/Aug/2021:09:10:36 +0800] "GET /xingrg/kc/base/wldb_order_info.html?code=422021081601701 HTTP/1.1" 200 26279
124.79.246.142 - - [16/Aug/2021:09:10:36 +0800] "GET /xingrg/all/function/internal_message.html?_=1629076332758&CODE_STATE=getMsg HTTP/1.1" 200 27
116.238.194.18 - - [16/Aug/2021:09:10:36 +0800] "GET /xingrg/kc/buy/cgsh_order_operate.html?command=get_materiel&rest_code=00151&code=00101006013&supplier_code=00100096&order_time=2021-08-16 HTTP/1.1" 200 411
116.238.194.18 - - [16/Aug/2021:09:10:36 +0800] "GET /xingrg/javascript/easyui/themes/default/validatebox.css HTTP/1.1" 404 1104
222.70.178.182 - - [16/Aug/2021:09:10:37 +0800] "POST /xingrg/dwr/call/plaincall/AjaxCheckService.setItemNumber.dwr HTTP/1.1" 200 77
116.238.194.18 - - [16/Aug/2021:09:10:37 +0800] "POST /xingrg/kc/base/wldb_order_operate.html HTTP/1.1" 200 936
222.70.178.182 - - [16/Aug/2021:09:10:38 +0800] "POST /xingrg/dwr/call/plaincall/AjaxCheckService.setItemNumber.dwr HTTP/1.1" 200 77
116.238.194.18 - - [16/Aug/2021:09:10:39 +0800] "GET /xingrg/kc/base/wldb_order_add.html HTTP/1.1" 200 30403
116.238.194.18 - - [16/Aug/2021:09:10:39 +0800] "POST /xingrg/kc/base/wldb_order_operate.html HTTP/1.1" 200 6806
116.238.194.18 - - [16/Aug/2021:09:10:39 +0800] "GET /xingrg/javascript/easyui/themes/default/validatebox.css HTTP/1.1" 404 1104
222.70.178.182 - - [16/Aug/2021:09:10:39 +0800] "POST /xingrg/dwr/call/plaincall/AjaxCheckService.setItemNumber.dwr HTTP/1.1" 200 77
222.70.178.182 - - [16/Aug/2021:09:10:41 +0800] "POST /xingrg/dwr/call/plaincall/AjaxCheckService.setItemNumber.dwr HTTP/1.1" 200 77
