180.169.147.146 - - [16/Aug/2021:09:50:18 +0800] "GET /xingrg/all/function/internal_message.html?_=1629078616656&CODE_STATE=getMsg HTTP/1.1" 200 27
117.184.7.26 - - [16/Aug/2021:09:50:19 +0800] "GET /xingrg/all/function/internal_message.html?_=1629078615855&CODE_STATE=getMsg HTTP/1.1" 200 27
101.83.145.79 - - [16/Aug/2021:09:50:20 +0800] "GET /xingrg/all/function/internal_message.html?_=1629078574407&CODE_STATE=getMsg HTTP/1.1" 200 27
180.174.198.13 - - [16/Aug/2021:09:50:21 +0800] "POST /xingrg/login.do HTTP/1.1" 302 -
117.184.7.26 - - [16/Aug/2021:09:50:21 +0800] "POST /xingrg/dwr/call/plaincall/AjaxCheckService.loadOrderItems.dwr HTTP/1.1" 200 49725
222.70.178.182 - - [16/Aug/2021:09:50:21 +0800] "POST /xingrg/kc/base/check_list_operate.html HTTP/1.1" 200 3522
180.174.198.13 - - [16/Aug/2021:09:50:21 +0800] "GET /xingrg/index.html?sysBaseUrl=http%3A%2F%2F180.169.147.146%3A18081%2Fxingrg%2F&costTime=2154×tamp=1629078621499 HTTP/1.1" 200 17173
180.174.198.13 - - [16/Aug/2021:09:50:21 +0800] "GET /xingrg/javascript/jquery_easy_ui/themes/default/easyui.css HTTP/1.1" 304 -
180.174.198.13 - - [16/Aug/2021:09:50:21 +0800] "GET /xingrg/javascript/jquery_easy_ui/themes/icon.css HTTP/1.1" 304 -
180.174.198.13 - - [16/Aug/2021:09:50:21 +0800] "GET /xingrg/css/form.css HTTP/1.1" 304 -
180.174.198.13 - - [16/Aug/2021:09:50:21 +0800] "GET /xingrg/javascript/jquery-1.4.2.min.js HTTP/1.1" 304 -
180.174.198.13 - - [16/Aug/2021:09:50:21 +0800] "GET /xingrg/javascript/jquery_easy_ui/jquery.easyui.min.js HTTP/1.1" 304 -
180.174.198.13 - - [16/Aug/2021:09:50:21 +0800] "GET /xingrg/javascript/jquery_easy_ui/easyui-lang-zh_CN.js HTTP/1.1" 304 -
180.174.198.13 - - [16/Aug/2021:09:50:21 +0800] "GET /xingrg/javascript/jquery.form.js HTTP/1.1" 304 -
180.174.198.13 - - [16/Aug/2021:09:50:21 +0800] "GET /xingrg/javascript/jquery.utils.js HTTP/1.1" 304 -
180.174.198.13 - - [16/Aug/2021:09:50:21 +0800] "GET /xingrg/javascript/jquery.timers.js HTTP/1.1" 304 -
180.174.198.13 - - [16/Aug/2021:09:50:22 +0800] "GET /xingrg/images/blue/navBackgound.jpg HTTP/1.1" 304 -
180.174.198.13 - - [16/Aug/2021:09:50:22 +0800] "GET /xingrg/javascript/jquery_easy_ui/themes/icons/settle_new.png HTTP/1.1" 304 -
180.174.198.13 - - [16/Aug/2021:09:50:22 +0800] "GET /xingrg/images/blue/pingpu.png HTTP/1.1" 304 -
180.174.198.13 - - [16/Aug/2021:09:50:22 +0800] "GET /xingrg/javascript/jquery_easy_ui/themes/default/images/tabs_leftarrow.png HTTP/1.1" 304 -
180.174.198.13 - - [16/Aug/2021:09:50:22 +0800] "GET /xingrg/javascript/jquery_easy_ui/themes/default/images/tabs_rightarrow.png HTTP/1.1" 304 -
180.174.198.13 - - [16/Aug/2021:09:50:22 +0800] "GET /xingrg/javascript/jquery_easy_ui/themes/default/images/panel_tool_collapse.gif HTTP/1.1" 304 -
180.174.198.13 - - [16/Aug/2021:09:50:22 +0800] "POST /xingrg/all/common/load_tree.html?tree=area_rest_tree_json&manage=1 HTTP/1.1" 200 342
180.174.198.13 - - [16/Aug/2021:09:50:22 +0800] "GET /xingrg/all/function/internal_message.html?_=1629078619723&CODE_STATE=count HTTP/1.1" 200 11
180.174.198.13 - - [16/Aug/2021:09:50:22 +0800] "GET /xingrg/check_reg.html?_=1629078619725 HTTP/1.1" 200 22
180.174.198.13 - - [16/Aug/2021:09:50:22 +0800] "GET /favicon.ico HTTP/1.1" 404 -
180.174.198.13 - - [16/Aug/2021:09:50:23 +0800] "GET /xingrg/javascript/jquery_easy_ui/themes/default/images/tree_arrows.gif HTTP/1.1" 304 -
180.174.198.13 - - [16/Aug/2021:09:50:23 +0800] "POST /xingrg/load_menu.html HTTP/1.1" 200 5138
180.174.198.13 - - [16/Aug/2021:09:50:23 +0800] "GET /xingrg/javascript/jquery_easy_ui/themes/default/images/tree_folder_open.gif HTTP/1.1" 304 -
180.174.198.13 - - [16/Aug/2021:09:50:23 +0800] "GET /xingrg/javascript/jquery_easy_ui/themes/icons/search_new.png HTTP/1.1" 304 -
180.174.198.13 - - [16/Aug/2021:09:50:23 +0800] "GET /xingrg/javascript/jquery_easy_ui/themes/default/images/tree_folder.gif HTTP/1.1" 304 -
180.174.198.13 - - [16/Aug/2021:09:50:23 +0800] "GET /xingrg/javascript/jquery_easy_ui/themes/icons/storage_new.png HTTP/1.1" 304 -
180.174.198.13 - - [16/Aug/2021:09:50:23 +0800] "GET /xingrg/javascript/jquery_easy_ui/themes/icons/forms_new.png HTTP/1.1" 304 -
180.174.198.13 - - [16/Aug/2021:09:50:23 +0800] "GET /xingrg/javascript/jquery_easy_ui/themes/default/images/tree_file.gif HTTP/1.1" 304 -
114.84.82.184 - - [16/Aug/2021:09:50:23 +0800] "GET /xingrg/all/function/internal_message.html?_=1629078623798&CODE_STATE=getMsg HTTP/1.1" 200 27
180.174.198.13 - - [16/Aug/2021:09:50:26 +0800] "GET /xingrg/kc/buy/cgsh_order_operate.html?command=get_materiel&rest_code=00102&code=00101005037&supplier_code=00100400&order_time=2021-08-16 HTTP/1.1" 200 409
180.174.198.13 - - [16/Aug/2021:09:50:27 +0800] "GET /xingrg/javascript/jquery_easy_ui/themes/default/images/tabs_close.gif HTTP/1.1" 304 -
180.174.198.13 - - [16/Aug/2021:09:50:27 +0800] "GET /xingrg/kc/base/check_order_list.html HTTP/1.1" 200 16302
180.174.198.13 - - [16/Aug/2021:09:50:27 +0800] "GET /xingrg/css/base.css HTTP/1.1" 304 -
180.174.198.13 - - [16/Aug/2021:09:50:27 +0800] "GET /xingrg/css/site.css HTTP/1.1" 304 -
180.174.198.13 - - [16/Aug/2021:09:50:27 +0800] "GET /xingrg/javascript/jquery_tools/datebox.css HTTP/1.1" 304 -
180.174.198.13 - - [16/Aug/2021:09:50:27 +0800] "GET /xingrg/javascript/easyui/themes/default/easyui.css HTTP/1.1" 304 -
180.174.198.13 - - [16/Aug/2021:09:50:27 +0800] "GET /xingrg/javascript/easyui/themes/icon.css HTTP/1.1" 304 -
180.174.198.13 - - [16/Aug/2021:09:50:27 +0800] "GET /xingrg/javascript/auto/jquery.autocomplete.css HTTP/1.1" 304 -
180.174.198.13 - - [16/Aug/2021:09:50:27 +0800] "GET /xingrg/javascript/jquery_tools/fix.css HTTP/1.1" 304 -
180.174.198.13 - - [16/Aug/2021:09:50:27 +0800] "GET /xingrg/javascript/jquery_tools/table.css HTTP/1.1" 304 -
180.174.198.13 - - [16/Aug/2021:09:50:27 +0800] "GET /xingrg/javascript/jquery_tools/jquery.tools.min.js HTTP/1.1" 304 -
180.174.198.13 - - [16/Aug/2021:09:50:27 +0800] "GET /xingrg/javascript/jquery_tools/jquery.tools.extend.js HTTP/1.1" 304 -
180.174.198.13 - - [16/Aug/2021:09:50:27 +0800] "GET /xingrg/javascript/jquery_tools/jquery.tools.hotkey.js HTTP/1.1" 304 -
180.174.198.13 - - [16/Aug/2021:09:50:27 +0800] "GET /xingrg/javascript/jquery_tools/jquery.tools.table.js HTTP/1.1" 304 -
180.174.198.13 - - [16/Aug/2021:09:50:27 +0800] "GET /xingrg/javascript/jquery_tools/list_manager.js HTTP/1.1" 304 -
180.174.198.13 - - [16/Aug/2021:09:50:27 +0800] "GET /xingrg/javascript/auto/jquery.autocomplete.js HTTP/1.1" 304 -
180.174.198.13 - - [16/Aug/2021:09:50:27 +0800] "GET /xingrg/javascript/easyui/easyloader.js HTTP/1.1" 304 -
180.174.198.13 - - [16/Aug/2021:09:50:27 +0800] "GET /xingrg/javascript/jquery.cookie.js HTTP/1.1" 304 -
180.174.198.13 - - [16/Aug/2021:09:50:28 +0800] "GET /xingrg/javascript/easyui/themes/icons/edit_add_new.png HTTP/1.1" 304 -
180.174.198.13 - - [16/Aug/2021:09:50:28 +0800] "GET /xingrg/javascript/easyui/themes/icons/cance_new.png HTTP/1.1" 304 -
180.174.198.13 - - [16/Aug/2021:09:50:28 +0800] "GET /xingrg/javascript/easyui/themes/icons/check_new.png HTTP/1.1" 304 -
180.174.198.13 - - [16/Aug/2021:09:50:28 +0800] "GET /xingrg/javascript/easyui/themes/icons/field_new.png HTTP/1.1" 304 -
180.174.198.13 - - [16/Aug/2021:09:50:28 +0800] "GET /xingrg/javascript/easyui/plugins/jquery.parser.js HTTP/1.1" 304 -
180.174.198.13 - - [16/Aug/2021:09:50:28 +0800] "GET /xingrg/images/control/ajaxLoader.gif HTTP/1.1" 304 -
116.235.222.38 - - [16/Aug/2021:09:50:31 +0800] "GET /xingrg/all/function/internal_message.html?_=1629078629835&CODE_STATE=getMsg HTTP/1.1" 200 27
58.40.7.146 - - [16/Aug/2021:09:50:32 +0800] "GET /xingrg/all/function/internal_message.html?_=1629078630504&CODE_STATE=getMsg HTTP/1.1" 200 27
120.253.135.82 - - [16/Aug/2021:09:50:34 +0800] "GET /xingrg/check_reg.html?_=1629078409611 HTTP/1.1" 200 22
222.70.178.182 - - [16/Aug/2021:09:50:34 +0800] "GET /xingrg/all/function/internal_message.html?_=1629078632048&CODE_STATE=getMsg HTTP/1.1" 200 27
180.174.198.13 - - [16/Aug/2021:09:50:36 +0800] "GET /xingrg/all/function/internal_message.html?_=1629078614574&CODE_STATE=getMsg HTTP/1.1" 200 27
124.79.246.142 - - [16/Aug/2021:09:50:36 +0800] "GET /xingrg/all/function/internal_message.html?_=1629078732835&CODE_STATE=getMsg HTTP/1.1" 200 27
180.174.198.13 - - [16/Aug/2021:09:50:39 +0800] "POST /xingrg/kc/base/check_list_operate.html HTTP/1.1" 200 3522
117.184.7.26 - - [16/Aug/2021:09:50:39 +0800] "POST /xingrg/dwr/call/plaincall/AjaxCheckService.setItemNumber.dwr HTTP/1.1" 200 77
117.184.7.26 - - [16/Aug/2021:09:50:39 +0800] "POST /xingrg/dwr/call/plaincall/AjaxCheckService.setItemNumber.dwr HTTP/1.1" 200 76
117.184.7.26 - - [16/Aug/2021:09:50:39 +0800] "POST /xingrg/dwr/call/plaincall/AjaxCheckService.setItemNumber.dwr HTTP/1.1" 200 76
116.230.105.26 - - [16/Aug/2021:09:50:39 +0800] "GET /xingrg/all/function/internal_message.html?_=1629078624065&CODE_STATE=getMsg HTTP/1.1" 200 27
117.184.7.26 - - [16/Aug/2021:09:50:39 +0800] "POST /xingrg/dwr/call/plaincall/AjaxCheckService.setItemNumber.dwr HTTP/1.1" 200 76
117.184.7.26 - - [16/Aug/2021:09:50:39 +0800] "POST /xingrg/dwr/call/plaincall/AjaxCheckService.setItemNumber.dwr HTTP/1.1" 200 76
117.184.7.26 - - [16/Aug/2021:09:50:39 +0800] "POST /xingrg/dwr/call/plaincall/AjaxCheckService.setItemNumber.dwr HTTP/1.1" 200 76
117.184.7.26 - - [16/Aug/2021:09:50:39 +0800] "POST /xingrg/dwr/call/plaincall/AjaxCheckService.setItemNumber.dwr HTTP/1.1" 200 76
117.184.7.26 - - [16/Aug/2021:09:50:40 +0800] "POST /xingrg/dwr/call/plaincall/AjaxCheckService.setItemNumber.dwr HTTP/1.1" 200 76
117.184.7.26 - - [16/Aug/2021:09:50:40 +0800] "POST /xingrg/dwr/call/plaincall/AjaxCheckService.setItemNumber.dwr HTTP/1.1" 200 76
117.184.7.26 - - [16/Aug/2021:09:50:40 +0800] "POST /xingrg/dwr/call/plaincall/AjaxCheckService.setItemNumber.dwr HTTP/1.1" 200 76
117.184.7.26 - - [16/Aug/2021:09:50:41 +0800] "POST /xingrg/dwr/call/plaincall/AjaxCheckService.setItemNumber.dwr HTTP/1.1" 200 77
117.184.7.26 - - [16/Aug/2021:09:50:41 +0800] "POST /xingrg/dwr/call/plaincall/AjaxCheckService.setItemNumber.dwr HTTP/1.1" 200 77
117.184.7.26 - - [16/Aug/2021:09:50:41 +0800] "POST /xingrg/dwr/call/plaincall/AjaxCheckService.setItemNumber.dwr HTTP/1.1" 200 77
117.184.7.26 - - [16/Aug/2021:09:50:41 +0800] "POST /xingrg/dwr/call/plaincall/AjaxCheckService.setItemNumber.dwr HTTP/1.1" 200 77
180.174.198.13 - - [16/Aug/2021:09:50:47 +0800] "GET /xingrg/kc/base/check_order_info.html?code=452021081500121 HTTP/1.1" 200 26400
180.174.198.13 - - [16/Aug/2021:09:50:47 +0800] "GET /xingrg/css/blue.css HTTP/1.1" 304 -
180.174.198.13 - - [16/Aug/2021:09:50:47 +0800] "GET /xingrg/css/table.css HTTP/1.1" 304 -
180.174.198.13 - - [16/Aug/2021:09:50:47 +0800] "GET /xingrg/javascript/pic_change.js HTTP/1.1" 304 -
180.174.198.13 - - [16/Aug/2021:09:50:47 +0800] "GET /xingrg/dwr/interface/AjaxCheckService.js HTTP/1.1" 200 14003
180.174.198.13 - - [16/Aug/2021:09:50:47 +0800] "GET /xingrg/dwr/util.js HTTP/1.1" 304 -
180.174.198.13 - - [16/Aug/2021:09:50:47 +0800] "GET /xingrg/dwr/interface/AjaxComOrderService.js HTTP/1.1" 200 18264
180.174.198.13 - - [16/Aug/2021:09:50:47 +0800] "GET /xingrg/dwr/engine.js HTTP/1.1" 200 43631
180.174.198.13 - - [16/Aug/2021:09:50:47 +0800] "GET /xingrg/javascript/AjaxInfoList.js HTTP/1.1" 304 -
180.174.198.13 - - [16/Aug/2021:09:50:47 +0800] "GET /xingrg/javascript/Calendar.js HTTP/1.1" 304 -
180.174.198.13 - - [16/Aug/2021:09:50:47 +0800] "GET /xingrg/javascript/myfunction.js HTTP/1.1" 304 -
180.174.198.13 - - [16/Aug/2021:09:50:47 +0800] "GET /xingrg/javascript/convert.js HTTP/1.1" 304 -
180.174.198.13 - - [16/Aug/2021:09:50:47 +0800] "GET /xingrg/javascript/print/kc_print.js HTTP/1.1" 304 -
180.174.198.13 - - [16/Aug/2021:09:50:47 +0800] "GET /xingrg/javascript/print/LodopFuncs.js HTTP/1.1" 304 -
180.174.198.13 - - [16/Aug/2021:09:50:48 +0800] "GET /xingrg/javascript/jquery_easy_ui/themes/icons/check_new.png HTTP/1.1" 304 -
180.174.198.13 - - [16/Aug/2021:09:50:48 +0800] "GET /xingrg/javascript/jquery_easy_ui/themes/icons/cance_new.png HTTP/1.1" 304 -
180.174.198.13 - - [16/Aug/2021:09:50:48 +0800] "GET /xingrg/javascript/jquery_easy_ui/themes/icons/print.png HTTP/1.1" 304 -
180.174.198.13 - - [16/Aug/2021:09:50:48 +0800] "GET /xingrg/javascript/jquery_easy_ui/themes/default/images/menu_downarrow.png HTTP/1.1" 304 -
180.174.198.13 - - [16/Aug/2021:09:50:48 +0800] "GET /xingrg/javascript/jquery_easy_ui/themes/icons/back_new.png HTTP/1.1" 304 -
180.174.198.13 - - [16/Aug/2021:09:50:48 +0800] "POST /xingrg/kc/buy/cgsh_order_operate.html HTTP/1.1" 200 37
180.174.198.13 - - [16/Aug/2021:09:50:48 +0800] "GET /xingrg/javascript/jquery_easy_ui/themes/icons/area.png HTTP/1.1" 304 -
180.174.198.13 - - [16/Aug/2021:09:50:48 +0800] "GET /xingrg/javascript/jquery_easy_ui/themes/icons/rest.png HTTP/1.1" 304 -
101.83.145.79 - - [16/Aug/2021:09:50:50 +0800] "GET /xingrg/all/function/internal_message.html?_=1629078650985&CODE_STATE=getMsg HTTP/1.1" 200 27
116.238.194.18 - - [16/Aug/2021:09:50:52 +0800] "GET /xingrg/all/function/internal_message.html?_=1629078649951&CODE_STATE=getMsg HTTP/1.1" 200 27
101.85.93.96 - - [16/Aug/2021:09:50:53 +0800] "GET /xingrg/all/function/internal_message.html?_=1629078612941&CODE_STATE=getMsg HTTP/1.1" 200 27
101.83.241.165 - - [16/Aug/2021:09:50:55 +0800] "GET /xingrg/all/function/internal_message.html?_=1629078654774&CODE_STATE=getMsg HTTP/1.1" 200 27
222.70.246.151 - - [16/Aug/2021:09:51:01 +0800] "GET /xingrg/all/function/internal_message.html?_=1629078661222&CODE_STATE=getMsg HTTP/1.1" 200 27
116.232.48.13 - - [16/Aug/2021:09:51:08 +0800] "GET /xingrg/all/function/internal_message.html?_=1629078667068&CODE_STATE=getMsg HTTP/1.1" 200 27
116.230.105.26 - - [16/Aug/2021:09:51:16 +0800] "GET /xingrg/kc/base/check_order_list.html HTTP/1.1" 200 16308
116.238.194.18 - - [16/Aug/2021:09:51:17 +0800] "GET /xingrg/all/function/internal_message.html?_=1629078617982&CODE_STATE=getMsg HTTP/1.1" 200 27
180.169.147.146 - - [16/Aug/2021:09:51:18 +0800] "GET /xingrg/all/function/internal_message.html?_=1629078676663&CODE_STATE=getMsg HTTP/1.1" 200 27
101.83.145.79 - - [16/Aug/2021:09:51:20 +0800] "GET /xingrg/all/function/internal_message.html?_=1629078634403&CODE_STATE=getMsg HTTP/1.1" 200 27
116.230.105.26 - - [16/Aug/2021:09:51:21 +0800] "GET /xingrg/kc/buy/cgsh_order_list.html HTTP/1.1" 200 47411
180.174.198.13 - - [16/Aug/2021:09:51:22 +0800] "GET /xingrg/all/function/internal_message.html?_=1629078679737&CODE_STATE=getMsg HTTP/1.1" 200 27
114.84.82.184 - - [16/Aug/2021:09:51:23 +0800] "GET /xingrg/all/function/internal_message.html?_=1629078683797&CODE_STATE=getMsg HTTP/1.1" 200 27
116.230.105.26 - - [16/Aug/2021:09:51:29 +0800] "GET /xingrg/login.html HTTP/1.1" 200 7641
116.230.105.26 - - [16/Aug/2021:09:51:29 +0800] "POST /xingrg/kc/base/check_list_operate.html HTTP/1.1" 200 4
180.174.198.13 - - [16/Aug/2021:09:51:29 +0800] "POST /xingrg/dwr/call/plaincall/AjaxCheckService.loadOrderItems.dwr HTTP/1.1" 200 160295
116.230.105.26 - - [16/Aug/2021:09:51:30 +0800] "GET /favicon.ico HTTP/1.1" 404 -
117.184.7.26 - - [16/Aug/2021:09:51:30 +0800] "POST /xingrg/dwr/call/plaincall/AjaxCheckService.setItemNumber.dwr HTTP/1.1" 200 77
116.230.105.26 - - [16/Aug/2021:09:51:30 +0800] "POST /xingrg/kc/base/check_list_operate.html HTTP/1.1" 200 781
117.184.7.26 - - [16/Aug/2021:09:51:30 +0800] "POST /xingrg/dwr/call/plaincall/AjaxCheckService.setItemNumber.dwr HTTP/1.1" 200 77
117.184.7.26 - - [16/Aug/2021:09:51:30 +0800] "POST /xingrg/dwr/call/plaincall/AjaxCheckService.setItemNumber.dwr HTTP/1.1" 200 77
180.174.198.13 - - [16/Aug/2021:09:51:31 +0800] "GET /xingrg/javascript/jquery_easy_ui/themes/icons/no.png HTTP/1.1" 304 -
117.184.7.26 - - [16/Aug/2021:09:51:31 +0800] "POST /xingrg/dwr/call/plaincall/AjaxCheckService.setItemNumber.dwr HTTP/1.1" 200 77
117.184.7.26 - - [16/Aug/2021:09:51:31 +0800] "POST /xingrg/dwr/call/plaincall/AjaxCheckService.setItemNumber.dwr HTTP/1.1" 200 77
117.184.7.26 - - [16/Aug/2021:09:51:31 +0800] "POST /xingrg/dwr/call/plaincall/AjaxCheckService.setItemNumber.dwr HTTP/1.1" 200 77
117.184.7.26 - - [16/Aug/2021:09:51:31 +0800] "POST /xingrg/dwr/call/plaincall/AjaxCheckService.setItemNumber.dwr HTTP/1.1" 200 77
116.235.222.38 - - [16/Aug/2021:09:51:31 +0800] "GET /xingrg/all/function/internal_message.html?_=1629078689812&CODE_STATE=getMsg HTTP/1.1" 200 27
117.184.7.26 - - [16/Aug/2021:09:51:31 +0800] "POST /xingrg/dwr/call/plaincall/AjaxCheckService.setItemNumber.dwr HTTP/1.1" 200 77
117.184.7.26 - - [16/Aug/2021:09:51:31 +0800] "POST /xingrg/dwr/call/plaincall/AjaxCheckService.setItemNumber.dwr HTTP/1.1" 200 77
117.184.7.26 - - [16/Aug/2021:09:51:31 +0800] "POST /xingrg/dwr/call/plaincall/AjaxCheckService.setItemNumber.dwr HTTP/1.1" 200 77
58.40.7.146 - - [16/Aug/2021:09:51:32 +0800] "GET /xingrg/all/function/internal_message.html?_=1629078690506&CODE_STATE=getMsg HTTP/1.1" 200 27
222.70.178.182 - - [16/Aug/2021:09:51:34 +0800] "GET /xingrg/all/function/internal_message.html?_=1629078692043&CODE_STATE=getMsg HTTP/1.1" 200 27
180.174.198.13 - - [16/Aug/2021:09:51:36 +0800] "GET /xingrg/all/function/internal_message.html?_=1629078674578&CODE_STATE=getMsg HTTP/1.1" 200 27
124.79.246.142 - - [16/Aug/2021:09:51:36 +0800] "GET /xingrg/all/function/internal_message.html?_=1629078792833&CODE_STATE=getMsg HTTP/1.1" 200 27
101.83.145.79 - - [16/Aug/2021:09:51:50 +0800] "GET /xingrg/all/function/internal_message.html?_=1629078710993&CODE_STATE=getMsg HTTP/1.1" 200 27
101.83.145.79 - - [16/Aug/2021:09:51:52 +0800] "GET /xingrg/check_reg.html?_=1629078712181 HTTP/1.1" 200 22
116.238.194.18 - - [16/Aug/2021:09:51:52 +0800] "GET /xingrg/all/function/internal_message.html?_=1629078709933&CODE_STATE=getMsg HTTP/1.1" 200 27
222.70.246.151 - - [16/Aug/2021:09:51:52 +0800] "GET /xingrg/kc/base/yddb_order_list.html HTTP/1.1" 200 16795
101.85.93.96 - - [16/Aug/2021:09:51:53 +0800] "GET /xingrg/all/function/internal_message.html?_=1629078672942&CODE_STATE=getMsg HTTP/1.1" 200 27
101.83.241.165 - - [16/Aug/2021:09:51:55 +0800] "GET /xingrg/all/function/internal_message.html?_=1629078714749&CODE_STATE=getMsg HTTP/1.1" 200 27
116.230.105.26 - - [16/Aug/2021:09:52:02 +0800] "POST /xingrg/login.do HTTP/1.1" 302 -
116.230.105.26 - - [16/Aug/2021:09:52:03 +0800] "POST /xingrg/kc/buy/cgsh_list_operate.html HTTP/1.1" 200 3684
222.70.246.151 - - [16/Aug/2021:09:52:04 +0800] "POST /xingrg/kc/base/yddb_list_operate.html HTTP/1.1" 200 636
222.70.246.151 - - [16/Aug/2021:09:52:05 +0800] "GET /favicon.ico HTTP/1.1" 404 -
222.70.246.151 - - [16/Aug/2021:09:52:05 +0800] "GET /xingrg/login.html HTTP/1.1" 200 7641
222.70.246.151 - - [16/Aug/2021:09:52:06 +0800] "GET /favicon.ico HTTP/1.1" 404 -
116.230.105.26 - - [16/Aug/2021:09:52:06 +0800] "POST /xingrg/login.do HTTP/1.1" 200 2098
147.182.215.2 - - [16/Aug/2021:09:52:08 +0800] "POST /json_rpc HTTP/1.0" 404 -
116.232.48.13 - - [16/Aug/2021:09:52:08 +0800] "GET /xingrg/check_reg.html?_=1629078727069 HTTP/1.1" 200 22
116.232.48.13 - - [16/Aug/2021:09:52:08 +0800] "GET /xingrg/all/function/internal_message.html?_=1629078727072&CODE_STATE=getMsg HTTP/1.1" 200 27
116.230.105.26 - - [16/Aug/2021:09:52:10 +0800] "POST /xingrg/login.do HTTP/1.1" 200 2098
116.230.105.26 - - [16/Aug/2021:09:52:14 +0800] "POST /xingrg/login.do HTTP/1.1" 200 2098
116.238.194.18 - - [16/Aug/2021:09:52:17 +0800] "GET /xingrg/all/function/internal_message.html?_=1629078677996&CODE_STATE=getMsg HTTP/1.1" 200 27
180.169.147.146 - - [16/Aug/2021:09:52:18 +0800] "GET /xingrg/all/function/internal_message.html?_=1629078736644&CODE_STATE=getMsg HTTP/1.1" 200 27
116.230.105.26 - - [16/Aug/2021:09:52:19 +0800] "POST /xingrg/login.do HTTP/1.1" 200 2098
114.88.154.248 - - [16/Aug/2021:09:52:20 +0800] "GET /xingrg/login.html HTTP/1.1" 200 7641
101.83.145.79 - - [16/Aug/2021:09:52:20 +0800] "GET /xingrg/all/function/internal_message.html?_=1629078694403&CODE_STATE=getMsg HTTP/1.1" 200 27
114.88.154.248 - - [16/Aug/2021:09:52:20 +0800] "GET /favicon.ico HTTP/1.1" 404 -
116.230.105.26 - - [16/Aug/2021:09:52:21 +0800] "GET /xingrg/login.html HTTP/1.1" 200 7641
116.230.105.26 - - [16/Aug/2021:09:52:21 +0800] "GET /favicon.ico HTTP/1.1" 404 -
180.174.198.13 - - [16/Aug/2021:09:52:22 +0800] "GET /xingrg/all/function/internal_message.html?_=1629078739759&CODE_STATE=getMsg HTTP/1.1" 200 27
114.84.82.184 - - [16/Aug/2021:09:52:23 +0800] "GET /xingrg/all/function/internal_message.html?_=1629078743797&CODE_STATE=getMsg HTTP/1.1" 200 27
114.84.82.184 - - [16/Aug/2021:09:52:23 +0800] "GET /xingrg/check_reg.html?_=1629078743799 HTTP/1.1" 200 22
116.230.105.26 - - [16/Aug/2021:09:52:24 +0800] "POST /xingrg/login.do HTTP/1.1" 200 2098
222.70.246.151 - - [16/Aug/2021:09:52:25 +0800] "GET /xingrg/check_reg.html?_=1629078745258 HTTP/1.1" 302 -
116.230.105.26 - - [16/Aug/2021:09:52:28 +0800] "POST /xingrg/login.do HTTP/1.1" 200 2098
116.230.105.26 - - [16/Aug/2021:09:52:29 +0800] "POST /xingrg/login.do HTTP/1.1" 302 -
116.230.105.26 - - [16/Aug/2021:09:52:30 +0800] "POST /xingrg/login.do HTTP/1.1" 302 -
116.230.105.26 - - [16/Aug/2021:09:52:30 +0800] "POST /xingrg/login.do HTTP/1.1" 302 -
116.235.222.38 - - [16/Aug/2021:09:52:31 +0800] "GET /xingrg/all/function/internal_message.html?_=1629078749784&CODE_STATE=getMsg HTTP/1.1" 200 27
58.40.7.146 - - [16/Aug/2021:09:52:32 +0800] "GET /xingrg/all/function/internal_message.html?_=1629078750509&CODE_STATE=getMsg HTTP/1.1" 200 27
116.230.105.26 - - [16/Aug/2021:09:52:33 +0800] "POST /xingrg/login.do HTTP/1.1" 200 2098
222.70.246.151 - - [16/Aug/2021:09:52:34 +0800] "GET /xingrg/login.html HTTP/1.1" 200 7641
222.70.178.182 - - [16/Aug/2021:09:52:34 +0800] "GET /xingrg/all/function/internal_message.html?_=1629078752058&CODE_STATE=getMsg HTTP/1.1" 200 27
222.70.246.151 - - [16/Aug/2021:09:52:35 +0800] "GET /favicon.ico HTTP/1.1" 404 -
180.169.147.146 - - [16/Aug/2021:09:52:36 +0800] "GET /xingrg/check_reg.html?_=1629078753856 HTTP/1.1" 200 22
180.174.198.13 - - [16/Aug/2021:09:52:36 +0800] "GET /xingrg/all/function/internal_message.html?_=1629078734722&CODE_STATE=getMsg HTTP/1.1" 200 27
124.79.246.142 - - [16/Aug/2021:09:52:36 +0800] "GET /xingrg/all/function/internal_message.html?_=1629078852832&CODE_STATE=getMsg HTTP/1.1" 200 27
222.70.246.151 - - [16/Aug/2021:09:52:37 +0800] "POST /xingrg/login.do HTTP/1.1" 302 -
116.230.105.26 - - [16/Aug/2021:09:52:37 +0800] "POST /xingrg/login.do HTTP/1.1" 200 2098
116.230.105.26 - - [16/Aug/2021:09:52:41 +0800] "POST /xingrg/login.do HTTP/1.1" 302 -
116.230.105.26 - - [16/Aug/2021:09:52:42 +0800] "POST /xingrg/login.do HTTP/1.1" 302 -
116.230.105.26 - - [16/Aug/2021:09:52:43 +0800] "POST /xingrg/login.do HTTP/1.1" 200 2098
116.230.105.26 - - [16/Aug/2021:09:52:44 +0800] "POST /xingrg/login.do HTTP/1.1" 302 -
116.230.105.26 - - [16/Aug/2021:09:52:45 +0800] "POST /xingrg/login.do HTTP/1.1" 302 -
116.230.105.26 - - [16/Aug/2021:09:52:46 +0800] "POST /xingrg/login.do HTTP/1.1" 302 -
116.230.105.26 - - [16/Aug/2021:09:52:48 +0800] "POST /xingrg/login.do HTTP/1.1" 200 2098
101.83.145.79 - - [16/Aug/2021:09:52:50 +0800] "GET /xingrg/all/function/internal_message.html?_=1629078770961&CODE_STATE=getMsg HTTP/1.1" 200 27
180.174.198.13 - - [16/Aug/2021:09:52:52 +0800] "GET /favicon.ico HTTP/1.1" 404 -
116.238.194.18 - - [16/Aug/2021:09:52:52 +0800] "GET /xingrg/all/function/internal_message.html?_=1629078769909&CODE_STATE=getMsg HTTP/1.1" 200 27
114.88.154.248 - - [16/Aug/2021:09:52:52 +0800] "GET /xingrg/login.html HTTP/1.1" 200 7641
116.230.105.26 - - [16/Aug/2021:09:52:52 +0800] "POST /xingrg/login.do HTTP/1.1" 200 2098
114.88.154.248 - - [16/Aug/2021:09:52:53 +0800] "GET /favicon.ico HTTP/1.1" 404 -
180.174.198.13 - - [16/Aug/2021:09:52:53 +0800] "GET /favicon.ico HTTP/1.1" 404 -
101.85.93.96 - - [16/Aug/2021:09:52:53 +0800] "GET /xingrg/all/function/internal_message.html?_=1629078732940&CODE_STATE=getMsg HTTP/1.1" 200 27
101.83.241.165 - - [16/Aug/2021:09:52:55 +0800] "GET /xingrg/all/function/internal_message.html?_=1629078774720&CODE_STATE=getMsg HTTP/1.1" 200 27
180.174.198.13 - - [16/Aug/2021:09:52:56 +0800] "GET /xingrg/login.html HTTP/1.1" 200 7641
116.230.105.26 - - [16/Aug/2021:09:52:56 +0800] "POST /xingrg/login.do HTTP/1.1" 200 2098
180.174.198.13 - - [16/Aug/2021:09:52:57 +0800] "GET /xingrg/images/blue/jxLogo.png HTTP/1.1" 304 -
180.174.198.13 - - [16/Aug/2021:09:52:57 +0800] "GET /xingrg/images/blue/hj.png HTTP/1.1" 304 -
180.174.198.13 - - [16/Aug/2021:09:52:57 +0800] "GET /xingrg/images/blue/srbg.png HTTP/1.1" 304 -
180.174.198.13 - - [16/Aug/2021:09:52:57 +0800] "GET /xingrg/images/blue/login_bg.png HTTP/1.1" 304 -
180.174.198.13 - - [16/Aug/2021:09:52:58 +0800] "GET /favicon.ico HTTP/1.1" 404 -
116.230.105.26 - - [16/Aug/2021:09:53:01 +0800] "POST /xingrg/login.do HTTP/1.1" 200 2098
116.230.105.26 - - [16/Aug/2021:09:53:04 +0800] "POST /xingrg/login.do HTTP/1.1" 302 -
116.230.105.26 - - [16/Aug/2021:09:53:04 +0800] "POST /xingrg/login.do HTTP/1.1" 302 -
116.230.105.26 - - [16/Aug/2021:09:53:05 +0800] "POST /xingrg/login.do HTTP/1.1" 200 2098
116.230.105.26 - - [16/Aug/2021:09:53:06 +0800] "POST /xingrg/login.do HTTP/1.1" 302 -
116.230.105.26 - - [16/Aug/2021:09:53:07 +0800] "POST /xingrg/login.do HTTP/1.1" 302 -
116.230.105.26 - - [16/Aug/2021:09:53:08 +0800] "POST /xingrg/login.do HTTP/1.1" 302 -
116.232.48.13 - - [16/Aug/2021:09:53:08 +0800] "GET /xingrg/all/function/internal_message.html?_=1629078787072&CODE_STATE=getMsg HTTP/1.1" 200 27
114.88.154.248 - - [16/Aug/2021:09:53:08 +0800] "POST /xingrg/login.do HTTP/1.1" 302 -
116.230.105.26 - - [16/Aug/2021:09:53:09 +0800] "POST /xingrg/login.do HTTP/1.1" 200 2098
114.88.154.248 - - [16/Aug/2021:09:53:10 +0800] "POST /xingrg/login.do HTTP/1.1" 302 -
116.230.105.26 - - [16/Aug/2021:09:53:11 +0800] "POST /xingrg/login.do HTTP/1.1" 302 -
116.230.105.26 - - [16/Aug/2021:09:53:13 +0800] "POST /xingrg/login.do HTTP/1.1" 200 2098
114.88.154.248 - - [16/Aug/2021:09:53:17 +0800] "POST /xingrg/login.do HTTP/1.1" 302 -
116.238.194.18 - - [16/Aug/2021:09:53:17 +0800] "GET /xingrg/all/function/internal_message.html?_=1629078738019&CODE_STATE=getMsg HTTP/1.1" 200 27
116.230.105.26 - - [16/Aug/2021:09:53:18 +0800] "POST /xingrg/login.do HTTP/1.1" 200 2098
114.88.154.248 - - [16/Aug/2021:09:53:18 +0800] "POST /xingrg/login.do HTTP/1.1" 302 -
180.169.147.146 - - [16/Aug/2021:09:53:18 +0800] "GET /xingrg/all/function/internal_message.html?_=1629078796620&CODE_STATE=getMsg HTTP/1.1" 200 27
114.88.154.248 - - [16/Aug/2021:09:53:18 +0800] "POST /xingrg/login.do HTTP/1.1" 302 -
101.83.145.79 - - [16/Aug/2021:09:53:20 +0800] "GET /xingrg/all/function/internal_message.html?_=1629078754404&CODE_STATE=getMsg HTTP/1.1" 200 27
101.83.145.79 - - [16/Aug/2021:09:53:20 +0800] "GET /xingrg/check_reg.html?_=1629078754407 HTTP/1.1" 200 22
114.88.154.248 - - [16/Aug/2021:09:53:21 +0800] "POST /xingrg/login.do HTTP/1.1" 302 -
114.88.154.248 - - [16/Aug/2021:09:53:22 +0800] "POST /xingrg/login.do HTTP/1.1" 302 -
180.174.198.13 - - [16/Aug/2021:09:53:22 +0800] "GET /xingrg/all/function/internal_message.html?_=1629078799761&CODE_STATE=getMsg HTTP/1.1" 200 27
116.230.105.26 - - [16/Aug/2021:09:53:23 +0800] "POST /xingrg/login.do HTTP/1.1" 200 2098
114.88.154.248 - - [16/Aug/2021:09:53:23 +0800] "POST /xingrg/login.do HTTP/1.1" 302 -
114.84.82.184 - - [16/Aug/2021:09:53:23 +0800] "GET /xingrg/all/function/internal_message.html?_=1629078803799&CODE_STATE=getMsg HTTP/1.1" 200 27
114.88.154.248 - - [16/Aug/2021:09:53:23 +0800] "POST /xingrg/login.do HTTP/1.1" 302 -
114.88.154.248 - - [16/Aug/2021:09:53:24 +0800] "POST /xingrg/login.do HTTP/1.1" 302 -
114.88.154.248 - - [16/Aug/2021:09:53:24 +0800] "POST /xingrg/login.do HTTP/1.1" 302 -
114.88.154.248 - - [16/Aug/2021:09:53:25 +0800] "POST /xingrg/login.do HTTP/1.1" 302 -
222.70.246.151 - - [16/Aug/2021:09:53:25 +0800] "POST /xingrg/login.do HTTP/1.1" 302 -
114.88.154.248 - - [16/Aug/2021:09:53:26 +0800] "POST /xingrg/login.do HTTP/1.1" 302 -
116.230.105.26 - - [16/Aug/2021:09:53:27 +0800] "POST /xingrg/login.do HTTP/1.1" 200 2098
114.88.154.248 - - [16/Aug/2021:09:53:27 +0800] "POST /xingrg/login.do HTTP/1.1" 302 -
222.70.246.151 - - [16/Aug/2021:09:53:27 +0800] "POST /xingrg/login.do HTTP/1.1" 302 -
114.88.154.248 - - [16/Aug/2021:09:53:27 +0800] "POST /xingrg/login.do HTTP/1.1" 302 -
114.88.154.248 - - [16/Aug/2021:09:53:27 +0800] "POST /xingrg/login.do HTTP/1.1" 302 -
114.88.154.248 - - [16/Aug/2021:09:53:28 +0800] "POST /xingrg/login.do HTTP/1.1" 302 -
114.88.154.248 - - [16/Aug/2021:09:53:28 +0800] "POST /xingrg/login.do HTTP/1.1" 302 -
114.88.154.248 - - [16/Aug/2021:09:53:30 +0800] "POST /xingrg/login.do HTTP/1.1" 302 -
114.88.154.248 - - [16/Aug/2021:09:53:30 +0800] "POST /xingrg/login.do HTTP/1.1" 302 -
114.88.154.248 - - [16/Aug/2021:09:53:30 +0800] "POST /xingrg/login.do HTTP/1.1" 302 -
222.70.246.151 - - [16/Aug/2021:09:53:30 +0800] "GET /xingrg/css/form.css HTTP/1.1" 304 -
222.70.246.151 - - [16/Aug/2021:09:53:30 +0800] "GET /xingrg/javascript/jquery_easy_ui/themes/default/easyui.css HTTP/1.1" 304 -
222.70.246.151 - - [16/Aug/2021:09:53:30 +0800] "GET /xingrg/javascript/jquery_easy_ui/themes/icon.css HTTP/1.1" 304 -
222.70.246.151 - - [16/Aug/2021:09:53:30 +0800] "GET /xingrg/index.html?sysBaseUrl=http%3A%2F%2F180.169.147.146%3A18081%2Fxingrg%2F&costTime=45981×tamp=1629078805279 HTTP/1.1" 200 17179
222.70.246.151 - - [16/Aug/2021:09:53:30 +0800] "GET /xingrg/javascript/jquery.form.js HTTP/1.1" 304 -
222.70.246.151 - - [16/Aug/2021:09:53:30 +0800] "GET /xingrg/javascript/jquery.timers.js HTTP/1.1" 304 -
222.70.246.151 - - [16/Aug/2021:09:53:30 +0800] "GET /xingrg/javascript/jquery.utils.js HTTP/1.1" 304 -
222.70.246.151 - - [16/Aug/2021:09:53:30 +0800] "GET /xingrg/javascript/jquery_easy_ui/easyui-lang-zh_CN.js HTTP/1.1" 304 -
222.70.246.151 - - [16/Aug/2021:09:53:30 +0800] "GET /xingrg/javascript/jquery_easy_ui/jquery.easyui.min.js HTTP/1.1" 304 -
222.70.246.151 - - [16/Aug/2021:09:53:30 +0800] "GET /xingrg/javascript/jquery-1.4.2.min.js HTTP/1.1" 304 -
222.70.246.151 - - [16/Aug/2021:09:53:30 +0800] "GET /favicon.ico HTTP/1.1" 404 -
116.230.105.26 - - [16/Aug/2021:09:53:30 +0800] "POST /xingrg/login.do HTTP/1.1" 200 2098
222.70.246.151 - - [16/Aug/2021:09:53:30 +0800] "GET /xingrg/all/function/internal_message.html?_=1629078810568&CODE_STATE=count HTTP/1.1" 200 11
222.70.246.151 - - [16/Aug/2021:09:53:30 +0800] "GET /xingrg/check_reg.html?_=1629078810569 HTTP/1.1" 200 22
116.235.222.38 - - [16/Aug/2021:09:53:31 +0800] "GET /xingrg/all/function/internal_message.html?_=1629078809763&CODE_STATE=getMsg HTTP/1.1" 200 27
58.40.7.146 - - [16/Aug/2021:09:53:32 +0800] "GET /xingrg/all/function/internal_message.html?_=1629078810512&CODE_STATE=getMsg HTTP/1.1" 200 27
114.88.154.248 - - [16/Aug/2021:09:53:34 +0800] "POST /xingrg/login.do HTTP/1.1" 302 -
222.70.178.182 - - [16/Aug/2021:09:53:34 +0800] "GET /xingrg/all/function/internal_message.html?_=1629078812054&CODE_STATE=getMsg HTTP/1.1" 200 27
222.70.178.182 - - [16/Aug/2021:09:53:34 +0800] "GET /xingrg/check_reg.html?_=1629078812056 HTTP/1.1" 200 22
114.88.154.248 - - [16/Aug/2021:09:53:35 +0800] "POST /xingrg/login.do HTTP/1.1" 302 -
116.230.105.26 - - [16/Aug/2021:09:53:35 +0800] "POST /xingrg/login.do HTTP/1.1" 200 2098
114.88.154.248 - - [16/Aug/2021:09:53:35 +0800] "POST /xingrg/login.do HTTP/1.1" 302 -
222.70.246.151 - - [16/Aug/2021:09:53:36 +0800] "POST /xingrg/all/common/load_tree.html?tree=area_rest_tree_json&manage=1 HTTP/1.1" 200 479
222.70.246.151 - - [16/Aug/2021:09:53:36 +0800] "POST /xingrg/load_menu.html HTTP/1.1" 200 5138
124.79.246.142 - - [16/Aug/2021:09:53:36 +0800] "GET /xingrg/all/function/internal_message.html?_=1629078912846&CODE_STATE=getMsg HTTP/1.1" 200 27
124.79.246.142 - - [16/Aug/2021:09:53:36 +0800] "GET /xingrg/check_reg.html?_=1629078912847 HTTP/1.1" 200 22
116.230.105.26 - - [16/Aug/2021:09:53:38 +0800] "POST /xingrg/login.do HTTP/1.1" 302 -
114.88.154.248 - - [16/Aug/2021:09:53:38 +0800] "POST /xingrg/login.do HTTP/1.1" 302 -
114.88.154.248 - - [16/Aug/2021:09:53:39 +0800] "POST /xingrg/login.do HTTP/1.1" 302 -
116.230.105.26 - - [16/Aug/2021:09:53:39 +0800] "POST /xingrg/login.do HTTP/1.1" 200 2098
114.88.154.248 - - [16/Aug/2021:09:53:40 +0800] "POST /xingrg/login.do HTTP/1.1" 302 -
114.88.154.248 - - [16/Aug/2021:09:53:40 +0800] "POST /xingrg/login.do HTTP/1.1" 302 -
114.88.154.248 - - [16/Aug/2021:09:53:41 +0800] "POST /xingrg/login.do HTTP/1.1" 302 -
114.88.154.248 - - [16/Aug/2021:09:53:41 +0800] "POST /xingrg/login.do HTTP/1.1" 302 -
114.88.154.248 - - [16/Aug/2021:09:53:43 +0800] "GET /xingrg/index.html?sysBaseUrl=http%3A%2F%2F180.169.147.146%3A18081%2Fxingrg%2F&costTime=42250×tamp=1629078818570 HTTP/1.1" 200 17179
114.88.154.248 - - [16/Aug/2021:09:53:43 +0800] "GET /favicon.ico HTTP/1.1" 404 -
114.88.154.248 - - [16/Aug/2021:09:53:43 +0800] "GET /xingrg/all/function/internal_message.html?_=1629078714189&CODE_STATE=count HTTP/1.1" 200 11
114.88.154.248 - - [16/Aug/2021:09:53:43 +0800] "GET /xingrg/check_reg.html?_=1629078714190 HTTP/1.1" 200 22
180.174.198.13 - - [16/Aug/2021:09:53:44 +0800] "POST /xingrg/login.do HTTP/1.1" 302 -
222.70.246.151 - - [16/Aug/2021:09:53:44 +0800] "POST /xingrg/login.do HTTP/1.1" 200 2098
114.88.154.248 - - [16/Aug/2021:09:53:49 +0800] "POST /xingrg/all/common/load_tree.html?tree=area_rest_tree_json&manage=1 HTTP/1.1" 200 351
114.88.154.248 - - [16/Aug/2021:09:53:49 +0800] "POST /xingrg/load_menu.html HTTP/1.1" 200 5138
116.230.105.26 - - [16/Aug/2021:09:53:50 +0800] "POST /xingrg/login.do HTTP/1.1" 200 2098
101.83.145.79 - - [16/Aug/2021:09:53:50 +0800] "GET /xingrg/all/function/internal_message.html?_=1629078830939&CODE_STATE=getMsg HTTP/1.1" 200 27
114.88.154.248 - - [16/Aug/2021:09:53:51 +0800] "GET /xingrg/kc/buy/buy_main.html HTTP/1.1" 200 12412
180.174.198.13 - - [16/Aug/2021:09:53:51 +0800] "POST /xingrg/login.do HTTP/1.1" 302 -
114.88.154.248 - - [16/Aug/2021:09:53:51 +0800] "GET /xingrg/css/new_ie.css HTTP/1.1" 404 1036
116.230.105.26 - - [16/Aug/2021:09:53:51 +0800] "POST /xingrg/login.do HTTP/1.1" 302 -
180.174.198.13 - - [16/Aug/2021:09:53:51 +0800] "POST /xingrg/login.do HTTP/1.1" 302 -
114.88.154.248 - - [16/Aug/2021:09:53:51 +0800] "GET /xingrg/images/yd/bt.gif HTTP/1.1" 404 1040
116.238.194.18 - - [16/Aug/2021:09:53:52 +0800] "GET /xingrg/all/function/internal_message.html?_=1629078829881&CODE_STATE=getMsg HTTP/1.1" 200 27
116.230.105.26 - - [16/Aug/2021:09:53:52 +0800] "POST /xingrg/login.do HTTP/1.1" 302 -
116.230.105.26 - - [16/Aug/2021:09:53:52 +0800] "POST /xingrg/login.do HTTP/1.1" 302 -
116.230.105.26 - - [16/Aug/2021:09:53:52 +0800] "POST /xingrg/login.do HTTP/1.1" 302 -
180.174.198.13 - - [16/Aug/2021:09:53:53 +0800] "POST /xingrg/login.do HTTP/1.1" 302 -
116.230.105.26 - - [16/Aug/2021:09:53:53 +0800] "POST /xingrg/login.do HTTP/1.1" 302 -
116.230.105.26 - - [16/Aug/2021:09:53:53 +0800] "GET /xingrg/login.html HTTP/1.1" 200 7641
116.230.105.26 - - [16/Aug/2021:09:53:53 +0800] "POST /xingrg/login.do HTTP/1.1" 302 -
101.85.93.96 - - [16/Aug/2021:09:53:53 +0800] "GET /xingrg/all/function/internal_message.html?_=1629078792933&CODE_STATE=getMsg HTTP/1.1" 200 27
116.230.105.26 - - [16/Aug/2021:09:53:53 +0800] "GET /favicon.ico HTTP/1.1" 404 -
116.230.105.26 - - [16/Aug/2021:09:53:54 +0800] "POST /xingrg/login.do HTTP/1.1" 200 2098
101.83.241.165 - - [16/Aug/2021:09:53:55 +0800] "GET /xingrg/all/function/internal_message.html?_=1629078834694&CODE_STATE=getMsg HTTP/1.1" 200 27
116.230.105.26 - - [16/Aug/2021:09:53:55 +0800] "POST /xingrg/login.do HTTP/1.1" 302 -
116.230.105.26 - - [16/Aug/2021:09:53:55 +0800] "POST /xingrg/login.do HTTP/1.1" 302 -
180.174.198.13 - - [16/Aug/2021:09:53:56 +0800] "POST /xingrg/login.do HTTP/1.1" 302 -
116.230.105.26 - - [16/Aug/2021:09:53:57 +0800] "POST /xingrg/login.do HTTP/1.1" 302 -
114.88.154.248 - - [16/Aug/2021:09:53:58 +0800] "GET /xingrg/kc/buy/cgsh_order_list.html HTTP/1.1" 200 8212
180.174.198.13 - - [16/Aug/2021:09:53:58 +0800] "GET /xingrg/login.html HTTP/1.1" 200 7641
180.174.198.13 - - [16/Aug/2021:09:53:59 +0800] "GET /xingrg/images/blue/jxLogo.png HTTP/1.1" 304 -
180.174.198.13 - - [16/Aug/2021:09:53:59 +0800] "GET /xingrg/images/blue/login_bg.png HTTP/1.1" 304 -
180.174.198.13 - - [16/Aug/2021:09:53:59 +0800] "GET /xingrg/images/blue/hj.png HTTP/1.1" 304 -
180.174.198.13 - - [16/Aug/2021:09:53:59 +0800] "GET /xingrg/images/blue/srbg.png HTTP/1.1" 304 -
180.174.198.13 - - [16/Aug/2021:09:53:59 +0800] "POST /xingrg/login.do HTTP/1.1" 302 -
116.230.105.26 - - [16/Aug/2021:09:53:59 +0800] "POST /xingrg/login.do HTTP/1.1" 200 2098
180.174.198.13 - - [16/Aug/2021:09:54:00 +0800] "GET /favicon.ico HTTP/1.1" 404 -
114.88.154.248 - - [16/Aug/2021:09:54:00 +0800] "GET /xingrg/kc/buy/cgsh_order_list.html HTTP/1.1" 200 8212
114.88.154.248 - - [16/Aug/2021:09:54:01 +0800] "GET /xingrg/kc/buy/cgsh_order_list.html HTTP/1.1" 200 8212
114.88.154.248 - - [16/Aug/2021:09:54:02 +0800] "GET /xingrg/kc/buy/cgsh_order_list.html HTTP/1.1" 200 8212
116.230.105.26 - - [16/Aug/2021:09:54:02 +0800] "POST /xingrg/login.do HTTP/1.1" 302 -
116.230.105.26 - - [16/Aug/2021:09:54:02 +0800] "POST /xingrg/login.do HTTP/1.1" 302 -
116.230.105.26 - - [16/Aug/2021:09:54:04 +0800] "POST /xingrg/login.do HTTP/1.1" 200 2098
114.88.154.248 - - [16/Aug/2021:09:54:05 +0800] "GET /xingrg/kc/buy/cgsh_order_list.html HTTP/1.1" 200 47411
116.230.105.26 - - [16/Aug/2021:09:54:06 +0800] "POST /xingrg/login.do HTTP/1.1" 302 -
116.230.105.26 - - [16/Aug/2021:09:54:06 +0800] "POST /xingrg/login.do HTTP/1.1" 302 -
116.230.105.26 - - [16/Aug/2021:09:54:08 +0800] "POST /xingrg/login.do HTTP/1.1" 200 2098
116.232.48.13 - - [16/Aug/2021:09:54:08 +0800] "GET /xingrg/all/function/internal_message.html?_=1629078847059&CODE_STATE=getMsg HTTP/1.1" 200 27
116.230.105.26 - - [16/Aug/2021:09:54:12 +0800] "POST /xingrg/login.do HTTP/1.1" 200 2098
116.230.105.26 - - [16/Aug/2021:09:54:13 +0800] "POST /xingrg/login.do HTTP/1.1" 302 -
116.230.105.26 - - [16/Aug/2021:09:54:14 +0800] "POST /xingrg/login.do HTTP/1.1" 302 -
116.230.105.26 - - [16/Aug/2021:09:54:14 +0800] "POST /xingrg/login.do HTTP/1.1" 302 -
116.230.105.26 - - [16/Aug/2021:09:54:14 +0800] "POST /xingrg/login.do HTTP/1.1" 302 -
116.230.105.26 - - [16/Aug/2021:09:54:14 +0800] "POST /xingrg/login.do HTTP/1.1" 302 -
116.230.105.26 - - [16/Aug/2021:09:54:14 +0800] "POST /xingrg/login.do HTTP/1.1" 302 -
116.230.105.26 - - [16/Aug/2021:09:54:15 +0800] "POST /xingrg/login.do HTTP/1.1" 200 2098
116.230.105.26 - - [16/Aug/2021:09:54:15 +0800] "GET /xingrg/index.html?sysBaseUrl=http%3A%2F%2F180.169.147.146%3A18081%2Fxingrg%2F&costTime=14948×tamp=1629078854344 HTTP/1.1" 200 17179
116.230.105.26 - - [16/Aug/2021:09:54:15 +0800] "GET /favicon.ico HTTP/1.1" 404 -
116.230.105.26 - - [16/Aug/2021:09:54:15 +0800] "GET /xingrg/check_reg.html?_=1629078840270 HTTP/1.1" 200 22
116.230.105.26 - - [16/Aug/2021:09:54:15 +0800] "GET /xingrg/all/function/internal_message.html?_=1629078840267&CODE_STATE=count HTTP/1.1" 200 11
180.174.198.13 - - [16/Aug/2021:09:54:16 +0800] "POST /xingrg/login.do HTTP/1.1" 302 -
116.230.105.26 - - [16/Aug/2021:09:54:16 +0800] "POST /xingrg/all/common/load_tree.html?tree=area_rest_tree_json&manage=1 HTTP/1.1" 200 351
116.230.105.26 - - [16/Aug/2021:09:54:16 +0800] "POST /xingrg/load_menu.html HTTP/1.1" 200 5138
180.174.198.13 - - [16/Aug/2021:09:54:16 +0800] "POST /xingrg/login.do HTTP/1.1" 302 -
116.238.194.18 - - [16/Aug/2021:09:54:17 +0800] "POST /xingrg/kc/buy/cgsh_order_operate.html HTTP/1.1" 200 37
116.230.105.26 - - [16/Aug/2021:09:54:17 +0800] "POST /xingrg/login.do HTTP/1.1" 200 2098
116.238.194.18 - - [16/Aug/2021:09:54:17 +0800] "GET /xingrg/all/function/internal_message.html?_=1629078798023&CODE_STATE=getMsg HTTP/1.1" 200 27
180.174.198.13 - - [16/Aug/2021:09:54:18 +0800] "POST /xingrg/login.do HTTP/1.1" 302 -
180.174.198.13 - - [16/Aug/2021:09:54:18 +0800] "GET /xingrg/javascript/jquery_easy_ui/themes/default/easyui.css HTTP/1.1" 304 -
180.174.198.13 - - [16/Aug/2021:09:54:18 +0800] "GET /xingrg/css/form.css HTTP/1.1" 304 -
180.174.198.13 - - [16/Aug/2021:09:54:18 +0800] "GET /xingrg/javascript/jquery_easy_ui/themes/icon.css HTTP/1.1" 304 -
180.174.198.13 - - [16/Aug/2021:09:54:18 +0800] "GET /xingrg/index.html?sysBaseUrl=http%3A%2F%2F180.169.147.146%3A18081%2Fxingrg%2F&costTime=8615×tamp=1629078858246 HTTP/1.1" 200 17173
180.174.198.13 - - [16/Aug/2021:09:54:18 +0800] "GET /xingrg/javascript/jquery_easy_ui/jquery.easyui.min.js HTTP/1.1" 304 -
180.174.198.13 - - [16/Aug/2021:09:54:18 +0800] "GET /xingrg/javascript/jquery-1.4.2.min.js HTTP/1.1" 304 -
180.174.198.13 - - [16/Aug/2021:09:54:18 +0800] "GET /xingrg/javascript/jquery_easy_ui/easyui-lang-zh_CN.js HTTP/1.1" 304 -
180.174.198.13 - - [16/Aug/2021:09:54:18 +0800] "GET /xingrg/javascript/jquery.timers.js HTTP/1.1" 304 -
180.174.198.13 - - [16/Aug/2021:09:54:18 +0800] "GET /xingrg/javascript/jquery.form.js HTTP/1.1" 304 -
180.174.198.13 - - [16/Aug/2021:09:54:18 +0800] "GET /xingrg/javascript/jquery.utils.js HTTP/1.1" 304 -
180.174.198.13 - - [16/Aug/2021:09:54:18 +0800] "GET /xingrg/images/blue/navBackgound.jpg HTTP/1.1" 304 -
180.174.198.13 - - [16/Aug/2021:09:54:18 +0800] "GET /xingrg/javascript/jquery_easy_ui/themes/icons/settle_new.png HTTP/1.1" 304 -
180.169.147.146 - - [16/Aug/2021:09:54:18 +0800] "GET /xingrg/all/function/internal_message.html?_=1629078856595&CODE_STATE=getMsg HTTP/1.1" 200 27
180.174.198.13 - - [16/Aug/2021:09:54:18 +0800] "GET /xingrg/images/blue/pingpu.png HTTP/1.1" 304 -
180.174.198.13 - - [16/Aug/2021:09:54:18 +0800] "GET /xingrg/javascript/jquery_easy_ui/themes/default/images/tabs_leftarrow.png HTTP/1.1" 304 -
180.174.198.13 - - [16/Aug/2021:09:54:18 +0800] "GET /xingrg/javascript/jquery_easy_ui/themes/default/images/tabs_rightarrow.png HTTP/1.1" 304 -
180.174.198.13 - - [16/Aug/2021:09:54:19 +0800] "GET /xingrg/javascript/jquery_easy_ui/themes/default/images/panel_tool_collapse.gif HTTP/1.1" 304 -
180.174.198.13 - - [16/Aug/2021:09:54:19 +0800] "POST /xingrg/all/common/load_tree.html?tree=area_rest_tree_json&manage=1 HTTP/1.1" 200 342
180.174.198.13 - - [16/Aug/2021:09:54:19 +0800] "GET /xingrg/check_reg.html?_=1629078837103 HTTP/1.1" 200 22
180.174.198.13 - - [16/Aug/2021:09:54:19 +0800] "GET /xingrg/all/function/internal_message.html?_=1629078837101&CODE_STATE=count HTTP/1.1" 200 11
180.174.198.13 - - [16/Aug/2021:09:54:19 +0800] "GET /favicon.ico HTTP/1.1" 404 -
180.174.198.13 - - [16/Aug/2021:09:54:19 +0800] "GET /xingrg/javascript/jquery_easy_ui/themes/default/images/tree_arrows.gif HTTP/1.1" 304 -
180.174.198.13 - - [16/Aug/2021:09:54:19 +0800] "POST /xingrg/load_menu.html HTTP/1.1" 200 5138
180.174.198.13 - - [16/Aug/2021:09:54:19 +0800] "GET /xingrg/javascript/jquery_easy_ui/themes/default/images/tree_folder_open.gif HTTP/1.1" 304 -
180.174.198.13 - - [16/Aug/2021:09:54:19 +0800] "GET /xingrg/javascript/jquery_easy_ui/themes/icons/search_new.png HTTP/1.1" 304 -
180.174.198.13 - - [16/Aug/2021:09:54:19 +0800] "GET /xingrg/javascript/jquery_easy_ui/themes/default/images/tree_folder.gif HTTP/1.1" 304 -
180.174.198.13 - - [16/Aug/2021:09:54:19 +0800] "GET /xingrg/javascript/jquery_easy_ui/themes/icons/storage_new.png HTTP/1.1" 304 -
180.174.198.13 - - [16/Aug/2021:09:54:19 +0800] "GET /xingrg/javascript/jquery_easy_ui/themes/icons/forms_new.png HTTP/1.1" 304 -
180.174.198.13 - - [16/Aug/2021:09:54:19 +0800] "GET /xingrg/javascript/jquery_easy_ui/themes/default/images/tree_file.gif HTTP/1.1" 304 -
101.83.145.79 - - [16/Aug/2021:09:54:20 +0800] "GET /xingrg/all/function/internal_message.html?_=1629078814406&CODE_STATE=getMsg HTTP/1.1" 200 27
222.70.178.182 - - [16/Aug/2021:09:54:20 +0800] "GET /xingrg/check_reg.html?_=1629078887209 HTTP/1.1" 302 -
180.174.198.13 - - [16/Aug/2021:09:54:22 +0800] "GET /xingrg/all/function/internal_message.html?_=1629078859790&CODE_STATE=getMsg HTTP/1.1" 200 27
116.230.105.26 - - [16/Aug/2021:09:54:22 +0800] "GET /xingrg/kc/base/check_order_list.html HTTP/1.1" 200 16308
114.84.82.184 - - [16/Aug/2021:09:54:23 +0800] "GET /xingrg/all/function/internal_message.html?_=1629078863797&CODE_STATE=getMsg HTTP/1.1" 200 27
180.174.198.13 - - [16/Aug/2021:09:54:29 +0800] "GET /xingrg/javascript/jquery_easy_ui/themes/default/images/tabs_active.png HTTP/1.1" 304 -
116.235.222.38 - - [16/Aug/2021:09:54:30 +0800] "GET /xingrg/check_reg.html?_=1629078868904 HTTP/1.1" 200 22
222.70.246.151 - - [16/Aug/2021:09:54:30 +0800] "GET /xingrg/all/function/internal_message.html?_=1629078870577&CODE_STATE=getMsg HTTP/1.1" 200 27
116.235.222.38 - - [16/Aug/2021:09:54:31 +0800] "GET /xingrg/all/function/internal_message.html?_=1629078869736&CODE_STATE=getMsg HTTP/1.1" 200 27
58.40.7.146 - - [16/Aug/2021:09:54:32 +0800] "GET /xingrg/all/function/internal_message.html?_=1629078870513&CODE_STATE=getMsg HTTP/1.1" 200 27
58.40.7.146 - - [16/Aug/2021:09:54:32 +0800] "GET /xingrg/check_reg.html?_=1629078870513 HTTP/1.1" 200 22
101.83.145.79 - - [16/Aug/2021:09:54:34 +0800] "POST /xingrg/services/DataTransmitService HTTP/1.1" 200 524
222.69.129.115 - - [16/Aug/2021:09:54:34 +0800] "POST /xingrg/services/DataTransmitService HTTP/1.1" 200 501
101.83.145.79 - - [16/Aug/2021:09:54:34 +0800] "POST /xingrg/services/DataTransmitService HTTP/1.1" 200 2235
222.70.178.182 - - [16/Aug/2021:09:54:34 +0800] "GET /xingrg/all/function/internal_message.html?_=1629078872050&CODE_STATE=getMsg HTTP/1.1" 200 27
101.83.145.79 - - [16/Aug/2021:09:54:36 +0800] "POST /xingrg/services/DataTransmitService HTTP/1.1" 200 144300
124.79.246.142 - - [16/Aug/2021:09:54:36 +0800] "GET /xingrg/all/function/internal_message.html?_=1629078972845&CODE_STATE=getMsg HTTP/1.1" 200 27
180.174.198.13 - - [16/Aug/2021:09:54:40 +0800] "GET /xingrg/javascript/jquery_easy_ui/themes/default/images/tabs_close.gif HTTP/1.1" 304 -
180.174.198.13 - - [16/Aug/2021:09:54:41 +0800] "GET /xingrg/css/base.css HTTP/1.1" 304 -
180.174.198.13 - - [16/Aug/2021:09:54:41 +0800] "GET /xingrg/css/site.css HTTP/1.1" 304 -
180.174.198.13 - - [16/Aug/2021:09:54:41 +0800] "GET /xingrg/javascript/jquery_tools/datebox.css HTTP/1.1" 304 -
180.174.198.13 - - [16/Aug/2021:09:54:41 +0800] "GET /xingrg/javascript/jquery_tools/jquery.tools.extend.js HTTP/1.1" 304 -
180.174.198.13 - - [16/Aug/2021:09:54:41 +0800] "GET /xingrg/javascript/easyui/themes/icon.css HTTP/1.1" 304 -
180.174.198.13 - - [16/Aug/2021:09:54:41 +0800] "GET /xingrg/javascript/easyui/themes/default/easyui.css HTTP/1.1" 304 -
180.174.198.13 - - [16/Aug/2021:09:54:41 +0800] "GET /xingrg/javascript/jquery_tools/fix.css HTTP/1.1" 304 -
180.174.198.13 - - [16/Aug/2021:09:54:41 +0800] "GET /xingrg/javascript/auto/jquery.autocomplete.css HTTP/1.1" 304 -
180.174.198.13 - - [16/Aug/2021:09:54:41 +0800] "GET /xingrg/javascript/jquery_tools/table.css HTTP/1.1" 304 -
180.174.198.13 - - [16/Aug/2021:09:54:41 +0800] "GET /xingrg/javascript/jquery_tools/jquery.tools.min.js HTTP/1.1" 304 -
180.174.198.13 - - [16/Aug/2021:09:54:41 +0800] "GET /xingrg/javascript/jquery_tools/jquery.tools.hotkey.js HTTP/1.1" 304 -
180.174.198.13 - - [16/Aug/2021:09:54:41 +0800] "GET /xingrg/javascript/jquery_tools/jquery.tools.table.js HTTP/1.1" 304 -
180.174.198.13 - - [16/Aug/2021:09:54:41 +0800] "GET /xingrg/javascript/jquery_tools/list_manager.js HTTP/1.1" 304 -
180.174.198.13 - - [16/Aug/2021:09:54:41 +0800] "GET /xingrg/javascript/auto/jquery.autocomplete.js HTTP/1.1" 304 -
180.174.198.13 - - [16/Aug/2021:09:54:41 +0800] "GET /xingrg/javascript/jquery.cookie.js HTTP/1.1" 304 -
180.174.198.13 - - [16/Aug/2021:09:54:41 +0800] "GET /xingrg/kc/buy/cgsh_order_list.html HTTP/1.1" 200 47405
180.174.198.13 - - [16/Aug/2021:09:54:41 +0800] "GET /xingrg/javascript/print/LodopFuncs.js HTTP/1.1" 304 -
180.174.198.13 - - [16/Aug/2021:09:54:41 +0800] "GET /xingrg/javascript/easyui/easyloader.js HTTP/1.1" 304 -
180.174.198.13 - - [16/Aug/2021:09:54:41 +0800] "GET /xingrg/javascript/easyui/themes/icons/edit_add_new.png HTTP/1.1" 304 -
180.174.198.13 - - [16/Aug/2021:09:54:41 +0800] "GET /xingrg/javascript/easyui/themes/icons/check_new.png HTTP/1.1" 304 -
180.174.198.13 - - [16/Aug/2021:09:54:41 +0800] "GET /xingrg/javascript/easyui/themes/icons/field_new.png HTTP/1.1" 304 -
180.174.198.13 - - [16/Aug/2021:09:54:41 +0800] "GET /xingrg/javascript/easyui/themes/icons/import_new.png HTTP/1.1" 304 -
180.174.198.13 - - [16/Aug/2021:09:54:41 +0800] "GET /xingrg/javascript/easyui/themes/icons/cance_new.png HTTP/1.1" 304 -
180.174.198.13 - - [16/Aug/2021:09:54:41 +0800] "GET /xingrg/javascript/jquery_easy_ui/themes/icons/area.png HTTP/1.1" 304 -
180.174.198.13 - - [16/Aug/2021:09:54:41 +0800] "GET /xingrg/javascript/jquery_easy_ui/themes/icons/rest.png HTTP/1.1" 304 -
180.174.198.13 - - [16/Aug/2021:09:54:41 +0800] "GET /xingrg/javascript/easyui/plugins/jquery.parser.js HTTP/1.1" 304 -
180.174.198.13 - - [16/Aug/2021:09:54:41 +0800] "GET /xingrg/images/control/ajaxLoader.gif HTTP/1.1" 304 -
114.88.154.248 - - [16/Aug/2021:09:54:43 +0800] "GET /xingrg/all/function/internal_message.html?_=1629078774192&CODE_STATE=getMsg HTTP/1.1" 200 27
101.83.145.79 - - [16/Aug/2021:09:54:50 +0800] "GET /xingrg/all/function/internal_message.html?_=1629078890919&CODE_STATE=getMsg HTTP/1.1" 200 27
116.238.194.18 - - [16/Aug/2021:09:54:52 +0800] "GET /xingrg/all/function/internal_message.html?_=1629078889856&CODE_STATE=getMsg HTTP/1.1" 200 27
116.238.194.18 - - [16/Aug/2021:09:54:52 +0800] "GET /xingrg/check_reg.html?_=1629078890022 HTTP/1.1" 200 22
101.85.93.96 - - [16/Aug/2021:09:54:53 +0800] "GET /xingrg/check_reg.html?_=1629078852947 HTTP/1.1" 200 22
101.85.93.96 - - [16/Aug/2021:09:54:53 +0800] "GET /xingrg/all/function/internal_message.html?_=1629078852948&CODE_STATE=getMsg HTTP/1.1" 200 27
101.83.241.165 - - [16/Aug/2021:09:54:55 +0800] "GET /xingrg/all/function/internal_message.html?_=1629078894674&CODE_STATE=getMsg HTTP/1.1" 200 27
