222.70.246.151 - - [16/Aug/2021:08:25:36 +0800] "POST /xingrg/dwr/call/plaincall/AjaxCheckService.setItemNumber.dwr HTTP/1.1" 200 78
222.70.246.151 - - [16/Aug/2021:08:25:36 +0800] "POST /xingrg/dwr/call/plaincall/AjaxCheckService.setItemNumber.dwr HTTP/1.1" 200 78
116.230.105.26 - - [16/Aug/2021:08:25:37 +0800] "POST /xingrg/kc/buy/cgsh_list_operate.html HTTP/1.1" 200 499
116.230.105.26 - - [16/Aug/2021:08:25:39 +0800] "GET /xingrg/kc/buy/cgsh_order_info.html?code=212021081506564 HTTP/1.1" 200 58020
116.230.105.26 - - [16/Aug/2021:08:25:39 +0800] "GET /xingrg/words/20210815180211_words.js HTTP/1.1" 304 -
222.70.246.151 - - [16/Aug/2021:08:25:39 +0800] "POST /xingrg/dwr/call/plaincall/AjaxCheckService.setItemNumber.dwr HTTP/1.1" 200 78
116.230.105.26 - - [16/Aug/2021:08:25:39 +0800] "GET /xingrg/javascript/easyui/themes/icons/copy_new.png HTTP/1.1" 304 -
116.230.105.26 - - [16/Aug/2021:08:25:39 +0800] "GET /xingrg/javascript/easyui/themes/icons/print.png HTTP/1.1" 304 -
116.230.105.26 - - [16/Aug/2021:08:25:39 +0800] "GET /xingrg/javascript/easyui/themes/default/images/menu_downarrow.png HTTP/1.1" 304 -
116.230.105.26 - - [16/Aug/2021:08:25:39 +0800] "GET /xingrg/javascript/easyui/themes/icons/cancel.png HTTP/1.1" 304 -
116.230.105.26 - - [16/Aug/2021:08:25:39 +0800] "GET /xingrg/javascript/easyui/themes/default/validatebox.css HTTP/1.1" 404 1104
222.70.246.151 - - [16/Aug/2021:08:25:40 +0800] "POST /xingrg/dwr/call/plaincall/AjaxCheckService.setItemNumber.dwr HTTP/1.1" 200 78
116.230.105.26 - - [16/Aug/2021:08:25:40 +0800] "POST /xingrg/kc/buy/cgsh_order_operate.html HTTP/1.1" 200 2967
116.230.105.26 - - [16/Aug/2021:08:25:40 +0800] "GET /xingrg/javascript/easyui/themes/icons/edit_remove.png HTTP/1.1" 304 -
116.230.105.26 - - [16/Aug/2021:08:25:41 +0800] "GET /xingrg/javascript/easyui/themes/default/images/button_plain_hover.png HTTP/1.1" 304 -
222.70.246.151 - - [16/Aug/2021:08:25:41 +0800] "POST /xingrg/dwr/call/plaincall/AjaxCheckService.setItemNumber.dwr HTTP/1.1" 200 78
116.230.105.26 - - [16/Aug/2021:08:25:42 +0800] "GET /xingrg/kc/print/load_config.html?kc_code=cgsh HTTP/1.1" 200 2076
222.70.246.151 - - [16/Aug/2021:08:25:42 +0800] "POST /xingrg/dwr/call/plaincall/AjaxCheckService.setItemNumber.dwr HTTP/1.1" 200 78
116.230.105.26 - - [16/Aug/2021:08:25:42 +0800] "GET /xingrg/kc/print/load_data.html?order_code=212021081506564&kc_code=cgsh&condition= HTTP/1.1" 200 1680
222.70.246.151 - - [16/Aug/2021:08:25:43 +0800] "POST /xingrg/dwr/call/plaincall/AjaxCheckService.setItemNumber.dwr HTTP/1.1" 200 78
222.70.246.151 - - [16/Aug/2021:08:25:44 +0800] "POST /xingrg/dwr/call/plaincall/AjaxCheckService.setItemNumber.dwr HTTP/1.1" 200 78
222.70.246.151 - - [16/Aug/2021:08:25:45 +0800] "POST /xingrg/dwr/call/plaincall/AjaxCheckService.setItemNumber.dwr HTTP/1.1" 200 78
222.70.246.151 - - [16/Aug/2021:08:25:46 +0800] "POST /xingrg/dwr/call/plaincall/AjaxCheckService.setItemNumber.dwr HTTP/1.1" 200 78
222.70.246.151 - - [16/Aug/2021:08:25:47 +0800] "POST /xingrg/dwr/call/plaincall/AjaxCheckService.setItemNumber.dwr HTTP/1.1" 200 78
222.70.246.151 - - [16/Aug/2021:08:25:55 +0800] "POST /xingrg/dwr/call/plaincall/AjaxCheckService.setItemNumber.dwr HTTP/1.1" 200 78
222.70.246.151 - - [16/Aug/2021:08:25:56 +0800] "POST /xingrg/dwr/call/plaincall/AjaxCheckService.setItemNumber.dwr HTTP/1.1" 200 78
116.238.194.18 - - [16/Aug/2021:08:25:57 +0800] "GET /xingrg/check_reg.html?_=1629073555224 HTTP/1.1" 200 22
116.238.194.18 - - [16/Aug/2021:08:25:57 +0800] "GET /xingrg/all/function/internal_message.html?_=1629073555226&CODE_STATE=getMsg HTTP/1.1" 200 27
222.70.246.151 - - [16/Aug/2021:08:25:57 +0800] "POST /xingrg/dwr/call/plaincall/AjaxCheckService.setItemNumber.dwr HTTP/1.1" 200 78
222.70.246.151 - - [16/Aug/2021:08:26:00 +0800] "GET /xingrg/all/function/internal_message.html?_=1629073559835&CODE_STATE=getMsg HTTP/1.1" 200 27
222.70.246.151 - - [16/Aug/2021:08:26:00 +0800] "POST /xingrg/dwr/call/plaincall/AjaxCheckService.setItemNumber.dwr HTTP/1.1" 200 78
222.70.246.151 - - [16/Aug/2021:08:26:02 +0800] "POST /xingrg/dwr/call/plaincall/AjaxCheckService.setItemNumber.dwr HTTP/1.1" 200 78
222.70.246.151 - - [16/Aug/2021:08:26:02 +0800] "POST /xingrg/dwr/call/plaincall/AjaxCheckService.setItemNumber.dwr HTTP/1.1" 200 78
120.253.135.82 - - [16/Aug/2021:08:26:02 +0800] "GET /xingrg/check_reg.html?_=1629073337174 HTTP/1.1" 200 22
120.253.135.82 - - [16/Aug/2021:08:26:03 +0800] "GET /xingrg/all/function/internal_message.html?_=1629073337780&CODE_STATE=getMsg HTTP/1.1" 200 27
222.70.246.151 - - [16/Aug/2021:08:26:05 +0800] "POST /xingrg/dwr/call/plaincall/AjaxCheckService.setItemNumber.dwr HTTP/1.1" 200 78
222.70.246.151 - - [16/Aug/2021:08:26:06 +0800] "POST /xingrg/dwr/call/plaincall/AjaxCheckService.setItemNumber.dwr HTTP/1.1" 200 78
222.70.246.151 - - [16/Aug/2021:08:26:06 +0800] "POST /xingrg/dwr/call/plaincall/AjaxCheckService.setItemNumber.dwr HTTP/1.1" 200 78
222.70.246.151 - - [16/Aug/2021:08:26:07 +0800] "POST /xingrg/dwr/call/plaincall/AjaxCheckService.setItemNumber.dwr HTTP/1.1" 200 78
116.230.105.26 - - [16/Aug/2021:08:26:08 +0800] "GET /xingrg/all/function/internal_message.html?_=1629073553527&CODE_STATE=getMsg HTTP/1.1" 200 27
222.70.246.151 - - [16/Aug/2021:08:26:09 +0800] "POST /xingrg/dwr/call/plaincall/AjaxCheckService.setItemNumber.dwr HTTP/1.1" 200 78
222.70.246.151 - - [16/Aug/2021:08:26:10 +0800] "POST /xingrg/dwr/call/plaincall/AjaxCheckService.setItemNumber.dwr HTTP/1.1" 200 78
222.70.246.151 - - [16/Aug/2021:08:26:12 +0800] "POST /xingrg/dwr/call/plaincall/AjaxCheckService.setItemNumber.dwr HTTP/1.1" 200 78
222.70.246.151 - - [16/Aug/2021:08:26:13 +0800] "POST /xingrg/dwr/call/plaincall/AjaxCheckService.setItemNumber.dwr HTTP/1.1" 200 78
222.70.246.151 - - [16/Aug/2021:08:26:13 +0800] "POST /xingrg/dwr/call/plaincall/AjaxCheckService.setItemNumber.dwr HTTP/1.1" 200 78
222.70.246.151 - - [16/Aug/2021:08:26:14 +0800] "POST /xingrg/dwr/call/plaincall/AjaxCheckService.setItemNumber.dwr HTTP/1.1" 200 78
222.70.246.151 - - [16/Aug/2021:08:26:15 +0800] "POST /xingrg/dwr/call/plaincall/AjaxCheckService.setItemNumber.dwr HTTP/1.1" 200 78
222.70.246.151 - - [16/Aug/2021:08:26:16 +0800] "POST /xingrg/dwr/call/plaincall/AjaxCheckService.setItemNumber.dwr HTTP/1.1" 200 78
222.70.246.151 - - [16/Aug/2021:08:26:17 +0800] "POST /xingrg/dwr/call/plaincall/AjaxCheckService.setItemNumber.dwr HTTP/1.1" 200 78
222.70.246.151 - - [16/Aug/2021:08:26:19 +0800] "POST /xingrg/dwr/call/plaincall/AjaxCheckService.setItemNumber.dwr HTTP/1.1" 200 78
180.169.147.146 - - [16/Aug/2021:08:26:20 +0800] "GET /xingrg/all/function/internal_message.html?_=1629073578371&CODE_STATE=getMsg HTTP/1.1" 200 27
222.70.246.151 - - [16/Aug/2021:08:26:31 +0800] "POST /xingrg/dwr/call/plaincall/AjaxCheckService.setItemNumber.dwr HTTP/1.1" 200 78
58.40.7.146 - - [16/Aug/2021:08:26:32 +0800] "GET /xingrg/all/function/internal_message.html?_=1629073590472&CODE_STATE=getMsg HTTP/1.1" 200 27
222.70.246.151 - - [16/Aug/2021:08:26:35 +0800] "POST /xingrg/dwr/call/plaincall/AjaxCheckService.setItemNumber.dwr HTTP/1.1" 200 78
222.70.246.151 - - [16/Aug/2021:08:26:40 +0800] "POST /xingrg/dwr/call/plaincall/AjaxCheckService.setItemNumber.dwr HTTP/1.1" 200 78
222.70.246.151 - - [16/Aug/2021:08:26:40 +0800] "POST /xingrg/dwr/call/plaincall/AjaxCheckService.setItemNumber.dwr HTTP/1.1" 200 78
222.70.246.151 - - [16/Aug/2021:08:26:42 +0800] "POST /xingrg/dwr/call/plaincall/AjaxCheckService.setItemNumber.dwr HTTP/1.1" 200 78
222.70.246.151 - - [16/Aug/2021:08:26:44 +0800] "POST /xingrg/dwr/call/plaincall/AjaxCheckService.setItemNumber.dwr HTTP/1.1" 200 78
222.70.246.151 - - [16/Aug/2021:08:26:45 +0800] "POST /xingrg/dwr/call/plaincall/AjaxCheckService.setItemNumber.dwr HTTP/1.1" 200 78
222.70.246.151 - - [16/Aug/2021:08:26:46 +0800] "POST /xingrg/dwr/call/plaincall/AjaxCheckService.setItemNumber.dwr HTTP/1.1" 200 78
222.70.246.151 - - [16/Aug/2021:08:26:48 +0800] "POST /xingrg/dwr/call/plaincall/AjaxCheckService.setItemNumber.dwr HTTP/1.1" 200 78
222.70.246.151 - - [16/Aug/2021:08:26:49 +0800] "POST /xingrg/dwr/call/plaincall/AjaxCheckService.setItemNumber.dwr HTTP/1.1" 200 78
222.70.246.151 - - [16/Aug/2021:08:26:55 +0800] "POST /xingrg/dwr/call/plaincall/AjaxCheckService.setItemNumber.dwr HTTP/1.1" 200 78
116.238.194.18 - - [16/Aug/2021:08:26:57 +0800] "GET /xingrg/all/function/internal_message.html?_=1629073615230&CODE_STATE=getMsg HTTP/1.1" 200 27
222.70.246.151 - - [16/Aug/2021:08:27:00 +0800] "GET /xingrg/all/function/internal_message.html?_=1629073619849&CODE_STATE=getMsg HTTP/1.1" 200 27
120.253.135.82 - - [16/Aug/2021:08:27:03 +0800] "GET /xingrg/all/function/internal_message.html?_=1629073397794&CODE_STATE=getMsg HTTP/1.1" 200 27
116.230.105.26 - - [16/Aug/2021:08:27:08 +0800] "GET /xingrg/all/function/internal_message.html?_=1629073613525&CODE_STATE=getMsg HTTP/1.1" 200 27
180.169.147.146 - - [16/Aug/2021:08:27:20 +0800] "GET /xingrg/all/function/internal_message.html?_=1629073638368&CODE_STATE=getMsg HTTP/1.1" 200 27
222.70.246.151 - - [16/Aug/2021:08:27:25 +0800] "GET /xingrg/check_reg.html?_=1629073645165 HTTP/1.1" 302 -
58.40.7.146 - - [16/Aug/2021:08:27:32 +0800] "GET /xingrg/all/function/internal_message.html?_=1629073650475&CODE_STATE=getMsg HTTP/1.1" 200 27
180.169.147.146 - - [16/Aug/2021:08:27:36 +0800] "GET /xingrg/check_reg.html?_=1629073653930 HTTP/1.1" 200 22
116.238.194.18 - - [16/Aug/2021:08:27:57 +0800] "GET /xingrg/all/function/internal_message.html?_=1629073675229&CODE_STATE=getMsg HTTP/1.1" 200 27
222.70.246.151 - - [16/Aug/2021:08:28:00 +0800] "GET /xingrg/all/function/internal_message.html?_=1629073679863&CODE_STATE=getMsg HTTP/1.1" 200 27
120.253.135.82 - - [16/Aug/2021:08:28:03 +0800] "GET /xingrg/all/function/internal_message.html?_=1629073457807&CODE_STATE=getMsg HTTP/1.1" 200 27
116.230.105.26 - - [16/Aug/2021:08:28:08 +0800] "GET /xingrg/all/function/internal_message.html?_=1629073673534&CODE_STATE=getMsg HTTP/1.1" 200 27
116.230.105.26 - - [16/Aug/2021:08:28:16 +0800] "GET /xingrg/login.html HTTP/1.1" 200 7641
180.169.147.146 - - [16/Aug/2021:08:28:20 +0800] "GET /xingrg/all/function/internal_message.html?_=1629073698340&CODE_STATE=getMsg HTTP/1.1" 200 27
58.40.7.146 - - [16/Aug/2021:08:28:32 +0800] "GET /xingrg/all/function/internal_message.html?_=1629073710477&CODE_STATE=getMsg HTTP/1.1" 200 27
222.70.246.151 - - [16/Aug/2021:08:28:46 +0800] "GET /xingrg/check_reg.html?_=1629073725759 HTTP/1.1" 200 22
116.238.194.18 - - [16/Aug/2021:08:28:57 +0800] "GET /xingrg/all/function/internal_message.html?_=1629073735228&CODE_STATE=getMsg HTTP/1.1" 200 27
222.70.246.151 - - [16/Aug/2021:08:29:00 +0800] "GET /xingrg/all/function/internal_message.html?_=1629073739875&CODE_STATE=getMsg HTTP/1.1" 200 27
120.253.135.82 - - [16/Aug/2021:08:29:03 +0800] "GET /xingrg/all/function/internal_message.html?_=1629073517866&CODE_STATE=getMsg HTTP/1.1" 200 27
116.230.105.26 - - [16/Aug/2021:08:29:10 +0800] "GET /xingrg/all/function/internal_message.html?_=1629073733525&CODE_STATE=getMsg HTTP/1.1" 200 27
180.169.147.146 - - [16/Aug/2021:08:29:20 +0800] "GET /xingrg/all/function/internal_message.html?_=1629073758320&CODE_STATE=getMsg HTTP/1.1" 200 27
58.40.7.146 - - [16/Aug/2021:08:29:32 +0800] "GET /xingrg/all/function/internal_message.html?_=1629073770479&CODE_STATE=getMsg HTTP/1.1" 200 27
58.40.7.146 - - [16/Aug/2021:08:29:32 +0800] "GET /xingrg/check_reg.html?_=1629073770481 HTTP/1.1" 200 22
222.70.246.151 - - [16/Aug/2021:08:29:54 +0800] "POST /xingrg/services/DataTransmitService HTTP/1.1" 200 524
116.238.194.18 - - [16/Aug/2021:08:29:57 +0800] "GET /xingrg/all/function/internal_message.html?_=1629073795249&CODE_STATE=getMsg HTTP/1.1" 200 27
222.70.246.151 - - [16/Aug/2021:08:30:00 +0800] "GET /xingrg/all/function/internal_message.html?_=1629073799890&CODE_STATE=getMsg HTTP/1.1" 200 27
120.253.135.82 - - [16/Aug/2021:08:30:03 +0800] "GET /xingrg/all/function/internal_message.html?_=1629073577881&CODE_STATE=getMsg HTTP/1.1" 200 27
116.230.105.26 - - [16/Aug/2021:08:30:08 +0800] "GET /xingrg/check_reg.html?_=1629073793544 HTTP/1.1" 200 22
116.230.105.26 - - [16/Aug/2021:08:30:08 +0800] "GET /xingrg/all/function/internal_message.html?_=1629073793550&CODE_STATE=getMsg HTTP/1.1" 200 27
180.169.147.146 - - [16/Aug/2021:08:30:20 +0800] "GET /xingrg/all/function/internal_message.html?_=1629073818288&CODE_STATE=getMsg HTTP/1.1" 200 27
222.70.246.151 - - [16/Aug/2021:08:30:31 +0800] "POST /xingrg/services/DataTransmitService HTTP/1.1" 200 501
58.40.7.146 - - [16/Aug/2021:08:30:32 +0800] "GET /xingrg/all/function/internal_message.html?_=1629073830483&CODE_STATE=getMsg HTTP/1.1" 200 27
222.70.246.151 - - [16/Aug/2021:08:30:33 +0800] "POST /xingrg/services/DataTransmitService HTTP/1.1" 200 501
222.70.246.151 - - [16/Aug/2021:08:30:53 +0800] "POST /xingrg/services/DataTransmitService HTTP/1.1" 200 501
116.238.194.18 - - [16/Aug/2021:08:30:57 +0800] "GET /xingrg/check_reg.html?_=1629073855236 HTTP/1.1" 200 22
116.238.194.18 - - [16/Aug/2021:08:30:57 +0800] "GET /xingrg/all/function/internal_message.html?_=1629073855239&CODE_STATE=getMsg HTTP/1.1" 200 27
222.70.246.151 - - [16/Aug/2021:08:31:00 +0800] "GET /xingrg/all/function/internal_message.html?_=1629073859921&CODE_STATE=getMsg HTTP/1.1" 200 27
120.253.135.82 - - [16/Aug/2021:08:31:02 +0800] "GET /xingrg/check_reg.html?_=1629073637213 HTTP/1.1" 200 22
120.253.135.82 - - [16/Aug/2021:08:31:03 +0800] "GET /xingrg/all/function/internal_message.html?_=1629073637895&CODE_STATE=getMsg HTTP/1.1" 200 27
116.230.105.26 - - [16/Aug/2021:08:31:08 +0800] "GET /xingrg/all/function/internal_message.html?_=1629073853530&CODE_STATE=getMsg HTTP/1.1" 200 27
222.70.246.151 - - [16/Aug/2021:08:31:14 +0800] "POST /xingrg/services/DataTransmitService HTTP/1.1" 200 501
222.70.246.151 - - [16/Aug/2021:08:31:16 +0800] "POST /xingrg/services/DataTransmitService HTTP/1.1" 200 501
222.70.246.151 - - [16/Aug/2021:08:31:16 +0800] "POST /xingrg/services/DataTransmitService HTTP/1.1" 200 501
101.83.145.79 - - [16/Aug/2021:08:31:18 +0800] "GET /favicon.ico HTTP/1.1" 404 -
101.83.145.79 - - [16/Aug/2021:08:31:18 +0800] "GET /xingrg/index.html?sysBaseUrl=http%3A%2F%2F180.169.147.146%3A18081%2Fxingrg%2F&costTime=36×tamp=1585223203754 HTTP/1.1" 302 -
101.83.145.79 - - [16/Aug/2021:08:31:18 +0800] "GET /xingrg/login.html HTTP/1.1" 200 7641
101.83.145.79 - - [16/Aug/2021:08:31:19 +0800] "GET /xingrg/images/blue/jxLogo.png HTTP/1.1" 304 -
222.70.246.151 - - [16/Aug/2021:08:31:19 +0800] "POST /xingrg/services/DataTransmitService HTTP/1.1" 200 501
180.169.147.146 - - [16/Aug/2021:08:31:20 +0800] "GET /xingrg/all/function/internal_message.html?_=1629073878270&CODE_STATE=getMsg HTTP/1.1" 200 27
101.83.145.79 - - [16/Aug/2021:08:31:21 +0800] "GET /xingrg/images/blue/login_bg.png HTTP/1.1" 304 -
101.83.145.79 - - [16/Aug/2021:08:31:21 +0800] "GET /xingrg/images/blue/hj.png HTTP/1.1" 304 -
101.83.145.79 - - [16/Aug/2021:08:31:21 +0800] "GET /xingrg/images/blue/srbg.png HTTP/1.1" 304 -
101.83.145.79 - - [16/Aug/2021:08:31:21 +0800] "GET /favicon.ico HTTP/1.1" 404 -
222.70.246.151 - - [16/Aug/2021:08:31:21 +0800] "POST /xingrg/services/DataTransmitService HTTP/1.1" 200 501
222.70.246.151 - - [16/Aug/2021:08:31:23 +0800] "POST /xingrg/services/DataTransmitService HTTP/1.1" 200 501
222.70.246.151 - - [16/Aug/2021:08:31:23 +0800] "POST /xingrg/services/DataTransmitService HTTP/1.1" 200 412
58.40.7.146 - - [16/Aug/2021:08:31:32 +0800] "GET /xingrg/all/function/internal_message.html?_=1629073890484&CODE_STATE=getMsg HTTP/1.1" 200 27
101.83.145.79 - - [16/Aug/2021:08:31:51 +0800] "POST /xingrg/login.do HTTP/1.1" 302 -
101.83.145.79 - - [16/Aug/2021:08:31:51 +0800] "GET /xingrg/index.html?sysBaseUrl=http%3A%2F%2F180.169.147.146%3A18081%2Fxingrg%2F&costTime=1163×tamp=1629073911451 HTTP/1.1" 200 17173
101.83.145.79 - - [16/Aug/2021:08:31:51 +0800] "GET /xingrg/javascript/jquery_easy_ui/themes/default/easyui.css HTTP/1.1" 304 -
101.83.145.79 - - [16/Aug/2021:08:31:51 +0800] "GET /xingrg/javascript/jquery_easy_ui/themes/icon.css HTTP/1.1" 304 -
101.83.145.79 - - [16/Aug/2021:08:31:51 +0800] "GET /xingrg/css/form.css HTTP/1.1" 304 -
101.83.145.79 - - [16/Aug/2021:08:31:51 +0800] "GET /xingrg/javascript/jquery-1.4.2.min.js HTTP/1.1" 304 -
101.83.145.79 - - [16/Aug/2021:08:31:51 +0800] "GET /xingrg/javascript/jquery_easy_ui/jquery.easyui.min.js HTTP/1.1" 304 -
101.83.145.79 - - [16/Aug/2021:08:31:51 +0800] "GET /xingrg/javascript/jquery_easy_ui/easyui-lang-zh_CN.js HTTP/1.1" 304 -
101.83.145.79 - - [16/Aug/2021:08:31:51 +0800] "GET /xingrg/javascript/jquery.form.js HTTP/1.1" 304 -
101.83.145.79 - - [16/Aug/2021:08:31:51 +0800] "GET /xingrg/javascript/jquery.utils.js HTTP/1.1" 304 -
101.83.145.79 - - [16/Aug/2021:08:31:51 +0800] "GET /xingrg/javascript/jquery.timers.js HTTP/1.1" 304 -
101.83.145.79 - - [16/Aug/2021:08:31:51 +0800] "GET /favicon.ico HTTP/1.1" 404 -
101.83.145.79 - - [16/Aug/2021:08:31:51 +0800] "GET /xingrg/javascript/jquery_easy_ui/themes/icons/settle_new.png HTTP/1.1" 304 -
101.83.145.79 - - [16/Aug/2021:08:31:51 +0800] "GET /xingrg/images/blue/navBackgound.jpg HTTP/1.1" 304 -
101.83.145.79 - - [16/Aug/2021:08:31:51 +0800] "GET /xingrg/all/function/internal_message.html?_=1629073912043&CODE_STATE=count HTTP/1.1" 200 11
101.83.145.79 - - [16/Aug/2021:08:31:51 +0800] "GET /xingrg/images/blue/pingpu.png HTTP/1.1" 304 -
101.83.145.79 - - [16/Aug/2021:08:31:51 +0800] "GET /xingrg/check_reg.html?_=1629073912044 HTTP/1.1" 200 22
101.83.145.79 - - [16/Aug/2021:08:31:52 +0800] "POST /xingrg/all/common/load_tree.html?tree=area_rest_tree_json&manage=1 HTTP/1.1" 200 3472
101.83.145.79 - - [16/Aug/2021:08:31:52 +0800] "GET /xingrg/javascript/jquery_easy_ui/themes/default/images/tabs_leftarrow.png HTTP/1.1" 304 -
101.83.145.79 - - [16/Aug/2021:08:31:52 +0800] "GET /xingrg/javascript/jquery_easy_ui/themes/default/images/tabs_rightarrow.png HTTP/1.1" 304 -
101.83.145.79 - - [16/Aug/2021:08:31:52 +0800] "GET /xingrg/javascript/jquery_easy_ui/themes/default/images/panel_tool_collapse.gif HTTP/1.1" 304 -
101.83.145.79 - - [16/Aug/2021:08:31:52 +0800] "GET /xingrg/javascript/jquery_easy_ui/themes/default/images/tree_arrows.gif HTTP/1.1" 304 -
101.83.145.79 - - [16/Aug/2021:08:31:52 +0800] "POST /xingrg/load_menu.html HTTP/1.1" 200 5138
101.83.145.79 - - [16/Aug/2021:08:31:52 +0800] "GET /xingrg/javascript/jquery_easy_ui/themes/default/images/tree_folder_open.gif HTTP/1.1" 304 -
101.83.145.79 - - [16/Aug/2021:08:31:52 +0800] "GET /xingrg/javascript/jquery_easy_ui/themes/icons/search_new.png HTTP/1.1" 304 -
101.83.145.79 - - [16/Aug/2021:08:31:52 +0800] "GET /xingrg/javascript/jquery_easy_ui/themes/default/images/tree_folder.gif HTTP/1.1" 304 -
101.83.145.79 - - [16/Aug/2021:08:31:52 +0800] "GET /xingrg/javascript/jquery_easy_ui/themes/icons/storage_new.png HTTP/1.1" 304 -
101.83.145.79 - - [16/Aug/2021:08:31:52 +0800] "GET /xingrg/javascript/jquery_easy_ui/themes/icons/forms_new.png HTTP/1.1" 304 -
101.83.145.79 - - [16/Aug/2021:08:31:52 +0800] "GET /xingrg/javascript/jquery_easy_ui/themes/default/images/tree_file.gif HTTP/1.1" 304 -
101.83.145.79 - - [16/Aug/2021:08:31:55 +0800] "GET /xingrg/javascript/jquery_easy_ui/themes/default/images/tabs_close.gif HTTP/1.1" 304 -
101.83.145.79 - - [16/Aug/2021:08:31:55 +0800] "GET /xingrg/kc/base/check_order_list.html HTTP/1.1" 200 16302
101.83.145.79 - - [16/Aug/2021:08:31:55 +0800] "GET /xingrg/css/base.css HTTP/1.1" 304 -
101.83.145.79 - - [16/Aug/2021:08:31:55 +0800] "GET /xingrg/css/site.css HTTP/1.1" 304 -
101.83.145.79 - - [16/Aug/2021:08:31:55 +0800] "GET /xingrg/javascript/jquery_tools/datebox.css HTTP/1.1" 304 -
101.83.145.79 - - [16/Aug/2021:08:31:55 +0800] "GET /xingrg/javascript/easyui/themes/default/easyui.css HTTP/1.1" 304 -
101.83.145.79 - - [16/Aug/2021:08:31:55 +0800] "GET /xingrg/javascript/easyui/themes/icon.css HTTP/1.1" 304 -
101.83.145.79 - - [16/Aug/2021:08:31:55 +0800] "GET /xingrg/javascript/auto/jquery.autocomplete.css HTTP/1.1" 304 -
101.83.145.79 - - [16/Aug/2021:08:31:55 +0800] "GET /xingrg/javascript/jquery_tools/fix.css HTTP/1.1" 304 -
101.83.145.79 - - [16/Aug/2021:08:31:55 +0800] "GET /xingrg/javascript/jquery_tools/table.css HTTP/1.1" 304 -
101.83.145.79 - - [16/Aug/2021:08:31:55 +0800] "GET /xingrg/javascript/jquery_tools/jquery.tools.min.js HTTP/1.1" 304 -
101.83.145.79 - - [16/Aug/2021:08:31:55 +0800] "GET /xingrg/javascript/jquery_tools/jquery.tools.extend.js HTTP/1.1" 304 -
101.83.145.79 - - [16/Aug/2021:08:31:55 +0800] "GET /xingrg/javascript/jquery_tools/jquery.tools.hotkey.js HTTP/1.1" 304 -
101.83.145.79 - - [16/Aug/2021:08:31:55 +0800] "GET /xingrg/javascript/jquery_tools/jquery.tools.table.js HTTP/1.1" 304 -
101.83.145.79 - - [16/Aug/2021:08:31:55 +0800] "GET /xingrg/javascript/jquery_tools/list_manager.js HTTP/1.1" 304 -
101.83.145.79 - - [16/Aug/2021:08:31:55 +0800] "GET /xingrg/javascript/auto/jquery.autocomplete.js HTTP/1.1" 304 -
101.83.145.79 - - [16/Aug/2021:08:31:55 +0800] "GET /xingrg/javascript/easyui/easyloader.js HTTP/1.1" 304 -
101.83.145.79 - - [16/Aug/2021:08:31:55 +0800] "GET /xingrg/javascript/jquery.cookie.js HTTP/1.1" 304 -
101.83.145.79 - - [16/Aug/2021:08:31:55 +0800] "GET /xingrg/javascript/easyui/plugins/jquery.parser.js HTTP/1.1" 304 -
101.83.145.79 - - [16/Aug/2021:08:31:55 +0800] "GET /xingrg/images/control/ajaxLoader.gif HTTP/1.1" 304 -
101.83.145.79 - - [16/Aug/2021:08:31:55 +0800] "GET /xingrg/javascript/easyui/themes/icons/edit_add_new.png HTTP/1.1" 304 -
101.83.145.79 - - [16/Aug/2021:08:31:55 +0800] "GET /xingrg/javascript/easyui/themes/icons/cance_new.png HTTP/1.1" 304 -
101.83.145.79 - - [16/Aug/2021:08:31:55 +0800] "GET /xingrg/javascript/easyui/themes/icons/check_new.png HTTP/1.1" 304 -
101.83.145.79 - - [16/Aug/2021:08:31:55 +0800] "GET /xingrg/javascript/easyui/themes/icons/field_new.png HTTP/1.1" 304 -
101.83.145.79 - - [16/Aug/2021:08:31:56 +0800] "POST /xingrg/kc/base/check_list_operate.html HTTP/1.1" 200 781
116.238.194.18 - - [16/Aug/2021:08:31:57 +0800] "GET /xingrg/all/function/internal_message.html?_=1629073915240&CODE_STATE=getMsg HTTP/1.1" 200 27
222.70.246.151 - - [16/Aug/2021:08:32:00 +0800] "GET /xingrg/all/function/internal_message.html?_=1629073919932&CODE_STATE=getMsg HTTP/1.1" 200 27
120.253.135.82 - - [16/Aug/2021:08:32:03 +0800] "GET /xingrg/all/function/internal_message.html?_=1629073697909&CODE_STATE=getMsg HTTP/1.1" 200 27
116.230.105.26 - - [16/Aug/2021:08:32:08 +0800] "GET /xingrg/all/function/internal_message.html?_=1629073913544&CODE_STATE=getMsg HTTP/1.1" 200 27
180.169.147.146 - - [16/Aug/2021:08:32:20 +0800] "GET /xingrg/all/function/internal_message.html?_=1629073938244&CODE_STATE=getMsg HTTP/1.1" 200 27
180.174.198.13 - - [16/Aug/2021:08:32:24 +0800] "GET /xingrg/check_reg.html?_=1629073922480 HTTP/1.1" 302 -
180.174.198.13 - - [16/Aug/2021:08:32:24 +0800] "GET /xingrg/login.html HTTP/1.1" 200 7641
222.70.246.151 - - [16/Aug/2021:08:32:25 +0800] "GET /xingrg/check_reg.html?_=1629073945167 HTTP/1.1" 302 -
58.40.7.146 - - [16/Aug/2021:08:32:32 +0800] "GET /xingrg/all/function/internal_message.html?_=1629073950487&CODE_STATE=getMsg HTTP/1.1" 200 27
180.169.147.146 - - [16/Aug/2021:08:32:36 +0800] "GET /xingrg/check_reg.html?_=1629073953933 HTTP/1.1" 200 22
101.83.145.79 - - [16/Aug/2021:08:32:51 +0800] "GET /xingrg/all/function/internal_message.html?_=1629073972052&CODE_STATE=getMsg HTTP/1.1" 200 27
116.238.194.18 - - [16/Aug/2021:08:32:57 +0800] "GET /xingrg/all/function/internal_message.html?_=1629073975246&CODE_STATE=getMsg HTTP/1.1" 200 27
222.70.246.151 - - [16/Aug/2021:08:33:00 +0800] "GET /xingrg/all/function/internal_message.html?_=1629073979945&CODE_STATE=getMsg HTTP/1.1" 200 27
120.253.135.82 - - [16/Aug/2021:08:33:03 +0800] "GET /xingrg/all/function/internal_message.html?_=1629073758031&CODE_STATE=getMsg HTTP/1.1" 200 27
222.70.246.151 - - [16/Aug/2021:08:33:07 +0800] "POST /xingrg/dwr/call/plaincall/AjaxCheckService.setItemNumber.dwr HTTP/1.1" 200 78
116.230.105.26 - - [16/Aug/2021:08:33:08 +0800] "GET /xingrg/all/function/internal_message.html?_=1629073973537&CODE_STATE=getMsg HTTP/1.1" 200 27
222.70.246.151 - - [16/Aug/2021:08:33:08 +0800] "POST /xingrg/dwr/call/plaincall/AjaxCheckService.setItemNumber.dwr HTTP/1.1" 200 78
222.70.246.151 - - [16/Aug/2021:08:33:11 +0800] "POST /xingrg/dwr/call/plaincall/AjaxCheckService.setItemNumber.dwr HTTP/1.1" 200 78
222.70.246.151 - - [16/Aug/2021:08:33:11 +0800] "POST /xingrg/dwr/call/plaincall/AjaxCheckService.setItemNumber.dwr HTTP/1.1" 200 78
222.70.246.151 - - [16/Aug/2021:08:33:13 +0800] "POST /xingrg/dwr/call/plaincall/AjaxCheckService.setItemNumber.dwr HTTP/1.1" 200 78
222.70.246.151 - - [16/Aug/2021:08:33:13 +0800] "POST /xingrg/dwr/call/plaincall/AjaxCheckService.setItemNumber.dwr HTTP/1.1" 200 78
222.70.246.151 - - [16/Aug/2021:08:33:15 +0800] "POST /xingrg/dwr/call/plaincall/AjaxCheckService.setItemNumber.dwr HTTP/1.1" 200 78
222.70.246.151 - - [16/Aug/2021:08:33:16 +0800] "POST /xingrg/dwr/call/plaincall/AjaxCheckService.setItemNumber.dwr HTTP/1.1" 200 78
222.70.246.151 - - [16/Aug/2021:08:33:16 +0800] "POST /xingrg/dwr/call/plaincall/AjaxCheckService.setItemNumber.dwr HTTP/1.1" 200 78
222.70.246.151 - - [16/Aug/2021:08:33:18 +0800] "POST /xingrg/dwr/call/plaincall/AjaxCheckService.setItemNumber.dwr HTTP/1.1" 200 78
222.70.246.151 - - [16/Aug/2021:08:33:19 +0800] "POST /xingrg/dwr/call/plaincall/AjaxCheckService.setItemNumber.dwr HTTP/1.1" 200 78
222.70.246.151 - - [16/Aug/2021:08:33:20 +0800] "POST /xingrg/dwr/call/plaincall/AjaxCheckService.setItemNumber.dwr HTTP/1.1" 200 78
180.169.147.146 - - [16/Aug/2021:08:33:20 +0800] "GET /xingrg/all/function/internal_message.html?_=1629073998251&CODE_STATE=getMsg HTTP/1.1" 200 27
222.70.246.151 - - [16/Aug/2021:08:33:21 +0800] "POST /xingrg/dwr/call/plaincall/AjaxCheckService.setItemNumber.dwr HTTP/1.1" 200 78
222.70.246.151 - - [16/Aug/2021:08:33:26 +0800] "POST /xingrg/dwr/call/plaincall/AjaxCheckService.setItemNumber.dwr HTTP/1.1" 200 78
222.70.246.151 - - [16/Aug/2021:08:33:26 +0800] "POST /xingrg/dwr/call/plaincall/AjaxCheckService.setItemNumber.dwr HTTP/1.1" 200 78
222.70.246.151 - - [16/Aug/2021:08:33:28 +0800] "POST /xingrg/dwr/call/plaincall/AjaxCheckService.setItemNumber.dwr HTTP/1.1" 200 78
222.70.246.151 - - [16/Aug/2021:08:33:29 +0800] "POST /xingrg/dwr/call/plaincall/AjaxCheckService.setItemNumber.dwr HTTP/1.1" 200 78
222.70.246.151 - - [16/Aug/2021:08:33:30 +0800] "POST /xingrg/dwr/call/plaincall/AjaxCheckService.setItemNumber.dwr HTTP/1.1" 200 78
222.70.246.151 - - [16/Aug/2021:08:33:32 +0800] "POST /xingrg/dwr/call/plaincall/AjaxCheckService.setItemNumber.dwr HTTP/1.1" 200 78
58.40.7.146 - - [16/Aug/2021:08:33:32 +0800] "GET /xingrg/all/function/internal_message.html?_=1629074010488&CODE_STATE=getMsg HTTP/1.1" 200 27
222.70.246.151 - - [16/Aug/2021:08:33:33 +0800] "POST /xingrg/dwr/call/plaincall/AjaxCheckService.setItemNumber.dwr HTTP/1.1" 200 78
222.70.246.151 - - [16/Aug/2021:08:33:35 +0800] "POST /xingrg/dwr/call/plaincall/AjaxCheckService.setItemNumber.dwr HTTP/1.1" 200 78
222.70.246.151 - - [16/Aug/2021:08:33:35 +0800] "POST /xingrg/dwr/call/plaincall/AjaxCheckService.setItemNumber.dwr HTTP/1.1" 200 78
222.70.246.151 - - [16/Aug/2021:08:33:37 +0800] "POST /xingrg/dwr/call/plaincall/AjaxCheckService.setItemNumber.dwr HTTP/1.1" 200 78
222.70.246.151 - - [16/Aug/2021:08:33:38 +0800] "POST /xingrg/dwr/call/plaincall/AjaxCheckService.setItemNumber.dwr HTTP/1.1" 200 78
222.70.246.151 - - [16/Aug/2021:08:33:39 +0800] "POST /xingrg/dwr/call/plaincall/AjaxCheckService.setItemNumber.dwr HTTP/1.1" 200 78
222.70.246.151 - - [16/Aug/2021:08:33:40 +0800] "POST /xingrg/dwr/call/plaincall/AjaxCheckService.setItemNumber.dwr HTTP/1.1" 200 78
222.70.246.151 - - [16/Aug/2021:08:33:42 +0800] "POST /xingrg/dwr/call/plaincall/AjaxCheckService.setItemNumber.dwr HTTP/1.1" 200 78
222.70.246.151 - - [16/Aug/2021:08:33:43 +0800] "POST /xingrg/dwr/call/plaincall/AjaxCheckService.setItemNumber.dwr HTTP/1.1" 200 78
222.70.246.151 - - [16/Aug/2021:08:33:44 +0800] "POST /xingrg/dwr/call/plaincall/AjaxCheckService.setItemNumber.dwr HTTP/1.1" 200 78
222.70.246.151 - - [16/Aug/2021:08:33:46 +0800] "GET /xingrg/check_reg.html?_=1629074025818 HTTP/1.1" 200 22
222.70.246.151 - - [16/Aug/2021:08:33:46 +0800] "POST /xingrg/dwr/call/plaincall/AjaxCheckService.setItemNumber.dwr HTTP/1.1" 200 78
222.70.246.151 - - [16/Aug/2021:08:33:48 +0800] "POST /xingrg/dwr/call/plaincall/AjaxCheckService.setItemNumber.dwr HTTP/1.1" 200 78
222.70.246.151 - - [16/Aug/2021:08:33:49 +0800] "POST /xingrg/dwr/call/plaincall/AjaxCheckService.setItemNumber.dwr HTTP/1.1" 200 78
222.70.246.151 - - [16/Aug/2021:08:33:50 +0800] "POST /xingrg/dwr/call/plaincall/AjaxCheckService.setItemNumber.dwr HTTP/1.1" 200 78
222.70.246.151 - - [16/Aug/2021:08:33:51 +0800] "POST /xingrg/dwr/call/plaincall/AjaxCheckService.setItemNumber.dwr HTTP/1.1" 200 78
101.83.145.79 - - [16/Aug/2021:08:33:51 +0800] "GET /xingrg/all/function/internal_message.html?_=1629074032052&CODE_STATE=getMsg HTTP/1.1" 200 27
222.70.246.151 - - [16/Aug/2021:08:33:52 +0800] "POST /xingrg/dwr/call/plaincall/AjaxCheckService.setItemNumber.dwr HTTP/1.1" 200 78
222.70.246.151 - - [16/Aug/2021:08:33:56 +0800] "POST /xingrg/dwr/call/plaincall/AjaxCheckService.setItemNumber.dwr HTTP/1.1" 200 78
116.238.194.18 - - [16/Aug/2021:08:33:57 +0800] "GET /xingrg/all/function/internal_message.html?_=1629074035248&CODE_STATE=getMsg HTTP/1.1" 200 27
222.70.246.151 - - [16/Aug/2021:08:34:00 +0800] "GET /xingrg/all/function/internal_message.html?_=1629074039960&CODE_STATE=getMsg HTTP/1.1" 200 27
180.169.147.146 - - [16/Aug/2021:08:34:20 +0800] "GET /xingrg/all/function/internal_message.html?_=1629074058219&CODE_STATE=getMsg HTTP/1.1" 200 27
58.40.7.146 - - [16/Aug/2021:08:34:32 +0800] "GET /xingrg/check_reg.html?_=1629074070475 HTTP/1.1" 200 22
58.40.7.146 - - [16/Aug/2021:08:34:32 +0800] "GET /xingrg/all/function/internal_message.html?_=1629074070477&CODE_STATE=getMsg HTTP/1.1" 200 27
58.37.4.159 - - [16/Aug/2021:08:34:50 +0800] "GET /xingrg/login.html?r=1 HTTP/1.1" 200 7641
58.37.4.159 - - [16/Aug/2021:08:34:50 +0800] "GET /favicon.ico HTTP/1.1" 404 -
101.83.145.79 - - [16/Aug/2021:08:34:52 +0800] "GET /xingrg/all/function/internal_message.html?_=1629074092054&CODE_STATE=getMsg HTTP/1.1" 200 27
58.37.4.159 - - [16/Aug/2021:08:34:53 +0800] "POST /xingrg/login.do HTTP/1.1" 302 -
58.37.4.159 - - [16/Aug/2021:08:34:53 +0800] "GET /xingrg/index.html?sysBaseUrl=http%3A%2F%2F180.169.147.146%3A18081%2Fxingrg%2F&costTime=1147×tamp=1629074093044 HTTP/1.1" 200 17173
58.37.4.159 - - [16/Aug/2021:08:34:53 +0800] "GET /favicon.ico HTTP/1.1" 404 -
58.37.4.159 - - [16/Aug/2021:08:34:53 +0800] "GET /xingrg/check_reg.html?_=1629074094707 HTTP/1.1" 200 22
58.37.4.159 - - [16/Aug/2021:08:34:53 +0800] "GET /xingrg/all/function/internal_message.html?_=1629074094706&CODE_STATE=count HTTP/1.1" 200 11
58.37.4.159 - - [16/Aug/2021:08:34:53 +0800] "POST /xingrg/all/common/load_tree.html?tree=area_rest_tree_json&manage=1 HTTP/1.1" 200 342
58.37.4.159 - - [16/Aug/2021:08:34:53 +0800] "POST /xingrg/load_menu.html HTTP/1.1" 200 5138
58.37.4.159 - - [16/Aug/2021:08:34:55 +0800] "GET /xingrg/kc/mdqp/qp_main.html HTTP/1.1" 200 10633
58.37.4.159 - - [16/Aug/2021:08:34:56 +0800] "GET /xingrg/images/yd/bt.gif HTTP/1.1" 404 1040
116.238.194.18 - - [16/Aug/2021:08:34:57 +0800] "GET /xingrg/all/function/internal_message.html?_=1629074095247&CODE_STATE=getMsg HTTP/1.1" 200 27
58.37.4.159 - - [16/Aug/2021:08:34:58 +0800] "GET /xingrg/kc/mdqp/qqps_order_list.html HTTP/1.1" 200 9222
58.37.4.159 - - [16/Aug/2021:08:34:58 +0800] "GET /xingrg/dwr/interface/AjaxQqpsService.js HTTP/1.1" 200 16326
58.37.4.159 - - [16/Aug/2021:08:34:58 +0800] "GET /xingrg/dwr/util.js HTTP/1.1" 304 -
58.37.4.159 - - [16/Aug/2021:08:34:58 +0800] "GET /xingrg/dwr/interface/AjaxReportQueryService.js HTTP/1.1" 200 13203
58.37.4.159 - - [16/Aug/2021:08:34:58 +0800] "GET /xingrg/dwr/engine.js HTTP/1.1" 200 43631
116.230.105.26 - - [16/Aug/2021:08:35:00 +0800] "GET /xingrg/login.html HTTP/1.1" 200 7641
222.70.246.151 - - [16/Aug/2021:08:35:00 +0800] "GET /xingrg/all/function/internal_message.html?_=1629074099973&CODE_STATE=getMsg HTTP/1.1" 200 27
116.230.105.26 - - [16/Aug/2021:08:35:01 +0800] "GET /favicon.ico HTTP/1.1" 404 -
58.37.4.159 - - [16/Aug/2021:08:35:02 +0800] "GET /xingrg/kc/mdqp/qp_main.html HTTP/1.1" 200 10633
58.37.4.159 - - [16/Aug/2021:08:35:05 +0800] "GET /xingrg/kc/mdqp/pssh_order_list.html HTTP/1.1" 200 17822
58.37.4.159 - - [16/Aug/2021:08:35:06 +0800] "POST /xingrg/kc/mdqp/pssh_list_operate.html HTTP/1.1" 200 5115
116.230.105.26 - - [16/Aug/2021:08:35:07 +0800] "POST /xingrg/login.do HTTP/1.1" 302 -
116.230.105.26 - - [16/Aug/2021:08:35:07 +0800] "GET /xingrg/index.html?sysBaseUrl=http%3A%2F%2F180.169.147.146%3A18081%2Fxingrg%2F&costTime=1145×tamp=1629074107527 HTTP/1.1" 200 17179
116.230.105.26 - - [16/Aug/2021:08:35:07 +0800] "GET /favicon.ico HTTP/1.1" 404 -
116.230.105.26 - - [16/Aug/2021:08:35:07 +0800] "POST /xingrg/all/common/load_tree.html?tree=area_rest_tree_json&manage=1 HTTP/1.1" 200 351
116.230.105.26 - - [16/Aug/2021:08:35:08 +0800] "GET /xingrg/all/function/internal_message.html?_=1629074092919&CODE_STATE=count HTTP/1.1" 200 11
116.230.105.26 - - [16/Aug/2021:08:35:08 +0800] "GET /xingrg/check_reg.html?_=1629074092919 HTTP/1.1" 200 22
116.230.105.26 - - [16/Aug/2021:08:35:08 +0800] "POST /xingrg/load_menu.html HTTP/1.1" 200 5138
116.230.105.26 - - [16/Aug/2021:08:35:10 +0800] "GET /xingrg/kc/buy/cgsh_order_list.html HTTP/1.1" 200 47411
116.230.105.26 - - [16/Aug/2021:08:35:12 +0800] "POST /xingrg/kc/buy/cgsh_list_operate.html HTTP/1.1" 200 876
58.37.4.159 - - [16/Aug/2021:08:35:12 +0800] "POST /xingrg/kc/mdqp/pssh_list_operate.html HTTP/1.1" 200 776
58.37.4.159 - - [16/Aug/2021:08:35:13 +0800] "GET /xingrg/kc/mdqp/pssh_order_info.html?code=312021081600454 HTTP/1.1" 200 17277
58.37.4.159 - - [16/Aug/2021:08:35:13 +0800] "GET /xingrg/javascript/jquery_tools/jquery-1.4.2.min.js HTTP/1.1" 404 1094
58.37.4.159 - - [16/Aug/2021:08:35:14 +0800] "GET /xingrg/words/20210815180211_words.js HTTP/1.1" 304 -
58.37.4.159 - - [16/Aug/2021:08:35:14 +0800] "GET /xingrg/javascript/easyui/themes/default/validatebox.css HTTP/1.1" 404 1104
58.37.4.159 - - [16/Aug/2021:08:35:14 +0800] "GET /xingrg/all/common/auto_word.html?type=employee&rest_code=00106 HTTP/1.1" 200 205
58.37.4.159 - - [16/Aug/2021:08:35:14 +0800] "GET /xingrg/all/common/auto_word.html?type=base&rest_code=00106&rest_code=00106 HTTP/1.1" 200 1753
58.37.4.159 - - [16/Aug/2021:08:35:14 +0800] "POST /xingrg/kc/mdqp/pssh_order_operate.html HTTP/1.1" 200 8443
180.169.147.146 - - [16/Aug/2021:08:35:20 +0800] "GET /xingrg/all/function/internal_message.html?_=1629074118201&CODE_STATE=getMsg HTTP/1.1" 200 27
116.230.105.26 - - [16/Aug/2021:08:35:20 +0800] "POST /xingrg/kc/buy/cgsh_list_operate.html HTTP/1.1" 200 5464
58.37.4.159 - - [16/Aug/2021:08:35:21 +0800] "GET /xingrg/kc/mdqp/qp_main.html HTTP/1.1" 200 10633
116.230.105.26 - - [16/Aug/2021:08:35:23 +0800] "POST /xingrg/kc/buy/cgsh_list_operate.html HTTP/1.1" 200 499
58.37.4.159 - - [16/Aug/2021:08:35:23 +0800] "GET /xingrg/images/yd/bt.gif HTTP/1.1" 404 1040
58.37.4.159 - - [16/Aug/2021:08:35:24 +0800] "GET /xingrg/kc/mdqp/pssh_order_list.html HTTP/1.1" 200 17822
116.230.105.26 - - [16/Aug/2021:08:35:24 +0800] "GET /xingrg/kc/buy/cgsh_order_info.html?code=212021081506564 HTTP/1.1" 200 58020
58.37.4.159 - - [16/Aug/2021:08:35:24 +0800] "POST /xingrg/kc/mdqp/pssh_list_operate.html HTTP/1.1" 200 5115
116.230.105.26 - - [16/Aug/2021:08:35:25 +0800] "GET /xingrg/javascript/easyui/themes/default/validatebox.css HTTP/1.1" 404 1104
116.230.105.26 - - [16/Aug/2021:08:35:25 +0800] "POST /xingrg/kc/buy/cgsh_order_operate.html HTTP/1.1" 200 2967
116.230.105.26 - - [16/Aug/2021:08:35:26 +0800] "GET /xingrg/kc/print/load_config.html?kc_code=cgsh HTTP/1.1" 200 2076
116.230.105.26 - - [16/Aug/2021:08:35:27 +0800] "GET /xingrg/kc/print/load_data.html?order_code=212021081506564&kc_code=cgsh&condition= HTTP/1.1" 200 1680
58.37.4.159 - - [16/Aug/2021:08:35:27 +0800] "GET /xingrg/kc/base/base_main.html HTTP/1.1" 200 12142
58.37.4.159 - - [16/Aug/2021:08:35:28 +0800] "GET /xingrg/kc/base/check_order_list.html HTTP/1.1" 200 16302
58.37.4.159 - - [16/Aug/2021:08:35:29 +0800] "POST /xingrg/kc/base/check_list_operate.html HTTP/1.1" 200 1560
58.40.7.146 - - [16/Aug/2021:08:35:32 +0800] "GET /xingrg/all/function/internal_message.html?_=1629074130478&CODE_STATE=getMsg HTTP/1.1" 200 27
58.37.4.159 - - [16/Aug/2021:08:35:35 +0800] "GET /xingrg/kc/base/check_order_info.html?code=452021081500174 HTTP/1.1" 200 26446
58.37.4.159 - - [16/Aug/2021:08:35:35 +0800] "GET /xingrg/css/table.css HTTP/1.1" 200 3684
58.37.4.159 - - [16/Aug/2021:08:35:35 +0800] "GET /xingrg/dwr/interface/AjaxComOrderService.js HTTP/1.1" 200 18264
58.37.4.159 - - [16/Aug/2021:08:35:35 +0800] "GET /xingrg/dwr/interface/AjaxCheckService.js HTTP/1.1" 200 14003
58.37.4.159 - - [16/Aug/2021:08:35:35 +0800] "GET /xingrg/dwr/engine.js HTTP/1.1" 200 43631
58.37.4.159 - - [16/Aug/2021:08:35:36 +0800] "POST /xingrg/dwr/call/plaincall/AjaxCheckService.loadOrderItems.dwr HTTP/1.1" 200 178413
222.70.246.151 - - [16/Aug/2021:08:35:36 +0800] "POST /xingrg/dwr/call/plaincall/AjaxCheckService.setItemNumber.dwr HTTP/1.1" 200 78
58.37.4.159 - - [16/Aug/2021:08:35:37 +0800] "GET /xingrg/javascript/jquery_easy_ui/themes/icons/no.png HTTP/1.1" 200 922
101.83.145.79 - - [16/Aug/2021:08:35:38 +0800] "GET /xingrg/javascript/easyui/themes/default/images/button_plain_hover.png HTTP/1.1" 304 -
101.83.145.79 - - [16/Aug/2021:08:35:40 +0800] "GET /xingrg/kc/buy/cgsh_order_list.html HTTP/1.1" 200 47405
101.83.145.79 - - [16/Aug/2021:08:35:40 +0800] "GET /xingrg/javascript/print/LodopFuncs.js HTTP/1.1" 304 -
101.83.145.79 - - [16/Aug/2021:08:35:40 +0800] "GET /xingrg/javascript/easyui/themes/icons/import_new.png HTTP/1.1" 304 -
222.70.246.151 - - [16/Aug/2021:08:35:41 +0800] "POST /xingrg/dwr/call/plaincall/AjaxCheckService.setItemNumber.dwr HTTP/1.1" 200 78
101.83.145.79 - - [16/Aug/2021:08:35:42 +0800] "POST /xingrg/kc/buy/cgsh_list_operate.html HTTP/1.1" 200 876
222.70.246.151 - - [16/Aug/2021:08:35:42 +0800] "POST /xingrg/dwr/call/plaincall/AjaxCheckService.setItemNumber.dwr HTTP/1.1" 200 78
222.70.246.151 - - [16/Aug/2021:08:35:44 +0800] "POST /xingrg/dwr/call/plaincall/AjaxCheckService.setItemNumber.dwr HTTP/1.1" 200 78
222.70.246.151 - - [16/Aug/2021:08:35:46 +0800] "POST /xingrg/dwr/call/plaincall/AjaxCheckService.setItemNumber.dwr HTTP/1.1" 200 78
101.83.145.79 - - [16/Aug/2021:08:35:46 +0800] "GET /xingrg/javascript/pic_change.js HTTP/1.1" 304 -
101.83.145.79 - - [16/Aug/2021:08:35:46 +0800] "GET /xingrg/javascript/print/kc_print.js HTTP/1.1" 304 -
101.83.145.79 - - [16/Aug/2021:08:35:46 +0800] "GET /xingrg/javascript/jquery_tools/order_manager.js HTTP/1.1" 304 -
101.83.145.79 - - [16/Aug/2021:08:35:46 +0800] "GET /xingrg/javascript/json2.js HTTP/1.1" 304 -
101.83.145.79 - - [16/Aug/2021:08:35:46 +0800] "GET /xingrg/javascript/convert.js HTTP/1.1" 304 -
101.83.145.79 - - [16/Aug/2021:08:35:46 +0800] "GET /xingrg/kc/buy/cgsh_order_add.html HTTP/1.1" 200 63190
101.83.145.79 - - [16/Aug/2021:08:35:46 +0800] "GET /xingrg/words/20210815180211_words.js HTTP/1.1" 200 834304
101.83.145.79 - - [16/Aug/2021:08:35:46 +0800] "GET /xingrg/javascript/easyui/themes/default/images/menu_downarrow.png HTTP/1.1" 304 -
101.83.145.79 - - [16/Aug/2021:08:35:46 +0800] "GET /xingrg/javascript/easyui/themes/icons/copy_new.png HTTP/1.1" 304 -
101.83.145.79 - - [16/Aug/2021:08:35:46 +0800] "GET /xingrg/javascript/easyui/themes/icons/print.png HTTP/1.1" 304 -
101.83.145.79 - - [16/Aug/2021:08:35:46 +0800] "GET /xingrg/javascript/easyui/themes/icons/template_new.png HTTP/1.1" 304 -
101.83.145.79 - - [16/Aug/2021:08:35:46 +0800] "GET /xingrg/javascript/easyui/themes/icons/ok.png HTTP/1.1" 304 -
101.83.145.79 - - [16/Aug/2021:08:35:46 +0800] "GET /xingrg/javascript/easyui/themes/icons/cancel.png HTTP/1.1" 304 -
222.70.246.151 - - [16/Aug/2021:08:35:46 +0800] "POST /xingrg/dwr/call/plaincall/AjaxCheckService.setItemNumber.dwr HTTP/1.1" 200 78
101.83.145.79 - - [16/Aug/2021:08:35:47 +0800] "POST /xingrg/kc/buy/cgsh_order_operate.html HTTP/1.1" 200 8245
101.83.145.79 - - [16/Aug/2021:08:35:47 +0800] "GET /xingrg/javascript/easyui/themes/default/validatebox.css HTTP/1.1" 404 1104
101.83.145.79 - - [16/Aug/2021:08:35:47 +0800] "GET /xingrg/javascript/easyui/plugins/jquery.validatebox.js HTTP/1.1" 304 -
101.83.145.79 - - [16/Aug/2021:08:35:47 +0800] "GET /xingrg/javascript/easyui/plugins/jquery.numberbox.js HTTP/1.1" 304 -
101.83.145.79 - - [16/Aug/2021:08:35:47 +0800] "GET /xingrg/javascript/easyui/themes/icons/edit_remove.png HTTP/1.1" 304 -
101.83.145.79 - - [16/Aug/2021:08:35:47 +0800] "GET /xingrg/all/common/auto_word.html?type=employee&rest_code=00105 HTTP/1.1" 200 193
101.83.145.79 - - [16/Aug/2021:08:35:47 +0800] "GET /xingrg/all/common/auto_word.html?type=employee&rest_code=00105 HTTP/1.1" 200 193
222.70.246.151 - - [16/Aug/2021:08:35:47 +0800] "POST /xingrg/dwr/call/plaincall/AjaxCheckService.setItemNumber.dwr HTTP/1.1" 200 78
101.83.145.79 - - [16/Aug/2021:08:35:48 +0800] "GET /xingrg/javascript/auto/indicator.gif HTTP/1.1" 404 1066
222.70.246.151 - - [16/Aug/2021:08:35:50 +0800] "POST /xingrg/dwr/call/plaincall/AjaxCheckService.setItemNumber.dwr HTTP/1.1" 200 78
222.70.246.151 - - [16/Aug/2021:08:35:50 +0800] "POST /xingrg/dwr/call/plaincall/AjaxCheckService.setItemNumber.dwr HTTP/1.1" 200 78
222.70.246.151 - - [16/Aug/2021:08:35:51 +0800] "POST /xingrg/dwr/call/plaincall/AjaxCheckService.setItemNumber.dwr HTTP/1.1" 200 78
101.83.145.79 - - [16/Aug/2021:08:35:52 +0800] "GET /xingrg/all/function/internal_message.html?_=1629074152059&CODE_STATE=getMsg HTTP/1.1" 200 27
222.70.246.151 - - [16/Aug/2021:08:35:52 +0800] "POST /xingrg/dwr/call/plaincall/AjaxCheckService.setItemNumber.dwr HTTP/1.1" 200 78
58.37.4.159 - - [16/Aug/2021:08:35:53 +0800] "GET /xingrg/all/function/internal_message.html?_=1629074154721&CODE_STATE=getMsg HTTP/1.1" 200 27
222.70.246.151 - - [16/Aug/2021:08:35:53 +0800] "POST /xingrg/dwr/call/plaincall/AjaxCheckService.setItemNumber.dwr HTTP/1.1" 200 78
222.70.246.151 - - [16/Aug/2021:08:35:54 +0800] "POST /xingrg/dwr/call/plaincall/AjaxCheckService.setItemNumber.dwr HTTP/1.1" 200 78
222.70.246.151 - - [16/Aug/2021:08:35:56 +0800] "POST /xingrg/dwr/call/plaincall/AjaxCheckService.setItemNumber.dwr HTTP/1.1" 200 78
222.70.246.151 - - [16/Aug/2021:08:35:56 +0800] "POST /xingrg/dwr/call/plaincall/AjaxCheckService.setItemNumber.dwr HTTP/1.1" 200 78
116.232.48.13 - - [16/Aug/2021:08:35:57 +0800] "GET /favicon.ico HTTP/1.1" 404 -
222.70.246.151 - - [16/Aug/2021:08:35:57 +0800] "POST /xingrg/dwr/call/plaincall/AjaxCheckService.setItemNumber.dwr HTTP/1.1" 200 78
116.238.194.18 - - [16/Aug/2021:08:35:57 +0800] "GET /xingrg/check_reg.html?_=1629074155246 HTTP/1.1" 200 22
116.238.194.18 - - [16/Aug/2021:08:35:57 +0800] "GET /xingrg/all/function/internal_message.html?_=1629074155250&CODE_STATE=getMsg HTTP/1.1" 200 27
222.70.246.151 - - [16/Aug/2021:08:35:59 +0800] "POST /xingrg/dwr/call/plaincall/AjaxCheckService.setItemNumber.dwr HTTP/1.1" 200 78
222.70.246.151 - - [16/Aug/2021:08:35:59 +0800] "POST /xingrg/dwr/call/plaincall/AjaxCheckService.setItemNumber.dwr HTTP/1.1" 200 78
101.83.145.79 - - [16/Aug/2021:08:36:00 +0800] "GET /xingrg/kc/buy/cgsh_order_operate.html?command=get_materiel&rest_code=00105&code=00101016033&supplier_code=00100034&order_time=2021-08-16 HTTP/1.1" 200 412
222.70.246.151 - - [16/Aug/2021:08:36:00 +0800] "GET /xingrg/all/function/internal_message.html?_=1629074159986&CODE_STATE=getMsg HTTP/1.1" 200 27
222.70.246.151 - - [16/Aug/2021:08:36:00 +0800] "POST /xingrg/dwr/call/plaincall/AjaxCheckService.setItemNumber.dwr HTTP/1.1" 200 78
222.70.246.151 - - [16/Aug/2021:08:36:01 +0800] "POST /xingrg/dwr/call/plaincall/AjaxCheckService.setItemNumber.dwr HTTP/1.1" 200 78
116.232.48.13 - - [16/Aug/2021:08:36:02 +0800] "GET /xingrg/login.html HTTP/1.1" 200 7641
116.232.48.13 - - [16/Aug/2021:08:36:02 +0800] "GET /xingrg/images/blue/jxLogo.png HTTP/1.1" 200 6156
116.232.48.13 - - [16/Aug/2021:08:36:02 +0800] "GET /xingrg/images/blue/hj.png HTTP/1.1" 200 1014
116.232.48.13 - - [16/Aug/2021:08:36:02 +0800] "GET /xingrg/images/blue/srbg.png HTTP/1.1" 200 138
116.232.48.13 - - [16/Aug/2021:08:36:02 +0800] "GET /xingrg/images/blue/login_bg.png HTTP/1.1" 200 22101
116.232.48.13 - - [16/Aug/2021:08:36:02 +0800] "GET /favicon.ico HTTP/1.1" 404 -
222.70.246.151 - - [16/Aug/2021:08:36:03 +0800] "POST /xingrg/dwr/call/plaincall/AjaxCheckService.setItemNumber.dwr HTTP/1.1" 200 78
222.70.246.151 - - [16/Aug/2021:08:36:03 +0800] "POST /xingrg/dwr/call/plaincall/AjaxCheckService.setItemNumber.dwr HTTP/1.1" 200 78
222.70.246.151 - - [16/Aug/2021:08:36:05 +0800] "POST /xingrg/dwr/call/plaincall/AjaxCheckService.setItemNumber.dwr HTTP/1.1" 200 78
222.70.246.151 - - [16/Aug/2021:08:36:05 +0800] "POST /xingrg/dwr/call/plaincall/AjaxCheckService.setItemNumber.dwr HTTP/1.1" 200 78
222.70.246.151 - - [16/Aug/2021:08:36:07 +0800] "POST /xingrg/dwr/call/plaincall/AjaxCheckService.setItemNumber.dwr HTTP/1.1" 200 78
222.70.246.151 - - [16/Aug/2021:08:36:07 +0800] "POST /xingrg/dwr/call/plaincall/AjaxCheckService.setItemNumber.dwr HTTP/1.1" 200 78
116.230.105.26 - - [16/Aug/2021:08:36:08 +0800] "GET /xingrg/all/function/internal_message.html?_=1629074152931&CODE_STATE=getMsg HTTP/1.1" 200 27
222.70.246.151 - - [16/Aug/2021:08:36:10 +0800] "POST /xingrg/dwr/call/plaincall/AjaxCheckService.setItemNumber.dwr HTTP/1.1" 200 78
222.70.246.151 - - [16/Aug/2021:08:36:12 +0800] "POST /xingrg/dwr/call/plaincall/AjaxCheckService.setItemNumber.dwr HTTP/1.1" 200 78
101.83.145.79 - - [16/Aug/2021:08:36:13 +0800] "GET /xingrg/kc/buy/cgsh_order_operate.html?command=get_materiel&rest_code=00105&code=00101016030&supplier_code=00100034&order_time=2021-08-16 HTTP/1.1" 200 412
116.232.48.13 - - [16/Aug/2021:08:36:13 +0800] "POST /xingrg/login.do HTTP/1.1" 302 -
116.232.48.13 - - [16/Aug/2021:08:36:13 +0800] "POST /xingrg/login.do HTTP/1.1" 302 -
116.232.48.13 - - [16/Aug/2021:08:36:14 +0800] "POST /xingrg/login.do HTTP/1.1" 302 -
116.232.48.13 - - [16/Aug/2021:08:36:14 +0800] "GET /xingrg/index.html?sysBaseUrl=http%3A%2F%2F180.169.147.146%3A18081%2Fxingrg%2F&costTime=2446×tamp=1629074174175 HTTP/1.1" 200 17173
116.232.48.13 - - [16/Aug/2021:08:36:14 +0800] "GET /xingrg/javascript/jquery_easy_ui/themes/icon.css HTTP/1.1" 200 3949
116.232.48.13 - - [16/Aug/2021:08:36:14 +0800] "GET /xingrg/css/form.css HTTP/1.1" 200 893
116.232.48.13 - - [16/Aug/2021:08:36:14 +0800] "GET /xingrg/javascript/jquery-1.4.2.min.js HTTP/1.1" 200 72205
116.232.48.13 - - [16/Aug/2021:08:36:14 +0800] "GET /xingrg/javascript/jquery_easy_ui/jquery.easyui.min.js HTTP/1.1" 200 213662
116.232.48.13 - - [16/Aug/2021:08:36:14 +0800] "GET /xingrg/javascript/jquery_easy_ui/easyui-lang-zh_CN.js HTTP/1.1" 200 1900
116.232.48.13 - - [16/Aug/2021:08:36:14 +0800] "GET /xingrg/javascript/jquery_easy_ui/themes/default/easyui.css HTTP/1.1" 200 26500
116.232.48.13 - - [16/Aug/2021:08:36:14 +0800] "GET /xingrg/javascript/jquery.timers.js HTTP/1.1" 200 3532
116.232.48.13 - - [16/Aug/2021:08:36:14 +0800] "GET /xingrg/javascript/jquery.utils.js HTTP/1.1" 200 11805
116.232.48.13 - - [16/Aug/2021:08:36:14 +0800] "GET /xingrg/javascript/jquery.form.js HTTP/1.1" 200 23110
116.232.48.13 - - [16/Aug/2021:08:36:14 +0800] "GET /xingrg/javascript/jquery_easy_ui/themes/icons/settle_new.png HTTP/1.1" 200 826
116.232.48.13 - - [16/Aug/2021:08:36:14 +0800] "GET /xingrg/images/blue/navBackgound.jpg HTTP/1.1" 200 12378
116.232.48.13 - - [16/Aug/2021:08:36:14 +0800] "GET /xingrg/images/blue/pingpu.png HTTP/1.1" 200 231
116.232.48.13 - - [16/Aug/2021:08:36:14 +0800] "GET /xingrg/javascript/jquery_easy_ui/themes/default/images/panel_tool_collapse.gif HTTP/1.1" 200 246
116.232.48.13 - - [16/Aug/2021:08:36:14 +0800] "GET /xingrg/all/function/internal_message.html?_=1629074175923&CODE_STATE=count HTTP/1.1" 200 11
116.232.48.13 - - [16/Aug/2021:08:36:14 +0800] "GET /xingrg/check_reg.html?_=1629074175924 HTTP/1.1" 200 22
116.232.48.13 - - [16/Aug/2021:08:36:14 +0800] "POST /xingrg/all/common/load_tree.html?tree=area_rest_tree_json&manage=1 HTTP/1.1" 200 342
116.232.48.13 - - [16/Aug/2021:08:36:14 +0800] "POST /xingrg/load_menu.html HTTP/1.1" 200 5138
116.232.48.13 - - [16/Aug/2021:08:36:14 +0800] "GET /xingrg/javascript/jquery_easy_ui/themes/default/images/tree_arrows.gif HTTP/1.1" 200 1043
116.232.48.13 - - [16/Aug/2021:08:36:14 +0800] "GET /xingrg/javascript/jquery_easy_ui/themes/icons/search_new.png HTTP/1.1" 200 586
116.232.48.13 - - [16/Aug/2021:08:36:14 +0800] "GET /xingrg/javascript/jquery_easy_ui/themes/default/images/tree_folder_open.gif HTTP/1.1" 200 956
116.232.48.13 - - [16/Aug/2021:08:36:14 +0800] "GET /xingrg/javascript/jquery_easy_ui/themes/default/images/tree_folder.gif HTTP/1.1" 200 952
116.232.48.13 - - [16/Aug/2021:08:36:14 +0800] "GET /xingrg/javascript/jquery_easy_ui/themes/icons/forms_new.png HTTP/1.1" 200 350
116.232.48.13 - - [16/Aug/2021:08:36:14 +0800] "GET /xingrg/javascript/jquery_easy_ui/themes/icons/storage_new.png HTTP/1.1" 200 853
180.169.147.146 - - [16/Aug/2021:08:36:20 +0800] "GET /xingrg/all/function/internal_message.html?_=1629074178179&CODE_STATE=getMsg HTTP/1.1" 200 27
58.37.4.159 - - [16/Aug/2021:08:36:21 +0800] "POST /xingrg/dwr/call/plaincall/AjaxCheckService.setItemNumber.dwr HTTP/1.1" 200 76
58.37.4.159 - - [16/Aug/2021:08:36:22 +0800] "POST /xingrg/dwr/call/plaincall/AjaxCheckService.setItemNumber.dwr HTTP/1.1" 200 76
222.70.246.151 - - [16/Aug/2021:08:36:23 +0800] "POST /xingrg/dwr/call/plaincall/AjaxCheckService.setItemNumber.dwr HTTP/1.1" 200 78
