116.235.222.38 - - [16/Aug/2021:08:51:45 +0800] "POST /xingrg/dwr/call/plaincall/AjaxCheckService.setItemNumber.dwr HTTP/1.1" 200 77
116.238.194.18 - - [16/Aug/2021:08:51:45 +0800] "GET /xingrg/kc/buy/cgsh_order_operate.html?command=get_materiel&rest_code=00150&code=00101008353&supplier_code=00100007&order_time=2021-08-16 HTTP/1.1" 200 408
116.235.222.38 - - [16/Aug/2021:08:51:45 +0800] "POST /xingrg/dwr/call/plaincall/AjaxCheckService.setItemNumber.dwr HTTP/1.1" 200 77
116.235.222.38 - - [16/Aug/2021:08:51:46 +0800] "POST /xingrg/dwr/call/plaincall/AjaxCheckService.setItemNumber.dwr HTTP/1.1" 200 77
116.235.222.38 - - [16/Aug/2021:08:51:47 +0800] "POST /xingrg/dwr/call/plaincall/AjaxCheckService.setItemNumber.dwr HTTP/1.1" 200 77
116.235.222.38 - - [16/Aug/2021:08:51:47 +0800] "POST /xingrg/dwr/call/plaincall/AjaxCheckService.setItemNumber.dwr HTTP/1.1" 200 77
101.83.145.79 - - [16/Aug/2021:08:51:48 +0800] "GET /xingrg/kc/buy/cgsh_order_operate.html?command=get_materiel&rest_code=00105&code=00101008213&supplier_code=00100203&order_time=2021-08-16 HTTP/1.1" 200 412
116.235.222.38 - - [16/Aug/2021:08:51:48 +0800] "POST /xingrg/dwr/call/plaincall/AjaxCheckService.setItemNumber.dwr HTTP/1.1" 200 77
116.235.222.38 - - [16/Aug/2021:08:51:49 +0800] "POST /xingrg/dwr/call/plaincall/AjaxCheckService.setItemNumber.dwr HTTP/1.1" 200 77
116.235.222.38 - - [16/Aug/2021:08:51:49 +0800] "POST /xingrg/dwr/call/plaincall/AjaxCheckService.setItemNumber.dwr HTTP/1.1" 200 77
116.238.194.18 - - [16/Aug/2021:08:51:51 +0800] "GET /xingrg/kc/buy/cgsh_order_operate.html?command=get_materiel&rest_code=00150&code=00101008213&supplier_code=00100007&order_time=2021-08-16 HTTP/1.1" 200 412
101.83.145.79 - - [16/Aug/2021:08:51:52 +0800] "GET /xingrg/all/function/internal_message.html?_=1629075112133&CODE_STATE=getMsg HTTP/1.1" 200 27
101.83.145.79 - - [16/Aug/2021:08:51:52 +0800] "GET /xingrg/check_reg.html?_=1629075112134 HTTP/1.1" 200 22
58.37.4.159 - - [16/Aug/2021:08:51:53 +0800] "GET /xingrg/all/function/internal_message.html?_=1629075114856&CODE_STATE=getMsg HTTP/1.1" 200 27
101.83.145.79 - - [16/Aug/2021:08:51:55 +0800] "GET /xingrg/kc/buy/cgsh_order_operate.html?command=get_materiel&rest_code=00105&code=00101008105&supplier_code=00100203&order_time=2021-08-16 HTTP/1.1" 200 412
116.238.194.18 - - [16/Aug/2021:08:51:57 +0800] "GET /xingrg/all/function/internal_message.html?_=1629075115309&CODE_STATE=getMsg HTTP/1.1" 200 27
116.238.194.18 - - [16/Aug/2021:08:51:58 +0800] "GET /xingrg/kc/buy/cgsh_order_operate.html?command=get_materiel&rest_code=00150&code=00101008312&supplier_code=00100007&order_time=2021-08-16 HTTP/1.1" 200 412
222.70.246.151 - - [16/Aug/2021:08:52:00 +0800] "GET /xingrg/all/function/internal_message.html?_=1629075120250&CODE_STATE=getMsg HTTP/1.1" 200 27
101.83.145.79 - - [16/Aug/2021:08:52:01 +0800] "GET /xingrg/kc/buy/cgsh_order_operate.html?command=get_materiel&rest_code=00105&code=00101008119&supplier_code=00100203&order_time=2021-08-16 HTTP/1.1" 200 412
116.235.222.38 - - [16/Aug/2021:08:52:04 +0800] "GET /xingrg/check_reg.html?_=1629075122294 HTTP/1.1" 200 22
116.238.194.18 - - [16/Aug/2021:08:52:05 +0800] "GET /xingrg/kc/buy/cgsh_order_operate.html?command=get_materiel&rest_code=00150&code=00101015036&supplier_code=00100007&order_time=2021-08-16 HTTP/1.1" 200 413
116.235.222.38 - - [16/Aug/2021:08:52:06 +0800] "GET /xingrg/all/function/internal_message.html?_=1629075124250&CODE_STATE=getMsg HTTP/1.1" 200 27
116.230.105.26 - - [16/Aug/2021:08:52:08 +0800] "GET /xingrg/all/function/internal_message.html?_=1629075112931&CODE_STATE=getMsg HTTP/1.1" 200 27
101.83.145.79 - - [16/Aug/2021:08:52:08 +0800] "GET /xingrg/kc/buy/cgsh_order_operate.html?command=get_materiel&rest_code=00105&code=00101008185&supplier_code=00100203&order_time=2021-08-16 HTTP/1.1" 200 408
116.232.48.13 - - [16/Aug/2021:08:52:08 +0800] "GET /xingrg/all/function/internal_message.html?_=1629075126927&CODE_STATE=getMsg HTTP/1.1" 200 27
116.232.48.13 - - [16/Aug/2021:08:52:08 +0800] "GET /xingrg/check_reg.html?_=1629075126930 HTTP/1.1" 200 22
116.238.194.18 - - [16/Aug/2021:08:52:10 +0800] "GET /xingrg/kc/buy/cgsh_order_operate.html?command=get_materiel&rest_code=00150&code=00101008221&supplier_code=00100007&order_time=2021-08-16 HTTP/1.1" 200 412
116.238.194.18 - - [16/Aug/2021:08:52:11 +0800] "POST /xingrg/kc/buy/cgsh_order_operate.html HTTP/1.1" 200 2065
116.238.194.18 - - [16/Aug/2021:08:52:17 +0800] "GET /xingrg/kc/buy/cgsh_order_operate.html?command=get_materiel&rest_code=00150&code=00101008095&supplier_code=00100007&order_time=2021-08-16 HTTP/1.1" 200 412
101.83.145.79 - - [16/Aug/2021:08:52:18 +0800] "GET /xingrg/kc/buy/cgsh_order_operate.html?command=get_materiel&rest_code=00105&code=00101023033&supplier_code=00100203&order_time=2021-08-16 HTTP/1.1" 200 395
180.169.147.146 - - [16/Aug/2021:08:52:20 +0800] "GET /xingrg/all/function/internal_message.html?_=1629075137851&CODE_STATE=getMsg HTTP/1.1" 200 27
116.235.222.38 - - [16/Aug/2021:08:52:20 +0800] "POST /xingrg/dwr/call/plaincall/AjaxCheckService.setItemNumber.dwr HTTP/1.1" 200 77
116.238.194.18 - - [16/Aug/2021:08:52:22 +0800] "GET /xingrg/kc/buy/cgsh_order_operate.html?command=get_materiel&rest_code=00150&code=00101008110&supplier_code=00100007&order_time=2021-08-16 HTTP/1.1" 200 408
116.235.222.38 - - [16/Aug/2021:08:52:24 +0800] "POST /xingrg/dwr/call/plaincall/AjaxCheckService.setItemNumber.dwr HTTP/1.1" 200 77
180.174.198.13 - - [16/Aug/2021:08:52:24 +0800] "GET /xingrg/check_reg.html?_=1629075122519 HTTP/1.1" 302 -
116.235.222.38 - - [16/Aug/2021:08:52:25 +0800] "POST /xingrg/dwr/call/plaincall/AjaxCheckService.setItemNumber.dwr HTTP/1.1" 200 77
222.70.246.151 - - [16/Aug/2021:08:52:25 +0800] "GET /xingrg/check_reg.html?_=1629075145188 HTTP/1.1" 302 -
116.235.222.38 - - [16/Aug/2021:08:52:26 +0800] "POST /xingrg/dwr/call/plaincall/AjaxCheckService.setItemNumber.dwr HTTP/1.1" 200 77
116.235.222.38 - - [16/Aug/2021:08:52:26 +0800] "POST /xingrg/dwr/call/plaincall/AjaxCheckService.setItemNumber.dwr HTTP/1.1" 200 78
116.235.222.38 - - [16/Aug/2021:08:52:27 +0800] "POST /xingrg/dwr/call/plaincall/AjaxCheckService.setItemNumber.dwr HTTP/1.1" 200 78
116.235.222.38 - - [16/Aug/2021:08:52:28 +0800] "POST /xingrg/dwr/call/plaincall/AjaxCheckService.setItemNumber.dwr HTTP/1.1" 200 78
116.235.222.38 - - [16/Aug/2021:08:52:28 +0800] "POST /xingrg/dwr/call/plaincall/AjaxCheckService.setItemNumber.dwr HTTP/1.1" 200 78
116.235.222.38 - - [16/Aug/2021:08:52:29 +0800] "POST /xingrg/dwr/call/plaincall/AjaxCheckService.setItemNumber.dwr HTTP/1.1" 200 78
116.235.222.38 - - [16/Aug/2021:08:52:30 +0800] "POST /xingrg/dwr/call/plaincall/AjaxCheckService.setItemNumber.dwr HTTP/1.1" 200 78
116.235.222.38 - - [16/Aug/2021:08:52:30 +0800] "POST /xingrg/dwr/call/plaincall/AjaxCheckService.setItemNumber.dwr HTTP/1.1" 200 78
101.83.145.79 - - [16/Aug/2021:08:52:30 +0800] "GET /xingrg/kc/buy/cgsh_order_operate.html?command=get_materiel&rest_code=00105&code=00101008405&supplier_code=00100203&order_time=2021-08-16 HTTP/1.1" 200 413
116.238.194.18 - - [16/Aug/2021:08:52:30 +0800] "GET /xingrg/kc/buy/cgsh_order_operate.html?command=get_materiel&rest_code=00150&code=00101008229&supplier_code=00100007&order_time=2021-08-16 HTTP/1.1" 200 420
116.235.222.38 - - [16/Aug/2021:08:52:31 +0800] "POST /xingrg/dwr/call/plaincall/AjaxCheckService.setItemNumber.dwr HTTP/1.1" 200 78
116.235.222.38 - - [16/Aug/2021:08:52:32 +0800] "POST /xingrg/dwr/call/plaincall/AjaxCheckService.setItemNumber.dwr HTTP/1.1" 200 78
58.40.7.146 - - [16/Aug/2021:08:52:32 +0800] "GET /xingrg/all/function/internal_message.html?_=1629075150484&CODE_STATE=getMsg HTTP/1.1" 200 27
116.235.222.38 - - [16/Aug/2021:08:52:32 +0800] "POST /xingrg/dwr/call/plaincall/AjaxCheckService.setItemNumber.dwr HTTP/1.1" 200 78
116.235.222.38 - - [16/Aug/2021:08:52:33 +0800] "POST /xingrg/dwr/call/plaincall/AjaxCheckService.setItemNumber.dwr HTTP/1.1" 200 78
116.235.222.38 - - [16/Aug/2021:08:52:34 +0800] "POST /xingrg/dwr/call/plaincall/AjaxCheckService.setItemNumber.dwr HTTP/1.1" 200 78
116.235.222.38 - - [16/Aug/2021:08:52:34 +0800] "POST /xingrg/dwr/call/plaincall/AjaxCheckService.setItemNumber.dwr HTTP/1.1" 200 78
180.169.147.146 - - [16/Aug/2021:08:52:36 +0800] "GET /xingrg/check_reg.html?_=1629075153906 HTTP/1.1" 200 22
124.79.246.142 - - [16/Aug/2021:08:52:36 +0800] "GET /xingrg/all/function/internal_message.html?_=1629075252730&CODE_STATE=getMsg HTTP/1.1" 200 27
116.235.222.38 - - [16/Aug/2021:08:52:36 +0800] "POST /xingrg/dwr/call/plaincall/AjaxCheckService.setItemNumber.dwr HTTP/1.1" 200 78
116.238.194.18 - - [16/Aug/2021:08:52:36 +0800] "GET /xingrg/kc/buy/cgsh_order_operate.html?command=get_materiel&rest_code=00150&code=00101008283&supplier_code=00100007&order_time=2021-08-16 HTTP/1.1" 200 408
116.235.222.38 - - [16/Aug/2021:08:52:38 +0800] "POST /xingrg/dwr/call/plaincall/AjaxCheckService.setItemNumber.dwr HTTP/1.1" 200 78
116.235.222.38 - - [16/Aug/2021:08:52:38 +0800] "POST /xingrg/dwr/call/plaincall/AjaxCheckService.setItemNumber.dwr HTTP/1.1" 200 78
101.83.145.79 - - [16/Aug/2021:08:52:39 +0800] "GET /xingrg/kc/buy/cgsh_order_operate.html?command=get_materiel&rest_code=00105&code=00101008330&supplier_code=00100203&order_time=2021-08-16 HTTP/1.1" 200 408
116.235.222.38 - - [16/Aug/2021:08:52:40 +0800] "POST /xingrg/dwr/call/plaincall/AjaxCheckService.setItemNumber.dwr HTTP/1.1" 200 78
116.235.222.38 - - [16/Aug/2021:08:52:40 +0800] "POST /xingrg/dwr/call/plaincall/AjaxCheckService.setItemNumber.dwr HTTP/1.1" 200 78
116.235.222.38 - - [16/Aug/2021:08:52:41 +0800] "POST /xingrg/dwr/call/plaincall/AjaxCheckService.setItemNumber.dwr HTTP/1.1" 200 78
116.235.222.38 - - [16/Aug/2021:08:52:41 +0800] "POST /xingrg/dwr/call/plaincall/AjaxCheckService.setItemNumber.dwr HTTP/1.1" 200 78
116.235.222.38 - - [16/Aug/2021:08:52:42 +0800] "POST /xingrg/dwr/call/plaincall/AjaxCheckService.setItemNumber.dwr HTTP/1.1" 200 78
116.235.222.38 - - [16/Aug/2021:08:52:43 +0800] "POST /xingrg/dwr/call/plaincall/AjaxCheckService.setItemNumber.dwr HTTP/1.1" 200 78
116.235.222.38 - - [16/Aug/2021:08:52:43 +0800] "POST /xingrg/dwr/call/plaincall/AjaxCheckService.setItemNumber.dwr HTTP/1.1" 200 78
116.235.222.38 - - [16/Aug/2021:08:52:44 +0800] "POST /xingrg/dwr/call/plaincall/AjaxCheckService.setItemNumber.dwr HTTP/1.1" 200 78
116.235.222.38 - - [16/Aug/2021:08:52:44 +0800] "POST /xingrg/dwr/call/plaincall/AjaxCheckService.setItemNumber.dwr HTTP/1.1" 200 78
101.83.145.79 - - [16/Aug/2021:08:52:52 +0800] "GET /xingrg/kc/buy/cgsh_order_operate.html?command=get_materiel&rest_code=00105&code=00101008219&supplier_code=00100203&order_time=2021-08-16 HTTP/1.1" 200 412
101.83.145.79 - - [16/Aug/2021:08:52:52 +0800] "GET /xingrg/all/function/internal_message.html?_=1629075172140&CODE_STATE=getMsg HTTP/1.1" 200 27
58.37.4.159 - - [16/Aug/2021:08:52:53 +0800] "GET /xingrg/all/function/internal_message.html?_=1629075174841&CODE_STATE=getMsg HTTP/1.1" 200 27
101.93.222.235 - - [16/Aug/2021:08:52:56 +0800] "POST /xingrg/services/DataTransmitService HTTP/1.1" 200 524
101.93.222.235 - - [16/Aug/2021:08:52:57 +0800] "POST /xingrg/services/DataTransmitService HTTP/1.1" 200 501
116.238.194.18 - - [16/Aug/2021:08:52:57 +0800] "GET /xingrg/all/function/internal_message.html?_=1629075175281&CODE_STATE=getMsg HTTP/1.1" 200 27
101.83.145.79 - - [16/Aug/2021:08:53:00 +0800] "GET /xingrg/kc/buy/cgsh_order_operate.html?command=get_materiel&rest_code=00105&code=00101008155&supplier_code=00100203&order_time=2021-08-16 HTTP/1.1" 200 408
222.70.246.151 - - [16/Aug/2021:08:53:00 +0800] "GET /xingrg/all/function/internal_message.html?_=1629075180277&CODE_STATE=getMsg HTTP/1.1" 200 27
116.235.222.38 - - [16/Aug/2021:08:53:06 +0800] "GET /xingrg/all/function/internal_message.html?_=1629075184216&CODE_STATE=getMsg HTTP/1.1" 200 27
116.230.105.26 - - [16/Aug/2021:08:53:08 +0800] "GET /xingrg/all/function/internal_message.html?_=1629075172944&CODE_STATE=getMsg HTTP/1.1" 200 27
116.232.48.13 - - [16/Aug/2021:08:53:08 +0800] "GET /xingrg/all/function/internal_message.html?_=1629075186922&CODE_STATE=getMsg HTTP/1.1" 200 27
222.70.178.182 - - [16/Aug/2021:08:53:13 +0800] "GET /xingrg/check_reg.html?_=1629075190639 HTTP/1.1" 200 22
116.235.222.38 - - [16/Aug/2021:08:53:19 +0800] "POST /xingrg/dwr/call/plaincall/AjaxCheckService.setItemNumber.dwr HTTP/1.1" 200 78
180.169.147.146 - - [16/Aug/2021:08:53:20 +0800] "GET /xingrg/all/function/internal_message.html?_=1629075197833&CODE_STATE=getMsg HTTP/1.1" 200 27
116.235.222.38 - - [16/Aug/2021:08:53:21 +0800] "POST /xingrg/dwr/call/plaincall/AjaxCheckService.setItemNumber.dwr HTTP/1.1" 200 78
222.70.178.182 - - [16/Aug/2021:08:53:26 +0800] "GET /favicon.ico HTTP/1.1" 404 -
222.70.178.182 - - [16/Aug/2021:08:53:27 +0800] "GET /xingrg/login.html HTTP/1.1" 200 7641
222.70.178.182 - - [16/Aug/2021:08:53:30 +0800] "GET /favicon.ico HTTP/1.1" 404 -
58.40.7.146 - - [16/Aug/2021:08:53:32 +0800] "GET /xingrg/all/function/internal_message.html?_=1629075210487&CODE_STATE=getMsg HTTP/1.1" 200 27
116.238.194.18 - - [16/Aug/2021:08:53:32 +0800] "GET /xingrg/javascript/jquery_easy_ui/themes/default/images/button_plain_hover.png HTTP/1.1" 304 -
222.70.178.182 - - [16/Aug/2021:08:53:34 +0800] "POST /xingrg/login.do HTTP/1.1" 302 -
222.70.178.182 - - [16/Aug/2021:08:53:34 +0800] "GET /xingrg/index.html?sysBaseUrl=http%3A%2F%2F180.169.147.146%3A18081%2Fxingrg%2F&costTime=1147×tamp=1629075214373 HTTP/1.1" 200 17173
222.70.178.182 - - [16/Aug/2021:08:53:34 +0800] "GET /xingrg/check_reg.html?_=1629075211952 HTTP/1.1" 200 22
222.70.178.182 - - [16/Aug/2021:08:53:34 +0800] "GET /xingrg/all/function/internal_message.html?_=1629075211951&CODE_STATE=count HTTP/1.1" 200 11
222.70.178.182 - - [16/Aug/2021:08:53:34 +0800] "GET /favicon.ico HTTP/1.1" 404 -
222.70.178.182 - - [16/Aug/2021:08:53:34 +0800] "POST /xingrg/all/common/load_tree.html?tree=area_rest_tree_json&manage=1 HTTP/1.1" 200 342
222.70.178.182 - - [16/Aug/2021:08:53:34 +0800] "POST /xingrg/load_menu.html HTTP/1.1" 200 5138
222.70.178.182 - - [16/Aug/2021:08:53:36 +0800] "GET /xingrg/kc/buy/buy_main.html HTTP/1.1" 200 12412
222.70.178.182 - - [16/Aug/2021:08:53:36 +0800] "GET /xingrg/css/new_ie.css HTTP/1.1" 404 1036
124.79.246.142 - - [16/Aug/2021:08:53:36 +0800] "GET /xingrg/check_reg.html?_=1629075312744 HTTP/1.1" 200 22
124.79.246.142 - - [16/Aug/2021:08:53:36 +0800] "GET /xingrg/all/function/internal_message.html?_=1629075312745&CODE_STATE=getMsg HTTP/1.1" 200 27
222.70.178.182 - - [16/Aug/2021:08:53:37 +0800] "GET /xingrg/images/yd/bt.gif HTTP/1.1" 404 1040
222.70.178.182 - - [16/Aug/2021:08:53:38 +0800] "GET /xingrg/kc/buy/cgsh_order_list.html HTTP/1.1" 200 47405
222.70.246.151 - - [16/Aug/2021:08:53:38 +0800] "POST /xingrg/dwr/call/plaincall/AjaxCheckService.setItemNumber.dwr HTTP/1.1" 200 77
116.235.222.38 - - [16/Aug/2021:08:53:40 +0800] "POST /xingrg/dwr/call/plaincall/AjaxCheckService.setItemNumber.dwr HTTP/1.1" 200 78
222.70.178.182 - - [16/Aug/2021:08:53:40 +0800] "POST /xingrg/kc/buy/cgsh_list_operate.html HTTP/1.1" 200 876
116.238.194.18 - - [16/Aug/2021:08:53:41 +0800] "GET /xingrg/kc/buy/cgsh_order_operate.html?command=get_materiel&rest_code=00150&code=00101008301&supplier_code=00100007&order_time=2021-08-16 HTTP/1.1" 200 422
116.235.222.38 - - [16/Aug/2021:08:53:41 +0800] "POST /xingrg/dwr/call/plaincall/AjaxCheckService.setItemNumber.dwr HTTP/1.1" 200 78
116.235.222.38 - - [16/Aug/2021:08:53:41 +0800] "POST /xingrg/dwr/call/plaincall/AjaxCheckService.setItemNumber.dwr HTTP/1.1" 200 78
116.235.222.38 - - [16/Aug/2021:08:53:42 +0800] "POST /xingrg/dwr/call/plaincall/AjaxCheckService.setItemNumber.dwr HTTP/1.1" 200 78
116.235.222.38 - - [16/Aug/2021:08:53:42 +0800] "POST /xingrg/dwr/call/plaincall/AjaxCheckService.setItemNumber.dwr HTTP/1.1" 200 78
116.235.222.38 - - [16/Aug/2021:08:53:43 +0800] "POST /xingrg/dwr/call/plaincall/AjaxCheckService.setItemNumber.dwr HTTP/1.1" 200 78
116.238.194.18 - - [16/Aug/2021:08:53:43 +0800] "GET /favicon.ico HTTP/1.1" 404 -
116.235.222.38 - - [16/Aug/2021:08:53:43 +0800] "POST /xingrg/dwr/call/plaincall/AjaxCheckService.setItemNumber.dwr HTTP/1.1" 200 78
101.83.145.79 - - [16/Aug/2021:08:53:44 +0800] "GET /xingrg/kc/buy/cgsh_order_operate.html?command=get_materiel&rest_code=00105&code=00101008244&supplier_code=00100203&order_time=2021-08-16 HTTP/1.1" 200 408
116.235.222.38 - - [16/Aug/2021:08:53:44 +0800] "POST /xingrg/dwr/call/plaincall/AjaxCheckService.setItemNumber.dwr HTTP/1.1" 200 78
116.235.222.38 - - [16/Aug/2021:08:53:45 +0800] "POST /xingrg/dwr/call/plaincall/AjaxCheckService.setItemNumber.dwr HTTP/1.1" 200 78
222.70.178.182 - - [16/Aug/2021:08:53:45 +0800] "GET /xingrg/kc/base/check_order_list.html HTTP/1.1" 200 16302
222.70.178.182 - - [16/Aug/2021:08:53:45 +0800] "POST /xingrg/kc/base/check_list_operate.html HTTP/1.1" 200 3522
116.235.222.38 - - [16/Aug/2021:08:53:46 +0800] "POST /xingrg/dwr/call/plaincall/AjaxCheckService.setItemNumber.dwr HTTP/1.1" 200 78
222.70.246.151 - - [16/Aug/2021:08:53:46 +0800] "GET /xingrg/check_reg.html?_=1629075225853 HTTP/1.1" 200 22
116.235.222.38 - - [16/Aug/2021:08:53:46 +0800] "POST /xingrg/dwr/call/plaincall/AjaxCheckService.setItemNumber.dwr HTTP/1.1" 200 78
116.235.222.38 - - [16/Aug/2021:08:53:47 +0800] "POST /xingrg/dwr/call/plaincall/AjaxCheckService.setItemNumber.dwr HTTP/1.1" 200 78
116.235.222.38 - - [16/Aug/2021:08:53:48 +0800] "POST /xingrg/dwr/call/plaincall/AjaxCheckService.setItemNumber.dwr HTTP/1.1" 200 78
116.238.194.18 - - [16/Aug/2021:08:53:48 +0800] "GET /xingrg/login.html HTTP/1.1" 200 7641
116.238.194.18 - - [16/Aug/2021:08:53:48 +0800] "GET /xingrg/images/blue/login_bg.png HTTP/1.1" 304 -
116.238.194.18 - - [16/Aug/2021:08:53:48 +0800] "GET /xingrg/images/blue/hj.png HTTP/1.1" 304 -
116.235.222.38 - - [16/Aug/2021:08:53:48 +0800] "POST /xingrg/dwr/call/plaincall/AjaxCheckService.setItemNumber.dwr HTTP/1.1" 200 78
116.238.194.18 - - [16/Aug/2021:08:53:49 +0800] "GET /xingrg/images/blue/srbg.png HTTP/1.1" 304 -
116.238.194.18 - - [16/Aug/2021:08:53:49 +0800] "GET /favicon.ico HTTP/1.1" 404 -
116.235.222.38 - - [16/Aug/2021:08:53:49 +0800] "POST /xingrg/dwr/call/plaincall/AjaxCheckService.setItemNumber.dwr HTTP/1.1" 200 78
116.235.222.38 - - [16/Aug/2021:08:53:50 +0800] "POST /xingrg/dwr/call/plaincall/AjaxCheckService.setItemNumber.dwr HTTP/1.1" 200 78
101.83.145.79 - - [16/Aug/2021:08:53:50 +0800] "GET /xingrg/kc/buy/cgsh_order_operate.html?command=get_materiel&rest_code=00105&code=00101008038&supplier_code=00100203&order_time=2021-08-16 HTTP/1.1" 200 412
116.235.222.38 - - [16/Aug/2021:08:53:50 +0800] "POST /xingrg/dwr/call/plaincall/AjaxCheckService.setItemNumber.dwr HTTP/1.1" 200 78
116.235.222.38 - - [16/Aug/2021:08:53:51 +0800] "POST /xingrg/dwr/call/plaincall/AjaxCheckService.setItemNumber.dwr HTTP/1.1" 200 78
101.83.145.79 - - [16/Aug/2021:08:53:52 +0800] "GET /xingrg/all/function/internal_message.html?_=1629075232162&CODE_STATE=getMsg HTTP/1.1" 200 27
116.235.222.38 - - [16/Aug/2021:08:53:52 +0800] "POST /xingrg/dwr/call/plaincall/AjaxCheckService.setItemNumber.dwr HTTP/1.1" 200 78
116.238.194.18 - - [16/Aug/2021:08:53:52 +0800] "POST /xingrg/login.do HTTP/1.1" 302 -
222.70.178.182 - - [16/Aug/2021:08:53:53 +0800] "GET /xingrg/kc/base/check_order_info.html?code=452021081500144 HTTP/1.1" 200 26404
116.238.194.18 - - [16/Aug/2021:08:53:53 +0800] "GET /xingrg/javascript/jquery_easy_ui/themes/default/easyui.css HTTP/1.1" 304 -
116.238.194.18 - - [16/Aug/2021:08:53:53 +0800] "GET /xingrg/index.html?sysBaseUrl=http%3A%2F%2F180.169.147.146%3A18081%2Fxingrg%2F&costTime=2336×tamp=1629075232992 HTTP/1.1" 200 17179
116.238.194.18 - - [16/Aug/2021:08:53:53 +0800] "GET /xingrg/css/form.css HTTP/1.1" 304 -
116.238.194.18 - - [16/Aug/2021:08:53:53 +0800] "GET /xingrg/javascript/jquery-1.4.2.min.js HTTP/1.1" 304 -
116.238.194.18 - - [16/Aug/2021:08:53:53 +0800] "GET /xingrg/javascript/jquery_easy_ui/themes/icon.css HTTP/1.1" 304 -
116.238.194.18 - - [16/Aug/2021:08:53:53 +0800] "GET /xingrg/javascript/jquery_easy_ui/easyui-lang-zh_CN.js HTTP/1.1" 304 -
116.238.194.18 - - [16/Aug/2021:08:53:53 +0800] "GET /xingrg/javascript/jquery.utils.js HTTP/1.1" 304 -
116.238.194.18 - - [16/Aug/2021:08:53:53 +0800] "GET /xingrg/javascript/jquery_easy_ui/jquery.easyui.min.js HTTP/1.1" 304 -
116.238.194.18 - - [16/Aug/2021:08:53:53 +0800] "GET /xingrg/javascript/jquery.form.js HTTP/1.1" 304 -
116.238.194.18 - - [16/Aug/2021:08:53:53 +0800] "GET /xingrg/javascript/jquery.timers.js HTTP/1.1" 304 -
222.70.178.182 - - [16/Aug/2021:08:53:53 +0800] "GET /xingrg/dwr/interface/AjaxComOrderService.js HTTP/1.1" 200 18264
222.70.178.182 - - [16/Aug/2021:08:53:53 +0800] "GET /xingrg/dwr/interface/AjaxCheckService.js HTTP/1.1" 200 14003
222.70.178.182 - - [16/Aug/2021:08:53:53 +0800] "GET /xingrg/dwr/engine.js HTTP/1.1" 200 43631
222.70.178.182 - - [16/Aug/2021:08:53:53 +0800] "GET /xingrg/dwr/util.js HTTP/1.1" 200 35990
116.238.194.18 - - [16/Aug/2021:08:53:53 +0800] "GET /favicon.ico HTTP/1.1" 404 -
116.235.222.38 - - [16/Aug/2021:08:53:53 +0800] "POST /xingrg/dwr/call/plaincall/AjaxCheckService.setItemNumber.dwr HTTP/1.1" 200 78
58.37.4.159 - - [16/Aug/2021:08:53:53 +0800] "GET /xingrg/all/function/internal_message.html?_=1629075234827&CODE_STATE=getMsg HTTP/1.1" 200 27
116.235.222.38 - - [16/Aug/2021:08:53:53 +0800] "POST /xingrg/dwr/call/plaincall/AjaxCheckService.setItemNumber.dwr HTTP/1.1" 200 78
116.238.194.18 - - [16/Aug/2021:08:53:53 +0800] "POST /xingrg/all/common/load_tree.html?tree=area_rest_tree_json&manage=1 HTTP/1.1" 200 476
116.238.194.18 - - [16/Aug/2021:08:53:53 +0800] "GET /xingrg/check_reg.html?_=1629075174418 HTTP/1.1" 200 22
116.238.194.18 - - [16/Aug/2021:08:53:54 +0800] "GET /xingrg/all/function/internal_message.html?_=1629075174417&CODE_STATE=count HTTP/1.1" 200 11
116.235.222.38 - - [16/Aug/2021:08:53:54 +0800] "POST /xingrg/dwr/call/plaincall/AjaxCheckService.setItemNumber.dwr HTTP/1.1" 200 78
116.238.194.18 - - [16/Aug/2021:08:53:54 +0800] "POST /xingrg/load_menu.html HTTP/1.1" 200 5138
222.70.178.182 - - [16/Aug/2021:08:53:54 +0800] "POST /xingrg/dwr/call/plaincall/AjaxCheckService.loadOrderItems.dwr HTTP/1.1" 200 191683
116.238.194.18 - - [16/Aug/2021:08:53:54 +0800] "GET /xingrg/javascript/jquery_easy_ui/themes/default/images/tree_folder.gif HTTP/1.1" 304 -
116.238.194.18 - - [16/Aug/2021:08:53:54 +0800] "GET /xingrg/javascript/jquery_easy_ui/themes/default/images/tree_folder_open.gif HTTP/1.1" 304 -
116.238.194.18 - - [16/Aug/2021:08:53:54 +0800] "GET /xingrg/javascript/jquery_easy_ui/themes/icons/storage_new.png HTTP/1.1" 304 -
116.238.194.18 - - [16/Aug/2021:08:53:54 +0800] "GET /xingrg/javascript/jquery_easy_ui/themes/icons/search_new.png HTTP/1.1" 304 -
116.238.194.18 - - [16/Aug/2021:08:53:54 +0800] "GET /xingrg/javascript/jquery_easy_ui/themes/icons/forms_new.png HTTP/1.1" 304 -
116.238.194.18 - - [16/Aug/2021:08:53:54 +0800] "GET /xingrg/javascript/jquery_easy_ui/themes/default/images/tree_file.gif HTTP/1.1" 304 -
116.235.222.38 - - [16/Aug/2021:08:53:54 +0800] "POST /xingrg/dwr/call/plaincall/AjaxCheckService.setItemNumber.dwr HTTP/1.1" 200 78
116.235.222.38 - - [16/Aug/2021:08:53:55 +0800] "POST /xingrg/dwr/call/plaincall/AjaxCheckService.setItemNumber.dwr HTTP/1.1" 200 78
116.235.222.38 - - [16/Aug/2021:08:53:55 +0800] "POST /xingrg/dwr/call/plaincall/AjaxCheckService.setItemNumber.dwr HTTP/1.1" 200 78
116.235.222.38 - - [16/Aug/2021:08:53:55 +0800] "POST /xingrg/dwr/call/plaincall/AjaxCheckService.setItemNumber.dwr HTTP/1.1" 200 78
116.235.222.38 - - [16/Aug/2021:08:53:56 +0800] "POST /xingrg/dwr/call/plaincall/AjaxCheckService.setItemNumber.dwr HTTP/1.1" 200 78
116.235.222.38 - - [16/Aug/2021:08:53:57 +0800] "POST /xingrg/dwr/call/plaincall/AjaxCheckService.setItemNumber.dwr HTTP/1.1" 200 78
101.83.145.79 - - [16/Aug/2021:08:53:57 +0800] "GET /xingrg/kc/buy/cgsh_order_operate.html?command=get_materiel&rest_code=00105&code=00101008221&supplier_code=00100203&order_time=2021-08-16 HTTP/1.1" 200 412
116.238.194.18 - - [16/Aug/2021:08:53:57 +0800] "GET /xingrg/all/function/internal_message.html?_=1629075235288&CODE_STATE=getMsg HTTP/1.1" 200 27
116.235.222.38 - - [16/Aug/2021:08:53:57 +0800] "POST /xingrg/dwr/call/plaincall/AjaxCheckService.setItemNumber.dwr HTTP/1.1" 200 78
116.235.222.38 - - [16/Aug/2021:08:53:58 +0800] "POST /xingrg/dwr/call/plaincall/AjaxCheckService.setItemNumber.dwr HTTP/1.1" 200 78
116.235.222.38 - - [16/Aug/2021:08:53:59 +0800] "POST /xingrg/dwr/call/plaincall/AjaxCheckService.setItemNumber.dwr HTTP/1.1" 200 78
116.235.222.38 - - [16/Aug/2021:08:53:59 +0800] "POST /xingrg/dwr/call/plaincall/AjaxCheckService.setItemNumber.dwr HTTP/1.1" 200 78
101.83.145.79 - - [16/Aug/2021:08:53:59 +0800] "POST /xingrg/kc/buy/cgsh_order_operate.html HTTP/1.1" 200 2065
116.235.222.38 - - [16/Aug/2021:08:54:00 +0800] "POST /xingrg/dwr/call/plaincall/AjaxCheckService.setItemNumber.dwr HTTP/1.1" 200 78
222.70.246.151 - - [16/Aug/2021:08:54:00 +0800] "GET /xingrg/all/function/internal_message.html?_=1629075240293&CODE_STATE=getMsg HTTP/1.1" 200 27
116.235.222.38 - - [16/Aug/2021:08:54:00 +0800] "POST /xingrg/dwr/call/plaincall/AjaxCheckService.setItemNumber.dwr HTTP/1.1" 200 78
101.83.145.79 - - [16/Aug/2021:08:54:00 +0800] "POST /xingrg/kc/buy/cgsh_order_operate.html HTTP/1.1" 200 2065
116.238.194.18 - - [16/Aug/2021:08:54:00 +0800] "GET /xingrg/javascript/jquery_easy_ui/themes/icons/area.png HTTP/1.1" 304 -
116.238.194.18 - - [16/Aug/2021:08:54:00 +0800] "GET /xingrg/javascript/jquery_easy_ui/themes/icons/rest.png HTTP/1.1" 304 -
222.70.178.182 - - [16/Aug/2021:08:54:01 +0800] "POST /xingrg/dwr/call/plaincall/AjaxCheckService.setItemNumber.dwr HTTP/1.1" 200 76
116.235.222.38 - - [16/Aug/2021:08:54:01 +0800] "POST /xingrg/dwr/call/plaincall/AjaxCheckService.setItemNumber.dwr HTTP/1.1" 200 78
116.235.222.38 - - [16/Aug/2021:08:54:01 +0800] "POST /xingrg/dwr/call/plaincall/AjaxCheckService.setItemNumber.dwr HTTP/1.1" 200 78
101.83.145.79 - - [16/Aug/2021:08:54:02 +0800] "POST /xingrg/kc/buy/cgsh_order_operate.html HTTP/1.1" 200 2065
222.70.178.182 - - [16/Aug/2021:08:54:02 +0800] "POST /xingrg/dwr/call/plaincall/AjaxCheckService.setItemNumber.dwr HTTP/1.1" 200 76
116.235.222.38 - - [16/Aug/2021:08:54:03 +0800] "POST /xingrg/dwr/call/plaincall/AjaxCheckService.setItemNumber.dwr HTTP/1.1" 200 78
222.70.178.182 - - [16/Aug/2021:08:54:03 +0800] "POST /xingrg/dwr/call/plaincall/AjaxCheckService.setItemNumber.dwr HTTP/1.1" 200 76
222.70.178.182 - - [16/Aug/2021:08:54:05 +0800] "POST /xingrg/dwr/call/plaincall/AjaxCheckService.setItemNumber.dwr HTTP/1.1" 200 76
116.238.194.18 - - [16/Aug/2021:08:54:05 +0800] "GET /xingrg/javascript/jquery_easy_ui/themes/default/images/tabs_close.gif HTTP/1.1" 304 -
116.235.222.38 - - [16/Aug/2021:08:54:06 +0800] "GET /xingrg/all/function/internal_message.html?_=1629075244186&CODE_STATE=getMsg HTTP/1.1" 200 27
116.238.194.18 - - [16/Aug/2021:08:54:06 +0800] "GET /xingrg/css/base.css HTTP/1.1" 304 -
116.238.194.18 - - [16/Aug/2021:08:54:06 +0800] "GET /xingrg/css/site.css HTTP/1.1" 304 -
116.238.194.18 - - [16/Aug/2021:08:54:06 +0800] "GET /xingrg/javascript/easyui/themes/icon.css HTTP/1.1" 304 -
116.238.194.18 - - [16/Aug/2021:08:54:06 +0800] "GET /xingrg/javascript/jquery_tools/jquery.tools.min.js HTTP/1.1" 304 -
116.238.194.18 - - [16/Aug/2021:08:54:06 +0800] "GET /xingrg/javascript/jquery_tools/datebox.css HTTP/1.1" 304 -
116.238.194.18 - - [16/Aug/2021:08:54:06 +0800] "GET /xingrg/javascript/easyui/themes/default/easyui.css HTTP/1.1" 304 -
116.238.194.18 - - [16/Aug/2021:08:54:06 +0800] "GET /xingrg/javascript/auto/jquery.autocomplete.css HTTP/1.1" 304 -
116.238.194.18 - - [16/Aug/2021:08:54:06 +0800] "GET /xingrg/javascript/jquery_tools/jquery.tools.extend.js HTTP/1.1" 304 -
116.238.194.18 - - [16/Aug/2021:08:54:06 +0800] "GET /xingrg/javascript/jquery_tools/fix.css HTTP/1.1" 304 -
116.238.194.18 - - [16/Aug/2021:08:54:06 +0800] "GET /xingrg/javascript/jquery_tools/table.css HTTP/1.1" 304 -
116.238.194.18 - - [16/Aug/2021:08:54:06 +0800] "GET /xingrg/javascript/jquery_tools/jquery.tools.hotkey.js HTTP/1.1" 304 -
116.238.194.18 - - [16/Aug/2021:08:54:06 +0800] "GET /xingrg/javascript/jquery_tools/jquery.tools.table.js HTTP/1.1" 304 -
116.238.194.18 - - [16/Aug/2021:08:54:06 +0800] "GET /xingrg/javascript/jquery.cookie.js HTTP/1.1" 304 -
116.238.194.18 - - [16/Aug/2021:08:54:06 +0800] "GET /xingrg/javascript/jquery_tools/list_manager.js HTTP/1.1" 304 -
116.238.194.18 - - [16/Aug/2021:08:54:06 +0800] "GET /xingrg/javascript/print/LodopFuncs.js HTTP/1.1" 304 -
116.238.194.18 - - [16/Aug/2021:08:54:06 +0800] "GET /xingrg/javascript/easyui/easyloader.js HTTP/1.1" 304 -
116.238.194.18 - - [16/Aug/2021:08:54:06 +0800] "GET /xingrg/javascript/auto/jquery.autocomplete.js HTTP/1.1" 304 -
116.238.194.18 - - [16/Aug/2021:08:54:06 +0800] "GET /xingrg/kc/buy/cgsh_order_list.html HTTP/1.1" 200 47411
116.238.194.18 - - [16/Aug/2021:08:54:06 +0800] "GET /xingrg/javascript/easyui/plugins/jquery.parser.js HTTP/1.1" 304 -
116.230.105.26 - - [16/Aug/2021:08:54:08 +0800] "GET /xingrg/all/function/internal_message.html?_=1629075232939&CODE_STATE=getMsg HTTP/1.1" 200 27
116.238.194.18 - - [16/Aug/2021:08:54:08 +0800] "POST /xingrg/kc/buy/cgsh_list_operate.html HTTP/1.1" 200 876
116.235.222.38 - - [16/Aug/2021:08:54:08 +0800] "POST /xingrg/dwr/call/plaincall/AjaxCheckService.setItemNumber.dwr HTTP/1.1" 200 78
116.238.194.18 - - [16/Aug/2021:08:54:08 +0800] "GET /xingrg/javascript/easyui/themes/default/images/button_plain_hover.png HTTP/1.1" 304 -
116.238.194.18 - - [16/Aug/2021:08:54:08 +0800] "GET /xingrg/javascript/easyui/themes/default/images/button_plain_hover.png HTTP/1.1" 304 -
116.235.222.38 - - [16/Aug/2021:08:54:08 +0800] "POST /xingrg/dwr/call/plaincall/AjaxCheckService.setItemNumber.dwr HTTP/1.1" 200 78
116.232.48.13 - - [16/Aug/2021:08:54:08 +0800] "GET /xingrg/all/function/internal_message.html?_=1629075246919&CODE_STATE=getMsg HTTP/1.1" 200 27
116.235.222.38 - - [16/Aug/2021:08:54:08 +0800] "POST /xingrg/dwr/call/plaincall/AjaxCheckService.setItemNumber.dwr HTTP/1.1" 200 78
116.235.222.38 - - [16/Aug/2021:08:54:09 +0800] "POST /xingrg/dwr/call/plaincall/AjaxCheckService.setItemNumber.dwr HTTP/1.1" 200 78
116.235.222.38 - - [16/Aug/2021:08:54:10 +0800] "POST /xingrg/dwr/call/plaincall/AjaxCheckService.setItemNumber.dwr HTTP/1.1" 200 78
222.70.178.182 - - [16/Aug/2021:08:54:10 +0800] "POST /xingrg/dwr/call/plaincall/AjaxCheckService.setItemNumber.dwr HTTP/1.1" 200 76
116.235.222.38 - - [16/Aug/2021:08:54:11 +0800] "POST /xingrg/dwr/call/plaincall/AjaxCheckService.setItemNumber.dwr HTTP/1.1" 200 78
116.238.194.18 - - [16/Aug/2021:08:54:11 +0800] "GET /xingrg/javascript/pic_change.js HTTP/1.1" 304 -
116.238.194.18 - - [16/Aug/2021:08:54:11 +0800] "GET /xingrg/javascript/jquery_tools/order_manager.js HTTP/1.1" 304 -
116.238.194.18 - - [16/Aug/2021:08:54:11 +0800] "GET /xingrg/javascript/convert.js HTTP/1.1" 304 -
116.238.194.18 - - [16/Aug/2021:08:54:11 +0800] "GET /xingrg/javascript/json2.js HTTP/1.1" 304 -
116.238.194.18 - - [16/Aug/2021:08:54:11 +0800] "GET /xingrg/javascript/print/kc_print.js HTTP/1.1" 304 -
116.238.194.18 - - [16/Aug/2021:08:54:11 +0800] "GET /xingrg/kc/buy/cgsh_order_add.html HTTP/1.1" 200 63079
116.238.194.18 - - [16/Aug/2021:08:54:11 +0800] "GET /xingrg/words/20210815180211_words.js HTTP/1.1" 200 834304
116.238.194.18 - - [16/Aug/2021:08:54:11 +0800] "GET /xingrg/javascript/easyui/themes/icons/template_new.png HTTP/1.1" 304 -
116.238.194.18 - - [16/Aug/2021:08:54:11 +0800] "GET /xingrg/javascript/easyui/themes/icons/copy_new.png HTTP/1.1" 304 -
116.238.194.18 - - [16/Aug/2021:08:54:11 +0800] "GET /xingrg/javascript/easyui/themes/icons/ok.png HTTP/1.1" 304 -
116.238.194.18 - - [16/Aug/2021:08:54:11 +0800] "GET /xingrg/javascript/easyui/themes/icons/print.png HTTP/1.1" 304 -
116.238.194.18 - - [16/Aug/2021:08:54:11 +0800] "GET /xingrg/javascript/easyui/themes/default/images/menu_downarrow.png HTTP/1.1" 304 -
116.238.194.18 - - [16/Aug/2021:08:54:11 +0800] "GET /xingrg/javascript/easyui/themes/icons/cancel.png HTTP/1.1" 304 -
222.70.178.182 - - [16/Aug/2021:08:54:11 +0800] "POST /xingrg/dwr/call/plaincall/AjaxCheckService.setItemNumber.dwr HTTP/1.1" 200 76
116.235.222.38 - - [16/Aug/2021:08:54:11 +0800] "POST /xingrg/dwr/call/plaincall/AjaxCheckService.setItemNumber.dwr HTTP/1.1" 200 78
116.238.194.18 - - [16/Aug/2021:08:54:11 +0800] "POST /xingrg/kc/buy/cgsh_order_operate.html HTTP/1.1" 200 8245
116.235.222.38 - - [16/Aug/2021:08:54:11 +0800] "POST /xingrg/dwr/call/plaincall/AjaxCheckService.setItemNumber.dwr HTTP/1.1" 200 78
116.238.194.18 - - [16/Aug/2021:08:54:11 +0800] "GET /xingrg/javascript/easyui/themes/icons/edit_remove.png HTTP/1.1" 304 -
101.83.145.79 - - [16/Aug/2021:08:54:12 +0800] "GET /xingrg/kc/buy/cgsh_order_operate.html?command=get_materiel&rest_code=00105&code=00101008003&supplier_code=00100203&order_time=2021-08-16 HTTP/1.1" 200 408
116.238.194.18 - - [16/Aug/2021:08:54:12 +0800] "GET /xingrg/javascript/easyui/themes/default/validatebox.css HTTP/1.1" 404 1104
116.238.194.18 - - [16/Aug/2021:08:54:12 +0800] "GET /xingrg/javascript/easyui/plugins/jquery.validatebox.js HTTP/1.1" 304 -
116.238.194.18 - - [16/Aug/2021:08:54:12 +0800] "GET /xingrg/all/common/auto_word.html?type=employee&rest_code=00150 HTTP/1.1" 200 205
116.238.194.18 - - [16/Aug/2021:08:54:12 +0800] "GET /xingrg/javascript/easyui/plugins/jquery.numberbox.js HTTP/1.1" 304 -
116.238.194.18 - - [16/Aug/2021:08:54:12 +0800] "GET /xingrg/all/common/auto_word.html?type=employee&rest_code=00150 HTTP/1.1" 200 205
116.235.222.38 - - [16/Aug/2021:08:54:12 +0800] "POST /xingrg/dwr/call/plaincall/AjaxCheckService.setItemNumber.dwr HTTP/1.1" 200 78
222.70.178.182 - - [16/Aug/2021:08:54:12 +0800] "POST /xingrg/dwr/call/plaincall/AjaxCheckService.setItemNumber.dwr HTTP/1.1" 200 76
116.235.222.38 - - [16/Aug/2021:08:54:13 +0800] "POST /xingrg/dwr/call/plaincall/AjaxCheckService.setItemNumber.dwr HTTP/1.1" 200 78
116.235.222.38 - - [16/Aug/2021:08:54:13 +0800] "POST /xingrg/dwr/call/plaincall/AjaxCheckService.setItemNumber.dwr HTTP/1.1" 200 78
116.238.194.18 - - [16/Aug/2021:08:54:14 +0800] "GET /xingrg/javascript/auto/indicator.gif HTTP/1.1" 404 1066
116.235.222.38 - - [16/Aug/2021:08:54:14 +0800] "POST /xingrg/dwr/call/plaincall/AjaxCheckService.setItemNumber.dwr HTTP/1.1" 200 78
222.70.178.182 - - [16/Aug/2021:08:54:14 +0800] "POST /xingrg/dwr/call/plaincall/AjaxCheckService.setItemNumber.dwr HTTP/1.1" 200 76
116.235.222.38 - - [16/Aug/2021:08:54:15 +0800] "POST /xingrg/dwr/call/plaincall/AjaxCheckService.setItemNumber.dwr HTTP/1.1" 200 78
116.235.222.38 - - [16/Aug/2021:08:54:16 +0800] "POST /xingrg/dwr/call/plaincall/AjaxCheckService.setItemNumber.dwr HTTP/1.1" 200 78
116.235.222.38 - - [16/Aug/2021:08:54:16 +0800] "POST /xingrg/dwr/call/plaincall/AjaxCheckService.setItemNumber.dwr HTTP/1.1" 200 78
116.235.222.38 - - [16/Aug/2021:08:54:17 +0800] "POST /xingrg/dwr/call/plaincall/AjaxCheckService.setItemNumber.dwr HTTP/1.1" 200 78
222.70.178.182 - - [16/Aug/2021:08:54:17 +0800] "POST /xingrg/dwr/call/plaincall/AjaxCheckService.setItemNumber.dwr HTTP/1.1" 200 76
116.235.222.38 - - [16/Aug/2021:08:54:17 +0800] "POST /xingrg/dwr/call/plaincall/AjaxCheckService.setItemNumber.dwr HTTP/1.1" 200 78
116.235.222.38 - - [16/Aug/2021:08:54:18 +0800] "POST /xingrg/dwr/call/plaincall/AjaxCheckService.setItemNumber.dwr HTTP/1.1" 200 78
222.70.178.182 - - [16/Aug/2021:08:54:19 +0800] "POST /xingrg/dwr/call/plaincall/AjaxCheckService.setItemNumber.dwr HTTP/1.1" 200 77
116.235.222.38 - - [16/Aug/2021:08:54:19 +0800] "POST /xingrg/dwr/call/plaincall/AjaxCheckService.setItemNumber.dwr HTTP/1.1" 200 78
180.169.147.146 - - [16/Aug/2021:08:54:20 +0800] "GET /xingrg/all/function/internal_message.html?_=1629075257810&CODE_STATE=getMsg HTTP/1.1" 200 27
116.235.222.38 - - [16/Aug/2021:08:54:20 +0800] "POST /xingrg/dwr/call/plaincall/AjaxCheckService.setItemNumber.dwr HTTP/1.1" 200 78
222.70.178.182 - - [16/Aug/2021:08:54:20 +0800] "POST /xingrg/dwr/call/plaincall/AjaxCheckService.setItemNumber.dwr HTTP/1.1" 200 77
116.235.222.38 - - [16/Aug/2021:08:54:20 +0800] "POST /xingrg/dwr/call/plaincall/AjaxCheckService.setItemNumber.dwr HTTP/1.1" 200 78
116.235.222.38 - - [16/Aug/2021:08:54:21 +0800] "POST /xingrg/dwr/call/plaincall/AjaxCheckService.setItemNumber.dwr HTTP/1.1" 200 78
116.235.222.38 - - [16/Aug/2021:08:54:21 +0800] "POST /xingrg/dwr/call/plaincall/AjaxCheckService.setItemNumber.dwr HTTP/1.1" 200 78
116.235.222.38 - - [16/Aug/2021:08:54:22 +0800] "POST /xingrg/dwr/call/plaincall/AjaxCheckService.setItemNumber.dwr HTTP/1.1" 200 78
116.235.222.38 - - [16/Aug/2021:08:54:23 +0800] "POST /xingrg/dwr/call/plaincall/AjaxCheckService.setItemNumber.dwr HTTP/1.1" 200 78
116.235.222.38 - - [16/Aug/2021:08:54:23 +0800] "POST /xingrg/dwr/call/plaincall/AjaxCheckService.setItemNumber.dwr HTTP/1.1" 200 78
116.238.194.18 - - [16/Aug/2021:08:54:24 +0800] "GET /xingrg/kc/buy/cgsh_order_operate.html?command=get_materiel&rest_code=00150&code=00101012029&supplier_code=00100096&order_time=2021-08-16 HTTP/1.1" 200 414
116.235.222.38 - - [16/Aug/2021:08:54:24 +0800] "POST /xingrg/dwr/call/plaincall/AjaxCheckService.setItemNumber.dwr HTTP/1.1" 200 78
116.235.222.38 - - [16/Aug/2021:08:54:24 +0800] "POST /xingrg/dwr/call/plaincall/AjaxCheckService.setItemNumber.dwr HTTP/1.1" 200 78
116.235.222.38 - - [16/Aug/2021:08:54:25 +0800] "POST /xingrg/dwr/call/plaincall/AjaxCheckService.setItemNumber.dwr HTTP/1.1" 200 78
116.235.222.38 - - [16/Aug/2021:08:54:25 +0800] "POST /xingrg/dwr/call/plaincall/AjaxCheckService.setItemNumber.dwr HTTP/1.1" 200 78
116.235.222.38 - - [16/Aug/2021:08:54:26 +0800] "POST /xingrg/dwr/call/plaincall/AjaxCheckService.setItemNumber.dwr HTTP/1.1" 200 78
116.235.222.38 - - [16/Aug/2021:08:54:27 +0800] "POST /xingrg/dwr/call/plaincall/AjaxCheckService.setItemNumber.dwr HTTP/1.1" 200 78
116.235.222.38 - - [16/Aug/2021:08:54:27 +0800] "POST /xingrg/dwr/call/plaincall/AjaxCheckService.setItemNumber.dwr HTTP/1.1" 200 78
116.235.222.38 - - [16/Aug/2021:08:54:28 +0800] "POST /xingrg/dwr/call/plaincall/AjaxCheckService.setItemNumber.dwr HTTP/1.1" 200 78
116.235.222.38 - - [16/Aug/2021:08:54:28 +0800] "POST /xingrg/dwr/call/plaincall/AjaxCheckService.setItemNumber.dwr HTTP/1.1" 200 78
116.235.222.38 - - [16/Aug/2021:08:54:29 +0800] "POST /xingrg/dwr/call/plaincall/AjaxCheckService.setItemNumber.dwr HTTP/1.1" 200 78
116.235.222.38 - - [16/Aug/2021:08:54:30 +0800] "POST /xingrg/dwr/call/plaincall/AjaxCheckService.setItemNumber.dwr HTTP/1.1" 200 78
116.235.222.38 - - [16/Aug/2021:08:54:30 +0800] "POST /xingrg/dwr/call/plaincall/AjaxCheckService.setItemNumber.dwr HTTP/1.1" 200 78
116.235.222.38 - - [16/Aug/2021:08:54:31 +0800] "POST /xingrg/dwr/call/plaincall/AjaxCheckService.setItemNumber.dwr HTTP/1.1" 200 78
116.235.222.38 - - [16/Aug/2021:08:54:31 +0800] "POST /xingrg/dwr/call/plaincall/AjaxCheckService.setItemNumber.dwr HTTP/1.1" 200 78
58.40.7.146 - - [16/Aug/2021:08:54:32 +0800] "GET /xingrg/all/function/internal_message.html?_=1629075270489&CODE_STATE=getMsg HTTP/1.1" 200 27
58.40.7.146 - - [16/Aug/2021:08:54:32 +0800] "GET /xingrg/check_reg.html?_=1629075270491 HTTP/1.1" 200 22
222.70.178.182 - - [16/Aug/2021:08:54:34 +0800] "GET /xingrg/all/function/internal_message.html?_=1629075271962&CODE_STATE=getMsg HTTP/1.1" 200 27
120.253.135.82 - - [16/Aug/2021:08:54:34 +0800] "POST /xingrg/kc/pszx/mdps_list_operate.html HTTP/1.1" 200 3494
116.235.222.38 - - [16/Aug/2021:08:54:35 +0800] "POST /xingrg/dwr/call/plaincall/AjaxCheckService.setItemNumber.dwr HTTP/1.1" 200 78
124.79.246.142 - - [16/Aug/2021:08:54:36 +0800] "GET /xingrg/all/function/internal_message.html?_=1629075372752&CODE_STATE=getMsg HTTP/1.1" 200 27
116.238.194.18 - - [16/Aug/2021:08:54:37 +0800] "GET /xingrg/kc/buy/cgsh_order_operate.html?command=get_materiel&rest_code=00150&code=00101012033&supplier_code=00100096&order_time=2021-08-16 HTTP/1.1" 200 426
101.83.145.79 - - [16/Aug/2021:08:54:37 +0800] "GET /xingrg/kc/buy/cgsh_order_operate.html?command=get_materiel&rest_code=00105&code=00101008361&supplier_code=00100203&order_time=2021-08-16 HTTP/1.1" 200 408
120.253.135.82 - - [16/Aug/2021:08:54:37 +0800] "POST /xingrg/kc/pszx/mdps_list_operate.html HTTP/1.1" 200 205
116.235.222.38 - - [16/Aug/2021:08:54:39 +0800] "POST /xingrg/dwr/call/plaincall/AjaxCheckService.setItemNumber.dwr HTTP/1.1" 200 78
120.253.135.82 - - [16/Aug/2021:08:54:39 +0800] "GET /xingrg/kc/pszx/mdps_order_info.html?code=312021081500412 HTTP/1.1" 200 23925
116.235.222.38 - - [16/Aug/2021:08:54:40 +0800] "POST /xingrg/dwr/call/plaincall/AjaxCheckService.setItemNumber.dwr HTTP/1.1" 200 78
120.253.135.82 - - [16/Aug/2021:08:54:40 +0800] "GET /xingrg/javascript/easyui/themes/default/validatebox.css HTTP/1.1" 404 1104
116.235.222.38 - - [16/Aug/2021:08:54:40 +0800] "POST /xingrg/dwr/call/plaincall/AjaxCheckService.setItemNumber.dwr HTTP/1.1" 200 78
120.253.135.82 - - [16/Aug/2021:08:54:41 +0800] "POST /xingrg/kc/pszx/mdps_order_operate.html HTTP/1.1" 200 2282
116.235.222.38 - - [16/Aug/2021:08:54:41 +0800] "POST /xingrg/dwr/call/plaincall/AjaxCheckService.setItemNumber.dwr HTTP/1.1" 200 78
116.235.222.38 - - [16/Aug/2021:08:54:41 +0800] "POST /xingrg/dwr/call/plaincall/AjaxCheckService.setItemNumber.dwr HTTP/1.1" 200 78
116.235.222.38 - - [16/Aug/2021:08:54:42 +0800] "POST /xingrg/dwr/call/plaincall/AjaxCheckService.setItemNumber.dwr HTTP/1.1" 200 78
116.235.222.38 - - [16/Aug/2021:08:54:42 +0800] "POST /xingrg/dwr/call/plaincall/AjaxCheckService.setItemNumber.dwr HTTP/1.1" 200 78
116.235.222.38 - - [16/Aug/2021:08:54:43 +0800] "POST /xingrg/dwr/call/plaincall/AjaxCheckService.setItemNumber.dwr HTTP/1.1" 200 78
116.235.222.38 - - [16/Aug/2021:08:54:43 +0800] "POST /xingrg/dwr/call/plaincall/AjaxCheckService.setItemNumber.dwr HTTP/1.1" 200 78
116.235.222.38 - - [16/Aug/2021:08:54:47 +0800] "POST /xingrg/dwr/call/plaincall/AjaxCheckService.setItemNumber.dwr HTTP/1.1" 200 78
116.235.222.38 - - [16/Aug/2021:08:54:49 +0800] "POST /xingrg/dwr/call/plaincall/AjaxCheckService.setItemNumber.dwr HTTP/1.1" 200 78
101.83.145.79 - - [16/Aug/2021:08:54:52 +0800] "GET /xingrg/all/function/internal_message.html?_=1629075292072&CODE_STATE=getMsg HTTP/1.1" 200 27
116.235.222.38 - - [16/Aug/2021:08:54:53 +0800] "POST /xingrg/dwr/call/plaincall/AjaxCheckService.setItemNumber.dwr HTTP/1.1" 200 78
58.37.4.159 - - [16/Aug/2021:08:54:53 +0800] "GET /xingrg/all/function/internal_message.html?_=1629075294838&CODE_STATE=getMsg HTTP/1.1" 200 27
58.37.4.159 - - [16/Aug/2021:08:54:53 +0800] "GET /xingrg/check_reg.html?_=1629075294841 HTTP/1.1" 200 22
116.238.194.18 - - [16/Aug/2021:08:54:53 +0800] "GET /xingrg/all/function/internal_message.html?_=1629075234430&CODE_STATE=getMsg HTTP/1.1" 200 27
116.235.222.38 - - [16/Aug/2021:08:54:55 +0800] "POST /xingrg/dwr/call/plaincall/AjaxCheckService.setItemNumber.dwr HTTP/1.1" 200 78
116.238.194.18 - - [16/Aug/2021:08:54:55 +0800] "GET /xingrg/kc/buy/cgsh_order_operate.html?command=get_materiel&rest_code=00150&code=00101006168&supplier_code=00100096&order_time=2021-08-16 HTTP/1.1" 200 421
116.235.222.38 - - [16/Aug/2021:08:54:56 +0800] "POST /xingrg/dwr/call/plaincall/AjaxCheckService.setItemNumber.dwr HTTP/1.1" 200 78
116.235.222.38 - - [16/Aug/2021:08:54:56 +0800] "POST /xingrg/dwr/call/plaincall/AjaxCheckService.setItemNumber.dwr HTTP/1.1" 200 78
116.235.222.38 - - [16/Aug/2021:08:54:57 +0800] "POST /xingrg/dwr/call/plaincall/AjaxCheckService.setItemNumber.dwr HTTP/1.1" 200 78
116.238.194.18 - - [16/Aug/2021:08:54:57 +0800] "GET /xingrg/all/function/internal_message.html?_=1629075295327&CODE_STATE=getMsg HTTP/1.1" 200 27
116.235.222.38 - - [16/Aug/2021:08:54:57 +0800] "POST /xingrg/dwr/call/plaincall/AjaxCheckService.setItemNumber.dwr HTTP/1.1" 200 78
116.235.222.38 - - [16/Aug/2021:08:54:58 +0800] "POST /xingrg/dwr/call/plaincall/AjaxCheckService.setItemNumber.dwr HTTP/1.1" 200 78
116.235.222.38 - - [16/Aug/2021:08:54:59 +0800] "POST /xingrg/dwr/call/plaincall/AjaxCheckService.setItemNumber.dwr HTTP/1.1" 200 78
116.235.222.38 - - [16/Aug/2021:08:54:59 +0800] "POST /xingrg/dwr/call/plaincall/AjaxCheckService.setItemNumber.dwr HTTP/1.1" 200 78
116.235.222.38 - - [16/Aug/2021:08:55:00 +0800] "POST /xingrg/dwr/call/plaincall/AjaxCheckService.setItemNumber.dwr HTTP/1.1" 200 78
116.235.222.38 - - [16/Aug/2021:08:55:00 +0800] "POST /xingrg/dwr/call/plaincall/AjaxCheckService.setItemNumber.dwr HTTP/1.1" 200 78
222.70.246.151 - - [16/Aug/2021:08:55:00 +0800] "GET /xingrg/all/function/internal_message.html?_=1629075300307&CODE_STATE=getMsg HTTP/1.1" 200 27
116.235.222.38 - - [16/Aug/2021:08:55:01 +0800] "POST /xingrg/dwr/call/plaincall/AjaxCheckService.setItemNumber.dwr HTTP/1.1" 200 78
120.253.135.82 - - [16/Aug/2021:08:55:01 +0800] "GET /xingrg/javascript/jquery_tools/images/prev.gif HTTP/1.1" 404 1086
120.253.135.82 - - [16/Aug/2021:08:55:01 +0800] "GET /xingrg/javascript/jquery_tools/images/next.gif HTTP/1.1" 404 1086
116.235.222.38 - - [16/Aug/2021:08:55:02 +0800] "POST /xingrg/dwr/call/plaincall/AjaxCheckService.setItemNumber.dwr HTTP/1.1" 200 78
101.83.145.79 - - [16/Aug/2021:08:55:02 +0800] "GET /xingrg/kc/buy/cgsh_order_operate.html?command=get_materiel&rest_code=00105&code=00101008067&supplier_code=00100203&order_time=2021-08-16 HTTP/1.1" 200 416
116.235.222.38 - - [16/Aug/2021:08:55:02 +0800] "POST /xingrg/dwr/call/plaincall/AjaxCheckService.setItemNumber.dwr HTTP/1.1" 200 78
116.235.222.38 - - [16/Aug/2021:08:55:03 +0800] "POST /xingrg/dwr/call/plaincall/AjaxCheckService.setItemNumber.dwr HTTP/1.1" 200 78
116.235.222.38 - - [16/Aug/2021:08:55:04 +0800] "POST /xingrg/dwr/call/plaincall/AjaxCheckService.setItemNumber.dwr HTTP/1.1" 200 78
116.235.222.38 - - [16/Aug/2021:08:55:04 +0800] "POST /xingrg/dwr/call/plaincall/AjaxCheckService.setItemNumber.dwr HTTP/1.1" 200 78
116.235.222.38 - - [16/Aug/2021:08:55:04 +0800] "POST /xingrg/dwr/call/plaincall/AjaxCheckService.setItemNumber.dwr HTTP/1.1" 200 78
116.238.194.18 - - [16/Aug/2021:08:55:05 +0800] "GET /xingrg/kc/buy/cgsh_order_operate.html?command=get_materiel&rest_code=00150&code=00101006109&supplier_code=00100096&order_time=2021-08-16 HTTP/1.1" 200 409
116.238.194.18 - - [16/Aug/2021:08:55:05 +0800] "POST /xingrg/kc/buy/cgsh_order_operate.html HTTP/1.1" 200 2065
116.235.222.38 - - [16/Aug/2021:08:55:06 +0800] "POST /xingrg/dwr/call/plaincall/AjaxCheckService.setItemNumber.dwr HTTP/1.1" 200 78
116.235.222.38 - - [16/Aug/2021:08:55:06 +0800] "GET /xingrg/all/function/internal_message.html?_=1629075304254&CODE_STATE=getMsg HTTP/1.1" 200 27
116.235.222.38 - - [16/Aug/2021:08:55:06 +0800] "POST /xingrg/dwr/call/plaincall/AjaxCheckService.setItemNumber.dwr HTTP/1.1" 200 78
116.235.222.38 - - [16/Aug/2021:08:55:06 +0800] "POST /xingrg/dwr/call/plaincall/AjaxCheckService.setItemNumber.dwr HTTP/1.1" 200 78
116.235.222.38 - - [16/Aug/2021:08:55:07 +0800] "POST /xingrg/dwr/call/plaincall/AjaxCheckService.setItemNumber.dwr HTTP/1.1" 200 78
116.235.222.38 - - [16/Aug/2021:08:55:07 +0800] "POST /xingrg/dwr/call/plaincall/AjaxCheckService.setItemNumber.dwr HTTP/1.1" 200 78
116.230.105.26 - - [16/Aug/2021:08:55:08 +0800] "GET /xingrg/check_reg.html?_=1629075292929 HTTP/1.1" 200 22
116.230.105.26 - - [16/Aug/2021:08:55:08 +0800] "GET /xingrg/all/function/internal_message.html?_=1629075292934&CODE_STATE=getMsg HTTP/1.1" 200 27
120.253.135.82 - - [16/Aug/2021:08:55:08 +0800] "POST /xingrg/kc/pszx/mdps_order_operate.html HTTP/1.1" 200 37
116.232.48.13 - - [16/Aug/2021:08:55:08 +0800] "GET /xingrg/all/function/internal_message.html?_=1629075306921&CODE_STATE=getMsg HTTP/1.1" 200 27
120.253.135.82 - - [16/Aug/2021:08:55:09 +0800] "GET /xingrg/kc/pszx/mdps_order_info.html?code=312021081500412 HTTP/1.1" 200 23925
116.235.222.38 - - [16/Aug/2021:08:55:09 +0800] "POST /xingrg/dwr/call/plaincall/AjaxCheckService.setItemNumber.dwr HTTP/1.1" 200 78
120.253.135.82 - - [16/Aug/2021:08:55:10 +0800] "GET /xingrg/javascript/easyui/themes/default/validatebox.css HTTP/1.1" 404 1104
120.253.135.82 - - [16/Aug/2021:08:55:10 +0800] "POST /xingrg/kc/pszx/mdps_order_operate.html HTTP/1.1" 200 2281
116.238.194.18 - - [16/Aug/2021:08:55:12 +0800] "GET /xingrg/kc/buy/cgsh_order_operate.html?command=get_materiel&rest_code=00150&code=00101008175&supplier_code=00100007&order_time=2021-08-16 HTTP/1.1" 200 412
116.235.222.38 - - [16/Aug/2021:08:55:14 +0800] "POST /xingrg/dwr/call/plaincall/AjaxCheckService.setItemNumber.dwr HTTP/1.1" 200 78
116.235.222.38 - - [16/Aug/2021:08:55:14 +0800] "POST /xingrg/dwr/call/plaincall/AjaxCheckService.setItemNumber.dwr HTTP/1.1" 200 78
116.235.222.38 - - [16/Aug/2021:08:55:15 +0800] "POST /xingrg/dwr/call/plaincall/AjaxCheckService.setItemNumber.dwr HTTP/1.1" 200 78
116.235.222.38 - - [16/Aug/2021:08:55:15 +0800] "POST /xingrg/dwr/call/plaincall/AjaxCheckService.setItemNumber.dwr HTTP/1.1" 200 78
116.235.222.38 - - [16/Aug/2021:08:55:16 +0800] "POST /xingrg/dwr/call/plaincall/AjaxCheckService.setItemNumber.dwr HTTP/1.1" 200 78
116.235.222.38 - - [16/Aug/2021:08:55:16 +0800] "POST /xingrg/dwr/call/plaincall/AjaxCheckService.setItemNumber.dwr HTTP/1.1" 200 78
116.235.222.38 - - [16/Aug/2021:08:55:17 +0800] "POST /xingrg/dwr/call/plaincall/AjaxCheckService.setItemNumber.dwr HTTP/1.1" 200 78
116.235.222.38 - - [16/Aug/2021:08:55:17 +0800] "POST /xingrg/dwr/call/plaincall/AjaxCheckService.setItemNumber.dwr HTTP/1.1" 200 78
116.235.222.38 - - [16/Aug/2021:08:55:18 +0800] "POST /xingrg/dwr/call/plaincall/AjaxCheckService.setItemNumber.dwr HTTP/1.1" 200 78
116.235.222.38 - - [16/Aug/2021:08:55:19 +0800] "POST /xingrg/dwr/call/plaincall/AjaxCheckService.setItemNumber.dwr HTTP/1.1" 200 78
116.235.222.38 - - [16/Aug/2021:08:55:19 +0800] "POST /xingrg/dwr/call/plaincall/AjaxCheckService.setItemNumber.dwr HTTP/1.1" 200 78
