180.169.147.146 - - [13/Aug/2021:09:34:05 +0800] "GET /xingrg/all/function/internal_message.html?_=1628818437318&CODE_STATE=getMsg HTTP/1.1" 200 27
222.70.178.182 - - [13/Aug/2021:09:34:06 +0800] "GET /xingrg/all/function/internal_message.html?_=1628818441153&CODE_STATE=getMsg HTTP/1.1" 200 27
114.88.154.248 - - [13/Aug/2021:09:34:07 +0800] "GET /xingrg/all/function/internal_message.html?_=1628818355736&CODE_STATE=getMsg HTTP/1.1" 200 27
114.88.154.248 - - [13/Aug/2021:09:34:07 +0800] "GET /xingrg/check_reg.html?_=1628818355737 HTTP/1.1" 200 22
116.230.105.26 - - [13/Aug/2021:09:34:08 +0800] "GET /xingrg/all/function/internal_message.html?_=1628818438115&CODE_STATE=getMsg HTTP/1.1" 200 27
116.238.194.18 - - [13/Aug/2021:09:34:09 +0800] "GET /xingrg/kc/buy/cgsh_order_operate.html?command=get_materiel&rest_code=00151&code=00101008069&supplier_code=00100007&order_time=2021-08-13 HTTP/1.1" 200 412
114.84.82.184 - - [13/Aug/2021:09:34:09 +0800] "GET /xingrg/all/function/internal_message.html?_=1628818447128&CODE_STATE=getMsg HTTP/1.1" 200 27
180.174.198.13 - - [13/Aug/2021:09:34:12 +0800] "GET /xingrg/all/function/internal_message.html?_=1628818428266&CODE_STATE=getMsg HTTP/1.1" 200 27
120.253.135.82 - - [13/Aug/2021:09:34:15 +0800] "GET /xingrg/all/function/internal_message.html?_=1628818478469&CODE_STATE=getMsg HTTP/1.1" 200 27
116.238.194.18 - - [13/Aug/2021:09:34:17 +0800] "GET /xingrg/kc/buy/cgsh_order_operate.html?command=get_materiel&rest_code=00151&code=00101008213&supplier_code=00100007&order_time=2021-08-13 HTTP/1.1" 200 412
101.83.145.79 - - [13/Aug/2021:09:34:17 +0800] "GET /xingrg/all/function/internal_message.html?_=1628818454573&CODE_STATE=getMsg HTTP/1.1" 200 27
101.83.145.79 - - [13/Aug/2021:09:34:17 +0800] "GET /xingrg/check_reg.html?_=1628818454681 HTTP/1.1" 200 22
114.88.154.248 - - [13/Aug/2021:09:34:24 +0800] "GET /xingrg/check_reg.html?_=1628818372325 HTTP/1.1" 200 22
116.238.194.18 - - [13/Aug/2021:09:34:25 +0800] "GET /xingrg/kc/buy/cgsh_order_operate.html?command=get_materiel&rest_code=00151&code=00101015038&supplier_code=00100007&order_time=2021-08-13 HTTP/1.1" 200 419
58.221.95.50 - - [13/Aug/2021:09:34:28 +0800] "GET /xingrg/check_reg.html?_=1628818465721 HTTP/1.1" 302 -
116.238.194.18 - - [13/Aug/2021:09:34:28 +0800] "GET /xingrg/all/function/internal_message.html?_=1628818463663&CODE_STATE=getMsg HTTP/1.1" 200 27
222.70.178.182 - - [13/Aug/2021:09:34:28 +0800] "GET /xingrg/all/function/internal_message.html?_=1628818495554&CODE_STATE=getMsg HTTP/1.1" 302 -
116.238.194.18 - - [13/Aug/2021:09:34:32 +0800] "POST /xingrg/kc/buy/cgsh_order_operate.html HTTP/1.1" 200 37
222.70.246.151 - - [13/Aug/2021:09:34:32 +0800] "GET /xingrg/all/function/internal_message.html?_=1628818486789&CODE_STATE=getMsg HTTP/1.1" 200 27
116.238.194.18 - - [13/Aug/2021:09:34:33 +0800] "POST /xingrg/kc/buy/cgsh_order_operate.html HTTP/1.1" 200 17661
116.238.194.18 - - [13/Aug/2021:09:34:33 +0800] "GET /xingrg/kc/buy/cgsh_order_operate.html?command=get_materiel&rest_code=00151&code=00101008083&supplier_code=00100096&order_time=2021-08-13 HTTP/1.1" 200 427
116.238.194.18 - - [13/Aug/2021:09:34:35 +0800] "POST /xingrg/all/common/load_select.html HTTP/1.1" 200 25
114.86.227.38 - - [13/Aug/2021:09:34:37 +0800] "GET /xingrg/all/function/internal_message.html?_=1628818476211&CODE_STATE=getMsg HTTP/1.1" 200 27
116.238.194.18 - - [13/Aug/2021:09:34:38 +0800] "GET /xingrg/kc/buy/cgsh_order_operate.html?command=get_materiel_price&rest_code=00151&code=00101008083&unit_code=00100026&supplier_code=00100096&order_time=2021-08-13 HTTP/1.1" 200 27
101.83.145.79 - - [13/Aug/2021:09:34:46 +0800] "GET /xingrg/kc/buy/cgsh_order_operate.html?command=get_materiel&rest_code=00105&code=00101006056&supplier_code=00100012&order_time=2021-08-13 HTTP/1.1" 200 413
116.238.194.18 - - [13/Aug/2021:09:34:47 +0800] "GET /xingrg/kc/buy/cgsh_order_operate.html?command=get_materiel&rest_code=00151&code=00101008244&supplier_code=00100007&order_time=2021-08-13 HTTP/1.1" 200 408
116.238.194.18 - - [13/Aug/2021:09:34:50 +0800] "GET /xingrg/kc/buy/cgsh_order_operate.html?command=get_materiel&rest_code=00151&code=00101012059&supplier_code=00100096&order_time=2021-08-13 HTTP/1.1" 200 412
180.169.147.146 - - [13/Aug/2021:09:34:50 +0800] "GET /xingrg/check_reg.html?_=1628818487572 HTTP/1.1" 200 22
180.169.147.146 - - [13/Aug/2021:09:34:50 +0800] "GET /xingrg/all/function/internal_message.html?_=1628818487576&CODE_STATE=getMsg HTTP/1.1" 200 27
114.88.154.248 - - [13/Aug/2021:09:34:58 +0800] "GET /xingrg/all/function/internal_message.html?_=1628818406419&CODE_STATE=getMsg HTTP/1.1" 200 27
116.238.194.18 - - [13/Aug/2021:09:34:59 +0800] "GET /xingrg/kc/buy/cgsh_order_operate.html?command=get_materiel&rest_code=00151&code=00101006027&supplier_code=00100096&order_time=2021-08-13 HTTP/1.1" 200 409
101.83.145.79 - - [13/Aug/2021:09:34:59 +0800] "GET /xingrg/kc/buy/cgsh_order_operate.html?command=get_materiel&rest_code=00105&code=00101006109&supplier_code=00100012&order_time=2021-08-13 HTTP/1.1" 200 409
116.238.194.18 - - [13/Aug/2021:09:34:59 +0800] "GET /xingrg/kc/buy/cgsh_order_operate.html?command=get_materiel&rest_code=00151&code=00101015006&supplier_code=00100007&order_time=2021-08-13 HTTP/1.1" 200 413
116.235.222.38 - - [13/Aug/2021:09:35:02 +0800] "GET /xingrg/all/function/internal_message.html?_=1628818499404&CODE_STATE=getMsg HTTP/1.1" 200 27
116.238.194.18 - - [13/Aug/2021:09:35:02 +0800] "GET /xingrg/all/function/internal_message.html?_=1628818445115&CODE_STATE=getMsg HTTP/1.1" 200 27
180.169.147.146 - - [13/Aug/2021:09:35:05 +0800] "GET /xingrg/all/function/internal_message.html?_=1628818497296&CODE_STATE=getMsg HTTP/1.1" 200 27
222.70.178.182 - - [13/Aug/2021:09:35:06 +0800] "GET /xingrg/all/function/internal_message.html?_=1628818501154&CODE_STATE=getMsg HTTP/1.1" 200 27
114.88.154.248 - - [13/Aug/2021:09:35:07 +0800] "GET /xingrg/all/function/internal_message.html?_=1628818415736&CODE_STATE=getMsg HTTP/1.1" 200 27
101.83.145.79 - - [13/Aug/2021:09:35:08 +0800] "GET /xingrg/kc/buy/cgsh_order_operate.html?command=get_materiel&rest_code=00105&code=00101006106&supplier_code=00100012&order_time=2021-08-13 HTTP/1.1" 200 421
116.230.105.26 - - [13/Aug/2021:09:35:08 +0800] "GET /xingrg/all/function/internal_message.html?_=1628818498128&CODE_STATE=getMsg HTTP/1.1" 200 27
116.230.105.26 - - [13/Aug/2021:09:35:08 +0800] "GET /xingrg/check_reg.html?_=1628818498130 HTTP/1.1" 200 22
114.84.82.184 - - [13/Aug/2021:09:35:09 +0800] "GET /xingrg/all/function/internal_message.html?_=1628818507170&CODE_STATE=getMsg HTTP/1.1" 200 27
116.238.194.18 - - [13/Aug/2021:09:35:11 +0800] "GET /xingrg/kc/buy/cgsh_order_operate.html?command=get_materiel&rest_code=00151&code=00101006013&supplier_code=00100096&order_time=2021-08-13 HTTP/1.1" 200 410
180.174.198.13 - - [13/Aug/2021:09:35:12 +0800] "GET /xingrg/check_reg.html?_=1628818488086 HTTP/1.1" 200 22
180.174.198.13 - - [13/Aug/2021:09:35:12 +0800] "GET /xingrg/all/function/internal_message.html?_=1628818488280&CODE_STATE=getMsg HTTP/1.1" 200 27
120.253.135.82 - - [13/Aug/2021:09:35:15 +0800] "GET /xingrg/all/function/internal_message.html?_=1628818538482&CODE_STATE=getMsg HTTP/1.1" 200 27
101.83.145.79 - - [13/Aug/2021:09:35:17 +0800] "GET /xingrg/all/function/internal_message.html?_=1628818514593&CODE_STATE=getMsg HTTP/1.1" 200 27
116.238.194.18 - - [13/Aug/2021:09:35:21 +0800] "GET /xingrg/kc/buy/cgsh_order_operate.html?command=get_materiel&rest_code=00151&code=00101006084&supplier_code=00100096&order_time=2021-08-13 HTTP/1.1" 200 414
180.169.147.146 - - [13/Aug/2021:09:35:22 +0800] "GET /xingrg/check_reg.html?_=1628818514426 HTTP/1.1" 200 22
116.238.194.18 - - [13/Aug/2021:09:35:26 +0800] "POST /xingrg/kc/buy/cgsh_order_operate.html HTTP/1.1" 200 37
116.238.194.18 - - [13/Aug/2021:09:35:27 +0800] "POST /xingrg/kc/buy/cgsh_order_operate.html HTTP/1.1" 200 20623
116.238.194.18 - - [13/Aug/2021:09:35:28 +0800] "GET /xingrg/all/function/internal_message.html?_=1628818523670&CODE_STATE=getMsg HTTP/1.1" 200 27
116.238.194.18 - - [13/Aug/2021:09:35:28 +0800] "GET /xingrg/kc/buy/cgsh_order_add.html HTTP/1.1" 200 62797
222.70.178.182 - - [13/Aug/2021:09:35:28 +0800] "GET /xingrg/all/function/internal_message.html?_=1628818555536&CODE_STATE=getMsg HTTP/1.1" 302 -
116.238.194.18 - - [13/Aug/2021:09:35:28 +0800] "POST /xingrg/kc/buy/cgsh_order_operate.html HTTP/1.1" 200 8245
116.238.194.18 - - [13/Aug/2021:09:35:29 +0800] "GET /xingrg/javascript/easyui/themes/default/validatebox.css HTTP/1.1" 404 1104
101.83.145.79 - - [13/Aug/2021:09:35:33 +0800] "GET /xingrg/kc/buy/cgsh_order_operate.html?command=get_materiel&rest_code=00105&code=00101006129&supplier_code=00100012&order_time=2021-08-13 HTTP/1.1" 200 451
222.70.246.151 - - [13/Aug/2021:09:35:37 +0800] "GET /xingrg/all/function/internal_message.html?_=1628818546802&CODE_STATE=getMsg HTTP/1.1" 200 27
114.86.227.38 - - [13/Aug/2021:09:35:37 +0800] "GET /xingrg/all/function/internal_message.html?_=1628818536213&CODE_STATE=getMsg HTTP/1.1" 200 27
116.238.194.18 - - [13/Aug/2021:09:35:38 +0800] "GET /xingrg/kc/buy/cgsh_order_operate.html?command=get_materiel&rest_code=00151&code=00101009049&supplier_code=00100424&order_time=2021-08-13 HTTP/1.1" 200 416
101.83.145.79 - - [13/Aug/2021:09:35:47 +0800] "GET /xingrg/kc/buy/cgsh_order_operate.html?command=get_materiel&rest_code=00105&code=00101006063&supplier_code=00100012&order_time=2021-08-13 HTTP/1.1" 200 413
180.169.147.146 - - [13/Aug/2021:09:35:48 +0800] "GET /xingrg/login.html HTTP/1.1" 200 7641
180.169.147.146 - - [13/Aug/2021:09:35:48 +0800] "GET /xingrg/images/blue/jxLogo.png HTTP/1.1" 200 6156
180.169.147.146 - - [13/Aug/2021:09:35:48 +0800] "GET /xingrg/images/blue/login_bg.png HTTP/1.1" 200 22101
180.169.147.146 - - [13/Aug/2021:09:35:48 +0800] "GET /xingrg/images/blue/hj.png HTTP/1.1" 200 1014
180.169.147.146 - - [13/Aug/2021:09:35:48 +0800] "GET /xingrg/images/blue/srbg.png HTTP/1.1" 200 138
180.169.147.146 - - [13/Aug/2021:09:35:48 +0800] "GET /favicon.ico HTTP/1.1" 404 -
180.169.147.146 - - [13/Aug/2021:09:35:50 +0800] "GET /xingrg/all/function/internal_message.html?_=1628818547564&CODE_STATE=getMsg HTTP/1.1" 200 27
116.238.194.18 - - [13/Aug/2021:09:35:51 +0800] "GET /xingrg/kc/buy/cgsh_order_operate.html?command=get_materiel&rest_code=00151&code=00101009124&supplier_code=00100424&order_time=2021-08-13 HTTP/1.1" 200 402
180.169.147.146 - - [13/Aug/2021:09:35:55 +0800] "POST /xingrg/login.do HTTP/1.1" 302 -
180.169.147.146 - - [13/Aug/2021:09:35:55 +0800] "GET /xingrg/index.html?sysBaseUrl=http%3A%2F%2F180.169.147.146%3A18081%2Fxingrg%2F&costTime=42×tamp=1628818555849 HTTP/1.1" 200 17503
180.169.147.146 - - [13/Aug/2021:09:35:55 +0800] "GET /xingrg/javascript/jquery_easy_ui/themes/default/easyui.css HTTP/1.1" 200 26500
180.169.147.146 - - [13/Aug/2021:09:35:55 +0800] "GET /xingrg/javascript/jquery_easy_ui/themes/icon.css HTTP/1.1" 200 3949
180.169.147.146 - - [13/Aug/2021:09:35:55 +0800] "GET /xingrg/css/form.css HTTP/1.1" 200 893
180.169.147.146 - - [13/Aug/2021:09:35:55 +0800] "GET /xingrg/javascript/jquery-1.4.2.min.js HTTP/1.1" 200 72205
180.169.147.146 - - [13/Aug/2021:09:35:55 +0800] "GET /xingrg/javascript/jquery_easy_ui/jquery.easyui.min.js HTTP/1.1" 200 213662
180.169.147.146 - - [13/Aug/2021:09:35:55 +0800] "GET /xingrg/javascript/jquery_easy_ui/easyui-lang-zh_CN.js HTTP/1.1" 200 1900
180.169.147.146 - - [13/Aug/2021:09:35:55 +0800] "GET /xingrg/javascript/jquery.form.js HTTP/1.1" 200 23110
180.169.147.146 - - [13/Aug/2021:09:35:55 +0800] "GET /xingrg/javascript/jquery.utils.js HTTP/1.1" 200 11805
180.169.147.146 - - [13/Aug/2021:09:35:55 +0800] "GET /xingrg/javascript/jquery.timers.js HTTP/1.1" 200 3532
180.169.147.146 - - [13/Aug/2021:09:35:55 +0800] "GET /favicon.ico HTTP/1.1" 404 -
180.169.147.146 - - [13/Aug/2021:09:35:55 +0800] "GET /xingrg/javascript/jquery_easy_ui/themes/icons/settle_new.png HTTP/1.1" 200 826
180.169.147.146 - - [13/Aug/2021:09:35:55 +0800] "GET /xingrg/images/blue/navBackgound.jpg HTTP/1.1" 200 12378
180.169.147.146 - - [13/Aug/2021:09:35:56 +0800] "POST /xingrg/all/common/load_tree.html?tree=area_rest_tree_json&manage=1 HTTP/1.1" 200 3472
180.169.147.146 - - [13/Aug/2021:09:35:56 +0800] "GET /xingrg/all/function/internal_message.html?_=1628818553941&CODE_STATE=count HTTP/1.1" 200 11
180.169.147.146 - - [13/Aug/2021:09:35:56 +0800] "GET /xingrg/check_reg.html?_=1628818553942 HTTP/1.1" 200 22
180.169.147.146 - - [13/Aug/2021:09:35:56 +0800] "GET /xingrg/images/blue/pingpu.png HTTP/1.1" 200 231
180.169.147.146 - - [13/Aug/2021:09:35:56 +0800] "GET /xingrg/javascript/jquery_easy_ui/themes/default/images/tabs_leftarrow.png HTTP/1.1" 200 389
180.169.147.146 - - [13/Aug/2021:09:35:56 +0800] "GET /xingrg/javascript/jquery_easy_ui/themes/default/images/tabs_rightarrow.png HTTP/1.1" 200 395
180.169.147.146 - - [13/Aug/2021:09:35:56 +0800] "GET /xingrg/javascript/jquery_easy_ui/themes/default/images/panel_tool_expand.gif HTTP/1.1" 200 247
180.169.147.146 - - [13/Aug/2021:09:35:56 +0800] "GET /xingrg/javascript/jquery_easy_ui/themes/default/images/panel_tool_collapse.gif HTTP/1.1" 200 246
180.169.147.146 - - [13/Aug/2021:09:35:56 +0800] "POST /xingrg/load_menu.html HTTP/1.1" 200 11443
180.169.147.146 - - [13/Aug/2021:09:35:56 +0800] "GET /xingrg/javascript/jquery_easy_ui/themes/default/images/tree_arrows.gif HTTP/1.1" 200 1043
180.169.147.146 - - [13/Aug/2021:09:35:56 +0800] "GET /xingrg/javascript/jquery_easy_ui/themes/default/images/tree_folder_open.gif HTTP/1.1" 200 956
180.169.147.146 - - [13/Aug/2021:09:35:56 +0800] "GET /xingrg/javascript/jquery_easy_ui/themes/icons/search_new.png HTTP/1.1" 200 586
180.169.147.146 - - [13/Aug/2021:09:35:56 +0800] "GET /xingrg/javascript/jquery_easy_ui/themes/icons/delivery_new.png HTTP/1.1" 200 700
180.169.147.146 - - [13/Aug/2021:09:35:56 +0800] "GET /xingrg/javascript/jquery_easy_ui/themes/icons/storage_new.png HTTP/1.1" 200 853
180.169.147.146 - - [13/Aug/2021:09:35:56 +0800] "GET /xingrg/javascript/jquery_easy_ui/themes/icons/checkout_new.png HTTP/1.1" 200 744
180.169.147.146 - - [13/Aug/2021:09:35:56 +0800] "GET /xingrg/javascript/jquery_easy_ui/themes/icons/forms_new.png HTTP/1.1" 200 350
180.169.147.146 - - [13/Aug/2021:09:35:56 +0800] "GET /xingrg/javascript/jquery_easy_ui/themes/icons/setting_new.png HTTP/1.1" 200 450
180.169.147.146 - - [13/Aug/2021:09:35:56 +0800] "GET /xingrg/javascript/jquery_easy_ui/themes/icons/systemset_new.png HTTP/1.1" 200 606
180.169.147.146 - - [13/Aug/2021:09:35:56 +0800] "GET /xingrg/javascript/jquery_easy_ui/themes/default/images/tree_file.gif HTTP/1.1" 200 118
180.169.147.146 - - [13/Aug/2021:09:35:56 +0800] "GET /xingrg/javascript/jquery_easy_ui/themes/default/images/tree_folder.gif HTTP/1.1" 200 952
114.88.154.248 - - [13/Aug/2021:09:35:58 +0800] "GET /xingrg/all/function/internal_message.html?_=1628818466398&CODE_STATE=getMsg HTTP/1.1" 200 27
116.238.194.18 - - [13/Aug/2021:09:35:59 +0800] "GET /xingrg/kc/buy/cgsh_order_operate.html?command=get_materiel&rest_code=00151&code=00101009053&supplier_code=00100424&order_time=2021-08-13 HTTP/1.1" 200 408
180.169.147.146 - - [13/Aug/2021:09:35:59 +0800] "GET /xingrg/javascript/jquery_easy_ui/themes/icons/area.png HTTP/1.1" 200 262
180.169.147.146 - - [13/Aug/2021:09:35:59 +0800] "GET /xingrg/javascript/jquery_easy_ui/themes/icons/manage.png HTTP/1.1" 200 696
180.169.147.146 - - [13/Aug/2021:09:35:59 +0800] "GET /xingrg/javascript/jquery_easy_ui/themes/icons/rest.png HTTP/1.1" 200 695
180.169.147.146 - - [13/Aug/2021:09:35:59 +0800] "GET /xingrg/javascript/jquery_easy_ui/themes/default/images/button_a_bg.gif HTTP/1.1" 200 1194
180.169.147.146 - - [13/Aug/2021:09:35:59 +0800] "GET /xingrg/javascript/jquery_easy_ui/themes/default/images/button_span_bg.gif HTTP/1.1" 200 2061
180.169.147.146 - - [13/Aug/2021:09:35:59 +0800] "GET /xingrg/javascript/jquery_easy_ui/themes/icons/ok.png HTTP/1.1" 200 883
180.169.147.146 - - [13/Aug/2021:09:35:59 +0800] "GET /xingrg/javascript/jquery_easy_ui/themes/default/images/panel_title.png HTTP/1.1" 200 266
180.169.147.146 - - [13/Aug/2021:09:35:59 +0800] "GET /xingrg/javascript/jquery_easy_ui/themes/default/images/panel_tools.gif HTTP/1.1" 200 737
116.235.222.38 - - [13/Aug/2021:09:36:02 +0800] "GET /xingrg/all/function/internal_message.html?_=1628818559390&CODE_STATE=getMsg HTTP/1.1" 200 27
180.169.147.146 - - [13/Aug/2021:09:36:02 +0800] "GET /xingrg/images/control/ajaxLoader.gif HTTP/1.1" 200 4659
180.169.147.146 - - [13/Aug/2021:09:36:02 +0800] "POST /xingrg/all/user/operate.html HTTP/1.1" 200 36
180.169.147.146 - - [13/Aug/2021:09:36:02 +0800] "GET /xingrg/index.html?sysBaseUrl=http%3A%2F%2F180.169.147.146%3A18081%2Fxingrg%2F&costTime=42×tamp=1628818555849 HTTP/1.1" 200 17509
180.169.147.146 - - [13/Aug/2021:09:36:02 +0800] "GET /xingrg/javascript/jquery_easy_ui/themes/default/easyui.css HTTP/1.1" 304 -
180.169.147.146 - - [13/Aug/2021:09:36:02 +0800] "GET /xingrg/javascript/jquery_easy_ui/themes/icon.css HTTP/1.1" 304 -
180.169.147.146 - - [13/Aug/2021:09:36:02 +0800] "GET /xingrg/css/form.css HTTP/1.1" 304 -
180.169.147.146 - - [13/Aug/2021:09:36:02 +0800] "GET /xingrg/javascript/jquery-1.4.2.min.js HTTP/1.1" 304 -
180.169.147.146 - - [13/Aug/2021:09:36:02 +0800] "GET /xingrg/javascript/jquery_easy_ui/jquery.easyui.min.js HTTP/1.1" 304 -
180.169.147.146 - - [13/Aug/2021:09:36:02 +0800] "GET /xingrg/javascript/jquery_easy_ui/easyui-lang-zh_CN.js HTTP/1.1" 304 -
180.169.147.146 - - [13/Aug/2021:09:36:02 +0800] "GET /xingrg/javascript/jquery.form.js HTTP/1.1" 304 -
180.169.147.146 - - [13/Aug/2021:09:36:02 +0800] "GET /xingrg/javascript/jquery.utils.js HTTP/1.1" 304 -
180.169.147.146 - - [13/Aug/2021:09:36:02 +0800] "GET /xingrg/javascript/jquery.timers.js HTTP/1.1" 304 -
180.169.147.146 - - [13/Aug/2021:09:36:02 +0800] "GET /xingrg/images/blue/jxLogo.png HTTP/1.1" 304 -
180.169.147.146 - - [13/Aug/2021:09:36:02 +0800] "GET /xingrg/javascript/jquery_easy_ui/themes/icons/settle_new.png HTTP/1.1" 304 -
180.169.147.146 - - [13/Aug/2021:09:36:02 +0800] "GET /xingrg/images/blue/navBackgound.jpg HTTP/1.1" 304 -
116.238.194.18 - - [13/Aug/2021:09:36:02 +0800] "GET /xingrg/all/function/internal_message.html?_=1628818505128&CODE_STATE=getMsg HTTP/1.1" 200 27
180.169.147.146 - - [13/Aug/2021:09:36:02 +0800] "POST /xingrg/all/common/load_tree.html?tree=area_rest_tree_json&manage=1 HTTP/1.1" 200 3472
180.169.147.146 - - [13/Aug/2021:09:36:02 +0800] "GET /xingrg/all/function/internal_message.html?_=1628818560711&CODE_STATE=count HTTP/1.1" 200 11
180.169.147.146 - - [13/Aug/2021:09:36:02 +0800] "GET /xingrg/check_reg.html?_=1628818560713 HTTP/1.1" 200 22
180.169.147.146 - - [13/Aug/2021:09:36:02 +0800] "GET /xingrg/javascript/jquery_easy_ui/themes/default/images/tabs_rightarrow.png HTTP/1.1" 304 -
180.169.147.146 - - [13/Aug/2021:09:36:02 +0800] "GET /xingrg/javascript/jquery_easy_ui/themes/default/images/panel_tool_collapse.gif HTTP/1.1" 304 -
180.169.147.146 - - [13/Aug/2021:09:36:02 +0800] "GET /xingrg/javascript/jquery_easy_ui/themes/default/images/panel_tool_expand.gif HTTP/1.1" 304 -
180.169.147.146 - - [13/Aug/2021:09:36:02 +0800] "GET /xingrg/images/blue/pingpu.png HTTP/1.1" 304 -
180.169.147.146 - - [13/Aug/2021:09:36:02 +0800] "GET /xingrg/javascript/jquery_easy_ui/themes/default/images/tabs_leftarrow.png HTTP/1.1" 304 -
180.169.147.146 - - [13/Aug/2021:09:36:02 +0800] "POST /xingrg/load_menu.html HTTP/1.1" 200 9959
101.83.145.79 - - [13/Aug/2021:09:36:04 +0800] "GET /xingrg/kc/buy/cgsh_order_operate.html?command=get_materiel&rest_code=00105&code=00101010248&supplier_code=00100012&order_time=2021-08-13 HTTP/1.1" 200 430
101.83.145.79 - - [13/Aug/2021:09:36:04 +0800] "POST /xingrg/all/common/load_select.html HTTP/1.1" 200 25
180.169.147.146 - - [13/Aug/2021:09:36:04 +0800] "GET /xingrg/kc/buy/buy_main.html HTTP/1.1" 200 12412
180.169.147.146 - - [13/Aug/2021:09:36:04 +0800] "GET /xingrg/javascript/jquery_easy_ui/themes/default/images/tabs_close.gif HTTP/1.1" 200 829
180.169.147.146 - - [13/Aug/2021:09:36:04 +0800] "GET /xingrg/css/blue.css HTTP/1.1" 200 15949
180.169.147.146 - - [13/Aug/2021:09:36:04 +0800] "GET /xingrg/css/new_ie.css HTTP/1.1" 404 1036
180.169.147.146 - - [13/Aug/2021:09:36:04 +0800] "GET /xingrg/javascript/jquery_ui/themes/humanity/humanity.css HTTP/1.1" 200 27801
180.169.147.146 - - [13/Aug/2021:09:36:04 +0800] "GET /xingrg/javascript/pic_change.js HTTP/1.1" 200 4739
180.169.147.146 - - [13/Aug/2021:09:36:05 +0800] "GET /xingrg/javascript/ToolTips.js HTTP/1.1" 200 5615
180.169.147.146 - - [13/Aug/2021:09:36:05 +0800] "GET /xingrg/javascript/myfunction.js HTTP/1.1" 200 24559
180.169.147.146 - - [13/Aug/2021:09:36:05 +0800] "GET /xingrg/javascript/jquery_ui/jquery-ui.min.js HTTP/1.1" 200 186181
180.169.147.146 - - [13/Aug/2021:09:36:05 +0800] "GET /xingrg/images/blue/button/cgxqd.gif HTTP/1.1" 200 2619
180.169.147.146 - - [13/Aug/2021:09:36:05 +0800] "GET /xingrg/images/blue/button/cgydd.gif HTTP/1.1" 200 2712
180.169.147.146 - - [13/Aug/2021:09:36:05 +0800] "GET /xingrg/images/blue/button/cgshd.gif HTTP/1.1" 200 2618
180.169.147.146 - - [13/Aug/2021:09:36:05 +0800] "GET /xingrg/images/blue/button/cgfkd.gif HTTP/1.1" 200 2075
180.169.147.146 - - [13/Aug/2021:09:36:05 +0800] "GET /xingrg/images/blue/button/kc.gif HTTP/1.1" 200 2160
180.169.147.146 - - [13/Aug/2021:09:36:05 +0800] "GET /xingrg/images/blue/button/ckthd.gif HTTP/1.1" 200 2045
180.169.147.146 - - [13/Aug/2021:09:36:05 +0800] "GET /xingrg/images/blue/pic_form2.gif HTTP/1.1" 200 1853
180.169.147.146 - - [13/Aug/2021:09:36:05 +0800] "GET /xingrg/images/blue/button/down_ah.jpg HTTP/1.1" 200 1732
180.169.147.146 - - [13/Aug/2021:09:36:05 +0800] "GET /xingrg/images/blue/button/right_ah.jpg HTTP/1.1" 200 1744
180.169.147.146 - - [13/Aug/2021:09:36:05 +0800] "GET /xingrg/javascript/jquery_ui/themes/humanity/images/ui-bg_inset-soft_100_f4f0ec_1x100.png HTTP/1.1" 200 141
180.169.147.146 - - [13/Aug/2021:09:36:05 +0800] "GET /xingrg/images/blue/bg_dotted.jpg HTTP/1.1" 200 319
180.169.147.146 - - [13/Aug/2021:09:36:05 +0800] "GET /xingrg/javascript/jquery_ui/themes/humanity/images/ui-bg_glass_70_ede4d4_1x400.png HTTP/1.1" 200 161
180.169.147.146 - - [13/Aug/2021:09:36:05 +0800] "GET /xingrg/javascript/jquery_ui/themes/humanity/images/ui-iconsnew.jpg HTTP/1.1" 200 337
180.169.147.146 - - [13/Aug/2021:09:36:05 +0800] "GET /xingrg/javascript/jquery_ui/themes/humanity/images/ui-icons_ffffff_256x240.png HTTP/1.1" 200 4369
180.169.147.146 - - [13/Aug/2021:09:36:05 +0800] "GET /xingrg/javascript/jquery_ui/themes/humanity/images/ui-icons_c47a23_256x240.png HTTP/1.1" 200 5355
180.169.147.146 - - [13/Aug/2021:09:36:05 +0800] "GET /xingrg/all/function/internal_message.html?_=1628818557264&CODE_STATE=getMsg HTTP/1.1" 200 27
180.169.147.146 - - [13/Aug/2021:09:36:05 +0800] "GET /xingrg/images/yd/bt.gif HTTP/1.1" 404 1040
180.169.147.146 - - [13/Aug/2021:09:36:06 +0800] "GET /xingrg/kc/buy/cgsh_order_list.html HTTP/1.1" 200 47666
180.169.147.146 - - [13/Aug/2021:09:36:06 +0800] "GET /xingrg/css/base.css HTTP/1.1" 200 2811
180.169.147.146 - - [13/Aug/2021:09:36:06 +0800] "GET /xingrg/css/site.css HTTP/1.1" 200 7541
180.169.147.146 - - [13/Aug/2021:09:36:06 +0800] "GET /xingrg/javascript/jquery_tools/datebox.css HTTP/1.1" 200 2597
180.169.147.146 - - [13/Aug/2021:09:36:06 +0800] "GET /xingrg/javascript/easyui/themes/default/easyui.css HTTP/1.1" 200 30432
180.169.147.146 - - [13/Aug/2021:09:36:06 +0800] "GET /xingrg/javascript/easyui/themes/icon.css HTTP/1.1" 200 4483
180.169.147.146 - - [13/Aug/2021:09:36:06 +0800] "GET /xingrg/javascript/auto/jquery.autocomplete.css HTTP/1.1" 200 587
180.169.147.146 - - [13/Aug/2021:09:36:06 +0800] "GET /xingrg/javascript/jquery_tools/fix.css HTTP/1.1" 200 1702
180.169.147.146 - - [13/Aug/2021:09:36:06 +0800] "GET /xingrg/javascript/jquery_tools/table.css HTTP/1.1" 200 1032
180.169.147.146 - - [13/Aug/2021:09:36:06 +0800] "GET /xingrg/javascript/jquery_tools/jquery.tools.min.js HTTP/1.1" 200 138801
180.169.147.146 - - [13/Aug/2021:09:36:06 +0800] "GET /xingrg/javascript/jquery_tools/jquery.tools.extend.js HTTP/1.1" 200 15385
180.169.147.146 - - [13/Aug/2021:09:36:06 +0800] "GET /xingrg/javascript/jquery_tools/jquery.tools.hotkey.js HTTP/1.1" 200 3242
180.169.147.146 - - [13/Aug/2021:09:36:06 +0800] "GET /xingrg/javascript/jquery_tools/jquery.tools.table.js HTTP/1.1" 200 6994
180.169.147.146 - - [13/Aug/2021:09:36:06 +0800] "GET /xingrg/javascript/jquery_tools/list_manager.js HTTP/1.1" 200 3652
180.169.147.146 - - [13/Aug/2021:09:36:06 +0800] "GET /xingrg/javascript/auto/jquery.autocomplete.js HTTP/1.1" 200 21624
180.169.147.146 - - [13/Aug/2021:09:36:06 +0800] "GET /xingrg/javascript/easyui/easyloader.js HTTP/1.1" 200 5975
180.169.147.146 - - [13/Aug/2021:09:36:06 +0800] "GET /xingrg/javascript/jquery.cookie.js HTTP/1.1" 200 5513
180.169.147.146 - - [13/Aug/2021:09:36:06 +0800] "GET /xingrg/javascript/print/LodopFuncs.js HTTP/1.1" 200 5121
222.70.178.182 - - [13/Aug/2021:09:36:06 +0800] "GET /xingrg/all/function/internal_message.html?_=1628818561153&CODE_STATE=getMsg HTTP/1.1" 200 27
180.169.147.146 - - [13/Aug/2021:09:36:06 +0800] "GET /xingrg/javascript/easyui/themes/icons/check_new.png HTTP/1.1" 200 3224
180.169.147.146 - - [13/Aug/2021:09:36:06 +0800] "GET /xingrg/javascript/easyui/themes/icons/cance_new.png HTTP/1.1" 200 3986
180.169.147.146 - - [13/Aug/2021:09:36:06 +0800] "GET /xingrg/javascript/easyui/themes/icons/edit_add_new.png HTTP/1.1" 200 2997
180.169.147.146 - - [13/Aug/2021:09:36:06 +0800] "GET /xingrg/javascript/easyui/themes/icons/uncheck_new.png HTTP/1.1" 200 3197
180.169.147.146 - - [13/Aug/2021:09:36:06 +0800] "GET /xingrg/javascript/easyui/themes/icons/field_new.png HTTP/1.1" 200 1097
180.169.147.146 - - [13/Aug/2021:09:36:06 +0800] "GET /xingrg/javascript/easyui/themes/icons/import_new.png HTTP/1.1" 200 1247
180.169.147.146 - - [13/Aug/2021:09:36:06 +0800] "GET /xingrg/javascript/easyui/plugins/jquery.parser.js HTTP/1.1" 200 1142
116.238.194.18 - - [13/Aug/2021:09:36:07 +0800] "GET /xingrg/kc/buy/cgsh_order_operate.html?command=get_materiel&rest_code=00151&code=00101009062&supplier_code=00100424&order_time=2021-08-13 HTTP/1.1" 200 412
114.88.154.248 - - [13/Aug/2021:09:36:07 +0800] "GET /xingrg/all/function/internal_message.html?_=1628818475751&CODE_STATE=getMsg HTTP/1.1" 200 27
180.169.147.146 - - [13/Aug/2021:09:36:07 +0800] "POST /xingrg/kc/buy/cgsh_list_operate.html HTTP/1.1" 200 876
116.230.105.26 - - [13/Aug/2021:09:36:08 +0800] "GET /xingrg/all/function/internal_message.html?_=1628818558130&CODE_STATE=getMsg HTTP/1.1" 200 27
101.83.145.79 - - [13/Aug/2021:09:36:09 +0800] "GET /xingrg/kc/buy/cgsh_order_operate.html?command=get_materiel_price&rest_code=00105&code=00101010248&unit_code=00100043&supplier_code=00100012&order_time=2021-08-13 HTTP/1.1" 200 29
114.84.82.184 - - [13/Aug/2021:09:36:09 +0800] "GET /xingrg/all/function/internal_message.html?_=1628818567168&CODE_STATE=getMsg HTTP/1.1" 200 27
114.84.82.184 - - [13/Aug/2021:09:36:09 +0800] "GET /xingrg/check_reg.html?_=1628818567170 HTTP/1.1" 200 22
180.169.147.146 - - [13/Aug/2021:09:36:10 +0800] "GET /xingrg/javascript/jquery_tools/images/prev.gif HTTP/1.1" 404 1086
180.169.147.146 - - [13/Aug/2021:09:36:10 +0800] "GET /xingrg/javascript/jquery_tools/images/next.gif HTTP/1.1" 404 1086
180.174.198.13 - - [13/Aug/2021:09:36:13 +0800] "GET /xingrg/all/function/internal_message.html?_=1628818548295&CODE_STATE=getMsg HTTP/1.1" 200 27
180.169.147.146 - - [13/Aug/2021:09:36:15 +0800] "POST /xingrg/kc/buy/cgsh_list_operate.html HTTP/1.1" 200 5453
120.253.135.82 - - [13/Aug/2021:09:36:15 +0800] "GET /xingrg/all/function/internal_message.html?_=1628818598504&CODE_STATE=getMsg HTTP/1.1" 200 27
101.83.145.79 - - [13/Aug/2021:09:36:17 +0800] "GET /xingrg/all/function/internal_message.html?_=1628818574573&CODE_STATE=getMsg HTTP/1.1" 200 27
116.238.194.18 - - [13/Aug/2021:09:36:19 +0800] "GET /xingrg/kc/buy/cgsh_order_operate.html?command=get_materiel&rest_code=00151&code=00101009031&supplier_code=00100424&order_time=2021-08-13 HTTP/1.1" 200 408
180.169.147.146 - - [13/Aug/2021:09:36:20 +0800] "POST /xingrg/kc/buy/cgsh_list_operate.html HTTP/1.1" 200 5612
180.169.147.146 - - [13/Aug/2021:09:36:23 +0800] "POST /xingrg/kc/buy/cgsh_list_operate.html HTTP/1.1" 200 277
180.169.147.146 - - [13/Aug/2021:09:36:23 +0800] "GET /xingrg/javascript/easyui/themes/default/images/button_plain_hover.png HTTP/1.1" 200 144
101.83.145.79 - - [13/Aug/2021:09:36:25 +0800] "POST /xingrg/kc/buy/cgsh_order_operate.html HTTP/1.1" 200 37
180.169.147.146 - - [13/Aug/2021:09:36:26 +0800] "POST /xingrg/kc/buy/cgsh_list_operate.html HTTP/1.1" 200 4
101.83.145.79 - - [13/Aug/2021:09:36:27 +0800] "POST /xingrg/kc/buy/cgsh_order_operate.html HTTP/1.1" 200 6833
116.238.194.18 - - [13/Aug/2021:09:36:28 +0800] "GET /xingrg/all/function/internal_message.html?_=1628818583673&CODE_STATE=getMsg HTTP/1.1" 200 27
101.83.145.79 - - [13/Aug/2021:09:36:28 +0800] "GET /xingrg/kc/print/load_data.html?order_code=212021081305589&kc_code=cgsh&condition= HTTP/1.1" 200 2374
222.70.178.182 - - [13/Aug/2021:09:36:28 +0800] "GET /xingrg/all/function/internal_message.html?_=1628818615512&CODE_STATE=getMsg HTTP/1.1" 302 -
101.83.145.79 - - [13/Aug/2021:09:36:32 +0800] "GET /xingrg/kc/buy/cgsh_order_add.html HTTP/1.1" 200 63190
101.83.145.79 - - [13/Aug/2021:09:36:32 +0800] "POST /xingrg/kc/buy/cgsh_order_operate.html HTTP/1.1" 200 8245
101.83.145.79 - - [13/Aug/2021:09:36:32 +0800] "GET /xingrg/javascript/easyui/themes/default/validatebox.css HTTP/1.1" 404 1104
180.169.147.146 - - [13/Aug/2021:09:36:35 +0800] "POST /xingrg/kc/buy/cgsh_list_operate.html HTTP/1.1" 200 5453
114.86.227.38 - - [13/Aug/2021:09:36:37 +0800] "GET /xingrg/all/function/internal_message.html?_=1628818596215&CODE_STATE=getMsg HTTP/1.1" 200 27
116.238.194.18 - - [13/Aug/2021:09:36:42 +0800] "GET /xingrg/kc/buy/cgsh_order_operate.html?command=get_materiel&rest_code=00151&code=00101009023&supplier_code=00100424&order_time=2021-08-13 HTTP/1.1" 200 408
222.70.178.182 - - [13/Aug/2021:09:36:47 +0800] "GET /xingrg/check_reg.html?_=1628818634271 HTTP/1.1" 302 -
101.83.145.79 - - [13/Aug/2021:09:36:48 +0800] "GET /xingrg/kc/buy/cgsh_order_operate.html?command=get_materiel&rest_code=00105&code=00101009109&supplier_code=00100024&order_time=2021-08-13 HTTP/1.1" 200 399
180.169.147.146 - - [13/Aug/2021:09:36:50 +0800] "GET /xingrg/all/function/internal_message.html?_=1628818607568&CODE_STATE=getMsg HTTP/1.1" 200 27
116.238.194.18 - - [13/Aug/2021:09:36:50 +0800] "GET /xingrg/kc/buy/cgsh_order_operate.html?command=get_materiel&rest_code=00151&code=00101009078&supplier_code=00100424&order_time=2021-08-13 HTTP/1.1" 200 394
114.88.154.248 - - [13/Aug/2021:09:36:58 +0800] "GET /xingrg/all/function/internal_message.html?_=1628818526378&CODE_STATE=getMsg HTTP/1.1" 200 27
116.238.194.18 - - [13/Aug/2021:09:37:00 +0800] "POST /xingrg/kc/buy/cgsh_order_operate.html HTTP/1.1" 200 37
116.238.194.18 - - [13/Aug/2021:09:37:00 +0800] "GET /xingrg/kc/buy/cgsh_order_operate.html?command=get_materiel&rest_code=00151&code=00101013168&supplier_code=00100424&order_time=2021-08-13 HTTP/1.1" 200 413
116.235.222.38 - - [13/Aug/2021:09:37:02 +0800] "GET /xingrg/all/function/internal_message.html?_=1628818619374&CODE_STATE=getMsg HTTP/1.1" 200 27
116.238.194.18 - - [13/Aug/2021:09:37:02 +0800] "GET /xingrg/check_reg.html?_=1628818564944 HTTP/1.1" 200 22
116.238.194.18 - - [13/Aug/2021:09:37:02 +0800] "GET /xingrg/all/function/internal_message.html?_=1628818565143&CODE_STATE=getMsg HTTP/1.1" 200 27
180.169.147.146 - - [13/Aug/2021:09:37:02 +0800] "GET /xingrg/all/function/internal_message.html?_=1628818620727&CODE_STATE=getMsg HTTP/1.1" 200 27
116.238.194.18 - - [13/Aug/2021:09:37:03 +0800] "POST /xingrg/kc/buy/cgsh_order_operate.html HTTP/1.1" 200 12
116.238.194.18 - - [13/Aug/2021:09:37:03 +0800] "GET /xingrg/kc/buy/cgsh_order_info.html?code=212021081305590 HTTP/1.1" 200 57684
116.238.194.18 - - [13/Aug/2021:09:37:04 +0800] "GET /xingrg/javascript/easyui/themes/default/validatebox.css HTTP/1.1" 404 1104
116.238.194.18 - - [13/Aug/2021:09:37:04 +0800] "POST /xingrg/kc/buy/cgsh_order_operate.html HTTP/1.1" 200 5988
180.169.147.146 - - [13/Aug/2021:09:37:05 +0800] "GET /xingrg/all/function/internal_message.html?_=1628818617247&CODE_STATE=getMsg HTTP/1.1" 200 27
222.70.178.182 - - [13/Aug/2021:09:37:06 +0800] "GET /xingrg/all/function/internal_message.html?_=1628818621155&CODE_STATE=getMsg HTTP/1.1" 200 27
116.238.194.18 - - [13/Aug/2021:09:37:06 +0800] "GET /xingrg/kc/print/load_data.html?order_code=212021081305590&kc_code=cgsh&condition= HTTP/1.1" 200 2765
114.88.154.248 - - [13/Aug/2021:09:37:07 +0800] "GET /xingrg/all/function/internal_message.html?_=1628818535750&CODE_STATE=getMsg HTTP/1.1" 200 27
116.238.194.18 - - [13/Aug/2021:09:37:08 +0800] "GET /xingrg/kc/buy/cgsh_order_operate.html?command=get_materiel&rest_code=00151&code=00101009066&supplier_code=00100424&order_time=2021-08-13 HTTP/1.1" 200 416
116.230.105.26 - - [13/Aug/2021:09:37:08 +0800] "GET /xingrg/all/function/internal_message.html?_=1628818618123&CODE_STATE=getMsg HTTP/1.1" 200 27
114.84.82.184 - - [13/Aug/2021:09:37:09 +0800] "GET /xingrg/all/function/internal_message.html?_=1628818627154&CODE_STATE=getMsg HTTP/1.1" 200 27
180.174.198.13 - - [13/Aug/2021:09:37:13 +0800] "GET /xingrg/all/function/internal_message.html?_=1628818608306&CODE_STATE=getMsg HTTP/1.1" 200 27
101.83.145.79 - - [13/Aug/2021:09:37:14 +0800] "GET /xingrg/kc/buy/cgsh_order_operate.html?command=get_materiel&rest_code=00105&code=00101009062&supplier_code=00100024&order_time=2021-08-13 HTTP/1.1" 200 412
120.253.135.82 - - [13/Aug/2021:09:37:15 +0800] "GET /xingrg/all/function/internal_message.html?_=1628818658510&CODE_STATE=getMsg HTTP/1.1" 200 27
101.83.145.79 - - [13/Aug/2021:09:37:17 +0800] "GET /xingrg/all/function/internal_message.html?_=1628818634591&CODE_STATE=getMsg HTTP/1.1" 200 27
116.238.194.18 - - [13/Aug/2021:09:37:18 +0800] "GET /xingrg/kc/buy/cgsh_order_operate.html?command=get_materiel&rest_code=00151&code=00101009121&supplier_code=00100424&order_time=2021-08-13 HTTP/1.1" 200 411
116.238.194.18 - - [13/Aug/2021:09:37:24 +0800] "GET /xingrg/kc/buy/cgsh_order_add.html HTTP/1.1" 200 62785
116.238.194.18 - - [13/Aug/2021:09:37:24 +0800] "POST /xingrg/kc/buy/cgsh_order_operate.html HTTP/1.1" 200 8245
116.238.194.18 - - [13/Aug/2021:09:37:24 +0800] "GET /xingrg/javascript/easyui/themes/default/validatebox.css HTTP/1.1" 404 1104
101.83.145.79 - - [13/Aug/2021:09:37:25 +0800] "GET /xingrg/kc/buy/cgsh_order_operate.html?command=get_materiel&rest_code=00105&code=00101009010&supplier_code=00100024&order_time=2021-08-13 HTTP/1.1" 200 412
116.238.194.18 - - [13/Aug/2021:09:37:26 +0800] "GET /xingrg/kc/buy/cgsh_order_operate.html?command=get_materiel&rest_code=00151&code=00101009095&supplier_code=00100424&order_time=2021-08-13 HTTP/1.1" 200 395
116.238.194.18 - - [13/Aug/2021:09:37:28 +0800] "GET /xingrg/check_reg.html?_=1628818643674 HTTP/1.1" 200 22
116.238.194.18 - - [13/Aug/2021:09:37:28 +0800] "GET /xingrg/all/function/internal_message.html?_=1628818643678&CODE_STATE=getMsg HTTP/1.1" 200 27
222.70.178.182 - - [13/Aug/2021:09:37:28 +0800] "GET /xingrg/all/function/internal_message.html?_=1628818675491&CODE_STATE=getMsg HTTP/1.1" 302 -
114.86.227.38 - - [13/Aug/2021:09:37:37 +0800] "GET /xingrg/all/function/internal_message.html?_=1628818656217&CODE_STATE=getMsg HTTP/1.1" 200 27
114.86.227.38 - - [13/Aug/2021:09:37:37 +0800] "GET /xingrg/check_reg.html?_=1628818656218 HTTP/1.1" 200 22
116.238.194.18 - - [13/Aug/2021:09:37:46 +0800] "POST /xingrg/kc/buy/cgsh_order_operate.html HTTP/1.1" 200 37
101.83.145.79 - - [13/Aug/2021:09:37:46 +0800] "GET /xingrg/kc/buy/cgsh_order_operate.html?command=get_materiel&rest_code=00105&code=00101037214&supplier_code=00100024&order_time=2021-08-13 HTTP/1.1" 200 399
101.83.145.79 - - [13/Aug/2021:09:37:46 +0800] "GET /xingrg/kc/buy/cgsh_order_operate.html?command=get_materiel&rest_code=00105&code=00101009011&supplier_code=00100024&order_time=2021-08-13 HTTP/1.1" 200 416
180.169.147.146 - - [13/Aug/2021:09:37:50 +0800] "GET /xingrg/all/function/internal_message.html?_=1628818667574&CODE_STATE=getMsg HTTP/1.1" 200 27
116.238.194.18 - - [13/Aug/2021:09:37:50 +0800] "GET /xingrg/kc/buy/cgsh_order_operate.html?command=get_materiel&rest_code=00151&code=00101031036&supplier_code=00100393&order_time=2021-08-13 HTTP/1.1" 200 399
116.238.194.18 - - [13/Aug/2021:09:37:51 +0800] "POST /xingrg/kc/buy/cgsh_order_operate.html HTTP/1.1" 200 8075
114.88.154.248 - - [13/Aug/2021:09:37:58 +0800] "GET /xingrg/all/function/internal_message.html?_=1628818586354&CODE_STATE=getMsg HTTP/1.1" 200 27
116.235.222.38 - - [13/Aug/2021:09:37:59 +0800] "GET /xingrg/check_reg.html?_=1628818676460 HTTP/1.1" 200 22
116.235.222.38 - - [13/Aug/2021:09:38:02 +0800] "GET /xingrg/all/function/internal_message.html?_=1628818679349&CODE_STATE=getMsg HTTP/1.1" 200 27
116.238.194.18 - - [13/Aug/2021:09:38:02 +0800] "GET /xingrg/all/function/internal_message.html?_=1628818625155&CODE_STATE=getMsg HTTP/1.1" 200 27
180.169.147.146 - - [13/Aug/2021:09:38:02 +0800] "GET /xingrg/all/function/internal_message.html?_=1628818680744&CODE_STATE=getMsg HTTP/1.1" 200 27
180.169.147.146 - - [13/Aug/2021:09:38:05 +0800] "GET /xingrg/all/function/internal_message.html?_=1628818677215&CODE_STATE=getMsg HTTP/1.1" 200 27
222.70.178.182 - - [13/Aug/2021:09:38:06 +0800] "GET /xingrg/check_reg.html?_=1628818681155 HTTP/1.1" 200 22
222.70.178.182 - - [13/Aug/2021:09:38:06 +0800] "GET /xingrg/all/function/internal_message.html?_=1628818681154&CODE_STATE=getMsg HTTP/1.1" 200 27
114.88.154.248 - - [13/Aug/2021:09:38:07 +0800] "GET /xingrg/all/function/internal_message.html?_=1628818595748&CODE_STATE=getMsg HTTP/1.1" 200 27
116.230.105.26 - - [13/Aug/2021:09:38:08 +0800] "GET /xingrg/all/function/internal_message.html?_=1628818678128&CODE_STATE=getMsg HTTP/1.1" 200 27
116.238.194.18 - - [13/Aug/2021:09:38:09 +0800] "GET /xingrg/kc/buy/cgsh_order_operate.html?command=get_materiel&rest_code=00151&code=00101031038&supplier_code=00100393&order_time=2021-08-13 HTTP/1.1" 200 412
114.84.82.184 - - [13/Aug/2021:09:38:09 +0800] "GET /xingrg/all/function/internal_message.html?_=1628818687169&CODE_STATE=getMsg HTTP/1.1" 200 27
180.174.198.13 - - [13/Aug/2021:09:38:13 +0800] "GET /xingrg/all/function/internal_message.html?_=1628818668338&CODE_STATE=getMsg HTTP/1.1" 200 27
120.253.135.82 - - [13/Aug/2021:09:38:15 +0800] "GET /xingrg/all/function/internal_message.html?_=1628818718528&CODE_STATE=getMsg HTTP/1.1" 200 27
101.83.145.79 - - [13/Aug/2021:09:38:17 +0800] "GET /xingrg/all/function/internal_message.html?_=1628818694608&CODE_STATE=getMsg HTTP/1.1" 200 27
172.20.0.100 - - [13/Aug/2021:09:38:22 +0800] "GET /xingrg/login.html HTTP/1.1" 200 7636
172.20.0.100 - - [13/Aug/2021:09:38:23 +0800] "GET /xingrg/images/blue/jxLogo.png HTTP/1.1" 200 6156
172.20.0.100 - - [13/Aug/2021:09:38:23 +0800] "GET /xingrg/images/blue/login_bg.png HTTP/1.1" 200 22101
172.20.0.100 - - [13/Aug/2021:09:38:23 +0800] "GET /xingrg/images/blue/hj.png HTTP/1.1" 200 1014
172.20.0.100 - - [13/Aug/2021:09:38:23 +0800] "GET /xingrg/images/blue/srbg.png HTTP/1.1" 200 138
172.20.0.100 - - [13/Aug/2021:09:38:23 +0800] "GET /favicon.ico HTTP/1.1" 404 -
116.238.194.18 - - [13/Aug/2021:09:38:28 +0800] "GET /xingrg/all/function/internal_message.html?_=1628818703673&CODE_STATE=getMsg HTTP/1.1" 200 27
222.70.178.182 - - [13/Aug/2021:09:38:28 +0800] "GET /xingrg/all/function/internal_message.html?_=1628818735471&CODE_STATE=getMsg HTTP/1.1" 302 -
172.20.0.100 - - [13/Aug/2021:09:38:33 +0800] "POST /xingrg/login.do HTTP/1.1" 302 -
172.20.0.100 - - [13/Aug/2021:09:38:33 +0800] "GET /xingrg/javascript/jquery_easy_ui/themes/icon.css HTTP/1.1" 200 3949
172.20.0.100 - - [13/Aug/2021:09:38:33 +0800] "GET /xingrg/javascript/jquery_easy_ui/themes/default/easyui.css HTTP/1.1" 200 26500
172.20.0.100 - - [13/Aug/2021:09:38:33 +0800] "GET /xingrg/css/form.css HTTP/1.1" 200 893
172.20.0.100 - - [13/Aug/2021:09:38:33 +0800] "GET /xingrg/javascript/jquery-1.4.2.min.js HTTP/1.1" 200 72205
172.20.0.100 - - [13/Aug/2021:09:38:33 +0800] "GET /xingrg/javascript/jquery_easy_ui/jquery.easyui.min.js HTTP/1.1" 200 213662
172.20.0.100 - - [13/Aug/2021:09:38:33 +0800] "GET /xingrg/javascript/jquery_easy_ui/easyui-lang-zh_CN.js HTTP/1.1" 200 1900
172.20.0.100 - - [13/Aug/2021:09:38:33 +0800] "GET /xingrg/javascript/jquery.form.js HTTP/1.1" 200 23110
172.20.0.100 - - [13/Aug/2021:09:38:33 +0800] "GET /xingrg/javascript/jquery.utils.js HTTP/1.1" 200 11805
172.20.0.100 - - [13/Aug/2021:09:38:33 +0800] "GET /xingrg/javascript/jquery.timers.js HTTP/1.1" 200 3532
172.20.0.100 - - [13/Aug/2021:09:38:33 +0800] "GET /favicon.ico HTTP/1.1" 404 -
172.20.0.100 - - [13/Aug/2021:09:38:33 +0800] "GET /xingrg/index.html?sysBaseUrl=http%3A%2F%2F172.20.0.8%3A18081%2Fxingrg%2F&costTime=1020×tamp=1628818713321 HTTP/1.1" 200 17448
172.20.0.100 - - [13/Aug/2021:09:38:33 +0800] "GET /xingrg/javascript/jquery_easy_ui/themes/icons/settle_new.png HTTP/1.1" 200 826
172.20.0.100 - - [13/Aug/2021:09:38:33 +0800] "GET /xingrg/images/blue/navBackgound.jpg HTTP/1.1" 200 12378
172.20.0.100 - - [13/Aug/2021:09:38:33 +0800] "POST /xingrg/all/common/load_tree.html?tree=area_rest_tree_json&manage=1 HTTP/1.1" 200 3472
172.20.0.100 - - [13/Aug/2021:09:38:33 +0800] "GET /xingrg/all/function/internal_message.html?_=1628818711207&CODE_STATE=count HTTP/1.1" 200 11
172.20.0.100 - - [13/Aug/2021:09:38:33 +0800] "GET /xingrg/check_reg.html?_=1628818711209 HTTP/1.1" 200 22
172.20.0.100 - - [13/Aug/2021:09:38:33 +0800] "GET /xingrg/images/blue/pingpu.png HTTP/1.1" 200 231
172.20.0.100 - - [13/Aug/2021:09:38:33 +0800] "GET /xingrg/javascript/jquery_easy_ui/themes/default/images/tabs_leftarrow.png HTTP/1.1" 200 389
172.20.0.100 - - [13/Aug/2021:09:38:33 +0800] "GET /xingrg/javascript/jquery_easy_ui/themes/default/images/tabs_rightarrow.png HTTP/1.1" 200 395
172.20.0.100 - - [13/Aug/2021:09:38:33 +0800] "GET /xingrg/javascript/jquery_easy_ui/themes/default/images/panel_tool_expand.gif HTTP/1.1" 200 247
172.20.0.100 - - [13/Aug/2021:09:38:33 +0800] "GET /xingrg/javascript/jquery_easy_ui/themes/default/images/panel_tool_collapse.gif HTTP/1.1" 200 246
172.20.0.100 - - [13/Aug/2021:09:38:35 +0800] "POST /xingrg/load_menu.html HTTP/1.1" 200 11529
116.238.194.18 - - [13/Aug/2021:09:38:35 +0800] "GET /xingrg/kc/buy/cgsh_order_operate.html?command=get_materiel&rest_code=00151&code=00101031074&supplier_code=00100393&order_time=2021-08-13 HTTP/1.1" 200 422
172.20.0.100 - - [13/Aug/2021:09:38:35 +0800] "GET /xingrg/javascript/jquery_easy_ui/themes/default/images/tree_arrows.gif HTTP/1.1" 200 1043
172.20.0.100 - - [13/Aug/2021:09:38:35 +0800] "GET /xingrg/javascript/jquery_easy_ui/themes/default/images/tree_folder_open.gif HTTP/1.1" 200 956
172.20.0.100 - - [13/Aug/2021:09:38:35 +0800] "GET /xingrg/javascript/jquery_easy_ui/themes/icons/search_new.png HTTP/1.1" 200 586
172.20.0.100 - - [13/Aug/2021:09:38:35 +0800] "GET /xingrg/javascript/jquery_easy_ui/themes/icons/delivery_new.png HTTP/1.1" 200 700
172.20.0.100 - - [13/Aug/2021:09:38:35 +0800] "GET /xingrg/javascript/jquery_easy_ui/themes/icons/storage_new.png HTTP/1.1" 200 853
172.20.0.100 - - [13/Aug/2021:09:38:35 +0800] "GET /xingrg/javascript/jquery_easy_ui/themes/icons/checkout_new.png HTTP/1.1" 200 744
172.20.0.100 - - [13/Aug/2021:09:38:35 +0800] "GET /xingrg/javascript/jquery_easy_ui/themes/icons/forms_new.png HTTP/1.1" 200 350
172.20.0.100 - - [13/Aug/2021:09:38:35 +0800] "GET /xingrg/javascript/jquery_easy_ui/themes/icons/setting_new.png HTTP/1.1" 200 450
172.20.0.100 - - [13/Aug/2021:09:38:36 +0800] "GET /xingrg/javascript/jquery_easy_ui/themes/icons/systemset_new.png HTTP/1.1" 200 606
172.20.0.100 - - [13/Aug/2021:09:38:36 +0800] "GET /xingrg/javascript/jquery_easy_ui/themes/default/images/tree_file.gif HTTP/1.1" 200 118
172.20.0.100 - - [13/Aug/2021:09:38:36 +0800] "GET /xingrg/javascript/jquery_easy_ui/themes/default/images/tree_folder.gif HTTP/1.1" 200 952
101.83.145.79 - - [13/Aug/2021:09:38:37 +0800] "GET /xingrg/kc/buy/cgsh_order_operate.html?command=get_materiel&rest_code=00105&code=00101009016&supplier_code=00100024&order_time=2021-08-13 HTTP/1.1" 200 412
114.86.227.38 - - [13/Aug/2021:09:38:37 +0800] "GET /xingrg/all/function/internal_message.html?_=1628818716211&CODE_STATE=getMsg HTTP/1.1" 200 27
114.86.227.38 - - [13/Aug/2021:09:38:43 +0800] "GET /xingrg/kc/buy/cgsh_order_add.html HTTP/1.1" 200 63184
114.86.227.38 - - [13/Aug/2021:09:38:43 +0800] "GET /xingrg/javascript/easyui/themes/default/validatebox.css HTTP/1.1" 404 1104
114.86.227.38 - - [13/Aug/2021:09:38:43 +0800] "GET /xingrg/all/common/auto_word.html?type=employee&rest_code=00109 HTTP/1.1" 200 255
114.86.227.38 - - [13/Aug/2021:09:38:43 +0800] "POST /xingrg/kc/buy/cgsh_order_operate.html HTTP/1.1" 200 8245
114.86.227.38 - - [13/Aug/2021:09:38:43 +0800] "GET /xingrg/all/common/auto_word.html?type=employee&rest_code=00109 HTTP/1.1" 200 255
114.86.227.38 - - [13/Aug/2021:09:38:48 +0800] "GET /xingrg/javascript/jquery_tools/images/prev.gif HTTP/1.1" 404 1086
114.86.227.38 - - [13/Aug/2021:09:38:48 +0800] "GET /xingrg/javascript/jquery_tools/images/next.gif HTTP/1.1" 404 1086
101.83.145.79 - - [13/Aug/2021:09:38:48 +0800] "GET /xingrg/kc/buy/cgsh_order_operate.html?command=get_materiel&rest_code=00105&code=00101009013&supplier_code=00100024&order_time=2021-08-13 HTTP/1.1" 200 420
180.169.147.146 - - [13/Aug/2021:09:38:50 +0800] "GET /xingrg/all/function/internal_message.html?_=1628818727562&CODE_STATE=getMsg HTTP/1.1" 200 27
222.70.178.182 - - [13/Aug/2021:09:38:54 +0800] "GET /xingrg/kc/buy/cgsh_order_add.html HTTP/1.1" 200 63143
222.70.178.182 - - [13/Aug/2021:09:38:55 +0800] "GET /xingrg/javascript/easyui/themes/default/validatebox.css HTTP/1.1" 404 1104
222.70.178.182 - - [13/Aug/2021:09:38:55 +0800] "POST /xingrg/kc/buy/cgsh_order_operate.html HTTP/1.1" 200 8245
116.238.194.18 - - [13/Aug/2021:09:38:55 +0800] "GET /xingrg/kc/buy/cgsh_order_operate.html?command=get_materiel&rest_code=00151&code=00101031067&supplier_code=00100393&order_time=2021-08-13 HTTP/1.1" 200 426
222.70.246.151 - - [13/Aug/2021:09:38:56 +0800] "GET /xingrg/all/function/internal_message.html?_=1628818606973&CODE_STATE=getMsg HTTP/1.1" 200 27
114.88.154.248 - - [13/Aug/2021:09:38:58 +0800] "GET /xingrg/all/function/internal_message.html?_=1628818646357&CODE_STATE=getMsg HTTP/1.1" 200 27
101.83.145.79 - - [13/Aug/2021:09:38:58 +0800] "GET /xingrg/kc/buy/cgsh_order_operate.html?command=get_materiel&rest_code=00105&code=00101009007&supplier_code=00100024&order_time=2021-08-13 HTTP/1.1" 200 408
114.86.227.38 - - [13/Aug/2021:09:39:00 +0800] "GET /xingrg/kc/buy/cgsh_order_operate.html?command=get_materiel&rest_code=00109&code=00101031006&supplier_code=00100240&order_time=2021-08-13 HTTP/1.1" 200 417
120.253.135.82 - - [13/Aug/2021:09:39:00 +0800] "GET /xingrg/check_reg.html?_=1628818763966 HTTP/1.1" 200 22
116.235.222.38 - - [13/Aug/2021:09:39:02 +0800] "GET /xingrg/all/function/internal_message.html?_=1628818739321&CODE_STATE=getMsg HTTP/1.1" 200 27
116.238.194.18 - - [13/Aug/2021:09:39:02 +0800] "GET /xingrg/all/function/internal_message.html?_=1628818685170&CODE_STATE=getMsg HTTP/1.1" 200 27
180.169.147.146 - - [13/Aug/2021:09:39:02 +0800] "GET /xingrg/all/function/internal_message.html?_=1628818740741&CODE_STATE=getMsg HTTP/1.1" 200 27
180.169.147.146 - - [13/Aug/2021:09:39:05 +0800] "GET /xingrg/all/function/internal_message.html?_=1628818737196&CODE_STATE=getMsg HTTP/1.1" 200 27
222.70.178.182 - - [13/Aug/2021:09:39:06 +0800] "GET /xingrg/all/function/internal_message.html?_=1628818741171&CODE_STATE=getMsg HTTP/1.1" 200 27
114.88.154.248 - - [13/Aug/2021:09:39:07 +0800] "GET /xingrg/check_reg.html?_=1628818655746 HTTP/1.1" 200 22
114.88.154.248 - - [13/Aug/2021:09:39:07 +0800] "GET /xingrg/all/function/internal_message.html?_=1628818655747&CODE_STATE=getMsg HTTP/1.1" 200 27
114.86.227.38 - - [13/Aug/2021:09:39:08 +0800] "POST /xingrg/kc/buy/cgsh_order_operate.html HTTP/1.1" 200 37
116.230.105.26 - - [13/Aug/2021:09:39:08 +0800] "GET /xingrg/all/function/internal_message.html?_=1628818738127&CODE_STATE=getMsg HTTP/1.1" 200 27
222.70.178.182 - - [13/Aug/2021:09:39:09 +0800] "GET /xingrg/javascript/auto/indicator.gif HTTP/1.1" 404 1066
114.86.227.38 - - [13/Aug/2021:09:39:09 +0800] "POST /xingrg/kc/buy/cgsh_order_operate.html HTTP/1.1" 200 2660
114.84.82.184 - - [13/Aug/2021:09:39:09 +0800] "GET /xingrg/all/function/internal_message.html?_=1628818747168&CODE_STATE=getMsg HTTP/1.1" 200 27
114.86.227.38 - - [13/Aug/2021:09:39:11 +0800] "GET /xingrg/kc/print/load_config.html?kc_code=cgsh HTTP/1.1" 200 2076
114.86.227.38 - - [13/Aug/2021:09:39:11 +0800] "GET /xingrg/kc/print/load_data.html?order_code=212021081305592&kc_code=cgsh&condition= HTTP/1.1" 200 647
222.70.178.182 - - [13/Aug/2021:09:39:12 +0800] "GET /xingrg/javascript/jquery_tools/images/next.gif HTTP/1.1" 404 1086
222.70.178.182 - - [13/Aug/2021:09:39:12 +0800] "GET /xingrg/javascript/jquery_tools/images/prev.gif HTTP/1.1" 404 1086
180.174.198.13 - - [13/Aug/2021:09:39:12 +0800] "GET /xingrg/all/function/internal_message.html?_=1628818728350&CODE_STATE=getMsg HTTP/1.1" 200 27
101.83.145.79 - - [13/Aug/2021:09:39:13 +0800] "GET /xingrg/kc/buy/cgsh_order_operate.html?command=get_materiel&rest_code=00105&code=00101009112&supplier_code=00100024&order_time=2021-08-13 HTTP/1.1" 200 411
120.253.135.82 - - [13/Aug/2021:09:39:15 +0800] "GET /xingrg/all/function/internal_message.html?_=1628818778536&CODE_STATE=getMsg HTTP/1.1" 200 27
101.83.145.79 - - [13/Aug/2021:09:39:17 +0800] "GET /xingrg/all/function/internal_message.html?_=1628818754644&CODE_STATE=getMsg HTTP/1.1" 200 27
101.83.145.79 - - [13/Aug/2021:09:39:17 +0800] "GET /xingrg/check_reg.html?_=1628818754662 HTTP/1.1" 200 22
