120.253.135.82 - - [13/Aug/2021:08:00:06 +0800] "GET /xingrg/dwr/interface/AjaxQqpsService.js HTTP/1.1" 200 16326
120.253.135.82 - - [13/Aug/2021:08:00:06 +0800] "GET /xingrg/dwr/interface/AjaxReportQueryService.js HTTP/1.1" 200 13203
120.253.135.82 - - [13/Aug/2021:08:00:06 +0800] "GET /xingrg/dwr/engine.js HTTP/1.1" 200 43631
114.88.154.248 - - [13/Aug/2021:08:00:07 +0800] "GET /xingrg/all/function/internal_message.html?_=1628812715502&CODE_STATE=getMsg HTTP/1.1" 200 27
180.169.147.146 - - [13/Aug/2021:08:00:07 +0800] "GET /xingrg/all/function/internal_message.html?_=1628812799266&CODE_STATE=getMsg HTTP/1.1" 200 27
116.230.105.26 - - [13/Aug/2021:08:00:08 +0800] "GET /xingrg/check_reg.html?_=1628812798126 HTTP/1.1" 200 22
116.230.105.26 - - [13/Aug/2021:08:00:08 +0800] "GET /xingrg/all/function/internal_message.html?_=1628812798127&CODE_STATE=getMsg HTTP/1.1" 200 27
120.253.135.82 - - [13/Aug/2021:08:00:13 +0800] "GET /xingrg/kc/pszx/mdps_order_list.html?orderType=0 HTTP/1.1" 200 21048
120.253.135.82 - - [13/Aug/2021:08:00:13 +0800] "POST /xingrg/kc/pszx/mdps_list_operate.html HTTP/1.1" 200 5390
120.253.135.82 - - [13/Aug/2021:08:00:14 +0800] "GET /xingrg/all/function/internal_message.html?_=1628812837177&CODE_STATE=getMsg HTTP/1.1" 200 27
120.253.135.82 - - [13/Aug/2021:08:00:18 +0800] "POST /xingrg/kc/pszx/mdps_list_operate.html HTTP/1.1" 200 202
120.253.135.82 - - [13/Aug/2021:08:00:20 +0800] "POST /xingrg/kc/pszx/mdps_list_operate.html HTTP/1.1" 200 619
180.169.147.146 - - [13/Aug/2021:08:00:22 +0800] "GET /xingrg/check_reg.html?_=1628812814024 HTTP/1.1" 200 22
120.253.135.82 - - [13/Aug/2021:08:00:25 +0800] "GET /xingrg/kc/pszx/mdth_order_list.html HTTP/1.1" 200 18472
120.253.135.82 - - [13/Aug/2021:08:00:25 +0800] "POST /xingrg/kc/pszx/mdth_order_new_list.html HTTP/1.1" 200 4654
180.169.147.146 - - [13/Aug/2021:08:00:25 +0800] "GET /xingrg/check_reg.html?_=1628812834015 HTTP/1.1" 200 22
180.169.147.146 - - [13/Aug/2021:08:00:25 +0800] "GET /xingrg/all/function/internal_message.html?_=1628812834016&CODE_STATE=getMsg HTTP/1.1" 200 27
222.70.246.151 - - [13/Aug/2021:08:00:27 +0800] "GET /xingrg/all/function/internal_message.html?_=1628812841081&CODE_STATE=getMsg HTTP/1.1" 200 27
222.70.178.182 - - [13/Aug/2021:08:00:31 +0800] "GET /xingrg/all/function/internal_message.html?_=1628812857785&CODE_STATE=getMsg HTTP/1.1" 200 27
120.253.135.82 - - [13/Aug/2021:08:00:41 +0800] "GET /xingrg/all/function/internal_message.html?_=1628812614647&CODE_STATE=getMsg HTTP/1.1" 200 27
180.169.147.146 - - [13/Aug/2021:08:00:56 +0800] "GET /xingrg/all/function/internal_message.html?_=1628812853338&CODE_STATE=getMsg HTTP/1.1" 200 27
114.88.154.248 - - [13/Aug/2021:08:01:00 +0800] "GET /xingrg/all/function/internal_message.html?_=1628812768443&CODE_STATE=getMsg HTTP/1.1" 200 27
116.238.194.18 - - [13/Aug/2021:08:01:06 +0800] "GET /xingrg/all/function/internal_message.html?_=1628812861527&CODE_STATE=getMsg HTTP/1.1" 200 27
114.88.154.248 - - [13/Aug/2021:08:01:07 +0800] "GET /xingrg/all/function/internal_message.html?_=1628812775501&CODE_STATE=getMsg HTTP/1.1" 200 27
180.169.147.146 - - [13/Aug/2021:08:01:07 +0800] "GET /xingrg/all/function/internal_message.html?_=1628812859247&CODE_STATE=getMsg HTTP/1.1" 200 27
116.230.105.26 - - [13/Aug/2021:08:01:08 +0800] "GET /xingrg/all/function/internal_message.html?_=1628812858121&CODE_STATE=getMsg HTTP/1.1" 200 27
120.253.135.82 - - [13/Aug/2021:08:01:14 +0800] "GET /xingrg/all/function/internal_message.html?_=1628812897193&CODE_STATE=getMsg HTTP/1.1" 200 27
180.169.147.146 - - [13/Aug/2021:08:01:25 +0800] "GET /xingrg/all/function/internal_message.html?_=1628812894017&CODE_STATE=getMsg HTTP/1.1" 200 27
222.70.246.151 - - [13/Aug/2021:08:01:27 +0800] "GET /xingrg/all/function/internal_message.html?_=1628812901094&CODE_STATE=getMsg HTTP/1.1" 200 27
222.70.178.182 - - [13/Aug/2021:08:01:31 +0800] "GET /xingrg/all/function/internal_message.html?_=1628812917765&CODE_STATE=getMsg HTTP/1.1" 200 27
120.253.135.82 - - [13/Aug/2021:08:01:41 +0800] "GET /xingrg/all/function/internal_message.html?_=1628812674661&CODE_STATE=getMsg HTTP/1.1" 200 27
222.70.178.182 - - [13/Aug/2021:08:01:47 +0800] "GET /xingrg/check_reg.html?_=1628812934680 HTTP/1.1" 200 22
180.169.147.146 - - [13/Aug/2021:08:01:56 +0800] "GET /xingrg/all/function/internal_message.html?_=1628812913326&CODE_STATE=getMsg HTTP/1.1" 200 27
114.88.154.248 - - [13/Aug/2021:08:02:00 +0800] "GET /xingrg/all/function/internal_message.html?_=1628812828421&CODE_STATE=getMsg HTTP/1.1" 200 27
116.238.194.18 - - [13/Aug/2021:08:02:06 +0800] "GET /xingrg/check_reg.html?_=1628812921526 HTTP/1.1" 200 22
116.238.194.18 - - [13/Aug/2021:08:02:06 +0800] "GET /xingrg/all/function/internal_message.html?_=1628812921530&CODE_STATE=getMsg HTTP/1.1" 200 27
114.88.154.248 - - [13/Aug/2021:08:02:07 +0800] "GET /xingrg/all/function/internal_message.html?_=1628812835500&CODE_STATE=getMsg HTTP/1.1" 200 27
180.169.147.146 - - [13/Aug/2021:08:02:07 +0800] "GET /xingrg/all/function/internal_message.html?_=1628812919228&CODE_STATE=getMsg HTTP/1.1" 200 27
116.230.105.26 - - [13/Aug/2021:08:02:08 +0800] "GET /xingrg/all/function/internal_message.html?_=1628812918122&CODE_STATE=getMsg HTTP/1.1" 200 27
120.253.135.82 - - [13/Aug/2021:08:02:14 +0800] "GET /xingrg/all/function/internal_message.html?_=1628812957204&CODE_STATE=getMsg HTTP/1.1" 200 27
180.169.147.146 - - [13/Aug/2021:08:02:25 +0800] "GET /xingrg/all/function/internal_message.html?_=1628812954020&CODE_STATE=getMsg HTTP/1.1" 200 27
222.70.246.151 - - [13/Aug/2021:08:02:27 +0800] "GET /xingrg/all/function/internal_message.html?_=1628812961252&CODE_STATE=getMsg HTTP/1.1" 200 27
222.70.178.182 - - [13/Aug/2021:08:02:31 +0800] "GET /xingrg/all/function/internal_message.html?_=1628812977747&CODE_STATE=getMsg HTTP/1.1" 200 27
120.253.135.82 - - [13/Aug/2021:08:02:41 +0800] "GET /xingrg/all/function/internal_message.html?_=1628812734693&CODE_STATE=getMsg HTTP/1.1" 200 27
180.169.147.146 - - [13/Aug/2021:08:02:56 +0800] "GET /xingrg/all/function/internal_message.html?_=1628812973341&CODE_STATE=getMsg HTTP/1.1" 200 27
114.88.154.248 - - [13/Aug/2021:08:03:00 +0800] "GET /xingrg/all/function/internal_message.html?_=1628812888403&CODE_STATE=getMsg HTTP/1.1" 200 27
116.238.194.18 - - [13/Aug/2021:08:03:06 +0800] "GET /xingrg/all/function/internal_message.html?_=1628812981542&CODE_STATE=getMsg HTTP/1.1" 200 27
114.88.154.248 - - [13/Aug/2021:08:03:07 +0800] "GET /xingrg/all/function/internal_message.html?_=1628812895514&CODE_STATE=getMsg HTTP/1.1" 200 27
180.169.147.146 - - [13/Aug/2021:08:03:07 +0800] "GET /xingrg/all/function/internal_message.html?_=1628812979205&CODE_STATE=getMsg HTTP/1.1" 200 27
116.230.105.26 - - [13/Aug/2021:08:03:08 +0800] "GET /xingrg/all/function/internal_message.html?_=1628812978121&CODE_STATE=getMsg HTTP/1.1" 200 27
120.253.135.82 - - [13/Aug/2021:08:03:14 +0800] "GET /xingrg/all/function/internal_message.html?_=1628813017222&CODE_STATE=getMsg HTTP/1.1" 200 27
222.70.246.151 - - [13/Aug/2021:08:03:23 +0800] "GET /xingrg/check_reg.html?_=1628813017491 HTTP/1.1" 200 22
180.169.147.146 - - [13/Aug/2021:08:03:25 +0800] "GET /xingrg/all/function/internal_message.html?_=1628813014022&CODE_STATE=getMsg HTTP/1.1" 200 27
222.70.246.151 - - [13/Aug/2021:08:03:27 +0800] "GET /xingrg/all/function/internal_message.html?_=1628813021262&CODE_STATE=getMsg HTTP/1.1" 200 27
222.70.178.182 - - [13/Aug/2021:08:03:30 +0800] "GET /xingrg/all/function/internal_message.html?_=1628813037729&CODE_STATE=getMsg HTTP/1.1" 200 27
120.253.135.82 - - [13/Aug/2021:08:03:41 +0800] "GET /xingrg/all/function/internal_message.html?_=1628812794702&CODE_STATE=getMsg HTTP/1.1" 200 27
180.169.147.146 - - [13/Aug/2021:08:03:56 +0800] "GET /xingrg/all/function/internal_message.html?_=1628813033337&CODE_STATE=getMsg HTTP/1.1" 200 27
114.88.154.248 - - [13/Aug/2021:08:04:00 +0800] "GET /xingrg/all/function/internal_message.html?_=1628812948379&CODE_STATE=getMsg HTTP/1.1" 200 27
120.253.135.82 - - [13/Aug/2021:08:04:00 +0800] "GET /xingrg/check_reg.html?_=1628813063867 HTTP/1.1" 200 22
116.238.194.18 - - [13/Aug/2021:08:04:06 +0800] "GET /xingrg/all/function/internal_message.html?_=1628813041542&CODE_STATE=getMsg HTTP/1.1" 200 27
114.88.154.248 - - [13/Aug/2021:08:04:07 +0800] "GET /xingrg/check_reg.html?_=1628812955540 HTTP/1.1" 200 22
114.88.154.248 - - [13/Aug/2021:08:04:07 +0800] "GET /xingrg/all/function/internal_message.html?_=1628812955541&CODE_STATE=getMsg HTTP/1.1" 200 27
180.169.147.146 - - [13/Aug/2021:08:04:07 +0800] "GET /xingrg/all/function/internal_message.html?_=1628813039216&CODE_STATE=getMsg HTTP/1.1" 200 27
116.230.105.26 - - [13/Aug/2021:08:04:08 +0800] "GET /xingrg/all/function/internal_message.html?_=1628813038121&CODE_STATE=getMsg HTTP/1.1" 200 27
120.253.135.82 - - [13/Aug/2021:08:04:14 +0800] "GET /xingrg/all/function/internal_message.html?_=1628813077230&CODE_STATE=getMsg HTTP/1.1" 200 27
114.88.154.248 - - [13/Aug/2021:08:04:24 +0800] "GET /xingrg/check_reg.html?_=1628812972538 HTTP/1.1" 200 22
180.169.147.146 - - [13/Aug/2021:08:04:25 +0800] "GET /xingrg/all/function/internal_message.html?_=1628813074009&CODE_STATE=getMsg HTTP/1.1" 200 27
222.70.246.151 - - [13/Aug/2021:08:04:27 +0800] "GET /xingrg/all/function/internal_message.html?_=1628813081276&CODE_STATE=getMsg HTTP/1.1" 200 27
222.70.178.182 - - [13/Aug/2021:08:04:30 +0800] "GET /xingrg/all/function/internal_message.html?_=1628813097710&CODE_STATE=getMsg HTTP/1.1" 200 27
120.253.135.82 - - [13/Aug/2021:08:04:40 +0800] "GET /xingrg/check_reg.html?_=1628812853912 HTTP/1.1" 200 22
120.253.135.82 - - [13/Aug/2021:08:04:41 +0800] "GET /xingrg/all/function/internal_message.html?_=1628812854717&CODE_STATE=getMsg HTTP/1.1" 200 27
180.169.147.146 - - [13/Aug/2021:08:04:56 +0800] "GET /xingrg/check_reg.html?_=1628813093328 HTTP/1.1" 200 22
180.169.147.146 - - [13/Aug/2021:08:04:56 +0800] "GET /xingrg/all/function/internal_message.html?_=1628813093330&CODE_STATE=getMsg HTTP/1.1" 200 27
114.88.154.248 - - [13/Aug/2021:08:05:00 +0800] "GET /xingrg/all/function/internal_message.html?_=1628813008357&CODE_STATE=getMsg HTTP/1.1" 200 27
116.238.194.18 - - [13/Aug/2021:08:05:06 +0800] "GET /xingrg/all/function/internal_message.html?_=1628813101547&CODE_STATE=getMsg HTTP/1.1" 200 27
114.88.154.248 - - [13/Aug/2021:08:05:07 +0800] "GET /xingrg/all/function/internal_message.html?_=1628813015540&CODE_STATE=getMsg HTTP/1.1" 200 27
180.169.147.146 - - [13/Aug/2021:08:05:07 +0800] "GET /xingrg/all/function/internal_message.html?_=1628813099192&CODE_STATE=getMsg HTTP/1.1" 200 27
116.230.105.26 - - [13/Aug/2021:08:05:08 +0800] "GET /xingrg/all/function/internal_message.html?_=1628813098119&CODE_STATE=getMsg HTTP/1.1" 200 27
116.230.105.26 - - [13/Aug/2021:08:05:08 +0800] "GET /xingrg/check_reg.html?_=1628813098127 HTTP/1.1" 200 22
120.253.135.82 - - [13/Aug/2021:08:05:14 +0800] "GET /xingrg/all/function/internal_message.html?_=1628813137245&CODE_STATE=getMsg HTTP/1.1" 200 27
180.169.147.146 - - [13/Aug/2021:08:05:22 +0800] "GET /xingrg/check_reg.html?_=1628813114060 HTTP/1.1" 200 22
222.70.246.151 - - [13/Aug/2021:08:05:23 +0800] "GET /favicon.ico HTTP/1.1" 404 -
180.169.147.146 - - [13/Aug/2021:08:05:25 +0800] "GET /xingrg/all/function/internal_message.html?_=1628813134009&CODE_STATE=getMsg HTTP/1.1" 200 27
180.169.147.146 - - [13/Aug/2021:08:05:25 +0800] "GET /xingrg/check_reg.html?_=1628813134012 HTTP/1.1" 200 22
222.70.246.151 - - [13/Aug/2021:08:05:27 +0800] "GET /xingrg/all/function/internal_message.html?_=1628813141415&CODE_STATE=getMsg HTTP/1.1" 200 27
222.70.178.182 - - [13/Aug/2021:08:05:30 +0800] "GET /xingrg/all/function/internal_message.html?_=1628813157684&CODE_STATE=getMsg HTTP/1.1" 200 27
116.235.222.38 - - [13/Aug/2021:08:05:33 +0800] "POST /xingrg/services/DataTransmitService HTTP/1.1" 200 524
116.235.222.38 - - [13/Aug/2021:08:05:40 +0800] "POST /xingrg/services/DataTransmitService HTTP/1.1" 200 501
116.235.222.38 - - [13/Aug/2021:08:05:40 +0800] "POST /xingrg/services/DataTransmitService HTTP/1.1" 200 501
120.253.135.82 - - [13/Aug/2021:08:05:41 +0800] "GET /xingrg/all/function/internal_message.html?_=1628812914730&CODE_STATE=getMsg HTTP/1.1" 200 27
116.235.222.38 - - [13/Aug/2021:08:05:41 +0800] "POST /xingrg/services/DataTransmitService HTTP/1.1" 200 501
116.235.222.38 - - [13/Aug/2021:08:05:43 +0800] "POST /xingrg/services/DataTransmitService HTTP/1.1" 200 501
116.235.222.38 - - [13/Aug/2021:08:05:43 +0800] "POST /xingrg/services/DataTransmitService HTTP/1.1" 200 501
116.235.222.38 - - [13/Aug/2021:08:05:43 +0800] "POST /xingrg/services/DataTransmitService HTTP/1.1" 200 501
116.235.222.38 - - [13/Aug/2021:08:05:44 +0800] "POST /xingrg/services/DataTransmitService HTTP/1.1" 200 501
116.235.222.38 - - [13/Aug/2021:08:05:45 +0800] "POST /xingrg/services/DataTransmitService HTTP/1.1" 200 501
116.235.222.38 - - [13/Aug/2021:08:05:45 +0800] "POST /xingrg/services/DataTransmitService HTTP/1.1" 200 501
116.235.222.38 - - [13/Aug/2021:08:05:45 +0800] "POST /xingrg/services/DataTransmitService HTTP/1.1" 200 412
180.169.147.146 - - [13/Aug/2021:08:05:56 +0800] "GET /xingrg/all/function/internal_message.html?_=1628813153340&CODE_STATE=getMsg HTTP/1.1" 200 27
114.88.154.248 - - [13/Aug/2021:08:06:00 +0800] "GET /xingrg/all/function/internal_message.html?_=1628813068339&CODE_STATE=getMsg HTTP/1.1" 200 27
116.238.194.18 - - [13/Aug/2021:08:06:06 +0800] "GET /xingrg/all/function/internal_message.html?_=1628813161551&CODE_STATE=getMsg HTTP/1.1" 200 27
114.88.154.248 - - [13/Aug/2021:08:06:07 +0800] "GET /xingrg/all/function/internal_message.html?_=1628813075539&CODE_STATE=getMsg HTTP/1.1" 200 27
180.169.147.146 - - [13/Aug/2021:08:06:07 +0800] "GET /xingrg/all/function/internal_message.html?_=1628813159170&CODE_STATE=getMsg HTTP/1.1" 200 27
116.230.105.26 - - [13/Aug/2021:08:06:08 +0800] "GET /xingrg/all/function/internal_message.html?_=1628813158128&CODE_STATE=getMsg HTTP/1.1" 200 27
120.253.135.82 - - [13/Aug/2021:08:06:14 +0800] "GET /xingrg/all/function/internal_message.html?_=1628813197266&CODE_STATE=getMsg HTTP/1.1" 200 27
180.169.147.146 - - [13/Aug/2021:08:06:25 +0800] "GET /xingrg/all/function/internal_message.html?_=1628813194010&CODE_STATE=getMsg HTTP/1.1" 200 27
222.70.246.151 - - [13/Aug/2021:08:06:27 +0800] "GET /xingrg/all/function/internal_message.html?_=1628813201428&CODE_STATE=getMsg HTTP/1.1" 200 27
222.70.178.182 - - [13/Aug/2021:08:06:30 +0800] "GET /xingrg/all/function/internal_message.html?_=1628813217655&CODE_STATE=getMsg HTTP/1.1" 200 27
120.253.135.82 - - [13/Aug/2021:08:06:41 +0800] "GET /xingrg/all/function/internal_message.html?_=1628812974744&CODE_STATE=getMsg HTTP/1.1" 200 27
222.70.178.182 - - [13/Aug/2021:08:06:47 +0800] "GET /xingrg/check_reg.html?_=1628813234659 HTTP/1.1" 200 22
180.169.147.146 - - [13/Aug/2021:08:06:56 +0800] "GET /xingrg/all/function/internal_message.html?_=1628813213328&CODE_STATE=getMsg HTTP/1.1" 200 27
114.88.154.248 - - [13/Aug/2021:08:07:00 +0800] "GET /xingrg/all/function/internal_message.html?_=1628813128315&CODE_STATE=getMsg HTTP/1.1" 200 27
116.238.194.18 - - [13/Aug/2021:08:07:06 +0800] "GET /xingrg/check_reg.html?_=1628813221550 HTTP/1.1" 200 22
116.238.194.18 - - [13/Aug/2021:08:07:06 +0800] "GET /xingrg/all/function/internal_message.html?_=1628813221555&CODE_STATE=getMsg HTTP/1.1" 200 27
114.88.154.248 - - [13/Aug/2021:08:07:07 +0800] "GET /xingrg/all/function/internal_message.html?_=1628813135538&CODE_STATE=getMsg HTTP/1.1" 200 27
180.169.147.146 - - [13/Aug/2021:08:07:07 +0800] "GET /xingrg/all/function/internal_message.html?_=1628813219142&CODE_STATE=getMsg HTTP/1.1" 200 27
116.230.105.26 - - [13/Aug/2021:08:07:08 +0800] "GET /xingrg/all/function/internal_message.html?_=1628813218128&CODE_STATE=getMsg HTTP/1.1" 200 27
120.253.135.82 - - [13/Aug/2021:08:07:14 +0800] "GET /xingrg/all/function/internal_message.html?_=1628813257272&CODE_STATE=getMsg HTTP/1.1" 200 27
180.169.147.146 - - [13/Aug/2021:08:07:25 +0800] "GET /xingrg/all/function/internal_message.html?_=1628813254013&CODE_STATE=getMsg HTTP/1.1" 200 27
222.70.246.151 - - [13/Aug/2021:08:07:27 +0800] "GET /xingrg/all/function/internal_message.html?_=1628813261571&CODE_STATE=getMsg HTTP/1.1" 200 27
222.70.178.182 - - [13/Aug/2021:08:07:30 +0800] "GET /xingrg/all/function/internal_message.html?_=1628813277637&CODE_STATE=getMsg HTTP/1.1" 200 27
120.253.135.82 - - [13/Aug/2021:08:07:41 +0800] "GET /xingrg/all/function/internal_message.html?_=1628813034773&CODE_STATE=getMsg HTTP/1.1" 200 27
180.169.147.146 - - [13/Aug/2021:08:07:56 +0800] "GET /xingrg/all/function/internal_message.html?_=1628813273341&CODE_STATE=getMsg HTTP/1.1" 200 27
114.88.154.248 - - [13/Aug/2021:08:08:00 +0800] "GET /xingrg/all/function/internal_message.html?_=1628813188296&CODE_STATE=getMsg HTTP/1.1" 200 27
116.238.194.18 - - [13/Aug/2021:08:08:06 +0800] "GET /xingrg/all/function/internal_message.html?_=1628813281555&CODE_STATE=getMsg HTTP/1.1" 200 27
114.88.154.248 - - [13/Aug/2021:08:08:07 +0800] "GET /xingrg/all/function/internal_message.html?_=1628813195537&CODE_STATE=getMsg HTTP/1.1" 200 27
180.169.147.146 - - [13/Aug/2021:08:08:07 +0800] "GET /xingrg/all/function/internal_message.html?_=1628813279117&CODE_STATE=getMsg HTTP/1.1" 200 27
116.230.105.26 - - [13/Aug/2021:08:08:08 +0800] "GET /xingrg/all/function/internal_message.html?_=1628813278122&CODE_STATE=getMsg HTTP/1.1" 200 27
120.253.135.82 - - [13/Aug/2021:08:08:14 +0800] "GET /xingrg/all/function/internal_message.html?_=1628813317289&CODE_STATE=getMsg HTTP/1.1" 200 27
222.70.246.151 - - [13/Aug/2021:08:08:23 +0800] "GET /xingrg/check_reg.html?_=1628813317495 HTTP/1.1" 200 22
180.169.147.146 - - [13/Aug/2021:08:08:25 +0800] "GET /xingrg/all/function/internal_message.html?_=1628813314014&CODE_STATE=getMsg HTTP/1.1" 200 27
222.70.246.151 - - [13/Aug/2021:08:08:27 +0800] "GET /xingrg/all/function/internal_message.html?_=1628813321579&CODE_STATE=getMsg HTTP/1.1" 200 27
222.70.178.182 - - [13/Aug/2021:08:08:30 +0800] "GET /xingrg/all/function/internal_message.html?_=1628813337631&CODE_STATE=getMsg HTTP/1.1" 200 27
120.253.135.82 - - [13/Aug/2021:08:08:41 +0800] "GET /xingrg/all/function/internal_message.html?_=1628813094786&CODE_STATE=getMsg HTTP/1.1" 200 27
180.169.147.146 - - [13/Aug/2021:08:08:56 +0800] "GET /xingrg/all/function/internal_message.html?_=1628813333329&CODE_STATE=getMsg HTTP/1.1" 200 27
114.88.154.248 - - [13/Aug/2021:08:09:00 +0800] "GET /xingrg/all/function/internal_message.html?_=1628813248268&CODE_STATE=getMsg HTTP/1.1" 200 27
120.253.135.82 - - [13/Aug/2021:08:09:00 +0800] "GET /xingrg/check_reg.html?_=1628813363871 HTTP/1.1" 200 22
116.238.194.18 - - [13/Aug/2021:08:09:06 +0800] "GET /xingrg/all/function/internal_message.html?_=1628813341556&CODE_STATE=getMsg HTTP/1.1" 200 27
114.88.154.248 - - [13/Aug/2021:08:09:07 +0800] "GET /xingrg/all/function/internal_message.html?_=1628813255537&CODE_STATE=getMsg HTTP/1.1" 200 27
114.88.154.248 - - [13/Aug/2021:08:09:07 +0800] "GET /xingrg/check_reg.html?_=1628813255538 HTTP/1.1" 200 22
180.169.147.146 - - [13/Aug/2021:08:09:07 +0800] "GET /xingrg/all/function/internal_message.html?_=1628813339087&CODE_STATE=getMsg HTTP/1.1" 200 27
116.230.105.26 - - [13/Aug/2021:08:09:08 +0800] "GET /xingrg/all/function/internal_message.html?_=1628813338118&CODE_STATE=getMsg HTTP/1.1" 200 27
120.253.135.82 - - [13/Aug/2021:08:09:14 +0800] "GET /xingrg/all/function/internal_message.html?_=1628813377298&CODE_STATE=getMsg HTTP/1.1" 200 27
114.88.154.248 - - [13/Aug/2021:08:09:24 +0800] "GET /xingrg/check_reg.html?_=1628813272506 HTTP/1.1" 200 22
180.169.147.146 - - [13/Aug/2021:08:09:25 +0800] "GET /xingrg/all/function/internal_message.html?_=1628813374013&CODE_STATE=getMsg HTTP/1.1" 200 27
222.70.246.151 - - [13/Aug/2021:08:09:27 +0800] "GET /xingrg/all/function/internal_message.html?_=1628813381593&CODE_STATE=getMsg HTTP/1.1" 200 27
222.70.178.182 - - [13/Aug/2021:08:09:30 +0800] "GET /xingrg/all/function/internal_message.html?_=1628813397613&CODE_STATE=getMsg HTTP/1.1" 200 27
120.253.135.82 - - [13/Aug/2021:08:09:40 +0800] "GET /xingrg/check_reg.html?_=1628813153942 HTTP/1.1" 200 22
120.253.135.82 - - [13/Aug/2021:08:09:41 +0800] "GET /xingrg/all/function/internal_message.html?_=1628813154800&CODE_STATE=getMsg HTTP/1.1" 200 27
180.169.147.146 - - [13/Aug/2021:08:09:56 +0800] "GET /xingrg/check_reg.html?_=1628813393332 HTTP/1.1" 200 22
180.169.147.146 - - [13/Aug/2021:08:09:56 +0800] "GET /xingrg/all/function/internal_message.html?_=1628813393334&CODE_STATE=getMsg HTTP/1.1" 200 27
114.88.154.248 - - [13/Aug/2021:08:10:00 +0800] "GET /xingrg/all/function/internal_message.html?_=1628813308249&CODE_STATE=getMsg HTTP/1.1" 200 27
116.238.194.18 - - [13/Aug/2021:08:10:06 +0800] "GET /xingrg/all/function/internal_message.html?_=1628813401560&CODE_STATE=getMsg HTTP/1.1" 200 27
114.88.154.248 - - [13/Aug/2021:08:10:07 +0800] "GET /xingrg/all/function/internal_message.html?_=1628813315536&CODE_STATE=getMsg HTTP/1.1" 200 27
180.169.147.146 - - [13/Aug/2021:08:10:07 +0800] "GET /xingrg/all/function/internal_message.html?_=1628813399068&CODE_STATE=getMsg HTTP/1.1" 200 27
116.230.105.26 - - [13/Aug/2021:08:10:08 +0800] "GET /xingrg/all/function/internal_message.html?_=1628813398118&CODE_STATE=getMsg HTTP/1.1" 200 27
116.230.105.26 - - [13/Aug/2021:08:10:08 +0800] "GET /xingrg/check_reg.html?_=1628813398125 HTTP/1.1" 200 22
120.253.135.82 - - [13/Aug/2021:08:10:14 +0800] "GET /xingrg/all/function/internal_message.html?_=1628813437313&CODE_STATE=getMsg HTTP/1.1" 200 27
180.169.147.146 - - [13/Aug/2021:08:10:22 +0800] "GET /xingrg/check_reg.html?_=1628813414088 HTTP/1.1" 200 22
180.169.147.146 - - [13/Aug/2021:08:10:25 +0800] "GET /xingrg/check_reg.html?_=1628813434012 HTTP/1.1" 200 22
180.169.147.146 - - [13/Aug/2021:08:10:25 +0800] "GET /xingrg/all/function/internal_message.html?_=1628813434014&CODE_STATE=getMsg HTTP/1.1" 200 27
222.70.246.151 - - [13/Aug/2021:08:10:27 +0800] "GET /xingrg/all/function/internal_message.html?_=1628813441608&CODE_STATE=getMsg HTTP/1.1" 200 27
222.70.178.182 - - [13/Aug/2021:08:10:30 +0800] "GET /xingrg/all/function/internal_message.html?_=1628813457587&CODE_STATE=getMsg HTTP/1.1" 200 27
222.70.246.151 - - [13/Aug/2021:08:10:34 +0800] "GET /xingrg/kc/mdqp/pssh_order_list.html HTTP/1.1" 200 17822
222.70.246.151 - - [13/Aug/2021:08:10:35 +0800] "POST /xingrg/kc/mdqp/pssh_list_operate.html HTTP/1.1" 200 5346
120.253.135.82 - - [13/Aug/2021:08:10:41 +0800] "GET /xingrg/all/function/internal_message.html?_=1628813214814&CODE_STATE=getMsg HTTP/1.1" 200 27
222.70.246.151 - - [13/Aug/2021:08:10:43 +0800] "POST /xingrg/kc/mdqp/pssh_list_operate.html HTTP/1.1" 200 259
222.70.246.151 - - [13/Aug/2021:08:10:49 +0800] "POST /xingrg/kc/mdqp/pssh_list_operate.html HTTP/1.1" 200 756
222.70.246.151 - - [13/Aug/2021:08:10:49 +0800] "GET /xingrg/kc/mdqp/pssh_order_info.html?code=312021080500135 HTTP/1.1" 200 17272
222.70.246.151 - - [13/Aug/2021:08:10:49 +0800] "GET /xingrg/javascript/jquery_tools/jquery-1.4.2.min.js HTTP/1.1" 404 1094
222.70.246.151 - - [13/Aug/2021:08:10:49 +0800] "GET /xingrg/javascript/easyui/themes/icons/back_new.png HTTP/1.1" 304 -
222.70.246.151 - - [13/Aug/2021:08:10:49 +0800] "POST /xingrg/kc/mdqp/pssh_order_operate.html HTTP/1.1" 200 4622
222.70.246.151 - - [13/Aug/2021:08:10:49 +0800] "GET /xingrg/all/common/auto_word.html?type=base&rest_code=00146&rest_code=00146 HTTP/1.1" 200 1753
222.70.246.151 - - [13/Aug/2021:08:10:49 +0800] "GET /xingrg/all/common/auto_word.html?type=employee&rest_code=00146 HTTP/1.1" 200 101
222.70.246.151 - - [13/Aug/2021:08:10:49 +0800] "GET /xingrg/javascript/easyui/themes/default/validatebox.css HTTP/1.1" 404 1104
180.169.147.146 - - [13/Aug/2021:08:10:56 +0800] "GET /xingrg/all/function/internal_message.html?_=1628813453335&CODE_STATE=getMsg HTTP/1.1" 200 27
114.88.154.248 - - [13/Aug/2021:08:11:00 +0800] "GET /xingrg/all/function/internal_message.html?_=1628813368253&CODE_STATE=getMsg HTTP/1.1" 200 27
116.238.194.18 - - [13/Aug/2021:08:11:06 +0800] "GET /xingrg/all/function/internal_message.html?_=1628813461560&CODE_STATE=getMsg HTTP/1.1" 200 27
114.88.154.248 - - [13/Aug/2021:08:11:07 +0800] "GET /xingrg/all/function/internal_message.html?_=1628813375534&CODE_STATE=getMsg HTTP/1.1" 200 27
180.169.147.146 - - [13/Aug/2021:08:11:07 +0800] "GET /xingrg/all/function/internal_message.html?_=1628813459068&CODE_STATE=getMsg HTTP/1.1" 200 27
116.230.105.26 - - [13/Aug/2021:08:11:08 +0800] "GET /xingrg/all/function/internal_message.html?_=1628813458120&CODE_STATE=getMsg HTTP/1.1" 200 27
120.253.135.82 - - [13/Aug/2021:08:11:14 +0800] "GET /xingrg/all/function/internal_message.html?_=1628813497333&CODE_STATE=getMsg HTTP/1.1" 200 27
180.169.147.146 - - [13/Aug/2021:08:11:25 +0800] "GET /xingrg/all/function/internal_message.html?_=1628813494011&CODE_STATE=getMsg HTTP/1.1" 200 27
222.70.246.151 - - [13/Aug/2021:08:11:27 +0800] "GET /xingrg/all/function/internal_message.html?_=1628813501620&CODE_STATE=getMsg HTTP/1.1" 200 27
222.70.246.151 - - [13/Aug/2021:08:11:27 +0800] "POST /xingrg/all/common/load_combo.html?type=employee HTTP/1.1" 200 186
222.70.178.182 - - [13/Aug/2021:08:11:30 +0800] "GET /xingrg/all/function/internal_message.html?_=1628813517568&CODE_STATE=getMsg HTTP/1.1" 200 27
120.253.135.82 - - [13/Aug/2021:08:11:41 +0800] "GET /xingrg/all/function/internal_message.html?_=1628813274827&CODE_STATE=getMsg HTTP/1.1" 200 27
222.70.246.151 - - [13/Aug/2021:08:11:47 +0800] "POST /xingrg/kc/mdqp/pssh_order_operate.html HTTP/1.1" 200 37
222.70.178.182 - - [13/Aug/2021:08:11:47 +0800] "GET /xingrg/check_reg.html?_=1628813534660 HTTP/1.1" 200 22
222.70.246.151 - - [13/Aug/2021:08:11:48 +0800] "POST /xingrg/kc/mdqp/pssh_order_operate.html HTTP/1.1" 200 12
222.70.246.151 - - [13/Aug/2021:08:11:50 +0800] "GET /xingrg/kc/mdqp/pssh_order_info.html?code=312021080500135 HTTP/1.1" 200 14388
222.70.246.151 - - [13/Aug/2021:08:11:50 +0800] "GET /xingrg/javascript/jquery_tools/jquery-1.4.2.min.js HTTP/1.1" 404 1094
222.70.246.151 - - [13/Aug/2021:08:11:51 +0800] "GET /xingrg/javascript/easyui/themes/icons/uncheck_new.png HTTP/1.1" 304 -
222.70.246.151 - - [13/Aug/2021:08:11:51 +0800] "GET /xingrg/javascript/easyui/themes/default/validatebox.css HTTP/1.1" 404 1104
222.70.246.151 - - [13/Aug/2021:08:11:51 +0800] "POST /xingrg/kc/mdqp/pssh_order_operate.html HTTP/1.1" 200 4622
222.70.246.151 - - [13/Aug/2021:08:11:54 +0800] "GET /xingrg/kc/print/load_config.html?kc_code=pssh HTTP/1.1" 200 2290
222.70.246.151 - - [13/Aug/2021:08:11:55 +0800] "GET /xingrg/kc/print/load_data.html?order_code=312021080500135&kc_code=pssh&condition= HTTP/1.1" 200 1996
180.169.147.146 - - [13/Aug/2021:08:11:56 +0800] "GET /xingrg/all/function/internal_message.html?_=1628813513334&CODE_STATE=getMsg HTTP/1.1" 200 27
114.88.154.248 - - [13/Aug/2021:08:11:59 +0800] "GET /xingrg/all/function/internal_message.html?_=1628813428222&CODE_STATE=getMsg HTTP/1.1" 200 27
116.238.194.18 - - [13/Aug/2021:08:12:06 +0800] "GET /xingrg/check_reg.html?_=1628813521559 HTTP/1.1" 200 22
116.238.194.18 - - [13/Aug/2021:08:12:06 +0800] "GET /xingrg/all/function/internal_message.html?_=1628813521563&CODE_STATE=getMsg HTTP/1.1" 200 27
114.88.154.248 - - [13/Aug/2021:08:12:07 +0800] "GET /xingrg/all/function/internal_message.html?_=1628813435532&CODE_STATE=getMsg HTTP/1.1" 200 27
180.169.147.146 - - [13/Aug/2021:08:12:07 +0800] "GET /xingrg/all/function/internal_message.html?_=1628813519036&CODE_STATE=getMsg HTTP/1.1" 200 27
116.230.105.26 - - [13/Aug/2021:08:12:08 +0800] "GET /xingrg/all/function/internal_message.html?_=1628813518118&CODE_STATE=getMsg HTTP/1.1" 200 27
120.253.135.82 - - [13/Aug/2021:08:12:14 +0800] "GET /xingrg/all/function/internal_message.html?_=1628813557339&CODE_STATE=getMsg HTTP/1.1" 200 27
180.169.147.146 - - [13/Aug/2021:08:12:25 +0800] "GET /xingrg/all/function/internal_message.html?_=1628813554011&CODE_STATE=getMsg HTTP/1.1" 200 27
222.70.246.151 - - [13/Aug/2021:08:12:27 +0800] "GET /xingrg/all/function/internal_message.html?_=1628813561634&CODE_STATE=getMsg HTTP/1.1" 200 27
222.70.178.182 - - [13/Aug/2021:08:12:30 +0800] "GET /xingrg/all/function/internal_message.html?_=1628813577550&CODE_STATE=getMsg HTTP/1.1" 200 27
120.253.135.82 - - [13/Aug/2021:08:12:41 +0800] "GET /xingrg/all/function/internal_message.html?_=1628813334860&CODE_STATE=getMsg HTTP/1.1" 200 27
120.253.135.82 - - [13/Aug/2021:08:12:53 +0800] "GET /xingrg/kc/pszx/mdqp_order_list.html?state=10 HTTP/1.1" 200 10217
120.253.135.82 - - [13/Aug/2021:08:12:53 +0800] "GET /xingrg/dwr/interface/AjaxReportQueryService.js HTTP/1.1" 200 13203
120.253.135.82 - - [13/Aug/2021:08:12:53 +0800] "GET /xingrg/dwr/interface/AjaxQqpsService.js HTTP/1.1" 200 16326
120.253.135.82 - - [13/Aug/2021:08:12:53 +0800] "GET /xingrg/dwr/engine.js HTTP/1.1" 200 43631
180.169.147.146 - - [13/Aug/2021:08:12:56 +0800] "GET /xingrg/all/function/internal_message.html?_=1628813573335&CODE_STATE=getMsg HTTP/1.1" 200 27
114.88.154.248 - - [13/Aug/2021:08:12:59 +0800] "GET /xingrg/all/function/internal_message.html?_=1628813488198&CODE_STATE=getMsg HTTP/1.1" 200 27
116.238.194.18 - - [13/Aug/2021:08:13:06 +0800] "GET /xingrg/all/function/internal_message.html?_=1628813581563&CODE_STATE=getMsg HTTP/1.1" 200 27
114.88.154.248 - - [13/Aug/2021:08:13:07 +0800] "GET /xingrg/all/function/internal_message.html?_=1628813495530&CODE_STATE=getMsg HTTP/1.1" 200 27
180.169.147.146 - - [13/Aug/2021:08:13:07 +0800] "GET /xingrg/all/function/internal_message.html?_=1628813579010&CODE_STATE=getMsg HTTP/1.1" 200 27
116.230.105.26 - - [13/Aug/2021:08:13:08 +0800] "GET /xingrg/all/function/internal_message.html?_=1628813578120&CODE_STATE=getMsg HTTP/1.1" 200 27
120.253.135.82 - - [13/Aug/2021:08:13:14 +0800] "GET /xingrg/all/function/internal_message.html?_=1628813617359&CODE_STATE=getMsg HTTP/1.1" 200 27
222.70.246.151 - - [13/Aug/2021:08:13:23 +0800] "GET /xingrg/check_reg.html?_=1628813617498 HTTP/1.1" 200 22
180.169.147.146 - - [13/Aug/2021:08:13:25 +0800] "GET /xingrg/all/function/internal_message.html?_=1628813614035&CODE_STATE=getMsg HTTP/1.1" 200 27
222.70.246.151 - - [13/Aug/2021:08:13:27 +0800] "GET /xingrg/all/function/internal_message.html?_=1628813621773&CODE_STATE=getMsg HTTP/1.1" 200 27
222.70.178.182 - - [13/Aug/2021:08:13:30 +0800] "GET /xingrg/all/function/internal_message.html?_=1628813637532&CODE_STATE=getMsg HTTP/1.1" 200 27
120.253.135.82 - - [13/Aug/2021:08:13:41 +0800] "GET /xingrg/all/function/internal_message.html?_=1628813394901&CODE_STATE=getMsg HTTP/1.1" 200 27
180.169.147.146 - - [13/Aug/2021:08:13:56 +0800] "GET /xingrg/all/function/internal_message.html?_=1628813633322&CODE_STATE=getMsg HTTP/1.1" 200 27
114.88.154.248 - - [13/Aug/2021:08:13:59 +0800] "GET /xingrg/all/function/internal_message.html?_=1628813548172&CODE_STATE=getMsg HTTP/1.1" 200 27
120.253.135.82 - - [13/Aug/2021:08:14:00 +0800] "GET /xingrg/check_reg.html?_=1628813663873 HTTP/1.1" 200 22
116.238.194.18 - - [13/Aug/2021:08:14:06 +0800] "GET /xingrg/all/function/internal_message.html?_=1628813641563&CODE_STATE=getMsg HTTP/1.1" 200 27
114.88.154.248 - - [13/Aug/2021:08:14:07 +0800] "GET /xingrg/all/function/internal_message.html?_=1628813555528&CODE_STATE=getMsg HTTP/1.1" 200 27
114.88.154.248 - - [13/Aug/2021:08:14:07 +0800] "GET /xingrg/check_reg.html?_=1628813555529 HTTP/1.1" 200 22
180.169.147.146 - - [13/Aug/2021:08:14:07 +0800] "GET /xingrg/all/function/internal_message.html?_=1628813638986&CODE_STATE=getMsg HTTP/1.1" 200 27
116.230.105.26 - - [13/Aug/2021:08:14:08 +0800] "GET /xingrg/all/function/internal_message.html?_=1628813638120&CODE_STATE=getMsg HTTP/1.1" 200 27
120.253.135.82 - - [13/Aug/2021:08:14:14 +0800] "GET /xingrg/all/function/internal_message.html?_=1628813677366&CODE_STATE=getMsg HTTP/1.1" 200 27
114.88.154.248 - - [13/Aug/2021:08:14:24 +0800] "GET /xingrg/check_reg.html?_=1628813572516 HTTP/1.1" 200 22
180.169.147.146 - - [13/Aug/2021:08:14:25 +0800] "GET /xingrg/all/function/internal_message.html?_=1628813674034&CODE_STATE=getMsg HTTP/1.1" 200 27
222.70.246.151 - - [13/Aug/2021:08:14:27 +0800] "GET /xingrg/all/function/internal_message.html?_=1628813681905&CODE_STATE=getMsg HTTP/1.1" 200 27
222.70.178.182 - - [13/Aug/2021:08:14:30 +0800] "GET /xingrg/all/function/internal_message.html?_=1628813697507&CODE_STATE=getMsg HTTP/1.1" 200 27
120.253.135.82 - - [13/Aug/2021:08:14:40 +0800] "GET /xingrg/check_reg.html?_=1628813453999 HTTP/1.1" 200 22
120.253.135.82 - - [13/Aug/2021:08:14:41 +0800] "GET /xingrg/all/function/internal_message.html?_=1628813454915&CODE_STATE=getMsg HTTP/1.1" 200 27
180.169.147.146 - - [13/Aug/2021:08:14:56 +0800] "GET /xingrg/all/function/internal_message.html?_=1628813693327&CODE_STATE=getMsg HTTP/1.1" 200 27
180.169.147.146 - - [13/Aug/2021:08:14:56 +0800] "GET /xingrg/check_reg.html?_=1628813693329 HTTP/1.1" 200 22
114.88.154.248 - - [13/Aug/2021:08:14:59 +0800] "GET /xingrg/all/function/internal_message.html?_=1628813608154&CODE_STATE=getMsg HTTP/1.1" 200 27
116.238.194.18 - - [13/Aug/2021:08:15:06 +0800] "GET /xingrg/all/function/internal_message.html?_=1628813701562&CODE_STATE=getMsg HTTP/1.1" 200 27
114.88.154.248 - - [13/Aug/2021:08:15:07 +0800] "GET /xingrg/all/function/internal_message.html?_=1628813615555&CODE_STATE=getMsg HTTP/1.1" 200 27
180.169.147.146 - - [13/Aug/2021:08:15:07 +0800] "GET /xingrg/all/function/internal_message.html?_=1628813698964&CODE_STATE=getMsg HTTP/1.1" 200 27
116.230.105.26 - - [13/Aug/2021:08:15:08 +0800] "GET /xingrg/all/function/internal_message.html?_=1628813698124&CODE_STATE=getMsg HTTP/1.1" 200 27
116.230.105.26 - - [13/Aug/2021:08:15:08 +0800] "GET /xingrg/check_reg.html?_=1628813698128 HTTP/1.1" 200 22
120.253.135.82 - - [13/Aug/2021:08:15:14 +0800] "GET /xingrg/all/function/internal_message.html?_=1628813737380&CODE_STATE=getMsg HTTP/1.1" 200 27
180.169.147.146 - - [13/Aug/2021:08:15:22 +0800] "GET /xingrg/check_reg.html?_=1628813714081 HTTP/1.1" 200 22
180.169.147.146 - - [13/Aug/2021:08:15:25 +0800] "GET /xingrg/all/function/internal_message.html?_=1628813734036&CODE_STATE=getMsg HTTP/1.1" 200 27
180.169.147.146 - - [13/Aug/2021:08:15:25 +0800] "GET /xingrg/check_reg.html?_=1628813734039 HTTP/1.1" 200 22
222.70.246.151 - - [13/Aug/2021:08:15:27 +0800] "GET /xingrg/all/function/internal_message.html?_=1628813741908&CODE_STATE=getMsg HTTP/1.1" 200 27
222.70.178.182 - - [13/Aug/2021:08:15:30 +0800] "GET /xingrg/all/function/internal_message.html?_=1628813757481&CODE_STATE=getMsg HTTP/1.1" 200 27
120.253.135.82 - - [13/Aug/2021:08:15:41 +0800] "GET /xingrg/all/function/internal_message.html?_=1628813514929&CODE_STATE=getMsg HTTP/1.1" 200 27
180.169.147.146 - - [13/Aug/2021:08:15:56 +0800] "GET /xingrg/all/function/internal_message.html?_=1628813753341&CODE_STATE=getMsg HTTP/1.1" 200 27
114.88.154.248 - - [13/Aug/2021:08:15:59 +0800] "GET /xingrg/all/function/internal_message.html?_=1628813668129&CODE_STATE=getMsg HTTP/1.1" 200 27
116.238.194.18 - - [13/Aug/2021:08:16:06 +0800] "GET /xingrg/all/function/internal_message.html?_=1628813761576&CODE_STATE=getMsg HTTP/1.1" 200 27
180.169.147.146 - - [13/Aug/2021:08:16:07 +0800] "GET /xingrg/all/function/internal_message.html?_=1628813758941&CODE_STATE=getMsg HTTP/1.1" 200 27
114.88.154.248 - - [13/Aug/2021:08:16:07 +0800] "GET /xingrg/all/function/internal_message.html?_=1628813675553&CODE_STATE=getMsg HTTP/1.1" 200 27
116.230.105.26 - - [13/Aug/2021:08:16:08 +0800] "GET /xingrg/all/function/internal_message.html?_=1628813758125&CODE_STATE=getMsg HTTP/1.1" 200 27
120.253.135.82 - - [13/Aug/2021:08:16:14 +0800] "GET /xingrg/all/function/internal_message.html?_=1628813797402&CODE_STATE=getMsg HTTP/1.1" 200 27
180.169.147.146 - - [13/Aug/2021:08:16:25 +0800] "GET /xingrg/all/function/internal_message.html?_=1628813794039&CODE_STATE=getMsg HTTP/1.1" 200 27
222.70.246.151 - - [13/Aug/2021:08:16:28 +0800] "GET /xingrg/all/function/internal_message.html?_=1628813802076&CODE_STATE=getMsg HTTP/1.1" 200 27
222.70.178.182 - - [13/Aug/2021:08:16:30 +0800] "GET /xingrg/all/function/internal_message.html?_=1628813817459&CODE_STATE=getMsg HTTP/1.1" 200 27
120.253.135.82 - - [13/Aug/2021:08:16:41 +0800] "GET /xingrg/all/function/internal_message.html?_=1628813574942&CODE_STATE=getMsg HTTP/1.1" 200 27
222.70.178.182 - - [13/Aug/2021:08:16:47 +0800] "GET /xingrg/check_reg.html?_=1628813834634 HTTP/1.1" 200 22
180.169.147.146 - - [13/Aug/2021:08:16:56 +0800] "GET /xingrg/all/function/internal_message.html?_=1628813813338&CODE_STATE=getMsg HTTP/1.1" 200 27
114.88.154.248 - - [13/Aug/2021:08:16:59 +0800] "GET /xingrg/all/function/internal_message.html?_=1628813728098&CODE_STATE=getMsg HTTP/1.1" 200 27
116.238.194.18 - - [13/Aug/2021:08:17:06 +0800] "GET /xingrg/check_reg.html?_=1628813821580 HTTP/1.1" 200 22
116.238.194.18 - - [13/Aug/2021:08:17:06 +0800] "GET /xingrg/all/function/internal_message.html?_=1628813821586&CODE_STATE=getMsg HTTP/1.1" 200 27
180.169.147.146 - - [13/Aug/2021:08:17:07 +0800] "GET /xingrg/all/function/internal_message.html?_=1628813818946&CODE_STATE=getMsg HTTP/1.1" 200 27
114.88.154.248 - - [13/Aug/2021:08:17:07 +0800] "GET /xingrg/all/function/internal_message.html?_=1628813735552&CODE_STATE=getMsg HTTP/1.1" 200 27
116.230.105.26 - - [13/Aug/2021:08:17:08 +0800] "GET /xingrg/all/function/internal_message.html?_=1628813818125&CODE_STATE=getMsg HTTP/1.1" 200 27
120.253.135.82 - - [13/Aug/2021:08:17:14 +0800] "GET /xingrg/all/function/internal_message.html?_=1628813857409&CODE_STATE=getMsg HTTP/1.1" 200 27
180.169.147.146 - - [13/Aug/2021:08:17:25 +0800] "GET /xingrg/all/function/internal_message.html?_=1628813854038&CODE_STATE=getMsg HTTP/1.1" 200 27
222.70.246.151 - - [13/Aug/2021:08:17:28 +0800] "GET /xingrg/all/function/internal_message.html?_=1628813862076&CODE_STATE=getMsg HTTP/1.1" 200 27
222.70.178.182 - - [13/Aug/2021:08:17:30 +0800] "GET /xingrg/all/function/internal_message.html?_=1628813877439&CODE_STATE=getMsg HTTP/1.1" 200 27
120.253.135.82 - - [13/Aug/2021:08:17:41 +0800] "GET /xingrg/all/function/internal_message.html?_=1628813634955&CODE_STATE=getMsg HTTP/1.1" 200 27
180.169.147.146 - - [13/Aug/2021:08:17:56 +0800] "GET /xingrg/all/function/internal_message.html?_=1628813873342&CODE_STATE=getMsg HTTP/1.1" 200 27
114.88.154.248 - - [13/Aug/2021:08:17:59 +0800] "GET /xingrg/all/function/internal_message.html?_=1628813788078&CODE_STATE=getMsg HTTP/1.1" 200 27
116.238.194.18 - - [13/Aug/2021:08:18:06 +0800] "GET /xingrg/all/function/internal_message.html?_=1628813881587&CODE_STATE=getMsg HTTP/1.1" 200 27
180.169.147.146 - - [13/Aug/2021:08:18:07 +0800] "GET /xingrg/all/function/internal_message.html?_=1628813878925&CODE_STATE=getMsg HTTP/1.1" 200 27
114.88.154.248 - - [13/Aug/2021:08:18:07 +0800] "GET /xingrg/all/function/internal_message.html?_=1628813795566&CODE_STATE=getMsg HTTP/1.1" 200 27
116.230.105.26 - - [13/Aug/2021:08:18:08 +0800] "GET /xingrg/all/function/internal_message.html?_=1628813878126&CODE_STATE=getMsg HTTP/1.1" 200 27
120.253.135.82 - - [13/Aug/2021:08:18:14 +0800] "GET /xingrg/all/function/internal_message.html?_=1628813917425&CODE_STATE=getMsg HTTP/1.1" 200 27
222.70.246.151 - - [13/Aug/2021:08:18:23 +0800] "GET /xingrg/check_reg.html?_=1628813917660 HTTP/1.1" 200 22
180.169.147.146 - - [13/Aug/2021:08:18:25 +0800] "GET /xingrg/all/function/internal_message.html?_=1628813914038&CODE_STATE=getMsg HTTP/1.1" 200 27
222.70.246.151 - - [13/Aug/2021:08:18:28 +0800] "GET /xingrg/all/function/internal_message.html?_=1628813922090&CODE_STATE=getMsg HTTP/1.1" 200 27
222.70.178.182 - - [13/Aug/2021:08:18:30 +0800] "GET /xingrg/all/function/internal_message.html?_=1628813937417&CODE_STATE=getMsg HTTP/1.1" 200 27
120.253.135.82 - - [13/Aug/2021:08:18:41 +0800] "GET /xingrg/all/function/internal_message.html?_=1628813694969&CODE_STATE=getMsg HTTP/1.1" 200 27
180.169.147.146 - - [13/Aug/2021:08:18:56 +0800] "GET /xingrg/all/function/internal_message.html?_=1628813933338&CODE_STATE=getMsg HTTP/1.1" 200 27
114.88.154.248 - - [13/Aug/2021:08:18:59 +0800] "GET /xingrg/all/function/internal_message.html?_=1628813848057&CODE_STATE=getMsg HTTP/1.1" 200 27
120.253.135.82 - - [13/Aug/2021:08:19:00 +0800] "GET /xingrg/check_reg.html?_=1628813963878 HTTP/1.1" 200 22
116.238.194.18 - - [13/Aug/2021:08:19:06 +0800] "GET /xingrg/all/function/internal_message.html?_=1628813941571&CODE_STATE=getMsg HTTP/1.1" 200 27
180.169.147.146 - - [13/Aug/2021:08:19:07 +0800] "GET /xingrg/all/function/internal_message.html?_=1628813938896&CODE_STATE=getMsg HTTP/1.1" 200 27
114.88.154.248 - - [13/Aug/2021:08:19:07 +0800] "GET /xingrg/check_reg.html?_=1628813855565 HTTP/1.1" 200 22
114.88.154.248 - - [13/Aug/2021:08:19:07 +0800] "GET /xingrg/all/function/internal_message.html?_=1628813855566&CODE_STATE=getMsg HTTP/1.1" 200 27
116.230.105.26 - - [13/Aug/2021:08:19:08 +0800] "GET /xingrg/all/function/internal_message.html?_=1628813938130&CODE_STATE=getMsg HTTP/1.1" 200 27
120.253.135.82 - - [13/Aug/2021:08:19:14 +0800] "GET /xingrg/all/function/internal_message.html?_=1628813977434&CODE_STATE=getMsg HTTP/1.1" 200 27
114.88.154.248 - - [13/Aug/2021:08:19:24 +0800] "GET /xingrg/check_reg.html?_=1628813872478 HTTP/1.1" 200 22
180.169.147.146 - - [13/Aug/2021:08:19:25 +0800] "GET /xingrg/all/function/internal_message.html?_=1628813974042&CODE_STATE=getMsg HTTP/1.1" 200 27
222.70.246.151 - - [13/Aug/2021:08:19:28 +0800] "GET /xingrg/all/function/internal_message.html?_=1628813982104&CODE_STATE=getMsg HTTP/1.1" 200 27
222.70.178.182 - - [13/Aug/2021:08:19:30 +0800] "GET /xingrg/all/function/internal_message.html?_=1628813997393&CODE_STATE=getMsg HTTP/1.1" 200 27
120.253.135.82 - - [13/Aug/2021:08:19:40 +0800] "GET /xingrg/check_reg.html?_=1628813754000 HTTP/1.1" 200 22
120.253.135.82 - - [13/Aug/2021:08:19:41 +0800] "GET /xingrg/all/function/internal_message.html?_=1628813755061&CODE_STATE=getMsg HTTP/1.1" 200 27
180.169.147.146 - - [13/Aug/2021:08:19:56 +0800] "GET /xingrg/check_reg.html?_=1628813993333 HTTP/1.1" 200 22
180.169.147.146 - - [13/Aug/2021:08:19:56 +0800] "GET /xingrg/all/function/internal_message.html?_=1628813993334&CODE_STATE=getMsg HTTP/1.1" 200 27
114.88.154.248 - - [13/Aug/2021:08:19:59 +0800] "GET /xingrg/all/function/internal_message.html?_=1628813908037&CODE_STATE=getMsg HTTP/1.1" 200 27
116.238.194.18 - - [13/Aug/2021:08:20:06 +0800] "GET /xingrg/all/function/internal_message.html?_=1628814001592&CODE_STATE=getMsg HTTP/1.1" 200 27
180.169.147.146 - - [13/Aug/2021:08:20:07 +0800] "GET /xingrg/all/function/internal_message.html?_=1628813998865&CODE_STATE=getMsg HTTP/1.1" 200 27
114.88.154.248 - - [13/Aug/2021:08:20:07 +0800] "GET /xingrg/all/function/internal_message.html?_=1628813915565&CODE_STATE=getMsg HTTP/1.1" 200 27
116.230.105.26 - - [13/Aug/2021:08:20:08 +0800] "GET /xingrg/check_reg.html?_=1628813998125 HTTP/1.1" 200 22
116.230.105.26 - - [13/Aug/2021:08:20:08 +0800] "GET /xingrg/all/function/internal_message.html?_=1628813998127&CODE_STATE=getMsg HTTP/1.1" 200 27
120.253.135.82 - - [13/Aug/2021:08:20:14 +0800] "GET /xingrg/all/function/internal_message.html?_=1628814037449&CODE_STATE=getMsg HTTP/1.1" 200 27
180.169.147.146 - - [13/Aug/2021:08:20:22 +0800] "GET /xingrg/check_reg.html?_=1628814014109 HTTP/1.1" 200 22
180.169.147.146 - - [13/Aug/2021:08:20:25 +0800] "GET /xingrg/check_reg.html?_=1628814034045 HTTP/1.1" 200 22
180.169.147.146 - - [13/Aug/2021:08:20:25 +0800] "GET /xingrg/all/function/internal_message.html?_=1628814034048&CODE_STATE=getMsg HTTP/1.1" 200 27
222.70.246.151 - - [13/Aug/2021:08:20:28 +0800] "GET /xingrg/all/function/internal_message.html?_=1628814042258&CODE_STATE=getMsg HTTP/1.1" 200 27
222.70.178.182 - - [13/Aug/2021:08:20:30 +0800] "GET /xingrg/all/function/internal_message.html?_=1628814057361&CODE_STATE=getMsg HTTP/1.1" 200 27
120.253.135.82 - - [13/Aug/2021:08:20:41 +0800] "GET /xingrg/all/function/internal_message.html?_=1628813815075&CODE_STATE=getMsg HTTP/1.1" 200 27
180.169.147.146 - - [13/Aug/2021:08:20:56 +0800] "GET /xingrg/all/function/internal_message.html?_=1628814053326&CODE_STATE=getMsg HTTP/1.1" 200 27
114.88.154.248 - - [13/Aug/2021:08:20:59 +0800] "GET /xingrg/all/function/internal_message.html?_=1628813968008&CODE_STATE=getMsg HTTP/1.1" 200 27
116.238.194.18 - - [13/Aug/2021:08:21:06 +0800] "GET /xingrg/all/function/internal_message.html?_=1628814061580&CODE_STATE=getMsg HTTP/1.1" 200 27
180.169.147.146 - - [13/Aug/2021:08:21:07 +0800] "GET /xingrg/all/function/internal_message.html?_=1628814058839&CODE_STATE=getMsg HTTP/1.1" 200 27
114.88.154.248 - - [13/Aug/2021:08:21:07 +0800] "GET /xingrg/all/function/internal_message.html?_=1628813975564&CODE_STATE=getMsg HTTP/1.1" 200 27
116.230.105.26 - - [13/Aug/2021:08:21:08 +0800] "GET /xingrg/all/function/internal_message.html?_=1628814058119&CODE_STATE=getMsg HTTP/1.1" 200 27
120.253.135.82 - - [13/Aug/2021:08:21:14 +0800] "GET /xingrg/all/function/internal_message.html?_=1628814097470&CODE_STATE=getMsg HTTP/1.1" 200 27
180.169.147.146 - - [13/Aug/2021:08:21:25 +0800] "GET /xingrg/all/function/internal_message.html?_=1628814094047&CODE_STATE=getMsg HTTP/1.1" 200 27
222.70.246.151 - - [13/Aug/2021:08:21:28 +0800] "GET /xingrg/all/function/internal_message.html?_=1628814102271&CODE_STATE=getMsg HTTP/1.1" 200 27
222.70.178.182 - - [13/Aug/2021:08:21:30 +0800] "GET /xingrg/all/function/internal_message.html?_=1628814117335&CODE_STATE=getMsg HTTP/1.1" 200 27
120.253.135.82 - - [13/Aug/2021:08:21:41 +0800] "GET /xingrg/all/function/internal_message.html?_=1628813875088&CODE_STATE=getMsg HTTP/1.1" 200 27
222.70.178.182 - - [13/Aug/2021:08:21:47 +0800] "GET /xingrg/check_reg.html?_=1628814134605 HTTP/1.1" 200 22
180.169.147.146 - - [13/Aug/2021:08:21:56 +0800] "GET /xingrg/all/function/internal_message.html?_=1628814113335&CODE_STATE=getMsg HTTP/1.1" 200 27
114.88.154.248 - - [13/Aug/2021:08:21:59 +0800] "GET /xingrg/all/function/internal_message.html?_=1628814028015&CODE_STATE=getMsg HTTP/1.1" 200 27
116.238.194.18 - - [13/Aug/2021:08:22:06 +0800] "GET /xingrg/all/function/internal_message.html?_=1628814121580&CODE_STATE=getMsg HTTP/1.1" 200 27
116.238.194.18 - - [13/Aug/2021:08:22:06 +0800] "GET /xingrg/check_reg.html?_=1628814121583 HTTP/1.1" 200 22
180.169.147.146 - - [13/Aug/2021:08:22:07 +0800] "GET /xingrg/all/function/internal_message.html?_=1628814118813&CODE_STATE=getMsg HTTP/1.1" 200 27
114.88.154.248 - - [13/Aug/2021:08:22:07 +0800] "GET /xingrg/all/function/internal_message.html?_=1628814035562&CODE_STATE=getMsg HTTP/1.1" 200 27
116.230.105.26 - - [13/Aug/2021:08:22:08 +0800] "GET /xingrg/all/function/internal_message.html?_=1628814118116&CODE_STATE=getMsg HTTP/1.1" 200 27
120.253.135.82 - - [13/Aug/2021:08:22:14 +0800] "GET /xingrg/all/function/internal_message.html?_=1628814157476&CODE_STATE=getMsg HTTP/1.1" 200 27
180.169.147.146 - - [13/Aug/2021:08:22:25 +0800] "GET /xingrg/all/function/internal_message.html?_=1628814154034&CODE_STATE=getMsg HTTP/1.1" 200 27
222.70.246.151 - - [13/Aug/2021:08:22:28 +0800] "GET /xingrg/all/function/internal_message.html?_=1628814162434&CODE_STATE=getMsg HTTP/1.1" 200 27
222.70.178.182 - - [13/Aug/2021:08:22:30 +0800] "GET /xingrg/all/function/internal_message.html?_=1628814177311&CODE_STATE=getMsg HTTP/1.1" 200 27
58.40.7.146 - - [13/Aug/2021:08:22:32 +0800] "POST /xingrg/services/DataTransmitService HTTP/1.1" 200 524
120.253.135.82 - - [13/Aug/2021:08:22:41 +0800] "GET /xingrg/all/function/internal_message.html?_=1628813935135&CODE_STATE=getMsg HTTP/1.1" 200 27
180.169.147.146 - - [13/Aug/2021:08:22:56 +0800] "GET /xingrg/all/function/internal_message.html?_=1628814173324&CODE_STATE=getMsg HTTP/1.1" 200 27
114.88.154.248 - - [13/Aug/2021:08:22:59 +0800] "GET /xingrg/all/function/internal_message.html?_=1628814087995&CODE_STATE=getMsg HTTP/1.1" 200 27
116.238.194.18 - - [13/Aug/2021:08:23:06 +0800] "GET /xingrg/all/function/internal_message.html?_=1628814181588&CODE_STATE=getMsg HTTP/1.1" 200 27
180.169.147.146 - - [13/Aug/2021:08:23:07 +0800] "GET /xingrg/all/function/internal_message.html?_=1628814178791&CODE_STATE=getMsg HTTP/1.1" 200 27
114.88.154.248 - - [13/Aug/2021:08:23:07 +0800] "GET /xingrg/all/function/internal_message.html?_=1628814095562&CODE_STATE=getMsg HTTP/1.1" 200 27
116.230.105.26 - - [13/Aug/2021:08:23:08 +0800] "GET /xingrg/all/function/internal_message.html?_=1628814178124&CODE_STATE=getMsg HTTP/1.1" 200 27
120.253.135.82 - - [13/Aug/2021:08:23:14 +0800] "GET /xingrg/all/function/internal_message.html?_=1628814217496&CODE_STATE=getMsg HTTP/1.1" 200 27
222.70.246.151 - - [13/Aug/2021:08:23:23 +0800] "GET /xingrg/check_reg.html?_=1628814217673 HTTP/1.1" 200 22
180.169.147.146 - - [13/Aug/2021:08:23:25 +0800] "GET /xingrg/all/function/internal_message.html?_=1628814214032&CODE_STATE=getMsg HTTP/1.1" 200 27
222.70.246.151 - - [13/Aug/2021:08:23:28 +0800] "GET /xingrg/all/function/internal_message.html?_=1628814222439&CODE_STATE=getMsg HTTP/1.1" 200 27
222.70.178.182 - - [13/Aug/2021:08:23:30 +0800] "GET /xingrg/all/function/internal_message.html?_=1628814237288&CODE_STATE=getMsg HTTP/1.1" 200 27
120.253.135.82 - - [13/Aug/2021:08:23:41 +0800] "GET /xingrg/all/function/internal_message.html?_=1628813995146&CODE_STATE=getMsg HTTP/1.1" 200 27
180.169.147.146 - - [13/Aug/2021:08:23:56 +0800] "GET /xingrg/all/function/internal_message.html?_=1628814233343&CODE_STATE=getMsg HTTP/1.1" 200 27
114.88.154.248 - - [13/Aug/2021:08:23:59 +0800] "GET /xingrg/all/function/internal_message.html?_=1628814147975&CODE_STATE=getMsg HTTP/1.1" 200 27
120.253.135.82 - - [13/Aug/2021:08:24:00 +0800] "GET /xingrg/check_reg.html?_=1628814263889 HTTP/1.1" 200 22
117.184.7.26 - - [13/Aug/2021:08:24:05 +0800] "POST /xingrg/services/DataTransmitService HTTP/1.1" 200 524
117.184.7.26 - - [13/Aug/2021:08:24:05 +0800] "POST /xingrg/services/DataTransmitService HTTP/1.1" 200 501
