58.35.209.156 - - [13/Aug/2021:10:22:44 +0800] "GET /xingrg/javascript/jquery_ui/themes/humanity/humanity.css HTTP/1.1" 200 27801
58.35.209.156 - - [13/Aug/2021:10:22:44 +0800] "GET /xingrg/javascript/myfunction.js HTTP/1.1" 200 24559
58.35.209.156 - - [13/Aug/2021:10:22:44 +0800] "GET /xingrg/images/blue/bg_dotted.jpg HTTP/1.1" 200 319
58.35.209.156 - - [13/Aug/2021:10:22:44 +0800] "GET /xingrg/javascript/jquery_ui/themes/humanity/images/ui-bg_inset-soft_100_f4f0ec_1x100.png HTTP/1.1" 200 141
58.35.209.156 - - [13/Aug/2021:10:22:44 +0800] "GET /xingrg/images/blue/button/right_ah.jpg HTTP/1.1" 200 1744
58.35.209.156 - - [13/Aug/2021:10:22:44 +0800] "GET /xingrg/images/blue/button/down_ah.jpg HTTP/1.1" 200 1732
58.35.209.156 - - [13/Aug/2021:10:22:44 +0800] "GET /xingrg/javascript/jquery_ui/themes/humanity/images/ui-iconsnew.jpg HTTP/1.1" 200 337
58.35.209.156 - - [13/Aug/2021:10:22:44 +0800] "GET /xingrg/javascript/jquery_ui/themes/humanity/images/ui-bg_glass_70_ede4d4_1x400.png HTTP/1.1" 200 161
58.35.209.156 - - [13/Aug/2021:10:22:44 +0800] "GET /xingrg/javascript/jquery_ui/themes/humanity/images/ui-icons_c47a23_256x240.png HTTP/1.1" 200 5355
58.35.209.156 - - [13/Aug/2021:10:22:44 +0800] "GET /xingrg/javascript/jquery_ui/themes/humanity/images/ui-icons_ffffff_256x240.png HTTP/1.1" 200 4369
58.37.4.159 - - [13/Aug/2021:10:22:44 +0800] "GET /xingrg/kc/buy/cgsh_order_list.html HTTP/1.1" 200 47405
116.238.194.18 - - [13/Aug/2021:10:22:45 +0800] "GET /xingrg/kc/base/yddb_order_info.html?code=482021081300087 HTTP/1.1" 200 31032
116.238.194.18 - - [13/Aug/2021:10:22:45 +0800] "GET /xingrg/dwr/interface/AjaxYddbService.js HTTP/1.1" 200 13201
116.238.194.18 - - [13/Aug/2021:10:22:45 +0800] "GET /xingrg/dwr/interface/AjaxComOrderService.js HTTP/1.1" 200 18264
58.35.209.156 - - [13/Aug/2021:10:22:45 +0800] "GET /xingrg/images/yd/bt.gif HTTP/1.1" 404 1040
116.238.194.18 - - [13/Aug/2021:10:22:45 +0800] "GET /xingrg/dwr/engine.js HTTP/1.1" 200 43631
116.238.194.18 - - [13/Aug/2021:10:22:45 +0800] "POST /xingrg/dwr/call/plaincall/AjaxYddbService.loadMaterielItems.dwr HTTP/1.1" 200 1565
58.35.209.156 - - [13/Aug/2021:10:22:45 +0800] "GET /xingrg/kc/mdqp/qqps_order_list.html HTTP/1.1" 200 9222
58.37.4.159 - - [13/Aug/2021:10:22:45 +0800] "GET /xingrg/all/function/internal_message.html?_=1628821360760&CODE_STATE=getMsg HTTP/1.1" 200 27
58.35.209.156 - - [13/Aug/2021:10:22:45 +0800] "GET /xingrg/dwr/interface/AjaxReportQueryService.js HTTP/1.1" 200 13203
58.35.209.156 - - [13/Aug/2021:10:22:45 +0800] "GET /xingrg/dwr/interface/AjaxQqpsService.js HTTP/1.1" 200 16326
58.35.209.156 - - [13/Aug/2021:10:22:45 +0800] "GET /xingrg/dwr/util.js HTTP/1.1" 200 35990
58.35.209.156 - - [13/Aug/2021:10:22:45 +0800] "GET /xingrg/dwr/engine.js HTTP/1.1" 200 43631
58.35.209.156 - - [13/Aug/2021:10:22:45 +0800] "GET /xingrg/javascript/Calendar.js HTTP/1.1" 200 31561
58.35.209.156 - - [13/Aug/2021:10:22:46 +0800] "GET /xingrg/javascript/jquery_easy_ui/themes/icons/uncheck_new.png HTTP/1.1" 200 3197
58.35.209.156 - - [13/Aug/2021:10:22:46 +0800] "GET /xingrg/javascript/jquery_easy_ui/themes/icons/check_new.png HTTP/1.1" 200 3224
58.35.209.156 - - [13/Aug/2021:10:22:46 +0800] "GET /xingrg/javascript/jquery_easy_ui/themes/icons/edit_add_new.png HTTP/1.1" 200 2997
58.35.209.156 - - [13/Aug/2021:10:22:46 +0800] "GET /xingrg/javascript/jquery_easy_ui/themes/icons/cance_new.png HTTP/1.1" 200 3986
120.253.135.82 - - [13/Aug/2021:10:22:46 +0800] "GET /xingrg/kc/pszx/mdps_order_operate.html?command=get_materiel&pszx_code=00101&rest_code=00150&base_code=0010246&code=00101016082 HTTP/1.1" 200 427
58.37.4.159 - - [13/Aug/2021:10:22:47 +0800] "POST /xingrg/kc/buy/cgsh_list_operate.html HTTP/1.1" 200 1685
58.35.209.156 - - [13/Aug/2021:10:22:48 +0800] "GET /xingrg/javascript/jquery_easy_ui/themes/default/images/button_plain_hover.png HTTP/1.1" 200 252
101.89.239.120 - - [13/Aug/2021:10:22:48 +0800] "GET /xingrg/all/function/internal_message.html?_=1628821300772&CODE_STATE=getMsg HTTP/1.1" 302 -
58.35.209.156 - - [13/Aug/2021:10:22:49 +0800] "GET /xingrg/kc/mdqp/qqps_order_add.html HTTP/1.1" 200 28003
58.35.209.156 - - [13/Aug/2021:10:22:49 +0800] "GET /xingrg/javascript/tools/jquery.qtip-1.0.0-rc3.min.js HTTP/1.1" 200 38404
58.35.209.156 - - [13/Aug/2021:10:22:49 +0800] "GET /xingrg/javascript/AjaxInfoList.js HTTP/1.1" 200 3774
58.35.209.156 - - [13/Aug/2021:10:22:49 +0800] "GET /xingrg/dwr/interface/AjaxComOrderService.js HTTP/1.1" 200 18264
58.35.209.156 - - [13/Aug/2021:10:22:49 +0800] "GET /xingrg/javascript/Grid.js HTTP/1.1" 200 58908
58.35.209.156 - - [13/Aug/2021:10:22:49 +0800] "GET /xingrg/dwr/engine.js HTTP/1.1" 200 43631
58.35.209.156 - - [13/Aug/2021:10:22:49 +0800] "GET /xingrg/words/20210813094930_words.js HTTP/1.1" 200 833656
58.35.209.156 - - [13/Aug/2021:10:22:49 +0800] "GET /xingrg/javascript/jquery_easy_ui/themes/icons/copy_new.png HTTP/1.1" 200 815
58.35.209.156 - - [13/Aug/2021:10:22:49 +0800] "GET /xingrg/javascript/jquery_easy_ui/themes/icons/template_new.png HTTP/1.1" 200 3956
58.35.209.156 - - [13/Aug/2021:10:22:49 +0800] "GET /xingrg/javascript/jquery_easy_ui/themes/icons/ok.png HTTP/1.1" 200 883
58.35.209.156 - - [13/Aug/2021:10:22:49 +0800] "GET /xingrg/javascript/jquery_easy_ui/themes/icons/print.png HTTP/1.1" 200 1057
58.35.209.156 - - [13/Aug/2021:10:22:49 +0800] "GET /xingrg/javascript/jquery_easy_ui/themes/default/images/menu_downarrow.png HTTP/1.1" 200 173
58.35.209.156 - - [13/Aug/2021:10:22:49 +0800] "GET /xingrg/javascript/jquery_easy_ui/themes/icons/back_new.png HTTP/1.1" 200 3414
58.35.209.156 - - [13/Aug/2021:10:22:50 +0800] "GET /xingrg/images/blue/button/kc_tab_add.gif HTTP/1.1" 200 375
58.35.209.156 - - [13/Aug/2021:10:22:50 +0800] "GET /xingrg/images/blue/button/kc_tab_edit.gif HTTP/1.1" 200 551
58.35.209.156 - - [13/Aug/2021:10:22:50 +0800] "GET /xingrg/images/blue/button/kc_tab_save.gif HTTP/1.1" 200 777
58.35.209.156 - - [13/Aug/2021:10:22:50 +0800] "GET /xingrg/images/blue/button/kc_tab_del.gif HTTP/1.1" 200 383
58.35.209.156 - - [13/Aug/2021:10:22:50 +0800] "GET /xingrg/javascript/jquery_easy_ui/themes/default/images/combo_arrow_dot.gif HTTP/1.1" 200 79
58.35.209.156 - - [13/Aug/2021:10:22:50 +0800] "GET /xingrg/images/blue/kc_tab_mid.gif HTTP/1.1" 200 44
58.35.209.156 - - [13/Aug/2021:10:22:50 +0800] "GET /xingrg/images/blue/kc_tab_left.gif HTTP/1.1" 200 188
58.35.209.156 - - [13/Aug/2021:10:22:50 +0800] "GET /xingrg/images/blue/kc_tab_right.gif HTTP/1.1" 200 643
58.35.209.156 - - [13/Aug/2021:10:22:50 +0800] "GET /xingrg/images/blue/kc_tab2_left.gif HTTP/1.1" 200 625
58.35.209.156 - - [13/Aug/2021:10:22:50 +0800] "GET /xingrg/images/blue/kc_tab2_right.gif HTTP/1.1" 200 192
180.169.147.146 - - [13/Aug/2021:10:22:50 +0800] "GET /xingrg/all/function/internal_message.html?_=1628821367571&CODE_STATE=getMsg HTTP/1.1" 302 -
58.37.4.159 - - [13/Aug/2021:10:22:50 +0800] "GET /xingrg/javascript/easyui/themes/default/tree.css HTTP/1.1" 404 1090
58.37.4.159 - - [13/Aug/2021:10:22:50 +0800] "POST /xingrg/all/common/load_tree.html?tree=supplier_tree_json&manage=1 HTTP/1.1" 200 58169
101.89.239.120 - - [13/Aug/2021:10:22:51 +0800] "GET /xingrg/login.html HTTP/1.1" 200 7641
116.238.194.18 - - [13/Aug/2021:10:22:52 +0800] "POST /xingrg/dwr/call/plaincall/AjaxYddbService.saveOrder.dwr HTTP/1.1" 200 78
120.253.135.82 - - [13/Aug/2021:10:22:54 +0800] "POST /xingrg/kc/pszx/mdps_order_operate.html HTTP/1.1" 200 37
120.253.135.82 - - [13/Aug/2021:10:22:54 +0800] "GET /xingrg/kc/pszx/mdps_order_info.html?code=312021081300368 HTTP/1.1" 200 23931
120.253.135.82 - - [13/Aug/2021:10:22:55 +0800] "GET /xingrg/javascript/easyui/themes/default/validatebox.css HTTP/1.1" 404 1104
116.238.194.18 - - [13/Aug/2021:10:22:55 +0800] "POST /xingrg/dwr/call/plaincall/AjaxYddbService.objCheckOrder.dwr HTTP/1.1" 200 78
120.253.135.82 - - [13/Aug/2021:10:22:55 +0800] "POST /xingrg/kc/pszx/mdps_order_operate.html HTTP/1.1" 200 2267
116.238.194.18 - - [13/Aug/2021:10:22:56 +0800] "GET /xingrg/kc/base/yddb_order_info.html?code=482021081300087 HTTP/1.1" 200 31153
116.238.194.18 - - [13/Aug/2021:10:22:56 +0800] "GET /xingrg/dwr/interface/AjaxYddbService.js HTTP/1.1" 200 13201
116.238.194.18 - - [13/Aug/2021:10:22:56 +0800] "GET /xingrg/dwr/interface/AjaxComOrderService.js HTTP/1.1" 200 18264
116.238.194.18 - - [13/Aug/2021:10:22:56 +0800] "GET /xingrg/dwr/engine.js HTTP/1.1" 200 43631
116.238.194.18 - - [13/Aug/2021:10:22:56 +0800] "POST /xingrg/dwr/call/plaincall/AjaxYddbService.loadMaterielItems.dwr HTTP/1.1" 200 1565
222.70.178.182 - - [13/Aug/2021:10:22:57 +0800] "GET /xingrg/kc/buy/cgsh_order_operate.html?command=get_materiel&rest_code=00111&code=00101001029&supplier_code=00100314&order_time=2021-08-13 HTTP/1.1" 200 415
58.37.4.159 - - [13/Aug/2021:10:22:57 +0800] "POST /xingrg/kc/buy/cgsh_list_operate.html HTTP/1.1" 200 5827
58.35.209.156 - - [13/Aug/2021:10:22:58 +0800] "GET /xingrg/javascript/auto/indicator.gif HTTP/1.1" 404 1066
58.37.4.159 - - [13/Aug/2021:10:23:00 +0800] "POST /xingrg/kc/buy/cgsh_list_operate.html HTTP/1.1" 200 491
120.253.135.82 - - [13/Aug/2021:10:23:01 +0800] "POST /xingrg/kc/pszx/mdps_order_operate.html HTTP/1.1" 200 37
117.184.7.26 - - [13/Aug/2021:10:23:02 +0800] "GET /xingrg/all/function/internal_message.html?_=1628821371477&CODE_STATE=getMsg HTTP/1.1" 200 27
120.253.135.82 - - [13/Aug/2021:10:23:02 +0800] "GET /xingrg/kc/pszx/mdps_order_info.html?code=312021081300368 HTTP/1.1" 200 23931
120.253.135.82 - - [13/Aug/2021:10:23:02 +0800] "POST /xingrg/kc/pszx/mdps_order_operate.html HTTP/1.1" 200 2267
120.253.135.82 - - [13/Aug/2021:10:23:02 +0800] "GET /xingrg/javascript/easyui/themes/default/validatebox.css HTTP/1.1" 404 1104
180.169.147.146 - - [13/Aug/2021:10:23:02 +0800] "GET /xingrg/all/function/internal_message.html?_=1628821380738&CODE_STATE=getMsg HTTP/1.1" 302 -
101.83.145.79 - - [13/Aug/2021:10:23:02 +0800] "POST /xingrg/kc/buy/cgsh_order_operate.html HTTP/1.1" 302 -
58.35.209.156 - - [13/Aug/2021:10:23:03 +0800] "GET /xingrg/images/blue/wait.gif HTTP/1.1" 200 1100
58.35.209.156 - - [13/Aug/2021:10:23:03 +0800] "POST /xingrg/dwr/call/plaincall/AjaxQqpsService.saveOrder.dwr HTTP/1.1" 200 78
120.253.135.82 - - [13/Aug/2021:10:23:04 +0800] "POST /xingrg/kc/pszx/mdps_list_operate.html HTTP/1.1" 200 2430
180.169.147.146 - - [13/Aug/2021:10:23:04 +0800] "GET /xingrg/all/function/internal_message.html?_=1628821376321&CODE_STATE=getMsg HTTP/1.1" 302 -
120.253.135.82 - - [13/Aug/2021:10:23:05 +0800] "POST /xingrg/kc/pszx/mdps_list_operate.html HTTP/1.1" 200 276
120.253.135.82 - - [13/Aug/2021:10:23:06 +0800] "GET /xingrg/kc/pszx/mdps_order_info.html?code=312021081300367 HTTP/1.1" 200 23931
120.253.135.82 - - [13/Aug/2021:10:23:06 +0800] "POST /xingrg/kc/pszx/mdps_order_operate.html HTTP/1.1" 200 2768
222.70.178.182 - - [13/Aug/2021:10:23:06 +0800] "POST /xingrg/kc/buy/cgsh_order_operate.html HTTP/1.1" 200 37
120.253.135.82 - - [13/Aug/2021:10:23:06 +0800] "GET /xingrg/javascript/easyui/themes/default/validatebox.css HTTP/1.1" 404 1104
120.253.135.82 - - [13/Aug/2021:10:23:07 +0800] "GET /xingrg/check_reg.html?_=1628821160414 HTTP/1.1" 200 22
116.235.222.38 - - [13/Aug/2021:10:23:07 +0800] "GET /xingrg/kc/buy/cgsh_order_operate.html?command=get_materiel&rest_code=00107&code=00101007144&supplier_code=00100322&order_time=2021-08-13 HTTP/1.1" 200 428
120.253.135.82 - - [13/Aug/2021:10:23:07 +0800] "GET /xingrg/all/function/internal_message.html?_=1628821161052&CODE_STATE=getMsg HTTP/1.1" 200 27
101.83.145.79 - - [13/Aug/2021:10:23:08 +0800] "GET /xingrg/index.html?sysBaseUrl=http%3A%2F%2F180.169.147.146%3A18081%2Fxingrg%2F&costTime=36×tamp=1585222720700 HTTP/1.1" 302 -
101.83.145.79 - - [13/Aug/2021:10:23:08 +0800] "GET /xingrg/login.html HTTP/1.1" 200 7641
101.83.145.79 - - [13/Aug/2021:10:23:08 +0800] "GET /favicon.ico HTTP/1.1" 404 -
116.230.105.26 - - [13/Aug/2021:10:23:09 +0800] "GET /xingrg/all/function/internal_message.html?_=1628821378137&CODE_STATE=getMsg HTTP/1.1" 302 -
222.70.178.182 - - [13/Aug/2021:10:23:09 +0800] "POST /xingrg/kc/buy/cgsh_order_operate.html HTTP/1.1" 200 2660
101.83.145.79 - - [13/Aug/2021:10:23:09 +0800] "POST /xingrg/login.do HTTP/1.1" 302 -
114.84.82.184 - - [13/Aug/2021:10:23:09 +0800] "GET /xingrg/all/function/internal_message.html?_=1628821387296&CODE_STATE=getMsg HTTP/1.1" 302 -
101.83.145.79 - - [13/Aug/2021:10:23:09 +0800] "GET /xingrg/index.html?sysBaseUrl=http%3A%2F%2F180.169.147.146%3A18081%2Fxingrg%2F&costTime=54×tamp=1628821389783 HTTP/1.1" 200 17173
101.83.145.79 - - [13/Aug/2021:10:23:09 +0800] "POST /xingrg/all/common/load_tree.html?tree=area_rest_tree_json&manage=1 HTTP/1.1" 200 3472
101.83.145.79 - - [13/Aug/2021:10:23:10 +0800] "GET /favicon.ico HTTP/1.1" 404 -
101.83.145.79 - - [13/Aug/2021:10:23:10 +0800] "GET /xingrg/check_reg.html?_=1628821386663 HTTP/1.1" 200 22
101.83.145.79 - - [13/Aug/2021:10:23:10 +0800] "GET /xingrg/all/function/internal_message.html?_=1628821386663&CODE_STATE=count HTTP/1.1" 200 11
101.83.145.79 - - [13/Aug/2021:10:23:10 +0800] "POST /xingrg/load_menu.html HTTP/1.1" 200 5138
222.70.178.182 - - [13/Aug/2021:10:23:11 +0800] "GET /xingrg/kc/print/load_data.html?order_code=212021081305621&kc_code=cgsh&condition= HTTP/1.1" 200 673
120.253.135.82 - - [13/Aug/2021:10:23:12 +0800] "POST /xingrg/kc/pszx/mdps_order_operate.html HTTP/1.1" 200 37
116.235.222.38 - - [13/Aug/2021:10:23:13 +0800] "GET /xingrg/all/function/internal_message.html?_=1628821389728&CODE_STATE=getMsg HTTP/1.1" 200 27
120.253.135.82 - - [13/Aug/2021:10:23:13 +0800] "GET /xingrg/kc/pszx/mdps_order_info.html?code=312021081300367 HTTP/1.1" 200 23931
101.83.145.79 - - [13/Aug/2021:10:23:13 +0800] "GET /xingrg/kc/buy/cgsh_order_list.html HTTP/1.1" 200 47405
120.253.135.82 - - [13/Aug/2021:10:23:14 +0800] "GET /xingrg/javascript/easyui/themes/default/validatebox.css HTTP/1.1" 404 1104
120.253.135.82 - - [13/Aug/2021:10:23:14 +0800] "POST /xingrg/kc/pszx/mdps_order_operate.html HTTP/1.1" 200 2288
222.70.178.182 - - [13/Aug/2021:10:23:14 +0800] "GET /xingrg/kc/buy/cgsh_order_add.html HTTP/1.1" 200 63143
222.70.178.182 - - [13/Aug/2021:10:23:14 +0800] "POST /xingrg/kc/buy/cgsh_order_operate.html HTTP/1.1" 200 8245
222.70.178.182 - - [13/Aug/2021:10:23:15 +0800] "GET /xingrg/javascript/easyui/themes/default/validatebox.css HTTP/1.1" 404 1104
180.174.198.13 - - [13/Aug/2021:10:23:15 +0800] "GET /xingrg/all/function/internal_message.html?_=1628821370787&CODE_STATE=getMsg HTTP/1.1" 200 27
120.253.135.82 - - [13/Aug/2021:10:23:16 +0800] "GET /xingrg/all/function/internal_message.html?_=1628821419166&CODE_STATE=getMsg HTTP/1.1" 302 -
120.253.135.82 - - [13/Aug/2021:10:23:16 +0800] "GET /xingrg/kc/print/load_config.html?kc_code=mdps HTTP/1.1" 200 2390
120.253.135.82 - - [13/Aug/2021:10:23:16 +0800] "GET /xingrg/kc/print/load_data.html?order_code=312021081300367&kc_code=mdps&condition= HTTP/1.1" 200 687
116.235.222.38 - - [13/Aug/2021:10:23:16 +0800] "POST /xingrg/kc/buy/cgsh_order_operate.html HTTP/1.1" 200 37
101.83.145.79 - - [13/Aug/2021:10:23:17 +0800] "POST /xingrg/kc/buy/cgsh_list_operate.html HTTP/1.1" 200 3851
116.235.222.38 - - [13/Aug/2021:10:23:18 +0800] "POST /xingrg/kc/buy/cgsh_order_operate.html HTTP/1.1" 200 2679
116.235.222.38 - - [13/Aug/2021:10:23:20 +0800] "GET /xingrg/kc/print/load_data.html?order_code=212021081305622&kc_code=cgsh&condition= HTTP/1.1" 200 682
58.35.209.156 - - [13/Aug/2021:10:23:20 +0800] "POST /xingrg/dwr/call/plaincall/AjaxQqpsService.getMaterielByCode.dwr HTTP/1.1" 200 2694
101.83.145.79 - - [13/Aug/2021:10:23:21 +0800] "POST /xingrg/kc/buy/cgsh_list_operate.html HTTP/1.1" 200 560
101.83.145.79 - - [13/Aug/2021:10:23:21 +0800] "GET /xingrg/kc/buy/cgsh_order_info.html?code=212021081305585 HTTP/1.1" 200 63193
101.83.145.79 - - [13/Aug/2021:10:23:21 +0800] "GET /xingrg/words/20210813094930_words.js HTTP/1.1" 200 833656
101.83.145.79 - - [13/Aug/2021:10:23:22 +0800] "GET /xingrg/all/common/auto_word.html?type=employee&rest_code=00105 HTTP/1.1" 200 193
101.83.145.79 - - [13/Aug/2021:10:23:22 +0800] "GET /xingrg/all/common/auto_word.html?type=employee&rest_code=00105 HTTP/1.1" 200 193
101.83.145.79 - - [13/Aug/2021:10:23:22 +0800] "GET /xingrg/javascript/easyui/themes/default/validatebox.css HTTP/1.1" 404 1104
101.83.145.79 - - [13/Aug/2021:10:23:22 +0800] "POST /xingrg/kc/buy/cgsh_order_operate.html HTTP/1.1" 200 56430
58.35.209.156 - - [13/Aug/2021:10:23:24 +0800] "POST /xingrg/dwr/call/plaincall/AjaxQqpsService.saveMaterielItem.dwr HTTP/1.1" 200 78
180.174.198.13 - - [13/Aug/2021:10:23:25 +0800] "GET /xingrg/check_reg.html?_=1628821402534 HTTP/1.1" 200 22
116.235.222.38 - - [13/Aug/2021:10:23:25 +0800] "GET /xingrg/kc/buy/cgsh_order_add.html HTTP/1.1" 200 63231
180.174.198.13 - - [13/Aug/2021:10:23:25 +0800] "GET /xingrg/all/function/internal_message.html?_=1628821402585&CODE_STATE=getMsg HTTP/1.1" 200 27
116.235.222.38 - - [13/Aug/2021:10:23:26 +0800] "GET /xingrg/javascript/easyui/themes/default/validatebox.css HTTP/1.1" 404 1104
116.235.222.38 - - [13/Aug/2021:10:23:26 +0800] "POST /xingrg/kc/buy/cgsh_order_operate.html HTTP/1.1" 200 8245
222.70.178.182 - - [13/Aug/2021:10:23:26 +0800] "GET /xingrg/kc/buy/cgsh_order_operate.html?command=get_materiel&rest_code=00111&code=00101020215&supplier_code=00100327&order_time=2021-08-13 HTTP/1.1" 200 393
222.70.178.182 - - [13/Aug/2021:10:23:27 +0800] "GET /xingrg/all/function/internal_message.html?_=1628821434455&CODE_STATE=getMsg HTTP/1.1" 302 -
120.253.135.82 - - [13/Aug/2021:10:23:30 +0800] "POST /xingrg/kc/pszx/mdps_order_operate.html HTTP/1.1" 200 37
58.37.4.159 - - [13/Aug/2021:10:23:31 +0800] "GET /xingrg/all/function/internal_message.html?_=1628821409498&CODE_STATE=getMsg HTTP/1.1" 200 27
120.253.135.82 - - [13/Aug/2021:10:23:32 +0800] "POST /xingrg/kc/pszx/mdps_order_operate.html HTTP/1.1" 200 12
180.169.147.146 - - [13/Aug/2021:10:23:33 +0800] "GET /xingrg/all/function/internal_message.html?_=1628821422040&CODE_STATE=getMsg HTTP/1.1" 200 27
222.70.178.182 - - [13/Aug/2021:10:23:33 +0800] "GET /xingrg/all/function/internal_message.html?_=1628821408282&CODE_STATE=getMsg HTTP/1.1" 200 27
120.253.135.82 - - [13/Aug/2021:10:23:33 +0800] "GET /xingrg/kc/pszx/mdps_order_info.html?code=312021081300367 HTTP/1.1" 200 19591
172.20.0.100 - - [13/Aug/2021:10:23:33 +0800] "GET /xingrg/all/function/internal_message.html?_=1628821411220&CODE_STATE=getMsg HTTP/1.1" 302 -
172.20.0.100 - - [13/Aug/2021:10:23:33 +0800] "GET /xingrg/check_reg.html?_=1628821411228 HTTP/1.1" 302 -
58.37.4.159 - - [13/Aug/2021:10:23:34 +0800] "GET /xingrg/images/yd/bt.gif HTTP/1.1" 404 1040
120.253.135.82 - - [13/Aug/2021:10:23:34 +0800] "POST /xingrg/kc/pszx/mdps_order_operate.html HTTP/1.1" 200 509
120.253.135.82 - - [13/Aug/2021:10:23:34 +0800] "GET /xingrg/javascript/easyui/themes/default/validatebox.css HTTP/1.1" 404 1104
120.253.135.82 - - [13/Aug/2021:10:23:34 +0800] "GET /xingrg/all/function/internal_message.html?_=1628820872201&CODE_STATE=getMsg HTTP/1.1" 302 -
58.37.4.159 - - [13/Aug/2021:10:23:36 +0800] "GET /xingrg/kc/base/base_main.html HTTP/1.1" 200 12142
116.238.194.18 - - [13/Aug/2021:10:23:36 +0800] "GET /xingrg/all/function/internal_message.html?_=1628821359199&CODE_STATE=getMsg HTTP/1.1" 200 27
58.37.4.159 - - [13/Aug/2021:10:23:37 +0800] "GET /xingrg/kc/base/wldb_order_list.html HTTP/1.1" 200 19183
222.70.178.182 - - [13/Aug/2021:10:23:37 +0800] "POST /xingrg/kc/buy/cgsh_order_operate.html HTTP/1.1" 200 37
114.86.227.38 - - [13/Aug/2021:10:23:37 +0800] "GET /xingrg/all/function/internal_message.html?_=1628821416319&CODE_STATE=getMsg HTTP/1.1" 302 -
114.86.227.38 - - [13/Aug/2021:10:23:37 +0800] "GET /xingrg/login.html HTTP/1.1" 200 7641
58.37.4.159 - - [13/Aug/2021:10:23:37 +0800] "POST /xingrg/kc/base/wldb_list_operate.html HTTP/1.1" 200 928
116.238.194.18 - - [13/Aug/2021:10:23:38 +0800] "GET /xingrg/all/function/internal_message.html?_=1628821413657&CODE_STATE=getMsg HTTP/1.1" 200 27
222.70.178.182 - - [13/Aug/2021:10:23:39 +0800] "POST /xingrg/kc/buy/cgsh_order_operate.html HTTP/1.1" 200 2651
58.37.4.159 - - [13/Aug/2021:10:23:40 +0800] "GET /xingrg/kc/base/wldb_order_add.html HTTP/1.1" 200 30397
58.37.4.159 - - [13/Aug/2021:10:23:40 +0800] "GET /xingrg/words/20210813094930_words.js HTTP/1.1" 304 -
58.37.4.159 - - [13/Aug/2021:10:23:40 +0800] "POST /xingrg/kc/base/wldb_order_operate.html HTTP/1.1" 200 6806
58.37.4.159 - - [13/Aug/2021:10:23:40 +0800] "GET /xingrg/all/common/auto_word.html?type=base&rest_code=00106 HTTP/1.1" 200 1753
58.37.4.159 - - [13/Aug/2021:10:23:40 +0800] "GET /xingrg/all/common/auto_word.html?type=base&rest_code=00106 HTTP/1.1" 200 1753
58.37.4.159 - - [13/Aug/2021:10:23:40 +0800] "GET /xingrg/javascript/easyui/themes/default/validatebox.css HTTP/1.1" 404 1104
116.235.222.38 - - [13/Aug/2021:10:23:41 +0800] "GET /xingrg/javascript/easyui/themes/default/tree.css HTTP/1.1" 404 1090
116.235.222.38 - - [13/Aug/2021:10:23:41 +0800] "POST /xingrg/all/common/load_tree.html?tree=supplier_tree_json&isDelete=1 HTTP/1.1" 200 57192
222.70.178.182 - - [13/Aug/2021:10:23:41 +0800] "GET /xingrg/kc/print/load_data.html?order_code=212021081305623&kc_code=cgsh&condition= HTTP/1.1" 200 655
58.35.209.156 - - [13/Aug/2021:10:23:42 +0800] "GET /xingrg/all/function/internal_message.html?_=1628821418054&CODE_STATE=getMsg HTTP/1.1" 200 27
58.37.4.159 - - [13/Aug/2021:10:23:42 +0800] "POST /xingrg/all/common/load_combo.html?type=base HTTP/1.1" 200 3142
222.70.178.182 - - [13/Aug/2021:10:23:45 +0800] "GET /xingrg/kc/buy/cgsh_order_add.html HTTP/1.1" 200 63143
222.70.178.182 - - [13/Aug/2021:10:23:45 +0800] "POST /xingrg/kc/buy/cgsh_order_operate.html HTTP/1.1" 200 8245
222.70.178.182 - - [13/Aug/2021:10:23:45 +0800] "GET /xingrg/javascript/easyui/themes/default/validatebox.css HTTP/1.1" 404 1104
58.37.4.159 - - [13/Aug/2021:10:23:45 +0800] "GET /xingrg/all/function/internal_message.html?_=1628821420742&CODE_STATE=getMsg HTTP/1.1" 200 27
101.89.239.120 - - [13/Aug/2021:10:23:47 +0800] "GET /xingrg/all/function/internal_message.html?_=1628821360760&CODE_STATE=getMsg HTTP/1.1" 302 -
101.89.239.120 - - [13/Aug/2021:10:23:48 +0800] "GET /xingrg/login.html HTTP/1.1" 200 7641
58.37.4.159 - - [13/Aug/2021:10:23:49 +0800] "POST /xingrg/all/common/load_combo.html?type=base HTTP/1.1" 200 3142
180.169.147.146 - - [13/Aug/2021:10:23:50 +0800] "GET /xingrg/all/function/internal_message.html?_=1628821427576&CODE_STATE=getMsg HTTP/1.1" 302 -
222.70.178.182 - - [13/Aug/2021:10:23:55 +0800] "GET /xingrg/kc/buy/cgsh_order_operate.html?command=get_materiel&rest_code=00111&code=00101001093&supplier_code=00100090&order_time=2021-08-13 HTTP/1.1" 200 411
180.169.147.146 - - [13/Aug/2021:10:23:56 +0800] "GET /xingrg/login.html HTTP/1.1" 200 7641
180.169.147.146 - - [13/Aug/2021:10:23:57 +0800] "GET /favicon.ico HTTP/1.1" 404 -
180.169.147.146 - - [13/Aug/2021:10:23:59 +0800] "POST /xingrg/login.do HTTP/1.1" 302 -
180.169.147.146 - - [13/Aug/2021:10:23:59 +0800] "GET /xingrg/index.html?sysBaseUrl=http%3A%2F%2F180.169.147.146%3A18081%2Fxingrg%2F&costTime=54×tamp=1628821439241 HTTP/1.1" 200 17503
180.169.147.146 - - [13/Aug/2021:10:23:59 +0800] "GET /favicon.ico HTTP/1.1" 404 -
180.169.147.146 - - [13/Aug/2021:10:23:59 +0800] "POST /xingrg/all/common/load_tree.html?tree=area_rest_tree_json&manage=1 HTTP/1.1" 200 3216
180.169.147.146 - - [13/Aug/2021:10:23:59 +0800] "GET /xingrg/check_reg.html?_=1628821438421 HTTP/1.1" 200 22
180.169.147.146 - - [13/Aug/2021:10:23:59 +0800] "GET /xingrg/all/function/internal_message.html?_=1628821438420&CODE_STATE=count HTTP/1.1" 200 11
180.169.147.146 - - [13/Aug/2021:10:23:59 +0800] "POST /xingrg/load_menu.html HTTP/1.1" 200 11564
120.253.135.82 - - [13/Aug/2021:10:24:01 +0800] "GET /xingrg/check_reg.html?_=1628821464024 HTTP/1.1" 302 -
117.184.7.26 - - [13/Aug/2021:10:24:02 +0800] "GET /xingrg/all/function/internal_message.html?_=1628821431478&CODE_STATE=getMsg HTTP/1.1" 200 27
58.37.4.159 - - [13/Aug/2021:10:24:02 +0800] "GET /xingrg/javascript/auto/indicator.gif HTTP/1.1" 404 1066
180.169.147.146 - - [13/Aug/2021:10:24:02 +0800] "GET /xingrg/all/function/internal_message.html?_=1628821440741&CODE_STATE=getMsg HTTP/1.1" 302 -
101.83.145.79 - - [13/Aug/2021:10:24:04 +0800] "POST /xingrg/kc/buy/cgsh_order_operate.html HTTP/1.1" 200 37
180.169.147.146 - - [13/Aug/2021:10:24:04 +0800] "GET /xingrg/all/function/internal_message.html?_=1628821436302&CODE_STATE=getMsg HTTP/1.1" 302 -
101.83.145.79 - - [13/Aug/2021:10:24:05 +0800] "POST /xingrg/kc/buy/cgsh_order_operate.html HTTP/1.1" 200 55835
116.235.222.38 - - [13/Aug/2021:10:24:06 +0800] "GET /xingrg/kc/buy/cgsh_order_operate.html?command=get_materiel&rest_code=00107&code=00101008214&supplier_code=00100323&order_time=2021-08-13 HTTP/1.1" 200 409
120.253.135.82 - - [13/Aug/2021:10:24:07 +0800] "GET /xingrg/all/function/internal_message.html?_=1628821221066&CODE_STATE=getMsg HTTP/1.1" 200 27
58.37.4.159 - - [13/Aug/2021:10:24:07 +0800] "GET /xingrg/kc/base/wldb_order_operate.html?command=get_materiel&rest_code=00106&base_code=0010396&code=00101019133 HTTP/1.1" 200 466
101.83.145.79 - - [13/Aug/2021:10:24:08 +0800] "GET /xingrg/kc/print/load_config.html?kc_code=cgsh HTTP/1.1" 200 2076
116.230.105.26 - - [13/Aug/2021:10:24:09 +0800] "GET /xingrg/all/function/internal_message.html?_=1628821438123&CODE_STATE=getMsg HTTP/1.1" 302 -
222.70.178.182 - - [13/Aug/2021:10:24:09 +0800] "POST /xingrg/kc/buy/cgsh_order_operate.html HTTP/1.1" 200 37
101.83.145.79 - - [13/Aug/2021:10:24:09 +0800] "GET /xingrg/kc/print/load_data.html?order_code=212021081305585&kc_code=cgsh&condition= HTTP/1.1" 200 20698
114.84.82.184 - - [13/Aug/2021:10:24:09 +0800] "GET /xingrg/all/function/internal_message.html?_=1628821447281&CODE_STATE=getMsg HTTP/1.1" 302 -
101.83.145.79 - - [13/Aug/2021:10:24:10 +0800] "GET /xingrg/all/function/internal_message.html?_=1628821447272&CODE_STATE=getMsg HTTP/1.1" 200 27
222.70.178.182 - - [13/Aug/2021:10:24:10 +0800] "POST /xingrg/kc/buy/cgsh_order_operate.html HTTP/1.1" 200 2658
116.235.222.38 - - [13/Aug/2021:10:24:12 +0800] "GET /xingrg/all/function/internal_message.html?_=1628821449706&CODE_STATE=getMsg HTTP/1.1" 200 27
116.235.222.38 - - [13/Aug/2021:10:24:12 +0800] "GET /xingrg/check_reg.html?_=1628821449738 HTTP/1.1" 200 22
222.70.178.182 - - [13/Aug/2021:10:24:12 +0800] "GET /xingrg/kc/print/load_data.html?order_code=212021081305624&kc_code=cgsh&condition= HTTP/1.1" 200 735
180.174.198.13 - - [13/Aug/2021:10:24:15 +0800] "GET /xingrg/check_reg.html?_=1628821430730 HTTP/1.1" 200 22
180.174.198.13 - - [13/Aug/2021:10:24:15 +0800] "GET /xingrg/all/function/internal_message.html?_=1628821430804&CODE_STATE=getMsg HTTP/1.1" 200 27
120.253.135.82 - - [13/Aug/2021:10:24:16 +0800] "GET /xingrg/all/function/internal_message.html?_=1628821479185&CODE_STATE=getMsg HTTP/1.1" 302 -
114.88.154.248 - - [13/Aug/2021:10:24:17 +0800] "GET /xingrg/login.html HTTP/1.1" 200 7641
114.88.154.248 - - [13/Aug/2021:10:24:17 +0800] "GET /favicon.ico HTTP/1.1" 404 -
114.88.154.248 - - [13/Aug/2021:10:24:18 +0800] "POST /xingrg/login.do HTTP/1.1" 302 -
222.70.178.182 - - [13/Aug/2021:10:24:18 +0800] "GET /xingrg/kc/buy/cgsh_order_add.html HTTP/1.1" 200 63143
114.88.154.248 - - [13/Aug/2021:10:24:18 +0800] "GET /xingrg/index.html?sysBaseUrl=http%3A%2F%2F180.169.147.146%3A18081%2Fxingrg%2F&costTime=62×tamp=1628821458908 HTTP/1.1" 200 17179
114.88.154.248 - - [13/Aug/2021:10:24:19 +0800] "GET /favicon.ico HTTP/1.1" 404 -
114.88.154.248 - - [13/Aug/2021:10:24:19 +0800] "POST /xingrg/all/common/load_tree.html?tree=area_rest_tree_json&manage=1 HTTP/1.1" 200 351
114.88.154.248 - - [13/Aug/2021:10:24:19 +0800] "GET /xingrg/check_reg.html?_=1628821367468 HTTP/1.1" 200 22
114.88.154.248 - - [13/Aug/2021:10:24:19 +0800] "GET /xingrg/all/function/internal_message.html?_=1628821367468&CODE_STATE=count HTTP/1.1" 200 11
222.70.178.182 - - [13/Aug/2021:10:24:19 +0800] "POST /xingrg/kc/buy/cgsh_order_operate.html HTTP/1.1" 200 8245
114.88.154.248 - - [13/Aug/2021:10:24:19 +0800] "POST /xingrg/load_menu.html HTTP/1.1" 200 5138
222.70.178.182 - - [13/Aug/2021:10:24:19 +0800] "GET /xingrg/javascript/easyui/themes/default/validatebox.css HTTP/1.1" 404 1104
58.37.4.159 - - [13/Aug/2021:10:24:19 +0800] "GET /xingrg/kc/base/wldb_order_operate.html?command=get_materiel&rest_code=00106&base_code=0010396&code=00101019127 HTTP/1.1" 200 466
114.88.154.248 - - [13/Aug/2021:10:24:20 +0800] "GET /xingrg/kc/buy/buy_main.html HTTP/1.1" 200 12412
114.88.154.248 - - [13/Aug/2021:10:24:20 +0800] "GET /xingrg/css/new_ie.css HTTP/1.1" 404 1036
114.88.154.248 - - [13/Aug/2021:10:24:21 +0800] "GET /xingrg/images/yd/bt.gif HTTP/1.1" 404 1040
114.88.154.248 - - [13/Aug/2021:10:24:21 +0800] "GET /xingrg/kc/buy/cgsh_order_list.html HTTP/1.1" 200 47411
114.88.154.248 - - [13/Aug/2021:10:24:22 +0800] "POST /xingrg/kc/buy/cgsh_list_operate.html HTTP/1.1" 200 876
116.235.222.38 - - [13/Aug/2021:10:24:24 +0800] "GET /xingrg/kc/buy/cgsh_order_operate.html?command=get_materiel&rest_code=00107&code=00101010162&supplier_code=00100323&order_time=2021-08-13 HTTP/1.1" 200 417
180.174.198.13 - - [13/Aug/2021:10:24:25 +0800] "GET /xingrg/all/function/internal_message.html?_=1628821462597&CODE_STATE=getMsg HTTP/1.1" 200 27
222.70.178.182 - - [13/Aug/2021:10:24:27 +0800] "GET /xingrg/all/function/internal_message.html?_=1628821494426&CODE_STATE=getMsg HTTP/1.1" 302 -
58.221.95.50 - - [13/Aug/2021:10:24:28 +0800] "GET /xingrg/check_reg.html?_=1628821465792 HTTP/1.1" 302 -
114.88.154.248 - - [13/Aug/2021:10:24:29 +0800] "GET /xingrg/javascript/jquery_tools/images/next.gif HTTP/1.1" 404 1086
114.88.154.248 - - [13/Aug/2021:10:24:29 +0800] "GET /xingrg/javascript/jquery_tools/images/prev.gif HTTP/1.1" 404 1086
58.221.95.50 - - [13/Aug/2021:10:24:30 +0800] "GET /xingrg/kc/buy/cgsh_order_list.html HTTP/1.1" 302 -
58.221.95.50 - - [13/Aug/2021:10:24:30 +0800] "GET /xingrg/login.html HTTP/1.1" 200 7641
58.221.95.50 - - [13/Aug/2021:10:24:30 +0800] "GET /xingrg/login.html HTTP/1.1" 200 7641
58.221.95.50 - - [13/Aug/2021:10:24:30 +0800] "GET /xingrg/images/blue/hj.png HTTP/1.1" 200 1014
58.221.95.50 - - [13/Aug/2021:10:24:30 +0800] "GET /xingrg/images/blue/login_bg.png HTTP/1.1" 200 22101
58.221.95.50 - - [13/Aug/2021:10:24:30 +0800] "GET /favicon.ico HTTP/1.1" 404 -
222.70.178.182 - - [13/Aug/2021:10:24:30 +0800] "GET /xingrg/kc/buy/cgsh_order_operate.html?command=get_materiel&rest_code=00111&code=00101003004&supplier_code=00100093&order_time=2021-08-13 HTTP/1.1" 200 419
58.37.4.159 - - [13/Aug/2021:10:24:31 +0800] "GET /xingrg/all/function/internal_message.html?_=1628821469508&CODE_STATE=getMsg HTTP/1.1" 200 27
58.221.95.50 - - [13/Aug/2021:10:24:31 +0800] "POST /xingrg/login.do HTTP/1.1" 302 -
58.221.95.50 - - [13/Aug/2021:10:24:31 +0800] "GET /xingrg/index.html?sysBaseUrl=http%3A%2F%2F180.169.147.146%3A18081%2Fxingrg%2F&costTime=44×tamp=1628821471752 HTTP/1.1" 200 17417
58.221.95.50 - - [13/Aug/2021:10:24:31 +0800] "GET /xingrg/javascript/jquery_easy_ui/themes/icon.css HTTP/1.1" 200 3949
58.221.95.50 - - [13/Aug/2021:10:24:31 +0800] "GET /xingrg/css/form.css HTTP/1.1" 200 893
58.221.95.50 - - [13/Aug/2021:10:24:31 +0800] "GET /xingrg/javascript/jquery-1.4.2.min.js HTTP/1.1" 200 72205
58.221.95.50 - - [13/Aug/2021:10:24:31 +0800] "GET /xingrg/javascript/jquery_easy_ui/jquery.easyui.min.js HTTP/1.1" 200 213662
58.221.95.50 - - [13/Aug/2021:10:24:31 +0800] "GET /xingrg/javascript/jquery_easy_ui/easyui-lang-zh_CN.js HTTP/1.1" 200 1900
58.221.95.50 - - [13/Aug/2021:10:24:31 +0800] "GET /xingrg/javascript/jquery.timers.js HTTP/1.1" 200 3532
58.221.95.50 - - [13/Aug/2021:10:24:31 +0800] "GET /xingrg/javascript/jquery.form.js HTTP/1.1" 200 23110
58.221.95.50 - - [13/Aug/2021:10:24:31 +0800] "GET /favicon.ico HTTP/1.1" 404 -
58.221.95.50 - - [13/Aug/2021:10:24:31 +0800] "GET /xingrg/javascript/jquery_easy_ui/themes/default/easyui.css HTTP/1.1" 200 26500
58.221.95.50 - - [13/Aug/2021:10:24:31 +0800] "GET /xingrg/javascript/jquery.utils.js HTTP/1.1" 200 11805
58.37.4.159 - - [13/Aug/2021:10:24:32 +0800] "GET /xingrg/kc/base/wldb_order_operate.html?command=get_materiel&rest_code=00106&base_code=0010396&code=00101019492 HTTP/1.1" 200 458
58.221.95.50 - - [13/Aug/2021:10:24:32 +0800] "GET /xingrg/images/blue/navBackgound.jpg HTTP/1.1" 200 12378
58.221.95.50 - - [13/Aug/2021:10:24:32 +0800] "POST /xingrg/all/common/load_tree.html?tree=area_rest_tree_json&manage=1 HTTP/1.1" 200 3472
58.221.95.50 - - [13/Aug/2021:10:24:32 +0800] "GET /xingrg/check_reg.html?_=1628821469843 HTTP/1.1" 200 22
58.221.95.50 - - [13/Aug/2021:10:24:32 +0800] "GET /xingrg/all/function/internal_message.html?_=1628821469842&CODE_STATE=count HTTP/1.1" 200 11
58.221.95.50 - - [13/Aug/2021:10:24:32 +0800] "POST /xingrg/load_menu.html HTTP/1.1" 200 9959
58.221.95.50 - - [13/Aug/2021:10:24:32 +0800] "GET /xingrg/javascript/jquery_easy_ui/themes/default/images/button_plain_hover.png HTTP/1.1" 200 252
180.169.147.146 - - [13/Aug/2021:10:24:33 +0800] "GET /xingrg/all/function/internal_message.html?_=1628821482040&CODE_STATE=getMsg HTTP/1.1" 200 27
222.70.178.182 - - [13/Aug/2021:10:24:33 +0800] "GET /xingrg/all/function/internal_message.html?_=1628821468287&CODE_STATE=getMsg HTTP/1.1" 200 27
172.20.0.100 - - [13/Aug/2021:10:24:33 +0800] "GET /xingrg/all/function/internal_message.html?_=1628821471222&CODE_STATE=getMsg HTTP/1.1" 302 -
120.253.135.82 - - [13/Aug/2021:10:24:34 +0800] "GET /xingrg/all/function/internal_message.html?_=1628820932177&CODE_STATE=getMsg HTTP/1.1" 302 -
114.88.154.248 - - [13/Aug/2021:10:24:35 +0800] "POST /xingrg/kc/buy/cgsh_list_operate.html HTTP/1.1" 200 2492
58.37.4.159 - - [13/Aug/2021:10:24:35 +0800] "POST /xingrg/services/DataTransmitService HTTP/1.1" 200 524
58.37.4.159 - - [13/Aug/2021:10:24:36 +0800] "POST /xingrg/services/DataTransmitService HTTP/1.1" 200 501
116.238.194.18 - - [13/Aug/2021:10:24:36 +0800] "GET /xingrg/all/function/internal_message.html?_=1628821419213&CODE_STATE=getMsg HTTP/1.1" 200 27
114.86.227.38 - - [13/Aug/2021:10:24:37 +0800] "GET /xingrg/all/function/internal_message.html?_=1628821476333&CODE_STATE=getMsg HTTP/1.1" 302 -
114.86.227.38 - - [13/Aug/2021:10:24:37 +0800] "GET /xingrg/login.html HTTP/1.1" 200 7641
58.37.4.159 - - [13/Aug/2021:10:24:37 +0800] "POST /xingrg/services/DataTransmitService HTTP/1.1" 200 524
58.37.4.159 - - [13/Aug/2021:10:24:38 +0800] "POST /xingrg/services/DataTransmitService HTTP/1.1" 200 501
116.238.194.18 - - [13/Aug/2021:10:24:38 +0800] "GET /xingrg/all/function/internal_message.html?_=1628821473658&CODE_STATE=getMsg HTTP/1.1" 200 27
58.35.209.156 - - [13/Aug/2021:10:24:40 +0800] "POST /xingrg/dwr/call/plaincall/AjaxQqpsService.getMaterielByCode.dwr HTTP/1.1" 200 2717
116.235.222.38 - - [13/Aug/2021:10:24:40 +0800] "GET /xingrg/kc/buy/cgsh_order_operate.html?command=get_materiel&rest_code=00107&code=00101001080&supplier_code=00100323&order_time=2021-08-13 HTTP/1.1" 200 421
120.253.135.82 - - [13/Aug/2021:10:24:40 +0800] "POST /xingrg/kc/pszx/mdps_list_operate.html HTTP/1.1" 200 2058
58.35.209.156 - - [13/Aug/2021:10:24:42 +0800] "GET /xingrg/all/function/internal_message.html?_=1628821478057&CODE_STATE=getMsg HTTP/1.1" 200 27
120.253.135.82 - - [13/Aug/2021:10:24:43 +0800] "GET /xingrg/kc/pszx/mdqp_order_list.html?state=10 HTTP/1.1" 200 10217
120.253.135.82 - - [13/Aug/2021:10:24:43 +0800] "POST /xingrg/kc/pszx/mdps_list_operate.html HTTP/1.1" 200 2058
120.253.135.82 - - [13/Aug/2021:10:24:43 +0800] "GET /xingrg/dwr/interface/AjaxReportQueryService.js HTTP/1.1" 200 13203
120.253.135.82 - - [13/Aug/2021:10:24:43 +0800] "GET /xingrg/dwr/interface/AjaxQqpsService.js HTTP/1.1" 200 16326
120.253.135.82 - - [13/Aug/2021:10:24:43 +0800] "GET /xingrg/dwr/engine.js HTTP/1.1" 200 43631
222.70.178.182 - - [13/Aug/2021:10:24:45 +0800] "POST /xingrg/kc/buy/cgsh_order_operate.html HTTP/1.1" 200 37
58.37.4.159 - - [13/Aug/2021:10:24:45 +0800] "GET /xingrg/kc/base/wldb_order_operate.html?command=get_materiel&rest_code=00106&base_code=0010396&code=00101016083 HTTP/1.1" 200 450
58.37.4.159 - - [13/Aug/2021:10:24:45 +0800] "GET /xingrg/all/function/internal_message.html?_=1628821480709&CODE_STATE=getMsg HTTP/1.1" 200 27
120.253.135.82 - - [13/Aug/2021:10:24:46 +0800] "GET /xingrg/kc/report/report_main.html HTTP/1.1" 200 9370
222.70.178.182 - - [13/Aug/2021:10:24:46 +0800] "POST /xingrg/kc/buy/cgsh_order_operate.html HTTP/1.1" 200 2670
222.70.178.182 - - [13/Aug/2021:10:24:48 +0800] "GET /xingrg/kc/print/load_data.html?order_code=212021081305625&kc_code=cgsh&condition= HTTP/1.1" 200 735
58.35.209.156 - - [13/Aug/2021:10:24:49 +0800] "POST /xingrg/dwr/call/plaincall/AjaxQqpsService.saveMaterielItem.dwr HTTP/1.1" 200 78
180.169.147.146 - - [13/Aug/2021:10:24:50 +0800] "POST /xingrg/all/user/operate.html HTTP/1.1" 200 36
180.169.147.146 - - [13/Aug/2021:10:24:50 +0800] "GET /xingrg/index.html?sysBaseUrl=http%3A%2F%2F180.169.147.146%3A18081%2Fxingrg%2F&costTime=54×tamp=1628821439241 HTTP/1.1" 200 17509
180.169.147.146 - - [13/Aug/2021:10:24:50 +0800] "GET /xingrg/javascript/jquery_easy_ui/themes/default/easyui.css HTTP/1.1" 304 -
180.169.147.146 - - [13/Aug/2021:10:24:50 +0800] "GET /xingrg/javascript/jquery_easy_ui/themes/icon.css HTTP/1.1" 304 -
180.169.147.146 - - [13/Aug/2021:10:24:50 +0800] "GET /xingrg/css/form.css HTTP/1.1" 304 -
180.169.147.146 - - [13/Aug/2021:10:24:50 +0800] "GET /xingrg/javascript/jquery-1.4.2.min.js HTTP/1.1" 304 -
180.169.147.146 - - [13/Aug/2021:10:24:50 +0800] "GET /xingrg/javascript/jquery_easy_ui/jquery.easyui.min.js HTTP/1.1" 304 -
180.169.147.146 - - [13/Aug/2021:10:24:50 +0800] "GET /xingrg/javascript/jquery_easy_ui/easyui-lang-zh_CN.js HTTP/1.1" 304 -
180.169.147.146 - - [13/Aug/2021:10:24:50 +0800] "GET /xingrg/javascript/jquery.form.js HTTP/1.1" 304 -
180.169.147.146 - - [13/Aug/2021:10:24:50 +0800] "GET /xingrg/javascript/jquery.utils.js HTTP/1.1" 304 -
180.169.147.146 - - [13/Aug/2021:10:24:50 +0800] "GET /xingrg/javascript/jquery.timers.js HTTP/1.1" 304 -
180.169.147.146 - - [13/Aug/2021:10:24:50 +0800] "GET /xingrg/images/blue/jxLogo.png HTTP/1.1" 304 -
180.169.147.146 - - [13/Aug/2021:10:24:50 +0800] "GET /xingrg/images/blue/navBackgound.jpg HTTP/1.1" 304 -
180.169.147.146 - - [13/Aug/2021:10:24:50 +0800] "GET /xingrg/javascript/jquery_easy_ui/themes/icons/settle_new.png HTTP/1.1" 304 -
180.169.147.146 - - [13/Aug/2021:10:24:50 +0800] "POST /xingrg/all/common/load_tree.html?tree=area_rest_tree_json&manage=1 HTTP/1.1" 200 3216
180.169.147.146 - - [13/Aug/2021:10:24:50 +0800] "GET /xingrg/check_reg.html?_=1628821487564 HTTP/1.1" 302 -
180.169.147.146 - - [13/Aug/2021:10:24:50 +0800] "GET /xingrg/all/function/internal_message.html?_=1628821487566&CODE_STATE=getMsg HTTP/1.1" 302 -
180.169.147.146 - - [13/Aug/2021:10:24:50 +0800] "GET /xingrg/all/function/internal_message.html?_=1628821489046&CODE_STATE=count HTTP/1.1" 200 11
180.169.147.146 - - [13/Aug/2021:10:24:50 +0800] "GET /xingrg/check_reg.html?_=1628821489047 HTTP/1.1" 200 22
180.169.147.146 - - [13/Aug/2021:10:24:50 +0800] "GET /xingrg/javascript/jquery_easy_ui/themes/default/images/tabs_leftarrow.png HTTP/1.1" 304 -
180.169.147.146 - - [13/Aug/2021:10:24:50 +0800] "GET /xingrg/javascript/jquery_easy_ui/themes/default/images/panel_tool_collapse.gif HTTP/1.1" 304 -
180.169.147.146 - - [13/Aug/2021:10:24:50 +0800] "GET /xingrg/images/blue/pingpu.png HTTP/1.1" 304 -
180.169.147.146 - - [13/Aug/2021:10:24:50 +0800] "GET /xingrg/javascript/jquery_easy_ui/themes/default/images/panel_tool_expand.gif HTTP/1.1" 304 -
180.169.147.146 - - [13/Aug/2021:10:24:50 +0800] "GET /xingrg/javascript/jquery_easy_ui/themes/default/images/tabs_rightarrow.png HTTP/1.1" 304 -
180.169.147.146 - - [13/Aug/2021:10:24:50 +0800] "POST /xingrg/load_menu.html HTTP/1.1" 200 9959
222.70.178.182 - - [13/Aug/2021:10:24:52 +0800] "GET /xingrg/kc/buy/cgsh_order_add.html HTTP/1.1" 200 63143
180.169.147.146 - - [13/Aug/2021:10:24:52 +0800] "GET /xingrg/kc/buy/cgsh_order_list.html HTTP/1.1" 200 47666
222.70.178.182 - - [13/Aug/2021:10:24:52 +0800] "POST /xingrg/kc/buy/cgsh_order_operate.html HTTP/1.1" 200 8245
222.70.178.182 - - [13/Aug/2021:10:24:52 +0800] "GET /xingrg/javascript/easyui/themes/default/validatebox.css HTTP/1.1" 404 1104
58.37.4.159 - - [13/Aug/2021:10:24:52 +0800] "POST /xingrg/services/DataTransmitService HTTP/1.1" 401 565
58.37.4.159 - - [13/Aug/2021:10:24:52 +0800] "POST /xingrg/services/DataTransmitService HTTP/1.1" 200 478
58.37.4.159 - - [13/Aug/2021:10:24:52 +0800] "POST /xingrg/services/DataTransmitService HTTP/1.1" 200 1320
58.37.4.159 - - [13/Aug/2021:10:24:52 +0800] "POST /xingrg/services/DataTransmitService HTTP/1.1" 200 478
58.37.4.159 - - [13/Aug/2021:10:24:52 +0800] "POST /xingrg/services/DataTransmitService HTTP/1.1" 200 1320
58.37.4.159 - - [13/Aug/2021:10:24:52 +0800] "POST /xingrg/services/DataTransmitService HTTP/1.1" 200 524
58.37.4.159 - - [13/Aug/2021:10:24:53 +0800] "POST /xingrg/services/DataTransmitService HTTP/1.1" 200 2515
58.37.4.159 - - [13/Aug/2021:10:24:53 +0800] "POST /xingrg/services/DataTransmitService HTTP/1.1" 200 151247
180.169.147.146 - - [13/Aug/2021:10:24:55 +0800] "POST /xingrg/kc/buy/cgsh_list_operate.html HTTP/1.1" 200 876
58.35.209.156 - - [13/Aug/2021:10:24:55 +0800] "POST /xingrg/dwr/call/plaincall/AjaxQqpsService.getMaterielByCode.dwr HTTP/1.1" 200 2681
116.235.222.38 - - [13/Aug/2021:10:25:00 +0800] "GET /xingrg/kc/buy/cgsh_order_operate.html?command=get_materiel&rest_code=00107&code=00101010017&supplier_code=00100323&order_time=2021-08-13 HTTP/1.1" 200 425
180.169.147.146 - - [13/Aug/2021:10:25:00 +0800] "GET /xingrg/javascript/auto/indicator.gif HTTP/1.1" 404 1066
58.37.4.159 - - [13/Aug/2021:10:25:01 +0800] "GET /xingrg/kc/base/wldb_order_operate.html?command=get_materiel&rest_code=00106&base_code=0010396&code=00101019185 HTTP/1.1" 200 454
117.184.7.26 - - [13/Aug/2021:10:25:02 +0800] "GET /xingrg/all/function/internal_message.html?_=1628821491481&CODE_STATE=getMsg HTTP/1.1" 200 27
117.184.7.26 - - [13/Aug/2021:10:25:02 +0800] "GET /xingrg/check_reg.html?_=1628821491483 HTTP/1.1" 200 22
222.70.178.182 - - [13/Aug/2021:10:25:02 +0800] "GET /xingrg/kc/buy/cgsh_order_operate.html?command=get_materiel&rest_code=00111&code=00101004046&supplier_code=00100312&order_time=2021-08-13 HTTP/1.1" 200 417
180.169.147.146 - - [13/Aug/2021:10:25:02 +0800] "GET /xingrg/all/function/internal_message.html?_=1628821500737&CODE_STATE=getMsg HTTP/1.1" 302 -
180.169.147.146 - - [13/Aug/2021:10:25:04 +0800] "POST /xingrg/kc/buy/cgsh_list_operate.html HTTP/1.1" 200 5895
180.169.147.146 - - [13/Aug/2021:10:25:04 +0800] "GET /xingrg/all/function/internal_message.html?_=1628821496311&CODE_STATE=getMsg HTTP/1.1" 302 -
120.253.135.82 - - [13/Aug/2021:10:25:07 +0800] "GET /xingrg/all/function/internal_message.html?_=1628821281147&CODE_STATE=getMsg HTTP/1.1" 200 27
116.230.105.26 - - [13/Aug/2021:10:25:09 +0800] "GET /xingrg/all/function/internal_message.html?_=1628821498119&CODE_STATE=getMsg HTTP/1.1" 302 -
116.230.105.26 - - [13/Aug/2021:10:25:09 +0800] "GET /xingrg/check_reg.html?_=1628821498123 HTTP/1.1" 302 -
114.84.82.184 - - [13/Aug/2021:10:25:09 +0800] "GET /xingrg/all/function/internal_message.html?_=1628821507264&CODE_STATE=getMsg HTTP/1.1" 302 -
58.37.4.159 - - [13/Aug/2021:10:25:10 +0800] "GET /xingrg/kc/base/wldb_order_operate.html?command=get_materiel&rest_code=00106&base_code=0010396&code=00101019391 HTTP/1.1" 200 470
101.83.145.79 - - [13/Aug/2021:10:25:10 +0800] "GET /xingrg/all/function/internal_message.html?_=1628821507249&CODE_STATE=getMsg HTTP/1.1" 200 27
116.235.222.38 - - [13/Aug/2021:10:25:12 +0800] "GET /xingrg/all/function/internal_message.html?_=1628821509683&CODE_STATE=getMsg HTTP/1.1" 200 27
58.35.209.156 - - [13/Aug/2021:10:25:14 +0800] "POST /xingrg/dwr/call/plaincall/AjaxQqpsService.saveMaterielItem.dwr HTTP/1.1" 200 78
222.70.178.182 - - [13/Aug/2021:10:25:14 +0800] "GET /xingrg/kc/buy/cgsh_order_operate.html?command=get_materiel&rest_code=00111&code=00101004071&supplier_code=00100312&order_time=2021-08-13 HTTP/1.1" 200 409
180.174.198.13 - - [13/Aug/2021:10:25:15 +0800] "GET /xingrg/all/function/internal_message.html?_=1628821490815&CODE_STATE=getMsg HTTP/1.1" 200 27
120.253.135.82 - - [13/Aug/2021:10:25:16 +0800] "GET /xingrg/all/function/internal_message.html?_=1628821539194&CODE_STATE=getMsg HTTP/1.1" 302 -
114.88.154.248 - - [13/Aug/2021:10:25:19 +0800] "GET /xingrg/all/function/internal_message.html?_=1628821427491&CODE_STATE=getMsg HTTP/1.1" 200 27
58.37.4.159 - - [13/Aug/2021:10:25:19 +0800] "GET /xingrg/kc/base/wldb_order_operate.html?command=get_materiel&rest_code=00106&base_code=0010396&code=00101019258 HTTP/1.1" 200 469
222.70.178.182 - - [13/Aug/2021:10:25:22 +0800] "GET /xingrg/kc/buy/cgsh_order_operate.html?command=get_materiel&rest_code=00111&code=00101004023&supplier_code=00100312&order_time=2021-08-13 HTTP/1.1" 200 411
114.86.227.38 - - [13/Aug/2021:10:25:23 +0800] "GET /favicon.ico HTTP/1.1" 404 -
180.169.147.146 - - [13/Aug/2021:10:25:23 +0800] "GET /xingrg/check_reg.html?_=1628821514641 HTTP/1.1" 302 -
180.174.198.13 - - [13/Aug/2021:10:25:25 +0800] "GET /xingrg/all/function/internal_message.html?_=1628821522611&CODE_STATE=getMsg HTTP/1.1" 200 27
222.70.178.182 - - [13/Aug/2021:10:25:27 +0800] "GET /xingrg/all/function/internal_message.html?_=1628821554406&CODE_STATE=getMsg HTTP/1.1" 302 -
116.235.222.38 - - [13/Aug/2021:10:25:28 +0800] "GET /xingrg/kc/buy/cgsh_order_operate.html?command=get_materiel&rest_code=00107&code=00101010088&supplier_code=00100323&order_time=2021-08-13 HTTP/1.1" 200 418
58.37.4.159 - - [13/Aug/2021:10:25:30 +0800] "POST /xingrg/services/DataTransmitService HTTP/1.1" 200 45454
58.37.4.159 - - [13/Aug/2021:10:25:30 +0800] "POST /xingrg/services/DataTransmitService HTTP/1.1" 200 19237
58.37.4.159 - - [13/Aug/2021:10:25:31 +0800] "GET /xingrg/all/function/internal_message.html?_=1628821529503&CODE_STATE=getMsg HTTP/1.1" 200 27
222.70.178.182 - - [13/Aug/2021:10:25:31 +0800] "POST /xingrg/kc/buy/cgsh_order_operate.html HTTP/1.1" 200 37
58.221.95.50 - - [13/Aug/2021:10:25:32 +0800] "GET /xingrg/all/function/internal_message.html?_=1628821529849&CODE_STATE=getMsg HTTP/1.1" 200 27
58.37.4.159 - - [13/Aug/2021:10:25:32 +0800] "POST /xingrg/services/DataTransmitService HTTP/1.1" 200 524
180.169.147.146 - - [13/Aug/2021:10:25:33 +0800] "GET /xingrg/all/function/internal_message.html?_=1628821542034&CODE_STATE=getMsg HTTP/1.1" 200 27
222.70.178.182 - - [13/Aug/2021:10:25:33 +0800] "GET /xingrg/check_reg.html?_=1628821528294 HTTP/1.1" 200 22
222.70.178.182 - - [13/Aug/2021:10:25:33 +0800] "GET /xingrg/all/function/internal_message.html?_=1628821528295&CODE_STATE=getMsg HTTP/1.1" 200 27
172.20.0.100 - - [13/Aug/2021:10:25:33 +0800] "GET /xingrg/all/function/internal_message.html?_=1628821531211&CODE_STATE=getMsg HTTP/1.1" 302 -
222.70.178.182 - - [13/Aug/2021:10:25:34 +0800] "POST /xingrg/kc/buy/cgsh_order_operate.html HTTP/1.1" 200 3841
120.253.135.82 - - [13/Aug/2021:10:25:34 +0800] "GET /xingrg/all/function/internal_message.html?_=1628820992147&CODE_STATE=getMsg HTTP/1.1" 302 -
222.70.178.182 - - [13/Aug/2021:10:25:35 +0800] "GET /xingrg/kc/print/load_data.html?order_code=212021081305626&kc_code=cgsh&condition= HTTP/1.1" 200 1126
58.37.4.159 - - [13/Aug/2021:10:25:36 +0800] "POST /xingrg/services/DataTransmitService HTTP/1.1" 200 501
116.238.194.18 - - [13/Aug/2021:10:25:36 +0800] "GET /xingrg/all/function/internal_message.html?_=1628821479226&CODE_STATE=getMsg HTTP/1.1" 200 27
58.35.209.156 - - [13/Aug/2021:10:25:37 +0800] "POST /xingrg/dwr/call/plaincall/AjaxQqpsService.getMaterielByCode.dwr HTTP/1.1" 200 2740
114.86.227.38 - - [13/Aug/2021:10:25:37 +0800] "GET /xingrg/all/function/internal_message.html?_=1628821536325&CODE_STATE=getMsg HTTP/1.1" 302 -
114.86.227.38 - - [13/Aug/2021:10:25:37 +0800] "GET /xingrg/login.html HTTP/1.1" 200 7641
116.238.194.18 - - [13/Aug/2021:10:25:38 +0800] "GET /xingrg/all/function/internal_message.html?_=1628821533657&CODE_STATE=getMsg HTTP/1.1" 200 27
222.70.178.182 - - [13/Aug/2021:10:25:39 +0800] "GET /xingrg/kc/buy/cgsh_order_add.html HTTP/1.1" 200 63143
222.70.178.182 - - [13/Aug/2021:10:25:39 +0800] "POST /xingrg/kc/buy/cgsh_order_operate.html HTTP/1.1" 200 8245
222.70.178.182 - - [13/Aug/2021:10:25:39 +0800] "GET /xingrg/javascript/easyui/themes/default/validatebox.css HTTP/1.1" 404 1104
58.35.209.156 - - [13/Aug/2021:10:25:42 +0800] "GET /xingrg/all/function/internal_message.html?_=1628821538047&CODE_STATE=getMsg HTTP/1.1" 200 27
58.37.4.159 - - [13/Aug/2021:10:25:44 +0800] "GET /xingrg/kc/base/wldb_order_operate.html?command=get_materiel&rest_code=00106&base_code=0010396&code=00101019496 HTTP/1.1" 200 472
116.235.222.38 - - [13/Aug/2021:10:25:45 +0800] "GET /xingrg/kc/buy/cgsh_order_operate.html?command=get_materiel&rest_code=00107&code=00101010410&supplier_code=00100323&order_time=2021-08-13 HTTP/1.1" 200 401
58.37.4.159 - - [13/Aug/2021:10:25:45 +0800] "GET /xingrg/all/function/internal_message.html?_=1628821540680&CODE_STATE=getMsg HTTP/1.1" 200 27
101.89.29.78 - - [13/Aug/2021:10:25:46 +0800] "GET /xingrg/all/function/internal_message.html?_=1628821480709&CODE_STATE=getMsg HTTP/1.1" 302 -
101.89.29.78 - - [13/Aug/2021:10:25:48 +0800] "GET /xingrg/login.html HTTP/1.1" 200 7641
180.169.147.146 - - [13/Aug/2021:10:25:50 +0800] "GET /xingrg/all/function/internal_message.html?_=1628821547588&CODE_STATE=getMsg HTTP/1.1" 302 -
180.169.147.146 - - [13/Aug/2021:10:25:50 +0800] "GET /xingrg/all/function/internal_message.html?_=1628821549058&CODE_STATE=getMsg HTTP/1.1" 200 27
222.70.178.182 - - [13/Aug/2021:10:25:54 +0800] "GET /xingrg/kc/buy/cgsh_order_operate.html?command=get_materiel&rest_code=00111&code=00101006256&supplier_code=00100404&order_time=2021-08-13 HTTP/1.1" 200 406
58.37.4.159 - - [13/Aug/2021:10:25:54 +0800] "GET /xingrg/kc/base/wldb_order_operate.html?command=get_materiel&rest_code=00106&base_code=0010396&code=00101016094 HTTP/1.1" 200 470
