116.235.222.38 - - [13/Aug/2021:09:22:02 +0800] "GET /xingrg/all/function/internal_message.html?_=1628817719631&CODE_STATE=getMsg HTTP/1.1" 200 27
180.169.147.146 - - [13/Aug/2021:09:22:06 +0800] "GET /xingrg/all/function/internal_message.html?_=1628817717558&CODE_STATE=getMsg HTTP/1.1" 200 27
116.238.194.18 - - [13/Aug/2021:09:22:06 +0800] "GET /xingrg/check_reg.html?_=1628817721749 HTTP/1.1" 200 22
116.238.194.18 - - [13/Aug/2021:09:22:06 +0800] "GET /xingrg/all/function/internal_message.html?_=1628817721753&CODE_STATE=getMsg HTTP/1.1" 200 27
222.70.178.182 - - [13/Aug/2021:09:22:06 +0800] "GET /xingrg/all/function/internal_message.html?_=1628817721128&CODE_STATE=getMsg HTTP/1.1" 200 27
114.88.154.248 - - [13/Aug/2021:09:22:07 +0800] "GET /xingrg/all/function/internal_message.html?_=1628817635722&CODE_STATE=getMsg HTTP/1.1" 200 27
101.83.145.79 - - [13/Aug/2021:09:22:07 +0800] "GET /xingrg/kc/buy/cgsh_order_operate.html?command=get_materiel&rest_code=00105&code=00101008087&supplier_code=00100203&order_time=2021-08-13 HTTP/1.1" 200 412
114.86.227.38 - - [13/Aug/2021:09:22:08 +0800] "GET /xingrg/kc/buy/cgsh_order_operate.html?command=get_materiel&rest_code=00109&code=00101008357&supplier_code=00100005&order_time=2021-08-13 HTTP/1.1" 200 408
116.230.105.26 - - [13/Aug/2021:09:22:08 +0800] "GET /xingrg/all/function/internal_message.html?_=1628817718117&CODE_STATE=getMsg HTTP/1.1" 200 27
114.84.82.184 - - [13/Aug/2021:09:22:09 +0800] "GET /xingrg/all/function/internal_message.html?_=1628817727129&CODE_STATE=getMsg HTTP/1.1" 200 27
116.238.194.18 - - [13/Aug/2021:09:22:12 +0800] "GET /xingrg/kc/buy/cgsh_order_operate.html?command=get_materiel&rest_code=00150&code=00101008005&supplier_code=00100007&order_time=2021-08-13 HTTP/1.1" 200 412
120.253.135.82 - - [13/Aug/2021:09:22:15 +0800] "GET /xingrg/all/function/internal_message.html?_=1628817758305&CODE_STATE=getMsg HTTP/1.1" 200 27
116.238.194.18 - - [13/Aug/2021:09:22:16 +0800] "GET /xingrg/kc/buy/cgsh_order_add.html HTTP/1.1" 200 63067
116.238.194.18 - - [13/Aug/2021:09:22:16 +0800] "POST /xingrg/kc/buy/cgsh_order_operate.html HTTP/1.1" 200 8245
116.238.194.18 - - [13/Aug/2021:09:22:16 +0800] "GET /xingrg/javascript/easyui/themes/default/validatebox.css HTTP/1.1" 404 1104
101.83.145.79 - - [13/Aug/2021:09:22:17 +0800] "GET /xingrg/all/function/internal_message.html?_=1628817734551&CODE_STATE=getMsg HTTP/1.1" 200 27
116.238.194.18 - - [13/Aug/2021:09:22:25 +0800] "GET /xingrg/kc/buy/cgsh_order_operate.html?command=get_materiel&rest_code=00150&code=00101016080&supplier_code=00100096&order_time=2021-08-13 HTTP/1.1" 200 408
222.70.178.182 - - [13/Aug/2021:09:22:29 +0800] "GET /xingrg/all/function/internal_message.html?_=1628817775864&CODE_STATE=getMsg HTTP/1.1" 302 -
114.86.227.38 - - [13/Aug/2021:09:22:30 +0800] "GET /xingrg/kc/buy/cgsh_order_operate.html?command=get_materiel&rest_code=00109&code=00101008230&supplier_code=00100005&order_time=2021-08-13 HTTP/1.1" 200 408
116.238.194.18 - - [13/Aug/2021:09:22:30 +0800] "GET /xingrg/kc/buy/cgsh_order_operate.html?command=get_materiel&rest_code=00150&code=00101008271&supplier_code=00100007&order_time=2021-08-13 HTTP/1.1" 200 408
222.70.246.151 - - [13/Aug/2021:09:22:31 +0800] "GET /xingrg/all/function/internal_message.html?_=1628817766002&CODE_STATE=getMsg HTTP/1.1" 200 27
116.238.194.18 - - [13/Aug/2021:09:22:35 +0800] "GET /xingrg/all/function/internal_message.html?_=1628817697481&CODE_STATE=getMsg HTTP/1.1" 200 27
114.86.227.38 - - [13/Aug/2021:09:22:35 +0800] "GET /xingrg/kc/buy/cgsh_order_operate.html?command=get_materiel&rest_code=00109&code=00101008069&supplier_code=00100005&order_time=2021-08-13 HTTP/1.1" 200 412
114.86.227.38 - - [13/Aug/2021:09:22:37 +0800] "POST /xingrg/kc/buy/cgsh_order_operate.html HTTP/1.1" 200 2065
114.86.227.38 - - [13/Aug/2021:09:22:37 +0800] "GET /xingrg/all/function/internal_message.html?_=1628817756182&CODE_STATE=getMsg HTTP/1.1" 200 27
114.86.227.38 - - [13/Aug/2021:09:22:37 +0800] "GET /xingrg/check_reg.html?_=1628817756183 HTTP/1.1" 200 22
116.238.194.18 - - [13/Aug/2021:09:22:40 +0800] "GET /xingrg/kc/buy/cgsh_order_operate.html?command=get_materiel&rest_code=00150&code=00101008353&supplier_code=00100007&order_time=2021-08-13 HTTP/1.1" 200 408
116.238.194.18 - - [13/Aug/2021:09:22:40 +0800] "GET /xingrg/kc/buy/cgsh_order_operate.html?command=get_materiel&rest_code=00150&code=00101012032&supplier_code=00100096&order_time=2021-08-13 HTTP/1.1" 200 416
114.86.227.38 - - [13/Aug/2021:09:22:45 +0800] "GET /xingrg/kc/buy/cgsh_order_operate.html?command=get_materiel&rest_code=00109&code=00101008286&supplier_code=00100005&order_time=2021-08-13 HTTP/1.1" 200 408
116.238.194.18 - - [13/Aug/2021:09:22:47 +0800] "GET /xingrg/kc/buy/cgsh_order_operate.html?command=get_materiel&rest_code=00150&code=00101012029&supplier_code=00100096&order_time=2021-08-13 HTTP/1.1" 200 412
116.238.194.18 - - [13/Aug/2021:09:22:48 +0800] "GET /xingrg/kc/buy/cgsh_order_operate.html?command=get_materiel&rest_code=00150&code=00101008213&supplier_code=00100007&order_time=2021-08-13 HTTP/1.1" 200 412
180.169.147.146 - - [13/Aug/2021:09:22:50 +0800] "GET /xingrg/all/function/internal_message.html?_=1628817767575&CODE_STATE=getMsg HTTP/1.1" 200 27
180.169.147.146 - - [13/Aug/2021:09:22:56 +0800] "GET /xingrg/all/function/internal_message.html?_=1628817773453&CODE_STATE=getMsg HTTP/1.1" 200 27
114.88.154.248 - - [13/Aug/2021:09:22:58 +0800] "GET /xingrg/all/function/internal_message.html?_=1628817686686&CODE_STATE=getMsg HTTP/1.1" 200 27
114.86.227.38 - - [13/Aug/2021:09:22:59 +0800] "GET /xingrg/javascript/auto/indicator.gif HTTP/1.1" 404 1066
116.235.222.38 - - [13/Aug/2021:09:22:59 +0800] "GET /xingrg/check_reg.html?_=1628817776502 HTTP/1.1" 200 22
116.238.194.18 - - [13/Aug/2021:09:23:00 +0800] "POST /xingrg/kc/buy/cgsh_order_operate.html HTTP/1.1" 200 37
114.86.227.38 - - [13/Aug/2021:09:23:00 +0800] "GET /xingrg/kc/buy/cgsh_order_operate.html?command=get_materiel&rest_code=00109&code=00101008318&supplier_code=00100005&order_time=2021-08-13 HTTP/1.1" 200 23
116.238.194.18 - - [13/Aug/2021:09:23:01 +0800] "POST /xingrg/kc/buy/cgsh_order_operate.html HTTP/1.1" 200 19809
116.235.222.38 - - [13/Aug/2021:09:23:02 +0800] "GET /xingrg/all/function/internal_message.html?_=1628817779609&CODE_STATE=getMsg HTTP/1.1" 200 27
180.169.147.146 - - [13/Aug/2021:09:23:05 +0800] "GET /xingrg/all/function/internal_message.html?_=1628817777539&CODE_STATE=getMsg HTTP/1.1" 200 27
116.238.194.18 - - [13/Aug/2021:09:23:06 +0800] "GET /xingrg/all/function/internal_message.html?_=1628817781746&CODE_STATE=getMsg HTTP/1.1" 200 27
222.70.178.182 - - [13/Aug/2021:09:23:06 +0800] "GET /xingrg/all/function/internal_message.html?_=1628817781133&CODE_STATE=getMsg HTTP/1.1" 200 27
222.70.178.182 - - [13/Aug/2021:09:23:06 +0800] "GET /xingrg/check_reg.html?_=1628817781129 HTTP/1.1" 200 22
114.88.154.248 - - [13/Aug/2021:09:23:07 +0800] "GET /xingrg/all/function/internal_message.html?_=1628817695721&CODE_STATE=getMsg HTTP/1.1" 200 27
116.230.105.26 - - [13/Aug/2021:09:23:08 +0800] "GET /xingrg/all/function/internal_message.html?_=1628817778123&CODE_STATE=getMsg HTTP/1.1" 200 27
116.238.194.18 - - [13/Aug/2021:09:23:09 +0800] "GET /xingrg/kc/buy/cgsh_order_operate.html?command=get_materiel&rest_code=00150&code=00101008312&supplier_code=00100007&order_time=2021-08-13 HTTP/1.1" 200 412
114.86.227.38 - - [13/Aug/2021:09:23:09 +0800] "GET /xingrg/kc/buy/cgsh_order_operate.html?command=get_materiel&rest_code=00109&code=00101008318&supplier_code=00100005&order_time=2021-08-13 HTTP/1.1" 200 408
114.84.82.184 - - [13/Aug/2021:09:23:09 +0800] "GET /xingrg/all/function/internal_message.html?_=1628817787128&CODE_STATE=getMsg HTTP/1.1" 200 27
120.253.135.82 - - [13/Aug/2021:09:23:15 +0800] "GET /xingrg/all/function/internal_message.html?_=1628817818325&CODE_STATE=getMsg HTTP/1.1" 200 27
114.86.227.38 - - [13/Aug/2021:09:23:17 +0800] "GET /xingrg/kc/buy/cgsh_order_operate.html?command=get_materiel&rest_code=00109&code=00101008098&supplier_code=00100005&order_time=2021-08-13 HTTP/1.1" 200 412
101.83.145.79 - - [13/Aug/2021:09:23:18 +0800] "GET /xingrg/all/function/internal_message.html?_=1628817794742&CODE_STATE=getMsg HTTP/1.1" 200 27
116.238.194.18 - - [13/Aug/2021:09:23:23 +0800] "GET /xingrg/kc/buy/cgsh_order_operate.html?command=get_materiel&rest_code=00150&code=00101006068&supplier_code=00100096&order_time=2021-08-13 HTTP/1.1" 200 410
222.70.246.151 - - [13/Aug/2021:09:23:23 +0800] "GET /xingrg/check_reg.html?_=1628817817736 HTTP/1.1" 200 22
222.70.178.182 - - [13/Aug/2021:09:23:29 +0800] "GET /xingrg/all/function/internal_message.html?_=1628817835894&CODE_STATE=getMsg HTTP/1.1" 302 -
222.70.246.151 - - [13/Aug/2021:09:23:31 +0800] "GET /xingrg/all/function/internal_message.html?_=1628817826017&CODE_STATE=getMsg HTTP/1.1" 200 27
116.238.194.18 - - [13/Aug/2021:09:23:33 +0800] "GET /xingrg/kc/buy/cgsh_order_operate.html?command=get_materiel&rest_code=00150&code=00101008095&supplier_code=00100007&order_time=2021-08-13 HTTP/1.1" 200 412
116.238.194.18 - - [13/Aug/2021:09:23:35 +0800] "GET /xingrg/all/function/internal_message.html?_=1628817757493&CODE_STATE=getMsg HTTP/1.1" 200 27
114.86.227.38 - - [13/Aug/2021:09:23:37 +0800] "GET /xingrg/all/function/internal_message.html?_=1628817816185&CODE_STATE=getMsg HTTP/1.1" 200 27
101.83.145.79 - - [13/Aug/2021:09:23:39 +0800] "POST /xingrg/kc/buy/cgsh_order_operate.html HTTP/1.1" 200 2065
116.238.194.18 - - [13/Aug/2021:09:23:42 +0800] "GET /xingrg/kc/buy/cgsh_order_operate.html?command=get_materiel&rest_code=00150&code=00101008110&supplier_code=00100007&order_time=2021-08-13 HTTP/1.1" 200 408
114.86.227.38 - - [13/Aug/2021:09:23:47 +0800] "GET /xingrg/kc/buy/cgsh_order_operate.html?command=get_materiel&rest_code=00109&code=00101008005&supplier_code=00100005&order_time=2021-08-13 HTTP/1.1" 200 412
116.238.194.18 - - [13/Aug/2021:09:23:49 +0800] "GET /xingrg/kc/buy/cgsh_order_operate.html?command=get_materiel&rest_code=00150&code=00101008229&supplier_code=00100007&order_time=2021-08-13 HTTP/1.1" 200 420
101.83.145.79 - - [13/Aug/2021:09:23:49 +0800] "GET /xingrg/kc/buy/cgsh_order_operate.html?command=get_materiel&rest_code=00105&code=00101010136&supplier_code=00100203&order_time=2021-08-13 HTTP/1.1" 200 408
180.169.147.146 - - [13/Aug/2021:09:23:50 +0800] "GET /xingrg/all/function/internal_message.html?_=1628817827562&CODE_STATE=getMsg HTTP/1.1" 200 27
114.86.227.38 - - [13/Aug/2021:09:23:54 +0800] "GET /xingrg/kc/buy/cgsh_order_operate.html?command=get_materiel&rest_code=00109&code=00101008271&supplier_code=00100005&order_time=2021-08-13 HTTP/1.1" 200 408
116.238.194.18 - - [13/Aug/2021:09:23:55 +0800] "GET /xingrg/kc/buy/cgsh_order_operate.html?command=get_materiel&rest_code=00150&code=00101008283&supplier_code=00100007&order_time=2021-08-13 HTTP/1.1" 200 408
114.86.227.38 - - [13/Aug/2021:09:23:55 +0800] "POST /xingrg/kc/buy/cgsh_order_operate.html HTTP/1.1" 200 2065
180.169.147.146 - - [13/Aug/2021:09:23:56 +0800] "GET /xingrg/all/function/internal_message.html?_=1628817833454&CODE_STATE=getMsg HTTP/1.1" 200 27
114.88.154.248 - - [13/Aug/2021:09:23:58 +0800] "GET /xingrg/all/function/internal_message.html?_=1628817746660&CODE_STATE=getMsg HTTP/1.1" 200 27
120.253.135.82 - - [13/Aug/2021:09:24:00 +0800] "GET /xingrg/check_reg.html?_=1628817863951 HTTP/1.1" 200 22
116.238.194.18 - - [13/Aug/2021:09:24:02 +0800] "POST /xingrg/kc/buy/cgsh_order_operate.html HTTP/1.1" 200 37
114.86.227.38 - - [13/Aug/2021:09:24:02 +0800] "GET /xingrg/kc/buy/cgsh_order_operate.html?command=get_materiel&rest_code=00109&code=00101008353&supplier_code=00100005&order_time=2021-08-13 HTTP/1.1" 200 23
116.235.222.38 - - [13/Aug/2021:09:24:02 +0800] "GET /xingrg/all/function/internal_message.html?_=1628817839593&CODE_STATE=getMsg HTTP/1.1" 200 27
116.238.194.18 - - [13/Aug/2021:09:24:04 +0800] "POST /xingrg/kc/buy/cgsh_order_operate.html HTTP/1.1" 200 22765
180.169.147.146 - - [13/Aug/2021:09:24:05 +0800] "GET /xingrg/all/function/internal_message.html?_=1628817837513&CODE_STATE=getMsg HTTP/1.1" 200 27
116.238.194.18 - - [13/Aug/2021:09:24:06 +0800] "GET /xingrg/all/function/internal_message.html?_=1628817841742&CODE_STATE=getMsg HTTP/1.1" 200 27
222.70.178.182 - - [13/Aug/2021:09:24:06 +0800] "GET /xingrg/all/function/internal_message.html?_=1628817841132&CODE_STATE=getMsg HTTP/1.1" 200 27
114.88.154.248 - - [13/Aug/2021:09:24:07 +0800] "GET /xingrg/all/function/internal_message.html?_=1628817755719&CODE_STATE=getMsg HTTP/1.1" 200 27
114.88.154.248 - - [13/Aug/2021:09:24:07 +0800] "GET /xingrg/check_reg.html?_=1628817755720 HTTP/1.1" 200 22
116.230.105.26 - - [13/Aug/2021:09:24:08 +0800] "GET /xingrg/all/function/internal_message.html?_=1628817838118&CODE_STATE=getMsg HTTP/1.1" 200 27
114.84.82.184 - - [13/Aug/2021:09:24:09 +0800] "GET /xingrg/all/function/internal_message.html?_=1628817847143&CODE_STATE=getMsg HTTP/1.1" 200 27
116.238.194.18 - - [13/Aug/2021:09:24:10 +0800] "GET /xingrg/kc/buy/cgsh_order_operate.html?command=get_materiel&rest_code=00150&code=00101008298&supplier_code=00100007&order_time=2021-08-13 HTTP/1.1" 200 431
114.86.227.38 - - [13/Aug/2021:09:24:10 +0800] "GET /xingrg/kc/buy/cgsh_order_operate.html?command=get_materiel&rest_code=00109&code=00101008353&supplier_code=00100005&order_time=2021-08-13 HTTP/1.1" 200 408
120.253.135.82 - - [13/Aug/2021:09:24:15 +0800] "GET /xingrg/all/function/internal_message.html?_=1628817878333&CODE_STATE=getMsg HTTP/1.1" 200 27
101.83.145.79 - - [13/Aug/2021:09:24:18 +0800] "GET /xingrg/all/function/internal_message.html?_=1628817854718&CODE_STATE=getMsg HTTP/1.1" 200 27
101.83.145.79 - - [13/Aug/2021:09:24:18 +0800] "GET /xingrg/check_reg.html?_=1628817854719 HTTP/1.1" 200 22
101.83.145.79 - - [13/Aug/2021:09:24:23 +0800] "POST /xingrg/kc/buy/cgsh_order_operate.html HTTP/1.1" 200 37
114.86.227.38 - - [13/Aug/2021:09:24:23 +0800] "GET /xingrg/kc/buy/cgsh_order_operate.html?command=get_materiel&rest_code=00109&code=00101008312&supplier_code=00100005&order_time=2021-08-13 HTTP/1.1" 200 412
114.88.154.248 - - [13/Aug/2021:09:24:24 +0800] "GET /xingrg/check_reg.html?_=1628817772340 HTTP/1.1" 200 22
101.83.145.79 - - [13/Aug/2021:09:24:24 +0800] "POST /xingrg/kc/buy/cgsh_order_operate.html HTTP/1.1" 200 56429
58.221.95.50 - - [13/Aug/2021:09:24:28 +0800] "GET /xingrg/check_reg.html?_=1628817865708 HTTP/1.1" 302 -
222.70.178.182 - - [13/Aug/2021:09:24:29 +0800] "GET /xingrg/all/function/internal_message.html?_=1628817895811&CODE_STATE=getMsg HTTP/1.1" 302 -
114.86.227.38 - - [13/Aug/2021:09:24:29 +0800] "GET /xingrg/kc/buy/cgsh_order_operate.html?command=get_materiel&rest_code=00109&code=00101008095&supplier_code=00100005&order_time=2021-08-13 HTTP/1.1" 200 412
222.70.246.151 - - [13/Aug/2021:09:24:31 +0800] "GET /xingrg/all/function/internal_message.html?_=1628817886029&CODE_STATE=getMsg HTTP/1.1" 200 27
116.238.194.18 - - [13/Aug/2021:09:24:35 +0800] "GET /xingrg/check_reg.html?_=1628817817415 HTTP/1.1" 200 22
116.238.194.18 - - [13/Aug/2021:09:24:35 +0800] "GET /xingrg/all/function/internal_message.html?_=1628817817508&CODE_STATE=getMsg HTTP/1.1" 200 27
114.86.227.38 - - [13/Aug/2021:09:24:35 +0800] "GET /xingrg/kc/buy/cgsh_order_operate.html?command=get_materiel&rest_code=00109&code=00101008196&supplier_code=00100005&order_time=2021-08-13 HTTP/1.1" 200 416
114.86.227.38 - - [13/Aug/2021:09:24:37 +0800] "GET /xingrg/all/function/internal_message.html?_=1628817876191&CODE_STATE=getMsg HTTP/1.1" 200 27
116.238.194.18 - - [13/Aug/2021:09:24:44 +0800] "GET /xingrg/kc/buy/cgsh_order_operate.html?command=get_materiel&rest_code=00150&code=00101008175&supplier_code=00100007&order_time=2021-08-13 HTTP/1.1" 200 412
180.169.147.146 - - [13/Aug/2021:09:24:50 +0800] "GET /xingrg/all/function/internal_message.html?_=1628817887566&CODE_STATE=getMsg HTTP/1.1" 200 27
180.169.147.146 - - [13/Aug/2021:09:24:50 +0800] "GET /xingrg/check_reg.html?_=1628817887569 HTTP/1.1" 200 22
116.238.194.18 - - [13/Aug/2021:09:24:53 +0800] "GET /xingrg/kc/buy/cgsh_order_operate.html?command=get_materiel&rest_code=00150&code=00101008156&supplier_code=00100007&order_time=2021-08-13 HTTP/1.1" 200 414
114.86.227.38 - - [13/Aug/2021:09:24:56 +0800] "GET /xingrg/kc/buy/cgsh_order_operate.html?command=get_materiel&rest_code=00109&code=00101008197&supplier_code=00100005&order_time=2021-08-13 HTTP/1.1" 200 416
180.169.147.146 - - [13/Aug/2021:09:24:56 +0800] "GET /xingrg/all/function/internal_message.html?_=1628817893446&CODE_STATE=getMsg HTTP/1.1" 200 27
180.169.147.146 - - [13/Aug/2021:09:24:56 +0800] "GET /xingrg/check_reg.html?_=1628817893448 HTTP/1.1" 200 22
114.88.154.248 - - [13/Aug/2021:09:24:58 +0800] "GET /xingrg/all/function/internal_message.html?_=1628817806631&CODE_STATE=getMsg HTTP/1.1" 200 27
114.86.227.38 - - [13/Aug/2021:09:24:58 +0800] "POST /xingrg/kc/buy/cgsh_order_operate.html HTTP/1.1" 200 2065
180.174.198.13 - - [13/Aug/2021:09:24:59 +0800] "GET /favicon.ico HTTP/1.1" 404 -
180.174.198.13 - - [13/Aug/2021:09:25:00 +0800] "GET /favicon.ico HTTP/1.1" 404 -
180.174.198.13 - - [13/Aug/2021:09:25:00 +0800] "GET /favicon.ico HTTP/1.1" 404 -
116.238.194.18 - - [13/Aug/2021:09:25:01 +0800] "GET /xingrg/kc/buy/cgsh_order_operate.html?command=get_materiel&rest_code=00150&code=00101008350&supplier_code=00100007&order_time=2021-08-13 HTTP/1.1" 200 408
116.235.222.38 - - [13/Aug/2021:09:25:02 +0800] "GET /xingrg/all/function/internal_message.html?_=1628817899580&CODE_STATE=getMsg HTTP/1.1" 200 27
180.174.198.13 - - [13/Aug/2021:09:25:03 +0800] "GET /xingrg/login.html HTTP/1.1" 200 7641
180.174.198.13 - - [13/Aug/2021:09:25:03 +0800] "GET /xingrg/images/blue/jxLogo.png HTTP/1.1" 304 -
114.86.227.38 - - [13/Aug/2021:09:25:03 +0800] "GET /xingrg/kc/buy/cgsh_order_operate.html?command=get_materiel&rest_code=00109&code=00101008173&supplier_code=00100005&order_time=2021-08-13 HTTP/1.1" 200 412
180.174.198.13 - - [13/Aug/2021:09:25:04 +0800] "GET /xingrg/images/blue/hj.png HTTP/1.1" 304 -
180.174.198.13 - - [13/Aug/2021:09:25:04 +0800] "GET /xingrg/images/blue/srbg.png HTTP/1.1" 304 -
180.174.198.13 - - [13/Aug/2021:09:25:04 +0800] "GET /xingrg/images/blue/login_bg.png HTTP/1.1" 304 -
180.174.198.13 - - [13/Aug/2021:09:25:05 +0800] "GET /favicon.ico HTTP/1.1" 404 -
180.169.147.146 - - [13/Aug/2021:09:25:05 +0800] "GET /xingrg/all/function/internal_message.html?_=1628817897491&CODE_STATE=getMsg HTTP/1.1" 200 27
116.238.194.18 - - [13/Aug/2021:09:25:06 +0800] "GET /xingrg/all/function/internal_message.html?_=1628817901736&CODE_STATE=getMsg HTTP/1.1" 200 27
222.70.178.182 - - [13/Aug/2021:09:25:06 +0800] "GET /xingrg/all/function/internal_message.html?_=1628817901133&CODE_STATE=getMsg HTTP/1.1" 200 27
114.88.154.248 - - [13/Aug/2021:09:25:07 +0800] "GET /xingrg/all/function/internal_message.html?_=1628817815719&CODE_STATE=getMsg HTTP/1.1" 200 27
116.238.194.18 - - [13/Aug/2021:09:25:08 +0800] "GET /xingrg/kc/buy/cgsh_order_operate.html?command=get_materiel&rest_code=00150&code=00101008356&supplier_code=00100007&order_time=2021-08-13 HTTP/1.1" 200 409
116.230.105.26 - - [13/Aug/2021:09:25:08 +0800] "GET /xingrg/all/function/internal_message.html?_=1628817898135&CODE_STATE=getMsg HTTP/1.1" 200 27
116.230.105.26 - - [13/Aug/2021:09:25:08 +0800] "GET /xingrg/check_reg.html?_=1628817898137 HTTP/1.1" 200 22
114.84.82.184 - - [13/Aug/2021:09:25:09 +0800] "GET /xingrg/all/function/internal_message.html?_=1628817907142&CODE_STATE=getMsg HTTP/1.1" 200 27
114.86.227.38 - - [13/Aug/2021:09:25:09 +0800] "GET /xingrg/kc/buy/cgsh_order_operate.html?command=get_materiel&rest_code=00109&code=00101015012&supplier_code=00100005&order_time=2021-08-13 HTTP/1.1" 200 412
180.174.198.13 - - [13/Aug/2021:09:25:11 +0800] "POST /xingrg/login.do HTTP/1.1" 302 -
180.174.198.13 - - [13/Aug/2021:09:25:11 +0800] "GET /xingrg/javascript/jquery_easy_ui/themes/icon.css HTTP/1.1" 304 -
180.174.198.13 - - [13/Aug/2021:09:25:11 +0800] "GET /xingrg/css/form.css HTTP/1.1" 304 -
180.174.198.13 - - [13/Aug/2021:09:25:11 +0800] "GET /xingrg/javascript/jquery_easy_ui/themes/default/easyui.css HTTP/1.1" 304 -
180.174.198.13 - - [13/Aug/2021:09:25:11 +0800] "GET /xingrg/index.html?sysBaseUrl=http%3A%2F%2F180.169.147.146%3A18081%2Fxingrg%2F&costTime=41×tamp=1628817911668 HTTP/1.1" 200 17173
180.174.198.13 - - [13/Aug/2021:09:25:11 +0800] "GET /xingrg/javascript/jquery-1.4.2.min.js HTTP/1.1" 304 -
180.174.198.13 - - [13/Aug/2021:09:25:11 +0800] "GET /xingrg/javascript/jquery_easy_ui/jquery.easyui.min.js HTTP/1.1" 304 -
180.174.198.13 - - [13/Aug/2021:09:25:11 +0800] "GET /xingrg/javascript/jquery_easy_ui/easyui-lang-zh_CN.js HTTP/1.1" 304 -
180.174.198.13 - - [13/Aug/2021:09:25:11 +0800] "GET /xingrg/javascript/jquery.utils.js HTTP/1.1" 304 -
180.174.198.13 - - [13/Aug/2021:09:25:11 +0800] "GET /xingrg/javascript/jquery.form.js HTTP/1.1" 304 -
180.174.198.13 - - [13/Aug/2021:09:25:11 +0800] "GET /xingrg/javascript/jquery.timers.js HTTP/1.1" 304 -
180.174.198.13 - - [13/Aug/2021:09:25:12 +0800] "GET /xingrg/images/blue/navBackgound.jpg HTTP/1.1" 304 -
180.174.198.13 - - [13/Aug/2021:09:25:12 +0800] "GET /xingrg/javascript/jquery_easy_ui/themes/icons/settle_new.png HTTP/1.1" 304 -
180.174.198.13 - - [13/Aug/2021:09:25:12 +0800] "POST /xingrg/all/common/load_tree.html?tree=area_rest_tree_json&manage=1 HTTP/1.1" 200 342
180.174.198.13 - - [13/Aug/2021:09:25:12 +0800] "GET /xingrg/javascript/jquery_easy_ui/themes/default/images/tabs_rightarrow.png HTTP/1.1" 304 -
180.174.198.13 - - [13/Aug/2021:09:25:12 +0800] "GET /xingrg/images/blue/pingpu.png HTTP/1.1" 304 -
180.174.198.13 - - [13/Aug/2021:09:25:12 +0800] "GET /xingrg/javascript/jquery_easy_ui/themes/default/images/tabs_leftarrow.png HTTP/1.1" 304 -
180.174.198.13 - - [13/Aug/2021:09:25:12 +0800] "GET /xingrg/javascript/jquery_easy_ui/themes/default/images/panel_tool_collapse.gif HTTP/1.1" 304 -
180.174.198.13 - - [13/Aug/2021:09:25:12 +0800] "GET /xingrg/check_reg.html?_=1628817888076 HTTP/1.1" 200 22
180.174.198.13 - - [13/Aug/2021:09:25:12 +0800] "GET /xingrg/all/function/internal_message.html?_=1628817888074&CODE_STATE=count HTTP/1.1" 200 11
180.174.198.13 - - [13/Aug/2021:09:25:12 +0800] "GET /favicon.ico HTTP/1.1" 404 -
180.174.198.13 - - [13/Aug/2021:09:25:12 +0800] "POST /xingrg/load_menu.html HTTP/1.1" 200 5138
180.174.198.13 - - [13/Aug/2021:09:25:12 +0800] "GET /xingrg/javascript/jquery_easy_ui/themes/default/images/tree_arrows.gif HTTP/1.1" 304 -
180.174.198.13 - - [13/Aug/2021:09:25:13 +0800] "GET /xingrg/javascript/jquery_easy_ui/themes/icons/search_new.png HTTP/1.1" 304 -
180.174.198.13 - - [13/Aug/2021:09:25:13 +0800] "GET /xingrg/javascript/jquery_easy_ui/themes/icons/storage_new.png HTTP/1.1" 304 -
180.174.198.13 - - [13/Aug/2021:09:25:13 +0800] "GET /xingrg/javascript/jquery_easy_ui/themes/default/images/tree_file.gif HTTP/1.1" 304 -
180.174.198.13 - - [13/Aug/2021:09:25:13 +0800] "GET /xingrg/javascript/jquery_easy_ui/themes/default/images/tree_folder_open.gif HTTP/1.1" 304 -
180.174.198.13 - - [13/Aug/2021:09:25:13 +0800] "GET /xingrg/javascript/jquery_easy_ui/themes/default/images/tree_folder.gif HTTP/1.1" 304 -
180.174.198.13 - - [13/Aug/2021:09:25:13 +0800] "GET /xingrg/javascript/jquery_easy_ui/themes/icons/forms_new.png HTTP/1.1" 304 -
116.238.194.18 - - [13/Aug/2021:09:25:13 +0800] "POST /xingrg/kc/buy/cgsh_order_operate.html HTTP/1.1" 200 37
116.238.194.18 - - [13/Aug/2021:09:25:15 +0800] "POST /xingrg/kc/buy/cgsh_order_operate.html HTTP/1.1" 200 25723
101.83.145.79 - - [13/Aug/2021:09:25:17 +0800] "GET /xingrg/all/function/internal_message.html?_=1628817914565&CODE_STATE=getMsg HTTP/1.1" 200 27
120.253.135.82 - - [13/Aug/2021:09:25:18 +0800] "GET /xingrg/all/function/internal_message.html?_=1628817938347&CODE_STATE=getMsg HTTP/1.1" 200 27
114.86.227.38 - - [13/Aug/2021:09:25:19 +0800] "GET /xingrg/kc/buy/cgsh_order_operate.html?command=get_materiel&rest_code=00109&code=00101008033&supplier_code=00100005&order_time=2021-08-13 HTTP/1.1" 200 408
180.174.198.13 - - [13/Aug/2021:09:25:20 +0800] "GET /xingrg/javascript/jquery_easy_ui/themes/default/images/tabs_close.gif HTTP/1.1" 304 -
180.174.198.13 - - [13/Aug/2021:09:25:20 +0800] "GET /xingrg/css/base.css HTTP/1.1" 304 -
180.174.198.13 - - [13/Aug/2021:09:25:20 +0800] "GET /xingrg/css/site.css HTTP/1.1" 304 -
180.174.198.13 - - [13/Aug/2021:09:25:20 +0800] "GET /xingrg/javascript/jquery_tools/datebox.css HTTP/1.1" 304 -
180.174.198.13 - - [13/Aug/2021:09:25:20 +0800] "GET /xingrg/javascript/easyui/themes/default/easyui.css HTTP/1.1" 304 -
180.174.198.13 - - [13/Aug/2021:09:25:20 +0800] "GET /xingrg/javascript/easyui/themes/icon.css HTTP/1.1" 304 -
180.174.198.13 - - [13/Aug/2021:09:25:20 +0800] "GET /xingrg/javascript/auto/jquery.autocomplete.css HTTP/1.1" 304 -
180.174.198.13 - - [13/Aug/2021:09:25:20 +0800] "GET /xingrg/javascript/jquery_tools/jquery.tools.min.js HTTP/1.1" 304 -
180.174.198.13 - - [13/Aug/2021:09:25:20 +0800] "GET /xingrg/javascript/jquery_tools/table.css HTTP/1.1" 304 -
180.174.198.13 - - [13/Aug/2021:09:25:20 +0800] "GET /xingrg/javascript/jquery_tools/fix.css HTTP/1.1" 304 -
180.174.198.13 - - [13/Aug/2021:09:25:20 +0800] "GET /xingrg/javascript/jquery_tools/jquery.tools.hotkey.js HTTP/1.1" 304 -
180.174.198.13 - - [13/Aug/2021:09:25:20 +0800] "GET /xingrg/javascript/jquery_tools/jquery.tools.extend.js HTTP/1.1" 304 -
180.174.198.13 - - [13/Aug/2021:09:25:20 +0800] "GET /xingrg/javascript/jquery_tools/jquery.tools.table.js HTTP/1.1" 304 -
180.174.198.13 - - [13/Aug/2021:09:25:20 +0800] "GET /xingrg/javascript/jquery_tools/list_manager.js HTTP/1.1" 304 -
180.174.198.13 - - [13/Aug/2021:09:25:20 +0800] "GET /xingrg/javascript/auto/jquery.autocomplete.js HTTP/1.1" 304 -
180.174.198.13 - - [13/Aug/2021:09:25:20 +0800] "GET /xingrg/javascript/print/LodopFuncs.js HTTP/1.1" 304 -
180.174.198.13 - - [13/Aug/2021:09:25:20 +0800] "GET /xingrg/javascript/jquery.cookie.js HTTP/1.1" 304 -
180.174.198.13 - - [13/Aug/2021:09:25:20 +0800] "GET /xingrg/javascript/easyui/easyloader.js HTTP/1.1" 304 -
180.174.198.13 - - [13/Aug/2021:09:25:20 +0800] "GET /xingrg/kc/buy/cgsh_order_list.html HTTP/1.1" 200 47405
116.238.194.18 - - [13/Aug/2021:09:25:21 +0800] "GET /xingrg/kc/buy/cgsh_order_operate.html?command=get_materiel&rest_code=00150&code=00101008223&supplier_code=00100007&order_time=2021-08-13 HTTP/1.1" 200 412
180.174.198.13 - - [13/Aug/2021:09:25:21 +0800] "GET /xingrg/javascript/easyui/themes/icons/edit_add_new.png HTTP/1.1" 304 -
180.174.198.13 - - [13/Aug/2021:09:25:21 +0800] "GET /xingrg/javascript/easyui/themes/icons/cance_new.png HTTP/1.1" 304 -
180.174.198.13 - - [13/Aug/2021:09:25:21 +0800] "GET /xingrg/javascript/easyui/themes/icons/check_new.png HTTP/1.1" 304 -
180.174.198.13 - - [13/Aug/2021:09:25:21 +0800] "GET /xingrg/javascript/easyui/themes/icons/field_new.png HTTP/1.1" 304 -
180.174.198.13 - - [13/Aug/2021:09:25:21 +0800] "GET /xingrg/javascript/easyui/themes/icons/import_new.png HTTP/1.1" 304 -
180.174.198.13 - - [13/Aug/2021:09:25:21 +0800] "GET /xingrg/javascript/easyui/plugins/jquery.parser.js HTTP/1.1" 304 -
180.174.198.13 - - [13/Aug/2021:09:25:21 +0800] "GET /xingrg/images/control/ajaxLoader.gif HTTP/1.1" 304 -
180.174.198.13 - - [13/Aug/2021:09:25:22 +0800] "POST /xingrg/kc/buy/cgsh_list_operate.html HTTP/1.1" 200 876
180.169.147.146 - - [13/Aug/2021:09:25:22 +0800] "GET /xingrg/check_reg.html?_=1628817914372 HTTP/1.1" 200 22
114.86.227.38 - - [13/Aug/2021:09:25:24 +0800] "GET /xingrg/kc/buy/cgsh_order_operate.html?command=get_materiel&rest_code=00109&code=00101008055&supplier_code=00100005&order_time=2021-08-13 HTTP/1.1" 200 409
222.70.178.182 - - [13/Aug/2021:09:25:29 +0800] "GET /xingrg/all/function/internal_message.html?_=1628817955790&CODE_STATE=getMsg HTTP/1.1" 302 -
114.86.227.38 - - [13/Aug/2021:09:25:31 +0800] "GET /xingrg/kc/buy/cgsh_order_operate.html?command=get_materiel&rest_code=00109&code=00101008244&supplier_code=00100005&order_time=2021-08-13 HTTP/1.1" 200 408
222.70.246.151 - - [13/Aug/2021:09:25:31 +0800] "GET /xingrg/all/function/internal_message.html?_=1628817946177&CODE_STATE=getMsg HTTP/1.1" 200 27
116.238.194.18 - - [13/Aug/2021:09:25:32 +0800] "GET /xingrg/kc/buy/cgsh_order_operate.html?command=get_materiel&rest_code=00150&code=00101008496&supplier_code=00100007&order_time=2021-08-13 HTTP/1.1" 200 392
114.86.227.38 - - [13/Aug/2021:09:25:32 +0800] "POST /xingrg/kc/buy/cgsh_order_operate.html HTTP/1.1" 200 2065
101.83.145.79 - - [13/Aug/2021:09:25:34 +0800] "POST /xingrg/kc/buy/cgsh_order_operate.html HTTP/1.1" 200 37
116.238.194.18 - - [13/Aug/2021:09:25:35 +0800] "GET /xingrg/all/function/internal_message.html?_=1628817877633&CODE_STATE=getMsg HTTP/1.1" 200 27
101.83.145.79 - - [13/Aug/2021:09:25:35 +0800] "POST /xingrg/kc/buy/cgsh_order_operate.html HTTP/1.1" 200 56429
114.86.227.38 - - [13/Aug/2021:09:25:36 +0800] "GET /xingrg/kc/buy/cgsh_order_operate.html?command=get_materiel&rest_code=00109&code=00101008096&supplier_code=00100005&order_time=2021-08-13 HTTP/1.1" 200 412
114.86.227.38 - - [13/Aug/2021:09:25:37 +0800] "GET /xingrg/all/function/internal_message.html?_=1628817936190&CODE_STATE=getMsg HTTP/1.1" 200 27
101.83.145.79 - - [13/Aug/2021:09:25:38 +0800] "GET /xingrg/kc/buy/cgsh_order_add.html HTTP/1.1" 200 63190
101.83.145.79 - - [13/Aug/2021:09:25:38 +0800] "POST /xingrg/kc/buy/cgsh_order_operate.html HTTP/1.1" 200 8245
101.83.145.79 - - [13/Aug/2021:09:25:38 +0800] "GET /xingrg/javascript/easyui/themes/default/validatebox.css HTTP/1.1" 404 1104
116.238.194.18 - - [13/Aug/2021:09:25:40 +0800] "GET /xingrg/kc/buy/cgsh_order_operate.html?command=get_materiel&rest_code=00150&code=00101008109&supplier_code=00100007&order_time=2021-08-13 HTTP/1.1" 200 413
114.86.227.38 - - [13/Aug/2021:09:25:42 +0800] "GET /xingrg/kc/buy/cgsh_order_operate.html?command=get_materiel&rest_code=00109&code=00101008225&supplier_code=00100005&order_time=2021-08-13 HTTP/1.1" 200 416
114.86.227.38 - - [13/Aug/2021:09:25:49 +0800] "POST /xingrg/kc/buy/cgsh_order_operate.html HTTP/1.1" 200 37
116.238.194.18 - - [13/Aug/2021:09:25:50 +0800] "GET /xingrg/kc/buy/cgsh_order_operate.html?command=get_materiel&rest_code=00150&code=00101008168&supplier_code=00100007&order_time=2021-08-13 HTTP/1.1" 200 413
180.169.147.146 - - [13/Aug/2021:09:25:50 +0800] "GET /xingrg/all/function/internal_message.html?_=1628817947573&CODE_STATE=getMsg HTTP/1.1" 200 27
114.86.227.38 - - [13/Aug/2021:09:25:53 +0800] "POST /xingrg/kc/buy/cgsh_order_operate.html HTTP/1.1" 200 24536
180.169.147.146 - - [13/Aug/2021:09:25:56 +0800] "GET /xingrg/all/function/internal_message.html?_=1628817953466&CODE_STATE=getMsg HTTP/1.1" 200 27
116.238.194.18 - - [13/Aug/2021:09:25:58 +0800] "GET /xingrg/kc/buy/cgsh_order_operate.html?command=get_materiel&rest_code=00150&code=00101008114&supplier_code=00100007&order_time=2021-08-13 HTTP/1.1" 200 412
114.88.154.248 - - [13/Aug/2021:09:25:58 +0800] "GET /xingrg/all/function/internal_message.html?_=1628817866611&CODE_STATE=getMsg HTTP/1.1" 200 27
116.235.222.38 - - [13/Aug/2021:09:26:02 +0800] "GET /xingrg/all/function/internal_message.html?_=1628817959565&CODE_STATE=getMsg HTTP/1.1" 200 27
116.238.194.18 - - [13/Aug/2021:09:26:03 +0800] "POST /xingrg/kc/buy/cgsh_order_operate.html HTTP/1.1" 200 37
116.238.194.18 - - [13/Aug/2021:09:26:05 +0800] "POST /xingrg/kc/buy/cgsh_order_operate.html HTTP/1.1" 200 28675
180.169.147.146 - - [13/Aug/2021:09:26:05 +0800] "GET /xingrg/all/function/internal_message.html?_=1628817957465&CODE_STATE=getMsg HTTP/1.1" 200 27
116.238.194.18 - - [13/Aug/2021:09:26:06 +0800] "GET /xingrg/all/function/internal_message.html?_=1628817961735&CODE_STATE=getMsg HTTP/1.1" 200 27
222.70.178.182 - - [13/Aug/2021:09:26:06 +0800] "GET /xingrg/all/function/internal_message.html?_=1628817961134&CODE_STATE=getMsg HTTP/1.1" 200 27
114.88.154.248 - - [13/Aug/2021:09:26:07 +0800] "GET /xingrg/all/function/internal_message.html?_=1628817875717&CODE_STATE=getMsg HTTP/1.1" 200 27
116.230.105.26 - - [13/Aug/2021:09:26:08 +0800] "GET /xingrg/all/function/internal_message.html?_=1628817958126&CODE_STATE=getMsg HTTP/1.1" 200 27
114.84.82.184 - - [13/Aug/2021:09:26:09 +0800] "GET /xingrg/all/function/internal_message.html?_=1628817967142&CODE_STATE=getMsg HTTP/1.1" 200 27
114.84.82.184 - - [13/Aug/2021:09:26:09 +0800] "GET /xingrg/check_reg.html?_=1628817967145 HTTP/1.1" 200 22
116.238.194.18 - - [13/Aug/2021:09:26:11 +0800] "GET /xingrg/kc/buy/cgsh_order_operate.html?command=get_materiel&rest_code=00150&code=00101008150&supplier_code=00100007&order_time=2021-08-13 HTTP/1.1" 200 409
180.174.198.13 - - [13/Aug/2021:09:26:12 +0800] "GET /xingrg/all/function/internal_message.html?_=1628817948080&CODE_STATE=getMsg HTTP/1.1" 200 27
120.253.135.82 - - [13/Aug/2021:09:26:15 +0800] "GET /xingrg/all/function/internal_message.html?_=1628817998366&CODE_STATE=getMsg HTTP/1.1" 200 27
101.83.145.79 - - [13/Aug/2021:09:26:17 +0800] "GET /xingrg/all/function/internal_message.html?_=1628817974565&CODE_STATE=getMsg HTTP/1.1" 200 27
116.238.194.18 - - [13/Aug/2021:09:26:19 +0800] "GET /xingrg/kc/buy/cgsh_order_operate.html?command=get_materiel&rest_code=00150&code=00101008041&supplier_code=00100007&order_time=2021-08-13 HTTP/1.1" 200 408
116.238.194.18 - - [13/Aug/2021:09:26:21 +0800] "GET /xingrg/kc/buy/cgsh_order_operate.html?command=get_materiel&rest_code=00150&code=00101006130&supplier_code=00100096&order_time=2021-08-13 HTTP/1.1" 200 429
101.83.145.79 - - [13/Aug/2021:09:26:25 +0800] "GET /xingrg/kc/buy/cgsh_order_operate.html?command=get_materiel&rest_code=00105&code=00101006193&supplier_code=00100012&order_time=2021-08-13 HTTP/1.1" 200 409
222.70.178.182 - - [13/Aug/2021:09:26:29 +0800] "GET /xingrg/all/function/internal_message.html?_=1628818015760&CODE_STATE=getMsg HTTP/1.1" 302 -
114.86.227.38 - - [13/Aug/2021:09:26:30 +0800] "GET /xingrg/kc/buy/cgsh_order_operate.html?command=get_materiel&rest_code=00109&code=00101008010&supplier_code=00100005&order_time=2021-08-13 HTTP/1.1" 200 412
222.70.246.151 - - [13/Aug/2021:09:26:31 +0800] "GET /xingrg/all/function/internal_message.html?_=1628818006180&CODE_STATE=getMsg HTTP/1.1" 200 27
116.238.194.18 - - [13/Aug/2021:09:26:34 +0800] "POST /xingrg/kc/buy/cgsh_order_operate.html HTTP/1.1" 200 37
114.86.227.38 - - [13/Aug/2021:09:26:36 +0800] "GET /xingrg/kc/buy/cgsh_order_operate.html?command=get_materiel&rest_code=00109&code=00101008306&supplier_code=00100005&order_time=2021-08-13 HTTP/1.1" 200 412
114.86.227.38 - - [13/Aug/2021:09:26:37 +0800] "GET /xingrg/all/function/internal_message.html?_=1628817996194&CODE_STATE=getMsg HTTP/1.1" 200 27
114.86.227.38 - - [13/Aug/2021:09:26:43 +0800] "GET /xingrg/kc/buy/cgsh_order_operate.html?command=get_materiel&rest_code=00109&code=00101008125&supplier_code=00100005&order_time=2021-08-13 HTTP/1.1" 200 413
222.70.178.182 - - [13/Aug/2021:09:26:47 +0800] "GET /xingrg/check_reg.html?_=1628818034320 HTTP/1.1" 302 -
116.238.194.18 - - [13/Aug/2021:09:26:49 +0800] "GET /xingrg/kc/buy/cgsh_order_operate.html?command=get_materiel&rest_code=00150&code=00101006065&supplier_code=00100096&order_time=2021-08-13 HTTP/1.1" 200 410
180.169.147.146 - - [13/Aug/2021:09:26:50 +0800] "GET /xingrg/all/function/internal_message.html?_=1628818007560&CODE_STATE=getMsg HTTP/1.1" 200 27
116.238.194.18 - - [13/Aug/2021:09:26:51 +0800] "POST /xingrg/kc/buy/cgsh_order_operate.html HTTP/1.1" 200 29850
114.86.227.38 - - [13/Aug/2021:09:26:54 +0800] "GET /xingrg/kc/buy/cgsh_order_operate.html?command=get_materiel&rest_code=00109&code=00101008003&supplier_code=00100005&order_time=2021-08-13 HTTP/1.1" 200 408
114.86.227.38 - - [13/Aug/2021:09:26:55 +0800] "POST /xingrg/kc/buy/cgsh_order_operate.html HTTP/1.1" 200 2065
116.238.194.18 - - [13/Aug/2021:09:26:56 +0800] "GET /xingrg/javascript/jquery_easy_ui/themes/default/images/button_a_bg.gif HTTP/1.1" 304 -
116.238.194.18 - - [13/Aug/2021:09:26:56 +0800] "GET /xingrg/javascript/jquery_easy_ui/themes/default/images/button_span_bg.gif HTTP/1.1" 304 -
116.238.194.18 - - [13/Aug/2021:09:26:56 +0800] "GET /xingrg/javascript/jquery_easy_ui/themes/icons/ok.png HTTP/1.1" 304 -
116.238.194.18 - - [13/Aug/2021:09:26:56 +0800] "GET /xingrg/javascript/jquery_easy_ui/themes/default/images/panel_tools.gif HTTP/1.1" 304 -
116.238.194.18 - - [13/Aug/2021:09:26:56 +0800] "GET /xingrg/javascript/jquery_easy_ui/themes/default/images/panel_title.png HTTP/1.1" 304 -
116.238.194.18 - - [13/Aug/2021:09:26:56 +0800] "GET /xingrg/all/function/internal_message.html?_=1628817959122&CODE_STATE=getMsg HTTP/1.1" 200 27
180.169.147.146 - - [13/Aug/2021:09:26:56 +0800] "GET /xingrg/all/function/internal_message.html?_=1628818013460&CODE_STATE=getMsg HTTP/1.1" 200 27
114.88.154.248 - - [13/Aug/2021:09:26:58 +0800] "GET /xingrg/all/function/internal_message.html?_=1628817926579&CODE_STATE=getMsg HTTP/1.1" 200 27
114.86.227.38 - - [13/Aug/2021:09:27:01 +0800] "GET /xingrg/kc/buy/cgsh_order_operate.html?command=get_materiel&rest_code=00109&code=00101008356&supplier_code=00100005&order_time=2021-08-13 HTTP/1.1" 200 409
116.238.194.18 - - [13/Aug/2021:09:27:01 +0800] "POST /xingrg/all/user/operate.html HTTP/1.1" 200 36
116.238.194.18 - - [13/Aug/2021:09:27:02 +0800] "GET /xingrg/index.html?sysBaseUrl=http%3A%2F%2F180.169.147.146%3A18081%2Fxingrg%2F&costTime=41×tamp=1628817274669 HTTP/1.1" 200 17177
116.238.194.18 - - [13/Aug/2021:09:27:02 +0800] "GET /xingrg/javascript/jquery_easy_ui/themes/default/easyui.css HTTP/1.1" 304 -
116.238.194.18 - - [13/Aug/2021:09:27:02 +0800] "GET /xingrg/javascript/jquery_easy_ui/themes/icon.css HTTP/1.1" 304 -
116.238.194.18 - - [13/Aug/2021:09:27:02 +0800] "GET /xingrg/css/form.css HTTP/1.1" 304 -
116.238.194.18 - - [13/Aug/2021:09:27:02 +0800] "GET /xingrg/javascript/jquery-1.4.2.min.js HTTP/1.1" 304 -
116.238.194.18 - - [13/Aug/2021:09:27:02 +0800] "GET /xingrg/javascript/jquery_easy_ui/jquery.easyui.min.js HTTP/1.1" 304 -
116.238.194.18 - - [13/Aug/2021:09:27:02 +0800] "GET /xingrg/javascript/jquery_easy_ui/easyui-lang-zh_CN.js HTTP/1.1" 304 -
116.238.194.18 - - [13/Aug/2021:09:27:02 +0800] "GET /xingrg/javascript/jquery.form.js HTTP/1.1" 304 -
116.238.194.18 - - [13/Aug/2021:09:27:02 +0800] "GET /xingrg/javascript/jquery.utils.js HTTP/1.1" 304 -
116.238.194.18 - - [13/Aug/2021:09:27:02 +0800] "GET /xingrg/javascript/jquery.timers.js HTTP/1.1" 304 -
116.238.194.18 - - [13/Aug/2021:09:27:02 +0800] "GET /xingrg/images/blue/jxLogo.png HTTP/1.1" 304 -
116.238.194.18 - - [13/Aug/2021:09:27:02 +0800] "GET /xingrg/images/blue/navBackgound.jpg HTTP/1.1" 304 -
116.238.194.18 - - [13/Aug/2021:09:27:02 +0800] "GET /xingrg/javascript/jquery_easy_ui/themes/icons/settle_new.png HTTP/1.1" 304 -
116.238.194.18 - - [13/Aug/2021:09:27:02 +0800] "POST /xingrg/all/common/load_tree.html?tree=area_rest_tree_json&manage=1 HTTP/1.1" 200 476
116.238.194.18 - - [13/Aug/2021:09:27:02 +0800] "GET /xingrg/images/blue/pingpu.png HTTP/1.1" 304 -
116.238.194.18 - - [13/Aug/2021:09:27:02 +0800] "GET /xingrg/javascript/jquery_easy_ui/themes/default/images/tabs_leftarrow.png HTTP/1.1" 304 -
116.238.194.18 - - [13/Aug/2021:09:27:02 +0800] "GET /xingrg/javascript/jquery_easy_ui/themes/default/images/tabs_rightarrow.png HTTP/1.1" 304 -
116.238.194.18 - - [13/Aug/2021:09:27:02 +0800] "GET /xingrg/all/function/internal_message.html?_=1628817964941&CODE_STATE=count HTTP/1.1" 200 11
116.238.194.18 - - [13/Aug/2021:09:27:02 +0800] "GET /xingrg/check_reg.html?_=1628817964942 HTTP/1.1" 200 22
116.238.194.18 - - [13/Aug/2021:09:27:02 +0800] "GET /xingrg/javascript/jquery_easy_ui/themes/default/images/panel_tool_collapse.gif HTTP/1.1" 304 -
116.238.194.18 - - [13/Aug/2021:09:27:02 +0800] "POST /xingrg/load_menu.html HTTP/1.1" 200 5138
116.235.222.38 - - [13/Aug/2021:09:27:02 +0800] "GET /xingrg/all/function/internal_message.html?_=1628818019550&CODE_STATE=getMsg HTTP/1.1" 200 27
116.238.194.18 - - [13/Aug/2021:09:27:02 +0800] "GET /xingrg/javascript/jquery_easy_ui/themes/default/images/tree_arrows.gif HTTP/1.1" 304 -
116.238.194.18 - - [13/Aug/2021:09:27:03 +0800] "GET /xingrg/kc/buy/cgsh_order_operate.html?command=get_materiel&rest_code=00150&code=00101006184&supplier_code=00100096&order_time=2021-08-13 HTTP/1.1" 200 408
116.238.194.18 - - [13/Aug/2021:09:27:05 +0800] "GET /xingrg/kc/buy/cgsh_order_list.html HTTP/1.1" 200 47409
180.169.147.146 - - [13/Aug/2021:09:27:05 +0800] "GET /xingrg/all/function/internal_message.html?_=1628818017466&CODE_STATE=getMsg HTTP/1.1" 200 27
116.238.194.18 - - [13/Aug/2021:09:27:06 +0800] "POST /xingrg/kc/buy/cgsh_list_operate.html HTTP/1.1" 200 876
116.238.194.18 - - [13/Aug/2021:09:27:06 +0800] "GET /xingrg/all/function/internal_message.html?_=1628818021760&CODE_STATE=getMsg HTTP/1.1" 200 27
116.238.194.18 - - [13/Aug/2021:09:27:06 +0800] "GET /xingrg/check_reg.html?_=1628818021786 HTTP/1.1" 200 22
222.70.178.182 - - [13/Aug/2021:09:27:06 +0800] "GET /xingrg/all/function/internal_message.html?_=1628818021134&CODE_STATE=getMsg HTTP/1.1" 200 27
116.238.194.18 - - [13/Aug/2021:09:27:07 +0800] "GET /xingrg/kc/buy/cgsh_order_add.html HTTP/1.1" 200 62797
116.238.194.18 - - [13/Aug/2021:09:27:07 +0800] "POST /xingrg/kc/buy/cgsh_order_operate.html HTTP/1.1" 200 8245
114.88.154.248 - - [13/Aug/2021:09:27:07 +0800] "GET /xingrg/all/function/internal_message.html?_=1628817935716&CODE_STATE=getMsg HTTP/1.1" 200 27
116.238.194.18 - - [13/Aug/2021:09:27:07 +0800] "GET /xingrg/all/common/auto_word.html?type=employee&rest_code=00151 HTTP/1.1" 200 293
116.238.194.18 - - [13/Aug/2021:09:27:07 +0800] "GET /xingrg/all/common/auto_word.html?type=employee&rest_code=00151 HTTP/1.1" 200 293
116.238.194.18 - - [13/Aug/2021:09:27:07 +0800] "GET /xingrg/javascript/easyui/themes/default/validatebox.css HTTP/1.1" 404 1104
116.238.194.18 - - [13/Aug/2021:09:27:08 +0800] "GET /xingrg/javascript/auto/indicator.gif HTTP/1.1" 404 1066
116.230.105.26 - - [13/Aug/2021:09:27:08 +0800] "GET /xingrg/all/function/internal_message.html?_=1628818018128&CODE_STATE=getMsg HTTP/1.1" 200 27
114.84.82.184 - - [13/Aug/2021:09:27:09 +0800] "GET /xingrg/all/function/internal_message.html?_=1628818027130&CODE_STATE=getMsg HTTP/1.1" 200 27
116.238.194.18 - - [13/Aug/2021:09:27:10 +0800] "GET /xingrg/kc/buy/cgsh_order_operate.html?command=get_materiel&rest_code=00150&code=00101006055&supplier_code=00100096&order_time=2021-08-13 HTTP/1.1" 200 411
180.174.198.13 - - [13/Aug/2021:09:27:12 +0800] "GET /xingrg/all/function/internal_message.html?_=1628818008093&CODE_STATE=getMsg HTTP/1.1" 200 27
120.253.135.82 - - [13/Aug/2021:09:27:15 +0800] "GET /xingrg/all/function/internal_message.html?_=1628818058373&CODE_STATE=getMsg HTTP/1.1" 200 27
101.83.145.79 - - [13/Aug/2021:09:27:17 +0800] "GET /xingrg/all/function/internal_message.html?_=1628818034566&CODE_STATE=getMsg HTTP/1.1" 200 27
116.238.194.18 - - [13/Aug/2021:09:27:17 +0800] "GET /xingrg/kc/buy/cgsh_order_operate.html?command=get_materiel&rest_code=00151&code=00101008323&supplier_code=00100007&order_time=2021-08-13 HTTP/1.1" 200 408
116.238.194.18 - - [13/Aug/2021:09:27:21 +0800] "GET /xingrg/kc/buy/cgsh_order_operate.html?command=get_materiel&rest_code=00150&code=00101006109&supplier_code=00100096&order_time=2021-08-13 HTTP/1.1" 200 411
116.238.194.18 - - [13/Aug/2021:09:27:28 +0800] "GET /xingrg/kc/buy/cgsh_order_operate.html?command=get_materiel&rest_code=00151&code=00101008318&supplier_code=00100007&order_time=2021-08-13 HTTP/1.1" 200 408
222.70.178.182 - - [13/Aug/2021:09:27:29 +0800] "GET /xingrg/all/function/internal_message.html?_=1628818075729&CODE_STATE=getMsg HTTP/1.1" 302 -
222.70.246.151 - - [13/Aug/2021:09:27:32 +0800] "GET /xingrg/all/function/internal_message.html?_=1628818066336&CODE_STATE=getMsg HTTP/1.1" 200 27
180.169.147.146 - - [13/Aug/2021:09:27:34 +0800] "GET /xingrg/javascript/jquery_tools/images/prev.gif HTTP/1.1" 404 1086
180.169.147.146 - - [13/Aug/2021:09:27:34 +0800] "GET /xingrg/javascript/jquery_tools/images/next.gif HTTP/1.1" 404 1086
116.238.194.18 - - [13/Aug/2021:09:27:34 +0800] "GET /xingrg/kc/buy/cgsh_order_operate.html?command=get_materiel&rest_code=00150&code=00101006013&supplier_code=00100096&order_time=2021-08-13 HTTP/1.1" 200 411
116.238.194.18 - - [13/Aug/2021:09:27:37 +0800] "GET /xingrg/kc/buy/cgsh_order_operate.html?command=get_materiel&rest_code=00151&code=00101008354&supplier_code=00100007&order_time=2021-08-13 HTTP/1.1" 200 412
114.86.227.38 - - [13/Aug/2021:09:27:37 +0800] "GET /xingrg/all/function/internal_message.html?_=1628818056195&CODE_STATE=getMsg HTTP/1.1" 200 27
114.86.227.38 - - [13/Aug/2021:09:27:37 +0800] "GET /xingrg/check_reg.html?_=1628818056197 HTTP/1.1" 200 22
180.169.147.146 - - [13/Aug/2021:09:27:37 +0800] "GET /xingrg/index.html?sysBaseUrl=http%3A%2F%2F180.169.147.146%3A18081%2Fxingrg%2F&costTime=39×tamp=1592034574635 HTTP/1.1" 200 17509
180.169.147.146 - - [13/Aug/2021:09:27:38 +0800] "GET /xingrg/javascript/jquery_easy_ui/themes/default/easyui.css HTTP/1.1" 200 26500
180.169.147.146 - - [13/Aug/2021:09:27:38 +0800] "GET /xingrg/javascript/jquery_easy_ui/easyui-lang-zh_CN.js HTTP/1.1" 200 1900
180.169.147.146 - - [13/Aug/2021:09:27:38 +0800] "GET /xingrg/javascript/jquery.utils.js HTTP/1.1" 200 11805
180.169.147.146 - - [13/Aug/2021:09:27:38 +0800] "GET /xingrg/javascript/jquery_easy_ui/themes/icon.css HTTP/1.1" 200 3949
180.169.147.146 - - [13/Aug/2021:09:27:38 +0800] "GET /xingrg/javascript/jquery.timers.js HTTP/1.1" 200 3532
180.169.147.146 - - [13/Aug/2021:09:27:38 +0800] "GET /xingrg/javascript/jquery-1.4.2.min.js HTTP/1.1" 200 72205
180.169.147.146 - - [13/Aug/2021:09:27:38 +0800] "GET /xingrg/javascript/jquery_easy_ui/jquery.easyui.min.js HTTP/1.1" 200 213662
180.169.147.146 - - [13/Aug/2021:09:27:38 +0800] "GET /xingrg/css/form.css HTTP/1.1" 200 893
180.169.147.146 - - [13/Aug/2021:09:27:38 +0800] "GET /xingrg/javascript/jquery.form.js HTTP/1.1" 200 23110
180.169.147.146 - - [13/Aug/2021:09:27:38 +0800] "GET /xingrg/images/blue/jxLogo.png HTTP/1.1" 200 6156
180.169.147.146 - - [13/Aug/2021:09:27:38 +0800] "GET /xingrg/javascript/jquery_easy_ui/themes/icons/settle_new.png HTTP/1.1" 200 826
180.169.147.146 - - [13/Aug/2021:09:27:38 +0800] "GET /xingrg/images/blue/navBackgound.jpg HTTP/1.1" 200 12378
180.169.147.146 - - [13/Aug/2021:09:27:38 +0800] "POST /xingrg/all/common/load_tree.html?tree=area_rest_tree_json&manage=1 HTTP/1.1" 200 3472
180.169.147.146 - - [13/Aug/2021:09:27:38 +0800] "GET /xingrg/all/function/internal_message.html?_=1628818055094&CODE_STATE=count HTTP/1.1" 200 11
180.169.147.146 - - [13/Aug/2021:09:27:38 +0800] "GET /xingrg/javascript/jquery_easy_ui/themes/default/images/panel_tool_collapse.gif HTTP/1.1" 200 246
180.169.147.146 - - [13/Aug/2021:09:27:38 +0800] "GET /xingrg/check_reg.html?_=1628818055097 HTTP/1.1" 200 22
180.169.147.146 - - [13/Aug/2021:09:27:38 +0800] "GET /xingrg/images/blue/pingpu.png HTTP/1.1" 200 231
180.169.147.146 - - [13/Aug/2021:09:27:38 +0800] "GET /xingrg/javascript/jquery_easy_ui/themes/default/images/tabs_rightarrow.png HTTP/1.1" 200 395
180.169.147.146 - - [13/Aug/2021:09:27:38 +0800] "GET /xingrg/javascript/jquery_easy_ui/themes/default/images/tabs_leftarrow.png HTTP/1.1" 200 389
180.169.147.146 - - [13/Aug/2021:09:27:38 +0800] "GET /xingrg/javascript/jquery_easy_ui/themes/default/images/panel_tool_expand.gif HTTP/1.1" 200 247
180.169.147.146 - - [13/Aug/2021:09:27:38 +0800] "POST /xingrg/load_menu.html HTTP/1.1" 200 9959
180.169.147.146 - - [13/Aug/2021:09:27:38 +0800] "GET /favicon.ico HTTP/1.1" 404 -
180.169.147.146 - - [13/Aug/2021:09:27:39 +0800] "GET /xingrg/javascript/jquery_easy_ui/themes/default/images/tree_arrows.gif HTTP/1.1" 200 1043
180.169.147.146 - - [13/Aug/2021:09:27:39 +0800] "GET /xingrg/javascript/jquery_easy_ui/themes/default/images/tree_folder_open.gif HTTP/1.1" 200 956
180.169.147.146 - - [13/Aug/2021:09:27:39 +0800] "GET /xingrg/javascript/jquery_easy_ui/themes/default/images/tree_folder.gif HTTP/1.1" 200 952
180.169.147.146 - - [13/Aug/2021:09:27:39 +0800] "GET /xingrg/javascript/jquery_easy_ui/themes/icons/storage_new.png HTTP/1.1" 200 853
180.169.147.146 - - [13/Aug/2021:09:27:39 +0800] "GET /xingrg/javascript/jquery_easy_ui/themes/icons/search_new.png HTTP/1.1" 200 586
180.169.147.146 - - [13/Aug/2021:09:27:39 +0800] "GET /xingrg/javascript/jquery_easy_ui/themes/icons/systemset_new.png HTTP/1.1" 200 606
180.169.147.146 - - [13/Aug/2021:09:27:39 +0800] "GET /xingrg/javascript/jquery_easy_ui/themes/icons/setting_new.png HTTP/1.1" 200 450
180.169.147.146 - - [13/Aug/2021:09:27:39 +0800] "GET /xingrg/javascript/jquery_easy_ui/themes/default/images/tree_file.gif HTTP/1.1" 200 118
180.169.147.146 - - [13/Aug/2021:09:27:39 +0800] "GET /xingrg/javascript/jquery_easy_ui/themes/icons/forms_new.png HTTP/1.1" 200 350
180.169.147.146 - - [13/Aug/2021:09:27:39 +0800] "GET /xingrg/javascript/jquery_easy_ui/themes/icons/checkout_new.png HTTP/1.1" 200 744
180.169.147.146 - - [13/Aug/2021:09:27:41 +0800] "GET /xingrg/javascript/jquery_easy_ui/themes/icons/area.png HTTP/1.1" 200 262
180.169.147.146 - - [13/Aug/2021:09:27:41 +0800] "GET /xingrg/javascript/jquery_easy_ui/themes/icons/manage.png HTTP/1.1" 200 696
180.169.147.146 - - [13/Aug/2021:09:27:41 +0800] "GET /xingrg/javascript/jquery_easy_ui/themes/icons/rest.png HTTP/1.1" 200 695
180.169.147.146 - - [13/Aug/2021:09:27:41 +0800] "GET /xingrg/javascript/jquery_easy_ui/themes/default/images/button_a_bg.gif HTTP/1.1" 200 1194
180.169.147.146 - - [13/Aug/2021:09:27:41 +0800] "GET /xingrg/javascript/jquery_easy_ui/themes/icons/ok.png HTTP/1.1" 200 883
180.169.147.146 - - [13/Aug/2021:09:27:41 +0800] "GET /xingrg/javascript/jquery_easy_ui/themes/default/images/panel_title.png HTTP/1.1" 200 266
180.169.147.146 - - [13/Aug/2021:09:27:41 +0800] "GET /xingrg/javascript/jquery_easy_ui/themes/default/images/button_span_bg.gif HTTP/1.1" 200 2061
180.169.147.146 - - [13/Aug/2021:09:27:41 +0800] "GET /xingrg/javascript/jquery_easy_ui/themes/default/images/panel_tools.gif HTTP/1.1" 200 737
