116.238.194.18 - - [13/Aug/2021:10:19:34 +0800] "POST /xingrg/kc/base/wldb_order_operate.html HTTP/1.1" 200 12
116.238.194.18 - - [13/Aug/2021:10:19:34 +0800] "POST /xingrg/kc/base/wldb_order_operate.html HTTP/1.1" 200 3680
120.253.135.82 - - [13/Aug/2021:10:19:34 +0800] "GET /xingrg/all/function/internal_message.html?_=1628820632308&CODE_STATE=getMsg HTTP/1.1" 302 -
116.238.194.18 - - [13/Aug/2021:10:19:36 +0800] "GET /xingrg/all/function/internal_message.html?_=1628821119145&CODE_STATE=getMsg HTTP/1.1" 200 27
114.86.227.38 - - [13/Aug/2021:10:19:37 +0800] "GET /xingrg/all/function/internal_message.html?_=1628821176311&CODE_STATE=getMsg HTTP/1.1" 302 -
114.86.227.38 - - [13/Aug/2021:10:19:37 +0800] "GET /xingrg/login.html HTTP/1.1" 200 7641
116.238.194.18 - - [13/Aug/2021:10:19:38 +0800] "GET /xingrg/kc/base/wldb_order_info.html?code=422021081301342 HTTP/1.1" 200 26279
116.238.194.18 - - [13/Aug/2021:10:19:38 +0800] "GET /xingrg/javascript/easyui/themes/default/validatebox.css HTTP/1.1" 404 1104
116.238.194.18 - - [13/Aug/2021:10:19:38 +0800] "POST /xingrg/kc/base/wldb_order_operate.html HTTP/1.1" 200 1942
116.238.194.18 - - [13/Aug/2021:10:19:41 +0800] "GET /xingrg/kc/base/wldb_order_add.html HTTP/1.1" 200 30403
116.238.194.18 - - [13/Aug/2021:10:19:41 +0800] "POST /xingrg/kc/base/wldb_order_operate.html HTTP/1.1" 200 6806
116.238.194.18 - - [13/Aug/2021:10:19:41 +0800] "GET /xingrg/javascript/easyui/themes/default/validatebox.css HTTP/1.1" 404 1104
58.37.4.159 - - [13/Aug/2021:10:19:46 +0800] "GET /xingrg/all/function/internal_message.html?_=1628821180813&CODE_STATE=getMsg HTTP/1.1" 200 27
101.89.239.245 - - [13/Aug/2021:10:19:47 +0800] "GET /xingrg/all/function/internal_message.html?_=1628821120838&CODE_STATE=getMsg HTTP/1.1" 302 -
116.238.194.18 - - [13/Aug/2021:10:19:48 +0800] "GET /xingrg/kc/base/wldb_order_operate.html?command=get_materiel&rest_code=00150&base_code=0010450&code=00101002038 HTTP/1.1" 200 436
180.169.147.146 - - [13/Aug/2021:10:19:50 +0800] "GET /xingrg/all/function/internal_message.html?_=1628821187573&CODE_STATE=getMsg HTTP/1.1" 302 -
180.169.147.146 - - [13/Aug/2021:10:19:50 +0800] "GET /xingrg/check_reg.html?_=1628821187576 HTTP/1.1" 302 -
101.89.239.245 - - [13/Aug/2021:10:19:50 +0800] "GET /xingrg/login.html HTTP/1.1" 200 7641
116.235.222.38 - - [13/Aug/2021:10:19:51 +0800] "GET /xingrg/kc/buy/cgsh_order_operate.html?command=get_materiel&rest_code=00107&code=00101010282&supplier_code=00100324&order_time=2021-08-13 HTTP/1.1" 200 415
116.238.194.18 - - [13/Aug/2021:10:19:54 +0800] "GET /xingrg/kc/base/wldb_order_operate.html?command=get_materiel&rest_code=00150&base_code=0010450&code=00101004038 HTTP/1.1" 200 431
117.184.7.26 - - [13/Aug/2021:10:20:02 +0800] "GET /xingrg/all/function/internal_message.html?_=1628821191472&CODE_STATE=getMsg HTTP/1.1" 200 27
117.184.7.26 - - [13/Aug/2021:10:20:02 +0800] "GET /xingrg/check_reg.html?_=1628821191507 HTTP/1.1" 200 22
180.169.147.146 - - [13/Aug/2021:10:20:02 +0800] "GET /xingrg/all/function/internal_message.html?_=1628821200729&CODE_STATE=getMsg HTTP/1.1" 302 -
180.169.147.146 - - [13/Aug/2021:10:20:04 +0800] "GET /xingrg/all/function/internal_message.html?_=1628821196399&CODE_STATE=getMsg HTTP/1.1" 302 -
116.238.194.18 - - [13/Aug/2021:10:20:05 +0800] "POST /xingrg/kc/base/wldb_order_operate.html HTTP/1.1" 200 37
222.70.178.182 - - [13/Aug/2021:10:20:06 +0800] "GET /xingrg/all/function/internal_message.html?_=1628821201231&CODE_STATE=getMsg HTTP/1.1" 302 -
120.253.135.82 - - [13/Aug/2021:10:20:07 +0800] "GET /xingrg/all/function/internal_message.html?_=1628820980746&CODE_STATE=getMsg HTTP/1.1" 200 27
116.238.194.18 - - [13/Aug/2021:10:20:07 +0800] "POST /xingrg/kc/base/wldb_order_operate.html HTTP/1.1" 200 12
116.238.194.18 - - [13/Aug/2021:10:20:07 +0800] "POST /xingrg/kc/base/wldb_order_operate.html HTTP/1.1" 200 2656
116.238.194.18 - - [13/Aug/2021:10:20:08 +0800] "GET /xingrg/kc/base/wldb_order_info.html?code=422021081301343 HTTP/1.1" 200 26280
116.238.194.18 - - [13/Aug/2021:10:20:08 +0800] "GET /xingrg/words/20210813094930_words.js HTTP/1.1" 304 -
116.238.194.18 - - [13/Aug/2021:10:20:08 +0800] "GET /xingrg/javascript/easyui/themes/default/validatebox.css HTTP/1.1" 404 1104
116.238.194.18 - - [13/Aug/2021:10:20:08 +0800] "POST /xingrg/kc/base/wldb_order_operate.html HTTP/1.1" 200 939
116.230.105.26 - - [13/Aug/2021:10:20:09 +0800] "GET /xingrg/check_reg.html?_=1628821198136 HTTP/1.1" 302 -
116.230.105.26 - - [13/Aug/2021:10:20:09 +0800] "GET /xingrg/all/function/internal_message.html?_=1628821198134&CODE_STATE=getMsg HTTP/1.1" 302 -
114.84.82.184 - - [13/Aug/2021:10:20:09 +0800] "GET /xingrg/all/function/internal_message.html?_=1628821207347&CODE_STATE=getMsg HTTP/1.1" 302 -
116.238.194.18 - - [13/Aug/2021:10:20:10 +0800] "GET /xingrg/kc/base/wldb_order_add.html HTTP/1.1" 200 30403
116.238.194.18 - - [13/Aug/2021:10:20:10 +0800] "GET /xingrg/javascript/easyui/themes/default/validatebox.css HTTP/1.1" 404 1104
116.238.194.18 - - [13/Aug/2021:10:20:10 +0800] "POST /xingrg/kc/base/wldb_order_operate.html HTTP/1.1" 200 6806
116.235.222.38 - - [13/Aug/2021:10:20:11 +0800] "POST /xingrg/kc/buy/cgsh_order_operate.html HTTP/1.1" 200 37
180.174.198.13 - - [13/Aug/2021:10:20:14 +0800] "GET /xingrg/all/function/internal_message.html?_=1628821190281&CODE_STATE=getMsg HTTP/1.1" 200 27
116.235.222.38 - - [13/Aug/2021:10:20:15 +0800] "POST /xingrg/kc/buy/cgsh_order_operate.html HTTP/1.1" 200 2659
120.253.135.82 - - [13/Aug/2021:10:20:16 +0800] "GET /xingrg/all/function/internal_message.html?_=1628821239129&CODE_STATE=getMsg HTTP/1.1" 302 -
101.83.145.79 - - [13/Aug/2021:10:20:17 +0800] "GET /xingrg/all/function/internal_message.html?_=1628821214612&CODE_STATE=getMsg HTTP/1.1" 302 -
116.238.194.18 - - [13/Aug/2021:10:20:18 +0800] "GET /xingrg/kc/base/wldb_order_operate.html?command=get_materiel&rest_code=00150&base_code=0010445&code=00101019448 HTTP/1.1" 200 470
116.235.222.38 - - [13/Aug/2021:10:20:18 +0800] "GET /xingrg/kc/print/load_data.html?order_code=212021081305616&kc_code=cgsh&condition= HTTP/1.1" 200 676
116.238.194.18 - - [13/Aug/2021:10:20:22 +0800] "POST /xingrg/kc/base/wldb_order_operate.html HTTP/1.1" 200 37
180.169.147.146 - - [13/Aug/2021:10:20:23 +0800] "GET /xingrg/check_reg.html?_=1628821214623 HTTP/1.1" 302 -
116.238.194.18 - - [13/Aug/2021:10:20:25 +0800] "POST /xingrg/kc/base/wldb_order_operate.html HTTP/1.1" 200 12
116.238.194.18 - - [13/Aug/2021:10:20:25 +0800] "POST /xingrg/kc/base/wldb_order_operate.html HTTP/1.1" 200 2228
180.174.198.13 - - [13/Aug/2021:10:20:25 +0800] "GET /xingrg/all/function/internal_message.html?_=1628821222544&CODE_STATE=getMsg HTTP/1.1" 200 27
116.235.222.38 - - [13/Aug/2021:10:20:25 +0800] "GET /xingrg/kc/buy/cgsh_order_add.html HTTP/1.1" 200 63231
116.235.222.38 - - [13/Aug/2021:10:20:26 +0800] "GET /xingrg/javascript/easyui/themes/default/validatebox.css HTTP/1.1" 404 1104
116.235.222.38 - - [13/Aug/2021:10:20:26 +0800] "POST /xingrg/kc/buy/cgsh_order_operate.html HTTP/1.1" 200 8245
222.70.178.182 - - [13/Aug/2021:10:20:27 +0800] "GET /xingrg/all/function/internal_message.html?_=1628821254522&CODE_STATE=getMsg HTTP/1.1" 302 -
116.235.222.38 - - [13/Aug/2021:10:20:27 +0800] "GET /xingrg/javascript/easyui/themes/default/tree.css HTTP/1.1" 404 1090
116.235.222.38 - - [13/Aug/2021:10:20:28 +0800] "POST /xingrg/all/common/load_tree.html?tree=supplier_tree_json&isDelete=1 HTTP/1.1" 200 57192
116.238.194.18 - - [13/Aug/2021:10:20:28 +0800] "GET /xingrg/kc/base/wldb_order_info.html?code=422021081301344 HTTP/1.1" 200 26281
116.238.194.18 - - [13/Aug/2021:10:20:28 +0800] "GET /xingrg/javascript/easyui/themes/default/validatebox.css HTTP/1.1" 404 1104
116.238.194.18 - - [13/Aug/2021:10:20:28 +0800] "POST /xingrg/kc/base/wldb_order_operate.html HTTP/1.1" 200 522
222.70.178.182 - - [13/Aug/2021:10:20:29 +0800] "GET /xingrg/javascript/jquery_easy_ui/themes/icons/rest.png HTTP/1.1" 200 695
222.70.178.182 - - [13/Aug/2021:10:20:29 +0800] "GET /xingrg/javascript/jquery_easy_ui/themes/icons/area.png HTTP/1.1" 200 262
116.238.194.18 - - [13/Aug/2021:10:20:30 +0800] "GET /xingrg/kc/base/wldb_order_add.html HTTP/1.1" 200 30403
116.238.194.18 - - [13/Aug/2021:10:20:30 +0800] "POST /xingrg/kc/base/wldb_order_operate.html HTTP/1.1" 200 6806
116.238.194.18 - - [13/Aug/2021:10:20:31 +0800] "GET /xingrg/javascript/easyui/themes/default/validatebox.css HTTP/1.1" 404 1104
58.37.4.159 - - [13/Aug/2021:10:20:31 +0800] "GET /xingrg/all/function/internal_message.html?_=1628821229464&CODE_STATE=getMsg HTTP/1.1" 200 27
222.70.178.182 - - [13/Aug/2021:10:20:31 +0800] "GET /xingrg/kc/buy/cgsh_order_add.html HTTP/1.1" 302 -
222.70.178.182 - - [13/Aug/2021:10:20:31 +0800] "GET /xingrg/login.html HTTP/1.1" 200 7641
222.70.178.182 - - [13/Aug/2021:10:20:31 +0800] "GET /xingrg/login.html HTTP/1.1" 200 7641
114.86.227.38 - - [13/Aug/2021:10:20:31 +0800] "GET /favicon.ico HTTP/1.1" 404 -
222.70.178.182 - - [13/Aug/2021:10:20:31 +0800] "GET /favicon.ico HTTP/1.1" 404 -
222.70.178.182 - - [13/Aug/2021:10:20:33 +0800] "POST /xingrg/login.do HTTP/1.1" 302 -
222.70.178.182 - - [13/Aug/2021:10:20:33 +0800] "GET /xingrg/index.html?sysBaseUrl=http%3A%2F%2F180.169.147.146%3A18081%2Fxingrg%2F&costTime=41×tamp=1628821233304 HTTP/1.1" 200 17173
222.70.178.182 - - [13/Aug/2021:10:20:33 +0800] "GET /favicon.ico HTTP/1.1" 404 -
222.70.178.182 - - [13/Aug/2021:10:20:33 +0800] "POST /xingrg/all/common/load_tree.html?tree=area_rest_tree_json&manage=1 HTTP/1.1" 200 342
222.70.178.182 - - [13/Aug/2021:10:20:33 +0800] "GET /xingrg/all/function/internal_message.html?_=1628821228265&CODE_STATE=count HTTP/1.1" 200 11
222.70.178.182 - - [13/Aug/2021:10:20:33 +0800] "GET /xingrg/check_reg.html?_=1628821228266 HTTP/1.1" 200 22
222.70.178.182 - - [13/Aug/2021:10:20:33 +0800] "POST /xingrg/load_menu.html HTTP/1.1" 200 5138
172.20.0.100 - - [13/Aug/2021:10:20:33 +0800] "GET /xingrg/all/function/internal_message.html?_=1628821231211&CODE_STATE=getMsg HTTP/1.1" 302 -
120.253.135.82 - - [13/Aug/2021:10:20:34 +0800] "GET /xingrg/all/function/internal_message.html?_=1628820692282&CODE_STATE=getMsg HTTP/1.1" 302 -
116.238.194.18 - - [13/Aug/2021:10:20:36 +0800] "GET /xingrg/all/function/internal_message.html?_=1628821179158&CODE_STATE=getMsg HTTP/1.1" 200 27
222.70.178.182 - - [13/Aug/2021:10:20:37 +0800] "GET /xingrg/kc/buy/buy_main.html HTTP/1.1" 200 12412
222.70.178.182 - - [13/Aug/2021:10:20:37 +0800] "GET /xingrg/css/new_ie.css HTTP/1.1" 404 1036
114.86.227.38 - - [13/Aug/2021:10:20:37 +0800] "GET /xingrg/all/function/internal_message.html?_=1628821236314&CODE_STATE=getMsg HTTP/1.1" 302 -
114.86.227.38 - - [13/Aug/2021:10:20:37 +0800] "GET /xingrg/login.html HTTP/1.1" 200 7641
116.238.194.18 - - [13/Aug/2021:10:20:38 +0800] "GET /xingrg/kc/base/wldb_order_operate.html?command=get_materiel&rest_code=00150&base_code=0010446&code=00102004006 HTTP/1.1" 200 442
222.70.178.182 - - [13/Aug/2021:10:20:38 +0800] "GET /xingrg/images/yd/bt.gif HTTP/1.1" 404 1040
222.70.178.182 - - [13/Aug/2021:10:20:38 +0800] "GET /xingrg/kc/buy/cgsh_order_list.html HTTP/1.1" 200 47405
222.70.178.182 - - [13/Aug/2021:10:20:40 +0800] "POST /xingrg/kc/buy/cgsh_list_operate.html HTTP/1.1" 200 3134
116.238.194.18 - - [13/Aug/2021:10:20:42 +0800] "GET /xingrg/kc/base/wldb_order_operate.html?command=get_materiel&rest_code=00150&base_code=0010446&code=00102021018 HTTP/1.1" 200 446
116.235.222.38 - - [13/Aug/2021:10:20:45 +0800] "GET /xingrg/kc/buy/cgsh_order_operate.html?command=get_materiel&rest_code=00107&code=00101004065&supplier_code=00100086&order_time=2021-08-13 HTTP/1.1" 200 413
58.37.4.159 - - [13/Aug/2021:10:20:45 +0800] "GET /xingrg/all/function/internal_message.html?_=1628821240791&CODE_STATE=getMsg HTTP/1.1" 200 27
116.238.194.18 - - [13/Aug/2021:10:20:47 +0800] "GET /xingrg/kc/base/wldb_order_operate.html?command=get_materiel&rest_code=00150&base_code=0010446&code=00102002557 HTTP/1.1" 200 443
180.169.147.146 - - [13/Aug/2021:10:20:50 +0800] "GET /xingrg/all/function/internal_message.html?_=1628821247562&CODE_STATE=getMsg HTTP/1.1" 302 -
222.70.178.182 - - [13/Aug/2021:10:20:51 +0800] "GET /xingrg/kc/buy/cgsh_order_add.html HTTP/1.1" 200 63143
222.70.178.182 - - [13/Aug/2021:10:20:51 +0800] "GET /xingrg/words/20210813094930_words.js HTTP/1.1" 200 833656
222.70.178.182 - - [13/Aug/2021:10:20:51 +0800] "POST /xingrg/kc/buy/cgsh_order_operate.html HTTP/1.1" 200 8245
222.70.178.182 - - [13/Aug/2021:10:20:51 +0800] "GET /xingrg/javascript/easyui/themes/default/validatebox.css HTTP/1.1" 404 1104
222.70.178.182 - - [13/Aug/2021:10:20:52 +0800] "GET /xingrg/javascript/auto/indicator.gif HTTP/1.1" 404 1066
116.238.194.18 - - [13/Aug/2021:10:20:53 +0800] "GET /xingrg/kc/base/wldb_order_operate.html?command=get_materiel&rest_code=00150&base_code=0010446&code=00102002448 HTTP/1.1" 200 426
222.70.178.182 - - [13/Aug/2021:10:20:53 +0800] "GET /xingrg/javascript/jquery_tools/images/prev.gif HTTP/1.1" 404 1086
222.70.178.182 - - [13/Aug/2021:10:20:53 +0800] "GET /xingrg/javascript/jquery_tools/images/next.gif HTTP/1.1" 404 1086
116.235.222.38 - - [13/Aug/2021:10:20:55 +0800] "POST /xingrg/kc/buy/cgsh_order_operate.html HTTP/1.1" 200 37
116.235.222.38 - - [13/Aug/2021:10:20:56 +0800] "POST /xingrg/kc/buy/cgsh_order_operate.html HTTP/1.1" 200 2660
116.235.222.38 - - [13/Aug/2021:10:20:58 +0800] "GET /xingrg/kc/print/load_data.html?order_code=212021081305617&kc_code=cgsh&condition= HTTP/1.1" 200 739
117.184.7.26 - - [13/Aug/2021:10:21:02 +0800] "GET /xingrg/all/function/internal_message.html?_=1628821251475&CODE_STATE=getMsg HTTP/1.1" 200 27
222.70.178.182 - - [13/Aug/2021:10:21:02 +0800] "GET /xingrg/kc/buy/cgsh_order_operate.html?command=get_materiel&rest_code=00111&code=00101010161&supplier_code=00100042&order_time=2021-08-13 HTTP/1.1" 200 409
116.235.222.38 - - [13/Aug/2021:10:21:02 +0800] "GET /xingrg/kc/buy/cgsh_order_add.html HTTP/1.1" 200 63231
180.169.147.146 - - [13/Aug/2021:10:21:02 +0800] "GET /xingrg/all/function/internal_message.html?_=1628821260733&CODE_STATE=getMsg HTTP/1.1" 302 -
180.169.147.146 - - [13/Aug/2021:10:21:02 +0800] "GET /xingrg/check_reg.html?_=1628821260734 HTTP/1.1" 302 -
116.235.222.38 - - [13/Aug/2021:10:21:03 +0800] "GET /xingrg/words/20210813094930_words.js HTTP/1.1" 304 -
116.238.194.18 - - [13/Aug/2021:10:21:03 +0800] "POST /xingrg/kc/base/wldb_order_operate.html HTTP/1.1" 200 37
116.235.222.38 - - [13/Aug/2021:10:21:03 +0800] "GET /xingrg/javascript/easyui/themes/default/validatebox.css HTTP/1.1" 404 1104
116.235.222.38 - - [13/Aug/2021:10:21:03 +0800] "POST /xingrg/kc/buy/cgsh_order_operate.html HTTP/1.1" 200 8245
116.235.222.38 - - [13/Aug/2021:10:21:04 +0800] "GET /xingrg/javascript/easyui/themes/default/tree.css HTTP/1.1" 404 1090
180.169.147.146 - - [13/Aug/2021:10:21:04 +0800] "GET /xingrg/all/function/internal_message.html?_=1628821256402&CODE_STATE=getMsg HTTP/1.1" 302 -
116.235.222.38 - - [13/Aug/2021:10:21:05 +0800] "POST /xingrg/all/common/load_tree.html?tree=supplier_tree_json&isDelete=1 HTTP/1.1" 200 57192
116.238.194.18 - - [13/Aug/2021:10:21:05 +0800] "POST /xingrg/kc/base/wldb_order_operate.html HTTP/1.1" 200 12
116.238.194.18 - - [13/Aug/2021:10:21:05 +0800] "POST /xingrg/kc/base/wldb_order_operate.html HTTP/1.1" 200 3633
116.238.194.18 - - [13/Aug/2021:10:21:06 +0800] "GET /xingrg/kc/base/wldb_order_info.html?code=422021081301345 HTTP/1.1" 200 26281
116.238.194.18 - - [13/Aug/2021:10:21:06 +0800] "GET /xingrg/javascript/easyui/themes/default/validatebox.css HTTP/1.1" 404 1104
116.238.194.18 - - [13/Aug/2021:10:21:06 +0800] "POST /xingrg/kc/base/wldb_order_operate.html HTTP/1.1" 200 1893
120.253.135.82 - - [13/Aug/2021:10:21:07 +0800] "GET /xingrg/all/function/internal_message.html?_=1628821040760&CODE_STATE=getMsg HTTP/1.1" 200 27
116.238.194.18 - - [13/Aug/2021:10:21:07 +0800] "GET /xingrg/kc/base/yddb_order_list.html HTTP/1.1" 200 16795
116.238.194.18 - - [13/Aug/2021:10:21:08 +0800] "POST /xingrg/kc/base/yddb_list_operate.html HTTP/1.1" 200 636
116.230.105.26 - - [13/Aug/2021:10:21:09 +0800] "GET /xingrg/all/function/internal_message.html?_=1628821258128&CODE_STATE=getMsg HTTP/1.1" 302 -
116.238.194.18 - - [13/Aug/2021:10:21:09 +0800] "GET /xingrg/kc/base/yddb_order_add.html HTTP/1.1" 200 29837
116.238.194.18 - - [13/Aug/2021:10:21:09 +0800] "GET /xingrg/dwr/interface/AjaxYddbService.js HTTP/1.1" 200 13201
116.238.194.18 - - [13/Aug/2021:10:21:09 +0800] "GET /xingrg/dwr/interface/AjaxComOrderService.js HTTP/1.1" 200 18264
116.238.194.18 - - [13/Aug/2021:10:21:09 +0800] "GET /xingrg/dwr/engine.js HTTP/1.1" 200 43631
114.84.82.184 - - [13/Aug/2021:10:21:09 +0800] "GET /xingrg/check_reg.html?_=1628821267220 HTTP/1.1" 302 -
114.84.82.184 - - [13/Aug/2021:10:21:09 +0800] "GET /xingrg/all/function/internal_message.html?_=1628821267343&CODE_STATE=getMsg HTTP/1.1" 302 -
116.238.194.18 - - [13/Aug/2021:10:21:11 +0800] "POST /xingrg/dwr/call/plaincall/AjaxYddbService.getRestBases.dwr HTTP/1.1" 200 1514
116.235.222.38 - - [13/Aug/2021:10:21:12 +0800] "GET /xingrg/all/function/internal_message.html?_=1628821269735&CODE_STATE=getMsg HTTP/1.1" 200 27
180.174.198.13 - - [13/Aug/2021:10:21:14 +0800] "GET /xingrg/all/function/internal_message.html?_=1628821250294&CODE_STATE=getMsg HTTP/1.1" 200 27
222.70.178.182 - - [13/Aug/2021:10:21:15 +0800] "GET /xingrg/kc/buy/cgsh_order_operate.html?command=get_materiel&rest_code=00111&code=00101003025&supplier_code=00100042&order_time=2021-08-13 HTTP/1.1" 200 409
120.253.135.82 - - [13/Aug/2021:10:21:16 +0800] "GET /xingrg/all/function/internal_message.html?_=1628821299139&CODE_STATE=getMsg HTTP/1.1" 302 -
101.83.145.79 - - [13/Aug/2021:10:21:17 +0800] "GET /xingrg/all/function/internal_message.html?_=1628821274613&CODE_STATE=getMsg HTTP/1.1" 302 -
180.169.147.146 - - [13/Aug/2021:10:21:18 +0800] "GET /xingrg/index.html?sysBaseUrl=http%3A%2F%2F180.169.147.146%3A18081%2Fxingrg%2F&costTime=40×tamp=1610415445867 HTTP/1.1" 302 -
180.169.147.146 - - [13/Aug/2021:10:21:18 +0800] "GET /xingrg/login.html HTTP/1.1" 200 7641
180.169.147.146 - - [13/Aug/2021:10:21:18 +0800] "GET /favicon.ico HTTP/1.1" 404 -
180.169.147.146 - - [13/Aug/2021:10:21:20 +0800] "POST /xingrg/login.do HTTP/1.1" 302 -
180.169.147.146 - - [13/Aug/2021:10:21:20 +0800] "GET /xingrg/index.html?sysBaseUrl=http%3A%2F%2F180.169.147.146%3A18081%2Fxingrg%2F&costTime=138×tamp=1628821280030 HTTP/1.1" 200 17503
180.169.147.146 - - [13/Aug/2021:10:21:20 +0800] "GET /favicon.ico HTTP/1.1" 404 -
180.169.147.146 - - [13/Aug/2021:10:21:20 +0800] "POST /xingrg/all/common/load_tree.html?tree=area_rest_tree_json&manage=1 HTTP/1.1" 200 3472
180.169.147.146 - - [13/Aug/2021:10:21:20 +0800] "GET /xingrg/check_reg.html?_=1628821288950 HTTP/1.1" 200 22
180.169.147.146 - - [13/Aug/2021:10:21:20 +0800] "GET /xingrg/all/function/internal_message.html?_=1628821288949&CODE_STATE=count HTTP/1.1" 200 11
180.169.147.146 - - [13/Aug/2021:10:21:20 +0800] "POST /xingrg/load_menu.html HTTP/1.1" 200 11443
116.238.194.18 - - [13/Aug/2021:10:21:21 +0800] "POST /xingrg/dwr/call/plaincall/AjaxYddbService.saveOrder.dwr HTTP/1.1" 200 78
116.238.194.18 - - [13/Aug/2021:10:21:22 +0800] "GET /xingrg/images/yd/bt.gif HTTP/1.1" 404 1040
116.238.194.18 - - [13/Aug/2021:10:21:24 +0800] "POST /xingrg/dwr/call/plaincall/AjaxComOrderService.getMaterielSearchList.dwr HTTP/1.1" 200 768
116.238.194.18 - - [13/Aug/2021:10:21:24 +0800] "POST /xingrg/dwr/call/plaincall/AjaxComOrderService.getMaterielSearchList.dwr HTTP/1.1" 200 768
180.174.198.13 - - [13/Aug/2021:10:21:25 +0800] "GET /xingrg/all/function/internal_message.html?_=1628821282560&CODE_STATE=getMsg HTTP/1.1" 200 27
116.238.194.18 - - [13/Aug/2021:10:21:25 +0800] "GET /xingrg/all/function/internal_message.html?_=1628821281281&CODE_STATE=getMsg HTTP/1.1" 200 27
116.238.194.18 - - [13/Aug/2021:10:21:26 +0800] "POST /xingrg/dwr/call/plaincall/AjaxYddbService.getMaterielByMap.dwr HTTP/1.1" 200 3764
222.70.178.182 - - [13/Aug/2021:10:21:26 +0800] "POST /xingrg/kc/buy/cgsh_order_operate.html HTTP/1.1" 200 37
116.235.222.38 - - [13/Aug/2021:10:21:26 +0800] "GET /xingrg/kc/buy/cgsh_order_operate.html?command=get_materiel&rest_code=00107&code=00101010108&supplier_code=00100336&order_time=2021-08-13 HTTP/1.1" 200 421
222.70.178.182 - - [13/Aug/2021:10:21:27 +0800] "GET /xingrg/all/function/internal_message.html?_=1628821314499&CODE_STATE=getMsg HTTP/1.1" 302 -
116.238.194.18 - - [13/Aug/2021:10:21:28 +0800] "POST /xingrg/dwr/call/plaincall/AjaxYddbService.getUnitPrice.dwr HTTP/1.1" 200 87
222.70.178.182 - - [13/Aug/2021:10:21:28 +0800] "POST /xingrg/kc/buy/cgsh_order_operate.html HTTP/1.1" 200 3242
222.70.178.182 - - [13/Aug/2021:10:21:30 +0800] "GET /xingrg/kc/print/load_data.html?order_code=212021081305618&kc_code=cgsh&condition= HTTP/1.1" 200 924
116.238.194.18 - - [13/Aug/2021:10:21:30 +0800] "POST /xingrg/dwr/call/plaincall/AjaxYddbService.saveMaterielItem.dwr HTTP/1.1" 200 78
58.37.4.159 - - [13/Aug/2021:10:21:31 +0800] "GET /xingrg/check_reg.html?_=1628821289477 HTTP/1.1" 200 22
58.37.4.159 - - [13/Aug/2021:10:21:31 +0800] "GET /xingrg/all/function/internal_message.html?_=1628821289479&CODE_STATE=getMsg HTTP/1.1" 200 27
180.169.147.146 - - [13/Aug/2021:10:21:33 +0800] "POST /xingrg/all/user/operate.html HTTP/1.1" 200 36
180.169.147.146 - - [13/Aug/2021:10:21:33 +0800] "GET /xingrg/javascript/jquery_easy_ui/themes/default/easyui.css HTTP/1.1" 304 -
180.169.147.146 - - [13/Aug/2021:10:21:33 +0800] "GET /xingrg/index.html?sysBaseUrl=http%3A%2F%2F180.169.147.146%3A18081%2Fxingrg%2F&costTime=138×tamp=1628821280030 HTTP/1.1" 200 17503
180.169.147.146 - - [13/Aug/2021:10:21:33 +0800] "GET /xingrg/javascript/jquery_easy_ui/themes/icon.css HTTP/1.1" 304 -
180.169.147.146 - - [13/Aug/2021:10:21:33 +0800] "GET /xingrg/css/form.css HTTP/1.1" 304 -
180.169.147.146 - - [13/Aug/2021:10:21:33 +0800] "GET /xingrg/javascript/jquery-1.4.2.min.js HTTP/1.1" 304 -
180.169.147.146 - - [13/Aug/2021:10:21:33 +0800] "GET /xingrg/javascript/jquery_easy_ui/jquery.easyui.min.js HTTP/1.1" 304 -
180.169.147.146 - - [13/Aug/2021:10:21:33 +0800] "GET /xingrg/javascript/jquery_easy_ui/easyui-lang-zh_CN.js HTTP/1.1" 304 -
180.169.147.146 - - [13/Aug/2021:10:21:33 +0800] "GET /xingrg/javascript/jquery.form.js HTTP/1.1" 304 -
180.169.147.146 - - [13/Aug/2021:10:21:33 +0800] "GET /xingrg/javascript/jquery.utils.js HTTP/1.1" 304 -
180.169.147.146 - - [13/Aug/2021:10:21:33 +0800] "GET /xingrg/javascript/jquery.timers.js HTTP/1.1" 304 -
180.169.147.146 - - [13/Aug/2021:10:21:33 +0800] "GET /xingrg/images/blue/jxLogo.png HTTP/1.1" 304 -
180.169.147.146 - - [13/Aug/2021:10:21:33 +0800] "GET /xingrg/images/blue/navBackgound.jpg HTTP/1.1" 304 -
120.253.135.82 - - [13/Aug/2021:10:21:33 +0800] "GET /xingrg/kc/pszx/mdqp_order_list.html?state=10 HTTP/1.1" 200 10657
180.169.147.146 - - [13/Aug/2021:10:21:33 +0800] "GET /xingrg/javascript/jquery_easy_ui/themes/icons/settle_new.png HTTP/1.1" 304 -
120.253.135.82 - - [13/Aug/2021:10:21:33 +0800] "GET /xingrg/dwr/interface/AjaxReportQueryService.js HTTP/1.1" 200 13203
180.169.147.146 - - [13/Aug/2021:10:21:33 +0800] "POST /xingrg/all/common/load_tree.html?tree=area_rest_tree_json&manage=1 HTTP/1.1" 200 3472
120.253.135.82 - - [13/Aug/2021:10:21:33 +0800] "GET /xingrg/dwr/interface/AjaxQqpsService.js HTTP/1.1" 200 16326
120.253.135.82 - - [13/Aug/2021:10:21:33 +0800] "GET /xingrg/dwr/engine.js HTTP/1.1" 200 43631
180.169.147.146 - - [13/Aug/2021:10:21:33 +0800] "GET /xingrg/all/function/internal_message.html?_=1628821302030&CODE_STATE=count HTTP/1.1" 200 11
180.169.147.146 - - [13/Aug/2021:10:21:33 +0800] "GET /xingrg/check_reg.html?_=1628821302031 HTTP/1.1" 200 22
180.169.147.146 - - [13/Aug/2021:10:21:33 +0800] "GET /xingrg/javascript/jquery_easy_ui/themes/default/images/tabs_leftarrow.png HTTP/1.1" 304 -
180.169.147.146 - - [13/Aug/2021:10:21:33 +0800] "GET /xingrg/javascript/jquery_easy_ui/themes/default/images/panel_tool_expand.gif HTTP/1.1" 304 -
180.169.147.146 - - [13/Aug/2021:10:21:33 +0800] "GET /xingrg/javascript/jquery_easy_ui/themes/default/images/panel_tool_collapse.gif HTTP/1.1" 304 -
180.169.147.146 - - [13/Aug/2021:10:21:33 +0800] "GET /xingrg/javascript/jquery_easy_ui/themes/default/images/tabs_rightarrow.png HTTP/1.1" 304 -
180.169.147.146 - - [13/Aug/2021:10:21:33 +0800] "GET /xingrg/images/blue/pingpu.png HTTP/1.1" 304 -
180.169.147.146 - - [13/Aug/2021:10:21:33 +0800] "POST /xingrg/load_menu.html HTTP/1.1" 200 9959
222.70.178.182 - - [13/Aug/2021:10:21:33 +0800] "GET /xingrg/all/function/internal_message.html?_=1628821288276&CODE_STATE=getMsg HTTP/1.1" 200 27
172.20.0.100 - - [13/Aug/2021:10:21:33 +0800] "GET /xingrg/all/function/internal_message.html?_=1628821291213&CODE_STATE=getMsg HTTP/1.1" 302 -
116.238.194.18 - - [13/Aug/2021:10:21:34 +0800] "POST /xingrg/dwr/call/plaincall/AjaxComOrderService.getMaterielSearchList.dwr HTTP/1.1" 200 875
180.169.147.146 - - [13/Aug/2021:10:21:34 +0800] "GET /xingrg/kc/report/report_main.html HTTP/1.1" 200 7345
116.238.194.18 - - [13/Aug/2021:10:21:34 +0800] "POST /xingrg/dwr/call/plaincall/AjaxComOrderService.getMaterielSearchList.dwr HTTP/1.1" 200 875
120.253.135.82 - - [13/Aug/2021:10:21:34 +0800] "GET /xingrg/all/function/internal_message.html?_=1628820752251&CODE_STATE=getMsg HTTP/1.1" 302 -
116.235.222.38 - - [13/Aug/2021:10:21:35 +0800] "POST /xingrg/kc/buy/cgsh_order_operate.html HTTP/1.1" 200 37
120.253.135.82 - - [13/Aug/2021:10:21:36 +0800] "GET /xingrg/kc/pszx/mdqp_order_info.html?code=302021081300256 HTTP/1.1" 200 13350
120.253.135.82 - - [13/Aug/2021:10:21:36 +0800] "GET /xingrg/javascript/Grid.js HTTP/1.1" 200 58908
120.253.135.82 - - [13/Aug/2021:10:21:36 +0800] "GET /xingrg/dwr/interface/AjaxComOrderService.js HTTP/1.1" 200 18264
120.253.135.82 - - [13/Aug/2021:10:21:36 +0800] "GET /xingrg/dwr/interface/AjaxQqpsService.js HTTP/1.1" 200 16326
120.253.135.82 - - [13/Aug/2021:10:21:36 +0800] "GET /xingrg/javascript/ToolTips.js HTTP/1.1" 200 5615
120.253.135.82 - - [13/Aug/2021:10:21:36 +0800] "GET /xingrg/javascript/AjaxInfoList.js HTTP/1.1" 200 3774
120.253.135.82 - - [13/Aug/2021:10:21:36 +0800] "GET /xingrg/javascript/tools/jquery.qtip-1.0.0-rc3.min.js HTTP/1.1" 200 38404
120.253.135.82 - - [13/Aug/2021:10:21:36 +0800] "GET /xingrg/javascript/checkform.js HTTP/1.1" 200 18351
120.253.135.82 - - [13/Aug/2021:10:21:36 +0800] "GET /xingrg/dwr/engine.js HTTP/1.1" 200 43631
180.169.147.146 - - [13/Aug/2021:10:21:36 +0800] "GET /xingrg/all/report/report_query.html?fileName=kc/buy/gys_amount.xml&rh=99999 HTTP/1.1" 200 52006
180.169.147.146 - - [13/Aug/2021:10:21:36 +0800] "GET /xingrg/dwr/interface/AjaxReportQueryService.js HTTP/1.1" 200 13203
180.169.147.146 - - [13/Aug/2021:10:21:36 +0800] "GET /xingrg/dwr/engine.js HTTP/1.1" 200 43631
180.169.147.146 - - [13/Aug/2021:10:21:36 +0800] "GET /xingrg/dwr/util.js HTTP/1.1" 200 35990
120.253.135.82 - - [13/Aug/2021:10:21:36 +0800] "GET /xingrg/javascript/jquery_easy_ui/themes/default/images/menu_downarrow.png HTTP/1.1" 200 173
120.253.135.82 - - [13/Aug/2021:10:21:36 +0800] "GET /xingrg/javascript/jquery_easy_ui/themes/icons/print.png HTTP/1.1" 200 1057
120.253.135.82 - - [13/Aug/2021:10:21:36 +0800] "GET /xingrg/images/blue/kc_tab_left.gif HTTP/1.1" 200 188
120.253.135.82 - - [13/Aug/2021:10:21:36 +0800] "GET /xingrg/images/blue/kc_tab2_left.gif HTTP/1.1" 200 625
120.253.135.82 - - [13/Aug/2021:10:21:36 +0800] "GET /xingrg/images/blue/kc_tab_mid.gif HTTP/1.1" 200 44
120.253.135.82 - - [13/Aug/2021:10:21:36 +0800] "GET /xingrg/images/blue/kc_tab_right.gif HTTP/1.1" 200 643
120.253.135.82 - - [13/Aug/2021:10:21:36 +0800] "GET /xingrg/images/blue/button/kc_tab_save.gif HTTP/1.1" 200 777
120.253.135.82 - - [13/Aug/2021:10:21:36 +0800] "GET /xingrg/images/blue/button/kc_tab_edit.gif HTTP/1.1" 200 551
120.253.135.82 - - [13/Aug/2021:10:21:36 +0800] "GET /xingrg/images/blue/kc_tab2_right.gif HTTP/1.1" 200 192
120.253.135.82 - - [13/Aug/2021:10:21:36 +0800] "GET /xingrg/images/blue/wait.gif HTTP/1.1" 200 1100
120.253.135.82 - - [13/Aug/2021:10:21:36 +0800] "POST /xingrg/dwr/call/plaincall/AjaxQqpsService.loadMaterielItems.dwr HTTP/1.1" 200 609
116.235.222.38 - - [13/Aug/2021:10:21:36 +0800] "POST /xingrg/kc/buy/cgsh_order_operate.html HTTP/1.1" 200 2665
180.169.147.146 - - [13/Aug/2021:10:21:36 +0800] "POST /xingrg/dwr/call/plaincall/AjaxReportQueryService.getFixDate.dwr HTTP/1.1" 200 111
180.169.147.146 - - [13/Aug/2021:10:21:36 +0800] "POST /xingrg/all/common/load_tree.html?tree=supplier_tree_json&manage=1 HTTP/1.1" 200 58169
116.238.194.18 - - [13/Aug/2021:10:21:36 +0800] "GET /xingrg/check_reg.html?_=1628821239112 HTTP/1.1" 200 22
116.238.194.18 - - [13/Aug/2021:10:21:36 +0800] "GET /xingrg/all/function/internal_message.html?_=1628821239171&CODE_STATE=getMsg HTTP/1.1" 200 27
114.86.227.38 - - [13/Aug/2021:10:21:37 +0800] "GET /xingrg/all/function/internal_message.html?_=1628821296315&CODE_STATE=getMsg HTTP/1.1" 302 -
114.86.227.38 - - [13/Aug/2021:10:21:37 +0800] "GET /xingrg/login.html HTTP/1.1" 200 7641
180.169.147.146 - - [13/Aug/2021:10:21:38 +0800] "POST /xingrg/all/common/load_tree.html?tree=materiel_sort_tree_json HTTP/1.1" 200 8666
180.169.147.146 - - [13/Aug/2021:10:21:38 +0800] "POST /xingrg/dwr/call/plaincall/AjaxReportQueryService.getInitString.dwr HTTP/1.1" 200 1014
116.235.222.38 - - [13/Aug/2021:10:21:38 +0800] "GET /xingrg/kc/print/load_data.html?order_code=212021081305619&kc_code=cgsh&condition= HTTP/1.1" 200 678
120.253.135.82 - - [13/Aug/2021:10:21:41 +0800] "GET /xingrg/images/yd/bt.gif HTTP/1.1" 404 1040
120.253.135.82 - - [13/Aug/2021:10:21:41 +0800] "GET /xingrg/images/yd/bt2.gif HTTP/1.1" 404 1042
58.37.4.159 - - [13/Aug/2021:10:21:42 +0800] "GET /xingrg/check_reg.html?_=1628821297249 HTTP/1.1" 200 22
120.253.135.82 - - [13/Aug/2021:10:21:42 +0800] "GET /xingrg/javascript/jquery_easy_ui/themes/default/images/button_plain_hover.png HTTP/1.1" 200 252
116.235.222.38 - - [13/Aug/2021:10:21:44 +0800] "GET /xingrg/kc/buy/cgsh_order_add.html HTTP/1.1" 200 63231
116.235.222.38 - - [13/Aug/2021:10:21:44 +0800] "GET /xingrg/javascript/easyui/themes/default/validatebox.css HTTP/1.1" 404 1104
116.235.222.38 - - [13/Aug/2021:10:21:44 +0800] "POST /xingrg/kc/buy/cgsh_order_operate.html HTTP/1.1" 200 8245
58.37.4.159 - - [13/Aug/2021:10:21:45 +0800] "GET /xingrg/all/function/internal_message.html?_=1628821300772&CODE_STATE=getMsg HTTP/1.1" 200 27
120.253.135.82 - - [13/Aug/2021:10:21:46 +0800] "GET /xingrg/kc/pszx/jzcl_ps.html HTTP/1.1" 200 7683
120.253.135.82 - - [13/Aug/2021:10:21:46 +0800] "GET /xingrg/javascript/step/step.css HTTP/1.1" 200 999
120.253.135.82 - - [13/Aug/2021:10:21:46 +0800] "GET /xingrg/css/table.css HTTP/1.1" 200 3684
120.253.135.82 - - [13/Aug/2021:10:21:46 +0800] "GET /xingrg/javascript/step/images/navCurrentBtn.gif HTTP/1.1" 200 557
120.253.135.82 - - [13/Aug/2021:10:21:46 +0800] "GET /xingrg/javascript/jquery_easy_ui/themes/icons/search.png HTTP/1.1" 200 813
120.253.135.82 - - [13/Aug/2021:10:21:46 +0800] "GET /xingrg/javascript/jquery_easy_ui/themes/default/images/button_span_bg.gif HTTP/1.1" 200 2061
120.253.135.82 - - [13/Aug/2021:10:21:46 +0800] "GET /xingrg/javascript/jquery_easy_ui/themes/default/images/button_a_bg.gif HTTP/1.1" 200 1194
120.253.135.82 - - [13/Aug/2021:10:21:46 +0800] "GET /xingrg/javascript/jquery_easy_ui/themes/default/images/combo_arrow_dot.gif HTTP/1.1" 200 79
120.253.135.82 - - [13/Aug/2021:10:21:46 +0800] "POST /xingrg/all/common/load_tree.html?tree=area_rest_tree_json HTTP/1.1" 200 3472
120.253.135.82 - - [13/Aug/2021:10:21:46 +0800] "GET /xingrg/javascript/jquery_easy_ui/themes/default/images/calendar_prevmonth.gif HTTP/1.1" 200 66
120.253.135.82 - - [13/Aug/2021:10:21:46 +0800] "GET /xingrg/javascript/jquery_easy_ui/themes/default/images/calendar_nextmonth.gif HTTP/1.1" 200 64
120.253.135.82 - - [13/Aug/2021:10:21:46 +0800] "GET /xingrg/javascript/jquery_easy_ui/themes/default/images/calendar_prevyear.gif HTTP/1.1" 200 76
120.253.135.82 - - [13/Aug/2021:10:21:46 +0800] "GET /xingrg/javascript/jquery_easy_ui/themes/default/images/calendar_nextyear.gif HTTP/1.1" 200 75
120.253.135.82 - - [13/Aug/2021:10:21:46 +0800] "GET /xingrg/javascript/jquery_easy_ui/themes/default/images/datagrid_header_bg.gif HTTP/1.1" 200 97
120.253.135.82 - - [13/Aug/2021:10:21:47 +0800] "GET /xingrg/javascript/jquery_easy_ui/themes/default/images/pagination_loading.gif HTTP/1.1" 200 1737
116.238.194.18 - - [13/Aug/2021:10:21:47 +0800] "POST /xingrg/dwr/call/plaincall/AjaxYddbService.getMaterielByMap.dwr HTTP/1.1" 200 3728
120.253.135.82 - - [13/Aug/2021:10:21:47 +0800] "GET /xingrg/javascript/jquery_easy_ui/themes/default/images/tree_checkbox_0.gif HTTP/1.1" 200 168
120.253.135.82 - - [13/Aug/2021:10:21:47 +0800] "POST /xingrg/kc/pszx/jzcl_ps_operate.html HTTP/1.1" 200 410
120.253.135.82 - - [13/Aug/2021:10:21:47 +0800] "POST /xingrg/kc/pszx/jzcl_ps_operate.html HTTP/1.1" 200 410
222.70.178.182 - - [13/Aug/2021:10:21:47 +0800] "GET /xingrg/check_reg.html?_=1628821334092 HTTP/1.1" 302 -
120.253.135.82 - - [13/Aug/2021:10:21:47 +0800] "GET /xingrg/javascript/jquery_easy_ui/themes/icons/rest.png HTTP/1.1" 200 695
116.235.222.38 - - [13/Aug/2021:10:21:47 +0800] "GET /xingrg/javascript/easyui/themes/default/tree.css HTTP/1.1" 404 1090
116.235.222.38 - - [13/Aug/2021:10:21:47 +0800] "POST /xingrg/all/common/load_tree.html?tree=supplier_tree_json&isDelete=1 HTTP/1.1" 200 57192
116.238.194.18 - - [13/Aug/2021:10:21:50 +0800] "POST /xingrg/dwr/call/plaincall/AjaxYddbService.saveMaterielItem.dwr HTTP/1.1" 200 79
180.169.147.146 - - [13/Aug/2021:10:21:50 +0800] "GET /xingrg/all/function/internal_message.html?_=1628821307567&CODE_STATE=getMsg HTTP/1.1" 302 -
120.253.135.82 - - [13/Aug/2021:10:21:50 +0800] "GET /xingrg/check_reg.html?_=1628820767809 HTTP/1.1" 302 -
120.253.135.82 - - [13/Aug/2021:10:21:51 +0800] "POST /xingrg/kc/pszx/jzcl_ps_operate.html HTTP/1.1" 200 4
120.253.135.82 - - [13/Aug/2021:10:21:52 +0800] "GET /xingrg/javascript/step/images/navLastDoneBtn.gif HTTP/1.1" 200 552
120.253.135.82 - - [13/Aug/2021:10:21:52 +0800] "GET /xingrg/javascript/step/images/navDoneBtn.gif HTTP/1.1" 200 394
120.253.135.82 - - [13/Aug/2021:10:21:53 +0800] "GET /xingrg/kc/pszx/mdps_order_list.html HTTP/1.1" 200 21048
120.253.135.82 - - [13/Aug/2021:10:21:53 +0800] "POST /xingrg/kc/pszx/jzcl_ps_operate.html HTTP/1.1" 200 21
61.129.6.251 - - [13/Aug/2021:10:21:53 +0800] "GET /xingrg/all/function/internal_message.html?_=1628821240791&CODE_STATE=getMsg HTTP/1.1" 302 -
120.253.135.82 - - [13/Aug/2021:10:21:53 +0800] "POST /xingrg/kc/pszx/mdps_list_operate.html HTTP/1.1" 200 5390
61.129.6.251 - - [13/Aug/2021:10:21:54 +0800] "GET /xingrg/login.html HTTP/1.1" 200 7641
180.169.147.146 - - [13/Aug/2021:10:21:55 +0800] "POST /xingrg/dwr/call/plaincall/AjaxReportQueryService.refreshCache.dwr HTTP/1.1" 200 78
180.169.147.146 - - [13/Aug/2021:10:21:59 +0800] "POST /xingrg/all/report/load_report_page.html HTTP/1.1" 200 8904
180.169.147.146 - - [13/Aug/2021:10:21:59 +0800] "GET /xingrg/servlets/image?cache=0.4985209716614196&image=px HTTP/1.1" 200 807
117.184.7.26 - - [13/Aug/2021:10:22:02 +0800] "GET /xingrg/all/function/internal_message.html?_=1628821311476&CODE_STATE=getMsg HTTP/1.1" 200 27
116.238.194.18 - - [13/Aug/2021:10:22:02 +0800] "POST /xingrg/dwr/call/plaincall/AjaxComOrderService.getMaterielSearchList.dwr HTTP/1.1" 200 13514
180.169.147.146 - - [13/Aug/2021:10:22:02 +0800] "GET /xingrg/all/function/internal_message.html?_=1628821320735&CODE_STATE=getMsg HTTP/1.1" 302 -
116.238.194.18 - - [13/Aug/2021:10:22:03 +0800] "POST /xingrg/dwr/call/plaincall/AjaxComOrderService.getMaterielSearchList.dwr HTTP/1.1" 200 298
120.253.135.82 - - [13/Aug/2021:10:22:04 +0800] "POST /xingrg/kc/pszx/mdps_list_operate.html HTTP/1.1" 200 2060
116.238.194.18 - - [13/Aug/2021:10:22:04 +0800] "POST /xingrg/dwr/call/plaincall/AjaxYddbService.getMaterielByMap.dwr HTTP/1.1" 200 3733
180.169.147.146 - - [13/Aug/2021:10:22:04 +0800] "GET /xingrg/all/function/internal_message.html?_=1628821316344&CODE_STATE=getMsg HTTP/1.1" 302 -
120.253.135.82 - - [13/Aug/2021:10:22:06 +0800] "POST /xingrg/kc/pszx/mdps_list_operate.html HTTP/1.1" 200 276
101.83.145.79 - - [13/Aug/2021:10:22:06 +0800] "POST /xingrg/kc/buy/cgsh_order_operate.html HTTP/1.1" 302 -
116.238.194.18 - - [13/Aug/2021:10:22:06 +0800] "POST /xingrg/dwr/call/plaincall/AjaxYddbService.getUnitPrice.dwr HTTP/1.1" 200 88
120.253.135.82 - - [13/Aug/2021:10:22:07 +0800] "GET /xingrg/kc/pszx/mdps_order_info.html?code=312021081300367 HTTP/1.1" 200 23931
120.253.135.82 - - [13/Aug/2021:10:22:07 +0800] "GET /xingrg/all/function/internal_message.html?_=1628821101047&CODE_STATE=getMsg HTTP/1.1" 200 27
120.253.135.82 - - [13/Aug/2021:10:22:07 +0800] "GET /xingrg/javascript/easyui/themes/default/validatebox.css HTTP/1.1" 404 1104
120.253.135.82 - - [13/Aug/2021:10:22:07 +0800] "POST /xingrg/kc/pszx/mdps_order_operate.html HTTP/1.1" 200 2753
116.230.105.26 - - [13/Aug/2021:10:22:09 +0800] "GET /xingrg/all/function/internal_message.html?_=1628821318132&CODE_STATE=getMsg HTTP/1.1" 302 -
114.84.82.184 - - [13/Aug/2021:10:22:09 +0800] "GET /xingrg/all/function/internal_message.html?_=1628821327312&CODE_STATE=getMsg HTTP/1.1" 302 -
101.83.145.79 - - [13/Aug/2021:10:22:10 +0800] "POST /xingrg/kc/buy/cgsh_order_operate.html HTTP/1.1" 302 -
116.238.194.18 - - [13/Aug/2021:10:22:12 +0800] "POST /xingrg/dwr/call/plaincall/AjaxYddbService.saveMaterielItem.dwr HTTP/1.1" 200 79
120.253.135.82 - - [13/Aug/2021:10:22:12 +0800] "POST /xingrg/kc/pszx/mdps_order_operate.html HTTP/1.1" 200 37
116.235.222.38 - - [13/Aug/2021:10:22:12 +0800] "GET /xingrg/all/function/internal_message.html?_=1628821329706&CODE_STATE=getMsg HTTP/1.1" 200 27
120.253.135.82 - - [13/Aug/2021:10:22:13 +0800] "GET /xingrg/kc/pszx/mdps_order_info.html?code=312021081300367 HTTP/1.1" 200 23931
120.253.135.82 - - [13/Aug/2021:10:22:13 +0800] "GET /xingrg/javascript/easyui/themes/default/validatebox.css HTTP/1.1" 404 1104
120.253.135.82 - - [13/Aug/2021:10:22:13 +0800] "POST /xingrg/kc/pszx/mdps_order_operate.html HTTP/1.1" 200 2768
180.174.198.13 - - [13/Aug/2021:10:22:15 +0800] "GET /xingrg/all/function/internal_message.html?_=1628821310760&CODE_STATE=getMsg HTTP/1.1" 200 27
116.235.222.38 - - [13/Aug/2021:10:22:15 +0800] "GET /xingrg/kc/buy/cgsh_order_operate.html?command=get_materiel&rest_code=00107&code=00101001127&supplier_code=00100442&order_time=2021-08-13 HTTP/1.1" 200 429
120.253.135.82 - - [13/Aug/2021:10:22:16 +0800] "GET /xingrg/all/function/internal_message.html?_=1628821359161&CODE_STATE=getMsg HTTP/1.1" 302 -
116.238.194.18 - - [13/Aug/2021:10:22:16 +0800] "POST /xingrg/dwr/call/plaincall/AjaxComOrderService.getMaterielSearchList.dwr HTTP/1.1" 200 11831
116.238.194.18 - - [13/Aug/2021:10:22:17 +0800] "POST /xingrg/dwr/call/plaincall/AjaxComOrderService.getMaterielSearchList.dwr HTTP/1.1" 200 592
120.253.135.82 - - [13/Aug/2021:10:22:17 +0800] "POST /xingrg/kc/pszx/mdps_list_operate.html HTTP/1.1" 200 360
101.83.145.79 - - [13/Aug/2021:10:22:17 +0800] "GET /xingrg/all/function/internal_message.html?_=1628821334610&CODE_STATE=getMsg HTTP/1.1" 302 -
120.253.135.82 - - [13/Aug/2021:10:22:19 +0800] "GET /xingrg/kc/pszx/mdps_order_info.html?code=312021081300367 HTTP/1.1" 200 23931
116.238.194.18 - - [13/Aug/2021:10:22:19 +0800] "POST /xingrg/dwr/call/plaincall/AjaxYddbService.getMaterielByMap.dwr HTTP/1.1" 200 3750
120.253.135.82 - - [13/Aug/2021:10:22:20 +0800] "GET /xingrg/javascript/easyui/themes/default/validatebox.css HTTP/1.1" 404 1104
120.253.135.82 - - [13/Aug/2021:10:22:20 +0800] "POST /xingrg/kc/pszx/mdps_order_operate.html HTTP/1.1" 200 2768
116.238.194.18 - - [13/Aug/2021:10:22:22 +0800] "POST /xingrg/dwr/call/plaincall/AjaxYddbService.saveMaterielItem.dwr HTTP/1.1" 200 79
101.83.145.79 - - [13/Aug/2021:10:22:22 +0800] "POST /xingrg/kc/buy/cgsh_order_operate.html HTTP/1.1" 302 -
120.253.135.82 - - [13/Aug/2021:10:22:24 +0800] "POST /xingrg/kc/pszx/mdps_list_operate.html HTTP/1.1" 200 2060
116.235.222.38 - - [13/Aug/2021:10:22:24 +0800] "POST /xingrg/kc/buy/cgsh_order_operate.html HTTP/1.1" 200 37
180.174.198.13 - - [13/Aug/2021:10:22:25 +0800] "GET /xingrg/all/function/internal_message.html?_=1628821342572&CODE_STATE=getMsg HTTP/1.1" 200 27
120.253.135.82 - - [13/Aug/2021:10:22:25 +0800] "GET /xingrg/kc/pszx/mdps_order_add.html HTTP/1.1" 200 29070
120.253.135.82 - - [13/Aug/2021:10:22:25 +0800] "POST /xingrg/kc/pszx/mdps_order_operate.html HTTP/1.1" 200 7126
116.238.194.18 - - [13/Aug/2021:10:22:25 +0800] "GET /xingrg/check_reg.html?_=1628821341252 HTTP/1.1" 200 22
116.238.194.18 - - [13/Aug/2021:10:22:25 +0800] "GET /xingrg/all/function/internal_message.html?_=1628821341256&CODE_STATE=getMsg HTTP/1.1" 200 27
120.253.135.82 - - [13/Aug/2021:10:22:25 +0800] "GET /xingrg/javascript/easyui/themes/default/validatebox.css HTTP/1.1" 404 1104
116.238.194.18 - - [13/Aug/2021:10:22:27 +0800] "POST /xingrg/dwr/call/plaincall/AjaxYddbService.checkOrder.dwr HTTP/1.1" 200 79
116.238.194.18 - - [13/Aug/2021:10:22:27 +0800] "GET /xingrg/kc/base/yddb_order_info.html?code=482021081300087 HTTP/1.1" 200 29467
116.238.194.18 - - [13/Aug/2021:10:22:27 +0800] "GET /xingrg/dwr/interface/AjaxYddbService.js HTTP/1.1" 200 13201
116.238.194.18 - - [13/Aug/2021:10:22:27 +0800] "GET /xingrg/dwr/interface/AjaxComOrderService.js HTTP/1.1" 200 18264
116.238.194.18 - - [13/Aug/2021:10:22:27 +0800] "GET /xingrg/dwr/engine.js HTTP/1.1" 200 43631
222.70.178.182 - - [13/Aug/2021:10:22:27 +0800] "GET /xingrg/all/function/internal_message.html?_=1628821374476&CODE_STATE=getMsg HTTP/1.1" 302 -
116.238.194.18 - - [13/Aug/2021:10:22:27 +0800] "POST /xingrg/dwr/call/plaincall/AjaxYddbService.loadMaterielItems.dwr HTTP/1.1" 200 1565
116.235.222.38 - - [13/Aug/2021:10:22:28 +0800] "POST /xingrg/kc/buy/cgsh_order_operate.html HTTP/1.1" 200 2674
116.235.222.38 - - [13/Aug/2021:10:22:29 +0800] "GET /xingrg/kc/print/load_data.html?order_code=212021081305620&kc_code=cgsh&condition= HTTP/1.1" 200 693
58.37.4.159 - - [13/Aug/2021:10:22:31 +0800] "GET /xingrg/all/function/internal_message.html?_=1628821349504&CODE_STATE=getMsg HTTP/1.1" 200 27
222.70.178.182 - - [13/Aug/2021:10:22:31 +0800] "GET /xingrg/kc/buy/cgsh_order_add.html HTTP/1.1" 200 63143
222.70.178.182 - - [13/Aug/2021:10:22:32 +0800] "POST /xingrg/kc/buy/cgsh_order_operate.html HTTP/1.1" 200 8245
222.70.178.182 - - [13/Aug/2021:10:22:32 +0800] "GET /xingrg/javascript/easyui/themes/default/validatebox.css HTTP/1.1" 404 1104
180.169.147.146 - - [13/Aug/2021:10:22:33 +0800] "GET /xingrg/all/function/internal_message.html?_=1628821362048&CODE_STATE=getMsg HTTP/1.1" 200 27
222.70.178.182 - - [13/Aug/2021:10:22:33 +0800] "GET /xingrg/all/function/internal_message.html?_=1628821348280&CODE_STATE=getMsg HTTP/1.1" 200 27
172.20.0.100 - - [13/Aug/2021:10:22:33 +0800] "GET /xingrg/all/function/internal_message.html?_=1628821351216&CODE_STATE=getMsg HTTP/1.1" 302 -
116.235.222.38 - - [13/Aug/2021:10:22:34 +0800] "GET /xingrg/kc/buy/cgsh_order_add.html HTTP/1.1" 200 63231
120.253.135.82 - - [13/Aug/2021:10:22:34 +0800] "GET /xingrg/all/function/internal_message.html?_=1628820812220&CODE_STATE=getMsg HTTP/1.1" 302 -
116.235.222.38 - - [13/Aug/2021:10:22:35 +0800] "GET /xingrg/javascript/easyui/themes/default/validatebox.css HTTP/1.1" 404 1104
116.235.222.38 - - [13/Aug/2021:10:22:35 +0800] "POST /xingrg/kc/buy/cgsh_order_operate.html HTTP/1.1" 200 8245
116.238.194.18 - - [13/Aug/2021:10:22:36 +0800] "GET /xingrg/all/function/internal_message.html?_=1628821299185&CODE_STATE=getMsg HTTP/1.1" 200 27
116.235.222.38 - - [13/Aug/2021:10:22:37 +0800] "GET /xingrg/javascript/easyui/themes/default/tree.css HTTP/1.1" 404 1090
120.253.135.82 - - [13/Aug/2021:10:22:37 +0800] "POST /xingrg/all/common/load_combo.html?type=base HTTP/1.1" 200 1075
116.235.222.38 - - [13/Aug/2021:10:22:37 +0800] "POST /xingrg/all/common/load_tree.html?tree=supplier_tree_json&isDelete=1 HTTP/1.1" 200 57192
116.238.194.18 - - [13/Aug/2021:10:22:37 +0800] "POST /xingrg/all/user/operate.html HTTP/1.1" 200 36
114.86.227.38 - - [13/Aug/2021:10:22:37 +0800] "GET /xingrg/all/function/internal_message.html?_=1628821356331&CODE_STATE=getMsg HTTP/1.1" 302 -
114.86.227.38 - - [13/Aug/2021:10:22:37 +0800] "GET /xingrg/check_reg.html?_=1628821356332 HTTP/1.1" 302 -
114.86.227.38 - - [13/Aug/2021:10:22:37 +0800] "GET /xingrg/login.html HTTP/1.1" 200 7641
114.86.227.38 - - [13/Aug/2021:10:22:37 +0800] "GET /xingrg/login.html HTTP/1.1" 200 7641
116.238.194.18 - - [13/Aug/2021:10:22:38 +0800] "GET /xingrg/index.html?sysBaseUrl=http%3A%2F%2F180.169.147.146%3A18081%2Fxingrg%2F&costTime=51×tamp=1628819423218 HTTP/1.1" 200 17177
116.238.194.18 - - [13/Aug/2021:10:22:38 +0800] "GET /xingrg/javascript/jquery_easy_ui/themes/default/easyui.css HTTP/1.1" 304 -
116.238.194.18 - - [13/Aug/2021:10:22:38 +0800] "GET /xingrg/javascript/jquery_easy_ui/themes/icon.css HTTP/1.1" 304 -
116.238.194.18 - - [13/Aug/2021:10:22:38 +0800] "GET /xingrg/css/form.css HTTP/1.1" 304 -
116.238.194.18 - - [13/Aug/2021:10:22:38 +0800] "GET /xingrg/javascript/jquery-1.4.2.min.js HTTP/1.1" 304 -
116.238.194.18 - - [13/Aug/2021:10:22:38 +0800] "GET /xingrg/javascript/jquery_easy_ui/jquery.easyui.min.js HTTP/1.1" 304 -
116.238.194.18 - - [13/Aug/2021:10:22:38 +0800] "GET /xingrg/javascript/jquery_easy_ui/easyui-lang-zh_CN.js HTTP/1.1" 304 -
116.238.194.18 - - [13/Aug/2021:10:22:38 +0800] "GET /xingrg/javascript/jquery.form.js HTTP/1.1" 304 -
116.238.194.18 - - [13/Aug/2021:10:22:38 +0800] "GET /xingrg/javascript/jquery.utils.js HTTP/1.1" 304 -
116.238.194.18 - - [13/Aug/2021:10:22:38 +0800] "GET /xingrg/javascript/jquery.timers.js HTTP/1.1" 304 -
116.238.194.18 - - [13/Aug/2021:10:22:38 +0800] "GET /xingrg/images/blue/jxLogo.png HTTP/1.1" 304 -
116.238.194.18 - - [13/Aug/2021:10:22:38 +0800] "GET /xingrg/images/blue/navBackgound.jpg HTTP/1.1" 304 -
116.238.194.18 - - [13/Aug/2021:10:22:38 +0800] "GET /xingrg/javascript/jquery_easy_ui/themes/icons/settle_new.png HTTP/1.1" 304 -
116.238.194.18 - - [13/Aug/2021:10:22:38 +0800] "POST /xingrg/all/common/load_tree.html?tree=area_rest_tree_json&manage=1 HTTP/1.1" 200 476
116.238.194.18 - - [13/Aug/2021:10:22:38 +0800] "GET /xingrg/all/function/internal_message.html?_=1628821353647&CODE_STATE=count HTTP/1.1" 200 11
116.238.194.18 - - [13/Aug/2021:10:22:38 +0800] "GET /xingrg/check_reg.html?_=1628821353649 HTTP/1.1" 200 22
116.238.194.18 - - [13/Aug/2021:10:22:38 +0800] "GET /xingrg/javascript/jquery_easy_ui/themes/default/images/panel_tool_collapse.gif HTTP/1.1" 304 -
116.238.194.18 - - [13/Aug/2021:10:22:38 +0800] "GET /xingrg/javascript/jquery_easy_ui/themes/default/images/tabs_rightarrow.png HTTP/1.1" 304 -
116.238.194.18 - - [13/Aug/2021:10:22:38 +0800] "GET /xingrg/javascript/jquery_easy_ui/themes/default/images/tabs_leftarrow.png HTTP/1.1" 304 -
116.238.194.18 - - [13/Aug/2021:10:22:38 +0800] "GET /xingrg/images/blue/pingpu.png HTTP/1.1" 304 -
116.238.194.18 - - [13/Aug/2021:10:22:38 +0800] "POST /xingrg/load_menu.html HTTP/1.1" 200 5138
58.35.209.156 - - [13/Aug/2021:10:22:40 +0800] "GET /xingrg/login.html HTTP/1.1" 200 7641
58.35.209.156 - - [13/Aug/2021:10:22:40 +0800] "GET /favicon.ico HTTP/1.1" 404 -
116.238.194.18 - - [13/Aug/2021:10:22:40 +0800] "GET /xingrg/kc/base/yddb_order_list.html HTTP/1.1" 200 16793
58.37.4.159 - - [13/Aug/2021:10:22:40 +0800] "GET /xingrg/kc/buy/buy_main.html HTTP/1.1" 200 12412
58.37.4.159 - - [13/Aug/2021:10:22:40 +0800] "GET /xingrg/css/new_ie.css HTTP/1.1" 404 1036
116.238.194.18 - - [13/Aug/2021:10:22:40 +0800] "POST /xingrg/kc/base/yddb_list_operate.html HTTP/1.1" 200 636
58.35.209.156 - - [13/Aug/2021:10:22:41 +0800] "POST /xingrg/login.do HTTP/1.1" 302 -
58.35.209.156 - - [13/Aug/2021:10:22:42 +0800] "GET /xingrg/index.html?sysBaseUrl=http%3A%2F%2F180.169.147.146%3A18081%2Fxingrg%2F&costTime=60×tamp=1628821361996 HTTP/1.1" 200 17179
58.35.209.156 - - [13/Aug/2021:10:22:42 +0800] "GET /favicon.ico HTTP/1.1" 404 -
58.35.209.156 - - [13/Aug/2021:10:22:42 +0800] "POST /xingrg/all/common/load_tree.html?tree=area_rest_tree_json&manage=1 HTTP/1.1" 200 351
58.35.209.156 - - [13/Aug/2021:10:22:42 +0800] "GET /xingrg/check_reg.html?_=1628821358036 HTTP/1.1" 200 22
58.35.209.156 - - [13/Aug/2021:10:22:42 +0800] "GET /xingrg/all/function/internal_message.html?_=1628821358035&CODE_STATE=count HTTP/1.1" 200 11
58.35.209.156 - - [13/Aug/2021:10:22:42 +0800] "POST /xingrg/load_menu.html HTTP/1.1" 200 5138
101.91.62.89 - - [13/Aug/2021:10:22:42 +0800] "GET /xingrg/check_reg.html?_=1628821297249 HTTP/1.1" 302 -
101.91.62.89 - - [13/Aug/2021:10:22:42 +0800] "GET /xingrg/login.html HTTP/1.1" 200 7641
116.238.194.18 - - [13/Aug/2021:10:22:43 +0800] "POST /xingrg/kc/base/yddb_list_operate.html HTTP/1.1" 200 1347
58.37.4.159 - - [13/Aug/2021:10:22:43 +0800] "GET /xingrg/images/yd/bt.gif HTTP/1.1" 404 1040
116.238.194.18 - - [13/Aug/2021:10:22:43 +0800] "POST /xingrg/kc/base/yddb_list_operate.html HTTP/1.1" 200 476
58.35.209.156 - - [13/Aug/2021:10:22:44 +0800] "GET /xingrg/kc/mdqp/qp_main.html HTTP/1.1" 200 10633
58.35.209.156 - - [13/Aug/2021:10:22:44 +0800] "GET /xingrg/javascript/ToolTips.js HTTP/1.1" 200 5615
58.35.209.156 - - [13/Aug/2021:10:22:44 +0800] "GET /xingrg/javascript/jquery_ui/jquery-ui.min.js HTTP/1.1" 200 186181
58.35.209.156 - - [13/Aug/2021:10:22:44 +0800] "GET /xingrg/css/blue.css HTTP/1.1" 200 15949
58.35.209.156 - - [13/Aug/2021:10:22:44 +0800] "GET /xingrg/images/blue/pic_form2.gif HTTP/1.1" 200 1853
58.35.209.156 - - [13/Aug/2021:10:22:44 +0800] "GET /xingrg/images/blue/button/cgxqd.gif HTTP/1.1" 200 2619
58.35.209.156 - - [13/Aug/2021:10:22:44 +0800] "GET /xingrg/images/blue/button/pszx.gif HTTP/1.1" 200 2648
58.35.209.156 - - [13/Aug/2021:10:22:44 +0800] "GET /xingrg/images/blue/button/qqpsd.gif HTTP/1.1" 200 2548
58.35.209.156 - - [13/Aug/2021:10:22:44 +0800] "GET /xingrg/images/blue/button/psshd.gif HTTP/1.1" 200 2692
