180.174.198.13 - - [12/Aug/2021:10:39:43 +0800] "GET /xingrg/kc/buy/cgsh_order_operate.html?command=get_materiel&rest_code=00102&code=00101008213&supplier_code=00100008&order_time=2021-08-12 HTTP/1.1" 200 412
180.174.198.13 - - [12/Aug/2021:10:39:43 +0800] "GET /xingrg/all/function/internal_message.html?_=1628735981652&CODE_STATE=getMsg HTTP/1.1" 200 27
116.230.105.26 - - [12/Aug/2021:10:39:44 +0800] "GET /xingrg/kc/buy/cgsh_order_add.html HTTP/1.1" 200 63111
116.230.105.26 - - [12/Aug/2021:10:39:44 +0800] "GET /xingrg/words/20210812091700_words.js HTTP/1.1" 304 -
116.230.105.26 - - [12/Aug/2021:10:39:44 +0800] "GET /xingrg/javascript/easyui/themes/default/validatebox.css HTTP/1.1" 404 1104
116.230.105.26 - - [12/Aug/2021:10:39:44 +0800] "POST /xingrg/kc/buy/cgsh_order_operate.html HTTP/1.1" 200 8245
116.230.105.26 - - [12/Aug/2021:10:39:49 +0800] "GET /xingrg/all/function/internal_message.html?_=1628735981278&CODE_STATE=getMsg HTTP/1.1" 200 27
222.70.246.151 - - [12/Aug/2021:10:39:52 +0800] "GET /xingrg/kc/buy/cgsh_order_operate.html?command=get_materiel&rest_code=00146&code=00101001160&supplier_code=00100041&order_time=2021-08-12 HTTP/1.1" 200 408
58.37.4.159 - - [12/Aug/2021:10:39:53 +0800] "GET /xingrg/kc/buy/buy_main.html HTTP/1.1" 200 12412
58.37.4.159 - - [12/Aug/2021:10:39:53 +0800] "GET /xingrg/css/new_ie.css HTTP/1.1" 404 1036
222.70.246.151 - - [12/Aug/2021:10:39:55 +0800] "GET /xingrg/check_reg.html?_=1628736006097 HTTP/1.1" 200 22
222.70.246.151 - - [12/Aug/2021:10:39:56 +0800] "GET /xingrg/all/function/internal_message.html?_=1628736007031&CODE_STATE=getMsg HTTP/1.1" 200 27
180.174.198.13 - - [12/Aug/2021:10:39:56 +0800] "GET /xingrg/kc/buy/cgsh_order_operate.html?command=get_materiel&rest_code=00102&code=00101015038&supplier_code=00100008&order_time=2021-08-12 HTTP/1.1" 200 418
58.37.4.159 - - [12/Aug/2021:10:39:58 +0800] "GET /xingrg/images/yd/bt.gif HTTP/1.1" 404 1040
58.37.4.159 - - [12/Aug/2021:10:39:59 +0800] "GET /xingrg/kc/buy/cgsh_order_list.html HTTP/1.1" 200 47405
116.238.194.18 - - [12/Aug/2021:10:39:59 +0800] "GET /xingrg/all/function/internal_message.html?_=1628735995811&CODE_STATE=getMsg HTTP/1.1" 200 27
116.230.105.26 - - [12/Aug/2021:10:40:02 +0800] "GET /xingrg/kc/buy/cgsh_order_operate.html?command=get_materiel&rest_code=00155&code=00101020108&supplier_code=00100266&order_time=2021-08-12 HTTP/1.1" 200 421
58.37.4.159 - - [12/Aug/2021:10:40:02 +0800] "POST /xingrg/kc/buy/cgsh_list_operate.html HTTP/1.1" 200 876
120.253.135.82 - - [12/Aug/2021:10:40:02 +0800] "GET /xingrg/check_reg.html?_=1628736027638 HTTP/1.1" 200 22
120.253.135.82 - - [12/Aug/2021:10:40:03 +0800] "GET /xingrg/all/function/internal_message.html?_=1628736028196&CODE_STATE=getMsg HTTP/1.1" 200 27
116.235.222.38 - - [12/Aug/2021:10:40:04 +0800] "GET /xingrg/kc/buy/cgsh_order_operate.html?command=get_materiel&rest_code=00107&code=00101018019&supplier_code=00100041&order_time=2021-08-12 HTTP/1.1" 200 421
116.235.222.38 - - [12/Aug/2021:10:40:04 +0800] "GET /xingrg/all/function/internal_message.html?_=1628735997964&CODE_STATE=getMsg HTTP/1.1" 200 27
58.37.4.159 - - [12/Aug/2021:10:40:04 +0800] "GET /xingrg/all/function/internal_message.html?_=1628736000600&CODE_STATE=getMsg HTTP/1.1" 200 27
114.88.154.248 - - [12/Aug/2021:10:40:05 +0800] "GET /xingrg/all/function/internal_message.html?_=1628735912450&CODE_STATE=getMsg HTTP/1.1" 200 27
180.169.147.146 - - [12/Aug/2021:10:40:06 +0800] "GET /xingrg/all/function/internal_message.html?_=1628736005850&CODE_STATE=getMsg HTTP/1.1" 200 27
58.37.4.159 - - [12/Aug/2021:10:40:06 +0800] "POST /xingrg/kc/buy/cgsh_list_operate.html HTTP/1.1" 200 876
58.221.95.50 - - [12/Aug/2021:10:40:08 +0800] "GET /xingrg/all/function/internal_message.html?_=1628736006349&CODE_STATE=getMsg HTTP/1.1" 200 27
180.174.198.13 - - [12/Aug/2021:10:40:08 +0800] "GET /xingrg/all/function/internal_message.html?_=1628735985310&CODE_STATE=getMsg HTTP/1.1" 200 27
180.174.198.13 - - [12/Aug/2021:10:40:09 +0800] "GET /xingrg/kc/buy/cgsh_order_operate.html?command=get_materiel&rest_code=00102&code=00101013075&supplier_code=00100008&order_time=2021-08-12 HTTP/1.1" 200 418
222.70.246.151 - - [12/Aug/2021:10:40:11 +0800] "GET /xingrg/kc/buy/cgsh_order_operate.html?command=get_materiel&rest_code=00146&code=00101010161&supplier_code=00100041&order_time=2021-08-12 HTTP/1.1" 200 409
101.83.145.79 - - [12/Aug/2021:10:40:17 +0800] "GET /xingrg/all/function/internal_message.html?_=1628735971842&CODE_STATE=getMsg HTTP/1.1" 200 27
116.235.222.38 - - [12/Aug/2021:10:40:20 +0800] "POST /xingrg/kc/buy/cgsh_order_operate.html HTTP/1.1" 200 37
116.233.74.45 - - [12/Aug/2021:10:40:21 +0800] "GET /xingrg/all/function/internal_message.html?_=1628736018700&CODE_STATE=getMsg HTTP/1.1" 200 27
116.230.105.26 - - [12/Aug/2021:10:40:22 +0800] "GET /xingrg/kc/buy/cgsh_order_operate.html?command=get_materiel&rest_code=00155&code=00101007050&supplier_code=00100266&order_time=2021-08-12 HTTP/1.1" 200 409
180.174.198.13 - - [12/Aug/2021:10:40:22 +0800] "GET /xingrg/kc/buy/cgsh_order_operate.html?command=get_materiel&rest_code=00102&code=00101008347&supplier_code=00100008&order_time=2021-08-12 HTTP/1.1" 200 408
116.230.105.26 - - [12/Aug/2021:10:40:24 +0800] "GET /xingrg/login.html HTTP/1.1" 200 7641
116.230.105.26 - - [12/Aug/2021:10:40:24 +0800] "GET /favicon.ico HTTP/1.1" 404 -
58.37.4.159 - - [12/Aug/2021:10:40:24 +0800] "GET /xingrg/all/function/internal_message.html?_=1628736022947&CODE_STATE=getMsg HTTP/1.1" 200 27
172.20.0.100 - - [12/Aug/2021:10:40:25 +0800] "GET /xingrg/all/function/internal_message.html?_=1628736022173&CODE_STATE=getMsg HTTP/1.1" 200 27
116.230.105.26 - - [12/Aug/2021:10:40:26 +0800] "GET /xingrg/login.do HTTP/1.1" 302 -
116.230.105.26 - - [12/Aug/2021:10:40:26 +0800] "GET /xingrg/login.html?sysBaseUrl=http%3A%2F%2F180.169.147.146%3A18081%2Fxingrg%2F&costTime=1×tamp=1628736026742 HTTP/1.1" 200 7641
116.230.105.26 - - [12/Aug/2021:10:40:27 +0800] "GET /favicon.ico HTTP/1.1" 404 -
101.83.145.79 - - [12/Aug/2021:10:40:27 +0800] "GET /xingrg/all/function/internal_message.html?_=1628736026223&CODE_STATE=getMsg HTTP/1.1" 200 27
114.88.154.248 - - [12/Aug/2021:10:40:28 +0800] "GET /xingrg/all/function/internal_message.html?_=1628735935446&CODE_STATE=getMsg HTTP/1.1" 200 27
116.230.105.26 - - [12/Aug/2021:10:40:28 +0800] "POST /xingrg/login.do HTTP/1.1" 302 -
116.230.105.26 - - [12/Aug/2021:10:40:28 +0800] "GET /xingrg/index.html?sysBaseUrl=http%3A%2F%2F180.169.147.146%3A18081%2Fxingrg%2F&costTime=40×tamp=1628736028569 HTTP/1.1" 200 17179
116.235.222.38 - - [12/Aug/2021:10:40:28 +0800] "POST /xingrg/kc/buy/cgsh_order_operate.html HTTP/1.1" 200 3843
116.230.105.26 - - [12/Aug/2021:10:40:28 +0800] "GET /favicon.ico HTTP/1.1" 404 -
116.230.105.26 - - [12/Aug/2021:10:40:28 +0800] "POST /xingrg/all/common/load_tree.html?tree=area_rest_tree_json&manage=1 HTTP/1.1" 200 351
116.230.105.26 - - [12/Aug/2021:10:40:28 +0800] "GET /xingrg/all/function/internal_message.html?_=1628736020455&CODE_STATE=count HTTP/1.1" 200 11
180.174.198.13 - - [12/Aug/2021:10:40:28 +0800] "GET /xingrg/kc/buy/cgsh_order_operate.html?command=get_materiel&rest_code=00102&code=00101008188&supplier_code=00100008&order_time=2021-08-12 HTTP/1.1" 200 412
116.230.105.26 - - [12/Aug/2021:10:40:28 +0800] "GET /xingrg/check_reg.html?_=1628736020456 HTTP/1.1" 200 22
116.230.105.26 - - [12/Aug/2021:10:40:28 +0800] "POST /xingrg/load_menu.html HTTP/1.1" 200 5138
180.169.147.146 - - [12/Aug/2021:10:40:29 +0800] "GET /xingrg/all/function/internal_message.html?_=1628736038034&CODE_STATE=getMsg HTTP/1.1" 200 27
116.230.105.26 - - [12/Aug/2021:10:40:30 +0800] "GET /xingrg/kc/buy/cgsh_order_list.html HTTP/1.1" 200 47411
116.230.105.26 - - [12/Aug/2021:10:40:35 +0800] "POST /xingrg/kc/buy/cgsh_list_operate.html HTTP/1.1" 200 2771
180.174.198.13 - - [12/Aug/2021:10:40:37 +0800] "POST /xingrg/kc/buy/cgsh_order_operate.html HTTP/1.1" 200 37
180.174.198.13 - - [12/Aug/2021:10:40:40 +0800] "POST /xingrg/kc/buy/cgsh_order_operate.html HTTP/1.1" 200 10936
116.238.194.18 - - [12/Aug/2021:10:40:40 +0800] "GET /xingrg/all/function/internal_message.html?_=1628735984235&CODE_STATE=getMsg HTTP/1.1" 200 27
124.79.246.142 - - [12/Aug/2021:10:40:41 +0800] "GET /xingrg/all/function/internal_message.html?_=1628736136441&CODE_STATE=getMsg HTTP/1.1" 200 27
116.230.105.26 - - [12/Aug/2021:10:40:42 +0800] "POST /xingrg/kc/buy/cgsh_list_operate.html HTTP/1.1" 200 2771
116.230.105.26 - - [12/Aug/2021:10:40:43 +0800] "GET /xingrg/kc/buy/cgsh_order_add.html HTTP/1.1" 200 63111
180.174.198.13 - - [12/Aug/2021:10:40:43 +0800] "GET /xingrg/all/function/internal_message.html?_=1628736041665&CODE_STATE=getMsg HTTP/1.1" 200 27
116.230.105.26 - - [12/Aug/2021:10:40:43 +0800] "POST /xingrg/kc/buy/cgsh_order_operate.html HTTP/1.1" 200 8245
116.230.105.26 - - [12/Aug/2021:10:40:43 +0800] "GET /xingrg/all/common/auto_word.html?type=employee&rest_code=00155 HTTP/1.1" 200 205
116.230.105.26 - - [12/Aug/2021:10:40:43 +0800] "GET /xingrg/all/common/auto_word.html?type=employee&rest_code=00155 HTTP/1.1" 200 205
116.230.105.26 - - [12/Aug/2021:10:40:43 +0800] "GET /xingrg/javascript/easyui/themes/default/validatebox.css HTTP/1.1" 404 1104
116.230.105.26 - - [12/Aug/2021:10:40:44 +0800] "GET /xingrg/javascript/auto/indicator.gif HTTP/1.1" 404 1066
180.174.198.13 - - [12/Aug/2021:10:40:45 +0800] "POST /xingrg/kc/buy/cgsh_order_operate.html HTTP/1.1" 200 37
180.174.198.13 - - [12/Aug/2021:10:40:46 +0800] "POST /xingrg/kc/buy/cgsh_order_operate.html HTTP/1.1" 200 10936
180.174.198.13 - - [12/Aug/2021:10:40:47 +0800] "GET /xingrg/kc/buy/cgsh_order_add.html HTTP/1.1" 200 63108
116.230.105.26 - - [12/Aug/2021:10:40:47 +0800] "GET /xingrg/javascript/jquery_tools/images/prev.gif HTTP/1.1" 404 1086
116.230.105.26 - - [12/Aug/2021:10:40:47 +0800] "GET /xingrg/javascript/jquery_tools/images/next.gif HTTP/1.1" 404 1086
180.174.198.13 - - [12/Aug/2021:10:40:48 +0800] "POST /xingrg/kc/buy/cgsh_order_operate.html HTTP/1.1" 200 8245
180.174.198.13 - - [12/Aug/2021:10:40:48 +0800] "GET /xingrg/javascript/easyui/themes/default/validatebox.css HTTP/1.1" 404 1104
114.88.154.248 - - [12/Aug/2021:10:40:52 +0800] "GET /xingrg/kc/buy/cgsh_order_add.html HTTP/1.1" 200 63149
116.230.105.26 - - [12/Aug/2021:10:40:52 +0800] "GET /xingrg/kc/buy/cgsh_order_operate.html?command=get_materiel&rest_code=00155&code=00101020108&supplier_code=00100266&order_time=2021-08-12 HTTP/1.1" 200 421
114.88.154.248 - - [12/Aug/2021:10:40:52 +0800] "POST /xingrg/kc/buy/cgsh_order_operate.html HTTP/1.1" 200 8245
114.88.154.248 - - [12/Aug/2021:10:40:52 +0800] "GET /xingrg/javascript/easyui/themes/default/validatebox.css HTTP/1.1" 404 1104
222.70.246.151 - - [12/Aug/2021:10:40:56 +0800] "GET /xingrg/all/function/internal_message.html?_=1628736067045&CODE_STATE=getMsg HTTP/1.1" 200 27
116.238.194.18 - - [12/Aug/2021:10:40:59 +0800] "GET /xingrg/all/function/internal_message.html?_=1628736055799&CODE_STATE=getMsg HTTP/1.1" 200 27
116.230.105.26 - - [12/Aug/2021:10:41:03 +0800] "GET /xingrg/kc/buy/cgsh_order_operate.html?command=get_materiel&rest_code=00155&code=00101007050&supplier_code=00100266&order_time=2021-08-12 HTTP/1.1" 200 409
120.253.135.82 - - [12/Aug/2021:10:41:03 +0800] "GET /xingrg/all/function/internal_message.html?_=1628736088211&CODE_STATE=getMsg HTTP/1.1" 200 27
116.235.222.38 - - [12/Aug/2021:10:41:04 +0800] "GET /xingrg/all/function/internal_message.html?_=1628736057944&CODE_STATE=getMsg HTTP/1.1" 200 27
58.37.4.159 - - [12/Aug/2021:10:41:04 +0800] "GET /xingrg/all/function/internal_message.html?_=1628736060581&CODE_STATE=getMsg HTTP/1.1" 200 27
114.88.154.248 - - [12/Aug/2021:10:41:05 +0800] "GET /xingrg/all/function/internal_message.html?_=1628735972476&CODE_STATE=getMsg HTTP/1.1" 200 27
180.169.147.146 - - [12/Aug/2021:10:41:05 +0800] "GET /xingrg/all/function/internal_message.html?_=1628736065808&CODE_STATE=getMsg HTTP/1.1" 200 27
58.221.95.50 - - [12/Aug/2021:10:41:08 +0800] "GET /xingrg/check_reg.html?_=1628736066351 HTTP/1.1" 200 22
58.221.95.50 - - [12/Aug/2021:10:41:08 +0800] "GET /xingrg/all/function/internal_message.html?_=1628736066355&CODE_STATE=getMsg HTTP/1.1" 200 27
114.88.154.248 - - [12/Aug/2021:10:41:08 +0800] "GET /xingrg/kc/buy/cgsh_order_operate.html?command=get_materiel&rest_code=00141&code=00101001010&supplier_code=00100040&order_time=2021-08-12 HTTP/1.1" 200 409
180.174.198.13 - - [12/Aug/2021:10:41:09 +0800] "GET /xingrg/all/function/internal_message.html?_=1628736045826&CODE_STATE=getMsg HTTP/1.1" 200 27
61.151.178.236 - - [12/Aug/2021:10:41:10 +0800] "GET /xingrg/all/function/internal_message.html?_=1628736000600&CODE_STATE=getMsg HTTP/1.1" 302 -
116.235.222.38 - - [12/Aug/2021:10:41:12 +0800] "POST /xingrg/kc/buy/cgsh_order_operate.html HTTP/1.1" 200 37
116.230.105.26 - - [12/Aug/2021:10:41:13 +0800] "GET /xingrg/kc/buy/cgsh_order_operate.html?command=get_materiel&rest_code=00155&code=00101007081&supplier_code=00100266&order_time=2021-08-12 HTTP/1.1" 200 412
116.235.222.38 - - [12/Aug/2021:10:41:14 +0800] "POST /xingrg/kc/buy/cgsh_order_operate.html HTTP/1.1" 200 3843
61.151.178.236 - - [12/Aug/2021:10:41:14 +0800] "GET /xingrg/login.html HTTP/1.1" 200 7641
116.235.222.38 - - [12/Aug/2021:10:41:15 +0800] "GET /xingrg/kc/print/load_data.html?order_code=212021081205243&kc_code=cgsh&condition= HTTP/1.1" 200 1133
101.83.145.79 - - [12/Aug/2021:10:41:17 +0800] "GET /xingrg/all/function/internal_message.html?_=1628736031841&CODE_STATE=getMsg HTTP/1.1" 200 27
116.233.74.45 - - [12/Aug/2021:10:41:21 +0800] "GET /xingrg/all/function/internal_message.html?_=1628736078702&CODE_STATE=getMsg HTTP/1.1" 200 27
116.230.105.26 - - [12/Aug/2021:10:41:23 +0800] "POST /xingrg/kc/buy/cgsh_order_operate.html HTTP/1.1" 200 37
116.230.105.26 - - [12/Aug/2021:10:41:24 +0800] "POST /xingrg/kc/buy/cgsh_order_operate.html HTTP/1.1" 200 3846
58.37.4.159 - - [12/Aug/2021:10:41:24 +0800] "GET /xingrg/all/function/internal_message.html?_=1628736082946&CODE_STATE=getMsg HTTP/1.1" 200 27
58.37.4.159 - - [12/Aug/2021:10:41:24 +0800] "GET /xingrg/check_reg.html?_=1628736082949 HTTP/1.1" 200 22
116.230.105.26 - - [12/Aug/2021:10:41:25 +0800] "GET /xingrg/kc/print/load_config.html?kc_code=cgsh HTTP/1.1" 200 2076
116.230.105.26 - - [12/Aug/2021:10:41:25 +0800] "GET /xingrg/kc/print/load_data.html?order_code=212021081205245&kc_code=cgsh&condition= HTTP/1.1" 200 1137
172.20.0.100 - - [12/Aug/2021:10:41:25 +0800] "GET /xingrg/all/function/internal_message.html?_=1628736082175&CODE_STATE=getMsg HTTP/1.1" 200 27
114.88.154.248 - - [12/Aug/2021:10:41:25 +0800] "GET /xingrg/kc/buy/cgsh_order_operate.html?command=get_materiel&rest_code=00141&code=00101005036&supplier_code=00100040&order_time=2021-08-12 HTTP/1.1" 200 409
101.83.145.79 - - [12/Aug/2021:10:41:27 +0800] "GET /xingrg/all/function/internal_message.html?_=1628736086225&CODE_STATE=getMsg HTTP/1.1" 200 27
114.88.154.248 - - [12/Aug/2021:10:41:27 +0800] "GET /xingrg/all/function/internal_message.html?_=1628735995431&CODE_STATE=getMsg HTTP/1.1" 200 27
116.230.105.26 - - [12/Aug/2021:10:41:28 +0800] "GET /xingrg/all/function/internal_message.html?_=1628736080470&CODE_STATE=getMsg HTTP/1.1" 200 27
180.169.147.146 - - [12/Aug/2021:10:41:29 +0800] "GET /xingrg/all/function/internal_message.html?_=1628736098036&CODE_STATE=getMsg HTTP/1.1" 200 27
116.230.105.26 - - [12/Aug/2021:10:41:30 +0800] "GET /xingrg/kc/buy/cgsh_order_add.html HTTP/1.1" 200 63111
116.230.105.26 - - [12/Aug/2021:10:41:30 +0800] "GET /xingrg/javascript/easyui/themes/default/validatebox.css HTTP/1.1" 404 1104
116.230.105.26 - - [12/Aug/2021:10:41:31 +0800] "POST /xingrg/kc/buy/cgsh_order_operate.html HTTP/1.1" 200 8245
180.174.198.13 - - [12/Aug/2021:10:41:32 +0800] "GET /xingrg/check_reg.html?_=1628736069182 HTTP/1.1" 200 22
180.174.198.13 - - [12/Aug/2021:10:41:37 +0800] "GET /xingrg/kc/buy/cgsh_order_operate.html?command=get_materiel&rest_code=00102&code=00101008223&supplier_code=00100008&order_time=2021-08-12 HTTP/1.1" 200 412
114.88.154.248 - - [12/Aug/2021:10:41:38 +0800] "GET /xingrg/kc/buy/cgsh_order_operate.html?command=get_materiel&rest_code=00141&code=00101002022&supplier_code=00100040&order_time=2021-08-12 HTTP/1.1" 200 409
116.230.105.26 - - [12/Aug/2021:10:41:39 +0800] "GET /xingrg/kc/buy/cgsh_order_operate.html?command=get_materiel&rest_code=00155&code=00101007032&supplier_code=00100328&order_time=2021-08-12 HTTP/1.1" 200 413
116.238.194.18 - - [12/Aug/2021:10:41:40 +0800] "GET /xingrg/all/function/internal_message.html?_=1628736044248&CODE_STATE=getMsg HTTP/1.1" 200 27
124.79.246.142 - - [12/Aug/2021:10:41:41 +0800] "GET /xingrg/all/function/internal_message.html?_=1628736196445&CODE_STATE=getMsg HTTP/1.1" 200 27
180.174.198.13 - - [12/Aug/2021:10:41:43 +0800] "GET /xingrg/check_reg.html?_=1628736101615 HTTP/1.1" 200 22
180.174.198.13 - - [12/Aug/2021:10:41:43 +0800] "GET /xingrg/all/function/internal_message.html?_=1628736101678&CODE_STATE=getMsg HTTP/1.1" 200 27
180.174.198.13 - - [12/Aug/2021:10:41:44 +0800] "GET /xingrg/kc/buy/cgsh_order_operate.html?command=get_materiel&rest_code=00102&code=00101008109&supplier_code=00100008&order_time=2021-08-12 HTTP/1.1" 200 413
180.174.198.13 - - [12/Aug/2021:10:41:52 +0800] "GET /xingrg/kc/buy/cgsh_order_operate.html?command=get_materiel&rest_code=00102&code=00101008168&supplier_code=00100008&order_time=2021-08-12 HTTP/1.1" 200 412
222.70.246.151 - - [12/Aug/2021:10:41:56 +0800] "GET /xingrg/all/function/internal_message.html?_=1628736127149&CODE_STATE=getMsg HTTP/1.1" 200 27
114.88.154.248 - - [12/Aug/2021:10:41:57 +0800] "POST /xingrg/kc/buy/cgsh_order_operate.html HTTP/1.1" 200 37
180.174.198.13 - - [12/Aug/2021:10:41:58 +0800] "GET /xingrg/kc/buy/cgsh_order_operate.html?command=get_materiel&rest_code=00102&code=00101015112&supplier_code=00100008&order_time=2021-08-12 HTTP/1.1" 200 403
116.238.194.18 - - [12/Aug/2021:10:41:59 +0800] "GET /xingrg/all/function/internal_message.html?_=1628736115771&CODE_STATE=getMsg HTTP/1.1" 200 27
116.238.194.18 - - [12/Aug/2021:10:42:00 +0800] "GET /xingrg/check_reg.html?_=1628736115981 HTTP/1.1" 200 22
222.70.246.151 - - [12/Aug/2021:10:42:00 +0800] "GET /xingrg/kc/buy/cgsh_order_operate.html?command=get_materiel&rest_code=00146&code=00101001032&supplier_code=00100041&order_time=2021-08-12 HTTP/1.1" 200 413
116.235.222.38 - - [12/Aug/2021:10:42:03 +0800] "POST /xingrg/kc/buy/cgsh_order_operate.html HTTP/1.1" 200 37
120.253.135.82 - - [12/Aug/2021:10:42:03 +0800] "GET /xingrg/all/function/internal_message.html?_=1628736148224&CODE_STATE=getMsg HTTP/1.1" 200 27
116.235.222.38 - - [12/Aug/2021:10:42:04 +0800] "GET /xingrg/all/function/internal_message.html?_=1628736117933&CODE_STATE=getMsg HTTP/1.1" 200 27
116.235.222.38 - - [12/Aug/2021:10:42:04 +0800] "POST /xingrg/kc/buy/cgsh_order_operate.html HTTP/1.1" 200 3843
58.37.4.159 - - [12/Aug/2021:10:42:04 +0800] "GET /xingrg/all/function/internal_message.html?_=1628736120556&CODE_STATE=getMsg HTTP/1.1" 200 27
116.235.222.38 - - [12/Aug/2021:10:42:04 +0800] "GET /xingrg/check_reg.html?_=1628736118648 HTTP/1.1" 200 22
114.88.154.248 - - [12/Aug/2021:10:42:05 +0800] "GET /xingrg/all/function/internal_message.html?_=1628736032474&CODE_STATE=getMsg HTTP/1.1" 200 27
180.97.118.223 - - [12/Aug/2021:10:42:05 +0800] "GET /xingrg/all/function/internal_message.html?_=1628736060581&CODE_STATE=getMsg HTTP/1.1" 302 -
180.169.147.146 - - [12/Aug/2021:10:42:05 +0800] "GET /xingrg/all/function/internal_message.html?_=1628736125795&CODE_STATE=getMsg HTTP/1.1" 200 27
180.97.118.223 - - [12/Aug/2021:10:42:06 +0800] "GET /xingrg/login.html HTTP/1.1" 200 7641
58.221.95.50 - - [12/Aug/2021:10:42:08 +0800] "GET /xingrg/all/function/internal_message.html?_=1628736126378&CODE_STATE=getMsg HTTP/1.1" 200 27
116.235.222.38 - - [12/Aug/2021:10:42:08 +0800] "GET /xingrg/kc/base/base_main.html HTTP/1.1" 200 12142
116.235.222.38 - - [12/Aug/2021:10:42:09 +0800] "GET /xingrg/images/blue/button/wlsy.gif HTTP/1.1" 200 2536
116.235.222.38 - - [12/Aug/2021:10:42:09 +0800] "GET /xingrg/images/blue/button/ckpd.gif HTTP/1.1" 200 2051
116.235.222.38 - - [12/Aug/2021:10:42:09 +0800] "GET /xingrg/images/blue/button/ckdb.gif HTTP/1.1" 200 1950
116.235.222.38 - - [12/Aug/2021:10:42:09 +0800] "GET /xingrg/images/blue/button/yddb.gif HTTP/1.1" 200 2040
116.235.222.38 - - [12/Aug/2021:10:42:09 +0800] "GET /xingrg/images/blue/button/top_left.jpg HTTP/1.1" 200 1632
116.235.222.38 - - [12/Aug/2021:10:42:09 +0800] "GET /xingrg/images/blue/button/top_right.jpg HTTP/1.1" 200 1708
116.235.222.38 - - [12/Aug/2021:10:42:09 +0800] "GET /xingrg/images/blue/button/down.jpg HTTP/1.1" 200 1560
116.235.222.38 - - [12/Aug/2021:10:42:09 +0800] "GET /xingrg/images/blue/button/left_ah.jpg HTTP/1.1" 200 1643
116.235.222.38 - - [12/Aug/2021:10:42:09 +0800] "GET /xingrg/images/blue/button/bottom_left.jpg HTTP/1.1" 200 1524
116.235.222.38 - - [12/Aug/2021:10:42:09 +0800] "GET /xingrg/images/blue/button/bottom_right.jpg HTTP/1.1" 200 1436
180.174.198.13 - - [12/Aug/2021:10:42:09 +0800] "GET /xingrg/all/function/internal_message.html?_=1628736105836&CODE_STATE=getMsg HTTP/1.1" 200 27
116.235.222.38 - - [12/Aug/2021:10:42:10 +0800] "GET /xingrg/kc/base/check_order_list.html HTTP/1.1" 200 16308
116.235.222.38 - - [12/Aug/2021:10:42:11 +0800] "POST /xingrg/kc/base/check_list_operate.html HTTP/1.1" 200 3213
180.174.198.13 - - [12/Aug/2021:10:42:12 +0800] "GET /xingrg/kc/buy/cgsh_order_operate.html?command=get_materiel&rest_code=00102&code=00101015032&supplier_code=00100008&order_time=2021-08-12 HTTP/1.1" 200 419
114.88.154.248 - - [12/Aug/2021:10:42:17 +0800] "POST /xingrg/kc/buy/cgsh_order_operate.html HTTP/1.1" 200 12
101.83.145.79 - - [12/Aug/2021:10:42:17 +0800] "GET /xingrg/all/function/internal_message.html?_=1628736091843&CODE_STATE=getMsg HTTP/1.1" 200 27
114.88.154.248 - - [12/Aug/2021:10:42:18 +0800] "GET /xingrg/kc/buy/cgsh_order_info.html?code=212021081205246 HTTP/1.1" 200 58058
180.174.198.13 - - [12/Aug/2021:10:42:18 +0800] "GET /xingrg/kc/buy/cgsh_order_operate.html?command=get_materiel&rest_code=00102&code=00101015113&supplier_code=00100008&order_time=2021-08-12 HTTP/1.1" 200 402
114.88.154.248 - - [12/Aug/2021:10:42:18 +0800] "GET /xingrg/javascript/easyui/themes/default/validatebox.css HTTP/1.1" 404 1104
114.88.154.248 - - [12/Aug/2021:10:42:19 +0800] "POST /xingrg/kc/buy/cgsh_order_operate.html HTTP/1.1" 200 1782
114.88.154.248 - - [12/Aug/2021:10:42:20 +0800] "GET /xingrg/kc/print/load_data.html?order_code=212021081205246&kc_code=cgsh&condition= HTTP/1.1" 200 1223
58.221.95.50 - - [12/Aug/2021:10:42:21 +0800] "POST /xingrg/kc/buy/cgsh_order_operate.html HTTP/1.1" 200 37
116.233.74.45 - - [12/Aug/2021:10:42:21 +0800] "GET /xingrg/all/function/internal_message.html?_=1628736138705&CODE_STATE=getMsg HTTP/1.1" 200 27
116.233.74.45 - - [12/Aug/2021:10:42:21 +0800] "GET /xingrg/check_reg.html?_=1628736138706 HTTP/1.1" 200 22
58.221.95.50 - - [12/Aug/2021:10:42:24 +0800] "POST /xingrg/kc/buy/cgsh_order_operate.html HTTP/1.1" 200 12
58.37.4.159 - - [12/Aug/2021:10:42:24 +0800] "GET /xingrg/all/function/internal_message.html?_=1628736142949&CODE_STATE=getMsg HTTP/1.1" 200 27
172.20.0.100 - - [12/Aug/2021:10:42:25 +0800] "GET /xingrg/all/function/internal_message.html?_=1628736142183&CODE_STATE=getMsg HTTP/1.1" 200 27
58.221.95.50 - - [12/Aug/2021:10:42:26 +0800] "GET /xingrg/kc/buy/cgsh_order_info.html?code=212021081205214 HTTP/1.1" 200 57009
58.221.95.50 - - [12/Aug/2021:10:42:27 +0800] "GET /xingrg/javascript/easyui/themes/default/validatebox.css HTTP/1.1" 404 1104
101.83.145.79 - - [12/Aug/2021:10:42:27 +0800] "GET /xingrg/check_reg.html?_=1628736146223 HTTP/1.1" 200 22
101.83.145.79 - - [12/Aug/2021:10:42:27 +0800] "GET /xingrg/all/function/internal_message.html?_=1628736146226&CODE_STATE=getMsg HTTP/1.1" 200 27
58.221.95.50 - - [12/Aug/2021:10:42:27 +0800] "POST /xingrg/kc/buy/cgsh_order_operate.html HTTP/1.1" 200 651
114.88.154.248 - - [12/Aug/2021:10:42:27 +0800] "GET /xingrg/all/function/internal_message.html?_=1628736055407&CODE_STATE=getMsg HTTP/1.1" 200 27
116.230.105.26 - - [12/Aug/2021:10:42:28 +0800] "GET /xingrg/all/function/internal_message.html?_=1628736140484&CODE_STATE=getMsg HTTP/1.1" 200 27
180.169.147.146 - - [12/Aug/2021:10:42:29 +0800] "GET /xingrg/all/function/internal_message.html?_=1628736158038&CODE_STATE=getMsg HTTP/1.1" 200 27
180.169.147.146 - - [12/Aug/2021:10:42:29 +0800] "GET /xingrg/check_reg.html?_=1628736158042 HTTP/1.1" 200 22
180.174.198.13 - - [12/Aug/2021:10:42:32 +0800] "GET /xingrg/kc/buy/cgsh_order_operate.html?command=get_materiel&rest_code=00102&code=00101008069&supplier_code=00100008&order_time=2021-08-12 HTTP/1.1" 200 412
114.88.154.248 - - [12/Aug/2021:10:42:37 +0800] "GET /xingrg/kc/buy/cgsh_order_add.html HTTP/1.1" 200 63149
114.88.154.248 - - [12/Aug/2021:10:42:37 +0800] "GET /xingrg/javascript/easyui/themes/default/validatebox.css HTTP/1.1" 404 1104
114.88.154.248 - - [12/Aug/2021:10:42:37 +0800] "POST /xingrg/kc/buy/cgsh_order_operate.html HTTP/1.1" 200 8245
58.37.4.159 - - [12/Aug/2021:10:42:39 +0800] "GET /xingrg/check_reg.html?_=1628736155172 HTTP/1.1" 200 22
116.238.194.18 - - [12/Aug/2021:10:42:40 +0800] "GET /xingrg/all/function/internal_message.html?_=1628736104289&CODE_STATE=getMsg HTTP/1.1" 200 27
124.79.246.142 - - [12/Aug/2021:10:42:41 +0800] "GET /xingrg/all/function/internal_message.html?_=1628736256443&CODE_STATE=getMsg HTTP/1.1" 200 27
180.174.198.13 - - [12/Aug/2021:10:42:44 +0800] "GET /xingrg/all/function/internal_message.html?_=1628736161797&CODE_STATE=getMsg HTTP/1.1" 200 27
114.88.154.248 - - [12/Aug/2021:10:42:48 +0800] "GET /xingrg/kc/buy/cgsh_order_operate.html?command=get_materiel&rest_code=00141&code=00101007061&supplier_code=00100004&order_time=2021-08-12 HTTP/1.1" 200 409
116.235.222.38 - - [12/Aug/2021:10:42:51 +0800] "POST /xingrg/kc/base/check_list_operate.html HTTP/1.1" 200 4
180.174.198.13 - - [12/Aug/2021:10:42:54 +0800] "GET /xingrg/kc/buy/cgsh_order_operate.html?command=get_materiel&rest_code=00102&code=00101008176&supplier_code=00100008&order_time=2021-08-12 HTTP/1.1" 200 412
222.70.246.151 - - [12/Aug/2021:10:42:56 +0800] "GET /xingrg/all/function/internal_message.html?_=1628736187150&CODE_STATE=getMsg HTTP/1.1" 200 27
114.88.154.248 - - [12/Aug/2021:10:42:59 +0800] "GET /xingrg/kc/buy/cgsh_order_operate.html?command=get_materiel&rest_code=00141&code=00101007071&supplier_code=00100004&order_time=2021-08-12 HTTP/1.1" 200 417
116.238.194.18 - - [12/Aug/2021:10:42:59 +0800] "GET /xingrg/all/function/internal_message.html?_=1628736175747&CODE_STATE=getMsg HTTP/1.1" 200 27
180.174.198.13 - - [12/Aug/2021:10:43:03 +0800] "GET /xingrg/kc/buy/cgsh_order_operate.html?command=get_materiel&rest_code=00102&code=00101008049&supplier_code=00100008&order_time=2021-08-12 HTTP/1.1" 200 408
120.253.135.82 - - [12/Aug/2021:10:43:03 +0800] "GET /xingrg/all/function/internal_message.html?_=1628736208242&CODE_STATE=getMsg HTTP/1.1" 200 27
58.37.4.159 - - [12/Aug/2021:10:43:04 +0800] "GET /xingrg/all/function/internal_message.html?_=1628736180529&CODE_STATE=getMsg HTTP/1.1" 200 27
114.88.154.248 - - [12/Aug/2021:10:43:05 +0800] "GET /xingrg/all/function/internal_message.html?_=1628736092472&CODE_STATE=getMsg HTTP/1.1" 200 27
180.169.147.146 - - [12/Aug/2021:10:43:05 +0800] "GET /xingrg/all/function/internal_message.html?_=1628736185800&CODE_STATE=getMsg HTTP/1.1" 200 27
58.221.95.50 - - [12/Aug/2021:10:43:08 +0800] "GET /xingrg/all/function/internal_message.html?_=1628736186377&CODE_STATE=getMsg HTTP/1.1" 200 27
116.235.222.38 - - [12/Aug/2021:10:43:08 +0800] "POST /xingrg/kc/base/check_list_operate.html HTTP/1.1" 200 781
180.174.198.13 - - [12/Aug/2021:10:43:09 +0800] "GET /xingrg/all/function/internal_message.html?_=1628736165849&CODE_STATE=getMsg HTTP/1.1" 200 27
61.151.178.177 - - [12/Aug/2021:10:43:09 +0800] "GET /xingrg/all/function/internal_message.html?_=1628736120556&CODE_STATE=getMsg HTTP/1.1" 302 -
180.174.198.13 - - [12/Aug/2021:10:43:10 +0800] "GET /xingrg/kc/buy/cgsh_order_operate.html?command=get_materiel&rest_code=00102&code=00101008096&supplier_code=00100008&order_time=2021-08-12 HTTP/1.1" 200 412
61.151.178.177 - - [12/Aug/2021:10:43:11 +0800] "GET /xingrg/login.html HTTP/1.1" 200 7641
116.235.222.38 - - [12/Aug/2021:10:43:13 +0800] "GET /xingrg/kc/buy/buy_main.html HTTP/1.1" 200 12412
116.235.222.38 - - [12/Aug/2021:10:43:13 +0800] "GET /xingrg/css/new_ie.css HTTP/1.1" 404 1036
116.235.222.38 - - [12/Aug/2021:10:43:13 +0800] "GET /xingrg/images/yd/bt.gif HTTP/1.1" 404 1040
116.235.222.38 - - [12/Aug/2021:10:43:16 +0800] "GET /xingrg/kc/buy/cgsh_order_list.html HTTP/1.1" 200 47411
101.83.145.79 - - [12/Aug/2021:10:43:17 +0800] "GET /xingrg/check_reg.html?_=1628736151842 HTTP/1.1" 200 22
101.83.145.79 - - [12/Aug/2021:10:43:17 +0800] "GET /xingrg/all/function/internal_message.html?_=1628736151845&CODE_STATE=getMsg HTTP/1.1" 200 27
180.174.198.13 - - [12/Aug/2021:10:43:17 +0800] "GET /xingrg/kc/buy/cgsh_order_operate.html?command=get_materiel&rest_code=00102&code=00101008017&supplier_code=00100008&order_time=2021-08-12 HTTP/1.1" 200 416
116.235.222.38 - - [12/Aug/2021:10:43:18 +0800] "POST /xingrg/kc/buy/cgsh_list_operate.html HTTP/1.1" 200 3796
116.233.74.45 - - [12/Aug/2021:10:43:21 +0800] "GET /xingrg/all/function/internal_message.html?_=1628736198708&CODE_STATE=getMsg HTTP/1.1" 200 27
222.70.246.151 - - [12/Aug/2021:10:43:22 +0800] "GET /xingrg/kc/buy/cgsh_order_operate.html?command=get_materiel&rest_code=00146&code=00101006161&supplier_code=00100041&order_time=2021-08-12 HTTP/1.1" 200 409
116.235.222.38 - - [12/Aug/2021:10:43:22 +0800] "GET /xingrg/kc/buy/cgsh_order_add.html HTTP/1.1" 200 63231
116.235.222.38 - - [12/Aug/2021:10:43:23 +0800] "GET /xingrg/javascript/easyui/themes/default/validatebox.css HTTP/1.1" 404 1104
116.235.222.38 - - [12/Aug/2021:10:43:23 +0800] "POST /xingrg/kc/buy/cgsh_order_operate.html HTTP/1.1" 200 8245
116.235.222.38 - - [12/Aug/2021:10:43:24 +0800] "GET /xingrg/javascript/easyui/themes/default/tree.css HTTP/1.1" 404 1090
116.235.222.38 - - [12/Aug/2021:10:43:24 +0800] "POST /xingrg/all/common/load_tree.html?tree=supplier_tree_json&isDelete=1 HTTP/1.1" 200 57192
58.37.4.159 - - [12/Aug/2021:10:43:24 +0800] "GET /xingrg/all/function/internal_message.html?_=1628736202948&CODE_STATE=getMsg HTTP/1.1" 200 27
172.20.0.100 - - [12/Aug/2021:10:43:25 +0800] "GET /xingrg/all/function/internal_message.html?_=1628736202185&CODE_STATE=getMsg HTTP/1.1" 200 27
101.83.145.79 - - [12/Aug/2021:10:43:27 +0800] "GET /xingrg/all/function/internal_message.html?_=1628736206225&CODE_STATE=getMsg HTTP/1.1" 200 27
114.88.154.248 - - [12/Aug/2021:10:43:27 +0800] "GET /xingrg/all/function/internal_message.html?_=1628736115376&CODE_STATE=getMsg HTTP/1.1" 200 27
116.230.105.26 - - [12/Aug/2021:10:43:28 +0800] "GET /xingrg/all/function/internal_message.html?_=1628736200475&CODE_STATE=getMsg HTTP/1.1" 200 27
180.169.147.146 - - [12/Aug/2021:10:43:29 +0800] "GET /xingrg/all/function/internal_message.html?_=1628736218042&CODE_STATE=getMsg HTTP/1.1" 200 27
114.88.154.248 - - [12/Aug/2021:10:43:30 +0800] "GET /xingrg/kc/buy/cgsh_order_operate.html?command=get_materiel&rest_code=00141&code=00101007081&supplier_code=00100004&order_time=2021-08-12 HTTP/1.1" 200 413
180.174.198.13 - - [12/Aug/2021:10:43:30 +0800] "GET /xingrg/kc/buy/cgsh_order_operate.html?command=get_materiel&rest_code=00102&code=00101008084&supplier_code=00100008&order_time=2021-08-12 HTTP/1.1" 200 412
180.174.198.13 - - [12/Aug/2021:10:43:31 +0800] "POST /xingrg/kc/buy/cgsh_order_operate.html HTTP/1.1" 200 2065
222.70.246.151 - - [12/Aug/2021:10:43:35 +0800] "GET /xingrg/kc/buy/cgsh_order_operate.html?command=get_materiel&rest_code=00146&code=00101005037&supplier_code=00100041&order_time=2021-08-12 HTTP/1.1" 200 409
180.174.198.13 - - [12/Aug/2021:10:43:37 +0800] "GET /xingrg/kc/buy/cgsh_order_operate.html?command=get_materiel&rest_code=00102&code=00101008355&supplier_code=00100008&order_time=2021-08-12 HTTP/1.1" 200 408
61.151.178.236 - - [12/Aug/2021:10:43:38 +0800] "GET /xingrg/check_reg.html?_=1628736155172 HTTP/1.1" 302 -
61.151.178.236 - - [12/Aug/2021:10:43:39 +0800] "GET /xingrg/login.html HTTP/1.1" 200 7641
116.238.194.18 - - [12/Aug/2021:10:43:40 +0800] "GET /xingrg/all/function/internal_message.html?_=1628736164290&CODE_STATE=getMsg HTTP/1.1" 200 27
124.79.246.142 - - [12/Aug/2021:10:43:41 +0800] "GET /xingrg/all/function/internal_message.html?_=1628736316441&CODE_STATE=getMsg HTTP/1.1" 200 27
180.174.198.13 - - [12/Aug/2021:10:43:43 +0800] "GET /xingrg/kc/buy/cgsh_order_operate.html?command=get_materiel&rest_code=00102&code=00101008144&supplier_code=00100008&order_time=2021-08-12 HTTP/1.1" 200 412
180.174.198.13 - - [12/Aug/2021:10:43:44 +0800] "GET /xingrg/all/function/internal_message.html?_=1628736221800&CODE_STATE=getMsg HTTP/1.1" 200 27
222.70.246.151 - - [12/Aug/2021:10:43:45 +0800] "GET /xingrg/kc/buy/cgsh_order_operate.html?command=get_materiel&rest_code=00146&code=00101001075&supplier_code=00100041&order_time=2021-08-12 HTTP/1.1" 200 409
116.235.222.38 - - [12/Aug/2021:10:43:48 +0800] "GET /xingrg/kc/buy/cgsh_order_operate.html?command=get_materiel&rest_code=00107&code=00101007032&supplier_code=00100328&order_time=2021-08-12 HTTP/1.1" 200 413
180.174.198.13 - - [12/Aug/2021:10:43:53 +0800] "POST /xingrg/kc/buy/cgsh_order_operate.html HTTP/1.1" 200 37
116.235.222.38 - - [12/Aug/2021:10:43:55 +0800] "POST /xingrg/kc/buy/cgsh_order_operate.html HTTP/1.1" 200 37
180.174.198.13 - - [12/Aug/2021:10:43:55 +0800] "POST /xingrg/kc/buy/cgsh_order_operate.html HTTP/1.1" 200 15116
222.70.246.151 - - [12/Aug/2021:10:43:56 +0800] "GET /xingrg/all/function/internal_message.html?_=1628736247164&CODE_STATE=getMsg HTTP/1.1" 200 27
116.235.222.38 - - [12/Aug/2021:10:43:57 +0800] "POST /xingrg/kc/buy/cgsh_order_operate.html HTTP/1.1" 200 2657
116.238.194.18 - - [12/Aug/2021:10:43:59 +0800] "GET /xingrg/all/function/internal_message.html?_=1628736235718&CODE_STATE=getMsg HTTP/1.1" 200 27
114.88.154.248 - - [12/Aug/2021:10:43:59 +0800] "POST /xingrg/kc/buy/cgsh_order_operate.html HTTP/1.1" 200 37
116.235.222.38 - - [12/Aug/2021:10:43:59 +0800] "GET /xingrg/kc/print/load_data.html?order_code=212021081205248&kc_code=cgsh&condition= HTTP/1.1" 200 676
222.70.246.151 - - [12/Aug/2021:10:44:00 +0800] "GET /xingrg/kc/buy/cgsh_order_operate.html?command=get_materiel&rest_code=00146&code=00101004020&supplier_code=00100041&order_time=2021-08-12 HTTP/1.1" 200 409
180.174.198.13 - - [12/Aug/2021:10:44:01 +0800] "POST /xingrg/kc/buy/cgsh_list_operate.html HTTP/1.1" 200 2411
120.253.135.82 - - [12/Aug/2021:10:44:03 +0800] "GET /xingrg/all/function/internal_message.html?_=1628736268250&CODE_STATE=getMsg HTTP/1.1" 200 27
116.235.222.38 - - [12/Aug/2021:10:44:04 +0800] "GET /xingrg/all/function/internal_message.html?_=1628736237942&CODE_STATE=getMsg HTTP/1.1" 200 27
58.37.4.159 - - [12/Aug/2021:10:44:04 +0800] "GET /xingrg/all/function/internal_message.html?_=1628736240504&CODE_STATE=getMsg HTTP/1.1" 200 27
116.235.222.38 - - [12/Aug/2021:10:44:04 +0800] "GET /xingrg/kc/buy/cgsh_order_add.html HTTP/1.1" 200 63231
114.88.154.248 - - [12/Aug/2021:10:44:05 +0800] "GET /xingrg/all/function/internal_message.html?_=1628736152471&CODE_STATE=getMsg HTTP/1.1" 200 27
114.88.154.248 - - [12/Aug/2021:10:44:05 +0800] "GET /xingrg/check_reg.html?_=1628736152472 HTTP/1.1" 200 22
116.235.222.38 - - [12/Aug/2021:10:44:05 +0800] "GET /xingrg/javascript/easyui/themes/default/validatebox.css HTTP/1.1" 404 1104
116.235.222.38 - - [12/Aug/2021:10:44:05 +0800] "POST /xingrg/kc/buy/cgsh_order_operate.html HTTP/1.1" 200 8245
180.169.147.146 - - [12/Aug/2021:10:44:05 +0800] "GET /xingrg/all/function/internal_message.html?_=1628736245807&CODE_STATE=getMsg HTTP/1.1" 200 27
180.169.147.146 - - [12/Aug/2021:10:44:05 +0800] "GET /xingrg/check_reg.html?_=1628736245810 HTTP/1.1" 200 22
58.221.95.50 - - [12/Aug/2021:10:44:08 +0800] "GET /xingrg/all/function/internal_message.html?_=1628736246378&CODE_STATE=getMsg HTTP/1.1" 200 27
61.151.178.163 - - [12/Aug/2021:10:44:09 +0800] "GET /xingrg/all/function/internal_message.html?_=1628736180529&CODE_STATE=getMsg HTTP/1.1" 302 -
180.174.198.13 - - [12/Aug/2021:10:44:09 +0800] "GET /xingrg/all/function/internal_message.html?_=1628736226334&CODE_STATE=getMsg HTTP/1.1" 200 27
61.151.178.163 - - [12/Aug/2021:10:44:10 +0800] "GET /xingrg/login.html HTTP/1.1" 200 7641
180.174.198.13 - - [12/Aug/2021:10:44:12 +0800] "GET /xingrg/kc/buy/cgsh_order_operate.html?command=get_materiel&rest_code=00102&code=00101008041&supplier_code=00100008&order_time=2021-08-12 HTTP/1.1" 200 408
101.83.145.79 - - [12/Aug/2021:10:44:17 +0800] "GET /xingrg/all/function/internal_message.html?_=1628736211844&CODE_STATE=getMsg HTTP/1.1" 200 27
180.174.198.13 - - [12/Aug/2021:10:44:19 +0800] "POST /xingrg/kc/buy/cgsh_order_operate.html HTTP/1.1" 200 37
116.235.222.38 - - [12/Aug/2021:10:44:20 +0800] "GET /xingrg/javascript/easyui/themes/default/tree.css HTTP/1.1" 404 1090
116.235.222.38 - - [12/Aug/2021:10:44:20 +0800] "POST /xingrg/all/common/load_tree.html?tree=supplier_tree_json&isDelete=1 HTTP/1.1" 200 57192
116.233.74.45 - - [12/Aug/2021:10:44:21 +0800] "GET /xingrg/all/function/internal_message.html?_=1628736258710&CODE_STATE=getMsg HTTP/1.1" 200 27
180.174.198.13 - - [12/Aug/2021:10:44:21 +0800] "POST /xingrg/kc/buy/cgsh_order_operate.html HTTP/1.1" 200 15702
58.37.4.159 - - [12/Aug/2021:10:44:24 +0800] "GET /xingrg/all/function/internal_message.html?_=1628736262949&CODE_STATE=getMsg HTTP/1.1" 200 27
172.20.0.100 - - [12/Aug/2021:10:44:25 +0800] "GET /xingrg/all/function/internal_message.html?_=1628736262171&CODE_STATE=getMsg HTTP/1.1" 200 27
172.20.0.100 - - [12/Aug/2021:10:44:25 +0800] "GET /xingrg/check_reg.html?_=1628736262173 HTTP/1.1" 200 22
222.70.246.151 - - [12/Aug/2021:10:44:26 +0800] "POST /xingrg/kc/buy/cgsh_order_operate.html HTTP/1.1" 200 37
101.83.145.79 - - [12/Aug/2021:10:44:27 +0800] "GET /xingrg/all/function/internal_message.html?_=1628736266225&CODE_STATE=getMsg HTTP/1.1" 200 27
222.70.246.151 - - [12/Aug/2021:10:44:28 +0800] "POST /xingrg/kc/buy/cgsh_order_operate.html HTTP/1.1" 200 6183
116.230.105.26 - - [12/Aug/2021:10:44:28 +0800] "GET /xingrg/all/function/internal_message.html?_=1628736260480&CODE_STATE=getMsg HTTP/1.1" 200 27
180.169.147.146 - - [12/Aug/2021:10:44:29 +0800] "GET /xingrg/all/function/internal_message.html?_=1628736278042&CODE_STATE=getMsg HTTP/1.1" 200 27
222.70.246.151 - - [12/Aug/2021:10:44:31 +0800] "GET /xingrg/kc/print/load_data.html?order_code=212021081205250&kc_code=cgsh&condition= HTTP/1.1" 200 2017
114.88.154.248 - - [12/Aug/2021:10:44:31 +0800] "POST /xingrg/kc/buy/cgsh_order_operate.html HTTP/1.1" 200 12
180.174.198.13 - - [12/Aug/2021:10:44:33 +0800] "POST /xingrg/kc/buy/cgsh_list_operate.html HTTP/1.1" 200 2411
114.88.154.248 - - [12/Aug/2021:10:44:33 +0800] "GET /xingrg/kc/buy/cgsh_order_info.html?code=212021081205249 HTTP/1.1" 200 58058
114.88.154.248 - - [12/Aug/2021:10:44:33 +0800] "GET /xingrg/javascript/easyui/themes/default/validatebox.css HTTP/1.1" 404 1104
114.88.154.248 - - [12/Aug/2021:10:44:34 +0800] "GET /xingrg/login.html HTTP/1.1" 200 7641
114.88.154.248 - - [12/Aug/2021:10:44:34 +0800] "POST /xingrg/kc/buy/cgsh_order_operate.html HTTP/1.1" 200 1789
114.88.154.248 - - [12/Aug/2021:10:44:35 +0800] "GET /favicon.ico HTTP/1.1" 404 -
114.88.154.248 - - [12/Aug/2021:10:44:36 +0800] "GET /xingrg/kc/print/load_data.html?order_code=212021081205249&kc_code=cgsh&condition= HTTP/1.1" 200 1213
114.88.154.248 - - [12/Aug/2021:10:44:39 +0800] "POST /xingrg/login.do HTTP/1.1" 302 -
114.88.154.248 - - [12/Aug/2021:10:44:39 +0800] "GET /xingrg/index.html?sysBaseUrl=http%3A%2F%2F180.169.147.146%3A18081%2Fxingrg%2F&costTime=42×tamp=1628736279863 HTTP/1.1" 200 17419
116.238.194.18 - - [12/Aug/2021:10:44:40 +0800] "GET /xingrg/check_reg.html?_=1628736224134 HTTP/1.1" 200 22
116.238.194.18 - - [12/Aug/2021:10:44:40 +0800] "GET /xingrg/all/function/internal_message.html?_=1628736224304&CODE_STATE=getMsg HTTP/1.1" 200 27
114.88.154.248 - - [12/Aug/2021:10:44:40 +0800] "GET /favicon.ico HTTP/1.1" 404 -
114.88.154.248 - - [12/Aug/2021:10:44:40 +0800] "POST /xingrg/all/common/load_tree.html?tree=area_rest_tree_json&manage=1 HTTP/1.1" 200 351
114.88.154.248 - - [12/Aug/2021:10:44:40 +0800] "GET /xingrg/all/function/internal_message.html?_=1628736276975&CODE_STATE=count HTTP/1.1" 200 11
114.88.154.248 - - [12/Aug/2021:10:44:40 +0800] "GET /xingrg/check_reg.html?_=1628736276976 HTTP/1.1" 200 22
114.88.154.248 - - [12/Aug/2021:10:44:40 +0800] "POST /xingrg/load_menu.html HTTP/1.1" 200 9959
124.79.246.142 - - [12/Aug/2021:10:44:41 +0800] "GET /xingrg/all/function/internal_message.html?_=1628736376442&CODE_STATE=getMsg HTTP/1.1" 200 27
124.79.246.142 - - [12/Aug/2021:10:44:41 +0800] "GET /xingrg/check_reg.html?_=1628736376441 HTTP/1.1" 200 22
180.174.198.13 - - [12/Aug/2021:10:44:42 +0800] "POST /xingrg/kc/buy/cgsh_list_operate.html HTTP/1.1" 200 4
114.88.154.248 - - [12/Aug/2021:10:44:46 +0800] "POST /xingrg/load_menu.html HTTP/1.1" 200 9242
116.238.194.18 - - [12/Aug/2021:10:44:49 +0800] "GET /xingrg/kc/buy/cgsh_order_add.html HTTP/1.1" 200 63079
116.238.194.18 - - [12/Aug/2021:10:44:50 +0800] "POST /xingrg/kc/buy/cgsh_order_operate.html HTTP/1.1" 200 8245
116.238.194.18 - - [12/Aug/2021:10:44:50 +0800] "GET /xingrg/javascript/easyui/themes/default/validatebox.css HTTP/1.1" 404 1104
116.235.222.38 - - [12/Aug/2021:10:44:53 +0800] "GET /xingrg/kc/buy/cgsh_order_operate.html?command=get_materiel&rest_code=00107&code=00101004090&supplier_code=00100312&order_time=2021-08-12 HTTP/1.1" 200 391
222.70.246.151 - - [12/Aug/2021:10:44:55 +0800] "GET /xingrg/check_reg.html?_=1628736306188 HTTP/1.1" 200 22
222.70.246.151 - - [12/Aug/2021:10:44:56 +0800] "GET /xingrg/all/function/internal_message.html?_=1628736307177&CODE_STATE=getMsg HTTP/1.1" 200 27
116.238.194.18 - - [12/Aug/2021:10:44:59 +0800] "GET /xingrg/all/function/internal_message.html?_=1628736295689&CODE_STATE=getMsg HTTP/1.1" 200 27
120.253.135.82 - - [12/Aug/2021:10:45:02 +0800] "GET /xingrg/check_reg.html?_=1628736327651 HTTP/1.1" 200 22
116.238.194.18 - - [12/Aug/2021:10:45:03 +0800] "GET /xingrg/kc/buy/cgsh_order_operate.html?command=get_materiel&rest_code=00150&code=00102014088&supplier_code=00100450&order_time=2021-08-12 HTTP/1.1" 200 412
120.253.135.82 - - [12/Aug/2021:10:45:03 +0800] "GET /xingrg/all/function/internal_message.html?_=1628736328264&CODE_STATE=getMsg HTTP/1.1" 200 27
101.89.239.238 - - [12/Aug/2021:10:45:03 +0800] "GET /xingrg/all/function/internal_message.html?_=1628736240504&CODE_STATE=getMsg HTTP/1.1" 302 -
116.235.222.38 - - [12/Aug/2021:10:45:04 +0800] "GET /xingrg/all/function/internal_message.html?_=1628736297917&CODE_STATE=getMsg HTTP/1.1" 200 27
58.37.4.159 - - [12/Aug/2021:10:45:04 +0800] "GET /xingrg/all/function/internal_message.html?_=1628736300479&CODE_STATE=getMsg HTTP/1.1" 200 27
114.88.154.248 - - [12/Aug/2021:10:45:05 +0800] "GET /xingrg/all/function/internal_message.html?_=1628736212470&CODE_STATE=getMsg HTTP/1.1" 200 27
101.89.239.238 - - [12/Aug/2021:10:45:05 +0800] "GET /xingrg/login.html HTTP/1.1" 200 7641
180.169.147.146 - - [12/Aug/2021:10:45:05 +0800] "GET /xingrg/all/function/internal_message.html?_=1628736305796&CODE_STATE=getMsg HTTP/1.1" 200 27
58.221.95.50 - - [12/Aug/2021:10:45:08 +0800] "GET /xingrg/all/function/internal_message.html?_=1628736306378&CODE_STATE=getMsg HTTP/1.1" 200 27
116.230.105.26 - - [12/Aug/2021:10:45:09 +0800] "GET /xingrg/kc/buy/cgsh_order_add.html HTTP/1.1" 200 63111
180.174.198.13 - - [12/Aug/2021:10:45:09 +0800] "GET /xingrg/all/function/internal_message.html?_=1628736286346&CODE_STATE=getMsg HTTP/1.1" 200 27
116.230.105.26 - - [12/Aug/2021:10:45:09 +0800] "POST /xingrg/kc/buy/cgsh_order_operate.html HTTP/1.1" 200 8245
116.230.105.26 - - [12/Aug/2021:10:45:09 +0800] "GET /xingrg/javascript/easyui/themes/default/validatebox.css HTTP/1.1" 404 1104
180.174.198.13 - - [12/Aug/2021:10:45:10 +0800] "POST /xingrg/kc/buy/cgsh_list_operate.html HTTP/1.1" 200 876
101.83.145.79 - - [12/Aug/2021:10:45:17 +0800] "GET /xingrg/all/function/internal_message.html?_=1628736271843&CODE_STATE=getMsg HTTP/1.1" 200 27
116.230.105.26 - - [12/Aug/2021:10:45:19 +0800] "GET /xingrg/kc/buy/cgsh_order_operate.html?command=get_materiel&rest_code=00155&code=00101010569&supplier_code=00100327&order_time=2021-08-12 HTTP/1.1" 200 397
116.238.194.18 - - [12/Aug/2021:10:45:20 +0800] "GET /xingrg/kc/buy/cgsh_order_operate.html?command=get_materiel&rest_code=00150&code=00101008509&supplier_code=00100450&order_time=2021-08-12 HTTP/1.1" 200 396
116.233.74.45 - - [12/Aug/2021:10:45:21 +0800] "GET /xingrg/all/function/internal_message.html?_=1628736318716&CODE_STATE=getMsg HTTP/1.1" 200 27
58.37.4.159 - - [12/Aug/2021:10:45:25 +0800] "GET /xingrg/all/function/internal_message.html?_=1628736322950&CODE_STATE=getMsg HTTP/1.1" 200 27
172.20.0.100 - - [12/Aug/2021:10:45:25 +0800] "GET /xingrg/all/function/internal_message.html?_=1628736322175&CODE_STATE=getMsg HTTP/1.1" 200 27
116.230.105.26 - - [12/Aug/2021:10:45:25 +0800] "POST /xingrg/kc/buy/cgsh_order_operate.html HTTP/1.1" 200 37
116.230.105.26 - - [12/Aug/2021:10:45:26 +0800] "POST /xingrg/kc/buy/cgsh_order_operate.html HTTP/1.1" 200 2656
101.83.145.79 - - [12/Aug/2021:10:45:27 +0800] "GET /xingrg/all/function/internal_message.html?_=1628736326226&CODE_STATE=getMsg HTTP/1.1" 200 27
116.235.222.38 - - [12/Aug/2021:10:45:27 +0800] "GET /xingrg/kc/buy/cgsh_order_operate.html?command=get_materiel&rest_code=00107&code=00101004038&supplier_code=00100312&order_time=2021-08-12 HTTP/1.1" 200 429
114.88.154.248 - - [12/Aug/2021:10:45:27 +0800] "GET /xingrg/all/function/internal_message.html?_=1628736235393&CODE_STATE=getMsg HTTP/1.1" 200 27
116.230.105.26 - - [12/Aug/2021:10:45:28 +0800] "GET /xingrg/check_reg.html?_=1628736320462 HTTP/1.1" 200 22
116.230.105.26 - - [12/Aug/2021:10:45:28 +0800] "GET /xingrg/all/function/internal_message.html?_=1628736320463&CODE_STATE=getMsg HTTP/1.1" 200 27
116.230.105.26 - - [12/Aug/2021:10:45:28 +0800] "GET /xingrg/kc/print/load_data.html?order_code=212021081205251&kc_code=cgsh&condition= HTTP/1.1" 200 675
180.169.147.146 - - [12/Aug/2021:10:45:29 +0800] "GET /xingrg/all/function/internal_message.html?_=1628736338071&CODE_STATE=getMsg HTTP/1.1" 200 27
116.238.194.18 - - [12/Aug/2021:10:45:32 +0800] "GET /xingrg/kc/buy/cgsh_order_operate.html?command=get_materiel&rest_code=00150&code=00101008600&supplier_code=00100450&order_time=2021-08-12 HTTP/1.1" 200 419
116.230.105.26 - - [12/Aug/2021:10:45:35 +0800] "GET /xingrg/kc/buy/cgsh_order_add.html HTTP/1.1" 200 63111
116.230.105.26 - - [12/Aug/2021:10:45:35 +0800] "POST /xingrg/kc/buy/cgsh_order_operate.html HTTP/1.1" 200 8245
116.230.105.26 - - [12/Aug/2021:10:45:35 +0800] "GET /xingrg/javascript/easyui/themes/default/validatebox.css HTTP/1.1" 404 1104
116.238.194.18 - - [12/Aug/2021:10:45:40 +0800] "GET /xingrg/all/function/internal_message.html?_=1628736284318&CODE_STATE=getMsg HTTP/1.1" 200 27
114.88.154.248 - - [12/Aug/2021:10:45:40 +0800] "GET /xingrg/all/function/internal_message.html?_=1628736337049&CODE_STATE=getMsg HTTP/1.1" 200 27
124.79.246.142 - - [12/Aug/2021:10:45:41 +0800] "GET /xingrg/all/function/internal_message.html?_=1628736436440&CODE_STATE=getMsg HTTP/1.1" 200 27
116.230.105.26 - - [12/Aug/2021:10:45:42 +0800] "GET /xingrg/kc/buy/cgsh_order_operate.html?command=get_materiel&rest_code=00155&code=00101001051&supplier_code=00100094&order_time=2021-08-12 HTTP/1.1" 200 424
180.174.198.13 - - [12/Aug/2021:10:45:44 +0800] "GET /xingrg/all/function/internal_message.html?_=1628736341827&CODE_STATE=getMsg HTTP/1.1" 200 27
116.230.105.26 - - [12/Aug/2021:10:45:53 +0800] "POST /xingrg/kc/buy/cgsh_order_operate.html HTTP/1.1" 200 37
116.230.105.26 - - [12/Aug/2021:10:45:54 +0800] "POST /xingrg/kc/buy/cgsh_order_operate.html HTTP/1.1" 200 2671
116.230.105.26 - - [12/Aug/2021:10:45:55 +0800] "GET /xingrg/kc/print/load_data.html?order_code=212021081205252&kc_code=cgsh&condition= HTTP/1.1" 200 771
222.70.246.151 - - [12/Aug/2021:10:45:56 +0800] "GET /xingrg/all/function/internal_message.html?_=1628736367191&CODE_STATE=getMsg HTTP/1.1" 200 27
116.238.194.18 - - [12/Aug/2021:10:45:59 +0800] "GET /xingrg/all/function/internal_message.html?_=1628736355669&CODE_STATE=getMsg HTTP/1.1" 200 27
116.230.105.26 - - [12/Aug/2021:10:46:00 +0800] "GET /xingrg/kc/buy/cgsh_order_add.html HTTP/1.1" 200 63111
116.230.105.26 - - [12/Aug/2021:10:46:00 +0800] "POST /xingrg/kc/buy/cgsh_order_operate.html HTTP/1.1" 200 8245
116.230.105.26 - - [12/Aug/2021:10:46:00 +0800] "GET /xingrg/javascript/easyui/themes/default/validatebox.css HTTP/1.1" 404 1104
116.235.222.38 - - [12/Aug/2021:10:46:02 +0800] "GET /xingrg/kc/buy/cgsh_order_operate.html?command=get_materiel&rest_code=00107&code=00101005017&supplier_code=00100312&order_time=2021-08-12 HTTP/1.1" 200 411
116.238.194.18 - - [12/Aug/2021:10:46:02 +0800] "GET /xingrg/kc/buy/cgsh_order_operate.html?command=get_materiel&rest_code=00150&code=00102014089&supplier_code=00100450&order_time=2021-08-12 HTTP/1.1" 200 400
120.253.135.82 - - [12/Aug/2021:10:46:03 +0800] "GET /xingrg/all/function/internal_message.html?_=1628736388278&CODE_STATE=getMsg HTTP/1.1" 200 27
116.235.222.38 - - [12/Aug/2021:10:46:04 +0800] "GET /xingrg/all/function/internal_message.html?_=1628736357890&CODE_STATE=getMsg HTTP/1.1" 200 27
101.89.239.245 - - [12/Aug/2021:10:46:04 +0800] "GET /xingrg/all/function/internal_message.html?_=1628736300479&CODE_STATE=getMsg HTTP/1.1" 302 -
58.37.4.159 - - [12/Aug/2021:10:46:04 +0800] "GET /xingrg/all/function/internal_message.html?_=1628736360458&CODE_STATE=getMsg HTTP/1.1" 200 27
114.88.154.248 - - [12/Aug/2021:10:46:05 +0800] "GET /xingrg/all/function/internal_message.html?_=1628736272468&CODE_STATE=getMsg HTTP/1.1" 200 27
