116.235.222.38 - - [12/Aug/2021:08:47:12 +0800] "GET /xingrg/javascript/easyui/themes/icons/edit_add_new.png HTTP/1.1" 200 2997
116.235.222.38 - - [12/Aug/2021:08:47:12 +0800] "GET /xingrg/javascript/easyui/plugins/jquery.parser.js HTTP/1.1" 200 1142
116.235.222.38 - - [12/Aug/2021:08:47:12 +0800] "GET /xingrg/images/control/ajaxLoader.gif HTTP/1.1" 200 4659
116.235.222.38 - - [12/Aug/2021:08:47:13 +0800] "POST /xingrg/kc/buy/cgsh_list_operate.html HTTP/1.1" 200 876
101.83.145.79 - - [12/Aug/2021:08:47:14 +0800] "GET /xingrg/kc/buy/cgsh_order_operate.html?command=get_materiel&rest_code=00105&code=00101008354&supplier_code=00100203&order_time=2021-08-12 HTTP/1.1" 200 412
116.235.222.38 - - [12/Aug/2021:08:47:16 +0800] "GET /xingrg/javascript/easyui/themes/default/images/button_plain_hover.png HTTP/1.1" 200 144
116.235.222.38 - - [12/Aug/2021:08:47:17 +0800] "GET /xingrg/kc/buy/cgsh_order_add.html HTTP/1.1" 200 63231
116.235.222.38 - - [12/Aug/2021:08:47:17 +0800] "GET /xingrg/javascript/jquery_tools/order_manager.js HTTP/1.1" 200 11183
116.235.222.38 - - [12/Aug/2021:08:47:17 +0800] "GET /xingrg/javascript/convert.js HTTP/1.1" 200 1239
116.235.222.38 - - [12/Aug/2021:08:47:17 +0800] "GET /xingrg/javascript/json2.js HTTP/1.1" 200 11259
116.235.222.38 - - [12/Aug/2021:08:47:17 +0800] "GET /xingrg/javascript/print/kc_print.js HTTP/1.1" 200 11415
101.83.145.79 - - [12/Aug/2021:08:47:17 +0800] "GET /xingrg/all/function/internal_message.html?_=1628729191637&CODE_STATE=getMsg HTTP/1.1" 200 27
116.235.222.38 - - [12/Aug/2021:08:47:17 +0800] "GET /xingrg/words/20210811104106_words.js HTTP/1.1" 200 833536
116.235.222.38 - - [12/Aug/2021:08:47:17 +0800] "GET /xingrg/javascript/easyui/themes/icons/copy_new.png HTTP/1.1" 200 815
116.235.222.38 - - [12/Aug/2021:08:47:17 +0800] "GET /xingrg/javascript/easyui/themes/icons/template_new.png HTTP/1.1" 200 3956
116.235.222.38 - - [12/Aug/2021:08:47:17 +0800] "GET /xingrg/javascript/easyui/themes/icons/ok.png HTTP/1.1" 200 883
116.235.222.38 - - [12/Aug/2021:08:47:17 +0800] "GET /xingrg/javascript/easyui/themes/icons/print.png HTTP/1.1" 200 1057
116.235.222.38 - - [12/Aug/2021:08:47:17 +0800] "GET /xingrg/javascript/easyui/themes/default/images/menu_downarrow.png HTTP/1.1" 200 173
116.235.222.38 - - [12/Aug/2021:08:47:17 +0800] "GET /xingrg/javascript/easyui/themes/icons/cancel.png HTTP/1.1" 200 1133
116.235.222.38 - - [12/Aug/2021:08:47:18 +0800] "GET /xingrg/all/common/auto_word.html?type=employee&rest_code=00107 HTTP/1.1" 200 101
116.235.222.38 - - [12/Aug/2021:08:47:18 +0800] "GET /xingrg/javascript/easyui/themes/default/validatebox.css HTTP/1.1" 404 1104
116.235.222.38 - - [12/Aug/2021:08:47:18 +0800] "GET /xingrg/all/common/auto_word.html?type=employee&rest_code=00107 HTTP/1.1" 200 101
116.235.222.38 - - [12/Aug/2021:08:47:18 +0800] "GET /xingrg/javascript/easyui/plugins/jquery.validatebox.js HTTP/1.1" 200 6103
116.235.222.38 - - [12/Aug/2021:08:47:18 +0800] "GET /xingrg/javascript/easyui/plugins/jquery.numberbox.js HTTP/1.1" 200 5213
116.235.222.38 - - [12/Aug/2021:08:47:18 +0800] "POST /xingrg/kc/buy/cgsh_order_operate.html HTTP/1.1" 200 8245
116.235.222.38 - - [12/Aug/2021:08:47:18 +0800] "GET /xingrg/javascript/easyui/themes/icons/edit_remove.png HTTP/1.1" 200 625
116.235.222.38 - - [12/Aug/2021:08:47:21 +0800] "GET /xingrg/javascript/easyui/plugins/jquery.draggable.js HTTP/1.1" 200 6121
116.235.222.38 - - [12/Aug/2021:08:47:21 +0800] "GET /xingrg/css/images/panel_loading.gif HTTP/1.1" 200 1737
116.235.222.38 - - [12/Aug/2021:08:47:21 +0800] "GET /xingrg/javascript/easyui/plugins/jquery.droppable.js HTTP/1.1" 200 1167
116.235.222.38 - - [12/Aug/2021:08:47:21 +0800] "GET /xingrg/javascript/easyui/themes/default/tree.css HTTP/1.1" 404 1090
116.235.222.38 - - [12/Aug/2021:08:47:21 +0800] "GET /xingrg/javascript/easyui/plugins/jquery.tree.js HTTP/1.1" 200 20874
116.235.222.38 - - [12/Aug/2021:08:47:21 +0800] "POST /xingrg/all/common/load_tree.html?tree=supplier_tree_json&isDelete=1 HTTP/1.1" 200 57192
116.235.222.38 - - [12/Aug/2021:08:47:24 +0800] "GET /xingrg/javascript/easyui/themes/default/images/tree_arrows.gif HTTP/1.1" 200 617
116.235.222.38 - - [12/Aug/2021:08:47:24 +0800] "GET /xingrg/javascript/easyui/themes/default/images/tree_folder_open.gif HTTP/1.1" 200 956
116.235.222.38 - - [12/Aug/2021:08:47:24 +0800] "GET /xingrg/javascript/easyui/themes/default/images/tree_folder.gif HTTP/1.1" 200 952
116.235.222.38 - - [12/Aug/2021:08:47:24 +0800] "GET /xingrg/javascript/easyui/themes/default/images/tree_file.gif HTTP/1.1" 200 118
101.83.145.79 - - [12/Aug/2021:08:47:27 +0800] "GET /xingrg/all/function/internal_message.html?_=1628729246120&CODE_STATE=getMsg HTTP/1.1" 200 27
101.83.145.79 - - [12/Aug/2021:08:47:27 +0800] "GET /xingrg/check_reg.html?_=1628729246122 HTTP/1.1" 200 22
222.70.178.182 - - [12/Aug/2021:08:47:29 +0800] "GET /xingrg/all/function/internal_message.html?_=1628729243260&CODE_STATE=getMsg HTTP/1.1" 200 27
116.230.105.26 - - [12/Aug/2021:08:47:36 +0800] "GET /xingrg/all/function/internal_message.html?_=1628729248493&CODE_STATE=getMsg HTTP/1.1" 200 27
116.235.222.38 - - [12/Aug/2021:08:47:38 +0800] "GET /xingrg/javascript/auto/indicator.gif HTTP/1.1" 404 1066
116.238.194.18 - - [12/Aug/2021:08:47:38 +0800] "GET /xingrg/all/function/internal_message.html?_=1628729254890&CODE_STATE=getMsg HTTP/1.1" 200 27
116.235.222.38 - - [12/Aug/2021:08:47:44 +0800] "GET /xingrg/kc/buy/cgsh_order_operate.html?command=get_materiel&rest_code=00107&code=00101008091&supplier_code=00100006&order_time=2021-08-12 HTTP/1.1" 200 413
101.83.145.79 - - [12/Aug/2021:08:47:54 +0800] "GET /xingrg/kc/buy/cgsh_order_operate.html?command=get_materiel&rest_code=00105&code=00101008312&supplier_code=00100203&order_time=2021-08-12 HTTP/1.1" 200 412
172.20.0.100 - - [12/Aug/2021:08:47:57 +0800] "GET /xingrg/check_reg.html?_=1628729274062 HTTP/1.1" 200 22
172.20.0.100 - - [12/Aug/2021:08:47:57 +0800] "GET /xingrg/all/function/internal_message.html?_=1628729274063&CODE_STATE=getMsg HTTP/1.1" 200 27
116.235.222.38 - - [12/Aug/2021:08:47:59 +0800] "GET /xingrg/kc/buy/cgsh_order_operate.html?command=get_materiel&rest_code=00107&code=00101008044&supplier_code=00100006&order_time=2021-08-12 HTTP/1.1" 200 408
116.235.222.38 - - [12/Aug/2021:08:48:03 +0800] "GET /xingrg/all/function/internal_message.html?_=1628729276932&CODE_STATE=getMsg HTTP/1.1" 200 27
114.88.154.248 - - [12/Aug/2021:08:48:04 +0800] "GET /xingrg/all/function/internal_message.html?_=1628729192186&CODE_STATE=getMsg HTTP/1.1" 200 27
101.83.145.79 - - [12/Aug/2021:08:48:05 +0800] "GET /xingrg/kc/buy/cgsh_order_operate.html?command=get_materiel&rest_code=00105&code=00101008010&supplier_code=00100203&order_time=2021-08-12 HTTP/1.1" 200 412
180.169.147.146 - - [12/Aug/2021:08:48:08 +0800] "GET /xingrg/all/function/internal_message.html?_=1628729282066&CODE_STATE=getMsg HTTP/1.1" 200 27
222.70.246.151 - - [12/Aug/2021:08:48:09 +0800] "GET /xingrg/all/function/internal_message.html?_=1628729299722&CODE_STATE=getMsg HTTP/1.1" 200 27
116.235.222.38 - - [12/Aug/2021:08:48:16 +0800] "GET /xingrg/kc/buy/cgsh_order_operate.html?command=get_materiel&rest_code=00107&code=00101008257&supplier_code=00100006&order_time=2021-08-12 HTTP/1.1" 200 416
101.83.145.79 - - [12/Aug/2021:08:48:17 +0800] "GET /xingrg/all/function/internal_message.html?_=1628729251636&CODE_STATE=getMsg HTTP/1.1" 200 27
101.83.145.79 - - [12/Aug/2021:08:48:17 +0800] "GET /xingrg/check_reg.html?_=1628729251639 HTTP/1.1" 200 22
101.83.145.79 - - [12/Aug/2021:08:48:27 +0800] "GET /xingrg/all/function/internal_message.html?_=1628729306077&CODE_STATE=getMsg HTTP/1.1" 200 27
116.235.222.38 - - [12/Aug/2021:08:48:27 +0800] "GET /xingrg/kc/buy/cgsh_order_operate.html?command=get_materiel&rest_code=00107&code=00101008156&supplier_code=00100006&order_time=2021-08-12 HTTP/1.1" 200 414
222.70.178.182 - - [12/Aug/2021:08:48:29 +0800] "GET /xingrg/all/function/internal_message.html?_=1628729303258&CODE_STATE=getMsg HTTP/1.1" 200 27
101.83.145.79 - - [12/Aug/2021:08:48:34 +0800] "GET /xingrg/kc/buy/cgsh_order_operate.html?command=get_materiel&rest_code=00105&code=00101007072&supplier_code=00100203&order_time=2021-08-12 HTTP/1.1" 200 413
116.230.105.26 - - [12/Aug/2021:08:48:36 +0800] "GET /xingrg/all/function/internal_message.html?_=1628729308503&CODE_STATE=getMsg HTTP/1.1" 200 27
116.238.194.18 - - [12/Aug/2021:08:48:38 +0800] "GET /xingrg/all/function/internal_message.html?_=1628729314889&CODE_STATE=getMsg HTTP/1.1" 200 27
116.235.222.38 - - [12/Aug/2021:08:48:39 +0800] "GET /xingrg/kc/buy/cgsh_order_operate.html?command=get_materiel&rest_code=00107&code=00101008149&supplier_code=00100006&order_time=2021-08-12 HTTP/1.1" 200 408
101.83.145.79 - - [12/Aug/2021:08:48:40 +0800] "GET /xingrg/kc/buy/cgsh_order_operate.html?command=get_materiel&rest_code=00105&code=00101008221&supplier_code=00100203&order_time=2021-08-12 HTTP/1.1" 200 412
101.83.145.79 - - [12/Aug/2021:08:48:49 +0800] "GET /xingrg/kc/buy/cgsh_order_operate.html?command=get_materiel&rest_code=00105&code=00101008361&supplier_code=00100203&order_time=2021-08-12 HTTP/1.1" 200 408
116.235.222.38 - - [12/Aug/2021:08:48:52 +0800] "GET /xingrg/kc/buy/cgsh_order_operate.html?command=get_materiel&rest_code=00107&code=00101008298&supplier_code=00100006&order_time=2021-08-12 HTTP/1.1" 200 431
101.83.145.79 - - [12/Aug/2021:08:48:56 +0800] "GET /xingrg/kc/buy/cgsh_order_operate.html?command=get_materiel&rest_code=00105&code=00101008355&supplier_code=00100203&order_time=2021-08-12 HTTP/1.1" 200 408
172.20.0.100 - - [12/Aug/2021:08:48:57 +0800] "GET /xingrg/all/function/internal_message.html?_=1628729334066&CODE_STATE=getMsg HTTP/1.1" 200 27
116.235.222.38 - - [12/Aug/2021:08:49:01 +0800] "GET /xingrg/kc/buy/cgsh_order_operate.html?command=get_materiel&rest_code=00107&code=00101008038&supplier_code=00100006&order_time=2021-08-12 HTTP/1.1" 200 412
116.235.222.38 - - [12/Aug/2021:08:49:03 +0800] "GET /xingrg/all/function/internal_message.html?_=1628729336989&CODE_STATE=getMsg HTTP/1.1" 200 27
114.88.154.248 - - [12/Aug/2021:08:49:04 +0800] "GET /xingrg/all/function/internal_message.html?_=1628729252187&CODE_STATE=getMsg HTTP/1.1" 200 27
114.88.154.248 - - [12/Aug/2021:08:49:04 +0800] "GET /xingrg/check_reg.html?_=1628729252188 HTTP/1.1" 200 22
101.83.145.79 - - [12/Aug/2021:08:49:07 +0800] "GET /xingrg/kc/buy/cgsh_order_operate.html?command=get_materiel&rest_code=00105&code=00101008356&supplier_code=00100203&order_time=2021-08-12 HTTP/1.1" 200 409
180.169.147.146 - - [12/Aug/2021:08:49:08 +0800] "GET /xingrg/check_reg.html?_=1628729342064 HTTP/1.1" 200 22
180.169.147.146 - - [12/Aug/2021:08:49:08 +0800] "GET /xingrg/all/function/internal_message.html?_=1628729342098&CODE_STATE=getMsg HTTP/1.1" 200 27
222.70.246.151 - - [12/Aug/2021:08:49:09 +0800] "GET /xingrg/all/function/internal_message.html?_=1628729360179&CODE_STATE=getMsg HTTP/1.1" 200 27
116.235.222.38 - - [12/Aug/2021:08:49:13 +0800] "GET /xingrg/kc/buy/cgsh_order_operate.html?command=get_materiel&rest_code=00107&code=00101008358&supplier_code=00100006&order_time=2021-08-12 HTTP/1.1" 200 412
101.83.145.79 - - [12/Aug/2021:08:49:17 +0800] "GET /xingrg/all/function/internal_message.html?_=1628729311640&CODE_STATE=getMsg HTTP/1.1" 200 27
116.235.222.38 - - [12/Aug/2021:08:49:25 +0800] "GET /xingrg/kc/buy/cgsh_order_operate.html?command=get_materiel&rest_code=00107&code=00101008355&supplier_code=00100006&order_time=2021-08-12 HTTP/1.1" 200 408
101.83.145.79 - - [12/Aug/2021:08:49:27 +0800] "GET /xingrg/all/function/internal_message.html?_=1628729366083&CODE_STATE=getMsg HTTP/1.1" 200 27
222.70.178.182 - - [12/Aug/2021:08:49:29 +0800] "GET /xingrg/all/function/internal_message.html?_=1628729363256&CODE_STATE=getMsg HTTP/1.1" 200 27
101.83.145.79 - - [12/Aug/2021:08:49:29 +0800] "GET /xingrg/kc/buy/cgsh_order_operate.html?command=get_materiel&rest_code=00105&code=00101008196&supplier_code=00100203&order_time=2021-08-12 HTTP/1.1" 200 416
101.83.145.79 - - [12/Aug/2021:08:49:33 +0800] "POST /xingrg/kc/buy/cgsh_order_operate.html HTTP/1.1" 200 2065
101.83.145.79 - - [12/Aug/2021:08:49:35 +0800] "POST /xingrg/kc/buy/cgsh_order_operate.html HTTP/1.1" 200 2065
116.230.105.26 - - [12/Aug/2021:08:49:36 +0800] "GET /xingrg/all/function/internal_message.html?_=1628729368499&CODE_STATE=getMsg HTTP/1.1" 200 27
116.235.222.38 - - [12/Aug/2021:08:49:37 +0800] "GET /xingrg/kc/buy/cgsh_order_operate.html?command=get_materiel&rest_code=00107&code=00101008004&supplier_code=00100006&order_time=2021-08-12 HTTP/1.1" 200 416
116.238.194.18 - - [12/Aug/2021:08:49:38 +0800] "GET /xingrg/all/function/internal_message.html?_=1628729374894&CODE_STATE=getMsg HTTP/1.1" 200 27
116.235.222.38 - - [12/Aug/2021:08:49:44 +0800] "GET /xingrg/kc/buy/cgsh_order_operate.html?command=get_materiel&rest_code=00107&code=00101008144&supplier_code=00100006&order_time=2021-08-12 HTTP/1.1" 200 412
222.70.246.151 - - [12/Aug/2021:08:49:46 +0800] "GET /xingrg/check_reg.html?_=1628729397066 HTTP/1.1" 200 22
101.83.145.79 - - [12/Aug/2021:08:49:46 +0800] "GET /xingrg/kc/buy/cgsh_order_operate.html?command=get_materiel&rest_code=00105&code=00101008230&supplier_code=00100203&order_time=2021-08-12 HTTP/1.1" 200 408
101.83.145.79 - - [12/Aug/2021:08:49:53 +0800] "GET /xingrg/kc/buy/cgsh_order_operate.html?command=get_materiel&rest_code=00105&code=00101008069&supplier_code=00100203&order_time=2021-08-12 HTTP/1.1" 200 412
116.235.222.38 - - [12/Aug/2021:08:49:56 +0800] "GET /xingrg/kc/buy/cgsh_order_operate.html?command=get_materiel&rest_code=00107&code=00101008146&supplier_code=00100006&order_time=2021-08-12 HTTP/1.1" 200 416
172.20.0.100 - - [12/Aug/2021:08:49:57 +0800] "GET /xingrg/all/function/internal_message.html?_=1628729394069&CODE_STATE=getMsg HTTP/1.1" 200 27
101.83.145.79 - - [12/Aug/2021:08:50:00 +0800] "GET /xingrg/kc/buy/cgsh_order_operate.html?command=get_materiel&rest_code=00105&code=00101008286&supplier_code=00100203&order_time=2021-08-12 HTTP/1.1" 200 408
116.235.222.38 - - [12/Aug/2021:08:50:03 +0800] "GET /xingrg/all/function/internal_message.html?_=1628729396972&CODE_STATE=getMsg HTTP/1.1" 200 27
114.88.154.248 - - [12/Aug/2021:08:50:04 +0800] "GET /xingrg/all/function/internal_message.html?_=1628729312187&CODE_STATE=getMsg HTTP/1.1" 200 27
180.169.147.146 - - [12/Aug/2021:08:50:08 +0800] "GET /xingrg/all/function/internal_message.html?_=1628729402081&CODE_STATE=getMsg HTTP/1.1" 200 27
101.83.145.79 - - [12/Aug/2021:08:50:09 +0800] "GET /xingrg/kc/buy/cgsh_order_operate.html?command=get_materiel&rest_code=00105&code=00101008131&supplier_code=00100203&order_time=2021-08-12 HTTP/1.1" 200 408
222.70.246.151 - - [12/Aug/2021:08:50:09 +0800] "GET /xingrg/all/function/internal_message.html?_=1628729420186&CODE_STATE=getMsg HTTP/1.1" 200 27
116.235.222.38 - - [12/Aug/2021:08:50:10 +0800] "GET /xingrg/kc/buy/cgsh_order_operate.html?command=get_materiel&rest_code=00107&code=00101008163&supplier_code=00100006&order_time=2021-08-12 HTTP/1.1" 200 409
101.83.145.79 - - [12/Aug/2021:08:50:17 +0800] "GET /xingrg/all/function/internal_message.html?_=1628729371641&CODE_STATE=getMsg HTTP/1.1" 200 27
101.83.145.79 - - [12/Aug/2021:08:50:17 +0800] "GET /xingrg/kc/buy/cgsh_order_operate.html?command=get_materiel&rest_code=00105&code=00101008318&supplier_code=00100203&order_time=2021-08-12 HTTP/1.1" 200 408
116.235.222.38 - - [12/Aug/2021:08:50:26 +0800] "GET /xingrg/kc/buy/cgsh_order_operate.html?command=get_materiel&rest_code=00107&code=00101008357&supplier_code=00100006&order_time=2021-08-12 HTTP/1.1" 200 408
101.83.145.79 - - [12/Aug/2021:08:50:27 +0800] "GET /xingrg/all/function/internal_message.html?_=1628729426076&CODE_STATE=getMsg HTTP/1.1" 200 27
222.70.178.182 - - [12/Aug/2021:08:50:29 +0800] "GET /xingrg/all/function/internal_message.html?_=1628729423254&CODE_STATE=getMsg HTTP/1.1" 200 27
101.83.145.79 - - [12/Aug/2021:08:50:29 +0800] "GET /xingrg/kc/buy/cgsh_order_operate.html?command=get_materiel&rest_code=00105&code=00101008005&supplier_code=00100203&order_time=2021-08-12 HTTP/1.1" 200 412
116.235.222.38 - - [12/Aug/2021:08:50:33 +0800] "GET /xingrg/kc/buy/cgsh_order_operate.html?command=get_materiel&rest_code=00107&code=00101008286&supplier_code=00100006&order_time=2021-08-12 HTTP/1.1" 200 408
116.230.105.26 - - [12/Aug/2021:08:50:36 +0800] "GET /xingrg/all/function/internal_message.html?_=1628729428507&CODE_STATE=getMsg HTTP/1.1" 200 27
116.238.194.18 - - [12/Aug/2021:08:50:38 +0800] "GET /xingrg/check_reg.html?_=1628729434906 HTTP/1.1" 200 22
116.238.194.18 - - [12/Aug/2021:08:50:38 +0800] "GET /xingrg/all/function/internal_message.html?_=1628729434909&CODE_STATE=getMsg HTTP/1.1" 200 27
116.235.222.38 - - [12/Aug/2021:08:50:42 +0800] "GET /xingrg/kc/buy/cgsh_order_operate.html?command=get_materiel&rest_code=00107&code=00101008318&supplier_code=00100006&order_time=2021-08-12 HTTP/1.1" 200 408
116.235.222.38 - - [12/Aug/2021:08:50:55 +0800] "GET /xingrg/kc/buy/cgsh_order_operate.html?command=get_materiel&rest_code=00107&code=00101008352&supplier_code=00100006&order_time=2021-08-12 HTTP/1.1" 200 412
172.20.0.100 - - [12/Aug/2021:08:50:57 +0800] "GET /xingrg/all/function/internal_message.html?_=1628729454061&CODE_STATE=getMsg HTTP/1.1" 200 27
58.221.95.50 - - [12/Aug/2021:08:51:03 +0800] "GET /xingrg/check_reg.html?_=1628729461522 HTTP/1.1" 302 -
116.235.222.38 - - [12/Aug/2021:08:51:03 +0800] "GET /xingrg/all/function/internal_message.html?_=1628729457019&CODE_STATE=getMsg HTTP/1.1" 200 27
114.88.154.248 - - [12/Aug/2021:08:51:04 +0800] "GET /xingrg/all/function/internal_message.html?_=1628729372213&CODE_STATE=getMsg HTTP/1.1" 200 27
180.169.147.146 - - [12/Aug/2021:08:51:08 +0800] "GET /xingrg/all/function/internal_message.html?_=1628729462065&CODE_STATE=getMsg HTTP/1.1" 200 27
222.70.246.151 - - [12/Aug/2021:08:51:09 +0800] "GET /xingrg/all/function/internal_message.html?_=1628729480199&CODE_STATE=getMsg HTTP/1.1" 200 27
116.235.222.38 - - [12/Aug/2021:08:51:13 +0800] "GET /xingrg/kc/buy/cgsh_order_operate.html?command=get_materiel&rest_code=00107&code=00101008005&supplier_code=00100006&order_time=2021-08-12 HTTP/1.1" 200 412
101.83.145.79 - - [12/Aug/2021:08:51:17 +0800] "GET /xingrg/all/function/internal_message.html?_=1628729431641&CODE_STATE=getMsg HTTP/1.1" 200 27
116.235.222.38 - - [12/Aug/2021:08:51:24 +0800] "GET /xingrg/kc/buy/cgsh_order_operate.html?command=get_materiel&rest_code=00107&code=00101008353&supplier_code=00100006&order_time=2021-08-12 HTTP/1.1" 200 408
101.83.145.79 - - [12/Aug/2021:08:51:25 +0800] "GET /xingrg/kc/buy/cgsh_order_operate.html?command=get_materiel&rest_code=00105&code=00101008271&supplier_code=00100203&order_time=2021-08-12 HTTP/1.1" 200 408
101.83.145.79 - - [12/Aug/2021:08:51:27 +0800] "GET /xingrg/all/function/internal_message.html?_=1628729486068&CODE_STATE=getMsg HTTP/1.1" 200 27
222.70.178.182 - - [12/Aug/2021:08:51:29 +0800] "GET /xingrg/all/function/internal_message.html?_=1628729483252&CODE_STATE=getMsg HTTP/1.1" 200 27
222.70.178.182 - - [12/Aug/2021:08:51:29 +0800] "GET /xingrg/check_reg.html?_=1628729483254 HTTP/1.1" 200 22
116.235.222.38 - - [12/Aug/2021:08:51:33 +0800] "GET /xingrg/kc/buy/cgsh_order_operate.html?command=get_materiel&rest_code=00107&code=00101008213&supplier_code=00100006&order_time=2021-08-12 HTTP/1.1" 200 412
101.83.145.79 - - [12/Aug/2021:08:51:34 +0800] "GET /xingrg/kc/buy/cgsh_order_operate.html?command=get_materiel&rest_code=00105&code=00101008353&supplier_code=00100203&order_time=2021-08-12 HTTP/1.1" 200 408
116.235.222.38 - - [12/Aug/2021:08:51:35 +0800] "POST /xingrg/kc/buy/cgsh_order_operate.html HTTP/1.1" 200 2065
116.230.105.26 - - [12/Aug/2021:08:51:36 +0800] "GET /xingrg/all/function/internal_message.html?_=1628729488494&CODE_STATE=getMsg HTTP/1.1" 200 27
116.230.105.26 - - [12/Aug/2021:08:51:36 +0800] "GET /xingrg/check_reg.html?_=1628729488496 HTTP/1.1" 200 22
116.238.194.18 - - [12/Aug/2021:08:51:38 +0800] "GET /xingrg/all/function/internal_message.html?_=1628729494910&CODE_STATE=getMsg HTTP/1.1" 200 27
116.235.222.38 - - [12/Aug/2021:08:51:42 +0800] "GET /xingrg/kc/buy/cgsh_order_operate.html?command=get_materiel&rest_code=00107&code=00101008264&supplier_code=00100006&order_time=2021-08-12 HTTP/1.1" 200 412
101.83.145.79 - - [12/Aug/2021:08:51:47 +0800] "GET /xingrg/kc/buy/cgsh_order_operate.html?command=get_materiel&rest_code=00105&code=00101008298&supplier_code=00100203&order_time=2021-08-12 HTTP/1.1" 200 431
172.20.0.100 - - [12/Aug/2021:08:51:57 +0800] "GET /xingrg/all/function/internal_message.html?_=1628729514063&CODE_STATE=getMsg HTTP/1.1" 200 27
101.83.145.79 - - [12/Aug/2021:08:52:00 +0800] "GET /xingrg/kc/buy/cgsh_order_operate.html?command=get_materiel&rest_code=00105&code=00101008185&supplier_code=00100203&order_time=2021-08-12 HTTP/1.1" 200 408
116.235.222.38 - - [12/Aug/2021:08:52:02 +0800] "GET /xingrg/kc/buy/cgsh_order_operate.html?command=get_materiel&rest_code=00107&code=00101023033&supplier_code=00100006&order_time=2021-08-12 HTTP/1.1" 200 395
116.235.222.38 - - [12/Aug/2021:08:52:03 +0800] "GET /xingrg/check_reg.html?_=1628729516938 HTTP/1.1" 200 22
116.235.222.38 - - [12/Aug/2021:08:52:03 +0800] "GET /xingrg/all/function/internal_message.html?_=1628729517008&CODE_STATE=getMsg HTTP/1.1" 200 27
114.88.154.248 - - [12/Aug/2021:08:52:04 +0800] "GET /xingrg/all/function/internal_message.html?_=1628729432211&CODE_STATE=getMsg HTTP/1.1" 200 27
101.83.145.79 - - [12/Aug/2021:08:52:06 +0800] "GET /xingrg/kc/buy/cgsh_order_operate.html?command=get_materiel&rest_code=00105&code=00101023033&supplier_code=00100203&order_time=2021-08-12 HTTP/1.1" 200 395
180.169.147.146 - - [12/Aug/2021:08:52:08 +0800] "GET /xingrg/all/function/internal_message.html?_=1628729522093&CODE_STATE=getMsg HTTP/1.1" 200 27
222.70.246.151 - - [12/Aug/2021:08:52:09 +0800] "GET /xingrg/all/function/internal_message.html?_=1628729540650&CODE_STATE=getMsg HTTP/1.1" 200 27
101.83.145.79 - - [12/Aug/2021:08:52:15 +0800] "GET /xingrg/kc/buy/cgsh_order_operate.html?command=get_materiel&rest_code=00105&code=00101008275&supplier_code=00100203&order_time=2021-08-12 HTTP/1.1" 200 417
101.83.145.79 - - [12/Aug/2021:08:52:17 +0800] "GET /xingrg/all/function/internal_message.html?_=1628729491667&CODE_STATE=getMsg HTTP/1.1" 200 27
116.235.222.38 - - [12/Aug/2021:08:52:19 +0800] "GET /xingrg/kc/buy/cgsh_order_operate.html?command=get_materiel&rest_code=00107&code=00101008232&supplier_code=00100006&order_time=2021-08-12 HTTP/1.1" 200 408
101.83.145.79 - - [12/Aug/2021:08:52:24 +0800] "GET /xingrg/kc/buy/cgsh_order_operate.html?command=get_materiel&rest_code=00105&code=00101008219&supplier_code=00100203&order_time=2021-08-12 HTTP/1.1" 200 412
101.83.145.79 - - [12/Aug/2021:08:52:27 +0800] "GET /xingrg/all/function/internal_message.html?_=1628729546075&CODE_STATE=getMsg HTTP/1.1" 200 27
101.83.145.79 - - [12/Aug/2021:08:52:27 +0800] "GET /xingrg/check_reg.html?_=1628729546091 HTTP/1.1" 200 22
222.70.178.182 - - [12/Aug/2021:08:52:29 +0800] "GET /xingrg/all/function/internal_message.html?_=1628729543252&CODE_STATE=getMsg HTTP/1.1" 200 27
101.83.145.79 - - [12/Aug/2021:08:52:31 +0800] "POST /xingrg/kc/buy/cgsh_order_operate.html HTTP/1.1" 200 2065
101.83.145.79 - - [12/Aug/2021:08:52:33 +0800] "POST /xingrg/kc/buy/cgsh_order_operate.html HTTP/1.1" 200 2065
116.235.222.38 - - [12/Aug/2021:08:52:34 +0800] "GET /xingrg/kc/buy/cgsh_order_operate.html?command=get_materiel&rest_code=00107&code=00101008125&supplier_code=00100006&order_time=2021-08-12 HTTP/1.1" 200 413
116.230.105.26 - - [12/Aug/2021:08:52:36 +0800] "GET /xingrg/all/function/internal_message.html?_=1628729548504&CODE_STATE=getMsg HTTP/1.1" 200 27
116.238.194.18 - - [12/Aug/2021:08:52:38 +0800] "GET /xingrg/all/function/internal_message.html?_=1628729554910&CODE_STATE=getMsg HTTP/1.1" 200 27
101.83.145.79 - - [12/Aug/2021:08:52:42 +0800] "GET /xingrg/kc/buy/cgsh_order_operate.html?command=get_materiel&rest_code=00105&code=00101008244&supplier_code=00100203&order_time=2021-08-12 HTTP/1.1" 200 408
101.83.145.79 - - [12/Aug/2021:08:52:49 +0800] "GET /xingrg/kc/buy/cgsh_order_operate.html?command=get_materiel&rest_code=00105&code=00101008351&supplier_code=00100203&order_time=2021-08-12 HTTP/1.1" 200 408
116.235.222.38 - - [12/Aug/2021:08:52:50 +0800] "GET /xingrg/kc/buy/cgsh_order_operate.html?command=get_materiel&rest_code=00107&code=00101008067&supplier_code=00100006&order_time=2021-08-12 HTTP/1.1" 200 416
116.235.222.38 - - [12/Aug/2021:08:52:54 +0800] "POST /xingrg/kc/buy/cgsh_order_operate.html HTTP/1.1" 200 2065
101.83.145.79 - - [12/Aug/2021:08:52:55 +0800] "GET /xingrg/kc/buy/cgsh_order_operate.html?command=get_materiel&rest_code=00105&code=00101008186&supplier_code=00100203&order_time=2021-08-12 HTTP/1.1" 200 408
172.20.0.100 - - [12/Aug/2021:08:52:57 +0800] "GET /xingrg/check_reg.html?_=1628729574064 HTTP/1.1" 200 22
172.20.0.100 - - [12/Aug/2021:08:52:57 +0800] "GET /xingrg/all/function/internal_message.html?_=1628729574065&CODE_STATE=getMsg HTTP/1.1" 200 27
116.235.222.38 - - [12/Aug/2021:08:53:03 +0800] "GET /xingrg/all/function/internal_message.html?_=1628729577071&CODE_STATE=getMsg HTTP/1.1" 200 27
114.88.154.248 - - [12/Aug/2021:08:53:04 +0800] "GET /xingrg/all/function/internal_message.html?_=1628729492209&CODE_STATE=getMsg HTTP/1.1" 200 27
180.169.147.146 - - [12/Aug/2021:08:53:08 +0800] "GET /xingrg/all/function/internal_message.html?_=1628729582082&CODE_STATE=getMsg HTTP/1.1" 200 27
222.70.246.151 - - [12/Aug/2021:08:53:09 +0800] "GET /xingrg/all/function/internal_message.html?_=1628729600664&CODE_STATE=getMsg HTTP/1.1" 200 27
101.83.145.79 - - [12/Aug/2021:08:53:13 +0800] "GET /xingrg/kc/buy/cgsh_order_operate.html?command=get_materiel&rest_code=00105&code=00101008088&supplier_code=00100203&order_time=2021-08-12 HTTP/1.1" 200 408
116.235.222.38 - - [12/Aug/2021:08:53:15 +0800] "GET /xingrg/kc/buy/cgsh_order_operate.html?command=get_materiel&rest_code=00107&code=00101008132&supplier_code=00100006&order_time=2021-08-12 HTTP/1.1" 200 408
101.83.145.79 - - [12/Aug/2021:08:53:17 +0800] "GET /xingrg/check_reg.html?_=1628729551667 HTTP/1.1" 200 22
101.83.145.79 - - [12/Aug/2021:08:53:17 +0800] "GET /xingrg/all/function/internal_message.html?_=1628729551671&CODE_STATE=getMsg HTTP/1.1" 200 27
101.83.145.79 - - [12/Aug/2021:08:53:26 +0800] "GET /xingrg/kc/buy/cgsh_order_operate.html?command=get_materiel&rest_code=00105&code=00101008003&supplier_code=00100203&order_time=2021-08-12 HTTP/1.1" 200 408
101.83.145.79 - - [12/Aug/2021:08:53:27 +0800] "GET /xingrg/all/function/internal_message.html?_=1628729606072&CODE_STATE=getMsg HTTP/1.1" 200 27
116.235.222.38 - - [12/Aug/2021:08:53:28 +0800] "GET /xingrg/kc/buy/cgsh_order_operate.html?command=get_materiel&rest_code=00107&code=00101008244&supplier_code=00100006&order_time=2021-08-12 HTTP/1.1" 200 408
222.70.178.182 - - [12/Aug/2021:08:53:29 +0800] "GET /xingrg/all/function/internal_message.html?_=1628729603251&CODE_STATE=getMsg HTTP/1.1" 200 27
101.83.145.79 - - [12/Aug/2021:08:53:33 +0800] "GET /xingrg/kc/buy/cgsh_order_operate.html?command=get_materiel&rest_code=00105&code=00101008141&supplier_code=00100203&order_time=2021-08-12 HTTP/1.1" 200 412
116.230.105.26 - - [12/Aug/2021:08:53:36 +0800] "GET /xingrg/all/function/internal_message.html?_=1628729608497&CODE_STATE=getMsg HTTP/1.1" 200 27
116.238.194.18 - - [12/Aug/2021:08:53:38 +0800] "GET /xingrg/all/function/internal_message.html?_=1628729614896&CODE_STATE=getMsg HTTP/1.1" 200 27
116.235.222.38 - - [12/Aug/2021:08:53:39 +0800] "GET /xingrg/kc/buy/cgsh_order_operate.html?command=get_materiel&rest_code=00107&code=00101008225&supplier_code=00100006&order_time=2021-08-12 HTTP/1.1" 200 416
172.20.0.100 - - [12/Aug/2021:08:53:57 +0800] "GET /xingrg/all/function/internal_message.html?_=1628729634067&CODE_STATE=getMsg HTTP/1.1" 200 27
116.235.222.38 - - [12/Aug/2021:08:53:58 +0800] "GET /xingrg/kc/buy/cgsh_order_operate.html?command=get_materiel&rest_code=00107&code=00101008003&supplier_code=00100006&order_time=2021-08-12 HTTP/1.1" 200 408
116.235.222.38 - - [12/Aug/2021:08:54:01 +0800] "POST /xingrg/kc/buy/cgsh_order_operate.html HTTP/1.1" 200 2065
116.235.222.38 - - [12/Aug/2021:08:54:03 +0800] "GET /xingrg/all/function/internal_message.html?_=1628729637066&CODE_STATE=getMsg HTTP/1.1" 200 27
114.88.154.248 - - [12/Aug/2021:08:54:04 +0800] "GET /xingrg/all/function/internal_message.html?_=1628729552207&CODE_STATE=getMsg HTTP/1.1" 200 27
114.88.154.248 - - [12/Aug/2021:08:54:04 +0800] "GET /xingrg/check_reg.html?_=1628729552208 HTTP/1.1" 200 22
101.83.145.79 - - [12/Aug/2021:08:54:07 +0800] "GET /xingrg/kc/buy/cgsh_order_operate.html?command=get_materiel&rest_code=00105&code=00101008067&supplier_code=00100203&order_time=2021-08-12 HTTP/1.1" 200 416
116.235.222.38 - - [12/Aug/2021:08:54:08 +0800] "GET /xingrg/kc/buy/cgsh_order_operate.html?command=get_materiel&rest_code=00107&code=00101008137&supplier_code=00100006&order_time=2021-08-12 HTTP/1.1" 200 408
180.169.147.146 - - [12/Aug/2021:08:54:08 +0800] "GET /xingrg/check_reg.html?_=1628729642097 HTTP/1.1" 200 22
180.169.147.146 - - [12/Aug/2021:08:54:08 +0800] "GET /xingrg/all/function/internal_message.html?_=1628729642096&CODE_STATE=getMsg HTTP/1.1" 200 27
222.70.246.151 - - [12/Aug/2021:08:54:10 +0800] "GET /xingrg/all/function/internal_message.html?_=1628729661107&CODE_STATE=getMsg HTTP/1.1" 200 27
101.83.145.79 - - [12/Aug/2021:08:54:17 +0800] "GET /xingrg/all/function/internal_message.html?_=1628729611671&CODE_STATE=getMsg HTTP/1.1" 200 27
116.235.222.38 - - [12/Aug/2021:08:54:21 +0800] "GET /xingrg/kc/buy/cgsh_order_operate.html?command=get_materiel&rest_code=00107&code=00101008270&supplier_code=00100006&order_time=2021-08-12 HTTP/1.1" 200 412
101.83.145.79 - - [12/Aug/2021:08:54:27 +0800] "GET /xingrg/all/function/internal_message.html?_=1628729666067&CODE_STATE=getMsg HTTP/1.1" 200 27
101.83.145.79 - - [12/Aug/2021:08:54:28 +0800] "GET /xingrg/kc/buy/cgsh_order_operate.html?command=get_materiel&rest_code=00105&code=00101008301&supplier_code=00100203&order_time=2021-08-12 HTTP/1.1" 200 422
222.70.178.182 - - [12/Aug/2021:08:54:29 +0800] "GET /xingrg/all/function/internal_message.html?_=1628729663249&CODE_STATE=getMsg HTTP/1.1" 200 27
116.230.105.26 - - [12/Aug/2021:08:54:36 +0800] "GET /xingrg/all/function/internal_message.html?_=1628729668499&CODE_STATE=getMsg HTTP/1.1" 200 27
116.238.194.18 - - [12/Aug/2021:08:54:38 +0800] "GET /xingrg/all/function/internal_message.html?_=1628729674898&CODE_STATE=getMsg HTTP/1.1" 200 27
222.70.246.151 - - [12/Aug/2021:08:54:46 +0800] "GET /xingrg/check_reg.html?_=1628729697074 HTTP/1.1" 200 22
116.235.222.38 - - [12/Aug/2021:08:54:47 +0800] "GET /xingrg/kc/buy/cgsh_order_operate.html?command=get_materiel&rest_code=00107&code=00101008131&supplier_code=00100006&order_time=2021-08-12 HTTP/1.1" 200 408
101.83.145.79 - - [12/Aug/2021:08:54:53 +0800] "GET /xingrg/kc/buy/cgsh_order_operate.html?command=get_materiel&rest_code=00105&code=00101008137&supplier_code=00100203&order_time=2021-08-12 HTTP/1.1" 200 408
172.20.0.100 - - [12/Aug/2021:08:54:57 +0800] "GET /xingrg/all/function/internal_message.html?_=1628729694068&CODE_STATE=getMsg HTTP/1.1" 200 27
116.235.222.38 - - [12/Aug/2021:08:55:01 +0800] "GET /xingrg/kc/buy/cgsh_order_operate.html?command=get_materiel&rest_code=00107&code=00101008296&supplier_code=00100006&order_time=2021-08-12 HTTP/1.1" 200 416
116.235.222.38 - - [12/Aug/2021:08:55:03 +0800] "GET /xingrg/all/function/internal_message.html?_=1628729697068&CODE_STATE=getMsg HTTP/1.1" 200 27
116.235.222.38 - - [12/Aug/2021:08:55:04 +0800] "POST /xingrg/kc/buy/cgsh_order_operate.html HTTP/1.1" 200 2065
114.88.154.248 - - [12/Aug/2021:08:55:04 +0800] "GET /xingrg/all/function/internal_message.html?_=1628729612206&CODE_STATE=getMsg HTTP/1.1" 200 27
101.83.145.79 - - [12/Aug/2021:08:55:07 +0800] "GET /xingrg/kc/buy/cgsh_order_operate.html?command=get_materiel&rest_code=00105&code=00101008357&supplier_code=00100203&order_time=2021-08-12 HTTP/1.1" 200 408
180.169.147.146 - - [12/Aug/2021:08:55:08 +0800] "GET /xingrg/all/function/internal_message.html?_=1628729702096&CODE_STATE=getMsg HTTP/1.1" 200 27
222.70.246.151 - - [12/Aug/2021:08:55:10 +0800] "GET /xingrg/all/function/internal_message.html?_=1628729721113&CODE_STATE=getMsg HTTP/1.1" 200 27
101.83.145.79 - - [12/Aug/2021:08:55:17 +0800] "GET /xingrg/all/function/internal_message.html?_=1628729671671&CODE_STATE=getMsg HTTP/1.1" 200 27
101.83.145.79 - - [12/Aug/2021:08:55:22 +0800] "GET /xingrg/kc/buy/cgsh_order_operate.html?command=get_materiel&rest_code=00105&code=00101008108&supplier_code=00100203&order_time=2021-08-12 HTTP/1.1" 200 412
116.235.222.38 - - [12/Aug/2021:08:55:24 +0800] "GET /xingrg/kc/buy/cgsh_order_operate.html?command=get_materiel&rest_code=00107&code=00101008356&supplier_code=00100006&order_time=2021-08-12 HTTP/1.1" 200 409
101.83.145.79 - - [12/Aug/2021:08:55:26 +0800] "POST /xingrg/kc/buy/cgsh_order_operate.html HTTP/1.1" 200 2065
101.83.145.79 - - [12/Aug/2021:08:55:27 +0800] "GET /xingrg/all/function/internal_message.html?_=1628729726075&CODE_STATE=getMsg HTTP/1.1" 200 27
101.83.145.79 - - [12/Aug/2021:08:55:28 +0800] "POST /xingrg/kc/buy/cgsh_order_operate.html HTTP/1.1" 200 2065
222.70.178.182 - - [12/Aug/2021:08:55:29 +0800] "GET /xingrg/all/function/internal_message.html?_=1628729723247&CODE_STATE=getMsg HTTP/1.1" 200 27
101.83.145.79 - - [12/Aug/2021:08:55:30 +0800] "POST /xingrg/kc/buy/cgsh_order_operate.html HTTP/1.1" 200 2065
116.230.105.26 - - [12/Aug/2021:08:55:36 +0800] "GET /xingrg/all/function/internal_message.html?_=1628729728501&CODE_STATE=getMsg HTTP/1.1" 200 27
116.238.194.18 - - [12/Aug/2021:08:55:38 +0800] "GET /xingrg/all/function/internal_message.html?_=1628729734908&CODE_STATE=getMsg HTTP/1.1" 200 27
116.238.194.18 - - [12/Aug/2021:08:55:38 +0800] "GET /xingrg/check_reg.html?_=1628729734911 HTTP/1.1" 200 22
101.83.145.79 - - [12/Aug/2021:08:55:41 +0800] "GET /xingrg/kc/buy/cgsh_order_operate.html?command=get_materiel&rest_code=00105&code=00101008004&supplier_code=00100203&order_time=2021-08-12 HTTP/1.1" 200 416
101.83.145.79 - - [12/Aug/2021:08:55:48 +0800] "GET /xingrg/kc/buy/cgsh_order_operate.html?command=get_materiel&rest_code=00105&code=00101008188&supplier_code=00100203&order_time=2021-08-12 HTTP/1.1" 200 412
116.235.222.38 - - [12/Aug/2021:08:55:50 +0800] "GET /xingrg/kc/buy/cgsh_order_operate.html?command=get_materiel&rest_code=00107&code=00101008049&supplier_code=00100006&order_time=2021-08-12 HTTP/1.1" 200 408
101.83.145.79 - - [12/Aug/2021:08:55:56 +0800] "GET /xingrg/kc/buy/cgsh_order_operate.html?command=get_materiel&rest_code=00105&code=00101008125&supplier_code=00100203&order_time=2021-08-12 HTTP/1.1" 200 413
172.20.0.100 - - [12/Aug/2021:08:55:57 +0800] "GET /xingrg/all/function/internal_message.html?_=1628729754072&CODE_STATE=getMsg HTTP/1.1" 200 27
58.221.95.50 - - [12/Aug/2021:08:56:03 +0800] "GET /xingrg/check_reg.html?_=1628729761532 HTTP/1.1" 302 -
116.235.222.38 - - [12/Aug/2021:08:56:03 +0800] "GET /xingrg/all/function/internal_message.html?_=1628729757045&CODE_STATE=getMsg HTTP/1.1" 200 27
114.88.154.248 - - [12/Aug/2021:08:56:04 +0800] "GET /xingrg/all/function/internal_message.html?_=1628729672205&CODE_STATE=getMsg HTTP/1.1" 200 27
180.169.147.146 - - [12/Aug/2021:08:56:08 +0800] "GET /xingrg/all/function/internal_message.html?_=1628729762095&CODE_STATE=getMsg HTTP/1.1" 200 27
222.70.246.151 - - [12/Aug/2021:08:56:10 +0800] "GET /xingrg/all/function/internal_message.html?_=1628729781127&CODE_STATE=getMsg HTTP/1.1" 200 27
101.83.145.79 - - [12/Aug/2021:08:56:16 +0800] "GET /xingrg/kc/buy/cgsh_order_operate.html?command=get_materiel&rest_code=00105&code=00101008036&supplier_code=00100203&order_time=2021-08-12 HTTP/1.1" 200 408
101.83.145.79 - - [12/Aug/2021:08:56:17 +0800] "GET /xingrg/all/function/internal_message.html?_=1628729731672&CODE_STATE=getMsg HTTP/1.1" 200 27
101.83.145.79 - - [12/Aug/2021:08:56:27 +0800] "GET /xingrg/all/function/internal_message.html?_=1628729786190&CODE_STATE=getMsg HTTP/1.1" 200 27
222.70.178.182 - - [12/Aug/2021:08:56:29 +0800] "GET /xingrg/all/function/internal_message.html?_=1628729783261&CODE_STATE=getMsg HTTP/1.1" 200 27
222.70.178.182 - - [12/Aug/2021:08:56:29 +0800] "GET /xingrg/check_reg.html?_=1628729783263 HTTP/1.1" 200 22
116.230.105.26 - - [12/Aug/2021:08:56:36 +0800] "GET /xingrg/check_reg.html?_=1628729788492 HTTP/1.1" 200 22
116.230.105.26 - - [12/Aug/2021:08:56:36 +0800] "GET /xingrg/all/function/internal_message.html?_=1628729788498&CODE_STATE=getMsg HTTP/1.1" 200 27
116.238.194.18 - - [12/Aug/2021:08:56:38 +0800] "GET /xingrg/all/function/internal_message.html?_=1628729794912&CODE_STATE=getMsg HTTP/1.1" 200 27
116.235.222.38 - - [12/Aug/2021:08:56:39 +0800] "GET /xingrg/kc/buy/cgsh_order_operate.html?command=get_materiel&rest_code=00107&code=00101008349&supplier_code=00100006&order_time=2021-08-12 HTTP/1.1" 200 412
101.83.145.79 - - [12/Aug/2021:08:56:55 +0800] "GET /xingrg/kc/buy/cgsh_order_operate.html?command=get_materiel&rest_code=00105&code=00101008112&supplier_code=00100203&order_time=2021-08-12 HTTP/1.1" 200 412
116.233.74.45 - - [12/Aug/2021:08:56:57 +0800] "GET /favicon.ico HTTP/1.1" 404 -
172.20.0.100 - - [12/Aug/2021:08:56:57 +0800] "GET /xingrg/all/function/internal_message.html?_=1628729814060&CODE_STATE=getMsg HTTP/1.1" 200 27
116.235.222.38 - - [12/Aug/2021:08:56:57 +0800] "GET /xingrg/kc/buy/cgsh_order_operate.html?command=get_materiel&rest_code=00107&code=00101008350&supplier_code=00100006&order_time=2021-08-12 HTTP/1.1" 200 408
116.235.222.38 - - [12/Aug/2021:08:57:00 +0800] "POST /xingrg/kc/buy/cgsh_order_operate.html HTTP/1.1" 200 2065
116.235.222.38 - - [12/Aug/2021:08:57:03 +0800] "GET /xingrg/check_reg.html?_=1628729816954 HTTP/1.1" 200 22
116.235.222.38 - - [12/Aug/2021:08:57:03 +0800] "GET /xingrg/all/function/internal_message.html?_=1628729817031&CODE_STATE=getMsg HTTP/1.1" 200 27
114.88.154.248 - - [12/Aug/2021:08:57:04 +0800] "GET /xingrg/all/function/internal_message.html?_=1628729732204&CODE_STATE=getMsg HTTP/1.1" 200 27
180.169.147.146 - - [12/Aug/2021:08:57:08 +0800] "GET /xingrg/all/function/internal_message.html?_=1628729822094&CODE_STATE=getMsg HTTP/1.1" 200 27
116.233.74.45 - - [12/Aug/2021:08:57:09 +0800] "GET /xingrg/login.html HTTP/1.1" 200 7641
116.233.74.45 - - [12/Aug/2021:08:57:09 +0800] "GET /xingrg/images/blue/jxLogo.png HTTP/1.1" 200 6156
116.233.74.45 - - [12/Aug/2021:08:57:09 +0800] "GET /xingrg/images/blue/hj.png HTTP/1.1" 200 1014
116.233.74.45 - - [12/Aug/2021:08:57:09 +0800] "GET /xingrg/images/blue/srbg.png HTTP/1.1" 200 138
116.233.74.45 - - [12/Aug/2021:08:57:09 +0800] "GET /xingrg/images/blue/login_bg.png HTTP/1.1" 200 22101
116.233.74.45 - - [12/Aug/2021:08:57:09 +0800] "GET /favicon.ico HTTP/1.1" 404 -
222.70.246.151 - - [12/Aug/2021:08:57:10 +0800] "GET /xingrg/all/function/internal_message.html?_=1628729841571&CODE_STATE=getMsg HTTP/1.1" 200 27
101.83.145.79 - - [12/Aug/2021:08:57:17 +0800] "GET /xingrg/all/function/internal_message.html?_=1628729791673&CODE_STATE=getMsg HTTP/1.1" 200 27
116.233.74.45 - - [12/Aug/2021:08:57:20 +0800] "POST /xingrg/login.do HTTP/1.1" 302 -
116.233.74.45 - - [12/Aug/2021:08:57:20 +0800] "GET /xingrg/index.html?sysBaseUrl=http%3A%2F%2F180.169.147.146%3A18081%2Fxingrg%2F&costTime=51×tamp=1628729840030 HTTP/1.1" 200 17173
116.233.74.45 - - [12/Aug/2021:08:57:20 +0800] "GET /xingrg/css/form.css HTTP/1.1" 200 893
116.233.74.45 - - [12/Aug/2021:08:57:20 +0800] "GET /xingrg/javascript/jquery_easy_ui/themes/icon.css HTTP/1.1" 200 3949
116.233.74.45 - - [12/Aug/2021:08:57:20 +0800] "GET /xingrg/javascript/jquery-1.4.2.min.js HTTP/1.1" 200 72205
116.233.74.45 - - [12/Aug/2021:08:57:20 +0800] "GET /xingrg/javascript/jquery_easy_ui/easyui-lang-zh_CN.js HTTP/1.1" 200 1900
116.233.74.45 - - [12/Aug/2021:08:57:20 +0800] "GET /xingrg/javascript/jquery_easy_ui/jquery.easyui.min.js HTTP/1.1" 200 213662
116.233.74.45 - - [12/Aug/2021:08:57:20 +0800] "GET /xingrg/javascript/jquery_easy_ui/themes/default/easyui.css HTTP/1.1" 200 26500
116.233.74.45 - - [12/Aug/2021:08:57:20 +0800] "GET /xingrg/javascript/jquery.utils.js HTTP/1.1" 200 11805
116.233.74.45 - - [12/Aug/2021:08:57:20 +0800] "GET /xingrg/javascript/jquery.form.js HTTP/1.1" 200 23110
116.233.74.45 - - [12/Aug/2021:08:57:20 +0800] "GET /xingrg/javascript/jquery.timers.js HTTP/1.1" 200 3532
116.233.74.45 - - [12/Aug/2021:08:57:20 +0800] "GET /xingrg/javascript/jquery_easy_ui/themes/icons/settle_new.png HTTP/1.1" 200 826
116.233.74.45 - - [12/Aug/2021:08:57:20 +0800] "GET /xingrg/images/blue/navBackgound.jpg HTTP/1.1" 200 12378
116.233.74.45 - - [12/Aug/2021:08:57:20 +0800] "GET /xingrg/images/blue/pingpu.png HTTP/1.1" 200 231
116.233.74.45 - - [12/Aug/2021:08:57:20 +0800] "POST /xingrg/all/common/load_tree.html?tree=area_rest_tree_json&manage=1 HTTP/1.1" 200 342
116.233.74.45 - - [12/Aug/2021:08:57:20 +0800] "GET /xingrg/javascript/jquery_easy_ui/themes/default/images/panel_tool_collapse.gif HTTP/1.1" 200 246
116.233.74.45 - - [12/Aug/2021:08:57:20 +0800] "GET /xingrg/check_reg.html?_=1628729837571 HTTP/1.1" 200 22
116.233.74.45 - - [12/Aug/2021:08:57:20 +0800] "GET /xingrg/all/function/internal_message.html?_=1628729837570&CODE_STATE=count HTTP/1.1" 200 11
116.233.74.45 - - [12/Aug/2021:08:57:20 +0800] "POST /xingrg/load_menu.html HTTP/1.1" 200 5138
116.233.74.45 - - [12/Aug/2021:08:57:20 +0800] "GET /xingrg/javascript/jquery_easy_ui/themes/icons/search_new.png HTTP/1.1" 200 586
116.233.74.45 - - [12/Aug/2021:08:57:20 +0800] "GET /xingrg/javascript/jquery_easy_ui/themes/default/images/tree_arrows.gif HTTP/1.1" 200 1043
116.233.74.45 - - [12/Aug/2021:08:57:20 +0800] "GET /xingrg/javascript/jquery_easy_ui/themes/default/images/tree_folder_open.gif HTTP/1.1" 200 956
116.233.74.45 - - [12/Aug/2021:08:57:20 +0800] "GET /xingrg/javascript/jquery_easy_ui/themes/default/images/tree_folder.gif HTTP/1.1" 200 952
116.233.74.45 - - [12/Aug/2021:08:57:20 +0800] "GET /xingrg/javascript/jquery_easy_ui/themes/icons/storage_new.png HTTP/1.1" 200 853
116.233.74.45 - - [12/Aug/2021:08:57:20 +0800] "GET /xingrg/javascript/jquery_easy_ui/themes/icons/forms_new.png HTTP/1.1" 200 350
101.83.145.79 - - [12/Aug/2021:08:57:20 +0800] "GET /xingrg/kc/buy/cgsh_order_operate.html?command=get_materiel&rest_code=00105&code=00101008223&supplier_code=00100203&order_time=2021-08-12 HTTP/1.1" 200 412
116.233.74.45 - - [12/Aug/2021:08:57:23 +0800] "GET /xingrg/javascript/jquery_easy_ui/themes/default/images/tabs_close.gif HTTP/1.1" 200 829
116.233.74.45 - - [12/Aug/2021:08:57:23 +0800] "GET /xingrg/kc/buy/buy_main.html HTTP/1.1" 200 12412
116.233.74.45 - - [12/Aug/2021:08:57:23 +0800] "GET /xingrg/css/new_ie.css HTTP/1.1" 404 1036
116.233.74.45 - - [12/Aug/2021:08:57:23 +0800] "GET /xingrg/javascript/ToolTips.js HTTP/1.1" 200 5615
116.233.74.45 - - [12/Aug/2021:08:57:23 +0800] "GET /xingrg/javascript/pic_change.js HTTP/1.1" 200 4739
116.233.74.45 - - [12/Aug/2021:08:57:23 +0800] "GET /xingrg/css/blue.css HTTP/1.1" 200 15949
116.233.74.45 - - [12/Aug/2021:08:57:23 +0800] "GET /xingrg/javascript/jquery_ui/jquery-ui.min.js HTTP/1.1" 200 186181
116.233.74.45 - - [12/Aug/2021:08:57:23 +0800] "GET /xingrg/javascript/jquery_ui/themes/humanity/humanity.css HTTP/1.1" 200 27801
116.233.74.45 - - [12/Aug/2021:08:57:23 +0800] "GET /xingrg/javascript/myfunction.js HTTP/1.1" 200 24559
116.233.74.45 - - [12/Aug/2021:08:57:23 +0800] "GET /xingrg/images/blue/button/cgxqd.gif HTTP/1.1" 200 2619
116.233.74.45 - - [12/Aug/2021:08:57:23 +0800] "GET /xingrg/images/blue/button/cgydd.gif HTTP/1.1" 200 2712
116.233.74.45 - - [12/Aug/2021:08:57:23 +0800] "GET /xingrg/images/blue/button/cgshd.gif HTTP/1.1" 200 2618
116.233.74.45 - - [12/Aug/2021:08:57:23 +0800] "GET /xingrg/images/blue/button/cgfkd.gif HTTP/1.1" 200 2075
116.233.74.45 - - [12/Aug/2021:08:57:23 +0800] "GET /xingrg/images/blue/button/kc.gif HTTP/1.1" 200 2160
116.233.74.45 - - [12/Aug/2021:08:57:23 +0800] "GET /xingrg/images/blue/button/ckthd.gif HTTP/1.1" 200 2045
116.233.74.45 - - [12/Aug/2021:08:57:23 +0800] "GET /xingrg/images/blue/pic_form2.gif HTTP/1.1" 200 1853
116.233.74.45 - - [12/Aug/2021:08:57:23 +0800] "GET /xingrg/images/blue/button/down_ah.jpg HTTP/1.1" 200 1732
116.233.74.45 - - [12/Aug/2021:08:57:23 +0800] "GET /xingrg/images/blue/button/right_ah.jpg HTTP/1.1" 200 1744
116.233.74.45 - - [12/Aug/2021:08:57:23 +0800] "GET /xingrg/images/blue/bg_dotted.jpg HTTP/1.1" 200 319
116.233.74.45 - - [12/Aug/2021:08:57:23 +0800] "GET /xingrg/javascript/jquery_ui/themes/humanity/images/ui-bg_inset-soft_100_f4f0ec_1x100.png HTTP/1.1" 200 141
116.233.74.45 - - [12/Aug/2021:08:57:24 +0800] "GET /xingrg/kc/buy/cgsh_order_list.html HTTP/1.1" 200 47405
116.233.74.45 - - [12/Aug/2021:08:57:24 +0800] "GET /xingrg/css/site.css HTTP/1.1" 200 7541
116.233.74.45 - - [12/Aug/2021:08:57:24 +0800] "GET /xingrg/css/base.css HTTP/1.1" 200 2811
116.233.74.45 - - [12/Aug/2021:08:57:24 +0800] "GET /xingrg/javascript/jquery_tools/datebox.css HTTP/1.1" 200 2597
116.233.74.45 - - [12/Aug/2021:08:57:24 +0800] "GET /xingrg/javascript/easyui/themes/icon.css HTTP/1.1" 200 4483
116.233.74.45 - - [12/Aug/2021:08:57:24 +0800] "GET /xingrg/javascript/auto/jquery.autocomplete.css HTTP/1.1" 200 587
116.233.74.45 - - [12/Aug/2021:08:57:24 +0800] "GET /xingrg/javascript/jquery_tools/fix.css HTTP/1.1" 200 1702
116.233.74.45 - - [12/Aug/2021:08:57:24 +0800] "GET /xingrg/javascript/jquery_tools/table.css HTTP/1.1" 200 1032
116.233.74.45 - - [12/Aug/2021:08:57:24 +0800] "GET /xingrg/javascript/jquery_tools/jquery.tools.min.js HTTP/1.1" 200 138801
116.233.74.45 - - [12/Aug/2021:08:57:24 +0800] "GET /xingrg/javascript/easyui/themes/default/easyui.css HTTP/1.1" 200 30432
116.233.74.45 - - [12/Aug/2021:08:57:24 +0800] "GET /xingrg/javascript/jquery_tools/jquery.tools.hotkey.js HTTP/1.1" 200 3242
116.233.74.45 - - [12/Aug/2021:08:57:24 +0800] "GET /xingrg/javascript/jquery_tools/jquery.tools.table.js HTTP/1.1" 200 6994
116.233.74.45 - - [12/Aug/2021:08:57:24 +0800] "GET /xingrg/javascript/jquery_tools/jquery.tools.extend.js HTTP/1.1" 200 15385
116.233.74.45 - - [12/Aug/2021:08:57:24 +0800] "GET /xingrg/javascript/jquery_tools/list_manager.js HTTP/1.1" 200 3652
116.233.74.45 - - [12/Aug/2021:08:57:24 +0800] "GET /xingrg/javascript/easyui/easyloader.js HTTP/1.1" 200 5975
116.233.74.45 - - [12/Aug/2021:08:57:24 +0800] "GET /xingrg/javascript/jquery.cookie.js HTTP/1.1" 200 5513
116.233.74.45 - - [12/Aug/2021:08:57:24 +0800] "GET /xingrg/javascript/print/LodopFuncs.js HTTP/1.1" 200 5121
116.233.74.45 - - [12/Aug/2021:08:57:24 +0800] "GET /xingrg/javascript/auto/jquery.autocomplete.js HTTP/1.1" 200 21624
116.233.74.45 - - [12/Aug/2021:08:57:24 +0800] "GET /xingrg/javascript/easyui/themes/icons/edit_add_new.png HTTP/1.1" 200 2997
116.233.74.45 - - [12/Aug/2021:08:57:24 +0800] "GET /xingrg/javascript/easyui/themes/icons/cance_new.png HTTP/1.1" 200 3986
116.233.74.45 - - [12/Aug/2021:08:57:24 +0800] "GET /xingrg/javascript/easyui/themes/icons/check_new.png HTTP/1.1" 200 3224
116.233.74.45 - - [12/Aug/2021:08:57:24 +0800] "GET /xingrg/javascript/easyui/themes/icons/field_new.png HTTP/1.1" 200 1097
116.233.74.45 - - [12/Aug/2021:08:57:24 +0800] "GET /xingrg/javascript/easyui/themes/icons/import_new.png HTTP/1.1" 200 1247
116.233.74.45 - - [12/Aug/2021:08:57:24 +0800] "GET /xingrg/javascript/easyui/plugins/jquery.parser.js HTTP/1.1" 200 1142
116.233.74.45 - - [12/Aug/2021:08:57:24 +0800] "GET /xingrg/images/control/ajaxLoader.gif HTTP/1.1" 200 4659
101.83.145.79 - - [12/Aug/2021:08:57:24 +0800] "POST /xingrg/kc/buy/cgsh_order_operate.html HTTP/1.1" 200 2065
116.233.74.45 - - [12/Aug/2021:08:57:24 +0800] "POST /xingrg/kc/buy/cgsh_list_operate.html HTTP/1.1" 200 876
101.83.145.79 - - [12/Aug/2021:08:57:25 +0800] "POST /xingrg/kc/buy/cgsh_order_operate.html HTTP/1.1" 200 2065
101.83.145.79 - - [12/Aug/2021:08:57:27 +0800] "GET /xingrg/check_reg.html?_=1628729846125 HTTP/1.1" 200 22
101.83.145.79 - - [12/Aug/2021:08:57:27 +0800] "GET /xingrg/all/function/internal_message.html?_=1628729846124&CODE_STATE=getMsg HTTP/1.1" 200 27
222.70.178.182 - - [12/Aug/2021:08:57:29 +0800] "GET /xingrg/all/function/internal_message.html?_=1628729843262&CODE_STATE=getMsg HTTP/1.1" 200 27
101.83.145.79 - - [12/Aug/2021:08:57:31 +0800] "GET /xingrg/kc/buy/cgsh_order_operate.html?command=get_materiel&rest_code=00105&code=00101008439&supplier_code=00100203&order_time=2021-08-12 HTTP/1.1" 200 399
116.235.222.38 - - [12/Aug/2021:08:57:32 +0800] "GET /xingrg/kc/buy/cgsh_order_operate.html?command=get_materiel&rest_code=00107&code=00101008096&supplier_code=00100006&order_time=2021-08-12 HTTP/1.1" 200 412
116.230.105.26 - - [12/Aug/2021:08:57:36 +0800] "GET /xingrg/all/function/internal_message.html?_=1628729848507&CODE_STATE=getMsg HTTP/1.1" 200 27
116.238.194.18 - - [12/Aug/2021:08:57:38 +0800] "GET /xingrg/all/function/internal_message.html?_=1628729854916&CODE_STATE=getMsg HTTP/1.1" 200 27
116.233.74.45 - - [12/Aug/2021:08:57:39 +0800] "GET /xingrg/javascript/easyui/themes/default/images/button_plain_hover.png HTTP/1.1" 200 144
116.233.74.45 - - [12/Aug/2021:08:57:39 +0800] "GET /xingrg/javascript/convert.js HTTP/1.1" 200 1239
116.233.74.45 - - [12/Aug/2021:08:57:39 +0800] "GET /xingrg/kc/buy/cgsh_order_add.html HTTP/1.1" 200 63184
116.233.74.45 - - [12/Aug/2021:08:57:39 +0800] "GET /xingrg/javascript/jquery_tools/order_manager.js HTTP/1.1" 200 11183
116.233.74.45 - - [12/Aug/2021:08:57:39 +0800] "GET /xingrg/javascript/json2.js HTTP/1.1" 200 11259
116.233.74.45 - - [12/Aug/2021:08:57:39 +0800] "GET /xingrg/javascript/print/kc_print.js HTTP/1.1" 200 11415
116.233.74.45 - - [12/Aug/2021:08:57:39 +0800] "GET /xingrg/words/20210811104106_words.js HTTP/1.1" 200 833536
116.233.74.45 - - [12/Aug/2021:08:57:39 +0800] "GET /xingrg/javascript/easyui/themes/icons/copy_new.png HTTP/1.1" 200 815
