180.169.147.146 - - [11/Aug/2021:10:15:13 +0800] "POST /xingrg/all/common/load_tree.html?tree=area_station_tree_json&manage=1 HTTP/1.1" 200 3364
101.83.145.79 - - [11/Aug/2021:10:15:13 +0800] "GET /xingrg/kc/buy/cgsh_order_operate.html?command=get_materiel&rest_code=00105&code=00101004059&supplier_code=00100312&order_time=2021-08-11 HTTP/1.1" 200 413
180.169.147.146 - - [11/Aug/2021:10:15:14 +0800] "GET /xingrg/all/report/report_query.html?fileName=dma/yingye_new/pay_ment_day_hz.xml HTTP/1.1" 200 51003
180.169.147.146 - - [11/Aug/2021:10:15:14 +0800] "GET /xingrg/dwr/interface/AjaxReportQueryService.js HTTP/1.1" 200 13203
180.169.147.146 - - [11/Aug/2021:10:15:14 +0800] "GET /xingrg/dwr/engine.js HTTP/1.1" 200 43631
180.169.147.146 - - [11/Aug/2021:10:15:14 +0800] "POST /xingrg/dwr/call/plaincall/AjaxReportQueryService.getFixDate.dwr HTTP/1.1" 200 111
180.169.147.146 - - [11/Aug/2021:10:15:14 +0800] "POST /xingrg/all/common/load_tree.html?tree=area_station_tree_json&manage=1 HTTP/1.1" 200 3364
116.230.105.26 - - [11/Aug/2021:10:15:15 +0800] "GET /xingrg/all/function/internal_message.html?_=1628648109400&CODE_STATE=getMsg HTTP/1.1" 200 27
180.169.147.146 - - [11/Aug/2021:10:15:15 +0800] "GET /xingrg/all/function/internal_message.html?_=1628648116779&CODE_STATE=getMsg HTTP/1.1" 200 27
116.238.194.18 - - [11/Aug/2021:10:15:18 +0800] "GET /xingrg/all/function/internal_message.html?_=1628648064551&CODE_STATE=getMsg HTTP/1.1" 200 27
58.37.4.159 - - [11/Aug/2021:10:15:18 +0800] "GET /xingrg/kc/buy/cgsh_order_operate.html?command=get_materiel&rest_code=00106&code=00101008149&supplier_code=00100007&order_time=2021-08-11 HTTP/1.1" 200 408
180.174.198.13 - - [11/Aug/2021:10:15:19 +0800] "GET /xingrg/check_reg.html?_=1628648096379 HTTP/1.1" 200 22
180.174.198.13 - - [11/Aug/2021:10:15:20 +0800] "GET /xingrg/all/function/internal_message.html?_=1628648096766&CODE_STATE=getMsg HTTP/1.1" 200 27
180.169.147.146 - - [11/Aug/2021:10:15:20 +0800] "GET /xingrg/javascript/jquery_easy_ui/themes/default/images/tree_checkbox_1.gif HTTP/1.1" 200 174
101.83.145.79 - - [11/Aug/2021:10:15:21 +0800] "GET /xingrg/all/function/internal_message.html?_=1628648076559&CODE_STATE=getMsg HTTP/1.1" 200 27
116.235.222.38 - - [11/Aug/2021:10:15:21 +0800] "POST /xingrg/kc/buy/cgsh_order_operate.html HTTP/1.1" 200 37
180.169.147.146 - - [11/Aug/2021:10:15:21 +0800] "GET /xingrg/javascript/jquery_easy_ui/themes/default/images/tree_checkbox_2.gif HTTP/1.1" 200 181
116.235.222.38 - - [11/Aug/2021:10:15:22 +0800] "POST /xingrg/kc/buy/cgsh_order_operate.html HTTP/1.1" 200 2665
114.84.82.184 - - [11/Aug/2021:10:15:23 +0800] "GET /xingrg/all/function/internal_message.html?_=1628648120909&CODE_STATE=getMsg HTTP/1.1" 200 27
114.84.82.184 - - [11/Aug/2021:10:15:23 +0800] "GET /xingrg/check_reg.html?_=1628648120911 HTTP/1.1" 200 22
116.235.222.38 - - [11/Aug/2021:10:15:23 +0800] "GET /xingrg/kc/print/load_data.html?order_code=212021081104765&kc_code=cgsh&condition= HTTP/1.1" 200 681
101.83.145.79 - - [11/Aug/2021:10:15:24 +0800] "GET /xingrg/kc/buy/cgsh_order_operate.html?command=get_materiel&rest_code=00105&code=00101004067&supplier_code=00100312&order_time=2021-08-11 HTTP/1.1" 200 433
58.40.7.146 - - [11/Aug/2021:10:15:25 +0800] "GET /xingrg/all/function/internal_message.html?_=1628648123477&CODE_STATE=getMsg HTTP/1.1" 200 27
58.40.7.146 - - [11/Aug/2021:10:15:25 +0800] "GET /xingrg/check_reg.html?_=1628648123478 HTTP/1.1" 200 22
101.83.145.79 - - [11/Aug/2021:10:15:26 +0800] "GET /xingrg/all/function/internal_message.html?_=1628648125818&CODE_STATE=getMsg HTTP/1.1" 200 27
58.37.4.159 - - [11/Aug/2021:10:15:26 +0800] "GET /xingrg/kc/buy/cgsh_order_operate.html?command=get_materiel&rest_code=00106&code=00101008112&supplier_code=00100007&order_time=2021-08-11 HTTP/1.1" 200 414
101.83.145.79 - - [11/Aug/2021:10:15:32 +0800] "GET /xingrg/kc/buy/cgsh_order_operate.html?command=get_materiel&rest_code=00105&code=00101004103&supplier_code=00100312&order_time=2021-08-11 HTTP/1.1" 200 399
58.37.4.159 - - [11/Aug/2021:10:15:34 +0800] "GET /xingrg/kc/buy/cgsh_order_operate.html?command=get_materiel&rest_code=00106&code=00101008010&supplier_code=00100007&order_time=2021-08-11 HTTP/1.1" 200 412
116.235.222.38 - - [11/Aug/2021:10:15:34 +0800] "GET /xingrg/kc/buy/cgsh_order_add.html HTTP/1.1" 200 63231
116.235.222.38 - - [11/Aug/2021:10:15:35 +0800] "POST /xingrg/kc/buy/cgsh_order_operate.html HTTP/1.1" 200 8245
116.235.222.38 - - [11/Aug/2021:10:15:35 +0800] "GET /xingrg/javascript/easyui/themes/default/validatebox.css HTTP/1.1" 404 1104
58.221.95.50 - - [11/Aug/2021:10:15:35 +0800] "POST /xingrg/kc/buy/cgsh_order_operate.html HTTP/1.1" 200 12
116.235.222.38 - - [11/Aug/2021:10:15:37 +0800] "GET /xingrg/javascript/easyui/themes/default/tree.css HTTP/1.1" 404 1090
116.235.222.38 - - [11/Aug/2021:10:15:37 +0800] "POST /xingrg/all/common/load_tree.html?tree=supplier_tree_json&isDelete=1 HTTP/1.1" 200 57192
180.169.147.146 - - [11/Aug/2021:10:15:38 +0800] "POST /xingrg/dwr/call/plaincall/AjaxReportQueryService.refreshCache.dwr HTTP/1.1" 200 78
58.221.95.50 - - [11/Aug/2021:10:15:38 +0800] "GET /xingrg/kc/buy/cgsh_order_info.html?code=212021081104763 HTTP/1.1" 200 57009
180.169.147.146 - - [11/Aug/2021:10:15:38 +0800] "GET /xingrg/javascript/jquery_easy_ui/themes/default/images/tabs_active.png HTTP/1.1" 200 2894
180.169.147.146 - - [11/Aug/2021:10:15:38 +0800] "POST /xingrg/all/report/load_report_page.html HTTP/1.1" 200 124142
180.169.147.146 - - [11/Aug/2021:10:15:38 +0800] "GET /xingrg/images/blue/button/back2.gif HTTP/1.1" 200 1339
180.169.147.146 - - [11/Aug/2021:10:15:38 +0800] "GET /xingrg/images/blue/button/back.gif HTTP/1.1" 200 1352
180.169.147.146 - - [11/Aug/2021:10:15:38 +0800] "GET /xingrg/servlets/image?cache=0.6371750534742022&image=px HTTP/1.1" 200 807
58.221.95.50 - - [11/Aug/2021:10:15:38 +0800] "GET /xingrg/javascript/easyui/themes/default/validatebox.css HTTP/1.1" 404 1104
180.169.147.146 - - [11/Aug/2021:10:15:38 +0800] "GET /xingrg/all/function/internal_message.html?_=1628648148151&CODE_STATE=getMsg HTTP/1.1" 200 27
58.221.95.50 - - [11/Aug/2021:10:15:39 +0800] "POST /xingrg/kc/buy/cgsh_order_operate.html HTTP/1.1" 200 617
58.221.95.50 - - [11/Aug/2021:10:15:40 +0800] "GET /xingrg/kc/buy/cgsh_order_add.html HTTP/1.1" 200 62117
58.221.95.50 - - [11/Aug/2021:10:15:41 +0800] "POST /xingrg/kc/buy/cgsh_order_operate.html HTTP/1.1" 200 8245
58.221.95.50 - - [11/Aug/2021:10:15:41 +0800] "GET /xingrg/javascript/easyui/themes/default/validatebox.css HTTP/1.1" 404 1104
180.169.147.146 - - [11/Aug/2021:10:15:41 +0800] "GET /xingrg/javascript/jquery_easy_ui/themes/default/images/button_plain_hover.png HTTP/1.1" 200 252
101.83.145.79 - - [11/Aug/2021:10:15:41 +0800] "GET /xingrg/kc/buy/cgsh_order_operate.html?command=get_materiel&rest_code=00105&code=00101004005&supplier_code=00100312&order_time=2021-08-11 HTTP/1.1" 200 411
180.174.198.13 - - [11/Aug/2021:10:15:42 +0800] "GET /xingrg/kc/buy/cgsh_order_operate.html?command=get_materiel&rest_code=00102&code=00101006109&supplier_code=00100096&order_time=2021-08-11 HTTP/1.1" 200 409
180.169.147.146 - - [11/Aug/2021:10:15:42 +0800] "POST /xingrg/all/report/report_print.html HTTP/1.1" 200 53309
58.37.4.159 - - [11/Aug/2021:10:15:43 +0800] "GET /xingrg/kc/buy/cgsh_order_operate.html?command=get_materiel&rest_code=00106&code=00101008110&supplier_code=00100007&order_time=2021-08-11 HTTP/1.1" 200 408
222.70.246.151 - - [11/Aug/2021:10:15:47 +0800] "GET /xingrg/all/function/internal_message.html?_=1628648146546&CODE_STATE=getMsg HTTP/1.1" 200 27
222.70.246.151 - - [11/Aug/2021:10:15:47 +0800] "GET /xingrg/check_reg.html?_=1628648146549 HTTP/1.1" 200 22
58.37.4.159 - - [11/Aug/2021:10:15:50 +0800] "GET /xingrg/kc/buy/cgsh_order_operate.html?command=get_materiel&rest_code=00106&code=00101008038&supplier_code=00100007&order_time=2021-08-11 HTTP/1.1" 200 412
222.70.246.151 - - [11/Aug/2021:10:15:51 +0800] "GET /xingrg/all/function/internal_message.html?_=1628648158687&CODE_STATE=getMsg HTTP/1.1" 200 27
101.83.145.79 - - [11/Aug/2021:10:15:53 +0800] "GET /xingrg/kc/buy/cgsh_order_operate.html?command=get_materiel&rest_code=00105&code=00101004071&supplier_code=00100312&order_time=2021-08-11 HTTP/1.1" 200 409
58.37.4.159 - - [11/Aug/2021:10:15:58 +0800] "GET /xingrg/kc/buy/cgsh_order_operate.html?command=get_materiel&rest_code=00106&code=00101008283&supplier_code=00100007&order_time=2021-08-11 HTTP/1.1" 200 408
116.235.222.38 - - [11/Aug/2021:10:16:01 +0800] "GET /xingrg/check_reg.html?_=1628648156441 HTTP/1.1" 200 22
116.235.222.38 - - [11/Aug/2021:10:16:01 +0800] "GET /xingrg/all/function/internal_message.html?_=1628648156450&CODE_STATE=getMsg HTTP/1.1" 200 27
58.221.95.50 - - [11/Aug/2021:10:16:01 +0800] "GET /xingrg/kc/buy/cgsh_order_operate.html?command=get_materiel&rest_code=00152&code=00102002253&supplier_code=00100151&order_time=2021-08-09 HTTP/1.1" 200 409
114.88.154.248 - - [11/Aug/2021:10:16:02 +0800] "GET /xingrg/all/function/internal_message.html?_=1628648068561&CODE_STATE=getMsg HTTP/1.1" 200 27
116.238.194.18 - - [11/Aug/2021:10:16:02 +0800] "GET /xingrg/all/function/internal_message.html?_=1628648158995&CODE_STATE=getMsg HTTP/1.1" 200 27
180.97.118.221 - - [11/Aug/2021:10:16:03 +0800] "GET /xingrg/all/function/internal_message.html?_=1628648101397&CODE_STATE=getMsg HTTP/1.1" 302 -
101.83.145.79 - - [11/Aug/2021:10:16:03 +0800] "GET /xingrg/kc/buy/cgsh_order_operate.html?command=get_materiel&rest_code=00105&code=00101004049&supplier_code=00100312&order_time=2021-08-11 HTTP/1.1" 200 429
58.37.4.159 - - [11/Aug/2021:10:16:03 +0800] "GET /xingrg/all/function/internal_message.html?_=1628648161368&CODE_STATE=getMsg HTTP/1.1" 200 27
116.235.222.38 - - [11/Aug/2021:10:16:04 +0800] "GET /xingrg/kc/buy/cgsh_order_operate.html?command=get_materiel&rest_code=00107&code=00101001167&supplier_code=00100314&order_time=2021-08-11 HTTP/1.1" 200 411
180.97.118.221 - - [11/Aug/2021:10:16:04 +0800] "GET /xingrg/login.html HTTP/1.1" 200 7641
180.174.198.13 - - [11/Aug/2021:10:16:05 +0800] "GET /xingrg/kc/buy/cgsh_order_operate.html?command=get_materiel&rest_code=00102&code=00101012003&supplier_code=00100096&order_time=2021-08-11 HTTP/1.1" 200 414
61.129.6.227 - - [11/Aug/2021:10:16:05 +0800] "GET /xingrg/check_reg.html?_=1628648101322 HTTP/1.1" 302 -
58.37.4.159 - - [11/Aug/2021:10:16:06 +0800] "GET /xingrg/kc/buy/cgsh_order_operate.html?command=get_materiel&rest_code=00106&code=00101008163&supplier_code=00100007&order_time=2021-08-11 HTTP/1.1" 200 409
61.129.6.227 - - [11/Aug/2021:10:16:06 +0800] "GET /xingrg/login.html HTTP/1.1" 200 7641
172.20.0.100 - - [11/Aug/2021:10:16:07 +0800] "GET /xingrg/all/function/internal_message.html?_=1628648163417&CODE_STATE=getMsg HTTP/1.1" 200 27
101.91.60.88 - - [11/Aug/2021:10:16:08 +0800] "GET /xingrg/kc/buy/cgsh_order_operate.html?command=get_materiel&rest_code=00106&code=00101008091&supplier_code=00100007&order_time=2021-08-11 HTTP/1.1" 302 -
101.91.60.88 - - [11/Aug/2021:10:16:10 +0800] "GET /xingrg/login.html HTTP/1.1" 200 7641
61.151.178.180 - - [11/Aug/2021:10:16:11 +0800] "GET /xingrg/kc/buy/cgsh_order_operate.html?command=get_materiel&rest_code=00106&code=00101008256&supplier_code=00100007&order_time=2021-08-11 HTTP/1.1" 302 -
222.70.178.182 - - [11/Aug/2021:10:16:11 +0800] "GET /xingrg/all/function/internal_message.html?_=1628648166794&CODE_STATE=getMsg HTTP/1.1" 200 27
61.151.178.180 - - [11/Aug/2021:10:16:12 +0800] "GET /xingrg/login.html HTTP/1.1" 200 7641
116.230.105.26 - - [11/Aug/2021:10:16:15 +0800] "GET /xingrg/all/function/internal_message.html?_=1628648169388&CODE_STATE=getMsg HTTP/1.1" 200 27
116.235.222.38 - - [11/Aug/2021:10:16:15 +0800] "POST /xingrg/kc/buy/cgsh_order_operate.html HTTP/1.1" 200 37
180.169.147.146 - - [11/Aug/2021:10:16:15 +0800] "GET /xingrg/all/function/internal_message.html?_=1628648176779&CODE_STATE=getMsg HTTP/1.1" 200 27
101.83.145.79 - - [11/Aug/2021:10:16:16 +0800] "GET /xingrg/kc/buy/cgsh_order_operate.html?command=get_materiel&rest_code=00105&code=00101004050&supplier_code=00100312&order_time=2021-08-11 HTTP/1.1" 200 411
58.37.4.159 - - [11/Aug/2021:10:16:16 +0800] "GET /xingrg/kc/buy/cgsh_order_operate.html?command=get_materiel&rest_code=00106&code=00101008355&supplier_code=00100007&order_time=2021-08-11 HTTP/1.1" 200 408
58.221.95.50 - - [11/Aug/2021:10:16:16 +0800] "GET /xingrg/all/function/internal_message.html?_=1628648173998&CODE_STATE=getMsg HTTP/1.1" 200 27
116.235.222.38 - - [11/Aug/2021:10:16:17 +0800] "POST /xingrg/kc/buy/cgsh_order_operate.html HTTP/1.1" 200 2655
116.238.194.18 - - [11/Aug/2021:10:16:18 +0800] "GET /xingrg/all/function/internal_message.html?_=1628648124667&CODE_STATE=getMsg HTTP/1.1" 200 27
116.235.222.38 - - [11/Aug/2021:10:16:19 +0800] "GET /xingrg/kc/print/load_data.html?order_code=212021081104766&kc_code=cgsh&condition= HTTP/1.1" 200 661
180.174.198.13 - - [11/Aug/2021:10:16:20 +0800] "GET /xingrg/all/function/internal_message.html?_=1628648156778&CODE_STATE=getMsg HTTP/1.1" 200 27
101.83.145.79 - - [11/Aug/2021:10:16:21 +0800] "GET /xingrg/all/function/internal_message.html?_=1628648136558&CODE_STATE=getMsg HTTP/1.1" 200 27
58.37.4.159 - - [11/Aug/2021:10:16:22 +0800] "GET /xingrg/kc/buy/cgsh_order_operate.html?command=get_materiel&rest_code=00106&code=00101008264&supplier_code=00100007&order_time=2021-08-11 HTTP/1.1" 200 412
114.84.82.184 - - [11/Aug/2021:10:16:23 +0800] "GET /xingrg/all/function/internal_message.html?_=1628648180909&CODE_STATE=getMsg HTTP/1.1" 200 27
116.235.222.38 - - [11/Aug/2021:10:16:24 +0800] "GET /xingrg/kc/buy/cgsh_order_add.html HTTP/1.1" 200 63231
116.235.222.38 - - [11/Aug/2021:10:16:24 +0800] "GET /xingrg/javascript/easyui/themes/default/validatebox.css HTTP/1.1" 404 1104
116.235.222.38 - - [11/Aug/2021:10:16:24 +0800] "POST /xingrg/kc/buy/cgsh_order_operate.html HTTP/1.1" 200 8245
58.40.7.146 - - [11/Aug/2021:10:16:25 +0800] "GET /xingrg/all/function/internal_message.html?_=1628648183480&CODE_STATE=getMsg HTTP/1.1" 200 27
116.235.222.38 - - [11/Aug/2021:10:16:25 +0800] "GET /xingrg/javascript/easyui/themes/default/tree.css HTTP/1.1" 404 1090
101.83.145.79 - - [11/Aug/2021:10:16:26 +0800] "GET /xingrg/all/function/internal_message.html?_=1628648185796&CODE_STATE=getMsg HTTP/1.1" 200 27
116.235.222.38 - - [11/Aug/2021:10:16:26 +0800] "POST /xingrg/all/common/load_tree.html?tree=supplier_tree_json&isDelete=1 HTTP/1.1" 200 57192
101.83.145.79 - - [11/Aug/2021:10:16:27 +0800] "GET /xingrg/kc/buy/cgsh_order_operate.html?command=get_materiel&rest_code=00105&code=00101004030&supplier_code=00100312&order_time=2021-08-11 HTTP/1.1" 200 408
58.221.95.50 - - [11/Aug/2021:10:16:29 +0800] "GET /xingrg/kc/buy/cgsh_order_operate.html?command=get_materiel&rest_code=00152&code=00102009381&supplier_code=00100151&order_time=2021-08-09 HTTP/1.1" 200 408
58.37.4.159 - - [11/Aug/2021:10:16:30 +0800] "GET /xingrg/kc/buy/cgsh_order_operate.html?command=get_materiel&rest_code=00106&code=00101008362&supplier_code=00100007&order_time=2021-08-11 HTTP/1.1" 200 408
101.83.145.79 - - [11/Aug/2021:10:16:32 +0800] "GET /xingrg/kc/buy/cgsh_order_operate.html?command=get_materiel&rest_code=00105&code=00101008565&supplier_code=00100312&order_time=2021-08-11 HTTP/1.1" 200 394
61.151.178.165 - - [11/Aug/2021:10:16:33 +0800] "GET /xingrg/kc/buy/cgsh_order_operate.html?command=get_materiel&rest_code=00106&code=00101008010&supplier_code=00100007&order_time=2021-08-11 HTTP/1.1" 302 -
180.174.198.13 - - [11/Aug/2021:10:16:35 +0800] "GET /xingrg/kc/buy/cgsh_order_operate.html?command=get_materiel&rest_code=00102&code=00101006019&supplier_code=00100096&order_time=2021-08-11 HTTP/1.1" 200 417
61.151.178.165 - - [11/Aug/2021:10:16:35 +0800] "GET /xingrg/login.html HTTP/1.1" 200 7641
114.88.154.248 - - [11/Aug/2021:10:16:36 +0800] "GET /xingrg/check_reg.html?_=1628648103167 HTTP/1.1" 200 22
58.37.4.159 - - [11/Aug/2021:10:16:37 +0800] "GET /xingrg/kc/buy/cgsh_order_operate.html?command=get_materiel&rest_code=00106&code=00101008357&supplier_code=00100007&order_time=2021-08-11 HTTP/1.1" 200 408
101.83.145.79 - - [11/Aug/2021:10:16:37 +0800] "GET /xingrg/kc/buy/cgsh_order_operate.html?command=get_materiel&rest_code=00105&code=00101004020&supplier_code=00100312&order_time=2021-08-11 HTTP/1.1" 200 409
180.169.147.146 - - [11/Aug/2021:10:16:38 +0800] "GET /xingrg/all/function/internal_message.html?_=1628648208153&CODE_STATE=getMsg HTTP/1.1" 200 27
114.92.192.216 - - [11/Aug/2021:10:16:38 +0800] "POST /xingrg/supplier/cgsh_list_operate.html HTTP/1.1" 200 5633
58.37.4.159 - - [11/Aug/2021:10:16:44 +0800] "GET /xingrg/kc/buy/cgsh_order_operate.html?command=get_materiel&rest_code=00106&code=00101008230&supplier_code=00100007&order_time=2021-08-11 HTTP/1.1" 200 408
116.235.222.38 - - [11/Aug/2021:10:16:45 +0800] "GET /xingrg/kc/buy/cgsh_order_operate.html?command=get_materiel&rest_code=00107&code=00101004038&supplier_code=00100312&order_time=2021-08-11 HTTP/1.1" 200 429
58.221.95.50 - - [11/Aug/2021:10:16:46 +0800] "GET /xingrg/kc/buy/cgsh_order_operate.html?command=get_materiel&rest_code=00152&code=00102023006&supplier_code=00100151&order_time=2021-08-09 HTTP/1.1" 200 436
222.70.246.151 - - [11/Aug/2021:10:16:47 +0800] "GET /xingrg/all/function/internal_message.html?_=1628648206547&CODE_STATE=getMsg HTTP/1.1" 200 27
101.83.145.79 - - [11/Aug/2021:10:16:48 +0800] "GET /xingrg/kc/buy/cgsh_order_operate.html?command=get_materiel&rest_code=00105&code=00101005072&supplier_code=00100312&order_time=2021-08-11 HTTP/1.1" 200 403
58.37.4.159 - - [11/Aug/2021:10:16:50 +0800] "GET /xingrg/kc/buy/cgsh_order_operate.html?command=get_materiel&rest_code=00106&code=00101008069&supplier_code=00100007&order_time=2021-08-11 HTTP/1.1" 200 412
222.70.246.151 - - [11/Aug/2021:10:16:51 +0800] "GET /xingrg/all/function/internal_message.html?_=1628648218714&CODE_STATE=getMsg HTTP/1.1" 200 27
61.151.207.141 - - [11/Aug/2021:10:16:56 +0800] "GET /xingrg/kc/buy/cgsh_order_operate.html?command=get_materiel&rest_code=00106&code=00101008283&supplier_code=00100007&order_time=2021-08-11 HTTP/1.1" 302 -
101.83.145.79 - - [11/Aug/2021:10:16:57 +0800] "GET /xingrg/kc/buy/cgsh_order_operate.html?command=get_materiel&rest_code=00105&code=00101001023&supplier_code=00100312&order_time=2021-08-11 HTTP/1.1" 200 415
61.151.207.141 - - [11/Aug/2021:10:16:57 +0800] "GET /xingrg/login.html HTTP/1.1" 200 7641
58.37.4.159 - - [11/Aug/2021:10:16:58 +0800] "GET /xingrg/kc/buy/cgsh_order_operate.html?command=get_materiel&rest_code=00106&code=00101008286&supplier_code=00100007&order_time=2021-08-11 HTTP/1.1" 200 408
180.174.198.13 - - [11/Aug/2021:10:16:59 +0800] "GET /xingrg/kc/buy/cgsh_order_operate.html?command=get_materiel&rest_code=00102&code=00101012030&supplier_code=00100096&order_time=2021-08-11 HTTP/1.1" 200 416
116.235.222.38 - - [11/Aug/2021:10:17:00 +0800] "GET /xingrg/kc/buy/cgsh_order_operate.html?command=get_materiel&rest_code=00107&code=00101004049&supplier_code=00100312&order_time=2021-08-11 HTTP/1.1" 200 429
116.235.222.38 - - [11/Aug/2021:10:17:01 +0800] "GET /xingrg/all/function/internal_message.html?_=1628648216479&CODE_STATE=getMsg HTTP/1.1" 200 27
114.88.154.248 - - [11/Aug/2021:10:17:01 +0800] "GET /xingrg/all/function/internal_message.html?_=1628648128530&CODE_STATE=getMsg HTTP/1.1" 200 27
116.238.194.18 - - [11/Aug/2021:10:17:02 +0800] "GET /xingrg/check_reg.html?_=1628648218997 HTTP/1.1" 200 22
116.238.194.18 - - [11/Aug/2021:10:17:02 +0800] "GET /xingrg/all/function/internal_message.html?_=1628648219000&CODE_STATE=getMsg HTTP/1.1" 200 27
58.37.4.159 - - [11/Aug/2021:10:17:03 +0800] "GET /xingrg/all/function/internal_message.html?_=1628648221412&CODE_STATE=getMsg HTTP/1.1" 200 27
58.221.95.50 - - [11/Aug/2021:10:17:05 +0800] "POST /xingrg/kc/buy/cgsh_order_operate.html HTTP/1.1" 200 37
58.37.4.159 - - [11/Aug/2021:10:17:06 +0800] "GET /xingrg/kc/buy/cgsh_order_operate.html?command=get_materiel&rest_code=00106&code=00101008131&supplier_code=00100007&order_time=2021-08-11 HTTP/1.1" 200 408
101.83.145.79 - - [11/Aug/2021:10:17:06 +0800] "GET /xingrg/kc/buy/cgsh_order_operate.html?command=get_materiel&rest_code=00105&code=00101005017&supplier_code=00100312&order_time=2021-08-11 HTTP/1.1" 200 409
58.221.95.50 - - [11/Aug/2021:10:17:06 +0800] "POST /xingrg/kc/buy/cgsh_order_operate.html HTTP/1.1" 200 3866
172.20.0.100 - - [11/Aug/2021:10:17:07 +0800] "GET /xingrg/all/function/internal_message.html?_=1628648223377&CODE_STATE=getMsg HTTP/1.1" 200 27
61.151.178.217 - - [11/Aug/2021:10:17:08 +0800] "GET /xingrg/all/function/internal_message.html?_=1628648161368&CODE_STATE=getMsg HTTP/1.1" 302 -
58.221.95.50 - - [11/Aug/2021:10:17:09 +0800] "GET /xingrg/kc/print/load_data.html?order_code=212021081104767&kc_code=cgsh&condition= HTTP/1.1" 200 1136
116.235.222.38 - - [11/Aug/2021:10:17:10 +0800] "GET /xingrg/kc/buy/cgsh_order_operate.html?command=get_materiel&rest_code=00107&code=00101004020&supplier_code=00100312&order_time=2021-08-11 HTTP/1.1" 200 409
101.89.19.197 - - [11/Aug/2021:10:17:11 +0800] "GET /xingrg/kc/buy/cgsh_order_operate.html?command=get_materiel&rest_code=00106&code=00101008163&supplier_code=00100007&order_time=2021-08-11 HTTP/1.1" 302 -
222.70.178.182 - - [11/Aug/2021:10:17:11 +0800] "GET /xingrg/all/function/internal_message.html?_=1628648226779&CODE_STATE=getMsg HTTP/1.1" 200 27
222.70.178.182 - - [11/Aug/2021:10:17:11 +0800] "GET /xingrg/check_reg.html?_=1628648227078 HTTP/1.1" 200 22
61.151.178.217 - - [11/Aug/2021:10:17:11 +0800] "GET /xingrg/login.html HTTP/1.1" 200 7641
101.89.19.197 - - [11/Aug/2021:10:17:12 +0800] "GET /xingrg/login.html HTTP/1.1" 200 7641
101.89.239.120 - - [11/Aug/2021:10:17:13 +0800] "GET /xingrg/kc/buy/cgsh_order_operate.html?command=get_materiel&rest_code=00106&code=00101008355&supplier_code=00100007&order_time=2021-08-11 HTTP/1.1" 302 -
58.37.4.159 - - [11/Aug/2021:10:17:13 +0800] "GET /xingrg/kc/buy/cgsh_order_operate.html?command=get_materiel&rest_code=00106&code=00101008318&supplier_code=00100007&order_time=2021-08-11 HTTP/1.1" 200 408
101.89.239.120 - - [11/Aug/2021:10:17:13 +0800] "GET /xingrg/login.html HTTP/1.1" 200 7641
116.230.105.26 - - [11/Aug/2021:10:17:15 +0800] "GET /xingrg/all/function/internal_message.html?_=1628648229398&CODE_STATE=getMsg HTTP/1.1" 200 27
180.169.147.146 - - [11/Aug/2021:10:17:15 +0800] "GET /xingrg/all/function/internal_message.html?_=1628648236779&CODE_STATE=getMsg HTTP/1.1" 200 27
58.221.95.50 - - [11/Aug/2021:10:17:16 +0800] "GET /xingrg/all/function/internal_message.html?_=1628648234010&CODE_STATE=getMsg HTTP/1.1" 200 27
101.83.145.79 - - [11/Aug/2021:10:17:17 +0800] "POST /xingrg/kc/buy/cgsh_order_operate.html HTTP/1.1" 200 37
116.238.194.18 - - [11/Aug/2021:10:17:18 +0800] "GET /xingrg/all/function/internal_message.html?_=1628648184672&CODE_STATE=getMsg HTTP/1.1" 200 27
180.174.198.13 - - [11/Aug/2021:10:17:18 +0800] "GET /xingrg/kc/buy/cgsh_order_operate.html?command=get_materiel&rest_code=00102&code=00101012026&supplier_code=00100096&order_time=2021-08-11 HTTP/1.1" 200 408
101.83.145.79 - - [11/Aug/2021:10:17:18 +0800] "POST /xingrg/kc/buy/cgsh_order_operate.html HTTP/1.1" 200 10984
180.174.198.13 - - [11/Aug/2021:10:17:20 +0800] "GET /xingrg/all/function/internal_message.html?_=1628648216792&CODE_STATE=getMsg HTTP/1.1" 200 27
114.88.154.248 - - [11/Aug/2021:10:17:20 +0800] "GET /xingrg/kc/buy/cgsh_order_add.html HTTP/1.1" 200 63149
58.37.4.159 - - [11/Aug/2021:10:17:20 +0800] "POST /xingrg/kc/buy/cgsh_order_operate.html HTTP/1.1" 200 37
101.83.145.79 - - [11/Aug/2021:10:17:20 +0800] "GET /xingrg/kc/print/load_data.html?order_code=212021081104768&kc_code=cgsh&condition= HTTP/1.1" 200 3842
101.89.19.197 - - [11/Aug/2021:10:17:20 +0800] "GET /xingrg/kc/buy/cgsh_order_operate.html?command=get_materiel&rest_code=00106&code=00101008264&supplier_code=00100007&order_time=2021-08-11 HTTP/1.1" 302 -
114.88.154.248 - - [11/Aug/2021:10:17:20 +0800] "GET /xingrg/javascript/easyui/themes/default/validatebox.css HTTP/1.1" 404 1104
114.88.154.248 - - [11/Aug/2021:10:17:20 +0800] "POST /xingrg/kc/buy/cgsh_order_operate.html HTTP/1.1" 200 8245
101.83.145.79 - - [11/Aug/2021:10:17:21 +0800] "GET /xingrg/all/function/internal_message.html?_=1628648196559&CODE_STATE=getMsg HTTP/1.1" 200 27
101.89.19.197 - - [11/Aug/2021:10:17:22 +0800] "GET /xingrg/login.html HTTP/1.1" 200 7641
114.84.82.184 - - [11/Aug/2021:10:17:23 +0800] "GET /xingrg/all/function/internal_message.html?_=1628648240908&CODE_STATE=getMsg HTTP/1.1" 200 27
58.37.4.159 - - [11/Aug/2021:10:17:24 +0800] "POST /xingrg/kc/buy/cgsh_order_operate.html HTTP/1.1" 200 12671
58.40.7.146 - - [11/Aug/2021:10:17:25 +0800] "GET /xingrg/all/function/internal_message.html?_=1628648243482&CODE_STATE=getMsg HTTP/1.1" 200 27
101.83.145.79 - - [11/Aug/2021:10:17:25 +0800] "GET /xingrg/check_reg.html?_=1628648245754 HTTP/1.1" 200 22
101.83.145.79 - - [11/Aug/2021:10:17:25 +0800] "GET /xingrg/all/function/internal_message.html?_=1628648245771&CODE_STATE=getMsg HTTP/1.1" 200 27
101.83.145.79 - - [11/Aug/2021:10:17:28 +0800] "GET /favicon.ico HTTP/1.1" 404 -
116.235.222.38 - - [11/Aug/2021:10:17:30 +0800] "GET /xingrg/kc/buy/cgsh_order_operate.html?command=get_materiel&rest_code=00107&code=00101001045&supplier_code=00100312&order_time=2021-08-11 HTTP/1.1" 200 421
58.40.7.146 - - [11/Aug/2021:10:17:37 +0800] "GET /xingrg/login.html HTTP/1.1" 200 7641
58.40.7.146 - - [11/Aug/2021:10:17:37 +0800] "GET /xingrg/images/blue/jxLogo.png HTTP/1.1" 200 6156
58.40.7.146 - - [11/Aug/2021:10:17:38 +0800] "GET /xingrg/images/blue/login_bg.png HTTP/1.1" 200 22101
58.40.7.146 - - [11/Aug/2021:10:17:38 +0800] "GET /xingrg/images/blue/hj.png HTTP/1.1" 200 1014
58.40.7.146 - - [11/Aug/2021:10:17:38 +0800] "GET /xingrg/images/blue/srbg.png HTTP/1.1" 200 138
58.40.7.146 - - [11/Aug/2021:10:17:38 +0800] "GET /favicon.ico HTTP/1.1" 404 -
180.169.147.146 - - [11/Aug/2021:10:17:38 +0800] "GET /xingrg/all/function/internal_message.html?_=1628648268152&CODE_STATE=getMsg HTTP/1.1" 200 27
180.169.147.146 - - [11/Aug/2021:10:17:38 +0800] "GET /xingrg/check_reg.html?_=1628648268158 HTTP/1.1" 200 22
116.235.222.38 - - [11/Aug/2021:10:17:41 +0800] "GET /xingrg/kc/buy/cgsh_order_operate.html?command=get_materiel&rest_code=00107&code=00101004057&supplier_code=00100312&order_time=2021-08-11 HTTP/1.1" 200 409
58.40.7.146 - - [11/Aug/2021:10:17:43 +0800] "POST /xingrg/login.do HTTP/1.1" 302 -
58.40.7.146 - - [11/Aug/2021:10:17:43 +0800] "GET /xingrg/javascript/jquery_easy_ui/themes/icon.css HTTP/1.1" 200 3949
58.40.7.146 - - [11/Aug/2021:10:17:43 +0800] "GET /xingrg/index.html?sysBaseUrl=http%3A%2F%2F180.169.147.146%3A18081%2Fxingrg%2F&costTime=42×tamp=1628648263858 HTTP/1.1" 200 17419
58.40.7.146 - - [11/Aug/2021:10:17:43 +0800] "GET /xingrg/javascript/jquery-1.4.2.min.js HTTP/1.1" 200 72205
58.40.7.146 - - [11/Aug/2021:10:17:43 +0800] "GET /xingrg/css/form.css HTTP/1.1" 200 893
58.40.7.146 - - [11/Aug/2021:10:17:43 +0800] "GET /xingrg/javascript/jquery_easy_ui/jquery.easyui.min.js HTTP/1.1" 200 213662
58.40.7.146 - - [11/Aug/2021:10:17:43 +0800] "GET /xingrg/javascript/jquery_easy_ui/easyui-lang-zh_CN.js HTTP/1.1" 200 1900
58.40.7.146 - - [11/Aug/2021:10:17:43 +0800] "GET /xingrg/javascript/jquery.timers.js HTTP/1.1" 200 3532
58.40.7.146 - - [11/Aug/2021:10:17:43 +0800] "GET /xingrg/javascript/jquery.utils.js HTTP/1.1" 200 11805
58.40.7.146 - - [11/Aug/2021:10:17:43 +0800] "GET /xingrg/javascript/jquery_easy_ui/themes/default/easyui.css HTTP/1.1" 200 26500
58.40.7.146 - - [11/Aug/2021:10:17:43 +0800] "GET /xingrg/javascript/jquery.form.js HTTP/1.1" 200 23110
58.40.7.146 - - [11/Aug/2021:10:17:44 +0800] "GET /favicon.ico HTTP/1.1" 404 -
58.40.7.146 - - [11/Aug/2021:10:17:44 +0800] "GET /xingrg/javascript/jquery_easy_ui/themes/icons/settle_new.png HTTP/1.1" 200 826
58.40.7.146 - - [11/Aug/2021:10:17:44 +0800] "GET /xingrg/images/blue/navBackgound.jpg HTTP/1.1" 200 12378
58.40.7.146 - - [11/Aug/2021:10:17:44 +0800] "POST /xingrg/all/common/load_tree.html?tree=area_rest_tree_json&manage=1 HTTP/1.1" 200 476
58.40.7.146 - - [11/Aug/2021:10:17:44 +0800] "GET /xingrg/all/function/internal_message.html?_=1628648262160&CODE_STATE=count HTTP/1.1" 200 11
58.40.7.146 - - [11/Aug/2021:10:17:44 +0800] "GET /xingrg/check_reg.html?_=1628648262161 HTTP/1.1" 200 22
58.40.7.146 - - [11/Aug/2021:10:17:44 +0800] "GET /xingrg/images/blue/pingpu.png HTTP/1.1" 200 231
58.40.7.146 - - [11/Aug/2021:10:17:44 +0800] "GET /xingrg/javascript/jquery_easy_ui/themes/default/images/tabs_leftarrow.png HTTP/1.1" 200 389
58.40.7.146 - - [11/Aug/2021:10:17:44 +0800] "GET /xingrg/javascript/jquery_easy_ui/themes/default/images/tabs_rightarrow.png HTTP/1.1" 200 395
58.40.7.146 - - [11/Aug/2021:10:17:44 +0800] "GET /xingrg/javascript/jquery_easy_ui/themes/default/images/panel_tool_expand.gif HTTP/1.1" 200 247
58.40.7.146 - - [11/Aug/2021:10:17:44 +0800] "GET /xingrg/javascript/jquery_easy_ui/themes/default/images/panel_tool_collapse.gif HTTP/1.1" 200 246
58.40.7.146 - - [11/Aug/2021:10:17:44 +0800] "POST /xingrg/load_menu.html HTTP/1.1" 200 9959
58.40.7.146 - - [11/Aug/2021:10:17:44 +0800] "GET /xingrg/javascript/jquery_easy_ui/themes/default/images/tree_arrows.gif HTTP/1.1" 200 1043
58.40.7.146 - - [11/Aug/2021:10:17:44 +0800] "GET /xingrg/javascript/jquery_easy_ui/themes/default/images/tree_folder_open.gif HTTP/1.1" 200 956
58.40.7.146 - - [11/Aug/2021:10:17:44 +0800] "GET /xingrg/javascript/jquery_easy_ui/themes/icons/search_new.png HTTP/1.1" 200 586
58.40.7.146 - - [11/Aug/2021:10:17:44 +0800] "GET /xingrg/javascript/jquery_easy_ui/themes/default/images/tree_folder.gif HTTP/1.1" 200 952
58.40.7.146 - - [11/Aug/2021:10:17:44 +0800] "GET /xingrg/javascript/jquery_easy_ui/themes/icons/storage_new.png HTTP/1.1" 200 853
58.40.7.146 - - [11/Aug/2021:10:17:44 +0800] "GET /xingrg/javascript/jquery_easy_ui/themes/icons/checkout_new.png HTTP/1.1" 200 744
58.40.7.146 - - [11/Aug/2021:10:17:44 +0800] "GET /xingrg/javascript/jquery_easy_ui/themes/icons/forms_new.png HTTP/1.1" 200 350
58.40.7.146 - - [11/Aug/2021:10:17:44 +0800] "GET /xingrg/javascript/jquery_easy_ui/themes/icons/setting_new.png HTTP/1.1" 200 450
58.40.7.146 - - [11/Aug/2021:10:17:44 +0800] "GET /xingrg/javascript/jquery_easy_ui/themes/icons/systemset_new.png HTTP/1.1" 200 606
58.40.7.146 - - [11/Aug/2021:10:17:44 +0800] "GET /xingrg/javascript/jquery_easy_ui/themes/default/images/tree_file.gif HTTP/1.1" 200 118
58.40.7.146 - - [11/Aug/2021:10:17:46 +0800] "POST /xingrg/load_menu.html HTTP/1.1" 200 9242
222.70.246.151 - - [11/Aug/2021:10:17:47 +0800] "GET /xingrg/all/function/internal_message.html?_=1628648266547&CODE_STATE=getMsg HTTP/1.1" 200 27
101.89.19.197 - - [11/Aug/2021:10:17:49 +0800] "GET /xingrg/kc/buy/cgsh_order_operate.html?command=get_materiel&rest_code=00106&code=00101008069&supplier_code=00100007&order_time=2021-08-11 HTTP/1.1" 302 -
58.40.7.146 - - [11/Aug/2021:10:17:49 +0800] "GET /xingrg/javascript/jquery_easy_ui/themes/default/images/tabs_close.gif HTTP/1.1" 200 829
58.40.7.146 - - [11/Aug/2021:10:17:49 +0800] "GET /xingrg/all/report/report_query.html?fileName=dma/new_5.0/yingye/pay_ment_hz.xml HTTP/1.1" 200 51687
58.40.7.146 - - [11/Aug/2021:10:17:49 +0800] "GET /xingrg/javascript/multi_select/jqueryMultiSelect.css HTTP/1.1" 200 951
58.40.7.146 - - [11/Aug/2021:10:17:49 +0800] "GET /xingrg/css/blue.css HTTP/1.1" 200 15949
58.40.7.146 - - [11/Aug/2021:10:17:49 +0800] "GET /xingrg/javascript/calendar/timePicker.css HTTP/1.1" 200 523
58.40.7.146 - - [11/Aug/2021:10:17:49 +0800] "GET /xingrg/javascript/bigrid/fix.css HTTP/1.1" 200 1702
58.40.7.146 - - [11/Aug/2021:10:17:49 +0800] "GET /xingrg/javascript/pic_change.js HTTP/1.1" 200 4739
58.40.7.146 - - [11/Aug/2021:10:17:49 +0800] "GET /xingrg/dwr/interface/AjaxReportQueryService.js HTTP/1.1" 200 13203
58.40.7.146 - - [11/Aug/2021:10:17:49 +0800] "GET /xingrg/javascript/myfunction.js HTTP/1.1" 200 24559
58.40.7.146 - - [11/Aug/2021:10:17:49 +0800] "GET /xingrg/javascript/calendar/jquery.timePicker.min.js HTTP/1.1" 200 2997
58.40.7.146 - - [11/Aug/2021:10:17:49 +0800] "GET /xingrg/dwr/util.js HTTP/1.1" 200 35990
58.40.7.146 - - [11/Aug/2021:10:17:49 +0800] "GET /xingrg/javascript/bigrid/fix.js HTTP/1.1" 200 6439
58.40.7.146 - - [11/Aug/2021:10:17:49 +0800] "GET /xingrg/javascript/jqueryMultiSelect.js HTTP/1.1" 200 11866
58.40.7.146 - - [11/Aug/2021:10:17:49 +0800] "GET /xingrg/dwr/engine.js HTTP/1.1" 200 43631
58.40.7.146 - - [11/Aug/2021:10:17:49 +0800] "GET /xingrg/javascript/Calendar.js HTTP/1.1" 200 31561
58.40.7.146 - - [11/Aug/2021:10:17:49 +0800] "GET /xingrg/images/blue/button/advanceover.gif HTTP/1.1" 200 1347
58.40.7.146 - - [11/Aug/2021:10:17:49 +0800] "GET /xingrg/images/blue/button/advance2over.gif HTTP/1.1" 200 1336
58.40.7.146 - - [11/Aug/2021:10:17:49 +0800] "GET /xingrg/images/blue/button/back2over.gif HTTP/1.1" 200 1335
58.40.7.146 - - [11/Aug/2021:10:17:49 +0800] "GET /xingrg/images/blue/button/backover.gif HTTP/1.1" 200 1348
58.40.7.146 - - [11/Aug/2021:10:17:49 +0800] "GET /xingrg/images/control/loading.gif HTTP/1.1" 200 13463
58.40.7.146 - - [11/Aug/2021:10:17:49 +0800] "GET /xingrg/javascript/jquery_easy_ui/themes/icons/help.png HTTP/1.1" 200 1187
58.40.7.146 - - [11/Aug/2021:10:17:49 +0800] "GET /xingrg/javascript/jquery_easy_ui/themes/default/images/menu_downarrow.png HTTP/1.1" 200 173
58.40.7.146 - - [11/Aug/2021:10:17:49 +0800] "GET /xingrg/javascript/jquery_easy_ui/themes/default/images/button_a_bg.gif HTTP/1.1" 200 1194
58.40.7.146 - - [11/Aug/2021:10:17:49 +0800] "GET /xingrg/javascript/jquery_easy_ui/themes/default/images/menu.gif HTTP/1.1" 200 834
58.40.7.146 - - [11/Aug/2021:10:17:49 +0800] "GET /xingrg/javascript/jquery_easy_ui/themes/icons/print.png HTTP/1.1" 200 1057
58.40.7.146 - - [11/Aug/2021:10:17:49 +0800] "GET /xingrg/javascript/jquery_easy_ui/themes/icons/pencil.png HTTP/1.1" 200 713
58.40.7.146 - - [11/Aug/2021:10:17:49 +0800] "POST /xingrg/dwr/call/plaincall/AjaxReportQueryService.getFixDate.dwr HTTP/1.1" 200 111
58.40.7.146 - - [11/Aug/2021:10:17:49 +0800] "GET /xingrg/javascript/jquery_easy_ui/themes/default/images/menu_rightarrow.png HTTP/1.1" 200 3617
58.40.7.146 - - [11/Aug/2021:10:17:50 +0800] "GET /xingrg/javascript/jquery_easy_ui/themes/default/images/combo_arrow_dot.gif HTTP/1.1" 200 79
58.40.7.146 - - [11/Aug/2021:10:17:50 +0800] "POST /xingrg/all/common/load_tree.html?tree=area_station_tree_json&manage=1 HTTP/1.1" 200 468
101.89.19.197 - - [11/Aug/2021:10:17:50 +0800] "GET /xingrg/login.html HTTP/1.1" 200 7641
58.40.7.146 - - [11/Aug/2021:10:17:50 +0800] "GET /xingrg/javascript/jquery_easy_ui/themes/default/images/tree_checkbox_0.gif HTTP/1.1" 200 168
58.40.7.146 - - [11/Aug/2021:10:17:50 +0800] "GET /xingrg/javascript/jquery_easy_ui/themes/icons/rest.png HTTP/1.1" 200 695
58.40.7.146 - - [11/Aug/2021:10:17:50 +0800] "GET /xingrg/javascript/jquery_easy_ui/themes/icons/area.png HTTP/1.1" 200 262
222.70.246.151 - - [11/Aug/2021:10:17:51 +0800] "GET /xingrg/all/function/internal_message.html?_=1628648278730&CODE_STATE=getMsg HTTP/1.1" 200 27
114.88.154.248 - - [11/Aug/2021:10:17:51 +0800] "GET /xingrg/kc/buy/cgsh_order_operate.html?command=get_materiel&rest_code=00141&code=00101018017&supplier_code=00100330&order_time=2021-08-11 HTTP/1.1" 200 421
58.40.7.146 - - [11/Aug/2021:10:17:52 +0800] "POST /xingrg/dwr/call/plaincall/AjaxReportQueryService.getFixDate.dwr HTTP/1.1" 200 111
61.151.178.217 - - [11/Aug/2021:10:17:56 +0800] "GET /xingrg/kc/buy/cgsh_order_operate.html?command=get_materiel&rest_code=00106&code=00101008286&supplier_code=00100007&order_time=2021-08-11 HTTP/1.1" 302 -
58.40.7.146 - - [11/Aug/2021:10:17:57 +0800] "POST /xingrg/dwr/call/plaincall/AjaxReportQueryService.refreshCache.dwr HTTP/1.1" 200 78
61.151.178.217 - - [11/Aug/2021:10:17:57 +0800] "GET /xingrg/login.html HTTP/1.1" 200 7641
58.40.7.146 - - [11/Aug/2021:10:17:57 +0800] "POST /xingrg/all/report/load_report_page.html HTTP/1.1" 200 14791
58.40.7.146 - - [11/Aug/2021:10:17:57 +0800] "GET /xingrg/servlets/image?cache=0.8830116118857043&image=px HTTP/1.1" 200 807
180.169.147.146 - - [11/Aug/2021:10:17:58 +0800] "GET /xingrg/check_reg.html?_=1628648275145 HTTP/1.1" 200 22
58.40.7.146 - - [11/Aug/2021:10:18:00 +0800] "GET /xingrg/javascript/jquery_easy_ui/themes/default/images/tree_checkbox_1.gif HTTP/1.1" 200 174
58.40.7.146 - - [11/Aug/2021:10:18:00 +0800] "GET /xingrg/javascript/jquery_easy_ui/themes/default/images/tree_checkbox_2.gif HTTP/1.1" 200 181
116.235.222.38 - - [11/Aug/2021:10:18:01 +0800] "GET /xingrg/all/function/internal_message.html?_=1628648276458&CODE_STATE=getMsg HTTP/1.1" 200 27
116.235.222.38 - - [11/Aug/2021:10:18:01 +0800] "POST /xingrg/kc/buy/cgsh_order_operate.html HTTP/1.1" 200 37
58.40.7.146 - - [11/Aug/2021:10:18:01 +0800] "POST /xingrg/dwr/call/plaincall/AjaxReportQueryService.refreshCache.dwr HTTP/1.1" 200 78
114.88.154.248 - - [11/Aug/2021:10:18:01 +0800] "GET /xingrg/all/function/internal_message.html?_=1628648188532&CODE_STATE=getMsg HTTP/1.1" 200 27
58.40.7.146 - - [11/Aug/2021:10:18:02 +0800] "POST /xingrg/all/report/load_report_page.html HTTP/1.1" 200 11856
58.40.7.146 - - [11/Aug/2021:10:18:02 +0800] "GET /xingrg/servlets/image?cache=0.20720933012414933&image=px HTTP/1.1" 200 807
116.238.194.18 - - [11/Aug/2021:10:18:02 +0800] "GET /xingrg/all/function/internal_message.html?_=1628648278994&CODE_STATE=getMsg HTTP/1.1" 200 27
116.235.222.38 - - [11/Aug/2021:10:18:02 +0800] "POST /xingrg/kc/buy/cgsh_order_operate.html HTTP/1.1" 200 5033
180.97.118.221 - - [11/Aug/2021:10:18:03 +0800] "GET /xingrg/all/function/internal_message.html?_=1628648221412&CODE_STATE=getMsg HTTP/1.1" 302 -
58.37.4.159 - - [11/Aug/2021:10:18:03 +0800] "GET /xingrg/all/function/internal_message.html?_=1628648281374&CODE_STATE=getMsg HTTP/1.1" 200 27
116.235.222.38 - - [11/Aug/2021:10:18:04 +0800] "GET /xingrg/kc/print/load_data.html?order_code=212021081104770&kc_code=cgsh&condition= HTTP/1.1" 200 1581
101.89.239.120 - - [11/Aug/2021:10:18:04 +0800] "GET /xingrg/kc/buy/cgsh_order_operate.html?command=get_materiel&rest_code=00106&code=00101008131&supplier_code=00100007&order_time=2021-08-11 HTTP/1.1" 302 -
180.97.118.221 - - [11/Aug/2021:10:18:05 +0800] "GET /xingrg/login.html HTTP/1.1" 200 7641
101.89.239.120 - - [11/Aug/2021:10:18:06 +0800] "GET /xingrg/login.html HTTP/1.1" 200 7641
172.20.0.100 - - [11/Aug/2021:10:18:07 +0800] "GET /xingrg/all/function/internal_message.html?_=1628648283379&CODE_STATE=getMsg HTTP/1.1" 200 27
172.20.0.100 - - [11/Aug/2021:10:18:07 +0800] "GET /xingrg/check_reg.html?_=1628648283382 HTTP/1.1" 200 22
116.235.222.38 - - [11/Aug/2021:10:18:08 +0800] "GET /xingrg/kc/buy/cgsh_order_add.html HTTP/1.1" 200 63231
116.235.222.38 - - [11/Aug/2021:10:18:09 +0800] "GET /xingrg/javascript/easyui/themes/default/validatebox.css HTTP/1.1" 404 1104
116.235.222.38 - - [11/Aug/2021:10:18:09 +0800] "POST /xingrg/kc/buy/cgsh_order_operate.html HTTP/1.1" 200 8245
114.88.154.248 - - [11/Aug/2021:10:18:10 +0800] "GET /xingrg/kc/buy/cgsh_order_operate.html?command=get_materiel&rest_code=00141&code=00101018011&supplier_code=00100330&order_time=2021-08-11 HTTP/1.1" 200 413
116.235.222.38 - - [11/Aug/2021:10:18:10 +0800] "GET /xingrg/javascript/easyui/themes/default/tree.css HTTP/1.1" 404 1090
116.235.222.38 - - [11/Aug/2021:10:18:10 +0800] "POST /xingrg/all/common/load_tree.html?tree=supplier_tree_json&isDelete=1 HTTP/1.1" 200 57192
61.129.6.227 - - [11/Aug/2021:10:18:11 +0800] "GET /xingrg/kc/buy/cgsh_order_operate.html?command=get_materiel&rest_code=00106&code=00101008318&supplier_code=00100007&order_time=2021-08-11 HTTP/1.1" 302 -
61.129.6.227 - - [11/Aug/2021:10:18:11 +0800] "GET /xingrg/login.html HTTP/1.1" 200 7641
222.70.178.182 - - [11/Aug/2021:10:18:11 +0800] "GET /xingrg/all/function/internal_message.html?_=1628648286749&CODE_STATE=getMsg HTTP/1.1" 200 27
116.230.105.26 - - [11/Aug/2021:10:18:15 +0800] "GET /xingrg/all/function/internal_message.html?_=1628648289393&CODE_STATE=getMsg HTTP/1.1" 200 27
180.169.147.146 - - [11/Aug/2021:10:18:15 +0800] "GET /xingrg/check_reg.html?_=1628648296783 HTTP/1.1" 200 22
180.169.147.146 - - [11/Aug/2021:10:18:15 +0800] "GET /xingrg/all/function/internal_message.html?_=1628648296785&CODE_STATE=getMsg HTTP/1.1" 200 27
58.221.95.50 - - [11/Aug/2021:10:18:16 +0800] "GET /xingrg/all/function/internal_message.html?_=1628648293985&CODE_STATE=getMsg HTTP/1.1" 200 27
116.238.194.18 - - [11/Aug/2021:10:18:17 +0800] "GET /xingrg/check_reg.html?_=1628648243291 HTTP/1.1" 200 22
116.238.194.18 - - [11/Aug/2021:10:18:18 +0800] "GET /xingrg/all/function/internal_message.html?_=1628648244685&CODE_STATE=getMsg HTTP/1.1" 200 27
180.174.198.13 - - [11/Aug/2021:10:18:20 +0800] "GET /xingrg/all/function/internal_message.html?_=1628648276805&CODE_STATE=getMsg HTTP/1.1" 200 27
101.83.145.79 - - [11/Aug/2021:10:18:21 +0800] "GET /xingrg/check_reg.html?_=1628648256558 HTTP/1.1" 200 22
101.83.145.79 - - [11/Aug/2021:10:18:21 +0800] "GET /xingrg/all/function/internal_message.html?_=1628648256561&CODE_STATE=getMsg HTTP/1.1" 200 27
114.84.82.184 - - [11/Aug/2021:10:18:23 +0800] "GET /xingrg/all/function/internal_message.html?_=1628648300933&CODE_STATE=getMsg HTTP/1.1" 200 27
101.83.145.79 - - [11/Aug/2021:10:18:25 +0800] "GET /xingrg/all/function/internal_message.html?_=1628648305754&CODE_STATE=getMsg HTTP/1.1" 200 27
101.83.145.79 - - [11/Aug/2021:10:18:28 +0800] "GET /xingrg/kc/buy/cgsh_order_add.html HTTP/1.1" 200 63190
101.83.145.79 - - [11/Aug/2021:10:18:28 +0800] "GET /xingrg/javascript/easyui/themes/default/validatebox.css HTTP/1.1" 404 1104
101.83.145.79 - - [11/Aug/2021:10:18:28 +0800] "POST /xingrg/kc/buy/cgsh_order_operate.html HTTP/1.1" 200 8245
116.235.222.38 - - [11/Aug/2021:10:18:32 +0800] "GET /xingrg/kc/buy/cgsh_order_operate.html?command=get_materiel&rest_code=00107&code=00101007032&supplier_code=00100328&order_time=2021-08-11 HTTP/1.1" 200 413
180.169.147.146 - - [11/Aug/2021:10:18:38 +0800] "GET /xingrg/all/function/internal_message.html?_=1628648328144&CODE_STATE=getMsg HTTP/1.1" 200 27
116.235.222.38 - - [11/Aug/2021:10:18:39 +0800] "POST /xingrg/kc/buy/cgsh_order_operate.html HTTP/1.1" 200 37
58.37.4.159 - - [11/Aug/2021:10:18:40 +0800] "GET /xingrg/kc/buy/cgsh_order_operate.html?command=get_materiel&rest_code=00106&code=00101008271&supplier_code=00100007&order_time=2021-08-11 HTTP/1.1" 200 409
116.235.222.38 - - [11/Aug/2021:10:18:41 +0800] "POST /xingrg/kc/buy/cgsh_order_operate.html HTTP/1.1" 200 2657
116.235.222.38 - - [11/Aug/2021:10:18:43 +0800] "GET /xingrg/kc/print/load_data.html?order_code=212021081104771&kc_code=cgsh&condition= HTTP/1.1" 200 676
58.40.7.146 - - [11/Aug/2021:10:18:44 +0800] "GET /xingrg/all/function/internal_message.html?_=1628648322164&CODE_STATE=getMsg HTTP/1.1" 200 27
101.83.145.79 - - [11/Aug/2021:10:18:45 +0800] "GET /xingrg/kc/buy/cgsh_order_operate.html?command=get_materiel&rest_code=00105&code=00101001060&supplier_code=00100442&order_time=2021-08-11 HTTP/1.1" 200 421
116.235.222.38 - - [11/Aug/2021:10:18:47 +0800] "GET /xingrg/kc/buy/cgsh_order_add.html HTTP/1.1" 200 63231
222.70.246.151 - - [11/Aug/2021:10:18:47 +0800] "GET /xingrg/all/function/internal_message.html?_=1628648326550&CODE_STATE=getMsg HTTP/1.1" 200 27
116.235.222.38 - - [11/Aug/2021:10:18:47 +0800] "GET /xingrg/javascript/easyui/themes/default/validatebox.css HTTP/1.1" 404 1104
116.235.222.38 - - [11/Aug/2021:10:18:47 +0800] "POST /xingrg/kc/buy/cgsh_order_operate.html HTTP/1.1" 200 8245
116.235.222.38 - - [11/Aug/2021:10:18:48 +0800] "GET /xingrg/javascript/easyui/themes/default/tree.css HTTP/1.1" 404 1090
116.235.222.38 - - [11/Aug/2021:10:18:48 +0800] "POST /xingrg/all/common/load_tree.html?tree=supplier_tree_json&isDelete=1 HTTP/1.1" 200 57192
58.37.4.159 - - [11/Aug/2021:10:18:48 +0800] "GET /xingrg/kc/buy/cgsh_order_operate.html?command=get_materiel&rest_code=00106&code=00101008213&supplier_code=00100007&order_time=2021-08-11 HTTP/1.1" 200 412
222.70.246.151 - - [11/Aug/2021:10:18:51 +0800] "GET /xingrg/all/function/internal_message.html?_=1628648338750&CODE_STATE=getMsg HTTP/1.1" 200 27
58.37.4.159 - - [11/Aug/2021:10:18:55 +0800] "GET /xingrg/kc/buy/cgsh_order_operate.html?command=get_materiel&rest_code=00106&code=00101008298&supplier_code=00100007&order_time=2021-08-11 HTTP/1.1" 200 431
222.70.246.151 - - [11/Aug/2021:10:18:57 +0800] "GET /xingrg/check_reg.html?_=1628648344845 HTTP/1.1" 200 22
101.83.145.79 - - [11/Aug/2021:10:18:59 +0800] "GET /xingrg/kc/buy/cgsh_order_operate.html?command=get_materiel&rest_code=00105&code=00101006268&supplier_code=00100442&order_time=2021-08-11 HTTP/1.1" 200 397
116.232.50.186 - - [11/Aug/2021:10:18:59 +0800] "GET /favicon.ico HTTP/1.1" 404 -
116.235.222.38 - - [11/Aug/2021:10:19:01 +0800] "GET /xingrg/all/function/internal_message.html?_=1628648336438&CODE_STATE=getMsg HTTP/1.1" 200 27
114.88.154.248 - - [11/Aug/2021:10:19:01 +0800] "GET /xingrg/all/function/internal_message.html?_=1628648248486&CODE_STATE=getMsg HTTP/1.1" 200 27
116.238.194.18 - - [11/Aug/2021:10:19:02 +0800] "GET /xingrg/all/function/internal_message.html?_=1628648338996&CODE_STATE=getMsg HTTP/1.1" 200 27
58.37.4.159 - - [11/Aug/2021:10:19:03 +0800] "GET /xingrg/all/function/internal_message.html?_=1628648341382&CODE_STATE=getMsg HTTP/1.1" 200 27
58.37.4.159 - - [11/Aug/2021:10:19:04 +0800] "GET /xingrg/kc/buy/cgsh_order_operate.html?command=get_materiel&rest_code=00106&code=00101008125&supplier_code=00100007&order_time=2021-08-11 HTTP/1.1" 200 413
58.37.4.159 - - [11/Aug/2021:10:19:06 +0800] "POST /xingrg/kc/buy/cgsh_order_operate.html HTTP/1.1" 200 2065
180.174.198.13 - - [11/Aug/2021:10:19:06 +0800] "POST /xingrg/all/common/load_select.html HTTP/1.1" 200 12
172.20.0.100 - - [11/Aug/2021:10:19:07 +0800] "GET /xingrg/all/function/internal_message.html?_=1628648343383&CODE_STATE=getMsg HTTP/1.1" 200 27
61.129.6.145 - - [11/Aug/2021:10:19:10 +0800] "GET /xingrg/all/function/internal_message.html?_=1628648281374&CODE_STATE=getMsg HTTP/1.1" 302 -
222.70.178.182 - - [11/Aug/2021:10:19:11 +0800] "GET /xingrg/all/function/internal_message.html?_=1628648346733&CODE_STATE=getMsg HTTP/1.1" 200 27
180.174.198.13 - - [11/Aug/2021:10:19:11 +0800] "GET /xingrg/kc/buy/cgsh_order_operate.html?command=get_materiel_price&rest_code=00102&code=00101012030&unit_code=00100001&supplier_code=00100096&order_time=2021-08-11 HTTP/1.1" 200 27
58.37.4.159 - - [11/Aug/2021:10:19:11 +0800] "GET /xingrg/kc/buy/cgsh_order_operate.html?command=get_materiel&rest_code=00106&code=00101008049&supplier_code=00100007&order_time=2021-08-11 HTTP/1.1" 200 410
101.83.145.79 - - [11/Aug/2021:10:19:12 +0800] "GET /xingrg/kc/buy/cgsh_order_operate.html?command=get_materiel&rest_code=00105&code=00101010719&supplier_code=00100442&order_time=2021-08-11 HTTP/1.1" 200 392
114.83.221.132 - - [11/Aug/2021:10:19:13 +0800] "POST /xingrg/services/DataTransmitService HTTP/1.1" 200 524
114.83.221.132 - - [11/Aug/2021:10:19:13 +0800] "POST /xingrg/services/DataTransmitService HTTP/1.1" 200 1983
116.230.105.26 - - [11/Aug/2021:10:19:15 +0800] "GET /xingrg/all/function/internal_message.html?_=1628648349396&CODE_STATE=getMsg HTTP/1.1" 200 27
116.230.105.26 - - [11/Aug/2021:10:19:15 +0800] "GET /xingrg/check_reg.html?_=1628648349400 HTTP/1.1" 200 22
61.129.6.145 - - [11/Aug/2021:10:19:15 +0800] "GET /xingrg/login.html HTTP/1.1" 200 7641
180.169.147.146 - - [11/Aug/2021:10:19:15 +0800] "GET /xingrg/all/function/internal_message.html?_=1628648356789&CODE_STATE=getMsg HTTP/1.1" 200 27
58.221.95.50 - - [11/Aug/2021:10:19:16 +0800] "GET /xingrg/all/function/internal_message.html?_=1628648353957&CODE_STATE=getMsg HTTP/1.1" 200 27
116.238.194.18 - - [11/Aug/2021:10:19:18 +0800] "GET /xingrg/all/function/internal_message.html?_=1628648304699&CODE_STATE=getMsg HTTP/1.1" 200 27
101.83.145.79 - - [11/Aug/2021:10:19:18 +0800] "GET /xingrg/kc/buy/cgsh_order_operate.html?command=get_materiel&rest_code=00105&code=00101002007&supplier_code=00100442&order_time=2021-08-11 HTTP/1.1" 200 409
180.174.198.13 - - [11/Aug/2021:10:19:19 +0800] "POST /xingrg/kc/buy/cgsh_order_operate.html HTTP/1.1" 200 75
101.83.145.79 - - [11/Aug/2021:10:19:21 +0800] "GET /xingrg/all/function/internal_message.html?_=1628648316562&CODE_STATE=getMsg HTTP/1.1" 200 27
114.83.221.132 - - [11/Aug/2021:10:19:21 +0800] "POST /xingrg/services/DataTransmitService HTTP/1.1" 200 524
114.88.154.248 - - [11/Aug/2021:10:19:22 +0800] "POST /xingrg/kc/buy/cgsh_order_operate.html HTTP/1.1" 200 37
58.37.4.159 - - [11/Aug/2021:10:19:22 +0800] "GET /xingrg/kc/buy/cgsh_order_operate.html?command=get_materiel&rest_code=00106&code=00101008199&supplier_code=00100007&order_time=2021-08-11 HTTP/1.1" 200 408
114.84.82.184 - - [11/Aug/2021:10:19:23 +0800] "GET /xingrg/all/function/internal_message.html?_=1628648360931&CODE_STATE=getMsg HTTP/1.1" 200 27
114.88.154.248 - - [11/Aug/2021:10:19:25 +0800] "POST /xingrg/kc/buy/cgsh_order_operate.html HTTP/1.1" 200 12
101.83.145.79 - - [11/Aug/2021:10:19:25 +0800] "GET /xingrg/all/function/internal_message.html?_=1628648365751&CODE_STATE=getMsg HTTP/1.1" 200 27
114.88.154.248 - - [11/Aug/2021:10:19:29 +0800] "GET /xingrg/kc/buy/cgsh_order_info.html?code=212021081104773 HTTP/1.1" 200 58064
114.88.154.248 - - [11/Aug/2021:10:19:29 +0800] "GET /xingrg/javascript/easyui/themes/default/validatebox.css HTTP/1.1" 404 1104
114.88.154.248 - - [11/Aug/2021:10:19:30 +0800] "POST /xingrg/kc/buy/cgsh_order_operate.html HTTP/1.1" 200 1208
58.37.4.159 - - [11/Aug/2021:10:19:30 +0800] "GET /xingrg/kc/buy/cgsh_order_operate.html?command=get_materiel&rest_code=00106&code=00101008239&supplier_code=00100007&order_time=2021-08-11 HTTP/1.1" 200 416
114.88.154.248 - - [11/Aug/2021:10:19:33 +0800] "GET /xingrg/kc/print/load_data.html?order_code=212021081104773&kc_code=cgsh&condition= HTTP/1.1" 200 949
114.92.192.216 - - [11/Aug/2021:10:19:36 +0800] "POST /xingrg/supplier/cgsh_list_operate.html HTTP/1.1" 200 6111
