172.20.0.100 - - [11/Aug/2021:10:10:43 +0800] "GET /xingrg/javascript/jquery_easy_ui/themes/icons/print.png HTTP/1.1" 200 1057
172.20.0.100 - - [11/Aug/2021:10:10:43 +0800] "GET /xingrg/javascript/jquery_easy_ui/themes/icons/pencil.png HTTP/1.1" 200 713
172.20.0.100 - - [11/Aug/2021:10:10:43 +0800] "GET /xingrg/javascript/jquery_easy_ui/themes/default/images/menu_rightarrow.png HTTP/1.1" 200 3617
172.20.0.100 - - [11/Aug/2021:10:10:43 +0800] "POST /xingrg/dwr/call/plaincall/AjaxReportQueryService.getFixDate.dwr HTTP/1.1" 200 111
172.20.0.100 - - [11/Aug/2021:10:10:43 +0800] "POST /xingrg/all/common/load_tree.html?tree=area_station_tree_json&manage=1 HTTP/1.1" 200 3364
172.20.0.100 - - [11/Aug/2021:10:10:43 +0800] "GET /xingrg/javascript/jquery_easy_ui/themes/default/images/combo_arrow_dot.gif HTTP/1.1" 200 79
172.20.0.100 - - [11/Aug/2021:10:10:43 +0800] "GET /xingrg/javascript/jquery_easy_ui/themes/default/images/tree_checkbox_0.gif HTTP/1.1" 200 168
172.20.0.100 - - [11/Aug/2021:10:10:43 +0800] "GET /xingrg/javascript/jquery_easy_ui/themes/icons/rest.png HTTP/1.1" 200 695
172.20.0.100 - - [11/Aug/2021:10:10:43 +0800] "POST /xingrg/dwr/call/plaincall/AjaxReportQueryService.getInitString.dwr HTTP/1.1" 200 76
172.20.0.100 - - [11/Aug/2021:10:10:43 +0800] "GET /xingrg/javascript/multi_select/dropdown.gif HTTP/1.1" 200 61
172.20.0.100 - - [11/Aug/2021:10:10:44 +0800] "GET /xingrg/javascript/jquery_easy_ui/themes/icons/area.png HTTP/1.1" 200 262
172.20.0.100 - - [11/Aug/2021:10:10:44 +0800] "GET /xingrg/javascript/jquery_easy_ui/themes/icons/manage.png HTTP/1.1" 200 696
172.20.0.100 - - [11/Aug/2021:10:10:45 +0800] "POST /xingrg/dwr/call/plaincall/AjaxReportQueryService.getFixDate.dwr HTTP/1.1" 200 111
222.70.246.151 - - [11/Aug/2021:10:10:47 +0800] "GET /xingrg/all/function/internal_message.html?_=1628647846548&CODE_STATE=getMsg HTTP/1.1" 200 27
222.70.246.151 - - [11/Aug/2021:10:10:47 +0800] "GET /xingrg/check_reg.html?_=1628647846548 HTTP/1.1" 200 22
172.20.0.100 - - [11/Aug/2021:10:10:48 +0800] "GET /xingrg/javascript/jquery_easy_ui/themes/default/images/tree_checkbox_1.gif HTTP/1.1" 200 174
172.20.0.100 - - [11/Aug/2021:10:10:48 +0800] "GET /xingrg/javascript/jquery_easy_ui/themes/default/images/tree_checkbox_2.gif HTTP/1.1" 200 181
172.20.0.100 - - [11/Aug/2021:10:10:48 +0800] "POST /xingrg/dwr/call/plaincall/AjaxReportQueryService.queryInitializeString.dwr HTTP/1.1" 200 315
172.20.0.100 - - [11/Aug/2021:10:10:49 +0800] "POST /xingrg/dwr/call/plaincall/AjaxReportQueryService.refreshCache.dwr HTTP/1.1" 200 78
172.20.0.100 - - [11/Aug/2021:10:10:50 +0800] "POST /xingrg/all/report/load_report_page.html HTTP/1.1" 200 208503
172.20.0.100 - - [11/Aug/2021:10:10:50 +0800] "GET /xingrg/images/blue/button/back2.gif HTTP/1.1" 200 1339
172.20.0.100 - - [11/Aug/2021:10:10:50 +0800] "GET /xingrg/images/blue/button/back.gif HTTP/1.1" 200 1352
172.20.0.100 - - [11/Aug/2021:10:10:50 +0800] "GET /xingrg/servlets/image?cache=0.43189923739934877&image=px HTTP/1.1" 200 807
222.70.246.151 - - [11/Aug/2021:10:10:51 +0800] "GET /xingrg/all/function/internal_message.html?_=1628647858620&CODE_STATE=getMsg HTTP/1.1" 200 27
172.20.0.100 - - [11/Aug/2021:10:10:54 +0800] "POST /xingrg/all/report/load_report_page.html HTTP/1.1" 200 54361
172.20.0.100 - - [11/Aug/2021:10:10:54 +0800] "GET /xingrg/images/blue/button/advance.gif HTTP/1.1" 200 1354
172.20.0.100 - - [11/Aug/2021:10:10:54 +0800] "GET /xingrg/images/blue/button/advance2.gif HTTP/1.1" 200 1338
172.20.0.100 - - [11/Aug/2021:10:10:54 +0800] "GET /xingrg/servlets/image?cache=0.9384220973707524&image=px HTTP/1.1" 200 807
61.151.178.236 - - [11/Aug/2021:10:10:58 +0800] "GET /xingrg/kc/buy/cgsh_order_info.html?code=212021081104762 HTTP/1.1" 302 -
61.151.178.236 - - [11/Aug/2021:10:10:59 +0800] "GET /xingrg/login.html HTTP/1.1" 200 7641
116.235.222.38 - - [11/Aug/2021:10:11:01 +0800] "GET /xingrg/check_reg.html?_=1628647856373 HTTP/1.1" 200 22
116.235.222.38 - - [11/Aug/2021:10:11:01 +0800] "GET /xingrg/all/function/internal_message.html?_=1628647856398&CODE_STATE=getMsg HTTP/1.1" 200 27
114.88.154.248 - - [11/Aug/2021:10:11:02 +0800] "GET /xingrg/all/function/internal_message.html?_=1628647768640&CODE_STATE=getMsg HTTP/1.1" 200 27
116.238.194.18 - - [11/Aug/2021:10:11:02 +0800] "GET /xingrg/all/function/internal_message.html?_=1628647858983&CODE_STATE=getMsg HTTP/1.1" 200 27
58.37.4.159 - - [11/Aug/2021:10:11:03 +0800] "GET /xingrg/all/function/internal_message.html?_=1628647861496&CODE_STATE=getMsg HTTP/1.1" 200 27
61.151.178.166 - - [11/Aug/2021:10:11:06 +0800] "GET /xingrg/check_reg.html?_=1628647801335 HTTP/1.1" 302 -
180.97.118.221 - - [11/Aug/2021:10:11:07 +0800] "GET /xingrg/kc/print/load_data.html?order_code=212021081104762&kc_code=cgsh HTTP/1.1" 302 -
172.20.0.100 - - [11/Aug/2021:10:11:07 +0800] "GET /xingrg/all/function/internal_message.html?_=1628647863391&CODE_STATE=getMsg HTTP/1.1" 200 27
180.97.118.221 - - [11/Aug/2021:10:11:07 +0800] "GET /xingrg/login.html HTTP/1.1" 200 7641
61.151.178.166 - - [11/Aug/2021:10:11:10 +0800] "GET /xingrg/login.html HTTP/1.1" 200 7641
222.70.178.182 - - [11/Aug/2021:10:11:11 +0800] "GET /xingrg/all/function/internal_message.html?_=1628647866883&CODE_STATE=getMsg HTTP/1.1" 200 27
116.230.105.26 - - [11/Aug/2021:10:11:15 +0800] "GET /xingrg/all/function/internal_message.html?_=1628647869403&CODE_STATE=getMsg HTTP/1.1" 200 27
116.238.194.18 - - [11/Aug/2021:10:11:18 +0800] "GET /xingrg/all/function/internal_message.html?_=1628647824497&CODE_STATE=getMsg HTTP/1.1" 200 27
101.83.145.79 - - [11/Aug/2021:10:11:19 +0800] "GET /xingrg/index.html?sysBaseUrl=http%3A%2F%2F180.169.147.146%3A18081%2Fxingrg%2F&costTime=36×tamp=1585223203754 HTTP/1.1" 302 -
101.83.145.79 - - [11/Aug/2021:10:11:19 +0800] "GET /xingrg/login.html HTTP/1.1" 200 7641
101.83.145.79 - - [11/Aug/2021:10:11:19 +0800] "GET /favicon.ico HTTP/1.1" 404 -
180.174.198.13 - - [11/Aug/2021:10:11:20 +0800] "GET /xingrg/all/function/internal_message.html?_=1628647856711&CODE_STATE=getMsg HTTP/1.1" 200 27
101.83.145.79 - - [11/Aug/2021:10:11:20 +0800] "GET /xingrg/all/function/internal_message.html?_=1628647836553&CODE_STATE=getMsg HTTP/1.1" 200 27
114.88.154.248 - - [11/Aug/2021:10:11:22 +0800] "POST /xingrg/services/DataTransmitService HTTP/1.1" 200 524
114.84.82.184 - - [11/Aug/2021:10:11:23 +0800] "GET /xingrg/all/function/internal_message.html?_=1628647880911&CODE_STATE=getMsg HTTP/1.1" 200 27
114.88.154.248 - - [11/Aug/2021:10:11:23 +0800] "POST /xingrg/services/DataTransmitService HTTP/1.1" 200 501
58.40.7.146 - - [11/Aug/2021:10:11:25 +0800] "GET /xingrg/all/function/internal_message.html?_=1628647883467&CODE_STATE=getMsg HTTP/1.1" 200 27
114.88.154.248 - - [11/Aug/2021:10:11:36 +0800] "GET /xingrg/check_reg.html?_=1628647803137 HTTP/1.1" 200 22
180.169.147.146 - - [11/Aug/2021:10:11:38 +0800] "GET /xingrg/all/function/internal_message.html?_=1628647908128&CODE_STATE=getMsg HTTP/1.1" 200 27
101.83.145.79 - - [11/Aug/2021:10:11:42 +0800] "POST /xingrg/login.do HTTP/1.1" 302 -
101.83.145.79 - - [11/Aug/2021:10:11:42 +0800] "GET /xingrg/index.html?sysBaseUrl=http%3A%2F%2F180.169.147.146%3A18081%2Fxingrg%2F&costTime=115×tamp=1628647902157 HTTP/1.1" 200 17503
101.83.145.79 - - [11/Aug/2021:10:11:42 +0800] "GET /favicon.ico HTTP/1.1" 404 -
101.83.145.79 - - [11/Aug/2021:10:11:42 +0800] "POST /xingrg/all/common/load_tree.html?tree=area_rest_tree_json&manage=1 HTTP/1.1" 200 3216
101.83.145.79 - - [11/Aug/2021:10:11:42 +0800] "GET /xingrg/javascript/jquery_easy_ui/themes/default/images/panel_tool_expand.gif HTTP/1.1" 304 -
101.83.145.79 - - [11/Aug/2021:10:11:42 +0800] "GET /xingrg/check_reg.html?_=1628647902152 HTTP/1.1" 200 22
101.83.145.79 - - [11/Aug/2021:10:11:42 +0800] "GET /xingrg/all/function/internal_message.html?_=1628647902152&CODE_STATE=count HTTP/1.1" 200 11
101.83.145.79 - - [11/Aug/2021:10:11:42 +0800] "POST /xingrg/load_menu.html HTTP/1.1" 200 11564
101.83.145.79 - - [11/Aug/2021:10:11:42 +0800] "GET /xingrg/javascript/jquery_easy_ui/themes/icons/delivery_new.png HTTP/1.1" 304 -
101.83.145.79 - - [11/Aug/2021:10:11:42 +0800] "GET /xingrg/javascript/jquery_easy_ui/themes/icons/systemset_new.png HTTP/1.1" 304 -
101.83.145.79 - - [11/Aug/2021:10:11:42 +0800] "GET /xingrg/javascript/jquery_easy_ui/themes/icons/setting_new.png HTTP/1.1" 304 -
101.83.145.79 - - [11/Aug/2021:10:11:42 +0800] "GET /xingrg/javascript/jquery_easy_ui/themes/icons/checkout_new.png HTTP/1.1" 304 -
101.83.145.79 - - [11/Aug/2021:10:11:44 +0800] "GET /xingrg/kc/buy/cgsh_order_list.html HTTP/1.1" 200 47660
101.83.145.79 - - [11/Aug/2021:10:11:45 +0800] "GET /xingrg/javascript/easyui/themes/icons/uncheck_new.png HTTP/1.1" 304 -
101.83.145.79 - - [11/Aug/2021:10:11:46 +0800] "POST /xingrg/kc/buy/cgsh_list_operate.html HTTP/1.1" 200 876
222.70.246.151 - - [11/Aug/2021:10:11:47 +0800] "GET /xingrg/all/function/internal_message.html?_=1628647906547&CODE_STATE=getMsg HTTP/1.1" 200 27
101.83.145.79 - - [11/Aug/2021:10:11:49 +0800] "GET /xingrg/javascript/jquery_tools/images/prev.gif HTTP/1.1" 404 1086
101.83.145.79 - - [11/Aug/2021:10:11:49 +0800] "GET /xingrg/javascript/jquery_tools/images/next.gif HTTP/1.1" 404 1086
222.70.246.151 - - [11/Aug/2021:10:11:51 +0800] "GET /xingrg/all/function/internal_message.html?_=1628647918638&CODE_STATE=getMsg HTTP/1.1" 200 27
101.83.145.79 - - [11/Aug/2021:10:11:56 +0800] "GET /xingrg/javascript/auto/indicator.gif HTTP/1.1" 404 1066
101.83.145.79 - - [11/Aug/2021:10:11:59 +0800] "GET /xingrg/javascript/easyui/plugins/jquery.draggable.js HTTP/1.1" 304 -
101.83.145.79 - - [11/Aug/2021:10:11:59 +0800] "GET /xingrg/javascript/easyui/plugins/jquery.droppable.js HTTP/1.1" 304 -
101.83.145.79 - - [11/Aug/2021:10:11:59 +0800] "GET /xingrg/css/images/panel_loading.gif HTTP/1.1" 304 -
101.83.145.79 - - [11/Aug/2021:10:11:59 +0800] "GET /xingrg/javascript/easyui/themes/default/tree.css HTTP/1.1" 404 1090
101.83.145.79 - - [11/Aug/2021:10:11:59 +0800] "GET /xingrg/javascript/easyui/plugins/jquery.tree.js HTTP/1.1" 304 -
101.83.145.79 - - [11/Aug/2021:10:11:59 +0800] "POST /xingrg/all/common/load_tree.html?tree=area_rest_tree_json&manage=1 HTTP/1.1" 200 3216
101.83.145.79 - - [11/Aug/2021:10:11:59 +0800] "GET /xingrg/javascript/easyui/themes/default/images/tree_folder_open.gif HTTP/1.1" 304 -
101.83.145.79 - - [11/Aug/2021:10:11:59 +0800] "GET /xingrg/javascript/easyui/themes/default/images/tree_checkbox_0.gif HTTP/1.1" 304 -
101.83.145.79 - - [11/Aug/2021:10:11:59 +0800] "GET /xingrg/javascript/easyui/themes/default/images/tree_arrows.gif HTTP/1.1" 304 -
101.83.145.79 - - [11/Aug/2021:10:11:59 +0800] "GET /xingrg/javascript/easyui/themes/icons/manage.png HTTP/1.1" 304 -
101.83.145.79 - - [11/Aug/2021:10:11:59 +0800] "GET /xingrg/javascript/easyui/themes/icons/area.png HTTP/1.1" 304 -
101.83.145.79 - - [11/Aug/2021:10:11:59 +0800] "GET /xingrg/javascript/easyui/themes/icons/rest.png HTTP/1.1" 304 -
116.235.222.38 - - [11/Aug/2021:10:12:01 +0800] "GET /xingrg/all/function/internal_message.html?_=1628647916381&CODE_STATE=getMsg HTTP/1.1" 200 27
101.83.145.79 - - [11/Aug/2021:10:12:01 +0800] "GET /xingrg/javascript/easyui/themes/default/images/tree_checkbox_2.gif HTTP/1.1" 304 -
101.83.145.79 - - [11/Aug/2021:10:12:01 +0800] "GET /xingrg/javascript/easyui/themes/default/images/tree_checkbox_1.gif HTTP/1.1" 304 -
114.88.154.248 - - [11/Aug/2021:10:12:02 +0800] "GET /xingrg/all/function/internal_message.html?_=1628647828622&CODE_STATE=getMsg HTTP/1.1" 200 27
116.238.194.18 - - [11/Aug/2021:10:12:02 +0800] "GET /xingrg/check_reg.html?_=1628647918983 HTTP/1.1" 200 22
116.238.194.18 - - [11/Aug/2021:10:12:02 +0800] "GET /xingrg/all/function/internal_message.html?_=1628647918987&CODE_STATE=getMsg HTTP/1.1" 200 27
58.37.4.159 - - [11/Aug/2021:10:12:03 +0800] "GET /xingrg/all/function/internal_message.html?_=1628647921467&CODE_STATE=getMsg HTTP/1.1" 200 27
58.37.4.159 - - [11/Aug/2021:10:12:04 +0800] "GET /xingrg/kc/buy/cgsh_order_add.html HTTP/1.1" 200 63149
58.37.4.159 - - [11/Aug/2021:10:12:04 +0800] "GET /xingrg/javascript/easyui/themes/default/validatebox.css HTTP/1.1" 404 1104
58.37.4.159 - - [11/Aug/2021:10:12:04 +0800] "POST /xingrg/kc/buy/cgsh_order_operate.html HTTP/1.1" 200 8245
101.83.145.79 - - [11/Aug/2021:10:12:06 +0800] "POST /xingrg/kc/buy/cgsh_list_operate.html HTTP/1.1" 200 2112
58.37.4.159 - - [11/Aug/2021:10:12:07 +0800] "GET /xingrg/javascript/easyui/themes/default/tree.css HTTP/1.1" 404 1090
58.37.4.159 - - [11/Aug/2021:10:12:07 +0800] "POST /xingrg/all/common/load_tree.html?tree=supplier_tree_json&isDelete=1 HTTP/1.1" 200 57192
172.20.0.100 - - [11/Aug/2021:10:12:07 +0800] "GET /xingrg/all/function/internal_message.html?_=1628647923377&CODE_STATE=getMsg HTTP/1.1" 200 27
101.83.145.79 - - [11/Aug/2021:10:12:09 +0800] "POST /xingrg/kc/buy/cgsh_list_operate.html HTTP/1.1" 200 426
101.83.145.79 - - [11/Aug/2021:10:12:10 +0800] "GET /xingrg/kc/buy/cgsh_order_info.html?code=212021080903888 HTTP/1.1" 200 58360
101.83.145.79 - - [11/Aug/2021:10:12:11 +0800] "GET /xingrg/javascript/easyui/themes/default/validatebox.css HTTP/1.1" 404 1104
222.70.178.182 - - [11/Aug/2021:10:12:11 +0800] "GET /xingrg/all/function/internal_message.html?_=1628647926868&CODE_STATE=getMsg HTTP/1.1" 200 27
222.70.178.182 - - [11/Aug/2021:10:12:11 +0800] "GET /xingrg/check_reg.html?_=1628647927089 HTTP/1.1" 200 22
101.83.145.79 - - [11/Aug/2021:10:12:12 +0800] "POST /xingrg/kc/buy/cgsh_order_operate.html HTTP/1.1" 200 2402
116.230.105.26 - - [11/Aug/2021:10:12:15 +0800] "GET /xingrg/all/function/internal_message.html?_=1628647929392&CODE_STATE=getMsg HTTP/1.1" 200 27
101.83.145.79 - - [11/Aug/2021:10:12:16 +0800] "POST /xingrg/kc/buy/cgsh_order_operate.html HTTP/1.1" 200 12
101.83.145.79 - - [11/Aug/2021:10:12:17 +0800] "GET /xingrg/kc/buy/cgsh_order_info.html?code=212021080903888 HTTP/1.1" 200 63203
101.83.145.79 - - [11/Aug/2021:10:12:17 +0800] "GET /xingrg/all/common/auto_word.html?type=employee&rest_code=00105 HTTP/1.1" 200 193
101.83.145.79 - - [11/Aug/2021:10:12:17 +0800] "GET /xingrg/all/common/auto_word.html?type=employee&rest_code=00105 HTTP/1.1" 200 193
101.83.145.79 - - [11/Aug/2021:10:12:17 +0800] "GET /xingrg/javascript/easyui/themes/default/validatebox.css HTTP/1.1" 404 1104
116.238.194.18 - - [11/Aug/2021:10:12:18 +0800] "GET /xingrg/all/function/internal_message.html?_=1628647884510&CODE_STATE=getMsg HTTP/1.1" 200 27
101.83.145.79 - - [11/Aug/2021:10:12:19 +0800] "POST /xingrg/kc/buy/cgsh_order_operate.html HTTP/1.1" 200 4452
180.174.198.13 - - [11/Aug/2021:10:12:20 +0800] "GET /xingrg/all/function/internal_message.html?_=1628647916726&CODE_STATE=getMsg HTTP/1.1" 200 27
101.83.145.79 - - [11/Aug/2021:10:12:20 +0800] "GET /xingrg/all/function/internal_message.html?_=1628647896554&CODE_STATE=getMsg HTTP/1.1" 200 27
101.83.145.79 - - [11/Aug/2021:10:12:22 +0800] "GET /xingrg/index.html?sysBaseUrl=http%3A%2F%2F180.169.147.146%3A18081%2Fxingrg%2F&costTime=36×tamp=1585223203754 HTTP/1.1" 302 -
101.83.145.79 - - [11/Aug/2021:10:12:22 +0800] "GET /xingrg/login.html HTTP/1.1" 200 7641
101.83.145.79 - - [11/Aug/2021:10:12:22 +0800] "GET /favicon.ico HTTP/1.1" 404 -
114.84.82.184 - - [11/Aug/2021:10:12:23 +0800] "GET /xingrg/all/function/internal_message.html?_=1628647940911&CODE_STATE=getMsg HTTP/1.1" 200 27
101.83.145.79 - - [11/Aug/2021:10:12:24 +0800] "POST /xingrg/login.do HTTP/1.1" 200 2421
101.83.145.79 - - [11/Aug/2021:10:12:24 +0800] "GET /favicon.ico HTTP/1.1" 404 -
101.83.145.79 - - [11/Aug/2021:10:12:24 +0800] "GET /xingrg/login.html HTTP/1.1" 200 7641
101.83.145.79 - - [11/Aug/2021:10:12:24 +0800] "GET /favicon.ico HTTP/1.1" 404 -
58.40.7.146 - - [11/Aug/2021:10:12:25 +0800] "GET /xingrg/all/function/internal_message.html?_=1628647943469&CODE_STATE=getMsg HTTP/1.1" 200 27
58.221.95.50 - - [11/Aug/2021:10:12:25 +0800] "GET /xingrg/kc/buy/cgsh_order_info.html?code=212021081104755 HTTP/1.1" 200 57009
101.83.145.79 - - [11/Aug/2021:10:12:25 +0800] "POST /xingrg/login.do HTTP/1.1" 302 -
101.83.145.79 - - [11/Aug/2021:10:12:25 +0800] "GET /xingrg/index.html?sysBaseUrl=http%3A%2F%2F180.169.147.146%3A18081%2Fxingrg%2F&costTime=112×tamp=1628647945708 HTTP/1.1" 200 17173
101.83.145.79 - - [11/Aug/2021:10:12:25 +0800] "GET /favicon.ico HTTP/1.1" 404 -
101.83.145.79 - - [11/Aug/2021:10:12:25 +0800] "POST /xingrg/all/common/load_tree.html?tree=area_rest_tree_json&manage=1 HTTP/1.1" 200 3472
101.83.145.79 - - [11/Aug/2021:10:12:25 +0800] "GET /xingrg/all/function/internal_message.html?_=1628647945742&CODE_STATE=count HTTP/1.1" 200 11
101.83.145.79 - - [11/Aug/2021:10:12:25 +0800] "GET /xingrg/check_reg.html?_=1628647945743 HTTP/1.1" 200 22
58.221.95.50 - - [11/Aug/2021:10:12:25 +0800] "GET /xingrg/javascript/easyui/themes/default/validatebox.css HTTP/1.1" 404 1104
101.83.145.79 - - [11/Aug/2021:10:12:26 +0800] "POST /xingrg/load_menu.html HTTP/1.1" 200 5138
58.221.95.50 - - [11/Aug/2021:10:12:26 +0800] "POST /xingrg/kc/buy/cgsh_order_operate.html HTTP/1.1" 200 614
58.221.95.50 - - [11/Aug/2021:10:12:28 +0800] "GET /xingrg/kc/buy/cgsh_order_add.html HTTP/1.1" 200 62117
58.221.95.50 - - [11/Aug/2021:10:12:28 +0800] "GET /xingrg/javascript/easyui/themes/default/validatebox.css HTTP/1.1" 404 1104
58.221.95.50 - - [11/Aug/2021:10:12:28 +0800] "POST /xingrg/kc/buy/cgsh_order_operate.html HTTP/1.1" 200 8245
101.83.145.79 - - [11/Aug/2021:10:12:29 +0800] "GET /xingrg/kc/buy/cgsh_order_list.html HTTP/1.1" 200 47405
101.83.145.79 - - [11/Aug/2021:10:12:32 +0800] "POST /xingrg/kc/buy/cgsh_list_operate.html HTTP/1.1" 200 4955
101.83.145.79 - - [11/Aug/2021:10:12:36 +0800] "POST /xingrg/kc/buy/cgsh_list_operate.html HTTP/1.1" 200 426
101.83.145.79 - - [11/Aug/2021:10:12:37 +0800] "GET /xingrg/kc/buy/cgsh_order_info.html?code=212021080903888 HTTP/1.1" 200 63203
101.83.145.79 - - [11/Aug/2021:10:12:37 +0800] "GET /xingrg/javascript/easyui/themes/default/validatebox.css HTTP/1.1" 404 1104
101.83.145.79 - - [11/Aug/2021:10:12:37 +0800] "GET /xingrg/all/common/auto_word.html?type=employee&rest_code=00105 HTTP/1.1" 200 193
101.83.145.79 - - [11/Aug/2021:10:12:37 +0800] "GET /xingrg/all/common/auto_word.html?type=employee&rest_code=00105 HTTP/1.1" 200 193
101.83.145.79 - - [11/Aug/2021:10:12:38 +0800] "POST /xingrg/kc/buy/cgsh_order_operate.html HTTP/1.1" 200 4452
180.169.147.146 - - [11/Aug/2021:10:12:38 +0800] "GET /xingrg/all/function/internal_message.html?_=1628647968130&CODE_STATE=getMsg HTTP/1.1" 200 27
180.169.147.146 - - [11/Aug/2021:10:12:38 +0800] "GET /xingrg/check_reg.html?_=1628647968160 HTTP/1.1" 200 22
58.221.95.50 - - [11/Aug/2021:10:12:44 +0800] "GET /xingrg/kc/buy/cgsh_order_operate.html?command=get_materiel&rest_code=00152&code=00101036004&supplier_code=00100151&order_time=2021-08-04 HTTP/1.1" 200 403
222.70.246.151 - - [11/Aug/2021:10:12:47 +0800] "GET /xingrg/all/function/internal_message.html?_=1628647966546&CODE_STATE=getMsg HTTP/1.1" 200 27
101.83.145.79 - - [11/Aug/2021:10:12:51 +0800] "POST /xingrg/kc/buy/cgsh_order_operate.html HTTP/1.1" 200 37
222.70.246.151 - - [11/Aug/2021:10:12:51 +0800] "GET /xingrg/all/function/internal_message.html?_=1628647978647&CODE_STATE=getMsg HTTP/1.1" 200 27
101.83.145.79 - - [11/Aug/2021:10:12:52 +0800] "POST /xingrg/kc/buy/cgsh_order_operate.html HTTP/1.1" 200 4452
180.169.147.146 - - [11/Aug/2021:10:12:58 +0800] "GET /xingrg/check_reg.html?_=1628647975162 HTTP/1.1" 200 22
116.235.222.38 - - [11/Aug/2021:10:13:01 +0800] "GET /xingrg/all/function/internal_message.html?_=1628647976372&CODE_STATE=getMsg HTTP/1.1" 200 27
114.88.154.248 - - [11/Aug/2021:10:13:02 +0800] "GET /xingrg/all/function/internal_message.html?_=1628647888604&CODE_STATE=getMsg HTTP/1.1" 200 27
116.238.194.18 - - [11/Aug/2021:10:13:02 +0800] "GET /xingrg/all/function/internal_message.html?_=1628647978987&CODE_STATE=getMsg HTTP/1.1" 200 27
180.174.198.13 - - [11/Aug/2021:10:13:02 +0800] "GET /xingrg/javascript/jquery_easy_ui/themes/default/images/tabs_close.gif HTTP/1.1" 304 -
180.174.198.13 - - [11/Aug/2021:10:13:02 +0800] "GET /xingrg/css/base.css HTTP/1.1" 304 -
180.174.198.13 - - [11/Aug/2021:10:13:02 +0800] "GET /xingrg/css/site.css HTTP/1.1" 304 -
180.174.198.13 - - [11/Aug/2021:10:13:02 +0800] "GET /xingrg/javascript/jquery_tools/datebox.css HTTP/1.1" 304 -
180.174.198.13 - - [11/Aug/2021:10:13:02 +0800] "GET /xingrg/javascript/jquery_tools/jquery.tools.extend.js HTTP/1.1" 304 -
180.174.198.13 - - [11/Aug/2021:10:13:02 +0800] "GET /xingrg/javascript/easyui/themes/default/easyui.css HTTP/1.1" 304 -
180.174.198.13 - - [11/Aug/2021:10:13:02 +0800] "GET /xingrg/javascript/easyui/themes/icon.css HTTP/1.1" 304 -
180.174.198.13 - - [11/Aug/2021:10:13:02 +0800] "GET /xingrg/javascript/jquery_tools/fix.css HTTP/1.1" 304 -
180.174.198.13 - - [11/Aug/2021:10:13:02 +0800] "GET /xingrg/kc/buy/cgsh_order_list.html HTTP/1.1" 200 47405
180.174.198.13 - - [11/Aug/2021:10:13:02 +0800] "GET /xingrg/javascript/auto/jquery.autocomplete.css HTTP/1.1" 304 -
180.174.198.13 - - [11/Aug/2021:10:13:02 +0800] "GET /xingrg/javascript/jquery_tools/table.css HTTP/1.1" 304 -
180.174.198.13 - - [11/Aug/2021:10:13:02 +0800] "GET /xingrg/javascript/jquery_tools/jquery.tools.min.js HTTP/1.1" 304 -
180.174.198.13 - - [11/Aug/2021:10:13:02 +0800] "GET /xingrg/javascript/jquery_tools/jquery.tools.table.js HTTP/1.1" 304 -
180.174.198.13 - - [11/Aug/2021:10:13:02 +0800] "GET /xingrg/javascript/jquery_tools/jquery.tools.hotkey.js HTTP/1.1" 304 -
180.174.198.13 - - [11/Aug/2021:10:13:02 +0800] "GET /xingrg/javascript/jquery_tools/list_manager.js HTTP/1.1" 304 -
180.174.198.13 - - [11/Aug/2021:10:13:02 +0800] "GET /xingrg/javascript/auto/jquery.autocomplete.js HTTP/1.1" 304 -
180.174.198.13 - - [11/Aug/2021:10:13:02 +0800] "GET /xingrg/javascript/easyui/easyloader.js HTTP/1.1" 304 -
180.174.198.13 - - [11/Aug/2021:10:13:02 +0800] "GET /xingrg/javascript/jquery.cookie.js HTTP/1.1" 304 -
180.174.198.13 - - [11/Aug/2021:10:13:02 +0800] "GET /xingrg/javascript/print/LodopFuncs.js HTTP/1.1" 304 -
58.37.4.159 - - [11/Aug/2021:10:13:03 +0800] "GET /xingrg/all/function/internal_message.html?_=1628647981458&CODE_STATE=getMsg HTTP/1.1" 200 27
180.174.198.13 - - [11/Aug/2021:10:13:04 +0800] "GET /xingrg/javascript/easyui/themes/icons/edit_add_new.png HTTP/1.1" 304 -
180.174.198.13 - - [11/Aug/2021:10:13:04 +0800] "GET /xingrg/javascript/easyui/themes/icons/cance_new.png HTTP/1.1" 304 -
180.174.198.13 - - [11/Aug/2021:10:13:04 +0800] "GET /xingrg/javascript/easyui/themes/icons/check_new.png HTTP/1.1" 304 -
180.174.198.13 - - [11/Aug/2021:10:13:04 +0800] "GET /xingrg/javascript/easyui/themes/icons/field_new.png HTTP/1.1" 304 -
180.174.198.13 - - [11/Aug/2021:10:13:04 +0800] "GET /xingrg/javascript/easyui/themes/icons/import_new.png HTTP/1.1" 304 -
180.174.198.13 - - [11/Aug/2021:10:13:04 +0800] "GET /xingrg/javascript/easyui/plugins/jquery.parser.js HTTP/1.1" 304 -
180.174.198.13 - - [11/Aug/2021:10:13:04 +0800] "GET /xingrg/images/control/ajaxLoader.gif HTTP/1.1" 304 -
58.221.95.50 - - [11/Aug/2021:10:13:05 +0800] "POST /xingrg/kc/buy/cgsh_order_operate.html HTTP/1.1" 200 37
180.174.198.13 - - [11/Aug/2021:10:13:06 +0800] "POST /xingrg/kc/buy/cgsh_list_operate.html HTTP/1.1" 200 1672
180.174.198.13 - - [11/Aug/2021:10:13:07 +0800] "GET /xingrg/javascript/easyui/themes/default/images/button_plain_hover.png HTTP/1.1" 304 -
172.20.0.100 - - [11/Aug/2021:10:13:07 +0800] "GET /xingrg/all/function/internal_message.html?_=1628647983380&CODE_STATE=getMsg HTTP/1.1" 200 27
172.20.0.100 - - [11/Aug/2021:10:13:07 +0800] "GET /xingrg/check_reg.html?_=1628647983382 HTTP/1.1" 200 22
58.221.95.50 - - [11/Aug/2021:10:13:08 +0800] "POST /xingrg/kc/buy/cgsh_order_operate.html HTTP/1.1" 200 2667
61.129.6.251 - - [11/Aug/2021:10:13:11 +0800] "GET /xingrg/all/function/internal_message.html?_=1628647921467&CODE_STATE=getMsg HTTP/1.1" 302 -
222.70.178.182 - - [11/Aug/2021:10:13:11 +0800] "GET /xingrg/all/function/internal_message.html?_=1628647986839&CODE_STATE=getMsg HTTP/1.1" 200 27
58.221.95.50 - - [11/Aug/2021:10:13:11 +0800] "GET /xingrg/kc/print/load_data.html?order_code=212021081104763&kc_code=cgsh&condition= HTTP/1.1" 200 669
116.235.222.38 - - [11/Aug/2021:10:13:11 +0800] "GET /xingrg/kc/buy/cgsh_order_add.html HTTP/1.1" 200 63231
180.169.147.146 - - [11/Aug/2021:10:13:11 +0800] "GET /xingrg/login.html HTTP/1.1" 200 7641
61.129.6.251 - - [11/Aug/2021:10:13:12 +0800] "GET /xingrg/login.html HTTP/1.1" 200 7641
180.169.147.146 - - [11/Aug/2021:10:13:12 +0800] "GET /xingrg/images/blue/jxLogo.png HTTP/1.1" 200 6156
180.174.198.13 - - [11/Aug/2021:10:13:12 +0800] "POST /xingrg/kc/buy/cgsh_list_operate.html HTTP/1.1" 200 201
116.235.222.38 - - [11/Aug/2021:10:13:13 +0800] "POST /xingrg/kc/buy/cgsh_order_operate.html HTTP/1.1" 200 8245
116.235.222.38 - - [11/Aug/2021:10:13:13 +0800] "GET /xingrg/javascript/easyui/themes/default/validatebox.css HTTP/1.1" 404 1104
180.169.147.146 - - [11/Aug/2021:10:13:13 +0800] "GET /xingrg/images/blue/hj.png HTTP/1.1" 200 1014
180.169.147.146 - - [11/Aug/2021:10:13:13 +0800] "GET /xingrg/images/blue/login_bg.png HTTP/1.1" 200 22101
180.169.147.146 - - [11/Aug/2021:10:13:13 +0800] "GET /xingrg/images/blue/srbg.png HTTP/1.1" 200 138
180.169.147.146 - - [11/Aug/2021:10:13:13 +0800] "GET /favicon.ico HTTP/1.1" 404 -
101.83.145.79 - - [11/Aug/2021:10:13:14 +0800] "POST /xingrg/kc/buy/cgsh_order_operate.html HTTP/1.1" 200 37
180.174.198.13 - - [11/Aug/2021:10:13:14 +0800] "GET /xingrg/javascript/pic_change.js HTTP/1.1" 304 -
180.174.198.13 - - [11/Aug/2021:10:13:14 +0800] "GET /xingrg/javascript/jquery_tools/order_manager.js HTTP/1.1" 304 -
180.174.198.13 - - [11/Aug/2021:10:13:14 +0800] "GET /xingrg/javascript/convert.js HTTP/1.1" 304 -
180.174.198.13 - - [11/Aug/2021:10:13:15 +0800] "GET /xingrg/javascript/json2.js HTTP/1.1" 304 -
180.174.198.13 - - [11/Aug/2021:10:13:15 +0800] "GET /xingrg/javascript/print/kc_print.js HTTP/1.1" 304 -
180.174.198.13 - - [11/Aug/2021:10:13:15 +0800] "GET /xingrg/kc/buy/cgsh_order_add.html HTTP/1.1" 200 63102
180.169.147.146 - - [11/Aug/2021:10:13:15 +0800] "POST /xingrg/login.do HTTP/1.1" 302 -
180.169.147.146 - - [11/Aug/2021:10:13:15 +0800] "GET /xingrg/index.html?sysBaseUrl=http%3A%2F%2F180.169.147.146%3A18081%2Fxingrg%2F&costTime=44×tamp=1628647995080 HTTP/1.1" 200 17503
180.169.147.146 - - [11/Aug/2021:10:13:15 +0800] "GET /xingrg/javascript/jquery_easy_ui/themes/default/easyui.css HTTP/1.1" 200 26500
180.169.147.146 - - [11/Aug/2021:10:13:15 +0800] "GET /xingrg/javascript/jquery_easy_ui/themes/icon.css HTTP/1.1" 200 3949
180.169.147.146 - - [11/Aug/2021:10:13:15 +0800] "GET /xingrg/css/form.css HTTP/1.1" 200 893
180.169.147.146 - - [11/Aug/2021:10:13:15 +0800] "GET /xingrg/javascript/jquery-1.4.2.min.js HTTP/1.1" 200 72205
180.169.147.146 - - [11/Aug/2021:10:13:15 +0800] "GET /xingrg/javascript/jquery_easy_ui/jquery.easyui.min.js HTTP/1.1" 200 213662
180.169.147.146 - - [11/Aug/2021:10:13:15 +0800] "GET /xingrg/javascript/jquery_easy_ui/easyui-lang-zh_CN.js HTTP/1.1" 200 1900
180.169.147.146 - - [11/Aug/2021:10:13:15 +0800] "GET /xingrg/javascript/jquery.form.js HTTP/1.1" 200 23110
116.230.105.26 - - [11/Aug/2021:10:13:15 +0800] "GET /xingrg/all/function/internal_message.html?_=1628647989406&CODE_STATE=getMsg HTTP/1.1" 200 27
180.169.147.146 - - [11/Aug/2021:10:13:15 +0800] "GET /xingrg/javascript/jquery.utils.js HTTP/1.1" 200 11805
180.169.147.146 - - [11/Aug/2021:10:13:15 +0800] "GET /xingrg/javascript/jquery.timers.js HTTP/1.1" 200 3532
180.174.198.13 - - [11/Aug/2021:10:13:15 +0800] "GET /xingrg/words/20210809132128_words.js HTTP/1.1" 304 -
180.169.147.146 - - [11/Aug/2021:10:13:15 +0800] "POST /xingrg/all/common/load_tree.html?tree=area_rest_tree_json&manage=1 HTTP/1.1" 200 3472
180.169.147.146 - - [11/Aug/2021:10:13:15 +0800] "GET /xingrg/check_reg.html?_=1628647996767 HTTP/1.1" 200 22
180.169.147.146 - - [11/Aug/2021:10:13:15 +0800] "GET /xingrg/images/blue/pingpu.png HTTP/1.1" 200 231
180.169.147.146 - - [11/Aug/2021:10:13:15 +0800] "GET /xingrg/all/function/internal_message.html?_=1628647996759&CODE_STATE=count HTTP/1.1" 200 11
180.169.147.146 - - [11/Aug/2021:10:13:15 +0800] "GET /xingrg/javascript/jquery_easy_ui/themes/default/images/tabs_leftarrow.png HTTP/1.1" 200 389
180.169.147.146 - - [11/Aug/2021:10:13:15 +0800] "GET /xingrg/images/blue/navBackgound.jpg HTTP/1.1" 200 12378
180.169.147.146 - - [11/Aug/2021:10:13:15 +0800] "GET /xingrg/javascript/jquery_easy_ui/themes/icons/settle_new.png HTTP/1.1" 200 826
180.169.147.146 - - [11/Aug/2021:10:13:15 +0800] "GET /xingrg/javascript/jquery_easy_ui/themes/default/images/tabs_rightarrow.png HTTP/1.1" 200 395
180.169.147.146 - - [11/Aug/2021:10:13:15 +0800] "GET /xingrg/javascript/jquery_easy_ui/themes/default/images/panel_tool_collapse.gif HTTP/1.1" 200 246
180.169.147.146 - - [11/Aug/2021:10:13:15 +0800] "GET /xingrg/javascript/jquery_easy_ui/themes/default/images/panel_tool_expand.gif HTTP/1.1" 200 247
180.174.198.13 - - [11/Aug/2021:10:13:15 +0800] "GET /xingrg/javascript/easyui/themes/icons/copy_new.png HTTP/1.1" 304 -
180.174.198.13 - - [11/Aug/2021:10:13:15 +0800] "GET /xingrg/javascript/easyui/themes/icons/template_new.png HTTP/1.1" 304 -
180.174.198.13 - - [11/Aug/2021:10:13:15 +0800] "GET /xingrg/javascript/easyui/themes/icons/ok.png HTTP/1.1" 304 -
180.174.198.13 - - [11/Aug/2021:10:13:15 +0800] "GET /xingrg/javascript/easyui/themes/icons/print.png HTTP/1.1" 304 -
180.174.198.13 - - [11/Aug/2021:10:13:15 +0800] "GET /xingrg/javascript/easyui/themes/default/images/menu_downarrow.png HTTP/1.1" 304 -
180.174.198.13 - - [11/Aug/2021:10:13:15 +0800] "GET /xingrg/javascript/easyui/themes/icons/cancel.png HTTP/1.1" 304 -
180.169.147.146 - - [11/Aug/2021:10:13:15 +0800] "GET /favicon.ico HTTP/1.1" 404 -
180.169.147.146 - - [11/Aug/2021:10:13:15 +0800] "POST /xingrg/load_menu.html HTTP/1.1" 200 11443
180.174.198.13 - - [11/Aug/2021:10:13:15 +0800] "POST /xingrg/kc/buy/cgsh_order_operate.html HTTP/1.1" 200 8245
180.169.147.146 - - [11/Aug/2021:10:13:15 +0800] "GET /xingrg/javascript/jquery_easy_ui/themes/default/images/tree_arrows.gif HTTP/1.1" 200 1043
180.169.147.146 - - [11/Aug/2021:10:13:15 +0800] "GET /xingrg/javascript/jquery_easy_ui/themes/default/images/tree_folder_open.gif HTTP/1.1" 200 956
180.169.147.146 - - [11/Aug/2021:10:13:15 +0800] "GET /xingrg/javascript/jquery_easy_ui/themes/icons/area.png HTTP/1.1" 200 262
180.169.147.146 - - [11/Aug/2021:10:13:15 +0800] "GET /xingrg/javascript/jquery_easy_ui/themes/icons/manage.png HTTP/1.1" 200 696
180.169.147.146 - - [11/Aug/2021:10:13:15 +0800] "GET /xingrg/javascript/jquery_easy_ui/themes/icons/rest.png HTTP/1.1" 200 695
180.174.198.13 - - [11/Aug/2021:10:13:15 +0800] "GET /xingrg/javascript/easyui/themes/icons/edit_remove.png HTTP/1.1" 304 -
180.169.147.146 - - [11/Aug/2021:10:13:16 +0800] "GET /xingrg/javascript/jquery_easy_ui/themes/icons/search_new.png HTTP/1.1" 200 586
180.169.147.146 - - [11/Aug/2021:10:13:16 +0800] "GET /xingrg/javascript/jquery_easy_ui/themes/icons/delivery_new.png HTTP/1.1" 200 700
180.169.147.146 - - [11/Aug/2021:10:13:16 +0800] "GET /xingrg/javascript/jquery_easy_ui/themes/icons/storage_new.png HTTP/1.1" 200 853
180.169.147.146 - - [11/Aug/2021:10:13:16 +0800] "GET /xingrg/javascript/jquery_easy_ui/themes/icons/checkout_new.png HTTP/1.1" 200 744
180.169.147.146 - - [11/Aug/2021:10:13:16 +0800] "GET /xingrg/javascript/jquery_easy_ui/themes/icons/forms_new.png HTTP/1.1" 200 350
180.169.147.146 - - [11/Aug/2021:10:13:16 +0800] "GET /xingrg/javascript/jquery_easy_ui/themes/icons/setting_new.png HTTP/1.1" 200 450
180.174.198.13 - - [11/Aug/2021:10:13:16 +0800] "GET /xingrg/all/common/auto_word.html?type=employee&rest_code=00102 HTTP/1.1" 200 189
180.169.147.146 - - [11/Aug/2021:10:13:16 +0800] "GET /xingrg/javascript/jquery_easy_ui/themes/icons/systemset_new.png HTTP/1.1" 200 606
180.169.147.146 - - [11/Aug/2021:10:13:16 +0800] "GET /xingrg/javascript/jquery_easy_ui/themes/default/images/tree_file.gif HTTP/1.1" 200 118
180.169.147.146 - - [11/Aug/2021:10:13:16 +0800] "GET /xingrg/javascript/jquery_easy_ui/themes/default/images/tree_folder.gif HTTP/1.1" 200 952
180.174.198.13 - - [11/Aug/2021:10:13:16 +0800] "GET /xingrg/all/common/auto_word.html?type=employee&rest_code=00102 HTTP/1.1" 200 189
180.174.198.13 - - [11/Aug/2021:10:13:16 +0800] "GET /xingrg/javascript/easyui/themes/default/validatebox.css HTTP/1.1" 404 1104
180.174.198.13 - - [11/Aug/2021:10:13:16 +0800] "GET /xingrg/javascript/easyui/plugins/jquery.validatebox.js HTTP/1.1" 304 -
180.174.198.13 - - [11/Aug/2021:10:13:16 +0800] "GET /xingrg/javascript/easyui/plugins/jquery.numberbox.js HTTP/1.1" 304 -
101.83.145.79 - - [11/Aug/2021:10:13:16 +0800] "POST /xingrg/kc/buy/cgsh_order_operate.html HTTP/1.1" 200 4452
58.221.95.50 - - [11/Aug/2021:10:13:16 +0800] "GET /xingrg/all/function/internal_message.html?_=1628647994011&CODE_STATE=getMsg HTTP/1.1" 200 27
116.238.194.18 - - [11/Aug/2021:10:13:17 +0800] "GET /xingrg/check_reg.html?_=1628647943175 HTTP/1.1" 200 22
116.238.194.18 - - [11/Aug/2021:10:13:18 +0800] "GET /xingrg/all/function/internal_message.html?_=1628647944524&CODE_STATE=getMsg HTTP/1.1" 200 27
180.174.198.13 - - [11/Aug/2021:10:13:20 +0800] "GET /xingrg/all/function/internal_message.html?_=1628647976738&CODE_STATE=getMsg HTTP/1.1" 200 27
101.83.145.79 - - [11/Aug/2021:10:13:20 +0800] "GET /xingrg/check_reg.html?_=1628647956555 HTTP/1.1" 200 22
101.83.145.79 - - [11/Aug/2021:10:13:21 +0800] "GET /xingrg/all/function/internal_message.html?_=1628647956559&CODE_STATE=getMsg HTTP/1.1" 200 27
101.83.145.79 - - [11/Aug/2021:10:13:21 +0800] "POST /xingrg/kc/buy/cgsh_order_operate.html HTTP/1.1" 200 37
114.84.82.184 - - [11/Aug/2021:10:13:23 +0800] "GET /xingrg/all/function/internal_message.html?_=1628648000911&CODE_STATE=getMsg HTTP/1.1" 200 27
101.83.145.79 - - [11/Aug/2021:10:13:24 +0800] "POST /xingrg/kc/buy/cgsh_order_operate.html HTTP/1.1" 200 12
58.40.7.146 - - [11/Aug/2021:10:13:25 +0800] "GET /xingrg/all/function/internal_message.html?_=1628648003471&CODE_STATE=getMsg HTTP/1.1" 200 27
101.83.145.79 - - [11/Aug/2021:10:13:25 +0800] "GET /xingrg/kc/buy/cgsh_order_info.html?code=212021080903888 HTTP/1.1" 200 58103
101.83.145.79 - - [11/Aug/2021:10:13:25 +0800] "GET /xingrg/javascript/easyui/themes/default/validatebox.css HTTP/1.1" 404 1104
101.83.145.79 - - [11/Aug/2021:10:13:25 +0800] "GET /xingrg/all/function/internal_message.html?_=1628648005763&CODE_STATE=getMsg HTTP/1.1" 200 27
101.83.145.79 - - [11/Aug/2021:10:13:26 +0800] "POST /xingrg/kc/buy/cgsh_order_operate.html HTTP/1.1" 200 2402
116.235.222.38 - - [11/Aug/2021:10:13:34 +0800] "GET /xingrg/javascript/easyui/themes/default/tree.css HTTP/1.1" 404 1090
101.83.145.79 - - [11/Aug/2021:10:13:34 +0800] "GET /xingrg/kc/buy/cgsh_order_list.html HTTP/1.1" 200 47405
101.83.145.79 - - [11/Aug/2021:10:13:36 +0800] "POST /xingrg/kc/buy/cgsh_list_operate.html HTTP/1.1" 200 4586
116.235.222.38 - - [11/Aug/2021:10:13:37 +0800] "POST /xingrg/all/common/load_tree.html?tree=supplier_tree_json&isDelete=1 HTTP/1.1" 200 57192
180.169.147.146 - - [11/Aug/2021:10:13:38 +0800] "GET /xingrg/all/function/internal_message.html?_=1628648028147&CODE_STATE=getMsg HTTP/1.1" 200 27
101.83.145.79 - - [11/Aug/2021:10:13:44 +0800] "GET /xingrg/kc/buy/cgsh_order_add.html HTTP/1.1" 200 63190
101.83.145.79 - - [11/Aug/2021:10:13:44 +0800] "GET /xingrg/javascript/easyui/themes/default/validatebox.css HTTP/1.1" 404 1104
101.83.145.79 - - [11/Aug/2021:10:13:44 +0800] "POST /xingrg/kc/buy/cgsh_order_operate.html HTTP/1.1" 200 8245
101.83.145.79 - - [11/Aug/2021:10:13:46 +0800] "GET /xingrg/javascript/auto/indicator.gif HTTP/1.1" 404 1066
222.70.246.151 - - [11/Aug/2021:10:13:47 +0800] "GET /xingrg/all/function/internal_message.html?_=1628648026548&CODE_STATE=getMsg HTTP/1.1" 200 27
222.70.246.151 - - [11/Aug/2021:10:13:51 +0800] "GET /xingrg/all/function/internal_message.html?_=1628648038670&CODE_STATE=getMsg HTTP/1.1" 200 27
172.20.0.100 - - [11/Aug/2021:10:13:53 +0800] "GET /xingrg/javascript/jquery_easy_ui/themes/default/images/tabs_active.png HTTP/1.1" 200 2894
222.70.246.151 - - [11/Aug/2021:10:13:57 +0800] "GET /xingrg/check_reg.html?_=1628648044841 HTTP/1.1" 200 22
180.174.198.13 - - [11/Aug/2021:10:13:57 +0800] "GET /xingrg/javascript/auto/indicator.gif HTTP/1.1" 404 1066
172.20.0.100 - - [11/Aug/2021:10:13:58 +0800] "GET /xingrg/all/report/report_query.html?fileName=dma/new_5.0/yingye/order_list.xml HTTP/1.1" 200 55206
172.20.0.100 - - [11/Aug/2021:10:13:58 +0800] "GET /xingrg/dwr/interface/AjaxReportQueryService.js HTTP/1.1" 200 13203
172.20.0.100 - - [11/Aug/2021:10:13:58 +0800] "GET /xingrg/dwr/engine.js HTTP/1.1" 200 43631
172.20.0.100 - - [11/Aug/2021:10:13:58 +0800] "POST /xingrg/dwr/call/plaincall/AjaxReportQueryService.getFixDate.dwr HTTP/1.1" 200 111
172.20.0.100 - - [11/Aug/2021:10:13:58 +0800] "POST /xingrg/all/common/load_tree.html?tree=area_station_tree_json&manage=1 HTTP/1.1" 200 3364
172.20.0.100 - - [11/Aug/2021:10:13:58 +0800] "POST /xingrg/dwr/call/plaincall/AjaxReportQueryService.getInitString.dwr HTTP/1.1" 200 76
101.83.145.79 - - [11/Aug/2021:10:13:59 +0800] "GET /xingrg/kc/buy/cgsh_order_operate.html?command=get_materiel&rest_code=00105&code=00101003003&supplier_code=00100093&order_time=2021-08-11 HTTP/1.1" 200 416
116.235.222.38 - - [11/Aug/2021:10:14:01 +0800] "GET /xingrg/all/function/internal_message.html?_=1628648036382&CODE_STATE=getMsg HTTP/1.1" 200 27
114.88.154.248 - - [11/Aug/2021:10:14:02 +0800] "GET /xingrg/all/function/internal_message.html?_=1628647948612&CODE_STATE=getMsg HTTP/1.1" 200 27
116.238.194.18 - - [11/Aug/2021:10:14:02 +0800] "GET /xingrg/all/function/internal_message.html?_=1628648038994&CODE_STATE=getMsg HTTP/1.1" 200 27
58.37.4.159 - - [11/Aug/2021:10:14:03 +0800] "GET /xingrg/all/function/internal_message.html?_=1628648041421&CODE_STATE=getMsg HTTP/1.1" 200 27
61.151.178.177 - - [11/Aug/2021:10:14:04 +0800] "GET /xingrg/all/function/internal_message.html?_=1628647981458&CODE_STATE=getMsg HTTP/1.1" 302 -
180.174.198.13 - - [11/Aug/2021:10:14:05 +0800] "GET /xingrg/kc/buy/cgsh_order_operate.html?command=get_materiel&rest_code=00102&code=00101006127&supplier_code=00100096&order_time=2021-08-11 HTTP/1.1" 200 422
61.151.178.177 - - [11/Aug/2021:10:14:05 +0800] "GET /xingrg/login.html HTTP/1.1" 200 7641
172.20.0.100 - - [11/Aug/2021:10:14:07 +0800] "GET /xingrg/all/function/internal_message.html?_=1628648043391&CODE_STATE=getMsg HTTP/1.1" 200 27
222.70.178.182 - - [11/Aug/2021:10:14:11 +0800] "GET /xingrg/all/function/internal_message.html?_=1628648046824&CODE_STATE=getMsg HTTP/1.1" 200 27
116.230.105.26 - - [11/Aug/2021:10:14:15 +0800] "GET /xingrg/check_reg.html?_=1628648049404 HTTP/1.1" 200 22
116.230.105.26 - - [11/Aug/2021:10:14:15 +0800] "GET /xingrg/all/function/internal_message.html?_=1628648049406&CODE_STATE=getMsg HTTP/1.1" 200 27
180.169.147.146 - - [11/Aug/2021:10:14:15 +0800] "GET /xingrg/all/function/internal_message.html?_=1628648056785&CODE_STATE=getMsg HTTP/1.1" 200 27
58.221.95.50 - - [11/Aug/2021:10:14:16 +0800] "GET /xingrg/all/function/internal_message.html?_=1628648053984&CODE_STATE=getMsg HTTP/1.1" 200 27
116.238.194.18 - - [11/Aug/2021:10:14:18 +0800] "GET /xingrg/all/function/internal_message.html?_=1628648004538&CODE_STATE=getMsg HTTP/1.1" 200 27
101.83.145.79 - - [11/Aug/2021:10:14:19 +0800] "POST /xingrg/kc/buy/cgsh_order_operate.html HTTP/1.1" 200 37
180.174.198.13 - - [11/Aug/2021:10:14:20 +0800] "GET /xingrg/all/function/internal_message.html?_=1628648036750&CODE_STATE=getMsg HTTP/1.1" 200 27
101.83.145.79 - - [11/Aug/2021:10:14:20 +0800] "POST /xingrg/kc/buy/cgsh_order_operate.html HTTP/1.1" 200 2663
101.83.145.79 - - [11/Aug/2021:10:14:20 +0800] "GET /xingrg/all/function/internal_message.html?_=1628648016558&CODE_STATE=getMsg HTTP/1.1" 200 27
180.174.198.13 - - [11/Aug/2021:10:14:21 +0800] "GET /xingrg/kc/buy/cgsh_order_operate.html?command=get_materiel&rest_code=00102&code=00101006129&supplier_code=00100096&order_time=2021-08-11 HTTP/1.1" 200 453
101.83.145.79 - - [11/Aug/2021:10:14:21 +0800] "GET /xingrg/kc/print/load_config.html?kc_code=cgsh HTTP/1.1" 200 2076
101.83.145.79 - - [11/Aug/2021:10:14:22 +0800] "GET /xingrg/kc/print/load_data.html?order_code=212021081104764&kc_code=cgsh&condition= HTTP/1.1" 200 721
172.20.0.100 - - [11/Aug/2021:10:14:22 +0800] "GET /xingrg/javascript/multi_select/dropdown_hover.gif HTTP/1.1" 200 61
114.84.82.184 - - [11/Aug/2021:10:14:23 +0800] "GET /xingrg/all/function/internal_message.html?_=1628648060910&CODE_STATE=getMsg HTTP/1.1" 200 27
172.20.0.100 - - [11/Aug/2021:10:14:25 +0800] "GET /xingrg/all/report/report_query.html?fileName=dma/new_5.0/menu/menu_category_hz.xml HTTP/1.1" 200 52989
172.20.0.100 - - [11/Aug/2021:10:14:25 +0800] "GET /xingrg/dwr/interface/AjaxReportQueryService.js HTTP/1.1" 200 13203
172.20.0.100 - - [11/Aug/2021:10:14:25 +0800] "GET /xingrg/dwr/engine.js HTTP/1.1" 200 43631
172.20.0.100 - - [11/Aug/2021:10:14:25 +0800] "POST /xingrg/dwr/call/plaincall/AjaxReportQueryService.getFixDate.dwr HTTP/1.1" 200 111
58.40.7.146 - - [11/Aug/2021:10:14:25 +0800] "GET /xingrg/all/function/internal_message.html?_=1628648063475&CODE_STATE=getMsg HTTP/1.1" 200 27
172.20.0.100 - - [11/Aug/2021:10:14:25 +0800] "POST /xingrg/all/common/load_tree.html?tree=area_station_tree_json&manage=1 HTTP/1.1" 200 3364
101.83.145.79 - - [11/Aug/2021:10:14:25 +0800] "GET /xingrg/kc/buy/cgsh_order_add.html HTTP/1.1" 200 63190
101.83.145.79 - - [11/Aug/2021:10:14:26 +0800] "POST /xingrg/kc/buy/cgsh_order_operate.html HTTP/1.1" 200 8245
101.83.145.79 - - [11/Aug/2021:10:14:26 +0800] "GET /xingrg/all/function/internal_message.html?_=1628648065836&CODE_STATE=getMsg HTTP/1.1" 200 27
101.83.145.79 - - [11/Aug/2021:10:14:26 +0800] "GET /xingrg/javascript/easyui/themes/default/validatebox.css HTTP/1.1" 404 1104
58.221.95.50 - - [11/Aug/2021:10:14:29 +0800] "POST /xingrg/kc/buy/cgsh_order_operate.html HTTP/1.1" 200 37
180.169.147.146 - - [11/Aug/2021:10:14:30 +0800] "GET /xingrg/javascript/jquery_easy_ui/themes/default/images/button_a_bg.gif HTTP/1.1" 200 1194
180.169.147.146 - - [11/Aug/2021:10:14:30 +0800] "GET /xingrg/javascript/jquery_easy_ui/themes/default/images/button_span_bg.gif HTTP/1.1" 200 2061
180.169.147.146 - - [11/Aug/2021:10:14:30 +0800] "GET /xingrg/javascript/jquery_easy_ui/themes/default/images/panel_title.png HTTP/1.1" 200 266
180.169.147.146 - - [11/Aug/2021:10:14:30 +0800] "GET /xingrg/javascript/jquery_easy_ui/themes/default/images/panel_tools.gif HTTP/1.1" 200 737
180.169.147.146 - - [11/Aug/2021:10:14:30 +0800] "GET /xingrg/javascript/jquery_easy_ui/themes/icons/ok.png HTTP/1.1" 200 883
116.235.222.38 - - [11/Aug/2021:10:14:31 +0800] "GET /xingrg/kc/buy/cgsh_order_operate.html?command=get_materiel&rest_code=00107&code=00101010108&supplier_code=00100337&order_time=2021-08-11 HTTP/1.1" 200 421
101.83.145.79 - - [11/Aug/2021:10:14:36 +0800] "GET /xingrg/kc/buy/cgsh_order_operate.html?command=get_materiel&rest_code=00105&code=00101004090&supplier_code=00100312&order_time=2021-08-11 HTTP/1.1" 200 391
180.169.147.146 - - [11/Aug/2021:10:14:38 +0800] "GET /xingrg/all/function/internal_message.html?_=1628648088148&CODE_STATE=getMsg HTTP/1.1" 200 27
101.83.145.79 - - [11/Aug/2021:10:14:47 +0800] "GET /xingrg/kc/buy/cgsh_order_operate.html?command=get_materiel&rest_code=00105&code=00101004046&supplier_code=00100312&order_time=2021-08-11 HTTP/1.1" 200 417
222.70.246.151 - - [11/Aug/2021:10:14:47 +0800] "GET /xingrg/all/function/internal_message.html?_=1628648086548&CODE_STATE=getMsg HTTP/1.1" 200 27
222.70.246.151 - - [11/Aug/2021:10:14:51 +0800] "GET /xingrg/all/function/internal_message.html?_=1628648098675&CODE_STATE=getMsg HTTP/1.1" 200 27
116.235.222.38 - - [11/Aug/2021:10:14:54 +0800] "POST /xingrg/kc/buy/cgsh_order_operate.html HTTP/1.1" 200 37
116.235.222.38 - - [11/Aug/2021:10:14:59 +0800] "POST /xingrg/kc/buy/cgsh_order_operate.html HTTP/1.1" 200 2665
116.235.222.38 - - [11/Aug/2021:10:15:01 +0800] "GET /xingrg/all/function/internal_message.html?_=1628648096389&CODE_STATE=getMsg HTTP/1.1" 200 27
114.88.154.248 - - [11/Aug/2021:10:15:02 +0800] "GET /xingrg/all/function/internal_message.html?_=1628648008581&CODE_STATE=getMsg HTTP/1.1" 200 27
116.238.194.18 - - [11/Aug/2021:10:15:02 +0800] "GET /xingrg/all/function/internal_message.html?_=1628648098995&CODE_STATE=getMsg HTTP/1.1" 200 27
58.37.4.159 - - [11/Aug/2021:10:15:03 +0800] "GET /xingrg/check_reg.html?_=1628648101322 HTTP/1.1" 200 22
58.37.4.159 - - [11/Aug/2021:10:15:03 +0800] "GET /xingrg/all/function/internal_message.html?_=1628648101397&CODE_STATE=getMsg HTTP/1.1" 200 27
101.83.145.79 - - [11/Aug/2021:10:15:04 +0800] "GET /xingrg/kc/buy/cgsh_order_operate.html?command=get_materiel&rest_code=00105&code=00101004038&supplier_code=00100312&order_time=2021-08-11 HTTP/1.1" 200 429
58.37.4.159 - - [11/Aug/2021:10:15:05 +0800] "GET /xingrg/kc/buy/cgsh_order_operate.html?command=get_materiel&rest_code=00106&code=00101008091&supplier_code=00100007&order_time=2021-08-11 HTTP/1.1" 200 413
180.169.147.146 - - [11/Aug/2021:10:15:06 +0800] "POST /xingrg/load_menu.html HTTP/1.1" 200 9695
180.169.147.146 - - [11/Aug/2021:10:15:07 +0800] "GET /xingrg/all/report/report_query.html?fileName=dma/new_5.0/yingye/yy_hz.xml&rw=1600 HTTP/1.1" 200 56155
180.169.147.146 - - [11/Aug/2021:10:15:07 +0800] "GET /xingrg/javascript/jquery_easy_ui/themes/default/images/tabs_close.gif HTTP/1.1" 200 829
180.169.147.146 - - [11/Aug/2021:10:15:07 +0800] "GET /xingrg/css/blue.css HTTP/1.1" 200 15949
180.169.147.146 - - [11/Aug/2021:10:15:07 +0800] "GET /xingrg/javascript/multi_select/jqueryMultiSelect.css HTTP/1.1" 200 951
172.20.0.100 - - [11/Aug/2021:10:15:07 +0800] "GET /xingrg/all/function/internal_message.html?_=1628648103390&CODE_STATE=getMsg HTTP/1.1" 200 27
180.169.147.146 - - [11/Aug/2021:10:15:07 +0800] "GET /xingrg/javascript/calendar/timePicker.css HTTP/1.1" 200 523
180.169.147.146 - - [11/Aug/2021:10:15:07 +0800] "GET /xingrg/javascript/bigrid/fix.css HTTP/1.1" 200 1702
180.169.147.146 - - [11/Aug/2021:10:15:07 +0800] "GET /xingrg/javascript/pic_change.js HTTP/1.1" 200 4739
180.169.147.146 - - [11/Aug/2021:10:15:07 +0800] "GET /xingrg/dwr/interface/AjaxReportQueryService.js HTTP/1.1" 200 13203
180.169.147.146 - - [11/Aug/2021:10:15:07 +0800] "GET /xingrg/dwr/engine.js HTTP/1.1" 200 43631
180.169.147.146 - - [11/Aug/2021:10:15:07 +0800] "GET /xingrg/dwr/util.js HTTP/1.1" 200 35990
180.169.147.146 - - [11/Aug/2021:10:15:07 +0800] "GET /xingrg/javascript/myfunction.js HTTP/1.1" 200 24559
180.169.147.146 - - [11/Aug/2021:10:15:07 +0800] "GET /xingrg/javascript/jqueryMultiSelect.js HTTP/1.1" 200 11866
180.169.147.146 - - [11/Aug/2021:10:15:07 +0800] "GET /xingrg/javascript/Calendar.js HTTP/1.1" 200 31561
180.169.147.146 - - [11/Aug/2021:10:15:07 +0800] "GET /xingrg/javascript/calendar/jquery.timePicker.min.js HTTP/1.1" 200 2997
180.169.147.146 - - [11/Aug/2021:10:15:07 +0800] "GET /xingrg/javascript/bigrid/fix.js HTTP/1.1" 200 6439
180.169.147.146 - - [11/Aug/2021:10:15:07 +0800] "GET /xingrg/images/control/loading.gif HTTP/1.1" 200 13463
180.169.147.146 - - [11/Aug/2021:10:15:07 +0800] "GET /xingrg/images/blue/button/advanceover.gif HTTP/1.1" 200 1347
180.169.147.146 - - [11/Aug/2021:10:15:07 +0800] "GET /xingrg/images/blue/button/advance2over.gif HTTP/1.1" 200 1336
180.169.147.146 - - [11/Aug/2021:10:15:07 +0800] "GET /xingrg/images/blue/button/back2over.gif HTTP/1.1" 200 1335
180.169.147.146 - - [11/Aug/2021:10:15:07 +0800] "GET /xingrg/images/blue/button/backover.gif HTTP/1.1" 200 1348
180.169.147.146 - - [11/Aug/2021:10:15:08 +0800] "GET /xingrg/javascript/jquery_easy_ui/themes/icons/help.png HTTP/1.1" 200 1187
180.169.147.146 - - [11/Aug/2021:10:15:08 +0800] "GET /xingrg/javascript/jquery_easy_ui/themes/default/images/menu_downarrow.png HTTP/1.1" 200 173
180.169.147.146 - - [11/Aug/2021:10:15:08 +0800] "GET /xingrg/javascript/jquery_easy_ui/themes/default/images/menu.gif HTTP/1.1" 200 834
180.169.147.146 - - [11/Aug/2021:10:15:08 +0800] "GET /xingrg/javascript/jquery_easy_ui/themes/icons/print.png HTTP/1.1" 200 1057
180.169.147.146 - - [11/Aug/2021:10:15:08 +0800] "GET /xingrg/javascript/jquery_easy_ui/themes/icons/pencil.png HTTP/1.1" 200 713
180.169.147.146 - - [11/Aug/2021:10:15:08 +0800] "GET /xingrg/javascript/jquery_easy_ui/themes/default/images/menu_rightarrow.png HTTP/1.1" 200 3617
180.169.147.146 - - [11/Aug/2021:10:15:08 +0800] "POST /xingrg/dwr/call/plaincall/AjaxReportQueryService.getFixDate.dwr HTTP/1.1" 200 111
180.169.147.146 - - [11/Aug/2021:10:15:08 +0800] "GET /xingrg/javascript/jquery_easy_ui/themes/default/images/combo_arrow_dot.gif HTTP/1.1" 200 79
180.169.147.146 - - [11/Aug/2021:10:15:08 +0800] "POST /xingrg/all/common/load_tree.html?tree=area_station_tree_json&manage=1 HTTP/1.1" 200 3364
180.169.147.146 - - [11/Aug/2021:10:15:08 +0800] "GET /xingrg/javascript/jquery_easy_ui/themes/default/images/tree_checkbox_0.gif HTTP/1.1" 200 168
222.70.178.182 - - [11/Aug/2021:10:15:11 +0800] "GET /xingrg/all/function/internal_message.html?_=1628648106809&CODE_STATE=getMsg HTTP/1.1" 200 27
180.169.147.146 - - [11/Aug/2021:10:15:13 +0800] "GET /xingrg/all/report/report_query.html?fileName=dma/new_5.0/yingye/pay_ment_hz.xml HTTP/1.1" 200 51687
180.169.147.146 - - [11/Aug/2021:10:15:13 +0800] "GET /xingrg/dwr/interface/AjaxReportQueryService.js HTTP/1.1" 200 13203
180.169.147.146 - - [11/Aug/2021:10:15:13 +0800] "GET /xingrg/dwr/engine.js HTTP/1.1" 200 43631
180.169.147.146 - - [11/Aug/2021:10:15:13 +0800] "POST /xingrg/dwr/call/plaincall/AjaxReportQueryService.getFixDate.dwr HTTP/1.1" 200 111
58.37.4.159 - - [11/Aug/2021:10:15:13 +0800] "GET /xingrg/kc/buy/cgsh_order_operate.html?command=get_materiel&rest_code=00106&code=00101008256&supplier_code=00100007&order_time=2021-08-11 HTTP/1.1" 200 413
