222.70.246.151 - - [10/Aug/2021:09:37:12 +0800] "GET /xingrg/all/function/internal_message.html?_=1628559436270&CODE_STATE=getMsg HTTP/1.1" 200 27
180.174.224.95 - - [10/Aug/2021:09:37:12 +0800] "GET /xingrg/javascript/easyui/themes/default/validatebox.css HTTP/1.1" 404 1104
180.174.224.95 - - [10/Aug/2021:09:37:13 +0800] "POST /xingrg/kc/buy/cgsh_order_operate.html HTTP/1.1" 200 7082
114.88.154.248 - - [10/Aug/2021:09:37:17 +0800] "GET /xingrg/kc/buy/cgsh_order_operate.html?command=get_materiel&rest_code=00141&code=00101010136&supplier_code=00100036&order_time=2021-08-10 HTTP/1.1" 200 408
180.174.224.95 - - [10/Aug/2021:09:37:18 +0800] "POST /xingrg/kc/buy/cgsh_list_operate.html HTTP/1.1" 200 2031
180.174.224.95 - - [10/Aug/2021:09:37:19 +0800] "POST /xingrg/kc/buy/cgsh_list_operate.html HTTP/1.1" 200 559
180.174.224.95 - - [10/Aug/2021:09:37:21 +0800] "GET /xingrg/kc/buy/cgsh_order_info.html?code=212021081004336 HTTP/1.1" 200 63111
116.235.222.38 - - [10/Aug/2021:09:37:21 +0800] "GET /xingrg/kc/buy/cgsh_order_operate.html?command=get_materiel&rest_code=00107&code=00101008351&supplier_code=00100006&order_time=2021-08-10 HTTP/1.1" 200 408
58.37.4.159 - - [10/Aug/2021:09:37:21 +0800] "GET /xingrg/all/function/internal_message.html?_=1628559441022&CODE_STATE=getMsg HTTP/1.1" 200 27
180.174.224.95 - - [10/Aug/2021:09:37:22 +0800] "GET /xingrg/javascript/easyui/themes/default/validatebox.css HTTP/1.1" 404 1104
180.174.224.95 - - [10/Aug/2021:09:37:22 +0800] "POST /xingrg/kc/buy/cgsh_order_operate.html HTTP/1.1" 200 10910
58.40.7.146 - - [10/Aug/2021:09:37:24 +0800] "GET /xingrg/all/function/internal_message.html?_=1628559442535&CODE_STATE=getMsg HTTP/1.1" 200 27
180.174.224.95 - - [10/Aug/2021:09:37:26 +0800] "GET /xingrg/all/function/internal_message.html?_=1628559423909&CODE_STATE=getMsg HTTP/1.1" 200 27
180.174.224.95 - - [10/Aug/2021:09:37:26 +0800] "POST /xingrg/kc/buy/cgsh_order_operate.html HTTP/1.1" 200 37
116.235.222.38 - - [10/Aug/2021:09:37:30 +0800] "GET /xingrg/kc/buy/cgsh_order_operate.html?command=get_materiel&rest_code=00107&code=00101008146&supplier_code=00100006&order_time=2021-08-10 HTTP/1.1" 200 416
58.40.7.146 - - [10/Aug/2021:09:37:30 +0800] "GET /xingrg/all/function/internal_message.html?_=1628559448981&CODE_STATE=getMsg HTTP/1.1" 302 -
61.129.6.174 - - [10/Aug/2021:09:37:30 +0800] "GET /xingrg/all/function/internal_message.html?_=1628559380995&CODE_STATE=getMsg HTTP/1.1" 302 -
114.88.154.248 - - [10/Aug/2021:09:37:34 +0800] "GET /xingrg/all/function/internal_message.html?_=1628559359682&CODE_STATE=getMsg HTTP/1.1" 200 27
61.129.6.174 - - [10/Aug/2021:09:37:36 +0800] "GET /xingrg/login.html HTTP/1.1" 200 7641
116.238.194.18 - - [10/Aug/2021:09:37:36 +0800] "GET /xingrg/check_reg.html?_=1628559404053 HTTP/1.1" 200 22
116.238.194.18 - - [10/Aug/2021:09:37:36 +0800] "GET /xingrg/all/function/internal_message.html?_=1628559404113&CODE_STATE=getMsg HTTP/1.1" 200 27
114.88.154.248 - - [10/Aug/2021:09:37:37 +0800] "GET /xingrg/kc/buy/cgsh_order_operate.html?command=get_materiel&rest_code=00141&code=00101016025&supplier_code=00100036&order_time=2021-08-10 HTTP/1.1" 200 408
180.169.147.146 - - [10/Aug/2021:09:37:40 +0800] "GET /xingrg/all/function/internal_message.html?_=1628559458871&CODE_STATE=getMsg HTTP/1.1" 200 27
116.235.222.38 - - [10/Aug/2021:09:37:44 +0800] "GET /xingrg/kc/buy/cgsh_order_operate.html?command=get_materiel&rest_code=00107&code=00101008005&supplier_code=00100006&order_time=2021-08-10 HTTP/1.1" 200 412
101.83.145.79 - - [10/Aug/2021:09:37:45 +0800] "GET /xingrg/all/function/internal_message.html?_=1628559422054&CODE_STATE=getMsg HTTP/1.1" 200 27
116.238.194.18 - - [10/Aug/2021:09:37:51 +0800] "GET /xingrg/all/function/internal_message.html?_=1628559469266&CODE_STATE=getMsg HTTP/1.1" 200 27
114.88.154.248 - - [10/Aug/2021:09:37:52 +0800] "GET /xingrg/kc/buy/cgsh_order_operate.html?command=get_materiel&rest_code=00141&code=00101012040&supplier_code=00100036&order_time=2021-08-10 HTTP/1.1" 200 413
116.235.222.38 - - [10/Aug/2021:09:37:52 +0800] "GET /xingrg/all/function/internal_message.html?_=1628559470452&CODE_STATE=getMsg HTTP/1.1" 200 27
116.235.222.38 - - [10/Aug/2021:09:37:52 +0800] "GET /xingrg/check_reg.html?_=1628559470457 HTTP/1.1" 200 22
116.233.77.65 - - [10/Aug/2021:09:37:55 +0800] "GET /xingrg/all/function/internal_message.html?_=1628559475788&CODE_STATE=getMsg HTTP/1.1" 200 27
116.235.222.38 - - [10/Aug/2021:09:37:55 +0800] "GET /xingrg/kc/buy/cgsh_order_operate.html?command=get_materiel&rest_code=00107&code=00101008271&supplier_code=00100006&order_time=2021-08-10 HTTP/1.1" 200 408
101.83.145.79 - - [10/Aug/2021:09:37:55 +0800] "GET /xingrg/all/function/internal_message.html?_=1628559475907&CODE_STATE=getMsg HTTP/1.1" 200 27
172.20.0.100 - - [10/Aug/2021:09:37:56 +0800] "GET /xingrg/all/function/internal_message.html?_=1628559473789&CODE_STATE=getMsg HTTP/1.1" 302 -
172.20.0.100 - - [10/Aug/2021:09:37:56 +0800] "GET /xingrg/check_reg.html?_=1628559473790 HTTP/1.1" 302 -
114.84.82.184 - - [10/Aug/2021:09:37:58 +0800] "GET /xingrg/check_reg.html?_=1628559477401 HTTP/1.1" 200 22
114.84.82.184 - - [10/Aug/2021:09:37:59 +0800] "GET /xingrg/all/function/internal_message.html?_=1628559477544&CODE_STATE=getMsg HTTP/1.1" 200 27
222.70.178.182 - - [10/Aug/2021:09:38:02 +0800] "GET /xingrg/all/function/internal_message.html?_=1628559478963&CODE_STATE=getMsg HTTP/1.1" 200 27
114.88.154.248 - - [10/Aug/2021:09:38:04 +0800] "GET /xingrg/kc/buy/cgsh_order_operate.html?command=get_materiel&rest_code=00141&code=00101016053&supplier_code=00100036&order_time=2021-08-10 HTTP/1.1" 200 408
116.235.222.38 - - [10/Aug/2021:09:38:08 +0800] "GET /xingrg/kc/buy/cgsh_order_operate.html?command=get_materiel&rest_code=00107&code=00101008175&supplier_code=00100006&order_time=2021-08-10 HTTP/1.1" 200 412
222.70.246.151 - - [10/Aug/2021:09:38:12 +0800] "GET /xingrg/all/function/internal_message.html?_=1628559496284&CODE_STATE=getMsg HTTP/1.1" 200 27
116.235.222.38 - - [10/Aug/2021:09:38:19 +0800] "GET /xingrg/kc/buy/cgsh_order_operate.html?command=get_materiel&rest_code=00107&code=00101008244&supplier_code=00100006&order_time=2021-08-10 HTTP/1.1" 200 408
58.37.4.159 - - [10/Aug/2021:09:38:21 +0800] "GET /xingrg/check_reg.html?_=1628559501024 HTTP/1.1" 200 22
58.37.4.159 - - [10/Aug/2021:09:38:21 +0800] "GET /xingrg/all/function/internal_message.html?_=1628559501021&CODE_STATE=getMsg HTTP/1.1" 200 27
61.151.178.164 - - [10/Aug/2021:09:38:23 +0800] "GET /xingrg/all/function/internal_message.html?_=1628559441022&CODE_STATE=getMsg HTTP/1.1" 302 -
58.40.7.146 - - [10/Aug/2021:09:38:24 +0800] "GET /xingrg/all/function/internal_message.html?_=1628559502538&CODE_STATE=getMsg HTTP/1.1" 200 27
61.151.178.164 - - [10/Aug/2021:09:38:24 +0800] "GET /xingrg/login.html HTTP/1.1" 200 7641
58.40.7.146 - - [10/Aug/2021:09:38:30 +0800] "GET /xingrg/all/function/internal_message.html?_=1628559508985&CODE_STATE=getMsg HTTP/1.1" 302 -
116.235.222.38 - - [10/Aug/2021:09:38:31 +0800] "GET /xingrg/kc/buy/cgsh_order_operate.html?command=get_materiel&rest_code=00107&code=00101008225&supplier_code=00100006&order_time=2021-08-10 HTTP/1.1" 200 416
114.88.154.248 - - [10/Aug/2021:09:38:34 +0800] "GET /xingrg/all/function/internal_message.html?_=1628559419681&CODE_STATE=getMsg HTTP/1.1" 200 27
116.238.194.18 - - [10/Aug/2021:09:38:36 +0800] "GET /xingrg/all/function/internal_message.html?_=1628559464128&CODE_STATE=getMsg HTTP/1.1" 200 27
180.169.147.146 - - [10/Aug/2021:09:38:40 +0800] "GET /xingrg/all/function/internal_message.html?_=1628559518882&CODE_STATE=getMsg HTTP/1.1" 200 27
101.83.145.79 - - [10/Aug/2021:09:38:45 +0800] "GET /xingrg/all/function/internal_message.html?_=1628559482055&CODE_STATE=getMsg HTTP/1.1" 200 27
116.235.222.38 - - [10/Aug/2021:09:38:48 +0800] "GET /xingrg/kc/buy/cgsh_order_operate.html?command=get_materiel&rest_code=00107&code=00101008026&supplier_code=00100006&order_time=2021-08-10 HTTP/1.1" 200 409
116.238.194.18 - - [10/Aug/2021:09:38:51 +0800] "GET /xingrg/all/function/internal_message.html?_=1628559529267&CODE_STATE=getMsg HTTP/1.1" 200 27
116.235.222.38 - - [10/Aug/2021:09:38:52 +0800] "GET /xingrg/all/function/internal_message.html?_=1628559530435&CODE_STATE=getMsg HTTP/1.1" 200 27
116.233.77.65 - - [10/Aug/2021:09:38:55 +0800] "GET /xingrg/all/function/internal_message.html?_=1628559535800&CODE_STATE=getMsg HTTP/1.1" 200 27
101.83.145.79 - - [10/Aug/2021:09:38:55 +0800] "GET /xingrg/all/function/internal_message.html?_=1628559535908&CODE_STATE=getMsg HTTP/1.1" 200 27
101.83.145.79 - - [10/Aug/2021:09:38:55 +0800] "GET /xingrg/check_reg.html?_=1628559535912 HTTP/1.1" 200 22
172.20.0.100 - - [10/Aug/2021:09:38:56 +0800] "GET /xingrg/all/function/internal_message.html?_=1628559533791&CODE_STATE=getMsg HTTP/1.1" 302 -
114.84.82.184 - - [10/Aug/2021:09:38:58 +0800] "GET /xingrg/all/function/internal_message.html?_=1628559537527&CODE_STATE=getMsg HTTP/1.1" 200 27
222.70.178.182 - - [10/Aug/2021:09:39:02 +0800] "GET /xingrg/all/function/internal_message.html?_=1628559538966&CODE_STATE=getMsg HTTP/1.1" 200 27
222.70.178.182 - - [10/Aug/2021:09:39:02 +0800] "GET /xingrg/check_reg.html?_=1628559538962 HTTP/1.1" 200 22
114.88.154.248 - - [10/Aug/2021:09:39:08 +0800] "POST /xingrg/kc/buy/cgsh_order_operate.html HTTP/1.1" 200 37
114.88.154.248 - - [10/Aug/2021:09:39:11 +0800] "POST /xingrg/kc/buy/cgsh_order_operate.html HTTP/1.1" 200 12
222.70.246.151 - - [10/Aug/2021:09:39:12 +0800] "GET /xingrg/all/function/internal_message.html?_=1628559556298&CODE_STATE=getMsg HTTP/1.1" 200 27
114.88.154.248 - - [10/Aug/2021:09:39:12 +0800] "GET /xingrg/kc/buy/cgsh_order_info.html?code=212021081004340 HTTP/1.1" 200 58060
114.88.154.248 - - [10/Aug/2021:09:39:12 +0800] "GET /xingrg/javascript/easyui/themes/default/validatebox.css HTTP/1.1" 404 1104
114.88.154.248 - - [10/Aug/2021:09:39:13 +0800] "POST /xingrg/kc/buy/cgsh_order_operate.html HTTP/1.1" 200 4729
114.88.154.248 - - [10/Aug/2021:09:39:13 +0800] "GET /xingrg/kc/print/load_config.html?kc_code=cgsh HTTP/1.1" 200 2076
114.88.154.248 - - [10/Aug/2021:09:39:14 +0800] "GET /xingrg/kc/print/load_data.html?order_code=212021081004340&kc_code=cgsh&condition= HTTP/1.1" 200 2344
116.235.222.38 - - [10/Aug/2021:09:39:14 +0800] "GET /xingrg/kc/buy/cgsh_order_operate.html?command=get_materiel&rest_code=00107&code=00102010188&supplier_code=00100006&order_time=2021-08-10 HTTP/1.1" 200 412
114.88.154.248 - - [10/Aug/2021:09:39:17 +0800] "GET /xingrg/kc/buy/cgsh_order_add.html HTTP/1.1" 200 63149
114.88.154.248 - - [10/Aug/2021:09:39:17 +0800] "POST /xingrg/kc/buy/cgsh_order_operate.html HTTP/1.1" 200 8245
114.88.154.248 - - [10/Aug/2021:09:39:17 +0800] "GET /xingrg/javascript/easyui/themes/default/validatebox.css HTTP/1.1" 404 1104
101.89.239.238 - - [10/Aug/2021:09:39:21 +0800] "GET /xingrg/check_reg.html?_=1628559501024 HTTP/1.1" 302 -
58.37.4.159 - - [10/Aug/2021:09:39:21 +0800] "GET /xingrg/all/function/internal_message.html?_=1628559561024&CODE_STATE=getMsg HTTP/1.1" 200 27
101.89.239.238 - - [10/Aug/2021:09:39:22 +0800] "GET /xingrg/login.html HTTP/1.1" 200 7641
58.40.7.146 - - [10/Aug/2021:09:39:24 +0800] "GET /xingrg/all/function/internal_message.html?_=1628559562543&CODE_STATE=getMsg HTTP/1.1" 200 27
116.235.222.38 - - [10/Aug/2021:09:39:24 +0800] "GET /xingrg/kc/buy/cgsh_order_operate.html?command=get_materiel&rest_code=00107&code=00101008403&supplier_code=00100006&order_time=2021-08-10 HTTP/1.1" 200 412
114.88.154.248 - - [10/Aug/2021:09:39:29 +0800] "GET /xingrg/kc/buy/cgsh_order_operate.html?command=get_materiel&rest_code=00141&code=00101006111&supplier_code=00100012&order_time=2021-08-10 HTTP/1.1" 200 409
58.40.7.146 - - [10/Aug/2021:09:39:30 +0800] "GET /xingrg/all/function/internal_message.html?_=1628559568990&CODE_STATE=getMsg HTTP/1.1" 302 -
58.40.7.146 - - [10/Aug/2021:09:39:30 +0800] "GET /xingrg/check_reg.html?_=1628559568992 HTTP/1.1" 302 -
114.88.154.248 - - [10/Aug/2021:09:39:34 +0800] "GET /xingrg/all/function/internal_message.html?_=1628559479661&CODE_STATE=getMsg HTTP/1.1" 200 27
116.235.222.38 - - [10/Aug/2021:09:39:35 +0800] "GET /xingrg/kc/buy/cgsh_order_operate.html?command=get_materiel&rest_code=00107&code=00101008185&supplier_code=00100006&order_time=2021-08-10 HTTP/1.1" 200 408
116.238.194.18 - - [10/Aug/2021:09:39:36 +0800] "GET /xingrg/all/function/internal_message.html?_=1628559524141&CODE_STATE=getMsg HTTP/1.1" 200 27
180.169.147.146 - - [10/Aug/2021:09:39:40 +0800] "GET /xingrg/all/function/internal_message.html?_=1628559578874&CODE_STATE=getMsg HTTP/1.1" 200 27
180.169.147.146 - - [10/Aug/2021:09:39:40 +0800] "GET /xingrg/check_reg.html?_=1628559578878 HTTP/1.1" 200 22
180.174.224.95 - - [10/Aug/2021:09:39:41 +0800] "POST /xingrg/kc/buy/cgsh_order_operate.html HTTP/1.1" 200 12
180.174.224.95 - - [10/Aug/2021:09:39:42 +0800] "GET /xingrg/kc/buy/cgsh_order_info.html?code=212021081004336 HTTP/1.1" 200 58009
116.235.222.38 - - [10/Aug/2021:09:39:43 +0800] "GET /xingrg/kc/buy/cgsh_order_operate.html?command=get_materiel&rest_code=00107&code=00101008003&supplier_code=00100006&order_time=2021-08-10 HTTP/1.1" 200 408
180.174.224.95 - - [10/Aug/2021:09:39:43 +0800] "GET /xingrg/check_reg.html?_=1628559560985 HTTP/1.1" 200 22
180.174.224.95 - - [10/Aug/2021:09:39:43 +0800] "GET /xingrg/all/function/internal_message.html?_=1628559560985&CODE_STATE=getMsg HTTP/1.1" 200 27
180.174.224.95 - - [10/Aug/2021:09:39:43 +0800] "GET /xingrg/javascript/easyui/themes/default/validatebox.css HTTP/1.1" 404 1104
180.174.224.95 - - [10/Aug/2021:09:39:44 +0800] "POST /xingrg/kc/buy/cgsh_order_operate.html HTTP/1.1" 200 8855
114.88.154.248 - - [10/Aug/2021:09:39:44 +0800] "GET /xingrg/kc/buy/cgsh_order_operate.html?command=get_materiel&rest_code=00141&code=00101006109&supplier_code=00100012&order_time=2021-08-10 HTTP/1.1" 200 409
101.83.145.79 - - [10/Aug/2021:09:39:45 +0800] "GET /xingrg/all/function/internal_message.html?_=1628559542056&CODE_STATE=getMsg HTTP/1.1" 200 27
180.174.224.95 - - [10/Aug/2021:09:39:48 +0800] "POST /xingrg/kc/buy/cgsh_list_operate.html HTTP/1.1" 200 1679
180.174.224.95 - - [10/Aug/2021:09:39:49 +0800] "POST /xingrg/kc/buy/cgsh_list_operate.html HTTP/1.1" 200 558
180.174.224.95 - - [10/Aug/2021:09:39:49 +0800] "GET /xingrg/kc/buy/cgsh_order_info.html?code=212021081004339 HTTP/1.1" 200 63111
180.174.224.95 - - [10/Aug/2021:09:39:50 +0800] "GET /xingrg/javascript/easyui/themes/default/validatebox.css HTTP/1.1" 404 1104
180.174.224.95 - - [10/Aug/2021:09:39:50 +0800] "POST /xingrg/kc/buy/cgsh_order_operate.html HTTP/1.1" 200 8602
116.238.194.18 - - [10/Aug/2021:09:39:51 +0800] "GET /xingrg/all/function/internal_message.html?_=1628559589277&CODE_STATE=getMsg HTTP/1.1" 200 27
116.235.222.38 - - [10/Aug/2021:09:39:52 +0800] "GET /xingrg/all/function/internal_message.html?_=1628559590415&CODE_STATE=getMsg HTTP/1.1" 200 27
116.233.77.65 - - [10/Aug/2021:09:39:55 +0800] "GET /xingrg/all/function/internal_message.html?_=1628559595798&CODE_STATE=getMsg HTTP/1.1" 200 27
116.235.222.38 - - [10/Aug/2021:09:39:55 +0800] "GET /xingrg/kc/buy/cgsh_order_operate.html?command=get_materiel&rest_code=00107&code=00101008361&supplier_code=00100006&order_time=2021-08-10 HTTP/1.1" 200 408
180.174.224.95 - - [10/Aug/2021:09:39:55 +0800] "POST /xingrg/kc/buy/cgsh_order_operate.html HTTP/1.1" 200 37
101.83.145.79 - - [10/Aug/2021:09:39:55 +0800] "GET /xingrg/all/function/internal_message.html?_=1628559595911&CODE_STATE=getMsg HTTP/1.1" 200 27
172.20.0.100 - - [10/Aug/2021:09:39:56 +0800] "GET /xingrg/all/function/internal_message.html?_=1628559593794&CODE_STATE=getMsg HTTP/1.1" 302 -
114.88.154.248 - - [10/Aug/2021:09:39:58 +0800] "GET /xingrg/kc/buy/cgsh_order_operate.html?command=get_materiel&rest_code=00141&code=00101006129&supplier_code=00100012&order_time=2021-08-10 HTTP/1.1" 200 431
114.84.82.184 - - [10/Aug/2021:09:39:58 +0800] "GET /xingrg/all/function/internal_message.html?_=1628559597512&CODE_STATE=getMsg HTTP/1.1" 200 27
180.174.224.95 - - [10/Aug/2021:09:40:00 +0800] "POST /xingrg/kc/buy/cgsh_order_operate.html HTTP/1.1" 200 12
180.174.224.95 - - [10/Aug/2021:09:40:01 +0800] "GET /xingrg/kc/buy/cgsh_order_info.html?code=212021081004339 HTTP/1.1" 200 58009
222.70.178.182 - - [10/Aug/2021:09:40:02 +0800] "GET /xingrg/all/function/internal_message.html?_=1628559598956&CODE_STATE=getMsg HTTP/1.1" 200 27
180.174.224.95 - - [10/Aug/2021:09:40:03 +0800] "GET /xingrg/javascript/easyui/themes/default/validatebox.css HTTP/1.1" 404 1104
180.174.224.95 - - [10/Aug/2021:09:40:03 +0800] "POST /xingrg/kc/buy/cgsh_order_operate.html HTTP/1.1" 200 6527
116.235.222.38 - - [10/Aug/2021:09:40:05 +0800] "GET /xingrg/kc/buy/cgsh_order_operate.html?command=get_materiel&rest_code=00107&code=00101008024&supplier_code=00100006&order_time=2021-08-10 HTTP/1.1" 200 408
180.174.224.95 - - [10/Aug/2021:09:40:05 +0800] "POST /xingrg/kc/buy/cgsh_list_operate.html HTTP/1.1" 200 876
114.88.154.248 - - [10/Aug/2021:09:40:11 +0800] "GET /xingrg/kc/buy/cgsh_order_operate.html?command=get_materiel&rest_code=00141&code=00101006055&supplier_code=00100012&order_time=2021-08-10 HTTP/1.1" 200 409
222.70.246.151 - - [10/Aug/2021:09:40:12 +0800] "GET /xingrg/all/function/internal_message.html?_=1628559616489&CODE_STATE=getMsg HTTP/1.1" 200 27
180.169.147.146 - - [10/Aug/2021:09:40:13 +0800] "GET /xingrg/check_reg.html?_=1628559611538 HTTP/1.1" 302 -
58.37.4.159 - - [10/Aug/2021:09:40:21 +0800] "GET /xingrg/all/function/internal_message.html?_=1628559621025&CODE_STATE=getMsg HTTP/1.1" 200 27
116.235.222.38 - - [10/Aug/2021:09:40:23 +0800] "GET /xingrg/kc/buy/cgsh_order_operate.html?command=get_materiel&rest_code=00107&code=00101008300&supplier_code=00100006&order_time=2021-08-10 HTTP/1.1" 200 412
58.40.7.146 - - [10/Aug/2021:09:40:24 +0800] "GET /xingrg/check_reg.html?_=1628559622529 HTTP/1.1" 200 22
58.40.7.146 - - [10/Aug/2021:09:40:24 +0800] "GET /xingrg/all/function/internal_message.html?_=1628559622531&CODE_STATE=getMsg HTTP/1.1" 200 27
58.40.7.146 - - [10/Aug/2021:09:40:30 +0800] "GET /xingrg/all/function/internal_message.html?_=1628559628996&CODE_STATE=getMsg HTTP/1.1" 302 -
116.235.222.38 - - [10/Aug/2021:09:40:32 +0800] "GET /xingrg/kc/buy/cgsh_order_operate.html?command=get_materiel&rest_code=00107&code=00101008137&supplier_code=00100006&order_time=2021-08-10 HTTP/1.1" 200 408
114.88.154.248 - - [10/Aug/2021:09:40:34 +0800] "GET /xingrg/all/function/internal_message.html?_=1628559539677&CODE_STATE=getMsg HTTP/1.1" 200 27
116.238.194.18 - - [10/Aug/2021:09:40:36 +0800] "GET /xingrg/all/function/internal_message.html?_=1628559584157&CODE_STATE=getMsg HTTP/1.1" 200 27
180.169.147.146 - - [10/Aug/2021:09:40:40 +0800] "GET /xingrg/all/function/internal_message.html?_=1628559638889&CODE_STATE=getMsg HTTP/1.1" 200 27
114.88.154.248 - - [10/Aug/2021:09:40:42 +0800] "GET /xingrg/kc/buy/cgsh_order_operate.html?command=get_materiel&rest_code=00141&code=00101006168&supplier_code=00100012&order_time=2021-08-10 HTTP/1.1" 200 421
180.174.224.95 - - [10/Aug/2021:09:40:44 +0800] "GET /xingrg/all/function/internal_message.html?_=1628559621477&CODE_STATE=getMsg HTTP/1.1" 200 27
101.83.145.79 - - [10/Aug/2021:09:40:45 +0800] "GET /xingrg/all/function/internal_message.html?_=1628559602057&CODE_STATE=getMsg HTTP/1.1" 200 27
116.235.222.38 - - [10/Aug/2021:09:40:51 +0800] "GET /xingrg/kc/buy/cgsh_order_operate.html?command=get_materiel&rest_code=00107&code=00101008270&supplier_code=00100006&order_time=2021-08-10 HTTP/1.1" 200 412
116.238.194.18 - - [10/Aug/2021:09:40:51 +0800] "GET /xingrg/all/function/internal_message.html?_=1628559649277&CODE_STATE=getMsg HTTP/1.1" 200 27
116.235.222.38 - - [10/Aug/2021:09:40:52 +0800] "GET /xingrg/all/function/internal_message.html?_=1628559650425&CODE_STATE=getMsg HTTP/1.1" 200 27
116.233.77.65 - - [10/Aug/2021:09:40:55 +0800] "GET /xingrg/all/function/internal_message.html?_=1628559655808&CODE_STATE=getMsg HTTP/1.1" 200 27
116.233.77.65 - - [10/Aug/2021:09:40:55 +0800] "GET /xingrg/check_reg.html?_=1628559655810 HTTP/1.1" 200 22
116.235.222.38 - - [10/Aug/2021:09:40:55 +0800] "POST /xingrg/kc/buy/cgsh_order_operate.html HTTP/1.1" 200 2065
101.83.145.79 - - [10/Aug/2021:09:40:55 +0800] "GET /xingrg/all/function/internal_message.html?_=1628559655911&CODE_STATE=getMsg HTTP/1.1" 200 27
172.20.0.100 - - [10/Aug/2021:09:40:56 +0800] "GET /xingrg/all/function/internal_message.html?_=1628559653797&CODE_STATE=getMsg HTTP/1.1" 302 -
114.84.82.184 - - [10/Aug/2021:09:40:58 +0800] "GET /xingrg/all/function/internal_message.html?_=1628559657495&CODE_STATE=getMsg HTTP/1.1" 200 27
222.70.178.182 - - [10/Aug/2021:09:41:02 +0800] "GET /xingrg/all/function/internal_message.html?_=1628559658983&CODE_STATE=getMsg HTTP/1.1" 200 27
116.235.222.38 - - [10/Aug/2021:09:41:03 +0800] "GET /xingrg/kc/buy/cgsh_order_operate.html?command=get_materiel&rest_code=00107&code=00101008357&supplier_code=00100006&order_time=2021-08-10 HTTP/1.1" 200 408
222.70.246.151 - - [10/Aug/2021:09:41:12 +0800] "GET /xingrg/all/function/internal_message.html?_=1628559676496&CODE_STATE=getMsg HTTP/1.1" 200 27
116.235.222.38 - - [10/Aug/2021:09:41:18 +0800] "GET /xingrg/kc/buy/cgsh_order_operate.html?command=get_materiel&rest_code=00107&code=00101008276&supplier_code=00100006&order_time=2021-08-10 HTTP/1.1" 200 412
58.37.4.159 - - [10/Aug/2021:09:41:21 +0800] "GET /xingrg/all/function/internal_message.html?_=1628559681026&CODE_STATE=getMsg HTTP/1.1" 200 27
58.40.7.146 - - [10/Aug/2021:09:41:24 +0800] "GET /xingrg/all/function/internal_message.html?_=1628559682532&CODE_STATE=getMsg HTTP/1.1" 200 27
114.88.154.248 - - [10/Aug/2021:09:41:29 +0800] "GET /xingrg/kc/buy/cgsh_order_operate.html?command=get_materiel&rest_code=00141&code=00101006027&supplier_code=00100012&order_time=2021-08-10 HTTP/1.1" 200 409
58.40.7.146 - - [10/Aug/2021:09:41:30 +0800] "GET /xingrg/all/function/internal_message.html?_=1628559689000&CODE_STATE=getMsg HTTP/1.1" 302 -
116.235.222.38 - - [10/Aug/2021:09:41:33 +0800] "GET /xingrg/kc/buy/cgsh_order_operate.html?command=get_materiel&rest_code=00107&code=00101013179&supplier_code=00100006&order_time=2021-08-10 HTTP/1.1" 200 412
114.88.154.248 - - [10/Aug/2021:09:41:34 +0800] "GET /xingrg/check_reg.html?_=1628559599655 HTTP/1.1" 200 22
114.88.154.248 - - [10/Aug/2021:09:41:34 +0800] "GET /xingrg/all/function/internal_message.html?_=1628559599657&CODE_STATE=getMsg HTTP/1.1" 200 27
61.151.178.217 - - [10/Aug/2021:09:41:34 +0800] "GET /xingrg/all/function/internal_message.html?_=1628559621025&CODE_STATE=getMsg HTTP/1.1" 302 -
116.238.194.18 - - [10/Aug/2021:09:41:36 +0800] "GET /xingrg/all/function/internal_message.html?_=1628559644168&CODE_STATE=getMsg HTTP/1.1" 200 27
61.151.178.217 - - [10/Aug/2021:09:41:37 +0800] "GET /xingrg/login.html HTTP/1.1" 200 7641
114.88.154.248 - - [10/Aug/2021:09:41:38 +0800] "GET /xingrg/kc/buy/cgsh_order_operate.html?command=get_materiel&rest_code=00141&code=00101018007&supplier_code=00100012&order_time=2021-08-10 HTTP/1.1" 200 409
180.169.147.146 - - [10/Aug/2021:09:41:40 +0800] "GET /xingrg/all/function/internal_message.html?_=1628559698888&CODE_STATE=getMsg HTTP/1.1" 200 27
116.235.222.38 - - [10/Aug/2021:09:41:41 +0800] "GET /xingrg/kc/buy/cgsh_order_operate.html?command=get_materiel&rest_code=00107&code=00101008355&supplier_code=00100006&order_time=2021-08-10 HTTP/1.1" 200 408
180.174.224.95 - - [10/Aug/2021:09:41:44 +0800] "GET /xingrg/all/function/internal_message.html?_=1628559681483&CODE_STATE=getMsg HTTP/1.1" 200 27
101.83.145.79 - - [10/Aug/2021:09:41:45 +0800] "GET /xingrg/all/function/internal_message.html?_=1628559662058&CODE_STATE=getMsg HTTP/1.1" 200 27
101.83.145.79 - - [10/Aug/2021:09:41:45 +0800] "GET /xingrg/check_reg.html?_=1628559662061 HTTP/1.1" 200 22
116.238.194.18 - - [10/Aug/2021:09:41:51 +0800] "GET /xingrg/all/function/internal_message.html?_=1628559709279&CODE_STATE=getMsg HTTP/1.1" 200 27
116.238.194.18 - - [10/Aug/2021:09:41:51 +0800] "GET /xingrg/check_reg.html?_=1628559709280 HTTP/1.1" 200 22
116.235.222.38 - - [10/Aug/2021:09:41:52 +0800] "GET /xingrg/all/function/internal_message.html?_=1628559710404&CODE_STATE=getMsg HTTP/1.1" 200 27
116.235.222.38 - - [10/Aug/2021:09:41:53 +0800] "GET /xingrg/kc/buy/cgsh_order_operate.html?command=get_materiel&rest_code=00107&code=00101008223&supplier_code=00100006&order_time=2021-08-10 HTTP/1.1" 200 412
116.233.77.65 - - [10/Aug/2021:09:41:55 +0800] "GET /xingrg/all/function/internal_message.html?_=1628559715808&CODE_STATE=getMsg HTTP/1.1" 200 27
101.83.145.79 - - [10/Aug/2021:09:41:55 +0800] "GET /xingrg/all/function/internal_message.html?_=1628559715909&CODE_STATE=getMsg HTTP/1.1" 200 27
172.20.0.100 - - [10/Aug/2021:09:41:56 +0800] "GET /xingrg/all/function/internal_message.html?_=1628559713799&CODE_STATE=getMsg HTTP/1.1" 302 -
116.235.222.38 - - [10/Aug/2021:09:41:57 +0800] "POST /xingrg/kc/buy/cgsh_order_operate.html HTTP/1.1" 200 2065
114.84.82.184 - - [10/Aug/2021:09:41:58 +0800] "GET /xingrg/all/function/internal_message.html?_=1628559717480&CODE_STATE=getMsg HTTP/1.1" 200 27
222.70.178.182 - - [10/Aug/2021:09:42:02 +0800] "GET /xingrg/all/function/internal_message.html?_=1628559718984&CODE_STATE=getMsg HTTP/1.1" 200 27
222.70.178.182 - - [10/Aug/2021:09:42:08 +0800] "GET /xingrg/kc/buy/cgsh_order_add.html HTTP/1.1" 200 63143
114.88.154.248 - - [10/Aug/2021:09:42:09 +0800] "GET /xingrg/kc/buy/cgsh_order_operate.html?command=get_materiel&rest_code=00141&code=00101006193&supplier_code=00100012&order_time=2021-08-10 HTTP/1.1" 200 409
222.70.178.182 - - [10/Aug/2021:09:42:09 +0800] "POST /xingrg/kc/buy/cgsh_order_operate.html HTTP/1.1" 200 8245
222.70.178.182 - - [10/Aug/2021:09:42:09 +0800] "GET /xingrg/javascript/easyui/themes/default/validatebox.css HTTP/1.1" 404 1104
222.70.246.151 - - [10/Aug/2021:09:42:11 +0800] "GET /xingrg/check_reg.html?_=1628559735048 HTTP/1.1" 200 22
222.70.246.151 - - [10/Aug/2021:09:42:12 +0800] "GET /xingrg/all/function/internal_message.html?_=1628559736510&CODE_STATE=getMsg HTTP/1.1" 200 27
58.37.4.159 - - [10/Aug/2021:09:42:21 +0800] "GET /xingrg/all/function/internal_message.html?_=1628559741028&CODE_STATE=getMsg HTTP/1.1" 200 27
61.151.178.249 - - [10/Aug/2021:09:42:22 +0800] "GET /xingrg/all/function/internal_message.html?_=1628559681026&CODE_STATE=getMsg HTTP/1.1" 302 -
61.151.178.249 - - [10/Aug/2021:09:42:23 +0800] "GET /xingrg/login.html HTTP/1.1" 200 7641
58.40.7.146 - - [10/Aug/2021:09:42:24 +0800] "GET /xingrg/all/function/internal_message.html?_=1628559742535&CODE_STATE=getMsg HTTP/1.1" 200 27
116.235.222.38 - - [10/Aug/2021:09:42:24 +0800] "GET /xingrg/kc/buy/cgsh_order_operate.html?command=get_materiel&rest_code=00107&code=00101008213&supplier_code=00100006&order_time=2021-08-10 HTTP/1.1" 200 412
58.40.7.146 - - [10/Aug/2021:09:42:30 +0800] "GET /xingrg/all/function/internal_message.html?_=1628559749005&CODE_STATE=getMsg HTTP/1.1" 302 -
222.70.178.182 - - [10/Aug/2021:09:42:33 +0800] "GET /xingrg/kc/buy/cgsh_order_operate.html?command=get_materiel&rest_code=00111&code=00101006055&supplier_code=00100012&order_time=2021-08-10 HTTP/1.1" 200 409
114.88.154.248 - - [10/Aug/2021:09:42:34 +0800] "GET /xingrg/all/function/internal_message.html?_=1628559659684&CODE_STATE=getMsg HTTP/1.1" 200 27
116.238.194.18 - - [10/Aug/2021:09:42:36 +0800] "GET /xingrg/check_reg.html?_=1628559704060 HTTP/1.1" 200 22
116.238.194.18 - - [10/Aug/2021:09:42:36 +0800] "GET /xingrg/all/function/internal_message.html?_=1628559704181&CODE_STATE=getMsg HTTP/1.1" 200 27
180.169.147.146 - - [10/Aug/2021:09:42:40 +0800] "GET /xingrg/all/function/internal_message.html?_=1628559758881&CODE_STATE=getMsg HTTP/1.1" 200 27
116.235.222.38 - - [10/Aug/2021:09:42:44 +0800] "GET /xingrg/kc/buy/cgsh_order_operate.html?command=get_materiel&rest_code=00107&code=00101008296&supplier_code=00100006&order_time=2021-08-10 HTTP/1.1" 200 416
180.174.224.95 - - [10/Aug/2021:09:42:45 +0800] "GET /xingrg/all/function/internal_message.html?_=1628559742141&CODE_STATE=getMsg HTTP/1.1" 200 27
101.83.145.79 - - [10/Aug/2021:09:42:45 +0800] "GET /xingrg/all/function/internal_message.html?_=1628559722060&CODE_STATE=getMsg HTTP/1.1" 200 27
222.70.178.182 - - [10/Aug/2021:09:42:46 +0800] "GET /xingrg/kc/buy/cgsh_order_operate.html?command=get_materiel&rest_code=00111&code=00101006056&supplier_code=00100012&order_time=2021-08-10 HTTP/1.1" 200 413
114.88.154.248 - - [10/Aug/2021:09:42:47 +0800] "GET /xingrg/kc/buy/cgsh_order_operate.html?command=get_materiel&rest_code=00141&code=00101006130&supplier_code=00100012&order_time=2021-08-10 HTTP/1.1" 200 427
116.238.194.18 - - [10/Aug/2021:09:42:51 +0800] "GET /xingrg/all/function/internal_message.html?_=1628559769282&CODE_STATE=getMsg HTTP/1.1" 200 27
116.235.222.38 - - [10/Aug/2021:09:42:52 +0800] "GET /xingrg/all/function/internal_message.html?_=1628559770379&CODE_STATE=getMsg HTTP/1.1" 200 27
116.235.222.38 - - [10/Aug/2021:09:42:52 +0800] "GET /xingrg/check_reg.html?_=1628559770491 HTTP/1.1" 200 22
116.233.77.65 - - [10/Aug/2021:09:42:55 +0800] "GET /xingrg/all/function/internal_message.html?_=1628559775801&CODE_STATE=getMsg HTTP/1.1" 200 27
101.83.145.79 - - [10/Aug/2021:09:42:55 +0800] "GET /xingrg/all/function/internal_message.html?_=1628559775935&CODE_STATE=getMsg HTTP/1.1" 200 27
172.20.0.100 - - [10/Aug/2021:09:42:56 +0800] "GET /xingrg/check_reg.html?_=1628559773800 HTTP/1.1" 302 -
172.20.0.100 - - [10/Aug/2021:09:42:56 +0800] "GET /xingrg/all/function/internal_message.html?_=1628559773804&CODE_STATE=getMsg HTTP/1.1" 302 -
222.70.178.182 - - [10/Aug/2021:09:42:58 +0800] "GET /xingrg/kc/buy/cgsh_order_operate.html?command=get_materiel&rest_code=00111&code=00101006065&supplier_code=00100012&order_time=2021-08-10 HTTP/1.1" 200 409
114.84.82.184 - - [10/Aug/2021:09:42:58 +0800] "GET /xingrg/check_reg.html?_=1628559777400 HTTP/1.1" 200 22
114.84.82.184 - - [10/Aug/2021:09:42:58 +0800] "GET /xingrg/all/function/internal_message.html?_=1628559777464&CODE_STATE=getMsg HTTP/1.1" 200 27
222.70.178.182 - - [10/Aug/2021:09:43:02 +0800] "GET /xingrg/all/function/internal_message.html?_=1628559779003&CODE_STATE=getMsg HTTP/1.1" 200 27
116.235.222.38 - - [10/Aug/2021:09:43:04 +0800] "GET /xingrg/kc/buy/cgsh_order_operate.html?command=get_materiel&rest_code=00107&code=00101008067&supplier_code=00100006&order_time=2021-08-10 HTTP/1.1" 200 416
114.88.154.248 - - [10/Aug/2021:09:43:12 +0800] "POST /xingrg/kc/buy/cgsh_order_operate.html HTTP/1.1" 200 37
222.70.246.151 - - [10/Aug/2021:09:43:12 +0800] "GET /xingrg/all/function/internal_message.html?_=1628559796523&CODE_STATE=getMsg HTTP/1.1" 200 27
116.235.222.38 - - [10/Aug/2021:09:43:13 +0800] "GET /xingrg/kc/buy/cgsh_order_operate.html?command=get_materiel&rest_code=00107&code=00101008261&supplier_code=00100006&order_time=2021-08-10 HTTP/1.1" 200 408
222.70.178.182 - - [10/Aug/2021:09:43:15 +0800] "GET /xingrg/kc/buy/cgsh_order_operate.html?command=get_materiel&rest_code=00111&code=00101006079&supplier_code=00100012&order_time=2021-08-10 HTTP/1.1" 200 409
114.88.154.248 - - [10/Aug/2021:09:43:16 +0800] "POST /xingrg/kc/buy/cgsh_order_operate.html HTTP/1.1" 200 12
114.88.154.248 - - [10/Aug/2021:09:43:19 +0800] "GET /xingrg/kc/buy/cgsh_order_info.html?code=212021081004341 HTTP/1.1" 200 58058
114.88.154.248 - - [10/Aug/2021:09:43:19 +0800] "GET /xingrg/javascript/easyui/themes/default/validatebox.css HTTP/1.1" 404 1104
114.88.154.248 - - [10/Aug/2021:09:43:19 +0800] "POST /xingrg/kc/buy/cgsh_order_operate.html HTTP/1.1" 200 6554
180.97.118.223 - - [10/Aug/2021:09:43:21 +0800] "GET /xingrg/all/function/internal_message.html?_=1628559741028&CODE_STATE=getMsg HTTP/1.1" 302 -
114.88.154.248 - - [10/Aug/2021:09:43:21 +0800] "GET /xingrg/kc/print/load_data.html?order_code=212021081004341&kc_code=cgsh&condition= HTTP/1.1" 200 3085
58.37.4.159 - - [10/Aug/2021:09:43:21 +0800] "GET /xingrg/check_reg.html?_=1628559801028 HTTP/1.1" 200 22
58.37.4.159 - - [10/Aug/2021:09:43:21 +0800] "GET /xingrg/all/function/internal_message.html?_=1628559801031&CODE_STATE=getMsg HTTP/1.1" 200 27
180.97.118.223 - - [10/Aug/2021:09:43:23 +0800] "GET /xingrg/login.html HTTP/1.1" 200 7641
58.40.7.146 - - [10/Aug/2021:09:43:24 +0800] "GET /xingrg/all/function/internal_message.html?_=1628559802541&CODE_STATE=getMsg HTTP/1.1" 200 27
114.88.154.248 - - [10/Aug/2021:09:43:26 +0800] "GET /xingrg/kc/buy/cgsh_order_add.html HTTP/1.1" 200 63149
114.88.154.248 - - [10/Aug/2021:09:43:26 +0800] "POST /xingrg/kc/buy/cgsh_order_operate.html HTTP/1.1" 200 8245
114.88.154.248 - - [10/Aug/2021:09:43:26 +0800] "GET /xingrg/javascript/easyui/themes/default/validatebox.css HTTP/1.1" 404 1104
116.235.222.38 - - [10/Aug/2021:09:43:27 +0800] "GET /xingrg/kc/buy/cgsh_order_operate.html?command=get_materiel&rest_code=00107&code=00101008210&supplier_code=00100006&order_time=2021-08-10 HTTP/1.1" 200 410
58.40.7.146 - - [10/Aug/2021:09:43:30 +0800] "GET /xingrg/all/function/internal_message.html?_=1628559809008&CODE_STATE=getMsg HTTP/1.1" 302 -
114.88.154.248 - - [10/Aug/2021:09:43:34 +0800] "GET /xingrg/all/function/internal_message.html?_=1628559719683&CODE_STATE=getMsg HTTP/1.1" 200 27
116.235.222.38 - - [10/Aug/2021:09:43:34 +0800] "POST /xingrg/kc/buy/cgsh_order_operate.html HTTP/1.1" 200 2065
114.88.154.248 - - [10/Aug/2021:09:43:35 +0800] "GET /xingrg/kc/buy/cgsh_order_operate.html?command=get_materiel&rest_code=00141&code=00101002022&supplier_code=00100040&order_time=2021-08-10 HTTP/1.1" 200 409
116.238.194.18 - - [10/Aug/2021:09:43:36 +0800] "GET /xingrg/all/function/internal_message.html?_=1628559764194&CODE_STATE=getMsg HTTP/1.1" 200 27
222.70.178.182 - - [10/Aug/2021:09:43:37 +0800] "GET /xingrg/kc/buy/cgsh_order_operate.html?command=get_materiel&rest_code=00111&code=00101006109&supplier_code=00100012&order_time=2021-08-10 HTTP/1.1" 200 409
180.169.147.146 - - [10/Aug/2021:09:43:41 +0800] "GET /xingrg/all/function/internal_message.html?_=1628559820101&CODE_STATE=getMsg HTTP/1.1" 200 27
114.88.154.248 - - [10/Aug/2021:09:43:42 +0800] "POST /xingrg/kc/buy/cgsh_order_operate.html HTTP/1.1" 200 37
180.174.224.95 - - [10/Aug/2021:09:43:45 +0800] "GET /xingrg/all/function/internal_message.html?_=1628559802155&CODE_STATE=getMsg HTTP/1.1" 200 27
114.88.154.248 - - [10/Aug/2021:09:43:45 +0800] "POST /xingrg/kc/buy/cgsh_order_operate.html HTTP/1.1" 200 12
101.83.145.79 - - [10/Aug/2021:09:43:45 +0800] "GET /xingrg/all/function/internal_message.html?_=1628559782086&CODE_STATE=getMsg HTTP/1.1" 200 27
114.88.154.248 - - [10/Aug/2021:09:43:45 +0800] "GET /xingrg/kc/buy/cgsh_order_info.html?code=212021081004342 HTTP/1.1" 200 58058
114.88.154.248 - - [10/Aug/2021:09:43:46 +0800] "GET /xingrg/javascript/easyui/themes/default/validatebox.css HTTP/1.1" 404 1104
114.88.154.248 - - [10/Aug/2021:09:43:46 +0800] "POST /xingrg/kc/buy/cgsh_order_operate.html HTTP/1.1" 200 602
222.70.178.182 - - [10/Aug/2021:09:43:49 +0800] "GET /xingrg/kc/buy/cgsh_order_operate.html?command=get_materiel&rest_code=00111&code=00101006178&supplier_code=00100012&order_time=2021-08-10 HTTP/1.1" 200 409
116.235.222.38 - - [10/Aug/2021:09:43:51 +0800] "GET /xingrg/kc/buy/cgsh_order_operate.html?command=get_materiel&rest_code=00107&code=00101008350&supplier_code=00100006&order_time=2021-08-10 HTTP/1.1" 200 408
116.238.194.18 - - [10/Aug/2021:09:43:51 +0800] "GET /xingrg/all/function/internal_message.html?_=1628559829282&CODE_STATE=getMsg HTTP/1.1" 200 27
116.235.222.38 - - [10/Aug/2021:09:43:52 +0800] "GET /xingrg/all/function/internal_message.html?_=1628559830349&CODE_STATE=getMsg HTTP/1.1" 200 27
116.233.77.65 - - [10/Aug/2021:09:43:55 +0800] "GET /xingrg/all/function/internal_message.html?_=1628559835804&CODE_STATE=getMsg HTTP/1.1" 200 27
101.83.145.79 - - [10/Aug/2021:09:43:55 +0800] "GET /xingrg/all/function/internal_message.html?_=1628559835934&CODE_STATE=getMsg HTTP/1.1" 200 27
101.83.145.79 - - [10/Aug/2021:09:43:55 +0800] "GET /xingrg/check_reg.html?_=1628559835937 HTTP/1.1" 200 22
172.20.0.100 - - [10/Aug/2021:09:43:56 +0800] "GET /xingrg/all/function/internal_message.html?_=1628559833806&CODE_STATE=getMsg HTTP/1.1" 302 -
222.70.178.182 - - [10/Aug/2021:09:43:57 +0800] "GET /xingrg/kc/buy/cgsh_order_operate.html?command=get_materiel&rest_code=00111&code=00101018011&supplier_code=00100012&order_time=2021-08-10 HTTP/1.1" 200 413
114.84.82.184 - - [10/Aug/2021:09:43:58 +0800] "GET /xingrg/all/function/internal_message.html?_=1628559837449&CODE_STATE=getMsg HTTP/1.1" 200 27
222.70.178.182 - - [10/Aug/2021:09:44:02 +0800] "GET /xingrg/check_reg.html?_=1628559838982 HTTP/1.1" 200 22
222.70.178.182 - - [10/Aug/2021:09:44:02 +0800] "GET /xingrg/all/function/internal_message.html?_=1628559838997&CODE_STATE=getMsg HTTP/1.1" 200 27
222.70.178.182 - - [10/Aug/2021:09:44:07 +0800] "POST /xingrg/kc/buy/cgsh_order_operate.html HTTP/1.1" 200 37
114.88.154.248 - - [10/Aug/2021:09:44:07 +0800] "GET /xingrg/kc/buy/cgsh_order_add.html HTTP/1.1" 200 63149
114.88.154.248 - - [10/Aug/2021:09:44:07 +0800] "POST /xingrg/kc/buy/cgsh_order_operate.html HTTP/1.1" 200 8245
114.88.154.248 - - [10/Aug/2021:09:44:07 +0800] "GET /xingrg/javascript/easyui/themes/default/validatebox.css HTTP/1.1" 404 1104
222.70.178.182 - - [10/Aug/2021:09:44:09 +0800] "POST /xingrg/kc/buy/cgsh_order_operate.html HTTP/1.1" 200 6194
222.70.178.182 - - [10/Aug/2021:09:44:11 +0800] "GET /xingrg/kc/print/load_data.html?order_code=212021081004343&kc_code=cgsh&condition= HTTP/1.1" 200 2096
222.70.246.151 - - [10/Aug/2021:09:44:12 +0800] "GET /xingrg/all/function/internal_message.html?_=1628559856538&CODE_STATE=getMsg HTTP/1.1" 200 27
222.70.178.182 - - [10/Aug/2021:09:44:19 +0800] "GET /xingrg/kc/buy/cgsh_order_add.html HTTP/1.1" 200 63143
222.70.178.182 - - [10/Aug/2021:09:44:19 +0800] "POST /xingrg/kc/buy/cgsh_order_operate.html HTTP/1.1" 200 8245
222.70.178.182 - - [10/Aug/2021:09:44:20 +0800] "GET /xingrg/javascript/easyui/themes/default/validatebox.css HTTP/1.1" 404 1104
61.129.6.227 - - [10/Aug/2021:09:44:21 +0800] "GET /xingrg/check_reg.html?_=1628559801028 HTTP/1.1" 302 -
58.37.4.159 - - [10/Aug/2021:09:44:21 +0800] "GET /xingrg/all/function/internal_message.html?_=1628559861031&CODE_STATE=getMsg HTTP/1.1" 200 27
114.88.154.248 - - [10/Aug/2021:09:44:23 +0800] "GET /xingrg/kc/buy/cgsh_order_operate.html?command=get_materiel&rest_code=00141&code=00101007061&supplier_code=00100004&order_time=2021-08-10 HTTP/1.1" 200 409
61.129.6.227 - - [10/Aug/2021:09:44:23 +0800] "GET /xingrg/login.html HTTP/1.1" 200 7641
116.235.222.38 - - [10/Aug/2021:09:44:23 +0800] "GET /xingrg/kc/buy/cgsh_order_operate.html?command=get_materiel&rest_code=00107&code=00101008096&supplier_code=00100006&order_time=2021-08-10 HTTP/1.1" 200 412
61.151.207.141 - - [10/Aug/2021:09:44:23 +0800] "GET /xingrg/all/function/internal_message.html?_=1628559801031&CODE_STATE=getMsg HTTP/1.1" 302 -
58.40.7.146 - - [10/Aug/2021:09:44:24 +0800] "GET /xingrg/all/function/internal_message.html?_=1628559862534&CODE_STATE=getMsg HTTP/1.1" 200 27
61.151.207.141 - - [10/Aug/2021:09:44:26 +0800] "GET /xingrg/login.html HTTP/1.1" 200 7641
58.40.7.146 - - [10/Aug/2021:09:44:30 +0800] "GET /xingrg/check_reg.html?_=1628559868999 HTTP/1.1" 302 -
58.40.7.146 - - [10/Aug/2021:09:44:30 +0800] "GET /xingrg/all/function/internal_message.html?_=1628559869000&CODE_STATE=getMsg HTTP/1.1" 302 -
114.88.154.248 - - [10/Aug/2021:09:44:34 +0800] "GET /xingrg/all/function/internal_message.html?_=1628559779678&CODE_STATE=getMsg HTTP/1.1" 200 27
116.238.194.18 - - [10/Aug/2021:09:44:36 +0800] "GET /xingrg/all/function/internal_message.html?_=1628559824208&CODE_STATE=getMsg HTTP/1.1" 200 27
180.169.147.146 - - [10/Aug/2021:09:44:40 +0800] "GET /xingrg/check_reg.html?_=1628559878896 HTTP/1.1" 200 22
180.169.147.146 - - [10/Aug/2021:09:44:40 +0800] "GET /xingrg/all/function/internal_message.html?_=1628559878898&CODE_STATE=getMsg HTTP/1.1" 200 27
116.235.222.38 - - [10/Aug/2021:09:44:40 +0800] "GET /xingrg/kc/buy/cgsh_order_operate.html?command=get_materiel&rest_code=00107&code=00101008038&supplier_code=00100006&order_time=2021-08-10 HTTP/1.1" 200 412
180.174.224.95 - - [10/Aug/2021:09:44:44 +0800] "GET /xingrg/check_reg.html?_=1628559861500 HTTP/1.1" 200 22
180.174.224.95 - - [10/Aug/2021:09:44:45 +0800] "GET /xingrg/all/function/internal_message.html?_=1628559862172&CODE_STATE=getMsg HTTP/1.1" 200 27
101.83.145.79 - - [10/Aug/2021:09:44:45 +0800] "GET /xingrg/all/function/internal_message.html?_=1628559842085&CODE_STATE=getMsg HTTP/1.1" 200 27
114.88.154.248 - - [10/Aug/2021:09:44:45 +0800] "POST /xingrg/kc/buy/cgsh_list_operate.html HTTP/1.1" 200 2489
114.88.154.248 - - [10/Aug/2021:09:44:47 +0800] "POST /xingrg/kc/buy/cgsh_list_operate.html HTTP/1.1" 200 198
114.88.154.248 - - [10/Aug/2021:09:44:49 +0800] "GET /xingrg/kc/buy/cgsh_order_info.html?code=212021081004342 HTTP/1.1" 200 58058
114.88.154.248 - - [10/Aug/2021:09:44:49 +0800] "GET /xingrg/javascript/easyui/themes/default/validatebox.css HTTP/1.1" 404 1104
114.88.154.248 - - [10/Aug/2021:09:44:50 +0800] "POST /xingrg/kc/buy/cgsh_order_operate.html HTTP/1.1" 200 602
222.70.178.182 - - [10/Aug/2021:09:44:51 +0800] "GET /xingrg/kc/buy/cgsh_order_operate.html?command=get_materiel&rest_code=00111&code=00101009062&supplier_code=00100037&order_time=2021-08-10 HTTP/1.1" 200 412
114.88.154.248 - - [10/Aug/2021:09:44:51 +0800] "GET /xingrg/kc/print/load_data.html?order_code=212021081004342&kc_code=cgsh&condition= HTTP/1.1" 200 767
116.235.222.38 - - [10/Aug/2021:09:44:51 +0800] "GET /xingrg/kc/buy/cgsh_order_operate.html?command=get_materiel&rest_code=00107&code=00101008358&supplier_code=00100006&order_time=2021-08-10 HTTP/1.1" 200 412
116.238.194.18 - - [10/Aug/2021:09:44:52 +0800] "GET /xingrg/all/function/internal_message.html?_=1628559889287&CODE_STATE=getMsg HTTP/1.1" 200 27
116.235.222.38 - - [10/Aug/2021:09:44:52 +0800] "GET /xingrg/all/function/internal_message.html?_=1628559890321&CODE_STATE=getMsg HTTP/1.1" 200 27
116.235.222.38 - - [10/Aug/2021:09:44:54 +0800] "POST /xingrg/kc/buy/cgsh_order_operate.html HTTP/1.1" 200 2065
114.88.154.248 - - [10/Aug/2021:09:44:55 +0800] "GET /xingrg/kc/buy/cgsh_order_add.html HTTP/1.1" 200 63149
116.233.77.65 - - [10/Aug/2021:09:44:55 +0800] "GET /xingrg/all/function/internal_message.html?_=1628559895820&CODE_STATE=getMsg HTTP/1.1" 200 27
114.88.154.248 - - [10/Aug/2021:09:44:55 +0800] "POST /xingrg/kc/buy/cgsh_order_operate.html HTTP/1.1" 200 8245
114.88.154.248 - - [10/Aug/2021:09:44:55 +0800] "GET /xingrg/javascript/easyui/themes/default/validatebox.css HTTP/1.1" 404 1104
101.83.145.79 - - [10/Aug/2021:09:44:55 +0800] "GET /xingrg/all/function/internal_message.html?_=1628559895936&CODE_STATE=getMsg HTTP/1.1" 200 27
172.20.0.100 - - [10/Aug/2021:09:44:56 +0800] "GET /xingrg/all/function/internal_message.html?_=1628559893798&CODE_STATE=getMsg HTTP/1.1" 302 -
114.84.82.184 - - [10/Aug/2021:09:44:58 +0800] "GET /xingrg/all/function/internal_message.html?_=1628559897433&CODE_STATE=getMsg HTTP/1.1" 200 27
222.70.178.182 - - [10/Aug/2021:09:45:02 +0800] "GET /xingrg/all/function/internal_message.html?_=1628559899006&CODE_STATE=getMsg HTTP/1.1" 200 27
116.235.222.38 - - [10/Aug/2021:09:45:04 +0800] "GET /xingrg/kc/buy/cgsh_order_operate.html?command=get_materiel&rest_code=00107&code=00101008283&supplier_code=00100006&order_time=2021-08-10 HTTP/1.1" 200 408
222.70.246.151 - - [10/Aug/2021:09:45:12 +0800] "GET /xingrg/all/function/internal_message.html?_=1628559916725&CODE_STATE=getMsg HTTP/1.1" 200 27
180.169.147.146 - - [10/Aug/2021:09:45:13 +0800] "GET /xingrg/check_reg.html?_=1628559911522 HTTP/1.1" 302 -
114.88.154.248 - - [10/Aug/2021:09:45:18 +0800] "GET /xingrg/kc/buy/cgsh_order_operate.html?command=get_materiel&rest_code=00141&code=00101007071&supplier_code=00100004&order_time=2021-08-10 HTTP/1.1" 200 417
222.70.178.182 - - [10/Aug/2021:09:45:18 +0800] "GET /xingrg/kc/buy/cgsh_order_operate.html?command=get_materiel&rest_code=00111&code=00101016105&supplier_code=00100037&order_time=2021-08-10 HTTP/1.1" 200 409
58.37.4.159 - - [10/Aug/2021:09:45:21 +0800] "GET /xingrg/all/function/internal_message.html?_=1628559921032&CODE_STATE=getMsg HTTP/1.1" 200 27
58.40.7.146 - - [10/Aug/2021:09:45:24 +0800] "GET /xingrg/check_reg.html?_=1628559922536 HTTP/1.1" 200 22
58.40.7.146 - - [10/Aug/2021:09:45:24 +0800] "GET /xingrg/all/function/internal_message.html?_=1628559922539&CODE_STATE=getMsg HTTP/1.1" 200 27
180.97.118.221 - - [10/Aug/2021:09:45:26 +0800] "GET /xingrg/all/function/internal_message.html?_=1628559861031&CODE_STATE=getMsg HTTP/1.1" 302 -
116.235.222.38 - - [10/Aug/2021:09:45:26 +0800] "GET /xingrg/kc/buy/cgsh_order_operate.html?command=get_materiel&rest_code=00107&code=00101008118&supplier_code=00100006&order_time=2021-08-10 HTTP/1.1" 200 418
180.97.118.221 - - [10/Aug/2021:09:45:28 +0800] "GET /xingrg/login.html HTTP/1.1" 200 7641
114.88.154.248 - - [10/Aug/2021:09:45:29 +0800] "POST /xingrg/kc/buy/cgsh_order_operate.html HTTP/1.1" 200 37
58.40.7.146 - - [10/Aug/2021:09:45:30 +0800] "GET /xingrg/all/function/internal_message.html?_=1628559929003&CODE_STATE=getMsg HTTP/1.1" 302 -
222.70.178.182 - - [10/Aug/2021:09:45:30 +0800] "GET /xingrg/kc/buy/cgsh_order_operate.html?command=get_materiel&rest_code=00111&code=00101007109&supplier_code=00100037&order_time=2021-08-10 HTTP/1.1" 200 408
114.88.154.248 - - [10/Aug/2021:09:45:33 +0800] "POST /xingrg/kc/buy/cgsh_order_operate.html HTTP/1.1" 200 12
114.88.154.248 - - [10/Aug/2021:09:45:33 +0800] "GET /xingrg/kc/buy/cgsh_order_info.html?code=212021081004344 HTTP/1.1" 200 58058
114.88.154.248 - - [10/Aug/2021:09:45:34 +0800] "GET /xingrg/all/function/internal_message.html?_=1628559839779&CODE_STATE=getMsg HTTP/1.1" 200 27
114.88.154.248 - - [10/Aug/2021:09:45:34 +0800] "GET /xingrg/javascript/easyui/themes/default/validatebox.css HTTP/1.1" 404 1104
114.88.154.248 - - [10/Aug/2021:09:45:34 +0800] "POST /xingrg/kc/buy/cgsh_order_operate.html HTTP/1.1" 200 1198
114.88.154.248 - - [10/Aug/2021:09:45:36 +0800] "GET /xingrg/kc/print/load_data.html?order_code=212021081004344&kc_code=cgsh&condition= HTTP/1.1" 200 983
116.238.194.18 - - [10/Aug/2021:09:45:36 +0800] "GET /xingrg/all/function/internal_message.html?_=1628559884222&CODE_STATE=getMsg HTTP/1.1" 200 27
116.235.222.38 - - [10/Aug/2021:09:45:39 +0800] "GET /xingrg/kc/buy/cgsh_order_operate.html?command=get_materiel&rest_code=00107&code=00101008141&supplier_code=00100006&order_time=2021-08-10 HTTP/1.1" 200 412
114.88.154.248 - - [10/Aug/2021:09:45:40 +0800] "GET /xingrg/kc/buy/cgsh_order_add.html HTTP/1.1" 200 63149
114.88.154.248 - - [10/Aug/2021:09:45:40 +0800] "POST /xingrg/kc/buy/cgsh_order_operate.html HTTP/1.1" 200 8245
114.88.154.248 - - [10/Aug/2021:09:45:40 +0800] "GET /xingrg/javascript/easyui/themes/default/validatebox.css HTTP/1.1" 404 1104
180.169.147.146 - - [10/Aug/2021:09:45:40 +0800] "GET /xingrg/all/function/internal_message.html?_=1628559938891&CODE_STATE=getMsg HTTP/1.1" 200 27
180.174.224.95 - - [10/Aug/2021:09:45:45 +0800] "GET /xingrg/all/function/internal_message.html?_=1628559922176&CODE_STATE=getMsg HTTP/1.1" 200 27
101.83.145.79 - - [10/Aug/2021:09:45:45 +0800] "GET /xingrg/all/function/internal_message.html?_=1628559902085&CODE_STATE=getMsg HTTP/1.1" 200 27
222.70.178.182 - - [10/Aug/2021:09:45:46 +0800] "GET /xingrg/kc/buy/cgsh_order_operate.html?command=get_materiel&rest_code=00111&code=00101008304&supplier_code=00100037&order_time=2021-08-10 HTTP/1.1" 200 412
116.238.194.18 - - [10/Aug/2021:09:45:52 +0800] "GET /xingrg/all/function/internal_message.html?_=1628559949287&CODE_STATE=getMsg HTTP/1.1" 200 27
116.235.222.38 - - [10/Aug/2021:09:45:52 +0800] "GET /xingrg/all/function/internal_message.html?_=1628559950304&CODE_STATE=getMsg HTTP/1.1" 200 27
116.235.222.38 - - [10/Aug/2021:09:45:54 +0800] "GET /xingrg/kc/buy/cgsh_order_operate.html?command=get_materiel&rest_code=00107&code=00101008126&supplier_code=00100006&order_time=2021-08-10 HTTP/1.1" 200 412
116.233.77.65 - - [10/Aug/2021:09:45:55 +0800] "GET /xingrg/all/function/internal_message.html?_=1628559955821&CODE_STATE=getMsg HTTP/1.1" 200 27
116.233.77.65 - - [10/Aug/2021:09:45:55 +0800] "GET /xingrg/check_reg.html?_=1628559955822 HTTP/1.1" 200 22
101.83.145.79 - - [10/Aug/2021:09:45:55 +0800] "GET /xingrg/all/function/internal_message.html?_=1628559955937&CODE_STATE=getMsg HTTP/1.1" 200 27
222.70.178.182 - - [10/Aug/2021:09:45:56 +0800] "GET /xingrg/kc/buy/cgsh_order_operate.html?command=get_materiel&rest_code=00111&code=00101016080&supplier_code=00100037&order_time=2021-08-10 HTTP/1.1" 200 408
172.20.0.100 - - [10/Aug/2021:09:45:56 +0800] "GET /xingrg/all/function/internal_message.html?_=1628559953801&CODE_STATE=getMsg HTTP/1.1" 302 -
114.84.82.184 - - [10/Aug/2021:09:45:58 +0800] "GET /xingrg/all/function/internal_message.html?_=1628559957418&CODE_STATE=getMsg HTTP/1.1" 200 27
222.70.178.182 - - [10/Aug/2021:09:46:02 +0800] "GET /xingrg/all/function/internal_message.html?_=1628559958980&CODE_STATE=getMsg HTTP/1.1" 200 27
116.235.222.38 - - [10/Aug/2021:09:46:06 +0800] "GET /xingrg/kc/buy/cgsh_order_operate.html?command=get_materiel&rest_code=00107&code=00101008087&supplier_code=00100006&order_time=2021-08-10 HTTP/1.1" 200 412
114.88.154.248 - - [10/Aug/2021:09:46:07 +0800] "GET /xingrg/kc/buy/cgsh_order_operate.html?command=get_materiel&rest_code=00141&code=00101008112&supplier_code=00100007&order_time=2021-08-10 HTTP/1.1" 200 412
116.235.222.38 - - [10/Aug/2021:09:46:09 +0800] "POST /xingrg/kc/buy/cgsh_order_operate.html HTTP/1.1" 200 2065
222.70.246.151 - - [10/Aug/2021:09:46:12 +0800] "GET /xingrg/all/function/internal_message.html?_=1628559976735&CODE_STATE=getMsg HTTP/1.1" 200 27
114.92.192.216 - - [10/Aug/2021:09:46:19 +0800] "POST /xingrg/supplier/cgsh_list_operate.html HTTP/1.1" 200 5601
58.37.4.159 - - [10/Aug/2021:09:46:21 +0800] "GET /xingrg/all/function/internal_message.html?_=1628559981033&CODE_STATE=getMsg HTTP/1.1" 200 27
