120.253.135.82 - - [10/Aug/2021:10:28:16 +0800] "GET /xingrg/javascript/print/kc_print.js HTTP/1.1" 200 11415
120.253.135.82 - - [10/Aug/2021:10:28:16 +0800] "GET /xingrg/javascript/jquery_tools/order_manager.js HTTP/1.1" 200 11183
120.253.135.82 - - [10/Aug/2021:10:28:16 +0800] "GET /xingrg/words/20210809132128_words.js HTTP/1.1" 200 833476
120.253.135.82 - - [10/Aug/2021:10:28:16 +0800] "GET /xingrg/javascript/easyui/themes/icons/template_new.png HTTP/1.1" 200 3956
120.253.135.82 - - [10/Aug/2021:10:28:16 +0800] "GET /xingrg/javascript/easyui/themes/icons/ok.png HTTP/1.1" 200 883
120.253.135.82 - - [10/Aug/2021:10:28:16 +0800] "GET /xingrg/javascript/easyui/themes/icons/copy_new.png HTTP/1.1" 200 815
120.253.135.82 - - [10/Aug/2021:10:28:16 +0800] "GET /xingrg/javascript/easyui/themes/icons/print.png HTTP/1.1" 200 1057
120.253.135.82 - - [10/Aug/2021:10:28:16 +0800] "GET /xingrg/javascript/easyui/themes/default/images/menu_downarrow.png HTTP/1.1" 200 173
120.253.135.82 - - [10/Aug/2021:10:28:16 +0800] "GET /xingrg/javascript/easyui/themes/icons/cancel.png HTTP/1.1" 200 1133
120.253.135.82 - - [10/Aug/2021:10:28:17 +0800] "POST /xingrg/kc/buy/cgsh_order_operate.html HTTP/1.1" 200 8245
120.253.135.82 - - [10/Aug/2021:10:28:17 +0800] "GET /xingrg/all/common/auto_word.html?type=employee&rest_code=00101 HTTP/1.1" 200 1123
120.253.135.82 - - [10/Aug/2021:10:28:17 +0800] "GET /xingrg/javascript/easyui/themes/icons/edit_remove.png HTTP/1.1" 200 625
120.253.135.82 - - [10/Aug/2021:10:28:17 +0800] "GET /xingrg/all/common/auto_word.html?type=employee&rest_code=00101 HTTP/1.1" 200 1123
120.253.135.82 - - [10/Aug/2021:10:28:18 +0800] "GET /xingrg/javascript/easyui/themes/default/validatebox.css HTTP/1.1" 404 1104
120.253.135.82 - - [10/Aug/2021:10:28:18 +0800] "GET /xingrg/javascript/easyui/plugins/jquery.validatebox.js HTTP/1.1" 200 6103
120.253.135.82 - - [10/Aug/2021:10:28:18 +0800] "GET /xingrg/javascript/easyui/plugins/jquery.numberbox.js HTTP/1.1" 200 5213
120.253.135.82 - - [10/Aug/2021:10:28:18 +0800] "GET /xingrg/javascript/auto/indicator.gif HTTP/1.1" 404 1066
116.235.222.38 - - [10/Aug/2021:10:28:19 +0800] "GET /xingrg/all/function/internal_message.html?_=1628562497523&CODE_STATE=getMsg HTTP/1.1" 200 27
114.88.154.248 - - [10/Aug/2021:10:28:21 +0800] "GET /xingrg/kc/buy/cgsh_order_operate.html?command=get_materiel&rest_code=00141&code=00101007085&supplier_code=00100328&order_time=2021-08-10 HTTP/1.1" 200 413
120.253.135.82 - - [10/Aug/2021:10:28:22 +0800] "GET /xingrg/css/images/panel_loading.gif HTTP/1.1" 200 1737
120.253.135.82 - - [10/Aug/2021:10:28:22 +0800] "POST /xingrg/all/common/load_combo.html?type=employee HTTP/1.1" 200 2013
116.238.194.18 - - [10/Aug/2021:10:28:22 +0800] "GET /xingrg/kc/buy/cgsh_order_operate.html?command=get_materiel&rest_code=00150&code=00101002006&supplier_code=00100091&order_time=2021-08-10 HTTP/1.1" 200 414
101.83.145.79 - - [10/Aug/2021:10:28:23 +0800] "GET /xingrg/kc/buy/cgsh_order_operate.html?command=get_materiel&rest_code=00105&code=00101006164&supplier_code=00100326&order_time=2021-08-10 HTTP/1.1" 200 415
58.40.7.146 - - [10/Aug/2021:10:28:24 +0800] "GET /xingrg/all/function/internal_message.html?_=1628562502548&CODE_STATE=getMsg HTTP/1.1" 200 27
180.97.118.221 - - [10/Aug/2021:10:28:24 +0800] "GET /xingrg/kc/print/load_config.html?kc_code=cgsh HTTP/1.1" 302 -
58.37.4.159 - - [10/Aug/2021:10:28:25 +0800] "GET /xingrg/kc/buy/cgsh_order_operate.html?command=get_materiel&rest_code=00106&code=00101007001&supplier_code=00100002&order_time=2021-08-10 HTTP/1.1" 200 409
114.84.82.184 - - [10/Aug/2021:10:28:25 +0800] "GET /xingrg/kc/buy/cgsh_order_add.html HTTP/1.1" 200 63149
114.84.82.184 - - [10/Aug/2021:10:28:25 +0800] "POST /xingrg/kc/buy/cgsh_order_operate.html HTTP/1.1" 200 8245
114.84.82.184 - - [10/Aug/2021:10:28:25 +0800] "GET /xingrg/javascript/easyui/themes/default/validatebox.css HTTP/1.1" 404 1104
180.97.118.221 - - [10/Aug/2021:10:28:27 +0800] "GET /xingrg/login.html HTTP/1.1" 200 7641
58.40.7.146 - - [10/Aug/2021:10:28:30 +0800] "GET /xingrg/all/function/internal_message.html?_=1628562509017&CODE_STATE=getMsg HTTP/1.1" 302 -
101.83.145.79 - - [10/Aug/2021:10:28:31 +0800] "POST /xingrg/kc/buy/cgsh_order_operate.html HTTP/1.1" 200 37
101.83.145.79 - - [10/Aug/2021:10:28:33 +0800] "POST /xingrg/kc/buy/cgsh_order_operate.html HTTP/1.1" 200 2660
116.238.194.18 - - [10/Aug/2021:10:28:33 +0800] "GET /xingrg/kc/buy/cgsh_order_operate.html?command=get_materiel&rest_code=00150&code=00101003037&supplier_code=00100091&order_time=2021-08-10 HTTP/1.1" 200 415
101.83.145.79 - - [10/Aug/2021:10:28:34 +0800] "GET /xingrg/kc/print/load_data.html?order_code=212021081004412&kc_code=cgsh&condition= HTTP/1.1" 200 679
114.88.154.248 - - [10/Aug/2021:10:28:34 +0800] "GET /xingrg/all/function/internal_message.html?_=1628562419951&CODE_STATE=getMsg HTTP/1.1" 200 27
120.253.135.82 - - [10/Aug/2021:10:28:37 +0800] "GET /xingrg/kc/buy/cgsh_order_operate.html?command=get_materiel&rest_code=00101&code=00102002851&supplier_code=00100151&order_time=2021-08-10 HTTP/1.1" 200 412
58.37.4.159 - - [10/Aug/2021:10:28:37 +0800] "GET /xingrg/kc/buy/cgsh_order_operate.html?command=get_materiel&rest_code=00106&code=00101007077&supplier_code=00100002&order_time=2021-08-10 HTTP/1.1" 200 415
58.37.4.159 - - [10/Aug/2021:10:28:38 +0800] "GET /xingrg/all/function/internal_message.html?_=1628562517623&CODE_STATE=getMsg HTTP/1.1" 200 27
101.83.145.79 - - [10/Aug/2021:10:28:39 +0800] "GET /xingrg/kc/buy/cgsh_order_add.html HTTP/1.1" 200 63190
101.83.145.79 - - [10/Aug/2021:10:28:39 +0800] "POST /xingrg/kc/buy/cgsh_order_operate.html HTTP/1.1" 200 8245
101.83.145.79 - - [10/Aug/2021:10:28:39 +0800] "GET /xingrg/javascript/easyui/themes/default/validatebox.css HTTP/1.1" 404 1104
116.238.194.18 - - [10/Aug/2021:10:28:43 +0800] "GET /xingrg/all/function/internal_message.html?_=1628562471295&CODE_STATE=getMsg HTTP/1.1" 200 27
180.169.147.146 - - [10/Aug/2021:10:28:43 +0800] "GET /xingrg/all/function/internal_message.html?_=1628562522190&CODE_STATE=getMsg HTTP/1.1" 200 27
101.83.145.79 - - [10/Aug/2021:10:28:45 +0800] "GET /xingrg/all/function/internal_message.html?_=1628562482137&CODE_STATE=getMsg HTTP/1.1" 200 27
58.37.4.159 - - [10/Aug/2021:10:28:46 +0800] "GET /xingrg/check_reg.html?_=1628562525422 HTTP/1.1" 200 22
58.37.4.159 - - [10/Aug/2021:10:28:46 +0800] "GET /xingrg/all/function/internal_message.html?_=1628562525425&CODE_STATE=getMsg HTTP/1.1" 200 27
61.151.178.217 - - [10/Aug/2021:10:28:48 +0800] "GET /xingrg/all/function/internal_message.html?_=1628562457619&CODE_STATE=getMsg HTTP/1.1" 302 -
58.37.4.159 - - [10/Aug/2021:10:28:49 +0800] "POST /xingrg/kc/buy/cgsh_order_operate.html HTTP/1.1" 200 37
101.83.145.79 - - [10/Aug/2021:10:28:50 +0800] "GET /xingrg/kc/buy/cgsh_order_operate.html?command=get_materiel&rest_code=00105&code=00101001140&supplier_code=00100090&order_time=2021-08-10 HTTP/1.1" 200 415
61.151.178.217 - - [10/Aug/2021:10:28:51 +0800] "GET /xingrg/login.html HTTP/1.1" 200 7641
120.253.135.82 - - [10/Aug/2021:10:28:53 +0800] "POST /xingrg/kc/buy/cgsh_order_operate.html HTTP/1.1" 200 37
58.37.4.159 - - [10/Aug/2021:10:28:53 +0800] "POST /xingrg/kc/buy/cgsh_order_operate.html HTTP/1.1" 200 12
116.238.194.18 - - [10/Aug/2021:10:28:54 +0800] "GET /xingrg/kc/buy/cgsh_order_operate.html?command=get_materiel&rest_code=00150&code=00101010309&supplier_code=00100091&order_time=2021-08-10 HTTP/1.1" 200 423
116.233.77.65 - - [10/Aug/2021:10:28:55 +0800] "GET /xingrg/all/function/internal_message.html?_=1628562535904&CODE_STATE=getMsg HTTP/1.1" 200 27
101.83.145.79 - - [10/Aug/2021:10:28:56 +0800] "GET /xingrg/all/function/internal_message.html?_=1628562536019&CODE_STATE=getMsg HTTP/1.1" 200 27
101.83.145.79 - - [10/Aug/2021:10:28:56 +0800] "GET /xingrg/check_reg.html?_=1628562536022 HTTP/1.1" 200 22
116.235.222.38 - - [10/Aug/2021:10:28:56 +0800] "GET /xingrg/kc/buy/cgsh_order_operate.html?command=get_materiel&rest_code=00107&code=00102002167&supplier_code=00100347&order_time=2021-08-10 HTTP/1.1" 200 409
58.37.4.159 - - [10/Aug/2021:10:28:56 +0800] "GET /xingrg/kc/buy/cgsh_order_info.html?code=212021081004413 HTTP/1.1" 200 58060
172.20.0.100 - - [10/Aug/2021:10:28:56 +0800] "GET /xingrg/all/function/internal_message.html?_=1628562533797&CODE_STATE=getMsg HTTP/1.1" 302 -
58.37.4.159 - - [10/Aug/2021:10:28:56 +0800] "GET /xingrg/javascript/easyui/themes/default/validatebox.css HTTP/1.1" 404 1104
58.37.4.159 - - [10/Aug/2021:10:28:57 +0800] "POST /xingrg/kc/buy/cgsh_order_operate.html HTTP/1.1" 200 2373
114.84.82.184 - - [10/Aug/2021:10:28:58 +0800] "GET /xingrg/all/function/internal_message.html?_=1628562537398&CODE_STATE=getMsg HTTP/1.1" 200 27
61.151.207.205 - - [10/Aug/2021:10:28:59 +0800] "GET /xingrg/kc/buy/cgsh_order_operate.html?command=get_materiel&rest_code=00106&code=00101007049&supplier_code=00100002&order_time=2021-08-10 HTTP/1.1" 302 -
58.37.4.159 - - [10/Aug/2021:10:29:00 +0800] "GET /xingrg/kc/print/load_data.html?order_code=212021081004413&kc_code=cgsh&condition= HTTP/1.1" 200 1444
222.70.178.182 - - [10/Aug/2021:10:29:02 +0800] "GET /xingrg/check_reg.html?_=1628562539039 HTTP/1.1" 200 22
222.70.178.182 - - [10/Aug/2021:10:29:02 +0800] "GET /xingrg/all/function/internal_message.html?_=1628562539036&CODE_STATE=getMsg HTTP/1.1" 200 27
116.238.194.18 - - [10/Aug/2021:10:29:03 +0800] "GET /xingrg/all/function/internal_message.html?_=1628562540491&CODE_STATE=getMsg HTTP/1.1" 200 27
61.151.207.205 - - [10/Aug/2021:10:29:03 +0800] "GET /xingrg/login.html HTTP/1.1" 200 7641
116.230.110.80 - - [10/Aug/2021:10:29:03 +0800] "GET /xingrg/all/function/internal_message.html?_=1628562540154&CODE_STATE=getMsg HTTP/1.1" 200 27
116.238.194.18 - - [10/Aug/2021:10:29:06 +0800] "POST /xingrg/kc/buy/cgsh_order_operate.html HTTP/1.1" 200 37
58.37.4.159 - - [10/Aug/2021:10:29:06 +0800] "GET /xingrg/kc/print/load_data.html?order_code=212021081004413&kc_code=cgsh HTTP/1.1" 200 1444
114.88.154.248 - - [10/Aug/2021:10:29:07 +0800] "GET /xingrg/kc/buy/cgsh_order_operate.html?command=get_materiel&rest_code=00141&code=00101007077&supplier_code=00100328&order_time=2021-08-10 HTTP/1.1" 200 415
116.238.194.18 - - [10/Aug/2021:10:29:09 +0800] "POST /xingrg/kc/buy/cgsh_order_operate.html HTTP/1.1" 200 12
120.253.135.82 - - [10/Aug/2021:10:29:09 +0800] "POST /xingrg/kc/buy/cgsh_order_operate.html HTTP/1.1" 200 2679
61.151.178.177 - - [10/Aug/2021:10:29:10 +0800] "GET /xingrg/kc/buy/cgsh_order_operate.html?command=get_materiel&rest_code=00106&code=00101007017&supplier_code=00100002&order_time=2021-08-10 HTTP/1.1" 302 -
116.238.194.18 - - [10/Aug/2021:10:29:10 +0800] "GET /xingrg/kc/buy/cgsh_order_info.html?code=212021081004415 HTTP/1.1" 200 57996
116.238.194.18 - - [10/Aug/2021:10:29:10 +0800] "GET /xingrg/javascript/easyui/themes/default/validatebox.css HTTP/1.1" 404 1104
116.238.194.18 - - [10/Aug/2021:10:29:11 +0800] "POST /xingrg/kc/buy/cgsh_order_operate.html HTTP/1.1" 200 1812
120.253.135.82 - - [10/Aug/2021:10:29:12 +0800] "GET /xingrg/all/function/internal_message.html?_=1628562328072&CODE_STATE=getMsg HTTP/1.1" 200 27
120.253.135.82 - - [10/Aug/2021:10:29:12 +0800] "GET /xingrg/kc/print/load_config.html?kc_code=cgsh HTTP/1.1" 200 2076
120.253.135.82 - - [10/Aug/2021:10:29:12 +0800] "GET /xingrg/kc/print/load_data.html?order_code=212021081004414&kc_code=cgsh&condition= HTTP/1.1" 200 675
116.238.194.18 - - [10/Aug/2021:10:29:12 +0800] "GET /xingrg/kc/print/load_data.html?order_code=212021081004415&kc_code=cgsh&condition= HTTP/1.1" 200 1274
61.151.178.177 - - [10/Aug/2021:10:29:13 +0800] "GET /xingrg/login.html HTTP/1.1" 200 7641
222.70.246.151 - - [10/Aug/2021:10:29:14 +0800] "GET /xingrg/all/function/internal_message.html?_=1628562558584&CODE_STATE=getMsg HTTP/1.1" 200 27
58.37.4.159 - - [10/Aug/2021:10:29:16 +0800] "GET /xingrg/kc/buy/cgsh_order_add.html HTTP/1.1" 200 63149
58.37.4.159 - - [10/Aug/2021:10:29:16 +0800] "POST /xingrg/kc/buy/cgsh_order_operate.html HTTP/1.1" 200 8245
58.37.4.159 - - [10/Aug/2021:10:29:16 +0800] "GET /xingrg/javascript/easyui/themes/default/validatebox.css HTTP/1.1" 404 1104
114.88.154.248 - - [10/Aug/2021:10:29:17 +0800] "POST /xingrg/kc/buy/cgsh_order_operate.html HTTP/1.1" 200 37
116.235.222.38 - - [10/Aug/2021:10:29:18 +0800] "GET /xingrg/kc/buy/cgsh_order_operate.html?command=get_materiel&rest_code=00107&code=00101001008&supplier_code=00100347&order_time=2021-08-10 HTTP/1.1" 200 415
116.235.222.38 - - [10/Aug/2021:10:29:19 +0800] "GET /xingrg/all/function/internal_message.html?_=1628562557490&CODE_STATE=getMsg HTTP/1.1" 200 27
58.37.4.159 - - [10/Aug/2021:10:29:19 +0800] "GET /xingrg/javascript/easyui/themes/default/tree.css HTTP/1.1" 404 1090
58.37.4.159 - - [10/Aug/2021:10:29:19 +0800] "POST /xingrg/all/common/load_tree.html?tree=supplier_tree_json&isDelete=1 HTTP/1.1" 200 57192
101.83.145.79 - - [10/Aug/2021:10:29:20 +0800] "GET /xingrg/kc/buy/cgsh_order_operate.html?command=get_materiel&rest_code=00105&code=00101001049&supplier_code=00100090&order_time=2021-08-10 HTTP/1.1" 200 413
114.88.154.248 - - [10/Aug/2021:10:29:22 +0800] "POST /xingrg/kc/buy/cgsh_order_operate.html HTTP/1.1" 200 12
101.91.60.88 - - [10/Aug/2021:10:29:22 +0800] "GET /xingrg/kc/buy/cgsh_order_operate.html?command=get_materiel&rest_code=00106&code=00101007001&supplier_code=00100002&order_time=2021-08-10 HTTP/1.1" 302 -
101.91.60.88 - - [10/Aug/2021:10:29:22 +0800] "GET /xingrg/login.html HTTP/1.1" 200 7641
114.88.154.248 - - [10/Aug/2021:10:29:22 +0800] "GET /xingrg/kc/buy/cgsh_order_info.html?code=212021081004416 HTTP/1.1" 200 58062
114.88.154.248 - - [10/Aug/2021:10:29:23 +0800] "GET /xingrg/javascript/easyui/themes/default/validatebox.css HTTP/1.1" 404 1104
114.88.154.248 - - [10/Aug/2021:10:29:24 +0800] "POST /xingrg/kc/buy/cgsh_order_operate.html HTTP/1.1" 200 1202
58.40.7.146 - - [10/Aug/2021:10:29:24 +0800] "GET /xingrg/all/function/internal_message.html?_=1628562562549&CODE_STATE=getMsg HTTP/1.1" 200 27
116.238.194.18 - - [10/Aug/2021:10:29:25 +0800] "GET /xingrg/kc/buy/cgsh_order_add.html HTTP/1.1" 200 63079
116.238.194.18 - - [10/Aug/2021:10:29:25 +0800] "POST /xingrg/kc/buy/cgsh_order_operate.html HTTP/1.1" 200 8245
116.238.194.18 - - [10/Aug/2021:10:29:25 +0800] "GET /xingrg/javascript/easyui/themes/default/validatebox.css HTTP/1.1" 404 1104
114.88.154.248 - - [10/Aug/2021:10:29:26 +0800] "GET /xingrg/kc/print/load_data.html?order_code=212021081004416&kc_code=cgsh&condition= HTTP/1.1" 200 942
58.37.4.159 - - [10/Aug/2021:10:29:30 +0800] "GET /xingrg/kc/buy/cgsh_order_operate.html?command=get_materiel&rest_code=00106&code=00101012003&supplier_code=00100032&order_time=2021-08-10 HTTP/1.1" 200 413
58.40.7.146 - - [10/Aug/2021:10:29:30 +0800] "GET /xingrg/all/function/internal_message.html?_=1628562569020&CODE_STATE=getMsg HTTP/1.1" 302 -
58.40.7.146 - - [10/Aug/2021:10:29:30 +0800] "GET /xingrg/check_reg.html?_=1628562569022 HTTP/1.1" 302 -
114.88.154.248 - - [10/Aug/2021:10:29:31 +0800] "GET /xingrg/kc/buy/cgsh_order_add.html HTTP/1.1" 200 63149
114.88.154.248 - - [10/Aug/2021:10:29:31 +0800] "POST /xingrg/kc/buy/cgsh_order_operate.html HTTP/1.1" 200 8245
114.88.154.248 - - [10/Aug/2021:10:29:31 +0800] "GET /xingrg/javascript/easyui/themes/default/validatebox.css HTTP/1.1" 404 1104
101.83.145.79 - - [10/Aug/2021:10:29:33 +0800] "GET /xingrg/kc/buy/cgsh_order_operate.html?command=get_materiel&rest_code=00105&code=00101001125&supplier_code=00100090&order_time=2021-08-10 HTTP/1.1" 200 415
114.84.82.184 - - [10/Aug/2021:10:29:33 +0800] "GET /xingrg/kc/buy/cgsh_order_operate.html?command=get_materiel&rest_code=00148&code=00101002038&supplier_code=00100087&order_time=2021-08-10 HTTP/1.1" 200 414
116.238.194.18 - - [10/Aug/2021:10:29:33 +0800] "GET /xingrg/kc/buy/cgsh_order_operate.html?command=get_materiel&rest_code=00150&code=00101001140&supplier_code=00100319&order_time=2021-08-10 HTTP/1.1" 200 415
114.88.154.248 - - [10/Aug/2021:10:29:34 +0800] "GET /xingrg/all/function/internal_message.html?_=1628562479820&CODE_STATE=getMsg HTTP/1.1" 200 27
101.89.19.197 - - [10/Aug/2021:10:29:36 +0800] "GET /xingrg/kc/buy/cgsh_order_operate.html?command=get_materiel&rest_code=00106&code=00101007077&supplier_code=00100002&order_time=2021-08-10 HTTP/1.1" 302 -
58.37.4.159 - - [10/Aug/2021:10:29:38 +0800] "GET /xingrg/all/function/internal_message.html?_=1628562577597&CODE_STATE=getMsg HTTP/1.1" 200 27
101.89.19.197 - - [10/Aug/2021:10:29:39 +0800] "GET /xingrg/login.html HTTP/1.1" 200 7641
58.37.4.159 - - [10/Aug/2021:10:29:39 +0800] "GET /xingrg/kc/buy/cgsh_order_operate.html?command=get_materiel&rest_code=00106&code=00101016053&supplier_code=00100032&order_time=2021-08-10 HTTP/1.1" 200 408
101.89.29.78 - - [10/Aug/2021:10:29:39 +0800] "GET /xingrg/all/function/internal_message.html?_=1628562517623&CODE_STATE=getMsg HTTP/1.1" 302 -
180.169.147.146 - - [10/Aug/2021:10:29:40 +0800] "GET /xingrg/check_reg.html?_=1628562578914 HTTP/1.1" 200 22
101.83.145.79 - - [10/Aug/2021:10:29:41 +0800] "POST /xingrg/kc/buy/cgsh_order_operate.html HTTP/1.1" 200 37
116.238.194.18 - - [10/Aug/2021:10:29:43 +0800] "GET /xingrg/all/function/internal_message.html?_=1628562531309&CODE_STATE=getMsg HTTP/1.1" 200 27
180.169.147.146 - - [10/Aug/2021:10:29:43 +0800] "GET /xingrg/all/function/internal_message.html?_=1628562582166&CODE_STATE=getMsg HTTP/1.1" 200 27
114.88.154.248 - - [10/Aug/2021:10:29:44 +0800] "GET /xingrg/kc/buy/cgsh_order_operate.html?command=get_materiel&rest_code=00141&code=00101001138&supplier_code=00100430&order_time=2021-08-10 HTTP/1.1" 200 413
101.89.29.78 - - [10/Aug/2021:10:29:44 +0800] "GET /xingrg/login.html HTTP/1.1" 200 7641
101.83.145.79 - - [10/Aug/2021:10:29:45 +0800] "POST /xingrg/kc/buy/cgsh_order_operate.html HTTP/1.1" 200 3856
101.83.145.79 - - [10/Aug/2021:10:29:45 +0800] "GET /xingrg/all/function/internal_message.html?_=1628562542138&CODE_STATE=getMsg HTTP/1.1" 200 27
58.37.4.159 - - [10/Aug/2021:10:29:46 +0800] "GET /xingrg/all/function/internal_message.html?_=1628562585411&CODE_STATE=getMsg HTTP/1.1" 200 27
101.83.145.79 - - [10/Aug/2021:10:29:47 +0800] "GET /xingrg/kc/print/load_data.html?order_code=212021081004417&kc_code=cgsh&condition= HTTP/1.1" 200 1195
116.238.194.18 - - [10/Aug/2021:10:29:47 +0800] "GET /xingrg/kc/buy/cgsh_order_operate.html?command=get_materiel&rest_code=00150&code=00101001125&supplier_code=00100319&order_time=2021-08-10 HTTP/1.1" 200 415
114.84.82.184 - - [10/Aug/2021:10:29:52 +0800] "POST /xingrg/kc/buy/cgsh_order_operate.html HTTP/1.1" 200 37
114.84.82.184 - - [10/Aug/2021:10:29:54 +0800] "GET /favicon.ico HTTP/1.1" 404 -
101.83.145.79 - - [10/Aug/2021:10:29:54 +0800] "GET /xingrg/kc/buy/cgsh_order_add.html HTTP/1.1" 200 63190
101.83.145.79 - - [10/Aug/2021:10:29:54 +0800] "POST /xingrg/kc/buy/cgsh_order_operate.html HTTP/1.1" 200 8245
114.84.82.184 - - [10/Aug/2021:10:29:54 +0800] "POST /xingrg/kc/buy/cgsh_order_operate.html HTTP/1.1" 200 2661
101.83.145.79 - - [10/Aug/2021:10:29:54 +0800] "GET /xingrg/javascript/easyui/themes/default/validatebox.css HTTP/1.1" 404 1104
116.233.77.65 - - [10/Aug/2021:10:29:55 +0800] "GET /xingrg/all/function/internal_message.html?_=1628562595911&CODE_STATE=getMsg HTTP/1.1" 200 27
101.83.145.79 - - [10/Aug/2021:10:29:56 +0800] "GET /xingrg/all/function/internal_message.html?_=1628562596012&CODE_STATE=getMsg HTTP/1.1" 200 27
172.20.0.100 - - [10/Aug/2021:10:29:56 +0800] "GET /xingrg/all/function/internal_message.html?_=1628562593799&CODE_STATE=getMsg HTTP/1.1" 302 -
114.84.82.184 - - [10/Aug/2021:10:29:56 +0800] "GET /xingrg/kc/print/load_data.html?order_code=212021081004418&kc_code=cgsh&condition= HTTP/1.1" 200 728
116.235.222.38 - - [10/Aug/2021:10:29:57 +0800] "GET /xingrg/kc/buy/cgsh_order_operate.html?command=get_materiel&rest_code=00107&code=00101023025&supplier_code=00100347&order_time=2021-08-10 HTTP/1.1" 200 396
114.84.82.184 - - [10/Aug/2021:10:29:58 +0800] "GET /xingrg/all/function/internal_message.html?_=1628562597392&CODE_STATE=getMsg HTTP/1.1" 200 27
61.151.178.163 - - [10/Aug/2021:10:30:00 +0800] "GET /xingrg/kc/buy/cgsh_order_info.html?code=212021081004413 HTTP/1.1" 302 -
116.238.194.18 - - [10/Aug/2021:10:30:01 +0800] "POST /xingrg/kc/buy/cgsh_order_operate.html HTTP/1.1" 200 37
61.151.178.163 - - [10/Aug/2021:10:30:01 +0800] "GET /xingrg/login.html HTTP/1.1" 200 7641
222.70.178.182 - - [10/Aug/2021:10:30:02 +0800] "GET /xingrg/all/function/internal_message.html?_=1628562599039&CODE_STATE=getMsg HTTP/1.1" 200 27
114.84.82.184 - - [10/Aug/2021:10:30:02 +0800] "GET /xingrg/kc/buy/cgsh_order_add.html HTTP/1.1" 200 63149
114.84.82.184 - - [10/Aug/2021:10:30:02 +0800] "POST /xingrg/kc/buy/cgsh_order_operate.html HTTP/1.1" 200 8245
114.84.82.184 - - [10/Aug/2021:10:30:02 +0800] "GET /xingrg/javascript/easyui/themes/default/validatebox.css HTTP/1.1" 404 1104
116.238.194.18 - - [10/Aug/2021:10:30:03 +0800] "GET /xingrg/all/function/internal_message.html?_=1628562600477&CODE_STATE=getMsg HTTP/1.1" 200 27
116.230.110.80 - - [10/Aug/2021:10:30:03 +0800] "GET /xingrg/all/function/internal_message.html?_=1628562600162&CODE_STATE=getMsg HTTP/1.1" 200 27
58.37.4.159 - - [10/Aug/2021:10:30:06 +0800] "POST /xingrg/kc/buy/cgsh_order_operate.html HTTP/1.1" 200 37
61.129.7.236 - - [10/Aug/2021:10:30:06 +0800] "GET /xingrg/kc/print/load_data.html?order_code=212021081004413&kc_code=cgsh HTTP/1.1" 302 -
116.238.194.18 - - [10/Aug/2021:10:30:07 +0800] "POST /xingrg/kc/buy/cgsh_order_operate.html HTTP/1.1" 200 12
61.129.7.236 - - [10/Aug/2021:10:30:09 +0800] "GET /xingrg/login.html HTTP/1.1" 200 7641
58.37.4.159 - - [10/Aug/2021:10:30:10 +0800] "POST /xingrg/kc/buy/cgsh_order_operate.html HTTP/1.1" 200 12
116.238.194.18 - - [10/Aug/2021:10:30:10 +0800] "GET /xingrg/kc/buy/cgsh_order_info.html?code=212021081004419 HTTP/1.1" 200 57996
116.238.194.18 - - [10/Aug/2021:10:30:10 +0800] "GET /xingrg/javascript/easyui/themes/default/validatebox.css HTTP/1.1" 404 1104
58.37.4.159 - - [10/Aug/2021:10:30:11 +0800] "GET /xingrg/kc/buy/cgsh_order_info.html?code=212021081004420 HTTP/1.1" 200 58062
58.37.4.159 - - [10/Aug/2021:10:30:11 +0800] "GET /xingrg/javascript/easyui/themes/default/validatebox.css HTTP/1.1" 404 1104
116.238.194.18 - - [10/Aug/2021:10:30:12 +0800] "POST /xingrg/kc/buy/cgsh_order_operate.html HTTP/1.1" 200 1209
120.253.135.82 - - [10/Aug/2021:10:30:12 +0800] "GET /xingrg/all/function/internal_message.html?_=1628562388095&CODE_STATE=getMsg HTTP/1.1" 200 27
180.169.147.146 - - [10/Aug/2021:10:30:13 +0800] "GET /xingrg/check_reg.html?_=1628562611364 HTTP/1.1" 302 -
222.70.246.151 - - [10/Aug/2021:10:30:14 +0800] "GET /xingrg/all/function/internal_message.html?_=1628562618794&CODE_STATE=getMsg HTTP/1.1" 200 27
116.235.222.38 - - [10/Aug/2021:10:30:14 +0800] "POST /xingrg/kc/buy/cgsh_order_operate.html HTTP/1.1" 200 37
58.37.4.159 - - [10/Aug/2021:10:30:14 +0800] "POST /xingrg/kc/buy/cgsh_order_operate.html HTTP/1.1" 200 1198
116.238.194.18 - - [10/Aug/2021:10:30:14 +0800] "GET /xingrg/kc/print/load_data.html?order_code=212021081004419&kc_code=cgsh&condition= HTTP/1.1" 200 972
116.235.222.38 - - [10/Aug/2021:10:30:16 +0800] "POST /xingrg/kc/buy/cgsh_order_operate.html HTTP/1.1" 200 4433
116.235.222.38 - - [10/Aug/2021:10:30:18 +0800] "GET /xingrg/kc/print/load_data.html?order_code=212021081004421&kc_code=cgsh&condition= HTTP/1.1" 200 1334
116.235.222.38 - - [10/Aug/2021:10:30:19 +0800] "GET /xingrg/all/function/internal_message.html?_=1628562617574&CODE_STATE=getMsg HTTP/1.1" 200 27
58.37.4.159 - - [10/Aug/2021:10:30:20 +0800] "GET /xingrg/login.html HTTP/1.1" 200 7641
58.37.4.159 - - [10/Aug/2021:10:30:20 +0800] "GET /favicon.ico HTTP/1.1" 404 -
58.37.4.159 - - [10/Aug/2021:10:30:23 +0800] "POST /xingrg/login.do HTTP/1.1" 302 -
58.37.4.159 - - [10/Aug/2021:10:30:23 +0800] "GET /xingrg/index.html?sysBaseUrl=http%3A%2F%2F180.169.147.146%3A18081%2Fxingrg%2F&costTime=75×tamp=1628562623363 HTTP/1.1" 200 17503
58.37.4.159 - - [10/Aug/2021:10:30:23 +0800] "POST /xingrg/all/common/load_tree.html?tree=area_rest_tree_json&manage=1 HTTP/1.1" 200 3216
58.37.4.159 - - [10/Aug/2021:10:30:23 +0800] "GET /xingrg/all/function/internal_message.html?_=1628562622712&CODE_STATE=count HTTP/1.1" 200 11
58.37.4.159 - - [10/Aug/2021:10:30:23 +0800] "GET /xingrg/check_reg.html?_=1628562622712 HTTP/1.1" 200 22
58.37.4.159 - - [10/Aug/2021:10:30:23 +0800] "GET /favicon.ico HTTP/1.1" 404 -
58.37.4.159 - - [10/Aug/2021:10:30:24 +0800] "POST /xingrg/load_menu.html HTTP/1.1" 200 11564
58.40.7.146 - - [10/Aug/2021:10:30:24 +0800] "GET /xingrg/all/function/internal_message.html?_=1628562622552&CODE_STATE=getMsg HTTP/1.1" 200 27
58.40.7.146 - - [10/Aug/2021:10:30:24 +0800] "GET /xingrg/check_reg.html?_=1628562622554 HTTP/1.1" 200 22
116.238.194.18 - - [10/Aug/2021:10:30:25 +0800] "GET /xingrg/kc/buy/cgsh_order_add.html HTTP/1.1" 200 63079
116.238.194.18 - - [10/Aug/2021:10:30:26 +0800] "POST /xingrg/kc/buy/cgsh_order_operate.html HTTP/1.1" 200 8245
116.238.194.18 - - [10/Aug/2021:10:30:26 +0800] "GET /xingrg/javascript/easyui/themes/default/validatebox.css HTTP/1.1" 404 1104
120.253.135.82 - - [10/Aug/2021:10:30:29 +0800] "POST /xingrg/kc/buy/cgsh_order_operate.html HTTP/1.1" 200 37
58.37.4.159 - - [10/Aug/2021:10:30:29 +0800] "POST /xingrg/all/user/operate.html HTTP/1.1" 200 36
58.37.4.159 - - [10/Aug/2021:10:30:29 +0800] "GET /xingrg/javascript/jquery_easy_ui/themes/default/easyui.css HTTP/1.1" 304 -
58.37.4.159 - - [10/Aug/2021:10:30:29 +0800] "GET /xingrg/javascript/jquery_easy_ui/themes/icon.css HTTP/1.1" 304 -
58.37.4.159 - - [10/Aug/2021:10:30:29 +0800] "GET /xingrg/css/form.css HTTP/1.1" 304 -
58.37.4.159 - - [10/Aug/2021:10:30:29 +0800] "GET /xingrg/javascript/jquery-1.4.2.min.js HTTP/1.1" 304 -
58.37.4.159 - - [10/Aug/2021:10:30:29 +0800] "GET /xingrg/index.html?sysBaseUrl=http%3A%2F%2F180.169.147.146%3A18081%2Fxingrg%2F&costTime=75×tamp=1628562623363 HTTP/1.1" 200 17503
58.37.4.159 - - [10/Aug/2021:10:30:29 +0800] "GET /xingrg/javascript/jquery_easy_ui/jquery.easyui.min.js HTTP/1.1" 304 -
58.37.4.159 - - [10/Aug/2021:10:30:29 +0800] "GET /xingrg/javascript/jquery_easy_ui/easyui-lang-zh_CN.js HTTP/1.1" 304 -
58.37.4.159 - - [10/Aug/2021:10:30:29 +0800] "GET /xingrg/javascript/jquery.form.js HTTP/1.1" 304 -
58.37.4.159 - - [10/Aug/2021:10:30:29 +0800] "GET /xingrg/javascript/jquery.utils.js HTTP/1.1" 304 -
58.37.4.159 - - [10/Aug/2021:10:30:29 +0800] "GET /xingrg/javascript/jquery.timers.js HTTP/1.1" 304 -
58.37.4.159 - - [10/Aug/2021:10:30:29 +0800] "GET /xingrg/images/blue/jxLogo.png HTTP/1.1" 304 -
58.37.4.159 - - [10/Aug/2021:10:30:29 +0800] "GET /xingrg/javascript/jquery_easy_ui/themes/icons/settle_new.png HTTP/1.1" 304 -
58.37.4.159 - - [10/Aug/2021:10:30:29 +0800] "GET /xingrg/images/blue/navBackgound.jpg HTTP/1.1" 304 -
58.37.4.159 - - [10/Aug/2021:10:30:29 +0800] "GET /xingrg/all/function/internal_message.html?_=1628562628866&CODE_STATE=count HTTP/1.1" 200 11
58.37.4.159 - - [10/Aug/2021:10:30:29 +0800] "POST /xingrg/all/common/load_tree.html?tree=area_rest_tree_json&manage=1 HTTP/1.1" 200 3216
58.37.4.159 - - [10/Aug/2021:10:30:29 +0800] "GET /xingrg/javascript/jquery_easy_ui/themes/default/images/panel_tool_expand.gif HTTP/1.1" 304 -
58.37.4.159 - - [10/Aug/2021:10:30:29 +0800] "GET /xingrg/javascript/jquery_easy_ui/themes/default/images/panel_tool_collapse.gif HTTP/1.1" 304 -
58.37.4.159 - - [10/Aug/2021:10:30:29 +0800] "GET /xingrg/check_reg.html?_=1628562628867 HTTP/1.1" 200 22
58.37.4.159 - - [10/Aug/2021:10:30:29 +0800] "GET /xingrg/javascript/jquery_easy_ui/themes/default/images/tabs_rightarrow.png HTTP/1.1" 304 -
58.37.4.159 - - [10/Aug/2021:10:30:29 +0800] "GET /xingrg/images/blue/pingpu.png HTTP/1.1" 304 -
58.37.4.159 - - [10/Aug/2021:10:30:29 +0800] "GET /xingrg/javascript/jquery_easy_ui/themes/default/images/tabs_leftarrow.png HTTP/1.1" 304 -
58.37.4.159 - - [10/Aug/2021:10:30:29 +0800] "GET /xingrg/javascript/jquery_easy_ui/themes/default/images/tree_arrows.gif HTTP/1.1" 304 -
58.37.4.159 - - [10/Aug/2021:10:30:29 +0800] "POST /xingrg/load_menu.html HTTP/1.1" 200 9959
58.40.7.146 - - [10/Aug/2021:10:30:30 +0800] "GET /xingrg/all/function/internal_message.html?_=1628562629024&CODE_STATE=getMsg HTTP/1.1" 302 -
58.37.4.159 - - [10/Aug/2021:10:30:30 +0800] "GET /xingrg/kc/buy/buy_main.html HTTP/1.1" 200 12412
58.37.4.159 - - [10/Aug/2021:10:30:30 +0800] "GET /xingrg/css/new_ie.css HTTP/1.1" 404 1036
58.37.4.159 - - [10/Aug/2021:10:30:31 +0800] "GET /xingrg/images/yd/bt.gif HTTP/1.1" 404 1040
58.37.4.159 - - [10/Aug/2021:10:30:32 +0800] "GET /xingrg/kc/buy/cgsh_order_list.html HTTP/1.1" 200 47660
114.84.82.184 - - [10/Aug/2021:10:30:32 +0800] "GET /xingrg/kc/buy/cgsh_order_operate.html?command=get_materiel&rest_code=00148&code=00101007085&supplier_code=00100328&order_time=2021-08-10 HTTP/1.1" 200 413
58.37.4.159 - - [10/Aug/2021:10:30:33 +0800] "POST /xingrg/kc/buy/cgsh_list_operate.html HTTP/1.1" 200 876
114.88.154.248 - - [10/Aug/2021:10:30:34 +0800] "GET /xingrg/all/function/internal_message.html?_=1628562539893&CODE_STATE=getMsg HTTP/1.1" 200 27
120.253.135.82 - - [10/Aug/2021:10:30:36 +0800] "POST /xingrg/kc/buy/cgsh_order_operate.html HTTP/1.1" 200 12
58.37.4.159 - - [10/Aug/2021:10:30:38 +0800] "POST /xingrg/kc/buy/cgsh_list_operate.html HTTP/1.1" 200 5947
58.37.4.159 - - [10/Aug/2021:10:30:38 +0800] "GET /xingrg/all/function/internal_message.html?_=1628562637575&CODE_STATE=getMsg HTTP/1.1" 200 27
120.253.135.82 - - [10/Aug/2021:10:30:38 +0800] "GET /xingrg/kc/buy/cgsh_order_info.html?code=212021081004414 HTTP/1.1" 200 57096
120.253.135.82 - - [10/Aug/2021:10:30:39 +0800] "GET /xingrg/javascript/easyui/themes/default/validatebox.css HTTP/1.1" 404 1104
120.253.135.82 - - [10/Aug/2021:10:30:39 +0800] "POST /xingrg/kc/buy/cgsh_order_operate.html HTTP/1.1" 200 629
116.238.194.18 - - [10/Aug/2021:10:30:42 +0800] "GET /xingrg/kc/buy/cgsh_order_operate.html?command=get_materiel&rest_code=00150&code=00101001138&supplier_code=00100430&order_time=2021-08-10 HTTP/1.1" 200 415
58.37.4.159 - - [10/Aug/2021:10:30:43 +0800] "POST /xingrg/kc/buy/cgsh_list_operate.html HTTP/1.1" 200 6077
116.238.194.18 - - [10/Aug/2021:10:30:43 +0800] "GET /xingrg/all/function/internal_message.html?_=1628562591415&CODE_STATE=getMsg HTTP/1.1" 200 27
180.169.147.146 - - [10/Aug/2021:10:30:43 +0800] "GET /xingrg/all/function/internal_message.html?_=1628562642155&CODE_STATE=getMsg HTTP/1.1" 200 27
180.97.118.219 - - [10/Aug/2021:10:30:44 +0800] "GET /xingrg/all/function/internal_message.html?_=1628562577597&CODE_STATE=getMsg HTTP/1.1" 302 -
101.83.145.79 - - [10/Aug/2021:10:30:45 +0800] "GET /xingrg/all/function/internal_message.html?_=1628562602138&CODE_STATE=getMsg HTTP/1.1" 200 27
58.37.4.159 - - [10/Aug/2021:10:30:46 +0800] "GET /xingrg/all/function/internal_message.html?_=1628562645411&CODE_STATE=getMsg HTTP/1.1" 200 27
58.37.4.159 - - [10/Aug/2021:10:30:47 +0800] "POST /xingrg/kc/buy/cgsh_list_operate.html HTTP/1.1" 200 272
180.97.118.219 - - [10/Aug/2021:10:30:47 +0800] "GET /xingrg/login.html HTTP/1.1" 200 7641
58.37.4.159 - - [10/Aug/2021:10:30:47 +0800] "GET /xingrg/kc/buy/cgsh_order_info.html?code=212021081004420 HTTP/1.1" 200 58319
58.37.4.159 - - [10/Aug/2021:10:30:48 +0800] "GET /xingrg/javascript/easyui/themes/default/validatebox.css HTTP/1.1" 404 1104
58.37.4.159 - - [10/Aug/2021:10:30:48 +0800] "POST /xingrg/kc/buy/cgsh_order_operate.html HTTP/1.1" 200 1198
120.253.135.82 - - [10/Aug/2021:10:30:49 +0800] "GET /xingrg/kc/buy/cgsh_order_add.html HTTP/1.1" 200 62204
120.253.135.82 - - [10/Aug/2021:10:30:49 +0800] "POST /xingrg/kc/buy/cgsh_order_operate.html HTTP/1.1" 200 8245
120.253.135.82 - - [10/Aug/2021:10:30:49 +0800] "GET /xingrg/javascript/easyui/themes/default/validatebox.css HTTP/1.1" 404 1104
58.37.4.159 - - [10/Aug/2021:10:30:51 +0800] "POST /xingrg/kc/buy/cgsh_order_operate.html HTTP/1.1" 200 12
58.37.4.159 - - [10/Aug/2021:10:30:52 +0800] "GET /xingrg/kc/buy/cgsh_order_info.html?code=212021081004420 HTTP/1.1" 200 63160
114.84.82.184 - - [10/Aug/2021:10:30:52 +0800] "GET /xingrg/kc/buy/cgsh_order_operate.html?command=get_materiel&rest_code=00148&code=00101007077&supplier_code=00100328&order_time=2021-08-10 HTTP/1.1" 200 415
58.37.4.159 - - [10/Aug/2021:10:30:52 +0800] "GET /xingrg/all/common/auto_word.html?type=employee&rest_code=00106 HTTP/1.1" 200 205
58.37.4.159 - - [10/Aug/2021:10:30:52 +0800] "GET /xingrg/all/common/auto_word.html?type=employee&rest_code=00106 HTTP/1.1" 200 205
58.37.4.159 - - [10/Aug/2021:10:30:52 +0800] "GET /xingrg/javascript/easyui/themes/default/validatebox.css HTTP/1.1" 404 1104
58.37.4.159 - - [10/Aug/2021:10:30:52 +0800] "POST /xingrg/kc/buy/cgsh_order_operate.html HTTP/1.1" 200 3248
120.253.135.82 - - [10/Aug/2021:10:30:53 +0800] "POST /xingrg/all/common/load_combo.html?type=employee HTTP/1.1" 200 2013
58.37.4.159 - - [10/Aug/2021:10:30:54 +0800] "GET /xingrg/login.html HTTP/1.1" 200 7641
58.37.4.159 - - [10/Aug/2021:10:30:54 +0800] "GET /favicon.ico HTTP/1.1" 404 -
61.151.178.163 - - [10/Aug/2021:10:30:55 +0800] "GET /xingrg/kc/buy/cgsh_order_operate.html?command=get_materiel&rest_code=00106&code=00101016053&supplier_code=00100032&order_time=2021-08-10 HTTP/1.1" 302 -
116.233.77.65 - - [10/Aug/2021:10:30:55 +0800] "GET /xingrg/all/function/internal_message.html?_=1628562655914&CODE_STATE=getMsg HTTP/1.1" 200 27
116.233.77.65 - - [10/Aug/2021:10:30:55 +0800] "GET /xingrg/check_reg.html?_=1628562655915 HTTP/1.1" 200 22
101.83.145.79 - - [10/Aug/2021:10:30:56 +0800] "GET /xingrg/all/function/internal_message.html?_=1628562656016&CODE_STATE=getMsg HTTP/1.1" 200 27
61.151.178.163 - - [10/Aug/2021:10:30:56 +0800] "GET /xingrg/login.html HTTP/1.1" 200 7641
172.20.0.100 - - [10/Aug/2021:10:30:56 +0800] "GET /xingrg/all/function/internal_message.html?_=1628562653786&CODE_STATE=getMsg HTTP/1.1" 302 -
58.37.4.159 - - [10/Aug/2021:10:30:58 +0800] "POST /xingrg/login.do HTTP/1.1" 302 -
58.37.4.159 - - [10/Aug/2021:10:30:58 +0800] "GET /xingrg/index.html?sysBaseUrl=http%3A%2F%2F180.169.147.146%3A18081%2Fxingrg%2F&costTime=43×tamp=1628562658061 HTTP/1.1" 200 17173
58.37.4.159 - - [10/Aug/2021:10:30:58 +0800] "POST /xingrg/all/common/load_tree.html?tree=area_rest_tree_json&manage=1 HTTP/1.1" 200 342
58.37.4.159 - - [10/Aug/2021:10:30:58 +0800] "GET /xingrg/check_reg.html?_=1628562657361 HTTP/1.1" 200 22
58.37.4.159 - - [10/Aug/2021:10:30:58 +0800] "GET /xingrg/all/function/internal_message.html?_=1628562657360&CODE_STATE=count HTTP/1.1" 200 11
58.37.4.159 - - [10/Aug/2021:10:30:58 +0800] "GET /favicon.ico HTTP/1.1" 404 -
58.37.4.159 - - [10/Aug/2021:10:30:58 +0800] "POST /xingrg/load_menu.html HTTP/1.1" 200 5138
114.84.82.184 - - [10/Aug/2021:10:30:58 +0800] "GET /xingrg/all/function/internal_message.html?_=1628562657361&CODE_STATE=getMsg HTTP/1.1" 200 27
116.238.194.18 - - [10/Aug/2021:10:30:59 +0800] "POST /xingrg/kc/buy/cgsh_order_operate.html HTTP/1.1" 200 37
58.37.4.159 - - [10/Aug/2021:10:31:01 +0800] "GET /xingrg/kc/buy/buy_main.html HTTP/1.1" 200 12412
58.37.4.159 - - [10/Aug/2021:10:31:01 +0800] "GET /xingrg/css/new_ie.css HTTP/1.1" 404 1036
58.37.4.159 - - [10/Aug/2021:10:31:02 +0800] "GET /xingrg/images/yd/bt.gif HTTP/1.1" 404 1040
222.70.178.182 - - [10/Aug/2021:10:31:02 +0800] "GET /xingrg/all/function/internal_message.html?_=1628562659040&CODE_STATE=getMsg HTTP/1.1" 200 27
58.37.4.159 - - [10/Aug/2021:10:31:02 +0800] "GET /xingrg/kc/buy/cgsh_order_list.html HTTP/1.1" 200 47405
114.84.82.184 - - [10/Aug/2021:10:31:02 +0800] "POST /xingrg/kc/buy/cgsh_order_operate.html HTTP/1.1" 200 37
116.238.194.18 - - [10/Aug/2021:10:31:03 +0800] "GET /xingrg/all/function/internal_message.html?_=1628562660462&CODE_STATE=getMsg HTTP/1.1" 200 27
120.253.135.82 - - [10/Aug/2021:10:31:03 +0800] "GET /xingrg/kc/buy/cgsh_order_operate.html?command=get_materiel&rest_code=00101&code=00102003603&supplier_code=00100151&order_time=2021-08-10 HTTP/1.1" 200 391
116.230.110.80 - - [10/Aug/2021:10:31:03 +0800] "GET /xingrg/all/function/internal_message.html?_=1628562660159&CODE_STATE=getMsg HTTP/1.1" 200 27
114.84.82.184 - - [10/Aug/2021:10:31:04 +0800] "POST /xingrg/kc/buy/cgsh_order_operate.html HTTP/1.1" 200 3251
116.238.194.18 - - [10/Aug/2021:10:31:04 +0800] "POST /xingrg/kc/buy/cgsh_order_operate.html HTTP/1.1" 200 12
58.37.4.159 - - [10/Aug/2021:10:31:06 +0800] "POST /xingrg/kc/buy/cgsh_list_operate.html HTTP/1.1" 200 1698
114.84.82.184 - - [10/Aug/2021:10:31:06 +0800] "GET /xingrg/kc/print/load_data.html?order_code=212021081004423&kc_code=cgsh&condition= HTTP/1.1" 200 912
116.238.194.18 - - [10/Aug/2021:10:31:07 +0800] "GET /xingrg/kc/buy/cgsh_order_info.html?code=212021081004422 HTTP/1.1" 200 57984
58.37.4.159 - - [10/Aug/2021:10:31:07 +0800] "POST /xingrg/kc/buy/cgsh_list_operate.html HTTP/1.1" 200 272
116.238.194.18 - - [10/Aug/2021:10:31:08 +0800] "GET /xingrg/javascript/easyui/themes/default/validatebox.css HTTP/1.1" 404 1104
58.37.4.159 - - [10/Aug/2021:10:31:08 +0800] "GET /xingrg/kc/buy/cgsh_order_info.html?code=212021081004420 HTTP/1.1" 200 63160
116.238.194.18 - - [10/Aug/2021:10:31:08 +0800] "POST /xingrg/kc/buy/cgsh_order_operate.html HTTP/1.1" 200 612
58.37.4.159 - - [10/Aug/2021:10:31:08 +0800] "GET /xingrg/all/common/auto_word.html?type=employee&rest_code=00106 HTTP/1.1" 200 205
58.37.4.159 - - [10/Aug/2021:10:31:08 +0800] "GET /xingrg/all/common/auto_word.html?type=employee&rest_code=00106 HTTP/1.1" 200 205
58.37.4.159 - - [10/Aug/2021:10:31:08 +0800] "GET /xingrg/javascript/easyui/themes/default/validatebox.css HTTP/1.1" 404 1104
58.37.4.159 - - [10/Aug/2021:10:31:09 +0800] "POST /xingrg/kc/buy/cgsh_order_operate.html HTTP/1.1" 200 3248
116.238.194.18 - - [10/Aug/2021:10:31:10 +0800] "GET /xingrg/kc/print/load_data.html?order_code=212021081004422&kc_code=cgsh&condition= HTTP/1.1" 200 717
58.37.4.159 - - [10/Aug/2021:10:31:11 +0800] "GET /xingrg/javascript/auto/indicator.gif HTTP/1.1" 404 1066
61.129.7.236 - - [10/Aug/2021:10:31:11 +0800] "GET /xingrg/kc/buy/cgsh_order_info.html?code=212021081004420 HTTP/1.1" 302 -
120.253.135.82 - - [10/Aug/2021:10:31:12 +0800] "GET /xingrg/all/function/internal_message.html?_=1628562448100&CODE_STATE=getMsg HTTP/1.1" 200 27
114.84.82.184 - - [10/Aug/2021:10:31:13 +0800] "GET /xingrg/kc/buy/cgsh_order_add.html HTTP/1.1" 200 63149
114.84.82.184 - - [10/Aug/2021:10:31:14 +0800] "POST /xingrg/kc/buy/cgsh_order_operate.html HTTP/1.1" 200 8245
114.84.82.184 - - [10/Aug/2021:10:31:14 +0800] "GET /xingrg/javascript/easyui/themes/default/validatebox.css HTTP/1.1" 404 1104
222.70.246.151 - - [10/Aug/2021:10:31:14 +0800] "GET /xingrg/all/function/internal_message.html?_=1628562678799&CODE_STATE=getMsg HTTP/1.1" 200 27
116.238.194.18 - - [10/Aug/2021:10:31:15 +0800] "GET /xingrg/kc/buy/cgsh_order_add.html HTTP/1.1" 200 63079
116.238.194.18 - - [10/Aug/2021:10:31:15 +0800] "POST /xingrg/kc/buy/cgsh_order_operate.html HTTP/1.1" 200 8245
116.238.194.18 - - [10/Aug/2021:10:31:15 +0800] "GET /xingrg/javascript/easyui/themes/default/validatebox.css HTTP/1.1" 404 1104
61.129.7.236 - - [10/Aug/2021:10:31:15 +0800] "GET /xingrg/login.html HTTP/1.1" 200 7641
58.37.4.159 - - [10/Aug/2021:10:31:18 +0800] "POST /xingrg/kc/buy/cgsh_order_operate.html HTTP/1.1" 200 37
116.235.222.38 - - [10/Aug/2021:10:31:19 +0800] "GET /xingrg/all/function/internal_message.html?_=1628562677555&CODE_STATE=getMsg HTTP/1.1" 200 27
58.37.4.159 - - [10/Aug/2021:10:31:20 +0800] "POST /xingrg/kc/buy/cgsh_order_operate.html HTTP/1.1" 200 12
58.37.4.159 - - [10/Aug/2021:10:31:22 +0800] "GET /xingrg/kc/buy/cgsh_order_info.html?code=212021081004420 HTTP/1.1" 200 58062
58.37.4.159 - - [10/Aug/2021:10:31:22 +0800] "GET /xingrg/javascript/easyui/themes/default/validatebox.css HTTP/1.1" 404 1104
58.37.4.159 - - [10/Aug/2021:10:31:23 +0800] "POST /xingrg/kc/buy/cgsh_order_operate.html HTTP/1.1" 200 1195
101.91.62.89 - - [10/Aug/2021:10:31:24 +0800] "GET /xingrg/all/function/internal_message.html?_=1628562622712&CODE_STATE=count HTTP/1.1" 302 -
58.40.7.146 - - [10/Aug/2021:10:31:24 +0800] "GET /xingrg/all/function/internal_message.html?_=1628562682554&CODE_STATE=getMsg HTTP/1.1" 200 27
101.89.239.245 - - [10/Aug/2021:10:31:24 +0800] "GET /xingrg/check_reg.html?_=1628562622712 HTTP/1.1" 302 -
58.37.4.159 - - [10/Aug/2021:10:31:24 +0800] "GET /xingrg/kc/print/load_config.html?kc_code=cgsh HTTP/1.1" 200 2076
61.129.6.145 - - [10/Aug/2021:10:31:24 +0800] "GET /xingrg/index.html?sysBaseUrl=http://180.169.147.146:18081/xingrg/&costTime=75×tamp=1628562623363 HTTP/1.1" 302 -
58.37.4.159 - - [10/Aug/2021:10:31:24 +0800] "GET /xingrg/kc/print/load_data.html?order_code=212021081004420&kc_code=cgsh&condition= HTTP/1.1" 200 945
61.129.6.145 - - [10/Aug/2021:10:31:24 +0800] "GET /xingrg/login.html HTTP/1.1" 200 7641
101.89.239.245 - - [10/Aug/2021:10:31:25 +0800] "GET /xingrg/login.html HTTP/1.1" 200 7641
114.88.154.248 - - [10/Aug/2021:10:31:26 +0800] "GET /xingrg/kc/buy/cgsh_order_operate.html?command=get_materiel&rest_code=00141&code=00101010672&supplier_code=00100430&order_time=2021-08-10 HTTP/1.1" 200 397
101.91.62.89 - - [10/Aug/2021:10:31:26 +0800] "GET /xingrg/login.html HTTP/1.1" 200 7641
61.151.178.165 - - [10/Aug/2021:10:31:26 +0800] "GET /xingrg/login.html HTTP/1.1" 200 7641
58.37.4.159 - - [10/Aug/2021:10:31:29 +0800] "GET /xingrg/kc/print/load_data.html?order_code=212021081004420&kc_code=cgsh HTTP/1.1" 200 945
61.151.207.141 - - [10/Aug/2021:10:31:30 +0800] "GET /xingrg/all/function/internal_message.html?_=1628562628866&CODE_STATE=count HTTP/1.1" 302 -
58.40.7.146 - - [10/Aug/2021:10:31:30 +0800] "GET /xingrg/all/function/internal_message.html?_=1628562689027&CODE_STATE=getMsg HTTP/1.1" 302 -
61.151.207.205 - - [10/Aug/2021:10:31:30 +0800] "GET /xingrg/kc/buy/buy_main.html HTTP/1.1" 302 -
61.151.207.205 - - [10/Aug/2021:10:31:31 +0800] "GET /xingrg/login.html HTTP/1.1" 200 7641
61.151.207.141 - - [10/Aug/2021:10:31:32 +0800] "GET /xingrg/login.html HTTP/1.1" 200 7641
101.91.60.88 - - [10/Aug/2021:10:31:33 +0800] "GET /xingrg/check_reg.html?_=1628562628867 HTTP/1.1" 302 -
114.84.82.184 - - [10/Aug/2021:10:31:33 +0800] "GET /xingrg/kc/buy/cgsh_order_operate.html?command=get_materiel&rest_code=00148&code=00101004065&supplier_code=00100086&order_time=2021-08-10 HTTP/1.1" 200 413
114.88.154.248 - - [10/Aug/2021:10:31:34 +0800] "GET /xingrg/check_reg.html?_=1628562599898 HTTP/1.1" 200 22
114.88.154.248 - - [10/Aug/2021:10:31:34 +0800] "GET /xingrg/all/function/internal_message.html?_=1628562599898&CODE_STATE=getMsg HTTP/1.1" 200 27
101.91.60.88 - - [10/Aug/2021:10:31:35 +0800] "GET /xingrg/login.html HTTP/1.1" 200 7641
116.238.194.18 - - [10/Aug/2021:10:31:37 +0800] "GET /xingrg/kc/buy/cgsh_order_operate.html?command=get_materiel&rest_code=00150&code=00101004046&supplier_code=00100312&order_time=2021-08-10 HTTP/1.1" 200 417
61.151.178.165 - - [10/Aug/2021:10:31:43 +0800] "GET /xingrg/all/function/internal_message.html?_=1628562637575&CODE_STATE=getMsg HTTP/1.1" 302 -
116.238.194.18 - - [10/Aug/2021:10:31:43 +0800] "GET /xingrg/all/function/internal_message.html?_=1628562651431&CODE_STATE=getMsg HTTP/1.1" 200 27
180.169.147.146 - - [10/Aug/2021:10:31:43 +0800] "GET /xingrg/all/function/internal_message.html?_=1628562702148&CODE_STATE=getMsg HTTP/1.1" 200 27
61.151.178.165 - - [10/Aug/2021:10:31:44 +0800] "GET /xingrg/login.html HTTP/1.1" 200 7641
101.83.145.79 - - [10/Aug/2021:10:31:45 +0800] "GET /xingrg/check_reg.html?_=1628562662136 HTTP/1.1" 200 22
101.83.145.79 - - [10/Aug/2021:10:31:45 +0800] "GET /xingrg/all/function/internal_message.html?_=1628562662138&CODE_STATE=getMsg HTTP/1.1" 200 27
58.37.4.159 - - [10/Aug/2021:10:31:46 +0800] "GET /xingrg/all/function/internal_message.html?_=1628562705411&CODE_STATE=getMsg HTTP/1.1" 200 27
116.238.194.18 - - [10/Aug/2021:10:31:47 +0800] "GET /xingrg/kc/buy/cgsh_order_operate.html?command=get_materiel&rest_code=00150&code=00101004038&supplier_code=00100312&order_time=2021-08-10 HTTP/1.1" 200 429
114.84.82.184 - - [10/Aug/2021:10:31:51 +0800] "POST /xingrg/kc/buy/cgsh_order_operate.html HTTP/1.1" 200 64
114.88.154.248 - - [10/Aug/2021:10:31:52 +0800] "POST /xingrg/kc/buy/cgsh_order_operate.html HTTP/1.1" 200 37
116.238.194.18 - - [10/Aug/2021:10:31:53 +0800] "GET /xingrg/kc/buy/cgsh_order_operate.html?command=get_materiel&rest_code=00150&code=00101004057&supplier_code=00100312&order_time=2021-08-10 HTTP/1.1" 200 409
116.233.77.65 - - [10/Aug/2021:10:31:55 +0800] "GET /xingrg/all/function/internal_message.html?_=1628562715915&CODE_STATE=getMsg HTTP/1.1" 200 27
101.83.145.79 - - [10/Aug/2021:10:31:56 +0800] "GET /xingrg/all/function/internal_message.html?_=1628562716028&CODE_STATE=getMsg HTTP/1.1" 200 27
172.20.0.100 - - [10/Aug/2021:10:31:56 +0800] "GET /xingrg/all/function/internal_message.html?_=1628562713788&CODE_STATE=getMsg HTTP/1.1" 302 -
58.37.4.159 - - [10/Aug/2021:10:31:58 +0800] "GET /xingrg/all/function/internal_message.html?_=1628562717377&CODE_STATE=getMsg HTTP/1.1" 200 27
114.84.82.184 - - [10/Aug/2021:10:31:58 +0800] "POST /xingrg/kc/buy/cgsh_order_operate.html HTTP/1.1" 200 37
120.253.135.82 - - [10/Aug/2021:10:31:58 +0800] "POST /xingrg/kc/buy/cgsh_order_operate.html HTTP/1.1" 200 88
114.84.82.184 - - [10/Aug/2021:10:32:00 +0800] "POST /xingrg/kc/buy/cgsh_order_operate.html HTTP/1.1" 200 2660
61.151.178.163 - - [10/Aug/2021:10:32:02 +0800] "GET /xingrg/all/function/internal_message.html?_=1628562657360&CODE_STATE=count HTTP/1.1" 302 -
222.70.178.182 - - [10/Aug/2021:10:32:02 +0800] "GET /xingrg/all/function/internal_message.html?_=1628562719041&CODE_STATE=getMsg HTTP/1.1" 200 27
114.84.82.184 - - [10/Aug/2021:10:32:02 +0800] "GET /xingrg/kc/print/load_data.html?order_code=212021081004426&kc_code=cgsh&condition= HTTP/1.1" 200 748
116.238.194.18 - - [10/Aug/2021:10:32:03 +0800] "GET /xingrg/all/function/internal_message.html?_=1628562720446&CODE_STATE=getMsg HTTP/1.1" 200 27
116.230.110.80 - - [10/Aug/2021:10:32:03 +0800] "GET /xingrg/all/function/internal_message.html?_=1628562720159&CODE_STATE=getMsg HTTP/1.1" 200 27
116.230.110.80 - - [10/Aug/2021:10:32:03 +0800] "GET /xingrg/check_reg.html?_=1628562720160 HTTP/1.1" 200 22
61.151.178.217 - - [10/Aug/2021:10:32:04 +0800] "GET /xingrg/check_reg.html?_=1628562657361 HTTP/1.1" 302 -
61.151.178.217 - - [10/Aug/2021:10:32:05 +0800] "GET /xingrg/login.html HTTP/1.1" 200 7641
61.151.178.163 - - [10/Aug/2021:10:32:05 +0800] "GET /xingrg/login.html HTTP/1.1" 200 7641
116.238.194.18 - - [10/Aug/2021:10:32:06 +0800] "GET /xingrg/kc/buy/cgsh_order_operate.html?command=get_materiel&rest_code=00150&code=00101004030&supplier_code=00100312&order_time=2021-08-10 HTTP/1.1" 200 408
114.84.82.184 - - [10/Aug/2021:10:32:07 +0800] "GET /xingrg/kc/buy/cgsh_order_add.html HTTP/1.1" 200 63149
114.84.82.184 - - [10/Aug/2021:10:32:07 +0800] "POST /xingrg/kc/buy/cgsh_order_operate.html HTTP/1.1" 200 8245
114.84.82.184 - - [10/Aug/2021:10:32:07 +0800] "GET /xingrg/javascript/easyui/themes/default/validatebox.css HTTP/1.1" 404 1104
114.88.154.248 - - [10/Aug/2021:10:32:08 +0800] "POST /xingrg/kc/buy/cgsh_order_operate.html HTTP/1.1" 200 12
114.88.154.248 - - [10/Aug/2021:10:32:10 +0800] "GET /xingrg/kc/buy/cgsh_order_info.html?code=212021081004424 HTTP/1.1" 200 58050
114.88.154.248 - - [10/Aug/2021:10:32:10 +0800] "GET /xingrg/javascript/easyui/themes/default/validatebox.css HTTP/1.1" 404 1104
58.37.4.159 - - [10/Aug/2021:10:32:11 +0800] "GET /xingrg/kc/report/report_main.html HTTP/1.1" 200 7345
120.253.135.82 - - [10/Aug/2021:10:32:11 +0800] "POST /xingrg/kc/buy/cgsh_order_operate.html HTTP/1.1" 200 37
114.88.154.248 - - [10/Aug/2021:10:32:11 +0800] "POST /xingrg/kc/buy/cgsh_order_operate.html HTTP/1.1" 200 1203
222.70.246.151 - - [10/Aug/2021:10:32:12 +0800] "GET /xingrg/check_reg.html?_=1628562736647 HTTP/1.1" 200 22
58.37.4.159 - - [10/Aug/2021:10:32:12 +0800] "GET /xingrg/all/report/report_query.html?fileName=kc/buy/gys_amount.xml&rh=99999 HTTP/1.1" 200 52006
58.37.4.159 - - [10/Aug/2021:10:32:12 +0800] "GET /xingrg/dwr/interface/AjaxReportQueryService.js HTTP/1.1" 200 13203
58.37.4.159 - - [10/Aug/2021:10:32:12 +0800] "GET /xingrg/dwr/util.js HTTP/1.1" 200 35990
58.37.4.159 - - [10/Aug/2021:10:32:12 +0800] "GET /xingrg/dwr/engine.js HTTP/1.1" 200 43631
58.37.4.159 - - [10/Aug/2021:10:32:13 +0800] "POST /xingrg/dwr/call/plaincall/AjaxReportQueryService.getFixDate.dwr HTTP/1.1" 200 111
58.37.4.159 - - [10/Aug/2021:10:32:13 +0800] "POST /xingrg/all/common/load_tree.html?tree=supplier_tree_json&manage=1 HTTP/1.1" 200 58169
58.37.4.159 - - [10/Aug/2021:10:32:13 +0800] "POST /xingrg/all/common/load_tree.html?tree=materiel_sort_tree_json HTTP/1.1" 200 8666
120.253.135.82 - - [10/Aug/2021:10:32:13 +0800] "POST /xingrg/kc/buy/cgsh_order_operate.html HTTP/1.1" 200 2659
114.84.82.184 - - [10/Aug/2021:10:32:14 +0800] "GET /xingrg/javascript/jquery_tools/images/prev.gif HTTP/1.1" 404 1086
114.84.82.184 - - [10/Aug/2021:10:32:14 +0800] "GET /xingrg/javascript/jquery_tools/images/next.gif HTTP/1.1" 404 1086
222.70.246.151 - - [10/Aug/2021:10:32:14 +0800] "GET /xingrg/all/function/internal_message.html?_=1628562738811&CODE_STATE=getMsg HTTP/1.1" 200 27
58.37.4.159 - - [10/Aug/2021:10:32:14 +0800] "POST /xingrg/dwr/call/plaincall/AjaxReportQueryService.getInitString.dwr HTTP/1.1" 200 975
120.253.135.82 - - [10/Aug/2021:10:32:15 +0800] "GET /xingrg/all/function/internal_message.html?_=1628562511670&CODE_STATE=getMsg HTTP/1.1" 200 27
58.37.4.159 - - [10/Aug/2021:10:32:16 +0800] "POST /xingrg/dwr/call/plaincall/AjaxReportQueryService.getFixDate.dwr HTTP/1.1" 200 111
116.235.222.38 - - [10/Aug/2021:10:32:19 +0800] "GET /xingrg/all/function/internal_message.html?_=1628562737537&CODE_STATE=getMsg HTTP/1.1" 200 27
116.235.222.38 - - [10/Aug/2021:10:32:19 +0800] "GET /xingrg/check_reg.html?_=1628562737743 HTTP/1.1" 200 22
116.238.194.18 - - [10/Aug/2021:10:32:19 +0800] "POST /xingrg/kc/buy/cgsh_order_operate.html HTTP/1.1" 200 37
