120.253.135.82 - - [10/Aug/2021:10:32:20 +0800] "GET /xingrg/kc/print/load_data.html?order_code=212021081004428&kc_code=cgsh&condition= HTTP/1.1" 200 655
116.238.194.18 - - [10/Aug/2021:10:32:22 +0800] "POST /xingrg/kc/buy/cgsh_order_operate.html HTTP/1.1" 200 12
58.37.4.159 - - [10/Aug/2021:10:32:23 +0800] "POST /xingrg/dwr/call/plaincall/AjaxReportQueryService.refreshCache.dwr HTTP/1.1" 200 78
116.238.194.18 - - [10/Aug/2021:10:32:23 +0800] "GET /xingrg/kc/buy/cgsh_order_info.html?code=212021081004429 HTTP/1.1" 200 57996
58.37.4.159 - - [10/Aug/2021:10:32:23 +0800] "POST /xingrg/all/report/load_report_page.html HTTP/1.1" 200 8908
58.37.4.159 - - [10/Aug/2021:10:32:23 +0800] "GET /xingrg/servlets/image?cache=0.91532951610672&image=px HTTP/1.1" 200 807
58.40.7.146 - - [10/Aug/2021:10:32:24 +0800] "GET /xingrg/all/function/internal_message.html?_=1628562742557&CODE_STATE=getMsg HTTP/1.1" 200 27
116.238.194.18 - - [10/Aug/2021:10:32:24 +0800] "GET /xingrg/javascript/easyui/themes/default/validatebox.css HTTP/1.1" 404 1104
116.238.194.18 - - [10/Aug/2021:10:32:24 +0800] "POST /xingrg/kc/buy/cgsh_order_operate.html HTTP/1.1" 200 2380
116.238.194.18 - - [10/Aug/2021:10:32:25 +0800] "GET /xingrg/kc/print/load_data.html?order_code=212021081004429&kc_code=cgsh&condition= HTTP/1.1" 200 1402
58.37.4.159 - - [10/Aug/2021:10:32:26 +0800] "GET /xingrg/all/report/report_query.html?isQuery=1&fileName=kc/buy/wlcg_cate_hz.xml&queryString=(CONVERT(char(10)%252Ca.order_time%252C%2520120)%253E%253D'2021-07-01')%2520and%2520(CONVERT(char(10)%252Ca.order_time%252C%2520120)%253C%253D'2021-07-31')%2520and%2520(a.supplier_code%2520in%2520('00100015'))%2520and%2520(a.supplier_code%253D'00100015')&queryText=%25E3%2580%2590%25E9%2587%2587%25E8%25B4%25AD%25E6%2597%25A5%25E6%259C%259F%253A2021-07-01%2520%25E8%2587%25B3%25202021-07-31%25E3%2580%2591%2520%25E5%25B9%25B6%25E4%25B8%2594%2520%2520%25E3%2580%2590%25E4%25BE%259B%25E5%25BA%2594%25E5%2595%2586%2520%253D%2520%25E7%258C%25AA%25E8%2582%2589%25EF%25BC%2588%25E7%258E%258B%25E5%25AF%258C%25E6%2598%258E%25EF%25BC%2589%25E3%2580%2591%2520%25E5%25B9%25B6%25E4%25B8%2594%2520%25E3%2580%2590%25E4%25BE%259B%25E5%25BA%2594%25E5%2595%2586%253D%25E7%258C%25AA%25E8%2582%2589%25EF%25BC%2588%25E7%258E%258B%25E5%25AF%258C%25E6%2598%258E%25EF%25BC%2589%25E3%2580%2591 HTTP/1.1" 200 54465
58.37.4.159 - - [10/Aug/2021:10:32:26 +0800] "GET /xingrg/dwr/interface/AjaxReportQueryService.js HTTP/1.1" 200 13203
58.37.4.159 - - [10/Aug/2021:10:32:26 +0800] "GET /xingrg/dwr/engine.js HTTP/1.1" 200 43631
58.37.4.159 - - [10/Aug/2021:10:32:28 +0800] "POST /xingrg/all/report/load_report_page.html HTTP/1.1" 200 8725
58.37.4.159 - - [10/Aug/2021:10:32:28 +0800] "GET /xingrg/servlets/image?cache=0.07146164804232391&image=px HTTP/1.1" 200 807
58.37.4.159 - - [10/Aug/2021:10:32:30 +0800] "POST /xingrg/all/report/load_report_page.html HTTP/1.1" 200 97357
58.37.4.159 - - [10/Aug/2021:10:32:30 +0800] "GET /xingrg/servlets/image?cache=0.5405979083580215&image=px HTTP/1.1" 200 807
58.40.7.146 - - [10/Aug/2021:10:32:30 +0800] "GET /xingrg/all/function/internal_message.html?_=1628562749015&CODE_STATE=getMsg HTTP/1.1" 302 -
101.89.239.238 - - [10/Aug/2021:10:32:33 +0800] "GET /xingrg/kc/print/load_data.html?order_code=212021081004420&kc_code=cgsh HTTP/1.1" 302 -
114.88.154.248 - - [10/Aug/2021:10:32:34 +0800] "GET /xingrg/all/function/internal_message.html?_=1628562659887&CODE_STATE=getMsg HTTP/1.1" 200 27
58.37.4.159 - - [10/Aug/2021:10:32:35 +0800] "POST /xingrg/all/report/report_print.html HTTP/1.1" 200 12309
101.89.239.238 - - [10/Aug/2021:10:32:36 +0800] "GET /xingrg/login.html HTTP/1.1" 200 7641
116.238.194.18 - - [10/Aug/2021:10:32:36 +0800] "GET /xingrg/check_reg.html?_=1628562704111 HTTP/1.1" 200 22
180.169.147.146 - - [10/Aug/2021:10:32:43 +0800] "GET /xingrg/all/function/internal_message.html?_=1628562762126&CODE_STATE=getMsg HTTP/1.1" 200 27
116.238.194.18 - - [10/Aug/2021:10:32:43 +0800] "GET /xingrg/all/function/internal_message.html?_=1628562711443&CODE_STATE=getMsg HTTP/1.1" 200 27
101.83.145.79 - - [10/Aug/2021:10:32:45 +0800] "GET /xingrg/all/function/internal_message.html?_=1628562722136&CODE_STATE=getMsg HTTP/1.1" 200 27
58.37.4.159 - - [10/Aug/2021:10:32:46 +0800] "GET /xingrg/all/function/internal_message.html?_=1628562765411&CODE_STATE=getMsg HTTP/1.1" 200 27
114.88.154.248 - - [10/Aug/2021:10:32:50 +0800] "GET /xingrg/kc/print/load_data.html?order_code=212021081004424&kc_code=cgsh&condition= HTTP/1.1" 200 915
116.233.77.65 - - [10/Aug/2021:10:32:55 +0800] "GET /xingrg/all/function/internal_message.html?_=1628562775920&CODE_STATE=getMsg HTTP/1.1" 200 27
114.88.154.248 - - [10/Aug/2021:10:32:55 +0800] "GET /xingrg/kc/buy/cgsh_order_add.html HTTP/1.1" 200 63149
114.88.154.248 - - [10/Aug/2021:10:32:55 +0800] "POST /xingrg/kc/buy/cgsh_order_operate.html HTTP/1.1" 200 8245
114.88.154.248 - - [10/Aug/2021:10:32:55 +0800] "GET /xingrg/javascript/easyui/themes/default/validatebox.css HTTP/1.1" 404 1104
101.83.145.79 - - [10/Aug/2021:10:32:56 +0800] "GET /xingrg/all/function/internal_message.html?_=1628562776019&CODE_STATE=getMsg HTTP/1.1" 200 27
172.20.0.100 - - [10/Aug/2021:10:32:56 +0800] "GET /xingrg/check_reg.html?_=1628562773791 HTTP/1.1" 302 -
172.20.0.100 - - [10/Aug/2021:10:32:56 +0800] "GET /xingrg/all/function/internal_message.html?_=1628562773797&CODE_STATE=getMsg HTTP/1.1" 302 -
58.37.4.159 - - [10/Aug/2021:10:32:58 +0800] "GET /xingrg/all/function/internal_message.html?_=1628562777377&CODE_STATE=getMsg HTTP/1.1" 200 27
114.84.82.184 - - [10/Aug/2021:10:32:58 +0800] "GET /xingrg/all/function/internal_message.html?_=1628562777367&CODE_STATE=getMsg HTTP/1.1" 200 27
114.84.82.184 - - [10/Aug/2021:10:32:58 +0800] "GET /xingrg/check_reg.html?_=1628562777479 HTTP/1.1" 200 22
222.70.178.182 - - [10/Aug/2021:10:33:02 +0800] "GET /xingrg/all/function/internal_message.html?_=1628562779043&CODE_STATE=getMsg HTTP/1.1" 200 27
116.238.194.18 - - [10/Aug/2021:10:33:03 +0800] "GET /xingrg/check_reg.html?_=1628562780374 HTTP/1.1" 200 22
116.238.194.18 - - [10/Aug/2021:10:33:03 +0800] "GET /xingrg/all/function/internal_message.html?_=1628562780423&CODE_STATE=getMsg HTTP/1.1" 200 27
114.88.154.248 - - [10/Aug/2021:10:33:04 +0800] "GET /xingrg/kc/buy/cgsh_order_operate.html?command=get_materiel&rest_code=00141&code=00101001093&supplier_code=00100319&order_time=2021-08-10 HTTP/1.1" 200 411
120.253.135.82 - - [10/Aug/2021:10:33:07 +0800] "GET /xingrg/check_reg.html?_=1628562563468 HTTP/1.1" 200 22
222.70.179.252 - - [10/Aug/2021:10:33:09 +0800] "POST /xingrg/services/DataTransmitService HTTP/1.1" 200 524
222.70.179.252 - - [10/Aug/2021:10:33:09 +0800] "POST /xingrg/services/DataTransmitService HTTP/1.1" 200 501
222.70.246.151 - - [10/Aug/2021:10:33:14 +0800] "GET /xingrg/all/function/internal_message.html?_=1628562798826&CODE_STATE=getMsg HTTP/1.1" 200 27
61.151.178.249 - - [10/Aug/2021:10:33:15 +0800] "GET /xingrg/all/report/report_query.html?fileName=kc/buy/gys_amount.xml&rh=99999 HTTP/1.1" 302 -
120.253.135.82 - - [10/Aug/2021:10:33:15 +0800] "GET /xingrg/all/function/internal_message.html?_=1628562571685&CODE_STATE=getMsg HTTP/1.1" 200 27
61.151.178.249 - - [10/Aug/2021:10:33:17 +0800] "GET /xingrg/login.html HTTP/1.1" 200 7641
101.91.60.88 - - [10/Aug/2021:10:33:17 +0800] "GET /xingrg/kc/report/report_main.html HTTP/1.1" 302 -
101.91.60.88 - - [10/Aug/2021:10:33:19 +0800] "GET /xingrg/login.html HTTP/1.1" 200 7641
116.235.222.38 - - [10/Aug/2021:10:33:19 +0800] "GET /xingrg/all/function/internal_message.html?_=1628562797510&CODE_STATE=getMsg HTTP/1.1" 200 27
58.40.7.146 - - [10/Aug/2021:10:33:24 +0800] "GET /xingrg/all/function/internal_message.html?_=1628562802560&CODE_STATE=getMsg HTTP/1.1" 200 27
101.89.29.78 - - [10/Aug/2021:10:33:26 +0800] "GET /xingrg/servlets/image?cache=0.91532951610672&image=px HTTP/1.1" 200 807
114.88.154.248 - - [10/Aug/2021:10:33:29 +0800] "POST /xingrg/kc/buy/cgsh_order_operate.html HTTP/1.1" 200 37
58.40.7.146 - - [10/Aug/2021:10:33:30 +0800] "GET /xingrg/all/function/internal_message.html?_=1628562809018&CODE_STATE=getMsg HTTP/1.1" 302 -
120.253.135.82 - - [10/Aug/2021:10:33:31 +0800] "POST /xingrg/kc/buy/cgsh_order_operate.html HTTP/1.1" 200 37
101.89.239.238 - - [10/Aug/2021:10:33:31 +0800] "GET /xingrg/servlets/image?cache=0.5405979083580215&image=px HTTP/1.1" 200 807
114.88.154.248 - - [10/Aug/2021:10:33:34 +0800] "GET /xingrg/all/function/internal_message.html?_=1628562719867&CODE_STATE=getMsg HTTP/1.1" 200 27
114.88.154.248 - - [10/Aug/2021:10:33:35 +0800] "POST /xingrg/kc/buy/cgsh_order_operate.html HTTP/1.1" 200 12
120.253.135.82 - - [10/Aug/2021:10:33:38 +0800] "POST /xingrg/kc/buy/cgsh_order_operate.html HTTP/1.1" 200 12
114.88.154.248 - - [10/Aug/2021:10:33:38 +0800] "GET /xingrg/kc/buy/cgsh_order_info.html?code=212021081004430 HTTP/1.1" 200 58062
114.88.154.248 - - [10/Aug/2021:10:33:38 +0800] "GET /xingrg/javascript/easyui/themes/default/validatebox.css HTTP/1.1" 404 1104
120.253.135.82 - - [10/Aug/2021:10:33:39 +0800] "GET /xingrg/kc/buy/cgsh_order_info.html?code=212021081004428 HTTP/1.1" 200 57096
114.88.154.248 - - [10/Aug/2021:10:33:40 +0800] "POST /xingrg/kc/buy/cgsh_order_operate.html HTTP/1.1" 200 606
114.84.82.184 - - [10/Aug/2021:10:33:40 +0800] "GET /xingrg/kc/buy/cgsh_order_operate.html?command=get_materiel&rest_code=00148&code=00101005050&supplier_code=00100430&order_time=2021-08-10 HTTP/1.1" 200 414
120.253.135.82 - - [10/Aug/2021:10:33:40 +0800] "GET /xingrg/javascript/easyui/themes/default/validatebox.css HTTP/1.1" 404 1104
114.88.154.248 - - [10/Aug/2021:10:33:41 +0800] "GET /xingrg/kc/print/load_data.html?order_code=212021081004430&kc_code=cgsh&condition= HTTP/1.1" 200 713
120.253.135.82 - - [10/Aug/2021:10:33:41 +0800] "POST /xingrg/kc/buy/cgsh_order_operate.html HTTP/1.1" 200 609
101.93.222.235 - - [10/Aug/2021:10:33:43 +0800] "GET /favicon.ico HTTP/1.1" 404 -
120.253.135.82 - - [10/Aug/2021:10:33:43 +0800] "POST /xingrg/kc/buy/cgsh_list_operate.html HTTP/1.1" 200 876
180.169.147.146 - - [10/Aug/2021:10:33:43 +0800] "GET /xingrg/all/function/internal_message.html?_=1628562822125&CODE_STATE=getMsg HTTP/1.1" 200 27
116.238.194.18 - - [10/Aug/2021:10:33:43 +0800] "GET /xingrg/all/function/internal_message.html?_=1628562771457&CODE_STATE=getMsg HTTP/1.1" 200 27
101.83.145.79 - - [10/Aug/2021:10:33:45 +0800] "GET /xingrg/all/function/internal_message.html?_=1628562782134&CODE_STATE=getMsg HTTP/1.1" 200 27
120.253.135.82 - - [10/Aug/2021:10:33:45 +0800] "GET /xingrg/kc/report/report_main.html HTTP/1.1" 200 9370
120.253.135.82 - - [10/Aug/2021:10:33:45 +0800] "GET /xingrg/javascript/myfunction.js HTTP/1.1" 200 24559
120.253.135.82 - - [10/Aug/2021:10:33:45 +0800] "GET /xingrg/css/blue.css HTTP/1.1" 200 15949
120.253.135.82 - - [10/Aug/2021:10:33:45 +0800] "GET /xingrg/javascript/jquery_ui/themes/humanity/humanity.css HTTP/1.1" 200 27801
120.253.135.82 - - [10/Aug/2021:10:33:45 +0800] "GET /xingrg/javascript/jquery_easy_ui/themes/icons/back_new.png HTTP/1.1" 200 3414
58.37.4.159 - - [10/Aug/2021:10:33:46 +0800] "GET /xingrg/all/function/internal_message.html?_=1628562825411&CODE_STATE=getMsg HTTP/1.1" 200 27
58.37.4.159 - - [10/Aug/2021:10:33:46 +0800] "GET /xingrg/check_reg.html?_=1628562825414 HTTP/1.1" 200 22
120.253.135.82 - - [10/Aug/2021:10:33:46 +0800] "GET /xingrg/kc/base/kc_stocks.html HTTP/1.1" 200 16437
120.253.135.82 - - [10/Aug/2021:10:33:46 +0800] "GET /xingrg/javascript/easyui/themes/sunny/easyui.css HTTP/1.1" 200 34304
120.253.135.82 - - [10/Aug/2021:10:33:47 +0800] "GET /xingrg/javascript/easyui/themes/icons/filter_new.png HTTP/1.1" 200 795
120.253.135.82 - - [10/Aug/2021:10:33:47 +0800] "GET /xingrg/javascript/easyui/themes/icons/refresh_new.png HTTP/1.1" 200 685
120.253.135.82 - - [10/Aug/2021:10:33:47 +0800] "GET /xingrg/javascript/easyui/themes/icons/print_new.png HTTP/1.1" 200 3580
120.253.135.82 - - [10/Aug/2021:10:33:47 +0800] "GET /xingrg/javascript/easyui/plugins/jquery.draggable.js HTTP/1.1" 200 6121
120.253.135.82 - - [10/Aug/2021:10:33:47 +0800] "GET /xingrg/all/common/auto_word.html?type=base&rest_code=00101 HTTP/1.1" 200 613
120.253.135.82 - - [10/Aug/2021:10:33:47 +0800] "GET /xingrg/javascript/easyui/plugins/jquery.droppable.js HTTP/1.1" 200 1167
120.253.135.82 - - [10/Aug/2021:10:33:47 +0800] "GET /xingrg/javascript/easyui/themes/default/tree.css HTTP/1.1" 404 1090
120.253.135.82 - - [10/Aug/2021:10:33:47 +0800] "GET /xingrg/javascript/easyui/plugins/jquery.tree.js HTTP/1.1" 200 20874
120.253.135.82 - - [10/Aug/2021:10:33:47 +0800] "POST /xingrg/all/common/load_tree.html?tree=materiel_sort_tree_json HTTP/1.1" 200 8666
120.253.135.82 - - [10/Aug/2021:10:33:47 +0800] "GET /xingrg/javascript/easyui/themes/sunny/images/tree_arrows.gif HTTP/1.1" 200 617
120.253.135.82 - - [10/Aug/2021:10:33:47 +0800] "GET /xingrg/javascript/easyui/themes/sunny/images/tree_file.gif HTTP/1.1" 200 118
120.253.135.82 - - [10/Aug/2021:10:33:47 +0800] "GET /xingrg/javascript/easyui/themes/sunny/images/tree_folder_open.gif HTTP/1.1" 200 956
120.253.135.82 - - [10/Aug/2021:10:33:47 +0800] "GET /xingrg/javascript/easyui/themes/sunny/images/tree_folder.gif HTTP/1.1" 200 952
120.253.135.82 - - [10/Aug/2021:10:33:48 +0800] "POST /xingrg/all/common/load_combo.html?type=base HTTP/1.1" 200 1075
114.88.154.248 - - [10/Aug/2021:10:33:48 +0800] "GET /xingrg/kc/buy/cgsh_order_add.html HTTP/1.1" 200 63149
114.88.154.248 - - [10/Aug/2021:10:33:49 +0800] "GET /xingrg/javascript/easyui/themes/default/validatebox.css HTTP/1.1" 404 1104
114.88.154.248 - - [10/Aug/2021:10:33:49 +0800] "POST /xingrg/kc/buy/cgsh_order_operate.html HTTP/1.1" 200 8245
116.238.194.18 - - [10/Aug/2021:10:33:53 +0800] "POST /xingrg/services/DataTransmitService HTTP/1.1" 401 565
116.238.194.18 - - [10/Aug/2021:10:33:53 +0800] "POST /xingrg/services/DataTransmitService HTTP/1.1" 200 478
116.238.194.18 - - [10/Aug/2021:10:33:53 +0800] "POST /xingrg/services/DataTransmitService HTTP/1.1" 200 1320
116.238.194.18 - - [10/Aug/2021:10:33:53 +0800] "POST /xingrg/services/DataTransmitService HTTP/1.1" 200 478
116.238.194.18 - - [10/Aug/2021:10:33:53 +0800] "POST /xingrg/services/DataTransmitService HTTP/1.1" 200 1320
116.238.194.18 - - [10/Aug/2021:10:33:53 +0800] "POST /xingrg/services/DataTransmitService HTTP/1.1" 200 524
116.238.194.18 - - [10/Aug/2021:10:33:54 +0800] "POST /xingrg/services/DataTransmitService HTTP/1.1" 200 1991
116.238.194.18 - - [10/Aug/2021:10:33:54 +0800] "POST /xingrg/services/DataTransmitService HTTP/1.1" 200 45454
116.238.194.18 - - [10/Aug/2021:10:33:54 +0800] "POST /xingrg/services/DataTransmitService HTTP/1.1" 200 19237
120.253.135.82 - - [10/Aug/2021:10:33:54 +0800] "POST /xingrg/kc/base/stock_operate.html HTTP/1.1" 200 1452
120.253.135.82 - - [10/Aug/2021:10:33:54 +0800] "GET /xingrg/javascript/jquery_tools/fix_table.js HTTP/1.1" 200 6528
116.233.77.65 - - [10/Aug/2021:10:33:55 +0800] "GET /xingrg/all/function/internal_message.html?_=1628562835924&CODE_STATE=getMsg HTTP/1.1" 200 27
101.83.145.79 - - [10/Aug/2021:10:33:56 +0800] "GET /xingrg/all/function/internal_message.html?_=1628562836015&CODE_STATE=getMsg HTTP/1.1" 200 27
101.83.145.79 - - [10/Aug/2021:10:33:56 +0800] "GET /xingrg/check_reg.html?_=1628562836019 HTTP/1.1" 200 22
172.20.0.100 - - [10/Aug/2021:10:33:56 +0800] "GET /xingrg/all/function/internal_message.html?_=1628562833800&CODE_STATE=getMsg HTTP/1.1" 302 -
114.84.82.184 - - [10/Aug/2021:10:33:56 +0800] "POST /xingrg/kc/buy/cgsh_order_operate.html HTTP/1.1" 200 37
58.37.4.159 - - [10/Aug/2021:10:33:58 +0800] "GET /xingrg/all/function/internal_message.html?_=1628562837374&CODE_STATE=getMsg HTTP/1.1" 200 27
114.84.82.184 - - [10/Aug/2021:10:33:58 +0800] "GET /xingrg/all/function/internal_message.html?_=1628562837337&CODE_STATE=getMsg HTTP/1.1" 200 27
114.84.82.184 - - [10/Aug/2021:10:33:59 +0800] "POST /xingrg/kc/buy/cgsh_order_operate.html HTTP/1.1" 200 2662
120.253.135.82 - - [10/Aug/2021:10:34:00 +0800] "POST /xingrg/kc/base/stock_operate.html HTTP/1.1" 200 1709
222.70.178.182 - - [10/Aug/2021:10:34:02 +0800] "GET /xingrg/all/function/internal_message.html?_=1628562839033&CODE_STATE=getMsg HTTP/1.1" 200 27
222.70.178.182 - - [10/Aug/2021:10:34:02 +0800] "GET /xingrg/check_reg.html?_=1628562839029 HTTP/1.1" 200 22
114.84.82.184 - - [10/Aug/2021:10:34:02 +0800] "GET /xingrg/kc/print/load_data.html?order_code=212021081004431&kc_code=cgsh&condition= HTTP/1.1" 200 657
116.238.194.18 - - [10/Aug/2021:10:34:03 +0800] "GET /xingrg/all/function/internal_message.html?_=1628562840407&CODE_STATE=getMsg HTTP/1.1" 200 27
61.151.207.141 - - [10/Aug/2021:10:34:03 +0800] "GET /xingrg/all/function/internal_message.html?_=1628562777377&CODE_STATE=getMsg HTTP/1.1" 302 -
61.151.207.141 - - [10/Aug/2021:10:34:04 +0800] "GET /xingrg/login.html HTTP/1.1" 200 7641
114.88.154.248 - - [10/Aug/2021:10:34:04 +0800] "GET /xingrg/kc/buy/cgsh_order_operate.html?command=get_materiel&rest_code=00141&code=00101002007&supplier_code=00100442&order_time=2021-08-10 HTTP/1.1" 200 409
120.253.135.82 - - [10/Aug/2021:10:34:06 +0800] "GET /xingrg/kc/buy/cgsh_order_list.html HTTP/1.1" 200 47405
120.253.135.82 - - [10/Aug/2021:10:34:07 +0800] "POST /xingrg/kc/buy/cgsh_list_operate.html HTTP/1.1" 200 876
120.253.135.82 - - [10/Aug/2021:10:34:12 +0800] "GET /xingrg/kc/pszx/mdqp_order_list.html?state=10 HTTP/1.1" 200 11874
120.253.135.82 - - [10/Aug/2021:10:34:12 +0800] "GET /xingrg/dwr/interface/AjaxReportQueryService.js HTTP/1.1" 200 13203
120.253.135.82 - - [10/Aug/2021:10:34:12 +0800] "GET /xingrg/dwr/interface/AjaxQqpsService.js HTTP/1.1" 200 16326
120.253.135.82 - - [10/Aug/2021:10:34:12 +0800] "GET /xingrg/dwr/util.js HTTP/1.1" 200 35990
120.253.135.82 - - [10/Aug/2021:10:34:12 +0800] "GET /xingrg/javascript/Calendar.js HTTP/1.1" 200 31561
120.253.135.82 - - [10/Aug/2021:10:34:12 +0800] "GET /xingrg/dwr/engine.js HTTP/1.1" 200 43631
101.83.145.79 - - [10/Aug/2021:10:34:12 +0800] "GET /xingrg/kc/buy/cgsh_order_operate.html?command=get_materiel&rest_code=00105&code=00101003003&supplier_code=00100093&order_time=2021-08-10 HTTP/1.1" 200 415
120.253.135.82 - - [10/Aug/2021:10:34:12 +0800] "GET /xingrg/javascript/jquery_easy_ui/themes/icons/uncheck_new.png HTTP/1.1" 200 3197
120.253.135.82 - - [10/Aug/2021:10:34:12 +0800] "GET /xingrg/javascript/jquery_easy_ui/themes/icons/check_new.png HTTP/1.1" 200 3224
116.235.222.38 - - [10/Aug/2021:10:34:13 +0800] "GET /xingrg/kc/buy/buy_main.html HTTP/1.1" 200 12412
116.235.222.38 - - [10/Aug/2021:10:34:13 +0800] "GET /xingrg/css/new_ie.css HTTP/1.1" 404 1036
114.84.82.184 - - [10/Aug/2021:10:34:14 +0800] "GET /xingrg/kc/buy/cgsh_order_add.html HTTP/1.1" 200 63149
222.70.246.151 - - [10/Aug/2021:10:34:14 +0800] "GET /xingrg/all/function/internal_message.html?_=1628562858838&CODE_STATE=getMsg HTTP/1.1" 200 27
114.84.82.184 - - [10/Aug/2021:10:34:14 +0800] "POST /xingrg/kc/buy/cgsh_order_operate.html HTTP/1.1" 200 8245
114.84.82.184 - - [10/Aug/2021:10:34:14 +0800] "GET /xingrg/javascript/easyui/themes/default/validatebox.css HTTP/1.1" 404 1104
116.235.222.38 - - [10/Aug/2021:10:34:14 +0800] "GET /xingrg/images/yd/bt.gif HTTP/1.1" 404 1040
114.88.154.248 - - [10/Aug/2021:10:34:14 +0800] "GET /xingrg/kc/buy/cgsh_order_operate.html?command=get_materiel&rest_code=00141&code=00101002027&supplier_code=00100442&order_time=2021-08-10 HTTP/1.1" 200 413
116.235.222.38 - - [10/Aug/2021:10:34:15 +0800] "GET /xingrg/kc/buy/cgsh_order_list.html HTTP/1.1" 200 47411
120.253.135.82 - - [10/Aug/2021:10:34:15 +0800] "GET /xingrg/all/function/internal_message.html?_=1628562631716&CODE_STATE=getMsg HTTP/1.1" 200 27
116.235.222.38 - - [10/Aug/2021:10:34:18 +0800] "POST /xingrg/kc/buy/cgsh_list_operate.html HTTP/1.1" 200 5048
116.235.222.38 - - [10/Aug/2021:10:34:19 +0800] "GET /xingrg/all/function/internal_message.html?_=1628562857491&CODE_STATE=getMsg HTTP/1.1" 200 27
120.253.135.82 - - [10/Aug/2021:10:34:20 +0800] "GET /xingrg/kc/report/report_main.html HTTP/1.1" 200 9370
120.253.135.82 - - [10/Aug/2021:10:34:21 +0800] "GET /xingrg/kc/base/kc_stocks.html HTTP/1.1" 200 16437
116.235.222.38 - - [10/Aug/2021:10:34:21 +0800] "POST /xingrg/kc/buy/cgsh_list_operate.html HTTP/1.1" 200 207
120.253.135.82 - - [10/Aug/2021:10:34:21 +0800] "GET /xingrg/javascript/easyui/themes/default/tree.css HTTP/1.1" 404 1090
120.253.135.82 - - [10/Aug/2021:10:34:21 +0800] "POST /xingrg/all/common/load_tree.html?tree=materiel_sort_tree_json HTTP/1.1" 200 8666
116.235.222.38 - - [10/Aug/2021:10:34:22 +0800] "GET /xingrg/kc/buy/cgsh_order_info.html?code=212021081004400 HTTP/1.1" 200 63242
116.235.222.38 - - [10/Aug/2021:10:34:23 +0800] "GET /xingrg/javascript/easyui/themes/default/validatebox.css HTTP/1.1" 404 1104
58.40.7.146 - - [10/Aug/2021:10:34:24 +0800] "GET /xingrg/all/function/internal_message.html?_=1628562862563&CODE_STATE=getMsg HTTP/1.1" 200 27
120.253.135.82 - - [10/Aug/2021:10:34:24 +0800] "POST /xingrg/all/common/load_combo.html?type=base HTTP/1.1" 200 1075
101.83.145.79 - - [10/Aug/2021:10:34:25 +0800] "POST /xingrg/kc/buy/cgsh_order_operate.html HTTP/1.1" 200 37
116.235.222.38 - - [10/Aug/2021:10:34:25 +0800] "POST /xingrg/kc/buy/cgsh_order_operate.html HTTP/1.1" 200 2664
116.235.222.38 - - [10/Aug/2021:10:34:26 +0800] "GET /xingrg/kc/print/load_data.html?order_code=212021081004400&kc_code=cgsh&condition= HTTP/1.1" 200 673
101.83.145.79 - - [10/Aug/2021:10:34:26 +0800] "POST /xingrg/kc/buy/cgsh_order_operate.html HTTP/1.1" 200 2665
101.83.145.79 - - [10/Aug/2021:10:34:27 +0800] "GET /xingrg/kc/print/load_data.html?order_code=212021081004432&kc_code=cgsh&condition= HTTP/1.1" 200 727
120.253.135.82 - - [10/Aug/2021:10:34:30 +0800] "POST /xingrg/kc/base/stock_operate.html HTTP/1.1" 200 1483
58.40.7.146 - - [10/Aug/2021:10:34:30 +0800] "GET /xingrg/all/function/internal_message.html?_=1628562869021&CODE_STATE=getMsg HTTP/1.1" 302 -
58.40.7.146 - - [10/Aug/2021:10:34:30 +0800] "GET /xingrg/check_reg.html?_=1628562869023 HTTP/1.1" 302 -
114.88.154.248 - - [10/Aug/2021:10:34:32 +0800] "GET /xingrg/kc/buy/cgsh_order_operate.html?command=get_materiel&rest_code=00141&code=00101001052&supplier_code=00100442&order_time=2021-08-10 HTTP/1.1" 200 411
120.253.135.82 - - [10/Aug/2021:10:34:32 +0800] "GET /xingrg/kc/pszx/mdqp_order_list.html?state=10 HTTP/1.1" 200 11874
120.253.135.82 - - [10/Aug/2021:10:34:33 +0800] "GET /xingrg/dwr/interface/AjaxQqpsService.js HTTP/1.1" 200 16326
120.253.135.82 - - [10/Aug/2021:10:34:33 +0800] "GET /xingrg/dwr/interface/AjaxReportQueryService.js HTTP/1.1" 200 13203
120.253.135.82 - - [10/Aug/2021:10:34:33 +0800] "GET /xingrg/dwr/engine.js HTTP/1.1" 200 43631
120.253.135.82 - - [10/Aug/2021:10:34:34 +0800] "GET /xingrg/javascript/jquery_easy_ui/themes/default/images/tabs_active.png HTTP/1.1" 200 2894
114.88.154.248 - - [10/Aug/2021:10:34:34 +0800] "GET /xingrg/all/function/internal_message.html?_=1628562779844&CODE_STATE=getMsg HTTP/1.1" 200 27
120.253.135.82 - - [10/Aug/2021:10:34:35 +0800] "GET /xingrg/javascript/jquery_easy_ui/themes/default/images/button_plain_hover.png HTTP/1.1" 200 252
114.84.82.184 - - [10/Aug/2021:10:34:40 +0800] "GET /xingrg/kc/buy/cgsh_order_operate.html?command=get_materiel&rest_code=00148&code=00101001093&supplier_code=00100319&order_time=2021-08-10 HTTP/1.1" 200 411
116.238.194.18 - - [10/Aug/2021:10:34:43 +0800] "GET /xingrg/all/function/internal_message.html?_=1628562831565&CODE_STATE=getMsg HTTP/1.1" 200 27
101.83.145.79 - - [10/Aug/2021:10:34:45 +0800] "GET /xingrg/all/function/internal_message.html?_=1628562842158&CODE_STATE=getMsg HTTP/1.1" 200 27
58.37.4.159 - - [10/Aug/2021:10:34:46 +0800] "GET /xingrg/all/function/internal_message.html?_=1628562885415&CODE_STATE=getMsg HTTP/1.1" 200 27
114.88.154.248 - - [10/Aug/2021:10:34:51 +0800] "POST /xingrg/kc/buy/cgsh_order_operate.html HTTP/1.1" 200 37
114.84.82.184 - - [10/Aug/2021:10:34:51 +0800] "GET /xingrg/kc/buy/cgsh_order_operate.html?command=get_materiel&rest_code=00148&code=00101001140&supplier_code=00100319&order_time=2021-08-10 HTTP/1.1" 200 415
116.233.77.65 - - [10/Aug/2021:10:34:55 +0800] "GET /xingrg/all/function/internal_message.html?_=1628562895922&CODE_STATE=getMsg HTTP/1.1" 200 27
114.88.154.248 - - [10/Aug/2021:10:34:55 +0800] "POST /xingrg/kc/buy/cgsh_order_operate.html HTTP/1.1" 200 12
101.83.145.79 - - [10/Aug/2021:10:34:56 +0800] "GET /xingrg/all/function/internal_message.html?_=1628562896028&CODE_STATE=getMsg HTTP/1.1" 200 27
172.20.0.100 - - [10/Aug/2021:10:34:56 +0800] "GET /xingrg/all/function/internal_message.html?_=1628562893787&CODE_STATE=getMsg HTTP/1.1" 302 -
114.88.154.248 - - [10/Aug/2021:10:34:57 +0800] "GET /xingrg/kc/buy/cgsh_order_info.html?code=212021081004433 HTTP/1.1" 200 58060
114.88.154.248 - - [10/Aug/2021:10:34:57 +0800] "GET /xingrg/javascript/easyui/themes/default/validatebox.css HTTP/1.1" 404 1104
114.88.154.248 - - [10/Aug/2021:10:34:58 +0800] "POST /xingrg/kc/buy/cgsh_order_operate.html HTTP/1.1" 200 1786
58.37.4.159 - - [10/Aug/2021:10:34:58 +0800] "GET /xingrg/all/function/internal_message.html?_=1628562897374&CODE_STATE=getMsg HTTP/1.1" 200 27
114.84.82.184 - - [10/Aug/2021:10:34:58 +0800] "GET /xingrg/all/function/internal_message.html?_=1628562897312&CODE_STATE=getMsg HTTP/1.1" 200 27
222.70.178.182 - - [10/Aug/2021:10:35:02 +0800] "GET /xingrg/all/function/internal_message.html?_=1628562899032&CODE_STATE=getMsg HTTP/1.1" 200 27
116.238.194.18 - - [10/Aug/2021:10:35:03 +0800] "GET /xingrg/all/function/internal_message.html?_=1628562900391&CODE_STATE=getMsg HTTP/1.1" 200 27
101.83.145.79 - - [10/Aug/2021:10:35:03 +0800] "GET /xingrg/kc/buy/cgsh_order_add.html HTTP/1.1" 200 63190
101.83.145.79 - - [10/Aug/2021:10:35:03 +0800] "POST /xingrg/kc/buy/cgsh_order_operate.html HTTP/1.1" 200 8245
101.83.145.79 - - [10/Aug/2021:10:35:03 +0800] "GET /xingrg/javascript/easyui/themes/default/validatebox.css HTTP/1.1" 404 1104
180.169.147.146 - - [10/Aug/2021:10:35:13 +0800] "GET /xingrg/check_reg.html?_=1628562911360 HTTP/1.1" 302 -
58.37.4.159 - - [10/Aug/2021:10:35:13 +0800] "GET /xingrg/kc/buy/buy_main.html HTTP/1.1" 200 12412
58.37.4.159 - - [10/Aug/2021:10:35:13 +0800] "GET /xingrg/css/new_ie.css HTTP/1.1" 404 1036
114.84.82.184 - - [10/Aug/2021:10:35:14 +0800] "POST /xingrg/kc/buy/cgsh_order_operate.html HTTP/1.1" 200 37
222.70.246.151 - - [10/Aug/2021:10:35:14 +0800] "GET /xingrg/all/function/internal_message.html?_=1628562919048&CODE_STATE=getMsg HTTP/1.1" 200 27
120.253.135.82 - - [10/Aug/2021:10:35:15 +0800] "GET /xingrg/all/function/internal_message.html?_=1628562691749&CODE_STATE=getMsg HTTP/1.1" 200 27
58.37.4.159 - - [10/Aug/2021:10:35:15 +0800] "GET /xingrg/images/yd/bt.gif HTTP/1.1" 404 1040
58.37.4.159 - - [10/Aug/2021:10:35:16 +0800] "GET /xingrg/kc/buy/cgsh_order_list.html HTTP/1.1" 200 47405
101.83.145.79 - - [10/Aug/2021:10:35:16 +0800] "GET /xingrg/kc/buy/cgsh_order_operate.html?command=get_materiel&rest_code=00105&code=00101004038&supplier_code=00100312&order_time=2021-08-10 HTTP/1.1" 200 429
114.84.82.184 - - [10/Aug/2021:10:35:16 +0800] "POST /xingrg/kc/buy/cgsh_order_operate.html HTTP/1.1" 200 2662
58.37.4.159 - - [10/Aug/2021:10:35:17 +0800] "POST /xingrg/kc/buy/cgsh_list_operate.html HTTP/1.1" 200 876
114.84.82.184 - - [10/Aug/2021:10:35:18 +0800] "GET /xingrg/kc/print/load_data.html?order_code=212021081004434&kc_code=cgsh&condition= HTTP/1.1" 200 691
116.235.222.38 - - [10/Aug/2021:10:35:19 +0800] "GET /xingrg/all/function/internal_message.html?_=1628562917471&CODE_STATE=getMsg HTTP/1.1" 200 27
58.37.4.159 - - [10/Aug/2021:10:35:20 +0800] "GET /xingrg/javascript/easyui/themes/default/tree.css HTTP/1.1" 404 1090
58.37.4.159 - - [10/Aug/2021:10:35:20 +0800] "POST /xingrg/all/common/load_tree.html?tree=supplier_tree_json&manage=1 HTTP/1.1" 200 58169
58.40.7.146 - - [10/Aug/2021:10:35:24 +0800] "GET /xingrg/check_reg.html?_=1628562922552 HTTP/1.1" 200 22
58.40.7.146 - - [10/Aug/2021:10:35:24 +0800] "GET /xingrg/all/function/internal_message.html?_=1628562922553&CODE_STATE=getMsg HTTP/1.1" 200 27
114.84.82.184 - - [10/Aug/2021:10:35:26 +0800] "GET /xingrg/kc/buy/cgsh_order_add.html HTTP/1.1" 200 63149
114.84.82.184 - - [10/Aug/2021:10:35:26 +0800] "POST /xingrg/kc/buy/cgsh_order_operate.html HTTP/1.1" 200 8245
114.84.82.184 - - [10/Aug/2021:10:35:26 +0800] "GET /xingrg/javascript/easyui/themes/default/validatebox.css HTTP/1.1" 404 1104
58.37.4.159 - - [10/Aug/2021:10:35:27 +0800] "POST /xingrg/kc/buy/cgsh_list_operate.html HTTP/1.1" 200 5828
58.40.7.146 - - [10/Aug/2021:10:35:30 +0800] "GET /xingrg/all/function/internal_message.html?_=1628562929024&CODE_STATE=getMsg HTTP/1.1" 302 -
159.89.238.176 - - [10/Aug/2021:10:35:31 +0800] "POST /json_rpc HTTP/1.0" 404 -
101.83.145.79 - - [10/Aug/2021:10:35:33 +0800] "GET /xingrg/kc/buy/cgsh_order_operate.html?command=get_materiel&rest_code=00105&code=00101004050&supplier_code=00100312&order_time=2021-08-10 HTTP/1.1" 200 409
114.88.154.248 - - [10/Aug/2021:10:35:34 +0800] "GET /xingrg/all/function/internal_message.html?_=1628562839830&CODE_STATE=getMsg HTTP/1.1" 200 27
58.37.4.159 - - [10/Aug/2021:10:35:35 +0800] "POST /xingrg/kc/buy/cgsh_list_operate.html HTTP/1.1" 200 5946
58.37.4.159 - - [10/Aug/2021:10:35:39 +0800] "POST /xingrg/kc/buy/cgsh_list_operate.html HTTP/1.1" 200 440
101.83.145.79 - - [10/Aug/2021:10:35:42 +0800] "GET /xingrg/kc/buy/cgsh_order_operate.html?command=get_materiel&rest_code=00105&code=00101001023&supplier_code=00100312&order_time=2021-08-10 HTTP/1.1" 200 414
114.84.82.184 - - [10/Aug/2021:10:35:43 +0800] "GET /xingrg/kc/buy/cgsh_order_operate.html?command=get_materiel&rest_code=00148&code=00101002007&supplier_code=00100442&order_time=2021-08-10 HTTP/1.1" 200 409
116.238.194.18 - - [10/Aug/2021:10:35:44 +0800] "GET /xingrg/all/function/internal_message.html?_=1628562891578&CODE_STATE=getMsg HTTP/1.1" 200 27
101.83.145.79 - - [10/Aug/2021:10:35:45 +0800] "GET /xingrg/all/function/internal_message.html?_=1628562902156&CODE_STATE=getMsg HTTP/1.1" 200 27
58.37.4.159 - - [10/Aug/2021:10:35:46 +0800] "POST /xingrg/kc/buy/cgsh_list_operate.html HTTP/1.1" 200 202
58.37.4.159 - - [10/Aug/2021:10:35:46 +0800] "GET /xingrg/all/function/internal_message.html?_=1628562945415&CODE_STATE=getMsg HTTP/1.1" 200 27
58.37.4.159 - - [10/Aug/2021:10:35:49 +0800] "POST /xingrg/kc/buy/cgsh_list_operate.html HTTP/1.1" 200 439
101.83.145.79 - - [10/Aug/2021:10:35:51 +0800] "GET /xingrg/kc/buy/cgsh_order_operate.html?command=get_materiel&rest_code=00105&code=00101005074&supplier_code=00100312&order_time=2021-08-10 HTTP/1.1" 200 400
116.233.77.65 - - [10/Aug/2021:10:35:55 +0800] "GET /xingrg/all/function/internal_message.html?_=1628562955921&CODE_STATE=getMsg HTTP/1.1" 200 27
116.233.77.65 - - [10/Aug/2021:10:35:55 +0800] "GET /xingrg/check_reg.html?_=1628562955922 HTTP/1.1" 200 22
101.83.145.79 - - [10/Aug/2021:10:35:56 +0800] "GET /xingrg/all/function/internal_message.html?_=1628562956033&CODE_STATE=getMsg HTTP/1.1" 200 27
172.20.0.100 - - [10/Aug/2021:10:35:56 +0800] "GET /xingrg/all/function/internal_message.html?_=1628562953791&CODE_STATE=getMsg HTTP/1.1" 302 -
58.37.4.159 - - [10/Aug/2021:10:35:58 +0800] "GET /xingrg/check_reg.html?_=1628562957379 HTTP/1.1" 200 22
58.37.4.159 - - [10/Aug/2021:10:35:58 +0800] "GET /xingrg/all/function/internal_message.html?_=1628562957381&CODE_STATE=getMsg HTTP/1.1" 200 27
114.84.82.184 - - [10/Aug/2021:10:36:01 +0800] "POST /xingrg/kc/buy/cgsh_order_operate.html HTTP/1.1" 200 37
58.37.4.159 - - [10/Aug/2021:10:36:01 +0800] "POST /xingrg/kc/buy/cgsh_list_operate.html HTTP/1.1" 200 275
222.70.178.182 - - [10/Aug/2021:10:36:02 +0800] "GET /xingrg/all/function/internal_message.html?_=1628562959032&CODE_STATE=getMsg HTTP/1.1" 200 27
116.238.194.18 - - [10/Aug/2021:10:36:03 +0800] "GET /xingrg/all/function/internal_message.html?_=1628562960379&CODE_STATE=getMsg HTTP/1.1" 200 27
58.37.4.159 - - [10/Aug/2021:10:36:03 +0800] "POST /xingrg/kc/buy/cgsh_list_operate.html HTTP/1.1" 200 278
114.84.82.184 - - [10/Aug/2021:10:36:03 +0800] "POST /xingrg/kc/buy/cgsh_order_operate.html HTTP/1.1" 200 2658
114.84.82.184 - - [10/Aug/2021:10:36:05 +0800] "GET /xingrg/kc/print/load_data.html?order_code=212021081004435&kc_code=cgsh&condition= HTTP/1.1" 200 675
58.37.4.159 - - [10/Aug/2021:10:36:05 +0800] "POST /xingrg/kc/buy/cgsh_list_operate.html HTTP/1.1" 200 198
101.91.62.89 - - [10/Aug/2021:10:36:07 +0800] "GET /xingrg/all/function/internal_message.html?_=1628562897374&CODE_STATE=getMsg HTTP/1.1" 302 -
58.37.4.159 - - [10/Aug/2021:10:36:07 +0800] "POST /xingrg/kc/buy/cgsh_list_operate.html HTTP/1.1" 200 594
101.91.62.89 - - [10/Aug/2021:10:36:07 +0800] "GET /xingrg/login.html HTTP/1.1" 200 7641
101.83.145.79 - - [10/Aug/2021:10:36:10 +0800] "POST /xingrg/kc/buy/cgsh_order_operate.html HTTP/1.1" 200 37
58.37.4.159 - - [10/Aug/2021:10:36:12 +0800] "POST /xingrg/kc/buy/cgsh_list_operate.html HTTP/1.1" 200 5828
101.83.145.79 - - [10/Aug/2021:10:36:13 +0800] "POST /xingrg/kc/buy/cgsh_order_operate.html HTTP/1.1" 200 4437
58.37.4.159 - - [10/Aug/2021:10:36:13 +0800] "POST /xingrg/kc/buy/cgsh_list_operate.html HTTP/1.1" 200 202
114.84.82.184 - - [10/Aug/2021:10:36:14 +0800] "GET /xingrg/kc/buy/cgsh_order_add.html HTTP/1.1" 200 63149
114.84.82.184 - - [10/Aug/2021:10:36:14 +0800] "POST /xingrg/kc/buy/cgsh_order_operate.html HTTP/1.1" 200 8245
114.84.82.184 - - [10/Aug/2021:10:36:14 +0800] "GET /xingrg/javascript/easyui/themes/default/validatebox.css HTTP/1.1" 404 1104
101.83.145.79 - - [10/Aug/2021:10:36:14 +0800] "GET /xingrg/kc/print/load_data.html?order_code=212021081004436&kc_code=cgsh&condition= HTTP/1.1" 200 1351
222.70.246.151 - - [10/Aug/2021:10:36:15 +0800] "GET /xingrg/all/function/internal_message.html?_=1628562979231&CODE_STATE=getMsg HTTP/1.1" 200 27
116.230.105.26 - - [10/Aug/2021:10:36:15 +0800] "POST /xingrg/services/DataTransmitService HTTP/1.1" 200 524
120.253.135.82 - - [10/Aug/2021:10:36:15 +0800] "GET /xingrg/all/function/internal_message.html?_=1628562751756&CODE_STATE=getMsg HTTP/1.1" 200 27
58.37.4.159 - - [10/Aug/2021:10:36:18 +0800] "POST /xingrg/kc/buy/cgsh_list_operate.html HTTP/1.1" 200 574
116.230.105.26 - - [10/Aug/2021:10:36:18 +0800] "POST /xingrg/services/DataTransmitService HTTP/1.1" 200 501
101.83.145.79 - - [10/Aug/2021:10:36:19 +0800] "GET /xingrg/kc/buy/cgsh_order_add.html HTTP/1.1" 200 63190
116.230.105.26 - - [10/Aug/2021:10:36:19 +0800] "POST /xingrg/services/DataTransmitService HTTP/1.1" 200 501
116.235.222.38 - - [10/Aug/2021:10:36:19 +0800] "GET /xingrg/all/function/internal_message.html?_=1628562977457&CODE_STATE=getMsg HTTP/1.1" 200 27
101.83.145.79 - - [10/Aug/2021:10:36:19 +0800] "GET /xingrg/javascript/easyui/themes/default/validatebox.css HTTP/1.1" 404 1104
101.83.145.79 - - [10/Aug/2021:10:36:19 +0800] "POST /xingrg/kc/buy/cgsh_order_operate.html HTTP/1.1" 200 8245
116.230.105.26 - - [10/Aug/2021:10:36:19 +0800] "POST /xingrg/services/DataTransmitService HTTP/1.1" 200 501
116.230.105.26 - - [10/Aug/2021:10:36:20 +0800] "POST /xingrg/services/DataTransmitService HTTP/1.1" 200 501
116.230.105.26 - - [10/Aug/2021:10:36:20 +0800] "POST /xingrg/services/DataTransmitService HTTP/1.1" 200 501
116.230.105.26 - - [10/Aug/2021:10:36:21 +0800] "POST /xingrg/services/DataTransmitService HTTP/1.1" 200 501
116.230.105.26 - - [10/Aug/2021:10:36:21 +0800] "POST /xingrg/services/DataTransmitService HTTP/1.1" 200 501
116.230.105.26 - - [10/Aug/2021:10:36:21 +0800] "POST /xingrg/services/DataTransmitService HTTP/1.1" 200 501
116.230.105.26 - - [10/Aug/2021:10:36:21 +0800] "POST /xingrg/services/DataTransmitService HTTP/1.1" 200 501
116.230.105.26 - - [10/Aug/2021:10:36:22 +0800] "POST /xingrg/services/DataTransmitService HTTP/1.1" 200 412
116.230.105.26 - - [10/Aug/2021:10:36:22 +0800] "POST /xingrg/services/DataTransmitService HTTP/1.1" 200 524
116.230.105.26 - - [10/Aug/2021:10:36:22 +0800] "POST /xingrg/services/DataTransmitService HTTP/1.1" 200 501
58.37.4.159 - - [10/Aug/2021:10:36:23 +0800] "POST /xingrg/kc/buy/cgsh_list_operate.html HTTP/1.1" 200 356
58.40.7.146 - - [10/Aug/2021:10:36:24 +0800] "GET /xingrg/all/function/internal_message.html?_=1628562982554&CODE_STATE=getMsg HTTP/1.1" 200 27
58.40.7.146 - - [10/Aug/2021:10:36:30 +0800] "GET /xingrg/all/function/internal_message.html?_=1628562989028&CODE_STATE=getMsg HTTP/1.1" 302 -
58.37.4.159 - - [10/Aug/2021:10:36:30 +0800] "POST /xingrg/kc/buy/cgsh_list_operate.html HTTP/1.1" 200 367
101.83.145.79 - - [10/Aug/2021:10:36:33 +0800] "GET /xingrg/kc/buy/cgsh_order_operate.html?command=get_materiel&rest_code=00105&code=00101010172&supplier_code=00100337&order_time=2021-08-10 HTTP/1.1" 200 409
114.88.154.248 - - [10/Aug/2021:10:36:34 +0800] "GET /xingrg/check_reg.html?_=1628562899782 HTTP/1.1" 200 22
114.88.154.248 - - [10/Aug/2021:10:36:34 +0800] "GET /xingrg/all/function/internal_message.html?_=1628562899799&CODE_STATE=getMsg HTTP/1.1" 200 27
116.238.194.18 - - [10/Aug/2021:10:36:44 +0800] "GET /xingrg/all/function/internal_message.html?_=1628562951685&CODE_STATE=getMsg HTTP/1.1" 200 27
101.83.145.79 - - [10/Aug/2021:10:36:45 +0800] "GET /xingrg/all/function/internal_message.html?_=1628562962155&CODE_STATE=getMsg HTTP/1.1" 200 27
101.83.145.79 - - [10/Aug/2021:10:36:45 +0800] "GET /xingrg/check_reg.html?_=1628562962157 HTTP/1.1" 200 22
58.37.4.159 - - [10/Aug/2021:10:36:46 +0800] "GET /xingrg/all/function/internal_message.html?_=1628563005415&CODE_STATE=getMsg HTTP/1.1" 200 27
116.233.77.65 - - [10/Aug/2021:10:36:55 +0800] "GET /xingrg/all/function/internal_message.html?_=1628563015931&CODE_STATE=getMsg HTTP/1.1" 200 27
101.83.145.79 - - [10/Aug/2021:10:36:56 +0800] "GET /xingrg/all/function/internal_message.html?_=1628563016039&CODE_STATE=getMsg HTTP/1.1" 200 27
172.20.0.100 - - [10/Aug/2021:10:36:56 +0800] "GET /xingrg/all/function/internal_message.html?_=1628563013795&CODE_STATE=getMsg HTTP/1.1" 302 -
58.37.4.159 - - [10/Aug/2021:10:36:58 +0800] "GET /xingrg/all/function/internal_message.html?_=1628563017382&CODE_STATE=getMsg HTTP/1.1" 200 27
114.84.82.184 - - [10/Aug/2021:10:36:58 +0800] "GET /xingrg/all/function/internal_message.html?_=1628563017320&CODE_STATE=getMsg HTTP/1.1" 200 27
222.70.178.182 - - [10/Aug/2021:10:37:02 +0800] "GET /xingrg/all/function/internal_message.html?_=1628563019033&CODE_STATE=getMsg HTTP/1.1" 200 27
101.89.239.238 - - [10/Aug/2021:10:37:03 +0800] "GET /xingrg/check_reg.html?_=1628562957379 HTTP/1.1" 302 -
116.238.194.18 - - [10/Aug/2021:10:37:03 +0800] "GET /xingrg/all/function/internal_message.html?_=1628563020385&CODE_STATE=getMsg HTTP/1.1" 200 27
61.151.178.236 - - [10/Aug/2021:10:37:05 +0800] "GET /xingrg/all/function/internal_message.html?_=1628562957381&CODE_STATE=getMsg HTTP/1.1" 302 -
101.89.239.238 - - [10/Aug/2021:10:37:05 +0800] "GET /xingrg/login.html HTTP/1.1" 200 7641
114.84.82.184 - - [10/Aug/2021:10:37:07 +0800] "GET /xingrg/kc/buy/cgsh_order_operate.html?command=get_materiel&rest_code=00148&code=00101005020&supplier_code=00100340&order_time=2021-08-10 HTTP/1.1" 200 413
61.151.178.236 - - [10/Aug/2021:10:37:09 +0800] "GET /xingrg/login.html HTTP/1.1" 200 7641
222.70.246.151 - - [10/Aug/2021:10:37:12 +0800] "GET /xingrg/check_reg.html?_=1628563036655 HTTP/1.1" 200 22
222.70.246.151 - - [10/Aug/2021:10:37:15 +0800] "GET /xingrg/all/function/internal_message.html?_=1628563039422&CODE_STATE=getMsg HTTP/1.1" 200 27
120.253.135.82 - - [10/Aug/2021:10:37:15 +0800] "GET /xingrg/all/function/internal_message.html?_=1628562811790&CODE_STATE=getMsg HTTP/1.1" 200 27
116.235.222.38 - - [10/Aug/2021:10:37:19 +0800] "GET /xingrg/all/function/internal_message.html?_=1628563037427&CODE_STATE=getMsg HTTP/1.1" 200 27
116.235.222.38 - - [10/Aug/2021:10:37:19 +0800] "GET /xingrg/check_reg.html?_=1628563037728 HTTP/1.1" 200 22
58.40.7.146 - - [10/Aug/2021:10:37:24 +0800] "GET /xingrg/all/function/internal_message.html?_=1628563042556&CODE_STATE=getMsg HTTP/1.1" 200 27
101.83.145.79 - - [10/Aug/2021:10:37:27 +0800] "POST /xingrg/kc/buy/cgsh_order_operate.html HTTP/1.1" 200 37
114.84.82.184 - - [10/Aug/2021:10:37:29 +0800] "GET /xingrg/kc/buy/cgsh_order_operate.html?command=get_materiel&rest_code=00148&code=00101014031&supplier_code=00100340&order_time=2021-08-10 HTTP/1.1" 200 413
101.83.145.79 - - [10/Aug/2021:10:37:29 +0800] "POST /xingrg/kc/buy/cgsh_order_operate.html HTTP/1.1" 200 2652
58.40.7.146 - - [10/Aug/2021:10:37:30 +0800] "GET /xingrg/all/function/internal_message.html?_=1628563049031&CODE_STATE=getMsg HTTP/1.1" 302 -
101.83.145.79 - - [10/Aug/2021:10:37:32 +0800] "GET /xingrg/kc/print/load_data.html?order_code=212021081004437&kc_code=cgsh&condition= HTTP/1.1" 200 661
114.88.154.248 - - [10/Aug/2021:10:37:34 +0800] "GET /xingrg/all/function/internal_message.html?_=1628562959783&CODE_STATE=getMsg HTTP/1.1" 200 27
101.83.145.79 - - [10/Aug/2021:10:37:35 +0800] "GET /xingrg/kc/buy/cgsh_order_add.html HTTP/1.1" 200 63190
101.83.145.79 - - [10/Aug/2021:10:37:36 +0800] "POST /xingrg/kc/buy/cgsh_order_operate.html HTTP/1.1" 200 8245
101.83.145.79 - - [10/Aug/2021:10:37:36 +0800] "GET /xingrg/javascript/easyui/themes/default/validatebox.css HTTP/1.1" 404 1104
116.238.194.18 - - [10/Aug/2021:10:37:36 +0800] "GET /xingrg/check_reg.html?_=1628563004116 HTTP/1.1" 200 22
116.238.194.18 - - [10/Aug/2021:10:37:44 +0800] "GET /xingrg/all/function/internal_message.html?_=1628563011698&CODE_STATE=getMsg HTTP/1.1" 200 27
114.84.82.184 - - [10/Aug/2021:10:37:45 +0800] "POST /xingrg/kc/buy/cgsh_order_operate.html HTTP/1.1" 200 37
101.83.145.79 - - [10/Aug/2021:10:37:45 +0800] "GET /xingrg/all/function/internal_message.html?_=1628563022155&CODE_STATE=getMsg HTTP/1.1" 200 27
58.37.4.159 - - [10/Aug/2021:10:37:46 +0800] "GET /xingrg/all/function/internal_message.html?_=1628563065443&CODE_STATE=getMsg HTTP/1.1" 200 27
114.84.82.184 - - [10/Aug/2021:10:37:48 +0800] "POST /xingrg/kc/buy/cgsh_order_operate.html HTTP/1.1" 200 3251
101.83.145.79 - - [10/Aug/2021:10:37:50 +0800] "GET /xingrg/kc/buy/cgsh_order_operate.html?command=get_materiel&rest_code=00105&code=00101007032&supplier_code=00100328&order_time=2021-08-10 HTTP/1.1" 200 413
114.84.82.184 - - [10/Aug/2021:10:37:50 +0800] "GET /xingrg/kc/print/load_data.html?order_code=212021081004438&kc_code=cgsh&condition= HTTP/1.1" 200 916
116.233.77.65 - - [10/Aug/2021:10:37:55 +0800] "GET /xingrg/all/function/internal_message.html?_=1628563075926&CODE_STATE=getMsg HTTP/1.1" 200 27
114.84.82.184 - - [10/Aug/2021:10:37:55 +0800] "GET /xingrg/kc/buy/cgsh_order_add.html HTTP/1.1" 200 63149
114.84.82.184 - - [10/Aug/2021:10:37:55 +0800] "POST /xingrg/kc/buy/cgsh_order_operate.html HTTP/1.1" 200 8245
114.84.82.184 - - [10/Aug/2021:10:37:55 +0800] "GET /xingrg/javascript/easyui/themes/default/validatebox.css HTTP/1.1" 404 1104
101.83.145.79 - - [10/Aug/2021:10:37:56 +0800] "GET /xingrg/all/function/internal_message.html?_=1628563076054&CODE_STATE=getMsg HTTP/1.1" 200 27
172.20.0.100 - - [10/Aug/2021:10:37:56 +0800] "GET /xingrg/check_reg.html?_=1628563073798 HTTP/1.1" 302 -
172.20.0.100 - - [10/Aug/2021:10:37:56 +0800] "GET /xingrg/all/function/internal_message.html?_=1628563073800&CODE_STATE=getMsg HTTP/1.1" 302 -
58.37.4.159 - - [10/Aug/2021:10:37:58 +0800] "GET /xingrg/all/function/internal_message.html?_=1628563077381&CODE_STATE=getMsg HTTP/1.1" 200 27
114.84.82.184 - - [10/Aug/2021:10:37:58 +0800] "GET /xingrg/all/function/internal_message.html?_=1628563077303&CODE_STATE=getMsg HTTP/1.1" 200 27
114.84.82.184 - - [10/Aug/2021:10:37:58 +0800] "GET /xingrg/check_reg.html?_=1628563077492 HTTP/1.1" 200 22
222.70.178.182 - - [10/Aug/2021:10:38:02 +0800] "GET /xingrg/all/function/internal_message.html?_=1628563079038&CODE_STATE=getMsg HTTP/1.1" 200 27
116.238.194.18 - - [10/Aug/2021:10:38:03 +0800] "GET /xingrg/all/function/internal_message.html?_=1628563080384&CODE_STATE=getMsg HTTP/1.1" 200 27
116.238.194.18 - - [10/Aug/2021:10:38:03 +0800] "GET /xingrg/check_reg.html?_=1628563080388 HTTP/1.1" 200 22
120.253.135.82 - - [10/Aug/2021:10:38:07 +0800] "GET /xingrg/check_reg.html?_=1628562863467 HTTP/1.1" 200 22
114.84.82.184 - - [10/Aug/2021:10:38:11 +0800] "GET /xingrg/kc/buy/cgsh_order_operate.html?command=get_materiel&rest_code=00148&code=00101003037&supplier_code=00100088&order_time=2021-08-10 HTTP/1.1" 200 415
101.83.145.79 - - [10/Aug/2021:10:38:12 +0800] "GET /xingrg/kc/buy/cgsh_order_operate.html?command=get_materiel&rest_code=00105&code=00101007085&supplier_code=00100328&order_time=2021-08-10 HTTP/1.1" 200 413
222.70.246.151 - - [10/Aug/2021:10:38:15 +0800] "GET /xingrg/all/function/internal_message.html?_=1628563099423&CODE_STATE=getMsg HTTP/1.1" 200 27
120.253.135.82 - - [10/Aug/2021:10:38:15 +0800] "GET /xingrg/all/function/internal_message.html?_=1628562871798&CODE_STATE=getMsg HTTP/1.1" 200 27
58.37.4.159 - - [10/Aug/2021:10:38:16 +0800] "GET /xingrg/kc/buy/cgsh_order_add.html HTTP/1.1" 200 63143
58.37.4.159 - - [10/Aug/2021:10:38:16 +0800] "POST /xingrg/kc/buy/cgsh_order_operate.html HTTP/1.1" 200 8245
58.37.4.159 - - [10/Aug/2021:10:38:16 +0800] "GET /xingrg/javascript/easyui/themes/default/validatebox.css HTTP/1.1" 404 1104
58.37.4.159 - - [10/Aug/2021:10:38:18 +0800] "GET /xingrg/javascript/easyui/themes/default/tree.css HTTP/1.1" 404 1090
58.37.4.159 - - [10/Aug/2021:10:38:18 +0800] "POST /xingrg/all/common/load_tree.html?tree=supplier_tree_json&isDelete=1 HTTP/1.1" 200 57192
116.235.222.38 - - [10/Aug/2021:10:38:19 +0800] "GET /xingrg/all/function/internal_message.html?_=1628563097400&CODE_STATE=getMsg HTTP/1.1" 200 27
101.83.145.79 - - [10/Aug/2021:10:38:22 +0800] "POST /xingrg/kc/buy/cgsh_order_operate.html HTTP/1.1" 200 37
114.88.154.248 - - [10/Aug/2021:10:38:22 +0800] "GET /xingrg/kc/print/load_data.html?order_code=212021081004433&kc_code=cgsh&condition= HTTP/1.1" 200 1154
58.40.7.146 - - [10/Aug/2021:10:38:24 +0800] "GET /xingrg/all/function/internal_message.html?_=1628563102558&CODE_STATE=getMsg HTTP/1.1" 200 27
101.83.145.79 - - [10/Aug/2021:10:38:24 +0800] "POST /xingrg/kc/buy/cgsh_order_operate.html HTTP/1.1" 200 3249
101.83.145.79 - - [10/Aug/2021:10:38:26 +0800] "GET /xingrg/kc/print/load_data.html?order_code=212021081004439&kc_code=cgsh&condition= HTTP/1.1" 200 901
114.88.154.248 - - [10/Aug/2021:10:38:28 +0800] "GET /xingrg/kc/buy/cgsh_order_add.html HTTP/1.1" 200 63149
114.88.154.248 - - [10/Aug/2021:10:38:28 +0800] "POST /xingrg/kc/buy/cgsh_order_operate.html HTTP/1.1" 200 8245
114.88.154.248 - - [10/Aug/2021:10:38:28 +0800] "GET /xingrg/javascript/easyui/themes/default/validatebox.css HTTP/1.1" 404 1104
101.83.145.79 - - [10/Aug/2021:10:38:29 +0800] "GET /xingrg/kc/buy/cgsh_order_add.html HTTP/1.1" 200 63190
101.83.145.79 - - [10/Aug/2021:10:38:29 +0800] "GET /xingrg/javascript/easyui/themes/default/validatebox.css HTTP/1.1" 404 1104
101.83.145.79 - - [10/Aug/2021:10:38:29 +0800] "POST /xingrg/kc/buy/cgsh_order_operate.html HTTP/1.1" 200 8245
58.40.7.146 - - [10/Aug/2021:10:38:30 +0800] "GET /xingrg/all/function/internal_message.html?_=1628563109034&CODE_STATE=getMsg HTTP/1.1" 302 -
114.88.154.248 - - [10/Aug/2021:10:38:34 +0800] "GET /xingrg/all/function/internal_message.html?_=1628563019792&CODE_STATE=getMsg HTTP/1.1" 200 27
114.84.82.184 - - [10/Aug/2021:10:38:34 +0800] "POST /xingrg/kc/buy/cgsh_order_operate.html HTTP/1.1" 200 37
114.84.82.184 - - [10/Aug/2021:10:38:37 +0800] "POST /xingrg/kc/buy/cgsh_order_operate.html HTTP/1.1" 200 2663
114.84.82.184 - - [10/Aug/2021:10:38:39 +0800] "GET /xingrg/kc/print/load_data.html?order_code=212021081004440&kc_code=cgsh&condition= HTTP/1.1" 200 751
101.83.145.79 - - [10/Aug/2021:10:38:43 +0800] "GET /xingrg/kc/buy/cgsh_order_operate.html?command=get_materiel&rest_code=00105&code=00101004011&supplier_code=00100086&order_time=2021-08-10 HTTP/1.1" 200 415
116.238.194.18 - - [10/Aug/2021:10:38:44 +0800] "GET /xingrg/all/function/internal_message.html?_=1628563071712&CODE_STATE=getMsg HTTP/1.1" 200 27
114.84.82.184 - - [10/Aug/2021:10:38:44 +0800] "GET /xingrg/kc/buy/cgsh_order_add.html HTTP/1.1" 200 63149
114.84.82.184 - - [10/Aug/2021:10:38:44 +0800] "POST /xingrg/kc/buy/cgsh_order_operate.html HTTP/1.1" 200 8245
114.84.82.184 - - [10/Aug/2021:10:38:44 +0800] "GET /xingrg/javascript/easyui/themes/default/validatebox.css HTTP/1.1" 404 1104
101.83.145.79 - - [10/Aug/2021:10:38:45 +0800] "GET /xingrg/all/function/internal_message.html?_=1628563082154&CODE_STATE=getMsg HTTP/1.1" 200 27
114.88.154.248 - - [10/Aug/2021:10:38:45 +0800] "GET /xingrg/kc/buy/cgsh_order_operate.html?command=get_materiel&rest_code=00141&code=00101002034&supplier_code=00100091&order_time=2021-08-10 HTTP/1.1" 200 409
58.37.4.159 - - [10/Aug/2021:10:38:46 +0800] "GET /xingrg/check_reg.html?_=1628563125449 HTTP/1.1" 200 22
58.37.4.159 - - [10/Aug/2021:10:38:46 +0800] "GET /xingrg/all/function/internal_message.html?_=1628563125453&CODE_STATE=getMsg HTTP/1.1" 200 27
222.70.246.151 - - [10/Aug/2021:10:38:47 +0800] "POST /xingrg/kc/buy/cgsh_list_operate.html HTTP/1.1" 200 359
222.70.246.151 - - [10/Aug/2021:10:38:48 +0800] "GET /xingrg/kc/buy/cgsh_order_info.html?code=212021080904192 HTTP/1.1" 200 63158
222.70.246.151 - - [10/Aug/2021:10:38:48 +0800] "GET /xingrg/javascript/easyui/themes/default/validatebox.css HTTP/1.1" 404 1104
222.70.246.151 - - [10/Aug/2021:10:38:49 +0800] "POST /xingrg/kc/buy/cgsh_order_operate.html HTTP/1.1" 200 3848
222.70.246.151 - - [10/Aug/2021:10:38:52 +0800] "GET /xingrg/kc/print/load_config.html?kc_code=cgsh HTTP/1.1" 200 2076
222.70.246.151 - - [10/Aug/2021:10:38:52 +0800] "GET /xingrg/kc/print/load_data.html?order_code=212021080904192&kc_code=cgsh&condition= HTTP/1.1" 200 1133
116.233.77.65 - - [10/Aug/2021:10:38:55 +0800] "GET /xingrg/all/function/internal_message.html?_=1628563135927&CODE_STATE=getMsg HTTP/1.1" 200 27
101.83.145.79 - - [10/Aug/2021:10:38:56 +0800] "GET /xingrg/check_reg.html?_=1628563136039 HTTP/1.1" 200 22
101.83.145.79 - - [10/Aug/2021:10:38:56 +0800] "GET /xingrg/all/function/internal_message.html?_=1628563136042&CODE_STATE=getMsg HTTP/1.1" 200 27
