116.230.105.26 - - [10/Aug/2021:10:54:13 +0800] "GET /xingrg/kc/buy/cgsh_order_operate.html?command=get_materiel&rest_code=00155&code=00101007072&supplier_code=00100002&order_time=2021-08-10 HTTP/1.1" 200 413
116.238.194.18 - - [10/Aug/2021:10:54:18 +0800] "GET /xingrg/all/function/internal_message.html?_=1628564055831&CODE_STATE=getMsg HTTP/1.1" 200 27
116.235.222.38 - - [10/Aug/2021:10:54:18 +0800] "GET /xingrg/all/function/internal_message.html?_=1628564057098&CODE_STATE=getMsg HTTP/1.1" 200 27
222.70.246.151 - - [10/Aug/2021:10:54:19 +0800] "POST /xingrg/kc/buy/cgsh_list_operate.html HTTP/1.1" 200 5193
222.70.246.151 - - [10/Aug/2021:10:54:20 +0800] "POST /xingrg/kc/buy/cgsh_list_operate.html HTTP/1.1" 200 204
222.70.246.151 - - [10/Aug/2021:10:54:21 +0800] "GET /xingrg/check_reg.html?_=1628564065362 HTTP/1.1" 200 22
222.70.246.151 - - [10/Aug/2021:10:54:21 +0800] "GET /xingrg/all/function/internal_message.html?_=1628564065476&CODE_STATE=getMsg HTTP/1.1" 200 27
222.70.246.151 - - [10/Aug/2021:10:54:21 +0800] "GET /xingrg/kc/buy/cgsh_order_info.html?code=212021080904220 HTTP/1.1" 200 63150
222.70.246.151 - - [10/Aug/2021:10:54:21 +0800] "GET /xingrg/javascript/easyui/themes/default/validatebox.css HTTP/1.1" 404 1104
116.230.105.26 - - [10/Aug/2021:10:54:21 +0800] "GET /xingrg/kc/buy/cgsh_order_operate.html?command=get_materiel&rest_code=00155&code=00101006259&supplier_code=00100002&order_time=2021-08-10 HTTP/1.1" 200 395
222.70.246.151 - - [10/Aug/2021:10:54:22 +0800] "POST /xingrg/kc/buy/cgsh_order_operate.html HTTP/1.1" 200 2660
58.40.7.146 - - [10/Aug/2021:10:54:24 +0800] "GET /xingrg/all/function/internal_message.html?_=1628564062565&CODE_STATE=getMsg HTTP/1.1" 200 27
116.230.105.26 - - [10/Aug/2021:10:54:29 +0800] "POST /xingrg/kc/buy/cgsh_order_operate.html HTTP/1.1" 200 37
116.230.105.26 - - [10/Aug/2021:10:54:29 +0800] "POST /xingrg/kc/buy/cgsh_order_operate.html HTTP/1.1" 200 4427
58.40.7.146 - - [10/Aug/2021:10:54:30 +0800] "GET /xingrg/all/function/internal_message.html?_=1628564069036&CODE_STATE=getMsg HTTP/1.1" 302 -
58.40.7.146 - - [10/Aug/2021:10:54:30 +0800] "GET /xingrg/check_reg.html?_=1628564069038 HTTP/1.1" 302 -
116.230.105.26 - - [10/Aug/2021:10:54:30 +0800] "GET /xingrg/kc/print/load_data.html?order_code=212021081004481&kc_code=cgsh&condition= HTTP/1.1" 200 1421
222.70.246.151 - - [10/Aug/2021:10:54:31 +0800] "POST /xingrg/kc/buy/cgsh_list_operate.html HTTP/1.1" 200 5193
222.70.246.151 - - [10/Aug/2021:10:54:33 +0800] "POST /xingrg/kc/buy/cgsh_list_operate.html HTTP/1.1" 200 565
222.70.246.151 - - [10/Aug/2021:10:54:34 +0800] "GET /xingrg/kc/buy/cgsh_order_info.html?code=212021080904178 HTTP/1.1" 200 63160
222.70.246.151 - - [10/Aug/2021:10:54:34 +0800] "GET /xingrg/javascript/easyui/themes/default/validatebox.css HTTP/1.1" 404 1104
114.88.154.248 - - [10/Aug/2021:10:54:34 +0800] "GET /xingrg/all/function/internal_message.html?_=1628563980012&CODE_STATE=getMsg HTTP/1.1" 200 27
222.70.246.151 - - [10/Aug/2021:10:54:34 +0800] "POST /xingrg/kc/buy/cgsh_order_operate.html HTTP/1.1" 200 5605
116.230.105.26 - - [10/Aug/2021:10:54:35 +0800] "GET /xingrg/kc/buy/cgsh_order_add.html HTTP/1.1" 200 63111
116.230.105.26 - - [10/Aug/2021:10:54:35 +0800] "POST /xingrg/kc/buy/cgsh_order_operate.html HTTP/1.1" 200 8245
116.230.105.26 - - [10/Aug/2021:10:54:35 +0800] "GET /xingrg/javascript/easyui/themes/default/validatebox.css HTTP/1.1" 404 1104
222.70.246.151 - - [10/Aug/2021:10:54:36 +0800] "GET /xingrg/kc/print/load_data.html?order_code=212021080904178&kc_code=cgsh&condition= HTTP/1.1" 200 1838
101.83.145.79 - - [10/Aug/2021:10:54:41 +0800] "GET /xingrg/all/function/internal_message.html?_=1628564081625&CODE_STATE=getMsg HTTP/1.1" 200 27
116.230.105.26 - - [10/Aug/2021:10:54:42 +0800] "GET /xingrg/kc/buy/cgsh_order_operate.html?command=get_materiel&rest_code=00155&code=00101006055&supplier_code=00100012&order_time=2021-08-10 HTTP/1.1" 200 409
116.238.194.18 - - [10/Aug/2021:10:54:44 +0800] "GET /xingrg/all/function/internal_message.html?_=1628564032597&CODE_STATE=getMsg HTTP/1.1" 200 27
101.83.145.79 - - [10/Aug/2021:10:54:45 +0800] "GET /xingrg/all/function/internal_message.html?_=1628564042182&CODE_STATE=getMsg HTTP/1.1" 200 27
222.70.246.151 - - [10/Aug/2021:10:54:45 +0800] "POST /xingrg/kc/buy/cgsh_list_operate.html HTTP/1.1" 200 5193
58.37.4.159 - - [10/Aug/2021:10:54:46 +0800] "GET /xingrg/all/function/internal_message.html?_=1628564085467&CODE_STATE=getMsg HTTP/1.1" 200 27
222.70.246.151 - - [10/Aug/2021:10:54:49 +0800] "POST /xingrg/kc/buy/cgsh_list_operate.html HTTP/1.1" 200 5344
116.230.105.26 - - [10/Aug/2021:10:54:49 +0800] "GET /xingrg/kc/buy/cgsh_order_operate.html?command=get_materiel&rest_code=00155&code=00101006178&supplier_code=00100012&order_time=2021-08-10 HTTP/1.1" 200 409
116.230.105.26 - - [10/Aug/2021:10:54:55 +0800] "GET /xingrg/check_reg.html?_=1628564091652 HTTP/1.1" 200 22
116.233.77.65 - - [10/Aug/2021:10:54:55 +0800] "GET /xingrg/all/function/internal_message.html?_=1628564095963&CODE_STATE=getMsg HTTP/1.1" 200 27
222.70.246.151 - - [10/Aug/2021:10:54:55 +0800] "POST /xingrg/kc/buy/cgsh_list_operate.html HTTP/1.1" 200 203
116.230.105.26 - - [10/Aug/2021:10:54:56 +0800] "GET /xingrg/kc/buy/cgsh_order_operate.html?command=get_materiel&rest_code=00155&code=00101006194&supplier_code=00100012&order_time=2021-08-10 HTTP/1.1" 200 413
172.20.0.100 - - [10/Aug/2021:10:54:56 +0800] "GET /xingrg/all/function/internal_message.html?_=1628564093793&CODE_STATE=getMsg HTTP/1.1" 302 -
222.70.246.151 - - [10/Aug/2021:10:54:56 +0800] "GET /xingrg/kc/buy/cgsh_order_info.html?code=212021080904194 HTTP/1.1" 200 63158
222.70.246.151 - - [10/Aug/2021:10:54:57 +0800] "GET /xingrg/javascript/easyui/themes/default/validatebox.css HTTP/1.1" 404 1104
222.70.246.151 - - [10/Aug/2021:10:54:57 +0800] "POST /xingrg/kc/buy/cgsh_order_operate.html HTTP/1.1" 200 2664
58.37.4.159 - - [10/Aug/2021:10:54:58 +0800] "GET /xingrg/all/function/internal_message.html?_=1628564097152&CODE_STATE=getMsg HTTP/1.1" 200 27
114.84.82.184 - - [10/Aug/2021:10:54:58 +0800] "GET /xingrg/all/function/internal_message.html?_=1628564096975&CODE_STATE=getMsg HTTP/1.1" 200 27
222.70.178.182 - - [10/Aug/2021:10:55:02 +0800] "GET /xingrg/all/function/internal_message.html?_=1628564099059&CODE_STATE=getMsg HTTP/1.1" 200 27
222.70.246.151 - - [10/Aug/2021:10:55:02 +0800] "GET /xingrg/kc/print/load_data.html?order_code=212021080904194&kc_code=cgsh&condition= HTTP/1.1" 200 768
116.230.105.26 - - [10/Aug/2021:10:55:04 +0800] "GET /xingrg/kc/buy/cgsh_order_operate.html?command=get_materiel&rest_code=00155&code=00101006184&supplier_code=00100012&order_time=2021-08-10 HTTP/1.1" 200 408
180.174.224.95 - - [10/Aug/2021:10:55:11 +0800] "GET /xingrg/check_reg.html?_=1628564088745 HTTP/1.1" 200 22
180.174.224.95 - - [10/Aug/2021:10:55:11 +0800] "GET /xingrg/all/function/internal_message.html?_=1628564089047&CODE_STATE=getMsg HTTP/1.1" 200 27
222.70.246.151 - - [10/Aug/2021:10:55:12 +0800] "POST /xingrg/kc/buy/cgsh_list_operate.html HTTP/1.1" 200 5344
180.169.147.146 - - [10/Aug/2021:10:55:13 +0800] "GET /xingrg/check_reg.html?_=1628564111295 HTTP/1.1" 302 -
222.70.246.151 - - [10/Aug/2021:10:55:13 +0800] "POST /xingrg/kc/buy/cgsh_list_operate.html HTTP/1.1" 200 201
116.230.105.26 - - [10/Aug/2021:10:55:13 +0800] "GET /xingrg/kc/buy/cgsh_order_operate.html?command=get_materiel&rest_code=00155&code=00101006130&supplier_code=00100012&order_time=2021-08-10 HTTP/1.1" 200 427
222.70.246.151 - - [10/Aug/2021:10:55:14 +0800] "GET /xingrg/kc/buy/cgsh_order_info.html?code=212021080904211 HTTP/1.1" 200 63162
222.70.246.151 - - [10/Aug/2021:10:55:14 +0800] "GET /xingrg/javascript/easyui/themes/default/validatebox.css HTTP/1.1" 404 1104
222.70.246.151 - - [10/Aug/2021:10:55:15 +0800] "POST /xingrg/kc/buy/cgsh_order_operate.html HTTP/1.1" 200 2660
222.70.246.151 - - [10/Aug/2021:10:55:17 +0800] "GET /xingrg/kc/print/load_data.html?order_code=212021080904211&kc_code=cgsh&condition= HTTP/1.1" 200 748
116.238.194.18 - - [10/Aug/2021:10:55:18 +0800] "GET /xingrg/all/function/internal_message.html?_=1628564115831&CODE_STATE=getMsg HTTP/1.1" 200 27
116.235.222.38 - - [10/Aug/2021:10:55:18 +0800] "GET /xingrg/all/function/internal_message.html?_=1628564117083&CODE_STATE=getMsg HTTP/1.1" 200 27
222.70.246.151 - - [10/Aug/2021:10:55:21 +0800] "GET /xingrg/all/function/internal_message.html?_=1628564125492&CODE_STATE=getMsg HTTP/1.1" 200 27
116.230.105.26 - - [10/Aug/2021:10:55:22 +0800] "POST /xingrg/kc/buy/cgsh_order_operate.html HTTP/1.1" 200 37
116.230.105.26 - - [10/Aug/2021:10:55:23 +0800] "POST /xingrg/kc/buy/cgsh_order_operate.html HTTP/1.1" 200 5028
58.40.7.146 - - [10/Aug/2021:10:55:24 +0800] "GET /xingrg/check_reg.html?_=1628564122568 HTTP/1.1" 200 22
58.40.7.146 - - [10/Aug/2021:10:55:24 +0800] "GET /xingrg/all/function/internal_message.html?_=1628564122569&CODE_STATE=getMsg HTTP/1.1" 200 27
116.230.105.26 - - [10/Aug/2021:10:55:25 +0800] "GET /xingrg/kc/print/load_data.html?order_code=212021081004482&kc_code=cgsh&condition= HTTP/1.1" 200 1673
222.70.246.151 - - [10/Aug/2021:10:55:27 +0800] "POST /xingrg/kc/buy/cgsh_list_operate.html HTTP/1.1" 200 5344
222.70.246.151 - - [10/Aug/2021:10:55:28 +0800] "POST /xingrg/kc/buy/cgsh_list_operate.html HTTP/1.1" 200 276
58.40.7.146 - - [10/Aug/2021:10:55:30 +0800] "GET /xingrg/all/function/internal_message.html?_=1628564129040&CODE_STATE=getMsg HTTP/1.1" 302 -
222.70.246.151 - - [10/Aug/2021:10:55:31 +0800] "GET /xingrg/kc/buy/cgsh_order_info.html?code=212021080904198 HTTP/1.1" 200 63162
116.230.105.26 - - [10/Aug/2021:10:55:31 +0800] "GET /xingrg/kc/print/load_data.html?order_code=212021081004482&kc_code=cgsh HTTP/1.1" 200 1673
222.70.246.151 - - [10/Aug/2021:10:55:31 +0800] "GET /xingrg/javascript/easyui/themes/default/validatebox.css HTTP/1.1" 404 1104
222.70.246.151 - - [10/Aug/2021:10:55:32 +0800] "POST /xingrg/kc/buy/cgsh_order_operate.html HTTP/1.1" 200 3248
114.88.154.248 - - [10/Aug/2021:10:55:34 +0800] "GET /xingrg/all/function/internal_message.html?_=1628564039987&CODE_STATE=getMsg HTTP/1.1" 200 27
222.70.246.151 - - [10/Aug/2021:10:55:35 +0800] "GET /xingrg/kc/print/load_data.html?order_code=212021080904198&kc_code=cgsh&condition= HTTP/1.1" 200 909
101.83.145.79 - - [10/Aug/2021:10:55:41 +0800] "GET /xingrg/all/function/internal_message.html?_=1628564141603&CODE_STATE=getMsg HTTP/1.1" 200 27
101.83.145.79 - - [10/Aug/2021:10:55:41 +0800] "GET /xingrg/check_reg.html?_=1628564141777 HTTP/1.1" 200 22
222.70.246.151 - - [10/Aug/2021:10:55:42 +0800] "POST /xingrg/kc/buy/cgsh_list_operate.html HTTP/1.1" 200 5344
116.230.105.26 - - [10/Aug/2021:10:55:43 +0800] "GET /xingrg/kc/buy/cgsh_order_list.html HTTP/1.1" 200 47411
222.70.246.151 - - [10/Aug/2021:10:55:44 +0800] "POST /xingrg/kc/buy/cgsh_list_operate.html HTTP/1.1" 200 201
116.238.194.18 - - [10/Aug/2021:10:55:44 +0800] "GET /xingrg/all/function/internal_message.html?_=1628564092598&CODE_STATE=getMsg HTTP/1.1" 200 27
101.83.145.79 - - [10/Aug/2021:10:55:45 +0800] "GET /xingrg/all/function/internal_message.html?_=1628564102181&CODE_STATE=getMsg HTTP/1.1" 200 27
222.70.246.151 - - [10/Aug/2021:10:55:45 +0800] "GET /xingrg/kc/buy/cgsh_order_info.html?code=212021080904199 HTTP/1.1" 200 63160
222.70.246.151 - - [10/Aug/2021:10:55:46 +0800] "GET /xingrg/javascript/easyui/themes/default/validatebox.css HTTP/1.1" 404 1104
116.230.105.26 - - [10/Aug/2021:10:55:46 +0800] "POST /xingrg/kc/buy/cgsh_list_operate.html HTTP/1.1" 200 2409
222.70.246.151 - - [10/Aug/2021:10:55:46 +0800] "POST /xingrg/kc/buy/cgsh_order_operate.html HTTP/1.1" 200 2662
58.37.4.159 - - [10/Aug/2021:10:55:46 +0800] "GET /xingrg/all/function/internal_message.html?_=1628564145493&CODE_STATE=getMsg HTTP/1.1" 200 27
222.70.246.151 - - [10/Aug/2021:10:55:48 +0800] "GET /xingrg/kc/print/load_data.html?order_code=212021080904199&kc_code=cgsh&condition= HTTP/1.1" 200 744
116.230.105.26 - - [10/Aug/2021:10:55:52 +0800] "POST /xingrg/kc/buy/cgsh_list_operate.html HTTP/1.1" 200 2409
116.230.105.26 - - [10/Aug/2021:10:55:53 +0800] "POST /xingrg/kc/buy/cgsh_list_operate.html HTTP/1.1" 200 422
116.230.105.26 - - [10/Aug/2021:10:55:53 +0800] "GET /xingrg/kc/buy/cgsh_order_info.html?code=212021081004481 HTTP/1.1" 200 63120
116.230.105.26 - - [10/Aug/2021:10:55:53 +0800] "GET /xingrg/javascript/easyui/themes/default/validatebox.css HTTP/1.1" 404 1104
116.230.105.26 - - [10/Aug/2021:10:55:54 +0800] "POST /xingrg/kc/buy/cgsh_order_operate.html HTTP/1.1" 200 4427
116.230.105.26 - - [10/Aug/2021:10:55:55 +0800] "GET /xingrg/kc/print/load_data.html?order_code=212021081004481&kc_code=cgsh HTTP/1.1" 200 1421
116.233.77.65 - - [10/Aug/2021:10:55:55 +0800] "GET /xingrg/all/function/internal_message.html?_=1628564155965&CODE_STATE=getMsg HTTP/1.1" 200 27
116.233.77.65 - - [10/Aug/2021:10:55:55 +0800] "GET /xingrg/check_reg.html?_=1628564155966 HTTP/1.1" 200 22
172.20.0.100 - - [10/Aug/2021:10:55:56 +0800] "GET /xingrg/all/function/internal_message.html?_=1628564153797&CODE_STATE=getMsg HTTP/1.1" 302 -
222.70.246.151 - - [10/Aug/2021:10:55:57 +0800] "POST /xingrg/kc/buy/cgsh_list_operate.html HTTP/1.1" 200 5344
58.37.4.159 - - [10/Aug/2021:10:55:58 +0800] "GET /xingrg/all/function/internal_message.html?_=1628564157120&CODE_STATE=getMsg HTTP/1.1" 200 27
58.37.4.159 - - [10/Aug/2021:10:55:58 +0800] "GET /xingrg/check_reg.html?_=1628564157386 HTTP/1.1" 200 22
114.84.82.184 - - [10/Aug/2021:10:55:58 +0800] "GET /xingrg/all/function/internal_message.html?_=1628564156952&CODE_STATE=getMsg HTTP/1.1" 200 27
222.70.246.151 - - [10/Aug/2021:10:55:59 +0800] "POST /xingrg/kc/buy/cgsh_list_operate.html HTTP/1.1" 200 285
222.70.246.151 - - [10/Aug/2021:10:56:00 +0800] "GET /xingrg/kc/buy/cgsh_order_info.html?code=212021080904213 HTTP/1.1" 200 63160
222.70.246.151 - - [10/Aug/2021:10:56:00 +0800] "GET /xingrg/javascript/easyui/themes/default/validatebox.css HTTP/1.1" 404 1104
222.70.246.151 - - [10/Aug/2021:10:56:00 +0800] "POST /xingrg/kc/buy/cgsh_order_operate.html HTTP/1.1" 200 3268
222.70.178.182 - - [10/Aug/2021:10:56:02 +0800] "GET /xingrg/all/function/internal_message.html?_=1628564159056&CODE_STATE=getMsg HTTP/1.1" 200 27
222.70.246.151 - - [10/Aug/2021:10:56:02 +0800] "GET /xingrg/kc/print/load_data.html?order_code=212021080904213&kc_code=cgsh&condition= HTTP/1.1" 200 924
116.230.105.26 - - [10/Aug/2021:10:56:02 +0800] "GET /xingrg/kc/buy/cgsh_order_add.html HTTP/1.1" 200 63111
116.230.105.26 - - [10/Aug/2021:10:56:03 +0800] "POST /xingrg/kc/buy/cgsh_order_operate.html HTTP/1.1" 200 8245
116.230.105.26 - - [10/Aug/2021:10:56:03 +0800] "GET /xingrg/javascript/easyui/themes/default/validatebox.css HTTP/1.1" 404 1104
222.70.246.151 - - [10/Aug/2021:10:56:10 +0800] "POST /xingrg/kc/buy/cgsh_list_operate.html HTTP/1.1" 200 5344
180.174.224.95 - - [10/Aug/2021:10:56:11 +0800] "GET /xingrg/all/function/internal_message.html?_=1628564149055&CODE_STATE=getMsg HTTP/1.1" 200 27
222.70.246.151 - - [10/Aug/2021:10:56:12 +0800] "POST /xingrg/kc/buy/cgsh_list_operate.html HTTP/1.1" 200 463
222.70.246.151 - - [10/Aug/2021:10:56:13 +0800] "GET /xingrg/kc/buy/cgsh_order_info.html?code=212021080904187 HTTP/1.1" 200 63158
222.70.246.151 - - [10/Aug/2021:10:56:13 +0800] "GET /xingrg/javascript/easyui/themes/default/validatebox.css HTTP/1.1" 404 1104
222.70.246.151 - - [10/Aug/2021:10:56:14 +0800] "POST /xingrg/kc/buy/cgsh_order_operate.html HTTP/1.1" 200 4550
114.84.82.184 - - [10/Aug/2021:10:56:14 +0800] "GET /xingrg/kc/buy/cgsh_order_operate.html?command=get_materiel&rest_code=00148&code=00101004023&supplier_code=00100313&order_time=2021-08-10 HTTP/1.1" 200 409
116.230.105.26 - - [10/Aug/2021:10:56:14 +0800] "GET /xingrg/kc/buy/cgsh_order_operate.html?command=get_materiel&rest_code=00155&code=00102011225&supplier_code=00100005&order_time=2021-08-10 HTTP/1.1" 200 398
222.70.246.151 - - [10/Aug/2021:10:56:16 +0800] "GET /xingrg/kc/print/load_data.html?order_code=212021080904187&kc_code=cgsh&condition= HTTP/1.1" 200 1541
116.238.194.18 - - [10/Aug/2021:10:56:18 +0800] "GET /xingrg/check_reg.html?_=1628564175845 HTTP/1.1" 200 22
116.238.194.18 - - [10/Aug/2021:10:56:18 +0800] "GET /xingrg/all/function/internal_message.html?_=1628564175846&CODE_STATE=getMsg HTTP/1.1" 200 27
116.235.222.38 - - [10/Aug/2021:10:56:18 +0800] "GET /xingrg/all/function/internal_message.html?_=1628564177069&CODE_STATE=getMsg HTTP/1.1" 200 27
116.230.105.26 - - [10/Aug/2021:10:56:20 +0800] "GET /xingrg/kc/buy/cgsh_order_operate.html?command=get_materiel&rest_code=00155&code=00101008331&supplier_code=00100005&order_time=2021-08-10 HTTP/1.1" 200 416
222.70.246.151 - - [10/Aug/2021:10:56:21 +0800] "GET /xingrg/all/function/internal_message.html?_=1628564185505&CODE_STATE=getMsg HTTP/1.1" 200 27
58.40.7.146 - - [10/Aug/2021:10:56:24 +0800] "GET /xingrg/all/function/internal_message.html?_=1628564182572&CODE_STATE=getMsg HTTP/1.1" 200 27
222.70.246.151 - - [10/Aug/2021:10:56:24 +0800] "POST /xingrg/kc/buy/cgsh_list_operate.html HTTP/1.1" 200 5344
222.70.246.151 - - [10/Aug/2021:10:56:26 +0800] "POST /xingrg/kc/buy/cgsh_list_operate.html HTTP/1.1" 200 206
222.70.246.151 - - [10/Aug/2021:10:56:27 +0800] "GET /xingrg/kc/buy/cgsh_order_info.html?code=212021080904201 HTTP/1.1" 200 63162
222.70.246.151 - - [10/Aug/2021:10:56:27 +0800] "GET /xingrg/javascript/easyui/themes/default/validatebox.css HTTP/1.1" 404 1104
222.70.246.151 - - [10/Aug/2021:10:56:27 +0800] "POST /xingrg/kc/buy/cgsh_order_operate.html HTTP/1.1" 200 2668
116.230.105.26 - - [10/Aug/2021:10:56:28 +0800] "GET /xingrg/kc/buy/cgsh_order_operate.html?command=get_materiel&rest_code=00155&code=00101008358&supplier_code=00100005&order_time=2021-08-10 HTTP/1.1" 200 412
222.70.246.151 - - [10/Aug/2021:10:56:29 +0800] "GET /xingrg/kc/print/load_data.html?order_code=212021080904201&kc_code=cgsh&condition= HTTP/1.1" 200 703
58.40.7.146 - - [10/Aug/2021:10:56:30 +0800] "GET /xingrg/all/function/internal_message.html?_=1628564189043&CODE_STATE=getMsg HTTP/1.1" 302 -
114.84.82.184 - - [10/Aug/2021:10:56:32 +0800] "GET /xingrg/kc/buy/cgsh_order_operate.html?command=get_materiel&rest_code=00148&code=00102026001&supplier_code=00100313&order_time=2021-08-10 HTTP/1.1" 200 410
116.230.105.26 - - [10/Aug/2021:10:56:34 +0800] "GET /xingrg/kc/buy/cgsh_order_operate.html?command=get_materiel&rest_code=00155&code=00101008607&supplier_code=00100005&order_time=2021-08-10 HTTP/1.1" 200 399
114.88.154.248 - - [10/Aug/2021:10:56:34 +0800] "GET /xingrg/check_reg.html?_=1628564099822 HTTP/1.1" 200 22
114.88.154.248 - - [10/Aug/2021:10:56:34 +0800] "GET /xingrg/all/function/internal_message.html?_=1628564099956&CODE_STATE=getMsg HTTP/1.1" 200 27
222.70.246.151 - - [10/Aug/2021:10:56:37 +0800] "POST /xingrg/kc/buy/cgsh_list_operate.html HTTP/1.1" 200 5344
222.70.246.151 - - [10/Aug/2021:10:56:38 +0800] "POST /xingrg/kc/buy/cgsh_list_operate.html HTTP/1.1" 200 566
222.70.246.151 - - [10/Aug/2021:10:56:38 +0800] "GET /xingrg/kc/buy/cgsh_order_info.html?code=212021080904014 HTTP/1.1" 200 63158
222.70.246.151 - - [10/Aug/2021:10:56:39 +0800] "GET /xingrg/javascript/easyui/themes/default/validatebox.css HTTP/1.1" 404 1104
222.70.246.151 - - [10/Aug/2021:10:56:39 +0800] "POST /xingrg/kc/buy/cgsh_order_operate.html HTTP/1.1" 200 51130
116.230.105.26 - - [10/Aug/2021:10:56:40 +0800] "GET /xingrg/kc/buy/cgsh_order_operate.html?command=get_materiel&rest_code=00155&code=00101008477&supplier_code=00100005&order_time=2021-08-10 HTTP/1.1" 200 408
101.83.145.79 - - [10/Aug/2021:10:56:41 +0800] "GET /xingrg/all/function/internal_message.html?_=1628564201584&CODE_STATE=getMsg HTTP/1.1" 200 27
222.70.246.151 - - [10/Aug/2021:10:56:42 +0800] "GET /xingrg/kc/print/load_data.html?order_code=212021080904014&kc_code=cgsh&condition= HTTP/1.1" 200 19019
116.238.194.18 - - [10/Aug/2021:10:56:45 +0800] "GET /xingrg/all/function/internal_message.html?_=1628564152712&CODE_STATE=getMsg HTTP/1.1" 200 27
101.83.145.79 - - [10/Aug/2021:10:56:45 +0800] "GET /xingrg/all/function/internal_message.html?_=1628564162180&CODE_STATE=getMsg HTTP/1.1" 200 27
101.83.145.79 - - [10/Aug/2021:10:56:45 +0800] "GET /xingrg/check_reg.html?_=1628564162182 HTTP/1.1" 200 22
116.230.105.26 - - [10/Aug/2021:10:56:45 +0800] "GET /xingrg/kc/buy/cgsh_order_operate.html?command=get_materiel&rest_code=00155&code=00101008003&supplier_code=00100005&order_time=2021-08-10 HTTP/1.1" 200 408
58.37.4.159 - - [10/Aug/2021:10:56:46 +0800] "GET /xingrg/all/function/internal_message.html?_=1628564205499&CODE_STATE=getMsg HTTP/1.1" 200 27
222.70.246.151 - - [10/Aug/2021:10:56:51 +0800] "POST /xingrg/kc/buy/cgsh_list_operate.html HTTP/1.1" 200 5344
116.230.105.26 - - [10/Aug/2021:10:56:51 +0800] "GET /xingrg/kc/buy/cgsh_order_operate.html?command=get_materiel&rest_code=00155&code=00101008087&supplier_code=00100005&order_time=2021-08-10 HTTP/1.1" 200 412
222.70.246.151 - - [10/Aug/2021:10:56:53 +0800] "POST /xingrg/kc/buy/cgsh_list_operate.html HTTP/1.1" 200 417
222.70.246.151 - - [10/Aug/2021:10:56:54 +0800] "GET /xingrg/kc/buy/cgsh_order_info.html?code=212021080904160 HTTP/1.1" 200 63156
222.70.246.151 - - [10/Aug/2021:10:56:54 +0800] "GET /xingrg/javascript/easyui/themes/default/validatebox.css HTTP/1.1" 404 1104
116.233.77.65 - - [10/Aug/2021:10:56:55 +0800] "GET /xingrg/all/function/internal_message.html?_=1628564215967&CODE_STATE=getMsg HTTP/1.1" 200 27
114.84.82.184 - - [10/Aug/2021:10:56:56 +0800] "POST /xingrg/kc/buy/cgsh_order_operate.html HTTP/1.1" 200 37
222.70.246.151 - - [10/Aug/2021:10:56:56 +0800] "POST /xingrg/kc/buy/cgsh_order_operate.html HTTP/1.1" 200 4430
172.20.0.100 - - [10/Aug/2021:10:56:56 +0800] "GET /xingrg/all/function/internal_message.html?_=1628564213799&CODE_STATE=getMsg HTTP/1.1" 302 -
58.37.4.159 - - [10/Aug/2021:10:56:58 +0800] "GET /xingrg/all/function/internal_message.html?_=1628564217091&CODE_STATE=getMsg HTTP/1.1" 200 27
61.151.178.217 - - [10/Aug/2021:10:56:58 +0800] "GET /xingrg/all/function/internal_message.html?_=1628564157120&CODE_STATE=getMsg HTTP/1.1" 302 -
222.70.246.151 - - [10/Aug/2021:10:56:58 +0800] "GET /xingrg/kc/print/load_data.html?order_code=212021080904160&kc_code=cgsh&condition= HTTP/1.1" 200 1346
61.151.178.166 - - [10/Aug/2021:10:56:59 +0800] "GET /xingrg/check_reg.html?_=1628564157386 HTTP/1.1" 302 -
61.151.178.217 - - [10/Aug/2021:10:57:01 +0800] "GET /xingrg/login.html HTTP/1.1" 200 7641
222.70.178.182 - - [10/Aug/2021:10:57:02 +0800] "GET /xingrg/all/function/internal_message.html?_=1628564219055&CODE_STATE=getMsg HTTP/1.1" 200 27
114.84.82.184 - - [10/Aug/2021:10:57:02 +0800] "POST /xingrg/kc/buy/cgsh_order_operate.html HTTP/1.1" 200 6816
61.151.178.166 - - [10/Aug/2021:10:57:03 +0800] "GET /xingrg/login.html HTTP/1.1" 200 7641
101.83.145.79 - - [10/Aug/2021:10:57:06 +0800] "GET /xingrg/kc/base/wldb_order_list.html HTTP/1.1" 200 19183
222.70.246.151 - - [10/Aug/2021:10:57:07 +0800] "POST /xingrg/kc/buy/cgsh_list_operate.html HTTP/1.1" 200 5344
101.83.145.79 - - [10/Aug/2021:10:57:07 +0800] "POST /xingrg/kc/base/wldb_list_operate.html HTTP/1.1" 200 928
101.83.145.79 - - [10/Aug/2021:10:57:08 +0800] "GET /xingrg/kc/base/wldb_order_add.html HTTP/1.1" 200 30397
222.70.246.151 - - [10/Aug/2021:10:57:08 +0800] "POST /xingrg/kc/buy/cgsh_list_operate.html HTTP/1.1" 200 414
101.83.145.79 - - [10/Aug/2021:10:57:08 +0800] "GET /xingrg/all/common/auto_word.html?type=base&rest_code=00105 HTTP/1.1" 200 1811
101.83.145.79 - - [10/Aug/2021:10:57:08 +0800] "GET /xingrg/all/common/auto_word.html?type=base&rest_code=00105 HTTP/1.1" 200 1811
101.83.145.79 - - [10/Aug/2021:10:57:08 +0800] "GET /xingrg/javascript/easyui/themes/default/validatebox.css HTTP/1.1" 404 1104
101.83.145.79 - - [10/Aug/2021:10:57:08 +0800] "POST /xingrg/kc/base/wldb_order_operate.html HTTP/1.1" 200 6806
114.84.82.184 - - [10/Aug/2021:10:57:09 +0800] "POST /xingrg/kc/buy/cgsh_order_operate.html HTTP/1.1" 200 37
101.83.145.79 - - [10/Aug/2021:10:57:09 +0800] "GET /xingrg/css/images/panel_loading.gif HTTP/1.1" 304 -
101.83.145.79 - - [10/Aug/2021:10:57:09 +0800] "POST /xingrg/all/common/load_combo.html?type=base HTTP/1.1" 200 3236
222.70.246.151 - - [10/Aug/2021:10:57:09 +0800] "GET /xingrg/kc/buy/cgsh_order_info.html?code=212021080904206 HTTP/1.1" 200 63160
222.70.246.151 - - [10/Aug/2021:10:57:09 +0800] "GET /xingrg/javascript/easyui/themes/default/validatebox.css HTTP/1.1" 404 1104
222.70.246.151 - - [10/Aug/2021:10:57:10 +0800] "POST /xingrg/kc/buy/cgsh_order_operate.html HTTP/1.1" 200 4417
114.84.82.184 - - [10/Aug/2021:10:57:10 +0800] "POST /xingrg/kc/buy/cgsh_order_operate.html HTTP/1.1" 200 6816
116.230.105.26 - - [10/Aug/2021:10:57:11 +0800] "GET /xingrg/kc/buy/cgsh_order_operate.html?command=get_materiel&rest_code=00155&code=00101008355&supplier_code=00100005&order_time=2021-08-10 HTTP/1.1" 200 408
180.174.224.95 - - [10/Aug/2021:10:57:12 +0800] "GET /xingrg/all/function/internal_message.html?_=1628564209229&CODE_STATE=getMsg HTTP/1.1" 200 27
222.70.246.151 - - [10/Aug/2021:10:57:12 +0800] "GET /xingrg/kc/print/load_data.html?order_code=212021080904206&kc_code=cgsh&condition= HTTP/1.1" 200 1339
114.84.82.184 - - [10/Aug/2021:10:57:13 +0800] "GET /xingrg/kc/print/load_data.html?order_code=212021081004483&kc_code=cgsh&condition= HTTP/1.1" 200 2274
116.230.105.26 - - [10/Aug/2021:10:57:17 +0800] "GET /xingrg/kc/buy/cgsh_order_operate.html?command=get_materiel&rest_code=00155&code=00101008270&supplier_code=00100005&order_time=2021-08-10 HTTP/1.1" 200 412
114.84.82.184 - - [10/Aug/2021:10:57:18 +0800] "GET /xingrg/kc/buy/cgsh_order_add.html HTTP/1.1" 200 63149
114.84.82.184 - - [10/Aug/2021:10:57:18 +0800] "POST /xingrg/kc/buy/cgsh_order_operate.html HTTP/1.1" 200 8245
114.84.82.184 - - [10/Aug/2021:10:57:18 +0800] "GET /xingrg/javascript/easyui/themes/default/validatebox.css HTTP/1.1" 404 1104
116.238.194.18 - - [10/Aug/2021:10:57:18 +0800] "GET /xingrg/all/function/internal_message.html?_=1628564235847&CODE_STATE=getMsg HTTP/1.1" 200 27
116.235.222.38 - - [10/Aug/2021:10:57:18 +0800] "GET /xingrg/all/function/internal_message.html?_=1628564237039&CODE_STATE=getMsg HTTP/1.1" 200 27
116.235.222.38 - - [10/Aug/2021:10:57:19 +0800] "GET /xingrg/check_reg.html?_=1628564237668 HTTP/1.1" 200 22
222.70.246.151 - - [10/Aug/2021:10:57:20 +0800] "POST /xingrg/kc/buy/cgsh_list_operate.html HTTP/1.1" 200 5344
222.70.246.151 - - [10/Aug/2021:10:57:21 +0800] "GET /xingrg/all/function/internal_message.html?_=1628564245517&CODE_STATE=getMsg HTTP/1.1" 200 27
101.83.145.79 - - [10/Aug/2021:10:57:22 +0800] "GET /xingrg/kc/base/wldb_order_operate.html?command=get_materiel&rest_code=00105&base_code=0010508&code=00102002304 HTTP/1.1" 200 449
116.230.105.26 - - [10/Aug/2021:10:57:23 +0800] "GET /xingrg/kc/buy/cgsh_order_operate.html?command=get_materiel&rest_code=00155&code=00101008357&supplier_code=00100005&order_time=2021-08-10 HTTP/1.1" 200 408
58.40.7.146 - - [10/Aug/2021:10:57:24 +0800] "GET /xingrg/all/function/internal_message.html?_=1628564242558&CODE_STATE=getMsg HTTP/1.1" 200 27
222.70.246.151 - - [10/Aug/2021:10:57:24 +0800] "POST /xingrg/kc/buy/cgsh_list_operate.html HTTP/1.1" 200 4099
222.70.246.151 - - [10/Aug/2021:10:57:27 +0800] "POST /xingrg/kc/buy/cgsh_list_operate.html HTTP/1.1" 200 4099
101.83.145.79 - - [10/Aug/2021:10:57:29 +0800] "GET /xingrg/kc/base/wldb_order_operate.html?command=get_materiel&rest_code=00105&base_code=0010508&code=00102002347 HTTP/1.1" 200 442
222.70.246.151 - - [10/Aug/2021:10:57:29 +0800] "POST /xingrg/kc/buy/cgsh_list_operate.html HTTP/1.1" 200 201
116.230.105.26 - - [10/Aug/2021:10:57:29 +0800] "GET /xingrg/kc/buy/cgsh_order_operate.html?command=get_materiel&rest_code=00155&code=00101008176&supplier_code=00100005&order_time=2021-08-10 HTTP/1.1" 200 412
222.70.246.151 - - [10/Aug/2021:10:57:30 +0800] "GET /xingrg/kc/buy/cgsh_order_info.html?code=212021080904215 HTTP/1.1" 200 63150
58.40.7.146 - - [10/Aug/2021:10:57:30 +0800] "GET /xingrg/all/function/internal_message.html?_=1628564249046&CODE_STATE=getMsg HTTP/1.1" 302 -
222.70.246.151 - - [10/Aug/2021:10:57:30 +0800] "GET /xingrg/javascript/easyui/themes/default/validatebox.css HTTP/1.1" 404 1104
222.70.246.151 - - [10/Aug/2021:10:57:31 +0800] "POST /xingrg/kc/buy/cgsh_order_operate.html HTTP/1.1" 200 2662
222.70.246.151 - - [10/Aug/2021:10:57:33 +0800] "GET /xingrg/kc/print/load_data.html?order_code=212021080904215&kc_code=cgsh&condition= HTTP/1.1" 200 664
101.83.145.79 - - [10/Aug/2021:10:57:34 +0800] "GET /xingrg/kc/base/wldb_order_operate.html?command=get_materiel&rest_code=00105&base_code=0010508&code=00102002448 HTTP/1.1" 200 426
114.88.154.248 - - [10/Aug/2021:10:57:34 +0800] "GET /xingrg/all/function/internal_message.html?_=1628564159931&CODE_STATE=getMsg HTTP/1.1" 200 27
116.230.105.26 - - [10/Aug/2021:10:57:36 +0800] "GET /xingrg/kc/buy/cgsh_order_operate.html?command=get_materiel&rest_code=00155&code=00101008080&supplier_code=00100005&order_time=2021-08-10 HTTP/1.1" 200 416
116.238.194.18 - - [10/Aug/2021:10:57:36 +0800] "GET /xingrg/check_reg.html?_=1628564204241 HTTP/1.1" 200 22
114.84.82.184 - - [10/Aug/2021:10:57:37 +0800] "GET /xingrg/kc/buy/cgsh_order_operate.html?command=get_materiel&rest_code=00148&code=00101029003&supplier_code=00100017&order_time=2021-08-10 HTTP/1.1" 200 454
222.70.246.151 - - [10/Aug/2021:10:57:40 +0800] "POST /xingrg/kc/buy/cgsh_list_operate.html HTTP/1.1" 200 4099
101.83.145.79 - - [10/Aug/2021:10:57:41 +0800] "GET /xingrg/all/function/internal_message.html?_=1628564261560&CODE_STATE=getMsg HTTP/1.1" 200 27
222.70.246.151 - - [10/Aug/2021:10:57:42 +0800] "POST /xingrg/kc/buy/cgsh_list_operate.html HTTP/1.1" 200 202
101.83.145.79 - - [10/Aug/2021:10:57:42 +0800] "GET /xingrg/kc/base/wldb_order_operate.html?command=get_materiel&rest_code=00105&base_code=0010508&code=00102002006 HTTP/1.1" 200 468
116.230.105.26 - - [10/Aug/2021:10:57:42 +0800] "GET /xingrg/kc/buy/cgsh_order_operate.html?command=get_materiel&rest_code=00155&code=00101008559&supplier_code=00100005&order_time=2021-08-10 HTTP/1.1" 200 399
222.70.246.151 - - [10/Aug/2021:10:57:43 +0800] "GET /xingrg/kc/buy/cgsh_order_info.html?code=212021080904210 HTTP/1.1" 200 63158
222.70.246.151 - - [10/Aug/2021:10:57:43 +0800] "GET /xingrg/javascript/easyui/themes/default/validatebox.css HTTP/1.1" 404 1104
222.70.246.151 - - [10/Aug/2021:10:57:44 +0800] "POST /xingrg/kc/buy/cgsh_order_operate.html HTTP/1.1" 200 2658
116.238.194.18 - - [10/Aug/2021:10:57:45 +0800] "GET /xingrg/all/function/internal_message.html?_=1628564212719&CODE_STATE=getMsg HTTP/1.1" 200 27
101.83.145.79 - - [10/Aug/2021:10:57:45 +0800] "GET /xingrg/all/function/internal_message.html?_=1628564222180&CODE_STATE=getMsg HTTP/1.1" 200 27
222.70.246.151 - - [10/Aug/2021:10:57:46 +0800] "GET /xingrg/kc/print/load_data.html?order_code=212021080904210&kc_code=cgsh&condition= HTTP/1.1" 200 674
101.83.145.79 - - [10/Aug/2021:10:57:46 +0800] "POST /xingrg/kc/base/wldb_order_operate.html HTTP/1.1" 200 37
101.83.145.79 - - [10/Aug/2021:10:57:46 +0800] "POST /xingrg/kc/base/wldb_order_operate.html HTTP/1.1" 200 3682
58.37.4.159 - - [10/Aug/2021:10:57:46 +0800] "GET /xingrg/all/function/internal_message.html?_=1628564265499&CODE_STATE=getMsg HTTP/1.1" 200 27
116.230.105.26 - - [10/Aug/2021:10:57:48 +0800] "GET /xingrg/kc/buy/cgsh_order_operate.html?command=get_materiel&rest_code=00155&code=00101008125&supplier_code=00100005&order_time=2021-08-10 HTTP/1.1" 200 413
101.83.145.79 - - [10/Aug/2021:10:57:53 +0800] "GET /xingrg/kc/base/wldb_order_info.html?code=422021081001081 HTTP/1.1" 200 30412
101.83.145.79 - - [10/Aug/2021:10:57:54 +0800] "GET /xingrg/javascript/easyui/themes/default/validatebox.css HTTP/1.1" 404 1104
101.83.145.79 - - [10/Aug/2021:10:57:54 +0800] "POST /xingrg/kc/base/wldb_order_operate.html HTTP/1.1" 200 3682
116.233.77.65 - - [10/Aug/2021:10:57:55 +0800] "GET /xingrg/all/function/internal_message.html?_=1628564275970&CODE_STATE=getMsg HTTP/1.1" 200 27
116.230.105.26 - - [10/Aug/2021:10:57:55 +0800] "GET /xingrg/kc/buy/cgsh_order_operate.html?command=get_materiel&rest_code=00155&code=00101008028&supplier_code=00100005&order_time=2021-08-10 HTTP/1.1" 200 412
172.20.0.100 - - [10/Aug/2021:10:57:56 +0800] "GET /xingrg/check_reg.html?_=1628564273787 HTTP/1.1" 302 -
172.20.0.100 - - [10/Aug/2021:10:57:56 +0800] "GET /xingrg/all/function/internal_message.html?_=1628564273790&CODE_STATE=getMsg HTTP/1.1" 302 -
101.83.145.79 - - [10/Aug/2021:10:57:57 +0800] "GET /xingrg/kc/base/wldb_order_add.html HTTP/1.1" 200 30397
101.83.145.79 - - [10/Aug/2021:10:57:57 +0800] "POST /xingrg/kc/base/wldb_order_operate.html HTTP/1.1" 200 6806
101.83.145.79 - - [10/Aug/2021:10:57:57 +0800] "GET /xingrg/javascript/easyui/themes/default/validatebox.css HTTP/1.1" 404 1104
58.37.4.159 - - [10/Aug/2021:10:57:58 +0800] "GET /xingrg/all/function/internal_message.html?_=1628564277073&CODE_STATE=getMsg HTTP/1.1" 200 27
101.83.145.79 - - [10/Aug/2021:10:57:58 +0800] "POST /xingrg/all/common/load_combo.html?type=base HTTP/1.1" 200 3236
114.84.82.184 - - [10/Aug/2021:10:57:58 +0800] "GET /xingrg/all/function/internal_message.html?_=1628564276970&CODE_STATE=getMsg HTTP/1.1" 200 27
114.84.82.184 - - [10/Aug/2021:10:57:58 +0800] "GET /xingrg/check_reg.html?_=1628564277512 HTTP/1.1" 200 22
222.70.178.182 - - [10/Aug/2021:10:58:02 +0800] "GET /xingrg/all/function/internal_message.html?_=1628564279080&CODE_STATE=getMsg HTTP/1.1" 200 27
116.230.105.26 - - [10/Aug/2021:10:58:02 +0800] "GET /xingrg/kc/buy/cgsh_order_operate.html?command=get_materiel&rest_code=00155&code=00101008101&supplier_code=00100005&order_time=2021-08-10 HTTP/1.1" 200 412
101.83.145.79 - - [10/Aug/2021:10:58:07 +0800] "GET /xingrg/kc/base/wldb_order_operate.html?command=get_materiel&rest_code=00105&base_code=0010508&code=00102002439 HTTP/1.1" 200 458
116.230.105.26 - - [10/Aug/2021:10:58:07 +0800] "GET /xingrg/kc/buy/cgsh_order_operate.html?command=get_materiel&rest_code=00155&code=00101008361&supplier_code=00100005&order_time=2021-08-10 HTTP/1.1" 200 408
222.70.246.151 - - [10/Aug/2021:10:58:09 +0800] "POST /xingrg/kc/buy/cgsh_list_operate.html HTTP/1.1" 200 4099
222.70.246.151 - - [10/Aug/2021:10:58:10 +0800] "POST /xingrg/kc/buy/cgsh_list_operate.html HTTP/1.1" 200 212
222.70.246.151 - - [10/Aug/2021:10:58:11 +0800] "GET /xingrg/kc/buy/cgsh_order_info.html?code=212021080904196 HTTP/1.1" 200 63152
180.174.224.95 - - [10/Aug/2021:10:58:12 +0800] "GET /xingrg/all/function/internal_message.html?_=1628564269238&CODE_STATE=getMsg HTTP/1.1" 200 27
222.70.246.151 - - [10/Aug/2021:10:58:12 +0800] "GET /xingrg/javascript/easyui/themes/default/validatebox.css HTTP/1.1" 404 1104
222.70.246.151 - - [10/Aug/2021:10:58:12 +0800] "POST /xingrg/kc/buy/cgsh_order_operate.html HTTP/1.1" 200 2679
116.230.105.26 - - [10/Aug/2021:10:58:13 +0800] "GET /xingrg/kc/buy/cgsh_order_operate.html?command=get_materiel&rest_code=00155&code=00101008004&supplier_code=00100005&order_time=2021-08-10 HTTP/1.1" 200 416
101.83.145.79 - - [10/Aug/2021:10:58:13 +0800] "GET /xingrg/kc/base/wldb_order_operate.html?command=get_materiel&rest_code=00105&base_code=0010508&code=00102002258 HTTP/1.1" 200 433
222.70.246.151 - - [10/Aug/2021:10:58:14 +0800] "GET /xingrg/kc/print/load_data.html?order_code=212021080904196&kc_code=cgsh&condition= HTTP/1.1" 200 691
116.238.194.18 - - [10/Aug/2021:10:58:18 +0800] "GET /xingrg/all/function/internal_message.html?_=1628564295847&CODE_STATE=getMsg HTTP/1.1" 200 27
116.235.222.38 - - [10/Aug/2021:10:58:18 +0800] "GET /xingrg/all/function/internal_message.html?_=1628564297013&CODE_STATE=getMsg HTTP/1.1" 200 27
116.230.105.26 - - [10/Aug/2021:10:58:19 +0800] "GET /xingrg/kc/buy/cgsh_order_operate.html?command=get_materiel&rest_code=00155&code=00101008264&supplier_code=00100005&order_time=2021-08-10 HTTP/1.1" 200 412
222.70.246.151 - - [10/Aug/2021:10:58:21 +0800] "GET /xingrg/all/function/internal_message.html?_=1628564305534&CODE_STATE=getMsg HTTP/1.1" 200 27
101.83.145.79 - - [10/Aug/2021:10:58:21 +0800] "GET /xingrg/kc/base/wldb_order_operate.html?command=get_materiel&rest_code=00105&base_code=0010508&code=00102002082 HTTP/1.1" 200 439
222.70.246.151 - - [10/Aug/2021:10:58:22 +0800] "POST /xingrg/kc/buy/cgsh_list_operate.html HTTP/1.1" 200 4099
222.70.246.151 - - [10/Aug/2021:10:58:23 +0800] "POST /xingrg/kc/buy/cgsh_list_operate.html HTTP/1.1" 200 206
58.40.7.146 - - [10/Aug/2021:10:58:24 +0800] "GET /xingrg/all/function/internal_message.html?_=1628564302560&CODE_STATE=getMsg HTTP/1.1" 200 27
222.70.246.151 - - [10/Aug/2021:10:58:24 +0800] "GET /xingrg/kc/buy/cgsh_order_info.html?code=212021080904193 HTTP/1.1" 200 63160
222.70.246.151 - - [10/Aug/2021:10:58:24 +0800] "GET /xingrg/javascript/easyui/themes/default/validatebox.css HTTP/1.1" 404 1104
222.70.246.151 - - [10/Aug/2021:10:58:25 +0800] "POST /xingrg/kc/buy/cgsh_order_operate.html HTTP/1.1" 200 2670
114.84.82.184 - - [10/Aug/2021:10:58:26 +0800] "GET /xingrg/kc/buy/cgsh_order_operate.html?command=get_materiel&rest_code=00148&code=00101028011&supplier_code=00100017&order_time=2021-08-10 HTTP/1.1" 200 454
116.230.105.26 - - [10/Aug/2021:10:58:26 +0800] "GET /xingrg/kc/buy/cgsh_order_operate.html?command=get_materiel&rest_code=00155&code=00101008024&supplier_code=00100005&order_time=2021-08-10 HTTP/1.1" 200 408
222.70.246.151 - - [10/Aug/2021:10:58:27 +0800] "GET /xingrg/kc/print/load_data.html?order_code=212021080904193&kc_code=cgsh&condition= HTTP/1.1" 200 744
116.230.105.26 - - [10/Aug/2021:10:58:28 +0800] "POST /xingrg/kc/buy/cgsh_order_operate.html HTTP/1.1" 200 2065
58.40.7.146 - - [10/Aug/2021:10:58:30 +0800] "GET /xingrg/all/function/internal_message.html?_=1628564309048&CODE_STATE=getMsg HTTP/1.1" 302 -
101.83.145.79 - - [10/Aug/2021:10:58:30 +0800] "GET /xingrg/kc/base/wldb_order_operate.html?command=get_materiel&rest_code=00105&base_code=0010508&code=00102002410 HTTP/1.1" 200 440
114.88.154.248 - - [10/Aug/2021:10:58:34 +0800] "GET /xingrg/all/function/internal_message.html?_=1628564219912&CODE_STATE=getMsg HTTP/1.1" 200 27
222.70.246.151 - - [10/Aug/2021:10:58:34 +0800] "POST /xingrg/kc/buy/cgsh_list_operate.html HTTP/1.1" 200 4099
101.83.145.79 - - [10/Aug/2021:10:58:34 +0800] "POST /xingrg/kc/base/wldb_order_operate.html HTTP/1.1" 200 37
222.70.246.151 - - [10/Aug/2021:10:58:35 +0800] "POST /xingrg/kc/buy/cgsh_list_operate.html HTTP/1.1" 200 201
116.230.105.26 - - [10/Aug/2021:10:58:35 +0800] "GET /xingrg/kc/buy/cgsh_order_operate.html?command=get_materiel&rest_code=00155&code=00101008356&supplier_code=00100005&order_time=2021-08-10 HTTP/1.1" 200 409
101.83.145.79 - - [10/Aug/2021:10:58:35 +0800] "POST /xingrg/kc/base/wldb_order_operate.html HTTP/1.1" 200 3660
222.70.246.151 - - [10/Aug/2021:10:58:36 +0800] "GET /xingrg/kc/buy/cgsh_order_info.html?code=212021080904217 HTTP/1.1" 200 63160
222.70.246.151 - - [10/Aug/2021:10:58:36 +0800] "GET /xingrg/javascript/easyui/themes/default/validatebox.css HTTP/1.1" 404 1104
222.70.246.151 - - [10/Aug/2021:10:58:36 +0800] "POST /xingrg/kc/buy/cgsh_order_operate.html HTTP/1.1" 200 2659
222.70.246.151 - - [10/Aug/2021:10:58:38 +0800] "GET /xingrg/kc/print/load_data.html?order_code=212021080904217&kc_code=cgsh&condition= HTTP/1.1" 200 751
101.83.145.79 - - [10/Aug/2021:10:58:38 +0800] "GET /xingrg/kc/base/wldb_order_info.html?code=422021081001082 HTTP/1.1" 200 30411
101.83.145.79 - - [10/Aug/2021:10:58:39 +0800] "GET /xingrg/javascript/easyui/themes/default/validatebox.css HTTP/1.1" 404 1104
101.83.145.79 - - [10/Aug/2021:10:58:39 +0800] "POST /xingrg/kc/base/wldb_order_operate.html HTTP/1.1" 200 3660
116.230.105.26 - - [10/Aug/2021:10:58:41 +0800] "GET /xingrg/kc/buy/cgsh_order_operate.html?command=get_materiel&rest_code=00155&code=00101008137&supplier_code=00100005&order_time=2021-08-10 HTTP/1.1" 200 408
101.83.145.79 - - [10/Aug/2021:10:58:41 +0800] "GET /xingrg/all/function/internal_message.html?_=1628564321534&CODE_STATE=getMsg HTTP/1.1" 200 27
116.238.194.18 - - [10/Aug/2021:10:58:45 +0800] "GET /xingrg/all/function/internal_message.html?_=1628564272732&CODE_STATE=getMsg HTTP/1.1" 200 27
101.83.145.79 - - [10/Aug/2021:10:58:45 +0800] "GET /xingrg/all/function/internal_message.html?_=1628564282194&CODE_STATE=getMsg HTTP/1.1" 200 27
116.230.105.26 - - [10/Aug/2021:10:58:46 +0800] "GET /xingrg/kc/buy/cgsh_order_operate.html?command=get_materiel&rest_code=00155&code=00101008360&supplier_code=00100005&order_time=2021-08-10 HTTP/1.1" 200 412
58.37.4.159 - - [10/Aug/2021:10:58:46 +0800] "GET /xingrg/check_reg.html?_=1628564325500 HTTP/1.1" 200 22
58.37.4.159 - - [10/Aug/2021:10:58:46 +0800] "GET /xingrg/all/function/internal_message.html?_=1628564325502&CODE_STATE=getMsg HTTP/1.1" 200 27
222.70.246.151 - - [10/Aug/2021:10:58:48 +0800] "POST /xingrg/kc/buy/cgsh_list_operate.html HTTP/1.1" 200 4099
222.70.246.151 - - [10/Aug/2021:10:58:49 +0800] "POST /xingrg/kc/buy/cgsh_list_operate.html HTTP/1.1" 200 584
222.70.246.151 - - [10/Aug/2021:10:58:50 +0800] "GET /xingrg/kc/buy/cgsh_order_info.html?code=212021080904190 HTTP/1.1" 200 63158
222.70.246.151 - - [10/Aug/2021:10:58:51 +0800] "GET /xingrg/javascript/easyui/themes/default/validatebox.css HTTP/1.1" 404 1104
222.70.246.151 - - [10/Aug/2021:10:58:51 +0800] "POST /xingrg/kc/buy/cgsh_order_operate.html HTTP/1.1" 200 6814
116.230.105.26 - - [10/Aug/2021:10:58:52 +0800] "GET /xingrg/kc/buy/cgsh_order_operate.html?command=get_materiel&rest_code=00155&code=00101008006&supplier_code=00100005&order_time=2021-08-10 HTTP/1.1" 200 416
222.70.246.151 - - [10/Aug/2021:10:58:53 +0800] "GET /xingrg/kc/print/load_data.html?order_code=212021080904190&kc_code=cgsh&condition= HTTP/1.1" 200 2362
116.233.77.65 - - [10/Aug/2021:10:58:55 +0800] "GET /xingrg/all/function/internal_message.html?_=1628564335972&CODE_STATE=getMsg HTTP/1.1" 200 27
114.84.82.184 - - [10/Aug/2021:10:58:55 +0800] "GET /xingrg/kc/buy/cgsh_order_operate.html?command=get_materiel&rest_code=00148&code=00101028008&supplier_code=00100017&order_time=2021-08-10 HTTP/1.1" 200 449
172.20.0.100 - - [10/Aug/2021:10:58:56 +0800] "GET /xingrg/all/function/internal_message.html?_=1628564333795&CODE_STATE=getMsg HTTP/1.1" 302 -
61.129.6.227 - - [10/Aug/2021:10:58:57 +0800] "GET /xingrg/all/function/internal_message.html?_=1628564277073&CODE_STATE=getMsg HTTP/1.1" 302 -
58.37.4.159 - - [10/Aug/2021:10:58:58 +0800] "GET /xingrg/all/function/internal_message.html?_=1628564337041&CODE_STATE=getMsg HTTP/1.1" 200 27
114.84.82.184 - - [10/Aug/2021:10:58:58 +0800] "GET /xingrg/all/function/internal_message.html?_=1628564336951&CODE_STATE=getMsg HTTP/1.1" 200 27
61.129.6.227 - - [10/Aug/2021:10:58:59 +0800] "GET /xingrg/login.html HTTP/1.1" 200 7641
222.70.246.151 - - [10/Aug/2021:10:59:00 +0800] "POST /xingrg/kc/buy/cgsh_list_operate.html HTTP/1.1" 200 4099
222.70.246.151 - - [10/Aug/2021:10:59:01 +0800] "POST /xingrg/kc/buy/cgsh_list_operate.html HTTP/1.1" 200 293
222.70.178.182 - - [10/Aug/2021:10:59:02 +0800] "GET /xingrg/check_reg.html?_=1628564339095 HTTP/1.1" 200 22
222.70.178.182 - - [10/Aug/2021:10:59:02 +0800] "GET /xingrg/all/function/internal_message.html?_=1628564339091&CODE_STATE=getMsg HTTP/1.1" 200 27
222.70.246.151 - - [10/Aug/2021:10:59:04 +0800] "GET /xingrg/kc/buy/cgsh_order_info.html?code=212021080904219 HTTP/1.1" 200 63164
222.70.246.151 - - [10/Aug/2021:10:59:04 +0800] "GET /xingrg/javascript/easyui/themes/default/validatebox.css HTTP/1.1" 404 1104
222.70.246.151 - - [10/Aug/2021:10:59:04 +0800] "POST /xingrg/kc/buy/cgsh_order_operate.html HTTP/1.1" 200 3272
222.70.246.151 - - [10/Aug/2021:10:59:06 +0800] "GET /xingrg/kc/print/load_data.html?order_code=212021080904219&kc_code=cgsh&condition= HTTP/1.1" 200 930
116.230.105.26 - - [10/Aug/2021:10:59:09 +0800] "GET /xingrg/kc/buy/cgsh_order_operate.html?command=get_materiel&rest_code=00155&code=00101008131&supplier_code=00100005&order_time=2021-08-10 HTTP/1.1" 200 408
116.230.105.26 - - [10/Aug/2021:10:59:11 +0800] "POST /xingrg/kc/buy/cgsh_order_operate.html HTTP/1.1" 200 2065
180.174.224.95 - - [10/Aug/2021:10:59:12 +0800] "GET /xingrg/all/function/internal_message.html?_=1628564329361&CODE_STATE=getMsg HTTP/1.1" 200 27
101.83.145.79 - - [10/Aug/2021:10:59:14 +0800] "GET /xingrg/kc/base/wldb_order_add.html HTTP/1.1" 200 30397
101.83.145.79 - - [10/Aug/2021:10:59:14 +0800] "POST /xingrg/kc/base/wldb_order_operate.html HTTP/1.1" 200 6806
101.83.145.79 - - [10/Aug/2021:10:59:14 +0800] "GET /xingrg/javascript/easyui/themes/default/validatebox.css HTTP/1.1" 404 1104
101.83.145.79 - - [10/Aug/2021:10:59:15 +0800] "POST /xingrg/all/common/load_combo.html?type=base HTTP/1.1" 200 3236
116.238.194.18 - - [10/Aug/2021:10:59:18 +0800] "GET /xingrg/all/function/internal_message.html?_=1628564355858&CODE_STATE=getMsg HTTP/1.1" 200 27
116.235.222.38 - - [10/Aug/2021:10:59:18 +0800] "GET /xingrg/all/function/internal_message.html?_=1628564356999&CODE_STATE=getMsg HTTP/1.1" 200 27
222.70.246.151 - - [10/Aug/2021:10:59:21 +0800] "GET /xingrg/check_reg.html?_=1628564365363 HTTP/1.1" 200 22
222.70.246.151 - - [10/Aug/2021:10:59:21 +0800] "GET /xingrg/all/function/internal_message.html?_=1628564365543&CODE_STATE=getMsg HTTP/1.1" 200 27
58.40.7.146 - - [10/Aug/2021:10:59:24 +0800] "GET /xingrg/all/function/internal_message.html?_=1628564362562&CODE_STATE=getMsg HTTP/1.1" 200 27
101.83.145.79 - - [10/Aug/2021:10:59:26 +0800] "GET /xingrg/kc/base/wldb_order_operate.html?command=get_materiel&rest_code=00105&base_code=0010508&code=00102002851 HTTP/1.1" 200 432
114.84.82.184 - - [10/Aug/2021:10:59:30 +0800] "GET /xingrg/kc/buy/cgsh_order_operate.html?command=get_materiel&rest_code=00148&code=00101028016&supplier_code=00100017&order_time=2021-08-10 HTTP/1.1" 200 447
58.40.7.146 - - [10/Aug/2021:10:59:30 +0800] "GET /xingrg/check_reg.html?_=1628564369037 HTTP/1.1" 302 -
58.40.7.146 - - [10/Aug/2021:10:59:30 +0800] "GET /xingrg/all/function/internal_message.html?_=1628564369039&CODE_STATE=getMsg HTTP/1.1" 302 -
101.83.145.79 - - [10/Aug/2021:10:59:32 +0800] "GET /xingrg/kc/base/wldb_order_operate.html?command=get_materiel&rest_code=00105&base_code=0010508&code=00102021018 HTTP/1.1" 200 445
114.88.154.248 - - [10/Aug/2021:10:59:34 +0800] "GET /xingrg/all/function/internal_message.html?_=1628564279919&CODE_STATE=getMsg HTTP/1.1" 200 27
101.83.145.79 - - [10/Aug/2021:10:59:41 +0800] "GET /xingrg/all/function/internal_message.html?_=1628564381515&CODE_STATE=getMsg HTTP/1.1" 200 27
116.238.194.18 - - [10/Aug/2021:10:59:45 +0800] "GET /xingrg/all/function/internal_message.html?_=1628564332849&CODE_STATE=getMsg HTTP/1.1" 200 27
114.84.82.184 - - [10/Aug/2021:10:59:45 +0800] "POST /xingrg/kc/buy/cgsh_order_operate.html HTTP/1.1" 200 37
101.83.145.79 - - [10/Aug/2021:10:59:45 +0800] "GET /xingrg/all/function/internal_message.html?_=1628564342179&CODE_STATE=getMsg HTTP/1.1" 200 27
58.37.4.159 - - [10/Aug/2021:10:59:46 +0800] "GET /xingrg/all/function/internal_message.html?_=1628564385487&CODE_STATE=getMsg HTTP/1.1" 200 27
114.84.82.184 - - [10/Aug/2021:10:59:50 +0800] "POST /xingrg/kc/buy/cgsh_order_operate.html HTTP/1.1" 200 4565
101.83.145.79 - - [10/Aug/2021:10:59:51 +0800] "GET /xingrg/kc/base/wldb_order_operate.html?command=get_materiel&rest_code=00105&base_code=0010508&code=00102002933 HTTP/1.1" 200 416
114.84.82.184 - - [10/Aug/2021:10:59:52 +0800] "GET /xingrg/kc/print/load_data.html?order_code=212021081004484&kc_code=cgsh&condition= HTTP/1.1" 200 1547
116.230.105.26 - - [10/Aug/2021:10:59:54 +0800] "GET /xingrg/check_reg.html?_=1628564391628 HTTP/1.1" 200 22
116.233.77.65 - - [10/Aug/2021:10:59:55 +0800] "GET /xingrg/all/function/internal_message.html?_=1628564395977&CODE_STATE=getMsg HTTP/1.1" 200 27
172.20.0.100 - - [10/Aug/2021:10:59:56 +0800] "GET /xingrg/all/function/internal_message.html?_=1628564393798&CODE_STATE=getMsg HTTP/1.1" 302 -
58.37.4.159 - - [10/Aug/2021:10:59:58 +0800] "GET /xingrg/all/function/internal_message.html?_=1628564397020&CODE_STATE=getMsg HTTP/1.1" 200 27
114.84.82.184 - - [10/Aug/2021:10:59:58 +0800] "GET /xingrg/all/function/internal_message.html?_=1628564396936&CODE_STATE=getMsg HTTP/1.1" 200 27
101.89.19.197 - - [10/Aug/2021:10:59:59 +0800] "GET /xingrg/all/function/internal_message.html?_=1628564337041&CODE_STATE=getMsg HTTP/1.1" 302 -
101.89.19.197 - - [10/Aug/2021:11:00:00 +0800] "GET /xingrg/login.html HTTP/1.1" 200 7641
222.70.178.182 - - [10/Aug/2021:11:00:02 +0800] "GET /xingrg/all/function/internal_message.html?_=1628564399092&CODE_STATE=getMsg HTTP/1.1" 200 27
101.83.145.79 - - [10/Aug/2021:11:00:07 +0800] "GET /xingrg/kc/base/wldb_order_operate.html?command=get_materiel&rest_code=00105&base_code=0010508&code=00102002610 HTTP/1.1" 200 431
180.174.224.95 - - [10/Aug/2021:11:00:11 +0800] "GET /xingrg/check_reg.html?_=1628564388799 HTTP/1.1" 200 22
180.174.224.95 - - [10/Aug/2021:11:00:12 +0800] "GET /xingrg/all/function/internal_message.html?_=1628564389374&CODE_STATE=getMsg HTTP/1.1" 200 27
180.169.147.146 - - [10/Aug/2021:11:00:13 +0800] "GET /xingrg/check_reg.html?_=1628564411286 HTTP/1.1" 302 -
101.83.145.79 - - [10/Aug/2021:11:00:15 +0800] "POST /xingrg/kc/base/wldb_order_operate.html HTTP/1.1" 200 37
101.83.145.79 - - [10/Aug/2021:11:00:15 +0800] "POST /xingrg/kc/base/wldb_order_operate.html HTTP/1.1" 200 4613
114.84.82.184 - - [10/Aug/2021:11:00:17 +0800] "GET /xingrg/kc/buy/cgsh_order_add.html HTTP/1.1" 200 63149
114.84.82.184 - - [10/Aug/2021:11:00:17 +0800] "POST /xingrg/kc/buy/cgsh_order_operate.html HTTP/1.1" 200 8245
114.84.82.184 - - [10/Aug/2021:11:00:17 +0800] "GET /xingrg/javascript/easyui/themes/default/validatebox.css HTTP/1.1" 404 1104
116.238.194.18 - - [10/Aug/2021:11:00:18 +0800] "GET /xingrg/all/function/internal_message.html?_=1628564415856&CODE_STATE=getMsg HTTP/1.1" 200 27
116.235.222.38 - - [10/Aug/2021:11:00:18 +0800] "GET /xingrg/all/function/internal_message.html?_=1628564416984&CODE_STATE=getMsg HTTP/1.1" 200 27
101.83.145.79 - - [10/Aug/2021:11:00:19 +0800] "GET /xingrg/kc/base/wldb_order_info.html?code=422021081001083 HTTP/1.1" 200 30410
