116.238.194.18 - - [10/Aug/2021:10:12:36 +0800] "GET /xingrg/all/function/internal_message.html?_=1628561504589&CODE_STATE=getMsg HTTP/1.1" 200 27
58.37.4.159 - - [10/Aug/2021:10:12:39 +0800] "POST /xingrg/kc/buy/cgsh_order_operate.html HTTP/1.1" 200 12
101.89.29.78 - - [10/Aug/2021:10:12:39 +0800] "GET /xingrg/all/function/internal_message.html?_=1628561488255&CODE_STATE=getMsg HTTP/1.1" 302 -
58.37.4.159 - - [10/Aug/2021:10:12:40 +0800] "GET /xingrg/kc/buy/cgsh_order_info.html?code=212021081004363 HTTP/1.1" 200 58056
180.169.147.146 - - [10/Aug/2021:10:12:40 +0800] "GET /xingrg/all/function/internal_message.html?_=1628561558911&CODE_STATE=getMsg HTTP/1.1" 200 27
58.37.4.159 - - [10/Aug/2021:10:12:40 +0800] "GET /xingrg/javascript/easyui/themes/default/validatebox.css HTTP/1.1" 404 1104
58.37.4.159 - - [10/Aug/2021:10:12:41 +0800] "POST /xingrg/kc/buy/cgsh_order_operate.html HTTP/1.1" 200 610
58.37.4.159 - - [10/Aug/2021:10:12:43 +0800] "GET /xingrg/kc/print/load_data.html?order_code=212021081004363&kc_code=cgsh&condition= HTTP/1.1" 200 768
101.89.29.78 - - [10/Aug/2021:10:12:44 +0800] "GET /xingrg/login.html HTTP/1.1" 200 7641
101.83.145.79 - - [10/Aug/2021:10:12:45 +0800] "GET /xingrg/all/function/internal_message.html?_=1628561522114&CODE_STATE=getMsg HTTP/1.1" 200 27
58.37.4.159 - - [10/Aug/2021:10:12:45 +0800] "GET /xingrg/kc/print/load_data.html?order_code=212021081004348&kc_code=cgsh HTTP/1.1" 200 10800
58.37.4.159 - - [10/Aug/2021:10:12:46 +0800] "GET /xingrg/all/function/internal_message.html?_=1628561565384&CODE_STATE=getMsg HTTP/1.1" 200 27
58.37.4.159 - - [10/Aug/2021:10:12:52 +0800] "GET /xingrg/kc/buy/cgsh_order_add.html HTTP/1.1" 200 63143
58.37.4.159 - - [10/Aug/2021:10:12:52 +0800] "POST /xingrg/kc/buy/cgsh_order_operate.html HTTP/1.1" 200 8245
58.37.4.159 - - [10/Aug/2021:10:12:52 +0800] "GET /xingrg/javascript/easyui/themes/default/validatebox.css HTTP/1.1" 404 1104
58.37.4.159 - - [10/Aug/2021:10:12:54 +0800] "GET /xingrg/javascript/easyui/themes/default/tree.css HTTP/1.1" 404 1090
58.37.4.159 - - [10/Aug/2021:10:12:54 +0800] "POST /xingrg/all/common/load_tree.html?tree=supplier_tree_json&isDelete=1 HTTP/1.1" 200 57192
116.233.77.65 - - [10/Aug/2021:10:12:55 +0800] "GET /xingrg/all/function/internal_message.html?_=1628561575869&CODE_STATE=getMsg HTTP/1.1" 200 27
101.83.145.79 - - [10/Aug/2021:10:12:56 +0800] "GET /xingrg/all/function/internal_message.html?_=1628561575995&CODE_STATE=getMsg HTTP/1.1" 200 27
172.20.0.100 - - [10/Aug/2021:10:12:56 +0800] "GET /xingrg/check_reg.html?_=1628561573785 HTTP/1.1" 302 -
172.20.0.100 - - [10/Aug/2021:10:12:56 +0800] "GET /xingrg/all/function/internal_message.html?_=1628561573786&CODE_STATE=getMsg HTTP/1.1" 302 -
114.84.82.184 - - [10/Aug/2021:10:12:58 +0800] "GET /xingrg/all/function/internal_message.html?_=1628561577446&CODE_STATE=getMsg HTTP/1.1" 200 27
114.84.82.184 - - [10/Aug/2021:10:12:58 +0800] "GET /xingrg/check_reg.html?_=1628561577448 HTTP/1.1" 200 22
222.70.178.182 - - [10/Aug/2021:10:13:02 +0800] "GET /xingrg/all/function/internal_message.html?_=1628561579013&CODE_STATE=getMsg HTTP/1.1" 200 27
116.230.110.80 - - [10/Aug/2021:10:13:03 +0800] "GET /xingrg/all/function/internal_message.html?_=1628561580160&CODE_STATE=getMsg HTTP/1.1" 200 27
58.37.4.159 - - [10/Aug/2021:10:13:13 +0800] "GET /xingrg/kc/buy/cgsh_order_operate.html?command=get_materiel&rest_code=00106&code=00101003035&supplier_code=00100092&order_time=2021-08-10 HTTP/1.1" 200 410
222.70.246.151 - - [10/Aug/2021:10:13:13 +0800] "GET /xingrg/all/function/internal_message.html?_=1628561597898&CODE_STATE=getMsg HTTP/1.1" 200 27
116.238.194.18 - - [10/Aug/2021:10:13:19 +0800] "GET /xingrg/all/function/internal_message.html?_=1628561596504&CODE_STATE=getMsg HTTP/1.1" 200 27
116.235.222.38 - - [10/Aug/2021:10:13:19 +0800] "GET /xingrg/all/function/internal_message.html?_=1628561597733&CODE_STATE=getMsg HTTP/1.1" 200 27
58.37.4.159 - - [10/Aug/2021:10:13:22 +0800] "GET /xingrg/check_reg.html?_=1628561601086 HTTP/1.1" 200 22
58.40.7.146 - - [10/Aug/2021:10:13:24 +0800] "GET /xingrg/all/function/internal_message.html?_=1628561602546&CODE_STATE=getMsg HTTP/1.1" 200 27
58.40.7.146 - - [10/Aug/2021:10:13:30 +0800] "GET /xingrg/all/function/internal_message.html?_=1628561609017&CODE_STATE=getMsg HTTP/1.1" 302 -
58.37.4.159 - - [10/Aug/2021:10:13:30 +0800] "GET /xingrg/all/function/internal_message.html?_=1628561609811&CODE_STATE=getMsg HTTP/1.1" 200 27
61.151.178.180 - - [10/Aug/2021:10:13:31 +0800] "GET /xingrg/all/function/internal_message.html?_=1628561549814&CODE_STATE=getMsg HTTP/1.1" 302 -
61.151.178.180 - - [10/Aug/2021:10:13:32 +0800] "GET /xingrg/login.html HTTP/1.1" 200 7641
114.88.154.248 - - [10/Aug/2021:10:13:34 +0800] "GET /xingrg/all/function/internal_message.html?_=1628561519723&CODE_STATE=getMsg HTTP/1.1" 200 27
116.238.194.18 - - [10/Aug/2021:10:13:36 +0800] "GET /xingrg/all/function/internal_message.html?_=1628561564602&CODE_STATE=getMsg HTTP/1.1" 200 27
58.37.4.159 - - [10/Aug/2021:10:13:37 +0800] "GET /xingrg/kc/buy/cgsh_order_operate.html?command=get_materiel&rest_code=00106&code=00101003033&supplier_code=00100092&order_time=2021-08-10 HTTP/1.1" 200 422
180.169.147.146 - - [10/Aug/2021:10:13:40 +0800] "GET /xingrg/all/function/internal_message.html?_=1628561618906&CODE_STATE=getMsg HTTP/1.1" 200 27
61.151.178.249 - - [10/Aug/2021:10:13:44 +0800] "GET /xingrg/kc/print/load_data.html?order_code=212021081004348&kc_code=cgsh&condition= HTTP/1.1" 302 -
101.83.145.79 - - [10/Aug/2021:10:13:45 +0800] "GET /xingrg/all/function/internal_message.html?_=1628561582113&CODE_STATE=getMsg HTTP/1.1" 200 27
101.89.19.197 - - [10/Aug/2021:10:13:45 +0800] "GET /xingrg/kc/print/load_config.html?kc_code=cgsh HTTP/1.1" 302 -
120.253.135.82 - - [10/Aug/2021:10:13:46 +0800] "GET /xingrg/check_reg.html?_=1628561402534 HTTP/1.1" 200 22
61.151.178.249 - - [10/Aug/2021:10:13:46 +0800] "GET /xingrg/login.html HTTP/1.1" 200 7641
58.37.4.159 - - [10/Aug/2021:10:13:46 +0800] "GET /xingrg/check_reg.html?_=1628561625373 HTTP/1.1" 200 22
58.37.4.159 - - [10/Aug/2021:10:13:46 +0800] "GET /xingrg/all/function/internal_message.html?_=1628561625377&CODE_STATE=getMsg HTTP/1.1" 200 27
101.89.19.197 - - [10/Aug/2021:10:13:46 +0800] "GET /xingrg/login.html HTTP/1.1" 200 7641
58.37.4.159 - - [10/Aug/2021:10:13:52 +0800] "POST /xingrg/kc/buy/cgsh_order_operate.html HTTP/1.1" 200 37
101.91.62.89 - - [10/Aug/2021:10:13:53 +0800] "GET /xingrg/kc/print/load_data.html?order_code=212021081004348&kc_code=cgsh HTTP/1.1" 302 -
101.91.62.89 - - [10/Aug/2021:10:13:54 +0800] "GET /xingrg/login.html HTTP/1.1" 200 7641
116.233.77.65 - - [10/Aug/2021:10:13:55 +0800] "GET /xingrg/all/function/internal_message.html?_=1628561635875&CODE_STATE=getMsg HTTP/1.1" 200 27
58.37.4.159 - - [10/Aug/2021:10:13:55 +0800] "POST /xingrg/kc/buy/cgsh_order_operate.html HTTP/1.1" 200 12
101.83.145.79 - - [10/Aug/2021:10:13:56 +0800] "GET /xingrg/check_reg.html?_=1628561635995 HTTP/1.1" 200 22
101.83.145.79 - - [10/Aug/2021:10:13:56 +0800] "GET /xingrg/all/function/internal_message.html?_=1628561635998&CODE_STATE=getMsg HTTP/1.1" 200 27
172.20.0.100 - - [10/Aug/2021:10:13:56 +0800] "GET /xingrg/all/function/internal_message.html?_=1628561633787&CODE_STATE=getMsg HTTP/1.1" 302 -
58.37.4.159 - - [10/Aug/2021:10:13:57 +0800] "GET /xingrg/kc/buy/cgsh_order_info.html?code=212021081004364 HTTP/1.1" 200 58054
58.37.4.159 - - [10/Aug/2021:10:13:57 +0800] "GET /xingrg/javascript/easyui/themes/default/validatebox.css HTTP/1.1" 404 1104
58.37.4.159 - - [10/Aug/2021:10:13:57 +0800] "POST /xingrg/kc/buy/cgsh_order_operate.html HTTP/1.1" 200 1214
114.84.82.184 - - [10/Aug/2021:10:13:58 +0800] "GET /xingrg/all/function/internal_message.html?_=1628561637439&CODE_STATE=getMsg HTTP/1.1" 200 27
58.37.4.159 - - [10/Aug/2021:10:14:00 +0800] "GET /xingrg/kc/print/load_data.html?order_code=212021081004364&kc_code=cgsh&condition= HTTP/1.1" 200 996
222.70.178.182 - - [10/Aug/2021:10:14:02 +0800] "GET /xingrg/all/function/internal_message.html?_=1628561639017&CODE_STATE=getMsg HTTP/1.1" 200 27
222.70.178.182 - - [10/Aug/2021:10:14:02 +0800] "GET /xingrg/check_reg.html?_=1628561639015 HTTP/1.1" 200 22
116.230.110.80 - - [10/Aug/2021:10:14:03 +0800] "GET /xingrg/all/function/internal_message.html?_=1628561640171&CODE_STATE=getMsg HTTP/1.1" 200 27
180.169.147.146 - - [10/Aug/2021:10:14:04 +0800] "POST /xingrg/all/report/report_print.html HTTP/1.1" 200 11284
58.37.4.159 - - [10/Aug/2021:10:14:07 +0800] "GET /xingrg/kc/buy/cgsh_order_add.html HTTP/1.1" 200 63143
58.37.4.159 - - [10/Aug/2021:10:14:07 +0800] "GET /xingrg/javascript/easyui/themes/default/validatebox.css HTTP/1.1" 404 1104
58.37.4.159 - - [10/Aug/2021:10:14:07 +0800] "POST /xingrg/kc/buy/cgsh_order_operate.html HTTP/1.1" 200 8245
116.235.222.38 - - [10/Aug/2021:10:14:08 +0800] "POST /xingrg/kc/buy/cgsh_order_operate.html HTTP/1.1" 200 37
58.37.4.159 - - [10/Aug/2021:10:14:09 +0800] "GET /xingrg/javascript/easyui/themes/default/tree.css HTTP/1.1" 404 1090
58.37.4.159 - - [10/Aug/2021:10:14:09 +0800] "POST /xingrg/all/common/load_tree.html?tree=supplier_tree_json&isDelete=1 HTTP/1.1" 200 57192
116.235.222.38 - - [10/Aug/2021:10:14:10 +0800] "POST /xingrg/kc/buy/cgsh_order_operate.html HTTP/1.1" 200 2656
222.70.246.151 - - [10/Aug/2021:10:14:13 +0800] "GET /xingrg/all/function/internal_message.html?_=1628561657911&CODE_STATE=getMsg HTTP/1.1" 200 27
116.238.194.18 - - [10/Aug/2021:10:14:19 +0800] "GET /xingrg/all/function/internal_message.html?_=1628561656509&CODE_STATE=getMsg HTTP/1.1" 200 27
116.238.194.18 - - [10/Aug/2021:10:14:19 +0800] "GET /xingrg/check_reg.html?_=1628561656513 HTTP/1.1" 200 22
116.235.222.38 - - [10/Aug/2021:10:14:19 +0800] "GET /xingrg/all/function/internal_message.html?_=1628561657706&CODE_STATE=getMsg HTTP/1.1" 200 27
58.37.4.159 - - [10/Aug/2021:10:14:23 +0800] "GET /xingrg/kc/buy/cgsh_order_operate.html?command=get_materiel&rest_code=00106&code=00101002006&supplier_code=00100091&order_time=2021-08-10 HTTP/1.1" 200 414
58.40.7.146 - - [10/Aug/2021:10:14:24 +0800] "GET /xingrg/all/function/internal_message.html?_=1628561662552&CODE_STATE=getMsg HTTP/1.1" 200 27
116.235.222.38 - - [10/Aug/2021:10:14:25 +0800] "POST /xingrg/kc/buy/cgsh_order_operate.html HTTP/1.1" 200 37
116.235.222.38 - - [10/Aug/2021:10:14:26 +0800] "POST /xingrg/kc/buy/cgsh_order_operate.html HTTP/1.1" 200 2656
116.235.222.38 - - [10/Aug/2021:10:14:28 +0800] "GET /xingrg/kc/print/load_data.html?order_code=212021081004365&kc_code=cgsh&condition= HTTP/1.1" 200 640
58.40.7.146 - - [10/Aug/2021:10:14:30 +0800] "GET /xingrg/check_reg.html?_=1628561669004 HTTP/1.1" 302 -
58.40.7.146 - - [10/Aug/2021:10:14:30 +0800] "GET /xingrg/all/function/internal_message.html?_=1628561669006&CODE_STATE=getMsg HTTP/1.1" 302 -
58.37.4.159 - - [10/Aug/2021:10:14:30 +0800] "GET /xingrg/all/function/internal_message.html?_=1628561669789&CODE_STATE=getMsg HTTP/1.1" 200 27
114.88.154.248 - - [10/Aug/2021:10:14:34 +0800] "GET /xingrg/all/function/internal_message.html?_=1628561579722&CODE_STATE=getMsg HTTP/1.1" 200 27
116.235.222.38 - - [10/Aug/2021:10:14:34 +0800] "GET /xingrg/kc/buy/cgsh_order_add.html HTTP/1.1" 200 63231
116.235.222.38 - - [10/Aug/2021:10:14:35 +0800] "GET /xingrg/javascript/easyui/themes/default/validatebox.css HTTP/1.1" 404 1104
116.235.222.38 - - [10/Aug/2021:10:14:35 +0800] "POST /xingrg/kc/buy/cgsh_order_operate.html HTTP/1.1" 200 8245
116.238.194.18 - - [10/Aug/2021:10:14:36 +0800] "GET /xingrg/all/function/internal_message.html?_=1628561624615&CODE_STATE=getMsg HTTP/1.1" 200 27
61.151.178.164 - - [10/Aug/2021:10:14:37 +0800] "GET /xingrg/check_reg.html?_=1628561601086 HTTP/1.1" 302 -
116.235.222.38 - - [10/Aug/2021:10:14:37 +0800] "GET /xingrg/javascript/easyui/themes/default/tree.css HTTP/1.1" 404 1090
116.235.222.38 - - [10/Aug/2021:10:14:37 +0800] "POST /xingrg/all/common/load_tree.html?tree=supplier_tree_json&isDelete=1 HTTP/1.1" 200 57192
61.151.178.164 - - [10/Aug/2021:10:14:39 +0800] "GET /xingrg/login.html HTTP/1.1" 200 7641
180.97.118.221 - - [10/Aug/2021:10:14:40 +0800] "GET /xingrg/all/function/internal_message.html?_=1628561609811&CODE_STATE=getMsg HTTP/1.1" 302 -
180.169.147.146 - - [10/Aug/2021:10:14:40 +0800] "GET /xingrg/all/function/internal_message.html?_=1628561678904&CODE_STATE=getMsg HTTP/1.1" 200 27
180.169.147.146 - - [10/Aug/2021:10:14:40 +0800] "GET /xingrg/check_reg.html?_=1628561678909 HTTP/1.1" 200 22
116.238.194.18 - - [10/Aug/2021:10:14:42 +0800] "GET /xingrg/kc/buy/cgsh_order_list.html HTTP/1.1" 200 47411
116.238.194.18 - - [10/Aug/2021:10:14:42 +0800] "POST /xingrg/kc/buy/cgsh_list_operate.html HTTP/1.1" 200 876
180.97.118.221 - - [10/Aug/2021:10:14:43 +0800] "GET /xingrg/login.html HTTP/1.1" 200 7641
101.83.145.79 - - [10/Aug/2021:10:14:45 +0800] "GET /xingrg/all/function/internal_message.html?_=1628561642114&CODE_STATE=getMsg HTTP/1.1" 200 27
58.37.4.159 - - [10/Aug/2021:10:14:46 +0800] "GET /xingrg/kc/buy/cgsh_order_operate.html?command=get_materiel&rest_code=00106&code=00101003019&supplier_code=00100091&order_time=2021-08-10 HTTP/1.1" 200 413
58.37.4.159 - - [10/Aug/2021:10:14:46 +0800] "GET /xingrg/all/function/internal_message.html?_=1628561685378&CODE_STATE=getMsg HTTP/1.1" 200 27
116.233.77.65 - - [10/Aug/2021:10:14:55 +0800] "GET /xingrg/all/function/internal_message.html?_=1628561695880&CODE_STATE=getMsg HTTP/1.1" 200 27
101.83.145.79 - - [10/Aug/2021:10:14:56 +0800] "GET /xingrg/all/function/internal_message.html?_=1628561695983&CODE_STATE=getMsg HTTP/1.1" 200 27
172.20.0.100 - - [10/Aug/2021:10:14:56 +0800] "GET /xingrg/all/function/internal_message.html?_=1628561693789&CODE_STATE=getMsg HTTP/1.1" 302 -
114.84.82.184 - - [10/Aug/2021:10:14:58 +0800] "GET /xingrg/all/function/internal_message.html?_=1628561697433&CODE_STATE=getMsg HTTP/1.1" 200 27
222.70.178.182 - - [10/Aug/2021:10:15:02 +0800] "GET /xingrg/all/function/internal_message.html?_=1628561699016&CODE_STATE=getMsg HTTP/1.1" 200 27
116.230.110.80 - - [10/Aug/2021:10:15:03 +0800] "GET /xingrg/all/function/internal_message.html?_=1628561700171&CODE_STATE=getMsg HTTP/1.1" 200 27
58.37.4.159 - - [10/Aug/2021:10:15:12 +0800] "GET /xingrg/kc/buy/cgsh_order_operate.html?command=get_materiel&rest_code=00106&code=00101003037&supplier_code=00100091&order_time=2021-08-10 HTTP/1.1" 200 415
180.169.147.146 - - [10/Aug/2021:10:15:13 +0800] "GET /xingrg/check_reg.html?_=1628561711428 HTTP/1.1" 302 -
222.70.246.151 - - [10/Aug/2021:10:15:13 +0800] "GET /xingrg/all/function/internal_message.html?_=1628561718091&CODE_STATE=getMsg HTTP/1.1" 200 27
116.238.194.18 - - [10/Aug/2021:10:15:19 +0800] "GET /xingrg/all/function/internal_message.html?_=1628561716512&CODE_STATE=getMsg HTTP/1.1" 200 27
116.235.222.38 - - [10/Aug/2021:10:15:19 +0800] "GET /xingrg/all/function/internal_message.html?_=1628561717686&CODE_STATE=getMsg HTTP/1.1" 200 27
116.235.222.38 - - [10/Aug/2021:10:15:20 +0800] "GET /xingrg/kc/buy/cgsh_order_operate.html?command=get_materiel&rest_code=00107&code=00101001140&supplier_code=00100319&order_time=2021-08-10 HTTP/1.1" 200 415
58.40.7.146 - - [10/Aug/2021:10:15:24 +0800] "GET /xingrg/check_reg.html?_=1628561722555 HTTP/1.1" 200 22
58.40.7.146 - - [10/Aug/2021:10:15:24 +0800] "GET /xingrg/all/function/internal_message.html?_=1628561722556&CODE_STATE=getMsg HTTP/1.1" 200 27
58.37.4.159 - - [10/Aug/2021:10:15:29 +0800] "POST /xingrg/kc/buy/cgsh_order_operate.html HTTP/1.1" 200 37
58.40.7.146 - - [10/Aug/2021:10:15:30 +0800] "GET /xingrg/all/function/internal_message.html?_=1628561729006&CODE_STATE=getMsg HTTP/1.1" 302 -
58.37.4.159 - - [10/Aug/2021:10:15:30 +0800] "GET /xingrg/all/function/internal_message.html?_=1628561729769&CODE_STATE=getMsg HTTP/1.1" 200 27
58.37.4.159 - - [10/Aug/2021:10:15:32 +0800] "POST /xingrg/kc/buy/cgsh_order_operate.html HTTP/1.1" 200 12
114.88.154.248 - - [10/Aug/2021:10:15:34 +0800] "GET /xingrg/all/function/internal_message.html?_=1628561639721&CODE_STATE=getMsg HTTP/1.1" 200 27
58.37.4.159 - - [10/Aug/2021:10:15:34 +0800] "GET /xingrg/kc/buy/cgsh_order_info.html?code=212021081004366 HTTP/1.1" 200 58056
58.37.4.159 - - [10/Aug/2021:10:15:34 +0800] "GET /xingrg/javascript/easyui/themes/default/validatebox.css HTTP/1.1" 404 1104
58.37.4.159 - - [10/Aug/2021:10:15:34 +0800] "POST /xingrg/kc/buy/cgsh_order_operate.html HTTP/1.1" 200 1808
61.151.207.158 - - [10/Aug/2021:10:15:36 +0800] "GET /xingrg/all/function/internal_message.html?_=1628561669789&CODE_STATE=getMsg HTTP/1.1" 302 -
116.238.194.18 - - [10/Aug/2021:10:15:36 +0800] "GET /xingrg/all/function/internal_message.html?_=1628561684632&CODE_STATE=getMsg HTTP/1.1" 200 27
58.37.4.159 - - [10/Aug/2021:10:15:37 +0800] "GET /xingrg/kc/print/load_data.html?order_code=212021081004366&kc_code=cgsh&condition= HTTP/1.1" 200 1229
61.151.207.158 - - [10/Aug/2021:10:15:38 +0800] "GET /xingrg/login.html HTTP/1.1" 200 7641
180.169.147.146 - - [10/Aug/2021:10:15:40 +0800] "GET /xingrg/all/function/internal_message.html?_=1628561738917&CODE_STATE=getMsg HTTP/1.1" 200 27
58.37.4.159 - - [10/Aug/2021:10:15:42 +0800] "GET /xingrg/kc/buy/cgsh_order_add.html HTTP/1.1" 200 63143
58.37.4.159 - - [10/Aug/2021:10:15:42 +0800] "POST /xingrg/kc/buy/cgsh_order_operate.html HTTP/1.1" 200 8245
58.37.4.159 - - [10/Aug/2021:10:15:42 +0800] "GET /xingrg/javascript/easyui/themes/default/validatebox.css HTTP/1.1" 404 1104
58.37.4.159 - - [10/Aug/2021:10:15:44 +0800] "GET /xingrg/javascript/easyui/themes/default/tree.css HTTP/1.1" 404 1090
58.37.4.159 - - [10/Aug/2021:10:15:44 +0800] "POST /xingrg/all/common/load_tree.html?tree=supplier_tree_json&isDelete=1 HTTP/1.1" 200 57192
101.83.145.79 - - [10/Aug/2021:10:15:45 +0800] "GET /xingrg/all/function/internal_message.html?_=1628561702115&CODE_STATE=getMsg HTTP/1.1" 200 27
58.37.4.159 - - [10/Aug/2021:10:15:46 +0800] "GET /xingrg/all/function/internal_message.html?_=1628561745485&CODE_STATE=getMsg HTTP/1.1" 200 27
116.233.77.65 - - [10/Aug/2021:10:15:55 +0800] "GET /xingrg/all/function/internal_message.html?_=1628561755887&CODE_STATE=getMsg HTTP/1.1" 200 27
116.233.77.65 - - [10/Aug/2021:10:15:55 +0800] "GET /xingrg/check_reg.html?_=1628561755887 HTTP/1.1" 200 22
101.83.145.79 - - [10/Aug/2021:10:15:56 +0800] "GET /xingrg/all/function/internal_message.html?_=1628561755984&CODE_STATE=getMsg HTTP/1.1" 200 27
116.235.222.38 - - [10/Aug/2021:10:15:56 +0800] "GET /xingrg/kc/buy/cgsh_order_operate.html?command=get_materiel&rest_code=00107&code=00101001180&supplier_code=00100319&order_time=2021-08-10 HTTP/1.1" 200 419
172.20.0.100 - - [10/Aug/2021:10:15:56 +0800] "GET /xingrg/all/function/internal_message.html?_=1628561753793&CODE_STATE=getMsg HTTP/1.1" 302 -
114.84.82.184 - - [10/Aug/2021:10:15:58 +0800] "GET /xingrg/all/function/internal_message.html?_=1628561757436&CODE_STATE=getMsg HTTP/1.1" 200 27
222.70.178.182 - - [10/Aug/2021:10:16:02 +0800] "GET /xingrg/all/function/internal_message.html?_=1628561759016&CODE_STATE=getMsg HTTP/1.1" 200 27
58.37.4.159 - - [10/Aug/2021:10:16:02 +0800] "GET /xingrg/kc/buy/cgsh_order_operate.html?command=get_materiel&rest_code=00106&code=00101001051&supplier_code=00100094&order_time=2021-08-10 HTTP/1.1" 200 424
116.230.110.80 - - [10/Aug/2021:10:16:03 +0800] "GET /xingrg/all/function/internal_message.html?_=1628561760173&CODE_STATE=getMsg HTTP/1.1" 200 27
180.169.147.146 - - [10/Aug/2021:10:16:06 +0800] "GET /xingrg/kc/report/report_main.html HTTP/1.1" 200 9370
180.169.147.146 - - [10/Aug/2021:10:16:07 +0800] "GET /xingrg/kc/base/crk_hz.html HTTP/1.1" 200 11247
180.169.147.146 - - [10/Aug/2021:10:16:07 +0800] "GET /xingrg/javascript/step/step.css HTTP/1.1" 200 999
180.169.147.146 - - [10/Aug/2021:10:16:07 +0800] "GET /xingrg/css/table.css HTTP/1.1" 200 3684
180.169.147.146 - - [10/Aug/2021:10:16:07 +0800] "POST /xingrg/kc/cost/cost_operate.html?command=get_base_tree HTTP/1.1" 200 863
180.169.147.146 - - [10/Aug/2021:10:16:07 +0800] "POST /xingrg/all/common/load_tree.html?tree=materiel_sort_tree_json HTTP/1.1" 200 8666
180.169.147.146 - - [10/Aug/2021:10:16:07 +0800] "GET /xingrg/images/control/ajaxLoader.gif HTTP/1.1" 200 4659
180.169.147.146 - - [10/Aug/2021:10:16:07 +0800] "GET /xingrg/javascript/jquery_easy_ui/themes/icons/search.png HTTP/1.1" 200 813
180.169.147.146 - - [10/Aug/2021:10:16:07 +0800] "GET /xingrg/javascript/jquery_easy_ui/themes/default/images/calendar_prevmonth.gif HTTP/1.1" 200 66
180.169.147.146 - - [10/Aug/2021:10:16:07 +0800] "GET /xingrg/javascript/jquery_easy_ui/themes/default/images/button_span_bg.gif HTTP/1.1" 200 2061
180.169.147.146 - - [10/Aug/2021:10:16:07 +0800] "GET /xingrg/javascript/jquery_easy_ui/themes/default/images/calendar_nextmonth.gif HTTP/1.1" 200 64
180.169.147.146 - - [10/Aug/2021:10:16:07 +0800] "GET /xingrg/javascript/jquery_easy_ui/themes/default/images/calendar_prevyear.gif HTTP/1.1" 200 76
180.169.147.146 - - [10/Aug/2021:10:16:07 +0800] "GET /xingrg/javascript/jquery_easy_ui/themes/default/images/calendar_nextyear.gif HTTP/1.1" 200 75
180.169.147.146 - - [10/Aug/2021:10:16:09 +0800] "GET /xingrg/kc/cost/cost_list.html HTTP/1.1" 200 6093
180.169.147.146 - - [10/Aug/2021:10:16:09 +0800] "GET /xingrg/dwr/interface/AjaxReportQueryService.js HTTP/1.1" 200 13203
180.169.147.146 - - [10/Aug/2021:10:16:09 +0800] "GET /xingrg/dwr/engine.js HTTP/1.1" 200 43631
180.169.147.146 - - [10/Aug/2021:10:16:09 +0800] "GET /xingrg/javascript/jquery_easy_ui/themes/icons/edit_add.png HTTP/1.1" 200 1088
180.169.147.146 - - [10/Aug/2021:10:16:09 +0800] "GET /xingrg/javascript/jquery_easy_ui/themes/icons/edit_remove.png HTTP/1.1" 200 625
180.169.147.146 - - [10/Aug/2021:10:16:09 +0800] "GET /xingrg/javascript/jquery_easy_ui/themes/default/images/datagrid_header_bg.gif HTTP/1.1" 200 97
180.169.147.146 - - [10/Aug/2021:10:16:09 +0800] "GET /xingrg/javascript/jquery_easy_ui/themes/default/images/pagination_loading.gif HTTP/1.1" 200 1737
180.169.147.146 - - [10/Aug/2021:10:16:09 +0800] "GET /xingrg/kc/cost/cost_operate.html?_=1628561768050&command=load_cost_list HTTP/1.1" 200 5698
180.169.147.146 - - [10/Aug/2021:10:16:11 +0800] "GET /xingrg/kc/cost/cost_page.html HTTP/1.1" 200 4088
180.169.147.146 - - [10/Aug/2021:10:16:11 +0800] "GET /xingrg/dwr/interface/AjaxReportQueryService.js HTTP/1.1" 200 13203
180.169.147.146 - - [10/Aug/2021:10:16:11 +0800] "GET /xingrg/dwr/engine.js HTTP/1.1" 200 43631
180.169.147.146 - - [10/Aug/2021:10:16:13 +0800] "POST /xingrg/kc/cost/cost_operate.html HTTP/1.1" 200 4
222.70.246.151 - - [10/Aug/2021:10:16:13 +0800] "GET /xingrg/all/function/internal_message.html?_=1628561778095&CODE_STATE=getMsg HTTP/1.1" 200 27
180.169.147.146 - - [10/Aug/2021:10:16:14 +0800] "GET /xingrg/kc/cost/cost_page.html HTTP/1.1" 200 4367
180.169.147.146 - - [10/Aug/2021:10:16:14 +0800] "GET /xingrg/css/blue.css HTTP/1.1" 304 -
180.169.147.146 - - [10/Aug/2021:10:16:14 +0800] "GET /xingrg/javascript/jquery_easy_ui/themes/default/easyui.css HTTP/1.1" 304 -
180.169.147.146 - - [10/Aug/2021:10:16:14 +0800] "GET /xingrg/javascript/jquery_easy_ui/themes/icon.css HTTP/1.1" 304 -
180.169.147.146 - - [10/Aug/2021:10:16:14 +0800] "GET /xingrg/javascript/step/step.css HTTP/1.1" 304 -
180.169.147.146 - - [10/Aug/2021:10:16:14 +0800] "GET /xingrg/css/table.css HTTP/1.1" 304 -
180.169.147.146 - - [10/Aug/2021:10:16:14 +0800] "GET /xingrg/dwr/interface/AjaxReportQueryService.js HTTP/1.1" 200 13203
180.169.147.146 - - [10/Aug/2021:10:16:14 +0800] "GET /xingrg/dwr/engine.js HTTP/1.1" 200 43631
180.169.147.146 - - [10/Aug/2021:10:16:14 +0800] "GET /xingrg/dwr/util.js HTTP/1.1" 304 -
180.169.147.146 - - [10/Aug/2021:10:16:14 +0800] "GET /xingrg/javascript/jquery-1.4.2.min.js HTTP/1.1" 304 -
180.169.147.146 - - [10/Aug/2021:10:16:14 +0800] "GET /xingrg/javascript/jquery_easy_ui/jquery.easyui.min.js HTTP/1.1" 304 -
180.169.147.146 - - [10/Aug/2021:10:16:14 +0800] "GET /xingrg/javascript/jquery_easy_ui/easyui-lang-zh_CN.js HTTP/1.1" 304 -
180.169.147.146 - - [10/Aug/2021:10:16:14 +0800] "GET /xingrg/javascript/jquery.utils.js HTTP/1.1" 304 -
180.169.147.146 - - [10/Aug/2021:10:16:14 +0800] "GET /xingrg/images/control/ajaxLoader.gif HTTP/1.1" 304 -
116.238.194.18 - - [10/Aug/2021:10:16:19 +0800] "GET /xingrg/all/function/internal_message.html?_=1628561776515&CODE_STATE=getMsg HTTP/1.1" 200 27
116.235.222.38 - - [10/Aug/2021:10:16:19 +0800] "GET /xingrg/all/function/internal_message.html?_=1628561777668&CODE_STATE=getMsg HTTP/1.1" 200 27
58.40.7.146 - - [10/Aug/2021:10:16:24 +0800] "GET /xingrg/all/function/internal_message.html?_=1628561782541&CODE_STATE=getMsg HTTP/1.1" 200 27
180.169.147.146 - - [10/Aug/2021:10:16:29 +0800] "POST /xingrg/kc/cost/cost_operate.html HTTP/1.1" 200 4
58.40.7.146 - - [10/Aug/2021:10:16:30 +0800] "GET /xingrg/all/function/internal_message.html?_=1628561789010&CODE_STATE=getMsg HTTP/1.1" 302 -
58.37.4.159 - - [10/Aug/2021:10:16:30 +0800] "GET /xingrg/all/function/internal_message.html?_=1628561789743&CODE_STATE=getMsg HTTP/1.1" 200 27
180.97.118.221 - - [10/Aug/2021:10:16:32 +0800] "GET /xingrg/all/function/internal_message.html?_=1628561729769&CODE_STATE=getMsg HTTP/1.1" 302 -
58.37.4.159 - - [10/Aug/2021:10:16:33 +0800] "GET /xingrg/kc/buy/cgsh_order_operate.html?command=get_materiel&rest_code=00106&code=00101003003&supplier_code=00100094&order_time=2021-08-10 HTTP/1.1" 200 416
114.88.154.248 - - [10/Aug/2021:10:16:34 +0800] "GET /xingrg/all/function/internal_message.html?_=1628561699720&CODE_STATE=getMsg HTTP/1.1" 200 27
114.88.154.248 - - [10/Aug/2021:10:16:34 +0800] "GET /xingrg/check_reg.html?_=1628561699721 HTTP/1.1" 200 22
180.97.118.221 - - [10/Aug/2021:10:16:34 +0800] "GET /xingrg/login.html HTTP/1.1" 200 7641
116.238.194.18 - - [10/Aug/2021:10:16:36 +0800] "GET /xingrg/all/function/internal_message.html?_=1628561744642&CODE_STATE=getMsg HTTP/1.1" 200 27
116.235.222.38 - - [10/Aug/2021:10:16:37 +0800] "GET /xingrg/kc/buy/cgsh_order_operate.html?command=get_materiel&rest_code=00107&code=00101001044&supplier_code=00100319&order_time=2021-08-10 HTTP/1.1" 200 411
180.169.147.146 - - [10/Aug/2021:10:16:43 +0800] "GET /xingrg/kc/cost/cost_page.html HTTP/1.1" 200 4088
180.169.147.146 - - [10/Aug/2021:10:16:43 +0800] "GET /xingrg/all/function/internal_message.html?_=1628561802349&CODE_STATE=getMsg HTTP/1.1" 200 27
180.169.147.146 - - [10/Aug/2021:10:16:43 +0800] "GET /xingrg/css/blue.css HTTP/1.1" 304 -
180.169.147.146 - - [10/Aug/2021:10:16:43 +0800] "GET /xingrg/javascript/jquery_easy_ui/themes/default/easyui.css HTTP/1.1" 304 -
180.169.147.146 - - [10/Aug/2021:10:16:43 +0800] "GET /xingrg/javascript/jquery_easy_ui/themes/icon.css HTTP/1.1" 304 -
180.169.147.146 - - [10/Aug/2021:10:16:44 +0800] "GET /xingrg/javascript/step/step.css HTTP/1.1" 304 -
180.169.147.146 - - [10/Aug/2021:10:16:44 +0800] "GET /xingrg/css/table.css HTTP/1.1" 304 -
180.169.147.146 - - [10/Aug/2021:10:16:44 +0800] "GET /xingrg/dwr/interface/AjaxReportQueryService.js HTTP/1.1" 200 13203
180.169.147.146 - - [10/Aug/2021:10:16:44 +0800] "GET /xingrg/dwr/engine.js HTTP/1.1" 200 43631
180.169.147.146 - - [10/Aug/2021:10:16:44 +0800] "GET /xingrg/dwr/util.js HTTP/1.1" 304 -
180.169.147.146 - - [10/Aug/2021:10:16:44 +0800] "GET /xingrg/javascript/jquery-1.4.2.min.js HTTP/1.1" 304 -
180.169.147.146 - - [10/Aug/2021:10:16:44 +0800] "GET /xingrg/javascript/jquery_easy_ui/jquery.easyui.min.js HTTP/1.1" 304 -
180.169.147.146 - - [10/Aug/2021:10:16:44 +0800] "GET /xingrg/javascript/jquery_easy_ui/easyui-lang-zh_CN.js HTTP/1.1" 304 -
180.169.147.146 - - [10/Aug/2021:10:16:44 +0800] "GET /xingrg/javascript/jquery.utils.js HTTP/1.1" 304 -
180.169.147.146 - - [10/Aug/2021:10:16:44 +0800] "GET /xingrg/images/control/ajaxLoader.gif HTTP/1.1" 304 -
101.83.145.79 - - [10/Aug/2021:10:16:45 +0800] "GET /xingrg/check_reg.html?_=1628561762116 HTTP/1.1" 200 22
101.83.145.79 - - [10/Aug/2021:10:16:45 +0800] "GET /xingrg/all/function/internal_message.html?_=1628561762119&CODE_STATE=getMsg HTTP/1.1" 200 27
180.169.147.146 - - [10/Aug/2021:10:16:46 +0800] "POST /xingrg/kc/cost/cost_operate.html HTTP/1.1" 200 4
58.37.4.159 - - [10/Aug/2021:10:16:46 +0800] "GET /xingrg/all/function/internal_message.html?_=1628561805390&CODE_STATE=getMsg HTTP/1.1" 200 27
180.169.147.146 - - [10/Aug/2021:10:16:47 +0800] "GET /xingrg/kc/cost/cost_page.html HTTP/1.1" 200 4367
180.169.147.146 - - [10/Aug/2021:10:16:47 +0800] "GET /xingrg/css/blue.css HTTP/1.1" 304 -
180.169.147.146 - - [10/Aug/2021:10:16:47 +0800] "GET /xingrg/javascript/jquery_easy_ui/themes/default/easyui.css HTTP/1.1" 304 -
180.169.147.146 - - [10/Aug/2021:10:16:47 +0800] "GET /xingrg/javascript/jquery_easy_ui/themes/icon.css HTTP/1.1" 304 -
180.169.147.146 - - [10/Aug/2021:10:16:47 +0800] "GET /xingrg/javascript/step/step.css HTTP/1.1" 304 -
180.169.147.146 - - [10/Aug/2021:10:16:47 +0800] "GET /xingrg/css/table.css HTTP/1.1" 304 -
180.169.147.146 - - [10/Aug/2021:10:16:47 +0800] "GET /xingrg/dwr/interface/AjaxReportQueryService.js HTTP/1.1" 200 13203
180.169.147.146 - - [10/Aug/2021:10:16:47 +0800] "GET /xingrg/dwr/engine.js HTTP/1.1" 200 43631
180.169.147.146 - - [10/Aug/2021:10:16:47 +0800] "GET /xingrg/dwr/util.js HTTP/1.1" 304 -
180.169.147.146 - - [10/Aug/2021:10:16:47 +0800] "GET /xingrg/javascript/jquery-1.4.2.min.js HTTP/1.1" 304 -
180.169.147.146 - - [10/Aug/2021:10:16:47 +0800] "GET /xingrg/javascript/jquery_easy_ui/jquery.easyui.min.js HTTP/1.1" 304 -
180.169.147.146 - - [10/Aug/2021:10:16:47 +0800] "GET /xingrg/javascript/jquery_easy_ui/easyui-lang-zh_CN.js HTTP/1.1" 304 -
180.169.147.146 - - [10/Aug/2021:10:16:47 +0800] "GET /xingrg/javascript/jquery.utils.js HTTP/1.1" 304 -
180.169.147.146 - - [10/Aug/2021:10:16:47 +0800] "GET /xingrg/images/control/ajaxLoader.gif HTTP/1.1" 304 -
117.184.7.26 - - [10/Aug/2021:10:16:52 +0800] "POST /xingrg/services/DataTransmitService HTTP/1.1" 200 524
222.70.246.151 - - [10/Aug/2021:10:16:53 +0800] "GET /favicon.ico HTTP/1.1" 404 -
58.37.4.159 - - [10/Aug/2021:10:16:53 +0800] "POST /xingrg/kc/buy/cgsh_order_operate.html HTTP/1.1" 200 37
116.233.77.65 - - [10/Aug/2021:10:16:55 +0800] "GET /xingrg/all/function/internal_message.html?_=1628561815880&CODE_STATE=getMsg HTTP/1.1" 200 27
116.235.222.38 - - [10/Aug/2021:10:16:55 +0800] "POST /xingrg/kc/buy/cgsh_order_operate.html HTTP/1.1" 200 37
101.83.145.79 - - [10/Aug/2021:10:16:56 +0800] "GET /xingrg/all/function/internal_message.html?_=1628561815984&CODE_STATE=getMsg HTTP/1.1" 200 27
172.20.0.100 - - [10/Aug/2021:10:16:56 +0800] "GET /xingrg/all/function/internal_message.html?_=1628561813798&CODE_STATE=getMsg HTTP/1.1" 302 -
180.169.147.146 - - [10/Aug/2021:10:16:56 +0800] "POST /xingrg/kc/cost/cost_operate.html HTTP/1.1" 200 4
180.169.147.146 - - [10/Aug/2021:10:16:58 +0800] "GET /xingrg/kc/cost/cost_page.html HTTP/1.1" 200 4088
180.169.147.146 - - [10/Aug/2021:10:16:58 +0800] "GET /xingrg/css/blue.css HTTP/1.1" 304 -
180.169.147.146 - - [10/Aug/2021:10:16:58 +0800] "GET /xingrg/javascript/jquery_easy_ui/themes/default/easyui.css HTTP/1.1" 304 -
180.169.147.146 - - [10/Aug/2021:10:16:58 +0800] "GET /xingrg/javascript/jquery_easy_ui/themes/icon.css HTTP/1.1" 304 -
180.169.147.146 - - [10/Aug/2021:10:16:58 +0800] "GET /xingrg/javascript/step/step.css HTTP/1.1" 304 -
180.169.147.146 - - [10/Aug/2021:10:16:58 +0800] "GET /xingrg/css/table.css HTTP/1.1" 304 -
180.169.147.146 - - [10/Aug/2021:10:16:58 +0800] "GET /xingrg/dwr/interface/AjaxReportQueryService.js HTTP/1.1" 200 13203
180.169.147.146 - - [10/Aug/2021:10:16:58 +0800] "GET /xingrg/dwr/engine.js HTTP/1.1" 200 43631
180.169.147.146 - - [10/Aug/2021:10:16:58 +0800] "GET /xingrg/dwr/util.js HTTP/1.1" 304 -
180.169.147.146 - - [10/Aug/2021:10:16:58 +0800] "GET /xingrg/javascript/jquery-1.4.2.min.js HTTP/1.1" 304 -
180.169.147.146 - - [10/Aug/2021:10:16:58 +0800] "GET /xingrg/javascript/jquery_easy_ui/jquery.easyui.min.js HTTP/1.1" 304 -
180.169.147.146 - - [10/Aug/2021:10:16:58 +0800] "GET /xingrg/javascript/jquery_easy_ui/easyui-lang-zh_CN.js HTTP/1.1" 304 -
180.169.147.146 - - [10/Aug/2021:10:16:58 +0800] "GET /xingrg/javascript/jquery.utils.js HTTP/1.1" 304 -
180.169.147.146 - - [10/Aug/2021:10:16:58 +0800] "GET /xingrg/images/control/ajaxLoader.gif HTTP/1.1" 304 -
114.84.82.184 - - [10/Aug/2021:10:16:58 +0800] "GET /xingrg/all/function/internal_message.html?_=1628561817446&CODE_STATE=getMsg HTTP/1.1" 200 27
116.235.222.38 - - [10/Aug/2021:10:16:59 +0800] "POST /xingrg/kc/buy/cgsh_order_operate.html HTTP/1.1" 200 3855
58.37.4.159 - - [10/Aug/2021:10:16:59 +0800] "POST /xingrg/kc/buy/cgsh_order_operate.html HTTP/1.1" 200 12
58.37.4.159 - - [10/Aug/2021:10:17:00 +0800] "GET /xingrg/kc/buy/cgsh_order_info.html?code=212021081004367 HTTP/1.1" 200 58052
58.37.4.159 - - [10/Aug/2021:10:17:01 +0800] "GET /xingrg/javascript/easyui/themes/default/validatebox.css HTTP/1.1" 404 1104
58.37.4.159 - - [10/Aug/2021:10:17:01 +0800] "POST /xingrg/kc/buy/cgsh_order_operate.html HTTP/1.1" 200 1218
222.70.178.182 - - [10/Aug/2021:10:17:02 +0800] "GET /xingrg/all/function/internal_message.html?_=1628561819015&CODE_STATE=getMsg HTTP/1.1" 200 27
116.235.222.38 - - [10/Aug/2021:10:17:03 +0800] "GET /xingrg/kc/print/load_data.html?order_code=212021081004368&kc_code=cgsh&condition= HTTP/1.1" 200 1137
116.230.110.80 - - [10/Aug/2021:10:17:03 +0800] "GET /xingrg/check_reg.html?_=1628561820149 HTTP/1.1" 200 22
116.230.110.80 - - [10/Aug/2021:10:17:03 +0800] "GET /xingrg/all/function/internal_message.html?_=1628561820154&CODE_STATE=getMsg HTTP/1.1" 200 27
180.169.147.146 - - [10/Aug/2021:10:17:03 +0800] "GET /xingrg/kc/report/report_main.html HTTP/1.1" 200 9370
180.169.147.146 - - [10/Aug/2021:10:17:04 +0800] "GET /xingrg/kc/base/crk_hz.html HTTP/1.1" 200 11247
180.169.147.146 - - [10/Aug/2021:10:17:04 +0800] "POST /xingrg/kc/cost/cost_operate.html?command=get_base_tree HTTP/1.1" 200 863
180.169.147.146 - - [10/Aug/2021:10:17:04 +0800] "POST /xingrg/all/common/load_tree.html?tree=materiel_sort_tree_json HTTP/1.1" 200 8666
58.37.4.159 - - [10/Aug/2021:10:17:05 +0800] "GET /xingrg/kc/print/load_data.html?order_code=212021081004367&kc_code=cgsh&condition= HTTP/1.1" 200 1028
180.169.147.146 - - [10/Aug/2021:10:17:06 +0800] "GET /xingrg/all/common/get_data_part.html?part=previousMonth&_=1628561824995 HTTP/1.1" 200 41
180.169.147.146 - - [10/Aug/2021:10:17:07 +0800] "GET /xingrg/kc/base/crk_hz.html?_=1628561825695&command=get_cost_id&end_date=2021-07-31&start_date=2021-07-01 HTTP/1.1" 200 51
180.169.147.146 - - [10/Aug/2021:10:17:07 +0800] "GET /xingrg/all/report/report_query.html?isQuery=1&onlyBody=1&rh=99999&rw=1800&varString=start:20210701,cost_id:3270,mid:20210701&fileName=kc/base/crk_hz_type_by_base.xml&queryString=&queryText=ÈÕÆÚ£º2021-07-01ÖÁ2021-07-31&tableQueryString=materiel_table$sp1$$sp$before_table$sp1$$sp$crk_table$sp1$order_day%20between%2020210701%20and%2020210731 HTTP/1.1" 200 49363
180.169.147.146 - - [10/Aug/2021:10:17:07 +0800] "GET /xingrg/dwr/interface/AjaxReportQueryService.js HTTP/1.1" 200 13203
180.169.147.146 - - [10/Aug/2021:10:17:07 +0800] "GET /xingrg/dwr/engine.js HTTP/1.1" 200 43631
180.169.147.146 - - [10/Aug/2021:10:17:08 +0800] "POST /xingrg/all/report/load_report_page.html HTTP/1.1" 200 358624
180.169.147.146 - - [10/Aug/2021:10:17:08 +0800] "GET /xingrg/servlets/image?cache=0.34598004600012366&image=px HTTP/1.1" 200 807
222.70.246.151 - - [10/Aug/2021:10:17:11 +0800] "GET /xingrg/check_reg.html?_=1628561836111 HTTP/1.1" 200 22
222.70.246.151 - - [10/Aug/2021:10:17:13 +0800] "GET /xingrg/all/function/internal_message.html?_=1628561838108&CODE_STATE=getMsg HTTP/1.1" 200 27
58.37.4.159 - - [10/Aug/2021:10:17:14 +0800] "GET /xingrg/kc/buy/cgsh_order_add.html HTTP/1.1" 200 63143
58.37.4.159 - - [10/Aug/2021:10:17:14 +0800] "POST /xingrg/kc/buy/cgsh_order_operate.html HTTP/1.1" 200 8245
58.37.4.159 - - [10/Aug/2021:10:17:14 +0800] "GET /xingrg/javascript/easyui/themes/default/validatebox.css HTTP/1.1" 404 1104
116.238.194.18 - - [10/Aug/2021:10:17:15 +0800] "GET /xingrg/kc/buy/cgsh_order_add.html HTTP/1.1" 200 63067
116.238.194.18 - - [10/Aug/2021:10:17:15 +0800] "POST /xingrg/kc/buy/cgsh_order_operate.html HTTP/1.1" 200 8245
58.37.4.159 - - [10/Aug/2021:10:17:16 +0800] "GET /xingrg/javascript/easyui/themes/default/tree.css HTTP/1.1" 404 1090
58.37.4.159 - - [10/Aug/2021:10:17:16 +0800] "POST /xingrg/all/common/load_tree.html?tree=supplier_tree_json&isDelete=1 HTTP/1.1" 200 57192
116.235.222.38 - - [10/Aug/2021:10:17:16 +0800] "GET /xingrg/kc/buy/cgsh_order_add.html HTTP/1.1" 200 63231
116.235.222.38 - - [10/Aug/2021:10:17:18 +0800] "GET /xingrg/javascript/easyui/themes/default/validatebox.css HTTP/1.1" 404 1104
116.235.222.38 - - [10/Aug/2021:10:17:18 +0800] "POST /xingrg/kc/buy/cgsh_order_operate.html HTTP/1.1" 200 8245
116.238.194.18 - - [10/Aug/2021:10:17:18 +0800] "GET /xingrg/javascript/easyui/themes/default/validatebox.css HTTP/1.1" 404 1104
116.238.194.18 - - [10/Aug/2021:10:17:19 +0800] "GET /xingrg/all/function/internal_message.html?_=1628561836523&CODE_STATE=getMsg HTTP/1.1" 200 27
116.235.222.38 - - [10/Aug/2021:10:17:19 +0800] "GET /xingrg/all/function/internal_message.html?_=1628561837639&CODE_STATE=getMsg HTTP/1.1" 200 27
116.235.222.38 - - [10/Aug/2021:10:17:19 +0800] "GET /xingrg/check_reg.html?_=1628561837744 HTTP/1.1" 200 22
58.40.7.146 - - [10/Aug/2021:10:17:24 +0800] "GET /xingrg/all/function/internal_message.html?_=1628561842546&CODE_STATE=getMsg HTTP/1.1" 200 27
58.40.7.146 - - [10/Aug/2021:10:17:30 +0800] "GET /xingrg/all/function/internal_message.html?_=1628561849013&CODE_STATE=getMsg HTTP/1.1" 302 -
58.37.4.159 - - [10/Aug/2021:10:17:30 +0800] "GET /xingrg/all/function/internal_message.html?_=1628561849724&CODE_STATE=getMsg HTTP/1.1" 200 27
114.88.154.248 - - [10/Aug/2021:10:17:34 +0800] "GET /xingrg/all/function/internal_message.html?_=1628561759720&CODE_STATE=getMsg HTTP/1.1" 200 27
116.238.194.18 - - [10/Aug/2021:10:17:36 +0800] "GET /xingrg/check_reg.html?_=1628561804098 HTTP/1.1" 200 22
116.238.194.18 - - [10/Aug/2021:10:17:36 +0800] "GET /xingrg/all/function/internal_message.html?_=1628561804656&CODE_STATE=getMsg HTTP/1.1" 200 27
58.37.4.159 - - [10/Aug/2021:10:17:43 +0800] "GET /xingrg/kc/buy/cgsh_order_operate.html?command=get_materiel&rest_code=00106&code=00101010607&supplier_code=00100404&order_time=2021-08-10 HTTP/1.1" 200 405
180.169.147.146 - - [10/Aug/2021:10:17:43 +0800] "GET /xingrg/all/function/internal_message.html?_=1628561862349&CODE_STATE=getMsg HTTP/1.1" 200 27
101.83.145.79 - - [10/Aug/2021:10:17:45 +0800] "GET /xingrg/all/function/internal_message.html?_=1628561822130&CODE_STATE=getMsg HTTP/1.1" 200 27
58.37.4.159 - - [10/Aug/2021:10:17:46 +0800] "GET /xingrg/all/function/internal_message.html?_=1628561865388&CODE_STATE=getMsg HTTP/1.1" 200 27
116.235.222.38 - - [10/Aug/2021:10:17:50 +0800] "GET /xingrg/javascript/easyui/themes/default/tree.css HTTP/1.1" 404 1090
116.235.222.38 - - [10/Aug/2021:10:17:50 +0800] "POST /xingrg/all/common/load_tree.html?tree=supplier_tree_json&isDelete=1 HTTP/1.1" 200 57192
116.233.77.65 - - [10/Aug/2021:10:17:55 +0800] "GET /xingrg/all/function/internal_message.html?_=1628561875895&CODE_STATE=getMsg HTTP/1.1" 200 27
101.83.145.79 - - [10/Aug/2021:10:17:56 +0800] "GET /xingrg/all/function/internal_message.html?_=1628561875985&CODE_STATE=getMsg HTTP/1.1" 200 27
172.20.0.100 - - [10/Aug/2021:10:17:56 +0800] "GET /xingrg/check_reg.html?_=1628561873785 HTTP/1.1" 302 -
172.20.0.100 - - [10/Aug/2021:10:17:56 +0800] "GET /xingrg/all/function/internal_message.html?_=1628561873787&CODE_STATE=getMsg HTTP/1.1" 302 -
114.84.82.184 - - [10/Aug/2021:10:17:58 +0800] "GET /xingrg/all/function/internal_message.html?_=1628561877440&CODE_STATE=getMsg HTTP/1.1" 200 27
114.84.82.184 - - [10/Aug/2021:10:17:58 +0800] "GET /xingrg/check_reg.html?_=1628561877444 HTTP/1.1" 200 22
58.37.4.159 - - [10/Aug/2021:10:18:00 +0800] "POST /xingrg/kc/buy/cgsh_order_operate.html HTTP/1.1" 200 37
222.70.178.182 - - [10/Aug/2021:10:18:02 +0800] "GET /xingrg/all/function/internal_message.html?_=1628561879015&CODE_STATE=getMsg HTTP/1.1" 200 27
116.238.194.18 - - [10/Aug/2021:10:18:02 +0800] "POST /xingrg/all/user/operate.html HTTP/1.1" 200 36
116.238.194.18 - - [10/Aug/2021:10:18:02 +0800] "GET /xingrg/javascript/jquery_easy_ui/themes/default/easyui.css HTTP/1.1" 304 -
116.238.194.18 - - [10/Aug/2021:10:18:02 +0800] "GET /xingrg/index.html?sysBaseUrl=http%3A%2F%2F180.169.147.146%3A18081%2Fxingrg%2F&costTime=42×tamp=1628556840862 HTTP/1.1" 200 17177
116.238.194.18 - - [10/Aug/2021:10:18:02 +0800] "GET /xingrg/javascript/jquery_easy_ui/themes/icon.css HTTP/1.1" 304 -
116.238.194.18 - - [10/Aug/2021:10:18:02 +0800] "GET /xingrg/css/form.css HTTP/1.1" 304 -
116.238.194.18 - - [10/Aug/2021:10:18:02 +0800] "GET /xingrg/javascript/jquery-1.4.2.min.js HTTP/1.1" 304 -
116.238.194.18 - - [10/Aug/2021:10:18:02 +0800] "GET /xingrg/javascript/jquery_easy_ui/jquery.easyui.min.js HTTP/1.1" 304 -
116.238.194.18 - - [10/Aug/2021:10:18:02 +0800] "GET /xingrg/javascript/jquery_easy_ui/easyui-lang-zh_CN.js HTTP/1.1" 304 -
116.238.194.18 - - [10/Aug/2021:10:18:02 +0800] "GET /xingrg/javascript/jquery.form.js HTTP/1.1" 304 -
116.238.194.18 - - [10/Aug/2021:10:18:02 +0800] "GET /xingrg/javascript/jquery.utils.js HTTP/1.1" 304 -
116.238.194.18 - - [10/Aug/2021:10:18:02 +0800] "GET /xingrg/javascript/jquery.timers.js HTTP/1.1" 304 -
116.238.194.18 - - [10/Aug/2021:10:18:02 +0800] "GET /xingrg/images/blue/jxLogo.png HTTP/1.1" 304 -
116.238.194.18 - - [10/Aug/2021:10:18:02 +0800] "GET /xingrg/images/blue/navBackgound.jpg HTTP/1.1" 304 -
116.238.194.18 - - [10/Aug/2021:10:18:02 +0800] "GET /xingrg/javascript/jquery_easy_ui/themes/icons/settle_new.png HTTP/1.1" 304 -
116.238.194.18 - - [10/Aug/2021:10:18:02 +0800] "POST /xingrg/all/common/load_tree.html?tree=area_rest_tree_json&manage=1 HTTP/1.1" 200 476
116.238.194.18 - - [10/Aug/2021:10:18:03 +0800] "GET /xingrg/all/function/internal_message.html?_=1628561880332&CODE_STATE=count HTTP/1.1" 200 11
116.238.194.18 - - [10/Aug/2021:10:18:03 +0800] "GET /xingrg/check_reg.html?_=1628561880334 HTTP/1.1" 200 22
116.238.194.18 - - [10/Aug/2021:10:18:03 +0800] "GET /xingrg/javascript/jquery_easy_ui/themes/default/images/tabs_leftarrow.png HTTP/1.1" 304 -
116.238.194.18 - - [10/Aug/2021:10:18:03 +0800] "GET /xingrg/images/blue/pingpu.png HTTP/1.1" 304 -
116.238.194.18 - - [10/Aug/2021:10:18:03 +0800] "GET /xingrg/javascript/jquery_easy_ui/themes/default/images/panel_tool_collapse.gif HTTP/1.1" 304 -
116.238.194.18 - - [10/Aug/2021:10:18:03 +0800] "GET /xingrg/javascript/jquery_easy_ui/themes/default/images/tabs_rightarrow.png HTTP/1.1" 304 -
116.238.194.18 - - [10/Aug/2021:10:18:03 +0800] "POST /xingrg/load_menu.html HTTP/1.1" 200 5138
116.230.110.80 - - [10/Aug/2021:10:18:03 +0800] "GET /xingrg/all/function/internal_message.html?_=1628561880171&CODE_STATE=getMsg HTTP/1.1" 200 27
58.37.4.159 - - [10/Aug/2021:10:18:04 +0800] "POST /xingrg/kc/buy/cgsh_order_operate.html HTTP/1.1" 200 12
116.238.194.18 - - [10/Aug/2021:10:18:05 +0800] "GET /xingrg/kc/buy/cgsh_order_list.html HTTP/1.1" 200 47409
58.37.4.159 - - [10/Aug/2021:10:18:05 +0800] "GET /xingrg/kc/buy/cgsh_order_info.html?code=212021081004369 HTTP/1.1" 200 58058
116.238.194.18 - - [10/Aug/2021:10:18:05 +0800] "POST /xingrg/kc/buy/cgsh_list_operate.html HTTP/1.1" 200 876
58.37.4.159 - - [10/Aug/2021:10:18:05 +0800] "GET /xingrg/javascript/easyui/themes/default/validatebox.css HTTP/1.1" 404 1104
58.37.4.159 - - [10/Aug/2021:10:18:06 +0800] "POST /xingrg/kc/buy/cgsh_order_operate.html HTTP/1.1" 200 614
116.238.194.18 - - [10/Aug/2021:10:18:06 +0800] "GET /xingrg/kc/buy/cgsh_order_list.html HTTP/1.1" 200 47411
116.238.194.18 - - [10/Aug/2021:10:18:06 +0800] "GET /xingrg/kc/buy/cgsh_order_add.html HTTP/1.1" 200 62785
116.238.194.18 - - [10/Aug/2021:10:18:07 +0800] "POST /xingrg/kc/buy/cgsh_order_operate.html HTTP/1.1" 200 8245
116.238.194.18 - - [10/Aug/2021:10:18:07 +0800] "GET /xingrg/javascript/easyui/themes/default/validatebox.css HTTP/1.1" 404 1104
116.238.194.18 - - [10/Aug/2021:10:18:07 +0800] "POST /xingrg/kc/buy/cgsh_list_operate.html HTTP/1.1" 200 876
116.238.194.18 - - [10/Aug/2021:10:18:08 +0800] "GET /xingrg/javascript/auto/indicator.gif HTTP/1.1" 404 1066
58.37.4.159 - - [10/Aug/2021:10:18:08 +0800] "GET /xingrg/kc/print/load_data.html?order_code=212021081004369&kc_code=cgsh&condition= HTTP/1.1" 200 727
116.238.194.18 - - [10/Aug/2021:10:18:09 +0800] "GET /xingrg/kc/buy/cgsh_order_add.html HTTP/1.1" 200 63079
116.238.194.18 - - [10/Aug/2021:10:18:09 +0800] "GET /xingrg/javascript/easyui/themes/default/validatebox.css HTTP/1.1" 404 1104
116.238.194.18 - - [10/Aug/2021:10:18:09 +0800] "POST /xingrg/kc/buy/cgsh_order_operate.html HTTP/1.1" 200 8245
116.238.194.18 - - [10/Aug/2021:10:18:10 +0800] "GET /xingrg/javascript/auto/indicator.gif HTTP/1.1" 404 1066
222.70.246.151 - - [10/Aug/2021:10:18:14 +0800] "GET /xingrg/all/function/internal_message.html?_=1628561898122&CODE_STATE=getMsg HTTP/1.1" 200 27
116.235.222.38 - - [10/Aug/2021:10:18:19 +0800] "GET /xingrg/kc/buy/cgsh_order_operate.html?command=get_materiel&rest_code=00107&code=00101001127&supplier_code=00100442&order_time=2021-08-10 HTTP/1.1" 200 431
116.235.222.38 - - [10/Aug/2021:10:18:19 +0800] "GET /xingrg/all/function/internal_message.html?_=1628561897671&CODE_STATE=getMsg HTTP/1.1" 200 27
116.238.194.18 - - [10/Aug/2021:10:18:21 +0800] "GET /xingrg/kc/buy/cgsh_order_operate.html?command=get_materiel&rest_code=00151&code=00101019574&supplier_code=00100329&order_time=2021-08-10 HTTP/1.1" 200 452
58.37.4.159 - - [10/Aug/2021:10:18:22 +0800] "GET /xingrg/check_reg.html?_=1628561901084 HTTP/1.1" 200 22
116.238.194.18 - - [10/Aug/2021:10:18:23 +0800] "GET /xingrg/kc/buy/cgsh_order_operate.html?command=get_materiel&rest_code=00150&code=00101012046&supplier_code=00100347&order_time=2021-08-10 HTTP/1.1" 200 417
58.40.7.146 - - [10/Aug/2021:10:18:24 +0800] "GET /xingrg/all/function/internal_message.html?_=1628561902552&CODE_STATE=getMsg HTTP/1.1" 200 27
120.253.135.82 - - [10/Aug/2021:10:18:28 +0800] "GET /xingrg/kc/pszx/mdqp_order_list.html?state=10 HTTP/1.1" 200 11874
120.253.135.82 - - [10/Aug/2021:10:18:28 +0800] "GET /xingrg/dwr/interface/AjaxReportQueryService.js HTTP/1.1" 200 13203
120.253.135.82 - - [10/Aug/2021:10:18:28 +0800] "GET /xingrg/dwr/interface/AjaxQqpsService.js HTTP/1.1" 200 16326
120.253.135.82 - - [10/Aug/2021:10:18:28 +0800] "GET /xingrg/dwr/engine.js HTTP/1.1" 200 43631
58.40.7.146 - - [10/Aug/2021:10:18:30 +0800] "GET /xingrg/all/function/internal_message.html?_=1628561909016&CODE_STATE=getMsg HTTP/1.1" 302 -
58.37.4.159 - - [10/Aug/2021:10:18:30 +0800] "GET /xingrg/all/function/internal_message.html?_=1628561909697&CODE_STATE=getMsg HTTP/1.1" 200 27
116.235.222.38 - - [10/Aug/2021:10:18:32 +0800] "POST /xingrg/kc/buy/cgsh_order_operate.html HTTP/1.1" 200 37
120.253.135.82 - - [10/Aug/2021:10:18:33 +0800] "GET /xingrg/kc/pszx/mdqp_order_list.html?state=10 HTTP/1.1" 200 11874
120.253.135.82 - - [10/Aug/2021:10:18:33 +0800] "GET /xingrg/dwr/interface/AjaxReportQueryService.js HTTP/1.1" 200 13203
120.253.135.82 - - [10/Aug/2021:10:18:33 +0800] "GET /xingrg/dwr/interface/AjaxQqpsService.js HTTP/1.1" 200 16326
120.253.135.82 - - [10/Aug/2021:10:18:33 +0800] "GET /xingrg/dwr/engine.js HTTP/1.1" 200 43631
116.238.194.18 - - [10/Aug/2021:10:18:33 +0800] "GET /xingrg/kc/buy/cgsh_order_operate.html?command=get_materiel&rest_code=00150&code=00101010200&supplier_code=00100347&order_time=2021-08-10 HTTP/1.1" 200 416
114.88.154.248 - - [10/Aug/2021:10:18:34 +0800] "GET /xingrg/all/function/internal_message.html?_=1628561819746&CODE_STATE=getMsg HTTP/1.1" 200 27
116.235.222.38 - - [10/Aug/2021:10:18:34 +0800] "POST /xingrg/kc/buy/cgsh_order_operate.html HTTP/1.1" 200 2674
114.84.82.184 - - [10/Aug/2021:10:18:35 +0800] "GET /xingrg/kc/buy/cgsh_order_operate.html?command=get_materiel&rest_code=00148&code=00101004098&supplier_code=00100090&order_time=2021-08-10 HTTP/1.1" 200 404
116.238.194.18 - - [10/Aug/2021:10:18:35 +0800] "GET /xingrg/kc/buy/cgsh_order_operate.html?command=get_materiel&rest_code=00151&code=00101016100&supplier_code=00100329&order_time=2021-08-10 HTTP/1.1" 200 412
116.235.222.38 - - [10/Aug/2021:10:18:36 +0800] "GET /xingrg/kc/print/load_data.html?order_code=212021081004370&kc_code=cgsh&condition= HTTP/1.1" 200 693
116.238.194.18 - - [10/Aug/2021:10:18:36 +0800] "GET /xingrg/all/function/internal_message.html?_=1628561864670&CODE_STATE=getMsg HTTP/1.1" 200 27
116.235.222.38 - - [10/Aug/2021:10:18:43 +0800] "GET /xingrg/kc/buy/cgsh_order_add.html HTTP/1.1" 200 63231
180.169.147.146 - - [10/Aug/2021:10:18:43 +0800] "GET /xingrg/all/function/internal_message.html?_=1628561922342&CODE_STATE=getMsg HTTP/1.1" 200 27
116.235.222.38 - - [10/Aug/2021:10:18:44 +0800] "GET /xingrg/javascript/easyui/themes/default/validatebox.css HTTP/1.1" 404 1104
116.235.222.38 - - [10/Aug/2021:10:18:44 +0800] "POST /xingrg/kc/buy/cgsh_order_operate.html HTTP/1.1" 200 8245
101.83.145.79 - - [10/Aug/2021:10:18:45 +0800] "GET /xingrg/all/function/internal_message.html?_=1628561882131&CODE_STATE=getMsg HTTP/1.1" 200 27
116.238.194.18 - - [10/Aug/2021:10:18:46 +0800] "POST /xingrg/kc/buy/cgsh_order_operate.html HTTP/1.1" 200 37
58.37.4.159 - - [10/Aug/2021:10:18:46 +0800] "GET /xingrg/check_reg.html?_=1628561925394 HTTP/1.1" 200 22
58.37.4.159 - - [10/Aug/2021:10:18:46 +0800] "GET /xingrg/all/function/internal_message.html?_=1628561925397&CODE_STATE=getMsg HTTP/1.1" 200 27
116.238.194.18 - - [10/Aug/2021:10:18:47 +0800] "GET /xingrg/kc/buy/cgsh_order_operate.html?command=get_materiel&rest_code=00150&code=00101023025&supplier_code=00100347&order_time=2021-08-10 HTTP/1.1" 200 396
116.238.194.18 - - [10/Aug/2021:10:18:49 +0800] "POST /xingrg/kc/buy/cgsh_order_operate.html HTTP/1.1" 200 12
116.238.194.18 - - [10/Aug/2021:10:18:50 +0800] "GET /xingrg/kc/buy/cgsh_order_info.html?code=212021081004371 HTTP/1.1" 200 57698
