180.169.147.146 - - [09/Aug/2021:09:26:45 +0800] "POST /xingrg/kc/buy/cgsh_list_operate.html HTTP/1.1" 200 2385
116.232.53.224 - - [09/Aug/2021:09:26:51 +0800] "POST /xingrg/dwr/call/plaincall/AjaxCheckService.setItemNumber.dwr HTTP/1.1" 200 78
222.70.178.182 - - [09/Aug/2021:09:26:53 +0800] "GET /xingrg/all/function/internal_message.html?_=1628472444262&CODE_STATE=getMsg HTTP/1.1" 302 -
180.156.224.123 - - [09/Aug/2021:09:26:53 +0800] "GET /xingrg/kc/base/wldb_order_operate.html?command=get_materiel&rest_code=00150&base_code=0010445&code=00101019074 HTTP/1.1" 200 457
116.232.53.224 - - [09/Aug/2021:09:26:53 +0800] "POST /xingrg/dwr/call/plaincall/AjaxCheckService.setItemNumber.dwr HTTP/1.1" 200 78
180.156.224.123 - - [09/Aug/2021:09:26:53 +0800] "GET /xingrg/check_reg.html?_=1628472363255 HTTP/1.1" 200 22
180.156.224.123 - - [09/Aug/2021:09:26:53 +0800] "GET /xingrg/all/function/internal_message.html?_=1628472363257&CODE_STATE=getMsg HTTP/1.1" 200 27
116.232.53.224 - - [09/Aug/2021:09:26:53 +0800] "POST /xingrg/dwr/call/plaincall/AjaxCheckService.setItemNumber.dwr HTTP/1.1" 200 78
116.232.53.224 - - [09/Aug/2021:09:26:54 +0800] "POST /xingrg/dwr/call/plaincall/AjaxCheckService.setItemNumber.dwr HTTP/1.1" 200 78
116.232.53.224 - - [09/Aug/2021:09:26:54 +0800] "POST /xingrg/dwr/call/plaincall/AjaxCheckService.setItemNumber.dwr HTTP/1.1" 200 78
116.232.53.224 - - [09/Aug/2021:09:26:54 +0800] "POST /xingrg/dwr/call/plaincall/AjaxCheckService.setItemNumber.dwr HTTP/1.1" 200 78
116.232.53.224 - - [09/Aug/2021:09:26:55 +0800] "POST /xingrg/dwr/call/plaincall/AjaxCheckService.setItemNumber.dwr HTTP/1.1" 200 78
116.232.53.224 - - [09/Aug/2021:09:26:55 +0800] "POST /xingrg/dwr/call/plaincall/AjaxCheckService.setItemNumber.dwr HTTP/1.1" 200 78
116.232.53.224 - - [09/Aug/2021:09:26:56 +0800] "POST /xingrg/dwr/call/plaincall/AjaxCheckService.setItemNumber.dwr HTTP/1.1" 200 78
116.232.53.224 - - [09/Aug/2021:09:26:56 +0800] "POST /xingrg/dwr/call/plaincall/AjaxCheckService.setItemNumber.dwr HTTP/1.1" 200 78
116.232.53.224 - - [09/Aug/2021:09:26:57 +0800] "POST /xingrg/dwr/call/plaincall/AjaxCheckService.setItemNumber.dwr HTTP/1.1" 200 78
116.232.53.224 - - [09/Aug/2021:09:26:57 +0800] "POST /xingrg/dwr/call/plaincall/AjaxCheckService.setItemNumber.dwr HTTP/1.1" 200 78
116.232.53.224 - - [09/Aug/2021:09:26:58 +0800] "POST /xingrg/dwr/call/plaincall/AjaxCheckService.setItemNumber.dwr HTTP/1.1" 200 78
116.232.53.224 - - [09/Aug/2021:09:26:58 +0800] "POST /xingrg/dwr/call/plaincall/AjaxCheckService.setItemNumber.dwr HTTP/1.1" 200 78
101.83.145.79 - - [09/Aug/2021:09:26:58 +0800] "GET /xingrg/kc/buy/cgsh_order_operate.html?command=get_materiel&rest_code=00105&code=00101006120&supplier_code=00100012&order_time=2021-08-09 HTTP/1.1" 200 429
116.232.53.224 - - [09/Aug/2021:09:26:58 +0800] "POST /xingrg/dwr/call/plaincall/AjaxCheckService.setItemNumber.dwr HTTP/1.1" 200 78
116.232.53.224 - - [09/Aug/2021:09:26:59 +0800] "POST /xingrg/dwr/call/plaincall/AjaxCheckService.setItemNumber.dwr HTTP/1.1" 200 78
116.232.53.224 - - [09/Aug/2021:09:26:59 +0800] "POST /xingrg/dwr/call/plaincall/AjaxCheckService.setItemNumber.dwr HTTP/1.1" 200 78
116.232.53.224 - - [09/Aug/2021:09:27:00 +0800] "POST /xingrg/dwr/call/plaincall/AjaxCheckService.setItemNumber.dwr HTTP/1.1" 200 78
116.232.53.224 - - [09/Aug/2021:09:27:01 +0800] "POST /xingrg/dwr/call/plaincall/AjaxCheckService.setItemNumber.dwr HTTP/1.1" 200 78
116.232.53.224 - - [09/Aug/2021:09:27:01 +0800] "POST /xingrg/dwr/call/plaincall/AjaxCheckService.setItemNumber.dwr HTTP/1.1" 200 78
116.232.53.224 - - [09/Aug/2021:09:27:02 +0800] "POST /xingrg/dwr/call/plaincall/AjaxCheckService.setItemNumber.dwr HTTP/1.1" 200 78
116.232.53.224 - - [09/Aug/2021:09:27:05 +0800] "POST /xingrg/dwr/call/plaincall/AjaxCheckService.setItemNumber.dwr HTTP/1.1" 200 78
116.230.110.80 - - [09/Aug/2021:09:27:05 +0800] "GET /xingrg/all/function/internal_message.html?_=1628472408383&CODE_STATE=getMsg HTTP/1.1" 200 27
116.232.53.224 - - [09/Aug/2021:09:27:05 +0800] "POST /xingrg/dwr/call/plaincall/AjaxCheckService.setItemNumber.dwr HTTP/1.1" 200 78
116.232.53.224 - - [09/Aug/2021:09:27:06 +0800] "POST /xingrg/dwr/call/plaincall/AjaxCheckService.setItemNumber.dwr HTTP/1.1" 200 78
116.232.53.224 - - [09/Aug/2021:09:27:06 +0800] "POST /xingrg/dwr/call/plaincall/AjaxCheckService.setItemNumber.dwr HTTP/1.1" 200 78
180.156.224.123 - - [09/Aug/2021:09:27:06 +0800] "GET /xingrg/kc/base/wldb_order_operate.html?command=get_materiel&rest_code=00150&base_code=0010445&code=00101019390 HTTP/1.1" 200 456
116.232.53.224 - - [09/Aug/2021:09:27:07 +0800] "POST /xingrg/dwr/call/plaincall/AjaxCheckService.setItemNumber.dwr HTTP/1.1" 200 78
116.232.53.224 - - [09/Aug/2021:09:27:07 +0800] "POST /xingrg/dwr/call/plaincall/AjaxCheckService.setItemNumber.dwr HTTP/1.1" 200 78
116.232.53.224 - - [09/Aug/2021:09:27:07 +0800] "POST /xingrg/dwr/call/plaincall/AjaxCheckService.setItemNumber.dwr HTTP/1.1" 200 78
116.232.53.224 - - [09/Aug/2021:09:27:08 +0800] "POST /xingrg/dwr/call/plaincall/AjaxCheckService.setItemNumber.dwr HTTP/1.1" 200 78
116.232.53.224 - - [09/Aug/2021:09:27:08 +0800] "POST /xingrg/dwr/call/plaincall/AjaxCheckService.setItemNumber.dwr HTTP/1.1" 200 78
180.156.224.123 - - [09/Aug/2021:09:27:09 +0800] "GET /xingrg/all/function/internal_message.html?_=1628472427741&CODE_STATE=getMsg HTTP/1.1" 200 27
116.232.53.224 - - [09/Aug/2021:09:27:10 +0800] "POST /xingrg/dwr/call/plaincall/AjaxCheckService.setItemNumber.dwr HTTP/1.1" 200 78
116.232.53.224 - - [09/Aug/2021:09:27:11 +0800] "POST /xingrg/dwr/call/plaincall/AjaxCheckService.setItemNumber.dwr HTTP/1.1" 200 78
116.232.53.224 - - [09/Aug/2021:09:27:12 +0800] "POST /xingrg/dwr/call/plaincall/AjaxCheckService.setItemNumber.dwr HTTP/1.1" 200 78
116.232.53.224 - - [09/Aug/2021:09:27:12 +0800] "POST /xingrg/dwr/call/plaincall/AjaxCheckService.setItemNumber.dwr HTTP/1.1" 200 78
116.232.53.224 - - [09/Aug/2021:09:27:12 +0800] "POST /xingrg/dwr/call/plaincall/AjaxCheckService.setItemNumber.dwr HTTP/1.1" 200 78
116.232.53.224 - - [09/Aug/2021:09:27:13 +0800] "POST /xingrg/dwr/call/plaincall/AjaxCheckService.setItemNumber.dwr HTTP/1.1" 200 78
116.232.53.224 - - [09/Aug/2021:09:27:13 +0800] "POST /xingrg/dwr/call/plaincall/AjaxCheckService.setItemNumber.dwr HTTP/1.1" 200 78
116.232.53.224 - - [09/Aug/2021:09:27:14 +0800] "POST /xingrg/dwr/call/plaincall/AjaxCheckService.setItemNumber.dwr HTTP/1.1" 200 78
116.232.53.224 - - [09/Aug/2021:09:27:14 +0800] "POST /xingrg/dwr/call/plaincall/AjaxCheckService.setItemNumber.dwr HTTP/1.1" 200 78
116.232.53.224 - - [09/Aug/2021:09:27:14 +0800] "POST /xingrg/dwr/call/plaincall/AjaxCheckService.setItemNumber.dwr HTTP/1.1" 200 78
116.232.53.224 - - [09/Aug/2021:09:27:15 +0800] "POST /xingrg/dwr/call/plaincall/AjaxCheckService.setItemNumber.dwr HTTP/1.1" 200 78
116.232.53.224 - - [09/Aug/2021:09:27:16 +0800] "POST /xingrg/dwr/call/plaincall/AjaxCheckService.setItemNumber.dwr HTTP/1.1" 200 78
116.232.53.224 - - [09/Aug/2021:09:27:16 +0800] "POST /xingrg/dwr/call/plaincall/AjaxCheckService.setItemNumber.dwr HTTP/1.1" 200 78
180.156.224.123 - - [09/Aug/2021:09:27:16 +0800] "GET /xingrg/kc/base/wldb_order_operate.html?command=get_materiel&rest_code=00150&base_code=0010445&code=00101019536 HTTP/1.1" 200 470
116.232.53.224 - - [09/Aug/2021:09:27:17 +0800] "POST /xingrg/dwr/call/plaincall/AjaxCheckService.setItemNumber.dwr HTTP/1.1" 200 78
116.232.53.224 - - [09/Aug/2021:09:27:17 +0800] "POST /xingrg/dwr/call/plaincall/AjaxCheckService.setItemNumber.dwr HTTP/1.1" 200 78
116.232.53.224 - - [09/Aug/2021:09:27:17 +0800] "POST /xingrg/dwr/call/plaincall/AjaxCheckService.setItemNumber.dwr HTTP/1.1" 200 78
116.232.53.224 - - [09/Aug/2021:09:27:18 +0800] "POST /xingrg/dwr/call/plaincall/AjaxCheckService.setItemNumber.dwr HTTP/1.1" 200 78
114.88.154.248 - - [09/Aug/2021:09:27:18 +0800] "GET /xingrg/all/function/internal_message.html?_=1628472343519&CODE_STATE=getMsg HTTP/1.1" 200 27
116.232.53.224 - - [09/Aug/2021:09:27:18 +0800] "POST /xingrg/dwr/call/plaincall/AjaxCheckService.setItemNumber.dwr HTTP/1.1" 200 78
101.83.145.79 - - [09/Aug/2021:09:27:20 +0800] "GET /xingrg/all/function/internal_message.html?_=1628472441030&CODE_STATE=getMsg HTTP/1.1" 200 27
180.169.147.146 - - [09/Aug/2021:09:27:22 +0800] "GET /xingrg/all/function/internal_message.html?_=1628472441652&CODE_STATE=getMsg HTTP/1.1" 200 27
180.156.224.123 - - [09/Aug/2021:09:27:24 +0800] "GET /xingrg/kc/base/wldb_order_operate.html?command=get_materiel&rest_code=00150&base_code=0010445&code=00101019438 HTTP/1.1" 200 447
101.83.145.79 - - [09/Aug/2021:09:27:26 +0800] "GET /xingrg/kc/buy/cgsh_order_operate.html?command=get_materiel&rest_code=00105&code=00101006191&supplier_code=00100012&order_time=2021-08-09 HTTP/1.1" 200 419
58.40.7.146 - - [09/Aug/2021:09:27:29 +0800] "GET /xingrg/check_reg.html?_=1628472448295 HTTP/1.1" 302 -
58.40.7.146 - - [09/Aug/2021:09:27:29 +0800] "GET /xingrg/all/function/internal_message.html?_=1628472448296&CODE_STATE=getMsg HTTP/1.1" 302 -
116.232.53.224 - - [09/Aug/2021:09:27:29 +0800] "GET /xingrg/check_reg.html?_=1628472448995 HTTP/1.1" 200 22
116.232.53.224 - - [09/Aug/2021:09:27:29 +0800] "GET /xingrg/all/function/internal_message.html?_=1628472449013&CODE_STATE=getMsg HTTP/1.1" 200 27
180.156.224.123 - - [09/Aug/2021:09:27:32 +0800] "POST /xingrg/kc/base/wldb_order_operate.html HTTP/1.1" 200 37
180.156.224.123 - - [09/Aug/2021:09:27:33 +0800] "POST /xingrg/kc/base/wldb_order_operate.html HTTP/1.1" 200 12
180.156.224.123 - - [09/Aug/2021:09:27:33 +0800] "POST /xingrg/kc/base/wldb_order_operate.html HTTP/1.1" 200 4734
222.70.246.151 - - [09/Aug/2021:09:27:35 +0800] "GET /xingrg/all/function/internal_message.html?_=1628472455729&CODE_STATE=getMsg HTTP/1.1" 200 27
222.70.178.182 - - [09/Aug/2021:09:27:36 +0800] "GET /xingrg/all/function/internal_message.html?_=1628472455151&CODE_STATE=getMsg HTTP/1.1" 200 27
180.156.224.123 - - [09/Aug/2021:09:27:38 +0800] "GET /xingrg/kc/base/wldb_order_info.html?code=422021080900959 HTTP/1.1" 200 26282
180.156.224.123 - - [09/Aug/2021:09:27:38 +0800] "GET /xingrg/javascript/easyui/themes/default/validatebox.css HTTP/1.1" 404 1104
180.156.224.123 - - [09/Aug/2021:09:27:38 +0800] "POST /xingrg/kc/base/wldb_order_operate.html HTTP/1.1" 200 2972
116.232.53.224 - - [09/Aug/2021:09:27:39 +0800] "POST /xingrg/dwr/call/plaincall/AjaxCheckService.setItemNumber.dwr HTTP/1.1" 200 78
116.232.53.224 - - [09/Aug/2021:09:27:40 +0800] "POST /xingrg/dwr/call/plaincall/AjaxCheckService.setItemNumber.dwr HTTP/1.1" 200 78
116.232.53.224 - - [09/Aug/2021:09:27:40 +0800] "POST /xingrg/dwr/call/plaincall/AjaxCheckService.setItemNumber.dwr HTTP/1.1" 200 78
116.232.53.224 - - [09/Aug/2021:09:27:41 +0800] "POST /xingrg/dwr/call/plaincall/AjaxCheckService.setItemNumber.dwr HTTP/1.1" 200 78
116.232.53.224 - - [09/Aug/2021:09:27:41 +0800] "POST /xingrg/dwr/call/plaincall/AjaxCheckService.setItemNumber.dwr HTTP/1.1" 200 78
116.232.53.224 - - [09/Aug/2021:09:27:41 +0800] "POST /xingrg/dwr/call/plaincall/AjaxCheckService.setItemNumber.dwr HTTP/1.1" 200 78
222.69.131.39 - - [09/Aug/2021:09:27:41 +0800] "GET /xingrg/all/function/internal_message.html?_=1628472460248&CODE_STATE=getMsg HTTP/1.1" 200 27
116.232.53.224 - - [09/Aug/2021:09:27:42 +0800] "POST /xingrg/dwr/call/plaincall/AjaxCheckService.setItemNumber.dwr HTTP/1.1" 200 78
180.156.224.123 - - [09/Aug/2021:09:27:42 +0800] "GET /xingrg/kc/base/wldb_order_add.html HTTP/1.1" 200 30403
116.232.53.224 - - [09/Aug/2021:09:27:42 +0800] "POST /xingrg/dwr/call/plaincall/AjaxCheckService.setItemNumber.dwr HTTP/1.1" 200 78
180.156.224.123 - - [09/Aug/2021:09:27:42 +0800] "POST /xingrg/kc/base/wldb_order_operate.html HTTP/1.1" 200 6806
180.156.224.123 - - [09/Aug/2021:09:27:42 +0800] "GET /xingrg/javascript/easyui/themes/default/validatebox.css HTTP/1.1" 404 1104
116.237.74.182 - - [09/Aug/2021:09:27:43 +0800] "GET /xingrg/all/function/internal_message.html?_=1628472462029&CODE_STATE=getMsg HTTP/1.1" 200 27
116.232.53.224 - - [09/Aug/2021:09:27:43 +0800] "POST /xingrg/dwr/call/plaincall/AjaxCheckService.setItemNumber.dwr HTTP/1.1" 200 78
116.232.53.224 - - [09/Aug/2021:09:27:43 +0800] "POST /xingrg/dwr/call/plaincall/AjaxCheckService.setItemNumber.dwr HTTP/1.1" 200 78
116.232.53.224 - - [09/Aug/2021:09:27:43 +0800] "POST /xingrg/dwr/call/plaincall/AjaxCheckService.setItemNumber.dwr HTTP/1.1" 200 78
116.232.53.224 - - [09/Aug/2021:09:27:44 +0800] "POST /xingrg/dwr/call/plaincall/AjaxCheckService.setItemNumber.dwr HTTP/1.1" 200 78
116.232.53.224 - - [09/Aug/2021:09:27:44 +0800] "POST /xingrg/dwr/call/plaincall/AjaxCheckService.setItemNumber.dwr HTTP/1.1" 200 78
180.169.147.146 - - [09/Aug/2021:09:27:44 +0800] "GET /xingrg/all/function/internal_message.html?_=1628472463412&CODE_STATE=getMsg HTTP/1.1" 200 27
116.232.53.224 - - [09/Aug/2021:09:27:45 +0800] "POST /xingrg/dwr/call/plaincall/AjaxCheckService.setItemNumber.dwr HTTP/1.1" 200 78
116.232.53.224 - - [09/Aug/2021:09:27:45 +0800] "POST /xingrg/dwr/call/plaincall/AjaxCheckService.setItemNumber.dwr HTTP/1.1" 200 78
116.232.53.224 - - [09/Aug/2021:09:27:46 +0800] "POST /xingrg/dwr/call/plaincall/AjaxCheckService.setItemNumber.dwr HTTP/1.1" 200 78
116.232.53.224 - - [09/Aug/2021:09:27:46 +0800] "POST /xingrg/dwr/call/plaincall/AjaxCheckService.setItemNumber.dwr HTTP/1.1" 200 78
116.232.53.224 - - [09/Aug/2021:09:27:47 +0800] "POST /xingrg/dwr/call/plaincall/AjaxCheckService.setItemNumber.dwr HTTP/1.1" 200 78
116.232.53.224 - - [09/Aug/2021:09:27:47 +0800] "POST /xingrg/dwr/call/plaincall/AjaxCheckService.setItemNumber.dwr HTTP/1.1" 200 78
116.232.53.224 - - [09/Aug/2021:09:27:48 +0800] "POST /xingrg/dwr/call/plaincall/AjaxCheckService.setItemNumber.dwr HTTP/1.1" 200 78
116.232.53.224 - - [09/Aug/2021:09:27:48 +0800] "POST /xingrg/dwr/call/plaincall/AjaxCheckService.setItemNumber.dwr HTTP/1.1" 200 78
116.232.53.224 - - [09/Aug/2021:09:27:48 +0800] "POST /xingrg/dwr/call/plaincall/AjaxCheckService.setItemNumber.dwr HTTP/1.1" 200 78
116.232.53.224 - - [09/Aug/2021:09:27:49 +0800] "POST /xingrg/dwr/call/plaincall/AjaxCheckService.setItemNumber.dwr HTTP/1.1" 200 78
116.232.53.224 - - [09/Aug/2021:09:27:49 +0800] "POST /xingrg/dwr/call/plaincall/AjaxCheckService.setItemNumber.dwr HTTP/1.1" 200 78
116.232.53.224 - - [09/Aug/2021:09:27:49 +0800] "POST /xingrg/dwr/call/plaincall/AjaxCheckService.setItemNumber.dwr HTTP/1.1" 200 78
116.232.53.224 - - [09/Aug/2021:09:27:50 +0800] "POST /xingrg/dwr/call/plaincall/AjaxCheckService.setItemNumber.dwr HTTP/1.1" 200 78
116.232.53.224 - - [09/Aug/2021:09:27:50 +0800] "POST /xingrg/dwr/call/plaincall/AjaxCheckService.setItemNumber.dwr HTTP/1.1" 200 78
116.232.53.224 - - [09/Aug/2021:09:27:51 +0800] "POST /xingrg/dwr/call/plaincall/AjaxCheckService.setItemNumber.dwr HTTP/1.1" 200 78
116.232.53.224 - - [09/Aug/2021:09:27:51 +0800] "POST /xingrg/dwr/call/plaincall/AjaxCheckService.setItemNumber.dwr HTTP/1.1" 200 78
116.232.53.224 - - [09/Aug/2021:09:27:52 +0800] "POST /xingrg/dwr/call/plaincall/AjaxCheckService.setItemNumber.dwr HTTP/1.1" 200 78
116.232.53.224 - - [09/Aug/2021:09:27:53 +0800] "POST /xingrg/dwr/call/plaincall/AjaxCheckService.setItemNumber.dwr HTTP/1.1" 200 78
222.70.178.182 - - [09/Aug/2021:09:27:53 +0800] "GET /xingrg/all/function/internal_message.html?_=1628472504262&CODE_STATE=getMsg HTTP/1.1" 302 -
180.156.224.123 - - [09/Aug/2021:09:27:53 +0800] "GET /xingrg/all/function/internal_message.html?_=1628472423260&CODE_STATE=getMsg HTTP/1.1" 200 27
116.232.53.224 - - [09/Aug/2021:09:27:53 +0800] "POST /xingrg/dwr/call/plaincall/AjaxCheckService.setItemNumber.dwr HTTP/1.1" 200 78
116.232.53.224 - - [09/Aug/2021:09:27:54 +0800] "POST /xingrg/dwr/call/plaincall/AjaxCheckService.setItemNumber.dwr HTTP/1.1" 200 78
116.232.53.224 - - [09/Aug/2021:09:27:54 +0800] "POST /xingrg/dwr/call/plaincall/AjaxCheckService.setItemNumber.dwr HTTP/1.1" 200 78
222.70.178.182 - - [09/Aug/2021:09:27:54 +0800] "GET /xingrg/kc/base/check_order_list.html?isBack=1 HTTP/1.1" 200 16302
222.70.178.182 - - [09/Aug/2021:09:27:55 +0800] "POST /xingrg/kc/base/check_list_operate.html HTTP/1.1" 200 3522
101.83.145.79 - - [09/Aug/2021:09:27:57 +0800] "GET /xingrg/kc/buy/cgsh_order_operate.html?command=get_materiel&rest_code=00105&code=00101006106&supplier_code=00100012&order_time=2021-08-09 HTTP/1.1" 200 421
180.156.224.123 - - [09/Aug/2021:09:27:58 +0800] "GET /xingrg/kc/base/wldb_order_operate.html?command=get_materiel&rest_code=00150&base_code=0010445&code=00101019133 HTTP/1.1" 200 466
222.70.178.182 - - [09/Aug/2021:09:28:00 +0800] "GET /xingrg/kc/base/check_order_info.html?code=452021080800040 HTTP/1.1" 200 26404
222.70.178.182 - - [09/Aug/2021:09:28:00 +0800] "GET /xingrg/dwr/interface/AjaxComOrderService.js HTTP/1.1" 200 18264
222.70.178.182 - - [09/Aug/2021:09:28:00 +0800] "GET /xingrg/dwr/interface/AjaxCheckService.js HTTP/1.1" 200 14003
222.70.178.182 - - [09/Aug/2021:09:28:00 +0800] "GET /xingrg/dwr/engine.js HTTP/1.1" 200 43631
222.70.178.182 - - [09/Aug/2021:09:28:00 +0800] "POST /xingrg/dwr/call/plaincall/AjaxCheckService.loadOrderItems.dwr HTTP/1.1" 200 72745
222.70.178.182 - - [09/Aug/2021:09:28:05 +0800] "POST /xingrg/dwr/call/plaincall/AjaxCheckService.setItemNumber.dwr HTTP/1.1" 200 76
116.230.110.80 - - [09/Aug/2021:09:28:05 +0800] "GET /xingrg/check_reg.html?_=1628472468375 HTTP/1.1" 200 22
116.230.110.80 - - [09/Aug/2021:09:28:05 +0800] "GET /xingrg/all/function/internal_message.html?_=1628472468379&CODE_STATE=getMsg HTTP/1.1" 200 27
180.156.224.123 - - [09/Aug/2021:09:28:05 +0800] "GET /xingrg/kc/base/wldb_order_operate.html?command=get_materiel&rest_code=00150&base_code=0010445&code=00101019127 HTTP/1.1" 200 466
222.70.178.182 - - [09/Aug/2021:09:28:06 +0800] "POST /xingrg/dwr/call/plaincall/AjaxCheckService.setItemNumber.dwr HTTP/1.1" 200 76
222.70.178.182 - - [09/Aug/2021:09:28:07 +0800] "POST /xingrg/dwr/call/plaincall/AjaxCheckService.setItemNumber.dwr HTTP/1.1" 200 76
222.70.178.182 - - [09/Aug/2021:09:28:08 +0800] "POST /xingrg/dwr/call/plaincall/AjaxCheckService.setItemNumber.dwr HTTP/1.1" 200 76
180.156.224.123 - - [09/Aug/2021:09:28:09 +0800] "GET /xingrg/check_reg.html?_=1628472487717 HTTP/1.1" 200 22
180.156.224.123 - - [09/Aug/2021:09:28:09 +0800] "GET /xingrg/all/function/internal_message.html?_=1628472487720&CODE_STATE=getMsg HTTP/1.1" 200 27
180.174.224.95 - - [09/Aug/2021:09:28:10 +0800] "GET /favicon.ico HTTP/1.1" 404 -
180.174.224.95 - - [09/Aug/2021:09:28:11 +0800] "GET /favicon.ico HTTP/1.1" 404 -
180.174.224.95 - - [09/Aug/2021:09:28:11 +0800] "GET /favicon.ico HTTP/1.1" 404 -
222.70.178.182 - - [09/Aug/2021:09:28:12 +0800] "POST /xingrg/dwr/call/plaincall/AjaxCheckService.setItemNumber.dwr HTTP/1.1" 200 76
180.174.224.95 - - [09/Aug/2021:09:28:12 +0800] "GET /favicon.ico HTTP/1.1" 404 -
116.232.53.224 - - [09/Aug/2021:09:28:13 +0800] "POST /xingrg/dwr/call/plaincall/AjaxCheckService.setItemNumber.dwr HTTP/1.1" 200 78
180.174.224.95 - - [09/Aug/2021:09:28:13 +0800] "GET /favicon.ico HTTP/1.1" 404 -
101.83.145.79 - - [09/Aug/2021:09:28:13 +0800] "GET /xingrg/kc/buy/cgsh_order_operate.html?command=get_materiel&rest_code=00105&code=00101006144&supplier_code=00100012&order_time=2021-08-09 HTTP/1.1" 200 409
116.232.53.224 - - [09/Aug/2021:09:28:13 +0800] "POST /xingrg/dwr/call/plaincall/AjaxCheckService.setItemNumber.dwr HTTP/1.1" 200 78
180.174.224.95 - - [09/Aug/2021:09:28:13 +0800] "GET /favicon.ico HTTP/1.1" 404 -
116.232.53.224 - - [09/Aug/2021:09:28:13 +0800] "POST /xingrg/dwr/call/plaincall/AjaxCheckService.setItemNumber.dwr HTTP/1.1" 200 78
180.174.224.95 - - [09/Aug/2021:09:28:14 +0800] "GET /favicon.ico HTTP/1.1" 404 -
116.232.53.224 - - [09/Aug/2021:09:28:14 +0800] "POST /xingrg/dwr/call/plaincall/AjaxCheckService.setItemNumber.dwr HTTP/1.1" 200 78
116.232.53.224 - - [09/Aug/2021:09:28:14 +0800] "POST /xingrg/dwr/call/plaincall/AjaxCheckService.setItemNumber.dwr HTTP/1.1" 200 78
180.174.224.95 - - [09/Aug/2021:09:28:15 +0800] "GET /favicon.ico HTTP/1.1" 404 -
116.232.53.224 - - [09/Aug/2021:09:28:15 +0800] "POST /xingrg/dwr/call/plaincall/AjaxCheckService.setItemNumber.dwr HTTP/1.1" 200 78
116.232.53.224 - - [09/Aug/2021:09:28:15 +0800] "POST /xingrg/dwr/call/plaincall/AjaxCheckService.setItemNumber.dwr HTTP/1.1" 200 78
180.174.224.95 - - [09/Aug/2021:09:28:15 +0800] "GET /favicon.ico HTTP/1.1" 404 -
116.232.53.224 - - [09/Aug/2021:09:28:15 +0800] "POST /xingrg/dwr/call/plaincall/AjaxCheckService.setItemNumber.dwr HTTP/1.1" 200 78
180.174.224.95 - - [09/Aug/2021:09:28:16 +0800] "GET /favicon.ico HTTP/1.1" 404 -
116.232.53.224 - - [09/Aug/2021:09:28:16 +0800] "POST /xingrg/dwr/call/plaincall/AjaxCheckService.setItemNumber.dwr HTTP/1.1" 200 78
180.174.224.95 - - [09/Aug/2021:09:28:16 +0800] "GET /favicon.ico HTTP/1.1" 404 -
116.232.53.224 - - [09/Aug/2021:09:28:16 +0800] "POST /xingrg/dwr/call/plaincall/AjaxCheckService.setItemNumber.dwr HTTP/1.1" 200 78
116.232.53.224 - - [09/Aug/2021:09:28:17 +0800] "POST /xingrg/dwr/call/plaincall/AjaxCheckService.setItemNumber.dwr HTTP/1.1" 200 78
180.174.224.95 - - [09/Aug/2021:09:28:17 +0800] "GET /favicon.ico HTTP/1.1" 404 -
116.232.53.224 - - [09/Aug/2021:09:28:17 +0800] "POST /xingrg/dwr/call/plaincall/AjaxCheckService.setItemNumber.dwr HTTP/1.1" 200 78
180.174.224.95 - - [09/Aug/2021:09:28:18 +0800] "GET /favicon.ico HTTP/1.1" 404 -
116.232.53.224 - - [09/Aug/2021:09:28:18 +0800] "POST /xingrg/dwr/call/plaincall/AjaxCheckService.setItemNumber.dwr HTTP/1.1" 200 78
222.70.178.182 - - [09/Aug/2021:09:28:18 +0800] "POST /xingrg/dwr/call/plaincall/AjaxCheckService.setItemNumber.dwr HTTP/1.1" 200 76
116.232.53.224 - - [09/Aug/2021:09:28:18 +0800] "POST /xingrg/dwr/call/plaincall/AjaxCheckService.setItemNumber.dwr HTTP/1.1" 200 78
180.174.224.95 - - [09/Aug/2021:09:28:18 +0800] "GET /favicon.ico HTTP/1.1" 404 -
114.88.154.248 - - [09/Aug/2021:09:28:18 +0800] "GET /xingrg/all/function/internal_message.html?_=1628472403531&CODE_STATE=getMsg HTTP/1.1" 200 27
116.232.53.224 - - [09/Aug/2021:09:28:19 +0800] "POST /xingrg/dwr/call/plaincall/AjaxCheckService.setItemNumber.dwr HTTP/1.1" 200 78
180.174.224.95 - - [09/Aug/2021:09:28:19 +0800] "GET /favicon.ico HTTP/1.1" 404 -
222.70.178.182 - - [09/Aug/2021:09:28:19 +0800] "POST /xingrg/dwr/call/plaincall/AjaxCheckService.setItemNumber.dwr HTTP/1.1" 200 76
116.232.53.224 - - [09/Aug/2021:09:28:19 +0800] "POST /xingrg/dwr/call/plaincall/AjaxCheckService.setItemNumber.dwr HTTP/1.1" 200 78
116.232.53.224 - - [09/Aug/2021:09:28:20 +0800] "POST /xingrg/dwr/call/plaincall/AjaxCheckService.setItemNumber.dwr HTTP/1.1" 200 78
116.232.53.224 - - [09/Aug/2021:09:28:20 +0800] "POST /xingrg/dwr/call/plaincall/AjaxCheckService.setItemNumber.dwr HTTP/1.1" 200 78
101.83.145.79 - - [09/Aug/2021:09:28:20 +0800] "GET /xingrg/all/function/internal_message.html?_=1628472501027&CODE_STATE=getMsg HTTP/1.1" 200 27
222.70.178.182 - - [09/Aug/2021:09:28:21 +0800] "POST /xingrg/dwr/call/plaincall/AjaxCheckService.setItemNumber.dwr HTTP/1.1" 200 76
116.232.53.224 - - [09/Aug/2021:09:28:21 +0800] "POST /xingrg/dwr/call/plaincall/AjaxCheckService.setItemNumber.dwr HTTP/1.1" 200 78
101.83.145.79 - - [09/Aug/2021:09:28:21 +0800] "GET /xingrg/kc/buy/cgsh_order_operate.html?command=get_materiel&rest_code=00105&code=00101006112&supplier_code=00100012&order_time=2021-08-09 HTTP/1.1" 200 409
116.232.53.224 - - [09/Aug/2021:09:28:21 +0800] "POST /xingrg/dwr/call/plaincall/AjaxCheckService.setItemNumber.dwr HTTP/1.1" 200 78
116.232.53.224 - - [09/Aug/2021:09:28:22 +0800] "POST /xingrg/dwr/call/plaincall/AjaxCheckService.setItemNumber.dwr HTTP/1.1" 200 78
116.232.53.224 - - [09/Aug/2021:09:28:22 +0800] "POST /xingrg/dwr/call/plaincall/AjaxCheckService.setItemNumber.dwr HTTP/1.1" 200 78
222.70.178.182 - - [09/Aug/2021:09:28:22 +0800] "POST /xingrg/dwr/call/plaincall/AjaxCheckService.setItemNumber.dwr HTTP/1.1" 200 76
180.169.147.146 - - [09/Aug/2021:09:28:22 +0800] "GET /xingrg/all/function/internal_message.html?_=1628472501643&CODE_STATE=getMsg HTTP/1.1" 200 27
116.232.53.224 - - [09/Aug/2021:09:28:22 +0800] "POST /xingrg/dwr/call/plaincall/AjaxCheckService.setItemNumber.dwr HTTP/1.1" 200 78
116.232.53.224 - - [09/Aug/2021:09:28:23 +0800] "POST /xingrg/dwr/call/plaincall/AjaxCheckService.setItemNumber.dwr HTTP/1.1" 200 78
222.70.178.182 - - [09/Aug/2021:09:28:23 +0800] "POST /xingrg/dwr/call/plaincall/AjaxCheckService.setItemNumber.dwr HTTP/1.1" 200 77
116.232.53.224 - - [09/Aug/2021:09:28:23 +0800] "POST /xingrg/dwr/call/plaincall/AjaxCheckService.setItemNumber.dwr HTTP/1.1" 200 78
116.232.53.224 - - [09/Aug/2021:09:28:24 +0800] "POST /xingrg/dwr/call/plaincall/AjaxCheckService.setItemNumber.dwr HTTP/1.1" 200 78
222.70.178.182 - - [09/Aug/2021:09:28:24 +0800] "POST /xingrg/dwr/call/plaincall/AjaxCheckService.setItemNumber.dwr HTTP/1.1" 200 77
180.174.224.95 - - [09/Aug/2021:09:28:26 +0800] "GET /xingrg/login.html HTTP/1.1" 200 7641
222.70.178.182 - - [09/Aug/2021:09:28:26 +0800] "POST /xingrg/dwr/call/plaincall/AjaxCheckService.setItemNumber.dwr HTTP/1.1" 200 77
222.70.178.182 - - [09/Aug/2021:09:28:28 +0800] "POST /xingrg/dwr/call/plaincall/AjaxCheckService.setItemNumber.dwr HTTP/1.1" 200 77
58.40.7.146 - - [09/Aug/2021:09:28:29 +0800] "GET /xingrg/all/function/internal_message.html?_=1628472508284&CODE_STATE=getMsg HTTP/1.1" 302 -
180.174.224.95 - - [09/Aug/2021:09:28:29 +0800] "GET /xingrg/images/blue/jxLogo.png HTTP/1.1" 200 6156
222.70.178.182 - - [09/Aug/2021:09:28:29 +0800] "POST /xingrg/dwr/call/plaincall/AjaxCheckService.setItemNumber.dwr HTTP/1.1" 200 77
116.232.53.224 - - [09/Aug/2021:09:28:29 +0800] "GET /xingrg/all/function/internal_message.html?_=1628472508997&CODE_STATE=getMsg HTTP/1.1" 200 27
180.174.224.95 - - [09/Aug/2021:09:28:29 +0800] "GET /xingrg/images/blue/hj.png HTTP/1.1" 200 1014
180.174.224.95 - - [09/Aug/2021:09:28:29 +0800] "GET /xingrg/images/blue/login_bg.png HTTP/1.1" 200 22101
180.174.224.95 - - [09/Aug/2021:09:28:29 +0800] "GET /xingrg/images/blue/srbg.png HTTP/1.1" 200 138
222.70.178.182 - - [09/Aug/2021:09:28:31 +0800] "POST /xingrg/dwr/call/plaincall/AjaxCheckService.setItemNumber.dwr HTTP/1.1" 200 77
180.174.224.95 - - [09/Aug/2021:09:28:31 +0800] "GET /favicon.ico HTTP/1.1" 404 -
222.70.178.182 - - [09/Aug/2021:09:28:32 +0800] "POST /xingrg/dwr/call/plaincall/AjaxCheckService.setItemNumber.dwr HTTP/1.1" 200 77
222.70.178.182 - - [09/Aug/2021:09:28:33 +0800] "POST /xingrg/dwr/call/plaincall/AjaxCheckService.setItemNumber.dwr HTTP/1.1" 200 77
222.70.178.182 - - [09/Aug/2021:09:28:35 +0800] "POST /xingrg/dwr/call/plaincall/AjaxCheckService.setItemNumber.dwr HTTP/1.1" 200 77
222.70.246.151 - - [09/Aug/2021:09:28:35 +0800] "GET /xingrg/all/function/internal_message.html?_=1628472516324&CODE_STATE=getMsg HTTP/1.1" 200 27
222.70.178.182 - - [09/Aug/2021:09:28:36 +0800] "POST /xingrg/dwr/call/plaincall/AjaxCheckService.setItemNumber.dwr HTTP/1.1" 200 77
222.70.178.182 - - [09/Aug/2021:09:28:36 +0800] "GET /xingrg/all/function/internal_message.html?_=1628472515153&CODE_STATE=getMsg HTTP/1.1" 200 27
180.174.224.95 - - [09/Aug/2021:09:28:37 +0800] "POST /xingrg/login.do HTTP/1.1" 302 -
180.174.224.95 - - [09/Aug/2021:09:28:37 +0800] "GET /xingrg/css/form.css HTTP/1.1" 200 893
180.174.224.95 - - [09/Aug/2021:09:28:37 +0800] "GET /xingrg/javascript/jquery_easy_ui/themes/icon.css HTTP/1.1" 200 3949
180.174.224.95 - - [09/Aug/2021:09:28:37 +0800] "GET /xingrg/index.html?sysBaseUrl=http%3A%2F%2F180.169.147.146%3A18081%2Fxingrg%2F&costTime=83×tamp=1628472517725 HTTP/1.1" 200 17173
180.174.224.95 - - [09/Aug/2021:09:28:37 +0800] "GET /xingrg/javascript/jquery_easy_ui/themes/default/easyui.css HTTP/1.1" 200 26500
180.174.224.95 - - [09/Aug/2021:09:28:38 +0800] "GET /xingrg/javascript/jquery-1.4.2.min.js HTTP/1.1" 200 72205
180.174.224.95 - - [09/Aug/2021:09:28:38 +0800] "GET /xingrg/javascript/jquery_easy_ui/jquery.easyui.min.js HTTP/1.1" 200 213662
180.174.224.95 - - [09/Aug/2021:09:28:38 +0800] "GET /xingrg/javascript/jquery_easy_ui/easyui-lang-zh_CN.js HTTP/1.1" 200 1900
180.174.224.95 - - [09/Aug/2021:09:28:38 +0800] "GET /xingrg/javascript/jquery.timers.js HTTP/1.1" 200 3532
180.174.224.95 - - [09/Aug/2021:09:28:38 +0800] "GET /xingrg/javascript/jquery.utils.js HTTP/1.1" 200 11805
180.174.224.95 - - [09/Aug/2021:09:28:38 +0800] "GET /xingrg/javascript/jquery.form.js HTTP/1.1" 200 23110
222.70.178.182 - - [09/Aug/2021:09:28:38 +0800] "POST /xingrg/dwr/call/plaincall/AjaxCheckService.setItemNumber.dwr HTTP/1.1" 200 77
180.174.224.95 - - [09/Aug/2021:09:28:38 +0800] "GET /favicon.ico HTTP/1.1" 404 -
180.174.224.95 - - [09/Aug/2021:09:28:38 +0800] "GET /xingrg/images/blue/navBackgound.jpg HTTP/1.1" 200 12378
180.174.224.95 - - [09/Aug/2021:09:28:39 +0800] "GET /xingrg/javascript/jquery_easy_ui/themes/icons/settle_new.png HTTP/1.1" 200 826
180.174.224.95 - - [09/Aug/2021:09:28:39 +0800] "GET /xingrg/images/blue/pingpu.png HTTP/1.1" 200 231
180.174.224.95 - - [09/Aug/2021:09:28:39 +0800] "GET /xingrg/javascript/jquery_easy_ui/themes/default/images/tabs_leftarrow.png HTTP/1.1" 200 389
180.174.224.95 - - [09/Aug/2021:09:28:39 +0800] "GET /xingrg/javascript/jquery_easy_ui/themes/default/images/tabs_rightarrow.png HTTP/1.1" 200 395
180.174.224.95 - - [09/Aug/2021:09:28:39 +0800] "GET /xingrg/javascript/jquery_easy_ui/themes/default/images/panel_tool_collapse.gif HTTP/1.1" 200 246
180.174.224.95 - - [09/Aug/2021:09:28:39 +0800] "POST /xingrg/all/common/load_tree.html?tree=area_rest_tree_json&manage=1 HTTP/1.1" 200 342
180.174.224.95 - - [09/Aug/2021:09:28:39 +0800] "GET /xingrg/all/function/internal_message.html?_=1628472496293&CODE_STATE=count HTTP/1.1" 200 11
180.174.224.95 - - [09/Aug/2021:09:28:39 +0800] "GET /xingrg/check_reg.html?_=1628472496323 HTTP/1.1" 200 22
222.70.178.182 - - [09/Aug/2021:09:28:40 +0800] "POST /xingrg/dwr/call/plaincall/AjaxCheckService.setItemNumber.dwr HTTP/1.1" 200 77
180.174.224.95 - - [09/Aug/2021:09:28:40 +0800] "POST /xingrg/load_menu.html HTTP/1.1" 200 5138
180.174.224.95 - - [09/Aug/2021:09:28:40 +0800] "GET /xingrg/javascript/jquery_easy_ui/themes/default/images/tree_arrows.gif HTTP/1.1" 200 1043
180.174.224.95 - - [09/Aug/2021:09:28:41 +0800] "GET /xingrg/javascript/jquery_easy_ui/themes/default/images/tree_folder_open.gif HTTP/1.1" 200 956
180.174.224.95 - - [09/Aug/2021:09:28:41 +0800] "GET /xingrg/javascript/jquery_easy_ui/themes/icons/search_new.png HTTP/1.1" 200 586
180.174.224.95 - - [09/Aug/2021:09:28:41 +0800] "GET /xingrg/javascript/jquery_easy_ui/themes/default/images/tree_folder.gif HTTP/1.1" 200 952
180.174.224.95 - - [09/Aug/2021:09:28:41 +0800] "GET /xingrg/javascript/jquery_easy_ui/themes/icons/storage_new.png HTTP/1.1" 200 853
180.174.224.95 - - [09/Aug/2021:09:28:41 +0800] "GET /xingrg/javascript/jquery_easy_ui/themes/icons/forms_new.png HTTP/1.1" 200 350
180.174.224.95 - - [09/Aug/2021:09:28:41 +0800] "GET /xingrg/javascript/jquery_easy_ui/themes/default/images/tree_file.gif HTTP/1.1" 200 118
222.70.178.182 - - [09/Aug/2021:09:28:41 +0800] "POST /xingrg/dwr/call/plaincall/AjaxCheckService.setItemNumber.dwr HTTP/1.1" 200 77
222.69.131.39 - - [09/Aug/2021:09:28:41 +0800] "GET /xingrg/all/function/internal_message.html?_=1628472520247&CODE_STATE=getMsg HTTP/1.1" 200 27
180.156.224.123 - - [09/Aug/2021:09:28:42 +0800] "GET /xingrg/kc/base/wldb_order_operate.html?command=get_materiel&rest_code=00150&base_code=0010445&code=00101016076 HTTP/1.1" 200 477
222.70.178.182 - - [09/Aug/2021:09:28:43 +0800] "POST /xingrg/dwr/call/plaincall/AjaxCheckService.setItemNumber.dwr HTTP/1.1" 200 77
116.237.74.182 - - [09/Aug/2021:09:28:43 +0800] "GET /xingrg/all/function/internal_message.html?_=1628472522011&CODE_STATE=getMsg HTTP/1.1" 200 27
180.174.224.95 - - [09/Aug/2021:09:28:43 +0800] "GET /xingrg/javascript/jquery_easy_ui/themes/default/images/tabs_close.gif HTTP/1.1" 200 829
180.174.224.95 - - [09/Aug/2021:09:28:43 +0800] "GET /xingrg/css/base.css HTTP/1.1" 200 2811
180.174.224.95 - - [09/Aug/2021:09:28:43 +0800] "GET /xingrg/css/site.css HTTP/1.1" 200 7541
180.174.224.95 - - [09/Aug/2021:09:28:43 +0800] "GET /xingrg/javascript/easyui/themes/icon.css HTTP/1.1" 200 4483
180.174.224.95 - - [09/Aug/2021:09:28:43 +0800] "GET /xingrg/javascript/auto/jquery.autocomplete.css HTTP/1.1" 200 587
180.174.224.95 - - [09/Aug/2021:09:28:43 +0800] "GET /xingrg/kc/buy/cgsh_order_list.html HTTP/1.1" 200 47405
180.174.224.95 - - [09/Aug/2021:09:28:43 +0800] "GET /xingrg/javascript/easyui/themes/default/easyui.css HTTP/1.1" 200 30432
180.174.224.95 - - [09/Aug/2021:09:28:43 +0800] "GET /xingrg/javascript/jquery_tools/fix.css HTTP/1.1" 200 1702
180.174.224.95 - - [09/Aug/2021:09:28:43 +0800] "GET /xingrg/javascript/jquery_tools/table.css HTTP/1.1" 200 1032
180.174.224.95 - - [09/Aug/2021:09:28:43 +0800] "GET /xingrg/javascript/jquery_tools/jquery.tools.min.js HTTP/1.1" 200 138801
180.174.224.95 - - [09/Aug/2021:09:28:43 +0800] "GET /xingrg/javascript/jquery_tools/datebox.css HTTP/1.1" 200 2597
180.174.224.95 - - [09/Aug/2021:09:28:43 +0800] "GET /xingrg/javascript/jquery_tools/jquery.tools.hotkey.js HTTP/1.1" 200 3242
180.174.224.95 - - [09/Aug/2021:09:28:43 +0800] "GET /xingrg/javascript/jquery_tools/jquery.tools.table.js HTTP/1.1" 200 6994
180.174.224.95 - - [09/Aug/2021:09:28:43 +0800] "GET /xingrg/javascript/jquery_tools/jquery.tools.extend.js HTTP/1.1" 200 15385
180.174.224.95 - - [09/Aug/2021:09:28:43 +0800] "GET /xingrg/javascript/jquery.cookie.js HTTP/1.1" 200 5513
180.174.224.95 - - [09/Aug/2021:09:28:43 +0800] "GET /xingrg/javascript/print/LodopFuncs.js HTTP/1.1" 200 5121
180.174.224.95 - - [09/Aug/2021:09:28:43 +0800] "GET /xingrg/javascript/easyui/easyloader.js HTTP/1.1" 200 5975
180.174.224.95 - - [09/Aug/2021:09:28:43 +0800] "GET /xingrg/javascript/jquery_tools/list_manager.js HTTP/1.1" 200 3652
180.174.224.95 - - [09/Aug/2021:09:28:43 +0800] "GET /xingrg/javascript/auto/jquery.autocomplete.js HTTP/1.1" 200 21624
222.70.178.182 - - [09/Aug/2021:09:28:44 +0800] "POST /xingrg/dwr/call/plaincall/AjaxCheckService.setItemNumber.dwr HTTP/1.1" 200 77
180.169.147.146 - - [09/Aug/2021:09:28:45 +0800] "GET /xingrg/all/function/internal_message.html?_=1628472523417&CODE_STATE=getMsg HTTP/1.1" 200 27
222.70.178.182 - - [09/Aug/2021:09:28:45 +0800] "POST /xingrg/dwr/call/plaincall/AjaxCheckService.setItemNumber.dwr HTTP/1.1" 200 77
222.70.178.182 - - [09/Aug/2021:09:28:47 +0800] "POST /xingrg/dwr/call/plaincall/AjaxCheckService.setItemNumber.dwr HTTP/1.1" 200 77
101.83.145.79 - - [09/Aug/2021:09:28:48 +0800] "POST /xingrg/kc/buy/cgsh_order_operate.html HTTP/1.1" 200 37
222.70.178.182 - - [09/Aug/2021:09:28:48 +0800] "POST /xingrg/dwr/call/plaincall/AjaxCheckService.setItemNumber.dwr HTTP/1.1" 200 77
180.174.224.95 - - [09/Aug/2021:09:28:49 +0800] "GET /xingrg/javascript/easyui/themes/icons/edit_add_new.png HTTP/1.1" 200 2997
180.174.224.95 - - [09/Aug/2021:09:28:49 +0800] "GET /xingrg/javascript/easyui/themes/icons/cance_new.png HTTP/1.1" 200 3986
180.174.224.95 - - [09/Aug/2021:09:28:49 +0800] "GET /xingrg/javascript/easyui/themes/icons/check_new.png HTTP/1.1" 200 3224
180.174.224.95 - - [09/Aug/2021:09:28:49 +0800] "GET /xingrg/javascript/easyui/themes/icons/field_new.png HTTP/1.1" 200 1097
180.174.224.95 - - [09/Aug/2021:09:28:49 +0800] "GET /xingrg/javascript/easyui/themes/icons/import_new.png HTTP/1.1" 200 1247
180.174.224.95 - - [09/Aug/2021:09:28:49 +0800] "GET /xingrg/javascript/jquery_easy_ui/themes/icons/area.png HTTP/1.1" 200 262
180.174.224.95 - - [09/Aug/2021:09:28:49 +0800] "GET /xingrg/javascript/jquery_easy_ui/themes/icons/rest.png HTTP/1.1" 200 695
180.174.224.95 - - [09/Aug/2021:09:28:49 +0800] "GET /xingrg/javascript/easyui/plugins/jquery.parser.js HTTP/1.1" 200 1142
180.174.224.95 - - [09/Aug/2021:09:28:49 +0800] "GET /xingrg/images/control/ajaxLoader.gif HTTP/1.1" 200 4659
222.70.178.182 - - [09/Aug/2021:09:28:50 +0800] "POST /xingrg/dwr/call/plaincall/AjaxCheckService.setItemNumber.dwr HTTP/1.1" 200 77
101.83.145.79 - - [09/Aug/2021:09:28:50 +0800] "POST /xingrg/kc/buy/cgsh_order_operate.html HTTP/1.1" 200 6802
180.174.224.95 - - [09/Aug/2021:09:28:51 +0800] "POST /xingrg/kc/buy/cgsh_list_operate.html HTTP/1.1" 200 876
222.70.178.182 - - [09/Aug/2021:09:28:51 +0800] "POST /xingrg/dwr/call/plaincall/AjaxCheckService.setItemNumber.dwr HTTP/1.1" 200 77
101.83.145.79 - - [09/Aug/2021:09:28:51 +0800] "GET /xingrg/kc/print/load_data.html?order_code=212021080903867&kc_code=cgsh&condition= HTTP/1.1" 200 2343
180.156.224.123 - - [09/Aug/2021:09:28:52 +0800] "GET /xingrg/kc/base/wldb_order_operate.html?command=get_materiel&rest_code=00150&base_code=0010445&code=00101019185 HTTP/1.1" 200 455
222.70.178.182 - - [09/Aug/2021:09:28:53 +0800] "POST /xingrg/dwr/call/plaincall/AjaxCheckService.setItemNumber.dwr HTTP/1.1" 200 77
222.70.178.182 - - [09/Aug/2021:09:28:53 +0800] "GET /xingrg/all/function/internal_message.html?_=1628472564258&CODE_STATE=getMsg HTTP/1.1" 302 -
180.156.224.123 - - [09/Aug/2021:09:28:53 +0800] "GET /xingrg/all/function/internal_message.html?_=1628472483273&CODE_STATE=getMsg HTTP/1.1" 200 27
222.70.178.182 - - [09/Aug/2021:09:28:54 +0800] "POST /xingrg/dwr/call/plaincall/AjaxCheckService.setItemNumber.dwr HTTP/1.1" 200 77
222.70.178.182 - - [09/Aug/2021:09:28:56 +0800] "POST /xingrg/dwr/call/plaincall/AjaxCheckService.setItemNumber.dwr HTTP/1.1" 200 77
222.70.178.182 - - [09/Aug/2021:09:28:57 +0800] "POST /xingrg/dwr/call/plaincall/AjaxCheckService.setItemNumber.dwr HTTP/1.1" 200 77
180.174.224.95 - - [09/Aug/2021:09:28:58 +0800] "GET /xingrg/javascript/easyui/themes/default/images/button_plain_hover.png HTTP/1.1" 200 144
180.174.224.95 - - [09/Aug/2021:09:28:58 +0800] "GET /xingrg/javascript/pic_change.js HTTP/1.1" 200 4739
180.174.224.95 - - [09/Aug/2021:09:28:58 +0800] "GET /xingrg/javascript/convert.js HTTP/1.1" 200 1239
180.174.224.95 - - [09/Aug/2021:09:28:58 +0800] "GET /xingrg/javascript/jquery_tools/order_manager.js HTTP/1.1" 200 11183
180.174.224.95 - - [09/Aug/2021:09:28:58 +0800] "GET /xingrg/javascript/json2.js HTTP/1.1" 200 11259
180.174.224.95 - - [09/Aug/2021:09:28:58 +0800] "GET /xingrg/javascript/print/kc_print.js HTTP/1.1" 200 11415
180.174.224.95 - - [09/Aug/2021:09:28:58 +0800] "GET /xingrg/kc/buy/cgsh_order_add.html HTTP/1.1" 200 63102
180.156.224.123 - - [09/Aug/2021:09:28:59 +0800] "GET /xingrg/kc/base/wldb_order_operate.html?command=get_materiel&rest_code=00150&base_code=0010445&code=00101013090 HTTP/1.1" 200 430
180.174.224.95 - - [09/Aug/2021:09:28:59 +0800] "GET /xingrg/words/20210807213312_words.js HTTP/1.1" 200 833195
180.174.224.95 - - [09/Aug/2021:09:28:59 +0800] "GET /xingrg/javascript/easyui/themes/icons/copy_new.png HTTP/1.1" 200 815
180.174.224.95 - - [09/Aug/2021:09:28:59 +0800] "GET /xingrg/javascript/easyui/themes/icons/template_new.png HTTP/1.1" 200 3956
180.174.224.95 - - [09/Aug/2021:09:28:59 +0800] "GET /xingrg/javascript/easyui/themes/icons/ok.png HTTP/1.1" 200 883
180.174.224.95 - - [09/Aug/2021:09:28:59 +0800] "GET /xingrg/javascript/easyui/themes/icons/print.png HTTP/1.1" 200 1057
180.174.224.95 - - [09/Aug/2021:09:28:59 +0800] "GET /xingrg/javascript/easyui/themes/default/images/menu_downarrow.png HTTP/1.1" 200 173
180.174.224.95 - - [09/Aug/2021:09:28:59 +0800] "GET /xingrg/javascript/easyui/themes/icons/cancel.png HTTP/1.1" 200 1133
222.70.178.182 - - [09/Aug/2021:09:29:00 +0800] "POST /xingrg/dwr/call/plaincall/AjaxCheckService.setItemNumber.dwr HTTP/1.1" 200 77
180.174.224.95 - - [09/Aug/2021:09:29:01 +0800] "POST /xingrg/kc/buy/cgsh_order_operate.html HTTP/1.1" 200 8245
180.174.224.95 - - [09/Aug/2021:09:29:01 +0800] "GET /xingrg/javascript/easyui/themes/icons/edit_remove.png HTTP/1.1" 200 625
180.174.224.95 - - [09/Aug/2021:09:29:01 +0800] "GET /xingrg/all/common/auto_word.html?type=employee&rest_code=00102 HTTP/1.1" 200 189
180.174.224.95 - - [09/Aug/2021:09:29:01 +0800] "GET /xingrg/all/common/auto_word.html?type=employee&rest_code=00102 HTTP/1.1" 200 189
180.174.224.95 - - [09/Aug/2021:09:29:01 +0800] "GET /xingrg/javascript/easyui/themes/default/validatebox.css HTTP/1.1" 404 1104
180.174.224.95 - - [09/Aug/2021:09:29:01 +0800] "GET /xingrg/javascript/easyui/plugins/jquery.validatebox.js HTTP/1.1" 200 6103
180.174.224.95 - - [09/Aug/2021:09:29:02 +0800] "GET /xingrg/javascript/easyui/plugins/jquery.numberbox.js HTTP/1.1" 200 5213
222.70.246.151 - - [09/Aug/2021:09:29:03 +0800] "GET /xingrg/check_reg.html?_=1628472543747 HTTP/1.1" 200 22
116.237.74.182 - - [09/Aug/2021:09:29:04 +0800] "GET /xingrg/check_reg.html?_=1628472543516 HTTP/1.1" 200 22
116.230.110.80 - - [09/Aug/2021:09:29:05 +0800] "GET /xingrg/all/function/internal_message.html?_=1628472528379&CODE_STATE=getMsg HTTP/1.1" 200 27
180.156.224.123 - - [09/Aug/2021:09:29:05 +0800] "GET /xingrg/kc/base/wldb_order_operate.html?command=get_materiel&rest_code=00150&base_code=0010445&code=00101016086 HTTP/1.1" 200 468
222.70.178.182 - - [09/Aug/2021:09:29:06 +0800] "POST /xingrg/dwr/call/plaincall/AjaxCheckService.setItemNumber.dwr HTTP/1.1" 200 77
180.174.224.95 - - [09/Aug/2021:09:29:09 +0800] "GET /xingrg/javascript/jquery_tools/images/prev.gif HTTP/1.1" 404 1086
180.174.224.95 - - [09/Aug/2021:09:29:09 +0800] "GET /xingrg/javascript/jquery_tools/images/next.gif HTTP/1.1" 404 1086
180.156.224.123 - - [09/Aug/2021:09:29:09 +0800] "GET /xingrg/all/function/internal_message.html?_=1628472547717&CODE_STATE=getMsg HTTP/1.1" 200 27
222.70.178.182 - - [09/Aug/2021:09:29:09 +0800] "POST /xingrg/dwr/call/plaincall/AjaxCheckService.setItemNumber.dwr HTTP/1.1" 200 77
180.156.224.123 - - [09/Aug/2021:09:29:12 +0800] "GET /xingrg/kc/base/wldb_order_operate.html?command=get_materiel&rest_code=00150&base_code=0010445&code=00101019169 HTTP/1.1" 200 477
114.88.154.248 - - [09/Aug/2021:09:29:18 +0800] "GET /xingrg/all/function/internal_message.html?_=1628472463531&CODE_STATE=getMsg HTTP/1.1" 200 27
222.70.178.182 - - [09/Aug/2021:09:29:18 +0800] "POST /xingrg/dwr/call/plaincall/AjaxCheckService.setItemNumber.dwr HTTP/1.1" 200 77
101.83.145.79 - - [09/Aug/2021:09:29:20 +0800] "GET /xingrg/all/function/internal_message.html?_=1628472560999&CODE_STATE=getMsg HTTP/1.1" 200 27
222.70.178.182 - - [09/Aug/2021:09:29:21 +0800] "POST /xingrg/dwr/call/plaincall/AjaxCheckService.setItemNumber.dwr HTTP/1.1" 200 77
180.169.147.146 - - [09/Aug/2021:09:29:22 +0800] "GET /xingrg/check_reg.html?_=1628472561651 HTTP/1.1" 200 22
180.169.147.146 - - [09/Aug/2021:09:29:22 +0800] "GET /xingrg/all/function/internal_message.html?_=1628472561655&CODE_STATE=getMsg HTTP/1.1" 200 27
222.70.178.182 - - [09/Aug/2021:09:29:23 +0800] "POST /xingrg/dwr/call/plaincall/AjaxCheckService.setItemNumber.dwr HTTP/1.1" 200 77
180.156.224.123 - - [09/Aug/2021:09:29:24 +0800] "POST /xingrg/kc/base/wldb_order_operate.html HTTP/1.1" 200 37
222.70.178.182 - - [09/Aug/2021:09:29:25 +0800] "POST /xingrg/dwr/call/plaincall/AjaxCheckService.setItemNumber.dwr HTTP/1.1" 200 77
180.156.224.123 - - [09/Aug/2021:09:29:26 +0800] "POST /xingrg/kc/base/wldb_order_operate.html HTTP/1.1" 200 12
180.156.224.123 - - [09/Aug/2021:09:29:26 +0800] "POST /xingrg/kc/base/wldb_order_operate.html HTTP/1.1" 200 5739
222.70.178.182 - - [09/Aug/2021:09:29:27 +0800] "POST /xingrg/dwr/call/plaincall/AjaxCheckService.setItemNumber.dwr HTTP/1.1" 200 77
180.156.224.123 - - [09/Aug/2021:09:29:27 +0800] "GET /xingrg/kc/base/wldb_order_info.html?code=422021080900960 HTTP/1.1" 200 26282
180.156.224.123 - - [09/Aug/2021:09:29:27 +0800] "GET /xingrg/javascript/easyui/themes/default/validatebox.css HTTP/1.1" 404 1104
180.156.224.123 - - [09/Aug/2021:09:29:27 +0800] "POST /xingrg/kc/base/wldb_order_operate.html HTTP/1.1" 200 3954
58.40.7.146 - - [09/Aug/2021:09:29:29 +0800] "GET /xingrg/all/function/internal_message.html?_=1628472568286&CODE_STATE=getMsg HTTP/1.1" 302 -
116.232.53.224 - - [09/Aug/2021:09:29:29 +0800] "GET /xingrg/all/function/internal_message.html?_=1628472568988&CODE_STATE=getMsg HTTP/1.1" 200 27
116.232.53.224 - - [09/Aug/2021:09:29:30 +0800] "POST /xingrg/dwr/call/plaincall/AjaxCheckService.setItemNumber.dwr HTTP/1.1" 200 78
222.70.246.151 - - [09/Aug/2021:09:29:35 +0800] "GET /xingrg/all/function/internal_message.html?_=1628472576333&CODE_STATE=getMsg HTTP/1.1" 200 27
222.70.178.182 - - [09/Aug/2021:09:29:36 +0800] "GET /xingrg/all/function/internal_message.html?_=1628472575158&CODE_STATE=getMsg HTTP/1.1" 200 27
180.174.224.95 - - [09/Aug/2021:09:29:39 +0800] "GET /xingrg/all/function/internal_message.html?_=1628472556338&CODE_STATE=getMsg HTTP/1.1" 200 27
222.69.131.39 - - [09/Aug/2021:09:29:41 +0800] "GET /xingrg/all/function/internal_message.html?_=1628472580248&CODE_STATE=getMsg HTTP/1.1" 200 27
116.237.74.182 - - [09/Aug/2021:09:29:43 +0800] "GET /xingrg/all/function/internal_message.html?_=1628472581985&CODE_STATE=getMsg HTTP/1.1" 200 27
180.169.147.146 - - [09/Aug/2021:09:29:44 +0800] "GET /xingrg/check_reg.html?_=1628472583405 HTTP/1.1" 200 22
180.169.147.146 - - [09/Aug/2021:09:29:44 +0800] "GET /xingrg/all/function/internal_message.html?_=1628472583408&CODE_STATE=getMsg HTTP/1.1" 200 27
222.70.178.182 - - [09/Aug/2021:09:29:53 +0800] "GET /xingrg/check_reg.html?_=1628472624262 HTTP/1.1" 302 -
222.70.178.182 - - [09/Aug/2021:09:29:53 +0800] "GET /xingrg/all/function/internal_message.html?_=1628472624258&CODE_STATE=getMsg HTTP/1.1" 302 -
180.156.224.123 - - [09/Aug/2021:09:29:53 +0800] "GET /xingrg/all/function/internal_message.html?_=1628472543418&CODE_STATE=getMsg HTTP/1.1" 200 27
116.232.53.224 - - [09/Aug/2021:09:29:56 +0800] "POST /xingrg/dwr/call/plaincall/AjaxCheckService.setItemNumber.dwr HTTP/1.1" 200 78
222.70.178.182 - - [09/Aug/2021:09:30:01 +0800] "POST /xingrg/dwr/call/plaincall/AjaxCheckService.setItemNumber.dwr HTTP/1.1" 200 77
116.232.53.224 - - [09/Aug/2021:09:30:05 +0800] "POST /xingrg/dwr/call/plaincall/AjaxCheckService.setItemNumber.dwr HTTP/1.1" 200 78
116.230.110.80 - - [09/Aug/2021:09:30:05 +0800] "GET /xingrg/all/function/internal_message.html?_=1628472588378&CODE_STATE=getMsg HTTP/1.1" 200 27
222.70.178.182 - - [09/Aug/2021:09:30:07 +0800] "POST /xingrg/dwr/call/plaincall/AjaxCheckService.setItemNumber.dwr HTTP/1.1" 200 77
180.156.224.123 - - [09/Aug/2021:09:30:09 +0800] "GET /xingrg/all/function/internal_message.html?_=1628472607725&CODE_STATE=getMsg HTTP/1.1" 200 27
222.70.178.182 - - [09/Aug/2021:09:30:12 +0800] "POST /xingrg/dwr/call/plaincall/AjaxCheckService.setItemNumber.dwr HTTP/1.1" 200 77
116.232.53.224 - - [09/Aug/2021:09:30:13 +0800] "POST /xingrg/dwr/call/plaincall/AjaxCheckService.setItemNumber.dwr HTTP/1.1" 200 78
114.88.154.248 - - [09/Aug/2021:09:30:18 +0800] "GET /xingrg/all/function/internal_message.html?_=1628472523520&CODE_STATE=getMsg HTTP/1.1" 200 27
222.70.178.182 - - [09/Aug/2021:09:30:19 +0800] "POST /xingrg/dwr/call/plaincall/AjaxCheckService.setItemNumber.dwr HTTP/1.1" 200 77
101.83.145.79 - - [09/Aug/2021:09:30:20 +0800] "GET /xingrg/all/function/internal_message.html?_=1628472620980&CODE_STATE=getMsg HTTP/1.1" 200 27
222.70.178.182 - - [09/Aug/2021:09:30:20 +0800] "POST /xingrg/dwr/call/plaincall/AjaxCheckService.setItemNumber.dwr HTTP/1.1" 200 77
101.83.145.79 - - [09/Aug/2021:09:30:22 +0800] "GET /xingrg/check_reg.html?_=1628472622229 HTTP/1.1" 200 22
222.70.178.182 - - [09/Aug/2021:09:30:22 +0800] "POST /xingrg/dwr/call/plaincall/AjaxCheckService.setItemNumber.dwr HTTP/1.1" 200 77
180.169.147.146 - - [09/Aug/2021:09:30:22 +0800] "GET /xingrg/all/function/internal_message.html?_=1628472621644&CODE_STATE=getMsg HTTP/1.1" 200 27
222.70.178.182 - - [09/Aug/2021:09:30:23 +0800] "POST /xingrg/dwr/call/plaincall/AjaxCheckService.setItemNumber.dwr HTTP/1.1" 200 77
222.70.178.182 - - [09/Aug/2021:09:30:26 +0800] "POST /xingrg/dwr/call/plaincall/AjaxCheckService.setItemNumber.dwr HTTP/1.1" 200 77
222.70.178.182 - - [09/Aug/2021:09:30:27 +0800] "POST /xingrg/dwr/call/plaincall/AjaxCheckService.setItemNumber.dwr HTTP/1.1" 200 77
58.40.7.146 - - [09/Aug/2021:09:30:29 +0800] "GET /xingrg/all/function/internal_message.html?_=1628472628288&CODE_STATE=getMsg HTTP/1.1" 302 -
222.70.178.182 - - [09/Aug/2021:09:30:29 +0800] "POST /xingrg/dwr/call/plaincall/AjaxCheckService.setItemNumber.dwr HTTP/1.1" 200 77
116.232.53.224 - - [09/Aug/2021:09:30:31 +0800] "GET /xingrg/all/function/internal_message.html?_=1628472630268&CODE_STATE=getMsg HTTP/1.1" 200 27
116.232.53.224 - - [09/Aug/2021:09:30:33 +0800] "POST /xingrg/dwr/call/plaincall/AjaxCheckService.checkOrder.dwr HTTP/1.1" 200 80
116.232.53.224 - - [09/Aug/2021:09:30:34 +0800] "GET /xingrg/kc/base/check_order_info.html?code=452021080800074 HTTP/1.1" 200 22850
116.232.53.224 - - [09/Aug/2021:09:30:34 +0800] "GET /xingrg/dwr/interface/AjaxComOrderService.js HTTP/1.1" 200 18264
116.232.53.224 - - [09/Aug/2021:09:30:34 +0800] "GET /xingrg/dwr/interface/AjaxCheckService.js HTTP/1.1" 200 14003
116.232.53.224 - - [09/Aug/2021:09:30:34 +0800] "GET /xingrg/dwr/engine.js HTTP/1.1" 200 43631
116.232.53.224 - - [09/Aug/2021:09:30:35 +0800] "POST /xingrg/dwr/call/plaincall/AjaxCheckService.loadOrderItems.dwr HTTP/1.1" 200 73131
222.70.246.151 - - [09/Aug/2021:09:30:35 +0800] "GET /xingrg/all/function/internal_message.html?_=1628472636347&CODE_STATE=getMsg HTTP/1.1" 200 27
222.70.178.182 - - [09/Aug/2021:09:30:36 +0800] "GET /xingrg/check_reg.html?_=1628472635157 HTTP/1.1" 200 22
222.70.178.182 - - [09/Aug/2021:09:30:36 +0800] "GET /xingrg/all/function/internal_message.html?_=1628472635153&CODE_STATE=getMsg HTTP/1.1" 200 27
180.174.224.95 - - [09/Aug/2021:09:30:39 +0800] "GET /xingrg/all/function/internal_message.html?_=1628472616340&CODE_STATE=getMsg HTTP/1.1" 200 27
222.69.131.39 - - [09/Aug/2021:09:30:41 +0800] "GET /xingrg/all/function/internal_message.html?_=1628472640253&CODE_STATE=getMsg HTTP/1.1" 200 27
116.237.74.182 - - [09/Aug/2021:09:30:43 +0800] "GET /xingrg/all/function/internal_message.html?_=1628472641981&CODE_STATE=getMsg HTTP/1.1" 200 27
