101.83.145.79 - - [09/Aug/2021:10:08:16 +0800] "GET /xingrg/javascript/easyui/themes/default/validatebox.css HTTP/1.1" 404 1104
116.237.74.182 - - [09/Aug/2021:10:08:18 +0800] "GET /xingrg/kc/buy/cgsh_order_operate.html?command=get_materiel&rest_code=00106&code=00101008155&supplier_code=00100007&order_time=2021-08-09 HTTP/1.1" 200 408
114.88.154.248 - - [09/Aug/2021:10:08:18 +0800] "GET /xingrg/all/function/internal_message.html?_=1628474803647&CODE_STATE=getMsg HTTP/1.1" 200 27
101.83.145.79 - - [09/Aug/2021:10:08:20 +0800] "GET /xingrg/all/function/internal_message.html?_=1628474900261&CODE_STATE=getMsg HTTP/1.1" 200 27
114.84.82.184 - - [09/Aug/2021:10:08:21 +0800] "GET /xingrg/all/function/internal_message.html?_=1628474900734&CODE_STATE=getMsg HTTP/1.1" 200 27
180.156.224.123 - - [09/Aug/2021:10:08:22 +0800] "GET /xingrg/all/function/internal_message.html?_=1628474851587&CODE_STATE=getMsg HTTP/1.1" 200 27
180.169.147.146 - - [09/Aug/2021:10:08:22 +0800] "GET /xingrg/all/function/internal_message.html?_=1628474901641&CODE_STATE=getMsg HTTP/1.1" 200 27
114.84.82.184 - - [09/Aug/2021:10:08:23 +0800] "GET /xingrg/kc/buy/cgsh_order_operate.html?command=get_materiel&rest_code=00148&code=00101001037&supplier_code=00100090&order_time=2021-08-09 HTTP/1.1" 200 414
116.237.74.182 - - [09/Aug/2021:10:08:25 +0800] "GET /xingrg/kc/buy/cgsh_order_operate.html?command=get_materiel&rest_code=00106&code=00101008350&supplier_code=00100007&order_time=2021-08-09 HTTP/1.1" 200 408
101.83.145.79 - - [09/Aug/2021:10:08:25 +0800] "GET /xingrg/kc/buy/cgsh_order_operate.html?command=get_materiel&rest_code=00105&code=00101004067&supplier_code=00100312&order_time=2021-08-09 HTTP/1.1" 200 428
58.40.7.146 - - [09/Aug/2021:10:08:29 +0800] "GET /xingrg/all/function/internal_message.html?_=1628474908305&CODE_STATE=getMsg HTTP/1.1" 302 -
116.232.53.224 - - [09/Aug/2021:10:08:30 +0800] "GET /xingrg/all/function/internal_message.html?_=1628474909550&CODE_STATE=getMsg HTTP/1.1" 200 27
116.237.74.182 - - [09/Aug/2021:10:08:35 +0800] "GET /xingrg/kc/buy/cgsh_order_operate.html?command=get_materiel&rest_code=00106&code=00101008149&supplier_code=00100007&order_time=2021-08-09 HTTP/1.1" 200 408
222.70.178.182 - - [09/Aug/2021:10:08:37 +0800] "GET /xingrg/all/function/internal_message.html?_=1628474915406&CODE_STATE=getMsg HTTP/1.1" 200 27
114.84.82.184 - - [09/Aug/2021:10:08:38 +0800] "GET /xingrg/kc/buy/cgsh_order_operate.html?command=get_materiel&rest_code=00148&code=00101001140&supplier_code=00100090&order_time=2021-08-09 HTTP/1.1" 200 431
116.237.74.182 - - [09/Aug/2021:10:08:38 +0800] "GET /xingrg/login.html?r=1 HTTP/1.1" 200 7641
116.237.74.182 - - [09/Aug/2021:10:08:39 +0800] "GET /favicon.ico HTTP/1.1" 404 -
180.174.224.95 - - [09/Aug/2021:10:08:40 +0800] "GET /xingrg/check_reg.html?_=1628474896860 HTTP/1.1" 200 22
120.253.135.82 - - [09/Aug/2021:10:08:40 +0800] "GET /xingrg/all/function/internal_message.html?_=1628474950819&CODE_STATE=getMsg HTTP/1.1" 200 27
116.237.74.182 - - [09/Aug/2021:10:08:41 +0800] "POST /xingrg/login.do HTTP/1.1" 302 -
116.237.74.182 - - [09/Aug/2021:10:08:41 +0800] "GET /xingrg/index.html?sysBaseUrl=http%3A%2F%2F180.169.147.146%3A18081%2Fxingrg%2F&costTime=85×tamp=1628474921125 HTTP/1.1" 200 17173
116.237.74.182 - - [09/Aug/2021:10:08:41 +0800] "GET /favicon.ico HTTP/1.1" 404 -
116.237.74.182 - - [09/Aug/2021:10:08:41 +0800] "POST /xingrg/all/common/load_tree.html?tree=area_rest_tree_json&manage=1 HTTP/1.1" 200 342
116.237.74.182 - - [09/Aug/2021:10:08:41 +0800] "GET /xingrg/all/function/internal_message.html?_=1628474920547&CODE_STATE=count HTTP/1.1" 200 11
116.237.74.182 - - [09/Aug/2021:10:08:41 +0800] "GET /xingrg/check_reg.html?_=1628474920550 HTTP/1.1" 200 22
116.237.74.182 - - [09/Aug/2021:10:08:41 +0800] "POST /xingrg/load_menu.html HTTP/1.1" 200 5138
222.69.131.39 - - [09/Aug/2021:10:08:41 +0800] "GET /xingrg/all/function/internal_message.html?_=1628474919949&CODE_STATE=getMsg HTTP/1.1" 200 27
180.174.224.95 - - [09/Aug/2021:10:08:42 +0800] "GET /xingrg/all/function/internal_message.html?_=1628474899025&CODE_STATE=getMsg HTTP/1.1" 200 27
116.237.74.182 - - [09/Aug/2021:10:08:43 +0800] "GET /xingrg/kc/buy/cgsh_order_operate.html?command=get_materiel&rest_code=00106&code=00101008110&supplier_code=00100007&order_time=2021-08-09 HTTP/1.1" 200 408
116.237.74.182 - - [09/Aug/2021:10:08:43 +0800] "GET /xingrg/kc/report/report_main.html HTTP/1.1" 200 7345
180.169.147.146 - - [09/Aug/2021:10:08:45 +0800] "GET /xingrg/all/function/internal_message.html?_=1628474923424&CODE_STATE=getMsg HTTP/1.1" 200 27
222.70.246.151 - - [09/Aug/2021:10:08:45 +0800] "GET /xingrg/all/function/internal_message.html?_=1628474925728&CODE_STATE=getMsg HTTP/1.1" 200 27
116.237.74.182 - - [09/Aug/2021:10:08:45 +0800] "GET /xingrg/all/report/report_query.html?fileName=kc/buy/gys_amount.xml&rh=99999 HTTP/1.1" 200 52006
116.237.74.182 - - [09/Aug/2021:10:08:45 +0800] "GET /xingrg/dwr/util.js HTTP/1.1" 304 -
116.237.74.182 - - [09/Aug/2021:10:08:45 +0800] "GET /xingrg/dwr/interface/AjaxReportQueryService.js HTTP/1.1" 200 13203
116.237.74.182 - - [09/Aug/2021:10:08:45 +0800] "GET /xingrg/dwr/engine.js HTTP/1.1" 200 43631
116.237.74.182 - - [09/Aug/2021:10:08:45 +0800] "POST /xingrg/dwr/call/plaincall/AjaxReportQueryService.getFixDate.dwr HTTP/1.1" 200 111
116.237.74.182 - - [09/Aug/2021:10:08:45 +0800] "POST /xingrg/all/common/load_tree.html?tree=supplier_tree_json&manage=1 HTTP/1.1" 200 58169
101.83.145.79 - - [09/Aug/2021:10:08:46 +0800] "GET /xingrg/kc/buy/cgsh_order_operate.html?command=get_materiel&rest_code=00105&code=00101004027&supplier_code=00100312&order_time=2021-08-09 HTTP/1.1" 200 409
116.237.74.182 - - [09/Aug/2021:10:08:46 +0800] "POST /xingrg/all/common/load_tree.html?tree=materiel_sort_tree_json HTTP/1.1" 200 8666
180.169.147.146 - - [09/Aug/2021:10:08:47 +0800] "GET /xingrg/all/function/internal_message.html?_=1628474926043&CODE_STATE=getMsg HTTP/1.1" 200 27
116.237.74.182 - - [09/Aug/2021:10:08:47 +0800] "POST /xingrg/dwr/call/plaincall/AjaxReportQueryService.getInitString.dwr HTTP/1.1" 200 975
116.237.74.182 - - [09/Aug/2021:10:08:48 +0800] "POST /xingrg/dwr/call/plaincall/AjaxReportQueryService.getFixDate.dwr HTTP/1.1" 200 111
114.84.82.184 - - [09/Aug/2021:10:08:49 +0800] "GET /xingrg/kc/buy/cgsh_order_operate.html?command=get_materiel&rest_code=00148&code=00101001169&supplier_code=00100090&order_time=2021-08-09 HTTP/1.1" 200 415
116.237.74.182 - - [09/Aug/2021:10:08:50 +0800] "GET /xingrg/kc/buy/cgsh_order_operate.html?command=get_materiel&rest_code=00106&code=00101008096&supplier_code=00100007&order_time=2021-08-09 HTTP/1.1" 200 412
222.70.178.182 - - [09/Aug/2021:10:08:53 +0800] "GET /xingrg/all/function/internal_message.html?_=1628474964289&CODE_STATE=getMsg HTTP/1.1" 302 -
116.237.74.182 - - [09/Aug/2021:10:08:56 +0800] "GET /xingrg/kc/buy/cgsh_order_operate.html?command=get_materiel&rest_code=00106&code=00101008038&supplier_code=00100007&order_time=2021-08-09 HTTP/1.1" 200 412
101.83.145.79 - - [09/Aug/2021:10:08:57 +0800] "GET /xingrg/kc/buy/cgsh_order_operate.html?command=get_materiel&rest_code=00105&code=00101004049&supplier_code=00100312&order_time=2021-08-09 HTTP/1.1" 200 413
116.237.74.182 - - [09/Aug/2021:10:08:59 +0800] "POST /xingrg/dwr/call/plaincall/AjaxReportQueryService.refreshCache.dwr HTTP/1.1" 200 78
116.237.74.182 - - [09/Aug/2021:10:09:00 +0800] "POST /xingrg/all/report/load_report_page.html HTTP/1.1" 200 8912
116.237.74.182 - - [09/Aug/2021:10:09:00 +0800] "GET /xingrg/servlets/image?cache=0.4843386450328183&image=px HTTP/1.1" 200 807
222.70.246.151 - - [09/Aug/2021:10:09:03 +0800] "GET /xingrg/check_reg.html?_=1628474943788 HTTP/1.1" 200 22
114.84.82.184 - - [09/Aug/2021:10:09:03 +0800] "POST /xingrg/kc/buy/cgsh_order_operate.html HTTP/1.1" 200 37
116.237.74.182 - - [09/Aug/2021:10:09:04 +0800] "GET /xingrg/kc/buy/cgsh_order_operate.html?command=get_materiel&rest_code=00106&code=00101008283&supplier_code=00100007&order_time=2021-08-09 HTTP/1.1" 200 408
116.230.110.80 - - [09/Aug/2021:10:09:05 +0800] "GET /xingrg/all/function/internal_message.html?_=1628474928367&CODE_STATE=getMsg HTTP/1.1" 200 27
180.169.147.146 - - [09/Aug/2021:10:09:06 +0800] "GET /xingrg/all/function/internal_message.html?_=1628474944803&CODE_STATE=getMsg HTTP/1.1" 200 27
180.156.224.123 - - [09/Aug/2021:10:09:07 +0800] "GET /xingrg/all/function/internal_message.html?_=1628474944907&CODE_STATE=getMsg HTTP/1.1" 200 27
101.83.145.79 - - [09/Aug/2021:10:09:07 +0800] "GET /xingrg/kc/buy/cgsh_order_operate.html?command=get_materiel&rest_code=00105&code=00101004050&supplier_code=00100312&order_time=2021-08-09 HTTP/1.1" 200 409
180.169.147.146 - - [09/Aug/2021:10:09:08 +0800] "GET /xingrg/all/report/report_query.html?isQuery=1&fileName=kc/buy/wlcg_cate_hz.xml&queryString=(CONVERT(char(10)%252Ca.order_time%252C%2520120)%253E%253D'2021-07-01')%2520and%2520(CONVERT(char(10)%252Ca.order_time%252C%2520120)%253C%253D'2021-07-31')%2520and%2520(a.supplier_code%2520in%2520('00100017'))%2520and%2520(a.number%253E0%2520and%2520a.supplier_code%253D'00100017')&queryText=%25E3%2580%2590%25E9%2587%2587%25E8%25B4%25AD%25E6%2597%25A5%25E6%259C%259F%253A2021-07-01%2520%25E8%2587%25B3%25202021-07-31%25E3%2580%2591%2520%25E5%25B9%25B6%25E4%25B8%2594%2520%2520%25E3%2580%2590%25E4%25BE%259B%25E5%25BA%2594%25E5%2595%2586%2520%253D%2520%25E9%2585%2592%25E6%25B0%25B4%25EF%25BC%2588%25E9%25BE%2599%25E5%25B7%259D%25EF%25BC%2589%25E3%2580%2591%2520%25E5%25B9%25B6%25E4%25B8%2594%2520%25E3%2580%2590%25E4%25BE%259B%25E5%25BA%2594%25E5%2595%2586%253D%25E9%2585%2592%25E6%25B0%25B4%25EF%25BC%2588%25E9%25BE%2599%25E5%25B7%259D%25EF%25BC%2589%25E3%2580%2591 HTTP/1.1" 200 54472
180.169.147.146 - - [09/Aug/2021:10:09:08 +0800] "GET /xingrg/dwr/interface/AjaxReportQueryService.js HTTP/1.1" 200 13203
180.169.147.146 - - [09/Aug/2021:10:09:08 +0800] "GET /xingrg/dwr/engine.js HTTP/1.1" 200 43631
114.84.82.184 - - [09/Aug/2021:10:09:10 +0800] "POST /xingrg/kc/buy/cgsh_order_operate.html HTTP/1.1" 200 3854
116.237.74.182 - - [09/Aug/2021:10:09:10 +0800] "GET /xingrg/kc/buy/cgsh_order_operate.html?command=get_materiel&rest_code=00106&code=00101008163&supplier_code=00100007&order_time=2021-08-09 HTTP/1.1" 200 409
180.169.147.146 - - [09/Aug/2021:10:09:11 +0800] "POST /xingrg/all/report/load_report_page.html HTTP/1.1" 200 8724
180.169.147.146 - - [09/Aug/2021:10:09:11 +0800] "GET /xingrg/servlets/image?cache=0.24315526025751522&image=px HTTP/1.1" 200 807
114.84.82.184 - - [09/Aug/2021:10:09:12 +0800] "GET /xingrg/kc/buy/cgsh_order_add.html HTTP/1.1" 200 63143
114.84.82.184 - - [09/Aug/2021:10:09:12 +0800] "POST /xingrg/kc/buy/cgsh_order_operate.html HTTP/1.1" 200 8245
114.84.82.184 - - [09/Aug/2021:10:09:12 +0800] "GET /xingrg/javascript/easyui/themes/default/validatebox.css HTTP/1.1" 404 1104
101.83.145.79 - - [09/Aug/2021:10:09:14 +0800] "GET /xingrg/kc/buy/cgsh_order_operate.html?command=get_materiel&rest_code=00105&code=00101004030&supplier_code=00100312&order_time=2021-08-09 HTTP/1.1" 200 408
180.169.147.146 - - [09/Aug/2021:10:09:14 +0800] "POST /xingrg/all/report/load_report_page.html HTTP/1.1" 200 63750
180.169.147.146 - - [09/Aug/2021:10:09:14 +0800] "GET /xingrg/servlets/image?cache=0.8713950975576593&image=px HTTP/1.1" 200 807
116.237.74.182 - - [09/Aug/2021:10:09:15 +0800] "GET /xingrg/all/function/internal_message.html?_=1628474954491&CODE_STATE=getMsg HTTP/1.1" 200 27
116.237.74.182 - - [09/Aug/2021:10:09:16 +0800] "GET /xingrg/kc/buy/cgsh_order_operate.html?command=get_materiel&rest_code=00106&code=00101008004&supplier_code=00100007&order_time=2021-08-09 HTTP/1.1" 200 416
114.88.154.248 - - [09/Aug/2021:10:09:18 +0800] "GET /xingrg/all/function/internal_message.html?_=1628474863624&CODE_STATE=getMsg HTTP/1.1" 200 27
101.83.145.79 - - [09/Aug/2021:10:09:20 +0800] "GET /xingrg/all/function/internal_message.html?_=1628474960233&CODE_STATE=getMsg HTTP/1.1" 200 27
114.84.82.184 - - [09/Aug/2021:10:09:21 +0800] "GET /xingrg/kc/buy/cgsh_order_operate.html?command=get_materiel&rest_code=00148&code=00101005040&supplier_code=00100334&order_time=2021-08-09 HTTP/1.1" 200 417
114.84.82.184 - - [09/Aug/2021:10:09:21 +0800] "GET /xingrg/all/function/internal_message.html?_=1628474960674&CODE_STATE=getMsg HTTP/1.1" 200 27
180.156.224.123 - - [09/Aug/2021:10:09:22 +0800] "GET /xingrg/all/function/internal_message.html?_=1628474911625&CODE_STATE=getMsg HTTP/1.1" 200 27
101.83.145.79 - - [09/Aug/2021:10:09:22 +0800] "GET /xingrg/kc/buy/cgsh_order_operate.html?command=get_materiel&rest_code=00105&code=00101001136&supplier_code=00100312&order_time=2021-08-09 HTTP/1.1" 200 413
180.169.147.146 - - [09/Aug/2021:10:09:22 +0800] "GET /xingrg/all/function/internal_message.html?_=1628474961645&CODE_STATE=getMsg HTTP/1.1" 200 27
180.169.147.146 - - [09/Aug/2021:10:09:22 +0800] "GET /xingrg/check_reg.html?_=1628474961649 HTTP/1.1" 200 22
116.237.74.182 - - [09/Aug/2021:10:09:24 +0800] "GET /xingrg/kc/buy/cgsh_order_operate.html?command=get_materiel&rest_code=00106&code=00101008264&supplier_code=00100007&order_time=2021-08-09 HTTP/1.1" 200 412
58.40.7.146 - - [09/Aug/2021:10:09:29 +0800] "GET /xingrg/all/function/internal_message.html?_=1628474968307&CODE_STATE=getMsg HTTP/1.1" 302 -
116.232.53.224 - - [09/Aug/2021:10:09:30 +0800] "GET /xingrg/all/function/internal_message.html?_=1628474969519&CODE_STATE=getMsg HTTP/1.1" 200 27
114.84.82.184 - - [09/Aug/2021:10:09:30 +0800] "POST /xingrg/kc/buy/cgsh_order_operate.html HTTP/1.1" 200 37
101.83.145.79 - - [09/Aug/2021:10:09:30 +0800] "GET /xingrg/kc/buy/cgsh_order_operate.html?command=get_materiel&rest_code=00105&code=00101001138&supplier_code=00100312&order_time=2021-08-09 HTTP/1.1" 200 432
116.237.74.182 - - [09/Aug/2021:10:09:31 +0800] "GET /xingrg/kc/buy/cgsh_order_operate.html?command=get_materiel&rest_code=00106&code=00101008356&supplier_code=00100007&order_time=2021-08-09 HTTP/1.1" 200 409
114.84.82.184 - - [09/Aug/2021:10:09:33 +0800] "POST /xingrg/kc/buy/cgsh_order_operate.html HTTP/1.1" 200 2661
222.70.178.182 - - [09/Aug/2021:10:09:37 +0800] "GET /xingrg/all/function/internal_message.html?_=1628474975384&CODE_STATE=getMsg HTTP/1.1" 200 27
116.237.74.182 - - [09/Aug/2021:10:09:38 +0800] "GET /xingrg/kc/buy/cgsh_order_operate.html?command=get_materiel&rest_code=00106&code=00101008360&supplier_code=00100007&order_time=2021-08-09 HTTP/1.1" 200 412
101.83.145.79 - - [09/Aug/2021:10:09:39 +0800] "GET /xingrg/kc/buy/cgsh_order_operate.html?command=get_materiel&rest_code=00105&code=00101001096&supplier_code=00100312&order_time=2021-08-09 HTTP/1.1" 200 433
120.253.135.82 - - [09/Aug/2021:10:09:40 +0800] "GET /xingrg/all/function/internal_message.html?_=1628475010834&CODE_STATE=getMsg HTTP/1.1" 200 27
116.237.74.182 - - [09/Aug/2021:10:09:41 +0800] "GET /xingrg/all/function/internal_message.html?_=1628474980563&CODE_STATE=getMsg HTTP/1.1" 200 27
222.69.131.39 - - [09/Aug/2021:10:09:41 +0800] "GET /xingrg/all/function/internal_message.html?_=1628474979934&CODE_STATE=getMsg HTTP/1.1" 200 27
180.174.224.95 - - [09/Aug/2021:10:09:42 +0800] "GET /xingrg/all/function/internal_message.html?_=1628474959040&CODE_STATE=getMsg HTTP/1.1" 200 27
114.84.82.184 - - [09/Aug/2021:10:09:44 +0800] "GET /xingrg/kc/buy/cgsh_order_add.html HTTP/1.1" 200 63143
114.84.82.184 - - [09/Aug/2021:10:09:44 +0800] "POST /xingrg/kc/buy/cgsh_order_operate.html HTTP/1.1" 200 8245
114.84.82.184 - - [09/Aug/2021:10:09:44 +0800] "GET /xingrg/javascript/easyui/themes/default/validatebox.css HTTP/1.1" 404 1104
222.70.246.151 - - [09/Aug/2021:10:09:45 +0800] "GET /xingrg/all/function/internal_message.html?_=1628474985737&CODE_STATE=getMsg HTTP/1.1" 200 27
180.169.147.146 - - [09/Aug/2021:10:09:45 +0800] "GET /xingrg/check_reg.html?_=1628474983425 HTTP/1.1" 200 22
180.169.147.146 - - [09/Aug/2021:10:09:45 +0800] "GET /xingrg/all/function/internal_message.html?_=1628474983439&CODE_STATE=getMsg HTTP/1.1" 200 27
116.237.74.182 - - [09/Aug/2021:10:09:46 +0800] "GET /xingrg/kc/buy/cgsh_order_operate.html?command=get_materiel&rest_code=00106&code=00101008059&supplier_code=00100007&order_time=2021-08-09 HTTP/1.1" 200 408
180.169.147.146 - - [09/Aug/2021:10:09:47 +0800] "GET /xingrg/all/function/internal_message.html?_=1628474986048&CODE_STATE=getMsg HTTP/1.1" 200 27
101.83.145.79 - - [09/Aug/2021:10:09:49 +0800] "GET /xingrg/kc/buy/cgsh_order_operate.html?command=get_materiel&rest_code=00105&code=00101004057&supplier_code=00100312&order_time=2021-08-09 HTTP/1.1" 200 409
116.237.74.182 - - [09/Aug/2021:10:09:52 +0800] "GET /xingrg/kc/buy/cgsh_order_operate.html?command=get_materiel&rest_code=00106&code=00101008357&supplier_code=00100007&order_time=2021-08-09 HTTP/1.1" 200 408
222.70.178.182 - - [09/Aug/2021:10:09:53 +0800] "GET /xingrg/check_reg.html?_=1628475024290 HTTP/1.1" 302 -
222.70.178.182 - - [09/Aug/2021:10:09:53 +0800] "GET /xingrg/all/function/internal_message.html?_=1628475024293&CODE_STATE=getMsg HTTP/1.1" 302 -
114.84.82.184 - - [09/Aug/2021:10:09:54 +0800] "GET /xingrg/kc/buy/cgsh_order_operate.html?command=get_materiel&rest_code=00148&code=00101006147&supplier_code=00100404&order_time=2021-08-09 HTTP/1.1" 200 426
116.237.74.182 - - [09/Aug/2021:10:09:59 +0800] "POST /xingrg/kc/buy/cgsh_order_operate.html HTTP/1.1" 200 37
116.237.74.182 - - [09/Aug/2021:10:10:02 +0800] "POST /xingrg/kc/buy/cgsh_order_operate.html HTTP/1.1" 200 10321
114.84.82.184 - - [09/Aug/2021:10:10:05 +0800] "POST /xingrg/kc/buy/cgsh_order_operate.html HTTP/1.1" 200 37
116.230.110.80 - - [09/Aug/2021:10:10:05 +0800] "GET /xingrg/all/function/internal_message.html?_=1628474988387&CODE_STATE=getMsg HTTP/1.1" 200 27
180.169.147.146 - - [09/Aug/2021:10:10:06 +0800] "GET /xingrg/all/function/internal_message.html?_=1628475004790&CODE_STATE=getMsg HTTP/1.1" 200 27
180.156.224.123 - - [09/Aug/2021:10:10:07 +0800] "GET /xingrg/all/function/internal_message.html?_=1628475004906&CODE_STATE=getMsg HTTP/1.1" 200 27
114.84.82.184 - - [09/Aug/2021:10:10:09 +0800] "POST /xingrg/kc/buy/cgsh_order_operate.html HTTP/1.1" 200 2670
114.84.82.184 - - [09/Aug/2021:10:10:11 +0800] "GET /xingrg/kc/buy/cgsh_order_add.html HTTP/1.1" 200 63143
114.84.82.184 - - [09/Aug/2021:10:10:12 +0800] "POST /xingrg/kc/buy/cgsh_order_operate.html HTTP/1.1" 200 8245
114.84.82.184 - - [09/Aug/2021:10:10:12 +0800] "GET /xingrg/javascript/easyui/themes/default/validatebox.css HTTP/1.1" 404 1104
222.70.178.182 - - [09/Aug/2021:10:10:12 +0800] "GET /xingrg/kc/base/check_order_list.html HTTP/1.1" 200 16302
222.70.178.182 - - [09/Aug/2021:10:10:12 +0800] "POST /xingrg/kc/base/check_list_operate.html HTTP/1.1" 200 3522
180.169.147.146 - - [09/Aug/2021:10:10:14 +0800] "GET /xingrg/login.html HTTP/1.1" 200 7641
180.169.147.146 - - [09/Aug/2021:10:10:14 +0800] "GET /xingrg/images/blue/jxLogo.png HTTP/1.1" 200 6156
180.169.147.146 - - [09/Aug/2021:10:10:14 +0800] "GET /xingrg/images/blue/login_bg.png HTTP/1.1" 200 22101
180.169.147.146 - - [09/Aug/2021:10:10:14 +0800] "GET /xingrg/images/blue/hj.png HTTP/1.1" 200 1014
180.169.147.146 - - [09/Aug/2021:10:10:14 +0800] "GET /xingrg/images/blue/srbg.png HTTP/1.1" 200 138
180.169.147.146 - - [09/Aug/2021:10:10:14 +0800] "GET /favicon.ico HTTP/1.1" 404 -
222.70.178.182 - - [09/Aug/2021:10:10:15 +0800] "GET /xingrg/kc/base/check_order_info.html?code=452021080800035 HTTP/1.1" 200 26404
222.70.178.182 - - [09/Aug/2021:10:10:15 +0800] "GET /xingrg/dwr/interface/AjaxComOrderService.js HTTP/1.1" 200 18264
222.70.178.182 - - [09/Aug/2021:10:10:15 +0800] "GET /xingrg/dwr/interface/AjaxCheckService.js HTTP/1.1" 200 14003
222.70.178.182 - - [09/Aug/2021:10:10:15 +0800] "GET /xingrg/dwr/engine.js HTTP/1.1" 200 43631
222.70.178.182 - - [09/Aug/2021:10:10:15 +0800] "POST /xingrg/dwr/call/plaincall/AjaxCheckService.loadOrderItems.dwr HTTP/1.1" 200 186555
116.237.74.182 - - [09/Aug/2021:10:10:15 +0800] "GET /xingrg/all/function/internal_message.html?_=1628475014418&CODE_STATE=getMsg HTTP/1.1" 200 27
114.88.154.248 - - [09/Aug/2021:10:10:18 +0800] "GET /xingrg/all/function/internal_message.html?_=1628474923592&CODE_STATE=getMsg HTTP/1.1" 200 27
101.83.145.79 - - [09/Aug/2021:10:10:20 +0800] "GET /xingrg/all/function/internal_message.html?_=1628475020214&CODE_STATE=getMsg HTTP/1.1" 200 27
114.84.82.184 - - [09/Aug/2021:10:10:21 +0800] "GET /xingrg/all/function/internal_message.html?_=1628475020685&CODE_STATE=getMsg HTTP/1.1" 200 27
114.84.82.184 - - [09/Aug/2021:10:10:22 +0800] "GET /xingrg/kc/buy/cgsh_order_operate.html?command=get_materiel&rest_code=00148&code=00101004046&supplier_code=00100312&order_time=2021-08-09 HTTP/1.1" 200 417
180.156.224.123 - - [09/Aug/2021:10:10:22 +0800] "GET /xingrg/all/function/internal_message.html?_=1628474971630&CODE_STATE=getMsg HTTP/1.1" 200 27
101.83.145.79 - - [09/Aug/2021:10:10:22 +0800] "GET /xingrg/check_reg.html?_=1628475022306 HTTP/1.1" 200 22
180.169.147.146 - - [09/Aug/2021:10:10:22 +0800] "GET /xingrg/all/function/internal_message.html?_=1628475021653&CODE_STATE=getMsg HTTP/1.1" 200 27
180.169.147.146 - - [09/Aug/2021:10:10:22 +0800] "POST /xingrg/login.do HTTP/1.1" 302 -
180.169.147.146 - - [09/Aug/2021:10:10:22 +0800] "GET /xingrg/index.html?sysBaseUrl=http%3A%2F%2F180.169.147.146%3A18081%2Fxingrg%2F&costTime=40×tamp=1628475022575 HTTP/1.1" 200 17503
180.169.147.146 - - [09/Aug/2021:10:10:22 +0800] "GET /xingrg/javascript/jquery_easy_ui/themes/icon.css HTTP/1.1" 200 3949
180.169.147.146 - - [09/Aug/2021:10:10:22 +0800] "GET /xingrg/javascript/jquery_easy_ui/themes/default/easyui.css HTTP/1.1" 200 26500
180.169.147.146 - - [09/Aug/2021:10:10:22 +0800] "GET /xingrg/css/form.css HTTP/1.1" 200 893
180.169.147.146 - - [09/Aug/2021:10:10:22 +0800] "GET /xingrg/javascript/jquery-1.4.2.min.js HTTP/1.1" 200 72205
180.169.147.146 - - [09/Aug/2021:10:10:22 +0800] "GET /xingrg/javascript/jquery_easy_ui/jquery.easyui.min.js HTTP/1.1" 200 213662
180.169.147.146 - - [09/Aug/2021:10:10:22 +0800] "GET /xingrg/javascript/jquery_easy_ui/easyui-lang-zh_CN.js HTTP/1.1" 200 1900
180.169.147.146 - - [09/Aug/2021:10:10:22 +0800] "GET /xingrg/javascript/jquery.form.js HTTP/1.1" 200 23110
180.169.147.146 - - [09/Aug/2021:10:10:22 +0800] "GET /xingrg/javascript/jquery.utils.js HTTP/1.1" 200 11805
180.169.147.146 - - [09/Aug/2021:10:10:22 +0800] "GET /xingrg/javascript/jquery.timers.js HTTP/1.1" 200 3532
180.169.147.146 - - [09/Aug/2021:10:10:22 +0800] "GET /favicon.ico HTTP/1.1" 404 -
180.169.147.146 - - [09/Aug/2021:10:10:22 +0800] "GET /xingrg/javascript/jquery_easy_ui/themes/icons/settle_new.png HTTP/1.1" 200 826
180.169.147.146 - - [09/Aug/2021:10:10:22 +0800] "GET /xingrg/images/blue/navBackgound.jpg HTTP/1.1" 200 12378
180.169.147.146 - - [09/Aug/2021:10:10:22 +0800] "POST /xingrg/all/common/load_tree.html?tree=area_rest_tree_json&manage=1 HTTP/1.1" 200 3472
180.169.147.146 - - [09/Aug/2021:10:10:22 +0800] "GET /xingrg/all/function/internal_message.html?_=1628475021206&CODE_STATE=count HTTP/1.1" 200 11
180.169.147.146 - - [09/Aug/2021:10:10:22 +0800] "GET /xingrg/check_reg.html?_=1628475021208 HTTP/1.1" 200 22
180.169.147.146 - - [09/Aug/2021:10:10:22 +0800] "GET /xingrg/images/blue/pingpu.png HTTP/1.1" 200 231
180.169.147.146 - - [09/Aug/2021:10:10:22 +0800] "GET /xingrg/javascript/jquery_easy_ui/themes/default/images/tabs_leftarrow.png HTTP/1.1" 200 389
180.169.147.146 - - [09/Aug/2021:10:10:22 +0800] "GET /xingrg/javascript/jquery_easy_ui/themes/default/images/tabs_rightarrow.png HTTP/1.1" 200 395
180.169.147.146 - - [09/Aug/2021:10:10:22 +0800] "GET /xingrg/javascript/jquery_easy_ui/themes/default/images/panel_tool_expand.gif HTTP/1.1" 200 247
180.169.147.146 - - [09/Aug/2021:10:10:22 +0800] "GET /xingrg/javascript/jquery_easy_ui/themes/default/images/panel_tool_collapse.gif HTTP/1.1" 200 246
180.169.147.146 - - [09/Aug/2021:10:10:22 +0800] "POST /xingrg/load_menu.html HTTP/1.1" 200 11443
180.169.147.146 - - [09/Aug/2021:10:10:23 +0800] "GET /xingrg/javascript/jquery_easy_ui/themes/default/images/tree_arrows.gif HTTP/1.1" 200 1043
180.169.147.146 - - [09/Aug/2021:10:10:23 +0800] "GET /xingrg/javascript/jquery_easy_ui/themes/default/images/tree_folder_open.gif HTTP/1.1" 200 956
180.169.147.146 - - [09/Aug/2021:10:10:23 +0800] "GET /xingrg/javascript/jquery_easy_ui/themes/icons/search_new.png HTTP/1.1" 200 586
180.169.147.146 - - [09/Aug/2021:10:10:23 +0800] "GET /xingrg/javascript/jquery_easy_ui/themes/icons/delivery_new.png HTTP/1.1" 200 700
180.169.147.146 - - [09/Aug/2021:10:10:23 +0800] "GET /xingrg/javascript/jquery_easy_ui/themes/icons/storage_new.png HTTP/1.1" 200 853
180.169.147.146 - - [09/Aug/2021:10:10:23 +0800] "GET /xingrg/javascript/jquery_easy_ui/themes/icons/checkout_new.png HTTP/1.1" 200 744
180.169.147.146 - - [09/Aug/2021:10:10:23 +0800] "GET /xingrg/javascript/jquery_easy_ui/themes/icons/forms_new.png HTTP/1.1" 200 350
180.169.147.146 - - [09/Aug/2021:10:10:23 +0800] "GET /xingrg/javascript/jquery_easy_ui/themes/icons/setting_new.png HTTP/1.1" 200 450
180.169.147.146 - - [09/Aug/2021:10:10:23 +0800] "GET /xingrg/javascript/jquery_easy_ui/themes/icons/systemset_new.png HTTP/1.1" 200 606
180.169.147.146 - - [09/Aug/2021:10:10:23 +0800] "GET /xingrg/javascript/jquery_easy_ui/themes/default/images/tree_file.gif HTTP/1.1" 200 118
180.169.147.146 - - [09/Aug/2021:10:10:23 +0800] "GET /xingrg/javascript/jquery_easy_ui/themes/default/images/tree_folder.gif HTTP/1.1" 200 952
180.169.147.146 - - [09/Aug/2021:10:10:23 +0800] "GET /favicon.ico HTTP/1.1" 404 -
180.169.147.146 - - [09/Aug/2021:10:10:24 +0800] "GET /favicon.ico HTTP/1.1" 404 -
180.169.147.146 - - [09/Aug/2021:10:10:25 +0800] "GET /xingrg/login.html HTTP/1.1" 200 7641
180.169.147.146 - - [09/Aug/2021:10:10:25 +0800] "GET /favicon.ico HTTP/1.1" 404 -
180.169.147.146 - - [09/Aug/2021:10:10:27 +0800] "POST /xingrg/login.do HTTP/1.1" 302 -
180.169.147.146 - - [09/Aug/2021:10:10:27 +0800] "GET /xingrg/index.html?sysBaseUrl=http%3A%2F%2F180.169.147.146%3A18081%2Fxingrg%2F&costTime=42×tamp=1628475027142 HTTP/1.1" 200 17503
180.169.147.146 - - [09/Aug/2021:10:10:27 +0800] "GET /favicon.ico HTTP/1.1" 404 -
180.169.147.146 - - [09/Aug/2021:10:10:27 +0800] "POST /xingrg/all/common/load_tree.html?tree=area_rest_tree_json&manage=1 HTTP/1.1" 200 3216
180.169.147.146 - - [09/Aug/2021:10:10:27 +0800] "GET /xingrg/all/function/internal_message.html?_=1628475026688&CODE_STATE=count HTTP/1.1" 200 11
180.169.147.146 - - [09/Aug/2021:10:10:27 +0800] "GET /xingrg/check_reg.html?_=1628475026688 HTTP/1.1" 200 22
180.169.147.146 - - [09/Aug/2021:10:10:27 +0800] "POST /xingrg/load_menu.html HTTP/1.1" 200 11564
58.40.7.146 - - [09/Aug/2021:10:10:29 +0800] "GET /xingrg/all/function/internal_message.html?_=1628475028310&CODE_STATE=getMsg HTTP/1.1" 302 -
116.232.53.224 - - [09/Aug/2021:10:10:30 +0800] "GET /xingrg/all/function/internal_message.html?_=1628475029524&CODE_STATE=getMsg HTTP/1.1" 200 27
180.169.147.146 - - [09/Aug/2021:10:10:32 +0800] "GET /xingrg/javascript/jquery_easy_ui/themes/icons/area.png HTTP/1.1" 200 262
180.169.147.146 - - [09/Aug/2021:10:10:32 +0800] "GET /xingrg/javascript/jquery_easy_ui/themes/icons/manage.png HTTP/1.1" 200 696
180.169.147.146 - - [09/Aug/2021:10:10:32 +0800] "GET /xingrg/javascript/jquery_easy_ui/themes/icons/rest.png HTTP/1.1" 200 695
222.70.178.182 - - [09/Aug/2021:10:10:37 +0800] "GET /xingrg/check_reg.html?_=1628475035220 HTTP/1.1" 200 22
222.70.178.182 - - [09/Aug/2021:10:10:37 +0800] "GET /xingrg/all/function/internal_message.html?_=1628475035366&CODE_STATE=getMsg HTTP/1.1" 200 27
120.253.135.82 - - [09/Aug/2021:10:10:40 +0800] "GET /xingrg/all/function/internal_message.html?_=1628475070846&CODE_STATE=getMsg HTTP/1.1" 200 27
116.237.74.182 - - [09/Aug/2021:10:10:41 +0800] "GET /xingrg/all/function/internal_message.html?_=1628475040557&CODE_STATE=getMsg HTTP/1.1" 200 27
222.69.131.39 - - [09/Aug/2021:10:10:41 +0800] "GET /xingrg/all/function/internal_message.html?_=1628475039918&CODE_STATE=getMsg HTTP/1.1" 200 27
180.174.224.95 - - [09/Aug/2021:10:10:42 +0800] "GET /xingrg/all/function/internal_message.html?_=1628475019054&CODE_STATE=getMsg HTTP/1.1" 200 27
222.70.246.151 - - [09/Aug/2021:10:10:45 +0800] "GET /xingrg/all/function/internal_message.html?_=1628475045751&CODE_STATE=getMsg HTTP/1.1" 200 27
180.169.147.146 - - [09/Aug/2021:10:10:46 +0800] "GET /xingrg/all/report/report_query.html?isQuery=1&fileName=kc/buy/wlcg_cate_hz.xml&queryString=(CONVERT(char(10)%252Ca.order_time%252C%2520120)%253E%253D'2021-07-01')%2520and%2520(CONVERT(char(10)%252Ca.order_time%252C%2520120)%253C%253D'2021-07-31')%2520and%2520(a.supplier_code%2520in%2520('00100017'))%2520and%2520(a.number%253E0%2520and%2520a.supplier_code%253D'00100017')&queryText=%25E3%2580%2590%25E9%2587%2587%25E8%25B4%25AD%25E6%2597%25A5%25E6%259C%259F%253A2021-07-01%2520%25E8%2587%25B3%25202021-07-31%25E3%2580%2591%2520%25E5%25B9%25B6%25E4%25B8%2594%2520%2520%25E3%2580%2590%25E4%25BE%259B%25E5%25BA%2594%25E5%2595%2586%2520%253D%2520%25E9%2585%2592%25E6%25B0%25B4%25EF%25BC%2588%25E9%25BE%2599%25E5%25B7%259D%25EF%25BC%2589%25E3%2580%2591%2520%25E5%25B9%25B6%25E4%25B8%2594%2520%25E3%2580%2590%25E4%25BE%259B%25E5%25BA%2594%25E5%2595%2586%253D%25E9%2585%2592%25E6%25B0%25B4%25EF%25BC%2588%25E9%25BE%2599%25E5%25B7%259D%25EF%25BC%2589%25E3%2580%2591 HTTP/1.1" 200 54472
180.169.147.146 - - [09/Aug/2021:10:10:46 +0800] "GET /xingrg/dwr/interface/AjaxReportQueryService.js HTTP/1.1" 200 13203
180.169.147.146 - - [09/Aug/2021:10:10:46 +0800] "GET /xingrg/dwr/engine.js HTTP/1.1" 200 43631
180.169.147.146 - - [09/Aug/2021:10:10:47 +0800] "GET /xingrg/all/function/internal_message.html?_=1628475046046&CODE_STATE=getMsg HTTP/1.1" 200 27
180.169.147.146 - - [09/Aug/2021:10:10:47 +0800] "POST /xingrg/all/report/load_report_page.html HTTP/1.1" 200 8708
180.169.147.146 - - [09/Aug/2021:10:10:47 +0800] "GET /xingrg/servlets/image?cache=0.750810863979788&image=px HTTP/1.1" 200 807
222.70.178.182 - - [09/Aug/2021:10:10:53 +0800] "GET /xingrg/all/function/internal_message.html?_=1628475084277&CODE_STATE=getMsg HTTP/1.1" 302 -
180.169.147.146 - - [09/Aug/2021:10:11:02 +0800] "GET /xingrg/all/report/report_query.html?fileName=kc/buy/wlcg_hz_day.xml&rw=1600 HTTP/1.1" 200 51683
180.169.147.146 - - [09/Aug/2021:10:11:02 +0800] "GET /xingrg/dwr/interface/AjaxReportQueryService.js HTTP/1.1" 200 13203
180.169.147.146 - - [09/Aug/2021:10:11:02 +0800] "GET /xingrg/dwr/engine.js HTTP/1.1" 200 43631
180.169.147.146 - - [09/Aug/2021:10:11:02 +0800] "POST /xingrg/dwr/call/plaincall/AjaxReportQueryService.getFixDate.dwr HTTP/1.1" 200 111
180.169.147.146 - - [09/Aug/2021:10:11:02 +0800] "POST /xingrg/all/common/load_tree.html?tree=supplier_tree_json&manage=1 HTTP/1.1" 200 58169
180.169.147.146 - - [09/Aug/2021:10:11:03 +0800] "POST /xingrg/all/common/load_tree.html?tree=materiel_sort_tree_json HTTP/1.1" 200 8666
114.84.82.184 - - [09/Aug/2021:10:11:05 +0800] "GET /xingrg/kc/buy/cgsh_order_operate.html?command=get_materiel&rest_code=00148&code=00101004038&supplier_code=00100312&order_time=2021-08-09 HTTP/1.1" 200 428
116.230.110.80 - - [09/Aug/2021:10:11:05 +0800] "GET /xingrg/all/function/internal_message.html?_=1628475048379&CODE_STATE=getMsg HTTP/1.1" 200 27
180.169.147.146 - - [09/Aug/2021:10:11:06 +0800] "GET /xingrg/all/function/internal_message.html?_=1628475064772&CODE_STATE=getMsg HTTP/1.1" 200 27
222.70.178.182 - - [09/Aug/2021:10:11:06 +0800] "GET /xingrg/kc/buy/buy_main.html HTTP/1.1" 200 12412
222.70.178.182 - - [09/Aug/2021:10:11:06 +0800] "GET /xingrg/css/new_ie.css HTTP/1.1" 404 1036
180.156.224.123 - - [09/Aug/2021:10:11:07 +0800] "GET /xingrg/all/function/internal_message.html?_=1628475064906&CODE_STATE=getMsg HTTP/1.1" 200 27
180.156.224.123 - - [09/Aug/2021:10:11:07 +0800] "GET /xingrg/check_reg.html?_=1628475064909 HTTP/1.1" 200 22
222.70.178.182 - - [09/Aug/2021:10:11:07 +0800] "GET /xingrg/images/yd/bt.gif HTTP/1.1" 404 1040
222.70.178.182 - - [09/Aug/2021:10:11:08 +0800] "GET /xingrg/kc/buy/cgsh_order_list.html HTTP/1.1" 200 47405
222.70.178.182 - - [09/Aug/2021:10:11:08 +0800] "POST /xingrg/kc/buy/cgsh_list_operate.html HTTP/1.1" 200 876
222.70.178.182 - - [09/Aug/2021:10:11:10 +0800] "GET /xingrg/kc/buy/cgsh_order_add.html HTTP/1.1" 200 63143
222.70.178.182 - - [09/Aug/2021:10:11:11 +0800] "POST /xingrg/kc/buy/cgsh_order_operate.html HTTP/1.1" 200 8245
222.70.178.182 - - [09/Aug/2021:10:11:11 +0800] "GET /xingrg/javascript/easyui/themes/default/validatebox.css HTTP/1.1" 404 1104
58.221.95.50 - - [09/Aug/2021:10:11:11 +0800] "GET /xingrg/check_reg.html?_=1628475072905 HTTP/1.1" 302 -
180.169.147.146 - - [09/Aug/2021:10:11:13 +0800] "GET /xingrg/system/info/materiel_manager.html HTTP/1.1" 200 19497
180.169.147.146 - - [09/Aug/2021:10:11:13 +0800] "GET /xingrg/javascript/jquery_easy_ui/themes/default/images/tabs_close.gif HTTP/1.1" 200 829
180.169.147.146 - - [09/Aug/2021:10:11:13 +0800] "GET /xingrg/css/blue.css HTTP/1.1" 200 15949
180.169.147.146 - - [09/Aug/2021:10:11:13 +0800] "GET /xingrg/css/xtree.css HTTP/1.1" 200 880
180.169.147.146 - - [09/Aug/2021:10:11:13 +0800] "GET /xingrg/javascript/jquery_ui/themes/base/base.css HTTP/1.1" 200 28568
180.169.147.146 - - [09/Aug/2021:10:11:13 +0800] "GET /xingrg/javascript/pic_change.js HTTP/1.1" 200 4739
180.169.147.146 - - [09/Aug/2021:10:11:13 +0800] "GET /xingrg/dwr/interface/AjaxBaseInfoService.js HTTP/1.1" 200 21363
180.169.147.146 - - [09/Aug/2021:10:11:13 +0800] "GET /xingrg/dwr/interface/AjaxComOrderService.js HTTP/1.1" 200 18264
180.169.147.146 - - [09/Aug/2021:10:11:13 +0800] "GET /xingrg/dwr/engine.js HTTP/1.1" 200 43631
180.169.147.146 - - [09/Aug/2021:10:11:13 +0800] "GET /xingrg/dwr/util.js HTTP/1.1" 200 35990
180.169.147.146 - - [09/Aug/2021:10:11:13 +0800] "GET /xingrg/javascript/Calendar.js HTTP/1.1" 200 31561
180.169.147.146 - - [09/Aug/2021:10:11:13 +0800] "GET /xingrg/javascript/myfunction.js HTTP/1.1" 200 24559
180.169.147.146 - - [09/Aug/2021:10:11:13 +0800] "GET /xingrg/javascript/Grid.js HTTP/1.1" 200 58908
180.169.147.146 - - [09/Aug/2021:10:11:13 +0800] "GET /xingrg/javascript/ToolTips.js HTTP/1.1" 200 5615
180.169.147.146 - - [09/Aug/2021:10:11:13 +0800] "GET /xingrg/javascript/xtree.js HTTP/1.1" 200 26582
180.169.147.146 - - [09/Aug/2021:10:11:13 +0800] "GET /xingrg/javascript/print/LodopFuncs.js HTTP/1.1" 200 5121
180.169.147.146 - - [09/Aug/2021:10:11:13 +0800] "GET /xingrg/images/xtree/openfoldericon.png HTTP/1.1" 200 232
180.169.147.146 - - [09/Aug/2021:10:11:13 +0800] "GET /xingrg/javascript/jquery_easy_ui/themes/icons/import_new.png HTTP/1.1" 200 1247
180.169.147.146 - - [09/Aug/2021:10:11:13 +0800] "GET /xingrg/javascript/jquery_easy_ui/themes/icons/print_new.png HTTP/1.1" 200 3580
180.169.147.146 - - [09/Aug/2021:10:11:13 +0800] "GET /xingrg/javascript/jquery_easy_ui/themes/icons/back_new.png HTTP/1.1" 200 3414
180.169.147.146 - - [09/Aug/2021:10:11:13 +0800] "GET /xingrg/images/blue/wait.gif HTTP/1.1" 200 1100
180.169.147.146 - - [09/Aug/2021:10:11:13 +0800] "POST /xingrg/dwr/call/plaincall/AjaxBaseInfoService.getSubMaterielSorts.dwr HTTP/1.1" 200 219
180.169.147.146 - - [09/Aug/2021:10:11:13 +0800] "GET /xingrg/images/xtree/Lplus.png HTTP/1.1" 200 224
180.169.147.146 - - [09/Aug/2021:10:11:13 +0800] "GET /xingrg/images/xtree/foldericon.png HTTP/1.1" 200 229
180.169.147.146 - - [09/Aug/2021:10:11:13 +0800] "GET /xingrg/images/xtree/Tplus.png HTTP/1.1" 200 222
180.169.147.146 - - [09/Aug/2021:10:11:13 +0800] "POST /xingrg/dwr/call/plaincall/AjaxBaseInfoService.getMateriels.dwr HTTP/1.1" 200 2929
180.169.147.146 - - [09/Aug/2021:10:11:14 +0800] "POST /xingrg/dwr/call/plaincall/AjaxBaseInfoService.getSubMaterielSorts.dwr HTTP/1.1" 200 3635
180.169.147.146 - - [09/Aug/2021:10:11:14 +0800] "GET /xingrg/images/xtree/I.png HTTP/1.1" 200 148
180.169.147.146 - - [09/Aug/2021:10:11:14 +0800] "GET /xingrg/images/xtree/L.png HTTP/1.1" 200 153
180.169.147.146 - - [09/Aug/2021:10:11:14 +0800] "GET /xingrg/images/xtree/file.png HTTP/1.1" 200 251
180.169.147.146 - - [09/Aug/2021:10:11:14 +0800] "GET /xingrg/images/xtree/T.png HTTP/1.1" 200 152
180.169.147.146 - - [09/Aug/2021:10:11:14 +0800] "GET /xingrg/images/xtree/Tminus.png HTTP/1.1" 200 207
180.169.147.146 - - [09/Aug/2021:10:11:14 +0800] "POST /xingrg/dwr/call/plaincall/AjaxBaseInfoService.getMateriels.dwr HTTP/1.1" 200 2928
116.237.74.182 - - [09/Aug/2021:10:11:15 +0800] "GET /xingrg/all/function/internal_message.html?_=1628475074396&CODE_STATE=getMsg HTTP/1.1" 200 27
114.84.82.184 - - [09/Aug/2021:10:11:16 +0800] "GET /xingrg/kc/buy/cgsh_order_operate.html?command=get_materiel&rest_code=00148&code=00101004027&supplier_code=00100312&order_time=2021-08-09 HTTP/1.1" 200 409
222.70.178.182 - - [09/Aug/2021:10:11:17 +0800] "GET /xingrg/kc/buy/cgsh_order_operate.html?command=get_materiel&rest_code=00111&code=00101001138&supplier_code=&order_time=2021-08-09 HTTP/1.1" 200 432
180.169.147.146 - - [09/Aug/2021:10:11:18 +0800] "POST /xingrg/dwr/call/plaincall/AjaxBaseInfoService.getMateriels.dwr HTTP/1.1" 200 3011
114.88.154.248 - - [09/Aug/2021:10:11:18 +0800] "GET /xingrg/all/function/internal_message.html?_=1628474983570&CODE_STATE=getMsg HTTP/1.1" 200 27
114.88.154.248 - - [09/Aug/2021:10:11:18 +0800] "GET /xingrg/check_reg.html?_=1628474983617 HTTP/1.1" 200 22
180.169.147.146 - - [09/Aug/2021:10:11:19 +0800] "GET /xingrg/system/info/materiel_info.html?code=00101006&isAdd=1 HTTP/1.1" 200 34688
180.169.147.146 - - [09/Aug/2021:10:11:19 +0800] "GET /xingrg/dwr/interface/AjaxGetFirstChart.js HTTP/1.1" 200 631
180.169.147.146 - - [09/Aug/2021:10:11:19 +0800] "GET /xingrg/dwr/engine.js HTTP/1.1" 200 43631
180.169.147.146 - - [09/Aug/2021:10:11:19 +0800] "GET /xingrg/javascript/checkform.js HTTP/1.1" 200 18351
180.169.147.146 - - [09/Aug/2021:10:11:19 +0800] "GET /favicon.ico HTTP/1.1" 404 -
180.169.147.146 - - [09/Aug/2021:10:11:19 +0800] "POST /xingrg/all/common/load_tree.html?tree=area_rest_tree_json HTTP/1.1" 200 3472
180.169.147.146 - - [09/Aug/2021:10:11:19 +0800] "POST /xingrg/dwr/call/plaincall/AjaxBaseInfoService.getMaterielInfo.dwr HTTP/1.1" 200 204
180.169.147.146 - - [09/Aug/2021:10:11:19 +0800] "POST /xingrg/all/common/load_tree.html?tree=area_rest_tree_json&defaultRests=undefined HTTP/1.1" 200 3472
180.169.147.146 - - [09/Aug/2021:10:11:19 +0800] "GET /xingrg/javascript/jquery_easy_ui/themes/default/images/tree_checkbox_0.gif HTTP/1.1" 200 168
101.83.145.79 - - [09/Aug/2021:10:11:20 +0800] "GET /xingrg/all/function/internal_message.html?_=1628475080185&CODE_STATE=getMsg HTTP/1.1" 200 27
114.84.82.184 - - [09/Aug/2021:10:11:21 +0800] "GET /xingrg/all/function/internal_message.html?_=1628475080671&CODE_STATE=getMsg HTTP/1.1" 200 27
180.156.224.123 - - [09/Aug/2021:10:11:21 +0800] "GET /xingrg/check_reg.html?_=1628475031153 HTTP/1.1" 200 22
180.156.224.123 - - [09/Aug/2021:10:11:22 +0800] "GET /xingrg/all/function/internal_message.html?_=1628475031643&CODE_STATE=getMsg HTTP/1.1" 200 27
180.169.147.146 - - [09/Aug/2021:10:11:22 +0800] "POST /xingrg/dwr/call/plaincall/AjaxReportQueryService.refreshCache.dwr HTTP/1.1" 200 78
180.169.147.146 - - [09/Aug/2021:10:11:22 +0800] "GET /xingrg/all/function/internal_message.html?_=1628475081642&CODE_STATE=getMsg HTTP/1.1" 200 27
180.169.147.146 - - [09/Aug/2021:10:11:22 +0800] "GET /xingrg/all/function/internal_message.html?_=1628475081227&CODE_STATE=getMsg HTTP/1.1" 200 27
180.169.147.146 - - [09/Aug/2021:10:11:23 +0800] "POST /xingrg/all/report/load_report_page.html HTTP/1.1" 200 273934
180.169.147.146 - - [09/Aug/2021:10:11:23 +0800] "GET /xingrg/servlets/image?cache=0.39236389970590446&image=px HTTP/1.1" 200 807
180.169.147.146 - - [09/Aug/2021:10:11:25 +0800] "POST /xingrg/dwr/call/plaincall/AjaxGetFirstChart.getFirstChart.dwr HTTP/1.1" 200 80
180.169.147.146 - - [09/Aug/2021:10:11:27 +0800] "GET /xingrg/all/function/internal_message.html?_=1628475086703&CODE_STATE=getMsg HTTP/1.1" 200 27
58.40.7.146 - - [09/Aug/2021:10:11:29 +0800] "GET /xingrg/all/function/internal_message.html?_=1628475088312&CODE_STATE=getMsg HTTP/1.1" 302 -
114.84.82.184 - - [09/Aug/2021:10:11:29 +0800] "GET /xingrg/kc/buy/cgsh_order_operate.html?command=get_materiel&rest_code=00148&code=00101004071&supplier_code=00100312&order_time=2021-08-09 HTTP/1.1" 200 425
116.232.53.224 - - [09/Aug/2021:10:11:30 +0800] "GET /xingrg/all/function/internal_message.html?_=1628475089507&CODE_STATE=getMsg HTTP/1.1" 200 27
180.169.147.146 - - [09/Aug/2021:10:11:31 +0800] "POST /xingrg/dwr/call/plaincall/AjaxBaseInfoService.changeUnitGroup.dwr HTTP/1.1" 200 243
114.84.82.184 - - [09/Aug/2021:10:11:35 +0800] "GET /xingrg/kc/buy/cgsh_order_operate.html?command=get_materiel&rest_code=00148&code=00101004049&supplier_code=00100312&order_time=2021-08-09 HTTP/1.1" 200 415
180.169.147.146 - - [09/Aug/2021:10:11:36 +0800] "GET /xingrg/all/report/report_query.html?fileName=kc/buy/yfk_hz_supplier.xml HTTP/1.1" 200 53943
180.169.147.146 - - [09/Aug/2021:10:11:36 +0800] "GET /xingrg/dwr/interface/AjaxReportQueryService.js HTTP/1.1" 200 13203
180.169.147.146 - - [09/Aug/2021:10:11:36 +0800] "GET /xingrg/dwr/engine.js HTTP/1.1" 200 43631
180.169.147.146 - - [09/Aug/2021:10:11:36 +0800] "POST /xingrg/dwr/call/plaincall/AjaxReportQueryService.getFixDate.dwr HTTP/1.1" 200 111
180.169.147.146 - - [09/Aug/2021:10:11:36 +0800] "POST /xingrg/all/common/load_tree.html?tree=supplier_tree_json&manage=1 HTTP/1.1" 200 58169
222.70.178.182 - - [09/Aug/2021:10:11:37 +0800] "GET /xingrg/all/function/internal_message.html?_=1628475095346&CODE_STATE=getMsg HTTP/1.1" 200 27
120.253.135.82 - - [09/Aug/2021:10:11:40 +0800] "GET /xingrg/check_reg.html?_=1628475130675 HTTP/1.1" 200 22
120.253.135.82 - - [09/Aug/2021:10:11:40 +0800] "GET /xingrg/all/function/internal_message.html?_=1628475130860&CODE_STATE=getMsg HTTP/1.1" 200 27
222.69.131.39 - - [09/Aug/2021:10:11:41 +0800] "GET /xingrg/all/function/internal_message.html?_=1628475099903&CODE_STATE=getMsg HTTP/1.1" 200 27
116.237.74.182 - - [09/Aug/2021:10:11:41 +0800] "GET /xingrg/all/function/internal_message.html?_=1628475100568&CODE_STATE=getMsg HTTP/1.1" 200 27
222.69.131.39 - - [09/Aug/2021:10:11:41 +0800] "GET /xingrg/check_reg.html?_=1628475100406 HTTP/1.1" 200 22
180.174.224.95 - - [09/Aug/2021:10:11:42 +0800] "GET /xingrg/all/function/internal_message.html?_=1628475079363&CODE_STATE=getMsg HTTP/1.1" 200 27
114.84.82.184 - - [09/Aug/2021:10:11:44 +0800] "GET /xingrg/kc/buy/cgsh_order_operate.html?command=get_materiel&rest_code=00148&code=00101004030&supplier_code=00100312&order_time=2021-08-09 HTTP/1.1" 200 408
222.70.246.151 - - [09/Aug/2021:10:11:45 +0800] "GET /xingrg/all/function/internal_message.html?_=1628475106333&CODE_STATE=getMsg HTTP/1.1" 200 27
180.169.147.146 - - [09/Aug/2021:10:11:47 +0800] "GET /xingrg/check_reg.html?_=1628475106061 HTTP/1.1" 200 22
180.169.147.146 - - [09/Aug/2021:10:11:47 +0800] "GET /xingrg/all/function/internal_message.html?_=1628475106066&CODE_STATE=getMsg HTTP/1.1" 200 27
180.169.147.146 - - [09/Aug/2021:10:11:47 +0800] "POST /xingrg/dwr/call/plaincall/AjaxBaseInfoService.saveMateriel.dwr HTTP/1.1" 200 109
180.169.147.146 - - [09/Aug/2021:10:11:47 +0800] "POST /xingrg/dwr/call/plaincall/AjaxBaseInfoService.getMateriels.dwr HTTP/1.1" 200 3011
114.84.82.184 - - [09/Aug/2021:10:11:52 +0800] "GET /xingrg/kc/buy/cgsh_order_operate.html?command=get_materiel&rest_code=00148&code=00101001096&supplier_code=00100312&order_time=2021-08-09 HTTP/1.1" 200 433
180.169.147.146 - - [09/Aug/2021:10:11:53 +0800] "GET /xingrg/system/info/materiel_info.html?code=00101006&isAdd=1 HTTP/1.1" 200 34688
180.169.147.146 - - [09/Aug/2021:10:11:53 +0800] "GET /xingrg/dwr/interface/AjaxBaseInfoService.js HTTP/1.1" 200 21363
180.169.147.146 - - [09/Aug/2021:10:11:53 +0800] "GET /xingrg/dwr/interface/AjaxGetFirstChart.js HTTP/1.1" 200 631
180.169.147.146 - - [09/Aug/2021:10:11:53 +0800] "GET /xingrg/dwr/interface/AjaxComOrderService.js HTTP/1.1" 200 18264
180.169.147.146 - - [09/Aug/2021:10:11:53 +0800] "GET /xingrg/dwr/engine.js HTTP/1.1" 200 43631
222.70.178.182 - - [09/Aug/2021:10:11:53 +0800] "GET /xingrg/all/function/internal_message.html?_=1628475144276&CODE_STATE=getMsg HTTP/1.1" 302 -
180.169.147.146 - - [09/Aug/2021:10:11:53 +0800] "POST /xingrg/all/common/load_tree.html?tree=area_rest_tree_json HTTP/1.1" 200 3472
180.169.147.146 - - [09/Aug/2021:10:11:53 +0800] "POST /xingrg/dwr/call/plaincall/AjaxBaseInfoService.getMaterielInfo.dwr HTTP/1.1" 200 204
180.169.147.146 - - [09/Aug/2021:10:11:53 +0800] "POST /xingrg/all/common/load_tree.html?tree=area_rest_tree_json&defaultRests=undefined HTTP/1.1" 200 3472
180.169.147.146 - - [09/Aug/2021:10:11:56 +0800] "POST /xingrg/dwr/call/plaincall/AjaxReportQueryService.refreshCache.dwr HTTP/1.1" 200 78
180.169.147.146 - - [09/Aug/2021:10:11:57 +0800] "POST /xingrg/all/report/load_report_page.html HTTP/1.1" 200 10345
180.169.147.146 - - [09/Aug/2021:10:11:57 +0800] "GET /xingrg/servlets/image?cache=0.5579272127401048&image=px HTTP/1.1" 200 807
180.169.147.146 - - [09/Aug/2021:10:11:59 +0800] "GET /xingrg/all/report/report_query.html?isQuery=1&fileName=kc/buy/gys_order.xml&queryString=(a.supplier_code%3D'00100017')%20and%20(CONVERT(char(10)%2Ca.order_time%2C%20120)%3E%3D'2021-07-01')%20and%20('2021-07-31'%3E%3DCONVERT(char(10)%2Ca.order_time%2C%20120))&queryText=%E3%80%90%E6%9F%A5%E8%AF%A2%E6%97%A5%E6%9C%9F%3A2021-07-01%20%E8%87%B3%202021-07-31%E3%80%91%20%E5%B9%B6%E4%B8%94%20%20%E3%80%90%E4%BE%9B%E5%BA%94%E5%95%86%20%3D%20%E9%85%92%E6%B0%B4%EF%BC%88%E9%BE%99%E5%B7%9D%EF%BC%89%E3%80%91%20%E3%80%90%E4%BE%9B%E5%BA%94%E5%95%86%20%3D%20%E9%85%92%E6%B0%B4%EF%BC%88%E9%BE%99%E5%B7%9D%EF%BC%89%E3%80%91&rand=0.046294303451965724 HTTP/1.1" 200 51510
180.169.147.146 - - [09/Aug/2021:10:11:59 +0800] "GET /xingrg/all/report/report_query.html?isQuery=1&fileName=kc/buy/gys_order.xml&queryString=(a.supplier_code%3D'00100017')%20and%20(CONVERT(char(10)%2Ca.order_time%2C%20120)%3E%3D'2021-07-01')%20and%20('2021-07-31'%3E%3DCONVERT(char(10)%2Ca.order_time%2C%20120))&queryText=%E3%80%90%E6%9F%A5%E8%AF%A2%E6%97%A5%E6%9C%9F%3A2021-07-01%20%E8%87%B3%202021-07-31%E3%80%91%20%E5%B9%B6%E4%B8%94%20%20%E3%80%90%E4%BE%9B%E5%BA%94%E5%95%86%20%3D%20%E9%85%92%E6%B0%B4%EF%BC%88%E9%BE%99%E5%B7%9D%EF%BC%89%E3%80%91%20%E3%80%90%E4%BE%9B%E5%BA%94%E5%95%86%20%3D%20%E9%85%92%E6%B0%B4%EF%BC%88%E9%BE%99%E5%B7%9D%EF%BC%89%E3%80%91&rand=0.046294303451965724 HTTP/1.1" 200 51510
180.169.147.146 - - [09/Aug/2021:10:11:59 +0800] "GET /xingrg/dwr/interface/AjaxReportQueryService.js HTTP/1.1" 200 13203
180.169.147.146 - - [09/Aug/2021:10:11:59 +0800] "GET /xingrg/dwr/engine.js HTTP/1.1" 200 43631
180.169.147.146 - - [09/Aug/2021:10:11:59 +0800] "POST /xingrg/dwr/call/plaincall/AjaxBaseInfoService.getSubMaterielSorts.dwr HTTP/1.1" 200 3482
180.169.147.146 - - [09/Aug/2021:10:11:59 +0800] "GET /xingrg/images/xtree/blank.png HTTP/1.1" 200 144
180.169.147.146 - - [09/Aug/2021:10:11:59 +0800] "GET /xingrg/images/xtree/Lminus.png HTTP/1.1" 200 219
180.169.147.146 - - [09/Aug/2021:10:11:59 +0800] "POST /xingrg/dwr/call/plaincall/AjaxBaseInfoService.getMateriels.dwr HTTP/1.1" 200 3020
180.169.147.146 - - [09/Aug/2021:10:11:59 +0800] "POST /xingrg/all/report/load_report_page.html HTTP/1.1" 200 71259
180.169.147.146 - - [09/Aug/2021:10:11:59 +0800] "GET /xingrg/servlets/image?cache=0.9912269813612873&image=px HTTP/1.1" 200 807
114.84.82.184 - - [09/Aug/2021:10:12:00 +0800] "GET /xingrg/kc/buy/cgsh_order_operate.html?command=get_materiel&rest_code=00148&code=00101001047&supplier_code=00100312&order_time=2021-08-09 HTTP/1.1" 200 421
180.169.147.146 - - [09/Aug/2021:10:12:01 +0800] "POST /xingrg/dwr/call/plaincall/AjaxBaseInfoService.getMateriels.dwr HTTP/1.1" 200 3016
180.169.147.146 - - [09/Aug/2021:10:12:02 +0800] "GET /xingrg/system/info/materiel_info.html?code=00102002&isAdd=1 HTTP/1.1" 200 34688
180.169.147.146 - - [09/Aug/2021:10:12:02 +0800] "GET /xingrg/dwr/engine.js HTTP/1.1" 200 43631
180.169.147.146 - - [09/Aug/2021:10:12:02 +0800] "GET /favicon.ico HTTP/1.1" 404 -
180.169.147.146 - - [09/Aug/2021:10:12:02 +0800] "POST /xingrg/all/common/load_tree.html?tree=area_rest_tree_json HTTP/1.1" 200 3472
180.169.147.146 - - [09/Aug/2021:10:12:02 +0800] "POST /xingrg/dwr/call/plaincall/AjaxBaseInfoService.getMaterielInfo.dwr HTTP/1.1" 200 228
180.169.147.146 - - [09/Aug/2021:10:12:02 +0800] "POST /xingrg/all/common/load_tree.html?tree=area_rest_tree_json&defaultRests=undefined HTTP/1.1" 200 3472
180.169.147.146 - - [09/Aug/2021:10:12:04 +0800] "GET /xingrg/check_reg.html?_=1628475122914 HTTP/1.1" 200 22
116.230.110.80 - - [09/Aug/2021:10:12:05 +0800] "GET /xingrg/all/function/internal_message.html?_=1628475108377&CODE_STATE=getMsg HTTP/1.1" 200 27
180.169.147.146 - - [09/Aug/2021:10:12:06 +0800] "GET /xingrg/all/function/internal_message.html?_=1628475124743&CODE_STATE=getMsg HTTP/1.1" 200 27
180.156.224.123 - - [09/Aug/2021:10:12:07 +0800] "GET /xingrg/all/function/internal_message.html?_=1628475124915&CODE_STATE=getMsg HTTP/1.1" 200 27
180.169.147.146 - - [09/Aug/2021:10:12:12 +0800] "POST /xingrg/dwr/call/plaincall/AjaxGetFirstChart.getFirstChart.dwr HTTP/1.1" 200 82
114.84.82.184 - - [09/Aug/2021:10:12:13 +0800] "POST /xingrg/kc/buy/cgsh_order_operate.html HTTP/1.1" 200 37
114.84.82.184 - - [09/Aug/2021:10:12:15 +0800] "POST /xingrg/kc/buy/cgsh_order_operate.html HTTP/1.1" 200 6230
116.237.74.182 - - [09/Aug/2021:10:12:15 +0800] "GET /xingrg/all/function/internal_message.html?_=1628475134373&CODE_STATE=getMsg HTTP/1.1" 200 27
222.69.131.39 - - [09/Aug/2021:10:12:16 +0800] "GET /xingrg/kc/report/report_main.html HTTP/1.1" 200 7345
222.69.131.39 - - [09/Aug/2021:10:12:16 +0800] "GET /xingrg/javascript/jquery_ui/themes/humanity/humanity.css HTTP/1.1" 200 27801
222.69.131.39 - - [09/Aug/2021:10:12:17 +0800] "GET /xingrg/all/report/report_query.html?fileName=kc/buy/wlcg_cate_hz.xml HTTP/1.1" 200 53941
222.69.131.39 - - [09/Aug/2021:10:12:17 +0800] "GET /xingrg/javascript/multi_select/jqueryMultiSelect.css HTTP/1.1" 200 951
