120.253.135.82 - - [09/Aug/2021:09:59:18 +0800] "GET /xingrg/javascript/jquery_easy_ui/themes/icons/cance_new.png HTTP/1.1" 200 3986
120.253.135.82 - - [09/Aug/2021:09:59:18 +0800] "GET /xingrg/javascript/jquery_easy_ui/themes/icons/print.png HTTP/1.1" 200 1057
120.253.135.82 - - [09/Aug/2021:09:59:18 +0800] "GET /xingrg/javascript/jquery_easy_ui/themes/default/images/menu_downarrow.png HTTP/1.1" 200 173
120.253.135.82 - - [09/Aug/2021:09:59:18 +0800] "GET /xingrg/javascript/jquery_easy_ui/themes/default/images/combo_arrow_dot.gif HTTP/1.1" 200 79
120.253.135.82 - - [09/Aug/2021:09:59:18 +0800] "GET /xingrg/javascript/jquery_easy_ui/themes/default/images/validatebox_warning.png HTTP/1.1" 200 921
120.253.135.82 - - [09/Aug/2021:09:59:18 +0800] "GET /xingrg/javascript/jquery_easy_ui/themes/default/images/calendar_prevyear.gif HTTP/1.1" 200 76
120.253.135.82 - - [09/Aug/2021:09:59:18 +0800] "GET /xingrg/javascript/jquery_easy_ui/themes/default/images/calendar_nextmonth.gif HTTP/1.1" 200 64
120.253.135.82 - - [09/Aug/2021:09:59:18 +0800] "GET /xingrg/javascript/jquery_easy_ui/themes/default/images/calendar_nextyear.gif HTTP/1.1" 200 75
120.253.135.82 - - [09/Aug/2021:09:59:18 +0800] "GET /xingrg/javascript/jquery_easy_ui/themes/default/images/calendar_prevmonth.gif HTTP/1.1" 200 66
120.253.135.82 - - [09/Aug/2021:09:59:18 +0800] "POST /xingrg/all/common/load_tree.html?tree=supplier_tree_json&isDelete=1 HTTP/1.1" 200 57192
120.253.135.82 - - [09/Aug/2021:09:59:18 +0800] "GET /xingrg/images/blue/button/kc_tab_edit.gif HTTP/1.1" 200 551
120.253.135.82 - - [09/Aug/2021:09:59:18 +0800] "GET /xingrg/images/blue/button/kc_tab_save.gif HTTP/1.1" 200 777
120.253.135.82 - - [09/Aug/2021:09:59:18 +0800] "GET /xingrg/images/blue/button/kc_tab_add.gif HTTP/1.1" 200 375
120.253.135.82 - - [09/Aug/2021:09:59:18 +0800] "GET /xingrg/images/blue/button/kc_tab_del.gif HTTP/1.1" 200 383
120.253.135.82 - - [09/Aug/2021:09:59:18 +0800] "GET /xingrg/images/blue/kc_tab_mid.gif HTTP/1.1" 200 44
120.253.135.82 - - [09/Aug/2021:09:59:18 +0800] "GET /xingrg/images/blue/kc_tab_left.gif HTTP/1.1" 200 188
120.253.135.82 - - [09/Aug/2021:09:59:18 +0800] "GET /xingrg/images/blue/kc_tab_right.gif HTTP/1.1" 200 643
120.253.135.82 - - [09/Aug/2021:09:59:18 +0800] "GET /xingrg/images/blue/kc_tab2_left.gif HTTP/1.1" 200 625
120.253.135.82 - - [09/Aug/2021:09:59:18 +0800] "GET /xingrg/images/blue/kc_tab2_right.gif HTTP/1.1" 200 192
114.88.154.248 - - [09/Aug/2021:09:59:19 +0800] "GET /xingrg/all/function/internal_message.html?_=1628474263863&CODE_STATE=getMsg HTTP/1.1" 200 27
222.70.178.182 - - [09/Aug/2021:09:59:19 +0800] "POST /xingrg/dwr/call/plaincall/AjaxCheckService.setItemNumber.dwr HTTP/1.1" 200 78
180.174.224.95 - - [09/Aug/2021:09:59:19 +0800] "POST /xingrg/kc/buy/cgsh_list_operate.html HTTP/1.1" 200 5961
180.169.147.146 - - [09/Aug/2021:09:59:20 +0800] "POST /xingrg/dwr/call/plaincall/AjaxCheckService.setItemNumber.dwr HTTP/1.1" 200 78
101.83.145.79 - - [09/Aug/2021:09:59:20 +0800] "GET /xingrg/all/function/internal_message.html?_=1628474360323&CODE_STATE=getMsg HTTP/1.1" 200 27
222.70.178.182 - - [09/Aug/2021:09:59:20 +0800] "POST /xingrg/dwr/call/plaincall/AjaxCheckService.setItemNumber.dwr HTTP/1.1" 200 78
120.253.135.82 - - [09/Aug/2021:09:59:21 +0800] "GET /xingrg/javascript/jquery_easy_ui/themes/default/images/validatebox_pointer.gif HTTP/1.1" 200 82
180.156.224.123 - - [09/Aug/2021:09:59:21 +0800] "GET /xingrg/all/function/internal_message.html?_=1628474311442&CODE_STATE=getMsg HTTP/1.1" 200 27
180.169.147.146 - - [09/Aug/2021:09:59:22 +0800] "POST /xingrg/dwr/call/plaincall/AjaxCheckService.setItemNumber.dwr HTTP/1.1" 200 78
222.70.178.182 - - [09/Aug/2021:09:59:22 +0800] "POST /xingrg/dwr/call/plaincall/AjaxCheckService.setItemNumber.dwr HTTP/1.1" 200 78
180.169.147.146 - - [09/Aug/2021:09:59:22 +0800] "GET /xingrg/all/function/internal_message.html?_=1628474361640&CODE_STATE=getMsg HTTP/1.1" 200 27
180.169.147.146 - - [09/Aug/2021:09:59:22 +0800] "GET /xingrg/check_reg.html?_=1628474361643 HTTP/1.1" 200 22
180.169.147.146 - - [09/Aug/2021:09:59:22 +0800] "POST /xingrg/dwr/call/plaincall/AjaxCheckService.setItemNumber.dwr HTTP/1.1" 200 78
222.70.178.182 - - [09/Aug/2021:09:59:23 +0800] "POST /xingrg/dwr/call/plaincall/AjaxCheckService.setItemNumber.dwr HTTP/1.1" 200 78
180.169.147.146 - - [09/Aug/2021:09:59:24 +0800] "POST /xingrg/dwr/call/plaincall/AjaxCheckService.setItemNumber.dwr HTTP/1.1" 200 78
180.169.147.146 - - [09/Aug/2021:09:59:25 +0800] "POST /xingrg/dwr/call/plaincall/AjaxCheckService.setItemNumber.dwr HTTP/1.1" 200 78
222.70.178.182 - - [09/Aug/2021:09:59:26 +0800] "POST /xingrg/dwr/call/plaincall/AjaxCheckService.setItemNumber.dwr HTTP/1.1" 200 78
180.169.147.146 - - [09/Aug/2021:09:59:26 +0800] "POST /xingrg/dwr/call/plaincall/AjaxCheckService.setItemNumber.dwr HTTP/1.1" 200 78
180.169.147.146 - - [09/Aug/2021:09:59:26 +0800] "POST /xingrg/dwr/call/plaincall/AjaxCheckService.setItemNumber.dwr HTTP/1.1" 200 78
180.174.224.95 - - [09/Aug/2021:09:59:27 +0800] "POST /xingrg/kc/buy/cgsh_list_operate.html HTTP/1.1" 200 6029
222.70.178.182 - - [09/Aug/2021:09:59:27 +0800] "POST /xingrg/dwr/call/plaincall/AjaxCheckService.setItemNumber.dwr HTTP/1.1" 200 78
180.169.147.146 - - [09/Aug/2021:09:59:28 +0800] "POST /xingrg/dwr/call/plaincall/AjaxCheckService.setItemNumber.dwr HTTP/1.1" 200 78
58.40.7.146 - - [09/Aug/2021:09:59:29 +0800] "GET /xingrg/all/function/internal_message.html?_=1628474368294&CODE_STATE=getMsg HTTP/1.1" 302 -
222.70.178.182 - - [09/Aug/2021:09:59:29 +0800] "POST /xingrg/dwr/call/plaincall/AjaxCheckService.setItemNumber.dwr HTTP/1.1" 200 78
180.169.147.146 - - [09/Aug/2021:09:59:29 +0800] "POST /xingrg/dwr/call/plaincall/AjaxCheckService.setItemNumber.dwr HTTP/1.1" 200 78
180.174.224.95 - - [09/Aug/2021:09:59:30 +0800] "POST /xingrg/services/DataTransmitService HTTP/1.1" 200 524
116.232.53.224 - - [09/Aug/2021:09:59:30 +0800] "GET /xingrg/all/function/internal_message.html?_=1628474369748&CODE_STATE=getMsg HTTP/1.1" 200 27
222.70.178.182 - - [09/Aug/2021:09:59:30 +0800] "POST /xingrg/dwr/call/plaincall/AjaxCheckService.setItemNumber.dwr HTTP/1.1" 200 78
116.237.74.182 - - [09/Aug/2021:09:59:31 +0800] "GET /xingrg/kc/buy/cgsh_order_operate.html?command=get_materiel&rest_code=00106&code=00101006056&supplier_code=00100015&order_time=2021-08-09 HTTP/1.1" 200 413
180.169.147.146 - - [09/Aug/2021:09:59:31 +0800] "POST /xingrg/dwr/call/plaincall/AjaxCheckService.setItemNumber.dwr HTTP/1.1" 200 78
120.253.135.82 - - [09/Aug/2021:09:59:32 +0800] "GET /xingrg/javascript/auto/indicator.gif HTTP/1.1" 404 1066
180.169.147.146 - - [09/Aug/2021:09:59:33 +0800] "POST /xingrg/dwr/call/plaincall/AjaxCheckService.setItemNumber.dwr HTTP/1.1" 200 78
180.174.224.95 - - [09/Aug/2021:09:59:33 +0800] "POST /xingrg/kc/buy/cgsh_list_operate.html HTTP/1.1" 200 501
222.70.178.182 - - [09/Aug/2021:09:59:33 +0800] "POST /xingrg/dwr/call/plaincall/AjaxCheckService.setItemNumber.dwr HTTP/1.1" 200 78
180.169.147.146 - - [09/Aug/2021:09:59:34 +0800] "POST /xingrg/dwr/call/plaincall/AjaxCheckService.setItemNumber.dwr HTTP/1.1" 200 78
180.169.147.146 - - [09/Aug/2021:09:59:35 +0800] "POST /xingrg/dwr/call/plaincall/AjaxCheckService.setItemNumber.dwr HTTP/1.1" 200 78
180.169.147.146 - - [09/Aug/2021:09:59:36 +0800] "POST /xingrg/dwr/call/plaincall/AjaxCheckService.setItemNumber.dwr HTTP/1.1" 200 78
222.70.178.182 - - [09/Aug/2021:09:59:37 +0800] "GET /xingrg/all/function/internal_message.html?_=1628474375591&CODE_STATE=getMsg HTTP/1.1" 200 27
222.70.178.182 - - [09/Aug/2021:09:59:37 +0800] "POST /xingrg/dwr/call/plaincall/AjaxCheckService.setItemNumber.dwr HTTP/1.1" 200 78
180.169.147.146 - - [09/Aug/2021:09:59:38 +0800] "POST /xingrg/dwr/call/plaincall/AjaxCheckService.setItemNumber.dwr HTTP/1.1" 200 78
222.70.178.182 - - [09/Aug/2021:09:59:38 +0800] "POST /xingrg/dwr/call/plaincall/AjaxCheckService.setItemNumber.dwr HTTP/1.1" 200 78
180.174.224.95 - - [09/Aug/2021:09:59:39 +0800] "POST /xingrg/kc/buy/cgsh_list_operate.html HTTP/1.1" 200 202
120.253.135.82 - - [09/Aug/2021:09:59:39 +0800] "GET /xingrg/images/blue/wait.gif HTTP/1.1" 200 1100
120.253.135.82 - - [09/Aug/2021:09:59:39 +0800] "POST /xingrg/dwr/call/plaincall/AjaxCgthService.saveOrder.dwr HTTP/1.1" 200 78
180.169.147.146 - - [09/Aug/2021:09:59:40 +0800] "POST /xingrg/dwr/call/plaincall/AjaxCheckService.setItemNumber.dwr HTTP/1.1" 200 78
120.253.135.82 - - [09/Aug/2021:09:59:40 +0800] "GET /xingrg/all/function/internal_message.html?_=1628474410699&CODE_STATE=getMsg HTTP/1.1" 200 27
120.253.135.82 - - [09/Aug/2021:09:59:40 +0800] "GET /xingrg/images/yd/bt.gif HTTP/1.1" 404 1040
222.70.178.182 - - [09/Aug/2021:09:59:40 +0800] "POST /xingrg/dwr/call/plaincall/AjaxCheckService.setItemNumber.dwr HTTP/1.1" 200 78
116.237.74.182 - - [09/Aug/2021:09:59:41 +0800] "POST /xingrg/kc/buy/cgsh_order_operate.html HTTP/1.1" 200 37
180.174.224.95 - - [09/Aug/2021:09:59:41 +0800] "GET /xingrg/all/function/internal_message.html?_=1628474357858&CODE_STATE=getMsg HTTP/1.1" 200 27
222.69.131.39 - - [09/Aug/2021:09:59:41 +0800] "GET /xingrg/all/function/internal_message.html?_=1628474380059&CODE_STATE=getMsg HTTP/1.1" 200 27
180.169.147.146 - - [09/Aug/2021:09:59:41 +0800] "POST /xingrg/dwr/call/plaincall/AjaxCheckService.setItemNumber.dwr HTTP/1.1" 200 78
180.174.224.95 - - [09/Aug/2021:09:59:42 +0800] "POST /xingrg/kc/buy/cgsh_list_operate.html HTTP/1.1" 200 201
222.70.178.182 - - [09/Aug/2021:09:59:42 +0800] "POST /xingrg/dwr/call/plaincall/AjaxCheckService.setItemNumber.dwr HTTP/1.1" 200 78
222.70.246.151 - - [09/Aug/2021:09:59:42 +0800] "GET /xingrg/all/function/internal_message.html?_=1628474383404&CODE_STATE=getMsg HTTP/1.1" 200 27
101.83.145.79 - - [09/Aug/2021:09:59:42 +0800] "GET /xingrg/kc/buy/cgsh_order_operate.html?command=get_materiel&rest_code=00105&code=00101008187&supplier_code=00100323&order_time=2021-08-09 HTTP/1.1" 200 413
180.169.147.146 - - [09/Aug/2021:09:59:43 +0800] "POST /xingrg/dwr/call/plaincall/AjaxCheckService.setItemNumber.dwr HTTP/1.1" 200 78
120.253.135.82 - - [09/Aug/2021:09:59:43 +0800] "POST /xingrg/dwr/call/plaincall/AjaxComOrderService.getMaterielSearchList.dwr HTTP/1.1" 200 1540
180.169.147.146 - - [09/Aug/2021:09:59:43 +0800] "POST /xingrg/dwr/call/plaincall/AjaxCheckService.setItemNumber.dwr HTTP/1.1" 200 78
222.70.178.182 - - [09/Aug/2021:09:59:43 +0800] "POST /xingrg/dwr/call/plaincall/AjaxCheckService.setItemNumber.dwr HTTP/1.1" 200 78
120.253.135.82 - - [09/Aug/2021:09:59:44 +0800] "POST /xingrg/dwr/call/plaincall/AjaxComOrderService.getMaterielSearchList.dwr HTTP/1.1" 200 287
116.237.74.182 - - [09/Aug/2021:09:59:44 +0800] "POST /xingrg/kc/buy/cgsh_order_operate.html HTTP/1.1" 200 12
180.169.147.146 - - [09/Aug/2021:09:59:44 +0800] "POST /xingrg/dwr/call/plaincall/AjaxCheckService.setItemNumber.dwr HTTP/1.1" 200 78
180.174.224.95 - - [09/Aug/2021:09:59:44 +0800] "POST /xingrg/kc/buy/cgsh_list_operate.html HTTP/1.1" 200 199
120.253.135.82 - - [09/Aug/2021:09:59:44 +0800] "POST /xingrg/dwr/call/plaincall/AjaxComOrderService.getMaterielSearchList.dwr HTTP/1.1" 200 287
180.169.147.146 - - [09/Aug/2021:09:59:45 +0800] "GET /xingrg/all/function/internal_message.html?_=1628474383421&CODE_STATE=getMsg HTTP/1.1" 200 27
180.169.147.146 - - [09/Aug/2021:09:59:45 +0800] "GET /xingrg/check_reg.html?_=1628474383423 HTTP/1.1" 200 22
180.169.147.146 - - [09/Aug/2021:09:59:45 +0800] "POST /xingrg/dwr/call/plaincall/AjaxCheckService.setItemNumber.dwr HTTP/1.1" 200 78
222.70.178.182 - - [09/Aug/2021:09:59:45 +0800] "POST /xingrg/dwr/call/plaincall/AjaxCheckService.setItemNumber.dwr HTTP/1.1" 200 78
116.237.74.182 - - [09/Aug/2021:09:59:46 +0800] "GET /xingrg/kc/buy/cgsh_order_info.html?code=212021080903884 HTTP/1.1" 200 58060
116.237.74.182 - - [09/Aug/2021:09:59:46 +0800] "GET /xingrg/javascript/easyui/themes/default/validatebox.css HTTP/1.1" 404 1104
222.70.178.182 - - [09/Aug/2021:09:59:46 +0800] "POST /xingrg/dwr/call/plaincall/AjaxCheckService.setItemNumber.dwr HTTP/1.1" 200 78
180.174.224.95 - - [09/Aug/2021:09:59:47 +0800] "POST /xingrg/kc/buy/cgsh_list_operate.html HTTP/1.1" 200 278
116.237.74.182 - - [09/Aug/2021:09:59:47 +0800] "POST /xingrg/kc/buy/cgsh_order_operate.html HTTP/1.1" 200 6510
120.253.135.82 - - [09/Aug/2021:09:59:48 +0800] "POST /xingrg/dwr/call/plaincall/AjaxCgthService.getMaterielByMap.dwr HTTP/1.1" 200 1564
180.174.224.95 - - [09/Aug/2021:09:59:49 +0800] "POST /xingrg/services/DataTransmitService HTTP/1.1" 200 524
222.70.178.182 - - [09/Aug/2021:09:59:49 +0800] "POST /xingrg/dwr/call/plaincall/AjaxCheckService.setItemNumber.dwr HTTP/1.1" 200 78
180.174.224.95 - - [09/Aug/2021:09:59:50 +0800] "POST /xingrg/services/DataTransmitService HTTP/1.1" 200 2319
180.169.147.146 - - [09/Aug/2021:09:59:50 +0800] "POST /xingrg/dwr/call/plaincall/AjaxCheckService.setItemNumber.dwr HTTP/1.1" 200 78
180.174.224.95 - - [09/Aug/2021:09:59:50 +0800] "POST /xingrg/services/DataTransmitService HTTP/1.1" 200 142747
222.70.178.182 - - [09/Aug/2021:09:59:51 +0800] "POST /xingrg/dwr/call/plaincall/AjaxCheckService.setItemNumber.dwr HTTP/1.1" 200 78
101.83.145.79 - - [09/Aug/2021:09:59:51 +0800] "POST /xingrg/kc/buy/cgsh_order_operate.html HTTP/1.1" 200 37
116.237.74.182 - - [09/Aug/2021:09:59:51 +0800] "GET /xingrg/kc/print/load_data.html?order_code=212021080903884&kc_code=cgsh&condition= HTTP/1.1" 200 3028
180.169.147.146 - - [09/Aug/2021:09:59:51 +0800] "POST /xingrg/dwr/call/plaincall/AjaxCheckService.setItemNumber.dwr HTTP/1.1" 200 78
222.70.178.182 - - [09/Aug/2021:09:59:52 +0800] "POST /xingrg/dwr/call/plaincall/AjaxCheckService.setItemNumber.dwr HTTP/1.1" 200 78
101.83.145.79 - - [09/Aug/2021:09:59:52 +0800] "POST /xingrg/kc/buy/cgsh_order_operate.html HTTP/1.1" 200 3243
120.253.135.82 - - [09/Aug/2021:09:59:52 +0800] "GET /xingrg/check_reg.html?_=1628474168851 HTTP/1.1" 200 22
120.253.135.82 - - [09/Aug/2021:09:59:52 +0800] "GET /xingrg/all/function/internal_message.html?_=1628474168911&CODE_STATE=getMsg HTTP/1.1" 200 27
222.70.178.182 - - [09/Aug/2021:09:59:53 +0800] "POST /xingrg/dwr/call/plaincall/AjaxCheckService.setItemNumber.dwr HTTP/1.1" 200 78
222.70.178.182 - - [09/Aug/2021:09:59:53 +0800] "GET /xingrg/check_reg.html?_=1628474424284 HTTP/1.1" 302 -
222.70.178.182 - - [09/Aug/2021:09:59:53 +0800] "GET /xingrg/all/function/internal_message.html?_=1628474424280&CODE_STATE=getMsg HTTP/1.1" 302 -
101.83.145.79 - - [09/Aug/2021:09:59:53 +0800] "GET /xingrg/kc/print/load_data.html?order_code=212021080903885&kc_code=cgsh&condition= HTTP/1.1" 200 887
180.169.147.146 - - [09/Aug/2021:09:59:53 +0800] "POST /xingrg/dwr/call/plaincall/AjaxCheckService.setItemNumber.dwr HTTP/1.1" 200 78
180.169.147.146 - - [09/Aug/2021:09:59:54 +0800] "POST /xingrg/dwr/call/plaincall/AjaxCheckService.setItemNumber.dwr HTTP/1.1" 200 78
180.174.224.95 - - [09/Aug/2021:09:59:55 +0800] "POST /xingrg/kc/buy/cgsh_list_operate.html HTTP/1.1" 200 6061
116.237.74.182 - - [09/Aug/2021:09:59:57 +0800] "GET /xingrg/kc/print/load_data.html?order_code=212021080903884&kc_code=cgsh HTTP/1.1" 200 3028
180.169.147.146 - - [09/Aug/2021:09:59:57 +0800] "POST /xingrg/dwr/call/plaincall/AjaxCheckService.setItemNumber.dwr HTTP/1.1" 200 78
180.169.147.146 - - [09/Aug/2021:09:59:58 +0800] "POST /xingrg/dwr/call/plaincall/AjaxCheckService.setItemNumber.dwr HTTP/1.1" 200 78
180.174.224.95 - - [09/Aug/2021:09:59:58 +0800] "POST /xingrg/kc/buy/cgsh_list_operate.html HTTP/1.1" 200 352
120.253.135.82 - - [09/Aug/2021:09:59:58 +0800] "GET /xingrg/javascript/jquery_easy_ui/themes/default/images/button_plain_hover.png HTTP/1.1" 200 252
180.169.147.146 - - [09/Aug/2021:09:59:59 +0800] "POST /xingrg/dwr/call/plaincall/AjaxCheckService.setItemNumber.dwr HTTP/1.1" 200 78
120.253.135.82 - - [09/Aug/2021:09:59:59 +0800] "POST /xingrg/dwr/call/plaincall/AjaxCgthService.saveMaterielItem.dwr HTTP/1.1" 200 78
120.253.135.82 - - [09/Aug/2021:09:59:59 +0800] "POST /xingrg/dwr/call/plaincall/AjaxCgthService.saveOrder.dwr HTTP/1.1" 200 78
180.169.147.146 - - [09/Aug/2021:10:00:00 +0800] "POST /xingrg/dwr/call/plaincall/AjaxCheckService.setItemNumber.dwr HTTP/1.1" 200 78
101.83.145.79 - - [09/Aug/2021:10:00:00 +0800] "GET /xingrg/kc/buy/cgsh_order_add.html HTTP/1.1" 200 63190
101.83.145.79 - - [09/Aug/2021:10:00:00 +0800] "POST /xingrg/kc/buy/cgsh_order_operate.html HTTP/1.1" 200 8245
101.83.145.79 - - [09/Aug/2021:10:00:00 +0800] "GET /xingrg/javascript/easyui/themes/default/validatebox.css HTTP/1.1" 404 1104
222.70.178.182 - - [09/Aug/2021:10:00:00 +0800] "POST /xingrg/dwr/call/plaincall/AjaxCheckService.setItemNumber.dwr HTTP/1.1" 200 78
180.174.224.95 - - [09/Aug/2021:10:00:01 +0800] "POST /xingrg/kc/buy/cgsh_list_operate.html HTTP/1.1" 200 201
180.169.147.146 - - [09/Aug/2021:10:00:01 +0800] "POST /xingrg/dwr/call/plaincall/AjaxCheckService.setItemNumber.dwr HTTP/1.1" 200 78
222.70.178.182 - - [09/Aug/2021:10:00:02 +0800] "POST /xingrg/dwr/call/plaincall/AjaxCheckService.setItemNumber.dwr HTTP/1.1" 200 78
180.169.147.146 - - [09/Aug/2021:10:00:02 +0800] "POST /xingrg/dwr/call/plaincall/AjaxCheckService.setItemNumber.dwr HTTP/1.1" 200 78
222.70.178.182 - - [09/Aug/2021:10:00:03 +0800] "POST /xingrg/dwr/call/plaincall/AjaxCheckService.setItemNumber.dwr HTTP/1.1" 200 78
180.169.147.146 - - [09/Aug/2021:10:00:04 +0800] "POST /xingrg/dwr/call/plaincall/AjaxCheckService.setItemNumber.dwr HTTP/1.1" 200 78
120.253.135.82 - - [09/Aug/2021:10:00:04 +0800] "GET /xingrg/kc/print/load_config.html?_=1628474180634&kc_code=cgth HTTP/1.1" 200 2458
120.253.135.82 - - [09/Aug/2021:10:00:04 +0800] "GET /xingrg/kc/print/load_data.html?_=1628474180652&order_code=232021080900008&kc_code=cgth&condition= HTTP/1.1" 200 520
180.169.147.146 - - [09/Aug/2021:10:00:04 +0800] "POST /xingrg/dwr/call/plaincall/AjaxCheckService.setItemNumber.dwr HTTP/1.1" 200 78
180.174.224.95 - - [09/Aug/2021:10:00:05 +0800] "POST /xingrg/kc/buy/cgsh_list_operate.html HTTP/1.1" 200 417
116.230.110.80 - - [09/Aug/2021:10:00:05 +0800] "GET /xingrg/all/function/internal_message.html?_=1628474388374&CODE_STATE=getMsg HTTP/1.1" 200 27
180.169.147.146 - - [09/Aug/2021:10:00:05 +0800] "GET /xingrg/all/function/internal_message.html?_=1628474404506&CODE_STATE=getMsg HTTP/1.1" 200 27
180.169.147.146 - - [09/Aug/2021:10:00:06 +0800] "POST /xingrg/dwr/call/plaincall/AjaxCheckService.setItemNumber.dwr HTTP/1.1" 200 78
180.169.147.146 - - [09/Aug/2021:10:00:06 +0800] "POST /xingrg/dwr/call/plaincall/AjaxCheckService.setItemNumber.dwr HTTP/1.1" 200 78
180.156.224.123 - - [09/Aug/2021:10:00:06 +0800] "GET /xingrg/all/function/internal_message.html?_=1628474404883&CODE_STATE=getMsg HTTP/1.1" 200 27
180.174.224.95 - - [09/Aug/2021:10:00:07 +0800] "POST /xingrg/kc/buy/cgsh_list_operate.html HTTP/1.1" 200 205
180.169.147.146 - - [09/Aug/2021:10:00:07 +0800] "POST /xingrg/dwr/call/plaincall/AjaxCheckService.setItemNumber.dwr HTTP/1.1" 200 78
180.169.147.146 - - [09/Aug/2021:10:00:09 +0800] "POST /xingrg/dwr/call/plaincall/AjaxCheckService.setItemNumber.dwr HTTP/1.1" 200 78
180.169.147.146 - - [09/Aug/2021:10:00:10 +0800] "POST /xingrg/dwr/call/plaincall/AjaxCheckService.setItemNumber.dwr HTTP/1.1" 200 78
180.174.224.95 - - [09/Aug/2021:10:00:10 +0800] "POST /xingrg/kc/buy/cgsh_list_operate.html HTTP/1.1" 200 199
116.237.74.182 - - [09/Aug/2021:10:00:11 +0800] "GET /xingrg/all/function/internal_message.html?_=1628474410707&CODE_STATE=getMsg HTTP/1.1" 200 27
180.169.147.146 - - [09/Aug/2021:10:00:11 +0800] "POST /xingrg/dwr/call/plaincall/AjaxCheckService.setItemNumber.dwr HTTP/1.1" 200 78
180.169.147.146 - - [09/Aug/2021:10:00:12 +0800] "POST /xingrg/dwr/call/plaincall/AjaxCheckService.setItemNumber.dwr HTTP/1.1" 200 78
180.174.224.95 - - [09/Aug/2021:10:00:14 +0800] "POST /xingrg/kc/buy/cgsh_list_operate.html HTTP/1.1" 200 204
180.169.147.146 - - [09/Aug/2021:10:00:15 +0800] "POST /xingrg/dwr/call/plaincall/AjaxCheckService.setItemNumber.dwr HTTP/1.1" 200 78
180.169.147.146 - - [09/Aug/2021:10:00:16 +0800] "POST /xingrg/dwr/call/plaincall/AjaxCheckService.setItemNumber.dwr HTTP/1.1" 200 78
101.83.145.79 - - [09/Aug/2021:10:00:16 +0800] "GET /xingrg/kc/buy/cgsh_order_operate.html?command=get_materiel&rest_code=00105&code=00101003037&supplier_code=00100088&order_time=2021-08-09 HTTP/1.1" 200 415
180.174.224.95 - - [09/Aug/2021:10:00:16 +0800] "POST /xingrg/kc/buy/cgsh_list_operate.html HTTP/1.1" 200 201
180.169.147.146 - - [09/Aug/2021:10:00:17 +0800] "POST /xingrg/dwr/call/plaincall/AjaxCheckService.setItemNumber.dwr HTTP/1.1" 200 78
114.88.154.248 - - [09/Aug/2021:10:00:19 +0800] "GET /xingrg/all/function/internal_message.html?_=1628474323832&CODE_STATE=getMsg HTTP/1.1" 200 27
101.83.145.79 - - [09/Aug/2021:10:00:20 +0800] "GET /xingrg/all/function/internal_message.html?_=1628474420297&CODE_STATE=getMsg HTTP/1.1" 200 27
180.169.147.146 - - [09/Aug/2021:10:00:21 +0800] "POST /xingrg/dwr/call/plaincall/AjaxCheckService.setItemNumber.dwr HTTP/1.1" 200 78
180.156.224.123 - - [09/Aug/2021:10:00:21 +0800] "GET /xingrg/all/function/internal_message.html?_=1628474371446&CODE_STATE=getMsg HTTP/1.1" 200 27
120.253.135.82 - - [09/Aug/2021:10:00:22 +0800] "POST /xingrg/dwr/call/plaincall/AjaxCgthService.checkOrder.dwr HTTP/1.1" 200 78
101.83.145.79 - - [09/Aug/2021:10:00:22 +0800] "GET /xingrg/check_reg.html?_=1628474422281 HTTP/1.1" 200 22
180.169.147.146 - - [09/Aug/2021:10:00:22 +0800] "GET /xingrg/all/function/internal_message.html?_=1628474421644&CODE_STATE=getMsg HTTP/1.1" 200 27
180.174.224.95 - - [09/Aug/2021:10:00:22 +0800] "POST /xingrg/kc/buy/cgsh_list_operate.html HTTP/1.1" 200 5984
120.253.135.82 - - [09/Aug/2021:10:00:23 +0800] "GET /xingrg/kc/buy/cgth_order_info.html?code=232021080900008&part=buyck HTTP/1.1" 200 62564
120.253.135.82 - - [09/Aug/2021:10:00:23 +0800] "GET /xingrg/dwr/interface/AjaxComOrderService.js HTTP/1.1" 200 18264
120.253.135.82 - - [09/Aug/2021:10:00:23 +0800] "GET /xingrg/dwr/interface/AjaxCgthService.js HTTP/1.1" 200 14519
120.253.135.82 - - [09/Aug/2021:10:00:23 +0800] "GET /xingrg/dwr/engine.js HTTP/1.1" 200 43631
120.253.135.82 - - [09/Aug/2021:10:00:23 +0800] "GET /xingrg/javascript/jquery_easy_ui/themes/icons/manage.png HTTP/1.1" 304 -
120.253.135.82 - - [09/Aug/2021:10:00:23 +0800] "GET /xingrg/javascript/jquery_easy_ui/themes/icons/area.png HTTP/1.1" 304 -
180.169.147.146 - - [09/Aug/2021:10:00:24 +0800] "POST /xingrg/dwr/call/plaincall/AjaxCheckService.setItemNumber.dwr HTTP/1.1" 200 78
222.70.178.182 - - [09/Aug/2021:10:00:24 +0800] "POST /xingrg/dwr/call/plaincall/AjaxCheckService.setItemNumber.dwr HTTP/1.1" 200 78
120.253.135.82 - - [09/Aug/2021:10:00:24 +0800] "POST /xingrg/all/common/load_tree.html?tree=supplier_tree_json&isDelete=1 HTTP/1.1" 200 57192
180.169.147.146 - - [09/Aug/2021:10:00:25 +0800] "POST /xingrg/dwr/call/plaincall/AjaxCheckService.setItemNumber.dwr HTTP/1.1" 200 78
120.253.135.82 - - [09/Aug/2021:10:00:25 +0800] "POST /xingrg/dwr/call/plaincall/AjaxCgthService.loadMaterielItems.dwr HTTP/1.1" 200 703
180.169.147.146 - - [09/Aug/2021:10:00:26 +0800] "POST /xingrg/dwr/call/plaincall/AjaxCheckService.setItemNumber.dwr HTTP/1.1" 200 78
180.174.224.95 - - [09/Aug/2021:10:00:27 +0800] "POST /xingrg/services/DataTransmitService HTTP/1.1" 200 524
180.169.147.146 - - [09/Aug/2021:10:00:27 +0800] "POST /xingrg/dwr/call/plaincall/AjaxCheckService.setItemNumber.dwr HTTP/1.1" 200 78
180.174.224.95 - - [09/Aug/2021:10:00:27 +0800] "POST /xingrg/services/DataTransmitService HTTP/1.1" 200 2319
222.70.178.182 - - [09/Aug/2021:10:00:27 +0800] "POST /xingrg/dwr/call/plaincall/AjaxCheckService.setItemNumber.dwr HTTP/1.1" 200 78
180.174.224.95 - - [09/Aug/2021:10:00:27 +0800] "POST /xingrg/services/DataTransmitService HTTP/1.1" 200 524
180.174.224.95 - - [09/Aug/2021:10:00:28 +0800] "POST /xingrg/services/DataTransmitService HTTP/1.1" 200 2319
58.40.7.146 - - [09/Aug/2021:10:00:29 +0800] "GET /xingrg/all/function/internal_message.html?_=1628474428299&CODE_STATE=getMsg HTTP/1.1" 302 -
120.253.135.82 - - [09/Aug/2021:10:00:30 +0800] "GET /xingrg/kc/buy/cgth_order_list.html?isBack=1 HTTP/1.1" 200 46808
116.237.74.182 - - [09/Aug/2021:10:00:30 +0800] "GET /xingrg/kc/buy/cgsh_order_add.html HTTP/1.1" 200 63149
116.232.53.224 - - [09/Aug/2021:10:00:30 +0800] "GET /xingrg/all/function/internal_message.html?_=1628474429729&CODE_STATE=getMsg HTTP/1.1" 200 27
116.237.74.182 - - [09/Aug/2021:10:00:30 +0800] "POST /xingrg/kc/buy/cgsh_order_operate.html HTTP/1.1" 200 8245
116.237.74.182 - - [09/Aug/2021:10:00:30 +0800] "GET /xingrg/javascript/easyui/themes/default/validatebox.css HTTP/1.1" 404 1104
120.253.135.82 - - [09/Aug/2021:10:00:30 +0800] "POST /xingrg/kc/buy/cgth_list_operate.html HTTP/1.1" 200 1035
222.70.178.182 - - [09/Aug/2021:10:00:31 +0800] "POST /xingrg/dwr/call/plaincall/AjaxCheckService.setItemNumber.dwr HTTP/1.1" 200 78
180.169.147.146 - - [09/Aug/2021:10:00:31 +0800] "POST /xingrg/dwr/call/plaincall/AjaxCheckService.setItemNumber.dwr HTTP/1.1" 200 78
116.237.74.182 - - [09/Aug/2021:10:00:32 +0800] "GET /xingrg/javascript/easyui/themes/default/tree.css HTTP/1.1" 404 1090
116.237.74.182 - - [09/Aug/2021:10:00:32 +0800] "POST /xingrg/all/common/load_tree.html?tree=supplier_tree_json&isDelete=1 HTTP/1.1" 200 57192
222.70.178.182 - - [09/Aug/2021:10:00:32 +0800] "POST /xingrg/dwr/call/plaincall/AjaxCheckService.setItemNumber.dwr HTTP/1.1" 200 78
180.169.147.146 - - [09/Aug/2021:10:00:33 +0800] "POST /xingrg/dwr/call/plaincall/AjaxCheckService.setItemNumber.dwr HTTP/1.1" 200 78
222.70.178.182 - - [09/Aug/2021:10:00:34 +0800] "POST /xingrg/dwr/call/plaincall/AjaxCheckService.setItemNumber.dwr HTTP/1.1" 200 78
222.70.178.182 - - [09/Aug/2021:10:00:35 +0800] "POST /xingrg/dwr/call/plaincall/AjaxCheckService.setItemNumber.dwr HTTP/1.1" 200 78
222.70.178.182 - - [09/Aug/2021:10:00:37 +0800] "GET /xingrg/check_reg.html?_=1628474435190 HTTP/1.1" 200 22
222.70.178.182 - - [09/Aug/2021:10:00:37 +0800] "GET /xingrg/all/function/internal_message.html?_=1628474435567&CODE_STATE=getMsg HTTP/1.1" 200 27
222.70.178.182 - - [09/Aug/2021:10:00:37 +0800] "POST /xingrg/dwr/call/plaincall/AjaxCheckService.setItemNumber.dwr HTTP/1.1" 200 78
180.169.147.146 - - [09/Aug/2021:10:00:37 +0800] "POST /xingrg/dwr/call/plaincall/AjaxCheckService.setItemNumber.dwr HTTP/1.1" 200 78
120.253.135.82 - - [09/Aug/2021:10:00:38 +0800] "GET /xingrg/kc/base/wldb_order_list.html HTTP/1.1" 200 19183
101.83.145.79 - - [09/Aug/2021:10:00:38 +0800] "GET /xingrg/kc/buy/cgsh_order_operate.html?command=get_materiel&rest_code=00105&code=00101002035&supplier_code=00100088&order_time=2021-08-09 HTTP/1.1" 200 416
120.253.135.82 - - [09/Aug/2021:10:00:38 +0800] "POST /xingrg/kc/base/wldb_list_operate.html HTTP/1.1" 200 1770
180.169.147.146 - - [09/Aug/2021:10:00:38 +0800] "POST /xingrg/dwr/call/plaincall/AjaxCheckService.setItemNumber.dwr HTTP/1.1" 200 78
58.37.39.45 - - [09/Aug/2021:10:00:39 +0800] "GET /favicon.ico HTTP/1.1" 404 -
120.253.135.82 - - [09/Aug/2021:10:00:40 +0800] "GET /xingrg/all/function/internal_message.html?_=1628474470712&CODE_STATE=getMsg HTTP/1.1" 200 27
58.37.39.45 - - [09/Aug/2021:10:00:40 +0800] "GET /favicon.ico HTTP/1.1" 404 -
180.169.147.146 - - [09/Aug/2021:10:00:40 +0800] "POST /xingrg/dwr/call/plaincall/AjaxCheckService.setItemNumber.dwr HTTP/1.1" 200 78
120.253.135.82 - - [09/Aug/2021:10:00:41 +0800] "POST /xingrg/kc/base/wldb_list_operate.html HTTP/1.1" 200 203
58.37.39.45 - - [09/Aug/2021:10:00:41 +0800] "GET /favicon.ico HTTP/1.1" 404 -
120.253.135.82 - - [09/Aug/2021:10:00:41 +0800] "GET /xingrg/kc/base/wldb_order_info.html?code=422021080900956 HTTP/1.1" 200 30408
120.253.135.82 - - [09/Aug/2021:10:00:41 +0800] "GET /xingrg/javascript/jquery_tools/order_manager.js HTTP/1.1" 304 -
120.253.135.82 - - [09/Aug/2021:10:00:41 +0800] "GET /xingrg/words/20210807213312_words.js HTTP/1.1" 304 -
222.69.131.39 - - [09/Aug/2021:10:00:41 +0800] "GET /xingrg/all/function/internal_message.html?_=1628474440053&CODE_STATE=getMsg HTTP/1.1" 200 27
180.174.224.95 - - [09/Aug/2021:10:00:41 +0800] "GET /xingrg/all/function/internal_message.html?_=1628474418138&CODE_STATE=getMsg HTTP/1.1" 200 27
120.253.135.82 - - [09/Aug/2021:10:00:41 +0800] "GET /xingrg/javascript/easyui/themes/icons/ok.png HTTP/1.1" 304 -
120.253.135.82 - - [09/Aug/2021:10:00:41 +0800] "GET /xingrg/javascript/easyui/themes/icons/template_new.png HTTP/1.1" 304 -
120.253.135.82 - - [09/Aug/2021:10:00:41 +0800] "GET /xingrg/javascript/easyui/themes/icons/cancel.png HTTP/1.1" 304 -
120.253.135.82 - - [09/Aug/2021:10:00:41 +0800] "GET /xingrg/javascript/easyui/themes/icons/print.png HTTP/1.1" 304 -
120.253.135.82 - - [09/Aug/2021:10:00:41 +0800] "GET /xingrg/javascript/easyui/themes/default/images/menu_downarrow.png HTTP/1.1" 304 -
58.37.39.45 - - [09/Aug/2021:10:00:41 +0800] "GET /favicon.ico HTTP/1.1" 404 -
120.253.135.82 - - [09/Aug/2021:10:00:41 +0800] "GET /xingrg/javascript/easyui/themes/default/validatebox.css HTTP/1.1" 404 1104
120.253.135.82 - - [09/Aug/2021:10:00:41 +0800] "GET /xingrg/javascript/easyui/plugins/jquery.validatebox.js HTTP/1.1" 304 -
120.253.135.82 - - [09/Aug/2021:10:00:41 +0800] "GET /xingrg/javascript/easyui/plugins/jquery.numberbox.js HTTP/1.1" 304 -
120.253.135.82 - - [09/Aug/2021:10:00:42 +0800] "POST /xingrg/kc/base/wldb_order_operate.html HTTP/1.1" 200 2191
120.253.135.82 - - [09/Aug/2021:10:00:42 +0800] "GET /xingrg/javascript/easyui/themes/icons/edit_remove.png HTTP/1.1" 304 -
58.37.39.45 - - [09/Aug/2021:10:00:42 +0800] "GET /favicon.ico HTTP/1.1" 404 -
222.70.246.151 - - [09/Aug/2021:10:00:42 +0800] "GET /xingrg/all/function/internal_message.html?_=1628474443415&CODE_STATE=getMsg HTTP/1.1" 200 27
58.37.39.45 - - [09/Aug/2021:10:00:43 +0800] "GET /favicon.ico HTTP/1.1" 404 -
116.237.74.182 - - [09/Aug/2021:10:00:43 +0800] "GET /xingrg/kc/buy/cgsh_order_operate.html?command=get_materiel&rest_code=00106&code=00101007061&supplier_code=00100002&order_time=2021-08-09 HTTP/1.1" 200 409
180.169.147.146 - - [09/Aug/2021:10:00:43 +0800] "POST /xingrg/dwr/call/plaincall/AjaxCheckService.setItemNumber.dwr HTTP/1.1" 200 78
58.37.39.45 - - [09/Aug/2021:10:00:43 +0800] "GET /favicon.ico HTTP/1.1" 404 -
222.70.178.182 - - [09/Aug/2021:10:00:43 +0800] "POST /xingrg/dwr/call/plaincall/AjaxCheckService.setItemNumber.dwr HTTP/1.1" 200 78
180.169.147.146 - - [09/Aug/2021:10:00:44 +0800] "POST /xingrg/dwr/call/plaincall/AjaxCheckService.setItemNumber.dwr HTTP/1.1" 200 78
58.37.39.45 - - [09/Aug/2021:10:00:44 +0800] "GET /favicon.ico HTTP/1.1" 404 -
58.37.39.45 - - [09/Aug/2021:10:00:44 +0800] "GET /favicon.ico HTTP/1.1" 404 -
180.169.147.146 - - [09/Aug/2021:10:00:45 +0800] "GET /xingrg/all/function/internal_message.html?_=1628474443411&CODE_STATE=getMsg HTTP/1.1" 200 27
58.37.39.45 - - [09/Aug/2021:10:00:45 +0800] "GET /favicon.ico HTTP/1.1" 404 -
58.37.39.45 - - [09/Aug/2021:10:00:46 +0800] "GET /favicon.ico HTTP/1.1" 404 -
180.169.147.146 - - [09/Aug/2021:10:00:46 +0800] "POST /xingrg/dwr/call/plaincall/AjaxCheckService.setItemNumber.dwr HTTP/1.1" 200 78
58.37.39.45 - - [09/Aug/2021:10:00:46 +0800] "GET /favicon.ico HTTP/1.1" 404 -
120.253.135.82 - - [09/Aug/2021:10:00:46 +0800] "POST /xingrg/kc/base/wldb_order_operate.html HTTP/1.1" 200 37
58.37.39.45 - - [09/Aug/2021:10:00:47 +0800] "GET /favicon.ico HTTP/1.1" 404 -
58.37.39.45 - - [09/Aug/2021:10:00:47 +0800] "GET /favicon.ico HTTP/1.1" 404 -
180.169.147.146 - - [09/Aug/2021:10:00:48 +0800] "POST /xingrg/dwr/call/plaincall/AjaxCheckService.setItemNumber.dwr HTTP/1.1" 200 78
58.37.39.45 - - [09/Aug/2021:10:00:48 +0800] "GET /favicon.ico HTTP/1.1" 404 -
222.70.178.182 - - [09/Aug/2021:10:00:48 +0800] "POST /xingrg/dwr/call/plaincall/AjaxCheckService.setItemNumber.dwr HTTP/1.1" 200 78
120.253.135.82 - - [09/Aug/2021:10:00:49 +0800] "POST /xingrg/kc/base/wldb_order_operate.html HTTP/1.1" 200 12
120.253.135.82 - - [09/Aug/2021:10:00:49 +0800] "POST /xingrg/kc/base/wldb_order_operate.html HTTP/1.1" 200 2191
58.37.39.45 - - [09/Aug/2021:10:00:49 +0800] "GET /favicon.ico HTTP/1.1" 404 -
58.37.39.45 - - [09/Aug/2021:10:00:49 +0800] "GET /favicon.ico HTTP/1.1" 404 -
180.169.147.146 - - [09/Aug/2021:10:00:49 +0800] "POST /xingrg/dwr/call/plaincall/AjaxCheckService.setItemNumber.dwr HTTP/1.1" 200 78
222.70.178.182 - - [09/Aug/2021:10:00:50 +0800] "POST /xingrg/dwr/call/plaincall/AjaxCheckService.setItemNumber.dwr HTTP/1.1" 200 78
120.253.135.82 - - [09/Aug/2021:10:00:50 +0800] "GET /xingrg/kc/base/wldb_order_info.html?code=422021080900956 HTTP/1.1" 200 26272
101.83.145.79 - - [09/Aug/2021:10:00:50 +0800] "POST /xingrg/kc/buy/cgsh_order_operate.html HTTP/1.1" 200 37
120.253.135.82 - - [09/Aug/2021:10:00:50 +0800] "POST /xingrg/kc/base/wldb_order_operate.html HTTP/1.1" 200 484
120.253.135.82 - - [09/Aug/2021:10:00:50 +0800] "GET /xingrg/javascript/easyui/themes/default/validatebox.css HTTP/1.1" 404 1104
180.169.147.146 - - [09/Aug/2021:10:00:51 +0800] "POST /xingrg/dwr/call/plaincall/AjaxCheckService.setItemNumber.dwr HTTP/1.1" 200 78
101.83.145.79 - - [09/Aug/2021:10:00:51 +0800] "POST /xingrg/kc/buy/cgsh_order_operate.html HTTP/1.1" 200 3262
180.169.147.146 - - [09/Aug/2021:10:00:52 +0800] "POST /xingrg/dwr/call/plaincall/AjaxCheckService.setItemNumber.dwr HTTP/1.1" 200 78
120.253.135.82 - - [09/Aug/2021:10:00:52 +0800] "GET /xingrg/all/function/internal_message.html?_=1628474228926&CODE_STATE=getMsg HTTP/1.1" 200 27
101.83.145.79 - - [09/Aug/2021:10:00:52 +0800] "GET /xingrg/kc/print/load_data.html?order_code=212021080903886&kc_code=cgsh&condition= HTTP/1.1" 200 976
222.70.178.182 - - [09/Aug/2021:10:00:52 +0800] "POST /xingrg/dwr/call/plaincall/AjaxCheckService.setItemNumber.dwr HTTP/1.1" 200 78
116.237.74.182 - - [09/Aug/2021:10:00:53 +0800] "GET /xingrg/kc/buy/cgsh_order_operate.html?command=get_materiel&rest_code=00106&code=00101007049&supplier_code=00100002&order_time=2021-08-09 HTTP/1.1" 200 411
222.70.178.182 - - [09/Aug/2021:10:00:53 +0800] "GET /xingrg/all/function/internal_message.html?_=1628474484284&CODE_STATE=getMsg HTTP/1.1" 302 -
222.70.178.182 - - [09/Aug/2021:10:00:53 +0800] "POST /xingrg/dwr/call/plaincall/AjaxCheckService.setItemNumber.dwr HTTP/1.1" 200 78
180.169.147.146 - - [09/Aug/2021:10:00:53 +0800] "POST /xingrg/dwr/call/plaincall/AjaxCheckService.setItemNumber.dwr HTTP/1.1" 200 78
180.169.147.146 - - [09/Aug/2021:10:00:55 +0800] "POST /xingrg/dwr/call/plaincall/AjaxCheckService.setItemNumber.dwr HTTP/1.1" 200 78
101.83.145.79 - - [09/Aug/2021:10:00:56 +0800] "GET /xingrg/kc/buy/cgsh_order_add.html HTTP/1.1" 200 63190
101.83.145.79 - - [09/Aug/2021:10:00:56 +0800] "GET /xingrg/javascript/easyui/themes/default/validatebox.css HTTP/1.1" 404 1104
101.83.145.79 - - [09/Aug/2021:10:00:56 +0800] "POST /xingrg/kc/buy/cgsh_order_operate.html HTTP/1.1" 200 8245
180.169.147.146 - - [09/Aug/2021:10:00:56 +0800] "POST /xingrg/dwr/call/plaincall/AjaxCheckService.setItemNumber.dwr HTTP/1.1" 200 78
180.169.147.146 - - [09/Aug/2021:10:00:58 +0800] "POST /xingrg/dwr/call/plaincall/AjaxCheckService.setItemNumber.dwr HTTP/1.1" 200 78
180.169.147.146 - - [09/Aug/2021:10:00:59 +0800] "POST /xingrg/dwr/call/plaincall/AjaxCheckService.setItemNumber.dwr HTTP/1.1" 200 78
120.253.135.82 - - [09/Aug/2021:10:01:00 +0800] "POST /xingrg/kc/base/wldb_list_operate.html HTTP/1.1" 200 928
180.169.147.146 - - [09/Aug/2021:10:01:02 +0800] "POST /xingrg/dwr/call/plaincall/AjaxCheckService.setItemNumber.dwr HTTP/1.1" 200 78
116.237.74.182 - - [09/Aug/2021:10:01:03 +0800] "GET /xingrg/kc/buy/cgsh_order_operate.html?command=get_materiel&rest_code=00106&code=00101007048&supplier_code=00100002&order_time=2021-08-09 HTTP/1.1" 200 409
180.169.147.146 - - [09/Aug/2021:10:01:04 +0800] "POST /xingrg/dwr/call/plaincall/AjaxCheckService.setItemNumber.dwr HTTP/1.1" 200 78
116.230.110.80 - - [09/Aug/2021:10:01:05 +0800] "GET /xingrg/all/function/internal_message.html?_=1628474448370&CODE_STATE=getMsg HTTP/1.1" 200 27
180.169.147.146 - - [09/Aug/2021:10:01:06 +0800] "GET /xingrg/all/function/internal_message.html?_=1628474464947&CODE_STATE=getMsg HTTP/1.1" 200 27
180.156.224.123 - - [09/Aug/2021:10:01:06 +0800] "GET /xingrg/check_reg.html?_=1628474464882 HTTP/1.1" 200 22
180.156.224.123 - - [09/Aug/2021:10:01:06 +0800] "GET /xingrg/all/function/internal_message.html?_=1628474464886&CODE_STATE=getMsg HTTP/1.1" 200 27
180.169.147.146 - - [09/Aug/2021:10:01:07 +0800] "POST /xingrg/dwr/call/plaincall/AjaxCheckService.setItemNumber.dwr HTTP/1.1" 200 78
180.169.147.146 - - [09/Aug/2021:10:01:07 +0800] "POST /xingrg/dwr/call/plaincall/AjaxCheckService.setItemNumber.dwr HTTP/1.1" 200 78
120.253.135.82 - - [09/Aug/2021:10:01:08 +0800] "GET /xingrg/kc/buy/cgth_order_list.html HTTP/1.1" 200 46808
101.83.145.79 - - [09/Aug/2021:10:01:08 +0800] "GET /xingrg/kc/buy/cgsh_order_operate.html?command=get_materiel&rest_code=00105&code=00101001140&supplier_code=00100090&order_time=2021-08-09 HTTP/1.1" 200 431
120.253.135.82 - - [09/Aug/2021:10:01:08 +0800] "POST /xingrg/kc/buy/cgth_list_operate.html HTTP/1.1" 200 1035
180.169.147.146 - - [09/Aug/2021:10:01:09 +0800] "POST /xingrg/dwr/call/plaincall/AjaxCheckService.setItemNumber.dwr HTTP/1.1" 200 78
180.169.147.146 - - [09/Aug/2021:10:01:11 +0800] "POST /xingrg/dwr/call/plaincall/AjaxCheckService.setItemNumber.dwr HTTP/1.1" 200 78
58.221.95.50 - - [09/Aug/2021:10:01:11 +0800] "GET /xingrg/check_reg.html?_=1628474472893 HTTP/1.1" 302 -
116.237.74.182 - - [09/Aug/2021:10:01:11 +0800] "GET /xingrg/all/function/internal_message.html?_=1628474470676&CODE_STATE=getMsg HTTP/1.1" 200 27
116.237.74.182 - - [09/Aug/2021:10:01:12 +0800] "GET /xingrg/kc/buy/cgsh_order_operate.html?command=get_materiel&rest_code=00106&code=00101007033&supplier_code=00100002&order_time=2021-08-09 HTTP/1.1" 200 419
222.70.178.182 - - [09/Aug/2021:10:01:15 +0800] "POST /xingrg/dwr/call/plaincall/AjaxCheckService.setItemNumber.dwr HTTP/1.1" 200 78
180.169.147.146 - - [09/Aug/2021:10:01:16 +0800] "POST /xingrg/dwr/call/plaincall/AjaxCheckService.setItemNumber.dwr HTTP/1.1" 200 78
222.70.178.182 - - [09/Aug/2021:10:01:17 +0800] "POST /xingrg/dwr/call/plaincall/AjaxCheckService.setItemNumber.dwr HTTP/1.1" 200 78
180.169.147.146 - - [09/Aug/2021:10:01:18 +0800] "POST /xingrg/dwr/call/plaincall/AjaxCheckService.setItemNumber.dwr HTTP/1.1" 200 78
114.88.154.248 - - [09/Aug/2021:10:01:18 +0800] "GET /xingrg/check_reg.html?_=1628474383607 HTTP/1.1" 200 22
114.88.154.248 - - [09/Aug/2021:10:01:19 +0800] "GET /xingrg/all/function/internal_message.html?_=1628474383802&CODE_STATE=getMsg HTTP/1.1" 200 27
101.83.145.79 - - [09/Aug/2021:10:01:20 +0800] "GET /xingrg/all/function/internal_message.html?_=1628474480287&CODE_STATE=getMsg HTTP/1.1" 200 27
222.70.178.182 - - [09/Aug/2021:10:01:20 +0800] "POST /xingrg/dwr/call/plaincall/AjaxCheckService.setItemNumber.dwr HTTP/1.1" 200 78
180.169.147.146 - - [09/Aug/2021:10:01:21 +0800] "GET /xingrg/index.html?sysBaseUrl=http%3A%2F%2F180.169.147.146%3A18081%2Fxingrg%2F&costTime=39×tamp=1592034574635 HTTP/1.1" 302 -
180.169.147.146 - - [09/Aug/2021:10:01:21 +0800] "GET /xingrg/login.html HTTP/1.1" 200 7641
180.156.224.123 - - [09/Aug/2021:10:01:21 +0800] "GET /xingrg/check_reg.html?_=1628474431110 HTTP/1.1" 200 22
222.70.178.182 - - [09/Aug/2021:10:01:21 +0800] "POST /xingrg/dwr/call/plaincall/AjaxCheckService.setItemNumber.dwr HTTP/1.1" 200 78
180.169.147.146 - - [09/Aug/2021:10:01:21 +0800] "GET /favicon.ico HTTP/1.1" 404 -
180.156.224.123 - - [09/Aug/2021:10:01:21 +0800] "GET /xingrg/all/function/internal_message.html?_=1628474431460&CODE_STATE=getMsg HTTP/1.1" 200 27
116.237.74.182 - - [09/Aug/2021:10:01:22 +0800] "GET /xingrg/kc/buy/cgsh_order_operate.html?command=get_materiel&rest_code=00106&code=00101007090&supplier_code=00100002&order_time=2021-08-09 HTTP/1.1" 200 413
180.169.147.146 - - [09/Aug/2021:10:01:22 +0800] "GET /xingrg/all/function/internal_message.html?_=1628474481652&CODE_STATE=getMsg HTTP/1.1" 200 27
180.169.147.146 - - [09/Aug/2021:10:01:22 +0800] "POST /xingrg/login.do HTTP/1.1" 302 -
180.169.147.146 - - [09/Aug/2021:10:01:22 +0800] "GET /xingrg/index.html?sysBaseUrl=http%3A%2F%2F180.169.147.146%3A18081%2Fxingrg%2F&costTime=44×tamp=1628474482932 HTTP/1.1" 200 17503
180.169.147.146 - - [09/Aug/2021:10:01:23 +0800] "GET /favicon.ico HTTP/1.1" 404 -
180.169.147.146 - - [09/Aug/2021:10:01:23 +0800] "POST /xingrg/all/common/load_tree.html?tree=area_rest_tree_json&manage=1 HTTP/1.1" 200 3472
180.169.147.146 - - [09/Aug/2021:10:01:23 +0800] "GET /xingrg/check_reg.html?_=1628474482125 HTTP/1.1" 200 22
180.169.147.146 - - [09/Aug/2021:10:01:23 +0800] "GET /xingrg/all/function/internal_message.html?_=1628474482124&CODE_STATE=count HTTP/1.1" 200 11
180.169.147.146 - - [09/Aug/2021:10:01:23 +0800] "POST /xingrg/load_menu.html HTTP/1.1" 200 11564
180.169.147.146 - - [09/Aug/2021:10:01:24 +0800] "GET /xingrg/javascript/jquery_easy_ui/themes/default/images/button_span_bg.gif HTTP/1.1" 200 2061
180.169.147.146 - - [09/Aug/2021:10:01:24 +0800] "GET /xingrg/javascript/jquery_easy_ui/themes/icons/ok.png HTTP/1.1" 200 883
180.169.147.146 - - [09/Aug/2021:10:01:24 +0800] "GET /xingrg/javascript/jquery_easy_ui/themes/default/images/panel_title.png HTTP/1.1" 200 266
180.169.147.146 - - [09/Aug/2021:10:01:24 +0800] "GET /xingrg/javascript/jquery_easy_ui/themes/default/images/panel_tools.gif HTTP/1.1" 200 737
222.70.178.182 - - [09/Aug/2021:10:01:24 +0800] "POST /xingrg/dwr/call/plaincall/AjaxCheckService.setItemNumber.dwr HTTP/1.1" 200 78
180.169.147.146 - - [09/Aug/2021:10:01:24 +0800] "POST /xingrg/dwr/call/plaincall/AjaxCheckService.setItemNumber.dwr HTTP/1.1" 200 78
222.70.178.182 - - [09/Aug/2021:10:01:26 +0800] "POST /xingrg/dwr/call/plaincall/AjaxCheckService.setItemNumber.dwr HTTP/1.1" 200 78
180.169.147.146 - - [09/Aug/2021:10:01:26 +0800] "POST /xingrg/dwr/call/plaincall/AjaxCheckService.setItemNumber.dwr HTTP/1.1" 200 78
180.169.147.146 - - [09/Aug/2021:10:01:28 +0800] "GET /xingrg/images/control/ajaxLoader.gif HTTP/1.1" 200 4659
180.169.147.146 - - [09/Aug/2021:10:01:28 +0800] "POST /xingrg/all/user/operate.html HTTP/1.1" 200 36
180.169.147.146 - - [09/Aug/2021:10:01:28 +0800] "GET /xingrg/index.html?sysBaseUrl=http%3A%2F%2F180.169.147.146%3A18081%2Fxingrg%2F&costTime=44×tamp=1628474482932 HTTP/1.1" 200 17509
180.169.147.146 - - [09/Aug/2021:10:01:28 +0800] "GET /xingrg/javascript/jquery_easy_ui/themes/default/easyui.css HTTP/1.1" 304 -
180.169.147.146 - - [09/Aug/2021:10:01:28 +0800] "GET /xingrg/javascript/jquery_easy_ui/themes/icon.css HTTP/1.1" 304 -
180.169.147.146 - - [09/Aug/2021:10:01:28 +0800] "GET /xingrg/css/form.css HTTP/1.1" 304 -
180.169.147.146 - - [09/Aug/2021:10:01:28 +0800] "GET /xingrg/javascript/jquery-1.4.2.min.js HTTP/1.1" 304 -
180.169.147.146 - - [09/Aug/2021:10:01:28 +0800] "GET /xingrg/javascript/jquery_easy_ui/jquery.easyui.min.js HTTP/1.1" 304 -
180.169.147.146 - - [09/Aug/2021:10:01:28 +0800] "GET /xingrg/javascript/jquery_easy_ui/easyui-lang-zh_CN.js HTTP/1.1" 304 -
180.169.147.146 - - [09/Aug/2021:10:01:28 +0800] "GET /xingrg/javascript/jquery.form.js HTTP/1.1" 304 -
180.169.147.146 - - [09/Aug/2021:10:01:28 +0800] "GET /xingrg/javascript/jquery.utils.js HTTP/1.1" 304 -
180.169.147.146 - - [09/Aug/2021:10:01:28 +0800] "GET /xingrg/javascript/jquery.timers.js HTTP/1.1" 304 -
180.169.147.146 - - [09/Aug/2021:10:01:28 +0800] "GET /xingrg/images/blue/jxLogo.png HTTP/1.1" 304 -
180.169.147.146 - - [09/Aug/2021:10:01:28 +0800] "GET /xingrg/images/blue/navBackgound.jpg HTTP/1.1" 304 -
180.169.147.146 - - [09/Aug/2021:10:01:28 +0800] "GET /xingrg/javascript/jquery_easy_ui/themes/icons/settle_new.png HTTP/1.1" 304 -
180.169.147.146 - - [09/Aug/2021:10:01:28 +0800] "POST /xingrg/all/common/load_tree.html?tree=area_rest_tree_json&manage=1 HTTP/1.1" 200 3472
180.169.147.146 - - [09/Aug/2021:10:01:29 +0800] "GET /xingrg/all/function/internal_message.html?_=1628474487968&CODE_STATE=count HTTP/1.1" 200 11
180.169.147.146 - - [09/Aug/2021:10:01:29 +0800] "GET /xingrg/check_reg.html?_=1628474487969 HTTP/1.1" 200 22
180.169.147.146 - - [09/Aug/2021:10:01:29 +0800] "GET /xingrg/javascript/jquery_easy_ui/themes/default/images/tabs_leftarrow.png HTTP/1.1" 304 -
180.169.147.146 - - [09/Aug/2021:10:01:29 +0800] "GET /xingrg/javascript/jquery_easy_ui/themes/default/images/panel_tool_expand.gif HTTP/1.1" 304 -
180.169.147.146 - - [09/Aug/2021:10:01:29 +0800] "GET /xingrg/javascript/jquery_easy_ui/themes/default/images/panel_tool_collapse.gif HTTP/1.1" 304 -
180.169.147.146 - - [09/Aug/2021:10:01:29 +0800] "GET /xingrg/javascript/jquery_easy_ui/themes/default/images/tabs_rightarrow.png HTTP/1.1" 304 -
180.169.147.146 - - [09/Aug/2021:10:01:29 +0800] "GET /xingrg/images/blue/pingpu.png HTTP/1.1" 304 -
180.169.147.146 - - [09/Aug/2021:10:01:29 +0800] "POST /xingrg/load_menu.html HTTP/1.1" 200 9959
58.40.7.146 - - [09/Aug/2021:10:01:29 +0800] "GET /xingrg/all/function/internal_message.html?_=1628474488302&CODE_STATE=getMsg HTTP/1.1" 302 -
180.169.147.146 - - [09/Aug/2021:10:01:29 +0800] "POST /xingrg/dwr/call/plaincall/AjaxCheckService.setItemNumber.dwr HTTP/1.1" 200 78
180.169.147.146 - - [09/Aug/2021:10:01:30 +0800] "GET /xingrg/kc/report/report_main.html HTTP/1.1" 200 7345
180.169.147.146 - - [09/Aug/2021:10:01:30 +0800] "GET /xingrg/javascript/jquery_ui/themes/humanity/humanity.css HTTP/1.1" 200 27801
180.169.147.146 - - [09/Aug/2021:10:01:30 +0800] "GET /xingrg/javascript/json2.js HTTP/1.1" 200 11259
180.169.147.146 - - [09/Aug/2021:10:01:30 +0800] "GET /xingrg/javascript/jquery_easy_ui/themes/icons/back_new.png HTTP/1.1" 200 3414
116.232.53.224 - - [09/Aug/2021:10:01:30 +0800] "GET /xingrg/all/function/internal_message.html?_=1628474489711&CODE_STATE=getMsg HTTP/1.1" 200 27
180.169.147.146 - - [09/Aug/2021:10:01:30 +0800] "POST /xingrg/dwr/call/plaincall/AjaxCheckService.setItemNumber.dwr HTTP/1.1" 200 78
180.169.147.146 - - [09/Aug/2021:10:01:30 +0800] "GET /xingrg/kc/base/kc_stocks.html HTTP/1.1" 200 16443
180.169.147.146 - - [09/Aug/2021:10:01:30 +0800] "GET /xingrg/css/base.css HTTP/1.1" 200 2811
180.169.147.146 - - [09/Aug/2021:10:01:30 +0800] "GET /xingrg/css/site.css HTTP/1.1" 200 7541
180.169.147.146 - - [09/Aug/2021:10:01:30 +0800] "GET /xingrg/javascript/jquery_tools/datebox.css HTTP/1.1" 200 2597
180.169.147.146 - - [09/Aug/2021:10:01:30 +0800] "GET /xingrg/javascript/auto/jquery.autocomplete.css HTTP/1.1" 200 587
180.169.147.146 - - [09/Aug/2021:10:01:30 +0800] "GET /xingrg/javascript/easyui/themes/icon.css HTTP/1.1" 200 4483
180.169.147.146 - - [09/Aug/2021:10:01:30 +0800] "GET /xingrg/javascript/jquery_tools/jquery.tools.min.js HTTP/1.1" 200 138801
180.169.147.146 - - [09/Aug/2021:10:01:30 +0800] "GET /xingrg/javascript/easyui/themes/sunny/easyui.css HTTP/1.1" 200 34304
180.169.147.146 - - [09/Aug/2021:10:01:30 +0800] "GET /xingrg/javascript/jquery_tools/jquery.tools.extend.js HTTP/1.1" 200 15385
180.169.147.146 - - [09/Aug/2021:10:01:30 +0800] "GET /xingrg/javascript/jquery_tools/fix.css HTTP/1.1" 200 1702
180.169.147.146 - - [09/Aug/2021:10:01:30 +0800] "GET /xingrg/javascript/jquery_tools/jquery.tools.hotkey.js HTTP/1.1" 200 3242
180.169.147.146 - - [09/Aug/2021:10:01:30 +0800] "GET /xingrg/javascript/jquery_tools/list_manager.js HTTP/1.1" 200 3652
180.169.147.146 - - [09/Aug/2021:10:01:30 +0800] "GET /xingrg/javascript/easyui/easyloader.js HTTP/1.1" 200 5975
180.169.147.146 - - [09/Aug/2021:10:01:30 +0800] "GET /xingrg/javascript/auto/jquery.autocomplete.js HTTP/1.1" 200 21624
180.169.147.146 - - [09/Aug/2021:10:01:30 +0800] "GET /xingrg/javascript/jquery.cookie.js HTTP/1.1" 200 5513
180.169.147.146 - - [09/Aug/2021:10:01:30 +0800] "GET /xingrg/javascript/convert.js HTTP/1.1" 200 1239
180.169.147.146 - - [09/Aug/2021:10:01:30 +0800] "GET /xingrg/javascript/print/LodopFuncs.js HTTP/1.1" 200 5121
180.169.147.146 - - [09/Aug/2021:10:01:31 +0800] "GET /xingrg/javascript/easyui/themes/icons/refresh_new.png HTTP/1.1" 200 685
180.169.147.146 - - [09/Aug/2021:10:01:31 +0800] "GET /xingrg/javascript/easyui/themes/icons/filter_new.png HTTP/1.1" 200 795
180.169.147.146 - - [09/Aug/2021:10:01:31 +0800] "GET /xingrg/javascript/easyui/themes/icons/import_new.png HTTP/1.1" 200 1247
180.169.147.146 - - [09/Aug/2021:10:01:31 +0800] "GET /xingrg/javascript/easyui/themes/icons/field_new.png HTTP/1.1" 200 1097
180.169.147.146 - - [09/Aug/2021:10:01:31 +0800] "GET /xingrg/javascript/easyui/themes/icons/print_new.png HTTP/1.1" 200 3580
180.169.147.146 - - [09/Aug/2021:10:01:31 +0800] "GET /xingrg/javascript/easyui/plugins/jquery.parser.js HTTP/1.1" 200 1142
180.169.147.146 - - [09/Aug/2021:10:01:31 +0800] "GET /xingrg/javascript/easyui/plugins/jquery.draggable.js HTTP/1.1" 200 6121
180.169.147.146 - - [09/Aug/2021:10:01:31 +0800] "GET /xingrg/javascript/easyui/plugins/jquery.droppable.js HTTP/1.1" 200 1167
180.169.147.146 - - [09/Aug/2021:10:01:31 +0800] "GET /xingrg/javascript/easyui/themes/default/tree.css HTTP/1.1" 404 1090
180.169.147.146 - - [09/Aug/2021:10:01:31 +0800] "GET /xingrg/javascript/easyui/plugins/jquery.tree.js HTTP/1.1" 200 20874
180.169.147.146 - - [09/Aug/2021:10:01:31 +0800] "GET /xingrg/all/common/auto_word.html?type=base&rest_code=00142 HTTP/1.1" 200 665
180.169.147.146 - - [09/Aug/2021:10:01:31 +0800] "POST /xingrg/all/common/load_tree.html?tree=materiel_sort_tree_json HTTP/1.1" 200 8666
180.169.147.146 - - [09/Aug/2021:10:01:31 +0800] "GET /xingrg/javascript/easyui/themes/sunny/images/tree_arrows.gif HTTP/1.1" 200 617
180.169.147.146 - - [09/Aug/2021:10:01:31 +0800] "GET /xingrg/javascript/easyui/themes/sunny/images/tree_folder_open.gif HTTP/1.1" 200 956
180.169.147.146 - - [09/Aug/2021:10:01:31 +0800] "GET /xingrg/javascript/easyui/themes/sunny/images/tree_folder.gif HTTP/1.1" 200 952
180.169.147.146 - - [09/Aug/2021:10:01:31 +0800] "GET /xingrg/javascript/easyui/themes/sunny/images/tree_file.gif HTTP/1.1" 200 118
180.169.147.146 - - [09/Aug/2021:10:01:31 +0800] "POST /xingrg/dwr/call/plaincall/AjaxCheckService.setItemNumber.dwr HTTP/1.1" 200 78
