116.237.74.182 - - [09/Aug/2021:10:01:32 +0800] "GET /xingrg/kc/buy/cgsh_order_operate.html?command=get_materiel&rest_code=00106&code=00101007077&supplier_code=00100002&order_time=2021-08-09 HTTP/1.1" 200 434
180.169.147.146 - - [09/Aug/2021:10:01:32 +0800] "POST /xingrg/dwr/call/plaincall/AjaxCheckService.setItemNumber.dwr HTTP/1.1" 200 78
180.169.147.146 - - [09/Aug/2021:10:01:33 +0800] "POST /xingrg/dwr/call/plaincall/AjaxCheckService.setItemNumber.dwr HTTP/1.1" 200 78
180.169.147.146 - - [09/Aug/2021:10:01:34 +0800] "POST /xingrg/dwr/call/plaincall/AjaxCheckService.setItemNumber.dwr HTTP/1.1" 200 78
180.169.147.146 - - [09/Aug/2021:10:01:35 +0800] "POST /xingrg/dwr/call/plaincall/AjaxCheckService.setItemNumber.dwr HTTP/1.1" 200 78
180.169.147.146 - - [09/Aug/2021:10:01:35 +0800] "POST /xingrg/kc/base/stock_operate.html HTTP/1.1" 200 2638
180.169.147.146 - - [09/Aug/2021:10:01:35 +0800] "GET /xingrg/javascript/jquery_tools/fix_table.js HTTP/1.1" 200 6528
180.169.147.146 - - [09/Aug/2021:10:01:36 +0800] "POST /xingrg/dwr/call/plaincall/AjaxCheckService.setItemNumber.dwr HTTP/1.1" 200 78
222.70.178.182 - - [09/Aug/2021:10:01:37 +0800] "GET /xingrg/all/function/internal_message.html?_=1628474495541&CODE_STATE=getMsg HTTP/1.1" 200 27
180.169.147.146 - - [09/Aug/2021:10:01:37 +0800] "POST /xingrg/dwr/call/plaincall/AjaxCheckService.setItemNumber.dwr HTTP/1.1" 200 78
180.169.147.146 - - [09/Aug/2021:10:01:38 +0800] "GET /xingrg/kc/base/stock_detail.html?m=00102002455 HTTP/1.1" 200 6406
180.169.147.146 - - [09/Aug/2021:10:01:38 +0800] "GET /xingrg/javascript/jquery_easy_ui/themes/icons/search.png HTTP/1.1" 200 813
180.169.147.146 - - [09/Aug/2021:10:01:38 +0800] "GET /xingrg/javascript/jquery_easy_ui/themes/default/images/calendar_prevmonth.gif HTTP/1.1" 200 66
180.169.147.146 - - [09/Aug/2021:10:01:38 +0800] "GET /xingrg/javascript/jquery_easy_ui/themes/default/images/calendar_nextmonth.gif HTTP/1.1" 200 64
180.169.147.146 - - [09/Aug/2021:10:01:38 +0800] "GET /xingrg/javascript/jquery_easy_ui/themes/default/images/calendar_prevyear.gif HTTP/1.1" 200 76
180.169.147.146 - - [09/Aug/2021:10:01:38 +0800] "GET /xingrg/javascript/jquery_easy_ui/themes/default/images/calendar_nextyear.gif HTTP/1.1" 200 75
180.169.147.146 - - [09/Aug/2021:10:01:39 +0800] "POST /xingrg/dwr/call/plaincall/AjaxCheckService.setItemNumber.dwr HTTP/1.1" 200 78
120.253.135.82 - - [09/Aug/2021:10:01:40 +0800] "GET /xingrg/check_reg.html?_=1628474530664 HTTP/1.1" 200 22
120.253.135.82 - - [09/Aug/2021:10:01:40 +0800] "GET /xingrg/all/function/internal_message.html?_=1628474530724&CODE_STATE=getMsg HTTP/1.1" 200 27
180.169.147.146 - - [09/Aug/2021:10:01:41 +0800] "GET /xingrg/kc/base/stock_operate.html?_=1628474500280&command=get_report_file&start_day=20210701 HTTP/1.1" 200 53
180.169.147.146 - - [09/Aug/2021:10:01:41 +0800] "GET /xingrg/all/report/report_query.html?isQuery=1&onlyBody=1&rh=2000&fileName=kc/base/kc_stock_detail_new.xml&queryString=(1=1)&queryText=&tableQueryString=init_table$sp1$$sp$crk_table$sp1$order_day%20between%2020210701%20and%2020210831&varString=start_day:20210701,materiel_code:00102002455,cost_id:3198,end_date:20210630 HTTP/1.1" 200 48701
180.169.147.146 - - [09/Aug/2021:10:01:41 +0800] "GET /xingrg/dwr/interface/AjaxReportQueryService.js HTTP/1.1" 200 13203
180.169.147.146 - - [09/Aug/2021:10:01:41 +0800] "GET /xingrg/dwr/engine.js HTTP/1.1" 200 43631
222.69.131.39 - - [09/Aug/2021:10:01:41 +0800] "GET /xingrg/all/function/internal_message.html?_=1628474500040&CODE_STATE=getMsg HTTP/1.1" 200 27
180.174.224.95 - - [09/Aug/2021:10:01:41 +0800] "GET /xingrg/all/function/internal_message.html?_=1628474478151&CODE_STATE=getMsg HTTP/1.1" 200 27
101.83.145.79 - - [09/Aug/2021:10:01:41 +0800] "GET /xingrg/kc/buy/cgsh_order_operate.html?command=get_materiel&rest_code=00105&code=00101001125&supplier_code=00100090&order_time=2021-08-09 HTTP/1.1" 200 415
222.69.131.39 - - [09/Aug/2021:10:01:41 +0800] "GET /xingrg/check_reg.html?_=1628474500383 HTTP/1.1" 200 22
180.169.147.146 - - [09/Aug/2021:10:01:41 +0800] "POST /xingrg/all/report/load_report_page.html HTTP/1.1" 200 127723
180.169.147.146 - - [09/Aug/2021:10:01:42 +0800] "GET /xingrg/servlets/image?cache=0.3120599193697945&image=px HTTP/1.1" 200 807
222.70.246.151 - - [09/Aug/2021:10:01:43 +0800] "GET /xingrg/all/function/internal_message.html?_=1628474503973&CODE_STATE=getMsg HTTP/1.1" 200 27
180.169.147.146 - - [09/Aug/2021:10:01:43 +0800] "POST /xingrg/dwr/call/plaincall/AjaxCheckService.setItemNumber.dwr HTTP/1.1" 200 78
180.169.147.146 - - [09/Aug/2021:10:01:45 +0800] "GET /xingrg/all/function/internal_message.html?_=1628474503426&CODE_STATE=getMsg HTTP/1.1" 200 27
180.169.147.146 - - [09/Aug/2021:10:01:46 +0800] "GET /xingrg/kc/base/stock_operate.html?_=1628474505747&command=get_report_file&start_day=20210701 HTTP/1.1" 200 53
180.169.147.146 - - [09/Aug/2021:10:01:46 +0800] "GET /xingrg/all/report/report_query.html?isQuery=1&onlyBody=1&rh=2000&fileName=kc/base/kc_stock_detail_new.xml&queryString=(1=1)&queryText=&tableQueryString=init_table$sp1$base_code='0010209'$sp$crk_table$sp1$order_day%20between%2020210701%20and%2020210831%20and%20base_code='0010209'&varString=start_day:20210701,materiel_code:00102002455,cost_id:3198,end_date:20210630 HTTP/1.1" 200 48744
180.169.147.146 - - [09/Aug/2021:10:01:46 +0800] "GET /xingrg/dwr/interface/AjaxReportQueryService.js HTTP/1.1" 200 13203
180.169.147.146 - - [09/Aug/2021:10:01:46 +0800] "GET /xingrg/dwr/engine.js HTTP/1.1" 200 43631
180.169.147.146 - - [09/Aug/2021:10:01:47 +0800] "POST /xingrg/all/report/load_report_page.html HTTP/1.1" 200 39771
180.169.147.146 - - [09/Aug/2021:10:01:47 +0800] "GET /xingrg/servlets/image?cache=0.03538159798017748&image=px HTTP/1.1" 200 807
222.70.178.182 - - [09/Aug/2021:10:01:47 +0800] "POST /xingrg/dwr/call/plaincall/AjaxCheckService.setItemNumber.dwr HTTP/1.1" 200 78
180.169.147.146 - - [09/Aug/2021:10:01:49 +0800] "POST /xingrg/dwr/call/plaincall/AjaxCheckService.setItemNumber.dwr HTTP/1.1" 200 78
222.70.178.182 - - [09/Aug/2021:10:01:50 +0800] "POST /xingrg/dwr/call/plaincall/AjaxCheckService.setItemNumber.dwr HTTP/1.1" 200 78
180.169.147.146 - - [09/Aug/2021:10:01:50 +0800] "POST /xingrg/dwr/call/plaincall/AjaxCheckService.setItemNumber.dwr HTTP/1.1" 200 78
116.237.74.182 - - [09/Aug/2021:10:01:51 +0800] "POST /xingrg/kc/buy/cgsh_order_operate.html HTTP/1.1" 200 37
180.169.147.146 - - [09/Aug/2021:10:01:51 +0800] "POST /xingrg/dwr/call/plaincall/AjaxCheckService.setItemNumber.dwr HTTP/1.1" 200 78
120.253.135.82 - - [09/Aug/2021:10:01:52 +0800] "GET /xingrg/all/function/internal_message.html?_=1628474288947&CODE_STATE=getMsg HTTP/1.1" 200 27
222.70.178.182 - - [09/Aug/2021:10:01:53 +0800] "POST /xingrg/dwr/call/plaincall/AjaxCheckService.setItemNumber.dwr HTTP/1.1" 200 78
180.169.147.146 - - [09/Aug/2021:10:01:53 +0800] "POST /xingrg/dwr/call/plaincall/AjaxCheckService.setItemNumber.dwr HTTP/1.1" 200 78
222.70.178.182 - - [09/Aug/2021:10:01:53 +0800] "GET /xingrg/all/function/internal_message.html?_=1628474544284&CODE_STATE=getMsg HTTP/1.1" 302 -
101.83.145.79 - - [09/Aug/2021:10:01:53 +0800] "GET /xingrg/kc/buy/cgsh_order_operate.html?command=get_materiel&rest_code=00105&code=00101001169&supplier_code=00100090&order_time=2021-08-09 HTTP/1.1" 200 415
180.169.147.146 - - [09/Aug/2021:10:01:54 +0800] "POST /xingrg/dwr/call/plaincall/AjaxCheckService.setItemNumber.dwr HTTP/1.1" 200 78
116.237.74.182 - - [09/Aug/2021:10:01:54 +0800] "POST /xingrg/kc/buy/cgsh_order_operate.html HTTP/1.1" 200 12
180.169.147.146 - - [09/Aug/2021:10:01:55 +0800] "POST /xingrg/dwr/call/plaincall/AjaxCheckService.setItemNumber.dwr HTTP/1.1" 200 78
180.169.147.146 - - [09/Aug/2021:10:01:56 +0800] "POST /xingrg/dwr/call/plaincall/AjaxCheckService.setItemNumber.dwr HTTP/1.1" 200 78
222.70.178.182 - - [09/Aug/2021:10:01:56 +0800] "POST /xingrg/dwr/call/plaincall/AjaxCheckService.setItemNumber.dwr HTTP/1.1" 200 78
116.237.74.182 - - [09/Aug/2021:10:01:56 +0800] "GET /xingrg/kc/buy/cgsh_order_info.html?code=212021080903887 HTTP/1.1" 200 58060
116.237.74.182 - - [09/Aug/2021:10:01:57 +0800] "GET /xingrg/javascript/easyui/themes/default/validatebox.css HTTP/1.1" 404 1104
116.237.74.182 - - [09/Aug/2021:10:01:57 +0800] "POST /xingrg/kc/buy/cgsh_order_operate.html HTTP/1.1" 200 3568
222.70.178.182 - - [09/Aug/2021:10:01:58 +0800] "POST /xingrg/dwr/call/plaincall/AjaxCheckService.setItemNumber.dwr HTTP/1.1" 200 78
180.169.147.146 - - [09/Aug/2021:10:01:58 +0800] "GET /xingrg/kc/base/stock_operate.html?_=1628474517896&command=get_report_file&start_day=20210701 HTTP/1.1" 200 53
180.169.147.146 - - [09/Aug/2021:10:01:58 +0800] "GET /xingrg/all/report/report_query.html?isQuery=1&onlyBody=1&rh=2000&fileName=kc/base/kc_stock_detail_new.xml&queryString=(1=1)&queryText=&tableQueryString=init_table$sp1$base_code='0010186'$sp$crk_table$sp1$order_day%20between%2020210701%20and%2020210831%20and%20base_code='0010186'&varString=start_day:20210701,materiel_code:00102002455,cost_id:3198,end_date:20210630 HTTP/1.1" 200 48744
180.169.147.146 - - [09/Aug/2021:10:01:58 +0800] "GET /xingrg/dwr/interface/AjaxReportQueryService.js HTTP/1.1" 200 13203
180.169.147.146 - - [09/Aug/2021:10:01:58 +0800] "GET /xingrg/dwr/engine.js HTTP/1.1" 200 43631
180.169.147.146 - - [09/Aug/2021:10:01:59 +0800] "POST /xingrg/all/report/load_report_page.html HTTP/1.1" 200 49629
180.169.147.146 - - [09/Aug/2021:10:01:59 +0800] "GET /xingrg/servlets/image?cache=0.017069579687495895&image=px HTTP/1.1" 200 807
180.169.147.146 - - [09/Aug/2021:10:01:59 +0800] "POST /xingrg/dwr/call/plaincall/AjaxCheckService.setItemNumber.dwr HTTP/1.1" 200 78
222.70.178.182 - - [09/Aug/2021:10:02:00 +0800] "POST /xingrg/dwr/call/plaincall/AjaxCheckService.setItemNumber.dwr HTTP/1.1" 200 78
116.237.74.182 - - [09/Aug/2021:10:02:00 +0800] "GET /xingrg/kc/print/load_data.html?order_code=212021080903887&kc_code=cgsh&condition= HTTP/1.1" 200 1911
101.83.145.79 - - [09/Aug/2021:10:02:01 +0800] "GET /xingrg/kc/buy/cgsh_order_operate.html?command=get_materiel&rest_code=00105&code=00101001043&supplier_code=00100090&order_time=2021-08-09 HTTP/1.1" 200 415
180.169.147.146 - - [09/Aug/2021:10:02:01 +0800] "POST /xingrg/dwr/call/plaincall/AjaxCheckService.setItemNumber.dwr HTTP/1.1" 200 78
180.169.147.146 - - [09/Aug/2021:10:02:02 +0800] "POST /xingrg/dwr/call/plaincall/AjaxCheckService.setItemNumber.dwr HTTP/1.1" 200 78
222.70.178.182 - - [09/Aug/2021:10:02:02 +0800] "POST /xingrg/dwr/call/plaincall/AjaxCheckService.setItemNumber.dwr HTTP/1.1" 200 78
180.169.147.146 - - [09/Aug/2021:10:02:03 +0800] "POST /xingrg/dwr/call/plaincall/AjaxCheckService.setItemNumber.dwr HTTP/1.1" 200 78
180.169.147.146 - - [09/Aug/2021:10:02:04 +0800] "GET /xingrg/check_reg.html?_=1628474522912 HTTP/1.1" 200 22
222.70.178.182 - - [09/Aug/2021:10:02:04 +0800] "POST /xingrg/dwr/call/plaincall/AjaxCheckService.setItemNumber.dwr HTTP/1.1" 200 78
116.237.74.182 - - [09/Aug/2021:10:02:05 +0800] "GET /xingrg/kc/print/load_data.html?order_code=212021080903887&kc_code=cgsh HTTP/1.1" 200 1911
180.169.147.146 - - [09/Aug/2021:10:02:05 +0800] "POST /xingrg/dwr/call/plaincall/AjaxCheckService.setItemNumber.dwr HTTP/1.1" 200 78
116.230.110.80 - - [09/Aug/2021:10:02:05 +0800] "GET /xingrg/all/function/internal_message.html?_=1628474508373&CODE_STATE=getMsg HTTP/1.1" 200 27
180.169.147.146 - - [09/Aug/2021:10:02:06 +0800] "GET /xingrg/all/function/internal_message.html?_=1628474524952&CODE_STATE=getMsg HTTP/1.1" 200 27
222.70.178.182 - - [09/Aug/2021:10:02:06 +0800] "POST /xingrg/dwr/call/plaincall/AjaxCheckService.setItemNumber.dwr HTTP/1.1" 200 78
180.156.224.123 - - [09/Aug/2021:10:02:06 +0800] "GET /xingrg/all/function/internal_message.html?_=1628474524887&CODE_STATE=getMsg HTTP/1.1" 200 27
180.169.147.146 - - [09/Aug/2021:10:02:07 +0800] "POST /xingrg/dwr/call/plaincall/AjaxCheckService.setItemNumber.dwr HTTP/1.1" 200 78
180.169.147.146 - - [09/Aug/2021:10:02:07 +0800] "GET /xingrg/kc/base/stock_operate.html?_=1628474526751&command=get_report_file&start_day=20210701 HTTP/1.1" 200 53
180.169.147.146 - - [09/Aug/2021:10:02:07 +0800] "GET /xingrg/all/report/report_query.html?isQuery=1&onlyBody=1&rh=2000&fileName=kc/base/kc_stock_detail_new.xml&queryString=(1=1)&queryText=&tableQueryString=init_table$sp1$base_code='0010186'$sp$crk_table$sp1$order_day%20between%2020210701%20and%2020210731%20and%20base_code='0010186'&varString=start_day:20210701,materiel_code:00102002455,cost_id:3198,end_date:20210630 HTTP/1.1" 200 48744
180.169.147.146 - - [09/Aug/2021:10:02:07 +0800] "GET /xingrg/dwr/interface/AjaxReportQueryService.js HTTP/1.1" 200 13203
180.169.147.146 - - [09/Aug/2021:10:02:07 +0800] "GET /xingrg/dwr/engine.js HTTP/1.1" 200 43631
180.169.147.146 - - [09/Aug/2021:10:02:08 +0800] "POST /xingrg/all/report/load_report_page.html HTTP/1.1" 200 44644
180.169.147.146 - - [09/Aug/2021:10:02:08 +0800] "GET /xingrg/servlets/image?cache=0.2608550141316447&image=px HTTP/1.1" 200 807
222.70.178.182 - - [09/Aug/2021:10:02:09 +0800] "POST /xingrg/dwr/call/plaincall/AjaxCheckService.setItemNumber.dwr HTTP/1.1" 200 78
180.169.147.146 - - [09/Aug/2021:10:02:09 +0800] "POST /xingrg/dwr/call/plaincall/AjaxCheckService.setItemNumber.dwr HTTP/1.1" 200 78
180.169.147.146 - - [09/Aug/2021:10:02:10 +0800] "POST /xingrg/dwr/call/plaincall/AjaxCheckService.setItemNumber.dwr HTTP/1.1" 200 78
114.84.82.184 - - [09/Aug/2021:10:02:11 +0800] "GET /favicon.ico HTTP/1.1" 404 -
180.169.147.146 - - [09/Aug/2021:10:02:11 +0800] "POST /xingrg/dwr/call/plaincall/AjaxCheckService.setItemNumber.dwr HTTP/1.1" 200 78
180.169.147.146 - - [09/Aug/2021:10:02:12 +0800] "POST /xingrg/dwr/call/plaincall/AjaxCheckService.setItemNumber.dwr HTTP/1.1" 200 78
180.169.147.146 - - [09/Aug/2021:10:02:13 +0800] "POST /xingrg/dwr/call/plaincall/AjaxCheckService.setItemNumber.dwr HTTP/1.1" 200 78
222.70.178.182 - - [09/Aug/2021:10:02:14 +0800] "POST /xingrg/dwr/call/plaincall/AjaxCheckService.setItemNumber.dwr HTTP/1.1" 200 78
180.169.147.146 - - [09/Aug/2021:10:02:14 +0800] "POST /xingrg/dwr/call/plaincall/AjaxCheckService.setItemNumber.dwr HTTP/1.1" 200 78
116.237.74.182 - - [09/Aug/2021:10:02:15 +0800] "GET /xingrg/all/function/internal_message.html?_=1628474534613&CODE_STATE=getMsg HTTP/1.1" 200 27
180.169.147.146 - - [09/Aug/2021:10:02:17 +0800] "POST /xingrg/dwr/call/plaincall/AjaxCheckService.setItemNumber.dwr HTTP/1.1" 200 78
114.88.154.248 - - [09/Aug/2021:10:02:19 +0800] "GET /xingrg/all/function/internal_message.html?_=1628474443778&CODE_STATE=getMsg HTTP/1.1" 200 27
114.84.82.184 - - [09/Aug/2021:10:02:19 +0800] "GET /xingrg/index.html?sysBaseUrl=http%3A%2F%2F180.169.147.146%3A18081%2Fxingrg%2F&costTime=44×tamp=1622098168715 HTTP/1.1" 302 -
114.84.82.184 - - [09/Aug/2021:10:02:19 +0800] "GET /xingrg/login.html HTTP/1.1" 200 7641
114.84.82.184 - - [09/Aug/2021:10:02:19 +0800] "GET /favicon.ico HTTP/1.1" 404 -
101.83.145.79 - - [09/Aug/2021:10:02:20 +0800] "GET /xingrg/all/function/internal_message.html?_=1628474540243&CODE_STATE=getMsg HTTP/1.1" 200 27
101.83.145.79 - - [09/Aug/2021:10:02:20 +0800] "POST /xingrg/kc/buy/cgsh_order_operate.html HTTP/1.1" 200 37
222.70.178.182 - - [09/Aug/2021:10:02:20 +0800] "POST /xingrg/dwr/call/plaincall/AjaxCheckService.setItemNumber.dwr HTTP/1.1" 200 78
114.84.82.184 - - [09/Aug/2021:10:02:21 +0800] "POST /xingrg/login.do HTTP/1.1" 302 -
114.84.82.184 - - [09/Aug/2021:10:02:21 +0800] "GET /xingrg/index.html?sysBaseUrl=http%3A%2F%2F180.169.147.146%3A18081%2Fxingrg%2F&costTime=40×tamp=1628474541166 HTTP/1.1" 200 17179
114.84.82.184 - - [09/Aug/2021:10:02:21 +0800] "GET /favicon.ico HTTP/1.1" 404 -
114.84.82.184 - - [09/Aug/2021:10:02:21 +0800] "POST /xingrg/all/common/load_tree.html?tree=area_rest_tree_json&manage=1 HTTP/1.1" 200 351
114.84.82.184 - - [09/Aug/2021:10:02:21 +0800] "GET /xingrg/all/function/internal_message.html?_=1628474540653&CODE_STATE=count HTTP/1.1" 200 11
114.84.82.184 - - [09/Aug/2021:10:02:21 +0800] "GET /xingrg/check_reg.html?_=1628474540655 HTTP/1.1" 200 22
114.84.82.184 - - [09/Aug/2021:10:02:21 +0800] "POST /xingrg/load_menu.html HTTP/1.1" 200 5138
180.169.147.146 - - [09/Aug/2021:10:02:21 +0800] "POST /xingrg/dwr/call/plaincall/AjaxCheckService.setItemNumber.dwr HTTP/1.1" 200 78
180.156.224.123 - - [09/Aug/2021:10:02:21 +0800] "GET /xingrg/all/function/internal_message.html?_=1628474491474&CODE_STATE=getMsg HTTP/1.1" 200 27
222.70.178.182 - - [09/Aug/2021:10:02:22 +0800] "POST /xingrg/dwr/call/plaincall/AjaxCheckService.setItemNumber.dwr HTTP/1.1" 200 78
180.169.147.146 - - [09/Aug/2021:10:02:22 +0800] "GET /xingrg/all/function/internal_message.html?_=1628474541641&CODE_STATE=getMsg HTTP/1.1" 200 27
101.83.145.79 - - [09/Aug/2021:10:02:23 +0800] "POST /xingrg/kc/buy/cgsh_order_operate.html HTTP/1.1" 200 4452
222.70.178.182 - - [09/Aug/2021:10:02:24 +0800] "POST /xingrg/dwr/call/plaincall/AjaxCheckService.setItemNumber.dwr HTTP/1.1" 200 78
180.169.147.146 - - [09/Aug/2021:10:02:24 +0800] "POST /xingrg/dwr/call/plaincall/AjaxCheckService.setItemNumber.dwr HTTP/1.1" 200 78
116.237.74.182 - - [09/Aug/2021:10:02:24 +0800] "GET /xingrg/kc/buy/cgsh_order_add.html HTTP/1.1" 200 63149
116.237.74.182 - - [09/Aug/2021:10:02:24 +0800] "GET /xingrg/javascript/easyui/themes/default/validatebox.css HTTP/1.1" 404 1104
116.237.74.182 - - [09/Aug/2021:10:02:24 +0800] "POST /xingrg/kc/buy/cgsh_order_operate.html HTTP/1.1" 200 8245
180.169.147.146 - - [09/Aug/2021:10:02:25 +0800] "POST /xingrg/dwr/call/plaincall/AjaxCheckService.setItemNumber.dwr HTTP/1.1" 200 78
101.83.145.79 - - [09/Aug/2021:10:02:25 +0800] "GET /xingrg/kc/print/load_data.html?order_code=212021080903888&kc_code=cgsh&condition= HTTP/1.1" 200 1416
180.169.147.146 - - [09/Aug/2021:10:02:26 +0800] "POST /xingrg/dwr/call/plaincall/AjaxCheckService.setItemNumber.dwr HTTP/1.1" 200 78
116.237.74.182 - - [09/Aug/2021:10:02:26 +0800] "GET /xingrg/javascript/easyui/themes/default/tree.css HTTP/1.1" 404 1090
116.237.74.182 - - [09/Aug/2021:10:02:26 +0800] "POST /xingrg/all/common/load_tree.html?tree=supplier_tree_json&isDelete=1 HTTP/1.1" 200 57192
180.169.147.146 - - [09/Aug/2021:10:02:27 +0800] "POST /xingrg/dwr/call/plaincall/AjaxCheckService.setItemNumber.dwr HTTP/1.1" 200 78
222.70.178.182 - - [09/Aug/2021:10:02:27 +0800] "POST /xingrg/dwr/call/plaincall/AjaxCheckService.setItemNumber.dwr HTTP/1.1" 200 78
180.169.147.146 - - [09/Aug/2021:10:02:28 +0800] "POST /xingrg/dwr/call/plaincall/AjaxCheckService.setItemNumber.dwr HTTP/1.1" 200 78
114.84.82.184 - - [09/Aug/2021:10:02:28 +0800] "GET /xingrg/kc/buy/cgsh_order_list.html HTTP/1.1" 200 47411
222.70.178.182 - - [09/Aug/2021:10:02:28 +0800] "POST /xingrg/dwr/call/plaincall/AjaxCheckService.setItemNumber.dwr HTTP/1.1" 200 78
101.83.145.79 - - [09/Aug/2021:10:02:28 +0800] "GET /xingrg/kc/buy/cgsh_order_add.html HTTP/1.1" 200 63190
180.169.147.146 - - [09/Aug/2021:10:02:29 +0800] "GET /xingrg/all/function/internal_message.html?_=1628474548000&CODE_STATE=getMsg HTTP/1.1" 200 27
58.40.7.146 - - [09/Aug/2021:10:02:29 +0800] "GET /xingrg/all/function/internal_message.html?_=1628474548305&CODE_STATE=getMsg HTTP/1.1" 302 -
58.40.7.146 - - [09/Aug/2021:10:02:29 +0800] "GET /xingrg/check_reg.html?_=1628474548306 HTTP/1.1" 302 -
101.83.145.79 - - [09/Aug/2021:10:02:29 +0800] "GET /xingrg/javascript/easyui/themes/default/validatebox.css HTTP/1.1" 404 1104
101.83.145.79 - - [09/Aug/2021:10:02:29 +0800] "POST /xingrg/kc/buy/cgsh_order_operate.html HTTP/1.1" 200 8245
180.169.147.146 - - [09/Aug/2021:10:02:29 +0800] "POST /xingrg/dwr/call/plaincall/AjaxCheckService.setItemNumber.dwr HTTP/1.1" 200 78
114.84.82.184 - - [09/Aug/2021:10:02:29 +0800] "POST /xingrg/kc/buy/cgsh_list_operate.html HTTP/1.1" 200 876
116.232.53.224 - - [09/Aug/2021:10:02:29 +0800] "GET /xingrg/check_reg.html?_=1628474549081 HTTP/1.1" 200 22
222.70.178.182 - - [09/Aug/2021:10:02:30 +0800] "POST /xingrg/dwr/call/plaincall/AjaxCheckService.setItemNumber.dwr HTTP/1.1" 200 78
116.232.53.224 - - [09/Aug/2021:10:02:30 +0800] "GET /xingrg/all/function/internal_message.html?_=1628474549684&CODE_STATE=getMsg HTTP/1.1" 200 27
180.169.147.146 - - [09/Aug/2021:10:02:30 +0800] "POST /xingrg/dwr/call/plaincall/AjaxCheckService.setItemNumber.dwr HTTP/1.1" 200 78
222.70.178.182 - - [09/Aug/2021:10:02:31 +0800] "POST /xingrg/dwr/call/plaincall/AjaxCheckService.setItemNumber.dwr HTTP/1.1" 200 78
180.169.147.146 - - [09/Aug/2021:10:02:31 +0800] "POST /xingrg/dwr/call/plaincall/AjaxCheckService.setItemNumber.dwr HTTP/1.1" 200 78
114.84.82.184 - - [09/Aug/2021:10:02:32 +0800] "GET /xingrg/kc/buy/cgsh_order_add.html HTTP/1.1" 200 63143
114.84.82.184 - - [09/Aug/2021:10:02:32 +0800] "GET /xingrg/words/20210807213312_words.js HTTP/1.1" 200 833195
114.84.82.184 - - [09/Aug/2021:10:02:33 +0800] "GET /xingrg/all/common/auto_word.html?type=employee&rest_code=00148 HTTP/1.1" 200 197
114.84.82.184 - - [09/Aug/2021:10:02:33 +0800] "GET /xingrg/all/common/auto_word.html?type=employee&rest_code=00148 HTTP/1.1" 200 197
114.84.82.184 - - [09/Aug/2021:10:02:33 +0800] "GET /xingrg/javascript/easyui/themes/default/validatebox.css HTTP/1.1" 404 1104
114.84.82.184 - - [09/Aug/2021:10:02:33 +0800] "POST /xingrg/kc/buy/cgsh_order_operate.html HTTP/1.1" 200 8245
222.70.178.182 - - [09/Aug/2021:10:02:33 +0800] "POST /xingrg/dwr/call/plaincall/AjaxCheckService.setItemNumber.dwr HTTP/1.1" 200 78
180.169.147.146 - - [09/Aug/2021:10:02:33 +0800] "POST /xingrg/dwr/call/plaincall/AjaxCheckService.setItemNumber.dwr HTTP/1.1" 200 78
114.84.82.184 - - [09/Aug/2021:10:02:35 +0800] "GET /xingrg/javascript/auto/indicator.gif HTTP/1.1" 404 1066
114.84.82.184 - - [09/Aug/2021:10:02:35 +0800] "GET /xingrg/javascript/jquery_tools/images/prev.gif HTTP/1.1" 404 1086
114.84.82.184 - - [09/Aug/2021:10:02:35 +0800] "GET /xingrg/javascript/jquery_tools/images/next.gif HTTP/1.1" 404 1086
180.169.147.146 - - [09/Aug/2021:10:02:35 +0800] "POST /xingrg/dwr/call/plaincall/AjaxCheckService.setItemNumber.dwr HTTP/1.1" 200 78
222.70.178.182 - - [09/Aug/2021:10:02:35 +0800] "POST /xingrg/dwr/call/plaincall/AjaxCheckService.setItemNumber.dwr HTTP/1.1" 200 78
180.169.147.146 - - [09/Aug/2021:10:02:36 +0800] "POST /xingrg/dwr/call/plaincall/AjaxCheckService.setItemNumber.dwr HTTP/1.1" 200 78
222.70.178.182 - - [09/Aug/2021:10:02:37 +0800] "GET /xingrg/all/function/internal_message.html?_=1628474555511&CODE_STATE=getMsg HTTP/1.1" 200 27
180.169.147.146 - - [09/Aug/2021:10:02:37 +0800] "POST /xingrg/dwr/call/plaincall/AjaxCheckService.setItemNumber.dwr HTTP/1.1" 200 78
222.70.178.182 - - [09/Aug/2021:10:02:38 +0800] "POST /xingrg/dwr/call/plaincall/AjaxCheckService.setItemNumber.dwr HTTP/1.1" 200 78
180.169.147.146 - - [09/Aug/2021:10:02:39 +0800] "POST /xingrg/dwr/call/plaincall/AjaxCheckService.setItemNumber.dwr HTTP/1.1" 200 78
222.70.178.182 - - [09/Aug/2021:10:02:40 +0800] "POST /xingrg/dwr/call/plaincall/AjaxCheckService.setItemNumber.dwr HTTP/1.1" 200 78
120.253.135.82 - - [09/Aug/2021:10:02:40 +0800] "GET /xingrg/all/function/internal_message.html?_=1628474590738&CODE_STATE=getMsg HTTP/1.1" 200 27
180.169.147.146 - - [09/Aug/2021:10:02:41 +0800] "POST /xingrg/dwr/call/plaincall/AjaxCheckService.setItemNumber.dwr HTTP/1.1" 200 78
101.83.145.79 - - [09/Aug/2021:10:02:41 +0800] "GET /xingrg/kc/buy/cgsh_order_operate.html?command=get_materiel&rest_code=00105&code=00101014036&supplier_code=00100090&order_time=2021-08-09 HTTP/1.1" 200 414
222.69.131.39 - - [09/Aug/2021:10:02:41 +0800] "GET /xingrg/all/function/internal_message.html?_=1628474560030&CODE_STATE=getMsg HTTP/1.1" 200 27
180.174.224.95 - - [09/Aug/2021:10:02:41 +0800] "GET /xingrg/all/function/internal_message.html?_=1628474538425&CODE_STATE=getMsg HTTP/1.1" 200 27
222.70.178.182 - - [09/Aug/2021:10:02:42 +0800] "POST /xingrg/dwr/call/plaincall/AjaxCheckService.setItemNumber.dwr HTTP/1.1" 200 78
180.169.147.146 - - [09/Aug/2021:10:02:42 +0800] "POST /xingrg/dwr/call/plaincall/AjaxCheckService.setItemNumber.dwr HTTP/1.1" 200 78
114.84.82.184 - - [09/Aug/2021:10:02:42 +0800] "GET /xingrg/kc/buy/cgsh_order_operate.html?command=get_materiel&rest_code=00148&code=00101012046&supplier_code=00100347&order_time=2021-08-09 HTTP/1.1" 200 417
222.70.246.151 - - [09/Aug/2021:10:02:43 +0800] "GET /xingrg/all/function/internal_message.html?_=1628474563974&CODE_STATE=getMsg HTTP/1.1" 200 27
116.237.74.182 - - [09/Aug/2021:10:02:43 +0800] "GET /xingrg/kc/buy/cgsh_order_operate.html?command=get_materiel&rest_code=00106&code=00101006161&supplier_code=00100032&order_time=2021-08-09 HTTP/1.1" 200 409
222.70.178.182 - - [09/Aug/2021:10:02:43 +0800] "POST /xingrg/dwr/call/plaincall/AjaxCheckService.setItemNumber.dwr HTTP/1.1" 200 78
180.169.147.146 - - [09/Aug/2021:10:02:43 +0800] "POST /xingrg/dwr/call/plaincall/AjaxCheckService.setItemNumber.dwr HTTP/1.1" 200 78
180.169.147.146 - - [09/Aug/2021:10:02:45 +0800] "GET /xingrg/all/function/internal_message.html?_=1628474563428&CODE_STATE=getMsg HTTP/1.1" 200 27
222.70.178.182 - - [09/Aug/2021:10:02:45 +0800] "POST /xingrg/dwr/call/plaincall/AjaxCheckService.setItemNumber.dwr HTTP/1.1" 200 78
222.70.178.182 - - [09/Aug/2021:10:02:46 +0800] "POST /xingrg/dwr/call/plaincall/AjaxCheckService.setItemNumber.dwr HTTP/1.1" 200 78
114.84.82.184 - - [09/Aug/2021:10:02:47 +0800] "GET /xingrg/kc/buy/cgsh_order_operate.html?command=get_materiel&rest_code=00148&code=00101012101&supplier_code=00100347&order_time=2021-08-09 HTTP/1.1" 200 404
101.83.145.79 - - [09/Aug/2021:10:02:48 +0800] "GET /xingrg/kc/buy/cgsh_order_operate.html?command=get_materiel&rest_code=00105&code=00101014101&supplier_code=00100090&order_time=2021-08-09 HTTP/1.1" 200 402
180.169.147.146 - - [09/Aug/2021:10:02:49 +0800] "POST /xingrg/dwr/call/plaincall/AjaxCheckService.setItemNumber.dwr HTTP/1.1" 200 78
180.169.147.146 - - [09/Aug/2021:10:02:50 +0800] "POST /xingrg/dwr/call/plaincall/AjaxCheckService.setItemNumber.dwr HTTP/1.1" 200 78
120.253.135.82 - - [09/Aug/2021:10:02:52 +0800] "GET /xingrg/all/function/internal_message.html?_=1628474348953&CODE_STATE=getMsg HTTP/1.1" 200 27
222.70.178.182 - - [09/Aug/2021:10:02:53 +0800] "GET /xingrg/all/function/internal_message.html?_=1628474604284&CODE_STATE=getMsg HTTP/1.1" 302 -
114.84.82.184 - - [09/Aug/2021:10:02:55 +0800] "POST /xingrg/kc/buy/cgsh_order_operate.html HTTP/1.1" 200 37
114.84.82.184 - - [09/Aug/2021:10:02:57 +0800] "POST /xingrg/kc/buy/cgsh_order_operate.html HTTP/1.1" 200 2661
114.84.82.184 - - [09/Aug/2021:10:02:58 +0800] "GET /xingrg/kc/buy/cgsh_order_add.html HTTP/1.1" 200 63143
114.84.82.184 - - [09/Aug/2021:10:02:59 +0800] "POST /xingrg/kc/buy/cgsh_order_operate.html HTTP/1.1" 200 8245
114.84.82.184 - - [09/Aug/2021:10:02:59 +0800] "GET /xingrg/javascript/easyui/themes/default/validatebox.css HTTP/1.1" 404 1104
116.237.74.182 - - [09/Aug/2021:10:03:00 +0800] "GET /xingrg/kc/buy/cgsh_order_operate.html?command=get_materiel&rest_code=00106&code=00101012025&supplier_code=00100032&order_time=2021-08-09 HTTP/1.1" 200 412
116.230.110.80 - - [09/Aug/2021:10:03:05 +0800] "GET /xingrg/all/function/internal_message.html?_=1628474568376&CODE_STATE=getMsg HTTP/1.1" 200 27
116.230.110.80 - - [09/Aug/2021:10:03:05 +0800] "GET /xingrg/check_reg.html?_=1628474568381 HTTP/1.1" 200 22
116.237.74.182 - - [09/Aug/2021:10:03:05 +0800] "GET /xingrg/check_reg.html?_=1628474584429 HTTP/1.1" 200 22
180.169.147.146 - - [09/Aug/2021:10:03:06 +0800] "GET /xingrg/all/function/internal_message.html?_=1628474584940&CODE_STATE=getMsg HTTP/1.1" 200 27
180.156.224.123 - - [09/Aug/2021:10:03:06 +0800] "GET /xingrg/all/function/internal_message.html?_=1628474584888&CODE_STATE=getMsg HTTP/1.1" 200 27
114.84.82.184 - - [09/Aug/2021:10:03:08 +0800] "GET /xingrg/kc/buy/cgsh_order_operate.html?command=get_materiel&rest_code=00148&code=00101021018&supplier_code=00100331&order_time=2021-08-09 HTTP/1.1" 200 400
116.237.74.182 - - [09/Aug/2021:10:03:08 +0800] "GET /xingrg/kc/buy/cgsh_order_operate.html?command=get_materiel&rest_code=00106&code=00101010248&supplier_code=00100032&order_time=2021-08-09 HTTP/1.1" 200 430
116.237.74.182 - - [09/Aug/2021:10:03:11 +0800] "POST /xingrg/all/common/load_select.html HTTP/1.1" 200 25
116.237.74.182 - - [09/Aug/2021:10:03:15 +0800] "GET /xingrg/all/function/internal_message.html?_=1628474594592&CODE_STATE=getMsg HTTP/1.1" 200 27
114.84.82.184 - - [09/Aug/2021:10:03:16 +0800] "POST /xingrg/kc/buy/cgsh_order_operate.html HTTP/1.1" 200 37
116.237.74.182 - - [09/Aug/2021:10:03:16 +0800] "GET /xingrg/kc/buy/cgsh_order_operate.html?command=get_materiel_price&rest_code=00106&code=00101010248&unit_code=00100043&supplier_code=00100032&order_time=2021-08-09 HTTP/1.1" 200 29
101.83.145.79 - - [09/Aug/2021:10:03:18 +0800] "POST /xingrg/kc/buy/cgsh_order_operate.html HTTP/1.1" 200 37
114.84.82.184 - - [09/Aug/2021:10:03:18 +0800] "POST /xingrg/kc/buy/cgsh_order_operate.html HTTP/1.1" 200 2657
114.88.154.248 - - [09/Aug/2021:10:03:19 +0800] "GET /xingrg/all/function/internal_message.html?_=1628474503749&CODE_STATE=getMsg HTTP/1.1" 200 27
180.169.147.146 - - [09/Aug/2021:10:03:19 +0800] "POST /xingrg/dwr/call/plaincall/AjaxCheckService.setItemNumber.dwr HTTP/1.1" 200 78
101.83.145.79 - - [09/Aug/2021:10:03:20 +0800] "GET /xingrg/all/function/internal_message.html?_=1628474600220&CODE_STATE=getMsg HTTP/1.1" 200 27
101.83.145.79 - - [09/Aug/2021:10:03:20 +0800] "POST /xingrg/kc/buy/cgsh_order_operate.html HTTP/1.1" 200 2663
101.83.145.79 - - [09/Aug/2021:10:03:21 +0800] "GET /xingrg/kc/print/load_data.html?order_code=212021080903891&kc_code=cgsh&condition= HTTP/1.1" 200 740
114.84.82.184 - - [09/Aug/2021:10:03:21 +0800] "GET /xingrg/all/function/internal_message.html?_=1628474600664&CODE_STATE=getMsg HTTP/1.1" 200 27
180.156.224.123 - - [09/Aug/2021:10:03:22 +0800] "GET /xingrg/all/function/internal_message.html?_=1628474551488&CODE_STATE=getMsg HTTP/1.1" 200 27
180.169.147.146 - - [09/Aug/2021:10:03:22 +0800] "GET /xingrg/all/function/internal_message.html?_=1628474601647&CODE_STATE=getMsg HTTP/1.1" 200 27
180.169.147.146 - - [09/Aug/2021:10:03:23 +0800] "GET /xingrg/javascript/jquery_easy_ui/themes/default/images/tabs_active.png HTTP/1.1" 200 2894
120.253.135.82 - - [09/Aug/2021:10:03:24 +0800] "GET /xingrg/javascript/jquery_easy_ui/themes/default/images/tabs_active.png HTTP/1.1" 304 -
101.83.145.79 - - [09/Aug/2021:10:03:25 +0800] "GET /xingrg/kc/buy/cgsh_order_add.html HTTP/1.1" 200 63190
101.83.145.79 - - [09/Aug/2021:10:03:25 +0800] "GET /xingrg/javascript/easyui/themes/default/validatebox.css HTTP/1.1" 404 1104
101.83.145.79 - - [09/Aug/2021:10:03:25 +0800] "POST /xingrg/kc/buy/cgsh_order_operate.html HTTP/1.1" 200 8245
120.253.135.82 - - [09/Aug/2021:10:03:25 +0800] "GET /xingrg/kc/buy/cgsh_order_list.html HTTP/1.1" 200 47405
180.169.147.146 - - [09/Aug/2021:10:03:26 +0800] "POST /xingrg/dwr/call/plaincall/AjaxCheckService.setItemNumber.dwr HTTP/1.1" 200 78
120.253.135.82 - - [09/Aug/2021:10:03:26 +0800] "POST /xingrg/kc/buy/cgsh_list_operate.html HTTP/1.1" 200 876
180.169.147.146 - - [09/Aug/2021:10:03:28 +0800] "POST /xingrg/dwr/call/plaincall/AjaxCheckService.setItemNumber.dwr HTTP/1.1" 200 78
180.169.147.146 - - [09/Aug/2021:10:03:29 +0800] "GET /xingrg/all/function/internal_message.html?_=1628474607977&CODE_STATE=getMsg HTTP/1.1" 200 27
58.40.7.146 - - [09/Aug/2021:10:03:29 +0800] "GET /xingrg/all/function/internal_message.html?_=1628474608308&CODE_STATE=getMsg HTTP/1.1" 302 -
180.169.147.146 - - [09/Aug/2021:10:03:29 +0800] "POST /xingrg/dwr/call/plaincall/AjaxCheckService.setItemNumber.dwr HTTP/1.1" 200 78
116.237.74.182 - - [09/Aug/2021:10:03:29 +0800] "GET /xingrg/kc/buy/cgsh_order_operate.html?command=get_materiel&rest_code=00106&code=00101004010&supplier_code=00100032&order_time=2021-08-09 HTTP/1.1" 200 424
116.232.53.224 - - [09/Aug/2021:10:03:30 +0800] "GET /xingrg/all/function/internal_message.html?_=1628474609654&CODE_STATE=getMsg HTTP/1.1" 200 27
180.169.147.146 - - [09/Aug/2021:10:03:30 +0800] "POST /xingrg/dwr/call/plaincall/AjaxCheckService.setItemNumber.dwr HTTP/1.1" 200 78
180.169.147.146 - - [09/Aug/2021:10:03:32 +0800] "POST /xingrg/dwr/call/plaincall/AjaxCheckService.setItemNumber.dwr HTTP/1.1" 200 78
180.169.147.146 - - [09/Aug/2021:10:03:33 +0800] "POST /xingrg/all/user/operate.html HTTP/1.1" 200 36
180.169.147.146 - - [09/Aug/2021:10:03:33 +0800] "GET /xingrg/javascript/jquery_easy_ui/themes/default/easyui.css HTTP/1.1" 304 -
180.169.147.146 - - [09/Aug/2021:10:03:33 +0800] "GET /xingrg/javascript/jquery_easy_ui/themes/icon.css HTTP/1.1" 304 -
180.169.147.146 - - [09/Aug/2021:10:03:33 +0800] "GET /xingrg/css/form.css HTTP/1.1" 304 -
180.169.147.146 - - [09/Aug/2021:10:03:33 +0800] "GET /xingrg/javascript/jquery-1.4.2.min.js HTTP/1.1" 304 -
180.169.147.146 - - [09/Aug/2021:10:03:33 +0800] "GET /xingrg/index.html?sysBaseUrl=http%3A%2F%2F180.169.147.146%3A18081%2Fxingrg%2F&costTime=44×tamp=1628474482932 HTTP/1.1" 200 17509
180.169.147.146 - - [09/Aug/2021:10:03:33 +0800] "GET /xingrg/javascript/jquery_easy_ui/jquery.easyui.min.js HTTP/1.1" 304 -
180.169.147.146 - - [09/Aug/2021:10:03:33 +0800] "GET /xingrg/javascript/jquery_easy_ui/easyui-lang-zh_CN.js HTTP/1.1" 304 -
180.169.147.146 - - [09/Aug/2021:10:03:33 +0800] "GET /xingrg/javascript/jquery.form.js HTTP/1.1" 304 -
180.169.147.146 - - [09/Aug/2021:10:03:33 +0800] "GET /xingrg/javascript/jquery.utils.js HTTP/1.1" 304 -
180.169.147.146 - - [09/Aug/2021:10:03:33 +0800] "GET /xingrg/javascript/jquery.timers.js HTTP/1.1" 304 -
180.169.147.146 - - [09/Aug/2021:10:03:33 +0800] "GET /xingrg/images/blue/jxLogo.png HTTP/1.1" 304 -
180.169.147.146 - - [09/Aug/2021:10:03:33 +0800] "GET /xingrg/images/blue/navBackgound.jpg HTTP/1.1" 304 -
180.169.147.146 - - [09/Aug/2021:10:03:33 +0800] "GET /xingrg/javascript/jquery_easy_ui/themes/icons/settle_new.png HTTP/1.1" 304 -
180.169.147.146 - - [09/Aug/2021:10:03:33 +0800] "POST /xingrg/all/common/load_tree.html?tree=area_rest_tree_json&manage=1 HTTP/1.1" 200 3472
180.169.147.146 - - [09/Aug/2021:10:03:33 +0800] "GET /xingrg/all/function/internal_message.html?_=1628474612404&CODE_STATE=count HTTP/1.1" 200 11
180.169.147.146 - - [09/Aug/2021:10:03:33 +0800] "GET /xingrg/check_reg.html?_=1628474612405 HTTP/1.1" 200 22
180.169.147.146 - - [09/Aug/2021:10:03:33 +0800] "GET /xingrg/images/blue/pingpu.png HTTP/1.1" 304 -
180.169.147.146 - - [09/Aug/2021:10:03:33 +0800] "GET /xingrg/javascript/jquery_easy_ui/themes/default/images/tabs_leftarrow.png HTTP/1.1" 304 -
180.169.147.146 - - [09/Aug/2021:10:03:33 +0800] "GET /xingrg/javascript/jquery_easy_ui/themes/default/images/panel_tool_collapse.gif HTTP/1.1" 304 -
180.169.147.146 - - [09/Aug/2021:10:03:33 +0800] "GET /xingrg/javascript/jquery_easy_ui/themes/default/images/panel_tool_expand.gif HTTP/1.1" 304 -
180.169.147.146 - - [09/Aug/2021:10:03:33 +0800] "GET /xingrg/javascript/jquery_easy_ui/themes/default/images/tabs_rightarrow.png HTTP/1.1" 304 -
180.169.147.146 - - [09/Aug/2021:10:03:33 +0800] "POST /xingrg/dwr/call/plaincall/AjaxCheckService.setItemNumber.dwr HTTP/1.1" 200 78
180.169.147.146 - - [09/Aug/2021:10:03:33 +0800] "POST /xingrg/load_menu.html HTTP/1.1" 200 9959
180.169.147.146 - - [09/Aug/2021:10:03:34 +0800] "GET /xingrg/kc/report/report_main.html HTTP/1.1" 200 7345
180.169.147.146 - - [09/Aug/2021:10:03:34 +0800] "POST /xingrg/dwr/call/plaincall/AjaxCheckService.setItemNumber.dwr HTTP/1.1" 200 78
180.169.147.146 - - [09/Aug/2021:10:03:35 +0800] "GET /xingrg/kc/base/kc_stocks.html HTTP/1.1" 200 16443
180.169.147.146 - - [09/Aug/2021:10:03:35 +0800] "GET /xingrg/javascript/easyui/themes/default/tree.css HTTP/1.1" 404 1090
180.169.147.146 - - [09/Aug/2021:10:03:35 +0800] "GET /xingrg/all/common/auto_word.html?type=base&rest_code=00143 HTTP/1.1" 200 619
180.169.147.146 - - [09/Aug/2021:10:03:35 +0800] "POST /xingrg/all/common/load_tree.html?tree=materiel_sort_tree_json HTTP/1.1" 200 8666
180.169.147.146 - - [09/Aug/2021:10:03:35 +0800] "POST /xingrg/dwr/call/plaincall/AjaxCheckService.setItemNumber.dwr HTTP/1.1" 200 78
180.169.147.146 - - [09/Aug/2021:10:03:36 +0800] "POST /xingrg/dwr/call/plaincall/AjaxCheckService.setItemNumber.dwr HTTP/1.1" 200 78
222.70.178.182 - - [09/Aug/2021:10:03:37 +0800] "GET /xingrg/all/function/internal_message.html?_=1628474615489&CODE_STATE=getMsg HTTP/1.1" 200 27
180.169.147.146 - - [09/Aug/2021:10:03:37 +0800] "POST /xingrg/dwr/call/plaincall/AjaxCheckService.setItemNumber.dwr HTTP/1.1" 200 78
180.169.147.146 - - [09/Aug/2021:10:03:38 +0800] "POST /xingrg/dwr/call/plaincall/AjaxCheckService.setItemNumber.dwr HTTP/1.1" 200 78
101.83.145.79 - - [09/Aug/2021:10:03:39 +0800] "GET /xingrg/kc/buy/cgsh_order_operate.html?command=get_materiel&rest_code=00105&code=00101012060&supplier_code=00100338&order_time=2021-08-09 HTTP/1.1" 200 408
180.169.147.146 - - [09/Aug/2021:10:03:39 +0800] "POST /xingrg/dwr/call/plaincall/AjaxCheckService.setItemNumber.dwr HTTP/1.1" 200 78
180.169.147.146 - - [09/Aug/2021:10:03:39 +0800] "POST /xingrg/kc/base/stock_operate.html HTTP/1.1" 200 2626
180.174.224.95 - - [09/Aug/2021:10:03:40 +0800] "GET /xingrg/check_reg.html?_=1628474596560 HTTP/1.1" 200 22
180.169.147.146 - - [09/Aug/2021:10:03:40 +0800] "POST /xingrg/dwr/call/plaincall/AjaxCheckService.setItemNumber.dwr HTTP/1.1" 200 78
120.253.135.82 - - [09/Aug/2021:10:03:40 +0800] "GET /xingrg/all/function/internal_message.html?_=1628474650751&CODE_STATE=getMsg HTTP/1.1" 200 27
180.169.147.146 - - [09/Aug/2021:10:03:41 +0800] "POST /xingrg/dwr/call/plaincall/AjaxCheckService.setItemNumber.dwr HTTP/1.1" 200 78
222.69.131.39 - - [09/Aug/2021:10:03:41 +0800] "GET /xingrg/all/function/internal_message.html?_=1628474620019&CODE_STATE=getMsg HTTP/1.1" 200 27
180.169.147.146 - - [09/Aug/2021:10:03:42 +0800] "POST /xingrg/dwr/call/plaincall/AjaxCheckService.setItemNumber.dwr HTTP/1.1" 200 78
180.174.224.95 - - [09/Aug/2021:10:03:42 +0800] "GET /xingrg/all/function/internal_message.html?_=1628474598715&CODE_STATE=getMsg HTTP/1.1" 200 27
222.70.246.151 - - [09/Aug/2021:10:03:43 +0800] "GET /xingrg/all/function/internal_message.html?_=1628474624532&CODE_STATE=getMsg HTTP/1.1" 200 27
180.169.147.146 - - [09/Aug/2021:10:03:44 +0800] "POST /xingrg/dwr/call/plaincall/AjaxCheckService.setItemNumber.dwr HTTP/1.1" 200 78
222.70.178.182 - - [09/Aug/2021:10:03:44 +0800] "POST /xingrg/dwr/call/plaincall/AjaxCheckService.setItemNumber.dwr HTTP/1.1" 200 78
180.169.147.146 - - [09/Aug/2021:10:03:45 +0800] "GET /xingrg/all/function/internal_message.html?_=1628474623425&CODE_STATE=getMsg HTTP/1.1" 200 27
222.70.178.182 - - [09/Aug/2021:10:03:46 +0800] "POST /xingrg/dwr/call/plaincall/AjaxCheckService.setItemNumber.dwr HTTP/1.1" 200 78
180.169.147.146 - - [09/Aug/2021:10:03:46 +0800] "POST /xingrg/dwr/call/plaincall/AjaxCheckService.setItemNumber.dwr HTTP/1.1" 200 78
180.169.147.146 - - [09/Aug/2021:10:03:48 +0800] "POST /xingrg/dwr/call/plaincall/AjaxCheckService.setItemNumber.dwr HTTP/1.1" 200 78
222.70.178.182 - - [09/Aug/2021:10:03:49 +0800] "POST /xingrg/dwr/call/plaincall/AjaxCheckService.setItemNumber.dwr HTTP/1.1" 200 78
222.70.178.182 - - [09/Aug/2021:10:03:50 +0800] "POST /xingrg/dwr/call/plaincall/AjaxCheckService.setItemNumber.dwr HTTP/1.1" 200 78
222.70.178.182 - - [09/Aug/2021:10:03:52 +0800] "POST /xingrg/dwr/call/plaincall/AjaxCheckService.setItemNumber.dwr HTTP/1.1" 200 78
120.253.135.82 - - [09/Aug/2021:10:03:52 +0800] "GET /xingrg/all/function/internal_message.html?_=1628474408967&CODE_STATE=getMsg HTTP/1.1" 200 27
180.169.147.146 - - [09/Aug/2021:10:03:53 +0800] "POST /xingrg/dwr/call/plaincall/AjaxCheckService.setItemNumber.dwr HTTP/1.1" 200 78
222.70.178.182 - - [09/Aug/2021:10:03:53 +0800] "GET /xingrg/all/function/internal_message.html?_=1628474664283&CODE_STATE=getMsg HTTP/1.1" 302 -
101.83.145.79 - - [09/Aug/2021:10:03:53 +0800] "GET /xingrg/kc/buy/cgsh_order_operate.html?command=get_materiel&rest_code=00105&code=00101008328&supplier_code=00100338&order_time=2021-08-09 HTTP/1.1" 200 410
180.169.147.146 - - [09/Aug/2021:10:03:55 +0800] "POST /xingrg/dwr/call/plaincall/AjaxCheckService.setItemNumber.dwr HTTP/1.1" 200 78
180.169.147.146 - - [09/Aug/2021:10:03:58 +0800] "POST /xingrg/dwr/call/plaincall/AjaxCheckService.setItemNumber.dwr HTTP/1.1" 200 78
116.237.74.182 - - [09/Aug/2021:10:03:58 +0800] "GET /xingrg/kc/buy/cgsh_order_operate.html?command=get_materiel&rest_code=00106&code=00101004057&supplier_code=00100032&order_time=2021-08-09 HTTP/1.1" 200 409
180.169.147.146 - - [09/Aug/2021:10:03:59 +0800] "POST /xingrg/dwr/call/plaincall/AjaxCheckService.setItemNumber.dwr HTTP/1.1" 200 78
180.169.147.146 - - [09/Aug/2021:10:04:00 +0800] "POST /xingrg/dwr/call/plaincall/AjaxCheckService.setItemNumber.dwr HTTP/1.1" 200 78
180.169.147.146 - - [09/Aug/2021:10:04:02 +0800] "POST /xingrg/dwr/call/plaincall/AjaxCheckService.setItemNumber.dwr HTTP/1.1" 200 78
222.70.246.151 - - [09/Aug/2021:10:04:03 +0800] "GET /xingrg/check_reg.html?_=1628474643784 HTTP/1.1" 200 22
116.230.110.80 - - [09/Aug/2021:10:04:05 +0800] "GET /xingrg/all/function/internal_message.html?_=1628474628370&CODE_STATE=getMsg HTTP/1.1" 200 27
180.169.147.146 - - [09/Aug/2021:10:04:06 +0800] "GET /xingrg/all/function/internal_message.html?_=1628474644908&CODE_STATE=getMsg HTTP/1.1" 200 27
180.156.224.123 - - [09/Aug/2021:10:04:06 +0800] "GET /xingrg/all/function/internal_message.html?_=1628474644890&CODE_STATE=getMsg HTTP/1.1" 200 27
180.169.147.146 - - [09/Aug/2021:10:04:11 +0800] "GET /xingrg/kc/base/check_order_list.html?isBack=1 HTTP/1.1" 200 16308
116.237.74.182 - - [09/Aug/2021:10:04:13 +0800] "GET /xingrg/kc/buy/cgsh_order_operate.html?command=get_materiel&rest_code=00106&code=00101016053&supplier_code=00100032&order_time=2021-08-09 HTTP/1.1" 200 408
116.237.74.182 - - [09/Aug/2021:10:04:15 +0800] "GET /xingrg/all/function/internal_message.html?_=1628474654561&CODE_STATE=getMsg HTTP/1.1" 200 27
114.88.154.248 - - [09/Aug/2021:10:04:19 +0800] "GET /xingrg/all/function/internal_message.html?_=1628474563718&CODE_STATE=getMsg HTTP/1.1" 200 27
116.237.74.182 - - [09/Aug/2021:10:04:19 +0800] "GET /xingrg/kc/buy/cgsh_order_operate.html?command=get_materiel&rest_code=00106&code=00101016017&supplier_code=00100032&order_time=2021-08-09 HTTP/1.1" 200 408
101.83.145.79 - - [09/Aug/2021:10:04:20 +0800] "GET /xingrg/all/function/internal_message.html?_=1628474660190&CODE_STATE=getMsg HTTP/1.1" 200 27
180.156.224.123 - - [09/Aug/2021:10:04:20 +0800] "GET /xingrg/kc/buy/cgsh_order_list.html HTTP/1.1" 200 47409
180.156.224.123 - - [09/Aug/2021:10:04:21 +0800] "POST /xingrg/kc/buy/cgsh_list_operate.html HTTP/1.1" 200 876
114.84.82.184 - - [09/Aug/2021:10:04:21 +0800] "GET /xingrg/all/function/internal_message.html?_=1628474660657&CODE_STATE=getMsg HTTP/1.1" 200 27
180.156.224.123 - - [09/Aug/2021:10:04:21 +0800] "GET /xingrg/kc/buy/cgsh_order_add.html HTTP/1.1" 200 62785
180.156.224.123 - - [09/Aug/2021:10:04:22 +0800] "GET /xingrg/all/function/internal_message.html?_=1628474611538&CODE_STATE=getMsg HTTP/1.1" 200 27
180.156.224.123 - - [09/Aug/2021:10:04:22 +0800] "GET /xingrg/javascript/easyui/themes/default/validatebox.css HTTP/1.1" 404 1104
180.156.224.123 - - [09/Aug/2021:10:04:22 +0800] "POST /xingrg/kc/buy/cgsh_order_operate.html HTTP/1.1" 200 8245
180.169.147.146 - - [09/Aug/2021:10:04:22 +0800] "GET /xingrg/check_reg.html?_=1628474661645 HTTP/1.1" 200 22
180.169.147.146 - - [09/Aug/2021:10:04:22 +0800] "GET /xingrg/all/function/internal_message.html?_=1628474661653&CODE_STATE=getMsg HTTP/1.1" 200 27
180.156.224.123 - - [09/Aug/2021:10:04:22 +0800] "GET /xingrg/javascript/auto/indicator.gif HTTP/1.1" 404 1066
114.84.82.184 - - [09/Aug/2021:10:04:24 +0800] "GET /xingrg/kc/buy/cgsh_order_add.html HTTP/1.1" 200 63143
114.84.82.184 - - [09/Aug/2021:10:04:24 +0800] "POST /xingrg/kc/buy/cgsh_order_operate.html HTTP/1.1" 200 8245
114.84.82.184 - - [09/Aug/2021:10:04:24 +0800] "GET /xingrg/javascript/easyui/themes/default/validatebox.css HTTP/1.1" 404 1104
58.40.7.146 - - [09/Aug/2021:10:04:29 +0800] "GET /xingrg/all/function/internal_message.html?_=1628474668309&CODE_STATE=getMsg HTTP/1.1" 302 -
116.232.53.224 - - [09/Aug/2021:10:04:30 +0800] "GET /xingrg/all/function/internal_message.html?_=1628474669626&CODE_STATE=getMsg HTTP/1.1" 200 27
180.169.147.146 - - [09/Aug/2021:10:04:33 +0800] "GET /xingrg/all/function/internal_message.html?_=1628474672413&CODE_STATE=getMsg HTTP/1.1" 200 27
116.237.74.182 - - [09/Aug/2021:10:04:33 +0800] "GET /xingrg/kc/buy/cgsh_order_operate.html?command=get_materiel&rest_code=00106&code=00101012026&supplier_code=00100032&order_time=2021-08-09 HTTP/1.1" 200 408
180.169.147.146 - - [09/Aug/2021:10:04:34 +0800] "GET /xingrg/kc/base/stock_detail.html?m=00102002455 HTTP/1.1" 200 6368
114.84.82.184 - - [09/Aug/2021:10:04:34 +0800] "GET /xingrg/kc/buy/cgsh_order_operate.html?command=get_materiel&rest_code=00148&code=00101012086&supplier_code=00100327&order_time=2021-08-09 HTTP/1.1" 200 406
222.70.178.182 - - [09/Aug/2021:10:04:37 +0800] "GET /xingrg/all/function/internal_message.html?_=1628474675473&CODE_STATE=getMsg HTTP/1.1" 200 27
180.169.147.146 - - [09/Aug/2021:10:04:40 +0800] "GET /xingrg/kc/base/stock_operate.html?_=1628474679224&command=get_report_file&start_day=20210701 HTTP/1.1" 200 53
180.169.147.146 - - [09/Aug/2021:10:04:40 +0800] "GET /xingrg/all/report/report_query.html?isQuery=1&onlyBody=1&rh=2000&fileName=kc/base/kc_stock_detail_new.xml&queryString=(1=1)&queryText=&tableQueryString=init_table$sp1$$sp$crk_table$sp1$order_day%20between%2020210701%20and%2020210731&varString=start_day:20210701,materiel_code:00102002455,cost_id:3199,end_date:20210630 HTTP/1.1" 200 48701
180.169.147.146 - - [09/Aug/2021:10:04:40 +0800] "GET /xingrg/dwr/interface/AjaxReportQueryService.js HTTP/1.1" 200 13203
180.169.147.146 - - [09/Aug/2021:10:04:40 +0800] "GET /xingrg/dwr/engine.js HTTP/1.1" 200 43631
120.253.135.82 - - [09/Aug/2021:10:04:40 +0800] "GET /xingrg/all/function/internal_message.html?_=1628474710766&CODE_STATE=getMsg HTTP/1.1" 200 27
180.169.147.146 - - [09/Aug/2021:10:04:40 +0800] "POST /xingrg/all/report/load_report_page.html HTTP/1.1" 200 59226
180.169.147.146 - - [09/Aug/2021:10:04:40 +0800] "GET /xingrg/servlets/image?cache=0.6452084704954045&image=px HTTP/1.1" 200 807
222.69.131.39 - - [09/Aug/2021:10:04:41 +0800] "GET /xingrg/all/function/internal_message.html?_=1628474680006&CODE_STATE=getMsg HTTP/1.1" 200 27
120.253.135.82 - - [09/Aug/2021:10:04:42 +0800] "POST /xingrg/kc/buy/cgsh_list_operate.html HTTP/1.1" 200 876
180.174.224.95 - - [09/Aug/2021:10:04:42 +0800] "GET /xingrg/all/function/internal_message.html?_=1628474658721&CODE_STATE=getMsg HTTP/1.1" 200 27
120.253.135.82 - - [09/Aug/2021:10:04:43 +0800] "GET /xingrg/kc/buy/cgsh_order_list.html HTTP/1.1" 200 47405
222.70.246.151 - - [09/Aug/2021:10:04:43 +0800] "GET /xingrg/all/function/internal_message.html?_=1628474684546&CODE_STATE=getMsg HTTP/1.1" 200 27
120.253.135.82 - - [09/Aug/2021:10:04:44 +0800] "POST /xingrg/kc/buy/cgsh_list_operate.html HTTP/1.1" 200 876
180.169.147.146 - - [09/Aug/2021:10:04:45 +0800] "GET /xingrg/check_reg.html?_=1628474683412 HTTP/1.1" 200 22
180.169.147.146 - - [09/Aug/2021:10:04:45 +0800] "GET /xingrg/all/function/internal_message.html?_=1628474683415&CODE_STATE=getMsg HTTP/1.1" 200 27
180.169.147.146 - - [09/Aug/2021:10:04:45 +0800] "POST /xingrg/kc/base/check_list_operate.html HTTP/1.1" 200 3249
180.169.147.146 - - [09/Aug/2021:10:04:45 +0800] "GET /xingrg/kc/base/stock_operate.html?_=1628474684759&command=get_report_file&start_day=20210701 HTTP/1.1" 200 53
180.169.147.146 - - [09/Aug/2021:10:04:45 +0800] "GET /xingrg/all/report/report_query.html?isQuery=1&onlyBody=1&rh=2000&fileName=kc/base/kc_stock_detail_new.xml&queryString=(1=1)&queryText=&tableQueryString=init_table$sp1$base_code='0010229'$sp$crk_table$sp1$order_day%20between%2020210701%20and%2020210731%20and%20base_code='0010229'&varString=start_day:20210701,materiel_code:00102002455,cost_id:3199,end_date:20210630 HTTP/1.1" 200 48744
180.169.147.146 - - [09/Aug/2021:10:04:45 +0800] "GET /xingrg/dwr/interface/AjaxReportQueryService.js HTTP/1.1" 200 13203
180.169.147.146 - - [09/Aug/2021:10:04:45 +0800] "GET /xingrg/dwr/engine.js HTTP/1.1" 200 43631
180.169.147.146 - - [09/Aug/2021:10:04:46 +0800] "POST /xingrg/all/report/load_report_page.html HTTP/1.1" 200 29970
180.169.147.146 - - [09/Aug/2021:10:04:46 +0800] "GET /xingrg/servlets/image?cache=0.7717326116381718&image=px HTTP/1.1" 200 807
114.84.82.184 - - [09/Aug/2021:10:04:47 +0800] "POST /xingrg/kc/buy/cgsh_order_operate.html HTTP/1.1" 200 37
180.169.147.146 - - [09/Aug/2021:10:04:48 +0800] "GET /xingrg/kc/base/check_order_info.html?code=452021080800072 HTTP/1.1" 200 26324
180.169.147.146 - - [09/Aug/2021:10:04:48 +0800] "GET /xingrg/dwr/interface/AjaxComOrderService.js HTTP/1.1" 200 18264
180.169.147.146 - - [09/Aug/2021:10:04:48 +0800] "GET /xingrg/dwr/engine.js HTTP/1.1" 200 43631
180.169.147.146 - - [09/Aug/2021:10:04:48 +0800] "GET /xingrg/dwr/interface/AjaxCheckService.js HTTP/1.1" 200 14003
180.169.147.146 - - [09/Aug/2021:10:04:48 +0800] "POST /xingrg/dwr/call/plaincall/AjaxCheckService.loadOrderItems.dwr HTTP/1.1" 200 276801
101.83.145.79 - - [09/Aug/2021:10:04:50 +0800] "POST /xingrg/kc/buy/cgsh_order_operate.html HTTP/1.1" 200 37
114.84.82.184 - - [09/Aug/2021:10:04:50 +0800] "POST /xingrg/kc/buy/cgsh_order_operate.html HTTP/1.1" 200 2654
101.83.145.79 - - [09/Aug/2021:10:04:52 +0800] "POST /xingrg/kc/buy/cgsh_order_operate.html HTTP/1.1" 200 3241
120.253.135.82 - - [09/Aug/2021:10:04:52 +0800] "GET /xingrg/check_reg.html?_=1628474468880 HTTP/1.1" 200 22
120.253.135.82 - - [09/Aug/2021:10:04:52 +0800] "GET /xingrg/all/function/internal_message.html?_=1628474468979&CODE_STATE=getMsg HTTP/1.1" 200 27
101.83.145.79 - - [09/Aug/2021:10:04:53 +0800] "GET /xingrg/kc/print/load_data.html?order_code=212021080903893&kc_code=cgsh&condition= HTTP/1.1" 200 891
