114.86.231.177 - - [07/Aug/2021:09:31:18 +0800] "POST /xingrg/kc/buy/cgsh_order_operate.html HTTP/1.1" 200 45856
101.85.93.96 - - [07/Aug/2021:09:31:18 +0800] "GET /xingrg/javascript/pic_change.js HTTP/1.1" 200 4739
101.85.93.96 - - [07/Aug/2021:09:31:18 +0800] "GET /xingrg/javascript/convert.js HTTP/1.1" 200 1239
101.85.93.96 - - [07/Aug/2021:09:31:18 +0800] "GET /xingrg/javascript/print/kc_print.js HTTP/1.1" 200 11415
101.85.93.96 - - [07/Aug/2021:09:31:18 +0800] "GET /xingrg/javascript/jquery_tools/order_manager.js HTTP/1.1" 200 11183
101.85.93.96 - - [07/Aug/2021:09:31:18 +0800] "GET /xingrg/javascript/json2.js HTTP/1.1" 200 11259
101.85.93.96 - - [07/Aug/2021:09:31:18 +0800] "GET /xingrg/kc/buy/cgsh_order_add.html HTTP/1.1" 200 62262
101.85.93.96 - - [07/Aug/2021:09:31:18 +0800] "GET /xingrg/words/20210806145710_words.js HTTP/1.1" 200 833078
101.85.93.96 - - [07/Aug/2021:09:31:19 +0800] "GET /xingrg/javascript/easyui/themes/icons/template_new.png HTTP/1.1" 200 3956
101.85.93.96 - - [07/Aug/2021:09:31:19 +0800] "GET /xingrg/javascript/easyui/themes/icons/ok.png HTTP/1.1" 200 883
101.85.93.96 - - [07/Aug/2021:09:31:19 +0800] "GET /xingrg/javascript/easyui/themes/icons/copy_new.png HTTP/1.1" 200 815
101.85.93.96 - - [07/Aug/2021:09:31:19 +0800] "GET /xingrg/javascript/easyui/themes/icons/cancel.png HTTP/1.1" 200 1133
101.85.93.96 - - [07/Aug/2021:09:31:19 +0800] "GET /xingrg/javascript/easyui/themes/icons/print.png HTTP/1.1" 200 1057
101.85.93.96 - - [07/Aug/2021:09:31:19 +0800] "GET /xingrg/javascript/easyui/themes/default/images/menu_downarrow.png HTTP/1.1" 200 173
120.253.135.82 - - [07/Aug/2021:09:31:19 +0800] "POST /xingrg/kc/pszx/mdps_order_operate.html HTTP/1.1" 200 37
101.85.93.96 - - [07/Aug/2021:09:31:19 +0800] "POST /xingrg/kc/buy/cgsh_order_operate.html HTTP/1.1" 200 8245
101.85.93.96 - - [07/Aug/2021:09:31:19 +0800] "GET /xingrg/javascript/easyui/themes/default/validatebox.css HTTP/1.1" 404 1104
101.85.93.96 - - [07/Aug/2021:09:31:19 +0800] "GET /xingrg/javascript/easyui/plugins/jquery.validatebox.js HTTP/1.1" 200 6103
101.85.93.96 - - [07/Aug/2021:09:31:19 +0800] "GET /xingrg/all/common/auto_word.html?type=employee&rest_code=00142 HTTP/1.1" 200 105
101.85.93.96 - - [07/Aug/2021:09:31:19 +0800] "GET /xingrg/all/common/auto_word.html?type=employee&rest_code=00142 HTTP/1.1" 200 105
101.85.93.96 - - [07/Aug/2021:09:31:19 +0800] "GET /xingrg/javascript/easyui/plugins/jquery.numberbox.js HTTP/1.1" 200 5213
101.85.93.96 - - [07/Aug/2021:09:31:19 +0800] "GET /xingrg/javascript/easyui/themes/icons/edit_remove.png HTTP/1.1" 200 625
114.86.231.177 - - [07/Aug/2021:09:31:19 +0800] "GET /xingrg/kc/print/load_config.html?kc_code=cgsh HTTP/1.1" 200 1994
114.86.231.177 - - [07/Aug/2021:09:31:20 +0800] "GET /xingrg/kc/print/load_data.html?order_code=212021080702866&kc_code=cgsh&condition= HTTP/1.1" 200 17045
120.253.135.82 - - [07/Aug/2021:09:31:20 +0800] "GET /xingrg/kc/pszx/mdps_order_info.html?code=312021080700222 HTTP/1.1" 200 23931
180.156.224.123 - - [07/Aug/2021:09:31:20 +0800] "GET /xingrg/check_reg.html?_=1628299828283 HTTP/1.1" 200 22
120.253.135.82 - - [07/Aug/2021:09:31:20 +0800] "GET /xingrg/javascript/easyui/themes/default/validatebox.css HTTP/1.1" 404 1104
120.253.135.82 - - [07/Aug/2021:09:31:20 +0800] "POST /xingrg/kc/pszx/mdps_order_operate.html HTTP/1.1" 200 2286
120.253.135.82 - - [07/Aug/2021:09:31:22 +0800] "GET /xingrg/kc/print/load_config.html?kc_code=mdps HTTP/1.1" 200 2390
101.83.145.79 - - [07/Aug/2021:09:31:22 +0800] "GET /xingrg/check_reg.html?_=1628299877942 HTTP/1.1" 200 22
120.253.135.82 - - [07/Aug/2021:09:31:22 +0800] "GET /xingrg/kc/print/load_data.html?order_code=312021080700222&kc_code=mdps&condition= HTTP/1.1" 200 692
101.83.145.79 - - [07/Aug/2021:09:31:23 +0800] "GET /xingrg/all/function/internal_message.html?_=1628299878450&CODE_STATE=getMsg HTTP/1.1" 200 27
180.156.224.123 - - [07/Aug/2021:09:31:24 +0800] "GET /xingrg/all/function/internal_message.html?_=1628299832193&CODE_STATE=getMsg HTTP/1.1" 200 27
101.85.93.96 - - [07/Aug/2021:09:31:24 +0800] "GET /xingrg/javascript/auto/indicator.gif HTTP/1.1" 404 1066
114.88.154.248 - - [07/Aug/2021:09:31:26 +0800] "GET /xingrg/all/function/internal_message.html?_=1628299783846&CODE_STATE=getMsg HTTP/1.1" 200 27
120.253.135.82 - - [07/Aug/2021:09:31:27 +0800] "POST /xingrg/kc/pszx/mdps_list_operate.html HTTP/1.1" 200 2435
101.85.93.96 - - [07/Aug/2021:09:31:28 +0800] "GET /xingrg/all/function/internal_message.html?_=1628299856724&CODE_STATE=getMsg HTTP/1.1" 200 27
101.85.93.96 - - [07/Aug/2021:09:31:28 +0800] "GET /xingrg/check_reg.html?_=1628299856727 HTTP/1.1" 200 22
120.253.135.82 - - [07/Aug/2021:09:31:30 +0800] "POST /xingrg/kc/pszx/mdps_list_operate.html HTTP/1.1" 200 607
120.253.135.82 - - [07/Aug/2021:09:31:30 +0800] "GET /xingrg/kc/pszx/mdps_order_info.html?code=312021080600166 HTTP/1.1" 200 23931
120.253.135.82 - - [07/Aug/2021:09:31:31 +0800] "GET /xingrg/javascript/easyui/themes/default/validatebox.css HTTP/1.1" 404 1104
120.253.135.82 - - [07/Aug/2021:09:31:31 +0800] "POST /xingrg/kc/pszx/mdps_order_operate.html HTTP/1.1" 200 13645
58.40.7.146 - - [07/Aug/2021:09:31:32 +0800] "GET /xingrg/all/function/internal_message.html?_=1628299887383&CODE_STATE=getMsg HTTP/1.1" 200 27
114.86.231.177 - - [07/Aug/2021:09:31:32 +0800] "GET /xingrg/kc/buy/cgsh_order_add.html HTTP/1.1" 200 63184
114.86.231.177 - - [07/Aug/2021:09:31:32 +0800] "POST /xingrg/kc/buy/cgsh_order_operate.html HTTP/1.1" 200 8245
114.86.231.177 - - [07/Aug/2021:09:31:32 +0800] "GET /xingrg/all/common/auto_word.html?type=employee&rest_code=00109 HTTP/1.1" 200 255
114.86.231.177 - - [07/Aug/2021:09:31:32 +0800] "GET /xingrg/all/common/auto_word.html?type=employee&rest_code=00109 HTTP/1.1" 200 255
114.86.231.177 - - [07/Aug/2021:09:31:32 +0800] "GET /xingrg/javascript/easyui/themes/default/validatebox.css HTTP/1.1" 404 1104
120.253.135.82 - - [07/Aug/2021:09:31:32 +0800] "GET /xingrg/javascript/jquery_tools/images/prev.gif HTTP/1.1" 404 1086
120.253.135.82 - - [07/Aug/2021:09:31:32 +0800] "GET /xingrg/javascript/jquery_tools/images/next.gif HTTP/1.1" 404 1086
180.174.224.95 - - [07/Aug/2021:09:31:36 +0800] "GET /favicon.ico HTTP/1.1" 404 -
120.253.135.82 - - [07/Aug/2021:09:31:37 +0800] "POST /xingrg/kc/pszx/mdps_order_operate.html HTTP/1.1" 200 37
180.174.224.95 - - [07/Aug/2021:09:31:37 +0800] "GET /favicon.ico HTTP/1.1" 404 -
120.253.135.82 - - [07/Aug/2021:09:31:37 +0800] "GET /xingrg/kc/pszx/mdps_order_info.html?code=312021080600166 HTTP/1.1" 200 23931
180.174.224.95 - - [07/Aug/2021:09:31:38 +0800] "GET /favicon.ico HTTP/1.1" 404 -
120.253.135.82 - - [07/Aug/2021:09:31:38 +0800] "GET /xingrg/javascript/easyui/themes/default/validatebox.css HTTP/1.1" 404 1104
120.253.135.82 - - [07/Aug/2021:09:31:38 +0800] "POST /xingrg/kc/pszx/mdps_order_operate.html HTTP/1.1" 200 13645
101.85.93.96 - - [07/Aug/2021:09:31:39 +0800] "GET /xingrg/kc/buy/cgsh_order_operate.html?command=get_materiel&rest_code=00142&code=00101008108&supplier_code=00100161&order_time=2021-08-07 HTTP/1.1" 200 412
180.174.224.95 - - [07/Aug/2021:09:31:39 +0800] "GET /xingrg/login.html HTTP/1.1" 200 7641
180.174.224.95 - - [07/Aug/2021:09:31:40 +0800] "GET /xingrg/images/blue/jxLogo.png HTTP/1.1" 304 -
180.174.224.95 - - [07/Aug/2021:09:31:40 +0800] "GET /xingrg/images/blue/login_bg.png HTTP/1.1" 304 -
180.174.224.95 - - [07/Aug/2021:09:31:40 +0800] "GET /xingrg/images/blue/srbg.png HTTP/1.1" 304 -
180.174.224.95 - - [07/Aug/2021:09:31:40 +0800] "GET /xingrg/images/blue/hj.png HTTP/1.1" 304 -
180.174.224.95 - - [07/Aug/2021:09:31:41 +0800] "GET /favicon.ico HTTP/1.1" 404 -
58.221.95.50 - - [07/Aug/2021:09:31:42 +0800] "GET /xingrg/all/function/internal_message.html?_=1628299897653&CODE_STATE=getMsg HTTP/1.1" 200 27
114.86.231.177 - - [07/Aug/2021:09:31:42 +0800] "GET /xingrg/kc/buy/cgsh_order_operate.html?command=get_materiel&rest_code=00109&code=00101001009&supplier_code=00100454&order_time=2021-08-07 HTTP/1.1" 200 409
124.79.246.142 - - [07/Aug/2021:09:31:45 +0800] "POST /xingrg/services/DataTransmitService HTTP/1.1" 200 524
101.85.93.96 - - [07/Aug/2021:09:31:50 +0800] "GET /xingrg/kc/buy/cgsh_order_operate.html?command=get_materiel&rest_code=00142&code=00101008368&supplier_code=00100161&order_time=2021-08-07 HTTP/1.1" 200 408
114.86.231.177 - - [07/Aug/2021:09:31:51 +0800] "GET /xingrg/kc/buy/cgsh_order_operate.html?command=get_materiel&rest_code=00109&code=00101002027&supplier_code=00100454&order_time=2021-08-07 HTTP/1.1" 200 413
101.85.93.96 - - [07/Aug/2021:09:31:58 +0800] "GET /xingrg/kc/buy/cgsh_order_operate.html?command=get_materiel&rest_code=00142&code=00101008005&supplier_code=00100161&order_time=2021-08-07 HTTP/1.1" 200 412
101.83.145.79 - - [07/Aug/2021:09:32:00 +0800] "GET /xingrg/all/function/internal_message.html?_=1628299873840&CODE_STATE=getMsg HTTP/1.1" 200 27
114.86.231.177 - - [07/Aug/2021:09:32:01 +0800] "GET /xingrg/kc/buy/cgsh_order_operate.html?command=get_materiel&rest_code=00109&code=00101005037&supplier_code=00100454&order_time=2021-08-07 HTTP/1.1" 200 409
172.20.0.100 - - [07/Aug/2021:09:32:02 +0800] "GET /xingrg/all/function/internal_message.html?_=1628299918609&CODE_STATE=getMsg HTTP/1.1" 200 27
114.83.220.205 - - [07/Aug/2021:09:32:03 +0800] "GET /xingrg/all/function/internal_message.html?_=1628299918006&CODE_STATE=getMsg HTTP/1.1" 200 27
180.169.147.146 - - [07/Aug/2021:09:32:03 +0800] "GET /xingrg/all/function/internal_message.html?_=1628299921849&CODE_STATE=getMsg HTTP/1.1" 200 27
180.169.147.146 - - [07/Aug/2021:09:32:05 +0800] "GET /xingrg/all/function/internal_message.html?_=1628299923278&CODE_STATE=getMsg HTTP/1.1" 200 27
101.85.93.96 - - [07/Aug/2021:09:32:05 +0800] "GET /xingrg/kc/buy/cgsh_order_operate.html?command=get_materiel&rest_code=00142&code=00101008141&supplier_code=00100161&order_time=2021-08-07 HTTP/1.1" 200 412
222.70.183.193 - - [07/Aug/2021:09:32:05 +0800] "GET /xingrg/all/function/internal_message.html?_=1628299953167&CODE_STATE=getMsg HTTP/1.1" 302 -
222.70.246.151 - - [07/Aug/2021:09:32:05 +0800] "GET /xingrg/all/function/internal_message.html?_=1628299942749&CODE_STATE=getMsg HTTP/1.1" 200 27
116.235.222.38 - - [07/Aug/2021:09:32:09 +0800] "GET /xingrg/all/function/internal_message.html?_=1628299916312&CODE_STATE=getMsg HTTP/1.1" 200 27
222.70.246.151 - - [07/Aug/2021:09:32:12 +0800] "GET /xingrg/all/function/internal_message.html?_=1628299945709&CODE_STATE=getMsg HTTP/1.1" 302 -
101.85.93.96 - - [07/Aug/2021:09:32:13 +0800] "GET /xingrg/kc/buy/cgsh_order_operate.html?command=get_materiel&rest_code=00142&code=00101008268&supplier_code=00100161&order_time=2021-08-07 HTTP/1.1" 200 408
116.230.110.80 - - [07/Aug/2021:09:32:15 +0800] "GET /xingrg/all/function/internal_message.html?_=1628299914691&CODE_STATE=getMsg HTTP/1.1" 200 27
116.230.110.80 - - [07/Aug/2021:09:32:15 +0800] "GET /xingrg/check_reg.html?_=1628299914694 HTTP/1.1" 200 22
114.86.231.177 - - [07/Aug/2021:09:32:17 +0800] "GET /xingrg/all/function/internal_message.html?_=1628299938441&CODE_STATE=getMsg HTTP/1.1" 200 27
222.70.183.193 - - [07/Aug/2021:09:32:17 +0800] "GET /xingrg/all/function/internal_message.html?_=1628299931010&CODE_STATE=getMsg HTTP/1.1" 200 27
120.253.135.82 - - [07/Aug/2021:09:32:19 +0800] "POST /xingrg/kc/pszx/mdps_order_operate.html HTTP/1.1" 200 37
101.85.93.96 - - [07/Aug/2021:09:32:20 +0800] "GET /xingrg/kc/buy/cgsh_order_operate.html?command=get_materiel&rest_code=00142&code=00101008370&supplier_code=00100161&order_time=2021-08-07 HTTP/1.1" 200 412
120.253.135.82 - - [07/Aug/2021:09:32:20 +0800] "GET /xingrg/kc/pszx/mdps_order_info.html?code=312021080600166 HTTP/1.1" 200 23931
120.253.135.82 - - [07/Aug/2021:09:32:20 +0800] "GET /xingrg/javascript/easyui/themes/default/validatebox.css HTTP/1.1" 404 1104
120.253.135.82 - - [07/Aug/2021:09:32:21 +0800] "POST /xingrg/kc/pszx/mdps_order_operate.html HTTP/1.1" 200 10251
120.253.135.82 - - [07/Aug/2021:09:32:22 +0800] "POST /xingrg/kc/pszx/mdps_list_operate.html HTTP/1.1" 200 2435
101.83.145.79 - - [07/Aug/2021:09:32:23 +0800] "GET /xingrg/all/function/internal_message.html?_=1628299938421&CODE_STATE=getMsg HTTP/1.1" 200 27
58.221.95.50 - - [07/Aug/2021:09:32:23 +0800] "GET /xingrg/kc/base/wldb_order_operate.html?command=get_materiel&rest_code=00152&base_code=0010647&code=00102002689 HTTP/1.1" 200 424
114.86.231.177 - - [07/Aug/2021:09:32:24 +0800] "GET /xingrg/kc/buy/cgsh_order_operate.html?command=get_materiel&rest_code=00109&code=00101006161&supplier_code=00100454&order_time=2021-08-07 HTTP/1.1" 200 411
180.156.224.123 - - [07/Aug/2021:09:32:24 +0800] "GET /xingrg/all/function/internal_message.html?_=1628299892206&CODE_STATE=getMsg HTTP/1.1" 200 27
120.253.135.82 - - [07/Aug/2021:09:32:24 +0800] "POST /xingrg/kc/pszx/mdps_list_operate.html HTTP/1.1" 200 205
120.253.135.82 - - [07/Aug/2021:09:32:25 +0800] "POST /xingrg/kc/pszx/mdps_list_operate.html HTTP/1.1" 200 205
114.88.154.248 - - [07/Aug/2021:09:32:26 +0800] "GET /xingrg/all/function/internal_message.html?_=1628299843845&CODE_STATE=getMsg HTTP/1.1" 200 27
114.88.154.248 - - [07/Aug/2021:09:32:26 +0800] "GET /xingrg/check_reg.html?_=1628299843846 HTTP/1.1" 200 22
120.253.135.82 - - [07/Aug/2021:09:32:26 +0800] "GET /xingrg/kc/pszx/mdps_order_info.html?code=312021080700222 HTTP/1.1" 200 23931
120.253.135.82 - - [07/Aug/2021:09:32:26 +0800] "POST /xingrg/kc/pszx/mdps_order_operate.html HTTP/1.1" 200 2286
120.253.135.82 - - [07/Aug/2021:09:32:26 +0800] "GET /xingrg/javascript/easyui/themes/default/validatebox.css HTTP/1.1" 404 1104
101.85.93.96 - - [07/Aug/2021:09:32:28 +0800] "GET /xingrg/kc/buy/cgsh_order_operate.html?command=get_materiel&rest_code=00142&code=00101008361&supplier_code=00100161&order_time=2021-08-07 HTTP/1.1" 200 408
101.85.93.96 - - [07/Aug/2021:09:32:28 +0800] "GET /xingrg/all/function/internal_message.html?_=1628299916717&CODE_STATE=getMsg HTTP/1.1" 200 27
180.174.224.95 - - [07/Aug/2021:09:32:28 +0800] "POST /xingrg/login.do HTTP/1.1" 302 -
180.174.224.95 - - [07/Aug/2021:09:32:28 +0800] "GET /xingrg/index.html?sysBaseUrl=http%3A%2F%2F180.169.147.146%3A18081%2Fxingrg%2F&costTime=41×tamp=1628299948841 HTTP/1.1" 200 17173
180.174.224.95 - - [07/Aug/2021:09:32:28 +0800] "GET /xingrg/javascript/jquery_easy_ui/themes/icon.css HTTP/1.1" 304 -
180.174.224.95 - - [07/Aug/2021:09:32:28 +0800] "GET /xingrg/javascript/jquery_easy_ui/themes/default/easyui.css HTTP/1.1" 304 -
180.174.224.95 - - [07/Aug/2021:09:32:28 +0800] "GET /xingrg/css/form.css HTTP/1.1" 304 -
180.174.224.95 - - [07/Aug/2021:09:32:28 +0800] "GET /xingrg/javascript/jquery-1.4.2.min.js HTTP/1.1" 304 -
180.174.224.95 - - [07/Aug/2021:09:32:28 +0800] "GET /xingrg/javascript/jquery_easy_ui/jquery.easyui.min.js HTTP/1.1" 304 -
180.174.224.95 - - [07/Aug/2021:09:32:28 +0800] "GET /xingrg/javascript/jquery_easy_ui/easyui-lang-zh_CN.js HTTP/1.1" 304 -
180.174.224.95 - - [07/Aug/2021:09:32:28 +0800] "GET /xingrg/javascript/jquery.utils.js HTTP/1.1" 304 -
180.174.224.95 - - [07/Aug/2021:09:32:28 +0800] "GET /xingrg/javascript/jquery.form.js HTTP/1.1" 304 -
180.174.224.95 - - [07/Aug/2021:09:32:28 +0800] "GET /xingrg/javascript/jquery.timers.js HTTP/1.1" 304 -
180.174.224.95 - - [07/Aug/2021:09:32:28 +0800] "GET /xingrg/images/blue/navBackgound.jpg HTTP/1.1" 304 -
180.174.224.95 - - [07/Aug/2021:09:32:29 +0800] "GET /xingrg/javascript/jquery_easy_ui/themes/icons/settle_new.png HTTP/1.1" 304 -
180.174.224.95 - - [07/Aug/2021:09:32:29 +0800] "POST /xingrg/all/common/load_tree.html?tree=area_rest_tree_json&manage=1 HTTP/1.1" 200 342
180.174.224.95 - - [07/Aug/2021:09:32:29 +0800] "GET /xingrg/images/blue/pingpu.png HTTP/1.1" 304 -
180.174.224.95 - - [07/Aug/2021:09:32:29 +0800] "GET /xingrg/javascript/jquery_easy_ui/themes/default/images/tabs_leftarrow.png HTTP/1.1" 304 -
180.174.224.95 - - [07/Aug/2021:09:32:29 +0800] "GET /xingrg/javascript/jquery_easy_ui/themes/default/images/tabs_rightarrow.png HTTP/1.1" 304 -
120.253.135.82 - - [07/Aug/2021:09:32:29 +0800] "POST /xingrg/kc/pszx/mdps_list_operate.html HTTP/1.1" 200 2435
180.174.224.95 - - [07/Aug/2021:09:32:29 +0800] "GET /xingrg/javascript/jquery_easy_ui/themes/default/images/panel_tool_collapse.gif HTTP/1.1" 304 -
180.174.224.95 - - [07/Aug/2021:09:32:29 +0800] "GET /xingrg/all/function/internal_message.html?_=1628299920844&CODE_STATE=count HTTP/1.1" 200 11
180.174.224.95 - - [07/Aug/2021:09:32:29 +0800] "GET /xingrg/check_reg.html?_=1628299920846 HTTP/1.1" 200 22
180.174.224.95 - - [07/Aug/2021:09:32:29 +0800] "POST /xingrg/load_menu.html HTTP/1.1" 200 5138
180.174.224.95 - - [07/Aug/2021:09:32:29 +0800] "GET /favicon.ico HTTP/1.1" 404 -
180.174.224.95 - - [07/Aug/2021:09:32:30 +0800] "GET /xingrg/javascript/jquery_easy_ui/themes/default/images/tree_arrows.gif HTTP/1.1" 304 -
180.174.224.95 - - [07/Aug/2021:09:32:30 +0800] "GET /xingrg/javascript/jquery_easy_ui/themes/default/images/tree_folder_open.gif HTTP/1.1" 304 -
180.174.224.95 - - [07/Aug/2021:09:32:30 +0800] "GET /xingrg/javascript/jquery_easy_ui/themes/icons/search_new.png HTTP/1.1" 304 -
180.174.224.95 - - [07/Aug/2021:09:32:30 +0800] "GET /xingrg/javascript/jquery_easy_ui/themes/default/images/tree_folder.gif HTTP/1.1" 304 -
180.174.224.95 - - [07/Aug/2021:09:32:30 +0800] "GET /xingrg/javascript/jquery_easy_ui/themes/icons/storage_new.png HTTP/1.1" 304 -
180.174.224.95 - - [07/Aug/2021:09:32:30 +0800] "GET /xingrg/javascript/jquery_easy_ui/themes/icons/forms_new.png HTTP/1.1" 304 -
180.174.224.95 - - [07/Aug/2021:09:32:30 +0800] "GET /xingrg/javascript/jquery_easy_ui/themes/default/images/tree_file.gif HTTP/1.1" 304 -
120.253.135.82 - - [07/Aug/2021:09:32:30 +0800] "POST /xingrg/kc/pszx/mdps_list_operate.html HTTP/1.1" 200 607
120.253.135.82 - - [07/Aug/2021:09:32:30 +0800] "GET /xingrg/kc/pszx/mdps_order_info.html?code=312021080600166 HTTP/1.1" 200 23931
120.253.135.82 - - [07/Aug/2021:09:32:31 +0800] "GET /xingrg/javascript/easyui/themes/default/validatebox.css HTTP/1.1" 404 1104
120.253.135.82 - - [07/Aug/2021:09:32:31 +0800] "POST /xingrg/kc/pszx/mdps_order_operate.html HTTP/1.1" 200 10251
114.86.231.177 - - [07/Aug/2021:09:32:31 +0800] "GET /xingrg/kc/buy/cgsh_order_operate.html?command=get_materiel&rest_code=00109&code=00101001111&supplier_code=00100454&order_time=2021-08-07 HTTP/1.1" 200 411
58.40.7.146 - - [07/Aug/2021:09:32:32 +0800] "GET /xingrg/all/function/internal_message.html?_=1628299947384&CODE_STATE=getMsg HTTP/1.1" 200 27
58.40.7.146 - - [07/Aug/2021:09:32:32 +0800] "GET /xingrg/check_reg.html?_=1628299947385 HTTP/1.1" 200 22
180.174.224.95 - - [07/Aug/2021:09:32:32 +0800] "GET /xingrg/javascript/jquery_easy_ui/themes/default/images/tabs_close.gif HTTP/1.1" 200 829
180.174.224.95 - - [07/Aug/2021:09:32:33 +0800] "GET /xingrg/css/base.css HTTP/1.1" 200 2811
180.174.224.95 - - [07/Aug/2021:09:32:33 +0800] "GET /xingrg/css/site.css HTTP/1.1" 200 7541
180.174.224.95 - - [07/Aug/2021:09:32:33 +0800] "GET /xingrg/javascript/jquery_tools/datebox.css HTTP/1.1" 200 2597
180.174.224.95 - - [07/Aug/2021:09:32:33 +0800] "GET /xingrg/javascript/easyui/themes/icon.css HTTP/1.1" 200 4483
180.174.224.95 - - [07/Aug/2021:09:32:33 +0800] "GET /xingrg/javascript/auto/jquery.autocomplete.css HTTP/1.1" 200 587
180.174.224.95 - - [07/Aug/2021:09:32:33 +0800] "GET /xingrg/javascript/jquery_tools/fix.css HTTP/1.1" 200 1702
180.174.224.95 - - [07/Aug/2021:09:32:33 +0800] "GET /xingrg/javascript/jquery_tools/table.css HTTP/1.1" 200 1032
180.174.224.95 - - [07/Aug/2021:09:32:33 +0800] "GET /xingrg/javascript/jquery_tools/jquery.tools.min.js HTTP/1.1" 200 138801
180.174.224.95 - - [07/Aug/2021:09:32:33 +0800] "GET /xingrg/javascript/jquery_tools/jquery.tools.hotkey.js HTTP/1.1" 200 3242
180.174.224.95 - - [07/Aug/2021:09:32:33 +0800] "GET /xingrg/javascript/jquery_tools/jquery.tools.table.js HTTP/1.1" 200 6994
180.174.224.95 - - [07/Aug/2021:09:32:33 +0800] "GET /xingrg/javascript/jquery_tools/list_manager.js HTTP/1.1" 200 3652
180.174.224.95 - - [07/Aug/2021:09:32:33 +0800] "GET /xingrg/javascript/easyui/easyloader.js HTTP/1.1" 200 5975
180.174.224.95 - - [07/Aug/2021:09:32:33 +0800] "GET /xingrg/javascript/jquery.cookie.js HTTP/1.1" 200 5513
180.174.224.95 - - [07/Aug/2021:09:32:33 +0800] "GET /xingrg/javascript/jquery_tools/jquery.tools.extend.js HTTP/1.1" 200 15385
180.174.224.95 - - [07/Aug/2021:09:32:33 +0800] "GET /xingrg/javascript/print/LodopFuncs.js HTTP/1.1" 200 5121
180.174.224.95 - - [07/Aug/2021:09:32:33 +0800] "GET /xingrg/kc/buy/cgsh_order_list.html HTTP/1.1" 200 47405
180.174.224.95 - - [07/Aug/2021:09:32:33 +0800] "GET /xingrg/javascript/auto/jquery.autocomplete.js HTTP/1.1" 200 21624
180.174.224.95 - - [07/Aug/2021:09:32:33 +0800] "GET /xingrg/javascript/easyui/themes/default/easyui.css HTTP/1.1" 200 30432
120.253.135.82 - - [07/Aug/2021:09:32:33 +0800] "GET /xingrg/kc/print/load_data.html?order_code=312021080600166&kc_code=mdps&condition= HTTP/1.1" 200 4316
180.174.224.95 - - [07/Aug/2021:09:32:35 +0800] "GET /xingrg/javascript/easyui/themes/icons/check_new.png HTTP/1.1" 200 3224
180.174.224.95 - - [07/Aug/2021:09:32:35 +0800] "GET /xingrg/javascript/easyui/themes/icons/edit_add_new.png HTTP/1.1" 200 2997
180.174.224.95 - - [07/Aug/2021:09:32:35 +0800] "GET /xingrg/javascript/easyui/themes/icons/cance_new.png HTTP/1.1" 200 3986
180.174.224.95 - - [07/Aug/2021:09:32:35 +0800] "GET /xingrg/javascript/easyui/themes/icons/field_new.png HTTP/1.1" 200 1097
180.174.224.95 - - [07/Aug/2021:09:32:35 +0800] "GET /xingrg/javascript/easyui/themes/icons/import_new.png HTTP/1.1" 200 1247
180.174.224.95 - - [07/Aug/2021:09:32:35 +0800] "GET /xingrg/javascript/easyui/plugins/jquery.parser.js HTTP/1.1" 200 1142
180.174.224.95 - - [07/Aug/2021:09:32:35 +0800] "GET /xingrg/images/control/ajaxLoader.gif HTTP/1.1" 200 4659
180.174.224.95 - - [07/Aug/2021:09:32:35 +0800] "GET /xingrg/javascript/jquery_easy_ui/themes/icons/area.png HTTP/1.1" 200 262
180.174.224.95 - - [07/Aug/2021:09:32:35 +0800] "GET /xingrg/javascript/jquery_easy_ui/themes/icons/rest.png HTTP/1.1" 200 695
101.85.93.96 - - [07/Aug/2021:09:32:35 +0800] "GET /xingrg/kc/buy/cgsh_order_operate.html?command=get_materiel&rest_code=00142&code=00101008371&supplier_code=00100161&order_time=2021-08-07 HTTP/1.1" 200 412
180.174.224.95 - - [07/Aug/2021:09:32:36 +0800] "POST /xingrg/kc/buy/cgsh_list_operate.html HTTP/1.1" 200 876
180.174.224.95 - - [07/Aug/2021:09:32:37 +0800] "GET /xingrg/javascript/easyui/themes/default/images/button_plain_hover.png HTTP/1.1" 200 144
58.221.95.50 - - [07/Aug/2021:09:32:42 +0800] "GET /xingrg/all/function/internal_message.html?_=1628299957635&CODE_STATE=getMsg HTTP/1.1" 200 27
101.85.93.96 - - [07/Aug/2021:09:32:43 +0800] "GET /xingrg/kc/buy/cgsh_order_operate.html?command=get_materiel&rest_code=00142&code=00101008355&supplier_code=00100161&order_time=2021-08-07 HTTP/1.1" 200 408
58.221.95.50 - - [07/Aug/2021:09:32:45 +0800] "GET /xingrg/kc/base/wldb_order_operate.html?command=get_materiel&rest_code=00152&base_code=0010647&code=00102021009 HTTP/1.1" 200 447
180.174.224.95 - - [07/Aug/2021:09:32:47 +0800] "GET /xingrg/javascript/convert.js HTTP/1.1" 200 1239
180.174.224.95 - - [07/Aug/2021:09:32:47 +0800] "GET /xingrg/javascript/pic_change.js HTTP/1.1" 200 4739
180.174.224.95 - - [07/Aug/2021:09:32:47 +0800] "GET /xingrg/kc/buy/cgsh_order_add.html HTTP/1.1" 200 63102
180.174.224.95 - - [07/Aug/2021:09:32:47 +0800] "GET /xingrg/javascript/jquery_tools/order_manager.js HTTP/1.1" 200 11183
180.174.224.95 - - [07/Aug/2021:09:32:47 +0800] "GET /xingrg/javascript/print/kc_print.js HTTP/1.1" 200 11415
180.174.224.95 - - [07/Aug/2021:09:32:47 +0800] "GET /xingrg/javascript/json2.js HTTP/1.1" 200 11259
180.174.224.95 - - [07/Aug/2021:09:32:47 +0800] "GET /xingrg/words/20210806145710_words.js HTTP/1.1" 200 833078
180.174.224.95 - - [07/Aug/2021:09:32:48 +0800] "GET /xingrg/javascript/easyui/themes/icons/copy_new.png HTTP/1.1" 200 815
180.174.224.95 - - [07/Aug/2021:09:32:48 +0800] "GET /xingrg/javascript/easyui/themes/icons/template_new.png HTTP/1.1" 200 3956
180.174.224.95 - - [07/Aug/2021:09:32:48 +0800] "GET /xingrg/javascript/easyui/themes/icons/ok.png HTTP/1.1" 200 883
180.174.224.95 - - [07/Aug/2021:09:32:48 +0800] "GET /xingrg/javascript/easyui/themes/icons/print.png HTTP/1.1" 200 1057
180.174.224.95 - - [07/Aug/2021:09:32:48 +0800] "GET /xingrg/javascript/easyui/themes/default/images/menu_downarrow.png HTTP/1.1" 200 173
180.174.224.95 - - [07/Aug/2021:09:32:48 +0800] "GET /xingrg/javascript/easyui/themes/icons/cancel.png HTTP/1.1" 200 1133
114.86.231.177 - - [07/Aug/2021:09:32:49 +0800] "POST /xingrg/kc/buy/cgsh_order_operate.html HTTP/1.1" 200 37
180.174.224.95 - - [07/Aug/2021:09:32:49 +0800] "POST /xingrg/kc/buy/cgsh_order_operate.html HTTP/1.1" 200 8245
180.174.224.95 - - [07/Aug/2021:09:32:49 +0800] "GET /xingrg/javascript/easyui/themes/icons/edit_remove.png HTTP/1.1" 200 625
180.174.224.95 - - [07/Aug/2021:09:32:50 +0800] "GET /xingrg/all/common/auto_word.html?type=employee&rest_code=00102 HTTP/1.1" 200 189
180.174.224.95 - - [07/Aug/2021:09:32:50 +0800] "GET /xingrg/all/common/auto_word.html?type=employee&rest_code=00102 HTTP/1.1" 200 189
101.85.93.96 - - [07/Aug/2021:09:32:51 +0800] "GET /xingrg/kc/buy/cgsh_order_operate.html?command=get_materiel&rest_code=00142&code=00101008024&supplier_code=00100161&order_time=2021-08-07 HTTP/1.1" 200 408
180.174.224.95 - - [07/Aug/2021:09:32:51 +0800] "GET /xingrg/javascript/easyui/themes/default/validatebox.css HTTP/1.1" 404 1104
180.174.224.95 - - [07/Aug/2021:09:32:51 +0800] "GET /xingrg/javascript/easyui/plugins/jquery.validatebox.js HTTP/1.1" 200 6103
180.174.224.95 - - [07/Aug/2021:09:32:52 +0800] "GET /xingrg/javascript/easyui/plugins/jquery.numberbox.js HTTP/1.1" 200 5213
180.174.224.95 - - [07/Aug/2021:09:32:52 +0800] "GET /xingrg/javascript/auto/indicator.gif HTTP/1.1" 404 1066
101.85.93.96 - - [07/Aug/2021:09:32:57 +0800] "GET /xingrg/kc/buy/cgsh_order_operate.html?command=get_materiel&rest_code=00142&code=00101008356&supplier_code=00100161&order_time=2021-08-07 HTTP/1.1" 200 409
101.83.145.79 - - [07/Aug/2021:09:33:00 +0800] "GET /xingrg/all/function/internal_message.html?_=1628299933840&CODE_STATE=getMsg HTTP/1.1" 200 27
172.20.0.100 - - [07/Aug/2021:09:33:02 +0800] "GET /xingrg/all/function/internal_message.html?_=1628299978611&CODE_STATE=getMsg HTTP/1.1" 200 27
172.20.0.100 - - [07/Aug/2021:09:33:02 +0800] "GET /xingrg/check_reg.html?_=1628299978614 HTTP/1.1" 200 22
114.83.220.205 - - [07/Aug/2021:09:33:03 +0800] "GET /xingrg/all/function/internal_message.html?_=1628299978012&CODE_STATE=getMsg HTTP/1.1" 200 27
114.83.220.205 - - [07/Aug/2021:09:33:03 +0800] "GET /xingrg/check_reg.html?_=1628299978013 HTTP/1.1" 200 22
180.169.147.146 - - [07/Aug/2021:09:33:03 +0800] "GET /xingrg/all/function/internal_message.html?_=1628299981871&CODE_STATE=getMsg HTTP/1.1" 200 27
101.85.93.96 - - [07/Aug/2021:09:33:04 +0800] "GET /xingrg/kc/buy/cgsh_order_operate.html?command=get_materiel&rest_code=00142&code=00101008286&supplier_code=00100161&order_time=2021-08-07 HTTP/1.1" 200 408
180.169.147.146 - - [07/Aug/2021:09:33:05 +0800] "GET /xingrg/all/function/internal_message.html?_=1628299983283&CODE_STATE=getMsg HTTP/1.1" 200 27
222.70.183.193 - - [07/Aug/2021:09:33:05 +0800] "GET /xingrg/all/function/internal_message.html?_=1628300013165&CODE_STATE=getMsg HTTP/1.1" 302 -
222.70.246.151 - - [07/Aug/2021:09:33:06 +0800] "GET /xingrg/all/function/internal_message.html?_=1628300002762&CODE_STATE=getMsg HTTP/1.1" 200 27
116.235.222.38 - - [07/Aug/2021:09:33:08 +0800] "GET /xingrg/check_reg.html?_=1628299975741 HTTP/1.1" 200 22
116.235.222.38 - - [07/Aug/2021:09:33:09 +0800] "GET /xingrg/all/function/internal_message.html?_=1628299976291&CODE_STATE=getMsg HTTP/1.1" 200 27
222.70.246.151 - - [07/Aug/2021:09:33:12 +0800] "GET /xingrg/all/function/internal_message.html?_=1628300005724&CODE_STATE=getMsg HTTP/1.1" 302 -
101.85.93.96 - - [07/Aug/2021:09:33:12 +0800] "GET /xingrg/kc/buy/cgsh_order_operate.html?command=get_materiel&rest_code=00142&code=00101008353&supplier_code=00100161&order_time=2021-08-07 HTTP/1.1" 200 408
58.221.95.50 - - [07/Aug/2021:09:33:12 +0800] "POST /xingrg/kc/base/wldb_order_operate.html HTTP/1.1" 200 37
58.221.95.50 - - [07/Aug/2021:09:33:13 +0800] "POST /xingrg/kc/base/wldb_order_operate.html HTTP/1.1" 200 9539
58.221.95.50 - - [07/Aug/2021:09:33:14 +0800] "GET /xingrg/kc/base/wldb_order_info.html?code=422021080700694 HTTP/1.1" 200 30420
58.221.95.50 - - [07/Aug/2021:09:33:14 +0800] "GET /xingrg/javascript/easyui/themes/default/validatebox.css HTTP/1.1" 404 1104
116.230.110.80 - - [07/Aug/2021:09:33:15 +0800] "GET /xingrg/all/function/internal_message.html?_=1628299974690&CODE_STATE=getMsg HTTP/1.1" 200 27
58.221.95.50 - - [07/Aug/2021:09:33:15 +0800] "POST /xingrg/kc/base/wldb_order_operate.html HTTP/1.1" 200 9539
222.70.183.193 - - [07/Aug/2021:09:33:17 +0800] "GET /xingrg/all/function/internal_message.html?_=1628299991012&CODE_STATE=getMsg HTTP/1.1" 200 27
101.85.93.96 - - [07/Aug/2021:09:33:22 +0800] "GET /xingrg/kc/buy/cgsh_order_operate.html?command=get_materiel&rest_code=00142&code=00101008351&supplier_code=00100161&order_time=2021-08-07 HTTP/1.1" 200 408
101.83.145.79 - - [07/Aug/2021:09:33:23 +0800] "GET /xingrg/all/function/internal_message.html?_=1628299998396&CODE_STATE=getMsg HTTP/1.1" 200 27
114.86.231.177 - - [07/Aug/2021:09:33:23 +0800] "GET /xingrg/all/function/internal_message.html?_=1628300004693&CODE_STATE=getMsg HTTP/1.1" 200 27
114.86.231.177 - - [07/Aug/2021:09:33:24 +0800] "POST /xingrg/kc/buy/cgsh_order_operate.html HTTP/1.1" 200 5020
180.156.224.123 - - [07/Aug/2021:09:33:24 +0800] "GET /xingrg/all/function/internal_message.html?_=1628299952287&CODE_STATE=getMsg HTTP/1.1" 200 27
114.88.154.248 - - [07/Aug/2021:09:33:26 +0800] "GET /xingrg/all/function/internal_message.html?_=1628299903845&CODE_STATE=getMsg HTTP/1.1" 200 27
101.85.93.96 - - [07/Aug/2021:09:33:28 +0800] "GET /xingrg/all/function/internal_message.html?_=1628299976720&CODE_STATE=getMsg HTTP/1.1" 200 27
180.174.224.95 - - [07/Aug/2021:09:33:29 +0800] "GET /xingrg/all/function/internal_message.html?_=1628299980889&CODE_STATE=getMsg HTTP/1.1" 200 27
101.85.93.96 - - [07/Aug/2021:09:33:30 +0800] "GET /xingrg/kc/buy/cgsh_order_operate.html?command=get_materiel&rest_code=00142&code=00101008350&supplier_code=00100161&order_time=2021-08-07 HTTP/1.1" 200 408
58.221.95.50 - - [07/Aug/2021:09:33:30 +0800] "GET /xingrg/kc/base/wldb_order_add.html HTTP/1.1" 200 30401
58.221.95.50 - - [07/Aug/2021:09:33:30 +0800] "POST /xingrg/kc/base/wldb_order_operate.html HTTP/1.1" 200 6806
58.221.95.50 - - [07/Aug/2021:09:33:30 +0800] "GET /xingrg/javascript/easyui/themes/default/validatebox.css HTTP/1.1" 404 1104
58.40.7.146 - - [07/Aug/2021:09:33:32 +0800] "GET /xingrg/all/function/internal_message.html?_=1628300007387&CODE_STATE=getMsg HTTP/1.1" 200 27
58.221.95.50 - - [07/Aug/2021:09:33:32 +0800] "POST /xingrg/all/common/load_combo.html?type=base HTTP/1.1" 200 890
58.221.95.50 - - [07/Aug/2021:09:33:35 +0800] "POST /xingrg/all/common/load_combo.html?type=base HTTP/1.1" 200 890
101.85.93.96 - - [07/Aug/2021:09:33:38 +0800] "POST /xingrg/kc/buy/cgsh_order_operate.html HTTP/1.1" 200 37
101.85.93.96 - - [07/Aug/2021:09:33:39 +0800] "POST /xingrg/kc/buy/cgsh_order_operate.html HTTP/1.1" 200 10906
58.221.95.50 - - [07/Aug/2021:09:33:42 +0800] "GET /xingrg/all/function/internal_message.html?_=1628300017647&CODE_STATE=getMsg HTTP/1.1" 200 27
58.221.95.50 - - [07/Aug/2021:09:33:42 +0800] "GET /xingrg/check_reg.html?_=1628300017856 HTTP/1.1" 200 22
114.86.231.177 - - [07/Aug/2021:09:33:46 +0800] "POST /xingrg/kc/buy/cgsh_order_operate.html HTTP/1.1" 200 37
114.86.231.177 - - [07/Aug/2021:09:33:47 +0800] "POST /xingrg/kc/buy/cgsh_order_operate.html HTTP/1.1" 200 5020
114.86.231.177 - - [07/Aug/2021:09:33:49 +0800] "GET /xingrg/kc/print/load_config.html?kc_code=cgsh HTTP/1.1" 200 1994
114.86.231.177 - - [07/Aug/2021:09:33:49 +0800] "GET /xingrg/kc/print/load_data.html?order_code=212021080702874&kc_code=cgsh&condition= HTTP/1.1" 200 1550
58.221.95.50 - - [07/Aug/2021:09:33:54 +0800] "GET /xingrg/kc/base/wldb_order_operate.html?command=get_materiel&rest_code=00152&base_code=0010647&code=00102003459 HTTP/1.1" 200 426
101.83.145.79 - - [07/Aug/2021:09:34:00 +0800] "GET /xingrg/all/function/internal_message.html?_=1628299993841&CODE_STATE=getMsg HTTP/1.1" 200 27
71.6.146.186 - - [07/Aug/2021:09:34:00 +0800] "POST /json_rpc HTTP/1.1" 404 -
172.20.0.100 - - [07/Aug/2021:09:34:02 +0800] "GET /xingrg/all/function/internal_message.html?_=1628300038599&CODE_STATE=getMsg HTTP/1.1" 200 27
114.83.220.205 - - [07/Aug/2021:09:34:03 +0800] "GET /xingrg/all/function/internal_message.html?_=1628300038017&CODE_STATE=getMsg HTTP/1.1" 200 27
180.169.147.146 - - [07/Aug/2021:09:34:03 +0800] "GET /xingrg/all/function/internal_message.html?_=1628300041876&CODE_STATE=getMsg HTTP/1.1" 200 27
114.86.231.177 - - [07/Aug/2021:09:34:04 +0800] "POST /xingrg/kc/buy/cgsh_list_operate.html HTTP/1.1" 200 2035
180.169.147.146 - - [07/Aug/2021:09:34:05 +0800] "GET /xingrg/all/function/internal_message.html?_=1628300043306&CODE_STATE=getMsg HTTP/1.1" 200 27
222.70.183.193 - - [07/Aug/2021:09:34:05 +0800] "GET /xingrg/check_reg.html?_=1628300073166 HTTP/1.1" 302 -
222.70.183.193 - - [07/Aug/2021:09:34:05 +0800] "GET /xingrg/all/function/internal_message.html?_=1628300073165&CODE_STATE=getMsg HTTP/1.1" 302 -
114.86.231.177 - - [07/Aug/2021:09:34:06 +0800] "POST /xingrg/kc/buy/cgsh_list_operate.html HTTP/1.1" 200 493
222.70.246.151 - - [07/Aug/2021:09:34:06 +0800] "GET /xingrg/all/function/internal_message.html?_=1628300063307&CODE_STATE=getMsg HTTP/1.1" 200 27
114.86.231.177 - - [07/Aug/2021:09:34:07 +0800] "POST /xingrg/kc/buy/cgsh_list_operate.html HTTP/1.1" 200 559
58.221.95.50 - - [07/Aug/2021:09:34:07 +0800] "GET /xingrg/kc/base/wldb_order_operate.html?command=get_materiel&rest_code=00152&base_code=0010647&code=00102002728 HTTP/1.1" 200 418
114.86.231.177 - - [07/Aug/2021:09:34:08 +0800] "GET /xingrg/kc/buy/cgsh_order_info.html?code=212021080702866 HTTP/1.1" 200 63193
114.86.231.177 - - [07/Aug/2021:09:34:08 +0800] "GET /xingrg/all/common/auto_word.html?type=employee&rest_code=00109 HTTP/1.1" 200 255
114.86.231.177 - - [07/Aug/2021:09:34:08 +0800] "GET /xingrg/all/common/auto_word.html?type=employee&rest_code=00109 HTTP/1.1" 200 255
114.86.231.177 - - [07/Aug/2021:09:34:08 +0800] "GET /xingrg/javascript/easyui/themes/default/validatebox.css HTTP/1.1" 404 1104
71.6.146.186 - - [07/Aug/2021:09:34:08 +0800] "GET / HTTP/1.1" 404 -
114.86.231.177 - - [07/Aug/2021:09:34:08 +0800] "POST /xingrg/kc/buy/cgsh_order_operate.html HTTP/1.1" 200 45856
116.235.222.38 - - [07/Aug/2021:09:34:09 +0800] "GET /xingrg/all/function/internal_message.html?_=1628300036267&CODE_STATE=getMsg HTTP/1.1" 200 27
114.86.231.177 - - [07/Aug/2021:09:34:12 +0800] "GET /xingrg/kc/print/load_config.html?kc_code=cgsh HTTP/1.1" 200 1994
71.6.146.186 - - [07/Aug/2021:09:34:12 +0800] "-" 400 -
114.86.231.177 - - [07/Aug/2021:09:34:12 +0800] "GET /xingrg/kc/print/load_data.html?order_code=212021080702866&kc_code=cgsh&condition= HTTP/1.1" 200 17045
222.70.246.151 - - [07/Aug/2021:09:34:12 +0800] "GET /xingrg/all/function/internal_message.html?_=1628300065753&CODE_STATE=getMsg HTTP/1.1" 302 -
116.230.110.80 - - [07/Aug/2021:09:34:15 +0800] "GET /xingrg/all/function/internal_message.html?_=1628300034689&CODE_STATE=getMsg HTTP/1.1" 200 27
222.70.183.193 - - [07/Aug/2021:09:34:17 +0800] "GET /xingrg/all/function/internal_message.html?_=1628300051013&CODE_STATE=getMsg HTTP/1.1" 200 27
114.86.231.177 - - [07/Aug/2021:09:34:21 +0800] "GET /xingrg/all/function/internal_message.html?_=1628300062806&CODE_STATE=getMsg HTTP/1.1" 200 27
101.83.145.79 - - [07/Aug/2021:09:34:23 +0800] "GET /xingrg/all/function/internal_message.html?_=1628300058376&CODE_STATE=getMsg HTTP/1.1" 200 27
180.156.224.123 - - [07/Aug/2021:09:34:24 +0800] "GET /xingrg/all/function/internal_message.html?_=1628300012295&CODE_STATE=getMsg HTTP/1.1" 200 27
114.88.154.248 - - [07/Aug/2021:09:34:26 +0800] "GET /xingrg/all/function/internal_message.html?_=1628299963844&CODE_STATE=getMsg HTTP/1.1" 200 27
180.174.224.95 - - [07/Aug/2021:09:34:29 +0800] "GET /xingrg/all/function/internal_message.html?_=1628300040905&CODE_STATE=getMsg HTTP/1.1" 200 27
222.70.246.151 - - [07/Aug/2021:09:34:31 +0800] "GET /xingrg/check_reg.html?_=1628300088172 HTTP/1.1" 200 22
101.85.93.96 - - [07/Aug/2021:09:34:31 +0800] "GET /xingrg/all/function/internal_message.html?_=1628300036715&CODE_STATE=getMsg HTTP/1.1" 200 27
58.40.7.146 - - [07/Aug/2021:09:34:32 +0800] "GET /xingrg/all/function/internal_message.html?_=1628300067388&CODE_STATE=getMsg HTTP/1.1" 200 27
114.86.231.177 - - [07/Aug/2021:09:34:38 +0800] "GET /xingrg/kc/buy/cgsh_order_add.html HTTP/1.1" 200 63184
114.86.231.177 - - [07/Aug/2021:09:34:38 +0800] "POST /xingrg/kc/buy/cgsh_order_operate.html HTTP/1.1" 200 8245
114.86.231.177 - - [07/Aug/2021:09:34:38 +0800] "GET /xingrg/all/common/auto_word.html?type=employee&rest_code=00109 HTTP/1.1" 200 255
114.86.231.177 - - [07/Aug/2021:09:34:38 +0800] "GET /xingrg/javascript/easyui/themes/default/validatebox.css HTTP/1.1" 404 1104
114.86.231.177 - - [07/Aug/2021:09:34:38 +0800] "GET /xingrg/all/common/auto_word.html?type=employee&rest_code=00109 HTTP/1.1" 200 255
180.169.147.146 - - [07/Aug/2021:09:34:41 +0800] "GET /xingrg/check_reg.html?_=1628300079193 HTTP/1.1" 200 22
58.221.95.50 - - [07/Aug/2021:09:34:42 +0800] "GET /xingrg/all/function/internal_message.html?_=1628300077632&CODE_STATE=getMsg HTTP/1.1" 200 27
120.253.135.82 - - [07/Aug/2021:09:34:45 +0800] "GET /xingrg/check_reg.html?_=1628299858355 HTTP/1.1" 200 22
114.86.231.177 - - [07/Aug/2021:09:34:45 +0800] "GET /xingrg/kc/buy/cgsh_order_operate.html?command=get_materiel&rest_code=00109&code=00101007081&supplier_code=00100004&order_time=2021-08-07 HTTP/1.1" 200 413
114.86.231.177 - - [07/Aug/2021:09:34:54 +0800] "GET /xingrg/kc/buy/cgsh_order_operate.html?command=get_materiel&rest_code=00109&code=00101007059&supplier_code=00100004&order_time=2021-08-07 HTTP/1.1" 200 409
101.83.145.79 - - [07/Aug/2021:09:35:00 +0800] "GET /xingrg/all/function/internal_message.html?_=1628300053842&CODE_STATE=getMsg HTTP/1.1" 200 27
172.20.0.100 - - [07/Aug/2021:09:35:02 +0800] "GET /xingrg/all/function/internal_message.html?_=1628300098602&CODE_STATE=getMsg HTTP/1.1" 200 27
114.83.220.205 - - [07/Aug/2021:09:35:03 +0800] "GET /xingrg/all/function/internal_message.html?_=1628300098017&CODE_STATE=getMsg HTTP/1.1" 200 27
180.169.147.146 - - [07/Aug/2021:09:35:03 +0800] "GET /xingrg/all/function/internal_message.html?_=1628300101898&CODE_STATE=getMsg HTTP/1.1" 200 27
180.169.147.146 - - [07/Aug/2021:09:35:05 +0800] "GET /xingrg/all/function/internal_message.html?_=1628300103309&CODE_STATE=getMsg HTTP/1.1" 200 27
222.70.183.193 - - [07/Aug/2021:09:35:05 +0800] "GET /xingrg/all/function/internal_message.html?_=1628300133165&CODE_STATE=getMsg HTTP/1.1" 302 -
222.70.246.151 - - [07/Aug/2021:09:35:06 +0800] "GET /xingrg/all/function/internal_message.html?_=1628300123319&CODE_STATE=getMsg HTTP/1.1" 200 27
116.235.222.38 - - [07/Aug/2021:09:35:09 +0800] "GET /xingrg/all/function/internal_message.html?_=1628300096252&CODE_STATE=getMsg HTTP/1.1" 200 27
222.70.246.151 - - [07/Aug/2021:09:35:12 +0800] "GET /xingrg/all/function/internal_message.html?_=1628300125766&CODE_STATE=getMsg HTTP/1.1" 302 -
116.230.110.80 - - [07/Aug/2021:09:35:15 +0800] "GET /xingrg/all/function/internal_message.html?_=1628300094684&CODE_STATE=getMsg HTTP/1.1" 200 27
114.86.231.177 - - [07/Aug/2021:09:35:15 +0800] "POST /xingrg/kc/buy/cgsh_order_operate.html HTTP/1.1" 200 37
222.70.183.193 - - [07/Aug/2021:09:35:18 +0800] "GET /xingrg/all/function/internal_message.html?_=1628300111014&CODE_STATE=getMsg HTTP/1.1" 200 27
114.86.231.177 - - [07/Aug/2021:09:35:19 +0800] "GET /xingrg/all/function/internal_message.html?_=1628300120717&CODE_STATE=getMsg HTTP/1.1" 200 27
114.86.231.177 - - [07/Aug/2021:09:35:20 +0800] "POST /xingrg/kc/buy/cgsh_order_operate.html HTTP/1.1" 200 3244
116.230.110.80 - - [07/Aug/2021:09:35:21 +0800] "GET /xingrg/kc/buy/cgsh_order_add.html HTTP/1.1" 200 63111
114.86.231.177 - - [07/Aug/2021:09:35:21 +0800] "GET /xingrg/kc/print/load_config.html?kc_code=cgsh HTTP/1.1" 200 1994
114.86.231.177 - - [07/Aug/2021:09:35:21 +0800] "GET /xingrg/kc/print/load_data.html?order_code=212021080702876&kc_code=cgsh&condition= HTTP/1.1" 200 938
116.230.110.80 - - [07/Aug/2021:09:35:21 +0800] "POST /xingrg/kc/buy/cgsh_order_operate.html HTTP/1.1" 200 8245
116.230.110.80 - - [07/Aug/2021:09:35:21 +0800] "GET /xingrg/javascript/easyui/themes/default/validatebox.css HTTP/1.1" 404 1104
116.230.110.80 - - [07/Aug/2021:09:35:22 +0800] "GET /xingrg/javascript/auto/indicator.gif HTTP/1.1" 404 1066
101.83.145.79 - - [07/Aug/2021:09:35:23 +0800] "GET /xingrg/all/function/internal_message.html?_=1628300118354&CODE_STATE=getMsg HTTP/1.1" 200 27
116.230.110.80 - - [07/Aug/2021:09:35:24 +0800] "GET /xingrg/javascript/jquery_tools/images/prev.gif HTTP/1.1" 404 1086
116.230.110.80 - - [07/Aug/2021:09:35:24 +0800] "GET /xingrg/javascript/jquery_tools/images/next.gif HTTP/1.1" 404 1086
180.156.224.123 - - [07/Aug/2021:09:35:24 +0800] "GET /xingrg/all/function/internal_message.html?_=1628300072378&CODE_STATE=getMsg HTTP/1.1" 200 27
114.88.154.248 - - [07/Aug/2021:09:35:26 +0800] "GET /xingrg/all/function/internal_message.html?_=1628300023843&CODE_STATE=getMsg HTTP/1.1" 200 27
114.86.231.177 - - [07/Aug/2021:09:35:27 +0800] "GET /xingrg/kc/buy/cgsh_order_add.html HTTP/1.1" 200 63184
114.86.231.177 - - [07/Aug/2021:09:35:27 +0800] "POST /xingrg/kc/buy/cgsh_order_operate.html HTTP/1.1" 200 8245
114.86.231.177 - - [07/Aug/2021:09:35:27 +0800] "GET /xingrg/all/common/auto_word.html?type=employee&rest_code=00109 HTTP/1.1" 200 255
114.86.231.177 - - [07/Aug/2021:09:35:27 +0800] "GET /xingrg/all/common/auto_word.html?type=employee&rest_code=00109 HTTP/1.1" 200 255
114.86.231.177 - - [07/Aug/2021:09:35:27 +0800] "GET /xingrg/javascript/easyui/themes/default/validatebox.css HTTP/1.1" 404 1104
101.85.93.96 - - [07/Aug/2021:09:35:28 +0800] "GET /xingrg/all/function/internal_message.html?_=1628300096722&CODE_STATE=getMsg HTTP/1.1" 200 27
180.174.224.95 - - [07/Aug/2021:09:35:29 +0800] "GET /xingrg/all/function/internal_message.html?_=1628300100918&CODE_STATE=getMsg HTTP/1.1" 200 27
116.230.110.80 - - [07/Aug/2021:09:35:30 +0800] "GET /xingrg/kc/buy/cgsh_order_operate.html?command=get_materiel&rest_code=00155&code=00101008126&supplier_code=00100005&order_time=2021-08-07 HTTP/1.1" 200 412
180.174.224.95 - - [07/Aug/2021:09:35:31 +0800] "GET /xingrg/kc/buy/cgsh_order_operate.html?command=get_materiel&rest_code=00102&code=00101006065&supplier_code=00100096&order_time=2021-08-07 HTTP/1.1" 200 409
58.40.7.146 - - [07/Aug/2021:09:35:32 +0800] "GET /xingrg/all/function/internal_message.html?_=1628300127392&CODE_STATE=getMsg HTTP/1.1" 200 27
114.86.231.177 - - [07/Aug/2021:09:35:34 +0800] "GET /xingrg/kc/buy/cgsh_order_operate.html?command=get_materiel&rest_code=00109&code=00101006109&supplier_code=00100015&order_time=2021-08-07 HTTP/1.1" 200 409
101.83.145.79 - - [07/Aug/2021:09:35:38 +0800] "GET /xingrg/kc/buy/cgsh_order_add.html HTTP/1.1" 200 63190
101.83.145.79 - - [07/Aug/2021:09:35:39 +0800] "POST /xingrg/kc/buy/cgsh_order_operate.html HTTP/1.1" 200 8245
101.83.145.79 - - [07/Aug/2021:09:35:39 +0800] "GET /xingrg/javascript/easyui/themes/default/validatebox.css HTTP/1.1" 404 1104
114.86.231.177 - - [07/Aug/2021:09:35:40 +0800] "GET /xingrg/kc/buy/cgsh_order_operate.html?command=get_materiel&rest_code=00109&code=00101006058&supplier_code=00100015&order_time=2021-08-07 HTTP/1.1" 200 413
58.221.95.50 - - [07/Aug/2021:09:35:42 +0800] "GET /xingrg/all/function/internal_message.html?_=1628300137609&CODE_STATE=getMsg HTTP/1.1" 200 27
180.169.147.146 - - [07/Aug/2021:09:35:45 +0800] "GET /xingrg/check_reg.html?_=1628300143433 HTTP/1.1" 200 22
114.86.231.177 - - [07/Aug/2021:09:35:47 +0800] "GET /xingrg/kc/buy/cgsh_order_operate.html?command=get_materiel&rest_code=00109&code=00101010248&supplier_code=00100015&order_time=2021-08-07 HTTP/1.1" 200 430
101.83.145.79 - - [07/Aug/2021:09:35:48 +0800] "GET /xingrg/kc/buy/cgsh_order_operate.html?command=get_materiel&rest_code=00105&code=00101020153&supplier_code=00100034&order_time=2021-08-07 HTTP/1.1" 200 408
180.174.224.95 - - [07/Aug/2021:09:35:52 +0800] "GET /xingrg/kc/buy/cgsh_order_operate.html?command=get_materiel&rest_code=00102&code=00101006055&supplier_code=00100096&order_time=2021-08-07 HTTP/1.1" 200 409
114.86.231.177 - - [07/Aug/2021:09:35:54 +0800] "GET /xingrg/kc/buy/cgsh_order_operate.html?command=get_materiel&rest_code=00109&code=00101006144&supplier_code=00100015&order_time=2021-08-07 HTTP/1.1" 200 409
116.230.110.80 - - [07/Aug/2021:09:35:57 +0800] "GET /xingrg/kc/buy/cgsh_order_operate.html?command=get_materiel&rest_code=00155&code=00101008290&supplier_code=00100005&order_time=2021-08-07 HTTP/1.1" 200 416
114.86.231.177 - - [07/Aug/2021:09:36:00 +0800] "GET /xingrg/kc/buy/cgsh_order_operate.html?command=get_materiel&rest_code=00109&code=00101006195&supplier_code=00100015&order_time=2021-08-07 HTTP/1.1" 200 409
180.174.224.95 - - [07/Aug/2021:09:36:01 +0800] "GET /xingrg/kc/buy/cgsh_order_operate.html?command=get_materiel&rest_code=00102&code=00101007061&supplier_code=00100096&order_time=2021-08-07 HTTP/1.1" 200 411
172.20.0.100 - - [07/Aug/2021:09:36:02 +0800] "GET /xingrg/all/function/internal_message.html?_=1628300158607&CODE_STATE=getMsg HTTP/1.1" 200 27
114.83.220.205 - - [07/Aug/2021:09:36:03 +0800] "GET /xingrg/all/function/internal_message.html?_=1628300158017&CODE_STATE=getMsg HTTP/1.1" 200 27
101.83.145.79 - - [07/Aug/2021:09:36:03 +0800] "GET /favicon.ico HTTP/1.1" 404 -
180.169.147.146 - - [07/Aug/2021:09:36:03 +0800] "GET /xingrg/all/function/internal_message.html?_=1628300161904&CODE_STATE=getMsg HTTP/1.1" 200 27
101.83.145.79 - - [07/Aug/2021:09:36:04 +0800] "GET /xingrg/kc/buy/cgsh_order_operate.html?command=get_materiel&rest_code=00105&code=00101012033&supplier_code=00100034&order_time=2021-08-07 HTTP/1.1" 200 426
180.169.147.146 - - [07/Aug/2021:09:36:05 +0800] "GET /xingrg/all/function/internal_message.html?_=1628300163324&CODE_STATE=getMsg HTTP/1.1" 200 27
116.230.110.80 - - [07/Aug/2021:09:36:05 +0800] "GET /xingrg/kc/buy/cgsh_order_operate.html?command=get_materiel&rest_code=00155&code=00101008210&supplier_code=00100005&order_time=2021-08-07 HTTP/1.1" 200 408
222.70.183.193 - - [07/Aug/2021:09:36:05 +0800] "GET /xingrg/all/function/internal_message.html?_=1628300193170&CODE_STATE=getMsg HTTP/1.1" 302 -
101.83.145.79 - - [07/Aug/2021:09:36:06 +0800] "GET /xingrg/index.html?sysBaseUrl=http%3A%2F%2F180.169.147.146%3A18081%2Fxingrg%2F&costTime=32×tamp=1585224308505 HTTP/1.1" 302 -
101.83.145.79 - - [07/Aug/2021:09:36:06 +0800] "GET /xingrg/login.html HTTP/1.1" 200 7641
222.70.246.151 - - [07/Aug/2021:09:36:06 +0800] "GET /xingrg/all/function/internal_message.html?_=1628300183334&CODE_STATE=getMsg HTTP/1.1" 200 27
101.83.145.79 - - [07/Aug/2021:09:36:07 +0800] "GET /favicon.ico HTTP/1.1" 404 -
116.235.222.38 - - [07/Aug/2021:09:36:09 +0800] "GET /xingrg/all/function/internal_message.html?_=1628300156230&CODE_STATE=getMsg HTTP/1.1" 200 27
114.86.231.177 - - [07/Aug/2021:09:36:10 +0800] "GET /xingrg/kc/buy/cgsh_order_operate.html?command=get_materiel&rest_code=00109&code=00101006039&supplier_code=00100015&order_time=2021-08-07 HTTP/1.1" 200 413
222.70.246.151 - - [07/Aug/2021:09:36:12 +0800] "GET /xingrg/all/function/internal_message.html?_=1628300185796&CODE_STATE=getMsg HTTP/1.1" 302 -
180.174.224.95 - - [07/Aug/2021:09:36:14 +0800] "GET /xingrg/kc/buy/cgsh_order_operate.html?command=get_materiel&rest_code=00102&code=00101007001&supplier_code=00100096&order_time=2021-08-07 HTTP/1.1" 200 409
116.230.110.80 - - [07/Aug/2021:09:36:15 +0800] "GET /xingrg/all/function/internal_message.html?_=1628300154681&CODE_STATE=getMsg HTTP/1.1" 200 27
101.83.145.79 - - [07/Aug/2021:09:36:16 +0800] "GET /xingrg/kc/buy/cgsh_order_operate.html?command=get_materiel&rest_code=00105&code=00101012026&supplier_code=00100034&order_time=2021-08-07 HTTP/1.1" 200 408
222.70.246.151 - - [07/Aug/2021:09:36:16 +0800] "GET /xingrg/check_reg.html?_=1628300190038 HTTP/1.1" 302 -
101.85.93.96 - - [07/Aug/2021:09:36:16 +0800] "GET /xingrg/kc/buy/cgsh_order_operate.html?command=get_materiel&rest_code=00142&code=00101008312&supplier_code=00100161&order_time=2021-08-07 HTTP/1.1" 200 412
114.86.231.177 - - [07/Aug/2021:09:36:17 +0800] "GET /xingrg/all/function/internal_message.html?_=1628300178450&CODE_STATE=getMsg HTTP/1.1" 200 27
114.86.231.177 - - [07/Aug/2021:09:36:17 +0800] "GET /xingrg/check_reg.html?_=1628300178452 HTTP/1.1" 200 22
101.83.145.79 - - [07/Aug/2021:09:36:17 +0800] "POST /xingrg/login.do HTTP/1.1" 302 -
101.83.145.79 - - [07/Aug/2021:09:36:17 +0800] "GET /xingrg/index.html?sysBaseUrl=http%3A%2F%2F180.169.147.146%3A18081%2Fxingrg%2F&costTime=40×tamp=1628300177612 HTTP/1.1" 200 17173
101.83.145.79 - - [07/Aug/2021:09:36:17 +0800] "GET /favicon.ico HTTP/1.1" 404 -
101.83.145.79 - - [07/Aug/2021:09:36:17 +0800] "POST /xingrg/all/common/load_tree.html?tree=area_rest_tree_json&manage=1 HTTP/1.1" 200 342
222.70.183.193 - - [07/Aug/2021:09:36:18 +0800] "GET /xingrg/check_reg.html?_=1628300171019 HTTP/1.1" 200 22
222.70.183.193 - - [07/Aug/2021:09:36:18 +0800] "GET /xingrg/all/function/internal_message.html?_=1628300171015&CODE_STATE=getMsg HTTP/1.1" 200 27
101.83.145.79 - - [07/Aug/2021:09:36:18 +0800] "GET /xingrg/all/function/internal_message.html?_=1628300131911&CODE_STATE=count HTTP/1.1" 200 11
101.83.145.79 - - [07/Aug/2021:09:36:18 +0800] "GET /xingrg/check_reg.html?_=1628300131913 HTTP/1.1" 200 22
101.83.145.79 - - [07/Aug/2021:09:36:18 +0800] "POST /xingrg/load_menu.html HTTP/1.1" 200 5138
