114.83.220.205 - - [07/Aug/2021:08:58:52 +0800] "GET /xingrg/javascript/ToolTips.js HTTP/1.1" 200 5615
114.83.220.205 - - [07/Aug/2021:08:58:52 +0800] "GET /xingrg/css/blue.css HTTP/1.1" 200 15949
114.83.220.205 - - [07/Aug/2021:08:58:52 +0800] "GET /xingrg/dwr/interface/AjaxReportQueryService.js HTTP/1.1" 200 13203
114.83.220.205 - - [07/Aug/2021:08:58:52 +0800] "GET /xingrg/dwr/interface/AjaxQqpsService.js HTTP/1.1" 200 16326
114.83.220.205 - - [07/Aug/2021:08:58:52 +0800] "GET /xingrg/dwr/util.js HTTP/1.1" 200 35990
114.83.220.205 - - [07/Aug/2021:08:58:52 +0800] "GET /xingrg/javascript/Calendar.js HTTP/1.1" 200 31561
114.83.220.205 - - [07/Aug/2021:08:58:52 +0800] "GET /xingrg/javascript/myfunction.js HTTP/1.1" 200 24559
114.83.220.205 - - [07/Aug/2021:08:58:52 +0800] "GET /xingrg/dwr/engine.js HTTP/1.1" 200 43631
114.83.220.205 - - [07/Aug/2021:08:58:52 +0800] "GET /xingrg/javascript/jquery_easy_ui/themes/icons/edit_add_new.png HTTP/1.1" 200 2997
114.83.220.205 - - [07/Aug/2021:08:58:52 +0800] "GET /xingrg/javascript/jquery_easy_ui/themes/icons/check_new.png HTTP/1.1" 200 3224
114.83.220.205 - - [07/Aug/2021:08:58:52 +0800] "GET /xingrg/javascript/jquery_easy_ui/themes/icons/uncheck_new.png HTTP/1.1" 200 3197
114.83.220.205 - - [07/Aug/2021:08:58:52 +0800] "GET /xingrg/javascript/jquery_easy_ui/themes/icons/cance_new.png HTTP/1.1" 200 3986
222.70.183.193 - - [07/Aug/2021:08:58:53 +0800] "GET /xingrg/kc/buy/cgsh_order_operate.html?command=get_materiel&rest_code=00111&code=00101008196&supplier_code=00100005&order_time=2021-08-07 HTTP/1.1" 200 416
114.83.220.205 - - [07/Aug/2021:08:58:53 +0800] "GET /xingrg/javascript/jquery_easy_ui/themes/default/images/button_plain_hover.png HTTP/1.1" 200 252
114.83.220.205 - - [07/Aug/2021:08:58:54 +0800] "GET /xingrg/kc/mdqp/qqps_order_add.html HTTP/1.1" 200 28241
114.83.220.205 - - [07/Aug/2021:08:58:54 +0800] "GET /xingrg/javascript/AjaxInfoList.js HTTP/1.1" 200 3774
114.83.220.205 - - [07/Aug/2021:08:58:54 +0800] "GET /xingrg/javascript/Grid.js HTTP/1.1" 200 58908
114.83.220.205 - - [07/Aug/2021:08:58:54 +0800] "GET /xingrg/dwr/interface/AjaxQqpsService.js HTTP/1.1" 200 16326
114.83.220.205 - - [07/Aug/2021:08:58:54 +0800] "GET /xingrg/dwr/interface/AjaxComOrderService.js HTTP/1.1" 200 18264
114.83.220.205 - - [07/Aug/2021:08:58:54 +0800] "GET /xingrg/javascript/tools/jquery.qtip-1.0.0-rc3.min.js HTTP/1.1" 200 38404
114.83.220.205 - - [07/Aug/2021:08:58:54 +0800] "GET /xingrg/dwr/engine.js HTTP/1.1" 200 43631
114.83.220.205 - - [07/Aug/2021:08:58:54 +0800] "GET /xingrg/javascript/jquery_easy_ui/themes/icons/ok.png HTTP/1.1" 200 883
114.83.220.205 - - [07/Aug/2021:08:58:54 +0800] "GET /xingrg/javascript/jquery_easy_ui/themes/icons/print.png HTTP/1.1" 200 1057
114.83.220.205 - - [07/Aug/2021:08:58:54 +0800] "GET /xingrg/javascript/jquery_easy_ui/themes/icons/copy_new.png HTTP/1.1" 200 815
114.83.220.205 - - [07/Aug/2021:08:58:54 +0800] "GET /xingrg/javascript/jquery_easy_ui/themes/icons/template_new.png HTTP/1.1" 200 3956
114.83.220.205 - - [07/Aug/2021:08:58:54 +0800] "GET /xingrg/javascript/jquery_easy_ui/themes/icons/back_new.png HTTP/1.1" 200 3414
114.83.220.205 - - [07/Aug/2021:08:58:54 +0800] "GET /xingrg/javascript/jquery_easy_ui/themes/default/images/menu_downarrow.png HTTP/1.1" 200 173
114.83.220.205 - - [07/Aug/2021:08:58:55 +0800] "GET /xingrg/images/blue/button/kc_tab_save.gif HTTP/1.1" 200 777
114.83.220.205 - - [07/Aug/2021:08:58:55 +0800] "GET /xingrg/images/blue/button/kc_tab_del.gif HTTP/1.1" 200 383
114.83.220.205 - - [07/Aug/2021:08:58:55 +0800] "GET /xingrg/images/blue/button/kc_tab_edit.gif HTTP/1.1" 200 551
114.83.220.205 - - [07/Aug/2021:08:58:55 +0800] "GET /xingrg/images/blue/button/kc_tab_add.gif HTTP/1.1" 200 375
114.83.220.205 - - [07/Aug/2021:08:58:55 +0800] "GET /xingrg/javascript/jquery_easy_ui/themes/default/images/combo_arrow_dot.gif HTTP/1.1" 200 79
114.83.220.205 - - [07/Aug/2021:08:58:55 +0800] "GET /xingrg/images/blue/kc_tab_mid.gif HTTP/1.1" 200 44
114.83.220.205 - - [07/Aug/2021:08:58:55 +0800] "GET /xingrg/images/blue/kc_tab_right.gif HTTP/1.1" 200 643
114.83.220.205 - - [07/Aug/2021:08:58:55 +0800] "GET /xingrg/images/blue/kc_tab2_left.gif HTTP/1.1" 200 625
114.83.220.205 - - [07/Aug/2021:08:58:55 +0800] "GET /xingrg/images/blue/kc_tab2_right.gif HTTP/1.1" 200 192
114.83.220.205 - - [07/Aug/2021:08:58:55 +0800] "GET /xingrg/images/blue/kc_tab_left.gif HTTP/1.1" 200 188
116.235.222.38 - - [07/Aug/2021:08:58:57 +0800] "GET /xingrg/kc/buy/cgsh_order_operate.html?command=get_materiel&rest_code=00107&code=00101008176&supplier_code=00100006&order_time=2021-08-07 HTTP/1.1" 200 412
116.235.222.38 - - [07/Aug/2021:08:58:59 +0800] "POST /xingrg/kc/buy/cgsh_order_operate.html HTTP/1.1" 200 2065
101.83.145.79 - - [07/Aug/2021:08:59:00 +0800] "GET /xingrg/kc/buy/cgsh_order_operate.html?command=get_materiel&rest_code=00105&code=00101008118&supplier_code=00100203&order_time=2021-08-07 HTTP/1.1" 200 418
222.70.246.151 - - [07/Aug/2021:08:59:02 +0800] "GET /xingrg/all/function/internal_message.html?_=1628297959373&CODE_STATE=getMsg HTTP/1.1" 200 27
222.70.183.193 - - [07/Aug/2021:08:59:02 +0800] "GET /xingrg/kc/buy/cgsh_order_operate.html?command=get_materiel&rest_code=00111&code=00101008197&supplier_code=00100005&order_time=2021-08-07 HTTP/1.1" 200 416
114.83.220.205 - - [07/Aug/2021:08:59:03 +0800] "GET /xingrg/all/function/internal_message.html?_=1628297937886&CODE_STATE=getMsg HTTP/1.1" 200 27
180.169.147.146 - - [07/Aug/2021:08:59:03 +0800] "GET /xingrg/all/function/internal_message.html?_=1628297941385&CODE_STATE=getMsg HTTP/1.1" 200 27
180.174.224.95 - - [07/Aug/2021:08:59:03 +0800] "GET /favicon.ico HTTP/1.1" 404 -
180.174.224.95 - - [07/Aug/2021:08:59:04 +0800] "GET /favicon.ico HTTP/1.1" 404 -
180.174.224.95 - - [07/Aug/2021:08:59:04 +0800] "GET /favicon.ico HTTP/1.1" 404 -
222.70.246.151 - - [07/Aug/2021:08:59:04 +0800] "POST /xingrg/kc/buy/cgsh_list_operate.html HTTP/1.1" 200 5503
180.169.147.146 - - [07/Aug/2021:08:59:04 +0800] "GET /xingrg/all/function/internal_message.html?_=1628297942831&CODE_STATE=getMsg HTTP/1.1" 200 27
180.174.224.95 - - [07/Aug/2021:08:59:05 +0800] "GET /favicon.ico HTTP/1.1" 404 -
117.184.7.26 - - [07/Aug/2021:08:59:05 +0800] "GET /xingrg/all/function/internal_message.html?_=1628297930372&CODE_STATE=getMsg HTTP/1.1" 200 27
222.70.183.193 - - [07/Aug/2021:08:59:05 +0800] "GET /xingrg/check_reg.html?_=1628297973148 HTTP/1.1" 302 -
222.70.183.193 - - [07/Aug/2021:08:59:05 +0800] "GET /xingrg/all/function/internal_message.html?_=1628297973147&CODE_STATE=getMsg HTTP/1.1" 302 -
116.235.222.38 - - [07/Aug/2021:08:59:07 +0800] "GET /xingrg/kc/buy/cgsh_order_operate.html?command=get_materiel&rest_code=00107&code=00101008096&supplier_code=00100006&order_time=2021-08-07 HTTP/1.1" 200 412
114.83.220.205 - - [07/Aug/2021:08:59:07 +0800] "GET /xingrg/images/blue/wait.gif HTTP/1.1" 200 1100
114.83.220.205 - - [07/Aug/2021:08:59:07 +0800] "POST /xingrg/dwr/call/plaincall/AjaxQqpsService.saveOrder.dwr HTTP/1.1" 200 78
116.235.222.38 - - [07/Aug/2021:08:59:08 +0800] "GET /xingrg/all/function/internal_message.html?_=1628297935772&CODE_STATE=getMsg HTTP/1.1" 200 27
222.70.246.151 - - [07/Aug/2021:08:59:11 +0800] "GET /xingrg/all/function/internal_message.html?_=1628297964950&CODE_STATE=getMsg HTTP/1.1" 302 -
222.70.183.193 - - [07/Aug/2021:08:59:12 +0800] "GET /xingrg/kc/buy/cgsh_order_operate.html?command=get_materiel&rest_code=00111&code=00101008357&supplier_code=00100005&order_time=2021-08-07 HTTP/1.1" 200 408
114.83.220.205 - - [07/Aug/2021:08:59:14 +0800] "POST /xingrg/dwr/call/plaincall/AjaxQqpsService.getMaterielByCode.dwr HTTP/1.1" 200 2710
116.230.110.80 - - [07/Aug/2021:08:59:14 +0800] "GET /xingrg/all/function/internal_message.html?_=1628297934691&CODE_STATE=getMsg HTTP/1.1" 200 27
114.86.231.177 - - [07/Aug/2021:08:59:15 +0800] "GET /xingrg/all/function/internal_message.html?_=1628297956692&CODE_STATE=getMsg HTTP/1.1" 200 27
114.83.220.205 - - [07/Aug/2021:08:59:16 +0800] "POST /xingrg/dwr/call/plaincall/AjaxQqpsService.saveMaterielItem.dwr HTTP/1.1" 200 78
101.83.145.79 - - [07/Aug/2021:08:59:17 +0800] "GET /xingrg/kc/buy/cgsh_order_operate.html?command=get_materiel&rest_code=00105&code=00101008201&supplier_code=00100203&order_time=2021-08-07 HTTP/1.1" 200 412
222.70.183.193 - - [07/Aug/2021:08:59:17 +0800] "GET /xingrg/all/function/internal_message.html?_=1628297951053&CODE_STATE=getMsg HTTP/1.1" 200 27
114.83.220.205 - - [07/Aug/2021:08:59:19 +0800] "POST /xingrg/dwr/call/plaincall/AjaxQqpsService.getMaterielByCode.dwr HTTP/1.1" 200 2686
114.83.220.205 - - [07/Aug/2021:08:59:21 +0800] "POST /xingrg/dwr/call/plaincall/AjaxQqpsService.saveMaterielItem.dwr HTTP/1.1" 200 78
101.83.145.79 - - [07/Aug/2021:08:59:22 +0800] "GET /xingrg/all/function/internal_message.html?_=1628297957776&CODE_STATE=getMsg HTTP/1.1" 200 27
222.70.183.193 - - [07/Aug/2021:08:59:23 +0800] "GET /xingrg/kc/buy/cgsh_order_operate.html?command=get_materiel&rest_code=00111&code=00101008069&supplier_code=00100005&order_time=2021-08-07 HTTP/1.1" 200 412
114.88.154.248 - - [07/Aug/2021:08:59:26 +0800] "GET /xingrg/all/function/internal_message.html?_=1628297863774&CODE_STATE=getMsg HTTP/1.1" 200 27
101.83.145.79 - - [07/Aug/2021:08:59:26 +0800] "POST /xingrg/kc/buy/cgsh_order_operate.html HTTP/1.1" 200 2065
114.83.220.205 - - [07/Aug/2021:08:59:28 +0800] "POST /xingrg/dwr/call/plaincall/AjaxQqpsService.getMaterielByCode.dwr HTTP/1.1" 200 2728
114.83.220.205 - - [07/Aug/2021:08:59:31 +0800] "POST /xingrg/dwr/call/plaincall/AjaxQqpsService.saveMaterielItem.dwr HTTP/1.1" 200 78
222.70.246.151 - - [07/Aug/2021:08:59:31 +0800] "GET /xingrg/check_reg.html?_=1628297988140 HTTP/1.1" 200 22
58.40.7.146 - - [07/Aug/2021:08:59:32 +0800] "GET /xingrg/all/function/internal_message.html?_=1628297967355&CODE_STATE=getMsg HTTP/1.1" 200 27
180.156.224.123 - - [07/Aug/2021:08:59:34 +0800] "GET /xingrg/all/function/internal_message.html?_=1628297922413&CODE_STATE=getMsg HTTP/1.1" 200 27
114.83.220.205 - - [07/Aug/2021:08:59:34 +0800] "POST /xingrg/dwr/call/plaincall/AjaxQqpsService.checkOrder.dwr HTTP/1.1" 200 78
114.83.220.205 - - [07/Aug/2021:08:59:35 +0800] "GET /xingrg/kc/mdqp/qqps_order_info.html?code=302021080700145 HTTP/1.1" 200 26644
114.83.220.205 - - [07/Aug/2021:08:59:35 +0800] "GET /xingrg/dwr/interface/AjaxComOrderService.js HTTP/1.1" 200 18264
114.83.220.205 - - [07/Aug/2021:08:59:35 +0800] "GET /xingrg/dwr/interface/AjaxQqpsService.js HTTP/1.1" 200 16326
114.83.220.205 - - [07/Aug/2021:08:59:35 +0800] "GET /xingrg/dwr/engine.js HTTP/1.1" 200 43631
222.70.183.193 - - [07/Aug/2021:08:59:35 +0800] "POST /xingrg/kc/buy/cgsh_order_operate.html HTTP/1.1" 200 2065
114.83.220.205 - - [07/Aug/2021:08:59:36 +0800] "POST /xingrg/dwr/call/plaincall/AjaxQqpsService.loadMaterielItems.dwr HTTP/1.1" 200 971
114.83.220.205 - - [07/Aug/2021:08:59:39 +0800] "GET /xingrg/kc/mdqp/qqps_order_list.html?isBack=1 HTTP/1.1" 200 9677
114.83.220.205 - - [07/Aug/2021:08:59:39 +0800] "GET /xingrg/dwr/interface/AjaxReportQueryService.js HTTP/1.1" 200 13203
114.83.220.205 - - [07/Aug/2021:08:59:39 +0800] "GET /xingrg/dwr/interface/AjaxQqpsService.js HTTP/1.1" 200 16326
114.83.220.205 - - [07/Aug/2021:08:59:39 +0800] "GET /xingrg/dwr/engine.js HTTP/1.1" 200 43631
172.20.0.100 - - [07/Aug/2021:08:59:40 +0800] "GET /xingrg/all/function/internal_message.html?_=1628297976491&CODE_STATE=getMsg HTTP/1.1" 302 -
180.169.147.146 - - [07/Aug/2021:08:59:40 +0800] "GET /xingrg/all/function/internal_message.html?_=1628297975778&CODE_STATE=getMsg HTTP/1.1" 302 -
180.169.147.146 - - [07/Aug/2021:08:59:41 +0800] "GET /xingrg/check_reg.html?_=1628297979156 HTTP/1.1" 200 22
222.70.183.193 - - [07/Aug/2021:08:59:43 +0800] "GET /xingrg/kc/buy/cgsh_order_operate.html?command=get_materiel&rest_code=00111&code=00101008036&supplier_code=00100005&order_time=2021-08-07 HTTP/1.1" 200 408
116.235.222.38 - - [07/Aug/2021:08:59:44 +0800] "GET /xingrg/kc/buy/cgsh_order_operate.html?command=get_materiel&rest_code=00107&code=00101008332&supplier_code=00100006&order_time=2021-08-07 HTTP/1.1" 200 412
101.83.145.79 - - [07/Aug/2021:08:59:45 +0800] "GET /xingrg/kc/buy/cgsh_order_operate.html?command=get_materiel&rest_code=00105&code=00101008357&supplier_code=00100203&order_time=2021-08-07 HTTP/1.1" 200 408
101.83.145.79 - - [07/Aug/2021:08:59:58 +0800] "GET /xingrg/kc/buy/cgsh_order_operate.html?command=get_materiel&rest_code=00105&code=00101008169&supplier_code=00100203&order_time=2021-08-07 HTTP/1.1" 200 412
116.235.222.38 - - [07/Aug/2021:09:00:00 +0800] "POST /xingrg/kc/buy/cgsh_order_operate.html HTTP/1.1" 200 2065
222.70.183.193 - - [07/Aug/2021:09:00:00 +0800] "GET /xingrg/kc/buy/cgsh_order_operate.html?command=get_materiel&rest_code=00111&code=00101008318&supplier_code=00100005&order_time=2021-08-07 HTTP/1.1" 200 408
222.70.246.151 - - [07/Aug/2021:09:00:02 +0800] "GET /xingrg/all/function/internal_message.html?_=1628298019381&CODE_STATE=getMsg HTTP/1.1" 200 27
114.83.220.205 - - [07/Aug/2021:09:00:03 +0800] "GET /xingrg/all/function/internal_message.html?_=1628297997890&CODE_STATE=getMsg HTTP/1.1" 200 27
180.169.147.146 - - [07/Aug/2021:09:00:03 +0800] "GET /xingrg/all/function/internal_message.html?_=1628298001408&CODE_STATE=getMsg HTTP/1.1" 200 27
180.169.147.146 - - [07/Aug/2021:09:00:04 +0800] "GET /xingrg/all/function/internal_message.html?_=1628298002834&CODE_STATE=getMsg HTTP/1.1" 200 27
117.184.7.26 - - [07/Aug/2021:09:00:05 +0800] "GET /xingrg/all/function/internal_message.html?_=1628297990356&CODE_STATE=getMsg HTTP/1.1" 200 27
222.70.183.193 - - [07/Aug/2021:09:00:05 +0800] "GET /xingrg/all/function/internal_message.html?_=1628298033146&CODE_STATE=getMsg HTTP/1.1" 302 -
101.83.145.79 - - [07/Aug/2021:09:00:05 +0800] "GET /xingrg/kc/buy/cgsh_order_operate.html?command=get_materiel&rest_code=00105&code=00101008098&supplier_code=00100203&order_time=2021-08-07 HTTP/1.1" 200 412
116.235.222.38 - - [07/Aug/2021:09:00:08 +0800] "GET /xingrg/all/function/internal_message.html?_=1628297995753&CODE_STATE=getMsg HTTP/1.1" 200 27
222.70.183.193 - - [07/Aug/2021:09:00:09 +0800] "GET /xingrg/kc/buy/cgsh_order_operate.html?command=get_materiel&rest_code=00111&code=00101008098&supplier_code=00100005&order_time=2021-08-07 HTTP/1.1" 200 412
116.235.222.38 - - [07/Aug/2021:09:00:10 +0800] "GET /xingrg/kc/buy/cgsh_order_operate.html?command=get_materiel&rest_code=00107&code=00101008361&supplier_code=00100006&order_time=2021-08-07 HTTP/1.1" 200 408
222.70.246.151 - - [07/Aug/2021:09:00:11 +0800] "GET /xingrg/all/function/internal_message.html?_=1628298024963&CODE_STATE=getMsg HTTP/1.1" 302 -
116.230.110.80 - - [07/Aug/2021:09:00:14 +0800] "GET /xingrg/all/function/internal_message.html?_=1628297994686&CODE_STATE=getMsg HTTP/1.1" 200 27
114.86.231.177 - - [07/Aug/2021:09:00:15 +0800] "GET /xingrg/all/function/internal_message.html?_=1628298016699&CODE_STATE=getMsg HTTP/1.1" 200 27
222.70.183.193 - - [07/Aug/2021:09:00:17 +0800] "GET /xingrg/kc/buy/cgsh_order_operate.html?command=get_materiel&rest_code=00111&code=00101008271&supplier_code=00100005&order_time=2021-08-07 HTTP/1.1" 200 408
222.70.183.193 - - [07/Aug/2021:09:00:17 +0800] "GET /xingrg/all/function/internal_message.html?_=1628298011028&CODE_STATE=getMsg HTTP/1.1" 200 27
101.83.145.79 - - [07/Aug/2021:09:00:22 +0800] "GET /xingrg/all/function/internal_message.html?_=1628298017936&CODE_STATE=getMsg HTTP/1.1" 200 27
116.235.222.38 - - [07/Aug/2021:09:00:23 +0800] "GET /xingrg/kc/buy/cgsh_order_operate.html?command=get_materiel&rest_code=00107&code=00101008004&supplier_code=00100006&order_time=2021-08-07 HTTP/1.1" 200 416
222.70.183.193 - - [07/Aug/2021:09:00:24 +0800] "POST /xingrg/kc/buy/cgsh_order_operate.html HTTP/1.1" 200 2065
114.88.154.248 - - [07/Aug/2021:09:00:26 +0800] "GET /xingrg/all/function/internal_message.html?_=1628297923772&CODE_STATE=getMsg HTTP/1.1" 200 27
101.83.145.79 - - [07/Aug/2021:09:00:28 +0800] "GET /xingrg/kc/buy/cgsh_order_operate.html?command=get_materiel&rest_code=00105&code=00101010136&supplier_code=00100203&order_time=2021-08-07 HTTP/1.1" 200 408
58.40.7.146 - - [07/Aug/2021:09:00:32 +0800] "GET /xingrg/all/function/internal_message.html?_=1628298027341&CODE_STATE=getMsg HTTP/1.1" 200 27
116.235.222.38 - - [07/Aug/2021:09:00:34 +0800] "GET /xingrg/kc/buy/cgsh_order_operate.html?command=get_materiel&rest_code=00107&code=00101008144&supplier_code=00100006&order_time=2021-08-07 HTTP/1.1" 200 412
180.156.224.123 - - [07/Aug/2021:09:00:34 +0800] "GET /xingrg/all/function/internal_message.html?_=1628297982548&CODE_STATE=getMsg HTTP/1.1" 200 27
101.83.145.79 - - [07/Aug/2021:09:00:38 +0800] "POST /xingrg/kc/buy/cgsh_order_operate.html HTTP/1.1" 200 37
101.83.145.79 - - [07/Aug/2021:09:00:40 +0800] "POST /xingrg/kc/buy/cgsh_order_operate.html HTTP/1.1" 200 62348
172.20.0.100 - - [07/Aug/2021:09:00:40 +0800] "GET /xingrg/all/function/internal_message.html?_=1628298036465&CODE_STATE=getMsg HTTP/1.1" 302 -
180.169.147.146 - - [07/Aug/2021:09:00:45 +0800] "GET /xingrg/check_reg.html?_=1628298043394 HTTP/1.1" 200 22
222.70.183.193 - - [07/Aug/2021:09:00:52 +0800] "GET /xingrg/kc/buy/cgsh_order_operate.html?command=get_materiel&rest_code=00111&code=00101008312&supplier_code=00100005&order_time=2021-08-07 HTTP/1.1" 200 412
116.235.222.38 - - [07/Aug/2021:09:01:02 +0800] "GET /xingrg/kc/buy/cgsh_order_operate.html?command=get_materiel&rest_code=00107&code=00101008084&supplier_code=00100006&order_time=2021-08-07 HTTP/1.1" 200 412
222.70.246.151 - - [07/Aug/2021:09:01:02 +0800] "GET /xingrg/all/function/internal_message.html?_=1628298079395&CODE_STATE=getMsg HTTP/1.1" 200 27
114.83.220.205 - - [07/Aug/2021:09:01:03 +0800] "GET /xingrg/all/function/internal_message.html?_=1628298057890&CODE_STATE=getMsg HTTP/1.1" 200 27
180.169.147.146 - - [07/Aug/2021:09:01:03 +0800] "GET /xingrg/all/function/internal_message.html?_=1628298061413&CODE_STATE=getMsg HTTP/1.1" 200 27
180.169.147.146 - - [07/Aug/2021:09:01:04 +0800] "GET /xingrg/all/function/internal_message.html?_=1628298062848&CODE_STATE=getMsg HTTP/1.1" 200 27
222.70.183.193 - - [07/Aug/2021:09:01:05 +0800] "GET /xingrg/kc/buy/cgsh_order_operate.html?command=get_materiel&rest_code=00111&code=00101008150&supplier_code=00100005&order_time=2021-08-07 HTTP/1.1" 200 409
117.184.7.26 - - [07/Aug/2021:09:01:05 +0800] "GET /xingrg/all/function/internal_message.html?_=1628298050340&CODE_STATE=getMsg HTTP/1.1" 200 27
222.70.183.193 - - [07/Aug/2021:09:01:05 +0800] "GET /xingrg/all/function/internal_message.html?_=1628298093145&CODE_STATE=getMsg HTTP/1.1" 302 -
116.235.222.38 - - [07/Aug/2021:09:01:09 +0800] "GET /xingrg/all/function/internal_message.html?_=1628298055736&CODE_STATE=getMsg HTTP/1.1" 200 27
114.83.220.205 - - [07/Aug/2021:09:01:10 +0800] "GET /xingrg/javascript/jquery_easy_ui/themes/default/images/tabs_active.png HTTP/1.1" 200 2894
222.70.246.151 - - [07/Aug/2021:09:01:11 +0800] "GET /xingrg/all/function/internal_message.html?_=1628298084993&CODE_STATE=getMsg HTTP/1.1" 302 -
116.235.222.38 - - [07/Aug/2021:09:01:13 +0800] "GET /xingrg/kc/buy/cgsh_order_operate.html?command=get_materiel&rest_code=00107&code=00101008175&supplier_code=00100006&order_time=2021-08-07 HTTP/1.1" 200 412
114.83.220.205 - - [07/Aug/2021:09:01:14 +0800] "GET /xingrg/kc/buy/cgsh_order_list.html HTTP/1.1" 200 47411
222.70.183.193 - - [07/Aug/2021:09:01:14 +0800] "GET /xingrg/kc/buy/cgsh_order_operate.html?command=get_materiel&rest_code=00111&code=00101008010&supplier_code=00100005&order_time=2021-08-07 HTTP/1.1" 200 412
114.83.220.205 - - [07/Aug/2021:09:01:14 +0800] "POST /xingrg/kc/buy/cgsh_list_operate.html HTTP/1.1" 200 876
116.230.110.80 - - [07/Aug/2021:09:01:14 +0800] "GET /xingrg/all/function/internal_message.html?_=1628298054684&CODE_STATE=getMsg HTTP/1.1" 200 27
114.86.231.177 - - [07/Aug/2021:09:01:15 +0800] "GET /xingrg/all/function/internal_message.html?_=1628298076698&CODE_STATE=getMsg HTTP/1.1" 200 27
222.70.246.151 - - [07/Aug/2021:09:01:16 +0800] "GET /xingrg/check_reg.html?_=1628298090000 HTTP/1.1" 302 -
114.83.220.205 - - [07/Aug/2021:09:01:16 +0800] "GET /xingrg/kc/buy/cgsh_order_add.html HTTP/1.1" 200 63196
114.83.220.205 - - [07/Aug/2021:09:01:16 +0800] "POST /xingrg/kc/buy/cgsh_order_operate.html HTTP/1.1" 200 8245
114.83.220.205 - - [07/Aug/2021:09:01:17 +0800] "GET /xingrg/javascript/easyui/themes/default/validatebox.css HTTP/1.1" 404 1104
222.70.183.193 - - [07/Aug/2021:09:01:17 +0800] "POST /xingrg/kc/buy/cgsh_order_operate.html HTTP/1.1" 200 2065
222.70.183.193 - - [07/Aug/2021:09:01:17 +0800] "GET /xingrg/check_reg.html?_=1628298070985 HTTP/1.1" 200 22
222.70.183.193 - - [07/Aug/2021:09:01:17 +0800] "GET /xingrg/all/function/internal_message.html?_=1628298071004&CODE_STATE=getMsg HTTP/1.1" 200 27
101.83.145.79 - - [07/Aug/2021:09:01:22 +0800] "GET /xingrg/check_reg.html?_=1628298078003 HTTP/1.1" 200 22
101.83.145.79 - - [07/Aug/2021:09:01:22 +0800] "GET /xingrg/all/function/internal_message.html?_=1628298078002&CODE_STATE=getMsg HTTP/1.1" 200 27
117.184.7.26 - - [07/Aug/2021:09:01:25 +0800] "GET /xingrg/check_reg.html?_=1628298069844 HTTP/1.1" 200 22
222.70.183.193 - - [07/Aug/2021:09:01:25 +0800] "GET /xingrg/kc/buy/cgsh_order_operate.html?command=get_materiel&rest_code=00111&code=00101008085&supplier_code=00100005&order_time=2021-08-07 HTTP/1.1" 200 412
114.88.154.248 - - [07/Aug/2021:09:01:26 +0800] "GET /xingrg/all/function/internal_message.html?_=1628297983770&CODE_STATE=getMsg HTTP/1.1" 200 27
58.40.7.146 - - [07/Aug/2021:09:01:32 +0800] "GET /xingrg/all/function/internal_message.html?_=1628298087345&CODE_STATE=getMsg HTTP/1.1" 200 27
116.235.222.38 - - [07/Aug/2021:09:01:32 +0800] "GET /xingrg/kc/buy/cgsh_order_operate.html?command=get_materiel&rest_code=00107&code=00101015062&supplier_code=00100006&order_time=2021-08-07 HTTP/1.1" 200 412
222.70.183.193 - - [07/Aug/2021:09:01:34 +0800] "GET /xingrg/kc/buy/cgsh_order_operate.html?command=get_materiel&rest_code=00111&code=00101008198&supplier_code=00100005&order_time=2021-08-07 HTTP/1.1" 200 413
180.156.224.123 - - [07/Aug/2021:09:01:34 +0800] "GET /xingrg/all/function/internal_message.html?_=1628298042549&CODE_STATE=getMsg HTTP/1.1" 200 27
116.235.222.38 - - [07/Aug/2021:09:01:36 +0800] "POST /xingrg/kc/buy/cgsh_order_operate.html HTTP/1.1" 200 2065
172.20.0.100 - - [07/Aug/2021:09:01:40 +0800] "GET /xingrg/all/function/internal_message.html?_=1628298096437&CODE_STATE=getMsg HTTP/1.1" 302 -
172.20.0.100 - - [07/Aug/2021:09:01:40 +0800] "GET /xingrg/check_reg.html?_=1628298096548 HTTP/1.1" 302 -
222.70.183.193 - - [07/Aug/2021:09:01:42 +0800] "GET /xingrg/kc/buy/cgsh_order_operate.html?command=get_materiel&rest_code=00111&code=00101008101&supplier_code=00100005&order_time=2021-08-07 HTTP/1.1" 200 412
116.235.222.38 - - [07/Aug/2021:09:01:44 +0800] "GET /xingrg/kc/buy/cgsh_order_operate.html?command=get_materiel&rest_code=00107&code=00101008350&supplier_code=00100006&order_time=2021-08-07 HTTP/1.1" 200 408
222.70.183.193 - - [07/Aug/2021:09:01:53 +0800] "GET /xingrg/kc/buy/cgsh_order_operate.html?command=get_materiel&rest_code=00111&code=00101008350&supplier_code=00100005&order_time=2021-08-07 HTTP/1.1" 200 408
116.235.222.38 - - [07/Aug/2021:09:01:59 +0800] "GET /xingrg/kc/buy/cgsh_order_operate.html?command=get_materiel&rest_code=00107&code=00101015014&supplier_code=00100006&order_time=2021-08-07 HTTP/1.1" 200 412
114.83.220.205 - - [07/Aug/2021:09:02:01 +0800] "GET /xingrg/kc/buy/cgsh_order_operate.html?command=get_materiel&rest_code=00149&code=00101007061&supplier_code=00100205&order_time=2021-08-07 HTTP/1.1" 200 411
222.70.246.151 - - [07/Aug/2021:09:02:03 +0800] "GET /xingrg/all/function/internal_message.html?_=1628298139833&CODE_STATE=getMsg HTTP/1.1" 200 27
114.83.220.205 - - [07/Aug/2021:09:02:03 +0800] "GET /xingrg/all/function/internal_message.html?_=1628298117900&CODE_STATE=getMsg HTTP/1.1" 200 27
180.169.147.146 - - [07/Aug/2021:09:02:03 +0800] "GET /xingrg/all/function/internal_message.html?_=1628298121427&CODE_STATE=getMsg HTTP/1.1" 200 27
180.169.147.146 - - [07/Aug/2021:09:02:04 +0800] "GET /xingrg/all/function/internal_message.html?_=1628298122870&CODE_STATE=getMsg HTTP/1.1" 200 27
117.184.7.26 - - [07/Aug/2021:09:02:05 +0800] "GET /xingrg/all/function/internal_message.html?_=1628298110312&CODE_STATE=getMsg HTTP/1.1" 200 27
222.70.183.193 - - [07/Aug/2021:09:02:05 +0800] "GET /xingrg/all/function/internal_message.html?_=1628298153144&CODE_STATE=getMsg HTTP/1.1" 302 -
222.70.183.193 - - [07/Aug/2021:09:02:08 +0800] "GET /xingrg/kc/buy/cgsh_order_operate.html?command=get_materiel&rest_code=00111&code=00101008209&supplier_code=00100005&order_time=2021-08-07 HTTP/1.1" 200 410
116.235.222.38 - - [07/Aug/2021:09:02:09 +0800] "GET /xingrg/all/function/internal_message.html?_=1628298115830&CODE_STATE=getMsg HTTP/1.1" 200 27
114.83.220.205 - - [07/Aug/2021:09:02:11 +0800] "GET /xingrg/kc/buy/cgsh_order_operate.html?command=get_materiel&rest_code=00149&code=00101007059&supplier_code=00100205&order_time=2021-08-07 HTTP/1.1" 200 411
222.70.246.151 - - [07/Aug/2021:09:02:11 +0800] "GET /xingrg/all/function/internal_message.html?_=1628298145020&CODE_STATE=getMsg HTTP/1.1" 302 -
116.230.110.80 - - [07/Aug/2021:09:02:14 +0800] "GET /xingrg/all/function/internal_message.html?_=1628298114690&CODE_STATE=getMsg HTTP/1.1" 200 27
116.230.110.80 - - [07/Aug/2021:09:02:14 +0800] "GET /xingrg/check_reg.html?_=1628298114692 HTTP/1.1" 200 22
114.86.231.177 - - [07/Aug/2021:09:02:15 +0800] "GET /xingrg/all/function/internal_message.html?_=1628298136700&CODE_STATE=getMsg HTTP/1.1" 200 27
114.86.231.177 - - [07/Aug/2021:09:02:15 +0800] "GET /xingrg/check_reg.html?_=1628298136704 HTTP/1.1" 200 22
222.70.183.193 - - [07/Aug/2021:09:02:17 +0800] "GET /xingrg/all/function/internal_message.html?_=1628298130979&CODE_STATE=getMsg HTTP/1.1" 200 27
114.83.220.205 - - [07/Aug/2021:09:02:22 +0800] "POST /xingrg/kc/buy/cgsh_order_operate.html HTTP/1.1" 200 37
101.83.145.79 - - [07/Aug/2021:09:02:22 +0800] "GET /xingrg/all/function/internal_message.html?_=1628298137970&CODE_STATE=getMsg HTTP/1.1" 200 27
114.88.154.248 - - [07/Aug/2021:09:02:26 +0800] "GET /xingrg/all/function/internal_message.html?_=1628298043768&CODE_STATE=getMsg HTTP/1.1" 200 27
114.88.154.248 - - [07/Aug/2021:09:02:26 +0800] "GET /xingrg/check_reg.html?_=1628298043769 HTTP/1.1" 200 22
114.83.220.205 - - [07/Aug/2021:09:02:26 +0800] "POST /xingrg/kc/buy/cgsh_order_operate.html HTTP/1.1" 200 12
222.70.183.193 - - [07/Aug/2021:09:02:27 +0800] "POST /xingrg/kc/buy/cgsh_order_operate.html HTTP/1.1" 200 2065
114.83.220.205 - - [07/Aug/2021:09:02:29 +0800] "GET /xingrg/kc/buy/cgsh_order_info.html?code=212021080702862 HTTP/1.1" 200 58103
114.83.220.205 - - [07/Aug/2021:09:02:29 +0800] "GET /xingrg/javascript/easyui/themes/default/validatebox.css HTTP/1.1" 404 1104
114.83.220.205 - - [07/Aug/2021:09:02:30 +0800] "POST /xingrg/kc/buy/cgsh_order_operate.html HTTP/1.1" 200 1192
58.221.95.50 - - [07/Aug/2021:09:02:32 +0800] "GET /xingrg/check_reg.html?_=1628298147548 HTTP/1.1" 302 -
58.40.7.146 - - [07/Aug/2021:09:02:32 +0800] "GET /xingrg/all/function/internal_message.html?_=1628298147347&CODE_STATE=getMsg HTTP/1.1" 200 27
58.40.7.146 - - [07/Aug/2021:09:02:32 +0800] "GET /xingrg/check_reg.html?_=1628298147347 HTTP/1.1" 200 22
114.83.220.205 - - [07/Aug/2021:09:02:33 +0800] "GET /xingrg/kc/print/load_data.html?order_code=212021080702862&kc_code=cgsh&condition= HTTP/1.1" 200 915
180.156.224.123 - - [07/Aug/2021:09:02:34 +0800] "GET /xingrg/check_reg.html?_=1628298101847 HTTP/1.1" 200 22
222.70.183.193 - - [07/Aug/2021:09:02:34 +0800] "GET /xingrg/kc/buy/cgsh_order_operate.html?command=get_materiel&rest_code=00111&code=00101008212&supplier_code=00100005&order_time=2021-08-07 HTTP/1.1" 200 412
180.156.224.123 - - [07/Aug/2021:09:02:34 +0800] "GET /xingrg/all/function/internal_message.html?_=1628298102562&CODE_STATE=getMsg HTTP/1.1" 200 27
116.235.222.38 - - [07/Aug/2021:09:02:37 +0800] "GET /xingrg/kc/buy/cgsh_order_operate.html?command=get_materiel&rest_code=00107&code=00101009013&supplier_code=00100006&order_time=2021-08-07 HTTP/1.1" 200 420
172.20.0.100 - - [07/Aug/2021:09:02:40 +0800] "GET /xingrg/all/function/internal_message.html?_=1628298156410&CODE_STATE=getMsg HTTP/1.1" 302 -
116.235.222.38 - - [07/Aug/2021:09:02:53 +0800] "GET /xingrg/kc/buy/cgsh_order_operate.html?command=get_materiel&rest_code=00107&code=00101009016&supplier_code=00100006&order_time=2021-08-07 HTTP/1.1" 200 414
116.235.222.38 - - [07/Aug/2021:09:02:59 +0800] "POST /xingrg/kc/buy/cgsh_order_operate.html HTTP/1.1" 200 2065
117.184.7.26 - - [07/Aug/2021:09:03:00 +0800] "POST /xingrg/dwr/call/plaincall/AjaxQqpsService.saveOrder.dwr HTTP/1.1" 200 78
117.184.7.26 - - [07/Aug/2021:09:03:02 +0800] "GET /xingrg/javascript/auto/indicator.gif HTTP/1.1" 404 1066
222.70.246.151 - - [07/Aug/2021:09:03:03 +0800] "GET /xingrg/all/function/internal_message.html?_=1628298199844&CODE_STATE=getMsg HTTP/1.1" 200 27
114.83.220.205 - - [07/Aug/2021:09:03:03 +0800] "GET /xingrg/all/function/internal_message.html?_=1628298177900&CODE_STATE=getMsg HTTP/1.1" 200 27
114.83.220.205 - - [07/Aug/2021:09:03:03 +0800] "GET /xingrg/check_reg.html?_=1628298177903 HTTP/1.1" 200 22
180.169.147.146 - - [07/Aug/2021:09:03:03 +0800] "GET /xingrg/all/function/internal_message.html?_=1628298181447&CODE_STATE=getMsg HTTP/1.1" 200 27
117.184.7.26 - - [07/Aug/2021:09:03:03 +0800] "POST /xingrg/dwr/call/plaincall/AjaxQqpsService.getMaterielByCode.dwr HTTP/1.1" 200 2782
180.169.147.146 - - [07/Aug/2021:09:03:04 +0800] "GET /xingrg/all/function/internal_message.html?_=1628298182876&CODE_STATE=getMsg HTTP/1.1" 200 27
222.70.183.193 - - [07/Aug/2021:09:03:05 +0800] "GET /xingrg/all/function/internal_message.html?_=1628298213145&CODE_STATE=getMsg HTTP/1.1" 302 -
117.184.7.26 - - [07/Aug/2021:09:03:05 +0800] "GET /xingrg/all/function/internal_message.html?_=1628298170557&CODE_STATE=getMsg HTTP/1.1" 200 27
116.235.222.38 - - [07/Aug/2021:09:03:08 +0800] "GET /xingrg/check_reg.html?_=1628298175678 HTTP/1.1" 200 22
116.235.222.38 - - [07/Aug/2021:09:03:08 +0800] "GET /xingrg/all/function/internal_message.html?_=1628298175813&CODE_STATE=getMsg HTTP/1.1" 200 27
222.70.246.151 - - [07/Aug/2021:09:03:11 +0800] "GET /xingrg/all/function/internal_message.html?_=1628298205035&CODE_STATE=getMsg HTTP/1.1" 302 -
117.184.7.26 - - [07/Aug/2021:09:03:11 +0800] "POST /xingrg/dwr/call/plaincall/AjaxQqpsService.saveMaterielItem.dwr HTTP/1.1" 200 78
116.230.110.80 - - [07/Aug/2021:09:03:14 +0800] "GET /xingrg/all/function/internal_message.html?_=1628298174690&CODE_STATE=getMsg HTTP/1.1" 200 27
117.184.7.26 - - [07/Aug/2021:09:03:15 +0800] "POST /xingrg/dwr/call/plaincall/AjaxQqpsService.getMaterielByCode.dwr HTTP/1.1" 200 2702
114.86.231.177 - - [07/Aug/2021:09:03:15 +0800] "GET /xingrg/all/function/internal_message.html?_=1628298196703&CODE_STATE=getMsg HTTP/1.1" 200 27
117.184.7.26 - - [07/Aug/2021:09:03:17 +0800] "POST /xingrg/dwr/call/plaincall/AjaxQqpsService.saveMaterielItem.dwr HTTP/1.1" 200 78
222.70.183.193 - - [07/Aug/2021:09:03:17 +0800] "GET /xingrg/all/function/internal_message.html?_=1628298190981&CODE_STATE=getMsg HTTP/1.1" 200 27
101.83.145.79 - - [07/Aug/2021:09:03:22 +0800] "GET /xingrg/all/function/internal_message.html?_=1628298197786&CODE_STATE=getMsg HTTP/1.1" 200 27
116.235.222.38 - - [07/Aug/2021:09:03:25 +0800] "GET /xingrg/kc/buy/cgsh_order_operate.html?command=get_materiel&rest_code=00107&code=00101008041&supplier_code=00100006&order_time=2021-08-07 HTTP/1.1" 200 408
114.88.154.248 - - [07/Aug/2021:09:03:26 +0800] "GET /xingrg/all/function/internal_message.html?_=1628298103768&CODE_STATE=getMsg HTTP/1.1" 200 27
222.70.183.193 - - [07/Aug/2021:09:03:26 +0800] "GET /xingrg/kc/buy/cgsh_order_operate.html?command=get_materiel&rest_code=00111&code=00101008301&supplier_code=00100005&order_time=2021-08-07 HTTP/1.1" 200 422
117.184.7.26 - - [07/Aug/2021:09:03:28 +0800] "GET /xingrg/kc/mdqp/qqps_order_list.html?isBack=1 HTTP/1.1" 200 9649
117.184.7.26 - - [07/Aug/2021:09:03:28 +0800] "GET /xingrg/dwr/interface/AjaxQqpsService.js HTTP/1.1" 200 16326
117.184.7.26 - - [07/Aug/2021:09:03:29 +0800] "GET /xingrg/dwr/interface/AjaxReportQueryService.js HTTP/1.1" 200 13203
117.184.7.26 - - [07/Aug/2021:09:03:29 +0800] "GET /xingrg/dwr/engine.js HTTP/1.1" 200 43631
117.184.7.26 - - [07/Aug/2021:09:03:31 +0800] "GET /xingrg/kc/mdqp/qqps_order_list.html?isQuery=1&timeSelect=1&orderTime=day&startTime=2021-08-05&endTime=2021-08-07&state=all&query=%C8%B7++%B6%A8 HTTP/1.1" 200 11363
117.184.7.26 - - [07/Aug/2021:09:03:31 +0800] "GET /xingrg/dwr/interface/AjaxReportQueryService.js HTTP/1.1" 200 13203
117.184.7.26 - - [07/Aug/2021:09:03:31 +0800] "GET /xingrg/dwr/interface/AjaxQqpsService.js HTTP/1.1" 200 16326
117.184.7.26 - - [07/Aug/2021:09:03:31 +0800] "GET /xingrg/dwr/engine.js HTTP/1.1" 200 43631
58.40.7.146 - - [07/Aug/2021:09:03:32 +0800] "GET /xingrg/all/function/internal_message.html?_=1628298207349&CODE_STATE=getMsg HTTP/1.1" 200 27
117.184.7.26 - - [07/Aug/2021:09:03:34 +0800] "GET /xingrg/kc/mdqp/qqps_order_info.html?code=302021080500106 HTTP/1.1" 200 26478
117.184.7.26 - - [07/Aug/2021:09:03:34 +0800] "GET /xingrg/dwr/interface/AjaxComOrderService.js HTTP/1.1" 200 18264
117.184.7.26 - - [07/Aug/2021:09:03:34 +0800] "GET /xingrg/dwr/interface/AjaxQqpsService.js HTTP/1.1" 200 16326
117.184.7.26 - - [07/Aug/2021:09:03:34 +0800] "GET /xingrg/dwr/engine.js HTTP/1.1" 200 43631
180.156.224.123 - - [07/Aug/2021:09:03:34 +0800] "GET /xingrg/all/function/internal_message.html?_=1628298162576&CODE_STATE=getMsg HTTP/1.1" 200 27
117.184.7.26 - - [07/Aug/2021:09:03:36 +0800] "POST /xingrg/dwr/call/plaincall/AjaxQqpsService.loadMaterielItems.dwr HTTP/1.1" 200 3486
116.235.222.38 - - [07/Aug/2021:09:03:38 +0800] "GET /xingrg/kc/buy/cgsh_order_operate.html?command=get_materiel&rest_code=00107&code=00101008236&supplier_code=00100006&order_time=2021-08-07 HTTP/1.1" 200 416
117.184.7.26 - - [07/Aug/2021:09:03:38 +0800] "GET /xingrg/kc/mdqp/qqps_order_list.html?isBack=1 HTTP/1.1" 302 -
117.184.7.26 - - [07/Aug/2021:09:03:38 +0800] "GET /xingrg/kc/mdqp/qqps_order_list.html?isQuery=1&timeSelect=1&orderTime=day&startTime=2021-08-05&endTime=2021-08-07&state=all&query=%C8%B7++%B6%A8 HTTP/1.1" 200 11363
117.184.7.26 - - [07/Aug/2021:09:03:38 +0800] "GET /xingrg/dwr/interface/AjaxQqpsService.js HTTP/1.1" 200 16326
117.184.7.26 - - [07/Aug/2021:09:03:38 +0800] "GET /xingrg/dwr/interface/AjaxReportQueryService.js HTTP/1.1" 200 13203
117.184.7.26 - - [07/Aug/2021:09:03:38 +0800] "GET /xingrg/dwr/engine.js HTTP/1.1" 200 43631
117.184.7.26 - - [07/Aug/2021:09:03:40 +0800] "GET /xingrg/kc/mdqp/qqps_order_info.html?code=302021080700144 HTTP/1.1" 200 28239
117.184.7.26 - - [07/Aug/2021:09:03:40 +0800] "GET /xingrg/dwr/interface/AjaxComOrderService.js HTTP/1.1" 200 18264
117.184.7.26 - - [07/Aug/2021:09:03:40 +0800] "GET /xingrg/dwr/interface/AjaxQqpsService.js HTTP/1.1" 200 16326
117.184.7.26 - - [07/Aug/2021:09:03:40 +0800] "GET /xingrg/dwr/engine.js HTTP/1.1" 200 43631
172.20.0.100 - - [07/Aug/2021:09:03:40 +0800] "GET /xingrg/all/function/internal_message.html?_=1628298216380&CODE_STATE=getMsg HTTP/1.1" 302 -
117.184.7.26 - - [07/Aug/2021:09:03:41 +0800] "POST /xingrg/dwr/call/plaincall/AjaxQqpsService.loadMaterielItems.dwr HTTP/1.1" 200 717
117.184.7.26 - - [07/Aug/2021:09:03:43 +0800] "POST /xingrg/dwr/call/plaincall/AjaxQqpsService.checkOrder.dwr HTTP/1.1" 200 78
117.184.7.26 - - [07/Aug/2021:09:03:44 +0800] "GET /xingrg/kc/mdqp/qqps_order_info.html?code=302021080700144 HTTP/1.1" 200 26478
117.184.7.26 - - [07/Aug/2021:09:03:44 +0800] "GET /xingrg/dwr/interface/AjaxComOrderService.js HTTP/1.1" 200 18264
117.184.7.26 - - [07/Aug/2021:09:03:44 +0800] "GET /xingrg/dwr/interface/AjaxQqpsService.js HTTP/1.1" 200 16326
117.184.7.26 - - [07/Aug/2021:09:03:44 +0800] "GET /xingrg/dwr/engine.js HTTP/1.1" 200 43631
117.184.7.26 - - [07/Aug/2021:09:03:45 +0800] "POST /xingrg/dwr/call/plaincall/AjaxQqpsService.loadMaterielItems.dwr HTTP/1.1" 200 717
116.235.222.38 - - [07/Aug/2021:09:03:51 +0800] "GET /xingrg/kc/buy/cgsh_order_operate.html?command=get_materiel&rest_code=00107&code=00101008314&supplier_code=00100006&order_time=2021-08-07 HTTP/1.1" 200 413
222.70.183.193 - - [07/Aug/2021:09:04:02 +0800] "GET /xingrg/kc/buy/cgsh_order_operate.html?command=get_materiel&rest_code=00111&code=00101008290&supplier_code=00100005&order_time=2021-08-07 HTTP/1.1" 200 416
116.235.222.38 - - [07/Aug/2021:09:04:02 +0800] "GET /xingrg/kc/buy/cgsh_order_operate.html?command=get_materiel&rest_code=00107&code=00101015066&supplier_code=00100006&order_time=2021-08-07 HTTP/1.1" 200 413
114.83.220.205 - - [07/Aug/2021:09:04:03 +0800] "GET /xingrg/all/function/internal_message.html?_=1628298237904&CODE_STATE=getMsg HTTP/1.1" 200 27
180.169.147.146 - - [07/Aug/2021:09:04:03 +0800] "GET /xingrg/all/function/internal_message.html?_=1628298241454&CODE_STATE=getMsg HTTP/1.1" 200 27
222.70.246.151 - - [07/Aug/2021:09:04:03 +0800] "GET /xingrg/all/function/internal_message.html?_=1628298260252&CODE_STATE=getMsg HTTP/1.1" 200 27
180.169.147.146 - - [07/Aug/2021:09:04:04 +0800] "GET /xingrg/all/function/internal_message.html?_=1628298242899&CODE_STATE=getMsg HTTP/1.1" 200 27
222.70.183.193 - - [07/Aug/2021:09:04:05 +0800] "GET /xingrg/all/function/internal_message.html?_=1628298273145&CODE_STATE=getMsg HTTP/1.1" 302 -
222.70.183.193 - - [07/Aug/2021:09:04:05 +0800] "GET /xingrg/check_reg.html?_=1628298273146 HTTP/1.1" 302 -
117.184.7.26 - - [07/Aug/2021:09:04:05 +0800] "GET /xingrg/all/function/internal_message.html?_=1628298230537&CODE_STATE=getMsg HTTP/1.1" 200 27
116.235.222.38 - - [07/Aug/2021:09:04:08 +0800] "GET /xingrg/all/function/internal_message.html?_=1628298235789&CODE_STATE=getMsg HTTP/1.1" 200 27
222.70.183.193 - - [07/Aug/2021:09:04:11 +0800] "GET /xingrg/kc/buy/cgsh_order_operate.html?command=get_materiel&rest_code=00111&code=00101008168&supplier_code=00100005&order_time=2021-08-07 HTTP/1.1" 200 413
222.70.246.151 - - [07/Aug/2021:09:04:11 +0800] "GET /xingrg/all/function/internal_message.html?_=1628298265065&CODE_STATE=getMsg HTTP/1.1" 302 -
222.70.183.193 - - [07/Aug/2021:09:04:14 +0800] "POST /xingrg/kc/buy/cgsh_order_operate.html HTTP/1.1" 200 2065
116.230.110.80 - - [07/Aug/2021:09:04:14 +0800] "GET /xingrg/all/function/internal_message.html?_=1628298234691&CODE_STATE=getMsg HTTP/1.1" 200 27
114.86.231.177 - - [07/Aug/2021:09:04:15 +0800] "GET /xingrg/all/function/internal_message.html?_=1628298256706&CODE_STATE=getMsg HTTP/1.1" 200 27
116.235.222.38 - - [07/Aug/2021:09:04:15 +0800] "GET /xingrg/kc/buy/cgsh_order_operate.html?command=get_materiel&rest_code=00107&code=00101008123&supplier_code=00100006&order_time=2021-08-07 HTTP/1.1" 200 413
222.70.183.193 - - [07/Aug/2021:09:04:17 +0800] "GET /xingrg/all/function/internal_message.html?_=1628298250973&CODE_STATE=getMsg HTTP/1.1" 200 27
116.235.222.38 - - [07/Aug/2021:09:04:18 +0800] "POST /xingrg/kc/buy/cgsh_order_operate.html HTTP/1.1" 200 2065
222.70.183.193 - - [07/Aug/2021:09:04:19 +0800] "GET /xingrg/kc/buy/cgsh_order_operate.html?command=get_materiel&rest_code=00111&code=00101008165&supplier_code=00100005&order_time=2021-08-07 HTTP/1.1" 200 416
101.83.145.79 - - [07/Aug/2021:09:04:22 +0800] "GET /xingrg/all/function/internal_message.html?_=1628298257774&CODE_STATE=getMsg HTTP/1.1" 200 27
114.88.154.248 - - [07/Aug/2021:09:04:26 +0800] "GET /xingrg/all/function/internal_message.html?_=1628298163766&CODE_STATE=getMsg HTTP/1.1" 200 27
116.235.222.38 - - [07/Aug/2021:09:04:26 +0800] "GET /xingrg/kc/buy/cgsh_order_operate.html?command=get_materiel&rest_code=00107&code=00101015038&supplier_code=00100006&order_time=2021-08-07 HTTP/1.1" 200 419
222.70.183.193 - - [07/Aug/2021:09:04:27 +0800] "GET /xingrg/kc/buy/cgsh_order_operate.html?command=get_materiel&rest_code=00111&code=00101013165&supplier_code=00100005&order_time=2021-08-07 HTTP/1.1" 200 409
222.70.246.151 - - [07/Aug/2021:09:04:31 +0800] "GET /xingrg/check_reg.html?_=1628298288148 HTTP/1.1" 200 22
58.40.7.146 - - [07/Aug/2021:09:04:32 +0800] "GET /xingrg/all/function/internal_message.html?_=1628298267375&CODE_STATE=getMsg HTTP/1.1" 200 27
180.156.224.123 - - [07/Aug/2021:09:04:34 +0800] "GET /xingrg/all/function/internal_message.html?_=1628298222589&CODE_STATE=getMsg HTTP/1.1" 200 27
116.235.222.38 - - [07/Aug/2021:09:04:37 +0800] "GET /xingrg/kc/buy/cgsh_order_operate.html?command=get_materiel&rest_code=00107&code=00101015021&supplier_code=00100006&order_time=2021-08-07 HTTP/1.1" 200 408
172.20.0.100 - - [07/Aug/2021:09:04:40 +0800] "GET /xingrg/all/function/internal_message.html?_=1628298276356&CODE_STATE=getMsg HTTP/1.1" 302 -
180.169.147.146 - - [07/Aug/2021:09:04:41 +0800] "GET /xingrg/check_reg.html?_=1628298279159 HTTP/1.1" 200 22
222.70.183.193 - - [07/Aug/2021:09:04:47 +0800] "GET /xingrg/kc/buy/cgsh_order_operate.html?command=get_materiel&rest_code=00111&code=00101008125&supplier_code=00100005&order_time=2021-08-07 HTTP/1.1" 200 413
116.235.222.38 - - [07/Aug/2021:09:04:49 +0800] "GET /xingrg/kc/buy/cgsh_order_operate.html?command=get_materiel&rest_code=00107&code=00101008364&supplier_code=00100006&order_time=2021-08-07 HTTP/1.1" 200 413
222.70.183.193 - - [07/Aug/2021:09:04:55 +0800] "GET /xingrg/kc/buy/cgsh_order_operate.html?command=get_materiel&rest_code=00111&code=00101008558&supplier_code=00100005&order_time=2021-08-07 HTTP/1.1" 200 395
222.70.183.193 - - [07/Aug/2021:09:04:59 +0800] "POST /xingrg/kc/buy/cgsh_order_operate.html HTTP/1.1" 200 2065
114.83.220.205 - - [07/Aug/2021:09:05:03 +0800] "GET /xingrg/all/function/internal_message.html?_=1628298297904&CODE_STATE=getMsg HTTP/1.1" 200 27
180.169.147.146 - - [07/Aug/2021:09:05:03 +0800] "GET /xingrg/all/function/internal_message.html?_=1628298301475&CODE_STATE=getMsg HTTP/1.1" 200 27
222.70.246.151 - - [07/Aug/2021:09:05:03 +0800] "GET /xingrg/all/function/internal_message.html?_=1628298320261&CODE_STATE=getMsg HTTP/1.1" 200 27
180.169.147.146 - - [07/Aug/2021:09:05:04 +0800] "GET /xingrg/all/function/internal_message.html?_=1628298302903&CODE_STATE=getMsg HTTP/1.1" 200 27
222.70.183.193 - - [07/Aug/2021:09:05:05 +0800] "GET /xingrg/kc/buy/cgsh_order_operate.html?command=get_materiel&rest_code=00111&code=00101008223&supplier_code=00100005&order_time=2021-08-07 HTTP/1.1" 200 412
222.70.183.193 - - [07/Aug/2021:09:05:05 +0800] "GET /xingrg/all/function/internal_message.html?_=1628298333144&CODE_STATE=getMsg HTTP/1.1" 302 -
117.184.7.26 - - [07/Aug/2021:09:05:05 +0800] "GET /xingrg/all/function/internal_message.html?_=1628298290522&CODE_STATE=getMsg HTTP/1.1" 200 27
116.235.222.38 - - [07/Aug/2021:09:05:08 +0800] "GET /xingrg/all/function/internal_message.html?_=1628298295764&CODE_STATE=getMsg HTTP/1.1" 200 27
222.70.246.151 - - [07/Aug/2021:09:05:11 +0800] "GET /xingrg/all/function/internal_message.html?_=1628298325078&CODE_STATE=getMsg HTTP/1.1" 302 -
222.70.183.193 - - [07/Aug/2021:09:05:13 +0800] "GET /xingrg/kc/buy/cgsh_order_operate.html?command=get_materiel&rest_code=00111&code=00101008230&supplier_code=00100005&order_time=2021-08-07 HTTP/1.1" 200 408
116.235.222.38 - - [07/Aug/2021:09:05:14 +0800] "GET /xingrg/kc/buy/cgsh_order_operate.html?command=get_materiel&rest_code=00107&code=00101008248&supplier_code=00100006&order_time=2021-08-07 HTTP/1.1" 200 412
116.230.110.80 - - [07/Aug/2021:09:05:14 +0800] "GET /xingrg/all/function/internal_message.html?_=1628298294691&CODE_STATE=getMsg HTTP/1.1" 200 27
114.86.231.177 - - [07/Aug/2021:09:05:15 +0800] "GET /xingrg/all/function/internal_message.html?_=1628298316709&CODE_STATE=getMsg HTTP/1.1" 200 27
222.70.183.193 - - [07/Aug/2021:09:05:17 +0800] "GET /xingrg/all/function/internal_message.html?_=1628298310975&CODE_STATE=getMsg HTTP/1.1" 200 27
101.83.145.79 - - [07/Aug/2021:09:05:22 +0800] "GET /xingrg/all/function/internal_message.html?_=1628298317773&CODE_STATE=getMsg HTTP/1.1" 200 27
116.235.222.38 - - [07/Aug/2021:09:05:24 +0800] "GET /xingrg/kc/buy/cgsh_order_operate.html?command=get_materiel&rest_code=00107&code=00101008261&supplier_code=00100006&order_time=2021-08-07 HTTP/1.1" 200 408
114.88.154.248 - - [07/Aug/2021:09:05:26 +0800] "GET /xingrg/all/function/internal_message.html?_=1628298223791&CODE_STATE=getMsg HTTP/1.1" 200 27
116.235.222.38 - - [07/Aug/2021:09:05:28 +0800] "POST /xingrg/kc/buy/cgsh_order_operate.html HTTP/1.1" 200 2065
58.40.7.146 - - [07/Aug/2021:09:05:32 +0800] "GET /xingrg/all/function/internal_message.html?_=1628298327377&CODE_STATE=getMsg HTTP/1.1" 200 27
180.156.224.123 - - [07/Aug/2021:09:05:34 +0800] "GET /xingrg/all/function/internal_message.html?_=1628298282723&CODE_STATE=getMsg HTTP/1.1" 200 27
116.235.222.38 - - [07/Aug/2021:09:05:36 +0800] "GET /xingrg/kc/buy/cgsh_order_operate.html?command=get_materiel&rest_code=00107&code=00101009031&supplier_code=00100006&order_time=2021-08-07 HTTP/1.1" 200 408
172.20.0.100 - - [07/Aug/2021:09:05:40 +0800] "GET /xingrg/all/function/internal_message.html?_=1628298336328&CODE_STATE=getMsg HTTP/1.1" 302 -
222.70.183.193 - - [07/Aug/2021:09:05:43 +0800] "POST /xingrg/kc/buy/cgsh_order_operate.html HTTP/1.1" 200 2065
180.169.147.146 - - [07/Aug/2021:09:05:45 +0800] "GET /xingrg/check_reg.html?_=1628298343409 HTTP/1.1" 200 22
222.70.183.193 - - [07/Aug/2021:09:05:49 +0800] "GET /xingrg/kc/buy/cgsh_order_operate.html?command=get_materiel&rest_code=00111&code=00101008114&supplier_code=00100005&order_time=2021-08-07 HTTP/1.1" 200 412
222.70.183.193 - - [07/Aug/2021:09:05:59 +0800] "GET /xingrg/kc/buy/cgsh_order_operate.html?command=get_materiel&rest_code=00111&code=00101008095&supplier_code=00100005&order_time=2021-08-07 HTTP/1.1" 200 412
114.83.220.205 - - [07/Aug/2021:09:06:03 +0800] "GET /xingrg/all/function/internal_message.html?_=1628298357904&CODE_STATE=getMsg HTTP/1.1" 200 27
180.169.147.146 - - [07/Aug/2021:09:06:03 +0800] "GET /xingrg/all/function/internal_message.html?_=1628298361495&CODE_STATE=getMsg HTTP/1.1" 200 27
222.70.246.151 - - [07/Aug/2021:09:06:03 +0800] "GET /xingrg/all/function/internal_message.html?_=1628298380273&CODE_STATE=getMsg HTTP/1.1" 200 27
180.169.147.146 - - [07/Aug/2021:09:06:04 +0800] "GET /xingrg/all/function/internal_message.html?_=1628298362917&CODE_STATE=getMsg HTTP/1.1" 200 27
222.70.183.193 - - [07/Aug/2021:09:06:05 +0800] "GET /xingrg/all/function/internal_message.html?_=1628298393142&CODE_STATE=getMsg HTTP/1.1" 302 -
117.184.7.26 - - [07/Aug/2021:09:06:05 +0800] "GET /xingrg/all/function/internal_message.html?_=1628298350499&CODE_STATE=getMsg HTTP/1.1" 200 27
116.235.222.38 - - [07/Aug/2021:09:06:08 +0800] "GET /xingrg/all/function/internal_message.html?_=1628298355783&CODE_STATE=getMsg HTTP/1.1" 200 27
222.70.246.151 - - [07/Aug/2021:09:06:11 +0800] "GET /xingrg/all/function/internal_message.html?_=1628298385109&CODE_STATE=getMsg HTTP/1.1" 302 -
116.230.110.80 - - [07/Aug/2021:09:06:14 +0800] "GET /xingrg/all/function/internal_message.html?_=1628298354679&CODE_STATE=getMsg HTTP/1.1" 200 27
114.86.231.177 - - [07/Aug/2021:09:06:15 +0800] "GET /xingrg/all/function/internal_message.html?_=1628298376715&CODE_STATE=getMsg HTTP/1.1" 200 27
222.70.246.151 - - [07/Aug/2021:09:06:16 +0800] "GET /xingrg/check_reg.html?_=1628298390008 HTTP/1.1" 302 -
222.70.183.193 - - [07/Aug/2021:09:06:17 +0800] "GET /xingrg/all/function/internal_message.html?_=1628298370983&CODE_STATE=getMsg HTTP/1.1" 200 27
222.70.183.193 - - [07/Aug/2021:09:06:17 +0800] "GET /xingrg/check_reg.html?_=1628298370987 HTTP/1.1" 200 22
101.83.145.79 - - [07/Aug/2021:09:06:22 +0800] "GET /xingrg/all/function/internal_message.html?_=1628298377775&CODE_STATE=getMsg HTTP/1.1" 200 27
101.83.145.79 - - [07/Aug/2021:09:06:22 +0800] "GET /xingrg/check_reg.html?_=1628298377981 HTTP/1.1" 200 22
116.235.222.38 - - [07/Aug/2021:09:06:22 +0800] "GET /xingrg/kc/buy/cgsh_order_operate.html?command=get_materiel&rest_code=00107&code=00101009061&supplier_code=00100006&order_time=2021-08-07 HTTP/1.1" 200 409
117.184.7.26 - - [07/Aug/2021:09:06:25 +0800] "GET /xingrg/check_reg.html?_=1628298369861 HTTP/1.1" 200 22
114.88.154.248 - - [07/Aug/2021:09:06:26 +0800] "GET /xingrg/all/function/internal_message.html?_=1628298283789&CODE_STATE=getMsg HTTP/1.1" 200 27
58.40.7.146 - - [07/Aug/2021:09:06:32 +0800] "GET /xingrg/all/function/internal_message.html?_=1628298387379&CODE_STATE=getMsg HTTP/1.1" 200 27
180.156.224.123 - - [07/Aug/2021:09:06:34 +0800] "GET /xingrg/all/function/internal_message.html?_=1628298342726&CODE_STATE=getMsg HTTP/1.1" 200 27
116.235.222.38 - - [07/Aug/2021:09:06:38 +0800] "GET /xingrg/kc/buy/cgsh_order_operate.html?command=get_materiel&rest_code=00107&code=00101008137&supplier_code=00100006&order_time=2021-08-07 HTTP/1.1" 200 408
172.20.0.100 - - [07/Aug/2021:09:06:40 +0800] "GET /xingrg/all/function/internal_message.html?_=1628298396311&CODE_STATE=getMsg HTTP/1.1" 302 -
172.20.0.100 - - [07/Aug/2021:09:06:40 +0800] "GET /xingrg/check_reg.html?_=1628298396534 HTTP/1.1" 302 -
116.235.222.38 - - [07/Aug/2021:09:06:48 +0800] "GET /xingrg/kc/buy/cgsh_order_operate.html?command=get_materiel&rest_code=00107&code=00101009030&supplier_code=00100006&order_time=2021-08-07 HTTP/1.1" 200 413
114.83.220.205 - - [07/Aug/2021:09:07:03 +0800] "GET /xingrg/all/function/internal_message.html?_=1628298417917&CODE_STATE=getMsg HTTP/1.1" 200 27
180.169.147.146 - - [07/Aug/2021:09:07:03 +0800] "GET /xingrg/all/function/internal_message.html?_=1628298421509&CODE_STATE=getMsg HTTP/1.1" 200 27
222.70.246.151 - - [07/Aug/2021:09:07:03 +0800] "GET /xingrg/all/function/internal_message.html?_=1628298440679&CODE_STATE=getMsg HTTP/1.1" 200 27
180.169.147.146 - - [07/Aug/2021:09:07:05 +0800] "GET /xingrg/all/function/internal_message.html?_=1628298422939&CODE_STATE=getMsg HTTP/1.1" 200 27
