180.174.224.95 - - [07/Aug/2021:09:41:00 +0800] "GET /xingrg/images/blue/pingpu.png HTTP/1.1" 304 -
180.174.224.95 - - [07/Aug/2021:09:41:00 +0800] "GET /xingrg/javascript/jquery_easy_ui/themes/default/images/tabs_leftarrow.png HTTP/1.1" 304 -
116.230.110.80 - - [07/Aug/2021:09:41:00 +0800] "GET /xingrg/kc/buy/cgsh_order_operate.html?command=get_materiel&rest_code=00155&code=00101008168&supplier_code=00100005&order_time=2021-08-07 HTTP/1.1" 200 413
180.174.224.95 - - [07/Aug/2021:09:41:00 +0800] "GET /xingrg/javascript/jquery_easy_ui/themes/default/images/tabs_rightarrow.png HTTP/1.1" 304 -
180.174.224.95 - - [07/Aug/2021:09:41:00 +0800] "POST /xingrg/all/common/load_tree.html?tree=area_rest_tree_json&manage=1 HTTP/1.1" 200 342
180.174.224.95 - - [07/Aug/2021:09:41:00 +0800] "GET /xingrg/javascript/jquery_easy_ui/themes/default/images/panel_tool_collapse.gif HTTP/1.1" 304 -
180.174.224.95 - - [07/Aug/2021:09:41:00 +0800] "GET /xingrg/all/function/internal_message.html?_=1628300431717&CODE_STATE=count HTTP/1.1" 200 11
180.174.224.95 - - [07/Aug/2021:09:41:00 +0800] "GET /xingrg/check_reg.html?_=1628300431719 HTTP/1.1" 200 22
180.174.224.95 - - [07/Aug/2021:09:41:00 +0800] "GET /xingrg/javascript/jquery_easy_ui/themes/default/images/tree_arrows.gif HTTP/1.1" 304 -
180.174.224.95 - - [07/Aug/2021:09:41:00 +0800] "POST /xingrg/load_menu.html HTTP/1.1" 200 5138
180.174.224.95 - - [07/Aug/2021:09:41:00 +0800] "GET /xingrg/javascript/jquery_easy_ui/themes/default/images/tree_folder_open.gif HTTP/1.1" 304 -
180.174.224.95 - - [07/Aug/2021:09:41:00 +0800] "GET /xingrg/javascript/jquery_easy_ui/themes/icons/search_new.png HTTP/1.1" 304 -
180.174.224.95 - - [07/Aug/2021:09:41:00 +0800] "GET /xingrg/javascript/jquery_easy_ui/themes/icons/storage_new.png HTTP/1.1" 304 -
180.174.224.95 - - [07/Aug/2021:09:41:00 +0800] "GET /xingrg/javascript/jquery_easy_ui/themes/default/images/tree_folder.gif HTTP/1.1" 304 -
180.174.224.95 - - [07/Aug/2021:09:41:00 +0800] "GET /xingrg/javascript/jquery_easy_ui/themes/icons/forms_new.png HTTP/1.1" 304 -
180.174.224.95 - - [07/Aug/2021:09:41:00 +0800] "GET /xingrg/javascript/jquery_easy_ui/themes/default/images/tree_file.gif HTTP/1.1" 304 -
114.88.154.248 - - [07/Aug/2021:09:41:02 +0800] "GET /xingrg/kc/buy/cgsh_order_operate.html?command=get_materiel&rest_code=00141&code=00101012051&supplier_code=00100036&order_time=2021-08-07 HTTP/1.1" 200 408
172.20.0.100 - - [07/Aug/2021:09:41:02 +0800] "GET /xingrg/all/function/internal_message.html?_=1628300458613&CODE_STATE=getMsg HTTP/1.1" 200 27
114.83.220.205 - - [07/Aug/2021:09:41:03 +0800] "GET /xingrg/all/function/internal_message.html?_=1628300458031&CODE_STATE=getMsg HTTP/1.1" 200 27
180.169.147.146 - - [07/Aug/2021:09:41:03 +0800] "GET /xingrg/all/function/internal_message.html?_=1628300461971&CODE_STATE=getMsg HTTP/1.1" 200 27
180.174.224.95 - - [07/Aug/2021:09:41:04 +0800] "GET /xingrg/javascript/jquery_easy_ui/themes/default/images/tabs_close.gif HTTP/1.1" 304 -
180.174.224.95 - - [07/Aug/2021:09:41:04 +0800] "GET /xingrg/css/base.css HTTP/1.1" 304 -
180.174.224.95 - - [07/Aug/2021:09:41:04 +0800] "GET /xingrg/css/site.css HTTP/1.1" 304 -
180.174.224.95 - - [07/Aug/2021:09:41:04 +0800] "GET /xingrg/javascript/jquery_tools/datebox.css HTTP/1.1" 304 -
180.174.224.95 - - [07/Aug/2021:09:41:04 +0800] "GET /xingrg/javascript/easyui/themes/default/easyui.css HTTP/1.1" 304 -
180.174.224.95 - - [07/Aug/2021:09:41:04 +0800] "GET /xingrg/javascript/easyui/themes/icon.css HTTP/1.1" 304 -
180.174.224.95 - - [07/Aug/2021:09:41:04 +0800] "GET /xingrg/javascript/auto/jquery.autocomplete.css HTTP/1.1" 304 -
180.174.224.95 - - [07/Aug/2021:09:41:04 +0800] "GET /xingrg/javascript/jquery_tools/jquery.tools.extend.js HTTP/1.1" 304 -
180.174.224.95 - - [07/Aug/2021:09:41:04 +0800] "GET /xingrg/javascript/jquery_tools/jquery.tools.table.js HTTP/1.1" 304 -
180.174.224.95 - - [07/Aug/2021:09:41:04 +0800] "GET /xingrg/javascript/jquery_tools/jquery.tools.hotkey.js HTTP/1.1" 304 -
180.174.224.95 - - [07/Aug/2021:09:41:04 +0800] "GET /xingrg/javascript/jquery_tools/fix.css HTTP/1.1" 304 -
180.174.224.95 - - [07/Aug/2021:09:41:04 +0800] "GET /xingrg/javascript/jquery_tools/table.css HTTP/1.1" 304 -
180.174.224.95 - - [07/Aug/2021:09:41:04 +0800] "GET /xingrg/javascript/jquery_tools/list_manager.js HTTP/1.1" 304 -
180.174.224.95 - - [07/Aug/2021:09:41:04 +0800] "GET /xingrg/javascript/jquery_tools/jquery.tools.min.js HTTP/1.1" 304 -
180.174.224.95 - - [07/Aug/2021:09:41:04 +0800] "GET /xingrg/javascript/auto/jquery.autocomplete.js HTTP/1.1" 304 -
180.174.224.95 - - [07/Aug/2021:09:41:04 +0800] "GET /xingrg/javascript/easyui/easyloader.js HTTP/1.1" 304 -
180.174.224.95 - - [07/Aug/2021:09:41:04 +0800] "GET /xingrg/javascript/print/LodopFuncs.js HTTP/1.1" 304 -
180.174.224.95 - - [07/Aug/2021:09:41:04 +0800] "GET /xingrg/javascript/jquery.cookie.js HTTP/1.1" 304 -
180.174.224.95 - - [07/Aug/2021:09:41:04 +0800] "GET /xingrg/kc/buy/cgsh_order_list.html HTTP/1.1" 200 47405
180.174.224.95 - - [07/Aug/2021:09:41:04 +0800] "GET /xingrg/javascript/easyui/themes/icons/cance_new.png HTTP/1.1" 304 -
180.174.224.95 - - [07/Aug/2021:09:41:04 +0800] "GET /xingrg/javascript/easyui/themes/icons/edit_add_new.png HTTP/1.1" 304 -
180.174.224.95 - - [07/Aug/2021:09:41:04 +0800] "GET /xingrg/javascript/easyui/themes/icons/check_new.png HTTP/1.1" 304 -
180.174.224.95 - - [07/Aug/2021:09:41:04 +0800] "GET /xingrg/javascript/easyui/themes/icons/import_new.png HTTP/1.1" 304 -
180.174.224.95 - - [07/Aug/2021:09:41:04 +0800] "GET /xingrg/javascript/easyui/themes/icons/field_new.png HTTP/1.1" 304 -
180.174.224.95 - - [07/Aug/2021:09:41:04 +0800] "GET /xingrg/javascript/jquery_easy_ui/themes/icons/area.png HTTP/1.1" 304 -
180.174.224.95 - - [07/Aug/2021:09:41:04 +0800] "GET /xingrg/javascript/jquery_easy_ui/themes/icons/rest.png HTTP/1.1" 304 -
180.174.224.95 - - [07/Aug/2021:09:41:04 +0800] "GET /xingrg/javascript/easyui/plugins/jquery.parser.js HTTP/1.1" 304 -
180.174.224.95 - - [07/Aug/2021:09:41:04 +0800] "GET /xingrg/images/control/ajaxLoader.gif HTTP/1.1" 304 -
180.169.147.146 - - [07/Aug/2021:09:41:05 +0800] "GET /xingrg/all/function/internal_message.html?_=1628300463392&CODE_STATE=getMsg HTTP/1.1" 200 27
222.70.183.193 - - [07/Aug/2021:09:41:05 +0800] "GET /xingrg/all/function/internal_message.html?_=1628300493174&CODE_STATE=getMsg HTTP/1.1" 302 -
180.174.224.95 - - [07/Aug/2021:09:41:07 +0800] "POST /xingrg/kc/buy/cgsh_list_operate.html HTTP/1.1" 200 1666
222.70.246.151 - - [07/Aug/2021:09:41:07 +0800] "GET /xingrg/all/function/internal_message.html?_=1628300484494&CODE_STATE=getMsg HTTP/1.1" 200 27
116.235.222.38 - - [07/Aug/2021:09:41:09 +0800] "GET /xingrg/all/function/internal_message.html?_=1628300456131&CODE_STATE=getMsg HTTP/1.1" 200 27
180.156.224.123 - - [07/Aug/2021:09:41:09 +0800] "POST /xingrg/kc/buy/cgsh_order_operate.html HTTP/1.1" 200 37
114.88.154.248 - - [07/Aug/2021:09:41:10 +0800] "GET /xingrg/kc/buy/cgsh_order_operate.html?command=get_materiel&rest_code=00141&code=00101016025&supplier_code=00100036&order_time=2021-08-07 HTTP/1.1" 200 408
116.237.74.182 - - [07/Aug/2021:09:41:10 +0800] "GET /xingrg/kc/buy/buy_main.html HTTP/1.1" 200 12412
116.237.74.182 - - [07/Aug/2021:09:41:10 +0800] "GET /xingrg/css/new_ie.css HTTP/1.1" 404 1036
116.237.74.182 - - [07/Aug/2021:09:41:11 +0800] "GET /xingrg/images/yd/bt.gif HTTP/1.1" 404 1040
116.237.74.182 - - [07/Aug/2021:09:41:11 +0800] "GET /xingrg/kc/buy/cgsh_order_list.html HTTP/1.1" 200 47405
222.70.246.151 - - [07/Aug/2021:09:41:12 +0800] "GET /xingrg/all/function/internal_message.html?_=1628300485911&CODE_STATE=getMsg HTTP/1.1" 302 -
116.235.222.38 - - [07/Aug/2021:09:41:12 +0800] "GET /xingrg/kc/buy/cgsh_order_operate.html?command=get_materiel&rest_code=00107&code=00101002007&supplier_code=00100199&order_time=2021-08-07 HTTP/1.1" 200 409
180.156.224.123 - - [07/Aug/2021:09:41:14 +0800] "POST /xingrg/kc/buy/cgsh_order_operate.html HTTP/1.1" 200 12
116.230.110.80 - - [07/Aug/2021:09:41:15 +0800] "GET /xingrg/all/function/internal_message.html?_=1628300454679&CODE_STATE=getMsg HTTP/1.1" 200 27
116.237.74.182 - - [07/Aug/2021:09:41:15 +0800] "POST /xingrg/kc/buy/cgsh_list_operate.html HTTP/1.1" 200 876
180.156.224.123 - - [07/Aug/2021:09:41:15 +0800] "GET /xingrg/kc/buy/cgsh_order_info.html?code=212021080702846 HTTP/1.1" 200 57992
180.156.224.123 - - [07/Aug/2021:09:41:16 +0800] "GET /xingrg/javascript/easyui/themes/default/validatebox.css HTTP/1.1" 404 1104
222.70.246.151 - - [07/Aug/2021:09:41:16 +0800] "GET /xingrg/check_reg.html?_=1628300490044 HTTP/1.1" 302 -
180.156.224.123 - - [07/Aug/2021:09:41:16 +0800] "POST /xingrg/kc/buy/cgsh_order_operate.html HTTP/1.1" 200 5343
114.86.231.177 - - [07/Aug/2021:09:41:17 +0800] "GET /xingrg/all/function/internal_message.html?_=1628300478463&CODE_STATE=getMsg HTTP/1.1" 200 27
114.86.231.177 - - [07/Aug/2021:09:41:17 +0800] "GET /xingrg/check_reg.html?_=1628300478465 HTTP/1.1" 200 22
222.70.183.193 - - [07/Aug/2021:09:41:18 +0800] "GET /xingrg/check_reg.html?_=1628300471021 HTTP/1.1" 200 22
222.70.183.193 - - [07/Aug/2021:09:41:18 +0800] "GET /xingrg/all/function/internal_message.html?_=1628300471023&CODE_STATE=getMsg HTTP/1.1" 200 27
101.83.145.79 - - [07/Aug/2021:09:41:18 +0800] "GET /xingrg/check_reg.html?_=1628300431928 HTTP/1.1" 200 22
101.83.145.79 - - [07/Aug/2021:09:41:18 +0800] "GET /xingrg/all/function/internal_message.html?_=1628300431931&CODE_STATE=getMsg HTTP/1.1" 200 27
180.156.224.123 - - [07/Aug/2021:09:41:18 +0800] "GET /xingrg/kc/print/load_data.html?order_code=212021080702846&kc_code=cgsh&condition= HTTP/1.1" 200 2528
116.237.74.182 - - [07/Aug/2021:09:41:19 +0800] "GET /xingrg/kc/buy/cgsh_order_add.html HTTP/1.1" 200 63149
116.237.74.182 - - [07/Aug/2021:09:41:19 +0800] "GET /xingrg/words/20210806145710_words.js HTTP/1.1" 304 -
116.237.74.182 - - [07/Aug/2021:09:41:20 +0800] "POST /xingrg/kc/buy/cgsh_order_operate.html HTTP/1.1" 200 8245
116.237.74.182 - - [07/Aug/2021:09:41:20 +0800] "GET /xingrg/javascript/easyui/themes/default/validatebox.css HTTP/1.1" 404 1104
116.237.74.182 - - [07/Aug/2021:09:41:20 +0800] "GET /xingrg/all/common/auto_word.html?type=employee&rest_code=00106 HTTP/1.1" 200 205
116.237.74.182 - - [07/Aug/2021:09:41:20 +0800] "GET /xingrg/all/common/auto_word.html?type=employee&rest_code=00106 HTTP/1.1" 200 205
180.156.224.123 - - [07/Aug/2021:09:41:20 +0800] "GET /xingrg/check_reg.html?_=1628300428290 HTTP/1.1" 200 22
114.88.154.248 - - [07/Aug/2021:09:41:20 +0800] "GET /xingrg/kc/buy/cgsh_order_operate.html?command=get_materiel&rest_code=00141&code=00101016053&supplier_code=00100036&order_time=2021-08-07 HTTP/1.1" 200 408
180.174.224.95 - - [07/Aug/2021:09:41:22 +0800] "POST /xingrg/kc/buy/cgsh_list_operate.html HTTP/1.1" 200 578
101.83.145.79 - - [07/Aug/2021:09:41:22 +0800] "GET /xingrg/check_reg.html?_=1628300477900 HTTP/1.1" 200 22
101.83.145.79 - - [07/Aug/2021:09:41:22 +0800] "GET /xingrg/all/function/internal_message.html?_=1628300478199&CODE_STATE=getMsg HTTP/1.1" 200 27
180.174.224.95 - - [07/Aug/2021:09:41:24 +0800] "GET /xingrg/javascript/pic_change.js HTTP/1.1" 304 -
180.174.224.95 - - [07/Aug/2021:09:41:24 +0800] "GET /xingrg/javascript/convert.js HTTP/1.1" 304 -
180.174.224.95 - - [07/Aug/2021:09:41:24 +0800] "GET /xingrg/javascript/jquery_tools/order_manager.js HTTP/1.1" 304 -
180.174.224.95 - - [07/Aug/2021:09:41:24 +0800] "GET /xingrg/javascript/json2.js HTTP/1.1" 304 -
180.174.224.95 - - [07/Aug/2021:09:41:24 +0800] "GET /xingrg/javascript/print/kc_print.js HTTP/1.1" 304 -
180.174.224.95 - - [07/Aug/2021:09:41:24 +0800] "GET /xingrg/kc/buy/cgsh_order_info.html?code=212021080702878 HTTP/1.1" 200 63101
180.174.224.95 - - [07/Aug/2021:09:41:24 +0800] "GET /xingrg/words/20210806145710_words.js HTTP/1.1" 304 -
180.156.224.123 - - [07/Aug/2021:09:41:24 +0800] "GET /xingrg/all/function/internal_message.html?_=1628300432531&CODE_STATE=getMsg HTTP/1.1" 200 27
180.174.224.95 - - [07/Aug/2021:09:41:24 +0800] "GET /xingrg/javascript/easyui/themes/icons/ok.png HTTP/1.1" 304 -
180.174.224.95 - - [07/Aug/2021:09:41:24 +0800] "GET /xingrg/javascript/easyui/themes/icons/template_new.png HTTP/1.1" 304 -
180.174.224.95 - - [07/Aug/2021:09:41:24 +0800] "GET /xingrg/javascript/easyui/themes/icons/copy_new.png HTTP/1.1" 304 -
180.174.224.95 - - [07/Aug/2021:09:41:24 +0800] "GET /xingrg/javascript/easyui/themes/icons/print.png HTTP/1.1" 304 -
180.174.224.95 - - [07/Aug/2021:09:41:24 +0800] "GET /xingrg/javascript/easyui/themes/default/images/menu_downarrow.png HTTP/1.1" 304 -
180.174.224.95 - - [07/Aug/2021:09:41:24 +0800] "GET /xingrg/javascript/easyui/themes/icons/cancel.png HTTP/1.1" 304 -
180.174.224.95 - - [07/Aug/2021:09:41:25 +0800] "GET /xingrg/all/common/auto_word.html?type=employee&rest_code=00102 HTTP/1.1" 200 189
180.174.224.95 - - [07/Aug/2021:09:41:25 +0800] "GET /xingrg/all/common/auto_word.html?type=employee&rest_code=00102 HTTP/1.1" 200 189
180.174.224.95 - - [07/Aug/2021:09:41:25 +0800] "GET /xingrg/javascript/easyui/themes/default/validatebox.css HTTP/1.1" 404 1104
180.174.224.95 - - [07/Aug/2021:09:41:25 +0800] "GET /xingrg/javascript/easyui/plugins/jquery.validatebox.js HTTP/1.1" 304 -
180.174.224.95 - - [07/Aug/2021:09:41:25 +0800] "GET /xingrg/javascript/easyui/plugins/jquery.numberbox.js HTTP/1.1" 304 -
116.237.74.182 - - [07/Aug/2021:09:41:25 +0800] "GET /xingrg/javascript/easyui/themes/default/tree.css HTTP/1.1" 404 1090
180.174.224.95 - - [07/Aug/2021:09:41:25 +0800] "POST /xingrg/kc/buy/cgsh_order_operate.html HTTP/1.1" 200 8632
116.237.74.182 - - [07/Aug/2021:09:41:25 +0800] "POST /xingrg/all/common/load_tree.html?tree=supplier_tree_json&isDelete=1 HTTP/1.1" 200 57192
180.174.224.95 - - [07/Aug/2021:09:41:26 +0800] "GET /xingrg/javascript/easyui/themes/icons/edit_remove.png HTTP/1.1" 304 -
114.88.154.248 - - [07/Aug/2021:09:41:26 +0800] "GET /xingrg/all/function/internal_message.html?_=1628300383878&CODE_STATE=getMsg HTTP/1.1" 200 27
116.230.110.80 - - [07/Aug/2021:09:41:27 +0800] "GET /xingrg/kc/buy/cgsh_order_operate.html?command=get_materiel&rest_code=00155&code=00101008558&supplier_code=00100005&order_time=2021-08-07 HTTP/1.1" 200 395
101.85.93.96 - - [07/Aug/2021:09:41:28 +0800] "GET /xingrg/check_reg.html?_=1628300456733 HTTP/1.1" 200 22
101.85.93.96 - - [07/Aug/2021:09:41:28 +0800] "GET /xingrg/all/function/internal_message.html?_=1628300456736&CODE_STATE=getMsg HTTP/1.1" 200 27
114.88.154.248 - - [07/Aug/2021:09:41:28 +0800] "GET /xingrg/kc/buy/cgsh_order_operate.html?command=get_materiel&rest_code=00141&code=00101011001&supplier_code=00100036&order_time=2021-08-07 HTTP/1.1" 200 423
116.230.110.80 - - [07/Aug/2021:09:41:29 +0800] "POST /xingrg/kc/buy/cgsh_order_operate.html HTTP/1.1" 200 2065
58.40.7.146 - - [07/Aug/2021:09:41:32 +0800] "GET /xingrg/all/function/internal_message.html?_=1628300487391&CODE_STATE=getMsg HTTP/1.1" 200 27
116.230.110.80 - - [07/Aug/2021:09:41:34 +0800] "GET /xingrg/kc/buy/cgsh_order_operate.html?command=get_materiel&rest_code=00155&code=00101008350&supplier_code=00100005&order_time=2021-08-07 HTTP/1.1" 200 408
116.237.74.182 - - [07/Aug/2021:09:41:36 +0800] "GET /xingrg/javascript/auto/indicator.gif HTTP/1.1" 404 1066
114.88.154.248 - - [07/Aug/2021:09:41:37 +0800] "GET /xingrg/kc/buy/cgsh_order_operate.html?command=get_materiel&rest_code=00141&code=00101016071&supplier_code=00100036&order_time=2021-08-07 HTTP/1.1" 200 416
180.174.224.95 - - [07/Aug/2021:09:41:37 +0800] "GET /xingrg/javascript/auto/indicator.gif HTTP/1.1" 404 1066
116.237.74.182 - - [07/Aug/2021:09:41:39 +0800] "GET /xingrg/kc/buy/cgsh_order_operate.html?command=get_materiel&rest_code=00106&code=00101006113&supplier_code=00100015&order_time=2021-08-07 HTTP/1.1" 200 415
180.174.224.95 - - [07/Aug/2021:09:41:40 +0800] "GET /xingrg/kc/buy/cgsh_order_operate.html?command=get_materiel&rest_code=00102&code=00101012051&supplier_code=00100096&order_time=2021-08-07 HTTP/1.1" 200 408
180.156.224.123 - - [07/Aug/2021:09:41:41 +0800] "POST /xingrg/kc/buy/cgsh_list_operate.html HTTP/1.1" 200 1708
58.221.95.50 - - [07/Aug/2021:09:41:41 +0800] "GET /xingrg/all/function/internal_message.html?_=1628300497504&CODE_STATE=getMsg HTTP/1.1" 200 27
180.156.224.123 - - [07/Aug/2021:09:41:43 +0800] "POST /xingrg/kc/buy/cgsh_list_operate.html HTTP/1.1" 200 577
101.83.145.79 - - [07/Aug/2021:09:41:44 +0800] "GET /xingrg/kc/buy/cgsh_order_add.html HTTP/1.1" 200 63190
180.156.224.123 - - [07/Aug/2021:09:41:45 +0800] "GET /xingrg/kc/buy/cgsh_order_info.html?code=212021080702847 HTTP/1.1" 200 63088
180.156.224.123 - - [07/Aug/2021:09:41:45 +0800] "GET /xingrg/javascript/easyui/themes/default/validatebox.css HTTP/1.1" 404 1104
101.83.145.79 - - [07/Aug/2021:09:41:45 +0800] "POST /xingrg/kc/buy/cgsh_order_operate.html HTTP/1.1" 200 8245
101.83.145.79 - - [07/Aug/2021:09:41:45 +0800] "GET /xingrg/javascript/easyui/themes/default/validatebox.css HTTP/1.1" 404 1104
180.156.224.123 - - [07/Aug/2021:09:41:45 +0800] "POST /xingrg/kc/buy/cgsh_order_operate.html HTTP/1.1" 200 41077
114.88.154.248 - - [07/Aug/2021:09:41:47 +0800] "GET /xingrg/kc/buy/cgsh_order_operate.html?command=get_materiel&rest_code=00141&code=00101016105&supplier_code=00100036&order_time=2021-08-07 HTTP/1.1" 200 409
116.230.110.80 - - [07/Aug/2021:09:41:47 +0800] "GET /xingrg/kc/buy/cgsh_order_operate.html?command=get_materiel&rest_code=00155&code=00101008041&supplier_code=00100005&order_time=2021-08-07 HTTP/1.1" 200 408
180.174.224.95 - - [07/Aug/2021:09:41:51 +0800] "GET /xingrg/kc/buy/cgsh_order_operate.html?command=get_materiel&rest_code=00102&code=00101012030&supplier_code=00100096&order_time=2021-08-07 HTTP/1.1" 200 416
116.237.74.182 - - [07/Aug/2021:09:41:52 +0800] "GET /xingrg/kc/buy/cgsh_order_operate.html?command=get_materiel&rest_code=00106&code=00101006065&supplier_code=00100015&order_time=2021-08-07 HTTP/1.1" 200 411
116.230.110.80 - - [07/Aug/2021:09:41:53 +0800] "GET /xingrg/kc/buy/cgsh_order_operate.html?command=get_materiel&rest_code=00155&code=00101008092&supplier_code=00100005&order_time=2021-08-07 HTTP/1.1" 200 412
180.156.224.123 - - [07/Aug/2021:09:41:55 +0800] "GET /xingrg/kc/buy/cgsh_order_operate.html?command=get_materiel&rest_code=00150&code=00101008265&supplier_code=00100007&order_time=2021-08-07 HTTP/1.1" 200 408
116.237.74.182 - - [07/Aug/2021:09:41:56 +0800] "GET /xingrg/all/function/internal_message.html?_=1628300506991&CODE_STATE=getMsg HTTP/1.1" 200 27
114.88.154.248 - - [07/Aug/2021:09:41:59 +0800] "POST /xingrg/kc/buy/cgsh_order_operate.html HTTP/1.1" 200 37
180.174.224.95 - - [07/Aug/2021:09:42:00 +0800] "GET /xingrg/all/function/internal_message.html?_=1628300491733&CODE_STATE=getMsg HTTP/1.1" 200 27
116.237.74.182 - - [07/Aug/2021:09:42:01 +0800] "GET /xingrg/kc/buy/cgsh_order_operate.html?command=get_materiel&rest_code=00106&code=00101006109&supplier_code=00100015&order_time=2021-08-07 HTTP/1.1" 200 409
172.20.0.100 - - [07/Aug/2021:09:42:02 +0800] "GET /xingrg/all/function/internal_message.html?_=1628300518600&CODE_STATE=getMsg HTTP/1.1" 200 27
101.83.145.79 - - [07/Aug/2021:09:42:02 +0800] "GET /xingrg/kc/buy/cgsh_order_operate.html?command=get_materiel&rest_code=00105&code=00101006109&supplier_code=00100012&order_time=2021-08-07 HTTP/1.1" 200 409
114.83.220.205 - - [07/Aug/2021:09:42:03 +0800] "GET /xingrg/all/function/internal_message.html?_=1628300518037&CODE_STATE=getMsg HTTP/1.1" 200 27
114.88.154.248 - - [07/Aug/2021:09:42:03 +0800] "POST /xingrg/kc/buy/cgsh_order_operate.html HTTP/1.1" 200 12
180.169.147.146 - - [07/Aug/2021:09:42:03 +0800] "GET /xingrg/all/function/internal_message.html?_=1628300521987&CODE_STATE=getMsg HTTP/1.1" 200 27
114.88.154.248 - - [07/Aug/2021:09:42:05 +0800] "GET /xingrg/kc/buy/cgsh_order_info.html?code=212021080702882 HTTP/1.1" 200 58060
180.169.147.146 - - [07/Aug/2021:09:42:05 +0800] "GET /xingrg/all/function/internal_message.html?_=1628300523415&CODE_STATE=getMsg HTTP/1.1" 200 27
114.88.154.248 - - [07/Aug/2021:09:42:05 +0800] "GET /xingrg/javascript/easyui/themes/default/validatebox.css HTTP/1.1" 404 1104
222.70.183.193 - - [07/Aug/2021:09:42:05 +0800] "GET /xingrg/all/function/internal_message.html?_=1628300553173&CODE_STATE=getMsg HTTP/1.1" 302 -
114.88.154.248 - - [07/Aug/2021:09:42:06 +0800] "POST /xingrg/kc/buy/cgsh_order_operate.html HTTP/1.1" 200 4741
116.230.110.80 - - [07/Aug/2021:09:42:06 +0800] "GET /xingrg/kc/buy/cgsh_order_operate.html?command=get_materiel&rest_code=00155&code=00101008069&supplier_code=00100005&order_time=2021-08-07 HTTP/1.1" 200 412
222.70.246.151 - - [07/Aug/2021:09:42:08 +0800] "GET /xingrg/all/function/internal_message.html?_=1628300545047&CODE_STATE=getMsg HTTP/1.1" 200 27
116.230.110.80 - - [07/Aug/2021:09:42:08 +0800] "POST /xingrg/kc/buy/cgsh_order_operate.html HTTP/1.1" 200 2065
116.235.222.38 - - [07/Aug/2021:09:42:09 +0800] "GET /xingrg/all/function/internal_message.html?_=1628300516114&CODE_STATE=getMsg HTTP/1.1" 200 27
116.237.74.182 - - [07/Aug/2021:09:42:09 +0800] "GET /xingrg/kc/buy/cgsh_order_operate.html?command=get_materiel&rest_code=00106&code=00101006111&supplier_code=00100015&order_time=2021-08-07 HTTP/1.1" 200 409
114.88.154.248 - - [07/Aug/2021:09:42:10 +0800] "GET /xingrg/kc/print/load_config.html?kc_code=cgsh HTTP/1.1" 200 1994
114.88.154.248 - - [07/Aug/2021:09:42:10 +0800] "GET /xingrg/kc/print/load_data.html?order_code=212021080702882&kc_code=cgsh&condition= HTTP/1.1" 200 2356
116.235.222.38 - - [07/Aug/2021:09:42:11 +0800] "GET /xingrg/kc/buy/cgsh_order_operate.html?command=get_materiel&rest_code=00107&code=00101002006&supplier_code=00100199&order_time=2021-08-07 HTTP/1.1" 200 414
222.70.246.151 - - [07/Aug/2021:09:42:12 +0800] "GET /xingrg/all/function/internal_message.html?_=1628300545944&CODE_STATE=getMsg HTTP/1.1" 302 -
114.88.154.248 - - [07/Aug/2021:09:42:14 +0800] "GET /xingrg/kc/buy/cgsh_order_add.html HTTP/1.1" 200 63149
116.230.110.80 - - [07/Aug/2021:09:42:14 +0800] "GET /xingrg/kc/buy/cgsh_order_operate.html?command=get_materiel&rest_code=00155&code=00101008279&supplier_code=00100005&order_time=2021-08-07 HTTP/1.1" 200 412
114.88.154.248 - - [07/Aug/2021:09:42:14 +0800] "POST /xingrg/kc/buy/cgsh_order_operate.html HTTP/1.1" 200 8245
114.88.154.248 - - [07/Aug/2021:09:42:14 +0800] "GET /xingrg/javascript/easyui/themes/default/validatebox.css HTTP/1.1" 404 1104
116.230.110.80 - - [07/Aug/2021:09:42:15 +0800] "GET /xingrg/all/function/internal_message.html?_=1628300514686&CODE_STATE=getMsg HTTP/1.1" 200 27
116.230.110.80 - - [07/Aug/2021:09:42:15 +0800] "GET /xingrg/check_reg.html?_=1628300514688 HTTP/1.1" 200 22
114.86.231.177 - - [07/Aug/2021:09:42:17 +0800] "GET /xingrg/all/function/internal_message.html?_=1628300538466&CODE_STATE=getMsg HTTP/1.1" 200 27
222.70.183.193 - - [07/Aug/2021:09:42:18 +0800] "GET /xingrg/all/function/internal_message.html?_=1628300531046&CODE_STATE=getMsg HTTP/1.1" 200 27
101.83.145.79 - - [07/Aug/2021:09:42:18 +0800] "GET /xingrg/all/function/internal_message.html?_=1628300491915&CODE_STATE=getMsg HTTP/1.1" 200 27
116.235.222.38 - - [07/Aug/2021:09:42:21 +0800] "POST /xingrg/kc/buy/cgsh_order_operate.html HTTP/1.1" 200 37
180.174.224.95 - - [07/Aug/2021:09:42:22 +0800] "GET /xingrg/javascript/easyui/themes/default/images/button_plain_hover.png HTTP/1.1" 304 -
101.83.145.79 - - [07/Aug/2021:09:42:22 +0800] "GET /xingrg/all/function/internal_message.html?_=1628300538182&CODE_STATE=getMsg HTTP/1.1" 200 27
114.88.154.248 - - [07/Aug/2021:09:42:23 +0800] "GET /xingrg/kc/buy/cgsh_order_operate.html?command=get_materiel&rest_code=00141&code=00101001002&supplier_code=00100040&order_time=2021-08-07 HTTP/1.1" 200 413
116.235.222.38 - - [07/Aug/2021:09:42:23 +0800] "POST /xingrg/kc/buy/cgsh_order_operate.html HTTP/1.1" 200 3252
101.83.145.79 - - [07/Aug/2021:09:42:24 +0800] "GET /xingrg/kc/buy/cgsh_order_operate.html?command=get_materiel&rest_code=00105&code=00101006068&supplier_code=00100012&order_time=2021-08-07 HTTP/1.1" 200 409
180.156.224.123 - - [07/Aug/2021:09:42:24 +0800] "GET /xingrg/all/function/internal_message.html?_=1628300492545&CODE_STATE=getMsg HTTP/1.1" 200 27
180.174.224.95 - - [07/Aug/2021:09:42:26 +0800] "POST /xingrg/kc/buy/cgsh_order_operate.html HTTP/1.1" 200 37
114.88.154.248 - - [07/Aug/2021:09:42:26 +0800] "GET /xingrg/check_reg.html?_=1628300443887 HTTP/1.1" 200 22
114.88.154.248 - - [07/Aug/2021:09:42:26 +0800] "GET /xingrg/all/function/internal_message.html?_=1628300443888&CODE_STATE=getMsg HTTP/1.1" 200 27
116.235.222.38 - - [07/Aug/2021:09:42:26 +0800] "GET /xingrg/kc/print/load_data.html?order_code=212021080702883&kc_code=cgsh&condition= HTTP/1.1" 200 899
180.174.224.95 - - [07/Aug/2021:09:42:27 +0800] "POST /xingrg/kc/buy/cgsh_order_operate.html HTTP/1.1" 200 9814
101.85.93.96 - - [07/Aug/2021:09:42:28 +0800] "GET /xingrg/all/function/internal_message.html?_=1628300516721&CODE_STATE=getMsg HTTP/1.1" 200 27
116.235.222.38 - - [07/Aug/2021:09:42:31 +0800] "GET /xingrg/kc/buy/cgsh_order_add.html HTTP/1.1" 200 63231
58.40.7.146 - - [07/Aug/2021:09:42:32 +0800] "GET /xingrg/check_reg.html?_=1628300547392 HTTP/1.1" 200 22
58.40.7.146 - - [07/Aug/2021:09:42:32 +0800] "GET /xingrg/all/function/internal_message.html?_=1628300547394&CODE_STATE=getMsg HTTP/1.1" 200 27
116.235.222.38 - - [07/Aug/2021:09:42:32 +0800] "GET /xingrg/javascript/easyui/themes/default/validatebox.css HTTP/1.1" 404 1104
116.235.222.38 - - [07/Aug/2021:09:42:32 +0800] "POST /xingrg/kc/buy/cgsh_order_operate.html HTTP/1.1" 200 8245
116.235.222.38 - - [07/Aug/2021:09:42:34 +0800] "GET /xingrg/javascript/easyui/themes/default/tree.css HTTP/1.1" 404 1090
116.235.222.38 - - [07/Aug/2021:09:42:34 +0800] "POST /xingrg/all/common/load_tree.html?tree=supplier_tree_json&isDelete=1 HTTP/1.1" 200 57192
58.221.95.50 - - [07/Aug/2021:09:42:35 +0800] "GET /xingrg/kc/base/wldb_order_operate.html?command=get_materiel&rest_code=00152&base_code=0010647&code=00102030022 HTTP/1.1" 200 458
114.88.154.248 - - [07/Aug/2021:09:42:40 +0800] "POST /xingrg/kc/buy/cgsh_order_operate.html HTTP/1.1" 200 37
116.230.110.80 - - [07/Aug/2021:09:42:40 +0800] "GET /xingrg/kc/buy/cgsh_order_operate.html?command=get_materiel&rest_code=00155&code=00101008036&supplier_code=00100005&order_time=2021-08-07 HTTP/1.1" 200 408
58.221.95.50 - - [07/Aug/2021:09:42:41 +0800] "GET /xingrg/all/function/internal_message.html?_=1628300557475&CODE_STATE=getMsg HTTP/1.1" 200 27
114.88.154.248 - - [07/Aug/2021:09:42:43 +0800] "POST /xingrg/kc/buy/cgsh_order_operate.html HTTP/1.1" 200 12
114.88.154.248 - - [07/Aug/2021:09:42:44 +0800] "GET /xingrg/kc/buy/cgsh_order_info.html?code=212021080702884 HTTP/1.1" 200 58058
114.88.154.248 - - [07/Aug/2021:09:42:45 +0800] "GET /xingrg/javascript/easyui/themes/default/validatebox.css HTTP/1.1" 404 1104
114.88.154.248 - - [07/Aug/2021:09:42:45 +0800] "POST /xingrg/kc/buy/cgsh_order_operate.html HTTP/1.1" 200 606
116.230.110.80 - - [07/Aug/2021:09:42:47 +0800] "POST /xingrg/kc/buy/cgsh_order_operate.html HTTP/1.1" 200 37
58.221.95.50 - - [07/Aug/2021:09:42:47 +0800] "POST /xingrg/kc/base/wldb_order_operate.html HTTP/1.1" 200 37
114.88.154.248 - - [07/Aug/2021:09:42:48 +0800] "GET /xingrg/kc/print/load_data.html?order_code=212021080702884&kc_code=cgsh&condition= HTTP/1.1" 200 774
58.221.95.50 - - [07/Aug/2021:09:42:48 +0800] "POST /xingrg/kc/base/wldb_order_operate.html HTTP/1.1" 200 8589
58.221.95.50 - - [07/Aug/2021:09:42:49 +0800] "GET /xingrg/kc/base/wldb_order_info.html?code=422021080700696 HTTP/1.1" 200 30420
116.230.110.80 - - [07/Aug/2021:09:42:49 +0800] "POST /xingrg/kc/buy/cgsh_order_operate.html HTTP/1.1" 200 30468
58.221.95.50 - - [07/Aug/2021:09:42:49 +0800] "GET /xingrg/javascript/easyui/themes/default/validatebox.css HTTP/1.1" 404 1104
58.221.95.50 - - [07/Aug/2021:09:42:49 +0800] "POST /xingrg/kc/base/wldb_order_operate.html HTTP/1.1" 200 8589
116.235.222.38 - - [07/Aug/2021:09:42:50 +0800] "GET /xingrg/kc/buy/cgsh_order_operate.html?command=get_materiel&rest_code=00107&code=00101016025&supplier_code=00100033&order_time=2021-08-07 HTTP/1.1" 200 408
116.230.110.80 - - [07/Aug/2021:09:42:51 +0800] "GET /xingrg/kc/print/load_data.html?order_code=212021080702885&kc_code=cgsh HTTP/1.1" 200 11252
114.88.154.248 - - [07/Aug/2021:09:42:52 +0800] "GET /xingrg/kc/buy/cgsh_order_add.html HTTP/1.1" 200 63149
114.88.154.248 - - [07/Aug/2021:09:42:52 +0800] "GET /xingrg/javascript/easyui/themes/default/validatebox.css HTTP/1.1" 404 1104
114.88.154.248 - - [07/Aug/2021:09:42:52 +0800] "POST /xingrg/kc/buy/cgsh_order_operate.html HTTP/1.1" 200 8245
116.237.74.182 - - [07/Aug/2021:09:42:56 +0800] "GET /xingrg/all/function/internal_message.html?_=1628300567016&CODE_STATE=getMsg HTTP/1.1" 200 27
180.174.224.95 - - [07/Aug/2021:09:43:00 +0800] "GET /xingrg/all/function/internal_message.html?_=1628300551791&CODE_STATE=getMsg HTTP/1.1" 200 27
172.20.0.100 - - [07/Aug/2021:09:43:02 +0800] "GET /xingrg/all/function/internal_message.html?_=1628300578604&CODE_STATE=getMsg HTTP/1.1" 200 27
172.20.0.100 - - [07/Aug/2021:09:43:02 +0800] "GET /xingrg/check_reg.html?_=1628300578607 HTTP/1.1" 200 22
114.88.154.248 - - [07/Aug/2021:09:43:03 +0800] "GET /xingrg/kc/buy/cgsh_order_operate.html?command=get_materiel&rest_code=00141&code=00101006056&supplier_code=00100012&order_time=2021-08-07 HTTP/1.1" 200 413
114.83.220.205 - - [07/Aug/2021:09:43:03 +0800] "GET /xingrg/check_reg.html?_=1628300578045 HTTP/1.1" 200 22
114.83.220.205 - - [07/Aug/2021:09:43:03 +0800] "GET /xingrg/all/function/internal_message.html?_=1628300578038&CODE_STATE=getMsg HTTP/1.1" 200 27
116.237.74.182 - - [07/Aug/2021:09:43:03 +0800] "GET /xingrg/kc/buy/cgsh_order_operate.html?command=get_materiel&rest_code=00106&code=00101006123&supplier_code=00100015&order_time=2021-08-07 HTTP/1.1" 200 411
180.169.147.146 - - [07/Aug/2021:09:43:03 +0800] "GET /xingrg/all/function/internal_message.html?_=1628300582006&CODE_STATE=getMsg HTTP/1.1" 200 27
180.169.147.146 - - [07/Aug/2021:09:43:05 +0800] "GET /xingrg/all/function/internal_message.html?_=1628300583419&CODE_STATE=getMsg HTTP/1.1" 200 27
116.235.222.38 - - [07/Aug/2021:09:43:05 +0800] "GET /xingrg/kc/buy/cgsh_order_operate.html?command=get_materiel&rest_code=00107&code=00101016051&supplier_code=00100033&order_time=2021-08-07 HTTP/1.1" 200 408
222.70.183.193 - - [07/Aug/2021:09:43:05 +0800] "GET /xingrg/all/function/internal_message.html?_=1628300613174&CODE_STATE=getMsg HTTP/1.1" 302 -
222.70.246.151 - - [07/Aug/2021:09:43:08 +0800] "GET /xingrg/all/function/internal_message.html?_=1628300605051&CODE_STATE=getMsg HTTP/1.1" 200 27
116.235.222.38 - - [07/Aug/2021:09:43:08 +0800] "GET /xingrg/check_reg.html?_=1628300575762 HTTP/1.1" 200 22
116.235.222.38 - - [07/Aug/2021:09:43:09 +0800] "GET /xingrg/all/function/internal_message.html?_=1628300576092&CODE_STATE=getMsg HTTP/1.1" 200 27
58.221.95.50 - - [07/Aug/2021:09:43:09 +0800] "GET /xingrg/kc/base/wldb_order_add.html HTTP/1.1" 200 30401
58.221.95.50 - - [07/Aug/2021:09:43:10 +0800] "POST /xingrg/kc/base/wldb_order_operate.html HTTP/1.1" 200 6806
58.221.95.50 - - [07/Aug/2021:09:43:10 +0800] "GET /xingrg/javascript/easyui/themes/default/validatebox.css HTTP/1.1" 404 1104
58.221.95.50 - - [07/Aug/2021:09:43:12 +0800] "POST /xingrg/all/common/load_combo.html?type=base HTTP/1.1" 200 890
222.70.246.151 - - [07/Aug/2021:09:43:12 +0800] "GET /xingrg/all/function/internal_message.html?_=1628300605953&CODE_STATE=getMsg HTTP/1.1" 302 -
58.221.95.50 - - [07/Aug/2021:09:43:13 +0800] "POST /xingrg/all/common/load_combo.html?type=base HTTP/1.1" 200 890
116.230.110.80 - - [07/Aug/2021:09:43:15 +0800] "GET /xingrg/all/function/internal_message.html?_=1628300574699&CODE_STATE=getMsg HTTP/1.1" 200 27
116.235.222.38 - - [07/Aug/2021:09:43:16 +0800] "GET /xingrg/kc/buy/cgsh_order_operate.html?command=get_materiel&rest_code=00107&code=00101016100&supplier_code=00100033&order_time=2021-08-07 HTTP/1.1" 200 412
114.86.231.177 - - [07/Aug/2021:09:43:17 +0800] "GET /xingrg/all/function/internal_message.html?_=1628300598469&CODE_STATE=getMsg HTTP/1.1" 200 27
116.237.74.182 - - [07/Aug/2021:09:43:17 +0800] "GET /xingrg/kc/buy/cgsh_order_operate.html?command=get_materiel&rest_code=00106&code=00101006058&supplier_code=00100015&order_time=2021-08-07 HTTP/1.1" 200 413
222.70.183.193 - - [07/Aug/2021:09:43:18 +0800] "GET /xingrg/all/function/internal_message.html?_=1628300591045&CODE_STATE=getMsg HTTP/1.1" 200 27
101.83.145.79 - - [07/Aug/2021:09:43:18 +0800] "GET /xingrg/all/function/internal_message.html?_=1628300551931&CODE_STATE=getMsg HTTP/1.1" 200 27
180.174.224.95 - - [07/Aug/2021:09:43:22 +0800] "POST /xingrg/kc/buy/cgsh_order_operate.html HTTP/1.1" 200 37
101.83.145.79 - - [07/Aug/2021:09:43:23 +0800] "GET /xingrg/all/function/internal_message.html?_=1628300598341&CODE_STATE=getMsg HTTP/1.1" 200 27
180.156.224.123 - - [07/Aug/2021:09:43:24 +0800] "GET /xingrg/all/function/internal_message.html?_=1628300552558&CODE_STATE=getMsg HTTP/1.1" 200 27
180.174.224.95 - - [07/Aug/2021:09:43:25 +0800] "POST /xingrg/kc/buy/cgsh_order_operate.html HTTP/1.1" 200 12
114.88.154.248 - - [07/Aug/2021:09:43:26 +0800] "GET /xingrg/all/function/internal_message.html?_=1628300503887&CODE_STATE=getMsg HTTP/1.1" 200 27
114.88.154.248 - - [07/Aug/2021:09:43:26 +0800] "GET /xingrg/kc/buy/cgsh_order_operate.html?command=get_materiel&rest_code=00141&code=00101006178&supplier_code=00100012&order_time=2021-08-07 HTTP/1.1" 200 409
116.237.74.182 - - [07/Aug/2021:09:43:26 +0800] "GET /xingrg/kc/buy/cgsh_order_operate.html?command=get_materiel&rest_code=00106&code=00101006112&supplier_code=00100015&order_time=2021-08-07 HTTP/1.1" 200 409
101.85.93.96 - - [07/Aug/2021:09:43:28 +0800] "GET /xingrg/all/function/internal_message.html?_=1628300576723&CODE_STATE=getMsg HTTP/1.1" 200 27
116.235.222.38 - - [07/Aug/2021:09:43:28 +0800] "GET /xingrg/kc/buy/cgsh_order_operate.html?command=get_materiel&rest_code=00107&code=00101016080&supplier_code=00100033&order_time=2021-08-07 HTTP/1.1" 200 408
58.221.95.50 - - [07/Aug/2021:09:43:30 +0800] "GET /xingrg/kc/base/wldb_order_operate.html?command=get_materiel&rest_code=00152&base_code=0010647&code=00102001065 HTTP/1.1" 200 431
58.40.7.146 - - [07/Aug/2021:09:43:32 +0800] "GET /xingrg/all/function/internal_message.html?_=1628300607381&CODE_STATE=getMsg HTTP/1.1" 200 27
114.88.154.248 - - [07/Aug/2021:09:43:35 +0800] "GET /xingrg/kc/buy/cgsh_order_operate.html?command=get_materiel&rest_code=00141&code=00101006111&supplier_code=00100012&order_time=2021-08-07 HTTP/1.1" 200 409
180.174.224.95 - - [07/Aug/2021:09:43:37 +0800] "GET /xingrg/kc/buy/cgsh_order_info.html?code=212021080702878 HTTP/1.1" 200 57999
58.221.95.50 - - [07/Aug/2021:09:43:38 +0800] "GET /xingrg/kc/base/wldb_order_operate.html?command=get_materiel&rest_code=00152&base_code=0010647&code=00102002145 HTTP/1.1" 200 434
180.174.224.95 - - [07/Aug/2021:09:43:38 +0800] "GET /xingrg/javascript/easyui/themes/default/validatebox.css HTTP/1.1" 404 1104
180.174.224.95 - - [07/Aug/2021:09:43:39 +0800] "POST /xingrg/kc/buy/cgsh_order_operate.html HTTP/1.1" 200 7739
180.174.224.95 - - [07/Aug/2021:09:43:41 +0800] "GET /xingrg/kc/print/load_config.html?kc_code=cgsh HTTP/1.1" 200 1994
180.174.224.95 - - [07/Aug/2021:09:43:41 +0800] "GET /xingrg/kc/print/load_data.html?order_code=212021080702878&kc_code=cgsh&condition= HTTP/1.1" 200 3394
58.221.95.50 - - [07/Aug/2021:09:43:41 +0800] "GET /xingrg/all/function/internal_message.html?_=1628300617489&CODE_STATE=getMsg HTTP/1.1" 200 27
58.221.95.50 - - [07/Aug/2021:09:43:42 +0800] "GET /xingrg/check_reg.html?_=1628300617903 HTTP/1.1" 200 22
116.235.222.38 - - [07/Aug/2021:09:43:44 +0800] "GET /xingrg/kc/buy/cgsh_order_operate.html?command=get_materiel&rest_code=00107&code=00101012030&supplier_code=00100033&order_time=2021-08-07 HTTP/1.1" 200 416
114.88.154.248 - - [07/Aug/2021:09:43:45 +0800] "GET /xingrg/kc/buy/cgsh_order_operate.html?command=get_materiel&rest_code=00141&code=00101006062&supplier_code=00100012&order_time=2021-08-07 HTTP/1.1" 200 409
58.221.95.50 - - [07/Aug/2021:09:43:53 +0800] "GET /xingrg/kc/base/wldb_order_operate.html?command=get_materiel&rest_code=00152&base_code=0010647&code=00102002466 HTTP/1.1" 200 431
180.174.224.95 - - [07/Aug/2021:09:43:55 +0800] "GET /xingrg/kc/buy/cgsh_order_add.html HTTP/1.1" 200 63102
116.237.74.182 - - [07/Aug/2021:09:43:56 +0800] "GET /xingrg/all/function/internal_message.html?_=1628300626994&CODE_STATE=getMsg HTTP/1.1" 200 27
180.174.224.95 - - [07/Aug/2021:09:43:56 +0800] "POST /xingrg/kc/buy/cgsh_order_operate.html HTTP/1.1" 200 8245
114.88.154.248 - - [07/Aug/2021:09:43:56 +0800] "GET /xingrg/kc/buy/cgsh_order_operate.html?command=get_materiel&rest_code=00141&code=00101018011&supplier_code=00100012&order_time=2021-08-07 HTTP/1.1" 200 413
180.174.224.95 - - [07/Aug/2021:09:43:56 +0800] "GET /xingrg/javascript/easyui/themes/default/validatebox.css HTTP/1.1" 404 1104
180.174.224.95 - - [07/Aug/2021:09:44:00 +0800] "GET /xingrg/all/function/internal_message.html?_=1628300611807&CODE_STATE=getMsg HTTP/1.1" 200 27
180.156.224.123 - - [07/Aug/2021:09:44:01 +0800] "GET /xingrg/kc/buy/cgsh_order_operate.html?command=get_materiel&rest_code=00150&code=00101008301&supplier_code=00100007&order_time=2021-08-07 HTTP/1.1" 200 422
172.20.0.100 - - [07/Aug/2021:09:44:02 +0800] "GET /xingrg/all/function/internal_message.html?_=1628300638608&CODE_STATE=getMsg HTTP/1.1" 200 27
114.83.220.205 - - [07/Aug/2021:09:44:03 +0800] "GET /xingrg/all/function/internal_message.html?_=1628300638057&CODE_STATE=getMsg HTTP/1.1" 200 27
180.169.147.146 - - [07/Aug/2021:09:44:04 +0800] "GET /xingrg/all/function/internal_message.html?_=1628300642014&CODE_STATE=getMsg HTTP/1.1" 200 27
180.169.147.146 - - [07/Aug/2021:09:44:05 +0800] "GET /xingrg/all/function/internal_message.html?_=1628300643442&CODE_STATE=getMsg HTTP/1.1" 200 27
222.70.183.193 - - [07/Aug/2021:09:44:05 +0800] "GET /xingrg/check_reg.html?_=1628300673174 HTTP/1.1" 302 -
222.70.183.193 - - [07/Aug/2021:09:44:05 +0800] "GET /xingrg/all/function/internal_message.html?_=1628300673175&CODE_STATE=getMsg HTTP/1.1" 302 -
222.70.246.151 - - [07/Aug/2021:09:44:08 +0800] "GET /xingrg/all/function/internal_message.html?_=1628300665655&CODE_STATE=getMsg HTTP/1.1" 200 27
116.235.222.38 - - [07/Aug/2021:09:44:09 +0800] "GET /xingrg/all/function/internal_message.html?_=1628300636072&CODE_STATE=getMsg HTTP/1.1" 200 27
222.70.246.151 - - [07/Aug/2021:09:44:12 +0800] "GET /xingrg/all/function/internal_message.html?_=1628300665982&CODE_STATE=getMsg HTTP/1.1" 302 -
101.83.145.79 - - [07/Aug/2021:09:44:14 +0800] "GET /xingrg/kc/buy/cgsh_order_operate.html?command=get_materiel&rest_code=00105&code=00101006029&supplier_code=00100012&order_time=2021-08-07 HTTP/1.1" 200 409
116.230.110.80 - - [07/Aug/2021:09:44:15 +0800] "GET /xingrg/all/function/internal_message.html?_=1628300634692&CODE_STATE=getMsg HTTP/1.1" 200 27
116.235.222.38 - - [07/Aug/2021:09:44:16 +0800] "GET /xingrg/kc/buy/cgsh_order_operate.html?command=get_materiel&rest_code=00107&code=00101016010&supplier_code=00100033&order_time=2021-08-07 HTTP/1.1" 200 408
114.88.154.248 - - [07/Aug/2021:09:44:17 +0800] "GET /xingrg/kc/buy/cgsh_order_operate.html?command=get_materiel&rest_code=00141&code=00101006184&supplier_code=00100012&order_time=2021-08-07 HTTP/1.1" 200 408
114.86.231.177 - - [07/Aug/2021:09:44:17 +0800] "GET /xingrg/all/function/internal_message.html?_=1628300658471&CODE_STATE=getMsg HTTP/1.1" 200 27
222.70.183.193 - - [07/Aug/2021:09:44:18 +0800] "GET /xingrg/all/function/internal_message.html?_=1628300651046&CODE_STATE=getMsg HTTP/1.1" 200 27
101.83.145.79 - - [07/Aug/2021:09:44:18 +0800] "GET /xingrg/all/function/internal_message.html?_=1628300611929&CODE_STATE=getMsg HTTP/1.1" 200 27
101.83.145.79 - - [07/Aug/2021:09:44:23 +0800] "GET /xingrg/all/function/internal_message.html?_=1628300658351&CODE_STATE=getMsg HTTP/1.1" 200 27
180.174.224.95 - - [07/Aug/2021:09:44:23 +0800] "GET /xingrg/css/images/panel_loading.gif HTTP/1.1" 200 1737
180.174.224.95 - - [07/Aug/2021:09:44:23 +0800] "GET /xingrg/javascript/easyui/plugins/jquery.draggable.js HTTP/1.1" 200 6121
180.174.224.95 - - [07/Aug/2021:09:44:23 +0800] "GET /xingrg/javascript/easyui/plugins/jquery.droppable.js HTTP/1.1" 200 1167
180.174.224.95 - - [07/Aug/2021:09:44:23 +0800] "GET /xingrg/javascript/easyui/themes/default/tree.css HTTP/1.1" 404 1090
180.174.224.95 - - [07/Aug/2021:09:44:23 +0800] "GET /xingrg/javascript/easyui/plugins/jquery.tree.js HTTP/1.1" 200 20874
180.174.224.95 - - [07/Aug/2021:09:44:24 +0800] "POST /xingrg/all/common/load_tree.html?tree=supplier_tree_json&isDelete=1 HTTP/1.1" 200 57192
180.156.224.123 - - [07/Aug/2021:09:44:24 +0800] "GET /xingrg/all/function/internal_message.html?_=1628300612572&CODE_STATE=getMsg HTTP/1.1" 200 27
114.88.154.248 - - [07/Aug/2021:09:44:26 +0800] "GET /xingrg/all/function/internal_message.html?_=1628300563902&CODE_STATE=getMsg HTTP/1.1" 200 27
180.174.224.95 - - [07/Aug/2021:09:44:26 +0800] "GET /xingrg/javascript/easyui/themes/default/images/tree_arrows.gif HTTP/1.1" 200 617
180.174.224.95 - - [07/Aug/2021:09:44:27 +0800] "GET /xingrg/javascript/easyui/themes/default/images/tree_folder_open.gif HTTP/1.1" 200 956
180.174.224.95 - - [07/Aug/2021:09:44:27 +0800] "GET /xingrg/javascript/easyui/themes/default/images/tree_folder.gif HTTP/1.1" 200 952
180.174.224.95 - - [07/Aug/2021:09:44:27 +0800] "GET /xingrg/javascript/easyui/themes/default/images/tree_file.gif HTTP/1.1" 200 118
101.85.93.96 - - [07/Aug/2021:09:44:28 +0800] "GET /xingrg/all/function/internal_message.html?_=1628300636722&CODE_STATE=getMsg HTTP/1.1" 200 27
222.70.246.151 - - [07/Aug/2021:09:44:31 +0800] "GET /xingrg/check_reg.html?_=1628300688184 HTTP/1.1" 200 22
58.40.7.146 - - [07/Aug/2021:09:44:32 +0800] "GET /xingrg/all/function/internal_message.html?_=1628300667386&CODE_STATE=getMsg HTTP/1.1" 200 27
114.88.154.248 - - [07/Aug/2021:09:44:40 +0800] "POST /xingrg/kc/buy/cgsh_order_operate.html HTTP/1.1" 200 37
180.169.147.146 - - [07/Aug/2021:09:44:41 +0800] "GET /xingrg/check_reg.html?_=1628300679203 HTTP/1.1" 200 22
58.221.95.50 - - [07/Aug/2021:09:44:41 +0800] "GET /xingrg/all/function/internal_message.html?_=1628300677469&CODE_STATE=getMsg HTTP/1.1" 200 27
114.88.154.248 - - [07/Aug/2021:09:44:43 +0800] "POST /xingrg/kc/buy/cgsh_order_operate.html HTTP/1.1" 200 12
114.88.154.248 - - [07/Aug/2021:09:44:43 +0800] "GET /xingrg/kc/buy/cgsh_order_info.html?code=212021080702886 HTTP/1.1" 200 58058
114.88.154.248 - - [07/Aug/2021:09:44:44 +0800] "GET /xingrg/javascript/easyui/themes/default/validatebox.css HTTP/1.1" 404 1104
114.88.154.248 - - [07/Aug/2021:09:44:44 +0800] "POST /xingrg/kc/buy/cgsh_order_operate.html HTTP/1.1" 200 4148
116.237.74.182 - - [07/Aug/2021:09:44:44 +0800] "GET /xingrg/kc/buy/cgsh_order_operate.html?command=get_materiel&rest_code=00106&code=00101006133&supplier_code=00100015&order_time=2021-08-07 HTTP/1.1" 200 415
120.253.135.82 - - [07/Aug/2021:09:44:45 +0800] "GET /xingrg/check_reg.html?_=1628300458368 HTTP/1.1" 200 22
114.88.154.248 - - [07/Aug/2021:09:44:45 +0800] "GET /xingrg/kc/print/load_data.html?order_code=212021080702886&kc_code=cgsh&condition= HTTP/1.1" 200 2146
58.221.95.50 - - [07/Aug/2021:09:44:46 +0800] "POST /xingrg/kc/base/wldb_order_operate.html HTTP/1.1" 200 37
58.221.95.50 - - [07/Aug/2021:09:44:47 +0800] "POST /xingrg/kc/base/wldb_order_operate.html HTTP/1.1" 200 3159
101.85.93.96 - - [07/Aug/2021:09:44:47 +0800] "GET /xingrg/kc/buy/cgsh_order_operate.html?command=get_materiel&rest_code=00142&code=00101016011&supplier_code=00100311&order_time=2021-08-07 HTTP/1.1" 200 429
58.221.95.50 - - [07/Aug/2021:09:44:48 +0800] "GET /xingrg/kc/base/wldb_order_info.html?code=422021080700697 HTTP/1.1" 200 30416
58.221.95.50 - - [07/Aug/2021:09:44:48 +0800] "GET /xingrg/javascript/easyui/themes/default/validatebox.css HTTP/1.1" 404 1104
58.221.95.50 - - [07/Aug/2021:09:44:48 +0800] "POST /xingrg/kc/base/wldb_order_operate.html HTTP/1.1" 200 3159
114.88.154.248 - - [07/Aug/2021:09:44:49 +0800] "GET /xingrg/kc/buy/cgsh_order_add.html HTTP/1.1" 200 63149
114.88.154.248 - - [07/Aug/2021:09:44:49 +0800] "POST /xingrg/kc/buy/cgsh_order_operate.html HTTP/1.1" 200 8245
114.88.154.248 - - [07/Aug/2021:09:44:49 +0800] "GET /xingrg/javascript/easyui/themes/default/validatebox.css HTTP/1.1" 404 1104
180.174.224.95 - - [07/Aug/2021:09:44:51 +0800] "GET /xingrg/kc/buy/cgsh_order_operate.html?command=get_materiel&rest_code=00102&code=00101005037&supplier_code=00100400&order_time=2021-08-07 HTTP/1.1" 200 409
116.237.74.182 - - [07/Aug/2021:09:44:54 +0800] "GET /xingrg/kc/buy/cgsh_order_operate.html?command=get_materiel&rest_code=00106&code=00101006062&supplier_code=00100015&order_time=2021-08-07 HTTP/1.1" 200 411
116.237.74.182 - - [07/Aug/2021:09:44:56 +0800] "GET /xingrg/all/function/internal_message.html?_=1628300686996&CODE_STATE=getMsg HTTP/1.1" 200 27
114.88.154.248 - - [07/Aug/2021:09:44:58 +0800] "GET /xingrg/kc/buy/cgsh_order_operate.html?command=get_materiel&rest_code=00141&code=00101007061&supplier_code=00100004&order_time=2021-08-07 HTTP/1.1" 200 409
180.174.224.95 - - [07/Aug/2021:09:45:00 +0800] "GET /xingrg/all/function/internal_message.html?_=1628300671821&CODE_STATE=getMsg HTTP/1.1" 200 27
172.20.0.100 - - [07/Aug/2021:09:45:02 +0800] "GET /xingrg/all/function/internal_message.html?_=1628300698611&CODE_STATE=getMsg HTTP/1.1" 200 27
114.83.220.205 - - [07/Aug/2021:09:45:03 +0800] "GET /xingrg/all/function/internal_message.html?_=1628300698043&CODE_STATE=getMsg HTTP/1.1" 200 27
180.169.147.146 - - [07/Aug/2021:09:45:04 +0800] "GET /xingrg/all/function/internal_message.html?_=1628300702034&CODE_STATE=getMsg HTTP/1.1" 200 27
116.237.74.182 - - [07/Aug/2021:09:45:05 +0800] "GET /xingrg/kc/buy/cgsh_order_operate.html?command=get_materiel&rest_code=00106&code=00101006193&supplier_code=00100015&order_time=2021-08-07 HTTP/1.1" 200 409
180.169.147.146 - - [07/Aug/2021:09:45:05 +0800] "GET /xingrg/all/function/internal_message.html?_=1628300703452&CODE_STATE=getMsg HTTP/1.1" 200 27
222.70.183.193 - - [07/Aug/2021:09:45:05 +0800] "GET /xingrg/all/function/internal_message.html?_=1628300733174&CODE_STATE=getMsg HTTP/1.1" 302 -
101.85.93.96 - - [07/Aug/2021:09:45:08 +0800] "POST /xingrg/kc/buy/cgsh_order_operate.html HTTP/1.1" 200 37
114.88.154.248 - - [07/Aug/2021:09:45:08 +0800] "GET /xingrg/kc/buy/cgsh_order_operate.html?command=get_materiel&rest_code=00141&code=00101007071&supplier_code=00100004&order_time=2021-08-07 HTTP/1.1" 200 23
222.70.246.151 - - [07/Aug/2021:09:45:08 +0800] "GET /xingrg/all/function/internal_message.html?_=1628300725655&CODE_STATE=getMsg HTTP/1.1" 200 27
116.235.222.38 - - [07/Aug/2021:09:45:09 +0800] "GET /xingrg/all/function/internal_message.html?_=1628300696226&CODE_STATE=getMsg HTTP/1.1" 200 27
101.85.93.96 - - [07/Aug/2021:09:45:09 +0800] "POST /xingrg/kc/buy/cgsh_order_operate.html HTTP/1.1" 200 5032
180.174.224.95 - - [07/Aug/2021:09:45:10 +0800] "GET /xingrg/kc/buy/cgsh_order_operate.html?command=get_materiel&rest_code=00102&code=00101002027&supplier_code=00100400&order_time=2021-08-07 HTTP/1.1" 200 413
222.70.246.151 - - [07/Aug/2021:09:45:12 +0800] "GET /xingrg/all/function/internal_message.html?_=1628300725995&CODE_STATE=getMsg HTTP/1.1" 302 -
114.88.154.248 - - [07/Aug/2021:09:45:13 +0800] "GET /xingrg/login.html HTTP/1.1" 200 7641
114.88.154.248 - - [07/Aug/2021:09:45:13 +0800] "GET /favicon.ico HTTP/1.1" 404 -
116.237.74.182 - - [07/Aug/2021:09:45:13 +0800] "GET /xingrg/kc/buy/cgsh_order_operate.html?command=get_materiel&rest_code=00106&code=00101006029&supplier_code=00100015&order_time=2021-08-07 HTTP/1.1" 200 411
114.88.154.248 - - [07/Aug/2021:09:45:14 +0800] "POST /xingrg/login.do HTTP/1.1" 302 -
114.88.154.248 - - [07/Aug/2021:09:45:14 +0800] "GET /xingrg/index.html?sysBaseUrl=http%3A%2F%2F180.169.147.146%3A18081%2Fxingrg%2F&costTime=40×tamp=1628300714861 HTTP/1.1" 200 17179
114.88.154.248 - - [07/Aug/2021:09:45:15 +0800] "GET /favicon.ico HTTP/1.1" 404 -
116.235.222.38 - - [07/Aug/2021:09:45:15 +0800] "GET /xingrg/kc/buy/cgsh_order_operate.html?command=get_materiel&rest_code=00107&code=00101012059&supplier_code=00100033&order_time=2021-08-07 HTTP/1.1" 200 412
116.230.110.80 - - [07/Aug/2021:09:45:15 +0800] "GET /xingrg/all/function/internal_message.html?_=1628300694694&CODE_STATE=getMsg HTTP/1.1" 200 27
114.88.154.248 - - [07/Aug/2021:09:45:15 +0800] "POST /xingrg/all/common/load_tree.html?tree=area_rest_tree_json&manage=1 HTTP/1.1" 200 351
114.88.154.248 - - [07/Aug/2021:09:45:15 +0800] "GET /xingrg/check_reg.html?_=1628300612807 HTTP/1.1" 200 22
114.88.154.248 - - [07/Aug/2021:09:45:15 +0800] "GET /xingrg/all/function/internal_message.html?_=1628300612806&CODE_STATE=count HTTP/1.1" 200 11
114.88.154.248 - - [07/Aug/2021:09:45:15 +0800] "POST /xingrg/load_menu.html HTTP/1.1" 200 5138
114.88.154.248 - - [07/Aug/2021:09:45:16 +0800] "GET /xingrg/kc/buy/buy_main.html HTTP/1.1" 200 12412
114.88.154.248 - - [07/Aug/2021:09:45:16 +0800] "GET /xingrg/css/new_ie.css HTTP/1.1" 404 1036
114.88.154.248 - - [07/Aug/2021:09:45:16 +0800] "GET /xingrg/images/yd/bt.gif HTTP/1.1" 404 1040
114.88.154.248 - - [07/Aug/2021:09:45:17 +0800] "GET /xingrg/kc/buy/cgsh_order_list.html HTTP/1.1" 200 47411
114.86.231.177 - - [07/Aug/2021:09:45:17 +0800] "GET /xingrg/all/function/internal_message.html?_=1628300718474&CODE_STATE=getMsg HTTP/1.1" 200 27
222.70.183.193 - - [07/Aug/2021:09:45:18 +0800] "GET /xingrg/all/function/internal_message.html?_=1628300711046&CODE_STATE=getMsg HTTP/1.1" 200 27
114.88.154.248 - - [07/Aug/2021:09:45:18 +0800] "POST /xingrg/kc/buy/cgsh_list_operate.html HTTP/1.1" 200 876
101.83.145.79 - - [07/Aug/2021:09:45:18 +0800] "GET /xingrg/all/function/internal_message.html?_=1628300671929&CODE_STATE=getMsg HTTP/1.1" 200 27
114.88.154.248 - - [07/Aug/2021:09:45:18 +0800] "GET /xingrg/kc/buy/cgsh_order_add.html HTTP/1.1" 200 63149
