180.156.224.123 - - [05/Aug/2021:10:28:26 +0800] "GET /xingrg/javascript/easyui/themes/default/easyui.css HTTP/1.1" 304 -
180.156.224.123 - - [05/Aug/2021:10:28:26 +0800] "GET /xingrg/css/base.css HTTP/1.1" 304 -
180.156.224.123 - - [05/Aug/2021:10:28:26 +0800] "GET /xingrg/javascript/jquery_tools/fix.css HTTP/1.1" 304 -
180.156.224.123 - - [05/Aug/2021:10:28:26 +0800] "GET /xingrg/javascript/auto/jquery.autocomplete.css HTTP/1.1" 304 -
180.156.224.123 - - [05/Aug/2021:10:28:26 +0800] "GET /xingrg/javascript/jquery_tools/jquery.tools.extend.js HTTP/1.1" 304 -
180.156.224.123 - - [05/Aug/2021:10:28:26 +0800] "GET /xingrg/javascript/easyui/themes/icon.css HTTP/1.1" 304 -
180.156.224.123 - - [05/Aug/2021:10:28:26 +0800] "GET /xingrg/javascript/jquery_tools/jquery.tools.table.js HTTP/1.1" 304 -
180.156.224.123 - - [05/Aug/2021:10:28:26 +0800] "GET /xingrg/javascript/jquery_tools/list_manager.js HTTP/1.1" 304 -
180.156.224.123 - - [05/Aug/2021:10:28:26 +0800] "GET /xingrg/javascript/jquery_tools/table.css HTTP/1.1" 304 -
180.156.224.123 - - [05/Aug/2021:10:28:26 +0800] "GET /xingrg/javascript/jquery_tools/jquery.tools.min.js HTTP/1.1" 304 -
180.156.224.123 - - [05/Aug/2021:10:28:26 +0800] "GET /xingrg/javascript/auto/jquery.autocomplete.js HTTP/1.1" 304 -
180.156.224.123 - - [05/Aug/2021:10:28:26 +0800] "GET /xingrg/javascript/jquery_tools/jquery.tools.hotkey.js HTTP/1.1" 304 -
180.156.224.123 - - [05/Aug/2021:10:28:26 +0800] "GET /xingrg/javascript/jquery.cookie.js HTTP/1.1" 304 -
180.156.224.123 - - [05/Aug/2021:10:28:26 +0800] "GET /xingrg/javascript/easyui/easyloader.js HTTP/1.1" 304 -
180.156.224.123 - - [05/Aug/2021:10:28:26 +0800] "GET /xingrg/javascript/print/LodopFuncs.js HTTP/1.1" 304 -
180.156.224.123 - - [05/Aug/2021:10:28:26 +0800] "GET /xingrg/kc/buy/cgsh_order_list.html HTTP/1.1" 200 47409
180.156.224.123 - - [05/Aug/2021:10:28:26 +0800] "GET /xingrg/javascript/easyui/plugins/jquery.parser.js HTTP/1.1" 304 -
180.174.224.95 - - [05/Aug/2021:10:28:29 +0800] "GET /xingrg/kc/buy/cgsh_order_operate.html?command=get_materiel&rest_code=00102&code=00101008264&supplier_code=00100008&order_time=2021-08-05 HTTP/1.1" 200 412
180.156.224.123 - - [05/Aug/2021:10:28:29 +0800] "POST /xingrg/kc/buy/cgsh_list_operate.html HTTP/1.1" 200 1714
222.70.246.151 - - [05/Aug/2021:10:28:29 +0800] "GET /xingrg/kc/buy/cgsh_order_operate.html?command=get_materiel&rest_code=00146&code=00101008230&supplier_code=00100005&order_time=2021-08-05 HTTP/1.1" 200 408
222.70.246.151 - - [05/Aug/2021:10:28:30 +0800] "GET /xingrg/all/function/internal_message.html?_=1628130518259&CODE_STATE=getMsg HTTP/1.1" 302 -
116.237.74.182 - - [05/Aug/2021:10:28:30 +0800] "GET /xingrg/all/function/internal_message.html?_=1628130504532&CODE_STATE=getMsg HTTP/1.1" 200 27
180.156.224.123 - - [05/Aug/2021:10:28:31 +0800] "POST /xingrg/kc/buy/cgsh_list_operate.html HTTP/1.1" 200 285
116.235.222.38 - - [05/Aug/2021:10:28:32 +0800] "GET /xingrg/all/function/internal_message.html?_=1628130504474&CODE_STATE=getMsg HTTP/1.1" 200 27
180.156.224.123 - - [05/Aug/2021:10:28:32 +0800] "GET /xingrg/javascript/pic_change.js HTTP/1.1" 304 -
180.156.224.123 - - [05/Aug/2021:10:28:32 +0800] "GET /xingrg/javascript/json2.js HTTP/1.1" 304 -
180.156.224.123 - - [05/Aug/2021:10:28:32 +0800] "GET /xingrg/javascript/convert.js HTTP/1.1" 304 -
180.156.224.123 - - [05/Aug/2021:10:28:32 +0800] "GET /xingrg/javascript/print/kc_print.js HTTP/1.1" 304 -
180.156.224.123 - - [05/Aug/2021:10:28:32 +0800] "GET /xingrg/javascript/jquery_tools/order_manager.js HTTP/1.1" 304 -
180.156.224.123 - - [05/Aug/2021:10:28:32 +0800] "GET /xingrg/kc/buy/cgsh_order_info.html?code=212021080501885 HTTP/1.1" 200 62810
180.156.224.123 - - [05/Aug/2021:10:28:32 +0800] "GET /xingrg/words/20210804153505_words.js HTTP/1.1" 304 -
180.156.224.123 - - [05/Aug/2021:10:28:32 +0800] "GET /xingrg/javascript/easyui/themes/default/validatebox.css HTTP/1.1" 404 1104
180.156.224.123 - - [05/Aug/2021:10:28:32 +0800] "GET /xingrg/javascript/easyui/plugins/jquery.validatebox.js HTTP/1.1" 304 -
180.156.224.123 - - [05/Aug/2021:10:28:32 +0800] "GET /xingrg/all/common/auto_word.html?type=employee&rest_code=00151 HTTP/1.1" 200 293
180.156.224.123 - - [05/Aug/2021:10:28:32 +0800] "GET /xingrg/all/common/auto_word.html?type=employee&rest_code=00151 HTTP/1.1" 200 293
180.156.224.123 - - [05/Aug/2021:10:28:32 +0800] "GET /xingrg/javascript/easyui/plugins/jquery.numberbox.js HTTP/1.1" 304 -
180.156.224.123 - - [05/Aug/2021:10:28:33 +0800] "POST /xingrg/kc/buy/cgsh_order_operate.html HTTP/1.1" 200 3264
101.83.145.79 - - [05/Aug/2021:10:28:34 +0800] "GET /xingrg/all/function/internal_message.html?_=1628130512597&CODE_STATE=getMsg HTTP/1.1" 200 27
180.174.224.95 - - [05/Aug/2021:10:28:35 +0800] "POST /xingrg/services/DataTransmitService HTTP/1.1" 200 524
180.174.224.95 - - [05/Aug/2021:10:28:36 +0800] "POST /xingrg/services/DataTransmitService HTTP/1.1" 200 2323
180.174.224.95 - - [05/Aug/2021:10:28:36 +0800] "GET /xingrg/kc/buy/cgsh_order_operate.html?command=get_materiel&rest_code=00102&code=00101008069&supplier_code=00100008&order_time=2021-08-05 HTTP/1.1" 200 412
180.174.224.95 - - [05/Aug/2021:10:28:36 +0800] "POST /xingrg/services/DataTransmitService HTTP/1.1" 200 141231
180.156.224.123 - - [05/Aug/2021:10:28:38 +0800] "GET /xingrg/javascript/auto/indicator.gif HTTP/1.1" 404 1066
180.174.224.95 - - [05/Aug/2021:10:28:38 +0800] "GET /xingrg/check_reg.html?_=1628130490457 HTTP/1.1" 200 22
180.174.224.95 - - [05/Aug/2021:10:28:39 +0800] "GET /xingrg/all/function/internal_message.html?_=1628130491312&CODE_STATE=getMsg HTTP/1.1" 200 27
116.237.74.182 - - [05/Aug/2021:10:28:39 +0800] "POST /xingrg/kc/buy/cgsh_order_operate.html HTTP/1.1" 200 37
101.83.145.79 - - [05/Aug/2021:10:28:40 +0800] "GET /xingrg/kc/buy/cgsh_order_operate.html?command=get_materiel&rest_code=00105&code=00101009059&supplier_code=00100024&order_time=2021-08-05 HTTP/1.1" 200 409
222.70.183.193 - - [05/Aug/2021:10:28:42 +0800] "POST /xingrg/dwr/call/plaincall/AjaxQqpsService.checkOrder.dwr HTTP/1.1" 200 78
180.156.224.123 - - [05/Aug/2021:10:28:42 +0800] "GET /xingrg/kc/buy/cgsh_order_operate.html?command=get_materiel&rest_code=00151&code=00101010432&supplier_code=00100325&order_time=2021-08-05 HTTP/1.1" 200 414
116.237.74.182 - - [05/Aug/2021:10:28:44 +0800] "POST /xingrg/kc/buy/cgsh_order_operate.html HTTP/1.1" 200 12
222.70.183.193 - - [05/Aug/2021:10:28:44 +0800] "GET /xingrg/kc/mdqp/qqps_order_info.html?code=302021080500084 HTTP/1.1" 200 26482
222.70.183.193 - - [05/Aug/2021:10:28:44 +0800] "GET /xingrg/dwr/interface/AjaxComOrderService.js HTTP/1.1" 200 18264
222.70.183.193 - - [05/Aug/2021:10:28:44 +0800] "GET /xingrg/dwr/interface/AjaxQqpsService.js HTTP/1.1" 200 16326
222.70.183.193 - - [05/Aug/2021:10:28:44 +0800] "GET /xingrg/dwr/engine.js HTTP/1.1" 200 43631
222.70.183.193 - - [05/Aug/2021:10:28:45 +0800] "POST /xingrg/dwr/call/plaincall/AjaxQqpsService.loadMaterielItems.dwr HTTP/1.1" 200 76
116.235.222.38 - - [05/Aug/2021:10:28:45 +0800] "GET /xingrg/kc/buy/cgsh_order_operate.html?command=get_materiel&rest_code=00107&code=00101008583&supplier_code=00100323&order_time=2021-08-05 HTTP/1.1" 200 403
180.169.147.146 - - [05/Aug/2021:10:28:46 +0800] "GET /xingrg/check_reg.html?_=1628130521455 HTTP/1.1" 200 22
180.169.147.146 - - [05/Aug/2021:10:28:46 +0800] "GET /xingrg/all/function/internal_message.html?_=1628130521460&CODE_STATE=getMsg HTTP/1.1" 200 27
222.70.183.193 - - [05/Aug/2021:10:28:48 +0800] "GET /xingrg/kc/mdqp/qqps_order_add.html HTTP/1.1" 200 28079
222.70.183.193 - - [05/Aug/2021:10:28:48 +0800] "GET /xingrg/dwr/interface/AjaxQqpsService.js HTTP/1.1" 200 16326
222.70.183.193 - - [05/Aug/2021:10:28:48 +0800] "GET /xingrg/dwr/interface/AjaxComOrderService.js HTTP/1.1" 200 18264
222.70.183.193 - - [05/Aug/2021:10:28:49 +0800] "GET /xingrg/dwr/engine.js HTTP/1.1" 200 43631
101.85.93.96 - - [05/Aug/2021:10:28:49 +0800] "GET /xingrg/check_reg.html?_=1628130502739 HTTP/1.1" 200 22
101.85.93.96 - - [05/Aug/2021:10:28:49 +0800] "GET /xingrg/all/function/internal_message.html?_=1628130502737&CODE_STATE=getMsg HTTP/1.1" 200 27
101.83.145.79 - - [05/Aug/2021:10:28:53 +0800] "GET /xingrg/kc/buy/cgsh_order_operate.html?command=get_materiel&rest_code=00105&code=00101009113&supplier_code=00100024&order_time=2021-08-05 HTTP/1.1" 200 398
116.237.74.182 - - [05/Aug/2021:10:28:55 +0800] "GET /xingrg/kc/buy/cgsh_order_info.html?code=212021080501865 HTTP/1.1" 200 58060
116.230.110.80 - - [05/Aug/2021:10:28:55 +0800] "GET /xingrg/all/function/internal_message.html?_=1628130520924&CODE_STATE=getMsg HTTP/1.1" 200 27
116.237.74.182 - - [05/Aug/2021:10:28:55 +0800] "GET /xingrg/javascript/easyui/themes/default/validatebox.css HTTP/1.1" 404 1104
116.237.74.182 - - [05/Aug/2021:10:28:57 +0800] "POST /xingrg/kc/buy/cgsh_order_operate.html HTTP/1.1" 200 38420
180.156.224.123 - - [05/Aug/2021:10:28:58 +0800] "GET /xingrg/kc/buy/cgsh_order_operate.html?command=get_materiel&rest_code=00151&code=00101010164&supplier_code=00100325&order_time=2021-08-05 HTTP/1.1" 200 409
222.70.183.193 - - [05/Aug/2021:10:28:58 +0800] "POST /xingrg/dwr/call/plaincall/AjaxQqpsService.saveOrder.dwr HTTP/1.1" 200 78
114.88.154.248 - - [05/Aug/2021:10:28:58 +0800] "GET /xingrg/all/function/internal_message.html?_=1628130441265&CODE_STATE=getMsg HTTP/1.1" 200 27
114.88.154.248 - - [05/Aug/2021:10:28:58 +0800] "GET /xingrg/check_reg.html?_=1628130441267 HTTP/1.1" 200 22
116.237.74.182 - - [05/Aug/2021:10:29:02 +0800] "GET /xingrg/kc/print/load_config.html?kc_code=cgsh HTTP/1.1" 200 1845
116.237.74.182 - - [05/Aug/2021:10:29:03 +0800] "GET /xingrg/kc/print/load_data.html?order_code=212021080501865&kc_code=cgsh&condition= HTTP/1.1" 200 15028
222.70.183.193 - - [05/Aug/2021:10:29:03 +0800] "POST /xingrg/dwr/call/plaincall/AjaxQqpsService.getMaterielByCode.dwr HTTP/1.1" 200 2603
180.174.224.95 - - [05/Aug/2021:10:29:05 +0800] "GET /xingrg/all/function/internal_message.html?_=1628130541688&CODE_STATE=getMsg HTTP/1.1" 200 27
116.235.222.38 - - [05/Aug/2021:10:29:05 +0800] "POST /xingrg/kc/buy/cgsh_order_operate.html HTTP/1.1" 200 37
180.169.147.146 - - [05/Aug/2021:10:29:05 +0800] "GET /xingrg/all/function/internal_message.html?_=1628130543136&CODE_STATE=getMsg HTTP/1.1" 200 27
222.70.183.193 - - [05/Aug/2021:10:29:07 +0800] "GET /xingrg/check_reg.html?_=1628130543224 HTTP/1.1" 200 22
222.70.183.193 - - [05/Aug/2021:10:29:07 +0800] "GET /xingrg/all/function/internal_message.html?_=1628130543223&CODE_STATE=getMsg HTTP/1.1" 200 27
180.156.224.123 - - [05/Aug/2021:10:29:08 +0800] "POST /xingrg/kc/buy/cgsh_order_operate.html HTTP/1.1" 200 37
180.174.224.95 - - [05/Aug/2021:10:29:08 +0800] "GET /xingrg/kc/buy/cgsh_order_operate.html?command=get_materiel&rest_code=00102&code=00101008286&supplier_code=00100008&order_time=2021-08-05 HTTP/1.1" 200 408
101.83.145.79 - - [05/Aug/2021:10:29:08 +0800] "GET /xingrg/kc/buy/cgsh_order_operate.html?command=get_materiel&rest_code=00105&code=00101009051&supplier_code=00100024&order_time=2021-08-05 HTTP/1.1" 200 409
116.235.222.38 - - [05/Aug/2021:10:29:08 +0800] "POST /xingrg/kc/buy/cgsh_order_operate.html HTTP/1.1" 200 5053
222.70.246.151 - - [05/Aug/2021:10:29:08 +0800] "GET /xingrg/all/function/internal_message.html?_=1628130558423&CODE_STATE=getMsg HTTP/1.1" 200 27
222.70.183.193 - - [05/Aug/2021:10:29:09 +0800] "POST /xingrg/dwr/call/plaincall/AjaxQqpsService.checkOrder.dwr HTTP/1.1" 200 78
116.235.222.38 - - [05/Aug/2021:10:29:09 +0800] "GET /xingrg/kc/print/load_data.html?order_code=212021080501867&kc_code=cgsh&condition= HTTP/1.1" 200 1615
222.70.183.193 - - [05/Aug/2021:10:29:10 +0800] "GET /xingrg/kc/mdqp/qqps_order_info.html?code=302021080500085 HTTP/1.1" 200 26482
222.70.183.193 - - [05/Aug/2021:10:29:10 +0800] "GET /xingrg/dwr/interface/AjaxComOrderService.js HTTP/1.1" 200 18264
222.70.183.193 - - [05/Aug/2021:10:29:10 +0800] "GET /xingrg/dwr/interface/AjaxQqpsService.js HTTP/1.1" 200 16326
222.70.183.193 - - [05/Aug/2021:10:29:10 +0800] "GET /xingrg/dwr/engine.js HTTP/1.1" 200 43631
180.169.147.146 - - [05/Aug/2021:10:29:10 +0800] "GET /xingrg/check_reg.html?_=1628130547734 HTTP/1.1" 200 22
180.156.224.123 - - [05/Aug/2021:10:29:11 +0800] "POST /xingrg/kc/buy/cgsh_order_operate.html HTTP/1.1" 200 12
180.162.111.5 - - [05/Aug/2021:10:29:11 +0800] "GET /xingrg/check_reg.html?_=1628130163496 HTTP/1.1" 200 22
180.162.111.5 - - [05/Aug/2021:10:29:11 +0800] "GET /xingrg/all/function/internal_message.html?_=1628130163497&CODE_STATE=getMsg HTTP/1.1" 200 27
222.70.183.193 - - [05/Aug/2021:10:29:11 +0800] "POST /xingrg/dwr/call/plaincall/AjaxQqpsService.loadMaterielItems.dwr HTTP/1.1" 200 76
180.169.147.146 - - [05/Aug/2021:10:29:11 +0800] "GET /xingrg/all/function/internal_message.html?_=1628130548446&CODE_STATE=getMsg HTTP/1.1" 200 27
180.156.224.123 - - [05/Aug/2021:10:29:12 +0800] "GET /xingrg/kc/buy/cgsh_order_info.html?code=212021080501885 HTTP/1.1" 200 57714
180.156.224.123 - - [05/Aug/2021:10:29:12 +0800] "GET /xingrg/javascript/easyui/themes/default/validatebox.css HTTP/1.1" 404 1104
180.156.224.123 - - [05/Aug/2021:10:29:12 +0800] "POST /xingrg/kc/buy/cgsh_order_operate.html HTTP/1.1" 200 2419
180.156.224.123 - - [05/Aug/2021:10:29:14 +0800] "GET /xingrg/kc/print/load_config.html?kc_code=cgsh HTTP/1.1" 200 1845
116.237.74.182 - - [05/Aug/2021:10:29:14 +0800] "GET /xingrg/kc/print/load_data.html?order_code=212021080501865&kc_code=cgsh HTTP/1.1" 200 15028
180.156.224.123 - - [05/Aug/2021:10:29:14 +0800] "GET /xingrg/kc/print/load_data.html?order_code=212021080501885&kc_code=cgsh&condition= HTTP/1.1" 200 1448
116.235.222.38 - - [05/Aug/2021:10:29:14 +0800] "GET /xingrg/kc/buy/cgsh_order_add.html HTTP/1.1" 200 63231
116.235.222.38 - - [05/Aug/2021:10:29:15 +0800] "GET /xingrg/words/20210804153505_words.js HTTP/1.1" 304 -
116.235.222.38 - - [05/Aug/2021:10:29:15 +0800] "POST /xingrg/kc/buy/cgsh_order_operate.html HTTP/1.1" 200 8245
116.235.222.38 - - [05/Aug/2021:10:29:15 +0800] "GET /xingrg/javascript/easyui/themes/default/validatebox.css HTTP/1.1" 404 1104
116.233.73.10 - - [05/Aug/2021:10:29:16 +0800] "GET /xingrg/all/function/internal_message.html?_=1628130552736&CODE_STATE=getMsg HTTP/1.1" 200 27
180.174.224.95 - - [05/Aug/2021:10:29:16 +0800] "GET /xingrg/kc/buy/cgsh_order_operate.html?command=get_materiel&rest_code=00102&code=00101008036&supplier_code=00100008&order_time=2021-08-05 HTTP/1.1" 200 408
116.235.222.38 - - [05/Aug/2021:10:29:17 +0800] "GET /xingrg/javascript/easyui/themes/default/tree.css HTTP/1.1" 404 1090
116.235.222.38 - - [05/Aug/2021:10:29:17 +0800] "POST /xingrg/all/common/load_tree.html?tree=supplier_tree_json&isDelete=1 HTTP/1.1" 200 57192
120.253.135.82 - - [05/Aug/2021:10:29:18 +0800] "GET /xingrg/all/function/internal_message.html?_=1628130590859&CODE_STATE=getMsg HTTP/1.1" 200 27
101.83.145.79 - - [05/Aug/2021:10:29:20 +0800] "POST /xingrg/kc/buy/cgsh_order_operate.html HTTP/1.1" 200 37
222.70.246.151 - - [05/Aug/2021:10:29:21 +0800] "GET /xingrg/kc/buy/cgsh_order_operate.html?command=get_materiel&rest_code=00146&code=00101020152&supplier_code=00100005&order_time=2021-08-05 HTTP/1.1" 200 416
101.83.145.79 - - [05/Aug/2021:10:29:21 +0800] "POST /xingrg/kc/buy/cgsh_order_operate.html HTTP/1.1" 200 6805
180.156.224.123 - - [05/Aug/2021:10:29:21 +0800] "GET /xingrg/all/function/internal_message.html?_=1628130512888&CODE_STATE=getMsg HTTP/1.1" 200 27
180.156.224.123 - - [05/Aug/2021:10:29:22 +0800] "GET /xingrg/all/function/internal_message.html?_=1628130556431&CODE_STATE=getMsg HTTP/1.1" 200 27
101.83.145.79 - - [05/Aug/2021:10:29:22 +0800] "GET /xingrg/kc/print/load_data.html?order_code=212021080501886&kc_code=cgsh&condition= HTTP/1.1" 200 2268
180.174.224.95 - - [05/Aug/2021:10:29:25 +0800] "GET /xingrg/kc/buy/cgsh_order_operate.html?command=get_materiel&rest_code=00102&code=00101008131&supplier_code=00100008&order_time=2021-08-05 HTTP/1.1" 200 408
101.83.145.79 - - [05/Aug/2021:10:29:26 +0800] "GET /xingrg/kc/buy/cgsh_order_add.html HTTP/1.1" 200 63190
180.156.224.123 - - [05/Aug/2021:10:29:26 +0800] "GET /xingrg/kc/buy/cgsh_order_add.html HTTP/1.1" 200 62797
101.83.145.79 - - [05/Aug/2021:10:29:26 +0800] "POST /xingrg/kc/buy/cgsh_order_operate.html HTTP/1.1" 200 8245
101.83.145.79 - - [05/Aug/2021:10:29:26 +0800] "GET /xingrg/javascript/easyui/themes/default/validatebox.css HTTP/1.1" 404 1104
180.156.224.123 - - [05/Aug/2021:10:29:26 +0800] "POST /xingrg/kc/buy/cgsh_order_operate.html HTTP/1.1" 200 8245
180.156.224.123 - - [05/Aug/2021:10:29:26 +0800] "GET /xingrg/javascript/easyui/themes/default/validatebox.css HTTP/1.1" 404 1104
116.235.222.38 - - [05/Aug/2021:10:29:27 +0800] "GET /xingrg/check_reg.html?_=1628130559658 HTTP/1.1" 200 22
222.70.246.151 - - [05/Aug/2021:10:29:30 +0800] "GET /xingrg/all/function/internal_message.html?_=1628130578264&CODE_STATE=getMsg HTTP/1.1" 302 -
180.162.111.5 - - [05/Aug/2021:10:29:30 +0800] "POST /xingrg/kc/buy/cgsh_order_operate.html HTTP/1.1" 200 37
116.237.74.182 - - [05/Aug/2021:10:29:30 +0800] "GET /xingrg/all/function/internal_message.html?_=1628130564391&CODE_STATE=getMsg HTTP/1.1" 200 27
180.174.224.95 - - [05/Aug/2021:10:29:31 +0800] "GET /xingrg/kc/buy/cgsh_order_operate.html?command=get_materiel&rest_code=00102&code=00101008353&supplier_code=00100008&order_time=2021-08-05 HTTP/1.1" 200 408
116.235.222.38 - - [05/Aug/2021:10:29:32 +0800] "GET /xingrg/all/function/internal_message.html?_=1628130564453&CODE_STATE=getMsg HTTP/1.1" 200 27
180.174.224.95 - - [05/Aug/2021:10:29:32 +0800] "POST /xingrg/services/DataTransmitService HTTP/1.1" 200 524
180.174.224.95 - - [05/Aug/2021:10:29:33 +0800] "POST /xingrg/services/DataTransmitService HTTP/1.1" 200 2323
101.83.145.79 - - [05/Aug/2021:10:29:34 +0800] "GET /xingrg/all/function/internal_message.html?_=1628130572538&CODE_STATE=getMsg HTTP/1.1" 200 27
101.83.145.79 - - [05/Aug/2021:10:29:34 +0800] "GET /xingrg/check_reg.html?_=1628130572825 HTTP/1.1" 200 22
180.156.224.123 - - [05/Aug/2021:10:29:35 +0800] "GET /xingrg/kc/buy/cgsh_order_operate.html?command=get_materiel&rest_code=00151&code=00101012046&supplier_code=00100347&order_time=2021-08-05 HTTP/1.1" 200 417
222.70.246.151 - - [05/Aug/2021:10:29:36 +0800] "GET /xingrg/kc/buy/cgsh_order_operate.html?command=get_materiel&rest_code=00146&code=00101008418&supplier_code=00100005&order_time=2021-08-05 HTTP/1.1" 200 398
180.162.111.5 - - [05/Aug/2021:10:29:36 +0800] "POST /xingrg/kc/buy/cgsh_order_operate.html HTTP/1.1" 200 12
180.174.224.95 - - [05/Aug/2021:10:29:37 +0800] "GET /xingrg/kc/buy/cgsh_order_operate.html?command=get_materiel&rest_code=00102&code=00101008101&supplier_code=00100008&order_time=2021-08-05 HTTP/1.1" 200 412
180.162.111.5 - - [05/Aug/2021:10:29:37 +0800] "GET /xingrg/kc/buy/cgsh_order_info.html?code=212021080401726 HTTP/1.1" 200 57124
180.162.111.5 - - [05/Aug/2021:10:29:38 +0800] "GET /xingrg/javascript/easyui/themes/default/validatebox.css HTTP/1.1" 404 1104
222.70.246.151 - - [05/Aug/2021:10:29:39 +0800] "POST /xingrg/kc/buy/cgsh_order_operate.html HTTP/1.1" 200 2065
180.162.111.5 - - [05/Aug/2021:10:29:39 +0800] "POST /xingrg/kc/buy/cgsh_order_operate.html HTTP/1.1" 200 17715
101.83.145.79 - - [05/Aug/2021:10:29:40 +0800] "GET /xingrg/kc/buy/cgsh_order_operate.html?command=get_materiel&rest_code=00105&code=00101006112&supplier_code=00100012&order_time=2021-08-05 HTTP/1.1" 200 409
180.169.147.146 - - [05/Aug/2021:10:29:46 +0800] "GET /xingrg/all/function/internal_message.html?_=1628130581448&CODE_STATE=getMsg HTTP/1.1" 200 27
180.156.224.123 - - [05/Aug/2021:10:29:46 +0800] "POST /xingrg/kc/buy/cgsh_order_operate.html HTTP/1.1" 200 37
222.70.179.252 - - [05/Aug/2021:10:29:46 +0800] "GET /favicon.ico HTTP/1.1" 404 -
180.174.224.95 - - [05/Aug/2021:10:29:47 +0800] "GET /xingrg/kc/buy/cgsh_order_operate.html?command=get_materiel&rest_code=00102&code=00101008390&supplier_code=00100008&order_time=2021-08-05 HTTP/1.1" 200 413
101.85.93.96 - - [05/Aug/2021:10:29:49 +0800] "GET /xingrg/all/function/internal_message.html?_=1628130562739&CODE_STATE=getMsg HTTP/1.1" 200 27
180.156.224.123 - - [05/Aug/2021:10:29:50 +0800] "POST /xingrg/kc/buy/cgsh_order_operate.html HTTP/1.1" 200 12
180.156.224.123 - - [05/Aug/2021:10:29:51 +0800] "GET /xingrg/kc/buy/cgsh_order_info.html?code=212021080501887 HTTP/1.1" 200 57702
180.156.224.123 - - [05/Aug/2021:10:29:51 +0800] "GET /xingrg/javascript/easyui/themes/default/validatebox.css HTTP/1.1" 404 1104
180.174.224.95 - - [05/Aug/2021:10:29:55 +0800] "POST /xingrg/kc/buy/cgsh_order_operate.html HTTP/1.1" 200 37
101.83.145.79 - - [05/Aug/2021:10:29:55 +0800] "GET /xingrg/kc/buy/cgsh_order_operate.html?command=get_materiel&rest_code=00105&code=00101006109&supplier_code=00100012&order_time=2021-08-05 HTTP/1.1" 200 409
222.70.246.151 - - [05/Aug/2021:10:29:55 +0800] "GET /xingrg/kc/buy/cgsh_order_operate.html?command=get_materiel&rest_code=00146&code=00101009015&supplier_code=00100005&order_time=2021-08-05 HTTP/1.1" 200 417
180.156.224.123 - - [05/Aug/2021:10:29:55 +0800] "POST /xingrg/kc/buy/cgsh_order_operate.html HTTP/1.1" 200 619
116.230.110.80 - - [05/Aug/2021:10:29:55 +0800] "GET /xingrg/all/function/internal_message.html?_=1628130580918&CODE_STATE=getMsg HTTP/1.1" 200 27
180.174.224.95 - - [05/Aug/2021:10:29:56 +0800] "POST /xingrg/kc/buy/cgsh_order_operate.html HTTP/1.1" 200 10912
180.156.224.123 - - [05/Aug/2021:10:29:57 +0800] "GET /xingrg/kc/print/load_data.html?order_code=212021080501887&kc_code=cgsh&condition= HTTP/1.1" 200 725
116.235.222.38 - - [05/Aug/2021:10:29:57 +0800] "GET /xingrg/kc/buy/cgsh_order_operate.html?command=get_materiel&rest_code=00107&code=00101004011&supplier_code=00100086&order_time=2021-08-05 HTTP/1.1" 200 413
114.88.154.248 - - [05/Aug/2021:10:29:58 +0800] "GET /xingrg/all/function/internal_message.html?_=1628130501293&CODE_STATE=getMsg HTTP/1.1" 200 27
180.174.224.95 - - [05/Aug/2021:10:30:01 +0800] "GET /xingrg/kc/buy/cgsh_order_add.html HTTP/1.1" 200 63108
180.174.224.95 - - [05/Aug/2021:10:30:02 +0800] "POST /xingrg/kc/buy/cgsh_order_operate.html HTTP/1.1" 200 8245
180.174.224.95 - - [05/Aug/2021:10:30:02 +0800] "GET /xingrg/javascript/easyui/themes/default/validatebox.css HTTP/1.1" 404 1104
180.156.224.123 - - [05/Aug/2021:10:30:04 +0800] "GET /xingrg/kc/buy/cgsh_order_add.html HTTP/1.1" 200 62797
180.156.224.123 - - [05/Aug/2021:10:30:05 +0800] "POST /xingrg/kc/buy/cgsh_order_operate.html HTTP/1.1" 200 8245
180.156.224.123 - - [05/Aug/2021:10:30:05 +0800] "GET /xingrg/javascript/easyui/themes/default/validatebox.css HTTP/1.1" 404 1104
180.174.224.95 - - [05/Aug/2021:10:30:05 +0800] "GET /xingrg/all/function/internal_message.html?_=1628130601726&CODE_STATE=getMsg HTTP/1.1" 200 27
101.83.145.79 - - [05/Aug/2021:10:30:05 +0800] "GET /xingrg/kc/buy/cgsh_order_operate.html?command=get_materiel&rest_code=00105&code=00101007044&supplier_code=00100012&order_time=2021-08-05 HTTP/1.1" 200 422
180.169.147.146 - - [05/Aug/2021:10:30:05 +0800] "GET /xingrg/check_reg.html?_=1628130603124 HTTP/1.1" 200 22
180.169.147.146 - - [05/Aug/2021:10:30:05 +0800] "GET /xingrg/all/function/internal_message.html?_=1628130603128&CODE_STATE=getMsg HTTP/1.1" 200 27
222.70.183.193 - - [05/Aug/2021:10:30:07 +0800] "GET /xingrg/all/function/internal_message.html?_=1628130603217&CODE_STATE=getMsg HTTP/1.1" 200 27
222.70.246.151 - - [05/Aug/2021:10:30:08 +0800] "GET /xingrg/all/function/internal_message.html?_=1628130618436&CODE_STATE=getMsg HTTP/1.1" 200 27
222.70.246.151 - - [05/Aug/2021:10:30:08 +0800] "GET /xingrg/kc/buy/cgsh_order_operate.html?command=get_materiel&rest_code=00146&code=00101008223&supplier_code=00100005&order_time=2021-08-05 HTTP/1.1" 200 412
180.174.224.95 - - [05/Aug/2021:10:30:10 +0800] "GET /xingrg/kc/buy/cgsh_order_operate.html?command=get_materiel&rest_code=00102&code=00101008176&supplier_code=00100008&order_time=2021-08-05 HTTP/1.1" 200 412
180.162.111.5 - - [05/Aug/2021:10:30:11 +0800] "GET /xingrg/all/function/internal_message.html?_=1628130223480&CODE_STATE=getMsg HTTP/1.1" 200 27
180.169.147.146 - - [05/Aug/2021:10:30:11 +0800] "GET /xingrg/all/function/internal_message.html?_=1628130608459&CODE_STATE=getMsg HTTP/1.1" 200 27
180.162.111.5 - - [05/Aug/2021:10:30:12 +0800] "GET /xingrg/kc/print/load_data.html?order_code=212021080401726&kc_code=cgsh&condition= HTTP/1.1" 200 7182
180.156.224.123 - - [05/Aug/2021:10:30:14 +0800] "GET /xingrg/kc/buy/cgsh_order_operate.html?command=get_materiel&rest_code=00151&code=00101006026&supplier_code=00100266&order_time=2021-08-05 HTTP/1.1" 200 409
116.233.73.10 - - [05/Aug/2021:10:30:16 +0800] "GET /xingrg/all/function/internal_message.html?_=1628130612739&CODE_STATE=getMsg HTTP/1.1" 200 27
180.174.224.95 - - [05/Aug/2021:10:30:16 +0800] "GET /xingrg/kc/buy/cgsh_order_operate.html?command=get_materiel&rest_code=00102&code=00101008350&supplier_code=00100008&order_time=2021-08-05 HTTP/1.1" 200 408
120.253.135.82 - - [05/Aug/2021:10:30:18 +0800] "GET /xingrg/all/function/internal_message.html?_=1628130650880&CODE_STATE=getMsg HTTP/1.1" 200 27
180.156.224.123 - - [05/Aug/2021:10:30:20 +0800] "POST /xingrg/all/user/operate.html HTTP/1.1" 200 36
180.156.224.123 - - [05/Aug/2021:10:30:20 +0800] "GET /xingrg/javascript/jquery_easy_ui/themes/default/easyui.css HTTP/1.1" 304 -
180.156.224.123 - - [05/Aug/2021:10:30:20 +0800] "GET /xingrg/index.html?sysBaseUrl=http%3A%2F%2F180.169.147.146%3A18081%2Fxingrg%2F&costTime=220×tamp=1628071727093 HTTP/1.1" 200 17179
180.156.224.123 - - [05/Aug/2021:10:30:20 +0800] "GET /xingrg/javascript/jquery_easy_ui/themes/icon.css HTTP/1.1" 304 -
180.156.224.123 - - [05/Aug/2021:10:30:20 +0800] "GET /xingrg/css/form.css HTTP/1.1" 304 -
180.156.224.123 - - [05/Aug/2021:10:30:20 +0800] "GET /xingrg/javascript/jquery-1.4.2.min.js HTTP/1.1" 304 -
180.156.224.123 - - [05/Aug/2021:10:30:20 +0800] "GET /xingrg/javascript/jquery_easy_ui/jquery.easyui.min.js HTTP/1.1" 304 -
180.156.224.123 - - [05/Aug/2021:10:30:20 +0800] "GET /xingrg/javascript/jquery_easy_ui/easyui-lang-zh_CN.js HTTP/1.1" 304 -
180.156.224.123 - - [05/Aug/2021:10:30:21 +0800] "GET /xingrg/javascript/jquery.form.js HTTP/1.1" 304 -
180.156.224.123 - - [05/Aug/2021:10:30:21 +0800] "GET /xingrg/javascript/jquery.utils.js HTTP/1.1" 304 -
180.156.224.123 - - [05/Aug/2021:10:30:21 +0800] "GET /xingrg/javascript/jquery.timers.js HTTP/1.1" 304 -
180.156.224.123 - - [05/Aug/2021:10:30:21 +0800] "GET /xingrg/images/blue/jxLogo.png HTTP/1.1" 304 -
180.156.224.123 - - [05/Aug/2021:10:30:21 +0800] "GET /xingrg/images/blue/navBackgound.jpg HTTP/1.1" 304 -
180.156.224.123 - - [05/Aug/2021:10:30:21 +0800] "GET /xingrg/javascript/jquery_easy_ui/themes/icons/settle_new.png HTTP/1.1" 304 -
180.156.224.123 - - [05/Aug/2021:10:30:21 +0800] "POST /xingrg/all/common/load_tree.html?tree=area_rest_tree_json&manage=1 HTTP/1.1" 200 476
180.156.224.123 - - [05/Aug/2021:10:30:21 +0800] "GET /xingrg/all/function/internal_message.html?_=1628130615519&CODE_STATE=count HTTP/1.1" 200 11
180.156.224.123 - - [05/Aug/2021:10:30:21 +0800] "GET /xingrg/check_reg.html?_=1628130615520 HTTP/1.1" 200 22
180.156.224.123 - - [05/Aug/2021:10:30:21 +0800] "GET /xingrg/javascript/jquery_easy_ui/themes/default/images/tabs_leftarrow.png HTTP/1.1" 304 -
180.156.224.123 - - [05/Aug/2021:10:30:21 +0800] "GET /xingrg/javascript/jquery_easy_ui/themes/default/images/panel_tool_collapse.gif HTTP/1.1" 304 -
180.156.224.123 - - [05/Aug/2021:10:30:21 +0800] "GET /xingrg/javascript/jquery_easy_ui/themes/default/images/tabs_rightarrow.png HTTP/1.1" 304 -
180.156.224.123 - - [05/Aug/2021:10:30:21 +0800] "GET /xingrg/images/blue/pingpu.png HTTP/1.1" 304 -
180.156.224.123 - - [05/Aug/2021:10:30:21 +0800] "POST /xingrg/load_menu.html HTTP/1.1" 200 5138
180.156.224.123 - - [05/Aug/2021:10:30:21 +0800] "GET /xingrg/all/function/internal_message.html?_=1628130572901&CODE_STATE=getMsg HTTP/1.1" 200 27
180.156.224.123 - - [05/Aug/2021:10:30:23 +0800] "GET /xingrg/kc/buy/cgsh_order_list.html HTTP/1.1" 200 47411
180.156.224.123 - - [05/Aug/2021:10:30:24 +0800] "POST /xingrg/kc/buy/cgsh_list_operate.html HTTP/1.1" 200 876
180.156.224.123 - - [05/Aug/2021:10:30:25 +0800] "GET /xingrg/kc/buy/cgsh_order_add.html HTTP/1.1" 200 63067
180.156.224.123 - - [05/Aug/2021:10:30:25 +0800] "POST /xingrg/kc/buy/cgsh_order_operate.html HTTP/1.1" 200 8245
180.156.224.123 - - [05/Aug/2021:10:30:25 +0800] "GET /xingrg/javascript/easyui/themes/default/validatebox.css HTTP/1.1" 404 1104
116.235.222.38 - - [05/Aug/2021:10:30:28 +0800] "GET /xingrg/kc/buy/cgsh_order_operate.html?command=get_materiel&rest_code=00107&code=00101004065&supplier_code=00100086&order_time=2021-08-05 HTTP/1.1" 200 413
180.156.224.123 - - [05/Aug/2021:10:30:29 +0800] "GET /xingrg/kc/buy/cgsh_order_operate.html?command=get_materiel&rest_code=00151&code=00101010493&supplier_code=00100266&order_time=2021-08-05 HTTP/1.1" 200 420
222.70.246.151 - - [05/Aug/2021:10:30:30 +0800] "GET /xingrg/all/function/internal_message.html?_=1628130638284&CODE_STATE=getMsg HTTP/1.1" 302 -
116.237.74.182 - - [05/Aug/2021:10:30:30 +0800] "GET /xingrg/all/function/internal_message.html?_=1628130624360&CODE_STATE=getMsg HTTP/1.1" 200 27
116.237.74.182 - - [05/Aug/2021:10:30:30 +0800] "GET /xingrg/check_reg.html?_=1628130624615 HTTP/1.1" 200 22
116.235.222.38 - - [05/Aug/2021:10:30:32 +0800] "GET /xingrg/all/function/internal_message.html?_=1628130624452&CODE_STATE=getMsg HTTP/1.1" 200 27
180.156.224.123 - - [05/Aug/2021:10:30:32 +0800] "POST /xingrg/all/common/load_select.html HTTP/1.1" 200 25
101.83.145.79 - - [05/Aug/2021:10:30:34 +0800] "GET /xingrg/all/function/internal_message.html?_=1628130632503&CODE_STATE=getMsg HTTP/1.1" 200 27
180.156.224.123 - - [05/Aug/2021:10:30:36 +0800] "GET /xingrg/kc/buy/cgsh_order_operate.html?command=get_materiel_price&rest_code=00151&code=00101010493&unit_code=00100017&supplier_code=00100266&order_time=2021-08-05 HTTP/1.1" 200 27
58.221.95.50 - - [05/Aug/2021:10:30:40 +0800] "GET /xingrg/check_reg.html?_=1628130637634 HTTP/1.1" 302 -
116.235.222.38 - - [05/Aug/2021:10:30:40 +0800] "POST /xingrg/kc/buy/cgsh_order_operate.html HTTP/1.1" 200 37
101.83.145.79 - - [05/Aug/2021:10:30:40 +0800] "GET /xingrg/kc/buy/cgsh_order_operate.html?command=get_materiel&rest_code=00105&code=00101006040&supplier_code=00100012&order_time=2021-08-05 HTTP/1.1" 200 417
116.235.222.38 - - [05/Aug/2021:10:30:42 +0800] "POST /xingrg/kc/buy/cgsh_order_operate.html HTTP/1.1" 200 3255
180.174.224.95 - - [05/Aug/2021:10:30:43 +0800] "GET /xingrg/kc/buy/cgsh_order_operate.html?command=get_materiel&rest_code=00102&code=00101008088&supplier_code=00100008&order_time=2021-08-05 HTTP/1.1" 200 408
116.235.222.38 - - [05/Aug/2021:10:30:45 +0800] "GET /xingrg/kc/print/load_data.html?order_code=212021080501889&kc_code=cgsh&condition= HTTP/1.1" 200 967
180.169.147.146 - - [05/Aug/2021:10:30:46 +0800] "GET /xingrg/all/function/internal_message.html?_=1628130641446&CODE_STATE=getMsg HTTP/1.1" 200 27
180.156.224.123 - - [05/Aug/2021:10:30:49 +0800] "POST /xingrg/kc/buy/cgsh_order_operate.html HTTP/1.1" 200 37
101.85.93.96 - - [05/Aug/2021:10:30:49 +0800] "GET /xingrg/all/function/internal_message.html?_=1628130622742&CODE_STATE=getMsg HTTP/1.1" 200 27
180.174.224.95 - - [05/Aug/2021:10:30:50 +0800] "GET /xingrg/kc/buy/cgsh_order_operate.html?command=get_materiel&rest_code=00102&code=00101008003&supplier_code=00100008&order_time=2021-08-05 HTTP/1.1" 200 408
180.156.224.123 - - [05/Aug/2021:10:30:54 +0800] "POST /xingrg/kc/buy/cgsh_order_operate.html HTTP/1.1" 200 12
116.235.222.38 - - [05/Aug/2021:10:30:54 +0800] "GET /xingrg/kc/buy/cgsh_order_add.html HTTP/1.1" 200 63231
116.235.222.38 - - [05/Aug/2021:10:30:55 +0800] "GET /xingrg/javascript/easyui/themes/default/validatebox.css HTTP/1.1" 404 1104
116.235.222.38 - - [05/Aug/2021:10:30:55 +0800] "POST /xingrg/kc/buy/cgsh_order_operate.html HTTP/1.1" 200 8245
101.83.145.79 - - [05/Aug/2021:10:30:55 +0800] "GET /xingrg/kc/buy/cgsh_order_operate.html?command=get_materiel&rest_code=00105&code=00101010169&supplier_code=00100012&order_time=2021-08-05 HTTP/1.1" 200 413
180.156.224.123 - - [05/Aug/2021:10:30:55 +0800] "GET /xingrg/kc/buy/cgsh_order_info.html?code=212021080501890 HTTP/1.1" 200 57716
116.230.110.80 - - [05/Aug/2021:10:30:55 +0800] "GET /xingrg/all/function/internal_message.html?_=1628130640904&CODE_STATE=getMsg HTTP/1.1" 200 27
180.156.224.123 - - [05/Aug/2021:10:30:56 +0800] "GET /xingrg/javascript/easyui/themes/default/validatebox.css HTTP/1.1" 404 1104
180.174.224.95 - - [05/Aug/2021:10:30:56 +0800] "GET /xingrg/kc/buy/cgsh_order_operate.html?command=get_materiel&rest_code=00102&code=00101008356&supplier_code=00100008&order_time=2021-08-05 HTTP/1.1" 200 409
180.156.224.123 - - [05/Aug/2021:10:30:56 +0800] "POST /xingrg/kc/buy/cgsh_order_operate.html HTTP/1.1" 200 1225
116.235.222.38 - - [05/Aug/2021:10:30:56 +0800] "GET /xingrg/javascript/easyui/themes/default/tree.css HTTP/1.1" 404 1090
116.235.222.38 - - [05/Aug/2021:10:30:57 +0800] "POST /xingrg/all/common/load_tree.html?tree=supplier_tree_json&isDelete=1 HTTP/1.1" 200 57192
222.70.246.151 - - [05/Aug/2021:10:30:57 +0800] "GET /xingrg/kc/buy/cgsh_order_operate.html?command=get_materiel&rest_code=00146&code=00101008323&supplier_code=00100005&order_time=2021-08-05 HTTP/1.1" 200 408
114.88.154.248 - - [05/Aug/2021:10:30:58 +0800] "GET /xingrg/all/function/internal_message.html?_=1628130561290&CODE_STATE=getMsg HTTP/1.1" 200 27
180.156.224.123 - - [05/Aug/2021:10:30:58 +0800] "GET /xingrg/kc/print/load_data.html?order_code=212021080501890&kc_code=cgsh&condition= HTTP/1.1" 200 980
180.174.224.95 - - [05/Aug/2021:10:31:01 +0800] "GET /xingrg/kc/buy/cgsh_order_operate.html?command=get_materiel&rest_code=00102&code=00101008300&supplier_code=00100008&order_time=2021-08-05 HTTP/1.1" 200 414
114.84.82.184 - - [05/Aug/2021:10:31:01 +0800] "GET /favicon.ico HTTP/1.1" 404 -
180.174.224.95 - - [05/Aug/2021:10:31:05 +0800] "GET /xingrg/all/function/internal_message.html?_=1628130661730&CODE_STATE=getMsg HTTP/1.1" 200 27
180.169.147.146 - - [05/Aug/2021:10:31:05 +0800] "GET /xingrg/all/function/internal_message.html?_=1628130663133&CODE_STATE=getMsg HTTP/1.1" 200 27
180.156.224.123 - - [05/Aug/2021:10:31:06 +0800] "GET /xingrg/kc/buy/cgsh_order_add.html HTTP/1.1" 200 62797
180.156.224.123 - - [05/Aug/2021:10:31:07 +0800] "POST /xingrg/kc/buy/cgsh_order_operate.html HTTP/1.1" 200 8245
180.156.224.123 - - [05/Aug/2021:10:31:07 +0800] "GET /xingrg/javascript/easyui/themes/default/validatebox.css HTTP/1.1" 404 1104
222.70.183.193 - - [05/Aug/2021:10:31:07 +0800] "GET /xingrg/all/function/internal_message.html?_=1628130663218&CODE_STATE=getMsg HTTP/1.1" 200 27
180.174.224.95 - - [05/Aug/2021:10:31:08 +0800] "GET /xingrg/kc/buy/cgsh_order_operate.html?command=get_materiel&rest_code=00102&code=00101008357&supplier_code=00100008&order_time=2021-08-05 HTTP/1.1" 200 408
222.70.246.151 - - [05/Aug/2021:10:31:08 +0800] "GET /xingrg/all/function/internal_message.html?_=1628130678581&CODE_STATE=getMsg HTTP/1.1" 200 27
180.162.111.5 - - [05/Aug/2021:10:31:11 +0800] "GET /xingrg/all/function/internal_message.html?_=1628130283466&CODE_STATE=getMsg HTTP/1.1" 200 27
180.169.147.146 - - [05/Aug/2021:10:31:11 +0800] "GET /xingrg/all/function/internal_message.html?_=1628130668473&CODE_STATE=getMsg HTTP/1.1" 200 27
180.169.147.146 - - [05/Aug/2021:10:31:13 +0800] "POST /xingrg/kc/base/stock_operate.html HTTP/1.1" 200 765
222.70.246.151 - - [05/Aug/2021:10:31:13 +0800] "GET /xingrg/kc/buy/cgsh_order_operate.html?command=get_materiel&rest_code=00146&code=00101013165&supplier_code=00100005&order_time=2021-08-05 HTTP/1.1" 200 409
180.174.224.95 - - [05/Aug/2021:10:31:14 +0800] "GET /xingrg/kc/buy/cgsh_order_operate.html?command=get_materiel&rest_code=00102&code=00101022049&supplier_code=00100008&order_time=2021-08-05 HTTP/1.1" 200 408
116.233.73.10 - - [05/Aug/2021:10:31:16 +0800] "GET /xingrg/all/function/internal_message.html?_=1628130672739&CODE_STATE=getMsg HTTP/1.1" 200 27
222.70.246.151 - - [05/Aug/2021:10:31:16 +0800] "POST /xingrg/kc/buy/cgsh_order_operate.html HTTP/1.1" 200 2065
222.70.246.151 - - [05/Aug/2021:10:31:17 +0800] "GET /xingrg/check_reg.html?_=1628130685670 HTTP/1.1" 302 -
180.156.224.123 - - [05/Aug/2021:10:31:18 +0800] "GET /xingrg/kc/buy/cgsh_order_operate.html?command=get_materiel&rest_code=00151&code=00101016100&supplier_code=00100329&order_time=2021-08-05 HTTP/1.1" 200 412
120.253.135.82 - - [05/Aug/2021:10:31:18 +0800] "GET /xingrg/all/function/internal_message.html?_=1628130710886&CODE_STATE=getMsg HTTP/1.1" 200 27
101.83.145.79 - - [05/Aug/2021:10:31:20 +0800] "GET /xingrg/kc/buy/cgsh_order_operate.html?command=get_materiel&rest_code=00105&code=00101010219&supplier_code=00100012&order_time=2021-08-05 HTTP/1.1" 200 419
180.156.224.123 - - [05/Aug/2021:10:31:21 +0800] "GET /xingrg/all/function/internal_message.html?_=1628130675529&CODE_STATE=getMsg HTTP/1.1" 200 27
180.156.224.123 - - [05/Aug/2021:10:31:21 +0800] "GET /xingrg/all/function/internal_message.html?_=1628130632916&CODE_STATE=getMsg HTTP/1.1" 200 27
180.169.147.146 - - [05/Aug/2021:10:31:22 +0800] "POST /xingrg/all/user/operate.html HTTP/1.1" 200 36
180.169.147.146 - - [05/Aug/2021:10:31:22 +0800] "GET /xingrg/index.html?sysBaseUrl=http%3A%2F%2F180.169.147.146%3A18081%2Fxingrg%2F&costTime=81×tamp=1628127184265 HTTP/1.1" 200 17509
180.169.147.146 - - [05/Aug/2021:10:31:22 +0800] "GET /xingrg/javascript/jquery_easy_ui/themes/default/easyui.css HTTP/1.1" 304 -
180.169.147.146 - - [05/Aug/2021:10:31:22 +0800] "GET /xingrg/javascript/jquery_easy_ui/themes/icon.css HTTP/1.1" 304 -
180.169.147.146 - - [05/Aug/2021:10:31:22 +0800] "GET /xingrg/css/form.css HTTP/1.1" 304 -
180.169.147.146 - - [05/Aug/2021:10:31:22 +0800] "GET /xingrg/javascript/jquery-1.4.2.min.js HTTP/1.1" 304 -
180.169.147.146 - - [05/Aug/2021:10:31:22 +0800] "GET /xingrg/javascript/jquery_easy_ui/jquery.easyui.min.js HTTP/1.1" 304 -
180.169.147.146 - - [05/Aug/2021:10:31:22 +0800] "GET /xingrg/javascript/jquery_easy_ui/easyui-lang-zh_CN.js HTTP/1.1" 304 -
180.169.147.146 - - [05/Aug/2021:10:31:22 +0800] "GET /xingrg/javascript/jquery.form.js HTTP/1.1" 304 -
180.169.147.146 - - [05/Aug/2021:10:31:22 +0800] "GET /xingrg/javascript/jquery.utils.js HTTP/1.1" 304 -
180.169.147.146 - - [05/Aug/2021:10:31:22 +0800] "GET /xingrg/javascript/jquery.timers.js HTTP/1.1" 304 -
180.169.147.146 - - [05/Aug/2021:10:31:22 +0800] "GET /xingrg/images/blue/jxLogo.png HTTP/1.1" 304 -
180.169.147.146 - - [05/Aug/2021:10:31:22 +0800] "GET /xingrg/images/blue/navBackgound.jpg HTTP/1.1" 304 -
180.169.147.146 - - [05/Aug/2021:10:31:22 +0800] "GET /xingrg/javascript/jquery_easy_ui/themes/icons/settle_new.png HTTP/1.1" 304 -
180.169.147.146 - - [05/Aug/2021:10:31:22 +0800] "GET /xingrg/images/blue/pingpu.png HTTP/1.1" 304 -
180.169.147.146 - - [05/Aug/2021:10:31:22 +0800] "GET /xingrg/javascript/jquery_easy_ui/themes/default/images/tabs_leftarrow.png HTTP/1.1" 304 -
180.169.147.146 - - [05/Aug/2021:10:31:22 +0800] "GET /xingrg/javascript/jquery_easy_ui/themes/default/images/tabs_rightarrow.png HTTP/1.1" 304 -
180.169.147.146 - - [05/Aug/2021:10:31:22 +0800] "GET /xingrg/javascript/jquery_easy_ui/themes/default/images/panel_tool_collapse.gif HTTP/1.1" 304 -
180.169.147.146 - - [05/Aug/2021:10:31:22 +0800] "GET /xingrg/javascript/jquery_easy_ui/themes/default/images/panel_tool_expand.gif HTTP/1.1" 304 -
180.169.147.146 - - [05/Aug/2021:10:31:22 +0800] "POST /xingrg/all/common/load_tree.html?tree=area_rest_tree_json&manage=1 HTTP/1.1" 200 3472
180.169.147.146 - - [05/Aug/2021:10:31:22 +0800] "GET /xingrg/check_reg.html?_=1628130679413 HTTP/1.1" 200 22
180.169.147.146 - - [05/Aug/2021:10:31:22 +0800] "GET /xingrg/all/function/internal_message.html?_=1628130679412&CODE_STATE=count HTTP/1.1" 200 11
180.169.147.146 - - [05/Aug/2021:10:31:22 +0800] "POST /xingrg/load_menu.html HTTP/1.1" 200 9959
180.169.147.146 - - [05/Aug/2021:10:31:24 +0800] "GET /xingrg/kc/report/report_main.html HTTP/1.1" 200 7345
180.169.147.146 - - [05/Aug/2021:10:31:25 +0800] "GET /xingrg/kc/base/kc_stocks.html HTTP/1.1" 200 16443
180.169.147.146 - - [05/Aug/2021:10:31:25 +0800] "GET /xingrg/javascript/easyui/themes/default/tree.css HTTP/1.1" 404 1090
180.169.147.146 - - [05/Aug/2021:10:31:25 +0800] "GET /xingrg/all/common/auto_word.html?type=base&rest_code=00149 HTTP/1.1" 200 1811
180.169.147.146 - - [05/Aug/2021:10:31:26 +0800] "POST /xingrg/all/common/load_tree.html?tree=materiel_sort_tree_json HTTP/1.1" 200 8666
222.70.183.193 - - [05/Aug/2021:10:31:26 +0800] "GET /xingrg/javascript/jquery_easy_ui/themes/default/images/tabs_active.png HTTP/1.1" 200 2894
222.70.183.193 - - [05/Aug/2021:10:31:27 +0800] "GET /xingrg/kc/buy/buy_main.html HTTP/1.1" 200 12412
222.70.183.193 - - [05/Aug/2021:10:31:27 +0800] "GET /xingrg/css/new_ie.css HTTP/1.1" 404 1036
222.70.183.193 - - [05/Aug/2021:10:31:27 +0800] "GET /xingrg/images/yd/bt.gif HTTP/1.1" 404 1040
222.70.183.193 - - [05/Aug/2021:10:31:28 +0800] "GET /xingrg/kc/buy/cgsh_order_list.html HTTP/1.1" 200 47405
180.169.147.146 - - [05/Aug/2021:10:31:30 +0800] "POST /xingrg/kc/base/stock_operate.html HTTP/1.1" 200 1463
222.70.246.151 - - [05/Aug/2021:10:31:30 +0800] "GET /xingrg/all/function/internal_message.html?_=1628130698291&CODE_STATE=getMsg HTTP/1.1" 302 -
222.70.183.193 - - [05/Aug/2021:10:31:30 +0800] "POST /xingrg/kc/buy/cgsh_list_operate.html HTTP/1.1" 200 3866
116.237.74.182 - - [05/Aug/2021:10:31:30 +0800] "GET /xingrg/all/function/internal_message.html?_=1628130684329&CODE_STATE=getMsg HTTP/1.1" 200 27
180.156.224.123 - - [05/Aug/2021:10:31:31 +0800] "GET /xingrg/kc/buy/cgsh_order_operate.html?command=get_materiel&rest_code=00151&code=00101010080&supplier_code=00100329&order_time=2021-08-05 HTTP/1.1" 200 422
180.169.147.146 - - [05/Aug/2021:10:31:31 +0800] "GET /xingrg/kc/base/stock_detail.html?m=00101014031 HTTP/1.1" 200 7321
116.235.222.38 - - [05/Aug/2021:10:31:32 +0800] "GET /xingrg/all/function/internal_message.html?_=1628130684484&CODE_STATE=getMsg HTTP/1.1" 200 27
222.70.183.193 - - [05/Aug/2021:10:31:32 +0800] "GET /xingrg/kc/buy/cgsh_order_add.html HTTP/1.1" 200 63143
222.70.183.193 - - [05/Aug/2021:10:31:32 +0800] "POST /xingrg/kc/buy/cgsh_order_operate.html HTTP/1.1" 200 8245
222.70.183.193 - - [05/Aug/2021:10:31:32 +0800] "GET /xingrg/javascript/easyui/themes/default/validatebox.css HTTP/1.1" 404 1104
180.174.224.95 - - [05/Aug/2021:10:31:33 +0800] "GET /xingrg/kc/buy/cgsh_order_operate.html?command=get_materiel&rest_code=00102&code=00101008265&supplier_code=00100008&order_time=2021-08-05 HTTP/1.1" 200 408
101.83.145.79 - - [05/Aug/2021:10:31:34 +0800] "GET /xingrg/all/function/internal_message.html?_=1628130692474&CODE_STATE=getMsg HTTP/1.1" 200 27
222.70.183.193 - - [05/Aug/2021:10:31:35 +0800] "GET /xingrg/javascript/jquery_tools/images/prev.gif HTTP/1.1" 404 1086
222.70.183.193 - - [05/Aug/2021:10:31:35 +0800] "GET /xingrg/javascript/jquery_tools/images/next.gif HTTP/1.1" 404 1086
180.169.147.146 - - [05/Aug/2021:10:31:41 +0800] "GET /xingrg/kc/base/stock_operate.html?_=1628130698302&command=get_report_file&start_day=20200101 HTTP/1.1" 200 53
180.169.147.146 - - [05/Aug/2021:10:31:41 +0800] "GET /xingrg/all/report/report_query.html?isQuery=1&onlyBody=1&rh=2000&fileName=kc/base/kc_stock_detail_new.xml&queryString=(1=1)&queryText=&tableQueryString=init_table$sp1$$sp$crk_table$sp1$order_day%20between%2020200101%20and%2020210831&varString=start_day:20200101,materiel_code:00101014031,cost_id:2517,end_date:20191231 HTTP/1.1" 200 48701
180.169.147.146 - - [05/Aug/2021:10:31:41 +0800] "GET /xingrg/dwr/interface/AjaxReportQueryService.js HTTP/1.1" 200 13203
180.169.147.146 - - [05/Aug/2021:10:31:41 +0800] "GET /xingrg/dwr/engine.js HTTP/1.1" 200 43631
116.235.222.38 - - [05/Aug/2021:10:31:41 +0800] "GET /xingrg/kc/buy/cgsh_order_operate.html?command=get_materiel&rest_code=00107&code=00101001115&supplier_code=00100089&order_time=2021-08-05 HTTP/1.1" 200 413
180.169.147.146 - - [05/Aug/2021:10:31:42 +0800] "POST /xingrg/all/report/load_report_page.html HTTP/1.1" 200 401672
180.169.147.146 - - [05/Aug/2021:10:31:42 +0800] "GET /xingrg/servlets/image?cache=0.9716235137889654&image=px HTTP/1.1" 200 807
222.70.246.151 - - [05/Aug/2021:10:31:44 +0800] "GET /xingrg/kc/buy/cgsh_order_operate.html?command=get_materiel&rest_code=00146&code=00101008227&supplier_code=00100005&order_time=2021-08-05 HTTP/1.1" 200 416
180.169.147.146 - - [05/Aug/2021:10:31:46 +0800] "GET /xingrg/all/function/internal_message.html?_=1628130701452&CODE_STATE=getMsg HTTP/1.1" 200 27
180.174.224.95 - - [05/Aug/2021:10:31:48 +0800] "GET /xingrg/kc/buy/cgsh_order_operate.html?command=get_materiel&rest_code=00102&code=00101008306&supplier_code=00100008&order_time=2021-08-05 HTTP/1.1" 200 412
101.85.93.96 - - [05/Aug/2021:10:31:49 +0800] "GET /xingrg/all/function/internal_message.html?_=1628130682745&CODE_STATE=getMsg HTTP/1.1" 200 27
116.235.222.38 - - [05/Aug/2021:10:31:51 +0800] "POST /xingrg/kc/buy/cgsh_order_operate.html HTTP/1.1" 200 37
180.169.147.146 - - [05/Aug/2021:10:31:52 +0800] "GET /xingrg/kc/guide/show_order.html?code=422020030300115&type=42 HTTP/1.1" 302 -
180.169.147.146 - - [05/Aug/2021:10:31:52 +0800] "GET /xingrg/kc/base/wldb_order_info.html?code=422020030300115&sysBaseUrl=http%3A%2F%2F180.169.147.146%3A18081%2Fxingrg%2F&costTime=1×tamp=1628130712056 HTTP/1.1" 200 26540
180.169.147.146 - - [05/Aug/2021:10:31:52 +0800] "GET /xingrg/javascript/jquery_tools/table.css HTTP/1.1" 304 -
180.169.147.146 - - [05/Aug/2021:10:31:52 +0800] "GET /xingrg/javascript/easyui/themes/default/easyui.css HTTP/1.1" 304 -
180.169.147.146 - - [05/Aug/2021:10:31:52 +0800] "GET /xingrg/javascript/jquery_tools/jquery.tools.table.js HTTP/1.1" 304 -
180.169.147.146 - - [05/Aug/2021:10:31:52 +0800] "GET /xingrg/javascript/jquery_tools/order_manager.js HTTP/1.1" 304 -
180.169.147.146 - - [05/Aug/2021:10:31:52 +0800] "GET /xingrg/javascript/print/kc_print.js HTTP/1.1" 304 -
116.235.222.38 - - [05/Aug/2021:10:31:53 +0800] "POST /xingrg/kc/buy/cgsh_order_operate.html HTTP/1.1" 200 2659
180.169.147.146 - - [05/Aug/2021:10:31:53 +0800] "GET /favicon.ico HTTP/1.1" 404 -
180.169.147.146 - - [05/Aug/2021:10:31:53 +0800] "GET /xingrg/words/20210804153505_words.js HTTP/1.1" 200 832036
180.169.147.146 - - [05/Aug/2021:10:31:53 +0800] "GET /xingrg/javascript/easyui/themes/icons/print.png HTTP/1.1" 304 -
180.169.147.146 - - [05/Aug/2021:10:31:53 +0800] "GET /xingrg/javascript/easyui/themes/icons/cancel.png HTTP/1.1" 304 -
180.169.147.146 - - [05/Aug/2021:10:31:53 +0800] "GET /xingrg/javascript/easyui/themes/default/images/menu_downarrow.png HTTP/1.1" 304 -
180.169.147.146 - - [05/Aug/2021:10:31:53 +0800] "GET /xingrg/javascript/easyui/themes/default/validatebox.css HTTP/1.1" 404 1104
180.169.147.146 - - [05/Aug/2021:10:31:53 +0800] "GET /xingrg/javascript/easyui/plugins/jquery.validatebox.js HTTP/1.1" 304 -
180.169.147.146 - - [05/Aug/2021:10:31:53 +0800] "GET /xingrg/javascript/easyui/plugins/jquery.numberbox.js HTTP/1.1" 304 -
180.169.147.146 - - [05/Aug/2021:10:31:53 +0800] "POST /xingrg/kc/base/wldb_order_operate.html HTTP/1.1" 200 10284
180.169.147.146 - - [05/Aug/2021:10:31:53 +0800] "GET /xingrg/javascript/easyui/themes/icons/edit_remove.png HTTP/1.1" 304 -
116.235.222.38 - - [05/Aug/2021:10:31:54 +0800] "GET /xingrg/kc/print/load_data.html?order_code=212021080501891&kc_code=cgsh&condition= HTTP/1.1" 200 745
116.230.110.80 - - [05/Aug/2021:10:31:55 +0800] "GET /xingrg/all/function/internal_message.html?_=1628130700910&CODE_STATE=getMsg HTTP/1.1" 200 27
180.174.224.95 - - [05/Aug/2021:10:31:56 +0800] "GET /xingrg/kc/buy/cgsh_order_operate.html?command=get_materiel&rest_code=00102&code=00101008188&supplier_code=00100008&order_time=2021-08-05 HTTP/1.1" 200 412
180.156.224.123 - - [05/Aug/2021:10:31:58 +0800] "GET /xingrg/kc/buy/cgsh_order_operate.html?command=get_materiel&rest_code=00151&code=00101020124&supplier_code=00100329&order_time=2021-08-05 HTTP/1.1" 200 425
114.88.154.248 - - [05/Aug/2021:10:31:58 +0800] "GET /xingrg/all/function/internal_message.html?_=1628130621289&CODE_STATE=getMsg HTTP/1.1" 200 27
222.70.246.151 - - [05/Aug/2021:10:31:59 +0800] "GET /xingrg/kc/buy/cgsh_order_operate.html?command=get_materiel&rest_code=00146&code=00101008114&supplier_code=00100005&order_time=2021-08-05 HTTP/1.1" 200 412
124.79.246.142 - - [05/Aug/2021:10:32:00 +0800] "GET /xingrg/login.html HTTP/1.1" 200 7641
116.235.222.38 - - [05/Aug/2021:10:32:00 +0800] "GET /xingrg/kc/buy/cgsh_order_add.html HTTP/1.1" 200 63231
124.79.246.142 - - [05/Aug/2021:10:32:00 +0800] "GET /favicon.ico HTTP/1.1" 404 -
116.235.222.38 - - [05/Aug/2021:10:32:01 +0800] "GET /xingrg/javascript/easyui/themes/default/validatebox.css HTTP/1.1" 404 1104
116.235.222.38 - - [05/Aug/2021:10:32:01 +0800] "POST /xingrg/kc/buy/cgsh_order_operate.html HTTP/1.1" 200 8245
116.235.222.38 - - [05/Aug/2021:10:32:02 +0800] "GET /xingrg/javascript/easyui/themes/default/tree.css HTTP/1.1" 404 1090
116.235.222.38 - - [05/Aug/2021:10:32:02 +0800] "POST /xingrg/all/common/load_tree.html?tree=supplier_tree_json&isDelete=1 HTTP/1.1" 200 57192
180.169.147.146 - - [05/Aug/2021:10:32:03 +0800] "GET /xingrg/javascript/easyui/themes/default/images/button_plain_hover.png HTTP/1.1" 304 -
101.83.145.79 - - [05/Aug/2021:10:32:03 +0800] "POST /xingrg/kc/buy/cgsh_order_operate.html HTTP/1.1" 200 37
180.174.224.95 - - [05/Aug/2021:10:32:04 +0800] "GET /xingrg/kc/buy/cgsh_order_operate.html?command=get_materiel&rest_code=00102&code=00101015006&supplier_code=00100008&order_time=2021-08-05 HTTP/1.1" 200 413
222.70.183.193 - - [05/Aug/2021:10:32:04 +0800] "GET /xingrg/kc/buy/cgsh_order_operate.html?command=get_materiel&rest_code=00111&code=00101001029&supplier_code=00100314&order_time=2021-08-05 HTTP/1.1" 200 415
180.174.224.95 - - [05/Aug/2021:10:32:05 +0800] "GET /xingrg/all/function/internal_message.html?_=1628130721743&CODE_STATE=getMsg HTTP/1.1" 200 27
