120.253.135.82 - - [05/Aug/2021:06:24:25 +0800] "POST /xingrg/kc/pszx/mdps_order_operate.html HTTP/1.1" 200 2287
120.253.135.82 - - [05/Aug/2021:06:24:26 +0800] "POST /xingrg/kc/pszx/mdps_list_operate.html HTTP/1.1" 200 2775
222.70.246.151 - - [05/Aug/2021:06:24:27 +0800] "GET /xingrg/all/function/internal_message.html?_=1628115874942&CODE_STATE=getMsg HTTP/1.1" 302 -
120.253.135.82 - - [05/Aug/2021:06:24:28 +0800] "POST /xingrg/kc/pszx/mdps_list_operate.html HTTP/1.1" 200 614
120.253.135.82 - - [05/Aug/2021:06:24:37 +0800] "GET /xingrg/all/function/internal_message.html?_=1628115652594&CODE_STATE=getMsg HTTP/1.1" 200 27
180.169.147.146 - - [05/Aug/2021:06:24:43 +0800] "GET /xingrg/all/function/internal_message.html?_=1628115879282&CODE_STATE=getMsg HTTP/1.1" 302 -
180.156.224.123 - - [05/Aug/2021:06:24:51 +0800] "GET /xingrg/all/function/internal_message.html?_=1628115886287&CODE_STATE=getMsg HTTP/1.1" 200 27
222.70.246.151 - - [05/Aug/2021:06:24:55 +0800] "GET /xingrg/all/function/internal_message.html?_=1628115905421&CODE_STATE=getMsg HTTP/1.1" 200 27
114.88.154.248 - - [05/Aug/2021:06:24:58 +0800] "GET /xingrg/all/function/internal_message.html?_=1628115800545&CODE_STATE=getMsg HTTP/1.1" 200 27
180.156.224.123 - - [05/Aug/2021:06:24:59 +0800] "GET /xingrg/all/function/internal_message.html?_=1628115851363&CODE_STATE=getMsg HTTP/1.1" 200 27
120.253.135.82 - - [05/Aug/2021:06:25:03 +0800] "GET /xingrg/kc/pszx/mdps_order_info.html?code=312021080500119 HTTP/1.1" 200 23925
120.253.135.82 - - [05/Aug/2021:06:25:04 +0800] "GET /xingrg/javascript/easyui/themes/default/validatebox.css HTTP/1.1" 404 1104
120.253.135.82 - - [05/Aug/2021:06:25:04 +0800] "POST /xingrg/kc/pszx/mdps_order_operate.html HTTP/1.1" 200 9335
120.253.135.82 - - [05/Aug/2021:06:25:14 +0800] "GET /xingrg/all/function/internal_message.html?_=1628115947195&CODE_STATE=getMsg HTTP/1.1" 200 27
120.253.135.82 - - [05/Aug/2021:06:25:14 +0800] "POST /xingrg/kc/pszx/mdps_order_operate.html HTTP/1.1" 200 37
116.237.74.182 - - [05/Aug/2021:06:25:15 +0800] "GET /xingrg/all/function/internal_message.html?_=1628115908898&CODE_STATE=getMsg HTTP/1.1" 200 27
120.253.135.82 - - [05/Aug/2021:06:25:15 +0800] "GET /xingrg/kc/pszx/mdps_order_info.html?code=312021080500119 HTTP/1.1" 200 23925
120.253.135.82 - - [05/Aug/2021:06:25:16 +0800] "GET /xingrg/javascript/easyui/themes/default/validatebox.css HTTP/1.1" 404 1104
120.253.135.82 - - [05/Aug/2021:06:25:16 +0800] "POST /xingrg/kc/pszx/mdps_order_operate.html HTTP/1.1" 200 8827
180.169.147.146 - - [05/Aug/2021:06:25:22 +0800] "GET /xingrg/all/function/internal_message.html?_=1628115915065&CODE_STATE=getMsg HTTP/1.1" 200 27
222.70.246.151 - - [05/Aug/2021:06:25:27 +0800] "GET /xingrg/all/function/internal_message.html?_=1628115934948&CODE_STATE=getMsg HTTP/1.1" 302 -
120.253.135.82 - - [05/Aug/2021:06:25:30 +0800] "POST /xingrg/kc/pszx/mdps_list_operate.html HTTP/1.1" 200 2774
120.253.135.82 - - [05/Aug/2021:06:25:31 +0800] "POST /xingrg/kc/pszx/mdps_list_operate.html HTTP/1.1" 200 211
120.253.135.82 - - [05/Aug/2021:06:25:32 +0800] "POST /xingrg/kc/pszx/mdps_list_operate.html HTTP/1.1" 200 214
120.253.135.82 - - [05/Aug/2021:06:25:36 +0800] "POST /xingrg/kc/pszx/mdps_list_operate.html HTTP/1.1" 200 2774
120.253.135.82 - - [05/Aug/2021:06:25:36 +0800] "GET /xingrg/kc/pszx/mdqp_order_list.html?state=10 HTTP/1.1" 200 10657
120.253.135.82 - - [05/Aug/2021:06:25:36 +0800] "GET /xingrg/dwr/interface/AjaxQqpsService.js HTTP/1.1" 200 16326
120.253.135.82 - - [05/Aug/2021:06:25:36 +0800] "GET /xingrg/dwr/interface/AjaxReportQueryService.js HTTP/1.1" 200 13203
120.253.135.82 - - [05/Aug/2021:06:25:36 +0800] "GET /xingrg/dwr/engine.js HTTP/1.1" 200 43631
120.253.135.82 - - [05/Aug/2021:06:25:36 +0800] "GET /xingrg/check_reg.html?_=1628115711552 HTTP/1.1" 200 22
120.253.135.82 - - [05/Aug/2021:06:25:37 +0800] "GET /xingrg/all/function/internal_message.html?_=1628115712597&CODE_STATE=getMsg HTTP/1.1" 200 27
120.253.135.82 - - [05/Aug/2021:06:25:40 +0800] "GET /xingrg/kc/pszx/mdps_order_list.html?orderType=0 HTTP/1.1" 200 21048
120.253.135.82 - - [05/Aug/2021:06:25:41 +0800] "POST /xingrg/kc/pszx/mdps_list_operate.html HTTP/1.1" 200 5234
180.169.147.146 - - [05/Aug/2021:06:25:43 +0800] "GET /xingrg/all/function/internal_message.html?_=1628115939307&CODE_STATE=getMsg HTTP/1.1" 302 -
120.253.135.82 - - [05/Aug/2021:06:25:46 +0800] "POST /xingrg/kc/pszx/mdps_list_operate.html HTTP/1.1" 200 2774
180.156.224.123 - - [05/Aug/2021:06:25:51 +0800] "GET /xingrg/all/function/internal_message.html?_=1628115946275&CODE_STATE=getMsg HTTP/1.1" 200 27
101.93.222.235 - - [05/Aug/2021:06:25:54 +0800] "POST /xingrg/services/DataTransmitService HTTP/1.1" 200 524
222.70.246.151 - - [05/Aug/2021:06:25:56 +0800] "GET /xingrg/all/function/internal_message.html?_=1628115965597&CODE_STATE=getMsg HTTP/1.1" 200 27
114.88.154.248 - - [05/Aug/2021:06:25:58 +0800] "GET /xingrg/all/function/internal_message.html?_=1628115860529&CODE_STATE=getMsg HTTP/1.1" 200 27
180.156.224.123 - - [05/Aug/2021:06:25:59 +0800] "GET /xingrg/all/function/internal_message.html?_=1628115911366&CODE_STATE=getMsg HTTP/1.1" 200 27
120.253.135.82 - - [05/Aug/2021:06:26:14 +0800] "GET /xingrg/all/function/internal_message.html?_=1628116007214&CODE_STATE=getMsg HTTP/1.1" 200 27
116.237.74.182 - - [05/Aug/2021:06:26:15 +0800] "GET /xingrg/all/function/internal_message.html?_=1628115968900&CODE_STATE=getMsg HTTP/1.1" 200 27
101.93.222.235 - - [05/Aug/2021:06:26:15 +0800] "POST /xingrg/services/DataTransmitService HTTP/1.1" 200 501
101.93.222.235 - - [05/Aug/2021:06:26:15 +0800] "POST /xingrg/services/DataTransmitService HTTP/1.1" 200 501
101.93.222.235 - - [05/Aug/2021:06:26:17 +0800] "POST /xingrg/services/DataTransmitService HTTP/1.1" 200 501
222.70.246.151 - - [05/Aug/2021:06:26:17 +0800] "GET /xingrg/check_reg.html?_=1628115985404 HTTP/1.1" 302 -
101.93.222.235 - - [05/Aug/2021:06:26:20 +0800] "POST /xingrg/services/DataTransmitService HTTP/1.1" 200 501
101.93.222.235 - - [05/Aug/2021:06:26:20 +0800] "POST /xingrg/services/DataTransmitService HTTP/1.1" 200 501
101.93.222.235 - - [05/Aug/2021:06:26:20 +0800] "POST /xingrg/services/DataTransmitService HTTP/1.1" 200 501
101.93.222.235 - - [05/Aug/2021:06:26:22 +0800] "POST /xingrg/services/DataTransmitService HTTP/1.1" 200 501
180.169.147.146 - - [05/Aug/2021:06:26:22 +0800] "GET /xingrg/all/function/internal_message.html?_=1628115975075&CODE_STATE=getMsg HTTP/1.1" 200 27
101.93.222.235 - - [05/Aug/2021:06:26:22 +0800] "POST /xingrg/services/DataTransmitService HTTP/1.1" 200 501
101.93.222.235 - - [05/Aug/2021:06:26:22 +0800] "POST /xingrg/services/DataTransmitService HTTP/1.1" 200 501
101.93.222.235 - - [05/Aug/2021:06:26:23 +0800] "POST /xingrg/services/DataTransmitService HTTP/1.1" 200 412
222.70.246.151 - - [05/Aug/2021:06:26:27 +0800] "GET /xingrg/all/function/internal_message.html?_=1628115994963&CODE_STATE=getMsg HTTP/1.1" 302 -
120.253.135.82 - - [05/Aug/2021:06:26:37 +0800] "GET /xingrg/all/function/internal_message.html?_=1628115772611&CODE_STATE=getMsg HTTP/1.1" 200 27
180.169.147.146 - - [05/Aug/2021:06:26:43 +0800] "GET /xingrg/all/function/internal_message.html?_=1628115999311&CODE_STATE=getMsg HTTP/1.1" 302 -
180.156.224.123 - - [05/Aug/2021:06:26:51 +0800] "GET /xingrg/all/function/internal_message.html?_=1628116006276&CODE_STATE=getMsg HTTP/1.1" 200 27
222.70.246.151 - - [05/Aug/2021:06:26:56 +0800] "GET /xingrg/all/function/internal_message.html?_=1628116025603&CODE_STATE=getMsg HTTP/1.1" 200 27
114.88.154.248 - - [05/Aug/2021:06:26:58 +0800] "GET /xingrg/all/function/internal_message.html?_=1628115920528&CODE_STATE=getMsg HTTP/1.1" 200 27
180.156.224.123 - - [05/Aug/2021:06:26:59 +0800] "GET /xingrg/all/function/internal_message.html?_=1628115971388&CODE_STATE=getMsg HTTP/1.1" 200 27
120.253.135.82 - - [05/Aug/2021:06:27:14 +0800] "GET /xingrg/all/function/internal_message.html?_=1628116067232&CODE_STATE=getMsg HTTP/1.1" 200 27
116.237.74.182 - - [05/Aug/2021:06:27:15 +0800] "GET /xingrg/all/function/internal_message.html?_=1628116028899&CODE_STATE=getMsg HTTP/1.1" 200 27
180.169.147.146 - - [05/Aug/2021:06:27:22 +0800] "GET /xingrg/all/function/internal_message.html?_=1628116035056&CODE_STATE=getMsg HTTP/1.1" 200 27
222.70.246.151 - - [05/Aug/2021:06:27:27 +0800] "GET /xingrg/all/function/internal_message.html?_=1628116054982&CODE_STATE=getMsg HTTP/1.1" 302 -
180.169.147.146 - - [05/Aug/2021:06:27:32 +0800] "GET /xingrg/check_reg.html?_=1628116048606 HTTP/1.1" 302 -
120.253.135.82 - - [05/Aug/2021:06:27:37 +0800] "GET /xingrg/all/function/internal_message.html?_=1628115832624&CODE_STATE=getMsg HTTP/1.1" 200 27
180.169.147.146 - - [05/Aug/2021:06:27:43 +0800] "GET /xingrg/all/function/internal_message.html?_=1628116059331&CODE_STATE=getMsg HTTP/1.1" 302 -
180.156.224.123 - - [05/Aug/2021:06:27:51 +0800] "GET /xingrg/all/function/internal_message.html?_=1628116066289&CODE_STATE=getMsg HTTP/1.1" 200 27
180.156.224.123 - - [05/Aug/2021:06:27:51 +0800] "GET /xingrg/check_reg.html?_=1628116023474 HTTP/1.1" 200 22
222.70.246.151 - - [05/Aug/2021:06:27:56 +0800] "GET /xingrg/all/function/internal_message.html?_=1628116085802&CODE_STATE=getMsg HTTP/1.1" 200 27
114.88.154.248 - - [05/Aug/2021:06:27:58 +0800] "GET /xingrg/all/function/internal_message.html?_=1628115980527&CODE_STATE=getMsg HTTP/1.1" 200 27
180.156.224.123 - - [05/Aug/2021:06:27:59 +0800] "GET /xingrg/all/function/internal_message.html?_=1628116031394&CODE_STATE=getMsg HTTP/1.1" 200 27
222.70.246.151 - - [05/Aug/2021:06:27:59 +0800] "GET /xingrg/check_reg.html?_=1628116089439 HTTP/1.1" 200 22
120.253.135.82 - - [05/Aug/2021:06:28:02 +0800] "GET /xingrg/check_reg.html?_=1628116115108 HTTP/1.1" 200 22
120.253.135.82 - - [05/Aug/2021:06:28:12 +0800] "POST /xingrg/kc/pszx/mdps_list_operate.html HTTP/1.1" 200 2067
120.253.135.82 - - [05/Aug/2021:06:28:14 +0800] "POST /xingrg/kc/pszx/mdps_list_operate.html HTTP/1.1" 200 612
120.253.135.82 - - [05/Aug/2021:06:28:14 +0800] "GET /xingrg/all/function/internal_message.html?_=1628116127241&CODE_STATE=getMsg HTTP/1.1" 200 27
116.237.74.182 - - [05/Aug/2021:06:28:15 +0800] "GET /xingrg/all/function/internal_message.html?_=1628116088900&CODE_STATE=getMsg HTTP/1.1" 200 27
116.237.74.182 - - [05/Aug/2021:06:28:15 +0800] "GET /xingrg/check_reg.html?_=1628116088898 HTTP/1.1" 200 22
120.253.135.82 - - [05/Aug/2021:06:28:16 +0800] "POST /xingrg/kc/pszx/mdps_list_operate.html HTTP/1.1" 200 550
120.253.135.82 - - [05/Aug/2021:06:28:21 +0800] "GET /xingrg/kc/pszx/mdps_order_info.html?code=312021080200076 HTTP/1.1" 200 23931
120.253.135.82 - - [05/Aug/2021:06:28:21 +0800] "GET /xingrg/javascript/easyui/themes/default/validatebox.css HTTP/1.1" 404 1104
120.253.135.82 - - [05/Aug/2021:06:28:22 +0800] "POST /xingrg/kc/pszx/mdps_order_operate.html HTTP/1.1" 200 12652
180.169.147.146 - - [05/Aug/2021:06:28:22 +0800] "GET /xingrg/all/function/internal_message.html?_=1628116095036&CODE_STATE=getMsg HTTP/1.1" 200 27
222.70.246.151 - - [05/Aug/2021:06:28:27 +0800] "GET /xingrg/all/function/internal_message.html?_=1628116114989&CODE_STATE=getMsg HTTP/1.1" 302 -
120.253.135.82 - - [05/Aug/2021:06:28:37 +0800] "GET /xingrg/all/function/internal_message.html?_=1628115892756&CODE_STATE=getMsg HTTP/1.1" 200 27
180.169.147.146 - - [05/Aug/2021:06:28:43 +0800] "GET /xingrg/all/function/internal_message.html?_=1628116119337&CODE_STATE=getMsg HTTP/1.1" 302 -
180.169.147.146 - - [05/Aug/2021:06:28:44 +0800] "GET /xingrg/check_reg.html?_=1628116117290 HTTP/1.1" 200 22
180.156.224.123 - - [05/Aug/2021:06:28:51 +0800] "GET /xingrg/all/function/internal_message.html?_=1628116126291&CODE_STATE=getMsg HTTP/1.1" 200 27
180.156.224.123 - - [05/Aug/2021:06:28:51 +0800] "GET /xingrg/check_reg.html?_=1628116126293 HTTP/1.1" 200 22
222.70.246.151 - - [05/Aug/2021:06:28:56 +0800] "GET /xingrg/all/function/internal_message.html?_=1628116145802&CODE_STATE=getMsg HTTP/1.1" 200 27
114.88.154.248 - - [05/Aug/2021:06:28:58 +0800] "GET /xingrg/check_reg.html?_=1628116040528 HTTP/1.1" 200 22
114.88.154.248 - - [05/Aug/2021:06:28:58 +0800] "GET /xingrg/all/function/internal_message.html?_=1628116040526&CODE_STATE=getMsg HTTP/1.1" 200 27
180.156.224.123 - - [05/Aug/2021:06:28:59 +0800] "GET /xingrg/all/function/internal_message.html?_=1628116091407&CODE_STATE=getMsg HTTP/1.1" 200 27
120.253.135.82 - - [05/Aug/2021:06:29:14 +0800] "GET /xingrg/all/function/internal_message.html?_=1628116187255&CODE_STATE=getMsg HTTP/1.1" 200 27
180.169.147.146 - - [05/Aug/2021:06:29:15 +0800] "GET /xingrg/check_reg.html?_=1628116151258 HTTP/1.1" 302 -
116.237.74.182 - - [05/Aug/2021:06:29:15 +0800] "GET /xingrg/all/function/internal_message.html?_=1628116148899&CODE_STATE=getMsg HTTP/1.1" 200 27
116.230.110.80 - - [05/Aug/2021:06:29:16 +0800] "POST /xingrg/services/DataTransmitService HTTP/1.1" 200 524
180.169.147.146 - - [05/Aug/2021:06:29:22 +0800] "GET /xingrg/all/function/internal_message.html?_=1628116155006&CODE_STATE=getMsg HTTP/1.1" 200 27
222.70.246.151 - - [05/Aug/2021:06:29:27 +0800] "GET /xingrg/all/function/internal_message.html?_=1628116175009&CODE_STATE=getMsg HTTP/1.1" 302 -
222.70.246.151 - - [05/Aug/2021:06:29:34 +0800] "GET /xingrg/kc/buy/cgsh_order_list.html HTTP/1.1" 200 47411
222.70.246.151 - - [05/Aug/2021:06:29:36 +0800] "POST /xingrg/kc/buy/cgsh_list_operate.html HTTP/1.1" 200 5213
120.253.135.82 - - [05/Aug/2021:06:29:37 +0800] "GET /xingrg/all/function/internal_message.html?_=1628115952760&CODE_STATE=getMsg HTTP/1.1" 200 27
180.169.147.146 - - [05/Aug/2021:06:29:43 +0800] "GET /xingrg/all/function/internal_message.html?_=1628116179357&CODE_STATE=getMsg HTTP/1.1" 302 -
120.253.135.82 - - [05/Aug/2021:06:29:48 +0800] "POST /xingrg/kc/pszx/mdps_list_operate.html HTTP/1.1" 200 2061
120.253.135.82 - - [05/Aug/2021:06:29:49 +0800] "POST /xingrg/kc/pszx/mdps_list_operate.html HTTP/1.1" 200 360
120.253.135.82 - - [05/Aug/2021:06:29:50 +0800] "POST /xingrg/kc/pszx/mdps_list_operate.html HTTP/1.1" 200 288
180.156.224.123 - - [05/Aug/2021:06:29:51 +0800] "GET /xingrg/all/function/internal_message.html?_=1628116186290&CODE_STATE=getMsg HTTP/1.1" 200 27
120.253.135.82 - - [05/Aug/2021:06:29:51 +0800] "GET /xingrg/kc/pszx/mdps_order_info.html?code=312021080200071 HTTP/1.1" 200 23931
120.253.135.82 - - [05/Aug/2021:06:29:52 +0800] "GET /xingrg/javascript/easyui/themes/default/validatebox.css HTTP/1.1" 404 1104
120.253.135.82 - - [05/Aug/2021:06:29:52 +0800] "POST /xingrg/kc/pszx/mdps_order_operate.html HTTP/1.1" 200 2775
120.253.135.82 - - [05/Aug/2021:06:29:55 +0800] "POST /xingrg/kc/pszx/mdps_list_operate.html HTTP/1.1" 200 2061
222.70.246.151 - - [05/Aug/2021:06:29:56 +0800] "GET /xingrg/all/function/internal_message.html?_=1628116205817&CODE_STATE=getMsg HTTP/1.1" 200 27
120.253.135.82 - - [05/Aug/2021:06:29:57 +0800] "POST /xingrg/kc/pszx/mdps_list_operate.html HTTP/1.1" 200 288
114.88.154.248 - - [05/Aug/2021:06:29:58 +0800] "GET /xingrg/all/function/internal_message.html?_=1628116100526&CODE_STATE=getMsg HTTP/1.1" 200 27
120.253.135.82 - - [05/Aug/2021:06:29:58 +0800] "GET /xingrg/kc/pszx/mdps_order_info.html?code=312021080200071 HTTP/1.1" 200 23931
120.253.135.82 - - [05/Aug/2021:06:29:59 +0800] "GET /xingrg/javascript/easyui/themes/default/validatebox.css HTTP/1.1" 404 1104
180.156.224.123 - - [05/Aug/2021:06:29:59 +0800] "GET /xingrg/all/function/internal_message.html?_=1628116151429&CODE_STATE=getMsg HTTP/1.1" 200 27
120.253.135.82 - - [05/Aug/2021:06:30:00 +0800] "POST /xingrg/kc/pszx/mdps_order_operate.html HTTP/1.1" 200 2775
120.253.135.82 - - [05/Aug/2021:06:30:06 +0800] "POST /xingrg/kc/pszx/mdps_order_operate.html HTTP/1.1" 200 37
120.253.135.82 - - [05/Aug/2021:06:30:07 +0800] "GET /xingrg/kc/pszx/mdps_order_info.html?code=312021080200071 HTTP/1.1" 200 23931
120.253.135.82 - - [05/Aug/2021:06:30:08 +0800] "GET /xingrg/javascript/easyui/themes/default/validatebox.css HTTP/1.1" 404 1104
120.253.135.82 - - [05/Aug/2021:06:30:08 +0800] "POST /xingrg/kc/pszx/mdps_order_operate.html HTTP/1.1" 200 2775
120.253.135.82 - - [05/Aug/2021:06:30:10 +0800] "POST /xingrg/kc/pszx/mdps_list_operate.html HTTP/1.1" 200 2061
120.253.135.82 - - [05/Aug/2021:06:30:12 +0800] "POST /xingrg/kc/pszx/mdps_list_operate.html HTTP/1.1" 200 360
120.253.135.82 - - [05/Aug/2021:06:30:14 +0800] "GET /xingrg/all/function/internal_message.html?_=1628116247279&CODE_STATE=getMsg HTTP/1.1" 200 27
116.237.74.182 - - [05/Aug/2021:06:30:15 +0800] "GET /xingrg/all/function/internal_message.html?_=1628116208898&CODE_STATE=getMsg HTTP/1.1" 200 27
120.253.135.82 - - [05/Aug/2021:06:30:15 +0800] "GET /xingrg/kc/pszx/jzcl_ps.html HTTP/1.1" 200 7683
120.253.135.82 - - [05/Aug/2021:06:30:15 +0800] "POST /xingrg/kc/pszx/mdps_list_operate.html HTTP/1.1" 200 2061
120.253.135.82 - - [05/Aug/2021:06:30:16 +0800] "POST /xingrg/all/common/load_tree.html?tree=area_rest_tree_json HTTP/1.1" 200 3472
120.253.135.82 - - [05/Aug/2021:06:30:16 +0800] "POST /xingrg/kc/pszx/jzcl_ps_operate.html HTTP/1.1" 200 448
120.253.135.82 - - [05/Aug/2021:06:30:16 +0800] "POST /xingrg/kc/pszx/jzcl_ps_operate.html HTTP/1.1" 200 448
222.70.246.151 - - [05/Aug/2021:06:30:22 +0800] "POST /xingrg/kc/buy/cgsh_list_operate.html HTTP/1.1" 200 4
180.169.147.146 - - [05/Aug/2021:06:30:22 +0800] "GET /xingrg/all/function/internal_message.html?_=1628116214988&CODE_STATE=getMsg HTTP/1.1" 200 27
120.253.135.82 - - [05/Aug/2021:06:30:24 +0800] "POST /xingrg/kc/pszx/jzcl_ps_operate.html HTTP/1.1" 200 4
120.253.135.82 - - [05/Aug/2021:06:30:26 +0800] "GET /xingrg/kc/pszx/mdps_order_list.html HTTP/1.1" 200 21048
120.253.135.82 - - [05/Aug/2021:06:30:26 +0800] "POST /xingrg/kc/pszx/jzcl_ps_operate.html HTTP/1.1" 200 21
120.253.135.82 - - [05/Aug/2021:06:30:26 +0800] "POST /xingrg/kc/pszx/mdps_list_operate.html HTTP/1.1" 200 5235
222.70.246.151 - - [05/Aug/2021:06:30:27 +0800] "GET /xingrg/all/function/internal_message.html?_=1628116235017&CODE_STATE=getMsg HTTP/1.1" 302 -
120.253.135.82 - - [05/Aug/2021:06:30:36 +0800] "GET /xingrg/check_reg.html?_=1628116011557 HTTP/1.1" 200 22
120.253.135.82 - - [05/Aug/2021:06:30:37 +0800] "GET /xingrg/all/function/internal_message.html?_=1628116012774&CODE_STATE=getMsg HTTP/1.1" 200 27
120.253.135.82 - - [05/Aug/2021:06:30:38 +0800] "POST /xingrg/kc/pszx/mdps_list_operate.html HTTP/1.1" 200 2434
120.253.135.82 - - [05/Aug/2021:06:30:40 +0800] "POST /xingrg/kc/pszx/mdps_list_operate.html HTTP/1.1" 200 586
120.253.135.82 - - [05/Aug/2021:06:30:41 +0800] "GET /xingrg/kc/pszx/mdps_order_info.html?code=312021080500121 HTTP/1.1" 200 23931
120.253.135.82 - - [05/Aug/2021:06:30:42 +0800] "GET /xingrg/javascript/easyui/themes/default/validatebox.css HTTP/1.1" 404 1104
120.253.135.82 - - [05/Aug/2021:06:30:42 +0800] "POST /xingrg/kc/pszx/mdps_order_operate.html HTTP/1.1" 200 10699
180.169.147.146 - - [05/Aug/2021:06:30:43 +0800] "GET /xingrg/all/function/internal_message.html?_=1628116239365&CODE_STATE=getMsg HTTP/1.1" 302 -
222.70.246.151 - - [05/Aug/2021:06:30:44 +0800] "POST /xingrg/kc/buy/cgsh_list_operate.html HTTP/1.1" 200 5146
180.156.224.123 - - [05/Aug/2021:06:30:51 +0800] "GET /xingrg/all/function/internal_message.html?_=1628116246290&CODE_STATE=getMsg HTTP/1.1" 200 27
222.70.246.151 - - [05/Aug/2021:06:30:56 +0800] "GET /xingrg/all/function/internal_message.html?_=1628116265833&CODE_STATE=getMsg HTTP/1.1" 200 27
114.88.154.248 - - [05/Aug/2021:06:30:58 +0800] "GET /xingrg/all/function/internal_message.html?_=1628116160524&CODE_STATE=getMsg HTTP/1.1" 200 27
180.156.224.123 - - [05/Aug/2021:06:30:59 +0800] "GET /xingrg/all/function/internal_message.html?_=1628116211434&CODE_STATE=getMsg HTTP/1.1" 200 27
120.253.135.82 - - [05/Aug/2021:06:31:01 +0800] "POST /xingrg/all/common/load_combo.html?type=base HTTP/1.1" 200 1075
120.253.135.82 - - [05/Aug/2021:06:31:05 +0800] "POST /xingrg/kc/pszx/mdps_order_operate.html HTTP/1.1" 200 37
120.253.135.82 - - [05/Aug/2021:06:31:06 +0800] "GET /xingrg/kc/pszx/mdps_order_info.html?code=312021080500121 HTTP/1.1" 200 23931
120.253.135.82 - - [05/Aug/2021:06:31:07 +0800] "GET /xingrg/javascript/easyui/themes/default/validatebox.css HTTP/1.1" 404 1104
120.253.135.82 - - [05/Aug/2021:06:31:07 +0800] "POST /xingrg/kc/pszx/mdps_order_operate.html HTTP/1.1" 200 10846
120.253.135.82 - - [05/Aug/2021:06:31:14 +0800] "GET /xingrg/all/function/internal_message.html?_=1628116307298&CODE_STATE=getMsg HTTP/1.1" 200 27
116.237.74.182 - - [05/Aug/2021:06:31:15 +0800] "GET /xingrg/all/function/internal_message.html?_=1628116268897&CODE_STATE=getMsg HTTP/1.1" 200 27
222.70.246.151 - - [05/Aug/2021:06:31:17 +0800] "GET /xingrg/check_reg.html?_=1628116285405 HTTP/1.1" 302 -
180.169.147.146 - - [05/Aug/2021:06:31:22 +0800] "GET /xingrg/all/function/internal_message.html?_=1628116274966&CODE_STATE=getMsg HTTP/1.1" 200 27
222.70.246.151 - - [05/Aug/2021:06:31:27 +0800] "GET /xingrg/all/function/internal_message.html?_=1628116295031&CODE_STATE=getMsg HTTP/1.1" 302 -
222.70.246.151 - - [05/Aug/2021:06:31:29 +0800] "POST /xingrg/kc/buy/cgsh_list_operate.html HTTP/1.1" 200 4
222.70.246.151 - - [05/Aug/2021:06:31:33 +0800] "POST /xingrg/kc/buy/cgsh_list_operate.html HTTP/1.1" 200 2053
120.253.135.82 - - [05/Aug/2021:06:31:37 +0800] "GET /xingrg/all/function/internal_message.html?_=1628116072787&CODE_STATE=getMsg HTTP/1.1" 200 27
180.169.147.146 - - [05/Aug/2021:06:31:43 +0800] "GET /xingrg/all/function/internal_message.html?_=1628116299384&CODE_STATE=getMsg HTTP/1.1" 302 -
222.70.246.151 - - [05/Aug/2021:06:31:46 +0800] "POST /xingrg/kc/buy/cgsh_list_operate.html HTTP/1.1" 200 4
222.70.246.151 - - [05/Aug/2021:06:31:50 +0800] "POST /xingrg/kc/buy/cgsh_list_operate.html HTTP/1.1" 200 876
180.156.224.123 - - [05/Aug/2021:06:31:51 +0800] "GET /xingrg/all/function/internal_message.html?_=1628116306288&CODE_STATE=getMsg HTTP/1.1" 200 27
222.70.246.151 - - [05/Aug/2021:06:31:56 +0800] "GET /xingrg/all/function/internal_message.html?_=1628116325843&CODE_STATE=getMsg HTTP/1.1" 200 27
114.88.154.248 - - [05/Aug/2021:06:31:58 +0800] "GET /xingrg/all/function/internal_message.html?_=1628116220568&CODE_STATE=getMsg HTTP/1.1" 200 27
180.156.224.123 - - [05/Aug/2021:06:31:59 +0800] "GET /xingrg/all/function/internal_message.html?_=1628116271457&CODE_STATE=getMsg HTTP/1.1" 200 27
120.253.135.82 - - [05/Aug/2021:06:32:14 +0800] "GET /xingrg/all/function/internal_message.html?_=1628116367316&CODE_STATE=getMsg HTTP/1.1" 200 27
116.237.74.182 - - [05/Aug/2021:06:32:15 +0800] "GET /xingrg/all/function/internal_message.html?_=1628116328898&CODE_STATE=getMsg HTTP/1.1" 200 27
180.169.147.146 - - [05/Aug/2021:06:32:22 +0800] "GET /xingrg/all/function/internal_message.html?_=1628116334970&CODE_STATE=getMsg HTTP/1.1" 200 27
120.253.135.82 - - [05/Aug/2021:06:32:22 +0800] "POST /xingrg/kc/pszx/mdps_order_operate.html HTTP/1.1" 200 37
120.253.135.82 - - [05/Aug/2021:06:32:23 +0800] "GET /xingrg/kc/pszx/mdps_order_info.html?code=312021080500121 HTTP/1.1" 200 23931
120.253.135.82 - - [05/Aug/2021:06:32:23 +0800] "GET /xingrg/javascript/easyui/themes/default/validatebox.css HTTP/1.1" 404 1104
120.253.135.82 - - [05/Aug/2021:06:32:24 +0800] "POST /xingrg/kc/pszx/mdps_order_operate.html HTTP/1.1" 200 10846
222.70.246.151 - - [05/Aug/2021:06:32:27 +0800] "GET /xingrg/all/function/internal_message.html?_=1628116355051&CODE_STATE=getMsg HTTP/1.1" 302 -
120.253.135.82 - - [05/Aug/2021:06:32:28 +0800] "GET /xingrg/kc/report/report_main.html HTTP/1.1" 200 9370
120.253.135.82 - - [05/Aug/2021:06:32:28 +0800] "GET /xingrg/javascript/jquery_ui/themes/humanity/humanity.css HTTP/1.1" 200 27801
120.253.135.82 - - [05/Aug/2021:06:32:28 +0800] "POST /xingrg/kc/pszx/mdps_list_operate.html HTTP/1.1" 200 2434
120.253.135.82 - - [05/Aug/2021:06:32:28 +0800] "GET /xingrg/javascript/jquery_easy_ui/themes/icons/settle_new.png HTTP/1.1" 200 826
120.253.135.82 - - [05/Aug/2021:06:32:29 +0800] "GET /xingrg/kc/base/kc_stocks.html HTTP/1.1" 200 16437
120.253.135.82 - - [05/Aug/2021:06:32:29 +0800] "GET /xingrg/javascript/easyui/themes/sunny/easyui.css HTTP/1.1" 200 34304
120.253.135.82 - - [05/Aug/2021:06:32:29 +0800] "GET /xingrg/javascript/easyui/themes/icons/print_new.png HTTP/1.1" 200 3580
120.253.135.82 - - [05/Aug/2021:06:32:29 +0800] "GET /xingrg/javascript/easyui/themes/icons/filter_new.png HTTP/1.1" 200 795
120.253.135.82 - - [05/Aug/2021:06:32:29 +0800] "GET /xingrg/javascript/easyui/themes/icons/refresh_new.png HTTP/1.1" 200 685
120.253.135.82 - - [05/Aug/2021:06:32:30 +0800] "GET /xingrg/javascript/easyui/plugins/jquery.draggable.js HTTP/1.1" 200 6121
120.253.135.82 - - [05/Aug/2021:06:32:30 +0800] "GET /xingrg/javascript/easyui/plugins/jquery.droppable.js HTTP/1.1" 200 1167
120.253.135.82 - - [05/Aug/2021:06:32:30 +0800] "GET /xingrg/javascript/easyui/themes/default/tree.css HTTP/1.1" 404 1090
120.253.135.82 - - [05/Aug/2021:06:32:30 +0800] "GET /xingrg/javascript/easyui/plugins/jquery.tree.js HTTP/1.1" 200 20874
120.253.135.82 - - [05/Aug/2021:06:32:30 +0800] "POST /xingrg/all/common/load_tree.html?tree=materiel_sort_tree_json HTTP/1.1" 200 8666
120.253.135.82 - - [05/Aug/2021:06:32:30 +0800] "GET /xingrg/javascript/easyui/themes/sunny/images/tree_file.gif HTTP/1.1" 200 118
120.253.135.82 - - [05/Aug/2021:06:32:30 +0800] "GET /xingrg/javascript/easyui/themes/sunny/images/tree_folder.gif HTTP/1.1" 200 952
120.253.135.82 - - [05/Aug/2021:06:32:30 +0800] "GET /xingrg/javascript/easyui/themes/sunny/images/tree_folder_open.gif HTTP/1.1" 200 956
120.253.135.82 - - [05/Aug/2021:06:32:31 +0800] "POST /xingrg/all/common/load_combo.html?type=base HTTP/1.1" 200 1075
180.169.147.146 - - [05/Aug/2021:06:32:32 +0800] "GET /xingrg/check_reg.html?_=1628116348618 HTTP/1.1" 302 -
120.253.135.82 - - [05/Aug/2021:06:32:37 +0800] "GET /xingrg/all/function/internal_message.html?_=1628116132801&CODE_STATE=getMsg HTTP/1.1" 200 27
180.169.147.146 - - [05/Aug/2021:06:32:43 +0800] "GET /xingrg/all/function/internal_message.html?_=1628116359393&CODE_STATE=getMsg HTTP/1.1" 302 -
120.253.135.82 - - [05/Aug/2021:06:32:43 +0800] "POST /xingrg/kc/base/stock_operate.html HTTP/1.1" 200 1717
120.253.135.82 - - [05/Aug/2021:06:32:43 +0800] "GET /xingrg/javascript/jquery_tools/fix_table.js HTTP/1.1" 200 6528
114.88.154.248 - - [05/Aug/2021:06:32:48 +0800] "POST /xingrg/services/DataTransmitService HTTP/1.1" 200 524
180.156.224.123 - - [05/Aug/2021:06:32:51 +0800] "GET /xingrg/all/function/internal_message.html?_=1628116366287&CODE_STATE=getMsg HTTP/1.1" 200 27
180.156.224.123 - - [05/Aug/2021:06:32:51 +0800] "GET /xingrg/check_reg.html?_=1628116323478 HTTP/1.1" 200 22
114.88.154.248 - - [05/Aug/2021:06:32:55 +0800] "POST /xingrg/services/DataTransmitService HTTP/1.1" 200 501
114.88.154.248 - - [05/Aug/2021:06:32:56 +0800] "POST /xingrg/services/DataTransmitService HTTP/1.1" 200 501
222.70.246.151 - - [05/Aug/2021:06:32:56 +0800] "GET /xingrg/all/function/internal_message.html?_=1628116385857&CODE_STATE=getMsg HTTP/1.1" 200 27
114.88.154.248 - - [05/Aug/2021:06:32:58 +0800] "GET /xingrg/all/function/internal_message.html?_=1628116280566&CODE_STATE=getMsg HTTP/1.1" 200 27
114.88.154.248 - - [05/Aug/2021:06:32:58 +0800] "POST /xingrg/services/DataTransmitService HTTP/1.1" 200 501
180.156.224.123 - - [05/Aug/2021:06:32:59 +0800] "GET /xingrg/all/function/internal_message.html?_=1628116331461&CODE_STATE=getMsg HTTP/1.1" 200 27
222.70.246.151 - - [05/Aug/2021:06:33:00 +0800] "GET /xingrg/check_reg.html?_=1628116389588 HTTP/1.1" 200 22
114.88.154.248 - - [05/Aug/2021:06:33:01 +0800] "POST /xingrg/services/DataTransmitService HTTP/1.1" 200 501
120.253.135.82 - - [05/Aug/2021:06:33:02 +0800] "GET /xingrg/check_reg.html?_=1628116415109 HTTP/1.1" 200 22
114.88.154.248 - - [05/Aug/2021:06:33:02 +0800] "POST /xingrg/services/DataTransmitService HTTP/1.1" 200 501
114.88.154.248 - - [05/Aug/2021:06:33:03 +0800] "POST /xingrg/services/DataTransmitService HTTP/1.1" 200 501
114.88.154.248 - - [05/Aug/2021:06:33:03 +0800] "POST /xingrg/services/DataTransmitService HTTP/1.1" 200 501
114.88.154.248 - - [05/Aug/2021:06:33:04 +0800] "POST /xingrg/services/DataTransmitService HTTP/1.1" 200 501
114.88.154.248 - - [05/Aug/2021:06:33:04 +0800] "POST /xingrg/services/DataTransmitService HTTP/1.1" 200 412
120.253.135.82 - - [05/Aug/2021:06:33:14 +0800] "GET /xingrg/all/function/internal_message.html?_=1628116427325&CODE_STATE=getMsg HTTP/1.1" 200 27
116.237.74.182 - - [05/Aug/2021:06:33:15 +0800] "GET /xingrg/check_reg.html?_=1628116388897 HTTP/1.1" 200 22
116.237.74.182 - - [05/Aug/2021:06:33:15 +0800] "GET /xingrg/all/function/internal_message.html?_=1628116388899&CODE_STATE=getMsg HTTP/1.1" 200 27
180.169.147.146 - - [05/Aug/2021:06:33:22 +0800] "GET /xingrg/all/function/internal_message.html?_=1628116394951&CODE_STATE=getMsg HTTP/1.1" 200 27
222.70.246.151 - - [05/Aug/2021:06:33:27 +0800] "GET /xingrg/all/function/internal_message.html?_=1628116415058&CODE_STATE=getMsg HTTP/1.1" 302 -
120.253.135.82 - - [05/Aug/2021:06:33:35 +0800] "GET /xingrg/kc/pszx/mdps_order_list.html?orderType=0 HTTP/1.1" 200 21048
120.253.135.82 - - [05/Aug/2021:06:33:35 +0800] "POST /xingrg/kc/pszx/mdps_list_operate.html HTTP/1.1" 200 5235
120.253.135.82 - - [05/Aug/2021:06:33:37 +0800] "GET /xingrg/all/function/internal_message.html?_=1628116192815&CODE_STATE=getMsg HTTP/1.1" 200 27
180.169.147.146 - - [05/Aug/2021:06:33:43 +0800] "GET /xingrg/all/function/internal_message.html?_=1628116419416&CODE_STATE=getMsg HTTP/1.1" 302 -
180.169.147.146 - - [05/Aug/2021:06:33:44 +0800] "GET /xingrg/check_reg.html?_=1628116417298 HTTP/1.1" 200 22
120.253.135.82 - - [05/Aug/2021:06:33:47 +0800] "POST /xingrg/kc/pszx/mdps_list_operate.html HTTP/1.1" 200 2434
120.253.135.82 - - [05/Aug/2021:06:33:50 +0800] "POST /xingrg/kc/pszx/mdps_list_operate.html HTTP/1.1" 200 586
120.253.135.82 - - [05/Aug/2021:06:33:51 +0800] "GET /xingrg/kc/pszx/mdps_order_info.html?code=312021080500121 HTTP/1.1" 200 23931
180.156.224.123 - - [05/Aug/2021:06:33:51 +0800] "GET /xingrg/all/function/internal_message.html?_=1628116426289&CODE_STATE=getMsg HTTP/1.1" 200 27
180.156.224.123 - - [05/Aug/2021:06:33:51 +0800] "GET /xingrg/check_reg.html?_=1628116426290 HTTP/1.1" 200 22
120.253.135.82 - - [05/Aug/2021:06:33:52 +0800] "GET /xingrg/javascript/easyui/themes/default/validatebox.css HTTP/1.1" 404 1104
120.253.135.82 - - [05/Aug/2021:06:33:52 +0800] "POST /xingrg/kc/pszx/mdps_order_operate.html HTTP/1.1" 200 10846
222.70.246.151 - - [05/Aug/2021:06:33:56 +0800] "GET /xingrg/all/function/internal_message.html?_=1628116445870&CODE_STATE=getMsg HTTP/1.1" 200 27
114.88.154.248 - - [05/Aug/2021:06:33:58 +0800] "GET /xingrg/check_reg.html?_=1628116340565 HTTP/1.1" 200 22
114.88.154.248 - - [05/Aug/2021:06:33:58 +0800] "GET /xingrg/all/function/internal_message.html?_=1628116340567&CODE_STATE=getMsg HTTP/1.1" 200 27
180.156.224.123 - - [05/Aug/2021:06:33:59 +0800] "GET /xingrg/all/function/internal_message.html?_=1628116391474&CODE_STATE=getMsg HTTP/1.1" 200 27
120.253.135.82 - - [05/Aug/2021:06:34:14 +0800] "GET /xingrg/all/function/internal_message.html?_=1628116487338&CODE_STATE=getMsg HTTP/1.1" 200 27
180.169.147.146 - - [05/Aug/2021:06:34:15 +0800] "GET /xingrg/check_reg.html?_=1628116451278 HTTP/1.1" 302 -
116.237.74.182 - - [05/Aug/2021:06:34:15 +0800] "GET /xingrg/all/function/internal_message.html?_=1628116448898&CODE_STATE=getMsg HTTP/1.1" 200 27
180.169.147.146 - - [05/Aug/2021:06:34:22 +0800] "GET /xingrg/all/function/internal_message.html?_=1628116454929&CODE_STATE=getMsg HTTP/1.1" 200 27
222.70.246.151 - - [05/Aug/2021:06:34:27 +0800] "GET /xingrg/all/function/internal_message.html?_=1628116475077&CODE_STATE=getMsg HTTP/1.1" 302 -
120.253.135.82 - - [05/Aug/2021:06:34:37 +0800] "GET /xingrg/all/function/internal_message.html?_=1628116252828&CODE_STATE=getMsg HTTP/1.1" 200 27
180.169.147.146 - - [05/Aug/2021:06:34:43 +0800] "GET /xingrg/all/function/internal_message.html?_=1628116479436&CODE_STATE=getMsg HTTP/1.1" 302 -
180.156.224.123 - - [05/Aug/2021:06:34:51 +0800] "GET /xingrg/all/function/internal_message.html?_=1628116486289&CODE_STATE=getMsg HTTP/1.1" 200 27
222.70.246.151 - - [05/Aug/2021:06:34:56 +0800] "GET /xingrg/all/function/internal_message.html?_=1628116505883&CODE_STATE=getMsg HTTP/1.1" 200 27
114.88.154.248 - - [05/Aug/2021:06:34:58 +0800] "GET /xingrg/all/function/internal_message.html?_=1628116400565&CODE_STATE=getMsg HTTP/1.1" 200 27
180.156.224.123 - - [05/Aug/2021:06:34:59 +0800] "GET /xingrg/all/function/internal_message.html?_=1628116451498&CODE_STATE=getMsg HTTP/1.1" 200 27
120.253.135.82 - - [05/Aug/2021:06:35:08 +0800] "POST /xingrg/kc/pszx/mdps_list_operate.html HTTP/1.1" 200 360
120.253.135.82 - - [05/Aug/2021:06:35:10 +0800] "GET /xingrg/kc/report/report_main.html HTTP/1.1" 200 9370
120.253.135.82 - - [05/Aug/2021:06:35:10 +0800] "POST /xingrg/kc/pszx/mdps_list_operate.html HTTP/1.1" 200 2434
120.253.135.82 - - [05/Aug/2021:06:35:12 +0800] "GET /xingrg/kc/base/kc_stocks.html HTTP/1.1" 200 16437
120.253.135.82 - - [05/Aug/2021:06:35:12 +0800] "GET /xingrg/javascript/easyui/themes/default/tree.css HTTP/1.1" 404 1090
120.253.135.82 - - [05/Aug/2021:06:35:12 +0800] "POST /xingrg/all/common/load_tree.html?tree=materiel_sort_tree_json HTTP/1.1" 200 8666
120.253.135.82 - - [05/Aug/2021:06:35:13 +0800] "POST /xingrg/all/common/load_combo.html?type=base HTTP/1.1" 200 1075
120.253.135.82 - - [05/Aug/2021:06:35:14 +0800] "GET /xingrg/all/function/internal_message.html?_=1628116547362&CODE_STATE=getMsg HTTP/1.1" 200 27
116.237.74.182 - - [05/Aug/2021:06:35:15 +0800] "GET /xingrg/all/function/internal_message.html?_=1628116508898&CODE_STATE=getMsg HTTP/1.1" 200 27
180.169.147.146 - - [05/Aug/2021:06:35:22 +0800] "GET /xingrg/all/function/internal_message.html?_=1628116514898&CODE_STATE=getMsg HTTP/1.1" 200 27
120.253.135.82 - - [05/Aug/2021:06:35:22 +0800] "POST /xingrg/kc/base/stock_operate.html HTTP/1.1" 200 1457
222.70.246.151 - - [05/Aug/2021:06:35:27 +0800] "GET /xingrg/all/function/internal_message.html?_=1628116535085&CODE_STATE=getMsg HTTP/1.1" 302 -
120.253.135.82 - - [05/Aug/2021:06:35:36 +0800] "GET /xingrg/check_reg.html?_=1628116311562 HTTP/1.1" 200 22
120.253.135.82 - - [05/Aug/2021:06:35:37 +0800] "GET /xingrg/all/function/internal_message.html?_=1628116312842&CODE_STATE=getMsg HTTP/1.1" 200 27
180.169.147.146 - - [05/Aug/2021:06:35:43 +0800] "GET /xingrg/all/function/internal_message.html?_=1628116539459&CODE_STATE=getMsg HTTP/1.1" 302 -
180.156.224.123 - - [05/Aug/2021:06:35:51 +0800] "GET /xingrg/all/function/internal_message.html?_=1628116546287&CODE_STATE=getMsg HTTP/1.1" 200 27
222.70.246.151 - - [05/Aug/2021:06:35:56 +0800] "GET /xingrg/all/function/internal_message.html?_=1628116566072&CODE_STATE=getMsg HTTP/1.1" 200 27
114.88.154.248 - - [05/Aug/2021:06:35:58 +0800] "GET /xingrg/all/function/internal_message.html?_=1628116460564&CODE_STATE=getMsg HTTP/1.1" 200 27
180.156.224.123 - - [05/Aug/2021:06:35:59 +0800] "GET /xingrg/all/function/internal_message.html?_=1628116511502&CODE_STATE=getMsg HTTP/1.1" 200 27
120.253.135.82 - - [05/Aug/2021:06:36:07 +0800] "POST /xingrg/kc/base/stock_operate.html HTTP/1.1" 200 1742
120.253.135.82 - - [05/Aug/2021:06:36:14 +0800] "GET /xingrg/all/function/internal_message.html?_=1628116607381&CODE_STATE=getMsg HTTP/1.1" 200 27
116.237.74.182 - - [05/Aug/2021:06:36:15 +0800] "GET /xingrg/all/function/internal_message.html?_=1628116568898&CODE_STATE=getMsg HTTP/1.1" 200 27
222.70.246.151 - - [05/Aug/2021:06:36:17 +0800] "GET /xingrg/check_reg.html?_=1628116585415 HTTP/1.1" 302 -
180.169.147.146 - - [05/Aug/2021:06:36:22 +0800] "GET /xingrg/all/function/internal_message.html?_=1628116574874&CODE_STATE=getMsg HTTP/1.1" 200 27
222.70.246.151 - - [05/Aug/2021:06:36:27 +0800] "GET /xingrg/all/function/internal_message.html?_=1628116595099&CODE_STATE=getMsg HTTP/1.1" 302 -
120.253.135.82 - - [05/Aug/2021:06:36:37 +0800] "GET /xingrg/all/function/internal_message.html?_=1628116372855&CODE_STATE=getMsg HTTP/1.1" 200 27
180.169.147.146 - - [05/Aug/2021:06:36:43 +0800] "GET /xingrg/all/function/internal_message.html?_=1628116599476&CODE_STATE=getMsg HTTP/1.1" 302 -
180.156.224.123 - - [05/Aug/2021:06:36:51 +0800] "GET /xingrg/all/function/internal_message.html?_=1628116606289&CODE_STATE=getMsg HTTP/1.1" 200 27
222.70.246.151 - - [05/Aug/2021:06:36:56 +0800] "GET /xingrg/all/function/internal_message.html?_=1628116626083&CODE_STATE=getMsg HTTP/1.1" 200 27
114.88.154.248 - - [05/Aug/2021:06:36:58 +0800] "GET /xingrg/all/function/internal_message.html?_=1628116520563&CODE_STATE=getMsg HTTP/1.1" 200 27
180.156.224.123 - - [05/Aug/2021:06:36:59 +0800] "GET /xingrg/all/function/internal_message.html?_=1628116571524&CODE_STATE=getMsg HTTP/1.1" 200 27
120.253.135.82 - - [05/Aug/2021:06:37:14 +0800] "GET /xingrg/all/function/internal_message.html?_=1628116667404&CODE_STATE=getMsg HTTP/1.1" 200 27
116.237.74.182 - - [05/Aug/2021:06:37:15 +0800] "GET /xingrg/all/function/internal_message.html?_=1628116628899&CODE_STATE=getMsg HTTP/1.1" 200 27
180.169.147.146 - - [05/Aug/2021:06:37:22 +0800] "GET /xingrg/all/function/internal_message.html?_=1628116634852&CODE_STATE=getMsg HTTP/1.1" 200 27
222.70.246.151 - - [05/Aug/2021:06:37:27 +0800] "GET /xingrg/all/function/internal_message.html?_=1628116655117&CODE_STATE=getMsg HTTP/1.1" 302 -
180.169.147.146 - - [05/Aug/2021:06:37:32 +0800] "GET /xingrg/check_reg.html?_=1628116648630 HTTP/1.1" 302 -
120.253.135.82 - - [05/Aug/2021:06:37:37 +0800] "GET /xingrg/all/function/internal_message.html?_=1628116432869&CODE_STATE=getMsg HTTP/1.1" 200 27
180.169.147.146 - - [05/Aug/2021:06:37:43 +0800] "GET /xingrg/all/function/internal_message.html?_=1628116659496&CODE_STATE=getMsg HTTP/1.1" 302 -
180.156.224.123 - - [05/Aug/2021:06:37:51 +0800] "GET /xingrg/all/function/internal_message.html?_=1628116666300&CODE_STATE=getMsg HTTP/1.1" 200 27
180.156.224.123 - - [05/Aug/2021:06:37:51 +0800] "GET /xingrg/check_reg.html?_=1628116623481 HTTP/1.1" 200 22
222.70.246.151 - - [05/Aug/2021:06:37:56 +0800] "GET /xingrg/all/function/internal_message.html?_=1628116686265&CODE_STATE=getMsg HTTP/1.1" 200 27
114.88.154.248 - - [05/Aug/2021:06:37:58 +0800] "GET /xingrg/all/function/internal_message.html?_=1628116580562&CODE_STATE=getMsg HTTP/1.1" 200 27
180.156.224.123 - - [05/Aug/2021:06:37:59 +0800] "GET /xingrg/all/function/internal_message.html?_=1628116631529&CODE_STATE=getMsg HTTP/1.1" 200 27
222.70.246.151 - - [05/Aug/2021:06:38:00 +0800] "GET /xingrg/check_reg.html?_=1628116689590 HTTP/1.1" 200 22
120.253.135.82 - - [05/Aug/2021:06:38:02 +0800] "GET /xingrg/check_reg.html?_=1628116715115 HTTP/1.1" 200 22
120.253.135.82 - - [05/Aug/2021:06:38:09 +0800] "POST /xingrg/kc/base/stock_operate.html HTTP/1.1" 200 1455
120.253.135.82 - - [05/Aug/2021:06:38:14 +0800] "POST /xingrg/kc/base/stock_operate.html HTTP/1.1" 200 1464
120.253.135.82 - - [05/Aug/2021:06:38:14 +0800] "GET /xingrg/all/function/internal_message.html?_=1628116727423&CODE_STATE=getMsg HTTP/1.1" 200 27
116.237.74.182 - - [05/Aug/2021:06:38:15 +0800] "GET /xingrg/check_reg.html?_=1628116688899 HTTP/1.1" 200 22
116.237.74.182 - - [05/Aug/2021:06:38:15 +0800] "GET /xingrg/all/function/internal_message.html?_=1628116688902&CODE_STATE=getMsg HTTP/1.1" 200 27
180.169.147.146 - - [05/Aug/2021:06:38:22 +0800] "GET /xingrg/all/function/internal_message.html?_=1628116694830&CODE_STATE=getMsg HTTP/1.1" 200 27
222.70.246.151 - - [05/Aug/2021:06:38:27 +0800] "GET /xingrg/all/function/internal_message.html?_=1628116715125&CODE_STATE=getMsg HTTP/1.1" 302 -
120.253.135.82 - - [05/Aug/2021:06:38:37 +0800] "GET /xingrg/all/function/internal_message.html?_=1628116492882&CODE_STATE=getMsg HTTP/1.1" 200 27
180.169.147.146 - - [05/Aug/2021:06:38:43 +0800] "GET /xingrg/all/function/internal_message.html?_=1628116719504&CODE_STATE=getMsg HTTP/1.1" 302 -
180.169.147.146 - - [05/Aug/2021:06:38:44 +0800] "GET /xingrg/check_reg.html?_=1628116717450 HTTP/1.1" 200 22
180.156.224.123 - - [05/Aug/2021:06:38:51 +0800] "GET /xingrg/all/function/internal_message.html?_=1628116726299&CODE_STATE=getMsg HTTP/1.1" 200 27
180.156.224.123 - - [05/Aug/2021:06:38:51 +0800] "GET /xingrg/check_reg.html?_=1628116726302 HTTP/1.1" 200 22
222.70.246.151 - - [05/Aug/2021:06:38:56 +0800] "GET /xingrg/all/function/internal_message.html?_=1628116746265&CODE_STATE=getMsg HTTP/1.1" 200 27
114.88.154.248 - - [05/Aug/2021:06:38:58 +0800] "GET /xingrg/check_reg.html?_=1628116640560 HTTP/1.1" 200 22
114.88.154.248 - - [05/Aug/2021:06:38:58 +0800] "GET /xingrg/all/function/internal_message.html?_=1628116640560&CODE_STATE=getMsg HTTP/1.1" 200 27
180.156.224.123 - - [05/Aug/2021:06:38:59 +0800] "GET /xingrg/all/function/internal_message.html?_=1628116691542&CODE_STATE=getMsg HTTP/1.1" 200 27
120.253.135.82 - - [05/Aug/2021:06:39:14 +0800] "GET /xingrg/all/function/internal_message.html?_=1628116787438&CODE_STATE=getMsg HTTP/1.1" 200 27
180.169.147.146 - - [05/Aug/2021:06:39:15 +0800] "GET /xingrg/check_reg.html?_=1628116751310 HTTP/1.1" 302 -
116.237.74.182 - - [05/Aug/2021:06:39:15 +0800] "GET /xingrg/all/function/internal_message.html?_=1628116748901&CODE_STATE=getMsg HTTP/1.1" 200 27
180.169.147.146 - - [05/Aug/2021:06:39:22 +0800] "GET /xingrg/all/function/internal_message.html?_=1628116754837&CODE_STATE=getMsg HTTP/1.1" 200 27
222.70.246.151 - - [05/Aug/2021:06:39:27 +0800] "GET /xingrg/all/function/internal_message.html?_=1628116775145&CODE_STATE=getMsg HTTP/1.1" 302 -
120.253.135.82 - - [05/Aug/2021:06:39:31 +0800] "POST /xingrg/kc/base/stock_operate.html HTTP/1.1" 200 1481
120.253.135.82 - - [05/Aug/2021:06:39:37 +0800] "GET /xingrg/all/function/internal_message.html?_=1628116552896&CODE_STATE=getMsg HTTP/1.1" 200 27
180.169.147.146 - - [05/Aug/2021:06:39:43 +0800] "GET /xingrg/all/function/internal_message.html?_=1628116779523&CODE_STATE=getMsg HTTP/1.1" 302 -
180.156.224.123 - - [05/Aug/2021:06:39:51 +0800] "GET /xingrg/all/function/internal_message.html?_=1628116786302&CODE_STATE=getMsg HTTP/1.1" 200 27
222.70.246.151 - - [05/Aug/2021:06:39:56 +0800] "GET /xingrg/all/function/internal_message.html?_=1628116806279&CODE_STATE=getMsg HTTP/1.1" 200 27
114.88.154.248 - - [05/Aug/2021:06:39:58 +0800] "GET /xingrg/all/function/internal_message.html?_=1628116700558&CODE_STATE=getMsg HTTP/1.1" 200 27
180.156.224.123 - - [05/Aug/2021:06:39:59 +0800] "GET /xingrg/all/function/internal_message.html?_=1628116751565&CODE_STATE=getMsg HTTP/1.1" 200 27
120.253.135.82 - - [05/Aug/2021:06:40:07 +0800] "POST /xingrg/kc/base/stock_operate.html HTTP/1.1" 200 1732
120.253.135.82 - - [05/Aug/2021:06:40:14 +0800] "GET /xingrg/all/function/internal_message.html?_=1628116847462&CODE_STATE=getMsg HTTP/1.1" 200 27
116.237.74.182 - - [05/Aug/2021:06:40:15 +0800] "GET /xingrg/all/function/internal_message.html?_=1628116808901&CODE_STATE=getMsg HTTP/1.1" 200 27
180.169.147.146 - - [05/Aug/2021:06:40:22 +0800] "GET /xingrg/all/function/internal_message.html?_=1628116814810&CODE_STATE=getMsg HTTP/1.1" 200 27
222.70.246.151 - - [05/Aug/2021:06:40:27 +0800] "GET /xingrg/all/function/internal_message.html?_=1628116835153&CODE_STATE=getMsg HTTP/1.1" 302 -
120.253.135.82 - - [05/Aug/2021:06:40:36 +0800] "GET /xingrg/check_reg.html?_=1628116611568 HTTP/1.1" 200 22
120.253.135.82 - - [05/Aug/2021:06:40:37 +0800] "GET /xingrg/all/function/internal_message.html?_=1628116612910&CODE_STATE=getMsg HTTP/1.1" 200 27
180.169.147.146 - - [05/Aug/2021:06:40:43 +0800] "GET /xingrg/all/function/internal_message.html?_=1628116839533&CODE_STATE=getMsg HTTP/1.1" 302 -
120.253.135.82 - - [05/Aug/2021:06:40:43 +0800] "POST /xingrg/kc/base/stock_operate.html HTTP/1.1" 200 1467
120.253.135.82 - - [05/Aug/2021:06:40:51 +0800] "POST /xingrg/kc/base/stock_operate.html HTTP/1.1" 200 1471
180.156.224.123 - - [05/Aug/2021:06:40:51 +0800] "GET /xingrg/all/function/internal_message.html?_=1628116846302&CODE_STATE=getMsg HTTP/1.1" 200 27
222.70.246.151 - - [05/Aug/2021:06:40:56 +0800] "GET /xingrg/all/function/internal_message.html?_=1628116866472&CODE_STATE=getMsg HTTP/1.1" 200 27
114.88.154.248 - - [05/Aug/2021:06:40:58 +0800] "GET /xingrg/all/function/internal_message.html?_=1628116760586&CODE_STATE=getMsg HTTP/1.1" 200 27
180.156.224.123 - - [05/Aug/2021:06:40:59 +0800] "GET /xingrg/all/function/internal_message.html?_=1628116811569&CODE_STATE=getMsg HTTP/1.1" 200 27
120.253.135.82 - - [05/Aug/2021:06:41:14 +0800] "GET /xingrg/all/function/internal_message.html?_=1628116907480&CODE_STATE=getMsg HTTP/1.1" 200 27
116.237.74.182 - - [05/Aug/2021:06:41:15 +0800] "GET /xingrg/all/function/internal_message.html?_=1628116868900&CODE_STATE=getMsg HTTP/1.1" 200 27
222.70.246.151 - - [05/Aug/2021:06:41:17 +0800] "GET /xingrg/check_reg.html?_=1628116885416 HTTP/1.1" 302 -
180.169.147.146 - - [05/Aug/2021:06:41:22 +0800] "GET /xingrg/all/function/internal_message.html?_=1628116874786&CODE_STATE=getMsg HTTP/1.1" 200 27
120.253.135.82 - - [05/Aug/2021:06:41:26 +0800] "POST /xingrg/kc/base/stock_operate.html HTTP/1.1" 200 1481
222.70.246.151 - - [05/Aug/2021:06:41:27 +0800] "GET /xingrg/all/function/internal_message.html?_=1628116895166&CODE_STATE=getMsg HTTP/1.1" 302 -
120.253.135.82 - - [05/Aug/2021:06:41:37 +0800] "GET /xingrg/all/function/internal_message.html?_=1628116672924&CODE_STATE=getMsg HTTP/1.1" 200 27
180.169.147.146 - - [05/Aug/2021:06:41:43 +0800] "GET /xingrg/all/function/internal_message.html?_=1628116899552&CODE_STATE=getMsg HTTP/1.1" 302 -
180.156.224.123 - - [05/Aug/2021:06:41:51 +0800] "GET /xingrg/all/function/internal_message.html?_=1628116906301&CODE_STATE=getMsg HTTP/1.1" 200 27
222.70.246.151 - - [05/Aug/2021:06:41:56 +0800] "GET /xingrg/all/function/internal_message.html?_=1628116926478&CODE_STATE=getMsg HTTP/1.1" 200 27
114.88.154.248 - - [05/Aug/2021:06:41:58 +0800] "GET /xingrg/all/function/internal_message.html?_=1628116820585&CODE_STATE=getMsg HTTP/1.1" 200 27
180.156.224.123 - - [05/Aug/2021:06:42:00 +0800] "GET /xingrg/all/function/internal_message.html?_=1628116871593&CODE_STATE=getMsg HTTP/1.1" 200 27
120.253.135.82 - - [05/Aug/2021:06:42:15 +0800] "GET /xingrg/all/function/internal_message.html?_=1628116967502&CODE_STATE=getMsg HTTP/1.1" 200 27
116.237.74.182 - - [05/Aug/2021:06:42:15 +0800] "GET /xingrg/all/function/internal_message.html?_=1628116928901&CODE_STATE=getMsg HTTP/1.1" 200 27
120.253.135.82 - - [05/Aug/2021:06:42:17 +0800] "POST /xingrg/kc/base/stock_operate.html HTTP/1.1" 200 1730
180.169.147.146 - - [05/Aug/2021:06:42:22 +0800] "GET /xingrg/all/function/internal_message.html?_=1628116934760&CODE_STATE=getMsg HTTP/1.1" 200 27
222.70.246.151 - - [05/Aug/2021:06:42:27 +0800] "GET /xingrg/all/function/internal_message.html?_=1628116955186&CODE_STATE=getMsg HTTP/1.1" 302 -
180.169.147.146 - - [05/Aug/2021:06:42:32 +0800] "GET /xingrg/check_reg.html?_=1628116948631 HTTP/1.1" 302 -
180.169.147.146 - - [05/Aug/2021:06:42:32 +0800] "GET /xingrg/login.html HTTP/1.1" 200 7641
120.253.135.82 - - [05/Aug/2021:06:42:37 +0800] "GET /xingrg/all/function/internal_message.html?_=1628116732936&CODE_STATE=getMsg HTTP/1.1" 200 27
180.169.147.146 - - [05/Aug/2021:06:42:43 +0800] "GET /xingrg/all/function/internal_message.html?_=1628116959559&CODE_STATE=getMsg HTTP/1.1" 302 -
180.156.224.123 - - [05/Aug/2021:06:42:51 +0800] "GET /xingrg/all/function/internal_message.html?_=1628116966300&CODE_STATE=getMsg HTTP/1.1" 200 27
180.156.224.123 - - [05/Aug/2021:06:42:51 +0800] "GET /xingrg/check_reg.html?_=1628116923485 HTTP/1.1" 200 22
222.70.246.151 - - [05/Aug/2021:06:42:57 +0800] "GET /xingrg/all/function/internal_message.html?_=1628116986661&CODE_STATE=getMsg HTTP/1.1" 200 27
114.88.154.248 - - [05/Aug/2021:06:42:58 +0800] "GET /xingrg/all/function/internal_message.html?_=1628116880585&CODE_STATE=getMsg HTTP/1.1" 200 27
180.156.224.123 - - [05/Aug/2021:06:43:00 +0800] "GET /xingrg/all/function/internal_message.html?_=1628116931598&CODE_STATE=getMsg HTTP/1.1" 200 27
222.70.246.151 - - [05/Aug/2021:06:43:00 +0800] "GET /xingrg/check_reg.html?_=1628116989597 HTTP/1.1" 200 22
120.253.135.82 - - [05/Aug/2021:06:43:02 +0800] "GET /xingrg/check_reg.html?_=1628117015122 HTTP/1.1" 200 22
120.253.135.82 - - [05/Aug/2021:06:43:15 +0800] "GET /xingrg/all/function/internal_message.html?_=1628117027507&CODE_STATE=getMsg HTTP/1.1" 200 27
116.237.74.182 - - [05/Aug/2021:06:43:15 +0800] "GET /xingrg/check_reg.html?_=1628116988901 HTTP/1.1" 200 22
116.237.74.182 - - [05/Aug/2021:06:43:15 +0800] "GET /xingrg/all/function/internal_message.html?_=1628116988903&CODE_STATE=getMsg HTTP/1.1" 200 27
120.253.135.82 - - [05/Aug/2021:06:43:17 +0800] "POST /xingrg/kc/base/stock_operate.html HTTP/1.1" 200 1481
180.169.147.146 - - [05/Aug/2021:06:43:22 +0800] "GET /xingrg/all/function/internal_message.html?_=1628116994732&CODE_STATE=getMsg HTTP/1.1" 200 27
222.70.246.151 - - [05/Aug/2021:06:43:27 +0800] "GET /xingrg/all/function/internal_message.html?_=1628117015194&CODE_STATE=getMsg HTTP/1.1" 302 -
120.253.135.82 - - [05/Aug/2021:06:43:37 +0800] "GET /xingrg/all/function/internal_message.html?_=1628116792950&CODE_STATE=getMsg HTTP/1.1" 200 27
180.169.147.146 - - [05/Aug/2021:06:43:43 +0800] "GET /xingrg/all/function/internal_message.html?_=1628117019577&CODE_STATE=getMsg HTTP/1.1" 302 -
180.169.147.146 - - [05/Aug/2021:06:43:44 +0800] "GET /xingrg/check_reg.html?_=1628117017270 HTTP/1.1" 200 22
180.156.224.123 - - [05/Aug/2021:06:43:51 +0800] "GET /xingrg/all/function/internal_message.html?_=1628117026306&CODE_STATE=getMsg HTTP/1.1" 200 27
180.156.224.123 - - [05/Aug/2021:06:43:51 +0800] "GET /xingrg/check_reg.html?_=1628117026311 HTTP/1.1" 200 22
222.70.246.151 - - [05/Aug/2021:06:43:57 +0800] "GET /xingrg/all/function/internal_message.html?_=1628117046661&CODE_STATE=getMsg HTTP/1.1" 200 27
114.88.154.248 - - [05/Aug/2021:06:43:58 +0800] "GET /xingrg/all/function/internal_message.html?_=1628116940584&CODE_STATE=getMsg HTTP/1.1" 200 27
