101.83.145.79 - - [05/Aug/2021:10:05:51 +0800] "GET /xingrg/javascript/easyui/themes/default/validatebox.css HTTP/1.1" 404 1104
180.162.111.5 - - [05/Aug/2021:10:05:54 +0800] "GET /xingrg/kc/buy/cgsh_order_operate.html?command=get_materiel&rest_code=00143&code=00101008354&supplier_code=00100161&order_time=2021-08-02 HTTP/1.1" 200 412
101.85.93.96 - - [05/Aug/2021:10:05:54 +0800] "GET /xingrg/kc/buy/cgsh_order_operate.html?command=get_materiel&rest_code=00142&code=00101008300&supplier_code=00100161&order_time=2021-08-05 HTTP/1.1" 200 412
116.230.110.80 - - [05/Aug/2021:10:05:54 +0800] "GET /xingrg/check_reg.html?_=1628129139755 HTTP/1.1" 200 22
116.230.110.80 - - [05/Aug/2021:10:05:54 +0800] "GET /xingrg/all/function/internal_message.html?_=1628129139757&CODE_STATE=getMsg HTTP/1.1" 200 27
116.230.110.80 - - [05/Aug/2021:10:05:56 +0800] "GET /xingrg/kc/buy/cgsh_order_operate.html?command=get_materiel&rest_code=00155&code=00101008360&supplier_code=00100005&order_time=2021-08-05 HTTP/1.1" 200 412
114.88.154.248 - - [05/Aug/2021:10:05:58 +0800] "GET /xingrg/all/function/internal_message.html?_=1628129061212&CODE_STATE=getMsg HTTP/1.1" 200 27
101.85.93.96 - - [05/Aug/2021:10:06:01 +0800] "GET /xingrg/kc/buy/cgsh_order_operate.html?command=get_materiel&rest_code=00142&code=00101008275&supplier_code=00100161&order_time=2021-08-05 HTTP/1.1" 200 417
101.85.93.96 - - [05/Aug/2021:10:06:03 +0800] "POST /xingrg/kc/buy/cgsh_order_operate.html HTTP/1.1" 200 2065
101.83.145.79 - - [05/Aug/2021:10:06:06 +0800] "GET /xingrg/kc/buy/cgsh_order_operate.html?command=get_materiel&rest_code=00105&code=00101001040&supplier_code=00100090&order_time=2021-08-05 HTTP/1.1" 200 415
222.70.183.193 - - [05/Aug/2021:10:06:07 +0800] "GET /xingrg/all/function/internal_message.html?_=1628129163178&CODE_STATE=getMsg HTTP/1.1" 200 27
222.70.246.151 - - [05/Aug/2021:10:06:07 +0800] "GET /xingrg/all/function/internal_message.html?_=1628129177526&CODE_STATE=getMsg HTTP/1.1" 200 27
116.230.110.80 - - [05/Aug/2021:10:06:08 +0800] "GET /xingrg/kc/buy/cgsh_order_operate.html?command=get_materiel&rest_code=00155&code=00101008196&supplier_code=00100005&order_time=2021-08-05 HTTP/1.1" 200 416
180.169.147.146 - - [05/Aug/2021:10:06:09 +0800] "GET /xingrg/all/function/internal_message.html?_=1628129166538&CODE_STATE=getMsg HTTP/1.1" 200 27
101.85.93.96 - - [05/Aug/2021:10:06:09 +0800] "GET /xingrg/kc/buy/cgsh_order_operate.html?command=get_materiel&rest_code=00142&code=00101015070&supplier_code=00100161&order_time=2021-08-05 HTTP/1.1" 200 413
180.162.111.5 - - [05/Aug/2021:10:06:11 +0800] "GET /xingrg/kc/buy/cgsh_order_operate.html?command=get_materiel&rest_code=00143&code=00101008275&supplier_code=00100161&order_time=2021-08-02 HTTP/1.1" 200 417
180.162.111.5 - - [05/Aug/2021:10:06:11 +0800] "GET /xingrg/all/function/internal_message.html?_=1628128783391&CODE_STATE=getMsg HTTP/1.1" 200 27
180.169.147.146 - - [05/Aug/2021:10:06:11 +0800] "GET /xingrg/all/function/internal_message.html?_=1628129168119&CODE_STATE=getMsg HTTP/1.1" 200 27
116.235.222.38 - - [05/Aug/2021:10:06:12 +0800] "GET /xingrg/kc/buy/cgsh_order_operate.html?command=get_materiel&rest_code=00107&code=00102002504&supplier_code=00100327&order_time=2021-08-05 HTTP/1.1" 200 418
116.230.110.80 - - [05/Aug/2021:10:06:15 +0800] "GET /xingrg/kc/buy/cgsh_order_operate.html?command=get_materiel&rest_code=00155&code=00101008197&supplier_code=00100005&order_time=2021-08-05 HTTP/1.1" 200 416
116.233.73.10 - - [05/Aug/2021:10:06:16 +0800] "GET /xingrg/all/function/internal_message.html?_=1628129172689&CODE_STATE=getMsg HTTP/1.1" 200 27
101.85.93.96 - - [05/Aug/2021:10:06:16 +0800] "GET /xingrg/kc/buy/cgsh_order_operate.html?command=get_materiel&rest_code=00142&code=00101008323&supplier_code=00100161&order_time=2021-08-05 HTTP/1.1" 200 408
116.230.110.80 - - [05/Aug/2021:10:06:17 +0800] "POST /xingrg/kc/buy/cgsh_order_operate.html HTTP/1.1" 200 2065
222.70.246.151 - - [05/Aug/2021:10:06:17 +0800] "GET /xingrg/check_reg.html?_=1628129185654 HTTP/1.1" 302 -
120.253.135.82 - - [05/Aug/2021:10:06:18 +0800] "GET /xingrg/all/function/internal_message.html?_=1628129210515&CODE_STATE=getMsg HTTP/1.1" 200 27
180.156.224.123 - - [05/Aug/2021:10:06:20 +0800] "GET /xingrg/check_reg.html?_=1628129132300 HTTP/1.1" 200 22
180.156.224.123 - - [05/Aug/2021:10:06:21 +0800] "GET /xingrg/all/function/internal_message.html?_=1628129133059&CODE_STATE=getMsg HTTP/1.1" 200 27
116.230.110.80 - - [05/Aug/2021:10:06:22 +0800] "GET /xingrg/kc/buy/cgsh_order_operate.html?command=get_materiel&rest_code=00155&code=00101008069&supplier_code=00100005&order_time=2021-08-05 HTTP/1.1" 200 412
180.156.224.123 - - [05/Aug/2021:10:06:22 +0800] "GET /xingrg/all/function/internal_message.html?_=1628129176718&CODE_STATE=getMsg HTTP/1.1" 200 27
116.237.74.182 - - [05/Aug/2021:10:06:22 +0800] "GET /xingrg/kc/buy/buy_main.html HTTP/1.1" 200 12412
116.237.74.182 - - [05/Aug/2021:10:06:22 +0800] "GET /xingrg/css/new_ie.css HTTP/1.1" 404 1036
116.235.222.38 - - [05/Aug/2021:10:06:24 +0800] "POST /xingrg/kc/buy/cgsh_order_operate.html HTTP/1.1" 200 37
180.162.111.5 - - [05/Aug/2021:10:06:24 +0800] "GET /xingrg/kc/buy/cgsh_order_operate.html?command=get_materiel&rest_code=00143&code=00101008126&supplier_code=00100161&order_time=2021-08-02 HTTP/1.1" 200 412
116.235.222.38 - - [05/Aug/2021:10:06:26 +0800] "POST /xingrg/kc/buy/cgsh_order_operate.html HTTP/1.1" 200 2660
101.85.93.96 - - [05/Aug/2021:10:06:26 +0800] "GET /xingrg/kc/buy/cgsh_order_operate.html?command=get_materiel&rest_code=00142&code=00101008459&supplier_code=00100161&order_time=2021-08-05 HTTP/1.1" 200 395
116.230.110.80 - - [05/Aug/2021:10:06:26 +0800] "GET /xingrg/kc/buy/cgsh_order_operate.html?command=get_materiel&rest_code=00155&code=00101008006&supplier_code=00100005&order_time=2021-08-05 HTTP/1.1" 200 416
180.156.224.123 - - [05/Aug/2021:10:06:26 +0800] "POST /xingrg/services/DataTransmitService HTTP/1.1" 200 524
116.235.222.38 - - [05/Aug/2021:10:06:28 +0800] "GET /xingrg/kc/print/load_data.html?order_code=212021080501855&kc_code=cgsh&condition= HTTP/1.1" 200 663
116.237.74.182 - - [05/Aug/2021:10:06:29 +0800] "GET /xingrg/all/function/internal_message.html?_=1628129183485&CODE_STATE=getMsg HTTP/1.1" 200 27
222.70.246.151 - - [05/Aug/2021:10:06:30 +0800] "GET /xingrg/all/function/internal_message.html?_=1628129197957&CODE_STATE=getMsg HTTP/1.1" 302 -
116.235.222.38 - - [05/Aug/2021:10:06:32 +0800] "GET /xingrg/all/function/internal_message.html?_=1628129184521&CODE_STATE=getMsg HTTP/1.1" 200 27
101.83.145.79 - - [05/Aug/2021:10:06:34 +0800] "GET /xingrg/all/function/internal_message.html?_=1628129192892&CODE_STATE=getMsg HTTP/1.1" 200 27
101.85.93.96 - - [05/Aug/2021:10:06:38 +0800] "POST /xingrg/kc/buy/cgsh_order_operate.html HTTP/1.1" 200 37
180.162.111.5 - - [05/Aug/2021:10:06:38 +0800] "GET /xingrg/kc/buy/cgsh_order_operate.html?command=get_materiel&rest_code=00143&code=00101008108&supplier_code=00100161&order_time=2021-08-02 HTTP/1.1" 200 412
116.230.110.80 - - [05/Aug/2021:10:06:38 +0800] "GET /xingrg/kc/buy/cgsh_order_operate.html?command=get_materiel&rest_code=00155&code=00101006011&supplier_code=00100005&order_time=2021-08-05 HTTP/1.1" 200 409
116.235.222.38 - - [05/Aug/2021:10:06:38 +0800] "GET /xingrg/kc/buy/cgsh_order_add.html HTTP/1.1" 200 63231
180.174.224.95 - - [05/Aug/2021:10:06:38 +0800] "GET /xingrg/all/function/internal_message.html?_=1628129170164&CODE_STATE=getMsg HTTP/1.1" 200 27
116.235.222.38 - - [05/Aug/2021:10:06:39 +0800] "GET /xingrg/javascript/easyui/themes/default/validatebox.css HTTP/1.1" 404 1104
116.235.222.38 - - [05/Aug/2021:10:06:39 +0800] "POST /xingrg/kc/buy/cgsh_order_operate.html HTTP/1.1" 200 8245
101.85.93.96 - - [05/Aug/2021:10:06:39 +0800] "POST /xingrg/kc/buy/cgsh_order_operate.html HTTP/1.1" 200 15037
101.83.145.79 - - [05/Aug/2021:10:06:40 +0800] "GET /xingrg/kc/buy/cgsh_order_operate.html?command=get_materiel&rest_code=00105&code=00101001141&supplier_code=00100090&order_time=2021-08-05 HTTP/1.1" 200 413
116.235.222.38 - - [05/Aug/2021:10:06:40 +0800] "GET /xingrg/javascript/easyui/themes/default/tree.css HTTP/1.1" 404 1090
116.235.222.38 - - [05/Aug/2021:10:06:40 +0800] "POST /xingrg/all/common/load_tree.html?tree=supplier_tree_json&isDelete=1 HTTP/1.1" 200 57192
180.174.224.95 - - [05/Aug/2021:10:06:43 +0800] "POST /xingrg/services/DataTransmitService HTTP/1.1" 200 524
116.230.110.80 - - [05/Aug/2021:10:06:43 +0800] "GET /xingrg/kc/buy/cgsh_order_operate.html?command=get_materiel&rest_code=00155&code=00101008036&supplier_code=00100005&order_time=2021-08-05 HTTP/1.1" 200 408
101.85.93.96 - - [05/Aug/2021:10:06:49 +0800] "GET /xingrg/all/function/internal_message.html?_=1628129182811&CODE_STATE=getMsg HTTP/1.1" 200 27
116.230.110.80 - - [05/Aug/2021:10:06:51 +0800] "GET /xingrg/kc/buy/cgsh_order_operate.html?command=get_materiel&rest_code=00155&code=00101008131&supplier_code=00100005&order_time=2021-08-05 HTTP/1.1" 200 408
58.40.7.146 - - [05/Aug/2021:10:06:52 +0800] "GET /xingrg/login.html HTTP/1.1" 200 7641
180.174.224.95 - - [05/Aug/2021:10:06:52 +0800] "POST /xingrg/services/DataTransmitService HTTP/1.1" 200 501
58.40.7.146 - - [05/Aug/2021:10:06:53 +0800] "GET /favicon.ico HTTP/1.1" 404 -
180.162.111.5 - - [05/Aug/2021:10:06:53 +0800] "GET /xingrg/kc/buy/cgsh_order_operate.html?command=get_materiel&rest_code=00143&code=00101008036&supplier_code=00100161&order_time=2021-08-02 HTTP/1.1" 200 408
116.230.110.80 - - [05/Aug/2021:10:06:54 +0800] "GET /xingrg/all/function/internal_message.html?_=1628129199754&CODE_STATE=getMsg HTTP/1.1" 200 27
116.230.110.80 - - [05/Aug/2021:10:06:56 +0800] "GET /xingrg/kc/buy/cgsh_order_operate.html?command=get_materiel&rest_code=00155&code=00101008318&supplier_code=00100005&order_time=2021-08-05 HTTP/1.1" 200 408
101.83.145.79 - - [05/Aug/2021:10:06:56 +0800] "GET /xingrg/kc/buy/cgsh_order_operate.html?command=get_materiel&rest_code=00105&code=00101001140&supplier_code=00100090&order_time=2021-08-05 HTTP/1.1" 200 415
116.230.110.80 - - [05/Aug/2021:10:06:58 +0800] "POST /xingrg/kc/buy/cgsh_order_operate.html HTTP/1.1" 200 2065
114.88.154.248 - - [05/Aug/2021:10:06:58 +0800] "GET /xingrg/all/function/internal_message.html?_=1628129121213&CODE_STATE=getMsg HTTP/1.1" 200 27
116.235.222.38 - - [05/Aug/2021:10:07:02 +0800] "GET /xingrg/kc/buy/cgsh_order_operate.html?command=get_materiel&rest_code=00107&code=00101004090&supplier_code=00100312&order_time=2021-08-05 HTTP/1.1" 200 391
116.230.110.80 - - [05/Aug/2021:10:07:03 +0800] "GET /xingrg/kc/buy/cgsh_order_operate.html?command=get_materiel&rest_code=00155&code=00101008353&supplier_code=00100005&order_time=2021-08-05 HTTP/1.1" 200 408
101.85.93.96 - - [05/Aug/2021:10:07:06 +0800] "GET /xingrg/kc/buy/cgsh_order_operate.html?command=get_materiel&rest_code=00142&code=00101008352&supplier_code=00100161&order_time=2021-08-05 HTTP/1.1" 200 412
180.162.111.5 - - [05/Aug/2021:10:07:06 +0800] "GET /xingrg/kc/buy/cgsh_order_operate.html?command=get_materiel&rest_code=00143&code=00101008005&supplier_code=00100161&order_time=2021-08-02 HTTP/1.1" 200 412
222.70.183.193 - - [05/Aug/2021:10:07:07 +0800] "GET /xingrg/all/function/internal_message.html?_=1628129223177&CODE_STATE=getMsg HTTP/1.1" 200 27
222.70.246.151 - - [05/Aug/2021:10:07:07 +0800] "GET /xingrg/all/function/internal_message.html?_=1628129237532&CODE_STATE=getMsg HTTP/1.1" 200 27
116.237.74.182 - - [05/Aug/2021:10:07:07 +0800] "GET /xingrg/images/yd/bt.gif HTTP/1.1" 404 1040
116.237.74.182 - - [05/Aug/2021:10:07:08 +0800] "GET /xingrg/kc/buy/cgsh_order_list.html HTTP/1.1" 200 47405
180.169.147.146 - - [05/Aug/2021:10:07:09 +0800] "GET /xingrg/check_reg.html?_=1628129226526 HTTP/1.1" 200 22
180.169.147.146 - - [05/Aug/2021:10:07:09 +0800] "GET /xingrg/all/function/internal_message.html?_=1628129226530&CODE_STATE=getMsg HTTP/1.1" 200 27
116.230.110.80 - - [05/Aug/2021:10:07:09 +0800] "GET /xingrg/kc/buy/cgsh_order_operate.html?command=get_materiel&rest_code=00155&code=00101008213&supplier_code=00100005&order_time=2021-08-05 HTTP/1.1" 200 412
180.162.111.5 - - [05/Aug/2021:10:07:11 +0800] "GET /xingrg/all/function/internal_message.html?_=1628128843379&CODE_STATE=getMsg HTTP/1.1" 200 27
180.169.147.146 - - [05/Aug/2021:10:07:11 +0800] "GET /xingrg/all/function/internal_message.html?_=1628129228139&CODE_STATE=getMsg HTTP/1.1" 200 27
116.237.74.182 - - [05/Aug/2021:10:07:12 +0800] "POST /xingrg/kc/buy/cgsh_list_operate.html HTTP/1.1" 200 876
116.230.110.80 - - [05/Aug/2021:10:07:15 +0800] "GET /xingrg/kc/buy/cgsh_order_operate.html?command=get_materiel&rest_code=00155&code=00101008312&supplier_code=00100005&order_time=2021-08-05 HTTP/1.1" 200 412
116.233.73.10 - - [05/Aug/2021:10:07:16 +0800] "GET /xingrg/all/function/internal_message.html?_=1628129232691&CODE_STATE=getMsg HTTP/1.1" 200 27
116.233.73.10 - - [05/Aug/2021:10:07:16 +0800] "GET /xingrg/check_reg.html?_=1628129232692 HTTP/1.1" 200 22
180.174.224.95 - - [05/Aug/2021:10:07:16 +0800] "GET /xingrg/login.html HTTP/1.1" 200 7641
180.174.224.95 - - [05/Aug/2021:10:07:16 +0800] "GET /favicon.ico HTTP/1.1" 404 -
180.174.224.95 - - [05/Aug/2021:10:07:18 +0800] "POST /xingrg/login.do HTTP/1.1" 302 -
180.174.224.95 - - [05/Aug/2021:10:07:18 +0800] "GET /xingrg/javascript/jquery_easy_ui/themes/icon.css HTTP/1.1" 304 -
180.174.224.95 - - [05/Aug/2021:10:07:18 +0800] "GET /xingrg/javascript/jquery_easy_ui/themes/default/easyui.css HTTP/1.1" 304 -
180.174.224.95 - - [05/Aug/2021:10:07:18 +0800] "GET /xingrg/index.html?sysBaseUrl=http%3A%2F%2F180.169.147.146%3A18081%2Fxingrg%2F&costTime=183×tamp=1628129238053 HTTP/1.1" 200 17173
180.174.224.95 - - [05/Aug/2021:10:07:18 +0800] "GET /xingrg/css/form.css HTTP/1.1" 304 -
180.174.224.95 - - [05/Aug/2021:10:07:18 +0800] "GET /xingrg/javascript/jquery-1.4.2.min.js HTTP/1.1" 304 -
180.174.224.95 - - [05/Aug/2021:10:07:18 +0800] "GET /xingrg/javascript/jquery.utils.js HTTP/1.1" 304 -
180.174.224.95 - - [05/Aug/2021:10:07:18 +0800] "GET /xingrg/javascript/jquery.form.js HTTP/1.1" 304 -
180.174.224.95 - - [05/Aug/2021:10:07:18 +0800] "GET /xingrg/javascript/jquery_easy_ui/jquery.easyui.min.js HTTP/1.1" 304 -
180.174.224.95 - - [05/Aug/2021:10:07:18 +0800] "GET /xingrg/javascript/jquery_easy_ui/easyui-lang-zh_CN.js HTTP/1.1" 304 -
180.174.224.95 - - [05/Aug/2021:10:07:18 +0800] "GET /xingrg/javascript/jquery.timers.js HTTP/1.1" 304 -
120.253.135.82 - - [05/Aug/2021:10:07:18 +0800] "GET /xingrg/all/function/internal_message.html?_=1628129270535&CODE_STATE=getMsg HTTP/1.1" 200 27
180.174.224.95 - - [05/Aug/2021:10:07:18 +0800] "GET /favicon.ico HTTP/1.1" 404 -
58.40.7.146 - - [05/Aug/2021:10:07:18 +0800] "POST /xingrg/login.do HTTP/1.1" 302 -
180.174.224.95 - - [05/Aug/2021:10:07:18 +0800] "POST /xingrg/all/common/load_tree.html?tree=area_rest_tree_json&manage=1 HTTP/1.1" 200 342
58.40.7.146 - - [05/Aug/2021:10:07:18 +0800] "GET /xingrg/index.html?sysBaseUrl=http%3A%2F%2F180.169.147.146%3A18081%2Fxingrg%2F&costTime=278×tamp=1628129238386 HTTP/1.1" 200 17419
180.174.224.95 - - [05/Aug/2021:10:07:18 +0800] "GET /xingrg/all/function/internal_message.html?_=1628129234970&CODE_STATE=count HTTP/1.1" 200 11
180.174.224.95 - - [05/Aug/2021:10:07:18 +0800] "GET /xingrg/check_reg.html?_=1628129234973 HTTP/1.1" 200 22
58.40.7.146 - - [05/Aug/2021:10:07:18 +0800] "GET /favicon.ico HTTP/1.1" 404 -
180.174.224.95 - - [05/Aug/2021:10:07:18 +0800] "POST /xingrg/load_menu.html HTTP/1.1" 200 5138
58.40.7.146 - - [05/Aug/2021:10:07:18 +0800] "POST /xingrg/all/common/load_tree.html?tree=area_rest_tree_json&manage=1 HTTP/1.1" 200 476
58.40.7.146 - - [05/Aug/2021:10:07:18 +0800] "GET /xingrg/all/function/internal_message.html?_=1628129235314&CODE_STATE=count HTTP/1.1" 200 11
58.40.7.146 - - [05/Aug/2021:10:07:18 +0800] "GET /xingrg/check_reg.html?_=1628129235315 HTTP/1.1" 200 22
58.40.7.146 - - [05/Aug/2021:10:07:19 +0800] "POST /xingrg/load_menu.html HTTP/1.1" 200 9959
116.235.222.38 - - [05/Aug/2021:10:07:19 +0800] "GET /xingrg/kc/buy/cgsh_order_operate.html?command=get_materiel&rest_code=00107&code=00101004038&supplier_code=00100312&order_time=2021-08-05 HTTP/1.1" 200 431
180.162.111.5 - - [05/Aug/2021:10:07:19 +0800] "GET /xingrg/kc/buy/cgsh_order_operate.html?command=get_materiel&rest_code=00143&code=00101008141&supplier_code=00100161&order_time=2021-08-02 HTTP/1.1" 200 412
116.230.110.80 - - [05/Aug/2021:10:07:19 +0800] "GET /xingrg/kc/buy/cgsh_order_operate.html?command=get_materiel&rest_code=00155&code=00101008095&supplier_code=00100005&order_time=2021-08-05 HTTP/1.1" 200 412
180.174.224.95 - - [05/Aug/2021:10:07:20 +0800] "GET /xingrg/kc/buy/cgsh_order_list.html HTTP/1.1" 200 47405
180.174.224.95 - - [05/Aug/2021:10:07:20 +0800] "GET /xingrg/css/site.css HTTP/1.1" 304 -
180.174.224.95 - - [05/Aug/2021:10:07:20 +0800] "GET /xingrg/css/base.css HTTP/1.1" 304 -
180.174.224.95 - - [05/Aug/2021:10:07:20 +0800] "GET /xingrg/javascript/auto/jquery.autocomplete.css HTTP/1.1" 304 -
180.174.224.95 - - [05/Aug/2021:10:07:20 +0800] "GET /xingrg/javascript/jquery_tools/fix.css HTTP/1.1" 304 -
180.174.224.95 - - [05/Aug/2021:10:07:20 +0800] "GET /xingrg/javascript/easyui/themes/icon.css HTTP/1.1" 304 -
180.174.224.95 - - [05/Aug/2021:10:07:20 +0800] "GET /xingrg/javascript/easyui/themes/default/easyui.css HTTP/1.1" 304 -
180.174.224.95 - - [05/Aug/2021:10:07:20 +0800] "GET /xingrg/javascript/jquery_tools/datebox.css HTTP/1.1" 304 -
180.174.224.95 - - [05/Aug/2021:10:07:20 +0800] "GET /xingrg/javascript/jquery_tools/table.css HTTP/1.1" 304 -
180.174.224.95 - - [05/Aug/2021:10:07:20 +0800] "GET /xingrg/javascript/jquery_tools/jquery.tools.extend.js HTTP/1.1" 304 -
180.174.224.95 - - [05/Aug/2021:10:07:20 +0800] "GET /xingrg/javascript/jquery_tools/jquery.tools.hotkey.js HTTP/1.1" 304 -
180.174.224.95 - - [05/Aug/2021:10:07:20 +0800] "GET /xingrg/javascript/jquery_tools/jquery.tools.table.js HTTP/1.1" 304 -
180.174.224.95 - - [05/Aug/2021:10:07:20 +0800] "GET /xingrg/javascript/jquery_tools/jquery.tools.min.js HTTP/1.1" 304 -
180.174.224.95 - - [05/Aug/2021:10:07:20 +0800] "GET /xingrg/javascript/auto/jquery.autocomplete.js HTTP/1.1" 304 -
180.174.224.95 - - [05/Aug/2021:10:07:20 +0800] "GET /xingrg/javascript/jquery_tools/list_manager.js HTTP/1.1" 304 -
180.174.224.95 - - [05/Aug/2021:10:07:20 +0800] "GET /xingrg/javascript/easyui/easyloader.js HTTP/1.1" 304 -
180.174.224.95 - - [05/Aug/2021:10:07:20 +0800] "GET /xingrg/javascript/print/LodopFuncs.js HTTP/1.1" 304 -
180.174.224.95 - - [05/Aug/2021:10:07:20 +0800] "GET /xingrg/javascript/jquery.cookie.js HTTP/1.1" 304 -
180.174.224.95 - - [05/Aug/2021:10:07:20 +0800] "GET /xingrg/javascript/easyui/plugins/jquery.parser.js HTTP/1.1" 304 -
180.174.224.95 - - [05/Aug/2021:10:07:21 +0800] "POST /xingrg/kc/buy/cgsh_list_operate.html HTTP/1.1" 200 876
180.156.224.123 - - [05/Aug/2021:10:07:21 +0800] "GET /xingrg/all/function/internal_message.html?_=1628129193073&CODE_STATE=getMsg HTTP/1.1" 200 27
58.40.7.146 - - [05/Aug/2021:10:07:21 +0800] "POST /xingrg/load_menu.html HTTP/1.1" 200 9242
180.174.224.95 - - [05/Aug/2021:10:07:21 +0800] "GET /xingrg/javascript/pic_change.js HTTP/1.1" 304 -
180.174.224.95 - - [05/Aug/2021:10:07:22 +0800] "GET /xingrg/kc/buy/cgsh_order_add.html HTTP/1.1" 200 63108
180.174.224.95 - - [05/Aug/2021:10:07:22 +0800] "GET /xingrg/javascript/jquery_tools/order_manager.js HTTP/1.1" 304 -
180.174.224.95 - - [05/Aug/2021:10:07:22 +0800] "GET /xingrg/javascript/convert.js HTTP/1.1" 304 -
180.174.224.95 - - [05/Aug/2021:10:07:22 +0800] "GET /xingrg/javascript/json2.js HTTP/1.1" 304 -
180.174.224.95 - - [05/Aug/2021:10:07:22 +0800] "GET /xingrg/javascript/print/kc_print.js HTTP/1.1" 304 -
180.156.224.123 - - [05/Aug/2021:10:07:22 +0800] "GET /xingrg/check_reg.html?_=1628129236394 HTTP/1.1" 200 22
180.174.224.95 - - [05/Aug/2021:10:07:22 +0800] "GET /xingrg/words/20210804153505_words.js HTTP/1.1" 304 -
180.156.224.123 - - [05/Aug/2021:10:07:22 +0800] "GET /xingrg/all/function/internal_message.html?_=1628129236695&CODE_STATE=getMsg HTTP/1.1" 200 27
180.174.224.95 - - [05/Aug/2021:10:07:22 +0800] "POST /xingrg/kc/buy/cgsh_order_operate.html HTTP/1.1" 200 8245
58.40.7.146 - - [05/Aug/2021:10:07:22 +0800] "GET /xingrg/all/report/report_query.html?fileName=dma/new_5.0/yingye/order_list.xml HTTP/1.1" 200 55281
58.40.7.146 - - [05/Aug/2021:10:07:22 +0800] "GET /xingrg/dwr/interface/AjaxReportQueryService.js HTTP/1.1" 200 13203
58.40.7.146 - - [05/Aug/2021:10:07:22 +0800] "GET /xingrg/dwr/util.js HTTP/1.1" 200 35990
58.40.7.146 - - [05/Aug/2021:10:07:22 +0800] "GET /xingrg/dwr/engine.js HTTP/1.1" 200 43631
180.174.224.95 - - [05/Aug/2021:10:07:22 +0800] "GET /xingrg/all/common/auto_word.html?type=employee&rest_code=00102 HTTP/1.1" 200 189
180.174.224.95 - - [05/Aug/2021:10:07:22 +0800] "GET /xingrg/all/common/auto_word.html?type=employee&rest_code=00102 HTTP/1.1" 200 189
180.174.224.95 - - [05/Aug/2021:10:07:22 +0800] "GET /xingrg/javascript/easyui/themes/default/validatebox.css HTTP/1.1" 404 1104
180.174.224.95 - - [05/Aug/2021:10:07:22 +0800] "GET /xingrg/javascript/easyui/plugins/jquery.validatebox.js HTTP/1.1" 304 -
180.174.224.95 - - [05/Aug/2021:10:07:22 +0800] "GET /xingrg/javascript/easyui/plugins/jquery.numberbox.js HTTP/1.1" 304 -
58.40.7.146 - - [05/Aug/2021:10:07:22 +0800] "POST /xingrg/dwr/call/plaincall/AjaxReportQueryService.getFixDate.dwr HTTP/1.1" 200 111
58.40.7.146 - - [05/Aug/2021:10:07:23 +0800] "POST /xingrg/all/common/load_tree.html?tree=area_station_tree_json&manage=1 HTTP/1.1" 200 468
58.40.7.146 - - [05/Aug/2021:10:07:23 +0800] "POST /xingrg/dwr/call/plaincall/AjaxReportQueryService.getInitString.dwr HTTP/1.1" 200 76
58.40.7.146 - - [05/Aug/2021:10:07:24 +0800] "POST /xingrg/dwr/call/plaincall/AjaxReportQueryService.getFixDate.dwr HTTP/1.1" 200 111
180.174.224.95 - - [05/Aug/2021:10:07:25 +0800] "GET /xingrg/javascript/auto/indicator.gif HTTP/1.1" 404 1066
116.230.110.80 - - [05/Aug/2021:10:07:27 +0800] "GET /xingrg/kc/buy/cgsh_order_operate.html?command=get_materiel&rest_code=00155&code=00101008110&supplier_code=00100005&order_time=2021-08-05 HTTP/1.1" 200 408
58.40.7.146 - - [05/Aug/2021:10:07:28 +0800] "POST /xingrg/dwr/call/plaincall/AjaxReportQueryService.queryInitializeString.dwr HTTP/1.1" 200 227
58.40.7.146 - - [05/Aug/2021:10:07:29 +0800] "POST /xingrg/dwr/call/plaincall/AjaxReportQueryService.refreshCache.dwr HTTP/1.1" 200 78
180.174.224.95 - - [05/Aug/2021:10:07:29 +0800] "GET /xingrg/kc/buy/cgsh_order_operate.html?command=get_materiel&rest_code=00102&code=00101008286&supplier_code=&order_time=2021-08-05 HTTP/1.1" 200 408
116.230.110.80 - - [05/Aug/2021:10:07:29 +0800] "POST /xingrg/kc/buy/cgsh_order_operate.html HTTP/1.1" 200 2065
116.237.74.182 - - [05/Aug/2021:10:07:29 +0800] "GET /xingrg/all/function/internal_message.html?_=1628129243486&CODE_STATE=getMsg HTTP/1.1" 200 27
58.40.7.146 - - [05/Aug/2021:10:07:29 +0800] "POST /xingrg/all/report/load_report_page.html HTTP/1.1" 200 153642
222.70.246.151 - - [05/Aug/2021:10:07:30 +0800] "GET /xingrg/all/function/internal_message.html?_=1628129257965&CODE_STATE=getMsg HTTP/1.1" 302 -
58.40.7.146 - - [05/Aug/2021:10:07:30 +0800] "GET /xingrg/servlets/image?cache=0.9005390107813332&image=px HTTP/1.1" 200 807
180.162.111.5 - - [05/Aug/2021:10:07:32 +0800] "GET /xingrg/kc/buy/cgsh_order_operate.html?command=get_materiel&rest_code=00143&code=00101008049&supplier_code=00100161&order_time=2021-08-02 HTTP/1.1" 200 408
116.235.222.38 - - [05/Aug/2021:10:07:32 +0800] "GET /xingrg/all/function/internal_message.html?_=1628129244498&CODE_STATE=getMsg HTTP/1.1" 200 27
116.235.222.38 - - [05/Aug/2021:10:07:33 +0800] "GET /xingrg/kc/buy/cgsh_order_operate.html?command=get_materiel&rest_code=00107&code=00101004049&supplier_code=00100312&order_time=2021-08-05 HTTP/1.1" 200 413
101.83.145.79 - - [05/Aug/2021:10:07:34 +0800] "GET /xingrg/all/function/internal_message.html?_=1628129252908&CODE_STATE=getMsg HTTP/1.1" 200 27
116.230.110.80 - - [05/Aug/2021:10:07:36 +0800] "GET /xingrg/kc/buy/cgsh_order_operate.html?command=get_materiel&rest_code=00155&code=00101008298&supplier_code=00100005&order_time=2021-08-05 HTTP/1.1" 200 412
180.174.224.95 - - [05/Aug/2021:10:07:38 +0800] "GET /xingrg/all/function/internal_message.html?_=1628129230169&CODE_STATE=getMsg HTTP/1.1" 200 27
101.85.93.96 - - [05/Aug/2021:10:07:41 +0800] "POST /xingrg/kc/buy/cgsh_order_operate.html HTTP/1.1" 200 37
116.230.110.80 - - [05/Aug/2021:10:07:41 +0800] "GET /xingrg/kc/buy/cgsh_order_operate.html?command=get_materiel&rest_code=00155&code=00101008321&supplier_code=00100005&order_time=2021-08-05 HTTP/1.1" 200 23
101.85.93.96 - - [05/Aug/2021:10:07:42 +0800] "POST /xingrg/kc/buy/cgsh_order_operate.html HTTP/1.1" 200 15628
116.230.110.80 - - [05/Aug/2021:10:07:46 +0800] "POST /xingrg/kc/buy/cgsh_order_operate.html HTTP/1.1" 200 37
116.230.110.80 - - [05/Aug/2021:10:07:47 +0800] "POST /xingrg/kc/buy/cgsh_order_operate.html HTTP/1.1" 200 8212
180.162.111.5 - - [05/Aug/2021:10:07:48 +0800] "GET /xingrg/kc/buy/cgsh_order_operate.html?command=get_materiel&rest_code=00143&code=00101008261&supplier_code=00100161&order_time=2021-08-02 HTTP/1.1" 200 408
101.85.93.96 - - [05/Aug/2021:10:07:49 +0800] "GET /xingrg/all/function/internal_message.html?_=1628129242815&CODE_STATE=getMsg HTTP/1.1" 200 27
116.230.110.80 - - [05/Aug/2021:10:07:51 +0800] "GET /xingrg/login.html HTTP/1.1" 200 7641
58.40.7.146 - - [05/Aug/2021:10:07:51 +0800] "POST /xingrg/all/report/load_report_page.html HTTP/1.1" 200 153642
58.40.7.146 - - [05/Aug/2021:10:07:51 +0800] "GET /xingrg/servlets/image?cache=0.8373313414480925&image=px HTTP/1.1" 200 807
116.230.110.80 - - [05/Aug/2021:10:07:52 +0800] "GET /favicon.ico HTTP/1.1" 404 -
101.83.145.79 - - [05/Aug/2021:10:07:52 +0800] "GET /xingrg/kc/buy/cgsh_order_operate.html?command=get_materiel&rest_code=00105&code=00101001125&supplier_code=00100090&order_time=2021-08-05 HTTP/1.1" 200 415
116.235.222.38 - - [05/Aug/2021:10:07:52 +0800] "GET /xingrg/kc/buy/cgsh_order_operate.html?command=get_materiel&rest_code=00107&code=00101004020&supplier_code=00100312&order_time=2021-08-05 HTTP/1.1" 200 409
116.230.110.80 - - [05/Aug/2021:10:07:55 +0800] "POST /xingrg/login.do HTTP/1.1" 302 -
116.230.110.80 - - [05/Aug/2021:10:07:55 +0800] "GET /xingrg/index.html?sysBaseUrl=http%3A%2F%2F180.169.147.146%3A18081%2Fxingrg%2F&costTime=142×tamp=1628129275555 HTTP/1.1" 200 17179
116.230.110.80 - - [05/Aug/2021:10:07:55 +0800] "GET /favicon.ico HTTP/1.1" 404 -
116.230.110.80 - - [05/Aug/2021:10:07:55 +0800] "POST /xingrg/all/common/load_tree.html?tree=area_rest_tree_json&manage=1 HTTP/1.1" 200 351
116.230.110.80 - - [05/Aug/2021:10:07:55 +0800] "GET /xingrg/all/function/internal_message.html?_=1628129260900&CODE_STATE=count HTTP/1.1" 200 11
116.230.110.80 - - [05/Aug/2021:10:07:55 +0800] "GET /xingrg/check_reg.html?_=1628129260902 HTTP/1.1" 200 22
116.230.110.80 - - [05/Aug/2021:10:07:56 +0800] "POST /xingrg/load_menu.html HTTP/1.1" 200 5138
58.40.7.146 - - [05/Aug/2021:10:07:56 +0800] "POST /xingrg/all/report/report_print.html HTTP/1.1" 302 -
58.40.7.146 - - [05/Aug/2021:10:07:56 +0800] "GET /xingrg/servlets/html?sysBaseUrl=http%3A%2F%2F180.169.147.146%3A18081%2Fxingrg%2F&costTime=137×tamp=1628129276794 HTTP/1.1" 200 138373
58.40.7.146 - - [05/Aug/2021:10:07:57 +0800] "GET /xingrg/servlets/image?image=px HTTP/1.1" 200 807
58.40.7.146 - - [05/Aug/2021:10:07:57 +0800] "GET /favicon.ico HTTP/1.1" 404 -
116.230.110.80 - - [05/Aug/2021:10:07:57 +0800] "GET /xingrg/kc/buy/cgsh_order_list.html HTTP/1.1" 200 47411
180.162.111.5 - - [05/Aug/2021:10:07:58 +0800] "GET /xingrg/kc/buy/cgsh_order_operate.html?command=get_materiel&rest_code=00143&code=00101008268&supplier_code=00100161&order_time=2021-08-02 HTTP/1.1" 200 408
114.88.154.248 - - [05/Aug/2021:10:07:58 +0800] "GET /xingrg/all/function/internal_message.html?_=1628129181204&CODE_STATE=getMsg HTTP/1.1" 200 27
116.230.110.80 - - [05/Aug/2021:10:07:58 +0800] "GET /xingrg/kc/buy/cgsh_order_list.html HTTP/1.1" 200 47411
120.253.135.82 - - [05/Aug/2021:10:08:03 +0800] "GET /xingrg/check_reg.html?_=1628129315354 HTTP/1.1" 200 22
116.230.110.80 - - [05/Aug/2021:10:08:03 +0800] "POST /xingrg/kc/buy/cgsh_list_operate.html HTTP/1.1" 200 2770
222.70.246.151 - - [05/Aug/2021:10:08:04 +0800] "GET /xingrg/check_reg.html?_=1628129294587 HTTP/1.1" 200 22
116.230.110.80 - - [05/Aug/2021:10:08:06 +0800] "POST /xingrg/kc/buy/cgsh_list_operate.html HTTP/1.1" 200 2770
116.237.74.182 - - [05/Aug/2021:10:08:07 +0800] "GET /xingrg/kc/buy/cgsh_order_add.html HTTP/1.1" 200 63149
116.237.74.182 - - [05/Aug/2021:10:08:07 +0800] "GET /xingrg/words/20210804153505_words.js HTTP/1.1" 304 -
222.70.183.193 - - [05/Aug/2021:10:08:07 +0800] "GET /xingrg/all/function/internal_message.html?_=1628129283177&CODE_STATE=getMsg HTTP/1.1" 200 27
222.70.246.151 - - [05/Aug/2021:10:08:07 +0800] "GET /xingrg/all/function/internal_message.html?_=1628129297545&CODE_STATE=getMsg HTTP/1.1" 200 27
116.237.74.182 - - [05/Aug/2021:10:08:07 +0800] "POST /xingrg/kc/buy/cgsh_order_operate.html HTTP/1.1" 200 8245
116.237.74.182 - - [05/Aug/2021:10:08:07 +0800] "GET /xingrg/javascript/easyui/themes/default/validatebox.css HTTP/1.1" 404 1104
116.237.74.182 - - [05/Aug/2021:10:08:07 +0800] "GET /xingrg/all/common/auto_word.html?type=employee&rest_code=00106 HTTP/1.1" 200 205
116.237.74.182 - - [05/Aug/2021:10:08:07 +0800] "GET /xingrg/all/common/auto_word.html?type=employee&rest_code=00106 HTTP/1.1" 200 205
180.169.147.146 - - [05/Aug/2021:10:08:09 +0800] "GET /xingrg/all/function/internal_message.html?_=1628129286533&CODE_STATE=getMsg HTTP/1.1" 200 27
116.230.110.80 - - [05/Aug/2021:10:08:09 +0800] "POST /xingrg/kc/buy/cgsh_list_operate.html HTTP/1.1" 200 576
116.230.110.80 - - [05/Aug/2021:10:08:09 +0800] "GET /xingrg/kc/buy/cgsh_order_info.html?code=212021080501857 HTTP/1.1" 200 63120
116.230.110.80 - - [05/Aug/2021:10:08:09 +0800] "GET /xingrg/javascript/easyui/themes/default/validatebox.css HTTP/1.1" 404 1104
116.230.110.80 - - [05/Aug/2021:10:08:09 +0800] "GET /xingrg/all/common/auto_word.html?type=employee&rest_code=00155 HTTP/1.1" 200 205
116.230.110.80 - - [05/Aug/2021:10:08:09 +0800] "GET /xingrg/all/common/auto_word.html?type=employee&rest_code=00155 HTTP/1.1" 200 205
180.162.111.5 - - [05/Aug/2021:10:08:11 +0800] "GET /xingrg/all/function/internal_message.html?_=1628128903380&CODE_STATE=getMsg HTTP/1.1" 200 27
180.169.147.146 - - [05/Aug/2021:10:08:11 +0800] "GET /xingrg/all/function/internal_message.html?_=1628129288146&CODE_STATE=getMsg HTTP/1.1" 200 27
116.230.110.80 - - [05/Aug/2021:10:08:11 +0800] "POST /xingrg/kc/buy/cgsh_order_operate.html HTTP/1.1" 200 19827
58.40.7.146 - - [05/Aug/2021:10:08:12 +0800] "GET /xingrg/all/report/report_query.html?fileName=dma/new_5.0/yingye/pay_ment_hz.xml HTTP/1.1" 200 51687
58.40.7.146 - - [05/Aug/2021:10:08:12 +0800] "GET /xingrg/dwr/interface/AjaxReportQueryService.js HTTP/1.1" 200 13203
58.40.7.146 - - [05/Aug/2021:10:08:12 +0800] "GET /xingrg/dwr/engine.js HTTP/1.1" 200 43631
58.40.7.146 - - [05/Aug/2021:10:08:12 +0800] "POST /xingrg/dwr/call/plaincall/AjaxReportQueryService.getFixDate.dwr HTTP/1.1" 200 111
58.40.7.146 - - [05/Aug/2021:10:08:12 +0800] "POST /xingrg/all/common/load_tree.html?tree=area_station_tree_json&manage=1 HTTP/1.1" 200 468
101.83.145.79 - - [05/Aug/2021:10:08:13 +0800] "GET /xingrg/kc/buy/cgsh_order_operate.html?command=get_materiel&rest_code=00105&code=00101001043&supplier_code=00100090&order_time=2021-08-05 HTTP/1.1" 200 415
58.40.7.146 - - [05/Aug/2021:10:08:15 +0800] "GET /xingrg/all/report/report_query.html?fileName=dma/yingye_new/pay_ment_day_hz.xml HTTP/1.1" 200 51003
58.40.7.146 - - [05/Aug/2021:10:08:15 +0800] "GET /xingrg/dwr/interface/AjaxReportQueryService.js HTTP/1.1" 200 13203
58.40.7.146 - - [05/Aug/2021:10:08:15 +0800] "GET /xingrg/dwr/engine.js HTTP/1.1" 200 43631
58.40.7.146 - - [05/Aug/2021:10:08:15 +0800] "POST /xingrg/dwr/call/plaincall/AjaxReportQueryService.getFixDate.dwr HTTP/1.1" 200 111
58.40.7.146 - - [05/Aug/2021:10:08:15 +0800] "POST /xingrg/all/common/load_tree.html?tree=area_station_tree_json&manage=1 HTTP/1.1" 200 468
180.162.111.5 - - [05/Aug/2021:10:08:16 +0800] "GET /xingrg/kc/buy/cgsh_order_operate.html?command=get_materiel&rest_code=00143&code=00101008199&supplier_code=00100161&order_time=2021-08-02 HTTP/1.1" 200 408
116.233.73.10 - - [05/Aug/2021:10:08:16 +0800] "GET /xingrg/all/function/internal_message.html?_=1628129292693&CODE_STATE=getMsg HTTP/1.1" 200 27
116.230.110.80 - - [05/Aug/2021:10:08:16 +0800] "GET /xingrg/javascript/auto/indicator.gif HTTP/1.1" 404 1066
58.40.7.146 - - [05/Aug/2021:10:08:17 +0800] "POST /xingrg/dwr/call/plaincall/AjaxReportQueryService.getFixDate.dwr HTTP/1.1" 200 111
120.253.135.82 - - [05/Aug/2021:10:08:18 +0800] "GET /xingrg/all/function/internal_message.html?_=1628129330542&CODE_STATE=getMsg HTTP/1.1" 200 27
180.174.224.95 - - [05/Aug/2021:10:08:18 +0800] "GET /xingrg/all/function/internal_message.html?_=1628129294990&CODE_STATE=getMsg HTTP/1.1" 200 27
58.40.7.146 - - [05/Aug/2021:10:08:18 +0800] "GET /xingrg/all/function/internal_message.html?_=1628129295319&CODE_STATE=getMsg HTTP/1.1" 200 27
116.230.110.80 - - [05/Aug/2021:10:08:19 +0800] "GET /xingrg/kc/buy/cgsh_order_operate.html?command=get_materiel&rest_code=00155&code=00101008321&supplier_code=00100005&order_time=2021-08-05 HTTP/1.1" 200 412
58.40.7.146 - - [05/Aug/2021:10:08:20 +0800] "POST /xingrg/dwr/call/plaincall/AjaxReportQueryService.refreshCache.dwr HTTP/1.1" 200 78
58.40.7.146 - - [05/Aug/2021:10:08:20 +0800] "GET /xingrg/javascript/jquery_easy_ui/themes/default/images/tabs_active.png HTTP/1.1" 200 2894
58.40.7.146 - - [05/Aug/2021:10:08:20 +0800] "POST /xingrg/all/report/load_report_page.html HTTP/1.1" 200 11737
58.40.7.146 - - [05/Aug/2021:10:08:20 +0800] "GET /xingrg/servlets/image?cache=0.6510643804932632&image=px HTTP/1.1" 200 807
116.235.222.38 - - [05/Aug/2021:10:08:21 +0800] "GET /xingrg/kc/buy/cgsh_order_operate.html?command=get_materiel&rest_code=00107&code=00101001047&supplier_code=00100312&order_time=2021-08-05 HTTP/1.1" 200 423
180.156.224.123 - - [05/Aug/2021:10:08:21 +0800] "GET /xingrg/all/function/internal_message.html?_=1628129253087&CODE_STATE=getMsg HTTP/1.1" 200 27
180.156.224.123 - - [05/Aug/2021:10:08:22 +0800] "GET /xingrg/all/function/internal_message.html?_=1628129296678&CODE_STATE=getMsg HTTP/1.1" 200 27
116.237.74.182 - - [05/Aug/2021:10:08:24 +0800] "GET /xingrg/javascript/auto/indicator.gif HTTP/1.1" 404 1066
116.237.74.182 - - [05/Aug/2021:10:08:24 +0800] "GET /xingrg/javascript/easyui/themes/default/tree.css HTTP/1.1" 404 1090
116.237.74.182 - - [05/Aug/2021:10:08:24 +0800] "POST /xingrg/all/common/load_tree.html?tree=supplier_tree_json&isDelete=1 HTTP/1.1" 200 57192
116.230.110.80 - - [05/Aug/2021:10:08:26 +0800] "GET /xingrg/kc/buy/cgsh_order_operate.html?command=get_materiel&rest_code=00155&code=00101008196&supplier_code=00100005&order_time=2021-08-05 HTTP/1.1" 200 416
180.162.111.5 - - [05/Aug/2021:10:08:29 +0800] "GET /xingrg/kc/buy/cgsh_order_operate.html?command=get_materiel&rest_code=00143&code=00101008361&supplier_code=00100161&order_time=2021-08-02 HTTP/1.1" 200 408
116.237.74.182 - - [05/Aug/2021:10:08:29 +0800] "GET /xingrg/all/function/internal_message.html?_=1628129303481&CODE_STATE=getMsg HTTP/1.1" 200 27
222.70.246.151 - - [05/Aug/2021:10:08:30 +0800] "GET /xingrg/all/function/internal_message.html?_=1628129317985&CODE_STATE=getMsg HTTP/1.1" 302 -
180.174.224.95 - - [05/Aug/2021:10:08:37 +0800] "GET /xingrg/check_reg.html?_=1628129289571 HTTP/1.1" 200 22
180.174.224.95 - - [05/Aug/2021:10:08:38 +0800] "GET /xingrg/all/function/internal_message.html?_=1628129290183&CODE_STATE=getMsg HTTP/1.1" 200 27
116.230.110.80 - - [05/Aug/2021:10:08:38 +0800] "GET /xingrg/kc/buy/cgsh_order_operate.html?command=get_materiel&rest_code=00155&code=00101008234&supplier_code=00100005&order_time=2021-08-05 HTTP/1.1" 200 408
116.235.222.38 - - [05/Aug/2021:10:08:43 +0800] "POST /xingrg/kc/buy/cgsh_order_operate.html HTTP/1.1" 200 37
101.83.145.79 - - [05/Aug/2021:10:08:44 +0800] "POST /xingrg/kc/buy/cgsh_order_operate.html HTTP/1.1" 200 88
116.235.222.38 - - [05/Aug/2021:10:08:45 +0800] "POST /xingrg/kc/buy/cgsh_order_operate.html HTTP/1.1" 200 5034
180.162.111.5 - - [05/Aug/2021:10:08:46 +0800] "GET /xingrg/kc/buy/cgsh_order_operate.html?command=get_materiel&rest_code=00143&code=00101008097&supplier_code=00100161&order_time=2021-08-02 HTTP/1.1" 200 408
116.230.110.80 - - [05/Aug/2021:10:08:46 +0800] "GET /xingrg/kc/buy/cgsh_order_operate.html?command=get_materiel&rest_code=00155&code=00101008312&supplier_code=00100005&order_time=2021-08-05 HTTP/1.1" 200 412
116.235.222.38 - - [05/Aug/2021:10:08:47 +0800] "GET /xingrg/kc/print/load_data.html?order_code=212021080501858&kc_code=cgsh&condition= HTTP/1.1" 200 1576
116.230.110.80 - - [05/Aug/2021:10:08:48 +0800] "POST /xingrg/kc/buy/cgsh_order_operate.html HTTP/1.1" 200 2065
101.85.93.96 - - [05/Aug/2021:10:08:49 +0800] "GET /xingrg/check_reg.html?_=1628129302740 HTTP/1.1" 200 22
101.85.93.96 - - [05/Aug/2021:10:08:49 +0800] "GET /xingrg/all/function/internal_message.html?_=1628129302739&CODE_STATE=getMsg HTTP/1.1" 200 27
116.235.222.38 - - [05/Aug/2021:10:08:52 +0800] "GET /xingrg/kc/buy/cgsh_order_add.html HTTP/1.1" 200 63231
116.235.222.38 - - [05/Aug/2021:10:08:53 +0800] "GET /xingrg/javascript/easyui/themes/default/validatebox.css HTTP/1.1" 404 1104
116.235.222.38 - - [05/Aug/2021:10:08:53 +0800] "POST /xingrg/kc/buy/cgsh_order_operate.html HTTP/1.1" 200 8245
116.235.222.38 - - [05/Aug/2021:10:08:54 +0800] "GET /xingrg/javascript/easyui/themes/default/tree.css HTTP/1.1" 404 1090
116.235.222.38 - - [05/Aug/2021:10:08:54 +0800] "POST /xingrg/all/common/load_tree.html?tree=supplier_tree_json&isDelete=1 HTTP/1.1" 200 57192
101.83.145.79 - - [05/Aug/2021:10:08:55 +0800] "POST /xingrg/kc/buy/cgsh_order_operate.html HTTP/1.1" 200 37
116.230.110.80 - - [05/Aug/2021:10:08:55 +0800] "GET /xingrg/kc/buy/cgsh_order_operate.html?command=get_materiel&rest_code=00155&code=00101008041&supplier_code=00100005&order_time=2021-08-05 HTTP/1.1" 200 408
116.230.110.80 - - [05/Aug/2021:10:08:55 +0800] "GET /xingrg/all/function/internal_message.html?_=1628129320911&CODE_STATE=getMsg HTTP/1.1" 200 27
101.83.145.79 - - [05/Aug/2021:10:08:57 +0800] "POST /xingrg/kc/buy/cgsh_order_operate.html HTTP/1.1" 200 4452
101.85.93.96 - - [05/Aug/2021:10:08:58 +0800] "GET /xingrg/kc/buy/cgsh_order_operate.html?command=get_materiel&rest_code=00142&code=00101012024&supplier_code=00100161&order_time=2021-08-05 HTTP/1.1" 200 408
114.88.154.248 - - [05/Aug/2021:10:08:58 +0800] "GET /xingrg/check_reg.html?_=1628129241214 HTTP/1.1" 200 22
114.88.154.248 - - [05/Aug/2021:10:08:58 +0800] "GET /xingrg/all/function/internal_message.html?_=1628129241212&CODE_STATE=getMsg HTTP/1.1" 200 27
101.83.145.79 - - [05/Aug/2021:10:08:58 +0800] "GET /xingrg/kc/print/load_data.html?order_code=212021080501860&kc_code=cgsh&condition= HTTP/1.1" 200 1416
116.237.74.182 - - [05/Aug/2021:10:09:00 +0800] "GET /xingrg/kc/buy/cgsh_order_operate.html?command=get_materiel&rest_code=00106&code=00101008234&supplier_code=00100007&order_time=2021-08-05 HTTP/1.1" 200 408
180.162.111.5 - - [05/Aug/2021:10:09:00 +0800] "GET /xingrg/kc/buy/cgsh_order_operate.html?command=get_materiel&rest_code=00143&code=00101008355&supplier_code=00100161&order_time=2021-08-02 HTTP/1.1" 200 408
101.83.145.79 - - [05/Aug/2021:10:09:03 +0800] "GET /xingrg/kc/buy/cgsh_order_add.html HTTP/1.1" 200 63190
116.230.110.80 - - [05/Aug/2021:10:09:03 +0800] "GET /xingrg/kc/buy/cgsh_order_operate.html?command=get_materiel&rest_code=00155&code=00101008331&supplier_code=00100005&order_time=2021-08-05 HTTP/1.1" 200 416
101.83.145.79 - - [05/Aug/2021:10:09:04 +0800] "GET /xingrg/javascript/easyui/themes/default/validatebox.css HTTP/1.1" 404 1104
101.83.145.79 - - [05/Aug/2021:10:09:04 +0800] "POST /xingrg/kc/buy/cgsh_order_operate.html HTTP/1.1" 200 8245
222.70.183.193 - - [05/Aug/2021:10:09:07 +0800] "GET /xingrg/check_reg.html?_=1628129343177 HTTP/1.1" 200 22
222.70.183.193 - - [05/Aug/2021:10:09:07 +0800] "GET /xingrg/all/function/internal_message.html?_=1628129343180&CODE_STATE=getMsg HTTP/1.1" 200 27
222.70.246.151 - - [05/Aug/2021:10:09:07 +0800] "GET /xingrg/all/function/internal_message.html?_=1628129357558&CODE_STATE=getMsg HTTP/1.1" 200 27
180.169.147.146 - - [05/Aug/2021:10:09:09 +0800] "GET /xingrg/all/function/internal_message.html?_=1628129346536&CODE_STATE=getMsg HTTP/1.1" 200 27
116.237.74.182 - - [05/Aug/2021:10:09:10 +0800] "GET /xingrg/kc/buy/cgsh_order_operate.html?command=get_materiel&rest_code=00106&code=00101008155&supplier_code=00100007&order_time=2021-08-05 HTTP/1.1" 200 408
180.169.147.146 - - [05/Aug/2021:10:09:10 +0800] "GET /xingrg/check_reg.html?_=1628129347696 HTTP/1.1" 200 22
101.85.93.96 - - [05/Aug/2021:10:09:11 +0800] "GET /xingrg/kc/buy/cgsh_order_operate.html?command=get_materiel&rest_code=00142&code=00101012059&supplier_code=00100161&order_time=2021-08-05 HTTP/1.1" 200 412
180.162.111.5 - - [05/Aug/2021:10:09:11 +0800] "GET /xingrg/check_reg.html?_=1628128963378 HTTP/1.1" 200 22
180.162.111.5 - - [05/Aug/2021:10:09:11 +0800] "GET /xingrg/all/function/internal_message.html?_=1628128963380&CODE_STATE=getMsg HTTP/1.1" 200 27
180.169.147.146 - - [05/Aug/2021:10:09:11 +0800] "GET /xingrg/all/function/internal_message.html?_=1628129348158&CODE_STATE=getMsg HTTP/1.1" 200 27
116.230.110.80 - - [05/Aug/2021:10:09:13 +0800] "GET /xingrg/kc/buy/cgsh_order_operate.html?command=get_materiel&rest_code=00155&code=00101008209&supplier_code=00100005&order_time=2021-08-05 HTTP/1.1" 200 409
180.162.111.5 - - [05/Aug/2021:10:09:13 +0800] "GET /xingrg/kc/buy/cgsh_order_operate.html?command=get_materiel&rest_code=00143&code=00101008024&supplier_code=00100161&order_time=2021-08-02 HTTP/1.1" 200 408
116.233.73.10 - - [05/Aug/2021:10:09:16 +0800] "GET /xingrg/all/function/internal_message.html?_=1628129352695&CODE_STATE=getMsg HTTP/1.1" 200 27
101.83.145.79 - - [05/Aug/2021:10:09:18 +0800] "GET /xingrg/kc/buy/cgsh_order_operate.html?command=get_materiel&rest_code=00105&code=00101003003&supplier_code=00100093&order_time=2021-08-05 HTTP/1.1" 200 416
120.253.135.82 - - [05/Aug/2021:10:09:18 +0800] "GET /xingrg/all/function/internal_message.html?_=1628129390555&CODE_STATE=getMsg HTTP/1.1" 200 27
180.174.224.95 - - [05/Aug/2021:10:09:18 +0800] "GET /xingrg/all/function/internal_message.html?_=1628129355003&CODE_STATE=getMsg HTTP/1.1" 200 27
180.156.224.123 - - [05/Aug/2021:10:09:21 +0800] "GET /xingrg/all/function/internal_message.html?_=1628129313154&CODE_STATE=getMsg HTTP/1.1" 200 27
180.156.224.123 - - [05/Aug/2021:10:09:22 +0800] "GET /xingrg/all/function/internal_message.html?_=1628129356668&CODE_STATE=getMsg HTTP/1.1" 200 27
116.237.74.182 - - [05/Aug/2021:10:09:24 +0800] "GET /xingrg/kc/buy/cgsh_order_operate.html?command=get_materiel&rest_code=00106&code=00101008354&supplier_code=00100007&order_time=2021-08-05 HTTP/1.1" 200 412
101.85.93.96 - - [05/Aug/2021:10:09:25 +0800] "POST /xingrg/kc/buy/cgsh_order_operate.html HTTP/1.1" 200 37
116.230.110.80 - - [05/Aug/2021:10:09:26 +0800] "GET /xingrg/kc/buy/cgsh_order_operate.html?command=get_materiel&rest_code=00155&code=00101008300&supplier_code=00100005&order_time=2021-08-05 HTTP/1.1" 200 412
101.85.93.96 - - [05/Aug/2021:10:09:26 +0800] "POST /xingrg/kc/buy/cgsh_order_operate.html HTTP/1.1" 200 16814
116.235.222.38 - - [05/Aug/2021:10:09:27 +0800] "GET /xingrg/check_reg.html?_=1628129359612 HTTP/1.1" 200 22
116.235.222.38 - - [05/Aug/2021:10:09:28 +0800] "GET /xingrg/kc/buy/cgsh_order_operate.html?command=get_materiel&rest_code=00107&code=00101007032&supplier_code=00100328&order_time=2021-08-05 HTTP/1.1" 200 413
116.237.74.182 - - [05/Aug/2021:10:09:29 +0800] "GET /xingrg/all/function/internal_message.html?_=1628129363499&CODE_STATE=getMsg HTTP/1.1" 200 27
222.70.246.151 - - [05/Aug/2021:10:09:30 +0800] "GET /xingrg/all/function/internal_message.html?_=1628129377992&CODE_STATE=getMsg HTTP/1.1" 302 -
101.83.145.79 - - [05/Aug/2021:10:09:31 +0800] "POST /xingrg/kc/buy/cgsh_order_operate.html HTTP/1.1" 200 37
116.235.222.38 - - [05/Aug/2021:10:09:32 +0800] "GET /xingrg/all/function/internal_message.html?_=1628129364509&CODE_STATE=getMsg HTTP/1.1" 200 27
101.85.93.96 - - [05/Aug/2021:10:09:33 +0800] "POST /xingrg/kc/buy/cgsh_order_operate.html HTTP/1.1" 200 37
101.85.93.96 - - [05/Aug/2021:10:09:35 +0800] "POST /xingrg/kc/buy/cgsh_order_operate.html HTTP/1.1" 200 16814
101.85.93.96 - - [05/Aug/2021:10:09:35 +0800] "GET /xingrg/javascript/jquery_easy_ui/themes/default/images/tabs_active.png HTTP/1.1" 200 2894
116.235.222.38 - - [05/Aug/2021:10:09:37 +0800] "POST /xingrg/kc/buy/cgsh_order_operate.html HTTP/1.1" 200 37
116.230.110.80 - - [05/Aug/2021:10:09:38 +0800] "GET /xingrg/kc/buy/cgsh_order_operate.html?command=get_materiel&rest_code=00155&code=00101020138&supplier_code=00100005&order_time=2021-08-05 HTTP/1.1" 200 426
180.174.224.95 - - [05/Aug/2021:10:09:38 +0800] "GET /xingrg/all/function/internal_message.html?_=1628129350197&CODE_STATE=getMsg HTTP/1.1" 200 27
101.83.145.79 - - [05/Aug/2021:10:09:38 +0800] "POST /xingrg/kc/buy/cgsh_order_operate.html HTTP/1.1" 200 2664
116.235.222.38 - - [05/Aug/2021:10:09:39 +0800] "POST /xingrg/kc/buy/cgsh_order_operate.html HTTP/1.1" 200 2657
116.237.74.182 - - [05/Aug/2021:10:09:39 +0800] "GET /xingrg/kc/buy/cgsh_order_operate.html?command=get_materiel&rest_code=00106&code=00101008010&supplier_code=00100007&order_time=2021-08-05 HTTP/1.1" 200 412
180.162.111.5 - - [05/Aug/2021:10:09:39 +0800] "GET /xingrg/kc/buy/cgsh_order_operate.html?command=get_materiel&rest_code=00143&code=00101008356&supplier_code=00100161&order_time=2021-08-02 HTTP/1.1" 200 409
101.83.145.79 - - [05/Aug/2021:10:09:39 +0800] "GET /xingrg/kc/print/load_data.html?order_code=212021080501861&kc_code=cgsh&condition= HTTP/1.1" 200 726
101.85.93.96 - - [05/Aug/2021:10:09:40 +0800] "POST /xingrg/kc/buy/cgsh_list_operate.html HTTP/1.1" 200 2052
116.235.222.38 - - [05/Aug/2021:10:09:40 +0800] "GET /xingrg/kc/print/load_data.html?order_code=212021080501862&kc_code=cgsh&condition= HTTP/1.1" 200 676
116.230.110.80 - - [05/Aug/2021:10:09:44 +0800] "POST /xingrg/kc/buy/cgsh_order_operate.html HTTP/1.1" 200 2065
101.83.145.79 - - [05/Aug/2021:10:09:44 +0800] "GET /xingrg/kc/buy/cgsh_order_add.html HTTP/1.1" 200 63190
101.83.145.79 - - [05/Aug/2021:10:09:44 +0800] "GET /xingrg/javascript/easyui/themes/default/validatebox.css HTTP/1.1" 404 1104
101.83.145.79 - - [05/Aug/2021:10:09:44 +0800] "POST /xingrg/kc/buy/cgsh_order_operate.html HTTP/1.1" 200 8245
116.235.222.38 - - [05/Aug/2021:10:09:46 +0800] "GET /xingrg/kc/buy/cgsh_order_add.html HTTP/1.1" 200 63231
116.235.222.38 - - [05/Aug/2021:10:09:47 +0800] "GET /xingrg/javascript/easyui/themes/default/validatebox.css HTTP/1.1" 404 1104
116.235.222.38 - - [05/Aug/2021:10:09:47 +0800] "POST /xingrg/kc/buy/cgsh_order_operate.html HTTP/1.1" 200 8245
116.237.74.182 - - [05/Aug/2021:10:09:48 +0800] "GET /xingrg/kc/buy/cgsh_order_operate.html?command=get_materiel&rest_code=00106&code=00101008110&supplier_code=00100007&order_time=2021-08-05 HTTP/1.1" 200 408
116.235.222.38 - - [05/Aug/2021:10:09:49 +0800] "GET /xingrg/javascript/easyui/themes/default/tree.css HTTP/1.1" 404 1090
116.235.222.38 - - [05/Aug/2021:10:09:49 +0800] "POST /xingrg/all/common/load_tree.html?tree=supplier_tree_json&isDelete=1 HTTP/1.1" 200 57192
101.85.93.96 - - [05/Aug/2021:10:09:49 +0800] "GET /xingrg/all/function/internal_message.html?_=1628129362766&CODE_STATE=getMsg HTTP/1.1" 200 27
116.230.110.80 - - [05/Aug/2021:10:09:51 +0800] "POST /xingrg/kc/buy/cgsh_order_operate.html HTTP/1.1" 200 37
116.230.110.80 - - [05/Aug/2021:10:09:53 +0800] "POST /xingrg/kc/buy/cgsh_order_operate.html HTTP/1.1" 200 25167
116.237.74.182 - - [05/Aug/2021:10:09:55 +0800] "GET /xingrg/kc/buy/cgsh_order_operate.html?command=get_materiel&rest_code=00106&code=00101008096&supplier_code=00100007&order_time=2021-08-05 HTTP/1.1" 200 412
116.230.110.80 - - [05/Aug/2021:10:09:55 +0800] "GET /xingrg/all/function/internal_message.html?_=1628129380914&CODE_STATE=getMsg HTTP/1.1" 200 27
116.230.110.80 - - [05/Aug/2021:10:09:56 +0800] "GET /xingrg/kc/print/load_config.html?kc_code=cgsh HTTP/1.1" 200 1845
116.230.110.80 - - [05/Aug/2021:10:09:56 +0800] "GET /xingrg/kc/print/load_data.html?order_code=212021080501857&kc_code=cgsh&condition= HTTP/1.1" 200 9254
101.83.145.79 - - [05/Aug/2021:10:09:57 +0800] "GET /xingrg/kc/buy/cgsh_order_operate.html?command=get_materiel&rest_code=00105&code=00101004090&supplier_code=00100312&order_time=2021-08-05 HTTP/1.1" 200 391
114.88.154.248 - - [05/Aug/2021:10:09:58 +0800] "GET /xingrg/all/function/internal_message.html?_=1628129301209&CODE_STATE=getMsg HTTP/1.1" 200 27
116.230.110.80 - - [05/Aug/2021:10:10:01 +0800] "GET /xingrg/kc/print/load_data.html?order_code=212021080501857&kc_code=cgsh HTTP/1.1" 200 9254
116.237.74.182 - - [05/Aug/2021:10:10:07 +0800] "GET /xingrg/kc/buy/cgsh_order_operate.html?command=get_materiel&rest_code=00106&code=00101008038&supplier_code=00100007&order_time=2021-08-05 HTTP/1.1" 200 412
222.70.183.193 - - [05/Aug/2021:10:10:07 +0800] "GET /xingrg/all/function/internal_message.html?_=1628129403180&CODE_STATE=getMsg HTTP/1.1" 200 27
222.70.246.151 - - [05/Aug/2021:10:10:07 +0800] "GET /xingrg/all/function/internal_message.html?_=1628129417572&CODE_STATE=getMsg HTTP/1.1" 200 27
180.162.111.5 - - [05/Aug/2021:10:10:08 +0800] "GET /xingrg/kc/buy/cgsh_order_operate.html?command=get_materiel&rest_code=00143&code=00101008286&supplier_code=00100161&order_time=2021-08-02 HTTP/1.1" 200 408
180.169.147.146 - - [05/Aug/2021:10:10:09 +0800] "GET /xingrg/all/function/internal_message.html?_=1628129406525&CODE_STATE=getMsg HTTP/1.1" 200 27
