120.253.135.82 - - [05/Aug/2021:06:05:36 +0800] "GET /xingrg/all/function/internal_message.html?_=1628114511841&CODE_STATE=getMsg HTTP/1.1" 200 27
180.169.147.146 - - [05/Aug/2021:06:05:42 +0800] "GET /xingrg/all/function/internal_message.html?_=1628114739016&CODE_STATE=getMsg HTTP/1.1" 302 -
180.156.224.123 - - [05/Aug/2021:06:05:51 +0800] "GET /xingrg/all/function/internal_message.html?_=1628114746263&CODE_STATE=getMsg HTTP/1.1" 200 27
222.70.246.151 - - [05/Aug/2021:06:05:54 +0800] "GET /xingrg/all/function/internal_message.html?_=1628114763982&CODE_STATE=getMsg HTTP/1.1" 200 27
114.88.154.248 - - [05/Aug/2021:06:05:58 +0800] "GET /xingrg/all/function/internal_message.html?_=1628114660474&CODE_STATE=getMsg HTTP/1.1" 200 27
180.156.224.123 - - [05/Aug/2021:06:05:59 +0800] "GET /xingrg/all/function/internal_message.html?_=1628114711095&CODE_STATE=getMsg HTTP/1.1" 200 27
120.253.135.82 - - [05/Aug/2021:06:06:14 +0800] "GET /xingrg/all/function/internal_message.html?_=1628114806927&CODE_STATE=getMsg HTTP/1.1" 200 27
116.237.74.182 - - [05/Aug/2021:06:06:14 +0800] "GET /xingrg/all/function/internal_message.html?_=1628114768871&CODE_STATE=getMsg HTTP/1.1" 200 27
222.70.246.151 - - [05/Aug/2021:06:06:17 +0800] "GET /xingrg/check_reg.html?_=1628114785377 HTTP/1.1" 302 -
180.169.147.146 - - [05/Aug/2021:06:06:22 +0800] "GET /xingrg/all/function/internal_message.html?_=1628114775464&CODE_STATE=getMsg HTTP/1.1" 200 27
222.70.246.151 - - [05/Aug/2021:06:06:27 +0800] "GET /xingrg/all/function/internal_message.html?_=1628114794691&CODE_STATE=getMsg HTTP/1.1" 302 -
120.253.135.82 - - [05/Aug/2021:06:06:36 +0800] "GET /xingrg/all/function/internal_message.html?_=1628114571854&CODE_STATE=getMsg HTTP/1.1" 200 27
120.253.135.82 - - [05/Aug/2021:06:06:39 +0800] "GET /xingrg/kc/pszx/mdps_order_operate.html?command=get_materiel&pszx_code=00101&rest_code=00102&base_code=0010246&code=00101016120 HTTP/1.1" 200 429
180.174.224.95 - - [05/Aug/2021:06:06:42 +0800] "POST /xingrg/services/DataTransmitService HTTP/1.1" 200 524
180.169.147.146 - - [05/Aug/2021:06:06:42 +0800] "GET /xingrg/all/function/internal_message.html?_=1628114799023&CODE_STATE=getMsg HTTP/1.1" 302 -
180.174.224.95 - - [05/Aug/2021:06:06:43 +0800] "POST /xingrg/services/DataTransmitService HTTP/1.1" 200 501
180.156.224.123 - - [05/Aug/2021:06:06:51 +0800] "GET /xingrg/all/function/internal_message.html?_=1628114806251&CODE_STATE=getMsg HTTP/1.1" 200 27
222.70.246.151 - - [05/Aug/2021:06:06:54 +0800] "GET /xingrg/all/function/internal_message.html?_=1628114823990&CODE_STATE=getMsg HTTP/1.1" 200 27
114.88.154.248 - - [05/Aug/2021:06:06:58 +0800] "GET /xingrg/all/function/internal_message.html?_=1628114720473&CODE_STATE=getMsg HTTP/1.1" 200 27
180.156.224.123 - - [05/Aug/2021:06:06:59 +0800] "GET /xingrg/all/function/internal_message.html?_=1628114771118&CODE_STATE=getMsg HTTP/1.1" 200 27
120.253.135.82 - - [05/Aug/2021:06:07:14 +0800] "GET /xingrg/all/function/internal_message.html?_=1628114866947&CODE_STATE=getMsg HTTP/1.1" 200 27
116.237.74.182 - - [05/Aug/2021:06:07:14 +0800] "GET /xingrg/all/function/internal_message.html?_=1628114828871&CODE_STATE=getMsg HTTP/1.1" 200 27
120.253.135.82 - - [05/Aug/2021:06:07:16 +0800] "POST /xingrg/kc/pszx/mdps_order_operate.html HTTP/1.1" 200 37
120.253.135.82 - - [05/Aug/2021:06:07:17 +0800] "GET /xingrg/kc/pszx/mdps_order_info.html?code=312021080500115 HTTP/1.1" 200 23925
120.253.135.82 - - [05/Aug/2021:06:07:18 +0800] "GET /xingrg/javascript/easyui/themes/default/validatebox.css HTTP/1.1" 404 1104
120.253.135.82 - - [05/Aug/2021:06:07:18 +0800] "POST /xingrg/kc/pszx/mdps_order_operate.html HTTP/1.1" 200 9368
180.169.147.146 - - [05/Aug/2021:06:07:22 +0800] "GET /xingrg/all/function/internal_message.html?_=1628114835471&CODE_STATE=getMsg HTTP/1.1" 200 27
222.70.246.151 - - [05/Aug/2021:06:07:27 +0800] "GET /xingrg/all/function/internal_message.html?_=1628114854711&CODE_STATE=getMsg HTTP/1.1" 302 -
180.169.147.146 - - [05/Aug/2021:06:07:32 +0800] "GET /xingrg/check_reg.html?_=1628114848561 HTTP/1.1" 302 -
120.253.135.82 - - [05/Aug/2021:06:07:36 +0800] "GET /xingrg/all/function/internal_message.html?_=1628114631868&CODE_STATE=getMsg HTTP/1.1" 200 27
180.169.147.146 - - [05/Aug/2021:06:07:42 +0800] "GET /xingrg/all/function/internal_message.html?_=1628114859042&CODE_STATE=getMsg HTTP/1.1" 302 -
180.156.224.123 - - [05/Aug/2021:06:07:51 +0800] "GET /xingrg/all/function/internal_message.html?_=1628114866256&CODE_STATE=getMsg HTTP/1.1" 200 27
180.156.224.123 - - [05/Aug/2021:06:07:51 +0800] "GET /xingrg/check_reg.html?_=1628114823453 HTTP/1.1" 200 22
222.70.246.151 - - [05/Aug/2021:06:07:54 +0800] "GET /xingrg/all/function/internal_message.html?_=1628114884159&CODE_STATE=getMsg HTTP/1.1" 200 27
114.88.154.248 - - [05/Aug/2021:06:07:58 +0800] "GET /xingrg/all/function/internal_message.html?_=1628114780473&CODE_STATE=getMsg HTTP/1.1" 200 27
180.156.224.123 - - [05/Aug/2021:06:07:59 +0800] "GET /xingrg/all/function/internal_message.html?_=1628114831121&CODE_STATE=getMsg HTTP/1.1" 200 27
222.70.246.151 - - [05/Aug/2021:06:07:59 +0800] "GET /xingrg/check_reg.html?_=1628114889418 HTTP/1.1" 200 22
120.253.135.82 - - [05/Aug/2021:06:08:02 +0800] "GET /xingrg/check_reg.html?_=1628114915087 HTTP/1.1" 200 22
120.253.135.82 - - [05/Aug/2021:06:08:14 +0800] "GET /xingrg/all/function/internal_message.html?_=1628114926954&CODE_STATE=getMsg HTTP/1.1" 200 27
116.237.74.182 - - [05/Aug/2021:06:08:14 +0800] "GET /xingrg/check_reg.html?_=1628114888869 HTTP/1.1" 200 22
116.237.74.182 - - [05/Aug/2021:06:08:14 +0800] "GET /xingrg/all/function/internal_message.html?_=1628114888870&CODE_STATE=getMsg HTTP/1.1" 200 27
120.253.135.82 - - [05/Aug/2021:06:08:21 +0800] "POST /xingrg/kc/pszx/mdps_order_operate.html HTTP/1.1" 200 37
120.253.135.82 - - [05/Aug/2021:06:08:21 +0800] "GET /xingrg/kc/pszx/mdps_order_info.html?code=312021080500115 HTTP/1.1" 200 23925
120.253.135.82 - - [05/Aug/2021:06:08:22 +0800] "GET /xingrg/javascript/easyui/themes/default/validatebox.css HTTP/1.1" 404 1104
120.253.135.82 - - [05/Aug/2021:06:08:22 +0800] "POST /xingrg/kc/pszx/mdps_order_operate.html HTTP/1.1" 200 9368
180.169.147.146 - - [05/Aug/2021:06:08:22 +0800] "GET /xingrg/all/function/internal_message.html?_=1628114895448&CODE_STATE=getMsg HTTP/1.1" 200 27
120.253.135.82 - - [05/Aug/2021:06:08:24 +0800] "POST /xingrg/kc/pszx/mdps_list_operate.html HTTP/1.1" 200 2411
120.253.135.82 - - [05/Aug/2021:06:08:25 +0800] "POST /xingrg/kc/pszx/mdps_list_operate.html HTTP/1.1" 200 625
120.253.135.82 - - [05/Aug/2021:06:08:26 +0800] "GET /xingrg/kc/pszx/mdps_order_info.html?code=312021080500116 HTTP/1.1" 200 23925
120.253.135.82 - - [05/Aug/2021:06:08:26 +0800] "GET /xingrg/javascript/easyui/themes/default/validatebox.css HTTP/1.1" 404 1104
120.253.135.82 - - [05/Aug/2021:06:08:26 +0800] "POST /xingrg/kc/pszx/mdps_order_operate.html HTTP/1.1" 200 15463
222.70.246.151 - - [05/Aug/2021:06:08:27 +0800] "GET /xingrg/all/function/internal_message.html?_=1628114914718&CODE_STATE=getMsg HTTP/1.1" 302 -
120.253.135.82 - - [05/Aug/2021:06:08:30 +0800] "POST /xingrg/kc/pszx/mdps_order_operate.html HTTP/1.1" 200 37
120.253.135.82 - - [05/Aug/2021:06:08:30 +0800] "GET /xingrg/kc/pszx/mdps_order_info.html?code=312021080500116 HTTP/1.1" 200 23925
120.253.135.82 - - [05/Aug/2021:06:08:31 +0800] "GET /xingrg/javascript/easyui/themes/default/validatebox.css HTTP/1.1" 404 1104
120.253.135.82 - - [05/Aug/2021:06:08:31 +0800] "POST /xingrg/kc/pszx/mdps_order_operate.html HTTP/1.1" 200 15678
120.253.135.82 - - [05/Aug/2021:06:08:36 +0800] "GET /xingrg/all/function/internal_message.html?_=1628114691882&CODE_STATE=getMsg HTTP/1.1" 200 27
180.169.147.146 - - [05/Aug/2021:06:08:42 +0800] "GET /xingrg/all/function/internal_message.html?_=1628114919050&CODE_STATE=getMsg HTTP/1.1" 302 -
180.169.147.146 - - [05/Aug/2021:06:08:44 +0800] "GET /xingrg/check_reg.html?_=1628114917295 HTTP/1.1" 200 22
120.253.135.82 - - [05/Aug/2021:06:08:46 +0800] "POST /xingrg/kc/pszx/mdps_list_operate.html HTTP/1.1" 200 2411
120.253.135.82 - - [05/Aug/2021:06:08:47 +0800] "POST /xingrg/kc/pszx/mdps_list_operate.html HTTP/1.1" 200 611
120.253.135.82 - - [05/Aug/2021:06:08:49 +0800] "GET /xingrg/kc/pszx/mdps_order_info.html?code=312021080500115 HTTP/1.1" 200 23925
120.253.135.82 - - [05/Aug/2021:06:08:49 +0800] "GET /xingrg/javascript/easyui/themes/default/validatebox.css HTTP/1.1" 404 1104
120.253.135.82 - - [05/Aug/2021:06:08:49 +0800] "POST /xingrg/kc/pszx/mdps_order_operate.html HTTP/1.1" 200 9368
180.156.224.123 - - [05/Aug/2021:06:08:51 +0800] "GET /xingrg/all/function/internal_message.html?_=1628114926257&CODE_STATE=getMsg HTTP/1.1" 200 27
180.156.224.123 - - [05/Aug/2021:06:08:51 +0800] "GET /xingrg/check_reg.html?_=1628114926258 HTTP/1.1" 200 22
120.253.135.82 - - [05/Aug/2021:06:08:53 +0800] "POST /xingrg/kc/pszx/mdps_list_operate.html HTTP/1.1" 200 2411
222.70.246.151 - - [05/Aug/2021:06:08:54 +0800] "GET /xingrg/all/function/internal_message.html?_=1628114944174&CODE_STATE=getMsg HTTP/1.1" 200 27
120.253.135.82 - - [05/Aug/2021:06:08:55 +0800] "POST /xingrg/kc/pszx/mdps_list_operate.html HTTP/1.1" 200 625
120.253.135.82 - - [05/Aug/2021:06:08:56 +0800] "GET /xingrg/kc/pszx/mdps_order_info.html?code=312021080500116 HTTP/1.1" 200 23925
120.253.135.82 - - [05/Aug/2021:06:08:56 +0800] "GET /xingrg/javascript/easyui/themes/default/validatebox.css HTTP/1.1" 404 1104
120.253.135.82 - - [05/Aug/2021:06:08:56 +0800] "POST /xingrg/kc/pszx/mdps_order_operate.html HTTP/1.1" 200 15678
114.88.154.248 - - [05/Aug/2021:06:08:58 +0800] "GET /xingrg/all/function/internal_message.html?_=1628114840472&CODE_STATE=getMsg HTTP/1.1" 200 27
114.88.154.248 - - [05/Aug/2021:06:08:58 +0800] "GET /xingrg/check_reg.html?_=1628114840474 HTTP/1.1" 200 22
180.156.224.123 - - [05/Aug/2021:06:08:59 +0800] "GET /xingrg/all/function/internal_message.html?_=1628114891135&CODE_STATE=getMsg HTTP/1.1" 200 27
120.253.135.82 - - [05/Aug/2021:06:09:14 +0800] "GET /xingrg/all/function/internal_message.html?_=1628114986969&CODE_STATE=getMsg HTTP/1.1" 200 27
180.169.147.146 - - [05/Aug/2021:06:09:14 +0800] "GET /xingrg/check_reg.html?_=1628114951198 HTTP/1.1" 302 -
116.237.74.182 - - [05/Aug/2021:06:09:15 +0800] "GET /xingrg/all/function/internal_message.html?_=1628114948870&CODE_STATE=getMsg HTTP/1.1" 200 27
180.169.147.146 - - [05/Aug/2021:06:09:22 +0800] "GET /xingrg/all/function/internal_message.html?_=1628114955420&CODE_STATE=getMsg HTTP/1.1" 200 27
222.70.246.151 - - [05/Aug/2021:06:09:27 +0800] "GET /xingrg/all/function/internal_message.html?_=1628114974737&CODE_STATE=getMsg HTTP/1.1" 302 -
120.253.135.82 - - [05/Aug/2021:06:09:36 +0800] "GET /xingrg/all/function/internal_message.html?_=1628114751989&CODE_STATE=getMsg HTTP/1.1" 200 27
180.169.147.146 - - [05/Aug/2021:06:09:42 +0800] "GET /xingrg/all/function/internal_message.html?_=1628114979071&CODE_STATE=getMsg HTTP/1.1" 302 -
180.156.224.123 - - [05/Aug/2021:06:09:51 +0800] "GET /xingrg/all/function/internal_message.html?_=1628114986257&CODE_STATE=getMsg HTTP/1.1" 200 27
222.70.246.151 - - [05/Aug/2021:06:09:54 +0800] "GET /xingrg/all/function/internal_message.html?_=1628115004187&CODE_STATE=getMsg HTTP/1.1" 200 27
114.88.154.248 - - [05/Aug/2021:06:09:58 +0800] "GET /xingrg/all/function/internal_message.html?_=1628114900472&CODE_STATE=getMsg HTTP/1.1" 200 27
180.156.224.123 - - [05/Aug/2021:06:09:59 +0800] "GET /xingrg/all/function/internal_message.html?_=1628114951157&CODE_STATE=getMsg HTTP/1.1" 200 27
120.253.135.82 - - [05/Aug/2021:06:10:14 +0800] "GET /xingrg/all/function/internal_message.html?_=1628115046986&CODE_STATE=getMsg HTTP/1.1" 200 27
116.237.74.182 - - [05/Aug/2021:06:10:15 +0800] "GET /xingrg/all/function/internal_message.html?_=1628115008869&CODE_STATE=getMsg HTTP/1.1" 200 27
180.169.147.146 - - [05/Aug/2021:06:10:22 +0800] "GET /xingrg/all/function/internal_message.html?_=1628115015399&CODE_STATE=getMsg HTTP/1.1" 200 27
222.70.246.151 - - [05/Aug/2021:06:10:27 +0800] "GET /xingrg/all/function/internal_message.html?_=1628115034745&CODE_STATE=getMsg HTTP/1.1" 302 -
120.253.135.82 - - [05/Aug/2021:06:10:36 +0800] "GET /xingrg/check_reg.html?_=1628114811316 HTTP/1.1" 200 22
120.253.135.82 - - [05/Aug/2021:06:10:37 +0800] "GET /xingrg/all/function/internal_message.html?_=1628114812002&CODE_STATE=getMsg HTTP/1.1" 200 27
180.169.147.146 - - [05/Aug/2021:06:10:42 +0800] "GET /xingrg/all/function/internal_message.html?_=1628115039076&CODE_STATE=getMsg HTTP/1.1" 302 -
180.156.224.123 - - [05/Aug/2021:06:10:51 +0800] "GET /xingrg/all/function/internal_message.html?_=1628115046255&CODE_STATE=getMsg HTTP/1.1" 200 27
222.70.246.151 - - [05/Aug/2021:06:10:54 +0800] "GET /xingrg/all/function/internal_message.html?_=1628115064359&CODE_STATE=getMsg HTTP/1.1" 200 27
114.88.154.248 - - [05/Aug/2021:06:10:58 +0800] "GET /xingrg/all/function/internal_message.html?_=1628114960472&CODE_STATE=getMsg HTTP/1.1" 200 27
180.156.224.123 - - [05/Aug/2021:06:10:59 +0800] "GET /xingrg/all/function/internal_message.html?_=1628115011163&CODE_STATE=getMsg HTTP/1.1" 200 27
120.253.135.82 - - [05/Aug/2021:06:11:05 +0800] "POST /xingrg/all/common/load_select.html HTTP/1.1" 200 25
120.253.135.82 - - [05/Aug/2021:06:11:10 +0800] "GET /xingrg/kc/pszx/mdps_order_operate.html?command=get_materiel_price&pszx_code=00101&rest_code=00102&base_code=0010246&code=00101019448&unit_code=00100188&order_time=2021-08-06 HTTP/1.1" 200 49
120.253.135.82 - - [05/Aug/2021:06:11:14 +0800] "GET /xingrg/all/function/internal_message.html?_=1628115106994&CODE_STATE=getMsg HTTP/1.1" 200 27
116.237.74.182 - - [05/Aug/2021:06:11:15 +0800] "GET /xingrg/all/function/internal_message.html?_=1628115068868&CODE_STATE=getMsg HTTP/1.1" 200 27
120.253.135.82 - - [05/Aug/2021:06:11:16 +0800] "POST /xingrg/kc/pszx/mdps_order_operate.html HTTP/1.1" 200 37
222.70.246.151 - - [05/Aug/2021:06:11:17 +0800] "GET /xingrg/check_reg.html?_=1628115085383 HTTP/1.1" 302 -
120.253.135.82 - - [05/Aug/2021:06:11:17 +0800] "GET /xingrg/kc/pszx/mdps_order_info.html?code=312021080500116 HTTP/1.1" 200 23925
120.253.135.82 - - [05/Aug/2021:06:11:18 +0800] "GET /xingrg/javascript/easyui/themes/default/validatebox.css HTTP/1.1" 404 1104
120.253.135.82 - - [05/Aug/2021:06:11:18 +0800] "POST /xingrg/kc/pszx/mdps_order_operate.html HTTP/1.1" 200 15144
180.169.147.146 - - [05/Aug/2021:06:11:22 +0800] "GET /xingrg/all/function/internal_message.html?_=1628115075371&CODE_STATE=getMsg HTTP/1.1" 200 27
222.70.246.151 - - [05/Aug/2021:06:11:27 +0800] "GET /xingrg/all/function/internal_message.html?_=1628115094759&CODE_STATE=getMsg HTTP/1.1" 302 -
120.253.135.82 - - [05/Aug/2021:06:11:28 +0800] "POST /xingrg/kc/pszx/mdps_order_operate.html HTTP/1.1" 200 37
120.253.135.82 - - [05/Aug/2021:06:11:29 +0800] "GET /xingrg/kc/pszx/mdps_order_info.html?code=312021080500116 HTTP/1.1" 200 23925
120.253.135.82 - - [05/Aug/2021:06:11:30 +0800] "GET /xingrg/javascript/easyui/themes/default/validatebox.css HTTP/1.1" 404 1104
120.253.135.82 - - [05/Aug/2021:06:11:30 +0800] "POST /xingrg/kc/pszx/mdps_order_operate.html HTTP/1.1" 200 15144
120.253.135.82 - - [05/Aug/2021:06:11:36 +0800] "POST /xingrg/kc/pszx/mdps_list_operate.html HTTP/1.1" 200 2410
120.253.135.82 - - [05/Aug/2021:06:11:37 +0800] "GET /xingrg/all/function/internal_message.html?_=1628114872095&CODE_STATE=getMsg HTTP/1.1" 200 27
120.253.135.82 - - [05/Aug/2021:06:11:37 +0800] "POST /xingrg/kc/pszx/mdps_list_operate.html HTTP/1.1" 200 287
120.253.135.82 - - [05/Aug/2021:06:11:39 +0800] "POST /xingrg/kc/pszx/mdps_list_operate.html HTTP/1.1" 200 625
120.253.135.82 - - [05/Aug/2021:06:11:40 +0800] "POST /xingrg/kc/pszx/mdps_list_operate.html HTTP/1.1" 200 611
180.169.147.146 - - [05/Aug/2021:06:11:42 +0800] "GET /xingrg/all/function/internal_message.html?_=1628115099098&CODE_STATE=getMsg HTTP/1.1" 302 -
180.156.224.123 - - [05/Aug/2021:06:11:51 +0800] "GET /xingrg/all/function/internal_message.html?_=1628115106255&CODE_STATE=getMsg HTTP/1.1" 200 27
222.70.246.151 - - [05/Aug/2021:06:11:54 +0800] "GET /xingrg/all/function/internal_message.html?_=1628115124370&CODE_STATE=getMsg HTTP/1.1" 200 27
114.88.154.248 - - [05/Aug/2021:06:11:58 +0800] "GET /xingrg/all/function/internal_message.html?_=1628115020486&CODE_STATE=getMsg HTTP/1.1" 200 27
180.156.224.123 - - [05/Aug/2021:06:11:59 +0800] "GET /xingrg/all/function/internal_message.html?_=1628115071185&CODE_STATE=getMsg HTTP/1.1" 200 27
120.253.135.82 - - [05/Aug/2021:06:12:14 +0800] "GET /xingrg/all/function/internal_message.html?_=1628115167013&CODE_STATE=getMsg HTTP/1.1" 200 27
116.237.74.182 - - [05/Aug/2021:06:12:15 +0800] "GET /xingrg/all/function/internal_message.html?_=1628115128884&CODE_STATE=getMsg HTTP/1.1" 200 27
120.253.135.82 - - [05/Aug/2021:06:12:16 +0800] "GET /xingrg/kc/pszx/mdqp_order_list.html?state=10 HTTP/1.1" 200 11453
120.253.135.82 - - [05/Aug/2021:06:12:16 +0800] "POST /xingrg/kc/pszx/mdps_list_operate.html HTTP/1.1" 200 2410
120.253.135.82 - - [05/Aug/2021:06:12:16 +0800] "GET /xingrg/dwr/interface/AjaxReportQueryService.js HTTP/1.1" 200 13203
120.253.135.82 - - [05/Aug/2021:06:12:16 +0800] "GET /xingrg/dwr/interface/AjaxQqpsService.js HTTP/1.1" 200 16326
120.253.135.82 - - [05/Aug/2021:06:12:16 +0800] "GET /xingrg/dwr/engine.js HTTP/1.1" 200 43631
120.253.135.82 - - [05/Aug/2021:06:12:18 +0800] "GET /xingrg/kc/pszx/mdqp_order_info.html?code=302021080400071 HTTP/1.1" 200 13338
120.253.135.82 - - [05/Aug/2021:06:12:18 +0800] "GET /xingrg/dwr/interface/AjaxQqpsService.js HTTP/1.1" 200 16326
120.253.135.82 - - [05/Aug/2021:06:12:18 +0800] "GET /xingrg/dwr/interface/AjaxComOrderService.js HTTP/1.1" 200 18264
120.253.135.82 - - [05/Aug/2021:06:12:18 +0800] "GET /xingrg/dwr/engine.js HTTP/1.1" 200 43631
120.253.135.82 - - [05/Aug/2021:06:12:19 +0800] "POST /xingrg/dwr/call/plaincall/AjaxQqpsService.loadMaterielItems.dwr HTTP/1.1" 200 14690
120.253.135.82 - - [05/Aug/2021:06:12:21 +0800] "GET /xingrg/images/yd/bt.gif HTTP/1.1" 404 1040
120.253.135.82 - - [05/Aug/2021:06:12:21 +0800] "GET /xingrg/images/yd/bt2.gif HTTP/1.1" 404 1042
180.169.147.146 - - [05/Aug/2021:06:12:22 +0800] "GET /xingrg/all/function/internal_message.html?_=1628115135341&CODE_STATE=getMsg HTTP/1.1" 200 27
222.70.246.151 - - [05/Aug/2021:06:12:27 +0800] "GET /xingrg/all/function/internal_message.html?_=1628115154779&CODE_STATE=getMsg HTTP/1.1" 302 -
180.169.147.146 - - [05/Aug/2021:06:12:32 +0800] "GET /xingrg/check_reg.html?_=1628115148560 HTTP/1.1" 302 -
120.253.135.82 - - [05/Aug/2021:06:12:37 +0800] "GET /xingrg/all/function/internal_message.html?_=1628114932108&CODE_STATE=getMsg HTTP/1.1" 200 27
180.169.147.146 - - [05/Aug/2021:06:12:42 +0800] "GET /xingrg/all/function/internal_message.html?_=1628115159105&CODE_STATE=getMsg HTTP/1.1" 302 -
180.156.224.123 - - [05/Aug/2021:06:12:51 +0800] "GET /xingrg/all/function/internal_message.html?_=1628115166256&CODE_STATE=getMsg HTTP/1.1" 200 27
180.156.224.123 - - [05/Aug/2021:06:12:51 +0800] "GET /xingrg/check_reg.html?_=1628115123456 HTTP/1.1" 200 22
222.70.246.151 - - [05/Aug/2021:06:12:55 +0800] "GET /xingrg/all/function/internal_message.html?_=1628115184541&CODE_STATE=getMsg HTTP/1.1" 200 27
114.88.154.248 - - [05/Aug/2021:06:12:58 +0800] "GET /xingrg/all/function/internal_message.html?_=1628115080485&CODE_STATE=getMsg HTTP/1.1" 200 27
180.156.224.123 - - [05/Aug/2021:06:12:59 +0800] "GET /xingrg/all/function/internal_message.html?_=1628115131189&CODE_STATE=getMsg HTTP/1.1" 200 27
120.253.135.82 - - [05/Aug/2021:06:12:59 +0800] "GET /xingrg/kc/pszx/mdqp_order_list.html?isBack=1 HTTP/1.1" 302 -
222.70.246.151 - - [05/Aug/2021:06:12:59 +0800] "GET /xingrg/check_reg.html?_=1628115189423 HTTP/1.1" 200 22
120.253.135.82 - - [05/Aug/2021:06:12:59 +0800] "GET /xingrg/kc/pszx/mdqp_order_list.html?state=10 HTTP/1.1" 200 11453
120.253.135.82 - - [05/Aug/2021:06:13:00 +0800] "GET /xingrg/dwr/interface/AjaxQqpsService.js HTTP/1.1" 200 16326
120.253.135.82 - - [05/Aug/2021:06:13:00 +0800] "GET /xingrg/dwr/interface/AjaxReportQueryService.js HTTP/1.1" 200 13203
120.253.135.82 - - [05/Aug/2021:06:13:00 +0800] "GET /xingrg/dwr/engine.js HTTP/1.1" 200 43631
120.253.135.82 - - [05/Aug/2021:06:13:02 +0800] "GET /xingrg/kc/pszx/mdqp_order_info.html?code=302021080400072 HTTP/1.1" 200 13338
120.253.135.82 - - [05/Aug/2021:06:13:02 +0800] "GET /xingrg/dwr/interface/AjaxComOrderService.js HTTP/1.1" 200 18264
120.253.135.82 - - [05/Aug/2021:06:13:02 +0800] "GET /xingrg/dwr/interface/AjaxQqpsService.js HTTP/1.1" 200 16326
120.253.135.82 - - [05/Aug/2021:06:13:02 +0800] "GET /xingrg/dwr/engine.js HTTP/1.1" 200 43631
120.253.135.82 - - [05/Aug/2021:06:13:02 +0800] "GET /xingrg/check_reg.html?_=1628115215090 HTTP/1.1" 200 22
120.253.135.82 - - [05/Aug/2021:06:13:02 +0800] "POST /xingrg/dwr/call/plaincall/AjaxQqpsService.loadMaterielItems.dwr HTTP/1.1" 200 4503
120.253.135.82 - - [05/Aug/2021:06:13:08 +0800] "GET /xingrg/images/yd/bt.gif HTTP/1.1" 404 1040
120.253.135.82 - - [05/Aug/2021:06:13:08 +0800] "GET /xingrg/images/yd/bt2.gif HTTP/1.1" 404 1042
120.253.135.82 - - [05/Aug/2021:06:13:14 +0800] "GET /xingrg/all/function/internal_message.html?_=1628115227022&CODE_STATE=getMsg HTTP/1.1" 200 27
116.237.74.182 - - [05/Aug/2021:06:13:15 +0800] "GET /xingrg/check_reg.html?_=1628115188870 HTTP/1.1" 200 22
116.237.74.182 - - [05/Aug/2021:06:13:15 +0800] "GET /xingrg/all/function/internal_message.html?_=1628115188872&CODE_STATE=getMsg HTTP/1.1" 200 27
180.169.147.146 - - [05/Aug/2021:06:13:22 +0800] "GET /xingrg/all/function/internal_message.html?_=1628115195339&CODE_STATE=getMsg HTTP/1.1" 200 27
222.70.246.151 - - [05/Aug/2021:06:13:27 +0800] "GET /xingrg/all/function/internal_message.html?_=1628115214786&CODE_STATE=getMsg HTTP/1.1" 302 -
120.253.135.82 - - [05/Aug/2021:06:13:37 +0800] "GET /xingrg/all/function/internal_message.html?_=1628114992121&CODE_STATE=getMsg HTTP/1.1" 200 27
120.253.135.82 - - [05/Aug/2021:06:13:40 +0800] "GET /xingrg/kc/pszx/mdqp_order_list.html?isBack=1 HTTP/1.1" 302 -
120.253.135.82 - - [05/Aug/2021:06:13:40 +0800] "GET /xingrg/kc/pszx/mdqp_order_list.html?state=10 HTTP/1.1" 200 11453
120.253.135.82 - - [05/Aug/2021:06:13:40 +0800] "GET /xingrg/dwr/interface/AjaxQqpsService.js HTTP/1.1" 200 16326
120.253.135.82 - - [05/Aug/2021:06:13:40 +0800] "GET /xingrg/dwr/interface/AjaxReportQueryService.js HTTP/1.1" 200 13203
120.253.135.82 - - [05/Aug/2021:06:13:40 +0800] "GET /xingrg/dwr/engine.js HTTP/1.1" 200 43631
180.169.147.146 - - [05/Aug/2021:06:13:42 +0800] "GET /xingrg/all/function/internal_message.html?_=1628115219123&CODE_STATE=getMsg HTTP/1.1" 302 -
120.253.135.82 - - [05/Aug/2021:06:13:44 +0800] "GET /xingrg/kc/pszx/jzcl_ps.html HTTP/1.1" 200 7683
120.253.135.82 - - [05/Aug/2021:06:13:44 +0800] "POST /xingrg/all/common/load_tree.html?tree=area_rest_tree_json HTTP/1.1" 200 3472
180.169.147.146 - - [05/Aug/2021:06:13:44 +0800] "GET /xingrg/check_reg.html?_=1628115217303 HTTP/1.1" 200 22
120.253.135.82 - - [05/Aug/2021:06:13:44 +0800] "POST /xingrg/kc/pszx/jzcl_ps_operate.html HTTP/1.1" 200 1352
120.253.135.82 - - [05/Aug/2021:06:13:44 +0800] "POST /xingrg/kc/pszx/jzcl_ps_operate.html HTTP/1.1" 200 1352
180.156.224.123 - - [05/Aug/2021:06:13:51 +0800] "GET /xingrg/all/function/internal_message.html?_=1628115226260&CODE_STATE=getMsg HTTP/1.1" 200 27
180.156.224.123 - - [05/Aug/2021:06:13:51 +0800] "GET /xingrg/check_reg.html?_=1628115226269 HTTP/1.1" 200 22
222.70.246.151 - - [05/Aug/2021:06:13:55 +0800] "GET /xingrg/all/function/internal_message.html?_=1628115244553&CODE_STATE=getMsg HTTP/1.1" 200 27
114.88.154.248 - - [05/Aug/2021:06:13:58 +0800] "GET /xingrg/check_reg.html?_=1628115140510 HTTP/1.1" 200 22
114.88.154.248 - - [05/Aug/2021:06:13:58 +0800] "GET /xingrg/all/function/internal_message.html?_=1628115140511&CODE_STATE=getMsg HTTP/1.1" 200 27
180.156.224.123 - - [05/Aug/2021:06:13:59 +0800] "GET /xingrg/all/function/internal_message.html?_=1628115191203&CODE_STATE=getMsg HTTP/1.1" 200 27
120.253.135.82 - - [05/Aug/2021:06:14:03 +0800] "POST /xingrg/kc/pszx/jzcl_ps_operate.html HTTP/1.1" 200 4
120.253.135.82 - - [05/Aug/2021:06:14:03 +0800] "GET /xingrg/javascript/step/images/navBtn.gif HTTP/1.1" 200 361
120.253.135.82 - - [05/Aug/2021:06:14:04 +0800] "GET /xingrg/kc/pszx/mdps_order_list.html HTTP/1.1" 200 21048
120.253.135.82 - - [05/Aug/2021:06:14:04 +0800] "POST /xingrg/kc/pszx/jzcl_ps_operate.html HTTP/1.1" 200 448
120.253.135.82 - - [05/Aug/2021:06:14:05 +0800] "POST /xingrg/kc/pszx/mdps_list_operate.html HTTP/1.1" 200 5233
120.253.135.82 - - [05/Aug/2021:06:14:09 +0800] "POST /xingrg/kc/pszx/mdps_list_operate.html HTTP/1.1" 200 2411
120.253.135.82 - - [05/Aug/2021:06:14:11 +0800] "POST /xingrg/kc/pszx/mdps_list_operate.html HTTP/1.1" 200 657
120.253.135.82 - - [05/Aug/2021:06:14:13 +0800] "POST /xingrg/kc/pszx/mdps_list_operate.html HTTP/1.1" 200 213
120.253.135.82 - - [05/Aug/2021:06:14:14 +0800] "GET /xingrg/all/function/internal_message.html?_=1628115287035&CODE_STATE=getMsg HTTP/1.1" 200 27
180.169.147.146 - - [05/Aug/2021:06:14:14 +0800] "GET /xingrg/check_reg.html?_=1628115251205 HTTP/1.1" 302 -
116.237.74.182 - - [05/Aug/2021:06:14:15 +0800] "GET /xingrg/all/function/internal_message.html?_=1628115248897&CODE_STATE=getMsg HTTP/1.1" 200 27
120.253.135.82 - - [05/Aug/2021:06:14:15 +0800] "GET /xingrg/kc/pszx/mdps_order_info.html?code=312021080500118 HTTP/1.1" 200 23925
120.253.135.82 - - [05/Aug/2021:06:14:16 +0800] "GET /xingrg/javascript/easyui/themes/default/validatebox.css HTTP/1.1" 404 1104
120.253.135.82 - - [05/Aug/2021:06:14:16 +0800] "POST /xingrg/kc/pszx/mdps_order_operate.html HTTP/1.1" 200 25391
120.253.135.82 - - [05/Aug/2021:06:14:22 +0800] "GET /xingrg/kc/pszx/mdps_order_info.html?code=312021080500118 HTTP/1.1" 200 23925
180.169.147.146 - - [05/Aug/2021:06:14:22 +0800] "GET /xingrg/all/function/internal_message.html?_=1628115255313&CODE_STATE=getMsg HTTP/1.1" 200 27
120.253.135.82 - - [05/Aug/2021:06:14:23 +0800] "GET /xingrg/javascript/easyui/themes/default/validatebox.css HTTP/1.1" 404 1104
120.253.135.82 - - [05/Aug/2021:06:14:23 +0800] "POST /xingrg/kc/pszx/mdps_order_operate.html HTTP/1.1" 200 25391
120.253.135.82 - - [05/Aug/2021:06:14:25 +0800] "POST /xingrg/kc/pszx/mdps_order_operate.html HTTP/1.1" 200 37
120.253.135.82 - - [05/Aug/2021:06:14:26 +0800] "GET /xingrg/kc/pszx/mdps_order_info.html?code=312021080500118 HTTP/1.1" 200 23925
222.70.246.151 - - [05/Aug/2021:06:14:27 +0800] "GET /xingrg/all/function/internal_message.html?_=1628115274806&CODE_STATE=getMsg HTTP/1.1" 302 -
120.253.135.82 - - [05/Aug/2021:06:14:27 +0800] "GET /xingrg/javascript/easyui/themes/default/validatebox.css HTTP/1.1" 404 1104
120.253.135.82 - - [05/Aug/2021:06:14:27 +0800] "POST /xingrg/kc/pszx/mdps_order_operate.html HTTP/1.1" 200 25756
120.253.135.82 - - [05/Aug/2021:06:14:37 +0800] "GET /xingrg/all/function/internal_message.html?_=1628115052136&CODE_STATE=getMsg HTTP/1.1" 200 27
180.169.147.146 - - [05/Aug/2021:06:14:42 +0800] "GET /xingrg/all/function/internal_message.html?_=1628115279132&CODE_STATE=getMsg HTTP/1.1" 302 -
120.253.135.82 - - [05/Aug/2021:06:14:50 +0800] "GET /xingrg/kc/pszx/mdps_order_operate.html?command=get_materiel&pszx_code=00101&rest_code=00111&base_code=0010246&code=00101020335 HTTP/1.1" 200 429
180.156.224.123 - - [05/Aug/2021:06:14:51 +0800] "GET /xingrg/all/function/internal_message.html?_=1628115286268&CODE_STATE=getMsg HTTP/1.1" 200 27
222.70.246.151 - - [05/Aug/2021:06:14:55 +0800] "GET /xingrg/all/function/internal_message.html?_=1628115304568&CODE_STATE=getMsg HTTP/1.1" 200 27
114.88.154.248 - - [05/Aug/2021:06:14:58 +0800] "GET /xingrg/all/function/internal_message.html?_=1628115200509&CODE_STATE=getMsg HTTP/1.1" 200 27
180.156.224.123 - - [05/Aug/2021:06:14:59 +0800] "GET /xingrg/all/function/internal_message.html?_=1628115251226&CODE_STATE=getMsg HTTP/1.1" 200 27
120.253.135.82 - - [05/Aug/2021:06:15:07 +0800] "POST /xingrg/kc/pszx/mdps_order_operate.html HTTP/1.1" 200 37
120.253.135.82 - - [05/Aug/2021:06:15:08 +0800] "GET /xingrg/kc/pszx/mdps_order_info.html?code=312021080500118 HTTP/1.1" 200 23925
120.253.135.82 - - [05/Aug/2021:06:15:09 +0800] "GET /xingrg/javascript/easyui/themes/default/validatebox.css HTTP/1.1" 404 1104
120.253.135.82 - - [05/Aug/2021:06:15:09 +0800] "POST /xingrg/kc/pszx/mdps_order_operate.html HTTP/1.1" 200 25750
120.253.135.82 - - [05/Aug/2021:06:15:14 +0800] "GET /xingrg/all/function/internal_message.html?_=1628115347057&CODE_STATE=getMsg HTTP/1.1" 200 27
116.237.74.182 - - [05/Aug/2021:06:15:15 +0800] "GET /xingrg/all/function/internal_message.html?_=1628115308897&CODE_STATE=getMsg HTTP/1.1" 200 27
180.169.147.146 - - [05/Aug/2021:06:15:22 +0800] "GET /xingrg/all/function/internal_message.html?_=1628115315285&CODE_STATE=getMsg HTTP/1.1" 200 27
222.70.246.151 - - [05/Aug/2021:06:15:27 +0800] "GET /xingrg/all/function/internal_message.html?_=1628115334813&CODE_STATE=getMsg HTTP/1.1" 302 -
120.253.135.82 - - [05/Aug/2021:06:15:36 +0800] "GET /xingrg/check_reg.html?_=1628115111321 HTTP/1.1" 200 22
120.253.135.82 - - [05/Aug/2021:06:15:37 +0800] "GET /xingrg/all/function/internal_message.html?_=1628115112148&CODE_STATE=getMsg HTTP/1.1" 200 27
180.169.147.146 - - [05/Aug/2021:06:15:42 +0800] "GET /xingrg/all/function/internal_message.html?_=1628115339154&CODE_STATE=getMsg HTTP/1.1" 302 -
180.156.224.123 - - [05/Aug/2021:06:15:51 +0800] "GET /xingrg/all/function/internal_message.html?_=1628115346268&CODE_STATE=getMsg HTTP/1.1" 200 27
222.70.246.151 - - [05/Aug/2021:06:15:55 +0800] "GET /xingrg/all/function/internal_message.html?_=1628115364762&CODE_STATE=getMsg HTTP/1.1" 200 27
114.88.154.248 - - [05/Aug/2021:06:15:58 +0800] "GET /xingrg/all/function/internal_message.html?_=1628115260508&CODE_STATE=getMsg HTTP/1.1" 200 27
180.156.224.123 - - [05/Aug/2021:06:15:59 +0800] "GET /xingrg/all/function/internal_message.html?_=1628115311231&CODE_STATE=getMsg HTTP/1.1" 200 27
120.253.135.82 - - [05/Aug/2021:06:16:14 +0800] "GET /xingrg/all/function/internal_message.html?_=1628115407063&CODE_STATE=getMsg HTTP/1.1" 200 27
116.237.74.182 - - [05/Aug/2021:06:16:15 +0800] "GET /xingrg/all/function/internal_message.html?_=1628115368896&CODE_STATE=getMsg HTTP/1.1" 200 27
222.70.246.151 - - [05/Aug/2021:06:16:17 +0800] "GET /xingrg/check_reg.html?_=1628115385393 HTTP/1.1" 302 -
180.169.147.146 - - [05/Aug/2021:06:16:22 +0800] "GET /xingrg/all/function/internal_message.html?_=1628115375253&CODE_STATE=getMsg HTTP/1.1" 200 27
222.70.246.151 - - [05/Aug/2021:06:16:27 +0800] "GET /xingrg/all/function/internal_message.html?_=1628115394827&CODE_STATE=getMsg HTTP/1.1" 302 -
120.253.135.82 - - [05/Aug/2021:06:16:37 +0800] "GET /xingrg/all/function/internal_message.html?_=1628115172163&CODE_STATE=getMsg HTTP/1.1" 200 27
180.169.147.146 - - [05/Aug/2021:06:16:42 +0800] "GET /xingrg/all/function/internal_message.html?_=1628115399159&CODE_STATE=getMsg HTTP/1.1" 302 -
180.156.224.123 - - [05/Aug/2021:06:16:51 +0800] "GET /xingrg/all/function/internal_message.html?_=1628115406268&CODE_STATE=getMsg HTTP/1.1" 200 27
222.70.246.151 - - [05/Aug/2021:06:16:55 +0800] "GET /xingrg/all/function/internal_message.html?_=1628115424765&CODE_STATE=getMsg HTTP/1.1" 200 27
114.88.154.248 - - [05/Aug/2021:06:16:58 +0800] "GET /xingrg/all/function/internal_message.html?_=1628115320508&CODE_STATE=getMsg HTTP/1.1" 200 27
180.156.224.123 - - [05/Aug/2021:06:16:59 +0800] "GET /xingrg/all/function/internal_message.html?_=1628115371252&CODE_STATE=getMsg HTTP/1.1" 200 27
120.253.135.82 - - [05/Aug/2021:06:17:14 +0800] "GET /xingrg/all/function/internal_message.html?_=1628115467084&CODE_STATE=getMsg HTTP/1.1" 200 27
116.237.74.182 - - [05/Aug/2021:06:17:15 +0800] "GET /xingrg/all/function/internal_message.html?_=1628115428895&CODE_STATE=getMsg HTTP/1.1" 200 27
180.169.147.146 - - [05/Aug/2021:06:17:22 +0800] "GET /xingrg/all/function/internal_message.html?_=1628115435226&CODE_STATE=getMsg HTTP/1.1" 200 27
222.70.246.151 - - [05/Aug/2021:06:17:27 +0800] "GET /xingrg/all/function/internal_message.html?_=1628115454846&CODE_STATE=getMsg HTTP/1.1" 302 -
180.169.147.146 - - [05/Aug/2021:06:17:32 +0800] "GET /xingrg/check_reg.html?_=1628115448580 HTTP/1.1" 302 -
120.253.135.82 - - [05/Aug/2021:06:17:37 +0800] "GET /xingrg/all/function/internal_message.html?_=1628115232262&CODE_STATE=getMsg HTTP/1.1" 200 27
180.169.147.146 - - [05/Aug/2021:06:17:42 +0800] "GET /xingrg/all/function/internal_message.html?_=1628115459177&CODE_STATE=getMsg HTTP/1.1" 302 -
180.156.224.123 - - [05/Aug/2021:06:17:51 +0800] "GET /xingrg/all/function/internal_message.html?_=1628115466267&CODE_STATE=getMsg HTTP/1.1" 200 27
180.156.224.123 - - [05/Aug/2021:06:17:51 +0800] "GET /xingrg/check_reg.html?_=1628115423461 HTTP/1.1" 200 22
222.70.246.151 - - [05/Aug/2021:06:17:55 +0800] "GET /xingrg/all/function/internal_message.html?_=1628115484985&CODE_STATE=getMsg HTTP/1.1" 200 27
114.88.154.248 - - [05/Aug/2021:06:17:58 +0800] "GET /xingrg/all/function/internal_message.html?_=1628115380506&CODE_STATE=getMsg HTTP/1.1" 200 27
180.156.224.123 - - [05/Aug/2021:06:17:59 +0800] "GET /xingrg/all/function/internal_message.html?_=1628115431258&CODE_STATE=getMsg HTTP/1.1" 200 27
222.70.246.151 - - [05/Aug/2021:06:17:59 +0800] "GET /xingrg/check_reg.html?_=1628115489428 HTTP/1.1" 200 22
120.253.135.82 - - [05/Aug/2021:06:18:02 +0800] "GET /xingrg/check_reg.html?_=1628115515095 HTTP/1.1" 200 22
120.253.135.82 - - [05/Aug/2021:06:18:14 +0800] "GET /xingrg/all/function/internal_message.html?_=1628115527090&CODE_STATE=getMsg HTTP/1.1" 200 27
116.237.74.182 - - [05/Aug/2021:06:18:15 +0800] "GET /xingrg/all/function/internal_message.html?_=1628115488899&CODE_STATE=getMsg HTTP/1.1" 200 27
116.237.74.182 - - [05/Aug/2021:06:18:15 +0800] "GET /xingrg/check_reg.html?_=1628115488896 HTTP/1.1" 200 22
180.169.147.146 - - [05/Aug/2021:06:18:22 +0800] "GET /xingrg/all/function/internal_message.html?_=1628115495208&CODE_STATE=getMsg HTTP/1.1" 200 27
222.70.246.151 - - [05/Aug/2021:06:18:27 +0800] "GET /xingrg/all/function/internal_message.html?_=1628115514854&CODE_STATE=getMsg HTTP/1.1" 302 -
120.253.135.82 - - [05/Aug/2021:06:18:37 +0800] "GET /xingrg/all/function/internal_message.html?_=1628115292268&CODE_STATE=getMsg HTTP/1.1" 200 27
120.253.135.82 - - [05/Aug/2021:06:18:40 +0800] "POST /xingrg/kc/pszx/mdps_order_operate.html HTTP/1.1" 200 37
120.253.135.82 - - [05/Aug/2021:06:18:41 +0800] "GET /xingrg/kc/pszx/mdps_order_info.html?code=312021080500118 HTTP/1.1" 200 23925
120.253.135.82 - - [05/Aug/2021:06:18:42 +0800] "GET /xingrg/javascript/easyui/themes/default/validatebox.css HTTP/1.1" 404 1104
120.253.135.82 - - [05/Aug/2021:06:18:42 +0800] "POST /xingrg/kc/pszx/mdps_order_operate.html HTTP/1.1" 200 25750
180.169.147.146 - - [05/Aug/2021:06:18:42 +0800] "GET /xingrg/all/function/internal_message.html?_=1628115519185&CODE_STATE=getMsg HTTP/1.1" 302 -
180.169.147.146 - - [05/Aug/2021:06:18:44 +0800] "GET /xingrg/check_reg.html?_=1628115517281 HTTP/1.1" 200 22
180.156.224.123 - - [05/Aug/2021:06:18:51 +0800] "GET /xingrg/all/function/internal_message.html?_=1628115526266&CODE_STATE=getMsg HTTP/1.1" 200 27
180.156.224.123 - - [05/Aug/2021:06:18:51 +0800] "GET /xingrg/check_reg.html?_=1628115526268 HTTP/1.1" 200 22
222.70.246.151 - - [05/Aug/2021:06:18:55 +0800] "GET /xingrg/all/function/internal_message.html?_=1628115544996&CODE_STATE=getMsg HTTP/1.1" 200 27
114.88.154.248 - - [05/Aug/2021:06:18:58 +0800] "GET /xingrg/all/function/internal_message.html?_=1628115440505&CODE_STATE=getMsg HTTP/1.1" 200 27
114.88.154.248 - - [05/Aug/2021:06:18:58 +0800] "GET /xingrg/check_reg.html?_=1628115440506 HTTP/1.1" 200 22
180.156.224.123 - - [05/Aug/2021:06:18:59 +0800] "GET /xingrg/all/function/internal_message.html?_=1628115491271&CODE_STATE=getMsg HTTP/1.1" 200 27
120.253.135.82 - - [05/Aug/2021:06:19:14 +0800] "GET /xingrg/all/function/internal_message.html?_=1628115587103&CODE_STATE=getMsg HTTP/1.1" 200 27
180.169.147.146 - - [05/Aug/2021:06:19:14 +0800] "GET /xingrg/check_reg.html?_=1628115551218 HTTP/1.1" 302 -
116.237.74.182 - - [05/Aug/2021:06:19:15 +0800] "GET /xingrg/all/function/internal_message.html?_=1628115548898&CODE_STATE=getMsg HTTP/1.1" 200 27
180.169.147.146 - - [05/Aug/2021:06:19:22 +0800] "GET /xingrg/all/function/internal_message.html?_=1628115555190&CODE_STATE=getMsg HTTP/1.1" 200 27
222.70.246.151 - - [05/Aug/2021:06:19:27 +0800] "GET /xingrg/all/function/internal_message.html?_=1628115574876&CODE_STATE=getMsg HTTP/1.1" 302 -
120.253.135.82 - - [05/Aug/2021:06:19:37 +0800] "GET /xingrg/all/function/internal_message.html?_=1628115352379&CODE_STATE=getMsg HTTP/1.1" 200 27
180.169.147.146 - - [05/Aug/2021:06:19:42 +0800] "GET /xingrg/all/function/internal_message.html?_=1628115579208&CODE_STATE=getMsg HTTP/1.1" 302 -
180.156.224.123 - - [05/Aug/2021:06:19:51 +0800] "GET /xingrg/all/function/internal_message.html?_=1628115586270&CODE_STATE=getMsg HTTP/1.1" 200 27
222.70.246.151 - - [05/Aug/2021:06:19:55 +0800] "GET /xingrg/all/function/internal_message.html?_=1628115605009&CODE_STATE=getMsg HTTP/1.1" 200 27
114.88.154.248 - - [05/Aug/2021:06:19:58 +0800] "GET /xingrg/all/function/internal_message.html?_=1628115500506&CODE_STATE=getMsg HTTP/1.1" 200 27
180.156.224.123 - - [05/Aug/2021:06:19:59 +0800] "GET /xingrg/all/function/internal_message.html?_=1628115551293&CODE_STATE=getMsg HTTP/1.1" 200 27
120.253.135.82 - - [05/Aug/2021:06:20:14 +0800] "GET /xingrg/all/function/internal_message.html?_=1628115647126&CODE_STATE=getMsg HTTP/1.1" 200 27
116.237.74.182 - - [05/Aug/2021:06:20:15 +0800] "GET /xingrg/all/function/internal_message.html?_=1628115608898&CODE_STATE=getMsg HTTP/1.1" 200 27
180.169.147.146 - - [05/Aug/2021:06:20:22 +0800] "GET /xingrg/all/function/internal_message.html?_=1628115615183&CODE_STATE=getMsg HTTP/1.1" 200 27
222.70.246.151 - - [05/Aug/2021:06:20:27 +0800] "GET /xingrg/all/function/internal_message.html?_=1628115634881&CODE_STATE=getMsg HTTP/1.1" 302 -
120.253.135.82 - - [05/Aug/2021:06:20:36 +0800] "GET /xingrg/check_reg.html?_=1628115411440 HTTP/1.1" 200 22
120.253.135.82 - - [05/Aug/2021:06:20:37 +0800] "GET /xingrg/all/function/internal_message.html?_=1628115412388&CODE_STATE=getMsg HTTP/1.1" 200 27
180.169.147.146 - - [05/Aug/2021:06:20:42 +0800] "GET /xingrg/all/function/internal_message.html?_=1628115639215&CODE_STATE=getMsg HTTP/1.1" 302 -
180.156.224.123 - - [05/Aug/2021:06:20:51 +0800] "GET /xingrg/all/function/internal_message.html?_=1628115646269&CODE_STATE=getMsg HTTP/1.1" 200 27
222.70.246.151 - - [05/Aug/2021:06:20:55 +0800] "GET /xingrg/all/function/internal_message.html?_=1628115665202&CODE_STATE=getMsg HTTP/1.1" 200 27
114.88.154.248 - - [05/Aug/2021:06:20:58 +0800] "GET /xingrg/all/function/internal_message.html?_=1628115560504&CODE_STATE=getMsg HTTP/1.1" 200 27
180.156.224.123 - - [05/Aug/2021:06:20:59 +0800] "GET /xingrg/all/function/internal_message.html?_=1628115611298&CODE_STATE=getMsg HTTP/1.1" 200 27
120.253.135.82 - - [05/Aug/2021:06:21:12 +0800] "POST /xingrg/kc/pszx/mdps_order_operate.html HTTP/1.1" 200 37
120.253.135.82 - - [05/Aug/2021:06:21:13 +0800] "GET /xingrg/kc/pszx/mdps_order_info.html?code=312021080500118 HTTP/1.1" 200 23925
120.253.135.82 - - [05/Aug/2021:06:21:14 +0800] "GET /xingrg/javascript/easyui/themes/default/validatebox.css HTTP/1.1" 404 1104
120.253.135.82 - - [05/Aug/2021:06:21:14 +0800] "GET /xingrg/all/function/internal_message.html?_=1628115707131&CODE_STATE=getMsg HTTP/1.1" 200 27
120.253.135.82 - - [05/Aug/2021:06:21:14 +0800] "POST /xingrg/kc/pszx/mdps_order_operate.html HTTP/1.1" 200 25750
116.237.74.182 - - [05/Aug/2021:06:21:15 +0800] "GET /xingrg/all/function/internal_message.html?_=1628115668898&CODE_STATE=getMsg HTTP/1.1" 200 27
222.70.246.151 - - [05/Aug/2021:06:21:17 +0800] "GET /xingrg/check_reg.html?_=1628115685394 HTTP/1.1" 302 -
120.253.135.82 - - [05/Aug/2021:06:21:20 +0800] "POST /xingrg/kc/pszx/mdps_list_operate.html HTTP/1.1" 200 2411
180.169.147.146 - - [05/Aug/2021:06:21:22 +0800] "GET /xingrg/all/function/internal_message.html?_=1628115675165&CODE_STATE=getMsg HTTP/1.1" 200 27
120.253.135.82 - - [05/Aug/2021:06:21:23 +0800] "POST /xingrg/kc/pszx/mdps_list_operate.html HTTP/1.1" 200 213
120.253.135.82 - - [05/Aug/2021:06:21:26 +0800] "GET /xingrg/kc/pszx/mdps_order_add.html HTTP/1.1" 200 29070
120.253.135.82 - - [05/Aug/2021:06:21:26 +0800] "POST /xingrg/kc/pszx/mdps_order_operate.html HTTP/1.1" 200 7126
120.253.135.82 - - [05/Aug/2021:06:21:26 +0800] "GET /xingrg/javascript/easyui/themes/default/validatebox.css HTTP/1.1" 404 1104
222.70.246.151 - - [05/Aug/2021:06:21:27 +0800] "GET /xingrg/all/function/internal_message.html?_=1628115694895&CODE_STATE=getMsg HTTP/1.1" 302 -
120.253.135.82 - - [05/Aug/2021:06:21:35 +0800] "POST /xingrg/all/common/load_combo.html?type=base HTTP/1.1" 200 1075
120.253.135.82 - - [05/Aug/2021:06:21:37 +0800] "GET /xingrg/all/function/internal_message.html?_=1628115472440&CODE_STATE=getMsg HTTP/1.1" 200 27
180.169.147.146 - - [05/Aug/2021:06:21:42 +0800] "GET /xingrg/all/function/internal_message.html?_=1628115699234&CODE_STATE=getMsg HTTP/1.1" 302 -
120.253.135.82 - - [05/Aug/2021:06:21:44 +0800] "GET /xingrg/kc/pszx/mdps_order_operate.html?command=get_materiel&pszx_code=00101&rest_code=00111&base_code=0010252&code=00101014114 HTTP/1.1" 200 433
120.253.135.82 - - [05/Aug/2021:06:21:50 +0800] "POST /xingrg/kc/pszx/mdps_order_operate.html HTTP/1.1" 200 37
120.253.135.82 - - [05/Aug/2021:06:21:51 +0800] "GET /xingrg/kc/pszx/mdps_order_info.html?code=312021080500120 HTTP/1.1" 200 23925
180.156.224.123 - - [05/Aug/2021:06:21:51 +0800] "GET /xingrg/all/function/internal_message.html?_=1628115706271&CODE_STATE=getMsg HTTP/1.1" 200 27
120.253.135.82 - - [05/Aug/2021:06:21:51 +0800] "GET /xingrg/javascript/easyui/themes/default/validatebox.css HTTP/1.1" 404 1104
120.253.135.82 - - [05/Aug/2021:06:21:52 +0800] "POST /xingrg/kc/pszx/mdps_order_operate.html HTTP/1.1" 200 2289
222.70.246.151 - - [05/Aug/2021:06:21:55 +0800] "GET /xingrg/all/function/internal_message.html?_=1628115725209&CODE_STATE=getMsg HTTP/1.1" 200 27
114.88.154.248 - - [05/Aug/2021:06:21:58 +0800] "GET /xingrg/all/function/internal_message.html?_=1628115620502&CODE_STATE=getMsg HTTP/1.1" 200 27
180.156.224.123 - - [05/Aug/2021:06:21:59 +0800] "GET /xingrg/all/function/internal_message.html?_=1628115671320&CODE_STATE=getMsg HTTP/1.1" 200 27
120.253.135.82 - - [05/Aug/2021:06:22:14 +0800] "GET /xingrg/all/function/internal_message.html?_=1628115767150&CODE_STATE=getMsg HTTP/1.1" 200 27
116.237.74.182 - - [05/Aug/2021:06:22:15 +0800] "GET /xingrg/all/function/internal_message.html?_=1628115728897&CODE_STATE=getMsg HTTP/1.1" 200 27
180.169.147.146 - - [05/Aug/2021:06:22:22 +0800] "GET /xingrg/all/function/internal_message.html?_=1628115735142&CODE_STATE=getMsg HTTP/1.1" 200 27
222.70.246.151 - - [05/Aug/2021:06:22:27 +0800] "GET /xingrg/all/function/internal_message.html?_=1628115754914&CODE_STATE=getMsg HTTP/1.1" 302 -
180.169.147.146 - - [05/Aug/2021:06:22:32 +0800] "GET /xingrg/check_reg.html?_=1628115748585 HTTP/1.1" 302 -
120.253.135.82 - - [05/Aug/2021:06:22:37 +0800] "GET /xingrg/all/function/internal_message.html?_=1628115532446&CODE_STATE=getMsg HTTP/1.1" 200 27
180.169.147.146 - - [05/Aug/2021:06:22:42 +0800] "GET /xingrg/all/function/internal_message.html?_=1628115759239&CODE_STATE=getMsg HTTP/1.1" 302 -
180.156.224.123 - - [05/Aug/2021:06:22:51 +0800] "GET /xingrg/all/function/internal_message.html?_=1628115766270&CODE_STATE=getMsg HTTP/1.1" 200 27
180.156.224.123 - - [05/Aug/2021:06:22:51 +0800] "GET /xingrg/check_reg.html?_=1628115723465 HTTP/1.1" 200 22
222.70.246.151 - - [05/Aug/2021:06:22:55 +0800] "GET /xingrg/all/function/internal_message.html?_=1628115785392&CODE_STATE=getMsg HTTP/1.1" 200 27
114.88.154.248 - - [05/Aug/2021:06:22:58 +0800] "GET /xingrg/all/function/internal_message.html?_=1628115680530&CODE_STATE=getMsg HTTP/1.1" 200 27
180.156.224.123 - - [05/Aug/2021:06:22:59 +0800] "GET /xingrg/all/function/internal_message.html?_=1628115731326&CODE_STATE=getMsg HTTP/1.1" 200 27
222.70.246.151 - - [05/Aug/2021:06:22:59 +0800] "GET /xingrg/check_reg.html?_=1628115789433 HTTP/1.1" 200 22
120.253.135.82 - - [05/Aug/2021:06:23:02 +0800] "GET /xingrg/check_reg.html?_=1628115815098 HTTP/1.1" 200 22
120.253.135.82 - - [05/Aug/2021:06:23:09 +0800] "POST /xingrg/kc/pszx/mdps_order_operate.html HTTP/1.1" 200 37
120.253.135.82 - - [05/Aug/2021:06:23:10 +0800] "GET /xingrg/kc/pszx/mdps_order_info.html?code=312021080500120 HTTP/1.1" 200 23925
120.253.135.82 - - [05/Aug/2021:06:23:11 +0800] "GET /xingrg/javascript/easyui/themes/default/validatebox.css HTTP/1.1" 404 1104
120.253.135.82 - - [05/Aug/2021:06:23:11 +0800] "POST /xingrg/kc/pszx/mdps_order_operate.html HTTP/1.1" 200 2289
120.253.135.82 - - [05/Aug/2021:06:23:12 +0800] "POST /xingrg/kc/pszx/mdps_list_operate.html HTTP/1.1" 200 2774
120.253.135.82 - - [05/Aug/2021:06:23:14 +0800] "GET /xingrg/all/function/internal_message.html?_=1628115827158&CODE_STATE=getMsg HTTP/1.1" 200 27
116.237.74.182 - - [05/Aug/2021:06:23:15 +0800] "GET /xingrg/check_reg.html?_=1628115788897 HTTP/1.1" 200 22
116.237.74.182 - - [05/Aug/2021:06:23:15 +0800] "GET /xingrg/all/function/internal_message.html?_=1628115788899&CODE_STATE=getMsg HTTP/1.1" 200 27
120.253.135.82 - - [05/Aug/2021:06:23:15 +0800] "POST /xingrg/kc/pszx/mdps_list_operate.html HTTP/1.1" 200 614
120.253.135.82 - - [05/Aug/2021:06:23:16 +0800] "GET /xingrg/kc/pszx/mdps_order_info.html?code=312021080500119 HTTP/1.1" 200 23925
120.253.135.82 - - [05/Aug/2021:06:23:16 +0800] "GET /xingrg/javascript/easyui/themes/default/validatebox.css HTTP/1.1" 404 1104
120.253.135.82 - - [05/Aug/2021:06:23:16 +0800] "POST /xingrg/kc/pszx/mdps_order_operate.html HTTP/1.1" 200 9212
120.253.135.82 - - [05/Aug/2021:06:23:19 +0800] "POST /xingrg/kc/pszx/mdps_order_operate.html HTTP/1.1" 200 37
120.253.135.82 - - [05/Aug/2021:06:23:20 +0800] "GET /xingrg/kc/pszx/mdps_order_info.html?code=312021080500119 HTTP/1.1" 200 23925
120.253.135.82 - - [05/Aug/2021:06:23:21 +0800] "GET /xingrg/javascript/easyui/themes/default/validatebox.css HTTP/1.1" 404 1104
120.253.135.82 - - [05/Aug/2021:06:23:21 +0800] "POST /xingrg/kc/pszx/mdps_order_operate.html HTTP/1.1" 200 9317
180.169.147.146 - - [05/Aug/2021:06:23:22 +0800] "GET /xingrg/all/function/internal_message.html?_=1628115795109&CODE_STATE=getMsg HTTP/1.1" 200 27
120.253.135.82 - - [05/Aug/2021:06:23:23 +0800] "POST /xingrg/all/common/load_combo.html?type=base HTTP/1.1" 200 1075
222.70.246.151 - - [05/Aug/2021:06:23:27 +0800] "GET /xingrg/all/function/internal_message.html?_=1628115814922&CODE_STATE=getMsg HTTP/1.1" 302 -
120.253.135.82 - - [05/Aug/2021:06:23:27 +0800] "POST /xingrg/kc/pszx/mdps_order_operate.html HTTP/1.1" 200 37
120.253.135.82 - - [05/Aug/2021:06:23:28 +0800] "GET /xingrg/kc/pszx/mdps_order_info.html?code=312021080500119 HTTP/1.1" 200 23925
120.253.135.82 - - [05/Aug/2021:06:23:28 +0800] "GET /xingrg/javascript/easyui/themes/default/validatebox.css HTTP/1.1" 404 1104
120.253.135.82 - - [05/Aug/2021:06:23:29 +0800] "POST /xingrg/kc/pszx/mdps_order_operate.html HTTP/1.1" 200 9335
120.253.135.82 - - [05/Aug/2021:06:23:37 +0800] "GET /xingrg/all/function/internal_message.html?_=1628115592460&CODE_STATE=getMsg HTTP/1.1" 200 27
180.169.147.146 - - [05/Aug/2021:06:23:43 +0800] "GET /xingrg/all/function/internal_message.html?_=1628115819266&CODE_STATE=getMsg HTTP/1.1" 302 -
180.169.147.146 - - [05/Aug/2021:06:23:44 +0800] "GET /xingrg/check_reg.html?_=1628115817279 HTTP/1.1" 200 22
180.156.224.123 - - [05/Aug/2021:06:23:51 +0800] "GET /xingrg/all/function/internal_message.html?_=1628115826286&CODE_STATE=getMsg HTTP/1.1" 200 27
180.156.224.123 - - [05/Aug/2021:06:23:51 +0800] "GET /xingrg/check_reg.html?_=1628115826288 HTTP/1.1" 200 22
222.70.246.151 - - [05/Aug/2021:06:23:55 +0800] "GET /xingrg/all/function/internal_message.html?_=1628115845407&CODE_STATE=getMsg HTTP/1.1" 200 27
114.88.154.248 - - [05/Aug/2021:06:23:58 +0800] "GET /xingrg/all/function/internal_message.html?_=1628115740528&CODE_STATE=getMsg HTTP/1.1" 200 27
114.88.154.248 - - [05/Aug/2021:06:23:58 +0800] "GET /xingrg/check_reg.html?_=1628115740530 HTTP/1.1" 200 22
180.156.224.123 - - [05/Aug/2021:06:23:59 +0800] "GET /xingrg/all/function/internal_message.html?_=1628115791339&CODE_STATE=getMsg HTTP/1.1" 200 27
120.253.135.82 - - [05/Aug/2021:06:24:14 +0800] "POST /xingrg/kc/pszx/mdps_list_operate.html HTTP/1.1" 200 2774
120.253.135.82 - - [05/Aug/2021:06:24:14 +0800] "GET /xingrg/all/function/internal_message.html?_=1628115887171&CODE_STATE=getMsg HTTP/1.1" 200 27
180.169.147.146 - - [05/Aug/2021:06:24:14 +0800] "GET /xingrg/check_reg.html?_=1628115851243 HTTP/1.1" 302 -
116.237.74.182 - - [05/Aug/2021:06:24:15 +0800] "GET /xingrg/all/function/internal_message.html?_=1628115848898&CODE_STATE=getMsg HTTP/1.1" 200 27
120.253.135.82 - - [05/Aug/2021:06:24:15 +0800] "POST /xingrg/kc/pszx/mdps_list_operate.html HTTP/1.1" 200 213
120.253.135.82 - - [05/Aug/2021:06:24:16 +0800] "GET /xingrg/kc/pszx/mdps_order_info.html?code=312021073100724 HTTP/1.1" 200 23925
120.253.135.82 - - [05/Aug/2021:06:24:16 +0800] "GET /xingrg/javascript/easyui/themes/default/validatebox.css HTTP/1.1" 404 1104
120.253.135.82 - - [05/Aug/2021:06:24:16 +0800] "POST /xingrg/kc/pszx/mdps_order_operate.html HTTP/1.1" 200 2285
180.169.147.146 - - [05/Aug/2021:06:24:22 +0800] "GET /xingrg/all/function/internal_message.html?_=1628115855083&CODE_STATE=getMsg HTTP/1.1" 200 27
120.253.135.82 - - [05/Aug/2021:06:24:23 +0800] "POST /xingrg/kc/pszx/mdps_order_operate.html HTTP/1.1" 200 37
120.253.135.82 - - [05/Aug/2021:06:24:24 +0800] "GET /xingrg/kc/pszx/mdps_order_info.html?code=312021073100724 HTTP/1.1" 200 23925
120.253.135.82 - - [05/Aug/2021:06:24:25 +0800] "GET /xingrg/javascript/easyui/themes/default/validatebox.css HTTP/1.1" 404 1104
