101.83.145.79 - - [05/Aug/2021:08:28:39 +0800] "GET /xingrg/kc/buy/cgsh_order_operate.html?command=get_materiel&rest_code=00105&code=00101008264&supplier_code=00100203&order_time=2021-08-05 HTTP/1.1" 200 412
180.169.147.146 - - [05/Aug/2021:08:28:44 +0800] "GET /xingrg/all/function/internal_message.html?_=1628123321077&CODE_STATE=getMsg HTTP/1.1" 302 -
180.169.147.146 - - [05/Aug/2021:08:28:44 +0800] "GET /xingrg/check_reg.html?_=1628123317179 HTTP/1.1" 200 22
120.253.135.82 - - [05/Aug/2021:08:28:45 +0800] "GET /xingrg/all/function/internal_message.html?_=1628123100180&CODE_STATE=getMsg HTTP/1.1" 200 27
180.156.224.123 - - [05/Aug/2021:08:28:52 +0800] "GET /xingrg/all/function/internal_message.html?_=1628123326438&CODE_STATE=getMsg HTTP/1.1" 200 27
180.156.224.123 - - [05/Aug/2021:08:28:52 +0800] "GET /xingrg/check_reg.html?_=1628123326440 HTTP/1.1" 200 22
101.83.145.79 - - [05/Aug/2021:08:28:55 +0800] "GET /xingrg/kc/buy/cgsh_order_operate.html?command=get_materiel&rest_code=00105&code=00101008201&supplier_code=00100203&order_time=2021-08-05 HTTP/1.1" 200 412
114.88.154.248 - - [05/Aug/2021:08:28:58 +0800] "GET /xingrg/check_reg.html?_=1628123240922 HTTP/1.1" 200 22
114.88.154.248 - - [05/Aug/2021:08:28:58 +0800] "GET /xingrg/all/function/internal_message.html?_=1628123240920&CODE_STATE=getMsg HTTP/1.1" 200 27
180.156.224.123 - - [05/Aug/2021:08:29:01 +0800] "GET /xingrg/all/function/internal_message.html?_=1628123293038&CODE_STATE=getMsg HTTP/1.1" 200 27
222.70.246.151 - - [05/Aug/2021:08:29:02 +0800] "GET /xingrg/all/function/internal_message.html?_=1628123352347&CODE_STATE=getMsg HTTP/1.1" 200 27
101.83.145.79 - - [05/Aug/2021:08:29:09 +0800] "GET /xingrg/kc/buy/cgsh_order_operate.html?command=get_materiel&rest_code=00105&code=00101008196&supplier_code=00100203&order_time=2021-08-05 HTTP/1.1" 200 416
180.169.147.146 - - [05/Aug/2021:08:29:15 +0800] "GET /xingrg/check_reg.html?_=1628123351715 HTTP/1.1" 302 -
120.253.135.82 - - [05/Aug/2021:08:29:16 +0800] "GET /xingrg/all/function/internal_message.html?_=1628123389040&CODE_STATE=getMsg HTTP/1.1" 200 27
180.169.147.146 - - [05/Aug/2021:08:29:20 +0800] "GET /xingrg/all/function/internal_message.html?_=1628123352677&CODE_STATE=getMsg HTTP/1.1" 200 27
222.70.246.151 - - [05/Aug/2021:08:29:28 +0800] "GET /xingrg/all/function/internal_message.html?_=1628123376634&CODE_STATE=getMsg HTTP/1.1" 302 -
116.235.222.38 - - [05/Aug/2021:08:29:32 +0800] "GET /xingrg/all/function/internal_message.html?_=1628123364700&CODE_STATE=getMsg HTTP/1.1" 200 27
101.83.145.79 - - [05/Aug/2021:08:29:34 +0800] "GET /xingrg/check_reg.html?_=1628123372810 HTTP/1.1" 200 22
101.83.145.79 - - [05/Aug/2021:08:29:34 +0800] "GET /xingrg/all/function/internal_message.html?_=1628123372812&CODE_STATE=getMsg HTTP/1.1" 200 27
180.169.147.146 - - [05/Aug/2021:08:29:44 +0800] "GET /xingrg/all/function/internal_message.html?_=1628123381096&CODE_STATE=getMsg HTTP/1.1" 302 -
120.253.135.82 - - [05/Aug/2021:08:29:45 +0800] "GET /xingrg/all/function/internal_message.html?_=1628123160356&CODE_STATE=getMsg HTTP/1.1" 200 27
180.156.224.123 - - [05/Aug/2021:08:29:52 +0800] "GET /xingrg/all/function/internal_message.html?_=1628123386423&CODE_STATE=getMsg HTTP/1.1" 200 27
114.88.154.248 - - [05/Aug/2021:08:29:58 +0800] "GET /xingrg/all/function/internal_message.html?_=1628123300906&CODE_STATE=getMsg HTTP/1.1" 200 27
180.156.224.123 - - [05/Aug/2021:08:30:01 +0800] "GET /xingrg/all/function/internal_message.html?_=1628123353060&CODE_STATE=getMsg HTTP/1.1" 200 27
222.70.246.151 - - [05/Aug/2021:08:30:02 +0800] "GET /xingrg/all/function/internal_message.html?_=1628123412360&CODE_STATE=getMsg HTTP/1.1" 200 27
120.253.135.82 - - [05/Aug/2021:08:30:16 +0800] "GET /xingrg/all/function/internal_message.html?_=1628123449066&CODE_STATE=getMsg HTTP/1.1" 200 27
180.169.147.146 - - [05/Aug/2021:08:30:20 +0800] "GET /xingrg/all/function/internal_message.html?_=1628123412518&CODE_STATE=getMsg HTTP/1.1" 200 27
120.253.135.82 - - [05/Aug/2021:08:30:20 +0800] "GET /xingrg/kc/pszx/mdqp_order_list.html?state=10 HTTP/1.1" 200 10217
120.253.135.82 - - [05/Aug/2021:08:30:20 +0800] "GET /xingrg/dwr/interface/AjaxQqpsService.js HTTP/1.1" 200 16326
120.253.135.82 - - [05/Aug/2021:08:30:20 +0800] "GET /xingrg/dwr/interface/AjaxReportQueryService.js HTTP/1.1" 200 13203
120.253.135.82 - - [05/Aug/2021:08:30:20 +0800] "GET /xingrg/dwr/engine.js HTTP/1.1" 200 43631
116.235.222.38 - - [05/Aug/2021:08:30:27 +0800] "GET /xingrg/kc/mdqp/qp_main.html HTTP/1.1" 200 10633
116.235.222.38 - - [05/Aug/2021:08:30:28 +0800] "GET /xingrg/images/yd/bt.gif HTTP/1.1" 404 1040
222.70.246.151 - - [05/Aug/2021:08:30:28 +0800] "GET /xingrg/all/function/internal_message.html?_=1628123436653&CODE_STATE=getMsg HTTP/1.1" 302 -
116.235.222.38 - - [05/Aug/2021:08:30:29 +0800] "GET /xingrg/kc/mdqp/pssh_order_list.html HTTP/1.1" 200 17906
116.235.222.38 - - [05/Aug/2021:08:30:30 +0800] "POST /xingrg/kc/mdqp/pssh_list_operate.html HTTP/1.1" 200 5266
116.235.222.38 - - [05/Aug/2021:08:30:32 +0800] "POST /xingrg/kc/mdqp/pssh_list_operate.html HTTP/1.1" 200 265
116.235.222.38 - - [05/Aug/2021:08:30:32 +0800] "GET /xingrg/all/function/internal_message.html?_=1628123424712&CODE_STATE=getMsg HTTP/1.1" 200 27
101.83.145.79 - - [05/Aug/2021:08:30:34 +0800] "GET /xingrg/all/function/internal_message.html?_=1628123432780&CODE_STATE=getMsg HTTP/1.1" 200 27
120.253.135.82 - - [05/Aug/2021:08:30:37 +0800] "GET /xingrg/check_reg.html?_=1628123211979 HTTP/1.1" 200 22
116.235.222.38 - - [05/Aug/2021:08:30:43 +0800] "POST /xingrg/kc/mdqp/pssh_list_operate.html HTTP/1.1" 200 822
180.169.147.146 - - [05/Aug/2021:08:30:44 +0800] "GET /xingrg/all/function/internal_message.html?_=1628123441103&CODE_STATE=getMsg HTTP/1.1" 302 -
120.253.135.82 - - [05/Aug/2021:08:30:45 +0800] "GET /xingrg/all/function/internal_message.html?_=1628123220364&CODE_STATE=getMsg HTTP/1.1" 200 27
116.235.222.38 - - [05/Aug/2021:08:30:46 +0800] "POST /xingrg/kc/mdqp/pssh_list_operate.html HTTP/1.1" 200 758
116.235.222.38 - - [05/Aug/2021:08:30:47 +0800] "POST /xingrg/kc/mdqp/pssh_list_operate.html HTTP/1.1" 200 735
116.235.222.38 - - [05/Aug/2021:08:30:50 +0800] "POST /xingrg/kc/mdqp/pssh_list_operate.html HTTP/1.1" 200 371
116.235.222.38 - - [05/Aug/2021:08:30:51 +0800] "POST /xingrg/kc/mdqp/pssh_list_operate.html HTTP/1.1" 200 760
180.156.224.123 - - [05/Aug/2021:08:30:52 +0800] "GET /xingrg/all/function/internal_message.html?_=1628123446423&CODE_STATE=getMsg HTTP/1.1" 200 27
116.235.222.38 - - [05/Aug/2021:08:30:54 +0800] "POST /xingrg/kc/mdqp/pssh_list_operate.html HTTP/1.1" 200 263
114.88.154.248 - - [05/Aug/2021:08:30:58 +0800] "GET /xingrg/all/function/internal_message.html?_=1628123360904&CODE_STATE=getMsg HTTP/1.1" 200 27
116.233.73.10 - - [05/Aug/2021:08:30:59 +0800] "GET /favicon.ico HTTP/1.1" 404 -
180.156.224.123 - - [05/Aug/2021:08:31:01 +0800] "GET /xingrg/all/function/internal_message.html?_=1628123413064&CODE_STATE=getMsg HTTP/1.1" 200 27
222.70.246.151 - - [05/Aug/2021:08:31:02 +0800] "GET /xingrg/all/function/internal_message.html?_=1628123472521&CODE_STATE=getMsg HTTP/1.1" 200 27
120.253.135.82 - - [05/Aug/2021:08:31:16 +0800] "GET /xingrg/all/function/internal_message.html?_=1628123509083&CODE_STATE=getMsg HTTP/1.1" 200 27
222.70.246.151 - - [05/Aug/2021:08:31:17 +0800] "GET /xingrg/check_reg.html?_=1628123485542 HTTP/1.1" 302 -
180.169.147.146 - - [05/Aug/2021:08:31:20 +0800] "GET /xingrg/all/function/internal_message.html?_=1628123472490&CODE_STATE=getMsg HTTP/1.1" 200 27
120.253.135.82 - - [05/Aug/2021:08:31:22 +0800] "GET /xingrg/kc/pszx/mdqp_order_list.html?state=10 HTTP/1.1" 200 10217
120.253.135.82 - - [05/Aug/2021:08:31:22 +0800] "GET /xingrg/dwr/interface/AjaxReportQueryService.js HTTP/1.1" 200 13203
120.253.135.82 - - [05/Aug/2021:08:31:22 +0800] "GET /xingrg/dwr/interface/AjaxQqpsService.js HTTP/1.1" 200 16326
120.253.135.82 - - [05/Aug/2021:08:31:22 +0800] "GET /xingrg/dwr/engine.js HTTP/1.1" 200 43631
222.70.246.151 - - [05/Aug/2021:08:31:28 +0800] "GET /xingrg/all/function/internal_message.html?_=1628123496661&CODE_STATE=getMsg HTTP/1.1" 302 -
116.235.222.38 - - [05/Aug/2021:08:31:32 +0800] "GET /xingrg/check_reg.html?_=1628123484709 HTTP/1.1" 200 22
116.235.222.38 - - [05/Aug/2021:08:31:32 +0800] "GET /xingrg/all/function/internal_message.html?_=1628123484719&CODE_STATE=getMsg HTTP/1.1" 200 27
180.174.224.95 - - [05/Aug/2021:08:31:33 +0800] "GET /favicon.ico HTTP/1.1" 404 -
116.235.222.38 - - [05/Aug/2021:08:31:34 +0800] "GET /xingrg/index.html?sysBaseUrl=http%3A%2F%2F180.169.147.146%3A18081%2Fxingrg%2F&costTime=33×tamp=1585306063269 HTTP/1.1" 302 -
116.235.222.38 - - [05/Aug/2021:08:31:34 +0800] "GET /xingrg/login.html HTTP/1.1" 200 7641
116.233.73.10 - - [05/Aug/2021:08:31:34 +0800] "GET /favicon.ico HTTP/1.1" 404 -
101.83.145.79 - - [05/Aug/2021:08:31:34 +0800] "GET /xingrg/all/function/internal_message.html?_=1628123492750&CODE_STATE=getMsg HTTP/1.1" 200 27
180.169.147.146 - - [05/Aug/2021:08:31:44 +0800] "GET /xingrg/all/function/internal_message.html?_=1628123501129&CODE_STATE=getMsg HTTP/1.1" 302 -
120.253.135.82 - - [05/Aug/2021:08:31:45 +0800] "GET /xingrg/all/function/internal_message.html?_=1628123280376&CODE_STATE=getMsg HTTP/1.1" 200 27
180.156.224.123 - - [05/Aug/2021:08:31:52 +0800] "GET /xingrg/all/function/internal_message.html?_=1628123506445&CODE_STATE=getMsg HTTP/1.1" 200 27
120.253.135.82 - - [05/Aug/2021:08:31:57 +0800] "GET /xingrg/kc/report/report_main.html HTTP/1.1" 200 9370
114.88.154.248 - - [05/Aug/2021:08:31:58 +0800] "GET /xingrg/all/function/internal_message.html?_=1628123420919&CODE_STATE=getMsg HTTP/1.1" 200 27
120.253.135.82 - - [05/Aug/2021:08:31:58 +0800] "GET /xingrg/kc/base/kc_stocks.html HTTP/1.1" 200 16437
120.253.135.82 - - [05/Aug/2021:08:31:59 +0800] "GET /xingrg/javascript/easyui/themes/default/tree.css HTTP/1.1" 404 1090
120.253.135.82 - - [05/Aug/2021:08:31:59 +0800] "POST /xingrg/all/common/load_tree.html?tree=materiel_sort_tree_json HTTP/1.1" 200 8666
116.233.73.10 - - [05/Aug/2021:08:32:01 +0800] "GET /xingrg/login.html HTTP/1.1" 200 7641
116.233.73.10 - - [05/Aug/2021:08:32:01 +0800] "GET /xingrg/images/blue/jxLogo.png HTTP/1.1" 200 6156
116.233.73.10 - - [05/Aug/2021:08:32:01 +0800] "GET /xingrg/images/blue/srbg.png HTTP/1.1" 200 138
116.233.73.10 - - [05/Aug/2021:08:32:01 +0800] "GET /xingrg/images/blue/hj.png HTTP/1.1" 200 1014
116.233.73.10 - - [05/Aug/2021:08:32:01 +0800] "GET /xingrg/images/blue/login_bg.png HTTP/1.1" 200 22101
116.233.73.10 - - [05/Aug/2021:08:32:01 +0800] "GET /favicon.ico HTTP/1.1" 404 -
180.156.224.123 - - [05/Aug/2021:08:32:01 +0800] "GET /xingrg/all/function/internal_message.html?_=1628123473086&CODE_STATE=getMsg HTTP/1.1" 200 27
222.70.246.151 - - [05/Aug/2021:08:32:02 +0800] "GET /xingrg/all/function/internal_message.html?_=1628123532527&CODE_STATE=getMsg HTTP/1.1" 200 27
116.233.73.10 - - [05/Aug/2021:08:32:06 +0800] "POST /xingrg/login.do HTTP/1.1" 200 2421
116.233.73.10 - - [05/Aug/2021:08:32:06 +0800] "GET /xingrg/css/blue.css HTTP/1.1" 200 15949
116.233.73.10 - - [05/Aug/2021:08:32:06 +0800] "GET /xingrg/images/blue/pic_top.gif HTTP/1.1" 200 3656
116.233.73.10 - - [05/Aug/2021:08:32:06 +0800] "GET /xingrg/images/blue/pic_notice.jpg HTTP/1.1" 200 3583
116.233.73.10 - - [05/Aug/2021:08:32:06 +0800] "GET /xingrg/javascript/myfunction.js HTTP/1.1" 200 24559
116.233.73.10 - - [05/Aug/2021:08:32:06 +0800] "GET /xingrg/images/blue/error_buttom.gif HTTP/1.1" 200 1750
116.233.73.10 - - [05/Aug/2021:08:32:06 +0800] "GET /xingrg/images/blue/error_mid.gif HTTP/1.1" 200 215
116.233.73.10 - - [05/Aug/2021:08:32:06 +0800] "GET /xingrg/images/blue/error_top.gif HTTP/1.1" 200 1790
116.233.73.10 - - [05/Aug/2021:08:32:14 +0800] "POST /xingrg/login.do HTTP/1.1" 302 -
116.233.73.10 - - [05/Aug/2021:08:32:14 +0800] "POST /xingrg/login.do HTTP/1.1" 302 -
116.233.73.10 - - [05/Aug/2021:08:32:15 +0800] "GET /xingrg/index.html?sysBaseUrl=http%3A%2F%2F180.169.147.146%3A18081%2Fxingrg%2F&costTime=116×tamp=1628123534898 HTTP/1.1" 200 17173
116.233.73.10 - - [05/Aug/2021:08:32:15 +0800] "GET /xingrg/css/form.css HTTP/1.1" 200 893
116.233.73.10 - - [05/Aug/2021:08:32:15 +0800] "GET /xingrg/javascript/jquery_easy_ui/themes/icon.css HTTP/1.1" 200 3949
120.253.135.82 - - [05/Aug/2021:08:32:15 +0800] "POST /xingrg/kc/base/stock_operate.html HTTP/1.1" 200 1458
116.233.73.10 - - [05/Aug/2021:08:32:15 +0800] "GET /xingrg/javascript/jquery-1.4.2.min.js HTTP/1.1" 200 72205
116.233.73.10 - - [05/Aug/2021:08:32:15 +0800] "GET /xingrg/javascript/jquery_easy_ui/easyui-lang-zh_CN.js HTTP/1.1" 200 1900
116.233.73.10 - - [05/Aug/2021:08:32:15 +0800] "GET /xingrg/javascript/jquery_easy_ui/jquery.easyui.min.js HTTP/1.1" 200 213662
116.233.73.10 - - [05/Aug/2021:08:32:15 +0800] "GET /xingrg/javascript/jquery_easy_ui/themes/default/easyui.css HTTP/1.1" 200 26500
116.233.73.10 - - [05/Aug/2021:08:32:15 +0800] "GET /xingrg/javascript/jquery.timers.js HTTP/1.1" 200 3532
116.233.73.10 - - [05/Aug/2021:08:32:15 +0800] "GET /xingrg/javascript/jquery.utils.js HTTP/1.1" 200 11805
116.233.73.10 - - [05/Aug/2021:08:32:15 +0800] "GET /xingrg/javascript/jquery.form.js HTTP/1.1" 200 23110
116.233.73.10 - - [05/Aug/2021:08:32:16 +0800] "GET /xingrg/javascript/jquery_easy_ui/themes/icons/settle_new.png HTTP/1.1" 200 826
116.233.73.10 - - [05/Aug/2021:08:32:16 +0800] "GET /xingrg/images/blue/pingpu.png HTTP/1.1" 200 231
116.233.73.10 - - [05/Aug/2021:08:32:16 +0800] "GET /xingrg/javascript/jquery_easy_ui/themes/default/images/panel_tool_collapse.gif HTTP/1.1" 200 246
116.233.73.10 - - [05/Aug/2021:08:32:16 +0800] "POST /xingrg/all/common/load_tree.html?tree=area_rest_tree_json&manage=1 HTTP/1.1" 200 342
116.233.73.10 - - [05/Aug/2021:08:32:16 +0800] "POST /xingrg/load_menu.html HTTP/1.1" 200 5138
116.233.73.10 - - [05/Aug/2021:08:32:16 +0800] "GET /xingrg/images/blue/navBackgound.jpg HTTP/1.1" 200 12378
116.233.73.10 - - [05/Aug/2021:08:32:16 +0800] "GET /xingrg/check_reg.html?_=1628123534819 HTTP/1.1" 200 22
116.233.73.10 - - [05/Aug/2021:08:32:16 +0800] "GET /xingrg/all/function/internal_message.html?_=1628123534819&CODE_STATE=count HTTP/1.1" 200 11
116.233.73.10 - - [05/Aug/2021:08:32:16 +0800] "GET /xingrg/javascript/jquery_easy_ui/themes/icons/search_new.png HTTP/1.1" 200 586
116.233.73.10 - - [05/Aug/2021:08:32:16 +0800] "GET /xingrg/javascript/jquery_easy_ui/themes/default/images/tree_arrows.gif HTTP/1.1" 200 1043
116.233.73.10 - - [05/Aug/2021:08:32:16 +0800] "GET /xingrg/javascript/jquery_easy_ui/themes/default/images/tree_folder.gif HTTP/1.1" 200 952
116.233.73.10 - - [05/Aug/2021:08:32:16 +0800] "GET /xingrg/javascript/jquery_easy_ui/themes/default/images/tree_folder_open.gif HTTP/1.1" 200 956
116.233.73.10 - - [05/Aug/2021:08:32:16 +0800] "GET /xingrg/javascript/jquery_easy_ui/themes/icons/forms_new.png HTTP/1.1" 200 350
116.233.73.10 - - [05/Aug/2021:08:32:16 +0800] "GET /xingrg/javascript/jquery_easy_ui/themes/icons/storage_new.png HTTP/1.1" 200 853
120.253.135.82 - - [05/Aug/2021:08:32:16 +0800] "GET /xingrg/all/function/internal_message.html?_=1628123569103&CODE_STATE=getMsg HTTP/1.1" 200 27
120.253.135.82 - - [05/Aug/2021:08:32:18 +0800] "GET /xingrg/kc/base/stock_detail.html?m=00102012065 HTTP/1.1" 200 6350
180.169.147.146 - - [05/Aug/2021:08:32:19 +0800] "GET /xingrg/all/function/internal_message.html?_=1628123532471&CODE_STATE=getMsg HTTP/1.1" 200 27
116.233.73.10 - - [05/Aug/2021:08:32:23 +0800] "GET /xingrg/javascript/jquery_easy_ui/themes/default/images/tabs_close.gif HTTP/1.1" 200 829
116.233.73.10 - - [05/Aug/2021:08:32:23 +0800] "GET /xingrg/kc/buy/buy_main.html HTTP/1.1" 200 12412
116.233.73.10 - - [05/Aug/2021:08:32:23 +0800] "GET /xingrg/css/new_ie.css HTTP/1.1" 404 1036
116.233.73.10 - - [05/Aug/2021:08:32:23 +0800] "GET /xingrg/javascript/pic_change.js HTTP/1.1" 200 4739
116.233.73.10 - - [05/Aug/2021:08:32:23 +0800] "GET /xingrg/javascript/ToolTips.js HTTP/1.1" 200 5615
116.233.73.10 - - [05/Aug/2021:08:32:23 +0800] "GET /xingrg/javascript/jquery_ui/jquery-ui.min.js HTTP/1.1" 200 186181
116.233.73.10 - - [05/Aug/2021:08:32:23 +0800] "GET /xingrg/javascript/jquery_ui/themes/humanity/humanity.css HTTP/1.1" 200 27801
116.233.73.10 - - [05/Aug/2021:08:32:23 +0800] "GET /xingrg/images/blue/button/cgxqd.gif HTTP/1.1" 200 2619
116.233.73.10 - - [05/Aug/2021:08:32:23 +0800] "GET /xingrg/images/blue/button/cgydd.gif HTTP/1.1" 200 2712
116.233.73.10 - - [05/Aug/2021:08:32:23 +0800] "GET /xingrg/images/blue/button/cgshd.gif HTTP/1.1" 200 2618
116.233.73.10 - - [05/Aug/2021:08:32:23 +0800] "GET /xingrg/images/blue/button/cgfkd.gif HTTP/1.1" 200 2075
116.233.73.10 - - [05/Aug/2021:08:32:23 +0800] "GET /xingrg/images/blue/button/kc.gif HTTP/1.1" 200 2160
116.233.73.10 - - [05/Aug/2021:08:32:23 +0800] "GET /xingrg/images/blue/button/ckthd.gif HTTP/1.1" 200 2045
116.233.73.10 - - [05/Aug/2021:08:32:23 +0800] "GET /xingrg/images/blue/pic_form2.gif HTTP/1.1" 200 1853
116.233.73.10 - - [05/Aug/2021:08:32:23 +0800] "GET /xingrg/images/blue/bg_dotted.jpg HTTP/1.1" 200 319
116.233.73.10 - - [05/Aug/2021:08:32:23 +0800] "GET /xingrg/images/blue/button/right_ah.jpg HTTP/1.1" 200 1744
116.233.73.10 - - [05/Aug/2021:08:32:23 +0800] "GET /xingrg/images/blue/button/down_ah.jpg HTTP/1.1" 200 1732
116.233.73.10 - - [05/Aug/2021:08:32:23 +0800] "GET /xingrg/javascript/jquery_ui/themes/humanity/images/ui-bg_inset-soft_100_f4f0ec_1x100.png HTTP/1.1" 200 141
116.233.73.10 - - [05/Aug/2021:08:32:25 +0800] "GET /xingrg/kc/buy/cgsh_order_list.html HTTP/1.1" 200 47405
116.233.73.10 - - [05/Aug/2021:08:32:25 +0800] "GET /xingrg/css/site.css HTTP/1.1" 200 7541
116.233.73.10 - - [05/Aug/2021:08:32:25 +0800] "GET /xingrg/css/base.css HTTP/1.1" 200 2811
116.233.73.10 - - [05/Aug/2021:08:32:25 +0800] "GET /xingrg/javascript/jquery_tools/datebox.css HTTP/1.1" 200 2597
116.233.73.10 - - [05/Aug/2021:08:32:25 +0800] "GET /xingrg/javascript/easyui/themes/icon.css HTTP/1.1" 200 4483
116.233.73.10 - - [05/Aug/2021:08:32:25 +0800] "GET /xingrg/javascript/auto/jquery.autocomplete.css HTTP/1.1" 200 587
116.233.73.10 - - [05/Aug/2021:08:32:25 +0800] "GET /xingrg/javascript/easyui/themes/default/easyui.css HTTP/1.1" 200 30432
116.233.73.10 - - [05/Aug/2021:08:32:25 +0800] "GET /xingrg/javascript/jquery_tools/table.css HTTP/1.1" 200 1032
116.233.73.10 - - [05/Aug/2021:08:32:25 +0800] "GET /xingrg/javascript/jquery_tools/fix.css HTTP/1.1" 200 1702
116.233.73.10 - - [05/Aug/2021:08:32:25 +0800] "GET /xingrg/javascript/jquery_tools/jquery.tools.min.js HTTP/1.1" 200 138801
116.233.73.10 - - [05/Aug/2021:08:32:25 +0800] "GET /xingrg/javascript/jquery_tools/jquery.tools.hotkey.js HTTP/1.1" 200 3242
116.233.73.10 - - [05/Aug/2021:08:32:25 +0800] "GET /xingrg/javascript/jquery_tools/jquery.tools.table.js HTTP/1.1" 200 6994
116.233.73.10 - - [05/Aug/2021:08:32:25 +0800] "GET /xingrg/javascript/jquery_tools/jquery.tools.extend.js HTTP/1.1" 200 15385
116.233.73.10 - - [05/Aug/2021:08:32:25 +0800] "GET /xingrg/javascript/jquery_tools/list_manager.js HTTP/1.1" 200 3652
116.233.73.10 - - [05/Aug/2021:08:32:25 +0800] "GET /xingrg/javascript/jquery.cookie.js HTTP/1.1" 200 5513
116.233.73.10 - - [05/Aug/2021:08:32:25 +0800] "GET /xingrg/javascript/print/LodopFuncs.js HTTP/1.1" 200 5121
116.233.73.10 - - [05/Aug/2021:08:32:25 +0800] "GET /xingrg/javascript/easyui/easyloader.js HTTP/1.1" 200 5975
116.233.73.10 - - [05/Aug/2021:08:32:25 +0800] "GET /xingrg/javascript/auto/jquery.autocomplete.js HTTP/1.1" 200 21624
116.233.73.10 - - [05/Aug/2021:08:32:25 +0800] "GET /xingrg/javascript/easyui/themes/icons/edit_add_new.png HTTP/1.1" 200 2997
116.233.73.10 - - [05/Aug/2021:08:32:25 +0800] "GET /xingrg/javascript/easyui/themes/icons/cance_new.png HTTP/1.1" 200 3986
116.233.73.10 - - [05/Aug/2021:08:32:25 +0800] "GET /xingrg/javascript/easyui/themes/icons/field_new.png HTTP/1.1" 200 1097
116.233.73.10 - - [05/Aug/2021:08:32:25 +0800] "GET /xingrg/javascript/easyui/themes/icons/import_new.png HTTP/1.1" 200 1247
116.233.73.10 - - [05/Aug/2021:08:32:25 +0800] "GET /xingrg/javascript/easyui/themes/icons/check_new.png HTTP/1.1" 200 3224
116.233.73.10 - - [05/Aug/2021:08:32:26 +0800] "GET /xingrg/javascript/easyui/plugins/jquery.parser.js HTTP/1.1" 200 1142
116.233.73.10 - - [05/Aug/2021:08:32:26 +0800] "GET /xingrg/images/control/ajaxLoader.gif HTTP/1.1" 200 4659
116.233.73.10 - - [05/Aug/2021:08:32:27 +0800] "POST /xingrg/kc/buy/cgsh_list_operate.html HTTP/1.1" 200 876
222.70.246.151 - - [05/Aug/2021:08:32:28 +0800] "GET /xingrg/all/function/internal_message.html?_=1628123556680&CODE_STATE=getMsg HTTP/1.1" 302 -
120.253.135.82 - - [05/Aug/2021:08:32:29 +0800] "GET /xingrg/kc/base/stock_operate.html?_=1628123324506&command=get_report_file&start_day=20210701 HTTP/1.1" 200 53
120.253.135.82 - - [05/Aug/2021:08:32:29 +0800] "GET /xingrg/all/report/report_query.html?isQuery=1&onlyBody=1&rh=2000&fileName=kc/base/kc_stock_detail_new.xml&queryString=(1=1)&queryText=&tableQueryString=init_table$sp1$$sp$crk_table$sp1$order_day%20between%2020210701%20and%2020210831&varString=start_day:20210701,materiel_code:00102012065,cost_id:3196,end_date:20210531 HTTP/1.1" 200 48701
120.253.135.82 - - [05/Aug/2021:08:32:29 +0800] "GET /xingrg/dwr/interface/AjaxReportQueryService.js HTTP/1.1" 200 13203
120.253.135.82 - - [05/Aug/2021:08:32:29 +0800] "GET /xingrg/dwr/engine.js HTTP/1.1" 200 43631
120.253.135.82 - - [05/Aug/2021:08:32:30 +0800] "POST /xingrg/all/report/load_report_page.html HTTP/1.1" 200 29994
120.253.135.82 - - [05/Aug/2021:08:32:30 +0800] "GET /xingrg/servlets/image?cache=0.13874942371819654&image=px HTTP/1.1" 200 807
180.169.147.146 - - [05/Aug/2021:08:32:32 +0800] "GET /xingrg/check_reg.html?_=1628123548775 HTTP/1.1" 302 -
116.235.222.38 - - [05/Aug/2021:08:32:32 +0800] "GET /xingrg/all/function/internal_message.html?_=1628123544719&CODE_STATE=getMsg HTTP/1.1" 200 27
101.83.145.79 - - [05/Aug/2021:08:32:34 +0800] "GET /xingrg/all/function/internal_message.html?_=1628123552742&CODE_STATE=getMsg HTTP/1.1" 200 27
116.233.73.10 - - [05/Aug/2021:08:32:35 +0800] "GET /xingrg/javascript/easyui/themes/default/images/button_plain_hover.png HTTP/1.1" 200 144
116.233.73.10 - - [05/Aug/2021:08:32:36 +0800] "GET /xingrg/kc/buy/cgsh_order_add.html HTTP/1.1" 200 63184
116.233.73.10 - - [05/Aug/2021:08:32:36 +0800] "GET /xingrg/javascript/convert.js HTTP/1.1" 200 1239
116.233.73.10 - - [05/Aug/2021:08:32:36 +0800] "GET /xingrg/words/20210804153505_words.js HTTP/1.1" 200 832036
116.233.73.10 - - [05/Aug/2021:08:32:36 +0800] "GET /xingrg/javascript/json2.js HTTP/1.1" 200 11259
116.233.73.10 - - [05/Aug/2021:08:32:36 +0800] "GET /xingrg/javascript/print/kc_print.js HTTP/1.1" 200 11415
116.233.73.10 - - [05/Aug/2021:08:32:36 +0800] "GET /xingrg/javascript/jquery_tools/order_manager.js HTTP/1.1" 200 11183
116.233.73.10 - - [05/Aug/2021:08:32:36 +0800] "GET /xingrg/javascript/easyui/themes/icons/print.png HTTP/1.1" 200 1057
116.233.73.10 - - [05/Aug/2021:08:32:36 +0800] "GET /xingrg/javascript/easyui/themes/icons/copy_new.png HTTP/1.1" 200 815
116.233.73.10 - - [05/Aug/2021:08:32:36 +0800] "GET /xingrg/javascript/easyui/themes/icons/template_new.png HTTP/1.1" 200 3956
116.233.73.10 - - [05/Aug/2021:08:32:36 +0800] "GET /xingrg/javascript/easyui/themes/icons/ok.png HTTP/1.1" 200 883
116.233.73.10 - - [05/Aug/2021:08:32:36 +0800] "GET /xingrg/javascript/easyui/themes/default/images/menu_downarrow.png HTTP/1.1" 200 173
116.233.73.10 - - [05/Aug/2021:08:32:36 +0800] "GET /xingrg/javascript/easyui/themes/icons/cancel.png HTTP/1.1" 200 1133
116.233.73.10 - - [05/Aug/2021:08:32:36 +0800] "GET /xingrg/javascript/easyui/themes/default/validatebox.css HTTP/1.1" 404 1104
116.233.73.10 - - [05/Aug/2021:08:32:36 +0800] "GET /xingrg/javascript/easyui/plugins/jquery.validatebox.js HTTP/1.1" 200 6103
116.233.73.10 - - [05/Aug/2021:08:32:36 +0800] "GET /xingrg/all/common/auto_word.html?type=employee&rest_code=00109 HTTP/1.1" 200 255
116.233.73.10 - - [05/Aug/2021:08:32:36 +0800] "POST /xingrg/kc/buy/cgsh_order_operate.html HTTP/1.1" 200 8245
116.233.73.10 - - [05/Aug/2021:08:32:36 +0800] "GET /xingrg/all/common/auto_word.html?type=employee&rest_code=00109 HTTP/1.1" 200 255
116.233.73.10 - - [05/Aug/2021:08:32:36 +0800] "GET /xingrg/javascript/easyui/themes/icons/edit_remove.png HTTP/1.1" 200 625
116.233.73.10 - - [05/Aug/2021:08:32:36 +0800] "GET /xingrg/javascript/easyui/plugins/jquery.numberbox.js HTTP/1.1" 200 5213
120.253.135.82 - - [05/Aug/2021:08:32:41 +0800] "GET /xingrg/kc/guide/show_order.html?code=312021070200039&type=31 HTTP/1.1" 302 -
120.253.135.82 - - [05/Aug/2021:08:32:41 +0800] "GET /xingrg/kc/pszx/mdps_order_info.html?code=312021070200039&sysBaseUrl=http%3A%2F%2F180.169.147.146%3A18081%2Fxingrg%2F&costTime=1×tamp=1628123561210 HTTP/1.1" 200 19591
116.233.73.10 - - [05/Aug/2021:08:32:41 +0800] "GET /xingrg/javascript/jquery_tools/images/prev.gif HTTP/1.1" 404 1086
116.233.73.10 - - [05/Aug/2021:08:32:41 +0800] "GET /xingrg/javascript/jquery_tools/images/next.gif HTTP/1.1" 404 1086
120.253.135.82 - - [05/Aug/2021:08:32:42 +0800] "GET /favicon.ico HTTP/1.1" 404 -
120.253.135.82 - - [05/Aug/2021:08:32:42 +0800] "GET /xingrg/javascript/easyui/themes/default/validatebox.css HTTP/1.1" 404 1104
120.253.135.82 - - [05/Aug/2021:08:32:42 +0800] "POST /xingrg/kc/pszx/mdps_order_operate.html HTTP/1.1" 200 2977
180.169.147.146 - - [05/Aug/2021:08:32:44 +0800] "GET /xingrg/all/function/internal_message.html?_=1628123561147&CODE_STATE=getMsg HTTP/1.1" 302 -
120.253.135.82 - - [05/Aug/2021:08:32:45 +0800] "GET /xingrg/all/function/internal_message.html?_=1628123340391&CODE_STATE=getMsg HTTP/1.1" 200 27
116.233.73.10 - - [05/Aug/2021:08:32:48 +0800] "GET /xingrg/kc/buy/cgsh_order_operate.html?command=get_materiel&rest_code=00109&code=00102002453&supplier_code=00100071&order_time=2021-08-05 HTTP/1.1" 200 434
120.253.135.82 - - [05/Aug/2021:08:32:48 +0800] "GET /xingrg/kc/guide/show_order.html?code=312021070200040&type=31 HTTP/1.1" 302 -
120.253.135.82 - - [05/Aug/2021:08:32:48 +0800] "GET /xingrg/kc/pszx/mdps_order_info.html?code=312021070200040&sysBaseUrl=http%3A%2F%2F180.169.147.146%3A18081%2Fxingrg%2F&costTime=0×tamp=1628123568721 HTTP/1.1" 200 19591
120.253.135.82 - - [05/Aug/2021:08:32:49 +0800] "GET /favicon.ico HTTP/1.1" 404 -
120.253.135.82 - - [05/Aug/2021:08:32:49 +0800] "GET /xingrg/javascript/easyui/themes/default/validatebox.css HTTP/1.1" 404 1104
120.253.135.82 - - [05/Aug/2021:08:32:49 +0800] "POST /xingrg/kc/pszx/mdps_order_operate.html HTTP/1.1" 200 1014
180.156.224.123 - - [05/Aug/2021:08:32:52 +0800] "GET /xingrg/all/function/internal_message.html?_=1628123566431&CODE_STATE=getMsg HTTP/1.1" 200 27
180.156.224.123 - - [05/Aug/2021:08:32:52 +0800] "GET /xingrg/check_reg.html?_=1628123523610 HTTP/1.1" 200 22
116.233.73.10 - - [05/Aug/2021:08:32:56 +0800] "GET /xingrg/kc/buy/cgsh_order_operate.html?command=get_materiel&rest_code=00109&code=00102002334&supplier_code=00100071&order_time=2021-08-05 HTTP/1.1" 200 433
114.88.154.248 - - [05/Aug/2021:08:32:58 +0800] "GET /xingrg/all/function/internal_message.html?_=1628123480918&CODE_STATE=getMsg HTTP/1.1" 200 27
180.156.224.123 - - [05/Aug/2021:08:33:01 +0800] "GET /xingrg/all/function/internal_message.html?_=1628123533092&CODE_STATE=getMsg HTTP/1.1" 200 27
222.70.246.151 - - [05/Aug/2021:08:33:02 +0800] "GET /xingrg/check_reg.html?_=1628123591768 HTTP/1.1" 200 22
222.70.246.151 - - [05/Aug/2021:08:33:02 +0800] "GET /xingrg/all/function/internal_message.html?_=1628123592542&CODE_STATE=getMsg HTTP/1.1" 200 27
120.253.135.82 - - [05/Aug/2021:08:33:02 +0800] "GET /xingrg/check_reg.html?_=1628123615245 HTTP/1.1" 200 22
116.233.73.10 - - [05/Aug/2021:08:33:05 +0800] "POST /xingrg/kc/buy/cgsh_order_operate.html HTTP/1.1" 200 37
116.233.73.10 - - [05/Aug/2021:08:33:10 +0800] "POST /xingrg/kc/buy/cgsh_order_operate.html HTTP/1.1" 200 3261
116.233.73.10 - - [05/Aug/2021:08:33:12 +0800] "GET /xingrg/kc/print/load_config.html?kc_code=cgsh HTTP/1.1" 200 1845
116.233.73.10 - - [05/Aug/2021:08:33:12 +0800] "GET /xingrg/kc/print/load_data.html?order_code=212021080501812&kc_code=cgsh&condition= HTTP/1.1" 200 944
120.253.135.82 - - [05/Aug/2021:08:33:16 +0800] "GET /xingrg/all/function/internal_message.html?_=1628123629110&CODE_STATE=getMsg HTTP/1.1" 200 27
116.233.73.10 - - [05/Aug/2021:08:33:16 +0800] "GET /xingrg/all/function/internal_message.html?_=1628123595497&CODE_STATE=getMsg HTTP/1.1" 200 27
120.253.135.82 - - [05/Aug/2021:08:33:17 +0800] "GET /xingrg/kc/pszx/mdps_order_list.html?orderType=0 HTTP/1.1" 200 21048
120.253.135.82 - - [05/Aug/2021:08:33:18 +0800] "POST /xingrg/kc/pszx/mdps_list_operate.html HTTP/1.1" 200 5235
180.169.147.146 - - [05/Aug/2021:08:33:19 +0800] "GET /xingrg/all/function/internal_message.html?_=1628123592439&CODE_STATE=getMsg HTTP/1.1" 200 27
116.235.222.38 - - [05/Aug/2021:08:33:21 +0800] "GET /xingrg/kc/buy/buy_main.html HTTP/1.1" 200 12412
116.235.222.38 - - [05/Aug/2021:08:33:21 +0800] "GET /xingrg/css/new_ie.css HTTP/1.1" 404 1036
116.235.222.38 - - [05/Aug/2021:08:33:23 +0800] "GET /xingrg/images/yd/bt.gif HTTP/1.1" 404 1040
116.235.222.38 - - [05/Aug/2021:08:33:23 +0800] "GET /xingrg/kc/buy/cgsh_order_list.html HTTP/1.1" 200 47411
116.235.222.38 - - [05/Aug/2021:08:33:27 +0800] "POST /xingrg/kc/buy/cgsh_list_operate.html HTTP/1.1" 200 876
222.70.246.151 - - [05/Aug/2021:08:33:28 +0800] "GET /xingrg/all/function/internal_message.html?_=1628123616688&CODE_STATE=getMsg HTTP/1.1" 302 -
116.233.73.10 - - [05/Aug/2021:08:33:30 +0800] "GET /xingrg/kc/print/load_config.html?kc_code=cgsh HTTP/1.1" 200 1845
116.233.73.10 - - [05/Aug/2021:08:33:30 +0800] "GET /xingrg/kc/print/load_data.html?order_code=212021080501812&kc_code=cgsh&condition= HTTP/1.1" 200 944
116.235.222.38 - - [05/Aug/2021:08:33:31 +0800] "GET /xingrg/javascript/jquery_tools/images/next.gif HTTP/1.1" 404 1086
116.235.222.38 - - [05/Aug/2021:08:33:31 +0800] "GET /xingrg/javascript/jquery_tools/images/prev.gif HTTP/1.1" 404 1086
116.235.222.38 - - [05/Aug/2021:08:33:32 +0800] "GET /xingrg/all/function/internal_message.html?_=1628123604722&CODE_STATE=getMsg HTTP/1.1" 200 27
101.83.145.79 - - [05/Aug/2021:08:33:34 +0800] "GET /xingrg/all/function/internal_message.html?_=1628123612749&CODE_STATE=getMsg HTTP/1.1" 200 27
116.233.73.10 - - [05/Aug/2021:08:33:38 +0800] "GET /xingrg/kc/buy/cgsh_order_add.html HTTP/1.1" 200 63184
116.233.73.10 - - [05/Aug/2021:08:33:38 +0800] "GET /xingrg/javascript/easyui/themes/default/validatebox.css HTTP/1.1" 404 1104
116.233.73.10 - - [05/Aug/2021:08:33:38 +0800] "GET /xingrg/all/common/auto_word.html?type=employee&rest_code=00109 HTTP/1.1" 200 255
116.233.73.10 - - [05/Aug/2021:08:33:38 +0800] "POST /xingrg/kc/buy/cgsh_order_operate.html HTTP/1.1" 200 8245
116.233.73.10 - - [05/Aug/2021:08:33:38 +0800] "GET /xingrg/all/common/auto_word.html?type=employee&rest_code=00109 HTTP/1.1" 200 255
116.235.222.38 - - [05/Aug/2021:08:33:39 +0800] "GET /xingrg/javascript/easyui/themes/default/tree.css HTTP/1.1" 404 1090
116.235.222.38 - - [05/Aug/2021:08:33:40 +0800] "POST /xingrg/all/common/load_tree.html?tree=supplier_tree_json&manage=1 HTTP/1.1" 200 58169
180.169.147.146 - - [05/Aug/2021:08:33:44 +0800] "GET /xingrg/all/function/internal_message.html?_=1628123621165&CODE_STATE=getMsg HTTP/1.1" 302 -
180.169.147.146 - - [05/Aug/2021:08:33:44 +0800] "GET /xingrg/check_reg.html?_=1628123617182 HTTP/1.1" 200 22
120.253.135.82 - - [05/Aug/2021:08:33:45 +0800] "GET /xingrg/all/function/internal_message.html?_=1628123400403&CODE_STATE=getMsg HTTP/1.1" 200 27
180.156.224.123 - - [05/Aug/2021:08:33:52 +0800] "GET /xingrg/all/function/internal_message.html?_=1628123626430&CODE_STATE=getMsg HTTP/1.1" 200 27
180.156.224.123 - - [05/Aug/2021:08:33:52 +0800] "GET /xingrg/check_reg.html?_=1628123626432 HTTP/1.1" 200 22
116.233.73.10 - - [05/Aug/2021:08:33:52 +0800] "GET /xingrg/kc/buy/cgsh_order_operate.html?command=get_materiel&rest_code=00109&code=00101007075&supplier_code=00100004&order_time=2021-08-05 HTTP/1.1" 200 408
116.235.222.38 - - [05/Aug/2021:08:33:57 +0800] "POST /xingrg/kc/buy/cgsh_list_operate.html HTTP/1.1" 200 5316
114.88.154.248 - - [05/Aug/2021:08:33:58 +0800] "GET /xingrg/all/function/internal_message.html?_=1628123540916&CODE_STATE=getMsg HTTP/1.1" 200 27
114.88.154.248 - - [05/Aug/2021:08:33:58 +0800] "GET /xingrg/check_reg.html?_=1628123540918 HTTP/1.1" 200 22
120.253.135.82 - - [05/Aug/2021:08:33:59 +0800] "POST /xingrg/kc/pszx/mdps_list_operate.html HTTP/1.1" 200 2115
180.156.224.123 - - [05/Aug/2021:08:34:01 +0800] "GET /xingrg/all/function/internal_message.html?_=1628123593105&CODE_STATE=getMsg HTTP/1.1" 200 27
116.233.73.10 - - [05/Aug/2021:08:34:02 +0800] "GET /xingrg/kc/buy/cgsh_order_operate.html?command=get_materiel&rest_code=00109&code=00101007059&supplier_code=00100004&order_time=2021-08-05 HTTP/1.1" 200 409
222.70.246.151 - - [05/Aug/2021:08:34:02 +0800] "GET /xingrg/all/function/internal_message.html?_=1628123652555&CODE_STATE=getMsg HTTP/1.1" 200 27
120.253.135.82 - - [05/Aug/2021:08:34:03 +0800] "POST /xingrg/kc/pszx/mdps_list_operate.html HTTP/1.1" 200 611
120.253.135.82 - - [05/Aug/2021:08:34:05 +0800] "POST /xingrg/kc/pszx/mdps_list_operate.html HTTP/1.1" 200 609
120.253.135.82 - - [05/Aug/2021:08:34:08 +0800] "GET /xingrg/kc/pszx/mdps_order_info.html?code=312021070200039 HTTP/1.1" 200 19591
120.253.135.82 - - [05/Aug/2021:08:34:08 +0800] "POST /xingrg/kc/pszx/mdps_order_operate.html HTTP/1.1" 200 2977
120.253.135.82 - - [05/Aug/2021:08:34:08 +0800] "GET /xingrg/javascript/easyui/themes/default/validatebox.css HTTP/1.1" 404 1104
180.169.147.146 - - [05/Aug/2021:08:34:15 +0800] "GET /xingrg/check_reg.html?_=1628123651738 HTTP/1.1" 302 -
116.233.73.10 - - [05/Aug/2021:08:34:16 +0800] "GET /xingrg/all/function/internal_message.html?_=1628123652520&CODE_STATE=getMsg HTTP/1.1" 200 27
120.253.135.82 - - [05/Aug/2021:08:34:16 +0800] "GET /xingrg/all/function/internal_message.html?_=1628123689125&CODE_STATE=getMsg HTTP/1.1" 200 27
180.169.147.146 - - [05/Aug/2021:08:34:19 +0800] "GET /xingrg/all/function/internal_message.html?_=1628123652414&CODE_STATE=getMsg HTTP/1.1" 200 27
222.70.246.151 - - [05/Aug/2021:08:34:28 +0800] "GET /xingrg/all/function/internal_message.html?_=1628123676709&CODE_STATE=getMsg HTTP/1.1" 302 -
116.235.222.38 - - [05/Aug/2021:08:34:32 +0800] "GET /xingrg/all/function/internal_message.html?_=1628123664721&CODE_STATE=getMsg HTTP/1.1" 200 27
101.83.145.79 - - [05/Aug/2021:08:34:34 +0800] "GET /xingrg/check_reg.html?_=1628123672737 HTTP/1.1" 200 22
101.83.145.79 - - [05/Aug/2021:08:34:34 +0800] "GET /xingrg/all/function/internal_message.html?_=1628123672740&CODE_STATE=getMsg HTTP/1.1" 200 27
120.253.135.82 - - [05/Aug/2021:08:34:36 +0800] "POST /xingrg/kc/pszx/mdps_list_operate.html HTTP/1.1" 200 1717
120.253.135.82 - - [05/Aug/2021:08:34:38 +0800] "POST /xingrg/kc/pszx/mdps_list_operate.html HTTP/1.1" 200 294
120.253.135.82 - - [05/Aug/2021:08:34:40 +0800] "GET /xingrg/kc/pszx/mdps_order_info.html?code=312021070200040 HTTP/1.1" 200 19591
120.253.135.82 - - [05/Aug/2021:08:34:41 +0800] "POST /xingrg/kc/pszx/mdps_order_operate.html HTTP/1.1" 200 1014
120.253.135.82 - - [05/Aug/2021:08:34:41 +0800] "GET /xingrg/javascript/easyui/themes/default/validatebox.css HTTP/1.1" 404 1104
180.169.147.146 - - [05/Aug/2021:08:34:44 +0800] "GET /xingrg/all/function/internal_message.html?_=1628123681175&CODE_STATE=getMsg HTTP/1.1" 302 -
120.253.135.82 - - [05/Aug/2021:08:34:44 +0800] "POST /xingrg/kc/pszx/mdps_list_operate.html HTTP/1.1" 200 1717
120.253.135.82 - - [05/Aug/2021:08:34:45 +0800] "GET /xingrg/all/function/internal_message.html?_=1628123460428&CODE_STATE=getMsg HTTP/1.1" 200 27
120.253.135.82 - - [05/Aug/2021:08:34:47 +0800] "GET /xingrg/kc/pszx/mdqp_order_list.html?state=10 HTTP/1.1" 200 10217
120.253.135.82 - - [05/Aug/2021:08:34:47 +0800] "GET /xingrg/dwr/interface/AjaxReportQueryService.js HTTP/1.1" 200 13203
120.253.135.82 - - [05/Aug/2021:08:34:47 +0800] "GET /xingrg/dwr/engine.js HTTP/1.1" 200 43631
120.253.135.82 - - [05/Aug/2021:08:34:47 +0800] "GET /xingrg/dwr/interface/AjaxQqpsService.js HTTP/1.1" 200 16326
120.253.135.82 - - [05/Aug/2021:08:34:47 +0800] "POST /xingrg/kc/pszx/mdps_list_operate.html HTTP/1.1" 200 1717
116.233.73.10 - - [05/Aug/2021:08:34:49 +0800] "GET /xingrg/kc/buy/cgsh_order_operate.html?command=get_materiel&rest_code=00109&code=00101007051&supplier_code=00100004&order_time=2021-08-05 HTTP/1.1" 200 413
180.156.224.123 - - [05/Aug/2021:08:34:52 +0800] "GET /xingrg/all/function/internal_message.html?_=1628123686436&CODE_STATE=getMsg HTTP/1.1" 200 27
114.88.154.248 - - [05/Aug/2021:08:34:58 +0800] "GET /xingrg/all/function/internal_message.html?_=1628123600945&CODE_STATE=getMsg HTTP/1.1" 200 27
180.156.224.123 - - [05/Aug/2021:08:35:01 +0800] "GET /xingrg/all/function/internal_message.html?_=1628123653129&CODE_STATE=getMsg HTTP/1.1" 200 27
222.70.246.151 - - [05/Aug/2021:08:35:02 +0800] "GET /xingrg/all/function/internal_message.html?_=1628123712569&CODE_STATE=getMsg HTTP/1.1" 200 27
116.233.73.10 - - [05/Aug/2021:08:35:16 +0800] "GET /xingrg/all/function/internal_message.html?_=1628123712500&CODE_STATE=getMsg HTTP/1.1" 200 27
120.253.135.82 - - [05/Aug/2021:08:35:16 +0800] "GET /xingrg/all/function/internal_message.html?_=1628123749152&CODE_STATE=getMsg HTTP/1.1" 200 27
116.233.73.10 - - [05/Aug/2021:08:35:19 +0800] "POST /xingrg/kc/buy/cgsh_order_operate.html HTTP/1.1" 200 37
180.169.147.146 - - [05/Aug/2021:08:35:19 +0800] "GET /xingrg/all/function/internal_message.html?_=1628123712384&CODE_STATE=getMsg HTTP/1.1" 200 27
116.233.73.10 - - [05/Aug/2021:08:35:21 +0800] "POST /xingrg/kc/buy/cgsh_order_operate.html HTTP/1.1" 200 3835
116.233.73.10 - - [05/Aug/2021:08:35:21 +0800] "GET /xingrg/kc/print/load_config.html?kc_code=cgsh HTTP/1.1" 200 1845
116.233.73.10 - - [05/Aug/2021:08:35:22 +0800] "GET /xingrg/kc/print/load_data.html?order_code=212021080501813&kc_code=cgsh&condition= HTTP/1.1" 200 1159
222.70.246.151 - - [05/Aug/2021:08:35:28 +0800] "GET /xingrg/all/function/internal_message.html?_=1628123736714&CODE_STATE=getMsg HTTP/1.1" 302 -
116.233.73.10 - - [05/Aug/2021:08:35:31 +0800] "GET /xingrg/kc/buy/cgsh_order_add.html HTTP/1.1" 200 63184
116.233.73.10 - - [05/Aug/2021:08:35:31 +0800] "POST /xingrg/kc/buy/cgsh_order_operate.html HTTP/1.1" 200 8245
116.233.73.10 - - [05/Aug/2021:08:35:31 +0800] "GET /xingrg/all/common/auto_word.html?type=employee&rest_code=00109 HTTP/1.1" 200 255
116.233.73.10 - - [05/Aug/2021:08:35:31 +0800] "GET /xingrg/javascript/easyui/themes/default/validatebox.css HTTP/1.1" 404 1104
116.233.73.10 - - [05/Aug/2021:08:35:31 +0800] "GET /xingrg/all/common/auto_word.html?type=employee&rest_code=00109 HTTP/1.1" 200 255
116.235.222.38 - - [05/Aug/2021:08:35:32 +0800] "GET /xingrg/all/function/internal_message.html?_=1628123724722&CODE_STATE=getMsg HTTP/1.1" 200 27
116.233.73.10 - - [05/Aug/2021:08:35:34 +0800] "GET /xingrg/javascript/auto/indicator.gif HTTP/1.1" 404 1066
101.83.145.79 - - [05/Aug/2021:08:35:34 +0800] "GET /xingrg/all/function/internal_message.html?_=1628123732745&CODE_STATE=getMsg HTTP/1.1" 200 27
120.253.135.82 - - [05/Aug/2021:08:35:37 +0800] "GET /xingrg/check_reg.html?_=1628123512327 HTTP/1.1" 200 22
116.233.73.10 - - [05/Aug/2021:08:35:43 +0800] "GET /xingrg/kc/buy/cgsh_order_operate.html?command=get_materiel&rest_code=00109&code=00101006138&supplier_code=00100015&order_time=2021-08-05 HTTP/1.1" 200 409
180.169.147.146 - - [05/Aug/2021:08:35:44 +0800] "GET /xingrg/all/function/internal_message.html?_=1628123741194&CODE_STATE=getMsg HTTP/1.1" 302 -
120.253.135.82 - - [05/Aug/2021:08:35:45 +0800] "GET /xingrg/all/function/internal_message.html?_=1628123520431&CODE_STATE=getMsg HTTP/1.1" 200 27
180.156.224.123 - - [05/Aug/2021:08:35:52 +0800] "GET /xingrg/all/function/internal_message.html?_=1628123746435&CODE_STATE=getMsg HTTP/1.1" 200 27
114.88.154.248 - - [05/Aug/2021:08:35:58 +0800] "GET /xingrg/all/function/internal_message.html?_=1628123660943&CODE_STATE=getMsg HTTP/1.1" 200 27
116.235.222.38 - - [05/Aug/2021:08:35:58 +0800] "POST /xingrg/kc/buy/cgsh_list_operate.html HTTP/1.1" 200 5319
180.156.224.123 - - [05/Aug/2021:08:36:01 +0800] "GET /xingrg/all/function/internal_message.html?_=1628123713132&CODE_STATE=getMsg HTTP/1.1" 200 27
222.70.246.151 - - [05/Aug/2021:08:36:02 +0800] "GET /xingrg/all/function/internal_message.html?_=1628123772726&CODE_STATE=getMsg HTTP/1.1" 200 27
116.235.222.38 - - [05/Aug/2021:08:36:13 +0800] "POST /xingrg/kc/buy/cgsh_list_operate.html HTTP/1.1" 200 416
116.233.73.10 - - [05/Aug/2021:08:36:16 +0800] "GET /xingrg/all/function/internal_message.html?_=1628123772502&CODE_STATE=getMsg HTTP/1.1" 200 27
116.235.222.38 - - [05/Aug/2021:08:36:16 +0800] "POST /xingrg/kc/buy/cgsh_list_operate.html HTTP/1.1" 200 577
120.253.135.82 - - [05/Aug/2021:08:36:16 +0800] "GET /xingrg/all/function/internal_message.html?_=1628123809167&CODE_STATE=getMsg HTTP/1.1" 200 27
222.70.246.151 - - [05/Aug/2021:08:36:17 +0800] "GET /xingrg/check_reg.html?_=1628123785549 HTTP/1.1" 302 -
180.169.147.146 - - [05/Aug/2021:08:36:19 +0800] "GET /xingrg/all/function/internal_message.html?_=1628123772384&CODE_STATE=getMsg HTTP/1.1" 200 27
222.70.246.151 - - [05/Aug/2021:08:36:28 +0800] "GET /xingrg/all/function/internal_message.html?_=1628123796735&CODE_STATE=getMsg HTTP/1.1" 302 -
116.235.222.38 - - [05/Aug/2021:08:36:32 +0800] "GET /xingrg/check_reg.html?_=1628123784733 HTTP/1.1" 200 22
116.235.222.38 - - [05/Aug/2021:08:36:32 +0800] "GET /xingrg/all/function/internal_message.html?_=1628123784745&CODE_STATE=getMsg HTTP/1.1" 200 27
101.83.145.79 - - [05/Aug/2021:08:36:34 +0800] "GET /xingrg/all/function/internal_message.html?_=1628123792798&CODE_STATE=getMsg HTTP/1.1" 200 27
180.169.147.146 - - [05/Aug/2021:08:36:44 +0800] "GET /xingrg/all/function/internal_message.html?_=1628123801201&CODE_STATE=getMsg HTTP/1.1" 302 -
120.253.135.82 - - [05/Aug/2021:08:36:45 +0800] "GET /xingrg/all/function/internal_message.html?_=1628123580445&CODE_STATE=getMsg HTTP/1.1" 200 27
180.156.224.123 - - [05/Aug/2021:08:36:52 +0800] "GET /xingrg/all/function/internal_message.html?_=1628123806437&CODE_STATE=getMsg HTTP/1.1" 200 27
116.233.73.10 - - [05/Aug/2021:08:36:53 +0800] "GET /xingrg/kc/buy/cgsh_order_operate.html?command=get_materiel&rest_code=00109&code=00101010248&supplier_code=00100015&order_time=2021-08-05 HTTP/1.1" 200 430
114.88.154.248 - - [05/Aug/2021:08:36:58 +0800] "GET /xingrg/all/function/internal_message.html?_=1628123720942&CODE_STATE=getMsg HTTP/1.1" 200 27
180.156.224.123 - - [05/Aug/2021:08:37:01 +0800] "GET /xingrg/all/function/internal_message.html?_=1628123773157&CODE_STATE=getMsg HTTP/1.1" 200 27
222.70.246.151 - - [05/Aug/2021:08:37:02 +0800] "GET /xingrg/all/function/internal_message.html?_=1628123832736&CODE_STATE=getMsg HTTP/1.1" 200 27
116.233.73.10 - - [05/Aug/2021:08:37:04 +0800] "GET /xingrg/kc/buy/cgsh_order_operate.html?command=get_materiel&rest_code=00109&code=00101006062&supplier_code=00100015&order_time=2021-08-05 HTTP/1.1" 200 409
116.233.73.10 - - [05/Aug/2021:08:37:13 +0800] "GET /xingrg/kc/buy/cgsh_order_operate.html?command=get_materiel&rest_code=00109&code=00101006109&supplier_code=00100015&order_time=2021-08-05 HTTP/1.1" 200 409
116.233.73.10 - - [05/Aug/2021:08:37:16 +0800] "GET /xingrg/check_reg.html?_=1628123832505 HTTP/1.1" 200 22
116.233.73.10 - - [05/Aug/2021:08:37:16 +0800] "GET /xingrg/all/function/internal_message.html?_=1628123832504&CODE_STATE=getMsg HTTP/1.1" 200 27
120.253.135.82 - - [05/Aug/2021:08:37:16 +0800] "GET /xingrg/all/function/internal_message.html?_=1628123869189&CODE_STATE=getMsg HTTP/1.1" 200 27
180.169.147.146 - - [05/Aug/2021:08:37:19 +0800] "GET /xingrg/all/function/internal_message.html?_=1628123832354&CODE_STATE=getMsg HTTP/1.1" 200 27
116.233.73.10 - - [05/Aug/2021:08:37:23 +0800] "GET /xingrg/kc/buy/cgsh_order_operate.html?command=get_materiel&rest_code=00109&code=00101006144&supplier_code=00100015&order_time=2021-08-05 HTTP/1.1" 200 409
222.70.246.151 - - [05/Aug/2021:08:37:28 +0800] "GET /xingrg/all/function/internal_message.html?_=1628123856742&CODE_STATE=getMsg HTTP/1.1" 302 -
180.169.147.146 - - [05/Aug/2021:08:37:32 +0800] "GET /xingrg/check_reg.html?_=1628123848789 HTTP/1.1" 302 -
116.233.73.10 - - [05/Aug/2021:08:37:32 +0800] "GET /xingrg/kc/buy/cgsh_order_operate.html?command=get_materiel&rest_code=00109&code=00101006122&supplier_code=00100015&order_time=2021-08-05 HTTP/1.1" 200 408
116.235.222.38 - - [05/Aug/2021:08:37:32 +0800] "GET /xingrg/all/function/internal_message.html?_=1628123844718&CODE_STATE=getMsg HTTP/1.1" 200 27
101.83.145.79 - - [05/Aug/2021:08:37:34 +0800] "GET /xingrg/all/function/internal_message.html?_=1628123852749&CODE_STATE=getMsg HTTP/1.1" 200 27
180.169.147.146 - - [05/Aug/2021:08:37:44 +0800] "GET /xingrg/all/function/internal_message.html?_=1628123861220&CODE_STATE=getMsg HTTP/1.1" 302 -
120.253.135.82 - - [05/Aug/2021:08:37:45 +0800] "GET /xingrg/all/function/internal_message.html?_=1628123640610&CODE_STATE=getMsg HTTP/1.1" 200 27
116.233.73.10 - - [05/Aug/2021:08:37:51 +0800] "GET /xingrg/kc/buy/cgsh_order_operate.html?command=get_materiel&rest_code=00109&code=00101006057&supplier_code=00100015&order_time=2021-08-05 HTTP/1.1" 200 413
180.156.224.123 - - [05/Aug/2021:08:37:52 +0800] "GET /xingrg/all/function/internal_message.html?_=1628123866437&CODE_STATE=getMsg HTTP/1.1" 200 27
180.156.224.123 - - [05/Aug/2021:08:37:52 +0800] "GET /xingrg/check_reg.html?_=1628123823618 HTTP/1.1" 200 22
114.88.154.248 - - [05/Aug/2021:08:37:58 +0800] "GET /xingrg/all/function/internal_message.html?_=1628123780942&CODE_STATE=getMsg HTTP/1.1" 200 27
180.156.224.123 - - [05/Aug/2021:08:38:01 +0800] "GET /xingrg/all/function/internal_message.html?_=1628123833159&CODE_STATE=getMsg HTTP/1.1" 200 27
222.70.246.151 - - [05/Aug/2021:08:38:02 +0800] "GET /xingrg/check_reg.html?_=1628123891923 HTTP/1.1" 200 22
116.233.73.10 - - [05/Aug/2021:08:38:02 +0800] "POST /xingrg/kc/buy/cgsh_order_operate.html HTTP/1.1" 200 37
120.253.135.82 - - [05/Aug/2021:08:38:02 +0800] "GET /xingrg/check_reg.html?_=1628123915248 HTTP/1.1" 200 22
222.70.246.151 - - [05/Aug/2021:08:38:02 +0800] "GET /xingrg/all/function/internal_message.html?_=1628123892752&CODE_STATE=getMsg HTTP/1.1" 200 27
116.233.73.10 - - [05/Aug/2021:08:38:08 +0800] "POST /xingrg/kc/buy/cgsh_order_operate.html HTTP/1.1" 200 6210
101.83.145.79 - - [05/Aug/2021:08:38:11 +0800] "POST /xingrg/kc/buy/cgsh_order_operate.html HTTP/1.1" 200 2065
101.83.145.79 - - [05/Aug/2021:08:38:13 +0800] "POST /xingrg/kc/buy/cgsh_order_operate.html HTTP/1.1" 200 2065
116.233.73.10 - - [05/Aug/2021:08:38:16 +0800] "GET /xingrg/all/function/internal_message.html?_=1628123892507&CODE_STATE=getMsg HTTP/1.1" 200 27
120.253.135.82 - - [05/Aug/2021:08:38:16 +0800] "GET /xingrg/all/function/internal_message.html?_=1628123929194&CODE_STATE=getMsg HTTP/1.1" 200 27
180.169.147.146 - - [05/Aug/2021:08:38:19 +0800] "GET /xingrg/all/function/internal_message.html?_=1628123892333&CODE_STATE=getMsg HTTP/1.1" 200 27
116.233.73.10 - - [05/Aug/2021:08:38:22 +0800] "POST /xingrg/kc/buy/cgsh_order_operate.html HTTP/1.1" 200 37
101.83.145.79 - - [05/Aug/2021:08:38:25 +0800] "GET /xingrg/kc/buy/cgsh_order_operate.html?command=get_materiel&rest_code=00105&code=00101008558&supplier_code=00100203&order_time=2021-08-05 HTTP/1.1" 200 395
116.233.73.10 - - [05/Aug/2021:08:38:26 +0800] "POST /xingrg/kc/buy/cgsh_order_operate.html HTTP/1.1" 200 6210
116.233.73.10 - - [05/Aug/2021:08:38:27 +0800] "GET /xingrg/kc/print/load_config.html?kc_code=cgsh HTTP/1.1" 200 1845
116.233.73.10 - - [05/Aug/2021:08:38:28 +0800] "GET /xingrg/kc/print/load_data.html?order_code=212021080501814&kc_code=cgsh&condition= HTTP/1.1" 200 2103
222.70.246.151 - - [05/Aug/2021:08:38:28 +0800] "GET /xingrg/all/function/internal_message.html?_=1628123916763&CODE_STATE=getMsg HTTP/1.1" 302 -
116.233.73.10 - - [05/Aug/2021:08:38:32 +0800] "GET /xingrg/kc/buy/cgsh_order_add.html HTTP/1.1" 200 63184
116.233.73.10 - - [05/Aug/2021:08:38:32 +0800] "POST /xingrg/kc/buy/cgsh_order_operate.html HTTP/1.1" 200 8245
116.233.73.10 - - [05/Aug/2021:08:38:32 +0800] "GET /xingrg/all/common/auto_word.html?type=employee&rest_code=00109 HTTP/1.1" 200 255
116.233.73.10 - - [05/Aug/2021:08:38:32 +0800] "GET /xingrg/all/common/auto_word.html?type=employee&rest_code=00109 HTTP/1.1" 200 255
116.233.73.10 - - [05/Aug/2021:08:38:32 +0800] "GET /xingrg/javascript/easyui/themes/default/validatebox.css HTTP/1.1" 404 1104
116.235.222.38 - - [05/Aug/2021:08:38:32 +0800] "GET /xingrg/all/function/internal_message.html?_=1628123904729&CODE_STATE=getMsg HTTP/1.1" 200 27
101.83.145.79 - - [05/Aug/2021:08:38:34 +0800] "GET /xingrg/all/function/internal_message.html?_=1628123912745&CODE_STATE=getMsg HTTP/1.1" 200 27
101.83.145.79 - - [05/Aug/2021:08:38:38 +0800] "GET /xingrg/kc/buy/cgsh_order_operate.html?command=get_materiel&rest_code=00105&code=00101008238&supplier_code=00100203&order_time=2021-08-05 HTTP/1.1" 200 416
180.169.147.146 - - [05/Aug/2021:08:38:44 +0800] "GET /xingrg/all/function/internal_message.html?_=1628123921227&CODE_STATE=getMsg HTTP/1.1" 302 -
180.169.147.146 - - [05/Aug/2021:08:38:44 +0800] "GET /xingrg/check_reg.html?_=1628123917193 HTTP/1.1" 200 22
116.233.73.10 - - [05/Aug/2021:08:38:45 +0800] "GET /xingrg/kc/buy/cgsh_order_operate.html?command=get_materiel&rest_code=00109&code=00101008261&supplier_code=00100005&order_time=2021-08-05 HTTP/1.1" 200 408
120.253.135.82 - - [05/Aug/2021:08:38:45 +0800] "GET /xingrg/all/function/internal_message.html?_=1628123700675&CODE_STATE=getMsg HTTP/1.1" 200 27
101.83.145.79 - - [05/Aug/2021:08:38:50 +0800] "GET /xingrg/kc/buy/cgsh_order_operate.html?command=get_materiel&rest_code=00105&code=00101008230&supplier_code=00100203&order_time=2021-08-05 HTTP/1.1" 200 408
