180.156.224.123 - - [05/Aug/2021:09:13:16 +0800] "GET /xingrg/css/site.css HTTP/1.1" 304 -
180.156.224.123 - - [05/Aug/2021:09:13:16 +0800] "GET /xingrg/javascript/jquery_tools/datebox.css HTTP/1.1" 304 -
180.156.224.123 - - [05/Aug/2021:09:13:16 +0800] "GET /xingrg/javascript/easyui/themes/icon.css HTTP/1.1" 304 -
180.156.224.123 - - [05/Aug/2021:09:13:16 +0800] "GET /xingrg/javascript/jquery_tools/fix.css HTTP/1.1" 304 -
180.156.224.123 - - [05/Aug/2021:09:13:16 +0800] "GET /xingrg/javascript/jquery_tools/jquery.tools.min.js HTTP/1.1" 304 -
180.156.224.123 - - [05/Aug/2021:09:13:16 +0800] "GET /xingrg/javascript/jquery_tools/table.css HTTP/1.1" 304 -
180.156.224.123 - - [05/Aug/2021:09:13:16 +0800] "GET /xingrg/javascript/jquery_tools/jquery.tools.extend.js HTTP/1.1" 304 -
180.156.224.123 - - [05/Aug/2021:09:13:16 +0800] "GET /xingrg/javascript/jquery_tools/jquery.tools.hotkey.js HTTP/1.1" 304 -
180.156.224.123 - - [05/Aug/2021:09:13:16 +0800] "GET /xingrg/javascript/jquery_tools/jquery.tools.table.js HTTP/1.1" 304 -
180.156.224.123 - - [05/Aug/2021:09:13:16 +0800] "GET /xingrg/javascript/jquery_tools/list_manager.js HTTP/1.1" 304 -
180.156.224.123 - - [05/Aug/2021:09:13:16 +0800] "GET /xingrg/javascript/easyui/easyloader.js HTTP/1.1" 304 -
180.156.224.123 - - [05/Aug/2021:09:13:16 +0800] "GET /xingrg/javascript/jquery.cookie.js HTTP/1.1" 304 -
180.156.224.123 - - [05/Aug/2021:09:13:16 +0800] "GET /xingrg/javascript/easyui/themes/default/easyui.css HTTP/1.1" 304 -
180.156.224.123 - - [05/Aug/2021:09:13:16 +0800] "GET /xingrg/kc/buy/cgsh_order_list.html HTTP/1.1" 200 47409
180.156.224.123 - - [05/Aug/2021:09:13:17 +0800] "GET /xingrg/javascript/easyui/plugins/jquery.parser.js HTTP/1.1" 304 -
120.253.135.82 - - [05/Aug/2021:09:13:17 +0800] "GET /xingrg/all/function/internal_message.html?_=1628126029701&CODE_STATE=getMsg HTTP/1.1" 200 27
180.156.224.123 - - [05/Aug/2021:09:13:19 +0800] "POST /xingrg/kc/buy/cgsh_list_operate.html HTTP/1.1" 200 1688
180.156.224.123 - - [05/Aug/2021:09:13:23 +0800] "GET /xingrg/javascript/convert.js HTTP/1.1" 304 -
180.156.224.123 - - [05/Aug/2021:09:13:23 +0800] "GET /xingrg/javascript/json2.js HTTP/1.1" 304 -
180.156.224.123 - - [05/Aug/2021:09:13:23 +0800] "GET /xingrg/javascript/jquery_tools/order_manager.js HTTP/1.1" 304 -
180.156.224.123 - - [05/Aug/2021:09:13:23 +0800] "GET /xingrg/kc/buy/cgsh_order_add.html HTTP/1.1" 200 62797
180.156.224.123 - - [05/Aug/2021:09:13:23 +0800] "POST /xingrg/kc/buy/cgsh_order_operate.html HTTP/1.1" 200 8245
180.156.224.123 - - [05/Aug/2021:09:13:23 +0800] "GET /xingrg/all/common/auto_word.html?type=employee&rest_code=00151 HTTP/1.1" 200 293
180.156.224.123 - - [05/Aug/2021:09:13:23 +0800] "GET /xingrg/all/common/auto_word.html?type=employee&rest_code=00151 HTTP/1.1" 200 293
180.156.224.123 - - [05/Aug/2021:09:13:23 +0800] "GET /xingrg/javascript/easyui/themes/default/validatebox.css HTTP/1.1" 404 1104
180.156.224.123 - - [05/Aug/2021:09:13:23 +0800] "GET /xingrg/javascript/easyui/plugins/jquery.validatebox.js HTTP/1.1" 304 -
180.156.224.123 - - [05/Aug/2021:09:13:23 +0800] "GET /xingrg/javascript/easyui/plugins/jquery.numberbox.js HTTP/1.1" 304 -
180.156.224.123 - - [05/Aug/2021:09:13:24 +0800] "GET /xingrg/javascript/auto/indicator.gif HTTP/1.1" 404 1066
222.70.246.151 - - [05/Aug/2021:09:13:29 +0800] "GET /xingrg/all/function/internal_message.html?_=1628126017231&CODE_STATE=getMsg HTTP/1.1" 302 -
120.253.135.82 - - [05/Aug/2021:09:13:31 +0800] "GET /xingrg/all/function/internal_message.html?_=1628125785956&CODE_STATE=getMsg HTTP/1.1" 200 27
180.156.224.123 - - [05/Aug/2021:09:13:31 +0800] "GET /xingrg/all/function/internal_message.html?_=1628125962682&CODE_STATE=getMsg HTTP/1.1" 200 27
180.156.224.123 - - [05/Aug/2021:09:13:32 +0800] "GET /xingrg/kc/buy/cgsh_order_operate.html?command=get_materiel&rest_code=00151&code=00101007091&supplier_code=00100096&order_time=2021-08-05 HTTP/1.1" 200 413
116.235.222.38 - - [05/Aug/2021:09:13:34 +0800] "GET /xingrg/all/function/internal_message.html?_=1628126005454&CODE_STATE=getMsg HTTP/1.1" 200 27
101.83.145.79 - - [05/Aug/2021:09:13:34 +0800] "GET /xingrg/all/function/internal_message.html?_=1628126012791&CODE_STATE=getMsg HTTP/1.1" 200 27
180.156.224.123 - - [05/Aug/2021:09:13:35 +0800] "GET /xingrg/kc/buy/cgsh_order_operate.html?command=get_materiel&rest_code=00151&code=00101008088&supplier_code=00100007&order_time=2021-08-05 HTTP/1.1" 200 408
180.156.224.123 - - [05/Aug/2021:09:13:43 +0800] "GET /xingrg/kc/buy/cgsh_order_operate.html?command=get_materiel&rest_code=00151&code=00101008083&supplier_code=00100096&order_time=2021-08-05 HTTP/1.1" 200 427
180.156.224.123 - - [05/Aug/2021:09:13:44 +0800] "POST /xingrg/all/common/load_select.html HTTP/1.1" 200 25
180.169.147.146 - - [05/Aug/2021:09:13:45 +0800] "GET /xingrg/all/function/internal_message.html?_=1628126021774&CODE_STATE=getMsg HTTP/1.1" 302 -
180.156.224.123 - - [05/Aug/2021:09:13:49 +0800] "GET /xingrg/kc/buy/cgsh_order_operate.html?command=get_materiel&rest_code=00151&code=00101016025&supplier_code=00100007&order_time=2021-08-05 HTTP/1.1" 200 408
180.156.224.123 - - [05/Aug/2021:09:13:50 +0800] "GET /xingrg/kc/buy/cgsh_order_operate.html?command=get_materiel_price&rest_code=00151&code=00101008083&unit_code=00100026&supplier_code=00100096&order_time=2021-08-05 HTTP/1.1" 200 27
114.83.219.39 - - [05/Aug/2021:09:13:56 +0800] "POST /xingrg/services/DataTransmitService HTTP/1.1" 200 501
180.169.147.146 - - [05/Aug/2021:09:13:56 +0800] "GET /xingrg/all/function/internal_message.html?_=1628126033106&CODE_STATE=getMsg HTTP/1.1" 200 27
114.83.219.39 - - [05/Aug/2021:09:13:56 +0800] "POST /xingrg/services/DataTransmitService HTTP/1.1" 200 501
114.88.154.248 - - [05/Aug/2021:09:13:58 +0800] "GET /xingrg/check_reg.html?_=1628125941053 HTTP/1.1" 200 22
114.88.154.248 - - [05/Aug/2021:09:13:58 +0800] "GET /xingrg/all/function/internal_message.html?_=1628125941054&CODE_STATE=getMsg HTTP/1.1" 200 27
180.156.224.123 - - [05/Aug/2021:09:13:59 +0800] "GET /xingrg/kc/buy/cgsh_order_operate.html?command=get_materiel&rest_code=00151&code=00101008353&supplier_code=00100007&order_time=2021-08-05 HTTP/1.1" 200 408
180.156.224.123 - - [05/Aug/2021:09:13:59 +0800] "GET /xingrg/kc/buy/cgsh_order_operate.html?command=get_materiel&rest_code=00151&code=00101012059&supplier_code=00100096&order_time=2021-08-05 HTTP/1.1" 200 412
180.156.224.123 - - [05/Aug/2021:09:14:00 +0800] "GET /xingrg/all/function/internal_message.html?_=1628126034722&CODE_STATE=getMsg HTTP/1.1" 200 27
180.156.224.123 - - [05/Aug/2021:09:14:02 +0800] "POST /xingrg/kc/buy/cgsh_order_operate.html HTTP/1.1" 200 2065
222.70.246.151 - - [05/Aug/2021:09:14:04 +0800] "GET /xingrg/all/function/internal_message.html?_=1628126054143&CODE_STATE=getMsg HTTP/1.1" 200 27
222.70.183.193 - - [05/Aug/2021:09:14:07 +0800] "GET /xingrg/check_reg.html?_=1628126043110 HTTP/1.1" 200 22
222.70.183.193 - - [05/Aug/2021:09:14:07 +0800] "GET /xingrg/all/function/internal_message.html?_=1628126043111&CODE_STATE=getMsg HTTP/1.1" 200 27
180.156.224.123 - - [05/Aug/2021:09:14:07 +0800] "GET /xingrg/kc/buy/cgsh_order_operate.html?command=get_materiel&rest_code=00151&code=00101008017&supplier_code=00100007&order_time=2021-08-05 HTTP/1.1" 200 416
180.156.224.123 - - [05/Aug/2021:09:14:08 +0800] "GET /xingrg/kc/buy/cgsh_order_operate.html?command=get_materiel&rest_code=00151&code=00101012024&supplier_code=00100096&order_time=2021-08-05 HTTP/1.1" 200 408
180.169.147.146 - - [05/Aug/2021:09:14:09 +0800] "GET /xingrg/all/function/internal_message.html?_=1628126046532&CODE_STATE=getMsg HTTP/1.1" 200 27
114.83.219.39 - - [05/Aug/2021:09:14:11 +0800] "POST /xingrg/services/DataTransmitService HTTP/1.1" 200 501
180.156.224.123 - - [05/Aug/2021:09:14:14 +0800] "GET /xingrg/kc/buy/cgsh_order_operate.html?command=get_materiel&rest_code=00151&code=00101008033&supplier_code=00100007&order_time=2021-08-05 HTTP/1.1" 200 408
180.169.147.146 - - [05/Aug/2021:09:14:15 +0800] "GET /xingrg/check_reg.html?_=1628126051901 HTTP/1.1" 302 -
116.233.73.10 - - [05/Aug/2021:09:14:16 +0800] "GET /xingrg/all/function/internal_message.html?_=1628126052581&CODE_STATE=getMsg HTTP/1.1" 200 27
180.156.224.123 - - [05/Aug/2021:09:14:16 +0800] "GET /xingrg/kc/buy/cgsh_order_operate.html?command=get_materiel&rest_code=00151&code=00101001075&supplier_code=00100096&order_time=2021-08-05 HTTP/1.1" 200 411
120.253.135.82 - - [05/Aug/2021:09:14:17 +0800] "GET /xingrg/all/function/internal_message.html?_=1628126089715&CODE_STATE=getMsg HTTP/1.1" 200 27
180.156.224.123 - - [05/Aug/2021:09:14:23 +0800] "GET /xingrg/kc/buy/cgsh_order_operate.html?command=get_materiel&rest_code=00151&code=00101008005&supplier_code=00100007&order_time=2021-08-05 HTTP/1.1" 200 412
114.83.219.39 - - [05/Aug/2021:09:14:24 +0800] "POST /xingrg/services/DataTransmitService HTTP/1.1" 200 501
114.83.219.39 - - [05/Aug/2021:09:14:26 +0800] "POST /xingrg/services/DataTransmitService HTTP/1.1" 200 501
114.83.219.39 - - [05/Aug/2021:09:14:26 +0800] "POST /xingrg/services/DataTransmitService HTTP/1.1" 200 501
116.235.222.38 - - [05/Aug/2021:09:14:27 +0800] "GET /xingrg/check_reg.html?_=1628126059745 HTTP/1.1" 200 22
180.156.224.123 - - [05/Aug/2021:09:14:29 +0800] "GET /xingrg/kc/buy/cgsh_order_operate.html?command=get_materiel&rest_code=00151&code=00101008131&supplier_code=00100007&order_time=2021-08-05 HTTP/1.1" 200 408
222.70.246.151 - - [05/Aug/2021:09:14:29 +0800] "GET /xingrg/all/function/internal_message.html?_=1628126077252&CODE_STATE=getMsg HTTP/1.1" 302 -
180.156.224.123 - - [05/Aug/2021:09:14:30 +0800] "GET /xingrg/kc/buy/cgsh_order_operate.html?command=get_materiel&rest_code=00151&code=00101006109&supplier_code=00100096&order_time=2021-08-05 HTTP/1.1" 200 411
120.253.135.82 - - [05/Aug/2021:09:14:31 +0800] "GET /xingrg/all/function/internal_message.html?_=1628125845969&CODE_STATE=getMsg HTTP/1.1" 200 27
180.156.224.123 - - [05/Aug/2021:09:14:31 +0800] "GET /xingrg/all/function/internal_message.html?_=1628126022695&CODE_STATE=getMsg HTTP/1.1" 200 27
114.83.219.39 - - [05/Aug/2021:09:14:32 +0800] "POST /xingrg/services/DataTransmitService HTTP/1.1" 200 501
114.83.219.39 - - [05/Aug/2021:09:14:33 +0800] "POST /xingrg/services/DataTransmitService HTTP/1.1" 200 501
116.235.222.38 - - [05/Aug/2021:09:14:33 +0800] "GET /xingrg/all/function/internal_message.html?_=1628126065439&CODE_STATE=getMsg HTTP/1.1" 200 27
180.156.224.123 - - [05/Aug/2021:09:14:34 +0800] "GET /xingrg/kc/buy/cgsh_order_operate.html?command=get_materiel&rest_code=00151&code=00101015046&supplier_code=00100007&order_time=2021-08-05 HTTP/1.1" 200 413
101.83.145.79 - - [05/Aug/2021:09:14:34 +0800] "GET /xingrg/all/function/internal_message.html?_=1628126072796&CODE_STATE=getMsg HTTP/1.1" 200 27
101.83.145.79 - - [05/Aug/2021:09:14:34 +0800] "GET /xingrg/check_reg.html?_=1628126072814 HTTP/1.1" 200 22
114.83.219.39 - - [05/Aug/2021:09:14:34 +0800] "POST /xingrg/services/DataTransmitService HTTP/1.1" 200 501
180.156.224.123 - - [05/Aug/2021:09:14:36 +0800] "POST /xingrg/kc/buy/cgsh_order_operate.html HTTP/1.1" 200 2065
114.83.219.39 - - [05/Aug/2021:09:14:39 +0800] "POST /xingrg/services/DataTransmitService HTTP/1.1" 200 412
180.156.224.123 - - [05/Aug/2021:09:14:41 +0800] "GET /xingrg/kc/buy/cgsh_order_operate.html?command=get_materiel&rest_code=00151&code=00101008136&supplier_code=00100007&order_time=2021-08-05 HTTP/1.1" 200 413
180.156.224.123 - - [05/Aug/2021:09:14:43 +0800] "GET /xingrg/kc/buy/cgsh_order_operate.html?command=get_materiel&rest_code=00151&code=00101006013&supplier_code=00100096&order_time=2021-08-05 HTTP/1.1" 200 411
180.169.147.146 - - [05/Aug/2021:09:14:45 +0800] "GET /xingrg/all/function/internal_message.html?_=1628126081780&CODE_STATE=getMsg HTTP/1.1" 302 -
180.156.224.123 - - [05/Aug/2021:09:14:48 +0800] "GET /xingrg/kc/buy/cgsh_order_operate.html?command=get_materiel&rest_code=00151&code=00101015038&supplier_code=00100007&order_time=2021-08-05 HTTP/1.1" 200 419
180.169.147.146 - - [05/Aug/2021:09:14:56 +0800] "GET /xingrg/all/function/internal_message.html?_=1628126093096&CODE_STATE=getMsg HTTP/1.1" 200 27
180.156.224.123 - - [05/Aug/2021:09:14:57 +0800] "GET /xingrg/kc/buy/cgsh_order_operate.html?command=get_materiel&rest_code=00151&code=00101008244&supplier_code=00100007&order_time=2021-08-05 HTTP/1.1" 200 408
120.253.135.82 - - [05/Aug/2021:09:14:58 +0800] "GET /xingrg/javascript/jquery_easy_ui/themes/default/images/button_plain_hover.png HTTP/1.1" 304 -
114.88.154.248 - - [05/Aug/2021:09:14:58 +0800] "GET /xingrg/all/function/internal_message.html?_=1628126001053&CODE_STATE=getMsg HTTP/1.1" 200 27
120.253.135.82 - - [05/Aug/2021:09:14:59 +0800] "GET /xingrg/javascript/jquery_easy_ui/themes/default/images/button_plain_hover.png HTTP/1.1" 304 -
120.253.135.82 - - [05/Aug/2021:09:15:00 +0800] "GET /xingrg/kc/pszx/mdqp_order_list.html?isBack=1 HTTP/1.1" 302 -
180.156.224.123 - - [05/Aug/2021:09:15:00 +0800] "GET /xingrg/all/function/internal_message.html?_=1628126094725&CODE_STATE=getMsg HTTP/1.1" 200 27
120.253.135.82 - - [05/Aug/2021:09:15:00 +0800] "GET /xingrg/kc/pszx/mdqp_order_list.html?state=10 HTTP/1.1" 200 12289
120.253.135.82 - - [05/Aug/2021:09:15:00 +0800] "GET /xingrg/dwr/interface/AjaxQqpsService.js HTTP/1.1" 200 16326
120.253.135.82 - - [05/Aug/2021:09:15:00 +0800] "GET /xingrg/dwr/interface/AjaxReportQueryService.js HTTP/1.1" 200 13203
120.253.135.82 - - [05/Aug/2021:09:15:00 +0800] "GET /xingrg/dwr/engine.js HTTP/1.1" 200 43631
180.156.224.123 - - [05/Aug/2021:09:15:00 +0800] "GET /xingrg/kc/buy/cgsh_order_operate.html?command=get_materiel&rest_code=00151&code=00101006084&supplier_code=00100096&order_time=2021-08-05 HTTP/1.1" 200 415
120.253.135.82 - - [05/Aug/2021:09:15:03 +0800] "GET /xingrg/kc/pszx/mdqp_order_info.html?code=302021080500081 HTTP/1.1" 200 13346
120.253.135.82 - - [05/Aug/2021:09:15:03 +0800] "GET /xingrg/dwr/interface/AjaxComOrderService.js HTTP/1.1" 200 18264
120.253.135.82 - - [05/Aug/2021:09:15:03 +0800] "GET /xingrg/dwr/interface/AjaxQqpsService.js HTTP/1.1" 200 16326
120.253.135.82 - - [05/Aug/2021:09:15:03 +0800] "GET /xingrg/dwr/engine.js HTTP/1.1" 200 43631
120.253.135.82 - - [05/Aug/2021:09:15:04 +0800] "POST /xingrg/dwr/call/plaincall/AjaxQqpsService.loadMaterielItems.dwr HTTP/1.1" 200 331
222.70.246.151 - - [05/Aug/2021:09:15:04 +0800] "GET /xingrg/all/function/internal_message.html?_=1628126114157&CODE_STATE=getMsg HTTP/1.1" 200 27
114.84.82.184 - - [05/Aug/2021:09:15:05 +0800] "POST /xingrg/services/DataTransmitService HTTP/1.1" 200 524
222.70.183.193 - - [05/Aug/2021:09:15:07 +0800] "GET /xingrg/all/function/internal_message.html?_=1628126103110&CODE_STATE=getMsg HTTP/1.1" 200 27
180.156.224.123 - - [05/Aug/2021:09:15:08 +0800] "GET /xingrg/kc/buy/cgsh_order_operate.html?command=get_materiel&rest_code=00151&code=00101013175&supplier_code=00100007&order_time=2021-08-05 HTTP/1.1" 200 412
180.169.147.146 - - [05/Aug/2021:09:15:09 +0800] "GET /xingrg/all/function/internal_message.html?_=1628126106536&CODE_STATE=getMsg HTTP/1.1" 200 27
180.156.224.123 - - [05/Aug/2021:09:15:14 +0800] "POST /xingrg/kc/buy/cgsh_order_operate.html HTTP/1.1" 200 37
116.233.73.10 - - [05/Aug/2021:09:15:16 +0800] "GET /xingrg/all/function/internal_message.html?_=1628126112583&CODE_STATE=getMsg HTTP/1.1" 200 27
180.156.224.123 - - [05/Aug/2021:09:15:16 +0800] "POST /xingrg/kc/buy/cgsh_order_operate.html HTTP/1.1" 200 28452
180.156.224.123 - - [05/Aug/2021:09:15:16 +0800] "GET /xingrg/kc/buy/cgsh_order_operate.html?command=get_materiel&rest_code=00151&code=00101006088&supplier_code=00100096&order_time=2021-08-05 HTTP/1.1" 200 409
120.253.135.82 - - [05/Aug/2021:09:15:17 +0800] "GET /xingrg/all/function/internal_message.html?_=1628126149736&CODE_STATE=getMsg HTTP/1.1" 200 27
120.253.135.82 - - [05/Aug/2021:09:15:24 +0800] "GET /xingrg/kc/pszx/mdqp_order_list.html?isBack=1 HTTP/1.1" 302 -
120.253.135.82 - - [05/Aug/2021:09:15:24 +0800] "GET /xingrg/kc/pszx/mdqp_order_list.html?state=10 HTTP/1.1" 200 12289
120.253.135.82 - - [05/Aug/2021:09:15:24 +0800] "GET /xingrg/dwr/interface/AjaxReportQueryService.js HTTP/1.1" 200 13203
120.253.135.82 - - [05/Aug/2021:09:15:24 +0800] "GET /xingrg/dwr/interface/AjaxQqpsService.js HTTP/1.1" 200 16326
120.253.135.82 - - [05/Aug/2021:09:15:24 +0800] "GET /xingrg/javascript/jquery_easy_ui/themes/icons/area.png HTTP/1.1" 304 -
120.253.135.82 - - [05/Aug/2021:09:15:24 +0800] "GET /xingrg/dwr/engine.js HTTP/1.1" 200 43631
120.253.135.82 - - [05/Aug/2021:09:15:25 +0800] "GET /xingrg/javascript/jquery_easy_ui/themes/icons/manage.png HTTP/1.1" 304 -
120.253.135.82 - - [05/Aug/2021:09:15:27 +0800] "GET /xingrg/kc/pszx/mdqp_order_info.html?code=302021080500080 HTTP/1.1" 200 13350
120.253.135.82 - - [05/Aug/2021:09:15:27 +0800] "GET /xingrg/dwr/interface/AjaxComOrderService.js HTTP/1.1" 200 18264
120.253.135.82 - - [05/Aug/2021:09:15:27 +0800] "GET /xingrg/dwr/interface/AjaxQqpsService.js HTTP/1.1" 200 16326
120.253.135.82 - - [05/Aug/2021:09:15:27 +0800] "GET /xingrg/dwr/engine.js HTTP/1.1" 200 43631
120.253.135.82 - - [05/Aug/2021:09:15:27 +0800] "POST /xingrg/dwr/call/plaincall/AjaxQqpsService.loadMaterielItems.dwr HTTP/1.1" 200 380
222.70.246.151 - - [05/Aug/2021:09:15:29 +0800] "GET /xingrg/all/function/internal_message.html?_=1628126137258&CODE_STATE=getMsg HTTP/1.1" 302 -
120.253.135.82 - - [05/Aug/2021:09:15:30 +0800] "GET /xingrg/kc/pszx/mdqp_order_list.html?isBack=1 HTTP/1.1" 302 -
120.253.135.82 - - [05/Aug/2021:09:15:30 +0800] "GET /xingrg/kc/pszx/mdqp_order_list.html?state=10 HTTP/1.1" 200 12289
120.253.135.82 - - [05/Aug/2021:09:15:30 +0800] "GET /xingrg/dwr/interface/AjaxReportQueryService.js HTTP/1.1" 200 13203
120.253.135.82 - - [05/Aug/2021:09:15:30 +0800] "GET /xingrg/dwr/interface/AjaxQqpsService.js HTTP/1.1" 200 16326
120.253.135.82 - - [05/Aug/2021:09:15:30 +0800] "GET /xingrg/dwr/engine.js HTTP/1.1" 200 43631
120.253.135.82 - - [05/Aug/2021:09:15:31 +0800] "GET /xingrg/all/function/internal_message.html?_=1628125905983&CODE_STATE=getMsg HTTP/1.1" 200 27
180.156.224.123 - - [05/Aug/2021:09:15:31 +0800] "GET /xingrg/check_reg.html?_=1628126082648 HTTP/1.1" 200 22
180.156.224.123 - - [05/Aug/2021:09:15:31 +0800] "GET /xingrg/all/function/internal_message.html?_=1628126082710&CODE_STATE=getMsg HTTP/1.1" 200 27
120.253.135.82 - - [05/Aug/2021:09:15:32 +0800] "GET /xingrg/kc/pszx/mdqp_order_info.html?code=302021080500080 HTTP/1.1" 200 13350
120.253.135.82 - - [05/Aug/2021:09:15:32 +0800] "GET /xingrg/dwr/interface/AjaxQqpsService.js HTTP/1.1" 200 16326
120.253.135.82 - - [05/Aug/2021:09:15:32 +0800] "GET /xingrg/dwr/interface/AjaxComOrderService.js HTTP/1.1" 200 18264
120.253.135.82 - - [05/Aug/2021:09:15:32 +0800] "GET /xingrg/dwr/engine.js HTTP/1.1" 200 43631
120.253.135.82 - - [05/Aug/2021:09:15:32 +0800] "POST /xingrg/dwr/call/plaincall/AjaxQqpsService.loadMaterielItems.dwr HTTP/1.1" 200 380
116.235.222.38 - - [05/Aug/2021:09:15:33 +0800] "GET /xingrg/all/function/internal_message.html?_=1628126125418&CODE_STATE=getMsg HTTP/1.1" 200 27
180.156.224.123 - - [05/Aug/2021:09:15:33 +0800] "POST /xingrg/all/user/operate.html HTTP/1.1" 200 36
180.156.224.123 - - [05/Aug/2021:09:15:33 +0800] "GET /xingrg/index.html?sysBaseUrl=http%3A%2F%2F180.169.147.146%3A18081%2Fxingrg%2F&costTime=220×tamp=1628071727093 HTTP/1.1" 200 17179
180.156.224.123 - - [05/Aug/2021:09:15:33 +0800] "GET /xingrg/javascript/jquery_easy_ui/themes/default/easyui.css HTTP/1.1" 304 -
180.156.224.123 - - [05/Aug/2021:09:15:34 +0800] "GET /xingrg/javascript/jquery_easy_ui/themes/icon.css HTTP/1.1" 304 -
180.156.224.123 - - [05/Aug/2021:09:15:34 +0800] "GET /xingrg/css/form.css HTTP/1.1" 304 -
180.156.224.123 - - [05/Aug/2021:09:15:34 +0800] "GET /xingrg/javascript/jquery-1.4.2.min.js HTTP/1.1" 304 -
180.156.224.123 - - [05/Aug/2021:09:15:34 +0800] "GET /xingrg/javascript/jquery_easy_ui/jquery.easyui.min.js HTTP/1.1" 304 -
180.156.224.123 - - [05/Aug/2021:09:15:34 +0800] "GET /xingrg/javascript/jquery_easy_ui/easyui-lang-zh_CN.js HTTP/1.1" 304 -
120.253.135.82 - - [05/Aug/2021:09:15:34 +0800] "GET /xingrg/kc/pszx/mdqp_order_list.html?isBack=1 HTTP/1.1" 302 -
180.156.224.123 - - [05/Aug/2021:09:15:34 +0800] "GET /xingrg/javascript/jquery.form.js HTTP/1.1" 304 -
180.156.224.123 - - [05/Aug/2021:09:15:34 +0800] "GET /xingrg/javascript/jquery.utils.js HTTP/1.1" 304 -
180.156.224.123 - - [05/Aug/2021:09:15:34 +0800] "GET /xingrg/javascript/jquery.timers.js HTTP/1.1" 304 -
180.156.224.123 - - [05/Aug/2021:09:15:34 +0800] "GET /xingrg/images/blue/jxLogo.png HTTP/1.1" 304 -
180.156.224.123 - - [05/Aug/2021:09:15:34 +0800] "GET /xingrg/javascript/jquery_easy_ui/themes/icons/settle_new.png HTTP/1.1" 304 -
180.156.224.123 - - [05/Aug/2021:09:15:34 +0800] "GET /xingrg/images/blue/navBackgound.jpg HTTP/1.1" 304 -
180.156.224.123 - - [05/Aug/2021:09:15:34 +0800] "POST /xingrg/all/common/load_tree.html?tree=area_rest_tree_json&manage=1 HTTP/1.1" 200 476
120.253.135.82 - - [05/Aug/2021:09:15:34 +0800] "GET /xingrg/kc/pszx/mdqp_order_list.html?state=10 HTTP/1.1" 200 12289
120.253.135.82 - - [05/Aug/2021:09:15:34 +0800] "GET /xingrg/dwr/interface/AjaxReportQueryService.js HTTP/1.1" 200 13203
120.253.135.82 - - [05/Aug/2021:09:15:34 +0800] "GET /xingrg/dwr/interface/AjaxQqpsService.js HTTP/1.1" 200 16326
180.156.224.123 - - [05/Aug/2021:09:15:34 +0800] "GET /xingrg/images/blue/pingpu.png HTTP/1.1" 304 -
180.156.224.123 - - [05/Aug/2021:09:15:34 +0800] "GET /xingrg/check_reg.html?_=1628126128670 HTTP/1.1" 200 22
180.156.224.123 - - [05/Aug/2021:09:15:34 +0800] "GET /xingrg/all/function/internal_message.html?_=1628126128668&CODE_STATE=count HTTP/1.1" 200 11
120.253.135.82 - - [05/Aug/2021:09:15:34 +0800] "GET /xingrg/dwr/engine.js HTTP/1.1" 200 43631
180.156.224.123 - - [05/Aug/2021:09:15:34 +0800] "GET /xingrg/javascript/jquery_easy_ui/themes/default/images/panel_tool_collapse.gif HTTP/1.1" 304 -
180.156.224.123 - - [05/Aug/2021:09:15:34 +0800] "GET /xingrg/javascript/jquery_easy_ui/themes/default/images/tabs_leftarrow.png HTTP/1.1" 304 -
180.156.224.123 - - [05/Aug/2021:09:15:34 +0800] "GET /xingrg/javascript/jquery_easy_ui/themes/default/images/tabs_rightarrow.png HTTP/1.1" 304 -
180.156.224.123 - - [05/Aug/2021:09:15:34 +0800] "POST /xingrg/load_menu.html HTTP/1.1" 200 5138
101.83.145.79 - - [05/Aug/2021:09:15:34 +0800] "GET /xingrg/all/function/internal_message.html?_=1628126132799&CODE_STATE=getMsg HTTP/1.1" 200 27
120.253.135.82 - - [05/Aug/2021:09:15:36 +0800] "GET /xingrg/kc/pszx/mdqp_order_info.html?code=302021080500079 HTTP/1.1" 200 13350
120.253.135.82 - - [05/Aug/2021:09:15:36 +0800] "GET /xingrg/dwr/interface/AjaxComOrderService.js HTTP/1.1" 200 18264
120.253.135.82 - - [05/Aug/2021:09:15:36 +0800] "GET /xingrg/dwr/interface/AjaxQqpsService.js HTTP/1.1" 200 16326
120.253.135.82 - - [05/Aug/2021:09:15:36 +0800] "GET /xingrg/dwr/engine.js HTTP/1.1" 200 43631
120.253.135.82 - - [05/Aug/2021:09:15:36 +0800] "POST /xingrg/dwr/call/plaincall/AjaxQqpsService.loadMaterielItems.dwr HTTP/1.1" 200 355
180.156.224.123 - - [05/Aug/2021:09:15:36 +0800] "GET /xingrg/kc/buy/cgsh_order_list.html HTTP/1.1" 200 47411
120.253.135.82 - - [05/Aug/2021:09:15:38 +0800] "GET /xingrg/kc/pszx/mdqp_order_list.html?isBack=1 HTTP/1.1" 302 -
120.253.135.82 - - [05/Aug/2021:09:15:38 +0800] "GET /xingrg/kc/pszx/mdqp_order_list.html?state=10 HTTP/1.1" 200 12289
120.253.135.82 - - [05/Aug/2021:09:15:38 +0800] "GET /xingrg/dwr/interface/AjaxReportQueryService.js HTTP/1.1" 200 13203
120.253.135.82 - - [05/Aug/2021:09:15:38 +0800] "GET /xingrg/dwr/interface/AjaxQqpsService.js HTTP/1.1" 200 16326
120.253.135.82 - - [05/Aug/2021:09:15:38 +0800] "GET /xingrg/dwr/engine.js HTTP/1.1" 200 43631
180.156.224.123 - - [05/Aug/2021:09:15:39 +0800] "POST /xingrg/kc/buy/cgsh_list_operate.html HTTP/1.1" 200 1690
120.253.135.82 - - [05/Aug/2021:09:15:40 +0800] "GET /xingrg/kc/pszx/mdqp_order_info.html?code=302021080500078 HTTP/1.1" 200 13350
120.253.135.82 - - [05/Aug/2021:09:15:40 +0800] "GET /xingrg/dwr/interface/AjaxComOrderService.js HTTP/1.1" 200 18264
120.253.135.82 - - [05/Aug/2021:09:15:40 +0800] "GET /xingrg/dwr/engine.js HTTP/1.1" 200 43631
120.253.135.82 - - [05/Aug/2021:09:15:40 +0800] "GET /xingrg/dwr/interface/AjaxQqpsService.js HTTP/1.1" 200 16326
120.253.135.82 - - [05/Aug/2021:09:15:40 +0800] "POST /xingrg/dwr/call/plaincall/AjaxQqpsService.loadMaterielItems.dwr HTTP/1.1" 200 9607
58.221.95.50 - - [05/Aug/2021:09:15:40 +0800] "GET /xingrg/check_reg.html?_=1628126137542 HTTP/1.1" 302 -
180.156.224.123 - - [05/Aug/2021:09:15:41 +0800] "POST /xingrg/kc/buy/cgsh_list_operate.html HTTP/1.1" 200 566
120.253.135.82 - - [05/Aug/2021:09:15:42 +0800] "GET /xingrg/images/yd/bt.gif HTTP/1.1" 404 1040
120.253.135.82 - - [05/Aug/2021:09:15:42 +0800] "GET /xingrg/images/yd/bt2.gif HTTP/1.1" 404 1042
180.156.224.123 - - [05/Aug/2021:09:15:42 +0800] "GET /xingrg/kc/buy/cgsh_order_info.html?code=212021080501823 HTTP/1.1" 200 63076
180.156.224.123 - - [05/Aug/2021:09:15:43 +0800] "GET /xingrg/javascript/easyui/themes/default/validatebox.css HTTP/1.1" 404 1104
180.156.224.123 - - [05/Aug/2021:09:15:44 +0800] "POST /xingrg/kc/buy/cgsh_order_operate.html HTTP/1.1" 200 25717
180.169.147.146 - - [05/Aug/2021:09:15:45 +0800] "GET /xingrg/all/function/internal_message.html?_=1628126141809&CODE_STATE=getMsg HTTP/1.1" 302 -
180.156.224.123 - - [05/Aug/2021:09:15:54 +0800] "POST /xingrg/kc/buy/cgsh_order_operate.html HTTP/1.1" 200 37
180.169.147.146 - - [05/Aug/2021:09:15:56 +0800] "GET /xingrg/all/function/internal_message.html?_=1628126153115&CODE_STATE=getMsg HTTP/1.1" 200 27
120.253.135.82 - - [05/Aug/2021:09:15:57 +0800] "GET /xingrg/kc/pszx/mdqp_order_list.html?isBack=1 HTTP/1.1" 302 -
120.253.135.82 - - [05/Aug/2021:09:15:57 +0800] "GET /xingrg/kc/pszx/mdqp_order_list.html?state=10 HTTP/1.1" 200 12289
180.156.224.123 - - [05/Aug/2021:09:15:57 +0800] "POST /xingrg/kc/buy/cgsh_order_operate.html HTTP/1.1" 200 12
120.253.135.82 - - [05/Aug/2021:09:15:57 +0800] "GET /xingrg/dwr/interface/AjaxReportQueryService.js HTTP/1.1" 200 13203
120.253.135.82 - - [05/Aug/2021:09:15:57 +0800] "GET /xingrg/dwr/interface/AjaxQqpsService.js HTTP/1.1" 200 16326
120.253.135.82 - - [05/Aug/2021:09:15:57 +0800] "GET /xingrg/dwr/engine.js HTTP/1.1" 200 43631
114.88.154.248 - - [05/Aug/2021:09:15:58 +0800] "GET /xingrg/all/function/internal_message.html?_=1628126061053&CODE_STATE=getMsg HTTP/1.1" 200 27
180.156.224.123 - - [05/Aug/2021:09:15:58 +0800] "GET /xingrg/kc/buy/cgsh_order_info.html?code=212021080501833 HTTP/1.1" 200 57700
180.156.224.123 - - [05/Aug/2021:09:15:59 +0800] "GET /xingrg/javascript/easyui/themes/default/validatebox.css HTTP/1.1" 404 1104
180.156.224.123 - - [05/Aug/2021:09:16:00 +0800] "POST /xingrg/kc/buy/cgsh_order_operate.html HTTP/1.1" 200 5406
120.253.135.82 - - [05/Aug/2021:09:16:00 +0800] "GET /xingrg/kc/pszx/jzcl_ps.html HTTP/1.1" 200 7683
120.253.135.82 - - [05/Aug/2021:09:16:00 +0800] "GET /xingrg/javascript/step/step.css HTTP/1.1" 304 -
120.253.135.82 - - [05/Aug/2021:09:16:00 +0800] "GET /xingrg/css/table.css HTTP/1.1" 304 -
120.253.135.82 - - [05/Aug/2021:09:16:00 +0800] "GET /xingrg/javascript/step/images/navCurrentBtn.gif HTTP/1.1" 304 -
120.253.135.82 - - [05/Aug/2021:09:16:00 +0800] "GET /xingrg/javascript/jquery_easy_ui/themes/default/images/button_a_bg.gif HTTP/1.1" 304 -
120.253.135.82 - - [05/Aug/2021:09:16:00 +0800] "GET /xingrg/javascript/jquery_easy_ui/themes/default/images/button_span_bg.gif HTTP/1.1" 304 -
120.253.135.82 - - [05/Aug/2021:09:16:00 +0800] "GET /xingrg/javascript/jquery_easy_ui/themes/icons/search.png HTTP/1.1" 304 -
120.253.135.82 - - [05/Aug/2021:09:16:00 +0800] "GET /xingrg/javascript/jquery_easy_ui/themes/default/images/combo_arrow_dot.gif HTTP/1.1" 304 -
120.253.135.82 - - [05/Aug/2021:09:16:00 +0800] "POST /xingrg/all/common/load_tree.html?tree=area_rest_tree_json HTTP/1.1" 200 3472
120.253.135.82 - - [05/Aug/2021:09:16:00 +0800] "GET /xingrg/javascript/jquery_easy_ui/themes/default/images/calendar_prevyear.gif HTTP/1.1" 304 -
120.253.135.82 - - [05/Aug/2021:09:16:00 +0800] "GET /xingrg/javascript/jquery_easy_ui/themes/default/images/calendar_nextmonth.gif HTTP/1.1" 304 -
120.253.135.82 - - [05/Aug/2021:09:16:00 +0800] "GET /xingrg/javascript/jquery_easy_ui/themes/default/images/calendar_prevmonth.gif HTTP/1.1" 304 -
120.253.135.82 - - [05/Aug/2021:09:16:00 +0800] "GET /xingrg/javascript/jquery_easy_ui/themes/default/images/calendar_nextyear.gif HTTP/1.1" 304 -
120.253.135.82 - - [05/Aug/2021:09:16:00 +0800] "GET /xingrg/images/control/ajaxLoader.gif HTTP/1.1" 304 -
120.253.135.82 - - [05/Aug/2021:09:16:00 +0800] "GET /xingrg/javascript/jquery_easy_ui/themes/default/images/datagrid_header_bg.gif HTTP/1.1" 304 -
120.253.135.82 - - [05/Aug/2021:09:16:00 +0800] "GET /xingrg/javascript/jquery_easy_ui/themes/default/images/pagination_loading.gif HTTP/1.1" 304 -
120.253.135.82 - - [05/Aug/2021:09:16:01 +0800] "GET /xingrg/javascript/jquery_easy_ui/themes/default/images/tree_checkbox_0.gif HTTP/1.1" 304 -
120.253.135.82 - - [05/Aug/2021:09:16:01 +0800] "POST /xingrg/kc/pszx/jzcl_ps_operate.html HTTP/1.1" 200 2167
120.253.135.82 - - [05/Aug/2021:09:16:01 +0800] "POST /xingrg/kc/pszx/jzcl_ps_operate.html HTTP/1.1" 200 2167
180.156.224.123 - - [05/Aug/2021:09:16:02 +0800] "GET /xingrg/kc/print/load_config.html?kc_code=cgsh HTTP/1.1" 200 1845
120.253.135.82 - - [05/Aug/2021:09:16:02 +0800] "GET /xingrg/javascript/jquery_easy_ui/themes/icons/rest.png HTTP/1.1" 304 -
180.156.224.123 - - [05/Aug/2021:09:16:02 +0800] "GET /xingrg/kc/print/load_data.html?order_code=212021080501833&kc_code=cgsh&condition= HTTP/1.1" 200 2564
222.70.246.151 - - [05/Aug/2021:09:16:04 +0800] "GET /xingrg/all/function/internal_message.html?_=1628126174313&CODE_STATE=getMsg HTTP/1.1" 200 27
222.70.183.193 - - [05/Aug/2021:09:16:07 +0800] "GET /xingrg/all/function/internal_message.html?_=1628126163113&CODE_STATE=getMsg HTTP/1.1" 200 27
114.88.154.248 - - [05/Aug/2021:09:16:08 +0800] "GET /xingrg/kc/buy/buy_main.html HTTP/1.1" 200 12412
114.88.154.248 - - [05/Aug/2021:09:16:08 +0800] "GET /xingrg/css/new_ie.css HTTP/1.1" 404 1036
180.169.147.146 - - [05/Aug/2021:09:16:09 +0800] "GET /xingrg/all/function/internal_message.html?_=1628126166524&CODE_STATE=getMsg HTTP/1.1" 200 27
114.88.154.248 - - [05/Aug/2021:09:16:09 +0800] "GET /xingrg/images/yd/bt.gif HTTP/1.1" 404 1040
114.88.154.248 - - [05/Aug/2021:09:16:10 +0800] "GET /xingrg/kc/buy/cgsh_order_list.html HTTP/1.1" 200 47411
114.88.154.248 - - [05/Aug/2021:09:16:11 +0800] "POST /xingrg/kc/buy/cgsh_list_operate.html HTTP/1.1" 200 876
114.88.154.248 - - [05/Aug/2021:09:16:12 +0800] "GET /xingrg/kc/buy/cgsh_order_add.html HTTP/1.1" 200 63149
114.88.154.248 - - [05/Aug/2021:09:16:12 +0800] "GET /xingrg/words/20210804153505_words.js HTTP/1.1" 304 -
114.88.154.248 - - [05/Aug/2021:09:16:12 +0800] "POST /xingrg/kc/buy/cgsh_order_operate.html HTTP/1.1" 200 8245
114.88.154.248 - - [05/Aug/2021:09:16:13 +0800] "GET /xingrg/all/common/auto_word.html?type=employee&rest_code=00141 HTTP/1.1" 200 201
114.88.154.248 - - [05/Aug/2021:09:16:13 +0800] "GET /xingrg/all/common/auto_word.html?type=employee&rest_code=00141 HTTP/1.1" 200 201
114.88.154.248 - - [05/Aug/2021:09:16:13 +0800] "GET /xingrg/javascript/easyui/themes/default/validatebox.css HTTP/1.1" 404 1104
116.233.73.10 - - [05/Aug/2021:09:16:15 +0800] "POST /xingrg/services/DataTransmitService HTTP/1.1" 200 524
116.233.73.10 - - [05/Aug/2021:09:16:15 +0800] "POST /xingrg/services/DataTransmitService HTTP/1.1" 200 2495
116.233.73.10 - - [05/Aug/2021:09:16:15 +0800] "POST /xingrg/services/DataTransmitService HTTP/1.1" 200 1611
116.233.73.10 - - [05/Aug/2021:09:16:16 +0800] "GET /xingrg/all/function/internal_message.html?_=1628126172585&CODE_STATE=getMsg HTTP/1.1" 200 27
116.233.73.10 - - [05/Aug/2021:09:16:16 +0800] "POST /xingrg/services/DataTransmitService HTTP/1.1" 200 2471
116.233.73.10 - - [05/Aug/2021:09:16:16 +0800] "POST /xingrg/services/DataTransmitService HTTP/1.1" 200 1451
116.233.73.10 - - [05/Aug/2021:09:16:16 +0800] "POST /xingrg/services/DataTransmitService HTTP/1.1" 200 3107
120.253.135.82 - - [05/Aug/2021:09:16:17 +0800] "GET /xingrg/all/function/internal_message.html?_=1628126209742&CODE_STATE=getMsg HTTP/1.1" 200 27
222.70.246.151 - - [05/Aug/2021:09:16:17 +0800] "GET /xingrg/check_reg.html?_=1628126185599 HTTP/1.1" 302 -
120.253.135.82 - - [05/Aug/2021:09:16:18 +0800] "POST /xingrg/kc/pszx/jzcl_ps_operate.html HTTP/1.1" 200 4
120.253.135.82 - - [05/Aug/2021:09:16:18 +0800] "GET /xingrg/javascript/step/images/navBtn.gif HTTP/1.1" 200 361
120.253.135.82 - - [05/Aug/2021:09:16:18 +0800] "GET /xingrg/javascript/step/images/navDoneBtn.gif HTTP/1.1" 304 -
120.253.135.82 - - [05/Aug/2021:09:16:18 +0800] "GET /xingrg/javascript/step/images/navLastDoneBtn.gif HTTP/1.1" 304 -
120.253.135.82 - - [05/Aug/2021:09:16:18 +0800] "GET /xingrg/javascript/step/images/navBtn.gif HTTP/1.1" 200 361
116.233.73.10 - - [05/Aug/2021:09:16:18 +0800] "POST /xingrg/services/DataTransmitService HTTP/1.1" 200 145624
180.156.224.123 - - [05/Aug/2021:09:16:19 +0800] "POST /xingrg/all/user/operate.html HTTP/1.1" 200 36
120.253.135.82 - - [05/Aug/2021:09:16:20 +0800] "GET /xingrg/kc/pszx/mdps_order_list.html HTTP/1.1" 200 21048
120.253.135.82 - - [05/Aug/2021:09:16:20 +0800] "GET /xingrg/css/base.css HTTP/1.1" 304 -
120.253.135.82 - - [05/Aug/2021:09:16:20 +0800] "GET /xingrg/css/site.css HTTP/1.1" 304 -
120.253.135.82 - - [05/Aug/2021:09:16:20 +0800] "GET /xingrg/javascript/auto/jquery.autocomplete.css HTTP/1.1" 304 -
120.253.135.82 - - [05/Aug/2021:09:16:20 +0800] "GET /xingrg/javascript/jquery_tools/datebox.css HTTP/1.1" 304 -
120.253.135.82 - - [05/Aug/2021:09:16:20 +0800] "GET /xingrg/javascript/jquery_tools/jquery.tools.extend.js HTTP/1.1" 304 -
120.253.135.82 - - [05/Aug/2021:09:16:20 +0800] "GET /xingrg/javascript/jquery_tools/jquery.tools.hotkey.js HTTP/1.1" 304 -
120.253.135.82 - - [05/Aug/2021:09:16:20 +0800] "GET /xingrg/javascript/jquery_tools/table.css HTTP/1.1" 304 -
120.253.135.82 - - [05/Aug/2021:09:16:20 +0800] "GET /xingrg/javascript/jquery_tools/jquery.tools.min.js HTTP/1.1" 304 -
120.253.135.82 - - [05/Aug/2021:09:16:20 +0800] "GET /xingrg/javascript/jquery_tools/fix.css HTTP/1.1" 304 -
120.253.135.82 - - [05/Aug/2021:09:16:20 +0800] "GET /xingrg/javascript/easyui/themes/icon.css HTTP/1.1" 304 -
120.253.135.82 - - [05/Aug/2021:09:16:20 +0800] "GET /xingrg/javascript/easyui/themes/default/easyui.css HTTP/1.1" 304 -
120.253.135.82 - - [05/Aug/2021:09:16:20 +0800] "GET /xingrg/javascript/jquery_tools/list_manager.js HTTP/1.1" 304 -
120.253.135.82 - - [05/Aug/2021:09:16:20 +0800] "POST /xingrg/kc/pszx/jzcl_ps_operate.html HTTP/1.1" 200 21
120.253.135.82 - - [05/Aug/2021:09:16:20 +0800] "GET /xingrg/javascript/jquery_tools/jquery.tools.table.js HTTP/1.1" 304 -
120.253.135.82 - - [05/Aug/2021:09:16:20 +0800] "GET /xingrg/javascript/jquery.cookie.js HTTP/1.1" 304 -
120.253.135.82 - - [05/Aug/2021:09:16:20 +0800] "GET /xingrg/javascript/easyui/easyloader.js HTTP/1.1" 304 -
180.156.224.123 - - [05/Aug/2021:09:16:20 +0800] "GET /xingrg/javascript/jquery_easy_ui/themes/default/easyui.css HTTP/1.1" 304 -
180.156.224.123 - - [05/Aug/2021:09:16:20 +0800] "GET /xingrg/index.html?sysBaseUrl=http%3A%2F%2F180.169.147.146%3A18081%2Fxingrg%2F&costTime=67×tamp=1628064608420 HTTP/1.1" 200 17179
180.156.224.123 - - [05/Aug/2021:09:16:20 +0800] "GET /xingrg/javascript/jquery_easy_ui/themes/icon.css HTTP/1.1" 304 -
180.156.224.123 - - [05/Aug/2021:09:16:20 +0800] "GET /xingrg/css/form.css HTTP/1.1" 304 -
180.156.224.123 - - [05/Aug/2021:09:16:20 +0800] "GET /xingrg/javascript/jquery-1.4.2.min.js HTTP/1.1" 304 -
180.156.224.123 - - [05/Aug/2021:09:16:20 +0800] "GET /xingrg/javascript/jquery_easy_ui/jquery.easyui.min.js HTTP/1.1" 304 -
180.156.224.123 - - [05/Aug/2021:09:16:20 +0800] "GET /xingrg/javascript/jquery_easy_ui/easyui-lang-zh_CN.js HTTP/1.1" 304 -
180.156.224.123 - - [05/Aug/2021:09:16:20 +0800] "GET /xingrg/javascript/jquery.form.js HTTP/1.1" 304 -
180.156.224.123 - - [05/Aug/2021:09:16:20 +0800] "GET /xingrg/javascript/jquery.utils.js HTTP/1.1" 304 -
180.156.224.123 - - [05/Aug/2021:09:16:20 +0800] "GET /xingrg/javascript/jquery.timers.js HTTP/1.1" 304 -
180.156.224.123 - - [05/Aug/2021:09:16:20 +0800] "GET /xingrg/images/blue/navBackgound.jpg HTTP/1.1" 304 -
180.156.224.123 - - [05/Aug/2021:09:16:20 +0800] "GET /xingrg/images/blue/jxLogo.png HTTP/1.1" 304 -
180.156.224.123 - - [05/Aug/2021:09:16:20 +0800] "GET /xingrg/javascript/jquery_easy_ui/themes/icons/settle_new.png HTTP/1.1" 304 -
180.156.224.123 - - [05/Aug/2021:09:16:20 +0800] "POST /xingrg/all/common/load_tree.html?tree=area_rest_tree_json&manage=1 HTTP/1.1" 200 476
180.156.224.123 - - [05/Aug/2021:09:16:20 +0800] "GET /xingrg/images/blue/pingpu.png HTTP/1.1" 304 -
180.156.224.123 - - [05/Aug/2021:09:16:20 +0800] "GET /xingrg/javascript/jquery_easy_ui/themes/default/images/tabs_leftarrow.png HTTP/1.1" 304 -
180.156.224.123 - - [05/Aug/2021:09:16:20 +0800] "GET /xingrg/javascript/jquery_easy_ui/themes/default/images/tabs_rightarrow.png HTTP/1.1" 304 -
180.156.224.123 - - [05/Aug/2021:09:16:20 +0800] "GET /xingrg/javascript/jquery_easy_ui/themes/default/images/panel_tool_collapse.gif HTTP/1.1" 304 -
180.156.224.123 - - [05/Aug/2021:09:16:20 +0800] "GET /xingrg/all/function/internal_message.html?_=1628126131845&CODE_STATE=count HTTP/1.1" 200 11
120.253.135.82 - - [05/Aug/2021:09:16:20 +0800] "GET /xingrg/javascript/easyui/themes/icons/cance_new.png HTTP/1.1" 304 -
120.253.135.82 - - [05/Aug/2021:09:16:20 +0800] "GET /xingrg/javascript/easyui/themes/icons/uncheck_new.png HTTP/1.1" 304 -
120.253.135.82 - - [05/Aug/2021:09:16:20 +0800] "GET /xingrg/javascript/easyui/themes/icons/edit_add_new.png HTTP/1.1" 304 -
120.253.135.82 - - [05/Aug/2021:09:16:20 +0800] "GET /xingrg/javascript/easyui/themes/icons/field_new.png HTTP/1.1" 304 -
120.253.135.82 - - [05/Aug/2021:09:16:20 +0800] "GET /xingrg/javascript/easyui/themes/icons/check_new.png HTTP/1.1" 304 -
120.253.135.82 - - [05/Aug/2021:09:16:20 +0800] "GET /xingrg/javascript/easyui/themes/icons/import_new.png HTTP/1.1" 304 -
180.156.224.123 - - [05/Aug/2021:09:16:20 +0800] "GET /xingrg/check_reg.html?_=1628126131846 HTTP/1.1" 200 22
180.156.224.123 - - [05/Aug/2021:09:16:20 +0800] "GET /xingrg/javascript/jquery_easy_ui/themes/default/images/tree_arrows.gif HTTP/1.1" 304 -
120.253.135.82 - - [05/Aug/2021:09:16:20 +0800] "GET /xingrg/javascript/easyui/plugins/jquery.parser.js HTTP/1.1" 304 -
180.156.224.123 - - [05/Aug/2021:09:16:20 +0800] "POST /xingrg/load_menu.html HTTP/1.1" 200 5138
120.253.135.82 - - [05/Aug/2021:09:16:20 +0800] "POST /xingrg/kc/pszx/mdps_list_operate.html HTTP/1.1" 200 5305
180.156.224.123 - - [05/Aug/2021:09:16:22 +0800] "GET /xingrg/kc/buy/cgsh_order_list.html HTTP/1.1" 200 47411
120.253.135.82 - - [05/Aug/2021:09:16:23 +0800] "GET /xingrg/javascript/auto/indicator.gif HTTP/1.1" 404 1066
180.156.224.123 - - [05/Aug/2021:09:16:25 +0800] "POST /xingrg/kc/buy/cgsh_list_operate.html HTTP/1.1" 200 1690
114.88.154.248 - - [05/Aug/2021:09:16:25 +0800] "GET /xingrg/kc/buy/cgsh_order_operate.html?command=get_materiel&rest_code=00141&code=00101016010&supplier_code=00100036&order_time=2021-08-05 HTTP/1.1" 200 408
120.253.135.82 - - [05/Aug/2021:09:16:26 +0800] "POST /xingrg/kc/pszx/mdps_list_operate.html HTTP/1.1" 200 2057
180.156.224.123 - - [05/Aug/2021:09:16:27 +0800] "GET /xingrg/kc/buy/cgsh_order_add.html HTTP/1.1" 200 63079
180.156.224.123 - - [05/Aug/2021:09:16:27 +0800] "POST /xingrg/kc/buy/cgsh_order_operate.html HTTP/1.1" 200 8245
180.156.224.123 - - [05/Aug/2021:09:16:27 +0800] "GET /xingrg/all/common/auto_word.html?type=employee&rest_code=00150 HTTP/1.1" 200 205
180.156.224.123 - - [05/Aug/2021:09:16:27 +0800] "GET /xingrg/all/common/auto_word.html?type=employee&rest_code=00150 HTTP/1.1" 200 205
180.156.224.123 - - [05/Aug/2021:09:16:28 +0800] "GET /xingrg/javascript/easyui/themes/default/validatebox.css HTTP/1.1" 404 1104
120.253.135.82 - - [05/Aug/2021:09:16:28 +0800] "POST /xingrg/kc/pszx/mdps_list_operate.html HTTP/1.1" 200 201
120.253.135.82 - - [05/Aug/2021:09:16:29 +0800] "GET /xingrg/kc/pszx/mdps_order_info.html?code=312021080500130 HTTP/1.1" 200 23929
120.253.135.82 - - [05/Aug/2021:09:16:29 +0800] "GET /xingrg/javascript/json2.js HTTP/1.1" 304 -
120.253.135.82 - - [05/Aug/2021:09:16:29 +0800] "GET /xingrg/javascript/convert.js HTTP/1.1" 304 -
120.253.135.82 - - [05/Aug/2021:09:16:29 +0800] "GET /xingrg/javascript/jquery_tools/order_manager.js HTTP/1.1" 304 -
120.253.135.82 - - [05/Aug/2021:09:16:29 +0800] "GET /xingrg/words/20210804153505_words.js HTTP/1.1" 304 -
120.253.135.82 - - [05/Aug/2021:09:16:29 +0800] "GET /xingrg/javascript/easyui/themes/icons/cancel.png HTTP/1.1" 304 -
120.253.135.82 - - [05/Aug/2021:09:16:29 +0800] "GET /xingrg/javascript/easyui/themes/icons/print.png HTTP/1.1" 304 -
120.253.135.82 - - [05/Aug/2021:09:16:29 +0800] "GET /xingrg/javascript/easyui/themes/icons/ok.png HTTP/1.1" 304 -
120.253.135.82 - - [05/Aug/2021:09:16:29 +0800] "GET /xingrg/javascript/easyui/themes/default/images/menu_downarrow.png HTTP/1.1" 304 -
120.253.135.82 - - [05/Aug/2021:09:16:29 +0800] "GET /xingrg/javascript/easyui/themes/icons/copy_new.png HTTP/1.1" 304 -
222.70.246.151 - - [05/Aug/2021:09:16:29 +0800] "GET /xingrg/all/function/internal_message.html?_=1628126197278&CODE_STATE=getMsg HTTP/1.1" 302 -
180.156.224.123 - - [05/Aug/2021:09:16:29 +0800] "GET /xingrg/javascript/auto/indicator.gif HTTP/1.1" 404 1066
120.253.135.82 - - [05/Aug/2021:09:16:29 +0800] "GET /xingrg/javascript/easyui/themes/default/validatebox.css HTTP/1.1" 404 1104
120.253.135.82 - - [05/Aug/2021:09:16:29 +0800] "GET /xingrg/javascript/easyui/plugins/jquery.validatebox.js HTTP/1.1" 304 -
120.253.135.82 - - [05/Aug/2021:09:16:29 +0800] "GET /xingrg/all/common/auto_word.html?type=base&rest_code=00101 HTTP/1.1" 200 613
120.253.135.82 - - [05/Aug/2021:09:16:29 +0800] "GET /xingrg/javascript/easyui/plugins/jquery.numberbox.js HTTP/1.1" 304 -
120.253.135.82 - - [05/Aug/2021:09:16:29 +0800] "POST /xingrg/kc/pszx/mdps_order_operate.html HTTP/1.1" 200 2271
120.253.135.82 - - [05/Aug/2021:09:16:29 +0800] "GET /xingrg/javascript/easyui/themes/icons/edit_remove.png HTTP/1.1" 304 -
120.253.135.82 - - [05/Aug/2021:09:16:31 +0800] "GET /xingrg/all/function/internal_message.html?_=1628125965997&CODE_STATE=getMsg HTTP/1.1" 200 27
116.235.222.38 - - [05/Aug/2021:09:16:33 +0800] "GET /xingrg/all/function/internal_message.html?_=1628126185400&CODE_STATE=getMsg HTTP/1.1" 200 27
180.156.224.123 - - [05/Aug/2021:09:16:34 +0800] "GET /xingrg/all/function/internal_message.html?_=1628126188715&CODE_STATE=getMsg HTTP/1.1" 200 27
101.83.145.79 - - [05/Aug/2021:09:16:34 +0800] "GET /xingrg/all/function/internal_message.html?_=1628126192785&CODE_STATE=getMsg HTTP/1.1" 200 27
114.88.154.248 - - [05/Aug/2021:09:16:34 +0800] "GET /xingrg/kc/buy/cgsh_order_operate.html?command=get_materiel&rest_code=00141&code=00101016025&supplier_code=00100036&order_time=2021-08-05 HTTP/1.1" 200 408
120.253.135.82 - - [05/Aug/2021:09:16:38 +0800] "GET /xingrg/javascript/easyui/themes/default/images/button_plain_hover.png HTTP/1.1" 304 -
180.156.224.123 - - [05/Aug/2021:09:16:38 +0800] "GET /xingrg/kc/buy/cgsh_order_operate.html?command=get_materiel&rest_code=00150&code=00101009001&supplier_code=00100424&order_time=2021-08-05 HTTP/1.1" 200 416
120.253.135.82 - - [05/Aug/2021:09:16:40 +0800] "POST /xingrg/kc/pszx/mdps_order_operate.html HTTP/1.1" 200 37
120.253.135.82 - - [05/Aug/2021:09:16:40 +0800] "GET /xingrg/kc/pszx/mdps_order_info.html?code=312021080500130 HTTP/1.1" 200 23929
120.253.135.82 - - [05/Aug/2021:09:16:41 +0800] "GET /xingrg/javascript/easyui/themes/default/validatebox.css HTTP/1.1" 404 1104
120.253.135.82 - - [05/Aug/2021:09:16:41 +0800] "POST /xingrg/kc/pszx/mdps_order_operate.html HTTP/1.1" 200 2279
114.88.154.248 - - [05/Aug/2021:09:16:44 +0800] "GET /xingrg/kc/buy/cgsh_order_operate.html?command=get_materiel&rest_code=00141&code=00101011001&supplier_code=00100036&order_time=2021-08-05 HTTP/1.1" 200 423
180.169.147.146 - - [05/Aug/2021:09:16:45 +0800] "GET /xingrg/all/function/internal_message.html?_=1628126201823&CODE_STATE=getMsg HTTP/1.1" 302 -
120.253.135.82 - - [05/Aug/2021:09:16:45 +0800] "POST /xingrg/kc/pszx/mdps_list_operate.html HTTP/1.1" 200 555
120.253.135.82 - - [05/Aug/2021:09:16:46 +0800] "GET /xingrg/kc/pszx/mdps_order_info.html?code=312021080500129 HTTP/1.1" 200 23929
120.253.135.82 - - [05/Aug/2021:09:16:46 +0800] "GET /xingrg/javascript/easyui/themes/default/validatebox.css HTTP/1.1" 404 1104
120.253.135.82 - - [05/Aug/2021:09:16:46 +0800] "POST /xingrg/kc/pszx/mdps_order_operate.html HTTP/1.1" 200 4257
180.156.224.123 - - [05/Aug/2021:09:16:48 +0800] "GET /xingrg/kc/buy/cgsh_order_operate.html?command=get_materiel&rest_code=00150&code=00101009062&supplier_code=00100424&order_time=2021-08-05 HTTP/1.1" 200 412
120.253.135.82 - - [05/Aug/2021:09:16:50 +0800] "POST /xingrg/kc/pszx/mdps_order_operate.html HTTP/1.1" 200 37
120.253.135.82 - - [05/Aug/2021:09:16:51 +0800] "GET /xingrg/kc/pszx/mdps_order_info.html?code=312021080500129 HTTP/1.1" 200 23929
120.253.135.82 - - [05/Aug/2021:09:16:52 +0800] "GET /xingrg/javascript/easyui/themes/default/validatebox.css HTTP/1.1" 404 1104
120.253.135.82 - - [05/Aug/2021:09:16:52 +0800] "POST /xingrg/kc/pszx/mdps_order_operate.html HTTP/1.1" 200 4293
114.88.154.248 - - [05/Aug/2021:09:16:53 +0800] "GET /xingrg/kc/buy/cgsh_order_operate.html?command=get_materiel&rest_code=00141&code=00101016053&supplier_code=00100036&order_time=2021-08-05 HTTP/1.1" 200 408
180.169.147.146 - - [05/Aug/2021:09:16:56 +0800] "GET /xingrg/check_reg.html?_=1628126213116 HTTP/1.1" 200 22
180.169.147.146 - - [05/Aug/2021:09:16:56 +0800] "GET /xingrg/all/function/internal_message.html?_=1628126213118&CODE_STATE=getMsg HTTP/1.1" 200 27
180.156.224.123 - - [05/Aug/2021:09:16:57 +0800] "GET /xingrg/kc/buy/cgsh_order_operate.html?command=get_materiel&rest_code=00150&code=00101009124&supplier_code=00100424&order_time=2021-08-05 HTTP/1.1" 200 402
114.88.154.248 - - [05/Aug/2021:09:16:58 +0800] "GET /xingrg/all/function/internal_message.html?_=1628126121090&CODE_STATE=getMsg HTTP/1.1" 200 27
120.253.135.82 - - [05/Aug/2021:09:16:59 +0800] "POST /xingrg/kc/pszx/mdps_list_operate.html HTTP/1.1" 200 2057
222.70.246.151 - - [05/Aug/2021:09:17:04 +0800] "GET /xingrg/all/function/internal_message.html?_=1628126234324&CODE_STATE=getMsg HTTP/1.1" 200 27
114.88.154.248 - - [05/Aug/2021:09:17:06 +0800] "POST /xingrg/kc/buy/cgsh_order_operate.html HTTP/1.1" 200 37
222.70.183.193 - - [05/Aug/2021:09:17:07 +0800] "GET /xingrg/all/function/internal_message.html?_=1628126223097&CODE_STATE=getMsg HTTP/1.1" 200 27
180.156.224.123 - - [05/Aug/2021:09:17:08 +0800] "GET /xingrg/kc/buy/cgsh_order_operate.html?command=get_materiel&rest_code=00150&code=00101009011&supplier_code=00100424&order_time=2021-08-05 HTTP/1.1" 200 416
180.169.147.146 - - [05/Aug/2021:09:17:09 +0800] "GET /xingrg/check_reg.html?_=1628126226529 HTTP/1.1" 200 22
180.169.147.146 - - [05/Aug/2021:09:17:09 +0800] "GET /xingrg/all/function/internal_message.html?_=1628126226532&CODE_STATE=getMsg HTTP/1.1" 200 27
114.88.154.248 - - [05/Aug/2021:09:17:09 +0800] "POST /xingrg/kc/buy/cgsh_order_operate.html HTTP/1.1" 200 12
114.88.154.248 - - [05/Aug/2021:09:17:10 +0800] "GET /xingrg/kc/buy/cgsh_order_info.html?code=212021080501834 HTTP/1.1" 200 58060
114.88.154.248 - - [05/Aug/2021:09:17:11 +0800] "GET /xingrg/javascript/easyui/themes/default/validatebox.css HTTP/1.1" 404 1104
114.88.154.248 - - [05/Aug/2021:09:17:11 +0800] "POST /xingrg/kc/buy/cgsh_order_operate.html HTTP/1.1" 200 2378
114.88.154.248 - - [05/Aug/2021:09:17:12 +0800] "GET /xingrg/kc/print/load_config.html?kc_code=cgsh HTTP/1.1" 200 1845
114.88.154.248 - - [05/Aug/2021:09:17:12 +0800] "GET /xingrg/kc/print/load_data.html?order_code=212021080501834&kc_code=cgsh&condition= HTTP/1.1" 200 1454
120.253.135.82 - - [05/Aug/2021:09:17:15 +0800] "POST /xingrg/kc/pszx/mdps_list_operate.html HTTP/1.1" 200 3551
116.233.73.10 - - [05/Aug/2021:09:17:16 +0800] "GET /xingrg/all/function/internal_message.html?_=1628126232587&CODE_STATE=getMsg HTTP/1.1" 200 27
116.233.73.10 - - [05/Aug/2021:09:17:16 +0800] "GET /xingrg/check_reg.html?_=1628126232588 HTTP/1.1" 200 22
114.88.154.248 - - [05/Aug/2021:09:17:16 +0800] "GET /xingrg/kc/buy/cgsh_order_add.html HTTP/1.1" 200 63149
114.88.154.248 - - [05/Aug/2021:09:17:16 +0800] "POST /xingrg/kc/buy/cgsh_order_operate.html HTTP/1.1" 200 8245
114.88.154.248 - - [05/Aug/2021:09:17:16 +0800] "GET /xingrg/javascript/easyui/themes/default/validatebox.css HTTP/1.1" 404 1104
120.253.135.82 - - [05/Aug/2021:09:17:17 +0800] "GET /xingrg/all/function/internal_message.html?_=1628126269762&CODE_STATE=getMsg HTTP/1.1" 200 27
120.253.135.82 - - [05/Aug/2021:09:17:17 +0800] "POST /xingrg/kc/pszx/mdps_list_operate.html HTTP/1.1" 200 288
120.253.135.82 - - [05/Aug/2021:09:17:19 +0800] "POST /xingrg/kc/pszx/mdps_list_operate.html HTTP/1.1" 200 586
180.156.224.123 - - [05/Aug/2021:09:17:19 +0800] "GET /xingrg/kc/buy/cgsh_order_operate.html?command=get_materiel&rest_code=00150&code=00101009039&supplier_code=00100424&order_time=2021-08-05 HTTP/1.1" 200 408
180.156.224.123 - - [05/Aug/2021:09:17:20 +0800] "GET /xingrg/all/function/internal_message.html?_=1628126191848&CODE_STATE=getMsg HTTP/1.1" 200 27
120.253.135.82 - - [05/Aug/2021:09:17:21 +0800] "POST /xingrg/kc/pszx/mdps_list_operate.html HTTP/1.1" 200 208
120.253.135.82 - - [05/Aug/2021:09:17:22 +0800] "GET /xingrg/kc/pszx/mdps_order_info.html?code=312021080500126 HTTP/1.1" 200 23931
120.253.135.82 - - [05/Aug/2021:09:17:22 +0800] "GET /xingrg/javascript/easyui/themes/default/validatebox.css HTTP/1.1" 404 1104
120.253.135.82 - - [05/Aug/2021:09:17:22 +0800] "POST /xingrg/kc/pszx/mdps_order_operate.html HTTP/1.1" 200 2295
