116.230.110.80 - - [31/Jul/2021:09:41:08 +0800] "GET /xingrg/all/function/internal_message.html?_=1627695666924&CODE_STATE=getMsg HTTP/1.1" 200 27
101.83.145.79 - - [31/Jul/2021:09:41:15 +0800] "GET /xingrg/all/function/internal_message.html?_=1627695674633&CODE_STATE=getMsg HTTP/1.1" 200 27
180.174.197.120 - - [31/Jul/2021:09:41:16 +0800] "GET /xingrg/all/function/internal_message.html?_=1627695648638&CODE_STATE=getMsg HTTP/1.1" 200 27
114.88.154.248 - - [31/Jul/2021:09:41:17 +0800] "GET /xingrg/all/function/internal_message.html?_=1627695580311&CODE_STATE=getMsg HTTP/1.1" 302 -
180.156.224.123 - - [31/Jul/2021:09:41:20 +0800] "POST /xingrg/kc/buy/cgsh_order_operate.html HTTP/1.1" 200 37
117.184.7.30 - - [31/Jul/2021:09:41:21 +0800] "GET /xingrg/kc/base/base_main.html HTTP/1.1" 200 12142
117.184.7.30 - - [31/Jul/2021:09:41:23 +0800] "GET /xingrg/kc/base/yddb_order_list.html HTTP/1.1" 200 16751
180.156.224.123 - - [31/Jul/2021:09:41:23 +0800] "POST /xingrg/kc/buy/cgsh_order_operate.html HTTP/1.1" 200 8696
117.184.7.30 - - [31/Jul/2021:09:41:23 +0800] "POST /xingrg/kc/base/yddb_list_operate.html HTTP/1.1" 200 1339
222.70.176.145 - - [31/Jul/2021:09:41:23 +0800] "GET /xingrg/kc/buy/cgsh_order_operate.html?command=get_materiel&rest_code=00111&code=00101006109&supplier_code=00100012&order_time=2021-07-31 HTTP/1.1" 200 411
180.156.224.123 - - [31/Jul/2021:09:41:23 +0800] "GET /xingrg/all/function/internal_message.html?_=1627695643860&CODE_STATE=getMsg HTTP/1.1" 200 27
101.83.241.165 - - [31/Jul/2021:09:41:30 +0800] "GET /xingrg/kc/base/wldb_order_add.html HTTP/1.1" 200 30359
101.83.241.165 - - [31/Jul/2021:09:41:30 +0800] "POST /xingrg/kc/base/wldb_order_operate.html HTTP/1.1" 200 6806
101.83.241.165 - - [31/Jul/2021:09:41:30 +0800] "GET /xingrg/javascript/easyui/themes/default/validatebox.css HTTP/1.1" 404 1104
116.235.222.38 - - [31/Jul/2021:09:41:31 +0800] "GET /xingrg/all/function/internal_message.html?_=1627695684505&CODE_STATE=getMsg HTTP/1.1" 200 27
180.156.224.123 - - [31/Jul/2021:09:41:32 +0800] "GET /xingrg/all/function/internal_message.html?_=1627695689616&CODE_STATE=getMsg HTTP/1.1" 200 27
101.83.241.165 - - [31/Jul/2021:09:41:32 +0800] "POST /xingrg/all/common/load_combo.html?type=base HTTP/1.1" 200 1224
120.253.135.82 - - [31/Jul/2021:09:41:32 +0800] "GET /xingrg/check_reg.html?_=1627695818395 HTTP/1.1" 200 22
120.253.135.82 - - [31/Jul/2021:09:41:33 +0800] "GET /xingrg/all/function/internal_message.html?_=1627695818655&CODE_STATE=getMsg HTTP/1.1" 200 27
101.83.241.165 - - [31/Jul/2021:09:41:35 +0800] "POST /xingrg/all/common/load_combo.html?type=base HTTP/1.1" 200 1224
117.184.7.30 - - [31/Jul/2021:09:41:35 +0800] "POST /xingrg/kc/base/yddb_list_operate.html HTTP/1.1" 200 4302
116.237.74.182 - - [31/Jul/2021:09:41:36 +0800] "GET /xingrg/all/function/internal_message.html?_=1627695691732&CODE_STATE=getMsg HTTP/1.1" 200 27
222.69.129.197 - - [31/Jul/2021:09:41:36 +0800] "POST /xingrg/kc/buy/cgsh_order_operate.html HTTP/1.1" 200 37
117.184.7.30 - - [31/Jul/2021:09:41:37 +0800] "POST /xingrg/kc/base/yddb_list_operate.html HTTP/1.1" 200 201
180.156.224.123 - - [31/Jul/2021:09:41:38 +0800] "GET /xingrg/kc/buy/cgsh_order_add.html HTTP/1.1" 200 62532
180.156.224.123 - - [31/Jul/2021:09:41:39 +0800] "POST /xingrg/kc/buy/cgsh_order_operate.html HTTP/1.1" 200 8245
117.184.7.30 - - [31/Jul/2021:09:41:39 +0800] "GET /xingrg/kc/base/yddb_order_info.html?code=482021073000197 HTTP/1.1" 200 31540
117.184.7.30 - - [31/Jul/2021:09:41:39 +0800] "GET /xingrg/dwr/interface/AjaxComOrderService.js HTTP/1.1" 200 18264
117.184.7.30 - - [31/Jul/2021:09:41:39 +0800] "GET /xingrg/dwr/interface/AjaxYddbService.js HTTP/1.1" 200 13201
180.156.224.123 - - [31/Jul/2021:09:41:39 +0800] "GET /xingrg/javascript/easyui/themes/default/validatebox.css HTTP/1.1" 404 1104
117.184.7.30 - - [31/Jul/2021:09:41:39 +0800] "GET /xingrg/dwr/util.js HTTP/1.1" 304 -
117.184.7.30 - - [31/Jul/2021:09:41:39 +0800] "GET /xingrg/dwr/engine.js HTTP/1.1" 200 43631
117.184.7.30 - - [31/Jul/2021:09:41:40 +0800] "POST /xingrg/dwr/call/plaincall/AjaxYddbService.loadMaterielItems.dwr HTTP/1.1" 200 393
222.70.176.145 - - [31/Jul/2021:09:41:40 +0800] "GET /xingrg/check_reg.html?_=1627695696270 HTTP/1.1" 200 22
222.70.176.145 - - [31/Jul/2021:09:41:41 +0800] "GET /xingrg/all/function/internal_message.html?_=1627695696266&CODE_STATE=getMsg HTTP/1.1" 200 27
222.70.176.145 - - [31/Jul/2021:09:41:41 +0800] "GET /xingrg/kc/buy/cgsh_order_operate.html?command=get_materiel&rest_code=00111&code=00101006111&supplier_code=00100012&order_time=2021-07-31 HTTP/1.1" 200 409
120.253.135.82 - - [31/Jul/2021:09:41:41 +0800] "GET /xingrg/all/function/internal_message.html?_=1627695737961&CODE_STATE=getMsg HTTP/1.1" 200 27
222.69.129.197 - - [31/Jul/2021:09:41:42 +0800] "POST /xingrg/kc/buy/cgsh_order_operate.html HTTP/1.1" 200 12
117.184.7.30 - - [31/Jul/2021:09:41:42 +0800] "GET /xingrg/kc/base/yddb_order_report.html?fileType=printReport.do&code=482021073000197&reportName=ck_order_report&subName=yddb HTTP/1.1" 302 -
117.184.7.30 - - [31/Jul/2021:09:41:42 +0800] "GET /xingrg/printReport.do?sysBaseUrl=http%3A%2F%2F180.169.147.146%3A18081%2Fxingrg%2F&costTime=227×tamp=1627695702969 HTTP/1.1" 200 1138
222.69.129.197 - - [31/Jul/2021:09:41:43 +0800] "GET /xingrg/kc/buy/cgsh_order_info.html?code=212021073113955 HTTP/1.1" 200 57840
222.69.129.197 - - [31/Jul/2021:09:41:43 +0800] "GET /xingrg/javascript/easyui/themes/default/validatebox.css HTTP/1.1" 404 1104
117.184.7.30 - - [31/Jul/2021:09:41:43 +0800] "GET /favicon.ico HTTP/1.1" 404 -
222.69.129.197 - - [31/Jul/2021:09:41:44 +0800] "POST /xingrg/kc/buy/cgsh_order_operate.html HTTP/1.1" 200 2401
116.233.73.163 - - [31/Jul/2021:09:41:45 +0800] "GET /xingrg/all/function/internal_message.html?_=1627695716578&CODE_STATE=getMsg HTTP/1.1" 200 27
222.70.246.151 - - [31/Jul/2021:09:41:45 +0800] "GET /xingrg/all/function/internal_message.html?_=1627695702659&CODE_STATE=getMsg HTTP/1.1" 200 27
222.69.129.197 - - [31/Jul/2021:09:41:46 +0800] "GET /xingrg/kc/print/load_data.html?order_code=212021073113955&kc_code=cgsh&condition= HTTP/1.1" 200 1502
222.69.129.197 - - [31/Jul/2021:09:41:46 +0800] "GET /xingrg/all/function/internal_message.html?_=1627695706984&CODE_STATE=getMsg HTTP/1.1" 200 27
222.69.129.197 - - [31/Jul/2021:09:41:50 +0800] "GET /xingrg/kc/buy/cgsh_order_add.html HTTP/1.1" 200 62931
222.69.129.197 - - [31/Jul/2021:09:41:50 +0800] "POST /xingrg/kc/buy/cgsh_order_operate.html HTTP/1.1" 200 8245
222.69.129.197 - - [31/Jul/2021:09:41:50 +0800] "GET /xingrg/javascript/easyui/themes/default/validatebox.css HTTP/1.1" 404 1104
101.80.228.114 - - [31/Jul/2021:09:41:51 +0800] "GET /xingrg/all/function/internal_message.html?_=1627695710774&CODE_STATE=getMsg HTTP/1.1" 200 27
117.184.7.30 - - [31/Jul/2021:09:41:52 +0800] "GET /xingrg/applets/default.class HTTP/1.1" 404 1050
117.184.7.30 - - [31/Jul/2021:09:41:52 +0800] "GET /xingrg/applets/default.class HTTP/1.1" 404 1050
180.169.147.146 - - [31/Jul/2021:09:41:53 +0800] "GET /xingrg/all/function/internal_message.html?_=1627695705019&CODE_STATE=getMsg HTTP/1.1" 200 27
117.184.7.30 - - [31/Jul/2021:09:41:53 +0800] "GET /xingrg/applets/applet.jar HTTP/1.1" 304 -
117.184.7.30 - - [31/Jul/2021:09:41:54 +0800] "GET /xingrg/all/function/internal_message.html?_=1627695703001&CODE_STATE=getMsg HTTP/1.1" 200 27
222.70.176.145 - - [31/Jul/2021:09:41:54 +0800] "GET /xingrg/kc/buy/cgsh_order_operate.html?command=get_materiel&rest_code=00111&code=00101006133&supplier_code=00100012&order_time=2021-07-31 HTTP/1.1" 200 413
117.184.7.30 - - [31/Jul/2021:09:41:56 +0800] "GET /xingrg/servlets/printview HTTP/1.1" 200 11773
117.184.7.30 - - [31/Jul/2021:09:41:56 +0800] "GET /xingrg/applets/net/sf/jasperreports/engine/export/JRPrintServiceExporter.class HTTP/1.1" 404 1150
117.184.7.30 - - [31/Jul/2021:09:41:56 +0800] "GET /xingrg/applets/net/sf/jasperreports/engine/export/JRPrintServiceExporter.class HTTP/1.1" 404 1150
180.162.111.5 - - [31/Jul/2021:09:41:58 +0800] "GET /xingrg/all/function/internal_message.html?_=1627695341817&CODE_STATE=getMsg HTTP/1.1" 200 27
120.253.135.82 - - [31/Jul/2021:09:42:00 +0800] "GET /xingrg/all/function/internal_message.html?_=1627695498851&CODE_STATE=getMsg HTTP/1.1" 200 27
117.184.7.30 - - [31/Jul/2021:09:42:01 +0800] "GET /xingrg/applets/META-INF/services/javax.xml.parsers.DocumentBuilderFactory HTTP/1.1" 404 1140
117.184.7.30 - - [31/Jul/2021:09:42:02 +0800] "GET /xingrg/applets/jasperreports.properties HTTP/1.1" 404 1072
117.184.7.30 - - [31/Jul/2021:09:42:02 +0800] "GET /xingrg/applets/jasperreports.properties HTTP/1.1" 404 1072
117.184.7.30 - - [31/Jul/2021:09:42:02 +0800] "GET /xingrg/applets/jasperreports.properties HTTP/1.1" 404 1072
117.184.7.30 - - [31/Jul/2021:09:42:03 +0800] "GET /xingrg/applets/META-INF/services/javax.xml.parsers.DocumentBuilderFactory HTTP/1.1" 404 1140
114.84.82.184 - - [31/Jul/2021:09:42:03 +0800] "GET /xingrg/all/function/internal_message.html?_=1627695733092&CODE_STATE=getMsg HTTP/1.1" 200 27
222.70.176.145 - - [31/Jul/2021:09:42:05 +0800] "GET /xingrg/all/function/internal_message.html?_=1627695759566&CODE_STATE=getMsg HTTP/1.1" 302 -
180.169.147.146 - - [31/Jul/2021:09:42:06 +0800] "GET /xingrg/all/function/internal_message.html?_=1627695734934&CODE_STATE=getMsg HTTP/1.1" 302 -
180.169.147.146 - - [31/Jul/2021:09:42:06 +0800] "GET /xingrg/check_reg.html?_=1627695734936 HTTP/1.1" 302 -
101.83.241.165 - - [31/Jul/2021:09:42:07 +0800] "GET /xingrg/all/function/internal_message.html?_=1627695726787&CODE_STATE=getMsg HTTP/1.1" 200 27
116.230.110.80 - - [31/Jul/2021:09:42:08 +0800] "GET /xingrg/all/function/internal_message.html?_=1627695726921&CODE_STATE=getMsg HTTP/1.1" 200 27
180.156.224.123 - - [31/Jul/2021:09:42:10 +0800] "GET /xingrg/check_reg.html?_=1627695691227 HTTP/1.1" 200 22
222.69.129.197 - - [31/Jul/2021:09:42:12 +0800] "GET /xingrg/kc/buy/cgsh_order_operate.html?command=get_materiel&rest_code=00149&code=00101016080&supplier_code=00100036&order_time=2021-07-31 HTTP/1.1" 200 408
180.156.224.123 - - [31/Jul/2021:09:42:14 +0800] "GET /xingrg/kc/buy/cgsh_order_operate.html?command=get_materiel&rest_code=00151&code=00101012060&supplier_code=00100007&order_time=2021-07-31 HTTP/1.1" 200 408
101.83.145.79 - - [31/Jul/2021:09:42:15 +0800] "GET /xingrg/all/function/internal_message.html?_=1627695734633&CODE_STATE=getMsg HTTP/1.1" 200 27
180.174.197.120 - - [31/Jul/2021:09:42:16 +0800] "GET /xingrg/all/function/internal_message.html?_=1627695708672&CODE_STATE=getMsg HTTP/1.1" 200 27
114.88.154.248 - - [31/Jul/2021:09:42:17 +0800] "GET /xingrg/all/function/internal_message.html?_=1627695640286&CODE_STATE=getMsg HTTP/1.1" 302 -
114.88.154.248 - - [31/Jul/2021:09:42:17 +0800] "GET /xingrg/check_reg.html?_=1627695640556 HTTP/1.1" 302 -
180.156.224.123 - - [31/Jul/2021:09:42:23 +0800] "GET /xingrg/all/function/internal_message.html?_=1627695703875&CODE_STATE=getMsg HTTP/1.1" 200 27
180.156.224.123 - - [31/Jul/2021:09:42:24 +0800] "GET /xingrg/kc/buy/cgsh_order_operate.html?command=get_materiel&rest_code=00151&code=00101008323&supplier_code=00100007&order_time=2021-07-31 HTTP/1.1" 200 408
117.184.7.30 - - [31/Jul/2021:09:42:26 +0800] "POST /xingrg/kc/base/yddb_list_operate.html HTTP/1.1" 200 274
117.184.7.30 - - [31/Jul/2021:09:42:26 +0800] "GET /xingrg/kc/base/yddb_order_info.html?code=482021072900183 HTTP/1.1" 200 31541
117.184.7.30 - - [31/Jul/2021:09:42:26 +0800] "GET /xingrg/dwr/interface/AjaxComOrderService.js HTTP/1.1" 200 18264
117.184.7.30 - - [31/Jul/2021:09:42:26 +0800] "GET /xingrg/dwr/interface/AjaxYddbService.js HTTP/1.1" 200 13201
117.184.7.30 - - [31/Jul/2021:09:42:26 +0800] "GET /xingrg/dwr/engine.js HTTP/1.1" 200 43631
117.184.7.30 - - [31/Jul/2021:09:42:27 +0800] "POST /xingrg/dwr/call/plaincall/AjaxYddbService.loadMaterielItems.dwr HTTP/1.1" 200 707
222.70.176.145 - - [31/Jul/2021:09:42:29 +0800] "GET /xingrg/kc/buy/cgsh_order_operate.html?command=get_materiel&rest_code=00111&code=00101006175&supplier_code=00100012&order_time=2021-07-31 HTTP/1.1" 200 414
117.184.7.30 - - [31/Jul/2021:09:42:29 +0800] "GET /xingrg/kc/base/yddb_order_report.html?fileType=printReport.do&code=482021072900183&reportName=ck_order_report&subName=yddb HTTP/1.1" 302 -
117.184.7.30 - - [31/Jul/2021:09:42:29 +0800] "GET /xingrg/printReport.do?sysBaseUrl=http%3A%2F%2F180.169.147.146%3A18081%2Fxingrg%2F&costTime=196×tamp=1627695749147 HTTP/1.1" 200 1138
117.184.7.30 - - [31/Jul/2021:09:42:29 +0800] "GET /favicon.ico HTTP/1.1" 404 -
117.184.7.30 - - [31/Jul/2021:09:42:30 +0800] "GET /xingrg/applets/default.class HTTP/1.1" 404 1050
117.184.7.30 - - [31/Jul/2021:09:42:30 +0800] "GET /xingrg/applets/default.class HTTP/1.1" 404 1050
222.69.129.197 - - [31/Jul/2021:09:42:30 +0800] "GET /xingrg/kc/buy/cgsh_order_operate.html?command=get_materiel&rest_code=00149&code=00101012051&supplier_code=00100036&order_time=2021-07-31 HTTP/1.1" 200 408
117.184.7.30 - - [31/Jul/2021:09:42:31 +0800] "GET /xingrg/applets/applet.jar HTTP/1.1" 304 -
117.184.7.30 - - [31/Jul/2021:09:42:31 +0800] "GET /xingrg/servlets/printview HTTP/1.1" 200 12167
180.156.224.123 - - [31/Jul/2021:09:42:31 +0800] "GET /xingrg/kc/buy/cgsh_order_operate.html?command=get_materiel&rest_code=00151&code=00101008352&supplier_code=00100007&order_time=2021-07-31 HTTP/1.1" 200 412
117.184.7.30 - - [31/Jul/2021:09:42:31 +0800] "GET /xingrg/applets/net/sf/jasperreports/engine/export/JRPrintServiceExporter.class HTTP/1.1" 404 1150
117.184.7.30 - - [31/Jul/2021:09:42:31 +0800] "GET /xingrg/applets/net/sf/jasperreports/engine/export/JRPrintServiceExporter.class HTTP/1.1" 404 1150
116.235.222.38 - - [31/Jul/2021:09:42:31 +0800] "GET /xingrg/all/function/internal_message.html?_=1627695744490&CODE_STATE=getMsg HTTP/1.1" 200 27
180.156.224.123 - - [31/Jul/2021:09:42:32 +0800] "GET /xingrg/all/function/internal_message.html?_=1627695749624&CODE_STATE=getMsg HTTP/1.1" 200 27
116.235.222.38 - - [31/Jul/2021:09:42:32 +0800] "GET /xingrg/check_reg.html?_=1627695744729 HTTP/1.1" 200 22
117.184.7.30 - - [31/Jul/2021:09:42:32 +0800] "GET /xingrg/applets/META-INF/services/javax.xml.parsers.DocumentBuilderFactory HTTP/1.1" 404 1140
117.184.7.30 - - [31/Jul/2021:09:42:32 +0800] "GET /xingrg/applets/jasperreports.properties HTTP/1.1" 404 1072
117.184.7.30 - - [31/Jul/2021:09:42:32 +0800] "GET /xingrg/applets/jasperreports.properties HTTP/1.1" 404 1072
117.184.7.30 - - [31/Jul/2021:09:42:32 +0800] "GET /xingrg/applets/jasperreports.properties HTTP/1.1" 404 1072
120.253.135.82 - - [31/Jul/2021:09:42:33 +0800] "GET /xingrg/all/function/internal_message.html?_=1627695878669&CODE_STATE=getMsg HTTP/1.1" 200 27
117.184.7.30 - - [31/Jul/2021:09:42:33 +0800] "GET /xingrg/applets/META-INF/services/javax.xml.parsers.DocumentBuilderFactory HTTP/1.1" 404 1140
117.184.7.30 - - [31/Jul/2021:09:42:36 +0800] "POST /xingrg/kc/base/yddb_list_operate.html HTTP/1.1" 200 279
116.237.74.182 - - [31/Jul/2021:09:42:36 +0800] "GET /xingrg/all/function/internal_message.html?_=1627695751732&CODE_STATE=getMsg HTTP/1.1" 200 27
117.184.7.30 - - [31/Jul/2021:09:42:36 +0800] "GET /xingrg/kc/base/yddb_order_info.html?code=482021072800179 HTTP/1.1" 200 31542
117.184.7.30 - - [31/Jul/2021:09:42:36 +0800] "GET /xingrg/dwr/interface/AjaxComOrderService.js HTTP/1.1" 200 18264
117.184.7.30 - - [31/Jul/2021:09:42:36 +0800] "GET /xingrg/dwr/interface/AjaxYddbService.js HTTP/1.1" 200 13201
117.184.7.30 - - [31/Jul/2021:09:42:36 +0800] "GET /xingrg/dwr/engine.js HTTP/1.1" 200 43631
117.184.7.30 - - [31/Jul/2021:09:42:37 +0800] "POST /xingrg/dwr/call/plaincall/AjaxYddbService.loadMaterielItems.dwr HTTP/1.1" 200 706
117.184.7.30 - - [31/Jul/2021:09:42:38 +0800] "GET /xingrg/kc/base/yddb_order_report.html?fileType=printReport.do&code=482021072800179&reportName=ck_order_report&subName=yddb HTTP/1.1" 302 -
117.184.7.30 - - [31/Jul/2021:09:42:38 +0800] "GET /xingrg/printReport.do?sysBaseUrl=http%3A%2F%2F180.169.147.146%3A18081%2Fxingrg%2F&costTime=129×tamp=1627695758895 HTTP/1.1" 200 1138
180.156.224.123 - - [31/Jul/2021:09:42:39 +0800] "GET /xingrg/kc/buy/cgsh_order_operate.html?command=get_materiel&rest_code=00151&code=00101008085&supplier_code=00100007&order_time=2021-07-31 HTTP/1.1" 200 412
117.184.7.30 - - [31/Jul/2021:09:42:39 +0800] "GET /favicon.ico HTTP/1.1" 404 -
117.184.7.30 - - [31/Jul/2021:09:42:39 +0800] "GET /xingrg/servlets/printview HTTP/1.1" 200 12180
117.184.7.30 - - [31/Jul/2021:09:42:39 +0800] "GET /xingrg/applets/net/sf/jasperreports/engine/export/JRPrintServiceExporter.class HTTP/1.1" 404 1150
117.184.7.30 - - [31/Jul/2021:09:42:39 +0800] "GET /xingrg/applets/net/sf/jasperreports/engine/export/JRPrintServiceExporter.class HTTP/1.1" 404 1150
58.40.7.146 - - [31/Jul/2021:09:42:40 +0800] "GET /xingrg/check_reg.html?_=1627695759948 HTTP/1.1" 200 22
58.40.7.146 - - [31/Jul/2021:09:42:40 +0800] "GET /xingrg/all/function/internal_message.html?_=1627695759950&CODE_STATE=getMsg HTTP/1.1" 200 27
222.70.176.145 - - [31/Jul/2021:09:42:40 +0800] "GET /xingrg/all/function/internal_message.html?_=1627695756245&CODE_STATE=getMsg HTTP/1.1" 200 27
117.184.7.30 - - [31/Jul/2021:09:42:41 +0800] "GET /xingrg/applets/META-INF/services/javax.xml.parsers.DocumentBuilderFactory HTTP/1.1" 404 1140
117.184.7.30 - - [31/Jul/2021:09:42:41 +0800] "GET /xingrg/applets/META-INF/services/javax.xml.parsers.DocumentBuilderFactory HTTP/1.1" 404 1140
222.69.129.197 - - [31/Jul/2021:09:42:41 +0800] "GET /xingrg/kc/buy/cgsh_order_operate.html?command=get_materiel&rest_code=00149&code=00101010092&supplier_code=00100036&order_time=2021-07-31 HTTP/1.1" 200 431
120.253.135.82 - - [31/Jul/2021:09:42:41 +0800] "GET /xingrg/all/function/internal_message.html?_=1627695797975&CODE_STATE=getMsg HTTP/1.1" 200 27
222.70.176.145 - - [31/Jul/2021:09:42:45 +0800] "GET /xingrg/kc/buy/cgsh_order_operate.html?command=get_materiel&rest_code=00111&code=00101006055&supplier_code=00100012&order_time=2021-07-31 HTTP/1.1" 200 411
116.233.73.163 - - [31/Jul/2021:09:42:45 +0800] "GET /xingrg/all/function/internal_message.html?_=1627695777080&CODE_STATE=getMsg HTTP/1.1" 200 27
222.70.246.151 - - [31/Jul/2021:09:42:46 +0800] "GET /xingrg/all/function/internal_message.html?_=1627695762858&CODE_STATE=getMsg HTTP/1.1" 200 27
222.69.129.197 - - [31/Jul/2021:09:42:46 +0800] "GET /xingrg/check_reg.html?_=1627695766628 HTTP/1.1" 200 22
222.69.129.197 - - [31/Jul/2021:09:42:46 +0800] "GET /xingrg/all/function/internal_message.html?_=1627695766961&CODE_STATE=getMsg HTTP/1.1" 200 27
180.156.224.123 - - [31/Jul/2021:09:42:47 +0800] "GET /xingrg/kc/buy/cgsh_order_operate.html?command=get_materiel&rest_code=00151&code=00101008318&supplier_code=00100007&order_time=2021-07-31 HTTP/1.1" 200 408
101.80.228.114 - - [31/Jul/2021:09:42:51 +0800] "GET /xingrg/all/function/internal_message.html?_=1627695770764&CODE_STATE=getMsg HTTP/1.1" 200 27
117.184.7.30 - - [31/Jul/2021:09:42:52 +0800] "POST /xingrg/kc/base/yddb_list_operate.html HTTP/1.1" 200 272
117.184.7.30 - - [31/Jul/2021:09:42:52 +0800] "GET /xingrg/kc/base/yddb_order_info.html?code=482021071800126 HTTP/1.1" 200 31583
117.184.7.30 - - [31/Jul/2021:09:42:52 +0800] "GET /xingrg/dwr/interface/AjaxComOrderService.js HTTP/1.1" 200 18264
117.184.7.30 - - [31/Jul/2021:09:42:52 +0800] "GET /xingrg/dwr/interface/AjaxYddbService.js HTTP/1.1" 200 13201
117.184.7.30 - - [31/Jul/2021:09:42:52 +0800] "GET /xingrg/dwr/engine.js HTTP/1.1" 200 43631
117.184.7.30 - - [31/Jul/2021:09:42:52 +0800] "POST /xingrg/dwr/call/plaincall/AjaxYddbService.loadMaterielItems.dwr HTTP/1.1" 200 695
180.169.147.146 - - [31/Jul/2021:09:42:53 +0800] "GET /xingrg/all/function/internal_message.html?_=1627695764988&CODE_STATE=getMsg HTTP/1.1" 200 27
222.69.129.197 - - [31/Jul/2021:09:42:53 +0800] "POST /xingrg/kc/buy/cgsh_order_operate.html HTTP/1.1" 200 37
117.184.7.30 - - [31/Jul/2021:09:42:54 +0800] "GET /xingrg/all/function/internal_message.html?_=1627695762977&CODE_STATE=getMsg HTTP/1.1" 200 27
180.156.224.123 - - [31/Jul/2021:09:42:54 +0800] "GET /xingrg/kc/buy/cgsh_order_operate.html?command=get_materiel&rest_code=00151&code=00101016051&supplier_code=00100007&order_time=2021-07-31 HTTP/1.1" 200 427
117.184.7.30 - - [31/Jul/2021:09:42:54 +0800] "GET /xingrg/kc/base/yddb_order_report.html?fileType=printReport.do&code=482021071800126&reportName=ck_order_report&subName=yddb HTTP/1.1" 302 -
117.184.7.30 - - [31/Jul/2021:09:42:54 +0800] "GET /xingrg/printReport.do?sysBaseUrl=http%3A%2F%2F180.169.147.146%3A18081%2Fxingrg%2F&costTime=286×tamp=1627695774704 HTTP/1.1" 200 1138
117.184.7.30 - - [31/Jul/2021:09:42:55 +0800] "GET /xingrg/servlets/printview HTTP/1.1" 200 12166
117.184.7.30 - - [31/Jul/2021:09:42:55 +0800] "GET /favicon.ico HTTP/1.1" 404 -
117.184.7.30 - - [31/Jul/2021:09:42:55 +0800] "GET /xingrg/applets/net/sf/jasperreports/engine/export/JRPrintServiceExporter.class HTTP/1.1" 404 1150
117.184.7.30 - - [31/Jul/2021:09:42:55 +0800] "GET /xingrg/applets/net/sf/jasperreports/engine/export/JRPrintServiceExporter.class HTTP/1.1" 404 1150
117.184.7.30 - - [31/Jul/2021:09:42:56 +0800] "GET /xingrg/applets/META-INF/services/javax.xml.parsers.DocumentBuilderFactory HTTP/1.1" 404 1140
117.184.7.30 - - [31/Jul/2021:09:42:56 +0800] "GET /xingrg/applets/META-INF/services/javax.xml.parsers.DocumentBuilderFactory HTTP/1.1" 404 1140
180.162.111.5 - - [31/Jul/2021:09:42:58 +0800] "GET /xingrg/all/function/internal_message.html?_=1627695401809&CODE_STATE=getMsg HTTP/1.1" 200 27
180.156.224.123 - - [31/Jul/2021:09:43:00 +0800] "GET /xingrg/kc/buy/cgsh_order_operate.html?command=get_materiel&rest_code=00151&code=00101008095&supplier_code=00100007&order_time=2021-07-31 HTTP/1.1" 200 412
120.253.135.82 - - [31/Jul/2021:09:43:00 +0800] "GET /xingrg/all/function/internal_message.html?_=1627695559040&CODE_STATE=getMsg HTTP/1.1" 200 27
117.184.7.30 - - [31/Jul/2021:09:43:01 +0800] "POST /xingrg/kc/base/yddb_list_operate.html HTTP/1.1" 200 4405
180.162.111.5 - - [31/Jul/2021:09:43:02 +0800] "POST /xingrg/kc/base/wldb_order_operate.html HTTP/1.1" 200 37
180.162.111.5 - - [31/Jul/2021:09:43:02 +0800] "POST /xingrg/kc/base/wldb_order_operate.html HTTP/1.1" 200 6498
117.184.7.30 - - [31/Jul/2021:09:43:03 +0800] "POST /xingrg/kc/base/yddb_list_operate.html HTTP/1.1" 200 572
180.162.111.5 - - [31/Jul/2021:09:43:03 +0800] "GET /xingrg/kc/base/wldb_order_info.html?code=422021073003380 HTTP/1.1" 200 30376
117.184.7.30 - - [31/Jul/2021:09:43:03 +0800] "POST /xingrg/kc/base/yddb_list_operate.html HTTP/1.1" 200 204
180.162.111.5 - - [31/Jul/2021:09:43:03 +0800] "GET /xingrg/words/20210730190311_words.js HTTP/1.1" 200 830194
117.184.7.30 - - [31/Jul/2021:09:43:03 +0800] "GET /xingrg/kc/base/yddb_order_info.html?code=482021071800124 HTTP/1.1" 200 31583
114.84.82.184 - - [31/Jul/2021:09:43:03 +0800] "GET /xingrg/all/function/internal_message.html?_=1627695793090&CODE_STATE=getMsg HTTP/1.1" 200 27
180.162.111.5 - - [31/Jul/2021:09:43:04 +0800] "GET /xingrg/all/common/auto_word.html?type=base&rest_code=00143 HTTP/1.1" 200 619
117.184.7.30 - - [31/Jul/2021:09:43:04 +0800] "GET /xingrg/dwr/interface/AjaxComOrderService.js HTTP/1.1" 200 18264
117.184.7.30 - - [31/Jul/2021:09:43:04 +0800] "GET /xingrg/dwr/interface/AjaxYddbService.js HTTP/1.1" 200 13201
180.162.111.5 - - [31/Jul/2021:09:43:04 +0800] "GET /xingrg/all/common/auto_word.html?type=base&rest_code=00143 HTTP/1.1" 200 619
180.162.111.5 - - [31/Jul/2021:09:43:04 +0800] "GET /xingrg/javascript/easyui/themes/default/validatebox.css HTTP/1.1" 404 1104
117.184.7.30 - - [31/Jul/2021:09:43:04 +0800] "GET /xingrg/dwr/engine.js HTTP/1.1" 200 43631
117.184.7.30 - - [31/Jul/2021:09:43:04 +0800] "POST /xingrg/dwr/call/plaincall/AjaxYddbService.loadMaterielItems.dwr HTTP/1.1" 200 389
222.69.129.197 - - [31/Jul/2021:09:43:04 +0800] "POST /xingrg/kc/buy/cgsh_order_operate.html HTTP/1.1" 200 12
180.162.111.5 - - [31/Jul/2021:09:43:04 +0800] "POST /xingrg/kc/base/wldb_order_operate.html HTTP/1.1" 200 6498
222.70.176.145 - - [31/Jul/2021:09:43:05 +0800] "GET /xingrg/kc/buy/cgsh_order_operate.html?command=get_materiel&rest_code=00111&code=00101006056&supplier_code=00100012&order_time=2021-07-31 HTTP/1.1" 200 413
222.70.176.145 - - [31/Jul/2021:09:43:05 +0800] "GET /xingrg/all/function/internal_message.html?_=1627695819583&CODE_STATE=getMsg HTTP/1.1" 302 -
180.156.224.123 - - [31/Jul/2021:09:43:06 +0800] "GET /xingrg/kc/buy/cgsh_order_operate.html?command=get_materiel&rest_code=00151&code=00101008221&supplier_code=00100007&order_time=2021-07-31 HTTP/1.1" 200 412
222.69.129.197 - - [31/Jul/2021:09:43:06 +0800] "GET /xingrg/kc/buy/cgsh_order_info.html?code=212021073113956 HTTP/1.1" 200 57842
222.69.129.197 - - [31/Jul/2021:09:43:06 +0800] "GET /xingrg/javascript/easyui/themes/default/validatebox.css HTTP/1.1" 404 1104
117.184.7.30 - - [31/Jul/2021:09:43:06 +0800] "GET /xingrg/kc/base/yddb_order_report.html?fileType=printReport.do&code=482021071800124&reportName=ck_order_report&subName=yddb HTTP/1.1" 302 -
117.184.7.30 - - [31/Jul/2021:09:43:06 +0800] "GET /xingrg/printReport.do?sysBaseUrl=http%3A%2F%2F180.169.147.146%3A18081%2Fxingrg%2F&costTime=345×tamp=1627695786659 HTTP/1.1" 200 1138
180.169.147.146 - - [31/Jul/2021:09:43:06 +0800] "GET /xingrg/all/function/internal_message.html?_=1627695794938&CODE_STATE=getMsg HTTP/1.1" 302 -
117.184.7.30 - - [31/Jul/2021:09:43:07 +0800] "GET /favicon.ico HTTP/1.1" 404 -
101.83.241.165 - - [31/Jul/2021:09:43:07 +0800] "GET /xingrg/all/function/internal_message.html?_=1627695786787&CODE_STATE=getMsg HTTP/1.1" 200 27
222.69.129.197 - - [31/Jul/2021:09:43:07 +0800] "POST /xingrg/kc/buy/cgsh_order_operate.html HTTP/1.1" 200 1793
117.184.7.30 - - [31/Jul/2021:09:43:07 +0800] "GET /xingrg/servlets/printview HTTP/1.1" 200 11764
117.184.7.30 - - [31/Jul/2021:09:43:07 +0800] "GET /xingrg/applets/net/sf/jasperreports/engine/export/JRPrintServiceExporter.class HTTP/1.1" 404 1150
117.184.7.30 - - [31/Jul/2021:09:43:07 +0800] "GET /xingrg/applets/net/sf/jasperreports/engine/export/JRPrintServiceExporter.class HTTP/1.1" 404 1150
116.230.110.80 - - [31/Jul/2021:09:43:08 +0800] "GET /xingrg/check_reg.html?_=1627695786911 HTTP/1.1" 200 22
116.230.110.80 - - [31/Jul/2021:09:43:08 +0800] "GET /xingrg/all/function/internal_message.html?_=1627695786915&CODE_STATE=getMsg HTTP/1.1" 200 27
222.69.129.197 - - [31/Jul/2021:09:43:08 +0800] "GET /xingrg/kc/print/load_data.html?order_code=212021073113956&kc_code=cgsh&condition= HTTP/1.1" 200 1233
117.184.7.30 - - [31/Jul/2021:09:43:08 +0800] "GET /xingrg/applets/META-INF/services/javax.xml.parsers.DocumentBuilderFactory HTTP/1.1" 404 1140
117.184.7.30 - - [31/Jul/2021:09:43:09 +0800] "GET /xingrg/applets/META-INF/services/javax.xml.parsers.DocumentBuilderFactory HTTP/1.1" 404 1140
180.162.111.5 - - [31/Jul/2021:09:43:11 +0800] "POST /xingrg/kc/base/wldb_list_operate.html HTTP/1.1" 200 2596
180.156.224.123 - - [31/Jul/2021:09:43:12 +0800] "GET /xingrg/kc/buy/cgsh_order_operate.html?command=get_materiel&rest_code=00151&code=00101008351&supplier_code=00100007&order_time=2021-07-31 HTTP/1.1" 200 408
101.83.145.79 - - [31/Jul/2021:09:43:15 +0800] "GET /xingrg/all/function/internal_message.html?_=1627695794634&CODE_STATE=getMsg HTTP/1.1" 200 27
101.83.145.79 - - [31/Jul/2021:09:43:15 +0800] "GET /xingrg/check_reg.html?_=1627695794636 HTTP/1.1" 200 22
180.174.197.120 - - [31/Jul/2021:09:43:17 +0800] "GET /xingrg/all/function/internal_message.html?_=1627695768681&CODE_STATE=getMsg HTTP/1.1" 200 27
117.184.7.30 - - [31/Jul/2021:09:43:17 +0800] "POST /xingrg/kc/base/yddb_list_operate.html HTTP/1.1" 200 199
114.88.154.248 - - [31/Jul/2021:09:43:17 +0800] "GET /xingrg/all/function/internal_message.html?_=1627695700266&CODE_STATE=getMsg HTTP/1.1" 302 -
117.184.7.30 - - [31/Jul/2021:09:43:17 +0800] "GET /xingrg/kc/base/yddb_order_info.html?code=482021071500104 HTTP/1.1" 200 31583
117.184.7.30 - - [31/Jul/2021:09:43:17 +0800] "GET /xingrg/dwr/interface/AjaxYddbService.js HTTP/1.1" 200 13201
117.184.7.30 - - [31/Jul/2021:09:43:17 +0800] "GET /xingrg/dwr/interface/AjaxComOrderService.js HTTP/1.1" 200 18264
117.184.7.30 - - [31/Jul/2021:09:43:17 +0800] "GET /xingrg/dwr/engine.js HTTP/1.1" 200 43631
117.184.7.30 - - [31/Jul/2021:09:43:18 +0800] "POST /xingrg/dwr/call/plaincall/AjaxYddbService.loadMaterielItems.dwr HTTP/1.1" 200 385
117.184.7.30 - - [31/Jul/2021:09:43:19 +0800] "GET /xingrg/kc/base/yddb_order_report.html?fileType=printReport.do&code=482021071500104&reportName=ck_order_report&subName=yddb HTTP/1.1" 302 -
117.184.7.30 - - [31/Jul/2021:09:43:19 +0800] "GET /xingrg/printReport.do?sysBaseUrl=http%3A%2F%2F180.169.147.146%3A18081%2Fxingrg%2F&costTime=93×tamp=1627695799432 HTTP/1.1" 200 1138
117.184.7.30 - - [31/Jul/2021:09:43:19 +0800] "GET /favicon.ico HTTP/1.1" 404 -
117.184.7.30 - - [31/Jul/2021:09:43:20 +0800] "GET /xingrg/servlets/printview HTTP/1.1" 200 11759
117.184.7.30 - - [31/Jul/2021:09:43:20 +0800] "GET /xingrg/applets/net/sf/jasperreports/engine/export/JRPrintServiceExporter.class HTTP/1.1" 404 1150
117.184.7.30 - - [31/Jul/2021:09:43:20 +0800] "GET /xingrg/applets/net/sf/jasperreports/engine/export/JRPrintServiceExporter.class HTTP/1.1" 404 1150
117.184.7.30 - - [31/Jul/2021:09:43:21 +0800] "GET /xingrg/applets/META-INF/services/javax.xml.parsers.DocumentBuilderFactory HTTP/1.1" 404 1140
117.184.7.30 - - [31/Jul/2021:09:43:21 +0800] "GET /xingrg/applets/META-INF/services/javax.xml.parsers.DocumentBuilderFactory HTTP/1.1" 404 1140
180.156.224.123 - - [31/Jul/2021:09:43:23 +0800] "GET /xingrg/kc/buy/cgsh_order_operate.html?command=get_materiel&rest_code=00151&code=00101008264&supplier_code=00100007&order_time=2021-07-31 HTTP/1.1" 200 412
180.156.224.123 - - [31/Jul/2021:09:43:23 +0800] "GET /xingrg/all/function/internal_message.html?_=1627695763888&CODE_STATE=getMsg HTTP/1.1" 200 27
116.233.73.163 - - [31/Jul/2021:09:43:28 +0800] "POST /xingrg/kc/buy/cgsh_order_operate.html HTTP/1.1" 200 2065
101.83.241.165 - - [31/Jul/2021:09:43:30 +0800] "GET /xingrg/kc/base/wldb_order_operate.html?command=get_materiel&rest_code=00154&base_code=0010724&code=00101022084 HTTP/1.1" 200 430
117.184.7.30 - - [31/Jul/2021:09:43:30 +0800] "GET /xingrg/check_reg.html?_=1627695799749 HTTP/1.1" 200 22
222.70.176.145 - - [31/Jul/2021:09:43:31 +0800] "GET /xingrg/kc/buy/cgsh_order_operate.html?command=get_materiel&rest_code=00111&code=00101006065&supplier_code=00100012&order_time=2021-07-31 HTTP/1.1" 200 409
116.235.222.38 - - [31/Jul/2021:09:43:31 +0800] "GET /xingrg/all/function/internal_message.html?_=1627695804463&CODE_STATE=getMsg HTTP/1.1" 200 27
180.156.224.123 - - [31/Jul/2021:09:43:32 +0800] "GET /xingrg/all/function/internal_message.html?_=1627695809623&CODE_STATE=getMsg HTTP/1.1" 200 27
120.253.135.82 - - [31/Jul/2021:09:43:33 +0800] "GET /xingrg/all/function/internal_message.html?_=1627695938682&CODE_STATE=getMsg HTTP/1.1" 200 27
116.233.73.163 - - [31/Jul/2021:09:43:34 +0800] "GET /xingrg/kc/buy/cgsh_order_operate.html?command=get_materiel&rest_code=00109&code=00101008033&supplier_code=00100005&order_time=2021-07-31 HTTP/1.1" 200 408
116.237.74.182 - - [31/Jul/2021:09:43:36 +0800] "GET /xingrg/all/function/internal_message.html?_=1627695811732&CODE_STATE=getMsg HTTP/1.1" 200 27
180.156.224.123 - - [31/Jul/2021:09:43:38 +0800] "GET /xingrg/kc/buy/cgsh_order_operate.html?command=get_materiel&rest_code=00151&code=00101008271&supplier_code=00100007&order_time=2021-07-31 HTTP/1.1" 200 408
58.40.7.146 - - [31/Jul/2021:09:43:40 +0800] "GET /xingrg/all/function/internal_message.html?_=1627695819934&CODE_STATE=getMsg HTTP/1.1" 200 27
222.70.176.145 - - [31/Jul/2021:09:43:40 +0800] "GET /xingrg/all/function/internal_message.html?_=1627695816230&CODE_STATE=getMsg HTTP/1.1" 200 27
180.156.224.123 - - [31/Jul/2021:09:43:40 +0800] "POST /xingrg/services/DataTransmitService HTTP/1.1" 200 524
120.253.135.82 - - [31/Jul/2021:09:43:41 +0800] "GET /xingrg/all/function/internal_message.html?_=1627695857991&CODE_STATE=getMsg HTTP/1.1" 200 27
116.233.73.163 - - [31/Jul/2021:09:43:45 +0800] "GET /xingrg/all/function/internal_message.html?_=1627695836584&CODE_STATE=getMsg HTTP/1.1" 200 27
116.233.73.163 - - [31/Jul/2021:09:43:45 +0800] "GET /xingrg/check_reg.html?_=1627695836586 HTTP/1.1" 200 22
180.156.224.123 - - [31/Jul/2021:09:43:45 +0800] "POST /xingrg/services/DataTransmitService HTTP/1.1" 200 501
222.70.246.151 - - [31/Jul/2021:09:43:46 +0800] "GET /xingrg/all/function/internal_message.html?_=1627695822859&CODE_STATE=getMsg HTTP/1.1" 200 27
180.156.224.123 - - [31/Jul/2021:09:43:46 +0800] "GET /xingrg/kc/buy/cgsh_order_operate.html?command=get_materiel&rest_code=00151&code=00101008261&supplier_code=00100007&order_time=2021-07-31 HTTP/1.1" 200 408
222.69.129.197 - - [31/Jul/2021:09:43:46 +0800] "GET /xingrg/all/function/internal_message.html?_=1627695826946&CODE_STATE=getMsg HTTP/1.1" 200 27
120.253.135.82 - - [31/Jul/2021:09:43:50 +0800] "GET /xingrg/check_reg.html?_=1627695609473 HTTP/1.1" 200 22
101.80.228.114 - - [31/Jul/2021:09:43:51 +0800] "GET /xingrg/all/function/internal_message.html?_=1627695830779&CODE_STATE=getMsg HTTP/1.1" 200 27
101.80.228.114 - - [31/Jul/2021:09:43:51 +0800] "GET /xingrg/check_reg.html?_=1627695830784 HTTP/1.1" 200 22
180.169.147.146 - - [31/Jul/2021:09:43:53 +0800] "GET /xingrg/all/function/internal_message.html?_=1627695824969&CODE_STATE=getMsg HTTP/1.1" 200 27
117.184.7.30 - - [31/Jul/2021:09:43:54 +0800] "GET /xingrg/all/function/internal_message.html?_=1627695822951&CODE_STATE=getMsg HTTP/1.1" 200 27
180.156.224.123 - - [31/Jul/2021:09:43:57 +0800] "GET /xingrg/kc/buy/cgsh_order_operate.html?command=get_materiel&rest_code=00151&code=00101008344&supplier_code=00100007&order_time=2021-07-31 HTTP/1.1" 200 412
116.230.110.80 - - [31/Jul/2021:09:43:58 +0800] "GET /xingrg/kc/buy/cgsh_order_list.html HTTP/1.1" 200 47146
180.162.111.5 - - [31/Jul/2021:09:43:58 +0800] "GET /xingrg/all/function/internal_message.html?_=1627695461814&CODE_STATE=getMsg HTTP/1.1" 200 27
180.162.111.5 - - [31/Jul/2021:09:43:59 +0800] "GET /xingrg/kc/buy/buy_main.html HTTP/1.1" 200 12412
180.162.111.5 - - [31/Jul/2021:09:43:59 +0800] "GET /xingrg/css/new_ie.css HTTP/1.1" 404 1036
180.162.111.5 - - [31/Jul/2021:09:43:59 +0800] "GET /xingrg/images/yd/bt.gif HTTP/1.1" 404 1040
180.162.111.5 - - [31/Jul/2021:09:44:00 +0800] "GET /xingrg/kc/buy/cgsh_order_list.html HTTP/1.1" 200 47146
116.230.110.80 - - [31/Jul/2021:09:44:00 +0800] "POST /xingrg/kc/buy/cgsh_list_operate.html HTTP/1.1" 200 2051
120.253.135.82 - - [31/Jul/2021:09:44:00 +0800] "GET /xingrg/all/function/internal_message.html?_=1627695619049&CODE_STATE=getMsg HTTP/1.1" 200 27
116.233.73.163 - - [31/Jul/2021:09:44:00 +0800] "POST /xingrg/services/DataTransmitService HTTP/1.1" 401 565
116.233.73.163 - - [31/Jul/2021:09:44:00 +0800] "POST /xingrg/services/DataTransmitService HTTP/1.1" 200 478
116.233.73.163 - - [31/Jul/2021:09:44:00 +0800] "POST /xingrg/services/DataTransmitService HTTP/1.1" 200 1320
116.233.73.163 - - [31/Jul/2021:09:44:00 +0800] "POST /xingrg/services/DataTransmitService HTTP/1.1" 200 478
116.233.73.163 - - [31/Jul/2021:09:44:00 +0800] "POST /xingrg/services/DataTransmitService HTTP/1.1" 200 1320
116.233.73.163 - - [31/Jul/2021:09:44:00 +0800] "POST /xingrg/services/DataTransmitService HTTP/1.1" 200 524
116.233.73.163 - - [31/Jul/2021:09:44:01 +0800] "POST /xingrg/services/DataTransmitService HTTP/1.1" 200 2487
116.233.73.163 - - [31/Jul/2021:09:44:02 +0800] "POST /xingrg/services/DataTransmitService HTTP/1.1" 200 145564
180.162.111.5 - - [31/Jul/2021:09:44:02 +0800] "POST /xingrg/kc/buy/cgsh_list_operate.html HTTP/1.1" 200 1696
114.84.82.184 - - [31/Jul/2021:09:44:03 +0800] "GET /xingrg/check_reg.html?_=1627695853090 HTTP/1.1" 200 22
114.84.82.184 - - [31/Jul/2021:09:44:03 +0800] "GET /xingrg/all/function/internal_message.html?_=1627695853092&CODE_STATE=getMsg HTTP/1.1" 200 27
222.70.176.145 - - [31/Jul/2021:09:44:05 +0800] "GET /xingrg/all/function/internal_message.html?_=1627695879567&CODE_STATE=getMsg HTTP/1.1" 302 -
180.162.111.5 - - [31/Jul/2021:09:44:05 +0800] "GET /xingrg/kc/buy/cgsh_order_add.html HTTP/1.1" 200 61959
180.162.111.5 - - [31/Jul/2021:09:44:06 +0800] "POST /xingrg/kc/buy/cgsh_order_operate.html HTTP/1.1" 200 8245
180.162.111.5 - - [31/Jul/2021:09:44:06 +0800] "GET /xingrg/javascript/easyui/themes/default/validatebox.css HTTP/1.1" 404 1104
180.162.111.5 - - [31/Jul/2021:09:44:06 +0800] "GET /xingrg/all/common/auto_word.html?type=employee&rest_code=00143 HTTP/1.1" 200 55
180.162.111.5 - - [31/Jul/2021:09:44:06 +0800] "GET /xingrg/all/common/auto_word.html?type=employee&rest_code=00143 HTTP/1.1" 200 55
180.169.147.146 - - [31/Jul/2021:09:44:06 +0800] "GET /xingrg/all/function/internal_message.html?_=1627695854938&CODE_STATE=getMsg HTTP/1.1" 302 -
101.83.241.165 - - [31/Jul/2021:09:44:07 +0800] "GET /xingrg/check_reg.html?_=1627695846781 HTTP/1.1" 200 22
101.83.241.165 - - [31/Jul/2021:09:44:07 +0800] "GET /xingrg/all/function/internal_message.html?_=1627695846786&CODE_STATE=getMsg HTTP/1.1" 200 27
180.162.111.5 - - [31/Jul/2021:09:44:07 +0800] "GET /xingrg/javascript/easyui/themes/default/tree.css HTTP/1.1" 404 1090
180.162.111.5 - - [31/Jul/2021:09:44:08 +0800] "POST /xingrg/all/common/load_tree.html?tree=supplier_tree_json&isDelete=1 HTTP/1.1" 200 56725
116.230.110.80 - - [31/Jul/2021:09:44:08 +0800] "GET /xingrg/all/function/internal_message.html?_=1627695846909&CODE_STATE=getMsg HTTP/1.1" 200 27
114.84.82.184 - - [31/Jul/2021:09:44:13 +0800] "GET /xingrg/kc/buy/cgsh_order_operate.html?command=get_materiel&rest_code=00148&code=00101008354&supplier_code=00100007&order_time=2021-07-31 HTTP/1.1" 200 412
101.83.145.79 - - [31/Jul/2021:09:44:15 +0800] "GET /xingrg/all/function/internal_message.html?_=1627695854636&CODE_STATE=getMsg HTTP/1.1" 200 27
180.156.224.123 - - [31/Jul/2021:09:44:16 +0800] "GET /xingrg/kc/buy/cgsh_order_operate.html?command=get_materiel&rest_code=00151&code=00101008067&supplier_code=00100007&order_time=2021-07-31 HTTP/1.1" 200 416
58.40.7.146 - - [31/Jul/2021:09:44:16 +0800] "GET /xingrg/kc/print/load_config.html?_=1627695855904&kc_code=check HTTP/1.1" 200 2411
180.169.147.146 - - [31/Jul/2021:09:44:16 +0800] "GET /xingrg/check_reg.html?_=1627695848531 HTTP/1.1" 200 22
58.40.7.146 - - [31/Jul/2021:09:44:16 +0800] "GET /xingrg/kc/print/load_data.html?_=1627695856018&order_code=452021073100278&kc_code=check&condition= HTTP/1.1" 200 87460
180.174.197.120 - - [31/Jul/2021:09:44:16 +0800] "GET /xingrg/check_reg.html?_=1627695828511 HTTP/1.1" 200 22
180.174.197.120 - - [31/Jul/2021:09:44:16 +0800] "GET /xingrg/all/function/internal_message.html?_=1627695828694&CODE_STATE=getMsg HTTP/1.1" 200 27
114.88.154.248 - - [31/Jul/2021:09:44:17 +0800] "GET /xingrg/all/function/internal_message.html?_=1627695760234&CODE_STATE=getMsg HTTP/1.1" 302 -
114.84.82.184 - - [31/Jul/2021:09:44:21 +0800] "GET /xingrg/kc/buy/cgsh_order_operate.html?command=get_materiel&rest_code=00148&code=00101008010&supplier_code=00100007&order_time=2021-07-31 HTTP/1.1" 200 412
180.156.224.123 - - [31/Jul/2021:09:44:23 +0800] "GET /xingrg/all/function/internal_message.html?_=1627695823901&CODE_STATE=getMsg HTTP/1.1" 200 27
180.156.224.123 - - [31/Jul/2021:09:44:32 +0800] "GET /xingrg/all/function/internal_message.html?_=1627695869624&CODE_STATE=getMsg HTTP/1.1" 200 27
180.156.224.123 - - [31/Jul/2021:09:44:32 +0800] "GET /xingrg/check_reg.html?_=1627695869628 HTTP/1.1" 200 22
116.235.222.38 - - [31/Jul/2021:09:44:32 +0800] "GET /xingrg/all/function/internal_message.html?_=1627695864454&CODE_STATE=getMsg HTTP/1.1" 200 27
120.253.135.82 - - [31/Jul/2021:09:44:33 +0800] "GET /xingrg/all/function/internal_message.html?_=1627695998708&CODE_STATE=getMsg HTTP/1.1" 200 27
116.233.73.163 - - [31/Jul/2021:09:44:34 +0800] "POST /xingrg/services/DataTransmitService HTTP/1.1" 200 45454
116.233.73.163 - - [31/Jul/2021:09:44:34 +0800] "POST /xingrg/services/DataTransmitService HTTP/1.1" 200 19237
116.237.74.182 - - [31/Jul/2021:09:44:36 +0800] "GET /xingrg/all/function/internal_message.html?_=1627695871732&CODE_STATE=getMsg HTTP/1.1" 200 27
180.162.111.5 - - [31/Jul/2021:09:44:37 +0800] "GET /xingrg/javascript/auto/indicator.gif HTTP/1.1" 404 1066
180.156.224.123 - - [31/Jul/2021:09:44:40 +0800] "GET /xingrg/kc/buy/cgsh_order_operate.html?command=get_materiel&rest_code=00151&code=00101008357&supplier_code=00100007&order_time=2021-07-31 HTTP/1.1" 200 408
222.70.176.145 - - [31/Jul/2021:09:44:40 +0800] "GET /xingrg/all/function/internal_message.html?_=1627695876215&CODE_STATE=getMsg HTTP/1.1" 200 27
58.40.7.146 - - [31/Jul/2021:09:44:40 +0800] "GET /xingrg/all/function/internal_message.html?_=1627695880320&CODE_STATE=getMsg HTTP/1.1" 200 27
120.253.135.82 - - [31/Jul/2021:09:44:41 +0800] "GET /xingrg/all/function/internal_message.html?_=1627695918003&CODE_STATE=getMsg HTTP/1.1" 200 27
222.70.246.151 - - [31/Jul/2021:09:44:44 +0800] "GET /xingrg/check_reg.html?_=1627695880827 HTTP/1.1" 200 22
116.233.73.163 - - [31/Jul/2021:09:44:45 +0800] "GET /xingrg/all/function/internal_message.html?_=1627695896586&CODE_STATE=getMsg HTTP/1.1" 200 27
222.70.246.151 - - [31/Jul/2021:09:44:46 +0800] "GET /xingrg/all/function/internal_message.html?_=1627695882873&CODE_STATE=getMsg HTTP/1.1" 200 27
222.69.129.197 - - [31/Jul/2021:09:44:46 +0800] "GET /xingrg/all/function/internal_message.html?_=1627695886930&CODE_STATE=getMsg HTTP/1.1" 200 27
180.169.147.146 - - [31/Jul/2021:09:44:48 +0800] "GET /xingrg/check_reg.html?_=1627695887210 HTTP/1.1" 302 -
180.162.111.5 - - [31/Jul/2021:09:44:49 +0800] "GET /xingrg/kc/buy/cgsh_order_operate.html?command=get_materiel&rest_code=00143&code=00101011005&supplier_code=00100311&order_time=2021-07-31 HTTP/1.1" 200 428
180.156.224.123 - - [31/Jul/2021:09:44:51 +0800] "GET /xingrg/kc/buy/cgsh_order_operate.html?command=get_materiel&rest_code=00151&code=00101008132&supplier_code=00100007&order_time=2021-07-31 HTTP/1.1" 200 408
101.80.228.114 - - [31/Jul/2021:09:44:51 +0800] "GET /xingrg/all/function/internal_message.html?_=1627695890776&CODE_STATE=getMsg HTTP/1.1" 200 27
180.169.147.146 - - [31/Jul/2021:09:44:53 +0800] "GET /xingrg/all/function/internal_message.html?_=1627695884944&CODE_STATE=getMsg HTTP/1.1" 200 27
117.184.7.30 - - [31/Jul/2021:09:44:53 +0800] "GET /xingrg/all/function/internal_message.html?_=1627695882935&CODE_STATE=getMsg HTTP/1.1" 200 27
180.162.111.5 - - [31/Jul/2021:09:44:58 +0800] "GET /xingrg/all/function/internal_message.html?_=1627695521828&CODE_STATE=getMsg HTTP/1.1" 200 27
180.156.224.123 - - [31/Jul/2021:09:44:59 +0800] "GET /xingrg/kc/buy/cgsh_order_operate.html?command=get_materiel&rest_code=00151&code=00101008300&supplier_code=00100007&order_time=2021-07-31 HTTP/1.1" 200 412
120.253.135.82 - - [31/Jul/2021:09:45:00 +0800] "GET /xingrg/all/function/internal_message.html?_=1627695679063&CODE_STATE=getMsg HTTP/1.1" 200 27
114.84.82.184 - - [31/Jul/2021:09:45:03 +0800] "GET /xingrg/all/function/internal_message.html?_=1627695913085&CODE_STATE=getMsg HTTP/1.1" 200 27
116.230.110.80 - - [31/Jul/2021:09:45:04 +0800] "GET /xingrg/index.html?sysBaseUrl=http%3A%2F%2F180.169.147.146%3A18081%2Fxingrg%2F&costTime=196×tamp=1627693673314 HTTP/1.1" 200 17179
116.230.110.80 - - [31/Jul/2021:09:45:04 +0800] "GET /favicon.ico HTTP/1.1" 404 -
116.230.110.80 - - [31/Jul/2021:09:45:04 +0800] "POST /xingrg/all/common/load_tree.html?tree=area_rest_tree_json&manage=1 HTTP/1.1" 200 351
116.230.110.80 - - [31/Jul/2021:09:45:04 +0800] "GET /xingrg/all/function/internal_message.html?_=1627695903412&CODE_STATE=count HTTP/1.1" 200 11
116.230.110.80 - - [31/Jul/2021:09:45:04 +0800] "GET /xingrg/check_reg.html?_=1627695903413 HTTP/1.1" 200 22
116.230.110.80 - - [31/Jul/2021:09:45:04 +0800] "POST /xingrg/load_menu.html HTTP/1.1" 200 5138
222.70.176.145 - - [31/Jul/2021:09:45:05 +0800] "GET /xingrg/check_reg.html?_=1627695939569 HTTP/1.1" 302 -
222.70.176.145 - - [31/Jul/2021:09:45:05 +0800] "GET /xingrg/all/function/internal_message.html?_=1627695939567&CODE_STATE=getMsg HTTP/1.1" 302 -
180.169.147.146 - - [31/Jul/2021:09:45:06 +0800] "GET /xingrg/all/function/internal_message.html?_=1627695914936&CODE_STATE=getMsg HTTP/1.1" 302 -
101.83.241.165 - - [31/Jul/2021:09:45:07 +0800] "GET /xingrg/all/function/internal_message.html?_=1627695906786&CODE_STATE=getMsg HTTP/1.1" 200 27
116.230.110.80 - - [31/Jul/2021:09:45:08 +0800] "GET /xingrg/kc/report/report_main.html HTTP/1.1" 200 7345
180.156.224.123 - - [31/Jul/2021:09:45:08 +0800] "GET /xingrg/kc/buy/cgsh_order_operate.html?command=get_materiel&rest_code=00151&code=00101008356&supplier_code=00100007&order_time=2021-07-31 HTTP/1.1" 200 409
116.230.110.80 - - [31/Jul/2021:09:45:09 +0800] "GET /xingrg/kc/base/kc_stocks.html HTTP/1.1" 200 16437
116.230.110.80 - - [31/Jul/2021:09:45:09 +0800] "GET /xingrg/javascript/easyui/themes/default/tree.css HTTP/1.1" 404 1090
116.230.110.80 - - [31/Jul/2021:09:45:09 +0800] "GET /xingrg/all/common/auto_word.html?type=base&rest_code=00155 HTTP/1.1" 200 1707
116.230.110.80 - - [31/Jul/2021:09:45:09 +0800] "POST /xingrg/all/common/load_tree.html?tree=materiel_sort_tree_json HTTP/1.1" 200 8666
116.230.110.80 - - [31/Jul/2021:09:45:14 +0800] "POST /xingrg/kc/base/stock_operate.html HTTP/1.1" 200 3753
101.83.145.79 - - [31/Jul/2021:09:45:15 +0800] "GET /xingrg/all/function/internal_message.html?_=1627695914622&CODE_STATE=getMsg HTTP/1.1" 200 27
180.156.224.123 - - [31/Jul/2021:09:45:15 +0800] "GET /xingrg/kc/buy/cgsh_order_operate.html?command=get_materiel&rest_code=00151&code=00101008286&supplier_code=00100007&order_time=2021-07-31 HTTP/1.1" 200 408
180.174.197.120 - - [31/Jul/2021:09:45:17 +0800] "GET /xingrg/all/function/internal_message.html?_=1627695888708&CODE_STATE=getMsg HTTP/1.1" 200 27
114.88.154.248 - - [31/Jul/2021:09:45:17 +0800] "GET /xingrg/all/function/internal_message.html?_=1627695820214&CODE_STATE=getMsg HTTP/1.1" 302 -
116.230.110.80 - - [31/Jul/2021:09:45:17 +0800] "POST /xingrg/kc/base/stock_operate.html HTTP/1.1" 200 3821
180.156.224.123 - - [31/Jul/2021:09:45:23 +0800] "GET /xingrg/all/function/internal_message.html?_=1627695883916&CODE_STATE=getMsg HTTP/1.1" 200 27
180.156.224.123 - - [31/Jul/2021:09:45:23 +0800] "GET /xingrg/kc/buy/cgsh_order_operate.html?command=get_materiel&rest_code=00151&code=00101008049&supplier_code=00100007&order_time=2021-07-31 HTTP/1.1" 200 408
116.230.110.80 - - [31/Jul/2021:09:45:25 +0800] "GET /xingrg/kc/buy/cgsh_order_list.html HTTP/1.1" 200 47146
116.230.110.80 - - [31/Jul/2021:09:45:28 +0800] "POST /xingrg/kc/buy/cgsh_list_operate.html HTTP/1.1" 200 2051
116.230.110.80 - - [31/Jul/2021:09:45:31 +0800] "GET /xingrg/kc/report/report_main.html HTTP/1.1" 200 7345
116.235.222.38 - - [31/Jul/2021:09:45:31 +0800] "GET /xingrg/all/function/internal_message.html?_=1627695924439&CODE_STATE=getMsg HTTP/1.1" 200 27
58.40.7.146 - - [31/Jul/2021:09:45:32 +0800] "GET /xingrg/check_reg.html?_=1627695931543 HTTP/1.1" 302 -
180.156.224.123 - - [31/Jul/2021:09:45:32 +0800] "GET /xingrg/all/function/internal_message.html?_=1627695929633&CODE_STATE=getMsg HTTP/1.1" 200 27
116.230.110.80 - - [31/Jul/2021:09:45:32 +0800] "GET /xingrg/kc/base/kc_stocks.html HTTP/1.1" 200 16437
116.230.110.80 - - [31/Jul/2021:09:45:32 +0800] "GET /xingrg/javascript/easyui/themes/default/tree.css HTTP/1.1" 404 1090
180.156.224.123 - - [31/Jul/2021:09:45:32 +0800] "POST /xingrg/kc/buy/cgsh_order_operate.html HTTP/1.1" 200 37
116.230.110.80 - - [31/Jul/2021:09:45:32 +0800] "POST /xingrg/all/common/load_tree.html?tree=materiel_sort_tree_json HTTP/1.1" 200 8666
120.253.135.82 - - [31/Jul/2021:09:45:33 +0800] "GET /xingrg/all/function/internal_message.html?_=1627696058710&CODE_STATE=getMsg HTTP/1.1" 200 27
58.40.7.146 - - [31/Jul/2021:09:45:33 +0800] "GET /xingrg/kc/print/load_config.html?_=1627695932697&kc_code=check HTTP/1.1" 200 2411
58.40.7.146 - - [31/Jul/2021:09:45:33 +0800] "GET /xingrg/kc/print/load_data.html?_=1627695932810&order_code=452021073100278&kc_code=check&condition= HTTP/1.1" 200 87460
116.237.74.182 - - [31/Jul/2021:09:45:36 +0800] "GET /xingrg/all/function/internal_message.html?_=1627695931735&CODE_STATE=getMsg HTTP/1.1" 200 27
116.237.74.182 - - [31/Jul/2021:09:45:36 +0800] "GET /xingrg/check_reg.html?_=1627695931732 HTTP/1.1" 200 22
180.156.224.123 - - [31/Jul/2021:09:45:36 +0800] "POST /xingrg/kc/buy/cgsh_order_operate.html HTTP/1.1" 200 14037
116.230.110.80 - - [31/Jul/2021:09:45:38 +0800] "POST /xingrg/kc/base/stock_operate.html HTTP/1.1" 200 3821
120.253.135.82 - - [31/Jul/2021:09:45:40 +0800] "GET /xingrg/check_reg.html?_=1627695977275 HTTP/1.1" 200 22
222.70.176.145 - - [31/Jul/2021:09:45:41 +0800] "GET /xingrg/all/function/internal_message.html?_=1627695936187&CODE_STATE=getMsg HTTP/1.1" 200 27
120.253.135.82 - - [31/Jul/2021:09:45:41 +0800] "GET /xingrg/all/function/internal_message.html?_=1627695978016&CODE_STATE=getMsg HTTP/1.1" 200 27
58.40.7.146 - - [31/Jul/2021:09:45:41 +0800] "GET /xingrg/all/function/internal_message.html?_=1627695941328&CODE_STATE=getMsg HTTP/1.1" 200 27
180.156.224.123 - - [31/Jul/2021:09:45:43 +0800] "GET /xingrg/kc/buy/cgsh_order_operate.html?command=get_materiel&rest_code=00151&code=00101012039&supplier_code=00100007&order_time=2021-07-31 HTTP/1.1" 200 408
116.233.73.163 - - [31/Jul/2021:09:45:45 +0800] "GET /xingrg/all/function/internal_message.html?_=1627695956588&CODE_STATE=getMsg HTTP/1.1" 200 27
222.70.246.151 - - [31/Jul/2021:09:45:46 +0800] "GET /xingrg/all/function/internal_message.html?_=1627695942886&CODE_STATE=getMsg HTTP/1.1" 200 27
222.69.129.197 - - [31/Jul/2021:09:45:46 +0800] "GET /xingrg/all/function/internal_message.html?_=1627695946918&CODE_STATE=getMsg HTTP/1.1" 200 27
116.230.110.80 - - [31/Jul/2021:09:45:49 +0800] "GET /xingrg/kc/buy/cgsh_order_list.html HTTP/1.1" 200 47146
101.80.228.114 - - [31/Jul/2021:09:45:51 +0800] "GET /xingrg/all/function/internal_message.html?_=1627695950767&CODE_STATE=getMsg HTTP/1.1" 200 27
