222.70.246.151 - - [31/Jul/2021:09:26:49 +0800] "POST /xingrg/services/DataTransmitService HTTP/1.1" 200 158627
101.80.228.114 - - [31/Jul/2021:09:26:51 +0800] "GET /xingrg/all/function/internal_message.html?_=1627694810771&CODE_STATE=getMsg HTTP/1.1" 200 27
180.169.147.146 - - [31/Jul/2021:09:26:53 +0800] "GET /xingrg/all/function/internal_message.html?_=1627694805365&CODE_STATE=getMsg HTTP/1.1" 200 27
117.184.7.30 - - [31/Jul/2021:09:26:54 +0800] "GET /xingrg/all/function/internal_message.html?_=1627694803270&CODE_STATE=getMsg HTTP/1.1" 200 27
180.156.224.123 - - [31/Jul/2021:09:26:54 +0800] "GET /xingrg/kc/buy/cgsh_order_operate.html?command=get_materiel&rest_code=00150&code=00101008283&supplier_code=00100007&order_time=2021-07-31 HTTP/1.1" 200 408
180.162.111.5 - - [31/Jul/2021:09:26:58 +0800] "GET /xingrg/all/function/internal_message.html?_=1627694441787&CODE_STATE=getMsg HTTP/1.1" 200 27
120.253.135.82 - - [31/Jul/2021:09:26:59 +0800] "GET /xingrg/all/function/internal_message.html?_=1627694597789&CODE_STATE=getMsg HTTP/1.1" 200 27
222.70.176.145 - - [31/Jul/2021:09:27:05 +0800] "GET /xingrg/all/function/internal_message.html?_=1627694859556&CODE_STATE=getMsg HTTP/1.1" 302 -
180.156.224.123 - - [31/Jul/2021:09:27:05 +0800] "GET /xingrg/kc/buy/cgsh_order_operate.html?command=get_materiel&rest_code=00150&code=00101010271&supplier_code=00100007&order_time=2021-07-31 HTTP/1.1" 200 421
116.235.222.38 - - [31/Jul/2021:09:27:06 +0800] "GET /xingrg/kc/base/base_main.html HTTP/1.1" 200 12142
180.169.147.146 - - [31/Jul/2021:09:27:06 +0800] "GET /xingrg/check_reg.html?_=1627694834887 HTTP/1.1" 302 -
180.169.147.146 - - [31/Jul/2021:09:27:06 +0800] "GET /xingrg/all/function/internal_message.html?_=1627694834889&CODE_STATE=getMsg HTTP/1.1" 302 -
101.83.241.165 - - [31/Jul/2021:09:27:07 +0800] "GET /xingrg/all/function/internal_message.html?_=1627694826753&CODE_STATE=getMsg HTTP/1.1" 200 27
116.230.110.80 - - [31/Jul/2021:09:27:08 +0800] "GET /xingrg/all/function/internal_message.html?_=1627694826911&CODE_STATE=getMsg HTTP/1.1" 200 27
116.235.222.38 - - [31/Jul/2021:09:27:09 +0800] "GET /xingrg/kc/base/check_order_list.html HTTP/1.1" 200 16270
116.235.222.38 - - [31/Jul/2021:09:27:11 +0800] "POST /xingrg/kc/base/check_list_operate.html HTTP/1.1" 200 781
116.235.222.38 - - [31/Jul/2021:09:27:11 +0800] "GET /xingrg/kc/base/check_order_add.html HTTP/1.1" 200 26402
116.235.222.38 - - [31/Jul/2021:09:27:12 +0800] "GET /xingrg/dwr/interface/AjaxComOrderService.js HTTP/1.1" 200 18264
116.235.222.38 - - [31/Jul/2021:09:27:12 +0800] "GET /xingrg/dwr/interface/AjaxCheckService.js HTTP/1.1" 200 14003
116.235.222.38 - - [31/Jul/2021:09:27:12 +0800] "GET /xingrg/dwr/engine.js HTTP/1.1" 200 43631
116.235.222.38 - - [31/Jul/2021:09:27:12 +0800] "GET /xingrg/dwr/util.js HTTP/1.1" 200 35990
101.83.145.79 - - [31/Jul/2021:09:27:15 +0800] "GET /xingrg/all/function/internal_message.html?_=1627694834598&CODE_STATE=getMsg HTTP/1.1" 200 27
180.156.224.123 - - [31/Jul/2021:09:27:17 +0800] "POST /xingrg/kc/buy/cgsh_order_operate.html HTTP/1.1" 200 37
116.235.222.38 - - [31/Jul/2021:09:27:17 +0800] "POST /xingrg/dwr/call/plaincall/AjaxCheckService.saveOrder.dwr HTTP/1.1" 200 78
116.235.222.38 - - [31/Jul/2021:09:27:18 +0800] "POST /xingrg/dwr/call/plaincall/AjaxCheckService.loadOrderItems.dwr HTTP/1.1" 200 367
180.156.224.123 - - [31/Jul/2021:09:27:19 +0800] "POST /xingrg/kc/buy/cgsh_order_operate.html HTTP/1.1" 200 26335
116.235.222.38 - - [31/Jul/2021:09:27:23 +0800] "POST /xingrg/dwr/call/plaincall/AjaxCheckService.importOrderItems.dwr HTTP/1.1" 200 78
116.235.222.38 - - [31/Jul/2021:09:27:25 +0800] "POST /xingrg/dwr/call/plaincall/AjaxCheckService.loadOrderItems.dwr HTTP/1.1" 200 55990
116.235.222.38 - - [31/Jul/2021:09:27:28 +0800] "GET /xingrg/kc/print/load_config.html?_=1627694840572&kc_code=check HTTP/1.1" 200 2411
116.235.222.38 - - [31/Jul/2021:09:27:28 +0800] "GET /xingrg/kc/print/load_data.html?_=1627694840683&order_code=452021073100276&kc_code=check&condition= HTTP/1.1" 200 15741
120.253.135.82 - - [31/Jul/2021:09:27:31 +0800] "GET /xingrg/all/function/internal_message.html?_=1627694977544&CODE_STATE=getMsg HTTP/1.1" 200 27
180.156.224.123 - - [31/Jul/2021:09:27:32 +0800] "GET /xingrg/all/function/internal_message.html?_=1627694849610&CODE_STATE=getMsg HTTP/1.1" 200 27
116.235.222.38 - - [31/Jul/2021:09:27:32 +0800] "GET /xingrg/all/function/internal_message.html?_=1627694844747&CODE_STATE=getMsg HTTP/1.1" 200 27
116.235.222.38 - - [31/Jul/2021:09:27:32 +0800] "GET /xingrg/check_reg.html?_=1627694844770 HTTP/1.1" 200 22
180.156.224.123 - - [31/Jul/2021:09:27:32 +0800] "GET /xingrg/kc/buy/cgsh_order_operate.html?command=get_materiel&rest_code=00150&code=00101008323&supplier_code=00100007&order_time=2021-07-31 HTTP/1.1" 200 408
180.156.224.123 - - [31/Jul/2021:09:27:34 +0800] "GET /xingrg/all/function/internal_message.html?_=1627694814326&CODE_STATE=getMsg HTTP/1.1" 200 27
222.70.176.145 - - [31/Jul/2021:09:27:40 +0800] "GET /xingrg/all/function/internal_message.html?_=1627694856227&CODE_STATE=getMsg HTTP/1.1" 200 27
120.253.135.82 - - [31/Jul/2021:09:27:41 +0800] "GET /xingrg/all/function/internal_message.html?_=1627694897772&CODE_STATE=getMsg HTTP/1.1" 200 27
116.233.73.163 - - [31/Jul/2021:09:27:45 +0800] "GET /xingrg/all/function/internal_message.html?_=1627694876543&CODE_STATE=getMsg HTTP/1.1" 200 27
222.70.246.151 - - [31/Jul/2021:09:27:45 +0800] "GET /xingrg/all/function/internal_message.html?_=1627694862097&CODE_STATE=getMsg HTTP/1.1" 200 27
222.69.129.197 - - [31/Jul/2021:09:27:46 +0800] "GET /xingrg/check_reg.html?_=1627694866573 HTTP/1.1" 200 22
222.69.129.197 - - [31/Jul/2021:09:27:46 +0800] "GET /xingrg/all/function/internal_message.html?_=1627694866906&CODE_STATE=getMsg HTTP/1.1" 200 27
101.83.241.165 - - [31/Jul/2021:09:27:46 +0800] "GET /xingrg/kc/base/wldb_order_operate.html?command=get_materiel&rest_code=00154&base_code=0010724&code=00101019811 HTTP/1.1" 200 428
101.80.228.114 - - [31/Jul/2021:09:27:51 +0800] "GET /xingrg/all/function/internal_message.html?_=1627694870761&CODE_STATE=getMsg HTTP/1.1" 200 27
180.169.147.146 - - [31/Jul/2021:09:27:53 +0800] "GET /xingrg/all/function/internal_message.html?_=1627694865339&CODE_STATE=getMsg HTTP/1.1" 200 27
117.184.7.30 - - [31/Jul/2021:09:27:54 +0800] "GET /xingrg/all/function/internal_message.html?_=1627694863262&CODE_STATE=getMsg HTTP/1.1" 200 27
180.162.111.5 - - [31/Jul/2021:09:27:58 +0800] "GET /xingrg/all/function/internal_message.html?_=1627694501787&CODE_STATE=getMsg HTTP/1.1" 200 27
120.253.135.82 - - [31/Jul/2021:09:27:59 +0800] "GET /xingrg/all/function/internal_message.html?_=1627694657803&CODE_STATE=getMsg HTTP/1.1" 200 27
180.156.224.123 - - [31/Jul/2021:09:27:59 +0800] "GET /xingrg/kc/buy/cgsh_order_operate.html?command=get_materiel&rest_code=00150&code=00101008224&supplier_code=00100007&order_time=2021-07-31 HTTP/1.1" 200 416
222.70.176.145 - - [31/Jul/2021:09:28:05 +0800] "GET /xingrg/all/function/internal_message.html?_=1627694919540&CODE_STATE=getMsg HTTP/1.1" 302 -
180.169.147.146 - - [31/Jul/2021:09:28:06 +0800] "GET /xingrg/all/function/internal_message.html?_=1627694894889&CODE_STATE=getMsg HTTP/1.1" 302 -
101.83.241.165 - - [31/Jul/2021:09:28:07 +0800] "GET /xingrg/all/function/internal_message.html?_=1627694886759&CODE_STATE=getMsg HTTP/1.1" 200 27
116.230.110.80 - - [31/Jul/2021:09:28:08 +0800] "GET /xingrg/all/function/internal_message.html?_=1627694886904&CODE_STATE=getMsg HTTP/1.1" 200 27
116.230.110.80 - - [31/Jul/2021:09:28:08 +0800] "GET /xingrg/check_reg.html?_=1627694886906 HTTP/1.1" 200 22
180.156.224.123 - - [31/Jul/2021:09:28:09 +0800] "GET /xingrg/kc/buy/cgsh_order_operate.html?command=get_materiel&rest_code=00150&code=00101008223&supplier_code=00100007&order_time=2021-07-31 HTTP/1.1" 200 412
101.83.145.79 - - [31/Jul/2021:09:28:15 +0800] "GET /xingrg/all/function/internal_message.html?_=1627694894598&CODE_STATE=getMsg HTTP/1.1" 200 27
101.83.145.79 - - [31/Jul/2021:09:28:15 +0800] "GET /xingrg/check_reg.html?_=1627694894676 HTTP/1.1" 200 22
180.156.224.123 - - [31/Jul/2021:09:28:18 +0800] "POST /xingrg/kc/buy/cgsh_order_operate.html HTTP/1.1" 200 37
180.156.224.123 - - [31/Jul/2021:09:28:20 +0800] "POST /xingrg/kc/buy/cgsh_order_operate.html HTTP/1.1" 200 29292
180.156.224.123 - - [31/Jul/2021:09:28:29 +0800] "GET /xingrg/kc/buy/cgsh_order_operate.html?command=get_materiel&rest_code=00150&code=00101008005&supplier_code=00100007&order_time=2021-07-31 HTTP/1.1" 200 412
117.184.7.30 - - [31/Jul/2021:09:28:30 +0800] "GET /xingrg/check_reg.html?_=1627694899736 HTTP/1.1" 200 22
120.253.135.82 - - [31/Jul/2021:09:28:31 +0800] "GET /xingrg/all/function/internal_message.html?_=1627695037557&CODE_STATE=getMsg HTTP/1.1" 200 27
180.156.224.123 - - [31/Jul/2021:09:28:32 +0800] "GET /xingrg/all/function/internal_message.html?_=1627694909613&CODE_STATE=getMsg HTTP/1.1" 200 27
116.235.222.38 - - [31/Jul/2021:09:28:32 +0800] "GET /xingrg/all/function/internal_message.html?_=1627694904727&CODE_STATE=getMsg HTTP/1.1" 200 27
180.156.224.123 - - [31/Jul/2021:09:28:34 +0800] "GET /xingrg/all/function/internal_message.html?_=1627694874341&CODE_STATE=getMsg HTTP/1.1" 200 27
180.156.224.123 - - [31/Jul/2021:09:28:36 +0800] "GET /xingrg/kc/buy/cgsh_order_operate.html?command=get_materiel&rest_code=00150&code=00101008109&supplier_code=00100007&order_time=2021-07-31 HTTP/1.1" 200 413
222.70.176.145 - - [31/Jul/2021:09:28:40 +0800] "GET /xingrg/all/function/internal_message.html?_=1627694916239&CODE_STATE=getMsg HTTP/1.1" 200 27
120.253.135.82 - - [31/Jul/2021:09:28:41 +0800] "GET /xingrg/all/function/internal_message.html?_=1627694957789&CODE_STATE=getMsg HTTP/1.1" 200 27
116.233.73.163 - - [31/Jul/2021:09:28:45 +0800] "GET /xingrg/all/function/internal_message.html?_=1627694936546&CODE_STATE=getMsg HTTP/1.1" 200 27
116.233.73.163 - - [31/Jul/2021:09:28:45 +0800] "GET /xingrg/check_reg.html?_=1627694936547 HTTP/1.1" 200 22
222.70.246.151 - - [31/Jul/2021:09:28:45 +0800] "GET /xingrg/all/function/internal_message.html?_=1627694922109&CODE_STATE=getMsg HTTP/1.1" 200 27
222.69.129.197 - - [31/Jul/2021:09:28:46 +0800] "GET /xingrg/all/function/internal_message.html?_=1627694926878&CODE_STATE=getMsg HTTP/1.1" 200 27
180.156.224.123 - - [31/Jul/2021:09:28:48 +0800] "GET /xingrg/kc/buy/cgsh_order_operate.html?command=get_materiel&rest_code=00150&code=00101015036&supplier_code=00100007&order_time=2021-07-31 HTTP/1.1" 200 413
120.253.135.82 - - [31/Jul/2021:09:28:50 +0800] "GET /xingrg/check_reg.html?_=1627694709412 HTTP/1.1" 200 22
101.80.228.114 - - [31/Jul/2021:09:28:51 +0800] "GET /xingrg/all/function/internal_message.html?_=1627694930766&CODE_STATE=getMsg HTTP/1.1" 200 27
101.80.228.114 - - [31/Jul/2021:09:28:51 +0800] "GET /xingrg/check_reg.html?_=1627694930769 HTTP/1.1" 200 22
180.169.147.146 - - [31/Jul/2021:09:28:53 +0800] "GET /xingrg/all/function/internal_message.html?_=1627694925316&CODE_STATE=getMsg HTTP/1.1" 200 27
117.184.7.30 - - [31/Jul/2021:09:28:54 +0800] "GET /xingrg/all/function/internal_message.html?_=1627694923250&CODE_STATE=getMsg HTTP/1.1" 200 27
180.156.224.123 - - [31/Jul/2021:09:28:55 +0800] "GET /xingrg/kc/buy/cgsh_order_operate.html?command=get_materiel&rest_code=00150&code=00101008236&supplier_code=00100007&order_time=2021-07-31 HTTP/1.1" 200 416
180.162.111.5 - - [31/Jul/2021:09:28:58 +0800] "GET /xingrg/all/function/internal_message.html?_=1627694561787&CODE_STATE=getMsg HTTP/1.1" 200 27
120.253.135.82 - - [31/Jul/2021:09:28:59 +0800] "GET /xingrg/all/function/internal_message.html?_=1627694717816&CODE_STATE=getMsg HTTP/1.1" 200 27
180.156.224.123 - - [31/Jul/2021:09:29:04 +0800] "GET /xingrg/kc/buy/cgsh_order_operate.html?command=get_materiel&rest_code=00150&code=00101008114&supplier_code=00100007&order_time=2021-07-31 HTTP/1.1" 200 412
222.70.176.145 - - [31/Jul/2021:09:29:05 +0800] "GET /xingrg/all/function/internal_message.html?_=1627694979541&CODE_STATE=getMsg HTTP/1.1" 302 -
180.169.147.146 - - [31/Jul/2021:09:29:06 +0800] "GET /xingrg/all/function/internal_message.html?_=1627694954889&CODE_STATE=getMsg HTTP/1.1" 302 -
101.83.241.165 - - [31/Jul/2021:09:29:07 +0800] "GET /xingrg/all/function/internal_message.html?_=1627694946762&CODE_STATE=getMsg HTTP/1.1" 200 27
101.83.241.165 - - [31/Jul/2021:09:29:07 +0800] "GET /xingrg/check_reg.html?_=1627694946766 HTTP/1.1" 200 22
116.230.110.80 - - [31/Jul/2021:09:29:08 +0800] "GET /xingrg/all/function/internal_message.html?_=1627694946921&CODE_STATE=getMsg HTTP/1.1" 200 27
180.156.224.123 - - [31/Jul/2021:09:29:10 +0800] "POST /xingrg/kc/buy/cgsh_order_operate.html HTTP/1.1" 200 37
180.156.224.123 - - [31/Jul/2021:09:29:11 +0800] "GET /xingrg/check_reg.html?_=1627694912060 HTTP/1.1" 200 22
180.156.224.123 - - [31/Jul/2021:09:29:12 +0800] "POST /xingrg/kc/buy/cgsh_order_operate.html HTTP/1.1" 200 32254
101.83.145.79 - - [31/Jul/2021:09:29:15 +0800] "GET /xingrg/all/function/internal_message.html?_=1627694954598&CODE_STATE=getMsg HTTP/1.1" 200 27
180.169.147.146 - - [31/Jul/2021:09:29:16 +0800] "GET /xingrg/check_reg.html?_=1627694948485 HTTP/1.1" 200 22
180.156.224.123 - - [31/Jul/2021:09:29:18 +0800] "GET /xingrg/kc/buy/cgsh_order_operate.html?command=get_materiel&rest_code=00150&code=00101008061&supplier_code=00100007&order_time=2021-07-31 HTTP/1.1" 200 422
117.184.7.30 - - [31/Jul/2021:09:29:24 +0800] "GET /xingrg/kc/base/wldb_order_add.html HTTP/1.1" 200 30349
117.184.7.30 - - [31/Jul/2021:09:29:25 +0800] "GET /xingrg/javascript/easyui/themes/default/validatebox.css HTTP/1.1" 404 1104
117.184.7.30 - - [31/Jul/2021:09:29:25 +0800] "POST /xingrg/kc/base/wldb_order_operate.html HTTP/1.1" 200 6806
120.253.135.82 - - [31/Jul/2021:09:29:31 +0800] "GET /xingrg/all/function/internal_message.html?_=1627695097580&CODE_STATE=getMsg HTTP/1.1" 200 27
180.156.224.123 - - [31/Jul/2021:09:29:32 +0800] "GET /xingrg/check_reg.html?_=1627694969613 HTTP/1.1" 200 22
180.156.224.123 - - [31/Jul/2021:09:29:32 +0800] "GET /xingrg/all/function/internal_message.html?_=1627694969614&CODE_STATE=getMsg HTTP/1.1" 200 27
116.235.222.38 - - [31/Jul/2021:09:29:32 +0800] "GET /xingrg/all/function/internal_message.html?_=1627694964713&CODE_STATE=getMsg HTTP/1.1" 200 27
180.156.224.123 - - [31/Jul/2021:09:29:34 +0800] "GET /xingrg/all/function/internal_message.html?_=1627694934353&CODE_STATE=getMsg HTTP/1.1" 200 27
180.156.224.123 - - [31/Jul/2021:09:29:36 +0800] "GET /xingrg/kc/buy/cgsh_order_operate.html?command=get_materiel&rest_code=00150&code=00101008110&supplier_code=00100007&order_time=2021-07-31 HTTP/1.1" 200 408
222.70.176.145 - - [31/Jul/2021:09:29:40 +0800] "GET /xingrg/all/function/internal_message.html?_=1627694976238&CODE_STATE=getMsg HTTP/1.1" 200 27
117.184.7.30 - - [31/Jul/2021:09:29:41 +0800] "GET /xingrg/kc/base/wldb_order_operate.html?command=get_materiel&rest_code=00108&base_code=0010539&code=00102002362 HTTP/1.1" 200 434
120.253.135.82 - - [31/Jul/2021:09:29:41 +0800] "GET /xingrg/all/function/internal_message.html?_=1627695017799&CODE_STATE=getMsg HTTP/1.1" 200 27
222.70.246.151 - - [31/Jul/2021:09:29:43 +0800] "GET /xingrg/check_reg.html?_=1627694980193 HTTP/1.1" 200 22
117.184.7.30 - - [31/Jul/2021:09:29:44 +0800] "GET /xingrg/kc/base/wldb_order_operate.html?command=get_materiel&rest_code=00108&base_code=0010539&code=00102002367 HTTP/1.1" 200 431
180.156.224.123 - - [31/Jul/2021:09:29:44 +0800] "GET /xingrg/kc/buy/cgsh_order_operate.html?command=get_materiel&rest_code=00150&code=00101008168&supplier_code=00100007&order_time=2021-07-31 HTTP/1.1" 200 413
222.70.246.151 - - [31/Jul/2021:09:29:45 +0800] "GET /xingrg/all/function/internal_message.html?_=1627694982123&CODE_STATE=getMsg HTTP/1.1" 200 27
116.233.73.163 - - [31/Jul/2021:09:29:45 +0800] "GET /xingrg/all/function/internal_message.html?_=1627694997050&CODE_STATE=getMsg HTTP/1.1" 200 27
222.69.129.197 - - [31/Jul/2021:09:29:46 +0800] "GET /xingrg/all/function/internal_message.html?_=1627694986869&CODE_STATE=getMsg HTTP/1.1" 200 27
180.169.147.146 - - [31/Jul/2021:09:29:48 +0800] "GET /xingrg/check_reg.html?_=1627694987259 HTTP/1.1" 302 -
117.184.7.30 - - [31/Jul/2021:09:29:49 +0800] "GET /xingrg/kc/base/wldb_order_operate.html?command=get_materiel&rest_code=00108&base_code=0010539&code=00102002373 HTTP/1.1" 200 441
101.80.228.114 - - [31/Jul/2021:09:29:51 +0800] "GET /xingrg/all/function/internal_message.html?_=1627694990783&CODE_STATE=getMsg HTTP/1.1" 200 27
180.169.147.146 - - [31/Jul/2021:09:29:53 +0800] "GET /xingrg/all/function/internal_message.html?_=1627694985287&CODE_STATE=getMsg HTTP/1.1" 200 27
180.156.224.123 - - [31/Jul/2021:09:29:54 +0800] "GET /xingrg/kc/buy/cgsh_order_operate.html?command=get_materiel&rest_code=00150&code=00101008150&supplier_code=00100007&order_time=2021-07-31 HTTP/1.1" 200 409
117.184.7.30 - - [31/Jul/2021:09:29:54 +0800] "GET /xingrg/all/function/internal_message.html?_=1627694983235&CODE_STATE=getMsg HTTP/1.1" 200 27
117.184.7.30 - - [31/Jul/2021:09:29:55 +0800] "GET /xingrg/kc/base/wldb_order_operate.html?command=get_materiel&rest_code=00108&base_code=0010539&code=00102002568 HTTP/1.1" 200 447
180.162.111.5 - - [31/Jul/2021:09:29:58 +0800] "GET /xingrg/all/function/internal_message.html?_=1627694621787&CODE_STATE=getMsg HTTP/1.1" 200 27
120.253.135.82 - - [31/Jul/2021:09:29:59 +0800] "GET /xingrg/all/function/internal_message.html?_=1627694777829&CODE_STATE=getMsg HTTP/1.1" 200 27
117.184.7.30 - - [31/Jul/2021:09:30:00 +0800] "GET /xingrg/kc/base/wldb_order_operate.html?command=get_materiel&rest_code=00108&base_code=0010539&code=00102004006 HTTP/1.1" 200 442
180.156.224.123 - - [31/Jul/2021:09:30:00 +0800] "POST /xingrg/kc/buy/cgsh_order_operate.html HTTP/1.1" 200 37
180.156.224.123 - - [31/Jul/2021:09:30:02 +0800] "POST /xingrg/kc/buy/cgsh_order_operate.html HTTP/1.1" 200 35220
117.184.7.30 - - [31/Jul/2021:09:30:04 +0800] "GET /xingrg/kc/base/wldb_order_operate.html?command=get_materiel&rest_code=00108&base_code=0010539&code=00102004026 HTTP/1.1" 200 442
222.70.176.145 - - [31/Jul/2021:09:30:05 +0800] "GET /xingrg/check_reg.html?_=1627695039544 HTTP/1.1" 302 -
222.70.176.145 - - [31/Jul/2021:09:30:05 +0800] "GET /xingrg/all/function/internal_message.html?_=1627695039540&CODE_STATE=getMsg HTTP/1.1" 302 -
180.169.147.146 - - [31/Jul/2021:09:30:06 +0800] "GET /xingrg/all/function/internal_message.html?_=1627695014889&CODE_STATE=getMsg HTTP/1.1" 302 -
101.83.241.165 - - [31/Jul/2021:09:30:07 +0800] "GET /xingrg/all/function/internal_message.html?_=1627695006756&CODE_STATE=getMsg HTTP/1.1" 200 27
116.230.110.80 - - [31/Jul/2021:09:30:08 +0800] "GET /xingrg/all/function/internal_message.html?_=1627695006911&CODE_STATE=getMsg HTTP/1.1" 200 27
222.69.129.197 - - [31/Jul/2021:09:30:09 +0800] "GET /xingrg/kc/buy/cgsh_order_operate.html?command=get_materiel&rest_code=00149&code=00101002027&supplier_code=00100039&order_time=2021-07-31 HTTP/1.1" 200 414
117.184.7.30 - - [31/Jul/2021:09:30:10 +0800] "GET /xingrg/kc/base/wldb_order_operate.html?command=get_materiel&rest_code=00108&base_code=0010539&code=00102004030 HTTP/1.1" 200 442
101.83.145.79 - - [31/Jul/2021:09:30:15 +0800] "GET /xingrg/all/function/internal_message.html?_=1627695014595&CODE_STATE=getMsg HTTP/1.1" 200 27
117.184.7.30 - - [31/Jul/2021:09:30:16 +0800] "GET /xingrg/kc/base/wldb_order_operate.html?command=get_materiel&rest_code=00108&base_code=0010539&code=00102002118 HTTP/1.1" 200 452
180.156.224.123 - - [31/Jul/2021:09:30:17 +0800] "GET /xingrg/javascript/jquery_easy_ui/themes/default/images/tabs_active.png HTTP/1.1" 304 -
180.156.224.123 - - [31/Jul/2021:09:30:22 +0800] "POST /xingrg/kc/buy/cgsh_list_operate.html HTTP/1.1" 200 2088
117.184.7.30 - - [31/Jul/2021:09:30:24 +0800] "POST /xingrg/kc/base/wldb_order_operate.html HTTP/1.1" 200 37
117.184.7.30 - - [31/Jul/2021:09:30:24 +0800] "POST /xingrg/kc/base/wldb_order_operate.html HTTP/1.1" 200 5557
117.184.7.30 - - [31/Jul/2021:09:30:24 +0800] "GET /xingrg/kc/base/wldb_order_info.html?code=422021073103466 HTTP/1.1" 200 30364
117.184.7.30 - - [31/Jul/2021:09:30:25 +0800] "GET /xingrg/javascript/easyui/themes/default/validatebox.css HTTP/1.1" 404 1104
117.184.7.30 - - [31/Jul/2021:09:30:25 +0800] "POST /xingrg/kc/base/wldb_order_operate.html HTTP/1.1" 200 5557
180.156.224.123 - - [31/Jul/2021:09:30:25 +0800] "POST /xingrg/kc/buy/cgsh_list_operate.html HTTP/1.1" 200 582
180.156.224.123 - - [31/Jul/2021:09:30:26 +0800] "GET /xingrg/kc/buy/cgsh_order_info.html?code=212021073113928 HTTP/1.1" 200 62823
101.83.241.165 - - [31/Jul/2021:09:30:27 +0800] "GET /xingrg/kc/base/wldb_order_operate.html?command=get_materiel&rest_code=00154&base_code=0010724&code=00101022099 HTTP/1.1" 200 425
180.156.224.123 - - [31/Jul/2021:09:30:27 +0800] "GET /xingrg/javascript/easyui/themes/default/validatebox.css HTTP/1.1" 404 1104
180.156.224.123 - - [31/Jul/2021:09:30:28 +0800] "POST /xingrg/kc/buy/cgsh_order_operate.html HTTP/1.1" 200 8604
116.237.74.182 - - [31/Jul/2021:09:30:29 +0800] "GET /xingrg/login.html HTTP/1.1" 200 7641
117.184.7.30 - - [31/Jul/2021:09:30:29 +0800] "GET /xingrg/kc/base/wldb_order_add.html HTTP/1.1" 200 30349
117.184.7.30 - - [31/Jul/2021:09:30:30 +0800] "POST /xingrg/kc/base/wldb_order_operate.html HTTP/1.1" 200 6806
117.184.7.30 - - [31/Jul/2021:09:30:30 +0800] "GET /xingrg/javascript/easyui/themes/default/validatebox.css HTTP/1.1" 404 1104
116.237.74.182 - - [31/Jul/2021:09:30:31 +0800] "GET /favicon.ico HTTP/1.1" 404 -
120.253.135.82 - - [31/Jul/2021:09:30:31 +0800] "GET /xingrg/all/function/internal_message.html?_=1627695157585&CODE_STATE=getMsg HTTP/1.1" 200 27
180.156.224.123 - - [31/Jul/2021:09:30:32 +0800] "GET /xingrg/all/function/internal_message.html?_=1627695029612&CODE_STATE=getMsg HTTP/1.1" 200 27
58.40.7.146 - - [31/Jul/2021:09:30:32 +0800] "GET /xingrg/check_reg.html?_=1627695031616 HTTP/1.1" 302 -
116.235.222.38 - - [31/Jul/2021:09:30:32 +0800] "GET /xingrg/all/function/internal_message.html?_=1627695024700&CODE_STATE=getMsg HTTP/1.1" 200 27
116.237.74.182 - - [31/Jul/2021:09:30:32 +0800] "POST /xingrg/login.do HTTP/1.1" 302 -
116.237.74.182 - - [31/Jul/2021:09:30:32 +0800] "GET /xingrg/index.html?sysBaseUrl=http%3A%2F%2F180.169.147.146%3A18081%2Fxingrg%2F&costTime=59×tamp=1627695032892 HTTP/1.1" 200 17173
180.156.224.123 - - [31/Jul/2021:09:30:34 +0800] "GET /xingrg/all/function/internal_message.html?_=1627694994366&CODE_STATE=getMsg HTTP/1.1" 200 27
116.237.74.182 - - [31/Jul/2021:09:30:34 +0800] "GET /favicon.ico HTTP/1.1" 404 -
116.237.74.182 - - [31/Jul/2021:09:30:34 +0800] "POST /xingrg/all/common/load_tree.html?tree=area_rest_tree_json&manage=1 HTTP/1.1" 200 342
116.237.74.182 - - [31/Jul/2021:09:30:36 +0800] "GET /xingrg/check_reg.html?_=1627695031721 HTTP/1.1" 200 22
116.237.74.182 - - [31/Jul/2021:09:30:36 +0800] "GET /xingrg/all/function/internal_message.html?_=1627695031721&CODE_STATE=count HTTP/1.1" 200 11
116.237.74.182 - - [31/Jul/2021:09:30:36 +0800] "POST /xingrg/load_menu.html HTTP/1.1" 200 5138
116.237.74.182 - - [31/Jul/2021:09:30:38 +0800] "GET /xingrg/kc/buy/buy_main.html HTTP/1.1" 200 12412
116.237.74.182 - - [31/Jul/2021:09:30:38 +0800] "GET /xingrg/css/new_ie.css HTTP/1.1" 404 1036
116.237.74.182 - - [31/Jul/2021:09:30:39 +0800] "GET /xingrg/images/yd/bt.gif HTTP/1.1" 404 1040
116.237.74.182 - - [31/Jul/2021:09:30:40 +0800] "GET /xingrg/kc/buy/cgsh_order_list.html HTTP/1.1" 200 47140
222.70.176.145 - - [31/Jul/2021:09:30:40 +0800] "GET /xingrg/all/function/internal_message.html?_=1627695036235&CODE_STATE=getMsg HTTP/1.1" 200 27
120.253.135.82 - - [31/Jul/2021:09:30:40 +0800] "GET /xingrg/check_reg.html?_=1627695077254 HTTP/1.1" 200 22
120.253.135.82 - - [31/Jul/2021:09:30:41 +0800] "GET /xingrg/all/function/internal_message.html?_=1627695077813&CODE_STATE=getMsg HTTP/1.1" 200 27
116.233.73.163 - - [31/Jul/2021:09:30:45 +0800] "GET /xingrg/all/function/internal_message.html?_=1627695056550&CODE_STATE=getMsg HTTP/1.1" 200 27
222.70.246.151 - - [31/Jul/2021:09:30:45 +0800] "GET /xingrg/all/function/internal_message.html?_=1627695042136&CODE_STATE=getMsg HTTP/1.1" 200 27
116.237.74.182 - - [31/Jul/2021:09:30:45 +0800] "POST /xingrg/kc/buy/cgsh_list_operate.html HTTP/1.1" 200 876
222.69.129.197 - - [31/Jul/2021:09:30:46 +0800] "GET /xingrg/all/function/internal_message.html?_=1627695046855&CODE_STATE=getMsg HTTP/1.1" 200 27
101.80.228.114 - - [31/Jul/2021:09:30:51 +0800] "GET /xingrg/all/function/internal_message.html?_=1627695050762&CODE_STATE=getMsg HTTP/1.1" 200 27
180.169.147.146 - - [31/Jul/2021:09:30:53 +0800] "GET /xingrg/all/function/internal_message.html?_=1627695045263&CODE_STATE=getMsg HTTP/1.1" 200 27
117.184.7.30 - - [31/Jul/2021:09:30:54 +0800] "GET /xingrg/all/function/internal_message.html?_=1627695043213&CODE_STATE=getMsg HTTP/1.1" 200 27
180.162.111.5 - - [31/Jul/2021:09:30:58 +0800] "GET /xingrg/check_reg.html?_=1627694681814 HTTP/1.1" 200 22
180.162.111.5 - - [31/Jul/2021:09:30:58 +0800] "GET /xingrg/all/function/internal_message.html?_=1627694681812&CODE_STATE=getMsg HTTP/1.1" 200 27
116.237.74.182 - - [31/Jul/2021:09:30:58 +0800] "GET /xingrg/kc/buy/cgsh_order_add.html HTTP/1.1" 200 62884
116.237.74.182 - - [31/Jul/2021:09:30:59 +0800] "GET /xingrg/words/20210730190311_words.js HTTP/1.1" 304 -
120.253.135.82 - - [31/Jul/2021:09:30:59 +0800] "GET /xingrg/all/function/internal_message.html?_=1627694838028&CODE_STATE=getMsg HTTP/1.1" 200 27
116.237.74.182 - - [31/Jul/2021:09:31:00 +0800] "GET /xingrg/javascript/easyui/themes/default/validatebox.css HTTP/1.1" 404 1104
116.237.74.182 - - [31/Jul/2021:09:31:00 +0800] "GET /xingrg/all/common/auto_word.html?type=employee&rest_code=00106 HTTP/1.1" 200 205
116.237.74.182 - - [31/Jul/2021:09:31:00 +0800] "GET /xingrg/all/common/auto_word.html?type=employee&rest_code=00106 HTTP/1.1" 200 205
116.237.74.182 - - [31/Jul/2021:09:31:00 +0800] "POST /xingrg/kc/buy/cgsh_order_operate.html HTTP/1.1" 200 8245
116.237.74.182 - - [31/Jul/2021:09:31:01 +0800] "GET /xingrg/javascript/easyui/themes/default/tree.css HTTP/1.1" 404 1090
117.184.7.30 - - [31/Jul/2021:09:31:01 +0800] "GET /xingrg/kc/base/wldb_order_operate.html?command=get_materiel&rest_code=00108&base_code=0010539&code=00102002192 HTTP/1.1" 200 433
116.237.74.182 - - [31/Jul/2021:09:31:01 +0800] "POST /xingrg/all/common/load_tree.html?tree=supplier_tree_json&isDelete=1 HTTP/1.1" 200 56725
180.156.224.123 - - [31/Jul/2021:09:31:03 +0800] "POST /xingrg/kc/buy/cgsh_order_operate.html HTTP/1.1" 200 37
180.156.224.123 - - [31/Jul/2021:09:31:05 +0800] "POST /xingrg/kc/buy/cgsh_order_operate.html HTTP/1.1" 200 8603
222.70.176.145 - - [31/Jul/2021:09:31:05 +0800] "GET /xingrg/all/function/internal_message.html?_=1627695099542&CODE_STATE=getMsg HTTP/1.1" 302 -
180.169.147.146 - - [31/Jul/2021:09:31:06 +0800] "GET /xingrg/all/function/internal_message.html?_=1627695074915&CODE_STATE=getMsg HTTP/1.1" 302 -
101.83.241.165 - - [31/Jul/2021:09:31:07 +0800] "GET /xingrg/all/function/internal_message.html?_=1627695066756&CODE_STATE=getMsg HTTP/1.1" 200 27
180.156.224.123 - - [31/Jul/2021:09:31:07 +0800] "GET /xingrg/kc/buy/cgsh_order_add.html HTTP/1.1" 200 62814
180.156.224.123 - - [31/Jul/2021:09:31:07 +0800] "POST /xingrg/kc/buy/cgsh_order_operate.html HTTP/1.1" 200 8245
180.156.224.123 - - [31/Jul/2021:09:31:08 +0800] "GET /xingrg/javascript/easyui/themes/default/validatebox.css HTTP/1.1" 404 1104
116.230.110.80 - - [31/Jul/2021:09:31:08 +0800] "GET /xingrg/all/function/internal_message.html?_=1627695066908&CODE_STATE=getMsg HTTP/1.1" 200 27
101.83.145.79 - - [31/Jul/2021:09:31:15 +0800] "GET /xingrg/all/function/internal_message.html?_=1627695074621&CODE_STATE=getMsg HTTP/1.1" 200 27
180.156.224.123 - - [31/Jul/2021:09:31:17 +0800] "GET /xingrg/kc/buy/cgsh_order_operate.html?command=get_materiel&rest_code=00150&code=00101011001&supplier_code=00100047&order_time=2021-07-31 HTTP/1.1" 200 423
116.237.74.182 - - [31/Jul/2021:09:31:17 +0800] "GET /xingrg/javascript/auto/indicator.gif HTTP/1.1" 404 1066
116.237.74.182 - - [31/Jul/2021:09:31:22 +0800] "GET /xingrg/kc/buy/cgsh_order_operate.html?command=get_materiel&rest_code=00106&code=00102010066&supplier_code=00100151&order_time=2021-07-31 HTTP/1.1" 200 416
117.184.7.30 - - [31/Jul/2021:09:31:26 +0800] "GET /xingrg/kc/base/wldb_order_operate.html?command=get_materiel&rest_code=00108&base_code=0010539&code=00102002269 HTTP/1.1" 200 434
180.156.224.123 - - [31/Jul/2021:09:31:26 +0800] "GET /xingrg/kc/buy/cgsh_order_operate.html?command=get_materiel&rest_code=00150&code=00101011005&supplier_code=00100047&order_time=2021-07-31 HTTP/1.1" 200 428
180.156.224.123 - - [31/Jul/2021:09:31:32 +0800] "GET /xingrg/all/function/internal_message.html?_=1627695089614&CODE_STATE=getMsg HTTP/1.1" 200 27
116.235.222.38 - - [31/Jul/2021:09:31:32 +0800] "GET /xingrg/all/function/internal_message.html?_=1627695084676&CODE_STATE=getMsg HTTP/1.1" 200 27
120.253.135.82 - - [31/Jul/2021:09:31:32 +0800] "GET /xingrg/all/function/internal_message.html?_=1627695218366&CODE_STATE=getMsg HTTP/1.1" 200 27
120.253.135.82 - - [31/Jul/2021:09:31:32 +0800] "GET /xingrg/check_reg.html?_=1627695218365 HTTP/1.1" 200 22
180.156.224.123 - - [31/Jul/2021:09:31:34 +0800] "GET /xingrg/all/function/internal_message.html?_=1627695054379&CODE_STATE=getMsg HTTP/1.1" 200 27
117.184.7.30 - - [31/Jul/2021:09:31:34 +0800] "GET /xingrg/kc/base/wldb_order_operate.html?command=get_materiel&rest_code=00108&base_code=0010539&code=00102002335 HTTP/1.1" 200 439
116.237.74.182 - - [31/Jul/2021:09:31:36 +0800] "GET /xingrg/all/function/internal_message.html?_=1627695091721&CODE_STATE=getMsg HTTP/1.1" 200 27
116.237.74.182 - - [31/Jul/2021:09:31:37 +0800] "GET /xingrg/kc/buy/cgsh_order_operate.html?command=get_materiel&rest_code=00106&code=00102010611&supplier_code=00100151&order_time=2021-07-31 HTTP/1.1" 200 413
222.70.176.145 - - [31/Jul/2021:09:31:40 +0800] "GET /xingrg/all/function/internal_message.html?_=1627695096232&CODE_STATE=getMsg HTTP/1.1" 200 27
222.70.176.145 - - [31/Jul/2021:09:31:40 +0800] "GET /xingrg/check_reg.html?_=1627695096237 HTTP/1.1" 200 22
120.253.135.82 - - [31/Jul/2021:09:31:41 +0800] "GET /xingrg/all/function/internal_message.html?_=1627695137826&CODE_STATE=getMsg HTTP/1.1" 200 27
117.184.7.30 - - [31/Jul/2021:09:31:41 +0800] "GET /xingrg/kc/base/wldb_order_operate.html?command=get_materiel&rest_code=00108&base_code=0010539&code=00102002586 HTTP/1.1" 200 439
116.233.73.163 - - [31/Jul/2021:09:31:45 +0800] "GET /xingrg/all/function/internal_message.html?_=1627695116552&CODE_STATE=getMsg HTTP/1.1" 200 27
222.70.246.151 - - [31/Jul/2021:09:31:45 +0800] "GET /xingrg/all/function/internal_message.html?_=1627695102150&CODE_STATE=getMsg HTTP/1.1" 200 27
180.156.224.123 - - [31/Jul/2021:09:31:45 +0800] "POST /xingrg/kc/buy/cgsh_order_operate.html HTTP/1.1" 200 37
116.237.74.182 - - [31/Jul/2021:09:31:46 +0800] "GET /xingrg/kc/buy/cgsh_order_operate.html?command=get_materiel&rest_code=00106&code=00102010745&supplier_code=00100151&order_time=2021-07-31 HTTP/1.1" 200 409
222.69.129.197 - - [31/Jul/2021:09:31:46 +0800] "GET /xingrg/all/function/internal_message.html?_=1627695106834&CODE_STATE=getMsg HTTP/1.1" 200 27
117.184.7.30 - - [31/Jul/2021:09:31:46 +0800] "GET /xingrg/kc/base/wldb_order_operate.html?command=get_materiel&rest_code=00108&base_code=0010539&code=00102002610 HTTP/1.1" 200 429
101.80.228.114 - - [31/Jul/2021:09:31:51 +0800] "GET /xingrg/all/function/internal_message.html?_=1627695110764&CODE_STATE=getMsg HTTP/1.1" 200 27
117.184.7.30 - - [31/Jul/2021:09:31:53 +0800] "GET /xingrg/kc/base/wldb_order_operate.html?command=get_materiel&rest_code=00108&base_code=0010539&code=00102002622 HTTP/1.1" 200 417
180.169.147.146 - - [31/Jul/2021:09:31:53 +0800] "GET /xingrg/all/function/internal_message.html?_=1627695105243&CODE_STATE=getMsg HTTP/1.1" 200 27
180.156.224.123 - - [31/Jul/2021:09:31:53 +0800] "POST /xingrg/kc/buy/cgsh_order_operate.html HTTP/1.1" 200 12
117.184.7.30 - - [31/Jul/2021:09:31:54 +0800] "GET /xingrg/all/function/internal_message.html?_=1627695103217&CODE_STATE=getMsg HTTP/1.1" 200 27
180.156.224.123 - - [31/Jul/2021:09:31:54 +0800] "GET /xingrg/kc/buy/cgsh_order_info.html?code=212021073113943 HTTP/1.1" 200 57727
180.156.224.123 - - [31/Jul/2021:09:31:55 +0800] "GET /xingrg/javascript/easyui/themes/default/validatebox.css HTTP/1.1" 404 1104
180.156.224.123 - - [31/Jul/2021:09:31:56 +0800] "POST /xingrg/kc/buy/cgsh_order_operate.html HTTP/1.1" 200 1207
180.156.224.123 - - [31/Jul/2021:09:31:58 +0800] "GET /xingrg/kc/print/load_data.html?order_code=212021073113943&kc_code=cgsh&condition= HTTP/1.1" 200 1014
180.162.111.5 - - [31/Jul/2021:09:31:58 +0800] "GET /xingrg/all/function/internal_message.html?_=1627694741813&CODE_STATE=getMsg HTTP/1.1" 200 27
117.184.7.30 - - [31/Jul/2021:09:31:58 +0800] "POST /xingrg/kc/base/wldb_order_operate.html HTTP/1.1" 200 37
117.184.7.30 - - [31/Jul/2021:09:31:58 +0800] "POST /xingrg/kc/base/wldb_order_operate.html HTTP/1.1" 200 4082
117.184.7.30 - - [31/Jul/2021:09:31:59 +0800] "GET /xingrg/kc/base/wldb_order_info.html?code=422021073103467 HTTP/1.1" 200 30364
120.253.135.82 - - [31/Jul/2021:09:31:59 +0800] "GET /xingrg/all/function/internal_message.html?_=1627694898028&CODE_STATE=getMsg HTTP/1.1" 200 27
117.184.7.30 - - [31/Jul/2021:09:31:59 +0800] "GET /xingrg/javascript/easyui/themes/default/validatebox.css HTTP/1.1" 404 1104
117.184.7.30 - - [31/Jul/2021:09:32:00 +0800] "POST /xingrg/kc/base/wldb_order_operate.html HTTP/1.1" 200 4082
116.237.74.182 - - [31/Jul/2021:09:32:01 +0800] "GET /xingrg/kc/buy/cgsh_order_operate.html?command=get_materiel&rest_code=00106&code=00102010851&supplier_code=00100151&order_time=2021-07-31 HTTP/1.1" 200 409
222.70.176.145 - - [31/Jul/2021:09:32:05 +0800] "GET /xingrg/all/function/internal_message.html?_=1627695159541&CODE_STATE=getMsg HTTP/1.1" 302 -
180.156.224.123 - - [31/Jul/2021:09:32:05 +0800] "GET /xingrg/javascript/jquery_easy_ui/themes/icons/ok.png HTTP/1.1" 304 -
180.156.224.123 - - [31/Jul/2021:09:32:05 +0800] "GET /xingrg/javascript/jquery_easy_ui/themes/default/images/panel_tools.gif HTTP/1.1" 304 -
180.156.224.123 - - [31/Jul/2021:09:32:05 +0800] "GET /xingrg/javascript/jquery_easy_ui/themes/default/images/panel_title.png HTTP/1.1" 304 -
180.169.147.146 - - [31/Jul/2021:09:32:06 +0800] "GET /xingrg/check_reg.html?_=1627695134915 HTTP/1.1" 302 -
180.169.147.146 - - [31/Jul/2021:09:32:06 +0800] "GET /xingrg/all/function/internal_message.html?_=1627695134917&CODE_STATE=getMsg HTTP/1.1" 302 -
101.83.241.165 - - [31/Jul/2021:09:32:07 +0800] "GET /xingrg/all/function/internal_message.html?_=1627695126761&CODE_STATE=getMsg HTTP/1.1" 200 27
180.156.224.123 - - [31/Jul/2021:09:32:08 +0800] "POST /xingrg/all/user/operate.html HTTP/1.1" 200 36
116.230.110.80 - - [31/Jul/2021:09:32:08 +0800] "GET /xingrg/all/function/internal_message.html?_=1627695126910&CODE_STATE=getMsg HTTP/1.1" 200 27
180.156.224.123 - - [31/Jul/2021:09:32:10 +0800] "GET /xingrg/index.html?sysBaseUrl=http%3A%2F%2F180.169.147.146%3A18081%2Fxingrg%2F&costTime=257×tamp=1627638849158 HTTP/1.1" 200 17177
180.156.224.123 - - [31/Jul/2021:09:32:10 +0800] "GET /xingrg/javascript/jquery_easy_ui/themes/default/easyui.css HTTP/1.1" 304 -
180.156.224.123 - - [31/Jul/2021:09:32:10 +0800] "GET /xingrg/javascript/jquery_easy_ui/themes/icon.css HTTP/1.1" 304 -
180.156.224.123 - - [31/Jul/2021:09:32:10 +0800] "GET /xingrg/css/form.css HTTP/1.1" 304 -
180.156.224.123 - - [31/Jul/2021:09:32:10 +0800] "GET /xingrg/javascript/jquery-1.4.2.min.js HTTP/1.1" 304 -
180.156.224.123 - - [31/Jul/2021:09:32:10 +0800] "GET /xingrg/javascript/jquery_easy_ui/jquery.easyui.min.js HTTP/1.1" 304 -
180.156.224.123 - - [31/Jul/2021:09:32:10 +0800] "GET /xingrg/javascript/jquery_easy_ui/easyui-lang-zh_CN.js HTTP/1.1" 304 -
180.156.224.123 - - [31/Jul/2021:09:32:10 +0800] "GET /xingrg/javascript/jquery.form.js HTTP/1.1" 304 -
180.156.224.123 - - [31/Jul/2021:09:32:10 +0800] "GET /xingrg/javascript/jquery.utils.js HTTP/1.1" 304 -
180.156.224.123 - - [31/Jul/2021:09:32:10 +0800] "GET /xingrg/javascript/jquery.timers.js HTTP/1.1" 304 -
180.156.224.123 - - [31/Jul/2021:09:32:10 +0800] "GET /xingrg/images/blue/jxLogo.png HTTP/1.1" 304 -
180.156.224.123 - - [31/Jul/2021:09:32:10 +0800] "GET /xingrg/images/blue/navBackgound.jpg HTTP/1.1" 304 -
180.156.224.123 - - [31/Jul/2021:09:32:10 +0800] "GET /xingrg/javascript/jquery_easy_ui/themes/icons/settle_new.png HTTP/1.1" 304 -
180.156.224.123 - - [31/Jul/2021:09:32:10 +0800] "GET /xingrg/images/blue/pingpu.png HTTP/1.1" 304 -
180.156.224.123 - - [31/Jul/2021:09:32:10 +0800] "POST /xingrg/all/common/load_tree.html?tree=area_rest_tree_json&manage=1 HTTP/1.1" 200 476
180.156.224.123 - - [31/Jul/2021:09:32:10 +0800] "GET /xingrg/javascript/jquery_easy_ui/themes/default/images/tabs_leftarrow.png HTTP/1.1" 304 -
180.156.224.123 - - [31/Jul/2021:09:32:10 +0800] "GET /xingrg/javascript/jquery_easy_ui/themes/default/images/tabs_rightarrow.png HTTP/1.1" 304 -
180.156.224.123 - - [31/Jul/2021:09:32:10 +0800] "GET /xingrg/javascript/jquery_easy_ui/themes/default/images/panel_tool_collapse.gif HTTP/1.1" 304 -
180.156.224.123 - - [31/Jul/2021:09:32:10 +0800] "GET /xingrg/check_reg.html?_=1627695091212 HTTP/1.1" 200 22
180.156.224.123 - - [31/Jul/2021:09:32:10 +0800] "GET /xingrg/all/function/internal_message.html?_=1627695091211&CODE_STATE=count HTTP/1.1" 200 11
180.156.224.123 - - [31/Jul/2021:09:32:10 +0800] "POST /xingrg/load_menu.html HTTP/1.1" 200 5138
180.156.224.123 - - [31/Jul/2021:09:32:11 +0800] "GET /xingrg/javascript/jquery_easy_ui/themes/icons/search_new.png HTTP/1.1" 304 -
180.156.224.123 - - [31/Jul/2021:09:32:11 +0800] "GET /xingrg/javascript/jquery_easy_ui/themes/icons/storage_new.png HTTP/1.1" 304 -
180.156.224.123 - - [31/Jul/2021:09:32:11 +0800] "GET /xingrg/javascript/jquery_easy_ui/themes/icons/forms_new.png HTTP/1.1" 304 -
116.237.74.182 - - [31/Jul/2021:09:32:14 +0800] "GET /xingrg/kc/buy/cgsh_order_operate.html?command=get_materiel&rest_code=00106&code=00102016267&supplier_code=00100151&order_time=2021-07-31 HTTP/1.1" 200 414
117.184.7.30 - - [31/Jul/2021:09:32:15 +0800] "GET /xingrg/kc/base/wldb_order_operate.html?command=get_materiel&rest_code=00108&base_code=0010539&code=00102001053 HTTP/1.1" 200 451
101.83.145.79 - - [31/Jul/2021:09:32:15 +0800] "GET /xingrg/all/function/internal_message.html?_=1627695134619&CODE_STATE=getMsg HTTP/1.1" 200 27
117.184.7.30 - - [31/Jul/2021:09:32:19 +0800] "POST /xingrg/kc/base/wldb_order_operate.html HTTP/1.1" 200 37
117.184.7.30 - - [31/Jul/2021:09:32:20 +0800] "POST /xingrg/kc/base/wldb_order_operate.html HTTP/1.1" 200 4574
180.156.224.123 - - [31/Jul/2021:09:32:20 +0800] "GET /xingrg/javascript/jquery_easy_ui/themes/default/images/tabs_close.gif HTTP/1.1" 304 -
180.156.224.123 - - [31/Jul/2021:09:32:20 +0800] "GET /xingrg/kc/buy/cgsh_order_list.html HTTP/1.1" 200 47144
114.88.154.248 - - [31/Jul/2021:09:32:22 +0800] "GET /xingrg/check_reg.html?_=1627695040585 HTTP/1.1" 302 -
114.88.154.248 - - [31/Jul/2021:09:32:22 +0800] "GET /xingrg/all/function/internal_message.html?_=1627695040510&CODE_STATE=getMsg HTTP/1.1" 302 -
180.156.224.123 - - [31/Jul/2021:09:32:22 +0800] "POST /xingrg/kc/buy/cgsh_list_operate.html HTTP/1.1" 200 876
180.156.224.123 - - [31/Jul/2021:09:32:22 +0800] "GET /xingrg/javascript/jquery_easy_ui/themes/icons/rest.png HTTP/1.1" 304 -
180.156.224.123 - - [31/Jul/2021:09:32:22 +0800] "GET /xingrg/javascript/jquery_easy_ui/themes/icons/area.png HTTP/1.1" 304 -
180.156.224.123 - - [31/Jul/2021:09:32:24 +0800] "GET /xingrg/kc/buy/cgsh_order_add.html HTTP/1.1" 200 62532
180.156.224.123 - - [31/Jul/2021:09:32:24 +0800] "POST /xingrg/kc/buy/cgsh_order_operate.html HTTP/1.1" 200 8245
180.156.224.123 - - [31/Jul/2021:09:32:24 +0800] "GET /xingrg/all/common/auto_word.html?type=employee&rest_code=00151 HTTP/1.1" 200 243
180.156.224.123 - - [31/Jul/2021:09:32:24 +0800] "GET /xingrg/all/common/auto_word.html?type=employee&rest_code=00151 HTTP/1.1" 200 243
180.156.224.123 - - [31/Jul/2021:09:32:24 +0800] "GET /xingrg/javascript/easyui/themes/default/validatebox.css HTTP/1.1" 404 1104
180.156.224.123 - - [31/Jul/2021:09:32:25 +0800] "GET /xingrg/javascript/auto/indicator.gif HTTP/1.1" 404 1066
116.237.74.182 - - [31/Jul/2021:09:32:26 +0800] "GET /xingrg/kc/buy/cgsh_order_operate.html?command=get_materiel&rest_code=00106&code=00102009716&supplier_code=00100151&order_time=2021-07-31 HTTP/1.1" 200 416
117.184.7.30 - - [31/Jul/2021:09:32:27 +0800] "GET /xingrg/kc/base/wldb_order_info.html?code=422021073103467 HTTP/1.1" 200 30364
117.184.7.30 - - [31/Jul/2021:09:32:27 +0800] "GET /xingrg/javascript/easyui/themes/default/validatebox.css HTTP/1.1" 404 1104
117.184.7.30 - - [31/Jul/2021:09:32:28 +0800] "POST /xingrg/kc/base/wldb_order_operate.html HTTP/1.1" 200 4574
117.184.7.30 - - [31/Jul/2021:09:32:31 +0800] "GET /xingrg/kc/base/wldb_order_add.html HTTP/1.1" 200 30349
180.156.224.123 - - [31/Jul/2021:09:32:32 +0800] "GET /xingrg/all/function/internal_message.html?_=1627695149613&CODE_STATE=getMsg HTTP/1.1" 200 27
116.235.222.38 - - [31/Jul/2021:09:32:32 +0800] "GET /xingrg/all/function/internal_message.html?_=1627695144661&CODE_STATE=getMsg HTTP/1.1" 200 27
116.235.222.38 - - [31/Jul/2021:09:32:32 +0800] "GET /xingrg/check_reg.html?_=1627695144758 HTTP/1.1" 200 22
117.184.7.30 - - [31/Jul/2021:09:32:32 +0800] "GET /xingrg/javascript/easyui/themes/default/validatebox.css HTTP/1.1" 404 1104
117.184.7.30 - - [31/Jul/2021:09:32:32 +0800] "POST /xingrg/kc/base/wldb_order_operate.html HTTP/1.1" 200 6806
120.253.135.82 - - [31/Jul/2021:09:32:32 +0800] "GET /xingrg/all/function/internal_message.html?_=1627695278389&CODE_STATE=getMsg HTTP/1.1" 200 27
180.156.224.123 - - [31/Jul/2021:09:32:33 +0800] "GET /xingrg/kc/buy/cgsh_order_operate.html?command=get_materiel&rest_code=00151&code=00101011005&supplier_code=00100047&order_time=2021-07-31 HTTP/1.1" 200 428
116.237.74.182 - - [31/Jul/2021:09:32:36 +0800] "GET /xingrg/all/function/internal_message.html?_=1627695151776&CODE_STATE=getMsg HTTP/1.1" 200 27
222.70.176.145 - - [31/Jul/2021:09:32:40 +0800] "GET /xingrg/all/function/internal_message.html?_=1627695156231&CODE_STATE=getMsg HTTP/1.1" 200 27
120.253.135.82 - - [31/Jul/2021:09:32:41 +0800] "GET /xingrg/all/function/internal_message.html?_=1627695197840&CODE_STATE=getMsg HTTP/1.1" 200 27
116.233.73.163 - - [31/Jul/2021:09:32:45 +0800] "GET /xingrg/all/function/internal_message.html?_=1627695176554&CODE_STATE=getMsg HTTP/1.1" 200 27
222.70.246.151 - - [31/Jul/2021:09:32:45 +0800] "GET /xingrg/all/function/internal_message.html?_=1627695162363&CODE_STATE=getMsg HTTP/1.1" 200 27
180.156.224.123 - - [31/Jul/2021:09:32:46 +0800] "GET /xingrg/kc/buy/cgsh_order_operate.html?command=get_materiel&rest_code=00151&code=00101011001&supplier_code=00100047&order_time=2021-07-31 HTTP/1.1" 200 423
222.69.129.197 - - [31/Jul/2021:09:32:46 +0800] "GET /xingrg/check_reg.html?_=1627695166597 HTTP/1.1" 200 22
117.184.7.30 - - [31/Jul/2021:09:32:46 +0800] "GET /xingrg/kc/base/wldb_order_operate.html?command=get_materiel&rest_code=00108&base_code=0010539&code=00102001008 HTTP/1.1" 200 427
222.69.129.197 - - [31/Jul/2021:09:32:47 +0800] "GET /xingrg/all/function/internal_message.html?_=1627695167106&CODE_STATE=getMsg HTTP/1.1" 200 27
116.237.74.182 - - [31/Jul/2021:09:32:49 +0800] "GET /xingrg/kc/buy/cgsh_order_operate.html?command=get_materiel&rest_code=00106&code=00102010812&supplier_code=00100151&order_time=2021-07-31 HTTP/1.1" 200 413
101.80.228.114 - - [31/Jul/2021:09:32:51 +0800] "GET /xingrg/all/function/internal_message.html?_=1627695170767&CODE_STATE=getMsg HTTP/1.1" 200 27
117.184.7.30 - - [31/Jul/2021:09:32:52 +0800] "GET /xingrg/kc/base/wldb_order_operate.html?command=get_materiel&rest_code=00108&base_code=0010539&code=00102001058 HTTP/1.1" 200 433
180.169.147.146 - - [31/Jul/2021:09:32:53 +0800] "GET /xingrg/all/function/internal_message.html?_=1627695165253&CODE_STATE=getMsg HTTP/1.1" 200 27
222.69.129.197 - - [31/Jul/2021:09:32:53 +0800] "GET /xingrg/kc/buy/cgsh_order_operate.html?command=get_materiel&rest_code=00149&code=00101010161&supplier_code=00100039&order_time=2021-07-31 HTTP/1.1" 200 411
180.156.224.123 - - [31/Jul/2021:09:32:53 +0800] "GET /xingrg/kc/buy/cgsh_order_operate.html?command=get_materiel&rest_code=00151&code=00101011010&supplier_code=00100047&order_time=2021-07-31 HTTP/1.1" 200 418
117.184.7.30 - - [31/Jul/2021:09:32:54 +0800] "GET /xingrg/all/function/internal_message.html?_=1627695163189&CODE_STATE=getMsg HTTP/1.1" 200 27
180.162.111.5 - - [31/Jul/2021:09:32:58 +0800] "GET /xingrg/all/function/internal_message.html?_=1627694801814&CODE_STATE=getMsg HTTP/1.1" 200 27
116.230.110.80 - - [31/Jul/2021:09:32:58 +0800] "GET /xingrg/kc/report/report_main.html HTTP/1.1" 200 7345
120.253.135.82 - - [31/Jul/2021:09:32:59 +0800] "GET /xingrg/all/function/internal_message.html?_=1627694958236&CODE_STATE=getMsg HTTP/1.1" 200 27
116.230.110.80 - - [31/Jul/2021:09:32:59 +0800] "GET /xingrg/kc/base/kc_stocks.html HTTP/1.1" 200 16437
116.230.110.80 - - [31/Jul/2021:09:32:59 +0800] "GET /xingrg/javascript/easyui/themes/default/tree.css HTTP/1.1" 404 1090
116.230.110.80 - - [31/Jul/2021:09:32:59 +0800] "GET /xingrg/all/common/auto_word.html?type=base&rest_code=00155 HTTP/1.1" 200 1707
116.230.110.80 - - [31/Jul/2021:09:32:59 +0800] "POST /xingrg/all/common/load_tree.html?tree=materiel_sort_tree_json HTTP/1.1" 200 8666
116.237.74.182 - - [31/Jul/2021:09:33:00 +0800] "GET /xingrg/kc/buy/cgsh_order_operate.html?command=get_materiel&rest_code=00106&code=00102009515&supplier_code=00100151&order_time=2021-07-31 HTTP/1.1" 200 413
180.156.224.123 - - [31/Jul/2021:09:33:05 +0800] "GET /xingrg/kc/buy/cgsh_order_operate.html?command=get_materiel&rest_code=00151&code=00101011007&supplier_code=00100047&order_time=2021-07-31 HTTP/1.1" 200 414
222.70.176.145 - - [31/Jul/2021:09:33:05 +0800] "GET /xingrg/all/function/internal_message.html?_=1627695219543&CODE_STATE=getMsg HTTP/1.1" 302 -
116.230.110.80 - - [31/Jul/2021:09:33:06 +0800] "POST /xingrg/kc/base/stock_operate.html HTTP/1.1" 200 3753
180.169.147.146 - - [31/Jul/2021:09:33:06 +0800] "GET /xingrg/all/function/internal_message.html?_=1627695194919&CODE_STATE=getMsg HTTP/1.1" 302 -
101.83.241.165 - - [31/Jul/2021:09:33:07 +0800] "GET /xingrg/all/function/internal_message.html?_=1627695186763&CODE_STATE=getMsg HTTP/1.1" 200 27
116.230.110.80 - - [31/Jul/2021:09:33:08 +0800] "GET /xingrg/check_reg.html?_=1627695186920 HTTP/1.1" 200 22
116.230.110.80 - - [31/Jul/2021:09:33:08 +0800] "GET /xingrg/all/function/internal_message.html?_=1627695186922&CODE_STATE=getMsg HTTP/1.1" 200 27
222.69.129.197 - - [31/Jul/2021:09:33:09 +0800] "GET /xingrg/kc/buy/cgsh_order_operate.html?command=get_materiel&rest_code=00149&code=00101003025&supplier_code=00100039&order_time=2021-07-31 HTTP/1.1" 200 409
101.83.145.79 - - [31/Jul/2021:09:33:15 +0800] "GET /xingrg/all/function/internal_message.html?_=1627695194618&CODE_STATE=getMsg HTTP/1.1" 200 27
101.83.145.79 - - [31/Jul/2021:09:33:15 +0800] "GET /xingrg/check_reg.html?_=1627695194680 HTTP/1.1" 200 22
180.156.224.123 - - [31/Jul/2021:09:33:15 +0800] "POST /xingrg/kc/buy/cgsh_order_operate.html HTTP/1.1" 200 37
114.88.154.248 - - [31/Jul/2021:09:33:17 +0800] "GET /xingrg/all/function/internal_message.html?_=1627695100477&CODE_STATE=getMsg HTTP/1.1" 302 -
117.184.7.30 - - [31/Jul/2021:09:33:19 +0800] "GET /xingrg/kc/base/wldb_order_operate.html?command=get_materiel&rest_code=00108&base_code=0010539&code=00102002008 HTTP/1.1" 200 435
180.156.224.123 - - [31/Jul/2021:09:33:21 +0800] "POST /xingrg/kc/buy/cgsh_order_operate.html HTTP/1.1" 200 12
114.84.82.184 - - [31/Jul/2021:09:33:22 +0800] "GET /favicon.ico HTTP/1.1" 404 -
180.156.224.123 - - [31/Jul/2021:09:33:22 +0800] "GET /xingrg/kc/buy/cgsh_order_info.html?code=212021073113944 HTTP/1.1" 200 57444
180.156.224.123 - - [31/Jul/2021:09:33:23 +0800] "GET /xingrg/javascript/easyui/themes/default/validatebox.css HTTP/1.1" 404 1104
180.156.224.123 - - [31/Jul/2021:09:33:23 +0800] "GET /xingrg/all/function/internal_message.html?_=1627695163620&CODE_STATE=getMsg HTTP/1.1" 200 27
117.184.7.30 - - [31/Jul/2021:09:33:23 +0800] "GET /xingrg/kc/base/wldb_order_operate.html?command=get_materiel&rest_code=00108&base_code=0010539&code=00102002076 HTTP/1.1" 200 434
180.156.224.123 - - [31/Jul/2021:09:33:24 +0800] "POST /xingrg/kc/buy/cgsh_order_operate.html HTTP/1.1" 200 2430
180.156.224.123 - - [31/Jul/2021:09:33:25 +0800] "GET /xingrg/kc/print/load_data.html?order_code=212021073113944&kc_code=cgsh&condition= HTTP/1.1" 200 1503
117.184.7.30 - - [31/Jul/2021:09:33:27 +0800] "POST /xingrg/kc/base/wldb_order_operate.html HTTP/1.1" 200 37
117.184.7.30 - - [31/Jul/2021:09:33:27 +0800] "POST /xingrg/kc/base/wldb_order_operate.html HTTP/1.1" 200 3599
117.184.7.30 - - [31/Jul/2021:09:33:27 +0800] "GET /xingrg/kc/base/wldb_order_info.html?code=422021073103468 HTTP/1.1" 200 30363
117.184.7.30 - - [31/Jul/2021:09:33:28 +0800] "GET /xingrg/javascript/easyui/themes/default/validatebox.css HTTP/1.1" 404 1104
117.184.7.30 - - [31/Jul/2021:09:33:29 +0800] "POST /xingrg/kc/base/wldb_order_operate.html HTTP/1.1" 200 3599
117.184.7.30 - - [31/Jul/2021:09:33:30 +0800] "GET /xingrg/check_reg.html?_=1627695199778 HTTP/1.1" 200 22
180.156.224.123 - - [31/Jul/2021:09:33:32 +0800] "GET /xingrg/all/function/internal_message.html?_=1627695209615&CODE_STATE=getMsg HTTP/1.1" 200 27
116.235.222.38 - - [31/Jul/2021:09:33:32 +0800] "GET /xingrg/all/function/internal_message.html?_=1627695204648&CODE_STATE=getMsg HTTP/1.1" 200 27
120.253.135.82 - - [31/Jul/2021:09:33:32 +0800] "GET /xingrg/all/function/internal_message.html?_=1627695338513&CODE_STATE=getMsg HTTP/1.1" 200 27
117.184.7.30 - - [31/Jul/2021:09:33:35 +0800] "GET /xingrg/kc/base/wldb_order_add.html HTTP/1.1" 200 30349
117.184.7.30 - - [31/Jul/2021:09:33:35 +0800] "POST /xingrg/kc/base/wldb_order_operate.html HTTP/1.1" 200 6806
