114.84.82.184 - - [31/Jul/2021:09:51:10 +0800] "GET /xingrg/kc/buy/cgsh_order_operate.html?command=get_materiel&rest_code=00148&code=00101008096&supplier_code=00100007&order_time=2021-07-31 HTTP/1.1" 200 412
116.233.73.163 - - [31/Jul/2021:09:51:10 +0800] "GET /xingrg/kc/buy/cgsh_order_operate.html?command=get_materiel&rest_code=00109&code=00101008110&supplier_code=00100005&order_time=2021-07-31 HTTP/1.1" 200 408
101.83.145.79 - - [31/Jul/2021:09:51:15 +0800] "GET /xingrg/all/function/internal_message.html?_=1627696274630&CODE_STATE=getMsg HTTP/1.1" 200 27
114.88.154.248 - - [31/Jul/2021:09:51:17 +0800] "GET /xingrg/all/function/internal_message.html?_=1627696180084&CODE_STATE=getMsg HTTP/1.1" 302 -
180.174.197.120 - - [31/Jul/2021:09:51:17 +0800] "GET /xingrg/all/function/internal_message.html?_=1627696248899&CODE_STATE=getMsg HTTP/1.1" 200 27
58.40.7.146 - - [31/Jul/2021:09:51:18 +0800] "GET /favicon.ico HTTP/1.1" 404 -
114.84.82.184 - - [31/Jul/2021:09:51:18 +0800] "GET /xingrg/kc/buy/cgsh_order_operate.html?command=get_materiel&rest_code=00148&code=00101008358&supplier_code=00100007&order_time=2021-07-31 HTTP/1.1" 200 412
116.233.73.163 - - [31/Jul/2021:09:51:19 +0800] "GET /xingrg/kc/buy/cgsh_order_operate.html?command=get_materiel&rest_code=00109&code=00101008223&supplier_code=00100005&order_time=2021-07-31 HTTP/1.1" 200 412
180.156.224.123 - - [31/Jul/2021:09:51:23 +0800] "GET /xingrg/all/function/internal_message.html?_=1627696244168&CODE_STATE=getMsg HTTP/1.1" 200 27
116.233.73.163 - - [31/Jul/2021:09:51:26 +0800] "GET /xingrg/kc/buy/cgsh_order_operate.html?command=get_materiel&rest_code=00109&code=00101008131&supplier_code=00100005&order_time=2021-07-31 HTTP/1.1" 200 408
114.84.82.184 - - [31/Jul/2021:09:51:26 +0800] "GET /xingrg/kc/buy/cgsh_order_operate.html?command=get_materiel&rest_code=00148&code=00101008088&supplier_code=00100007&order_time=2021-07-31 HTTP/1.1" 200 408
116.235.222.38 - - [31/Jul/2021:09:51:31 +0800] "GET /xingrg/all/function/internal_message.html?_=1627696284340&CODE_STATE=getMsg HTTP/1.1" 200 27
180.156.224.123 - - [31/Jul/2021:09:51:32 +0800] "GET /xingrg/all/function/internal_message.html?_=1627696289641&CODE_STATE=getMsg HTTP/1.1" 200 27
120.253.135.82 - - [31/Jul/2021:09:51:32 +0800] "GET /xingrg/check_reg.html?_=1627696418417 HTTP/1.1" 200 22
120.253.135.82 - - [31/Jul/2021:09:51:33 +0800] "GET /xingrg/all/function/internal_message.html?_=1627696418798&CODE_STATE=getMsg HTTP/1.1" 200 27
101.83.241.165 - - [31/Jul/2021:09:51:33 +0800] "GET /xingrg/kc/base/wldb_order_operate.html?command=get_materiel&rest_code=00154&base_code=0010724&code=00101019416 HTTP/1.1" 200 464
116.237.74.182 - - [31/Jul/2021:09:51:36 +0800] "GET /xingrg/all/function/internal_message.html?_=1627696291746&CODE_STATE=getMsg HTTP/1.1" 200 27
116.233.73.163 - - [31/Jul/2021:09:51:37 +0800] "POST /xingrg/kc/buy/cgsh_order_operate.html HTTP/1.1" 200 2065
114.84.82.184 - - [31/Jul/2021:09:51:38 +0800] "GET /xingrg/kc/buy/cgsh_order_operate.html?command=get_materiel&rest_code=00148&code=00101008003&supplier_code=00100007&order_time=2021-07-31 HTTP/1.1" 200 408
114.84.82.184 - - [31/Jul/2021:09:51:40 +0800] "POST /xingrg/kc/buy/cgsh_order_operate.html HTTP/1.1" 200 2065
58.40.7.146 - - [31/Jul/2021:09:51:41 +0800] "GET /xingrg/all/function/internal_message.html?_=1627696301181&CODE_STATE=getMsg HTTP/1.1" 200 27
120.253.135.82 - - [31/Jul/2021:09:51:41 +0800] "GET /xingrg/all/function/internal_message.html?_=1627696338097&CODE_STATE=getMsg HTTP/1.1" 200 27
116.233.73.163 - - [31/Jul/2021:09:51:43 +0800] "GET /xingrg/kc/buy/cgsh_order_operate.html?command=get_materiel&rest_code=00109&code=00101008353&supplier_code=00100005&order_time=2021-07-31 HTTP/1.1" 200 408
116.233.73.163 - - [31/Jul/2021:09:51:45 +0800] "GET /xingrg/all/function/internal_message.html?_=1627696316608&CODE_STATE=getMsg HTTP/1.1" 200 27
222.70.246.151 - - [31/Jul/2021:09:51:46 +0800] "GET /xingrg/all/function/internal_message.html?_=1627696303139&CODE_STATE=getMsg HTTP/1.1" 200 27
222.69.129.197 - - [31/Jul/2021:09:51:46 +0800] "GET /xingrg/all/function/internal_message.html?_=1627696306829&CODE_STATE=getMsg HTTP/1.1" 200 27
114.84.82.184 - - [31/Jul/2021:09:51:48 +0800] "GET /xingrg/kc/buy/cgsh_order_operate.html?command=get_materiel&rest_code=00148&code=00101008126&supplier_code=00100007&order_time=2021-07-31 HTTP/1.1" 200 412
101.80.228.114 - - [31/Jul/2021:09:51:51 +0800] "GET /xingrg/all/function/internal_message.html?_=1627696310769&CODE_STATE=getMsg HTTP/1.1" 200 27
114.84.82.184 - - [31/Jul/2021:09:51:52 +0800] "GET /xingrg/all/function/internal_message.html?_=1627696321473&CODE_STATE=getMsg HTTP/1.1" 200 27
180.169.147.146 - - [31/Jul/2021:09:51:52 +0800] "GET /xingrg/all/function/internal_message.html?_=1627696304855&CODE_STATE=getMsg HTTP/1.1" 200 27
117.184.7.30 - - [31/Jul/2021:09:51:53 +0800] "GET /xingrg/all/function/internal_message.html?_=1627696302798&CODE_STATE=getMsg HTTP/1.1" 200 27
114.84.82.184 - - [31/Jul/2021:09:51:55 +0800] "GET /xingrg/kc/buy/cgsh_order_operate.html?command=get_materiel&rest_code=00148&code=00101008361&supplier_code=00100007&order_time=2021-07-31 HTTP/1.1" 200 408
180.156.224.123 - - [31/Jul/2021:09:51:56 +0800] "GET /xingrg/kc/buy/cgsh_order_operate.html?command=get_materiel&rest_code=00151&code=00101024048&supplier_code=00100098&order_time=2021-07-31 HTTP/1.1" 200 412
180.162.111.5 - - [31/Jul/2021:09:51:58 +0800] "GET /xingrg/all/function/internal_message.html?_=1627695941820&CODE_STATE=getMsg HTTP/1.1" 200 27
116.233.73.163 - - [31/Jul/2021:09:52:00 +0800] "GET /xingrg/kc/buy/cgsh_order_operate.html?command=get_materiel&rest_code=00109&code=00101008095&supplier_code=00100005&order_time=2021-07-31 HTTP/1.1" 200 412
114.84.82.184 - - [31/Jul/2021:09:52:03 +0800] "GET /xingrg/kc/buy/cgsh_order_operate.html?command=get_materiel&rest_code=00148&code=00101008355&supplier_code=00100007&order_time=2021-07-31 HTTP/1.1" 200 408
116.230.110.80 - - [31/Jul/2021:09:52:04 +0800] "GET /xingrg/all/function/internal_message.html?_=1627696323425&CODE_STATE=getMsg HTTP/1.1" 200 27
222.70.176.145 - - [31/Jul/2021:09:52:05 +0800] "GET /xingrg/all/function/internal_message.html?_=1627696359568&CODE_STATE=getMsg HTTP/1.1" 302 -
180.169.147.146 - - [31/Jul/2021:09:52:06 +0800] "GET /xingrg/all/function/internal_message.html?_=1627696334967&CODE_STATE=getMsg HTTP/1.1" 302 -
180.169.147.146 - - [31/Jul/2021:09:52:06 +0800] "GET /xingrg/check_reg.html?_=1627696334977 HTTP/1.1" 302 -
101.83.241.165 - - [31/Jul/2021:09:52:07 +0800] "GET /xingrg/all/function/internal_message.html?_=1627696326781&CODE_STATE=getMsg HTTP/1.1" 200 27
180.156.224.123 - - [31/Jul/2021:09:52:10 +0800] "GET /xingrg/check_reg.html?_=1627696291235 HTTP/1.1" 200 22
101.83.145.79 - - [31/Jul/2021:09:52:15 +0800] "GET /xingrg/all/function/internal_message.html?_=1627696334630&CODE_STATE=getMsg HTTP/1.1" 200 27
114.84.82.184 - - [31/Jul/2021:09:52:16 +0800] "GET /xingrg/kc/buy/cgsh_order_operate.html?command=get_materiel&rest_code=00148&code=00101008036&supplier_code=00100007&order_time=2021-07-31 HTTP/1.1" 200 408
114.88.154.248 - - [31/Jul/2021:09:52:17 +0800] "GET /xingrg/all/function/internal_message.html?_=1627696240053&CODE_STATE=getMsg HTTP/1.1" 302 -
180.174.197.120 - - [31/Jul/2021:09:52:17 +0800] "GET /xingrg/all/function/internal_message.html?_=1627696308941&CODE_STATE=getMsg HTTP/1.1" 200 27
114.88.154.248 - - [31/Jul/2021:09:52:17 +0800] "GET /xingrg/check_reg.html?_=1627696240533 HTTP/1.1" 302 -
116.233.73.163 - - [31/Jul/2021:09:52:21 +0800] "GET /xingrg/kc/buy/cgsh_order_operate.html?command=get_materiel&rest_code=00109&code=00101008098&supplier_code=00100005&order_time=2021-07-31 HTTP/1.1" 200 412
180.156.224.123 - - [31/Jul/2021:09:52:23 +0800] "GET /xingrg/all/function/internal_message.html?_=1627696304181&CODE_STATE=getMsg HTTP/1.1" 200 27
114.84.82.184 - - [31/Jul/2021:09:52:25 +0800] "GET /xingrg/kc/buy/cgsh_order_operate.html?command=get_materiel&rest_code=00148&code=00101009015&supplier_code=00100007&order_time=2021-07-31 HTTP/1.1" 200 416
116.233.73.163 - - [31/Jul/2021:09:52:28 +0800] "GET /xingrg/kc/buy/cgsh_order_operate.html?command=get_materiel&rest_code=00109&code=00101008168&supplier_code=00100005&order_time=2021-07-31 HTTP/1.1" 200 412
116.235.222.38 - - [31/Jul/2021:09:52:31 +0800] "GET /xingrg/all/function/internal_message.html?_=1627696344324&CODE_STATE=getMsg HTTP/1.1" 200 27
180.156.224.123 - - [31/Jul/2021:09:52:32 +0800] "GET /xingrg/all/function/internal_message.html?_=1627696349641&CODE_STATE=getMsg HTTP/1.1" 200 27
116.235.222.38 - - [31/Jul/2021:09:52:32 +0800] "GET /xingrg/check_reg.html?_=1627696344692 HTTP/1.1" 200 22
120.253.135.82 - - [31/Jul/2021:09:52:33 +0800] "GET /xingrg/all/function/internal_message.html?_=1627696478805&CODE_STATE=getMsg HTTP/1.1" 200 27
114.84.82.184 - - [31/Jul/2021:09:52:33 +0800] "GET /xingrg/kc/buy/cgsh_order_operate.html?command=get_materiel&rest_code=00148&code=00101009011&supplier_code=00100007&order_time=2021-07-31 HTTP/1.1" 200 416
114.84.82.184 - - [31/Jul/2021:09:52:35 +0800] "POST /xingrg/kc/buy/cgsh_order_operate.html HTTP/1.1" 200 2065
116.237.74.182 - - [31/Jul/2021:09:52:36 +0800] "GET /xingrg/all/function/internal_message.html?_=1627696351739&CODE_STATE=getMsg HTTP/1.1" 200 27
114.84.82.184 - - [31/Jul/2021:09:52:39 +0800] "GET /xingrg/kc/buy/cgsh_order_operate.html?command=get_materiel&rest_code=00148&code=00101008330&supplier_code=00100007&order_time=2021-07-31 HTTP/1.1" 200 408
58.40.7.146 - - [31/Jul/2021:09:52:40 +0800] "GET /xingrg/check_reg.html?_=1627696359918 HTTP/1.1" 200 22
58.40.7.146 - - [31/Jul/2021:09:52:41 +0800] "GET /xingrg/all/function/internal_message.html?_=1627696361157&CODE_STATE=getMsg HTTP/1.1" 200 27
120.253.135.82 - - [31/Jul/2021:09:52:41 +0800] "GET /xingrg/all/function/internal_message.html?_=1627696398110&CODE_STATE=getMsg HTTP/1.1" 200 27
116.233.73.163 - - [31/Jul/2021:09:52:45 +0800] "GET /xingrg/all/function/internal_message.html?_=1627696376605&CODE_STATE=getMsg HTTP/1.1" 200 27
222.69.129.197 - - [31/Jul/2021:09:52:46 +0800] "GET /xingrg/check_reg.html?_=1627696366656 HTTP/1.1" 200 22
222.70.246.151 - - [31/Jul/2021:09:52:46 +0800] "GET /xingrg/all/function/internal_message.html?_=1627696363334&CODE_STATE=getMsg HTTP/1.1" 200 27
222.69.129.197 - - [31/Jul/2021:09:52:46 +0800] "GET /xingrg/all/function/internal_message.html?_=1627696366824&CODE_STATE=getMsg HTTP/1.1" 200 27
101.80.228.114 - - [31/Jul/2021:09:52:51 +0800] "GET /xingrg/all/function/internal_message.html?_=1627696370769&CODE_STATE=getMsg HTTP/1.1" 200 27
114.84.82.184 - - [31/Jul/2021:09:52:52 +0800] "GET /xingrg/all/function/internal_message.html?_=1627696381472&CODE_STATE=getMsg HTTP/1.1" 200 27
180.169.147.146 - - [31/Jul/2021:09:52:52 +0800] "GET /xingrg/all/function/internal_message.html?_=1627696364861&CODE_STATE=getMsg HTTP/1.1" 200 27
117.184.7.30 - - [31/Jul/2021:09:52:53 +0800] "GET /xingrg/all/function/internal_message.html?_=1627696362782&CODE_STATE=getMsg HTTP/1.1" 200 27
180.162.111.5 - - [31/Jul/2021:09:52:58 +0800] "GET /xingrg/all/function/internal_message.html?_=1627696001821&CODE_STATE=getMsg HTTP/1.1" 200 27
116.233.73.163 - - [31/Jul/2021:09:53:02 +0800] "GET /xingrg/kc/buy/cgsh_order_operate.html?command=get_materiel&rest_code=00109&code=00101008109&supplier_code=00100005&order_time=2021-07-31 HTTP/1.1" 200 413
116.230.110.80 - - [31/Jul/2021:09:53:04 +0800] "GET /xingrg/all/function/internal_message.html?_=1627696383432&CODE_STATE=getMsg HTTP/1.1" 200 27
222.70.176.145 - - [31/Jul/2021:09:53:05 +0800] "GET /xingrg/all/function/internal_message.html?_=1627696419574&CODE_STATE=getMsg HTTP/1.1" 302 -
180.169.147.146 - - [31/Jul/2021:09:53:06 +0800] "GET /xingrg/all/function/internal_message.html?_=1627696394966&CODE_STATE=getMsg HTTP/1.1" 302 -
101.83.241.165 - - [31/Jul/2021:09:53:07 +0800] "GET /xingrg/all/function/internal_message.html?_=1627696386786&CODE_STATE=getMsg HTTP/1.1" 200 27
116.233.73.163 - - [31/Jul/2021:09:53:14 +0800] "POST /xingrg/kc/buy/cgsh_order_operate.html HTTP/1.1" 200 2065
101.83.145.79 - - [31/Jul/2021:09:53:15 +0800] "GET /xingrg/check_reg.html?_=1627696394629 HTTP/1.1" 200 22
101.83.145.79 - - [31/Jul/2021:09:53:15 +0800] "GET /xingrg/all/function/internal_message.html?_=1627696394633&CODE_STATE=getMsg HTTP/1.1" 200 27
114.88.154.248 - - [31/Jul/2021:09:53:17 +0800] "GET /xingrg/all/function/internal_message.html?_=1627696300034&CODE_STATE=getMsg HTTP/1.1" 302 -
180.174.197.120 - - [31/Jul/2021:09:53:17 +0800] "GET /xingrg/all/function/internal_message.html?_=1627696368957&CODE_STATE=getMsg HTTP/1.1" 200 27
116.233.73.163 - - [31/Jul/2021:09:53:20 +0800] "GET /xingrg/kc/buy/cgsh_order_operate.html?command=get_materiel&rest_code=00109&code=00101008125&supplier_code=00100005&order_time=2021-07-31 HTTP/1.1" 200 413
180.156.224.123 - - [31/Jul/2021:09:53:23 +0800] "GET /xingrg/all/function/internal_message.html?_=1627696364195&CODE_STATE=getMsg HTTP/1.1" 200 27
117.184.7.30 - - [31/Jul/2021:09:53:30 +0800] "GET /xingrg/check_reg.html?_=1627696399762 HTTP/1.1" 200 22
116.235.222.38 - - [31/Jul/2021:09:53:31 +0800] "GET /xingrg/all/function/internal_message.html?_=1627696404318&CODE_STATE=getMsg HTTP/1.1" 200 27
180.156.224.123 - - [31/Jul/2021:09:53:32 +0800] "GET /xingrg/all/function/internal_message.html?_=1627696409643&CODE_STATE=getMsg HTTP/1.1" 200 27
120.253.135.82 - - [31/Jul/2021:09:53:33 +0800] "GET /xingrg/all/function/internal_message.html?_=1627696538817&CODE_STATE=getMsg HTTP/1.1" 200 27
116.237.74.182 - - [31/Jul/2021:09:53:36 +0800] "GET /xingrg/all/function/internal_message.html?_=1627696411752&CODE_STATE=getMsg HTTP/1.1" 200 27
116.233.73.163 - - [31/Jul/2021:09:53:40 +0800] "GET /xingrg/kc/buy/cgsh_order_operate.html?command=get_materiel&rest_code=00109&code=00101008290&supplier_code=00100005&order_time=2021-07-31 HTTP/1.1" 200 416
58.40.7.146 - - [31/Jul/2021:09:53:41 +0800] "GET /xingrg/all/function/internal_message.html?_=1627696421137&CODE_STATE=getMsg HTTP/1.1" 200 27
120.253.135.82 - - [31/Jul/2021:09:53:41 +0800] "GET /xingrg/all/function/internal_message.html?_=1627696458130&CODE_STATE=getMsg HTTP/1.1" 200 27
116.233.73.163 - - [31/Jul/2021:09:53:45 +0800] "GET /xingrg/all/function/internal_message.html?_=1627696436608&CODE_STATE=getMsg HTTP/1.1" 200 27
116.233.73.163 - - [31/Jul/2021:09:53:45 +0800] "GET /xingrg/check_reg.html?_=1627696436609 HTTP/1.1" 200 22
116.233.73.163 - - [31/Jul/2021:09:53:45 +0800] "GET /xingrg/kc/buy/cgsh_order_operate.html?command=get_materiel&rest_code=00109&code=00101008114&supplier_code=00100005&order_time=2021-07-31 HTTP/1.1" 200 412
222.70.246.151 - - [31/Jul/2021:09:53:46 +0800] "GET /xingrg/all/function/internal_message.html?_=1627696423338&CODE_STATE=getMsg HTTP/1.1" 200 27
222.69.129.197 - - [31/Jul/2021:09:53:46 +0800] "GET /xingrg/all/function/internal_message.html?_=1627696426810&CODE_STATE=getMsg HTTP/1.1" 200 27
101.80.228.114 - - [31/Jul/2021:09:53:51 +0800] "GET /xingrg/check_reg.html?_=1627696430779 HTTP/1.1" 200 22
101.80.228.114 - - [31/Jul/2021:09:53:51 +0800] "GET /xingrg/all/function/internal_message.html?_=1627696430781&CODE_STATE=getMsg HTTP/1.1" 200 27
114.84.82.184 - - [31/Jul/2021:09:53:52 +0800] "GET /xingrg/check_reg.html?_=1627696441476 HTTP/1.1" 200 22
114.84.82.184 - - [31/Jul/2021:09:53:52 +0800] "GET /xingrg/all/function/internal_message.html?_=1627696441478&CODE_STATE=getMsg HTTP/1.1" 200 27
180.169.147.146 - - [31/Jul/2021:09:53:52 +0800] "GET /xingrg/all/function/internal_message.html?_=1627696424842&CODE_STATE=getMsg HTTP/1.1" 200 27
117.184.7.30 - - [31/Jul/2021:09:53:53 +0800] "GET /xingrg/all/function/internal_message.html?_=1627696422760&CODE_STATE=getMsg HTTP/1.1" 200 27
114.84.82.184 - - [31/Jul/2021:09:53:54 +0800] "GET /xingrg/kc/buy/cgsh_order_operate.html?command=get_materiel&rest_code=00148&code=00101009066&supplier_code=00100007&order_time=2021-07-31 HTTP/1.1" 200 416
101.83.241.165 - - [31/Jul/2021:09:53:57 +0800] "POST /xingrg/kc/base/wldb_order_operate.html HTTP/1.1" 200 37
180.162.111.5 - - [31/Jul/2021:09:53:58 +0800] "GET /xingrg/all/function/internal_message.html?_=1627696061820&CODE_STATE=getMsg HTTP/1.1" 200 27
101.83.241.165 - - [31/Jul/2021:09:54:01 +0800] "POST /xingrg/kc/base/wldb_order_operate.html HTTP/1.1" 200 12
101.83.241.165 - - [31/Jul/2021:09:54:01 +0800] "POST /xingrg/kc/base/wldb_order_operate.html HTTP/1.1" 200 7063
101.83.241.165 - - [31/Jul/2021:09:54:02 +0800] "GET /xingrg/kc/base/wldb_order_info.html?code=422021073103472 HTTP/1.1" 200 26238
101.83.241.165 - - [31/Jul/2021:09:54:02 +0800] "GET /xingrg/javascript/easyui/themes/default/validatebox.css HTTP/1.1" 404 1104
101.83.241.165 - - [31/Jul/2021:09:54:03 +0800] "POST /xingrg/kc/base/wldb_order_operate.html HTTP/1.1" 200 5239
116.230.110.80 - - [31/Jul/2021:09:54:04 +0800] "GET /xingrg/all/function/internal_message.html?_=1627696443434&CODE_STATE=getMsg HTTP/1.1" 200 27
222.70.176.145 - - [31/Jul/2021:09:54:05 +0800] "GET /xingrg/all/function/internal_message.html?_=1627696479575&CODE_STATE=getMsg HTTP/1.1" 302 -
180.169.147.146 - - [31/Jul/2021:09:54:06 +0800] "GET /xingrg/all/function/internal_message.html?_=1627696454980&CODE_STATE=getMsg HTTP/1.1" 302 -
101.83.241.165 - - [31/Jul/2021:09:54:07 +0800] "GET /xingrg/check_reg.html?_=1627696446787 HTTP/1.1" 200 22
101.83.241.165 - - [31/Jul/2021:09:54:07 +0800] "GET /xingrg/all/function/internal_message.html?_=1627696446792&CODE_STATE=getMsg HTTP/1.1" 200 27
116.233.73.163 - - [31/Jul/2021:09:54:10 +0800] "POST /xingrg/kc/buy/cgsh_order_operate.html HTTP/1.1" 200 37
114.84.82.184 - - [31/Jul/2021:09:54:10 +0800] "GET /xingrg/kc/buy/cgsh_order_operate.html?command=get_materiel&rest_code=00148&code=00101016105&supplier_code=00100007&order_time=2021-07-31 HTTP/1.1" 200 23
116.233.73.163 - - [31/Jul/2021:09:54:11 +0800] "POST /xingrg/kc/buy/cgsh_order_operate.html HTTP/1.1" 200 39292
116.233.73.163 - - [31/Jul/2021:09:54:12 +0800] "GET /xingrg/kc/print/load_config.html?kc_code=cgsh HTTP/1.1" 200 1845
116.233.73.163 - - [31/Jul/2021:09:54:13 +0800] "GET /xingrg/kc/print/load_data.html?order_code=212021073113940&kc_code=cgsh&condition= HTTP/1.1" 200 14528
101.83.145.79 - - [31/Jul/2021:09:54:15 +0800] "GET /xingrg/all/function/internal_message.html?_=1627696454657&CODE_STATE=getMsg HTTP/1.1" 200 27
180.169.147.146 - - [31/Jul/2021:09:54:16 +0800] "GET /xingrg/check_reg.html?_=1627696448595 HTTP/1.1" 200 22
180.174.197.120 - - [31/Jul/2021:09:54:16 +0800] "GET /xingrg/check_reg.html?_=1627696428554 HTTP/1.1" 200 22
114.84.82.184 - - [31/Jul/2021:09:54:17 +0800] "POST /xingrg/kc/buy/cgsh_order_operate.html HTTP/1.1" 200 37
114.88.154.248 - - [31/Jul/2021:09:54:17 +0800] "GET /xingrg/all/function/internal_message.html?_=1627696360010&CODE_STATE=getMsg HTTP/1.1" 302 -
180.174.197.120 - - [31/Jul/2021:09:54:17 +0800] "GET /xingrg/all/function/internal_message.html?_=1627696428971&CODE_STATE=getMsg HTTP/1.1" 200 27
114.84.82.184 - - [31/Jul/2021:09:54:18 +0800] "POST /xingrg/kc/buy/cgsh_order_operate.html HTTP/1.1" 200 23932
114.84.82.184 - - [31/Jul/2021:09:54:22 +0800] "GET /xingrg/index.html?sysBaseUrl=http%3A%2F%2F180.169.147.146%3A18081%2Fxingrg%2F&costTime=44×tamp=1622098168715 HTTP/1.1" 200 17179
114.84.82.184 - - [31/Jul/2021:09:54:22 +0800] "GET /favicon.ico HTTP/1.1" 404 -
114.84.82.184 - - [31/Jul/2021:09:54:22 +0800] "GET /xingrg/check_reg.html?_=1627696471765 HTTP/1.1" 200 22
114.84.82.184 - - [31/Jul/2021:09:54:22 +0800] "GET /xingrg/all/function/internal_message.html?_=1627696471764&CODE_STATE=count HTTP/1.1" 200 11
114.84.82.184 - - [31/Jul/2021:09:54:22 +0800] "POST /xingrg/all/common/load_tree.html?tree=area_rest_tree_json&manage=1 HTTP/1.1" 200 351
114.84.82.184 - - [31/Jul/2021:09:54:22 +0800] "POST /xingrg/load_menu.html HTTP/1.1" 200 5138
180.156.224.123 - - [31/Jul/2021:09:54:23 +0800] "GET /xingrg/all/function/internal_message.html?_=1627696424209&CODE_STATE=getMsg HTTP/1.1" 200 27
101.83.241.165 - - [31/Jul/2021:09:54:24 +0800] "GET /xingrg/kc/base/wldb_order_add.html HTTP/1.1" 200 30359
101.83.241.165 - - [31/Jul/2021:09:54:24 +0800] "POST /xingrg/kc/base/wldb_order_operate.html HTTP/1.1" 200 6806
101.83.241.165 - - [31/Jul/2021:09:54:24 +0800] "GET /xingrg/javascript/easyui/themes/default/validatebox.css HTTP/1.1" 404 1104
114.84.82.184 - - [31/Jul/2021:09:54:25 +0800] "GET /xingrg/kc/buy/cgsh_order_list.html HTTP/1.1" 200 47146
114.84.82.184 - - [31/Jul/2021:09:54:28 +0800] "POST /xingrg/kc/buy/cgsh_list_operate.html HTTP/1.1" 200 2384
114.84.82.184 - - [31/Jul/2021:09:54:31 +0800] "POST /xingrg/kc/buy/cgsh_list_operate.html HTTP/1.1" 200 573
101.83.241.165 - - [31/Jul/2021:09:54:31 +0800] "POST /xingrg/all/common/load_combo.html?type=base HTTP/1.1" 200 1224
116.235.222.38 - - [31/Jul/2021:09:54:31 +0800] "GET /xingrg/all/function/internal_message.html?_=1627696464303&CODE_STATE=getMsg HTTP/1.1" 200 27
114.84.82.184 - - [31/Jul/2021:09:54:31 +0800] "GET /xingrg/kc/buy/cgsh_order_info.html?code=212021073113960 HTTP/1.1" 200 62887
180.156.224.123 - - [31/Jul/2021:09:54:32 +0800] "GET /xingrg/check_reg.html?_=1627696469643 HTTP/1.1" 200 22
180.156.224.123 - - [31/Jul/2021:09:54:32 +0800] "GET /xingrg/all/function/internal_message.html?_=1627696469645&CODE_STATE=getMsg HTTP/1.1" 200 27
114.84.82.184 - - [31/Jul/2021:09:54:32 +0800] "GET /xingrg/javascript/easyui/themes/default/validatebox.css HTTP/1.1" 404 1104
114.84.82.184 - - [31/Jul/2021:09:54:32 +0800] "GET /xingrg/all/common/auto_word.html?type=employee&rest_code=00148 HTTP/1.1" 200 197
114.84.82.184 - - [31/Jul/2021:09:54:32 +0800] "GET /xingrg/all/common/auto_word.html?type=employee&rest_code=00148 HTTP/1.1" 200 197
114.84.82.184 - - [31/Jul/2021:09:54:32 +0800] "POST /xingrg/kc/buy/cgsh_order_operate.html HTTP/1.1" 200 23932
120.253.135.82 - - [31/Jul/2021:09:54:33 +0800] "GET /xingrg/all/function/internal_message.html?_=1627696598841&CODE_STATE=getMsg HTTP/1.1" 200 27
101.83.241.165 - - [31/Jul/2021:09:54:34 +0800] "POST /xingrg/all/common/load_combo.html?type=base HTTP/1.1" 200 1224
116.237.74.182 - - [31/Jul/2021:09:54:36 +0800] "GET /xingrg/all/function/internal_message.html?_=1627696471737&CODE_STATE=getMsg HTTP/1.1" 200 27
114.84.82.184 - - [31/Jul/2021:09:54:37 +0800] "GET /xingrg/javascript/auto/indicator.gif HTTP/1.1" 404 1066
114.84.82.184 - - [31/Jul/2021:09:54:40 +0800] "GET /xingrg/kc/buy/cgsh_order_operate.html?command=get_materiel&rest_code=00148&code=00101016105&supplier_code=00100007&order_time=2021-07-31 HTTP/1.1" 200 409
58.40.7.146 - - [31/Jul/2021:09:54:41 +0800] "GET /xingrg/all/function/internal_message.html?_=1627696481124&CODE_STATE=getMsg HTTP/1.1" 200 27
120.253.135.82 - - [31/Jul/2021:09:54:41 +0800] "GET /xingrg/all/function/internal_message.html?_=1627696518138&CODE_STATE=getMsg HTTP/1.1" 200 27
222.70.246.151 - - [31/Jul/2021:09:54:44 +0800] "GET /xingrg/check_reg.html?_=1627696481228 HTTP/1.1" 200 22
116.233.73.163 - - [31/Jul/2021:09:54:45 +0800] "GET /xingrg/all/function/internal_message.html?_=1627696496610&CODE_STATE=getMsg HTTP/1.1" 200 27
222.70.246.151 - - [31/Jul/2021:09:54:46 +0800] "GET /xingrg/all/function/internal_message.html?_=1627696483351&CODE_STATE=getMsg HTTP/1.1" 200 27
222.69.129.197 - - [31/Jul/2021:09:54:46 +0800] "GET /xingrg/all/function/internal_message.html?_=1627696486795&CODE_STATE=getMsg HTTP/1.1" 200 27
180.169.147.146 - - [31/Jul/2021:09:54:48 +0800] "GET /xingrg/check_reg.html?_=1627696487190 HTTP/1.1" 302 -
101.83.241.165 - - [31/Jul/2021:09:54:50 +0800] "GET /xingrg/kc/base/wldb_order_operate.html?command=get_materiel&rest_code=00154&base_code=0010724&code=00101019792 HTTP/1.1" 200 443
114.84.82.184 - - [31/Jul/2021:09:54:50 +0800] "GET /xingrg/kc/buy/cgsh_order_operate.html?command=get_materiel&rest_code=00148&code=00101009113&supplier_code=00100007&order_time=2021-07-31 HTTP/1.1" 200 398
101.80.228.114 - - [31/Jul/2021:09:54:51 +0800] "GET /xingrg/all/function/internal_message.html?_=1627696490770&CODE_STATE=getMsg HTTP/1.1" 200 27
180.169.147.146 - - [31/Jul/2021:09:54:52 +0800] "GET /xingrg/all/function/internal_message.html?_=1627696484822&CODE_STATE=getMsg HTTP/1.1" 200 27
117.184.7.30 - - [31/Jul/2021:09:54:53 +0800] "GET /xingrg/all/function/internal_message.html?_=1627696482745&CODE_STATE=getMsg HTTP/1.1" 200 27
180.162.111.5 - - [31/Jul/2021:09:54:58 +0800] "GET /xingrg/all/function/internal_message.html?_=1627696121821&CODE_STATE=getMsg HTTP/1.1" 200 27
116.230.110.80 - - [31/Jul/2021:09:55:04 +0800] "GET /xingrg/all/function/internal_message.html?_=1627696503420&CODE_STATE=getMsg HTTP/1.1" 200 27
116.230.110.80 - - [31/Jul/2021:09:55:04 +0800] "GET /xingrg/check_reg.html?_=1627696503423 HTTP/1.1" 200 22
222.70.176.145 - - [31/Jul/2021:09:55:05 +0800] "GET /xingrg/check_reg.html?_=1627696539574 HTTP/1.1" 302 -
222.70.176.145 - - [31/Jul/2021:09:55:05 +0800] "GET /xingrg/all/function/internal_message.html?_=1627696539575&CODE_STATE=getMsg HTTP/1.1" 302 -
180.169.147.146 - - [31/Jul/2021:09:55:06 +0800] "GET /xingrg/all/function/internal_message.html?_=1627696514966&CODE_STATE=getMsg HTTP/1.1" 302 -
101.83.241.165 - - [31/Jul/2021:09:55:07 +0800] "GET /xingrg/all/function/internal_message.html?_=1627696506789&CODE_STATE=getMsg HTTP/1.1" 200 27
114.84.82.184 - - [31/Jul/2021:09:55:08 +0800] "GET /xingrg/kc/buy/cgsh_order_operate.html?command=get_materiel&rest_code=00148&code=00101008155&supplier_code=00100007&order_time=2021-07-31 HTTP/1.1" 200 408
101.83.241.165 - - [31/Jul/2021:09:55:10 +0800] "GET /xingrg/kc/base/wldb_order_operate.html?command=get_materiel&rest_code=00154&base_code=0010724&code=00101019509 HTTP/1.1" 200 463
101.83.145.79 - - [31/Jul/2021:09:55:15 +0800] "GET /xingrg/all/function/internal_message.html?_=1627696514658&CODE_STATE=getMsg HTTP/1.1" 200 27
114.88.154.248 - - [31/Jul/2021:09:55:17 +0800] "GET /xingrg/all/function/internal_message.html?_=1627696419988&CODE_STATE=getMsg HTTP/1.1" 302 -
180.174.197.120 - - [31/Jul/2021:09:55:17 +0800] "GET /xingrg/all/function/internal_message.html?_=1627696488984&CODE_STATE=getMsg HTTP/1.1" 200 27
116.237.74.182 - - [31/Jul/2021:09:55:20 +0800] "GET /xingrg/kc/buy/cgsh_order_operate.html?command=get_materiel&rest_code=00106&code=00102010138&supplier_code=&order_time=2021-07-31 HTTP/1.1" 200 413
114.84.82.184 - - [31/Jul/2021:09:55:22 +0800] "GET /xingrg/all/function/internal_message.html?_=1627696531773&CODE_STATE=getMsg HTTP/1.1" 200 27
180.156.224.123 - - [31/Jul/2021:09:55:23 +0800] "GET /xingrg/kc/buy/cgsh_order_operate.html?command=get_materiel&rest_code=00151&code=00102007084&supplier_code=00100098&order_time=2021-07-31 HTTP/1.1" 200 395
180.156.224.123 - - [31/Jul/2021:09:55:23 +0800] "GET /xingrg/all/function/internal_message.html?_=1627696484222&CODE_STATE=getMsg HTTP/1.1" 200 27
114.84.82.184 - - [31/Jul/2021:09:55:25 +0800] "GET /xingrg/kc/buy/cgsh_order_operate.html?command=get_materiel&rest_code=00148&code=00101008361&supplier_code=00100007&order_time=2021-07-31 HTTP/1.1" 200 408
114.84.82.184 - - [31/Jul/2021:09:55:29 +0800] "POST /xingrg/kc/buy/cgsh_order_operate.html HTTP/1.1" 200 2065
116.235.222.38 - - [31/Jul/2021:09:55:31 +0800] "GET /xingrg/all/function/internal_message.html?_=1627696524286&CODE_STATE=getMsg HTTP/1.1" 200 27
58.40.7.146 - - [31/Jul/2021:09:55:32 +0800] "GET /xingrg/check_reg.html?_=1627696531498 HTTP/1.1" 302 -
180.156.224.123 - - [31/Jul/2021:09:55:32 +0800] "GET /xingrg/all/function/internal_message.html?_=1627696529648&CODE_STATE=getMsg HTTP/1.1" 200 27
120.253.135.82 - - [31/Jul/2021:09:55:33 +0800] "GET /xingrg/all/function/internal_message.html?_=1627696658844&CODE_STATE=getMsg HTTP/1.1" 200 27
114.84.82.184 - - [31/Jul/2021:09:55:35 +0800] "GET /xingrg/kc/buy/cgsh_order_operate.html?command=get_materiel&rest_code=00148&code=00101008069&supplier_code=00100007&order_time=2021-07-31 HTTP/1.1" 200 412
116.237.74.182 - - [31/Jul/2021:09:55:36 +0800] "GET /xingrg/all/function/internal_message.html?_=1627696531746&CODE_STATE=getMsg HTTP/1.1" 200 27
116.237.74.182 - - [31/Jul/2021:09:55:36 +0800] "GET /xingrg/check_reg.html?_=1627696531749 HTTP/1.1" 200 22
120.253.135.82 - - [31/Jul/2021:09:55:40 +0800] "GET /xingrg/check_reg.html?_=1627696577280 HTTP/1.1" 200 22
58.40.7.146 - - [31/Jul/2021:09:55:41 +0800] "GET /xingrg/all/function/internal_message.html?_=1627696541095&CODE_STATE=getMsg HTTP/1.1" 200 27
120.253.135.82 - - [31/Jul/2021:09:55:41 +0800] "GET /xingrg/all/function/internal_message.html?_=1627696578152&CODE_STATE=getMsg HTTP/1.1" 200 27
114.84.82.184 - - [31/Jul/2021:09:55:43 +0800] "GET /xingrg/kc/buy/cgsh_order_operate.html?command=get_materiel&rest_code=00148&code=00101008098&supplier_code=00100007&order_time=2021-07-31 HTTP/1.1" 200 412
116.233.73.163 - - [31/Jul/2021:09:55:45 +0800] "GET /xingrg/all/function/internal_message.html?_=1627696556613&CODE_STATE=getMsg HTTP/1.1" 200 27
222.70.246.151 - - [31/Jul/2021:09:55:46 +0800] "GET /xingrg/all/function/internal_message.html?_=1627696543364&CODE_STATE=getMsg HTTP/1.1" 200 27
222.69.129.197 - - [31/Jul/2021:09:55:46 +0800] "GET /xingrg/all/function/internal_message.html?_=1627696546785&CODE_STATE=getMsg HTTP/1.1" 200 27
101.80.228.114 - - [31/Jul/2021:09:55:51 +0800] "GET /xingrg/all/function/internal_message.html?_=1627696550770&CODE_STATE=getMsg HTTP/1.1" 200 27
180.169.147.146 - - [31/Jul/2021:09:55:52 +0800] "GET /xingrg/all/function/internal_message.html?_=1627696544796&CODE_STATE=getMsg HTTP/1.1" 200 27
117.184.7.30 - - [31/Jul/2021:09:55:53 +0800] "GET /xingrg/all/function/internal_message.html?_=1627696542731&CODE_STATE=getMsg HTTP/1.1" 200 27
180.162.111.5 - - [31/Jul/2021:09:55:58 +0800] "GET /xingrg/all/function/internal_message.html?_=1627696181820&CODE_STATE=getMsg HTTP/1.1" 200 27
180.162.111.5 - - [31/Jul/2021:09:55:58 +0800] "GET /xingrg/check_reg.html?_=1627696181823 HTTP/1.1" 200 22
101.83.241.165 - - [31/Jul/2021:09:56:02 +0800] "GET /xingrg/kc/base/wldb_order_operate.html?command=get_materiel&rest_code=00154&base_code=0010724&code=00101012017 HTTP/1.1" 200 446
116.230.110.80 - - [31/Jul/2021:09:56:04 +0800] "GET /xingrg/all/function/internal_message.html?_=1627696563427&CODE_STATE=getMsg HTTP/1.1" 200 27
222.70.176.145 - - [31/Jul/2021:09:56:05 +0800] "GET /xingrg/all/function/internal_message.html?_=1627696599574&CODE_STATE=getMsg HTTP/1.1" 302 -
114.84.82.184 - - [31/Jul/2021:09:56:05 +0800] "GET /xingrg/kc/buy/cgsh_order_operate.html?command=get_materiel&rest_code=00148&code=00101008350&supplier_code=00100007&order_time=2021-07-31 HTTP/1.1" 200 408
180.169.147.146 - - [31/Jul/2021:09:56:06 +0800] "GET /xingrg/all/function/internal_message.html?_=1627696574982&CODE_STATE=getMsg HTTP/1.1" 302 -
101.83.241.165 - - [31/Jul/2021:09:56:07 +0800] "GET /xingrg/all/function/internal_message.html?_=1627696566793&CODE_STATE=getMsg HTTP/1.1" 200 27
101.83.145.79 - - [31/Jul/2021:09:56:15 +0800] "GET /xingrg/all/function/internal_message.html?_=1627696574659&CODE_STATE=getMsg HTTP/1.1" 200 27
114.88.154.248 - - [31/Jul/2021:09:56:16 +0800] "GET /xingrg/all/function/internal_message.html?_=1627696479969&CODE_STATE=getMsg HTTP/1.1" 302 -
180.174.197.120 - - [31/Jul/2021:09:56:17 +0800] "GET /xingrg/all/function/internal_message.html?_=1627696548997&CODE_STATE=getMsg HTTP/1.1" 200 27
114.84.82.184 - - [31/Jul/2021:09:56:17 +0800] "GET /xingrg/kc/buy/cgsh_order_operate.html?command=get_materiel&rest_code=00148&code=00101008088&supplier_code=00100007&order_time=2021-07-31 HTTP/1.1" 200 408
114.84.82.184 - - [31/Jul/2021:09:56:22 +0800] "GET /xingrg/all/function/internal_message.html?_=1627696591768&CODE_STATE=getMsg HTTP/1.1" 200 27
180.156.224.123 - - [31/Jul/2021:09:56:23 +0800] "GET /xingrg/all/function/internal_message.html?_=1627696544237&CODE_STATE=getMsg HTTP/1.1" 200 27
101.83.241.165 - - [31/Jul/2021:09:56:24 +0800] "GET /xingrg/kc/base/wldb_order_operate.html?command=get_materiel&rest_code=00154&base_code=0010724&code=00101012077 HTTP/1.1" 200 422
180.162.111.5 - - [31/Jul/2021:09:56:26 +0800] "GET /xingrg/kc/buy/cgsh_order_add.html HTTP/1.1" 200 61959
180.162.111.5 - - [31/Jul/2021:09:56:26 +0800] "POST /xingrg/kc/buy/cgsh_order_operate.html HTTP/1.1" 200 8245
180.162.111.5 - - [31/Jul/2021:09:56:27 +0800] "GET /xingrg/javascript/easyui/themes/default/validatebox.css HTTP/1.1" 404 1104
180.162.111.5 - - [31/Jul/2021:09:56:28 +0800] "GET /xingrg/javascript/easyui/themes/default/tree.css HTTP/1.1" 404 1090
180.162.111.5 - - [31/Jul/2021:09:56:28 +0800] "POST /xingrg/all/common/load_tree.html?tree=supplier_tree_json&isDelete=1 HTTP/1.1" 200 56725
114.84.82.184 - - [31/Jul/2021:09:56:28 +0800] "GET /xingrg/kc/buy/cgsh_order_operate.html?command=get_materiel&rest_code=00148&code=00101008356&supplier_code=00100007&order_time=2021-07-31 HTTP/1.1" 200 409
114.84.82.184 - - [31/Jul/2021:09:56:30 +0800] "POST /xingrg/kc/buy/cgsh_order_operate.html HTTP/1.1" 200 2065
116.235.222.38 - - [31/Jul/2021:09:56:31 +0800] "GET /xingrg/all/function/internal_message.html?_=1627696584271&CODE_STATE=getMsg HTTP/1.1" 200 27
180.156.224.123 - - [31/Jul/2021:09:56:32 +0800] "GET /xingrg/all/function/internal_message.html?_=1627696589652&CODE_STATE=getMsg HTTP/1.1" 200 27
120.253.135.82 - - [31/Jul/2021:09:56:32 +0800] "GET /xingrg/check_reg.html?_=1627696718440 HTTP/1.1" 200 22
120.253.135.82 - - [31/Jul/2021:09:56:33 +0800] "GET /xingrg/all/function/internal_message.html?_=1627696718858&CODE_STATE=getMsg HTTP/1.1" 200 27
101.83.241.165 - - [31/Jul/2021:09:56:35 +0800] "GET /xingrg/kc/base/wldb_order_operate.html?command=get_materiel&rest_code=00154&base_code=0010724&code=00101012055 HTTP/1.1" 200 435
116.237.74.182 - - [31/Jul/2021:09:56:36 +0800] "GET /xingrg/all/function/internal_message.html?_=1627696591745&CODE_STATE=getMsg HTTP/1.1" 200 27
114.84.82.184 - - [31/Jul/2021:09:56:37 +0800] "GET /xingrg/kc/buy/cgsh_order_operate.html?command=get_materiel&rest_code=00148&code=00101008223&supplier_code=00100007&order_time=2021-07-31 HTTP/1.1" 200 412
58.40.7.146 - - [31/Jul/2021:09:56:41 +0800] "GET /xingrg/all/function/internal_message.html?_=1627696601083&CODE_STATE=getMsg HTTP/1.1" 200 27
120.253.135.82 - - [31/Jul/2021:09:56:41 +0800] "GET /xingrg/all/function/internal_message.html?_=1627696638165&CODE_STATE=getMsg HTTP/1.1" 200 27
116.233.73.163 - - [31/Jul/2021:09:56:45 +0800] "GET /xingrg/all/function/internal_message.html?_=1627696616616&CODE_STATE=getMsg HTTP/1.1" 200 27
222.69.129.197 - - [31/Jul/2021:09:56:46 +0800] "GET /xingrg/all/function/internal_message.html?_=1627696606769&CODE_STATE=getMsg HTTP/1.1" 200 27
114.84.82.184 - - [31/Jul/2021:09:56:46 +0800] "GET /xingrg/kc/buy/cgsh_order_operate.html?command=get_materiel&rest_code=00148&code=00101008105&supplier_code=00100007&order_time=2021-07-31 HTTP/1.1" 200 412
180.169.147.146 - - [31/Jul/2021:09:56:52 +0800] "GET /xingrg/all/function/internal_message.html?_=1627696604765&CODE_STATE=getMsg HTTP/1.1" 200 27
117.184.7.30 - - [31/Jul/2021:09:56:53 +0800] "GET /xingrg/all/function/internal_message.html?_=1627696602716&CODE_STATE=getMsg HTTP/1.1" 200 27
114.84.82.184 - - [31/Jul/2021:09:56:54 +0800] "GET /xingrg/kc/buy/cgsh_order_operate.html?command=get_materiel&rest_code=00148&code=00101008119&supplier_code=00100007&order_time=2021-07-31 HTTP/1.1" 200 412
180.162.111.5 - - [31/Jul/2021:09:56:58 +0800] "GET /xingrg/all/function/internal_message.html?_=1627696241830&CODE_STATE=getMsg HTTP/1.1" 200 27
114.84.82.184 - - [31/Jul/2021:09:57:03 +0800] "GET /xingrg/kc/buy/cgsh_order_operate.html?command=get_materiel&rest_code=00148&code=00101012026&supplier_code=00100007&order_time=2021-07-31 HTTP/1.1" 200 408
116.230.110.80 - - [31/Jul/2021:09:57:04 +0800] "GET /xingrg/all/function/internal_message.html?_=1627696623417&CODE_STATE=getMsg HTTP/1.1" 200 27
222.70.176.145 - - [31/Jul/2021:09:57:05 +0800] "GET /xingrg/all/function/internal_message.html?_=1627696659573&CODE_STATE=getMsg HTTP/1.1" 302 -
101.83.241.165 - - [31/Jul/2021:09:57:05 +0800] "GET /xingrg/kc/base/wldb_order_operate.html?command=get_materiel&rest_code=00154&base_code=0010724&code=00101016044 HTTP/1.1" 200 464
180.169.147.146 - - [31/Jul/2021:09:57:06 +0800] "GET /xingrg/all/function/internal_message.html?_=1627696634981&CODE_STATE=getMsg HTTP/1.1" 302 -
180.169.147.146 - - [31/Jul/2021:09:57:06 +0800] "GET /xingrg/check_reg.html?_=1627696634966 HTTP/1.1" 302 -
101.83.241.165 - - [31/Jul/2021:09:57:07 +0800] "GET /xingrg/all/function/internal_message.html?_=1627696626801&CODE_STATE=getMsg HTTP/1.1" 200 27
180.156.224.123 - - [31/Jul/2021:09:57:11 +0800] "GET /xingrg/check_reg.html?_=1627696591414 HTTP/1.1" 200 22
114.84.82.184 - - [31/Jul/2021:09:57:12 +0800] "GET /xingrg/kc/buy/cgsh_order_operate.html?command=get_materiel&rest_code=00148&code=00101008150&supplier_code=00100007&order_time=2021-07-31 HTTP/1.1" 200 408
180.174.197.120 - - [31/Jul/2021:09:57:12 +0800] "GET /xingrg/javascript/jquery_easy_ui/themes/default/images/tabs_active.png HTTP/1.1" 304 -
180.162.111.5 - - [31/Jul/2021:09:57:13 +0800] "GET /xingrg/kc/buy/cgsh_order_operate.html?command=get_materiel&rest_code=00143&code=00101008314&supplier_code=00100161&order_time=2021-07-31 HTTP/1.1" 200 413
101.83.145.79 - - [31/Jul/2021:09:57:15 +0800] "GET /xingrg/all/function/internal_message.html?_=1627696634659&CODE_STATE=getMsg HTTP/1.1" 200 27
114.84.82.184 - - [31/Jul/2021:09:57:15 +0800] "POST /xingrg/kc/buy/cgsh_order_operate.html HTTP/1.1" 200 2065
222.70.246.151 - - [31/Jul/2021:09:57:16 +0800] "GET /xingrg/all/function/internal_message.html?_=1627696603378&CODE_STATE=getMsg HTTP/1.1" 200 27
114.88.154.248 - - [31/Jul/2021:09:57:16 +0800] "GET /xingrg/all/function/internal_message.html?_=1627696539951&CODE_STATE=getMsg HTTP/1.1" 302 -
180.174.197.120 - - [31/Jul/2021:09:57:17 +0800] "GET /xingrg/all/function/internal_message.html?_=1627696609012&CODE_STATE=getMsg HTTP/1.1" 200 27
114.88.154.248 - - [31/Jul/2021:09:57:17 +0800] "GET /xingrg/check_reg.html?_=1627696540506 HTTP/1.1" 302 -
114.84.82.184 - - [31/Jul/2021:09:57:21 +0800] "GET /xingrg/kc/buy/cgsh_order_operate.html?command=get_materiel&rest_code=00148&code=00101009007&supplier_code=00100007&order_time=2021-07-31 HTTP/1.1" 200 408
114.84.82.184 - - [31/Jul/2021:09:57:22 +0800] "GET /xingrg/all/function/internal_message.html?_=1627696651783&CODE_STATE=getMsg HTTP/1.1" 200 27
180.174.197.120 - - [31/Jul/2021:09:57:22 +0800] "GET /xingrg/javascript/jquery_easy_ui/themes/icons/area.png HTTP/1.1" 304 -
180.174.197.120 - - [31/Jul/2021:09:57:22 +0800] "GET /xingrg/javascript/jquery_easy_ui/themes/icons/rest.png HTTP/1.1" 304 -
180.174.197.120 - - [31/Jul/2021:09:57:22 +0800] "GET /xingrg/kc/mdqp/qqps_order_list.html HTTP/1.1" 200 9222
180.174.197.120 - - [31/Jul/2021:09:57:22 +0800] "GET /xingrg/css/blue.css HTTP/1.1" 304 -
180.174.197.120 - - [31/Jul/2021:09:57:22 +0800] "GET /xingrg/dwr/util.js HTTP/1.1" 304 -
180.174.197.120 - - [31/Jul/2021:09:57:22 +0800] "GET /xingrg/javascript/Calendar.js HTTP/1.1" 304 -
180.174.197.120 - - [31/Jul/2021:09:57:22 +0800] "GET /xingrg/javascript/ToolTips.js HTTP/1.1" 304 -
180.174.197.120 - - [31/Jul/2021:09:57:22 +0800] "GET /xingrg/javascript/myfunction.js HTTP/1.1" 304 -
180.174.197.120 - - [31/Jul/2021:09:57:22 +0800] "GET /xingrg/dwr/interface/AjaxReportQueryService.js HTTP/1.1" 200 13203
180.174.197.120 - - [31/Jul/2021:09:57:22 +0800] "GET /xingrg/dwr/interface/AjaxQqpsService.js HTTP/1.1" 200 16326
180.174.197.120 - - [31/Jul/2021:09:57:22 +0800] "GET /xingrg/dwr/engine.js HTTP/1.1" 200 43631
180.174.197.120 - - [31/Jul/2021:09:57:23 +0800] "GET /xingrg/javascript/jquery_easy_ui/themes/icons/edit_add_new.png HTTP/1.1" 304 -
180.174.197.120 - - [31/Jul/2021:09:57:23 +0800] "GET /xingrg/javascript/jquery_easy_ui/themes/icons/check_new.png HTTP/1.1" 304 -
180.174.197.120 - - [31/Jul/2021:09:57:23 +0800] "GET /xingrg/javascript/jquery_easy_ui/themes/icons/uncheck_new.png HTTP/1.1" 304 -
180.174.197.120 - - [31/Jul/2021:09:57:23 +0800] "GET /xingrg/javascript/jquery_easy_ui/themes/icons/cance_new.png HTTP/1.1" 304 -
180.156.224.123 - - [31/Jul/2021:09:57:23 +0800] "GET /xingrg/all/function/internal_message.html?_=1627696604250&CODE_STATE=getMsg HTTP/1.1" 200 27
180.174.197.120 - - [31/Jul/2021:09:57:27 +0800] "GET /xingrg/javascript/jquery_easy_ui/themes/default/images/button_plain_hover.png HTTP/1.1" 304 -
180.174.197.120 - - [31/Jul/2021:09:57:27 +0800] "GET /xingrg/kc/mdqp/qqps_order_add.html HTTP/1.1" 200 28067
180.174.197.120 - - [31/Jul/2021:09:57:27 +0800] "GET /xingrg/javascript/tools/jquery.qtip-1.0.0-rc3.min.js HTTP/1.1" 304 -
180.174.197.120 - - [31/Jul/2021:09:57:27 +0800] "GET /xingrg/javascript/AjaxInfoList.js HTTP/1.1" 304 -
180.174.197.120 - - [31/Jul/2021:09:57:27 +0800] "GET /xingrg/javascript/Grid.js HTTP/1.1" 304 -
180.174.197.120 - - [31/Jul/2021:09:57:28 +0800] "GET /xingrg/dwr/interface/AjaxQqpsService.js HTTP/1.1" 200 16326
180.174.197.120 - - [31/Jul/2021:09:57:28 +0800] "GET /xingrg/dwr/interface/AjaxComOrderService.js HTTP/1.1" 200 18264
180.174.197.120 - - [31/Jul/2021:09:57:28 +0800] "GET /xingrg/dwr/engine.js HTTP/1.1" 200 43631
180.174.197.120 - - [31/Jul/2021:09:57:28 +0800] "GET /xingrg/javascript/jquery_easy_ui/themes/icons/copy_new.png HTTP/1.1" 304 -
180.174.197.120 - - [31/Jul/2021:09:57:28 +0800] "GET /xingrg/javascript/jquery_easy_ui/themes/icons/template_new.png HTTP/1.1" 304 -
180.174.197.120 - - [31/Jul/2021:09:57:28 +0800] "GET /xingrg/javascript/jquery_easy_ui/themes/icons/ok.png HTTP/1.1" 304 -
180.174.197.120 - - [31/Jul/2021:09:57:28 +0800] "GET /xingrg/javascript/jquery_easy_ui/themes/icons/print.png HTTP/1.1" 304 -
180.174.197.120 - - [31/Jul/2021:09:57:28 +0800] "GET /xingrg/javascript/jquery_easy_ui/themes/default/images/menu_downarrow.png HTTP/1.1" 304 -
180.174.197.120 - - [31/Jul/2021:09:57:28 +0800] "GET /xingrg/javascript/jquery_easy_ui/themes/icons/back_new.png HTTP/1.1" 304 -
180.174.197.120 - - [31/Jul/2021:09:57:28 +0800] "GET /xingrg/javascript/jquery_easy_ui/themes/default/images/combo_arrow_dot.gif HTTP/1.1" 304 -
180.162.111.5 - - [31/Jul/2021:09:57:29 +0800] "GET /xingrg/kc/buy/cgsh_order_operate.html?command=get_materiel&rest_code=00143&code=00101008352&supplier_code=00100161&order_time=2021-07-31 HTTP/1.1" 200 412
180.174.197.120 - - [31/Jul/2021:09:57:29 +0800] "GET /xingrg/images/blue/button/kc_tab_save.gif HTTP/1.1" 304 -
180.174.197.120 - - [31/Jul/2021:09:57:29 +0800] "GET /xingrg/images/blue/button/kc_tab_del.gif HTTP/1.1" 304 -
180.174.197.120 - - [31/Jul/2021:09:57:29 +0800] "GET /xingrg/images/blue/button/kc_tab_add.gif HTTP/1.1" 304 -
180.174.197.120 - - [31/Jul/2021:09:57:29 +0800] "GET /xingrg/images/blue/button/kc_tab_edit.gif HTTP/1.1" 304 -
180.174.197.120 - - [31/Jul/2021:09:57:29 +0800] "GET /xingrg/images/blue/kc_tab_left.gif HTTP/1.1" 304 -
180.174.197.120 - - [31/Jul/2021:09:57:29 +0800] "GET /xingrg/images/blue/kc_tab_mid.gif HTTP/1.1" 304 -
180.174.197.120 - - [31/Jul/2021:09:57:29 +0800] "GET /xingrg/images/blue/kc_tab_right.gif HTTP/1.1" 304 -
180.174.197.120 - - [31/Jul/2021:09:57:29 +0800] "GET /xingrg/images/blue/kc_tab2_left.gif HTTP/1.1" 304 -
180.174.197.120 - - [31/Jul/2021:09:57:29 +0800] "GET /xingrg/images/blue/kc_tab2_right.gif HTTP/1.1" 304 -
116.235.222.38 - - [31/Jul/2021:09:57:31 +0800] "GET /xingrg/all/function/internal_message.html?_=1627696644245&CODE_STATE=getMsg HTTP/1.1" 200 27
114.84.82.184 - - [31/Jul/2021:09:57:31 +0800] "GET /xingrg/kc/buy/cgsh_order_operate.html?command=get_materiel&rest_code=00148&code=00101008236&supplier_code=00100007&order_time=2021-07-31 HTTP/1.1" 200 416
180.156.224.123 - - [31/Jul/2021:09:57:32 +0800] "GET /xingrg/all/function/internal_message.html?_=1627696649655&CODE_STATE=getMsg HTTP/1.1" 200 27
116.235.222.38 - - [31/Jul/2021:09:57:32 +0800] "GET /xingrg/check_reg.html?_=1627696644670 HTTP/1.1" 200 22
120.253.135.82 - - [31/Jul/2021:09:57:33 +0800] "GET /xingrg/all/function/internal_message.html?_=1627696778872&CODE_STATE=getMsg HTTP/1.1" 200 27
116.237.74.182 - - [31/Jul/2021:09:57:36 +0800] "GET /xingrg/all/function/internal_message.html?_=1627696651741&CODE_STATE=getMsg HTTP/1.1" 200 27
58.40.7.146 - - [31/Jul/2021:09:57:40 +0800] "GET /xingrg/check_reg.html?_=1627696659900 HTTP/1.1" 200 22
180.174.197.120 - - [31/Jul/2021:09:57:41 +0800] "GET /xingrg/images/blue/wait.gif HTTP/1.1" 304 -
180.174.197.120 - - [31/Jul/2021:09:57:41 +0800] "POST /xingrg/dwr/call/plaincall/AjaxQqpsService.saveOrder.dwr HTTP/1.1" 200 78
58.40.7.146 - - [31/Jul/2021:09:57:41 +0800] "GET /xingrg/all/function/internal_message.html?_=1627696661058&CODE_STATE=getMsg HTTP/1.1" 200 27
120.253.135.82 - - [31/Jul/2021:09:57:41 +0800] "GET /xingrg/all/function/internal_message.html?_=1627696698178&CODE_STATE=getMsg HTTP/1.1" 200 27
114.84.82.184 - - [31/Jul/2021:09:57:42 +0800] "GET /xingrg/kc/buy/cgsh_order_operate.html?command=get_materiel&rest_code=00148&code=00101009011&supplier_code=00100007&order_time=2021-07-31 HTTP/1.1" 200 416
116.233.73.163 - - [31/Jul/2021:09:57:45 +0800] "GET /xingrg/all/function/internal_message.html?_=1627696676618&CODE_STATE=getMsg HTTP/1.1" 200 27
180.174.197.120 - - [31/Jul/2021:09:57:46 +0800] "POST /xingrg/dwr/call/plaincall/AjaxQqpsService.getMaterielByCode.dwr HTTP/1.1" 200 2608
180.162.111.5 - - [31/Jul/2021:09:57:46 +0800] "GET /xingrg/kc/buy/cgsh_order_operate.html?command=get_materiel&rest_code=00143&code=00101008108&supplier_code=00100161&order_time=2021-07-31 HTTP/1.1" 200 412
222.69.129.197 - - [31/Jul/2021:09:57:46 +0800] "GET /xingrg/check_reg.html?_=1627696666677 HTTP/1.1" 200 22
222.69.129.197 - - [31/Jul/2021:09:57:46 +0800] "GET /xingrg/all/function/internal_message.html?_=1627696666740&CODE_STATE=getMsg HTTP/1.1" 200 27
222.70.246.151 - - [31/Jul/2021:09:57:46 +0800] "GET /xingrg/all/function/internal_message.html?_=1627696663577&CODE_STATE=getMsg HTTP/1.1" 200 27
180.174.197.120 - - [31/Jul/2021:09:57:49 +0800] "POST /xingrg/dwr/call/plaincall/AjaxQqpsService.saveMaterielItem.dwr HTTP/1.1" 200 78
114.84.82.184 - - [31/Jul/2021:09:57:52 +0800] "GET /xingrg/kc/buy/cgsh_order_operate.html?command=get_materiel&rest_code=00148&code=00101009016&supplier_code=00100007&order_time=2021-07-31 HTTP/1.1" 200 412
180.169.147.146 - - [31/Jul/2021:09:57:52 +0800] "GET /xingrg/all/function/internal_message.html?_=1627696664746&CODE_STATE=getMsg HTTP/1.1" 200 27
117.184.7.30 - - [31/Jul/2021:09:57:53 +0800] "GET /xingrg/all/function/internal_message.html?_=1627696662691&CODE_STATE=getMsg HTTP/1.1" 200 27
180.174.197.120 - - [31/Jul/2021:09:57:56 +0800] "POST /xingrg/dwr/call/plaincall/AjaxQqpsService.checkOrder.dwr HTTP/1.1" 200 78
180.162.111.5 - - [31/Jul/2021:09:57:58 +0800] "GET /xingrg/all/function/internal_message.html?_=1627696301826&CODE_STATE=getMsg HTTP/1.1" 200 27
180.162.111.5 - - [31/Jul/2021:09:57:58 +0800] "GET /xingrg/kc/buy/cgsh_order_operate.html?command=get_materiel&rest_code=00143&code=00101008005&supplier_code=00100161&order_time=2021-07-31 HTTP/1.1" 200 412
180.174.197.120 - - [31/Jul/2021:09:58:00 +0800] "GET /xingrg/kc/mdqp/qqps_order_info.html?code=302021073100603 HTTP/1.1" 200 26468
114.84.82.184 - - [31/Jul/2021:09:58:00 +0800] "GET /xingrg/kc/buy/cgsh_order_operate.html?command=get_materiel&rest_code=00148&code=00101009013&supplier_code=00100007&order_time=2021-07-31 HTTP/1.1" 200 420
180.174.197.120 - - [31/Jul/2021:09:58:00 +0800] "GET /xingrg/dwr/interface/AjaxComOrderService.js HTTP/1.1" 200 18264
180.174.197.120 - - [31/Jul/2021:09:58:00 +0800] "GET /xingrg/dwr/interface/AjaxQqpsService.js HTTP/1.1" 200 16326
180.174.197.120 - - [31/Jul/2021:09:58:00 +0800] "GET /xingrg/dwr/engine.js HTTP/1.1" 200 43631
180.174.197.120 - - [31/Jul/2021:09:58:02 +0800] "POST /xingrg/dwr/call/plaincall/AjaxQqpsService.loadMaterielItems.dwr HTTP/1.1" 200 381
114.84.82.184 - - [31/Jul/2021:09:58:02 +0800] "POST /xingrg/kc/buy/cgsh_order_operate.html HTTP/1.1" 200 2065
116.230.110.80 - - [31/Jul/2021:09:58:04 +0800] "GET /xingrg/all/function/internal_message.html?_=1627696683430&CODE_STATE=getMsg HTTP/1.1" 200 27
222.70.176.145 - - [31/Jul/2021:09:58:05 +0800] "GET /xingrg/all/function/internal_message.html?_=1627696719573&CODE_STATE=getMsg HTTP/1.1" 302 -
180.169.147.146 - - [31/Jul/2021:09:58:07 +0800] "GET /xingrg/all/function/internal_message.html?_=1627696694995&CODE_STATE=getMsg HTTP/1.1" 302 -
101.83.241.165 - - [31/Jul/2021:09:58:07 +0800] "GET /xingrg/all/function/internal_message.html?_=1627696686790&CODE_STATE=getMsg HTTP/1.1" 200 27
180.162.111.5 - - [31/Jul/2021:09:58:09 +0800] "GET /xingrg/kc/buy/cgsh_order_operate.html?command=get_materiel&rest_code=00143&code=00101008049&supplier_code=00100161&order_time=2021-07-31 HTTP/1.1" 200 408
114.84.82.184 - - [31/Jul/2021:09:58:12 +0800] "GET /xingrg/kc/buy/cgsh_order_operate.html?command=get_materiel&rest_code=00148&code=00101008114&supplier_code=00100007&order_time=2021-07-31 HTTP/1.1" 200 412
101.83.145.79 - - [31/Jul/2021:09:58:15 +0800] "GET /xingrg/check_reg.html?_=1627696694659 HTTP/1.1" 200 22
101.83.145.79 - - [31/Jul/2021:09:58:15 +0800] "GET /xingrg/all/function/internal_message.html?_=1627696694661&CODE_STATE=getMsg HTTP/1.1" 200 27
114.88.154.248 - - [31/Jul/2021:09:58:16 +0800] "GET /xingrg/all/function/internal_message.html?_=1627696599928&CODE_STATE=getMsg HTTP/1.1" 302 -
180.174.197.120 - - [31/Jul/2021:09:58:17 +0800] "GET /xingrg/all/function/internal_message.html?_=1627696669026&CODE_STATE=getMsg HTTP/1.1" 200 27
180.162.111.5 - - [31/Jul/2021:09:58:20 +0800] "GET /xingrg/kc/buy/cgsh_order_operate.html?command=get_materiel&rest_code=00143&code=00101008261&supplier_code=00100161&order_time=2021-07-31 HTTP/1.1" 200 408
114.84.82.184 - - [31/Jul/2021:09:58:22 +0800] "GET /xingrg/all/function/internal_message.html?_=1627696711781&CODE_STATE=getMsg HTTP/1.1" 200 27
