116.230.110.80 - - [31/Jul/2021:08:55:47 +0800] "GET /xingrg/kc/base/wldb_order_operate.html?command=get_materiel&rest_code=00155&base_code=0010739&code=00101019536 HTTP/1.1" 200 471
222.69.129.197 - - [31/Jul/2021:08:55:47 +0800] "GET /xingrg/all/function/internal_message.html?_=1627692947415&CODE_STATE=getMsg HTTP/1.1" 200 27
116.230.110.80 - - [31/Jul/2021:08:55:52 +0800] "POST /xingrg/kc/base/wldb_order_operate.html HTTP/1.1" 200 37
116.230.110.80 - - [31/Jul/2021:08:55:53 +0800] "POST /xingrg/kc/base/wldb_order_operate.html HTTP/1.1" 200 2711
116.230.110.80 - - [31/Jul/2021:08:55:53 +0800] "GET /xingrg/kc/base/wldb_order_info.html?code=422021073103444 HTTP/1.1" 200 30375
116.230.110.80 - - [31/Jul/2021:08:55:53 +0800] "GET /xingrg/javascript/easyui/themes/default/validatebox.css HTTP/1.1" 404 1104
180.169.147.146 - - [31/Jul/2021:08:55:54 +0800] "GET /xingrg/all/function/internal_message.html?_=1627692946043&CODE_STATE=getMsg HTTP/1.1" 200 27
116.230.110.80 - - [31/Jul/2021:08:55:54 +0800] "POST /xingrg/kc/base/wldb_order_operate.html HTTP/1.1" 200 2711
120.253.135.82 - - [31/Jul/2021:08:55:57 +0800] "GET /xingrg/all/function/internal_message.html?_=1627692735855&CODE_STATE=getMsg HTTP/1.1" 200 27
180.162.111.5 - - [31/Jul/2021:08:55:58 +0800] "GET /xingrg/all/function/internal_message.html?_=1627692581767&CODE_STATE=getMsg HTTP/1.1" 200 27
180.162.111.5 - - [31/Jul/2021:08:55:58 +0800] "GET /xingrg/check_reg.html?_=1627692581764 HTTP/1.1" 200 22
116.230.110.80 - - [31/Jul/2021:08:56:00 +0800] "GET /xingrg/kc/base/wldb_order_add.html HTTP/1.1" 200 30359
116.230.110.80 - - [31/Jul/2021:08:56:01 +0800] "POST /xingrg/kc/base/wldb_order_operate.html HTTP/1.1" 200 6806
116.230.110.80 - - [31/Jul/2021:08:56:01 +0800] "GET /xingrg/javascript/easyui/themes/default/validatebox.css HTTP/1.1" 404 1104
222.70.176.145 - - [31/Jul/2021:08:56:05 +0800] "GET /xingrg/all/function/internal_message.html?_=1627692999515&CODE_STATE=getMsg HTTP/1.1" 302 -
116.230.110.80 - - [31/Jul/2021:08:56:06 +0800] "GET /xingrg/kc/base/wldb_order_operate.html?command=get_materiel&rest_code=00155&base_code=0010740&code=00102002006 HTTP/1.1" 200 466
180.169.147.146 - - [31/Jul/2021:08:56:06 +0800] "GET /xingrg/all/function/internal_message.html?_=1627692974791&CODE_STATE=getMsg HTTP/1.1" 302 -
116.230.110.80 - - [31/Jul/2021:08:56:14 +0800] "GET /xingrg/kc/base/wldb_order_operate.html?command=get_materiel&rest_code=00155&base_code=0010740&code=00102002116 HTTP/1.1" 200 431
101.83.145.79 - - [31/Jul/2021:08:56:15 +0800] "GET /xingrg/all/function/internal_message.html?_=1627692974549&CODE_STATE=getMsg HTTP/1.1" 200 27
116.230.110.80 - - [31/Jul/2021:08:56:19 +0800] "GET /xingrg/kc/base/wldb_order_operate.html?command=get_materiel&rest_code=00155&base_code=0010740&code=00102002197 HTTP/1.1" 200 444
116.230.110.80 - - [31/Jul/2021:08:56:24 +0800] "GET /xingrg/kc/base/wldb_order_operate.html?command=get_materiel&rest_code=00155&base_code=0010740&code=00102002198 HTTP/1.1" 200 435
116.235.222.38 - - [31/Jul/2021:08:56:30 +0800] "GET /xingrg/all/function/internal_message.html?_=1627692982714&CODE_STATE=getMsg HTTP/1.1" 200 27
117.184.7.30 - - [31/Jul/2021:08:56:30 +0800] "GET /xingrg/all/function/internal_message.html?_=1627692979707&CODE_STATE=getMsg HTTP/1.1" 200 27
180.156.224.123 - - [31/Jul/2021:08:56:31 +0800] "GET /xingrg/all/function/internal_message.html?_=1627692989566&CODE_STATE=getMsg HTTP/1.1" 200 27
180.156.224.123 - - [31/Jul/2021:08:56:32 +0800] "GET /xingrg/all/function/internal_message.html?_=1627692952950&CODE_STATE=getMsg HTTP/1.1" 200 27
116.230.110.80 - - [31/Jul/2021:08:56:35 +0800] "GET /xingrg/kc/base/wldb_order_operate.html?command=get_materiel&rest_code=00155&base_code=0010740&code=00102002457 HTTP/1.1" 200 452
101.83.145.79 - - [31/Jul/2021:08:56:39 +0800] "GET /xingrg/javascript/pic_change.js HTTP/1.1" 304 -
101.83.145.79 - - [31/Jul/2021:08:56:39 +0800] "GET /xingrg/javascript/jquery_tools/order_manager.js HTTP/1.1" 304 -
101.83.145.79 - - [31/Jul/2021:08:56:39 +0800] "GET /xingrg/javascript/convert.js HTTP/1.1" 304 -
101.83.145.79 - - [31/Jul/2021:08:56:39 +0800] "GET /xingrg/javascript/json2.js HTTP/1.1" 304 -
101.83.145.79 - - [31/Jul/2021:08:56:39 +0800] "GET /xingrg/javascript/print/kc_print.js HTTP/1.1" 304 -
101.83.145.79 - - [31/Jul/2021:08:56:39 +0800] "GET /xingrg/kc/buy/cgsh_order_add.html HTTP/1.1" 200 62925
101.83.145.79 - - [31/Jul/2021:08:56:39 +0800] "GET /xingrg/words/20210730190311_words.js HTTP/1.1" 200 830194
101.83.145.79 - - [31/Jul/2021:08:56:40 +0800] "GET /xingrg/javascript/easyui/themes/icons/template_new.png HTTP/1.1" 304 -
101.83.145.79 - - [31/Jul/2021:08:56:40 +0800] "GET /xingrg/javascript/easyui/themes/icons/copy_new.png HTTP/1.1" 304 -
101.83.145.79 - - [31/Jul/2021:08:56:40 +0800] "GET /xingrg/javascript/easyui/themes/icons/print.png HTTP/1.1" 304 -
101.83.145.79 - - [31/Jul/2021:08:56:40 +0800] "GET /xingrg/javascript/easyui/themes/icons/cancel.png HTTP/1.1" 304 -
101.83.145.79 - - [31/Jul/2021:08:56:40 +0800] "GET /xingrg/javascript/easyui/themes/icons/ok.png HTTP/1.1" 304 -
101.83.145.79 - - [31/Jul/2021:08:56:40 +0800] "GET /xingrg/javascript/easyui/themes/default/images/menu_downarrow.png HTTP/1.1" 304 -
101.83.145.79 - - [31/Jul/2021:08:56:40 +0800] "POST /xingrg/kc/buy/cgsh_order_operate.html HTTP/1.1" 200 8245
101.83.145.79 - - [31/Jul/2021:08:56:40 +0800] "GET /xingrg/javascript/easyui/themes/default/validatebox.css HTTP/1.1" 404 1104
101.83.145.79 - - [31/Jul/2021:08:56:40 +0800] "GET /xingrg/javascript/easyui/plugins/jquery.validatebox.js HTTP/1.1" 304 -
101.83.145.79 - - [31/Jul/2021:08:56:40 +0800] "GET /xingrg/javascript/easyui/plugins/jquery.numberbox.js HTTP/1.1" 304 -
101.83.145.79 - - [31/Jul/2021:08:56:40 +0800] "GET /xingrg/javascript/easyui/themes/icons/edit_remove.png HTTP/1.1" 304 -
101.83.145.79 - - [31/Jul/2021:08:56:40 +0800] "GET /xingrg/all/common/auto_word.html?type=employee&rest_code=00105 HTTP/1.1" 200 193
101.83.145.79 - - [31/Jul/2021:08:56:40 +0800] "GET /xingrg/all/common/auto_word.html?type=employee&rest_code=00105 HTTP/1.1" 200 193
116.230.110.80 - - [31/Jul/2021:08:56:40 +0800] "GET /xingrg/kc/base/wldb_order_operate.html?command=get_materiel&rest_code=00155&base_code=0010740&code=00102002453 HTTP/1.1" 200 433
120.253.135.82 - - [31/Jul/2021:08:56:40 +0800] "GET /xingrg/all/function/internal_message.html?_=1627693037351&CODE_STATE=getMsg HTTP/1.1" 200 27
101.83.145.79 - - [31/Jul/2021:08:56:41 +0800] "GET /xingrg/javascript/auto/indicator.gif HTTP/1.1" 404 1066
222.69.129.197 - - [31/Jul/2021:08:56:42 +0800] "POST /xingrg/kc/buy/cgsh_order_operate.html HTTP/1.1" 200 37
222.70.246.151 - - [31/Jul/2021:08:56:43 +0800] "GET /xingrg/all/function/internal_message.html?_=1627693000114&CODE_STATE=getMsg HTTP/1.1" 200 27
116.230.110.80 - - [31/Jul/2021:08:56:44 +0800] "GET /xingrg/check_reg.html?_=1627693003323 HTTP/1.1" 200 22
116.230.110.80 - - [31/Jul/2021:08:56:44 +0800] "GET /xingrg/all/function/internal_message.html?_=1627693003357&CODE_STATE=getMsg HTTP/1.1" 200 27
222.69.129.197 - - [31/Jul/2021:08:56:47 +0800] "GET /xingrg/all/function/internal_message.html?_=1627693007395&CODE_STATE=getMsg HTTP/1.1" 200 27
222.69.129.197 - - [31/Jul/2021:08:56:49 +0800] "POST /xingrg/kc/buy/cgsh_order_operate.html HTTP/1.1" 200 12
116.230.110.80 - - [31/Jul/2021:08:56:49 +0800] "GET /xingrg/kc/base/wldb_order_operate.html?command=get_materiel&rest_code=00155&base_code=0010740&code=00102002521 HTTP/1.1" 200 428
222.69.129.197 - - [31/Jul/2021:08:56:52 +0800] "GET /xingrg/kc/buy/cgsh_order_info.html?code=212021073113926 HTTP/1.1" 200 57840
222.69.129.197 - - [31/Jul/2021:08:56:53 +0800] "GET /xingrg/javascript/easyui/themes/default/validatebox.css HTTP/1.1" 404 1104
222.69.129.197 - - [31/Jul/2021:08:56:53 +0800] "POST /xingrg/kc/buy/cgsh_order_operate.html HTTP/1.1" 200 48004
180.169.147.146 - - [31/Jul/2021:08:56:54 +0800] "GET /xingrg/all/function/internal_message.html?_=1627693006012&CODE_STATE=getMsg HTTP/1.1" 200 27
222.69.129.197 - - [31/Jul/2021:08:56:55 +0800] "GET /xingrg/kc/print/load_config.html?kc_code=cgsh HTTP/1.1" 200 1845
116.230.110.80 - - [31/Jul/2021:08:56:55 +0800] "GET /xingrg/kc/base/wldb_order_operate.html?command=get_materiel&rest_code=00155&base_code=0010740&code=00102002367 HTTP/1.1" 200 429
222.69.129.197 - - [31/Jul/2021:08:56:56 +0800] "GET /xingrg/kc/print/load_data.html?order_code=212021073113926&kc_code=cgsh&condition= HTTP/1.1" 200 18711
120.253.135.82 - - [31/Jul/2021:08:56:57 +0800] "GET /xingrg/all/function/internal_message.html?_=1627692796073&CODE_STATE=getMsg HTTP/1.1" 200 27
180.162.111.5 - - [31/Jul/2021:08:56:58 +0800] "GET /xingrg/all/function/internal_message.html?_=1627692641767&CODE_STATE=getMsg HTTP/1.1" 200 27
116.230.110.80 - - [31/Jul/2021:08:57:01 +0800] "GET /xingrg/kc/base/wldb_order_operate.html?command=get_materiel&rest_code=00155&base_code=0010740&code=00102002334 HTTP/1.1" 200 433
101.83.145.79 - - [31/Jul/2021:08:57:01 +0800] "GET /xingrg/kc/buy/cgsh_order_operate.html?command=get_materiel&rest_code=00105&code=00101007061&supplier_code=00100002&order_time=2021-07-31 HTTP/1.1" 200 409
222.70.176.145 - - [31/Jul/2021:08:57:05 +0800] "GET /xingrg/all/function/internal_message.html?_=1627693059514&CODE_STATE=getMsg HTTP/1.1" 302 -
180.169.147.146 - - [31/Jul/2021:08:57:06 +0800] "GET /xingrg/check_reg.html?_=1627693034793 HTTP/1.1" 302 -
180.169.147.146 - - [31/Jul/2021:08:57:06 +0800] "GET /xingrg/all/function/internal_message.html?_=1627693034791&CODE_STATE=getMsg HTTP/1.1" 302 -
116.230.110.80 - - [31/Jul/2021:08:57:07 +0800] "GET /xingrg/kc/base/wldb_order_operate.html?command=get_materiel&rest_code=00155&base_code=0010740&code=00102002288 HTTP/1.1" 200 431
116.230.110.80 - - [31/Jul/2021:08:57:11 +0800] "GET /xingrg/kc/base/wldb_order_operate.html?command=get_materiel&rest_code=00155&base_code=0010740&code=00102002238 HTTP/1.1" 200 434
116.230.110.80 - - [31/Jul/2021:08:57:14 +0800] "GET /xingrg/kc/base/wldb_order_operate.html?command=get_materiel&rest_code=00155&base_code=0010740&code=00102002022 HTTP/1.1" 200 459
101.83.145.79 - - [31/Jul/2021:08:57:15 +0800] "GET /xingrg/all/function/internal_message.html?_=1627693034584&CODE_STATE=getMsg HTTP/1.1" 200 27
101.83.145.79 - - [31/Jul/2021:08:57:16 +0800] "GET /xingrg/kc/buy/cgsh_order_operate.html?command=get_materiel&rest_code=00105&code=00101007128&supplier_code=00100002&order_time=2021-07-31 HTTP/1.1" 200 406
116.230.110.80 - - [31/Jul/2021:08:57:20 +0800] "GET /xingrg/kc/base/wldb_order_operate.html?command=get_materiel&rest_code=00155&base_code=0010740&code=00102002497 HTTP/1.1" 200 439
116.230.110.80 - - [31/Jul/2021:08:57:24 +0800] "GET /xingrg/kc/base/wldb_order_operate.html?command=get_materiel&rest_code=00155&base_code=0010740&code=00102001084 HTTP/1.1" 200 432
116.235.222.38 - - [31/Jul/2021:08:57:30 +0800] "GET /xingrg/all/function/internal_message.html?_=1627693042714&CODE_STATE=getMsg HTTP/1.1" 200 27
116.235.222.38 - - [31/Jul/2021:08:57:30 +0800] "GET /xingrg/check_reg.html?_=1627693042718 HTTP/1.1" 200 22
117.184.7.30 - - [31/Jul/2021:08:57:30 +0800] "GET /xingrg/all/function/internal_message.html?_=1627693039707&CODE_STATE=getMsg HTTP/1.1" 200 27
116.230.110.80 - - [31/Jul/2021:08:57:30 +0800] "GET /xingrg/kc/base/wldb_order_operate.html?command=get_materiel&rest_code=00155&base_code=0010740&code=00102002347 HTTP/1.1" 200 443
180.156.224.123 - - [31/Jul/2021:08:57:31 +0800] "GET /xingrg/all/function/internal_message.html?_=1627693049583&CODE_STATE=getMsg HTTP/1.1" 200 27
180.156.224.123 - - [31/Jul/2021:08:57:32 +0800] "GET /xingrg/all/function/internal_message.html?_=1627693012951&CODE_STATE=getMsg HTTP/1.1" 200 27
222.69.129.197 - - [31/Jul/2021:08:57:37 +0800] "GET /xingrg/kc/report/report_main.html HTTP/1.1" 200 7345
222.69.129.197 - - [31/Jul/2021:08:57:37 +0800] "GET /xingrg/css/blue.css HTTP/1.1" 200 15949
222.69.129.197 - - [31/Jul/2021:08:57:37 +0800] "GET /xingrg/javascript/myfunction.js HTTP/1.1" 200 24559
222.69.129.197 - - [31/Jul/2021:08:57:37 +0800] "GET /xingrg/javascript/jquery_ui/themes/humanity/humanity.css HTTP/1.1" 200 27801
222.69.129.197 - - [31/Jul/2021:08:57:37 +0800] "GET /xingrg/javascript/jquery_easy_ui/themes/icons/back_new.png HTTP/1.1" 200 3414
222.69.129.197 - - [31/Jul/2021:08:57:39 +0800] "GET /xingrg/javascript/multi_select/jqueryMultiSelect.css HTTP/1.1" 200 951
222.69.129.197 - - [31/Jul/2021:08:57:39 +0800] "GET /xingrg/javascript/calendar/timePicker.css HTTP/1.1" 200 523
222.69.129.197 - - [31/Jul/2021:08:57:39 +0800] "GET /xingrg/javascript/bigrid/fix.css HTTP/1.1" 200 1702
222.69.129.197 - - [31/Jul/2021:08:57:39 +0800] "GET /xingrg/javascript/bigrid/fix.js HTTP/1.1" 200 6439
222.69.129.197 - - [31/Jul/2021:08:57:39 +0800] "GET /xingrg/all/report/report_query.html?fileName=kc/buy/wlcg_cate_hz.xml HTTP/1.1" 200 53941
222.69.129.197 - - [31/Jul/2021:08:57:39 +0800] "GET /xingrg/javascript/calendar/jquery.timePicker.min.js HTTP/1.1" 200 2997
222.69.129.197 - - [31/Jul/2021:08:57:39 +0800] "GET /xingrg/dwr/interface/AjaxReportQueryService.js HTTP/1.1" 200 13203
222.69.129.197 - - [31/Jul/2021:08:57:39 +0800] "GET /xingrg/javascript/jqueryMultiSelect.js HTTP/1.1" 200 11866
222.69.129.197 - - [31/Jul/2021:08:57:39 +0800] "GET /xingrg/dwr/util.js HTTP/1.1" 200 35990
222.69.129.197 - - [31/Jul/2021:08:57:39 +0800] "GET /xingrg/javascript/Calendar.js HTTP/1.1" 200 31561
222.69.129.197 - - [31/Jul/2021:08:57:39 +0800] "GET /xingrg/dwr/engine.js HTTP/1.1" 200 43631
222.69.129.197 - - [31/Jul/2021:08:57:39 +0800] "GET /xingrg/images/blue/button/advanceover.gif HTTP/1.1" 200 1347
222.69.129.197 - - [31/Jul/2021:08:57:39 +0800] "GET /xingrg/images/blue/button/back2over.gif HTTP/1.1" 200 1335
222.69.129.197 - - [31/Jul/2021:08:57:39 +0800] "GET /xingrg/images/blue/button/advance2over.gif HTTP/1.1" 200 1336
222.69.129.197 - - [31/Jul/2021:08:57:39 +0800] "GET /xingrg/images/blue/button/backover.gif HTTP/1.1" 200 1348
222.69.129.197 - - [31/Jul/2021:08:57:39 +0800] "GET /xingrg/images/control/loading.gif HTTP/1.1" 200 13463
222.69.129.197 - - [31/Jul/2021:08:57:39 +0800] "GET /xingrg/javascript/jquery_easy_ui/themes/icons/help.png HTTP/1.1" 200 1187
222.69.129.197 - - [31/Jul/2021:08:57:39 +0800] "GET /xingrg/javascript/jquery_easy_ui/themes/icons/pencil.png HTTP/1.1" 200 713
222.69.129.197 - - [31/Jul/2021:08:57:39 +0800] "GET /xingrg/javascript/jquery_easy_ui/themes/icons/print.png HTTP/1.1" 200 1057
222.69.129.197 - - [31/Jul/2021:08:57:39 +0800] "POST /xingrg/dwr/call/plaincall/AjaxReportQueryService.getFixDate.dwr HTTP/1.1" 200 111
222.69.129.197 - - [31/Jul/2021:08:57:39 +0800] "GET /xingrg/javascript/jquery_easy_ui/themes/default/images/button_a_bg.gif HTTP/1.1" 200 1194
222.69.129.197 - - [31/Jul/2021:08:57:39 +0800] "GET /xingrg/javascript/jquery_easy_ui/themes/default/images/menu.gif HTTP/1.1" 200 834
222.69.129.197 - - [31/Jul/2021:08:57:39 +0800] "GET /xingrg/javascript/jquery_easy_ui/themes/default/images/menu_rightarrow.png HTTP/1.1" 200 3617
222.69.129.197 - - [31/Jul/2021:08:57:39 +0800] "GET /xingrg/javascript/jquery_easy_ui/themes/default/images/menu_downarrow.png HTTP/1.1" 200 173
222.69.129.197 - - [31/Jul/2021:08:57:39 +0800] "GET /xingrg/javascript/jquery_easy_ui/themes/default/images/combo_arrow_dot.gif HTTP/1.1" 200 79
222.69.129.197 - - [31/Jul/2021:08:57:39 +0800] "POST /xingrg/all/common/load_tree.html?tree=materiel_sort_tree_json HTTP/1.1" 200 8666
222.69.129.197 - - [31/Jul/2021:08:57:39 +0800] "POST /xingrg/all/common/load_tree.html?tree=supplier_tree_json&manage=1 HTTP/1.1" 200 57702
222.69.129.197 - - [31/Jul/2021:08:57:40 +0800] "GET /xingrg/javascript/jquery_easy_ui/themes/default/images/tree_checkbox_0.gif HTTP/1.1" 200 168
120.253.135.82 - - [31/Jul/2021:08:57:40 +0800] "GET /xingrg/all/function/internal_message.html?_=1627693097364&CODE_STATE=getMsg HTTP/1.1" 200 27
222.69.129.197 - - [31/Jul/2021:08:57:41 +0800] "POST /xingrg/all/common/load_tree.html?tree=base_tree_json HTTP/1.1" 200 3769
116.230.110.80 - - [31/Jul/2021:08:57:41 +0800] "GET /xingrg/kc/base/wldb_order_operate.html?command=get_materiel&rest_code=00155&base_code=0010740&code=00102002232 HTTP/1.1" 200 459
101.83.145.79 - - [31/Jul/2021:08:57:42 +0800] "POST /xingrg/kc/buy/cgsh_order_operate.html HTTP/1.1" 200 37
222.69.129.197 - - [31/Jul/2021:08:57:42 +0800] "POST /xingrg/dwr/call/plaincall/AjaxReportQueryService.getFixDate.dwr HTTP/1.1" 200 111
222.70.246.151 - - [31/Jul/2021:08:57:43 +0800] "GET /xingrg/all/function/internal_message.html?_=1627693060338&CODE_STATE=getMsg HTTP/1.1" 200 27
116.230.110.80 - - [31/Jul/2021:08:57:44 +0800] "GET /xingrg/all/function/internal_message.html?_=1627693063339&CODE_STATE=getMsg HTTP/1.1" 200 27
101.83.145.79 - - [31/Jul/2021:08:57:45 +0800] "POST /xingrg/kc/buy/cgsh_order_operate.html HTTP/1.1" 200 3829
101.83.145.79 - - [31/Jul/2021:08:57:46 +0800] "GET /xingrg/kc/print/load_config.html?kc_code=cgsh HTTP/1.1" 200 1845
222.69.129.197 - - [31/Jul/2021:08:57:46 +0800] "GET /xingrg/javascript/jquery_easy_ui/themes/default/images/tree_checkbox_1.gif HTTP/1.1" 200 174
101.83.145.79 - - [31/Jul/2021:08:57:46 +0800] "GET /xingrg/kc/print/load_data.html?order_code=212021073113930&kc_code=cgsh&condition= HTTP/1.1" 200 1178
222.69.129.197 - - [31/Jul/2021:08:57:46 +0800] "GET /xingrg/check_reg.html?_=1627693066492 HTTP/1.1" 200 22
222.69.129.197 - - [31/Jul/2021:08:57:47 +0800] "GET /xingrg/all/function/internal_message.html?_=1627693067414&CODE_STATE=getMsg HTTP/1.1" 200 27
116.230.110.80 - - [31/Jul/2021:08:57:49 +0800] "GET /xingrg/kc/base/wldb_order_operate.html?command=get_materiel&rest_code=00155&base_code=0010740&code=00102002822 HTTP/1.1" 200 414
222.69.129.197 - - [31/Jul/2021:08:57:50 +0800] "POST /xingrg/dwr/call/plaincall/AjaxReportQueryService.getFixDate.dwr HTTP/1.1" 200 111
180.169.147.146 - - [31/Jul/2021:08:57:54 +0800] "GET /xingrg/all/function/internal_message.html?_=1627693065987&CODE_STATE=getMsg HTTP/1.1" 200 27
222.69.129.197 - - [31/Jul/2021:08:57:54 +0800] "GET /xingrg/javascript/jquery_easy_ui/themes/default/images/tree_checkbox_2.gif HTTP/1.1" 200 181
101.83.145.79 - - [31/Jul/2021:08:57:54 +0800] "GET /xingrg/kc/buy/cgsh_order_add.html HTTP/1.1" 200 62925
101.83.145.79 - - [31/Jul/2021:08:57:55 +0800] "GET /xingrg/javascript/easyui/themes/default/validatebox.css HTTP/1.1" 404 1104
101.83.145.79 - - [31/Jul/2021:08:57:55 +0800] "POST /xingrg/kc/buy/cgsh_order_operate.html HTTP/1.1" 200 8245
116.230.110.80 - - [31/Jul/2021:08:57:55 +0800] "GET /xingrg/kc/base/wldb_order_operate.html?command=get_materiel&rest_code=00155&base_code=0010740&code=00102002362 HTTP/1.1" 200 434
120.253.135.82 - - [31/Jul/2021:08:57:57 +0800] "GET /xingrg/all/function/internal_message.html?_=1627692856084&CODE_STATE=getMsg HTTP/1.1" 200 27
180.162.111.5 - - [31/Jul/2021:08:57:58 +0800] "GET /xingrg/all/function/internal_message.html?_=1627692701767&CODE_STATE=getMsg HTTP/1.1" 200 27
222.69.129.197 - - [31/Jul/2021:08:57:59 +0800] "POST /xingrg/dwr/call/plaincall/AjaxReportQueryService.refreshCache.dwr HTTP/1.1" 200 78
222.69.129.197 - - [31/Jul/2021:08:58:03 +0800] "POST /xingrg/all/report/load_report_page.html HTTP/1.1" 200 8725
222.69.129.197 - - [31/Jul/2021:08:58:03 +0800] "GET /xingrg/servlets/image?cache=0.9325874999186788&image=px HTTP/1.1" 200 807
222.70.176.145 - - [31/Jul/2021:08:58:05 +0800] "GET /xingrg/all/function/internal_message.html?_=1627693119529&CODE_STATE=getMsg HTTP/1.1" 302 -
180.169.147.146 - - [31/Jul/2021:08:58:06 +0800] "GET /xingrg/all/function/internal_message.html?_=1627693094814&CODE_STATE=getMsg HTTP/1.1" 302 -
101.83.145.79 - - [31/Jul/2021:08:58:07 +0800] "GET /xingrg/kc/buy/cgsh_order_operate.html?command=get_materiel&rest_code=00105&code=00101016122&supplier_code=00100203&order_time=2021-07-31 HTTP/1.1" 200 395
101.83.145.79 - - [31/Jul/2021:08:58:15 +0800] "GET /xingrg/check_reg.html?_=1627693094589 HTTP/1.1" 200 22
101.83.145.79 - - [31/Jul/2021:08:58:15 +0800] "GET /xingrg/all/function/internal_message.html?_=1627693094584&CODE_STATE=getMsg HTTP/1.1" 200 27
222.69.129.197 - - [31/Jul/2021:08:58:15 +0800] "POST /xingrg/all/report/load_report_page.html HTTP/1.1" 200 113622
222.69.129.197 - - [31/Jul/2021:08:58:15 +0800] "GET /xingrg/images/blue/button/back2.gif HTTP/1.1" 200 1339
222.69.129.197 - - [31/Jul/2021:08:58:15 +0800] "GET /xingrg/images/blue/button/back.gif HTTP/1.1" 200 1352
222.69.129.197 - - [31/Jul/2021:08:58:15 +0800] "GET /xingrg/servlets/image?cache=0.25897766441633785&image=px HTTP/1.1" 200 807
116.235.222.38 - - [31/Jul/2021:08:58:30 +0800] "GET /xingrg/all/function/internal_message.html?_=1627693102718&CODE_STATE=getMsg HTTP/1.1" 200 27
117.184.7.30 - - [31/Jul/2021:08:58:30 +0800] "GET /xingrg/check_reg.html?_=1627693099708 HTTP/1.1" 200 22
117.184.7.30 - - [31/Jul/2021:08:58:30 +0800] "GET /xingrg/all/function/internal_message.html?_=1627693099711&CODE_STATE=getMsg HTTP/1.1" 200 27
180.156.224.123 - - [31/Jul/2021:08:58:31 +0800] "GET /xingrg/all/function/internal_message.html?_=1627693109583&CODE_STATE=getMsg HTTP/1.1" 200 27
180.156.224.123 - - [31/Jul/2021:08:58:32 +0800] "GET /xingrg/all/function/internal_message.html?_=1627693073053&CODE_STATE=getMsg HTTP/1.1" 200 27
101.83.145.79 - - [31/Jul/2021:08:58:37 +0800] "GET /xingrg/kc/buy/cgsh_order_operate.html?command=get_materiel&rest_code=00105&code=00101008256&supplier_code=00100203&order_time=2021-07-31 HTTP/1.1" 200 412
120.253.135.82 - - [31/Jul/2021:08:58:40 +0800] "GET /xingrg/all/function/internal_message.html?_=1627693157380&CODE_STATE=getMsg HTTP/1.1" 200 27
222.70.246.151 - - [31/Jul/2021:08:58:43 +0800] "GET /xingrg/all/function/internal_message.html?_=1627693120345&CODE_STATE=getMsg HTTP/1.1" 200 27
116.230.110.80 - - [31/Jul/2021:08:58:44 +0800] "GET /xingrg/all/function/internal_message.html?_=1627693123312&CODE_STATE=getMsg HTTP/1.1" 200 27
222.69.129.197 - - [31/Jul/2021:08:58:47 +0800] "GET /xingrg/all/function/internal_message.html?_=1627693127350&CODE_STATE=getMsg HTTP/1.1" 200 27
101.83.145.79 - - [31/Jul/2021:08:58:47 +0800] "GET /xingrg/kc/buy/cgsh_order_operate.html?command=get_materiel&rest_code=00105&code=00101008045&supplier_code=00100203&order_time=2021-07-31 HTTP/1.1" 200 412
120.253.135.82 - - [31/Jul/2021:08:58:50 +0800] "GET /xingrg/check_reg.html?_=1627692908992 HTTP/1.1" 200 22
180.169.147.146 - - [31/Jul/2021:08:58:54 +0800] "GET /xingrg/all/function/internal_message.html?_=1627693125958&CODE_STATE=getMsg HTTP/1.1" 200 27
101.83.145.79 - - [31/Jul/2021:08:58:57 +0800] "GET /xingrg/kc/buy/cgsh_order_operate.html?command=get_materiel&rest_code=00105&code=00101008257&supplier_code=00100203&order_time=2021-07-31 HTTP/1.1" 200 416
120.253.135.82 - - [31/Jul/2021:08:58:57 +0800] "GET /xingrg/all/function/internal_message.html?_=1627692916098&CODE_STATE=getMsg HTTP/1.1" 200 27
180.162.111.5 - - [31/Jul/2021:08:58:58 +0800] "GET /xingrg/all/function/internal_message.html?_=1627692761767&CODE_STATE=getMsg HTTP/1.1" 200 27
101.83.145.79 - - [31/Jul/2021:08:59:04 +0800] "GET /xingrg/kc/buy/cgsh_order_operate.html?command=get_materiel&rest_code=00105&code=00101008155&supplier_code=00100203&order_time=2021-07-31 HTTP/1.1" 200 408
222.70.176.145 - - [31/Jul/2021:08:59:05 +0800] "GET /xingrg/all/function/internal_message.html?_=1627693179528&CODE_STATE=getMsg HTTP/1.1" 302 -
180.169.147.146 - - [31/Jul/2021:08:59:06 +0800] "GET /xingrg/all/function/internal_message.html?_=1627693154812&CODE_STATE=getMsg HTTP/1.1" 302 -
222.69.129.197 - - [31/Jul/2021:08:59:09 +0800] "GET /xingrg/javascript/jquery_easy_ui/themes/default/images/tabs_active.png HTTP/1.1" 200 2894
180.156.224.123 - - [31/Jul/2021:08:59:11 +0800] "GET /xingrg/check_reg.html?_=1627693112028 HTTP/1.1" 200 22
222.69.129.197 - - [31/Jul/2021:08:59:12 +0800] "POST /xingrg/dwr/call/plaincall/AjaxReportQueryService.getFixDate.dwr HTTP/1.1" 200 111
222.69.129.197 - - [31/Jul/2021:08:59:14 +0800] "POST /xingrg/dwr/call/plaincall/AjaxReportQueryService.refreshCache.dwr HTTP/1.1" 200 78
101.83.145.79 - - [31/Jul/2021:08:59:15 +0800] "GET /xingrg/all/function/internal_message.html?_=1627693154568&CODE_STATE=getMsg HTTP/1.1" 200 27
180.169.147.146 - - [31/Jul/2021:08:59:16 +0800] "GET /xingrg/check_reg.html?_=1627693148352 HTTP/1.1" 200 22
101.83.145.79 - - [31/Jul/2021:08:59:16 +0800] "GET /xingrg/kc/buy/cgsh_order_operate.html?command=get_materiel&rest_code=00105&code=00101008149&supplier_code=00100203&order_time=2021-07-31 HTTP/1.1" 200 408
222.69.129.197 - - [31/Jul/2021:08:59:20 +0800] "POST /xingrg/all/report/load_report_page.html HTTP/1.1" 200 113649
222.69.129.197 - - [31/Jul/2021:08:59:20 +0800] "GET /xingrg/servlets/image?cache=0.8048044342642593&image=px HTTP/1.1" 200 807
101.83.145.79 - - [31/Jul/2021:08:59:25 +0800] "GET /xingrg/kc/buy/cgsh_order_operate.html?command=get_materiel&rest_code=00105&code=00101008354&supplier_code=00100203&order_time=2021-07-31 HTTP/1.1" 200 412
116.235.222.38 - - [31/Jul/2021:08:59:30 +0800] "GET /xingrg/all/function/internal_message.html?_=1627693162708&CODE_STATE=getMsg HTTP/1.1" 200 27
117.184.7.30 - - [31/Jul/2021:08:59:30 +0800] "GET /xingrg/all/function/internal_message.html?_=1627693159715&CODE_STATE=getMsg HTTP/1.1" 200 27
180.156.224.123 - - [31/Jul/2021:08:59:31 +0800] "GET /xingrg/check_reg.html?_=1627693169582 HTTP/1.1" 200 22
180.156.224.123 - - [31/Jul/2021:08:59:32 +0800] "GET /xingrg/all/function/internal_message.html?_=1627693169583&CODE_STATE=getMsg HTTP/1.1" 200 27
180.156.224.123 - - [31/Jul/2021:08:59:32 +0800] "GET /xingrg/all/function/internal_message.html?_=1627693133057&CODE_STATE=getMsg HTTP/1.1" 200 27
101.83.145.79 - - [31/Jul/2021:08:59:36 +0800] "GET /xingrg/kc/buy/cgsh_order_operate.html?command=get_materiel&rest_code=00105&code=00101008312&supplier_code=00100203&order_time=2021-07-31 HTTP/1.1" 200 412
120.253.135.82 - - [31/Jul/2021:08:59:41 +0800] "GET /xingrg/all/function/internal_message.html?_=1627693217391&CODE_STATE=getMsg HTTP/1.1" 200 27
222.70.246.151 - - [31/Jul/2021:08:59:42 +0800] "GET /xingrg/check_reg.html?_=1627693179415 HTTP/1.1" 200 22
222.70.246.151 - - [31/Jul/2021:08:59:43 +0800] "GET /xingrg/all/function/internal_message.html?_=1627693180358&CODE_STATE=getMsg HTTP/1.1" 200 27
116.230.110.80 - - [31/Jul/2021:08:59:44 +0800] "GET /xingrg/all/function/internal_message.html?_=1627693183300&CODE_STATE=getMsg HTTP/1.1" 200 27
101.83.145.79 - - [31/Jul/2021:08:59:45 +0800] "GET /xingrg/kc/buy/cgsh_order_operate.html?command=get_materiel&rest_code=00105&code=00101008010&supplier_code=00100203&order_time=2021-07-31 HTTP/1.1" 200 412
222.69.129.197 - - [31/Jul/2021:08:59:47 +0800] "GET /xingrg/all/function/internal_message.html?_=1627693187332&CODE_STATE=getMsg HTTP/1.1" 200 27
180.169.147.146 - - [31/Jul/2021:08:59:48 +0800] "GET /xingrg/check_reg.html?_=1627693187308 HTTP/1.1" 302 -
116.230.110.80 - - [31/Jul/2021:08:59:52 +0800] "GET /xingrg/kc/base/wldb_order_operate.html?command=get_materiel&rest_code=00155&base_code=0010740&code=00102028010 HTTP/1.1" 200 481
180.169.147.146 - - [31/Jul/2021:08:59:53 +0800] "GET /xingrg/all/function/internal_message.html?_=1627693185933&CODE_STATE=getMsg HTTP/1.1" 200 27
120.253.135.82 - - [31/Jul/2021:08:59:57 +0800] "GET /xingrg/all/function/internal_message.html?_=1627692976111&CODE_STATE=getMsg HTTP/1.1" 200 27
222.69.129.197 - - [31/Jul/2021:08:59:57 +0800] "GET /xingrg/javascript/jquery_easy_ui/themes/default/images/button_plain_hover.png HTTP/1.1" 200 252
180.162.111.5 - - [31/Jul/2021:08:59:58 +0800] "GET /xingrg/all/function/internal_message.html?_=1627692821753&CODE_STATE=getMsg HTTP/1.1" 200 27
101.83.145.79 - - [31/Jul/2021:09:00:00 +0800] "GET /xingrg/kc/buy/cgsh_order_operate.html?command=get_materiel&rest_code=00105&code=00101008088&supplier_code=00100203&order_time=2021-07-31 HTTP/1.1" 200 408
116.230.110.80 - - [31/Jul/2021:09:00:00 +0800] "POST /xingrg/kc/base/wldb_order_operate.html HTTP/1.1" 200 1710
222.69.129.197 - - [31/Jul/2021:09:00:02 +0800] "POST /xingrg/all/report/report_print.html HTTP/1.1" 302 -
222.69.129.197 - - [31/Jul/2021:09:00:02 +0800] "GET /xingrg/servlets/image?image=px HTTP/1.1" 200 807
222.69.129.197 - - [31/Jul/2021:09:00:02 +0800] "GET /xingrg/servlets/html?sysBaseUrl=http%3A%2F%2F180.169.147.146%3A18081%2Fxingrg%2F&costTime=2818×tamp=1627693202406 HTTP/1.1" 200 523490
222.69.129.197 - - [31/Jul/2021:09:00:02 +0800] "GET /favicon.ico HTTP/1.1" 404 -
116.230.110.80 - - [31/Jul/2021:09:00:03 +0800] "GET /xingrg/kc/base/wldb_order_operate.html?command=get_materiel&rest_code=00155&base_code=0010740&code=00102002685 HTTP/1.1" 200 444
222.70.176.145 - - [31/Jul/2021:09:00:05 +0800] "GET /xingrg/check_reg.html?_=1627693239529 HTTP/1.1" 302 -
222.70.176.145 - - [31/Jul/2021:09:00:05 +0800] "GET /xingrg/all/function/internal_message.html?_=1627693239532&CODE_STATE=getMsg HTTP/1.1" 302 -
180.169.147.146 - - [31/Jul/2021:09:00:06 +0800] "GET /xingrg/all/function/internal_message.html?_=1627693214811&CODE_STATE=getMsg HTTP/1.1" 302 -
116.230.110.80 - - [31/Jul/2021:09:00:09 +0800] "GET /xingrg/kc/base/wldb_order_operate.html?command=get_materiel&rest_code=00155&base_code=0010740&code=00102002390 HTTP/1.1" 200 435
101.83.145.79 - - [31/Jul/2021:09:00:10 +0800] "GET /xingrg/kc/buy/cgsh_order_operate.html?command=get_materiel&rest_code=00105&code=00101008163&supplier_code=00100203&order_time=2021-07-31 HTTP/1.1" 200 408
116.230.110.80 - - [31/Jul/2021:09:00:14 +0800] "POST /xingrg/kc/base/wldb_order_operate.html HTTP/1.1" 200 37
116.230.110.80 - - [31/Jul/2021:09:00:14 +0800] "POST /xingrg/kc/base/wldb_order_operate.html HTTP/1.1" 200 11901
101.83.145.79 - - [31/Jul/2021:09:00:15 +0800] "GET /xingrg/all/function/internal_message.html?_=1627693214621&CODE_STATE=getMsg HTTP/1.1" 200 27
116.230.110.80 - - [31/Jul/2021:09:00:15 +0800] "GET /xingrg/kc/base/wldb_order_info.html?code=422021073103445 HTTP/1.1" 200 30378
116.230.110.80 - - [31/Jul/2021:09:00:15 +0800] "GET /xingrg/javascript/easyui/themes/default/validatebox.css HTTP/1.1" 404 1104
116.230.110.80 - - [31/Jul/2021:09:00:16 +0800] "POST /xingrg/kc/base/wldb_order_operate.html HTTP/1.1" 200 11901
116.230.110.80 - - [31/Jul/2021:09:00:23 +0800] "GET /xingrg/kc/base/wldb_order_add.html HTTP/1.1" 200 30359
116.230.110.80 - - [31/Jul/2021:09:00:23 +0800] "POST /xingrg/kc/base/wldb_order_operate.html HTTP/1.1" 200 6806
116.230.110.80 - - [31/Jul/2021:09:00:23 +0800] "GET /xingrg/javascript/easyui/themes/default/validatebox.css HTTP/1.1" 404 1104
101.83.145.79 - - [31/Jul/2021:09:00:24 +0800] "GET /xingrg/kc/buy/cgsh_order_operate.html?command=get_materiel&rest_code=00105&code=00101008190&supplier_code=00100203&order_time=2021-07-31 HTTP/1.1" 200 412
116.235.222.38 - - [31/Jul/2021:09:00:30 +0800] "GET /xingrg/all/function/internal_message.html?_=1627693222707&CODE_STATE=getMsg HTTP/1.1" 200 27
117.184.7.30 - - [31/Jul/2021:09:00:30 +0800] "GET /xingrg/all/function/internal_message.html?_=1627693219721&CODE_STATE=getMsg HTTP/1.1" 200 27
180.156.224.123 - - [31/Jul/2021:09:00:32 +0800] "GET /xingrg/all/function/internal_message.html?_=1627693229582&CODE_STATE=getMsg HTTP/1.1" 200 27
58.40.7.146 - - [31/Jul/2021:09:00:32 +0800] "GET /xingrg/check_reg.html?_=1627693231761 HTTP/1.1" 302 -
180.156.224.123 - - [31/Jul/2021:09:00:32 +0800] "GET /xingrg/all/function/internal_message.html?_=1627693193070&CODE_STATE=getMsg HTTP/1.1" 200 27
101.83.145.79 - - [31/Jul/2021:09:00:34 +0800] "GET /xingrg/kc/buy/cgsh_order_operate.html?command=get_materiel&rest_code=00105&code=00101008148&supplier_code=00100203&order_time=2021-07-31 HTTP/1.1" 200 416
116.230.110.80 - - [31/Jul/2021:09:00:37 +0800] "GET /xingrg/kc/base/wldb_order_operate.html?command=get_materiel&rest_code=00155&base_code=0010740&code=00102001075 HTTP/1.1" 200 442
120.253.135.82 - - [31/Jul/2021:09:00:40 +0800] "GET /xingrg/check_reg.html?_=1627693277227 HTTP/1.1" 200 22
120.253.135.82 - - [31/Jul/2021:09:00:41 +0800] "GET /xingrg/all/function/internal_message.html?_=1627693277405&CODE_STATE=getMsg HTTP/1.1" 200 27
101.83.145.79 - - [31/Jul/2021:09:00:43 +0800] "POST /xingrg/kc/buy/cgsh_order_operate.html HTTP/1.1" 200 2065
222.70.246.151 - - [31/Jul/2021:09:00:43 +0800] "GET /xingrg/all/function/internal_message.html?_=1627693240372&CODE_STATE=getMsg HTTP/1.1" 200 27
116.230.110.80 - - [31/Jul/2021:09:00:44 +0800] "GET /xingrg/all/function/internal_message.html?_=1627693243288&CODE_STATE=getMsg HTTP/1.1" 200 27
101.83.145.79 - - [31/Jul/2021:09:00:45 +0800] "POST /xingrg/kc/buy/cgsh_order_operate.html HTTP/1.1" 200 2065
116.230.110.80 - - [31/Jul/2021:09:00:46 +0800] "GET /xingrg/kc/base/wldb_order_operate.html?command=get_materiel&rest_code=00155&base_code=0010740&code=00102001105 HTTP/1.1" 200 432
222.69.129.197 - - [31/Jul/2021:09:00:47 +0800] "GET /xingrg/all/function/internal_message.html?_=1627693247308&CODE_STATE=getMsg HTTP/1.1" 200 27
116.230.110.80 - - [31/Jul/2021:09:00:53 +0800] "GET /xingrg/kc/base/wldb_order_operate.html?command=get_materiel&rest_code=00155&base_code=0010740&code=00102002026 HTTP/1.1" 200 431
180.169.147.146 - - [31/Jul/2021:09:00:53 +0800] "GET /xingrg/all/function/internal_message.html?_=1627693245932&CODE_STATE=getMsg HTTP/1.1" 200 27
120.253.135.82 - - [31/Jul/2021:09:00:57 +0800] "GET /xingrg/all/function/internal_message.html?_=1627693036300&CODE_STATE=getMsg HTTP/1.1" 200 27
180.162.111.5 - - [31/Jul/2021:09:00:58 +0800] "GET /xingrg/check_reg.html?_=1627692881781 HTTP/1.1" 200 22
180.162.111.5 - - [31/Jul/2021:09:00:58 +0800] "GET /xingrg/all/function/internal_message.html?_=1627692881779&CODE_STATE=getMsg HTTP/1.1" 200 27
116.230.110.80 - - [31/Jul/2021:09:00:58 +0800] "GET /xingrg/kc/base/wldb_order_operate.html?command=get_materiel&rest_code=00155&base_code=0010740&code=00102002150 HTTP/1.1" 200 433
101.83.145.79 - - [31/Jul/2021:09:00:59 +0800] "GET /xingrg/kc/buy/cgsh_order_operate.html?command=get_materiel&rest_code=00105&code=00101008356&supplier_code=00100203&order_time=2021-07-31 HTTP/1.1" 200 409
222.70.176.145 - - [31/Jul/2021:09:01:05 +0800] "GET /xingrg/all/function/internal_message.html?_=1627693299516&CODE_STATE=getMsg HTTP/1.1" 302 -
180.169.147.146 - - [31/Jul/2021:09:01:06 +0800] "GET /xingrg/all/function/internal_message.html?_=1627693274811&CODE_STATE=getMsg HTTP/1.1" 302 -
101.83.145.79 - - [31/Jul/2021:09:01:10 +0800] "GET /xingrg/kc/buy/cgsh_order_operate.html?command=get_materiel&rest_code=00105&code=00101008196&supplier_code=00100203&order_time=2021-07-31 HTTP/1.1" 200 416
116.230.110.80 - - [31/Jul/2021:09:01:10 +0800] "GET /xingrg/kc/base/wldb_order_operate.html?command=get_materiel&rest_code=00155&base_code=0010740&code=00102002484 HTTP/1.1" 200 456
101.83.145.79 - - [31/Jul/2021:09:01:15 +0800] "GET /xingrg/all/function/internal_message.html?_=1627693274632&CODE_STATE=getMsg HTTP/1.1" 200 27
116.230.110.80 - - [31/Jul/2021:09:01:18 +0800] "GET /xingrg/kc/base/wldb_order_operate.html?command=get_materiel&rest_code=00155&base_code=0010740&code=00102002505 HTTP/1.1" 200 435
222.69.129.197 - - [31/Jul/2021:09:01:24 +0800] "GET /xingrg/kc/buy/cgsh_order_list.html HTTP/1.1" 200 47146
222.69.129.197 - - [31/Jul/2021:09:01:25 +0800] "POST /xingrg/services/DataTransmitService HTTP/1.1" 200 524
222.69.129.197 - - [31/Jul/2021:09:01:25 +0800] "POST /xingrg/services/DataTransmitService HTTP/1.1" 200 1983
222.69.129.197 - - [31/Jul/2021:09:01:25 +0800] "POST /xingrg/kc/buy/cgsh_list_operate.html HTTP/1.1" 200 876
116.230.110.80 - - [31/Jul/2021:09:01:26 +0800] "GET /xingrg/kc/base/wldb_order_operate.html?command=get_materiel&rest_code=00155&base_code=0010740&code=00102002543 HTTP/1.1" 200 441
222.69.129.197 - - [31/Jul/2021:09:01:26 +0800] "GET /xingrg/kc/buy/cgsh_order_add.html HTTP/1.1" 200 62931
222.69.129.197 - - [31/Jul/2021:09:01:26 +0800] "POST /xingrg/services/DataTransmitService HTTP/1.1" 200 132611
222.69.129.197 - - [31/Jul/2021:09:01:26 +0800] "POST /xingrg/kc/buy/cgsh_order_operate.html HTTP/1.1" 200 8245
222.69.129.197 - - [31/Jul/2021:09:01:27 +0800] "GET /xingrg/javascript/easyui/themes/default/validatebox.css HTTP/1.1" 404 1104
101.83.145.79 - - [31/Jul/2021:09:01:27 +0800] "GET /xingrg/kc/buy/cgsh_order_operate.html?command=get_materiel&rest_code=00105&code=00101008136&supplier_code=00100203&order_time=2021-07-31 HTTP/1.1" 200 413
116.235.222.38 - - [31/Jul/2021:09:01:30 +0800] "GET /xingrg/all/function/internal_message.html?_=1627693282710&CODE_STATE=getMsg HTTP/1.1" 200 27
117.184.7.30 - - [31/Jul/2021:09:01:30 +0800] "GET /xingrg/all/function/internal_message.html?_=1627693279729&CODE_STATE=getMsg HTTP/1.1" 200 27
116.230.110.80 - - [31/Jul/2021:09:01:31 +0800] "GET /xingrg/kc/base/wldb_order_operate.html?command=get_materiel&rest_code=00155&base_code=0010740&code=00102002441 HTTP/1.1" 200 448
180.156.224.123 - - [31/Jul/2021:09:01:31 +0800] "GET /xingrg/all/function/internal_message.html?_=1627693289585&CODE_STATE=getMsg HTTP/1.1" 200 27
180.156.224.123 - - [31/Jul/2021:09:01:32 +0800] "GET /xingrg/all/function/internal_message.html?_=1627693253174&CODE_STATE=getMsg HTTP/1.1" 200 27
116.230.110.80 - - [31/Jul/2021:09:01:38 +0800] "GET /xingrg/kc/base/wldb_order_operate.html?command=get_materiel&rest_code=00155&base_code=0010740&code=00102002396 HTTP/1.1" 200 429
222.69.129.197 - - [31/Jul/2021:09:01:39 +0800] "GET /xingrg/kc/buy/cgsh_order_operate.html?command=get_materiel&rest_code=00149&code=00102012036&supplier_code=00100198&order_time=2021-07-31 HTTP/1.1" 200 409
222.70.176.145 - - [31/Jul/2021:09:01:39 +0800] "POST /xingrg/login.do HTTP/1.1" 302 -
222.70.176.145 - - [31/Jul/2021:09:01:40 +0800] "GET /xingrg/index.html?sysBaseUrl=http%3A%2F%2F180.169.147.146%3A18081%2Fxingrg%2F&costTime=120×tamp=1627693299642 HTTP/1.1" 200 17173
222.70.176.145 - - [31/Jul/2021:09:01:40 +0800] "GET /favicon.ico HTTP/1.1" 404 -
101.83.145.79 - - [31/Jul/2021:09:01:40 +0800] "GET /xingrg/kc/buy/cgsh_order_operate.html?command=get_materiel&rest_code=00105&code=00101008230&supplier_code=00100203&order_time=2021-07-31 HTTP/1.1" 200 408
222.70.176.145 - - [31/Jul/2021:09:01:40 +0800] "POST /xingrg/all/common/load_tree.html?tree=area_rest_tree_json&manage=1 HTTP/1.1" 200 342
222.70.176.145 - - [31/Jul/2021:09:01:40 +0800] "GET /xingrg/all/function/internal_message.html?_=1627693296178&CODE_STATE=count HTTP/1.1" 200 11
222.70.176.145 - - [31/Jul/2021:09:01:40 +0800] "POST /xingrg/load_menu.html HTTP/1.1" 200 5138
120.253.135.82 - - [31/Jul/2021:09:01:41 +0800] "GET /xingrg/all/function/internal_message.html?_=1627693337419&CODE_STATE=getMsg HTTP/1.1" 200 27
116.233.73.163 - - [31/Jul/2021:09:01:41 +0800] "GET /xingrg/check_reg.html?_=1627693313081 HTTP/1.1" 200 22
116.230.110.80 - - [31/Jul/2021:09:01:42 +0800] "GET /xingrg/kc/base/wldb_order_operate.html?command=get_materiel&rest_code=00155&base_code=0010740&code=00102002379 HTTP/1.1" 200 433
222.70.176.145 - - [31/Jul/2021:09:01:42 +0800] "GET /xingrg/kc/buy/buy_main.html HTTP/1.1" 200 12412
222.70.176.145 - - [31/Jul/2021:09:01:42 +0800] "GET /xingrg/css/new_ie.css HTTP/1.1" 404 1036
222.70.176.145 - - [31/Jul/2021:09:01:42 +0800] "GET /xingrg/images/yd/bt.gif HTTP/1.1" 404 1040
222.70.176.145 - - [31/Jul/2021:09:01:43 +0800] "GET /xingrg/check_reg.html?_=1627693296180 HTTP/1.1" 200 22
222.70.246.151 - - [31/Jul/2021:09:01:43 +0800] "GET /xingrg/all/function/internal_message.html?_=1627693300385&CODE_STATE=getMsg HTTP/1.1" 200 27
222.70.176.145 - - [31/Jul/2021:09:01:43 +0800] "GET /xingrg/kc/buy/cgsh_order_list.html HTTP/1.1" 200 47140
116.230.110.80 - - [31/Jul/2021:09:01:44 +0800] "GET /xingrg/all/function/internal_message.html?_=1627693303274&CODE_STATE=getMsg HTTP/1.1" 200 27
116.230.110.80 - - [31/Jul/2021:09:01:44 +0800] "GET /xingrg/check_reg.html?_=1627693303328 HTTP/1.1" 200 22
222.70.176.145 - - [31/Jul/2021:09:01:45 +0800] "POST /xingrg/kc/buy/cgsh_list_operate.html HTTP/1.1" 200 876
222.69.129.197 - - [31/Jul/2021:09:01:47 +0800] "GET /xingrg/all/function/internal_message.html?_=1627693307293&CODE_STATE=getMsg HTTP/1.1" 200 27
222.70.176.145 - - [31/Jul/2021:09:01:47 +0800] "GET /xingrg/kc/buy/cgsh_order_add.html HTTP/1.1" 200 62878
222.70.176.145 - - [31/Jul/2021:09:01:48 +0800] "GET /xingrg/words/20210730190311_words.js HTTP/1.1" 304 -
222.70.176.145 - - [31/Jul/2021:09:01:48 +0800] "POST /xingrg/kc/buy/cgsh_order_operate.html HTTP/1.1" 200 8245
222.70.176.145 - - [31/Jul/2021:09:01:48 +0800] "GET /xingrg/javascript/easyui/themes/default/validatebox.css HTTP/1.1" 404 1104
222.70.176.145 - - [31/Jul/2021:09:01:48 +0800] "GET /xingrg/all/common/auto_word.html?type=employee&rest_code=00111 HTTP/1.1" 200 155
222.70.176.145 - - [31/Jul/2021:09:01:48 +0800] "GET /xingrg/all/common/auto_word.html?type=employee&rest_code=00111 HTTP/1.1" 200 155
222.70.176.145 - - [31/Jul/2021:09:01:51 +0800] "GET /xingrg/javascript/auto/indicator.gif HTTP/1.1" 404 1066
101.83.145.79 - - [31/Jul/2021:09:01:52 +0800] "GET /xingrg/kc/buy/cgsh_order_operate.html?command=get_materiel&rest_code=00105&code=00101008069&supplier_code=00100203&order_time=2021-07-31 HTTP/1.1" 200 412
222.69.129.197 - - [31/Jul/2021:09:01:54 +0800] "POST /xingrg/kc/buy/cgsh_order_operate.html HTTP/1.1" 200 37
180.169.147.146 - - [31/Jul/2021:09:01:56 +0800] "GET /xingrg/all/function/internal_message.html?_=1627693305903&CODE_STATE=getMsg HTTP/1.1" 200 27
116.235.222.38 - - [31/Jul/2021:09:01:56 +0800] "GET /xingrg/kc/base/base_main.html HTTP/1.1" 200 12142
222.70.176.145 - - [31/Jul/2021:09:01:57 +0800] "GET /xingrg/javascript/jquery_tools/images/prev.gif HTTP/1.1" 404 1086
222.70.176.145 - - [31/Jul/2021:09:01:57 +0800] "GET /xingrg/javascript/jquery_tools/images/next.gif HTTP/1.1" 404 1086
116.235.222.38 - - [31/Jul/2021:09:01:57 +0800] "GET /xingrg/kc/base/wldb_order_list.html HTTP/1.1" 200 19151
120.253.135.82 - - [31/Jul/2021:09:01:57 +0800] "GET /xingrg/all/function/internal_message.html?_=1627693096310&CODE_STATE=getMsg HTTP/1.1" 200 27
180.162.111.5 - - [31/Jul/2021:09:01:58 +0800] "GET /xingrg/all/function/internal_message.html?_=1627692941780&CODE_STATE=getMsg HTTP/1.1" 200 27
116.230.110.80 - - [31/Jul/2021:09:01:58 +0800] "GET /xingrg/kc/base/wldb_order_operate.html?command=get_materiel&rest_code=00155&base_code=0010740&code=00102002274 HTTP/1.1" 200 439
116.235.222.38 - - [31/Jul/2021:09:01:58 +0800] "POST /xingrg/kc/base/wldb_list_operate.html HTTP/1.1" 200 928
116.235.222.38 - - [31/Jul/2021:09:01:59 +0800] "GET /xingrg/kc/base/wldb_order_add.html HTTP/1.1" 200 30355
116.235.222.38 - - [31/Jul/2021:09:02:00 +0800] "GET /xingrg/all/common/auto_word.html?type=base&rest_code=00107 HTTP/1.1" 200 1861
116.235.222.38 - - [31/Jul/2021:09:02:00 +0800] "GET /xingrg/all/common/auto_word.html?type=base&rest_code=00107 HTTP/1.1" 200 1861
116.235.222.38 - - [31/Jul/2021:09:02:00 +0800] "GET /xingrg/javascript/easyui/themes/default/validatebox.css HTTP/1.1" 404 1104
116.235.222.38 - - [31/Jul/2021:09:02:00 +0800] "POST /xingrg/kc/base/wldb_order_operate.html HTTP/1.1" 200 6806
116.235.222.38 - - [31/Jul/2021:09:02:01 +0800] "POST /xingrg/all/common/load_combo.html?type=base HTTP/1.1" 200 3324
101.83.145.79 - - [31/Jul/2021:09:02:01 +0800] "GET /xingrg/kc/buy/cgsh_order_operate.html?command=get_materiel&rest_code=00105&code=00101008286&supplier_code=00100203&order_time=2021-07-31 HTTP/1.1" 200 408
116.235.222.38 - - [31/Jul/2021:09:02:03 +0800] "POST /xingrg/all/common/load_combo.html?type=base HTTP/1.1" 200 3324
222.69.129.197 - - [31/Jul/2021:09:02:04 +0800] "POST /xingrg/kc/buy/cgsh_order_operate.html HTTP/1.1" 200 12
222.70.176.145 - - [31/Jul/2021:09:02:05 +0800] "GET /xingrg/all/function/internal_message.html?_=1627693359514&CODE_STATE=getMsg HTTP/1.1" 302 -
222.69.129.197 - - [31/Jul/2021:09:02:05 +0800] "GET /xingrg/kc/buy/cgsh_order_info.html?code=212021073113931 HTTP/1.1" 200 57840
222.69.129.197 - - [31/Jul/2021:09:02:06 +0800] "GET /xingrg/javascript/easyui/themes/default/validatebox.css HTTP/1.1" 404 1104
222.69.129.197 - - [31/Jul/2021:09:02:06 +0800] "POST /xingrg/kc/buy/cgsh_order_operate.html HTTP/1.1" 200 605
180.169.147.146 - - [31/Jul/2021:09:02:06 +0800] "GET /xingrg/check_reg.html?_=1627693334812 HTTP/1.1" 302 -
180.169.147.146 - - [31/Jul/2021:09:02:06 +0800] "GET /xingrg/all/function/internal_message.html?_=1627693334810&CODE_STATE=getMsg HTTP/1.1" 302 -
222.69.129.197 - - [31/Jul/2021:09:02:07 +0800] "GET /xingrg/kc/print/load_data.html?order_code=212021073113931&kc_code=cgsh&condition= HTTP/1.1" 200 699
222.70.176.145 - - [31/Jul/2021:09:02:08 +0800] "GET /xingrg/kc/buy/cgsh_order_operate.html?command=get_materiel&rest_code=00111&code=00101001138&supplier_code=00100199&order_time=2021-07-31 HTTP/1.1" 200 434
101.83.145.79 - - [31/Jul/2021:09:02:10 +0800] "GET /xingrg/kc/buy/cgsh_order_operate.html?command=get_materiel&rest_code=00105&code=00101008131&supplier_code=00100203&order_time=2021-07-31 HTTP/1.1" 200 408
116.230.110.80 - - [31/Jul/2021:09:02:13 +0800] "GET /xingrg/kc/base/wldb_order_operate.html?command=get_materiel&rest_code=00155&base_code=0010740&code=00102002275 HTTP/1.1" 200 450
101.83.145.79 - - [31/Jul/2021:09:02:15 +0800] "GET /xingrg/all/function/internal_message.html?_=1627693334560&CODE_STATE=getMsg HTTP/1.1" 200 27
116.235.222.38 - - [31/Jul/2021:09:02:15 +0800] "GET /xingrg/kc/base/wldb_order_operate.html?command=get_materiel&rest_code=00107&base_code=0010151&code=00101019110 HTTP/1.1" 200 474
222.69.129.197 - - [31/Jul/2021:09:02:19 +0800] "POST /xingrg/services/DataTransmitService HTTP/1.1" 200 524
116.230.110.80 - - [31/Jul/2021:09:02:20 +0800] "GET /xingrg/kc/base/wldb_order_operate.html?command=get_materiel&rest_code=00155&base_code=0010740&code=00102002231 HTTP/1.1" 200 450
101.83.145.79 - - [31/Jul/2021:09:02:22 +0800] "GET /xingrg/kc/buy/cgsh_order_operate.html?command=get_materiel&rest_code=00105&code=00101008318&supplier_code=00100203&order_time=2021-07-31 HTTP/1.1" 200 408
222.70.176.145 - - [31/Jul/2021:09:02:25 +0800] "GET /xingrg/kc/buy/cgsh_order_operate.html?command=get_materiel&rest_code=00111&code=00101002027&supplier_code=00100199&order_time=2021-07-31 HTTP/1.1" 200 413
222.69.129.197 - - [31/Jul/2021:09:02:27 +0800] "GET /xingrg/kc/buy/cgsh_order_add.html HTTP/1.1" 200 62931
222.69.129.197 - - [31/Jul/2021:09:02:28 +0800] "POST /xingrg/kc/buy/cgsh_order_operate.html HTTP/1.1" 200 8245
222.69.129.197 - - [31/Jul/2021:09:02:28 +0800] "GET /xingrg/javascript/easyui/themes/default/validatebox.css HTTP/1.1" 404 1104
116.235.222.38 - - [31/Jul/2021:09:02:28 +0800] "GET /xingrg/kc/base/wldb_order_operate.html?command=get_materiel&rest_code=00107&base_code=0010151&code=00101013011 HTTP/1.1" 200 449
116.235.222.38 - - [31/Jul/2021:09:02:30 +0800] "GET /xingrg/check_reg.html?_=1627693342715 HTTP/1.1" 200 22
116.235.222.38 - - [31/Jul/2021:09:02:30 +0800] "GET /xingrg/all/function/internal_message.html?_=1627693342712&CODE_STATE=getMsg HTTP/1.1" 200 27
117.184.7.30 - - [31/Jul/2021:09:02:30 +0800] "GET /xingrg/all/function/internal_message.html?_=1627693339726&CODE_STATE=getMsg HTTP/1.1" 200 27
101.83.145.79 - - [31/Jul/2021:09:02:31 +0800] "GET /xingrg/kc/buy/cgsh_order_operate.html?command=get_materiel&rest_code=00105&code=00101008352&supplier_code=00100203&order_time=2021-07-31 HTTP/1.1" 200 412
222.69.129.197 - - [31/Jul/2021:09:02:31 +0800] "POST /xingrg/services/DataTransmitService HTTP/1.1" 200 501
180.156.224.123 - - [31/Jul/2021:09:02:31 +0800] "GET /xingrg/all/function/internal_message.html?_=1627693349588&CODE_STATE=getMsg HTTP/1.1" 200 27
180.156.224.123 - - [31/Jul/2021:09:02:32 +0800] "GET /xingrg/all/function/internal_message.html?_=1627693313174&CODE_STATE=getMsg HTTP/1.1" 200 27
116.230.110.80 - - [31/Jul/2021:09:02:36 +0800] "GET /xingrg/kc/base/wldb_order_operate.html?command=get_materiel&rest_code=00155&base_code=0010740&code=00101017003 HTTP/1.1" 200 448
222.70.176.145 - - [31/Jul/2021:09:02:40 +0800] "GET /xingrg/all/function/internal_message.html?_=1627693356182&CODE_STATE=getMsg HTTP/1.1" 200 27
222.69.129.197 - - [31/Jul/2021:09:02:40 +0800] "POST /xingrg/services/DataTransmitService HTTP/1.1" 200 524
120.253.135.82 - - [31/Jul/2021:09:02:41 +0800] "GET /xingrg/all/function/internal_message.html?_=1627693397432&CODE_STATE=getMsg HTTP/1.1" 200 27
222.70.176.145 - - [31/Jul/2021:09:02:41 +0800] "GET /xingrg/kc/buy/cgsh_order_operate.html?command=get_materiel&rest_code=00111&code=00101002006&supplier_code=00100199&order_time=2021-07-31 HTTP/1.1" 200 435
222.69.129.197 - - [31/Jul/2021:09:02:42 +0800] "GET /xingrg/kc/buy/cgsh_order_operate.html?command=get_materiel&rest_code=00149&code=00101007061&supplier_code=00100205&order_time=2021-07-31 HTTP/1.1" 200 409
116.235.222.38 - - [31/Jul/2021:09:02:42 +0800] "GET /xingrg/kc/base/wldb_order_operate.html?command=get_materiel&rest_code=00107&base_code=0010151&code=00101016094 HTTP/1.1" 200 470
222.70.246.151 - - [31/Jul/2021:09:02:43 +0800] "GET /xingrg/all/function/internal_message.html?_=1627693360588&CODE_STATE=getMsg HTTP/1.1" 200 27
101.83.145.79 - - [31/Jul/2021:09:02:44 +0800] "GET /xingrg/kc/buy/cgsh_order_operate.html?command=get_materiel&rest_code=00105&code=00101008353&supplier_code=00100203&order_time=2021-07-31 HTTP/1.1" 200 408
116.230.110.80 - - [31/Jul/2021:09:02:44 +0800] "GET /xingrg/all/function/internal_message.html?_=1627693363270&CODE_STATE=getMsg HTTP/1.1" 200 27
222.69.129.197 - - [31/Jul/2021:09:02:46 +0800] "GET /xingrg/check_reg.html?_=1627693366481 HTTP/1.1" 200 22
222.69.129.197 - - [31/Jul/2021:09:02:47 +0800] "GET /xingrg/all/function/internal_message.html?_=1627693367280&CODE_STATE=getMsg HTTP/1.1" 200 27
116.230.110.80 - - [31/Jul/2021:09:02:48 +0800] "GET /xingrg/kc/base/wldb_order_operate.html?command=get_materiel&rest_code=00155&base_code=0010740&code=00102002192 HTTP/1.1" 200 434
222.70.176.145 - - [31/Jul/2021:09:02:51 +0800] "POST /xingrg/kc/buy/cgsh_order_operate.html HTTP/1.1" 200 37
