222.69.129.197 - - [31/Jul/2021:08:39:32 +0800] "POST /xingrg/kc/buy/cgsh_order_operate.html HTTP/1.1" 200 2065
180.156.224.123 - - [31/Jul/2021:08:39:37 +0800] "GET /xingrg/kc/buy/cgsh_order_operate.html?command=get_materiel&rest_code=00150&code=00101006055&supplier_code=00100096&order_time=2021-07-31 HTTP/1.1" 200 411
222.69.129.197 - - [31/Jul/2021:08:39:41 +0800] "GET /xingrg/kc/buy/cgsh_order_operate.html?command=get_materiel&rest_code=00149&code=00101008064&supplier_code=00100005&order_time=2021-07-31 HTTP/1.1" 200 412
222.70.246.151 - - [31/Jul/2021:08:39:42 +0800] "GET /xingrg/check_reg.html?_=1627691978673 HTTP/1.1" 200 22
222.70.246.151 - - [31/Jul/2021:08:39:42 +0800] "GET /xingrg/all/function/internal_message.html?_=1627691979274&CODE_STATE=getMsg HTTP/1.1" 200 27
222.69.129.197 - - [31/Jul/2021:08:39:46 +0800] "GET /xingrg/all/function/internal_message.html?_=1627691986402&CODE_STATE=getMsg HTTP/1.1" 200 27
180.169.147.146 - - [31/Jul/2021:08:39:48 +0800] "GET /xingrg/check_reg.html?_=1627691987382 HTTP/1.1" 302 -
222.69.129.197 - - [31/Jul/2021:08:39:50 +0800] "GET /xingrg/kc/buy/cgsh_order_operate.html?command=get_materiel&rest_code=00149&code=00101008370&supplier_code=00100005&order_time=2021-07-31 HTTP/1.1" 200 412
180.169.147.146 - - [31/Jul/2021:08:39:54 +0800] "GET /xingrg/all/function/internal_message.html?_=1627691986359&CODE_STATE=getMsg HTTP/1.1" 200 27
120.253.135.82 - - [31/Jul/2021:08:39:56 +0800] "GET /xingrg/all/function/internal_message.html?_=1627691775091&CODE_STATE=getMsg HTTP/1.1" 200 27
180.162.111.5 - - [31/Jul/2021:08:39:58 +0800] "GET /xingrg/all/function/internal_message.html?_=1627691621758&CODE_STATE=getMsg HTTP/1.1" 200 27
180.156.224.123 - - [31/Jul/2021:08:40:02 +0800] "GET /xingrg/kc/buy/cgsh_order_operate.html?command=get_materiel&rest_code=00150&code=00101006109&supplier_code=00100096&order_time=2021-07-31 HTTP/1.1" 200 411
222.70.176.145 - - [31/Jul/2021:08:40:05 +0800] "GET /xingrg/check_reg.html?_=1627692039520 HTTP/1.1" 302 -
222.70.176.145 - - [31/Jul/2021:08:40:05 +0800] "GET /xingrg/all/function/internal_message.html?_=1627692039522&CODE_STATE=getMsg HTTP/1.1" 302 -
180.169.147.146 - - [31/Jul/2021:08:40:06 +0800] "GET /xingrg/all/function/internal_message.html?_=1627692014758&CODE_STATE=getMsg HTTP/1.1" 302 -
222.69.129.197 - - [31/Jul/2021:08:40:10 +0800] "GET /xingrg/kc/buy/cgsh_order_operate.html?command=get_materiel&rest_code=00149&code=00101008126&supplier_code=00100005&order_time=2021-07-31 HTTP/1.1" 200 412
101.83.145.79 - - [31/Jul/2021:08:40:15 +0800] "GET /xingrg/all/function/internal_message.html?_=1627692014519&CODE_STATE=getMsg HTTP/1.1" 200 27
116.230.110.80 - - [31/Jul/2021:08:40:18 +0800] "GET /favicon.ico HTTP/1.1" 404 -
116.230.110.80 - - [31/Jul/2021:08:40:18 +0800] "GET /favicon.ico HTTP/1.1" 404 -
180.156.224.123 - - [31/Jul/2021:08:40:22 +0800] "GET /xingrg/all/function/internal_message.html?_=1627691982923&CODE_STATE=getMsg HTTP/1.1" 200 27
180.156.224.123 - - [31/Jul/2021:08:40:27 +0800] "GET /xingrg/system/info/materiel_import.html?isSelect=1&singleSelect=false HTTP/1.1" 200 5600
180.156.224.123 - - [31/Jul/2021:08:40:27 +0800] "GET /xingrg/css/xtree.css HTTP/1.1" 304 -
180.156.224.123 - - [31/Jul/2021:08:40:27 +0800] "GET /xingrg/javascript/jquery_ui/themes/base/base.css HTTP/1.1" 304 -
180.156.224.123 - - [31/Jul/2021:08:40:27 +0800] "GET /xingrg/javascript/jquery_easy_ui/jquery.easyui.min.js HTTP/1.1" 304 -
180.156.224.123 - - [31/Jul/2021:08:40:27 +0800] "GET /xingrg/javascript/jquery_easy_ui/easyui-lang-zh_CN.js HTTP/1.1" 304 -
180.156.224.123 - - [31/Jul/2021:08:40:27 +0800] "GET /xingrg/javascript/jquery_easy_ui/themes/default/images/button_a_bg.gif HTTP/1.1" 304 -
180.156.224.123 - - [31/Jul/2021:08:40:27 +0800] "GET /xingrg/javascript/jquery_easy_ui/themes/default/images/button_span_bg.gif HTTP/1.1" 304 -
180.156.224.123 - - [31/Jul/2021:08:40:27 +0800] "GET /xingrg/javascript/jquery_easy_ui/themes/icons/check_new.png HTTP/1.1" 304 -
180.156.224.123 - - [31/Jul/2021:08:40:27 +0800] "GET /xingrg/javascript/jquery_easy_ui/themes/icons/search.png HTTP/1.1" 304 -
180.156.224.123 - - [31/Jul/2021:08:40:27 +0800] "GET /xingrg/javascript/jquery_easy_ui/themes/icons/edit_add.png HTTP/1.1" 304 -
180.156.224.123 - - [31/Jul/2021:08:40:27 +0800] "GET /xingrg/javascript/jquery_easy_ui/themes/default/images/datagrid_header_bg.gif HTTP/1.1" 304 -
180.156.224.123 - - [31/Jul/2021:08:40:27 +0800] "GET /xingrg/javascript/jquery_easy_ui/themes/default/images/pagination_first.gif HTTP/1.1" 304 -
180.156.224.123 - - [31/Jul/2021:08:40:27 +0800] "GET /xingrg/javascript/jquery_easy_ui/themes/default/images/pagination_prev.gif HTTP/1.1" 304 -
180.156.224.123 - - [31/Jul/2021:08:40:27 +0800] "GET /xingrg/javascript/jquery_easy_ui/themes/default/images/pagination_next.gif HTTP/1.1" 304 -
180.156.224.123 - - [31/Jul/2021:08:40:27 +0800] "GET /xingrg/javascript/jquery_easy_ui/themes/default/images/pagination_last.gif HTTP/1.1" 304 -
180.156.224.123 - - [31/Jul/2021:08:40:27 +0800] "GET /xingrg/javascript/jquery_easy_ui/themes/default/images/pagination_load.png HTTP/1.1" 304 -
116.237.74.182 - - [31/Jul/2021:08:40:27 +0800] "POST /xingrg/services/DataTransmitService HTTP/1.1" 200 524
180.156.224.123 - - [31/Jul/2021:08:40:28 +0800] "POST /xingrg/all/common/load_tree.html?tree=materiel_sort_tree_json HTTP/1.1" 200 8666
180.156.224.123 - - [31/Jul/2021:08:40:28 +0800] "GET /xingrg/javascript/jquery_easy_ui/themes/default/images/tree_arrows.gif HTTP/1.1" 304 -
180.156.224.123 - - [31/Jul/2021:08:40:28 +0800] "GET /xingrg/javascript/jquery_easy_ui/themes/default/images/tree_folder_open.gif HTTP/1.1" 304 -
180.156.224.123 - - [31/Jul/2021:08:40:28 +0800] "GET /xingrg/javascript/jquery_easy_ui/themes/default/images/tree_file.gif HTTP/1.1" 304 -
180.156.224.123 - - [31/Jul/2021:08:40:28 +0800] "GET /xingrg/javascript/jquery_easy_ui/themes/default/images/tree_folder.gif HTTP/1.1" 304 -
116.235.222.38 - - [31/Jul/2021:08:40:30 +0800] "GET /xingrg/all/function/internal_message.html?_=1627692022692&CODE_STATE=getMsg HTTP/1.1" 200 27
116.230.110.80 - - [31/Jul/2021:08:40:31 +0800] "GET /favicon.ico HTTP/1.1" 404 -
116.230.110.80 - - [31/Jul/2021:08:40:31 +0800] "GET /favicon.ico HTTP/1.1" 404 -
180.156.224.123 - - [31/Jul/2021:08:40:31 +0800] "GET /xingrg/all/function/internal_message.html?_=1627692029562&CODE_STATE=getMsg HTTP/1.1" 200 27
58.40.7.146 - - [31/Jul/2021:08:40:32 +0800] "GET /xingrg/check_reg.html?_=1627692031861 HTTP/1.1" 302 -
116.230.110.80 - - [31/Jul/2021:08:40:32 +0800] "GET /favicon.ico HTTP/1.1" 404 -
180.156.224.123 - - [31/Jul/2021:08:40:39 +0800] "GET /xingrg/kc/buy/cgsh_order_operate.html?command=get_materiel&rest_code=00150&code=00101006112&supplier_code=00100096&order_time=2021-07-31 HTTP/1.1" 200 409
116.230.110.80 - - [31/Jul/2021:08:40:41 +0800] "GET /favicon.ico HTTP/1.1" 404 -
222.70.246.151 - - [31/Jul/2021:08:40:42 +0800] "GET /xingrg/all/function/internal_message.html?_=1627692039288&CODE_STATE=getMsg HTTP/1.1" 200 27
222.69.129.197 - - [31/Jul/2021:08:40:46 +0800] "GET /xingrg/all/function/internal_message.html?_=1627692046432&CODE_STATE=getMsg HTTP/1.1" 200 27
180.156.224.123 - - [31/Jul/2021:08:40:47 +0800] "GET /xingrg/kc/buy/cgsh_order_operate.html?command=get_materiel&rest_code=00150&code=00101006111&supplier_code=00100096&order_time=2021-07-31 HTTP/1.1" 200 409
180.169.147.146 - - [31/Jul/2021:08:40:54 +0800] "GET /xingrg/all/function/internal_message.html?_=1627692046329&CODE_STATE=getMsg HTTP/1.1" 200 27
120.253.135.82 - - [31/Jul/2021:08:40:56 +0800] "GET /xingrg/all/function/internal_message.html?_=1627691835105&CODE_STATE=getMsg HTTP/1.1" 200 27
180.156.224.123 - - [31/Jul/2021:08:40:57 +0800] "GET /xingrg/kc/buy/cgsh_order_operate.html?command=get_materiel&rest_code=00150&code=00101006065&supplier_code=00100096&order_time=2021-07-31 HTTP/1.1" 200 411
180.162.111.5 - - [31/Jul/2021:08:40:58 +0800] "GET /xingrg/all/function/internal_message.html?_=1627691681760&CODE_STATE=getMsg HTTP/1.1" 200 27
180.162.111.5 - - [31/Jul/2021:08:40:58 +0800] "GET /xingrg/check_reg.html?_=1627691681757 HTTP/1.1" 200 22
222.69.129.197 - - [31/Jul/2021:08:40:59 +0800] "GET /xingrg/kc/buy/cgsh_order_operate.html?command=get_materiel&rest_code=00149&code=00101008361&supplier_code=00100005&order_time=2021-07-31 HTTP/1.1" 200 408
117.184.7.30 - - [31/Jul/2021:08:41:00 +0800] "GET /favicon.ico HTTP/1.1" 404 -
222.70.176.145 - - [31/Jul/2021:08:41:05 +0800] "GET /xingrg/all/function/internal_message.html?_=1627692099520&CODE_STATE=getMsg HTTP/1.1" 302 -
180.169.147.146 - - [31/Jul/2021:08:41:06 +0800] "GET /xingrg/all/function/internal_message.html?_=1627692074769&CODE_STATE=getMsg HTTP/1.1" 302 -
222.69.129.197 - - [31/Jul/2021:08:41:11 +0800] "GET /xingrg/kc/buy/cgsh_order_operate.html?command=get_materiel&rest_code=00149&code=00101008148&supplier_code=00100005&order_time=2021-07-31 HTTP/1.1" 200 416
222.69.129.197 - - [31/Jul/2021:08:41:14 +0800] "POST /xingrg/kc/buy/cgsh_order_operate.html HTTP/1.1" 200 2065
101.83.145.79 - - [31/Jul/2021:08:41:15 +0800] "GET /xingrg/all/function/internal_message.html?_=1627692074518&CODE_STATE=getMsg HTTP/1.1" 200 27
180.156.224.123 - - [31/Jul/2021:08:41:15 +0800] "GET /xingrg/kc/buy/cgsh_order_operate.html?command=get_materiel&rest_code=00150&code=00101007061&supplier_code=00100096&order_time=2021-07-31 HTTP/1.1" 200 411
180.156.224.123 - - [31/Jul/2021:08:41:22 +0800] "GET /xingrg/all/function/internal_message.html?_=1627692042936&CODE_STATE=getMsg HTTP/1.1" 200 27
222.69.129.197 - - [31/Jul/2021:08:41:25 +0800] "GET /xingrg/kc/buy/cgsh_order_operate.html?command=get_materiel&rest_code=00149&code=00101008144&supplier_code=00100005&order_time=2021-07-31 HTTP/1.1" 200 412
180.156.224.123 - - [31/Jul/2021:08:41:27 +0800] "GET /xingrg/kc/buy/cgsh_order_operate.html?command=get_materiel&rest_code=00150&code=00101007125&supplier_code=00100096&order_time=2021-07-31 HTTP/1.1" 200 407
116.230.110.80 - - [31/Jul/2021:08:41:29 +0800] "GET /xingrg/index.html?sysBaseUrl=http%3A%2F%2F180.169.147.146%3A18081%2Fxingrg%2F&costTime=1277×tamp=1606817596806 HTTP/1.1" 302 -
116.230.110.80 - - [31/Jul/2021:08:41:29 +0800] "GET /xingrg/login.html HTTP/1.1" 200 7641
116.230.110.80 - - [31/Jul/2021:08:41:29 +0800] "GET /favicon.ico HTTP/1.1" 404 -
116.235.222.38 - - [31/Jul/2021:08:41:30 +0800] "GET /xingrg/all/function/internal_message.html?_=1627692082681&CODE_STATE=getMsg HTTP/1.1" 200 27
180.156.224.123 - - [31/Jul/2021:08:41:31 +0800] "GET /xingrg/all/function/internal_message.html?_=1627692089561&CODE_STATE=getMsg HTTP/1.1" 200 27
222.69.129.197 - - [31/Jul/2021:08:41:37 +0800] "GET /xingrg/kc/buy/cgsh_order_operate.html?command=get_materiel&rest_code=00149&code=00101008264&supplier_code=00100005&order_time=2021-07-31 HTTP/1.1" 200 412
180.156.224.123 - - [31/Jul/2021:08:41:38 +0800] "GET /xingrg/kc/buy/cgsh_order_operate.html?command=get_materiel&rest_code=00150&code=00101007049&supplier_code=00100096&order_time=2021-07-31 HTTP/1.1" 200 409
222.70.246.151 - - [31/Jul/2021:08:41:42 +0800] "GET /xingrg/all/function/internal_message.html?_=1627692099303&CODE_STATE=getMsg HTTP/1.1" 200 27
116.230.110.80 - - [31/Jul/2021:08:41:44 +0800] "POST /xingrg/login.do HTTP/1.1" 302 -
116.230.110.80 - - [31/Jul/2021:08:41:44 +0800] "GET /xingrg/index.html?sysBaseUrl=http%3A%2F%2F180.169.147.146%3A18081%2Fxingrg%2F&costTime=205×tamp=1627692104270 HTTP/1.1" 200 17179
116.230.110.80 - - [31/Jul/2021:08:41:44 +0800] "GET /xingrg/all/function/internal_message.html?_=1627692103322&CODE_STATE=count HTTP/1.1" 200 11
116.230.110.80 - - [31/Jul/2021:08:41:44 +0800] "GET /xingrg/check_reg.html?_=1627692103323 HTTP/1.1" 200 22
116.230.110.80 - - [31/Jul/2021:08:41:44 +0800] "POST /xingrg/all/common/load_tree.html?tree=area_rest_tree_json&manage=1 HTTP/1.1" 200 351
116.230.110.80 - - [31/Jul/2021:08:41:44 +0800] "GET /favicon.ico HTTP/1.1" 404 -
116.230.110.80 - - [31/Jul/2021:08:41:44 +0800] "POST /xingrg/load_menu.html HTTP/1.1" 200 5138
222.69.129.197 - - [31/Jul/2021:08:41:46 +0800] "GET /xingrg/all/function/internal_message.html?_=1627692106451&CODE_STATE=getMsg HTTP/1.1" 200 27
116.230.110.80 - - [31/Jul/2021:08:41:46 +0800] "GET /xingrg/kc/report/report_main.html HTTP/1.1" 200 7345
116.230.110.80 - - [31/Jul/2021:08:41:47 +0800] "GET /xingrg/kc/base/kc_stocks.html HTTP/1.1" 200 16437
116.230.110.80 - - [31/Jul/2021:08:41:47 +0800] "GET /xingrg/javascript/easyui/themes/default/tree.css HTTP/1.1" 404 1090
116.230.110.80 - - [31/Jul/2021:08:41:47 +0800] "GET /xingrg/all/common/auto_word.html?type=base&rest_code=00155 HTTP/1.1" 200 1707
116.230.110.80 - - [31/Jul/2021:08:41:47 +0800] "POST /xingrg/all/common/load_tree.html?tree=materiel_sort_tree_json HTTP/1.1" 200 8666
222.69.129.197 - - [31/Jul/2021:08:41:50 +0800] "GET /xingrg/kc/buy/cgsh_order_operate.html?command=get_materiel&rest_code=00149&code=00101008356&supplier_code=00100005&order_time=2021-07-31 HTTP/1.1" 200 409
180.169.147.146 - - [31/Jul/2021:08:41:54 +0800] "GET /xingrg/all/function/internal_message.html?_=1627692106340&CODE_STATE=getMsg HTTP/1.1" 200 27
180.156.224.123 - - [31/Jul/2021:08:41:54 +0800] "GET /xingrg/kc/buy/cgsh_order_operate.html?command=get_materiel&rest_code=00150&code=00101007071&supplier_code=00100096&order_time=2021-07-31 HTTP/1.1" 200 417
116.230.110.80 - - [31/Jul/2021:08:41:54 +0800] "POST /xingrg/kc/base/stock_operate.html HTTP/1.1" 200 3753
116.230.110.80 - - [31/Jul/2021:08:41:56 +0800] "POST /xingrg/kc/base/stock_operate.html HTTP/1.1" 200 3753
120.253.135.82 - - [31/Jul/2021:08:41:56 +0800] "GET /xingrg/all/function/internal_message.html?_=1627691895117&CODE_STATE=getMsg HTTP/1.1" 200 27
120.253.135.82 - - [31/Jul/2021:08:41:56 +0800] "POST /xingrg/kc/buy/cgsh_list_operate.html HTTP/1.1" 200 2501
116.230.110.80 - - [31/Jul/2021:08:41:57 +0800] "POST /xingrg/kc/base/stock_operate.html HTTP/1.1" 200 3753
180.162.111.5 - - [31/Jul/2021:08:41:58 +0800] "GET /xingrg/all/function/internal_message.html?_=1627691741760&CODE_STATE=getMsg HTTP/1.1" 200 27
116.230.110.80 - - [31/Jul/2021:08:41:58 +0800] "POST /xingrg/kc/base/stock_operate.html HTTP/1.1" 200 3753
222.70.176.145 - - [31/Jul/2021:08:42:05 +0800] "GET /xingrg/all/function/internal_message.html?_=1627692159519&CODE_STATE=getMsg HTTP/1.1" 302 -
180.169.147.146 - - [31/Jul/2021:08:42:06 +0800] "GET /xingrg/check_reg.html?_=1627692134767 HTTP/1.1" 302 -
180.169.147.146 - - [31/Jul/2021:08:42:06 +0800] "GET /xingrg/all/function/internal_message.html?_=1627692134767&CODE_STATE=getMsg HTTP/1.1" 302 -
222.69.129.197 - - [31/Jul/2021:08:42:07 +0800] "GET /xingrg/kc/buy/cgsh_order_operate.html?command=get_materiel&rest_code=00149&code=00101008300&supplier_code=00100005&order_time=2021-07-31 HTTP/1.1" 200 412
116.230.110.80 - - [31/Jul/2021:08:42:07 +0800] "GET /xingrg/kc/base/wldb_order_list.html HTTP/1.1" 200 19151
116.230.110.80 - - [31/Jul/2021:08:42:07 +0800] "POST /xingrg/kc/base/wldb_list_operate.html HTTP/1.1" 200 928
180.156.224.123 - - [31/Jul/2021:08:42:11 +0800] "GET /xingrg/kc/buy/cgsh_order_operate.html?command=get_materiel&rest_code=00150&code=00101007077&supplier_code=00100096&order_time=2021-07-31 HTTP/1.1" 200 415
101.83.145.79 - - [31/Jul/2021:08:42:15 +0800] "GET /xingrg/all/function/internal_message.html?_=1627692134533&CODE_STATE=getMsg HTTP/1.1" 200 27
222.69.129.197 - - [31/Jul/2021:08:42:18 +0800] "POST /xingrg/kc/buy/cgsh_order_operate.html HTTP/1.1" 200 2065
180.156.224.123 - - [31/Jul/2021:08:42:22 +0800] "GET /xingrg/all/function/internal_message.html?_=1627692102985&CODE_STATE=getMsg HTTP/1.1" 200 27
116.235.222.38 - - [31/Jul/2021:08:42:30 +0800] "GET /xingrg/all/function/internal_message.html?_=1627692142699&CODE_STATE=getMsg HTTP/1.1" 200 27
116.235.222.38 - - [31/Jul/2021:08:42:30 +0800] "GET /xingrg/check_reg.html?_=1627692142703 HTTP/1.1" 200 22
180.156.224.123 - - [31/Jul/2021:08:42:31 +0800] "GET /xingrg/all/function/internal_message.html?_=1627692149562&CODE_STATE=getMsg HTTP/1.1" 200 27
222.70.246.151 - - [31/Jul/2021:08:42:42 +0800] "GET /xingrg/all/function/internal_message.html?_=1627692159513&CODE_STATE=getMsg HTTP/1.1" 200 27
116.230.110.80 - - [31/Jul/2021:08:42:44 +0800] "GET /xingrg/kc/base/wldb_order_add.html HTTP/1.1" 200 30359
116.230.110.80 - - [31/Jul/2021:08:42:44 +0800] "GET /xingrg/words/20210730190311_words.js HTTP/1.1" 304 -
116.230.110.80 - - [31/Jul/2021:08:42:44 +0800] "POST /xingrg/kc/base/wldb_order_operate.html HTTP/1.1" 200 6806
116.230.110.80 - - [31/Jul/2021:08:42:44 +0800] "GET /xingrg/javascript/easyui/themes/default/validatebox.css HTTP/1.1" 404 1104
116.230.110.80 - - [31/Jul/2021:08:42:44 +0800] "GET /xingrg/all/function/internal_message.html?_=1627692163364&CODE_STATE=getMsg HTTP/1.1" 200 27
222.69.129.197 - - [31/Jul/2021:08:42:46 +0800] "GET /xingrg/check_reg.html?_=1627692166411 HTTP/1.1" 200 22
222.69.129.197 - - [31/Jul/2021:08:42:46 +0800] "GET /xingrg/all/function/internal_message.html?_=1627692166428&CODE_STATE=getMsg HTTP/1.1" 200 27
116.230.110.80 - - [31/Jul/2021:08:42:48 +0800] "GET /xingrg/javascript/auto/indicator.gif HTTP/1.1" 404 1066
116.230.110.80 - - [31/Jul/2021:08:42:50 +0800] "GET /xingrg/javascript/jquery_tools/images/prev.gif HTTP/1.1" 404 1086
116.230.110.80 - - [31/Jul/2021:08:42:50 +0800] "GET /xingrg/javascript/jquery_tools/images/next.gif HTTP/1.1" 404 1086
180.169.147.146 - - [31/Jul/2021:08:42:54 +0800] "GET /xingrg/all/function/internal_message.html?_=1627692166308&CODE_STATE=getMsg HTTP/1.1" 200 27
120.253.135.82 - - [31/Jul/2021:08:42:56 +0800] "GET /xingrg/all/function/internal_message.html?_=1627691955132&CODE_STATE=getMsg HTTP/1.1" 200 27
180.162.111.5 - - [31/Jul/2021:08:42:58 +0800] "GET /xingrg/all/function/internal_message.html?_=1627691801759&CODE_STATE=getMsg HTTP/1.1" 200 27
116.230.110.80 - - [31/Jul/2021:08:43:00 +0800] "GET /xingrg/kc/base/wldb_order_operate.html?command=get_materiel&rest_code=00155&base_code=0010740&code=00102001031 HTTP/1.1" 200 440
222.70.176.145 - - [31/Jul/2021:08:43:05 +0800] "GET /xingrg/all/function/internal_message.html?_=1627692219519&CODE_STATE=getMsg HTTP/1.1" 302 -
180.169.147.146 - - [31/Jul/2021:08:43:06 +0800] "GET /xingrg/all/function/internal_message.html?_=1627692194769&CODE_STATE=getMsg HTTP/1.1" 302 -
116.230.110.80 - - [31/Jul/2021:08:43:07 +0800] "GET /xingrg/kc/base/wldb_order_operate.html?command=get_materiel&rest_code=00155&base_code=0010740&code=00102001110 HTTP/1.1" 200 444
180.156.224.123 - - [31/Jul/2021:08:43:11 +0800] "POST /xingrg/kc/buy/cgsh_order_operate.html HTTP/1.1" 200 64
116.230.110.80 - - [31/Jul/2021:08:43:11 +0800] "GET /xingrg/kc/base/wldb_order_operate.html?command=get_materiel&rest_code=00155&base_code=0010740&code=00102002204 HTTP/1.1" 200 434
222.69.129.197 - - [31/Jul/2021:08:43:13 +0800] "POST /xingrg/kc/buy/cgsh_order_operate.html HTTP/1.1" 200 37
101.83.145.79 - - [31/Jul/2021:08:43:15 +0800] "GET /xingrg/check_reg.html?_=1627692194532 HTTP/1.1" 200 22
101.83.145.79 - - [31/Jul/2021:08:43:15 +0800] "GET /xingrg/all/function/internal_message.html?_=1627692194534&CODE_STATE=getMsg HTTP/1.1" 200 27
180.156.224.123 - - [31/Jul/2021:08:43:18 +0800] "POST /xingrg/kc/buy/cgsh_order_operate.html HTTP/1.1" 200 37
222.69.129.197 - - [31/Jul/2021:08:43:18 +0800] "POST /xingrg/kc/buy/cgsh_order_operate.html HTTP/1.1" 200 25171
180.156.224.123 - - [31/Jul/2021:08:43:20 +0800] "POST /xingrg/kc/buy/cgsh_order_operate.html HTTP/1.1" 200 13939
116.230.110.80 - - [31/Jul/2021:08:43:21 +0800] "GET /xingrg/kc/base/wldb_order_operate.html?command=get_materiel&rest_code=00155&base_code=0010740&code=00102002268 HTTP/1.1" 200 443
180.156.224.123 - - [31/Jul/2021:08:43:22 +0800] "GET /xingrg/all/function/internal_message.html?_=1627692162995&CODE_STATE=getMsg HTTP/1.1" 200 27
116.230.110.80 - - [31/Jul/2021:08:43:27 +0800] "GET /xingrg/kc/base/wldb_order_operate.html?command=get_materiel&rest_code=00155&base_code=0010740&code=00102002287 HTTP/1.1" 200 438
116.235.222.38 - - [31/Jul/2021:08:43:30 +0800] "GET /xingrg/all/function/internal_message.html?_=1627692202686&CODE_STATE=getMsg HTTP/1.1" 200 27
180.156.224.123 - - [31/Jul/2021:08:43:31 +0800] "GET /xingrg/all/function/internal_message.html?_=1627692209562&CODE_STATE=getMsg HTTP/1.1" 200 27
222.69.129.197 - - [31/Jul/2021:08:43:35 +0800] "GET /xingrg/kc/buy/cgsh_order_operate.html?command=get_materiel&rest_code=00149&code=00101008439&supplier_code=00100005&order_time=2021-07-31 HTTP/1.1" 200 399
116.230.110.80 - - [31/Jul/2021:08:43:36 +0800] "GET /xingrg/kc/base/wldb_order_operate.html?command=get_materiel&rest_code=00155&base_code=0010740&code=00102002304 HTTP/1.1" 200 450
116.230.110.80 - - [31/Jul/2021:08:43:42 +0800] "GET /xingrg/kc/base/wldb_order_operate.html?command=get_materiel&rest_code=00155&base_code=0010740&code=00102002314 HTTP/1.1" 200 447
222.70.246.151 - - [31/Jul/2021:08:43:42 +0800] "GET /xingrg/all/function/internal_message.html?_=1627692219517&CODE_STATE=getMsg HTTP/1.1" 200 27
116.230.110.80 - - [31/Jul/2021:08:43:44 +0800] "GET /xingrg/all/function/internal_message.html?_=1627692223355&CODE_STATE=getMsg HTTP/1.1" 200 27
222.69.129.197 - - [31/Jul/2021:08:43:46 +0800] "GET /xingrg/all/function/internal_message.html?_=1627692226419&CODE_STATE=getMsg HTTP/1.1" 200 27
116.230.110.80 - - [31/Jul/2021:08:43:46 +0800] "GET /xingrg/kc/base/wldb_order_operate.html?command=get_materiel&rest_code=00155&base_code=0010740&code=00102002549 HTTP/1.1" 200 448
120.253.135.82 - - [31/Jul/2021:08:43:50 +0800] "GET /xingrg/check_reg.html?_=1627692008796 HTTP/1.1" 200 22
180.169.147.146 - - [31/Jul/2021:08:43:54 +0800] "GET /xingrg/all/function/internal_message.html?_=1627692226277&CODE_STATE=getMsg HTTP/1.1" 200 27
120.253.135.82 - - [31/Jul/2021:08:43:56 +0800] "GET /xingrg/all/function/internal_message.html?_=1627692015146&CODE_STATE=getMsg HTTP/1.1" 200 27
180.162.111.5 - - [31/Jul/2021:08:43:58 +0800] "GET /xingrg/all/function/internal_message.html?_=1627691861760&CODE_STATE=getMsg HTTP/1.1" 200 27
116.230.110.80 - - [31/Jul/2021:08:44:01 +0800] "GET /xingrg/kc/base/wldb_order_operate.html?command=get_materiel&rest_code=00155&base_code=0010740&code=00102002550 HTTP/1.1" 200 439
222.70.176.145 - - [31/Jul/2021:08:44:05 +0800] "GET /xingrg/all/function/internal_message.html?_=1627692279518&CODE_STATE=getMsg HTTP/1.1" 302 -
180.169.147.146 - - [31/Jul/2021:08:44:06 +0800] "GET /xingrg/all/function/internal_message.html?_=1627692254769&CODE_STATE=getMsg HTTP/1.1" 302 -
116.230.110.80 - - [31/Jul/2021:08:44:08 +0800] "GET /xingrg/kc/base/wldb_order_operate.html?command=get_materiel&rest_code=00155&base_code=0010740&code=00102002551 HTTP/1.1" 200 440
180.156.224.123 - - [31/Jul/2021:08:44:11 +0800] "GET /xingrg/check_reg.html?_=1627692211921 HTTP/1.1" 200 22
116.230.110.80 - - [31/Jul/2021:08:44:11 +0800] "GET /xingrg/kc/base/wldb_order_operate.html?command=get_materiel&rest_code=00155&base_code=0010740&code=00102002448 HTTP/1.1" 200 426
101.83.145.79 - - [31/Jul/2021:08:44:15 +0800] "GET /xingrg/all/function/internal_message.html?_=1627692254518&CODE_STATE=getMsg HTTP/1.1" 200 27
180.169.147.146 - - [31/Jul/2021:08:44:16 +0800] "GET /xingrg/check_reg.html?_=1627692248301 HTTP/1.1" 200 22
116.230.110.80 - - [31/Jul/2021:08:44:17 +0800] "GET /xingrg/kc/base/wldb_order_operate.html?command=get_materiel&rest_code=00155&base_code=0010740&code=00102002679 HTTP/1.1" 200 442
180.156.224.123 - - [31/Jul/2021:08:44:22 +0800] "GET /xingrg/all/function/internal_message.html?_=1627692223039&CODE_STATE=getMsg HTTP/1.1" 200 27
116.230.110.80 - - [31/Jul/2021:08:44:23 +0800] "POST /xingrg/kc/base/wldb_order_operate.html HTTP/1.1" 200 37
116.230.110.80 - - [31/Jul/2021:08:44:23 +0800] "POST /xingrg/kc/base/wldb_order_operate.html HTTP/1.1" 200 7529
116.230.110.80 - - [31/Jul/2021:08:44:24 +0800] "GET /xingrg/kc/base/wldb_order_info.html?code=422021073103436 HTTP/1.1" 200 30374
116.230.110.80 - - [31/Jul/2021:08:44:24 +0800] "GET /xingrg/javascript/easyui/themes/default/validatebox.css HTTP/1.1" 404 1104
116.230.110.80 - - [31/Jul/2021:08:44:25 +0800] "POST /xingrg/kc/base/wldb_order_operate.html HTTP/1.1" 200 7529
180.156.224.123 - - [31/Jul/2021:08:44:26 +0800] "POST /xingrg/kc/buy/cgsh_order_operate.html HTTP/1.1" 200 37
180.156.224.123 - - [31/Jul/2021:08:44:29 +0800] "POST /xingrg/kc/buy/cgsh_order_operate.html HTTP/1.1" 200 12
116.235.222.38 - - [31/Jul/2021:08:44:30 +0800] "GET /xingrg/all/function/internal_message.html?_=1627692262687&CODE_STATE=getMsg HTTP/1.1" 200 27
180.156.224.123 - - [31/Jul/2021:08:44:31 +0800] "GET /xingrg/kc/buy/cgsh_order_info.html?code=212021073113927 HTTP/1.1" 200 57717
180.156.224.123 - - [31/Jul/2021:08:44:31 +0800] "GET /xingrg/check_reg.html?_=1627692269561 HTTP/1.1" 200 22
180.156.224.123 - - [31/Jul/2021:08:44:31 +0800] "GET /xingrg/all/function/internal_message.html?_=1627692269563&CODE_STATE=getMsg HTTP/1.1" 200 27
180.156.224.123 - - [31/Jul/2021:08:44:32 +0800] "GET /xingrg/javascript/easyui/themes/default/validatebox.css HTTP/1.1" 404 1104
180.156.224.123 - - [31/Jul/2021:08:44:32 +0800] "POST /xingrg/kc/buy/cgsh_order_operate.html HTTP/1.1" 200 11883
180.156.224.123 - - [31/Jul/2021:08:44:36 +0800] "GET /xingrg/kc/print/load_config.html?kc_code=cgsh HTTP/1.1" 200 1845
180.156.224.123 - - [31/Jul/2021:08:44:36 +0800] "GET /xingrg/kc/print/load_data.html?order_code=212021073113927&kc_code=cgsh&condition= HTTP/1.1" 200 4977
116.230.110.80 - - [31/Jul/2021:08:44:37 +0800] "GET /xingrg/kc/base/wldb_order_add.html HTTP/1.1" 200 30359
116.230.110.80 - - [31/Jul/2021:08:44:37 +0800] "POST /xingrg/kc/base/wldb_order_operate.html HTTP/1.1" 200 6806
116.230.110.80 - - [31/Jul/2021:08:44:37 +0800] "GET /xingrg/javascript/easyui/themes/default/validatebox.css HTTP/1.1" 404 1104
222.70.246.151 - - [31/Jul/2021:08:44:42 +0800] "GET /xingrg/check_reg.html?_=1627692278852 HTTP/1.1" 200 22
222.70.246.151 - - [31/Jul/2021:08:44:42 +0800] "GET /xingrg/all/function/internal_message.html?_=1627692279530&CODE_STATE=getMsg HTTP/1.1" 200 27
180.156.224.123 - - [31/Jul/2021:08:44:43 +0800] "GET /xingrg/kc/buy/cgsh_order_add.html HTTP/1.1" 200 62814
180.156.224.123 - - [31/Jul/2021:08:44:44 +0800] "POST /xingrg/kc/buy/cgsh_order_operate.html HTTP/1.1" 200 8245
180.156.224.123 - - [31/Jul/2021:08:44:44 +0800] "GET /xingrg/javascript/easyui/themes/default/validatebox.css HTTP/1.1" 404 1104
116.230.110.80 - - [31/Jul/2021:08:44:44 +0800] "GET /xingrg/all/function/internal_message.html?_=1627692283341&CODE_STATE=getMsg HTTP/1.1" 200 27
116.230.110.80 - - [31/Jul/2021:08:44:45 +0800] "GET /xingrg/kc/base/wldb_order_operate.html?command=get_materiel&rest_code=00155&base_code=0010739&code=00101016040 HTTP/1.1" 200 459
222.69.129.197 - - [31/Jul/2021:08:44:46 +0800] "GET /xingrg/all/function/internal_message.html?_=1627692286427&CODE_STATE=getMsg HTTP/1.1" 200 27
180.169.147.146 - - [31/Jul/2021:08:44:48 +0800] "GET /xingrg/check_reg.html?_=1627692287359 HTTP/1.1" 302 -
116.230.110.80 - - [31/Jul/2021:08:44:52 +0800] "GET /xingrg/kc/base/wldb_order_operate.html?command=get_materiel&rest_code=00155&base_code=0010739&code=00101019174 HTTP/1.1" 200 462
180.169.147.146 - - [31/Jul/2021:08:44:54 +0800] "GET /xingrg/all/function/internal_message.html?_=1627692286258&CODE_STATE=getMsg HTTP/1.1" 200 27
180.156.224.123 - - [31/Jul/2021:08:44:55 +0800] "GET /xingrg/kc/buy/cgsh_order_operate.html?command=get_materiel&rest_code=00150&code=00101009001&supplier_code=00100424&order_time=2021-07-31 HTTP/1.1" 200 416
120.253.135.82 - - [31/Jul/2021:08:44:56 +0800] "GET /xingrg/all/function/internal_message.html?_=1627692075159&CODE_STATE=getMsg HTTP/1.1" 200 27
116.230.110.80 - - [31/Jul/2021:08:44:57 +0800] "GET /xingrg/kc/base/wldb_order_operate.html?command=get_materiel&rest_code=00155&base_code=0010739&code=00101019267 HTTP/1.1" 200 482
180.162.111.5 - - [31/Jul/2021:08:44:58 +0800] "GET /xingrg/all/function/internal_message.html?_=1627691921760&CODE_STATE=getMsg HTTP/1.1" 200 27
222.69.129.197 - - [31/Jul/2021:08:45:04 +0800] "GET /xingrg/kc/buy/cgsh_order_operate.html?command=get_materiel&rest_code=00149&code=00101008360&supplier_code=00100005&order_time=2021-07-31 HTTP/1.1" 200 412
116.230.110.80 - - [31/Jul/2021:08:45:04 +0800] "GET /xingrg/kc/base/wldb_order_operate.html?command=get_materiel&rest_code=00155&base_code=0010739&code=00101019391 HTTP/1.1" 200 471
222.70.176.145 - - [31/Jul/2021:08:45:05 +0800] "GET /xingrg/all/function/internal_message.html?_=1627692339518&CODE_STATE=getMsg HTTP/1.1" 302 -
222.70.176.145 - - [31/Jul/2021:08:45:05 +0800] "GET /xingrg/check_reg.html?_=1627692339519 HTTP/1.1" 302 -
180.169.147.146 - - [31/Jul/2021:08:45:06 +0800] "GET /xingrg/all/function/internal_message.html?_=1627692314769&CODE_STATE=getMsg HTTP/1.1" 302 -
116.230.110.80 - - [31/Jul/2021:08:45:08 +0800] "GET /xingrg/kc/base/wldb_order_operate.html?command=get_materiel&rest_code=00155&base_code=0010739&code=00101019185 HTTP/1.1" 200 455
180.156.224.123 - - [31/Jul/2021:08:45:09 +0800] "GET /xingrg/kc/buy/cgsh_order_operate.html?command=get_materiel&rest_code=00150&code=00101009062&supplier_code=00100424&order_time=2021-07-31 HTTP/1.1" 200 434
116.230.110.80 - - [31/Jul/2021:08:45:12 +0800] "GET /xingrg/kc/base/wldb_order_operate.html?command=get_materiel&rest_code=00155&base_code=0010739&code=00101016046 HTTP/1.1" 200 458
101.83.145.79 - - [31/Jul/2021:08:45:15 +0800] "GET /xingrg/all/function/internal_message.html?_=1627692314518&CODE_STATE=getMsg HTTP/1.1" 200 27
222.69.129.197 - - [31/Jul/2021:08:45:18 +0800] "GET /xingrg/kc/buy/cgsh_order_operate.html?command=get_materiel&rest_code=00149&code=00101008223&supplier_code=00100005&order_time=2021-07-31 HTTP/1.1" 200 412
180.156.224.123 - - [31/Jul/2021:08:45:18 +0800] "GET /xingrg/kc/buy/cgsh_order_operate.html?command=get_materiel&rest_code=00150&code=00101009124&supplier_code=00100424&order_time=2021-07-31 HTTP/1.1" 200 422
116.230.110.80 - - [31/Jul/2021:08:45:19 +0800] "GET /xingrg/kc/base/wldb_order_operate.html?command=get_materiel&rest_code=00155&base_code=0010739&code=00101019310 HTTP/1.1" 200 464
180.156.224.123 - - [31/Jul/2021:08:45:22 +0800] "GET /xingrg/all/function/internal_message.html?_=1627692283053&CODE_STATE=getMsg HTTP/1.1" 200 27
116.230.110.80 - - [31/Jul/2021:08:45:24 +0800] "GET /xingrg/kc/base/wldb_order_operate.html?command=get_materiel&rest_code=00155&base_code=0010739&code=00101019253 HTTP/1.1" 200 467
116.230.110.80 - - [31/Jul/2021:08:45:28 +0800] "GET /xingrg/kc/base/wldb_order_operate.html?command=get_materiel&rest_code=00155&base_code=0010739&code=00101019380 HTTP/1.1" 200 478
180.156.224.123 - - [31/Jul/2021:08:45:29 +0800] "GET /xingrg/kc/buy/cgsh_order_operate.html?command=get_materiel&rest_code=00150&code=00101009011&supplier_code=00100424&order_time=2021-07-31 HTTP/1.1" 200 416
116.235.222.38 - - [31/Jul/2021:08:45:30 +0800] "GET /xingrg/all/function/internal_message.html?_=1627692322686&CODE_STATE=getMsg HTTP/1.1" 200 27
180.156.224.123 - - [31/Jul/2021:08:45:31 +0800] "GET /xingrg/all/function/internal_message.html?_=1627692329566&CODE_STATE=getMsg HTTP/1.1" 200 27
58.40.7.146 - - [31/Jul/2021:08:45:32 +0800] "GET /xingrg/check_reg.html?_=1627692331833 HTTP/1.1" 302 -
222.69.129.197 - - [31/Jul/2021:08:45:33 +0800] "GET /xingrg/kc/buy/cgsh_order_operate.html?command=get_materiel&rest_code=00149&code=00101008114&supplier_code=00100005&order_time=2021-07-31 HTTP/1.1" 200 412
116.230.110.80 - - [31/Jul/2021:08:45:33 +0800] "GET /xingrg/kc/base/wldb_order_operate.html?command=get_materiel&rest_code=00155&base_code=0010739&code=00101027065 HTTP/1.1" 200 435
120.253.135.82 - - [31/Jul/2021:08:45:37 +0800] "GET /xingrg/index.html?sysBaseUrl=http%3A%2F%2F180.169.147.146%3A18081%2Fxingrg%2F&costTime=34×tamp=1585631483848 HTTP/1.1" 302 -
120.253.135.82 - - [31/Jul/2021:08:45:37 +0800] "GET /xingrg/login.html HTTP/1.1" 200 7641
120.253.135.82 - - [31/Jul/2021:08:45:37 +0800] "GET /xingrg/images/blue/login_bg.png HTTP/1.1" 304 -
120.253.135.82 - - [31/Jul/2021:08:45:37 +0800] "GET /xingrg/images/blue/hj.png HTTP/1.1" 304 -
120.253.135.82 - - [31/Jul/2021:08:45:37 +0800] "GET /xingrg/images/blue/jxLogo.png HTTP/1.1" 304 -
120.253.135.82 - - [31/Jul/2021:08:45:38 +0800] "GET /xingrg/images/blue/srbg.png HTTP/1.1" 304 -
120.253.135.82 - - [31/Jul/2021:08:45:38 +0800] "GET /favicon.ico HTTP/1.1" 404 -
222.69.129.197 - - [31/Jul/2021:08:45:39 +0800] "POST /xingrg/kc/buy/cgsh_order_operate.html HTTP/1.1" 200 2065
120.253.135.82 - - [31/Jul/2021:08:45:39 +0800] "POST /xingrg/login.do HTTP/1.1" 302 -
120.253.135.82 - - [31/Jul/2021:08:45:40 +0800] "GET /xingrg/javascript/jquery_easy_ui/themes/icon.css HTTP/1.1" 304 -
120.253.135.82 - - [31/Jul/2021:08:45:40 +0800] "GET /xingrg/javascript/jquery_easy_ui/themes/default/easyui.css HTTP/1.1" 304 -
120.253.135.82 - - [31/Jul/2021:08:45:40 +0800] "GET /xingrg/index.html?sysBaseUrl=http%3A%2F%2F180.169.147.146%3A18081%2Fxingrg%2F&costTime=100×tamp=1627692339988 HTTP/1.1" 200 17173
120.253.135.82 - - [31/Jul/2021:08:45:40 +0800] "GET /xingrg/javascript/jquery.form.js HTTP/1.1" 304 -
120.253.135.82 - - [31/Jul/2021:08:45:40 +0800] "GET /xingrg/css/form.css HTTP/1.1" 304 -
120.253.135.82 - - [31/Jul/2021:08:45:40 +0800] "GET /xingrg/javascript/jquery-1.4.2.min.js HTTP/1.1" 304 -
120.253.135.82 - - [31/Jul/2021:08:45:40 +0800] "GET /xingrg/javascript/jquery.timers.js HTTP/1.1" 304 -
120.253.135.82 - - [31/Jul/2021:08:45:40 +0800] "GET /xingrg/javascript/jquery.utils.js HTTP/1.1" 304 -
120.253.135.82 - - [31/Jul/2021:08:45:40 +0800] "GET /xingrg/javascript/jquery_easy_ui/easyui-lang-zh_CN.js HTTP/1.1" 304 -
120.253.135.82 - - [31/Jul/2021:08:45:40 +0800] "GET /xingrg/javascript/jquery_easy_ui/jquery.easyui.min.js HTTP/1.1" 304 -
120.253.135.82 - - [31/Jul/2021:08:45:40 +0800] "GET /favicon.ico HTTP/1.1" 404 -
120.253.135.82 - - [31/Jul/2021:08:45:40 +0800] "GET /xingrg/images/blue/navBackgound.jpg HTTP/1.1" 304 -
120.253.135.82 - - [31/Jul/2021:08:45:40 +0800] "GET /xingrg/javascript/jquery_easy_ui/themes/icons/settle_new.png HTTP/1.1" 304 -
120.253.135.82 - - [31/Jul/2021:08:45:40 +0800] "GET /xingrg/images/blue/pingpu.png HTTP/1.1" 304 -
120.253.135.82 - - [31/Jul/2021:08:45:40 +0800] "GET /xingrg/javascript/jquery_easy_ui/themes/default/images/tabs_rightarrow.png HTTP/1.1" 304 -
120.253.135.82 - - [31/Jul/2021:08:45:40 +0800] "GET /xingrg/javascript/jquery_easy_ui/themes/default/images/tabs_leftarrow.png HTTP/1.1" 304 -
120.253.135.82 - - [31/Jul/2021:08:45:40 +0800] "GET /xingrg/javascript/jquery_easy_ui/themes/default/images/panel_tool_collapse.gif HTTP/1.1" 304 -
120.253.135.82 - - [31/Jul/2021:08:45:40 +0800] "POST /xingrg/all/common/load_tree.html?tree=area_rest_tree_json&manage=1 HTTP/1.1" 200 344
120.253.135.82 - - [31/Jul/2021:08:45:40 +0800] "GET /xingrg/check_reg.html?_=1627692377202 HTTP/1.1" 200 22
120.253.135.82 - - [31/Jul/2021:08:45:40 +0800] "GET /xingrg/all/function/internal_message.html?_=1627692377200&CODE_STATE=count HTTP/1.1" 200 11
120.253.135.82 - - [31/Jul/2021:08:45:40 +0800] "GET /xingrg/javascript/jquery_easy_ui/themes/default/images/tree_arrows.gif HTTP/1.1" 304 -
120.253.135.82 - - [31/Jul/2021:08:45:41 +0800] "POST /xingrg/load_menu.html HTTP/1.1" 200 6743
180.156.224.123 - - [31/Jul/2021:08:45:41 +0800] "GET /xingrg/kc/buy/cgsh_order_operate.html?command=get_materiel&rest_code=00150&code=00101009066&supplier_code=00100424&order_time=2021-07-31 HTTP/1.1" 200 416
120.253.135.82 - - [31/Jul/2021:08:45:41 +0800] "GET /xingrg/javascript/jquery_easy_ui/themes/default/images/tree_folder_open.gif HTTP/1.1" 304 -
120.253.135.82 - - [31/Jul/2021:08:45:41 +0800] "GET /xingrg/javascript/jquery_easy_ui/themes/icons/search_new.png HTTP/1.1" 304 -
120.253.135.82 - - [31/Jul/2021:08:45:41 +0800] "GET /xingrg/javascript/jquery_easy_ui/themes/icons/delivery_new.png HTTP/1.1" 304 -
120.253.135.82 - - [31/Jul/2021:08:45:41 +0800] "GET /xingrg/javascript/jquery_easy_ui/themes/icons/storage_new.png HTTP/1.1" 304 -
120.253.135.82 - - [31/Jul/2021:08:45:41 +0800] "GET /xingrg/javascript/jquery_easy_ui/themes/icons/forms_new.png HTTP/1.1" 304 -
120.253.135.82 - - [31/Jul/2021:08:45:41 +0800] "GET /xingrg/javascript/jquery_easy_ui/themes/default/images/tree_folder.gif HTTP/1.1" 304 -
120.253.135.82 - - [31/Jul/2021:08:45:41 +0800] "GET /xingrg/javascript/jquery_easy_ui/themes/default/images/tree_file.gif HTTP/1.1" 304 -
120.253.135.82 - - [31/Jul/2021:08:45:42 +0800] "GET /xingrg/javascript/jquery_easy_ui/themes/default/images/tabs_close.gif HTTP/1.1" 304 -
120.253.135.82 - - [31/Jul/2021:08:45:42 +0800] "GET /xingrg/kc/report/report_main.html HTTP/1.1" 200 9370
120.253.135.82 - - [31/Jul/2021:08:45:42 +0800] "GET /xingrg/css/blue.css HTTP/1.1" 304 -
120.253.135.82 - - [31/Jul/2021:08:45:42 +0800] "GET /xingrg/javascript/jquery_ui/themes/humanity/humanity.css HTTP/1.1" 304 -
120.253.135.82 - - [31/Jul/2021:08:45:42 +0800] "GET /xingrg/javascript/myfunction.js HTTP/1.1" 304 -
120.253.135.82 - - [31/Jul/2021:08:45:42 +0800] "GET /xingrg/javascript/pic_change.js HTTP/1.1" 304 -
120.253.135.82 - - [31/Jul/2021:08:45:42 +0800] "GET /xingrg/javascript/json2.js HTTP/1.1" 304 -
120.253.135.82 - - [31/Jul/2021:08:45:42 +0800] "GET /xingrg/javascript/jquery_easy_ui/themes/icons/back_new.png HTTP/1.1" 304 -
222.70.246.151 - - [31/Jul/2021:08:45:42 +0800] "GET /xingrg/all/function/internal_message.html?_=1627692339543&CODE_STATE=getMsg HTTP/1.1" 200 27
120.253.135.82 - - [31/Jul/2021:08:45:43 +0800] "GET /xingrg/kc/base/kc_stocks.html HTTP/1.1" 200 16431
120.253.135.82 - - [31/Jul/2021:08:45:43 +0800] "GET /xingrg/css/base.css HTTP/1.1" 304 -
120.253.135.82 - - [31/Jul/2021:08:45:43 +0800] "GET /xingrg/css/site.css HTTP/1.1" 304 -
120.253.135.82 - - [31/Jul/2021:08:45:43 +0800] "GET /xingrg/javascript/easyui/themes/sunny/easyui.css HTTP/1.1" 304 -
120.253.135.82 - - [31/Jul/2021:08:45:43 +0800] "GET /xingrg/javascript/jquery_tools/datebox.css HTTP/1.1" 304 -
120.253.135.82 - - [31/Jul/2021:08:45:43 +0800] "GET /xingrg/javascript/easyui/themes/icon.css HTTP/1.1" 304 -
120.253.135.82 - - [31/Jul/2021:08:45:43 +0800] "GET /xingrg/javascript/auto/jquery.autocomplete.css HTTP/1.1" 304 -
120.253.135.82 - - [31/Jul/2021:08:45:43 +0800] "GET /xingrg/javascript/jquery_tools/fix.css HTTP/1.1" 304 -
120.253.135.82 - - [31/Jul/2021:08:45:43 +0800] "GET /xingrg/javascript/jquery_tools/jquery.tools.min.js HTTP/1.1" 304 -
120.253.135.82 - - [31/Jul/2021:08:45:43 +0800] "GET /xingrg/javascript/jquery_tools/jquery.tools.extend.js HTTP/1.1" 304 -
120.253.135.82 - - [31/Jul/2021:08:45:43 +0800] "GET /xingrg/javascript/jquery_tools/jquery.tools.hotkey.js HTTP/1.1" 304 -
120.253.135.82 - - [31/Jul/2021:08:45:43 +0800] "GET /xingrg/javascript/jquery_tools/list_manager.js HTTP/1.1" 304 -
120.253.135.82 - - [31/Jul/2021:08:45:43 +0800] "GET /xingrg/javascript/jquery.cookie.js HTTP/1.1" 304 -
120.253.135.82 - - [31/Jul/2021:08:45:43 +0800] "GET /xingrg/javascript/convert.js HTTP/1.1" 304 -
120.253.135.82 - - [31/Jul/2021:08:45:43 +0800] "GET /xingrg/javascript/easyui/easyloader.js HTTP/1.1" 304 -
120.253.135.82 - - [31/Jul/2021:08:45:43 +0800] "GET /xingrg/javascript/print/LodopFuncs.js HTTP/1.1" 304 -
120.253.135.82 - - [31/Jul/2021:08:45:43 +0800] "GET /xingrg/javascript/auto/jquery.autocomplete.js HTTP/1.1" 304 -
120.253.135.82 - - [31/Jul/2021:08:45:44 +0800] "GET /xingrg/javascript/easyui/themes/icons/print_new.png HTTP/1.1" 304 -
120.253.135.82 - - [31/Jul/2021:08:45:44 +0800] "GET /xingrg/javascript/easyui/themes/icons/field_new.png HTTP/1.1" 304 -
120.253.135.82 - - [31/Jul/2021:08:45:44 +0800] "GET /xingrg/javascript/easyui/themes/icons/filter_new.png HTTP/1.1" 304 -
120.253.135.82 - - [31/Jul/2021:08:45:44 +0800] "GET /xingrg/javascript/easyui/themes/icons/refresh_new.png HTTP/1.1" 304 -
120.253.135.82 - - [31/Jul/2021:08:45:44 +0800] "GET /xingrg/javascript/easyui/themes/icons/import_new.png HTTP/1.1" 304 -
120.253.135.82 - - [31/Jul/2021:08:45:44 +0800] "GET /xingrg/javascript/easyui/plugins/jquery.parser.js HTTP/1.1" 304 -
120.253.135.82 - - [31/Jul/2021:08:45:44 +0800] "GET /xingrg/images/control/ajaxLoader.gif HTTP/1.1" 304 -
120.253.135.82 - - [31/Jul/2021:08:45:44 +0800] "GET /xingrg/javascript/easyui/plugins/jquery.draggable.js HTTP/1.1" 304 -
120.253.135.82 - - [31/Jul/2021:08:45:44 +0800] "GET /xingrg/javascript/easyui/plugins/jquery.droppable.js HTTP/1.1" 304 -
120.253.135.82 - - [31/Jul/2021:08:45:44 +0800] "GET /xingrg/all/common/auto_word.html?type=base&rest_code=00101 HTTP/1.1" 200 613
120.253.135.82 - - [31/Jul/2021:08:45:44 +0800] "GET /xingrg/javascript/easyui/plugins/jquery.tree.js HTTP/1.1" 304 -
120.253.135.82 - - [31/Jul/2021:08:45:44 +0800] "GET /xingrg/javascript/easyui/themes/default/tree.css HTTP/1.1" 404 1090
120.253.135.82 - - [31/Jul/2021:08:45:44 +0800] "POST /xingrg/all/common/load_tree.html?tree=materiel_sort_tree_json HTTP/1.1" 200 8666
116.230.110.80 - - [31/Jul/2021:08:45:44 +0800] "GET /xingrg/all/function/internal_message.html?_=1627692343334&CODE_STATE=getMsg HTTP/1.1" 200 27
120.253.135.82 - - [31/Jul/2021:08:45:44 +0800] "GET /xingrg/javascript/easyui/themes/sunny/images/tree_arrows.gif HTTP/1.1" 304 -
120.253.135.82 - - [31/Jul/2021:08:45:44 +0800] "GET /xingrg/javascript/easyui/themes/sunny/images/tree_folder_open.gif HTTP/1.1" 304 -
120.253.135.82 - - [31/Jul/2021:08:45:44 +0800] "GET /xingrg/javascript/easyui/themes/sunny/images/tree_folder.gif HTTP/1.1" 304 -
120.253.135.82 - - [31/Jul/2021:08:45:44 +0800] "GET /xingrg/javascript/easyui/themes/sunny/images/tree_file.gif HTTP/1.1" 304 -
120.253.135.82 - - [31/Jul/2021:08:45:46 +0800] "GET /xingrg/css/images/panel_loading.gif HTTP/1.1" 304 -
222.69.129.197 - - [31/Jul/2021:08:45:46 +0800] "GET /xingrg/all/function/internal_message.html?_=1627692346428&CODE_STATE=getMsg HTTP/1.1" 200 27
120.253.135.82 - - [31/Jul/2021:08:45:46 +0800] "POST /xingrg/all/common/load_combo.html?type=base HTTP/1.1" 200 1075
222.69.129.197 - - [31/Jul/2021:08:45:47 +0800] "GET /xingrg/kc/buy/cgsh_order_operate.html?command=get_materiel&rest_code=00149&code=00101008150&supplier_code=00100005&order_time=2021-07-31 HTTP/1.1" 200 409
180.156.224.123 - - [31/Jul/2021:08:45:49 +0800] "GET /xingrg/kc/buy/cgsh_order_operate.html?command=get_materiel&rest_code=00150&code=00101009039&supplier_code=00100424&order_time=2021-07-31 HTTP/1.1" 200 408
180.169.147.146 - - [31/Jul/2021:08:45:54 +0800] "GET /xingrg/all/function/internal_message.html?_=1627692346230&CODE_STATE=getMsg HTTP/1.1" 200 27
120.253.135.82 - - [31/Jul/2021:08:45:56 +0800] "GET /xingrg/all/function/internal_message.html?_=1627692135172&CODE_STATE=getMsg HTTP/1.1" 200 27
120.253.135.82 - - [31/Jul/2021:08:45:57 +0800] "POST /xingrg/kc/base/stock_operate.html HTTP/1.1" 200 1451
120.253.135.82 - - [31/Jul/2021:08:45:57 +0800] "GET /xingrg/javascript/jquery_tools/fix_table.js HTTP/1.1" 304 -
180.162.111.5 - - [31/Jul/2021:08:45:58 +0800] "GET /xingrg/all/function/internal_message.html?_=1627691981762&CODE_STATE=getMsg HTTP/1.1" 200 27
180.162.111.5 - - [31/Jul/2021:08:45:58 +0800] "GET /xingrg/check_reg.html?_=1627691981759 HTTP/1.1" 200 22
222.69.129.197 - - [31/Jul/2021:08:45:59 +0800] "GET /xingrg/kc/buy/cgsh_order_operate.html?command=get_materiel&rest_code=00149&code=00101008236&supplier_code=00100005&order_time=2021-07-31 HTTP/1.1" 200 416
180.156.224.123 - - [31/Jul/2021:08:46:02 +0800] "GET /xingrg/kc/buy/cgsh_order_operate.html?command=get_materiel&rest_code=00150&code=00101009016&supplier_code=00100424&order_time=2021-07-31 HTTP/1.1" 200 412
222.70.176.145 - - [31/Jul/2021:08:46:05 +0800] "GET /xingrg/all/function/internal_message.html?_=1627692399518&CODE_STATE=getMsg HTTP/1.1" 302 -
180.169.147.146 - - [31/Jul/2021:08:46:06 +0800] "GET /xingrg/all/function/internal_message.html?_=1627692374767&CODE_STATE=getMsg HTTP/1.1" 302 -
116.230.110.80 - - [31/Jul/2021:08:46:14 +0800] "GET /xingrg/kc/base/wldb_order_operate.html?command=get_materiel&rest_code=00155&base_code=0010739&code=00101016020 HTTP/1.1" 200 446
101.83.145.79 - - [31/Jul/2021:08:46:15 +0800] "GET /xingrg/all/function/internal_message.html?_=1627692374533&CODE_STATE=getMsg HTTP/1.1" 200 27
180.156.224.123 - - [31/Jul/2021:08:46:16 +0800] "GET /xingrg/kc/buy/cgsh_order_operate.html?command=get_materiel&rest_code=00150&code=00101009059&supplier_code=00100424&order_time=2021-07-31 HTTP/1.1" 200 409
222.69.129.197 - - [31/Jul/2021:08:46:17 +0800] "GET /xingrg/kc/buy/cgsh_order_operate.html?command=get_materiel&rest_code=00149&code=00101015006&supplier_code=00100005&order_time=2021-07-31 HTTP/1.1" 200 413
116.230.110.80 - - [31/Jul/2021:08:46:21 +0800] "GET /xingrg/kc/base/wldb_order_operate.html?command=get_materiel&rest_code=00155&base_code=0010739&code=00101019274 HTTP/1.1" 200 454
180.156.224.123 - - [31/Jul/2021:08:46:22 +0800] "GET /xingrg/all/function/internal_message.html?_=1627692343067&CODE_STATE=getMsg HTTP/1.1" 200 27
116.230.110.80 - - [31/Jul/2021:08:46:27 +0800] "GET /xingrg/kc/base/wldb_order_operate.html?command=get_materiel&rest_code=00155&base_code=0010739&code=00101016044 HTTP/1.1" 200 466
222.69.129.197 - - [31/Jul/2021:08:46:27 +0800] "GET /xingrg/kc/buy/cgsh_order_operate.html?command=get_materiel&rest_code=00149&code=00101015024&supplier_code=00100005&order_time=2021-07-31 HTTP/1.1" 200 413
116.235.222.38 - - [31/Jul/2021:08:46:30 +0800] "GET /xingrg/all/function/internal_message.html?_=1627692382687&CODE_STATE=getMsg HTTP/1.1" 200 27
180.156.224.123 - - [31/Jul/2021:08:46:31 +0800] "GET /xingrg/all/function/internal_message.html?_=1627692389564&CODE_STATE=getMsg HTTP/1.1" 200 27
222.69.129.197 - - [31/Jul/2021:08:46:36 +0800] "GET /xingrg/kc/buy/cgsh_order_operate.html?command=get_materiel&rest_code=00149&code=00101008183&supplier_code=00100005&order_time=2021-07-31 HTTP/1.1" 200 413
222.69.129.197 - - [31/Jul/2021:08:46:39 +0800] "POST /xingrg/kc/buy/cgsh_order_operate.html HTTP/1.1" 200 2065
116.230.110.80 - - [31/Jul/2021:08:46:40 +0800] "GET /xingrg/kc/base/wldb_order_operate.html?command=get_materiel&rest_code=00155&base_code=0010739&code=00101019342 HTTP/1.1" 200 469
120.253.135.82 - - [31/Jul/2021:08:46:40 +0800] "GET /xingrg/all/function/internal_message.html?_=1627692437215&CODE_STATE=getMsg HTTP/1.1" 200 27
180.156.224.123 - - [31/Jul/2021:08:46:42 +0800] "GET /xingrg/kc/buy/cgsh_order_operate.html?command=get_materiel&rest_code=00150&code=00101009007&supplier_code=00100424&order_time=2021-07-31 HTTP/1.1" 200 408
222.70.246.151 - - [31/Jul/2021:08:46:42 +0800] "GET /xingrg/all/function/internal_message.html?_=1627692399557&CODE_STATE=getMsg HTTP/1.1" 200 27
116.230.110.80 - - [31/Jul/2021:08:46:44 +0800] "GET /xingrg/check_reg.html?_=1627692403344 HTTP/1.1" 200 22
116.230.110.80 - - [31/Jul/2021:08:46:44 +0800] "GET /xingrg/all/function/internal_message.html?_=1627692403347&CODE_STATE=getMsg HTTP/1.1" 200 27
116.230.110.80 - - [31/Jul/2021:08:46:45 +0800] "GET /xingrg/kc/base/wldb_order_operate.html?command=get_materiel&rest_code=00155&base_code=0010739&code=00101019343 HTTP/1.1" 200 454
222.69.129.197 - - [31/Jul/2021:08:46:46 +0800] "GET /xingrg/kc/buy/cgsh_order_operate.html?command=get_materiel&rest_code=00149&code=00101015027&supplier_code=00100005&order_time=2021-07-31 HTTP/1.1" 200 417
222.69.129.197 - - [31/Jul/2021:08:46:46 +0800] "GET /xingrg/all/function/internal_message.html?_=1627692406505&CODE_STATE=getMsg HTTP/1.1" 200 27
101.83.145.79 - - [31/Jul/2021:08:46:48 +0800] "GET /xingrg/javascript/easyui/themes/default/images/button_plain_hover.png HTTP/1.1" 304 -
116.230.110.80 - - [31/Jul/2021:08:46:50 +0800] "GET /xingrg/kc/base/wldb_order_operate.html?command=get_materiel&rest_code=00155&base_code=0010739&code=00101019347 HTTP/1.1" 200 453
180.169.147.146 - - [31/Jul/2021:08:46:54 +0800] "GET /xingrg/all/function/internal_message.html?_=1627692406204&CODE_STATE=getMsg HTTP/1.1" 200 27
120.253.135.82 - - [31/Jul/2021:08:46:56 +0800] "GET /xingrg/all/function/internal_message.html?_=1627692195186&CODE_STATE=getMsg HTTP/1.1" 200 27
116.230.110.80 - - [31/Jul/2021:08:46:57 +0800] "GET /xingrg/kc/base/wldb_order_operate.html?command=get_materiel&rest_code=00155&base_code=0010739&code=00101019503 HTTP/1.1" 200 467
180.162.111.5 - - [31/Jul/2021:08:46:58 +0800] "GET /xingrg/all/function/internal_message.html?_=1627692041761&CODE_STATE=getMsg HTTP/1.1" 200 27
116.230.110.80 - - [31/Jul/2021:08:47:04 +0800] "GET /xingrg/kc/base/wldb_order_operate.html?command=get_materiel&rest_code=00155&base_code=0010739&code=00101019637 HTTP/1.1" 200 433
222.70.176.145 - - [31/Jul/2021:08:47:05 +0800] "GET /xingrg/all/function/internal_message.html?_=1627692459516&CODE_STATE=getMsg HTTP/1.1" 302 -
180.169.147.146 - - [31/Jul/2021:08:47:06 +0800] "GET /xingrg/check_reg.html?_=1627692434767 HTTP/1.1" 302 -
180.169.147.146 - - [31/Jul/2021:08:47:06 +0800] "GET /xingrg/all/function/internal_message.html?_=1627692434769&CODE_STATE=getMsg HTTP/1.1" 302 -
116.230.110.80 - - [31/Jul/2021:08:47:12 +0800] "GET /xingrg/kc/base/wldb_order_operate.html?command=get_materiel&rest_code=00155&base_code=0010739&code=00101022089 HTTP/1.1" 200 434
222.69.129.197 - - [31/Jul/2021:08:47:12 +0800] "GET /xingrg/kc/buy/cgsh_order_operate.html?command=get_materiel&rest_code=00149&code=00101015038&supplier_code=00100005&order_time=2021-07-31 HTTP/1.1" 200 418
101.83.145.79 - - [31/Jul/2021:08:47:15 +0800] "GET /xingrg/all/function/internal_message.html?_=1627692434555&CODE_STATE=getMsg HTTP/1.1" 200 27
117.184.7.30 - - [31/Jul/2021:08:47:20 +0800] "POST /xingrg/services/DataTransmitService HTTP/1.1" 200 524
116.230.110.80 - - [31/Jul/2021:08:47:20 +0800] "GET /xingrg/kc/base/wldb_order_operate.html?command=get_materiel&rest_code=00155&base_code=0010739&code=00101019750 HTTP/1.1" 200 442
180.156.224.123 - - [31/Jul/2021:08:47:22 +0800] "GET /xingrg/all/function/internal_message.html?_=1627692403080&CODE_STATE=getMsg HTTP/1.1" 200 27
