180.156.224.123 - - [31/Jul/2021:09:20:19 +0800] "GET /xingrg/kc/buy/cgsh_order_operate.html?command=get_materiel&rest_code=00150&code=00101008210&supplier_code=00100007&order_time=2021-07-31 HTTP/1.1" 200 408
120.253.135.82 - - [31/Jul/2021:09:20:21 +0800] "GET /xingrg/kc/pszx/mdqp_order_list.html?state=10 HTTP/1.1" 200 10213
120.253.135.82 - - [31/Jul/2021:09:20:21 +0800] "GET /xingrg/dwr/interface/AjaxReportQueryService.js HTTP/1.1" 200 13203
120.253.135.82 - - [31/Jul/2021:09:20:21 +0800] "GET /xingrg/dwr/interface/AjaxQqpsService.js HTTP/1.1" 200 16326
120.253.135.82 - - [31/Jul/2021:09:20:21 +0800] "GET /xingrg/dwr/engine.js HTTP/1.1" 200 43631
180.156.224.123 - - [31/Jul/2021:09:20:29 +0800] "GET /xingrg/kc/buy/cgsh_order_operate.html?command=get_materiel&rest_code=00150&code=00101008257&supplier_code=00100007&order_time=2021-07-31 HTTP/1.1" 200 416
116.235.222.38 - - [31/Jul/2021:09:20:30 +0800] "GET /xingrg/all/function/internal_message.html?_=1627694422751&CODE_STATE=getMsg HTTP/1.1" 200 27
180.156.224.123 - - [31/Jul/2021:09:20:32 +0800] "GET /xingrg/all/function/internal_message.html?_=1627694429602&CODE_STATE=getMsg HTTP/1.1" 200 27
58.40.7.146 - - [31/Jul/2021:09:20:32 +0800] "GET /xingrg/check_reg.html?_=1627694431667 HTTP/1.1" 302 -
180.156.224.123 - - [31/Jul/2021:09:20:33 +0800] "GET /xingrg/all/function/internal_message.html?_=1627694393996&CODE_STATE=getMsg HTTP/1.1" 200 27
120.253.135.82 - - [31/Jul/2021:09:20:33 +0800] "GET /xingrg/kc/pszx/mdqp_order_list.html?state=10 HTTP/1.1" 200 10213
120.253.135.82 - - [31/Jul/2021:09:20:33 +0800] "GET /xingrg/dwr/interface/AjaxReportQueryService.js HTTP/1.1" 200 13203
120.253.135.82 - - [31/Jul/2021:09:20:33 +0800] "GET /xingrg/dwr/interface/AjaxQqpsService.js HTTP/1.1" 200 16326
120.253.135.82 - - [31/Jul/2021:09:20:33 +0800] "GET /xingrg/dwr/engine.js HTTP/1.1" 200 43631
180.156.224.123 - - [31/Jul/2021:09:20:38 +0800] "GET /xingrg/kc/buy/cgsh_order_operate.html?command=get_materiel&rest_code=00150&code=00101008156&supplier_code=00100007&order_time=2021-07-31 HTTP/1.1" 200 414
222.70.176.145 - - [31/Jul/2021:09:20:40 +0800] "GET /xingrg/all/function/internal_message.html?_=1627694436212&CODE_STATE=getMsg HTTP/1.1" 200 27
120.253.135.82 - - [31/Jul/2021:09:20:40 +0800] "GET /xingrg/check_reg.html?_=1627694477245 HTTP/1.1" 200 22
120.253.135.82 - - [31/Jul/2021:09:20:41 +0800] "GET /xingrg/all/function/internal_message.html?_=1627694477677&CODE_STATE=getMsg HTTP/1.1" 200 27
120.253.135.82 - - [31/Jul/2021:09:20:42 +0800] "GET /xingrg/kc/pszx/mdth_order_list.html HTTP/1.1" 200 18428
120.253.135.82 - - [31/Jul/2021:09:20:42 +0800] "POST /xingrg/kc/pszx/mdth_order_new_list.html HTTP/1.1" 200 4646
222.70.246.151 - - [31/Jul/2021:09:20:44 +0800] "GET /xingrg/all/function/internal_message.html?_=1627694441626&CODE_STATE=getMsg HTTP/1.1" 200 27
116.233.73.163 - - [31/Jul/2021:09:20:45 +0800] "GET /xingrg/all/function/internal_message.html?_=1627694456525&CODE_STATE=getMsg HTTP/1.1" 200 27
180.156.224.123 - - [31/Jul/2021:09:20:45 +0800] "POST /xingrg/kc/buy/cgsh_order_operate.html HTTP/1.1" 200 37
222.69.129.197 - - [31/Jul/2021:09:20:46 +0800] "GET /xingrg/all/function/internal_message.html?_=1627694447037&CODE_STATE=getMsg HTTP/1.1" 200 27
180.156.224.123 - - [31/Jul/2021:09:20:48 +0800] "POST /xingrg/kc/buy/cgsh_order_operate.html HTTP/1.1" 200 5611
101.80.228.114 - - [31/Jul/2021:09:20:51 +0800] "GET /xingrg/all/function/internal_message.html?_=1627694450773&CODE_STATE=getMsg HTTP/1.1" 200 27
180.169.147.146 - - [31/Jul/2021:09:20:53 +0800] "GET /xingrg/all/function/internal_message.html?_=1627694445503&CODE_STATE=getMsg HTTP/1.1" 200 27
180.156.224.123 - - [31/Jul/2021:09:20:54 +0800] "GET /xingrg/kc/buy/cgsh_order_operate.html?command=get_materiel&rest_code=00150&code=00101008331&supplier_code=00100007&order_time=2021-07-31 HTTP/1.1" 200 416
117.184.7.30 - - [31/Jul/2021:09:20:54 +0800] "GET /xingrg/all/function/internal_message.html?_=1627694443371&CODE_STATE=getMsg HTTP/1.1" 200 27
180.162.111.5 - - [31/Jul/2021:09:20:58 +0800] "GET /xingrg/check_reg.html?_=1627694081787 HTTP/1.1" 200 22
180.162.111.5 - - [31/Jul/2021:09:20:58 +0800] "GET /xingrg/all/function/internal_message.html?_=1627694081784&CODE_STATE=getMsg HTTP/1.1" 200 27
120.253.135.82 - - [31/Jul/2021:09:20:59 +0800] "GET /xingrg/all/function/internal_message.html?_=1627694237707&CODE_STATE=getMsg HTTP/1.1" 200 27
180.156.224.123 - - [31/Jul/2021:09:21:02 +0800] "GET /xingrg/kc/buy/cgsh_order_operate.html?command=get_materiel&rest_code=00150&code=00101008350&supplier_code=00100007&order_time=2021-07-31 HTTP/1.1" 200 408
222.70.176.145 - - [31/Jul/2021:09:21:05 +0800] "GET /xingrg/all/function/internal_message.html?_=1627694499542&CODE_STATE=getMsg HTTP/1.1" 302 -
180.169.147.146 - - [31/Jul/2021:09:21:06 +0800] "GET /xingrg/all/function/internal_message.html?_=1627694474885&CODE_STATE=getMsg HTTP/1.1" 302 -
101.83.241.165 - - [31/Jul/2021:09:21:07 +0800] "GET /xingrg/all/function/internal_message.html?_=1627694466735&CODE_STATE=getMsg HTTP/1.1" 200 27
101.83.241.165 - - [31/Jul/2021:09:21:07 +0800] "GET /xingrg/kc/base/wldb_order_add.html HTTP/1.1" 200 30359
101.83.241.165 - - [31/Jul/2021:09:21:07 +0800] "POST /xingrg/kc/base/wldb_order_operate.html HTTP/1.1" 200 6806
101.83.241.165 - - [31/Jul/2021:09:21:07 +0800] "GET /xingrg/javascript/easyui/themes/default/validatebox.css HTTP/1.1" 404 1104
116.230.110.80 - - [31/Jul/2021:09:21:08 +0800] "GET /xingrg/all/function/internal_message.html?_=1627694466922&CODE_STATE=getMsg HTTP/1.1" 200 27
180.156.224.123 - - [31/Jul/2021:09:21:14 +0800] "GET /xingrg/kc/buy/cgsh_order_operate.html?command=get_materiel&rest_code=00150&code=00101008244&supplier_code=00100007&order_time=2021-07-31 HTTP/1.1" 200 408
101.83.145.79 - - [31/Jul/2021:09:21:15 +0800] "GET /xingrg/all/function/internal_message.html?_=1627694474601&CODE_STATE=getMsg HTTP/1.1" 200 27
180.156.224.123 - - [31/Jul/2021:09:21:24 +0800] "GET /xingrg/kc/buy/cgsh_order_operate.html?command=get_materiel&rest_code=00150&code=00101008185&supplier_code=00100007&order_time=2021-07-31 HTTP/1.1" 200 408
120.253.135.82 - - [31/Jul/2021:09:21:28 +0800] "GET /xingrg/login.html HTTP/1.1" 200 7641
120.253.135.82 - - [31/Jul/2021:09:21:28 +0800] "GET /xingrg/images/blue/jxLogo.png HTTP/1.1" 200 6156
120.253.135.82 - - [31/Jul/2021:09:21:28 +0800] "GET /xingrg/images/blue/hj.png HTTP/1.1" 200 1014
120.253.135.82 - - [31/Jul/2021:09:21:29 +0800] "GET /xingrg/images/blue/login_bg.png HTTP/1.1" 200 22101
120.253.135.82 - - [31/Jul/2021:09:21:29 +0800] "GET /xingrg/images/blue/srbg.png HTTP/1.1" 200 138
120.253.135.82 - - [31/Jul/2021:09:21:29 +0800] "GET /favicon.ico HTTP/1.1" 404 -
116.235.222.38 - - [31/Jul/2021:09:21:30 +0800] "GET /xingrg/all/function/internal_message.html?_=1627694482735&CODE_STATE=getMsg HTTP/1.1" 200 27
120.253.135.82 - - [31/Jul/2021:09:21:31 +0800] "POST /xingrg/login.do HTTP/1.1" 302 -
120.253.135.82 - - [31/Jul/2021:09:21:31 +0800] "GET /xingrg/index.html?sysBaseUrl=http%3A%2F%2F180.169.147.146%3A18081%2Fxingrg%2F&costTime=334×tamp=1627694491014 HTTP/1.1" 200 17173
120.253.135.82 - - [31/Jul/2021:09:21:31 +0800] "GET /xingrg/javascript/jquery_easy_ui/themes/icon.css HTTP/1.1" 200 3949
120.253.135.82 - - [31/Jul/2021:09:21:31 +0800] "GET /xingrg/javascript/jquery_easy_ui/themes/default/easyui.css HTTP/1.1" 200 26500
120.253.135.82 - - [31/Jul/2021:09:21:31 +0800] "GET /xingrg/javascript/jquery-1.4.2.min.js HTTP/1.1" 200 72205
120.253.135.82 - - [31/Jul/2021:09:21:31 +0800] "GET /xingrg/css/form.css HTTP/1.1" 200 893
120.253.135.82 - - [31/Jul/2021:09:21:31 +0800] "GET /xingrg/javascript/jquery_easy_ui/jquery.easyui.min.js HTTP/1.1" 200 213662
120.253.135.82 - - [31/Jul/2021:09:21:31 +0800] "GET /xingrg/javascript/jquery_easy_ui/easyui-lang-zh_CN.js HTTP/1.1" 200 1900
120.253.135.82 - - [31/Jul/2021:09:21:31 +0800] "GET /xingrg/javascript/jquery.utils.js HTTP/1.1" 200 11805
120.253.135.82 - - [31/Jul/2021:09:21:31 +0800] "GET /xingrg/javascript/jquery.timers.js HTTP/1.1" 200 3532
120.253.135.82 - - [31/Jul/2021:09:21:31 +0800] "GET /xingrg/javascript/jquery.form.js HTTP/1.1" 200 23110
120.253.135.82 - - [31/Jul/2021:09:21:31 +0800] "GET /favicon.ico HTTP/1.1" 404 -
120.253.135.82 - - [31/Jul/2021:09:21:31 +0800] "GET /xingrg/images/blue/navBackgound.jpg HTTP/1.1" 200 12378
180.156.224.123 - - [31/Jul/2021:09:21:31 +0800] "GET /xingrg/kc/buy/cgsh_order_operate.html?command=get_materiel&rest_code=00150&code=00101008026&supplier_code=00100007&order_time=2021-07-31 HTTP/1.1" 200 409
120.253.135.82 - - [31/Jul/2021:09:21:31 +0800] "GET /xingrg/javascript/jquery_easy_ui/themes/icons/settle_new.png HTTP/1.1" 200 826
120.253.135.82 - - [31/Jul/2021:09:21:31 +0800] "GET /xingrg/images/blue/pingpu.png HTTP/1.1" 200 231
120.253.135.82 - - [31/Jul/2021:09:21:31 +0800] "GET /xingrg/javascript/jquery_easy_ui/themes/default/images/tabs_leftarrow.png HTTP/1.1" 200 389
120.253.135.82 - - [31/Jul/2021:09:21:31 +0800] "GET /xingrg/javascript/jquery_easy_ui/themes/default/images/tabs_rightarrow.png HTTP/1.1" 200 395
120.253.135.82 - - [31/Jul/2021:09:21:31 +0800] "GET /xingrg/javascript/jquery_easy_ui/themes/default/images/panel_tool_collapse.gif HTTP/1.1" 200 246
120.253.135.82 - - [31/Jul/2021:09:21:31 +0800] "POST /xingrg/all/common/load_tree.html?tree=area_rest_tree_json&manage=1 HTTP/1.1" 200 344
120.253.135.82 - - [31/Jul/2021:09:21:31 +0800] "GET /xingrg/check_reg.html?_=1627694617451 HTTP/1.1" 200 22
120.253.135.82 - - [31/Jul/2021:09:21:31 +0800] "GET /xingrg/all/function/internal_message.html?_=1627694617450&CODE_STATE=count HTTP/1.1" 200 11
120.253.135.82 - - [31/Jul/2021:09:21:31 +0800] "GET /xingrg/javascript/jquery_easy_ui/themes/default/images/tree_arrows.gif HTTP/1.1" 200 1043
180.156.224.123 - - [31/Jul/2021:09:21:32 +0800] "GET /xingrg/all/function/internal_message.html?_=1627694489602&CODE_STATE=getMsg HTTP/1.1" 200 27
120.253.135.82 - - [31/Jul/2021:09:21:32 +0800] "POST /xingrg/load_menu.html HTTP/1.1" 200 6743
120.253.135.82 - - [31/Jul/2021:09:21:32 +0800] "GET /xingrg/javascript/jquery_easy_ui/themes/icons/delivery_new.png HTTP/1.1" 200 700
120.253.135.82 - - [31/Jul/2021:09:21:32 +0800] "GET /xingrg/javascript/jquery_easy_ui/themes/icons/search_new.png HTTP/1.1" 200 586
120.253.135.82 - - [31/Jul/2021:09:21:32 +0800] "GET /xingrg/javascript/jquery_easy_ui/themes/default/images/tree_folder_open.gif HTTP/1.1" 200 956
120.253.135.82 - - [31/Jul/2021:09:21:32 +0800] "GET /xingrg/javascript/jquery_easy_ui/themes/icons/storage_new.png HTTP/1.1" 200 853
120.253.135.82 - - [31/Jul/2021:09:21:32 +0800] "GET /xingrg/javascript/jquery_easy_ui/themes/icons/forms_new.png HTTP/1.1" 200 350
120.253.135.82 - - [31/Jul/2021:09:21:32 +0800] "GET /xingrg/javascript/jquery_easy_ui/themes/default/images/tree_file.gif HTTP/1.1" 200 118
120.253.135.82 - - [31/Jul/2021:09:21:32 +0800] "GET /xingrg/javascript/jquery_easy_ui/themes/default/images/tree_folder.gif HTTP/1.1" 200 952
120.253.135.82 - - [31/Jul/2021:09:21:32 +0800] "GET /xingrg/javascript/jquery_easy_ui/themes/icons/manage.png HTTP/1.1" 200 696
120.253.135.82 - - [31/Jul/2021:09:21:32 +0800] "GET /xingrg/javascript/jquery_easy_ui/themes/icons/area.png HTTP/1.1" 200 262
180.156.224.123 - - [31/Jul/2021:09:21:33 +0800] "GET /xingrg/all/function/internal_message.html?_=1627694454010&CODE_STATE=getMsg HTTP/1.1" 200 27
180.156.224.123 - - [31/Jul/2021:09:21:39 +0800] "POST /xingrg/kc/buy/cgsh_order_operate.html HTTP/1.1" 200 37
180.156.224.123 - - [31/Jul/2021:09:21:40 +0800] "POST /xingrg/kc/buy/cgsh_order_operate.html HTTP/1.1" 200 8576
222.70.176.145 - - [31/Jul/2021:09:21:40 +0800] "GET /xingrg/all/function/internal_message.html?_=1627694496214&CODE_STATE=getMsg HTTP/1.1" 200 27
222.70.176.145 - - [31/Jul/2021:09:21:40 +0800] "GET /xingrg/check_reg.html?_=1627694496220 HTTP/1.1" 200 22
120.253.135.82 - - [31/Jul/2021:09:21:41 +0800] "GET /xingrg/all/function/internal_message.html?_=1627694537689&CODE_STATE=getMsg HTTP/1.1" 200 27
120.253.135.82 - - [31/Jul/2021:09:21:41 +0800] "GET /xingrg/javascript/jquery_easy_ui/themes/default/images/tabs_close.gif HTTP/1.1" 200 829
120.253.135.82 - - [31/Jul/2021:09:21:41 +0800] "GET /xingrg/css/base.css HTTP/1.1" 200 2811
120.253.135.82 - - [31/Jul/2021:09:21:41 +0800] "GET /xingrg/css/site.css HTTP/1.1" 200 7541
120.253.135.82 - - [31/Jul/2021:09:21:41 +0800] "GET /xingrg/javascript/jquery_tools/fix.css HTTP/1.1" 200 1702
120.253.135.82 - - [31/Jul/2021:09:21:41 +0800] "GET /xingrg/kc/pszx/mdps_order_list.html?orderType=0 HTTP/1.1" 200 21004
120.253.135.82 - - [31/Jul/2021:09:21:41 +0800] "GET /xingrg/javascript/jquery_tools/datebox.css HTTP/1.1" 200 2597
120.253.135.82 - - [31/Jul/2021:09:21:41 +0800] "GET /xingrg/javascript/jquery_tools/table.css HTTP/1.1" 200 1032
120.253.135.82 - - [31/Jul/2021:09:21:41 +0800] "GET /xingrg/javascript/jquery_tools/jquery.tools.min.js HTTP/1.1" 200 138801
120.253.135.82 - - [31/Jul/2021:09:21:41 +0800] "GET /xingrg/javascript/easyui/themes/icon.css HTTP/1.1" 200 4483
120.253.135.82 - - [31/Jul/2021:09:21:41 +0800] "GET /xingrg/javascript/auto/jquery.autocomplete.css HTTP/1.1" 200 587
120.253.135.82 - - [31/Jul/2021:09:21:41 +0800] "GET /xingrg/javascript/jquery_tools/jquery.tools.hotkey.js HTTP/1.1" 200 3242
120.253.135.82 - - [31/Jul/2021:09:21:41 +0800] "GET /xingrg/javascript/jquery_tools/jquery.tools.table.js HTTP/1.1" 200 6994
120.253.135.82 - - [31/Jul/2021:09:21:41 +0800] "GET /xingrg/javascript/jquery_tools/list_manager.js HTTP/1.1" 200 3652
120.253.135.82 - - [31/Jul/2021:09:21:41 +0800] "GET /xingrg/javascript/jquery.cookie.js HTTP/1.1" 200 5513
120.253.135.82 - - [31/Jul/2021:09:21:41 +0800] "GET /xingrg/javascript/easyui/easyloader.js HTTP/1.1" 200 5975
120.253.135.82 - - [31/Jul/2021:09:21:41 +0800] "GET /xingrg/javascript/print/LodopFuncs.js HTTP/1.1" 200 5121
120.253.135.82 - - [31/Jul/2021:09:21:41 +0800] "GET /xingrg/javascript/jquery_tools/jquery.tools.extend.js HTTP/1.1" 200 15385
120.253.135.82 - - [31/Jul/2021:09:21:41 +0800] "GET /xingrg/javascript/easyui/themes/default/easyui.css HTTP/1.1" 200 30432
120.253.135.82 - - [31/Jul/2021:09:21:41 +0800] "GET /xingrg/javascript/auto/jquery.autocomplete.js HTTP/1.1" 200 21624
120.253.135.82 - - [31/Jul/2021:09:21:41 +0800] "GET /xingrg/javascript/easyui/themes/icons/field_new.png HTTP/1.1" 200 1097
120.253.135.82 - - [31/Jul/2021:09:21:41 +0800] "GET /xingrg/javascript/easyui/themes/icons/edit_add_new.png HTTP/1.1" 200 2997
120.253.135.82 - - [31/Jul/2021:09:21:41 +0800] "GET /xingrg/javascript/easyui/themes/icons/uncheck_new.png HTTP/1.1" 200 3197
120.253.135.82 - - [31/Jul/2021:09:21:41 +0800] "GET /xingrg/javascript/easyui/themes/icons/cance_new.png HTTP/1.1" 200 3986
120.253.135.82 - - [31/Jul/2021:09:21:41 +0800] "GET /xingrg/javascript/easyui/themes/icons/check_new.png HTTP/1.1" 200 3224
120.253.135.82 - - [31/Jul/2021:09:21:41 +0800] "GET /xingrg/javascript/easyui/themes/icons/import_new.png HTTP/1.1" 200 1247
120.253.135.82 - - [31/Jul/2021:09:21:41 +0800] "GET /xingrg/images/control/ajaxLoader.gif HTTP/1.1" 200 4659
120.253.135.82 - - [31/Jul/2021:09:21:41 +0800] "GET /xingrg/javascript/easyui/plugins/jquery.parser.js HTTP/1.1" 200 1142
120.253.135.82 - - [31/Jul/2021:09:21:41 +0800] "POST /xingrg/kc/pszx/mdps_list_operate.html HTTP/1.1" 200 5231
120.253.135.82 - - [31/Jul/2021:09:21:42 +0800] "GET /xingrg/kc/pszx/mdps_order_list.html?orderType=0 HTTP/1.1" 200 21004
120.253.135.82 - - [31/Jul/2021:09:21:42 +0800] "POST /xingrg/kc/pszx/mdps_list_operate.html HTTP/1.1" 200 5231
222.70.246.151 - - [31/Jul/2021:09:21:44 +0800] "GET /xingrg/all/function/internal_message.html?_=1627694501639&CODE_STATE=getMsg HTTP/1.1" 200 27
116.233.73.163 - - [31/Jul/2021:09:21:45 +0800] "GET /xingrg/all/function/internal_message.html?_=1627694516528&CODE_STATE=getMsg HTTP/1.1" 200 27
222.69.129.197 - - [31/Jul/2021:09:21:46 +0800] "GET /xingrg/all/function/internal_message.html?_=1627694507011&CODE_STATE=getMsg HTTP/1.1" 200 27
120.253.135.82 - - [31/Jul/2021:09:21:48 +0800] "POST /xingrg/kc/pszx/mdps_list_operate.html HTTP/1.1" 200 370
180.156.224.123 - - [31/Jul/2021:09:21:49 +0800] "GET /xingrg/kc/buy/cgsh_order_operate.html?command=get_materiel&rest_code=00150&code=00101008096&supplier_code=00100007&order_time=2021-07-31 HTTP/1.1" 200 412
120.253.135.82 - - [31/Jul/2021:09:21:49 +0800] "GET /xingrg/kc/pszx/mdps_order_info.html?code=312021073100715 HTTP/1.1" 200 23931
120.253.135.82 - - [31/Jul/2021:09:21:49 +0800] "GET /xingrg/javascript/pic_change.js HTTP/1.1" 200 4739
120.253.135.82 - - [31/Jul/2021:09:21:49 +0800] "GET /xingrg/javascript/convert.js HTTP/1.1" 200 1239
120.253.135.82 - - [31/Jul/2021:09:21:49 +0800] "GET /xingrg/javascript/jquery_tools/order_manager.js HTTP/1.1" 200 11183
120.253.135.82 - - [31/Jul/2021:09:21:49 +0800] "GET /xingrg/javascript/json2.js HTTP/1.1" 200 11259
120.253.135.82 - - [31/Jul/2021:09:21:49 +0800] "GET /xingrg/javascript/print/kc_print.js HTTP/1.1" 200 11415
120.253.135.82 - - [31/Jul/2021:09:21:49 +0800] "GET /xingrg/javascript/myfunction.js HTTP/1.1" 200 24559
120.253.135.82 - - [31/Jul/2021:09:21:49 +0800] "GET /xingrg/words/20210730190311_words.js HTTP/1.1" 200 830194
120.253.135.82 - - [31/Jul/2021:09:21:50 +0800] "GET /xingrg/javascript/easyui/themes/icons/ok.png HTTP/1.1" 200 883
120.253.135.82 - - [31/Jul/2021:09:21:50 +0800] "GET /xingrg/javascript/easyui/themes/icons/copy_new.png HTTP/1.1" 200 815
120.253.135.82 - - [31/Jul/2021:09:21:50 +0800] "GET /xingrg/javascript/easyui/themes/icons/print.png HTTP/1.1" 200 1057
120.253.135.82 - - [31/Jul/2021:09:21:50 +0800] "GET /xingrg/javascript/easyui/themes/icons/cancel.png HTTP/1.1" 200 1133
120.253.135.82 - - [31/Jul/2021:09:21:50 +0800] "GET /xingrg/javascript/easyui/themes/default/images/menu_downarrow.png HTTP/1.1" 200 173
120.253.135.82 - - [31/Jul/2021:09:21:50 +0800] "GET /xingrg/all/common/auto_word.html?type=base&rest_code=00101 HTTP/1.1" 200 613
120.253.135.82 - - [31/Jul/2021:09:21:50 +0800] "GET /xingrg/javascript/easyui/themes/default/validatebox.css HTTP/1.1" 404 1104
120.253.135.82 - - [31/Jul/2021:09:21:50 +0800] "GET /xingrg/javascript/easyui/plugins/jquery.validatebox.js HTTP/1.1" 200 6103
120.253.135.82 - - [31/Jul/2021:09:21:50 +0800] "POST /xingrg/kc/pszx/mdps_order_operate.html HTTP/1.1" 200 3294
120.253.135.82 - - [31/Jul/2021:09:21:50 +0800] "GET /xingrg/javascript/easyui/plugins/jquery.numberbox.js HTTP/1.1" 200 5213
120.253.135.82 - - [31/Jul/2021:09:21:50 +0800] "GET /xingrg/javascript/easyui/themes/icons/edit_remove.png HTTP/1.1" 200 625
101.80.228.114 - - [31/Jul/2021:09:21:51 +0800] "GET /xingrg/all/function/internal_message.html?_=1627694510773&CODE_STATE=getMsg HTTP/1.1" 200 27
180.169.147.146 - - [31/Jul/2021:09:21:53 +0800] "GET /xingrg/all/function/internal_message.html?_=1627694505476&CODE_STATE=getMsg HTTP/1.1" 200 27
117.184.7.30 - - [31/Jul/2021:09:21:54 +0800] "GET /xingrg/all/function/internal_message.html?_=1627694503343&CODE_STATE=getMsg HTTP/1.1" 200 27
180.156.224.123 - - [31/Jul/2021:09:21:56 +0800] "GET /xingrg/kc/buy/cgsh_order_operate.html?command=get_materiel&rest_code=00150&code=00101008038&supplier_code=00100007&order_time=2021-07-31 HTTP/1.1" 200 412
180.162.111.5 - - [31/Jul/2021:09:21:58 +0800] "GET /xingrg/all/function/internal_message.html?_=1627694141786&CODE_STATE=getMsg HTTP/1.1" 200 27
101.83.241.165 - - [31/Jul/2021:09:21:59 +0800] "GET /xingrg/kc/buy/cgsh_order_list.html HTTP/1.1" 200 47146
120.253.135.82 - - [31/Jul/2021:09:21:59 +0800] "GET /xingrg/all/function/internal_message.html?_=1627694297721&CODE_STATE=getMsg HTTP/1.1" 200 27
120.253.135.82 - - [31/Jul/2021:09:21:59 +0800] "GET /xingrg/javascript/jquery_tools/images/prev.gif HTTP/1.1" 404 1086
120.253.135.82 - - [31/Jul/2021:09:21:59 +0800] "GET /xingrg/javascript/jquery_tools/images/next.gif HTTP/1.1" 404 1086
101.83.241.165 - - [31/Jul/2021:09:22:00 +0800] "POST /xingrg/kc/buy/cgsh_list_operate.html HTTP/1.1" 200 876
120.253.135.82 - - [31/Jul/2021:09:22:00 +0800] "GET /xingrg/javascript/easyui/themes/default/images/button_plain_hover.png HTTP/1.1" 200 144
120.253.135.82 - - [31/Jul/2021:09:22:00 +0800] "GET /xingrg/javascript/easyui/themes/default/images/button_plain_hover.png HTTP/1.1" 200 144
101.83.241.165 - - [31/Jul/2021:09:22:01 +0800] "GET /xingrg/kc/buy/cgsh_order_add.html HTTP/1.1" 200 62000
101.83.241.165 - - [31/Jul/2021:09:22:01 +0800] "POST /xingrg/kc/buy/cgsh_order_operate.html HTTP/1.1" 200 8245
101.83.241.165 - - [31/Jul/2021:09:22:01 +0800] "GET /xingrg/javascript/easyui/themes/default/validatebox.css HTTP/1.1" 404 1104
101.83.241.165 - - [31/Jul/2021:09:22:01 +0800] "GET /xingrg/all/common/auto_word.html?type=employee&rest_code=00154 HTTP/1.1" 200 101
101.83.241.165 - - [31/Jul/2021:09:22:01 +0800] "GET /xingrg/all/common/auto_word.html?type=employee&rest_code=00154 HTTP/1.1" 200 101
120.253.135.82 - - [31/Jul/2021:09:22:03 +0800] "POST /xingrg/kc/pszx/mdps_list_operate.html HTTP/1.1" 200 290
120.253.135.82 - - [31/Jul/2021:09:22:03 +0800] "GET /xingrg/kc/pszx/mdps_order_info.html?code=312021073100716 HTTP/1.1" 200 23931
120.253.135.82 - - [31/Jul/2021:09:22:03 +0800] "GET /xingrg/javascript/easyui/themes/default/validatebox.css HTTP/1.1" 404 1104
120.253.135.82 - - [31/Jul/2021:09:22:04 +0800] "POST /xingrg/kc/pszx/mdps_order_operate.html HTTP/1.1" 200 2804
180.156.224.123 - - [31/Jul/2021:09:22:04 +0800] "GET /xingrg/kc/buy/cgsh_order_operate.html?command=get_materiel&rest_code=00150&code=00101008358&supplier_code=00100007&order_time=2021-07-31 HTTP/1.1" 200 412
222.70.176.145 - - [31/Jul/2021:09:22:05 +0800] "GET /xingrg/all/function/internal_message.html?_=1627694559541&CODE_STATE=getMsg HTTP/1.1" 302 -
180.169.147.146 - - [31/Jul/2021:09:22:06 +0800] "GET /xingrg/check_reg.html?_=1627694534883 HTTP/1.1" 302 -
180.169.147.146 - - [31/Jul/2021:09:22:06 +0800] "GET /xingrg/all/function/internal_message.html?_=1627694534886&CODE_STATE=getMsg HTTP/1.1" 302 -
101.83.241.165 - - [31/Jul/2021:09:22:07 +0800] "GET /xingrg/all/function/internal_message.html?_=1627694526748&CODE_STATE=getMsg HTTP/1.1" 200 27
116.230.110.80 - - [31/Jul/2021:09:22:08 +0800] "GET /xingrg/all/function/internal_message.html?_=1627694526923&CODE_STATE=getMsg HTTP/1.1" 200 27
120.253.135.82 - - [31/Jul/2021:09:22:12 +0800] "POST /xingrg/kc/pszx/mdps_list_operate.html HTTP/1.1" 200 5231
180.156.224.123 - - [31/Jul/2021:09:22:12 +0800] "GET /xingrg/kc/buy/cgsh_order_operate.html?command=get_materiel&rest_code=00150&code=00101008163&supplier_code=00100007&order_time=2021-07-31 HTTP/1.1" 200 408
101.83.241.165 - - [31/Jul/2021:09:22:15 +0800] "GET /xingrg/kc/buy/cgsh_order_operate.html?command=get_materiel&rest_code=00154&code=00101006201&supplier_code=00100176&order_time=2021-07-31 HTTP/1.1" 200 405
101.83.145.79 - - [31/Jul/2021:09:22:15 +0800] "GET /xingrg/all/function/internal_message.html?_=1627694534587&CODE_STATE=getMsg HTTP/1.1" 200 27
120.253.135.82 - - [31/Jul/2021:09:22:15 +0800] "POST /xingrg/kc/pszx/mdps_list_operate.html HTTP/1.1" 200 5350
120.253.135.82 - - [31/Jul/2021:09:22:20 +0800] "POST /xingrg/kc/pszx/mdps_list_operate.html HTTP/1.1" 200 205
180.156.224.123 - - [31/Jul/2021:09:22:20 +0800] "GET /xingrg/kc/buy/cgsh_order_operate.html?command=get_materiel&rest_code=00150&code=00101008370&supplier_code=00100007&order_time=2021-07-31 HTTP/1.1" 200 412
120.253.135.82 - - [31/Jul/2021:09:22:20 +0800] "GET /xingrg/kc/pszx/mdps_order_info.html?code=312021073100711 HTTP/1.1" 200 23937
120.253.135.82 - - [31/Jul/2021:09:22:21 +0800] "GET /xingrg/javascript/easyui/themes/default/validatebox.css HTTP/1.1" 404 1104
120.253.135.82 - - [31/Jul/2021:09:22:21 +0800] "POST /xingrg/kc/pszx/mdps_order_operate.html HTTP/1.1" 200 2297
120.253.135.82 - - [31/Jul/2021:09:22:23 +0800] "POST /xingrg/kc/pszx/mdps_list_operate.html HTTP/1.1" 200 5350
180.156.224.123 - - [31/Jul/2021:09:22:29 +0800] "POST /xingrg/kc/buy/cgsh_order_operate.html HTTP/1.1" 200 37
116.235.222.38 - - [31/Jul/2021:09:22:30 +0800] "GET /xingrg/check_reg.html?_=1627694542777 HTTP/1.1" 200 22
116.235.222.38 - - [31/Jul/2021:09:22:30 +0800] "GET /xingrg/all/function/internal_message.html?_=1627694542766&CODE_STATE=getMsg HTTP/1.1" 200 27
101.83.241.165 - - [31/Jul/2021:09:22:31 +0800] "POST /xingrg/kc/buy/cgsh_order_operate.html HTTP/1.1" 200 37
180.156.224.123 - - [31/Jul/2021:09:22:31 +0800] "POST /xingrg/kc/buy/cgsh_order_operate.html HTTP/1.1" 200 11530
120.253.135.82 - - [31/Jul/2021:09:22:31 +0800] "GET /xingrg/all/function/internal_message.html?_=1627694677461&CODE_STATE=getMsg HTTP/1.1" 200 27
180.156.224.123 - - [31/Jul/2021:09:22:32 +0800] "GET /xingrg/all/function/internal_message.html?_=1627694549602&CODE_STATE=getMsg HTTP/1.1" 200 27
120.253.135.82 - - [31/Jul/2021:09:22:33 +0800] "POST /xingrg/kc/pszx/mdps_list_operate.html HTTP/1.1" 200 202
120.253.135.82 - - [31/Jul/2021:09:22:33 +0800] "GET /xingrg/kc/pszx/mdps_order_info.html?code=312021073100712 HTTP/1.1" 200 23931
180.156.224.123 - - [31/Jul/2021:09:22:33 +0800] "GET /xingrg/all/function/internal_message.html?_=1627694514150&CODE_STATE=getMsg HTTP/1.1" 200 27
120.253.135.82 - - [31/Jul/2021:09:22:34 +0800] "GET /xingrg/javascript/easyui/themes/default/validatebox.css HTTP/1.1" 404 1104
120.253.135.82 - - [31/Jul/2021:09:22:34 +0800] "POST /xingrg/kc/pszx/mdps_order_operate.html HTTP/1.1" 200 2284
120.253.135.82 - - [31/Jul/2021:09:22:37 +0800] "POST /xingrg/kc/pszx/mdps_list_operate.html HTTP/1.1" 200 5350
101.83.241.165 - - [31/Jul/2021:09:22:37 +0800] "POST /xingrg/kc/buy/cgsh_order_operate.html HTTP/1.1" 200 12
101.83.241.165 - - [31/Jul/2021:09:22:40 +0800] "GET /xingrg/kc/buy/cgsh_order_info.html?code=212021073113942 HTTP/1.1" 200 56905
101.83.241.165 - - [31/Jul/2021:09:22:40 +0800] "GET /xingrg/javascript/easyui/themes/default/validatebox.css HTTP/1.1" 404 1104
120.253.135.82 - - [31/Jul/2021:09:22:41 +0800] "GET /xingrg/all/function/internal_message.html?_=1627694597703&CODE_STATE=getMsg HTTP/1.1" 200 27
222.70.176.145 - - [31/Jul/2021:09:22:41 +0800] "GET /xingrg/all/function/internal_message.html?_=1627694556211&CODE_STATE=getMsg HTTP/1.1" 200 27
101.83.241.165 - - [31/Jul/2021:09:22:41 +0800] "POST /xingrg/kc/buy/cgsh_order_operate.html HTTP/1.1" 200 600
180.156.224.123 - - [31/Jul/2021:09:22:43 +0800] "GET /xingrg/kc/buy/cgsh_order_operate.html?command=get_materiel&rest_code=00150&code=00101008141&supplier_code=00100007&order_time=2021-07-31 HTTP/1.1" 200 412
101.83.241.165 - - [31/Jul/2021:09:22:44 +0800] "GET /xingrg/kc/print/load_config.html?kc_code=cgsh HTTP/1.1" 200 1845
101.83.241.165 - - [31/Jul/2021:09:22:44 +0800] "GET /xingrg/kc/print/load_data.html?order_code=212021073113942&kc_code=cgsh&condition= HTTP/1.1" 200 718
116.233.73.163 - - [31/Jul/2021:09:22:45 +0800] "GET /xingrg/all/function/internal_message.html?_=1627694576530&CODE_STATE=getMsg HTTP/1.1" 200 27
222.70.246.151 - - [31/Jul/2021:09:22:45 +0800] "GET /xingrg/all/function/internal_message.html?_=1627694561842&CODE_STATE=getMsg HTTP/1.1" 200 27
222.69.129.197 - - [31/Jul/2021:09:22:46 +0800] "GET /xingrg/check_reg.html?_=1627694566558 HTTP/1.1" 200 22
222.69.129.197 - - [31/Jul/2021:09:22:46 +0800] "GET /xingrg/all/function/internal_message.html?_=1627694566996&CODE_STATE=getMsg HTTP/1.1" 200 27
120.253.135.82 - - [31/Jul/2021:09:22:50 +0800] "POST /xingrg/kc/pszx/mdps_list_operate.html HTTP/1.1" 200 361
120.253.135.82 - - [31/Jul/2021:09:22:50 +0800] "GET /xingrg/kc/pszx/mdps_order_info.html?code=312021073100713 HTTP/1.1" 200 23927
120.253.135.82 - - [31/Jul/2021:09:22:50 +0800] "GET /xingrg/javascript/easyui/themes/default/validatebox.css HTTP/1.1" 404 1104
120.253.135.82 - - [31/Jul/2021:09:22:50 +0800] "POST /xingrg/kc/pszx/mdps_order_operate.html HTTP/1.1" 200 3265
101.80.228.114 - - [31/Jul/2021:09:22:51 +0800] "GET /xingrg/all/function/internal_message.html?_=1627694570772&CODE_STATE=getMsg HTTP/1.1" 200 27
180.156.224.123 - - [31/Jul/2021:09:22:51 +0800] "GET /xingrg/kc/buy/cgsh_order_operate.html?command=get_materiel&rest_code=00150&code=00101008126&supplier_code=00100007&order_time=2021-07-31 HTTP/1.1" 200 412
180.169.147.146 - - [31/Jul/2021:09:22:53 +0800] "GET /xingrg/all/function/internal_message.html?_=1627694565450&CODE_STATE=getMsg HTTP/1.1" 200 27
117.184.7.30 - - [31/Jul/2021:09:22:54 +0800] "GET /xingrg/all/function/internal_message.html?_=1627694563329&CODE_STATE=getMsg HTTP/1.1" 200 27
180.162.111.5 - - [31/Jul/2021:09:22:58 +0800] "GET /xingrg/all/function/internal_message.html?_=1627694201787&CODE_STATE=getMsg HTTP/1.1" 200 27
120.253.135.82 - - [31/Jul/2021:09:22:59 +0800] "GET /xingrg/all/function/internal_message.html?_=1627694357734&CODE_STATE=getMsg HTTP/1.1" 200 27
180.156.224.123 - - [31/Jul/2021:09:22:59 +0800] "GET /xingrg/kc/buy/cgsh_order_operate.html?command=get_materiel&rest_code=00150&code=00101008148&supplier_code=00100007&order_time=2021-07-31 HTTP/1.1" 200 416
222.70.176.145 - - [31/Jul/2021:09:23:05 +0800] "GET /xingrg/all/function/internal_message.html?_=1627694619541&CODE_STATE=getMsg HTTP/1.1" 302 -
120.253.135.82 - - [31/Jul/2021:09:23:05 +0800] "POST /xingrg/kc/pszx/mdps_list_operate.html HTTP/1.1" 200 5350
180.169.147.146 - - [31/Jul/2021:09:23:06 +0800] "GET /xingrg/all/function/internal_message.html?_=1627694594887&CODE_STATE=getMsg HTTP/1.1" 302 -
101.83.241.165 - - [31/Jul/2021:09:23:07 +0800] "GET /xingrg/all/function/internal_message.html?_=1627694586762&CODE_STATE=getMsg HTTP/1.1" 200 27
116.230.110.80 - - [31/Jul/2021:09:23:08 +0800] "GET /xingrg/check_reg.html?_=1627694586921 HTTP/1.1" 200 22
116.230.110.80 - - [31/Jul/2021:09:23:08 +0800] "GET /xingrg/all/function/internal_message.html?_=1627694586923&CODE_STATE=getMsg HTTP/1.1" 200 27
180.156.224.123 - - [31/Jul/2021:09:23:08 +0800] "GET /xingrg/kc/buy/cgsh_order_operate.html?command=get_materiel&rest_code=00150&code=00101008144&supplier_code=00100007&order_time=2021-07-31 HTTP/1.1" 200 412
120.253.135.82 - - [31/Jul/2021:09:23:10 +0800] "POST /xingrg/kc/pszx/mdps_list_operate.html HTTP/1.1" 200 204
120.253.135.82 - - [31/Jul/2021:09:23:10 +0800] "GET /xingrg/kc/pszx/mdps_order_info.html?code=312021073000710 HTTP/1.1" 200 23925
120.253.135.82 - - [31/Jul/2021:09:23:10 +0800] "GET /xingrg/javascript/easyui/themes/default/validatebox.css HTTP/1.1" 404 1104
120.253.135.82 - - [31/Jul/2021:09:23:11 +0800] "POST /xingrg/kc/pszx/mdps_order_operate.html HTTP/1.1" 200 2279
120.253.135.82 - - [31/Jul/2021:09:23:14 +0800] "POST /xingrg/kc/pszx/mdps_list_operate.html HTTP/1.1" 200 5350
101.83.145.79 - - [31/Jul/2021:09:23:15 +0800] "GET /xingrg/all/function/internal_message.html?_=1627694594596&CODE_STATE=getMsg HTTP/1.1" 200 27
101.83.145.79 - - [31/Jul/2021:09:23:15 +0800] "GET /xingrg/check_reg.html?_=1627694594705 HTTP/1.1" 200 22
120.253.135.82 - - [31/Jul/2021:09:23:16 +0800] "POST /xingrg/kc/pszx/mdps_list_operate.html HTTP/1.1" 200 610
120.253.135.82 - - [31/Jul/2021:09:23:16 +0800] "GET /xingrg/kc/pszx/mdps_order_info.html?code=312021073100714 HTTP/1.1" 200 23927
120.253.135.82 - - [31/Jul/2021:09:23:17 +0800] "GET /xingrg/javascript/easyui/themes/default/validatebox.css HTTP/1.1" 404 1104
120.253.135.82 - - [31/Jul/2021:09:23:17 +0800] "POST /xingrg/kc/pszx/mdps_order_operate.html HTTP/1.1" 200 89061
180.156.224.123 - - [31/Jul/2021:09:23:19 +0800] "GET /xingrg/kc/buy/cgsh_order_operate.html?command=get_materiel&rest_code=00150&code=00101008024&supplier_code=00100007&order_time=2021-07-31 HTTP/1.1" 200 408
180.156.224.123 - - [31/Jul/2021:09:23:27 +0800] "POST /xingrg/kc/buy/cgsh_order_operate.html HTTP/1.1" 200 37
180.156.224.123 - - [31/Jul/2021:09:23:29 +0800] "POST /xingrg/kc/buy/cgsh_order_operate.html HTTP/1.1" 200 14502
116.235.222.38 - - [31/Jul/2021:09:23:30 +0800] "GET /xingrg/all/function/internal_message.html?_=1627694602757&CODE_STATE=getMsg HTTP/1.1" 200 27
117.184.7.30 - - [31/Jul/2021:09:23:30 +0800] "GET /xingrg/check_reg.html?_=1627694599743 HTTP/1.1" 200 22
120.253.135.82 - - [31/Jul/2021:09:23:31 +0800] "GET /xingrg/all/function/internal_message.html?_=1627694737475&CODE_STATE=getMsg HTTP/1.1" 200 27
180.156.224.123 - - [31/Jul/2021:09:23:32 +0800] "GET /xingrg/all/function/internal_message.html?_=1627694609602&CODE_STATE=getMsg HTTP/1.1" 200 27
180.156.224.123 - - [31/Jul/2021:09:23:33 +0800] "GET /xingrg/all/function/internal_message.html?_=1627694574162&CODE_STATE=getMsg HTTP/1.1" 200 27
222.69.129.197 - - [31/Jul/2021:09:23:33 +0800] "GET /xingrg/kc/buy/cgsh_order_add.html HTTP/1.1" 200 62931
222.69.129.197 - - [31/Jul/2021:09:23:34 +0800] "POST /xingrg/kc/buy/cgsh_order_operate.html HTTP/1.1" 200 8245
222.69.129.197 - - [31/Jul/2021:09:23:34 +0800] "GET /xingrg/javascript/easyui/themes/default/validatebox.css HTTP/1.1" 404 1104
222.70.176.145 - - [31/Jul/2021:09:23:40 +0800] "GET /xingrg/all/function/internal_message.html?_=1627694616215&CODE_STATE=getMsg HTTP/1.1" 200 27
120.253.135.82 - - [31/Jul/2021:09:23:41 +0800] "GET /xingrg/all/function/internal_message.html?_=1627694657722&CODE_STATE=getMsg HTTP/1.1" 200 27
116.233.73.163 - - [31/Jul/2021:09:23:45 +0800] "GET /xingrg/all/function/internal_message.html?_=1627694636534&CODE_STATE=getMsg HTTP/1.1" 200 27
116.233.73.163 - - [31/Jul/2021:09:23:45 +0800] "GET /xingrg/check_reg.html?_=1627694636534 HTTP/1.1" 200 22
180.156.224.123 - - [31/Jul/2021:09:23:45 +0800] "GET /xingrg/kc/buy/cgsh_order_operate.html?command=get_materiel&rest_code=00150&code=00101008301&supplier_code=00100007&order_time=2021-07-31 HTTP/1.1" 200 422
222.70.246.151 - - [31/Jul/2021:09:23:45 +0800] "GET /xingrg/all/function/internal_message.html?_=1627694621854&CODE_STATE=getMsg HTTP/1.1" 200 27
222.69.129.197 - - [31/Jul/2021:09:23:46 +0800] "GET /xingrg/all/function/internal_message.html?_=1627694626982&CODE_STATE=getMsg HTTP/1.1" 200 27
120.253.135.82 - - [31/Jul/2021:09:23:50 +0800] "GET /xingrg/check_reg.html?_=1627694409401 HTTP/1.1" 200 22
101.83.241.165 - - [31/Jul/2021:09:23:50 +0800] "GET /xingrg/kc/base/wldb_order_list.html HTTP/1.1" 200 19151
101.80.228.114 - - [31/Jul/2021:09:23:51 +0800] "GET /xingrg/all/function/internal_message.html?_=1627694630773&CODE_STATE=getMsg HTTP/1.1" 200 27
101.80.228.114 - - [31/Jul/2021:09:23:51 +0800] "GET /xingrg/check_reg.html?_=1627694630775 HTTP/1.1" 200 22
101.83.241.165 - - [31/Jul/2021:09:23:51 +0800] "POST /xingrg/kc/base/wldb_list_operate.html HTTP/1.1" 200 928
101.83.241.165 - - [31/Jul/2021:09:23:52 +0800] "GET /xingrg/kc/base/wldb_order_add.html HTTP/1.1" 200 30359
101.83.241.165 - - [31/Jul/2021:09:23:53 +0800] "POST /xingrg/kc/base/wldb_order_operate.html HTTP/1.1" 200 6806
101.83.241.165 - - [31/Jul/2021:09:23:53 +0800] "GET /xingrg/javascript/easyui/themes/default/validatebox.css HTTP/1.1" 404 1104
180.169.147.146 - - [31/Jul/2021:09:23:53 +0800] "GET /xingrg/all/function/internal_message.html?_=1627694625419&CODE_STATE=getMsg HTTP/1.1" 200 27
117.184.7.30 - - [31/Jul/2021:09:23:54 +0800] "GET /xingrg/all/function/internal_message.html?_=1627694623301&CODE_STATE=getMsg HTTP/1.1" 200 27
101.83.241.165 - - [31/Jul/2021:09:23:56 +0800] "GET /xingrg/css/images/panel_loading.gif HTTP/1.1" 200 1737
101.83.241.165 - - [31/Jul/2021:09:23:56 +0800] "POST /xingrg/all/common/load_combo.html?type=base HTTP/1.1" 200 1224
180.162.111.5 - - [31/Jul/2021:09:23:58 +0800] "GET /xingrg/all/function/internal_message.html?_=1627694261786&CODE_STATE=getMsg HTTP/1.1" 200 27
120.253.135.82 - - [31/Jul/2021:09:23:59 +0800] "GET /xingrg/all/function/internal_message.html?_=1627694417748&CODE_STATE=getMsg HTTP/1.1" 200 27
101.83.241.165 - - [31/Jul/2021:09:23:59 +0800] "POST /xingrg/all/common/load_combo.html?type=base HTTP/1.1" 200 1224
180.156.224.123 - - [31/Jul/2021:09:24:00 +0800] "GET /xingrg/kc/buy/cgsh_order_operate.html?command=get_materiel&rest_code=00150&code=00101008137&supplier_code=00100007&order_time=2021-07-31 HTTP/1.1" 200 408
222.70.176.145 - - [31/Jul/2021:09:24:05 +0800] "GET /xingrg/all/function/internal_message.html?_=1627694679540&CODE_STATE=getMsg HTTP/1.1" 302 -
180.169.147.146 - - [31/Jul/2021:09:24:06 +0800] "GET /xingrg/all/function/internal_message.html?_=1627694654890&CODE_STATE=getMsg HTTP/1.1" 302 -
101.83.241.165 - - [31/Jul/2021:09:24:07 +0800] "GET /xingrg/check_reg.html?_=1627694646775 HTTP/1.1" 200 22
101.83.241.165 - - [31/Jul/2021:09:24:07 +0800] "GET /xingrg/all/function/internal_message.html?_=1627694646769&CODE_STATE=getMsg HTTP/1.1" 200 27
116.230.110.80 - - [31/Jul/2021:09:24:08 +0800] "GET /xingrg/all/function/internal_message.html?_=1627694646915&CODE_STATE=getMsg HTTP/1.1" 200 27
180.156.224.123 - - [31/Jul/2021:09:24:09 +0800] "GET /xingrg/kc/buy/cgsh_order_operate.html?command=get_materiel&rest_code=00150&code=00101008270&supplier_code=00100007&order_time=2021-07-31 HTTP/1.1" 200 412
180.156.224.123 - - [31/Jul/2021:09:24:11 +0800] "GET /xingrg/check_reg.html?_=1627694612056 HTTP/1.1" 200 22
101.83.145.79 - - [31/Jul/2021:09:24:15 +0800] "GET /xingrg/all/function/internal_message.html?_=1627694654596&CODE_STATE=getMsg HTTP/1.1" 200 27
180.169.147.146 - - [31/Jul/2021:09:24:16 +0800] "GET /xingrg/check_reg.html?_=1627694648461 HTTP/1.1" 200 22
180.156.224.123 - - [31/Jul/2021:09:24:20 +0800] "GET /xingrg/kc/buy/cgsh_order_operate.html?command=get_materiel&rest_code=00150&code=00101008357&supplier_code=00100007&order_time=2021-07-31 HTTP/1.1" 200 408
180.156.224.123 - - [31/Jul/2021:09:24:27 +0800] "GET /xingrg/kc/buy/cgsh_order_operate.html?command=get_materiel&rest_code=00150&code=00101008069&supplier_code=00100007&order_time=2021-07-31 HTTP/1.1" 200 412
116.235.222.38 - - [31/Jul/2021:09:24:30 +0800] "GET /xingrg/all/function/internal_message.html?_=1627694662744&CODE_STATE=getMsg HTTP/1.1" 200 27
120.253.135.82 - - [31/Jul/2021:09:24:31 +0800] "GET /xingrg/all/function/internal_message.html?_=1627694797501&CODE_STATE=getMsg HTTP/1.1" 200 27
180.156.224.123 - - [31/Jul/2021:09:24:32 +0800] "GET /xingrg/check_reg.html?_=1627694669603 HTTP/1.1" 200 22
180.156.224.123 - - [31/Jul/2021:09:24:32 +0800] "GET /xingrg/all/function/internal_message.html?_=1627694669610&CODE_STATE=getMsg HTTP/1.1" 200 27
180.156.224.123 - - [31/Jul/2021:09:24:33 +0800] "GET /xingrg/all/function/internal_message.html?_=1627694634175&CODE_STATE=getMsg HTTP/1.1" 200 27
180.156.224.123 - - [31/Jul/2021:09:24:35 +0800] "POST /xingrg/kc/buy/cgsh_order_operate.html HTTP/1.1" 200 37
180.156.224.123 - - [31/Jul/2021:09:24:37 +0800] "POST /xingrg/kc/buy/cgsh_order_operate.html HTTP/1.1" 200 17467
222.70.176.145 - - [31/Jul/2021:09:24:40 +0800] "GET /xingrg/all/function/internal_message.html?_=1627694676212&CODE_STATE=getMsg HTTP/1.1" 200 27
120.253.135.82 - - [31/Jul/2021:09:24:41 +0800] "GET /xingrg/all/function/internal_message.html?_=1627694717730&CODE_STATE=getMsg HTTP/1.1" 200 27
222.70.246.151 - - [31/Jul/2021:09:24:43 +0800] "GET /xingrg/check_reg.html?_=1627694679991 HTTP/1.1" 200 22
116.233.73.163 - - [31/Jul/2021:09:24:45 +0800] "GET /xingrg/all/function/internal_message.html?_=1627694696536&CODE_STATE=getMsg HTTP/1.1" 200 27
222.70.246.151 - - [31/Jul/2021:09:24:45 +0800] "GET /xingrg/all/function/internal_message.html?_=1627694681868&CODE_STATE=getMsg HTTP/1.1" 200 27
180.156.224.123 - - [31/Jul/2021:09:24:46 +0800] "GET /xingrg/kc/buy/cgsh_order_operate.html?command=get_materiel&rest_code=00150&code=00101008286&supplier_code=00100007&order_time=2021-07-31 HTTP/1.1" 200 408
222.69.129.197 - - [31/Jul/2021:09:24:46 +0800] "GET /xingrg/all/function/internal_message.html?_=1627694687048&CODE_STATE=getMsg HTTP/1.1" 200 27
180.169.147.146 - - [31/Jul/2021:09:24:48 +0800] "GET /xingrg/check_reg.html?_=1627694687264 HTTP/1.1" 302 -
120.253.135.82 - - [31/Jul/2021:09:24:49 +0800] "GET /xingrg/javascript/jquery_easy_ui/themes/icons/area.png HTTP/1.1" 304 -
120.253.135.82 - - [31/Jul/2021:09:24:49 +0800] "GET /xingrg/javascript/jquery_easy_ui/themes/icons/manage.png HTTP/1.1" 304 -
120.253.135.82 - - [31/Jul/2021:09:24:49 +0800] "GET /xingrg/javascript/easyui/themes/sunny/images/ui-bg_gloss-wave_70_ffdd57_500x100.png HTTP/1.1" 200 3830
120.253.135.82 - - [31/Jul/2021:09:24:49 +0800] "GET /xingrg/javascript/easyui/themes/sunny/images/ui-bg_gloss-wave_70_ffdd57_500x100.png HTTP/1.1" 200 3830
120.253.135.82 - - [31/Jul/2021:09:24:50 +0800] "GET /xingrg/javascript/easyui/themes/sunny/images/ui-bg_gloss-wave_60_fece2f_500x100.png HTTP/1.1" 200 3512
120.253.135.82 - - [31/Jul/2021:09:24:50 +0800] "GET /xingrg/javascript/jquery_easy_ui/themes/default/images/tabs_active.png HTTP/1.1" 304 -
101.80.228.114 - - [31/Jul/2021:09:24:51 +0800] "GET /xingrg/all/function/internal_message.html?_=1627694690772&CODE_STATE=getMsg HTTP/1.1" 200 27
180.169.147.146 - - [31/Jul/2021:09:24:53 +0800] "GET /xingrg/all/function/internal_message.html?_=1627694685390&CODE_STATE=getMsg HTTP/1.1" 200 27
117.184.7.30 - - [31/Jul/2021:09:24:54 +0800] "GET /xingrg/all/function/internal_message.html?_=1627694683288&CODE_STATE=getMsg HTTP/1.1" 200 27
180.156.224.123 - - [31/Jul/2021:09:24:55 +0800] "GET /xingrg/kc/buy/cgsh_order_operate.html?command=get_materiel&rest_code=00150&code=00101008036&supplier_code=00100007&order_time=2021-07-31 HTTP/1.1" 200 408
180.162.111.5 - - [31/Jul/2021:09:24:58 +0800] "GET /xingrg/all/function/internal_message.html?_=1627694321786&CODE_STATE=getMsg HTTP/1.1" 200 27
120.253.135.82 - - [31/Jul/2021:09:24:59 +0800] "GET /xingrg/all/function/internal_message.html?_=1627694477761&CODE_STATE=getMsg HTTP/1.1" 200 27
180.156.224.123 - - [31/Jul/2021:09:25:03 +0800] "GET /xingrg/kc/buy/cgsh_order_operate.html?command=get_materiel&rest_code=00150&code=00101008131&supplier_code=00100007&order_time=2021-07-31 HTTP/1.1" 200 408
222.70.176.145 - - [31/Jul/2021:09:25:05 +0800] "GET /xingrg/check_reg.html?_=1627694739541 HTTP/1.1" 302 -
222.70.176.145 - - [31/Jul/2021:09:25:05 +0800] "GET /xingrg/all/function/internal_message.html?_=1627694739540&CODE_STATE=getMsg HTTP/1.1" 302 -
180.169.147.146 - - [31/Jul/2021:09:25:06 +0800] "GET /xingrg/all/function/internal_message.html?_=1627694714889&CODE_STATE=getMsg HTTP/1.1" 302 -
101.83.241.165 - - [31/Jul/2021:09:25:07 +0800] "GET /xingrg/all/function/internal_message.html?_=1627694706754&CODE_STATE=getMsg HTTP/1.1" 200 27
116.230.110.80 - - [31/Jul/2021:09:25:08 +0800] "GET /xingrg/all/function/internal_message.html?_=1627694706909&CODE_STATE=getMsg HTTP/1.1" 200 27
180.156.224.123 - - [31/Jul/2021:09:25:11 +0800] "GET /xingrg/kc/buy/cgsh_order_operate.html?command=get_materiel&rest_code=00150&code=00101008296&supplier_code=00100007&order_time=2021-07-31 HTTP/1.1" 200 416
101.83.145.79 - - [31/Jul/2021:09:25:15 +0800] "GET /xingrg/all/function/internal_message.html?_=1627694714596&CODE_STATE=getMsg HTTP/1.1" 200 27
180.156.224.123 - - [31/Jul/2021:09:25:19 +0800] "GET /xingrg/kc/buy/cgsh_order_operate.html?command=get_materiel&rest_code=00150&code=00101008318&supplier_code=00100007&order_time=2021-07-31 HTTP/1.1" 200 408
180.156.224.123 - - [31/Jul/2021:09:25:25 +0800] "POST /xingrg/kc/buy/cgsh_order_operate.html HTTP/1.1" 200 37
180.156.224.123 - - [31/Jul/2021:09:25:28 +0800] "POST /xingrg/kc/buy/cgsh_order_operate.html HTTP/1.1" 200 20408
116.235.222.38 - - [31/Jul/2021:09:25:30 +0800] "GET /xingrg/all/function/internal_message.html?_=1627694722745&CODE_STATE=getMsg HTTP/1.1" 200 27
120.253.135.82 - - [31/Jul/2021:09:25:31 +0800] "GET /xingrg/all/function/internal_message.html?_=1627694857517&CODE_STATE=getMsg HTTP/1.1" 200 27
180.156.224.123 - - [31/Jul/2021:09:25:32 +0800] "GET /xingrg/all/function/internal_message.html?_=1627694729608&CODE_STATE=getMsg HTTP/1.1" 200 27
58.40.7.146 - - [31/Jul/2021:09:25:32 +0800] "GET /xingrg/check_reg.html?_=1627694731644 HTTP/1.1" 302 -
180.156.224.123 - - [31/Jul/2021:09:25:33 +0800] "GET /xingrg/all/function/internal_message.html?_=1627694694189&CODE_STATE=getMsg HTTP/1.1" 200 27
180.156.224.123 - - [31/Jul/2021:09:25:37 +0800] "GET /xingrg/kc/buy/cgsh_order_operate.html?command=get_materiel&rest_code=00150&code=00101008371&supplier_code=00100007&order_time=2021-07-31 HTTP/1.1" 200 412
222.70.176.145 - - [31/Jul/2021:09:25:40 +0800] "GET /xingrg/all/function/internal_message.html?_=1627694736233&CODE_STATE=getMsg HTTP/1.1" 200 27
120.253.135.82 - - [31/Jul/2021:09:25:40 +0800] "GET /xingrg/check_reg.html?_=1627694777252 HTTP/1.1" 200 22
120.253.135.82 - - [31/Jul/2021:09:25:41 +0800] "GET /xingrg/all/function/internal_message.html?_=1627694777744&CODE_STATE=getMsg HTTP/1.1" 200 27
116.233.73.163 - - [31/Jul/2021:09:25:45 +0800] "GET /xingrg/all/function/internal_message.html?_=1627694756539&CODE_STATE=getMsg HTTP/1.1" 200 27
222.70.246.151 - - [31/Jul/2021:09:25:45 +0800] "GET /xingrg/all/function/internal_message.html?_=1627694741881&CODE_STATE=getMsg HTTP/1.1" 200 27
222.69.129.197 - - [31/Jul/2021:09:25:46 +0800] "GET /xingrg/all/function/internal_message.html?_=1627694746930&CODE_STATE=getMsg HTTP/1.1" 200 27
180.156.224.123 - - [31/Jul/2021:09:25:51 +0800] "GET /xingrg/kc/buy/cgsh_order_operate.html?command=get_materiel&rest_code=00150&code=00101008361&supplier_code=00100007&order_time=2021-07-31 HTTP/1.1" 200 408
101.80.228.114 - - [31/Jul/2021:09:25:51 +0800] "GET /xingrg/all/function/internal_message.html?_=1627694750772&CODE_STATE=getMsg HTTP/1.1" 200 27
180.169.147.146 - - [31/Jul/2021:09:25:53 +0800] "GET /xingrg/all/function/internal_message.html?_=1627694745360&CODE_STATE=getMsg HTTP/1.1" 200 27
117.184.7.30 - - [31/Jul/2021:09:25:54 +0800] "GET /xingrg/all/function/internal_message.html?_=1627694743270&CODE_STATE=getMsg HTTP/1.1" 200 27
180.162.111.5 - - [31/Jul/2021:09:25:58 +0800] "GET /xingrg/all/function/internal_message.html?_=1627694381785&CODE_STATE=getMsg HTTP/1.1" 200 27
180.162.111.5 - - [31/Jul/2021:09:25:58 +0800] "GET /xingrg/check_reg.html?_=1627694381788 HTTP/1.1" 200 22
120.253.135.82 - - [31/Jul/2021:09:25:59 +0800] "GET /xingrg/all/function/internal_message.html?_=1627694537775&CODE_STATE=getMsg HTTP/1.1" 200 27
222.70.176.145 - - [31/Jul/2021:09:26:05 +0800] "GET /xingrg/all/function/internal_message.html?_=1627694799540&CODE_STATE=getMsg HTTP/1.1" 302 -
180.156.224.123 - - [31/Jul/2021:09:26:06 +0800] "GET /xingrg/kc/buy/cgsh_order_operate.html?command=get_materiel&rest_code=00150&code=00101008353&supplier_code=00100007&order_time=2021-07-31 HTTP/1.1" 200 408
180.169.147.146 - - [31/Jul/2021:09:26:06 +0800] "GET /xingrg/all/function/internal_message.html?_=1627694774887&CODE_STATE=getMsg HTTP/1.1" 302 -
101.83.241.165 - - [31/Jul/2021:09:26:07 +0800] "GET /xingrg/all/function/internal_message.html?_=1627694766764&CODE_STATE=getMsg HTTP/1.1" 200 27
116.230.110.80 - - [31/Jul/2021:09:26:08 +0800] "GET /xingrg/all/function/internal_message.html?_=1627694766920&CODE_STATE=getMsg HTTP/1.1" 200 27
101.83.145.79 - - [31/Jul/2021:09:26:15 +0800] "GET /xingrg/all/function/internal_message.html?_=1627694774596&CODE_STATE=getMsg HTTP/1.1" 200 27
180.156.224.123 - - [31/Jul/2021:09:26:16 +0800] "GET /xingrg/kc/buy/cgsh_order_operate.html?command=get_materiel&rest_code=00150&code=00101008213&supplier_code=00100007&order_time=2021-07-31 HTTP/1.1" 200 412
180.156.224.123 - - [31/Jul/2021:09:26:21 +0800] "POST /xingrg/kc/buy/cgsh_order_operate.html HTTP/1.1" 200 37
180.156.224.123 - - [31/Jul/2021:09:26:23 +0800] "POST /xingrg/kc/buy/cgsh_order_operate.html HTTP/1.1" 200 23355
116.235.222.38 - - [31/Jul/2021:09:26:30 +0800] "GET /xingrg/all/function/internal_message.html?_=1627694782749&CODE_STATE=getMsg HTTP/1.1" 200 27
180.156.224.123 - - [31/Jul/2021:09:26:31 +0800] "GET /xingrg/kc/buy/cgsh_order_operate.html?command=get_materiel&rest_code=00150&code=00101008312&supplier_code=00100007&order_time=2021-07-31 HTTP/1.1" 200 412
120.253.135.82 - - [31/Jul/2021:09:26:31 +0800] "GET /xingrg/check_reg.html?_=1627694917465 HTTP/1.1" 200 22
120.253.135.82 - - [31/Jul/2021:09:26:31 +0800] "GET /xingrg/all/function/internal_message.html?_=1627694917530&CODE_STATE=getMsg HTTP/1.1" 200 27
180.156.224.123 - - [31/Jul/2021:09:26:32 +0800] "GET /xingrg/all/function/internal_message.html?_=1627694789609&CODE_STATE=getMsg HTTP/1.1" 200 27
180.156.224.123 - - [31/Jul/2021:09:26:34 +0800] "GET /xingrg/all/function/internal_message.html?_=1627694754315&CODE_STATE=getMsg HTTP/1.1" 200 27
222.70.176.145 - - [31/Jul/2021:09:26:40 +0800] "GET /xingrg/all/function/internal_message.html?_=1627694796239&CODE_STATE=getMsg HTTP/1.1" 200 27
222.70.176.145 - - [31/Jul/2021:09:26:40 +0800] "GET /xingrg/check_reg.html?_=1627694796243 HTTP/1.1" 200 22
180.156.224.123 - - [31/Jul/2021:09:26:40 +0800] "GET /xingrg/kc/buy/cgsh_order_operate.html?command=get_materiel&rest_code=00150&code=00101008095&supplier_code=00100007&order_time=2021-07-31 HTTP/1.1" 200 412
120.253.135.82 - - [31/Jul/2021:09:26:41 +0800] "GET /xingrg/all/function/internal_message.html?_=1627694837757&CODE_STATE=getMsg HTTP/1.1" 200 27
116.233.73.163 - - [31/Jul/2021:09:26:45 +0800] "GET /xingrg/all/function/internal_message.html?_=1627694816540&CODE_STATE=getMsg HTTP/1.1" 200 27
222.70.246.151 - - [31/Jul/2021:09:26:45 +0800] "GET /xingrg/all/function/internal_message.html?_=1627694801895&CODE_STATE=getMsg HTTP/1.1" 200 27
222.69.129.197 - - [31/Jul/2021:09:26:46 +0800] "GET /xingrg/all/function/internal_message.html?_=1627694806914&CODE_STATE=getMsg HTTP/1.1" 200 27
180.156.224.123 - - [31/Jul/2021:09:26:46 +0800] "GET /xingrg/kc/buy/cgsh_order_operate.html?command=get_materiel&rest_code=00150&code=00101008229&supplier_code=00100007&order_time=2021-07-31 HTTP/1.1" 200 439
222.70.246.151 - - [31/Jul/2021:09:26:47 +0800] "POST /xingrg/services/DataTransmitService HTTP/1.1" 200 524
222.70.246.151 - - [31/Jul/2021:09:26:48 +0800] "POST /xingrg/services/DataTransmitService HTTP/1.1" 200 2171
101.83.241.165 - - [31/Jul/2021:09:26:49 +0800] "GET /xingrg/kc/base/wldb_order_operate.html?command=get_materiel&rest_code=00154&base_code=0010724&code=00101019238 HTTP/1.1" 200 468
