101.83.145.79 - - [30/Jul/2021:10:00:46 +0800] "GET /xingrg/index.html?sysBaseUrl=http%3A%2F%2F180.169.147.146%3A18081%2Fxingrg%2F&costTime=45×tamp=1627610446680 HTTP/1.1" 200 17173
101.83.145.79 - - [30/Jul/2021:10:00:46 +0800] "POST /xingrg/all/common/load_tree.html?tree=area_rest_tree_json&manage=1 HTTP/1.1" 200 3466
101.83.145.79 - - [30/Jul/2021:10:00:46 +0800] "GET /favicon.ico HTTP/1.1" 404 -
101.83.145.79 - - [30/Jul/2021:10:00:46 +0800] "GET /xingrg/check_reg.html?_=1627610444956 HTTP/1.1" 200 22
101.83.145.79 - - [30/Jul/2021:10:00:46 +0800] "GET /xingrg/all/function/internal_message.html?_=1627610444955&CODE_STATE=count HTTP/1.1" 200 11
101.83.145.79 - - [30/Jul/2021:10:00:47 +0800] "POST /xingrg/load_menu.html HTTP/1.1" 200 5138
180.169.147.146 - - [30/Jul/2021:10:00:47 +0800] "GET /xingrg/all/function/internal_message.html?_=1627610437801&CODE_STATE=getMsg HTTP/1.1" 302 -
180.156.224.123 - - [30/Jul/2021:10:00:48 +0800] "GET /xingrg/all/function/internal_message.html?_=1627610407441&CODE_STATE=getMsg HTTP/1.1" 200 27
101.83.145.79 - - [30/Jul/2021:10:00:49 +0800] "GET /xingrg/kc/buy/cgsh_order_list.html HTTP/1.1" 200 47140
180.156.224.123 - - [30/Jul/2021:10:00:49 +0800] "GET /xingrg/all/function/internal_message.html?_=1627610445592&CODE_STATE=getMsg HTTP/1.1" 200 27
101.83.145.79 - - [30/Jul/2021:10:00:50 +0800] "POST /xingrg/kc/buy/cgsh_list_operate.html HTTP/1.1" 200 2770
180.174.197.120 - - [30/Jul/2021:10:00:51 +0800] "GET /xingrg/all/function/internal_message.html?_=1627610420112&CODE_STATE=getMsg HTTP/1.1" 200 27
180.169.147.146 - - [30/Jul/2021:10:00:52 +0800] "GET /xingrg/all/function/internal_message.html?_=1627610449287&CODE_STATE=getMsg HTTP/1.1" 302 -
101.83.145.79 - - [30/Jul/2021:10:00:53 +0800] "POST /xingrg/kc/buy/cgsh_list_operate.html HTTP/1.1" 200 349
101.83.145.79 - - [30/Jul/2021:10:00:53 +0800] "GET /xingrg/kc/buy/cgsh_order_info.html?code=212021073013464 HTTP/1.1" 200 62936
101.83.145.79 - - [30/Jul/2021:10:00:53 +0800] "GET /xingrg/all/common/auto_word.html?type=employee&rest_code=00105 HTTP/1.1" 200 193
101.83.145.79 - - [30/Jul/2021:10:00:53 +0800] "GET /xingrg/all/common/auto_word.html?type=employee&rest_code=00105 HTTP/1.1" 200 193
101.83.145.79 - - [30/Jul/2021:10:00:53 +0800] "GET /xingrg/javascript/easyui/themes/default/validatebox.css HTTP/1.1" 404 1104
101.83.145.79 - - [30/Jul/2021:10:00:54 +0800] "POST /xingrg/kc/buy/cgsh_order_operate.html HTTP/1.1" 200 3840
101.83.145.79 - - [30/Jul/2021:10:00:55 +0800] "GET /xingrg/kc/print/load_config.html?kc_code=cgsh HTTP/1.1" 200 1845
101.83.145.79 - - [30/Jul/2021:10:00:55 +0800] "GET /xingrg/kc/print/load_data.html?order_code=212021073013464&kc_code=cgsh&condition= HTTP/1.1" 200 1113
180.169.147.146 - - [30/Jul/2021:10:00:55 +0800] "GET /xingrg/all/function/internal_message.html?_=1627610453774&CODE_STATE=getMsg HTTP/1.1" 302 -
180.169.147.146 - - [30/Jul/2021:10:00:57 +0800] "GET /xingrg/all/function/internal_message.html?_=1627610454207&CODE_STATE=getMsg HTTP/1.1" 302 -
222.70.176.145 - - [30/Jul/2021:10:01:01 +0800] "GET /xingrg/all/function/internal_message.html?_=1627610493031&CODE_STATE=getMsg HTTP/1.1" 302 -
180.169.147.146 - - [30/Jul/2021:10:01:06 +0800] "GET /xingrg/all/function/internal_message.html?_=1627610470805&CODE_STATE=getMsg HTTP/1.1" 302 -
116.232.50.204 - - [30/Jul/2021:10:01:09 +0800] "POST /xingrg/services/DataTransmitService HTTP/1.1" 200 501
116.232.50.204 - - [30/Jul/2021:10:01:09 +0800] "POST /xingrg/services/DataTransmitService HTTP/1.1" 200 501
116.232.50.204 - - [30/Jul/2021:10:01:10 +0800] "POST /xingrg/services/DataTransmitService HTTP/1.1" 200 501
116.232.50.204 - - [30/Jul/2021:10:01:12 +0800] "POST /xingrg/services/DataTransmitService HTTP/1.1" 200 501
222.70.176.145 - - [30/Jul/2021:10:01:12 +0800] "GET /xingrg/all/function/internal_message.html?_=1627610466138&CODE_STATE=getMsg HTTP/1.1" 200 27
222.70.176.145 - - [30/Jul/2021:10:01:12 +0800] "GET /xingrg/check_reg.html?_=1627610466144 HTTP/1.1" 200 22
116.232.50.204 - - [30/Jul/2021:10:01:12 +0800] "POST /xingrg/services/DataTransmitService HTTP/1.1" 200 501
116.232.50.204 - - [30/Jul/2021:10:01:14 +0800] "POST /xingrg/services/DataTransmitService HTTP/1.1" 200 501
116.232.50.204 - - [30/Jul/2021:10:01:15 +0800] "POST /xingrg/services/DataTransmitService HTTP/1.1" 200 501
116.232.50.204 - - [30/Jul/2021:10:01:16 +0800] "POST /xingrg/services/DataTransmitService HTTP/1.1" 200 501
116.232.50.204 - - [30/Jul/2021:10:01:17 +0800] "GET /xingrg/all/function/internal_message.html?_=1627610485177&CODE_STATE=getMsg HTTP/1.1" 302 -
116.232.50.204 - - [30/Jul/2021:10:01:17 +0800] "GET /xingrg/login.html HTTP/1.1" 200 7641
116.232.50.204 - - [30/Jul/2021:10:01:17 +0800] "POST /xingrg/services/DataTransmitService HTTP/1.1" 200 412
101.83.145.79 - - [30/Jul/2021:10:01:17 +0800] "GET /xingrg/kc/buy/cgsh_order_list.html HTTP/1.1" 200 47140
120.253.135.82 - - [30/Jul/2021:10:01:18 +0800] "GET /xingrg/check_reg.html?_=1627610600250 HTTP/1.1" 302 -
120.253.135.82 - - [30/Jul/2021:10:01:18 +0800] "GET /xingrg/all/function/internal_message.html?_=1627610601273&CODE_STATE=getMsg HTTP/1.1" 302 -
101.83.145.79 - - [30/Jul/2021:10:01:19 +0800] "POST /xingrg/kc/buy/cgsh_list_operate.html HTTP/1.1" 200 2770
180.156.224.123 - - [30/Jul/2021:10:01:20 +0800] "POST /xingrg/kc/buy/cgsh_order_operate.html HTTP/1.1" 200 37
101.83.145.79 - - [30/Jul/2021:10:01:21 +0800] "POST /xingrg/kc/buy/cgsh_list_operate.html HTTP/1.1" 200 349
101.83.145.79 - - [30/Jul/2021:10:01:21 +0800] "GET /xingrg/kc/buy/cgsh_order_info.html?code=212021073013464 HTTP/1.1" 200 62936
101.83.145.79 - - [30/Jul/2021:10:01:21 +0800] "GET /xingrg/javascript/easyui/themes/default/validatebox.css HTTP/1.1" 404 1104
101.83.145.79 - - [30/Jul/2021:10:01:22 +0800] "POST /xingrg/kc/buy/cgsh_order_operate.html HTTP/1.1" 200 3840
58.40.7.146 - - [30/Jul/2021:10:01:23 +0800] "GET /xingrg/all/function/internal_message.html?_=1627610480018&CODE_STATE=getMsg HTTP/1.1" 302 -
58.40.7.146 - - [30/Jul/2021:10:01:23 +0800] "GET /xingrg/check_reg.html?_=1627610480019 HTTP/1.1" 302 -
180.156.224.123 - - [30/Jul/2021:10:01:23 +0800] "POST /xingrg/kc/buy/cgsh_order_operate.html HTTP/1.1" 200 12
180.156.224.123 - - [30/Jul/2021:10:01:24 +0800] "GET /xingrg/kc/buy/cgsh_order_info.html?code=212021073013457 HTTP/1.1" 200 57723
180.156.224.123 - - [30/Jul/2021:10:01:24 +0800] "GET /xingrg/javascript/easyui/themes/default/validatebox.css HTTP/1.1" 404 1104
180.156.224.123 - - [30/Jul/2021:10:01:25 +0800] "POST /xingrg/kc/buy/cgsh_order_operate.html HTTP/1.1" 200 27242
222.70.246.151 - - [30/Jul/2021:10:01:25 +0800] "GET /xingrg/all/function/internal_message.html?_=1627610487086&CODE_STATE=getMsg HTTP/1.1" 302 -
180.156.224.123 - - [30/Jul/2021:10:01:27 +0800] "GET /xingrg/kc/print/load_data.html?order_code=212021073013457&kc_code=cgsh&condition= HTTP/1.1" 200 10866
101.83.145.79 - - [30/Jul/2021:10:01:37 +0800] "POST /xingrg/kc/buy/cgsh_list_operate.html HTTP/1.1" 200 2770
116.237.74.182 - - [30/Jul/2021:10:01:38 +0800] "GET /xingrg/kc/buy/buy_main.html HTTP/1.1" 302 -
116.237.74.182 - - [30/Jul/2021:10:01:38 +0800] "GET /xingrg/login.html HTTP/1.1" 200 7641
116.237.74.182 - - [30/Jul/2021:10:01:38 +0800] "GET /xingrg/login.html HTTP/1.1" 200 7641
101.83.145.79 - - [30/Jul/2021:10:01:38 +0800] "POST /xingrg/kc/buy/cgsh_list_operate.html HTTP/1.1" 200 565
114.88.154.248 - - [30/Jul/2021:10:01:39 +0800] "GET /xingrg/all/function/internal_message.html?_=1627610400795&CODE_STATE=getMsg HTTP/1.1" 200 27
101.83.145.79 - - [30/Jul/2021:10:01:39 +0800] "GET /xingrg/kc/buy/cgsh_order_info.html?code=212021073013452 HTTP/1.1" 200 62928
101.83.145.79 - - [30/Jul/2021:10:01:40 +0800] "GET /xingrg/javascript/easyui/themes/default/validatebox.css HTTP/1.1" 404 1104
101.83.145.79 - - [30/Jul/2021:10:01:40 +0800] "POST /xingrg/kc/buy/cgsh_order_operate.html HTTP/1.1" 200 52864
222.69.128.39 - - [30/Jul/2021:10:01:40 +0800] "GET /xingrg/login.html?sysBaseUrl=http%3A%2F%2F180.169.147.146%3A18081%2Fxingrg%2F&costTime=31×tamp=1615347190560 HTTP/1.1" 200 7641
222.69.128.39 - - [30/Jul/2021:10:01:40 +0800] "GET /favicon.ico HTTP/1.1" 404 -
116.237.74.182 - - [30/Jul/2021:10:01:42 +0800] "GET /favicon.ico HTTP/1.1" 404 -
180.169.147.146 - - [30/Jul/2021:10:01:42 +0800] "GET /xingrg/check_reg.html?_=1627610497864 HTTP/1.1" 302 -
180.169.147.146 - - [30/Jul/2021:10:01:42 +0800] "GET /xingrg/all/function/internal_message.html?_=1627610497870&CODE_STATE=getMsg HTTP/1.1" 302 -
222.69.128.39 - - [30/Jul/2021:10:01:42 +0800] "POST /xingrg/login.do HTTP/1.1" 302 -
222.69.128.39 - - [30/Jul/2021:10:01:42 +0800] "GET /xingrg/index.html?sysBaseUrl=http%3A%2F%2F180.169.147.146%3A18081%2Fxingrg%2F&costTime=56×tamp=1627610502714 HTTP/1.1" 200 17179
222.69.128.39 - - [30/Jul/2021:10:01:42 +0800] "GET /favicon.ico HTTP/1.1" 404 -
222.69.128.39 - - [30/Jul/2021:10:01:42 +0800] "POST /xingrg/all/common/load_tree.html?tree=area_rest_tree_json&manage=1 HTTP/1.1" 200 351
222.69.128.39 - - [30/Jul/2021:10:01:43 +0800] "GET /xingrg/check_reg.html?_=1627610499645 HTTP/1.1" 200 22
222.69.128.39 - - [30/Jul/2021:10:01:43 +0800] "GET /xingrg/all/function/internal_message.html?_=1627610499644&CODE_STATE=count HTTP/1.1" 200 11
222.69.128.39 - - [30/Jul/2021:10:01:43 +0800] "POST /xingrg/load_menu.html HTTP/1.1" 200 5138
180.169.147.146 - - [30/Jul/2021:10:01:44 +0800] "GET /xingrg/all/function/internal_message.html?_=1627610502851&CODE_STATE=getMsg HTTP/1.1" 302 -
116.237.74.182 - - [30/Jul/2021:10:01:44 +0800] "POST /xingrg/login.do HTTP/1.1" 302 -
116.237.74.182 - - [30/Jul/2021:10:01:45 +0800] "GET /xingrg/index.html?sysBaseUrl=http%3A%2F%2F180.169.147.146%3A18081%2Fxingrg%2F&costTime=497×tamp=1627610504821 HTTP/1.1" 200 17173
116.230.110.80 - - [30/Jul/2021:10:01:46 +0800] "GET /xingrg/all/function/internal_message.html?_=1627610487920&CODE_STATE=getMsg HTTP/1.1" 200 27
101.83.145.79 - - [30/Jul/2021:10:01:46 +0800] "GET /xingrg/all/function/internal_message.html?_=1627610504963&CODE_STATE=getMsg HTTP/1.1" 200 27
180.169.147.146 - - [30/Jul/2021:10:01:47 +0800] "GET /xingrg/all/function/internal_message.html?_=1627610497805&CODE_STATE=getMsg HTTP/1.1" 302 -
180.156.224.123 - - [30/Jul/2021:10:01:48 +0800] "GET /xingrg/check_reg.html?_=1627610467399 HTTP/1.1" 200 22
180.156.224.123 - - [30/Jul/2021:10:01:48 +0800] "GET /xingrg/all/function/internal_message.html?_=1627610467456&CODE_STATE=getMsg HTTP/1.1" 200 27
116.237.74.182 - - [30/Jul/2021:10:01:49 +0800] "GET /favicon.ico HTTP/1.1" 404 -
180.156.224.123 - - [30/Jul/2021:10:01:49 +0800] "GET /xingrg/all/function/internal_message.html?_=1627610505607&CODE_STATE=getMsg HTTP/1.1" 200 27
180.156.224.123 - - [30/Jul/2021:10:01:49 +0800] "GET /xingrg/check_reg.html?_=1627610505623 HTTP/1.1" 200 22
180.174.197.120 - - [30/Jul/2021:10:01:51 +0800] "GET /xingrg/all/function/internal_message.html?_=1627610480127&CODE_STATE=getMsg HTTP/1.1" 200 27
180.169.147.146 - - [30/Jul/2021:10:01:52 +0800] "GET /xingrg/all/function/internal_message.html?_=1627610509286&CODE_STATE=getMsg HTTP/1.1" 302 -
116.237.74.182 - - [30/Jul/2021:10:01:53 +0800] "POST /xingrg/all/common/load_tree.html?tree=area_rest_tree_json&manage=1 HTTP/1.1" 200 342
116.237.74.182 - - [30/Jul/2021:10:01:54 +0800] "GET /xingrg/check_reg.html?_=1627610507525 HTTP/1.1" 200 22
116.237.74.182 - - [30/Jul/2021:10:01:54 +0800] "GET /xingrg/all/function/internal_message.html?_=1627610507523&CODE_STATE=count HTTP/1.1" 200 11
116.237.74.182 - - [30/Jul/2021:10:01:54 +0800] "POST /xingrg/load_menu.html HTTP/1.1" 200 5138
180.169.147.146 - - [30/Jul/2021:10:01:55 +0800] "GET /xingrg/all/function/internal_message.html?_=1627610513765&CODE_STATE=getMsg HTTP/1.1" 302 -
180.169.147.146 - - [30/Jul/2021:10:01:57 +0800] "GET /xingrg/all/function/internal_message.html?_=1627610514225&CODE_STATE=getMsg HTTP/1.1" 302 -
222.70.176.145 - - [30/Jul/2021:10:02:01 +0800] "GET /xingrg/all/function/internal_message.html?_=1627610553034&CODE_STATE=getMsg HTTP/1.1" 302 -
222.70.176.145 - - [30/Jul/2021:10:02:01 +0800] "GET /xingrg/check_reg.html?_=1627610553031 HTTP/1.1" 302 -
180.169.147.146 - - [30/Jul/2021:10:02:06 +0800] "GET /xingrg/all/function/internal_message.html?_=1627610530803&CODE_STATE=getMsg HTTP/1.1" 302 -
180.169.147.146 - - [30/Jul/2021:10:02:06 +0800] "GET /xingrg/check_reg.html?_=1627610530805 HTTP/1.1" 302 -
222.70.176.145 - - [30/Jul/2021:10:02:12 +0800] "GET /xingrg/all/function/internal_message.html?_=1627610526130&CODE_STATE=getMsg HTTP/1.1" 200 27
116.237.74.182 - - [30/Jul/2021:10:02:15 +0800] "GET /xingrg/kc/buy/buy_main.html HTTP/1.1" 200 12412
116.237.74.182 - - [30/Jul/2021:10:02:15 +0800] "GET /xingrg/css/new_ie.css HTTP/1.1" 404 1036
116.232.50.204 - - [30/Jul/2021:10:02:17 +0800] "GET /xingrg/all/function/internal_message.html?_=1627610545179&CODE_STATE=getMsg HTTP/1.1" 302 -
116.232.50.204 - - [30/Jul/2021:10:02:17 +0800] "GET /xingrg/login.html HTTP/1.1" 200 7641
116.237.74.182 - - [30/Jul/2021:10:02:18 +0800] "GET /xingrg/images/yd/bt.gif HTTP/1.1" 404 1040
120.253.135.82 - - [30/Jul/2021:10:02:19 +0800] "GET /xingrg/all/function/internal_message.html?_=1627610661328&CODE_STATE=getMsg HTTP/1.1" 302 -
116.237.74.182 - - [30/Jul/2021:10:02:19 +0800] "GET /xingrg/kc/buy/cgsh_order_list.html HTTP/1.1" 200 47140
116.237.74.182 - - [30/Jul/2021:10:02:22 +0800] "POST /xingrg/kc/buy/cgsh_list_operate.html HTTP/1.1" 200 876
58.40.7.146 - - [30/Jul/2021:10:02:23 +0800] "GET /xingrg/all/function/internal_message.html?_=1627610540020&CODE_STATE=getMsg HTTP/1.1" 302 -
116.237.74.182 - - [30/Jul/2021:10:02:23 +0800] "GET /xingrg/kc/buy/cgsh_order_add.html HTTP/1.1" 200 62884
116.237.74.182 - - [30/Jul/2021:10:02:23 +0800] "GET /xingrg/words/20210729165926_words.js HTTP/1.1" 200 829755
116.237.74.182 - - [30/Jul/2021:10:02:24 +0800] "POST /xingrg/kc/buy/cgsh_order_operate.html HTTP/1.1" 200 8245
116.237.74.182 - - [30/Jul/2021:10:02:24 +0800] "GET /xingrg/all/common/auto_word.html?type=employee&rest_code=00106 HTTP/1.1" 200 205
116.237.74.182 - - [30/Jul/2021:10:02:24 +0800] "GET /xingrg/javascript/easyui/themes/default/validatebox.css HTTP/1.1" 404 1104
116.237.74.182 - - [30/Jul/2021:10:02:25 +0800] "GET /xingrg/all/common/auto_word.html?type=employee&rest_code=00106 HTTP/1.1" 200 205
222.70.246.151 - - [30/Jul/2021:10:02:25 +0800] "GET /xingrg/all/function/internal_message.html?_=1627610547100&CODE_STATE=getMsg HTTP/1.1" 302 -
116.237.74.182 - - [30/Jul/2021:10:02:29 +0800] "GET /xingrg/javascript/auto/indicator.gif HTTP/1.1" 404 1066
116.237.74.182 - - [30/Jul/2021:10:02:33 +0800] "GET /xingrg/kc/buy/cgsh_order_operate.html?command=get_materiel&rest_code=00106&code=00102010066&supplier_code=&order_time=2021-07-30 HTTP/1.1" 200 416
114.88.154.248 - - [30/Jul/2021:10:02:39 +0800] "GET /xingrg/all/function/internal_message.html?_=1627610460802&CODE_STATE=getMsg HTTP/1.1" 200 27
222.70.246.151 - - [30/Jul/2021:10:02:39 +0800] "GET /xingrg/check_reg.html?_=1627610560965 HTTP/1.1" 302 -
180.169.147.146 - - [30/Jul/2021:10:02:42 +0800] "GET /xingrg/all/function/internal_message.html?_=1627610557863&CODE_STATE=getMsg HTTP/1.1" 302 -
222.69.128.39 - - [30/Jul/2021:10:02:43 +0800] "GET /xingrg/all/function/internal_message.html?_=1627610559654&CODE_STATE=getMsg HTTP/1.1" 200 27
180.169.147.146 - - [30/Jul/2021:10:02:44 +0800] "GET /xingrg/check_reg.html?_=1627610562849 HTTP/1.1" 302 -
180.169.147.146 - - [30/Jul/2021:10:02:44 +0800] "GET /xingrg/all/function/internal_message.html?_=1627610562850&CODE_STATE=getMsg HTTP/1.1" 302 -
116.230.110.80 - - [30/Jul/2021:10:02:46 +0800] "GET /xingrg/all/function/internal_message.html?_=1627610547907&CODE_STATE=getMsg HTTP/1.1" 200 27
101.83.145.79 - - [30/Jul/2021:10:02:46 +0800] "GET /xingrg/all/function/internal_message.html?_=1627610564966&CODE_STATE=getMsg HTTP/1.1" 200 27
180.169.147.146 - - [30/Jul/2021:10:02:47 +0800] "GET /xingrg/all/function/internal_message.html?_=1627610557783&CODE_STATE=getMsg HTTP/1.1" 302 -
180.156.224.123 - - [30/Jul/2021:10:02:48 +0800] "GET /xingrg/all/function/internal_message.html?_=1627610527478&CODE_STATE=getMsg HTTP/1.1" 200 27
180.156.224.123 - - [30/Jul/2021:10:02:49 +0800] "GET /xingrg/all/function/internal_message.html?_=1627610565609&CODE_STATE=getMsg HTTP/1.1" 200 27
180.174.197.120 - - [30/Jul/2021:10:02:51 +0800] "GET /xingrg/all/function/internal_message.html?_=1627610540139&CODE_STATE=getMsg HTTP/1.1" 200 27
180.169.147.146 - - [30/Jul/2021:10:02:52 +0800] "GET /xingrg/all/function/internal_message.html?_=1627610569287&CODE_STATE=getMsg HTTP/1.1" 302 -
116.237.74.182 - - [30/Jul/2021:10:02:54 +0800] "GET /xingrg/all/function/internal_message.html?_=1627610567546&CODE_STATE=getMsg HTTP/1.1" 200 27
180.169.147.146 - - [30/Jul/2021:10:02:55 +0800] "GET /xingrg/all/function/internal_message.html?_=1627610573773&CODE_STATE=getMsg HTTP/1.1" 302 -
180.169.147.146 - - [30/Jul/2021:10:02:55 +0800] "GET /xingrg/check_reg.html?_=1627610573777 HTTP/1.1" 302 -
180.169.147.146 - - [30/Jul/2021:10:02:57 +0800] "GET /xingrg/all/function/internal_message.html?_=1627610574210&CODE_STATE=getMsg HTTP/1.1" 302 -
120.253.135.82 - - [30/Jul/2021:10:03:00 +0800] "GET /xingrg/kc/pszx/mdqp_order_list.html?state=10 HTTP/1.1" 302 -
120.253.135.82 - - [30/Jul/2021:10:03:00 +0800] "GET /xingrg/login.html HTTP/1.1" 200 7641
120.253.135.82 - - [30/Jul/2021:10:03:00 +0800] "GET /xingrg/login.html HTTP/1.1" 200 7641
120.253.135.82 - - [30/Jul/2021:10:03:00 +0800] "GET /favicon.ico HTTP/1.1" 404 -
222.70.176.145 - - [30/Jul/2021:10:03:01 +0800] "GET /xingrg/all/function/internal_message.html?_=1627610613034&CODE_STATE=getMsg HTTP/1.1" 302 -
180.156.224.123 - - [30/Jul/2021:10:03:01 +0800] "POST /xingrg/all/user/operate.html HTTP/1.1" 200 36
180.156.224.123 - - [30/Jul/2021:10:03:01 +0800] "GET /xingrg/javascript/jquery_easy_ui/themes/default/easyui.css HTTP/1.1" 304 -
180.156.224.123 - - [30/Jul/2021:10:03:01 +0800] "GET /xingrg/index.html?sysBaseUrl=http%3A%2F%2F180.169.147.146%3A18081%2Fxingrg%2F&costTime=47×tamp=1627610065803 HTTP/1.1" 200 17179
180.156.224.123 - - [30/Jul/2021:10:03:01 +0800] "GET /xingrg/javascript/jquery_easy_ui/themes/icon.css HTTP/1.1" 304 -
180.156.224.123 - - [30/Jul/2021:10:03:01 +0800] "GET /xingrg/css/form.css HTTP/1.1" 304 -
180.156.224.123 - - [30/Jul/2021:10:03:01 +0800] "GET /xingrg/javascript/jquery-1.4.2.min.js HTTP/1.1" 304 -
180.156.224.123 - - [30/Jul/2021:10:03:01 +0800] "GET /xingrg/javascript/jquery_easy_ui/jquery.easyui.min.js HTTP/1.1" 304 -
180.156.224.123 - - [30/Jul/2021:10:03:01 +0800] "GET /xingrg/javascript/jquery_easy_ui/easyui-lang-zh_CN.js HTTP/1.1" 304 -
180.156.224.123 - - [30/Jul/2021:10:03:01 +0800] "GET /xingrg/javascript/jquery.form.js HTTP/1.1" 304 -
180.156.224.123 - - [30/Jul/2021:10:03:01 +0800] "GET /xingrg/javascript/jquery.utils.js HTTP/1.1" 304 -
180.156.224.123 - - [30/Jul/2021:10:03:01 +0800] "GET /xingrg/javascript/jquery.timers.js HTTP/1.1" 304 -
180.156.224.123 - - [30/Jul/2021:10:03:01 +0800] "GET /xingrg/images/blue/jxLogo.png HTTP/1.1" 304 -
180.156.224.123 - - [30/Jul/2021:10:03:01 +0800] "GET /xingrg/images/blue/navBackgound.jpg HTTP/1.1" 304 -
180.156.224.123 - - [30/Jul/2021:10:03:01 +0800] "GET /xingrg/javascript/jquery_easy_ui/themes/icons/settle_new.png HTTP/1.1" 304 -
180.156.224.123 - - [30/Jul/2021:10:03:01 +0800] "GET /xingrg/images/blue/pingpu.png HTTP/1.1" 304 -
180.156.224.123 - - [30/Jul/2021:10:03:01 +0800] "GET /xingrg/javascript/jquery_easy_ui/themes/default/images/tabs_leftarrow.png HTTP/1.1" 304 -
180.156.224.123 - - [30/Jul/2021:10:03:01 +0800] "GET /xingrg/javascript/jquery_easy_ui/themes/default/images/panel_tool_collapse.gif HTTP/1.1" 304 -
180.156.224.123 - - [30/Jul/2021:10:03:01 +0800] "GET /xingrg/javascript/jquery_easy_ui/themes/default/images/tabs_rightarrow.png HTTP/1.1" 304 -
180.156.224.123 - - [30/Jul/2021:10:03:01 +0800] "GET /xingrg/all/function/internal_message.html?_=1627610540308&CODE_STATE=count HTTP/1.1" 200 11
180.156.224.123 - - [30/Jul/2021:10:03:01 +0800] "GET /xingrg/check_reg.html?_=1627610540309 HTTP/1.1" 200 22
180.156.224.123 - - [30/Jul/2021:10:03:01 +0800] "POST /xingrg/all/common/load_tree.html?tree=area_rest_tree_json&manage=1 HTTP/1.1" 200 476
180.156.224.123 - - [30/Jul/2021:10:03:01 +0800] "POST /xingrg/load_menu.html HTTP/1.1" 200 5138
120.253.135.82 - - [30/Jul/2021:10:03:02 +0800] "POST /xingrg/login.do HTTP/1.1" 200 2421
120.253.135.82 - - [30/Jul/2021:10:03:02 +0800] "GET /xingrg/images/blue/pic_top.gif HTTP/1.1" 304 -
120.253.135.82 - - [30/Jul/2021:10:03:02 +0800] "GET /xingrg/images/blue/error_mid.gif HTTP/1.1" 304 -
120.253.135.82 - - [30/Jul/2021:10:03:02 +0800] "GET /xingrg/images/blue/pic_notice.jpg HTTP/1.1" 304 -
120.253.135.82 - - [30/Jul/2021:10:03:02 +0800] "GET /xingrg/images/blue/error_top.gif HTTP/1.1" 304 -
120.253.135.82 - - [30/Jul/2021:10:03:02 +0800] "GET /xingrg/images/blue/error_buttom.gif HTTP/1.1" 304 -
120.253.135.82 - - [30/Jul/2021:10:03:02 +0800] "GET /favicon.ico HTTP/1.1" 404 -
120.253.135.82 - - [30/Jul/2021:10:03:03 +0800] "GET /xingrg/login.html HTTP/1.1" 200 7641
120.253.135.82 - - [30/Jul/2021:10:03:04 +0800] "GET /favicon.ico HTTP/1.1" 404 -
180.156.224.123 - - [30/Jul/2021:10:03:04 +0800] "GET /xingrg/kc/buy/cgsh_order_list.html HTTP/1.1" 200 47146
120.253.135.82 - - [30/Jul/2021:10:03:04 +0800] "POST /xingrg/login.do HTTP/1.1" 200 2421
120.253.135.82 - - [30/Jul/2021:10:03:05 +0800] "GET /favicon.ico HTTP/1.1" 404 -
180.156.224.123 - - [30/Jul/2021:10:03:05 +0800] "POST /xingrg/kc/buy/cgsh_list_operate.html HTTP/1.1" 200 876
180.156.224.123 - - [30/Jul/2021:10:03:06 +0800] "GET /xingrg/kc/buy/cgsh_order_add.html HTTP/1.1" 200 62814
180.169.147.146 - - [30/Jul/2021:10:03:06 +0800] "GET /xingrg/all/function/internal_message.html?_=1627610590803&CODE_STATE=getMsg HTTP/1.1" 302 -
180.156.224.123 - - [30/Jul/2021:10:03:07 +0800] "POST /xingrg/kc/buy/cgsh_order_operate.html HTTP/1.1" 200 8245
180.156.224.123 - - [30/Jul/2021:10:03:07 +0800] "GET /xingrg/all/common/auto_word.html?type=employee&rest_code=00150 HTTP/1.1" 200 205
180.156.224.123 - - [30/Jul/2021:10:03:07 +0800] "GET /xingrg/all/common/auto_word.html?type=employee&rest_code=00150 HTTP/1.1" 200 205
180.156.224.123 - - [30/Jul/2021:10:03:07 +0800] "GET /xingrg/javascript/easyui/themes/default/validatebox.css HTTP/1.1" 404 1104
180.156.224.123 - - [30/Jul/2021:10:03:10 +0800] "GET /xingrg/kc/base/wldb_order_list.html HTTP/1.1" 200 19151
180.156.224.123 - - [30/Jul/2021:10:03:10 +0800] "POST /xingrg/kc/base/wldb_list_operate.html HTTP/1.1" 200 928
222.70.176.145 - - [30/Jul/2021:10:03:12 +0800] "GET /xingrg/all/function/internal_message.html?_=1627610586131&CODE_STATE=getMsg HTTP/1.1" 200 27
180.156.224.123 - - [30/Jul/2021:10:03:13 +0800] "GET /xingrg/kc/base/wldb_order_add.html HTTP/1.1" 200 30367
180.156.224.123 - - [30/Jul/2021:10:03:14 +0800] "POST /xingrg/kc/base/wldb_order_operate.html HTTP/1.1" 200 6806
180.156.224.123 - - [30/Jul/2021:10:03:14 +0800] "GET /xingrg/all/common/auto_word.html?type=base&rest_code=00150 HTTP/1.1" 200 1653
180.156.224.123 - - [30/Jul/2021:10:03:14 +0800] "GET /xingrg/all/common/auto_word.html?type=base&rest_code=00150 HTTP/1.1" 200 1653
180.156.224.123 - - [30/Jul/2021:10:03:14 +0800] "GET /xingrg/javascript/easyui/themes/default/validatebox.css HTTP/1.1" 404 1104
180.156.224.123 - - [30/Jul/2021:10:03:14 +0800] "GET /xingrg/css/images/panel_loading.gif HTTP/1.1" 304 -
180.156.224.123 - - [30/Jul/2021:10:03:15 +0800] "POST /xingrg/all/common/load_combo.html?type=base HTTP/1.1" 200 2966
116.232.50.204 - - [30/Jul/2021:10:03:17 +0800] "GET /xingrg/all/function/internal_message.html?_=1627610605182&CODE_STATE=getMsg HTTP/1.1" 302 -
116.232.50.204 - - [30/Jul/2021:10:03:17 +0800] "GET /xingrg/login.html HTTP/1.1" 200 7641
180.156.224.123 - - [30/Jul/2021:10:03:18 +0800] "GET /xingrg/javascript/auto/indicator.gif HTTP/1.1" 404 1066
58.40.7.146 - - [30/Jul/2021:10:03:23 +0800] "GET /xingrg/all/function/internal_message.html?_=1627610600022&CODE_STATE=getMsg HTTP/1.1" 302 -
222.70.246.151 - - [30/Jul/2021:10:03:25 +0800] "GET /xingrg/all/function/internal_message.html?_=1627610607262&CODE_STATE=getMsg HTTP/1.1" 302 -
180.156.224.123 - - [30/Jul/2021:10:03:37 +0800] "GET /xingrg/kc/base/wldb_order_operate.html?command=get_materiel&rest_code=00150&base_code=0010445&code=00101019133 HTTP/1.1" 200 466
114.88.154.248 - - [30/Jul/2021:10:03:39 +0800] "GET /xingrg/all/function/internal_message.html?_=1627610520800&CODE_STATE=getMsg HTTP/1.1" 200 27
180.169.147.146 - - [30/Jul/2021:10:03:42 +0800] "GET /xingrg/all/function/internal_message.html?_=1627610617852&CODE_STATE=getMsg HTTP/1.1" 302 -
222.69.128.39 - - [30/Jul/2021:10:03:43 +0800] "GET /xingrg/all/function/internal_message.html?_=1627610619651&CODE_STATE=getMsg HTTP/1.1" 200 27
180.169.147.146 - - [30/Jul/2021:10:03:44 +0800] "GET /xingrg/all/function/internal_message.html?_=1627610622847&CODE_STATE=getMsg HTTP/1.1" 302 -
116.230.110.80 - - [30/Jul/2021:10:03:46 +0800] "GET /xingrg/all/function/internal_message.html?_=1627610607926&CODE_STATE=getMsg HTTP/1.1" 200 27
101.83.145.79 - - [30/Jul/2021:10:03:46 +0800] "GET /xingrg/all/function/internal_message.html?_=1627610624958&CODE_STATE=getMsg HTTP/1.1" 200 27
180.169.147.146 - - [30/Jul/2021:10:03:47 +0800] "GET /xingrg/all/function/internal_message.html?_=1627610617758&CODE_STATE=getMsg HTTP/1.1" 302 -
222.69.128.39 - - [30/Jul/2021:10:03:47 +0800] "POST /xingrg/services/DataTransmitService HTTP/1.1" 200 524
180.156.224.123 - - [30/Jul/2021:10:03:49 +0800] "GET /xingrg/all/function/internal_message.html?_=1627610625601&CODE_STATE=getMsg HTTP/1.1" 200 27
180.174.197.120 - - [30/Jul/2021:10:03:51 +0800] "GET /xingrg/all/function/internal_message.html?_=1627610600154&CODE_STATE=getMsg HTTP/1.1" 200 27
180.169.147.146 - - [30/Jul/2021:10:03:52 +0800] "GET /xingrg/all/function/internal_message.html?_=1627610629286&CODE_STATE=getMsg HTTP/1.1" 302 -
116.237.74.182 - - [30/Jul/2021:10:03:54 +0800] "GET /xingrg/all/function/internal_message.html?_=1627610627529&CODE_STATE=getMsg HTTP/1.1" 200 27
180.169.147.146 - - [30/Jul/2021:10:03:55 +0800] "GET /xingrg/all/function/internal_message.html?_=1627610633764&CODE_STATE=getMsg HTTP/1.1" 302 -
180.156.224.123 - - [30/Jul/2021:10:03:56 +0800] "GET /xingrg/kc/base/wldb_order_operate.html?command=get_materiel&rest_code=00150&base_code=0010445&code=00101019258 HTTP/1.1" 200 469
180.169.147.146 - - [30/Jul/2021:10:03:57 +0800] "GET /xingrg/all/function/internal_message.html?_=1627610634211&CODE_STATE=getMsg HTTP/1.1" 302 -
180.169.147.146 - - [30/Jul/2021:10:03:57 +0800] "GET /xingrg/check_reg.html?_=1627610634214 HTTP/1.1" 302 -
222.70.176.145 - - [30/Jul/2021:10:04:01 +0800] "GET /xingrg/all/function/internal_message.html?_=1627610673036&CODE_STATE=getMsg HTTP/1.1" 302 -
180.156.224.123 - - [30/Jul/2021:10:04:01 +0800] "GET /xingrg/all/function/internal_message.html?_=1627610600321&CODE_STATE=getMsg HTTP/1.1" 200 27
180.156.224.123 - - [30/Jul/2021:10:04:04 +0800] "GET /xingrg/kc/base/wldb_order_operate.html?command=get_materiel&rest_code=00150&base_code=0010445&code=00101019391 HTTP/1.1" 200 471
180.169.147.146 - - [30/Jul/2021:10:04:06 +0800] "GET /xingrg/all/function/internal_message.html?_=1627610650806&CODE_STATE=getMsg HTTP/1.1" 302 -
180.156.224.123 - - [30/Jul/2021:10:04:10 +0800] "GET /xingrg/kc/base/wldb_order_operate.html?command=get_materiel&rest_code=00150&base_code=0010445&code=00101019110 HTTP/1.1" 200 475
222.70.176.145 - - [30/Jul/2021:10:04:12 +0800] "GET /xingrg/all/function/internal_message.html?_=1627610646124&CODE_STATE=getMsg HTTP/1.1" 200 27
116.232.50.204 - - [30/Jul/2021:10:04:17 +0800] "GET /xingrg/all/function/internal_message.html?_=1627610665183&CODE_STATE=getMsg HTTP/1.1" 302 -
116.232.50.204 - - [30/Jul/2021:10:04:17 +0800] "GET /xingrg/login.html HTTP/1.1" 200 7641
101.85.52.72 - - [30/Jul/2021:10:04:19 +0800] "GET /xingrg/login.html HTTP/1.1" 200 7641
58.40.7.146 - - [30/Jul/2021:10:04:23 +0800] "GET /xingrg/all/function/internal_message.html?_=1627610660025&CODE_STATE=getMsg HTTP/1.1" 302 -
222.70.246.151 - - [30/Jul/2021:10:04:25 +0800] "GET /xingrg/all/function/internal_message.html?_=1627610667266&CODE_STATE=getMsg HTTP/1.1" 302 -
180.156.224.123 - - [30/Jul/2021:10:04:31 +0800] "GET /xingrg/kc/base/wldb_order_operate.html?command=get_materiel&rest_code=00150&base_code=0010445&code=00101019185 HTTP/1.1" 200 455
180.156.224.123 - - [30/Jul/2021:10:04:36 +0800] "GET /xingrg/kc/base/wldb_order_operate.html?command=get_materiel&rest_code=00150&base_code=0010445&code=00101016076 HTTP/1.1" 200 477
114.88.154.248 - - [30/Jul/2021:10:04:39 +0800] "GET /xingrg/all/function/internal_message.html?_=1627610580839&CODE_STATE=getMsg HTTP/1.1" 200 27
180.169.147.146 - - [30/Jul/2021:10:04:42 +0800] "GET /xingrg/all/function/internal_message.html?_=1627610677858&CODE_STATE=getMsg HTTP/1.1" 302 -
222.69.128.39 - - [30/Jul/2021:10:04:43 +0800] "GET /xingrg/all/function/internal_message.html?_=1627610679657&CODE_STATE=getMsg HTTP/1.1" 200 27
180.169.147.146 - - [30/Jul/2021:10:04:44 +0800] "GET /xingrg/all/function/internal_message.html?_=1627610682846&CODE_STATE=getMsg HTTP/1.1" 302 -
116.230.110.80 - - [30/Jul/2021:10:04:46 +0800] "GET /xingrg/check_reg.html?_=1627610667912 HTTP/1.1" 200 22
116.230.110.80 - - [30/Jul/2021:10:04:46 +0800] "GET /xingrg/all/function/internal_message.html?_=1627610667913&CODE_STATE=getMsg HTTP/1.1" 200 27
101.83.145.79 - - [30/Jul/2021:10:04:46 +0800] "GET /xingrg/all/function/internal_message.html?_=1627610684978&CODE_STATE=getMsg HTTP/1.1" 200 27
180.169.147.146 - - [30/Jul/2021:10:04:47 +0800] "GET /xingrg/all/function/internal_message.html?_=1627610677733&CODE_STATE=getMsg HTTP/1.1" 302 -
180.156.224.123 - - [30/Jul/2021:10:04:49 +0800] "GET /xingrg/all/function/internal_message.html?_=1627610685613&CODE_STATE=getMsg HTTP/1.1" 200 27
180.174.197.120 - - [30/Jul/2021:10:04:51 +0800] "GET /xingrg/all/function/internal_message.html?_=1627610660307&CODE_STATE=getMsg HTTP/1.1" 200 27
180.169.147.146 - - [30/Jul/2021:10:04:52 +0800] "GET /xingrg/check_reg.html?_=1627610689285 HTTP/1.1" 302 -
180.169.147.146 - - [30/Jul/2021:10:04:52 +0800] "GET /xingrg/all/function/internal_message.html?_=1627610689290&CODE_STATE=getMsg HTTP/1.1" 302 -
116.237.74.182 - - [30/Jul/2021:10:04:54 +0800] "GET /xingrg/all/function/internal_message.html?_=1627610687533&CODE_STATE=getMsg HTTP/1.1" 200 27
180.169.147.146 - - [30/Jul/2021:10:04:55 +0800] "GET /xingrg/all/function/internal_message.html?_=1627610693770&CODE_STATE=getMsg HTTP/1.1" 302 -
180.169.147.146 - - [30/Jul/2021:10:04:57 +0800] "GET /xingrg/all/function/internal_message.html?_=1627610694216&CODE_STATE=getMsg HTTP/1.1" 302 -
180.156.224.123 - - [30/Jul/2021:10:04:59 +0800] "GET /xingrg/kc/base/wldb_order_operate.html?command=get_materiel&rest_code=00150&base_code=0010445&code=00101019063 HTTP/1.1" 200 447
120.253.135.82 - - [30/Jul/2021:10:05:00 +0800] "GET /xingrg/login.html HTTP/1.1" 200 7641
120.253.135.82 - - [30/Jul/2021:10:05:00 +0800] "GET /favicon.ico HTTP/1.1" 404 -
222.70.176.145 - - [30/Jul/2021:10:05:01 +0800] "GET /xingrg/all/function/internal_message.html?_=1627610733039&CODE_STATE=getMsg HTTP/1.1" 302 -
120.253.135.82 - - [30/Jul/2021:10:05:01 +0800] "POST /xingrg/login.do HTTP/1.1" 200 2421
120.253.135.82 - - [30/Jul/2021:10:05:01 +0800] "GET /favicon.ico HTTP/1.1" 404 -
180.156.224.123 - - [30/Jul/2021:10:05:01 +0800] "GET /xingrg/all/function/internal_message.html?_=1627610660334&CODE_STATE=getMsg HTTP/1.1" 200 27
120.253.135.82 - - [30/Jul/2021:10:05:02 +0800] "GET /xingrg/login.html HTTP/1.1" 200 7641
120.253.135.82 - - [30/Jul/2021:10:05:02 +0800] "GET /favicon.ico HTTP/1.1" 404 -
101.83.145.79 - - [30/Jul/2021:10:05:05 +0800] "POST /xingrg/kc/buy/cgsh_order_operate.html HTTP/1.1" 200 37
180.156.224.123 - - [30/Jul/2021:10:05:06 +0800] "GET /xingrg/kc/base/wldb_order_operate.html?command=get_materiel&rest_code=00150&base_code=0010445&code=00101019222 HTTP/1.1" 200 454
180.169.147.146 - - [30/Jul/2021:10:05:06 +0800] "GET /xingrg/all/function/internal_message.html?_=1627610710805&CODE_STATE=getMsg HTTP/1.1" 302 -
101.83.145.79 - - [30/Jul/2021:10:05:07 +0800] "POST /xingrg/kc/buy/cgsh_order_operate.html HTTP/1.1" 200 52862
101.83.145.79 - - [30/Jul/2021:10:05:10 +0800] "GET /xingrg/kc/print/load_data.html?order_code=212021073013452&kc_code=cgsh&condition= HTTP/1.1" 200 19565
180.174.197.120 - - [30/Jul/2021:10:05:11 +0800] "GET /xingrg/check_reg.html?_=1627610680182 HTTP/1.1" 200 22
222.70.176.145 - - [30/Jul/2021:10:05:12 +0800] "GET /xingrg/all/function/internal_message.html?_=1627610706133&CODE_STATE=getMsg HTTP/1.1" 200 27
180.169.147.146 - - [30/Jul/2021:10:05:13 +0800] "GET /xingrg/check_reg.html?_=1627610703740 HTTP/1.1" 302 -
116.232.50.204 - - [30/Jul/2021:10:05:17 +0800] "GET /xingrg/all/function/internal_message.html?_=1627610725186&CODE_STATE=getMsg HTTP/1.1" 302 -
116.232.50.204 - - [30/Jul/2021:10:05:17 +0800] "GET /xingrg/check_reg.html?_=1627610725187 HTTP/1.1" 302 -
116.232.50.204 - - [30/Jul/2021:10:05:17 +0800] "GET /xingrg/login.html HTTP/1.1" 200 7641
116.232.50.204 - - [30/Jul/2021:10:05:17 +0800] "GET /xingrg/login.html HTTP/1.1" 200 7641
180.156.224.123 - - [30/Jul/2021:10:05:17 +0800] "GET /xingrg/kc/base/wldb_order_operate.html?command=get_materiel&rest_code=00150&base_code=0010445&code=00101019400 HTTP/1.1" 200 450
120.253.135.82 - - [30/Jul/2021:10:05:19 +0800] "POST /xingrg/login.do HTTP/1.1" 302 -
120.253.135.82 - - [30/Jul/2021:10:05:19 +0800] "GET /xingrg/index.html?sysBaseUrl=http%3A%2F%2F180.169.147.146%3A18081%2Fxingrg%2F&costTime=43×tamp=1627610719335 HTTP/1.1" 200 17173
120.253.135.82 - - [30/Jul/2021:10:05:19 +0800] "POST /xingrg/all/common/load_tree.html?tree=area_rest_tree_json&manage=1 HTTP/1.1" 200 344
120.253.135.82 - - [30/Jul/2021:10:05:19 +0800] "GET /xingrg/check_reg.html?_=1627610841813 HTTP/1.1" 200 22
120.253.135.82 - - [30/Jul/2021:10:05:19 +0800] "GET /xingrg/all/function/internal_message.html?_=1627610841812&CODE_STATE=count HTTP/1.1" 200 11
120.253.135.82 - - [30/Jul/2021:10:05:19 +0800] "POST /xingrg/load_menu.html HTTP/1.1" 200 6743
120.253.135.82 - - [30/Jul/2021:10:05:19 +0800] "GET /favicon.ico HTTP/1.1" 404 -
180.156.224.123 - - [30/Jul/2021:10:05:22 +0800] "GET /xingrg/kc/base/wldb_order_operate.html?command=get_materiel&rest_code=00150&base_code=0010445&code=00101019111 HTTP/1.1" 200 454
58.40.7.146 - - [30/Jul/2021:10:05:23 +0800] "GET /xingrg/all/function/internal_message.html?_=1627610720027&CODE_STATE=getMsg HTTP/1.1" 302 -
222.70.246.151 - - [30/Jul/2021:10:05:26 +0800] "GET /xingrg/all/function/internal_message.html?_=1627610727459&CODE_STATE=getMsg HTTP/1.1" 302 -
114.88.154.248 - - [30/Jul/2021:10:05:39 +0800] "GET /xingrg/check_reg.html?_=1627610640837 HTTP/1.1" 200 22
114.88.154.248 - - [30/Jul/2021:10:05:39 +0800] "GET /xingrg/all/function/internal_message.html?_=1627610640838&CODE_STATE=getMsg HTTP/1.1" 200 27
180.156.224.123 - - [30/Jul/2021:10:05:40 +0800] "GET /xingrg/kc/base/wldb_order_operate.html?command=get_materiel&rest_code=00150&base_code=0010445&code=00101016138 HTTP/1.1" 200 448
180.169.147.146 - - [30/Jul/2021:10:05:42 +0800] "GET /xingrg/all/function/internal_message.html?_=1627610737865&CODE_STATE=getMsg HTTP/1.1" 302 -
222.69.128.39 - - [30/Jul/2021:10:05:43 +0800] "GET /xingrg/all/function/internal_message.html?_=1627610739663&CODE_STATE=getMsg HTTP/1.1" 200 27
180.169.147.146 - - [30/Jul/2021:10:05:44 +0800] "GET /xingrg/all/function/internal_message.html?_=1627610742872&CODE_STATE=getMsg HTTP/1.1" 302 -
116.230.110.80 - - [30/Jul/2021:10:05:46 +0800] "GET /xingrg/all/function/internal_message.html?_=1627610727922&CODE_STATE=getMsg HTTP/1.1" 200 27
101.83.145.79 - - [30/Jul/2021:10:05:46 +0800] "GET /xingrg/check_reg.html?_=1627610744972 HTTP/1.1" 200 22
101.83.145.79 - - [30/Jul/2021:10:05:46 +0800] "GET /xingrg/all/function/internal_message.html?_=1627610744975&CODE_STATE=getMsg HTTP/1.1" 200 27
180.169.147.146 - - [30/Jul/2021:10:05:47 +0800] "GET /xingrg/all/function/internal_message.html?_=1627610737702&CODE_STATE=getMsg HTTP/1.1" 302 -
180.156.224.123 - - [30/Jul/2021:10:05:48 +0800] "POST /xingrg/kc/base/wldb_order_operate.html HTTP/1.1" 200 37
180.156.224.123 - - [30/Jul/2021:10:05:48 +0800] "POST /xingrg/kc/base/wldb_order_operate.html HTTP/1.1" 200 7252
180.156.224.123 - - [30/Jul/2021:10:05:49 +0800] "GET /xingrg/kc/base/wldb_order_info.html?code=422021073003252 HTTP/1.1" 200 30382
180.156.224.123 - - [30/Jul/2021:10:05:49 +0800] "GET /xingrg/all/function/internal_message.html?_=1627610745615&CODE_STATE=getMsg HTTP/1.1" 200 27
180.156.224.123 - - [30/Jul/2021:10:05:50 +0800] "GET /xingrg/javascript/easyui/themes/default/validatebox.css HTTP/1.1" 404 1104
180.156.224.123 - - [30/Jul/2021:10:05:50 +0800] "POST /xingrg/kc/base/wldb_order_operate.html HTTP/1.1" 200 7252
180.174.197.120 - - [30/Jul/2021:10:05:51 +0800] "GET /xingrg/all/function/internal_message.html?_=1627610720322&CODE_STATE=getMsg HTTP/1.1" 200 27
180.169.147.146 - - [30/Jul/2021:10:05:52 +0800] "GET /xingrg/all/function/internal_message.html?_=1627610749281&CODE_STATE=getMsg HTTP/1.1" 302 -
116.237.74.182 - - [30/Jul/2021:10:05:54 +0800] "GET /xingrg/all/function/internal_message.html?_=1627610747538&CODE_STATE=getMsg HTTP/1.1" 200 27
180.169.147.146 - - [30/Jul/2021:10:05:55 +0800] "GET /xingrg/all/function/internal_message.html?_=1627610753777&CODE_STATE=getMsg HTTP/1.1" 302 -
180.156.224.123 - - [30/Jul/2021:10:05:55 +0800] "POST /xingrg/all/user/operate.html HTTP/1.1" 200 36
180.156.224.123 - - [30/Jul/2021:10:05:56 +0800] "GET /xingrg/index.html?sysBaseUrl=http%3A%2F%2F180.169.147.146%3A18081%2Fxingrg%2F&costTime=47×tamp=1627610065803 HTTP/1.1" 200 17177
180.156.224.123 - - [30/Jul/2021:10:05:56 +0800] "GET /xingrg/javascript/jquery_easy_ui/themes/default/easyui.css HTTP/1.1" 304 -
180.156.224.123 - - [30/Jul/2021:10:05:56 +0800] "GET /xingrg/javascript/jquery_easy_ui/themes/icon.css HTTP/1.1" 304 -
180.156.224.123 - - [30/Jul/2021:10:05:56 +0800] "GET /xingrg/css/form.css HTTP/1.1" 304 -
180.156.224.123 - - [30/Jul/2021:10:05:56 +0800] "GET /xingrg/javascript/jquery-1.4.2.min.js HTTP/1.1" 304 -
180.156.224.123 - - [30/Jul/2021:10:05:56 +0800] "GET /xingrg/javascript/jquery_easy_ui/jquery.easyui.min.js HTTP/1.1" 304 -
180.156.224.123 - - [30/Jul/2021:10:05:56 +0800] "GET /xingrg/javascript/jquery_easy_ui/easyui-lang-zh_CN.js HTTP/1.1" 304 -
180.156.224.123 - - [30/Jul/2021:10:05:56 +0800] "GET /xingrg/javascript/jquery.form.js HTTP/1.1" 304 -
180.156.224.123 - - [30/Jul/2021:10:05:56 +0800] "GET /xingrg/javascript/jquery.utils.js HTTP/1.1" 304 -
180.156.224.123 - - [30/Jul/2021:10:05:56 +0800] "GET /xingrg/javascript/jquery.timers.js HTTP/1.1" 304 -
180.156.224.123 - - [30/Jul/2021:10:05:56 +0800] "GET /xingrg/images/blue/jxLogo.png HTTP/1.1" 304 -
180.156.224.123 - - [30/Jul/2021:10:05:56 +0800] "GET /xingrg/images/blue/navBackgound.jpg HTTP/1.1" 304 -
180.156.224.123 - - [30/Jul/2021:10:05:56 +0800] "GET /xingrg/javascript/jquery_easy_ui/themes/icons/settle_new.png HTTP/1.1" 304 -
180.156.224.123 - - [30/Jul/2021:10:05:56 +0800] "POST /xingrg/all/common/load_tree.html?tree=area_rest_tree_json&manage=1 HTTP/1.1" 200 476
180.156.224.123 - - [30/Jul/2021:10:05:56 +0800] "GET /xingrg/images/blue/pingpu.png HTTP/1.1" 304 -
180.156.224.123 - - [30/Jul/2021:10:05:56 +0800] "GET /xingrg/javascript/jquery_easy_ui/themes/default/images/tabs_leftarrow.png HTTP/1.1" 304 -
180.156.224.123 - - [30/Jul/2021:10:05:56 +0800] "GET /xingrg/javascript/jquery_easy_ui/themes/default/images/tabs_rightarrow.png HTTP/1.1" 304 -
180.156.224.123 - - [30/Jul/2021:10:05:56 +0800] "GET /xingrg/javascript/jquery_easy_ui/themes/default/images/panel_tool_collapse.gif HTTP/1.1" 304 -
180.156.224.123 - - [30/Jul/2021:10:05:56 +0800] "GET /xingrg/all/function/internal_message.html?_=1627610715309&CODE_STATE=count HTTP/1.1" 200 11
180.156.224.123 - - [30/Jul/2021:10:05:56 +0800] "GET /xingrg/check_reg.html?_=1627610715310 HTTP/1.1" 200 22
180.156.224.123 - - [30/Jul/2021:10:05:56 +0800] "POST /xingrg/load_menu.html HTTP/1.1" 200 5138
180.169.147.146 - - [30/Jul/2021:10:05:57 +0800] "GET /xingrg/all/function/internal_message.html?_=1627610754214&CODE_STATE=getMsg HTTP/1.1" 302 -
180.156.224.123 - - [30/Jul/2021:10:05:59 +0800] "GET /xingrg/kc/buy/cgsh_order_list.html HTTP/1.1" 200 47144
180.156.224.123 - - [30/Jul/2021:10:05:59 +0800] "POST /xingrg/kc/buy/cgsh_list_operate.html HTTP/1.1" 200 876
222.70.176.145 - - [30/Jul/2021:10:06:01 +0800] "GET /xingrg/all/function/internal_message.html?_=1627610793039&CODE_STATE=getMsg HTTP/1.1" 302 -
180.156.224.123 - - [30/Jul/2021:10:06:02 +0800] "GET /xingrg/javascript/jquery_tools/images/prev.gif HTTP/1.1" 404 1086
180.156.224.123 - - [30/Jul/2021:10:06:02 +0800] "GET /xingrg/javascript/jquery_tools/images/next.gif HTTP/1.1" 404 1086
180.169.147.146 - - [30/Jul/2021:10:06:06 +0800] "GET /xingrg/all/function/internal_message.html?_=1627610770802&CODE_STATE=getMsg HTTP/1.1" 302 -
180.156.224.123 - - [30/Jul/2021:10:06:07 +0800] "POST /xingrg/kc/buy/cgsh_list_operate.html HTTP/1.1" 200 2905
180.156.224.123 - - [30/Jul/2021:10:06:12 +0800] "POST /xingrg/kc/buy/cgsh_list_operate.html HTTP/1.1" 200 565
222.70.176.145 - - [30/Jul/2021:10:06:12 +0800] "GET /xingrg/all/function/internal_message.html?_=1627610766136&CODE_STATE=getMsg HTTP/1.1" 200 27
222.70.176.145 - - [30/Jul/2021:10:06:12 +0800] "GET /xingrg/check_reg.html?_=1627610766142 HTTP/1.1" 200 22
180.156.224.123 - - [30/Jul/2021:10:06:13 +0800] "POST /xingrg/kc/buy/cgsh_list_operate.html HTTP/1.1" 200 563
180.156.224.123 - - [30/Jul/2021:10:06:14 +0800] "GET /xingrg/kc/buy/cgsh_order_info.html?code=212021073013467 HTTP/1.1" 200 57444
180.156.224.123 - - [30/Jul/2021:10:06:15 +0800] "GET /xingrg/javascript/easyui/themes/default/validatebox.css HTTP/1.1" 404 1104
180.156.224.123 - - [30/Jul/2021:10:06:15 +0800] "POST /xingrg/kc/buy/cgsh_order_operate.html HTTP/1.1" 200 20974
180.156.224.123 - - [30/Jul/2021:10:06:16 +0800] "GET /xingrg/kc/print/load_data.html?order_code=212021073013467&kc_code=cgsh&condition= HTTP/1.1" 200 8651
116.232.50.204 - - [30/Jul/2021:10:06:17 +0800] "GET /xingrg/all/function/internal_message.html?_=1627610785188&CODE_STATE=getMsg HTTP/1.1" 302 -
116.232.50.204 - - [30/Jul/2021:10:06:17 +0800] "GET /xingrg/login.html HTTP/1.1" 200 7641
120.253.135.82 - - [30/Jul/2021:10:06:19 +0800] "GET /xingrg/all/function/internal_message.html?_=1627610901826&CODE_STATE=getMsg HTTP/1.1" 200 27
58.40.7.146 - - [30/Jul/2021:10:06:23 +0800] "GET /xingrg/check_reg.html?_=1627610780030 HTTP/1.1" 302 -
58.40.7.146 - - [30/Jul/2021:10:06:23 +0800] "GET /xingrg/all/function/internal_message.html?_=1627610780031&CODE_STATE=getMsg HTTP/1.1" 302 -
222.70.246.151 - - [30/Jul/2021:10:06:26 +0800] "GET /xingrg/all/function/internal_message.html?_=1627610787466&CODE_STATE=getMsg HTTP/1.1" 302 -
180.156.224.123 - - [30/Jul/2021:10:06:30 +0800] "POST /xingrg/all/user/operate.html HTTP/1.1" 200 36
180.156.224.123 - - [30/Jul/2021:10:06:30 +0800] "GET /xingrg/javascript/jquery_easy_ui/themes/default/easyui.css HTTP/1.1" 304 -
180.156.224.123 - - [30/Jul/2021:10:06:30 +0800] "GET /xingrg/index.html?sysBaseUrl=http%3A%2F%2F180.169.147.146%3A18081%2Fxingrg%2F&costTime=47×tamp=1627610065803 HTTP/1.1" 200 17179
180.156.224.123 - - [30/Jul/2021:10:06:30 +0800] "GET /xingrg/javascript/jquery_easy_ui/themes/icon.css HTTP/1.1" 304 -
180.156.224.123 - - [30/Jul/2021:10:06:30 +0800] "GET /xingrg/css/form.css HTTP/1.1" 304 -
180.156.224.123 - - [30/Jul/2021:10:06:30 +0800] "GET /xingrg/javascript/jquery-1.4.2.min.js HTTP/1.1" 304 -
180.156.224.123 - - [30/Jul/2021:10:06:30 +0800] "GET /xingrg/javascript/jquery_easy_ui/jquery.easyui.min.js HTTP/1.1" 304 -
180.156.224.123 - - [30/Jul/2021:10:06:30 +0800] "GET /xingrg/javascript/jquery_easy_ui/easyui-lang-zh_CN.js HTTP/1.1" 304 -
180.156.224.123 - - [30/Jul/2021:10:06:30 +0800] "GET /xingrg/javascript/jquery.form.js HTTP/1.1" 304 -
180.156.224.123 - - [30/Jul/2021:10:06:30 +0800] "GET /xingrg/javascript/jquery.utils.js HTTP/1.1" 304 -
180.156.224.123 - - [30/Jul/2021:10:06:30 +0800] "GET /xingrg/javascript/jquery.timers.js HTTP/1.1" 304 -
180.156.224.123 - - [30/Jul/2021:10:06:30 +0800] "GET /xingrg/images/blue/jxLogo.png HTTP/1.1" 304 -
180.156.224.123 - - [30/Jul/2021:10:06:30 +0800] "GET /xingrg/images/blue/navBackgound.jpg HTTP/1.1" 304 -
180.156.224.123 - - [30/Jul/2021:10:06:30 +0800] "GET /xingrg/javascript/jquery_easy_ui/themes/icons/settle_new.png HTTP/1.1" 304 -
180.156.224.123 - - [30/Jul/2021:10:06:31 +0800] "GET /xingrg/images/blue/pingpu.png HTTP/1.1" 304 -
180.156.224.123 - - [30/Jul/2021:10:06:31 +0800] "POST /xingrg/all/common/load_tree.html?tree=area_rest_tree_json&manage=1 HTTP/1.1" 200 476
180.156.224.123 - - [30/Jul/2021:10:06:31 +0800] "GET /xingrg/javascript/jquery_easy_ui/themes/default/images/tabs_leftarrow.png HTTP/1.1" 304 -
180.156.224.123 - - [30/Jul/2021:10:06:31 +0800] "GET /xingrg/javascript/jquery_easy_ui/themes/default/images/tabs_rightarrow.png HTTP/1.1" 304 -
180.156.224.123 - - [30/Jul/2021:10:06:31 +0800] "GET /xingrg/javascript/jquery_easy_ui/themes/default/images/panel_tool_collapse.gif HTTP/1.1" 304 -
180.156.224.123 - - [30/Jul/2021:10:06:31 +0800] "GET /xingrg/check_reg.html?_=1627610749732 HTTP/1.1" 200 22
180.156.224.123 - - [30/Jul/2021:10:06:31 +0800] "GET /xingrg/all/function/internal_message.html?_=1627610749732&CODE_STATE=count HTTP/1.1" 200 11
180.156.224.123 - - [30/Jul/2021:10:06:31 +0800] "POST /xingrg/load_menu.html HTTP/1.1" 200 5138
101.85.94.150 - - [30/Jul/2021:10:06:31 +0800] "GET /xingrg HTTP/1.1" 302 -
114.88.154.248 - - [30/Jul/2021:10:06:31 +0800] "POST /xingrg/services/DataTransmitService HTTP/1.1" 200 524
101.85.94.150 - - [30/Jul/2021:10:06:32 +0800] "GET /xingrg/index.html HTTP/1.1" 302 -
101.85.94.150 - - [30/Jul/2021:10:06:32 +0800] "GET /xingrg/login.html HTTP/1.1" 200 7641
101.85.94.150 - - [30/Jul/2021:10:06:32 +0800] "GET /favicon.ico HTTP/1.1" 404 -
101.85.94.150 - - [30/Jul/2021:10:06:32 +0800] "GET /favicon.ico HTTP/1.1" 404 -
114.88.154.248 - - [30/Jul/2021:10:06:35 +0800] "POST /xingrg/services/DataTransmitService HTTP/1.1" 200 501
114.88.154.248 - - [30/Jul/2021:10:06:35 +0800] "POST /xingrg/services/DataTransmitService HTTP/1.1" 200 501
180.156.224.123 - - [30/Jul/2021:10:06:35 +0800] "GET /xingrg/kc/base/wldb_order_list.html HTTP/1.1" 200 19151
180.156.224.123 - - [30/Jul/2021:10:06:35 +0800] "POST /xingrg/kc/base/wldb_list_operate.html HTTP/1.1" 200 1794
114.88.154.248 - - [30/Jul/2021:10:06:35 +0800] "POST /xingrg/services/DataTransmitService HTTP/1.1" 200 501
114.88.154.248 - - [30/Jul/2021:10:06:36 +0800] "POST /xingrg/services/DataTransmitService HTTP/1.1" 200 501
114.88.154.248 - - [30/Jul/2021:10:06:37 +0800] "POST /xingrg/services/DataTransmitService HTTP/1.1" 200 501
180.156.224.123 - - [30/Jul/2021:10:06:37 +0800] "POST /xingrg/kc/base/wldb_list_operate.html HTTP/1.1" 200 664
114.88.154.248 - - [30/Jul/2021:10:06:37 +0800] "POST /xingrg/services/DataTransmitService HTTP/1.1" 200 501
114.88.154.248 - - [30/Jul/2021:10:06:37 +0800] "POST /xingrg/services/DataTransmitService HTTP/1.1" 200 501
114.88.154.248 - - [30/Jul/2021:10:06:37 +0800] "POST /xingrg/services/DataTransmitService HTTP/1.1" 200 501
180.156.224.123 - - [30/Jul/2021:10:06:37 +0800] "GET /xingrg/kc/base/wldb_order_info.html?code=422021073003252 HTTP/1.1" 200 30382
114.88.154.248 - - [30/Jul/2021:10:06:38 +0800] "POST /xingrg/services/DataTransmitService HTTP/1.1" 200 501
180.156.224.123 - - [30/Jul/2021:10:06:38 +0800] "GET /xingrg/javascript/easyui/themes/default/validatebox.css HTTP/1.1" 404 1104
180.156.224.123 - - [30/Jul/2021:10:06:38 +0800] "POST /xingrg/kc/base/wldb_order_operate.html HTTP/1.1" 200 7252
114.88.154.248 - - [30/Jul/2021:10:06:39 +0800] "GET /xingrg/all/function/internal_message.html?_=1627610700828&CODE_STATE=getMsg HTTP/1.1" 200 27
114.88.154.248 - - [30/Jul/2021:10:06:39 +0800] "POST /xingrg/services/DataTransmitService HTTP/1.1" 200 412
180.169.147.146 - - [30/Jul/2021:10:06:42 +0800] "GET /xingrg/check_reg.html?_=1627610797856 HTTP/1.1" 302 -
180.169.147.146 - - [30/Jul/2021:10:06:42 +0800] "GET /xingrg/all/function/internal_message.html?_=1627610797860&CODE_STATE=getMsg HTTP/1.1" 302 -
222.69.128.39 - - [30/Jul/2021:10:06:43 +0800] "GET /xingrg/check_reg.html?_=1627610799664 HTTP/1.1" 200 22
222.69.128.39 - - [30/Jul/2021:10:06:43 +0800] "GET /xingrg/all/function/internal_message.html?_=1627610799665&CODE_STATE=getMsg HTTP/1.1" 200 27
180.169.147.146 - - [30/Jul/2021:10:06:44 +0800] "GET /xingrg/all/function/internal_message.html?_=1627610802873&CODE_STATE=getMsg HTTP/1.1" 302 -
180.156.224.123 - - [30/Jul/2021:10:06:44 +0800] "GET /xingrg/javascript/auto/indicator.gif HTTP/1.1" 404 1066
101.85.94.150 - - [30/Jul/2021:10:06:45 +0800] "POST /xingrg/login.do HTTP/1.1" 302 -
101.85.94.150 - - [30/Jul/2021:10:06:45 +0800] "GET /xingrg/index.html?sysBaseUrl=http%3A%2F%2F180.169.147.146%3A18081%2Fxingrg%2F&costTime=39×tamp=1627610805656 HTTP/1.1" 200 17179
101.85.94.150 - - [30/Jul/2021:10:06:45 +0800] "GET /favicon.ico HTTP/1.1" 404 -
101.85.94.150 - - [30/Jul/2021:10:06:45 +0800] "POST /xingrg/all/common/load_tree.html?tree=area_rest_tree_json&manage=1 HTTP/1.1" 200 351
101.85.94.150 - - [30/Jul/2021:10:06:46 +0800] "GET /xingrg/all/function/internal_message.html?_=1627610787978&CODE_STATE=count HTTP/1.1" 200 11
101.85.94.150 - - [30/Jul/2021:10:06:46 +0800] "GET /xingrg/check_reg.html?_=1627610787980 HTTP/1.1" 200 22
101.85.94.150 - - [30/Jul/2021:10:06:46 +0800] "POST /xingrg/load_menu.html HTTP/1.1" 200 5138
116.230.110.80 - - [30/Jul/2021:10:06:46 +0800] "GET /xingrg/all/function/internal_message.html?_=1627610787929&CODE_STATE=getMsg HTTP/1.1" 200 27
