180.174.197.120 - - [30/Jul/2021:08:20:53 +0800] "GET /xingrg/kc/base/wldb_order_add.html HTTP/1.1" 200 30349
180.174.197.120 - - [30/Jul/2021:08:20:53 +0800] "GET /xingrg/words/20210729165926_words.js HTTP/1.1" 304 -
180.174.197.120 - - [30/Jul/2021:08:20:53 +0800] "GET /xingrg/javascript/easyui/themes/icons/template_new.png HTTP/1.1" 304 -
180.174.197.120 - - [30/Jul/2021:08:20:53 +0800] "GET /xingrg/javascript/easyui/themes/icons/print.png HTTP/1.1" 304 -
180.174.197.120 - - [30/Jul/2021:08:20:53 +0800] "GET /xingrg/javascript/easyui/themes/icons/ok.png HTTP/1.1" 304 -
180.174.197.120 - - [30/Jul/2021:08:20:53 +0800] "GET /xingrg/javascript/easyui/themes/default/images/menu_downarrow.png HTTP/1.1" 304 -
180.174.197.120 - - [30/Jul/2021:08:20:53 +0800] "GET /xingrg/javascript/easyui/themes/icons/cancel.png HTTP/1.1" 304 -
180.174.197.120 - - [30/Jul/2021:08:20:53 +0800] "POST /xingrg/kc/base/wldb_order_operate.html HTTP/1.1" 200 6806
180.174.197.120 - - [30/Jul/2021:08:20:54 +0800] "GET /xingrg/javascript/easyui/themes/icons/edit_remove.png HTTP/1.1" 304 -
180.174.197.120 - - [30/Jul/2021:08:20:54 +0800] "GET /xingrg/all/common/auto_word.html?type=base&rest_code=00102 HTTP/1.1" 200 1711
180.174.197.120 - - [30/Jul/2021:08:20:54 +0800] "GET /xingrg/all/common/auto_word.html?type=base&rest_code=00102 HTTP/1.1" 200 1711
180.174.197.120 - - [30/Jul/2021:08:20:54 +0800] "GET /xingrg/javascript/easyui/themes/default/validatebox.css HTTP/1.1" 404 1104
180.174.197.120 - - [30/Jul/2021:08:20:54 +0800] "GET /xingrg/javascript/easyui/plugins/jquery.validatebox.js HTTP/1.1" 304 -
180.174.197.120 - - [30/Jul/2021:08:20:54 +0800] "GET /xingrg/javascript/easyui/plugins/jquery.numberbox.js HTTP/1.1" 304 -
180.169.147.146 - - [30/Jul/2021:08:20:57 +0800] "GET /xingrg/all/function/internal_message.html?_=1627604454100&CODE_STATE=getMsg HTTP/1.1" 200 27
180.156.224.123 - - [30/Jul/2021:08:20:58 +0800] "GET /xingrg/all/function/internal_message.html?_=1627604454509&CODE_STATE=getMsg HTTP/1.1" 200 27
222.70.176.145 - - [30/Jul/2021:08:21:00 +0800] "GET /xingrg/all/function/internal_message.html?_=1627604492933&CODE_STATE=getMsg HTTP/1.1" 302 -
180.169.147.146 - - [30/Jul/2021:08:21:06 +0800] "GET /xingrg/all/function/internal_message.html?_=1627604470518&CODE_STATE=getMsg HTTP/1.1" 200 27
222.70.176.145 - - [30/Jul/2021:08:21:07 +0800] "GET /xingrg/all/function/internal_message.html?_=1627604461579&CODE_STATE=getMsg HTTP/1.1" 200 27
222.70.176.145 - - [30/Jul/2021:08:21:13 +0800] "GET /xingrg/all/function/internal_message.html?_=1627604380604&CODE_STATE=getMsg HTTP/1.1" 302 -
120.253.135.82 - - [30/Jul/2021:08:21:16 +0800] "GET /xingrg/all/function/internal_message.html?_=1627604599212&CODE_STATE=getMsg HTTP/1.1" 200 27
222.70.246.151 - - [30/Jul/2021:08:21:20 +0800] "GET /xingrg/all/function/internal_message.html?_=1627604481452&CODE_STATE=getMsg HTTP/1.1" 200 27
58.40.7.146 - - [30/Jul/2021:08:21:23 +0800] "GET /xingrg/check_reg.html?_=1627604480012 HTTP/1.1" 200 22
58.40.7.146 - - [30/Jul/2021:08:21:23 +0800] "GET /xingrg/all/function/internal_message.html?_=1627604480013&CODE_STATE=getMsg HTTP/1.1" 200 27
180.156.224.123 - - [30/Jul/2021:08:21:29 +0800] "GET /xingrg/all/function/internal_message.html?_=1627604448781&CODE_STATE=getMsg HTTP/1.1" 200 27
120.253.135.82 - - [30/Jul/2021:08:21:35 +0800] "GET /xingrg/check_reg.html?_=1627604270865 HTTP/1.1" 200 22
120.253.135.82 - - [30/Jul/2021:08:21:35 +0800] "GET /xingrg/all/function/internal_message.html?_=1627604271183&CODE_STATE=getMsg HTTP/1.1" 200 27
180.174.197.120 - - [30/Jul/2021:08:21:46 +0800] "GET /xingrg/all/function/internal_message.html?_=1627604474962&CODE_STATE=getMsg HTTP/1.1" 200 27
180.169.147.146 - - [30/Jul/2021:08:21:49 +0800] "GET /xingrg/all/function/internal_message.html?_=1627604499885&CODE_STATE=getMsg HTTP/1.1" 200 27
180.169.147.146 - - [30/Jul/2021:08:21:52 +0800] "GET /xingrg/all/function/internal_message.html?_=1627604509233&CODE_STATE=getMsg HTTP/1.1" 200 27
180.169.147.146 - - [30/Jul/2021:08:21:57 +0800] "GET /xingrg/all/function/internal_message.html?_=1627604514101&CODE_STATE=getMsg HTTP/1.1" 200 27
180.156.224.123 - - [30/Jul/2021:08:21:58 +0800] "GET /xingrg/all/function/internal_message.html?_=1627604514503&CODE_STATE=getMsg HTTP/1.1" 200 27
222.70.176.145 - - [30/Jul/2021:08:22:00 +0800] "GET /xingrg/check_reg.html?_=1627604552935 HTTP/1.1" 302 -
222.70.176.145 - - [30/Jul/2021:08:22:00 +0800] "GET /xingrg/all/function/internal_message.html?_=1627604552933&CODE_STATE=getMsg HTTP/1.1" 302 -
180.169.147.146 - - [30/Jul/2021:08:22:06 +0800] "GET /xingrg/all/function/internal_message.html?_=1627604530518&CODE_STATE=getMsg HTTP/1.1" 200 27
180.169.147.146 - - [30/Jul/2021:08:22:06 +0800] "GET /xingrg/check_reg.html?_=1627604530515 HTTP/1.1" 200 22
222.70.176.145 - - [30/Jul/2021:08:22:07 +0800] "GET /xingrg/all/function/internal_message.html?_=1627604521581&CODE_STATE=getMsg HTTP/1.1" 200 27
222.70.176.145 - - [30/Jul/2021:08:22:13 +0800] "GET /xingrg/all/function/internal_message.html?_=1627604440608&CODE_STATE=getMsg HTTP/1.1" 302 -
120.253.135.82 - - [30/Jul/2021:08:22:16 +0800] "GET /xingrg/all/function/internal_message.html?_=1627604659225&CODE_STATE=getMsg HTTP/1.1" 200 27
222.70.246.151 - - [30/Jul/2021:08:22:20 +0800] "GET /xingrg/all/function/internal_message.html?_=1627604541571&CODE_STATE=getMsg HTTP/1.1" 200 27
58.40.7.146 - - [30/Jul/2021:08:22:23 +0800] "GET /xingrg/all/function/internal_message.html?_=1627604540015&CODE_STATE=getMsg HTTP/1.1" 200 27
180.156.224.123 - - [30/Jul/2021:08:22:30 +0800] "GET /xingrg/all/function/internal_message.html?_=1627604508795&CODE_STATE=getMsg HTTP/1.1" 200 27
120.253.135.82 - - [30/Jul/2021:08:22:35 +0800] "GET /xingrg/all/function/internal_message.html?_=1627604331198&CODE_STATE=getMsg HTTP/1.1" 200 27
222.70.246.151 - - [30/Jul/2021:08:22:39 +0800] "GET /xingrg/check_reg.html?_=1627604560470 HTTP/1.1" 200 22
180.174.197.120 - - [30/Jul/2021:08:22:46 +0800] "GET /xingrg/all/function/internal_message.html?_=1627604534976&CODE_STATE=getMsg HTTP/1.1" 200 27
180.169.147.146 - - [30/Jul/2021:08:22:49 +0800] "GET /xingrg/all/function/internal_message.html?_=1627604559855&CODE_STATE=getMsg HTTP/1.1" 200 27
180.169.147.146 - - [30/Jul/2021:08:22:52 +0800] "GET /xingrg/all/function/internal_message.html?_=1627604569239&CODE_STATE=getMsg HTTP/1.1" 200 27
180.169.147.146 - - [30/Jul/2021:08:22:57 +0800] "GET /xingrg/all/function/internal_message.html?_=1627604574091&CODE_STATE=getMsg HTTP/1.1" 200 27
180.156.224.123 - - [30/Jul/2021:08:22:58 +0800] "GET /xingrg/all/function/internal_message.html?_=1627604574487&CODE_STATE=getMsg HTTP/1.1" 200 27
222.70.176.145 - - [30/Jul/2021:08:23:00 +0800] "GET /xingrg/all/function/internal_message.html?_=1627604612960&CODE_STATE=getMsg HTTP/1.1" 302 -
180.169.147.146 - - [30/Jul/2021:08:23:06 +0800] "GET /xingrg/all/function/internal_message.html?_=1627604590522&CODE_STATE=getMsg HTTP/1.1" 200 27
222.70.176.145 - - [30/Jul/2021:08:23:08 +0800] "GET /xingrg/all/function/internal_message.html?_=1627604581583&CODE_STATE=getMsg HTTP/1.1" 200 27
222.70.176.145 - - [30/Jul/2021:08:23:13 +0800] "GET /xingrg/all/function/internal_message.html?_=1627604500627&CODE_STATE=getMsg HTTP/1.1" 302 -
120.253.135.82 - - [30/Jul/2021:08:23:16 +0800] "GET /xingrg/all/function/internal_message.html?_=1627604719263&CODE_STATE=getMsg HTTP/1.1" 200 27
222.70.246.151 - - [30/Jul/2021:08:23:20 +0800] "GET /xingrg/all/function/internal_message.html?_=1627604601574&CODE_STATE=getMsg HTTP/1.1" 200 27
58.40.7.146 - - [30/Jul/2021:08:23:23 +0800] "GET /xingrg/all/function/internal_message.html?_=1627604600016&CODE_STATE=getMsg HTTP/1.1" 200 27
180.156.224.123 - - [30/Jul/2021:08:23:30 +0800] "GET /xingrg/all/function/internal_message.html?_=1627604568872&CODE_STATE=getMsg HTTP/1.1" 200 27
120.253.135.82 - - [30/Jul/2021:08:23:35 +0800] "GET /xingrg/all/function/internal_message.html?_=1627604391211&CODE_STATE=getMsg HTTP/1.1" 200 27
222.69.128.39 - - [30/Jul/2021:08:23:40 +0800] "GET /favicon.ico HTTP/1.1" 404 -
180.174.197.120 - - [30/Jul/2021:08:23:46 +0800] "GET /xingrg/all/function/internal_message.html?_=1627604595007&CODE_STATE=getMsg HTTP/1.1" 200 27
180.169.147.146 - - [30/Jul/2021:08:23:49 +0800] "GET /xingrg/all/function/internal_message.html?_=1627604619825&CODE_STATE=getMsg HTTP/1.1" 200 27
180.169.147.146 - - [30/Jul/2021:08:23:52 +0800] "GET /xingrg/all/function/internal_message.html?_=1627604629234&CODE_STATE=getMsg HTTP/1.1" 200 27
180.169.147.146 - - [30/Jul/2021:08:23:57 +0800] "GET /xingrg/check_reg.html?_=1627604634103 HTTP/1.1" 200 22
180.169.147.146 - - [30/Jul/2021:08:23:57 +0800] "GET /xingrg/all/function/internal_message.html?_=1627604634103&CODE_STATE=getMsg HTTP/1.1" 200 27
180.156.224.123 - - [30/Jul/2021:08:23:58 +0800] "GET /xingrg/all/function/internal_message.html?_=1627604634471&CODE_STATE=getMsg HTTP/1.1" 200 27
222.70.176.145 - - [30/Jul/2021:08:24:00 +0800] "GET /xingrg/all/function/internal_message.html?_=1627604672960&CODE_STATE=getMsg HTTP/1.1" 302 -
180.169.147.146 - - [30/Jul/2021:08:24:06 +0800] "GET /xingrg/all/function/internal_message.html?_=1627604650520&CODE_STATE=getMsg HTTP/1.1" 200 27
222.70.176.145 - - [30/Jul/2021:08:24:08 +0800] "GET /xingrg/all/function/internal_message.html?_=1627604641585&CODE_STATE=getMsg HTTP/1.1" 200 27
222.70.176.145 - - [30/Jul/2021:08:24:13 +0800] "GET /xingrg/all/function/internal_message.html?_=1627604560620&CODE_STATE=getMsg HTTP/1.1" 302 -
120.253.135.82 - - [30/Jul/2021:08:24:16 +0800] "GET /xingrg/all/function/internal_message.html?_=1627604779268&CODE_STATE=getMsg HTTP/1.1" 200 27
222.70.246.151 - - [30/Jul/2021:08:24:20 +0800] "GET /xingrg/all/function/internal_message.html?_=1627604661586&CODE_STATE=getMsg HTTP/1.1" 200 27
58.40.7.146 - - [30/Jul/2021:08:24:23 +0800] "GET /xingrg/all/function/internal_message.html?_=1627604660003&CODE_STATE=getMsg HTTP/1.1" 200 27
222.69.128.39 - - [30/Jul/2021:08:24:25 +0800] "GET /favicon.ico HTTP/1.1" 404 -
222.69.128.39 - - [30/Jul/2021:08:24:25 +0800] "GET /favicon.ico HTTP/1.1" 404 -
180.156.224.123 - - [30/Jul/2021:08:24:30 +0800] "GET /xingrg/all/function/internal_message.html?_=1627604628883&CODE_STATE=getMsg HTTP/1.1" 200 27
120.253.135.82 - - [30/Jul/2021:08:24:35 +0800] "GET /xingrg/all/function/internal_message.html?_=1627604451237&CODE_STATE=getMsg HTTP/1.1" 200 27
180.174.197.120 - - [30/Jul/2021:08:24:46 +0800] "GET /xingrg/all/function/internal_message.html?_=1627604655019&CODE_STATE=getMsg HTTP/1.1" 200 27
180.169.147.146 - - [30/Jul/2021:08:24:49 +0800] "GET /xingrg/all/function/internal_message.html?_=1627604679798&CODE_STATE=getMsg HTTP/1.1" 200 27
180.169.147.146 - - [30/Jul/2021:08:24:52 +0800] "GET /xingrg/all/function/internal_message.html?_=1627604689237&CODE_STATE=getMsg HTTP/1.1" 200 27
180.169.147.146 - - [30/Jul/2021:08:24:52 +0800] "GET /xingrg/check_reg.html?_=1627604689254 HTTP/1.1" 200 22
180.169.147.146 - - [30/Jul/2021:08:24:53 +0800] "GET /xingrg/check_reg.html?_=1627604688678 HTTP/1.1" 302 -
180.169.147.146 - - [30/Jul/2021:08:24:57 +0800] "GET /xingrg/all/function/internal_message.html?_=1627604694105&CODE_STATE=getMsg HTTP/1.1" 200 27
180.156.224.123 - - [30/Jul/2021:08:24:58 +0800] "GET /xingrg/all/function/internal_message.html?_=1627604694455&CODE_STATE=getMsg HTTP/1.1" 200 27
222.70.176.145 - - [30/Jul/2021:08:25:00 +0800] "GET /xingrg/all/function/internal_message.html?_=1627604732967&CODE_STATE=getMsg HTTP/1.1" 302 -
116.232.50.204 - - [30/Jul/2021:08:25:01 +0800] "GET /favicon.ico HTTP/1.1" 404 -
180.169.147.146 - - [30/Jul/2021:08:25:06 +0800] "GET /xingrg/all/function/internal_message.html?_=1627604710518&CODE_STATE=getMsg HTTP/1.1" 200 27
222.70.176.145 - - [30/Jul/2021:08:25:08 +0800] "GET /xingrg/check_reg.html?_=1627604701587 HTTP/1.1" 200 22
222.70.176.145 - - [30/Jul/2021:08:25:08 +0800] "GET /xingrg/all/function/internal_message.html?_=1627604701592&CODE_STATE=getMsg HTTP/1.1" 200 27
116.232.50.204 - - [30/Jul/2021:08:25:10 +0800] "GET /xingrg/login.html HTTP/1.1" 200 7641
116.232.50.204 - - [30/Jul/2021:08:25:11 +0800] "GET /favicon.ico HTTP/1.1" 404 -
180.156.224.123 - - [30/Jul/2021:08:25:11 +0800] "GET /xingrg/check_reg.html?_=1627604707748 HTTP/1.1" 200 22
180.169.147.146 - - [30/Jul/2021:08:25:13 +0800] "GET /xingrg/check_reg.html?_=1627604703808 HTTP/1.1" 200 22
222.70.176.145 - - [30/Jul/2021:08:25:13 +0800] "GET /xingrg/check_reg.html?_=1627604620618 HTTP/1.1" 302 -
222.70.176.145 - - [30/Jul/2021:08:25:13 +0800] "GET /xingrg/all/function/internal_message.html?_=1627604620620&CODE_STATE=getMsg HTTP/1.1" 302 -
120.253.135.82 - - [30/Jul/2021:08:25:16 +0800] "GET /xingrg/check_reg.html?_=1627604838827 HTTP/1.1" 200 22
120.253.135.82 - - [30/Jul/2021:08:25:16 +0800] "GET /xingrg/all/function/internal_message.html?_=1627604839283&CODE_STATE=getMsg HTTP/1.1" 200 27
116.232.50.204 - - [30/Jul/2021:08:25:16 +0800] "POST /xingrg/login.do HTTP/1.1" 302 -
116.232.50.204 - - [30/Jul/2021:08:25:17 +0800] "POST /xingrg/login.do HTTP/1.1" 302 -
116.232.50.204 - - [30/Jul/2021:08:25:17 +0800] "GET /xingrg/index.html?sysBaseUrl=http%3A%2F%2F180.169.147.146%3A18081%2Fxingrg%2F&costTime=320×tamp=1627604717013 HTTP/1.1" 200 17173
116.232.50.204 - - [30/Jul/2021:08:25:17 +0800] "GET /xingrg/check_reg.html?_=1627604724979 HTTP/1.1" 200 22
116.232.50.204 - - [30/Jul/2021:08:25:17 +0800] "GET /xingrg/all/function/internal_message.html?_=1627604724978&CODE_STATE=count HTTP/1.1" 200 11
116.232.50.204 - - [30/Jul/2021:08:25:17 +0800] "POST /xingrg/all/common/load_tree.html?tree=area_rest_tree_json&manage=1 HTTP/1.1" 200 342
116.232.50.204 - - [30/Jul/2021:08:25:17 +0800] "POST /xingrg/load_menu.html HTTP/1.1" 200 5138
116.232.50.204 - - [30/Jul/2021:08:25:19 +0800] "GET /xingrg/kc/buy/buy_main.html HTTP/1.1" 200 12412
116.232.50.204 - - [30/Jul/2021:08:25:19 +0800] "GET /xingrg/css/new_ie.css HTTP/1.1" 404 1036
222.70.246.151 - - [30/Jul/2021:08:25:20 +0800] "GET /xingrg/all/function/internal_message.html?_=1627604721687&CODE_STATE=getMsg HTTP/1.1" 200 27
116.232.50.204 - - [30/Jul/2021:08:25:20 +0800] "GET /xingrg/kc/buy/cgsh_order_list.html HTTP/1.1" 200 47140
116.232.50.204 - - [30/Jul/2021:08:25:21 +0800] "POST /xingrg/kc/buy/cgsh_list_operate.html HTTP/1.1" 200 876
116.232.50.204 - - [30/Jul/2021:08:25:22 +0800] "GET /xingrg/words/20210729165926_words.js HTTP/1.1" 304 -
116.232.50.204 - - [30/Jul/2021:08:25:22 +0800] "GET /xingrg/kc/buy/cgsh_order_add.html HTTP/1.1" 200 62919
116.232.50.204 - - [30/Jul/2021:08:25:23 +0800] "GET /xingrg/javascript/easyui/themes/default/validatebox.css HTTP/1.1" 404 1104
116.232.50.204 - - [30/Jul/2021:08:25:23 +0800] "POST /xingrg/kc/buy/cgsh_order_operate.html HTTP/1.1" 200 8245
116.232.50.204 - - [30/Jul/2021:08:25:23 +0800] "GET /xingrg/all/common/auto_word.html?type=employee&rest_code=00109 HTTP/1.1" 200 255
116.232.50.204 - - [30/Jul/2021:08:25:23 +0800] "GET /xingrg/all/common/auto_word.html?type=employee&rest_code=00109 HTTP/1.1" 200 255
58.40.7.146 - - [30/Jul/2021:08:25:23 +0800] "GET /xingrg/all/function/internal_message.html?_=1627604720006&CODE_STATE=getMsg HTTP/1.1" 200 27
116.232.50.204 - - [30/Jul/2021:08:25:25 +0800] "GET /xingrg/javascript/jquery_tools/images/prev.gif HTTP/1.1" 404 1086
116.232.50.204 - - [30/Jul/2021:08:25:25 +0800] "GET /xingrg/javascript/jquery_tools/images/next.gif HTTP/1.1" 404 1086
180.156.224.123 - - [30/Jul/2021:08:25:30 +0800] "GET /xingrg/all/function/internal_message.html?_=1627604688962&CODE_STATE=getMsg HTTP/1.1" 200 27
116.232.50.204 - - [30/Jul/2021:08:25:35 +0800] "GET /xingrg/kc/buy/cgsh_order_operate.html?command=get_materiel&rest_code=00109&code=00101031006&supplier_code=00100240&order_time=2021-07-30 HTTP/1.1" 200 417
120.253.135.82 - - [30/Jul/2021:08:25:35 +0800] "GET /xingrg/all/function/internal_message.html?_=1627604511254&CODE_STATE=getMsg HTTP/1.1" 200 27
180.174.197.120 - - [30/Jul/2021:08:25:46 +0800] "GET /xingrg/check_reg.html?_=1627604714956 HTTP/1.1" 200 22
180.174.197.120 - - [30/Jul/2021:08:25:46 +0800] "GET /xingrg/all/function/internal_message.html?_=1627604715110&CODE_STATE=getMsg HTTP/1.1" 200 27
116.232.50.204 - - [30/Jul/2021:08:25:47 +0800] "POST /xingrg/kc/buy/cgsh_order_operate.html HTTP/1.1" 200 37
180.169.147.146 - - [30/Jul/2021:08:25:49 +0800] "GET /xingrg/all/function/internal_message.html?_=1627604739774&CODE_STATE=getMsg HTTP/1.1" 200 27
180.156.224.123 - - [30/Jul/2021:08:25:49 +0800] "GET /xingrg/check_reg.html?_=1627604708491 HTTP/1.1" 200 22
116.232.50.204 - - [30/Jul/2021:08:25:50 +0800] "POST /xingrg/kc/buy/cgsh_order_operate.html HTTP/1.1" 200 2660
116.232.50.204 - - [30/Jul/2021:08:25:51 +0800] "GET /xingrg/kc/print/load_config.html?kc_code=cgsh HTTP/1.1" 200 1845
116.232.50.204 - - [30/Jul/2021:08:25:51 +0800] "GET /xingrg/kc/print/load_data.html?order_code=212021073013446&kc_code=cgsh&condition= HTTP/1.1" 200 644
180.169.147.146 - - [30/Jul/2021:08:25:52 +0800] "GET /xingrg/all/function/internal_message.html?_=1627604749242&CODE_STATE=getMsg HTTP/1.1" 200 27
180.174.197.120 - - [30/Jul/2021:08:25:55 +0800] "GET /xingrg/css/images/panel_loading.gif HTTP/1.1" 304 -
180.174.197.120 - - [30/Jul/2021:08:25:55 +0800] "POST /xingrg/all/common/load_combo.html?type=base HTTP/1.1" 200 3060
180.169.147.146 - - [30/Jul/2021:08:25:57 +0800] "GET /xingrg/all/function/internal_message.html?_=1627604754115&CODE_STATE=getMsg HTTP/1.1" 200 27
116.232.50.204 - - [30/Jul/2021:08:25:57 +0800] "GET /xingrg/kc/buy/cgsh_order_add.html HTTP/1.1" 200 62919
116.232.50.204 - - [30/Jul/2021:08:25:57 +0800] "POST /xingrg/kc/buy/cgsh_order_operate.html HTTP/1.1" 200 8245
116.232.50.204 - - [30/Jul/2021:08:25:57 +0800] "GET /xingrg/all/common/auto_word.html?type=employee&rest_code=00109 HTTP/1.1" 200 255
116.232.50.204 - - [30/Jul/2021:08:25:57 +0800] "GET /xingrg/javascript/easyui/themes/default/validatebox.css HTTP/1.1" 404 1104
116.232.50.204 - - [30/Jul/2021:08:25:57 +0800] "GET /xingrg/all/common/auto_word.html?type=employee&rest_code=00109 HTTP/1.1" 200 255
180.156.224.123 - - [30/Jul/2021:08:25:58 +0800] "GET /xingrg/all/function/internal_message.html?_=1627604754436&CODE_STATE=getMsg HTTP/1.1" 200 27
222.70.176.145 - - [30/Jul/2021:08:26:00 +0800] "GET /xingrg/all/function/internal_message.html?_=1627604792951&CODE_STATE=getMsg HTTP/1.1" 302 -
180.174.197.120 - - [30/Jul/2021:08:26:01 +0800] "GET /xingrg/javascript/auto/indicator.gif HTTP/1.1" 404 1066
180.174.197.120 - - [30/Jul/2021:08:26:03 +0800] "GET /xingrg/kc/base/wldb_order_operate.html?command=get_materiel&rest_code=00102&base_code=0010476&code=00101019183 HTTP/1.1" 200 434
180.169.147.146 - - [30/Jul/2021:08:26:06 +0800] "GET /xingrg/all/function/internal_message.html?_=1627604770517&CODE_STATE=getMsg HTTP/1.1" 200 27
222.70.176.145 - - [30/Jul/2021:08:26:08 +0800] "GET /xingrg/all/function/internal_message.html?_=1627604761580&CODE_STATE=getMsg HTTP/1.1" 200 27
180.174.197.120 - - [30/Jul/2021:08:26:08 +0800] "GET /xingrg/kc/base/wldb_order_operate.html?command=get_materiel&rest_code=00102&base_code=0010476&code=00101016075 HTTP/1.1" 200 464
222.70.176.145 - - [30/Jul/2021:08:26:13 +0800] "GET /xingrg/all/function/internal_message.html?_=1627604680610&CODE_STATE=getMsg HTTP/1.1" 302 -
180.174.197.120 - - [30/Jul/2021:08:26:14 +0800] "GET /xingrg/kc/base/wldb_order_operate.html?command=get_materiel&rest_code=00102&base_code=0010476&code=00101019068 HTTP/1.1" 200 469
120.253.135.82 - - [30/Jul/2021:08:26:16 +0800] "GET /xingrg/all/function/internal_message.html?_=1627604899295&CODE_STATE=getMsg HTTP/1.1" 200 27
116.232.50.204 - - [30/Jul/2021:08:26:17 +0800] "GET /xingrg/all/function/internal_message.html?_=1627604784989&CODE_STATE=getMsg HTTP/1.1" 200 27
116.232.50.204 - - [30/Jul/2021:08:26:19 +0800] "GET /xingrg/kc/buy/cgsh_order_operate.html?command=get_materiel&rest_code=00109&code=00101010136&supplier_code=00100035&order_time=2021-07-30 HTTP/1.1" 200 409
222.70.246.151 - - [30/Jul/2021:08:26:20 +0800] "GET /xingrg/all/function/internal_message.html?_=1627604781692&CODE_STATE=getMsg HTTP/1.1" 200 27
180.174.197.120 - - [30/Jul/2021:08:26:22 +0800] "GET /xingrg/kc/base/wldb_order_operate.html?command=get_materiel&rest_code=00102&base_code=0010476&code=00101019401 HTTP/1.1" 200 474
58.40.7.146 - - [30/Jul/2021:08:26:23 +0800] "GET /xingrg/all/function/internal_message.html?_=1627604780007&CODE_STATE=getMsg HTTP/1.1" 200 27
58.40.7.146 - - [30/Jul/2021:08:26:23 +0800] "GET /xingrg/check_reg.html?_=1627604780007 HTTP/1.1" 200 22
116.232.50.204 - - [30/Jul/2021:08:26:23 +0800] "GET /xingrg/javascript/auto/indicator.gif HTTP/1.1" 404 1066
180.174.197.120 - - [30/Jul/2021:08:26:28 +0800] "GET /xingrg/kc/base/wldb_order_operate.html?command=get_materiel&rest_code=00102&base_code=0010476&code=00101013225 HTTP/1.1" 200 448
180.156.224.123 - - [30/Jul/2021:08:26:30 +0800] "GET /xingrg/all/function/internal_message.html?_=1627604748974&CODE_STATE=getMsg HTTP/1.1" 200 27
116.232.50.204 - - [30/Jul/2021:08:26:31 +0800] "GET /xingrg/kc/buy/cgsh_order_operate.html?command=get_materiel&rest_code=00109&code=00101012061&supplier_code=00100035&order_time=2021-07-30 HTTP/1.1" 200 412
180.174.197.120 - - [30/Jul/2021:08:26:34 +0800] "GET /xingrg/kc/base/wldb_order_operate.html?command=get_materiel&rest_code=00102&base_code=0010476&code=00101019222 HTTP/1.1" 200 453
120.253.135.82 - - [30/Jul/2021:08:26:35 +0800] "GET /xingrg/check_reg.html?_=1627604570871 HTTP/1.1" 200 22
120.253.135.82 - - [30/Jul/2021:08:26:35 +0800] "GET /xingrg/all/function/internal_message.html?_=1627604571268&CODE_STATE=getMsg HTTP/1.1" 200 27
116.232.50.204 - - [30/Jul/2021:08:26:37 +0800] "GET /xingrg/kc/buy/cgsh_order_operate.html?command=get_materiel&rest_code=00109&code=00101016025&supplier_code=00100035&order_time=2021-07-30 HTTP/1.1" 200 408
180.174.197.120 - - [30/Jul/2021:08:26:40 +0800] "GET /xingrg/kc/base/wldb_order_operate.html?command=get_materiel&rest_code=00102&base_code=0010476&code=00101019010 HTTP/1.1" 200 466
180.174.197.120 - - [30/Jul/2021:08:26:44 +0800] "GET /xingrg/kc/base/wldb_order_operate.html?command=get_materiel&rest_code=00102&base_code=0010476&code=00101019163 HTTP/1.1" 200 429
180.174.197.120 - - [30/Jul/2021:08:26:46 +0800] "GET /xingrg/all/function/internal_message.html?_=1627604775153&CODE_STATE=getMsg HTTP/1.1" 200 27
116.232.50.204 - - [30/Jul/2021:08:26:46 +0800] "GET /xingrg/kc/buy/cgsh_order_operate.html?command=get_materiel&rest_code=00109&code=00101012059&supplier_code=00100035&order_time=2021-07-30 HTTP/1.1" 200 412
180.174.197.120 - - [30/Jul/2021:08:26:48 +0800] "GET /xingrg/kc/base/wldb_order_operate.html?command=get_materiel&rest_code=00102&base_code=0010476&code=00101019469 HTTP/1.1" 200 456
180.169.147.146 - - [30/Jul/2021:08:26:49 +0800] "GET /xingrg/all/function/internal_message.html?_=1627604799749&CODE_STATE=getMsg HTTP/1.1" 200 27
180.169.147.146 - - [30/Jul/2021:08:26:52 +0800] "GET /xingrg/all/function/internal_message.html?_=1627604809244&CODE_STATE=getMsg HTTP/1.1" 200 27
116.232.50.204 - - [30/Jul/2021:08:26:53 +0800] "GET /xingrg/kc/buy/cgsh_order_operate.html?command=get_materiel&rest_code=00109&code=00101016080&supplier_code=00100035&order_time=2021-07-30 HTTP/1.1" 200 408
180.174.197.120 - - [30/Jul/2021:08:26:53 +0800] "GET /xingrg/kc/base/wldb_order_operate.html?command=get_materiel&rest_code=00102&base_code=0010476&code=00101019450 HTTP/1.1" 200 468
180.169.147.146 - - [30/Jul/2021:08:26:57 +0800] "GET /xingrg/all/function/internal_message.html?_=1627604814119&CODE_STATE=getMsg HTTP/1.1" 200 27
180.156.224.123 - - [30/Jul/2021:08:26:58 +0800] "GET /xingrg/all/function/internal_message.html?_=1627604814422&CODE_STATE=getMsg HTTP/1.1" 200 27
180.174.197.120 - - [30/Jul/2021:08:26:58 +0800] "GET /xingrg/kc/base/wldb_order_operate.html?command=get_materiel&rest_code=00102&base_code=0010476&code=00101019184 HTTP/1.1" 200 442
222.70.176.145 - - [30/Jul/2021:08:27:00 +0800] "GET /xingrg/all/function/internal_message.html?_=1627604852968&CODE_STATE=getMsg HTTP/1.1" 302 -
222.70.176.145 - - [30/Jul/2021:08:27:00 +0800] "GET /xingrg/check_reg.html?_=1627604852972 HTTP/1.1" 302 -
180.174.197.120 - - [30/Jul/2021:08:27:03 +0800] "GET /xingrg/kc/base/wldb_order_operate.html?command=get_materiel&rest_code=00102&base_code=0010476&code=00101019400 HTTP/1.1" 200 450
116.232.50.204 - - [30/Jul/2021:08:27:05 +0800] "GET /xingrg/kc/buy/cgsh_order_operate.html?command=get_materiel&rest_code=00109&code=00101016071&supplier_code=00100035&order_time=2021-07-30 HTTP/1.1" 200 416
180.169.147.146 - - [30/Jul/2021:08:27:06 +0800] "GET /xingrg/check_reg.html?_=1627604830516 HTTP/1.1" 200 22
180.169.147.146 - - [30/Jul/2021:08:27:06 +0800] "GET /xingrg/all/function/internal_message.html?_=1627604830515&CODE_STATE=getMsg HTTP/1.1" 200 27
222.70.176.145 - - [30/Jul/2021:08:27:08 +0800] "GET /xingrg/all/function/internal_message.html?_=1627604821581&CODE_STATE=getMsg HTTP/1.1" 200 27
116.232.50.204 - - [30/Jul/2021:08:27:10 +0800] "GET /xingrg/javascript/jquery_easy_ui/themes/default/images/tabs_active.png HTTP/1.1" 200 2894
222.70.176.145 - - [30/Jul/2021:08:27:13 +0800] "GET /xingrg/all/function/internal_message.html?_=1627604740612&CODE_STATE=getMsg HTTP/1.1" 302 -
120.253.135.82 - - [30/Jul/2021:08:27:16 +0800] "GET /xingrg/all/function/internal_message.html?_=1627604959309&CODE_STATE=getMsg HTTP/1.1" 200 27
116.232.50.204 - - [30/Jul/2021:08:27:17 +0800] "GET /xingrg/all/function/internal_message.html?_=1627604844986&CODE_STATE=getMsg HTTP/1.1" 200 27
116.232.50.204 - - [30/Jul/2021:08:27:18 +0800] "GET /xingrg/kc/buy/cgsh_order_operate.html?command=get_materiel&rest_code=00109&code=00101012026&supplier_code=00100035&order_time=2021-07-30 HTTP/1.1" 200 408
222.70.246.151 - - [30/Jul/2021:08:27:20 +0800] "GET /xingrg/all/function/internal_message.html?_=1627604841784&CODE_STATE=getMsg HTTP/1.1" 200 27
58.40.7.146 - - [30/Jul/2021:08:27:23 +0800] "GET /xingrg/all/function/internal_message.html?_=1627604840009&CODE_STATE=getMsg HTTP/1.1" 200 27
180.156.224.123 - - [30/Jul/2021:08:27:30 +0800] "GET /xingrg/all/function/internal_message.html?_=1627604808988&CODE_STATE=getMsg HTTP/1.1" 200 27
116.232.50.204 - - [30/Jul/2021:08:27:32 +0800] "POST /xingrg/kc/buy/cgsh_order_operate.html HTTP/1.1" 200 37
120.253.135.82 - - [30/Jul/2021:08:27:35 +0800] "GET /xingrg/all/function/internal_message.html?_=1627604631281&CODE_STATE=getMsg HTTP/1.1" 200 27
222.70.246.151 - - [30/Jul/2021:08:27:39 +0800] "GET /xingrg/check_reg.html?_=1627604860475 HTTP/1.1" 200 22
116.232.50.204 - - [30/Jul/2021:08:27:40 +0800] "POST /xingrg/kc/buy/cgsh_order_operate.html HTTP/1.1" 200 6201
116.232.50.204 - - [30/Jul/2021:08:27:43 +0800] "GET /xingrg/kc/print/load_config.html?kc_code=cgsh HTTP/1.1" 200 1845
116.232.50.204 - - [30/Jul/2021:08:27:44 +0800] "GET /xingrg/kc/print/load_data.html?order_code=212021073013447&kc_code=cgsh&condition= HTTP/1.1" 200 2027
180.174.197.120 - - [30/Jul/2021:08:27:46 +0800] "GET /xingrg/all/function/internal_message.html?_=1627604835168&CODE_STATE=getMsg HTTP/1.1" 200 27
180.169.147.146 - - [30/Jul/2021:08:27:49 +0800] "GET /xingrg/all/function/internal_message.html?_=1627604859759&CODE_STATE=getMsg HTTP/1.1" 200 27
101.83.145.79 - - [30/Jul/2021:08:27:52 +0800] "GET /favicon.ico HTTP/1.1" 404 -
180.169.147.146 - - [30/Jul/2021:08:27:52 +0800] "GET /xingrg/all/function/internal_message.html?_=1627604869244&CODE_STATE=getMsg HTTP/1.1" 200 27
101.83.145.79 - - [30/Jul/2021:08:27:54 +0800] "GET /xingrg/index.html?sysBaseUrl=http%3A%2F%2F180.169.147.146%3A18081%2Fxingrg%2F&costTime=36×tamp=1585223203754 HTTP/1.1" 302 -
101.83.145.79 - - [30/Jul/2021:08:27:54 +0800] "GET /xingrg/login.html HTTP/1.1" 200 7641
180.169.147.146 - - [30/Jul/2021:08:27:57 +0800] "GET /xingrg/all/function/internal_message.html?_=1627604874118&CODE_STATE=getMsg HTTP/1.1" 200 27
180.156.224.123 - - [30/Jul/2021:08:27:58 +0800] "GET /xingrg/all/function/internal_message.html?_=1627604874406&CODE_STATE=getMsg HTTP/1.1" 200 27
222.70.176.145 - - [30/Jul/2021:08:28:00 +0800] "GET /xingrg/all/function/internal_message.html?_=1627604912956&CODE_STATE=getMsg HTTP/1.1" 302 -
180.169.147.146 - - [30/Jul/2021:08:28:06 +0800] "GET /xingrg/all/function/internal_message.html?_=1627604890514&CODE_STATE=getMsg HTTP/1.1" 200 27
222.70.176.145 - - [30/Jul/2021:08:28:08 +0800] "GET /xingrg/all/function/internal_message.html?_=1627604881581&CODE_STATE=getMsg HTTP/1.1" 200 27
101.83.145.79 - - [30/Jul/2021:08:28:10 +0800] "GET /xingrg/index.html?sysBaseUrl=http%3A%2F%2F180.169.147.146%3A18081%2Fxingrg%2F&costTime=36×tamp=1585223203754 HTTP/1.1" 302 -
101.83.145.79 - - [30/Jul/2021:08:28:10 +0800] "GET /xingrg/login.html HTTP/1.1" 200 7641
101.83.145.79 - - [30/Jul/2021:08:28:10 +0800] "GET /xingrg/images/blue/jxLogo.png HTTP/1.1" 304 -
101.83.145.79 - - [30/Jul/2021:08:28:13 +0800] "GET /xingrg/images/blue/login_bg.png HTTP/1.1" 304 -
101.83.145.79 - - [30/Jul/2021:08:28:13 +0800] "GET /xingrg/images/blue/hj.png HTTP/1.1" 304 -
101.83.145.79 - - [30/Jul/2021:08:28:13 +0800] "GET /xingrg/images/blue/srbg.png HTTP/1.1" 304 -
222.70.176.145 - - [30/Jul/2021:08:28:13 +0800] "GET /xingrg/all/function/internal_message.html?_=1627604800616&CODE_STATE=getMsg HTTP/1.1" 302 -
101.83.145.79 - - [30/Jul/2021:08:28:14 +0800] "GET /favicon.ico HTTP/1.1" 404 -
120.253.135.82 - - [30/Jul/2021:08:28:16 +0800] "GET /xingrg/all/function/internal_message.html?_=1627605019347&CODE_STATE=getMsg HTTP/1.1" 200 27
116.232.50.204 - - [30/Jul/2021:08:28:17 +0800] "GET /xingrg/all/function/internal_message.html?_=1627604904987&CODE_STATE=getMsg HTTP/1.1" 200 27
222.70.246.151 - - [30/Jul/2021:08:28:20 +0800] "GET /xingrg/all/function/internal_message.html?_=1627604901798&CODE_STATE=getMsg HTTP/1.1" 200 27
58.40.7.146 - - [30/Jul/2021:08:28:23 +0800] "GET /xingrg/all/function/internal_message.html?_=1627604900011&CODE_STATE=getMsg HTTP/1.1" 200 27
180.156.224.123 - - [30/Jul/2021:08:28:30 +0800] "GET /xingrg/all/function/internal_message.html?_=1627604869066&CODE_STATE=getMsg HTTP/1.1" 200 27
101.83.145.79 - - [30/Jul/2021:08:28:35 +0800] "POST /xingrg/login.do HTTP/1.1" 302 -
101.83.145.79 - - [30/Jul/2021:08:28:35 +0800] "GET /xingrg/index.html?sysBaseUrl=http%3A%2F%2F180.169.147.146%3A18081%2Fxingrg%2F&costTime=147×tamp=1627604915656 HTTP/1.1" 200 17173
101.83.145.79 - - [30/Jul/2021:08:28:35 +0800] "GET /xingrg/javascript/jquery_easy_ui/themes/default/easyui.css HTTP/1.1" 304 -
101.83.145.79 - - [30/Jul/2021:08:28:35 +0800] "GET /xingrg/javascript/jquery_easy_ui/themes/icon.css HTTP/1.1" 304 -
101.83.145.79 - - [30/Jul/2021:08:28:35 +0800] "GET /xingrg/javascript/jquery-1.4.2.min.js HTTP/1.1" 304 -
101.83.145.79 - - [30/Jul/2021:08:28:35 +0800] "GET /xingrg/css/form.css HTTP/1.1" 304 -
101.83.145.79 - - [30/Jul/2021:08:28:35 +0800] "GET /xingrg/javascript/jquery_easy_ui/easyui-lang-zh_CN.js HTTP/1.1" 304 -
101.83.145.79 - - [30/Jul/2021:08:28:35 +0800] "GET /xingrg/javascript/jquery_easy_ui/jquery.easyui.min.js HTTP/1.1" 304 -
120.253.135.82 - - [30/Jul/2021:08:28:35 +0800] "GET /xingrg/all/function/internal_message.html?_=1627604691294&CODE_STATE=getMsg HTTP/1.1" 200 27
101.83.145.79 - - [30/Jul/2021:08:28:35 +0800] "GET /xingrg/javascript/jquery.form.js HTTP/1.1" 304 -
101.83.145.79 - - [30/Jul/2021:08:28:35 +0800] "GET /xingrg/javascript/jquery.utils.js HTTP/1.1" 304 -
101.83.145.79 - - [30/Jul/2021:08:28:35 +0800] "GET /xingrg/javascript/jquery.timers.js HTTP/1.1" 304 -
101.83.145.79 - - [30/Jul/2021:08:28:36 +0800] "GET /favicon.ico HTTP/1.1" 404 -
101.83.145.79 - - [30/Jul/2021:08:28:36 +0800] "GET /xingrg/javascript/jquery_easy_ui/themes/icons/settle_new.png HTTP/1.1" 304 -
101.83.145.79 - - [30/Jul/2021:08:28:36 +0800] "GET /xingrg/images/blue/navBackgound.jpg HTTP/1.1" 304 -
101.83.145.79 - - [30/Jul/2021:08:28:36 +0800] "GET /xingrg/all/function/internal_message.html?_=1627604914298&CODE_STATE=count HTTP/1.1" 200 11
101.83.145.79 - - [30/Jul/2021:08:28:36 +0800] "GET /xingrg/check_reg.html?_=1627604914298 HTTP/1.1" 200 22
101.83.145.79 - - [30/Jul/2021:08:28:36 +0800] "POST /xingrg/all/common/load_tree.html?tree=area_rest_tree_json&manage=1 HTTP/1.1" 200 3466
101.83.145.79 - - [30/Jul/2021:08:28:36 +0800] "GET /xingrg/images/blue/pingpu.png HTTP/1.1" 304 -
101.83.145.79 - - [30/Jul/2021:08:28:36 +0800] "GET /xingrg/javascript/jquery_easy_ui/themes/default/images/tabs_leftarrow.png HTTP/1.1" 304 -
101.83.145.79 - - [30/Jul/2021:08:28:36 +0800] "GET /xingrg/javascript/jquery_easy_ui/themes/default/images/tabs_rightarrow.png HTTP/1.1" 304 -
101.83.145.79 - - [30/Jul/2021:08:28:36 +0800] "GET /xingrg/javascript/jquery_easy_ui/themes/default/images/panel_tool_collapse.gif HTTP/1.1" 304 -
101.83.145.79 - - [30/Jul/2021:08:28:36 +0800] "POST /xingrg/load_menu.html HTTP/1.1" 200 5138
101.83.145.79 - - [30/Jul/2021:08:28:36 +0800] "GET /xingrg/javascript/jquery_easy_ui/themes/default/images/tree_arrows.gif HTTP/1.1" 304 -
101.83.145.79 - - [30/Jul/2021:08:28:36 +0800] "GET /xingrg/javascript/jquery_easy_ui/themes/default/images/tree_folder_open.gif HTTP/1.1" 304 -
101.83.145.79 - - [30/Jul/2021:08:28:36 +0800] "GET /xingrg/javascript/jquery_easy_ui/themes/icons/search_new.png HTTP/1.1" 304 -
101.83.145.79 - - [30/Jul/2021:08:28:36 +0800] "GET /xingrg/javascript/jquery_easy_ui/themes/default/images/tree_folder.gif HTTP/1.1" 304 -
101.83.145.79 - - [30/Jul/2021:08:28:36 +0800] "GET /xingrg/javascript/jquery_easy_ui/themes/icons/storage_new.png HTTP/1.1" 304 -
101.83.145.79 - - [30/Jul/2021:08:28:36 +0800] "GET /xingrg/javascript/jquery_easy_ui/themes/icons/forms_new.png HTTP/1.1" 304 -
101.83.145.79 - - [30/Jul/2021:08:28:36 +0800] "GET /xingrg/javascript/jquery_easy_ui/themes/default/images/tree_file.gif HTTP/1.1" 304 -
101.83.145.79 - - [30/Jul/2021:08:28:45 +0800] "GET /xingrg/javascript/jquery_easy_ui/themes/default/images/tabs_close.gif HTTP/1.1" 304 -
101.83.145.79 - - [30/Jul/2021:08:28:45 +0800] "GET /xingrg/kc/buy/cgth_order_list.html HTTP/1.1" 200 46543
101.83.145.79 - - [30/Jul/2021:08:28:45 +0800] "GET /xingrg/css/base.css HTTP/1.1" 304 -
101.83.145.79 - - [30/Jul/2021:08:28:45 +0800] "GET /xingrg/css/site.css HTTP/1.1" 304 -
101.83.145.79 - - [30/Jul/2021:08:28:45 +0800] "GET /xingrg/javascript/jquery_tools/datebox.css HTTP/1.1" 304 -
101.83.145.79 - - [30/Jul/2021:08:28:45 +0800] "GET /xingrg/javascript/easyui/themes/default/easyui.css HTTP/1.1" 304 -
101.83.145.79 - - [30/Jul/2021:08:28:45 +0800] "GET /xingrg/javascript/easyui/themes/icon.css HTTP/1.1" 304 -
101.83.145.79 - - [30/Jul/2021:08:28:45 +0800] "GET /xingrg/javascript/auto/jquery.autocomplete.css HTTP/1.1" 304 -
101.83.145.79 - - [30/Jul/2021:08:28:45 +0800] "GET /xingrg/javascript/jquery_tools/fix.css HTTP/1.1" 304 -
101.83.145.79 - - [30/Jul/2021:08:28:45 +0800] "GET /xingrg/javascript/jquery_tools/table.css HTTP/1.1" 304 -
101.83.145.79 - - [30/Jul/2021:08:28:45 +0800] "GET /xingrg/javascript/jquery_tools/jquery.tools.min.js HTTP/1.1" 304 -
101.83.145.79 - - [30/Jul/2021:08:28:45 +0800] "GET /xingrg/javascript/jquery_tools/jquery.tools.extend.js HTTP/1.1" 304 -
101.83.145.79 - - [30/Jul/2021:08:28:45 +0800] "GET /xingrg/javascript/jquery_tools/jquery.tools.hotkey.js HTTP/1.1" 304 -
101.83.145.79 - - [30/Jul/2021:08:28:45 +0800] "GET /xingrg/javascript/jquery_tools/jquery.tools.table.js HTTP/1.1" 304 -
101.83.145.79 - - [30/Jul/2021:08:28:45 +0800] "GET /xingrg/javascript/jquery_tools/list_manager.js HTTP/1.1" 304 -
101.83.145.79 - - [30/Jul/2021:08:28:45 +0800] "GET /xingrg/javascript/auto/jquery.autocomplete.js HTTP/1.1" 304 -
101.83.145.79 - - [30/Jul/2021:08:28:45 +0800] "GET /xingrg/javascript/easyui/easyloader.js HTTP/1.1" 304 -
101.83.145.79 - - [30/Jul/2021:08:28:45 +0800] "GET /xingrg/javascript/jquery.cookie.js HTTP/1.1" 304 -
101.83.145.79 - - [30/Jul/2021:08:28:45 +0800] "GET /xingrg/javascript/print/LodopFuncs.js HTTP/1.1" 304 -
180.174.197.120 - - [30/Jul/2021:08:28:46 +0800] "GET /xingrg/all/function/internal_message.html?_=1627604895181&CODE_STATE=getMsg HTTP/1.1" 200 27
180.169.147.146 - - [30/Jul/2021:08:28:49 +0800] "GET /xingrg/all/function/internal_message.html?_=1627604919730&CODE_STATE=getMsg HTTP/1.1" 200 27
101.83.145.79 - - [30/Jul/2021:08:28:49 +0800] "GET /xingrg/javascript/easyui/themes/icons/edit_add_new.png HTTP/1.1" 304 -
101.83.145.79 - - [30/Jul/2021:08:28:49 +0800] "GET /xingrg/javascript/easyui/themes/icons/cance_new.png HTTP/1.1" 304 -
101.83.145.79 - - [30/Jul/2021:08:28:49 +0800] "GET /xingrg/javascript/easyui/themes/icons/check_new.png HTTP/1.1" 304 -
101.83.145.79 - - [30/Jul/2021:08:28:49 +0800] "GET /xingrg/javascript/easyui/themes/icons/field_new.png HTTP/1.1" 304 -
101.83.145.79 - - [30/Jul/2021:08:28:49 +0800] "GET /xingrg/javascript/easyui/themes/icons/import_new.png HTTP/1.1" 304 -
101.83.145.79 - - [30/Jul/2021:08:28:49 +0800] "GET /xingrg/javascript/easyui/plugins/jquery.parser.js HTTP/1.1" 304 -
101.83.145.79 - - [30/Jul/2021:08:28:49 +0800] "GET /xingrg/images/control/ajaxLoader.gif HTTP/1.1" 304 -
101.83.145.79 - - [30/Jul/2021:08:28:49 +0800] "GET /xingrg/kc/buy/cgsh_order_list.html HTTP/1.1" 200 47140
101.83.145.79 - - [30/Jul/2021:08:28:49 +0800] "POST /xingrg/kc/buy/cgth_list_operate.html HTTP/1.1" 200 -
101.83.145.79 - - [30/Jul/2021:08:28:50 +0800] "GET /xingrg/kc/buy/cgsh_order_list.html HTTP/1.1" 200 47140
101.83.145.79 - - [30/Jul/2021:08:28:51 +0800] "POST /xingrg/kc/buy/cgsh_list_operate.html HTTP/1.1" 200 876
101.83.145.79 - - [30/Jul/2021:08:28:51 +0800] "POST /xingrg/kc/buy/cgsh_list_operate.html HTTP/1.1" 200 876
180.169.147.146 - - [30/Jul/2021:08:28:52 +0800] "GET /xingrg/all/function/internal_message.html?_=1627604929242&CODE_STATE=getMsg HTTP/1.1" 200 27
101.83.145.79 - - [30/Jul/2021:08:28:52 +0800] "GET /xingrg/kc/buy/cgsh_order_list.html HTTP/1.1" 200 47140
101.83.145.79 - - [30/Jul/2021:08:28:53 +0800] "POST /xingrg/kc/buy/cgsh_list_operate.html HTTP/1.1" 200 876
180.169.147.146 - - [30/Jul/2021:08:28:57 +0800] "GET /xingrg/check_reg.html?_=1627604934113 HTTP/1.1" 200 22
180.169.147.146 - - [30/Jul/2021:08:28:57 +0800] "GET /xingrg/all/function/internal_message.html?_=1627604934115&CODE_STATE=getMsg HTTP/1.1" 200 27
180.156.224.123 - - [30/Jul/2021:08:28:58 +0800] "GET /xingrg/all/function/internal_message.html?_=1627604934398&CODE_STATE=getMsg HTTP/1.1" 200 27
101.83.145.79 - - [30/Jul/2021:08:28:58 +0800] "GET /xingrg/kc/report/report_main.html HTTP/1.1" 200 7345
101.83.145.79 - - [30/Jul/2021:08:28:58 +0800] "GET /xingrg/css/blue.css HTTP/1.1" 304 -
101.83.145.79 - - [30/Jul/2021:08:28:58 +0800] "GET /xingrg/javascript/jquery_ui/themes/humanity/humanity.css HTTP/1.1" 304 -
101.83.145.79 - - [30/Jul/2021:08:28:59 +0800] "GET /xingrg/javascript/pic_change.js HTTP/1.1" 304 -
101.83.145.79 - - [30/Jul/2021:08:28:59 +0800] "GET /xingrg/javascript/myfunction.js HTTP/1.1" 304 -
101.83.145.79 - - [30/Jul/2021:08:28:59 +0800] "GET /xingrg/javascript/json2.js HTTP/1.1" 304 -
101.83.145.79 - - [30/Jul/2021:08:28:59 +0800] "GET /xingrg/javascript/jquery_easy_ui/themes/icons/back_new.png HTTP/1.1" 304 -
222.70.176.145 - - [30/Jul/2021:08:29:00 +0800] "GET /xingrg/all/function/internal_message.html?_=1627604972957&CODE_STATE=getMsg HTTP/1.1" 302 -
101.83.145.79 - - [30/Jul/2021:08:29:04 +0800] "GET /xingrg/kc/base/kc_stocks.html HTTP/1.1" 200 16431
101.83.145.79 - - [30/Jul/2021:08:29:04 +0800] "GET /xingrg/javascript/easyui/themes/sunny/easyui.css HTTP/1.1" 304 -
101.83.145.79 - - [30/Jul/2021:08:29:04 +0800] "GET /xingrg/javascript/convert.js HTTP/1.1" 304 -
101.83.145.79 - - [30/Jul/2021:08:29:04 +0800] "GET /xingrg/javascript/easyui/themes/icons/refresh_new.png HTTP/1.1" 304 -
101.83.145.79 - - [30/Jul/2021:08:29:04 +0800] "GET /xingrg/javascript/easyui/themes/icons/filter_new.png HTTP/1.1" 304 -
101.83.145.79 - - [30/Jul/2021:08:29:04 +0800] "GET /xingrg/javascript/easyui/plugins/jquery.draggable.js HTTP/1.1" 304 -
101.83.145.79 - - [30/Jul/2021:08:29:04 +0800] "GET /xingrg/javascript/easyui/themes/icons/print_new.png HTTP/1.1" 304 -
101.83.145.79 - - [30/Jul/2021:08:29:04 +0800] "GET /xingrg/all/common/auto_word.html?type=base&rest_code=00105 HTTP/1.1" 200 1811
101.83.145.79 - - [30/Jul/2021:08:29:04 +0800] "GET /xingrg/javascript/easyui/plugins/jquery.droppable.js HTTP/1.1" 304 -
101.83.145.79 - - [30/Jul/2021:08:29:04 +0800] "GET /xingrg/javascript/easyui/themes/default/tree.css HTTP/1.1" 404 1090
101.83.145.79 - - [30/Jul/2021:08:29:04 +0800] "GET /xingrg/javascript/easyui/plugins/jquery.tree.js HTTP/1.1" 304 -
101.83.145.79 - - [30/Jul/2021:08:29:04 +0800] "POST /xingrg/all/common/load_tree.html?tree=materiel_sort_tree_json HTTP/1.1" 200 8666
101.83.145.79 - - [30/Jul/2021:08:29:05 +0800] "GET /xingrg/javascript/easyui/themes/sunny/images/tree_arrows.gif HTTP/1.1" 304 -
101.83.145.79 - - [30/Jul/2021:08:29:05 +0800] "GET /xingrg/javascript/easyui/themes/sunny/images/tree_folder.gif HTTP/1.1" 304 -
101.83.145.79 - - [30/Jul/2021:08:29:05 +0800] "GET /xingrg/javascript/easyui/themes/sunny/images/tree_folder_open.gif HTTP/1.1" 304 -
101.83.145.79 - - [30/Jul/2021:08:29:05 +0800] "GET /xingrg/javascript/easyui/themes/sunny/images/tree_file.gif HTTP/1.1" 304 -
180.169.147.146 - - [30/Jul/2021:08:29:06 +0800] "GET /xingrg/all/function/internal_message.html?_=1627604950513&CODE_STATE=getMsg HTTP/1.1" 200 27
101.83.145.79 - - [30/Jul/2021:08:29:06 +0800] "POST /xingrg/all/common/load_combo.html?type=base HTTP/1.1" 200 3236
101.83.145.79 - - [30/Jul/2021:08:29:06 +0800] "GET /xingrg/css/images/panel_loading.gif HTTP/1.1" 304 -
222.70.176.145 - - [30/Jul/2021:08:29:08 +0800] "GET /xingrg/all/function/internal_message.html?_=1627604941581&CODE_STATE=getMsg HTTP/1.1" 200 27
101.83.145.79 - - [30/Jul/2021:08:29:10 +0800] "POST /xingrg/kc/base/stock_operate.html HTTP/1.1" 200 4335
101.83.145.79 - - [30/Jul/2021:08:29:10 +0800] "GET /xingrg/javascript/jquery_tools/fix_table.js HTTP/1.1" 304 -
180.174.197.120 - - [30/Jul/2021:08:29:12 +0800] "GET /xingrg/kc/base/wldb_order_operate.html?command=get_materiel&rest_code=00102&base_code=0010476&code=00101019461 HTTP/1.1" 200 473
222.70.176.145 - - [30/Jul/2021:08:29:13 +0800] "GET /xingrg/all/function/internal_message.html?_=1627604860609&CODE_STATE=getMsg HTTP/1.1" 302 -
120.253.135.82 - - [30/Jul/2021:08:29:16 +0800] "GET /xingrg/all/function/internal_message.html?_=1627605079352&CODE_STATE=getMsg HTTP/1.1" 200 27
116.232.50.204 - - [30/Jul/2021:08:29:17 +0800] "GET /xingrg/all/function/internal_message.html?_=1627604964990&CODE_STATE=getMsg HTTP/1.1" 200 27
180.174.197.120 - - [30/Jul/2021:08:29:17 +0800] "GET /xingrg/kc/base/wldb_order_operate.html?command=get_materiel&rest_code=00102&base_code=0010476&code=00101019529 HTTP/1.1" 200 476
101.83.145.79 - - [30/Jul/2021:08:29:19 +0800] "GET /xingrg/javascript/easyui/themes/sunny/images/ui-bg_gloss-wave_70_ffdd57_500x100.png HTTP/1.1" 304 -
222.70.246.151 - - [30/Jul/2021:08:29:20 +0800] "GET /xingrg/all/function/internal_message.html?_=1627604961811&CODE_STATE=getMsg HTTP/1.1" 200 27
58.40.7.146 - - [30/Jul/2021:08:29:23 +0800] "GET /xingrg/all/function/internal_message.html?_=1627604960014&CODE_STATE=getMsg HTTP/1.1" 200 27
180.174.197.120 - - [30/Jul/2021:08:29:25 +0800] "GET /xingrg/kc/base/wldb_order_operate.html?command=get_materiel&rest_code=00102&base_code=0010476&code=00101019128 HTTP/1.1" 200 458
180.156.224.123 - - [30/Jul/2021:08:29:30 +0800] "GET /xingrg/all/function/internal_message.html?_=1627604929076&CODE_STATE=getMsg HTTP/1.1" 200 27
180.174.197.120 - - [30/Jul/2021:08:29:30 +0800] "GET /xingrg/kc/base/wldb_order_operate.html?command=get_materiel&rest_code=00102&base_code=0010476&code=00101016060 HTTP/1.1" 200 466
101.83.145.79 - - [30/Jul/2021:08:29:31 +0800] "GET /xingrg/javascript/easyui/themes/sunny/images/ui-bg_gloss-wave_60_fece2f_500x100.png HTTP/1.1" 304 -
101.83.145.79 - - [30/Jul/2021:08:29:31 +0800] "GET /xingrg/kc/buy/cgsh_order_list.html HTTP/1.1" 200 47140
101.83.145.79 - - [30/Jul/2021:08:29:33 +0800] "POST /xingrg/kc/buy/cgsh_list_operate.html HTTP/1.1" 200 876
101.83.145.79 - - [30/Jul/2021:08:29:36 +0800] "GET /xingrg/all/function/internal_message.html?_=1627604974311&CODE_STATE=getMsg HTTP/1.1" 200 27
180.174.197.120 - - [30/Jul/2021:08:29:38 +0800] "GET /xingrg/kc/base/wldb_order_operate.html?command=get_materiel&rest_code=00102&base_code=0010476&code=00101019275 HTTP/1.1" 200 483
101.83.145.79 - - [30/Jul/2021:08:29:42 +0800] "GET /xingrg/javascript/auto/indicator.gif HTTP/1.1" 404 1066
101.93.222.235 - - [30/Jul/2021:08:29:43 +0800] "POST /xingrg/services/DataTransmitService HTTP/1.1" 200 524
101.93.222.235 - - [30/Jul/2021:08:29:44 +0800] "POST /xingrg/services/DataTransmitService HTTP/1.1" 200 501
180.174.197.120 - - [30/Jul/2021:08:29:44 +0800] "GET /xingrg/kc/base/wldb_order_operate.html?command=get_materiel&rest_code=00102&base_code=0010476&code=00101019131 HTTP/1.1" 200 454
180.174.197.120 - - [30/Jul/2021:08:29:46 +0800] "GET /xingrg/all/function/internal_message.html?_=1627604955195&CODE_STATE=getMsg HTTP/1.1" 200 27
180.169.147.146 - - [30/Jul/2021:08:29:49 +0800] "GET /xingrg/all/function/internal_message.html?_=1627604979702&CODE_STATE=getMsg HTTP/1.1" 200 27
101.83.145.79 - - [30/Jul/2021:08:29:50 +0800] "POST /xingrg/kc/buy/cgsh_list_operate.html HTTP/1.1" 200 5344
180.169.147.146 - - [30/Jul/2021:08:29:52 +0800] "GET /xingrg/all/function/internal_message.html?_=1627604989250&CODE_STATE=getMsg HTTP/1.1" 200 27
180.169.147.146 - - [30/Jul/2021:08:29:52 +0800] "GET /xingrg/check_reg.html?_=1627604989258 HTTP/1.1" 200 22
180.169.147.146 - - [30/Jul/2021:08:29:53 +0800] "GET /xingrg/check_reg.html?_=1627604988675 HTTP/1.1" 302 -
101.83.145.79 - - [30/Jul/2021:08:29:54 +0800] "POST /xingrg/kc/buy/cgsh_list_operate.html HTTP/1.1" 200 280
101.83.145.79 - - [30/Jul/2021:08:29:55 +0800] "GET /xingrg/kc/buy/cgsh_order_info.html?code=212021072310568 HTTP/1.1" 200 57832
101.83.145.79 - - [30/Jul/2021:08:29:55 +0800] "GET /xingrg/javascript/jquery_tools/order_manager.js HTTP/1.1" 304 -
101.83.145.79 - - [30/Jul/2021:08:29:55 +0800] "GET /xingrg/javascript/print/kc_print.js HTTP/1.1" 304 -
101.83.145.79 - - [30/Jul/2021:08:29:55 +0800] "GET /xingrg/words/20210729165926_words.js HTTP/1.1" 200 829755
101.83.145.79 - - [30/Jul/2021:08:29:56 +0800] "GET /xingrg/javascript/easyui/themes/icons/copy_new.png HTTP/1.1" 304 -
101.83.145.79 - - [30/Jul/2021:08:29:56 +0800] "GET /xingrg/javascript/easyui/themes/icons/print.png HTTP/1.1" 304 -
101.83.145.79 - - [30/Jul/2021:08:29:56 +0800] "GET /xingrg/javascript/easyui/themes/icons/cancel.png HTTP/1.1" 304 -
101.83.145.79 - - [30/Jul/2021:08:29:56 +0800] "GET /xingrg/javascript/easyui/themes/default/images/menu_downarrow.png HTTP/1.1" 304 -
101.83.145.79 - - [30/Jul/2021:08:29:56 +0800] "GET /xingrg/javascript/easyui/themes/default/validatebox.css HTTP/1.1" 404 1104
101.83.145.79 - - [30/Jul/2021:08:29:56 +0800] "GET /xingrg/javascript/easyui/plugins/jquery.validatebox.js HTTP/1.1" 304 -
101.83.145.79 - - [30/Jul/2021:08:29:56 +0800] "GET /xingrg/javascript/easyui/plugins/jquery.numberbox.js HTTP/1.1" 304 -
180.169.147.146 - - [30/Jul/2021:08:29:57 +0800] "GET /xingrg/all/function/internal_message.html?_=1627604994133&CODE_STATE=getMsg HTTP/1.1" 200 27
101.83.145.79 - - [30/Jul/2021:08:29:57 +0800] "POST /xingrg/kc/buy/cgsh_order_operate.html HTTP/1.1" 200 1210
101.83.145.79 - - [30/Jul/2021:08:29:57 +0800] "GET /xingrg/javascript/easyui/themes/icons/edit_remove.png HTTP/1.1" 304 -
180.156.224.123 - - [30/Jul/2021:08:29:58 +0800] "GET /xingrg/all/function/internal_message.html?_=1627604994385&CODE_STATE=getMsg HTTP/1.1" 200 27
222.70.176.145 - - [30/Jul/2021:08:30:00 +0800] "GET /xingrg/all/function/internal_message.html?_=1627605032957&CODE_STATE=getMsg HTTP/1.1" 302 -
101.83.145.79 - - [30/Jul/2021:08:30:02 +0800] "GET /xingrg/javascript/jquery_easy_ui/themes/default/images/tabs_active.png HTTP/1.1" 304 -
180.169.147.146 - - [30/Jul/2021:08:30:06 +0800] "GET /xingrg/all/function/internal_message.html?_=1627605010516&CODE_STATE=getMsg HTTP/1.1" 200 27
101.83.145.79 - - [30/Jul/2021:08:30:07 +0800] "POST /xingrg/kc/buy/cgsh_list_operate.html HTTP/1.1" 200 355
222.70.176.145 - - [30/Jul/2021:08:30:08 +0800] "GET /xingrg/all/function/internal_message.html?_=1627605001583&CODE_STATE=getMsg HTTP/1.1" 200 27
222.70.176.145 - - [30/Jul/2021:08:30:08 +0800] "GET /xingrg/check_reg.html?_=1627605001587 HTTP/1.1" 200 22
180.156.224.123 - - [30/Jul/2021:08:30:11 +0800] "GET /xingrg/check_reg.html?_=1627605007773 HTTP/1.1" 200 22
101.83.145.79 - - [30/Jul/2021:08:30:11 +0800] "POST /xingrg/kc/buy/cgsh_list_operate.html HTTP/1.1" 200 280
180.169.147.146 - - [30/Jul/2021:08:30:13 +0800] "GET /xingrg/check_reg.html?_=1627605003813 HTTP/1.1" 200 22
222.70.176.145 - - [30/Jul/2021:08:30:13 +0800] "GET /xingrg/all/function/internal_message.html?_=1627604920617&CODE_STATE=getMsg HTTP/1.1" 302 -
222.70.176.145 - - [30/Jul/2021:08:30:13 +0800] "GET /xingrg/check_reg.html?_=1627604920619 HTTP/1.1" 302 -
120.253.135.82 - - [30/Jul/2021:08:30:16 +0800] "GET /xingrg/check_reg.html?_=1627605138863 HTTP/1.1" 200 22
101.83.145.79 - - [30/Jul/2021:08:30:16 +0800] "GET /xingrg/kc/buy/cgsh_order_info.html?code=212021071707699 HTTP/1.1" 200 57832
101.83.145.79 - - [30/Jul/2021:08:30:16 +0800] "GET /xingrg/javascript/easyui/themes/default/validatebox.css HTTP/1.1" 404 1104
120.253.135.82 - - [30/Jul/2021:08:30:16 +0800] "GET /xingrg/all/function/internal_message.html?_=1627605139366&CODE_STATE=getMsg HTTP/1.1" 200 27
116.232.50.204 - - [30/Jul/2021:08:30:17 +0800] "GET /xingrg/check_reg.html?_=1627605024993 HTTP/1.1" 200 22
116.232.50.204 - - [30/Jul/2021:08:30:17 +0800] "GET /xingrg/all/function/internal_message.html?_=1627605024991&CODE_STATE=getMsg HTTP/1.1" 200 27
101.83.145.79 - - [30/Jul/2021:08:30:17 +0800] "POST /xingrg/kc/buy/cgsh_order_operate.html HTTP/1.1" 200 1210
