116.232.50.204 - - [30/Jul/2021:09:14:17 +0800] "GET /xingrg/all/function/internal_message.html?_=1627607665084&CODE_STATE=getMsg HTTP/1.1" 200 27
116.232.50.204 - - [30/Jul/2021:09:14:19 +0800] "GET /xingrg/kc/print/load_config.html?kc_code=cgsh HTTP/1.1" 200 1845
116.232.50.204 - - [30/Jul/2021:09:14:19 +0800] "GET /xingrg/kc/print/load_data.html?order_code=212021073013455&kc_code=cgsh&condition= HTTP/1.1" 200 12973
222.70.246.151 - - [30/Jul/2021:09:14:22 +0800] "GET /xingrg/all/function/internal_message.html?_=1627607664045&CODE_STATE=getMsg HTTP/1.1" 200 27
58.40.7.146 - - [30/Jul/2021:09:14:23 +0800] "GET /xingrg/all/function/internal_message.html?_=1627607660025&CODE_STATE=getMsg HTTP/1.1" 200 27
222.70.176.145 - - [30/Jul/2021:09:14:23 +0800] "GET /xingrg/all/function/internal_message.html?_=1627607657138&CODE_STATE=getMsg HTTP/1.1" 200 27
222.70.176.145 - - [30/Jul/2021:09:14:23 +0800] "GET /xingrg/check_reg.html?_=1627607657132 HTTP/1.1" 200 22
180.156.224.123 - - [30/Jul/2021:09:14:29 +0800] "GET /xingrg/kc/buy/cgsh_order_operate.html?command=get_materiel&rest_code=00150&code=00101008356&supplier_code=00100007&order_time=2021-07-30 HTTP/1.1" 200 409
180.156.224.123 - - [30/Jul/2021:09:14:38 +0800] "GET /xingrg/kc/buy/cgsh_order_operate.html?command=get_materiel&rest_code=00150&code=00101008115&supplier_code=00100007&order_time=2021-07-30 HTTP/1.1" 200 412
222.69.128.39 - - [30/Jul/2021:09:14:43 +0800] "GET /xingrg/all/function/internal_message.html?_=1627607679840&CODE_STATE=getMsg HTTP/1.1" 200 27
180.169.147.146 - - [30/Jul/2021:09:14:43 +0800] "GET /xingrg/all/function/internal_message.html?_=1627607682652&CODE_STATE=getMsg HTTP/1.1" 200 27
116.230.110.80 - - [30/Jul/2021:09:14:47 +0800] "GET /xingrg/all/function/internal_message.html?_=1627607668864&CODE_STATE=getMsg HTTP/1.1" 200 27
116.230.110.80 - - [30/Jul/2021:09:14:47 +0800] "GET /xingrg/check_reg.html?_=1627607668865 HTTP/1.1" 200 22
180.169.147.146 - - [30/Jul/2021:09:14:48 +0800] "GET /xingrg/all/function/internal_message.html?_=1627607678776&CODE_STATE=getMsg HTTP/1.1" 200 27
180.156.224.123 - - [30/Jul/2021:09:14:50 +0800] "GET /xingrg/kc/buy/cgsh_order_operate.html?command=get_materiel&rest_code=00150&code=00101008136&supplier_code=00100007&order_time=2021-07-30 HTTP/1.1" 200 413
180.169.147.146 - - [30/Jul/2021:09:14:52 +0800] "GET /xingrg/all/function/internal_message.html?_=1627607689309&CODE_STATE=getMsg HTTP/1.1" 200 27
180.169.147.146 - - [30/Jul/2021:09:14:52 +0800] "GET /xingrg/check_reg.html?_=1627607689315 HTTP/1.1" 200 22
180.169.147.146 - - [30/Jul/2021:09:14:53 +0800] "GET /xingrg/check_reg.html?_=1627607688519 HTTP/1.1" 302 -
180.169.147.146 - - [30/Jul/2021:09:14:55 +0800] "GET /xingrg/all/function/internal_message.html?_=1627607693671&CODE_STATE=getMsg HTTP/1.1" 302 -
180.169.147.146 - - [30/Jul/2021:09:14:57 +0800] "GET /xingrg/all/function/internal_message.html?_=1627607694195&CODE_STATE=getMsg HTTP/1.1" 200 27
180.156.224.123 - - [30/Jul/2021:09:14:57 +0800] "GET /xingrg/all/function/internal_message.html?_=1627607693678&CODE_STATE=getMsg HTTP/1.1" 200 27
180.156.224.123 - - [30/Jul/2021:09:14:59 +0800] "GET /xingrg/kc/buy/cgsh_order_operate.html?command=get_materiel&rest_code=00150&code=00101008069&supplier_code=00100007&order_time=2021-07-30 HTTP/1.1" 200 412
222.70.176.145 - - [30/Jul/2021:09:15:01 +0800] "GET /xingrg/all/function/internal_message.html?_=1627607732981&CODE_STATE=getMsg HTTP/1.1" 302 -
180.156.224.123 - - [30/Jul/2021:09:15:01 +0800] "GET /xingrg/check_reg.html?_=1627607659954 HTTP/1.1" 200 22
180.156.224.123 - - [30/Jul/2021:09:15:01 +0800] "GET /xingrg/all/function/internal_message.html?_=1627607660092&CODE_STATE=getMsg HTTP/1.1" 200 27
180.169.147.146 - - [30/Jul/2021:09:15:06 +0800] "GET /xingrg/all/function/internal_message.html?_=1627607710670&CODE_STATE=getMsg HTTP/1.1" 200 27
180.156.224.123 - - [30/Jul/2021:09:15:10 +0800] "POST /xingrg/kc/buy/cgsh_order_operate.html HTTP/1.1" 200 37
180.156.224.123 - - [30/Jul/2021:09:15:11 +0800] "GET /xingrg/check_reg.html?_=1627607707884 HTTP/1.1" 200 22
180.156.224.123 - - [30/Jul/2021:09:15:12 +0800] "POST /xingrg/kc/buy/cgsh_order_operate.html HTTP/1.1" 200 16884
180.169.147.146 - - [30/Jul/2021:09:15:13 +0800] "GET /xingrg/check_reg.html?_=1627607703778 HTTP/1.1" 200 22
222.70.176.145 - - [30/Jul/2021:09:15:13 +0800] "GET /xingrg/all/function/internal_message.html?_=1627607620616&CODE_STATE=getMsg HTTP/1.1" 302 -
222.70.176.145 - - [30/Jul/2021:09:15:13 +0800] "GET /xingrg/check_reg.html?_=1627607620617 HTTP/1.1" 302 -
116.232.50.204 - - [30/Jul/2021:09:15:17 +0800] "GET /xingrg/check_reg.html?_=1627607725085 HTTP/1.1" 200 22
116.232.50.204 - - [30/Jul/2021:09:15:17 +0800] "GET /xingrg/all/function/internal_message.html?_=1627607725083&CODE_STATE=getMsg HTTP/1.1" 200 27
180.156.224.123 - - [30/Jul/2021:09:15:20 +0800] "GET /xingrg/kc/buy/cgsh_order_operate.html?command=get_materiel&rest_code=00150&code=00101008286&supplier_code=00100007&order_time=2021-07-30 HTTP/1.1" 200 408
222.70.246.151 - - [30/Jul/2021:09:15:22 +0800] "GET /xingrg/all/function/internal_message.html?_=1627607724059&CODE_STATE=getMsg HTTP/1.1" 200 27
58.40.7.146 - - [30/Jul/2021:09:15:23 +0800] "GET /xingrg/all/function/internal_message.html?_=1627607720026&CODE_STATE=getMsg HTTP/1.1" 200 27
222.70.176.145 - - [30/Jul/2021:09:15:23 +0800] "GET /xingrg/all/function/internal_message.html?_=1627607717126&CODE_STATE=getMsg HTTP/1.1" 200 27
180.156.224.123 - - [30/Jul/2021:09:15:26 +0800] "GET /xingrg/kc/buy/cgsh_order_operate.html?command=get_materiel&rest_code=00150&code=00101008131&supplier_code=00100007&order_time=2021-07-30 HTTP/1.1" 200 408
180.156.224.123 - - [30/Jul/2021:09:15:37 +0800] "GET /xingrg/kc/buy/cgsh_order_operate.html?command=get_materiel&rest_code=00150&code=00101008296&supplier_code=00100007&order_time=2021-07-30 HTTP/1.1" 200 416
222.69.128.39 - - [30/Jul/2021:09:15:43 +0800] "GET /xingrg/all/function/internal_message.html?_=1627607739841&CODE_STATE=getMsg HTTP/1.1" 200 27
180.169.147.146 - - [30/Jul/2021:09:15:43 +0800] "GET /xingrg/all/function/internal_message.html?_=1627607742654&CODE_STATE=getMsg HTTP/1.1" 200 27
180.156.224.123 - - [30/Jul/2021:09:15:45 +0800] "GET /xingrg/kc/buy/cgsh_order_operate.html?command=get_materiel&rest_code=00150&code=00101008318&supplier_code=00100007&order_time=2021-07-30 HTTP/1.1" 200 408
116.230.110.80 - - [30/Jul/2021:09:15:47 +0800] "GET /xingrg/all/function/internal_message.html?_=1627607728853&CODE_STATE=getMsg HTTP/1.1" 200 27
180.169.147.146 - - [30/Jul/2021:09:15:48 +0800] "GET /xingrg/all/function/internal_message.html?_=1627607738750&CODE_STATE=getMsg HTTP/1.1" 200 27
180.169.147.146 - - [30/Jul/2021:09:15:52 +0800] "GET /xingrg/all/function/internal_message.html?_=1627607749288&CODE_STATE=getMsg HTTP/1.1" 200 27
180.156.224.123 - - [30/Jul/2021:09:15:55 +0800] "GET /xingrg/kc/buy/cgsh_order_operate.html?command=get_materiel&rest_code=00150&code=00101008005&supplier_code=00100007&order_time=2021-07-30 HTTP/1.1" 200 412
180.169.147.146 - - [30/Jul/2021:09:15:55 +0800] "GET /xingrg/all/function/internal_message.html?_=1627607753645&CODE_STATE=getMsg HTTP/1.1" 302 -
180.169.147.146 - - [30/Jul/2021:09:15:57 +0800] "GET /xingrg/all/function/internal_message.html?_=1627607754189&CODE_STATE=getMsg HTTP/1.1" 200 27
180.156.224.123 - - [30/Jul/2021:09:15:57 +0800] "GET /xingrg/all/function/internal_message.html?_=1627607753673&CODE_STATE=getMsg HTTP/1.1" 200 27
222.70.176.145 - - [30/Jul/2021:09:16:01 +0800] "GET /xingrg/all/function/internal_message.html?_=1627607792980&CODE_STATE=getMsg HTTP/1.1" 302 -
180.156.224.123 - - [30/Jul/2021:09:16:01 +0800] "GET /xingrg/all/function/internal_message.html?_=1627607720106&CODE_STATE=getMsg HTTP/1.1" 200 27
180.156.224.123 - - [30/Jul/2021:09:16:05 +0800] "POST /xingrg/kc/buy/cgsh_order_operate.html HTTP/1.1" 200 37
180.169.147.146 - - [30/Jul/2021:09:16:06 +0800] "GET /xingrg/all/function/internal_message.html?_=1627607770669&CODE_STATE=getMsg HTTP/1.1" 200 27
180.156.224.123 - - [30/Jul/2021:09:16:06 +0800] "POST /xingrg/kc/buy/cgsh_order_operate.html HTTP/1.1" 200 19834
222.69.128.39 - - [30/Jul/2021:09:16:11 +0800] "POST /xingrg/services/DataTransmitService HTTP/1.1" 200 501
180.156.224.123 - - [30/Jul/2021:09:16:13 +0800] "GET /xingrg/kc/buy/cgsh_order_operate.html?command=get_materiel&rest_code=00150&code=00101008213&supplier_code=00100007&order_time=2021-07-30 HTTP/1.1" 200 412
222.70.176.145 - - [30/Jul/2021:09:16:13 +0800] "GET /xingrg/all/function/internal_message.html?_=1627607680614&CODE_STATE=getMsg HTTP/1.1" 302 -
120.253.135.82 - - [30/Jul/2021:09:16:16 +0800] "POST /xingrg/login.do HTTP/1.1" 302 -
120.253.135.82 - - [30/Jul/2021:09:16:17 +0800] "GET /xingrg/javascript/jquery_easy_ui/themes/default/easyui.css HTTP/1.1" 304 -
120.253.135.82 - - [30/Jul/2021:09:16:17 +0800] "GET /xingrg/css/form.css HTTP/1.1" 304 -
120.253.135.82 - - [30/Jul/2021:09:16:17 +0800] "GET /xingrg/index.html?sysBaseUrl=http%3A%2F%2F180.169.147.146%3A18081%2Fxingrg%2F&costTime=219×tamp=1627607776950 HTTP/1.1" 200 17173
120.253.135.82 - - [30/Jul/2021:09:16:17 +0800] "GET /xingrg/javascript/jquery_easy_ui/themes/icon.css HTTP/1.1" 304 -
120.253.135.82 - - [30/Jul/2021:09:16:17 +0800] "GET /xingrg/javascript/jquery-1.4.2.min.js HTTP/1.1" 304 -
120.253.135.82 - - [30/Jul/2021:09:16:17 +0800] "GET /xingrg/javascript/jquery_easy_ui/jquery.easyui.min.js HTTP/1.1" 304 -
120.253.135.82 - - [30/Jul/2021:09:16:17 +0800] "GET /xingrg/javascript/jquery.form.js HTTP/1.1" 304 -
120.253.135.82 - - [30/Jul/2021:09:16:17 +0800] "GET /xingrg/javascript/jquery_easy_ui/easyui-lang-zh_CN.js HTTP/1.1" 304 -
120.253.135.82 - - [30/Jul/2021:09:16:17 +0800] "GET /xingrg/javascript/jquery.utils.js HTTP/1.1" 304 -
120.253.135.82 - - [30/Jul/2021:09:16:17 +0800] "GET /xingrg/javascript/jquery.timers.js HTTP/1.1" 304 -
116.232.50.204 - - [30/Jul/2021:09:16:17 +0800] "GET /xingrg/all/function/internal_message.html?_=1627607785085&CODE_STATE=getMsg HTTP/1.1" 200 27
120.253.135.82 - - [30/Jul/2021:09:16:17 +0800] "GET /xingrg/images/blue/navBackgound.jpg HTTP/1.1" 304 -
120.253.135.82 - - [30/Jul/2021:09:16:17 +0800] "GET /xingrg/javascript/jquery_easy_ui/themes/icons/settle_new.png HTTP/1.1" 304 -
120.253.135.82 - - [30/Jul/2021:09:16:17 +0800] "GET /xingrg/images/blue/pingpu.png HTTP/1.1" 304 -
120.253.135.82 - - [30/Jul/2021:09:16:17 +0800] "GET /xingrg/javascript/jquery_easy_ui/themes/default/images/tabs_rightarrow.png HTTP/1.1" 304 -
120.253.135.82 - - [30/Jul/2021:09:16:17 +0800] "GET /xingrg/javascript/jquery_easy_ui/themes/default/images/tabs_leftarrow.png HTTP/1.1" 304 -
120.253.135.82 - - [30/Jul/2021:09:16:17 +0800] "POST /xingrg/all/common/load_tree.html?tree=area_rest_tree_json&manage=1 HTTP/1.1" 200 344
120.253.135.82 - - [30/Jul/2021:09:16:17 +0800] "GET /xingrg/javascript/jquery_easy_ui/themes/default/images/panel_tool_collapse.gif HTTP/1.1" 304 -
120.253.135.82 - - [30/Jul/2021:09:16:17 +0800] "GET /xingrg/check_reg.html?_=1627607899950 HTTP/1.1" 200 22
120.253.135.82 - - [30/Jul/2021:09:16:17 +0800] "GET /favicon.ico HTTP/1.1" 404 -
120.253.135.82 - - [30/Jul/2021:09:16:17 +0800] "GET /xingrg/all/function/internal_message.html?_=1627607899949&CODE_STATE=count HTTP/1.1" 200 11
120.253.135.82 - - [30/Jul/2021:09:16:17 +0800] "POST /xingrg/load_menu.html HTTP/1.1" 200 6743
120.253.135.82 - - [30/Jul/2021:09:16:17 +0800] "GET /xingrg/javascript/jquery_easy_ui/themes/default/images/tree_arrows.gif HTTP/1.1" 304 -
120.253.135.82 - - [30/Jul/2021:09:16:17 +0800] "GET /xingrg/javascript/jquery_easy_ui/themes/default/images/tree_folder_open.gif HTTP/1.1" 304 -
120.253.135.82 - - [30/Jul/2021:09:16:17 +0800] "GET /xingrg/javascript/jquery_easy_ui/themes/icons/search_new.png HTTP/1.1" 304 -
120.253.135.82 - - [30/Jul/2021:09:16:18 +0800] "GET /xingrg/javascript/jquery_easy_ui/themes/icons/delivery_new.png HTTP/1.1" 304 -
120.253.135.82 - - [30/Jul/2021:09:16:18 +0800] "GET /xingrg/javascript/jquery_easy_ui/themes/icons/storage_new.png HTTP/1.1" 304 -
120.253.135.82 - - [30/Jul/2021:09:16:18 +0800] "GET /xingrg/javascript/jquery_easy_ui/themes/icons/forms_new.png HTTP/1.1" 304 -
120.253.135.82 - - [30/Jul/2021:09:16:18 +0800] "GET /xingrg/javascript/jquery_easy_ui/themes/default/images/tree_file.gif HTTP/1.1" 304 -
120.253.135.82 - - [30/Jul/2021:09:16:18 +0800] "GET /xingrg/javascript/jquery_easy_ui/themes/default/images/tree_folder.gif HTTP/1.1" 304 -
222.69.128.39 - - [30/Jul/2021:09:16:20 +0800] "POST /xingrg/services/DataTransmitService HTTP/1.1" 200 501
222.70.246.151 - - [30/Jul/2021:09:16:22 +0800] "GET /xingrg/all/function/internal_message.html?_=1627607784072&CODE_STATE=getMsg HTTP/1.1" 200 27
58.40.7.146 - - [30/Jul/2021:09:16:23 +0800] "GET /xingrg/all/function/internal_message.html?_=1627607780028&CODE_STATE=getMsg HTTP/1.1" 200 27
58.40.7.146 - - [30/Jul/2021:09:16:23 +0800] "GET /xingrg/check_reg.html?_=1627607780030 HTTP/1.1" 200 22
180.156.224.123 - - [30/Jul/2021:09:16:23 +0800] "GET /xingrg/kc/buy/cgsh_order_operate.html?command=get_materiel&rest_code=00150&code=00101008095&supplier_code=00100007&order_time=2021-07-30 HTTP/1.1" 200 412
222.70.176.145 - - [30/Jul/2021:09:16:23 +0800] "GET /xingrg/all/function/internal_message.html?_=1627607777167&CODE_STATE=getMsg HTTP/1.1" 200 27
222.69.128.39 - - [30/Jul/2021:09:16:23 +0800] "GET /xingrg/javascript/jquery_easy_ui/themes/default/images/tabs_active.png HTTP/1.1" 200 2894
120.253.135.82 - - [30/Jul/2021:09:16:24 +0800] "GET /xingrg/javascript/jquery_easy_ui/themes/default/images/tabs_close.gif HTTP/1.1" 304 -
120.253.135.82 - - [30/Jul/2021:09:16:24 +0800] "GET /xingrg/kc/pszx/mdqp_order_list.html?state=10 HTTP/1.1" 200 10213
120.253.135.82 - - [30/Jul/2021:09:16:24 +0800] "GET /xingrg/css/blue.css HTTP/1.1" 304 -
120.253.135.82 - - [30/Jul/2021:09:16:24 +0800] "GET /xingrg/javascript/pic_change.js HTTP/1.1" 304 -
120.253.135.82 - - [30/Jul/2021:09:16:24 +0800] "GET /xingrg/dwr/interface/AjaxReportQueryService.js HTTP/1.1" 200 13203
120.253.135.82 - - [30/Jul/2021:09:16:24 +0800] "GET /xingrg/dwr/interface/AjaxQqpsService.js HTTP/1.1" 200 16326
120.253.135.82 - - [30/Jul/2021:09:16:24 +0800] "GET /xingrg/dwr/util.js HTTP/1.1" 304 -
120.253.135.82 - - [30/Jul/2021:09:16:24 +0800] "GET /xingrg/dwr/engine.js HTTP/1.1" 200 43631
120.253.135.82 - - [30/Jul/2021:09:16:24 +0800] "GET /xingrg/javascript/Calendar.js HTTP/1.1" 304 -
120.253.135.82 - - [30/Jul/2021:09:16:24 +0800] "GET /xingrg/javascript/myfunction.js HTTP/1.1" 304 -
120.253.135.82 - - [30/Jul/2021:09:16:24 +0800] "GET /xingrg/javascript/jquery_easy_ui/themes/icons/check_new.png HTTP/1.1" 304 -
120.253.135.82 - - [30/Jul/2021:09:16:24 +0800] "GET /xingrg/javascript/jquery_easy_ui/themes/icons/uncheck_new.png HTTP/1.1" 304 -
120.253.135.82 - - [30/Jul/2021:09:16:24 +0800] "GET /xingrg/javascript/jquery_easy_ui/themes/icons/back_new.png HTTP/1.1" 304 -
120.253.135.82 - - [30/Jul/2021:09:16:27 +0800] "GET /xingrg/css/base.css HTTP/1.1" 304 -
120.253.135.82 - - [30/Jul/2021:09:16:27 +0800] "GET /xingrg/css/site.css HTTP/1.1" 304 -
120.253.135.82 - - [30/Jul/2021:09:16:27 +0800] "GET /xingrg/kc/pszx/mdps_order_list.html?orderType=0 HTTP/1.1" 200 21004
120.253.135.82 - - [30/Jul/2021:09:16:27 +0800] "GET /xingrg/javascript/jquery_tools/datebox.css HTTP/1.1" 304 -
120.253.135.82 - - [30/Jul/2021:09:16:27 +0800] "GET /xingrg/javascript/easyui/themes/icon.css HTTP/1.1" 304 -
120.253.135.82 - - [30/Jul/2021:09:16:27 +0800] "GET /xingrg/javascript/easyui/themes/default/easyui.css HTTP/1.1" 304 -
120.253.135.82 - - [30/Jul/2021:09:16:27 +0800] "GET /xingrg/javascript/jquery_tools/table.css HTTP/1.1" 304 -
120.253.135.82 - - [30/Jul/2021:09:16:27 +0800] "GET /xingrg/javascript/jquery_tools/fix.css HTTP/1.1" 304 -
120.253.135.82 - - [30/Jul/2021:09:16:27 +0800] "GET /xingrg/javascript/auto/jquery.autocomplete.css HTTP/1.1" 304 -
120.253.135.82 - - [30/Jul/2021:09:16:27 +0800] "GET /xingrg/javascript/jquery_tools/jquery.tools.min.js HTTP/1.1" 304 -
120.253.135.82 - - [30/Jul/2021:09:16:27 +0800] "GET /xingrg/javascript/jquery_tools/jquery.tools.extend.js HTTP/1.1" 304 -
120.253.135.82 - - [30/Jul/2021:09:16:27 +0800] "GET /xingrg/javascript/jquery_tools/jquery.tools.hotkey.js HTTP/1.1" 304 -
120.253.135.82 - - [30/Jul/2021:09:16:27 +0800] "GET /xingrg/javascript/jquery_tools/jquery.tools.table.js HTTP/1.1" 304 -
120.253.135.82 - - [30/Jul/2021:09:16:27 +0800] "GET /xingrg/javascript/jquery_tools/list_manager.js HTTP/1.1" 304 -
120.253.135.82 - - [30/Jul/2021:09:16:27 +0800] "GET /xingrg/javascript/auto/jquery.autocomplete.js HTTP/1.1" 304 -
120.253.135.82 - - [30/Jul/2021:09:16:27 +0800] "GET /xingrg/javascript/jquery.cookie.js HTTP/1.1" 304 -
120.253.135.82 - - [30/Jul/2021:09:16:27 +0800] "GET /xingrg/javascript/easyui/easyloader.js HTTP/1.1" 304 -
120.253.135.82 - - [30/Jul/2021:09:16:27 +0800] "GET /xingrg/javascript/print/LodopFuncs.js HTTP/1.1" 304 -
120.253.135.82 - - [30/Jul/2021:09:16:28 +0800] "GET /xingrg/javascript/easyui/themes/icons/edit_add_new.png HTTP/1.1" 304 -
120.253.135.82 - - [30/Jul/2021:09:16:28 +0800] "GET /xingrg/javascript/easyui/themes/icons/cance_new.png HTTP/1.1" 304 -
120.253.135.82 - - [30/Jul/2021:09:16:28 +0800] "GET /xingrg/javascript/easyui/themes/icons/check_new.png HTTP/1.1" 304 -
120.253.135.82 - - [30/Jul/2021:09:16:28 +0800] "GET /xingrg/javascript/easyui/themes/icons/uncheck_new.png HTTP/1.1" 304 -
120.253.135.82 - - [30/Jul/2021:09:16:28 +0800] "GET /xingrg/javascript/easyui/themes/icons/field_new.png HTTP/1.1" 304 -
120.253.135.82 - - [30/Jul/2021:09:16:28 +0800] "GET /xingrg/javascript/easyui/themes/icons/import_new.png HTTP/1.1" 304 -
120.253.135.82 - - [30/Jul/2021:09:16:28 +0800] "GET /xingrg/javascript/easyui/plugins/jquery.parser.js HTTP/1.1" 304 -
120.253.135.82 - - [30/Jul/2021:09:16:28 +0800] "GET /xingrg/images/control/ajaxLoader.gif HTTP/1.1" 304 -
120.253.135.82 - - [30/Jul/2021:09:16:28 +0800] "GET /xingrg/kc/pszx/mdps_order_list.html?orderType=0 HTTP/1.1" 200 21004
120.253.135.82 - - [30/Jul/2021:09:16:28 +0800] "POST /xingrg/kc/pszx/mdps_list_operate.html HTTP/1.1" 200 5157
120.253.135.82 - - [30/Jul/2021:09:16:29 +0800] "POST /xingrg/kc/pszx/mdps_list_operate.html HTTP/1.1" 200 5157
180.156.224.123 - - [30/Jul/2021:09:16:31 +0800] "GET /xingrg/kc/buy/cgsh_order_operate.html?command=get_materiel&rest_code=00150&code=00101008229&supplier_code=00100007&order_time=2021-07-30 HTTP/1.1" 200 420
120.253.135.82 - - [30/Jul/2021:09:16:36 +0800] "POST /xingrg/kc/pszx/mdps_list_operate.html HTTP/1.1" 200 213
120.253.135.82 - - [30/Jul/2021:09:16:37 +0800] "GET /xingrg/javascript/easyui/themes/default/images/button_plain_hover.png HTTP/1.1" 304 -
120.253.135.82 - - [30/Jul/2021:09:16:37 +0800] "GET /xingrg/javascript/easyui/themes/default/images/button_plain_hover.png HTTP/1.1" 304 -
180.156.224.123 - - [30/Jul/2021:09:16:38 +0800] "GET /xingrg/kc/buy/cgsh_order_operate.html?command=get_materiel&rest_code=00150&code=00101008283&supplier_code=00100007&order_time=2021-07-30 HTTP/1.1" 200 408
120.253.135.82 - - [30/Jul/2021:09:16:38 +0800] "GET /xingrg/kc/pszx/mdps_order_add.html HTTP/1.1" 200 29026
120.253.135.82 - - [30/Jul/2021:09:16:38 +0800] "GET /xingrg/javascript/jquery_tools/order_manager.js HTTP/1.1" 304 -
120.253.135.82 - - [30/Jul/2021:09:16:38 +0800] "GET /xingrg/javascript/convert.js HTTP/1.1" 304 -
120.253.135.82 - - [30/Jul/2021:09:16:38 +0800] "GET /xingrg/javascript/print/kc_print.js HTTP/1.1" 304 -
120.253.135.82 - - [30/Jul/2021:09:16:38 +0800] "GET /xingrg/javascript/json2.js HTTP/1.1" 304 -
120.253.135.82 - - [30/Jul/2021:09:16:38 +0800] "GET /xingrg/words/20210729165926_words.js HTTP/1.1" 304 -
120.253.135.82 - - [30/Jul/2021:09:16:38 +0800] "GET /xingrg/javascript/easyui/themes/icons/copy_new.png HTTP/1.1" 304 -
120.253.135.82 - - [30/Jul/2021:09:16:39 +0800] "GET /xingrg/javascript/easyui/themes/icons/ok.png HTTP/1.1" 304 -
120.253.135.82 - - [30/Jul/2021:09:16:39 +0800] "GET /xingrg/javascript/easyui/themes/icons/print.png HTTP/1.1" 304 -
120.253.135.82 - - [30/Jul/2021:09:16:39 +0800] "GET /xingrg/javascript/easyui/themes/default/images/menu_downarrow.png HTTP/1.1" 304 -
120.253.135.82 - - [30/Jul/2021:09:16:39 +0800] "GET /xingrg/javascript/easyui/themes/icons/cancel.png HTTP/1.1" 304 -
120.253.135.82 - - [30/Jul/2021:09:16:39 +0800] "POST /xingrg/kc/pszx/mdps_order_operate.html HTTP/1.1" 200 7126
120.253.135.82 - - [30/Jul/2021:09:16:39 +0800] "GET /xingrg/javascript/easyui/themes/icons/edit_remove.png HTTP/1.1" 304 -
120.253.135.82 - - [30/Jul/2021:09:16:39 +0800] "GET /xingrg/javascript/easyui/themes/default/validatebox.css HTTP/1.1" 404 1104
120.253.135.82 - - [30/Jul/2021:09:16:39 +0800] "GET /xingrg/all/common/auto_word.html?type=base&rest_code=00101 HTTP/1.1" 200 613
120.253.135.82 - - [30/Jul/2021:09:16:39 +0800] "GET /xingrg/javascript/easyui/plugins/jquery.validatebox.js HTTP/1.1" 304 -
120.253.135.82 - - [30/Jul/2021:09:16:39 +0800] "GET /xingrg/javascript/easyui/plugins/jquery.numberbox.js HTTP/1.1" 304 -
120.253.135.82 - - [30/Jul/2021:09:16:42 +0800] "GET /xingrg/css/images/panel_loading.gif HTTP/1.1" 304 -
120.253.135.82 - - [30/Jul/2021:09:16:42 +0800] "POST /xingrg/all/common/load_combo.html?type=base HTTP/1.1" 200 1075
222.69.128.39 - - [30/Jul/2021:09:16:43 +0800] "GET /xingrg/check_reg.html?_=1627607799856 HTTP/1.1" 200 22
222.69.128.39 - - [30/Jul/2021:09:16:43 +0800] "GET /xingrg/all/function/internal_message.html?_=1627607799857&CODE_STATE=getMsg HTTP/1.1" 200 27
180.169.147.146 - - [30/Jul/2021:09:16:43 +0800] "GET /xingrg/all/function/internal_message.html?_=1627607802665&CODE_STATE=getMsg HTTP/1.1" 200 27
120.253.135.82 - - [30/Jul/2021:09:16:46 +0800] "GET /xingrg/javascript/easyui/plugins/jquery.draggable.js HTTP/1.1" 304 -
120.253.135.82 - - [30/Jul/2021:09:16:46 +0800] "GET /xingrg/javascript/easyui/plugins/jquery.droppable.js HTTP/1.1" 304 -
120.253.135.82 - - [30/Jul/2021:09:16:46 +0800] "GET /xingrg/javascript/easyui/themes/default/tree.css HTTP/1.1" 404 1090
120.253.135.82 - - [30/Jul/2021:09:16:46 +0800] "GET /xingrg/javascript/easyui/plugins/jquery.tree.js HTTP/1.1" 304 -
120.253.135.82 - - [30/Jul/2021:09:16:46 +0800] "POST /xingrg/all/common/load_tree.html?tree=area_rest_tree_json&only_rest=1 HTTP/1.1" 200 3345
120.253.135.82 - - [30/Jul/2021:09:16:46 +0800] "GET /xingrg/javascript/easyui/themes/default/images/tree_arrows.gif HTTP/1.1" 304 -
120.253.135.82 - - [30/Jul/2021:09:16:46 +0800] "GET /xingrg/javascript/easyui/themes/icons/rest.png HTTP/1.1" 304 -
120.253.135.82 - - [30/Jul/2021:09:16:46 +0800] "GET /xingrg/javascript/easyui/themes/default/images/tree_folder_open.gif HTTP/1.1" 304 -
120.253.135.82 - - [30/Jul/2021:09:16:46 +0800] "GET /xingrg/javascript/easyui/themes/icons/area.png HTTP/1.1" 304 -
116.230.110.80 - - [30/Jul/2021:09:16:47 +0800] "GET /xingrg/all/function/internal_message.html?_=1627607788856&CODE_STATE=getMsg HTTP/1.1" 200 27
180.156.224.123 - - [30/Jul/2021:09:16:47 +0800] "GET /xingrg/kc/buy/cgsh_order_operate.html?command=get_materiel&rest_code=00150&code=00101008298&supplier_code=00100007&order_time=2021-07-30 HTTP/1.1" 200 412
180.169.147.146 - - [30/Jul/2021:09:16:48 +0800] "GET /xingrg/all/function/internal_message.html?_=1627607798727&CODE_STATE=getMsg HTTP/1.1" 200 27
222.70.176.145 - - [30/Jul/2021:09:16:49 +0800] "POST /xingrg/kc/buy/cgsh_order_operate.html HTTP/1.1" 200 2065
180.156.224.123 - - [30/Jul/2021:09:16:52 +0800] "GET /xingrg/kc/buy/cgsh_order_list.html HTTP/1.1" 200 47146
180.169.147.146 - - [30/Jul/2021:09:16:52 +0800] "GET /xingrg/all/function/internal_message.html?_=1627607809312&CODE_STATE=getMsg HTTP/1.1" 200 27
180.156.224.123 - - [30/Jul/2021:09:16:55 +0800] "POST /xingrg/kc/buy/cgsh_list_operate.html HTTP/1.1" 200 1709
180.169.147.146 - - [30/Jul/2021:09:16:55 +0800] "GET /xingrg/all/function/internal_message.html?_=1627607813618&CODE_STATE=getMsg HTTP/1.1" 302 -
180.156.224.123 - - [30/Jul/2021:09:16:57 +0800] "GET /xingrg/all/function/internal_message.html?_=1627607813647&CODE_STATE=getMsg HTTP/1.1" 200 27
180.169.147.146 - - [30/Jul/2021:09:16:57 +0800] "GET /xingrg/all/function/internal_message.html?_=1627607814199&CODE_STATE=getMsg HTTP/1.1" 200 27
222.70.176.145 - - [30/Jul/2021:09:16:59 +0800] "GET /xingrg/kc/buy/cgsh_order_operate.html?command=get_materiel&rest_code=00111&code=00101008296&supplier_code=00100005&order_time=2021-07-30 HTTP/1.1" 200 416
180.156.224.123 - - [30/Jul/2021:09:16:59 +0800] "POST /xingrg/kc/buy/cgsh_order_operate.html HTTP/1.1" 200 37
222.70.176.145 - - [30/Jul/2021:09:17:01 +0800] "GET /xingrg/check_reg.html?_=1627607852979 HTTP/1.1" 302 -
222.70.176.145 - - [30/Jul/2021:09:17:01 +0800] "GET /xingrg/all/function/internal_message.html?_=1627607852978&CODE_STATE=getMsg HTTP/1.1" 302 -
180.156.224.123 - - [30/Jul/2021:09:17:01 +0800] "POST /xingrg/kc/buy/cgsh_order_operate.html HTTP/1.1" 200 22791
180.156.224.123 - - [30/Jul/2021:09:17:01 +0800] "GET /xingrg/all/function/internal_message.html?_=1627607780120&CODE_STATE=getMsg HTTP/1.1" 200 27
120.253.135.82 - - [30/Jul/2021:09:17:03 +0800] "GET /xingrg/javascript/auto/indicator.gif HTTP/1.1" 404 1066
180.169.147.146 - - [30/Jul/2021:09:17:06 +0800] "GET /xingrg/all/function/internal_message.html?_=1627607830673&CODE_STATE=getMsg HTTP/1.1" 200 27
180.169.147.146 - - [30/Jul/2021:09:17:06 +0800] "GET /xingrg/check_reg.html?_=1627607830674 HTTP/1.1" 200 22
120.253.135.82 - - [30/Jul/2021:09:17:09 +0800] "GET /xingrg/kc/pszx/mdps_order_operate.html?command=get_materiel&pszx_code=00101&rest_code=00151&base_code=0010250&code=00102002685 HTTP/1.1" 200 443
222.70.176.145 - - [30/Jul/2021:09:17:13 +0800] "GET /xingrg/all/function/internal_message.html?_=1627607740606&CODE_STATE=getMsg HTTP/1.1" 302 -
222.70.246.151 - - [30/Jul/2021:09:17:16 +0800] "GET /xingrg/kc/buy/cgsh_order_list.html HTTP/1.1" 200 47146
116.232.50.204 - - [30/Jul/2021:09:17:17 +0800] "GET /xingrg/all/function/internal_message.html?_=1627607845087&CODE_STATE=getMsg HTTP/1.1" 200 27
222.70.246.151 - - [30/Jul/2021:09:17:17 +0800] "POST /xingrg/kc/buy/cgsh_list_operate.html HTTP/1.1" 200 876
120.253.135.82 - - [30/Jul/2021:09:17:17 +0800] "GET /xingrg/all/function/internal_message.html?_=1627607959959&CODE_STATE=getMsg HTTP/1.1" 200 27
180.156.224.123 - - [30/Jul/2021:09:17:20 +0800] "GET /xingrg/kc/buy/cgsh_order_operate.html?command=get_materiel&rest_code=00150&code=00101008323&supplier_code=00100007&order_time=2021-07-30 HTTP/1.1" 200 408
180.156.224.123 - - [30/Jul/2021:09:17:20 +0800] "GET /xingrg/kc/buy/cgsh_order_add.html HTTP/1.1" 200 62802
180.156.224.123 - - [30/Jul/2021:09:17:20 +0800] "GET /xingrg/words/20210729165926_words.js HTTP/1.1" 304 -
180.156.224.123 - - [30/Jul/2021:09:17:21 +0800] "POST /xingrg/kc/buy/cgsh_order_operate.html HTTP/1.1" 200 8245
180.156.224.123 - - [30/Jul/2021:09:17:21 +0800] "GET /xingrg/javascript/easyui/themes/default/validatebox.css HTTP/1.1" 404 1104
180.156.224.123 - - [30/Jul/2021:09:17:21 +0800] "GET /xingrg/all/common/auto_word.html?type=employee&rest_code=00150 HTTP/1.1" 200 205
180.156.224.123 - - [30/Jul/2021:09:17:21 +0800] "GET /xingrg/all/common/auto_word.html?type=employee&rest_code=00150 HTTP/1.1" 200 205
120.253.135.82 - - [30/Jul/2021:09:17:21 +0800] "POST /xingrg/kc/pszx/mdps_order_operate.html HTTP/1.1" 200 37
120.253.135.82 - - [30/Jul/2021:09:17:22 +0800] "GET /xingrg/kc/pszx/mdps_order_info.html?code=312021073000706 HTTP/1.1" 200 23927
222.70.246.151 - - [30/Jul/2021:09:17:23 +0800] "GET /xingrg/all/function/internal_message.html?_=1627607844267&CODE_STATE=getMsg HTTP/1.1" 200 27
58.40.7.146 - - [30/Jul/2021:09:17:23 +0800] "GET /xingrg/all/function/internal_message.html?_=1627607840031&CODE_STATE=getMsg HTTP/1.1" 200 27
120.253.135.82 - - [30/Jul/2021:09:17:23 +0800] "GET /xingrg/javascript/easyui/themes/default/validatebox.css HTTP/1.1" 404 1104
120.253.135.82 - - [30/Jul/2021:09:17:23 +0800] "POST /xingrg/kc/pszx/mdps_order_operate.html HTTP/1.1" 200 2296
222.70.176.145 - - [30/Jul/2021:09:17:23 +0800] "GET /xingrg/all/function/internal_message.html?_=1627607837162&CODE_STATE=getMsg HTTP/1.1" 200 27
222.70.246.151 - - [30/Jul/2021:09:17:39 +0800] "GET /xingrg/check_reg.html?_=1627607860621 HTTP/1.1" 200 22
120.253.135.82 - - [30/Jul/2021:09:17:41 +0800] "GET /xingrg/kc/pszx/mdps_order_operate.html?command=get_materiel&pszx_code=00101&rest_code=00151&base_code=0010250&code=00102002679 HTTP/1.1" 200 444
222.69.128.39 - - [30/Jul/2021:09:17:43 +0800] "GET /xingrg/all/function/internal_message.html?_=1627607859854&CODE_STATE=getMsg HTTP/1.1" 200 27
180.169.147.146 - - [30/Jul/2021:09:17:43 +0800] "GET /xingrg/check_reg.html?_=1627607862667 HTTP/1.1" 200 22
180.169.147.146 - - [30/Jul/2021:09:17:43 +0800] "GET /xingrg/all/function/internal_message.html?_=1627607862671&CODE_STATE=getMsg HTTP/1.1" 200 27
120.253.135.82 - - [30/Jul/2021:09:17:43 +0800] "POST /xingrg/all/common/load_select.html HTTP/1.1" 200 25
120.253.135.82 - - [30/Jul/2021:09:17:45 +0800] "GET /xingrg/kc/pszx/mdps_order_operate.html?command=get_materiel_price&pszx_code=00101&rest_code=00151&base_code=0010250&code=00102002679&unit_code=00100037&order_time=2021-07-30 HTTP/1.1" 200 35
222.70.176.145 - - [30/Jul/2021:09:17:46 +0800] "GET /xingrg/kc/buy/cgsh_order_operate.html?command=get_materiel&rest_code=00111&code=00101008306&supplier_code=00100005&order_time=2021-07-30 HTTP/1.1" 200 412
116.230.110.80 - - [30/Jul/2021:09:17:47 +0800] "GET /xingrg/all/function/internal_message.html?_=1627607848856&CODE_STATE=getMsg HTTP/1.1" 200 27
180.169.147.146 - - [30/Jul/2021:09:17:48 +0800] "GET /xingrg/all/function/internal_message.html?_=1627607858728&CODE_STATE=getMsg HTTP/1.1" 200 27
222.70.176.145 - - [30/Jul/2021:09:17:48 +0800] "POST /xingrg/kc/buy/cgsh_order_operate.html HTTP/1.1" 200 2065
180.169.147.146 - - [30/Jul/2021:09:17:52 +0800] "GET /xingrg/all/function/internal_message.html?_=1627607869273&CODE_STATE=getMsg HTTP/1.1" 200 27
180.169.147.146 - - [30/Jul/2021:09:17:55 +0800] "GET /xingrg/all/function/internal_message.html?_=1627607873591&CODE_STATE=getMsg HTTP/1.1" 302 -
180.156.224.123 - - [30/Jul/2021:09:17:57 +0800] "GET /xingrg/all/function/internal_message.html?_=1627607873629&CODE_STATE=getMsg HTTP/1.1" 200 27
180.169.147.146 - - [30/Jul/2021:09:17:57 +0800] "GET /xingrg/all/function/internal_message.html?_=1627607874196&CODE_STATE=getMsg HTTP/1.1" 200 27
222.70.176.145 - - [30/Jul/2021:09:17:57 +0800] "GET /xingrg/kc/buy/cgsh_order_operate.html?command=get_materiel&rest_code=00111&code=00101008418&supplier_code=00100005&order_time=2021-07-30 HTTP/1.1" 200 398
120.253.135.82 - - [30/Jul/2021:09:17:58 +0800] "POST /xingrg/kc/pszx/mdps_order_operate.html HTTP/1.1" 200 37
120.253.135.82 - - [30/Jul/2021:09:17:59 +0800] "GET /xingrg/kc/pszx/mdps_order_info.html?code=312021073000706 HTTP/1.1" 200 23927
120.253.135.82 - - [30/Jul/2021:09:18:00 +0800] "GET /xingrg/javascript/easyui/themes/default/validatebox.css HTTP/1.1" 404 1104
120.253.135.82 - - [30/Jul/2021:09:18:00 +0800] "POST /xingrg/kc/pszx/mdps_order_operate.html HTTP/1.1" 200 2799
222.70.176.145 - - [30/Jul/2021:09:18:01 +0800] "GET /xingrg/all/function/internal_message.html?_=1627607912984&CODE_STATE=getMsg HTTP/1.1" 302 -
180.156.224.123 - - [30/Jul/2021:09:18:01 +0800] "GET /xingrg/all/function/internal_message.html?_=1627607840133&CODE_STATE=getMsg HTTP/1.1" 200 27
180.156.224.123 - - [30/Jul/2021:09:18:05 +0800] "GET /xingrg/kc/buy/cgsh_order_operate.html?command=get_materiel&rest_code=00150&code=00101012029&supplier_code=00100096&order_time=2021-07-30 HTTP/1.1" 200 412
180.169.147.146 - - [30/Jul/2021:09:18:06 +0800] "GET /xingrg/all/function/internal_message.html?_=1627607890672&CODE_STATE=getMsg HTTP/1.1" 200 27
222.70.176.145 - - [30/Jul/2021:09:18:10 +0800] "GET /xingrg/kc/buy/cgsh_order_operate.html?command=get_materiel&rest_code=00111&code=00101015006&supplier_code=00100005&order_time=2021-07-30 HTTP/1.1" 200 413
180.156.224.123 - - [30/Jul/2021:09:18:10 +0800] "GET /xingrg/kc/buy/cgsh_order_operate.html?command=get_materiel&rest_code=00150&code=00101008350&supplier_code=00100007&order_time=2021-07-30 HTTP/1.1" 200 408
222.70.176.145 - - [30/Jul/2021:09:18:13 +0800] "GET /xingrg/all/function/internal_message.html?_=1627607800625&CODE_STATE=getMsg HTTP/1.1" 302 -
116.232.50.204 - - [30/Jul/2021:09:18:17 +0800] "GET /xingrg/all/function/internal_message.html?_=1627607905089&CODE_STATE=getMsg HTTP/1.1" 200 27
120.253.135.82 - - [30/Jul/2021:09:18:17 +0800] "GET /xingrg/all/function/internal_message.html?_=1627608019972&CODE_STATE=getMsg HTTP/1.1" 200 27
120.253.135.82 - - [30/Jul/2021:09:18:18 +0800] "GET /xingrg/check_reg.html?_=1627607666530 HTTP/1.1" 200 22
120.253.135.82 - - [30/Jul/2021:09:18:18 +0800] "GET /xingrg/all/function/internal_message.html?_=1627607666518&CODE_STATE=getMsg HTTP/1.1" 200 27
120.253.135.82 - - [30/Jul/2021:09:18:19 +0800] "GET /xingrg/kc/pszx/mdps_order_list.html?orderType=0 HTTP/1.1" 200 21004
120.253.135.82 - - [30/Jul/2021:09:18:19 +0800] "POST /xingrg/kc/pszx/mdps_list_operate.html HTTP/1.1" 200 5162
180.156.224.123 - - [30/Jul/2021:09:18:21 +0800] "GET /xingrg/kc/buy/cgsh_order_operate.html?command=get_materiel&rest_code=00150&code=00101008223&supplier_code=00100007&order_time=2021-07-30 HTTP/1.1" 200 412
222.70.246.151 - - [30/Jul/2021:09:18:23 +0800] "GET /xingrg/all/function/internal_message.html?_=1627607904270&CODE_STATE=getMsg HTTP/1.1" 200 27
180.156.224.123 - - [30/Jul/2021:09:18:23 +0800] "GET /xingrg/kc/buy/cgsh_order_operate.html?command=get_materiel&rest_code=00150&code=00101012051&supplier_code=00100096&order_time=2021-07-30 HTTP/1.1" 200 408
58.40.7.146 - - [30/Jul/2021:09:18:23 +0800] "GET /xingrg/all/function/internal_message.html?_=1627607900042&CODE_STATE=getMsg HTTP/1.1" 200 27
222.70.176.145 - - [30/Jul/2021:09:18:23 +0800] "GET /xingrg/all/function/internal_message.html?_=1627607897208&CODE_STATE=getMsg HTTP/1.1" 200 27
120.253.135.82 - - [30/Jul/2021:09:18:23 +0800] "POST /xingrg/kc/pszx/mdps_list_operate.html HTTP/1.1" 200 289
222.70.246.151 - - [30/Jul/2021:09:18:23 +0800] "GET /xingrg/kc/buy/cgsh_order_add.html HTTP/1.1" 200 62884
222.70.246.151 - - [30/Jul/2021:09:18:24 +0800] "POST /xingrg/kc/buy/cgsh_order_operate.html HTTP/1.1" 200 8245
222.70.246.151 - - [30/Jul/2021:09:18:24 +0800] "GET /xingrg/javascript/easyui/themes/default/validatebox.css HTTP/1.1" 404 1104
120.253.135.82 - - [30/Jul/2021:09:18:24 +0800] "GET /xingrg/kc/pszx/mdps_order_info.html?code=312021073000706 HTTP/1.1" 200 23927
120.253.135.82 - - [30/Jul/2021:09:18:24 +0800] "GET /xingrg/javascript/easyui/themes/default/validatebox.css HTTP/1.1" 404 1104
120.253.135.82 - - [30/Jul/2021:09:18:25 +0800] "POST /xingrg/kc/pszx/mdps_order_operate.html HTTP/1.1" 200 2799
101.85.94.150 - - [30/Jul/2021:09:18:29 +0800] "GET /xingrg HTTP/1.1" 302 -
101.85.94.150 - - [30/Jul/2021:09:18:29 +0800] "GET /xingrg/ HTTP/1.1" 200 292
180.156.224.123 - - [30/Jul/2021:09:18:30 +0800] "GET /xingrg/kc/buy/cgsh_order_operate.html?command=get_materiel&rest_code=00150&code=00101008090&supplier_code=00100007&order_time=2021-07-30 HTTP/1.1" 200 409
120.253.135.82 - - [30/Jul/2021:09:18:30 +0800] "GET /xingrg/kc/print/load_data.html?order_code=312021073000706&kc_code=mdps&condition= HTTP/1.1" 200 946
101.85.94.150 - - [30/Jul/2021:09:18:31 +0800] "GET /xingrg/index.html HTTP/1.1" 302 -
101.85.94.150 - - [30/Jul/2021:09:18:31 +0800] "GET /favicon.ico HTTP/1.1" 404 -
101.85.94.150 - - [30/Jul/2021:09:18:31 +0800] "GET /xingrg/login.html HTTP/1.1" 200 7641
101.85.94.150 - - [30/Jul/2021:09:18:32 +0800] "GET /xingrg/images/blue/jxLogo.png HTTP/1.1" 200 6156
101.85.94.150 - - [30/Jul/2021:09:18:32 +0800] "GET /xingrg/images/blue/hj.png HTTP/1.1" 200 1014
101.85.94.150 - - [30/Jul/2021:09:18:32 +0800] "GET /favicon.ico HTTP/1.1" 404 -
101.85.94.150 - - [30/Jul/2021:09:18:33 +0800] "GET /xingrg/images/blue/login_bg.png HTTP/1.1" 200 22101
222.70.176.145 - - [30/Jul/2021:09:18:34 +0800] "GET /xingrg/kc/buy/cgsh_order_operate.html?command=get_materiel&rest_code=00111&code=00101008350&supplier_code=00100005&order_time=2021-07-30 HTTP/1.1" 200 408
101.85.94.150 - - [30/Jul/2021:09:18:35 +0800] "GET /xingrg/images/blue/srbg.png HTTP/1.1" 200 138
180.156.224.123 - - [30/Jul/2021:09:18:36 +0800] "POST /xingrg/kc/buy/cgsh_order_operate.html HTTP/1.1" 200 37
180.156.224.123 - - [30/Jul/2021:09:18:38 +0800] "POST /xingrg/kc/buy/cgsh_order_operate.html HTTP/1.1" 200 25750
222.69.128.39 - - [30/Jul/2021:09:18:43 +0800] "GET /xingrg/all/function/internal_message.html?_=1627607919853&CODE_STATE=getMsg HTTP/1.1" 200 27
180.156.224.123 - - [30/Jul/2021:09:18:43 +0800] "GET /xingrg/kc/buy/cgsh_order_operate.html?command=get_materiel&rest_code=00150&code=00101006129&supplier_code=00100096&order_time=2021-07-30 HTTP/1.1" 200 431
180.169.147.146 - - [30/Jul/2021:09:18:43 +0800] "GET /xingrg/all/function/internal_message.html?_=1627607922661&CODE_STATE=getMsg HTTP/1.1" 200 27
116.230.110.80 - - [30/Jul/2021:09:18:47 +0800] "GET /xingrg/all/function/internal_message.html?_=1627607908859&CODE_STATE=getMsg HTTP/1.1" 200 27
180.169.147.146 - - [30/Jul/2021:09:18:48 +0800] "GET /xingrg/all/function/internal_message.html?_=1627607918701&CODE_STATE=getMsg HTTP/1.1" 200 27
222.70.246.151 - - [30/Jul/2021:09:18:49 +0800] "GET /xingrg/kc/buy/cgsh_order_operate.html?command=get_materiel&rest_code=00146&code=00101008084&supplier_code=00100005&order_time=2021-07-30 HTTP/1.1" 200 412
222.70.176.145 - - [30/Jul/2021:09:18:49 +0800] "POST /xingrg/kc/buy/cgsh_order_operate.html HTTP/1.1" 200 2065
101.85.94.150 - - [30/Jul/2021:09:18:51 +0800] "POST /xingrg/login.do HTTP/1.1" 302 -
101.85.94.150 - - [30/Jul/2021:09:18:51 +0800] "GET /xingrg/javascript/jquery_easy_ui/themes/icon.css HTTP/1.1" 200 3949
101.85.94.150 - - [30/Jul/2021:09:18:51 +0800] "GET /xingrg/index.html?sysBaseUrl=http%3A%2F%2F180.169.147.146%3A18081%2Fxingrg%2F&costTime=159×tamp=1627607931411 HTTP/1.1" 200 17179
101.85.94.150 - - [30/Jul/2021:09:18:51 +0800] "GET /xingrg/css/form.css HTTP/1.1" 200 893
101.85.94.150 - - [30/Jul/2021:09:18:51 +0800] "GET /xingrg/javascript/jquery_easy_ui/themes/default/easyui.css HTTP/1.1" 200 26500
101.85.94.150 - - [30/Jul/2021:09:18:51 +0800] "GET /xingrg/javascript/jquery_easy_ui/jquery.easyui.min.js HTTP/1.1" 200 213662
101.85.94.150 - - [30/Jul/2021:09:18:51 +0800] "GET /xingrg/javascript/jquery-1.4.2.min.js HTTP/1.1" 200 72205
101.85.94.150 - - [30/Jul/2021:09:18:51 +0800] "GET /xingrg/javascript/jquery_easy_ui/easyui-lang-zh_CN.js HTTP/1.1" 200 1900
101.85.94.150 - - [30/Jul/2021:09:18:51 +0800] "GET /xingrg/javascript/jquery.form.js HTTP/1.1" 200 23110
101.85.94.150 - - [30/Jul/2021:09:18:52 +0800] "GET /xingrg/javascript/jquery.timers.js HTTP/1.1" 200 3532
101.85.94.150 - - [30/Jul/2021:09:18:52 +0800] "GET /favicon.ico HTTP/1.1" 404 -
101.85.94.150 - - [30/Jul/2021:09:18:52 +0800] "GET /xingrg/javascript/jquery.utils.js HTTP/1.1" 200 11805
180.169.147.146 - - [30/Jul/2021:09:18:52 +0800] "GET /xingrg/all/function/internal_message.html?_=1627607929268&CODE_STATE=getMsg HTTP/1.1" 200 27
101.85.94.150 - - [30/Jul/2021:09:18:53 +0800] "GET /xingrg/javascript/jquery_easy_ui/themes/icons/settle_new.png HTTP/1.1" 200 826
101.85.94.150 - - [30/Jul/2021:09:18:53 +0800] "GET /xingrg/images/blue/navBackgound.jpg HTTP/1.1" 200 12378
101.85.94.150 - - [30/Jul/2021:09:18:53 +0800] "POST /xingrg/all/common/load_tree.html?tree=area_rest_tree_json&manage=1 HTTP/1.1" 200 351
101.85.94.150 - - [30/Jul/2021:09:18:55 +0800] "GET /xingrg/all/function/internal_message.html?_=1627607917583&CODE_STATE=count HTTP/1.1" 200 11
101.85.94.150 - - [30/Jul/2021:09:18:55 +0800] "GET /xingrg/check_reg.html?_=1627607917584 HTTP/1.1" 200 22
101.85.94.150 - - [30/Jul/2021:09:18:55 +0800] "GET /xingrg/images/blue/pingpu.png HTTP/1.1" 200 231
101.85.94.150 - - [30/Jul/2021:09:18:55 +0800] "GET /xingrg/javascript/jquery_easy_ui/themes/default/images/tabs_leftarrow.png HTTP/1.1" 200 389
101.85.94.150 - - [30/Jul/2021:09:18:55 +0800] "GET /xingrg/javascript/jquery_easy_ui/themes/default/images/tabs_rightarrow.png HTTP/1.1" 200 395
101.85.94.150 - - [30/Jul/2021:09:18:55 +0800] "GET /xingrg/javascript/jquery_easy_ui/themes/default/images/panel_tool_collapse.gif HTTP/1.1" 200 246
101.85.94.150 - - [30/Jul/2021:09:18:55 +0800] "POST /xingrg/load_menu.html HTTP/1.1" 200 5138
101.85.94.150 - - [30/Jul/2021:09:18:55 +0800] "GET /xingrg/javascript/jquery_easy_ui/themes/default/images/tree_arrows.gif HTTP/1.1" 200 1043
180.169.147.146 - - [30/Jul/2021:09:18:55 +0800] "GET /xingrg/all/function/internal_message.html?_=1627607933567&CODE_STATE=getMsg HTTP/1.1" 302 -
101.85.94.150 - - [30/Jul/2021:09:18:55 +0800] "GET /xingrg/javascript/jquery_easy_ui/themes/default/images/tree_folder.gif HTTP/1.1" 200 952
101.85.94.150 - - [30/Jul/2021:09:18:55 +0800] "GET /xingrg/javascript/jquery_easy_ui/themes/icons/storage_new.png HTTP/1.1" 200 853
101.85.94.150 - - [30/Jul/2021:09:18:55 +0800] "GET /xingrg/javascript/jquery_easy_ui/themes/default/images/tree_folder_open.gif HTTP/1.1" 200 956
101.85.94.150 - - [30/Jul/2021:09:18:55 +0800] "GET /xingrg/javascript/jquery_easy_ui/themes/icons/forms_new.png HTTP/1.1" 200 350
101.85.94.150 - - [30/Jul/2021:09:18:55 +0800] "GET /xingrg/javascript/jquery_easy_ui/themes/default/images/tree_file.gif HTTP/1.1" 200 118
101.85.94.150 - - [30/Jul/2021:09:18:55 +0800] "GET /xingrg/javascript/jquery_easy_ui/themes/icons/search_new.png HTTP/1.1" 200 586
180.169.147.146 - - [30/Jul/2021:09:18:56 +0800] "GET /xingrg/check_reg.html?_=1627607934070 HTTP/1.1" 302 -
180.156.224.123 - - [30/Jul/2021:09:18:57 +0800] "GET /xingrg/all/function/internal_message.html?_=1627607933601&CODE_STATE=getMsg HTTP/1.1" 200 27
180.169.147.146 - - [30/Jul/2021:09:18:57 +0800] "GET /xingrg/all/function/internal_message.html?_=1627607934197&CODE_STATE=getMsg HTTP/1.1" 200 27
180.169.147.146 - - [30/Jul/2021:09:18:57 +0800] "GET /xingrg/check_reg.html?_=1627607934199 HTTP/1.1" 200 22
222.70.176.145 - - [30/Jul/2021:09:18:59 +0800] "GET /xingrg/kc/buy/cgsh_order_operate.html?command=get_materiel&rest_code=00111&code=00101008175&supplier_code=00100005&order_time=2021-07-30 HTTP/1.1" 200 412
222.70.176.145 - - [30/Jul/2021:09:19:01 +0800] "GET /xingrg/all/function/internal_message.html?_=1627607972983&CODE_STATE=getMsg HTTP/1.1" 302 -
180.156.224.123 - - [30/Jul/2021:09:19:01 +0800] "GET /xingrg/all/function/internal_message.html?_=1627607900147&CODE_STATE=getMsg HTTP/1.1" 200 27
180.156.224.123 - - [30/Jul/2021:09:19:01 +0800] "GET /xingrg/kc/buy/cgsh_order_operate.html?command=get_materiel&rest_code=00150&code=00101006130&supplier_code=00100096&order_time=2021-07-30 HTTP/1.1" 200 427
222.70.246.151 - - [30/Jul/2021:09:19:03 +0800] "GET /xingrg/kc/buy/cgsh_order_operate.html?command=get_materiel&rest_code=00146&code=00101008126&supplier_code=00100005&order_time=2021-07-30 HTTP/1.1" 200 412
180.169.147.146 - - [30/Jul/2021:09:19:06 +0800] "GET /xingrg/all/function/internal_message.html?_=1627607950671&CODE_STATE=getMsg HTTP/1.1" 200 27
222.70.176.145 - - [30/Jul/2021:09:19:09 +0800] "GET /xingrg/kc/buy/cgsh_order_operate.html?command=get_materiel&rest_code=00111&code=00101008155&supplier_code=00100005&order_time=2021-07-30 HTTP/1.1" 200 408
120.253.135.82 - - [30/Jul/2021:09:19:10 +0800] "GET /xingrg/all/function/internal_message.html?_=1627607726528&CODE_STATE=getMsg HTTP/1.1" 200 27
222.70.176.145 - - [30/Jul/2021:09:19:13 +0800] "GET /xingrg/all/function/internal_message.html?_=1627607860625&CODE_STATE=getMsg HTTP/1.1" 302 -
116.232.50.204 - - [30/Jul/2021:09:19:17 +0800] "GET /xingrg/all/function/internal_message.html?_=1627607965091&CODE_STATE=getMsg HTTP/1.1" 200 27
120.253.135.82 - - [30/Jul/2021:09:19:17 +0800] "GET /xingrg/all/function/internal_message.html?_=1627608079985&CODE_STATE=getMsg HTTP/1.1" 200 27
222.70.246.151 - - [30/Jul/2021:09:19:18 +0800] "POST /xingrg/services/DataTransmitService HTTP/1.1" 200 524
222.69.128.39 - - [30/Jul/2021:09:19:18 +0800] "POST /xingrg/services/DataTransmitService HTTP/1.1" 200 501
180.156.224.123 - - [30/Jul/2021:09:19:18 +0800] "GET /xingrg/kc/buy/cgsh_order_operate.html?command=get_materiel&rest_code=00150&code=00101006063&supplier_code=00100096&order_time=2021-07-30 HTTP/1.1" 200 415
222.70.246.151 - - [30/Jul/2021:09:19:18 +0800] "POST /xingrg/services/DataTransmitService HTTP/1.1" 200 501
222.70.246.151 - - [30/Jul/2021:09:19:20 +0800] "GET /xingrg/kc/buy/cgsh_order_operate.html?command=get_materiel&rest_code=00146&code=00101008067&supplier_code=00100005&order_time=2021-07-30 HTTP/1.1" 200 416
222.70.246.151 - - [30/Jul/2021:09:19:23 +0800] "GET /xingrg/all/function/internal_message.html?_=1627607964291&CODE_STATE=getMsg HTTP/1.1" 200 27
58.40.7.146 - - [30/Jul/2021:09:19:23 +0800] "GET /xingrg/all/function/internal_message.html?_=1627607960035&CODE_STATE=getMsg HTTP/1.1" 200 27
222.70.176.145 - - [30/Jul/2021:09:19:23 +0800] "GET /xingrg/check_reg.html?_=1627607957160 HTTP/1.1" 200 22
222.70.176.145 - - [30/Jul/2021:09:19:23 +0800] "GET /xingrg/all/function/internal_message.html?_=1627607957190&CODE_STATE=getMsg HTTP/1.1" 200 27
180.156.224.123 - - [30/Jul/2021:09:19:30 +0800] "GET /xingrg/kc/buy/cgsh_order_operate.html?command=get_materiel&rest_code=00150&code=00101006124&supplier_code=00100096&order_time=2021-07-30 HTTP/1.1" 200 411
222.70.246.151 - - [30/Jul/2021:09:19:36 +0800] "GET /xingrg/kc/buy/cgsh_order_operate.html?command=get_materiel&rest_code=00146&code=00101008137&supplier_code=00100005&order_time=2021-07-30 HTTP/1.1" 200 408
222.70.176.145 - - [30/Jul/2021:09:19:36 +0800] "GET /xingrg/kc/buy/cgsh_order_operate.html?command=get_materiel&rest_code=00111&code=00101008112&supplier_code=00100005&order_time=2021-07-30 HTTP/1.1" 200 412
180.156.224.123 - - [30/Jul/2021:09:19:41 +0800] "GET /xingrg/kc/buy/cgsh_order_operate.html?command=get_materiel&rest_code=00150&code=00101006055&supplier_code=00100096&order_time=2021-07-30 HTTP/1.1" 200 409
222.69.128.39 - - [30/Jul/2021:09:19:43 +0800] "GET /xingrg/all/function/internal_message.html?_=1627607979862&CODE_STATE=getMsg HTTP/1.1" 200 27
180.169.147.146 - - [30/Jul/2021:09:19:43 +0800] "GET /xingrg/all/function/internal_message.html?_=1627607982661&CODE_STATE=getMsg HTTP/1.1" 200 27
180.156.224.123 - - [30/Jul/2021:09:19:44 +0800] "GET /xingrg/kc/buy/cgsh_order_operate.html?command=get_materiel&rest_code=00150&code=00101008168&supplier_code=00100007&order_time=2021-07-30 HTTP/1.1" 200 413
222.70.246.151 - - [30/Jul/2021:09:19:46 +0800] "GET /xingrg/kc/buy/cgsh_order_operate.html?command=get_materiel&rest_code=00146&code=00101008270&supplier_code=00100005&order_time=2021-07-30 HTTP/1.1" 200 412
116.230.110.80 - - [30/Jul/2021:09:19:47 +0800] "GET /xingrg/all/function/internal_message.html?_=1627607968856&CODE_STATE=getMsg HTTP/1.1" 200 27
116.230.110.80 - - [30/Jul/2021:09:19:47 +0800] "GET /xingrg/check_reg.html?_=1627607968857 HTTP/1.1" 200 22
180.169.147.146 - - [30/Jul/2021:09:19:48 +0800] "GET /xingrg/all/function/internal_message.html?_=1627607978681&CODE_STATE=getMsg HTTP/1.1" 200 27
120.253.135.82 - - [30/Jul/2021:09:19:50 +0800] "POST /xingrg/kc/pszx/mdps_order_operate.html HTTP/1.1" 200 37
222.70.176.145 - - [30/Jul/2021:09:19:51 +0800] "POST /xingrg/kc/buy/cgsh_order_operate.html HTTP/1.1" 200 2065
120.253.135.82 - - [30/Jul/2021:09:19:52 +0800] "POST /xingrg/kc/pszx/mdps_order_operate.html HTTP/1.1" 200 12
180.169.147.146 - - [30/Jul/2021:09:19:52 +0800] "GET /xingrg/all/function/internal_message.html?_=1627607989277&CODE_STATE=getMsg HTTP/1.1" 200 27
180.169.147.146 - - [30/Jul/2021:09:19:52 +0800] "GET /xingrg/check_reg.html?_=1627607989283 HTTP/1.1" 200 22
180.156.224.123 - - [30/Jul/2021:09:19:53 +0800] "GET /xingrg/kc/buy/cgsh_order_operate.html?command=get_materiel&rest_code=00150&code=00101006109&supplier_code=00100096&order_time=2021-07-30 HTTP/1.1" 200 411
180.169.147.146 - - [30/Jul/2021:09:19:53 +0800] "GET /xingrg/check_reg.html?_=1627607988504 HTTP/1.1" 302 -
120.253.135.82 - - [30/Jul/2021:09:19:54 +0800] "GET /xingrg/kc/pszx/mdps_order_info.html?code=312021073000706 HTTP/1.1" 200 19585
120.253.135.82 - - [30/Jul/2021:09:19:54 +0800] "GET /xingrg/javascript/easyui/themes/default/validatebox.css HTTP/1.1" 404 1104
120.253.135.82 - - [30/Jul/2021:09:19:54 +0800] "POST /xingrg/kc/pszx/mdps_order_operate.html HTTP/1.1" 200 1016
180.156.224.123 - - [30/Jul/2021:09:19:54 +0800] "GET /xingrg/kc/buy/cgsh_order_operate.html?command=get_materiel&rest_code=00150&code=00101008061&supplier_code=00100007&order_time=2021-07-30 HTTP/1.1" 200 422
101.85.94.150 - - [30/Jul/2021:09:19:55 +0800] "GET /xingrg/all/function/internal_message.html?_=1627607977596&CODE_STATE=getMsg HTTP/1.1" 200 27
180.169.147.146 - - [30/Jul/2021:09:19:55 +0800] "GET /xingrg/all/function/internal_message.html?_=1627607993541&CODE_STATE=getMsg HTTP/1.1" 302 -
180.156.224.123 - - [30/Jul/2021:09:19:57 +0800] "GET /xingrg/all/function/internal_message.html?_=1627607993578&CODE_STATE=getMsg HTTP/1.1" 200 27
180.169.147.146 - - [30/Jul/2021:09:19:57 +0800] "GET /xingrg/all/function/internal_message.html?_=1627607994197&CODE_STATE=getMsg HTTP/1.1" 200 27
120.253.135.82 - - [30/Jul/2021:09:19:59 +0800] "GET /xingrg/kc/pszx/mdps_order_list.html?orderType=0 HTTP/1.1" 200 21004
222.70.176.145 - - [30/Jul/2021:09:19:59 +0800] "GET /xingrg/kc/buy/cgsh_order_operate.html?command=get_materiel&rest_code=00111&code=00101008088&supplier_code=00100005&order_time=2021-07-30 HTTP/1.1" 200 427
120.253.135.82 - - [30/Jul/2021:09:19:59 +0800] "POST /xingrg/kc/pszx/mdps_list_operate.html HTTP/1.1" 200 5157
222.70.176.145 - - [30/Jul/2021:09:20:01 +0800] "GET /xingrg/all/function/internal_message.html?_=1627608032981&CODE_STATE=getMsg HTTP/1.1" 302 -
