180.156.224.123 - - [30/Jul/2021:09:20:01 +0800] "GET /xingrg/check_reg.html?_=1627607959957 HTTP/1.1" 200 22
180.156.224.123 - - [30/Jul/2021:09:20:01 +0800] "GET /xingrg/all/function/internal_message.html?_=1627607960161&CODE_STATE=getMsg HTTP/1.1" 200 27
222.70.246.151 - - [30/Jul/2021:09:20:04 +0800] "GET /xingrg/kc/buy/cgsh_order_operate.html?command=get_materiel&rest_code=00146&code=00101008169&supplier_code=00100005&order_time=2021-07-30 HTTP/1.1" 200 412
120.253.135.82 - - [30/Jul/2021:09:20:04 +0800] "POST /xingrg/kc/pszx/mdps_list_operate.html HTTP/1.1" 200 292
180.169.147.146 - - [30/Jul/2021:09:20:06 +0800] "GET /xingrg/all/function/internal_message.html?_=1627608010668&CODE_STATE=getMsg HTTP/1.1" 200 27
222.70.176.145 - - [30/Jul/2021:09:20:08 +0800] "GET /xingrg/kc/buy/cgsh_order_operate.html?command=get_materiel&rest_code=00111&code=00101008312&supplier_code=00100005&order_time=2021-07-30 HTTP/1.1" 200 412
120.253.135.82 - - [30/Jul/2021:09:20:10 +0800] "GET /xingrg/all/function/internal_message.html?_=1627607786542&CODE_STATE=getMsg HTTP/1.1" 200 27
180.156.224.123 - - [30/Jul/2021:09:20:11 +0800] "GET /xingrg/kc/buy/cgsh_order_operate.html?command=get_materiel&rest_code=00150&code=00101008110&supplier_code=00100007&order_time=2021-07-30 HTTP/1.1" 200 408
180.156.224.123 - - [30/Jul/2021:09:20:11 +0800] "GET /xingrg/kc/buy/cgsh_order_operate.html?command=get_materiel&rest_code=00150&code=00101006013&supplier_code=00100096&order_time=2021-07-30 HTTP/1.1" 200 409
180.156.224.123 - - [30/Jul/2021:09:20:11 +0800] "GET /xingrg/check_reg.html?_=1627608007893 HTTP/1.1" 200 22
180.169.147.146 - - [30/Jul/2021:09:20:13 +0800] "GET /xingrg/check_reg.html?_=1627608003780 HTTP/1.1" 200 22
222.70.176.145 - - [30/Jul/2021:09:20:13 +0800] "GET /xingrg/check_reg.html?_=1627607920627 HTTP/1.1" 302 -
222.70.176.145 - - [30/Jul/2021:09:20:13 +0800] "GET /xingrg/all/function/internal_message.html?_=1627607920630&CODE_STATE=getMsg HTTP/1.1" 302 -
222.70.246.151 - - [30/Jul/2021:09:20:16 +0800] "GET /xingrg/kc/buy/cgsh_order_operate.html?command=get_materiel&rest_code=00146&code=00101008213&supplier_code=00100005&order_time=2021-07-30 HTTP/1.1" 200 412
222.70.176.145 - - [30/Jul/2021:09:20:16 +0800] "GET /xingrg/kc/buy/cgsh_order_operate.html?command=get_materiel&rest_code=00111&code=00101008186&supplier_code=00100005&order_time=2021-07-30 HTTP/1.1" 200 408
116.232.50.204 - - [30/Jul/2021:09:20:17 +0800] "GET /xingrg/all/function/internal_message.html?_=1627608025093&CODE_STATE=getMsg HTTP/1.1" 200 27
116.232.50.204 - - [30/Jul/2021:09:20:17 +0800] "GET /xingrg/check_reg.html?_=1627608025094 HTTP/1.1" 200 22
120.253.135.82 - - [30/Jul/2021:09:20:17 +0800] "GET /xingrg/all/function/internal_message.html?_=1627608140000&CODE_STATE=getMsg HTTP/1.1" 200 27
222.70.246.151 - - [30/Jul/2021:09:20:23 +0800] "GET /xingrg/all/function/internal_message.html?_=1627608024298&CODE_STATE=getMsg HTTP/1.1" 200 27
58.40.7.146 - - [30/Jul/2021:09:20:23 +0800] "GET /xingrg/all/function/internal_message.html?_=1627608020015&CODE_STATE=getMsg HTTP/1.1" 200 27
222.70.176.145 - - [30/Jul/2021:09:20:23 +0800] "GET /xingrg/all/function/internal_message.html?_=1627608017197&CODE_STATE=getMsg HTTP/1.1" 200 27
222.70.246.151 - - [30/Jul/2021:09:20:26 +0800] "GET /xingrg/kc/buy/cgsh_order_operate.html?command=get_materiel&rest_code=00146&code=00101008201&supplier_code=00100005&order_time=2021-07-30 HTTP/1.1" 200 412
222.70.176.145 - - [30/Jul/2021:09:20:27 +0800] "GET /xingrg/kc/buy/cgsh_order_operate.html?command=get_materiel&rest_code=00111&code=00101008313&supplier_code=00100005&order_time=2021-07-30 HTTP/1.1" 200 412
222.70.176.145 - - [30/Jul/2021:09:20:39 +0800] "GET /xingrg/kc/buy/cgsh_order_operate.html?command=get_materiel&rest_code=00111&code=00101008168&supplier_code=00100005&order_time=2021-07-30 HTTP/1.1" 200 413
222.70.246.151 - - [30/Jul/2021:09:20:40 +0800] "GET /xingrg/kc/buy/cgsh_order_operate.html?command=get_materiel&rest_code=00146&code=00101008125&supplier_code=00100005&order_time=2021-07-30 HTTP/1.1" 200 413
222.70.176.145 - - [30/Jul/2021:09:20:41 +0800] "POST /xingrg/kc/buy/cgsh_order_operate.html HTTP/1.1" 200 2065
222.69.128.39 - - [30/Jul/2021:09:20:43 +0800] "GET /xingrg/all/function/internal_message.html?_=1627608039866&CODE_STATE=getMsg HTTP/1.1" 200 27
180.169.147.146 - - [30/Jul/2021:09:20:43 +0800] "GET /xingrg/all/function/internal_message.html?_=1627608042663&CODE_STATE=getMsg HTTP/1.1" 200 27
116.230.110.80 - - [30/Jul/2021:09:20:47 +0800] "GET /xingrg/all/function/internal_message.html?_=1627608028857&CODE_STATE=getMsg HTTP/1.1" 200 27
180.169.147.146 - - [30/Jul/2021:09:20:48 +0800] "GET /xingrg/all/function/internal_message.html?_=1627608038651&CODE_STATE=getMsg HTTP/1.1" 200 27
222.70.176.145 - - [30/Jul/2021:09:20:50 +0800] "GET /xingrg/kc/buy/cgsh_order_operate.html?command=get_materiel&rest_code=00111&code=00101008165&supplier_code=00100005&order_time=2021-07-30 HTTP/1.1" 200 416
180.169.147.146 - - [30/Jul/2021:09:20:52 +0800] "GET /xingrg/all/function/internal_message.html?_=1627608049273&CODE_STATE=getMsg HTTP/1.1" 200 27
222.70.246.151 - - [30/Jul/2021:09:20:55 +0800] "GET /xingrg/kc/buy/cgsh_order_operate.html?command=get_materiel&rest_code=00146&code=00101008010&supplier_code=00100005&order_time=2021-07-30 HTTP/1.1" 200 412
101.85.94.150 - - [30/Jul/2021:09:20:55 +0800] "GET /xingrg/all/function/internal_message.html?_=1627608037586&CODE_STATE=getMsg HTTP/1.1" 200 27
180.169.147.146 - - [30/Jul/2021:09:20:55 +0800] "GET /xingrg/all/function/internal_message.html?_=1627608053514&CODE_STATE=getMsg HTTP/1.1" 302 -
180.156.224.123 - - [30/Jul/2021:09:20:57 +0800] "GET /xingrg/all/function/internal_message.html?_=1627608053565&CODE_STATE=getMsg HTTP/1.1" 200 27
180.169.147.146 - - [30/Jul/2021:09:20:57 +0800] "GET /xingrg/all/function/internal_message.html?_=1627608054199&CODE_STATE=getMsg HTTP/1.1" 200 27
222.70.176.145 - - [30/Jul/2021:09:21:01 +0800] "GET /xingrg/all/function/internal_message.html?_=1627608092981&CODE_STATE=getMsg HTTP/1.1" 302 -
180.156.224.123 - - [30/Jul/2021:09:21:01 +0800] "GET /xingrg/all/function/internal_message.html?_=1627608020175&CODE_STATE=getMsg HTTP/1.1" 200 27
222.70.246.151 - - [30/Jul/2021:09:21:06 +0800] "GET /xingrg/kc/buy/cgsh_order_operate.html?command=get_materiel&rest_code=00146&code=00101014064&supplier_code=00100005&order_time=2021-07-30 HTTP/1.1" 200 413
180.169.147.146 - - [30/Jul/2021:09:21:06 +0800] "GET /xingrg/all/function/internal_message.html?_=1627608070667&CODE_STATE=getMsg HTTP/1.1" 200 27
180.156.224.123 - - [30/Jul/2021:09:21:08 +0800] "GET /xingrg/kc/buy/cgsh_order_operate.html?command=get_materiel&rest_code=00150&code=00101008041&supplier_code=00100007&order_time=2021-07-30 HTTP/1.1" 200 408
120.253.135.82 - - [30/Jul/2021:09:21:10 +0800] "GET /xingrg/all/function/internal_message.html?_=1627607846556&CODE_STATE=getMsg HTTP/1.1" 200 27
222.70.176.145 - - [30/Jul/2021:09:21:13 +0800] "GET /xingrg/all/function/internal_message.html?_=1627607980624&CODE_STATE=getMsg HTTP/1.1" 302 -
222.70.246.151 - - [30/Jul/2021:09:21:16 +0800] "GET /xingrg/kc/buy/cgsh_order_operate.html?command=get_materiel&rest_code=00146&code=00101008163&supplier_code=00100005&order_time=2021-07-30 HTTP/1.1" 200 408
116.232.50.204 - - [30/Jul/2021:09:21:17 +0800] "GET /xingrg/all/function/internal_message.html?_=1627608085095&CODE_STATE=getMsg HTTP/1.1" 200 27
120.253.135.82 - - [30/Jul/2021:09:21:17 +0800] "GET /xingrg/check_reg.html?_=1627608199956 HTTP/1.1" 200 22
120.253.135.82 - - [30/Jul/2021:09:21:17 +0800] "GET /xingrg/all/function/internal_message.html?_=1627608200048&CODE_STATE=getMsg HTTP/1.1" 200 27
222.70.246.151 - - [30/Jul/2021:09:21:23 +0800] "GET /xingrg/all/function/internal_message.html?_=1627608084311&CODE_STATE=getMsg HTTP/1.1" 200 27
58.40.7.146 - - [30/Jul/2021:09:21:23 +0800] "GET /xingrg/check_reg.html?_=1627608080009 HTTP/1.1" 200 22
58.40.7.146 - - [30/Jul/2021:09:21:23 +0800] "GET /xingrg/all/function/internal_message.html?_=1627608080010&CODE_STATE=getMsg HTTP/1.1" 200 27
222.70.176.145 - - [30/Jul/2021:09:21:23 +0800] "GET /xingrg/all/function/internal_message.html?_=1627608077152&CODE_STATE=getMsg HTTP/1.1" 200 27
101.83.145.79 - - [30/Jul/2021:09:21:24 +0800] "GET /xingrg/check_reg.html?_=1627608082146 HTTP/1.1" 200 22
101.83.145.79 - - [30/Jul/2021:09:21:24 +0800] "GET /xingrg/all/function/internal_message.html?_=1627608082145&CODE_STATE=getMsg HTTP/1.1" 200 27
180.156.224.123 - - [30/Jul/2021:09:21:24 +0800] "POST /xingrg/kc/buy/cgsh_order_operate.html HTTP/1.1" 200 37
101.83.145.79 - - [30/Jul/2021:09:21:24 +0800] "POST /xingrg/kc/buy/cgsh_order_operate.html HTTP/1.1" 200 52864
180.156.224.123 - - [30/Jul/2021:09:21:26 +0800] "POST /xingrg/kc/buy/cgsh_order_operate.html HTTP/1.1" 200 28707
222.70.246.151 - - [30/Jul/2021:09:21:28 +0800] "GET /xingrg/kc/buy/cgsh_order_operate.html?command=get_materiel&rest_code=00146&code=00101008141&supplier_code=00100005&order_time=2021-07-30 HTTP/1.1" 200 412
222.69.128.39 - - [30/Jul/2021:09:21:43 +0800] "GET /xingrg/all/function/internal_message.html?_=1627608099866&CODE_STATE=getMsg HTTP/1.1" 200 27
222.69.128.39 - - [30/Jul/2021:09:21:43 +0800] "GET /xingrg/check_reg.html?_=1627608099868 HTTP/1.1" 200 22
180.169.147.146 - - [30/Jul/2021:09:21:43 +0800] "GET /xingrg/all/function/internal_message.html?_=1627608102684&CODE_STATE=getMsg HTTP/1.1" 200 27
180.156.224.123 - - [30/Jul/2021:09:21:44 +0800] "GET /xingrg/kc/buy/cgsh_order_operate.html?command=get_materiel&rest_code=00150&code=00101006111&supplier_code=00100096&order_time=2021-07-30 HTTP/1.1" 200 408
222.70.246.151 - - [30/Jul/2021:09:21:44 +0800] "GET /xingrg/kc/buy/cgsh_order_operate.html?command=get_materiel&rest_code=00146&code=00101008361&supplier_code=00100005&order_time=2021-07-30 HTTP/1.1" 200 408
180.156.224.123 - - [30/Jul/2021:09:21:44 +0800] "POST /xingrg/kc/buy/cgsh_order_operate.html HTTP/1.1" 200 37
180.156.224.123 - - [30/Jul/2021:09:21:47 +0800] "POST /xingrg/kc/buy/cgsh_order_operate.html HTTP/1.1" 200 29298
116.230.110.80 - - [30/Jul/2021:09:21:47 +0800] "GET /xingrg/all/function/internal_message.html?_=1627608088847&CODE_STATE=getMsg HTTP/1.1" 200 27
180.169.147.146 - - [30/Jul/2021:09:21:48 +0800] "GET /xingrg/all/function/internal_message.html?_=1627608098622&CODE_STATE=getMsg HTTP/1.1" 200 27
180.169.147.146 - - [30/Jul/2021:09:21:50 +0800] "GET /favicon.ico HTTP/1.1" 404 -
172.20.0.100 - - [30/Jul/2021:09:21:50 +0800] "GET /favicon.ico HTTP/1.1" 404 -
222.70.176.145 - - [30/Jul/2021:09:21:51 +0800] "GET /xingrg/kc/buy/cgsh_order_operate.html?command=get_materiel&rest_code=00111&code=00101008150&supplier_code=00100005&order_time=2021-07-30 HTTP/1.1" 200 409
180.156.224.123 - - [30/Jul/2021:09:21:51 +0800] "POST /xingrg/all/user/operate.html HTTP/1.1" 200 36
180.169.147.146 - - [30/Jul/2021:09:21:52 +0800] "GET /xingrg/all/function/internal_message.html?_=1627608109271&CODE_STATE=getMsg HTTP/1.1" 200 27
180.156.224.123 - - [30/Jul/2021:09:21:52 +0800] "GET /xingrg/javascript/jquery_easy_ui/themes/default/easyui.css HTTP/1.1" 304 -
180.156.224.123 - - [30/Jul/2021:09:21:52 +0800] "GET /xingrg/index.html?sysBaseUrl=http%3A%2F%2F180.169.147.146%3A18081%2Fxingrg%2F&costTime=40×tamp=1627433979677 HTTP/1.1" 200 17177
180.156.224.123 - - [30/Jul/2021:09:21:52 +0800] "GET /xingrg/javascript/jquery_easy_ui/themes/icon.css HTTP/1.1" 304 -
180.156.224.123 - - [30/Jul/2021:09:21:52 +0800] "GET /xingrg/css/form.css HTTP/1.1" 304 -
180.156.224.123 - - [30/Jul/2021:09:21:52 +0800] "GET /xingrg/javascript/jquery-1.4.2.min.js HTTP/1.1" 304 -
180.156.224.123 - - [30/Jul/2021:09:21:52 +0800] "GET /xingrg/javascript/jquery_easy_ui/jquery.easyui.min.js HTTP/1.1" 304 -
180.156.224.123 - - [30/Jul/2021:09:21:52 +0800] "GET /xingrg/javascript/jquery_easy_ui/easyui-lang-zh_CN.js HTTP/1.1" 304 -
180.156.224.123 - - [30/Jul/2021:09:21:52 +0800] "GET /xingrg/javascript/jquery.form.js HTTP/1.1" 304 -
180.156.224.123 - - [30/Jul/2021:09:21:52 +0800] "GET /xingrg/javascript/jquery.utils.js HTTP/1.1" 304 -
180.156.224.123 - - [30/Jul/2021:09:21:52 +0800] "GET /xingrg/javascript/jquery.timers.js HTTP/1.1" 304 -
180.156.224.123 - - [30/Jul/2021:09:21:52 +0800] "GET /xingrg/images/blue/jxLogo.png HTTP/1.1" 304 -
180.156.224.123 - - [30/Jul/2021:09:21:52 +0800] "GET /xingrg/images/blue/navBackgound.jpg HTTP/1.1" 304 -
180.156.224.123 - - [30/Jul/2021:09:21:52 +0800] "GET /xingrg/javascript/jquery_easy_ui/themes/icons/settle_new.png HTTP/1.1" 304 -
180.156.224.123 - - [30/Jul/2021:09:21:52 +0800] "GET /xingrg/images/blue/pingpu.png HTTP/1.1" 304 -
180.156.224.123 - - [30/Jul/2021:09:21:52 +0800] "GET /xingrg/javascript/jquery_easy_ui/themes/default/images/tabs_leftarrow.png HTTP/1.1" 304 -
180.156.224.123 - - [30/Jul/2021:09:21:52 +0800] "GET /xingrg/javascript/jquery_easy_ui/themes/default/images/tabs_rightarrow.png HTTP/1.1" 304 -
180.156.224.123 - - [30/Jul/2021:09:21:52 +0800] "GET /xingrg/javascript/jquery_easy_ui/themes/default/images/panel_tool_collapse.gif HTTP/1.1" 304 -
180.156.224.123 - - [30/Jul/2021:09:21:52 +0800] "GET /xingrg/check_reg.html?_=1627608071712 HTTP/1.1" 200 22
180.156.224.123 - - [30/Jul/2021:09:21:52 +0800] "GET /xingrg/all/function/internal_message.html?_=1627608071711&CODE_STATE=count HTTP/1.1" 200 11
180.156.224.123 - - [30/Jul/2021:09:21:52 +0800] "POST /xingrg/all/common/load_tree.html?tree=area_rest_tree_json&manage=1 HTTP/1.1" 200 476
180.156.224.123 - - [30/Jul/2021:09:21:53 +0800] "POST /xingrg/load_menu.html HTTP/1.1" 200 5138
101.85.94.150 - - [30/Jul/2021:09:21:55 +0800] "GET /xingrg/all/function/internal_message.html?_=1627608097589&CODE_STATE=getMsg HTTP/1.1" 200 27
180.169.147.146 - - [30/Jul/2021:09:21:55 +0800] "GET /xingrg/all/function/internal_message.html?_=1627608113488&CODE_STATE=getMsg HTTP/1.1" 302 -
180.156.224.123 - - [30/Jul/2021:09:21:57 +0800] "GET /xingrg/all/function/internal_message.html?_=1627608113543&CODE_STATE=getMsg HTTP/1.1" 200 27
180.169.147.146 - - [30/Jul/2021:09:21:57 +0800] "GET /xingrg/all/function/internal_message.html?_=1627608114189&CODE_STATE=getMsg HTTP/1.1" 200 27
222.70.176.145 - - [30/Jul/2021:09:21:59 +0800] "GET /xingrg/kc/buy/cgsh_order_operate.html?command=get_materiel&rest_code=00111&code=00101013165&supplier_code=00100005&order_time=2021-07-30 HTTP/1.1" 200 409
222.70.176.145 - - [30/Jul/2021:09:22:01 +0800] "GET /xingrg/check_reg.html?_=1627608152980 HTTP/1.1" 302 -
222.70.176.145 - - [30/Jul/2021:09:22:01 +0800] "GET /xingrg/all/function/internal_message.html?_=1627608152982&CODE_STATE=getMsg HTTP/1.1" 302 -
222.70.246.151 - - [30/Jul/2021:09:22:04 +0800] "GET /xingrg/kc/buy/cgsh_order_operate.html?command=get_materiel&rest_code=00146&code=00101008148&supplier_code=00100005&order_time=2021-07-30 HTTP/1.1" 200 416
101.83.145.79 - - [30/Jul/2021:09:22:05 +0800] "GET /xingrg/kc/buy/cgsh_order_add.html HTTP/1.1" 200 62925
101.83.145.79 - - [30/Jul/2021:09:22:05 +0800] "GET /xingrg/javascript/easyui/themes/default/validatebox.css HTTP/1.1" 404 1104
101.83.145.79 - - [30/Jul/2021:09:22:05 +0800] "POST /xingrg/kc/buy/cgsh_order_operate.html HTTP/1.1" 200 8245
180.169.147.146 - - [30/Jul/2021:09:22:06 +0800] "GET /xingrg/all/function/internal_message.html?_=1627608130666&CODE_STATE=getMsg HTTP/1.1" 200 27
180.169.147.146 - - [30/Jul/2021:09:22:06 +0800] "GET /xingrg/check_reg.html?_=1627608130668 HTTP/1.1" 200 22
222.70.176.145 - - [30/Jul/2021:09:22:08 +0800] "GET /xingrg/kc/buy/cgsh_order_operate.html?command=get_materiel&rest_code=00111&code=00101008558&supplier_code=00100005&order_time=2021-07-30 HTTP/1.1" 200 395
120.253.135.82 - - [30/Jul/2021:09:22:10 +0800] "GET /xingrg/all/function/internal_message.html?_=1627607906580&CODE_STATE=getMsg HTTP/1.1" 200 27
222.70.176.145 - - [30/Jul/2021:09:22:13 +0800] "GET /xingrg/all/function/internal_message.html?_=1627608040623&CODE_STATE=getMsg HTTP/1.1" 302 -
180.156.224.123 - - [30/Jul/2021:09:22:13 +0800] "GET /xingrg/kc/buy/cgsh_order_operate.html?command=get_materiel&rest_code=00150&code=00101006006&supplier_code=00100096&order_time=2021-07-30 HTTP/1.1" 200 408
101.93.222.235 - - [30/Jul/2021:09:22:13 +0800] "POST /xingrg/services/DataTransmitService HTTP/1.1" 200 524
222.70.246.151 - - [30/Jul/2021:09:22:13 +0800] "POST /xingrg/services/DataTransmitService HTTP/1.1" 200 519
222.69.128.39 - - [30/Jul/2021:09:22:13 +0800] "POST /xingrg/services/DataTransmitService HTTP/1.1" 200 501
222.70.246.151 - - [30/Jul/2021:09:22:15 +0800] "GET /xingrg/kc/buy/cgsh_order_operate.html?command=get_materiel&rest_code=00146&code=00101008004&supplier_code=00100005&order_time=2021-07-30 HTTP/1.1" 200 416
116.232.50.204 - - [30/Jul/2021:09:22:17 +0800] "GET /xingrg/all/function/internal_message.html?_=1627608145096&CODE_STATE=getMsg HTTP/1.1" 200 27
120.253.135.82 - - [30/Jul/2021:09:22:17 +0800] "GET /xingrg/all/function/internal_message.html?_=1627608260057&CODE_STATE=getMsg HTTP/1.1" 200 27
120.253.135.82 - - [30/Jul/2021:09:22:18 +0800] "GET /xingrg/kc/pszx/mdqp_order_list.html?state=10 HTTP/1.1" 200 10213
120.253.135.82 - - [30/Jul/2021:09:22:18 +0800] "GET /xingrg/dwr/interface/AjaxReportQueryService.js HTTP/1.1" 200 13203
120.253.135.82 - - [30/Jul/2021:09:22:18 +0800] "GET /xingrg/dwr/interface/AjaxQqpsService.js HTTP/1.1" 200 16326
120.253.135.82 - - [30/Jul/2021:09:22:18 +0800] "GET /xingrg/dwr/engine.js HTTP/1.1" 200 43631
120.253.135.82 - - [30/Jul/2021:09:22:21 +0800] "GET /xingrg/kc/pszx/mdps_order_list.html?orderType=0 HTTP/1.1" 200 21004
222.70.176.145 - - [30/Jul/2021:09:22:21 +0800] "POST /xingrg/kc/buy/cgsh_order_operate.html HTTP/1.1" 200 2065
120.253.135.82 - - [30/Jul/2021:09:22:21 +0800] "POST /xingrg/kc/pszx/mdps_list_operate.html HTTP/1.1" 200 5157
222.70.246.151 - - [30/Jul/2021:09:22:23 +0800] "GET /xingrg/all/function/internal_message.html?_=1627608144325&CODE_STATE=getMsg HTTP/1.1" 200 27
180.174.197.120 - - [30/Jul/2021:09:22:23 +0800] "GET /favicon.ico HTTP/1.1" 404 -
58.40.7.146 - - [30/Jul/2021:09:22:23 +0800] "GET /xingrg/all/function/internal_message.html?_=1627608140016&CODE_STATE=getMsg HTTP/1.1" 200 27
222.70.176.145 - - [30/Jul/2021:09:22:23 +0800] "GET /xingrg/all/function/internal_message.html?_=1627608137152&CODE_STATE=getMsg HTTP/1.1" 200 27
180.174.197.120 - - [30/Jul/2021:09:22:23 +0800] "GET /favicon.ico HTTP/1.1" 404 -
101.83.145.79 - - [30/Jul/2021:09:22:24 +0800] "GET /xingrg/all/function/internal_message.html?_=1627608142253&CODE_STATE=getMsg HTTP/1.1" 200 27
180.174.197.120 - - [30/Jul/2021:09:22:24 +0800] "GET /favicon.ico HTTP/1.1" 404 -
222.70.246.151 - - [30/Jul/2021:09:22:24 +0800] "GET /xingrg/kc/buy/cgsh_order_operate.html?command=get_materiel&rest_code=00146&code=00101008264&supplier_code=00100005&order_time=2021-07-30 HTTP/1.1" 200 412
180.174.197.120 - - [30/Jul/2021:09:22:25 +0800] "GET /xingrg/login.html HTTP/1.1" 200 7641
180.174.197.120 - - [30/Jul/2021:09:22:25 +0800] "GET /xingrg/images/blue/jxLogo.png HTTP/1.1" 304 -
180.174.197.120 - - [30/Jul/2021:09:22:26 +0800] "GET /xingrg/images/blue/login_bg.png HTTP/1.1" 304 -
180.174.197.120 - - [30/Jul/2021:09:22:26 +0800] "GET /xingrg/images/blue/srbg.png HTTP/1.1" 304 -
180.174.197.120 - - [30/Jul/2021:09:22:26 +0800] "GET /xingrg/images/blue/hj.png HTTP/1.1" 304 -
180.174.197.120 - - [30/Jul/2021:09:22:26 +0800] "GET /favicon.ico HTTP/1.1" 404 -
120.253.135.82 - - [30/Jul/2021:09:22:28 +0800] "POST /xingrg/kc/pszx/mdps_list_operate.html HTTP/1.1" 200 4466
222.70.246.151 - - [30/Jul/2021:09:22:29 +0800] "POST /xingrg/services/DataTransmitService HTTP/1.1" 401 565
222.70.246.151 - - [30/Jul/2021:09:22:29 +0800] "POST /xingrg/services/DataTransmitService HTTP/1.1" 200 478
222.70.246.151 - - [30/Jul/2021:09:22:29 +0800] "POST /xingrg/services/DataTransmitService HTTP/1.1" 200 1320
222.70.246.151 - - [30/Jul/2021:09:22:29 +0800] "POST /xingrg/services/DataTransmitService HTTP/1.1" 200 478
222.70.246.151 - - [30/Jul/2021:09:22:29 +0800] "POST /xingrg/services/DataTransmitService HTTP/1.1" 200 1320
180.156.224.123 - - [30/Jul/2021:09:22:29 +0800] "GET /xingrg/kc/buy/cgsh_order_operate.html?command=get_materiel&rest_code=00150&code=00101007061&supplier_code=00100096&order_time=2021-07-30 HTTP/1.1" 200 410
180.174.197.120 - - [30/Jul/2021:09:22:31 +0800] "POST /xingrg/login.do HTTP/1.1" 302 -
180.174.197.120 - - [30/Jul/2021:09:22:31 +0800] "GET /xingrg/javascript/jquery_easy_ui/themes/default/easyui.css HTTP/1.1" 304 -
180.174.197.120 - - [30/Jul/2021:09:22:31 +0800] "GET /xingrg/javascript/jquery_easy_ui/themes/icon.css HTTP/1.1" 304 -
180.174.197.120 - - [30/Jul/2021:09:22:31 +0800] "GET /xingrg/index.html?sysBaseUrl=http%3A%2F%2F180.169.147.146%3A18081%2Fxingrg%2F&costTime=201×tamp=1627608151783 HTTP/1.1" 200 17173
180.174.197.120 - - [30/Jul/2021:09:22:31 +0800] "GET /xingrg/javascript/jquery-1.4.2.min.js HTTP/1.1" 304 -
180.174.197.120 - - [30/Jul/2021:09:22:31 +0800] "GET /xingrg/javascript/jquery_easy_ui/jquery.easyui.min.js HTTP/1.1" 304 -
180.174.197.120 - - [30/Jul/2021:09:22:31 +0800] "GET /xingrg/javascript/jquery.form.js HTTP/1.1" 304 -
180.174.197.120 - - [30/Jul/2021:09:22:31 +0800] "GET /xingrg/css/form.css HTTP/1.1" 304 -
180.174.197.120 - - [30/Jul/2021:09:22:31 +0800] "GET /xingrg/javascript/jquery.utils.js HTTP/1.1" 304 -
180.174.197.120 - - [30/Jul/2021:09:22:31 +0800] "GET /xingrg/javascript/jquery.timers.js HTTP/1.1" 304 -
180.174.197.120 - - [30/Jul/2021:09:22:31 +0800] "GET /xingrg/javascript/jquery_easy_ui/easyui-lang-zh_CN.js HTTP/1.1" 304 -
180.174.197.120 - - [30/Jul/2021:09:22:31 +0800] "GET /xingrg/images/blue/navBackgound.jpg HTTP/1.1" 304 -
180.174.197.120 - - [30/Jul/2021:09:22:31 +0800] "GET /xingrg/javascript/jquery_easy_ui/themes/icons/settle_new.png HTTP/1.1" 304 -
222.70.176.145 - - [30/Jul/2021:09:22:32 +0800] "GET /xingrg/kc/buy/cgsh_order_operate.html?command=get_materiel&rest_code=00111&code=00101008098&supplier_code=00100005&order_time=2021-07-30 HTTP/1.1" 200 412
180.174.197.120 - - [30/Jul/2021:09:22:32 +0800] "POST /xingrg/all/common/load_tree.html?tree=area_rest_tree_json&manage=1 HTTP/1.1" 200 342
180.174.197.120 - - [30/Jul/2021:09:22:32 +0800] "GET /xingrg/images/blue/pingpu.png HTTP/1.1" 304 -
180.174.197.120 - - [30/Jul/2021:09:22:32 +0800] "GET /xingrg/javascript/jquery_easy_ui/themes/default/images/tabs_leftarrow.png HTTP/1.1" 304 -
180.174.197.120 - - [30/Jul/2021:09:22:32 +0800] "GET /xingrg/javascript/jquery_easy_ui/themes/default/images/tabs_rightarrow.png HTTP/1.1" 304 -
180.174.197.120 - - [30/Jul/2021:09:22:32 +0800] "GET /xingrg/javascript/jquery_easy_ui/themes/default/images/panel_tool_collapse.gif HTTP/1.1" 304 -
180.174.197.120 - - [30/Jul/2021:09:22:32 +0800] "GET /xingrg/check_reg.html?_=1627608121474 HTTP/1.1" 200 22
180.174.197.120 - - [30/Jul/2021:09:22:32 +0800] "GET /xingrg/all/function/internal_message.html?_=1627608121472&CODE_STATE=count HTTP/1.1" 200 11
180.174.197.120 - - [30/Jul/2021:09:22:32 +0800] "GET /favicon.ico HTTP/1.1" 404 -
180.174.197.120 - - [30/Jul/2021:09:22:32 +0800] "GET /xingrg/javascript/jquery_easy_ui/themes/default/images/tree_arrows.gif HTTP/1.1" 304 -
180.174.197.120 - - [30/Jul/2021:09:22:32 +0800] "POST /xingrg/load_menu.html HTTP/1.1" 200 5138
180.174.197.120 - - [30/Jul/2021:09:22:33 +0800] "GET /xingrg/javascript/jquery_easy_ui/themes/icons/search_new.png HTTP/1.1" 304 -
180.174.197.120 - - [30/Jul/2021:09:22:33 +0800] "GET /xingrg/javascript/jquery_easy_ui/themes/default/images/tree_folder_open.gif HTTP/1.1" 304 -
180.174.197.120 - - [30/Jul/2021:09:22:33 +0800] "GET /xingrg/javascript/jquery_easy_ui/themes/default/images/tree_folder.gif HTTP/1.1" 304 -
180.174.197.120 - - [30/Jul/2021:09:22:33 +0800] "GET /xingrg/javascript/jquery_easy_ui/themes/icons/storage_new.png HTTP/1.1" 304 -
180.174.197.120 - - [30/Jul/2021:09:22:33 +0800] "GET /xingrg/javascript/jquery_easy_ui/themes/icons/forms_new.png HTTP/1.1" 304 -
180.174.197.120 - - [30/Jul/2021:09:22:33 +0800] "GET /xingrg/javascript/jquery_easy_ui/themes/default/images/tree_file.gif HTTP/1.1" 304 -
222.70.246.151 - - [30/Jul/2021:09:22:34 +0800] "POST /xingrg/services/DataTransmitService HTTP/1.1" 200 524
222.69.128.39 - - [30/Jul/2021:09:22:34 +0800] "POST /xingrg/services/DataTransmitService HTTP/1.1" 200 501
222.70.246.151 - - [30/Jul/2021:09:22:35 +0800] "POST /xingrg/services/DataTransmitService HTTP/1.1" 200 2171
120.253.135.82 - - [30/Jul/2021:09:22:35 +0800] "POST /xingrg/kc/pszx/mdps_list_operate.html HTTP/1.1" 200 5157
222.70.246.151 - - [30/Jul/2021:09:22:35 +0800] "GET /xingrg/kc/buy/cgsh_order_operate.html?command=get_materiel&rest_code=00146&code=00101008356&supplier_code=00100005&order_time=2021-07-30 HTTP/1.1" 200 409
222.69.128.39 - - [30/Jul/2021:09:22:36 +0800] "POST /xingrg/services/DataTransmitService HTTP/1.1" 200 501
222.70.246.151 - - [30/Jul/2021:09:22:39 +0800] "GET /xingrg/check_reg.html?_=1627608160629 HTTP/1.1" 200 22
222.70.176.145 - - [30/Jul/2021:09:22:41 +0800] "GET /xingrg/kc/buy/cgsh_order_operate.html?command=get_materiel&rest_code=00111&code=00101008114&supplier_code=00100005&order_time=2021-07-30 HTTP/1.1" 200 412
120.253.135.82 - - [30/Jul/2021:09:22:41 +0800] "POST /xingrg/kc/pszx/mdps_list_operate.html HTTP/1.1" 200 4466
222.69.128.39 - - [30/Jul/2021:09:22:43 +0800] "GET /xingrg/all/function/internal_message.html?_=1627608159867&CODE_STATE=getMsg HTTP/1.1" 200 27
180.169.147.146 - - [30/Jul/2021:09:22:43 +0800] "GET /xingrg/check_reg.html?_=1627608162692 HTTP/1.1" 200 22
180.169.147.146 - - [30/Jul/2021:09:22:43 +0800] "GET /xingrg/all/function/internal_message.html?_=1627608162686&CODE_STATE=getMsg HTTP/1.1" 200 27
180.156.224.123 - - [30/Jul/2021:09:22:44 +0800] "GET /xingrg/kc/buy/cgsh_order_operate.html?command=get_materiel&rest_code=00150&code=00101007049&supplier_code=00100096&order_time=2021-07-30 HTTP/1.1" 200 409
222.70.246.151 - - [30/Jul/2021:09:22:45 +0800] "POST /xingrg/services/DataTransmitService HTTP/1.1" 200 158535
120.253.135.82 - - [30/Jul/2021:09:22:46 +0800] "POST /xingrg/kc/pszx/mdps_list_operate.html HTTP/1.1" 200 5157
116.230.110.80 - - [30/Jul/2021:09:22:47 +0800] "GET /xingrg/all/function/internal_message.html?_=1627608148855&CODE_STATE=getMsg HTTP/1.1" 200 27
222.70.246.151 - - [30/Jul/2021:09:22:47 +0800] "POST /xingrg/kc/buy/cgsh_order_operate.html HTTP/1.1" 200 2065
180.169.147.146 - - [30/Jul/2021:09:22:48 +0800] "GET /xingrg/all/function/internal_message.html?_=1627608158595&CODE_STATE=getMsg HTTP/1.1" 200 27
101.83.145.79 - - [30/Jul/2021:09:22:51 +0800] "GET /xingrg/kc/buy/cgsh_order_operate.html?command=get_materiel&rest_code=00105&code=00101007048&supplier_code=00100002&order_time=2021-07-30 HTTP/1.1" 200 408
222.70.176.145 - - [30/Jul/2021:09:22:52 +0800] "GET /xingrg/kc/buy/cgsh_order_operate.html?command=get_materiel&rest_code=00111&code=00101008095&supplier_code=00100005&order_time=2021-07-30 HTTP/1.1" 200 412
180.169.147.146 - - [30/Jul/2021:09:22:52 +0800] "GET /xingrg/all/function/internal_message.html?_=1627608169287&CODE_STATE=getMsg HTTP/1.1" 200 27
180.156.224.123 - - [30/Jul/2021:09:22:52 +0800] "GET /xingrg/kc/buy/cgsh_order_operate.html?command=get_materiel&rest_code=00150&code=00101007059&supplier_code=00100096&order_time=2021-07-30 HTTP/1.1" 200 411
180.156.224.123 - - [30/Jul/2021:09:22:53 +0800] "GET /xingrg/all/function/internal_message.html?_=1627608131715&CODE_STATE=getMsg HTTP/1.1" 200 27
101.85.94.150 - - [30/Jul/2021:09:22:55 +0800] "GET /xingrg/all/function/internal_message.html?_=1627608157592&CODE_STATE=getMsg HTTP/1.1" 200 27
180.169.147.146 - - [30/Jul/2021:09:22:55 +0800] "GET /xingrg/all/function/internal_message.html?_=1627608173462&CODE_STATE=getMsg HTTP/1.1" 302 -
222.70.246.151 - - [30/Jul/2021:09:22:56 +0800] "GET /xingrg/kc/buy/cgsh_order_operate.html?command=get_materiel&rest_code=00146&code=00101008196&supplier_code=00100005&order_time=2021-07-30 HTTP/1.1" 200 416
180.156.224.123 - - [30/Jul/2021:09:22:57 +0800] "GET /xingrg/all/function/internal_message.html?_=1627608173522&CODE_STATE=getMsg HTTP/1.1" 200 27
180.169.147.146 - - [30/Jul/2021:09:22:57 +0800] "GET /xingrg/all/function/internal_message.html?_=1627608174201&CODE_STATE=getMsg HTTP/1.1" 200 27
222.70.176.145 - - [30/Jul/2021:09:23:01 +0800] "GET /xingrg/all/function/internal_message.html?_=1627608212980&CODE_STATE=getMsg HTTP/1.1" 302 -
180.169.147.146 - - [30/Jul/2021:09:23:06 +0800] "GET /xingrg/all/function/internal_message.html?_=1627608190690&CODE_STATE=getMsg HTTP/1.1" 200 27
222.70.246.151 - - [30/Jul/2021:09:23:08 +0800] "GET /xingrg/kc/buy/cgsh_order_operate.html?command=get_materiel&rest_code=00146&code=00101008197&supplier_code=00100005&order_time=2021-07-30 HTTP/1.1" 200 416
120.253.135.82 - - [30/Jul/2021:09:23:10 +0800] "GET /xingrg/check_reg.html?_=1627607966538 HTTP/1.1" 200 22
120.253.135.82 - - [30/Jul/2021:09:23:10 +0800] "GET /xingrg/all/function/internal_message.html?_=1627607966591&CODE_STATE=getMsg HTTP/1.1" 200 27
180.156.224.123 - - [30/Jul/2021:09:23:10 +0800] "GET /xingrg/kc/buy/cgsh_order_operate.html?command=get_materiel&rest_code=00150&code=00101007077&supplier_code=00100096&order_time=2021-07-30 HTTP/1.1" 200 415
222.70.176.145 - - [30/Jul/2021:09:23:13 +0800] "GET /xingrg/all/function/internal_message.html?_=1627608100636&CODE_STATE=getMsg HTTP/1.1" 302 -
116.232.50.204 - - [30/Jul/2021:09:23:17 +0800] "GET /xingrg/all/function/internal_message.html?_=1627608205100&CODE_STATE=getMsg HTTP/1.1" 200 27
120.253.135.82 - - [30/Jul/2021:09:23:17 +0800] "GET /xingrg/all/function/internal_message.html?_=1627608320070&CODE_STATE=getMsg HTTP/1.1" 200 27
222.70.246.151 - - [30/Jul/2021:09:23:18 +0800] "GET /xingrg/kc/buy/cgsh_order_operate.html?command=get_materiel&rest_code=00146&code=00101008033&supplier_code=00100005&order_time=2021-07-30 HTTP/1.1" 200 408
222.70.246.151 - - [30/Jul/2021:09:23:23 +0800] "GET /xingrg/all/function/internal_message.html?_=1627608204338&CODE_STATE=getMsg HTTP/1.1" 200 27
222.70.176.145 - - [30/Jul/2021:09:23:23 +0800] "POST /xingrg/kc/buy/cgsh_order_operate.html HTTP/1.1" 200 37
58.40.7.146 - - [30/Jul/2021:09:23:23 +0800] "GET /xingrg/all/function/internal_message.html?_=1627608200013&CODE_STATE=getMsg HTTP/1.1" 200 27
101.83.145.79 - - [30/Jul/2021:09:23:24 +0800] "GET /xingrg/all/function/internal_message.html?_=1627608202098&CODE_STATE=getMsg HTTP/1.1" 200 27
222.70.176.145 - - [30/Jul/2021:09:23:25 +0800] "POST /xingrg/kc/buy/cgsh_order_operate.html HTTP/1.1" 200 42259
222.70.176.145 - - [30/Jul/2021:09:23:30 +0800] "GET /xingrg/kc/print/load_data.html?order_code=212021073013458&kc_code=cgsh&condition= HTTP/1.1" 200 15658
180.174.197.120 - - [30/Jul/2021:09:23:32 +0800] "GET /xingrg/all/function/internal_message.html?_=1627608181482&CODE_STATE=getMsg HTTP/1.1" 200 27
222.70.246.151 - - [30/Jul/2021:09:23:32 +0800] "POST /xingrg/services/DataTransmitService HTTP/1.1" 200 45454
222.70.246.151 - - [30/Jul/2021:09:23:33 +0800] "POST /xingrg/services/DataTransmitService HTTP/1.1" 200 19237
222.69.128.39 - - [30/Jul/2021:09:23:43 +0800] "GET /xingrg/all/function/internal_message.html?_=1627608219865&CODE_STATE=getMsg HTTP/1.1" 200 27
180.169.147.146 - - [30/Jul/2021:09:23:43 +0800] "GET /xingrg/all/function/internal_message.html?_=1627608222677&CODE_STATE=getMsg HTTP/1.1" 200 27
222.69.128.39 - - [30/Jul/2021:09:23:43 +0800] "POST /xingrg/services/DataTransmitService HTTP/1.1" 200 501
180.156.224.123 - - [30/Jul/2021:09:23:45 +0800] "POST /xingrg/kc/buy/cgsh_order_operate.html HTTP/1.1" 200 37
116.230.110.80 - - [30/Jul/2021:09:23:47 +0800] "GET /xingrg/all/function/internal_message.html?_=1627608208865&CODE_STATE=getMsg HTTP/1.1" 200 27
180.169.147.146 - - [30/Jul/2021:09:23:48 +0800] "GET /xingrg/all/function/internal_message.html?_=1627608218572&CODE_STATE=getMsg HTTP/1.1" 200 27
180.156.224.123 - - [30/Jul/2021:09:23:51 +0800] "POST /xingrg/kc/buy/cgsh_order_operate.html HTTP/1.1" 200 12
180.169.147.146 - - [30/Jul/2021:09:23:52 +0800] "GET /xingrg/all/function/internal_message.html?_=1627608229272&CODE_STATE=getMsg HTTP/1.1" 200 27
101.83.145.79 - - [30/Jul/2021:09:23:52 +0800] "GET /xingrg/kc/buy/cgsh_order_operate.html?command=get_materiel&rest_code=00105&code=00101007081&supplier_code=00100002&order_time=2021-07-30 HTTP/1.1" 200 413
180.156.224.123 - - [30/Jul/2021:09:23:52 +0800] "GET /xingrg/kc/buy/cgsh_order_info.html?code=212021073013459 HTTP/1.1" 200 57701
180.156.224.123 - - [30/Jul/2021:09:23:53 +0800] "GET /xingrg/all/function/internal_message.html?_=1627608191728&CODE_STATE=getMsg HTTP/1.1" 200 27
180.156.224.123 - - [30/Jul/2021:09:23:53 +0800] "GET /xingrg/javascript/easyui/themes/default/validatebox.css HTTP/1.1" 404 1104
180.156.224.123 - - [30/Jul/2021:09:23:54 +0800] "POST /xingrg/kc/buy/cgsh_order_operate.html HTTP/1.1" 200 8940
222.70.246.151 - - [30/Jul/2021:09:23:54 +0800] "POST /xingrg/services/DataTransmitService HTTP/1.1" 200 524
222.69.128.39 - - [30/Jul/2021:09:23:54 +0800] "POST /xingrg/services/DataTransmitService HTTP/1.1" 200 501
180.156.224.123 - - [30/Jul/2021:09:23:55 +0800] "GET /xingrg/kc/print/load_config.html?kc_code=cgsh HTTP/1.1" 200 1845
180.156.224.123 - - [30/Jul/2021:09:23:55 +0800] "GET /xingrg/kc/print/load_data.html?order_code=212021073013459&kc_code=cgsh&condition= HTTP/1.1" 200 3848
101.85.94.150 - - [30/Jul/2021:09:23:55 +0800] "GET /xingrg/check_reg.html?_=1627608217587 HTTP/1.1" 200 22
101.85.94.150 - - [30/Jul/2021:09:23:55 +0800] "GET /xingrg/all/function/internal_message.html?_=1627608217590&CODE_STATE=getMsg HTTP/1.1" 200 27
180.169.147.146 - - [30/Jul/2021:09:23:55 +0800] "GET /xingrg/all/function/internal_message.html?_=1627608233434&CODE_STATE=getMsg HTTP/1.1" 302 -
180.169.147.146 - - [30/Jul/2021:09:23:56 +0800] "GET /xingrg/check_reg.html?_=1627608234047 HTTP/1.1" 302 -
180.156.224.123 - - [30/Jul/2021:09:23:57 +0800] "GET /xingrg/all/function/internal_message.html?_=1627608233530&CODE_STATE=getMsg HTTP/1.1" 200 27
180.169.147.146 - - [30/Jul/2021:09:23:57 +0800] "GET /xingrg/check_reg.html?_=1627608234192 HTTP/1.1" 200 22
180.169.147.146 - - [30/Jul/2021:09:23:57 +0800] "GET /xingrg/all/function/internal_message.html?_=1627608234194&CODE_STATE=getMsg HTTP/1.1" 200 27
222.70.176.145 - - [30/Jul/2021:09:24:01 +0800] "GET /xingrg/all/function/internal_message.html?_=1627608272980&CODE_STATE=getMsg HTTP/1.1" 302 -
222.70.246.151 - - [30/Jul/2021:09:24:01 +0800] "GET /xingrg/kc/buy/cgsh_order_operate.html?command=get_materiel&rest_code=00146&code=00101008357&supplier_code=00100005&order_time=2021-07-30 HTTP/1.1" 200 408
222.69.128.39 - - [30/Jul/2021:09:24:05 +0800] "POST /xingrg/services/DataTransmitService HTTP/1.1" 200 501
180.156.224.123 - - [30/Jul/2021:09:24:05 +0800] "GET /xingrg/kc/buy/cgsh_order_add.html HTTP/1.1" 200 62802
180.156.224.123 - - [30/Jul/2021:09:24:06 +0800] "POST /xingrg/kc/buy/cgsh_order_operate.html HTTP/1.1" 200 8245
180.156.224.123 - - [30/Jul/2021:09:24:06 +0800] "GET /xingrg/javascript/easyui/themes/default/validatebox.css HTTP/1.1" 404 1104
180.169.147.146 - - [30/Jul/2021:09:24:06 +0800] "GET /xingrg/all/function/internal_message.html?_=1627608250690&CODE_STATE=getMsg HTTP/1.1" 200 27
101.83.145.79 - - [30/Jul/2021:09:24:08 +0800] "POST /xingrg/kc/buy/cgsh_order_operate.html HTTP/1.1" 200 37
120.253.135.82 - - [30/Jul/2021:09:24:10 +0800] "GET /xingrg/all/function/internal_message.html?_=1627608026596&CODE_STATE=getMsg HTTP/1.1" 200 27
101.83.145.79 - - [30/Jul/2021:09:24:10 +0800] "POST /xingrg/kc/buy/cgsh_order_operate.html HTTP/1.1" 200 3830
222.70.246.151 - - [30/Jul/2021:09:24:11 +0800] "GET /xingrg/kc/buy/cgsh_order_operate.html?command=get_materiel&rest_code=00146&code=00101008069&supplier_code=00100005&order_time=2021-07-30 HTTP/1.1" 200 412
101.83.145.79 - - [30/Jul/2021:09:24:12 +0800] "GET /xingrg/kc/print/load_config.html?kc_code=cgsh HTTP/1.1" 200 1845
101.83.145.79 - - [30/Jul/2021:09:24:12 +0800] "GET /xingrg/kc/print/load_data.html?order_code=212021073013460&kc_code=cgsh&condition= HTTP/1.1" 200 1182
222.70.176.145 - - [30/Jul/2021:09:24:13 +0800] "GET /xingrg/all/function/internal_message.html?_=1627608160621&CODE_STATE=getMsg HTTP/1.1" 302 -
222.70.246.151 - - [30/Jul/2021:09:24:14 +0800] "POST /xingrg/kc/buy/cgsh_order_operate.html HTTP/1.1" 200 2065
222.69.128.39 - - [30/Jul/2021:09:24:15 +0800] "POST /xingrg/services/DataTransmitService HTTP/1.1" 200 412
101.83.145.79 - - [30/Jul/2021:09:24:16 +0800] "GET /xingrg/kc/buy/cgsh_order_add.html HTTP/1.1" 200 62925
101.83.145.79 - - [30/Jul/2021:09:24:16 +0800] "GET /xingrg/javascript/easyui/themes/default/validatebox.css HTTP/1.1" 404 1104
101.83.145.79 - - [30/Jul/2021:09:24:16 +0800] "POST /xingrg/kc/buy/cgsh_order_operate.html HTTP/1.1" 200 8245
116.232.50.204 - - [30/Jul/2021:09:24:17 +0800] "GET /xingrg/all/function/internal_message.html?_=1627608265101&CODE_STATE=getMsg HTTP/1.1" 200 27
120.253.135.82 - - [30/Jul/2021:09:24:17 +0800] "GET /xingrg/all/function/internal_message.html?_=1627608380084&CODE_STATE=getMsg HTTP/1.1" 200 27
180.156.224.123 - - [30/Jul/2021:09:24:19 +0800] "GET /xingrg/kc/buy/cgsh_order_operate.html?command=get_materiel&rest_code=00150&code=00101009001&supplier_code=00100424&order_time=2021-07-30 HTTP/1.1" 200 416
222.70.246.151 - - [30/Jul/2021:09:24:20 +0800] "GET /xingrg/kc/buy/cgsh_order_operate.html?command=get_materiel&rest_code=00146&code=00101008006&supplier_code=00100005&order_time=2021-07-30 HTTP/1.1" 200 416
222.70.246.151 - - [30/Jul/2021:09:24:23 +0800] "GET /xingrg/all/function/internal_message.html?_=1627608264404&CODE_STATE=getMsg HTTP/1.1" 200 27
58.40.7.146 - - [30/Jul/2021:09:24:23 +0800] "GET /xingrg/all/function/internal_message.html?_=1627608260016&CODE_STATE=getMsg HTTP/1.1" 200 27
222.70.176.145 - - [30/Jul/2021:09:24:23 +0800] "GET /xingrg/all/function/internal_message.html?_=1627608257165&CODE_STATE=getMsg HTTP/1.1" 200 27
222.70.176.145 - - [30/Jul/2021:09:24:23 +0800] "GET /xingrg/check_reg.html?_=1627608257170 HTTP/1.1" 200 22
101.83.145.79 - - [30/Jul/2021:09:24:24 +0800] "GET /xingrg/all/function/internal_message.html?_=1627608262067&CODE_STATE=getMsg HTTP/1.1" 200 27
101.83.145.79 - - [30/Jul/2021:09:24:30 +0800] "GET /xingrg/kc/buy/cgsh_order_operate.html?command=get_materiel&rest_code=00105&code=00101012026&supplier_code=00100034&order_time=2021-07-30 HTTP/1.1" 200 410
222.70.246.151 - - [30/Jul/2021:09:24:32 +0800] "GET /xingrg/kc/buy/cgsh_order_operate.html?command=get_materiel&rest_code=00146&code=00101008036&supplier_code=00100005&order_time=2021-07-30 HTTP/1.1" 200 408
180.174.197.120 - - [30/Jul/2021:09:24:32 +0800] "GET /xingrg/all/function/internal_message.html?_=1627608241496&CODE_STATE=getMsg HTTP/1.1" 200 27
222.69.128.39 - - [30/Jul/2021:09:24:43 +0800] "GET /xingrg/all/function/internal_message.html?_=1627608279877&CODE_STATE=getMsg HTTP/1.1" 200 27
180.169.147.146 - - [30/Jul/2021:09:24:43 +0800] "GET /xingrg/all/function/internal_message.html?_=1627608282691&CODE_STATE=getMsg HTTP/1.1" 200 27
222.70.246.151 - - [30/Jul/2021:09:24:46 +0800] "GET /xingrg/kc/buy/cgsh_order_operate.html?command=get_materiel&rest_code=00146&code=00101008131&supplier_code=00100005&order_time=2021-07-30 HTTP/1.1" 200 408
116.230.110.80 - - [30/Jul/2021:09:24:47 +0800] "GET /xingrg/check_reg.html?_=1627608268865 HTTP/1.1" 200 22
116.230.110.80 - - [30/Jul/2021:09:24:47 +0800] "GET /xingrg/all/function/internal_message.html?_=1627608268866&CODE_STATE=getMsg HTTP/1.1" 200 27
180.169.147.146 - - [30/Jul/2021:09:24:48 +0800] "GET /xingrg/all/function/internal_message.html?_=1627608278575&CODE_STATE=getMsg HTTP/1.1" 200 27
180.156.224.123 - - [30/Jul/2021:09:24:48 +0800] "GET /xingrg/kc/buy/cgsh_order_operate.html?command=get_materiel&rest_code=00150&code=00101009062&supplier_code=00100424&order_time=2021-07-30 HTTP/1.1" 200 412
180.169.147.146 - - [30/Jul/2021:09:24:52 +0800] "GET /xingrg/all/function/internal_message.html?_=1627608289274&CODE_STATE=getMsg HTTP/1.1" 200 27
180.169.147.146 - - [30/Jul/2021:09:24:52 +0800] "GET /xingrg/check_reg.html?_=1627608289280 HTTP/1.1" 200 22
180.156.224.123 - - [30/Jul/2021:09:24:53 +0800] "GET /xingrg/all/function/internal_message.html?_=1627608251744&CODE_STATE=getMsg HTTP/1.1" 200 27
180.169.147.146 - - [30/Jul/2021:09:24:53 +0800] "GET /xingrg/check_reg.html?_=1627608288504 HTTP/1.1" 302 -
101.85.94.150 - - [30/Jul/2021:09:24:55 +0800] "GET /xingrg/all/function/internal_message.html?_=1627608277595&CODE_STATE=getMsg HTTP/1.1" 200 27
180.169.147.146 - - [30/Jul/2021:09:24:55 +0800] "GET /xingrg/all/function/internal_message.html?_=1627608293411&CODE_STATE=getMsg HTTP/1.1" 302 -
180.156.224.123 - - [30/Jul/2021:09:24:57 +0800] "GET /xingrg/all/function/internal_message.html?_=1627608293512&CODE_STATE=getMsg HTTP/1.1" 200 27
222.70.246.151 - - [30/Jul/2021:09:24:57 +0800] "GET /xingrg/kc/buy/cgsh_order_operate.html?command=get_materiel&rest_code=00146&code=00101008318&supplier_code=00100005&order_time=2021-07-30 HTTP/1.1" 200 408
180.169.147.146 - - [30/Jul/2021:09:24:57 +0800] "GET /xingrg/all/function/internal_message.html?_=1627608294208&CODE_STATE=getMsg HTTP/1.1" 200 27
180.156.224.123 - - [30/Jul/2021:09:24:57 +0800] "GET /xingrg/kc/buy/cgsh_order_operate.html?command=get_materiel&rest_code=00150&code=00101009124&supplier_code=00100424&order_time=2021-07-30 HTTP/1.1" 200 402
222.70.176.145 - - [30/Jul/2021:09:25:01 +0800] "GET /xingrg/all/function/internal_message.html?_=1627608332979&CODE_STATE=getMsg HTTP/1.1" 302 -
101.83.145.79 - - [30/Jul/2021:09:25:05 +0800] "GET /xingrg/kc/buy/cgsh_order_operate.html?command=get_materiel&rest_code=00105&code=00101016100&supplier_code=00100034&order_time=2021-07-30 HTTP/1.1" 200 412
180.156.224.123 - - [30/Jul/2021:09:25:06 +0800] "GET /xingrg/kc/buy/cgsh_order_operate.html?command=get_materiel&rest_code=00150&code=00101009016&supplier_code=00100424&order_time=2021-07-30 HTTP/1.1" 200 412
180.169.147.146 - - [30/Jul/2021:09:25:06 +0800] "GET /xingrg/all/function/internal_message.html?_=1627608310698&CODE_STATE=getMsg HTTP/1.1" 200 27
222.70.246.151 - - [30/Jul/2021:09:25:09 +0800] "GET /xingrg/kc/buy/cgsh_order_operate.html?command=get_materiel&rest_code=00146&code=00101008352&supplier_code=00100005&order_time=2021-07-30 HTTP/1.1" 200 412
120.253.135.82 - - [30/Jul/2021:09:25:10 +0800] "GET /xingrg/all/function/internal_message.html?_=1627608086610&CODE_STATE=getMsg HTTP/1.1" 200 27
180.156.224.123 - - [30/Jul/2021:09:25:11 +0800] "GET /xingrg/check_reg.html?_=1627608307902 HTTP/1.1" 200 22
180.156.224.123 - - [30/Jul/2021:09:25:13 +0800] "GET /xingrg/kc/buy/cgsh_order_operate.html?command=get_materiel&rest_code=00150&code=00101009041&supplier_code=00100424&order_time=2021-07-30 HTTP/1.1" 200 408
180.169.147.146 - - [30/Jul/2021:09:25:13 +0800] "GET /xingrg/check_reg.html?_=1627608303786 HTTP/1.1" 200 22
222.70.176.145 - - [30/Jul/2021:09:25:13 +0800] "GET /xingrg/all/function/internal_message.html?_=1627608220611&CODE_STATE=getMsg HTTP/1.1" 302 -
222.70.176.145 - - [30/Jul/2021:09:25:13 +0800] "GET /xingrg/check_reg.html?_=1627608220613 HTTP/1.1" 302 -
222.70.246.151 - - [30/Jul/2021:09:25:14 +0800] "POST /xingrg/kc/buy/cgsh_order_operate.html HTTP/1.1" 200 2065
116.232.50.204 - - [30/Jul/2021:09:25:17 +0800] "GET /xingrg/all/function/internal_message.html?_=1627608325102&CODE_STATE=getMsg HTTP/1.1" 200 27
116.232.50.204 - - [30/Jul/2021:09:25:17 +0800] "GET /xingrg/check_reg.html?_=1627608325104 HTTP/1.1" 200 22
120.253.135.82 - - [30/Jul/2021:09:25:17 +0800] "GET /xingrg/all/function/internal_message.html?_=1627608440140&CODE_STATE=getMsg HTTP/1.1" 200 27
101.83.145.79 - - [30/Jul/2021:09:25:19 +0800] "GET /xingrg/kc/buy/cgsh_order_operate.html?command=get_materiel&rest_code=00105&code=00101020153&supplier_code=00100034&order_time=2021-07-30 HTTP/1.1" 200 408
222.70.246.151 - - [30/Jul/2021:09:25:23 +0800] "GET /xingrg/all/function/internal_message.html?_=1627608324412&CODE_STATE=getMsg HTTP/1.1" 200 27
58.40.7.146 - - [30/Jul/2021:09:25:23 +0800] "GET /xingrg/all/function/internal_message.html?_=1627608320006&CODE_STATE=getMsg HTTP/1.1" 200 27
222.70.176.145 - - [30/Jul/2021:09:25:23 +0800] "GET /xingrg/all/function/internal_message.html?_=1627608317138&CODE_STATE=getMsg HTTP/1.1" 200 27
101.83.145.79 - - [30/Jul/2021:09:25:24 +0800] "GET /xingrg/all/function/internal_message.html?_=1627608322069&CODE_STATE=getMsg HTTP/1.1" 200 27
180.156.224.123 - - [30/Jul/2021:09:25:25 +0800] "POST /xingrg/kc/buy/cgsh_order_operate.html HTTP/1.1" 200 37
222.70.246.151 - - [30/Jul/2021:09:25:25 +0800] "GET /xingrg/kc/buy/cgsh_order_operate.html?command=get_materiel&rest_code=00146&code=00101015004&supplier_code=00100005&order_time=2021-07-30 HTTP/1.1" 200 409
180.156.224.123 - - [30/Jul/2021:09:25:26 +0800] "POST /xingrg/kc/buy/cgsh_order_operate.html HTTP/1.1" 200 5025
222.70.246.151 - - [30/Jul/2021:09:25:30 +0800] "POST /xingrg/services/DataTransmitService HTTP/1.1" 200 501
222.70.246.151 - - [30/Jul/2021:09:25:31 +0800] "POST /xingrg/services/DataTransmitService HTTP/1.1" 200 501
180.174.197.120 - - [30/Jul/2021:09:25:32 +0800] "GET /xingrg/all/function/internal_message.html?_=1627608301512&CODE_STATE=getMsg HTTP/1.1" 200 27
101.83.145.79 - - [30/Jul/2021:09:25:33 +0800] "GET /xingrg/kc/buy/cgsh_order_operate.html?command=get_materiel&rest_code=00105&code=00101012059&supplier_code=00100034&order_time=2021-07-30 HTTP/1.1" 200 413
222.69.128.39 - - [30/Jul/2021:09:25:43 +0800] "GET /xingrg/all/function/internal_message.html?_=1627608339880&CODE_STATE=getMsg HTTP/1.1" 200 27
222.70.246.151 - - [30/Jul/2021:09:25:43 +0800] "POST /xingrg/services/DataTransmitService HTTP/1.1" 200 501
180.169.147.146 - - [30/Jul/2021:09:25:43 +0800] "GET /xingrg/all/function/internal_message.html?_=1627608342698&CODE_STATE=getMsg HTTP/1.1" 200 27
222.70.246.151 - - [30/Jul/2021:09:25:45 +0800] "GET /xingrg/kc/buy/cgsh_order_operate.html?command=get_materiel&rest_code=00146&code=00101008005&supplier_code=00100005&order_time=2021-07-30 HTTP/1.1" 200 412
116.230.110.80 - - [30/Jul/2021:09:25:47 +0800] "GET /xingrg/all/function/internal_message.html?_=1627608328862&CODE_STATE=getMsg HTTP/1.1" 200 27
180.169.147.146 - - [30/Jul/2021:09:25:48 +0800] "GET /xingrg/all/function/internal_message.html?_=1627608338551&CODE_STATE=getMsg HTTP/1.1" 200 27
222.70.246.151 - - [30/Jul/2021:09:25:52 +0800] "POST /xingrg/services/DataTransmitService HTTP/1.1" 200 501
180.169.147.146 - - [30/Jul/2021:09:25:52 +0800] "GET /xingrg/all/function/internal_message.html?_=1627608349275&CODE_STATE=getMsg HTTP/1.1" 200 27
180.156.224.123 - - [30/Jul/2021:09:25:53 +0800] "GET /xingrg/all/function/internal_message.html?_=1627608311755&CODE_STATE=getMsg HTTP/1.1" 200 27
101.83.145.79 - - [30/Jul/2021:09:25:53 +0800] "GET /xingrg/kc/buy/cgsh_order_operate.html?command=get_materiel&rest_code=00105&code=00101012039&supplier_code=00100034&order_time=2021-07-30 HTTP/1.1" 200 408
222.70.246.151 - - [30/Jul/2021:09:25:54 +0800] "POST /xingrg/services/DataTransmitService HTTP/1.1" 200 501
222.70.246.151 - - [30/Jul/2021:09:25:54 +0800] "POST /xingrg/services/DataTransmitService HTTP/1.1" 200 501
101.85.94.150 - - [30/Jul/2021:09:25:55 +0800] "GET /xingrg/all/function/internal_message.html?_=1627608337596&CODE_STATE=getMsg HTTP/1.1" 200 27
180.169.147.146 - - [30/Jul/2021:09:25:55 +0800] "GET /xingrg/all/function/internal_message.html?_=1627608353383&CODE_STATE=getMsg HTTP/1.1" 302 -
222.70.246.151 - - [30/Jul/2021:09:25:56 +0800] "POST /xingrg/services/DataTransmitService HTTP/1.1" 200 501
222.69.128.39 - - [30/Jul/2021:09:25:56 +0800] "POST /xingrg/services/DataTransmitService HTTP/1.1" 401 565
222.69.128.39 - - [30/Jul/2021:09:25:56 +0800] "POST /xingrg/services/DataTransmitService HTTP/1.1" 200 478
180.169.147.146 - - [30/Jul/2021:09:25:56 +0800] "GET /xingrg/images/control/ajaxLoader.gif HTTP/1.1" 200 4659
180.169.147.146 - - [30/Jul/2021:09:25:56 +0800] "POST /xingrg/all/user/operate.html HTTP/1.1" 302 -
222.69.128.39 - - [30/Jul/2021:09:25:56 +0800] "POST /xingrg/services/DataTransmitService HTTP/1.1" 200 1320
222.69.128.39 - - [30/Jul/2021:09:25:56 +0800] "POST /xingrg/services/DataTransmitService HTTP/1.1" 200 478
222.69.128.39 - - [30/Jul/2021:09:25:56 +0800] "POST /xingrg/services/DataTransmitService HTTP/1.1" 200 1320
180.156.224.123 - - [30/Jul/2021:09:25:57 +0800] "GET /xingrg/all/function/internal_message.html?_=1627608353495&CODE_STATE=getMsg HTTP/1.1" 200 27
180.169.147.146 - - [30/Jul/2021:09:25:57 +0800] "GET /xingrg/all/function/internal_message.html?_=1627608354201&CODE_STATE=getMsg HTTP/1.1" 200 27
222.69.128.39 - - [30/Jul/2021:09:25:57 +0800] "POST /xingrg/services/DataTransmitService HTTP/1.1" 200 524
222.70.246.151 - - [30/Jul/2021:09:25:57 +0800] "POST /xingrg/services/DataTransmitService HTTP/1.1" 200 501
222.69.128.39 - - [30/Jul/2021:09:25:58 +0800] "POST /xingrg/services/DataTransmitService HTTP/1.1" 200 1983
222.69.128.39 - - [30/Jul/2021:09:25:58 +0800] "POST /xingrg/services/DataTransmitService HTTP/1.1" 200 45454
222.69.128.39 - - [30/Jul/2021:09:25:58 +0800] "POST /xingrg/services/DataTransmitService HTTP/1.1" 200 19237
222.70.246.151 - - [30/Jul/2021:09:25:59 +0800] "POST /xingrg/services/DataTransmitService HTTP/1.1" 200 501
222.70.176.145 - - [30/Jul/2021:09:26:01 +0800] "GET /xingrg/all/function/internal_message.html?_=1627608393003&CODE_STATE=getMsg HTTP/1.1" 302 -
222.70.246.151 - - [30/Jul/2021:09:26:01 +0800] "POST /xingrg/services/DataTransmitService HTTP/1.1" 200 412
222.69.128.39 - - [30/Jul/2021:09:26:01 +0800] "POST /xingrg/services/DataTransmitService HTTP/1.1" 200 524
222.69.128.39 - - [30/Jul/2021:09:26:02 +0800] "POST /xingrg/services/DataTransmitService HTTP/1.1" 200 1983
180.169.147.146 - - [30/Jul/2021:09:26:02 +0800] "GET /xingrg/login.html HTTP/1.1" 200 7641
180.169.147.146 - - [30/Jul/2021:09:26:03 +0800] "GET /xingrg/images/blue/jxLogo.png HTTP/1.1" 200 6156
