101.83.145.79 - - [30/Jul/2021:10:06:46 +0800] "GET /xingrg/all/function/internal_message.html?_=1627610804960&CODE_STATE=getMsg HTTP/1.1" 200 27
180.169.147.146 - - [30/Jul/2021:10:06:47 +0800] "GET /xingrg/all/function/internal_message.html?_=1627610797678&CODE_STATE=getMsg HTTP/1.1" 302 -
180.156.224.123 - - [30/Jul/2021:10:06:47 +0800] "GET /xingrg/kc/base/wldb_order_operate.html?command=get_materiel&rest_code=00150&base_code=0010445&code=00101008500 HTTP/1.1" 200 429
180.156.224.123 - - [30/Jul/2021:10:06:49 +0800] "GET /xingrg/all/function/internal_message.html?_=1627610805608&CODE_STATE=getMsg HTTP/1.1" 200 27
180.156.224.123 - - [30/Jul/2021:10:06:49 +0800] "GET /xingrg/check_reg.html?_=1627610805610 HTTP/1.1" 200 22
180.174.197.120 - - [30/Jul/2021:10:06:51 +0800] "GET /xingrg/all/function/internal_message.html?_=1627610780335&CODE_STATE=getMsg HTTP/1.1" 200 27
101.85.94.150 - - [30/Jul/2021:10:06:52 +0800] "GET /xingrg/javascript/jquery_easy_ui/themes/default/images/tabs_close.gif HTTP/1.1" 200 829
101.85.94.150 - - [30/Jul/2021:10:06:52 +0800] "GET /xingrg/css/site.css HTTP/1.1" 200 7541
101.85.94.150 - - [30/Jul/2021:10:06:52 +0800] "GET /xingrg/javascript/easyui/themes/icon.css HTTP/1.1" 200 4483
101.85.94.150 - - [30/Jul/2021:10:06:52 +0800] "GET /xingrg/css/base.css HTTP/1.1" 200 2811
101.85.94.150 - - [30/Jul/2021:10:06:52 +0800] "GET /xingrg/javascript/jquery_tools/datebox.css HTTP/1.1" 200 2597
101.85.94.150 - - [30/Jul/2021:10:06:52 +0800] "GET /xingrg/javascript/jquery_tools/jquery.tools.min.js HTTP/1.1" 200 138801
101.85.94.150 - - [30/Jul/2021:10:06:52 +0800] "GET /xingrg/javascript/auto/jquery.autocomplete.css HTTP/1.1" 200 587
101.85.94.150 - - [30/Jul/2021:10:06:52 +0800] "GET /xingrg/javascript/jquery_tools/table.css HTTP/1.1" 200 1032
101.85.94.150 - - [30/Jul/2021:10:06:52 +0800] "GET /xingrg/javascript/jquery_tools/fix.css HTTP/1.1" 200 1702
101.85.94.150 - - [30/Jul/2021:10:06:52 +0800] "GET /xingrg/javascript/jquery_tools/jquery.tools.hotkey.js HTTP/1.1" 200 3242
101.85.94.150 - - [30/Jul/2021:10:06:52 +0800] "GET /xingrg/kc/buy/cgsh_order_list.html HTTP/1.1" 200 47146
101.85.94.150 - - [30/Jul/2021:10:06:52 +0800] "GET /xingrg/javascript/jquery_tools/list_manager.js HTTP/1.1" 200 3652
101.85.94.150 - - [30/Jul/2021:10:06:52 +0800] "GET /xingrg/javascript/jquery_tools/jquery.tools.table.js HTTP/1.1" 200 6994
101.85.94.150 - - [30/Jul/2021:10:06:52 +0800] "GET /xingrg/javascript/easyui/easyloader.js HTTP/1.1" 200 5975
101.85.94.150 - - [30/Jul/2021:10:06:52 +0800] "GET /xingrg/javascript/jquery_tools/jquery.tools.extend.js HTTP/1.1" 200 15385
101.85.94.150 - - [30/Jul/2021:10:06:52 +0800] "GET /xingrg/javascript/jquery.cookie.js HTTP/1.1" 200 5513
101.85.94.150 - - [30/Jul/2021:10:06:52 +0800] "GET /xingrg/javascript/print/LodopFuncs.js HTTP/1.1" 200 5121
101.85.94.150 - - [30/Jul/2021:10:06:52 +0800] "GET /xingrg/javascript/auto/jquery.autocomplete.js HTTP/1.1" 200 21624
101.85.94.150 - - [30/Jul/2021:10:06:52 +0800] "GET /xingrg/javascript/easyui/themes/default/easyui.css HTTP/1.1" 200 30432
180.169.147.146 - - [30/Jul/2021:10:06:52 +0800] "GET /xingrg/all/function/internal_message.html?_=1627610809282&CODE_STATE=getMsg HTTP/1.1" 302 -
101.85.94.150 - - [30/Jul/2021:10:06:52 +0800] "GET /xingrg/javascript/easyui/plugins/jquery.parser.js HTTP/1.1" 200 1142
101.85.94.150 - - [30/Jul/2021:10:06:52 +0800] "GET /xingrg/images/control/ajaxLoader.gif HTTP/1.1" 200 4659
101.85.94.150 - - [30/Jul/2021:10:06:52 +0800] "GET /xingrg/javascript/easyui/themes/icons/edit_add_new.png HTTP/1.1" 200 2997
101.85.94.150 - - [30/Jul/2021:10:06:52 +0800] "GET /xingrg/javascript/easyui/themes/icons/field_new.png HTTP/1.1" 200 1097
101.85.94.150 - - [30/Jul/2021:10:06:52 +0800] "GET /xingrg/javascript/easyui/themes/icons/check_new.png HTTP/1.1" 200 3224
101.85.94.150 - - [30/Jul/2021:10:06:52 +0800] "GET /xingrg/javascript/easyui/themes/icons/cance_new.png HTTP/1.1" 200 3986
101.85.94.150 - - [30/Jul/2021:10:06:52 +0800] "GET /xingrg/javascript/easyui/themes/icons/import_new.png HTTP/1.1" 200 1247
180.156.224.123 - - [30/Jul/2021:10:06:54 +0800] "GET /xingrg/kc/base/wldb_order_operate.html?command=get_materiel&rest_code=00150&base_code=0010445&code=00101016020 HTTP/1.1" 200 446
116.237.74.182 - - [30/Jul/2021:10:06:54 +0800] "GET /xingrg/check_reg.html?_=1627610807531 HTTP/1.1" 200 22
116.237.74.182 - - [30/Jul/2021:10:06:54 +0800] "GET /xingrg/all/function/internal_message.html?_=1627610807533&CODE_STATE=getMsg HTTP/1.1" 200 27
101.85.94.150 - - [30/Jul/2021:10:06:55 +0800] "POST /xingrg/kc/buy/cgsh_list_operate.html HTTP/1.1" 200 2058
101.85.94.150 - - [30/Jul/2021:10:06:55 +0800] "GET /xingrg/javascript/easyui/themes/default/images/button_plain_hover.png HTTP/1.1" 200 144
180.169.147.146 - - [30/Jul/2021:10:06:55 +0800] "GET /xingrg/all/function/internal_message.html?_=1627610813780&CODE_STATE=getMsg HTTP/1.1" 302 -
180.169.147.146 - - [30/Jul/2021:10:06:57 +0800] "GET /xingrg/all/function/internal_message.html?_=1627610814207&CODE_STATE=getMsg HTTP/1.1" 302 -
180.156.224.123 - - [30/Jul/2021:10:07:00 +0800] "POST /xingrg/kc/base/wldb_order_operate.html HTTP/1.1" 200 37
101.85.94.150 - - [30/Jul/2021:10:07:00 +0800] "GET /xingrg/javascript/convert.js HTTP/1.1" 200 1239
101.85.94.150 - - [30/Jul/2021:10:07:00 +0800] "GET /xingrg/javascript/pic_change.js HTTP/1.1" 200 4739
101.85.94.150 - - [30/Jul/2021:10:07:00 +0800] "GET /xingrg/javascript/jquery_tools/order_manager.js HTTP/1.1" 200 11183
101.85.94.150 - - [30/Jul/2021:10:07:00 +0800] "GET /xingrg/javascript/print/kc_print.js HTTP/1.1" 200 11415
101.85.94.150 - - [30/Jul/2021:10:07:00 +0800] "GET /xingrg/javascript/json2.js HTTP/1.1" 200 11259
101.85.94.150 - - [30/Jul/2021:10:07:00 +0800] "GET /xingrg/kc/buy/cgsh_order_add.html HTTP/1.1" 200 61997
101.85.94.150 - - [30/Jul/2021:10:07:01 +0800] "GET /xingrg/words/20210729165926_words.js HTTP/1.1" 200 829755
101.85.94.150 - - [30/Jul/2021:10:07:01 +0800] "GET /xingrg/javascript/easyui/themes/default/images/menu_downarrow.png HTTP/1.1" 200 173
101.85.94.150 - - [30/Jul/2021:10:07:01 +0800] "GET /xingrg/javascript/easyui/themes/icons/ok.png HTTP/1.1" 200 883
101.85.94.150 - - [30/Jul/2021:10:07:01 +0800] "GET /xingrg/javascript/easyui/themes/icons/copy_new.png HTTP/1.1" 200 815
101.85.94.150 - - [30/Jul/2021:10:07:01 +0800] "GET /xingrg/javascript/easyui/themes/icons/print.png HTTP/1.1" 200 1057
101.85.94.150 - - [30/Jul/2021:10:07:01 +0800] "GET /xingrg/javascript/easyui/themes/icons/template_new.png HTTP/1.1" 200 3956
101.85.94.150 - - [30/Jul/2021:10:07:01 +0800] "GET /xingrg/javascript/easyui/themes/icons/cancel.png HTTP/1.1" 200 1133
222.70.176.145 - - [30/Jul/2021:10:07:01 +0800] "GET /xingrg/check_reg.html?_=1627610853037 HTTP/1.1" 302 -
222.70.176.145 - - [30/Jul/2021:10:07:01 +0800] "GET /xingrg/all/function/internal_message.html?_=1627610853040&CODE_STATE=getMsg HTTP/1.1" 302 -
180.156.224.123 - - [30/Jul/2021:10:07:02 +0800] "POST /xingrg/kc/base/wldb_order_operate.html HTTP/1.1" 200 12
180.156.224.123 - - [30/Jul/2021:10:07:02 +0800] "POST /xingrg/kc/base/wldb_order_operate.html HTTP/1.1" 200 8223
180.156.224.123 - - [30/Jul/2021:10:07:04 +0800] "GET /xingrg/kc/base/wldb_order_info.html?code=422021073003252 HTTP/1.1" 200 26252
180.156.224.123 - - [30/Jul/2021:10:07:04 +0800] "GET /xingrg/javascript/easyui/themes/default/validatebox.css HTTP/1.1" 404 1104
180.156.224.123 - - [30/Jul/2021:10:07:04 +0800] "POST /xingrg/kc/base/wldb_order_operate.html HTTP/1.1" 200 6365
101.85.94.150 - - [30/Jul/2021:10:07:05 +0800] "POST /xingrg/kc/buy/cgsh_order_operate.html HTTP/1.1" 200 8245
101.85.94.150 - - [30/Jul/2021:10:07:05 +0800] "GET /xingrg/javascript/easyui/themes/default/validatebox.css HTTP/1.1" 404 1104
101.85.94.150 - - [30/Jul/2021:10:07:05 +0800] "GET /xingrg/javascript/easyui/plugins/jquery.validatebox.js HTTP/1.1" 200 6103
101.85.94.150 - - [30/Jul/2021:10:07:05 +0800] "GET /xingrg/all/common/auto_word.html?type=employee&rest_code=00142 HTTP/1.1" 200 105
101.85.94.150 - - [30/Jul/2021:10:07:05 +0800] "GET /xingrg/all/common/auto_word.html?type=employee&rest_code=00142 HTTP/1.1" 200 105
101.85.94.150 - - [30/Jul/2021:10:07:05 +0800] "GET /xingrg/javascript/easyui/themes/icons/edit_remove.png HTTP/1.1" 200 625
101.85.94.150 - - [30/Jul/2021:10:07:05 +0800] "GET /xingrg/javascript/easyui/plugins/jquery.numberbox.js HTTP/1.1" 200 5213
180.169.147.146 - - [30/Jul/2021:10:07:06 +0800] "GET /xingrg/all/function/internal_message.html?_=1627610830804&CODE_STATE=getMsg HTTP/1.1" 302 -
180.169.147.146 - - [30/Jul/2021:10:07:06 +0800] "GET /xingrg/check_reg.html?_=1627610830806 HTTP/1.1" 302 -
101.85.94.150 - - [30/Jul/2021:10:07:07 +0800] "GET /xingrg/javascript/auto/indicator.gif HTTP/1.1" 404 1066
222.70.176.145 - - [30/Jul/2021:10:07:12 +0800] "GET /xingrg/all/function/internal_message.html?_=1627610826126&CODE_STATE=getMsg HTTP/1.1" 200 27
116.232.50.204 - - [30/Jul/2021:10:07:17 +0800] "GET /xingrg/all/function/internal_message.html?_=1627610845190&CODE_STATE=getMsg HTTP/1.1" 302 -
116.232.50.204 - - [30/Jul/2021:10:07:17 +0800] "GET /xingrg/login.html HTTP/1.1" 200 7641
120.253.135.82 - - [30/Jul/2021:10:07:19 +0800] "GET /xingrg/all/function/internal_message.html?_=1627610961839&CODE_STATE=getMsg HTTP/1.1" 200 27
58.40.7.146 - - [30/Jul/2021:10:07:23 +0800] "GET /xingrg/all/function/internal_message.html?_=1627610840016&CODE_STATE=getMsg HTTP/1.1" 302 -
222.70.246.151 - - [30/Jul/2021:10:07:26 +0800] "GET /xingrg/all/function/internal_message.html?_=1627610847648&CODE_STATE=getMsg HTTP/1.1" 302 -
101.85.94.150 - - [30/Jul/2021:10:07:27 +0800] "GET /xingrg/kc/buy/cgsh_order_operate.html?command=get_materiel&rest_code=00142&code=00101008108&supplier_code=00100161&order_time=2021-07-30 HTTP/1.1" 200 412
180.156.224.123 - - [30/Jul/2021:10:07:31 +0800] "GET /xingrg/all/function/internal_message.html?_=1627610809737&CODE_STATE=getMsg HTTP/1.1" 200 27
180.156.224.123 - - [30/Jul/2021:10:07:34 +0800] "GET /xingrg/kc/base/wldb_order_add.html HTTP/1.1" 200 30367
180.156.224.123 - - [30/Jul/2021:10:07:35 +0800] "POST /xingrg/kc/base/wldb_order_operate.html HTTP/1.1" 200 6806
180.156.224.123 - - [30/Jul/2021:10:07:35 +0800] "GET /xingrg/javascript/easyui/themes/default/validatebox.css HTTP/1.1" 404 1104
180.156.224.123 - - [30/Jul/2021:10:07:37 +0800] "POST /xingrg/all/common/load_combo.html?type=base HTTP/1.1" 200 2966
114.88.154.248 - - [30/Jul/2021:10:07:39 +0800] "GET /xingrg/all/function/internal_message.html?_=1627610760829&CODE_STATE=getMsg HTTP/1.1" 200 27
222.70.246.151 - - [30/Jul/2021:10:07:39 +0800] "GET /xingrg/check_reg.html?_=1627610860958 HTTP/1.1" 302 -
101.85.94.150 - - [30/Jul/2021:10:07:40 +0800] "GET /xingrg/kc/buy/cgsh_order_operate.html?command=get_materiel&rest_code=00142&code=00101008368&supplier_code=00100161&order_time=2021-07-30 HTTP/1.1" 200 408
180.169.147.146 - - [30/Jul/2021:10:07:42 +0800] "GET /xingrg/all/function/internal_message.html?_=1627610857854&CODE_STATE=getMsg HTTP/1.1" 302 -
222.69.128.39 - - [30/Jul/2021:10:07:43 +0800] "GET /xingrg/all/function/internal_message.html?_=1627610859663&CODE_STATE=getMsg HTTP/1.1" 200 27
180.169.147.146 - - [30/Jul/2021:10:07:44 +0800] "GET /xingrg/all/function/internal_message.html?_=1627610862876&CODE_STATE=getMsg HTTP/1.1" 302 -
180.169.147.146 - - [30/Jul/2021:10:07:44 +0800] "GET /xingrg/check_reg.html?_=1627610862880 HTTP/1.1" 302 -
101.85.94.150 - - [30/Jul/2021:10:07:46 +0800] "GET /xingrg/all/function/internal_message.html?_=1627610848008&CODE_STATE=getMsg HTTP/1.1" 200 27
116.230.110.80 - - [30/Jul/2021:10:07:46 +0800] "GET /xingrg/all/function/internal_message.html?_=1627610847962&CODE_STATE=getMsg HTTP/1.1" 200 27
101.83.145.79 - - [30/Jul/2021:10:07:46 +0800] "GET /xingrg/all/function/internal_message.html?_=1627610864967&CODE_STATE=getMsg HTTP/1.1" 200 27
180.169.147.146 - - [30/Jul/2021:10:07:47 +0800] "GET /xingrg/all/function/internal_message.html?_=1627610857673&CODE_STATE=getMsg HTTP/1.1" 302 -
180.156.224.123 - - [30/Jul/2021:10:07:47 +0800] "GET /xingrg/kc/base/wldb_order_operate.html?command=get_materiel&rest_code=00150&base_code=0010446&code=00102002448 HTTP/1.1" 200 426
101.85.94.150 - - [30/Jul/2021:10:07:48 +0800] "GET /xingrg/kc/buy/cgsh_order_operate.html?command=get_materiel&rest_code=00142&code=00101008005&supplier_code=00100161&order_time=2021-07-30 HTTP/1.1" 200 412
180.156.224.123 - - [30/Jul/2021:10:07:49 +0800] "GET /xingrg/all/function/internal_message.html?_=1627610865625&CODE_STATE=getMsg HTTP/1.1" 200 27
116.230.110.80 - - [30/Jul/2021:10:07:50 +0800] "GET /xingrg/kc/buy/cgsh_order_operate.html?command=get_materiel&rest_code=00155&code=00101008072&supplier_code=00100005&order_time=2021-07-30 HTTP/1.1" 200 410
180.174.197.120 - - [30/Jul/2021:10:07:51 +0800] "GET /xingrg/all/function/internal_message.html?_=1627610840520&CODE_STATE=getMsg HTTP/1.1" 200 27
180.169.147.146 - - [30/Jul/2021:10:07:52 +0800] "GET /xingrg/all/function/internal_message.html?_=1627610869275&CODE_STATE=getMsg HTTP/1.1" 302 -
180.156.224.123 - - [30/Jul/2021:10:07:53 +0800] "GET /xingrg/kc/base/wldb_order_operate.html?command=get_materiel&rest_code=00150&base_code=0010446&code=00102001084 HTTP/1.1" 200 432
116.237.74.182 - - [30/Jul/2021:10:07:54 +0800] "GET /xingrg/all/function/internal_message.html?_=1627610867530&CODE_STATE=getMsg HTTP/1.1" 200 27
180.169.147.146 - - [30/Jul/2021:10:07:55 +0800] "GET /xingrg/all/function/internal_message.html?_=1627610873770&CODE_STATE=getMsg HTTP/1.1" 302 -
180.169.147.146 - - [30/Jul/2021:10:07:55 +0800] "GET /xingrg/check_reg.html?_=1627610873774 HTTP/1.1" 302 -
116.230.110.80 - - [30/Jul/2021:10:07:57 +0800] "GET /xingrg/kc/buy/cgsh_order_operate.html?command=get_materiel&rest_code=00155&code=00101008049&supplier_code=00100005&order_time=2021-07-30 HTTP/1.1" 200 408
180.169.147.146 - - [30/Jul/2021:10:07:57 +0800] "GET /xingrg/all/function/internal_message.html?_=1627610874225&CODE_STATE=getMsg HTTP/1.1" 302 -
101.85.94.150 - - [30/Jul/2021:10:07:58 +0800] "GET /xingrg/kc/buy/cgsh_order_operate.html?command=get_materiel&rest_code=00142&code=00101008049&supplier_code=00100161&order_time=2021-07-30 HTTP/1.1" 200 408
222.70.176.145 - - [30/Jul/2021:10:08:01 +0800] "GET /xingrg/all/function/internal_message.html?_=1627610913039&CODE_STATE=getMsg HTTP/1.1" 302 -
116.230.110.80 - - [30/Jul/2021:10:08:02 +0800] "GET /xingrg/kc/buy/cgsh_order_operate.html?command=get_materiel&rest_code=00155&code=00101008358&supplier_code=00100005&order_time=2021-07-30 HTTP/1.1" 200 412
180.156.224.123 - - [30/Jul/2021:10:08:06 +0800] "POST /xingrg/kc/base/wldb_order_operate.html HTTP/1.1" 200 37
180.169.147.146 - - [30/Jul/2021:10:08:06 +0800] "GET /xingrg/all/function/internal_message.html?_=1627610890830&CODE_STATE=getMsg HTTP/1.1" 302 -
116.230.110.80 - - [30/Jul/2021:10:08:08 +0800] "GET /xingrg/kc/buy/cgsh_order_operate.html?command=get_materiel&rest_code=00155&code=00101008196&supplier_code=00100005&order_time=2021-07-30 HTTP/1.1" 200 416
180.156.224.123 - - [30/Jul/2021:10:08:09 +0800] "POST /xingrg/kc/base/wldb_order_operate.html HTTP/1.1" 200 12
180.156.224.123 - - [30/Jul/2021:10:08:09 +0800] "POST /xingrg/kc/base/wldb_order_operate.html HTTP/1.1" 200 2659
101.85.94.150 - - [30/Jul/2021:10:08:09 +0800] "GET /xingrg/kc/buy/cgsh_order_operate.html?command=get_materiel&rest_code=00142&code=00101008268&supplier_code=00100161&order_time=2021-07-30 HTTP/1.1" 200 408
180.156.224.123 - - [30/Jul/2021:10:08:10 +0800] "GET /xingrg/kc/base/wldb_order_info.html?code=422021073003253 HTTP/1.1" 200 26249
180.156.224.123 - - [30/Jul/2021:10:08:10 +0800] "GET /xingrg/javascript/easyui/themes/default/validatebox.css HTTP/1.1" 404 1104
180.156.224.123 - - [30/Jul/2021:10:08:10 +0800] "POST /xingrg/kc/base/wldb_order_operate.html HTTP/1.1" 200 942
222.70.176.145 - - [30/Jul/2021:10:08:12 +0800] "GET /xingrg/all/function/internal_message.html?_=1627610886134&CODE_STATE=getMsg HTTP/1.1" 200 27
116.230.110.80 - - [30/Jul/2021:10:08:13 +0800] "GET /xingrg/kc/buy/cgsh_order_operate.html?command=get_materiel&rest_code=00155&code=00101008477&supplier_code=00100005&order_time=2021-07-30 HTTP/1.1" 200 408
180.156.224.123 - - [30/Jul/2021:10:08:15 +0800] "GET /xingrg/kc/base/wldb_order_add.html HTTP/1.1" 200 30367
180.156.224.123 - - [30/Jul/2021:10:08:15 +0800] "POST /xingrg/kc/base/wldb_order_operate.html HTTP/1.1" 200 6806
180.156.224.123 - - [30/Jul/2021:10:08:15 +0800] "GET /xingrg/javascript/easyui/themes/default/validatebox.css HTTP/1.1" 404 1104
180.156.224.123 - - [30/Jul/2021:10:08:16 +0800] "POST /xingrg/all/common/load_combo.html?type=base HTTP/1.1" 200 2966
116.232.50.204 - - [30/Jul/2021:10:08:17 +0800] "GET /xingrg/all/function/internal_message.html?_=1627610905192&CODE_STATE=getMsg HTTP/1.1" 302 -
116.232.50.204 - - [30/Jul/2021:10:08:17 +0800] "GET /xingrg/login.html HTTP/1.1" 200 7641
101.85.94.150 - - [30/Jul/2021:10:08:18 +0800] "GET /xingrg/kc/buy/cgsh_order_operate.html?command=get_materiel&rest_code=00142&code=00101008261&supplier_code=00100161&order_time=2021-07-30 HTTP/1.1" 200 408
116.230.110.80 - - [30/Jul/2021:10:08:18 +0800] "GET /xingrg/kc/buy/cgsh_order_operate.html?command=get_materiel&rest_code=00155&code=00101008003&supplier_code=00100005&order_time=2021-07-30 HTTP/1.1" 200 408
120.253.135.82 - - [30/Jul/2021:10:08:19 +0800] "GET /xingrg/all/function/internal_message.html?_=1627611021855&CODE_STATE=getMsg HTTP/1.1" 200 27
58.40.7.146 - - [30/Jul/2021:10:08:23 +0800] "GET /xingrg/all/function/internal_message.html?_=1627610900017&CODE_STATE=getMsg HTTP/1.1" 302 -
116.230.110.80 - - [30/Jul/2021:10:08:23 +0800] "GET /xingrg/kc/buy/cgsh_order_operate.html?command=get_materiel&rest_code=00155&code=00101008270&supplier_code=00100005&order_time=2021-07-30 HTTP/1.1" 200 412
180.156.224.123 - - [30/Jul/2021:10:08:25 +0800] "GET /xingrg/kc/base/wldb_order_operate.html?command=get_materiel&rest_code=00150&base_code=0010446&code=00102021018 HTTP/1.1" 200 446
222.70.246.151 - - [30/Jul/2021:10:08:26 +0800] "GET /xingrg/all/function/internal_message.html?_=1627610907649&CODE_STATE=getMsg HTTP/1.1" 302 -
101.85.94.150 - - [30/Jul/2021:10:08:27 +0800] "GET /xingrg/kc/buy/cgsh_order_operate.html?command=get_materiel&rest_code=00142&code=00101008059&supplier_code=00100161&order_time=2021-07-30 HTTP/1.1" 200 408
116.230.110.80 - - [30/Jul/2021:10:08:28 +0800] "GET /xingrg/kc/buy/cgsh_order_operate.html?command=get_materiel&rest_code=00155&code=00101008238&supplier_code=00100005&order_time=2021-07-30 HTTP/1.1" 200 416
180.156.224.123 - - [30/Jul/2021:10:08:31 +0800] "GET /xingrg/all/function/internal_message.html?_=1627610869831&CODE_STATE=getMsg HTTP/1.1" 200 27
101.85.94.150 - - [30/Jul/2021:10:08:35 +0800] "GET /xingrg/kc/buy/cgsh_order_operate.html?command=get_materiel&rest_code=00142&code=00101008370&supplier_code=00100161&order_time=2021-07-30 HTTP/1.1" 200 412
116.230.110.80 - - [30/Jul/2021:10:08:35 +0800] "GET /xingrg/kc/buy/cgsh_order_operate.html?command=get_materiel&rest_code=00155&code=00101008357&supplier_code=00100005&order_time=2021-07-30 HTTP/1.1" 200 408
114.88.154.248 - - [30/Jul/2021:10:08:39 +0800] "GET /xingrg/all/function/internal_message.html?_=1627610820832&CODE_STATE=getMsg HTTP/1.1" 200 27
116.230.110.80 - - [30/Jul/2021:10:08:41 +0800] "GET /xingrg/kc/buy/cgsh_order_operate.html?command=get_materiel&rest_code=00155&code=00101008298&supplier_code=00100005&order_time=2021-07-30 HTTP/1.1" 200 412
180.156.224.123 - - [30/Jul/2021:10:08:42 +0800] "GET /xingrg/kc/base/wldb_order_operate.html?command=get_materiel&rest_code=00150&base_code=0010446&code=00102002006 HTTP/1.1" 200 467
180.169.147.146 - - [30/Jul/2021:10:08:42 +0800] "GET /xingrg/all/function/internal_message.html?_=1627610917867&CODE_STATE=getMsg HTTP/1.1" 302 -
101.85.94.150 - - [30/Jul/2021:10:08:42 +0800] "GET /xingrg/kc/buy/cgsh_order_operate.html?command=get_materiel&rest_code=00142&code=00101008361&supplier_code=00100161&order_time=2021-07-30 HTTP/1.1" 200 408
222.69.128.39 - - [30/Jul/2021:10:08:43 +0800] "GET /xingrg/all/function/internal_message.html?_=1627610919662&CODE_STATE=getMsg HTTP/1.1" 200 27
180.169.147.146 - - [30/Jul/2021:10:08:44 +0800] "GET /xingrg/all/function/internal_message.html?_=1627610922883&CODE_STATE=getMsg HTTP/1.1" 302 -
101.85.94.150 - - [30/Jul/2021:10:08:46 +0800] "GET /xingrg/all/function/internal_message.html?_=1627610908015&CODE_STATE=getMsg HTTP/1.1" 200 27
116.230.110.80 - - [30/Jul/2021:10:08:46 +0800] "GET /xingrg/all/function/internal_message.html?_=1627610907978&CODE_STATE=getMsg HTTP/1.1" 200 27
101.83.145.79 - - [30/Jul/2021:10:08:46 +0800] "GET /xingrg/all/function/internal_message.html?_=1627610924968&CODE_STATE=getMsg HTTP/1.1" 200 27
180.169.147.146 - - [30/Jul/2021:10:08:47 +0800] "GET /xingrg/all/function/internal_message.html?_=1627610917649&CODE_STATE=getMsg HTTP/1.1" 302 -
180.156.224.123 - - [30/Jul/2021:10:08:49 +0800] "GET /xingrg/all/function/internal_message.html?_=1627610925619&CODE_STATE=getMsg HTTP/1.1" 200 27
101.85.94.150 - - [30/Jul/2021:10:08:51 +0800] "GET /xingrg/kc/buy/cgsh_order_operate.html?command=get_materiel&rest_code=00142&code=00101008355&supplier_code=00100161&order_time=2021-07-30 HTTP/1.1" 200 408
180.174.197.120 - - [30/Jul/2021:10:08:51 +0800] "GET /xingrg/all/function/internal_message.html?_=1627610900534&CODE_STATE=getMsg HTTP/1.1" 200 27
180.169.147.146 - - [30/Jul/2021:10:08:52 +0800] "GET /xingrg/all/function/internal_message.html?_=1627610929276&CODE_STATE=getMsg HTTP/1.1" 302 -
180.156.224.123 - - [30/Jul/2021:10:08:53 +0800] "POST /xingrg/kc/base/wldb_order_operate.html HTTP/1.1" 200 37
116.237.74.182 - - [30/Jul/2021:10:08:54 +0800] "GET /xingrg/all/function/internal_message.html?_=1627610927525&CODE_STATE=getMsg HTTP/1.1" 200 27
116.230.110.80 - - [30/Jul/2021:10:08:55 +0800] "GET /xingrg/kc/buy/cgsh_order_operate.html?command=get_materiel&rest_code=00155&code=00101008176&supplier_code=00100005&order_time=2021-07-30 HTTP/1.1" 200 412
180.156.224.123 - - [30/Jul/2021:10:08:55 +0800] "POST /xingrg/kc/base/wldb_order_operate.html HTTP/1.1" 200 12
180.156.224.123 - - [30/Jul/2021:10:08:55 +0800] "POST /xingrg/kc/base/wldb_order_operate.html HTTP/1.1" 200 3173
180.169.147.146 - - [30/Jul/2021:10:08:55 +0800] "GET /xingrg/all/function/internal_message.html?_=1627610933777&CODE_STATE=getMsg HTTP/1.1" 302 -
180.156.224.123 - - [30/Jul/2021:10:08:56 +0800] "GET /xingrg/kc/base/wldb_order_info.html?code=422021073003254 HTTP/1.1" 200 26249
180.156.224.123 - - [30/Jul/2021:10:08:56 +0800] "GET /xingrg/javascript/easyui/themes/default/validatebox.css HTTP/1.1" 404 1104
180.156.224.123 - - [30/Jul/2021:10:08:56 +0800] "POST /xingrg/kc/base/wldb_order_operate.html HTTP/1.1" 200 1444
180.169.147.146 - - [30/Jul/2021:10:08:57 +0800] "GET /xingrg/check_reg.html?_=1627610934214 HTTP/1.1" 302 -
180.169.147.146 - - [30/Jul/2021:10:08:57 +0800] "GET /xingrg/all/function/internal_message.html?_=1627610934215&CODE_STATE=getMsg HTTP/1.1" 302 -
180.156.224.123 - - [30/Jul/2021:10:08:59 +0800] "GET /xingrg/kc/base/yddb_order_list.html HTTP/1.1" 200 16757
180.156.224.123 - - [30/Jul/2021:10:08:59 +0800] "POST /xingrg/kc/base/yddb_list_operate.html HTTP/1.1" 200 1339
222.70.176.145 - - [30/Jul/2021:10:09:01 +0800] "GET /xingrg/all/function/internal_message.html?_=1627610973039&CODE_STATE=getMsg HTTP/1.1" 302 -
101.85.94.150 - - [30/Jul/2021:10:09:01 +0800] "GET /xingrg/kc/buy/cgsh_order_operate.html?command=get_materiel&rest_code=00142&code=00101008024&supplier_code=00100161&order_time=2021-07-30 HTTP/1.1" 200 408
180.156.224.123 - - [30/Jul/2021:10:09:02 +0800] "GET /xingrg/kc/base/yddb_order_add.html HTTP/1.1" 200 29833
180.156.224.123 - - [30/Jul/2021:10:09:02 +0800] "GET /xingrg/css/blue.css HTTP/1.1" 304 -
180.156.224.123 - - [30/Jul/2021:10:09:02 +0800] "GET /xingrg/javascript/Grid.js HTTP/1.1" 304 -
180.156.224.123 - - [30/Jul/2021:10:09:02 +0800] "GET /xingrg/javascript/Calendar.js HTTP/1.1" 304 -
180.156.224.123 - - [30/Jul/2021:10:09:02 +0800] "GET /xingrg/javascript/AjaxInfoList.js HTTP/1.1" 304 -
180.156.224.123 - - [30/Jul/2021:10:09:02 +0800] "GET /xingrg/javascript/checkform.js HTTP/1.1" 304 -
180.156.224.123 - - [30/Jul/2021:10:09:02 +0800] "GET /xingrg/javascript/myfunction.js HTTP/1.1" 304 -
180.156.224.123 - - [30/Jul/2021:10:09:02 +0800] "GET /xingrg/javascript/ToolTips.js HTTP/1.1" 304 -
180.156.224.123 - - [30/Jul/2021:10:09:02 +0800] "GET /xingrg/dwr/interface/AjaxComOrderService.js HTTP/1.1" 200 18264
180.156.224.123 - - [30/Jul/2021:10:09:02 +0800] "GET /xingrg/dwr/interface/AjaxYddbService.js HTTP/1.1" 200 13201
180.156.224.123 - - [30/Jul/2021:10:09:02 +0800] "GET /xingrg/dwr/util.js HTTP/1.1" 200 35990
180.156.224.123 - - [30/Jul/2021:10:09:02 +0800] "GET /xingrg/dwr/engine.js HTTP/1.1" 200 43631
180.156.224.123 - - [30/Jul/2021:10:09:02 +0800] "GET /xingrg/javascript/jquery_easy_ui/themes/icons/edit_add_new.png HTTP/1.1" 304 -
180.156.224.123 - - [30/Jul/2021:10:09:02 +0800] "GET /xingrg/javascript/jquery_easy_ui/themes/icons/check_new.png HTTP/1.1" 304 -
180.156.224.123 - - [30/Jul/2021:10:09:02 +0800] "GET /xingrg/javascript/jquery_easy_ui/themes/icons/print.png HTTP/1.1" 304 -
180.156.224.123 - - [30/Jul/2021:10:09:02 +0800] "GET /xingrg/javascript/jquery_easy_ui/themes/default/images/menu_downarrow.png HTTP/1.1" 304 -
180.156.224.123 - - [30/Jul/2021:10:09:02 +0800] "GET /xingrg/javascript/jquery_easy_ui/themes/icons/cance_new.png HTTP/1.1" 304 -
180.156.224.123 - - [30/Jul/2021:10:09:02 +0800] "GET /xingrg/javascript/jquery_easy_ui/themes/icons/back_new.png HTTP/1.1" 304 -
180.156.224.123 - - [30/Jul/2021:10:09:02 +0800] "GET /xingrg/images/blue/button/kc_tab_add.gif HTTP/1.1" 304 -
180.156.224.123 - - [30/Jul/2021:10:09:02 +0800] "GET /xingrg/images/blue/button/kc_tab_save.gif HTTP/1.1" 304 -
180.156.224.123 - - [30/Jul/2021:10:09:02 +0800] "GET /xingrg/images/blue/button/kc_tab_edit.gif HTTP/1.1" 304 -
180.156.224.123 - - [30/Jul/2021:10:09:02 +0800] "GET /xingrg/images/blue/button/kc_tab_del.gif HTTP/1.1" 304 -
180.156.224.123 - - [30/Jul/2021:10:09:02 +0800] "GET /xingrg/images/blue/kc_tab_left.gif HTTP/1.1" 304 -
180.156.224.123 - - [30/Jul/2021:10:09:02 +0800] "GET /xingrg/images/blue/kc_tab_right.gif HTTP/1.1" 304 -
180.156.224.123 - - [30/Jul/2021:10:09:02 +0800] "GET /xingrg/images/blue/kc_tab_mid.gif HTTP/1.1" 304 -
180.156.224.123 - - [30/Jul/2021:10:09:02 +0800] "GET /xingrg/images/blue/kc_tab2_left.gif HTTP/1.1" 304 -
180.156.224.123 - - [30/Jul/2021:10:09:02 +0800] "GET /xingrg/images/blue/kc_tab2_right.gif HTTP/1.1" 304 -
180.156.224.123 - - [30/Jul/2021:10:09:02 +0800] "GET /xingrg/javascript/jquery_easy_ui/themes/default/images/button_plain_hover.png HTTP/1.1" 304 -
116.230.110.80 - - [30/Jul/2021:10:09:03 +0800] "GET /xingrg/kc/buy/cgsh_order_operate.html?command=get_materiel&rest_code=00155&code=00101008265&supplier_code=00100005&order_time=2021-07-30 HTTP/1.1" 200 408
180.156.224.123 - - [30/Jul/2021:10:09:05 +0800] "GET /xingrg/images/blue/wait.gif HTTP/1.1" 304 -
180.156.224.123 - - [30/Jul/2021:10:09:05 +0800] "POST /xingrg/dwr/call/plaincall/AjaxYddbService.getRestBases.dwr HTTP/1.1" 200 1514
180.169.147.146 - - [30/Jul/2021:10:09:06 +0800] "GET /xingrg/all/function/internal_message.html?_=1627610950828&CODE_STATE=getMsg HTTP/1.1" 302 -
101.85.94.150 - - [30/Jul/2021:10:09:08 +0800] "GET /xingrg/kc/buy/cgsh_order_operate.html?command=get_materiel&rest_code=00142&code=00101008356&supplier_code=00100161&order_time=2021-07-30 HTTP/1.1" 200 409
180.156.224.123 - - [30/Jul/2021:10:09:12 +0800] "POST /xingrg/dwr/call/plaincall/AjaxYddbService.saveOrder.dwr HTTP/1.1" 200 78
222.70.176.145 - - [30/Jul/2021:10:09:12 +0800] "GET /xingrg/all/function/internal_message.html?_=1627610946129&CODE_STATE=getMsg HTTP/1.1" 200 27
101.85.94.150 - - [30/Jul/2021:10:09:15 +0800] "GET /xingrg/kc/buy/cgsh_order_operate.html?command=get_materiel&rest_code=00142&code=00101008286&supplier_code=00100161&order_time=2021-07-30 HTTP/1.1" 200 408
116.232.50.204 - - [30/Jul/2021:10:09:17 +0800] "GET /xingrg/all/function/internal_message.html?_=1627610965194&CODE_STATE=getMsg HTTP/1.1" 302 -
116.232.50.204 - - [30/Jul/2021:10:09:17 +0800] "GET /xingrg/login.html HTTP/1.1" 200 7641
120.253.135.82 - - [30/Jul/2021:10:09:19 +0800] "GET /xingrg/all/function/internal_message.html?_=1627611081865&CODE_STATE=getMsg HTTP/1.1" 200 27
180.156.224.123 - - [30/Jul/2021:10:09:20 +0800] "GET /xingrg/images/yd/bt.gif HTTP/1.1" 404 1040
180.156.224.123 - - [30/Jul/2021:10:09:20 +0800] "POST /xingrg/dwr/call/plaincall/AjaxComOrderService.getMaterielSearchList.dwr HTTP/1.1" 200 440755
180.156.224.123 - - [30/Jul/2021:10:09:20 +0800] "POST /xingrg/dwr/call/plaincall/AjaxComOrderService.getMaterielSearchList.dwr HTTP/1.1" 200 17945
116.230.110.80 - - [30/Jul/2021:10:09:20 +0800] "GET /xingrg/kc/buy/cgsh_order_operate.html?command=get_materiel&rest_code=00155&code=00101008415&supplier_code=00100005&order_time=2021-07-30 HTTP/1.1" 200 398
101.85.94.150 - - [30/Jul/2021:10:09:22 +0800] "GET /xingrg/kc/buy/cgsh_order_operate.html?command=get_materiel&rest_code=00142&code=00101008353&supplier_code=00100161&order_time=2021-07-30 HTTP/1.1" 200 408
58.40.7.146 - - [30/Jul/2021:10:09:23 +0800] "GET /xingrg/all/function/internal_message.html?_=1627610960021&CODE_STATE=getMsg HTTP/1.1" 302 -
180.156.224.123 - - [30/Jul/2021:10:09:24 +0800] "POST /xingrg/dwr/call/plaincall/AjaxYddbService.getMaterielByMap.dwr HTTP/1.1" 200 3655
180.156.224.123 - - [30/Jul/2021:10:09:26 +0800] "POST /xingrg/dwr/call/plaincall/AjaxYddbService.saveMaterielItem.dwr HTTP/1.1" 200 78
222.70.246.151 - - [30/Jul/2021:10:09:26 +0800] "GET /xingrg/all/function/internal_message.html?_=1627610967829&CODE_STATE=getMsg HTTP/1.1" 302 -
180.156.224.123 - - [30/Jul/2021:10:09:26 +0800] "POST /xingrg/dwr/call/plaincall/AjaxComOrderService.getMaterielSearchList.dwr HTTP/1.1" 200 76
116.230.110.80 - - [30/Jul/2021:10:09:26 +0800] "GET /xingrg/kc/buy/cgsh_order_operate.html?command=get_materiel&rest_code=00155&code=00101008010&supplier_code=00100005&order_time=2021-07-30 HTTP/1.1" 200 412
180.156.224.123 - - [30/Jul/2021:10:09:29 +0800] "POST /xingrg/dwr/call/plaincall/AjaxComOrderService.getMaterielSearchList.dwr HTTP/1.1" 200 13386
180.156.224.123 - - [30/Jul/2021:10:09:30 +0800] "POST /xingrg/dwr/call/plaincall/AjaxComOrderService.getMaterielSearchList.dwr HTTP/1.1" 200 297
101.85.94.150 - - [30/Jul/2021:10:09:30 +0800] "GET /xingrg/kc/buy/cgsh_order_operate.html?command=get_materiel&rest_code=00142&code=00101008351&supplier_code=00100161&order_time=2021-07-30 HTTP/1.1" 200 408
180.156.224.123 - - [30/Jul/2021:10:09:30 +0800] "POST /xingrg/dwr/call/plaincall/AjaxYddbService.getMaterielByMap.dwr HTTP/1.1" 200 3726
180.156.224.123 - - [30/Jul/2021:10:09:31 +0800] "GET /xingrg/all/function/internal_message.html?_=1627610929842&CODE_STATE=getMsg HTTP/1.1" 200 27
116.230.110.80 - - [30/Jul/2021:10:09:32 +0800] "GET /xingrg/kc/buy/cgsh_order_operate.html?command=get_materiel&rest_code=00155&code=00101008559&supplier_code=00100005&order_time=2021-07-30 HTTP/1.1" 200 399
180.156.224.123 - - [30/Jul/2021:10:09:34 +0800] "POST /xingrg/dwr/call/plaincall/AjaxYddbService.saveMaterielItem.dwr HTTP/1.1" 200 79
180.156.224.123 - - [30/Jul/2021:10:09:37 +0800] "POST /xingrg/dwr/call/plaincall/AjaxComOrderService.getMaterielSearchList.dwr HTTP/1.1" 200 6891
101.85.94.150 - - [30/Jul/2021:10:09:37 +0800] "GET /xingrg/kc/buy/cgsh_order_operate.html?command=get_materiel&rest_code=00142&code=00101008366&supplier_code=00100161&order_time=2021-07-30 HTTP/1.1" 200 408
180.156.224.123 - - [30/Jul/2021:10:09:38 +0800] "POST /xingrg/dwr/call/plaincall/AjaxComOrderService.getMaterielSearchList.dwr HTTP/1.1" 200 699
116.230.110.80 - - [30/Jul/2021:10:09:39 +0800] "GET /xingrg/kc/buy/cgsh_order_operate.html?command=get_materiel&rest_code=00155&code=00101008125&supplier_code=00100005&order_time=2021-07-30 HTTP/1.1" 200 413
114.88.154.248 - - [30/Jul/2021:10:09:39 +0800] "GET /xingrg/all/function/internal_message.html?_=1627610880829&CODE_STATE=getMsg HTTP/1.1" 200 27
180.156.224.123 - - [30/Jul/2021:10:09:39 +0800] "POST /xingrg/dwr/call/plaincall/AjaxYddbService.getMaterielByMap.dwr HTTP/1.1" 200 3712
180.169.147.146 - - [30/Jul/2021:10:09:42 +0800] "GET /xingrg/all/function/internal_message.html?_=1627610977872&CODE_STATE=getMsg HTTP/1.1" 302 -
180.156.224.123 - - [30/Jul/2021:10:09:42 +0800] "POST /xingrg/dwr/call/plaincall/AjaxYddbService.saveMaterielItem.dwr HTTP/1.1" 200 79
222.69.128.39 - - [30/Jul/2021:10:09:43 +0800] "GET /xingrg/all/function/internal_message.html?_=1627610979660&CODE_STATE=getMsg HTTP/1.1" 200 27
180.156.224.123 - - [30/Jul/2021:10:09:43 +0800] "POST /xingrg/dwr/call/plaincall/AjaxComOrderService.getMaterielSearchList.dwr HTTP/1.1" 200 77
180.169.147.146 - - [30/Jul/2021:10:09:44 +0800] "GET /xingrg/all/function/internal_message.html?_=1627610982869&CODE_STATE=getMsg HTTP/1.1" 302 -
180.156.224.123 - - [30/Jul/2021:10:09:44 +0800] "POST /xingrg/dwr/call/plaincall/AjaxComOrderService.getMaterielSearchList.dwr HTTP/1.1" 200 303
180.156.224.123 - - [30/Jul/2021:10:09:45 +0800] "POST /xingrg/dwr/call/plaincall/AjaxComOrderService.getMaterielSearchList.dwr HTTP/1.1" 200 303
116.230.110.80 - - [30/Jul/2021:10:09:45 +0800] "GET /xingrg/kc/buy/cgsh_order_operate.html?command=get_materiel&rest_code=00155&code=00101008256&supplier_code=00100005&order_time=2021-07-30 HTTP/1.1" 200 412
180.156.224.123 - - [30/Jul/2021:10:09:46 +0800] "POST /xingrg/dwr/call/plaincall/AjaxYddbService.getMaterielByMap.dwr HTTP/1.1" 200 3746
101.85.94.150 - - [30/Jul/2021:10:09:46 +0800] "GET /xingrg/all/function/internal_message.html?_=1627610968058&CODE_STATE=getMsg HTTP/1.1" 200 27
101.85.94.150 - - [30/Jul/2021:10:09:46 +0800] "GET /xingrg/kc/buy/cgsh_order_operate.html?command=get_materiel&rest_code=00142&code=00101008350&supplier_code=00100161&order_time=2021-07-30 HTTP/1.1" 200 408
116.230.110.80 - - [30/Jul/2021:10:09:46 +0800] "GET /xingrg/check_reg.html?_=1627610967901 HTTP/1.1" 200 22
116.230.110.80 - - [30/Jul/2021:10:09:46 +0800] "GET /xingrg/all/function/internal_message.html?_=1627610967957&CODE_STATE=getMsg HTTP/1.1" 200 27
101.83.145.79 - - [30/Jul/2021:10:09:46 +0800] "GET /xingrg/all/function/internal_message.html?_=1627610984968&CODE_STATE=getMsg HTTP/1.1" 200 27
180.169.147.146 - - [30/Jul/2021:10:09:47 +0800] "GET /xingrg/all/function/internal_message.html?_=1627610977626&CODE_STATE=getMsg HTTP/1.1" 302 -
180.156.224.123 - - [30/Jul/2021:10:09:48 +0800] "POST /xingrg/dwr/call/plaincall/AjaxYddbService.getUnitPrice.dwr HTTP/1.1" 200 88
180.156.224.123 - - [30/Jul/2021:10:09:49 +0800] "GET /xingrg/all/function/internal_message.html?_=1627610985618&CODE_STATE=getMsg HTTP/1.1" 200 27
180.156.224.123 - - [30/Jul/2021:10:09:51 +0800] "POST /xingrg/dwr/call/plaincall/AjaxYddbService.saveMaterielItem.dwr HTTP/1.1" 200 79
116.230.110.80 - - [30/Jul/2021:10:09:51 +0800] "GET /xingrg/kc/buy/cgsh_order_operate.html?command=get_materiel&rest_code=00155&code=00101008156&supplier_code=00100005&order_time=2021-07-30 HTTP/1.1" 200 414
180.156.224.123 - - [30/Jul/2021:10:09:51 +0800] "POST /xingrg/dwr/call/plaincall/AjaxComOrderService.getMaterielSearchList.dwr HTTP/1.1" 200 77
180.174.197.120 - - [30/Jul/2021:10:09:51 +0800] "GET /xingrg/all/function/internal_message.html?_=1627610960720&CODE_STATE=getMsg HTTP/1.1" 200 27
180.169.147.146 - - [30/Jul/2021:10:09:52 +0800] "GET /xingrg/all/function/internal_message.html?_=1627610989270&CODE_STATE=getMsg HTTP/1.1" 302 -
180.169.147.146 - - [30/Jul/2021:10:09:52 +0800] "GET /xingrg/check_reg.html?_=1627610989273 HTTP/1.1" 302 -
180.156.224.123 - - [30/Jul/2021:10:09:53 +0800] "POST /xingrg/dwr/call/plaincall/AjaxComOrderService.getMaterielSearchList.dwr HTTP/1.1" 200 512531
180.156.224.123 - - [30/Jul/2021:10:09:53 +0800] "POST /xingrg/dwr/call/plaincall/AjaxComOrderService.getMaterielSearchList.dwr HTTP/1.1" 200 1387
116.237.74.182 - - [30/Jul/2021:10:09:54 +0800] "GET /xingrg/all/function/internal_message.html?_=1627610987539&CODE_STATE=getMsg HTTP/1.1" 200 27
180.156.224.123 - - [30/Jul/2021:10:09:55 +0800] "POST /xingrg/dwr/call/plaincall/AjaxYddbService.getMaterielByMap.dwr HTTP/1.1" 200 3716
180.169.147.146 - - [30/Jul/2021:10:09:55 +0800] "GET /xingrg/all/function/internal_message.html?_=1627610993765&CODE_STATE=getMsg HTTP/1.1" 302 -
101.85.94.150 - - [30/Jul/2021:10:09:56 +0800] "GET /xingrg/kc/buy/cgsh_order_operate.html?command=get_materiel&rest_code=00142&code=00101008234&supplier_code=00100161&order_time=2021-07-30 HTTP/1.1" 200 408
116.230.110.80 - - [30/Jul/2021:10:09:56 +0800] "GET /xingrg/kc/buy/cgsh_order_operate.html?command=get_materiel&rest_code=00155&code=00101008080&supplier_code=00100005&order_time=2021-07-30 HTTP/1.1" 200 416
180.169.147.146 - - [30/Jul/2021:10:09:57 +0800] "GET /xingrg/all/function/internal_message.html?_=1627610994208&CODE_STATE=getMsg HTTP/1.1" 302 -
180.156.224.123 - - [30/Jul/2021:10:09:58 +0800] "POST /xingrg/dwr/call/plaincall/AjaxYddbService.saveMaterielItem.dwr HTTP/1.1" 200 79
180.156.224.123 - - [30/Jul/2021:10:09:59 +0800] "POST /xingrg/dwr/call/plaincall/AjaxComOrderService.getMaterielSearchList.dwr HTTP/1.1" 200 77
222.70.176.145 - - [30/Jul/2021:10:10:00 +0800] "GET /xingrg/kc/buy/cgsh_order_operate.html?command=get_materiel&rest_code=00111&code=00101006109&supplier_code=00100012&order_time=2021-07-30 HTTP/1.1" 200 409
222.70.176.145 - - [30/Jul/2021:10:10:01 +0800] "GET /xingrg/all/function/internal_message.html?_=1627611033041&CODE_STATE=getMsg HTTP/1.1" 302 -
116.230.110.80 - - [30/Jul/2021:10:10:01 +0800] "GET /xingrg/kc/buy/cgsh_order_operate.html?command=get_materiel&rest_code=00155&code=00101008331&supplier_code=00100005&order_time=2021-07-30 HTTP/1.1" 200 416
180.156.224.123 - - [30/Jul/2021:10:10:03 +0800] "POST /xingrg/dwr/call/plaincall/AjaxComOrderService.getMaterielSearchList.dwr HTTP/1.1" 200 744
116.230.110.80 - - [30/Jul/2021:10:10:03 +0800] "POST /xingrg/kc/buy/cgsh_order_operate.html HTTP/1.1" 200 2065
180.156.224.123 - - [30/Jul/2021:10:10:03 +0800] "POST /xingrg/dwr/call/plaincall/AjaxComOrderService.getMaterielSearchList.dwr HTTP/1.1" 200 744
101.85.94.150 - - [30/Jul/2021:10:10:04 +0800] "GET /xingrg/kc/buy/cgsh_order_operate.html?command=get_materiel&rest_code=00142&code=00101008312&supplier_code=00100161&order_time=2021-07-30 HTTP/1.1" 200 412
180.156.224.123 - - [30/Jul/2021:10:10:06 +0800] "POST /xingrg/dwr/call/plaincall/AjaxYddbService.getMaterielByMap.dwr HTTP/1.1" 200 3732
116.230.110.80 - - [30/Jul/2021:10:10:06 +0800] "GET /xingrg/kc/buy/cgsh_order_operate.html?command=get_materiel&rest_code=00155&code=00101008149&supplier_code=00100005&order_time=2021-07-30 HTTP/1.1" 200 408
180.169.147.146 - - [30/Jul/2021:10:10:06 +0800] "GET /xingrg/all/function/internal_message.html?_=1627611010829&CODE_STATE=getMsg HTTP/1.1" 302 -
101.85.94.150 - - [30/Jul/2021:10:10:07 +0800] "POST /xingrg/kc/buy/cgsh_order_operate.html HTTP/1.1" 200 2065
180.156.224.123 - - [30/Jul/2021:10:10:09 +0800] "POST /xingrg/dwr/call/plaincall/AjaxYddbService.saveMaterielItem.dwr HTTP/1.1" 200 79
180.156.224.123 - - [30/Jul/2021:10:10:10 +0800] "POST /xingrg/dwr/call/plaincall/AjaxComOrderService.getMaterielSearchList.dwr HTTP/1.1" 200 77
116.230.110.80 - - [30/Jul/2021:10:10:11 +0800] "GET /xingrg/kc/buy/cgsh_order_operate.html?command=get_materiel&rest_code=00155&code=00101008185&supplier_code=00100005&order_time=2021-07-30 HTTP/1.1" 200 408
180.156.224.123 - - [30/Jul/2021:10:10:11 +0800] "POST /xingrg/dwr/call/plaincall/AjaxComOrderService.getMaterielSearchList.dwr HTTP/1.1" 200 15947
180.174.197.120 - - [30/Jul/2021:10:10:11 +0800] "GET /xingrg/check_reg.html?_=1627610980189 HTTP/1.1" 200 22
180.156.224.123 - - [30/Jul/2021:10:10:12 +0800] "POST /xingrg/dwr/call/plaincall/AjaxComOrderService.getMaterielSearchList.dwr HTTP/1.1" 200 714
222.70.176.145 - - [30/Jul/2021:10:10:12 +0800] "GET /xingrg/all/function/internal_message.html?_=1627611006130&CODE_STATE=getMsg HTTP/1.1" 200 27
180.156.224.123 - - [30/Jul/2021:10:10:12 +0800] "POST /xingrg/dwr/call/plaincall/AjaxYddbService.getMaterielByMap.dwr HTTP/1.1" 200 3766
101.85.94.150 - - [30/Jul/2021:10:10:13 +0800] "GET /xingrg/kc/buy/cgsh_order_operate.html?command=get_materiel&rest_code=00142&code=00101008264&supplier_code=00100161&order_time=2021-07-30 HTTP/1.1" 200 412
180.169.147.146 - - [30/Jul/2021:10:10:13 +0800] "GET /xingrg/check_reg.html?_=1627611003739 HTTP/1.1" 302 -
222.70.176.145 - - [30/Jul/2021:10:10:15 +0800] "GET /xingrg/kc/buy/cgsh_order_operate.html?command=get_materiel&rest_code=00111&code=00101006111&supplier_code=00100012&order_time=2021-07-30 HTTP/1.1" 200 409
180.156.224.123 - - [30/Jul/2021:10:10:15 +0800] "POST /xingrg/dwr/call/plaincall/AjaxYddbService.getUnitPrice.dwr HTTP/1.1" 200 87
116.230.110.80 - - [30/Jul/2021:10:10:16 +0800] "GET /xingrg/kc/buy/cgsh_order_operate.html?command=get_materiel&rest_code=00155&code=00101008354&supplier_code=00100005&order_time=2021-07-30 HTTP/1.1" 200 412
116.232.50.204 - - [30/Jul/2021:10:10:17 +0800] "GET /xingrg/all/function/internal_message.html?_=1627611025195&CODE_STATE=getMsg HTTP/1.1" 302 -
116.232.50.204 - - [30/Jul/2021:10:10:17 +0800] "GET /xingrg/check_reg.html?_=1627611025196 HTTP/1.1" 302 -
116.232.50.204 - - [30/Jul/2021:10:10:17 +0800] "GET /xingrg/login.html HTTP/1.1" 200 7641
116.232.50.204 - - [30/Jul/2021:10:10:17 +0800] "GET /xingrg/login.html HTTP/1.1" 200 7641
101.85.94.150 - - [30/Jul/2021:10:10:19 +0800] "GET /xingrg/kc/buy/cgsh_order_operate.html?command=get_materiel&rest_code=00142&code=00101016057&supplier_code=00100161&order_time=2021-07-30 HTTP/1.1" 200 408
120.253.135.82 - - [30/Jul/2021:10:10:19 +0800] "GET /xingrg/check_reg.html?_=1627611141822 HTTP/1.1" 200 22
120.253.135.82 - - [30/Jul/2021:10:10:19 +0800] "GET /xingrg/all/function/internal_message.html?_=1627611141879&CODE_STATE=getMsg HTTP/1.1" 200 27
116.230.110.80 - - [30/Jul/2021:10:10:21 +0800] "GET /xingrg/kc/buy/cgsh_order_operate.html?command=get_materiel&rest_code=00155&code=00101008096&supplier_code=00100005&order_time=2021-07-30 HTTP/1.1" 200 412
58.40.7.146 - - [30/Jul/2021:10:10:23 +0800] "GET /xingrg/all/function/internal_message.html?_=1627611020022&CODE_STATE=getMsg HTTP/1.1" 302 -
180.156.224.123 - - [30/Jul/2021:10:10:23 +0800] "POST /xingrg/dwr/call/plaincall/AjaxYddbService.saveMaterielItem.dwr HTTP/1.1" 200 79
180.156.224.123 - - [30/Jul/2021:10:10:24 +0800] "POST /xingrg/dwr/call/plaincall/AjaxComOrderService.getMaterielSearchList.dwr HTTP/1.1" 200 77
222.70.246.151 - - [30/Jul/2021:10:10:26 +0800] "GET /xingrg/all/function/internal_message.html?_=1627611027831&CODE_STATE=getMsg HTTP/1.1" 302 -
222.70.176.145 - - [30/Jul/2021:10:10:26 +0800] "GET /xingrg/kc/buy/cgsh_order_operate.html?command=get_materiel&rest_code=00111&code=00101011010&supplier_code=00100012&order_time=2021-07-30 HTTP/1.1" 200 418
101.85.94.150 - - [30/Jul/2021:10:10:26 +0800] "GET /xingrg/kc/buy/cgsh_order_operate.html?command=get_materiel&rest_code=00142&code=00101008298&supplier_code=00100161&order_time=2021-07-30 HTTP/1.1" 200 412
116.230.110.80 - - [30/Jul/2021:10:10:27 +0800] "GET /xingrg/kc/buy/cgsh_order_operate.html?command=get_materiel&rest_code=00155&code=00101008163&supplier_code=00100005&order_time=2021-07-30 HTTP/1.1" 200 408
180.156.224.123 - - [30/Jul/2021:10:10:28 +0800] "POST /xingrg/dwr/call/plaincall/AjaxComOrderService.getMaterielSearchList.dwr HTTP/1.1" 200 512531
180.156.224.123 - - [30/Jul/2021:10:10:28 +0800] "POST /xingrg/dwr/call/plaincall/AjaxComOrderService.getMaterielSearchList.dwr HTTP/1.1" 200 1556
101.83.145.79 - - [30/Jul/2021:10:10:29 +0800] "GET /xingrg/kc/buy/cgsh_order_add.html HTTP/1.1" 200 62925
101.83.145.79 - - [30/Jul/2021:10:10:29 +0800] "GET /xingrg/words/20210729165926_words.js HTTP/1.1" 304 -
101.83.145.79 - - [30/Jul/2021:10:10:29 +0800] "POST /xingrg/kc/buy/cgsh_order_operate.html HTTP/1.1" 200 8245
101.83.145.79 - - [30/Jul/2021:10:10:29 +0800] "GET /xingrg/javascript/easyui/themes/default/validatebox.css HTTP/1.1" 404 1104
116.230.110.80 - - [30/Jul/2021:10:10:29 +0800] "POST /xingrg/kc/buy/cgsh_order_operate.html HTTP/1.1" 200 2065
180.156.224.123 - - [30/Jul/2021:10:10:30 +0800] "POST /xingrg/dwr/call/plaincall/AjaxYddbService.getMaterielByMap.dwr HTTP/1.1" 200 3729
101.83.145.79 - - [30/Jul/2021:10:10:31 +0800] "GET /xingrg/javascript/auto/indicator.gif HTTP/1.1" 404 1066
180.156.224.123 - - [30/Jul/2021:10:10:31 +0800] "GET /xingrg/all/function/internal_message.html?_=1627610989855&CODE_STATE=getMsg HTTP/1.1" 200 27
222.70.176.145 - - [30/Jul/2021:10:10:34 +0800] "GET /xingrg/kc/buy/cgsh_order_operate.html?command=get_materiel&rest_code=00111&code=00101006038&supplier_code=00100012&order_time=2021-07-30 HTTP/1.1" 200 421
116.230.110.80 - - [30/Jul/2021:10:10:34 +0800] "GET /xingrg/kc/buy/cgsh_order_operate.html?command=get_materiel&rest_code=00155&code=00101008101&supplier_code=00100005&order_time=2021-07-30 HTTP/1.1" 200 412
180.156.224.123 - - [30/Jul/2021:10:10:34 +0800] "POST /xingrg/dwr/call/plaincall/AjaxYddbService.saveMaterielItem.dwr HTTP/1.1" 200 79
101.85.94.150 - - [30/Jul/2021:10:10:34 +0800] "GET /xingrg/kc/buy/cgsh_order_operate.html?command=get_materiel&rest_code=00142&code=00101008300&supplier_code=00100161&order_time=2021-07-30 HTTP/1.1" 200 412
114.88.154.248 - - [30/Jul/2021:10:10:39 +0800] "GET /xingrg/check_reg.html?_=1627610940826 HTTP/1.1" 200 22
114.88.154.248 - - [30/Jul/2021:10:10:39 +0800] "GET /xingrg/all/function/internal_message.html?_=1627610940825&CODE_STATE=getMsg HTTP/1.1" 200 27
180.169.147.146 - - [30/Jul/2021:10:10:42 +0800] "GET /xingrg/all/function/internal_message.html?_=1627611037873&CODE_STATE=getMsg HTTP/1.1" 302 -
101.85.94.150 - - [30/Jul/2021:10:10:42 +0800] "GET /xingrg/kc/buy/cgsh_order_operate.html?command=get_materiel&rest_code=00142&code=00101008144&supplier_code=00100161&order_time=2021-07-30 HTTP/1.1" 200 412
222.69.128.39 - - [30/Jul/2021:10:10:43 +0800] "GET /xingrg/all/function/internal_message.html?_=1627611039685&CODE_STATE=getMsg HTTP/1.1" 200 27
180.169.147.146 - - [30/Jul/2021:10:10:44 +0800] "GET /xingrg/all/function/internal_message.html?_=1627611042872&CODE_STATE=getMsg HTTP/1.1" 302 -
101.85.94.150 - - [30/Jul/2021:10:10:44 +0800] "POST /xingrg/kc/buy/cgsh_order_operate.html HTTP/1.1" 200 2065
101.85.94.150 - - [30/Jul/2021:10:10:46 +0800] "GET /xingrg/all/function/internal_message.html?_=1627611028031&CODE_STATE=getMsg HTTP/1.1" 200 27
116.230.110.80 - - [30/Jul/2021:10:10:46 +0800] "GET /xingrg/all/function/internal_message.html?_=1627611028088&CODE_STATE=getMsg HTTP/1.1" 200 27
101.83.145.79 - - [30/Jul/2021:10:10:46 +0800] "GET /xingrg/all/function/internal_message.html?_=1627611044973&CODE_STATE=getMsg HTTP/1.1" 200 27
101.83.145.79 - - [30/Jul/2021:10:10:46 +0800] "GET /xingrg/check_reg.html?_=1627611044977 HTTP/1.1" 200 22
180.169.147.146 - - [30/Jul/2021:10:10:47 +0800] "GET /xingrg/all/function/internal_message.html?_=1627611037596&CODE_STATE=getMsg HTTP/1.1" 302 -
222.70.176.145 - - [30/Jul/2021:10:10:48 +0800] "GET /xingrg/kc/buy/cgsh_order_operate.html?command=get_materiel&rest_code=00111&code=00101006133&supplier_code=00100012&order_time=2021-07-30 HTTP/1.1" 200 413
180.156.224.123 - - [30/Jul/2021:10:10:49 +0800] "GET /xingrg/all/function/internal_message.html?_=1627611045622&CODE_STATE=getMsg HTTP/1.1" 200 27
116.230.110.80 - - [30/Jul/2021:10:10:51 +0800] "GET /xingrg/kc/buy/cgsh_order_operate.html?command=get_materiel&rest_code=00155&code=00101008361&supplier_code=00100005&order_time=2021-07-30 HTTP/1.1" 200 408
180.174.197.120 - - [30/Jul/2021:10:10:51 +0800] "GET /xingrg/all/function/internal_message.html?_=1627611020732&CODE_STATE=getMsg HTTP/1.1" 200 27
180.169.147.146 - - [30/Jul/2021:10:10:52 +0800] "GET /xingrg/all/function/internal_message.html?_=1627611049282&CODE_STATE=getMsg HTTP/1.1" 302 -
101.85.94.150 - - [30/Jul/2021:10:10:53 +0800] "GET /xingrg/kc/buy/cgsh_order_operate.html?command=get_materiel&rest_code=00142&code=00101008314&supplier_code=00100161&order_time=2021-07-30 HTTP/1.1" 200 413
180.156.224.123 - - [30/Jul/2021:10:10:53 +0800] "POST /xingrg/dwr/call/plaincall/AjaxYddbService.checkOrder.dwr HTTP/1.1" 200 79
116.237.74.182 - - [30/Jul/2021:10:10:54 +0800] "GET /xingrg/all/function/internal_message.html?_=1627611047536&CODE_STATE=getMsg HTTP/1.1" 200 27
180.156.224.123 - - [30/Jul/2021:10:10:55 +0800] "GET /xingrg/kc/base/yddb_order_info.html?code=482021073000187 HTTP/1.1" 200 29467
180.156.224.123 - - [30/Jul/2021:10:10:55 +0800] "GET /xingrg/dwr/interface/AjaxYddbService.js HTTP/1.1" 200 13201
180.156.224.123 - - [30/Jul/2021:10:10:55 +0800] "GET /xingrg/dwr/interface/AjaxComOrderService.js HTTP/1.1" 200 18264
180.156.224.123 - - [30/Jul/2021:10:10:55 +0800] "GET /xingrg/dwr/engine.js HTTP/1.1" 200 43631
180.156.224.123 - - [30/Jul/2021:10:10:55 +0800] "POST /xingrg/dwr/call/plaincall/AjaxYddbService.loadMaterielItems.dwr HTTP/1.1" 200 2923
180.169.147.146 - - [30/Jul/2021:10:10:55 +0800] "GET /xingrg/all/function/internal_message.html?_=1627611053770&CODE_STATE=getMsg HTTP/1.1" 302 -
180.169.147.146 - - [30/Jul/2021:10:10:57 +0800] "GET /xingrg/all/function/internal_message.html?_=1627611054225&CODE_STATE=getMsg HTTP/1.1" 302 -
116.230.110.80 - - [30/Jul/2021:10:10:58 +0800] "GET /xingrg/kc/buy/cgsh_order_operate.html?command=get_materiel&rest_code=00155&code=00101008355&supplier_code=00100005&order_time=2021-07-30 HTTP/1.1" 200 408
101.83.145.79 - - [30/Jul/2021:10:10:59 +0800] "GET /xingrg/kc/buy/cgsh_order_operate.html?command=get_materiel&rest_code=00105&code=00101018018&supplier_code=00100330&order_time=2021-07-30 HTTP/1.1" 200 419
180.156.224.123 - - [30/Jul/2021:10:11:00 +0800] "GET /xingrg/kc/base/yddb_order_add.html HTTP/1.1" 200 29833
