120.253.135.82 - - [25/Jul/2021:08:45:38 +0800] "GET /xingrg/kc/buy/cgsh_order_operate.html?command=get_materiel&rest_code=00101&code=00101014016&supplier_code=00100137&order_time=2021-07-25 HTTP/1.1" 200 433
180.174.197.120 - - [25/Jul/2021:08:45:38 +0800] "GET /xingrg/all/function/internal_message.html?_=1627173938488&CODE_STATE=getMsg HTTP/1.1" 200 27
222.70.176.145 - - [25/Jul/2021:08:45:48 +0800] "GET /xingrg/kc/buy/cgsh_order_operate.html?command=get_materiel&rest_code=00111&code=00101008283&supplier_code=00100005&order_time=2021-07-25 HTTP/1.1" 200 408
116.237.74.182 - - [25/Jul/2021:08:45:51 +0800] "GET /xingrg/all/function/internal_message.html?_=1627173944788&CODE_STATE=getMsg HTTP/1.1" 200 27
120.253.135.82 - - [25/Jul/2021:08:45:51 +0800] "POST /xingrg/kc/buy/cgsh_order_operate.html HTTP/1.1" 200 37
120.253.135.82 - - [25/Jul/2021:08:45:52 +0800] "POST /xingrg/kc/buy/cgsh_order_operate.html HTTP/1.1" 200 2665
222.70.176.145 - - [25/Jul/2021:08:45:55 +0800] "GET /xingrg/all/function/internal_message.html?_=1627173950326&CODE_STATE=getMsg HTTP/1.1" 200 27
120.253.135.82 - - [25/Jul/2021:08:45:56 +0800] "GET /xingrg/kc/print/load_data.html?order_code=212021072511542&kc_code=cgsh&condition= HTTP/1.1" 200 722
222.70.176.145 - - [25/Jul/2021:08:45:57 +0800] "GET /xingrg/kc/buy/cgsh_order_operate.html?command=get_materiel&rest_code=00111&code=00101008149&supplier_code=00100005&order_time=2021-07-25 HTTP/1.1" 200 408
116.235.222.38 - - [25/Jul/2021:08:46:02 +0800] "GET /xingrg/all/function/internal_message.html?_=1627173962298&CODE_STATE=getMsg HTTP/1.1" 200 27
180.156.224.123 - - [25/Jul/2021:08:46:03 +0800] "GET /xingrg/all/function/internal_message.html?_=1627173931546&CODE_STATE=getMsg HTTP/1.1" 200 27
222.70.176.145 - - [25/Jul/2021:08:46:07 +0800] "GET /xingrg/kc/buy/cgsh_order_operate.html?command=get_materiel&rest_code=00111&code=00101008038&supplier_code=00100005&order_time=2021-07-25 HTTP/1.1" 200 412
222.70.176.145 - - [25/Jul/2021:08:46:14 +0800] "GET /xingrg/kc/buy/cgsh_order_operate.html?command=get_materiel&rest_code=00111&code=00101008148&supplier_code=00100005&order_time=2021-07-25 HTTP/1.1" 200 418
101.83.145.79 - - [25/Jul/2021:08:46:15 +0800] "GET /xingrg/kc/buy/cgsh_order_operate.html?command=get_materiel&rest_code=00105&code=00101008132&supplier_code=00100203&order_time=2021-07-25 HTTP/1.1" 200 408
116.230.110.80 - - [25/Jul/2021:08:46:16 +0800] "GET /xingrg/all/function/internal_message.html?_=1627173970763&CODE_STATE=getMsg HTTP/1.1" 200 27
101.83.145.79 - - [25/Jul/2021:08:46:19 +0800] "POST /xingrg/kc/buy/cgsh_order_operate.html HTTP/1.1" 200 2065
101.83.145.79 - - [25/Jul/2021:08:46:22 +0800] "POST /xingrg/kc/buy/cgsh_order_operate.html HTTP/1.1" 200 2065
180.162.138.42 - - [25/Jul/2021:08:46:22 +0800] "GET /xingrg/all/function/internal_message.html?_=1627173981950&CODE_STATE=getMsg HTTP/1.1" 302 -
180.162.138.42 - - [25/Jul/2021:08:46:22 +0800] "GET /xingrg/check_reg.html?_=1627173981951 HTTP/1.1" 302 -
180.162.138.42 - - [25/Jul/2021:08:46:22 +0800] "GET /xingrg/login.html HTTP/1.1" 200 7641
180.162.138.42 - - [25/Jul/2021:08:46:22 +0800] "GET /xingrg/login.html HTTP/1.1" 200 7641
222.70.176.145 - - [25/Jul/2021:08:46:24 +0800] "GET /xingrg/kc/buy/cgsh_order_operate.html?command=get_materiel&rest_code=00111&code=00101008264&supplier_code=00100005&order_time=2021-07-25 HTTP/1.1" 200 412
101.83.145.79 - - [25/Jul/2021:08:46:25 +0800] "GET /xingrg/all/function/internal_message.html?_=1627173986438&CODE_STATE=getMsg HTTP/1.1" 200 27
114.86.225.230 - - [25/Jul/2021:08:46:25 +0800] "GET /favicon.ico HTTP/1.1" 404 -
114.83.222.60 - - [25/Jul/2021:08:46:29 +0800] "GET /xingrg/all/function/internal_message.html?_=1627173987030&CODE_STATE=getMsg HTTP/1.1" 200 27
116.230.110.80 - - [25/Jul/2021:08:46:29 +0800] "GET /xingrg/check_reg.html?_=1627173983839 HTTP/1.1" 200 22
120.253.135.82 - - [25/Jul/2021:08:46:30 +0800] "GET /xingrg/all/function/internal_message.html?_=1627173769251&CODE_STATE=getMsg HTTP/1.1" 200 27
222.70.176.145 - - [25/Jul/2021:08:46:33 +0800] "GET /xingrg/kc/buy/cgsh_order_operate.html?command=get_materiel&rest_code=00111&code=00101008356&supplier_code=00100005&order_time=2021-07-25 HTTP/1.1" 200 409
180.174.197.120 - - [25/Jul/2021:08:46:34 +0800] "GET /xingrg/all/function/internal_message.html?_=1627173965553&CODE_STATE=getMsg HTTP/1.1" 200 27
180.174.197.120 - - [25/Jul/2021:08:46:38 +0800] "GET /xingrg/all/function/internal_message.html?_=1627173998500&CODE_STATE=getMsg HTTP/1.1" 200 27
222.70.176.145 - - [25/Jul/2021:08:46:42 +0800] "GET /xingrg/kc/buy/cgsh_order_operate.html?command=get_materiel&rest_code=00111&code=00101008137&supplier_code=00100005&order_time=2021-07-25 HTTP/1.1" 200 408
101.83.145.79 - - [25/Jul/2021:08:46:45 +0800] "GET /xingrg/kc/buy/cgsh_order_operate.html?command=get_materiel&rest_code=00105&code=00101008244&supplier_code=00100203&order_time=2021-07-25 HTTP/1.1" 200 408
222.70.176.145 - - [25/Jul/2021:08:46:50 +0800] "GET /xingrg/kc/buy/cgsh_order_operate.html?command=get_materiel&rest_code=00111&code=00101008077&supplier_code=00100005&order_time=2021-07-25 HTTP/1.1" 200 416
116.237.74.182 - - [25/Jul/2021:08:46:51 +0800] "GET /xingrg/check_reg.html?_=1627174004788 HTTP/1.1" 200 22
116.237.74.182 - - [25/Jul/2021:08:46:51 +0800] "GET /xingrg/all/function/internal_message.html?_=1627174004791&CODE_STATE=getMsg HTTP/1.1" 200 27
180.156.224.123 - - [25/Jul/2021:08:46:54 +0800] "GET /xingrg/check_reg.html?_=1627173982011 HTTP/1.1" 200 22
222.70.176.145 - - [25/Jul/2021:08:46:55 +0800] "GET /xingrg/all/function/internal_message.html?_=1627174010328&CODE_STATE=getMsg HTTP/1.1" 200 27
222.70.176.145 - - [25/Jul/2021:08:46:58 +0800] "GET /xingrg/kc/buy/cgsh_order_operate.html?command=get_materiel&rest_code=00111&code=00101008286&supplier_code=00100005&order_time=2021-07-25 HTTP/1.1" 200 408
116.235.222.38 - - [25/Jul/2021:08:47:02 +0800] "GET /xingrg/check_reg.html?_=1627174022258 HTTP/1.1" 200 22
116.235.222.38 - - [25/Jul/2021:08:47:02 +0800] "GET /xingrg/all/function/internal_message.html?_=1627174022294&CODE_STATE=getMsg HTTP/1.1" 200 27
180.174.197.120 - - [25/Jul/2021:08:47:02 +0800] "GET /xingrg/javascript/jquery_easy_ui/themes/icons/area.png HTTP/1.1" 304 -
180.174.197.120 - - [25/Jul/2021:08:47:02 +0800] "GET /xingrg/javascript/jquery_easy_ui/themes/icons/rest.png HTTP/1.1" 304 -
180.156.224.123 - - [25/Jul/2021:08:47:03 +0800] "GET /xingrg/all/function/internal_message.html?_=1627173991555&CODE_STATE=getMsg HTTP/1.1" 200 27
101.83.145.79 - - [25/Jul/2021:08:47:04 +0800] "GET /xingrg/kc/buy/cgsh_order_operate.html?command=get_materiel&rest_code=00105&code=00101008224&supplier_code=00100203&order_time=2021-07-25 HTTP/1.1" 200 416
180.174.197.120 - - [25/Jul/2021:08:47:08 +0800] "GET /xingrg/css/base.css HTTP/1.1" 304 -
180.174.197.120 - - [25/Jul/2021:08:47:08 +0800] "GET /xingrg/css/site.css HTTP/1.1" 304 -
180.174.197.120 - - [25/Jul/2021:08:47:08 +0800] "GET /xingrg/javascript/jquery_tools/datebox.css HTTP/1.1" 304 -
180.174.197.120 - - [25/Jul/2021:08:47:08 +0800] "GET /xingrg/javascript/easyui/themes/default/easyui.css HTTP/1.1" 304 -
180.174.197.120 - - [25/Jul/2021:08:47:08 +0800] "GET /xingrg/javascript/easyui/themes/icon.css HTTP/1.1" 304 -
180.174.197.120 - - [25/Jul/2021:08:47:08 +0800] "GET /xingrg/javascript/jquery_tools/fix.css HTTP/1.1" 304 -
180.174.197.120 - - [25/Jul/2021:08:47:08 +0800] "GET /xingrg/javascript/jquery_tools/table.css HTTP/1.1" 304 -
180.174.197.120 - - [25/Jul/2021:08:47:08 +0800] "GET /xingrg/javascript/jquery_tools/jquery.tools.table.js HTTP/1.1" 304 -
180.174.197.120 - - [25/Jul/2021:08:47:08 +0800] "GET /xingrg/javascript/jquery_tools/jquery.tools.hotkey.js HTTP/1.1" 304 -
180.174.197.120 - - [25/Jul/2021:08:47:08 +0800] "GET /xingrg/javascript/jquery_tools/jquery.tools.extend.js HTTP/1.1" 304 -
180.174.197.120 - - [25/Jul/2021:08:47:08 +0800] "GET /xingrg/javascript/jquery_tools/list_manager.js HTTP/1.1" 304 -
180.174.197.120 - - [25/Jul/2021:08:47:08 +0800] "GET /xingrg/kc/buy/cgsh_order_list.html HTTP/1.1" 200 47140
180.174.197.120 - - [25/Jul/2021:08:47:08 +0800] "GET /xingrg/javascript/jquery.cookie.js HTTP/1.1" 304 -
180.174.197.120 - - [25/Jul/2021:08:47:08 +0800] "GET /xingrg/javascript/easyui/easyloader.js HTTP/1.1" 304 -
180.174.197.120 - - [25/Jul/2021:08:47:08 +0800] "GET /xingrg/javascript/jquery_tools/jquery.tools.min.js HTTP/1.1" 304 -
222.70.176.145 - - [25/Jul/2021:08:47:09 +0800] "GET /xingrg/kc/buy/cgsh_order_operate.html?command=get_materiel&rest_code=00111&code=00101008318&supplier_code=00100005&order_time=2021-07-25 HTTP/1.1" 200 408
180.174.197.120 - - [25/Jul/2021:08:47:09 +0800] "GET /xingrg/javascript/easyui/themes/icons/edit_add_new.png HTTP/1.1" 304 -
180.174.197.120 - - [25/Jul/2021:08:47:09 +0800] "GET /xingrg/javascript/easyui/themes/icons/cance_new.png HTTP/1.1" 304 -
180.174.197.120 - - [25/Jul/2021:08:47:09 +0800] "GET /xingrg/javascript/easyui/themes/icons/check_new.png HTTP/1.1" 304 -
180.174.197.120 - - [25/Jul/2021:08:47:09 +0800] "GET /xingrg/javascript/easyui/themes/icons/field_new.png HTTP/1.1" 304 -
180.174.197.120 - - [25/Jul/2021:08:47:09 +0800] "GET /xingrg/javascript/easyui/themes/icons/import_new.png HTTP/1.1" 304 -
180.174.197.120 - - [25/Jul/2021:08:47:09 +0800] "GET /xingrg/javascript/easyui/plugins/jquery.parser.js HTTP/1.1" 304 -
180.174.197.120 - - [25/Jul/2021:08:47:09 +0800] "GET /xingrg/images/control/ajaxLoader.gif HTTP/1.1" 304 -
180.174.197.120 - - [25/Jul/2021:08:47:10 +0800] "POST /xingrg/kc/buy/cgsh_list_operate.html HTTP/1.1" 200 876
180.174.197.120 - - [25/Jul/2021:08:47:10 +0800] "GET /xingrg/javascript/easyui/themes/default/images/button_plain_hover.png HTTP/1.1" 304 -
180.174.197.120 - - [25/Jul/2021:08:47:11 +0800] "GET /xingrg/javascript/jquery_tools/order_manager.js HTTP/1.1" 304 -
180.174.197.120 - - [25/Jul/2021:08:47:11 +0800] "GET /xingrg/javascript/convert.js HTTP/1.1" 304 -
180.174.197.120 - - [25/Jul/2021:08:47:11 +0800] "GET /xingrg/javascript/json2.js HTTP/1.1" 304 -
180.174.197.120 - - [25/Jul/2021:08:47:11 +0800] "GET /xingrg/kc/buy/cgsh_order_add.html HTTP/1.1" 200 62837
101.83.145.79 - - [25/Jul/2021:08:47:11 +0800] "GET /xingrg/kc/buy/cgsh_order_operate.html?command=get_materiel&rest_code=00105&code=00101008003&supplier_code=00100203&order_time=2021-07-25 HTTP/1.1" 200 408
180.174.197.120 - - [25/Jul/2021:08:47:12 +0800] "GET /xingrg/javascript/easyui/themes/icons/copy_new.png HTTP/1.1" 304 -
180.174.197.120 - - [25/Jul/2021:08:47:12 +0800] "GET /xingrg/javascript/easyui/themes/icons/template_new.png HTTP/1.1" 304 -
180.174.197.120 - - [25/Jul/2021:08:47:12 +0800] "GET /xingrg/javascript/easyui/themes/icons/ok.png HTTP/1.1" 304 -
180.174.197.120 - - [25/Jul/2021:08:47:12 +0800] "GET /xingrg/javascript/easyui/themes/icons/print.png HTTP/1.1" 304 -
180.174.197.120 - - [25/Jul/2021:08:47:12 +0800] "GET /xingrg/javascript/easyui/themes/default/images/menu_downarrow.png HTTP/1.1" 304 -
180.174.197.120 - - [25/Jul/2021:08:47:12 +0800] "GET /xingrg/javascript/easyui/themes/icons/cancel.png HTTP/1.1" 304 -
180.174.197.120 - - [25/Jul/2021:08:47:12 +0800] "POST /xingrg/kc/buy/cgsh_order_operate.html HTTP/1.1" 200 8245
180.174.197.120 - - [25/Jul/2021:08:47:12 +0800] "GET /xingrg/javascript/easyui/themes/icons/edit_remove.png HTTP/1.1" 304 -
180.174.197.120 - - [25/Jul/2021:08:47:12 +0800] "GET /xingrg/all/common/auto_word.html?type=employee&rest_code=00102 HTTP/1.1" 200 189
180.174.197.120 - - [25/Jul/2021:08:47:12 +0800] "GET /xingrg/all/common/auto_word.html?type=employee&rest_code=00102 HTTP/1.1" 200 189
180.174.197.120 - - [25/Jul/2021:08:47:12 +0800] "GET /xingrg/javascript/easyui/themes/default/validatebox.css HTTP/1.1" 404 1104
180.174.197.120 - - [25/Jul/2021:08:47:12 +0800] "GET /xingrg/javascript/easyui/plugins/jquery.validatebox.js HTTP/1.1" 304 -
180.174.197.120 - - [25/Jul/2021:08:47:12 +0800] "GET /xingrg/javascript/easyui/plugins/jquery.numberbox.js HTTP/1.1" 304 -
180.174.197.120 - - [25/Jul/2021:08:47:13 +0800] "GET /xingrg/javascript/auto/indicator.gif HTTP/1.1" 404 1066
222.70.176.145 - - [25/Jul/2021:08:47:16 +0800] "GET /xingrg/kc/buy/cgsh_order_operate.html?command=get_materiel&rest_code=00111&code=00101008131&supplier_code=00100005&order_time=2021-07-25 HTTP/1.1" 200 408
116.230.110.80 - - [25/Jul/2021:08:47:16 +0800] "GET /xingrg/all/function/internal_message.html?_=1627174030754&CODE_STATE=getMsg HTTP/1.1" 200 27
101.83.145.79 - - [25/Jul/2021:08:47:19 +0800] "GET /xingrg/kc/buy/cgsh_order_operate.html?command=get_materiel&rest_code=00105&code=00101008301&supplier_code=00100203&order_time=2021-07-25 HTTP/1.1" 200 422
180.162.138.42 - - [25/Jul/2021:08:47:22 +0800] "GET /xingrg/all/function/internal_message.html?_=1627174041952&CODE_STATE=getMsg HTTP/1.1" 302 -
180.162.138.42 - - [25/Jul/2021:08:47:22 +0800] "GET /xingrg/login.html HTTP/1.1" 200 7641
180.174.197.120 - - [25/Jul/2021:08:47:24 +0800] "GET /xingrg/kc/buy/cgsh_order_operate.html?command=get_materiel&rest_code=00102&code=00102011043&supplier_code=00100151&order_time=2021-07-25 HTTP/1.1" 200 409
101.83.145.79 - - [25/Jul/2021:08:47:24 +0800] "GET /xingrg/kc/buy/cgsh_order_operate.html?command=get_materiel&rest_code=00105&code=00101008063&supplier_code=00100203&order_time=2021-07-25 HTTP/1.1" 200 412
101.83.145.79 - - [25/Jul/2021:08:47:25 +0800] "GET /xingrg/check_reg.html?_=1627174046435 HTTP/1.1" 200 22
101.83.145.79 - - [25/Jul/2021:08:47:25 +0800] "GET /xingrg/all/function/internal_message.html?_=1627174046438&CODE_STATE=getMsg HTTP/1.1" 200 27
114.83.222.60 - - [25/Jul/2021:08:47:29 +0800] "GET /xingrg/all/function/internal_message.html?_=1627174047030&CODE_STATE=getMsg HTTP/1.1" 200 27
120.253.135.82 - - [25/Jul/2021:08:47:30 +0800] "GET /xingrg/all/function/internal_message.html?_=1627173829263&CODE_STATE=getMsg HTTP/1.1" 200 27
180.174.197.120 - - [25/Jul/2021:08:47:34 +0800] "GET /xingrg/check_reg.html?_=1627174025497 HTTP/1.1" 200 22
180.174.197.120 - - [25/Jul/2021:08:47:34 +0800] "GET /xingrg/all/function/internal_message.html?_=1627174025567&CODE_STATE=getMsg HTTP/1.1" 200 27
101.83.145.79 - - [25/Jul/2021:08:47:35 +0800] "GET /xingrg/kc/buy/cgsh_order_operate.html?command=get_materiel&rest_code=00105&code=00101008137&supplier_code=00100203&order_time=2021-07-25 HTTP/1.1" 200 408
180.174.197.120 - - [25/Jul/2021:08:47:38 +0800] "GET /xingrg/check_reg.html?_=1627174058375 HTTP/1.1" 200 22
180.174.197.120 - - [25/Jul/2021:08:47:38 +0800] "GET /xingrg/all/function/internal_message.html?_=1627174058516&CODE_STATE=getMsg HTTP/1.1" 200 27
101.83.145.79 - - [25/Jul/2021:08:47:49 +0800] "GET /xingrg/kc/buy/cgsh_order_operate.html?command=get_materiel&rest_code=00105&code=00101008286&supplier_code=00100203&order_time=2021-07-25 HTTP/1.1" 200 408
222.70.176.145 - - [25/Jul/2021:08:47:49 +0800] "GET /xingrg/kc/buy/cgsh_order_operate.html?command=get_materiel&rest_code=00111&code=00101008213&supplier_code=00100005&order_time=2021-07-25 HTTP/1.1" 200 412
116.237.74.182 - - [25/Jul/2021:08:47:51 +0800] "GET /xingrg/all/function/internal_message.html?_=1627174064790&CODE_STATE=getMsg HTTP/1.1" 200 27
101.83.145.79 - - [25/Jul/2021:08:47:54 +0800] "GET /xingrg/kc/buy/cgsh_order_operate.html?command=get_materiel&rest_code=00105&code=00101008131&supplier_code=00100203&order_time=2021-07-25 HTTP/1.1" 200 408
222.70.176.145 - - [25/Jul/2021:08:47:55 +0800] "GET /xingrg/all/function/internal_message.html?_=1627174070373&CODE_STATE=getMsg HTTP/1.1" 200 27
101.83.145.79 - - [25/Jul/2021:08:47:58 +0800] "POST /xingrg/kc/buy/cgsh_order_operate.html HTTP/1.1" 200 2065
222.70.176.145 - - [25/Jul/2021:08:47:58 +0800] "GET /xingrg/kc/buy/cgsh_order_operate.html?command=get_materiel&rest_code=00111&code=00101008101&supplier_code=00100005&order_time=2021-07-25 HTTP/1.1" 200 412
101.83.145.79 - - [25/Jul/2021:08:47:59 +0800] "POST /xingrg/kc/buy/cgsh_order_operate.html HTTP/1.1" 200 2065
116.235.222.38 - - [25/Jul/2021:08:48:02 +0800] "GET /xingrg/all/function/internal_message.html?_=1627174082265&CODE_STATE=getMsg HTTP/1.1" 200 27
180.156.224.123 - - [25/Jul/2021:08:48:03 +0800] "GET /xingrg/all/function/internal_message.html?_=1627174051569&CODE_STATE=getMsg HTTP/1.1" 200 27
101.83.145.79 - - [25/Jul/2021:08:48:10 +0800] "GET /xingrg/kc/buy/cgsh_order_operate.html?command=get_materiel&rest_code=00105&code=00101008108&supplier_code=00100203&order_time=2021-07-25 HTTP/1.1" 200 412
116.230.110.80 - - [25/Jul/2021:08:48:16 +0800] "GET /xingrg/all/function/internal_message.html?_=1627174090744&CODE_STATE=getMsg HTTP/1.1" 200 27
101.83.145.79 - - [25/Jul/2021:08:48:19 +0800] "GET /xingrg/kc/buy/cgsh_order_operate.html?command=get_materiel&rest_code=00105&code=00101008098&supplier_code=00100203&order_time=2021-07-25 HTTP/1.1" 200 412
180.162.138.42 - - [25/Jul/2021:08:48:22 +0800] "GET /xingrg/all/function/internal_message.html?_=1627174101955&CODE_STATE=getMsg HTTP/1.1" 302 -
180.162.138.42 - - [25/Jul/2021:08:48:22 +0800] "GET /xingrg/login.html HTTP/1.1" 200 7641
101.83.145.79 - - [25/Jul/2021:08:48:25 +0800] "GET /xingrg/all/function/internal_message.html?_=1627174106485&CODE_STATE=getMsg HTTP/1.1" 200 27
114.83.222.60 - - [25/Jul/2021:08:48:29 +0800] "GET /xingrg/all/function/internal_message.html?_=1627174107037&CODE_STATE=getMsg HTTP/1.1" 200 27
120.253.135.82 - - [25/Jul/2021:08:48:30 +0800] "GET /xingrg/all/function/internal_message.html?_=1627173889335&CODE_STATE=getMsg HTTP/1.1" 200 27
101.83.145.79 - - [25/Jul/2021:08:48:32 +0800] "GET /xingrg/kc/buy/cgsh_order_operate.html?command=get_materiel&rest_code=00105&code=00101008213&supplier_code=00100203&order_time=2021-07-25 HTTP/1.1" 200 412
180.169.147.146 - - [25/Jul/2021:08:48:32 +0800] "GET /xingrg/check_reg.html?_=1627174111694 HTTP/1.1" 200 22
180.174.197.120 - - [25/Jul/2021:08:48:34 +0800] "GET /xingrg/all/function/internal_message.html?_=1627174085580&CODE_STATE=getMsg HTTP/1.1" 200 27
180.174.197.120 - - [25/Jul/2021:08:48:38 +0800] "GET /xingrg/all/function/internal_message.html?_=1627174118529&CODE_STATE=getMsg HTTP/1.1" 200 27
101.83.145.79 - - [25/Jul/2021:08:48:39 +0800] "GET /xingrg/kc/buy/cgsh_order_operate.html?command=get_materiel&rest_code=00105&code=00101008004&supplier_code=00100203&order_time=2021-07-25 HTTP/1.1" 200 416
101.83.145.79 - - [25/Jul/2021:08:48:49 +0800] "GET /xingrg/kc/buy/cgsh_order_operate.html?command=get_materiel&rest_code=00105&code=00101008276&supplier_code=00100203&order_time=2021-07-25 HTTP/1.1" 200 412
58.40.7.146 - - [25/Jul/2021:08:48:50 +0800] "GET /xingrg/check_reg.html?_=1627174130142 HTTP/1.1" 302 -
116.237.74.182 - - [25/Jul/2021:08:48:51 +0800] "GET /xingrg/all/function/internal_message.html?_=1627174124790&CODE_STATE=getMsg HTTP/1.1" 200 27
222.70.176.145 - - [25/Jul/2021:08:48:54 +0800] "GET /xingrg/kc/buy/cgsh_order_operate.html?command=get_materiel&rest_code=00111&code=00101008350&supplier_code=00100005&order_time=2021-07-25 HTTP/1.1" 200 408
222.70.176.145 - - [25/Jul/2021:08:48:55 +0800] "GET /xingrg/check_reg.html?_=1627174130379 HTTP/1.1" 200 22
222.70.176.145 - - [25/Jul/2021:08:48:55 +0800] "GET /xingrg/all/function/internal_message.html?_=1627174130407&CODE_STATE=getMsg HTTP/1.1" 200 27
101.83.145.79 - - [25/Jul/2021:08:48:56 +0800] "GET /xingrg/kc/buy/cgsh_order_operate.html?command=get_materiel&rest_code=00105&code=00101008305&supplier_code=00100203&order_time=2021-07-25 HTTP/1.1" 200 412
222.70.176.145 - - [25/Jul/2021:08:49:01 +0800] "POST /xingrg/kc/buy/cgsh_order_operate.html HTTP/1.1" 200 2065
116.235.222.38 - - [25/Jul/2021:08:49:02 +0800] "GET /xingrg/all/function/internal_message.html?_=1627174142269&CODE_STATE=getMsg HTTP/1.1" 200 27
101.83.145.79 - - [25/Jul/2021:08:49:03 +0800] "GET /xingrg/kc/buy/cgsh_order_operate.html?command=get_materiel&rest_code=00105&code=00101008350&supplier_code=00100203&order_time=2021-07-25 HTTP/1.1" 200 408
180.156.224.123 - - [25/Jul/2021:08:49:03 +0800] "GET /xingrg/all/function/internal_message.html?_=1627174111586&CODE_STATE=getMsg HTTP/1.1" 200 27
222.70.176.145 - - [25/Jul/2021:08:49:06 +0800] "GET /xingrg/kc/buy/cgsh_order_operate.html?command=get_materiel&rest_code=00111&code=00101008036&supplier_code=00100005&order_time=2021-07-25 HTTP/1.1" 200 408
116.230.110.80 - - [25/Jul/2021:08:49:16 +0800] "GET /xingrg/all/function/internal_message.html?_=1627174150738&CODE_STATE=getMsg HTTP/1.1" 200 27
222.70.176.145 - - [25/Jul/2021:08:49:18 +0800] "GET /xingrg/kc/buy/cgsh_order_operate.html?command=get_materiel&rest_code=00111&code=00101008005&supplier_code=00100005&order_time=2021-07-25 HTTP/1.1" 200 412
180.162.138.42 - - [25/Jul/2021:08:49:22 +0800] "GET /xingrg/all/function/internal_message.html?_=1627174161974&CODE_STATE=getMsg HTTP/1.1" 302 -
180.162.138.42 - - [25/Jul/2021:08:49:22 +0800] "GET /xingrg/login.html HTTP/1.1" 200 7641
101.83.145.79 - - [25/Jul/2021:08:49:23 +0800] "GET /xingrg/kc/buy/cgsh_order_operate.html?command=get_materiel&rest_code=00105&code=00101008005&supplier_code=00100203&order_time=2021-07-25 HTTP/1.1" 200 412
101.83.145.79 - - [25/Jul/2021:08:49:25 +0800] "GET /xingrg/all/function/internal_message.html?_=1627174166536&CODE_STATE=getMsg HTTP/1.1" 200 27
114.83.222.60 - - [25/Jul/2021:08:49:29 +0800] "GET /xingrg/all/function/internal_message.html?_=1627174167036&CODE_STATE=getMsg HTTP/1.1" 200 27
120.253.135.82 - - [25/Jul/2021:08:49:30 +0800] "GET /xingrg/all/function/internal_message.html?_=1627173949337&CODE_STATE=getMsg HTTP/1.1" 200 27
180.174.197.120 - - [25/Jul/2021:08:49:34 +0800] "GET /xingrg/all/function/internal_message.html?_=1627174145595&CODE_STATE=getMsg HTTP/1.1" 200 27
180.174.197.120 - - [25/Jul/2021:08:49:38 +0800] "GET /xingrg/all/function/internal_message.html?_=1627174178542&CODE_STATE=getMsg HTTP/1.1" 200 27
116.235.222.38 - - [25/Jul/2021:08:49:43 +0800] "GET /xingrg/check_reg.html?_=1627174182965 HTTP/1.1" 302 -
222.70.176.145 - - [25/Jul/2021:08:49:46 +0800] "GET /xingrg/kc/buy/cgsh_order_operate.html?command=get_materiel&rest_code=00111&code=00101008261&supplier_code=00100005&order_time=2021-07-25 HTTP/1.1" 200 408
101.83.145.79 - - [25/Jul/2021:08:49:47 +0800] "GET /xingrg/kc/buy/cgsh_order_operate.html?command=get_materiel&rest_code=00105&code=00101008041&supplier_code=00100203&order_time=2021-07-25 HTTP/1.1" 200 408
116.237.74.182 - - [25/Jul/2021:08:49:51 +0800] "GET /xingrg/all/function/internal_message.html?_=1627174184789&CODE_STATE=getMsg HTTP/1.1" 200 27
116.235.222.38 - - [25/Jul/2021:08:49:52 +0800] "GET /xingrg/kc/buy/cgsh_order_add.html HTTP/1.1" 200 62966
116.235.222.38 - - [25/Jul/2021:08:49:52 +0800] "POST /xingrg/kc/buy/cgsh_order_operate.html HTTP/1.1" 200 8245
116.235.222.38 - - [25/Jul/2021:08:49:53 +0800] "GET /xingrg/javascript/easyui/themes/default/validatebox.css HTTP/1.1" 404 1104
116.235.222.38 - - [25/Jul/2021:08:49:54 +0800] "GET /xingrg/javascript/easyui/themes/default/tree.css HTTP/1.1" 404 1090
222.70.176.145 - - [25/Jul/2021:08:49:54 +0800] "GET /xingrg/kc/buy/cgsh_order_operate.html?command=get_materiel&rest_code=00111&code=00101008055&supplier_code=00100005&order_time=2021-07-25 HTTP/1.1" 200 409
116.235.222.38 - - [25/Jul/2021:08:49:54 +0800] "POST /xingrg/all/common/load_tree.html?tree=supplier_tree_json&isDelete=1 HTTP/1.1" 200 56725
222.70.176.145 - - [25/Jul/2021:08:49:55 +0800] "GET /xingrg/all/function/internal_message.html?_=1627174190377&CODE_STATE=getMsg HTTP/1.1" 200 27
222.70.176.145 - - [25/Jul/2021:08:49:56 +0800] "POST /xingrg/kc/buy/cgsh_order_operate.html HTTP/1.1" 200 2065
116.235.222.38 - - [25/Jul/2021:08:50:02 +0800] "GET /xingrg/all/function/internal_message.html?_=1627174202256&CODE_STATE=getMsg HTTP/1.1" 200 27
180.156.224.123 - - [25/Jul/2021:08:50:03 +0800] "GET /xingrg/all/function/internal_message.html?_=1627174171596&CODE_STATE=getMsg HTTP/1.1" 200 27
222.70.176.145 - - [25/Jul/2021:08:50:13 +0800] "GET /xingrg/kc/buy/cgsh_order_operate.html?command=get_materiel&rest_code=00111&code=00101008244&supplier_code=00100005&order_time=2021-07-25 HTTP/1.1" 200 408
116.235.222.38 - - [25/Jul/2021:08:50:14 +0800] "GET /xingrg/kc/buy/cgsh_order_operate.html?command=get_materiel&rest_code=00107&code=00101008045&supplier_code=00100006&order_time=2021-07-25 HTTP/1.1" 200 412
116.230.110.80 - - [25/Jul/2021:08:50:16 +0800] "GET /xingrg/all/function/internal_message.html?_=1627174210726&CODE_STATE=getMsg HTTP/1.1" 200 27
180.162.138.42 - - [25/Jul/2021:08:50:22 +0800] "GET /xingrg/all/function/internal_message.html?_=1627174221961&CODE_STATE=getMsg HTTP/1.1" 302 -
180.162.138.42 - - [25/Jul/2021:08:50:22 +0800] "GET /xingrg/login.html HTTP/1.1" 200 7641
101.83.145.79 - - [25/Jul/2021:08:50:25 +0800] "GET /xingrg/all/function/internal_message.html?_=1627174226615&CODE_STATE=getMsg HTTP/1.1" 200 27
114.83.222.60 - - [25/Jul/2021:08:50:29 +0800] "GET /xingrg/check_reg.html?_=1627174227044 HTTP/1.1" 200 22
114.83.222.60 - - [25/Jul/2021:08:50:29 +0800] "GET /xingrg/all/function/internal_message.html?_=1627174227047&CODE_STATE=getMsg HTTP/1.1" 200 27
120.253.135.82 - - [25/Jul/2021:08:50:30 +0800] "GET /xingrg/check_reg.html?_=1627174008980 HTTP/1.1" 200 22
120.253.135.82 - - [25/Jul/2021:08:50:30 +0800] "GET /xingrg/all/function/internal_message.html?_=1627174009351&CODE_STATE=getMsg HTTP/1.1" 200 27
222.70.176.145 - - [25/Jul/2021:08:50:30 +0800] "GET /xingrg/kc/buy/cgsh_order_operate.html?command=get_materiel&rest_code=00111&code=00101008067&supplier_code=00100005&order_time=2021-07-25 HTTP/1.1" 200 418
116.235.222.38 - - [25/Jul/2021:08:50:32 +0800] "GET /xingrg/kc/buy/cgsh_order_operate.html?command=get_materiel&rest_code=00107&code=00101008257&supplier_code=00100006&order_time=2021-07-25 HTTP/1.1" 200 416
180.174.197.120 - - [25/Jul/2021:08:50:34 +0800] "GET /xingrg/all/function/internal_message.html?_=1627174205653&CODE_STATE=getMsg HTTP/1.1" 200 27
180.174.197.120 - - [25/Jul/2021:08:50:38 +0800] "GET /xingrg/all/function/internal_message.html?_=1627174238561&CODE_STATE=getMsg HTTP/1.1" 200 27
120.253.135.82 - - [25/Jul/2021:08:50:42 +0800] "GET /xingrg/kc/pszx/mdps_order_list.html?orderType=0 HTTP/1.1" 200 21004
120.253.135.82 - - [25/Jul/2021:08:50:42 +0800] "POST /xingrg/kc/pszx/mdps_list_operate.html HTTP/1.1" 200 5177
101.83.145.79 - - [25/Jul/2021:08:50:47 +0800] "POST /xingrg/kc/buy/cgsh_order_operate.html HTTP/1.1" 200 2065
120.253.135.82 - - [25/Jul/2021:08:50:47 +0800] "POST /xingrg/kc/pszx/mdps_list_operate.html HTTP/1.1" 200 2410
101.83.145.79 - - [25/Jul/2021:08:50:49 +0800] "POST /xingrg/kc/buy/cgsh_order_operate.html HTTP/1.1" 200 2065
120.253.135.82 - - [25/Jul/2021:08:50:49 +0800] "POST /xingrg/kc/pszx/mdps_list_operate.html HTTP/1.1" 200 605
116.237.74.182 - - [25/Jul/2021:08:50:51 +0800] "GET /xingrg/all/function/internal_message.html?_=1627174244814&CODE_STATE=getMsg HTTP/1.1" 200 27
120.253.135.82 - - [25/Jul/2021:08:50:52 +0800] "GET /xingrg/kc/pszx/mdps_order_info.html?code=312021072500591 HTTP/1.1" 200 23925
101.83.145.79 - - [25/Jul/2021:08:50:52 +0800] "POST /xingrg/kc/buy/cgsh_order_operate.html HTTP/1.1" 200 2065
120.253.135.82 - - [25/Jul/2021:08:50:52 +0800] "GET /xingrg/javascript/easyui/themes/default/validatebox.css HTTP/1.1" 404 1104
120.253.135.82 - - [25/Jul/2021:08:50:52 +0800] "POST /xingrg/kc/pszx/mdps_order_operate.html HTTP/1.1" 200 11271
222.70.176.145 - - [25/Jul/2021:08:50:55 +0800] "GET /xingrg/all/function/internal_message.html?_=1627174250347&CODE_STATE=getMsg HTTP/1.1" 200 27
222.70.176.145 - - [25/Jul/2021:08:51:01 +0800] "GET /xingrg/kc/buy/cgsh_order_operate.html?command=get_materiel&rest_code=00111&code=00101008357&supplier_code=00100005&order_time=2021-07-25 HTTP/1.1" 200 408
120.253.135.82 - - [25/Jul/2021:08:51:02 +0800] "GET /xingrg/kc/pszx/mdps_order_operate.html?command=get_materiel&pszx_code=00101&rest_code=00102&base_code=0010246&code=00101019750 HTTP/1.1" 200 443
116.235.222.38 - - [25/Jul/2021:08:51:02 +0800] "GET /xingrg/all/function/internal_message.html?_=1627174262265&CODE_STATE=getMsg HTTP/1.1" 200 27
222.70.176.145 - - [25/Jul/2021:08:51:03 +0800] "POST /xingrg/kc/buy/cgsh_order_operate.html HTTP/1.1" 200 2065
180.156.224.123 - - [25/Jul/2021:08:51:04 +0800] "GET /xingrg/all/function/internal_message.html?_=1627174231614&CODE_STATE=getMsg HTTP/1.1" 200 27
101.83.145.79 - - [25/Jul/2021:08:51:04 +0800] "GET /xingrg/kc/buy/cgsh_order_operate.html?command=get_materiel&rest_code=00105&code=00101008313&supplier_code=00100203&order_time=2021-07-25 HTTP/1.1" 200 412
120.253.135.82 - - [25/Jul/2021:08:51:05 +0800] "POST /xingrg/all/common/load_select.html HTTP/1.1" 200 25
120.253.135.82 - - [25/Jul/2021:08:51:07 +0800] "GET /xingrg/kc/pszx/mdps_order_operate.html?command=get_materiel_price&pszx_code=00101&rest_code=00102&base_code=0010246&code=00101019750&unit_code=00100050&order_time=2021-07-26 HTTP/1.1" 200 35
222.70.176.145 - - [25/Jul/2021:08:51:10 +0800] "GET /xingrg/kc/buy/cgsh_order_operate.html?command=get_materiel&rest_code=00111&code=00101008176&supplier_code=00100005&order_time=2021-07-25 HTTP/1.1" 200 412
101.83.145.79 - - [25/Jul/2021:08:51:12 +0800] "GET /xingrg/kc/buy/cgsh_order_operate.html?command=get_materiel&rest_code=00105&code=00101008186&supplier_code=00100203&order_time=2021-07-25 HTTP/1.1" 200 408
116.230.110.80 - - [25/Jul/2021:08:51:16 +0800] "GET /xingrg/all/function/internal_message.html?_=1627174270714&CODE_STATE=getMsg HTTP/1.1" 200 27
120.253.135.82 - - [25/Jul/2021:08:51:17 +0800] "POST /xingrg/kc/pszx/mdps_order_operate.html HTTP/1.1" 200 37
120.253.135.82 - - [25/Jul/2021:08:51:18 +0800] "GET /xingrg/kc/pszx/mdps_order_info.html?code=312021072500591 HTTP/1.1" 200 23925
120.253.135.82 - - [25/Jul/2021:08:51:18 +0800] "POST /xingrg/kc/pszx/mdps_order_operate.html HTTP/1.1" 200 11272
120.253.135.82 - - [25/Jul/2021:08:51:18 +0800] "GET /xingrg/javascript/easyui/themes/default/validatebox.css HTTP/1.1" 404 1104
180.162.138.42 - - [25/Jul/2021:08:51:22 +0800] "GET /xingrg/all/function/internal_message.html?_=1627174281963&CODE_STATE=getMsg HTTP/1.1" 302 -
180.162.138.42 - - [25/Jul/2021:08:51:22 +0800] "GET /xingrg/check_reg.html?_=1627174281964 HTTP/1.1" 302 -
180.162.138.42 - - [25/Jul/2021:08:51:22 +0800] "GET /xingrg/login.html HTTP/1.1" 200 7641
180.162.138.42 - - [25/Jul/2021:08:51:22 +0800] "GET /xingrg/login.html HTTP/1.1" 200 7641
114.83.222.60 - - [25/Jul/2021:08:51:25 +0800] "POST /xingrg/kc/buy/cgsh_order_operate.html HTTP/1.1" 200 2065
101.83.145.79 - - [25/Jul/2021:08:51:25 +0800] "GET /xingrg/all/function/internal_message.html?_=1627174286593&CODE_STATE=getMsg HTTP/1.1" 200 27
114.83.222.60 - - [25/Jul/2021:08:51:29 +0800] "GET /xingrg/all/function/internal_message.html?_=1627174287056&CODE_STATE=getMsg HTTP/1.1" 200 27
116.230.110.80 - - [25/Jul/2021:08:51:29 +0800] "GET /xingrg/check_reg.html?_=1627174283831 HTTP/1.1" 200 22
120.253.135.82 - - [25/Jul/2021:08:51:30 +0800] "GET /xingrg/all/function/internal_message.html?_=1627174069364&CODE_STATE=getMsg HTTP/1.1" 200 27
101.83.145.79 - - [25/Jul/2021:08:51:31 +0800] "GET /xingrg/kc/buy/cgsh_order_operate.html?command=get_materiel&rest_code=00105&code=00101008223&supplier_code=00100203&order_time=2021-07-25 HTTP/1.1" 200 412
120.253.135.82 - - [25/Jul/2021:08:51:32 +0800] "GET /xingrg/kc/pszx/mdps_order_add.html HTTP/1.1" 200 29026
114.83.222.60 - - [25/Jul/2021:08:51:32 +0800] "GET /xingrg/kc/buy/cgsh_order_operate.html?command=get_materiel&rest_code=00149&code=00101008213&supplier_code=00100005&order_time=2021-07-25 HTTP/1.1" 200 412
120.253.135.82 - - [25/Jul/2021:08:51:32 +0800] "POST /xingrg/kc/pszx/mdps_order_operate.html HTTP/1.1" 200 7126
120.253.135.82 - - [25/Jul/2021:08:51:32 +0800] "GET /xingrg/javascript/easyui/themes/default/validatebox.css HTTP/1.1" 404 1104
180.174.197.120 - - [25/Jul/2021:08:51:34 +0800] "GET /xingrg/all/function/internal_message.html?_=1627174265733&CODE_STATE=getMsg HTTP/1.1" 200 27
120.253.135.82 - - [25/Jul/2021:08:51:37 +0800] "GET /xingrg/javascript/jquery_tools/images/prev.gif HTTP/1.1" 404 1086
120.253.135.82 - - [25/Jul/2021:08:51:37 +0800] "GET /xingrg/javascript/jquery_tools/images/next.gif HTTP/1.1" 404 1086
180.174.197.120 - - [25/Jul/2021:08:51:38 +0800] "GET /xingrg/all/function/internal_message.html?_=1627174298574&CODE_STATE=getMsg HTTP/1.1" 200 27
120.253.135.82 - - [25/Jul/2021:08:51:41 +0800] "POST /xingrg/all/common/load_combo.html?type=base HTTP/1.1" 200 1075
116.237.74.182 - - [25/Jul/2021:08:51:51 +0800] "GET /xingrg/check_reg.html?_=1627174304813 HTTP/1.1" 200 22
116.237.74.182 - - [25/Jul/2021:08:51:51 +0800] "GET /xingrg/all/function/internal_message.html?_=1627174304815&CODE_STATE=getMsg HTTP/1.1" 200 27
180.156.224.123 - - [25/Jul/2021:08:51:54 +0800] "GET /xingrg/check_reg.html?_=1627174282016 HTTP/1.1" 200 22
114.83.222.60 - - [25/Jul/2021:08:51:54 +0800] "GET /xingrg/kc/buy/cgsh_order_operate.html?command=get_materiel&rest_code=00149&code=00101008304&supplier_code=00100005&order_time=2021-07-25 HTTP/1.1" 200 412
222.70.176.145 - - [25/Jul/2021:08:51:55 +0800] "GET /xingrg/all/function/internal_message.html?_=1627174310330&CODE_STATE=getMsg HTTP/1.1" 200 27
101.83.145.79 - - [25/Jul/2021:08:51:59 +0800] "GET /xingrg/kc/buy/cgsh_order_operate.html?command=get_materiel&rest_code=00105&code=00101008114&supplier_code=00100203&order_time=2021-07-25 HTTP/1.1" 200 412
116.235.222.38 - - [25/Jul/2021:08:52:02 +0800] "GET /xingrg/all/function/internal_message.html?_=1627174322273&CODE_STATE=getMsg HTTP/1.1" 200 27
116.235.222.38 - - [25/Jul/2021:08:52:02 +0800] "GET /xingrg/check_reg.html?_=1627174322275 HTTP/1.1" 200 22
180.156.224.123 - - [25/Jul/2021:08:52:04 +0800] "GET /xingrg/all/function/internal_message.html?_=1627174291623&CODE_STATE=getMsg HTTP/1.1" 200 27
114.83.222.60 - - [25/Jul/2021:08:52:06 +0800] "GET /xingrg/kc/buy/cgsh_order_operate.html?command=get_materiel&rest_code=00149&code=00101008041&supplier_code=00100005&order_time=2021-07-25 HTTP/1.1" 200 408
101.83.145.79 - - [25/Jul/2021:08:52:09 +0800] "GET /xingrg/kc/buy/cgsh_order_operate.html?command=get_materiel&rest_code=00105&code=00101008283&supplier_code=00100203&order_time=2021-07-25 HTTP/1.1" 200 408
114.83.222.60 - - [25/Jul/2021:08:52:16 +0800] "GET /xingrg/kc/buy/cgsh_order_operate.html?command=get_materiel&rest_code=00149&code=00101008312&supplier_code=00100005&order_time=2021-07-25 HTTP/1.1" 200 412
116.230.110.80 - - [25/Jul/2021:08:52:16 +0800] "GET /xingrg/all/function/internal_message.html?_=1627174330694&CODE_STATE=getMsg HTTP/1.1" 200 27
180.156.224.123 - - [25/Jul/2021:08:52:16 +0800] "POST /xingrg/services/DataTransmitService HTTP/1.1" 200 524
180.156.224.123 - - [25/Jul/2021:08:52:17 +0800] "POST /xingrg/services/DataTransmitService HTTP/1.1" 200 1991
120.253.135.82 - - [25/Jul/2021:08:52:18 +0800] "GET /xingrg/kc/pszx/mdps_order_operate.html?command=get_materiel&pszx_code=00101&rest_code=00102&base_code=0010246&code=00101034103 HTTP/1.1" 200 431
180.156.224.123 - - [25/Jul/2021:08:52:18 +0800] "POST /xingrg/services/DataTransmitService HTTP/1.1" 200 86112
101.83.145.79 - - [25/Jul/2021:08:52:20 +0800] "GET /xingrg/kc/buy/cgsh_order_operate.html?command=get_materiel&rest_code=00105&code=00101008168&supplier_code=00100203&order_time=2021-07-25 HTTP/1.1" 200 413
180.162.138.42 - - [25/Jul/2021:08:52:22 +0800] "GET /xingrg/all/function/internal_message.html?_=1627174341950&CODE_STATE=getMsg HTTP/1.1" 302 -
180.162.138.42 - - [25/Jul/2021:08:52:22 +0800] "GET /xingrg/login.html HTTP/1.1" 200 7641
120.253.135.82 - - [25/Jul/2021:08:52:23 +0800] "POST /xingrg/kc/pszx/mdps_order_operate.html HTTP/1.1" 200 37
120.253.135.82 - - [25/Jul/2021:08:52:24 +0800] "GET /xingrg/kc/pszx/mdps_order_info.html?code=312021072500603 HTTP/1.1" 200 23925
114.83.222.60 - - [25/Jul/2021:08:52:24 +0800] "POST /xingrg/kc/buy/cgsh_order_operate.html HTTP/1.1" 200 2065
120.253.135.82 - - [25/Jul/2021:08:52:25 +0800] "GET /xingrg/javascript/easyui/themes/default/validatebox.css HTTP/1.1" 404 1104
120.253.135.82 - - [25/Jul/2021:08:52:25 +0800] "POST /xingrg/kc/pszx/mdps_order_operate.html HTTP/1.1" 200 2285
101.83.145.79 - - [25/Jul/2021:08:52:25 +0800] "GET /xingrg/check_reg.html?_=1627174346434 HTTP/1.1" 200 22
101.83.145.79 - - [25/Jul/2021:08:52:25 +0800] "GET /xingrg/all/function/internal_message.html?_=1627174346572&CODE_STATE=getMsg HTTP/1.1" 200 27
222.70.176.145 - - [25/Jul/2021:08:52:26 +0800] "GET /xingrg/kc/buy/cgsh_order_operate.html?command=get_materiel&rest_code=00111&code=00101013032&supplier_code=00100005&order_time=2021-07-25 HTTP/1.1" 200 431
120.253.135.82 - - [25/Jul/2021:08:52:27 +0800] "POST /xingrg/kc/pszx/mdps_list_operate.html HTTP/1.1" 200 2770
101.83.145.79 - - [25/Jul/2021:08:52:28 +0800] "POST /xingrg/kc/buy/cgsh_order_operate.html HTTP/1.1" 200 2065
114.83.222.60 - - [25/Jul/2021:08:52:28 +0800] "GET /xingrg/kc/buy/cgsh_order_operate.html?command=get_materiel&rest_code=00149&code=00101015027&supplier_code=00100005&order_time=2021-07-25 HTTP/1.1" 200 417
114.83.222.60 - - [25/Jul/2021:08:52:29 +0800] "GET /xingrg/all/function/internal_message.html?_=1627174347082&CODE_STATE=getMsg HTTP/1.1" 200 27
120.253.135.82 - - [25/Jul/2021:08:52:29 +0800] "POST /xingrg/kc/pszx/mdps_list_operate.html HTTP/1.1" 200 211
222.70.176.145 - - [25/Jul/2021:08:52:29 +0800] "POST /xingrg/all/common/load_select.html HTTP/1.1" 200 25
120.253.135.82 - - [25/Jul/2021:08:52:30 +0800] "GET /xingrg/all/function/internal_message.html?_=1627174129377&CODE_STATE=getMsg HTTP/1.1" 200 27
101.83.145.79 - - [25/Jul/2021:08:52:32 +0800] "POST /xingrg/kc/buy/cgsh_order_operate.html HTTP/1.1" 200 2065
120.253.135.82 - - [25/Jul/2021:08:52:33 +0800] "GET /xingrg/kc/pszx/mdps_order_add.html HTTP/1.1" 200 29026
120.253.135.82 - - [25/Jul/2021:08:52:33 +0800] "POST /xingrg/kc/pszx/mdps_order_operate.html HTTP/1.1" 200 7126
120.253.135.82 - - [25/Jul/2021:08:52:34 +0800] "GET /xingrg/javascript/easyui/themes/default/validatebox.css HTTP/1.1" 404 1104
180.174.197.120 - - [25/Jul/2021:08:52:34 +0800] "GET /xingrg/check_reg.html?_=1627174325498 HTTP/1.1" 200 22
180.174.197.120 - - [25/Jul/2021:08:52:34 +0800] "GET /xingrg/all/function/internal_message.html?_=1627174325792&CODE_STATE=getMsg HTTP/1.1" 200 27
222.70.176.145 - - [25/Jul/2021:08:52:35 +0800] "GET /xingrg/kc/buy/cgsh_order_operate.html?command=get_materiel_price&rest_code=00111&code=00101013032&unit_code=00100071&supplier_code=00100005&order_time=2021-07-25 HTTP/1.1" 200 29
180.174.197.120 - - [25/Jul/2021:08:52:38 +0800] "GET /xingrg/check_reg.html?_=1627174358384 HTTP/1.1" 200 22
180.174.197.120 - - [25/Jul/2021:08:52:38 +0800] "GET /xingrg/all/function/internal_message.html?_=1627174358587&CODE_STATE=getMsg HTTP/1.1" 200 27
101.83.145.79 - - [25/Jul/2021:08:52:40 +0800] "GET /xingrg/kc/buy/cgsh_order_operate.html?command=get_materiel&rest_code=00105&code=00101008236&supplier_code=00100203&order_time=2021-07-25 HTTP/1.1" 200 416
120.253.135.82 - - [25/Jul/2021:08:52:42 +0800] "POST /xingrg/all/common/load_combo.html?type=base HTTP/1.1" 200 1075
114.83.222.60 - - [25/Jul/2021:08:52:45 +0800] "GET /xingrg/kc/buy/cgsh_order_operate.html?command=get_materiel&rest_code=00149&code=00101013165&supplier_code=00100005&order_time=2021-07-25 HTTP/1.1" 200 409
101.83.145.79 - - [25/Jul/2021:08:52:49 +0800] "GET /xingrg/kc/buy/cgsh_order_operate.html?command=get_materiel&rest_code=00105&code=00101020152&supplier_code=00100203&order_time=2021-07-25 HTTP/1.1" 200 416
120.253.135.82 - - [25/Jul/2021:08:52:51 +0800] "GET /xingrg/kc/pszx/mdps_order_operate.html?command=get_materiel&pszx_code=00101&rest_code=00111&base_code=0010246&code=00101034103 HTTP/1.1" 200 431
116.237.74.182 - - [25/Jul/2021:08:52:51 +0800] "GET /xingrg/all/function/internal_message.html?_=1627174364814&CODE_STATE=getMsg HTTP/1.1" 200 27
222.70.176.145 - - [25/Jul/2021:08:52:53 +0800] "POST /xingrg/kc/buy/cgsh_order_operate.html HTTP/1.1" 200 2065
114.83.222.60 - - [25/Jul/2021:08:52:53 +0800] "GET /xingrg/kc/buy/cgsh_order_operate.html?command=get_materiel&rest_code=00149&code=00101015006&supplier_code=00100005&order_time=2021-07-25 HTTP/1.1" 200 413
222.70.176.145 - - [25/Jul/2021:08:52:55 +0800] "GET /xingrg/all/function/internal_message.html?_=1627174370322&CODE_STATE=getMsg HTTP/1.1" 200 27
120.253.135.82 - - [25/Jul/2021:08:52:57 +0800] "POST /xingrg/kc/pszx/mdps_order_operate.html HTTP/1.1" 200 37
120.253.135.82 - - [25/Jul/2021:08:52:57 +0800] "GET /xingrg/kc/pszx/mdps_order_info.html?code=312021072500604 HTTP/1.1" 200 23925
101.83.145.79 - - [25/Jul/2021:08:52:58 +0800] "GET /xingrg/kc/buy/cgsh_order_operate.html?command=get_materiel&rest_code=00105&code=00101009030&supplier_code=00100203&order_time=2021-07-25 HTTP/1.1" 200 413
120.253.135.82 - - [25/Jul/2021:08:52:58 +0800] "POST /xingrg/kc/pszx/mdps_order_operate.html HTTP/1.1" 200 2285
120.253.135.82 - - [25/Jul/2021:08:52:58 +0800] "GET /xingrg/javascript/easyui/themes/default/validatebox.css HTTP/1.1" 404 1104
222.70.176.145 - - [25/Jul/2021:08:52:59 +0800] "GET /xingrg/kc/buy/cgsh_order_operate.html?command=get_materiel&rest_code=00111&code=00101008114&supplier_code=00100005&order_time=2021-07-25 HTTP/1.1" 200 412
120.253.135.82 - - [25/Jul/2021:08:53:00 +0800] "POST /xingrg/kc/pszx/mdps_list_operate.html HTTP/1.1" 200 2770
116.235.222.38 - - [25/Jul/2021:08:53:02 +0800] "GET /xingrg/all/function/internal_message.html?_=1627174382276&CODE_STATE=getMsg HTTP/1.1" 200 27
180.156.224.123 - - [25/Jul/2021:08:53:04 +0800] "GET /xingrg/all/function/internal_message.html?_=1627174351636&CODE_STATE=getMsg HTTP/1.1" 200 27
114.83.222.60 - - [25/Jul/2021:08:53:10 +0800] "GET /xingrg/kc/buy/cgsh_order_operate.html?command=get_materiel&rest_code=00149&code=00101015066&supplier_code=00100005&order_time=2021-07-25 HTTP/1.1" 200 413
116.230.110.80 - - [25/Jul/2021:08:53:16 +0800] "GET /xingrg/all/function/internal_message.html?_=1627174390668&CODE_STATE=getMsg HTTP/1.1" 200 27
180.162.138.42 - - [25/Jul/2021:08:53:22 +0800] "GET /xingrg/all/function/internal_message.html?_=1627174401950&CODE_STATE=getMsg HTTP/1.1" 302 -
180.162.138.42 - - [25/Jul/2021:08:53:22 +0800] "GET /xingrg/login.html HTTP/1.1" 200 7641
114.83.222.60 - - [25/Jul/2021:08:53:22 +0800] "GET /xingrg/kc/buy/cgsh_order_operate.html?command=get_materiel&rest_code=00149&code=00101008183&supplier_code=00100005&order_time=2021-07-25 HTTP/1.1" 200 413
101.83.145.79 - - [25/Jul/2021:08:53:25 +0800] "GET /xingrg/all/function/internal_message.html?_=1627174406554&CODE_STATE=getMsg HTTP/1.1" 200 27
114.83.222.60 - - [25/Jul/2021:08:53:29 +0800] "GET /xingrg/all/function/internal_message.html?_=1627174407182&CODE_STATE=getMsg HTTP/1.1" 200 27
120.253.135.82 - - [25/Jul/2021:08:53:30 +0800] "GET /xingrg/all/function/internal_message.html?_=1627174189458&CODE_STATE=getMsg HTTP/1.1" 200 27
222.70.176.145 - - [25/Jul/2021:08:53:31 +0800] "GET /xingrg/kc/buy/cgsh_order_operate.html?command=get_materiel&rest_code=00111&code=00101008088&supplier_code=00100005&order_time=2021-07-25 HTTP/1.1" 200 408
180.169.147.146 - - [25/Jul/2021:08:53:32 +0800] "GET /xingrg/check_reg.html?_=1627174411706 HTTP/1.1" 200 22
114.83.222.60 - - [25/Jul/2021:08:53:33 +0800] "GET /xingrg/kc/buy/cgsh_order_operate.html?command=get_materiel&rest_code=00149&code=00101015026&supplier_code=00100005&order_time=2021-07-25 HTTP/1.1" 200 412
101.93.222.235 - - [25/Jul/2021:08:53:34 +0800] "POST /xingrg/services/DataTransmitService HTTP/1.1" 200 524
180.174.197.120 - - [25/Jul/2021:08:53:35 +0800] "GET /xingrg/all/function/internal_message.html?_=1627174385805&CODE_STATE=getMsg HTTP/1.1" 200 27
180.174.197.120 - - [25/Jul/2021:08:53:38 +0800] "GET /xingrg/all/function/internal_message.html?_=1627174418607&CODE_STATE=getMsg HTTP/1.1" 200 27
222.70.176.145 - - [25/Jul/2021:08:53:43 +0800] "GET /xingrg/kc/buy/cgsh_order_operate.html?command=get_materiel&rest_code=00111&code=00101008288&supplier_code=00100005&order_time=2021-07-25 HTTP/1.1" 200 408
114.83.222.60 - - [25/Jul/2021:08:53:45 +0800] "POST /xingrg/kc/buy/cgsh_order_operate.html HTTP/1.1" 200 2065
222.70.176.145 - - [25/Jul/2021:08:53:46 +0800] "POST /xingrg/kc/buy/cgsh_order_operate.html HTTP/1.1" 200 2065
58.40.7.146 - - [25/Jul/2021:08:53:50 +0800] "GET /xingrg/check_reg.html?_=1627174430116 HTTP/1.1" 302 -
116.237.74.182 - - [25/Jul/2021:08:53:51 +0800] "GET /xingrg/all/function/internal_message.html?_=1627174424814&CODE_STATE=getMsg HTTP/1.1" 200 27
101.83.145.79 - - [25/Jul/2021:08:53:51 +0800] "GET /xingrg/kc/buy/cgsh_order_operate.html?command=get_materiel&rest_code=00105&code=00101008072&supplier_code=00100203&order_time=2021-07-25 HTTP/1.1" 200 408
114.83.222.60 - - [25/Jul/2021:08:53:53 +0800] "GET /xingrg/kc/buy/cgsh_order_operate.html?command=get_materiel&rest_code=00149&code=00101010237&supplier_code=00100005&order_time=2021-07-25 HTTP/1.1" 200 412
222.70.176.145 - - [25/Jul/2021:08:53:55 +0800] "GET /xingrg/all/function/internal_message.html?_=1627174430328&CODE_STATE=getMsg HTTP/1.1" 200 27
222.70.176.145 - - [25/Jul/2021:08:53:55 +0800] "GET /xingrg/check_reg.html?_=1627174430364 HTTP/1.1" 200 22
222.70.176.145 - - [25/Jul/2021:08:53:55 +0800] "GET /xingrg/kc/buy/cgsh_order_operate.html?command=get_materiel&rest_code=00111&code=00101020152&supplier_code=00100005&order_time=2021-07-25 HTTP/1.1" 200 416
120.253.135.82 - - [25/Jul/2021:08:53:55 +0800] "POST /xingrg/kc/pszx/mdps_list_operate.html HTTP/1.1" 200 2807
120.253.135.82 - - [25/Jul/2021:08:53:57 +0800] "POST /xingrg/kc/pszx/mdps_list_operate.html HTTP/1.1" 200 203
120.253.135.82 - - [25/Jul/2021:08:54:01 +0800] "POST /xingrg/kc/pszx/mdps_list_operate.html HTTP/1.1" 200 360
116.235.222.38 - - [25/Jul/2021:08:54:02 +0800] "GET /xingrg/all/function/internal_message.html?_=1627174442270&CODE_STATE=getMsg HTTP/1.1" 200 27
120.253.135.82 - - [25/Jul/2021:08:54:03 +0800] "GET /xingrg/kc/pszx/mdps_order_add.html HTTP/1.1" 200 29026
120.253.135.82 - - [25/Jul/2021:08:54:04 +0800] "POST /xingrg/kc/pszx/mdps_order_operate.html HTTP/1.1" 200 7126
180.156.224.123 - - [25/Jul/2021:08:54:04 +0800] "GET /xingrg/all/function/internal_message.html?_=1627174411655&CODE_STATE=getMsg HTTP/1.1" 200 27
120.253.135.82 - - [25/Jul/2021:08:54:04 +0800] "GET /xingrg/javascript/easyui/themes/default/validatebox.css HTTP/1.1" 404 1104
114.83.222.60 - - [25/Jul/2021:08:54:06 +0800] "GET /xingrg/kc/buy/cgsh_order_operate.html?command=get_materiel&rest_code=00149&code=00101008010&supplier_code=00100005&order_time=2021-07-25 HTTP/1.1" 200 412
222.70.176.145 - - [25/Jul/2021:08:54:11 +0800] "GET /xingrg/kc/buy/cgsh_order_operate.html?command=get_materiel&rest_code=00111&code=00101008165&supplier_code=00100005&order_time=2021-07-25 HTTP/1.1" 200 416
116.230.110.80 - - [25/Jul/2021:08:54:16 +0800] "GET /xingrg/all/function/internal_message.html?_=1627174450650&CODE_STATE=getMsg HTTP/1.1" 200 27
114.83.222.60 - - [25/Jul/2021:08:54:17 +0800] "GET /xingrg/kc/buy/cgsh_order_operate.html?command=get_materiel&rest_code=00149&code=00101008101&supplier_code=00100005&order_time=2021-07-25 HTTP/1.1" 200 412
222.70.176.145 - - [25/Jul/2021:08:54:19 +0800] "GET /xingrg/kc/buy/cgsh_order_operate.html?command=get_materiel&rest_code=00111&code=00101008168&supplier_code=00100005&order_time=2021-07-25 HTTP/1.1" 200 413
120.253.135.82 - - [25/Jul/2021:08:54:21 +0800] "POST /xingrg/all/common/load_combo.html?type=base HTTP/1.1" 200 1075
180.162.138.42 - - [25/Jul/2021:08:54:22 +0800] "GET /xingrg/all/function/internal_message.html?_=1627174461954&CODE_STATE=getMsg HTTP/1.1" 302 -
180.162.138.42 - - [25/Jul/2021:08:54:22 +0800] "GET /xingrg/login.html HTTP/1.1" 200 7641
101.83.145.79 - - [25/Jul/2021:08:54:25 +0800] "GET /xingrg/all/function/internal_message.html?_=1627174466680&CODE_STATE=getMsg HTTP/1.1" 200 27
222.70.176.145 - - [25/Jul/2021:08:54:27 +0800] "GET /xingrg/kc/buy/cgsh_order_operate.html?command=get_materiel&rest_code=00111&code=00101008312&supplier_code=00100005&order_time=2021-07-25 HTTP/1.1" 200 412
114.83.222.60 - - [25/Jul/2021:08:54:29 +0800] "GET /xingrg/all/function/internal_message.html?_=1627174467159&CODE_STATE=getMsg HTTP/1.1" 200 27
120.253.135.82 - - [25/Jul/2021:08:54:29 +0800] "GET /xingrg/kc/pszx/mdps_order_operate.html?command=get_materiel&pszx_code=00101&rest_code=00150&base_code=0010246&code=00101034103 HTTP/1.1" 200 431
120.253.135.82 - - [25/Jul/2021:08:54:30 +0800] "GET /xingrg/all/function/internal_message.html?_=1627174249467&CODE_STATE=getMsg HTTP/1.1" 200 27
222.70.176.145 - - [25/Jul/2021:08:54:32 +0800] "POST /xingrg/kc/buy/cgsh_order_operate.html HTTP/1.1" 200 2065
120.253.135.82 - - [25/Jul/2021:08:54:34 +0800] "POST /xingrg/kc/pszx/mdps_order_operate.html HTTP/1.1" 200 37
180.174.197.120 - - [25/Jul/2021:08:54:35 +0800] "GET /xingrg/all/function/internal_message.html?_=1627174445819&CODE_STATE=getMsg HTTP/1.1" 200 27
120.253.135.82 - - [25/Jul/2021:08:54:35 +0800] "GET /xingrg/kc/pszx/mdps_order_info.html?code=312021072500605 HTTP/1.1" 200 23931
120.253.135.82 - - [25/Jul/2021:08:54:35 +0800] "POST /xingrg/kc/pszx/mdps_order_operate.html HTTP/1.1" 200 2285
120.253.135.82 - - [25/Jul/2021:08:54:35 +0800] "GET /xingrg/javascript/easyui/themes/default/validatebox.css HTTP/1.1" 404 1104
120.253.135.82 - - [25/Jul/2021:08:54:37 +0800] "POST /xingrg/kc/pszx/mdps_list_operate.html HTTP/1.1" 200 3176
222.70.176.145 - - [25/Jul/2021:08:54:38 +0800] "GET /xingrg/kc/buy/cgsh_order_operate.html?command=get_materiel&rest_code=00111&code=00101008186&supplier_code=00100005&order_time=2021-07-25 HTTP/1.1" 200 408
180.174.197.120 - - [25/Jul/2021:08:54:38 +0800] "GET /xingrg/all/function/internal_message.html?_=1627174478620&CODE_STATE=getMsg HTTP/1.1" 200 27
120.253.135.82 - - [25/Jul/2021:08:54:41 +0800] "POST /xingrg/kc/pszx/mdps_list_operate.html HTTP/1.1" 200 611
120.253.135.82 - - [25/Jul/2021:08:54:42 +0800] "GET /xingrg/kc/pszx/mdps_order_info.html?code=312021072500595 HTTP/1.1" 200 23931
