116.237.74.182 - - [25/Jul/2021:09:26:51 +0800] "GET /xingrg/all/function/internal_message.html?_=1627176404842&CODE_STATE=getMsg HTTP/1.1" 200 27
180.156.224.123 - - [25/Jul/2021:09:26:52 +0800] "GET /xingrg/kc/buy/cgsh_order_operate.html?command=get_materiel&rest_code=00150&code=00101008095&supplier_code=00100007&order_time=2021-07-25 HTTP/1.1" 200 412
222.70.175.207 - - [25/Jul/2021:09:26:53 +0800] "POST /xingrg/kc/buy/cgsh_order_operate.html HTTP/1.1" 200 3256
114.83.222.60 - - [25/Jul/2021:09:26:53 +0800] "POST /xingrg/kc/buy/cgsh_order_operate.html HTTP/1.1" 200 12
180.156.224.123 - - [25/Jul/2021:09:26:54 +0800] "GET /xingrg/check_reg.html?_=1627176382056 HTTP/1.1" 200 22
114.83.222.60 - - [25/Jul/2021:09:26:54 +0800] "GET /xingrg/kc/buy/cgsh_order_info.html?code=212021072511571 HTTP/1.1" 200 57840
114.83.222.60 - - [25/Jul/2021:09:26:55 +0800] "GET /xingrg/javascript/easyui/themes/default/validatebox.css HTTP/1.1" 404 1104
222.70.175.207 - - [25/Jul/2021:09:26:55 +0800] "GET /xingrg/kc/print/load_data.html?order_code=212021072511572&kc_code=cgsh&condition= HTTP/1.1" 200 988
114.83.222.60 - - [25/Jul/2021:09:26:55 +0800] "POST /xingrg/kc/buy/cgsh_order_operate.html HTTP/1.1" 200 606
114.86.225.230 - - [25/Jul/2021:09:26:56 +0800] "GET /xingrg/kc/buy/cgsh_order_add.html HTTP/1.1" 200 62919
114.86.225.230 - - [25/Jul/2021:09:26:56 +0800] "POST /xingrg/kc/buy/cgsh_order_operate.html HTTP/1.1" 200 8245
114.86.225.230 - - [25/Jul/2021:09:26:56 +0800] "GET /xingrg/all/common/auto_word.html?type=employee&rest_code=00109 HTTP/1.1" 200 255
114.86.225.230 - - [25/Jul/2021:09:26:56 +0800] "GET /xingrg/javascript/easyui/themes/default/validatebox.css HTTP/1.1" 404 1104
114.86.225.230 - - [25/Jul/2021:09:26:56 +0800] "GET /xingrg/all/common/auto_word.html?type=employee&rest_code=00109 HTTP/1.1" 200 255
222.70.175.207 - - [25/Jul/2021:09:26:56 +0800] "GET /xingrg/javascript/jquery_easy_ui/themes/default/images/tabs_active.png HTTP/1.1" 304 -
114.83.222.60 - - [25/Jul/2021:09:26:57 +0800] "GET /xingrg/kc/print/load_data.html?order_code=212021072511571&kc_code=cgsh&condition= HTTP/1.1" 200 714
180.156.224.123 - - [25/Jul/2021:09:26:57 +0800] "GET /xingrg/kc/buy/cgsh_order_operate.html?command=get_materiel&rest_code=00150&code=00101008110&supplier_code=00100007&order_time=2021-07-25 HTTP/1.1" 200 408
114.86.225.230 - - [25/Jul/2021:09:26:58 +0800] "GET /xingrg/javascript/jquery_tools/images/next.gif HTTP/1.1" 404 1086
114.86.225.230 - - [25/Jul/2021:09:26:58 +0800] "GET /xingrg/javascript/jquery_tools/images/prev.gif HTTP/1.1" 404 1086
180.156.224.123 - - [25/Jul/2021:09:26:59 +0800] "POST /xingrg/kc/buy/cgsh_order_operate.html HTTP/1.1" 200 2065
114.83.222.60 - - [25/Jul/2021:09:26:59 +0800] "GET /xingrg/all/function/internal_message.html?_=1627176417356&CODE_STATE=getMsg HTTP/1.1" 200 27
116.235.222.38 - - [25/Jul/2021:09:27:02 +0800] "GET /xingrg/all/function/internal_message.html?_=1627176422319&CODE_STATE=getMsg HTTP/1.1" 200 27
116.235.222.38 - - [25/Jul/2021:09:27:02 +0800] "GET /xingrg/check_reg.html?_=1627176422321 HTTP/1.1" 200 22
180.169.147.146 - - [25/Jul/2021:09:27:03 +0800] "GET /xingrg/all/function/internal_message.html?_=1627176423534&CODE_STATE=getMsg HTTP/1.1" 200 27
180.156.224.123 - - [25/Jul/2021:09:27:04 +0800] "GET /xingrg/kc/buy/cgsh_order_operate.html?command=get_materiel&rest_code=00150&code=00101008283&supplier_code=00100007&order_time=2021-07-25 HTTP/1.1" 200 408
180.156.224.123 - - [25/Jul/2021:09:27:04 +0800] "GET /xingrg/all/function/internal_message.html?_=1627176392099&CODE_STATE=getMsg HTTP/1.1" 200 27
180.174.197.120 - - [25/Jul/2021:09:27:06 +0800] "GET /xingrg/all/function/internal_message.html?_=1627176397687&CODE_STATE=getMsg HTTP/1.1" 200 27
180.156.224.123 - - [25/Jul/2021:09:27:09 +0800] "GET /xingrg/kc/buy/cgsh_order_operate.html?command=get_materiel&rest_code=00150&code=00101008298&supplier_code=00100007&order_time=2021-07-25 HTTP/1.1" 200 412
114.86.225.230 - - [25/Jul/2021:09:27:09 +0800] "GET /xingrg/kc/buy/cgsh_order_operate.html?command=get_materiel&rest_code=00109&code=00102003182&supplier_code=00100309&order_time=2021-07-25 HTTP/1.1" 200 414
180.156.224.123 - - [25/Jul/2021:09:27:11 +0800] "GET /xingrg/all/function/internal_message.html?_=1627176431075&CODE_STATE=getMsg HTTP/1.1" 200 27
116.230.110.80 - - [25/Jul/2021:09:27:16 +0800] "GET /xingrg/all/function/internal_message.html?_=1627176430097&CODE_STATE=getMsg HTTP/1.1" 200 27
222.70.175.207 - - [25/Jul/2021:09:27:18 +0800] "GET /xingrg/check_reg.html?_=1627176463493 HTTP/1.1" 200 22
222.70.175.207 - - [25/Jul/2021:09:27:18 +0800] "GET /xingrg/all/function/internal_message.html?_=1627176463743&CODE_STATE=getMsg HTTP/1.1" 200 27
114.86.225.230 - - [25/Jul/2021:09:27:19 +0800] "GET /xingrg/kc/buy/cgsh_order_operate.html?command=get_materiel&rest_code=00109&code=00102006018&supplier_code=00100309&order_time=2021-07-25 HTTP/1.1" 200 424
101.83.145.79 - - [25/Jul/2021:09:27:25 +0800] "GET /xingrg/all/function/internal_message.html?_=1627176446488&CODE_STATE=getMsg HTTP/1.1" 200 27
101.83.145.79 - - [25/Jul/2021:09:27:25 +0800] "GET /xingrg/check_reg.html?_=1627176446521 HTTP/1.1" 200 22
222.70.176.145 - - [25/Jul/2021:09:27:35 +0800] "GET /xingrg/all/function/internal_message.html?_=1627176450933&CODE_STATE=getMsg HTTP/1.1" 200 27
180.174.197.120 - - [25/Jul/2021:09:27:38 +0800] "GET /xingrg/check_reg.html?_=1627176458537 HTTP/1.1" 200 22
114.83.222.60 - - [25/Jul/2021:09:27:39 +0800] "GET /xingrg/kc/buy/cgsh_order_add.html HTTP/1.1" 200 62931
114.83.222.60 - - [25/Jul/2021:09:27:39 +0800] "POST /xingrg/kc/buy/cgsh_order_operate.html HTTP/1.1" 200 8245
114.83.222.60 - - [25/Jul/2021:09:27:39 +0800] "GET /xingrg/javascript/easyui/themes/default/validatebox.css HTTP/1.1" 404 1104
180.174.197.120 - - [25/Jul/2021:09:27:39 +0800] "GET /xingrg/all/function/internal_message.html?_=1627176459255&CODE_STATE=getMsg HTTP/1.1" 200 27
114.86.225.230 - - [25/Jul/2021:09:27:39 +0800] "GET /xingrg/all/function/internal_message.html?_=1627176459546&CODE_STATE=getMsg HTTP/1.1" 200 27
114.86.225.230 - - [25/Jul/2021:09:27:43 +0800] "GET /xingrg/kc/buy/cgsh_order_operate.html?command=get_materiel&rest_code=00109&code=00102003182&supplier_code=00100309&order_time=2021-07-25 HTTP/1.1" 200 414
116.237.74.182 - - [25/Jul/2021:09:27:51 +0800] "GET /xingrg/all/function/internal_message.html?_=1627176464841&CODE_STATE=getMsg HTTP/1.1" 200 27
114.86.225.230 - - [25/Jul/2021:09:27:57 +0800] "POST /xingrg/kc/buy/cgsh_order_operate.html HTTP/1.1" 200 37
114.86.225.230 - - [25/Jul/2021:09:27:58 +0800] "POST /xingrg/kc/buy/cgsh_order_operate.html HTTP/1.1" 200 2657
114.83.222.60 - - [25/Jul/2021:09:27:59 +0800] "GET /xingrg/kc/buy/cgsh_order_operate.html?command=get_materiel&rest_code=00149&code=00101002027&supplier_code=00100039&order_time=2021-07-25 HTTP/1.1" 200 413
114.83.222.60 - - [25/Jul/2021:09:27:59 +0800] "GET /xingrg/check_reg.html?_=1627176477338 HTTP/1.1" 200 22
114.83.222.60 - - [25/Jul/2021:09:27:59 +0800] "GET /xingrg/all/function/internal_message.html?_=1627176477339&CODE_STATE=getMsg HTTP/1.1" 200 27
114.86.225.230 - - [25/Jul/2021:09:27:59 +0800] "GET /xingrg/kc/print/load_config.html?kc_code=cgsh HTTP/1.1" 200 1845
114.86.225.230 - - [25/Jul/2021:09:27:59 +0800] "GET /xingrg/kc/print/load_data.html?order_code=212021072511573&kc_code=cgsh&condition= HTTP/1.1" 200 664
116.235.222.38 - - [25/Jul/2021:09:28:02 +0800] "GET /xingrg/all/function/internal_message.html?_=1627176482326&CODE_STATE=getMsg HTTP/1.1" 200 27
180.169.147.146 - - [25/Jul/2021:09:28:03 +0800] "GET /xingrg/check_reg.html?_=1627176483523 HTTP/1.1" 200 22
180.169.147.146 - - [25/Jul/2021:09:28:03 +0800] "GET /xingrg/all/function/internal_message.html?_=1627176483529&CODE_STATE=getMsg HTTP/1.1" 200 27
180.156.224.123 - - [25/Jul/2021:09:28:04 +0800] "GET /xingrg/all/function/internal_message.html?_=1627176452112&CODE_STATE=getMsg HTTP/1.1" 200 27
180.174.197.120 - - [25/Jul/2021:09:28:06 +0800] "GET /xingrg/all/function/internal_message.html?_=1627176457702&CODE_STATE=getMsg HTTP/1.1" 200 27
114.83.222.60 - - [25/Jul/2021:09:28:09 +0800] "GET /xingrg/kc/buy/cgsh_order_operate.html?command=get_materiel&rest_code=00149&code=00101001044&supplier_code=00100039&order_time=2021-07-25 HTTP/1.1" 200 411
180.156.224.123 - - [25/Jul/2021:09:28:10 +0800] "GET /xingrg/check_reg.html?_=1627176490156 HTTP/1.1" 200 22
180.156.224.123 - - [25/Jul/2021:09:28:11 +0800] "GET /xingrg/all/function/internal_message.html?_=1627176491048&CODE_STATE=getMsg HTTP/1.1" 200 27
116.230.110.80 - - [25/Jul/2021:09:28:16 +0800] "GET /xingrg/all/function/internal_message.html?_=1627176490068&CODE_STATE=getMsg HTTP/1.1" 200 27
222.70.175.207 - - [25/Jul/2021:09:28:18 +0800] "GET /xingrg/all/function/internal_message.html?_=1627176523757&CODE_STATE=getMsg HTTP/1.1" 200 27
114.83.222.60 - - [25/Jul/2021:09:28:18 +0800] "GET /xingrg/kc/buy/cgsh_order_operate.html?command=get_materiel&rest_code=00149&code=00101010161&supplier_code=00100039&order_time=2021-07-25 HTTP/1.1" 200 430
180.156.224.123 - - [25/Jul/2021:09:28:20 +0800] "GET /xingrg/kc/buy/cgsh_order_operate.html?command=get_materiel&rest_code=00150&code=00101008323&supplier_code=00100007&order_time=2021-07-25 HTTP/1.1" 200 408
101.83.145.79 - - [25/Jul/2021:09:28:25 +0800] "GET /xingrg/all/function/internal_message.html?_=1627176506492&CODE_STATE=getMsg HTTP/1.1" 200 27
180.156.224.123 - - [25/Jul/2021:09:28:28 +0800] "GET /xingrg/kc/buy/cgsh_order_operate.html?command=get_materiel&rest_code=00150&code=00101008175&supplier_code=00100007&order_time=2021-07-25 HTTP/1.1" 200 412
180.169.147.146 - - [25/Jul/2021:09:28:32 +0800] "GET /xingrg/check_reg.html?_=1627176511642 HTTP/1.1" 200 22
180.156.224.123 - - [25/Jul/2021:09:28:34 +0800] "GET /xingrg/kc/buy/cgsh_order_operate.html?command=get_materiel&rest_code=00150&code=00101008350&supplier_code=00100007&order_time=2021-07-25 HTTP/1.1" 200 408
222.70.176.145 - - [25/Jul/2021:09:28:35 +0800] "GET /xingrg/check_reg.html?_=1627176510921 HTTP/1.1" 200 22
222.70.176.145 - - [25/Jul/2021:09:28:35 +0800] "GET /xingrg/all/function/internal_message.html?_=1627176510927&CODE_STATE=getMsg HTTP/1.1" 200 27
180.156.224.123 - - [25/Jul/2021:09:28:36 +0800] "POST /xingrg/kc/buy/cgsh_order_operate.html HTTP/1.1" 200 2065
114.83.222.60 - - [25/Jul/2021:09:28:36 +0800] "GET /xingrg/kc/buy/cgsh_order_operate.html?command=get_materiel&rest_code=00149&code=00101005037&supplier_code=00100039&order_time=2021-07-25 HTTP/1.1" 200 409
180.174.197.120 - - [25/Jul/2021:09:28:39 +0800] "GET /xingrg/all/function/internal_message.html?_=1627176519265&CODE_STATE=getMsg HTTP/1.1" 200 27
114.86.225.230 - - [25/Jul/2021:09:28:39 +0800] "GET /xingrg/check_reg.html?_=1627176519550 HTTP/1.1" 200 22
114.86.225.230 - - [25/Jul/2021:09:28:39 +0800] "GET /xingrg/all/function/internal_message.html?_=1627176519549&CODE_STATE=getMsg HTTP/1.1" 200 27
180.156.224.123 - - [25/Jul/2021:09:28:42 +0800] "GET /xingrg/kc/buy/cgsh_order_operate.html?command=get_materiel&rest_code=00150&code=00101008112&supplier_code=00100007&order_time=2021-07-25 HTTP/1.1" 200 412
114.83.222.60 - - [25/Jul/2021:09:28:47 +0800] "POST /xingrg/kc/buy/cgsh_order_operate.html HTTP/1.1" 200 37
180.174.197.120 - - [25/Jul/2021:09:28:48 +0800] "GET /xingrg/kc/print/load_config.html?kc_code=cgsh HTTP/1.1" 200 1845
180.174.197.120 - - [25/Jul/2021:09:28:48 +0800] "GET /xingrg/kc/print/load_data.html?order_code=212021072511565&kc_code=cgsh&condition= HTTP/1.1" 200 4292
180.156.224.123 - - [25/Jul/2021:09:28:48 +0800] "GET /xingrg/kc/buy/cgsh_order_operate.html?command=get_materiel&rest_code=00150&code=00101008096&supplier_code=00100007&order_time=2021-07-25 HTTP/1.1" 200 412
58.40.7.146 - - [25/Jul/2021:09:28:50 +0800] "GET /xingrg/check_reg.html?_=1627176529937 HTTP/1.1" 302 -
116.237.74.182 - - [25/Jul/2021:09:28:51 +0800] "GET /xingrg/all/function/internal_message.html?_=1627176524841&CODE_STATE=getMsg HTTP/1.1" 200 27
114.83.222.60 - - [25/Jul/2021:09:28:52 +0800] "POST /xingrg/kc/buy/cgsh_order_operate.html HTTP/1.1" 200 12
180.156.224.123 - - [25/Jul/2021:09:28:53 +0800] "GET /xingrg/kc/buy/cgsh_order_operate.html?command=get_materiel&rest_code=00150&code=00101008224&supplier_code=00100007&order_time=2021-07-25 HTTP/1.1" 200 416
114.83.222.60 - - [25/Jul/2021:09:28:55 +0800] "GET /xingrg/kc/buy/cgsh_order_info.html?code=212021072511574 HTTP/1.1" 200 57840
114.83.222.60 - - [25/Jul/2021:09:28:56 +0800] "GET /xingrg/javascript/easyui/themes/default/validatebox.css HTTP/1.1" 404 1104
114.83.222.60 - - [25/Jul/2021:09:28:56 +0800] "POST /xingrg/kc/buy/cgsh_order_operate.html HTTP/1.1" 200 2380
114.83.222.60 - - [25/Jul/2021:09:28:59 +0800] "GET /xingrg/all/function/internal_message.html?_=1627176537313&CODE_STATE=getMsg HTTP/1.1" 200 27
114.83.222.60 - - [25/Jul/2021:09:29:02 +0800] "GET /xingrg/kc/print/load_data.html?order_code=212021072511574&kc_code=cgsh&condition= HTTP/1.1" 200 1402
116.235.222.38 - - [25/Jul/2021:09:29:02 +0800] "GET /xingrg/all/function/internal_message.html?_=1627176542326&CODE_STATE=getMsg HTTP/1.1" 200 27
180.169.147.146 - - [25/Jul/2021:09:29:03 +0800] "GET /xingrg/all/function/internal_message.html?_=1627176543531&CODE_STATE=getMsg HTTP/1.1" 200 27
180.156.224.123 - - [25/Jul/2021:09:29:04 +0800] "GET /xingrg/all/function/internal_message.html?_=1627176512130&CODE_STATE=getMsg HTTP/1.1" 200 27
180.156.224.123 - - [25/Jul/2021:09:29:06 +0800] "GET /xingrg/kc/buy/cgsh_order_operate.html?command=get_materiel&rest_code=00150&code=00101008360&supplier_code=00100007&order_time=2021-07-25 HTTP/1.1" 200 412
180.174.197.120 - - [25/Jul/2021:09:29:06 +0800] "GET /xingrg/all/function/internal_message.html?_=1627176517867&CODE_STATE=getMsg HTTP/1.1" 200 27
101.85.94.150 - - [25/Jul/2021:09:29:09 +0800] "GET /xingrg HTTP/1.1" 302 -
101.85.94.150 - - [25/Jul/2021:09:29:09 +0800] "GET /xingrg/ HTTP/1.1" 200 292
180.156.224.123 - - [25/Jul/2021:09:29:10 +0800] "POST /xingrg/kc/buy/cgsh_order_operate.html HTTP/1.1" 200 2065
180.174.197.120 - - [25/Jul/2021:09:29:11 +0800] "GET /xingrg/kc/buy/cgsh_order_add.html HTTP/1.1" 200 62837
180.156.224.123 - - [25/Jul/2021:09:29:11 +0800] "GET /xingrg/all/function/internal_message.html?_=1627176551026&CODE_STATE=getMsg HTTP/1.1" 200 27
101.85.94.150 - - [25/Jul/2021:09:29:12 +0800] "GET /xingrg/index.html HTTP/1.1" 302 -
101.85.94.150 - - [25/Jul/2021:09:29:12 +0800] "GET /xingrg/login.html HTTP/1.1" 200 7641
101.85.94.150 - - [25/Jul/2021:09:29:12 +0800] "GET /favicon.ico HTTP/1.1" 404 -
180.174.197.120 - - [25/Jul/2021:09:29:12 +0800] "POST /xingrg/kc/buy/cgsh_order_operate.html HTTP/1.1" 200 8245
101.85.94.150 - - [25/Jul/2021:09:29:12 +0800] "GET /xingrg/images/blue/jxLogo.png HTTP/1.1" 200 6156
180.174.197.120 - - [25/Jul/2021:09:29:13 +0800] "GET /xingrg/javascript/easyui/themes/default/validatebox.css HTTP/1.1" 404 1104
101.85.94.150 - - [25/Jul/2021:09:29:13 +0800] "GET /xingrg/images/blue/hj.png HTTP/1.1" 200 1014
101.85.94.150 - - [25/Jul/2021:09:29:13 +0800] "GET /xingrg/images/blue/srbg.png HTTP/1.1" 200 138
101.85.94.150 - - [25/Jul/2021:09:29:13 +0800] "GET /xingrg/images/blue/login_bg.png HTTP/1.1" 200 22101
101.85.94.150 - - [25/Jul/2021:09:29:14 +0800] "GET /favicon.ico HTTP/1.1" 404 -
180.156.224.123 - - [25/Jul/2021:09:29:15 +0800] "GET /xingrg/kc/buy/cgsh_order_operate.html?command=get_materiel&rest_code=00150&code=00101008223&supplier_code=00100007&order_time=2021-07-25 HTTP/1.1" 200 412
116.230.110.80 - - [25/Jul/2021:09:29:16 +0800] "GET /xingrg/all/function/internal_message.html?_=1627176550056&CODE_STATE=getMsg HTTP/1.1" 200 27
222.70.175.207 - - [25/Jul/2021:09:29:18 +0800] "GET /xingrg/all/function/internal_message.html?_=1627176583770&CODE_STATE=getMsg HTTP/1.1" 200 27
101.85.94.150 - - [25/Jul/2021:09:29:20 +0800] "POST /xingrg/login.do HTTP/1.1" 302 -
101.85.94.150 - - [25/Jul/2021:09:29:20 +0800] "GET /xingrg/index.html?sysBaseUrl=http%3A%2F%2F180.169.147.146%3A18081%2Fxingrg%2F&costTime=35×tamp=1627176560636 HTTP/1.1" 200 17179
101.85.94.150 - - [25/Jul/2021:09:29:20 +0800] "GET /xingrg/javascript/jquery_easy_ui/themes/icon.css HTTP/1.1" 200 3949
101.85.94.150 - - [25/Jul/2021:09:29:20 +0800] "GET /xingrg/javascript/jquery_easy_ui/jquery.easyui.min.js HTTP/1.1" 200 213662
101.85.94.150 - - [25/Jul/2021:09:29:20 +0800] "GET /xingrg/javascript/jquery-1.4.2.min.js HTTP/1.1" 200 72205
101.85.94.150 - - [25/Jul/2021:09:29:20 +0800] "GET /xingrg/css/form.css HTTP/1.1" 200 893
101.85.94.150 - - [25/Jul/2021:09:29:20 +0800] "GET /xingrg/javascript/jquery_easy_ui/easyui-lang-zh_CN.js HTTP/1.1" 200 1900
101.85.94.150 - - [25/Jul/2021:09:29:20 +0800] "GET /xingrg/javascript/jquery.timers.js HTTP/1.1" 200 3532
101.85.94.150 - - [25/Jul/2021:09:29:20 +0800] "GET /xingrg/javascript/jquery_easy_ui/themes/default/easyui.css HTTP/1.1" 200 26500
101.85.94.150 - - [25/Jul/2021:09:29:20 +0800] "GET /xingrg/javascript/jquery.utils.js HTTP/1.1" 200 11805
101.85.94.150 - - [25/Jul/2021:09:29:20 +0800] "GET /xingrg/javascript/jquery.form.js HTTP/1.1" 200 23110
101.85.94.150 - - [25/Jul/2021:09:29:21 +0800] "GET /xingrg/javascript/jquery_easy_ui/themes/icons/settle_new.png HTTP/1.1" 200 826
101.85.94.150 - - [25/Jul/2021:09:29:21 +0800] "GET /xingrg/images/blue/navBackgound.jpg HTTP/1.1" 200 12378
101.85.94.150 - - [25/Jul/2021:09:29:21 +0800] "GET /favicon.ico HTTP/1.1" 404 -
101.85.94.150 - - [25/Jul/2021:09:29:21 +0800] "POST /xingrg/all/common/load_tree.html?tree=area_rest_tree_json&manage=1 HTTP/1.1" 200 351
101.85.94.150 - - [25/Jul/2021:09:29:21 +0800] "GET /xingrg/check_reg.html?_=1627176553665 HTTP/1.1" 200 22
101.85.94.150 - - [25/Jul/2021:09:29:21 +0800] "GET /xingrg/all/function/internal_message.html?_=1627176553664&CODE_STATE=count HTTP/1.1" 200 11
101.85.94.150 - - [25/Jul/2021:09:29:21 +0800] "GET /xingrg/images/blue/pingpu.png HTTP/1.1" 200 231
101.85.94.150 - - [25/Jul/2021:09:29:21 +0800] "GET /xingrg/javascript/jquery_easy_ui/themes/default/images/tabs_rightarrow.png HTTP/1.1" 200 395
101.85.94.150 - - [25/Jul/2021:09:29:21 +0800] "GET /xingrg/javascript/jquery_easy_ui/themes/default/images/tabs_leftarrow.png HTTP/1.1" 200 389
101.85.94.150 - - [25/Jul/2021:09:29:21 +0800] "GET /xingrg/javascript/jquery_easy_ui/themes/default/images/panel_tool_collapse.gif HTTP/1.1" 200 246
101.85.94.150 - - [25/Jul/2021:09:29:21 +0800] "POST /xingrg/load_menu.html HTTP/1.1" 200 5138
101.85.94.150 - - [25/Jul/2021:09:29:21 +0800] "GET /xingrg/javascript/jquery_easy_ui/themes/default/images/tree_arrows.gif HTTP/1.1" 200 1043
101.85.94.150 - - [25/Jul/2021:09:29:21 +0800] "GET /xingrg/javascript/jquery_easy_ui/themes/default/images/tree_folder_open.gif HTTP/1.1" 200 956
101.85.94.150 - - [25/Jul/2021:09:29:21 +0800] "GET /xingrg/javascript/jquery_easy_ui/themes/icons/search_new.png HTTP/1.1" 200 586
101.85.94.150 - - [25/Jul/2021:09:29:21 +0800] "GET /xingrg/javascript/jquery_easy_ui/themes/default/images/tree_folder.gif HTTP/1.1" 200 952
101.85.94.150 - - [25/Jul/2021:09:29:21 +0800] "GET /xingrg/javascript/jquery_easy_ui/themes/icons/forms_new.png HTTP/1.1" 200 350
101.85.94.150 - - [25/Jul/2021:09:29:21 +0800] "GET /xingrg/javascript/jquery_easy_ui/themes/icons/storage_new.png HTTP/1.1" 200 853
101.85.94.150 - - [25/Jul/2021:09:29:21 +0800] "GET /xingrg/javascript/jquery_easy_ui/themes/default/images/tree_file.gif HTTP/1.1" 200 118
101.83.145.79 - - [25/Jul/2021:09:29:25 +0800] "GET /xingrg/all/function/internal_message.html?_=1627176566483&CODE_STATE=getMsg HTTP/1.1" 200 27
180.174.197.120 - - [25/Jul/2021:09:29:26 +0800] "GET /xingrg/javascript/easyui/plugins/jquery.draggable.js HTTP/1.1" 304 -
180.174.197.120 - - [25/Jul/2021:09:29:26 +0800] "GET /xingrg/css/images/panel_loading.gif HTTP/1.1" 304 -
180.174.197.120 - - [25/Jul/2021:09:29:26 +0800] "GET /xingrg/javascript/easyui/plugins/jquery.droppable.js HTTP/1.1" 304 -
180.174.197.120 - - [25/Jul/2021:09:29:26 +0800] "GET /xingrg/javascript/easyui/themes/default/tree.css HTTP/1.1" 404 1090
180.174.197.120 - - [25/Jul/2021:09:29:26 +0800] "GET /xingrg/javascript/easyui/plugins/jquery.tree.js HTTP/1.1" 304 -
180.174.197.120 - - [25/Jul/2021:09:29:26 +0800] "POST /xingrg/all/common/load_tree.html?tree=supplier_tree_json&isDelete=1 HTTP/1.1" 200 56725
180.156.224.123 - - [25/Jul/2021:09:29:27 +0800] "GET /xingrg/kc/buy/cgsh_order_operate.html?command=get_materiel&rest_code=00150&code=00101008168&supplier_code=00100007&order_time=2021-07-25 HTTP/1.1" 200 413
180.174.197.120 - - [25/Jul/2021:09:29:28 +0800] "GET /xingrg/javascript/easyui/themes/default/images/tree_arrows.gif HTTP/1.1" 304 -
180.174.197.120 - - [25/Jul/2021:09:29:28 +0800] "GET /xingrg/javascript/easyui/themes/default/images/tree_folder_open.gif HTTP/1.1" 304 -
180.174.197.120 - - [25/Jul/2021:09:29:28 +0800] "GET /xingrg/javascript/easyui/themes/default/images/tree_folder.gif HTTP/1.1" 304 -
180.174.197.120 - - [25/Jul/2021:09:29:28 +0800] "GET /xingrg/javascript/easyui/themes/default/images/tree_file.gif HTTP/1.1" 304 -
180.156.224.123 - - [25/Jul/2021:09:29:34 +0800] "GET /xingrg/kc/buy/cgsh_order_operate.html?command=get_materiel&rest_code=00150&code=00101008236&supplier_code=00100007&order_time=2021-07-25 HTTP/1.1" 200 416
222.70.176.145 - - [25/Jul/2021:09:29:35 +0800] "GET /xingrg/all/function/internal_message.html?_=1627176570923&CODE_STATE=getMsg HTTP/1.1" 200 27
180.174.197.120 - - [25/Jul/2021:09:29:39 +0800] "GET /xingrg/all/function/internal_message.html?_=1627176579278&CODE_STATE=getMsg HTTP/1.1" 200 27
114.86.225.230 - - [25/Jul/2021:09:29:39 +0800] "GET /xingrg/all/function/internal_message.html?_=1627176579554&CODE_STATE=getMsg HTTP/1.1" 200 27
180.156.224.123 - - [25/Jul/2021:09:29:40 +0800] "GET /xingrg/kc/buy/cgsh_order_operate.html?command=get_materiel&rest_code=00150&code=00101008114&supplier_code=00100007&order_time=2021-07-25 HTTP/1.1" 200 412
116.235.222.38 - - [25/Jul/2021:09:29:42 +0800] "GET /xingrg/check_reg.html?_=1627176582788 HTTP/1.1" 302 -
180.156.224.123 - - [25/Jul/2021:09:29:43 +0800] "POST /xingrg/kc/buy/cgsh_order_operate.html HTTP/1.1" 200 2065
180.174.197.120 - - [25/Jul/2021:09:29:45 +0800] "GET /xingrg/kc/buy/cgsh_order_operate.html?command=get_materiel&rest_code=00102&code=00101011002&supplier_code=00100047&order_time=2021-07-25 HTTP/1.1" 200 427
116.237.74.182 - - [25/Jul/2021:09:29:51 +0800] "GET /xingrg/all/function/internal_message.html?_=1627176584841&CODE_STATE=getMsg HTTP/1.1" 200 27
180.174.197.120 - - [25/Jul/2021:09:29:55 +0800] "GET /xingrg/kc/buy/cgsh_order_operate.html?command=get_materiel&rest_code=00102&code=00101011010&supplier_code=00100047&order_time=2021-07-25 HTTP/1.1" 200 418
114.83.222.60 - - [25/Jul/2021:09:29:59 +0800] "GET /xingrg/all/function/internal_message.html?_=1627176597296&CODE_STATE=getMsg HTTP/1.1" 200 27
116.235.222.38 - - [25/Jul/2021:09:30:02 +0800] "GET /xingrg/all/function/internal_message.html?_=1627176602319&CODE_STATE=getMsg HTTP/1.1" 200 27
180.169.147.146 - - [25/Jul/2021:09:30:03 +0800] "GET /xingrg/all/function/internal_message.html?_=1627176603537&CODE_STATE=getMsg HTTP/1.1" 200 27
180.156.224.123 - - [25/Jul/2021:09:30:04 +0800] "GET /xingrg/all/function/internal_message.html?_=1627176572139&CODE_STATE=getMsg HTTP/1.1" 200 27
180.174.197.120 - - [25/Jul/2021:09:30:05 +0800] "POST /xingrg/kc/buy/cgsh_order_operate.html HTTP/1.1" 200 37
180.156.224.123 - - [25/Jul/2021:09:30:06 +0800] "GET /xingrg/kc/buy/cgsh_order_operate.html?command=get_materiel&rest_code=00150&code=00101008061&supplier_code=00100007&order_time=2021-07-25 HTTP/1.1" 200 422
180.174.197.120 - - [25/Jul/2021:09:30:07 +0800] "GET /xingrg/all/function/internal_message.html?_=1627176577945&CODE_STATE=getMsg HTTP/1.1" 200 27
180.174.197.120 - - [25/Jul/2021:09:30:08 +0800] "POST /xingrg/kc/buy/cgsh_order_operate.html HTTP/1.1" 200 12
180.174.197.120 - - [25/Jul/2021:09:30:09 +0800] "GET /xingrg/kc/buy/cgsh_order_info.html?code=212021072511575 HTTP/1.1" 200 57744
180.156.224.123 - - [25/Jul/2021:09:30:11 +0800] "GET /xingrg/all/function/internal_message.html?_=1627176611045&CODE_STATE=getMsg HTTP/1.1" 200 27
180.174.197.120 - - [25/Jul/2021:09:30:11 +0800] "GET /xingrg/javascript/easyui/themes/default/validatebox.css HTTP/1.1" 404 1104
180.174.197.120 - - [25/Jul/2021:09:30:12 +0800] "POST /xingrg/kc/buy/cgsh_order_operate.html HTTP/1.1" 200 1220
180.174.197.120 - - [25/Jul/2021:09:30:13 +0800] "GET /xingrg/kc/print/load_data.html?order_code=212021072511575&kc_code=cgsh&condition= HTTP/1.1" 200 985
116.230.110.80 - - [25/Jul/2021:09:30:16 +0800] "GET /xingrg/all/function/internal_message.html?_=1627176610055&CODE_STATE=getMsg HTTP/1.1" 200 27
222.70.175.207 - - [25/Jul/2021:09:30:18 +0800] "GET /xingrg/all/function/internal_message.html?_=1627176644006&CODE_STATE=getMsg HTTP/1.1" 200 27
101.85.94.150 - - [25/Jul/2021:09:30:21 +0800] "GET /xingrg/all/function/internal_message.html?_=1627176613682&CODE_STATE=getMsg HTTP/1.1" 200 27
180.174.197.120 - - [25/Jul/2021:09:30:24 +0800] "GET /xingrg/kc/buy/cgsh_order_add.html HTTP/1.1" 200 62837
180.156.224.123 - - [25/Jul/2021:09:30:24 +0800] "GET /xingrg/kc/buy/cgsh_order_operate.html?command=get_materiel&rest_code=00150&code=00101008041&supplier_code=00100007&order_time=2021-07-25 HTTP/1.1" 200 408
101.83.145.79 - - [25/Jul/2021:09:30:25 +0800] "GET /xingrg/all/function/internal_message.html?_=1627176626484&CODE_STATE=getMsg HTTP/1.1" 200 27
180.174.197.120 - - [25/Jul/2021:09:30:26 +0800] "POST /xingrg/kc/buy/cgsh_order_operate.html HTTP/1.1" 200 8245
180.174.197.120 - - [25/Jul/2021:09:30:26 +0800] "GET /xingrg/javascript/easyui/themes/default/validatebox.css HTTP/1.1" 404 1104
180.174.197.120 - - [25/Jul/2021:09:30:33 +0800] "GET /xingrg/javascript/easyui/themes/default/tree.css HTTP/1.1" 404 1090
180.174.197.120 - - [25/Jul/2021:09:30:33 +0800] "POST /xingrg/all/common/load_tree.html?tree=supplier_tree_json&isDelete=1 HTTP/1.1" 200 56725
222.70.176.145 - - [25/Jul/2021:09:30:35 +0800] "GET /xingrg/all/function/internal_message.html?_=1627176630924&CODE_STATE=getMsg HTTP/1.1" 200 27
180.174.197.120 - - [25/Jul/2021:09:30:39 +0800] "GET /xingrg/all/function/internal_message.html?_=1627176639307&CODE_STATE=getMsg HTTP/1.1" 200 27
114.86.225.230 - - [25/Jul/2021:09:30:39 +0800] "GET /xingrg/all/function/internal_message.html?_=1627176639553&CODE_STATE=getMsg HTTP/1.1" 200 27
180.156.224.123 - - [25/Jul/2021:09:30:49 +0800] "POST /xingrg/kc/buy/cgsh_order_operate.html HTTP/1.1" 200 37
180.156.224.123 - - [25/Jul/2021:09:30:50 +0800] "POST /xingrg/kc/buy/cgsh_order_operate.html HTTP/1.1" 200 31634
116.237.74.182 - - [25/Jul/2021:09:30:51 +0800] "GET /xingrg/all/function/internal_message.html?_=1627176644841&CODE_STATE=getMsg HTTP/1.1" 200 27
114.83.222.60 - - [25/Jul/2021:09:30:59 +0800] "GET /xingrg/all/function/internal_message.html?_=1627176657270&CODE_STATE=getMsg HTTP/1.1" 200 27
180.174.197.120 - - [25/Jul/2021:09:30:59 +0800] "GET /xingrg/kc/buy/cgsh_order_operate.html?command=get_materiel&rest_code=00102&code=00101015057&supplier_code=00100054&order_time=2021-07-25 HTTP/1.1" 200 408
180.174.197.120 - - [25/Jul/2021:09:31:00 +0800] "GET /xingrg/check_reg.html?_=1627176631638 HTTP/1.1" 200 22
222.70.176.145 - - [25/Jul/2021:09:31:01 +0800] "GET /xingrg/kc/buy/cgsh_order_add.html HTTP/1.1" 200 62878
222.70.176.145 - - [25/Jul/2021:09:31:02 +0800] "POST /xingrg/kc/buy/cgsh_order_operate.html HTTP/1.1" 200 8245
222.70.176.145 - - [25/Jul/2021:09:31:02 +0800] "GET /xingrg/javascript/easyui/themes/default/validatebox.css HTTP/1.1" 404 1104
116.235.222.38 - - [25/Jul/2021:09:31:02 +0800] "GET /xingrg/all/function/internal_message.html?_=1627176662336&CODE_STATE=getMsg HTTP/1.1" 200 27
180.169.147.146 - - [25/Jul/2021:09:31:03 +0800] "GET /xingrg/all/function/internal_message.html?_=1627176663526&CODE_STATE=getMsg HTTP/1.1" 200 27
180.156.224.123 - - [25/Jul/2021:09:31:04 +0800] "GET /xingrg/all/function/internal_message.html?_=1627176632157&CODE_STATE=getMsg HTTP/1.1" 200 27
180.174.197.120 - - [25/Jul/2021:09:31:07 +0800] "GET /xingrg/all/function/internal_message.html?_=1627176637961&CODE_STATE=getMsg HTTP/1.1" 200 27
180.156.224.123 - - [25/Jul/2021:09:31:11 +0800] "GET /xingrg/all/function/internal_message.html?_=1627176671025&CODE_STATE=getMsg HTTP/1.1" 200 27
180.174.197.120 - - [25/Jul/2021:09:31:14 +0800] "GET /xingrg/kc/buy/cgsh_order_operate.html?command=get_materiel&rest_code=00102&code=00101015059&supplier_code=00100054&order_time=2021-07-25 HTTP/1.1" 200 412
116.230.110.80 - - [25/Jul/2021:09:31:16 +0800] "GET /xingrg/all/function/internal_message.html?_=1627176670050&CODE_STATE=getMsg HTTP/1.1" 200 27
222.70.176.145 - - [25/Jul/2021:09:31:17 +0800] "GET /xingrg/kc/buy/cgsh_order_operate.html?command=get_materiel&rest_code=00111&code=00101002027&supplier_code=00100199&order_time=2021-07-25 HTTP/1.1" 200 413
222.70.175.207 - - [25/Jul/2021:09:31:18 +0800] "GET /xingrg/all/function/internal_message.html?_=1627176704016&CODE_STATE=getMsg HTTP/1.1" 200 27
101.85.94.150 - - [25/Jul/2021:09:31:21 +0800] "GET /xingrg/all/function/internal_message.html?_=1627176673669&CODE_STATE=getMsg HTTP/1.1" 200 27
222.70.176.145 - - [25/Jul/2021:09:31:25 +0800] "GET /xingrg/kc/buy/cgsh_order_operate.html?command=get_materiel&rest_code=00111&code=00101002006&supplier_code=00100199&order_time=2021-07-25 HTTP/1.1" 200 413
101.83.145.79 - - [25/Jul/2021:09:31:25 +0800] "GET /xingrg/all/function/internal_message.html?_=1627176686488&CODE_STATE=getMsg HTTP/1.1" 200 27
116.230.110.80 - - [25/Jul/2021:09:31:29 +0800] "GET /xingrg/check_reg.html?_=1627176683820 HTTP/1.1" 200 22
222.70.176.145 - - [25/Jul/2021:09:31:32 +0800] "POST /xingrg/kc/buy/cgsh_order_operate.html HTTP/1.1" 200 37
222.70.176.145 - - [25/Jul/2021:09:31:34 +0800] "POST /xingrg/kc/buy/cgsh_order_operate.html HTTP/1.1" 200 3255
222.70.176.145 - - [25/Jul/2021:09:31:35 +0800] "GET /xingrg/kc/print/load_data.html?order_code=212021072511576&kc_code=cgsh&condition= HTTP/1.1" 200 895
222.70.176.145 - - [25/Jul/2021:09:31:36 +0800] "GET /xingrg/all/function/internal_message.html?_=1627176691715&CODE_STATE=getMsg HTTP/1.1" 200 27
180.174.197.120 - - [25/Jul/2021:09:31:39 +0800] "GET /xingrg/all/function/internal_message.html?_=1627176699336&CODE_STATE=getMsg HTTP/1.1" 200 27
114.86.225.230 - - [25/Jul/2021:09:31:39 +0800] "GET /xingrg/all/function/internal_message.html?_=1627176699556&CODE_STATE=getMsg HTTP/1.1" 200 27
180.174.197.120 - - [25/Jul/2021:09:31:39 +0800] "GET /xingrg/kc/buy/cgsh_order_operate.html?command=get_materiel&rest_code=00102&code=00101015042&supplier_code=00100054&order_time=2021-07-25 HTTP/1.1" 200 408
116.237.74.182 - - [25/Jul/2021:09:31:51 +0800] "GET /xingrg/check_reg.html?_=1627176704841 HTTP/1.1" 200 22
116.237.74.182 - - [25/Jul/2021:09:31:51 +0800] "GET /xingrg/all/function/internal_message.html?_=1627176704843&CODE_STATE=getMsg HTTP/1.1" 200 27
180.156.224.123 - - [25/Jul/2021:09:31:54 +0800] "GET /xingrg/check_reg.html?_=1627176682066 HTTP/1.1" 200 22
180.174.197.120 - - [25/Jul/2021:09:31:58 +0800] "POST /xingrg/kc/buy/cgsh_order_operate.html HTTP/1.1" 200 37
114.83.222.60 - - [25/Jul/2021:09:31:59 +0800] "GET /xingrg/all/function/internal_message.html?_=1627176717258&CODE_STATE=getMsg HTTP/1.1" 200 27
180.174.197.120 - - [25/Jul/2021:09:32:01 +0800] "POST /xingrg/kc/buy/cgsh_order_operate.html HTTP/1.1" 200 12
180.174.197.120 - - [25/Jul/2021:09:32:02 +0800] "GET /xingrg/kc/buy/cgsh_order_info.html?code=212021072511577 HTTP/1.1" 200 57742
116.235.222.38 - - [25/Jul/2021:09:32:02 +0800] "GET /xingrg/check_reg.html?_=1627176722320 HTTP/1.1" 200 22
116.235.222.38 - - [25/Jul/2021:09:32:02 +0800] "GET /xingrg/all/function/internal_message.html?_=1627176722322&CODE_STATE=getMsg HTTP/1.1" 200 27
180.174.197.120 - - [25/Jul/2021:09:32:03 +0800] "GET /xingrg/javascript/easyui/themes/default/validatebox.css HTTP/1.1" 404 1104
180.169.147.146 - - [25/Jul/2021:09:32:03 +0800] "GET /xingrg/all/function/internal_message.html?_=1627176723531&CODE_STATE=getMsg HTTP/1.1" 200 27
180.174.197.120 - - [25/Jul/2021:09:32:03 +0800] "POST /xingrg/kc/buy/cgsh_order_operate.html HTTP/1.1" 200 1780
180.156.224.123 - - [25/Jul/2021:09:32:04 +0800] "GET /xingrg/all/function/internal_message.html?_=1627176692166&CODE_STATE=getMsg HTTP/1.1" 200 27
180.174.197.120 - - [25/Jul/2021:09:32:05 +0800] "GET /xingrg/kc/print/load_data.html?order_code=212021072511577&kc_code=cgsh&condition= HTTP/1.1" 200 1119
180.174.197.120 - - [25/Jul/2021:09:32:08 +0800] "GET /xingrg/all/function/internal_message.html?_=1627176699002&CODE_STATE=getMsg HTTP/1.1" 200 27
180.156.224.123 - - [25/Jul/2021:09:32:11 +0800] "GET /xingrg/all/function/internal_message.html?_=1627176731004&CODE_STATE=getMsg HTTP/1.1" 200 27
116.230.110.80 - - [25/Jul/2021:09:32:16 +0800] "GET /xingrg/all/function/internal_message.html?_=1627176730026&CODE_STATE=getMsg HTTP/1.1" 200 27
222.70.175.207 - - [25/Jul/2021:09:32:18 +0800] "GET /xingrg/check_reg.html?_=1627176763500 HTTP/1.1" 200 22
222.70.175.207 - - [25/Jul/2021:09:32:18 +0800] "GET /xingrg/all/function/internal_message.html?_=1627176764029&CODE_STATE=getMsg HTTP/1.1" 200 27
101.85.94.150 - - [25/Jul/2021:09:32:21 +0800] "GET /xingrg/all/function/internal_message.html?_=1627176733668&CODE_STATE=getMsg HTTP/1.1" 200 27
101.83.145.79 - - [25/Jul/2021:09:32:25 +0800] "GET /xingrg/all/function/internal_message.html?_=1627176746488&CODE_STATE=getMsg HTTP/1.1" 200 27
101.83.145.79 - - [25/Jul/2021:09:32:25 +0800] "GET /xingrg/check_reg.html?_=1627176746491 HTTP/1.1" 200 22
222.70.176.145 - - [25/Jul/2021:09:32:36 +0800] "GET /xingrg/all/function/internal_message.html?_=1627176751697&CODE_STATE=getMsg HTTP/1.1" 200 27
180.174.197.120 - - [25/Jul/2021:09:32:38 +0800] "GET /xingrg/check_reg.html?_=1627176758554 HTTP/1.1" 200 22
180.174.197.120 - - [25/Jul/2021:09:32:39 +0800] "GET /xingrg/all/function/internal_message.html?_=1627176759349&CODE_STATE=getMsg HTTP/1.1" 200 27
114.86.225.230 - - [25/Jul/2021:09:32:39 +0800] "GET /xingrg/all/function/internal_message.html?_=1627176759559&CODE_STATE=getMsg HTTP/1.1" 200 27
116.237.74.182 - - [25/Jul/2021:09:32:51 +0800] "GET /xingrg/all/function/internal_message.html?_=1627176764842&CODE_STATE=getMsg HTTP/1.1" 200 27
114.83.222.60 - - [25/Jul/2021:09:32:59 +0800] "GET /xingrg/all/function/internal_message.html?_=1627176777243&CODE_STATE=getMsg HTTP/1.1" 200 27
114.83.222.60 - - [25/Jul/2021:09:32:59 +0800] "GET /xingrg/check_reg.html?_=1627176777361 HTTP/1.1" 200 22
101.85.94.150 - - [25/Jul/2021:09:32:59 +0800] "GET /xingrg/javascript/jquery_easy_ui/themes/default/images/tabs_close.gif HTTP/1.1" 200 829
101.85.94.150 - - [25/Jul/2021:09:32:59 +0800] "GET /xingrg/css/site.css HTTP/1.1" 200 7541
101.85.94.150 - - [25/Jul/2021:09:32:59 +0800] "GET /xingrg/javascript/auto/jquery.autocomplete.css HTTP/1.1" 200 587
101.85.94.150 - - [25/Jul/2021:09:32:59 +0800] "GET /xingrg/javascript/easyui/themes/icon.css HTTP/1.1" 200 4483
101.85.94.150 - - [25/Jul/2021:09:32:59 +0800] "GET /xingrg/javascript/jquery_tools/datebox.css HTTP/1.1" 200 2597
101.85.94.150 - - [25/Jul/2021:09:32:59 +0800] "GET /xingrg/javascript/jquery_tools/fix.css HTTP/1.1" 200 1702
101.85.94.150 - - [25/Jul/2021:09:32:59 +0800] "GET /xingrg/javascript/jquery_tools/jquery.tools.min.js HTTP/1.1" 200 138801
101.85.94.150 - - [25/Jul/2021:09:32:59 +0800] "GET /xingrg/javascript/jquery_tools/table.css HTTP/1.1" 200 1032
101.85.94.150 - - [25/Jul/2021:09:32:59 +0800] "GET /xingrg/css/base.css HTTP/1.1" 200 2811
101.85.94.150 - - [25/Jul/2021:09:32:59 +0800] "GET /xingrg/javascript/jquery_tools/jquery.tools.hotkey.js HTTP/1.1" 200 3242
101.85.94.150 - - [25/Jul/2021:09:32:59 +0800] "GET /xingrg/javascript/jquery_tools/jquery.tools.table.js HTTP/1.1" 200 6994
101.85.94.150 - - [25/Jul/2021:09:32:59 +0800] "GET /xingrg/javascript/jquery_tools/list_manager.js HTTP/1.1" 200 3652
101.85.94.150 - - [25/Jul/2021:09:32:59 +0800] "GET /xingrg/javascript/jquery_tools/jquery.tools.extend.js HTTP/1.1" 200 15385
101.85.94.150 - - [25/Jul/2021:09:32:59 +0800] "GET /xingrg/kc/buy/cgsh_order_list.html HTTP/1.1" 200 47146
101.85.94.150 - - [25/Jul/2021:09:32:59 +0800] "GET /xingrg/javascript/easyui/easyloader.js HTTP/1.1" 200 5975
101.85.94.150 - - [25/Jul/2021:09:32:59 +0800] "GET /xingrg/javascript/jquery.cookie.js HTTP/1.1" 200 5513
101.85.94.150 - - [25/Jul/2021:09:32:59 +0800] "GET /xingrg/javascript/print/LodopFuncs.js HTTP/1.1" 200 5121
101.85.94.150 - - [25/Jul/2021:09:32:59 +0800] "GET /xingrg/javascript/easyui/themes/default/easyui.css HTTP/1.1" 200 30432
101.85.94.150 - - [25/Jul/2021:09:32:59 +0800] "GET /xingrg/javascript/auto/jquery.autocomplete.js HTTP/1.1" 200 21624
101.85.94.150 - - [25/Jul/2021:09:33:00 +0800] "GET /xingrg/javascript/easyui/plugins/jquery.parser.js HTTP/1.1" 200 1142
101.85.94.150 - - [25/Jul/2021:09:33:00 +0800] "GET /xingrg/images/control/ajaxLoader.gif HTTP/1.1" 200 4659
101.85.94.150 - - [25/Jul/2021:09:33:00 +0800] "GET /xingrg/javascript/easyui/themes/icons/cance_new.png HTTP/1.1" 200 3986
101.85.94.150 - - [25/Jul/2021:09:33:00 +0800] "GET /xingrg/javascript/easyui/themes/icons/check_new.png HTTP/1.1" 200 3224
101.85.94.150 - - [25/Jul/2021:09:33:00 +0800] "GET /xingrg/javascript/easyui/themes/icons/edit_add_new.png HTTP/1.1" 200 2997
101.85.94.150 - - [25/Jul/2021:09:33:00 +0800] "GET /xingrg/javascript/easyui/themes/icons/field_new.png HTTP/1.1" 200 1097
101.85.94.150 - - [25/Jul/2021:09:33:00 +0800] "GET /xingrg/javascript/easyui/themes/icons/import_new.png HTTP/1.1" 200 1247
116.235.222.38 - - [25/Jul/2021:09:33:02 +0800] "GET /xingrg/all/function/internal_message.html?_=1627176782325&CODE_STATE=getMsg HTTP/1.1" 200 27
180.169.147.146 - - [25/Jul/2021:09:33:03 +0800] "GET /xingrg/check_reg.html?_=1627176783536 HTTP/1.1" 200 22
180.169.147.146 - - [25/Jul/2021:09:33:03 +0800] "GET /xingrg/all/function/internal_message.html?_=1627176783540&CODE_STATE=getMsg HTTP/1.1" 200 27
180.156.224.123 - - [25/Jul/2021:09:33:04 +0800] "GET /xingrg/all/function/internal_message.html?_=1627176752181&CODE_STATE=getMsg HTTP/1.1" 200 27
222.70.176.145 - - [25/Jul/2021:09:33:07 +0800] "POST /xingrg/kc/buy/cgsh_order_operate.html HTTP/1.1" 200 37
180.174.197.120 - - [25/Jul/2021:09:33:07 +0800] "GET /xingrg/kc/buy/cgsh_order_add.html HTTP/1.1" 200 62837
222.70.176.145 - - [25/Jul/2021:09:33:08 +0800] "POST /xingrg/kc/buy/cgsh_order_operate.html HTTP/1.1" 200 3255
180.174.197.120 - - [25/Jul/2021:09:33:09 +0800] "POST /xingrg/kc/buy/cgsh_order_operate.html HTTP/1.1" 200 8245
101.85.94.150 - - [25/Jul/2021:09:33:09 +0800] "POST /xingrg/kc/buy/cgsh_list_operate.html HTTP/1.1" 200 4960
180.174.197.120 - - [25/Jul/2021:09:33:09 +0800] "GET /xingrg/all/function/internal_message.html?_=1627176760652&CODE_STATE=getMsg HTTP/1.1" 200 27
180.174.197.120 - - [25/Jul/2021:09:33:09 +0800] "GET /xingrg/javascript/easyui/themes/default/validatebox.css HTTP/1.1" 404 1104
180.156.224.123 - - [25/Jul/2021:09:33:10 +0800] "GET /xingrg/check_reg.html?_=1627176790169 HTTP/1.1" 200 22
180.156.224.123 - - [25/Jul/2021:09:33:11 +0800] "GET /xingrg/all/function/internal_message.html?_=1627176791042&CODE_STATE=getMsg HTTP/1.1" 200 27
222.70.176.145 - - [25/Jul/2021:09:33:12 +0800] "POST /xingrg/kc/buy/cgsh_list_operate.html HTTP/1.1" 200 3496
222.70.176.145 - - [25/Jul/2021:09:33:13 +0800] "POST /xingrg/kc/buy/cgsh_list_operate.html HTTP/1.1" 200 417
116.230.110.80 - - [25/Jul/2021:09:33:16 +0800] "GET /xingrg/all/function/internal_message.html?_=1627176789999&CODE_STATE=getMsg HTTP/1.1" 200 27
222.70.176.145 - - [25/Jul/2021:09:33:16 +0800] "GET /xingrg/kc/buy/cgsh_order_info.html?code=212021072511547 HTTP/1.1" 200 62887
222.70.176.145 - - [25/Jul/2021:09:33:16 +0800] "GET /xingrg/javascript/easyui/themes/default/validatebox.css HTTP/1.1" 404 1104
222.70.175.207 - - [25/Jul/2021:09:33:18 +0800] "GET /xingrg/all/function/internal_message.html?_=1627176824043&CODE_STATE=getMsg HTTP/1.1" 200 27
180.156.224.123 - - [25/Jul/2021:09:33:20 +0800] "POST /xingrg/kc/buy/cgsh_order_operate.html HTTP/1.1" 200 37
222.70.176.145 - - [25/Jul/2021:09:33:20 +0800] "POST /xingrg/kc/buy/cgsh_order_operate.html HTTP/1.1" 200 6787
101.85.94.150 - - [25/Jul/2021:09:33:21 +0800] "GET /xingrg/all/function/internal_message.html?_=1627176793693&CODE_STATE=getMsg HTTP/1.1" 200 27
222.70.176.145 - - [25/Jul/2021:09:33:23 +0800] "GET /xingrg/kc/print/load_data.html?order_code=212021072511547&kc_code=cgsh HTTP/1.1" 200 1425
180.156.224.123 - - [25/Jul/2021:09:33:24 +0800] "POST /xingrg/kc/buy/cgsh_order_operate.html HTTP/1.1" 200 12
180.156.224.123 - - [25/Jul/2021:09:33:24 +0800] "GET /xingrg/kc/buy/cgsh_order_info.html?code=212021072511563 HTTP/1.1" 200 57711
180.156.224.123 - - [25/Jul/2021:09:33:25 +0800] "GET /xingrg/javascript/easyui/themes/default/validatebox.css HTTP/1.1" 404 1104
101.83.145.79 - - [25/Jul/2021:09:33:25 +0800] "GET /xingrg/all/function/internal_message.html?_=1627176806494&CODE_STATE=getMsg HTTP/1.1" 200 27
180.156.224.123 - - [25/Jul/2021:09:33:25 +0800] "POST /xingrg/kc/buy/cgsh_order_operate.html HTTP/1.1" 200 29580
180.156.224.123 - - [25/Jul/2021:09:33:27 +0800] "GET /xingrg/kc/print/load_config.html?kc_code=cgsh HTTP/1.1" 200 1845
180.156.224.123 - - [25/Jul/2021:09:33:27 +0800] "GET /xingrg/kc/print/load_data.html?order_code=212021072511563&kc_code=cgsh&condition= HTTP/1.1" 200 11717
180.169.147.146 - - [25/Jul/2021:09:33:32 +0800] "GET /xingrg/check_reg.html?_=1627176811660 HTTP/1.1" 200 22
222.70.176.145 - - [25/Jul/2021:09:33:35 +0800] "GET /xingrg/check_reg.html?_=1627176810951 HTTP/1.1" 200 22
222.70.176.145 - - [25/Jul/2021:09:33:36 +0800] "GET /xingrg/all/function/internal_message.html?_=1627176811674&CODE_STATE=getMsg HTTP/1.1" 200 27
222.70.176.145 - - [25/Jul/2021:09:33:37 +0800] "POST /xingrg/kc/buy/cgsh_list_operate.html HTTP/1.1" 200 3496
180.156.224.123 - - [25/Jul/2021:09:33:37 +0800] "GET /xingrg/kc/buy/cgsh_order_list.html HTTP/1.1" 200 47146
222.70.176.145 - - [25/Jul/2021:09:33:38 +0800] "POST /xingrg/kc/buy/cgsh_list_operate.html HTTP/1.1" 200 573
180.174.197.120 - - [25/Jul/2021:09:33:39 +0800] "GET /xingrg/all/function/internal_message.html?_=1627176819363&CODE_STATE=getMsg HTTP/1.1" 200 27
180.156.224.123 - - [25/Jul/2021:09:33:39 +0800] "POST /xingrg/kc/buy/cgsh_list_operate.html HTTP/1.1" 200 1689
114.86.225.230 - - [25/Jul/2021:09:33:39 +0800] "GET /xingrg/all/function/internal_message.html?_=1627176819561&CODE_STATE=getMsg HTTP/1.1" 200 27
114.86.225.230 - - [25/Jul/2021:09:33:39 +0800] "GET /xingrg/check_reg.html?_=1627176819562 HTTP/1.1" 200 22
222.70.176.145 - - [25/Jul/2021:09:33:39 +0800] "GET /xingrg/kc/buy/cgsh_order_info.html?code=212021072511544 HTTP/1.1" 200 62887
222.70.176.145 - - [25/Jul/2021:09:33:40 +0800] "GET /xingrg/javascript/easyui/themes/default/validatebox.css HTTP/1.1" 404 1104
222.70.176.145 - - [25/Jul/2021:09:33:40 +0800] "POST /xingrg/kc/buy/cgsh_order_operate.html HTTP/1.1" 200 34607
180.156.224.123 - - [25/Jul/2021:09:33:41 +0800] "POST /xingrg/kc/buy/cgsh_list_operate.html HTTP/1.1" 200 575
222.70.176.145 - - [25/Jul/2021:09:33:42 +0800] "GET /xingrg/kc/print/load_data.html?order_code=212021072511544&kc_code=cgsh HTTP/1.1" 200 12797
180.156.224.123 - - [25/Jul/2021:09:33:42 +0800] "GET /xingrg/kc/buy/cgsh_order_info.html?code=212021072511553 HTTP/1.1" 200 62811
180.156.224.123 - - [25/Jul/2021:09:33:42 +0800] "GET /xingrg/javascript/easyui/themes/default/validatebox.css HTTP/1.1" 404 1104
180.156.224.123 - - [25/Jul/2021:09:33:43 +0800] "POST /xingrg/kc/buy/cgsh_order_operate.html HTTP/1.1" 200 8593
101.85.94.150 - - [25/Jul/2021:09:33:47 +0800] "GET /xingrg/javascript/easyui/themes/default/images/button_plain_hover.png HTTP/1.1" 200 144
101.85.94.150 - - [25/Jul/2021:09:33:48 +0800] "GET /xingrg/javascript/pic_change.js HTTP/1.1" 200 4739
101.85.94.150 - - [25/Jul/2021:09:33:48 +0800] "GET /xingrg/javascript/convert.js HTTP/1.1" 200 1239
101.85.94.150 - - [25/Jul/2021:09:33:48 +0800] "GET /xingrg/javascript/json2.js HTTP/1.1" 200 11259
101.85.94.150 - - [25/Jul/2021:09:33:48 +0800] "GET /xingrg/javascript/print/kc_print.js HTTP/1.1" 200 11415
101.85.94.150 - - [25/Jul/2021:09:33:48 +0800] "GET /xingrg/javascript/jquery_tools/order_manager.js HTTP/1.1" 200 11183
180.156.224.123 - - [25/Jul/2021:09:33:48 +0800] "POST /xingrg/kc/buy/cgsh_order_operate.html HTTP/1.1" 200 37
101.85.94.150 - - [25/Jul/2021:09:33:48 +0800] "GET /xingrg/words/20210724164955_words.js HTTP/1.1" 200 828726
101.85.94.150 - - [25/Jul/2021:09:33:48 +0800] "GET /xingrg/javascript/easyui/themes/icons/copy_new.png HTTP/1.1" 200 815
101.85.94.150 - - [25/Jul/2021:09:33:48 +0800] "GET /xingrg/javascript/easyui/themes/icons/template_new.png HTTP/1.1" 200 3956
101.85.94.150 - - [25/Jul/2021:09:33:48 +0800] "GET /xingrg/javascript/easyui/themes/icons/print.png HTTP/1.1" 200 1057
101.85.94.150 - - [25/Jul/2021:09:33:48 +0800] "GET /xingrg/javascript/easyui/themes/icons/ok.png HTTP/1.1" 200 883
101.85.94.150 - - [25/Jul/2021:09:33:48 +0800] "GET /xingrg/javascript/easyui/themes/default/images/menu_downarrow.png HTTP/1.1" 200 173
101.85.94.150 - - [25/Jul/2021:09:33:48 +0800] "GET /xingrg/javascript/easyui/themes/icons/cancel.png HTTP/1.1" 200 1133
101.85.94.150 - - [25/Jul/2021:09:33:48 +0800] "GET /xingrg/kc/buy/cgsh_order_add.html HTTP/1.1" 200 61997
101.85.94.150 - - [25/Jul/2021:09:33:49 +0800] "POST /xingrg/kc/buy/cgsh_order_operate.html HTTP/1.1" 200 8245
101.85.94.150 - - [25/Jul/2021:09:33:49 +0800] "GET /xingrg/all/common/auto_word.html?type=employee&rest_code=00142 HTTP/1.1" 200 105
101.85.94.150 - - [25/Jul/2021:09:33:49 +0800] "GET /xingrg/all/common/auto_word.html?type=employee&rest_code=00142 HTTP/1.1" 200 105
101.85.94.150 - - [25/Jul/2021:09:33:49 +0800] "GET /xingrg/javascript/easyui/themes/default/validatebox.css HTTP/1.1" 404 1104
101.85.94.150 - - [25/Jul/2021:09:33:49 +0800] "GET /xingrg/javascript/easyui/plugins/jquery.validatebox.js HTTP/1.1" 200 6103
101.85.94.150 - - [25/Jul/2021:09:33:49 +0800] "GET /xingrg/javascript/easyui/plugins/jquery.numberbox.js HTTP/1.1" 200 5213
101.85.94.150 - - [25/Jul/2021:09:33:49 +0800] "GET /xingrg/javascript/easyui/themes/icons/edit_remove.png HTTP/1.1" 200 625
58.40.7.146 - - [25/Jul/2021:09:33:50 +0800] "GET /xingrg/check_reg.html?_=1627176829914 HTTP/1.1" 302 -
116.237.74.182 - - [25/Jul/2021:09:33:51 +0800] "GET /xingrg/all/function/internal_message.html?_=1627176824842&CODE_STATE=getMsg HTTP/1.1" 200 27
180.156.224.123 - - [25/Jul/2021:09:33:51 +0800] "POST /xingrg/kc/buy/cgsh_order_operate.html HTTP/1.1" 200 12
180.156.224.123 - - [25/Jul/2021:09:33:52 +0800] "GET /xingrg/kc/buy/cgsh_order_info.html?code=212021072511553 HTTP/1.1" 200 57711
180.156.224.123 - - [25/Jul/2021:09:33:52 +0800] "GET /xingrg/javascript/easyui/themes/default/validatebox.css HTTP/1.1" 404 1104
180.156.224.123 - - [25/Jul/2021:09:33:53 +0800] "POST /xingrg/kc/buy/cgsh_order_operate.html HTTP/1.1" 200 6518
101.85.94.150 - - [25/Jul/2021:09:33:53 +0800] "GET /xingrg/javascript/auto/indicator.gif HTTP/1.1" 404 1066
180.156.224.123 - - [25/Jul/2021:09:33:54 +0800] "GET /xingrg/kc/print/load_data.html?order_code=212021072511553&kc_code=cgsh&condition= HTTP/1.1" 200 2950
222.70.176.145 - - [25/Jul/2021:09:33:56 +0800] "POST /xingrg/kc/buy/cgsh_list_operate.html HTTP/1.1" 200 3496
222.70.176.145 - - [25/Jul/2021:09:33:57 +0800] "POST /xingrg/kc/buy/cgsh_list_operate.html HTTP/1.1" 200 500
222.70.176.145 - - [25/Jul/2021:09:33:58 +0800] "GET /xingrg/kc/buy/cgsh_order_info.html?code=212021072511546 HTTP/1.1" 200 62887
222.70.176.145 - - [25/Jul/2021:09:33:58 +0800] "GET /xingrg/javascript/easyui/themes/default/validatebox.css HTTP/1.1" 404 1104
180.156.224.123 - - [25/Jul/2021:09:33:59 +0800] "GET /xingrg/kc/buy/cgsh_order_add.html HTTP/1.1" 200 62802
114.83.222.60 - - [25/Jul/2021:09:33:59 +0800] "GET /xingrg/all/function/internal_message.html?_=1627176837222&CODE_STATE=getMsg HTTP/1.1" 200 27
222.70.176.145 - - [25/Jul/2021:09:33:59 +0800] "POST /xingrg/kc/buy/cgsh_order_operate.html HTTP/1.1" 200 5030
180.156.224.123 - - [25/Jul/2021:09:33:59 +0800] "POST /xingrg/kc/buy/cgsh_order_operate.html HTTP/1.1" 200 8245
180.156.224.123 - - [25/Jul/2021:09:33:59 +0800] "GET /xingrg/javascript/easyui/themes/default/validatebox.css HTTP/1.1" 404 1104
222.70.176.145 - - [25/Jul/2021:09:34:01 +0800] "GET /xingrg/kc/print/load_data.html?order_code=212021072511546&kc_code=cgsh HTTP/1.1" 200 1633
116.235.222.38 - - [25/Jul/2021:09:34:02 +0800] "GET /xingrg/all/function/internal_message.html?_=1627176842325&CODE_STATE=getMsg HTTP/1.1" 200 27
101.85.94.150 - - [25/Jul/2021:09:34:03 +0800] "GET /xingrg/kc/buy/cgsh_order_operate.html?command=get_materiel&rest_code=00142&code=00101008108&supplier_code=00100161&order_time=2021-07-25 HTTP/1.1" 200 412
180.169.147.146 - - [25/Jul/2021:09:34:03 +0800] "GET /xingrg/all/function/internal_message.html?_=1627176843528&CODE_STATE=getMsg HTTP/1.1" 200 27
180.156.224.123 - - [25/Jul/2021:09:34:04 +0800] "GET /xingrg/all/function/internal_message.html?_=1627176812197&CODE_STATE=getMsg HTTP/1.1" 200 27
180.156.224.123 - - [25/Jul/2021:09:34:09 +0800] "GET /xingrg/kc/buy/cgsh_order_operate.html?command=get_materiel&rest_code=00150&code=00101015062&supplier_code=00100054&order_time=2021-07-25 HTTP/1.1" 200 412
180.174.197.120 - - [25/Jul/2021:09:34:10 +0800] "GET /xingrg/all/function/internal_message.html?_=1627176820937&CODE_STATE=getMsg HTTP/1.1" 200 27
180.156.224.123 - - [25/Jul/2021:09:34:11 +0800] "GET /xingrg/all/function/internal_message.html?_=1627176851022&CODE_STATE=getMsg HTTP/1.1" 200 27
101.85.94.150 - - [25/Jul/2021:09:34:12 +0800] "GET /xingrg/kc/buy/cgsh_order_operate.html?command=get_materiel&rest_code=00142&code=00101008368&supplier_code=00100161&order_time=2021-07-25 HTTP/1.1" 200 408
