101.83.145.79 - - [25/Jul/2021:10:09:59 +0800] "GET /xingrg/kc/buy/cgsh_order_operate.html?command=get_materiel&rest_code=00105&code=00101006068&supplier_code=00100012&order_time=2021-07-25 HTTP/1.1" 200 409
222.70.175.207 - - [25/Jul/2021:10:10:04 +0800] "GET /favicon.ico HTTP/1.1" 404 -
180.156.224.123 - - [25/Jul/2021:10:10:05 +0800] "GET /xingrg/all/function/internal_message.html?_=1627178972683&CODE_STATE=getMsg HTTP/1.1" 200 27
101.83.145.79 - - [25/Jul/2021:10:10:09 +0800] "GET /xingrg/kc/buy/cgsh_order_operate.html?command=get_materiel&rest_code=00105&code=00101006112&supplier_code=00100012&order_time=2021-07-25 HTTP/1.1" 200 409
180.156.224.123 - - [25/Jul/2021:10:10:10 +0800] "GET /xingrg/kc/buy/cgsh_order_operate.html?command=get_materiel&rest_code=00151&code=00101007119&supplier_code=00100329&order_time=2021-07-25 HTTP/1.1" 200 422
120.253.135.82 - - [25/Jul/2021:10:10:14 +0800] "GET /xingrg/all/function/internal_message.html?_=1627178793231&CODE_STATE=getMsg HTTP/1.1" 200 27
116.230.110.80 - - [25/Jul/2021:10:10:15 +0800] "GET /xingrg/all/function/internal_message.html?_=1627179009434&CODE_STATE=getMsg HTTP/1.1" 200 27
180.174.197.120 - - [25/Jul/2021:10:10:15 +0800] "GET /xingrg/all/function/internal_message.html?_=1627178986594&CODE_STATE=getMsg HTTP/1.1" 200 27
180.156.224.123 - - [25/Jul/2021:10:10:16 +0800] "GET /xingrg/kc/buy/cgsh_order_operate.html?command=get_materiel&rest_code=00151&code=00101016100&supplier_code=00100329&order_time=2021-07-25 HTTP/1.1" 200 412
222.70.175.207 - - [25/Jul/2021:10:10:20 +0800] "GET /xingrg/all/function/internal_message.html?_=1627179046214&CODE_STATE=getMsg HTTP/1.1" 200 27
101.85.94.150 - - [25/Jul/2021:10:10:21 +0800] "GET /xingrg/all/function/internal_message.html?_=1627179013701&CODE_STATE=getMsg HTTP/1.1" 200 27
180.156.224.123 - - [25/Jul/2021:10:10:22 +0800] "POST /xingrg/kc/buy/cgsh_order_operate.html HTTP/1.1" 200 37
101.83.145.79 - - [25/Jul/2021:10:10:23 +0800] "GET /xingrg/kc/buy/cgsh_order_operate.html?command=get_materiel&rest_code=00105&code=00101006106&supplier_code=00100012&order_time=2021-07-25 HTTP/1.1" 200 421
180.156.224.123 - - [25/Jul/2021:10:10:25 +0800] "POST /xingrg/kc/buy/cgsh_order_operate.html HTTP/1.1" 200 12
180.156.224.123 - - [25/Jul/2021:10:10:26 +0800] "GET /xingrg/kc/buy/cgsh_order_info.html?code=212021072511607 HTTP/1.1" 200 57432
180.156.224.123 - - [25/Jul/2021:10:10:27 +0800] "GET /xingrg/javascript/easyui/themes/default/validatebox.css HTTP/1.1" 404 1104
180.156.224.123 - - [25/Jul/2021:10:10:27 +0800] "POST /xingrg/kc/buy/cgsh_order_operate.html HTTP/1.1" 200 1802
180.156.224.123 - - [25/Jul/2021:10:10:28 +0800] "GET /xingrg/kc/print/load_data.html?order_code=212021072511607&kc_code=cgsh&condition= HTTP/1.1" 200 1182
180.156.224.123 - - [25/Jul/2021:10:10:33 +0800] "GET /xingrg/kc/buy/cgsh_order_add.html HTTP/1.1" 200 62520
180.156.224.123 - - [25/Jul/2021:10:10:33 +0800] "POST /xingrg/kc/buy/cgsh_order_operate.html HTTP/1.1" 200 8245
180.156.224.123 - - [25/Jul/2021:10:10:33 +0800] "GET /xingrg/javascript/easyui/themes/default/validatebox.css HTTP/1.1" 404 1104
222.70.176.145 - - [25/Jul/2021:10:10:36 +0800] "GET /xingrg/all/function/internal_message.html?_=1627179031328&CODE_STATE=getMsg HTTP/1.1" 200 27
116.235.222.38 - - [25/Jul/2021:10:10:37 +0800] "GET /xingrg/all/function/internal_message.html?_=1627179037701&CODE_STATE=getMsg HTTP/1.1" 200 27
180.169.147.146 - - [25/Jul/2021:10:10:39 +0800] "GET /xingrg/all/function/internal_message.html?_=1627179039489&CODE_STATE=getMsg HTTP/1.1" 302 -
114.86.225.230 - - [25/Jul/2021:10:10:40 +0800] "GET /xingrg/all/function/internal_message.html?_=1627179040568&CODE_STATE=getMsg HTTP/1.1" 200 27
180.156.224.123 - - [25/Jul/2021:10:10:41 +0800] "GET /xingrg/kc/buy/cgsh_order_operate.html?command=get_materiel&rest_code=00151&code=00101008147&supplier_code=00100440&order_time=2021-07-25 HTTP/1.1" 200 416
101.83.145.79 - - [25/Jul/2021:10:10:41 +0800] "GET /xingrg/all/function/internal_message.html?_=1627179042351&CODE_STATE=getMsg HTTP/1.1" 200 27
180.156.224.123 - - [25/Jul/2021:10:10:48 +0800] "POST /xingrg/kc/buy/cgsh_order_operate.html HTTP/1.1" 200 37
116.235.222.38 - - [25/Jul/2021:10:10:51 +0800] "GET /xingrg/kc/buy/cgsh_order_add.html HTTP/1.1" 200 62966
180.156.224.123 - - [25/Jul/2021:10:10:51 +0800] "POST /xingrg/kc/buy/cgsh_order_operate.html HTTP/1.1" 200 12
116.235.222.38 - - [25/Jul/2021:10:10:52 +0800] "GET /xingrg/javascript/easyui/themes/default/validatebox.css HTTP/1.1" 404 1104
116.235.222.38 - - [25/Jul/2021:10:10:52 +0800] "POST /xingrg/kc/buy/cgsh_order_operate.html HTTP/1.1" 200 8245
180.156.224.123 - - [25/Jul/2021:10:10:52 +0800] "GET /xingrg/kc/buy/cgsh_order_info.html?code=212021072511608 HTTP/1.1" 200 57432
180.156.224.123 - - [25/Jul/2021:10:10:53 +0800] "GET /xingrg/javascript/easyui/themes/default/validatebox.css HTTP/1.1" 404 1104
180.156.224.123 - - [25/Jul/2021:10:10:53 +0800] "POST /xingrg/kc/buy/cgsh_order_operate.html HTTP/1.1" 200 620
116.235.222.38 - - [25/Jul/2021:10:10:53 +0800] "GET /xingrg/javascript/easyui/themes/default/tree.css HTTP/1.1" 404 1090
116.235.222.38 - - [25/Jul/2021:10:10:53 +0800] "POST /xingrg/all/common/load_tree.html?tree=supplier_tree_json&isDelete=1 HTTP/1.1" 200 56725
180.156.224.123 - - [25/Jul/2021:10:10:54 +0800] "GET /xingrg/kc/print/load_data.html?order_code=212021072511608&kc_code=cgsh&condition= HTTP/1.1" 200 724
180.156.224.123 - - [25/Jul/2021:10:10:58 +0800] "GET /xingrg/all/function/internal_message.html?_=1627179057830&CODE_STATE=getMsg HTTP/1.1" 200 27
114.83.222.60 - - [25/Jul/2021:10:10:58 +0800] "GET /xingrg/all/function/internal_message.html?_=1627179056641&CODE_STATE=getMsg HTTP/1.1" 200 27
180.156.224.123 - - [25/Jul/2021:10:10:59 +0800] "GET /xingrg/kc/buy/cgsh_order_add.html HTTP/1.1" 200 62520
180.156.224.123 - - [25/Jul/2021:10:11:00 +0800] "POST /xingrg/kc/buy/cgsh_order_operate.html HTTP/1.1" 200 8245
180.156.224.123 - - [25/Jul/2021:10:11:00 +0800] "GET /xingrg/javascript/easyui/themes/default/validatebox.css HTTP/1.1" 404 1104
180.174.197.120 - - [25/Jul/2021:10:11:01 +0800] "GET /xingrg/check_reg.html?_=1627179032841 HTTP/1.1" 200 22
101.83.145.79 - - [25/Jul/2021:10:11:03 +0800] "GET /xingrg/kc/buy/cgsh_order_operate.html?command=get_materiel&rest_code=00105&code=00101006063&supplier_code=00100012&order_time=2021-07-25 HTTP/1.1" 200 413
180.156.224.123 - - [25/Jul/2021:10:11:05 +0800] "GET /xingrg/all/function/internal_message.html?_=1627179032701&CODE_STATE=getMsg HTTP/1.1" 200 27
180.156.224.123 - - [25/Jul/2021:10:11:07 +0800] "GET /xingrg/kc/buy/cgsh_order_operate.html?command=get_materiel&rest_code=00151&code=00101010079&supplier_code=00100336&order_time=2021-07-25 HTTP/1.1" 200 413
116.235.222.38 - - [25/Jul/2021:10:11:12 +0800] "GET /xingrg/javascript/auto/indicator.gif HTTP/1.1" 404 1066
180.156.224.123 - - [25/Jul/2021:10:11:14 +0800] "POST /xingrg/kc/buy/cgsh_order_operate.html HTTP/1.1" 200 37
120.253.135.82 - - [25/Jul/2021:10:11:14 +0800] "GET /xingrg/all/function/internal_message.html?_=1627178853275&CODE_STATE=getMsg HTTP/1.1" 200 27
116.230.110.80 - - [25/Jul/2021:10:11:15 +0800] "GET /xingrg/all/function/internal_message.html?_=1627179069412&CODE_STATE=getMsg HTTP/1.1" 200 27
180.174.197.120 - - [25/Jul/2021:10:11:15 +0800] "GET /xingrg/all/function/internal_message.html?_=1627179046601&CODE_STATE=getMsg HTTP/1.1" 200 27
180.156.224.123 - - [25/Jul/2021:10:11:18 +0800] "POST /xingrg/kc/buy/cgsh_order_operate.html HTTP/1.1" 200 12
116.235.222.38 - - [25/Jul/2021:10:11:18 +0800] "GET /xingrg/kc/buy/cgsh_order_operate.html?command=get_materiel&rest_code=00107&code=00101004071&supplier_code=00100312&order_time=2021-07-25 HTTP/1.1" 200 409
180.156.224.123 - - [25/Jul/2021:10:11:19 +0800] "GET /xingrg/kc/buy/cgsh_order_info.html?code=212021072511609 HTTP/1.1" 200 57428
180.156.224.123 - - [25/Jul/2021:10:11:19 +0800] "GET /xingrg/javascript/easyui/themes/default/validatebox.css HTTP/1.1" 404 1104
180.156.224.123 - - [25/Jul/2021:10:11:19 +0800] "POST /xingrg/kc/buy/cgsh_order_operate.html HTTP/1.1" 200 618
222.70.175.207 - - [25/Jul/2021:10:11:20 +0800] "GET /xingrg/all/function/internal_message.html?_=1627179106229&CODE_STATE=getMsg HTTP/1.1" 200 27
180.156.224.123 - - [25/Jul/2021:10:11:20 +0800] "GET /xingrg/kc/print/load_data.html?order_code=212021072511609&kc_code=cgsh&condition= HTTP/1.1" 200 723
101.85.94.150 - - [25/Jul/2021:10:11:21 +0800] "GET /xingrg/all/function/internal_message.html?_=1627179073703&CODE_STATE=getMsg HTTP/1.1" 200 27
180.156.224.123 - - [25/Jul/2021:10:11:25 +0800] "GET /xingrg/kc/buy/cgsh_order_add.html HTTP/1.1" 200 62520
180.156.224.123 - - [25/Jul/2021:10:11:26 +0800] "POST /xingrg/kc/buy/cgsh_order_operate.html HTTP/1.1" 200 8245
180.156.224.123 - - [25/Jul/2021:10:11:26 +0800] "GET /xingrg/javascript/easyui/themes/default/validatebox.css HTTP/1.1" 404 1104
116.230.110.80 - - [25/Jul/2021:10:11:29 +0800] "GET /xingrg/check_reg.html?_=1627179083836 HTTP/1.1" 200 22
116.235.222.38 - - [25/Jul/2021:10:11:32 +0800] "GET /xingrg/kc/buy/cgsh_order_operate.html?command=get_materiel&rest_code=00107&code=00101004049&supplier_code=00100312&order_time=2021-07-25 HTTP/1.1" 200 415
180.156.224.123 - - [25/Jul/2021:10:11:34 +0800] "GET /xingrg/kc/buy/cgsh_order_operate.html?command=get_materiel&rest_code=00151&code=00101008328&supplier_code=00100338&order_time=2021-07-25 HTTP/1.1" 200 410
222.70.176.145 - - [25/Jul/2021:10:11:36 +0800] "GET /xingrg/all/function/internal_message.html?_=1627179091298&CODE_STATE=getMsg HTTP/1.1" 200 27
116.235.222.38 - - [25/Jul/2021:10:11:37 +0800] "GET /xingrg/check_reg.html?_=1627179097703 HTTP/1.1" 200 22
116.235.222.38 - - [25/Jul/2021:10:11:37 +0800] "GET /xingrg/all/function/internal_message.html?_=1627179097705&CODE_STATE=getMsg HTTP/1.1" 200 27
180.169.147.146 - - [25/Jul/2021:10:11:39 +0800] "GET /xingrg/all/function/internal_message.html?_=1627179099486&CODE_STATE=getMsg HTTP/1.1" 302 -
114.86.225.230 - - [25/Jul/2021:10:11:40 +0800] "GET /xingrg/all/function/internal_message.html?_=1627179100570&CODE_STATE=getMsg HTTP/1.1" 200 27
101.83.145.79 - - [25/Jul/2021:10:11:41 +0800] "GET /xingrg/all/function/internal_message.html?_=1627179102363&CODE_STATE=getMsg HTTP/1.1" 200 27
116.235.222.38 - - [25/Jul/2021:10:11:46 +0800] "GET /xingrg/kc/buy/cgsh_order_operate.html?command=get_materiel&rest_code=00107&code=00101004020&supplier_code=00100312&order_time=2021-07-25 HTTP/1.1" 200 409
180.156.224.123 - - [25/Jul/2021:10:11:54 +0800] "GET /xingrg/check_reg.html?_=1627179082111 HTTP/1.1" 200 22
116.235.222.38 - - [25/Jul/2021:10:11:56 +0800] "GET /xingrg/kc/buy/cgsh_order_operate.html?command=get_materiel&rest_code=00107&code=00101004057&supplier_code=00100312&order_time=2021-07-25 HTTP/1.1" 200 409
180.156.224.123 - - [25/Jul/2021:10:11:58 +0800] "GET /xingrg/all/function/internal_message.html?_=1627179117804&CODE_STATE=getMsg HTTP/1.1" 200 27
114.83.222.60 - - [25/Jul/2021:10:11:58 +0800] "GET /xingrg/all/function/internal_message.html?_=1627179116624&CODE_STATE=getMsg HTTP/1.1" 200 27
180.156.224.123 - - [25/Jul/2021:10:12:05 +0800] "GET /xingrg/all/function/internal_message.html?_=1627179092710&CODE_STATE=getMsg HTTP/1.1" 200 27
116.235.222.38 - - [25/Jul/2021:10:12:06 +0800] "GET /xingrg/kc/buy/cgsh_order_operate.html?command=get_materiel&rest_code=00107&code=00101001138&supplier_code=00100312&order_time=2021-07-25 HTTP/1.1" 200 433
120.253.135.82 - - [25/Jul/2021:10:12:14 +0800] "GET /xingrg/check_reg.html?_=1627178913014 HTTP/1.1" 200 22
120.253.135.82 - - [25/Jul/2021:10:12:14 +0800] "GET /xingrg/all/function/internal_message.html?_=1627178913289&CODE_STATE=getMsg HTTP/1.1" 200 27
116.230.110.80 - - [25/Jul/2021:10:12:15 +0800] "GET /xingrg/all/function/internal_message.html?_=1627179129385&CODE_STATE=getMsg HTTP/1.1" 200 27
180.174.197.120 - - [25/Jul/2021:10:12:15 +0800] "GET /xingrg/all/function/internal_message.html?_=1627179106613&CODE_STATE=getMsg HTTP/1.1" 200 27
222.70.175.207 - - [25/Jul/2021:10:12:19 +0800] "GET /xingrg/check_reg.html?_=1627179165260 HTTP/1.1" 200 22
222.70.175.207 - - [25/Jul/2021:10:12:20 +0800] "GET /xingrg/all/function/internal_message.html?_=1627179166242&CODE_STATE=getMsg HTTP/1.1" 200 27
101.85.94.150 - - [25/Jul/2021:10:12:21 +0800] "GET /xingrg/all/function/internal_message.html?_=1627179133701&CODE_STATE=getMsg HTTP/1.1" 200 27
117.143.50.137 - - [25/Jul/2021:10:12:22 +0800] "GET /xingrg/check_reg.html?_=1627179141344 HTTP/1.1" 200 22
101.83.145.79 - - [25/Jul/2021:10:12:22 +0800] "POST /xingrg/kc/buy/cgsh_order_operate.html HTTP/1.1" 200 37
180.156.224.123 - - [25/Jul/2021:10:12:22 +0800] "POST /xingrg/kc/buy/cgsh_order_operate.html HTTP/1.1" 200 88
116.235.222.38 - - [25/Jul/2021:10:12:23 +0800] "GET /xingrg/kc/buy/cgsh_order_operate.html?command=get_materiel&rest_code=00107&code=00101004023&supplier_code=00100312&order_time=2021-07-25 HTTP/1.1" 200 410
101.83.145.79 - - [25/Jul/2021:10:12:24 +0800] "POST /xingrg/kc/buy/cgsh_order_operate.html HTTP/1.1" 200 5029
101.83.145.79 - - [25/Jul/2021:10:12:25 +0800] "GET /xingrg/kc/print/load_data.html?order_code=212021072511610&kc_code=cgsh&condition= HTTP/1.1" 200 1667
180.156.224.123 - - [25/Jul/2021:10:12:27 +0800] "POST /xingrg/kc/buy/cgsh_order_operate.html HTTP/1.1" 200 37
180.156.224.123 - - [25/Jul/2021:10:12:29 +0800] "POST /xingrg/kc/buy/cgsh_order_operate.html HTTP/1.1" 200 2663
101.83.145.79 - - [25/Jul/2021:10:12:29 +0800] "GET /xingrg/kc/buy/cgsh_order_add.html HTTP/1.1" 200 62925
101.83.145.79 - - [25/Jul/2021:10:12:29 +0800] "GET /xingrg/javascript/easyui/themes/default/validatebox.css HTTP/1.1" 404 1104
101.83.145.79 - - [25/Jul/2021:10:12:30 +0800] "POST /xingrg/kc/buy/cgsh_order_operate.html HTTP/1.1" 200 8245
180.156.224.123 - - [25/Jul/2021:10:12:34 +0800] "POST /xingrg/kc/buy/cgsh_order_operate.html HTTP/1.1" 200 37
222.70.176.145 - - [25/Jul/2021:10:12:36 +0800] "GET /xingrg/all/function/internal_message.html?_=1627179151271&CODE_STATE=getMsg HTTP/1.1" 200 27
180.156.224.123 - - [25/Jul/2021:10:12:36 +0800] "POST /xingrg/kc/buy/cgsh_order_operate.html HTTP/1.1" 200 12
180.156.224.123 - - [25/Jul/2021:10:12:37 +0800] "GET /xingrg/kc/buy/cgsh_order_info.html?code=212021072511612 HTTP/1.1" 200 57432
180.156.224.123 - - [25/Jul/2021:10:12:37 +0800] "GET /xingrg/javascript/easyui/themes/default/validatebox.css HTTP/1.1" 404 1104
116.235.222.38 - - [25/Jul/2021:10:12:37 +0800] "GET /xingrg/all/function/internal_message.html?_=1627179157707&CODE_STATE=getMsg HTTP/1.1" 200 27
180.156.224.123 - - [25/Jul/2021:10:12:38 +0800] "POST /xingrg/kc/buy/cgsh_order_operate.html HTTP/1.1" 200 613
180.156.224.123 - - [25/Jul/2021:10:12:39 +0800] "GET /xingrg/kc/print/load_data.html?order_code=212021072511612&kc_code=cgsh&condition= HTTP/1.1" 200 711
101.83.145.79 - - [25/Jul/2021:10:12:39 +0800] "GET /xingrg/kc/buy/cgsh_order_operate.html?command=get_materiel&rest_code=00105&code=00101009062&supplier_code=00100024&order_time=2021-07-25 HTTP/1.1" 200 412
180.169.147.146 - - [25/Jul/2021:10:12:39 +0800] "GET /xingrg/all/function/internal_message.html?_=1627179159493&CODE_STATE=getMsg HTTP/1.1" 302 -
114.86.225.230 - - [25/Jul/2021:10:12:40 +0800] "GET /xingrg/all/function/internal_message.html?_=1627179160573&CODE_STATE=getMsg HTTP/1.1" 200 27
101.83.145.79 - - [25/Jul/2021:10:12:41 +0800] "GET /xingrg/all/function/internal_message.html?_=1627179162372&CODE_STATE=getMsg HTTP/1.1" 200 27
180.156.224.123 - - [25/Jul/2021:10:12:44 +0800] "GET /xingrg/kc/buy/cgsh_order_add.html HTTP/1.1" 200 62520
180.156.224.123 - - [25/Jul/2021:10:12:44 +0800] "POST /xingrg/kc/buy/cgsh_order_operate.html HTTP/1.1" 200 8245
180.156.224.123 - - [25/Jul/2021:10:12:44 +0800] "GET /xingrg/javascript/easyui/themes/default/validatebox.css HTTP/1.1" 404 1104
116.235.222.38 - - [25/Jul/2021:10:12:51 +0800] "POST /xingrg/kc/buy/cgsh_order_operate.html HTTP/1.1" 200 37
180.156.224.123 - - [25/Jul/2021:10:12:53 +0800] "GET /xingrg/kc/buy/cgsh_order_operate.html?command=get_materiel&rest_code=00151&code=00101008512&supplier_code=00100339&order_time=2021-07-25 HTTP/1.1" 200 399
114.83.222.60 - - [25/Jul/2021:10:12:58 +0800] "GET /xingrg/all/function/internal_message.html?_=1627179176628&CODE_STATE=getMsg HTTP/1.1" 200 27
114.83.222.60 - - [25/Jul/2021:10:12:59 +0800] "GET /xingrg/check_reg.html?_=1627179177504 HTTP/1.1" 200 22
180.156.224.123 - - [25/Jul/2021:10:13:00 +0800] "POST /xingrg/kc/buy/cgsh_order_operate.html HTTP/1.1" 200 37
116.235.222.38 - - [25/Jul/2021:10:13:01 +0800] "POST /xingrg/kc/buy/cgsh_order_operate.html HTTP/1.1" 200 5620
180.174.197.120 - - [25/Jul/2021:10:13:04 +0800] "POST /xingrg/kc/buy/cgsh_order_operate.html HTTP/1.1" 200 37
116.235.222.38 - - [25/Jul/2021:10:13:04 +0800] "GET /xingrg/kc/print/load_data.html?order_code=212021072511613&kc_code=cgsh&condition= HTTP/1.1" 200 1799
180.156.224.123 - - [25/Jul/2021:10:13:04 +0800] "POST /xingrg/kc/buy/cgsh_order_operate.html HTTP/1.1" 200 12
180.156.224.123 - - [25/Jul/2021:10:13:05 +0800] "GET /xingrg/all/function/internal_message.html?_=1627179152724&CODE_STATE=getMsg HTTP/1.1" 200 27
180.156.224.123 - - [25/Jul/2021:10:13:06 +0800] "GET /xingrg/kc/buy/cgsh_order_info.html?code=212021072511614 HTTP/1.1" 200 57431
180.156.224.123 - - [25/Jul/2021:10:13:06 +0800] "GET /xingrg/javascript/easyui/themes/default/validatebox.css HTTP/1.1" 404 1104
180.156.224.123 - - [25/Jul/2021:10:13:07 +0800] "POST /xingrg/kc/buy/cgsh_order_operate.html HTTP/1.1" 200 615
101.83.145.79 - - [25/Jul/2021:10:13:07 +0800] "GET /xingrg/kc/buy/cgsh_order_operate.html?command=get_materiel&rest_code=00105&code=00101009001&supplier_code=00100024&order_time=2021-07-25 HTTP/1.1" 200 416
180.156.224.123 - - [25/Jul/2021:10:13:08 +0800] "GET /xingrg/kc/print/load_data.html?order_code=212021072511614&kc_code=cgsh&condition= HTTP/1.1" 200 713
180.174.197.120 - - [25/Jul/2021:10:13:09 +0800] "POST /xingrg/kc/buy/cgsh_order_operate.html HTTP/1.1" 200 5012
180.156.224.123 - - [25/Jul/2021:10:13:13 +0800] "GET /xingrg/kc/buy/cgsh_order_add.html HTTP/1.1" 200 62520
180.156.224.123 - - [25/Jul/2021:10:13:13 +0800] "POST /xingrg/kc/buy/cgsh_order_operate.html HTTP/1.1" 200 8245
180.156.224.123 - - [25/Jul/2021:10:13:13 +0800] "GET /xingrg/javascript/easyui/themes/default/validatebox.css HTTP/1.1" 404 1104
120.253.135.82 - - [25/Jul/2021:10:13:14 +0800] "GET /xingrg/all/function/internal_message.html?_=1627178973302&CODE_STATE=getMsg HTTP/1.1" 200 27
116.230.110.80 - - [25/Jul/2021:10:13:15 +0800] "GET /xingrg/all/function/internal_message.html?_=1627179189367&CODE_STATE=getMsg HTTP/1.1" 200 27
116.235.222.38 - - [25/Jul/2021:10:13:15 +0800] "GET /xingrg/kc/buy/cgsh_order_add.html HTTP/1.1" 200 62966
180.174.197.120 - - [25/Jul/2021:10:13:15 +0800] "GET /xingrg/all/function/internal_message.html?_=1627179166626&CODE_STATE=getMsg HTTP/1.1" 200 27
116.235.222.38 - - [25/Jul/2021:10:13:16 +0800] "POST /xingrg/kc/buy/cgsh_order_operate.html HTTP/1.1" 200 8245
116.235.222.38 - - [25/Jul/2021:10:13:16 +0800] "GET /xingrg/javascript/easyui/themes/default/validatebox.css HTTP/1.1" 404 1104
116.235.222.38 - - [25/Jul/2021:10:13:17 +0800] "GET /xingrg/javascript/easyui/themes/default/tree.css HTTP/1.1" 404 1090
116.235.222.38 - - [25/Jul/2021:10:13:17 +0800] "POST /xingrg/all/common/load_tree.html?tree=supplier_tree_json&isDelete=1 HTTP/1.1" 200 56725
180.156.224.123 - - [25/Jul/2021:10:13:20 +0800] "GET /xingrg/kc/buy/cgsh_order_operate.html?command=get_materiel&rest_code=00151&code=00101001138&supplier_code=00100312&order_time=2021-07-25 HTTP/1.1" 200 433
222.70.175.207 - - [25/Jul/2021:10:13:20 +0800] "GET /xingrg/all/function/internal_message.html?_=1627179226256&CODE_STATE=getMsg HTTP/1.1" 200 27
101.85.94.150 - - [25/Jul/2021:10:13:21 +0800] "GET /xingrg/all/function/internal_message.html?_=1627179193702&CODE_STATE=getMsg HTTP/1.1" 200 27
114.83.222.60 - - [25/Jul/2021:10:13:26 +0800] "GET /xingrg/kc/buy/cgsh_order_add.html HTTP/1.1" 200 62931
114.83.222.60 - - [25/Jul/2021:10:13:26 +0800] "GET /xingrg/words/20210724164955_words.js HTTP/1.1" 304 -
114.83.222.60 - - [25/Jul/2021:10:13:26 +0800] "POST /xingrg/kc/buy/cgsh_order_operate.html HTTP/1.1" 200 8245
114.83.222.60 - - [25/Jul/2021:10:13:26 +0800] "GET /xingrg/javascript/easyui/themes/default/validatebox.css HTTP/1.1" 404 1104
180.156.224.123 - - [25/Jul/2021:10:13:28 +0800] "GET /xingrg/kc/buy/cgsh_order_operate.html?command=get_materiel&rest_code=00151&code=00101004057&supplier_code=00100312&order_time=2021-07-25 HTTP/1.1" 200 411
180.169.147.146 - - [25/Jul/2021:10:13:32 +0800] "GET /xingrg/check_reg.html?_=1627179211617 HTTP/1.1" 200 22
222.70.176.145 - - [25/Jul/2021:10:13:35 +0800] "GET /xingrg/check_reg.html?_=1627179211006 HTTP/1.1" 200 22
222.70.176.145 - - [25/Jul/2021:10:13:36 +0800] "GET /xingrg/all/function/internal_message.html?_=1627179211244&CODE_STATE=getMsg HTTP/1.1" 200 27
180.156.224.123 - - [25/Jul/2021:10:13:36 +0800] "POST /xingrg/kc/buy/cgsh_order_operate.html HTTP/1.1" 200 37
114.83.222.60 - - [25/Jul/2021:10:13:36 +0800] "GET /xingrg/kc/buy/cgsh_order_operate.html?command=get_materiel&rest_code=00149&code=00101004033&supplier_code=00100083&order_time=2021-07-25 HTTP/1.1" 200 439
116.235.222.38 - - [25/Jul/2021:10:13:37 +0800] "GET /xingrg/all/function/internal_message.html?_=1627179217717&CODE_STATE=getMsg HTTP/1.1" 200 27
180.156.224.123 - - [25/Jul/2021:10:13:39 +0800] "POST /xingrg/kc/buy/cgsh_order_operate.html HTTP/1.1" 200 12
180.169.147.146 - - [25/Jul/2021:10:13:39 +0800] "GET /xingrg/check_reg.html?_=1627179219491 HTTP/1.1" 302 -
180.169.147.146 - - [25/Jul/2021:10:13:39 +0800] "GET /xingrg/all/function/internal_message.html?_=1627179219494&CODE_STATE=getMsg HTTP/1.1" 302 -
180.156.224.123 - - [25/Jul/2021:10:13:40 +0800] "GET /xingrg/kc/buy/cgsh_order_info.html?code=212021072511615 HTTP/1.1" 200 57432
180.156.224.123 - - [25/Jul/2021:10:13:40 +0800] "GET /xingrg/javascript/easyui/themes/default/validatebox.css HTTP/1.1" 404 1104
114.86.225.230 - - [25/Jul/2021:10:13:40 +0800] "GET /xingrg/all/function/internal_message.html?_=1627179220576&CODE_STATE=getMsg HTTP/1.1" 200 27
114.86.225.230 - - [25/Jul/2021:10:13:40 +0800] "GET /xingrg/check_reg.html?_=1627179220577 HTTP/1.1" 200 22
180.156.224.123 - - [25/Jul/2021:10:13:41 +0800] "POST /xingrg/kc/buy/cgsh_order_operate.html HTTP/1.1" 200 1213
101.83.145.79 - - [25/Jul/2021:10:13:41 +0800] "GET /xingrg/check_reg.html?_=1627179222373 HTTP/1.1" 200 22
101.83.145.79 - - [25/Jul/2021:10:13:41 +0800] "GET /xingrg/all/function/internal_message.html?_=1627179222375&CODE_STATE=getMsg HTTP/1.1" 200 27
180.156.224.123 - - [25/Jul/2021:10:13:42 +0800] "GET /xingrg/kc/print/load_data.html?order_code=212021072511615&kc_code=cgsh&condition= HTTP/1.1" 200 950
180.156.224.123 - - [25/Jul/2021:10:13:47 +0800] "GET /xingrg/kc/buy/cgsh_order_add.html HTTP/1.1" 200 62520
180.156.224.123 - - [25/Jul/2021:10:13:48 +0800] "POST /xingrg/kc/buy/cgsh_order_operate.html HTTP/1.1" 200 8245
180.156.224.123 - - [25/Jul/2021:10:13:48 +0800] "GET /xingrg/javascript/easyui/themes/default/validatebox.css HTTP/1.1" 404 1104
114.83.222.60 - - [25/Jul/2021:10:13:48 +0800] "GET /xingrg/kc/buy/cgsh_order_operate.html?command=get_materiel&rest_code=00149&code=00101004048&supplier_code=00100083&order_time=2021-07-25 HTTP/1.1" 200 417
58.40.7.146 - - [25/Jul/2021:10:13:49 +0800] "GET /xingrg/check_reg.html?_=1627179229710 HTTP/1.1" 302 -
116.235.222.38 - - [25/Jul/2021:10:13:50 +0800] "GET /xingrg/kc/buy/cgsh_order_operate.html?command=get_materiel&rest_code=00107&code=00101009036&supplier_code=00100335&order_time=2021-07-25 HTTP/1.1" 200 415
180.156.224.123 - - [25/Jul/2021:10:13:57 +0800] "GET /xingrg/kc/buy/cgsh_order_operate.html?command=get_materiel&rest_code=00151&code=00101010616&supplier_code=00100323&order_time=2021-07-25 HTTP/1.1" 200 395
180.156.224.123 - - [25/Jul/2021:10:13:58 +0800] "GET /xingrg/all/function/internal_message.html?_=1627179237811&CODE_STATE=getMsg HTTP/1.1" 200 27
180.156.224.123 - - [25/Jul/2021:10:13:58 +0800] "GET /xingrg/check_reg.html?_=1627179237867 HTTP/1.1" 200 22
114.83.222.60 - - [25/Jul/2021:10:13:58 +0800] "GET /xingrg/all/function/internal_message.html?_=1627179236614&CODE_STATE=getMsg HTTP/1.1" 200 27
180.156.224.123 - - [25/Jul/2021:10:14:05 +0800] "GET /xingrg/all/function/internal_message.html?_=1627179212741&CODE_STATE=getMsg HTTP/1.1" 200 27
114.83.222.60 - - [25/Jul/2021:10:14:08 +0800] "GET /xingrg/kc/buy/cgsh_order_operate.html?command=get_materiel&rest_code=00149&code=00101004049&supplier_code=00100083&order_time=2021-07-25 HTTP/1.1" 200 415
180.156.224.123 - - [25/Jul/2021:10:14:09 +0800] "POST /xingrg/kc/buy/cgsh_order_operate.html HTTP/1.1" 200 37
180.156.224.123 - - [25/Jul/2021:10:14:12 +0800] "POST /xingrg/kc/buy/cgsh_order_operate.html HTTP/1.1" 200 12
180.156.224.123 - - [25/Jul/2021:10:14:13 +0800] "GET /xingrg/kc/buy/cgsh_order_info.html?code=212021072511616 HTTP/1.1" 200 57431
180.156.224.123 - - [25/Jul/2021:10:14:14 +0800] "GET /xingrg/javascript/easyui/themes/default/validatebox.css HTTP/1.1" 404 1104
120.253.135.82 - - [25/Jul/2021:10:14:14 +0800] "GET /xingrg/all/function/internal_message.html?_=1627179033316&CODE_STATE=getMsg HTTP/1.1" 200 27
180.156.224.123 - - [25/Jul/2021:10:14:14 +0800] "POST /xingrg/kc/buy/cgsh_order_operate.html HTTP/1.1" 200 616
116.230.110.80 - - [25/Jul/2021:10:14:15 +0800] "GET /xingrg/all/function/internal_message.html?_=1627179249341&CODE_STATE=getMsg HTTP/1.1" 200 27
180.174.197.120 - - [25/Jul/2021:10:14:15 +0800] "GET /xingrg/all/function/internal_message.html?_=1627179226641&CODE_STATE=getMsg HTTP/1.1" 200 27
180.156.224.123 - - [25/Jul/2021:10:14:16 +0800] "GET /xingrg/kc/print/load_data.html?order_code=212021072511616&kc_code=cgsh&condition= HTTP/1.1" 200 727
114.86.225.230 - - [25/Jul/2021:10:14:18 +0800] "GET /favicon.ico HTTP/1.1" 404 -
222.70.175.207 - - [25/Jul/2021:10:14:20 +0800] "GET /xingrg/all/function/internal_message.html?_=1627179286270&CODE_STATE=getMsg HTTP/1.1" 200 27
101.85.94.150 - - [25/Jul/2021:10:14:21 +0800] "GET /xingrg/all/function/internal_message.html?_=1627179253702&CODE_STATE=getMsg HTTP/1.1" 200 27
101.85.94.150 - - [25/Jul/2021:10:14:21 +0800] "GET /xingrg/check_reg.html?_=1627179253705 HTTP/1.1" 200 22
180.156.224.123 - - [25/Jul/2021:10:14:22 +0800] "GET /xingrg/kc/buy/cgsh_order_add.html HTTP/1.1" 200 62520
180.156.224.123 - - [25/Jul/2021:10:14:22 +0800] "POST /xingrg/kc/buy/cgsh_order_operate.html HTTP/1.1" 200 8245
180.156.224.123 - - [25/Jul/2021:10:14:22 +0800] "GET /xingrg/javascript/easyui/themes/default/validatebox.css HTTP/1.1" 404 1104
120.253.135.82 - - [25/Jul/2021:10:14:25 +0800] "GET /xingrg/kc/base/wldb_order_list.html HTTP/1.1" 200 19145
120.253.135.82 - - [25/Jul/2021:10:14:25 +0800] "GET /xingrg/css/site.css HTTP/1.1" 304 -
120.253.135.82 - - [25/Jul/2021:10:14:25 +0800] "GET /xingrg/css/base.css HTTP/1.1" 304 -
120.253.135.82 - - [25/Jul/2021:10:14:25 +0800] "GET /xingrg/javascript/jquery_tools/datebox.css HTTP/1.1" 304 -
120.253.135.82 - - [25/Jul/2021:10:14:25 +0800] "GET /xingrg/javascript/jquery_tools/jquery.tools.extend.js HTTP/1.1" 304 -
120.253.135.82 - - [25/Jul/2021:10:14:25 +0800] "GET /xingrg/javascript/easyui/themes/icon.css HTTP/1.1" 304 -
120.253.135.82 - - [25/Jul/2021:10:14:25 +0800] "GET /xingrg/javascript/easyui/themes/default/easyui.css HTTP/1.1" 304 -
120.253.135.82 - - [25/Jul/2021:10:14:25 +0800] "GET /xingrg/javascript/auto/jquery.autocomplete.css HTTP/1.1" 304 -
120.253.135.82 - - [25/Jul/2021:10:14:25 +0800] "GET /xingrg/javascript/jquery_tools/jquery.tools.hotkey.js HTTP/1.1" 304 -
120.253.135.82 - - [25/Jul/2021:10:14:25 +0800] "GET /xingrg/javascript/jquery_tools/table.css HTTP/1.1" 304 -
120.253.135.82 - - [25/Jul/2021:10:14:25 +0800] "GET /xingrg/javascript/jquery_tools/jquery.tools.table.js HTTP/1.1" 304 -
120.253.135.82 - - [25/Jul/2021:10:14:25 +0800] "GET /xingrg/javascript/jquery_tools/fix.css HTTP/1.1" 304 -
120.253.135.82 - - [25/Jul/2021:10:14:25 +0800] "GET /xingrg/javascript/jquery_tools/jquery.tools.min.js HTTP/1.1" 304 -
120.253.135.82 - - [25/Jul/2021:10:14:25 +0800] "GET /xingrg/javascript/jquery_tools/list_manager.js HTTP/1.1" 304 -
120.253.135.82 - - [25/Jul/2021:10:14:25 +0800] "GET /xingrg/javascript/auto/jquery.autocomplete.js HTTP/1.1" 304 -
120.253.135.82 - - [25/Jul/2021:10:14:25 +0800] "GET /xingrg/javascript/easyui/easyloader.js HTTP/1.1" 304 -
120.253.135.82 - - [25/Jul/2021:10:14:25 +0800] "GET /xingrg/javascript/jquery.cookie.js HTTP/1.1" 304 -
120.253.135.82 - - [25/Jul/2021:10:14:25 +0800] "GET /xingrg/javascript/print/LodopFuncs.js HTTP/1.1" 304 -
120.253.135.82 - - [25/Jul/2021:10:14:25 +0800] "GET /xingrg/javascript/easyui/themes/icons/edit_add_new.png HTTP/1.1" 304 -
120.253.135.82 - - [25/Jul/2021:10:14:25 +0800] "GET /xingrg/javascript/easyui/themes/icons/check_new.png HTTP/1.1" 304 -
120.253.135.82 - - [25/Jul/2021:10:14:25 +0800] "GET /xingrg/javascript/easyui/themes/icons/cance_new.png HTTP/1.1" 304 -
120.253.135.82 - - [25/Jul/2021:10:14:25 +0800] "GET /xingrg/javascript/easyui/themes/icons/field_new.png HTTP/1.1" 304 -
120.253.135.82 - - [25/Jul/2021:10:14:25 +0800] "GET /xingrg/javascript/easyui/themes/icons/import_new.png HTTP/1.1" 304 -
120.253.135.82 - - [25/Jul/2021:10:14:25 +0800] "GET /xingrg/javascript/easyui/plugins/jquery.parser.js HTTP/1.1" 304 -
120.253.135.82 - - [25/Jul/2021:10:14:25 +0800] "GET /xingrg/images/control/ajaxLoader.gif HTTP/1.1" 304 -
120.253.135.82 - - [25/Jul/2021:10:14:26 +0800] "POST /xingrg/kc/base/wldb_list_operate.html HTTP/1.1" 200 1776
120.253.135.82 - - [25/Jul/2021:10:14:27 +0800] "POST /xingrg/kc/base/wldb_list_operate.html HTTP/1.1" 200 446
120.253.135.82 - - [25/Jul/2021:10:14:27 +0800] "GET /xingrg/kc/base/wldb_order_info.html?code=422021072402687 HTTP/1.1" 200 30368
120.253.135.82 - - [25/Jul/2021:10:14:27 +0800] "GET /xingrg/javascript/jquery_tools/order_manager.js HTTP/1.1" 304 -
120.253.135.82 - - [25/Jul/2021:10:14:27 +0800] "GET /xingrg/javascript/convert.js HTTP/1.1" 304 -
120.253.135.82 - - [25/Jul/2021:10:14:27 +0800] "GET /xingrg/javascript/json2.js HTTP/1.1" 304 -
120.253.135.82 - - [25/Jul/2021:10:14:27 +0800] "GET /xingrg/javascript/print/kc_print.js HTTP/1.1" 304 -
120.253.135.82 - - [25/Jul/2021:10:14:27 +0800] "GET /xingrg/words/20210724164955_words.js HTTP/1.1" 304 -
120.253.135.82 - - [25/Jul/2021:10:14:28 +0800] "GET /xingrg/javascript/easyui/themes/icons/template_new.png HTTP/1.1" 304 -
120.253.135.82 - - [25/Jul/2021:10:14:28 +0800] "GET /xingrg/javascript/easyui/themes/default/images/menu_downarrow.png HTTP/1.1" 304 -
120.253.135.82 - - [25/Jul/2021:10:14:28 +0800] "GET /xingrg/javascript/easyui/themes/icons/cancel.png HTTP/1.1" 304 -
120.253.135.82 - - [25/Jul/2021:10:14:28 +0800] "GET /xingrg/javascript/easyui/themes/icons/print.png HTTP/1.1" 304 -
120.253.135.82 - - [25/Jul/2021:10:14:28 +0800] "GET /xingrg/javascript/easyui/themes/icons/ok.png HTTP/1.1" 304 -
120.253.135.82 - - [25/Jul/2021:10:14:28 +0800] "GET /xingrg/all/common/auto_word.html?type=base&rest_code=00101 HTTP/1.1" 200 613
120.253.135.82 - - [25/Jul/2021:10:14:28 +0800] "GET /xingrg/all/common/auto_word.html?type=base&rest_code=00101 HTTP/1.1" 200 613
120.253.135.82 - - [25/Jul/2021:10:14:28 +0800] "GET /xingrg/javascript/easyui/themes/default/validatebox.css HTTP/1.1" 404 1104
120.253.135.82 - - [25/Jul/2021:10:14:28 +0800] "GET /xingrg/javascript/easyui/plugins/jquery.validatebox.js HTTP/1.1" 304 -
120.253.135.82 - - [25/Jul/2021:10:14:28 +0800] "GET /xingrg/javascript/easyui/plugins/jquery.numberbox.js HTTP/1.1" 304 -
120.253.135.82 - - [25/Jul/2021:10:14:28 +0800] "POST /xingrg/kc/base/wldb_order_operate.html HTTP/1.1" 200 3624
120.253.135.82 - - [25/Jul/2021:10:14:28 +0800] "GET /xingrg/javascript/easyui/themes/icons/edit_remove.png HTTP/1.1" 304 -
114.83.222.60 - - [25/Jul/2021:10:14:31 +0800] "GET /xingrg/kc/buy/cgsh_order_operate.html?command=get_materiel&rest_code=00149&code=00101004071&supplier_code=00100083&order_time=2021-07-25 HTTP/1.1" 200 409
180.156.224.123 - - [25/Jul/2021:10:14:32 +0800] "GET /xingrg/kc/buy/cgsh_order_operate.html?command=get_materiel&rest_code=00151&code=00101019489&supplier_code=00100325&order_time=2021-07-25 HTTP/1.1" 200 410
222.70.176.145 - - [25/Jul/2021:10:14:36 +0800] "GET /xingrg/all/function/internal_message.html?_=1627179271215&CODE_STATE=getMsg HTTP/1.1" 200 27
116.235.222.38 - - [25/Jul/2021:10:14:37 +0800] "GET /xingrg/all/function/internal_message.html?_=1627179277713&CODE_STATE=getMsg HTTP/1.1" 200 27
180.169.147.146 - - [25/Jul/2021:10:14:39 +0800] "GET /xingrg/all/function/internal_message.html?_=1627179279487&CODE_STATE=getMsg HTTP/1.1" 302 -
120.253.135.82 - - [25/Jul/2021:10:14:39 +0800] "GET /xingrg/javascript/easyui/themes/default/images/button_plain_hover.png HTTP/1.1" 304 -
114.86.225.230 - - [25/Jul/2021:10:14:40 +0800] "GET /xingrg/all/function/internal_message.html?_=1627179280577&CODE_STATE=getMsg HTTP/1.1" 200 27
120.253.135.82 - - [25/Jul/2021:10:14:40 +0800] "GET /xingrg/kc/print/load_config.html?kc_code=wldb HTTP/1.1" 200 2173
120.253.135.82 - - [25/Jul/2021:10:14:40 +0800] "GET /xingrg/kc/print/load_data.html?order_code=422021072402687&kc_code=wldb&condition= HTTP/1.1" 200 964
101.83.145.79 - - [25/Jul/2021:10:14:41 +0800] "GET /xingrg/all/function/internal_message.html?_=1627179282374&CODE_STATE=getMsg HTTP/1.1" 200 27
116.235.222.38 - - [25/Jul/2021:10:14:42 +0800] "GET /xingrg/check_reg.html?_=1627179282604 HTTP/1.1" 302 -
120.253.135.82 - - [25/Jul/2021:10:14:48 +0800] "GET /xingrg/javascript/jquery_tools/images/next.gif HTTP/1.1" 404 1086
120.253.135.82 - - [25/Jul/2021:10:14:48 +0800] "GET /xingrg/javascript/jquery_tools/images/prev.gif HTTP/1.1" 404 1086
114.83.222.60 - - [25/Jul/2021:10:14:50 +0800] "GET /xingrg/kc/buy/cgsh_order_operate.html?command=get_materiel&rest_code=00149&code=00101004009&supplier_code=00100083&order_time=2021-07-25 HTTP/1.1" 200 414
180.156.224.123 - - [25/Jul/2021:10:14:54 +0800] "GET /xingrg/kc/buy/cgsh_order_operate.html?command=get_materiel&rest_code=00151&code=00101010432&supplier_code=00100325&order_time=2021-07-25 HTTP/1.1" 200 414
180.156.224.123 - - [25/Jul/2021:10:14:58 +0800] "GET /xingrg/all/function/internal_message.html?_=1627179297797&CODE_STATE=getMsg HTTP/1.1" 200 27
114.83.222.60 - - [25/Jul/2021:10:14:58 +0800] "GET /xingrg/all/function/internal_message.html?_=1627179296585&CODE_STATE=getMsg HTTP/1.1" 200 27
114.83.222.60 - - [25/Jul/2021:10:15:02 +0800] "GET /xingrg/kc/buy/cgsh_order_operate.html?command=get_materiel&rest_code=00149&code=00101004067&supplier_code=00100083&order_time=2021-07-25 HTTP/1.1" 200 433
180.156.224.123 - - [25/Jul/2021:10:15:05 +0800] "GET /xingrg/all/function/internal_message.html?_=1627179272750&CODE_STATE=getMsg HTTP/1.1" 200 27
180.156.224.123 - - [25/Jul/2021:10:15:11 +0800] "POST /xingrg/kc/buy/cgsh_order_operate.html HTTP/1.1" 200 37
114.83.222.60 - - [25/Jul/2021:10:15:14 +0800] "GET /xingrg/kc/buy/cgsh_order_operate.html?command=get_materiel&rest_code=00149&code=00101004050&supplier_code=00100083&order_time=2021-07-25 HTTP/1.1" 200 408
120.253.135.82 - - [25/Jul/2021:10:15:14 +0800] "GET /xingrg/all/function/internal_message.html?_=1627179093329&CODE_STATE=getMsg HTTP/1.1" 200 27
180.156.224.123 - - [25/Jul/2021:10:15:14 +0800] "POST /xingrg/kc/buy/cgsh_order_operate.html HTTP/1.1" 200 12
116.230.110.80 - - [25/Jul/2021:10:15:15 +0800] "GET /xingrg/all/function/internal_message.html?_=1627179309331&CODE_STATE=getMsg HTTP/1.1" 200 27
180.156.224.123 - - [25/Jul/2021:10:15:15 +0800] "GET /xingrg/kc/buy/cgsh_order_info.html?code=212021072511617 HTTP/1.1" 200 57432
180.156.224.123 - - [25/Jul/2021:10:15:16 +0800] "GET /xingrg/javascript/easyui/themes/default/validatebox.css HTTP/1.1" 404 1104
180.174.197.120 - - [25/Jul/2021:10:15:16 +0800] "GET /xingrg/all/function/internal_message.html?_=1627179287114&CODE_STATE=getMsg HTTP/1.1" 200 27
180.156.224.123 - - [25/Jul/2021:10:15:16 +0800] "POST /xingrg/kc/buy/cgsh_order_operate.html HTTP/1.1" 200 1214
180.156.224.123 - - [25/Jul/2021:10:15:17 +0800] "GET /xingrg/kc/print/load_data.html?order_code=212021072511617&kc_code=cgsh&condition= HTTP/1.1" 200 957
222.70.175.207 - - [25/Jul/2021:10:15:21 +0800] "GET /xingrg/all/function/internal_message.html?_=1627179346490&CODE_STATE=getMsg HTTP/1.1" 200 27
114.83.222.60 - - [25/Jul/2021:10:15:21 +0800] "GET /xingrg/kc/buy/cgsh_order_operate.html?command=get_materiel&rest_code=00149&code=00101004017&supplier_code=00100083&order_time=2021-07-25 HTTP/1.1" 200 413
101.85.94.150 - - [25/Jul/2021:10:15:21 +0800] "GET /xingrg/all/function/internal_message.html?_=1627179313704&CODE_STATE=getMsg HTTP/1.1" 200 27
180.156.224.123 - - [25/Jul/2021:10:15:22 +0800] "GET /xingrg/kc/buy/cgsh_order_add.html HTTP/1.1" 200 62520
180.156.224.123 - - [25/Jul/2021:10:15:23 +0800] "POST /xingrg/kc/buy/cgsh_order_operate.html HTTP/1.1" 200 8245
180.156.224.123 - - [25/Jul/2021:10:15:23 +0800] "GET /xingrg/javascript/easyui/themes/default/validatebox.css HTTP/1.1" 404 1104
114.86.225.230 - - [25/Jul/2021:10:15:27 +0800] "GET /favicon.ico HTTP/1.1" 404 -
114.83.222.60 - - [25/Jul/2021:10:15:30 +0800] "GET /xingrg/kc/buy/cgsh_order_operate.html?command=get_materiel&rest_code=00149&code=00101004038&supplier_code=00100083&order_time=2021-07-25 HTTP/1.1" 200 429
222.70.176.145 - - [25/Jul/2021:10:15:36 +0800] "GET /xingrg/all/function/internal_message.html?_=1627179331185&CODE_STATE=getMsg HTTP/1.1" 200 27
116.235.222.38 - - [25/Jul/2021:10:15:37 +0800] "GET /xingrg/all/function/internal_message.html?_=1627179337701&CODE_STATE=getMsg HTTP/1.1" 200 27
180.156.224.123 - - [25/Jul/2021:10:15:38 +0800] "GET /xingrg/kc/buy/cgsh_order_operate.html?command=get_materiel&rest_code=00151&code=00101010216&supplier_code=00100347&order_time=2021-07-25 HTTP/1.1" 200 409
180.169.147.146 - - [25/Jul/2021:10:15:39 +0800] "GET /xingrg/all/function/internal_message.html?_=1627179339491&CODE_STATE=getMsg HTTP/1.1" 302 -
114.86.225.230 - - [25/Jul/2021:10:15:40 +0800] "GET /xingrg/all/function/internal_message.html?_=1627179340584&CODE_STATE=getMsg HTTP/1.1" 200 27
101.83.145.79 - - [25/Jul/2021:10:15:41 +0800] "GET /xingrg/all/function/internal_message.html?_=1627179342369&CODE_STATE=getMsg HTTP/1.1" 200 27
114.83.222.60 - - [25/Jul/2021:10:15:42 +0800] "GET /xingrg/kc/buy/cgsh_order_operate.html?command=get_materiel&rest_code=00149&code=00101004030&supplier_code=00100083&order_time=2021-07-25 HTTP/1.1" 200 408
180.156.224.123 - - [25/Jul/2021:10:15:47 +0800] "POST /xingrg/kc/buy/cgsh_order_operate.html HTTP/1.1" 200 37
180.156.224.123 - - [25/Jul/2021:10:15:49 +0800] "POST /xingrg/kc/buy/cgsh_order_operate.html HTTP/1.1" 200 12
114.83.222.60 - - [25/Jul/2021:10:15:51 +0800] "POST /xingrg/kc/buy/cgsh_order_operate.html HTTP/1.1" 200 37
180.156.224.123 - - [25/Jul/2021:10:15:51 +0800] "GET /xingrg/kc/buy/cgsh_order_info.html?code=212021072511618 HTTP/1.1" 200 57419
180.156.224.123 - - [25/Jul/2021:10:15:51 +0800] "GET /xingrg/javascript/easyui/themes/default/validatebox.css HTTP/1.1" 404 1104
180.156.224.123 - - [25/Jul/2021:10:15:52 +0800] "POST /xingrg/kc/buy/cgsh_order_operate.html HTTP/1.1" 200 613
180.156.224.123 - - [25/Jul/2021:10:15:53 +0800] "GET /xingrg/kc/print/load_data.html?order_code=212021072511618&kc_code=cgsh&condition= HTTP/1.1" 200 699
114.83.222.60 - - [25/Jul/2021:10:15:57 +0800] "POST /xingrg/kc/buy/cgsh_order_operate.html HTTP/1.1" 200 12
180.156.224.123 - - [25/Jul/2021:10:15:58 +0800] "GET /xingrg/all/function/internal_message.html?_=1627179357771&CODE_STATE=getMsg HTTP/1.1" 200 27
101.83.145.79 - - [25/Jul/2021:10:15:59 +0800] "GET /xingrg/kc/buy/cgsh_order_operate.html?command=get_materiel&rest_code=00105&code=00101009124&supplier_code=00100024&order_time=2021-07-25 HTTP/1.1" 200 402
114.83.222.60 - - [25/Jul/2021:10:16:01 +0800] "GET /xingrg/kc/buy/cgsh_order_info.html?code=212021072511619 HTTP/1.1" 200 57838
180.156.224.123 - - [25/Jul/2021:10:16:01 +0800] "GET /xingrg/kc/mdqp/pssh_order_list.html HTTP/1.1" 200 17409
114.83.222.60 - - [25/Jul/2021:10:16:01 +0800] "GET /xingrg/javascript/easyui/themes/default/validatebox.css HTTP/1.1" 404 1104
180.156.224.123 - - [25/Jul/2021:10:16:01 +0800] "POST /xingrg/kc/mdqp/pssh_list_operate.html HTTP/1.1" 200 5368
180.174.197.120 - - [25/Jul/2021:10:16:01 +0800] "GET /xingrg/check_reg.html?_=1627179332846 HTTP/1.1" 200 22
114.83.222.60 - - [25/Jul/2021:10:16:02 +0800] "POST /xingrg/kc/buy/cgsh_order_operate.html HTTP/1.1" 200 5378
180.156.224.123 - - [25/Jul/2021:10:16:03 +0800] "POST /xingrg/kc/mdqp/pssh_list_operate.html HTTP/1.1" 200 595
114.83.222.60 - - [25/Jul/2021:10:16:04 +0800] "GET /xingrg/kc/print/load_data.html?order_code=212021072511619&kc_code=cgsh&condition= HTTP/1.1" 200 2560
180.156.224.123 - - [25/Jul/2021:10:16:05 +0800] "GET /xingrg/all/function/internal_message.html?_=1627179332769&CODE_STATE=getMsg HTTP/1.1" 200 27
180.156.224.123 - - [25/Jul/2021:10:16:05 +0800] "POST /xingrg/kc/mdqp/pssh_list_operate.html HTTP/1.1" 200 368
180.156.224.123 - - [25/Jul/2021:10:16:07 +0800] "POST /xingrg/kc/mdqp/pssh_list_operate.html HTTP/1.1" 200 442
120.253.135.82 - - [25/Jul/2021:10:16:14 +0800] "GET /xingrg/all/function/internal_message.html?_=1627179153343&CODE_STATE=getMsg HTTP/1.1" 200 27
180.156.224.123 - - [25/Jul/2021:10:16:15 +0800] "POST /xingrg/all/user/operate.html HTTP/1.1" 200 36
116.230.110.80 - - [25/Jul/2021:10:16:15 +0800] "GET /xingrg/all/function/internal_message.html?_=1627179369317&CODE_STATE=getMsg HTTP/1.1" 200 27
180.156.224.123 - - [25/Jul/2021:10:16:15 +0800] "GET /xingrg/index.html?sysBaseUrl=http%3A%2F%2F180.169.147.146%3A18081%2Fxingrg%2F&costTime=35×tamp=1627176185828 HTTP/1.1" 200 17179
180.156.224.123 - - [25/Jul/2021:10:16:15 +0800] "GET /xingrg/javascript/jquery_easy_ui/themes/default/easyui.css HTTP/1.1" 304 -
180.156.224.123 - - [25/Jul/2021:10:16:15 +0800] "GET /xingrg/javascript/jquery_easy_ui/themes/icon.css HTTP/1.1" 304 -
180.156.224.123 - - [25/Jul/2021:10:16:15 +0800] "GET /xingrg/css/form.css HTTP/1.1" 304 -
180.156.224.123 - - [25/Jul/2021:10:16:15 +0800] "GET /xingrg/javascript/jquery-1.4.2.min.js HTTP/1.1" 304 -
180.156.224.123 - - [25/Jul/2021:10:16:15 +0800] "GET /xingrg/javascript/jquery_easy_ui/jquery.easyui.min.js HTTP/1.1" 304 -
180.156.224.123 - - [25/Jul/2021:10:16:15 +0800] "GET /xingrg/javascript/jquery_easy_ui/easyui-lang-zh_CN.js HTTP/1.1" 304 -
180.156.224.123 - - [25/Jul/2021:10:16:16 +0800] "GET /xingrg/javascript/jquery.form.js HTTP/1.1" 304 -
180.156.224.123 - - [25/Jul/2021:10:16:16 +0800] "GET /xingrg/javascript/jquery.utils.js HTTP/1.1" 304 -
180.156.224.123 - - [25/Jul/2021:10:16:16 +0800] "GET /xingrg/javascript/jquery.timers.js HTTP/1.1" 304 -
180.156.224.123 - - [25/Jul/2021:10:16:16 +0800] "GET /xingrg/images/blue/jxLogo.png HTTP/1.1" 304 -
180.156.224.123 - - [25/Jul/2021:10:16:16 +0800] "GET /xingrg/images/blue/navBackgound.jpg HTTP/1.1" 304 -
180.156.224.123 - - [25/Jul/2021:10:16:16 +0800] "GET /xingrg/javascript/jquery_easy_ui/themes/icons/settle_new.png HTTP/1.1" 304 -
180.156.224.123 - - [25/Jul/2021:10:16:16 +0800] "POST /xingrg/all/common/load_tree.html?tree=area_rest_tree_json&manage=1 HTTP/1.1" 200 476
180.174.197.120 - - [25/Jul/2021:10:16:16 +0800] "GET /xingrg/all/function/internal_message.html?_=1627179347136&CODE_STATE=getMsg HTTP/1.1" 200 27
180.156.224.123 - - [25/Jul/2021:10:16:16 +0800] "GET /xingrg/all/function/internal_message.html?_=1627179375536&CODE_STATE=count HTTP/1.1" 200 11
180.156.224.123 - - [25/Jul/2021:10:16:16 +0800] "GET /xingrg/check_reg.html?_=1627179375538 HTTP/1.1" 200 22
180.156.224.123 - - [25/Jul/2021:10:16:16 +0800] "GET /xingrg/javascript/jquery_easy_ui/themes/default/images/panel_tool_collapse.gif HTTP/1.1" 304 -
180.156.224.123 - - [25/Jul/2021:10:16:16 +0800] "GET /xingrg/javascript/jquery_easy_ui/themes/default/images/tabs_leftarrow.png HTTP/1.1" 304 -
180.156.224.123 - - [25/Jul/2021:10:16:16 +0800] "GET /xingrg/images/blue/pingpu.png HTTP/1.1" 304 -
180.156.224.123 - - [25/Jul/2021:10:16:16 +0800] "GET /xingrg/javascript/jquery_easy_ui/themes/default/images/tabs_rightarrow.png HTTP/1.1" 304 -
180.156.224.123 - - [25/Jul/2021:10:16:16 +0800] "POST /xingrg/load_menu.html HTTP/1.1" 200 5138
180.156.224.123 - - [25/Jul/2021:10:16:18 +0800] "GET /xingrg/kc/buy/cgsh_order_list.html HTTP/1.1" 200 47146
180.156.224.123 - - [25/Jul/2021:10:16:19 +0800] "POST /xingrg/kc/buy/cgsh_list_operate.html HTTP/1.1" 200 876
222.70.175.207 - - [25/Jul/2021:10:16:21 +0800] "GET /xingrg/all/function/internal_message.html?_=1627179406500&CODE_STATE=getMsg HTTP/1.1" 200 27
101.85.94.150 - - [25/Jul/2021:10:16:21 +0800] "GET /xingrg/all/function/internal_message.html?_=1627179373702&CODE_STATE=getMsg HTTP/1.1" 200 27
180.156.224.123 - - [25/Jul/2021:10:16:25 +0800] "GET /xingrg/javascript/jquery_tools/images/next.gif HTTP/1.1" 404 1086
180.156.224.123 - - [25/Jul/2021:10:16:25 +0800] "GET /xingrg/javascript/jquery_tools/images/prev.gif HTTP/1.1" 404 1086
116.230.110.80 - - [25/Jul/2021:10:16:29 +0800] "GET /xingrg/check_reg.html?_=1627179383832 HTTP/1.1" 200 22
180.156.224.123 - - [25/Jul/2021:10:16:31 +0800] "GET /xingrg/javascript/auto/indicator.gif HTTP/1.1" 404 1066
180.156.224.123 - - [25/Jul/2021:10:16:35 +0800] "POST /xingrg/kc/buy/cgsh_list_operate.html HTTP/1.1" 200 1719
222.70.176.145 - - [25/Jul/2021:10:16:35 +0800] "GET /xingrg/all/function/internal_message.html?_=1627179391156&CODE_STATE=getMsg HTTP/1.1" 200 27
180.156.224.123 - - [25/Jul/2021:10:16:36 +0800] "POST /xingrg/kc/buy/cgsh_list_operate.html HTTP/1.1" 200 206
116.235.222.38 - - [25/Jul/2021:10:16:37 +0800] "GET /xingrg/all/function/internal_message.html?_=1627179397699&CODE_STATE=getMsg HTTP/1.1" 200 27
116.235.222.38 - - [25/Jul/2021:10:16:38 +0800] "GET /xingrg/check_reg.html?_=1627179397701 HTTP/1.1" 200 22
180.156.224.123 - - [25/Jul/2021:10:16:38 +0800] "GET /xingrg/kc/buy/cgsh_order_info.html?code=212021072310694 HTTP/1.1" 200 57715
180.156.224.123 - - [25/Jul/2021:10:16:38 +0800] "GET /xingrg/javascript/easyui/themes/default/validatebox.css HTTP/1.1" 404 1104
180.156.224.123 - - [25/Jul/2021:10:16:38 +0800] "POST /xingrg/kc/buy/cgsh_order_operate.html HTTP/1.1" 200 620
101.83.145.79 - - [25/Jul/2021:10:16:39 +0800] "GET /xingrg/kc/buy/cgsh_order_operate.html?command=get_materiel&rest_code=00105&code=00101009011&supplier_code=00100024&order_time=2021-07-25 HTTP/1.1" 200 416
180.169.147.146 - - [25/Jul/2021:10:16:39 +0800] "GET /xingrg/all/function/internal_message.html?_=1627179399484&CODE_STATE=getMsg HTTP/1.1" 302 -
114.86.225.230 - - [25/Jul/2021:10:16:40 +0800] "GET /xingrg/all/function/internal_message.html?_=1627179400587&CODE_STATE=getMsg HTTP/1.1" 200 27
101.83.145.79 - - [25/Jul/2021:10:16:41 +0800] "GET /xingrg/all/function/internal_message.html?_=1627179402375&CODE_STATE=getMsg HTTP/1.1" 200 27
180.156.224.123 - - [25/Jul/2021:10:16:46 +0800] "GET /xingrg/kc/base/wldb_order_list.html HTTP/1.1" 200 19151
180.156.224.123 - - [25/Jul/2021:10:16:47 +0800] "POST /xingrg/kc/base/wldb_list_operate.html HTTP/1.1" 200 928
180.156.224.123 - - [25/Jul/2021:10:16:47 +0800] "GET /xingrg/kc/base/wldb_order_add.html HTTP/1.1" 200 30359
180.156.224.123 - - [25/Jul/2021:10:16:48 +0800] "GET /xingrg/all/common/auto_word.html?type=base&rest_code=00150 HTTP/1.1" 200 1653
180.156.224.123 - - [25/Jul/2021:10:16:48 +0800] "GET /xingrg/all/common/auto_word.html?type=base&rest_code=00150 HTTP/1.1" 200 1653
180.156.224.123 - - [25/Jul/2021:10:16:48 +0800] "GET /xingrg/javascript/easyui/themes/default/validatebox.css HTTP/1.1" 404 1104
180.156.224.123 - - [25/Jul/2021:10:16:48 +0800] "POST /xingrg/kc/base/wldb_order_operate.html HTTP/1.1" 200 6806
101.83.145.79 - - [25/Jul/2021:10:16:50 +0800] "GET /xingrg/kc/buy/cgsh_order_operate.html?command=get_materiel&rest_code=00105&code=00101009016&supplier_code=00100024&order_time=2021-07-25 HTTP/1.1" 200 412
180.156.224.123 - - [25/Jul/2021:10:16:54 +0800] "GET /xingrg/check_reg.html?_=1627179382111 HTTP/1.1" 200 22
180.156.224.123 - - [25/Jul/2021:10:16:56 +0800] "GET /xingrg/kc/base/wldb_order_operate.html?command=get_materiel&rest_code=00150&base_code=0010451&code=00101012049 HTTP/1.1" 200 453
180.156.224.123 - - [25/Jul/2021:10:16:58 +0800] "POST /xingrg/all/common/load_select.html HTTP/1.1" 200 25
114.83.222.60 - - [25/Jul/2021:10:16:58 +0800] "GET /xingrg/all/function/internal_message.html?_=1627179416603&CODE_STATE=getMsg HTTP/1.1" 200 27
180.156.224.123 - - [25/Jul/2021:10:16:59 +0800] "GET /xingrg/kc/base/wldb_order_operate.html?command=get_materiel_price&rest_code=00150&base_code=0010451&code=00101012049&unit_code=00100086 HTTP/1.1" 200 36
101.83.145.79 - - [25/Jul/2021:10:17:02 +0800] "GET /xingrg/kc/buy/cgsh_order_operate.html?command=get_materiel&rest_code=00105&code=00101009013&supplier_code=00100024&order_time=2021-07-25 HTTP/1.1" 200 420
180.156.224.123 - - [25/Jul/2021:10:17:05 +0800] "GET /xingrg/all/function/internal_message.html?_=1627179392778&CODE_STATE=getMsg HTTP/1.1" 200 27
120.253.135.82 - - [25/Jul/2021:10:17:14 +0800] "GET /xingrg/check_reg.html?_=1627179213014 HTTP/1.1" 200 22
120.253.135.82 - - [25/Jul/2021:10:17:14 +0800] "GET /xingrg/all/function/internal_message.html?_=1627179213357&CODE_STATE=getMsg HTTP/1.1" 200 27
116.230.110.80 - - [25/Jul/2021:10:17:15 +0800] "GET /xingrg/all/function/internal_message.html?_=1627179429304&CODE_STATE=getMsg HTTP/1.1" 200 27
180.156.224.123 - - [25/Jul/2021:10:17:15 +0800] "POST /xingrg/kc/base/wldb_order_operate.html HTTP/1.1" 200 37
101.83.145.79 - - [25/Jul/2021:10:17:15 +0800] "GET /xingrg/kc/buy/cgsh_order_operate.html?command=get_materiel&rest_code=00105&code=00101009007&supplier_code=00100024&order_time=2021-07-25 HTTP/1.1" 200 408
