120.253.135.82 - - [25/Jul/2021:08:54:42 +0800] "GET /xingrg/javascript/easyui/themes/default/validatebox.css HTTP/1.1" 404 1104
120.253.135.82 - - [25/Jul/2021:08:54:42 +0800] "POST /xingrg/kc/pszx/mdps_order_operate.html HTTP/1.1" 200 21811
116.235.222.38 - - [25/Jul/2021:08:54:42 +0800] "GET /xingrg/check_reg.html?_=1627174482929 HTTP/1.1" 302 -
114.83.222.60 - - [25/Jul/2021:08:54:43 +0800] "POST /xingrg/kc/buy/cgsh_order_operate.html HTTP/1.1" 200 37
222.70.176.145 - - [25/Jul/2021:08:54:46 +0800] "GET /xingrg/kc/buy/cgsh_order_operate.html?command=get_materiel&rest_code=00111&code=00101008313&supplier_code=00100005&order_time=2021-07-25 HTTP/1.1" 200 412
116.237.74.182 - - [25/Jul/2021:08:54:51 +0800] "GET /xingrg/all/function/internal_message.html?_=1627174484814&CODE_STATE=getMsg HTTP/1.1" 200 27
101.83.145.79 - - [25/Jul/2021:08:54:51 +0800] "GET /xingrg/kc/buy/cgsh_order_operate.html?command=get_materiel&rest_code=00105&code=00101008096&supplier_code=00100203&order_time=2021-07-25 HTTP/1.1" 200 412
114.83.222.60 - - [25/Jul/2021:08:54:53 +0800] "POST /xingrg/kc/buy/cgsh_order_operate.html HTTP/1.1" 200 12
222.70.176.145 - - [25/Jul/2021:08:54:54 +0800] "GET /xingrg/kc/buy/cgsh_order_operate.html?command=get_materiel&rest_code=00111&code=00101008236&supplier_code=00100005&order_time=2021-07-25 HTTP/1.1" 200 416
222.70.176.145 - - [25/Jul/2021:08:54:55 +0800] "GET /xingrg/all/function/internal_message.html?_=1627174490323&CODE_STATE=getMsg HTTP/1.1" 200 27
120.253.135.82 - - [25/Jul/2021:08:55:01 +0800] "GET /xingrg/kc/pszx/mdps_order_operate.html?command=get_materiel&pszx_code=00101&rest_code=00150&base_code=0010246&code=00101016138 HTTP/1.1" 200 447
116.235.222.38 - - [25/Jul/2021:08:55:02 +0800] "GET /xingrg/all/function/internal_message.html?_=1627174502268&CODE_STATE=getMsg HTTP/1.1" 200 27
222.70.176.145 - - [25/Jul/2021:08:55:03 +0800] "GET /xingrg/kc/buy/cgsh_order_operate.html?command=get_materiel&rest_code=00111&code=00101008150&supplier_code=00100005&order_time=2021-07-25 HTTP/1.1" 200 409
180.156.224.123 - - [25/Jul/2021:08:55:04 +0800] "GET /xingrg/all/function/internal_message.html?_=1627174471664&CODE_STATE=getMsg HTTP/1.1" 200 27
101.83.145.79 - - [25/Jul/2021:08:55:05 +0800] "GET /xingrg/kc/buy/cgsh_order_operate.html?command=get_materiel&rest_code=00105&code=00101008148&supplier_code=00100203&order_time=2021-07-25 HTTP/1.1" 200 416
114.83.222.60 - - [25/Jul/2021:08:55:06 +0800] "GET /xingrg/kc/buy/cgsh_order_info.html?code=212021072511538 HTTP/1.1" 200 57840
114.83.222.60 - - [25/Jul/2021:08:55:07 +0800] "GET /xingrg/javascript/easyui/themes/default/validatebox.css HTTP/1.1" 404 1104
114.83.222.60 - - [25/Jul/2021:08:55:07 +0800] "POST /xingrg/kc/buy/cgsh_order_operate.html HTTP/1.1" 200 30164
114.83.222.60 - - [25/Jul/2021:08:55:16 +0800] "GET /xingrg/kc/print/load_config.html?kc_code=cgsh HTTP/1.1" 200 1845
114.83.222.60 - - [25/Jul/2021:08:55:16 +0800] "GET /xingrg/kc/print/load_data.html?order_code=212021072511538&kc_code=cgsh&condition= HTTP/1.1" 200 11922
116.230.110.80 - - [25/Jul/2021:08:55:16 +0800] "GET /xingrg/all/function/internal_message.html?_=1627174510633&CODE_STATE=getMsg HTTP/1.1" 200 27
116.235.222.38 - - [25/Jul/2021:08:55:21 +0800] "GET /xingrg/kc/buy/cgsh_order_operate.html?command=get_materiel&rest_code=00107&code=00101008049&supplier_code=00100006&order_time=2021-07-25 HTTP/1.1" 200 408
180.162.138.42 - - [25/Jul/2021:08:55:22 +0800] "GET /xingrg/all/function/internal_message.html?_=1627174521949&CODE_STATE=getMsg HTTP/1.1" 302 -
180.162.138.42 - - [25/Jul/2021:08:55:22 +0800] "GET /xingrg/login.html HTTP/1.1" 200 7641
114.83.222.60 - - [25/Jul/2021:08:55:23 +0800] "GET /xingrg/kc/buy/cgsh_order_add.html HTTP/1.1" 200 62931
114.83.222.60 - - [25/Jul/2021:08:55:23 +0800] "POST /xingrg/kc/buy/cgsh_order_operate.html HTTP/1.1" 200 8245
114.83.222.60 - - [25/Jul/2021:08:55:23 +0800] "GET /xingrg/javascript/easyui/themes/default/validatebox.css HTTP/1.1" 404 1104
101.83.145.79 - - [25/Jul/2021:08:55:25 +0800] "GET /xingrg/all/function/internal_message.html?_=1627174526667&CODE_STATE=getMsg HTTP/1.1" 200 27
120.253.135.82 - - [25/Jul/2021:08:55:27 +0800] "POST /xingrg/kc/pszx/mdps_order_operate.html HTTP/1.1" 200 37
120.253.135.82 - - [25/Jul/2021:08:55:28 +0800] "GET /xingrg/kc/pszx/mdps_order_info.html?code=312021072500595 HTTP/1.1" 200 23931
120.253.135.82 - - [25/Jul/2021:08:55:28 +0800] "GET /xingrg/javascript/easyui/themes/default/validatebox.css HTTP/1.1" 404 1104
120.253.135.82 - - [25/Jul/2021:08:55:28 +0800] "POST /xingrg/kc/pszx/mdps_order_operate.html HTTP/1.1" 200 22321
114.83.222.60 - - [25/Jul/2021:08:55:29 +0800] "GET /xingrg/check_reg.html?_=1627174527064 HTTP/1.1" 200 22
114.83.222.60 - - [25/Jul/2021:08:55:29 +0800] "GET /xingrg/all/function/internal_message.html?_=1627174527145&CODE_STATE=getMsg HTTP/1.1" 200 27
120.253.135.82 - - [25/Jul/2021:08:55:30 +0800] "GET /xingrg/check_reg.html?_=1627174308984 HTTP/1.1" 200 22
120.253.135.82 - - [25/Jul/2021:08:55:30 +0800] "GET /xingrg/all/function/internal_message.html?_=1627174309481&CODE_STATE=getMsg HTTP/1.1" 200 27
180.174.197.120 - - [25/Jul/2021:08:55:35 +0800] "GET /xingrg/all/function/internal_message.html?_=1627174505879&CODE_STATE=getMsg HTTP/1.1" 200 27
180.174.197.120 - - [25/Jul/2021:08:55:38 +0800] "GET /xingrg/all/function/internal_message.html?_=1627174538649&CODE_STATE=getMsg HTTP/1.1" 200 27
116.235.222.38 - - [25/Jul/2021:08:55:41 +0800] "GET /xingrg/kc/buy/cgsh_order_operate.html?command=get_materiel&rest_code=00107&code=00101008149&supplier_code=00100006&order_time=2021-07-25 HTTP/1.1" 200 408
222.70.176.145 - - [25/Jul/2021:08:55:41 +0800] "GET /xingrg/kc/buy/cgsh_order_operate.html?command=get_materiel&rest_code=00111&code=00101015004&supplier_code=00100005&order_time=2021-07-25 HTTP/1.1" 200 408
222.70.176.145 - - [25/Jul/2021:08:55:44 +0800] "POST /xingrg/kc/buy/cgsh_order_operate.html HTTP/1.1" 200 2065
120.253.135.82 - - [25/Jul/2021:08:55:46 +0800] "POST /xingrg/kc/pszx/mdps_order_operate.html HTTP/1.1" 200 37
120.253.135.82 - - [25/Jul/2021:08:55:47 +0800] "GET /xingrg/kc/pszx/mdps_order_info.html?code=312021072500595 HTTP/1.1" 200 23931
120.253.135.82 - - [25/Jul/2021:08:55:47 +0800] "GET /xingrg/javascript/easyui/themes/default/validatebox.css HTTP/1.1" 404 1104
120.253.135.82 - - [25/Jul/2021:08:55:47 +0800] "POST /xingrg/kc/pszx/mdps_order_operate.html HTTP/1.1" 200 22321
120.253.135.82 - - [25/Jul/2021:08:55:49 +0800] "POST /xingrg/kc/pszx/mdps_list_operate.html HTTP/1.1" 200 3176
116.237.74.182 - - [25/Jul/2021:08:55:51 +0800] "GET /xingrg/all/function/internal_message.html?_=1627174544814&CODE_STATE=getMsg HTTP/1.1" 200 27
222.70.176.145 - - [25/Jul/2021:08:55:52 +0800] "GET /xingrg/kc/buy/cgsh_order_operate.html?command=get_materiel&rest_code=00111&code=00101008223&supplier_code=00100005&order_time=2021-07-25 HTTP/1.1" 200 412
222.70.176.145 - - [25/Jul/2021:08:55:55 +0800] "GET /xingrg/all/function/internal_message.html?_=1627174550317&CODE_STATE=getMsg HTTP/1.1" 200 27
120.253.135.82 - - [25/Jul/2021:08:55:57 +0800] "POST /xingrg/kc/pszx/mdps_list_operate.html HTTP/1.1" 200 211
116.235.222.38 - - [25/Jul/2021:08:56:02 +0800] "GET /xingrg/all/function/internal_message.html?_=1627174562263&CODE_STATE=getMsg HTTP/1.1" 200 27
180.156.224.123 - - [25/Jul/2021:08:56:04 +0800] "GET /xingrg/all/function/internal_message.html?_=1627174531682&CODE_STATE=getMsg HTTP/1.1" 200 27
116.235.222.38 - - [25/Jul/2021:08:56:05 +0800] "GET /xingrg/kc/buy/cgsh_order_operate.html?command=get_materiel&rest_code=00107&code=00101008312&supplier_code=00100006&order_time=2021-07-25 HTTP/1.1" 200 412
120.253.135.82 - - [25/Jul/2021:08:56:08 +0800] "POST /xingrg/kc/pszx/mdps_list_operate.html HTTP/1.1" 200 3130
120.253.135.82 - - [25/Jul/2021:08:56:10 +0800] "POST /xingrg/kc/pszx/mdps_list_operate.html HTTP/1.1" 200 211
116.230.110.80 - - [25/Jul/2021:08:56:16 +0800] "GET /xingrg/all/function/internal_message.html?_=1627174570632&CODE_STATE=getMsg HTTP/1.1" 200 27
120.253.135.82 - - [25/Jul/2021:08:56:16 +0800] "POST /xingrg/kc/pszx/mdps_list_operate.html HTTP/1.1" 200 2770
120.253.135.82 - - [25/Jul/2021:08:56:18 +0800] "POST /xingrg/kc/pszx/mdps_list_operate.html HTTP/1.1" 200 211
222.70.176.145 - - [25/Jul/2021:08:56:22 +0800] "GET /xingrg/kc/buy/cgsh_order_operate.html?command=get_materiel&rest_code=00111&code=00101008353&supplier_code=00100005&order_time=2021-07-25 HTTP/1.1" 200 408
116.235.222.38 - - [25/Jul/2021:08:56:22 +0800] "GET /xingrg/kc/buy/cgsh_order_operate.html?command=get_materiel&rest_code=00107&code=00101008156&supplier_code=00100006&order_time=2021-07-25 HTTP/1.1" 200 414
180.162.138.42 - - [25/Jul/2021:08:56:22 +0800] "GET /xingrg/all/function/internal_message.html?_=1627174581959&CODE_STATE=getMsg HTTP/1.1" 302 -
180.162.138.42 - - [25/Jul/2021:08:56:22 +0800] "GET /xingrg/check_reg.html?_=1627174581959 HTTP/1.1" 302 -
180.162.138.42 - - [25/Jul/2021:08:56:22 +0800] "GET /xingrg/login.html HTTP/1.1" 200 7641
180.162.138.42 - - [25/Jul/2021:08:56:22 +0800] "GET /xingrg/login.html HTTP/1.1" 200 7641
101.83.145.79 - - [25/Jul/2021:08:56:25 +0800] "GET /xingrg/all/function/internal_message.html?_=1627174586482&CODE_STATE=getMsg HTTP/1.1" 200 27
114.83.222.60 - - [25/Jul/2021:08:56:29 +0800] "GET /xingrg/all/function/internal_message.html?_=1627174587123&CODE_STATE=getMsg HTTP/1.1" 200 27
116.230.110.80 - - [25/Jul/2021:08:56:29 +0800] "GET /xingrg/check_reg.html?_=1627174583834 HTTP/1.1" 200 22
120.253.135.82 - - [25/Jul/2021:08:56:30 +0800] "GET /xingrg/all/function/internal_message.html?_=1627174369494&CODE_STATE=getMsg HTTP/1.1" 200 27
180.174.197.120 - - [25/Jul/2021:08:56:35 +0800] "GET /xingrg/all/function/internal_message.html?_=1627174565893&CODE_STATE=getMsg HTTP/1.1" 200 27
222.70.176.145 - - [25/Jul/2021:08:56:37 +0800] "GET /xingrg/kc/buy/cgsh_order_operate.html?command=get_materiel&rest_code=00111&code=00101008085&supplier_code=00100005&order_time=2021-07-25 HTTP/1.1" 200 412
116.235.222.38 - - [25/Jul/2021:08:56:38 +0800] "GET /xingrg/kc/buy/cgsh_order_operate.html?command=get_materiel&rest_code=00107&code=00101008351&supplier_code=00100006&order_time=2021-07-25 HTTP/1.1" 200 408
180.174.197.120 - - [25/Jul/2021:08:56:38 +0800] "GET /xingrg/all/function/internal_message.html?_=1627174598678&CODE_STATE=getMsg HTTP/1.1" 200 27
222.70.176.145 - - [25/Jul/2021:08:56:42 +0800] "POST /xingrg/kc/buy/cgsh_order_operate.html HTTP/1.1" 200 2065
222.70.176.145 - - [25/Jul/2021:08:56:47 +0800] "GET /xingrg/kc/buy/cgsh_order_operate.html?command=get_materiel&rest_code=00111&code=00101008306&supplier_code=00100005&order_time=2021-07-25 HTTP/1.1" 200 412
116.235.222.38 - - [25/Jul/2021:08:56:49 +0800] "GET /xingrg/kc/buy/cgsh_order_operate.html?command=get_materiel&rest_code=00107&code=00101008358&supplier_code=00100006&order_time=2021-07-25 HTTP/1.1" 200 412
116.237.74.182 - - [25/Jul/2021:08:56:51 +0800] "GET /xingrg/check_reg.html?_=1627174604813 HTTP/1.1" 200 22
116.237.74.182 - - [25/Jul/2021:08:56:51 +0800] "GET /xingrg/all/function/internal_message.html?_=1627174604815&CODE_STATE=getMsg HTTP/1.1" 200 27
114.83.222.60 - - [25/Jul/2021:08:56:53 +0800] "GET /xingrg/logout.do HTTP/1.1" 302 -
114.83.222.60 - - [25/Jul/2021:08:56:53 +0800] "GET /xingrg/login.html?sysBaseUrl=http%3A%2F%2F180.169.147.146%3A18081%2Fxingrg%2F&costTime=2×tamp=1627174613247 HTTP/1.1" 200 7641
114.83.222.60 - - [25/Jul/2021:08:56:53 +0800] "GET /favicon.ico HTTP/1.1" 404 -
180.156.224.123 - - [25/Jul/2021:08:56:54 +0800] "GET /xingrg/check_reg.html?_=1627174582019 HTTP/1.1" 200 22
222.70.176.145 - - [25/Jul/2021:08:56:55 +0800] "GET /xingrg/all/function/internal_message.html?_=1627174610350&CODE_STATE=getMsg HTTP/1.1" 200 27
116.235.222.38 - - [25/Jul/2021:08:56:58 +0800] "GET /xingrg/kc/buy/cgsh_order_operate.html?command=get_materiel&rest_code=00107&code=00101008355&supplier_code=00100006&order_time=2021-07-25 HTTP/1.1" 200 408
180.174.197.120 - - [25/Jul/2021:08:56:59 +0800] "GET /xingrg/kc/buy/cgsh_order_operate.html?command=get_materiel&rest_code=00102&code=00102002572&supplier_code=00100151&order_time=2021-07-25 HTTP/1.1" 200 416
116.235.222.38 - - [25/Jul/2021:08:57:02 +0800] "GET /xingrg/all/function/internal_message.html?_=1627174622265&CODE_STATE=getMsg HTTP/1.1" 200 27
116.235.222.38 - - [25/Jul/2021:08:57:02 +0800] "GET /xingrg/check_reg.html?_=1627174622319 HTTP/1.1" 200 22
180.156.224.123 - - [25/Jul/2021:08:57:04 +0800] "GET /xingrg/all/function/internal_message.html?_=1627174591691&CODE_STATE=getMsg HTTP/1.1" 200 27
114.83.222.60 - - [25/Jul/2021:08:57:07 +0800] "POST /xingrg/login.do HTTP/1.1" 302 -
114.83.222.60 - - [25/Jul/2021:08:57:07 +0800] "GET /xingrg/index.html?sysBaseUrl=http%3A%2F%2F180.169.147.146%3A18081%2Fxingrg%2F&costTime=37×tamp=1627174627006 HTTP/1.1" 200 17503
114.83.222.60 - - [25/Jul/2021:08:57:07 +0800] "GET /favicon.ico HTTP/1.1" 404 -
114.83.222.60 - - [25/Jul/2021:08:57:07 +0800] "POST /xingrg/all/common/load_tree.html?tree=area_rest_tree_json&manage=1 HTTP/1.1" 200 3466
114.83.222.60 - - [25/Jul/2021:08:57:07 +0800] "GET /xingrg/all/function/internal_message.html?_=1627174625184&CODE_STATE=count HTTP/1.1" 200 11
114.83.222.60 - - [25/Jul/2021:08:57:07 +0800] "GET /xingrg/check_reg.html?_=1627174625186 HTTP/1.1" 200 22
114.83.222.60 - - [25/Jul/2021:08:57:07 +0800] "GET /xingrg/javascript/jquery_easy_ui/themes/default/images/panel_tool_expand.gif HTTP/1.1" 200 247
114.83.222.60 - - [25/Jul/2021:08:57:07 +0800] "POST /xingrg/load_menu.html HTTP/1.1" 200 11443
114.83.222.60 - - [25/Jul/2021:08:57:07 +0800] "GET /xingrg/javascript/jquery_easy_ui/themes/icons/delivery_new.png HTTP/1.1" 200 700
114.83.222.60 - - [25/Jul/2021:08:57:07 +0800] "GET /xingrg/javascript/jquery_easy_ui/themes/icons/checkout_new.png HTTP/1.1" 200 744
114.83.222.60 - - [25/Jul/2021:08:57:07 +0800] "GET /xingrg/javascript/jquery_easy_ui/themes/icons/systemset_new.png HTTP/1.1" 200 606
114.83.222.60 - - [25/Jul/2021:08:57:07 +0800] "GET /xingrg/javascript/jquery_easy_ui/themes/icons/setting_new.png HTTP/1.1" 200 450
116.235.222.38 - - [25/Jul/2021:08:57:11 +0800] "GET /xingrg/kc/buy/cgsh_order_operate.html?command=get_materiel&rest_code=00107&code=00101008004&supplier_code=00100006&order_time=2021-07-25 HTTP/1.1" 200 416
116.230.110.80 - - [25/Jul/2021:08:57:16 +0800] "GET /xingrg/all/function/internal_message.html?_=1627174630619&CODE_STATE=getMsg HTTP/1.1" 200 27
114.83.222.60 - - [25/Jul/2021:08:57:16 +0800] "GET /xingrg/kc/base/wldb_order_list.html HTTP/1.1" 200 19400
114.83.222.60 - - [25/Jul/2021:08:57:16 +0800] "GET /xingrg/javascript/easyui/themes/icons/uncheck_new.png HTTP/1.1" 200 3197
114.83.222.60 - - [25/Jul/2021:08:57:17 +0800] "POST /xingrg/kc/base/wldb_list_operate.html HTTP/1.1" 200 1776
172.20.0.100 - - [25/Jul/2021:08:57:17 +0800] "GET /favicon.ico HTTP/1.1" 404 -
172.20.0.100 - - [25/Jul/2021:08:57:20 +0800] "GET /xingrg/index.html?sysBaseUrl=http%3A%2F%2F172.17.0.8%3A18081%2Fxingrg%2F&costTime=213×tamp=1585200360465 HTTP/1.1" 302 -
172.20.0.100 - - [25/Jul/2021:08:57:20 +0800] "GET /xingrg/login.html HTTP/1.1" 200 7636
172.20.0.100 - - [25/Jul/2021:08:57:21 +0800] "GET /xingrg/images/blue/jxLogo.png HTTP/1.1" 200 6156
172.20.0.100 - - [25/Jul/2021:08:57:21 +0800] "GET /xingrg/images/blue/login_bg.png HTTP/1.1" 200 22101
172.20.0.100 - - [25/Jul/2021:08:57:21 +0800] "GET /xingrg/images/blue/hj.png HTTP/1.1" 200 1014
172.20.0.100 - - [25/Jul/2021:08:57:21 +0800] "GET /xingrg/images/blue/srbg.png HTTP/1.1" 200 138
172.20.0.100 - - [25/Jul/2021:08:57:21 +0800] "GET /favicon.ico HTTP/1.1" 404 -
180.162.138.42 - - [25/Jul/2021:08:57:22 +0800] "GET /xingrg/all/function/internal_message.html?_=1627174641958&CODE_STATE=getMsg HTTP/1.1" 302 -
180.162.138.42 - - [25/Jul/2021:08:57:22 +0800] "GET /xingrg/login.html HTTP/1.1" 200 7641
172.20.0.100 - - [25/Jul/2021:08:57:22 +0800] "POST /xingrg/login.do HTTP/1.1" 302 -
172.20.0.100 - - [25/Jul/2021:08:57:22 +0800] "GET /xingrg/index.html?sysBaseUrl=http%3A%2F%2F172.20.0.8%3A18081%2Fxingrg%2F&costTime=38×tamp=1627174642731 HTTP/1.1" 200 17448
172.20.0.100 - - [25/Jul/2021:08:57:22 +0800] "GET /xingrg/javascript/jquery_easy_ui/themes/default/easyui.css HTTP/1.1" 200 26500
172.20.0.100 - - [25/Jul/2021:08:57:22 +0800] "GET /xingrg/javascript/jquery_easy_ui/themes/icon.css HTTP/1.1" 200 3949
172.20.0.100 - - [25/Jul/2021:08:57:22 +0800] "GET /xingrg/css/form.css HTTP/1.1" 200 893
172.20.0.100 - - [25/Jul/2021:08:57:22 +0800] "GET /xingrg/javascript/jquery-1.4.2.min.js HTTP/1.1" 200 72205
172.20.0.100 - - [25/Jul/2021:08:57:22 +0800] "GET /xingrg/javascript/jquery_easy_ui/jquery.easyui.min.js HTTP/1.1" 200 213662
172.20.0.100 - - [25/Jul/2021:08:57:22 +0800] "GET /xingrg/javascript/jquery_easy_ui/easyui-lang-zh_CN.js HTTP/1.1" 200 1900
172.20.0.100 - - [25/Jul/2021:08:57:22 +0800] "GET /xingrg/javascript/jquery.form.js HTTP/1.1" 200 23110
172.20.0.100 - - [25/Jul/2021:08:57:22 +0800] "GET /xingrg/javascript/jquery.utils.js HTTP/1.1" 200 11805
172.20.0.100 - - [25/Jul/2021:08:57:22 +0800] "GET /xingrg/javascript/jquery.timers.js HTTP/1.1" 200 3532
172.20.0.100 - - [25/Jul/2021:08:57:22 +0800] "GET /favicon.ico HTTP/1.1" 404 -
172.20.0.100 - - [25/Jul/2021:08:57:22 +0800] "GET /xingrg/javascript/jquery_easy_ui/themes/icons/settle_new.png HTTP/1.1" 200 826
172.20.0.100 - - [25/Jul/2021:08:57:22 +0800] "GET /xingrg/images/blue/navBackgound.jpg HTTP/1.1" 200 12378
172.20.0.100 - - [25/Jul/2021:08:57:23 +0800] "POST /xingrg/all/common/load_tree.html?tree=area_rest_tree_json&manage=1 HTTP/1.1" 200 3466
172.20.0.100 - - [25/Jul/2021:08:57:23 +0800] "GET /xingrg/all/function/internal_message.html?_=1627174643609&CODE_STATE=count HTTP/1.1" 200 11
172.20.0.100 - - [25/Jul/2021:08:57:23 +0800] "GET /xingrg/check_reg.html?_=1627174643610 HTTP/1.1" 200 22
172.20.0.100 - - [25/Jul/2021:08:57:23 +0800] "GET /xingrg/images/blue/pingpu.png HTTP/1.1" 200 231
172.20.0.100 - - [25/Jul/2021:08:57:23 +0800] "GET /xingrg/javascript/jquery_easy_ui/themes/default/images/tabs_leftarrow.png HTTP/1.1" 200 389
172.20.0.100 - - [25/Jul/2021:08:57:23 +0800] "GET /xingrg/javascript/jquery_easy_ui/themes/default/images/tabs_rightarrow.png HTTP/1.1" 200 395
172.20.0.100 - - [25/Jul/2021:08:57:23 +0800] "GET /xingrg/javascript/jquery_easy_ui/themes/default/images/panel_tool_expand.gif HTTP/1.1" 200 247
172.20.0.100 - - [25/Jul/2021:08:57:23 +0800] "GET /xingrg/javascript/jquery_easy_ui/themes/default/images/panel_tool_collapse.gif HTTP/1.1" 200 246
172.20.0.100 - - [25/Jul/2021:08:57:23 +0800] "POST /xingrg/load_menu.html HTTP/1.1" 200 11529
172.20.0.100 - - [25/Jul/2021:08:57:23 +0800] "GET /xingrg/javascript/jquery_easy_ui/themes/default/images/tree_arrows.gif HTTP/1.1" 200 1043
172.20.0.100 - - [25/Jul/2021:08:57:23 +0800] "GET /xingrg/javascript/jquery_easy_ui/themes/default/images/tree_folder_open.gif HTTP/1.1" 200 956
172.20.0.100 - - [25/Jul/2021:08:57:23 +0800] "GET /xingrg/javascript/jquery_easy_ui/themes/icons/search_new.png HTTP/1.1" 200 586
172.20.0.100 - - [25/Jul/2021:08:57:23 +0800] "GET /xingrg/javascript/jquery_easy_ui/themes/icons/delivery_new.png HTTP/1.1" 200 700
172.20.0.100 - - [25/Jul/2021:08:57:23 +0800] "GET /xingrg/javascript/jquery_easy_ui/themes/icons/storage_new.png HTTP/1.1" 200 853
172.20.0.100 - - [25/Jul/2021:08:57:23 +0800] "GET /xingrg/javascript/jquery_easy_ui/themes/icons/checkout_new.png HTTP/1.1" 200 744
172.20.0.100 - - [25/Jul/2021:08:57:23 +0800] "GET /xingrg/javascript/jquery_easy_ui/themes/icons/forms_new.png HTTP/1.1" 200 350
172.20.0.100 - - [25/Jul/2021:08:57:23 +0800] "GET /xingrg/javascript/jquery_easy_ui/themes/icons/setting_new.png HTTP/1.1" 200 450
172.20.0.100 - - [25/Jul/2021:08:57:23 +0800] "GET /xingrg/javascript/jquery_easy_ui/themes/icons/systemset_new.png HTTP/1.1" 200 606
172.20.0.100 - - [25/Jul/2021:08:57:23 +0800] "GET /xingrg/javascript/jquery_easy_ui/themes/default/images/tree_file.gif HTTP/1.1" 200 118
172.20.0.100 - - [25/Jul/2021:08:57:23 +0800] "GET /xingrg/javascript/jquery_easy_ui/themes/default/images/tree_folder.gif HTTP/1.1" 200 952
101.83.145.79 - - [25/Jul/2021:08:57:25 +0800] "GET /xingrg/check_reg.html?_=1627174646434 HTTP/1.1" 200 22
101.83.145.79 - - [25/Jul/2021:08:57:25 +0800] "GET /xingrg/all/function/internal_message.html?_=1627174646452&CODE_STATE=getMsg HTTP/1.1" 200 27
172.20.0.100 - - [25/Jul/2021:08:57:25 +0800] "POST /xingrg/load_menu.html HTTP/1.1" 200 10512
116.235.222.38 - - [25/Jul/2021:08:57:26 +0800] "GET /xingrg/kc/buy/cgsh_order_operate.html?command=get_materiel&rest_code=00107&code=00101008137&supplier_code=00100006&order_time=2021-07-25 HTTP/1.1" 200 408
114.83.222.60 - - [25/Jul/2021:08:57:27 +0800] "GET /xingrg/javascript/easyui/plugins/jquery.draggable.js HTTP/1.1" 200 6121
114.83.222.60 - - [25/Jul/2021:08:57:27 +0800] "GET /xingrg/css/images/panel_loading.gif HTTP/1.1" 200 1737
114.83.222.60 - - [25/Jul/2021:08:57:27 +0800] "GET /xingrg/javascript/easyui/plugins/jquery.droppable.js HTTP/1.1" 200 1167
114.83.222.60 - - [25/Jul/2021:08:57:27 +0800] "GET /xingrg/javascript/easyui/themes/default/tree.css HTTP/1.1" 404 1090
114.83.222.60 - - [25/Jul/2021:08:57:27 +0800] "GET /xingrg/javascript/easyui/plugins/jquery.tree.js HTTP/1.1" 200 20874
114.83.222.60 - - [25/Jul/2021:08:57:27 +0800] "POST /xingrg/all/common/load_tree.html?tree=area_rest_tree_json&manage=1 HTTP/1.1" 200 3466
114.83.222.60 - - [25/Jul/2021:08:57:27 +0800] "GET /xingrg/javascript/easyui/themes/default/images/tree_checkbox_2.gif HTTP/1.1" 200 181
114.83.222.60 - - [25/Jul/2021:08:57:27 +0800] "GET /xingrg/javascript/easyui/themes/icons/area.png HTTP/1.1" 200 262
114.83.222.60 - - [25/Jul/2021:08:57:27 +0800] "GET /xingrg/javascript/easyui/themes/icons/manage.png HTTP/1.1" 200 696
114.83.222.60 - - [25/Jul/2021:08:57:27 +0800] "GET /xingrg/javascript/easyui/themes/default/images/tree_folder_open.gif HTTP/1.1" 200 956
114.83.222.60 - - [25/Jul/2021:08:57:27 +0800] "GET /xingrg/javascript/easyui/themes/icons/rest.png HTTP/1.1" 200 695
114.83.222.60 - - [25/Jul/2021:08:57:27 +0800] "GET /xingrg/javascript/easyui/themes/default/images/tree_arrows.gif HTTP/1.1" 200 617
114.83.222.60 - - [25/Jul/2021:08:57:27 +0800] "GET /xingrg/javascript/easyui/themes/default/images/tree_checkbox_1.gif HTTP/1.1" 200 174
114.83.222.60 - - [25/Jul/2021:08:57:27 +0800] "GET /xingrg/javascript/easyui/themes/default/images/tree_checkbox_0.gif HTTP/1.1" 200 168
120.253.135.82 - - [25/Jul/2021:08:57:30 +0800] "GET /xingrg/all/function/internal_message.html?_=1627174429596&CODE_STATE=getMsg HTTP/1.1" 200 27
172.20.0.100 - - [25/Jul/2021:08:57:31 +0800] "GET /xingrg/system/rest/list_page.html?p=stca HTTP/1.1" 200 9609
172.20.0.100 - - [25/Jul/2021:08:57:31 +0800] "GET /xingrg/javascript/jquery_easy_ui/themes/default/images/tabs_close.gif HTTP/1.1" 200 829
172.20.0.100 - - [25/Jul/2021:08:57:31 +0800] "GET /xingrg/css/table.css HTTP/1.1" 200 3684
172.20.0.100 - - [25/Jul/2021:08:57:31 +0800] "GET /xingrg/images/control/ajaxLoader.gif HTTP/1.1" 200 4659
172.20.0.100 - - [25/Jul/2021:08:57:32 +0800] "GET /xingrg/javascript/jquery_easy_ui/themes/icons/search.png HTTP/1.1" 200 813
172.20.0.100 - - [25/Jul/2021:08:57:32 +0800] "GET /xingrg/javascript/jquery_easy_ui/themes/default/images/button_a_bg.gif HTTP/1.1" 200 1194
172.20.0.100 - - [25/Jul/2021:08:57:32 +0800] "GET /xingrg/javascript/jquery_easy_ui/themes/icons/edit_add.png HTTP/1.1" 200 1088
172.20.0.100 - - [25/Jul/2021:08:57:32 +0800] "GET /xingrg/javascript/jquery_easy_ui/themes/icons/pencil.png HTTP/1.1" 200 713
172.20.0.100 - - [25/Jul/2021:08:57:32 +0800] "GET /xingrg/javascript/jquery_easy_ui/themes/icons/edit_remove.png HTTP/1.1" 200 625
172.20.0.100 - - [25/Jul/2021:08:57:32 +0800] "GET /xingrg/javascript/jquery_easy_ui/themes/default/images/datagrid_header_bg.gif HTTP/1.1" 200 97
172.20.0.100 - - [25/Jul/2021:08:57:32 +0800] "GET /xingrg/javascript/jquery_easy_ui/themes/default/images/pagination_loading.gif HTTP/1.1" 200 1737
172.20.0.100 - - [25/Jul/2021:08:57:32 +0800] "GET /xingrg/system/rest/query_items.html?_=1627174652525&table=stca&key= HTTP/1.1" 200 1687
172.20.0.100 - - [25/Jul/2021:08:57:33 +0800] "GET /xingrg/system/rest/list_page.html?p=category HTTP/1.1" 200 12838
172.20.0.100 - - [25/Jul/2021:08:57:33 +0800] "GET /xingrg/system/rest/query_items.html?_=1627174653812&table=category&key= HTTP/1.1" 200 4912
180.174.197.120 - - [25/Jul/2021:08:57:34 +0800] "GET /xingrg/check_reg.html?_=1627174625500 HTTP/1.1" 200 22
180.174.197.120 - - [25/Jul/2021:08:57:35 +0800] "GET /xingrg/all/function/internal_message.html?_=1627174625907&CODE_STATE=getMsg HTTP/1.1" 200 27
101.83.145.79 - - [25/Jul/2021:08:57:35 +0800] "GET /xingrg/kc/buy/cgsh_order_operate.html?command=get_materiel&rest_code=00105&code=00101008067&supplier_code=00100203&order_time=2021-07-25 HTTP/1.1" 200 416
172.20.0.100 - - [25/Jul/2021:08:57:37 +0800] "GET /xingrg/system/rest/get_item.html?table=category&id=38&_=1627174658162 HTTP/1.1" 200 269
172.20.0.100 - - [25/Jul/2021:08:57:37 +0800] "GET /xingrg/javascript/jquery_easy_ui/themes/default/images/pagination_prev.gif HTTP/1.1" 200 879
172.20.0.100 - - [25/Jul/2021:08:57:37 +0800] "GET /xingrg/javascript/jquery_easy_ui/themes/default/images/pagination_next.gif HTTP/1.1" 200 875
172.20.0.100 - - [25/Jul/2021:08:57:37 +0800] "GET /xingrg/javascript/jquery_easy_ui/themes/default/images/button_span_bg.gif HTTP/1.1" 200 2061
172.20.0.100 - - [25/Jul/2021:08:57:37 +0800] "GET /xingrg/javascript/jquery_easy_ui/themes/icons/ok.png HTTP/1.1" 200 883
172.20.0.100 - - [25/Jul/2021:08:57:37 +0800] "GET /xingrg/javascript/jquery_easy_ui/themes/default/images/panel_title.png HTTP/1.1" 200 266
172.20.0.100 - - [25/Jul/2021:08:57:37 +0800] "GET /xingrg/javascript/jquery_easy_ui/themes/default/images/panel_tools.gif HTTP/1.1" 200 737
180.174.197.120 - - [25/Jul/2021:08:57:38 +0800] "GET /xingrg/check_reg.html?_=1627174658410 HTTP/1.1" 200 22
180.174.197.120 - - [25/Jul/2021:08:57:38 +0800] "GET /xingrg/all/function/internal_message.html?_=1627174658691&CODE_STATE=getMsg HTTP/1.1" 200 27
172.20.0.100 - - [25/Jul/2021:08:57:41 +0800] "POST /xingrg/system/rest/edit_item.html HTTP/1.1" 200 2
172.20.0.100 - - [25/Jul/2021:08:57:41 +0800] "GET /xingrg/system/rest/get_item.html?table=category&id=38&_=1627174661724 HTTP/1.1" 200 269
172.20.0.100 - - [25/Jul/2021:08:57:42 +0800] "GET /xingrg/system/rest/query_items.html?_=1627174663253&table=category&key= HTTP/1.1" 200 4912
114.83.222.60 - - [25/Jul/2021:08:57:43 +0800] "POST /xingrg/kc/base/wldb_list_operate.html HTTP/1.1" 200 4723
114.83.222.60 - - [25/Jul/2021:08:57:45 +0800] "POST /xingrg/kc/base/wldb_list_operate.html HTTP/1.1" 200 278
114.83.222.60 - - [25/Jul/2021:08:57:45 +0800] "GET /xingrg/kc/base/wldb_order_info.html?code=422021072402704 HTTP/1.1" 200 26495
114.83.222.60 - - [25/Jul/2021:08:57:45 +0800] "GET /xingrg/javascript/easyui/themes/default/validatebox.css HTTP/1.1" 404 1104
114.83.222.60 - - [25/Jul/2021:08:57:46 +0800] "POST /xingrg/kc/base/wldb_order_operate.html HTTP/1.1" 200 958
114.83.222.60 - - [25/Jul/2021:08:57:50 +0800] "POST /xingrg/kc/base/wldb_order_operate.html HTTP/1.1" 200 12
116.237.74.182 - - [25/Jul/2021:08:57:51 +0800] "GET /xingrg/all/function/internal_message.html?_=1627174664814&CODE_STATE=getMsg HTTP/1.1" 200 27
114.83.222.60 - - [25/Jul/2021:08:57:51 +0800] "GET /xingrg/kc/base/wldb_order_info.html?code=422021072402704 HTTP/1.1" 200 30374
114.83.222.60 - - [25/Jul/2021:08:57:51 +0800] "GET /xingrg/all/common/auto_word.html?type=base&rest_code=00149 HTTP/1.1" 200 1811
114.83.222.60 - - [25/Jul/2021:08:57:51 +0800] "GET /xingrg/all/common/auto_word.html?type=base&rest_code=00149 HTTP/1.1" 200 1811
114.83.222.60 - - [25/Jul/2021:08:57:51 +0800] "GET /xingrg/javascript/easyui/themes/default/validatebox.css HTTP/1.1" 404 1104
114.83.222.60 - - [25/Jul/2021:08:57:52 +0800] "POST /xingrg/kc/base/wldb_order_operate.html HTTP/1.1" 200 2676
180.174.197.120 - - [25/Jul/2021:08:57:52 +0800] "POST /xingrg/kc/buy/cgsh_order_operate.html HTTP/1.1" 200 37
114.83.222.60 - - [25/Jul/2021:08:57:52 +0800] "GET /xingrg/javascript/jquery_easy_ui/themes/icons/rest.png HTTP/1.1" 200 695
114.83.222.60 - - [25/Jul/2021:08:57:52 +0800] "GET /xingrg/javascript/jquery_easy_ui/themes/icons/area.png HTTP/1.1" 200 262
114.83.222.60 - - [25/Jul/2021:08:57:52 +0800] "GET /xingrg/javascript/jquery_easy_ui/themes/icons/manage.png HTTP/1.1" 200 696
116.235.222.38 - - [25/Jul/2021:08:57:53 +0800] "GET /xingrg/kc/buy/cgsh_order_operate.html?command=get_materiel&rest_code=00107&code=00101008360&supplier_code=00100006&order_time=2021-07-25 HTTP/1.1" 200 412
222.70.176.145 - - [25/Jul/2021:08:57:55 +0800] "GET /xingrg/all/function/internal_message.html?_=1627174670353&CODE_STATE=getMsg HTTP/1.1" 200 27
180.174.197.120 - - [25/Jul/2021:08:57:57 +0800] "POST /xingrg/kc/buy/cgsh_order_operate.html HTTP/1.1" 200 12
114.83.222.60 - - [25/Jul/2021:08:57:57 +0800] "GET /xingrg/logout.do HTTP/1.1" 302 -
114.83.222.60 - - [25/Jul/2021:08:57:57 +0800] "GET /xingrg/login.html?sysBaseUrl=http%3A%2F%2F180.169.147.146%3A18081%2Fxingrg%2F&costTime=2×tamp=1627174677680 HTTP/1.1" 200 7641
114.83.222.60 - - [25/Jul/2021:08:57:57 +0800] "GET /favicon.ico HTTP/1.1" 404 -
114.83.222.60 - - [25/Jul/2021:08:57:59 +0800] "POST /xingrg/login.do HTTP/1.1" 302 -
114.83.222.60 - - [25/Jul/2021:08:57:59 +0800] "GET /xingrg/index.html?sysBaseUrl=http%3A%2F%2F180.169.147.146%3A18081%2Fxingrg%2F&costTime=48×tamp=1627174679040 HTTP/1.1" 200 17179
114.83.222.60 - - [25/Jul/2021:08:57:59 +0800] "POST /xingrg/all/common/load_tree.html?tree=area_rest_tree_json&manage=1 HTTP/1.1" 200 351
114.83.222.60 - - [25/Jul/2021:08:57:59 +0800] "GET /xingrg/all/function/internal_message.html?_=1627174677217&CODE_STATE=count HTTP/1.1" 200 11
114.83.222.60 - - [25/Jul/2021:08:57:59 +0800] "GET /xingrg/check_reg.html?_=1627174677219 HTTP/1.1" 200 22
114.83.222.60 - - [25/Jul/2021:08:57:59 +0800] "GET /favicon.ico HTTP/1.1" 404 -
114.83.222.60 - - [25/Jul/2021:08:57:59 +0800] "POST /xingrg/load_menu.html HTTP/1.1" 200 5138
116.235.222.38 - - [25/Jul/2021:08:58:02 +0800] "GET /xingrg/all/function/internal_message.html?_=1627174682300&CODE_STATE=getMsg HTTP/1.1" 200 27
180.156.224.123 - - [25/Jul/2021:08:58:04 +0800] "GET /xingrg/all/function/internal_message.html?_=1627174651705&CODE_STATE=getMsg HTTP/1.1" 200 27
116.235.222.38 - - [25/Jul/2021:08:58:04 +0800] "GET /xingrg/kc/buy/cgsh_order_operate.html?command=get_materiel&rest_code=00107&code=00101008146&supplier_code=00100006&order_time=2021-07-25 HTTP/1.1" 200 416
180.174.197.120 - - [25/Jul/2021:08:58:06 +0800] "GET /xingrg/kc/buy/cgsh_order_info.html?code=212021072511543 HTTP/1.1" 200 57734
180.174.197.120 - - [25/Jul/2021:08:58:07 +0800] "POST /xingrg/kc/buy/cgsh_order_operate.html HTTP/1.1" 200 1196
180.174.197.120 - - [25/Jul/2021:08:58:07 +0800] "GET /xingrg/javascript/easyui/themes/default/validatebox.css HTTP/1.1" 404 1104
114.83.222.60 - - [25/Jul/2021:08:58:08 +0800] "GET /xingrg/kc/base/wldb_order_list.html HTTP/1.1" 200 19151
114.83.222.60 - - [25/Jul/2021:08:58:09 +0800] "POST /xingrg/kc/base/wldb_list_operate.html HTTP/1.1" 200 1781
114.83.222.60 - - [25/Jul/2021:08:58:09 +0800] "POST /xingrg/kc/base/wldb_list_operate.html HTTP/1.1" 200 278
114.83.222.60 - - [25/Jul/2021:08:58:10 +0800] "GET /xingrg/kc/base/wldb_order_info.html?code=422021072402704 HTTP/1.1" 200 30374
114.83.222.60 - - [25/Jul/2021:08:58:10 +0800] "GET /xingrg/javascript/easyui/themes/default/validatebox.css HTTP/1.1" 404 1104
114.83.222.60 - - [25/Jul/2021:08:58:10 +0800] "POST /xingrg/kc/base/wldb_order_operate.html HTTP/1.1" 200 2676
180.174.197.120 - - [25/Jul/2021:08:58:12 +0800] "GET /xingrg/kc/print/load_config.html?kc_code=cgsh HTTP/1.1" 200 1845
180.174.197.120 - - [25/Jul/2021:08:58:12 +0800] "GET /xingrg/kc/print/load_data.html?order_code=212021072511543&kc_code=cgsh&condition= HTTP/1.1" 200 881
114.83.222.60 - - [25/Jul/2021:08:58:13 +0800] "GET /xingrg/javascript/auto/indicator.gif HTTP/1.1" 404 1066
114.83.222.60 - - [25/Jul/2021:08:58:14 +0800] "GET /xingrg/javascript/jquery_tools/images/prev.gif HTTP/1.1" 404 1086
114.83.222.60 - - [25/Jul/2021:08:58:14 +0800] "GET /xingrg/javascript/jquery_tools/images/next.gif HTTP/1.1" 404 1086
222.70.176.145 - - [25/Jul/2021:08:58:16 +0800] "GET /xingrg/kc/buy/cgsh_order_operate.html?command=get_materiel&rest_code=00111&code=00101008010&supplier_code=00100005&order_time=2021-07-25 HTTP/1.1" 200 412
116.230.110.80 - - [25/Jul/2021:08:58:16 +0800] "GET /xingrg/all/function/internal_message.html?_=1627174690595&CODE_STATE=getMsg HTTP/1.1" 200 27
116.235.222.38 - - [25/Jul/2021:08:58:17 +0800] "GET /xingrg/kc/buy/cgsh_order_operate.html?command=get_materiel&rest_code=00107&code=00101008163&supplier_code=00100006&order_time=2021-07-25 HTTP/1.1" 200 408
114.83.222.60 - - [25/Jul/2021:08:58:20 +0800] "POST /xingrg/kc/base/wldb_order_operate.html HTTP/1.1" 200 37
114.83.222.60 - - [25/Jul/2021:08:58:21 +0800] "POST /xingrg/kc/base/wldb_order_operate.html HTTP/1.1" 200 12
114.83.222.60 - - [25/Jul/2021:08:58:21 +0800] "POST /xingrg/kc/base/wldb_order_operate.html HTTP/1.1" 200 2675
180.162.138.42 - - [25/Jul/2021:08:58:22 +0800] "GET /xingrg/all/function/internal_message.html?_=1627174701945&CODE_STATE=getMsg HTTP/1.1" 302 -
180.162.138.42 - - [25/Jul/2021:08:58:22 +0800] "GET /xingrg/login.html HTTP/1.1" 200 7641
114.83.222.60 - - [25/Jul/2021:08:58:23 +0800] "GET /xingrg/kc/base/wldb_order_info.html?code=422021072402704 HTTP/1.1" 200 26238
114.83.222.60 - - [25/Jul/2021:08:58:23 +0800] "GET /xingrg/javascript/easyui/themes/default/validatebox.css HTTP/1.1" 404 1104
114.83.222.60 - - [25/Jul/2021:08:58:23 +0800] "POST /xingrg/kc/base/wldb_order_operate.html HTTP/1.1" 200 958
101.83.145.79 - - [25/Jul/2021:08:58:25 +0800] "GET /xingrg/all/function/internal_message.html?_=1627174706458&CODE_STATE=getMsg HTTP/1.1" 200 27
180.174.197.120 - - [25/Jul/2021:08:58:29 +0800] "GET /xingrg/kc/buy/cgsh_order_add.html HTTP/1.1" 200 62837
120.253.135.82 - - [25/Jul/2021:08:58:30 +0800] "GET /xingrg/all/function/internal_message.html?_=1627174489601&CODE_STATE=getMsg HTTP/1.1" 200 27
180.174.197.120 - - [25/Jul/2021:08:58:30 +0800] "POST /xingrg/kc/buy/cgsh_order_operate.html HTTP/1.1" 200 8245
180.174.197.120 - - [25/Jul/2021:08:58:31 +0800] "GET /xingrg/javascript/easyui/themes/default/validatebox.css HTTP/1.1" 404 1104
116.235.222.38 - - [25/Jul/2021:08:58:31 +0800] "GET /xingrg/kc/buy/cgsh_order_operate.html?command=get_materiel&rest_code=00107&code=00101008230&supplier_code=00100006&order_time=2021-07-25 HTTP/1.1" 200 408
180.169.147.146 - - [25/Jul/2021:08:58:32 +0800] "GET /xingrg/check_reg.html?_=1627174711675 HTTP/1.1" 200 22
180.174.197.120 - - [25/Jul/2021:08:58:35 +0800] "GET /xingrg/all/function/internal_message.html?_=1627174685920&CODE_STATE=getMsg HTTP/1.1" 200 27
180.174.197.120 - - [25/Jul/2021:08:58:38 +0800] "GET /xingrg/all/function/internal_message.html?_=1627174718704&CODE_STATE=getMsg HTTP/1.1" 200 27
116.235.222.38 - - [25/Jul/2021:08:58:49 +0800] "GET /xingrg/kc/buy/cgsh_order_operate.html?command=get_materiel&rest_code=00107&code=00101008286&supplier_code=00100006&order_time=2021-07-25 HTTP/1.1" 200 408
58.40.7.146 - - [25/Jul/2021:08:58:50 +0800] "GET /xingrg/check_reg.html?_=1627174730091 HTTP/1.1" 302 -
116.237.74.182 - - [25/Jul/2021:08:58:51 +0800] "GET /xingrg/all/function/internal_message.html?_=1627174724812&CODE_STATE=getMsg HTTP/1.1" 200 27
222.70.176.145 - - [25/Jul/2021:08:58:55 +0800] "GET /xingrg/all/function/internal_message.html?_=1627174730340&CODE_STATE=getMsg HTTP/1.1" 200 27
222.70.176.145 - - [25/Jul/2021:08:58:55 +0800] "GET /xingrg/check_reg.html?_=1627174730360 HTTP/1.1" 200 22
116.235.222.38 - - [25/Jul/2021:08:58:58 +0800] "GET /xingrg/kc/buy/cgsh_order_operate.html?command=get_materiel&rest_code=00107&code=00101019660&supplier_code=00100006&order_time=2021-07-25 HTTP/1.1" 200 406
114.83.222.60 - - [25/Jul/2021:08:58:59 +0800] "GET /xingrg/all/function/internal_message.html?_=1627174737236&CODE_STATE=getMsg HTTP/1.1" 200 27
116.235.222.38 - - [25/Jul/2021:08:59:02 +0800] "GET /xingrg/all/function/internal_message.html?_=1627174742273&CODE_STATE=getMsg HTTP/1.1" 200 27
222.70.176.145 - - [25/Jul/2021:08:59:03 +0800] "POST /xingrg/kc/buy/cgsh_order_operate.html HTTP/1.1" 200 37
180.156.224.123 - - [25/Jul/2021:08:59:04 +0800] "GET /xingrg/all/function/internal_message.html?_=1627174711723&CODE_STATE=getMsg HTTP/1.1" 200 27
222.70.176.145 - - [25/Jul/2021:08:59:04 +0800] "POST /xingrg/kc/buy/cgsh_order_operate.html HTTP/1.1" 200 34607
116.235.222.38 - - [25/Jul/2021:08:59:04 +0800] "GET /xingrg/kc/buy/cgsh_order_operate.html?command=get_materiel&rest_code=00107&code=00101008131&supplier_code=00100006&order_time=2021-07-25 HTTP/1.1" 200 408
116.230.110.80 - - [25/Jul/2021:08:59:16 +0800] "GET /xingrg/all/function/internal_message.html?_=1627174750572&CODE_STATE=getMsg HTTP/1.1" 200 27
222.70.176.145 - - [25/Jul/2021:08:59:21 +0800] "POST /xingrg/kc/buy/cgsh_order_operate.html HTTP/1.1" 200 37
180.162.138.42 - - [25/Jul/2021:08:59:22 +0800] "GET /xingrg/all/function/internal_message.html?_=1627174761941&CODE_STATE=getMsg HTTP/1.1" 302 -
180.162.138.42 - - [25/Jul/2021:08:59:22 +0800] "GET /xingrg/login.html HTTP/1.1" 200 7641
222.70.176.145 - - [25/Jul/2021:08:59:23 +0800] "POST /xingrg/kc/buy/cgsh_order_operate.html HTTP/1.1" 200 34607
222.70.176.145 - - [25/Jul/2021:08:59:23 +0800] "GET /xingrg/kc/buy/cgsh_order_add.html HTTP/1.1" 200 62878
222.70.176.145 - - [25/Jul/2021:08:59:24 +0800] "POST /xingrg/kc/buy/cgsh_order_operate.html HTTP/1.1" 200 8245
222.70.176.145 - - [25/Jul/2021:08:59:24 +0800] "GET /xingrg/javascript/easyui/themes/default/validatebox.css HTTP/1.1" 404 1104
101.83.145.79 - - [25/Jul/2021:08:59:25 +0800] "GET /xingrg/all/function/internal_message.html?_=1627174766460&CODE_STATE=getMsg HTTP/1.1" 200 27
116.235.222.38 - - [25/Jul/2021:08:59:25 +0800] "GET /xingrg/kc/buy/cgsh_order_operate.html?command=get_materiel&rest_code=00107&code=00101008125&supplier_code=00100006&order_time=2021-07-25 HTTP/1.1" 200 413
120.253.135.82 - - [25/Jul/2021:08:59:30 +0800] "GET /xingrg/all/function/internal_message.html?_=1627174549708&CODE_STATE=getMsg HTTP/1.1" 200 27
180.174.197.120 - - [25/Jul/2021:08:59:35 +0800] "GET /xingrg/all/function/internal_message.html?_=1627174745935&CODE_STATE=getMsg HTTP/1.1" 200 27
116.235.222.38 - - [25/Jul/2021:08:59:38 +0800] "GET /xingrg/kc/buy/cgsh_order_operate.html?command=get_materiel&rest_code=00107&code=00101008352&supplier_code=00100006&order_time=2021-07-25 HTTP/1.1" 200 412
222.70.176.145 - - [25/Jul/2021:08:59:38 +0800] "GET /xingrg/kc/buy/cgsh_order_operate.html?command=get_materiel&rest_code=00111&code=00101007081&supplier_code=00100004&order_time=2021-07-25 HTTP/1.1" 200 413
180.174.197.120 - - [25/Jul/2021:08:59:38 +0800] "GET /xingrg/all/function/internal_message.html?_=1627174778718&CODE_STATE=getMsg HTTP/1.1" 200 27
101.83.145.79 - - [25/Jul/2021:08:59:39 +0800] "GET /xingrg/kc/buy/cgsh_order_operate.html?command=get_materiel&rest_code=00105&code=00101008357&supplier_code=00100203&order_time=2021-07-25 HTTP/1.1" 200 408
116.235.222.38 - - [25/Jul/2021:08:59:42 +0800] "GET /xingrg/check_reg.html?_=1627174782901 HTTP/1.1" 302 -
116.235.222.38 - - [25/Jul/2021:08:59:45 +0800] "POST /xingrg/kc/buy/cgsh_order_operate.html HTTP/1.1" 200 2065
116.237.74.182 - - [25/Jul/2021:08:59:51 +0800] "GET /xingrg/all/function/internal_message.html?_=1627174784812&CODE_STATE=getMsg HTTP/1.1" 200 27
222.70.176.145 - - [25/Jul/2021:08:59:55 +0800] "GET /xingrg/all/function/internal_message.html?_=1627174790355&CODE_STATE=getMsg HTTP/1.1" 200 27
222.70.176.145 - - [25/Jul/2021:08:59:56 +0800] "GET /xingrg/kc/buy/cgsh_order_operate.html?command=get_materiel&rest_code=00111&code=00101007061&supplier_code=00100004&order_time=2021-07-25 HTTP/1.1" 200 409
116.235.222.38 - - [25/Jul/2021:08:59:57 +0800] "GET /xingrg/kc/buy/cgsh_order_operate.html?command=get_materiel&rest_code=00107&code=00101008005&supplier_code=00100006&order_time=2021-07-25 HTTP/1.1" 200 412
114.83.222.60 - - [25/Jul/2021:08:59:59 +0800] "GET /xingrg/all/function/internal_message.html?_=1627174797316&CODE_STATE=getMsg HTTP/1.1" 200 27
116.235.222.38 - - [25/Jul/2021:09:00:02 +0800] "GET /xingrg/all/function/internal_message.html?_=1627174802288&CODE_STATE=getMsg HTTP/1.1" 200 27
180.156.224.123 - - [25/Jul/2021:09:00:04 +0800] "GET /xingrg/all/function/internal_message.html?_=1627174771732&CODE_STATE=getMsg HTTP/1.1" 200 27
116.230.110.80 - - [25/Jul/2021:09:00:16 +0800] "GET /xingrg/all/function/internal_message.html?_=1627174810565&CODE_STATE=getMsg HTTP/1.1" 200 27
222.70.176.145 - - [25/Jul/2021:09:00:18 +0800] "GET /xingrg/kc/buy/cgsh_order_operate.html?command=get_materiel&rest_code=00111&code=00101007077&supplier_code=00100004&order_time=2021-07-25 HTTP/1.1" 200 415
101.83.145.79 - - [25/Jul/2021:09:00:20 +0800] "GET /xingrg/kc/buy/cgsh_order_operate.html?command=get_materiel&rest_code=00105&code=00101010136&supplier_code=00100203&order_time=2021-07-25 HTTP/1.1" 200 408
116.235.222.38 - - [25/Jul/2021:09:00:20 +0800] "GET /xingrg/kc/buy/cgsh_order_operate.html?command=get_materiel&rest_code=00107&code=00101008353&supplier_code=00100006&order_time=2021-07-25 HTTP/1.1" 200 408
180.162.138.42 - - [25/Jul/2021:09:00:22 +0800] "GET /xingrg/all/function/internal_message.html?_=1627174821963&CODE_STATE=getMsg HTTP/1.1" 302 -
180.162.138.42 - - [25/Jul/2021:09:00:22 +0800] "GET /xingrg/login.html HTTP/1.1" 200 7641
101.83.145.79 - - [25/Jul/2021:09:00:25 +0800] "GET /xingrg/all/function/internal_message.html?_=1627174826613&CODE_STATE=getMsg HTTP/1.1" 200 27
101.83.145.79 - - [25/Jul/2021:09:00:26 +0800] "POST /xingrg/kc/buy/cgsh_order_operate.html HTTP/1.1" 200 37
101.83.145.79 - - [25/Jul/2021:09:00:27 +0800] "POST /xingrg/kc/buy/cgsh_order_operate.html HTTP/1.1" 200 46396
120.253.135.82 - - [25/Jul/2021:09:00:30 +0800] "GET /xingrg/check_reg.html?_=1627174608987 HTTP/1.1" 200 22
222.70.176.145 - - [25/Jul/2021:09:00:30 +0800] "GET /xingrg/kc/buy/cgsh_order_operate.html?command=get_materiel&rest_code=00111&code=00101007059&supplier_code=00100004&order_time=2021-07-25 HTTP/1.1" 200 409
120.253.135.82 - - [25/Jul/2021:09:00:30 +0800] "GET /xingrg/all/function/internal_message.html?_=1627174609720&CODE_STATE=getMsg HTTP/1.1" 200 27
180.174.197.120 - - [25/Jul/2021:09:00:35 +0800] "GET /xingrg/all/function/internal_message.html?_=1627174806029&CODE_STATE=getMsg HTTP/1.1" 200 27
116.235.222.38 - - [25/Jul/2021:09:00:35 +0800] "GET /xingrg/kc/buy/cgsh_order_operate.html?command=get_materiel&rest_code=00107&code=00101023033&supplier_code=00100006&order_time=2021-07-25 HTTP/1.1" 200 395
180.174.197.120 - - [25/Jul/2021:09:00:38 +0800] "GET /xingrg/all/function/internal_message.html?_=1627174838748&CODE_STATE=getMsg HTTP/1.1" 200 27
116.235.222.38 - - [25/Jul/2021:09:00:44 +0800] "GET /xingrg/kc/buy/cgsh_order_operate.html?command=get_materiel&rest_code=00107&code=00101008264&supplier_code=00100006&order_time=2021-07-25 HTTP/1.1" 200 412
180.156.224.123 - - [25/Jul/2021:09:00:47 +0800] "GET /xingrg/login.html HTTP/1.1" 200 7641
180.156.224.123 - - [25/Jul/2021:09:00:48 +0800] "GET /favicon.ico HTTP/1.1" 404 -
114.83.222.60 - - [25/Jul/2021:09:00:48 +0800] "POST /xingrg/services/DataTransmitService HTTP/1.1" 200 524
114.83.222.60 - - [25/Jul/2021:09:00:49 +0800] "POST /xingrg/services/DataTransmitService HTTP/1.1" 200 1983
114.83.222.60 - - [25/Jul/2021:09:00:49 +0800] "POST /xingrg/services/DataTransmitService HTTP/1.1" 200 2343
114.83.222.60 - - [25/Jul/2021:09:00:49 +0800] "POST /xingrg/services/DataTransmitService HTTP/1.1" 200 136424
116.237.74.182 - - [25/Jul/2021:09:00:51 +0800] "GET /xingrg/all/function/internal_message.html?_=1627174844812&CODE_STATE=getMsg HTTP/1.1" 200 27
222.70.176.145 - - [25/Jul/2021:09:00:55 +0800] "GET /xingrg/all/function/internal_message.html?_=1627174850376&CODE_STATE=getMsg HTTP/1.1" 200 27
222.70.176.145 - - [25/Jul/2021:09:00:58 +0800] "GET /xingrg/kc/buy/cgsh_order_operate.html?command=get_materiel&rest_code=00111&code=00101007031&supplier_code=00100004&order_time=2021-07-25 HTTP/1.1" 200 413
180.156.224.123 - - [25/Jul/2021:09:00:59 +0800] "POST /xingrg/login.do HTTP/1.1" 302 -
180.156.224.123 - - [25/Jul/2021:09:00:59 +0800] "GET /xingrg/index.html?sysBaseUrl=http%3A%2F%2F180.169.147.146%3A18081%2Fxingrg%2F&costTime=36×tamp=1627174859203 HTTP/1.1" 200 17177
114.83.222.60 - - [25/Jul/2021:09:00:59 +0800] "GET /xingrg/all/function/internal_message.html?_=1627174857242&CODE_STATE=getMsg HTTP/1.1" 200 27
180.156.224.123 - - [25/Jul/2021:09:00:59 +0800] "GET /favicon.ico HTTP/1.1" 404 -
180.156.224.123 - - [25/Jul/2021:09:00:59 +0800] "POST /xingrg/all/common/load_tree.html?tree=area_rest_tree_json&manage=1 HTTP/1.1" 200 476
180.156.224.123 - - [25/Jul/2021:09:00:59 +0800] "GET /xingrg/all/function/internal_message.html?_=1627174859104&CODE_STATE=count HTTP/1.1" 200 11
180.156.224.123 - - [25/Jul/2021:09:00:59 +0800] "GET /xingrg/check_reg.html?_=1627174859108 HTTP/1.1" 200 22
180.156.224.123 - - [25/Jul/2021:09:00:59 +0800] "POST /xingrg/load_menu.html HTTP/1.1" 200 5138
116.235.222.38 - - [25/Jul/2021:09:01:02 +0800] "GET /xingrg/all/function/internal_message.html?_=1627174862278&CODE_STATE=getMsg HTTP/1.1" 200 27
180.156.224.123 - - [25/Jul/2021:09:01:04 +0800] "GET /xingrg/all/function/internal_message.html?_=1627174831749&CODE_STATE=getMsg HTTP/1.1" 200 27
180.156.224.123 - - [25/Jul/2021:09:01:04 +0800] "POST /xingrg/all/user/operate.html HTTP/1.1" 200 36
180.156.224.123 - - [25/Jul/2021:09:01:04 +0800] "GET /xingrg/index.html?sysBaseUrl=http%3A%2F%2F180.169.147.146%3A18081%2Fxingrg%2F&costTime=36×tamp=1627174859203 HTTP/1.1" 200 17179
180.156.224.123 - - [25/Jul/2021:09:01:04 +0800] "GET /xingrg/javascript/jquery_easy_ui/themes/default/easyui.css HTTP/1.1" 304 -
180.156.224.123 - - [25/Jul/2021:09:01:04 +0800] "GET /xingrg/javascript/jquery_easy_ui/themes/icon.css HTTP/1.1" 304 -
180.156.224.123 - - [25/Jul/2021:09:01:04 +0800] "GET /xingrg/css/form.css HTTP/1.1" 304 -
180.156.224.123 - - [25/Jul/2021:09:01:04 +0800] "GET /xingrg/javascript/jquery-1.4.2.min.js HTTP/1.1" 304 -
180.156.224.123 - - [25/Jul/2021:09:01:04 +0800] "GET /xingrg/javascript/jquery_easy_ui/jquery.easyui.min.js HTTP/1.1" 304 -
180.156.224.123 - - [25/Jul/2021:09:01:04 +0800] "GET /xingrg/javascript/jquery_easy_ui/easyui-lang-zh_CN.js HTTP/1.1" 304 -
180.156.224.123 - - [25/Jul/2021:09:01:04 +0800] "GET /xingrg/javascript/jquery.form.js HTTP/1.1" 304 -
180.156.224.123 - - [25/Jul/2021:09:01:04 +0800] "GET /xingrg/javascript/jquery.utils.js HTTP/1.1" 304 -
180.156.224.123 - - [25/Jul/2021:09:01:04 +0800] "GET /xingrg/javascript/jquery.timers.js HTTP/1.1" 304 -
180.156.224.123 - - [25/Jul/2021:09:01:04 +0800] "GET /xingrg/images/blue/navBackgound.jpg HTTP/1.1" 304 -
180.156.224.123 - - [25/Jul/2021:09:01:04 +0800] "GET /xingrg/javascript/jquery_easy_ui/themes/icons/settle_new.png HTTP/1.1" 304 -
180.156.224.123 - - [25/Jul/2021:09:01:04 +0800] "POST /xingrg/all/common/load_tree.html?tree=area_rest_tree_json&manage=1 HTTP/1.1" 200 476
180.156.224.123 - - [25/Jul/2021:09:01:05 +0800] "GET /xingrg/javascript/jquery_easy_ui/themes/default/images/tabs_rightarrow.png HTTP/1.1" 304 -
180.156.224.123 - - [25/Jul/2021:09:01:05 +0800] "GET /xingrg/all/function/internal_message.html?_=1627174864401&CODE_STATE=count HTTP/1.1" 200 11
180.156.224.123 - - [25/Jul/2021:09:01:05 +0800] "GET /xingrg/check_reg.html?_=1627174864402 HTTP/1.1" 200 22
180.156.224.123 - - [25/Jul/2021:09:01:05 +0800] "GET /xingrg/javascript/jquery_easy_ui/themes/default/images/panel_tool_collapse.gif HTTP/1.1" 304 -
180.156.224.123 - - [25/Jul/2021:09:01:05 +0800] "GET /xingrg/javascript/jquery_easy_ui/themes/default/images/tabs_leftarrow.png HTTP/1.1" 304 -
180.156.224.123 - - [25/Jul/2021:09:01:05 +0800] "GET /xingrg/images/blue/pingpu.png HTTP/1.1" 304 -
180.156.224.123 - - [25/Jul/2021:09:01:05 +0800] "POST /xingrg/load_menu.html HTTP/1.1" 200 5138
180.156.224.123 - - [25/Jul/2021:09:01:05 +0800] "GET /xingrg/images/blue/jxLogo.png HTTP/1.1" 304 -
180.156.224.123 - - [25/Jul/2021:09:01:05 +0800] "GET /xingrg/javascript/jquery_easy_ui/themes/default/images/tree_folder_open.gif HTTP/1.1" 304 -
180.156.224.123 - - [25/Jul/2021:09:01:05 +0800] "GET /xingrg/javascript/jquery_easy_ui/themes/default/images/tree_file.gif HTTP/1.1" 304 -
180.156.224.123 - - [25/Jul/2021:09:01:05 +0800] "GET /xingrg/javascript/jquery_easy_ui/themes/default/images/tree_arrows.gif HTTP/1.1" 304 -
180.156.224.123 - - [25/Jul/2021:09:01:05 +0800] "GET /xingrg/javascript/jquery_easy_ui/themes/icons/forms_new.png HTTP/1.1" 304 -
180.156.224.123 - - [25/Jul/2021:09:01:05 +0800] "GET /xingrg/javascript/jquery_easy_ui/themes/icons/search_new.png HTTP/1.1" 304 -
180.156.224.123 - - [25/Jul/2021:09:01:05 +0800] "GET /xingrg/javascript/jquery_easy_ui/themes/default/images/tree_folder.gif HTTP/1.1" 304 -
180.156.224.123 - - [25/Jul/2021:09:01:05 +0800] "GET /xingrg/javascript/jquery_easy_ui/themes/icons/storage_new.png HTTP/1.1" 304 -
180.156.224.123 - - [25/Jul/2021:09:01:08 +0800] "GET /xingrg/kc/buy/cgsh_order_list.html HTTP/1.1" 200 47146
180.156.224.123 - - [25/Jul/2021:09:01:09 +0800] "POST /xingrg/kc/buy/cgsh_list_operate.html HTTP/1.1" 200 876
180.156.224.123 - - [25/Jul/2021:09:01:10 +0800] "GET /xingrg/words/20210724164955_words.js HTTP/1.1" 200 828726
180.156.224.123 - - [25/Jul/2021:09:01:10 +0800] "GET /xingrg/kc/buy/cgsh_order_add.html HTTP/1.1" 200 62802
180.156.224.123 - - [25/Jul/2021:09:01:11 +0800] "POST /xingrg/kc/buy/cgsh_order_operate.html HTTP/1.1" 200 8245
180.156.224.123 - - [25/Jul/2021:09:01:11 +0800] "GET /xingrg/all/common/auto_word.html?type=employee&rest_code=00150 HTTP/1.1" 200 205
