114.86.225.230 - - [25/Jul/2021:09:03:45 +0800] "GET /xingrg/javascript/easyui/themes/icons/cancel.png HTTP/1.1" 200 1133
114.86.225.230 - - [25/Jul/2021:09:03:46 +0800] "POST /xingrg/kc/buy/cgsh_order_operate.html HTTP/1.1" 200 8245
114.86.225.230 - - [25/Jul/2021:09:03:46 +0800] "GET /xingrg/javascript/easyui/themes/icons/edit_remove.png HTTP/1.1" 200 625
114.86.225.230 - - [25/Jul/2021:09:03:46 +0800] "GET /xingrg/all/common/auto_word.html?type=employee&rest_code=00109 HTTP/1.1" 200 255
114.86.225.230 - - [25/Jul/2021:09:03:46 +0800] "GET /xingrg/all/common/auto_word.html?type=employee&rest_code=00109 HTTP/1.1" 200 255
114.86.225.230 - - [25/Jul/2021:09:03:46 +0800] "GET /xingrg/javascript/easyui/themes/default/validatebox.css HTTP/1.1" 404 1104
114.86.225.230 - - [25/Jul/2021:09:03:46 +0800] "GET /xingrg/javascript/easyui/plugins/jquery.validatebox.js HTTP/1.1" 200 6103
114.86.225.230 - - [25/Jul/2021:09:03:46 +0800] "GET /xingrg/javascript/easyui/plugins/jquery.numberbox.js HTTP/1.1" 200 5213
58.40.7.146 - - [25/Jul/2021:09:03:50 +0800] "GET /xingrg/check_reg.html?_=1627175030065 HTTP/1.1" 302 -
180.169.147.146 - - [25/Jul/2021:09:03:50 +0800] "POST /xingrg/dwr/call/plaincall/AjaxReportQueryService.refreshCache.dwr HTTP/1.1" 200 78
116.237.74.182 - - [25/Jul/2021:09:03:51 +0800] "GET /xingrg/all/function/internal_message.html?_=1627175024813&CODE_STATE=getMsg HTTP/1.1" 200 27
180.169.147.146 - - [25/Jul/2021:09:03:51 +0800] "POST /xingrg/all/report/load_report_page.html HTTP/1.1" 200 49659
180.169.147.146 - - [25/Jul/2021:09:03:51 +0800] "GET /xingrg/servlets/image?cache=0.797953994730026&image=px HTTP/1.1" 200 807
222.70.175.207 - - [25/Jul/2021:09:03:53 +0800] "GET /xingrg/kc/buy/cgsh_order_operate.html?command=get_materiel&rest_code=00146&code=00101008213&supplier_code=00100005&order_time=2021-07-25 HTTP/1.1" 200 412
114.83.222.60 - - [25/Jul/2021:09:03:53 +0800] "GET /xingrg/kc/buy/cgsh_order_operate.html?command=get_materiel&rest_code=00149&code=00101009059&supplier_code=00100201&order_time=2021-07-25 HTTP/1.1" 200 409
222.70.176.145 - - [25/Jul/2021:09:03:55 +0800] "GET /xingrg/all/function/internal_message.html?_=1627175030358&CODE_STATE=getMsg HTTP/1.1" 200 27
222.70.176.145 - - [25/Jul/2021:09:03:55 +0800] "GET /xingrg/check_reg.html?_=1627175030363 HTTP/1.1" 200 22
222.70.176.145 - - [25/Jul/2021:09:03:57 +0800] "GET /xingrg/kc/buy/cgsh_order_add.html HTTP/1.1" 200 62878
222.70.176.145 - - [25/Jul/2021:09:03:57 +0800] "POST /xingrg/kc/buy/cgsh_order_operate.html HTTP/1.1" 200 8245
222.70.176.145 - - [25/Jul/2021:09:03:57 +0800] "GET /xingrg/javascript/easyui/themes/default/validatebox.css HTTP/1.1" 404 1104
114.83.222.60 - - [25/Jul/2021:09:03:59 +0800] "GET /xingrg/all/function/internal_message.html?_=1627175037251&CODE_STATE=getMsg HTTP/1.1" 200 27
116.235.222.38 - - [25/Jul/2021:09:04:02 +0800] "GET /xingrg/all/function/internal_message.html?_=1627175042287&CODE_STATE=getMsg HTTP/1.1" 200 27
222.70.175.207 - - [25/Jul/2021:09:04:03 +0800] "GET /xingrg/kc/buy/cgsh_order_operate.html?command=get_materiel&rest_code=00146&code=00101008175&supplier_code=00100005&order_time=2021-07-25 HTTP/1.1" 200 412
180.156.224.123 - - [25/Jul/2021:09:04:04 +0800] "GET /xingrg/all/function/internal_message.html?_=1627175011791&CODE_STATE=getMsg HTTP/1.1" 200 27
180.156.224.123 - - [25/Jul/2021:09:04:05 +0800] "GET /xingrg/all/function/internal_message.html?_=1627175044407&CODE_STATE=getMsg HTTP/1.1" 200 27
180.169.147.146 - - [25/Jul/2021:09:04:15 +0800] "GET /xingrg/javascript/jquery_easy_ui/themes/default/images/button_span_bg.gif HTTP/1.1" 200 2061
180.169.147.146 - - [25/Jul/2021:09:04:15 +0800] "GET /xingrg/javascript/jquery_easy_ui/themes/icons/ok.png HTTP/1.1" 200 883
180.169.147.146 - - [25/Jul/2021:09:04:15 +0800] "GET /xingrg/javascript/jquery_easy_ui/themes/default/images/panel_title.png HTTP/1.1" 200 266
180.169.147.146 - - [25/Jul/2021:09:04:15 +0800] "GET /xingrg/javascript/jquery_easy_ui/themes/default/images/panel_tools.gif HTTP/1.1" 200 737
222.70.175.207 - - [25/Jul/2021:09:04:15 +0800] "GET /xingrg/kc/buy/cgsh_order_operate.html?command=get_materiel&rest_code=00146&code=00101008176&supplier_code=00100005&order_time=2021-07-25 HTTP/1.1" 200 412
116.230.110.80 - - [25/Jul/2021:09:04:16 +0800] "GET /xingrg/all/function/internal_message.html?_=1627175050487&CODE_STATE=getMsg HTTP/1.1" 200 27
180.169.147.146 - - [25/Jul/2021:09:04:17 +0800] "GET /xingrg/images/control/ajaxLoader.gif HTTP/1.1" 200 4659
180.169.147.146 - - [25/Jul/2021:09:04:17 +0800] "POST /xingrg/all/user/operate.html HTTP/1.1" 200 36
222.70.175.207 - - [25/Jul/2021:09:04:18 +0800] "GET /xingrg/all/function/internal_message.html?_=1627175083275&CODE_STATE=getMsg HTTP/1.1" 200 27
180.169.147.146 - - [25/Jul/2021:09:04:18 +0800] "GET /xingrg/index.html?sysBaseUrl=http%3A%2F%2F180.169.147.146%3A18081%2Fxingrg%2F&costTime=37×tamp=1627174964948 HTTP/1.1" 200 17503
180.169.147.146 - - [25/Jul/2021:09:04:18 +0800] "GET /xingrg/javascript/jquery_easy_ui/themes/default/easyui.css HTTP/1.1" 304 -
180.169.147.146 - - [25/Jul/2021:09:04:18 +0800] "GET /xingrg/javascript/jquery_easy_ui/themes/icon.css HTTP/1.1" 304 -
180.169.147.146 - - [25/Jul/2021:09:04:18 +0800] "GET /xingrg/css/form.css HTTP/1.1" 304 -
180.169.147.146 - - [25/Jul/2021:09:04:18 +0800] "GET /xingrg/javascript/jquery-1.4.2.min.js HTTP/1.1" 304 -
180.169.147.146 - - [25/Jul/2021:09:04:18 +0800] "GET /xingrg/javascript/jquery_easy_ui/jquery.easyui.min.js HTTP/1.1" 304 -
180.169.147.146 - - [25/Jul/2021:09:04:18 +0800] "GET /xingrg/javascript/jquery_easy_ui/easyui-lang-zh_CN.js HTTP/1.1" 304 -
180.169.147.146 - - [25/Jul/2021:09:04:18 +0800] "GET /xingrg/javascript/jquery.form.js HTTP/1.1" 304 -
180.169.147.146 - - [25/Jul/2021:09:04:18 +0800] "GET /xingrg/javascript/jquery.utils.js HTTP/1.1" 304 -
180.169.147.146 - - [25/Jul/2021:09:04:18 +0800] "GET /xingrg/javascript/jquery.timers.js HTTP/1.1" 304 -
180.169.147.146 - - [25/Jul/2021:09:04:18 +0800] "GET /xingrg/images/blue/jxLogo.png HTTP/1.1" 304 -
180.169.147.146 - - [25/Jul/2021:09:04:18 +0800] "GET /xingrg/images/blue/navBackgound.jpg HTTP/1.1" 304 -
180.169.147.146 - - [25/Jul/2021:09:04:18 +0800] "GET /xingrg/javascript/jquery_easy_ui/themes/icons/settle_new.png HTTP/1.1" 304 -
180.169.147.146 - - [25/Jul/2021:09:04:18 +0800] "POST /xingrg/all/common/load_tree.html?tree=area_rest_tree_json&manage=1 HTTP/1.1" 200 3466
180.169.147.146 - - [25/Jul/2021:09:04:18 +0800] "GET /xingrg/all/function/internal_message.html?_=1627175060408&CODE_STATE=count HTTP/1.1" 200 11
180.169.147.146 - - [25/Jul/2021:09:04:18 +0800] "GET /xingrg/check_reg.html?_=1627175060409 HTTP/1.1" 200 22
180.169.147.146 - - [25/Jul/2021:09:04:18 +0800] "GET /xingrg/javascript/jquery_easy_ui/themes/default/images/tabs_leftarrow.png HTTP/1.1" 304 -
180.169.147.146 - - [25/Jul/2021:09:04:18 +0800] "GET /xingrg/javascript/jquery_easy_ui/themes/default/images/tabs_rightarrow.png HTTP/1.1" 304 -
180.169.147.146 - - [25/Jul/2021:09:04:18 +0800] "GET /xingrg/javascript/jquery_easy_ui/themes/default/images/panel_tool_collapse.gif HTTP/1.1" 304 -
180.169.147.146 - - [25/Jul/2021:09:04:18 +0800] "GET /xingrg/javascript/jquery_easy_ui/themes/default/images/panel_tool_expand.gif HTTP/1.1" 304 -
180.169.147.146 - - [25/Jul/2021:09:04:18 +0800] "GET /xingrg/images/blue/pingpu.png HTTP/1.1" 304 -
180.169.147.146 - - [25/Jul/2021:09:04:18 +0800] "POST /xingrg/load_menu.html HTTP/1.1" 200 9959
222.70.176.145 - - [25/Jul/2021:09:04:20 +0800] "GET /xingrg/kc/buy/cgsh_order_operate.html?command=get_materiel&rest_code=00111&code=00101016104&supplier_code=00100037&order_time=2021-07-25 HTTP/1.1" 200 409
180.162.138.42 - - [25/Jul/2021:09:04:22 +0800] "GET /xingrg/all/function/internal_message.html?_=1627175061941&CODE_STATE=getMsg HTTP/1.1" 302 -
180.162.138.42 - - [25/Jul/2021:09:04:22 +0800] "GET /xingrg/login.html HTTP/1.1" 200 7641
222.70.175.207 - - [25/Jul/2021:09:04:25 +0800] "GET /xingrg/kc/buy/cgsh_order_operate.html?command=get_materiel&rest_code=00146&code=00101008132&supplier_code=00100005&order_time=2021-07-25 HTTP/1.1" 200 408
101.83.145.79 - - [25/Jul/2021:09:04:25 +0800] "GET /xingrg/all/function/internal_message.html?_=1627175066458&CODE_STATE=getMsg HTTP/1.1" 200 27
180.169.147.146 - - [25/Jul/2021:09:04:26 +0800] "GET /xingrg/kc/buy/cgsh_order_list.html HTTP/1.1" 200 47395
180.169.147.146 - - [25/Jul/2021:09:04:26 +0800] "GET /xingrg/css/base.css HTTP/1.1" 200 2811
180.169.147.146 - - [25/Jul/2021:09:04:26 +0800] "GET /xingrg/css/site.css HTTP/1.1" 200 7541
180.169.147.146 - - [25/Jul/2021:09:04:26 +0800] "GET /xingrg/javascript/jquery_tools/datebox.css HTTP/1.1" 200 2597
180.169.147.146 - - [25/Jul/2021:09:04:26 +0800] "GET /xingrg/javascript/easyui/themes/icon.css HTTP/1.1" 200 4483
180.169.147.146 - - [25/Jul/2021:09:04:26 +0800] "GET /xingrg/javascript/easyui/themes/default/easyui.css HTTP/1.1" 200 30432
180.169.147.146 - - [25/Jul/2021:09:04:26 +0800] "GET /xingrg/javascript/auto/jquery.autocomplete.css HTTP/1.1" 200 587
180.169.147.146 - - [25/Jul/2021:09:04:26 +0800] "GET /xingrg/javascript/jquery_tools/fix.css HTTP/1.1" 200 1702
180.169.147.146 - - [25/Jul/2021:09:04:26 +0800] "GET /xingrg/javascript/jquery_tools/table.css HTTP/1.1" 200 1032
180.169.147.146 - - [25/Jul/2021:09:04:26 +0800] "GET /xingrg/javascript/jquery_tools/jquery.tools.min.js HTTP/1.1" 200 138801
180.169.147.146 - - [25/Jul/2021:09:04:26 +0800] "GET /xingrg/javascript/jquery_tools/jquery.tools.hotkey.js HTTP/1.1" 200 3242
180.169.147.146 - - [25/Jul/2021:09:04:26 +0800] "GET /xingrg/javascript/jquery_tools/jquery.tools.extend.js HTTP/1.1" 200 15385
180.169.147.146 - - [25/Jul/2021:09:04:26 +0800] "GET /xingrg/javascript/jquery_tools/jquery.tools.table.js HTTP/1.1" 200 6994
180.169.147.146 - - [25/Jul/2021:09:04:26 +0800] "GET /xingrg/javascript/jquery_tools/list_manager.js HTTP/1.1" 200 3652
180.169.147.146 - - [25/Jul/2021:09:04:26 +0800] "GET /xingrg/javascript/auto/jquery.autocomplete.js HTTP/1.1" 200 21624
180.169.147.146 - - [25/Jul/2021:09:04:26 +0800] "GET /xingrg/javascript/easyui/easyloader.js HTTP/1.1" 200 5975
180.169.147.146 - - [25/Jul/2021:09:04:26 +0800] "GET /xingrg/javascript/jquery.cookie.js HTTP/1.1" 200 5513
180.169.147.146 - - [25/Jul/2021:09:04:26 +0800] "GET /xingrg/javascript/print/LodopFuncs.js HTTP/1.1" 200 5121
180.169.147.146 - - [25/Jul/2021:09:04:27 +0800] "GET /xingrg/javascript/easyui/themes/icons/check_new.png HTTP/1.1" 200 3224
180.169.147.146 - - [25/Jul/2021:09:04:27 +0800] "GET /xingrg/javascript/easyui/themes/icons/cance_new.png HTTP/1.1" 200 3986
180.169.147.146 - - [25/Jul/2021:09:04:27 +0800] "GET /xingrg/javascript/easyui/themes/icons/edit_add_new.png HTTP/1.1" 200 2997
180.169.147.146 - - [25/Jul/2021:09:04:27 +0800] "GET /xingrg/javascript/easyui/themes/icons/uncheck_new.png HTTP/1.1" 200 3197
180.169.147.146 - - [25/Jul/2021:09:04:27 +0800] "GET /xingrg/javascript/easyui/themes/icons/import_new.png HTTP/1.1" 200 1247
180.169.147.146 - - [25/Jul/2021:09:04:27 +0800] "GET /xingrg/javascript/easyui/themes/icons/field_new.png HTTP/1.1" 200 1097
180.169.147.146 - - [25/Jul/2021:09:04:27 +0800] "GET /xingrg/javascript/easyui/plugins/jquery.parser.js HTTP/1.1" 200 1142
180.169.147.146 - - [25/Jul/2021:09:04:28 +0800] "POST /xingrg/kc/buy/cgsh_list_operate.html HTTP/1.1" 200 876
180.169.147.146 - - [25/Jul/2021:09:04:29 +0800] "POST /xingrg/kc/buy/cgsh_list_operate.html HTTP/1.1" 200 876
222.70.176.145 - - [25/Jul/2021:09:04:31 +0800] "GET /xingrg/kc/buy/cgsh_order_operate.html?command=get_materiel&rest_code=00111&code=00101012029&supplier_code=00100037&order_time=2021-07-25 HTTP/1.1" 200 412
120.253.135.82 - - [25/Jul/2021:09:04:31 +0800] "GET /xingrg/all/function/internal_message.html?_=1627174849775&CODE_STATE=getMsg HTTP/1.1" 200 27
180.174.197.120 - - [25/Jul/2021:09:04:35 +0800] "GET /xingrg/all/function/internal_message.html?_=1627175046079&CODE_STATE=getMsg HTTP/1.1" 200 27
222.70.175.207 - - [25/Jul/2021:09:04:36 +0800] "GET /xingrg/kc/buy/cgsh_order_operate.html?command=get_materiel&rest_code=00146&code=00101008257&supplier_code=00100005&order_time=2021-07-25 HTTP/1.1" 200 416
180.169.147.146 - - [25/Jul/2021:09:04:36 +0800] "POST /xingrg/kc/buy/cgsh_list_operate.html HTTP/1.1" 200 5854
180.174.197.120 - - [25/Jul/2021:09:04:38 +0800] "GET /xingrg/all/function/internal_message.html?_=1627175078801&CODE_STATE=getMsg HTTP/1.1" 200 27
114.83.222.60 - - [25/Jul/2021:09:04:39 +0800] "GET /xingrg/kc/buy/cgsh_order_operate.html?command=get_materiel&rest_code=00149&code=00101009016&supplier_code=00100201&order_time=2021-07-25 HTTP/1.1" 200 412
114.86.225.230 - - [25/Jul/2021:09:04:39 +0800] "GET /xingrg/all/function/internal_message.html?_=1627175079487&CODE_STATE=getMsg HTTP/1.1" 200 27
180.169.147.146 - - [25/Jul/2021:09:04:41 +0800] "GET /xingrg/kc/buy/cgsh_order_list.html HTTP/1.1" 200 47395
222.70.176.145 - - [25/Jul/2021:09:04:41 +0800] "GET /xingrg/kc/buy/cgsh_order_operate.html?command=get_materiel&rest_code=00111&code=00101016025&supplier_code=00100037&order_time=2021-07-25 HTTP/1.1" 200 408
180.169.147.146 - - [25/Jul/2021:09:04:41 +0800] "POST /xingrg/kc/buy/cgsh_list_operate.html HTTP/1.1" 200 876
116.235.222.38 - - [25/Jul/2021:09:04:42 +0800] "GET /xingrg/check_reg.html?_=1627175082870 HTTP/1.1" 302 -
120.253.135.82 - - [25/Jul/2021:09:04:43 +0800] "POST /xingrg/all/common/load_combo.html?type=base HTTP/1.1" 200 1075
222.70.175.207 - - [25/Jul/2021:09:04:45 +0800] "GET /xingrg/kc/buy/cgsh_order_operate.html?command=get_materiel&rest_code=00146&code=00101008244&supplier_code=00100005&order_time=2021-07-25 HTTP/1.1" 200 408
116.235.222.38 - - [25/Jul/2021:09:04:47 +0800] "GET /xingrg/kc/buy/cgsh_order_operate.html?command=get_materiel&rest_code=00107&code=00101008356&supplier_code=00100006&order_time=2021-07-25 HTTP/1.1" 200 409
114.83.222.60 - - [25/Jul/2021:09:04:48 +0800] "GET /xingrg/kc/buy/cgsh_order_operate.html?command=get_materiel&rest_code=00149&code=00101009031&supplier_code=00100201&order_time=2021-07-25 HTTP/1.1" 200 408
180.169.147.146 - - [25/Jul/2021:09:04:50 +0800] "GET /xingrg/kc/buy/cgyd_order_list.html HTTP/1.1" 200 46862
180.169.147.146 - - [25/Jul/2021:09:04:50 +0800] "POST /xingrg/kc/buy/cgyd_list_operate.html HTTP/1.1" 200 976
116.235.222.38 - - [25/Jul/2021:09:04:50 +0800] "POST /xingrg/kc/buy/cgsh_order_operate.html HTTP/1.1" 200 2065
116.237.74.182 - - [25/Jul/2021:09:04:51 +0800] "GET /xingrg/all/function/internal_message.html?_=1627175084813&CODE_STATE=getMsg HTTP/1.1" 200 27
120.253.135.82 - - [25/Jul/2021:09:04:53 +0800] "GET /xingrg/kc/pszx/mdps_order_operate.html?command=get_materiel&pszx_code=00101&rest_code=00106&base_code=0010246&code=00101034103 HTTP/1.1" 200 431
222.70.176.145 - - [25/Jul/2021:09:04:53 +0800] "GET /xingrg/kc/buy/cgsh_order_operate.html?command=get_materiel&rest_code=00111&code=00101016030&supplier_code=00100037&order_time=2021-07-25 HTTP/1.1" 200 412
222.70.176.145 - - [25/Jul/2021:09:04:55 +0800] "GET /xingrg/all/function/internal_message.html?_=1627175090356&CODE_STATE=getMsg HTTP/1.1" 200 27
222.70.175.207 - - [25/Jul/2021:09:04:55 +0800] "GET /xingrg/kc/buy/cgsh_order_operate.html?command=get_materiel&rest_code=00146&code=00101008354&supplier_code=00100005&order_time=2021-07-25 HTTP/1.1" 200 412
180.169.147.146 - - [25/Jul/2021:09:04:58 +0800] "GET /xingrg/kc/buy/cgsh_order_list.html HTTP/1.1" 200 47395
120.253.135.82 - - [25/Jul/2021:09:04:58 +0800] "POST /xingrg/kc/pszx/mdps_order_operate.html HTTP/1.1" 200 37
180.169.147.146 - - [25/Jul/2021:09:04:58 +0800] "POST /xingrg/kc/buy/cgsh_list_operate.html HTTP/1.1" 200 876
116.235.222.38 - - [25/Jul/2021:09:04:58 +0800] "GET /xingrg/kc/buy/cgsh_order_operate.html?command=get_materiel&rest_code=00107&code=00101008036&supplier_code=00100006&order_time=2021-07-25 HTTP/1.1" 200 408
114.83.222.60 - - [25/Jul/2021:09:04:59 +0800] "GET /xingrg/all/function/internal_message.html?_=1627175097246&CODE_STATE=getMsg HTTP/1.1" 200 27
120.253.135.82 - - [25/Jul/2021:09:04:59 +0800] "GET /xingrg/kc/pszx/mdps_order_info.html?code=312021072500607 HTTP/1.1" 200 23925
120.253.135.82 - - [25/Jul/2021:09:04:59 +0800] "POST /xingrg/kc/pszx/mdps_order_operate.html HTTP/1.1" 200 2285
120.253.135.82 - - [25/Jul/2021:09:05:00 +0800] "GET /xingrg/javascript/easyui/themes/default/validatebox.css HTTP/1.1" 404 1104
180.169.147.146 - - [25/Jul/2021:09:05:00 +0800] "POST /xingrg/kc/buy/cgsh_list_operate.html HTTP/1.1" 200 876
120.253.135.82 - - [25/Jul/2021:09:05:00 +0800] "POST /xingrg/kc/pszx/mdps_list_operate.html HTTP/1.1" 200 1677
116.235.222.38 - - [25/Jul/2021:09:05:02 +0800] "GET /xingrg/all/function/internal_message.html?_=1627175102285&CODE_STATE=getMsg HTTP/1.1" 200 27
180.169.147.146 - - [25/Jul/2021:09:05:03 +0800] "GET /xingrg/javascript/easyui/plugins/jquery.draggable.js HTTP/1.1" 200 6121
180.169.147.146 - - [25/Jul/2021:09:05:03 +0800] "GET /xingrg/css/images/panel_loading.gif HTTP/1.1" 200 1737
180.169.147.146 - - [25/Jul/2021:09:05:03 +0800] "GET /xingrg/javascript/easyui/plugins/jquery.droppable.js HTTP/1.1" 200 1167
180.169.147.146 - - [25/Jul/2021:09:05:03 +0800] "GET /xingrg/javascript/easyui/themes/default/tree.css HTTP/1.1" 404 1090
180.169.147.146 - - [25/Jul/2021:09:05:03 +0800] "GET /xingrg/javascript/easyui/plugins/jquery.tree.js HTTP/1.1" 200 20874
180.169.147.146 - - [25/Jul/2021:09:05:03 +0800] "POST /xingrg/all/common/load_tree.html?tree=supplier_tree_json&manage=1 HTTP/1.1" 200 57702
180.156.224.123 - - [25/Jul/2021:09:05:04 +0800] "GET /xingrg/all/function/internal_message.html?_=1627175071800&CODE_STATE=getMsg HTTP/1.1" 200 27
120.253.135.82 - - [25/Jul/2021:09:05:04 +0800] "POST /xingrg/kc/pszx/mdps_list_operate.html HTTP/1.1" 200 1677
180.169.147.146 - - [25/Jul/2021:09:05:04 +0800] "GET /xingrg/javascript/easyui/themes/default/images/tree_file.gif HTTP/1.1" 200 118
180.169.147.146 - - [25/Jul/2021:09:05:04 +0800] "GET /xingrg/javascript/easyui/themes/default/images/tree_folder.gif HTTP/1.1" 200 952
180.169.147.146 - - [25/Jul/2021:09:05:04 +0800] "GET /xingrg/javascript/easyui/themes/default/images/tree_arrows.gif HTTP/1.1" 200 617
180.169.147.146 - - [25/Jul/2021:09:05:04 +0800] "GET /xingrg/javascript/easyui/themes/default/images/tree_folder_open.gif HTTP/1.1" 200 956
180.169.147.146 - - [25/Jul/2021:09:05:04 +0800] "GET /xingrg/javascript/easyui/themes/default/images/tree_checkbox_0.gif HTTP/1.1" 200 168
180.156.224.123 - - [25/Jul/2021:09:05:05 +0800] "GET /xingrg/all/function/internal_message.html?_=1627175104416&CODE_STATE=getMsg HTTP/1.1" 200 27
180.169.147.146 - - [25/Jul/2021:09:05:09 +0800] "GET /xingrg/javascript/easyui/themes/default/images/tree_checkbox_1.gif HTTP/1.1" 200 174
180.169.147.146 - - [25/Jul/2021:09:05:09 +0800] "GET /xingrg/javascript/easyui/themes/default/images/tree_checkbox_2.gif HTTP/1.1" 200 181
222.70.176.145 - - [25/Jul/2021:09:05:09 +0800] "GET /xingrg/kc/buy/cgsh_order_operate.html?command=get_materiel&rest_code=00111&code=00101007109&supplier_code=00100037&order_time=2021-07-25 HTTP/1.1" 200 408
114.83.222.60 - - [25/Jul/2021:09:05:12 +0800] "POST /xingrg/kc/buy/cgsh_order_operate.html HTTP/1.1" 200 37
180.174.197.120 - - [25/Jul/2021:09:05:15 +0800] "GET /favicon.ico HTTP/1.1" 404 -
222.70.175.207 - - [25/Jul/2021:09:05:15 +0800] "GET /xingrg/kc/buy/cgsh_order_operate.html?command=get_materiel&rest_code=00146&code=00101008096&supplier_code=00100005&order_time=2021-07-25 HTTP/1.1" 200 412
116.230.110.80 - - [25/Jul/2021:09:05:16 +0800] "GET /xingrg/all/function/internal_message.html?_=1627175110459&CODE_STATE=getMsg HTTP/1.1" 200 27
114.83.222.60 - - [25/Jul/2021:09:05:16 +0800] "POST /xingrg/kc/buy/cgsh_order_operate.html HTTP/1.1" 200 12
222.70.176.145 - - [25/Jul/2021:09:05:17 +0800] "GET /xingrg/kc/buy/cgsh_order_operate.html?command=get_materiel&rest_code=00111&code=00101008324&supplier_code=00100037&order_time=2021-07-25 HTTP/1.1" 200 412
222.70.175.207 - - [25/Jul/2021:09:05:18 +0800] "GET /xingrg/all/function/internal_message.html?_=1627175143288&CODE_STATE=getMsg HTTP/1.1" 200 27
180.169.147.146 - - [25/Jul/2021:09:05:18 +0800] "GET /xingrg/all/function/internal_message.html?_=1627175120418&CODE_STATE=getMsg HTTP/1.1" 200 27
114.83.222.60 - - [25/Jul/2021:09:05:18 +0800] "GET /xingrg/kc/buy/cgsh_order_info.html?code=212021072511548 HTTP/1.1" 200 57840
180.169.147.146 - - [25/Jul/2021:09:05:18 +0800] "POST /xingrg/kc/buy/cgsh_list_operate.html HTTP/1.1" 200 5860
114.83.222.60 - - [25/Jul/2021:09:05:18 +0800] "GET /xingrg/javascript/easyui/themes/default/validatebox.css HTTP/1.1" 404 1104
114.83.222.60 - - [25/Jul/2021:09:05:19 +0800] "POST /xingrg/kc/buy/cgsh_order_operate.html HTTP/1.1" 200 4158
114.83.222.60 - - [25/Jul/2021:09:05:22 +0800] "GET /xingrg/kc/print/load_data.html?order_code=212021072511548&kc_code=cgsh&condition= HTTP/1.1" 200 2066
180.162.138.42 - - [25/Jul/2021:09:05:22 +0800] "GET /xingrg/all/function/internal_message.html?_=1627175121951&CODE_STATE=getMsg HTTP/1.1" 302 -
180.162.138.42 - - [25/Jul/2021:09:05:22 +0800] "GET /xingrg/login.html HTTP/1.1" 200 7641
120.253.135.82 - - [25/Jul/2021:09:05:24 +0800] "POST /xingrg/kc/pszx/mdps_list_operate.html HTTP/1.1" 200 868
222.70.175.207 - - [25/Jul/2021:09:05:25 +0800] "GET /xingrg/kc/buy/cgsh_order_operate.html?command=get_materiel&rest_code=00146&code=00101008067&supplier_code=00100005&order_time=2021-07-25 HTTP/1.1" 200 416
101.83.145.79 - - [25/Jul/2021:09:05:25 +0800] "GET /xingrg/all/function/internal_message.html?_=1627175126460&CODE_STATE=getMsg HTTP/1.1" 200 27
120.253.135.82 - - [25/Jul/2021:09:05:26 +0800] "GET /xingrg/kc/pszx/mdps_order_add.html HTTP/1.1" 200 29026
120.253.135.82 - - [25/Jul/2021:09:05:26 +0800] "POST /xingrg/kc/pszx/mdps_order_operate.html HTTP/1.1" 200 7126
120.253.135.82 - - [25/Jul/2021:09:05:26 +0800] "GET /xingrg/javascript/easyui/themes/default/validatebox.css HTTP/1.1" 404 1104
116.235.222.38 - - [25/Jul/2021:09:05:29 +0800] "GET /xingrg/kc/buy/cgsh_order_operate.html?command=get_materiel&rest_code=00107&code=00101008213&supplier_code=00100006&order_time=2021-07-25 HTTP/1.1" 200 412
120.253.135.82 - - [25/Jul/2021:09:05:30 +0800] "GET /xingrg/check_reg.html?_=1627174908992 HTTP/1.1" 200 22
222.70.176.145 - - [25/Jul/2021:09:05:30 +0800] "GET /xingrg/kc/buy/cgsh_order_operate.html?command=get_materiel&rest_code=00111&code=00101008123&supplier_code=00100037&order_time=2021-07-25 HTTP/1.1" 200 412
120.253.135.82 - - [25/Jul/2021:09:05:31 +0800] "GET /xingrg/all/function/internal_message.html?_=1627174909788&CODE_STATE=getMsg HTTP/1.1" 200 27
222.70.175.207 - - [25/Jul/2021:09:05:33 +0800] "GET /xingrg/kc/buy/cgsh_order_operate.html?command=get_materiel&rest_code=00146&code=00101008264&supplier_code=00100005&order_time=2021-07-25 HTTP/1.1" 200 412
180.174.197.120 - - [25/Jul/2021:09:05:38 +0800] "GET /xingrg/all/function/internal_message.html?_=1627175138830&CODE_STATE=getMsg HTTP/1.1" 200 27
222.70.176.145 - - [25/Jul/2021:09:05:39 +0800] "GET /xingrg/kc/buy/cgsh_order_operate.html?command=get_materiel&rest_code=00111&code=00101015044&supplier_code=00100037&order_time=2021-07-25 HTTP/1.1" 200 408
116.235.222.38 - - [25/Jul/2021:09:05:39 +0800] "GET /xingrg/kc/buy/cgsh_order_operate.html?command=get_materiel&rest_code=00107&code=00101008072&supplier_code=00100006&order_time=2021-07-25 HTTP/1.1" 200 408
114.86.225.230 - - [25/Jul/2021:09:05:39 +0800] "GET /xingrg/all/function/internal_message.html?_=1627175139486&CODE_STATE=getMsg HTTP/1.1" 200 27
120.253.135.82 - - [25/Jul/2021:09:05:41 +0800] "POST /xingrg/all/common/load_combo.html?type=base HTTP/1.1" 200 1075
180.174.197.120 - - [25/Jul/2021:09:05:42 +0800] "GET /favicon.ico HTTP/1.1" 404 -
222.70.175.207 - - [25/Jul/2021:09:05:43 +0800] "GET /xingrg/kc/buy/cgsh_order_operate.html?command=get_materiel&rest_code=00146&code=00101008024&supplier_code=00100005&order_time=2021-07-25 HTTP/1.1" 200 408
222.70.176.145 - - [25/Jul/2021:09:05:47 +0800] "GET /xingrg/kc/buy/cgsh_order_operate.html?command=get_materiel&rest_code=00111&code=00101015052&supplier_code=00100037&order_time=2021-07-25 HTTP/1.1" 200 413
120.253.135.82 - - [25/Jul/2021:09:05:49 +0800] "GET /xingrg/kc/pszx/mdps_order_operate.html?command=get_materiel&pszx_code=00101&rest_code=00146&base_code=0010246&code=00101034103 HTTP/1.1" 200 431
180.174.197.120 - - [25/Jul/2021:09:05:49 +0800] "GET /xingrg/login.html HTTP/1.1" 200 7641
116.237.74.182 - - [25/Jul/2021:09:05:51 +0800] "GET /xingrg/all/function/internal_message.html?_=1627175144813&CODE_STATE=getMsg HTTP/1.1" 200 27
180.174.197.120 - - [25/Jul/2021:09:05:51 +0800] "GET /xingrg/images/blue/jxLogo.png HTTP/1.1" 304 -
180.174.197.120 - - [25/Jul/2021:09:05:52 +0800] "GET /xingrg/images/blue/login_bg.png HTTP/1.1" 304 -
180.174.197.120 - - [25/Jul/2021:09:05:52 +0800] "GET /xingrg/images/blue/srbg.png HTTP/1.1" 304 -
180.174.197.120 - - [25/Jul/2021:09:05:52 +0800] "GET /xingrg/images/blue/hj.png HTTP/1.1" 304 -
180.174.197.120 - - [25/Jul/2021:09:05:54 +0800] "GET /favicon.ico HTTP/1.1" 404 -
222.70.175.207 - - [25/Jul/2021:09:05:54 +0800] "GET /xingrg/kc/buy/cgsh_order_operate.html?command=get_materiel&rest_code=00146&code=00101008356&supplier_code=00100005&order_time=2021-07-25 HTTP/1.1" 200 409
222.70.176.145 - - [25/Jul/2021:09:05:55 +0800] "GET /xingrg/all/function/internal_message.html?_=1627175150675&CODE_STATE=getMsg HTTP/1.1" 200 27
114.86.225.230 - - [25/Jul/2021:09:05:56 +0800] "GET /xingrg/javascript/jquery_tools/images/prev.gif HTTP/1.1" 404 1086
114.86.225.230 - - [25/Jul/2021:09:05:56 +0800] "GET /xingrg/javascript/jquery_tools/images/next.gif HTTP/1.1" 404 1086
222.70.175.207 - - [25/Jul/2021:09:05:56 +0800] "POST /xingrg/kc/buy/cgsh_order_operate.html HTTP/1.1" 200 2065
180.174.197.120 - - [25/Jul/2021:09:05:58 +0800] "POST /xingrg/login.do HTTP/1.1" 302 -
180.174.197.120 - - [25/Jul/2021:09:05:58 +0800] "GET /xingrg/javascript/jquery_easy_ui/themes/default/easyui.css HTTP/1.1" 304 -
180.174.197.120 - - [25/Jul/2021:09:05:58 +0800] "GET /xingrg/javascript/jquery_easy_ui/themes/icon.css HTTP/1.1" 304 -
180.174.197.120 - - [25/Jul/2021:09:05:58 +0800] "GET /xingrg/index.html?sysBaseUrl=http%3A%2F%2F180.169.147.146%3A18081%2Fxingrg%2F&costTime=35×tamp=1627175158865 HTTP/1.1" 200 17173
180.174.197.120 - - [25/Jul/2021:09:05:58 +0800] "GET /xingrg/css/form.css HTTP/1.1" 304 -
120.253.135.82 - - [25/Jul/2021:09:05:59 +0800] "POST /xingrg/kc/pszx/mdps_order_operate.html HTTP/1.1" 200 37
114.83.222.60 - - [25/Jul/2021:09:05:59 +0800] "GET /xingrg/all/function/internal_message.html?_=1627175157260&CODE_STATE=getMsg HTTP/1.1" 200 27
180.174.197.120 - - [25/Jul/2021:09:05:59 +0800] "GET /xingrg/javascript/jquery-1.4.2.min.js HTTP/1.1" 304 -
180.174.197.120 - - [25/Jul/2021:09:05:59 +0800] "GET /xingrg/javascript/jquery_easy_ui/jquery.easyui.min.js HTTP/1.1" 304 -
180.174.197.120 - - [25/Jul/2021:09:05:59 +0800] "GET /xingrg/javascript/jquery_easy_ui/easyui-lang-zh_CN.js HTTP/1.1" 304 -
180.174.197.120 - - [25/Jul/2021:09:05:59 +0800] "GET /xingrg/javascript/jquery.form.js HTTP/1.1" 304 -
180.174.197.120 - - [25/Jul/2021:09:05:59 +0800] "GET /xingrg/javascript/jquery.utils.js HTTP/1.1" 304 -
180.174.197.120 - - [25/Jul/2021:09:05:59 +0800] "GET /xingrg/javascript/jquery.timers.js HTTP/1.1" 304 -
180.174.197.120 - - [25/Jul/2021:09:05:59 +0800] "GET /xingrg/images/blue/navBackgound.jpg HTTP/1.1" 304 -
180.174.197.120 - - [25/Jul/2021:09:05:59 +0800] "GET /xingrg/javascript/jquery_easy_ui/themes/icons/settle_new.png HTTP/1.1" 304 -
222.70.176.145 - - [25/Jul/2021:09:05:59 +0800] "GET /xingrg/kc/buy/cgsh_order_operate.html?command=get_materiel&rest_code=00111&code=00101015038&supplier_code=00100037&order_time=2021-07-25 HTTP/1.1" 200 418
180.174.197.120 - - [25/Jul/2021:09:06:00 +0800] "GET /xingrg/javascript/jquery_easy_ui/themes/default/images/tabs_leftarrow.png HTTP/1.1" 304 -
180.174.197.120 - - [25/Jul/2021:09:06:00 +0800] "POST /xingrg/all/common/load_tree.html?tree=area_rest_tree_json&manage=1 HTTP/1.1" 200 342
180.174.197.120 - - [25/Jul/2021:09:06:00 +0800] "GET /xingrg/images/blue/pingpu.png HTTP/1.1" 304 -
120.253.135.82 - - [25/Jul/2021:09:06:00 +0800] "GET /xingrg/kc/pszx/mdps_order_info.html?code=312021072500608 HTTP/1.1" 200 23931
101.93.222.235 - - [25/Jul/2021:09:06:00 +0800] "POST /xingrg/services/DataTransmitService HTTP/1.1" 200 524
180.174.197.120 - - [25/Jul/2021:09:06:00 +0800] "GET /xingrg/javascript/jquery_easy_ui/themes/default/images/tabs_rightarrow.png HTTP/1.1" 304 -
180.174.197.120 - - [25/Jul/2021:09:06:00 +0800] "GET /xingrg/javascript/jquery_easy_ui/themes/default/images/panel_tool_collapse.gif HTTP/1.1" 304 -
120.253.135.82 - - [25/Jul/2021:09:06:00 +0800] "GET /xingrg/javascript/easyui/themes/default/validatebox.css HTTP/1.1" 404 1104
120.253.135.82 - - [25/Jul/2021:09:06:00 +0800] "POST /xingrg/kc/pszx/mdps_order_operate.html HTTP/1.1" 200 2285
180.174.197.120 - - [25/Jul/2021:09:06:00 +0800] "GET /xingrg/all/function/internal_message.html?_=1627175131507&CODE_STATE=count HTTP/1.1" 200 11
180.174.197.120 - - [25/Jul/2021:09:06:00 +0800] "GET /xingrg/check_reg.html?_=1627175131508 HTTP/1.1" 200 22
180.174.197.120 - - [25/Jul/2021:09:06:01 +0800] "POST /xingrg/load_menu.html HTTP/1.1" 200 5138
180.174.197.120 - - [25/Jul/2021:09:06:02 +0800] "GET /favicon.ico HTTP/1.1" 404 -
180.174.197.120 - - [25/Jul/2021:09:06:02 +0800] "GET /xingrg/javascript/jquery_easy_ui/themes/default/images/tree_arrows.gif HTTP/1.1" 304 -
180.174.197.120 - - [25/Jul/2021:09:06:02 +0800] "GET /xingrg/javascript/jquery_easy_ui/themes/default/images/tree_folder_open.gif HTTP/1.1" 304 -
180.174.197.120 - - [25/Jul/2021:09:06:02 +0800] "GET /xingrg/javascript/jquery_easy_ui/themes/default/images/tree_folder.gif HTTP/1.1" 304 -
180.174.197.120 - - [25/Jul/2021:09:06:02 +0800] "GET /xingrg/javascript/jquery_easy_ui/themes/icons/search_new.png HTTP/1.1" 304 -
180.174.197.120 - - [25/Jul/2021:09:06:02 +0800] "GET /xingrg/javascript/jquery_easy_ui/themes/icons/storage_new.png HTTP/1.1" 304 -
222.70.175.207 - - [25/Jul/2021:09:06:02 +0800] "GET /xingrg/kc/buy/cgsh_order_operate.html?command=get_materiel&rest_code=00146&code=00101008212&supplier_code=00100005&order_time=2021-07-25 HTTP/1.1" 200 412
180.174.197.120 - - [25/Jul/2021:09:06:02 +0800] "GET /xingrg/javascript/jquery_easy_ui/themes/icons/forms_new.png HTTP/1.1" 304 -
180.174.197.120 - - [25/Jul/2021:09:06:02 +0800] "GET /xingrg/javascript/jquery_easy_ui/themes/default/images/tree_file.gif HTTP/1.1" 304 -
116.235.222.38 - - [25/Jul/2021:09:06:02 +0800] "GET /xingrg/all/function/internal_message.html?_=1627175162298&CODE_STATE=getMsg HTTP/1.1" 200 27
114.86.225.230 - - [25/Jul/2021:09:06:02 +0800] "GET /xingrg/kc/buy/cgsh_order_operate.html?command=get_materiel&rest_code=00109&code=00101008072&supplier_code=00100005&order_time=2021-07-25 HTTP/1.1" 200 408
101.93.222.235 - - [25/Jul/2021:09:06:03 +0800] "POST /xingrg/services/DataTransmitService HTTP/1.1" 200 501
101.93.222.235 - - [25/Jul/2021:09:06:03 +0800] "POST /xingrg/services/DataTransmitService HTTP/1.1" 200 501
101.93.222.235 - - [25/Jul/2021:09:06:04 +0800] "POST /xingrg/services/DataTransmitService HTTP/1.1" 200 501
180.156.224.123 - - [25/Jul/2021:09:06:04 +0800] "GET /xingrg/all/function/internal_message.html?_=1627175131817&CODE_STATE=getMsg HTTP/1.1" 200 27
101.93.222.235 - - [25/Jul/2021:09:06:04 +0800] "POST /xingrg/services/DataTransmitService HTTP/1.1" 200 501
101.93.222.235 - - [25/Jul/2021:09:06:04 +0800] "POST /xingrg/services/DataTransmitService HTTP/1.1" 200 501
101.93.222.235 - - [25/Jul/2021:09:06:04 +0800] "POST /xingrg/services/DataTransmitService HTTP/1.1" 200 501
101.93.222.235 - - [25/Jul/2021:09:06:05 +0800] "POST /xingrg/services/DataTransmitService HTTP/1.1" 200 501
180.156.224.123 - - [25/Jul/2021:09:06:05 +0800] "GET /xingrg/check_reg.html?_=1627175164412 HTTP/1.1" 200 22
180.156.224.123 - - [25/Jul/2021:09:06:05 +0800] "GET /xingrg/all/function/internal_message.html?_=1627175164414&CODE_STATE=getMsg HTTP/1.1" 200 27
101.93.222.235 - - [25/Jul/2021:09:06:05 +0800] "POST /xingrg/services/DataTransmitService HTTP/1.1" 200 501
101.93.222.235 - - [25/Jul/2021:09:06:05 +0800] "POST /xingrg/services/DataTransmitService HTTP/1.1" 200 501
101.93.222.235 - - [25/Jul/2021:09:06:05 +0800] "POST /xingrg/services/DataTransmitService HTTP/1.1" 200 501
101.93.222.235 - - [25/Jul/2021:09:06:05 +0800] "POST /xingrg/services/DataTransmitService HTTP/1.1" 200 412
180.174.197.120 - - [25/Jul/2021:09:06:06 +0800] "GET /xingrg/javascript/jquery_easy_ui/themes/default/images/tabs_close.gif HTTP/1.1" 304 -
180.174.197.120 - - [25/Jul/2021:09:06:06 +0800] "GET /xingrg/css/base.css HTTP/1.1" 304 -
180.174.197.120 - - [25/Jul/2021:09:06:06 +0800] "GET /xingrg/css/site.css HTTP/1.1" 304 -
180.174.197.120 - - [25/Jul/2021:09:06:06 +0800] "GET /xingrg/javascript/jquery_tools/datebox.css HTTP/1.1" 304 -
180.174.197.120 - - [25/Jul/2021:09:06:06 +0800] "GET /xingrg/javascript/easyui/themes/default/easyui.css HTTP/1.1" 304 -
180.174.197.120 - - [25/Jul/2021:09:06:06 +0800] "GET /xingrg/javascript/jquery_tools/jquery.tools.extend.js HTTP/1.1" 304 -
180.174.197.120 - - [25/Jul/2021:09:06:06 +0800] "GET /xingrg/javascript/jquery_tools/jquery.tools.hotkey.js HTTP/1.1" 304 -
180.174.197.120 - - [25/Jul/2021:09:06:06 +0800] "GET /xingrg/javascript/jquery_tools/jquery.tools.table.js HTTP/1.1" 304 -
180.174.197.120 - - [25/Jul/2021:09:06:06 +0800] "GET /xingrg/javascript/jquery_tools/list_manager.js HTTP/1.1" 304 -
180.174.197.120 - - [25/Jul/2021:09:06:06 +0800] "GET /xingrg/kc/buy/cgsh_order_list.html HTTP/1.1" 200 47140
180.174.197.120 - - [25/Jul/2021:09:06:06 +0800] "GET /xingrg/javascript/jquery_tools/fix.css HTTP/1.1" 304 -
180.174.197.120 - - [25/Jul/2021:09:06:06 +0800] "GET /xingrg/javascript/auto/jquery.autocomplete.css HTTP/1.1" 304 -
180.174.197.120 - - [25/Jul/2021:09:06:06 +0800] "GET /xingrg/javascript/jquery_tools/table.css HTTP/1.1" 304 -
180.174.197.120 - - [25/Jul/2021:09:06:06 +0800] "GET /xingrg/javascript/easyui/themes/icon.css HTTP/1.1" 304 -
180.174.197.120 - - [25/Jul/2021:09:06:06 +0800] "GET /xingrg/javascript/jquery_tools/jquery.tools.min.js HTTP/1.1" 304 -
180.174.197.120 - - [25/Jul/2021:09:06:06 +0800] "GET /xingrg/javascript/easyui/easyloader.js HTTP/1.1" 304 -
180.174.197.120 - - [25/Jul/2021:09:06:06 +0800] "GET /xingrg/javascript/auto/jquery.autocomplete.js HTTP/1.1" 304 -
180.174.197.120 - - [25/Jul/2021:09:06:06 +0800] "GET /xingrg/javascript/jquery.cookie.js HTTP/1.1" 304 -
180.174.197.120 - - [25/Jul/2021:09:06:06 +0800] "GET /xingrg/javascript/print/LodopFuncs.js HTTP/1.1" 304 -
180.174.197.120 - - [25/Jul/2021:09:06:07 +0800] "GET /xingrg/javascript/easyui/themes/icons/edit_add_new.png HTTP/1.1" 304 -
180.174.197.120 - - [25/Jul/2021:09:06:07 +0800] "GET /xingrg/javascript/easyui/themes/icons/cance_new.png HTTP/1.1" 304 -
180.174.197.120 - - [25/Jul/2021:09:06:07 +0800] "GET /xingrg/javascript/easyui/themes/icons/check_new.png HTTP/1.1" 304 -
180.174.197.120 - - [25/Jul/2021:09:06:07 +0800] "GET /xingrg/javascript/easyui/themes/icons/field_new.png HTTP/1.1" 304 -
180.174.197.120 - - [25/Jul/2021:09:06:07 +0800] "GET /xingrg/javascript/easyui/themes/icons/import_new.png HTTP/1.1" 304 -
180.174.197.120 - - [25/Jul/2021:09:06:07 +0800] "GET /xingrg/javascript/jquery_easy_ui/themes/icons/area.png HTTP/1.1" 304 -
180.174.197.120 - - [25/Jul/2021:09:06:07 +0800] "GET /xingrg/javascript/jquery_easy_ui/themes/icons/rest.png HTTP/1.1" 304 -
180.174.197.120 - - [25/Jul/2021:09:06:07 +0800] "GET /xingrg/javascript/easyui/plugins/jquery.parser.js HTTP/1.1" 304 -
180.174.197.120 - - [25/Jul/2021:09:06:07 +0800] "GET /xingrg/images/control/ajaxLoader.gif HTTP/1.1" 304 -
180.174.197.120 - - [25/Jul/2021:09:06:07 +0800] "POST /xingrg/kc/buy/cgsh_list_operate.html HTTP/1.1" 200 876
180.174.197.120 - - [25/Jul/2021:09:06:09 +0800] "GET /xingrg/javascript/easyui/themes/default/images/button_plain_hover.png HTTP/1.1" 304 -
180.174.197.120 - - [25/Jul/2021:09:06:10 +0800] "GET /xingrg/javascript/pic_change.js HTTP/1.1" 304 -
180.174.197.120 - - [25/Jul/2021:09:06:10 +0800] "GET /xingrg/javascript/jquery_tools/order_manager.js HTTP/1.1" 304 -
180.174.197.120 - - [25/Jul/2021:09:06:10 +0800] "GET /xingrg/javascript/json2.js HTTP/1.1" 304 -
180.174.197.120 - - [25/Jul/2021:09:06:10 +0800] "GET /xingrg/javascript/convert.js HTTP/1.1" 304 -
180.174.197.120 - - [25/Jul/2021:09:06:10 +0800] "GET /xingrg/javascript/print/kc_print.js HTTP/1.1" 304 -
114.86.225.230 - - [25/Jul/2021:09:06:10 +0800] "GET /xingrg/kc/buy/cgsh_order_operate.html?command=get_materiel&rest_code=00109&code=00101008186&supplier_code=00100005&order_time=2021-07-25 HTTP/1.1" 200 408
180.174.197.120 - - [25/Jul/2021:09:06:10 +0800] "GET /xingrg/kc/buy/cgsh_order_add.html HTTP/1.1" 200 62837
180.174.197.120 - - [25/Jul/2021:09:06:10 +0800] "GET /xingrg/words/20210724164955_words.js HTTP/1.1" 304 -
222.70.176.145 - - [25/Jul/2021:09:06:10 +0800] "GET /xingrg/kc/buy/cgsh_order_operate.html?command=get_materiel&rest_code=00111&code=00101009112&supplier_code=00100037&order_time=2021-07-25 HTTP/1.1" 200 411
120.253.135.82 - - [25/Jul/2021:09:06:11 +0800] "POST /xingrg/kc/pszx/mdps_order_operate.html HTTP/1.1" 200 37
180.174.197.120 - - [25/Jul/2021:09:06:11 +0800] "GET /xingrg/javascript/easyui/themes/icons/template_new.png HTTP/1.1" 304 -
180.174.197.120 - - [25/Jul/2021:09:06:11 +0800] "GET /xingrg/javascript/easyui/themes/icons/copy_new.png HTTP/1.1" 304 -
180.174.197.120 - - [25/Jul/2021:09:06:11 +0800] "GET /xingrg/javascript/easyui/themes/icons/ok.png HTTP/1.1" 304 -
180.174.197.120 - - [25/Jul/2021:09:06:11 +0800] "GET /xingrg/javascript/easyui/themes/icons/print.png HTTP/1.1" 304 -
180.174.197.120 - - [25/Jul/2021:09:06:11 +0800] "GET /xingrg/javascript/easyui/themes/default/images/menu_downarrow.png HTTP/1.1" 304 -
180.174.197.120 - - [25/Jul/2021:09:06:11 +0800] "GET /xingrg/javascript/easyui/themes/icons/cancel.png HTTP/1.1" 304 -
222.70.175.207 - - [25/Jul/2021:09:06:11 +0800] "GET /xingrg/kc/buy/cgsh_order_operate.html?command=get_materiel&rest_code=00146&code=00101008196&supplier_code=00100005&order_time=2021-07-25 HTTP/1.1" 200 416
180.174.197.120 - - [25/Jul/2021:09:06:11 +0800] "POST /xingrg/kc/buy/cgsh_order_operate.html HTTP/1.1" 200 8245
180.174.197.120 - - [25/Jul/2021:09:06:11 +0800] "GET /xingrg/all/common/auto_word.html?type=employee&rest_code=00102 HTTP/1.1" 200 189
180.174.197.120 - - [25/Jul/2021:09:06:11 +0800] "GET /xingrg/all/common/auto_word.html?type=employee&rest_code=00102 HTTP/1.1" 200 189
180.174.197.120 - - [25/Jul/2021:09:06:11 +0800] "GET /xingrg/javascript/easyui/themes/icons/edit_remove.png HTTP/1.1" 304 -
120.253.135.82 - - [25/Jul/2021:09:06:11 +0800] "GET /xingrg/kc/pszx/mdps_order_info.html?code=312021072500608 HTTP/1.1" 200 23931
180.174.197.120 - - [25/Jul/2021:09:06:11 +0800] "GET /xingrg/javascript/easyui/themes/default/validatebox.css HTTP/1.1" 404 1104
180.174.197.120 - - [25/Jul/2021:09:06:11 +0800] "GET /xingrg/javascript/easyui/plugins/jquery.validatebox.js HTTP/1.1" 304 -
180.174.197.120 - - [25/Jul/2021:09:06:11 +0800] "GET /xingrg/javascript/easyui/plugins/jquery.numberbox.js HTTP/1.1" 304 -
120.253.135.82 - - [25/Jul/2021:09:06:12 +0800] "GET /xingrg/javascript/easyui/themes/default/validatebox.css HTTP/1.1" 404 1104
120.253.135.82 - - [25/Jul/2021:09:06:12 +0800] "POST /xingrg/kc/pszx/mdps_order_operate.html HTTP/1.1" 200 2285
180.174.197.120 - - [25/Jul/2021:09:06:12 +0800] "GET /xingrg/javascript/auto/indicator.gif HTTP/1.1" 404 1066
120.253.135.82 - - [25/Jul/2021:09:06:13 +0800] "POST /xingrg/kc/pszx/mdps_list_operate.html HTTP/1.1" 200 1686
114.86.225.230 - - [25/Jul/2021:09:06:15 +0800] "GET /xingrg/kc/buy/cgsh_order_operate.html?command=get_materiel&rest_code=00109&code=00101008126&supplier_code=00100005&order_time=2021-07-25 HTTP/1.1" 200 412
116.230.110.80 - - [25/Jul/2021:09:06:16 +0800] "GET /xingrg/all/function/internal_message.html?_=1627175170444&CODE_STATE=getMsg HTTP/1.1" 200 27
116.235.222.38 - - [25/Jul/2021:09:06:16 +0800] "POST /xingrg/kc/buy/cgsh_order_operate.html HTTP/1.1" 200 2065
222.70.175.207 - - [25/Jul/2021:09:06:18 +0800] "GET /xingrg/all/function/internal_message.html?_=1627175203313&CODE_STATE=getMsg HTTP/1.1" 200 27
180.169.147.146 - - [25/Jul/2021:09:06:18 +0800] "GET /xingrg/all/function/internal_message.html?_=1627175180426&CODE_STATE=getMsg HTTP/1.1" 200 27
222.70.176.145 - - [25/Jul/2021:09:06:18 +0800] "GET /xingrg/kc/buy/cgsh_order_operate.html?command=get_materiel&rest_code=00111&code=00101009118&supplier_code=00100037&order_time=2021-07-25 HTTP/1.1" 200 392
114.86.225.230 - - [25/Jul/2021:09:06:20 +0800] "GET /xingrg/kc/buy/cgsh_order_operate.html?command=get_materiel&rest_code=00109&code=00101008087&supplier_code=00100005&order_time=2021-07-25 HTTP/1.1" 200 412
222.70.175.207 - - [25/Jul/2021:09:06:22 +0800] "GET /xingrg/kc/buy/cgsh_order_operate.html?command=get_materiel&rest_code=00146&code=00101008357&supplier_code=00100005&order_time=2021-07-25 HTTP/1.1" 200 408
116.235.222.38 - - [25/Jul/2021:09:06:23 +0800] "GET /xingrg/kc/buy/cgsh_order_operate.html?command=get_materiel&rest_code=00107&code=00101008350&supplier_code=00100006&order_time=2021-07-25 HTTP/1.1" 200 408
101.83.145.79 - - [25/Jul/2021:09:06:25 +0800] "GET /xingrg/all/function/internal_message.html?_=1627175186461&CODE_STATE=getMsg HTTP/1.1" 200 27
114.86.225.230 - - [25/Jul/2021:09:06:26 +0800] "GET /xingrg/kc/buy/cgsh_order_operate.html?command=get_materiel&rest_code=00109&code=00101008361&supplier_code=00100005&order_time=2021-07-25 HTTP/1.1" 200 408
116.230.110.80 - - [25/Jul/2021:09:06:29 +0800] "GET /xingrg/check_reg.html?_=1627175183828 HTTP/1.1" 200 22
120.253.135.82 - - [25/Jul/2021:09:06:30 +0800] "POST /xingrg/kc/pszx/mdps_list_operate.html HTTP/1.1" 200 1692
120.253.135.82 - - [25/Jul/2021:09:06:31 +0800] "GET /xingrg/all/function/internal_message.html?_=1627174969824&CODE_STATE=getMsg HTTP/1.1" 200 27
120.253.135.82 - - [25/Jul/2021:09:06:31 +0800] "POST /xingrg/kc/pszx/mdps_list_operate.html HTTP/1.1" 200 212
120.253.135.82 - - [25/Jul/2021:09:06:32 +0800] "GET /xingrg/kc/pszx/mdps_order_info.html?code=312021072200565 HTTP/1.1" 200 23931
120.253.135.82 - - [25/Jul/2021:09:06:33 +0800] "POST /xingrg/kc/pszx/mdps_order_operate.html HTTP/1.1" 200 2296
120.253.135.82 - - [25/Jul/2021:09:06:33 +0800] "GET /xingrg/javascript/easyui/themes/default/validatebox.css HTTP/1.1" 404 1104
222.70.175.207 - - [25/Jul/2021:09:06:33 +0800] "GET /xingrg/kc/buy/cgsh_order_operate.html?command=get_materiel&rest_code=00146&code=00101008286&supplier_code=00100005&order_time=2021-07-25 HTTP/1.1" 200 408
180.174.197.120 - - [25/Jul/2021:09:06:35 +0800] "GET /xingrg/kc/buy/cgsh_order_operate.html?command=get_materiel&rest_code=00102&code=00101006112&supplier_code=00100096&order_time=2021-07-25 HTTP/1.1" 200 411
180.174.197.120 - - [25/Jul/2021:09:06:38 +0800] "GET /xingrg/all/function/internal_message.html?_=1627175198859&CODE_STATE=getMsg HTTP/1.1" 200 27
114.86.225.230 - - [25/Jul/2021:09:06:39 +0800] "GET /xingrg/all/function/internal_message.html?_=1627175199489&CODE_STATE=getMsg HTTP/1.1" 200 27
222.70.175.207 - - [25/Jul/2021:09:06:41 +0800] "GET /xingrg/kc/buy/cgsh_order_operate.html?command=get_materiel&rest_code=00146&code=00101008006&supplier_code=00100005&order_time=2021-07-25 HTTP/1.1" 200 416
120.253.135.82 - - [25/Jul/2021:09:06:44 +0800] "GET /xingrg/kc/pszx/mdps_order_add.html HTTP/1.1" 200 29026
120.253.135.82 - - [25/Jul/2021:09:06:45 +0800] "POST /xingrg/kc/pszx/mdps_order_operate.html HTTP/1.1" 200 7126
120.253.135.82 - - [25/Jul/2021:09:06:45 +0800] "GET /xingrg/javascript/easyui/themes/default/validatebox.css HTTP/1.1" 404 1104
114.86.225.230 - - [25/Jul/2021:09:06:48 +0800] "GET /xingrg/kc/buy/cgsh_order_operate.html?command=get_materiel&rest_code=00109&code=00101008270&supplier_code=00100005&order_time=2021-07-25 HTTP/1.1" 200 412
116.235.222.38 - - [25/Jul/2021:09:06:50 +0800] "GET /xingrg/kc/buy/cgsh_order_operate.html?command=get_materiel&rest_code=00107&code=00101008096&supplier_code=00100006&order_time=2021-07-25 HTTP/1.1" 200 412
116.237.74.182 - - [25/Jul/2021:09:06:51 +0800] "GET /xingrg/check_reg.html?_=1627175204816 HTTP/1.1" 200 22
116.237.74.182 - - [25/Jul/2021:09:06:51 +0800] "GET /xingrg/all/function/internal_message.html?_=1627175204813&CODE_STATE=getMsg HTTP/1.1" 200 27
180.174.197.120 - - [25/Jul/2021:09:06:52 +0800] "GET /xingrg/kc/buy/cgsh_order_operate.html?command=get_materiel&rest_code=00102&code=00101006019&supplier_code=00100096&order_time=2021-07-25 HTTP/1.1" 200 419
222.70.175.207 - - [25/Jul/2021:09:06:53 +0800] "GET /xingrg/kc/buy/cgsh_order_operate.html?command=get_materiel&rest_code=00146&code=00101008131&supplier_code=00100005&order_time=2021-07-25 HTTP/1.1" 200 408
114.86.225.230 - - [25/Jul/2021:09:06:53 +0800] "GET /xingrg/kc/buy/cgsh_order_operate.html?command=get_materiel&rest_code=00109&code=00101008169&supplier_code=00100005&order_time=2021-07-25 HTTP/1.1" 200 412
180.156.224.123 - - [25/Jul/2021:09:06:54 +0800] "GET /xingrg/check_reg.html?_=1627175182031 HTTP/1.1" 200 22
222.70.176.145 - - [25/Jul/2021:09:06:55 +0800] "GET /xingrg/all/function/internal_message.html?_=1627175210661&CODE_STATE=getMsg HTTP/1.1" 200 27
222.70.175.207 - - [25/Jul/2021:09:06:55 +0800] "POST /xingrg/kc/buy/cgsh_order_operate.html HTTP/1.1" 200 2065
180.156.224.123 - - [25/Jul/2021:09:06:55 +0800] "GET /xingrg/kc/buy/cgsh_order_list.html HTTP/1.1" 200 47146
180.156.224.123 - - [25/Jul/2021:09:06:56 +0800] "POST /xingrg/kc/buy/cgsh_list_operate.html HTTP/1.1" 200 876
222.70.176.145 - - [25/Jul/2021:09:06:56 +0800] "GET /xingrg/kc/buy/cgsh_order_operate.html?command=get_materiel&rest_code=00111&code=00101008418&supplier_code=00100037&order_time=2021-07-25 HTTP/1.1" 200 398
120.253.135.82 - - [25/Jul/2021:09:06:57 +0800] "POST /xingrg/all/common/load_combo.html?type=base HTTP/1.1" 200 1075
114.83.222.60 - - [25/Jul/2021:09:06:59 +0800] "GET /xingrg/all/function/internal_message.html?_=1627175217260&CODE_STATE=getMsg HTTP/1.1" 200 27
180.174.197.120 - - [25/Jul/2021:09:07:00 +0800] "GET /xingrg/all/function/internal_message.html?_=1627175191521&CODE_STATE=getMsg HTTP/1.1" 200 27
116.235.222.38 - - [25/Jul/2021:09:07:02 +0800] "GET /xingrg/all/function/internal_message.html?_=1627175222370&CODE_STATE=getMsg HTTP/1.1" 200 27
116.235.222.38 - - [25/Jul/2021:09:07:02 +0800] "GET /xingrg/check_reg.html?_=1627175222372 HTTP/1.1" 200 22
222.70.175.207 - - [25/Jul/2021:09:07:03 +0800] "GET /xingrg/kc/buy/cgsh_order_operate.html?command=get_materiel&rest_code=00146&code=00101008296&supplier_code=00100005&order_time=2021-07-25 HTTP/1.1" 200 416
180.156.224.123 - - [25/Jul/2021:09:07:04 +0800] "GET /xingrg/all/function/internal_message.html?_=1627175191828&CODE_STATE=getMsg HTTP/1.1" 200 27
120.253.135.82 - - [25/Jul/2021:09:07:04 +0800] "GET /xingrg/kc/pszx/mdps_order_operate.html?command=get_materiel&pszx_code=00101&rest_code=00147&base_code=0010246&code=00101034103 HTTP/1.1" 200 431
180.156.224.123 - - [25/Jul/2021:09:07:05 +0800] "GET /xingrg/all/function/internal_message.html?_=1627175224423&CODE_STATE=getMsg HTTP/1.1" 200 27
222.70.176.145 - - [25/Jul/2021:09:07:05 +0800] "GET /xingrg/kc/buy/cgsh_order_operate.html?command=get_materiel&rest_code=00111&code=00101009016&supplier_code=00100037&order_time=2021-07-25 HTTP/1.1" 200 412
180.156.224.123 - - [25/Jul/2021:09:07:10 +0800] "GET /xingrg/kc/buy/cgsh_order_add.html HTTP/1.1" 200 62802
114.86.225.230 - - [25/Jul/2021:09:07:10 +0800] "GET /xingrg/kc/buy/cgsh_order_operate.html?command=get_materiel&rest_code=00109&code=00101008298&supplier_code=00100005&order_time=2021-07-25 HTTP/1.1" 200 412
180.156.224.123 - - [25/Jul/2021:09:07:10 +0800] "GET /xingrg/javascript/easyui/themes/default/validatebox.css HTTP/1.1" 404 1104
180.156.224.123 - - [25/Jul/2021:09:07:10 +0800] "POST /xingrg/kc/buy/cgsh_order_operate.html HTTP/1.1" 200 8245
120.253.135.82 - - [25/Jul/2021:09:07:10 +0800] "POST /xingrg/kc/pszx/mdps_order_operate.html HTTP/1.1" 200 37
116.235.222.38 - - [25/Jul/2021:09:07:11 +0800] "POST /xingrg/kc/buy/cgsh_order_operate.html HTTP/1.1" 200 2065
120.253.135.82 - - [25/Jul/2021:09:07:11 +0800] "GET /xingrg/kc/pszx/mdps_order_info.html?code=312021072500609 HTTP/1.1" 200 23931
120.253.135.82 - - [25/Jul/2021:09:07:12 +0800] "GET /xingrg/javascript/easyui/themes/default/validatebox.css HTTP/1.1" 404 1104
120.253.135.82 - - [25/Jul/2021:09:07:12 +0800] "POST /xingrg/kc/pszx/mdps_order_operate.html HTTP/1.1" 200 2285
222.70.175.207 - - [25/Jul/2021:09:07:12 +0800] "GET /xingrg/kc/buy/cgsh_order_operate.html?command=get_materiel&rest_code=00146&code=00101008353&supplier_code=00100005&order_time=2021-07-25 HTTP/1.1" 200 408
120.253.135.82 - - [25/Jul/2021:09:07:13 +0800] "POST /xingrg/kc/pszx/mdps_list_operate.html HTTP/1.1" 200 2061
120.253.135.82 - - [25/Jul/2021:09:07:14 +0800] "POST /xingrg/kc/pszx/mdps_list_operate.html HTTP/1.1" 200 212
120.253.135.82 - - [25/Jul/2021:09:07:15 +0800] "POST /xingrg/kc/pszx/mdps_list_operate.html HTTP/1.1" 200 211
116.230.110.80 - - [25/Jul/2021:09:07:16 +0800] "GET /xingrg/all/function/internal_message.html?_=1627175230438&CODE_STATE=getMsg HTTP/1.1" 200 27
120.253.135.82 - - [25/Jul/2021:09:07:16 +0800] "GET /xingrg/kc/pszx/mdps_order_info.html?code=312021072500609 HTTP/1.1" 200 23931
120.253.135.82 - - [25/Jul/2021:09:07:16 +0800] "GET /xingrg/javascript/easyui/themes/default/validatebox.css HTTP/1.1" 404 1104
120.253.135.82 - - [25/Jul/2021:09:07:16 +0800] "POST /xingrg/kc/pszx/mdps_order_operate.html HTTP/1.1" 200 2285
222.70.175.207 - - [25/Jul/2021:09:07:18 +0800] "GET /xingrg/check_reg.html?_=1627175263258 HTTP/1.1" 200 22
222.70.175.207 - - [25/Jul/2021:09:07:18 +0800] "GET /xingrg/all/function/internal_message.html?_=1627175263361&CODE_STATE=getMsg HTTP/1.1" 200 27
