180.162.115.163 - - [25/Jul/2021:10:53:14 +0800] "GET /favicon.ico HTTP/1.1" 404 -
180.162.115.163 - - [25/Jul/2021:10:53:14 +0800] "GET /xingrg/login.html HTTP/1.1" 200 7641
114.86.225.230 - - [25/Jul/2021:10:53:14 +0800] "GET /xingrg/kc/print/load_config.html?kc_code=cgsh HTTP/1.1" 200 1845
180.162.115.163 - - [25/Jul/2021:10:53:14 +0800] "GET /xingrg/images/blue/jxLogo.png HTTP/1.1" 200 6156
114.86.225.230 - - [25/Jul/2021:10:53:14 +0800] "GET /xingrg/kc/print/load_data.html?order_code=212021072511718&kc_code=cgsh&condition= HTTP/1.1" 200 662
120.253.135.82 - - [25/Jul/2021:10:53:15 +0800] "POST /xingrg/kc/buy/cgsh_order_operate.html HTTP/1.1" 200 12
120.253.135.82 - - [25/Jul/2021:10:53:17 +0800] "GET /xingrg/kc/buy/cgsh_order_info.html?code=212021072511712 HTTP/1.1" 200 56837
120.253.135.82 - - [25/Jul/2021:10:53:17 +0800] "GET /xingrg/javascript/easyui/themes/default/validatebox.css HTTP/1.1" 404 1104
114.86.225.230 - - [25/Jul/2021:10:53:17 +0800] "GET /xingrg/kc/buy/cgsh_order_add.html HTTP/1.1" 200 62919
120.253.135.82 - - [25/Jul/2021:10:53:18 +0800] "GET /xingrg/all/function/internal_message.html?_=1627181376763&CODE_STATE=getMsg HTTP/1.1" 200 27
114.86.225.230 - - [25/Jul/2021:10:53:18 +0800] "POST /xingrg/kc/buy/cgsh_order_operate.html HTTP/1.1" 200 8245
114.86.225.230 - - [25/Jul/2021:10:53:18 +0800] "GET /xingrg/all/common/auto_word.html?type=employee&rest_code=00109 HTTP/1.1" 200 255
114.86.225.230 - - [25/Jul/2021:10:53:18 +0800] "GET /xingrg/all/common/auto_word.html?type=employee&rest_code=00109 HTTP/1.1" 200 255
114.86.225.230 - - [25/Jul/2021:10:53:18 +0800] "GET /xingrg/javascript/easyui/themes/default/validatebox.css HTTP/1.1" 404 1104
120.253.135.82 - - [25/Jul/2021:10:53:18 +0800] "POST /xingrg/kc/buy/cgsh_order_operate.html HTTP/1.1" 200 1245
180.162.115.163 - - [25/Jul/2021:10:53:19 +0800] "GET /xingrg/images/blue/login_bg.png HTTP/1.1" 200 22101
180.162.115.163 - - [25/Jul/2021:10:53:19 +0800] "GET /xingrg/images/blue/hj.png HTTP/1.1" 200 1014
180.162.115.163 - - [25/Jul/2021:10:53:19 +0800] "GET /xingrg/images/blue/srbg.png HTTP/1.1" 200 138
180.162.115.163 - - [25/Jul/2021:10:53:19 +0800] "GET /favicon.ico HTTP/1.1" 404 -
120.253.135.82 - - [25/Jul/2021:10:53:23 +0800] "GET /xingrg/kc/pszx/mdqp_order_list.html?state=10 HTTP/1.1" 200 10653
120.253.135.82 - - [25/Jul/2021:10:53:23 +0800] "GET /xingrg/dwr/interface/AjaxQqpsService.js HTTP/1.1" 200 16326
120.253.135.82 - - [25/Jul/2021:10:53:23 +0800] "GET /xingrg/dwr/interface/AjaxReportQueryService.js HTTP/1.1" 200 13203
120.253.135.82 - - [25/Jul/2021:10:53:23 +0800] "GET /xingrg/dwr/engine.js HTTP/1.1" 200 43631
101.83.145.79 - - [25/Jul/2021:10:53:23 +0800] "GET /xingrg/all/function/internal_message.html?_=1627181566653&CODE_STATE=getMsg HTTP/1.1" 200 27
180.174.197.120 - - [25/Jul/2021:10:53:25 +0800] "GET /xingrg/all/function/internal_message.html?_=1627181576041&CODE_STATE=getMsg HTTP/1.1" 200 27
222.70.175.207 - - [25/Jul/2021:10:53:25 +0800] "POST /xingrg/kc/buy/cgsh_order_operate.html HTTP/1.1" 200 37
120.253.135.82 - - [25/Jul/2021:10:53:25 +0800] "POST /xingrg/kc/buy/cgsh_list_operate.html HTTP/1.1" 200 876
120.253.135.82 - - [25/Jul/2021:10:53:26 +0800] "GET /xingrg/kc/buy/cgsh_order_list.html HTTP/1.1" 200 47140
114.86.225.230 - - [25/Jul/2021:10:53:26 +0800] "GET /xingrg/kc/buy/cgsh_order_operate.html?command=get_materiel&rest_code=00109&code=00101002007&supplier_code=00100442&order_time=2021-07-25 HTTP/1.1" 200 409
101.85.94.150 - - [25/Jul/2021:10:53:26 +0800] "GET /xingrg/all/function/internal_message.html?_=1627181598402&CODE_STATE=getMsg HTTP/1.1" 200 27
120.253.135.82 - - [25/Jul/2021:10:53:26 +0800] "POST /xingrg/kc/buy/cgsh_list_operate.html HTTP/1.1" 200 876
222.70.175.207 - - [25/Jul/2021:10:53:27 +0800] "POST /xingrg/kc/buy/cgsh_order_operate.html HTTP/1.1" 200 2664
116.230.110.80 - - [25/Jul/2021:10:53:28 +0800] "GET /favicon.ico HTTP/1.1" 404 -
180.169.147.146 - - [25/Jul/2021:10:53:28 +0800] "GET /xingrg/kc/buy/cgsh_order_operate.html?command=get_materiel&rest_code=00147&code=00101002016&supplier_code=00100454&order_time=2021-07-25 HTTP/1.1" 200 413
222.70.175.207 - - [25/Jul/2021:10:53:30 +0800] "GET /xingrg/kc/print/load_data.html?order_code=212021072511719&kc_code=cgsh&condition= HTTP/1.1" 200 685
58.37.225.51 - - [25/Jul/2021:10:53:30 +0800] "GET /xingrg/kc/buy/cgsh_order_operate.html?command=get_materiel&rest_code=00141&code=00101008318&supplier_code=00100007&order_time=2021-07-25 HTTP/1.1" 200 408
222.70.175.207 - - [25/Jul/2021:10:53:32 +0800] "GET /xingrg/all/function/internal_message.html?_=1627181638078&CODE_STATE=getMsg HTTP/1.1" 200 27
114.86.225.230 - - [25/Jul/2021:10:53:32 +0800] "GET /xingrg/kc/buy/cgsh_order_operate.html?command=get_materiel&rest_code=00109&code=00101006160&supplier_code=00100442&order_time=2021-07-25 HTTP/1.1" 200 417
180.169.147.146 - - [25/Jul/2021:10:53:36 +0800] "GET /xingrg/kc/buy/cgsh_order_operate.html?command=get_materiel&rest_code=00147&code=00101002027&supplier_code=00100454&order_time=2021-07-25 HTTP/1.1" 200 413
116.235.222.38 - - [25/Jul/2021:10:53:38 +0800] "GET /xingrg/all/function/internal_message.html?_=1627181618017&CODE_STATE=getMsg HTTP/1.1" 200 27
58.37.225.51 - - [25/Jul/2021:10:53:38 +0800] "GET /xingrg/kc/buy/cgsh_order_operate.html?command=get_materiel&rest_code=00141&code=00101008371&supplier_code=00100007&order_time=2021-07-25 HTTP/1.1" 200 412
58.37.225.51 - - [25/Jul/2021:10:53:38 +0800] "GET /xingrg/all/function/internal_message.html?_=1627181542318&CODE_STATE=getMsg HTTP/1.1" 200 27
116.230.110.80 - - [25/Jul/2021:10:53:39 +0800] "GET /xingrg/login.html HTTP/1.1" 200 7641
114.86.225.230 - - [25/Jul/2021:10:53:39 +0800] "GET /xingrg/all/function/internal_message.html?_=1627181619775&CODE_STATE=getMsg HTTP/1.1" 200 27
114.86.225.230 - - [25/Jul/2021:10:53:39 +0800] "GET /xingrg/check_reg.html?_=1627181619780 HTTP/1.1" 200 22
101.83.241.165 - - [25/Jul/2021:10:53:40 +0800] "GET /xingrg/javascript/auto/indicator.gif HTTP/1.1" 404 1066
101.83.241.165 - - [25/Jul/2021:10:53:40 +0800] "GET /xingrg/all/function/internal_message.html?_=1627181622353&CODE_STATE=getMsg HTTP/1.1" 200 27
116.230.110.80 - - [25/Jul/2021:10:53:41 +0800] "GET /favicon.ico HTTP/1.1" 404 -
101.83.145.79 - - [25/Jul/2021:10:53:41 +0800] "GET /xingrg/all/function/internal_message.html?_=1627181622110&CODE_STATE=getMsg HTTP/1.1" 200 27
101.83.145.79 - - [25/Jul/2021:10:53:41 +0800] "GET /xingrg/check_reg.html?_=1627181622380 HTTP/1.1" 200 22
180.169.147.146 - - [25/Jul/2021:10:53:42 +0800] "GET /xingrg/all/function/internal_message.html?_=1627181621730&CODE_STATE=getMsg HTTP/1.1" 200 27
222.70.175.207 - - [25/Jul/2021:10:53:43 +0800] "GET /xingrg/kc/buy/cgsh_order_add.html HTTP/1.1" 200 62884
222.70.175.207 - - [25/Jul/2021:10:53:44 +0800] "POST /xingrg/kc/buy/cgsh_order_operate.html HTTP/1.1" 200 8245
222.70.175.207 - - [25/Jul/2021:10:53:45 +0800] "GET /xingrg/javascript/easyui/themes/default/validatebox.css HTTP/1.1" 404 1104
114.86.225.230 - - [25/Jul/2021:10:53:45 +0800] "POST /xingrg/kc/buy/cgsh_order_operate.html HTTP/1.1" 200 37
180.156.224.123 - - [25/Jul/2021:10:53:46 +0800] "GET /xingrg/all/function/internal_message.html?_=1627181625461&CODE_STATE=getMsg HTTP/1.1" 200 27
58.37.225.51 - - [25/Jul/2021:10:53:46 +0800] "GET /xingrg/kc/buy/cgsh_order_operate.html?command=get_materiel&rest_code=00141&code=00101008005&supplier_code=00100007&order_time=2021-07-25 HTTP/1.1" 200 412
114.86.225.230 - - [25/Jul/2021:10:53:46 +0800] "POST /xingrg/kc/buy/cgsh_order_operate.html HTTP/1.1" 200 3251
114.86.225.230 - - [25/Jul/2021:10:53:47 +0800] "GET /xingrg/kc/print/load_config.html?kc_code=cgsh HTTP/1.1" 200 1845
114.86.225.230 - - [25/Jul/2021:10:53:47 +0800] "GET /xingrg/kc/print/load_data.html?order_code=212021072511720&kc_code=cgsh&condition= HTTP/1.1" 200 892
58.40.7.146 - - [25/Jul/2021:10:53:49 +0800] "GET /xingrg/check_reg.html?_=1627181629509 HTTP/1.1" 302 -
114.86.225.230 - - [25/Jul/2021:10:53:50 +0800] "GET /xingrg/kc/buy/cgsh_order_add.html HTTP/1.1" 200 62919
114.86.225.230 - - [25/Jul/2021:10:53:50 +0800] "POST /xingrg/kc/buy/cgsh_order_operate.html HTTP/1.1" 200 8245
114.86.225.230 - - [25/Jul/2021:10:53:50 +0800] "GET /xingrg/all/common/auto_word.html?type=employee&rest_code=00109 HTTP/1.1" 200 255
114.86.225.230 - - [25/Jul/2021:10:53:50 +0800] "GET /xingrg/all/common/auto_word.html?type=employee&rest_code=00109 HTTP/1.1" 200 255
114.86.225.230 - - [25/Jul/2021:10:53:50 +0800] "GET /xingrg/javascript/easyui/themes/default/validatebox.css HTTP/1.1" 404 1104
180.169.147.146 - - [25/Jul/2021:10:53:53 +0800] "GET /xingrg/kc/buy/cgsh_order_operate.html?command=get_materiel&rest_code=00147&code=00101006161&supplier_code=00100454&order_time=2021-07-25 HTTP/1.1" 200 409
116.230.110.80 - - [25/Jul/2021:10:53:54 +0800] "POST /xingrg/login.do HTTP/1.1" 302 -
116.230.110.80 - - [25/Jul/2021:10:53:54 +0800] "GET /xingrg/index.html?sysBaseUrl=http%3A%2F%2F180.169.147.146%3A18081%2Fxingrg%2F&costTime=40×tamp=1627181634249 HTTP/1.1" 200 17179
58.37.225.51 - - [25/Jul/2021:10:53:54 +0800] "GET /xingrg/kc/buy/cgsh_order_operate.html?command=get_materiel&rest_code=00141&code=00101008353&supplier_code=00100007&order_time=2021-07-25 HTTP/1.1" 200 408
116.230.110.80 - - [25/Jul/2021:10:53:54 +0800] "GET /favicon.ico HTTP/1.1" 404 -
116.230.110.80 - - [25/Jul/2021:10:53:54 +0800] "POST /xingrg/all/common/load_tree.html?tree=area_rest_tree_json&manage=1 HTTP/1.1" 200 351
116.230.110.80 - - [25/Jul/2021:10:53:54 +0800] "GET /xingrg/all/function/internal_message.html?_=1627181628586&CODE_STATE=count HTTP/1.1" 200 11
116.230.110.80 - - [25/Jul/2021:10:53:54 +0800] "GET /xingrg/check_reg.html?_=1627181628586 HTTP/1.1" 200 22
116.230.110.80 - - [25/Jul/2021:10:53:54 +0800] "POST /xingrg/load_menu.html HTTP/1.1" 200 5138
116.237.74.182 - - [25/Jul/2021:10:53:55 +0800] "GET /xingrg/all/function/internal_message.html?_=1627181628786&CODE_STATE=getMsg HTTP/1.1" 200 27
116.230.110.80 - - [25/Jul/2021:10:53:57 +0800] "GET /xingrg/kc/buy/cgsh_order_list.html HTTP/1.1" 200 47146
180.169.147.146 - - [25/Jul/2021:10:53:57 +0800] "GET /xingrg/all/function/internal_message.html?_=1627181636396&CODE_STATE=getMsg HTTP/1.1" 200 27
58.37.225.51 - - [25/Jul/2021:10:53:57 +0800] "POST /xingrg/kc/buy/cgsh_order_operate.html HTTP/1.1" 200 2065
180.174.197.120 - - [25/Jul/2021:10:53:57 +0800] "GET /xingrg/all/function/internal_message.html?_=1627181637874&CODE_STATE=getMsg HTTP/1.1" 200 27
114.83.222.60 - - [25/Jul/2021:10:53:58 +0800] "GET /xingrg/all/function/internal_message.html?_=1627181636016&CODE_STATE=getMsg HTTP/1.1" 200 27
114.86.225.230 - - [25/Jul/2021:10:53:58 +0800] "GET /xingrg/kc/buy/cgsh_order_operate.html?command=get_materiel&rest_code=00109&code=00101004059&supplier_code=00100312&order_time=2021-07-25 HTTP/1.1" 200 413
116.230.110.80 - - [25/Jul/2021:10:53:58 +0800] "POST /xingrg/kc/buy/cgsh_list_operate.html HTTP/1.1" 200 876
180.162.115.163 - - [25/Jul/2021:10:53:59 +0800] "GET /xingrg HTTP/1.1" 302 -
116.237.74.182 - - [25/Jul/2021:10:53:59 +0800] "GET /xingrg/all/function/internal_message.html?_=1627181638301&CODE_STATE=getMsg HTTP/1.1" 200 27
180.162.115.163 - - [25/Jul/2021:10:53:59 +0800] "GET /xingrg/index.html HTTP/1.1" 302 -
180.162.115.163 - - [25/Jul/2021:10:53:59 +0800] "GET /xingrg/login.html HTTP/1.1" 200 7641
180.162.115.163 - - [25/Jul/2021:10:53:59 +0800] "GET /favicon.ico HTTP/1.1" 404 -
116.237.74.182 - - [25/Jul/2021:10:53:59 +0800] "GET /xingrg/check_reg.html?_=1627181638555 HTTP/1.1" 200 22
180.162.115.163 - - [25/Jul/2021:10:54:00 +0800] "GET /favicon.ico HTTP/1.1" 404 -
222.70.176.145 - - [25/Jul/2021:10:54:01 +0800] "GET /xingrg/all/function/internal_message.html?_=1627181638627&CODE_STATE=getMsg HTTP/1.1" 200 27
222.70.175.207 - - [25/Jul/2021:10:54:01 +0800] "GET /xingrg/kc/buy/cgsh_order_operate.html?command=get_materiel&rest_code=00146&code=00101037239&supplier_code=00100266&order_time=2021-07-25 HTTP/1.1" 200 396
101.83.241.165 - - [25/Jul/2021:10:54:01 +0800] "GET /xingrg/kc/buy/cgsh_order_operate.html?command=get_materiel&rest_code=00154&code=00101007068&supplier_code=00100171&order_time=2021-07-25 HTTP/1.1" 200 409
120.253.135.82 - - [25/Jul/2021:10:54:02 +0800] "GET /xingrg/check_reg.html?_=1627181421577 HTTP/1.1" 200 22
58.37.225.51 - - [25/Jul/2021:10:54:03 +0800] "GET /xingrg/kc/buy/cgsh_order_operate.html?command=get_materiel&rest_code=00141&code=00101008213&supplier_code=00100007&order_time=2021-07-25 HTTP/1.1" 200 412
180.156.224.123 - - [25/Jul/2021:10:54:05 +0800] "GET /xingrg/all/function/internal_message.html?_=1627181613285&CODE_STATE=getMsg HTTP/1.1" 200 27
114.86.225.230 - - [25/Jul/2021:10:54:06 +0800] "GET /xingrg/kc/buy/cgsh_order_operate.html?command=get_materiel&rest_code=00109&code=00101001156&supplier_code=00100312&order_time=2021-07-25 HTTP/1.1" 200 409
116.230.110.80 - - [25/Jul/2021:10:54:08 +0800] "GET /xingrg/kc/buy/cgsh_order_add.html HTTP/1.1" 200 62846
116.230.110.80 - - [25/Jul/2021:10:54:08 +0800] "GET /xingrg/words/20210724164955_words.js HTTP/1.1" 304 -
116.230.110.80 - - [25/Jul/2021:10:54:08 +0800] "POST /xingrg/kc/buy/cgsh_order_operate.html HTTP/1.1" 200 8245
116.230.110.80 - - [25/Jul/2021:10:54:08 +0800] "GET /xingrg/all/common/auto_word.html?type=employee&rest_code=00155 HTTP/1.1" 200 205
116.230.110.80 - - [25/Jul/2021:10:54:08 +0800] "GET /xingrg/all/common/auto_word.html?type=employee&rest_code=00155 HTTP/1.1" 200 205
116.230.110.80 - - [25/Jul/2021:10:54:08 +0800] "GET /xingrg/javascript/easyui/themes/default/validatebox.css HTTP/1.1" 404 1104
116.230.110.80 - - [25/Jul/2021:10:54:10 +0800] "GET /xingrg/javascript/auto/indicator.gif HTTP/1.1" 404 1066
116.230.110.80 - - [25/Jul/2021:10:54:13 +0800] "GET /xingrg/javascript/jquery_tools/images/prev.gif HTTP/1.1" 404 1086
116.230.110.80 - - [25/Jul/2021:10:54:13 +0800] "GET /xingrg/javascript/jquery_tools/images/next.gif HTTP/1.1" 404 1086
180.174.197.120 - - [25/Jul/2021:10:54:14 +0800] "GET /xingrg/kc/buy/cgsh_order_operate.html?command=get_materiel&rest_code=00102&code=00101010161&supplier_code=00100151&order_time=2021-07-25 HTTP/1.1" 200 431
180.162.115.163 - - [25/Jul/2021:10:54:14 +0800] "POST /xingrg/login.do HTTP/1.1" 302 -
180.162.115.163 - - [25/Jul/2021:10:54:14 +0800] "GET /xingrg/index.html?sysBaseUrl=http%3A%2F%2F180.169.147.146%3A18081%2Fxingrg%2F&costTime=36×tamp=1627181654545 HTTP/1.1" 200 17179
180.162.115.163 - - [25/Jul/2021:10:54:14 +0800] "GET /xingrg/css/form.css HTTP/1.1" 200 893
180.162.115.163 - - [25/Jul/2021:10:54:14 +0800] "GET /xingrg/javascript/jquery_easy_ui/jquery.easyui.min.js HTTP/1.1" 200 213662
180.162.115.163 - - [25/Jul/2021:10:54:14 +0800] "GET /xingrg/javascript/jquery_easy_ui/easyui-lang-zh_CN.js HTTP/1.1" 200 1900
180.162.115.163 - - [25/Jul/2021:10:54:14 +0800] "GET /xingrg/javascript/jquery.timers.js HTTP/1.1" 200 3532
180.162.115.163 - - [25/Jul/2021:10:54:14 +0800] "GET /xingrg/javascript/jquery.form.js HTTP/1.1" 200 23110
180.162.115.163 - - [25/Jul/2021:10:54:14 +0800] "GET /favicon.ico HTTP/1.1" 404 -
180.162.115.163 - - [25/Jul/2021:10:54:14 +0800] "GET /xingrg/javascript/jquery_easy_ui/themes/icons/settle_new.png HTTP/1.1" 200 826
180.162.115.163 - - [25/Jul/2021:10:54:14 +0800] "GET /xingrg/images/blue/navBackgound.jpg HTTP/1.1" 200 12378
180.162.115.163 - - [25/Jul/2021:10:54:14 +0800] "POST /xingrg/all/common/load_tree.html?tree=area_rest_tree_json&manage=1 HTTP/1.1" 200 351
180.169.147.146 - - [25/Jul/2021:10:54:14 +0800] "GET /xingrg/kc/buy/cgsh_order_operate.html?command=get_materiel&rest_code=00147&code=00101001075&supplier_code=00100454&order_time=2021-07-25 HTTP/1.1" 200 409
180.162.115.163 - - [25/Jul/2021:10:54:14 +0800] "GET /xingrg/all/function/internal_message.html?_=1627181286228&CODE_STATE=count HTTP/1.1" 200 11
180.162.115.163 - - [25/Jul/2021:10:54:14 +0800] "GET /xingrg/check_reg.html?_=1627181286229 HTTP/1.1" 200 22
180.162.115.163 - - [25/Jul/2021:10:54:14 +0800] "GET /xingrg/images/blue/pingpu.png HTTP/1.1" 200 231
114.86.225.230 - - [25/Jul/2021:10:54:15 +0800] "GET /xingrg/kc/buy/cgsh_order_operate.html?command=get_materiel&rest_code=00109&code=00101001047&supplier_code=00100312&order_time=2021-07-25 HTTP/1.1" 200 421
180.162.115.163 - - [25/Jul/2021:10:54:15 +0800] "GET /xingrg/javascript/jquery_easy_ui/themes/default/images/tabs_leftarrow.png HTTP/1.1" 200 389
180.162.115.163 - - [25/Jul/2021:10:54:15 +0800] "GET /xingrg/javascript/jquery_easy_ui/themes/default/images/panel_tool_collapse.gif HTTP/1.1" 200 246
180.162.115.163 - - [25/Jul/2021:10:54:15 +0800] "GET /xingrg/javascript/jquery_easy_ui/themes/default/images/tabs_rightarrow.png HTTP/1.1" 200 395
180.162.115.163 - - [25/Jul/2021:10:54:15 +0800] "POST /xingrg/load_menu.html HTTP/1.1" 200 5138
180.162.115.163 - - [25/Jul/2021:10:54:15 +0800] "GET /xingrg/javascript/jquery_easy_ui/themes/default/images/tree_arrows.gif HTTP/1.1" 200 1043
180.162.115.163 - - [25/Jul/2021:10:54:15 +0800] "GET /xingrg/javascript/jquery_easy_ui/themes/icons/search_new.png HTTP/1.1" 200 586
180.162.115.163 - - [25/Jul/2021:10:54:15 +0800] "GET /xingrg/javascript/jquery_easy_ui/themes/default/images/tree_folder_open.gif HTTP/1.1" 200 956
180.162.115.163 - - [25/Jul/2021:10:54:15 +0800] "GET /xingrg/javascript/jquery_easy_ui/themes/default/images/tree_folder.gif HTTP/1.1" 200 952
180.162.115.163 - - [25/Jul/2021:10:54:15 +0800] "GET /xingrg/javascript/jquery_easy_ui/themes/icons/storage_new.png HTTP/1.1" 200 853
180.162.115.163 - - [25/Jul/2021:10:54:15 +0800] "GET /xingrg/javascript/jquery_easy_ui/themes/icons/forms_new.png HTTP/1.1" 200 350
180.162.115.163 - - [25/Jul/2021:10:54:15 +0800] "GET /xingrg/javascript/jquery_easy_ui/themes/default/images/tree_file.gif HTTP/1.1" 200 118
58.37.225.51 - - [25/Jul/2021:10:54:15 +0800] "GET /xingrg/kc/buy/cgsh_order_operate.html?command=get_materiel&rest_code=00141&code=00101008283&supplier_code=00100007&order_time=2021-07-25 HTTP/1.1" 200 408
222.70.175.207 - - [25/Jul/2021:10:54:15 +0800] "GET /xingrg/kc/buy/cgsh_order_operate.html?command=get_materiel&rest_code=00146&code=00101016081&supplier_code=00100266&order_time=2021-07-25 HTTP/1.1" 200 447
180.162.115.163 - - [25/Jul/2021:10:54:17 +0800] "GET /xingrg/kc/base/base_main.html HTTP/1.1" 200 12142
120.253.135.82 - - [25/Jul/2021:10:54:18 +0800] "GET /xingrg/all/function/internal_message.html?_=1627181436777&CODE_STATE=getMsg HTTP/1.1" 200 27
116.230.110.80 - - [25/Jul/2021:10:54:18 +0800] "GET /xingrg/kc/buy/cgsh_order_operate.html?command=get_materiel&rest_code=00155&code=00101008149&supplier_code=00100005&order_time=2021-07-25 HTTP/1.1" 200 408
180.162.115.163 - - [25/Jul/2021:10:54:19 +0800] "GET /xingrg/kc/base/yddb_order_list.html HTTP/1.1" 200 16757
180.162.115.163 - - [25/Jul/2021:10:54:20 +0800] "POST /xingrg/kc/base/yddb_list_operate.html HTTP/1.1" 200 636
114.86.225.230 - - [25/Jul/2021:10:54:21 +0800] "GET /xingrg/kc/buy/cgsh_order_operate.html?command=get_materiel&rest_code=00109&code=00101001045&supplier_code=00100312&order_time=2021-07-25 HTTP/1.1" 200 423
58.37.225.51 - - [25/Jul/2021:10:54:23 +0800] "GET /xingrg/kc/buy/cgsh_order_operate.html?command=get_materiel&rest_code=00141&code=00101023033&supplier_code=00100007&order_time=2021-07-25 HTTP/1.1" 200 395
101.83.145.79 - - [25/Jul/2021:10:54:23 +0800] "GET /xingrg/all/function/internal_message.html?_=1627181626654&CODE_STATE=getMsg HTTP/1.1" 200 27
180.174.197.120 - - [25/Jul/2021:10:54:25 +0800] "GET /xingrg/all/function/internal_message.html?_=1627181636047&CODE_STATE=getMsg HTTP/1.1" 200 27
116.230.110.80 - - [25/Jul/2021:10:54:25 +0800] "GET /xingrg/kc/buy/cgsh_order_operate.html?command=get_materiel&rest_code=00155&code=00101008358&supplier_code=00100005&order_time=2021-07-25 HTTP/1.1" 200 412
116.237.74.182 - - [25/Jul/2021:10:54:25 +0800] "POST /xingrg/kc/buy/cgsh_list_operate.html HTTP/1.1" 200 5950
116.237.74.182 - - [25/Jul/2021:10:54:25 +0800] "GET /xingrg/kc/buy/buy_main.html HTTP/1.1" 200 12412
116.237.74.182 - - [25/Jul/2021:10:54:25 +0800] "GET /xingrg/css/new_ie.css HTTP/1.1" 404 1036
101.85.94.150 - - [25/Jul/2021:10:54:26 +0800] "GET /xingrg/all/function/internal_message.html?_=1627181658370&CODE_STATE=getMsg HTTP/1.1" 200 27
180.162.115.163 - - [25/Jul/2021:10:54:26 +0800] "POST /xingrg/kc/base/yddb_list_operate.html HTTP/1.1" 200 3904
116.237.74.182 - - [25/Jul/2021:10:54:27 +0800] "GET /xingrg/images/yd/bt.gif HTTP/1.1" 404 1040
116.237.74.182 - - [25/Jul/2021:10:54:27 +0800] "GET /xingrg/kc/buy/cgsh_order_list.html HTTP/1.1" 200 47140
180.169.147.146 - - [25/Jul/2021:10:54:27 +0800] "POST /xingrg/kc/buy/cgsh_order_operate.html HTTP/1.1" 200 37
222.70.175.207 - - [25/Jul/2021:10:54:29 +0800] "GET /xingrg/kc/buy/cgsh_order_operate.html?command=get_materiel&rest_code=00146&code=00101006061&supplier_code=00100266&order_time=2021-07-25 HTTP/1.1" 200 409
116.237.74.182 - - [25/Jul/2021:10:54:29 +0800] "POST /xingrg/kc/buy/cgsh_list_operate.html HTTP/1.1" 200 2052
180.162.115.163 - - [25/Jul/2021:10:54:30 +0800] "POST /xingrg/kc/base/yddb_list_operate.html HTTP/1.1" 200 602
180.162.115.163 - - [25/Jul/2021:10:54:31 +0800] "GET /xingrg/kc/base/yddb_order_info.html?code=482021072400150 HTTP/1.1" 200 29692
180.162.115.163 - - [25/Jul/2021:10:54:31 +0800] "GET /xingrg/dwr/interface/AjaxComOrderService.js HTTP/1.1" 200 18264
180.162.115.163 - - [25/Jul/2021:10:54:31 +0800] "GET /xingrg/dwr/interface/AjaxYddbService.js HTTP/1.1" 200 13201
180.162.115.163 - - [25/Jul/2021:10:54:31 +0800] "GET /xingrg/javascript/AjaxInfoList.js HTTP/1.1" 200 3774
180.162.115.163 - - [25/Jul/2021:10:54:31 +0800] "GET /xingrg/javascript/Grid.js HTTP/1.1" 200 58908
180.162.115.163 - - [25/Jul/2021:10:54:31 +0800] "GET /xingrg/javascript/Calendar.js HTTP/1.1" 200 31561
180.162.115.163 - - [25/Jul/2021:10:54:31 +0800] "GET /xingrg/javascript/checkform.js HTTP/1.1" 200 18351
180.162.115.163 - - [25/Jul/2021:10:54:31 +0800] "GET /xingrg/dwr/util.js HTTP/1.1" 200 35990
180.162.115.163 - - [25/Jul/2021:10:54:31 +0800] "GET /xingrg/dwr/engine.js HTTP/1.1" 200 43631
180.162.115.163 - - [25/Jul/2021:10:54:31 +0800] "GET /xingrg/images/blue/wait.gif HTTP/1.1" 200 1100
180.162.115.163 - - [25/Jul/2021:10:54:31 +0800] "GET /xingrg/javascript/jquery_easy_ui/themes/icons/back_new.png HTTP/1.1" 200 3414
180.162.115.163 - - [25/Jul/2021:10:54:31 +0800] "GET /xingrg/javascript/jquery_easy_ui/themes/default/images/menu_downarrow.png HTTP/1.1" 200 173
180.162.115.163 - - [25/Jul/2021:10:54:31 +0800] "GET /xingrg/javascript/jquery_easy_ui/themes/icons/edit_add_new.png HTTP/1.1" 200 2997
180.162.115.163 - - [25/Jul/2021:10:54:31 +0800] "GET /xingrg/javascript/jquery_easy_ui/themes/icons/print.png HTTP/1.1" 200 1057
180.162.115.163 - - [25/Jul/2021:10:54:31 +0800] "GET /xingrg/javascript/jquery_easy_ui/themes/icons/check_new.png HTTP/1.1" 200 3224
180.162.115.163 - - [25/Jul/2021:10:54:31 +0800] "GET /xingrg/images/blue/kc_tab_left.gif HTTP/1.1" 200 188
180.162.115.163 - - [25/Jul/2021:10:54:31 +0800] "GET /xingrg/images/blue/kc_tab_mid.gif HTTP/1.1" 200 44
180.162.115.163 - - [25/Jul/2021:10:54:31 +0800] "GET /xingrg/images/blue/kc_tab_right.gif HTTP/1.1" 200 643
180.169.147.146 - - [25/Jul/2021:10:54:31 +0800] "POST /xingrg/kc/buy/cgsh_order_operate.html HTTP/1.1" 200 5013
180.162.115.163 - - [25/Jul/2021:10:54:31 +0800] "POST /xingrg/dwr/call/plaincall/AjaxYddbService.loadMaterielItems.dwr HTTP/1.1" 200 5148
116.237.74.182 - - [25/Jul/2021:10:54:32 +0800] "POST /xingrg/kc/buy/cgsh_list_operate.html HTTP/1.1" 200 568
116.230.110.80 - - [25/Jul/2021:10:54:32 +0800] "GET /xingrg/kc/buy/cgsh_order_operate.html?command=get_materiel&rest_code=00155&code=00101008087&supplier_code=00100005&order_time=2021-07-25 HTTP/1.1" 200 412
116.237.74.182 - - [25/Jul/2021:10:54:32 +0800] "GET /xingrg/kc/buy/cgsh_order_info.html?code=212021072511536 HTTP/1.1" 200 62883
222.70.175.207 - - [25/Jul/2021:10:54:32 +0800] "GET /xingrg/all/function/internal_message.html?_=1627181698092&CODE_STATE=getMsg HTTP/1.1" 200 27
116.237.74.182 - - [25/Jul/2021:10:54:32 +0800] "GET /xingrg/javascript/easyui/themes/default/validatebox.css HTTP/1.1" 404 1104
116.237.74.182 - - [25/Jul/2021:10:54:33 +0800] "POST /xingrg/kc/buy/cgsh_order_operate.html HTTP/1.1" 200 6806
116.235.222.38 - - [25/Jul/2021:10:54:37 +0800] "GET /xingrg/all/function/internal_message.html?_=1627181678007&CODE_STATE=getMsg HTTP/1.1" 200 27
58.37.225.51 - - [25/Jul/2021:10:54:38 +0800] "GET /xingrg/kc/buy/cgsh_order_operate.html?command=get_materiel&rest_code=00141&code=00101008173&supplier_code=00100007&order_time=2021-07-25 HTTP/1.1" 200 412
58.37.225.51 - - [25/Jul/2021:10:54:38 +0800] "GET /xingrg/all/function/internal_message.html?_=1627181602363&CODE_STATE=getMsg HTTP/1.1" 200 27
116.237.74.182 - - [25/Jul/2021:10:54:39 +0800] "POST /xingrg/kc/buy/cgsh_list_operate.html HTTP/1.1" 200 565
116.230.110.80 - - [25/Jul/2021:10:54:39 +0800] "GET /xingrg/kc/buy/cgsh_order_operate.html?command=get_materiel&rest_code=00155&code=00101008357&supplier_code=00100005&order_time=2021-07-25 HTTP/1.1" 200 408
114.86.225.230 - - [25/Jul/2021:10:54:39 +0800] "GET /xingrg/all/function/internal_message.html?_=1627181679778&CODE_STATE=getMsg HTTP/1.1" 200 27
180.169.147.146 - - [25/Jul/2021:10:54:39 +0800] "GET /xingrg/kc/print/load_data.html?order_code=212021072511721&kc_code=cgsh&condition= HTTP/1.1" 200 1566
101.83.241.165 - - [25/Jul/2021:10:54:40 +0800] "GET /xingrg/all/function/internal_message.html?_=1627181682350&CODE_STATE=getMsg HTTP/1.1" 200 27
101.83.145.79 - - [25/Jul/2021:10:54:41 +0800] "GET /xingrg/all/function/internal_message.html?_=1627181682078&CODE_STATE=getMsg HTTP/1.1" 200 27
116.237.74.182 - - [25/Jul/2021:10:54:41 +0800] "GET /xingrg/kc/buy/cgsh_order_info.html?code=212021072511590 HTTP/1.1" 200 62893
180.169.147.146 - - [25/Jul/2021:10:54:42 +0800] "GET /xingrg/check_reg.html?_=1627181681731 HTTP/1.1" 200 22
180.169.147.146 - - [25/Jul/2021:10:54:42 +0800] "GET /xingrg/all/function/internal_message.html?_=1627181681735&CODE_STATE=getMsg HTTP/1.1" 200 27
116.237.74.182 - - [25/Jul/2021:10:54:42 +0800] "GET /xingrg/javascript/easyui/themes/default/validatebox.css HTTP/1.1" 404 1104
116.237.74.182 - - [25/Jul/2021:10:54:42 +0800] "POST /xingrg/kc/buy/cgsh_order_operate.html HTTP/1.1" 200 6770
180.169.147.146 - - [25/Jul/2021:10:54:42 +0800] "GET /xingrg/kc/buy/cgsh_order_add.html HTTP/1.1" 200 62846
116.235.222.38 - - [25/Jul/2021:10:54:42 +0800] "GET /xingrg/check_reg.html?_=1627181682428 HTTP/1.1" 302 -
180.169.147.146 - - [25/Jul/2021:10:54:42 +0800] "POST /xingrg/kc/buy/cgsh_order_operate.html HTTP/1.1" 200 8245
180.169.147.146 - - [25/Jul/2021:10:54:42 +0800] "GET /xingrg/javascript/easyui/themes/default/validatebox.css HTTP/1.1" 404 1104
114.83.222.60 - - [25/Jul/2021:10:54:43 +0800] "GET /xingrg/kc/buy/cgsh_order_operate.html?command=get_materiel&rest_code=00149&code=00101003004&supplier_code=00100347&order_time=2021-07-25 HTTP/1.1" 200 420
180.156.224.123 - - [25/Jul/2021:10:54:46 +0800] "GET /xingrg/all/function/internal_message.html?_=1627181685452&CODE_STATE=getMsg HTTP/1.1" 200 27
222.70.175.207 - - [25/Jul/2021:10:54:49 +0800] "POST /xingrg/kc/buy/cgsh_order_operate.html HTTP/1.1" 200 37
114.86.225.230 - - [25/Jul/2021:10:54:49 +0800] "POST /xingrg/kc/buy/cgsh_order_operate.html HTTP/1.1" 200 88
116.237.74.182 - - [25/Jul/2021:10:54:50 +0800] "GET /xingrg/javascript/auto/indicator.gif HTTP/1.1" 404 1066
222.70.175.207 - - [25/Jul/2021:10:54:54 +0800] "POST /xingrg/kc/buy/cgsh_order_operate.html HTTP/1.1" 200 2065
116.230.110.80 - - [25/Jul/2021:10:54:54 +0800] "GET /xingrg/all/function/internal_message.html?_=1627181688596&CODE_STATE=getMsg HTTP/1.1" 200 27
116.237.74.182 - - [25/Jul/2021:10:54:55 +0800] "GET /xingrg/all/function/internal_message.html?_=1627181688779&CODE_STATE=getMsg HTTP/1.1" 200 27
114.83.222.60 - - [25/Jul/2021:10:54:56 +0800] "POST /xingrg/kc/buy/cgsh_order_operate.html HTTP/1.1" 200 37
114.86.225.230 - - [25/Jul/2021:10:54:57 +0800] "POST /xingrg/kc/buy/cgsh_order_operate.html HTTP/1.1" 200 88
180.169.147.146 - - [25/Jul/2021:10:54:57 +0800] "GET /xingrg/all/function/internal_message.html?_=1627181696423&CODE_STATE=getMsg HTTP/1.1" 200 27
180.174.197.120 - - [25/Jul/2021:10:54:57 +0800] "GET /xingrg/all/function/internal_message.html?_=1627181697892&CODE_STATE=getMsg HTTP/1.1" 200 27
116.237.74.182 - - [25/Jul/2021:10:54:58 +0800] "GET /xingrg/kc/buy/cgsh_order_operate.html?command=get_materiel&rest_code=00106&code=00101008361&supplier_code=00100007&order_time=2021-07-25 HTTP/1.1" 200 408
116.237.74.182 - - [25/Jul/2021:10:54:59 +0800] "GET /xingrg/all/function/internal_message.html?_=1627181698275&CODE_STATE=getMsg HTTP/1.1" 200 27
114.83.222.60 - - [25/Jul/2021:10:55:00 +0800] "POST /xingrg/kc/buy/cgsh_order_operate.html HTTP/1.1" 200 12
222.70.176.145 - - [25/Jul/2021:10:55:01 +0800] "GET /xingrg/all/function/internal_message.html?_=1627181698642&CODE_STATE=getMsg HTTP/1.1" 200 27
180.169.147.146 - - [25/Jul/2021:10:55:01 +0800] "GET /xingrg/kc/buy/cgsh_order_operate.html?command=get_materiel&rest_code=00147&code=00101007072&supplier_code=00100004&order_time=2021-07-25 HTTP/1.1" 200 413
222.70.175.207 - - [25/Jul/2021:10:55:01 +0800] "GET /xingrg/kc/print/load_data.html?order_code=212021072511722&kc_code=cgsh&condition= HTTP/1.1" 200 1153
114.83.222.60 - - [25/Jul/2021:10:55:03 +0800] "GET /xingrg/kc/buy/cgsh_order_info.html?code=212021072511724 HTTP/1.1" 200 57832
114.83.222.60 - - [25/Jul/2021:10:55:03 +0800] "GET /xingrg/javascript/easyui/themes/default/validatebox.css HTTP/1.1" 404 1104
114.83.222.60 - - [25/Jul/2021:10:55:04 +0800] "POST /xingrg/kc/buy/cgsh_order_operate.html HTTP/1.1" 200 619
114.83.222.60 - - [25/Jul/2021:10:55:05 +0800] "GET /xingrg/kc/print/load_data.html?order_code=212021072511724&kc_code=cgsh&condition= HTTP/1.1" 200 715
180.156.224.123 - - [25/Jul/2021:10:55:05 +0800] "GET /xingrg/all/function/internal_message.html?_=1627181673294&CODE_STATE=getMsg HTTP/1.1" 200 27
180.174.197.120 - - [25/Jul/2021:10:55:06 +0800] "GET /xingrg/kc/buy/cgsh_order_list.html HTTP/1.1" 200 47140
58.37.225.51 - - [25/Jul/2021:10:55:07 +0800] "GET /xingrg/kc/buy/cgsh_order_operate.html?command=get_materiel&rest_code=00141&code=00101008261&supplier_code=00100007&order_time=2021-07-25 HTTP/1.1" 200 408
180.174.197.120 - - [25/Jul/2021:10:55:08 +0800] "POST /xingrg/kc/buy/cgsh_list_operate.html HTTP/1.1" 200 1666
180.174.197.120 - - [25/Jul/2021:10:55:08 +0800] "GET /xingrg/javascript/easyui/themes/default/images/button_plain_hover.png HTTP/1.1" 304 -
180.174.197.120 - - [25/Jul/2021:10:55:09 +0800] "GET /xingrg/kc/buy/cgsh_order_add.html HTTP/1.1" 200 62843
180.174.197.120 - - [25/Jul/2021:10:55:09 +0800] "GET /xingrg/javascript/pic_change.js HTTP/1.1" 304 -
180.174.197.120 - - [25/Jul/2021:10:55:09 +0800] "GET /xingrg/javascript/convert.js HTTP/1.1" 304 -
180.174.197.120 - - [25/Jul/2021:10:55:09 +0800] "GET /xingrg/javascript/jquery_tools/order_manager.js HTTP/1.1" 304 -
180.174.197.120 - - [25/Jul/2021:10:55:09 +0800] "GET /xingrg/javascript/json2.js HTTP/1.1" 304 -
180.174.197.120 - - [25/Jul/2021:10:55:09 +0800] "GET /xingrg/javascript/print/kc_print.js HTTP/1.1" 304 -
180.174.197.120 - - [25/Jul/2021:10:55:09 +0800] "GET /xingrg/words/20210724164955_words.js HTTP/1.1" 304 -
180.174.197.120 - - [25/Jul/2021:10:55:09 +0800] "GET /xingrg/javascript/easyui/themes/icons/copy_new.png HTTP/1.1" 304 -
180.174.197.120 - - [25/Jul/2021:10:55:09 +0800] "GET /xingrg/javascript/easyui/themes/icons/template_new.png HTTP/1.1" 304 -
180.174.197.120 - - [25/Jul/2021:10:55:09 +0800] "GET /xingrg/javascript/easyui/themes/icons/ok.png HTTP/1.1" 304 -
180.174.197.120 - - [25/Jul/2021:10:55:09 +0800] "GET /xingrg/javascript/easyui/themes/icons/print.png HTTP/1.1" 304 -
180.174.197.120 - - [25/Jul/2021:10:55:09 +0800] "GET /xingrg/javascript/easyui/themes/default/images/menu_downarrow.png HTTP/1.1" 304 -
180.174.197.120 - - [25/Jul/2021:10:55:09 +0800] "GET /xingrg/javascript/easyui/themes/icons/cancel.png HTTP/1.1" 304 -
180.174.197.120 - - [25/Jul/2021:10:55:09 +0800] "POST /xingrg/kc/buy/cgsh_order_operate.html HTTP/1.1" 200 8245
180.174.197.120 - - [25/Jul/2021:10:55:09 +0800] "GET /xingrg/javascript/easyui/themes/icons/edit_remove.png HTTP/1.1" 304 -
180.174.197.120 - - [25/Jul/2021:10:55:09 +0800] "GET /xingrg/all/common/auto_word.html?type=employee&rest_code=00102 HTTP/1.1" 200 189
180.174.197.120 - - [25/Jul/2021:10:55:09 +0800] "GET /xingrg/all/common/auto_word.html?type=employee&rest_code=00102 HTTP/1.1" 200 189
180.174.197.120 - - [25/Jul/2021:10:55:10 +0800] "GET /xingrg/javascript/easyui/themes/default/validatebox.css HTTP/1.1" 404 1104
180.174.197.120 - - [25/Jul/2021:10:55:10 +0800] "GET /xingrg/javascript/easyui/plugins/jquery.validatebox.js HTTP/1.1" 304 -
180.174.197.120 - - [25/Jul/2021:10:55:10 +0800] "GET /xingrg/javascript/easyui/plugins/jquery.numberbox.js HTTP/1.1" 304 -
114.86.225.230 - - [25/Jul/2021:10:55:10 +0800] "POST /xingrg/kc/buy/cgsh_order_operate.html HTTP/1.1" 200 37
180.174.197.120 - - [25/Jul/2021:10:55:11 +0800] "GET /xingrg/javascript/auto/indicator.gif HTTP/1.1" 404 1066
180.174.197.120 - - [25/Jul/2021:10:55:11 +0800] "GET /xingrg/javascript/jquery_tools/images/prev.gif HTTP/1.1" 404 1086
180.174.197.120 - - [25/Jul/2021:10:55:11 +0800] "GET /xingrg/javascript/jquery_tools/images/next.gif HTTP/1.1" 404 1086
114.86.225.230 - - [25/Jul/2021:10:55:11 +0800] "POST /xingrg/kc/buy/cgsh_order_operate.html HTTP/1.1" 200 4457
58.37.225.51 - - [25/Jul/2021:10:55:12 +0800] "POST /xingrg/kc/buy/cgsh_order_operate.html HTTP/1.1" 200 2065
114.86.225.230 - - [25/Jul/2021:10:55:14 +0800] "GET /xingrg/kc/print/load_config.html?kc_code=cgsh HTTP/1.1" 200 1845
114.86.225.230 - - [25/Jul/2021:10:55:14 +0800] "GET /xingrg/kc/print/load_data.html?order_code=212021072511726&kc_code=cgsh&condition= HTTP/1.1" 200 1366
180.169.147.146 - - [25/Jul/2021:10:55:14 +0800] "GET /xingrg/kc/buy/cgsh_order_operate.html?command=get_materiel&rest_code=00147&code=00101007081&supplier_code=00100004&order_time=2021-07-25 HTTP/1.1" 200 413
180.174.197.120 - - [25/Jul/2021:10:55:14 +0800] "GET /xingrg/kc/buy/cgsh_order_operate.html?command=get_materiel&rest_code=00102&code=00101002022&supplier_code=00100151&order_time=2021-07-25 HTTP/1.1" 200 409
180.162.115.163 - - [25/Jul/2021:10:55:15 +0800] "GET /xingrg/all/function/internal_message.html?_=1627181346232&CODE_STATE=getMsg HTTP/1.1" 200 27
180.174.197.120 - - [25/Jul/2021:10:55:16 +0800] "GET /xingrg/kc/buy/cgsh_order_operate.html?command=get_materiel&rest_code=00102&code=00101008199&supplier_code=00100008&order_time=2021-07-25 HTTP/1.1" 200 408
120.253.135.82 - - [25/Jul/2021:10:55:18 +0800] "GET /xingrg/all/function/internal_message.html?_=1627181496790&CODE_STATE=getMsg HTTP/1.1" 200 27
58.37.225.51 - - [25/Jul/2021:10:55:18 +0800] "GET /xingrg/kc/buy/cgsh_order_operate.html?command=get_materiel&rest_code=00141&code=00101008087&supplier_code=00100007&order_time=2021-07-25 HTTP/1.1" 200 412
116.237.74.182 - - [25/Jul/2021:10:55:19 +0800] "GET /xingrg/kc/buy/cgsh_order_operate.html?command=get_materiel&rest_code=00106&code=00101008148&supplier_code=00100007&order_time=2021-07-25 HTTP/1.1" 200 416
101.83.145.79 - - [25/Jul/2021:10:55:24 +0800] "GET /xingrg/all/function/internal_message.html?_=1627181686655&CODE_STATE=getMsg HTTP/1.1" 200 27
180.174.197.120 - - [25/Jul/2021:10:55:25 +0800] "GET /xingrg/all/function/internal_message.html?_=1627181696397&CODE_STATE=getMsg HTTP/1.1" 200 27
101.85.94.150 - - [25/Jul/2021:10:55:26 +0800] "GET /xingrg/all/function/internal_message.html?_=1627181718348&CODE_STATE=getMsg HTTP/1.1" 200 27
58.37.225.51 - - [25/Jul/2021:10:55:28 +0800] "GET /xingrg/kc/buy/cgsh_order_operate.html?command=get_materiel&rest_code=00141&code=00101008199&supplier_code=00100007&order_time=2021-07-25 HTTP/1.1" 200 408
116.237.74.182 - - [25/Jul/2021:10:55:30 +0800] "GET /xingrg/kc/buy/cgsh_order_operate.html?command=get_materiel&rest_code=00106&code=00101008004&supplier_code=00100007&order_time=2021-07-25 HTTP/1.1" 200 416
222.70.175.207 - - [25/Jul/2021:10:55:32 +0800] "GET /xingrg/all/function/internal_message.html?_=1627181758107&CODE_STATE=getMsg HTTP/1.1" 200 27
222.70.175.207 - - [25/Jul/2021:10:55:34 +0800] "GET /xingrg/kc/buy/cgsh_order_add.html HTTP/1.1" 200 62884
222.70.175.207 - - [25/Jul/2021:10:55:35 +0800] "POST /xingrg/kc/buy/cgsh_order_operate.html HTTP/1.1" 200 8245
222.70.175.207 - - [25/Jul/2021:10:55:35 +0800] "GET /xingrg/javascript/easyui/themes/default/validatebox.css HTTP/1.1" 404 1104
58.37.225.51 - - [25/Jul/2021:10:55:36 +0800] "GET /xingrg/kc/buy/cgsh_order_operate.html?command=get_materiel&rest_code=00141&code=00101008224&supplier_code=00100007&order_time=2021-07-25 HTTP/1.1" 200 416
180.156.224.123 - - [25/Jul/2021:10:55:37 +0800] "POST /xingrg/all/user/operate.html HTTP/1.1" 200 36
180.156.224.123 - - [25/Jul/2021:10:55:37 +0800] "GET /xingrg/index.html?sysBaseUrl=http%3A%2F%2F180.169.147.146%3A18081%2Fxingrg%2F&costTime=35×tamp=1627176185828 HTTP/1.1" 200 17179
180.156.224.123 - - [25/Jul/2021:10:55:37 +0800] "GET /xingrg/javascript/jquery_easy_ui/themes/default/easyui.css HTTP/1.1" 304 -
180.156.224.123 - - [25/Jul/2021:10:55:37 +0800] "GET /xingrg/javascript/jquery_easy_ui/themes/icon.css HTTP/1.1" 304 -
180.156.224.123 - - [25/Jul/2021:10:55:37 +0800] "GET /xingrg/css/form.css HTTP/1.1" 304 -
180.156.224.123 - - [25/Jul/2021:10:55:37 +0800] "GET /xingrg/javascript/jquery-1.4.2.min.js HTTP/1.1" 304 -
180.156.224.123 - - [25/Jul/2021:10:55:37 +0800] "GET /xingrg/javascript/jquery_easy_ui/jquery.easyui.min.js HTTP/1.1" 304 -
180.156.224.123 - - [25/Jul/2021:10:55:37 +0800] "GET /xingrg/javascript/jquery_easy_ui/easyui-lang-zh_CN.js HTTP/1.1" 304 -
180.156.224.123 - - [25/Jul/2021:10:55:37 +0800] "GET /xingrg/javascript/jquery.form.js HTTP/1.1" 304 -
180.156.224.123 - - [25/Jul/2021:10:55:37 +0800] "GET /xingrg/javascript/jquery.utils.js HTTP/1.1" 304 -
180.156.224.123 - - [25/Jul/2021:10:55:37 +0800] "GET /xingrg/javascript/jquery.timers.js HTTP/1.1" 304 -
180.156.224.123 - - [25/Jul/2021:10:55:37 +0800] "GET /xingrg/images/blue/jxLogo.png HTTP/1.1" 304 -
180.156.224.123 - - [25/Jul/2021:10:55:37 +0800] "GET /xingrg/images/blue/navBackgound.jpg HTTP/1.1" 304 -
180.156.224.123 - - [25/Jul/2021:10:55:37 +0800] "GET /xingrg/javascript/jquery_easy_ui/themes/icons/settle_new.png HTTP/1.1" 304 -
180.156.224.123 - - [25/Jul/2021:10:55:37 +0800] "POST /xingrg/all/common/load_tree.html?tree=area_rest_tree_json&manage=1 HTTP/1.1" 200 476
180.156.224.123 - - [25/Jul/2021:10:55:37 +0800] "GET /xingrg/all/function/internal_message.html?_=1627181736959&CODE_STATE=count HTTP/1.1" 200 11
180.156.224.123 - - [25/Jul/2021:10:55:37 +0800] "GET /xingrg/check_reg.html?_=1627181736960 HTTP/1.1" 200 22
180.156.224.123 - - [25/Jul/2021:10:55:37 +0800] "GET /xingrg/javascript/jquery_easy_ui/themes/default/images/panel_tool_collapse.gif HTTP/1.1" 304 -
180.156.224.123 - - [25/Jul/2021:10:55:37 +0800] "GET /xingrg/images/blue/pingpu.png HTTP/1.1" 304 -
180.156.224.123 - - [25/Jul/2021:10:55:37 +0800] "GET /xingrg/javascript/jquery_easy_ui/themes/default/images/tabs_leftarrow.png HTTP/1.1" 304 -
180.156.224.123 - - [25/Jul/2021:10:55:37 +0800] "GET /xingrg/javascript/jquery_easy_ui/themes/default/images/tabs_rightarrow.png HTTP/1.1" 304 -
180.156.224.123 - - [25/Jul/2021:10:55:37 +0800] "POST /xingrg/load_menu.html HTTP/1.1" 200 5138
116.235.222.38 - - [25/Jul/2021:10:55:37 +0800] "GET /xingrg/all/function/internal_message.html?_=1627181737991&CODE_STATE=getMsg HTTP/1.1" 200 27
116.237.74.182 - - [25/Jul/2021:10:55:38 +0800] "GET /xingrg/kc/buy/cgsh_order_operate.html?command=get_materiel&rest_code=00106&code=00101008264&supplier_code=00100007&order_time=2021-07-25 HTTP/1.1" 200 412
58.37.225.51 - - [25/Jul/2021:10:55:38 +0800] "GET /xingrg/all/function/internal_message.html?_=1627181662338&CODE_STATE=getMsg HTTP/1.1" 200 27
180.156.224.123 - - [25/Jul/2021:10:55:39 +0800] "GET /xingrg/kc/mdqp/qqps_order_list.html HTTP/1.1" 200 9668
180.156.224.123 - - [25/Jul/2021:10:55:39 +0800] "GET /xingrg/dwr/interface/AjaxQqpsService.js HTTP/1.1" 200 16326
180.156.224.123 - - [25/Jul/2021:10:55:39 +0800] "GET /xingrg/dwr/interface/AjaxReportQueryService.js HTTP/1.1" 200 13203
180.156.224.123 - - [25/Jul/2021:10:55:39 +0800] "GET /xingrg/dwr/engine.js HTTP/1.1" 200 43631
114.86.225.230 - - [25/Jul/2021:10:55:39 +0800] "GET /xingrg/all/function/internal_message.html?_=1627181739780&CODE_STATE=getMsg HTTP/1.1" 200 27
116.237.74.182 - - [25/Jul/2021:10:55:39 +0800] "POST /xingrg/kc/buy/cgsh_order_operate.html HTTP/1.1" 200 2065
180.169.147.146 - - [25/Jul/2021:10:55:40 +0800] "POST /xingrg/kc/buy/cgsh_order_operate.html HTTP/1.1" 200 37
101.83.241.165 - - [25/Jul/2021:10:55:40 +0800] "GET /xingrg/all/function/internal_message.html?_=1627181742350&CODE_STATE=getMsg HTTP/1.1" 200 27
101.83.145.79 - - [25/Jul/2021:10:55:41 +0800] "GET /xingrg/all/function/internal_message.html?_=1627181742050&CODE_STATE=getMsg HTTP/1.1" 200 27
180.169.147.146 - - [25/Jul/2021:10:55:41 +0800] "GET /xingrg/all/function/internal_message.html?_=1627181741721&CODE_STATE=getMsg HTTP/1.1" 200 27
101.83.241.165 - - [25/Jul/2021:10:55:42 +0800] "GET /xingrg/kc/buy/cgsh_order_operate.html?command=get_materiel&rest_code=00154&code=00101010287&supplier_code=00100171&order_time=2021-07-25 HTTP/1.1" 200 409
116.237.74.182 - - [25/Jul/2021:10:55:45 +0800] "GET /xingrg/kc/buy/cgsh_order_operate.html?command=get_materiel&rest_code=00106&code=00101008356&supplier_code=00100007&order_time=2021-07-25 HTTP/1.1" 200 409
180.169.147.146 - - [25/Jul/2021:10:55:45 +0800] "POST /xingrg/kc/buy/cgsh_order_operate.html HTTP/1.1" 200 3253
180.169.147.146 - - [25/Jul/2021:10:55:46 +0800] "GET /xingrg/kc/print/load_data.html?order_code=212021072511727&kc_code=cgsh&condition= HTTP/1.1" 200 965
180.156.224.123 - - [25/Jul/2021:10:55:47 +0800] "GET /xingrg/kc/mdqp/qqps_order_list.html?isQuery=1&timeSelect=1&orderTime=day&startTime=2021-07-23&endTime=2021-07-25&state=all&query=%C8%B7++%B6%A8 HTTP/1.1" 200 11014
180.156.224.123 - - [25/Jul/2021:10:55:47 +0800] "GET /xingrg/dwr/interface/AjaxReportQueryService.js HTTP/1.1" 200 13203
180.156.224.123 - - [25/Jul/2021:10:55:47 +0800] "GET /xingrg/dwr/interface/AjaxQqpsService.js HTTP/1.1" 200 16326
180.156.224.123 - - [25/Jul/2021:10:55:47 +0800] "GET /xingrg/dwr/engine.js HTTP/1.1" 200 43631
180.169.147.146 - - [25/Jul/2021:10:55:49 +0800] "GET /xingrg/kc/buy/cgsh_order_add.html HTTP/1.1" 200 62846
180.169.147.146 - - [25/Jul/2021:10:55:49 +0800] "POST /xingrg/kc/buy/cgsh_order_operate.html HTTP/1.1" 200 8245
180.169.147.146 - - [25/Jul/2021:10:55:49 +0800] "GET /xingrg/javascript/easyui/themes/default/validatebox.css HTTP/1.1" 404 1104
180.156.224.123 - - [25/Jul/2021:10:55:53 +0800] "GET /xingrg/kc/buy/cgsh_order_list.html HTTP/1.1" 200 47146
116.237.74.182 - - [25/Jul/2021:10:55:54 +0800] "GET /xingrg/kc/buy/cgsh_order_operate.html?command=get_materiel&rest_code=00106&code=00101008357&supplier_code=00100007&order_time=2021-07-25 HTTP/1.1" 200 408
180.156.224.123 - - [25/Jul/2021:10:55:54 +0800] "POST /xingrg/kc/buy/cgsh_list_operate.html HTTP/1.1" 200 876
116.230.110.80 - - [25/Jul/2021:10:55:54 +0800] "GET /xingrg/all/function/internal_message.html?_=1627181748608&CODE_STATE=getMsg HTTP/1.1" 200 27
116.237.74.182 - - [25/Jul/2021:10:55:55 +0800] "GET /xingrg/all/function/internal_message.html?_=1627181748737&CODE_STATE=getMsg HTTP/1.1" 200 27
180.156.224.123 - - [25/Jul/2021:10:55:55 +0800] "GET /xingrg/kc/buy/cgsh_order_add.html HTTP/1.1" 200 62802
180.156.224.123 - - [25/Jul/2021:10:55:56 +0800] "GET /xingrg/javascript/easyui/themes/default/validatebox.css HTTP/1.1" 404 1104
180.156.224.123 - - [25/Jul/2021:10:55:56 +0800] "POST /xingrg/kc/buy/cgsh_order_operate.html HTTP/1.1" 200 8245
180.169.147.146 - - [25/Jul/2021:10:55:57 +0800] "GET /xingrg/all/function/internal_message.html?_=1627181756449&CODE_STATE=getMsg HTTP/1.1" 200 27
180.174.197.120 - - [25/Jul/2021:10:55:57 +0800] "GET /xingrg/all/function/internal_message.html?_=1627181757923&CODE_STATE=getMsg HTTP/1.1" 200 27
114.83.222.60 - - [25/Jul/2021:10:55:58 +0800] "GET /xingrg/all/function/internal_message.html?_=1627181756031&CODE_STATE=getMsg HTTP/1.1" 200 27
180.156.224.123 - - [25/Jul/2021:10:55:58 +0800] "GET /xingrg/javascript/auto/indicator.gif HTTP/1.1" 404 1066
116.237.74.182 - - [25/Jul/2021:10:55:59 +0800] "GET /xingrg/all/function/internal_message.html?_=1627181758260&CODE_STATE=getMsg HTTP/1.1" 200 27
222.70.176.145 - - [25/Jul/2021:10:56:01 +0800] "GET /xingrg/check_reg.html?_=1627181758640 HTTP/1.1" 200 22
222.70.176.145 - - [25/Jul/2021:10:56:01 +0800] "GET /xingrg/all/function/internal_message.html?_=1627181758642&CODE_STATE=getMsg HTTP/1.1" 200 27
114.83.222.60 - - [25/Jul/2021:10:56:01 +0800] "GET /xingrg/kc/buy/cgsh_order_add.html HTTP/1.1" 200 62931
114.83.222.60 - - [25/Jul/2021:10:56:01 +0800] "POST /xingrg/kc/buy/cgsh_order_operate.html HTTP/1.1" 200 8245
114.83.222.60 - - [25/Jul/2021:10:56:01 +0800] "GET /xingrg/javascript/easyui/themes/default/validatebox.css HTTP/1.1" 404 1104
180.174.197.120 - - [25/Jul/2021:10:56:02 +0800] "GET /xingrg/check_reg.html?_=1627181733100 HTTP/1.1" 200 22
58.37.225.51 - - [25/Jul/2021:10:56:05 +0800] "GET /xingrg/kc/buy/cgsh_order_operate.html?command=get_materiel&rest_code=00141&code=00101008323&supplier_code=00100007&order_time=2021-07-25 HTTP/1.1" 200 408
180.156.224.123 - - [25/Jul/2021:10:56:05 +0800] "GET /xingrg/all/function/internal_message.html?_=1627181733312&CODE_STATE=getMsg HTTP/1.1" 200 27
180.162.115.163 - - [25/Jul/2021:10:56:08 +0800] "POST /xingrg/dwr/call/plaincall/AjaxYddbService.saveOrder.dwr HTTP/1.1" 200 78
116.237.74.182 - - [25/Jul/2021:10:56:08 +0800] "POST /xingrg/kc/buy/cgsh_order_operate.html HTTP/1.1" 200 37
180.156.224.123 - - [25/Jul/2021:10:56:08 +0800] "GET /xingrg/kc/buy/cgsh_order_operate.html?command=get_materiel&rest_code=00150&code=00101031006&supplier_code=00100064&order_time=2021-07-25 HTTP/1.1" 200 417
114.83.222.60 - - [25/Jul/2021:10:56:09 +0800] "GET /xingrg/kc/buy/cgsh_order_operate.html?command=get_materiel&rest_code=00149&code=00101018011&supplier_code=00100330&order_time=2021-07-25 HTTP/1.1" 200 413
58.37.225.51 - - [25/Jul/2021:10:56:10 +0800] "POST /xingrg/kc/buy/cgsh_order_operate.html HTTP/1.1" 200 2065
180.162.115.163 - - [25/Jul/2021:10:56:11 +0800] "GET /xingrg/javascript/jquery_easy_ui/themes/default/images/button_plain_hover.png HTTP/1.1" 200 252
180.162.115.163 - - [25/Jul/2021:10:56:13 +0800] "POST /xingrg/dwr/call/plaincall/AjaxYddbService.objCheckOrder.dwr HTTP/1.1" 200 78
180.162.115.163 - - [25/Jul/2021:10:56:14 +0800] "GET /xingrg/kc/base/yddb_order_info.html?code=482021072400150 HTTP/1.1" 200 29815
180.162.115.163 - - [25/Jul/2021:10:56:14 +0800] "GET /xingrg/dwr/interface/AjaxComOrderService.js HTTP/1.1" 200 18264
180.162.115.163 - - [25/Jul/2021:10:56:14 +0800] "GET /xingrg/dwr/interface/AjaxYddbService.js HTTP/1.1" 200 13201
180.162.115.163 - - [25/Jul/2021:10:56:14 +0800] "GET /xingrg/dwr/engine.js HTTP/1.1" 200 43631
180.162.115.163 - - [25/Jul/2021:10:56:14 +0800] "POST /xingrg/dwr/call/plaincall/AjaxYddbService.loadMaterielItems.dwr HTTP/1.1" 200 5148
180.162.115.163 - - [25/Jul/2021:10:56:15 +0800] "GET /xingrg/all/function/internal_message.html?_=1627181406245&CODE_STATE=getMsg HTTP/1.1" 200 27
180.156.224.123 - - [25/Jul/2021:10:56:15 +0800] "POST /xingrg/kc/buy/cgsh_order_operate.html HTTP/1.1" 200 37
58.37.225.51 - - [25/Jul/2021:10:56:16 +0800] "GET /xingrg/kc/buy/cgsh_order_operate.html?command=get_materiel&rest_code=00141&code=00101008132&supplier_code=00100007&order_time=2021-07-25 HTTP/1.1" 200 408
180.169.147.146 - - [25/Jul/2021:10:56:17 +0800] "GET /xingrg/kc/buy/cgsh_order_operate.html?command=get_materiel&rest_code=00147&code=00101009062&supplier_code=00100022&order_time=2021-07-25 HTTP/1.1" 200 412
120.253.135.82 - - [25/Jul/2021:10:56:18 +0800] "GET /xingrg/all/function/internal_message.html?_=1627181556825&CODE_STATE=getMsg HTTP/1.1" 200 27
180.156.224.123 - - [25/Jul/2021:10:56:18 +0800] "POST /xingrg/kc/buy/cgsh_order_operate.html HTTP/1.1" 200 12
101.83.241.165 - - [25/Jul/2021:10:56:19 +0800] "GET /xingrg/kc/buy/cgsh_order_operate.html?command=get_materiel&rest_code=00154&code=00101007172&supplier_code=00100171&order_time=2021-07-25 HTTP/1.1" 200 425
180.156.224.123 - - [25/Jul/2021:10:56:19 +0800] "GET /xingrg/kc/buy/cgsh_order_info.html?code=212021072511728 HTTP/1.1" 200 57711
180.162.115.163 - - [25/Jul/2021:10:56:19 +0800] "POST /xingrg/kc/base/yddb_list_operate.html HTTP/1.1" 200 587
180.156.224.123 - - [25/Jul/2021:10:56:20 +0800] "GET /xingrg/javascript/easyui/themes/default/validatebox.css HTTP/1.1" 404 1104
180.162.115.163 - - [25/Jul/2021:10:56:20 +0800] "GET /xingrg/kc/base/yddb_order_info.html?code=482021072200139 HTTP/1.1" 200 29815
180.162.115.163 - - [25/Jul/2021:10:56:20 +0800] "GET /xingrg/dwr/interface/AjaxYddbService.js HTTP/1.1" 200 13201
180.162.115.163 - - [25/Jul/2021:10:56:20 +0800] "GET /xingrg/dwr/interface/AjaxComOrderService.js HTTP/1.1" 200 18264
180.162.115.163 - - [25/Jul/2021:10:56:20 +0800] "GET /xingrg/dwr/engine.js HTTP/1.1" 200 43631
180.162.115.163 - - [25/Jul/2021:10:56:20 +0800] "POST /xingrg/dwr/call/plaincall/AjaxYddbService.loadMaterielItems.dwr HTTP/1.1" 200 4734
180.156.224.123 - - [25/Jul/2021:10:56:20 +0800] "POST /xingrg/kc/buy/cgsh_order_operate.html HTTP/1.1" 200 613
180.156.224.123 - - [25/Jul/2021:10:56:21 +0800] "GET /xingrg/kc/print/load_data.html?order_code=212021072511728&kc_code=cgsh&condition= HTTP/1.1" 200 752
180.174.197.120 - - [25/Jul/2021:10:56:23 +0800] "POST /xingrg/kc/buy/cgsh_order_operate.html HTTP/1.1" 200 2065
101.83.145.79 - - [25/Jul/2021:10:56:24 +0800] "GET /xingrg/check_reg.html?_=1627181746655 HTTP/1.1" 200 22
