172.20.0.100 - - [21/Jul/2021:10:39:15 +0800] "GET /xingrg/images/blue/button/bottom_left.jpg HTTP/1.1" 200 1524
172.20.0.100 - - [21/Jul/2021:10:39:15 +0800] "GET /xingrg/images/blue/button/bottom_right.jpg HTTP/1.1" 200 1436
116.230.110.80 - - [21/Jul/2021:10:39:16 +0800] "GET /xingrg/all/function/internal_message.html?_=1626835154308&CODE_STATE=getMsg HTTP/1.1" 200 27
116.237.74.182 - - [21/Jul/2021:10:39:18 +0800] "GET /xingrg/all/function/internal_message.html?_=1626835156716&CODE_STATE=getMsg HTTP/1.1" 200 27
172.20.0.100 - - [21/Jul/2021:10:39:18 +0800] "GET /xingrg/kc/report/report_main.html HTTP/1.1" 200 9350
172.20.0.100 - - [21/Jul/2021:10:39:18 +0800] "GET /xingrg/javascript/jquery_ui/themes/humanity/humanity.css HTTP/1.1" 200 27801
172.20.0.100 - - [21/Jul/2021:10:39:18 +0800] "GET /xingrg/javascript/json2.js HTTP/1.1" 200 11259
172.20.0.100 - - [21/Jul/2021:10:39:19 +0800] "GET /xingrg/javascript/jquery_easy_ui/themes/icons/back_new.png HTTP/1.1" 200 3414
58.40.7.146 - - [21/Jul/2021:10:39:19 +0800] "GET /xingrg/check_reg.html?_=1626835157319 HTTP/1.1" 302 -
222.70.175.207 - - [21/Jul/2021:10:39:20 +0800] "GET /xingrg/kc/buy/cgsh_order_operate.html?command=get_materiel&rest_code=00146&code=00101008126&supplier_code=00100005&order_time=2021-07-21 HTTP/1.1" 200 412
172.20.0.100 - - [21/Jul/2021:10:39:20 +0800] "GET /xingrg/system/info/materiel_manager.html HTTP/1.1" 200 19442
172.20.0.100 - - [21/Jul/2021:10:39:20 +0800] "GET /xingrg/css/xtree.css HTTP/1.1" 200 880
172.20.0.100 - - [21/Jul/2021:10:39:20 +0800] "GET /xingrg/javascript/jquery_ui/themes/base/base.css HTTP/1.1" 200 28568
172.20.0.100 - - [21/Jul/2021:10:39:20 +0800] "GET /xingrg/dwr/interface/AjaxBaseInfoService.js HTTP/1.1" 200 21363
172.20.0.100 - - [21/Jul/2021:10:39:20 +0800] "GET /xingrg/dwr/interface/AjaxComOrderService.js HTTP/1.1" 200 18264
172.20.0.100 - - [21/Jul/2021:10:39:20 +0800] "GET /xingrg/dwr/engine.js HTTP/1.1" 200 43631
172.20.0.100 - - [21/Jul/2021:10:39:20 +0800] "GET /xingrg/dwr/util.js HTTP/1.1" 200 35990
172.20.0.100 - - [21/Jul/2021:10:39:20 +0800] "GET /xingrg/javascript/Calendar.js HTTP/1.1" 200 31561
172.20.0.100 - - [21/Jul/2021:10:39:20 +0800] "GET /xingrg/javascript/Grid.js HTTP/1.1" 200 58908
172.20.0.100 - - [21/Jul/2021:10:39:20 +0800] "GET /xingrg/javascript/ToolTips.js HTTP/1.1" 200 5615
172.20.0.100 - - [21/Jul/2021:10:39:20 +0800] "GET /xingrg/javascript/xtree.js HTTP/1.1" 200 26582
172.20.0.100 - - [21/Jul/2021:10:39:20 +0800] "GET /xingrg/javascript/print/LodopFuncs.js HTTP/1.1" 200 5121
172.20.0.100 - - [21/Jul/2021:10:39:20 +0800] "GET /xingrg/images/xtree/openfoldericon.png HTTP/1.1" 200 232
172.20.0.100 - - [21/Jul/2021:10:39:21 +0800] "GET /xingrg/javascript/jquery_easy_ui/themes/icons/import_new.png HTTP/1.1" 200 1247
172.20.0.100 - - [21/Jul/2021:10:39:21 +0800] "GET /xingrg/javascript/jquery_easy_ui/themes/icons/print_new.png HTTP/1.1" 200 3580
172.20.0.100 - - [21/Jul/2021:10:39:21 +0800] "GET /xingrg/images/blue/wait.gif HTTP/1.1" 200 1100
172.20.0.100 - - [21/Jul/2021:10:39:21 +0800] "POST /xingrg/dwr/call/plaincall/AjaxBaseInfoService.getSubMaterielSorts.dwr HTTP/1.1" 200 219
172.20.0.100 - - [21/Jul/2021:10:39:21 +0800] "GET /xingrg/images/xtree/Lplus.png HTTP/1.1" 200 224
172.20.0.100 - - [21/Jul/2021:10:39:21 +0800] "GET /xingrg/images/xtree/foldericon.png HTTP/1.1" 200 229
172.20.0.100 - - [21/Jul/2021:10:39:21 +0800] "GET /xingrg/images/xtree/Tplus.png HTTP/1.1" 200 222
180.156.224.123 - - [21/Jul/2021:10:39:21 +0800] "GET /xingrg/all/function/internal_message.html?_=1626835159146&CODE_STATE=getMsg HTTP/1.1" 200 27
172.20.0.100 - - [21/Jul/2021:10:39:21 +0800] "POST /xingrg/dwr/call/plaincall/AjaxBaseInfoService.getMateriels.dwr HTTP/1.1" 200 2929
58.40.7.146 - - [21/Jul/2021:10:39:21 +0800] "GET /xingrg/all/function/internal_message.html?_=1626835159474&CODE_STATE=getMsg HTTP/1.1" 200 27
172.20.0.100 - - [21/Jul/2021:10:39:21 +0800] "GET /xingrg/javascript/jquery_easy_ui/themes/default/images/button_plain_hover.png HTTP/1.1" 200 252
116.230.110.80 - - [21/Jul/2021:10:39:22 +0800] "GET /xingrg/kc/buy/cgsh_order_operate.html?command=get_materiel&rest_code=00155&code=00101008137&supplier_code=00100005&order_time=2021-07-21 HTTP/1.1" 200 408
180.169.147.146 - - [21/Jul/2021:10:39:22 +0800] "GET /xingrg/check_reg.html?_=1626835162269 HTTP/1.1" 200 22
180.169.147.146 - - [21/Jul/2021:10:39:22 +0800] "GET /xingrg/all/function/internal_message.html?_=1626835162273&CODE_STATE=getMsg HTTP/1.1" 200 27
120.253.135.82 - - [21/Jul/2021:10:39:22 +0800] "GET /xingrg/all/function/internal_message.html?_=1626834941092&CODE_STATE=getMsg HTTP/1.1" 200 27
117.184.7.30 - - [21/Jul/2021:10:39:24 +0800] "GET /xingrg/all/function/internal_message.html?_=1626835160635&CODE_STATE=getMsg HTTP/1.1" 200 27
101.85.107.54 - - [21/Jul/2021:10:39:27 +0800] "GET /xingrg/all/function/internal_message.html?_=1626835163205&CODE_STATE=getMsg HTTP/1.1" 200 27
172.20.0.100 - - [21/Jul/2021:10:39:27 +0800] "POST /xingrg/dwr/call/plaincall/AjaxBaseInfoService.searchMateriels.dwr HTTP/1.1" 200 504
116.235.222.38 - - [21/Jul/2021:10:39:29 +0800] "GET /xingrg/check_reg.html?_=1626835164129 HTTP/1.1" 200 22
180.174.226.65 - - [21/Jul/2021:10:39:30 +0800] "GET /xingrg/kc/buy/cgsh_order_operate.html?command=get_materiel&rest_code=00102&code=00101008072&supplier_code=00100008&order_time=2021-07-21 HTTP/1.1" 200 408
58.37.225.51 - - [21/Jul/2021:10:39:31 +0800] "GET /xingrg/all/function/internal_message.html?_=1626835087191&CODE_STATE=getMsg HTTP/1.1" 200 27
116.235.222.38 - - [21/Jul/2021:10:39:33 +0800] "GET /xingrg/all/function/internal_message.html?_=1626835168361&CODE_STATE=getMsg HTTP/1.1" 200 27
172.20.0.100 - - [21/Jul/2021:10:39:35 +0800] "POST /xingrg/dwr/call/plaincall/AjaxBaseInfoService.getSubMaterielSorts.dwr HTTP/1.1" 200 3635
172.20.0.100 - - [21/Jul/2021:10:39:35 +0800] "GET /xingrg/images/xtree/I.png HTTP/1.1" 200 148
172.20.0.100 - - [21/Jul/2021:10:39:35 +0800] "GET /xingrg/images/xtree/L.png HTTP/1.1" 200 153
172.20.0.100 - - [21/Jul/2021:10:39:35 +0800] "GET /xingrg/images/xtree/file.png HTTP/1.1" 200 251
172.20.0.100 - - [21/Jul/2021:10:39:35 +0800] "GET /xingrg/images/xtree/T.png HTTP/1.1" 200 152
172.20.0.100 - - [21/Jul/2021:10:39:35 +0800] "GET /xingrg/images/xtree/Tminus.png HTTP/1.1" 200 207
101.83.145.79 - - [21/Jul/2021:10:39:35 +0800] "GET /xingrg/all/function/internal_message.html?_=1626835138163&CODE_STATE=getMsg HTTP/1.1" 200 27
172.20.0.100 - - [21/Jul/2021:10:39:35 +0800] "POST /xingrg/dwr/call/plaincall/AjaxBaseInfoService.searchMateriels.dwr HTTP/1.1" 200 2727
172.20.0.100 - - [21/Jul/2021:10:39:37 +0800] "POST /xingrg/dwr/call/plaincall/AjaxBaseInfoService.getMateriels.dwr HTTP/1.1" 200 3011
116.232.49.80 - - [21/Jul/2021:10:39:38 +0800] "GET /xingrg/all/function/internal_message.html?_=1626835178768&CODE_STATE=getMsg HTTP/1.1" 200 27
116.232.49.80 - - [21/Jul/2021:10:39:38 +0800] "GET /xingrg/check_reg.html?_=1626835178769 HTTP/1.1" 200 22
172.20.0.100 - - [21/Jul/2021:10:39:38 +0800] "GET /xingrg/system/info/materiel_info.html?code=00101006&isAdd=1 HTTP/1.1" 200 34663
172.20.0.100 - - [21/Jul/2021:10:39:38 +0800] "GET /xingrg/dwr/interface/AjaxGetFirstChart.js HTTP/1.1" 200 631
172.20.0.100 - - [21/Jul/2021:10:39:38 +0800] "GET /xingrg/dwr/engine.js HTTP/1.1" 200 43631
172.20.0.100 - - [21/Jul/2021:10:39:38 +0800] "GET /xingrg/javascript/checkform.js HTTP/1.1" 200 18351
172.20.0.100 - - [21/Jul/2021:10:39:39 +0800] "POST /xingrg/all/common/load_tree.html?tree=area_rest_tree_json HTTP/1.1" 200 3466
172.20.0.100 - - [21/Jul/2021:10:39:39 +0800] "GET /favicon.ico HTTP/1.1" 404 -
172.20.0.100 - - [21/Jul/2021:10:39:39 +0800] "POST /xingrg/dwr/call/plaincall/AjaxBaseInfoService.getMaterielInfo.dwr HTTP/1.1" 200 204
172.20.0.100 - - [21/Jul/2021:10:39:39 +0800] "POST /xingrg/all/common/load_tree.html?tree=area_rest_tree_json&defaultRests=undefined HTTP/1.1" 200 3466
172.20.0.100 - - [21/Jul/2021:10:39:39 +0800] "GET /xingrg/javascript/jquery_easy_ui/themes/default/images/tree_checkbox_0.gif HTTP/1.1" 200 168
58.37.225.51 - - [21/Jul/2021:10:39:39 +0800] "GET /xingrg/kc/buy/cgsh_order_operate.html?command=get_materiel&rest_code=00141&code=00101008176&supplier_code=00100007&order_time=2021-07-21 HTTP/1.1" 200 412
222.70.175.207 - - [21/Jul/2021:10:39:42 +0800] "GET /xingrg/kc/buy/cgsh_order_operate.html?command=get_materiel&rest_code=00146&code=00101008067&supplier_code=00100005&order_time=2021-07-21 HTTP/1.1" 200 416
116.230.110.80 - - [21/Jul/2021:10:39:44 +0800] "GET /xingrg/kc/buy/cgsh_order_operate.html?command=get_materiel&rest_code=00155&code=00101008196&supplier_code=00100005&order_time=2021-07-21 HTTP/1.1" 200 416
222.69.128.214 - - [21/Jul/2021:10:39:44 +0800] "GET /xingrg/all/function/internal_message.html?_=1626835181086&CODE_STATE=getMsg HTTP/1.1" 200 27
180.169.147.146 - - [21/Jul/2021:10:39:49 +0800] "GET /xingrg/check_reg.html?_=1626835188276 HTTP/1.1" 200 22
180.169.147.146 - - [21/Jul/2021:10:39:49 +0800] "GET /xingrg/all/function/internal_message.html?_=1626835188281&CODE_STATE=getMsg HTTP/1.1" 200 27
222.70.175.207 - - [21/Jul/2021:10:39:50 +0800] "GET /xingrg/check_reg.html?_=1626835198467 HTTP/1.1" 200 22
222.70.175.207 - - [21/Jul/2021:10:39:50 +0800] "GET /xingrg/all/function/internal_message.html?_=1626835198623&CODE_STATE=getMsg HTTP/1.1" 200 27
180.174.226.65 - - [21/Jul/2021:10:39:51 +0800] "GET /xingrg/kc/buy/cgsh_order_operate.html?command=get_materiel&rest_code=00102&code=00101008354&supplier_code=00100008&order_time=2021-07-21 HTTP/1.1" 200 412
172.20.0.100 - - [21/Jul/2021:10:39:52 +0800] "POST /xingrg/dwr/call/plaincall/AjaxGetFirstChart.getFirstChart.dwr HTTP/1.1" 200 80
116.230.110.80 - - [21/Jul/2021:10:39:52 +0800] "GET /xingrg/kc/buy/cgsh_order_operate.html?command=get_materiel&rest_code=00155&code=00101008223&supplier_code=00100005&order_time=2021-07-21 HTTP/1.1" 200 412
172.20.0.100 - - [21/Jul/2021:10:39:55 +0800] "POST /xingrg/dwr/call/plaincall/AjaxBaseInfoService.changeUnitGroup.dwr HTTP/1.1" 200 243
180.169.147.146 - - [21/Jul/2021:10:39:55 +0800] "GET /xingrg/all/function/internal_message.html?_=1626835190423&CODE_STATE=getMsg HTTP/1.1" 200 27
116.230.110.80 - - [21/Jul/2021:10:39:55 +0800] "POST /xingrg/kc/buy/cgsh_order_operate.html HTTP/1.1" 200 2065
222.70.175.207 - - [21/Jul/2021:10:39:56 +0800] "GET /xingrg/kc/buy/cgsh_order_operate.html?command=get_materiel&rest_code=00146&code=00101008024&supplier_code=00100005&order_time=2021-07-21 HTTP/1.1" 200 408
58.37.225.51 - - [21/Jul/2021:10:39:57 +0800] "GET /xingrg/kc/buy/cgsh_order_operate.html?command=get_materiel&rest_code=00141&code=00101008132&supplier_code=00100007&order_time=2021-07-21 HTTP/1.1" 200 408
172.20.0.100 - - [21/Jul/2021:10:39:57 +0800] "POST /xingrg/dwr/call/plaincall/AjaxBaseInfoService.saveMateriel.dwr HTTP/1.1" 200 109
172.20.0.100 - - [21/Jul/2021:10:39:58 +0800] "POST /xingrg/dwr/call/plaincall/AjaxBaseInfoService.getMateriels.dwr HTTP/1.1" 200 3011
116.237.74.182 - - [21/Jul/2021:10:39:58 +0800] "GET /xingrg/all/function/internal_message.html?_=1626835193509&CODE_STATE=getMsg HTTP/1.1" 200 27
116.237.74.182 - - [21/Jul/2021:10:39:58 +0800] "GET /xingrg/check_reg.html?_=1626835193584 HTTP/1.1" 200 22
180.157.255.9 - - [21/Jul/2021:10:39:58 +0800] "GET /xingrg/all/function/internal_message.html?_=1626835201397&CODE_STATE=getMsg HTTP/1.1" 200 27
180.157.255.9 - - [21/Jul/2021:10:39:58 +0800] "GET /xingrg/check_reg.html?_=1626835201399 HTTP/1.1" 200 22
180.174.226.65 - - [21/Jul/2021:10:39:59 +0800] "GET /xingrg/kc/buy/cgsh_order_operate.html?command=get_materiel&rest_code=00102&code=00101008096&supplier_code=00100008&order_time=2021-07-21 HTTP/1.1" 200 412
101.83.145.79 - - [21/Jul/2021:10:39:59 +0800] "GET /xingrg/kc/buy/cgsh_order_add.html HTTP/1.1" 200 62838
172.20.0.100 - - [21/Jul/2021:10:39:59 +0800] "GET /xingrg/system/info/materiel_info.html?code=00101006&isAdd=1 HTTP/1.1" 200 34663
172.20.0.100 - - [21/Jul/2021:10:39:59 +0800] "GET /xingrg/dwr/interface/AjaxBaseInfoService.js HTTP/1.1" 200 21363
172.20.0.100 - - [21/Jul/2021:10:39:59 +0800] "GET /xingrg/dwr/interface/AjaxGetFirstChart.js HTTP/1.1" 200 631
172.20.0.100 - - [21/Jul/2021:10:39:59 +0800] "GET /xingrg/dwr/interface/AjaxComOrderService.js HTTP/1.1" 200 18264
172.20.0.100 - - [21/Jul/2021:10:39:59 +0800] "GET /xingrg/dwr/engine.js HTTP/1.1" 200 43631
101.83.145.79 - - [21/Jul/2021:10:39:59 +0800] "GET /xingrg/words/20210721103957_words.js HTTP/1.1" 200 826571
172.20.0.100 - - [21/Jul/2021:10:39:59 +0800] "POST /xingrg/all/common/load_tree.html?tree=area_rest_tree_json HTTP/1.1" 200 3466
172.20.0.100 - - [21/Jul/2021:10:39:59 +0800] "POST /xingrg/dwr/call/plaincall/AjaxBaseInfoService.getMaterielInfo.dwr HTTP/1.1" 200 204
172.20.0.100 - - [21/Jul/2021:10:39:59 +0800] "POST /xingrg/all/common/load_tree.html?tree=area_rest_tree_json&defaultRests=undefined HTTP/1.1" 200 3466
101.83.145.79 - - [21/Jul/2021:10:40:00 +0800] "POST /xingrg/kc/buy/cgsh_order_operate.html HTTP/1.1" 200 8245
101.83.145.79 - - [21/Jul/2021:10:40:00 +0800] "GET /xingrg/javascript/easyui/themes/default/validatebox.css HTTP/1.1" 404 1104
222.70.175.207 - - [21/Jul/2021:10:40:00 +0800] "POST /xingrg/kc/buy/cgsh_order_operate.html HTTP/1.1" 200 2065
180.169.147.146 - - [21/Jul/2021:10:40:00 +0800] "GET /xingrg/all/function/internal_message.html?_=1626835197413&CODE_STATE=getMsg HTTP/1.1" 302 -
116.230.110.80 - - [21/Jul/2021:10:40:03 +0800] "GET /xingrg/kc/buy/cgsh_order_operate.html?command=get_materiel&rest_code=00155&code=00101008136&supplier_code=00100005&order_time=2021-07-21 HTTP/1.1" 200 413
222.70.176.145 - - [21/Jul/2021:10:40:05 +0800] "GET /xingrg/all/function/internal_message.html?_=1626835202113&CODE_STATE=getMsg HTTP/1.1" 200 27
180.174.226.65 - - [21/Jul/2021:10:40:07 +0800] "GET /xingrg/kc/buy/cgsh_order_operate.html?command=get_materiel&rest_code=00102&code=00101008084&supplier_code=00100008&order_time=2021-07-21 HTTP/1.1" 200 412
180.169.147.146 - - [21/Jul/2021:10:40:07 +0800] "GET /xingrg/all/function/internal_message.html?_=1626835205404&CODE_STATE=getMsg HTTP/1.1" 200 27
180.174.226.65 - - [21/Jul/2021:10:40:08 +0800] "GET /xingrg/all/function/internal_message.html?_=1626835204582&CODE_STATE=getMsg HTTP/1.1" 200 27
172.20.0.100 - - [21/Jul/2021:10:40:08 +0800] "POST /xingrg/dwr/call/plaincall/AjaxGetFirstChart.getFirstChart.dwr HTTP/1.1" 200 80
222.70.175.207 - - [21/Jul/2021:10:40:09 +0800] "GET /xingrg/kc/buy/cgsh_order_operate.html?command=get_materiel&rest_code=00146&code=00101008356&supplier_code=00100005&order_time=2021-07-21 HTTP/1.1" 200 409
172.20.0.100 - - [21/Jul/2021:10:40:11 +0800] "POST /xingrg/dwr/call/plaincall/AjaxBaseInfoService.changeUnitGroup.dwr HTTP/1.1" 200 243
172.20.0.100 - - [21/Jul/2021:10:40:12 +0800] "GET /xingrg/all/function/internal_message.html?_=1626835210638&CODE_STATE=getMsg HTTP/1.1" 200 27
172.20.0.100 - - [21/Jul/2021:10:40:13 +0800] "POST /xingrg/dwr/call/plaincall/AjaxBaseInfoService.saveMateriel.dwr HTTP/1.1" 200 109
172.20.0.100 - - [21/Jul/2021:10:40:13 +0800] "POST /xingrg/dwr/call/plaincall/AjaxBaseInfoService.getMateriels.dwr HTTP/1.1" 200 3011
180.174.226.65 - - [21/Jul/2021:10:40:13 +0800] "GET /xingrg/kc/buy/cgsh_order_operate.html?command=get_materiel&rest_code=00102&code=00101008355&supplier_code=00100008&order_time=2021-07-21 HTTP/1.1" 200 410
180.157.255.9 - - [21/Jul/2021:10:40:14 +0800] "GET /xingrg/kc/buy/cgsh_order_add.html HTTP/1.1" 200 62797
180.157.255.9 - - [21/Jul/2021:10:40:14 +0800] "GET /xingrg/words/20210721104013_words.js HTTP/1.1" 200 826628
180.157.255.9 - - [21/Jul/2021:10:40:14 +0800] "POST /xingrg/kc/buy/cgsh_order_operate.html HTTP/1.1" 200 8245
180.157.255.9 - - [21/Jul/2021:10:40:14 +0800] "GET /xingrg/javascript/easyui/themes/default/validatebox.css HTTP/1.1" 404 1104
172.20.0.100 - - [21/Jul/2021:10:40:14 +0800] "GET /xingrg/system/info/materiel_info.html?code=00101006&isAdd=1 HTTP/1.1" 200 34663
172.20.0.100 - - [21/Jul/2021:10:40:15 +0800] "GET /xingrg/dwr/interface/AjaxBaseInfoService.js HTTP/1.1" 200 21363
172.20.0.100 - - [21/Jul/2021:10:40:15 +0800] "GET /xingrg/dwr/interface/AjaxGetFirstChart.js HTTP/1.1" 200 631
172.20.0.100 - - [21/Jul/2021:10:40:15 +0800] "GET /xingrg/dwr/interface/AjaxComOrderService.js HTTP/1.1" 200 18264
172.20.0.100 - - [21/Jul/2021:10:40:15 +0800] "GET /xingrg/dwr/engine.js HTTP/1.1" 200 43631
172.20.0.100 - - [21/Jul/2021:10:40:15 +0800] "POST /xingrg/all/common/load_tree.html?tree=area_rest_tree_json HTTP/1.1" 200 3466
172.20.0.100 - - [21/Jul/2021:10:40:15 +0800] "POST /xingrg/dwr/call/plaincall/AjaxBaseInfoService.getMaterielInfo.dwr HTTP/1.1" 200 204
172.20.0.100 - - [21/Jul/2021:10:40:15 +0800] "POST /xingrg/all/common/load_tree.html?tree=area_rest_tree_json&defaultRests=undefined HTTP/1.1" 200 3466
116.230.110.80 - - [21/Jul/2021:10:40:16 +0800] "GET /xingrg/all/function/internal_message.html?_=1626835214303&CODE_STATE=getMsg HTTP/1.1" 200 27
172.20.0.100 - - [21/Jul/2021:10:40:18 +0800] "POST /xingrg/dwr/call/plaincall/AjaxGetFirstChart.getFirstChart.dwr HTTP/1.1" 200 81
116.237.74.182 - - [21/Jul/2021:10:40:18 +0800] "GET /xingrg/all/function/internal_message.html?_=1626835216692&CODE_STATE=getMsg HTTP/1.1" 200 27
180.174.226.65 - - [21/Jul/2021:10:40:19 +0800] "GET /xingrg/kc/buy/cgsh_order_operate.html?command=get_materiel&rest_code=00102&code=00101008004&supplier_code=00100008&order_time=2021-07-21 HTTP/1.1" 200 416
172.20.0.100 - - [21/Jul/2021:10:40:20 +0800] "POST /xingrg/dwr/call/plaincall/AjaxBaseInfoService.changeUnitGroup.dwr HTTP/1.1" 200 243
222.70.175.207 - - [21/Jul/2021:10:40:21 +0800] "GET /xingrg/kc/buy/cgsh_order_operate.html?command=get_materiel&rest_code=00146&code=00101008357&supplier_code=00100005&order_time=2021-07-21 HTTP/1.1" 200 410
180.156.224.123 - - [21/Jul/2021:10:40:21 +0800] "GET /xingrg/all/function/internal_message.html?_=1626835219145&CODE_STATE=getMsg HTTP/1.1" 200 27
58.40.7.146 - - [21/Jul/2021:10:40:21 +0800] "GET /xingrg/check_reg.html?_=1626835219489 HTTP/1.1" 200 22
58.40.7.146 - - [21/Jul/2021:10:40:21 +0800] "GET /xingrg/all/function/internal_message.html?_=1626835219490&CODE_STATE=getMsg HTTP/1.1" 200 27
180.174.226.65 - - [21/Jul/2021:10:40:21 +0800] "POST /xingrg/kc/buy/cgsh_order_operate.html HTTP/1.1" 200 2065
172.20.0.100 - - [21/Jul/2021:10:40:22 +0800] "POST /xingrg/dwr/call/plaincall/AjaxBaseInfoService.saveMateriel.dwr HTTP/1.1" 200 109
172.20.0.100 - - [21/Jul/2021:10:40:22 +0800] "POST /xingrg/dwr/call/plaincall/AjaxBaseInfoService.getMateriels.dwr HTTP/1.1" 200 3011
180.169.147.146 - - [21/Jul/2021:10:40:22 +0800] "GET /xingrg/all/function/internal_message.html?_=1626835222274&CODE_STATE=getMsg HTTP/1.1" 200 27
172.20.0.100 - - [21/Jul/2021:10:40:23 +0800] "GET /xingrg/system/info/materiel_info.html?code=00101006&isAdd=1 HTTP/1.1" 200 34663
172.20.0.100 - - [21/Jul/2021:10:40:23 +0800] "GET /xingrg/dwr/interface/AjaxBaseInfoService.js HTTP/1.1" 200 21363
172.20.0.100 - - [21/Jul/2021:10:40:23 +0800] "GET /xingrg/dwr/interface/AjaxGetFirstChart.js HTTP/1.1" 200 631
172.20.0.100 - - [21/Jul/2021:10:40:23 +0800] "GET /xingrg/dwr/interface/AjaxComOrderService.js HTTP/1.1" 200 18264
172.20.0.100 - - [21/Jul/2021:10:40:23 +0800] "GET /xingrg/dwr/engine.js HTTP/1.1" 200 43631
172.20.0.100 - - [21/Jul/2021:10:40:23 +0800] "POST /xingrg/all/common/load_tree.html?tree=area_rest_tree_json HTTP/1.1" 200 3466
172.20.0.100 - - [21/Jul/2021:10:40:23 +0800] "POST /xingrg/dwr/call/plaincall/AjaxBaseInfoService.getMaterielInfo.dwr HTTP/1.1" 200 204
172.20.0.100 - - [21/Jul/2021:10:40:23 +0800] "POST /xingrg/all/common/load_tree.html?tree=area_rest_tree_json&defaultRests=undefined HTTP/1.1" 200 3466
117.184.7.30 - - [21/Jul/2021:10:40:24 +0800] "GET /xingrg/all/function/internal_message.html?_=1626835220634&CODE_STATE=getMsg HTTP/1.1" 200 27
120.253.135.82 - - [21/Jul/2021:10:40:25 +0800] "GET /xingrg/all/function/internal_message.html?_=1626835001107&CODE_STATE=getMsg HTTP/1.1" 200 27
180.174.226.65 - - [21/Jul/2021:10:40:25 +0800] "GET /xingrg/kc/buy/cgsh_order_operate.html?command=get_materiel&rest_code=00102&code=00101008067&supplier_code=00100008&order_time=2021-07-21 HTTP/1.1" 200 416
101.85.107.54 - - [21/Jul/2021:10:40:27 +0800] "GET /xingrg/all/function/internal_message.html?_=1626835223179&CODE_STATE=getMsg HTTP/1.1" 200 27
172.20.0.100 - - [21/Jul/2021:10:40:28 +0800] "POST /xingrg/dwr/call/plaincall/AjaxGetFirstChart.getFirstChart.dwr HTTP/1.1" 200 80
172.20.0.100 - - [21/Jul/2021:10:40:30 +0800] "POST /xingrg/dwr/call/plaincall/AjaxBaseInfoService.changeUnitGroup.dwr HTTP/1.1" 200 243
180.174.226.65 - - [21/Jul/2021:10:40:31 +0800] "POST /xingrg/kc/buy/cgsh_order_operate.html HTTP/1.1" 200 37
58.37.225.51 - - [21/Jul/2021:10:40:31 +0800] "GET /xingrg/all/function/internal_message.html?_=1626835147203&CODE_STATE=getMsg HTTP/1.1" 200 27
172.20.0.100 - - [21/Jul/2021:10:40:31 +0800] "POST /xingrg/dwr/call/plaincall/AjaxBaseInfoService.saveMateriel.dwr HTTP/1.1" 200 109
172.20.0.100 - - [21/Jul/2021:10:40:31 +0800] "POST /xingrg/dwr/call/plaincall/AjaxBaseInfoService.getMateriels.dwr HTTP/1.1" 200 3011
180.156.224.123 - - [21/Jul/2021:10:40:32 +0800] "GET /xingrg/login.html HTTP/1.1" 200 7641
180.156.224.123 - - [21/Jul/2021:10:40:32 +0800] "GET /xingrg/images/blue/login_bg.png HTTP/1.1" 304 -
180.156.224.123 - - [21/Jul/2021:10:40:32 +0800] "GET /xingrg/images/blue/hj.png HTTP/1.1" 304 -
180.156.224.123 - - [21/Jul/2021:10:40:32 +0800] "GET /xingrg/images/blue/srbg.png HTTP/1.1" 304 -
180.156.224.123 - - [21/Jul/2021:10:40:32 +0800] "GET /favicon.ico HTTP/1.1" 404 -
180.174.226.65 - - [21/Jul/2021:10:40:32 +0800] "POST /xingrg/kc/buy/cgsh_order_operate.html HTTP/1.1" 200 13916
172.20.0.100 - - [21/Jul/2021:10:40:33 +0800] "GET /xingrg/system/info/materiel_info.html?code=00101006&isAdd=1 HTTP/1.1" 200 34663
172.20.0.100 - - [21/Jul/2021:10:40:33 +0800] "GET /xingrg/dwr/interface/AjaxBaseInfoService.js HTTP/1.1" 200 21363
172.20.0.100 - - [21/Jul/2021:10:40:33 +0800] "GET /xingrg/dwr/interface/AjaxGetFirstChart.js HTTP/1.1" 200 631
172.20.0.100 - - [21/Jul/2021:10:40:33 +0800] "GET /xingrg/dwr/interface/AjaxComOrderService.js HTTP/1.1" 200 18264
172.20.0.100 - - [21/Jul/2021:10:40:33 +0800] "GET /xingrg/dwr/engine.js HTTP/1.1" 200 43631
172.20.0.100 - - [21/Jul/2021:10:40:33 +0800] "POST /xingrg/all/common/load_tree.html?tree=area_rest_tree_json HTTP/1.1" 200 3466
172.20.0.100 - - [21/Jul/2021:10:40:33 +0800] "POST /xingrg/dwr/call/plaincall/AjaxBaseInfoService.getMaterielInfo.dwr HTTP/1.1" 200 204
222.70.175.207 - - [21/Jul/2021:10:40:33 +0800] "GET /xingrg/kc/buy/cgsh_order_operate.html?command=get_materiel&rest_code=00146&code=00101008131&supplier_code=00100005&order_time=2021-07-21 HTTP/1.1" 200 408
172.20.0.100 - - [21/Jul/2021:10:40:33 +0800] "POST /xingrg/all/common/load_tree.html?tree=area_rest_tree_json&defaultRests=undefined HTTP/1.1" 200 3466
116.235.222.38 - - [21/Jul/2021:10:40:33 +0800] "GET /xingrg/all/function/internal_message.html?_=1626835228335&CODE_STATE=getMsg HTTP/1.1" 200 27
180.156.224.123 - - [21/Jul/2021:10:40:33 +0800] "POST /xingrg/login.do HTTP/1.1" 302 -
180.156.224.123 - - [21/Jul/2021:10:40:33 +0800] "GET /xingrg/index.html?sysBaseUrl=http%3A%2F%2F180.169.147.146%3A18081%2Fxingrg%2F&costTime=36×tamp=1626835233871 HTTP/1.1" 200 17179
180.156.224.123 - - [21/Jul/2021:10:40:33 +0800] "GET /xingrg/javascript/jquery_easy_ui/themes/icon.css HTTP/1.1" 304 -
180.156.224.123 - - [21/Jul/2021:10:40:33 +0800] "GET /xingrg/css/form.css HTTP/1.1" 304 -
180.156.224.123 - - [21/Jul/2021:10:40:33 +0800] "GET /xingrg/javascript/jquery_easy_ui/themes/default/easyui.css HTTP/1.1" 304 -
180.156.224.123 - - [21/Jul/2021:10:40:33 +0800] "GET /xingrg/javascript/jquery_easy_ui/jquery.easyui.min.js HTTP/1.1" 304 -
180.156.224.123 - - [21/Jul/2021:10:40:33 +0800] "GET /xingrg/javascript/jquery_easy_ui/easyui-lang-zh_CN.js HTTP/1.1" 304 -
180.156.224.123 - - [21/Jul/2021:10:40:33 +0800] "GET /xingrg/javascript/jquery-1.4.2.min.js HTTP/1.1" 304 -
180.156.224.123 - - [21/Jul/2021:10:40:33 +0800] "GET /xingrg/javascript/jquery.form.js HTTP/1.1" 304 -
180.156.224.123 - - [21/Jul/2021:10:40:33 +0800] "GET /xingrg/javascript/jquery.utils.js HTTP/1.1" 304 -
180.156.224.123 - - [21/Jul/2021:10:40:33 +0800] "GET /xingrg/javascript/jquery.timers.js HTTP/1.1" 304 -
180.156.224.123 - - [21/Jul/2021:10:40:34 +0800] "GET /favicon.ico HTTP/1.1" 404 -
180.174.226.65 - - [21/Jul/2021:10:40:34 +0800] "GET /xingrg/javascript/jquery_easy_ui/themes/default/images/tabs_active.png HTTP/1.1" 304 -
180.174.226.65 - - [21/Jul/2021:10:40:34 +0800] "GET /xingrg/javascript/jquery_easy_ui/themes/default/images/tabs_active.png HTTP/1.1" 304 -
180.156.224.123 - - [21/Jul/2021:10:40:34 +0800] "POST /xingrg/all/common/load_tree.html?tree=area_rest_tree_json&manage=1 HTTP/1.1" 200 476
180.156.224.123 - - [21/Jul/2021:10:40:34 +0800] "GET /xingrg/all/function/internal_message.html?_=1626835204563&CODE_STATE=count HTTP/1.1" 200 11
180.156.224.123 - - [21/Jul/2021:10:40:34 +0800] "GET /xingrg/check_reg.html?_=1626835204564 HTTP/1.1" 200 22
180.156.224.123 - - [21/Jul/2021:10:40:34 +0800] "POST /xingrg/load_menu.html HTTP/1.1" 200 5138
180.156.224.123 - - [21/Jul/2021:10:40:34 +0800] "GET /xingrg/javascript/jquery_easy_ui/themes/default/images/tree_arrows.gif HTTP/1.1" 304 -
180.156.224.123 - - [21/Jul/2021:10:40:34 +0800] "GET /xingrg/javascript/jquery_easy_ui/themes/default/images/tree_folder_open.gif HTTP/1.1" 304 -
180.156.224.123 - - [21/Jul/2021:10:40:34 +0800] "GET /xingrg/javascript/jquery_easy_ui/themes/icons/search_new.png HTTP/1.1" 304 -
180.156.224.123 - - [21/Jul/2021:10:40:34 +0800] "GET /xingrg/javascript/jquery_easy_ui/themes/default/images/tree_folder.gif HTTP/1.1" 304 -
180.156.224.123 - - [21/Jul/2021:10:40:34 +0800] "GET /xingrg/javascript/jquery_easy_ui/themes/icons/storage_new.png HTTP/1.1" 304 -
180.156.224.123 - - [21/Jul/2021:10:40:34 +0800] "GET /xingrg/javascript/jquery_easy_ui/themes/icons/forms_new.png HTTP/1.1" 304 -
180.156.224.123 - - [21/Jul/2021:10:40:34 +0800] "GET /xingrg/javascript/jquery_easy_ui/themes/default/images/tree_file.gif HTTP/1.1" 304 -
101.83.145.79 - - [21/Jul/2021:10:40:35 +0800] "GET /xingrg/all/function/internal_message.html?_=1626835198161&CODE_STATE=getMsg HTTP/1.1" 200 27
180.174.226.65 - - [21/Jul/2021:10:40:36 +0800] "POST /xingrg/kc/buy/cgsh_list_operate.html HTTP/1.1" 200 2410
172.20.0.100 - - [21/Jul/2021:10:40:37 +0800] "POST /xingrg/dwr/call/plaincall/AjaxGetFirstChart.getFirstChart.dwr HTTP/1.1" 200 81
180.156.224.123 - - [21/Jul/2021:10:40:38 +0800] "GET /xingrg/javascript/jquery_easy_ui/themes/icons/area.png HTTP/1.1" 304 -
180.156.224.123 - - [21/Jul/2021:10:40:38 +0800] "GET /xingrg/javascript/jquery_easy_ui/themes/icons/rest.png HTTP/1.1" 304 -
180.156.224.123 - - [21/Jul/2021:10:40:38 +0800] "GET /xingrg/javascript/jquery_easy_ui/themes/default/images/button_a_bg.gif HTTP/1.1" 304 -
180.156.224.123 - - [21/Jul/2021:10:40:38 +0800] "GET /xingrg/javascript/jquery_easy_ui/themes/default/images/button_span_bg.gif HTTP/1.1" 304 -
180.156.224.123 - - [21/Jul/2021:10:40:38 +0800] "GET /xingrg/javascript/jquery_easy_ui/themes/icons/ok.png HTTP/1.1" 304 -
180.156.224.123 - - [21/Jul/2021:10:40:38 +0800] "GET /xingrg/javascript/jquery_easy_ui/themes/default/images/panel_tools.gif HTTP/1.1" 304 -
180.156.224.123 - - [21/Jul/2021:10:40:38 +0800] "GET /xingrg/javascript/jquery_easy_ui/themes/default/images/panel_title.png HTTP/1.1" 304 -
116.232.49.80 - - [21/Jul/2021:10:40:38 +0800] "GET /xingrg/all/function/internal_message.html?_=1626835238770&CODE_STATE=getMsg HTTP/1.1" 200 27
172.20.0.100 - - [21/Jul/2021:10:40:39 +0800] "POST /xingrg/dwr/call/plaincall/AjaxBaseInfoService.changeUnitGroup.dwr HTTP/1.1" 200 243
172.20.0.100 - - [21/Jul/2021:10:40:42 +0800] "POST /xingrg/dwr/call/plaincall/AjaxBaseInfoService.saveMateriel.dwr HTTP/1.1" 200 109
172.20.0.100 - - [21/Jul/2021:10:40:42 +0800] "POST /xingrg/dwr/call/plaincall/AjaxBaseInfoService.getMateriels.dwr HTTP/1.1" 200 3012
172.20.0.100 - - [21/Jul/2021:10:40:43 +0800] "GET /xingrg/system/info/materiel_info.html?code=00101006&isAdd=1 HTTP/1.1" 200 34663
172.20.0.100 - - [21/Jul/2021:10:40:43 +0800] "GET /xingrg/dwr/interface/AjaxBaseInfoService.js HTTP/1.1" 200 21363
172.20.0.100 - - [21/Jul/2021:10:40:43 +0800] "GET /xingrg/dwr/interface/AjaxGetFirstChart.js HTTP/1.1" 200 631
172.20.0.100 - - [21/Jul/2021:10:40:43 +0800] "GET /xingrg/dwr/interface/AjaxComOrderService.js HTTP/1.1" 200 18264
180.156.224.123 - - [21/Jul/2021:10:40:43 +0800] "GET /xingrg/images/control/ajaxLoader.gif HTTP/1.1" 304 -
172.20.0.100 - - [21/Jul/2021:10:40:43 +0800] "GET /xingrg/dwr/engine.js HTTP/1.1" 200 43631
180.156.224.123 - - [21/Jul/2021:10:40:43 +0800] "POST /xingrg/all/user/operate.html HTTP/1.1" 200 36
180.156.224.123 - - [21/Jul/2021:10:40:43 +0800] "GET /xingrg/javascript/jquery_easy_ui/themes/default/easyui.css HTTP/1.1" 304 -
180.156.224.123 - - [21/Jul/2021:10:40:43 +0800] "GET /xingrg/index.html?sysBaseUrl=http%3A%2F%2F180.169.147.146%3A18081%2Fxingrg%2F&costTime=36×tamp=1626835233871 HTTP/1.1" 200 17177
180.156.224.123 - - [21/Jul/2021:10:40:43 +0800] "GET /xingrg/javascript/jquery_easy_ui/themes/icon.css HTTP/1.1" 304 -
180.156.224.123 - - [21/Jul/2021:10:40:43 +0800] "GET /xingrg/css/form.css HTTP/1.1" 304 -
180.156.224.123 - - [21/Jul/2021:10:40:43 +0800] "GET /xingrg/javascript/jquery-1.4.2.min.js HTTP/1.1" 304 -
180.156.224.123 - - [21/Jul/2021:10:40:43 +0800] "GET /xingrg/javascript/jquery_easy_ui/jquery.easyui.min.js HTTP/1.1" 304 -
180.156.224.123 - - [21/Jul/2021:10:40:43 +0800] "GET /xingrg/javascript/jquery_easy_ui/easyui-lang-zh_CN.js HTTP/1.1" 304 -
172.20.0.100 - - [21/Jul/2021:10:40:43 +0800] "POST /xingrg/all/common/load_tree.html?tree=area_rest_tree_json HTTP/1.1" 200 3466
172.20.0.100 - - [21/Jul/2021:10:40:43 +0800] "POST /xingrg/dwr/call/plaincall/AjaxBaseInfoService.getMaterielInfo.dwr HTTP/1.1" 200 204
180.156.224.123 - - [21/Jul/2021:10:40:43 +0800] "GET /xingrg/javascript/jquery.form.js HTTP/1.1" 304 -
180.156.224.123 - - [21/Jul/2021:10:40:43 +0800] "GET /xingrg/javascript/jquery.utils.js HTTP/1.1" 304 -
180.156.224.123 - - [21/Jul/2021:10:40:43 +0800] "GET /xingrg/javascript/jquery.timers.js HTTP/1.1" 304 -
180.156.224.123 - - [21/Jul/2021:10:40:43 +0800] "GET /xingrg/images/blue/jxLogo.png HTTP/1.1" 304 -
180.156.224.123 - - [21/Jul/2021:10:40:43 +0800] "GET /xingrg/images/blue/navBackgound.jpg HTTP/1.1" 304 -
180.156.224.123 - - [21/Jul/2021:10:40:43 +0800] "GET /xingrg/javascript/jquery_easy_ui/themes/icons/settle_new.png HTTP/1.1" 304 -
180.156.224.123 - - [21/Jul/2021:10:40:43 +0800] "POST /xingrg/all/common/load_tree.html?tree=area_rest_tree_json&manage=1 HTTP/1.1" 200 476
180.156.224.123 - - [21/Jul/2021:10:40:43 +0800] "GET /xingrg/images/blue/pingpu.png HTTP/1.1" 304 -
172.20.0.100 - - [21/Jul/2021:10:40:43 +0800] "POST /xingrg/all/common/load_tree.html?tree=area_rest_tree_json&defaultRests=undefined HTTP/1.1" 200 3466
180.156.224.123 - - [21/Jul/2021:10:40:43 +0800] "GET /xingrg/javascript/jquery_easy_ui/themes/default/images/tabs_rightarrow.png HTTP/1.1" 304 -
180.156.224.123 - - [21/Jul/2021:10:40:43 +0800] "GET /xingrg/javascript/jquery_easy_ui/themes/default/images/tabs_leftarrow.png HTTP/1.1" 304 -
180.156.224.123 - - [21/Jul/2021:10:40:43 +0800] "GET /xingrg/javascript/jquery_easy_ui/themes/default/images/panel_tool_collapse.gif HTTP/1.1" 304 -
180.156.224.123 - - [21/Jul/2021:10:40:43 +0800] "GET /xingrg/all/function/internal_message.html?_=1626835214264&CODE_STATE=count HTTP/1.1" 200 11
180.156.224.123 - - [21/Jul/2021:10:40:43 +0800] "GET /xingrg/check_reg.html?_=1626835214264 HTTP/1.1" 200 22
180.156.224.123 - - [21/Jul/2021:10:40:43 +0800] "POST /xingrg/load_menu.html HTTP/1.1" 200 5138
222.69.128.214 - - [21/Jul/2021:10:40:44 +0800] "GET /xingrg/all/function/internal_message.html?_=1626835241078&CODE_STATE=getMsg HTTP/1.1" 200 27
172.20.0.100 - - [21/Jul/2021:10:40:46 +0800] "POST /xingrg/dwr/call/plaincall/AjaxGetFirstChart.getFirstChart.dwr HTTP/1.1" 200 79
180.174.226.65 - - [21/Jul/2021:10:40:46 +0800] "POST /xingrg/kc/buy/cgsh_list_operate.html HTTP/1.1" 200 4
172.20.0.100 - - [21/Jul/2021:10:40:48 +0800] "POST /xingrg/dwr/call/plaincall/AjaxBaseInfoService.changeUnitGroup.dwr HTTP/1.1" 200 243
180.169.147.146 - - [21/Jul/2021:10:40:49 +0800] "GET /xingrg/all/function/internal_message.html?_=1626835248269&CODE_STATE=getMsg HTTP/1.1" 200 27
172.20.0.100 - - [21/Jul/2021:10:40:49 +0800] "POST /xingrg/dwr/call/plaincall/AjaxBaseInfoService.saveMateriel.dwr HTTP/1.1" 200 109
172.20.0.100 - - [21/Jul/2021:10:40:49 +0800] "POST /xingrg/dwr/call/plaincall/AjaxBaseInfoService.getMateriels.dwr HTTP/1.1" 200 3012
222.70.175.207 - - [21/Jul/2021:10:40:50 +0800] "GET /xingrg/all/function/internal_message.html?_=1626835258636&CODE_STATE=getMsg HTTP/1.1" 200 27
172.20.0.100 - - [21/Jul/2021:10:40:51 +0800] "GET /xingrg/system/info/materiel_info.html?code=00101006&isAdd=1 HTTP/1.1" 200 34663
172.20.0.100 - - [21/Jul/2021:10:40:51 +0800] "GET /xingrg/dwr/interface/AjaxBaseInfoService.js HTTP/1.1" 200 21363
172.20.0.100 - - [21/Jul/2021:10:40:51 +0800] "GET /xingrg/dwr/interface/AjaxGetFirstChart.js HTTP/1.1" 200 631
172.20.0.100 - - [21/Jul/2021:10:40:51 +0800] "GET /xingrg/dwr/interface/AjaxComOrderService.js HTTP/1.1" 200 18264
172.20.0.100 - - [21/Jul/2021:10:40:51 +0800] "GET /xingrg/dwr/engine.js HTTP/1.1" 200 43631
180.156.224.123 - - [21/Jul/2021:10:40:51 +0800] "GET /xingrg/javascript/jquery_easy_ui/themes/default/images/tabs_close.gif HTTP/1.1" 304 -
172.20.0.100 - - [21/Jul/2021:10:40:51 +0800] "POST /xingrg/all/common/load_tree.html?tree=area_rest_tree_json HTTP/1.1" 200 3466
180.156.224.123 - - [21/Jul/2021:10:40:51 +0800] "GET /xingrg/css/base.css HTTP/1.1" 304 -
172.20.0.100 - - [21/Jul/2021:10:40:51 +0800] "POST /xingrg/dwr/call/plaincall/AjaxBaseInfoService.getMaterielInfo.dwr HTTP/1.1" 200 204
180.156.224.123 - - [21/Jul/2021:10:40:51 +0800] "GET /xingrg/javascript/easyui/themes/icon.css HTTP/1.1" 304 -
180.156.224.123 - - [21/Jul/2021:10:40:51 +0800] "GET /xingrg/javascript/easyui/themes/default/easyui.css HTTP/1.1" 304 -
180.156.224.123 - - [21/Jul/2021:10:40:51 +0800] "GET /xingrg/javascript/auto/jquery.autocomplete.css HTTP/1.1" 304 -
180.156.224.123 - - [21/Jul/2021:10:40:51 +0800] "GET /xingrg/javascript/jquery_tools/jquery.tools.extend.js HTTP/1.1" 304 -
180.156.224.123 - - [21/Jul/2021:10:40:51 +0800] "GET /xingrg/javascript/jquery_tools/datebox.css HTTP/1.1" 304 -
180.156.224.123 - - [21/Jul/2021:10:40:51 +0800] "GET /xingrg/javascript/jquery_tools/jquery.tools.min.js HTTP/1.1" 304 -
180.156.224.123 - - [21/Jul/2021:10:40:51 +0800] "GET /xingrg/javascript/jquery_tools/fix.css HTTP/1.1" 304 -
180.156.224.123 - - [21/Jul/2021:10:40:51 +0800] "GET /xingrg/css/site.css HTTP/1.1" 304 -
180.156.224.123 - - [21/Jul/2021:10:40:51 +0800] "GET /xingrg/javascript/jquery_tools/table.css HTTP/1.1" 304 -
180.156.224.123 - - [21/Jul/2021:10:40:51 +0800] "GET /xingrg/javascript/jquery_tools/jquery.tools.hotkey.js HTTP/1.1" 304 -
180.156.224.123 - - [21/Jul/2021:10:40:51 +0800] "GET /xingrg/javascript/jquery_tools/jquery.tools.table.js HTTP/1.1" 304 -
180.156.224.123 - - [21/Jul/2021:10:40:51 +0800] "GET /xingrg/javascript/auto/jquery.autocomplete.js HTTP/1.1" 304 -
180.156.224.123 - - [21/Jul/2021:10:40:51 +0800] "GET /xingrg/javascript/jquery_tools/list_manager.js HTTP/1.1" 304 -
180.156.224.123 - - [21/Jul/2021:10:40:51 +0800] "GET /xingrg/javascript/easyui/easyloader.js HTTP/1.1" 304 -
180.156.224.123 - - [21/Jul/2021:10:40:51 +0800] "GET /xingrg/javascript/jquery.cookie.js HTTP/1.1" 304 -
180.156.224.123 - - [21/Jul/2021:10:40:51 +0800] "GET /xingrg/javascript/print/LodopFuncs.js HTTP/1.1" 304 -
180.156.224.123 - - [21/Jul/2021:10:40:51 +0800] "GET /xingrg/kc/buy/cgsh_order_list.html HTTP/1.1" 200 47057
172.20.0.100 - - [21/Jul/2021:10:40:51 +0800] "POST /xingrg/all/common/load_tree.html?tree=area_rest_tree_json&defaultRests=undefined HTTP/1.1" 200 3466
180.156.224.123 - - [21/Jul/2021:10:40:51 +0800] "GET /xingrg/javascript/easyui/themes/icons/edit_add_new.png HTTP/1.1" 304 -
180.156.224.123 - - [21/Jul/2021:10:40:51 +0800] "GET /xingrg/javascript/easyui/themes/icons/cance_new.png HTTP/1.1" 304 -
180.156.224.123 - - [21/Jul/2021:10:40:51 +0800] "GET /xingrg/javascript/easyui/themes/icons/check_new.png HTTP/1.1" 304 -
180.156.224.123 - - [21/Jul/2021:10:40:51 +0800] "GET /xingrg/javascript/easyui/themes/icons/field_new.png HTTP/1.1" 304 -
180.156.224.123 - - [21/Jul/2021:10:40:51 +0800] "GET /xingrg/javascript/easyui/themes/icons/import_new.png HTTP/1.1" 304 -
180.156.224.123 - - [21/Jul/2021:10:40:51 +0800] "GET /xingrg/javascript/easyui/plugins/jquery.parser.js HTTP/1.1" 304 -
180.156.224.123 - - [21/Jul/2021:10:40:52 +0800] "POST /xingrg/kc/buy/cgsh_list_operate.html HTTP/1.1" 200 876
180.156.224.123 - - [21/Jul/2021:10:40:54 +0800] "GET /xingrg/javascript/easyui/themes/default/images/button_plain_hover.png HTTP/1.1" 304 -
180.156.224.123 - - [21/Jul/2021:10:40:55 +0800] "GET /xingrg/javascript/pic_change.js HTTP/1.1" 304 -
180.156.224.123 - - [21/Jul/2021:10:40:55 +0800] "GET /xingrg/javascript/jquery_tools/order_manager.js HTTP/1.1" 304 -
180.156.224.123 - - [21/Jul/2021:10:40:55 +0800] "GET /xingrg/javascript/convert.js HTTP/1.1" 304 -
180.156.224.123 - - [21/Jul/2021:10:40:55 +0800] "GET /xingrg/javascript/json2.js HTTP/1.1" 304 -
180.156.224.123 - - [21/Jul/2021:10:40:55 +0800] "GET /xingrg/javascript/print/kc_print.js HTTP/1.1" 304 -
180.156.224.123 - - [21/Jul/2021:10:40:55 +0800] "GET /xingrg/kc/buy/cgsh_order_add.html HTTP/1.1" 200 62445
180.156.224.123 - - [21/Jul/2021:10:40:55 +0800] "GET /xingrg/words/20210721104049_words.js HTTP/1.1" 200 826859
180.156.224.123 - - [21/Jul/2021:10:40:55 +0800] "GET /xingrg/javascript/easyui/themes/icons/copy_new.png HTTP/1.1" 304 -
180.156.224.123 - - [21/Jul/2021:10:40:55 +0800] "GET /xingrg/javascript/easyui/themes/icons/template_new.png HTTP/1.1" 304 -
180.156.224.123 - - [21/Jul/2021:10:40:55 +0800] "GET /xingrg/javascript/easyui/themes/icons/ok.png HTTP/1.1" 304 -
180.156.224.123 - - [21/Jul/2021:10:40:55 +0800] "GET /xingrg/javascript/easyui/themes/icons/print.png HTTP/1.1" 304 -
180.156.224.123 - - [21/Jul/2021:10:40:55 +0800] "GET /xingrg/javascript/easyui/themes/default/images/menu_downarrow.png HTTP/1.1" 304 -
180.156.224.123 - - [21/Jul/2021:10:40:55 +0800] "GET /xingrg/javascript/easyui/themes/icons/cancel.png HTTP/1.1" 304 -
180.156.224.123 - - [21/Jul/2021:10:40:55 +0800] "POST /xingrg/kc/buy/cgsh_order_operate.html HTTP/1.1" 200 8245
180.156.224.123 - - [21/Jul/2021:10:40:55 +0800] "GET /xingrg/javascript/easyui/themes/icons/edit_remove.png HTTP/1.1" 304 -
180.156.224.123 - - [21/Jul/2021:10:40:55 +0800] "GET /xingrg/all/common/auto_word.html?type=employee&rest_code=00151 HTTP/1.1" 200 243
180.169.147.146 - - [21/Jul/2021:10:40:55 +0800] "GET /xingrg/all/function/internal_message.html?_=1626835250424&CODE_STATE=getMsg HTTP/1.1" 200 27
180.169.147.146 - - [21/Jul/2021:10:40:55 +0800] "GET /xingrg/check_reg.html?_=1626835250450 HTTP/1.1" 200 22
180.156.224.123 - - [21/Jul/2021:10:40:55 +0800] "GET /xingrg/all/common/auto_word.html?type=employee&rest_code=00151 HTTP/1.1" 200 243
180.156.224.123 - - [21/Jul/2021:10:40:55 +0800] "GET /xingrg/javascript/easyui/themes/default/validatebox.css HTTP/1.1" 404 1104
180.156.224.123 - - [21/Jul/2021:10:40:55 +0800] "GET /xingrg/javascript/easyui/plugins/jquery.validatebox.js HTTP/1.1" 304 -
180.156.224.123 - - [21/Jul/2021:10:40:55 +0800] "GET /xingrg/javascript/easyui/plugins/jquery.numberbox.js HTTP/1.1" 304 -
222.70.175.207 - - [21/Jul/2021:10:40:56 +0800] "GET /xingrg/kc/buy/cgsh_order_operate.html?command=get_materiel&rest_code=00146&code=00101008353&supplier_code=00100005&order_time=2021-07-21 HTTP/1.1" 200 408
180.174.226.65 - - [21/Jul/2021:10:40:57 +0800] "POST /xingrg/kc/buy/cgsh_list_operate.html HTTP/1.1" 200 876
116.237.74.182 - - [21/Jul/2021:10:40:58 +0800] "GET /xingrg/all/function/internal_message.html?_=1626835253483&CODE_STATE=getMsg HTTP/1.1" 200 27
180.157.255.9 - - [21/Jul/2021:10:40:58 +0800] "GET /xingrg/all/function/internal_message.html?_=1626835261395&CODE_STATE=getMsg HTTP/1.1" 200 27
222.70.175.207 - - [21/Jul/2021:10:40:59 +0800] "POST /xingrg/kc/buy/cgsh_order_operate.html HTTP/1.1" 200 2065
180.169.147.146 - - [21/Jul/2021:10:41:00 +0800] "GET /xingrg/all/function/internal_message.html?_=1626835257427&CODE_STATE=getMsg HTTP/1.1" 302 -
222.70.175.207 - - [21/Jul/2021:10:41:05 +0800] "GET /xingrg/kc/buy/cgsh_order_operate.html?command=get_materiel&rest_code=00146&code=00101008213&supplier_code=00100005&order_time=2021-07-21 HTTP/1.1" 200 412
222.70.176.145 - - [21/Jul/2021:10:41:05 +0800] "GET /xingrg/all/function/internal_message.html?_=1626835262100&CODE_STATE=getMsg HTTP/1.1" 200 27
180.169.147.146 - - [21/Jul/2021:10:41:07 +0800] "GET /xingrg/check_reg.html?_=1626835265404 HTTP/1.1" 200 22
180.169.147.146 - - [21/Jul/2021:10:41:07 +0800] "GET /xingrg/all/function/internal_message.html?_=1626835265407&CODE_STATE=getMsg HTTP/1.1" 200 27
180.174.226.65 - - [21/Jul/2021:10:41:08 +0800] "GET /xingrg/all/function/internal_message.html?_=1626835264595&CODE_STATE=getMsg HTTP/1.1" 200 27
180.156.224.123 - - [21/Jul/2021:10:41:09 +0800] "POST /xingrg/all/user/operate.html HTTP/1.1" 200 36
180.156.224.123 - - [21/Jul/2021:10:41:10 +0800] "GET /xingrg/index.html?sysBaseUrl=http%3A%2F%2F180.169.147.146%3A18081%2Fxingrg%2F&costTime=213×tamp=1626831127454 HTTP/1.1" 200 17179
180.156.224.123 - - [21/Jul/2021:10:41:10 +0800] "GET /xingrg/javascript/jquery_easy_ui/themes/default/easyui.css HTTP/1.1" 304 -
180.156.224.123 - - [21/Jul/2021:10:41:10 +0800] "GET /xingrg/javascript/jquery_easy_ui/themes/icon.css HTTP/1.1" 304 -
180.156.224.123 - - [21/Jul/2021:10:41:10 +0800] "GET /xingrg/css/form.css HTTP/1.1" 304 -
180.156.224.123 - - [21/Jul/2021:10:41:10 +0800] "GET /xingrg/javascript/jquery-1.4.2.min.js HTTP/1.1" 304 -
180.156.224.123 - - [21/Jul/2021:10:41:10 +0800] "GET /xingrg/javascript/jquery_easy_ui/jquery.easyui.min.js HTTP/1.1" 304 -
180.156.224.123 - - [21/Jul/2021:10:41:10 +0800] "GET /xingrg/javascript/jquery_easy_ui/easyui-lang-zh_CN.js HTTP/1.1" 304 -
180.156.224.123 - - [21/Jul/2021:10:41:10 +0800] "GET /xingrg/javascript/jquery.form.js HTTP/1.1" 304 -
180.156.224.123 - - [21/Jul/2021:10:41:10 +0800] "GET /xingrg/javascript/jquery.utils.js HTTP/1.1" 304 -
180.156.224.123 - - [21/Jul/2021:10:41:10 +0800] "GET /xingrg/javascript/jquery.timers.js HTTP/1.1" 304 -
180.156.224.123 - - [21/Jul/2021:10:41:10 +0800] "GET /xingrg/images/blue/jxLogo.png HTTP/1.1" 304 -
180.156.224.123 - - [21/Jul/2021:10:41:10 +0800] "GET /xingrg/images/blue/navBackgound.jpg HTTP/1.1" 304 -
180.156.224.123 - - [21/Jul/2021:10:41:10 +0800] "GET /xingrg/javascript/jquery_easy_ui/themes/icons/settle_new.png HTTP/1.1" 304 -
180.156.224.123 - - [21/Jul/2021:10:41:10 +0800] "POST /xingrg/all/common/load_tree.html?tree=area_rest_tree_json&manage=1 HTTP/1.1" 200 476
180.156.224.123 - - [21/Jul/2021:10:41:10 +0800] "GET /xingrg/all/function/internal_message.html?_=1626835268146&CODE_STATE=count HTTP/1.1" 200 11
180.156.224.123 - - [21/Jul/2021:10:41:10 +0800] "GET /xingrg/javascript/jquery_easy_ui/themes/default/images/panel_tool_collapse.gif HTTP/1.1" 304 -
180.156.224.123 - - [21/Jul/2021:10:41:10 +0800] "GET /xingrg/check_reg.html?_=1626835268147 HTTP/1.1" 200 22
180.156.224.123 - - [21/Jul/2021:10:41:10 +0800] "GET /xingrg/javascript/jquery_easy_ui/themes/default/images/tabs_rightarrow.png HTTP/1.1" 304 -
180.156.224.123 - - [21/Jul/2021:10:41:10 +0800] "GET /xingrg/javascript/jquery_easy_ui/themes/default/images/tabs_leftarrow.png HTTP/1.1" 304 -
180.156.224.123 - - [21/Jul/2021:10:41:10 +0800] "GET /xingrg/images/blue/pingpu.png HTTP/1.1" 304 -
180.156.224.123 - - [21/Jul/2021:10:41:10 +0800] "POST /xingrg/load_menu.html HTTP/1.1" 200 5138
116.230.110.80 - - [21/Jul/2021:10:41:12 +0800] "GET /xingrg/kc/buy/cgsh_order_operate.html?command=get_materiel&rest_code=00155&code=00101008197&supplier_code=00100005&order_time=2021-07-21 HTTP/1.1" 200 416
172.20.0.100 - - [21/Jul/2021:10:41:12 +0800] "GET /xingrg/all/function/internal_message.html?_=1626835270642&CODE_STATE=getMsg HTTP/1.1" 200 27
180.156.224.123 - - [21/Jul/2021:10:41:12 +0800] "GET /xingrg/kc/buy/cgsh_order_list.html HTTP/1.1" 200 47059
180.156.224.123 - - [21/Jul/2021:10:41:13 +0800] "POST /xingrg/kc/buy/cgsh_list_operate.html HTTP/1.1" 200 876
222.70.175.207 - - [21/Jul/2021:10:41:14 +0800] "GET /xingrg/kc/buy/cgsh_order_operate.html?command=get_materiel&rest_code=00146&code=00101016122&supplier_code=00100005&order_time=2021-07-21 HTTP/1.1" 200 397
180.156.224.123 - - [21/Jul/2021:10:41:14 +0800] "GET /xingrg/kc/buy/cgsh_order_add.html HTTP/1.1" 200 62715
180.156.224.123 - - [21/Jul/2021:10:41:14 +0800] "GET /xingrg/words/20210721104049_words.js HTTP/1.1" 200 826859
180.156.224.123 - - [21/Jul/2021:10:41:14 +0800] "POST /xingrg/kc/buy/cgsh_order_operate.html HTTP/1.1" 200 8245
180.156.224.123 - - [21/Jul/2021:10:41:14 +0800] "GET /xingrg/javascript/easyui/themes/default/validatebox.css HTTP/1.1" 404 1104
116.230.110.80 - - [21/Jul/2021:10:41:16 +0800] "GET /xingrg/check_reg.html?_=1626835274308 HTTP/1.1" 200 22
116.230.110.80 - - [21/Jul/2021:10:41:16 +0800] "GET /xingrg/all/function/internal_message.html?_=1626835274310&CODE_STATE=getMsg HTTP/1.1" 200 27
180.156.224.123 - - [21/Jul/2021:10:41:17 +0800] "GET /xingrg/javascript/auto/indicator.gif HTTP/1.1" 404 1066
101.83.145.79 - - [21/Jul/2021:10:41:17 +0800] "GET /xingrg/kc/buy/cgsh_order_operate.html?command=get_materiel&rest_code=00105&code=00101009001&supplier_code=00100024&order_time=2021-07-21 HTTP/1.1" 200 416
180.156.224.123 - - [21/Jul/2021:10:41:18 +0800] "GET /xingrg/javascript/auto/indicator.gif HTTP/1.1" 404 1066
180.157.255.9 - - [21/Jul/2021:10:41:18 +0800] "GET /xingrg/kc/buy/cgsh_order_operate.html?command=get_materiel&rest_code=00148&code=00101008402&supplier_code=00100327&order_time=2021-07-21 HTTP/1.1" 200 410
116.237.74.182 - - [21/Jul/2021:10:41:18 +0800] "GET /xingrg/all/function/internal_message.html?_=1626835276666&CODE_STATE=getMsg HTTP/1.1" 200 27
116.237.74.182 - - [21/Jul/2021:10:41:18 +0800] "GET /xingrg/check_reg.html?_=1626835276869 HTTP/1.1" 200 22
58.40.7.146 - - [21/Jul/2021:10:41:21 +0800] "GET /xingrg/all/function/internal_message.html?_=1626835279476&CODE_STATE=getMsg HTTP/1.1" 200 27
120.253.135.82 - - [21/Jul/2021:10:41:22 +0800] "GET /xingrg/check_reg.html?_=1626835060295 HTTP/1.1" 200 22
116.230.110.80 - - [21/Jul/2021:10:41:22 +0800] "GET /xingrg/kc/buy/cgsh_order_operate.html?command=get_materiel&rest_code=00155&code=00101008286&supplier_code=00100005&order_time=2021-07-21 HTTP/1.1" 200 408
180.169.147.146 - - [21/Jul/2021:10:41:22 +0800] "GET /xingrg/all/function/internal_message.html?_=1626835282276&CODE_STATE=getMsg HTTP/1.1" 200 27
180.156.224.123 - - [21/Jul/2021:10:41:23 +0800] "GET /xingrg/kc/buy/cgsh_order_operate.html?command=get_materiel&rest_code=00151&code=00101012046&supplier_code=00100347&order_time=2021-07-21 HTTP/1.1" 200 417
120.253.135.82 - - [21/Jul/2021:10:41:24 +0800] "GET /xingrg/all/function/internal_message.html?_=1626835063054&CODE_STATE=getMsg HTTP/1.1" 200 27
117.184.7.30 - - [21/Jul/2021:10:41:24 +0800] "GET /xingrg/all/function/internal_message.html?_=1626835280638&CODE_STATE=getMsg HTTP/1.1" 200 27
101.85.107.54 - - [21/Jul/2021:10:41:27 +0800] "GET /xingrg/all/function/internal_message.html?_=1626835283149&CODE_STATE=getMsg HTTP/1.1" 200 27
222.70.175.207 - - [21/Jul/2021:10:41:28 +0800] "GET /xingrg/kc/buy/cgsh_order_operate.html?command=get_materiel&rest_code=00146&code=00101008305&supplier_code=00100005&order_time=2021-07-21 HTTP/1.1" 200 412
58.37.225.51 - - [21/Jul/2021:10:41:31 +0800] "GET /xingrg/check_reg.html?_=1626835207198 HTTP/1.1" 200 22
58.37.225.51 - - [21/Jul/2021:10:41:31 +0800] "GET /xingrg/all/function/internal_message.html?_=1626835207200&CODE_STATE=getMsg HTTP/1.1" 200 27
180.156.224.123 - - [21/Jul/2021:10:41:33 +0800] "POST /xingrg/kc/buy/cgsh_order_operate.html HTTP/1.1" 200 37
116.235.222.38 - - [21/Jul/2021:10:41:33 +0800] "GET /xingrg/all/function/internal_message.html?_=1626835288307&CODE_STATE=getMsg HTTP/1.1" 200 27
180.157.255.9 - - [21/Jul/2021:10:41:34 +0800] "GET /xingrg/kc/buy/cgsh_order_operate.html?command=get_materiel&rest_code=00148&code=00101008171&supplier_code=00100327&order_time=2021-07-21 HTTP/1.1" 200 421
116.230.110.80 - - [21/Jul/2021:10:41:34 +0800] "GET /xingrg/kc/buy/cgsh_order_operate.html?command=get_materiel&rest_code=00155&code=00101008131&supplier_code=00100005&order_time=2021-07-21 HTTP/1.1" 200 408
116.237.74.182 - - [21/Jul/2021:10:41:34 +0800] "GET /xingrg/kc/base/base_main.html HTTP/1.1" 200 12142
101.83.145.79 - - [21/Jul/2021:10:41:35 +0800] "GET /xingrg/all/function/internal_message.html?_=1626835258159&CODE_STATE=getMsg HTTP/1.1" 200 27
116.237.74.182 - - [21/Jul/2021:10:41:35 +0800] "GET /xingrg/kc/base/wldb_order_list.html HTTP/1.1" 200 19145
180.156.224.123 - - [21/Jul/2021:10:41:35 +0800] "POST /xingrg/kc/buy/cgsh_order_operate.html HTTP/1.1" 200 12
116.237.74.182 - - [21/Jul/2021:10:41:36 +0800] "POST /xingrg/kc/base/wldb_list_operate.html HTTP/1.1" 200 928
180.156.224.123 - - [21/Jul/2021:10:41:36 +0800] "GET /xingrg/kc/buy/cgsh_order_info.html?code=212021072109621 HTTP/1.1" 200 57343
180.156.224.123 - - [21/Jul/2021:10:41:37 +0800] "GET /xingrg/javascript/easyui/themes/default/validatebox.css HTTP/1.1" 404 1104
222.70.175.207 - - [21/Jul/2021:10:41:37 +0800] "GET /xingrg/kc/buy/cgsh_order_operate.html?command=get_materiel&rest_code=00146&code=00101008415&supplier_code=00100005&order_time=2021-07-21 HTTP/1.1" 200 398
