180.169.147.146 - - [21/Jul/2021:10:13:07 +0800] "GET /xingrg/all/function/internal_message.html?_=1626833585386&CODE_STATE=getMsg HTTP/1.1" 200 27
101.85.107.54 - - [21/Jul/2021:10:13:10 +0800] "GET /xingrg/javascript/jquery_easy_ui/themes/icons/rest.png HTTP/1.1" 200 695
101.85.107.54 - - [21/Jul/2021:10:13:10 +0800] "GET /xingrg/javascript/jquery_easy_ui/themes/icons/area.png HTTP/1.1" 200 262
101.83.145.79 - - [21/Jul/2021:10:13:11 +0800] "GET /xingrg/all/function/internal_message.html?_=1626833554396&CODE_STATE=getMsg HTTP/1.1" 302 -
101.85.107.54 - - [21/Jul/2021:10:13:14 +0800] "POST /xingrg/kc/buy/cgsh_order_operate.html HTTP/1.1" 200 37
222.69.128.214 - - [21/Jul/2021:10:13:14 +0800] "GET /xingrg/kc/buy/cgsh_order_operate.html?command=get_materiel&rest_code=00149&code=00101008210&supplier_code=00100005&order_time=2021-07-21 HTTP/1.1" 200 408
101.85.107.54 - - [21/Jul/2021:10:13:15 +0800] "POST /xingrg/kc/buy/cgsh_order_operate.html HTTP/1.1" 200 15609
101.85.107.54 - - [21/Jul/2021:10:13:19 +0800] "POST /xingrg/kc/buy/cgsh_order_operate.html HTTP/1.1" 200 37
101.85.107.54 - - [21/Jul/2021:10:13:20 +0800] "POST /xingrg/kc/buy/cgsh_order_operate.html HTTP/1.1" 200 15609
180.156.224.123 - - [21/Jul/2021:10:13:21 +0800] "GET /xingrg/all/function/internal_message.html?_=1626833599087&CODE_STATE=getMsg HTTP/1.1" 200 27
180.156.224.123 - - [21/Jul/2021:10:13:21 +0800] "GET /xingrg/check_reg.html?_=1626833599088 HTTP/1.1" 200 22
58.40.7.146 - - [21/Jul/2021:10:13:21 +0800] "GET /xingrg/all/function/internal_message.html?_=1626833599460&CODE_STATE=getMsg HTTP/1.1" 200 27
120.253.135.82 - - [21/Jul/2021:10:13:22 +0800] "GET /xingrg/all/function/internal_message.html?_=1626833380350&CODE_STATE=getMsg HTTP/1.1" 200 27
222.69.128.214 - - [21/Jul/2021:10:13:23 +0800] "GET /xingrg/kc/buy/cgsh_order_operate.html?command=get_materiel&rest_code=00149&code=00101008055&supplier_code=00100005&order_time=2021-07-21 HTTP/1.1" 200 409
101.85.107.54 - - [21/Jul/2021:10:13:24 +0800] "POST /xingrg/kc/buy/cgsh_order_operate.html HTTP/1.1" 200 37
117.184.7.30 - - [21/Jul/2021:10:13:24 +0800] "GET /xingrg/all/function/internal_message.html?_=1626833600595&CODE_STATE=getMsg HTTP/1.1" 200 27
101.85.107.54 - - [21/Jul/2021:10:13:26 +0800] "POST /xingrg/kc/buy/cgsh_order_operate.html HTTP/1.1" 200 15609
180.169.147.146 - - [21/Jul/2021:10:13:26 +0800] "POST /xingrg/dwr/call/plaincall/AjaxGetFirstChart.getFirstChart.dwr HTTP/1.1" 200 81
116.235.222.38 - - [21/Jul/2021:10:13:29 +0800] "GET /xingrg/all/function/internal_message.html?_=1626833604016&CODE_STATE=getMsg HTTP/1.1" 200 27
101.85.107.54 - - [21/Jul/2021:10:13:30 +0800] "POST /xingrg/kc/buy/cgsh_order_operate.html HTTP/1.1" 200 37
58.37.225.51 - - [21/Jul/2021:10:13:31 +0800] "GET /xingrg/all/function/internal_message.html?_=1626833527148&CODE_STATE=getMsg HTTP/1.1" 200 27
101.85.107.54 - - [21/Jul/2021:10:13:31 +0800] "POST /xingrg/kc/buy/cgsh_order_operate.html HTTP/1.1" 200 15609
180.157.255.9 - - [21/Jul/2021:10:13:32 +0800] "GET /xingrg/all/function/internal_message.html?_=1626833615209&CODE_STATE=getMsg HTTP/1.1" 302 -
222.69.128.214 - - [21/Jul/2021:10:13:32 +0800] "GET /xingrg/kc/buy/cgsh_order_operate.html?command=get_materiel&rest_code=00149&code=00101008257&supplier_code=00100005&order_time=2021-07-21 HTTP/1.1" 200 416
180.169.147.146 - - [21/Jul/2021:10:13:33 +0800] "GET /xingrg/all/function/internal_message.html?_=1626833611379&CODE_STATE=getMsg HTTP/1.1" 302 -
180.174.226.65 - - [21/Jul/2021:10:13:35 +0800] "GET /xingrg/all/function/internal_message.html?_=1626833584553&CODE_STATE=getMsg HTTP/1.1" 200 27
116.232.49.80 - - [21/Jul/2021:10:13:38 +0800] "GET /xingrg/all/function/internal_message.html?_=1626833618702&CODE_STATE=getMsg HTTP/1.1" 200 27
101.85.107.54 - - [21/Jul/2021:10:13:39 +0800] "POST /xingrg/kc/buy/cgsh_list_operate.html HTTP/1.1" 200 3501
222.69.128.214 - - [21/Jul/2021:10:13:41 +0800] "GET /xingrg/kc/buy/cgsh_order_operate.html?command=get_materiel&rest_code=00149&code=00101008156&supplier_code=00100005&order_time=2021-07-21 HTTP/1.1" 200 414
222.69.128.214 - - [21/Jul/2021:10:13:44 +0800] "GET /xingrg/all/function/internal_message.html?_=1626833620979&CODE_STATE=getMsg HTTP/1.1" 200 27
180.169.147.146 - - [21/Jul/2021:10:13:44 +0800] "GET /xingrg/all/function/internal_message.html?_=1626833623797&CODE_STATE=getMsg HTTP/1.1" 200 27
116.237.74.182 - - [21/Jul/2021:10:13:47 +0800] "GET /xingrg/all/function/internal_message.html?_=1626833622441&CODE_STATE=getMsg HTTP/1.1" 200 27
116.237.74.182 - - [21/Jul/2021:10:13:47 +0800] "GET /xingrg/check_reg.html?_=1626833622561 HTTP/1.1" 200 22
180.169.147.146 - - [21/Jul/2021:10:13:49 +0800] "GET /xingrg/all/function/internal_message.html?_=1626833628268&CODE_STATE=getMsg HTTP/1.1" 200 27
222.69.128.214 - - [21/Jul/2021:10:13:51 +0800] "GET /xingrg/kc/buy/cgsh_order_operate.html?command=get_materiel&rest_code=00149&code=00101008350&supplier_code=00100005&order_time=2021-07-21 HTTP/1.1" 200 408
116.235.222.38 - - [21/Jul/2021:10:13:51 +0800] "GET /xingrg/kc/buy/cgsh_order_operate.html?command=get_materiel&rest_code=00107&code=00101020215&supplier_code=00100327&order_time=2021-07-21 HTTP/1.1" 200 391
222.70.175.207 - - [21/Jul/2021:10:13:53 +0800] "GET /xingrg/all/function/internal_message.html?_=1626833641344&CODE_STATE=getMsg HTTP/1.1" 302 -
180.169.147.146 - - [21/Jul/2021:10:14:00 +0800] "GET /xingrg/all/function/internal_message.html?_=1626833637419&CODE_STATE=getMsg HTTP/1.1" 302 -
180.169.147.146 - - [21/Jul/2021:10:14:07 +0800] "GET /xingrg/all/function/internal_message.html?_=1626833645387&CODE_STATE=getMsg HTTP/1.1" 200 27
101.83.145.79 - - [21/Jul/2021:10:14:11 +0800] "GET /xingrg/all/function/internal_message.html?_=1626833614395&CODE_STATE=getMsg HTTP/1.1" 302 -
58.40.7.146 - - [21/Jul/2021:10:14:19 +0800] "GET /xingrg/check_reg.html?_=1626833657440 HTTP/1.1" 302 -
180.156.224.123 - - [21/Jul/2021:10:14:21 +0800] "GET /xingrg/all/function/internal_message.html?_=1626833659091&CODE_STATE=getMsg HTTP/1.1" 200 27
58.40.7.146 - - [21/Jul/2021:10:14:21 +0800] "GET /xingrg/all/function/internal_message.html?_=1626833659463&CODE_STATE=getMsg HTTP/1.1" 200 27
120.253.135.82 - - [21/Jul/2021:10:14:22 +0800] "GET /xingrg/all/function/internal_message.html?_=1626833440375&CODE_STATE=getMsg HTTP/1.1" 200 27
116.235.222.38 - - [21/Jul/2021:10:14:23 +0800] "POST /xingrg/kc/buy/cgsh_order_operate.html HTTP/1.1" 200 37
117.184.7.30 - - [21/Jul/2021:10:14:24 +0800] "GET /xingrg/all/function/internal_message.html?_=1626833660594&CODE_STATE=getMsg HTTP/1.1" 200 27
116.235.222.38 - - [21/Jul/2021:10:14:25 +0800] "POST /xingrg/kc/buy/cgsh_order_operate.html HTTP/1.1" 200 2649
116.235.222.38 - - [21/Jul/2021:10:14:27 +0800] "GET /xingrg/kc/print/load_data.html?order_code=212021072109578&kc_code=cgsh&condition= HTTP/1.1" 200 655
101.85.107.54 - - [21/Jul/2021:10:14:27 +0800] "GET /xingrg/all/function/internal_message.html?_=1626833663846&CODE_STATE=getMsg HTTP/1.1" 200 27
116.235.222.38 - - [21/Jul/2021:10:14:29 +0800] "GET /xingrg/check_reg.html?_=1626833664059 HTTP/1.1" 200 22
116.235.222.38 - - [21/Jul/2021:10:14:29 +0800] "GET /xingrg/all/function/internal_message.html?_=1626833664068&CODE_STATE=getMsg HTTP/1.1" 200 27
58.37.225.51 - - [21/Jul/2021:10:14:31 +0800] "GET /xingrg/all/function/internal_message.html?_=1626833587146&CODE_STATE=getMsg HTTP/1.1" 200 27
180.157.255.9 - - [21/Jul/2021:10:14:32 +0800] "GET /xingrg/all/function/internal_message.html?_=1626833675193&CODE_STATE=getMsg HTTP/1.1" 302 -
116.235.222.38 - - [21/Jul/2021:10:14:32 +0800] "GET /xingrg/kc/buy/cgsh_order_add.html HTTP/1.1" 200 62814
116.235.222.38 - - [21/Jul/2021:10:14:33 +0800] "GET /xingrg/words/20210721095640_words.js HTTP/1.1" 304 -
180.169.147.146 - - [21/Jul/2021:10:14:33 +0800] "GET /xingrg/all/function/internal_message.html?_=1626833671368&CODE_STATE=getMsg HTTP/1.1" 302 -
116.235.222.38 - - [21/Jul/2021:10:14:33 +0800] "POST /xingrg/kc/buy/cgsh_order_operate.html HTTP/1.1" 200 8245
116.235.222.38 - - [21/Jul/2021:10:14:33 +0800] "GET /xingrg/javascript/easyui/themes/default/validatebox.css HTTP/1.1" 404 1104
222.69.128.214 - - [21/Jul/2021:10:14:35 +0800] "GET /xingrg/kc/buy/cgsh_order_operate.html?command=get_materiel&rest_code=00149&code=00101008244&supplier_code=00100005&order_time=2021-07-21 HTTP/1.1" 200 408
116.235.222.38 - - [21/Jul/2021:10:14:35 +0800] "GET /xingrg/javascript/easyui/themes/default/tree.css HTTP/1.1" 404 1090
180.174.226.65 - - [21/Jul/2021:10:14:36 +0800] "GET /xingrg/all/function/internal_message.html?_=1626833644796&CODE_STATE=getMsg HTTP/1.1" 200 27
116.235.222.38 - - [21/Jul/2021:10:14:36 +0800] "POST /xingrg/all/common/load_tree.html?tree=supplier_tree_json&isDelete=1 HTTP/1.1" 200 56389
116.232.49.80 - - [21/Jul/2021:10:14:38 +0800] "GET /xingrg/all/function/internal_message.html?_=1626833678701&CODE_STATE=getMsg HTTP/1.1" 200 27
116.232.49.80 - - [21/Jul/2021:10:14:38 +0800] "GET /xingrg/check_reg.html?_=1626833678705 HTTP/1.1" 200 22
222.69.128.214 - - [21/Jul/2021:10:14:44 +0800] "GET /xingrg/all/function/internal_message.html?_=1626833680983&CODE_STATE=getMsg HTTP/1.1" 200 27
180.169.147.146 - - [21/Jul/2021:10:14:44 +0800] "GET /xingrg/all/function/internal_message.html?_=1626833683800&CODE_STATE=getMsg HTTP/1.1" 200 27
116.237.74.182 - - [21/Jul/2021:10:14:47 +0800] "GET /xingrg/all/function/internal_message.html?_=1626833682422&CODE_STATE=getMsg HTTP/1.1" 200 27
180.169.147.146 - - [21/Jul/2021:10:14:49 +0800] "GET /xingrg/all/function/internal_message.html?_=1626833688273&CODE_STATE=getMsg HTTP/1.1" 200 27
180.169.147.146 - - [21/Jul/2021:10:14:49 +0800] "GET /xingrg/check_reg.html?_=1626833688275 HTTP/1.1" 200 22
222.70.175.207 - - [21/Jul/2021:10:14:53 +0800] "GET /xingrg/all/function/internal_message.html?_=1626833701421&CODE_STATE=getMsg HTTP/1.1" 302 -
180.169.147.146 - - [21/Jul/2021:10:14:57 +0800] "POST /xingrg/dwr/call/plaincall/AjaxGetFirstChart.getFirstChart.dwr HTTP/1.1" 200 84
180.169.147.146 - - [21/Jul/2021:10:15:00 +0800] "POST /xingrg/dwr/call/plaincall/AjaxGetFirstChart.getFirstChart.dwr HTTP/1.1" 200 96
180.169.147.146 - - [21/Jul/2021:10:15:00 +0800] "GET /xingrg/all/function/internal_message.html?_=1626833697416&CODE_STATE=getMsg HTTP/1.1" 302 -
180.169.147.146 - - [21/Jul/2021:10:15:02 +0800] "POST /xingrg/dwr/call/plaincall/AjaxGetFirstChart.getFirstChart.dwr HTTP/1.1" 200 90
116.235.222.38 - - [21/Jul/2021:10:15:03 +0800] "GET /xingrg/kc/buy/cgsh_order_operate.html?command=get_materiel&rest_code=00107&code=00101015128&supplier_code=00100326&order_time=2021-07-21 HTTP/1.1" 200 406
222.69.128.214 - - [21/Jul/2021:10:15:03 +0800] "GET /xingrg/kc/buy/cgsh_order_operate.html?command=get_materiel&rest_code=00149&code=00101008185&supplier_code=00100005&order_time=2021-07-21 HTTP/1.1" 200 408
180.169.147.146 - - [21/Jul/2021:10:15:04 +0800] "POST /xingrg/dwr/call/plaincall/AjaxGetFirstChart.getFirstChart.dwr HTTP/1.1" 200 96
180.169.147.146 - - [21/Jul/2021:10:15:07 +0800] "GET /xingrg/all/function/internal_message.html?_=1626833705386&CODE_STATE=getMsg HTTP/1.1" 200 27
116.235.222.38 - - [21/Jul/2021:10:15:11 +0800] "GET /xingrg/kc/buy/cgsh_order_operate.html?command=get_materiel&rest_code=00107&code=00101010696&supplier_code=00100326&order_time=2021-07-21 HTTP/1.1" 200 398
101.83.145.79 - - [21/Jul/2021:10:15:11 +0800] "GET /xingrg/all/function/internal_message.html?_=1626833674394&CODE_STATE=getMsg HTTP/1.1" 302 -
222.69.128.214 - - [21/Jul/2021:10:15:13 +0800] "GET /xingrg/kc/buy/cgsh_order_operate.html?command=get_materiel&rest_code=00149&code=00101008354&supplier_code=00100005&order_time=2021-07-21 HTTP/1.1" 200 412
116.235.222.38 - - [21/Jul/2021:10:15:21 +0800] "POST /xingrg/kc/buy/cgsh_order_operate.html HTTP/1.1" 200 37
180.156.224.123 - - [21/Jul/2021:10:15:21 +0800] "GET /xingrg/all/function/internal_message.html?_=1626833719092&CODE_STATE=getMsg HTTP/1.1" 200 27
58.40.7.146 - - [21/Jul/2021:10:15:21 +0800] "GET /xingrg/all/function/internal_message.html?_=1626833719465&CODE_STATE=getMsg HTTP/1.1" 200 27
58.40.7.146 - - [21/Jul/2021:10:15:21 +0800] "GET /xingrg/check_reg.html?_=1626833719468 HTTP/1.1" 200 22
120.253.135.82 - - [21/Jul/2021:10:15:22 +0800] "GET /xingrg/all/function/internal_message.html?_=1626833500377&CODE_STATE=getMsg HTTP/1.1" 200 27
222.69.128.214 - - [21/Jul/2021:10:15:22 +0800] "GET /xingrg/kc/buy/cgsh_order_operate.html?command=get_materiel&rest_code=00149&code=00101008110&supplier_code=00100005&order_time=2021-07-21 HTTP/1.1" 200 408
116.235.222.38 - - [21/Jul/2021:10:15:23 +0800] "POST /xingrg/kc/buy/cgsh_order_operate.html HTTP/1.1" 200 2655
116.235.222.38 - - [21/Jul/2021:10:15:24 +0800] "GET /xingrg/kc/print/load_data.html?order_code=212021072109579&kc_code=cgsh&condition= HTTP/1.1" 200 670
117.184.7.30 - - [21/Jul/2021:10:15:24 +0800] "GET /xingrg/all/function/internal_message.html?_=1626833720605&CODE_STATE=getMsg HTTP/1.1" 200 27
101.85.107.54 - - [21/Jul/2021:10:15:27 +0800] "GET /xingrg/all/function/internal_message.html?_=1626833723815&CODE_STATE=getMsg HTTP/1.1" 200 27
222.69.128.214 - - [21/Jul/2021:10:15:29 +0800] "GET /xingrg/kc/buy/cgsh_order_operate.html?command=get_materiel&rest_code=00149&code=00101008096&supplier_code=00100005&order_time=2021-07-21 HTTP/1.1" 200 412
116.235.222.38 - - [21/Jul/2021:10:15:29 +0800] "GET /xingrg/all/function/internal_message.html?_=1626833724261&CODE_STATE=getMsg HTTP/1.1" 200 27
58.37.225.51 - - [21/Jul/2021:10:15:31 +0800] "GET /xingrg/all/function/internal_message.html?_=1626833647146&CODE_STATE=getMsg HTTP/1.1" 200 27
116.235.222.38 - - [21/Jul/2021:10:15:31 +0800] "GET /xingrg/kc/buy/cgsh_order_add.html HTTP/1.1" 200 62814
116.235.222.38 - - [21/Jul/2021:10:15:32 +0800] "GET /xingrg/javascript/easyui/themes/default/validatebox.css HTTP/1.1" 404 1104
116.235.222.38 - - [21/Jul/2021:10:15:32 +0800] "POST /xingrg/kc/buy/cgsh_order_operate.html HTTP/1.1" 200 8245
180.157.255.9 - - [21/Jul/2021:10:15:32 +0800] "GET /xingrg/all/function/internal_message.html?_=1626833735177&CODE_STATE=getMsg HTTP/1.1" 302 -
180.169.147.146 - - [21/Jul/2021:10:15:33 +0800] "GET /xingrg/all/function/internal_message.html?_=1626833731388&CODE_STATE=getMsg HTTP/1.1" 302 -
116.235.222.38 - - [21/Jul/2021:10:15:33 +0800] "GET /xingrg/javascript/easyui/themes/default/tree.css HTTP/1.1" 404 1090
116.235.222.38 - - [21/Jul/2021:10:15:33 +0800] "POST /xingrg/all/common/load_tree.html?tree=supplier_tree_json&isDelete=1 HTTP/1.1" 200 56389
180.174.226.65 - - [21/Jul/2021:10:15:36 +0800] "GET /xingrg/all/function/internal_message.html?_=1626833704800&CODE_STATE=getMsg HTTP/1.1" 200 27
222.69.128.214 - - [21/Jul/2021:10:15:38 +0800] "GET /xingrg/kc/buy/cgsh_order_operate.html?command=get_materiel&rest_code=00149&code=00101008038&supplier_code=00100005&order_time=2021-07-21 HTTP/1.1" 200 412
116.232.49.80 - - [21/Jul/2021:10:15:38 +0800] "GET /xingrg/all/function/internal_message.html?_=1626833738704&CODE_STATE=getMsg HTTP/1.1" 200 27
222.69.128.214 - - [21/Jul/2021:10:15:44 +0800] "GET /xingrg/all/function/internal_message.html?_=1626833740995&CODE_STATE=getMsg HTTP/1.1" 200 27
180.169.147.146 - - [21/Jul/2021:10:15:44 +0800] "GET /xingrg/all/function/internal_message.html?_=1626833743801&CODE_STATE=getMsg HTTP/1.1" 200 27
222.69.128.214 - - [21/Jul/2021:10:15:46 +0800] "GET /xingrg/kc/buy/cgsh_order_operate.html?command=get_materiel&rest_code=00149&code=00101008283&supplier_code=00100005&order_time=2021-07-21 HTTP/1.1" 200 408
116.237.74.182 - - [21/Jul/2021:10:15:47 +0800] "GET /xingrg/all/function/internal_message.html?_=1626833742402&CODE_STATE=getMsg HTTP/1.1" 200 27
116.235.222.38 - - [21/Jul/2021:10:15:47 +0800] "GET /xingrg/kc/buy/cgsh_order_operate.html?command=get_materiel&rest_code=00107&code=00101001044&supplier_code=00100090&order_time=2021-07-21 HTTP/1.1" 200 410
180.169.147.146 - - [21/Jul/2021:10:15:49 +0800] "GET /xingrg/all/function/internal_message.html?_=1626833748279&CODE_STATE=getMsg HTTP/1.1" 200 27
222.70.175.207 - - [21/Jul/2021:10:15:53 +0800] "GET /xingrg/all/function/internal_message.html?_=1626833761432&CODE_STATE=getMsg HTTP/1.1" 302 -
180.169.147.146 - - [21/Jul/2021:10:15:54 +0800] "GET /xingrg/kc/report/report_main.html HTTP/1.1" 302 -
180.169.147.146 - - [21/Jul/2021:10:15:54 +0800] "GET /xingrg/login.html HTTP/1.1" 200 7641
180.169.147.146 - - [21/Jul/2021:10:15:54 +0800] "GET /xingrg/login.html HTTP/1.1" 200 7641
180.169.147.146 - - [21/Jul/2021:10:15:54 +0800] "GET /favicon.ico HTTP/1.1" 404 -
180.169.147.146 - - [21/Jul/2021:10:15:55 +0800] "POST /xingrg/login.do HTTP/1.1" 302 -
180.169.147.146 - - [21/Jul/2021:10:15:55 +0800] "GET /xingrg/index.html?sysBaseUrl=http%3A%2F%2F180.169.147.146%3A18081%2Fxingrg%2F&costTime=43×tamp=1626833755462 HTTP/1.1" 200 17179
180.169.147.146 - - [21/Jul/2021:10:15:55 +0800] "POST /xingrg/all/common/load_tree.html?tree=area_rest_tree_json&manage=1 HTTP/1.1" 200 351
180.169.147.146 - - [21/Jul/2021:10:15:55 +0800] "GET /xingrg/all/function/internal_message.html?_=1626833750339&CODE_STATE=count HTTP/1.1" 200 11
180.169.147.146 - - [21/Jul/2021:10:15:55 +0800] "GET /xingrg/check_reg.html?_=1626833750340 HTTP/1.1" 200 22
180.169.147.146 - - [21/Jul/2021:10:15:55 +0800] "GET /favicon.ico HTTP/1.1" 404 -
180.169.147.146 - - [21/Jul/2021:10:15:55 +0800] "POST /xingrg/load_menu.html HTTP/1.1" 200 5138
180.169.147.146 - - [21/Jul/2021:10:15:56 +0800] "POST /xingrg/dwr/call/plaincall/AjaxKcSupplierService.modifyKcSupplier.dwr HTTP/1.1" 200 76
180.169.147.146 - - [21/Jul/2021:10:15:56 +0800] "POST /xingrg/system/supplier/kc_supplier_operate.html HTTP/1.1" 200 11365
180.169.147.146 - - [21/Jul/2021:10:15:57 +0800] "GET /xingrg/kc/report/report_main.html HTTP/1.1" 200 7345
180.169.147.146 - - [21/Jul/2021:10:15:58 +0800] "GET /xingrg/all/report/report_query.html?fileName=kc/buy/gys_amount.xml&rh=99999 HTTP/1.1" 200 52006
180.169.147.146 - - [21/Jul/2021:10:15:58 +0800] "GET /xingrg/dwr/interface/AjaxReportQueryService.js HTTP/1.1" 200 13203
180.169.147.146 - - [21/Jul/2021:10:15:58 +0800] "GET /xingrg/dwr/engine.js HTTP/1.1" 200 43631
180.169.147.146 - - [21/Jul/2021:10:15:58 +0800] "GET /xingrg/dwr/util.js HTTP/1.1" 200 35990
180.169.147.146 - - [21/Jul/2021:10:15:58 +0800] "GET /xingrg/system/supplier/kcSupplier_info.html?isAdd=1&type=sort&id=00112 HTTP/1.1" 200 26468
180.169.147.146 - - [21/Jul/2021:10:15:58 +0800] "GET /xingrg/css/blue.css HTTP/1.1" 304 -
180.169.147.146 - - [21/Jul/2021:10:15:58 +0800] "GET /xingrg/javascript/jquery_easy_ui/themes/default/easyui.css HTTP/1.1" 304 -
180.169.147.146 - - [21/Jul/2021:10:15:58 +0800] "GET /xingrg/javascript/jquery_easy_ui/themes/icon.css HTTP/1.1" 304 -
180.169.147.146 - - [21/Jul/2021:10:15:58 +0800] "GET /xingrg/javascript/jquery-1.4.2.min.js HTTP/1.1" 304 -
180.169.147.146 - - [21/Jul/2021:10:15:58 +0800] "GET /xingrg/javascript/jquery_easy_ui/jquery.easyui.min.js HTTP/1.1" 304 -
180.169.147.146 - - [21/Jul/2021:10:15:58 +0800] "GET /xingrg/javascript/jquery_easy_ui/easyui-lang-zh_CN.js HTTP/1.1" 304 -
180.169.147.146 - - [21/Jul/2021:10:15:58 +0800] "GET /xingrg/javascript/pic_change.js HTTP/1.1" 304 -
180.169.147.146 - - [21/Jul/2021:10:15:58 +0800] "GET /xingrg/dwr/interface/AjaxKcSupplierService.js HTTP/1.1" 200 13003
180.169.147.146 - - [21/Jul/2021:10:15:58 +0800] "GET /xingrg/dwr/interface/AjaxGetFirstChart.js HTTP/1.1" 200 631
180.169.147.146 - - [21/Jul/2021:10:15:58 +0800] "GET /xingrg/dwr/engine.js HTTP/1.1" 200 43631
180.169.147.146 - - [21/Jul/2021:10:15:58 +0800] "GET /xingrg/dwr/util.js HTTP/1.1" 200 35990
180.169.147.146 - - [21/Jul/2021:10:15:58 +0800] "GET /xingrg/javascript/jquery_easy_ui/themes/default/images/menu_rightarrow.png HTTP/1.1" 304 -
180.169.147.146 - - [21/Jul/2021:10:15:58 +0800] "GET /xingrg/javascript/jquery_easy_ui/themes/icons/pencil.png HTTP/1.1" 304 -
180.169.147.146 - - [21/Jul/2021:10:15:58 +0800] "GET /xingrg/javascript/jquery_easy_ui/themes/default/images/menu.gif HTTP/1.1" 304 -
180.169.147.146 - - [21/Jul/2021:10:15:58 +0800] "POST /xingrg/dwr/call/plaincall/AjaxReportQueryService.getFixDate.dwr HTTP/1.1" 200 111
180.169.147.146 - - [21/Jul/2021:10:15:58 +0800] "GET /xingrg/javascript/jquery_easy_ui/themes/icons/help.png HTTP/1.1" 304 -
180.169.147.146 - - [21/Jul/2021:10:15:58 +0800] "GET /xingrg/javascript/checkform.js HTTP/1.1" 304 -
180.169.147.146 - - [21/Jul/2021:10:15:58 +0800] "GET /xingrg/javascript/myfunction.js HTTP/1.1" 304 -
180.169.147.146 - - [21/Jul/2021:10:15:58 +0800] "GET /xingrg/javascript/ToolTips.js HTTP/1.1" 304 -
180.169.147.146 - - [21/Jul/2021:10:15:58 +0800] "GET /xingrg/javascript/uploader/ajaxfileupload.js HTTP/1.1" 304 -
180.169.147.146 - - [21/Jul/2021:10:15:58 +0800] "GET /xingrg/images/blue/bg2_bottommid.gif HTTP/1.1" 304 -
180.169.147.146 - - [21/Jul/2021:10:15:58 +0800] "GET /xingrg/images/blue/bg2_bottomright.gif HTTP/1.1" 304 -
180.169.147.146 - - [21/Jul/2021:10:15:58 +0800] "GET /xingrg/images/blue/bg2_topleft.gif HTTP/1.1" 304 -
180.169.147.146 - - [21/Jul/2021:10:15:58 +0800] "GET /xingrg/images/blue/bg2_topright.gif HTTP/1.1" 304 -
180.169.147.146 - - [21/Jul/2021:10:15:58 +0800] "GET /xingrg/images/blue/bg2_midleft.gif HTTP/1.1" 304 -
180.169.147.146 - - [21/Jul/2021:10:15:58 +0800] "GET /xingrg/images/blue/bg2_midright.gif HTTP/1.1" 304 -
180.169.147.146 - - [21/Jul/2021:10:15:58 +0800] "GET /xingrg/images/blue/bg2_bottomleft.gif HTTP/1.1" 304 -
180.169.147.146 - - [21/Jul/2021:10:15:58 +0800] "GET /xingrg/images/blue/bg2_topmid.gif HTTP/1.1" 304 -
180.169.147.146 - - [21/Jul/2021:10:15:58 +0800] "GET /xingrg/images/blue/bg2_top.gif HTTP/1.1" 304 -
180.169.147.146 - - [21/Jul/2021:10:15:58 +0800] "POST /xingrg/all/common/load_tree.html?tree=area_tree_json HTTP/1.1" 200 206
180.169.147.146 - - [21/Jul/2021:10:15:59 +0800] "GET /xingrg/images/blue/wait.gif HTTP/1.1" 304 -
180.169.147.146 - - [21/Jul/2021:10:15:59 +0800] "POST /xingrg/all/common/load_tree.html?tree=supplier_tree_json&manage=1 HTTP/1.1" 200 57490
180.169.147.146 - - [21/Jul/2021:10:15:59 +0800] "POST /xingrg/all/common/load_tree.html?tree=area_tree_json HTTP/1.1" 200 206
180.169.147.146 - - [21/Jul/2021:10:15:59 +0800] "GET /xingrg/javascript/jquery_easy_ui/themes/default/images/calendar_nextyear.gif HTTP/1.1" 304 -
180.169.147.146 - - [21/Jul/2021:10:15:59 +0800] "POST /xingrg/all/common/load_tree.html?tree=area_rest_tree_json HTTP/1.1" 200 3466
180.169.147.146 - - [21/Jul/2021:10:15:59 +0800] "GET /xingrg/javascript/jquery_easy_ui/themes/default/images/calendar_prevyear.gif HTTP/1.1" 304 -
180.169.147.146 - - [21/Jul/2021:10:15:59 +0800] "POST /xingrg/all/common/load_tree.html?tree=materiel_sort_tree_json HTTP/1.1" 200 8666
180.169.147.146 - - [21/Jul/2021:10:15:59 +0800] "GET /xingrg/javascript/jquery_easy_ui/themes/default/images/calendar_nextmonth.gif HTTP/1.1" 304 -
180.169.147.146 - - [21/Jul/2021:10:15:59 +0800] "GET /xingrg/javascript/jquery_easy_ui/themes/default/images/calendar_prevmonth.gif HTTP/1.1" 304 -
180.169.147.146 - - [21/Jul/2021:10:15:59 +0800] "GET /xingrg/javascript/jquery_easy_ui/themes/default/images/combo_arrow_dot.gif HTTP/1.1" 304 -
180.169.147.146 - - [21/Jul/2021:10:15:59 +0800] "POST /xingrg/dwr/call/plaincall/AjaxKcSupplierService.modifyKcSupplier.dwr HTTP/1.1" 200 123
180.169.147.146 - - [21/Jul/2021:10:15:59 +0800] "GET /xingrg/javascript/jquery_easy_ui/themes/default/images/tree_folder_open.gif HTTP/1.1" 304 -
180.169.147.146 - - [21/Jul/2021:10:15:59 +0800] "GET /xingrg/javascript/jquery_easy_ui/themes/icons/area.png HTTP/1.1" 304 -
180.169.147.146 - - [21/Jul/2021:10:15:59 +0800] "GET /xingrg/javascript/jquery_easy_ui/themes/default/images/tree_checkbox_0.gif HTTP/1.1" 304 -
180.169.147.146 - - [21/Jul/2021:10:15:59 +0800] "GET /xingrg/javascript/jquery_easy_ui/themes/default/images/tree_arrows.gif HTTP/1.1" 304 -
180.169.147.146 - - [21/Jul/2021:10:15:59 +0800] "GET /xingrg/javascript/jquery_easy_ui/themes/icons/rest.png HTTP/1.1" 304 -
180.169.147.146 - - [21/Jul/2021:10:15:59 +0800] "GET /xingrg/javascript/jquery_easy_ui/themes/icons/manage.png HTTP/1.1" 304 -
180.169.147.146 - - [21/Jul/2021:10:15:59 +0800] "POST /xingrg/all/common/load_tree.html?tree=area_tree_json HTTP/1.1" 200 206
180.169.147.146 - - [21/Jul/2021:10:15:59 +0800] "POST /xingrg/all/common/load_tree.html?tree=area_rest_tree_json&defaultRests= HTTP/1.1" 200 3466
180.169.147.146 - - [21/Jul/2021:10:15:59 +0800] "POST /xingrg/all/common/load_tree.html?tree=area_rest_tree_json&areaId=1&defaultRests= HTTP/1.1" 200 3466
180.169.147.146 - - [21/Jul/2021:10:15:59 +0800] "GET /xingrg/javascript/jquery_easy_ui/themes/default/images/tree_checkbox_0.gif HTTP/1.1" 304 -
180.169.147.146 - - [21/Jul/2021:10:15:59 +0800] "POST /xingrg/dwr/call/plaincall/AjaxReportQueryService.getInitString.dwr HTTP/1.1" 200 1035
222.69.128.214 - - [21/Jul/2021:10:16:00 +0800] "GET /xingrg/kc/buy/cgsh_order_operate.html?command=get_materiel&rest_code=00149&code=00101008163&supplier_code=00100005&order_time=2021-07-21 HTTP/1.1" 200 408
180.169.147.146 - - [21/Jul/2021:10:16:00 +0800] "GET /xingrg/all/function/internal_message.html?_=1626833757416&CODE_STATE=getMsg HTTP/1.1" 302 -
116.235.222.38 - - [21/Jul/2021:10:16:03 +0800] "POST /xingrg/kc/buy/cgsh_order_operate.html HTTP/1.1" 200 37
116.235.222.38 - - [21/Jul/2021:10:16:04 +0800] "POST /xingrg/kc/buy/cgsh_order_operate.html HTTP/1.1" 200 2657
180.169.147.146 - - [21/Jul/2021:10:16:05 +0800] "GET /xingrg/kc/buy/cgsh_order_list.html HTTP/1.1" 200 47308
116.235.222.38 - - [21/Jul/2021:10:16:06 +0800] "GET /xingrg/kc/print/load_data.html?order_code=212021072109580&kc_code=cgsh&condition= HTTP/1.1" 200 738
180.169.147.146 - - [21/Jul/2021:10:16:07 +0800] "POST /xingrg/kc/buy/cgsh_list_operate.html HTTP/1.1" 200 876
180.169.147.146 - - [21/Jul/2021:10:16:07 +0800] "GET /xingrg/check_reg.html?_=1626833765387 HTTP/1.1" 200 22
180.169.147.146 - - [21/Jul/2021:10:16:07 +0800] "GET /xingrg/all/function/internal_message.html?_=1626833765389&CODE_STATE=getMsg HTTP/1.1" 200 27
180.169.147.146 - - [21/Jul/2021:10:16:08 +0800] "GET /xingrg/kc/buy/cgsh_order_add.html HTTP/1.1" 200 61852
180.169.147.146 - - [21/Jul/2021:10:16:08 +0800] "GET /xingrg/javascript/jquery_tools/order_manager.js HTTP/1.1" 304 -
180.169.147.146 - - [21/Jul/2021:10:16:08 +0800] "GET /xingrg/javascript/print/kc_print.js HTTP/1.1" 304 -
180.169.147.146 - - [21/Jul/2021:10:16:09 +0800] "GET /xingrg/words/20210721095640_words.js HTTP/1.1" 200 826514
180.169.147.146 - - [21/Jul/2021:10:16:09 +0800] "GET /xingrg/javascript/easyui/themes/icons/copy_new.png HTTP/1.1" 304 -
180.169.147.146 - - [21/Jul/2021:10:16:09 +0800] "GET /xingrg/javascript/easyui/themes/icons/template_new.png HTTP/1.1" 304 -
180.169.147.146 - - [21/Jul/2021:10:16:09 +0800] "GET /xingrg/javascript/easyui/themes/icons/ok.png HTTP/1.1" 304 -
180.169.147.146 - - [21/Jul/2021:10:16:09 +0800] "GET /xingrg/javascript/easyui/themes/icons/print.png HTTP/1.1" 304 -
180.169.147.146 - - [21/Jul/2021:10:16:09 +0800] "GET /xingrg/javascript/easyui/themes/default/images/menu_downarrow.png HTTP/1.1" 304 -
180.169.147.146 - - [21/Jul/2021:10:16:09 +0800] "GET /xingrg/javascript/easyui/themes/icons/cancel.png HTTP/1.1" 304 -
180.169.147.146 - - [21/Jul/2021:10:16:09 +0800] "POST /xingrg/kc/buy/cgsh_order_operate.html HTTP/1.1" 200 8245
180.169.147.146 - - [21/Jul/2021:10:16:09 +0800] "GET /xingrg/javascript/easyui/themes/default/validatebox.css HTTP/1.1" 404 1104
180.169.147.146 - - [21/Jul/2021:10:16:09 +0800] "GET /xingrg/javascript/easyui/plugins/jquery.validatebox.js HTTP/1.1" 304 -
180.169.147.146 - - [21/Jul/2021:10:16:09 +0800] "GET /xingrg/all/common/auto_word.html?type=employee&rest_code=00101 HTTP/1.1" 200 1127
180.169.147.146 - - [21/Jul/2021:10:16:09 +0800] "GET /xingrg/all/common/auto_word.html?type=employee&rest_code=00101 HTTP/1.1" 200 1127
180.169.147.146 - - [21/Jul/2021:10:16:09 +0800] "GET /xingrg/javascript/easyui/plugins/jquery.numberbox.js HTTP/1.1" 304 -
180.169.147.146 - - [21/Jul/2021:10:16:09 +0800] "GET /xingrg/javascript/easyui/themes/icons/edit_remove.png HTTP/1.1" 304 -
116.235.222.38 - - [21/Jul/2021:10:16:10 +0800] "GET /xingrg/kc/buy/cgsh_order_add.html HTTP/1.1" 200 62879
116.235.222.38 - - [21/Jul/2021:10:16:10 +0800] "GET /xingrg/javascript/easyui/themes/default/validatebox.css HTTP/1.1" 404 1104
116.235.222.38 - - [21/Jul/2021:10:16:10 +0800] "POST /xingrg/kc/buy/cgsh_order_operate.html HTTP/1.1" 200 8245
180.169.147.146 - - [21/Jul/2021:10:16:11 +0800] "GET /xingrg/javascript/auto/indicator.gif HTTP/1.1" 404 1066
101.83.145.79 - - [21/Jul/2021:10:16:11 +0800] "GET /xingrg/all/function/internal_message.html?_=1626833734385&CODE_STATE=getMsg HTTP/1.1" 302 -
116.235.222.38 - - [21/Jul/2021:10:16:11 +0800] "GET /xingrg/javascript/easyui/themes/default/tree.css HTTP/1.1" 404 1090
116.235.222.38 - - [21/Jul/2021:10:16:11 +0800] "POST /xingrg/all/common/load_tree.html?tree=supplier_tree_json&isDelete=1 HTTP/1.1" 200 56514
180.169.147.146 - - [21/Jul/2021:10:16:13 +0800] "GET /xingrg/javascript/jquery_easy_ui/themes/default/images/tree_checkbox_2.gif HTTP/1.1" 304 -
180.169.147.146 - - [21/Jul/2021:10:16:13 +0800] "GET /xingrg/javascript/jquery_easy_ui/themes/default/images/tree_checkbox_1.gif HTTP/1.1" 304 -
180.169.147.146 - - [21/Jul/2021:10:16:14 +0800] "POST /xingrg/dwr/call/plaincall/AjaxReportQueryService.refreshCache.dwr HTTP/1.1" 200 78
180.169.147.146 - - [21/Jul/2021:10:16:15 +0800] "POST /xingrg/all/report/load_report_page.html HTTP/1.1" 200 8912
180.169.147.146 - - [21/Jul/2021:10:16:15 +0800] "GET /xingrg/servlets/image?cache=0.4066457266799953&image=px HTTP/1.1" 200 807
180.156.224.123 - - [21/Jul/2021:10:16:21 +0800] "GET /xingrg/all/function/internal_message.html?_=1626833779092&CODE_STATE=getMsg HTTP/1.1" 200 27
58.40.7.146 - - [21/Jul/2021:10:16:21 +0800] "GET /xingrg/all/function/internal_message.html?_=1626833779471&CODE_STATE=getMsg HTTP/1.1" 200 27
120.253.135.82 - - [21/Jul/2021:10:16:21 +0800] "GET /xingrg/check_reg.html?_=1626833560173 HTTP/1.1" 200 22
120.253.135.82 - - [21/Jul/2021:10:16:22 +0800] "GET /xingrg/all/function/internal_message.html?_=1626833560390&CODE_STATE=getMsg HTTP/1.1" 200 27
180.169.147.146 - - [21/Jul/2021:10:16:23 +0800] "GET /xingrg/all/report/report_query.html?isQuery=1&fileName=kc/buy/wlcg_cate_hz.xml&queryString=(CONVERT(char(10)%252Ca.order_time%252C%2520120)%253E%253D'2021-06-01')%2520and%2520(CONVERT(char(10)%252Ca.order_time%252C%2520120)%253C%253D'2021-06-30')%2520and%2520(a.supplier_code%2520in%2520('00100017'))%2520and%2520(a.number%253E0%2520and%2520a.supplier_code%253D'00100017')&queryText=%25E3%2580%2590%25E9%2587%2587%25E8%25B4%25AD%25E6%2597%25A5%25E6%259C%259F%253A2021-06-01%2520%25E8%2587%25B3%25202021-06-30%25E3%2580%2591%2520%25E5%25B9%25B6%25E4%25B8%2594%2520%2520%25E3%2580%2590%25E4%25BE%259B%25E5%25BA%2594%25E5%2595%2586%2520%253D%2520%25E9%2585%2592%25E6%25B0%25B4%25EF%25BC%2588%25E9%25BE%2599%25E5%25B7%259D%25EF%25BC%2589%25E3%2580%2591%2520%25E5%25B9%25B6%25E4%25B8%2594%2520%25E3%2580%2590%25E4%25BE%259B%25E5%25BA%2594%25E5%2595%2586%253D%25E9%2585%2592%25E6%25B0%25B4%25EF%25BC%2588%25E9%25BE%2599%25E5%25B7%259D%25EF%25BC%2589%25E3%2580%2591 HTTP/1.1" 200 54472
180.169.147.146 - - [21/Jul/2021:10:16:23 +0800] "GET /xingrg/dwr/interface/AjaxReportQueryService.js HTTP/1.1" 200 13203
180.169.147.146 - - [21/Jul/2021:10:16:23 +0800] "GET /xingrg/dwr/engine.js HTTP/1.1" 200 43631
117.184.7.30 - - [21/Jul/2021:10:16:24 +0800] "GET /xingrg/all/function/internal_message.html?_=1626833780605&CODE_STATE=getMsg HTTP/1.1" 200 27
180.169.147.146 - - [21/Jul/2021:10:16:26 +0800] "GET /xingrg/system/supplier/kcSupplier.html?isKc=1 HTTP/1.1" 200 10949
180.169.147.146 - - [21/Jul/2021:10:16:26 +0800] "POST /xingrg/all/common/load_tree.html?tree=supplier_sort_tree_json HTTP/1.1" 200 2514
180.169.147.146 - - [21/Jul/2021:10:16:26 +0800] "POST /xingrg/all/common/load_tree.html?tree=supplier_sort_tree_json HTTP/1.1" 200 2514
180.169.147.146 - - [21/Jul/2021:10:16:26 +0800] "POST /xingrg/all/common/load_tree.html?tree=area_tree_json HTTP/1.1" 200 206
180.169.147.146 - - [21/Jul/2021:10:16:26 +0800] "POST /xingrg/all/common/load_tree.html?tree=area_tree_json HTTP/1.1" 200 206
101.85.107.54 - - [21/Jul/2021:10:16:27 +0800] "GET /xingrg/all/function/internal_message.html?_=1626833783787&CODE_STATE=getMsg HTTP/1.1" 200 27
116.235.222.38 - - [21/Jul/2021:10:16:29 +0800] "GET /xingrg/all/function/internal_message.html?_=1626833784243&CODE_STATE=getMsg HTTP/1.1" 200 27
180.169.147.146 - - [21/Jul/2021:10:16:30 +0800] "POST /xingrg/all/report/load_report_page.html HTTP/1.1" 200 8716
180.169.147.146 - - [21/Jul/2021:10:16:30 +0800] "GET /xingrg/servlets/image?cache=0.5869157170693972&image=px HTTP/1.1" 200 807
180.169.147.146 - - [21/Jul/2021:10:16:30 +0800] "POST /xingrg/system/supplier/kc_supplier_operate.html HTTP/1.1" 200 76032
222.69.128.214 - - [21/Jul/2021:10:16:31 +0800] "GET /xingrg/kc/buy/cgsh_order_operate.html?command=get_materiel&rest_code=00149&code=00101008224&supplier_code=00100005&order_time=2021-07-21 HTTP/1.1" 200 416
58.37.225.51 - - [21/Jul/2021:10:16:31 +0800] "GET /xingrg/all/function/internal_message.html?_=1626833707145&CODE_STATE=getMsg HTTP/1.1" 200 27
58.37.225.51 - - [21/Jul/2021:10:16:31 +0800] "GET /xingrg/check_reg.html?_=1626833707146 HTTP/1.1" 200 22
180.157.255.9 - - [21/Jul/2021:10:16:32 +0800] "GET /xingrg/all/function/internal_message.html?_=1626833795187&CODE_STATE=getMsg HTTP/1.1" 302 -
180.169.147.146 - - [21/Jul/2021:10:16:33 +0800] "POST /xingrg/system/supplier/kc_supplier_operate.html HTTP/1.1" 200 11365
116.235.222.38 - - [21/Jul/2021:10:16:33 +0800] "GET /xingrg/kc/buy/cgsh_order_operate.html?command=get_materiel&rest_code=00107&code=00101007032&supplier_code=00100328&order_time=2021-07-21 HTTP/1.1" 200 413
180.169.147.146 - - [21/Jul/2021:10:16:33 +0800] "GET /xingrg/all/function/internal_message.html?_=1626833791363&CODE_STATE=getMsg HTTP/1.1" 302 -
180.174.226.65 - - [21/Jul/2021:10:16:34 +0800] "GET /xingrg/check_reg.html?_=1626833763566 HTTP/1.1" 200 22
180.169.147.146 - - [21/Jul/2021:10:16:35 +0800] "POST /xingrg/all/report/load_report_page.html HTTP/1.1" 200 63780
180.169.147.146 - - [21/Jul/2021:10:16:35 +0800] "GET /xingrg/servlets/image?cache=0.11767477689514927&image=px HTTP/1.1" 200 807
180.174.226.65 - - [21/Jul/2021:10:16:36 +0800] "GET /xingrg/all/function/internal_message.html?_=1626833764815&CODE_STATE=getMsg HTTP/1.1" 200 27
180.169.147.146 - - [21/Jul/2021:10:16:36 +0800] "GET /xingrg/system/supplier/kcSupplier_info.html?code=00465&type=sort&id=00112 HTTP/1.1" 200 27556
180.169.147.146 - - [21/Jul/2021:10:16:36 +0800] "GET /xingrg/dwr/engine.js HTTP/1.1" 200 43631
180.169.147.146 - - [21/Jul/2021:10:16:36 +0800] "GET /xingrg/javascript/uploader/loading.gif HTTP/1.1" 304 -
180.169.147.146 - - [21/Jul/2021:10:16:36 +0800] "GET /favicon.ico HTTP/1.1" 404 -
180.169.147.146 - - [21/Jul/2021:10:16:36 +0800] "POST /xingrg/all/common/load_tree.html?tree=area_tree_json HTTP/1.1" 200 206
180.169.147.146 - - [21/Jul/2021:10:16:36 +0800] "POST /xingrg/all/common/load_tree.html?tree=area_tree_json HTTP/1.1" 200 206
180.169.147.146 - - [21/Jul/2021:10:16:36 +0800] "POST /xingrg/all/common/load_tree.html?tree=area_rest_tree_json HTTP/1.1" 200 3466
180.169.147.146 - - [21/Jul/2021:10:16:37 +0800] "POST /xingrg/dwr/call/plaincall/AjaxKcSupplierService.modifyKcSupplier.dwr HTTP/1.1" 200 1117
180.169.147.146 - - [21/Jul/2021:10:16:37 +0800] "POST /xingrg/dwr/call/plaincall/AjaxGetFirstChart.getFirstChart.dwr HTTP/1.1" 200 96
180.169.147.146 - - [21/Jul/2021:10:16:37 +0800] "POST /xingrg/all/common/load_tree.html?tree=area_tree_json HTTP/1.1" 200 206
180.169.147.146 - - [21/Jul/2021:10:16:37 +0800] "POST /xingrg/all/common/load_tree.html?tree=area_rest_tree_json&defaultRests= HTTP/1.1" 200 3466
180.169.147.146 - - [21/Jul/2021:10:16:37 +0800] "POST /xingrg/all/common/load_tree.html?tree=area_rest_tree_json&areaId=1&defaultRests= HTTP/1.1" 200 3466
116.232.49.80 - - [21/Jul/2021:10:16:38 +0800] "GET /xingrg/all/function/internal_message.html?_=1626833798706&CODE_STATE=getMsg HTTP/1.1" 200 27
180.169.147.146 - - [21/Jul/2021:10:16:40 +0800] "POST /xingrg/all/report/report_print.html HTTP/1.1" 302 -
222.70.176.145 - - [21/Jul/2021:10:16:41 +0800] "GET /xingrg/login.html HTTP/1.1" 200 7641
180.169.147.146 - - [21/Jul/2021:10:16:42 +0800] "POST /xingrg/dwr/call/plaincall/AjaxGetFirstChart.getFirstChart.dwr HTTP/1.1" 200 95
222.70.176.145 - - [21/Jul/2021:10:16:43 +0800] "GET /favicon.ico HTTP/1.1" 404 -
116.235.222.38 - - [21/Jul/2021:10:16:43 +0800] "POST /xingrg/kc/buy/cgsh_order_operate.html HTTP/1.1" 200 37
180.169.147.146 - - [21/Jul/2021:10:16:43 +0800] "POST /xingrg/all/report/report_print.html HTTP/1.1" 302 -
180.169.147.146 - - [21/Jul/2021:10:16:43 +0800] "GET /xingrg/servlets/image?image=px HTTP/1.1" 200 807
180.169.147.146 - - [21/Jul/2021:10:16:43 +0800] "GET /xingrg/servlets/html?sysBaseUrl=http%3A%2F%2F180.169.147.146%3A18081%2Fxingrg%2F&costTime=1282×tamp=1626833803679 HTTP/1.1" 200 74795
180.169.147.146 - - [21/Jul/2021:10:16:43 +0800] "GET /favicon.ico HTTP/1.1" 404 -
222.69.128.214 - - [21/Jul/2021:10:16:44 +0800] "GET /xingrg/all/function/internal_message.html?_=1626833800990&CODE_STATE=getMsg HTTP/1.1" 200 27
180.169.147.146 - - [21/Jul/2021:10:16:44 +0800] "GET /xingrg/all/function/internal_message.html?_=1626833803810&CODE_STATE=getMsg HTTP/1.1" 200 27
180.169.147.146 - - [21/Jul/2021:10:16:44 +0800] "POST /xingrg/dwr/call/plaincall/AjaxGetFirstChart.getFirstChart.dwr HTTP/1.1" 200 96
116.237.74.182 - - [21/Jul/2021:10:16:47 +0800] "GET /xingrg/all/function/internal_message.html?_=1626833802378&CODE_STATE=getMsg HTTP/1.1" 200 27
180.169.147.146 - - [21/Jul/2021:10:16:49 +0800] "GET /xingrg/all/function/internal_message.html?_=1626833808268&CODE_STATE=getMsg HTTP/1.1" 200 27
180.169.147.146 - - [21/Jul/2021:10:16:50 +0800] "POST /xingrg/dwr/call/plaincall/AjaxKcSupplierService.modifyKcSupplier.dwr HTTP/1.1" 200 76
180.169.147.146 - - [21/Jul/2021:10:16:50 +0800] "POST /xingrg/system/supplier/kc_supplier_operate.html HTTP/1.1" 200 11365
222.70.175.207 - - [21/Jul/2021:10:16:50 +0800] "GET /xingrg/check_reg.html?_=1626833818472 HTTP/1.1" 302 -
222.70.175.207 - - [21/Jul/2021:10:16:53 +0800] "GET /xingrg/all/function/internal_message.html?_=1626833821446&CODE_STATE=getMsg HTTP/1.1" 302 -
116.235.222.38 - - [21/Jul/2021:10:16:54 +0800] "POST /xingrg/kc/buy/cgsh_order_operate.html HTTP/1.1" 200 2657
180.169.147.146 - - [21/Jul/2021:10:16:55 +0800] "GET /xingrg/all/function/internal_message.html?_=1626833810365&CODE_STATE=getMsg HTTP/1.1" 200 27
116.235.222.38 - - [21/Jul/2021:10:16:55 +0800] "GET /xingrg/kc/print/load_data.html?order_code=212021072109581&kc_code=cgsh&condition= HTTP/1.1" 200 670
222.70.176.145 - - [21/Jul/2021:10:16:57 +0800] "POST /xingrg/login.do HTTP/1.1" 200 2421
222.70.176.145 - - [21/Jul/2021:10:16:57 +0800] "GET /favicon.ico HTTP/1.1" 404 -
222.70.176.145 - - [21/Jul/2021:10:16:58 +0800] "GET /xingrg/login.html HTTP/1.1" 200 7641
222.70.176.145 - - [21/Jul/2021:10:16:58 +0800] "GET /favicon.ico HTTP/1.1" 404 -
180.169.147.146 - - [21/Jul/2021:10:17:00 +0800] "GET /xingrg/system/supplier/kcSupplier_info.html?code=00465&type=sort&id=00112 HTTP/1.1" 200 27556
180.169.147.146 - - [21/Jul/2021:10:17:00 +0800] "GET /xingrg/dwr/engine.js HTTP/1.1" 200 43631
180.169.147.146 - - [21/Jul/2021:10:17:00 +0800] "POST /xingrg/all/common/load_tree.html?tree=area_tree_json HTTP/1.1" 200 206
180.169.147.146 - - [21/Jul/2021:10:17:00 +0800] "POST /xingrg/all/common/load_tree.html?tree=area_tree_json HTTP/1.1" 200 206
180.169.147.146 - - [21/Jul/2021:10:17:00 +0800] "POST /xingrg/all/common/load_tree.html?tree=area_rest_tree_json HTTP/1.1" 200 3466
180.169.147.146 - - [21/Jul/2021:10:17:00 +0800] "GET /favicon.ico HTTP/1.1" 404 -
180.169.147.146 - - [21/Jul/2021:10:17:00 +0800] "POST /xingrg/dwr/call/plaincall/AjaxKcSupplierService.modifyKcSupplier.dwr HTTP/1.1" 200 1109
180.169.147.146 - - [21/Jul/2021:10:17:00 +0800] "POST /xingrg/all/common/load_tree.html?tree=area_tree_json HTTP/1.1" 200 206
180.169.147.146 - - [21/Jul/2021:10:17:00 +0800] "POST /xingrg/dwr/call/plaincall/AjaxGetFirstChart.getFirstChart.dwr HTTP/1.1" 200 96
180.169.147.146 - - [21/Jul/2021:10:17:00 +0800] "POST /xingrg/all/common/load_tree.html?tree=area_rest_tree_json&defaultRests= HTTP/1.1" 200 3466
180.169.147.146 - - [21/Jul/2021:10:17:00 +0800] "POST /xingrg/all/common/load_tree.html?tree=area_rest_tree_json&areaId=1&defaultRests= HTTP/1.1" 200 3466
180.169.147.146 - - [21/Jul/2021:10:17:00 +0800] "GET /xingrg/all/function/internal_message.html?_=1626833817419&CODE_STATE=getMsg HTTP/1.1" 302 -
116.235.222.38 - - [21/Jul/2021:10:17:01 +0800] "GET /xingrg/kc/buy/cgsh_order_add.html HTTP/1.1" 200 62879
116.235.222.38 - - [21/Jul/2021:10:17:01 +0800] "GET /xingrg/words/20210721095640_words.js HTTP/1.1" 304 -
116.235.222.38 - - [21/Jul/2021:10:17:01 +0800] "GET /xingrg/javascript/easyui/themes/default/validatebox.css HTTP/1.1" 404 1104
116.235.222.38 - - [21/Jul/2021:10:17:01 +0800] "POST /xingrg/kc/buy/cgsh_order_operate.html HTTP/1.1" 200 8245
116.235.222.38 - - [21/Jul/2021:10:17:05 +0800] "GET /xingrg/javascript/easyui/themes/default/tree.css HTTP/1.1" 404 1090
222.70.176.145 - - [21/Jul/2021:10:17:05 +0800] "POST /xingrg/login.do HTTP/1.1" 302 -
116.235.222.38 - - [21/Jul/2021:10:17:05 +0800] "POST /xingrg/all/common/load_tree.html?tree=supplier_tree_json&isDelete=1 HTTP/1.1" 200 56514
222.70.176.145 - - [21/Jul/2021:10:17:05 +0800] "GET /xingrg/index.html?sysBaseUrl=http%3A%2F%2F180.169.147.146%3A18081%2Fxingrg%2F&costTime=54×tamp=1626833825282 HTTP/1.1" 200 17413
222.70.176.145 - - [21/Jul/2021:10:17:05 +0800] "GET /favicon.ico HTTP/1.1" 404 -
222.70.176.145 - - [21/Jul/2021:10:17:05 +0800] "POST /xingrg/all/common/load_tree.html?tree=area_rest_tree_json&manage=1 HTTP/1.1" 200 470
222.70.176.145 - - [21/Jul/2021:10:17:05 +0800] "GET /xingrg/all/function/internal_message.html?_=1626833822051&CODE_STATE=count HTTP/1.1" 200 11
222.70.176.145 - - [21/Jul/2021:10:17:05 +0800] "GET /xingrg/check_reg.html?_=1626833822055 HTTP/1.1" 200 22
222.70.176.145 - - [21/Jul/2021:10:17:05 +0800] "POST /xingrg/load_menu.html HTTP/1.1" 200 9959
180.169.147.146 - - [21/Jul/2021:10:17:07 +0800] "GET /xingrg/all/function/internal_message.html?_=1626833825375&CODE_STATE=getMsg HTTP/1.1" 200 27
101.83.145.79 - - [21/Jul/2021:10:17:11 +0800] "GET /xingrg/all/function/internal_message.html?_=1626833794389&CODE_STATE=getMsg HTTP/1.1" 302 -
101.83.145.79 - - [21/Jul/2021:10:17:11 +0800] "GET /xingrg/check_reg.html?_=1626833794392 HTTP/1.1" 302 -
180.169.147.146 - - [21/Jul/2021:10:17:17 +0800] "GET /xingrg/system/supplier/kcSupplier_info.html?code=00465&type=sort&id=00112 HTTP/1.1" 200 27556
180.169.147.146 - - [21/Jul/2021:10:17:17 +0800] "GET /xingrg/dwr/engine.js HTTP/1.1" 200 43631
180.169.147.146 - - [21/Jul/2021:10:17:18 +0800] "POST /xingrg/all/common/load_tree.html?tree=area_tree_json HTTP/1.1" 200 206
180.169.147.146 - - [21/Jul/2021:10:17:18 +0800] "POST /xingrg/all/common/load_tree.html?tree=area_tree_json HTTP/1.1" 200 206
180.169.147.146 - - [21/Jul/2021:10:17:18 +0800] "POST /xingrg/all/common/load_tree.html?tree=area_rest_tree_json HTTP/1.1" 200 3466
180.169.147.146 - - [21/Jul/2021:10:17:18 +0800] "GET /favicon.ico HTTP/1.1" 404 -
180.169.147.146 - - [21/Jul/2021:10:17:18 +0800] "POST /xingrg/dwr/call/plaincall/AjaxKcSupplierService.modifyKcSupplier.dwr HTTP/1.1" 200 1109
180.169.147.146 - - [21/Jul/2021:10:17:18 +0800] "POST /xingrg/all/common/load_tree.html?tree=area_tree_json HTTP/1.1" 200 206
180.169.147.146 - - [21/Jul/2021:10:17:18 +0800] "POST /xingrg/dwr/call/plaincall/AjaxGetFirstChart.getFirstChart.dwr HTTP/1.1" 200 96
180.169.147.146 - - [21/Jul/2021:10:17:18 +0800] "POST /xingrg/all/common/load_tree.html?tree=area_rest_tree_json&defaultRests= HTTP/1.1" 200 3466
180.169.147.146 - - [21/Jul/2021:10:17:18 +0800] "POST /xingrg/all/common/load_tree.html?tree=area_rest_tree_json&areaId=1&defaultRests= HTTP/1.1" 200 3466
180.156.224.123 - - [21/Jul/2021:10:17:21 +0800] "GET /xingrg/all/function/internal_message.html?_=1626833839111&CODE_STATE=getMsg HTTP/1.1" 200 27
58.40.7.146 - - [21/Jul/2021:10:17:21 +0800] "GET /xingrg/all/function/internal_message.html?_=1626833839474&CODE_STATE=getMsg HTTP/1.1" 200 27
120.253.135.82 - - [21/Jul/2021:10:17:22 +0800] "GET /xingrg/all/function/internal_message.html?_=1626833620405&CODE_STATE=getMsg HTTP/1.1" 200 27
117.184.7.30 - - [21/Jul/2021:10:17:24 +0800] "GET /xingrg/all/function/internal_message.html?_=1626833840605&CODE_STATE=getMsg HTTP/1.1" 200 27
117.184.7.30 - - [21/Jul/2021:10:17:24 +0800] "GET /xingrg/check_reg.html?_=1626833840607 HTTP/1.1" 200 22
101.85.107.54 - - [21/Jul/2021:10:17:27 +0800] "GET /xingrg/all/function/internal_message.html?_=1626833843757&CODE_STATE=getMsg HTTP/1.1" 200 27
101.85.107.54 - - [21/Jul/2021:10:17:27 +0800] "GET /xingrg/check_reg.html?_=1626833843806 HTTP/1.1" 200 22
116.235.222.38 - - [21/Jul/2021:10:17:29 +0800] "GET /xingrg/all/function/internal_message.html?_=1626833844233&CODE_STATE=getMsg HTTP/1.1" 200 27
58.37.225.51 - - [21/Jul/2021:10:17:31 +0800] "GET /xingrg/all/function/internal_message.html?_=1626833767145&CODE_STATE=getMsg HTTP/1.1" 200 27
180.157.255.9 - - [21/Jul/2021:10:17:32 +0800] "GET /xingrg/all/function/internal_message.html?_=1626833855170&CODE_STATE=getMsg HTTP/1.1" 302 -
180.169.147.146 - - [21/Jul/2021:10:17:33 +0800] "GET /xingrg/all/function/internal_message.html?_=1626833851372&CODE_STATE=getMsg HTTP/1.1" 302 -
180.169.147.146 - - [21/Jul/2021:10:17:33 +0800] "GET /xingrg/check_reg.html?_=1626833851374 HTTP/1.1" 302 -
180.157.255.9 - - [21/Jul/2021:10:17:33 +0800] "GET /xingrg/check_reg.html?_=1626833856357 HTTP/1.1" 302 -
180.174.226.65 - - [21/Jul/2021:10:17:36 +0800] "GET /xingrg/all/function/internal_message.html?_=1626833824827&CODE_STATE=getMsg HTTP/1.1" 200 27
116.232.49.80 - - [21/Jul/2021:10:17:38 +0800] "GET /xingrg/all/function/internal_message.html?_=1626833858709&CODE_STATE=getMsg HTTP/1.1" 200 27
116.230.110.80 - - [21/Jul/2021:10:17:40 +0800] "GET /xingrg/check_reg.html?_=1626833858824 HTTP/1.1" 302 -
222.69.128.214 - - [21/Jul/2021:10:17:44 +0800] "GET /xingrg/all/function/internal_message.html?_=1626833861003&CODE_STATE=getMsg HTTP/1.1" 200 27
222.69.128.214 - - [21/Jul/2021:10:17:44 +0800] "GET /xingrg/check_reg.html?_=1626833861006 HTTP/1.1" 200 22
180.169.147.146 - - [21/Jul/2021:10:17:44 +0800] "GET /xingrg/check_reg.html?_=1626833863805 HTTP/1.1" 200 22
180.169.147.146 - - [21/Jul/2021:10:17:44 +0800] "GET /xingrg/all/function/internal_message.html?_=1626833863809&CODE_STATE=getMsg HTTP/1.1" 200 27
116.237.74.182 - - [21/Jul/2021:10:17:47 +0800] "GET /xingrg/all/function/internal_message.html?_=1626833862352&CODE_STATE=getMsg HTTP/1.1" 200 27
180.169.147.146 - - [21/Jul/2021:10:17:49 +0800] "GET /xingrg/all/function/internal_message.html?_=1626833868273&CODE_STATE=getMsg HTTP/1.1" 200 27
222.70.175.207 - - [21/Jul/2021:10:17:53 +0800] "GET /xingrg/all/function/internal_message.html?_=1626833881511&CODE_STATE=getMsg HTTP/1.1" 302 -
116.235.222.38 - - [21/Jul/2021:10:17:55 +0800] "GET /xingrg/kc/buy/cgsh_order_operate.html?command=get_materiel&rest_code=00107&code=00101010212&supplier_code=00100323&order_time=2021-07-21 HTTP/1.1" 200 420
180.169.147.146 - - [21/Jul/2021:10:17:55 +0800] "GET /xingrg/all/function/internal_message.html?_=1626833870350&CODE_STATE=getMsg HTTP/1.1" 200 27
180.169.147.146 - - [21/Jul/2021:10:18:00 +0800] "GET /xingrg/check_reg.html?_=1626833877428 HTTP/1.1" 302 -
180.169.147.146 - - [21/Jul/2021:10:18:00 +0800] "GET /xingrg/all/function/internal_message.html?_=1626833877432&CODE_STATE=getMsg HTTP/1.1" 302 -
222.70.176.145 - - [21/Jul/2021:10:18:05 +0800] "GET /xingrg/all/function/internal_message.html?_=1626833882066&CODE_STATE=getMsg HTTP/1.1" 200 27
180.169.147.146 - - [21/Jul/2021:10:18:07 +0800] "GET /xingrg/all/function/internal_message.html?_=1626833885374&CODE_STATE=getMsg HTTP/1.1" 200 27
116.235.222.38 - - [21/Jul/2021:10:18:09 +0800] "GET /xingrg/kc/buy/cgsh_order_operate.html?command=get_materiel&rest_code=00107&code=00101010498&supplier_code=00100323&order_time=2021-07-21 HTTP/1.1" 200 406
101.83.145.79 - - [21/Jul/2021:10:18:11 +0800] "GET /xingrg/all/function/internal_message.html?_=1626833854392&CODE_STATE=getMsg HTTP/1.1" 302 -
180.156.224.123 - - [21/Jul/2021:10:18:21 +0800] "GET /xingrg/check_reg.html?_=1626833899111 HTTP/1.1" 200 22
180.156.224.123 - - [21/Jul/2021:10:18:21 +0800] "GET /xingrg/all/function/internal_message.html?_=1626833899124&CODE_STATE=getMsg HTTP/1.1" 200 27
58.40.7.146 - - [21/Jul/2021:10:18:21 +0800] "GET /xingrg/all/function/internal_message.html?_=1626833899464&CODE_STATE=getMsg HTTP/1.1" 200 27
120.253.135.82 - - [21/Jul/2021:10:18:22 +0800] "GET /xingrg/all/function/internal_message.html?_=1626833680417&CODE_STATE=getMsg HTTP/1.1" 200 27
117.184.7.30 - - [21/Jul/2021:10:18:24 +0800] "GET /xingrg/all/function/internal_message.html?_=1626833900607&CODE_STATE=getMsg HTTP/1.1" 200 27
116.230.110.80 - - [21/Jul/2021:10:18:25 +0800] "GET /favicon.ico HTTP/1.1" 404 -
101.85.107.54 - - [21/Jul/2021:10:18:27 +0800] "GET /xingrg/all/function/internal_message.html?_=1626833903728&CODE_STATE=getMsg HTTP/1.1" 200 27
116.235.222.38 - - [21/Jul/2021:10:18:30 +0800] "GET /xingrg/all/function/internal_message.html?_=1626833904607&CODE_STATE=getMsg HTTP/1.1" 200 27
58.37.225.51 - - [21/Jul/2021:10:18:31 +0800] "GET /xingrg/all/function/internal_message.html?_=1626833827145&CODE_STATE=getMsg HTTP/1.1" 200 27
180.157.255.9 - - [21/Jul/2021:10:18:32 +0800] "GET /xingrg/all/function/internal_message.html?_=1626833915156&CODE_STATE=getMsg HTTP/1.1" 302 -
