58.40.7.146 - - [21/Jul/2021:10:24:19 +0800] "GET /xingrg/check_reg.html?_=1626834257393 HTTP/1.1" 302 -
116.237.74.182 - - [21/Jul/2021:10:24:19 +0800] "GET /xingrg/login.html HTTP/1.1" 200 7641
116.237.74.182 - - [21/Jul/2021:10:24:21 +0800] "GET /favicon.ico HTTP/1.1" 404 -
180.156.224.123 - - [21/Jul/2021:10:24:21 +0800] "GET /xingrg/all/function/internal_message.html?_=1626834259127&CODE_STATE=getMsg HTTP/1.1" 200 27
58.40.7.146 - - [21/Jul/2021:10:24:21 +0800] "GET /xingrg/all/function/internal_message.html?_=1626834259471&CODE_STATE=getMsg HTTP/1.1" 200 27
120.253.135.82 - - [21/Jul/2021:10:24:22 +0800] "GET /xingrg/all/function/internal_message.html?_=1626834040514&CODE_STATE=getMsg HTTP/1.1" 200 27
116.235.222.38 - - [21/Jul/2021:10:24:22 +0800] "GET /xingrg/kc/buy/cgsh_order_operate.html?command=get_materiel&rest_code=00107&code=00101001180&supplier_code=00100319&order_time=2021-07-21 HTTP/1.1" 200 417
116.237.74.182 - - [21/Jul/2021:10:24:23 +0800] "POST /xingrg/login.do HTTP/1.1" 302 -
116.237.74.182 - - [21/Jul/2021:10:24:23 +0800] "GET /xingrg/index.html?sysBaseUrl=http%3A%2F%2F180.169.147.146%3A18081%2Fxingrg%2F&costTime=46×tamp=1626834263415 HTTP/1.1" 200 17503
116.237.74.182 - - [21/Jul/2021:10:24:23 +0800] "POST /xingrg/all/common/load_tree.html?tree=area_rest_tree_json&manage=1 HTTP/1.1" 200 3216
116.237.74.182 - - [21/Jul/2021:10:24:23 +0800] "GET /favicon.ico HTTP/1.1" 404 -
116.237.74.182 - - [21/Jul/2021:10:24:23 +0800] "GET /xingrg/all/function/internal_message.html?_=1626834258801&CODE_STATE=count HTTP/1.1" 200 11
116.237.74.182 - - [21/Jul/2021:10:24:23 +0800] "GET /xingrg/check_reg.html?_=1626834258802 HTTP/1.1" 200 22
116.237.74.182 - - [21/Jul/2021:10:24:23 +0800] "POST /xingrg/load_menu.html HTTP/1.1" 200 11564
117.184.7.30 - - [21/Jul/2021:10:24:24 +0800] "GET /xingrg/all/function/internal_message.html?_=1626834260623&CODE_STATE=getMsg HTTP/1.1" 200 27
222.69.128.214 - - [21/Jul/2021:10:24:25 +0800] "GET /xingrg/kc/buy/cgsh_order_operate.html?command=get_materiel&rest_code=00149&code=00101008131&supplier_code=00100005&order_time=2021-07-21 HTTP/1.1" 200 408
101.85.107.54 - - [21/Jul/2021:10:24:27 +0800] "GET /xingrg/all/function/internal_message.html?_=1626834263584&CODE_STATE=getMsg HTTP/1.1" 200 27
116.235.222.38 - - [21/Jul/2021:10:24:29 +0800] "GET /xingrg/check_reg.html?_=1626834264100 HTTP/1.1" 200 22
116.237.74.182 - - [21/Jul/2021:10:24:29 +0800] "POST /xingrg/all/user/operate.html HTTP/1.1" 200 36
116.237.74.182 - - [21/Jul/2021:10:24:30 +0800] "GET /xingrg/index.html?sysBaseUrl=http%3A%2F%2F180.169.147.146%3A18081%2Fxingrg%2F&costTime=46×tamp=1626834263415 HTTP/1.1" 200 17503
116.237.74.182 - - [21/Jul/2021:10:24:30 +0800] "GET /xingrg/javascript/jquery_easy_ui/themes/default/easyui.css HTTP/1.1" 304 -
116.237.74.182 - - [21/Jul/2021:10:24:30 +0800] "GET /xingrg/javascript/jquery_easy_ui/themes/icon.css HTTP/1.1" 304 -
116.237.74.182 - - [21/Jul/2021:10:24:30 +0800] "GET /xingrg/css/form.css HTTP/1.1" 304 -
116.237.74.182 - - [21/Jul/2021:10:24:30 +0800] "GET /xingrg/javascript/jquery-1.4.2.min.js HTTP/1.1" 304 -
116.237.74.182 - - [21/Jul/2021:10:24:30 +0800] "GET /xingrg/javascript/jquery_easy_ui/jquery.easyui.min.js HTTP/1.1" 304 -
116.237.74.182 - - [21/Jul/2021:10:24:30 +0800] "GET /xingrg/javascript/jquery_easy_ui/easyui-lang-zh_CN.js HTTP/1.1" 304 -
116.237.74.182 - - [21/Jul/2021:10:24:30 +0800] "GET /xingrg/javascript/jquery.form.js HTTP/1.1" 304 -
116.237.74.182 - - [21/Jul/2021:10:24:30 +0800] "GET /xingrg/javascript/jquery.utils.js HTTP/1.1" 304 -
116.237.74.182 - - [21/Jul/2021:10:24:30 +0800] "GET /xingrg/javascript/jquery.timers.js HTTP/1.1" 304 -
116.237.74.182 - - [21/Jul/2021:10:24:30 +0800] "GET /xingrg/images/blue/jxLogo.png HTTP/1.1" 304 -
116.237.74.182 - - [21/Jul/2021:10:24:30 +0800] "GET /xingrg/javascript/jquery_easy_ui/themes/icons/settle_new.png HTTP/1.1" 304 -
116.237.74.182 - - [21/Jul/2021:10:24:30 +0800] "GET /xingrg/images/blue/navBackgound.jpg HTTP/1.1" 304 -
116.237.74.182 - - [21/Jul/2021:10:24:30 +0800] "POST /xingrg/all/common/load_tree.html?tree=area_rest_tree_json&manage=1 HTTP/1.1" 200 3216
116.237.74.182 - - [21/Jul/2021:10:24:30 +0800] "GET /xingrg/all/function/internal_message.html?_=1626834265187&CODE_STATE=count HTTP/1.1" 200 11
116.237.74.182 - - [21/Jul/2021:10:24:30 +0800] "GET /xingrg/javascript/jquery_easy_ui/themes/default/images/panel_tool_collapse.gif HTTP/1.1" 304 -
116.237.74.182 - - [21/Jul/2021:10:24:30 +0800] "GET /xingrg/javascript/jquery_easy_ui/themes/default/images/panel_tool_expand.gif HTTP/1.1" 304 -
116.237.74.182 - - [21/Jul/2021:10:24:30 +0800] "GET /xingrg/check_reg.html?_=1626834265188 HTTP/1.1" 200 22
116.237.74.182 - - [21/Jul/2021:10:24:30 +0800] "GET /xingrg/javascript/jquery_easy_ui/themes/default/images/tabs_rightarrow.png HTTP/1.1" 304 -
116.237.74.182 - - [21/Jul/2021:10:24:30 +0800] "GET /xingrg/images/blue/pingpu.png HTTP/1.1" 304 -
116.237.74.182 - - [21/Jul/2021:10:24:30 +0800] "GET /xingrg/javascript/jquery_easy_ui/themes/default/images/tabs_leftarrow.png HTTP/1.1" 304 -
116.237.74.182 - - [21/Jul/2021:10:24:30 +0800] "POST /xingrg/load_menu.html HTTP/1.1" 200 9959
116.237.74.182 - - [21/Jul/2021:10:24:30 +0800] "GET /xingrg/javascript/jquery_easy_ui/themes/default/images/tree_arrows.gif HTTP/1.1" 304 -
116.237.74.182 - - [21/Jul/2021:10:24:30 +0800] "GET /xingrg/javascript/jquery_easy_ui/themes/default/images/tree_file.gif HTTP/1.1" 304 -
116.237.74.182 - - [21/Jul/2021:10:24:30 +0800] "GET /xingrg/javascript/jquery_easy_ui/themes/icons/systemset_new.png HTTP/1.1" 304 -
116.237.74.182 - - [21/Jul/2021:10:24:30 +0800] "GET /xingrg/javascript/jquery_easy_ui/themes/icons/forms_new.png HTTP/1.1" 304 -
116.237.74.182 - - [21/Jul/2021:10:24:30 +0800] "GET /xingrg/javascript/jquery_easy_ui/themes/icons/setting_new.png HTTP/1.1" 304 -
116.237.74.182 - - [21/Jul/2021:10:24:30 +0800] "GET /xingrg/javascript/jquery_easy_ui/themes/icons/checkout_new.png HTTP/1.1" 304 -
116.237.74.182 - - [21/Jul/2021:10:24:30 +0800] "GET /xingrg/javascript/jquery_easy_ui/themes/default/images/tree_folder.gif HTTP/1.1" 304 -
116.237.74.182 - - [21/Jul/2021:10:24:30 +0800] "GET /xingrg/javascript/jquery_easy_ui/themes/icons/storage_new.png HTTP/1.1" 304 -
116.237.74.182 - - [21/Jul/2021:10:24:30 +0800] "GET /xingrg/javascript/jquery_easy_ui/themes/default/images/tree_folder_open.gif HTTP/1.1" 304 -
116.237.74.182 - - [21/Jul/2021:10:24:30 +0800] "GET /xingrg/javascript/jquery_easy_ui/themes/icons/search_new.png HTTP/1.1" 304 -
116.237.74.182 - - [21/Jul/2021:10:24:31 +0800] "GET /xingrg/kc/buy/buy_main.html HTTP/1.1" 200 12412
116.237.74.182 - - [21/Jul/2021:10:24:31 +0800] "GET /xingrg/css/new_ie.css HTTP/1.1" 404 1036
58.37.225.51 - - [21/Jul/2021:10:24:31 +0800] "GET /xingrg/all/function/internal_message.html?_=1626834187170&CODE_STATE=getMsg HTTP/1.1" 200 27
116.237.74.182 - - [21/Jul/2021:10:24:32 +0800] "GET /xingrg/images/yd/bt.gif HTTP/1.1" 404 1040
116.237.74.182 - - [21/Jul/2021:10:24:32 +0800] "GET /xingrg/kc/buy/cgsh_order_list.html HTTP/1.1" 200 47308
116.237.74.182 - - [21/Jul/2021:10:24:32 +0800] "GET /xingrg/kc/buy/cgsh_order_operate.html?command=get_materiel&rest_code=00106&code=00101001044&supplier_code=00100090&order_time=2021-07-21 HTTP/1.1" 200 409
180.169.147.146 - - [21/Jul/2021:10:24:33 +0800] "GET /xingrg/all/function/internal_message.html?_=1626834271375&CODE_STATE=getMsg HTTP/1.1" 302 -
116.235.222.38 - - [21/Jul/2021:10:24:34 +0800] "POST /xingrg/kc/buy/cgsh_order_operate.html HTTP/1.1" 200 37
222.70.176.145 - - [21/Jul/2021:10:24:35 +0800] "GET /xingrg/kc/buy/cgsh_order_add.html HTTP/1.1" 200 62791
222.70.176.145 - - [21/Jul/2021:10:24:35 +0800] "GET /xingrg/words/20210721095640_words.js HTTP/1.1" 200 826514
116.237.74.182 - - [21/Jul/2021:10:24:35 +0800] "POST /xingrg/kc/buy/cgsh_list_operate.html HTTP/1.1" 200 876
222.70.176.145 - - [21/Jul/2021:10:24:35 +0800] "GET /xingrg/all/common/auto_word.html?type=employee&rest_code=00111 HTTP/1.1" 200 155
222.70.176.145 - - [21/Jul/2021:10:24:35 +0800] "GET /xingrg/javascript/easyui/themes/default/validatebox.css HTTP/1.1" 404 1104
222.70.176.145 - - [21/Jul/2021:10:24:35 +0800] "GET /xingrg/all/common/auto_word.html?type=employee&rest_code=00111 HTTP/1.1" 200 155
222.70.176.145 - - [21/Jul/2021:10:24:35 +0800] "POST /xingrg/kc/buy/cgsh_order_operate.html HTTP/1.1" 200 8245
180.174.226.65 - - [21/Jul/2021:10:24:36 +0800] "GET /xingrg/all/function/internal_message.html?_=1626834245156&CODE_STATE=getMsg HTTP/1.1" 200 27
116.235.222.38 - - [21/Jul/2021:10:24:36 +0800] "POST /xingrg/kc/buy/cgsh_order_operate.html HTTP/1.1" 200 3261
116.232.49.80 - - [21/Jul/2021:10:24:38 +0800] "GET /xingrg/all/function/internal_message.html?_=1626834278731&CODE_STATE=getMsg HTTP/1.1" 200 27
116.232.49.80 - - [21/Jul/2021:10:24:38 +0800] "GET /xingrg/check_reg.html?_=1626834278731 HTTP/1.1" 200 22
180.174.226.65 - - [21/Jul/2021:10:24:39 +0800] "GET /xingrg/kc/buy/cgsh_order_operate.html?command=get_materiel&rest_code=00102&code=00101008101&supplier_code=&order_time=2021-07-21 HTTP/1.1" 200 412
116.237.74.182 - - [21/Jul/2021:10:24:40 +0800] "POST /xingrg/kc/buy/cgsh_list_operate.html HTTP/1.1" 200 5969
222.70.176.145 - - [21/Jul/2021:10:24:42 +0800] "GET /xingrg/javascript/auto/indicator.gif HTTP/1.1" 404 1066
116.237.74.182 - - [21/Jul/2021:10:24:43 +0800] "POST /xingrg/kc/buy/cgsh_list_operate.html HTTP/1.1" 200 282
222.70.176.145 - - [21/Jul/2021:10:24:43 +0800] "GET /xingrg/javascript/jquery_tools/images/prev.gif HTTP/1.1" 404 1086
222.70.176.145 - - [21/Jul/2021:10:24:43 +0800] "GET /xingrg/javascript/jquery_tools/images/next.gif HTTP/1.1" 404 1086
222.69.128.214 - - [21/Jul/2021:10:24:44 +0800] "GET /xingrg/all/function/internal_message.html?_=1626834281040&CODE_STATE=getMsg HTTP/1.1" 200 27
180.169.147.146 - - [21/Jul/2021:10:24:44 +0800] "GET /xingrg/all/function/internal_message.html?_=1626834283816&CODE_STATE=getMsg HTTP/1.1" 302 -
116.235.222.38 - - [21/Jul/2021:10:24:45 +0800] "POST /xingrg/kc/buy/cgsh_order_operate.html HTTP/1.1" 200 37
116.237.74.182 - - [21/Jul/2021:10:24:45 +0800] "GET /xingrg/kc/buy/cgsh_order_info.html?code=212021072109588 HTTP/1.1" 200 57965
116.237.74.182 - - [21/Jul/2021:10:24:45 +0800] "GET /xingrg/words/20210721095640_words.js HTTP/1.1" 304 -
116.237.74.182 - - [21/Jul/2021:10:24:45 +0800] "GET /xingrg/javascript/easyui/themes/default/validatebox.css HTTP/1.1" 404 1104
116.237.74.182 - - [21/Jul/2021:10:24:46 +0800] "POST /xingrg/kc/buy/cgsh_order_operate.html HTTP/1.1" 200 1211
116.237.74.182 - - [21/Jul/2021:10:24:46 +0800] "GET /xingrg/kc/buy/cgsh_order_operate.html?command=get_materiel&rest_code=00106&code=00101001125&supplier_code=00100090&order_time=2021-07-21 HTTP/1.1" 200 415
180.174.226.65 - - [21/Jul/2021:10:24:46 +0800] "GET /xingrg/kc/buy/cgsh_order_operate.html?command=get_materiel&rest_code=00102&code=00101008286&supplier_code=&order_time=2021-07-21 HTTP/1.1" 200 408
116.235.222.38 - - [21/Jul/2021:10:24:47 +0800] "POST /xingrg/kc/buy/cgsh_order_operate.html HTTP/1.1" 200 3261
116.237.74.182 - - [21/Jul/2021:10:24:48 +0800] "POST /xingrg/kc/buy/cgsh_order_operate.html HTTP/1.1" 200 12
116.237.74.182 - - [21/Jul/2021:10:24:49 +0800] "GET /xingrg/kc/buy/cgsh_order_info.html?code=212021072109588 HTTP/1.1" 200 62806
180.169.147.146 - - [21/Jul/2021:10:24:49 +0800] "GET /xingrg/check_reg.html?_=1626834288268 HTTP/1.1" 200 22
180.169.147.146 - - [21/Jul/2021:10:24:49 +0800] "GET /xingrg/all/function/internal_message.html?_=1626834288270&CODE_STATE=getMsg HTTP/1.1" 200 27
116.237.74.182 - - [21/Jul/2021:10:24:49 +0800] "GET /xingrg/all/common/auto_word.html?type=employee&rest_code=00106 HTTP/1.1" 200 205
116.237.74.182 - - [21/Jul/2021:10:24:49 +0800] "GET /xingrg/javascript/easyui/themes/default/validatebox.css HTTP/1.1" 404 1104
116.237.74.182 - - [21/Jul/2021:10:24:49 +0800] "GET /xingrg/all/common/auto_word.html?type=employee&rest_code=00106 HTTP/1.1" 200 205
116.237.74.182 - - [21/Jul/2021:10:24:50 +0800] "POST /xingrg/kc/buy/cgsh_order_operate.html HTTP/1.1" 200 3261
222.70.176.145 - - [21/Jul/2021:10:24:50 +0800] "GET /xingrg/kc/buy/cgsh_order_operate.html?command=get_materiel&rest_code=00111&code=00101002027&supplier_code=00100199&order_time=2021-07-21 HTTP/1.1" 200 413
116.237.74.182 - - [21/Jul/2021:10:24:50 +0800] "GET /xingrg/login.html HTTP/1.1" 200 7641
116.237.74.182 - - [21/Jul/2021:10:24:51 +0800] "GET /favicon.ico HTTP/1.1" 404 -
180.157.255.9 - - [21/Jul/2021:10:24:52 +0800] "POST /xingrg/kc/buy/cgsh_order_operate.html HTTP/1.1" 200 37
116.235.222.38 - - [21/Jul/2021:10:24:52 +0800] "GET /xingrg/kc/print/load_data.html?order_code=212021072109589&kc_code=cgsh&condition= HTTP/1.1" 200 911
116.232.49.80 - - [21/Jul/2021:10:24:52 +0800] "GET /favicon.ico HTTP/1.1" 404 -
222.69.128.214 - - [21/Jul/2021:10:24:53 +0800] "GET /xingrg/kc/buy/cgsh_order_operate.html?command=get_materiel&rest_code=00149&code=00101008296&supplier_code=00100005&order_time=2021-07-21 HTTP/1.1" 200 416
222.70.175.207 - - [21/Jul/2021:10:24:54 +0800] "GET /xingrg/all/function/internal_message.html?_=1626834301822&CODE_STATE=getMsg HTTP/1.1" 302 -
180.157.255.9 - - [21/Jul/2021:10:24:54 +0800] "POST /xingrg/kc/buy/cgsh_order_operate.html HTTP/1.1" 200 5043
116.237.74.182 - - [21/Jul/2021:10:24:54 +0800] "POST /xingrg/login.do HTTP/1.1" 302 -
116.237.74.182 - - [21/Jul/2021:10:24:54 +0800] "GET /xingrg/index.html?sysBaseUrl=http%3A%2F%2F180.169.147.146%3A18081%2Fxingrg%2F&costTime=36×tamp=1626834294430 HTTP/1.1" 200 17173
180.174.226.65 - - [21/Jul/2021:10:24:54 +0800] "GET /xingrg/all/function/internal_message.html?_=1626834290604&CODE_STATE=getMsg HTTP/1.1" 200 27
116.237.74.182 - - [21/Jul/2021:10:24:54 +0800] "POST /xingrg/all/common/load_tree.html?tree=area_rest_tree_json&manage=1 HTTP/1.1" 200 342
116.237.74.182 - - [21/Jul/2021:10:24:54 +0800] "GET /xingrg/check_reg.html?_=1626834289778 HTTP/1.1" 200 22
116.237.74.182 - - [21/Jul/2021:10:24:54 +0800] "GET /xingrg/all/function/internal_message.html?_=1626834289777&CODE_STATE=count HTTP/1.1" 200 11
116.237.74.182 - - [21/Jul/2021:10:24:54 +0800] "GET /favicon.ico HTTP/1.1" 404 -
116.237.74.182 - - [21/Jul/2021:10:24:54 +0800] "POST /xingrg/load_menu.html HTTP/1.1" 200 5138
180.157.255.9 - - [21/Jul/2021:10:24:55 +0800] "GET /xingrg/kc/print/load_data.html?order_code=212021072109590&kc_code=cgsh&condition= HTTP/1.1" 200 1599
180.169.147.146 - - [21/Jul/2021:10:24:55 +0800] "GET /xingrg/all/function/internal_message.html?_=1626834290378&CODE_STATE=getMsg HTTP/1.1" 200 27
116.237.74.182 - - [21/Jul/2021:10:24:56 +0800] "GET /xingrg/kc/buy/buy_main.html HTTP/1.1" 200 12412
116.237.74.182 - - [21/Jul/2021:10:24:56 +0800] "GET /xingrg/css/new_ie.css HTTP/1.1" 404 1036
116.237.74.182 - - [21/Jul/2021:10:24:56 +0800] "GET /xingrg/images/yd/bt.gif HTTP/1.1" 404 1040
116.237.74.182 - - [21/Jul/2021:10:24:57 +0800] "GET /xingrg/kc/buy/cgsh_order_list.html HTTP/1.1" 200 47053
222.69.128.214 - - [21/Jul/2021:10:24:57 +0800] "POST /xingrg/kc/buy/cgsh_order_operate.html HTTP/1.1" 200 2065
180.157.255.9 - - [21/Jul/2021:10:24:58 +0800] "GET /xingrg/check_reg.html?_=1626834301380 HTTP/1.1" 200 22
180.157.255.9 - - [21/Jul/2021:10:24:58 +0800] "GET /xingrg/all/function/internal_message.html?_=1626834301381&CODE_STATE=getMsg HTTP/1.1" 200 27
116.237.74.182 - - [21/Jul/2021:10:24:59 +0800] "POST /xingrg/kc/buy/cgsh_list_operate.html HTTP/1.1" 200 1697
116.235.222.38 - - [21/Jul/2021:10:24:59 +0800] "GET /xingrg/kc/buy/cgsh_order_add.html HTTP/1.1" 200 62879
116.235.222.38 - - [21/Jul/2021:10:24:59 +0800] "GET /xingrg/words/20210721095640_words.js HTTP/1.1" 304 -
116.235.222.38 - - [21/Jul/2021:10:25:00 +0800] "GET /xingrg/javascript/easyui/themes/default/validatebox.css HTTP/1.1" 404 1104
116.235.222.38 - - [21/Jul/2021:10:25:00 +0800] "POST /xingrg/kc/buy/cgsh_order_operate.html HTTP/1.1" 200 8245
116.237.74.182 - - [21/Jul/2021:10:25:00 +0800] "POST /xingrg/kc/buy/cgsh_list_operate.html HTTP/1.1" 200 282
180.169.147.146 - - [21/Jul/2021:10:25:00 +0800] "GET /xingrg/all/function/internal_message.html?_=1626834297412&CODE_STATE=getMsg HTTP/1.1" 302 -
180.157.255.9 - - [21/Jul/2021:10:25:00 +0800] "GET /xingrg/kc/buy/cgsh_order_add.html HTTP/1.1" 200 62797
116.237.74.182 - - [21/Jul/2021:10:25:00 +0800] "GET /xingrg/kc/buy/cgsh_order_info.html?code=212021072109588 HTTP/1.1" 200 62806
180.157.255.9 - - [21/Jul/2021:10:25:00 +0800] "POST /xingrg/kc/buy/cgsh_order_operate.html HTTP/1.1" 200 8245
180.157.255.9 - - [21/Jul/2021:10:25:00 +0800] "GET /xingrg/javascript/easyui/themes/default/validatebox.css HTTP/1.1" 404 1104
116.237.74.182 - - [21/Jul/2021:10:25:01 +0800] "GET /xingrg/javascript/easyui/themes/default/validatebox.css HTTP/1.1" 404 1104
116.235.222.38 - - [21/Jul/2021:10:25:01 +0800] "GET /xingrg/javascript/easyui/themes/default/tree.css HTTP/1.1" 404 1090
116.235.222.38 - - [21/Jul/2021:10:25:01 +0800] "POST /xingrg/all/common/load_tree.html?tree=supplier_tree_json&isDelete=1 HTTP/1.1" 200 56514
116.237.74.182 - - [21/Jul/2021:10:25:01 +0800] "POST /xingrg/kc/buy/cgsh_order_operate.html HTTP/1.1" 200 3261
222.69.128.214 - - [21/Jul/2021:10:25:01 +0800] "GET /xingrg/kc/buy/cgsh_order_operate.html?command=get_materiel&rest_code=00149&code=00101008169&supplier_code=00100005&order_time=2021-07-21 HTTP/1.1" 200 412
116.237.74.182 - - [21/Jul/2021:10:25:02 +0800] "GET /xingrg/kc/buy/cgsh_order_operate.html?command=get_materiel&rest_code=00106&code=00101001148&supplier_code=00100090&order_time=2021-07-21 HTTP/1.1" 200 411
116.237.74.182 - - [21/Jul/2021:10:25:02 +0800] "GET /xingrg/javascript/easyui/themes/default/tree.css HTTP/1.1" 404 1090
116.237.74.182 - - [21/Jul/2021:10:25:02 +0800] "POST /xingrg/all/common/load_tree.html?tree=supplier_tree_json&isDelete=1 HTTP/1.1" 200 56514
222.70.176.145 - - [21/Jul/2021:10:25:05 +0800] "GET /xingrg/all/function/internal_message.html?_=1626834302075&CODE_STATE=getMsg HTTP/1.1" 200 27
180.169.147.146 - - [21/Jul/2021:10:25:07 +0800] "GET /xingrg/all/function/internal_message.html?_=1626834305384&CODE_STATE=getMsg HTTP/1.1" 200 27
116.237.74.182 - - [21/Jul/2021:10:25:10 +0800] "POST /xingrg/kc/buy/cgsh_order_operate.html HTTP/1.1" 200 37
101.83.145.79 - - [21/Jul/2021:10:25:11 +0800] "GET /xingrg/all/function/internal_message.html?_=1626834274424&CODE_STATE=getMsg HTTP/1.1" 302 -
222.69.128.214 - - [21/Jul/2021:10:25:12 +0800] "GET /xingrg/kc/buy/cgsh_order_operate.html?command=get_materiel&rest_code=00149&code=00101008098&supplier_code=00100005&order_time=2021-07-21 HTTP/1.1" 200 412
116.237.74.182 - - [21/Jul/2021:10:25:14 +0800] "POST /xingrg/kc/buy/cgsh_order_operate.html HTTP/1.1" 200 12
116.237.74.182 - - [21/Jul/2021:10:25:15 +0800] "GET /xingrg/kc/buy/cgsh_order_info.html?code=212021072109588 HTTP/1.1" 200 57712
116.237.74.182 - - [21/Jul/2021:10:25:15 +0800] "GET /xingrg/javascript/easyui/themes/default/validatebox.css HTTP/1.1" 404 1104
222.70.176.145 - - [21/Jul/2021:10:25:15 +0800] "GET /xingrg/kc/buy/cgsh_order_operate.html?command=get_materiel&rest_code=00111&code=00101002006&supplier_code=00100199&order_time=2021-07-21 HTTP/1.1" 200 413
116.237.74.182 - - [21/Jul/2021:10:25:16 +0800] "POST /xingrg/kc/buy/cgsh_order_operate.html HTTP/1.1" 200 1211
116.237.74.182 - - [21/Jul/2021:10:25:17 +0800] "GET /xingrg/kc/print/load_config.html?kc_code=cgsh HTTP/1.1" 200 1845
116.237.74.182 - - [21/Jul/2021:10:25:17 +0800] "GET /xingrg/kc/print/load_data.html?order_code=212021072109588&kc_code=cgsh&condition= HTTP/1.1" 200 1012
116.237.74.182 - - [21/Jul/2021:10:25:17 +0800] "GET /xingrg/all/function/internal_message.html?_=1626834315723&CODE_STATE=getMsg HTTP/1.1" 200 27
116.237.74.182 - - [21/Jul/2021:10:25:19 +0800] "GET /xingrg/kc/buy/cgsh_order_operate.html?command=get_materiel&rest_code=00106&code=00101001093&supplier_code=00100090&order_time=2021-07-21 HTTP/1.1" 200 409
116.237.74.182 - - [21/Jul/2021:10:25:21 +0800] "GET /xingrg/kc/print/load_data.html?order_code=212021072109588&kc_code=cgsh HTTP/1.1" 200 1012
180.156.224.123 - - [21/Jul/2021:10:25:21 +0800] "GET /xingrg/all/function/internal_message.html?_=1626834319127&CODE_STATE=getMsg HTTP/1.1" 200 27
58.40.7.146 - - [21/Jul/2021:10:25:21 +0800] "GET /xingrg/all/function/internal_message.html?_=1626834319476&CODE_STATE=getMsg HTTP/1.1" 200 27
58.40.7.146 - - [21/Jul/2021:10:25:21 +0800] "GET /xingrg/check_reg.html?_=1626834319477 HTTP/1.1" 200 22
120.253.135.82 - - [21/Jul/2021:10:25:22 +0800] "GET /xingrg/all/function/internal_message.html?_=1626834100528&CODE_STATE=getMsg HTTP/1.1" 200 27
116.235.222.38 - - [21/Jul/2021:10:25:22 +0800] "GET /xingrg/kc/buy/cgsh_order_operate.html?command=get_materiel&rest_code=00107&code=00101002034&supplier_code=00100091&order_time=2021-07-21 HTTP/1.1" 200 409
222.69.128.214 - - [21/Jul/2021:10:25:22 +0800] "GET /xingrg/kc/buy/cgsh_order_operate.html?command=get_materiel&rest_code=00149&code=00101008005&supplier_code=00100005&order_time=2021-07-21 HTTP/1.1" 200 412
117.184.7.30 - - [21/Jul/2021:10:25:24 +0800] "GET /xingrg/all/function/internal_message.html?_=1626834320626&CODE_STATE=getMsg HTTP/1.1" 200 27
222.70.176.145 - - [21/Jul/2021:10:25:26 +0800] "POST /xingrg/kc/buy/cgsh_order_operate.html HTTP/1.1" 200 37
101.85.107.54 - - [21/Jul/2021:10:25:27 +0800] "GET /xingrg/all/function/internal_message.html?_=1626834323563&CODE_STATE=getMsg HTTP/1.1" 200 27
222.70.176.145 - - [21/Jul/2021:10:25:27 +0800] "POST /xingrg/kc/buy/cgsh_order_operate.html HTTP/1.1" 200 3257
58.37.225.51 - - [21/Jul/2021:10:25:31 +0800] "GET /xingrg/all/function/internal_message.html?_=1626834247185&CODE_STATE=getMsg HTTP/1.1" 200 27
116.235.222.38 - - [21/Jul/2021:10:25:32 +0800] "GET /xingrg/all/function/internal_message.html?_=1626834326771&CODE_STATE=getMsg HTTP/1.1" 200 27
116.235.222.38 - - [21/Jul/2021:10:25:32 +0800] "POST /xingrg/kc/buy/cgsh_order_operate.html HTTP/1.1" 200 37
222.69.128.214 - - [21/Jul/2021:10:25:32 +0800] "GET /xingrg/kc/buy/cgsh_order_operate.html?command=get_materiel&rest_code=00149&code=00101008353&supplier_code=00100005&order_time=2021-07-21 HTTP/1.1" 200 408
116.235.222.38 - - [21/Jul/2021:10:25:34 +0800] "POST /xingrg/kc/buy/cgsh_order_operate.html HTTP/1.1" 200 2656
116.232.49.80 - - [21/Jul/2021:10:25:35 +0800] "GET /favicon.ico HTTP/1.1" 404 -
180.174.226.65 - - [21/Jul/2021:10:25:36 +0800] "GET /xingrg/all/function/internal_message.html?_=1626834305169&CODE_STATE=getMsg HTTP/1.1" 200 27
116.235.222.38 - - [21/Jul/2021:10:25:37 +0800] "GET /xingrg/kc/print/load_data.html?order_code=212021072109592&kc_code=cgsh&condition= HTTP/1.1" 200 735
116.232.49.80 - - [21/Jul/2021:10:25:38 +0800] "GET /xingrg/all/function/internal_message.html?_=1626834338734&CODE_STATE=getMsg HTTP/1.1" 200 27
222.69.128.214 - - [21/Jul/2021:10:25:41 +0800] "GET /xingrg/kc/buy/cgsh_order_operate.html?command=get_materiel&rest_code=00149&code=00101008041&supplier_code=00100005&order_time=2021-07-21 HTTP/1.1" 200 408
222.69.128.214 - - [21/Jul/2021:10:25:44 +0800] "GET /xingrg/all/function/internal_message.html?_=1626834341105&CODE_STATE=getMsg HTTP/1.1" 200 27
180.169.147.146 - - [21/Jul/2021:10:25:44 +0800] "GET /xingrg/all/function/internal_message.html?_=1626834343817&CODE_STATE=getMsg HTTP/1.1" 302 -
222.69.128.214 - - [21/Jul/2021:10:25:45 +0800] "POST /xingrg/kc/buy/cgsh_order_operate.html HTTP/1.1" 200 2065
116.235.222.38 - - [21/Jul/2021:10:25:46 +0800] "GET /xingrg/kc/buy/cgsh_order_add.html HTTP/1.1" 200 62879
116.235.222.38 - - [21/Jul/2021:10:25:47 +0800] "GET /xingrg/javascript/easyui/themes/default/validatebox.css HTTP/1.1" 404 1104
116.235.222.38 - - [21/Jul/2021:10:25:47 +0800] "POST /xingrg/kc/buy/cgsh_order_operate.html HTTP/1.1" 200 8245
180.157.255.9 - - [21/Jul/2021:10:25:48 +0800] "GET /xingrg/kc/buy/cgsh_order_operate.html?command=get_materiel&rest_code=00148&code=00101001167&supplier_code=00100314&order_time=2021-07-21 HTTP/1.1" 200 411
222.69.128.214 - - [21/Jul/2021:10:25:49 +0800] "GET /xingrg/kc/buy/cgsh_order_operate.html?command=get_materiel&rest_code=00149&code=00101008101&supplier_code=00100005&order_time=2021-07-21 HTTP/1.1" 200 412
116.235.222.38 - - [21/Jul/2021:10:25:49 +0800] "GET /xingrg/javascript/easyui/themes/default/tree.css HTTP/1.1" 404 1090
180.169.147.146 - - [21/Jul/2021:10:25:49 +0800] "GET /xingrg/all/function/internal_message.html?_=1626834348274&CODE_STATE=getMsg HTTP/1.1" 200 27
116.235.222.38 - - [21/Jul/2021:10:25:49 +0800] "POST /xingrg/all/common/load_tree.html?tree=supplier_tree_json&isDelete=1 HTTP/1.1" 200 56514
222.70.175.207 - - [21/Jul/2021:10:25:54 +0800] "GET /xingrg/all/function/internal_message.html?_=1626834361833&CODE_STATE=getMsg HTTP/1.1" 302 -
180.174.226.65 - - [21/Jul/2021:10:25:54 +0800] "GET /xingrg/all/function/internal_message.html?_=1626834350617&CODE_STATE=getMsg HTTP/1.1" 200 27
116.237.74.182 - - [21/Jul/2021:10:25:54 +0800] "GET /xingrg/all/function/internal_message.html?_=1626834349793&CODE_STATE=getMsg HTTP/1.1" 200 27
180.169.147.146 - - [21/Jul/2021:10:25:55 +0800] "GET /xingrg/check_reg.html?_=1626834350379 HTTP/1.1" 200 22
180.169.147.146 - - [21/Jul/2021:10:25:55 +0800] "GET /xingrg/all/function/internal_message.html?_=1626834350381&CODE_STATE=getMsg HTTP/1.1" 200 27
180.157.255.9 - - [21/Jul/2021:10:25:58 +0800] "GET /xingrg/all/function/internal_message.html?_=1626834361367&CODE_STATE=getMsg HTTP/1.1" 200 27
180.169.147.146 - - [21/Jul/2021:10:26:00 +0800] "GET /xingrg/all/function/internal_message.html?_=1626834357423&CODE_STATE=getMsg HTTP/1.1" 302 -
116.237.74.182 - - [21/Jul/2021:10:26:02 +0800] "GET /xingrg/kc/buy/cgsh_order_add.html HTTP/1.1" 200 62797
116.237.74.182 - - [21/Jul/2021:10:26:02 +0800] "POST /xingrg/kc/buy/cgsh_order_operate.html HTTP/1.1" 200 8245
116.237.74.182 - - [21/Jul/2021:10:26:02 +0800] "GET /xingrg/javascript/easyui/themes/default/validatebox.css HTTP/1.1" 404 1104
116.235.222.38 - - [21/Jul/2021:10:26:04 +0800] "GET /xingrg/kc/buy/cgsh_order_operate.html?command=get_materiel&rest_code=00107&code=00101001115&supplier_code=00100089&order_time=2021-07-21 HTTP/1.1" 200 415
222.70.176.145 - - [21/Jul/2021:10:26:05 +0800] "GET /xingrg/all/function/internal_message.html?_=1626834362087&CODE_STATE=getMsg HTTP/1.1" 200 27
116.237.74.182 - - [21/Jul/2021:10:26:07 +0800] "GET /xingrg/javascript/easyui/themes/default/tree.css HTTP/1.1" 404 1090
116.237.74.182 - - [21/Jul/2021:10:26:07 +0800] "POST /xingrg/all/common/load_tree.html?tree=supplier_tree_json&isDelete=1 HTTP/1.1" 200 56514
180.169.147.146 - - [21/Jul/2021:10:26:07 +0800] "GET /xingrg/check_reg.html?_=1626834365383 HTTP/1.1" 200 22
180.169.147.146 - - [21/Jul/2021:10:26:07 +0800] "GET /xingrg/all/function/internal_message.html?_=1626834365387&CODE_STATE=getMsg HTTP/1.1" 200 27
222.69.128.214 - - [21/Jul/2021:10:26:08 +0800] "GET /xingrg/kc/buy/cgsh_order_operate.html?command=get_materiel&rest_code=00149&code=00101008114&supplier_code=00100005&order_time=2021-07-21 HTTP/1.1" 200 412
101.83.145.79 - - [21/Jul/2021:10:26:11 +0800] "GET /xingrg/all/function/internal_message.html?_=1626834334410&CODE_STATE=getMsg HTTP/1.1" 302 -
116.235.222.38 - - [21/Jul/2021:10:26:15 +0800] "POST /xingrg/kc/buy/cgsh_order_operate.html HTTP/1.1" 200 37
116.237.74.182 - - [21/Jul/2021:10:26:16 +0800] "GET /xingrg/javascript/auto/indicator.gif HTTP/1.1" 404 1066
116.237.74.182 - - [21/Jul/2021:10:26:17 +0800] "POST /xingrg/kc/buy/cgsh_order_operate.html HTTP/1.1" 200 37
116.235.222.38 - - [21/Jul/2021:10:26:17 +0800] "POST /xingrg/kc/buy/cgsh_order_operate.html HTTP/1.1" 200 2659
116.237.74.182 - - [21/Jul/2021:10:26:18 +0800] "GET /xingrg/check_reg.html?_=1626834376879 HTTP/1.1" 200 22
116.237.74.182 - - [21/Jul/2021:10:26:18 +0800] "GET /xingrg/all/function/internal_message.html?_=1626834376880&CODE_STATE=getMsg HTTP/1.1" 200 27
116.235.222.38 - - [21/Jul/2021:10:26:19 +0800] "GET /xingrg/kc/print/load_data.html?order_code=212021072109593&kc_code=cgsh&condition= HTTP/1.1" 200 745
116.237.74.182 - - [21/Jul/2021:10:26:19 +0800] "POST /xingrg/kc/buy/cgsh_order_operate.html HTTP/1.1" 200 5035
116.237.74.182 - - [21/Jul/2021:10:26:19 +0800] "GET /xingrg/kc/buy/cgsh_order_operate.html?command=get_materiel&rest_code=00106&code=00101006113&supplier_code=00100015&order_time=2021-07-21 HTTP/1.1" 200 415
180.156.224.123 - - [21/Jul/2021:10:26:21 +0800] "GET /xingrg/all/function/internal_message.html?_=1626834379126&CODE_STATE=getMsg HTTP/1.1" 200 27
58.40.7.146 - - [21/Jul/2021:10:26:21 +0800] "GET /xingrg/all/function/internal_message.html?_=1626834379465&CODE_STATE=getMsg HTTP/1.1" 200 27
120.253.135.82 - - [21/Jul/2021:10:26:21 +0800] "GET /xingrg/check_reg.html?_=1626834160200 HTTP/1.1" 200 22
116.237.74.182 - - [21/Jul/2021:10:26:22 +0800] "GET /xingrg/kc/buy/cgsh_order_add.html HTTP/1.1" 200 62791
120.253.135.82 - - [21/Jul/2021:10:26:22 +0800] "GET /xingrg/all/function/internal_message.html?_=1626834160542&CODE_STATE=getMsg HTTP/1.1" 200 27
116.237.74.182 - - [21/Jul/2021:10:26:22 +0800] "GET /xingrg/words/20210721095640_words.js HTTP/1.1" 304 -
116.237.74.182 - - [21/Jul/2021:10:26:22 +0800] "POST /xingrg/kc/buy/cgsh_order_operate.html HTTP/1.1" 200 8245
116.237.74.182 - - [21/Jul/2021:10:26:22 +0800] "GET /xingrg/javascript/easyui/themes/default/validatebox.css HTTP/1.1" 404 1104
116.237.74.182 - - [21/Jul/2021:10:26:24 +0800] "GET /xingrg/javascript/easyui/themes/default/tree.css HTTP/1.1" 404 1090
222.69.128.214 - - [21/Jul/2021:10:26:24 +0800] "GET /xingrg/kc/buy/cgsh_order_operate.html?command=get_materiel&rest_code=00149&code=00101008236&supplier_code=00100005&order_time=2021-07-21 HTTP/1.1" 200 416
116.237.74.182 - - [21/Jul/2021:10:26:24 +0800] "POST /xingrg/all/common/load_tree.html?tree=supplier_tree_json&isDelete=1 HTTP/1.1" 200 56514
117.184.7.30 - - [21/Jul/2021:10:26:24 +0800] "GET /xingrg/all/function/internal_message.html?_=1626834380627&CODE_STATE=getMsg HTTP/1.1" 200 27
101.85.107.54 - - [21/Jul/2021:10:26:27 +0800] "GET /xingrg/all/function/internal_message.html?_=1626834383620&CODE_STATE=getMsg HTTP/1.1" 200 27
116.235.222.38 - - [21/Jul/2021:10:26:29 +0800] "GET /xingrg/kc/buy/cgsh_order_add.html HTTP/1.1" 200 62879
116.235.222.38 - - [21/Jul/2021:10:26:30 +0800] "GET /xingrg/javascript/easyui/themes/default/validatebox.css HTTP/1.1" 404 1104
116.235.222.38 - - [21/Jul/2021:10:26:30 +0800] "POST /xingrg/kc/buy/cgsh_order_operate.html HTTP/1.1" 200 8245
58.37.225.51 - - [21/Jul/2021:10:26:31 +0800] "GET /xingrg/all/function/internal_message.html?_=1626834307184&CODE_STATE=getMsg HTTP/1.1" 200 27
58.37.225.51 - - [21/Jul/2021:10:26:31 +0800] "GET /xingrg/check_reg.html?_=1626834307185 HTTP/1.1" 200 22
116.235.222.38 - - [21/Jul/2021:10:26:32 +0800] "GET /xingrg/all/function/internal_message.html?_=1626834386750&CODE_STATE=getMsg HTTP/1.1" 200 27
222.69.128.214 - - [21/Jul/2021:10:26:33 +0800] "GET /xingrg/kc/buy/cgsh_order_operate.html?command=get_materiel&rest_code=00149&code=00101015006&supplier_code=00100005&order_time=2021-07-21 HTTP/1.1" 200 413
180.174.226.65 - - [21/Jul/2021:10:26:35 +0800] "GET /xingrg/check_reg.html?_=1626834363927 HTTP/1.1" 200 22
116.235.222.38 - - [21/Jul/2021:10:26:35 +0800] "GET /xingrg/javascript/easyui/themes/default/tree.css HTTP/1.1" 404 1090
116.235.222.38 - - [21/Jul/2021:10:26:35 +0800] "POST /xingrg/all/common/load_tree.html?tree=supplier_tree_json&isDelete=1 HTTP/1.1" 200 56514
180.174.226.65 - - [21/Jul/2021:10:26:36 +0800] "GET /xingrg/all/function/internal_message.html?_=1626834365182&CODE_STATE=getMsg HTTP/1.1" 200 27
116.232.49.80 - - [21/Jul/2021:10:26:38 +0800] "GET /xingrg/all/function/internal_message.html?_=1626834398733&CODE_STATE=getMsg HTTP/1.1" 200 27
101.83.145.79 - - [21/Jul/2021:10:26:43 +0800] "GET /xingrg/kc/buy/cgsh_order_operate.html?command=get_materiel&rest_code=00105&code=00101006106&supplier_code=00100012&order_time=2021-07-21 HTTP/1.1" 302 -
180.169.147.146 - - [21/Jul/2021:10:26:44 +0800] "GET /xingrg/all/function/internal_message.html?_=1626834403819&CODE_STATE=getMsg HTTP/1.1" 302 -
222.69.128.214 - - [21/Jul/2021:10:26:44 +0800] "GET /xingrg/all/function/internal_message.html?_=1626834401111&CODE_STATE=getMsg HTTP/1.1" 200 27
222.69.128.214 - - [21/Jul/2021:10:26:45 +0800] "GET /xingrg/kc/buy/cgsh_order_operate.html?command=get_materiel&rest_code=00149&code=00101015066&supplier_code=00100005&order_time=2021-07-21 HTTP/1.1" 200 413
116.237.74.182 - - [21/Jul/2021:10:26:47 +0800] "GET /xingrg/kc/buy/cgsh_order_operate.html?command=get_materiel&rest_code=00106&code=00101006109&supplier_code=00100015&order_time=2021-07-21 HTTP/1.1" 200 411
58.37.225.51 - - [21/Jul/2021:10:26:47 +0800] "GET /xingrg/kc/buy/buy_main.html HTTP/1.1" 200 12412
58.37.225.51 - - [21/Jul/2021:10:26:47 +0800] "GET /xingrg/css/new_ie.css HTTP/1.1" 404 1036
58.37.225.51 - - [21/Jul/2021:10:26:47 +0800] "GET /xingrg/images/yd/bt.gif HTTP/1.1" 404 1040
222.69.128.214 - - [21/Jul/2021:10:26:48 +0800] "POST /xingrg/kc/buy/cgsh_order_operate.html HTTP/1.1" 200 2065
58.37.225.51 - - [21/Jul/2021:10:26:48 +0800] "GET /xingrg/kc/buy/cgsh_order_list.html HTTP/1.1" 200 47059
180.169.147.146 - - [21/Jul/2021:10:26:49 +0800] "GET /xingrg/all/function/internal_message.html?_=1626834408281&CODE_STATE=getMsg HTTP/1.1" 200 27
58.37.225.51 - - [21/Jul/2021:10:26:49 +0800] "POST /xingrg/kc/buy/cgsh_list_operate.html HTTP/1.1" 200 876
58.37.225.51 - - [21/Jul/2021:10:26:50 +0800] "GET /xingrg/kc/buy/cgsh_order_add.html HTTP/1.1" 200 62797
58.37.225.51 - - [21/Jul/2021:10:26:50 +0800] "GET /xingrg/words/20210721095640_words.js HTTP/1.1" 200 826514
58.37.225.51 - - [21/Jul/2021:10:26:50 +0800] "POST /xingrg/kc/buy/cgsh_order_operate.html HTTP/1.1" 200 8245
116.237.74.182 - - [21/Jul/2021:10:26:50 +0800] "GET /xingrg/kc/buy/cgsh_order_operate.html?command=get_materiel&rest_code=00106&code=00101014101&supplier_code=00100087&order_time=2021-07-21 HTTP/1.1" 200 402
58.37.225.51 - - [21/Jul/2021:10:26:50 +0800] "GET /xingrg/all/common/auto_word.html?type=employee&rest_code=00141 HTTP/1.1" 200 201
58.37.225.51 - - [21/Jul/2021:10:26:50 +0800] "GET /xingrg/all/common/auto_word.html?type=employee&rest_code=00141 HTTP/1.1" 200 201
58.37.225.51 - - [21/Jul/2021:10:26:50 +0800] "GET /xingrg/javascript/easyui/themes/default/validatebox.css HTTP/1.1" 404 1104
222.70.175.207 - - [21/Jul/2021:10:26:50 +0800] "GET /xingrg/check_reg.html?_=1626834418587 HTTP/1.1" 302 -
58.37.225.51 - - [21/Jul/2021:10:26:53 +0800] "GET /xingrg/javascript/auto/indicator.gif HTTP/1.1" 404 1066
222.69.128.214 - - [21/Jul/2021:10:26:54 +0800] "GET /xingrg/kc/buy/cgsh_order_operate.html?command=get_materiel&rest_code=00149&code=00101015024&supplier_code=00100005&order_time=2021-07-21 HTTP/1.1" 200 413
222.70.175.207 - - [21/Jul/2021:10:26:54 +0800] "GET /xingrg/all/function/internal_message.html?_=1626834421847&CODE_STATE=getMsg HTTP/1.1" 302 -
116.235.222.38 - - [21/Jul/2021:10:26:54 +0800] "GET /xingrg/kc/buy/cgsh_order_operate.html?command=get_materiel&rest_code=00107&code=00101004071&supplier_code=00100312&order_time=2021-07-21 HTTP/1.1" 200 409
180.174.226.65 - - [21/Jul/2021:10:26:54 +0800] "GET /xingrg/all/function/internal_message.html?_=1626834410671&CODE_STATE=getMsg HTTP/1.1" 200 27
116.237.74.182 - - [21/Jul/2021:10:26:54 +0800] "GET /xingrg/all/function/internal_message.html?_=1626834409813&CODE_STATE=getMsg HTTP/1.1" 200 27
116.237.74.182 - - [21/Jul/2021:10:26:55 +0800] "GET /xingrg/kc/buy/cgsh_order_operate.html?command=get_materiel&rest_code=00106&code=00101006130&supplier_code=00100015&order_time=2021-07-21 HTTP/1.1" 200 427
101.83.145.79 - - [21/Jul/2021:10:26:55 +0800] "POST /xingrg/kc/buy/cgsh_order_operate.html HTTP/1.1" 302 -
180.169.147.146 - - [21/Jul/2021:10:26:55 +0800] "GET /xingrg/all/function/internal_message.html?_=1626834410380&CODE_STATE=getMsg HTTP/1.1" 200 27
120.253.135.82 - - [21/Jul/2021:10:26:55 +0800] "GET /xingrg/kc/pszx/mdqp_order_list.html?state=10 HTTP/1.1" 200 10645
120.253.135.82 - - [21/Jul/2021:10:26:55 +0800] "GET /xingrg/dwr/interface/AjaxReportQueryService.js HTTP/1.1" 200 13203
120.253.135.82 - - [21/Jul/2021:10:26:55 +0800] "GET /xingrg/dwr/interface/AjaxQqpsService.js HTTP/1.1" 200 16326
120.253.135.82 - - [21/Jul/2021:10:26:55 +0800] "GET /xingrg/dwr/engine.js HTTP/1.1" 200 43631
58.37.225.51 - - [21/Jul/2021:10:26:56 +0800] "GET /xingrg/javascript/jquery_tools/images/prev.gif HTTP/1.1" 404 1086
58.37.225.51 - - [21/Jul/2021:10:26:56 +0800] "GET /xingrg/javascript/jquery_tools/images/next.gif HTTP/1.1" 404 1086
120.253.135.82 - - [21/Jul/2021:10:26:57 +0800] "GET /xingrg/kc/pszx/mdqp_order_info.html?code=302021072100444 HTTP/1.1" 200 13338
120.253.135.82 - - [21/Jul/2021:10:26:57 +0800] "GET /xingrg/dwr/interface/AjaxQqpsService.js HTTP/1.1" 200 16326
120.253.135.82 - - [21/Jul/2021:10:26:57 +0800] "GET /xingrg/dwr/interface/AjaxComOrderService.js HTTP/1.1" 200 18264
120.253.135.82 - - [21/Jul/2021:10:26:57 +0800] "GET /xingrg/dwr/engine.js HTTP/1.1" 200 43631
120.253.135.82 - - [21/Jul/2021:10:26:58 +0800] "POST /xingrg/dwr/call/plaincall/AjaxQqpsService.loadMaterielItems.dwr HTTP/1.1" 200 927
180.157.255.9 - - [21/Jul/2021:10:26:58 +0800] "GET /xingrg/all/function/internal_message.html?_=1626834421369&CODE_STATE=getMsg HTTP/1.1" 200 27
101.83.145.79 - - [21/Jul/2021:10:26:59 +0800] "GET /xingrg/javascript/jquery_easy_ui/themes/default/images/tabs_active.png HTTP/1.1" 304 -
180.169.147.146 - - [21/Jul/2021:10:27:00 +0800] "GET /xingrg/all/function/internal_message.html?_=1626834417424&CODE_STATE=getMsg HTTP/1.1" 302 -
58.37.225.51 - - [21/Jul/2021:10:27:02 +0800] "GET /xingrg/kc/buy/cgsh_order_operate.html?command=get_materiel&rest_code=00141&code=00101011005&supplier_code=00100036&order_time=2021-07-21 HTTP/1.1" 200 408
120.253.135.82 - - [21/Jul/2021:10:27:05 +0800] "GET /xingrg/kc/pszx/mdqp_order_list.html?isBack=1 HTTP/1.1" 302 -
120.253.135.82 - - [21/Jul/2021:10:27:05 +0800] "GET /xingrg/kc/pszx/mdqp_order_list.html?state=10 HTTP/1.1" 200 10645
120.253.135.82 - - [21/Jul/2021:10:27:05 +0800] "GET /xingrg/dwr/interface/AjaxQqpsService.js HTTP/1.1" 200 16326
120.253.135.82 - - [21/Jul/2021:10:27:05 +0800] "GET /xingrg/dwr/interface/AjaxReportQueryService.js HTTP/1.1" 200 13203
120.253.135.82 - - [21/Jul/2021:10:27:05 +0800] "GET /xingrg/dwr/engine.js HTTP/1.1" 200 43631
222.70.176.145 - - [21/Jul/2021:10:27:05 +0800] "GET /xingrg/check_reg.html?_=1626834422075 HTTP/1.1" 200 22
222.70.176.145 - - [21/Jul/2021:10:27:05 +0800] "GET /xingrg/all/function/internal_message.html?_=1626834422080&CODE_STATE=getMsg HTTP/1.1" 200 27
180.169.147.146 - - [21/Jul/2021:10:27:07 +0800] "GET /xingrg/all/function/internal_message.html?_=1626834425374&CODE_STATE=getMsg HTTP/1.1" 200 27
120.253.135.82 - - [21/Jul/2021:10:27:07 +0800] "GET /xingrg/kc/pszx/mdqp_order_list.html?state=10 HTTP/1.1" 200 10645
120.253.135.82 - - [21/Jul/2021:10:27:07 +0800] "GET /xingrg/dwr/interface/AjaxReportQueryService.js HTTP/1.1" 200 13203
120.253.135.82 - - [21/Jul/2021:10:27:07 +0800] "GET /xingrg/dwr/interface/AjaxQqpsService.js HTTP/1.1" 200 16326
120.253.135.82 - - [21/Jul/2021:10:27:07 +0800] "GET /xingrg/dwr/engine.js HTTP/1.1" 200 43631
222.69.128.214 - - [21/Jul/2021:10:27:08 +0800] "GET /xingrg/kc/buy/cgsh_order_operate.html?command=get_materiel&rest_code=00149&code=00101008198&supplier_code=00100005&order_time=2021-07-21 HTTP/1.1" 200 413
101.83.145.79 - - [21/Jul/2021:10:27:11 +0800] "GET /xingrg/all/function/internal_message.html?_=1626834394424&CODE_STATE=getMsg HTTP/1.1" 302 -
101.83.145.79 - - [21/Jul/2021:10:27:11 +0800] "GET /xingrg/check_reg.html?_=1626834394427 HTTP/1.1" 302 -
116.237.74.182 - - [21/Jul/2021:10:27:12 +0800] "GET /xingrg/kc/buy/cgsh_order_operate.html?command=get_materiel&rest_code=00106&code=00101006065&supplier_code=00100015&order_time=2021-07-21 HTTP/1.1" 200 411
116.237.74.182 - - [21/Jul/2021:10:27:14 +0800] "POST /xingrg/kc/buy/cgsh_order_operate.html HTTP/1.1" 200 37
180.174.226.65 - - [21/Jul/2021:10:27:16 +0800] "GET /xingrg/kc/buy/cgsh_order_list.html HTTP/1.1" 200 47053
180.157.255.9 - - [21/Jul/2021:10:27:16 +0800] "POST /xingrg/kc/buy/cgsh_order_operate.html HTTP/1.1" 200 37
58.37.225.51 - - [21/Jul/2021:10:27:16 +0800] "GET /xingrg/kc/buy/cgsh_order_operate.html?command=get_materiel&rest_code=00141&code=00101010136&supplier_code=00100036&order_time=2021-07-21 HTTP/1.1" 200 408
116.237.74.182 - - [21/Jul/2021:10:27:16 +0800] "POST /xingrg/kc/buy/cgsh_order_operate.html HTTP/1.1" 200 2663
180.174.226.65 - - [21/Jul/2021:10:27:17 +0800] "POST /xingrg/kc/buy/cgsh_list_operate.html HTTP/1.1" 200 876
180.157.255.9 - - [21/Jul/2021:10:27:17 +0800] "POST /xingrg/kc/buy/cgsh_order_operate.html HTTP/1.1" 200 2657
116.235.222.38 - - [21/Jul/2021:10:27:18 +0800] "GET /xingrg/kc/buy/cgsh_order_operate.html?command=get_materiel&rest_code=00107&code=00101004023&supplier_code=00100312&order_time=2021-07-21 HTTP/1.1" 200 409
116.237.74.182 - - [21/Jul/2021:10:27:18 +0800] "GET /xingrg/kc/buy/cgsh_order_add.html HTTP/1.1" 200 62791
116.237.74.182 - - [21/Jul/2021:10:27:18 +0800] "POST /xingrg/kc/buy/cgsh_order_operate.html HTTP/1.1" 200 8245
116.237.74.182 - - [21/Jul/2021:10:27:18 +0800] "GET /xingrg/javascript/easyui/themes/default/validatebox.css HTTP/1.1" 404 1104
116.237.74.182 - - [21/Jul/2021:10:27:18 +0800] "GET /xingrg/all/function/internal_message.html?_=1626834436867&CODE_STATE=getMsg HTTP/1.1" 200 27
222.69.128.214 - - [21/Jul/2021:10:27:19 +0800] "GET /xingrg/kc/buy/cgsh_order_operate.html?command=get_materiel&rest_code=00149&code=00101010237&supplier_code=00100005&order_time=2021-07-21 HTTP/1.1" 200 412
180.157.255.9 - - [21/Jul/2021:10:27:19 +0800] "GET /xingrg/kc/print/load_data.html?order_code=212021072109596&kc_code=cgsh&condition= HTTP/1.1" 200 673
116.237.74.182 - - [21/Jul/2021:10:27:20 +0800] "GET /xingrg/javascript/easyui/themes/default/tree.css HTTP/1.1" 404 1090
116.237.74.182 - - [21/Jul/2021:10:27:20 +0800] "POST /xingrg/all/common/load_tree.html?tree=supplier_tree_json&isDelete=1 HTTP/1.1" 200 56514
180.156.224.123 - - [21/Jul/2021:10:27:21 +0800] "GET /xingrg/all/function/internal_message.html?_=1626834439130&CODE_STATE=getMsg HTTP/1.1" 200 27
58.40.7.146 - - [21/Jul/2021:10:27:21 +0800] "GET /xingrg/all/function/internal_message.html?_=1626834439469&CODE_STATE=getMsg HTTP/1.1" 200 27
120.253.135.82 - - [21/Jul/2021:10:27:22 +0800] "GET /xingrg/all/function/internal_message.html?_=1626834220565&CODE_STATE=getMsg HTTP/1.1" 200 27
117.184.7.30 - - [21/Jul/2021:10:27:24 +0800] "GET /xingrg/check_reg.html?_=1626834440618 HTTP/1.1" 200 22
117.184.7.30 - - [21/Jul/2021:10:27:24 +0800] "GET /xingrg/all/function/internal_message.html?_=1626834440619&CODE_STATE=getMsg HTTP/1.1" 200 27
101.83.145.79 - - [21/Jul/2021:10:27:25 +0800] "GET /xingrg/kc/buy/buy_main.html HTTP/1.1" 302 -
101.83.145.79 - - [21/Jul/2021:10:27:25 +0800] "GET /xingrg/login.html HTTP/1.1" 200 7641
101.83.145.79 - - [21/Jul/2021:10:27:25 +0800] "GET /xingrg/login.html HTTP/1.1" 200 7641
101.83.145.79 - - [21/Jul/2021:10:27:25 +0800] "GET /favicon.ico HTTP/1.1" 404 -
116.237.74.182 - - [21/Jul/2021:10:27:26 +0800] "POST /xingrg/kc/buy/cgsh_order_operate.html HTTP/1.1" 200 37
58.37.225.51 - - [21/Jul/2021:10:27:27 +0800] "GET /xingrg/kc/buy/cgsh_order_operate.html?command=get_materiel&rest_code=00141&code=00101012025&supplier_code=00100036&order_time=2021-07-21 HTTP/1.1" 200 412
101.85.107.54 - - [21/Jul/2021:10:27:27 +0800] "GET /xingrg/all/function/internal_message.html?_=1626834443519&CODE_STATE=getMsg HTTP/1.1" 200 27
101.85.107.54 - - [21/Jul/2021:10:27:27 +0800] "GET /xingrg/check_reg.html?_=1626834443818 HTTP/1.1" 200 22
116.237.74.182 - - [21/Jul/2021:10:27:28 +0800] "POST /xingrg/kc/buy/cgsh_order_operate.html HTTP/1.1" 200 4444
58.37.225.51 - - [21/Jul/2021:10:27:31 +0800] "GET /xingrg/all/function/internal_message.html?_=1626834367205&CODE_STATE=getMsg HTTP/1.1" 200 27
116.235.222.38 - - [21/Jul/2021:10:27:32 +0800] "GET /xingrg/all/function/internal_message.html?_=1626834446734&CODE_STATE=getMsg HTTP/1.1" 200 27
116.235.222.38 - - [21/Jul/2021:10:27:32 +0800] "POST /xingrg/kc/buy/cgsh_order_operate.html HTTP/1.1" 200 37
101.83.145.79 - - [21/Jul/2021:10:27:35 +0800] "POST /xingrg/login.do HTTP/1.1" 302 -
101.83.145.79 - - [21/Jul/2021:10:27:35 +0800] "GET /xingrg/index.html?sysBaseUrl=http%3A%2F%2F180.169.147.146%3A18081%2Fxingrg%2F&costTime=38×tamp=1626834455048 HTTP/1.1" 200 17173
116.235.222.38 - - [21/Jul/2021:10:27:35 +0800] "POST /xingrg/kc/buy/cgsh_order_operate.html HTTP/1.1" 200 3243
101.83.145.79 - - [21/Jul/2021:10:27:35 +0800] "GET /favicon.ico HTTP/1.1" 404 -
101.83.145.79 - - [21/Jul/2021:10:27:35 +0800] "POST /xingrg/all/common/load_tree.html?tree=area_rest_tree_json&manage=1 HTTP/1.1" 200 342
101.83.145.79 - - [21/Jul/2021:10:27:35 +0800] "GET /xingrg/all/function/internal_message.html?_=1626834418119&CODE_STATE=count HTTP/1.1" 200 11
101.83.145.79 - - [21/Jul/2021:10:27:35 +0800] "GET /xingrg/check_reg.html?_=1626834418125 HTTP/1.1" 200 22
101.83.145.79 - - [21/Jul/2021:10:27:35 +0800] "POST /xingrg/load_menu.html HTTP/1.1" 200 5138
180.174.226.65 - - [21/Jul/2021:10:27:36 +0800] "GET /xingrg/all/function/internal_message.html?_=1626834425196&CODE_STATE=getMsg HTTP/1.1" 200 27
116.235.222.38 - - [21/Jul/2021:10:27:38 +0800] "GET /xingrg/kc/print/load_data.html?order_code=212021072109598&kc_code=cgsh&condition= HTTP/1.1" 200 894
116.232.49.80 - - [21/Jul/2021:10:27:38 +0800] "GET /xingrg/all/function/internal_message.html?_=1626834458736&CODE_STATE=getMsg HTTP/1.1" 200 27
101.83.145.79 - - [21/Jul/2021:10:27:39 +0800] "GET /xingrg/kc/buy/buy_main.html HTTP/1.1" 200 12412
101.83.145.79 - - [21/Jul/2021:10:27:39 +0800] "GET /xingrg/css/new_ie.css HTTP/1.1" 404 1036
116.237.74.182 - - [21/Jul/2021:10:27:39 +0800] "GET /xingrg/kc/buy/cgsh_order_operate.html?command=get_materiel&rest_code=00106&code=00101006129&supplier_code=00100015&order_time=2021-07-21 HTTP/1.1" 200 431
101.83.145.79 - - [21/Jul/2021:10:27:40 +0800] "GET /xingrg/images/yd/bt.gif HTTP/1.1" 404 1040
120.253.135.82 - - [21/Jul/2021:10:27:40 +0800] "GET /xingrg/kc/buy/cgsh_order_list.html HTTP/1.1" 200 47053
116.230.110.80 - - [21/Jul/2021:10:27:40 +0800] "GET /xingrg/check_reg.html?_=1626834458792 HTTP/1.1" 302 -
101.83.145.79 - - [21/Jul/2021:10:27:41 +0800] "GET /xingrg/kc/buy/cgsh_order_list.html HTTP/1.1" 200 47053
120.253.135.82 - - [21/Jul/2021:10:27:41 +0800] "POST /xingrg/kc/buy/cgsh_list_operate.html HTTP/1.1" 200 876
101.83.145.79 - - [21/Jul/2021:10:27:43 +0800] "POST /xingrg/kc/buy/cgsh_list_operate.html HTTP/1.1" 200 1690
116.235.222.38 - - [21/Jul/2021:10:27:43 +0800] "GET /xingrg/kc/buy/cgsh_order_add.html HTTP/1.1" 200 62879
222.69.128.214 - - [21/Jul/2021:10:27:44 +0800] "GET /xingrg/check_reg.html?_=1626834461034 HTTP/1.1" 200 22
116.235.222.38 - - [21/Jul/2021:10:27:44 +0800] "POST /xingrg/kc/buy/cgsh_order_operate.html HTTP/1.1" 200 8245
222.69.128.214 - - [21/Jul/2021:10:27:44 +0800] "GET /xingrg/all/function/internal_message.html?_=1626834461052&CODE_STATE=getMsg HTTP/1.1" 200 27
180.169.147.146 - - [21/Jul/2021:10:27:44 +0800] "GET /xingrg/all/function/internal_message.html?_=1626834463820&CODE_STATE=getMsg HTTP/1.1" 302 -
180.169.147.146 - - [21/Jul/2021:10:27:44 +0800] "GET /xingrg/check_reg.html?_=1626834463824 HTTP/1.1" 302 -
116.235.222.38 - - [21/Jul/2021:10:27:44 +0800] "GET /xingrg/javascript/easyui/themes/default/validatebox.css HTTP/1.1" 404 1104
116.237.74.182 - - [21/Jul/2021:10:27:44 +0800] "GET /xingrg/kc/buy/cgsh_order_operate.html?command=get_materiel&rest_code=00106&code=00101002006&supplier_code=00100091&order_time=2021-07-21 HTTP/1.1" 200 413
116.235.222.38 - - [21/Jul/2021:10:27:45 +0800] "GET /xingrg/javascript/easyui/themes/default/tree.css HTTP/1.1" 404 1090
120.253.135.82 - - [21/Jul/2021:10:27:45 +0800] "GET /xingrg/kc/buy/cgsh_order_add.html HTTP/1.1" 200 61852
58.37.225.51 - - [21/Jul/2021:10:27:45 +0800] "GET /xingrg/kc/buy/cgsh_order_operate.html?command=get_materiel&rest_code=00141&code=00101016053&supplier_code=00100036&order_time=2021-07-21 HTTP/1.1" 200 408
120.253.135.82 - - [21/Jul/2021:10:27:45 +0800] "GET /xingrg/javascript/easyui/themes/icons/template_new.png HTTP/1.1" 304 -
116.235.222.38 - - [21/Jul/2021:10:27:45 +0800] "POST /xingrg/all/common/load_tree.html?tree=supplier_tree_json&isDelete=1 HTTP/1.1" 200 56514
120.253.135.82 - - [21/Jul/2021:10:27:45 +0800] "POST /xingrg/kc/buy/cgsh_order_operate.html HTTP/1.1" 200 8245
120.253.135.82 - - [21/Jul/2021:10:27:45 +0800] "GET /xingrg/all/common/auto_word.html?type=employee&rest_code=00101 HTTP/1.1" 200 1127
120.253.135.82 - - [21/Jul/2021:10:27:45 +0800] "GET /xingrg/all/common/auto_word.html?type=employee&rest_code=00101 HTTP/1.1" 200 1127
120.253.135.82 - - [21/Jul/2021:10:27:45 +0800] "GET /xingrg/javascript/easyui/themes/default/validatebox.css HTTP/1.1" 404 1104
101.83.145.79 - - [21/Jul/2021:10:27:46 +0800] "GET /xingrg/kc/buy/cgsh_order_add.html HTTP/1.1" 200 62838
101.83.145.79 - - [21/Jul/2021:10:27:46 +0800] "GET /xingrg/words/20210721095640_words.js HTTP/1.1" 200 826514
101.83.145.79 - - [21/Jul/2021:10:27:46 +0800] "POST /xingrg/kc/buy/cgsh_order_operate.html HTTP/1.1" 200 8245
101.83.145.79 - - [21/Jul/2021:10:27:46 +0800] "GET /xingrg/javascript/easyui/themes/default/validatebox.css HTTP/1.1" 404 1104
101.83.145.79 - - [21/Jul/2021:10:27:48 +0800] "GET /xingrg/javascript/easyui/plugins/jquery.draggable.js HTTP/1.1" 304 -
101.83.145.79 - - [21/Jul/2021:10:27:48 +0800] "GET /xingrg/css/images/panel_loading.gif HTTP/1.1" 304 -
101.83.145.79 - - [21/Jul/2021:10:27:48 +0800] "GET /xingrg/javascript/easyui/plugins/jquery.droppable.js HTTP/1.1" 304 -
101.83.145.79 - - [21/Jul/2021:10:27:48 +0800] "GET /xingrg/javascript/easyui/themes/default/tree.css HTTP/1.1" 404 1090
101.83.145.79 - - [21/Jul/2021:10:27:48 +0800] "GET /xingrg/javascript/easyui/plugins/jquery.tree.js HTTP/1.1" 304 -
