180.169.147.146 - - [21/Jul/2021:10:18:33 +0800] "GET /xingrg/all/function/internal_message.html?_=1626833911372&CODE_STATE=getMsg HTTP/1.1" 302 -
180.174.226.65 - - [21/Jul/2021:10:18:36 +0800] "GET /xingrg/all/function/internal_message.html?_=1626833884839&CODE_STATE=getMsg HTTP/1.1" 200 27
116.232.49.80 - - [21/Jul/2021:10:18:38 +0800] "GET /xingrg/all/function/internal_message.html?_=1626833918715&CODE_STATE=getMsg HTTP/1.1" 200 27
222.69.128.214 - - [21/Jul/2021:10:18:44 +0800] "GET /xingrg/all/function/internal_message.html?_=1626833920998&CODE_STATE=getMsg HTTP/1.1" 200 27
180.169.147.146 - - [21/Jul/2021:10:18:44 +0800] "GET /xingrg/all/function/internal_message.html?_=1626833923808&CODE_STATE=getMsg HTTP/1.1" 200 27
116.237.74.182 - - [21/Jul/2021:10:18:47 +0800] "GET /xingrg/all/function/internal_message.html?_=1626833922334&CODE_STATE=getMsg HTTP/1.1" 200 27
116.237.74.182 - - [21/Jul/2021:10:18:47 +0800] "GET /xingrg/check_reg.html?_=1626833922543 HTTP/1.1" 200 22
222.69.128.214 - - [21/Jul/2021:10:18:48 +0800] "GET /xingrg/kc/buy/cgsh_order_operate.html?command=get_materiel&rest_code=00149&code=00101008064&supplier_code=00100005&order_time=2021-07-21 HTTP/1.1" 200 412
180.169.147.146 - - [21/Jul/2021:10:18:49 +0800] "GET /xingrg/all/function/internal_message.html?_=1626833928279&CODE_STATE=getMsg HTTP/1.1" 200 27
222.70.175.207 - - [21/Jul/2021:10:18:53 +0800] "GET /xingrg/all/function/internal_message.html?_=1626833941520&CODE_STATE=getMsg HTTP/1.1" 302 -
222.69.128.214 - - [21/Jul/2021:10:18:54 +0800] "POST /xingrg/kc/buy/cgsh_order_operate.html HTTP/1.1" 200 2065
180.169.147.146 - - [21/Jul/2021:10:18:55 +0800] "GET /xingrg/all/function/internal_message.html?_=1626833930349&CODE_STATE=getMsg HTTP/1.1" 200 27
180.169.147.146 - - [21/Jul/2021:10:19:00 +0800] "GET /xingrg/all/function/internal_message.html?_=1626833937406&CODE_STATE=getMsg HTTP/1.1" 302 -
222.69.128.214 - - [21/Jul/2021:10:19:01 +0800] "GET /xingrg/kc/buy/cgsh_order_operate.html?command=get_materiel&rest_code=00149&code=00101008361&supplier_code=00100005&order_time=2021-07-21 HTTP/1.1" 200 408
222.70.176.145 - - [21/Jul/2021:10:19:05 +0800] "GET /xingrg/all/function/internal_message.html?_=1626833942067&CODE_STATE=getMsg HTTP/1.1" 200 27
180.169.147.146 - - [21/Jul/2021:10:19:07 +0800] "GET /xingrg/all/function/internal_message.html?_=1626833945376&CODE_STATE=getMsg HTTP/1.1" 200 27
116.235.222.38 - - [21/Jul/2021:10:19:09 +0800] "GET /xingrg/kc/buy/cgsh_order_operate.html?command=get_materiel&rest_code=00107&code=00101001035&supplier_code=00100323&order_time=2021-07-21 HTTP/1.1" 200 415
101.83.145.79 - - [21/Jul/2021:10:19:11 +0800] "GET /xingrg/all/function/internal_message.html?_=1626833914392&CODE_STATE=getMsg HTTP/1.1" 302 -
180.169.147.146 - - [21/Jul/2021:10:19:14 +0800] "GET /xingrg/kc/buy/cgsh_order_list.html HTTP/1.1" 200 47308
180.169.147.146 - - [21/Jul/2021:10:19:15 +0800] "POST /xingrg/kc/buy/cgsh_list_operate.html HTTP/1.1" 200 876
180.169.147.146 - - [21/Jul/2021:10:19:16 +0800] "GET /xingrg/kc/buy/cgsh_order_add.html HTTP/1.1" 200 61852
222.69.128.214 - - [21/Jul/2021:10:19:16 +0800] "GET /xingrg/kc/buy/cgsh_order_operate.html?command=get_materiel&rest_code=00149&code=00101008148&supplier_code=00100005&order_time=2021-07-21 HTTP/1.1" 200 416
180.169.147.146 - - [21/Jul/2021:10:19:16 +0800] "GET /xingrg/words/20210721095640_words.js HTTP/1.1" 304 -
180.169.147.146 - - [21/Jul/2021:10:19:16 +0800] "POST /xingrg/kc/buy/cgsh_order_operate.html HTTP/1.1" 200 8245
180.169.147.146 - - [21/Jul/2021:10:19:16 +0800] "GET /xingrg/javascript/easyui/themes/default/validatebox.css HTTP/1.1" 404 1104
58.40.7.146 - - [21/Jul/2021:10:19:19 +0800] "GET /xingrg/check_reg.html?_=1626833957418 HTTP/1.1" 302 -
180.174.226.65 - - [21/Jul/2021:10:19:20 +0800] "GET /favicon.ico HTTP/1.1" 404 -
180.156.224.123 - - [21/Jul/2021:10:19:21 +0800] "GET /xingrg/all/function/internal_message.html?_=1626833959108&CODE_STATE=getMsg HTTP/1.1" 200 27
58.40.7.146 - - [21/Jul/2021:10:19:21 +0800] "GET /xingrg/all/function/internal_message.html?_=1626833959469&CODE_STATE=getMsg HTTP/1.1" 200 27
120.253.135.82 - - [21/Jul/2021:10:19:22 +0800] "GET /xingrg/all/function/internal_message.html?_=1626833740443&CODE_STATE=getMsg HTTP/1.1" 200 27
116.235.222.38 - - [21/Jul/2021:10:19:24 +0800] "POST /xingrg/kc/buy/cgsh_order_operate.html HTTP/1.1" 200 37
117.184.7.30 - - [21/Jul/2021:10:19:24 +0800] "GET /xingrg/all/function/internal_message.html?_=1626833960612&CODE_STATE=getMsg HTTP/1.1" 200 27
116.235.222.38 - - [21/Jul/2021:10:19:25 +0800] "POST /xingrg/kc/buy/cgsh_order_operate.html HTTP/1.1" 200 3856
180.169.147.146 - - [21/Jul/2021:10:19:25 +0800] "GET /xingrg/javascript/auto/indicator.gif HTTP/1.1" 404 1066
222.69.128.214 - - [21/Jul/2021:10:19:25 +0800] "GET /xingrg/kc/buy/cgsh_order_operate.html?command=get_materiel&rest_code=00149&code=00101008144&supplier_code=00100005&order_time=2021-07-21 HTTP/1.1" 200 412
116.235.222.38 - - [21/Jul/2021:10:19:27 +0800] "GET /xingrg/kc/print/load_data.html?order_code=212021072109582&kc_code=cgsh&condition= HTTP/1.1" 200 1143
101.85.107.54 - - [21/Jul/2021:10:19:27 +0800] "GET /xingrg/all/function/internal_message.html?_=1626833963702&CODE_STATE=getMsg HTTP/1.1" 200 27
116.235.222.38 - - [21/Jul/2021:10:19:29 +0800] "GET /xingrg/check_reg.html?_=1626833964098 HTTP/1.1" 200 22
116.235.222.38 - - [21/Jul/2021:10:19:30 +0800] "GET /xingrg/all/function/internal_message.html?_=1626833964627&CODE_STATE=getMsg HTTP/1.1" 200 27
58.37.225.51 - - [21/Jul/2021:10:19:31 +0800] "GET /xingrg/all/function/internal_message.html?_=1626833887159&CODE_STATE=getMsg HTTP/1.1" 200 27
180.157.255.9 - - [21/Jul/2021:10:19:32 +0800] "GET /xingrg/all/function/internal_message.html?_=1626833975143&CODE_STATE=getMsg HTTP/1.1" 302 -
180.169.147.146 - - [21/Jul/2021:10:19:33 +0800] "GET /xingrg/all/function/internal_message.html?_=1626833971367&CODE_STATE=getMsg HTTP/1.1" 302 -
180.174.226.65 - - [21/Jul/2021:10:19:36 +0800] "GET /xingrg/all/function/internal_message.html?_=1626833944982&CODE_STATE=getMsg HTTP/1.1" 200 27
180.157.255.9 - - [21/Jul/2021:10:19:37 +0800] "GET /xingrg/kc/buy/cgsh_order_add.html HTTP/1.1" 302 -
180.157.255.9 - - [21/Jul/2021:10:19:37 +0800] "GET /xingrg/login.html HTTP/1.1" 200 7641
180.157.255.9 - - [21/Jul/2021:10:19:37 +0800] "GET /xingrg/login.html HTTP/1.1" 200 7641
180.157.255.9 - - [21/Jul/2021:10:19:37 +0800] "GET /favicon.ico HTTP/1.1" 404 -
116.235.222.38 - - [21/Jul/2021:10:19:37 +0800] "GET /xingrg/kc/buy/cgsh_order_add.html HTTP/1.1" 200 62879
116.235.222.38 - - [21/Jul/2021:10:19:37 +0800] "GET /xingrg/words/20210721095640_words.js HTTP/1.1" 304 -
116.235.222.38 - - [21/Jul/2021:10:19:38 +0800] "GET /xingrg/javascript/easyui/themes/default/validatebox.css HTTP/1.1" 404 1104
116.235.222.38 - - [21/Jul/2021:10:19:38 +0800] "POST /xingrg/kc/buy/cgsh_order_operate.html HTTP/1.1" 200 8245
116.232.49.80 - - [21/Jul/2021:10:19:38 +0800] "GET /xingrg/all/function/internal_message.html?_=1626833978718&CODE_STATE=getMsg HTTP/1.1" 200 27
116.232.49.80 - - [21/Jul/2021:10:19:38 +0800] "GET /xingrg/check_reg.html?_=1626833978718 HTTP/1.1" 200 22
116.235.222.38 - - [21/Jul/2021:10:19:41 +0800] "GET /xingrg/javascript/easyui/themes/default/tree.css HTTP/1.1" 404 1090
116.235.222.38 - - [21/Jul/2021:10:19:42 +0800] "POST /xingrg/all/common/load_tree.html?tree=supplier_tree_json&isDelete=1 HTTP/1.1" 200 56514
58.40.7.146 - - [21/Jul/2021:10:19:42 +0800] "POST /xingrg/services/DataTransmitService HTTP/1.1" 200 524
222.69.128.214 - - [21/Jul/2021:10:19:44 +0800] "GET /xingrg/all/function/internal_message.html?_=1626833981003&CODE_STATE=getMsg HTTP/1.1" 200 27
180.169.147.146 - - [21/Jul/2021:10:19:44 +0800] "GET /xingrg/all/function/internal_message.html?_=1626833983810&CODE_STATE=getMsg HTTP/1.1" 200 27
116.237.74.182 - - [21/Jul/2021:10:19:47 +0800] "GET /xingrg/all/function/internal_message.html?_=1626833982310&CODE_STATE=getMsg HTTP/1.1" 200 27
180.169.147.146 - - [21/Jul/2021:10:19:49 +0800] "GET /xingrg/check_reg.html?_=1626833988267 HTTP/1.1" 200 22
180.169.147.146 - - [21/Jul/2021:10:19:49 +0800] "GET /xingrg/all/function/internal_message.html?_=1626833988272&CODE_STATE=getMsg HTTP/1.1" 200 27
222.70.175.207 - - [21/Jul/2021:10:19:53 +0800] "GET /xingrg/all/function/internal_message.html?_=1626834001613&CODE_STATE=getMsg HTTP/1.1" 302 -
180.169.147.146 - - [21/Jul/2021:10:19:55 +0800] "GET /xingrg/all/function/internal_message.html?_=1626833990350&CODE_STATE=getMsg HTTP/1.1" 200 27
180.157.255.9 - - [21/Jul/2021:10:19:58 +0800] "POST /xingrg/login.do HTTP/1.1" 302 -
180.157.255.9 - - [21/Jul/2021:10:19:58 +0800] "GET /xingrg/index.html?sysBaseUrl=http%3A%2F%2F180.169.147.146%3A18081%2Fxingrg%2F&costTime=38×tamp=1626833998760 HTTP/1.1" 200 17179
180.157.255.9 - - [21/Jul/2021:10:19:58 +0800] "GET /favicon.ico HTTP/1.1" 404 -
180.157.255.9 - - [21/Jul/2021:10:19:58 +0800] "POST /xingrg/all/common/load_tree.html?tree=area_rest_tree_json&manage=1 HTTP/1.1" 200 351
180.157.255.9 - - [21/Jul/2021:10:19:58 +0800] "GET /xingrg/check_reg.html?_=1626834001349 HTTP/1.1" 200 22
180.157.255.9 - - [21/Jul/2021:10:19:58 +0800] "GET /xingrg/all/function/internal_message.html?_=1626834001349&CODE_STATE=count HTTP/1.1" 200 11
180.157.255.9 - - [21/Jul/2021:10:19:58 +0800] "POST /xingrg/load_menu.html HTTP/1.1" 200 5138
180.169.147.146 - - [21/Jul/2021:10:20:00 +0800] "GET /xingrg/all/function/internal_message.html?_=1626833997417&CODE_STATE=getMsg HTTP/1.1" 302 -
116.235.222.38 - - [21/Jul/2021:10:20:03 +0800] "GET /xingrg/kc/buy/cgsh_order_operate.html?command=get_materiel&rest_code=00107&code=00101007144&supplier_code=00100322&order_time=2021-07-21 HTTP/1.1" 200 428
222.70.176.145 - - [21/Jul/2021:10:20:05 +0800] "GET /xingrg/all/function/internal_message.html?_=1626834002069&CODE_STATE=getMsg HTTP/1.1" 200 27
180.169.147.146 - - [21/Jul/2021:10:20:07 +0800] "GET /xingrg/all/function/internal_message.html?_=1626834005376&CODE_STATE=getMsg HTTP/1.1" 200 27
180.157.255.9 - - [21/Jul/2021:10:20:07 +0800] "GET /xingrg/kc/buy/cgsh_order_list.html HTTP/1.1" 200 47059
222.69.128.214 - - [21/Jul/2021:10:20:09 +0800] "GET /xingrg/kc/buy/cgsh_order_operate.html?command=get_materiel&rest_code=00149&code=00101008264&supplier_code=00100005&order_time=2021-07-21 HTTP/1.1" 200 412
180.157.255.9 - - [21/Jul/2021:10:20:09 +0800] "POST /xingrg/kc/buy/cgsh_list_operate.html HTTP/1.1" 200 2772
101.83.145.79 - - [21/Jul/2021:10:20:11 +0800] "GET /xingrg/all/function/internal_message.html?_=1626833974419&CODE_STATE=getMsg HTTP/1.1" 302 -
180.157.255.9 - - [21/Jul/2021:10:20:12 +0800] "GET /xingrg/kc/buy/cgsh_order_add.html HTTP/1.1" 200 62797
180.157.255.9 - - [21/Jul/2021:10:20:12 +0800] "GET /xingrg/words/20210721095640_words.js HTTP/1.1" 200 826514
180.157.255.9 - - [21/Jul/2021:10:20:13 +0800] "POST /xingrg/kc/buy/cgsh_order_operate.html HTTP/1.1" 200 8245
180.157.255.9 - - [21/Jul/2021:10:20:13 +0800] "GET /xingrg/javascript/easyui/themes/default/validatebox.css HTTP/1.1" 404 1104
180.157.255.9 - - [21/Jul/2021:10:20:14 +0800] "GET /xingrg/javascript/auto/indicator.gif HTTP/1.1" 404 1066
116.235.222.38 - - [21/Jul/2021:10:20:14 +0800] "POST /xingrg/kc/buy/cgsh_order_operate.html HTTP/1.1" 200 37
116.235.222.38 - - [21/Jul/2021:10:20:16 +0800] "POST /xingrg/kc/buy/cgsh_order_operate.html HTTP/1.1" 200 2679
222.69.128.214 - - [21/Jul/2021:10:20:19 +0800] "GET /xingrg/kc/buy/cgsh_order_operate.html?command=get_materiel&rest_code=00149&code=00101008356&supplier_code=00100005&order_time=2021-07-21 HTTP/1.1" 200 409
222.69.128.214 - - [21/Jul/2021:10:20:21 +0800] "POST /xingrg/kc/buy/cgsh_order_operate.html HTTP/1.1" 200 2065
116.235.222.38 - - [21/Jul/2021:10:20:21 +0800] "POST /xingrg/kc/buy/cgsh_order_operate.html HTTP/1.1" 200 37
180.156.224.123 - - [21/Jul/2021:10:20:21 +0800] "GET /xingrg/all/function/internal_message.html?_=1626834019108&CODE_STATE=getMsg HTTP/1.1" 200 27
58.40.7.146 - - [21/Jul/2021:10:20:21 +0800] "GET /xingrg/check_reg.html?_=1626834019474 HTTP/1.1" 200 22
58.40.7.146 - - [21/Jul/2021:10:20:21 +0800] "GET /xingrg/all/function/internal_message.html?_=1626834019476&CODE_STATE=getMsg HTTP/1.1" 200 27
180.157.255.9 - - [21/Jul/2021:10:20:21 +0800] "GET /xingrg/javascript/jquery_tools/images/prev.gif HTTP/1.1" 404 1086
180.157.255.9 - - [21/Jul/2021:10:20:21 +0800] "GET /xingrg/javascript/jquery_tools/images/next.gif HTTP/1.1" 404 1086
120.253.135.82 - - [21/Jul/2021:10:20:22 +0800] "GET /xingrg/all/function/internal_message.html?_=1626833800445&CODE_STATE=getMsg HTTP/1.1" 200 27
116.235.222.38 - - [21/Jul/2021:10:20:22 +0800] "POST /xingrg/kc/buy/cgsh_order_operate.html HTTP/1.1" 200 2679
116.235.222.38 - - [21/Jul/2021:10:20:23 +0800] "GET /xingrg/kc/print/load_data.html?order_code=212021072109583&kc_code=cgsh&condition= HTTP/1.1" 200 682
117.184.7.30 - - [21/Jul/2021:10:20:24 +0800] "GET /xingrg/all/function/internal_message.html?_=1626834020612&CODE_STATE=getMsg HTTP/1.1" 200 27
101.85.107.54 - - [21/Jul/2021:10:20:27 +0800] "GET /xingrg/all/function/internal_message.html?_=1626834023682&CODE_STATE=getMsg HTTP/1.1" 200 27
116.235.222.38 - - [21/Jul/2021:10:20:28 +0800] "GET /xingrg/kc/buy/cgsh_order_add.html HTTP/1.1" 200 62879
116.235.222.38 - - [21/Jul/2021:10:20:29 +0800] "GET /xingrg/javascript/easyui/themes/default/validatebox.css HTTP/1.1" 404 1104
116.235.222.38 - - [21/Jul/2021:10:20:29 +0800] "POST /xingrg/kc/buy/cgsh_order_operate.html HTTP/1.1" 200 8245
116.235.222.38 - - [21/Jul/2021:10:20:29 +0800] "GET /xingrg/all/function/internal_message.html?_=1626834024604&CODE_STATE=getMsg HTTP/1.1" 200 27
116.235.222.38 - - [21/Jul/2021:10:20:30 +0800] "GET /xingrg/javascript/easyui/themes/default/tree.css HTTP/1.1" 404 1090
116.235.222.38 - - [21/Jul/2021:10:20:30 +0800] "POST /xingrg/all/common/load_tree.html?tree=supplier_tree_json&isDelete=1 HTTP/1.1" 200 56514
58.37.225.51 - - [21/Jul/2021:10:20:31 +0800] "GET /xingrg/all/function/internal_message.html?_=1626833947145&CODE_STATE=getMsg HTTP/1.1" 200 27
180.169.147.146 - - [21/Jul/2021:10:20:33 +0800] "GET /xingrg/all/function/internal_message.html?_=1626834031378&CODE_STATE=getMsg HTTP/1.1" 302 -
180.174.226.65 - - [21/Jul/2021:10:20:36 +0800] "GET /xingrg/all/function/internal_message.html?_=1626834004992&CODE_STATE=getMsg HTTP/1.1" 200 27
116.232.49.80 - - [21/Jul/2021:10:20:38 +0800] "GET /xingrg/all/function/internal_message.html?_=1626834038717&CODE_STATE=getMsg HTTP/1.1" 200 27
222.69.128.214 - - [21/Jul/2021:10:20:44 +0800] "GET /xingrg/all/function/internal_message.html?_=1626834041018&CODE_STATE=getMsg HTTP/1.1" 200 27
180.169.147.146 - - [21/Jul/2021:10:20:44 +0800] "GET /xingrg/all/function/internal_message.html?_=1626834043816&CODE_STATE=getMsg HTTP/1.1" 200 27
222.69.128.214 - - [21/Jul/2021:10:20:44 +0800] "GET /xingrg/kc/buy/cgsh_order_operate.html?command=get_materiel&rest_code=00149&code=00101008439&supplier_code=00100005&order_time=2021-07-21 HTTP/1.1" 200 399
180.157.255.9 - - [21/Jul/2021:10:20:45 +0800] "GET /xingrg/kc/buy/cgsh_order_operate.html?command=get_materiel&rest_code=00148&code=00101012101&supplier_code=00100347&order_time=2021-07-21 HTTP/1.1" 200 404
116.237.74.182 - - [21/Jul/2021:10:20:47 +0800] "GET /xingrg/all/function/internal_message.html?_=1626834042282&CODE_STATE=getMsg HTTP/1.1" 200 27
180.169.147.146 - - [21/Jul/2021:10:20:49 +0800] "GET /xingrg/all/function/internal_message.html?_=1626834048277&CODE_STATE=getMsg HTTP/1.1" 200 27
222.70.175.207 - - [21/Jul/2021:10:20:53 +0800] "GET /xingrg/all/function/internal_message.html?_=1626834061625&CODE_STATE=getMsg HTTP/1.1" 302 -
180.169.147.146 - - [21/Jul/2021:10:20:55 +0800] "GET /xingrg/all/function/internal_message.html?_=1626834050353&CODE_STATE=getMsg HTTP/1.1" 200 27
180.169.147.146 - - [21/Jul/2021:10:20:55 +0800] "GET /xingrg/check_reg.html?_=1626834050350 HTTP/1.1" 200 22
116.235.222.38 - - [21/Jul/2021:10:20:58 +0800] "GET /xingrg/kc/buy/cgsh_order_operate.html?command=get_materiel&rest_code=00107&code=00101004065&supplier_code=00100086&order_time=2021-07-21 HTTP/1.1" 200 413
180.157.255.9 - - [21/Jul/2021:10:20:58 +0800] "GET /xingrg/all/function/internal_message.html?_=1626834061360&CODE_STATE=getMsg HTTP/1.1" 200 27
180.169.147.146 - - [21/Jul/2021:10:21:00 +0800] "GET /xingrg/all/function/internal_message.html?_=1626834057421&CODE_STATE=getMsg HTTP/1.1" 302 -
222.69.128.214 - - [21/Jul/2021:10:21:00 +0800] "GET /xingrg/kc/buy/cgsh_order_operate.html?command=get_materiel&rest_code=00149&code=00101008137&supplier_code=00100005&order_time=2021-07-21 HTTP/1.1" 200 408
222.70.176.145 - - [21/Jul/2021:10:21:05 +0800] "GET /xingrg/all/function/internal_message.html?_=1626834062071&CODE_STATE=getMsg HTTP/1.1" 200 27
116.237.74.182 - - [21/Jul/2021:10:21:07 +0800] "GET /xingrg/login.html?r=1 HTTP/1.1" 200 7641
180.169.147.146 - - [21/Jul/2021:10:21:07 +0800] "GET /xingrg/all/function/internal_message.html?_=1626834065376&CODE_STATE=getMsg HTTP/1.1" 200 27
180.169.147.146 - - [21/Jul/2021:10:21:07 +0800] "GET /xingrg/check_reg.html?_=1626834065379 HTTP/1.1" 200 22
116.237.74.182 - - [21/Jul/2021:10:21:07 +0800] "GET /favicon.ico HTTP/1.1" 404 -
116.235.222.38 - - [21/Jul/2021:10:21:10 +0800] "POST /xingrg/kc/buy/cgsh_order_operate.html HTTP/1.1" 200 37
101.83.145.79 - - [21/Jul/2021:10:21:11 +0800] "GET /xingrg/all/function/internal_message.html?_=1626834034420&CODE_STATE=getMsg HTTP/1.1" 302 -
116.235.222.38 - - [21/Jul/2021:10:21:11 +0800] "POST /xingrg/kc/buy/cgsh_order_operate.html HTTP/1.1" 200 2660
116.237.74.182 - - [21/Jul/2021:10:21:17 +0800] "POST /xingrg/login.do HTTP/1.1" 302 -
116.237.74.182 - - [21/Jul/2021:10:21:17 +0800] "GET /xingrg/index.html?sysBaseUrl=http%3A%2F%2F180.169.147.146%3A18081%2Fxingrg%2F&costTime=38×tamp=1626834077323 HTTP/1.1" 200 17173
116.237.74.182 - - [21/Jul/2021:10:21:17 +0800] "GET /favicon.ico HTTP/1.1" 404 -
116.237.74.182 - - [21/Jul/2021:10:21:17 +0800] "POST /xingrg/all/common/load_tree.html?tree=area_rest_tree_json&manage=1 HTTP/1.1" 200 342
116.237.74.182 - - [21/Jul/2021:10:21:17 +0800] "GET /xingrg/check_reg.html?_=1626834075707 HTTP/1.1" 200 22
116.237.74.182 - - [21/Jul/2021:10:21:17 +0800] "GET /xingrg/all/function/internal_message.html?_=1626834075706&CODE_STATE=count HTTP/1.1" 200 11
116.237.74.182 - - [21/Jul/2021:10:21:17 +0800] "POST /xingrg/load_menu.html HTTP/1.1" 200 5138
222.69.128.214 - - [21/Jul/2021:10:21:17 +0800] "GET /xingrg/kc/buy/cgsh_order_operate.html?command=get_materiel&rest_code=00149&code=00101008223&supplier_code=00100005&order_time=2021-07-21 HTTP/1.1" 200 412
180.157.255.9 - - [21/Jul/2021:10:21:19 +0800] "GET /xingrg/kc/buy/cgsh_order_operate.html?command=get_materiel&rest_code=00148&code=00101006266&supplier_code=00100347&order_time=2021-07-21 HTTP/1.1" 200 407
116.237.74.182 - - [21/Jul/2021:10:21:19 +0800] "GET /xingrg/kc/buy/buy_main.html HTTP/1.1" 200 12412
116.237.74.182 - - [21/Jul/2021:10:21:19 +0800] "GET /xingrg/css/new_ie.css HTTP/1.1" 404 1036
116.235.222.38 - - [21/Jul/2021:10:21:20 +0800] "POST /xingrg/kc/buy/cgsh_order_operate.html HTTP/1.1" 200 37
116.237.74.182 - - [21/Jul/2021:10:21:20 +0800] "GET /xingrg/images/yd/bt.gif HTTP/1.1" 404 1040
116.237.74.182 - - [21/Jul/2021:10:21:21 +0800] "GET /xingrg/kc/buy/cgsh_order_list.html HTTP/1.1" 200 47053
116.235.222.38 - - [21/Jul/2021:10:21:21 +0800] "POST /xingrg/kc/buy/cgsh_order_operate.html HTTP/1.1" 200 2660
180.156.224.123 - - [21/Jul/2021:10:21:21 +0800] "GET /xingrg/all/function/internal_message.html?_=1626834079108&CODE_STATE=getMsg HTTP/1.1" 200 27
58.40.7.146 - - [21/Jul/2021:10:21:21 +0800] "GET /xingrg/all/function/internal_message.html?_=1626834079462&CODE_STATE=getMsg HTTP/1.1" 200 27
120.253.135.82 - - [21/Jul/2021:10:21:21 +0800] "GET /xingrg/check_reg.html?_=1626833860192 HTTP/1.1" 200 22
116.237.74.182 - - [21/Jul/2021:10:21:22 +0800] "POST /xingrg/kc/buy/cgsh_list_operate.html HTTP/1.1" 200 876
116.235.222.38 - - [21/Jul/2021:10:21:22 +0800] "GET /xingrg/kc/print/load_data.html?order_code=212021072109584&kc_code=cgsh&condition= HTTP/1.1" 200 739
120.253.135.82 - - [21/Jul/2021:10:21:22 +0800] "GET /xingrg/all/function/internal_message.html?_=1626833860459&CODE_STATE=getMsg HTTP/1.1" 200 27
117.184.7.30 - - [21/Jul/2021:10:21:24 +0800] "GET /xingrg/all/function/internal_message.html?_=1626834080615&CODE_STATE=getMsg HTTP/1.1" 200 27
116.237.74.182 - - [21/Jul/2021:10:21:25 +0800] "GET /xingrg/kc/buy/cgsh_order_add.html HTTP/1.1" 200 62791
116.237.74.182 - - [21/Jul/2021:10:21:25 +0800] "GET /xingrg/words/20210721095640_words.js HTTP/1.1" 200 826514
116.237.74.182 - - [21/Jul/2021:10:21:25 +0800] "GET /xingrg/javascript/easyui/themes/icons/copy_new.png HTTP/1.1" 200 815
116.237.74.182 - - [21/Jul/2021:10:21:25 +0800] "GET /xingrg/javascript/easyui/themes/icons/ok.png HTTP/1.1" 200 883
116.237.74.182 - - [21/Jul/2021:10:21:25 +0800] "GET /xingrg/javascript/easyui/themes/icons/template_new.png HTTP/1.1" 200 3956
116.237.74.182 - - [21/Jul/2021:10:21:25 +0800] "POST /xingrg/kc/buy/cgsh_order_operate.html HTTP/1.1" 200 8245
116.237.74.182 - - [21/Jul/2021:10:21:25 +0800] "GET /xingrg/javascript/easyui/themes/default/validatebox.css HTTP/1.1" 404 1104
116.237.74.182 - - [21/Jul/2021:10:21:25 +0800] "GET /xingrg/all/common/auto_word.html?type=employee&rest_code=00106 HTTP/1.1" 200 205
116.237.74.182 - - [21/Jul/2021:10:21:25 +0800] "GET /xingrg/all/common/auto_word.html?type=employee&rest_code=00106 HTTP/1.1" 200 205
116.235.222.38 - - [21/Jul/2021:10:21:26 +0800] "GET /xingrg/kc/buy/cgsh_order_add.html HTTP/1.1" 200 62879
116.237.74.182 - - [21/Jul/2021:10:21:26 +0800] "GET /xingrg/javascript/easyui/plugins/jquery.draggable.js HTTP/1.1" 200 6121
116.237.74.182 - - [21/Jul/2021:10:21:26 +0800] "GET /xingrg/css/images/panel_loading.gif HTTP/1.1" 200 1737
116.237.74.182 - - [21/Jul/2021:10:21:26 +0800] "GET /xingrg/javascript/easyui/plugins/jquery.droppable.js HTTP/1.1" 200 1167
116.237.74.182 - - [21/Jul/2021:10:21:26 +0800] "GET /xingrg/javascript/easyui/themes/default/tree.css HTTP/1.1" 404 1090
116.237.74.182 - - [21/Jul/2021:10:21:26 +0800] "GET /xingrg/javascript/easyui/plugins/jquery.tree.js HTTP/1.1" 200 20874
116.237.74.182 - - [21/Jul/2021:10:21:27 +0800] "POST /xingrg/all/common/load_tree.html?tree=supplier_tree_json&isDelete=1 HTTP/1.1" 200 56514
116.235.222.38 - - [21/Jul/2021:10:21:27 +0800] "POST /xingrg/kc/buy/cgsh_order_operate.html HTTP/1.1" 200 8245
101.85.107.54 - - [21/Jul/2021:10:21:27 +0800] "GET /xingrg/all/function/internal_message.html?_=1626834083663&CODE_STATE=getMsg HTTP/1.1" 200 27
116.235.222.38 - - [21/Jul/2021:10:21:27 +0800] "GET /xingrg/javascript/easyui/themes/default/validatebox.css HTTP/1.1" 404 1104
116.237.74.182 - - [21/Jul/2021:10:21:27 +0800] "GET /xingrg/javascript/easyui/themes/default/images/tree_arrows.gif HTTP/1.1" 200 617
116.237.74.182 - - [21/Jul/2021:10:21:27 +0800] "GET /xingrg/javascript/easyui/themes/default/images/tree_folder_open.gif HTTP/1.1" 200 956
116.237.74.182 - - [21/Jul/2021:10:21:27 +0800] "GET /xingrg/javascript/easyui/themes/default/images/tree_folder.gif HTTP/1.1" 200 952
116.237.74.182 - - [21/Jul/2021:10:21:28 +0800] "GET /xingrg/javascript/easyui/themes/default/images/tree_file.gif HTTP/1.1" 200 118
222.69.128.214 - - [21/Jul/2021:10:21:28 +0800] "GET /xingrg/kc/buy/cgsh_order_operate.html?command=get_materiel&rest_code=00149&code=00101008298&supplier_code=00100005&order_time=2021-07-21 HTTP/1.1" 200 412
116.235.222.38 - - [21/Jul/2021:10:21:28 +0800] "GET /xingrg/javascript/easyui/themes/default/tree.css HTTP/1.1" 404 1090
116.235.222.38 - - [21/Jul/2021:10:21:28 +0800] "POST /xingrg/all/common/load_tree.html?tree=supplier_tree_json&isDelete=1 HTTP/1.1" 200 56514
58.37.225.51 - - [21/Jul/2021:10:21:31 +0800] "GET /xingrg/all/function/internal_message.html?_=1626834007186&CODE_STATE=getMsg HTTP/1.1" 200 27
58.37.225.51 - - [21/Jul/2021:10:21:31 +0800] "GET /xingrg/check_reg.html?_=1626834007188 HTTP/1.1" 200 22
116.235.222.38 - - [21/Jul/2021:10:21:32 +0800] "GET /xingrg/all/function/internal_message.html?_=1626834086788&CODE_STATE=getMsg HTTP/1.1" 200 27
180.169.147.146 - - [21/Jul/2021:10:21:33 +0800] "GET /xingrg/all/function/internal_message.html?_=1626834091374&CODE_STATE=getMsg HTTP/1.1" 302 -
180.174.226.65 - - [21/Jul/2021:10:21:35 +0800] "GET /xingrg/check_reg.html?_=1626834063750 HTTP/1.1" 200 22
180.174.226.65 - - [21/Jul/2021:10:21:36 +0800] "GET /xingrg/all/function/internal_message.html?_=1626834065006&CODE_STATE=getMsg HTTP/1.1" 200 27
116.232.49.80 - - [21/Jul/2021:10:21:38 +0800] "GET /xingrg/all/function/internal_message.html?_=1626834098720&CODE_STATE=getMsg HTTP/1.1" 200 27
222.69.128.214 - - [21/Jul/2021:10:21:44 +0800] "GET /xingrg/all/function/internal_message.html?_=1626834101021&CODE_STATE=getMsg HTTP/1.1" 200 27
180.169.147.146 - - [21/Jul/2021:10:21:44 +0800] "GET /xingrg/all/function/internal_message.html?_=1626834103810&CODE_STATE=getMsg HTTP/1.1" 200 27
180.157.255.9 - - [21/Jul/2021:10:21:44 +0800] "GET /favicon.ico HTTP/1.1" 404 -
222.69.128.214 - - [21/Jul/2021:10:21:46 +0800] "POST /xingrg/kc/buy/cgsh_order_operate.html HTTP/1.1" 200 2065
116.237.74.182 - - [21/Jul/2021:10:21:47 +0800] "GET /xingrg/all/function/internal_message.html?_=1626834102254&CODE_STATE=getMsg HTTP/1.1" 200 27
180.157.255.9 - - [21/Jul/2021:10:21:48 +0800] "GET /xingrg/kc/buy/cgsh_order_operate.html?command=get_materiel&rest_code=00148&code=00101020225&supplier_code=00100347&order_time=2021-07-21 HTTP/1.1" 200 403
180.169.147.146 - - [21/Jul/2021:10:21:49 +0800] "GET /xingrg/all/function/internal_message.html?_=1626834108267&CODE_STATE=getMsg HTTP/1.1" 200 27
222.70.175.207 - - [21/Jul/2021:10:21:50 +0800] "GET /xingrg/check_reg.html?_=1626834118525 HTTP/1.1" 302 -
222.69.128.214 - - [21/Jul/2021:10:21:52 +0800] "GET /xingrg/kc/buy/cgsh_order_operate.html?command=get_materiel&rest_code=00149&code=00101008036&supplier_code=00100005&order_time=2021-07-21 HTTP/1.1" 200 408
116.235.222.38 - - [21/Jul/2021:10:21:53 +0800] "GET /xingrg/kc/buy/cgsh_order_operate.html?command=get_materiel&rest_code=00107&code=00101010108&supplier_code=00100336&order_time=2021-07-21 HTTP/1.1" 200 421
222.70.175.207 - - [21/Jul/2021:10:21:53 +0800] "GET /xingrg/all/function/internal_message.html?_=1626834121640&CODE_STATE=getMsg HTTP/1.1" 302 -
180.169.147.146 - - [21/Jul/2021:10:21:55 +0800] "GET /xingrg/all/function/internal_message.html?_=1626834110352&CODE_STATE=getMsg HTTP/1.1" 200 27
116.237.74.182 - - [21/Jul/2021:10:21:58 +0800] "GET /xingrg/javascript/auto/indicator.gif HTTP/1.1" 404 1066
180.157.255.9 - - [21/Jul/2021:10:21:58 +0800] "GET /xingrg/all/function/internal_message.html?_=1626834121364&CODE_STATE=getMsg HTTP/1.1" 200 27
180.169.147.146 - - [21/Jul/2021:10:22:00 +0800] "GET /xingrg/all/function/internal_message.html?_=1626834117419&CODE_STATE=getMsg HTTP/1.1" 302 -
116.235.222.38 - - [21/Jul/2021:10:22:00 +0800] "POST /xingrg/kc/buy/cgsh_order_operate.html HTTP/1.1" 200 37
116.235.222.38 - - [21/Jul/2021:10:22:02 +0800] "POST /xingrg/kc/buy/cgsh_order_operate.html HTTP/1.1" 200 2665
116.235.222.38 - - [21/Jul/2021:10:22:04 +0800] "GET /xingrg/kc/print/load_data.html?order_code=212021072109585&kc_code=cgsh&condition= HTTP/1.1" 200 678
180.157.255.9 - - [21/Jul/2021:10:22:04 +0800] "GET /xingrg/kc/buy/cgsh_order_operate.html?command=get_materiel&rest_code=00148&code=00101001008&supplier_code=00100347&order_time=2021-07-21 HTTP/1.1" 200 415
222.70.176.145 - - [21/Jul/2021:10:22:05 +0800] "GET /xingrg/check_reg.html?_=1626834122062 HTTP/1.1" 200 22
222.70.176.145 - - [21/Jul/2021:10:22:05 +0800] "GET /xingrg/all/function/internal_message.html?_=1626834122065&CODE_STATE=getMsg HTTP/1.1" 200 27
180.169.147.146 - - [21/Jul/2021:10:22:07 +0800] "GET /xingrg/all/function/internal_message.html?_=1626834125379&CODE_STATE=getMsg HTTP/1.1" 200 27
116.235.222.38 - - [21/Jul/2021:10:22:07 +0800] "GET /xingrg/kc/buy/cgsh_order_add.html HTTP/1.1" 200 62879
116.235.222.38 - - [21/Jul/2021:10:22:08 +0800] "GET /xingrg/words/20210721095640_words.js HTTP/1.1" 304 -
116.235.222.38 - - [21/Jul/2021:10:22:08 +0800] "GET /xingrg/javascript/easyui/themes/default/validatebox.css HTTP/1.1" 404 1104
116.235.222.38 - - [21/Jul/2021:10:22:08 +0800] "POST /xingrg/kc/buy/cgsh_order_operate.html HTTP/1.1" 200 8245
101.83.145.79 - - [21/Jul/2021:10:22:11 +0800] "GET /xingrg/check_reg.html?_=1626834094419 HTTP/1.1" 302 -
101.83.145.79 - - [21/Jul/2021:10:22:11 +0800] "GET /xingrg/all/function/internal_message.html?_=1626834094422&CODE_STATE=getMsg HTTP/1.1" 302 -
116.235.222.38 - - [21/Jul/2021:10:22:13 +0800] "GET /xingrg/javascript/easyui/themes/default/tree.css HTTP/1.1" 404 1090
116.235.222.38 - - [21/Jul/2021:10:22:13 +0800] "POST /xingrg/all/common/load_tree.html?tree=supplier_tree_json&isDelete=1 HTTP/1.1" 200 56514
116.237.74.182 - - [21/Jul/2021:10:22:17 +0800] "GET /xingrg/all/function/internal_message.html?_=1626834135712&CODE_STATE=getMsg HTTP/1.1" 200 27
180.156.224.123 - - [21/Jul/2021:10:22:21 +0800] "GET /xingrg/all/function/internal_message.html?_=1626834139109&CODE_STATE=getMsg HTTP/1.1" 200 27
58.40.7.146 - - [21/Jul/2021:10:22:21 +0800] "GET /xingrg/all/function/internal_message.html?_=1626834139465&CODE_STATE=getMsg HTTP/1.1" 200 27
120.253.135.82 - - [21/Jul/2021:10:22:22 +0800] "GET /xingrg/all/function/internal_message.html?_=1626833920472&CODE_STATE=getMsg HTTP/1.1" 200 27
222.69.128.214 - - [21/Jul/2021:10:22:23 +0800] "POST /xingrg/kc/buy/cgsh_order_operate.html HTTP/1.1" 200 37
222.69.128.214 - - [21/Jul/2021:10:22:24 +0800] "POST /xingrg/kc/buy/cgsh_order_operate.html HTTP/1.1" 200 19803
117.184.7.30 - - [21/Jul/2021:10:22:24 +0800] "GET /xingrg/all/function/internal_message.html?_=1626834140615&CODE_STATE=getMsg HTTP/1.1" 200 27
117.184.7.30 - - [21/Jul/2021:10:22:24 +0800] "GET /xingrg/check_reg.html?_=1626834140618 HTTP/1.1" 200 22
101.85.107.54 - - [21/Jul/2021:10:22:27 +0800] "GET /xingrg/all/function/internal_message.html?_=1626834143641&CODE_STATE=getMsg HTTP/1.1" 200 27
101.85.107.54 - - [21/Jul/2021:10:22:27 +0800] "GET /xingrg/check_reg.html?_=1626834143815 HTTP/1.1" 200 22
58.37.225.51 - - [21/Jul/2021:10:22:31 +0800] "GET /xingrg/all/function/internal_message.html?_=1626834067172&CODE_STATE=getMsg HTTP/1.1" 200 27
116.235.222.38 - - [21/Jul/2021:10:22:32 +0800] "GET /xingrg/all/function/internal_message.html?_=1626834146763&CODE_STATE=getMsg HTTP/1.1" 200 27
180.169.147.146 - - [21/Jul/2021:10:22:33 +0800] "GET /xingrg/all/function/internal_message.html?_=1626834151363&CODE_STATE=getMsg HTTP/1.1" 302 -
180.169.147.146 - - [21/Jul/2021:10:22:33 +0800] "GET /xingrg/check_reg.html?_=1626834151368 HTTP/1.1" 302 -
180.174.226.65 - - [21/Jul/2021:10:22:36 +0800] "GET /xingrg/all/function/internal_message.html?_=1626834125019&CODE_STATE=getMsg HTTP/1.1" 200 27
116.232.49.80 - - [21/Jul/2021:10:22:38 +0800] "GET /xingrg/all/function/internal_message.html?_=1626834158723&CODE_STATE=getMsg HTTP/1.1" 200 27
180.157.255.9 - - [21/Jul/2021:10:22:39 +0800] "GET /xingrg/kc/buy/cgsh_order_operate.html?command=get_materiel&rest_code=00148&code=00101020073&supplier_code=00100347&order_time=2021-07-21 HTTP/1.1" 200 413
116.230.110.80 - - [21/Jul/2021:10:22:40 +0800] "GET /xingrg/check_reg.html?_=1626834158813 HTTP/1.1" 302 -
222.69.128.214 - - [21/Jul/2021:10:22:44 +0800] "GET /xingrg/all/function/internal_message.html?_=1626834161012&CODE_STATE=getMsg HTTP/1.1" 200 27
222.69.128.214 - - [21/Jul/2021:10:22:44 +0800] "GET /xingrg/check_reg.html?_=1626834161015 HTTP/1.1" 200 22
180.169.147.146 - - [21/Jul/2021:10:22:44 +0800] "GET /xingrg/all/function/internal_message.html?_=1626834163819&CODE_STATE=getMsg HTTP/1.1" 200 27
180.169.147.146 - - [21/Jul/2021:10:22:44 +0800] "GET /xingrg/check_reg.html?_=1626834163824 HTTP/1.1" 200 22
116.237.74.182 - - [21/Jul/2021:10:22:47 +0800] "GET /xingrg/all/function/internal_message.html?_=1626834162223&CODE_STATE=getMsg HTTP/1.1" 200 27
116.235.222.38 - - [21/Jul/2021:10:22:47 +0800] "GET /xingrg/kc/buy/cgsh_order_operate.html?command=get_materiel&rest_code=00107&code=00101014031&supplier_code=00100340&order_time=2021-07-21 HTTP/1.1" 200 413
180.169.147.146 - - [21/Jul/2021:10:22:49 +0800] "GET /xingrg/all/function/internal_message.html?_=1626834168273&CODE_STATE=getMsg HTTP/1.1" 200 27
180.174.226.65 - - [21/Jul/2021:10:22:53 +0800] "GET /xingrg/login.html HTTP/1.1" 200 7641
180.174.226.65 - - [21/Jul/2021:10:22:53 +0800] "GET /xingrg/images/blue/login_bg.png HTTP/1.1" 304 -
180.174.226.65 - - [21/Jul/2021:10:22:53 +0800] "GET /xingrg/images/blue/jxLogo.png HTTP/1.1" 304 -
180.174.226.65 - - [21/Jul/2021:10:22:53 +0800] "GET /xingrg/images/blue/hj.png HTTP/1.1" 304 -
180.174.226.65 - - [21/Jul/2021:10:22:53 +0800] "GET /xingrg/images/blue/srbg.png HTTP/1.1" 304 -
180.174.226.65 - - [21/Jul/2021:10:22:53 +0800] "GET /favicon.ico HTTP/1.1" 404 -
222.70.175.207 - - [21/Jul/2021:10:22:54 +0800] "GET /xingrg/all/function/internal_message.html?_=1626834181720&CODE_STATE=getMsg HTTP/1.1" 302 -
180.174.226.65 - - [21/Jul/2021:10:22:54 +0800] "POST /xingrg/login.do HTTP/1.1" 302 -
180.174.226.65 - - [21/Jul/2021:10:22:54 +0800] "GET /xingrg/javascript/jquery_easy_ui/themes/default/easyui.css HTTP/1.1" 304 -
180.174.226.65 - - [21/Jul/2021:10:22:54 +0800] "GET /xingrg/javascript/jquery_easy_ui/themes/icon.css HTTP/1.1" 304 -
180.174.226.65 - - [21/Jul/2021:10:22:54 +0800] "GET /xingrg/css/form.css HTTP/1.1" 304 -
180.174.226.65 - - [21/Jul/2021:10:22:54 +0800] "GET /favicon.ico HTTP/1.1" 404 -
180.174.226.65 - - [21/Jul/2021:10:22:54 +0800] "GET /xingrg/javascript/jquery-1.4.2.min.js HTTP/1.1" 304 -
180.174.226.65 - - [21/Jul/2021:10:22:54 +0800] "GET /xingrg/javascript/jquery_easy_ui/jquery.easyui.min.js HTTP/1.1" 304 -
180.174.226.65 - - [21/Jul/2021:10:22:54 +0800] "GET /xingrg/javascript/jquery_easy_ui/easyui-lang-zh_CN.js HTTP/1.1" 304 -
180.174.226.65 - - [21/Jul/2021:10:22:54 +0800] "GET /xingrg/javascript/jquery.form.js HTTP/1.1" 304 -
180.174.226.65 - - [21/Jul/2021:10:22:54 +0800] "GET /xingrg/index.html?sysBaseUrl=http%3A%2F%2F180.169.147.146%3A18081%2Fxingrg%2F&costTime=37×tamp=1626834174122 HTTP/1.1" 200 17173
180.174.226.65 - - [21/Jul/2021:10:22:54 +0800] "GET /xingrg/javascript/jquery.timers.js HTTP/1.1" 304 -
180.174.226.65 - - [21/Jul/2021:10:22:54 +0800] "GET /xingrg/javascript/jquery.utils.js HTTP/1.1" 304 -
180.174.226.65 - - [21/Jul/2021:10:22:54 +0800] "POST /xingrg/all/common/load_tree.html?tree=area_rest_tree_json&manage=1 HTTP/1.1" 200 342
180.174.226.65 - - [21/Jul/2021:10:22:54 +0800] "GET /xingrg/check_reg.html?_=1626834170571 HTTP/1.1" 200 22
180.174.226.65 - - [21/Jul/2021:10:22:54 +0800] "GET /xingrg/all/function/internal_message.html?_=1626834170569&CODE_STATE=count HTTP/1.1" 200 11
180.174.226.65 - - [21/Jul/2021:10:22:54 +0800] "POST /xingrg/load_menu.html HTTP/1.1" 200 5138
180.169.147.146 - - [21/Jul/2021:10:22:55 +0800] "GET /xingrg/all/function/internal_message.html?_=1626834170380&CODE_STATE=getMsg HTTP/1.1" 200 27
180.174.226.65 - - [21/Jul/2021:10:22:57 +0800] "GET /xingrg/css/base.css HTTP/1.1" 304 -
180.174.226.65 - - [21/Jul/2021:10:22:57 +0800] "GET /xingrg/css/site.css HTTP/1.1" 304 -
180.174.226.65 - - [21/Jul/2021:10:22:57 +0800] "GET /xingrg/javascript/jquery_tools/datebox.css HTTP/1.1" 304 -
180.174.226.65 - - [21/Jul/2021:10:22:57 +0800] "GET /xingrg/javascript/easyui/themes/default/easyui.css HTTP/1.1" 304 -
180.174.226.65 - - [21/Jul/2021:10:22:57 +0800] "GET /xingrg/javascript/easyui/themes/icon.css HTTP/1.1" 304 -
180.174.226.65 - - [21/Jul/2021:10:22:57 +0800] "GET /xingrg/javascript/auto/jquery.autocomplete.css HTTP/1.1" 304 -
180.174.226.65 - - [21/Jul/2021:10:22:57 +0800] "GET /xingrg/kc/buy/cgsh_order_list.html HTTP/1.1" 200 47053
180.174.226.65 - - [21/Jul/2021:10:22:57 +0800] "GET /xingrg/javascript/jquery_tools/table.css HTTP/1.1" 304 -
180.174.226.65 - - [21/Jul/2021:10:22:57 +0800] "GET /xingrg/javascript/jquery_tools/fix.css HTTP/1.1" 304 -
180.174.226.65 - - [21/Jul/2021:10:22:57 +0800] "GET /xingrg/javascript/jquery_tools/jquery.tools.min.js HTTP/1.1" 304 -
180.174.226.65 - - [21/Jul/2021:10:22:57 +0800] "GET /xingrg/javascript/jquery_tools/jquery.tools.extend.js HTTP/1.1" 304 -
180.174.226.65 - - [21/Jul/2021:10:22:57 +0800] "GET /xingrg/javascript/jquery_tools/jquery.tools.hotkey.js HTTP/1.1" 304 -
180.174.226.65 - - [21/Jul/2021:10:22:57 +0800] "GET /xingrg/javascript/jquery_tools/jquery.tools.table.js HTTP/1.1" 304 -
180.174.226.65 - - [21/Jul/2021:10:22:57 +0800] "GET /xingrg/javascript/jquery_tools/list_manager.js HTTP/1.1" 304 -
180.174.226.65 - - [21/Jul/2021:10:22:57 +0800] "GET /xingrg/javascript/easyui/easyloader.js HTTP/1.1" 304 -
180.174.226.65 - - [21/Jul/2021:10:22:57 +0800] "GET /xingrg/javascript/auto/jquery.autocomplete.js HTTP/1.1" 304 -
180.174.226.65 - - [21/Jul/2021:10:22:57 +0800] "GET /xingrg/javascript/jquery.cookie.js HTTP/1.1" 304 -
180.174.226.65 - - [21/Jul/2021:10:22:57 +0800] "GET /xingrg/javascript/print/LodopFuncs.js HTTP/1.1" 304 -
180.174.226.65 - - [21/Jul/2021:10:22:58 +0800] "GET /xingrg/javascript/easyui/themes/icons/edit_add_new.png HTTP/1.1" 304 -
180.174.226.65 - - [21/Jul/2021:10:22:58 +0800] "GET /xingrg/javascript/easyui/themes/icons/cance_new.png HTTP/1.1" 304 -
180.174.226.65 - - [21/Jul/2021:10:22:58 +0800] "GET /xingrg/javascript/easyui/themes/icons/check_new.png HTTP/1.1" 304 -
180.174.226.65 - - [21/Jul/2021:10:22:58 +0800] "GET /xingrg/javascript/easyui/themes/icons/field_new.png HTTP/1.1" 304 -
180.174.226.65 - - [21/Jul/2021:10:22:58 +0800] "GET /xingrg/javascript/easyui/themes/icons/import_new.png HTTP/1.1" 304 -
180.174.226.65 - - [21/Jul/2021:10:22:58 +0800] "GET /xingrg/javascript/easyui/plugins/jquery.parser.js HTTP/1.1" 304 -
180.174.226.65 - - [21/Jul/2021:10:22:58 +0800] "GET /xingrg/images/control/ajaxLoader.gif HTTP/1.1" 304 -
180.157.255.9 - - [21/Jul/2021:10:22:58 +0800] "GET /xingrg/all/function/internal_message.html?_=1626834181365&CODE_STATE=getMsg HTTP/1.1" 200 27
180.174.226.65 - - [21/Jul/2021:10:22:59 +0800] "POST /xingrg/kc/buy/cgsh_list_operate.html HTTP/1.1" 200 876
180.174.226.65 - - [21/Jul/2021:10:22:59 +0800] "GET /xingrg/javascript/easyui/themes/default/images/button_plain_hover.png HTTP/1.1" 304 -
180.174.226.65 - - [21/Jul/2021:10:23:00 +0800] "GET /xingrg/javascript/pic_change.js HTTP/1.1" 304 -
180.174.226.65 - - [21/Jul/2021:10:23:00 +0800] "GET /xingrg/kc/buy/cgsh_order_add.html HTTP/1.1" 200 62756
180.174.226.65 - - [21/Jul/2021:10:23:00 +0800] "GET /xingrg/javascript/convert.js HTTP/1.1" 304 -
180.174.226.65 - - [21/Jul/2021:10:23:00 +0800] "GET /xingrg/javascript/jquery_tools/order_manager.js HTTP/1.1" 304 -
180.174.226.65 - - [21/Jul/2021:10:23:00 +0800] "GET /xingrg/javascript/json2.js HTTP/1.1" 304 -
180.174.226.65 - - [21/Jul/2021:10:23:00 +0800] "GET /xingrg/javascript/print/kc_print.js HTTP/1.1" 304 -
180.174.226.65 - - [21/Jul/2021:10:23:00 +0800] "GET /xingrg/words/20210721095640_words.js HTTP/1.1" 200 826514
180.174.226.65 - - [21/Jul/2021:10:23:00 +0800] "GET /xingrg/javascript/easyui/themes/icons/print.png HTTP/1.1" 304 -
180.174.226.65 - - [21/Jul/2021:10:23:00 +0800] "GET /xingrg/javascript/easyui/themes/default/images/menu_downarrow.png HTTP/1.1" 304 -
180.174.226.65 - - [21/Jul/2021:10:23:00 +0800] "GET /xingrg/javascript/easyui/themes/icons/cancel.png HTTP/1.1" 304 -
180.169.147.146 - - [21/Jul/2021:10:23:00 +0800] "GET /xingrg/all/function/internal_message.html?_=1626834177410&CODE_STATE=getMsg HTTP/1.1" 302 -
180.169.147.146 - - [21/Jul/2021:10:23:00 +0800] "GET /xingrg/check_reg.html?_=1626834177418 HTTP/1.1" 302 -
180.174.226.65 - - [21/Jul/2021:10:23:01 +0800] "GET /xingrg/all/common/auto_word.html?type=employee&rest_code=00102 HTTP/1.1" 200 189
180.174.226.65 - - [21/Jul/2021:10:23:01 +0800] "GET /xingrg/all/common/auto_word.html?type=employee&rest_code=00102 HTTP/1.1" 200 189
180.174.226.65 - - [21/Jul/2021:10:23:01 +0800] "POST /xingrg/kc/buy/cgsh_order_operate.html HTTP/1.1" 200 8245
180.174.226.65 - - [21/Jul/2021:10:23:01 +0800] "GET /xingrg/javascript/easyui/themes/icons/edit_remove.png HTTP/1.1" 304 -
180.174.226.65 - - [21/Jul/2021:10:23:01 +0800] "GET /xingrg/javascript/easyui/themes/default/validatebox.css HTTP/1.1" 404 1104
180.174.226.65 - - [21/Jul/2021:10:23:01 +0800] "GET /xingrg/javascript/easyui/plugins/jquery.validatebox.js HTTP/1.1" 304 -
180.174.226.65 - - [21/Jul/2021:10:23:01 +0800] "GET /xingrg/javascript/easyui/plugins/jquery.numberbox.js HTTP/1.1" 304 -
180.174.226.65 - - [21/Jul/2021:10:23:02 +0800] "GET /xingrg/javascript/auto/indicator.gif HTTP/1.1" 404 1066
116.235.222.38 - - [21/Jul/2021:10:23:03 +0800] "POST /xingrg/kc/buy/cgsh_order_operate.html HTTP/1.1" 200 37
116.235.222.38 - - [21/Jul/2021:10:23:04 +0800] "POST /xingrg/kc/buy/cgsh_order_operate.html HTTP/1.1" 200 2659
180.174.226.65 - - [21/Jul/2021:10:23:05 +0800] "GET /xingrg/kc/buy/cgsh_order_operate.html?command=get_materiel&rest_code=00102&code=00101008224&supplier_code=&order_time=2021-07-21 HTTP/1.1" 200 416
222.70.176.145 - - [21/Jul/2021:10:23:05 +0800] "GET /xingrg/all/function/internal_message.html?_=1626834182065&CODE_STATE=getMsg HTTP/1.1" 200 27
116.235.222.38 - - [21/Jul/2021:10:23:06 +0800] "GET /xingrg/kc/print/load_data.html?order_code=212021072109587&kc_code=cgsh&condition= HTTP/1.1" 200 679
180.169.147.146 - - [21/Jul/2021:10:23:07 +0800] "GET /xingrg/all/function/internal_message.html?_=1626834185379&CODE_STATE=getMsg HTTP/1.1" 200 27
101.83.145.79 - - [21/Jul/2021:10:23:11 +0800] "GET /xingrg/all/function/internal_message.html?_=1626834154424&CODE_STATE=getMsg HTTP/1.1" 302 -
116.235.222.38 - - [21/Jul/2021:10:23:11 +0800] "GET /xingrg/kc/buy/cgsh_order_add.html HTTP/1.1" 200 62879
116.235.222.38 - - [21/Jul/2021:10:23:12 +0800] "GET /xingrg/javascript/easyui/themes/default/validatebox.css HTTP/1.1" 404 1104
116.235.222.38 - - [21/Jul/2021:10:23:12 +0800] "POST /xingrg/kc/buy/cgsh_order_operate.html HTTP/1.1" 200 8245
116.235.222.38 - - [21/Jul/2021:10:23:14 +0800] "GET /xingrg/javascript/easyui/themes/default/tree.css HTTP/1.1" 404 1090
116.235.222.38 - - [21/Jul/2021:10:23:14 +0800] "POST /xingrg/all/common/load_tree.html?tree=supplier_tree_json&isDelete=1 HTTP/1.1" 200 56514
116.237.74.182 - - [21/Jul/2021:10:23:17 +0800] "GET /xingrg/all/function/internal_message.html?_=1626834195713&CODE_STATE=getMsg HTTP/1.1" 200 27
180.174.226.65 - - [21/Jul/2021:10:23:19 +0800] "GET /xingrg/kc/buy/cgsh_order_operate.html?command=get_materiel&rest_code=00102&code=00101008358&supplier_code=&order_time=2021-07-21 HTTP/1.1" 200 412
116.237.74.182 - - [21/Jul/2021:10:23:19 +0800] "GET /xingrg/kc/buy/buy_main.html HTTP/1.1" 200 12412
116.237.74.182 - - [21/Jul/2021:10:23:19 +0800] "GET /xingrg/css/new_ie.css HTTP/1.1" 404 1036
116.237.74.182 - - [21/Jul/2021:10:23:20 +0800] "GET /xingrg/images/yd/bt.gif HTTP/1.1" 404 1040
116.237.74.182 - - [21/Jul/2021:10:23:20 +0800] "GET /xingrg/kc/buy/cgsh_order_list.html HTTP/1.1" 200 47053
180.156.224.123 - - [21/Jul/2021:10:23:21 +0800] "GET /xingrg/all/function/internal_message.html?_=1626834199108&CODE_STATE=getMsg HTTP/1.1" 200 27
180.156.224.123 - - [21/Jul/2021:10:23:21 +0800] "GET /xingrg/check_reg.html?_=1626834199110 HTTP/1.1" 200 22
116.237.74.182 - - [21/Jul/2021:10:23:21 +0800] "POST /xingrg/kc/buy/cgsh_list_operate.html HTTP/1.1" 200 876
58.40.7.146 - - [21/Jul/2021:10:23:21 +0800] "GET /xingrg/all/function/internal_message.html?_=1626834199470&CODE_STATE=getMsg HTTP/1.1" 200 27
120.253.135.82 - - [21/Jul/2021:10:23:22 +0800] "GET /xingrg/all/function/internal_message.html?_=1626833980485&CODE_STATE=getMsg HTTP/1.1" 200 27
116.237.74.182 - - [21/Jul/2021:10:23:24 +0800] "GET /xingrg/kc/buy/cgsh_order_add.html HTTP/1.1" 200 62797
116.237.74.182 - - [21/Jul/2021:10:23:24 +0800] "POST /xingrg/kc/buy/cgsh_order_operate.html HTTP/1.1" 200 8245
116.237.74.182 - - [21/Jul/2021:10:23:24 +0800] "GET /xingrg/javascript/easyui/themes/default/validatebox.css HTTP/1.1" 404 1104
117.184.7.30 - - [21/Jul/2021:10:23:24 +0800] "GET /xingrg/all/function/internal_message.html?_=1626834200624&CODE_STATE=getMsg HTTP/1.1" 200 27
116.237.74.182 - - [21/Jul/2021:10:23:25 +0800] "GET /xingrg/javascript/easyui/themes/default/tree.css HTTP/1.1" 404 1090
116.237.74.182 - - [21/Jul/2021:10:23:26 +0800] "POST /xingrg/all/common/load_tree.html?tree=supplier_tree_json&isDelete=1 HTTP/1.1" 200 56514
101.85.107.54 - - [21/Jul/2021:10:23:27 +0800] "GET /xingrg/all/function/internal_message.html?_=1626834203611&CODE_STATE=getMsg HTTP/1.1" 200 27
58.37.225.51 - - [21/Jul/2021:10:23:31 +0800] "GET /xingrg/all/function/internal_message.html?_=1626834127172&CODE_STATE=getMsg HTTP/1.1" 200 27
101.93.222.235 - - [21/Jul/2021:10:23:31 +0800] "POST /xingrg/services/DataTransmitService HTTP/1.1" 200 524
101.93.222.235 - - [21/Jul/2021:10:23:31 +0800] "POST /xingrg/services/DataTransmitService HTTP/1.1" 200 501
116.235.222.38 - - [21/Jul/2021:10:23:32 +0800] "GET /xingrg/all/function/internal_message.html?_=1626834206750&CODE_STATE=getMsg HTTP/1.1" 200 27
180.169.147.146 - - [21/Jul/2021:10:23:33 +0800] "GET /xingrg/all/function/internal_message.html?_=1626834211383&CODE_STATE=getMsg HTTP/1.1" 302 -
180.174.226.65 - - [21/Jul/2021:10:23:36 +0800] "GET /xingrg/all/function/internal_message.html?_=1626834185033&CODE_STATE=getMsg HTTP/1.1" 200 27
116.237.74.182 - - [21/Jul/2021:10:23:36 +0800] "GET /xingrg/javascript/auto/indicator.gif HTTP/1.1" 404 1066
116.232.49.80 - - [21/Jul/2021:10:23:38 +0800] "GET /xingrg/all/function/internal_message.html?_=1626834218728&CODE_STATE=getMsg HTTP/1.1" 200 27
116.237.74.182 - - [21/Jul/2021:10:23:39 +0800] "GET /xingrg/kc/buy/cgsh_order_operate.html?command=get_materiel&rest_code=00106&code=00101008146&supplier_code=00100007&order_time=2021-07-21 HTTP/1.1" 200 416
222.69.128.214 - - [21/Jul/2021:10:23:44 +0800] "GET /xingrg/all/function/internal_message.html?_=1626834221031&CODE_STATE=getMsg HTTP/1.1" 200 27
180.169.147.146 - - [21/Jul/2021:10:23:44 +0800] "GET /xingrg/all/function/internal_message.html?_=1626834223814&CODE_STATE=getMsg HTTP/1.1" 200 27
116.237.74.182 - - [21/Jul/2021:10:23:47 +0800] "GET /xingrg/all/function/internal_message.html?_=1626834222235&CODE_STATE=getMsg HTTP/1.1" 200 27
116.237.74.182 - - [21/Jul/2021:10:23:47 +0800] "GET /xingrg/check_reg.html?_=1626834222521 HTTP/1.1" 200 22
222.69.128.214 - - [21/Jul/2021:10:23:48 +0800] "GET /xingrg/kc/buy/cgsh_order_operate.html?command=get_materiel&rest_code=00149&code=00101008286&supplier_code=00100005&order_time=2021-07-21 HTTP/1.1" 200 408
116.235.222.38 - - [21/Jul/2021:10:23:49 +0800] "GET /xingrg/kc/buy/cgsh_order_operate.html?command=get_materiel&rest_code=00107&code=00101001093&supplier_code=00100319&order_time=2021-07-21 HTTP/1.1" 200 410
180.169.147.146 - - [21/Jul/2021:10:23:49 +0800] "GET /xingrg/all/function/internal_message.html?_=1626834228279&CODE_STATE=getMsg HTTP/1.1" 200 27
116.237.74.182 - - [21/Jul/2021:10:23:50 +0800] "GET /xingrg/kc/buy/cgsh_order_operate.html?command=get_materiel&rest_code=00106&code=00101008147&supplier_code=00100007&order_time=2021-07-21 HTTP/1.1" 200 416
222.70.175.207 - - [21/Jul/2021:10:23:54 +0800] "GET /xingrg/all/function/internal_message.html?_=1626834241730&CODE_STATE=getMsg HTTP/1.1" 302 -
180.174.226.65 - - [21/Jul/2021:10:23:54 +0800] "GET /xingrg/all/function/internal_message.html?_=1626834230598&CODE_STATE=getMsg HTTP/1.1" 200 27
222.70.176.145 - - [21/Jul/2021:10:23:55 +0800] "GET /xingrg/kc/buy/cgsh_order_list.html HTTP/1.1" 200 47053
180.169.147.146 - - [21/Jul/2021:10:23:55 +0800] "GET /xingrg/all/function/internal_message.html?_=1626834230379&CODE_STATE=getMsg HTTP/1.1" 200 27
222.70.176.145 - - [21/Jul/2021:10:23:56 +0800] "POST /xingrg/kc/buy/cgsh_list_operate.html HTTP/1.1" 200 876
116.235.222.38 - - [21/Jul/2021:10:23:58 +0800] "GET /xingrg/kc/buy/cgsh_order_operate.html?command=get_materiel&rest_code=00107&code=00101001140&supplier_code=00100319&order_time=2021-07-21 HTTP/1.1" 200 414
180.157.255.9 - - [21/Jul/2021:10:23:58 +0800] "GET /xingrg/all/function/internal_message.html?_=1626834241351&CODE_STATE=getMsg HTTP/1.1" 200 27
180.169.147.146 - - [21/Jul/2021:10:24:00 +0800] "GET /xingrg/all/function/internal_message.html?_=1626834237418&CODE_STATE=getMsg HTTP/1.1" 302 -
116.237.74.182 - - [21/Jul/2021:10:24:03 +0800] "POST /xingrg/kc/buy/cgsh_order_operate.html HTTP/1.1" 200 37
222.70.176.145 - - [21/Jul/2021:10:24:05 +0800] "GET /xingrg/all/function/internal_message.html?_=1626834242077&CODE_STATE=getMsg HTTP/1.1" 200 27
116.237.74.182 - - [21/Jul/2021:10:24:07 +0800] "POST /xingrg/kc/buy/cgsh_order_operate.html HTTP/1.1" 200 12
180.169.147.146 - - [21/Jul/2021:10:24:07 +0800] "GET /xingrg/all/function/internal_message.html?_=1626834245383&CODE_STATE=getMsg HTTP/1.1" 200 27
116.237.74.182 - - [21/Jul/2021:10:24:08 +0800] "GET /xingrg/kc/buy/cgsh_order_info.html?code=212021072109588 HTTP/1.1" 200 57708
116.237.74.182 - - [21/Jul/2021:10:24:08 +0800] "GET /xingrg/javascript/easyui/themes/default/validatebox.css HTTP/1.1" 404 1104
116.237.74.182 - - [21/Jul/2021:10:24:08 +0800] "GET /xingrg/kc/buy/cgsh_order_operate.html?command=get_materiel&rest_code=00106&code=00101001140&supplier_code=00100090&order_time=2021-07-21 HTTP/1.1" 200 415
116.237.74.182 - - [21/Jul/2021:10:24:09 +0800] "POST /xingrg/kc/buy/cgsh_order_operate.html HTTP/1.1" 200 1211
101.83.145.79 - - [21/Jul/2021:10:24:11 +0800] "GET /xingrg/all/function/internal_message.html?_=1626834214423&CODE_STATE=getMsg HTTP/1.1" 302 -
116.237.74.182 - - [21/Jul/2021:10:24:12 +0800] "GET /xingrg/kc/print/load_data.html?order_code=212021072109588&kc_code=cgsh&condition= HTTP/1.1" 200 1005
116.237.74.182 - - [21/Jul/2021:10:24:17 +0800] "GET /xingrg/all/function/internal_message.html?_=1626834255729&CODE_STATE=getMsg HTTP/1.1" 200 27
