101.85.107.54 - - [21/Jul/2021:10:32:27 +0800] "GET /xingrg/all/function/internal_message.html?_=1626834743396&CODE_STATE=getMsg HTTP/1.1" 200 27
58.37.225.51 - - [21/Jul/2021:10:32:27 +0800] "GET /xingrg/kc/buy/cgsh_order_operate.html?command=get_materiel&rest_code=00141&code=00101008149&supplier_code=00100007&order_time=2021-07-21 HTTP/1.1" 200 408
116.230.110.80 - - [21/Jul/2021:10:32:27 +0800] "GET /xingrg/javascript/easyui/themes/default/validatebox.css HTTP/1.1" 404 1104
116.230.110.80 - - [21/Jul/2021:10:32:27 +0800] "POST /xingrg/kc/buy/cgsh_order_operate.html HTTP/1.1" 200 8245
116.230.110.80 - - [21/Jul/2021:10:32:27 +0800] "GET /xingrg/all/common/auto_word.html?type=employee&rest_code=00155 HTTP/1.1" 200 205
116.230.110.80 - - [21/Jul/2021:10:32:27 +0800] "GET /xingrg/all/common/auto_word.html?type=employee&rest_code=00155 HTTP/1.1" 200 205
101.85.107.54 - - [21/Jul/2021:10:32:27 +0800] "GET /xingrg/check_reg.html?_=1626834743804 HTTP/1.1" 200 22
116.237.74.182 - - [21/Jul/2021:10:32:28 +0800] "GET /xingrg/kc/buy/cgsh_order_operate.html?command=get_materiel&rest_code=00106&code=00101012046&supplier_code=00100347&order_time=2021-07-21 HTTP/1.1" 200 417
116.230.110.80 - - [21/Jul/2021:10:32:28 +0800] "GET /xingrg/javascript/auto/indicator.gif HTTP/1.1" 404 1066
58.37.225.51 - - [21/Jul/2021:10:32:31 +0800] "GET /xingrg/all/function/internal_message.html?_=1626834667225&CODE_STATE=getMsg HTTP/1.1" 200 27
116.235.222.38 - - [21/Jul/2021:10:32:33 +0800] "GET /xingrg/all/function/internal_message.html?_=1626834748498&CODE_STATE=getMsg HTTP/1.1" 200 27
101.83.145.79 - - [21/Jul/2021:10:32:35 +0800] "GET /xingrg/check_reg.html?_=1626834718141 HTTP/1.1" 200 22
101.83.145.79 - - [21/Jul/2021:10:32:35 +0800] "GET /xingrg/all/function/internal_message.html?_=1626834718176&CODE_STATE=getMsg HTTP/1.1" 200 27
58.37.225.51 - - [21/Jul/2021:10:32:35 +0800] "GET /xingrg/kc/buy/cgsh_order_operate.html?command=get_materiel&rest_code=00141&code=00101008010&supplier_code=00100007&order_time=2021-07-21 HTTP/1.1" 200 412
180.174.226.65 - - [21/Jul/2021:10:32:36 +0800] "GET /xingrg/all/function/internal_message.html?_=1626834725373&CODE_STATE=getMsg HTTP/1.1" 200 27
116.232.49.80 - - [21/Jul/2021:10:32:38 +0800] "GET /xingrg/all/function/internal_message.html?_=1626834758753&CODE_STATE=getMsg HTTP/1.1" 200 27
116.237.74.182 - - [21/Jul/2021:10:32:43 +0800] "GET /xingrg/kc/buy/cgsh_order_add.html HTTP/1.1" 200 62797
116.237.74.182 - - [21/Jul/2021:10:32:43 +0800] "GET /xingrg/javascript/easyui/themes/default/validatebox.css HTTP/1.1" 404 1104
116.237.74.182 - - [21/Jul/2021:10:32:43 +0800] "POST /xingrg/kc/buy/cgsh_order_operate.html HTTP/1.1" 200 8245
222.69.128.214 - - [21/Jul/2021:10:32:44 +0800] "GET /xingrg/check_reg.html?_=1626834761139 HTTP/1.1" 200 22
222.69.128.214 - - [21/Jul/2021:10:32:44 +0800] "GET /xingrg/all/function/internal_message.html?_=1626834761139&CODE_STATE=getMsg HTTP/1.1" 200 27
116.232.49.80 - - [21/Jul/2021:10:32:44 +0800] "GET /favicon.ico HTTP/1.1" 404 -
58.37.225.51 - - [21/Jul/2021:10:32:44 +0800] "GET /xingrg/kc/buy/cgsh_order_operate.html?command=get_materiel&rest_code=00141&code=00101008351&supplier_code=00100007&order_time=2021-07-21 HTTP/1.1" 200 408
180.169.147.146 - - [21/Jul/2021:10:32:44 +0800] "GET /xingrg/all/function/internal_message.html?_=1626834764503&CODE_STATE=getMsg HTTP/1.1" 200 27
116.237.74.182 - - [21/Jul/2021:10:32:45 +0800] "GET /xingrg/javascript/easyui/themes/default/tree.css HTTP/1.1" 404 1090
116.237.74.182 - - [21/Jul/2021:10:32:45 +0800] "POST /xingrg/all/common/load_tree.html?tree=supplier_tree_json&isDelete=1 HTTP/1.1" 200 56514
180.169.147.146 - - [21/Jul/2021:10:32:49 +0800] "GET /xingrg/all/function/internal_message.html?_=1626834768269&CODE_STATE=getMsg HTTP/1.1" 200 27
120.253.135.82 - - [21/Jul/2021:10:32:52 +0800] "GET /xingrg/kc/pszx/mdps_order_list.html?orderType=0 HTTP/1.1" 200 21004
120.253.135.82 - - [21/Jul/2021:10:32:53 +0800] "POST /xingrg/kc/pszx/mdps_list_operate.html HTTP/1.1" 200 5369
58.37.225.51 - - [21/Jul/2021:10:32:54 +0800] "GET /xingrg/kc/buy/cgsh_order_operate.html?command=get_materiel&rest_code=00141&code=00101008110&supplier_code=00100007&order_time=2021-07-21 HTTP/1.1" 200 408
116.237.74.182 - - [21/Jul/2021:10:32:54 +0800] "GET /xingrg/all/function/internal_message.html?_=1626834769723&CODE_STATE=getMsg HTTP/1.1" 200 27
180.169.147.146 - - [21/Jul/2021:10:32:55 +0800] "GET /xingrg/all/function/internal_message.html?_=1626834770403&CODE_STATE=getMsg HTTP/1.1" 200 27
116.230.110.80 - - [21/Jul/2021:10:32:56 +0800] "GET /xingrg/javascript/jquery_tools/images/next.gif HTTP/1.1" 404 1086
116.230.110.80 - - [21/Jul/2021:10:32:56 +0800] "GET /xingrg/javascript/jquery_tools/images/prev.gif HTTP/1.1" 404 1086
180.157.255.9 - - [21/Jul/2021:10:32:58 +0800] "GET /xingrg/all/function/internal_message.html?_=1626834781378&CODE_STATE=getMsg HTTP/1.1" 200 27
180.169.147.146 - - [21/Jul/2021:10:33:00 +0800] "GET /xingrg/all/function/internal_message.html?_=1626834777422&CODE_STATE=getMsg HTTP/1.1" 302 -
180.169.147.146 - - [21/Jul/2021:10:33:00 +0800] "GET /xingrg/check_reg.html?_=1626834777428 HTTP/1.1" 302 -
116.237.74.182 - - [21/Jul/2021:10:33:01 +0800] "GET /xingrg/kc/buy/cgsh_order_operate.html?command=get_materiel&rest_code=00106&code=00101009001&supplier_code=00100022&order_time=2021-07-21 HTTP/1.1" 200 416
58.37.225.51 - - [21/Jul/2021:10:33:02 +0800] "GET /xingrg/kc/buy/cgsh_order_operate.html?command=get_materiel&rest_code=00141&code=00101008038&supplier_code=00100007&order_time=2021-07-21 HTTP/1.1" 200 412
120.253.135.82 - - [21/Jul/2021:10:33:03 +0800] "POST /xingrg/kc/pszx/mdps_list_operate.html HTTP/1.1" 200 1693
120.253.135.82 - - [21/Jul/2021:10:33:05 +0800] "POST /xingrg/kc/pszx/mdps_list_operate.html HTTP/1.1" 200 622
222.70.176.145 - - [21/Jul/2021:10:33:05 +0800] "GET /xingrg/all/function/internal_message.html?_=1626834782085&CODE_STATE=getMsg HTTP/1.1" 200 27
120.253.135.82 - - [21/Jul/2021:10:33:06 +0800] "GET /xingrg/kc/pszx/mdps_order_info.html?code=312021072100504 HTTP/1.1" 200 23931
180.174.226.65 - - [21/Jul/2021:10:33:06 +0800] "GET /xingrg/login.html HTTP/1.1" 200 7641
120.253.135.82 - - [21/Jul/2021:10:33:06 +0800] "GET /xingrg/javascript/easyui/themes/default/validatebox.css HTTP/1.1" 404 1104
120.253.135.82 - - [21/Jul/2021:10:33:06 +0800] "POST /xingrg/kc/pszx/mdps_order_operate.html HTTP/1.1" 200 7345
180.174.226.65 - - [21/Jul/2021:10:33:07 +0800] "GET /favicon.ico HTTP/1.1" 404 -
180.169.147.146 - - [21/Jul/2021:10:33:07 +0800] "GET /xingrg/all/function/internal_message.html?_=1626834785403&CODE_STATE=getMsg HTTP/1.1" 200 27
180.174.226.65 - - [21/Jul/2021:10:33:07 +0800] "POST /xingrg/login.do HTTP/1.1" 302 -
180.174.226.65 - - [21/Jul/2021:10:33:08 +0800] "GET /xingrg/index.html?sysBaseUrl=http%3A%2F%2F180.169.147.146%3A18081%2Fxingrg%2F&costTime=41×tamp=1626834787985 HTTP/1.1" 200 17173
180.174.226.65 - - [21/Jul/2021:10:33:08 +0800] "GET /xingrg/javascript/jquery_easy_ui/themes/icon.css HTTP/1.1" 304 -
180.174.226.65 - - [21/Jul/2021:10:33:08 +0800] "GET /xingrg/javascript/jquery_easy_ui/themes/default/easyui.css HTTP/1.1" 304 -
180.174.226.65 - - [21/Jul/2021:10:33:08 +0800] "GET /xingrg/javascript/jquery-1.4.2.min.js HTTP/1.1" 304 -
180.174.226.65 - - [21/Jul/2021:10:33:08 +0800] "GET /xingrg/css/form.css HTTP/1.1" 304 -
180.174.226.65 - - [21/Jul/2021:10:33:08 +0800] "GET /xingrg/javascript/jquery_easy_ui/jquery.easyui.min.js HTTP/1.1" 304 -
180.174.226.65 - - [21/Jul/2021:10:33:08 +0800] "GET /xingrg/javascript/jquery.timers.js HTTP/1.1" 304 -
180.174.226.65 - - [21/Jul/2021:10:33:08 +0800] "GET /xingrg/javascript/jquery.utils.js HTTP/1.1" 304 -
180.174.226.65 - - [21/Jul/2021:10:33:08 +0800] "GET /xingrg/javascript/jquery_easy_ui/easyui-lang-zh_CN.js HTTP/1.1" 304 -
180.174.226.65 - - [21/Jul/2021:10:33:08 +0800] "GET /xingrg/javascript/jquery.form.js HTTP/1.1" 304 -
180.174.226.65 - - [21/Jul/2021:10:33:08 +0800] "GET /favicon.ico HTTP/1.1" 404 -
180.174.226.65 - - [21/Jul/2021:10:33:08 +0800] "POST /xingrg/all/common/load_tree.html?tree=area_rest_tree_json&manage=1 HTTP/1.1" 200 342
180.174.226.65 - - [21/Jul/2021:10:33:08 +0800] "GET /xingrg/all/function/internal_message.html?_=1626834784428&CODE_STATE=count HTTP/1.1" 200 11
180.174.226.65 - - [21/Jul/2021:10:33:08 +0800] "GET /xingrg/check_reg.html?_=1626834784431 HTTP/1.1" 200 22
180.174.226.65 - - [21/Jul/2021:10:33:08 +0800] "POST /xingrg/load_menu.html HTTP/1.1" 200 5138
58.37.225.51 - - [21/Jul/2021:10:33:09 +0800] "GET /xingrg/kc/buy/cgsh_order_operate.html?command=get_materiel&rest_code=00141&code=00101008396&supplier_code=00100007&order_time=2021-07-21 HTTP/1.1" 200 412
180.174.226.65 - - [21/Jul/2021:10:33:11 +0800] "GET /xingrg/css/base.css HTTP/1.1" 304 -
180.174.226.65 - - [21/Jul/2021:10:33:11 +0800] "GET /xingrg/css/site.css HTTP/1.1" 304 -
180.174.226.65 - - [21/Jul/2021:10:33:11 +0800] "GET /xingrg/javascript/jquery_tools/datebox.css HTTP/1.1" 304 -
180.174.226.65 - - [21/Jul/2021:10:33:11 +0800] "GET /xingrg/javascript/easyui/themes/default/easyui.css HTTP/1.1" 304 -
180.174.226.65 - - [21/Jul/2021:10:33:11 +0800] "GET /xingrg/javascript/easyui/themes/icon.css HTTP/1.1" 304 -
180.174.226.65 - - [21/Jul/2021:10:33:11 +0800] "GET /xingrg/javascript/jquery_tools/fix.css HTTP/1.1" 304 -
180.174.226.65 - - [21/Jul/2021:10:33:11 +0800] "GET /xingrg/javascript/jquery_tools/table.css HTTP/1.1" 304 -
180.174.226.65 - - [21/Jul/2021:10:33:11 +0800] "GET /xingrg/javascript/jquery_tools/jquery.tools.min.js HTTP/1.1" 304 -
180.174.226.65 - - [21/Jul/2021:10:33:11 +0800] "GET /xingrg/javascript/auto/jquery.autocomplete.css HTTP/1.1" 304 -
180.174.226.65 - - [21/Jul/2021:10:33:11 +0800] "GET /xingrg/javascript/jquery_tools/jquery.tools.extend.js HTTP/1.1" 304 -
180.174.226.65 - - [21/Jul/2021:10:33:11 +0800] "GET /xingrg/javascript/jquery_tools/jquery.tools.hotkey.js HTTP/1.1" 304 -
180.174.226.65 - - [21/Jul/2021:10:33:11 +0800] "GET /xingrg/javascript/jquery_tools/jquery.tools.table.js HTTP/1.1" 304 -
180.174.226.65 - - [21/Jul/2021:10:33:11 +0800] "GET /xingrg/javascript/jquery_tools/list_manager.js HTTP/1.1" 304 -
180.174.226.65 - - [21/Jul/2021:10:33:11 +0800] "GET /xingrg/javascript/auto/jquery.autocomplete.js HTTP/1.1" 304 -
180.174.226.65 - - [21/Jul/2021:10:33:11 +0800] "GET /xingrg/javascript/easyui/easyloader.js HTTP/1.1" 304 -
180.174.226.65 - - [21/Jul/2021:10:33:11 +0800] "GET /xingrg/javascript/jquery.cookie.js HTTP/1.1" 304 -
180.174.226.65 - - [21/Jul/2021:10:33:11 +0800] "GET /xingrg/javascript/print/LodopFuncs.js HTTP/1.1" 304 -
180.174.226.65 - - [21/Jul/2021:10:33:11 +0800] "GET /xingrg/kc/buy/cgsh_order_list.html HTTP/1.1" 200 47053
180.174.226.65 - - [21/Jul/2021:10:33:11 +0800] "GET /xingrg/javascript/easyui/plugins/jquery.parser.js HTTP/1.1" 304 -
180.174.226.65 - - [21/Jul/2021:10:33:12 +0800] "POST /xingrg/kc/buy/cgsh_list_operate.html HTTP/1.1" 200 876
180.174.226.65 - - [21/Jul/2021:10:33:12 +0800] "GET /xingrg/javascript/pic_change.js HTTP/1.1" 304 -
180.174.226.65 - - [21/Jul/2021:10:33:12 +0800] "GET /xingrg/kc/buy/cgsh_order_add.html HTTP/1.1" 200 62756
180.174.226.65 - - [21/Jul/2021:10:33:12 +0800] "GET /xingrg/javascript/jquery_tools/order_manager.js HTTP/1.1" 304 -
180.174.226.65 - - [21/Jul/2021:10:33:12 +0800] "GET /xingrg/javascript/convert.js HTTP/1.1" 304 -
180.174.226.65 - - [21/Jul/2021:10:33:12 +0800] "GET /xingrg/javascript/json2.js HTTP/1.1" 304 -
180.174.226.65 - - [21/Jul/2021:10:33:12 +0800] "GET /xingrg/javascript/print/kc_print.js HTTP/1.1" 304 -
180.174.226.65 - - [21/Jul/2021:10:33:12 +0800] "GET /xingrg/words/20210721095640_words.js HTTP/1.1" 304 -
180.174.226.65 - - [21/Jul/2021:10:33:13 +0800] "GET /xingrg/javascript/easyui/themes/icons/copy_new.png HTTP/1.1" 304 -
180.174.226.65 - - [21/Jul/2021:10:33:13 +0800] "GET /xingrg/javascript/easyui/themes/icons/template_new.png HTTP/1.1" 304 -
180.174.226.65 - - [21/Jul/2021:10:33:13 +0800] "GET /xingrg/javascript/easyui/themes/icons/ok.png HTTP/1.1" 304 -
180.174.226.65 - - [21/Jul/2021:10:33:13 +0800] "POST /xingrg/kc/buy/cgsh_order_operate.html HTTP/1.1" 200 8245
180.174.226.65 - - [21/Jul/2021:10:33:13 +0800] "GET /xingrg/all/common/auto_word.html?type=employee&rest_code=00102 HTTP/1.1" 200 189
180.174.226.65 - - [21/Jul/2021:10:33:13 +0800] "GET /xingrg/all/common/auto_word.html?type=employee&rest_code=00102 HTTP/1.1" 200 189
180.174.226.65 - - [21/Jul/2021:10:33:13 +0800] "GET /xingrg/javascript/easyui/themes/default/validatebox.css HTTP/1.1" 404 1104
180.174.226.65 - - [21/Jul/2021:10:33:13 +0800] "GET /xingrg/javascript/easyui/plugins/jquery.validatebox.js HTTP/1.1" 304 -
180.174.226.65 - - [21/Jul/2021:10:33:13 +0800] "GET /xingrg/javascript/easyui/plugins/jquery.numberbox.js HTTP/1.1" 304 -
180.174.226.65 - - [21/Jul/2021:10:33:13 +0800] "GET /xingrg/javascript/auto/indicator.gif HTTP/1.1" 404 1066
116.230.110.80 - - [21/Jul/2021:10:33:16 +0800] "GET /xingrg/all/function/internal_message.html?_=1626834794307&CODE_STATE=getMsg HTTP/1.1" 200 27
180.174.226.65 - - [21/Jul/2021:10:33:16 +0800] "GET /xingrg/javascript/jquery_tools/images/prev.gif HTTP/1.1" 404 1086
180.174.226.65 - - [21/Jul/2021:10:33:16 +0800] "GET /xingrg/javascript/jquery_tools/images/next.gif HTTP/1.1" 404 1086
58.37.225.51 - - [21/Jul/2021:10:33:17 +0800] "GET /xingrg/kc/buy/cgsh_order_operate.html?command=get_materiel&rest_code=00141&code=00101008163&supplier_code=00100007&order_time=2021-07-21 HTTP/1.1" 200 408
116.237.74.182 - - [21/Jul/2021:10:33:18 +0800] "GET /xingrg/kc/buy/cgsh_order_operate.html?command=get_materiel&rest_code=00106&code=00101009011&supplier_code=00100022&order_time=2021-07-21 HTTP/1.1" 200 416
116.237.74.182 - - [21/Jul/2021:10:33:18 +0800] "GET /xingrg/all/function/internal_message.html?_=1626834796748&CODE_STATE=getMsg HTTP/1.1" 200 27
180.156.224.123 - - [21/Jul/2021:10:33:21 +0800] "GET /xingrg/all/function/internal_message.html?_=1626834799142&CODE_STATE=getMsg HTTP/1.1" 200 27
180.156.224.123 - - [21/Jul/2021:10:33:21 +0800] "GET /xingrg/check_reg.html?_=1626834799144 HTTP/1.1" 200 22
58.40.7.146 - - [21/Jul/2021:10:33:21 +0800] "GET /xingrg/all/function/internal_message.html?_=1626834799474&CODE_STATE=getMsg HTTP/1.1" 200 27
120.253.135.82 - - [21/Jul/2021:10:33:22 +0800] "GET /xingrg/all/function/internal_message.html?_=1626834580653&CODE_STATE=getMsg HTTP/1.1" 200 27
180.174.226.65 - - [21/Jul/2021:10:33:23 +0800] "GET /xingrg/kc/buy/cgsh_order_operate.html?command=get_materiel&rest_code=00102&code=00101008155&supplier_code=00100008&order_time=2021-07-21 HTTP/1.1" 200 408
58.37.225.51 - - [21/Jul/2021:10:33:23 +0800] "GET /xingrg/kc/buy/cgsh_order_operate.html?command=get_materiel&rest_code=00141&code=00101008190&supplier_code=00100007&order_time=2021-07-21 HTTP/1.1" 200 412
117.184.7.30 - - [21/Jul/2021:10:33:24 +0800] "GET /xingrg/all/function/internal_message.html?_=1626834800628&CODE_STATE=getMsg HTTP/1.1" 200 27
222.69.128.214 - - [21/Jul/2021:10:33:27 +0800] "POST /xingrg/kc/buy/cgsh_order_operate.html HTTP/1.1" 200 37
101.85.107.54 - - [21/Jul/2021:10:33:27 +0800] "GET /xingrg/all/function/internal_message.html?_=1626834803370&CODE_STATE=getMsg HTTP/1.1" 200 27
101.83.145.79 - - [21/Jul/2021:10:33:28 +0800] "GET /xingrg/kc/buy/cgsh_order_operate.html?command=get_materiel&rest_code=00105&code=00101006063&supplier_code=00100012&order_time=2021-07-21 HTTP/1.1" 200 413
180.174.226.65 - - [21/Jul/2021:10:33:29 +0800] "GET /xingrg/kc/buy/cgsh_order_operate.html?command=get_materiel&rest_code=00102&code=00101008149&supplier_code=00100008&order_time=2021-07-21 HTTP/1.1" 200 408
116.237.74.182 - - [21/Jul/2021:10:33:30 +0800] "GET /xingrg/kc/buy/cgsh_order_operate.html?command=get_materiel&rest_code=00106&code=00101020073&supplier_code=00100347&order_time=2021-07-21 HTTP/1.1" 200 415
58.37.225.51 - - [21/Jul/2021:10:33:31 +0800] "GET /xingrg/kc/buy/cgsh_order_operate.html?command=get_materiel&rest_code=00141&code=00101008361&supplier_code=00100007&order_time=2021-07-21 HTTP/1.1" 200 408
58.37.225.51 - - [21/Jul/2021:10:33:31 +0800] "GET /xingrg/all/function/internal_message.html?_=1626834727250&CODE_STATE=getMsg HTTP/1.1" 200 27
120.253.135.82 - - [21/Jul/2021:10:33:31 +0800] "POST /xingrg/kc/pszx/mdps_order_operate.html HTTP/1.1" 200 37
120.253.135.82 - - [21/Jul/2021:10:33:32 +0800] "POST /xingrg/kc/pszx/mdps_order_operate.html HTTP/1.1" 200 12
116.235.222.38 - - [21/Jul/2021:10:33:34 +0800] "GET /xingrg/all/function/internal_message.html?_=1626834808469&CODE_STATE=getMsg HTTP/1.1" 200 27
180.169.147.146 - - [21/Jul/2021:10:33:34 +0800] "POST /xingrg/all/user/operate.html HTTP/1.1" 200 36
180.169.147.146 - - [21/Jul/2021:10:33:34 +0800] "GET /xingrg/index.html?sysBaseUrl=http%3A%2F%2F180.169.147.146%3A18081%2Fxingrg%2F&costTime=103×tamp=1626834704654 HTTP/1.1" 200 17509
180.169.147.146 - - [21/Jul/2021:10:33:34 +0800] "GET /xingrg/javascript/jquery_easy_ui/themes/default/easyui.css HTTP/1.1" 304 -
180.169.147.146 - - [21/Jul/2021:10:33:34 +0800] "GET /xingrg/javascript/jquery_easy_ui/themes/icon.css HTTP/1.1" 304 -
180.169.147.146 - - [21/Jul/2021:10:33:34 +0800] "GET /xingrg/css/form.css HTTP/1.1" 304 -
180.169.147.146 - - [21/Jul/2021:10:33:34 +0800] "GET /xingrg/javascript/jquery-1.4.2.min.js HTTP/1.1" 304 -
180.169.147.146 - - [21/Jul/2021:10:33:34 +0800] "GET /xingrg/javascript/jquery_easy_ui/jquery.easyui.min.js HTTP/1.1" 304 -
180.169.147.146 - - [21/Jul/2021:10:33:34 +0800] "GET /xingrg/javascript/jquery_easy_ui/easyui-lang-zh_CN.js HTTP/1.1" 304 -
180.169.147.146 - - [21/Jul/2021:10:33:34 +0800] "GET /xingrg/javascript/jquery.form.js HTTP/1.1" 304 -
180.169.147.146 - - [21/Jul/2021:10:33:34 +0800] "GET /xingrg/javascript/jquery.utils.js HTTP/1.1" 304 -
180.169.147.146 - - [21/Jul/2021:10:33:34 +0800] "GET /xingrg/javascript/jquery.timers.js HTTP/1.1" 304 -
180.169.147.146 - - [21/Jul/2021:10:33:34 +0800] "GET /xingrg/images/blue/jxLogo.png HTTP/1.1" 304 -
180.169.147.146 - - [21/Jul/2021:10:33:34 +0800] "GET /xingrg/images/blue/navBackgound.jpg HTTP/1.1" 304 -
180.169.147.146 - - [21/Jul/2021:10:33:34 +0800] "GET /xingrg/javascript/jquery_easy_ui/themes/icons/settle_new.png HTTP/1.1" 304 -
180.169.147.146 - - [21/Jul/2021:10:33:34 +0800] "POST /xingrg/all/common/load_tree.html?tree=area_rest_tree_json&manage=1 HTTP/1.1" 200 3216
180.169.147.146 - - [21/Jul/2021:10:33:34 +0800] "GET /xingrg/all/function/internal_message.html?_=1626834814166&CODE_STATE=count HTTP/1.1" 200 11
180.169.147.146 - - [21/Jul/2021:10:33:34 +0800] "GET /xingrg/check_reg.html?_=1626834814167 HTTP/1.1" 200 22
180.169.147.146 - - [21/Jul/2021:10:33:34 +0800] "GET /xingrg/images/blue/pingpu.png HTTP/1.1" 304 -
180.169.147.146 - - [21/Jul/2021:10:33:34 +0800] "GET /xingrg/javascript/jquery_easy_ui/themes/default/images/tabs_rightarrow.png HTTP/1.1" 304 -
180.169.147.146 - - [21/Jul/2021:10:33:34 +0800] "GET /xingrg/javascript/jquery_easy_ui/themes/default/images/panel_tool_expand.gif HTTP/1.1" 304 -
180.169.147.146 - - [21/Jul/2021:10:33:34 +0800] "GET /xingrg/javascript/jquery_easy_ui/themes/default/images/tabs_leftarrow.png HTTP/1.1" 304 -
180.169.147.146 - - [21/Jul/2021:10:33:34 +0800] "GET /xingrg/javascript/jquery_easy_ui/themes/default/images/panel_tool_collapse.gif HTTP/1.1" 304 -
180.169.147.146 - - [21/Jul/2021:10:33:34 +0800] "POST /xingrg/load_menu.html HTTP/1.1" 200 9959
116.237.74.182 - - [21/Jul/2021:10:33:34 +0800] "GET /xingrg/kc/buy/cgsh_order_operate.html?command=get_materiel&rest_code=00106&code=00101009124&supplier_code=00100022&order_time=2021-07-21 HTTP/1.1" 200 402
101.83.145.79 - - [21/Jul/2021:10:33:35 +0800] "GET /xingrg/all/function/internal_message.html?_=1626834778157&CODE_STATE=getMsg HTTP/1.1" 200 27
180.169.147.146 - - [21/Jul/2021:10:33:36 +0800] "GET /xingrg/kc/buy/cgsh_order_list.html HTTP/1.1" 200 47314
180.174.226.65 - - [21/Jul/2021:10:33:36 +0800] "GET /xingrg/all/function/internal_message.html?_=1626834785388&CODE_STATE=getMsg HTTP/1.1" 200 27
180.169.147.146 - - [21/Jul/2021:10:33:38 +0800] "POST /xingrg/kc/buy/cgsh_list_operate.html HTTP/1.1" 200 5234
120.253.135.82 - - [21/Jul/2021:10:33:38 +0800] "GET /xingrg/kc/pszx/mdps_order_info.html?code=312021072100504 HTTP/1.1" 200 19591
116.232.49.80 - - [21/Jul/2021:10:33:38 +0800] "GET /xingrg/all/function/internal_message.html?_=1626834818752&CODE_STATE=getMsg HTTP/1.1" 200 27
120.253.135.82 - - [21/Jul/2021:10:33:38 +0800] "POST /xingrg/kc/pszx/mdps_order_operate.html HTTP/1.1" 200 5522
120.253.135.82 - - [21/Jul/2021:10:33:38 +0800] "GET /xingrg/javascript/easyui/themes/default/validatebox.css HTTP/1.1" 404 1104
58.37.225.51 - - [21/Jul/2021:10:33:39 +0800] "GET /xingrg/kc/buy/cgsh_order_operate.html?command=get_materiel&rest_code=00141&code=00101008355&supplier_code=00100007&order_time=2021-07-21 HTTP/1.1" 200 408
222.69.128.214 - - [21/Jul/2021:10:33:42 +0800] "POST /xingrg/kc/buy/cgsh_order_operate.html HTTP/1.1" 200 12
180.169.147.146 - - [21/Jul/2021:10:33:43 +0800] "POST /xingrg/kc/buy/cgsh_list_operate.html HTTP/1.1" 200 5293
222.69.128.214 - - [21/Jul/2021:10:33:44 +0800] "GET /xingrg/kc/buy/cgsh_order_info.html?code=212021072109586 HTTP/1.1" 200 57753
222.69.128.214 - - [21/Jul/2021:10:33:44 +0800] "GET /xingrg/words/20210721095640_words.js HTTP/1.1" 200 826514
222.69.128.214 - - [21/Jul/2021:10:33:44 +0800] "GET /xingrg/all/function/internal_message.html?_=1626834821167&CODE_STATE=getMsg HTTP/1.1" 200 27
222.69.128.214 - - [21/Jul/2021:10:33:44 +0800] "GET /xingrg/javascript/easyui/themes/default/validatebox.css HTTP/1.1" 404 1104
116.237.74.182 - - [21/Jul/2021:10:33:44 +0800] "GET /xingrg/kc/buy/cgsh_order_operate.html?command=get_materiel&rest_code=00106&code=00101009039&supplier_code=00100022&order_time=2021-07-21 HTTP/1.1" 200 408
222.69.128.214 - - [21/Jul/2021:10:33:45 +0800] "POST /xingrg/kc/buy/cgsh_order_operate.html HTTP/1.1" 200 27810
116.230.110.80 - - [21/Jul/2021:10:33:45 +0800] "GET /xingrg/kc/buy/cgsh_order_operate.html?command=get_materiel&rest_code=00155&code=00101008261&supplier_code=00100005&order_time=2021-07-21 HTTP/1.1" 200 408
58.37.225.51 - - [21/Jul/2021:10:33:46 +0800] "GET /xingrg/kc/buy/cgsh_order_operate.html?command=get_materiel&rest_code=00141&code=00101008264&supplier_code=00100007&order_time=2021-07-21 HTTP/1.1" 200 412
222.69.128.214 - - [21/Jul/2021:10:33:46 +0800] "GET /xingrg/kc/print/load_data.html?order_code=212021072109586&kc_code=cgsh&condition= HTTP/1.1" 200 11047
180.169.147.146 - - [21/Jul/2021:10:33:49 +0800] "GET /xingrg/all/function/internal_message.html?_=1626834828275&CODE_STATE=getMsg HTTP/1.1" 200 27
180.174.226.65 - - [21/Jul/2021:10:33:49 +0800] "GET /xingrg/kc/buy/cgsh_order_operate.html?command=get_materiel&rest_code=00102&code=00101008185&supplier_code=00100008&order_time=2021-07-21 HTTP/1.1" 200 408
120.253.135.82 - - [21/Jul/2021:10:33:50 +0800] "POST /xingrg/kc/pszx/mdps_list_operate.html HTTP/1.1" 200 2063
58.37.225.51 - - [21/Jul/2021:10:33:54 +0800] "GET /xingrg/kc/buy/cgsh_order_operate.html?command=get_materiel&rest_code=00141&code=00101008137&supplier_code=00100007&order_time=2021-07-21 HTTP/1.1" 200 408
120.253.135.82 - - [21/Jul/2021:10:33:54 +0800] "POST /xingrg/kc/pszx/mdps_list_operate.html HTTP/1.1" 200 634
120.253.135.82 - - [21/Jul/2021:10:33:54 +0800] "GET /xingrg/kc/pszx/mdps_order_info.html?code=312021072100502 HTTP/1.1" 200 23931
116.237.74.182 - - [21/Jul/2021:10:33:54 +0800] "GET /xingrg/all/function/internal_message.html?_=1626834829725&CODE_STATE=getMsg HTTP/1.1" 200 27
120.253.135.82 - - [21/Jul/2021:10:33:55 +0800] "GET /xingrg/javascript/easyui/themes/default/validatebox.css HTTP/1.1" 404 1104
120.253.135.82 - - [21/Jul/2021:10:33:55 +0800] "POST /xingrg/kc/pszx/mdps_order_operate.html HTTP/1.1" 200 5338
180.169.147.146 - - [21/Jul/2021:10:33:55 +0800] "GET /xingrg/all/function/internal_message.html?_=1626834830403&CODE_STATE=getMsg HTTP/1.1" 200 27
116.237.74.182 - - [21/Jul/2021:10:33:57 +0800] "GET /xingrg/kc/buy/cgsh_order_operate.html?command=get_materiel&rest_code=00106&code=00101009057&supplier_code=00100022&order_time=2021-07-21 HTTP/1.1" 200 410
180.157.255.9 - - [21/Jul/2021:10:33:58 +0800] "GET /xingrg/all/function/internal_message.html?_=1626834841371&CODE_STATE=getMsg HTTP/1.1" 200 27
180.169.147.146 - - [21/Jul/2021:10:34:00 +0800] "GET /xingrg/all/function/internal_message.html?_=1626834837419&CODE_STATE=getMsg HTTP/1.1" 302 -
58.37.225.51 - - [21/Jul/2021:10:34:01 +0800] "GET /xingrg/kc/buy/cgsh_order_operate.html?command=get_materiel&rest_code=00141&code=00101008147&supplier_code=00100007&order_time=2021-07-21 HTTP/1.1" 200 416
120.253.135.82 - - [21/Jul/2021:10:34:02 +0800] "POST /xingrg/kc/pszx/mdps_order_operate.html HTTP/1.1" 200 37
120.253.135.82 - - [21/Jul/2021:10:34:04 +0800] "POST /xingrg/kc/pszx/mdps_order_operate.html HTTP/1.1" 200 12
116.230.110.80 - - [21/Jul/2021:10:34:04 +0800] "GET /xingrg/kc/buy/cgsh_order_operate.html?command=get_materiel&rest_code=00155&code=00101008350&supplier_code=00100005&order_time=2021-07-21 HTTP/1.1" 200 408
222.70.176.145 - - [21/Jul/2021:10:34:05 +0800] "GET /xingrg/all/function/internal_message.html?_=1626834842072&CODE_STATE=getMsg HTTP/1.1" 200 27
180.169.147.146 - - [21/Jul/2021:10:34:07 +0800] "GET /xingrg/all/function/internal_message.html?_=1626834845402&CODE_STATE=getMsg HTTP/1.1" 200 27
180.174.226.65 - - [21/Jul/2021:10:34:08 +0800] "GET /xingrg/kc/buy/cgsh_order_operate.html?command=get_materiel&rest_code=00102&code=00101008351&supplier_code=00100008&order_time=2021-07-21 HTTP/1.1" 200 408
180.174.226.65 - - [21/Jul/2021:10:34:08 +0800] "GET /xingrg/all/function/internal_message.html?_=1626834844498&CODE_STATE=getMsg HTTP/1.1" 200 27
120.253.135.82 - - [21/Jul/2021:10:34:09 +0800] "GET /xingrg/kc/pszx/mdps_order_info.html?code=312021072100502 HTTP/1.1" 200 19591
120.253.135.82 - - [21/Jul/2021:10:34:09 +0800] "POST /xingrg/kc/pszx/mdps_order_operate.html HTTP/1.1" 200 3531
120.253.135.82 - - [21/Jul/2021:10:34:09 +0800] "GET /xingrg/javascript/easyui/themes/default/validatebox.css HTTP/1.1" 404 1104
120.253.135.82 - - [21/Jul/2021:10:34:10 +0800] "POST /xingrg/kc/pszx/mdps_list_operate.html HTTP/1.1" 200 1690
180.157.255.9 - - [21/Jul/2021:10:34:11 +0800] "GET /xingrg/kc/buy/cgsh_order_add.html HTTP/1.1" 200 62797
180.157.255.9 - - [21/Jul/2021:10:34:11 +0800] "POST /xingrg/kc/buy/cgsh_order_operate.html HTTP/1.1" 200 8245
180.157.255.9 - - [21/Jul/2021:10:34:11 +0800] "GET /xingrg/javascript/easyui/themes/default/validatebox.css HTTP/1.1" 404 1104
120.253.135.82 - - [21/Jul/2021:10:34:12 +0800] "POST /xingrg/kc/pszx/mdps_list_operate.html HTTP/1.1" 200 521
120.253.135.82 - - [21/Jul/2021:10:34:13 +0800] "GET /xingrg/kc/pszx/mdps_order_info.html?code=312021072100503 HTTP/1.1" 200 23931
120.253.135.82 - - [21/Jul/2021:10:34:13 +0800] "POST /xingrg/kc/pszx/mdps_order_operate.html HTTP/1.1" 200 4281
120.253.135.82 - - [21/Jul/2021:10:34:13 +0800] "GET /xingrg/javascript/easyui/themes/default/validatebox.css HTTP/1.1" 404 1104
116.230.110.80 - - [21/Jul/2021:10:34:15 +0800] "GET /xingrg/kc/buy/cgsh_order_operate.html?command=get_materiel&rest_code=00155&code=00101008358&supplier_code=00100005&order_time=2021-07-21 HTTP/1.1" 200 412
116.237.74.182 - - [21/Jul/2021:10:34:15 +0800] "GET /xingrg/kc/buy/cgsh_order_operate.html?command=get_materiel&rest_code=00106&code=00101012101&supplier_code=00100347&order_time=2021-07-21 HTTP/1.1" 200 404
180.174.226.65 - - [21/Jul/2021:10:34:15 +0800] "GET /xingrg/kc/buy/cgsh_order_operate.html?command=get_materiel&rest_code=00102&code=00101008283&supplier_code=00100008&order_time=2021-07-21 HTTP/1.1" 200 408
116.230.110.80 - - [21/Jul/2021:10:34:16 +0800] "GET /xingrg/all/function/internal_message.html?_=1626834854319&CODE_STATE=getMsg HTTP/1.1" 200 27
58.37.225.51 - - [21/Jul/2021:10:34:16 +0800] "GET /xingrg/kc/buy/cgsh_order_operate.html?command=get_materiel&rest_code=00141&code=00101008036&supplier_code=00100007&order_time=2021-07-21 HTTP/1.1" 200 408
116.237.74.182 - - [21/Jul/2021:10:34:18 +0800] "GET /xingrg/all/function/internal_message.html?_=1626834856722&CODE_STATE=getMsg HTTP/1.1" 200 27
58.40.7.146 - - [21/Jul/2021:10:34:19 +0800] "GET /xingrg/check_reg.html?_=1626834857343 HTTP/1.1" 302 -
120.253.135.82 - - [21/Jul/2021:10:34:19 +0800] "POST /xingrg/kc/pszx/mdps_order_operate.html HTTP/1.1" 200 37
180.174.226.65 - - [21/Jul/2021:10:34:20 +0800] "GET /xingrg/kc/buy/cgsh_order_operate.html?command=get_materiel&rest_code=00102&code=00101008358&supplier_code=00100008&order_time=2021-07-21 HTTP/1.1" 200 412
120.253.135.82 - - [21/Jul/2021:10:34:21 +0800] "POST /xingrg/kc/pszx/mdps_order_operate.html HTTP/1.1" 200 12
180.156.224.123 - - [21/Jul/2021:10:34:21 +0800] "GET /xingrg/all/function/internal_message.html?_=1626834859145&CODE_STATE=getMsg HTTP/1.1" 200 27
58.40.7.146 - - [21/Jul/2021:10:34:21 +0800] "GET /xingrg/all/function/internal_message.html?_=1626834859460&CODE_STATE=getMsg HTTP/1.1" 200 27
120.253.135.82 - - [21/Jul/2021:10:34:22 +0800] "GET /xingrg/kc/pszx/mdps_order_info.html?code=312021072100503 HTTP/1.1" 200 19591
180.169.147.146 - - [21/Jul/2021:10:34:22 +0800] "POST /xingrg/all/user/operate.html HTTP/1.1" 200 36
180.169.147.146 - - [21/Jul/2021:10:34:22 +0800] "GET /xingrg/index.html?sysBaseUrl=http%3A%2F%2F180.169.147.146%3A18081%2Fxingrg%2F&costTime=103×tamp=1626834704654 HTTP/1.1" 200 17509
180.169.147.146 - - [21/Jul/2021:10:34:22 +0800] "GET /xingrg/javascript/jquery_easy_ui/themes/default/easyui.css HTTP/1.1" 304 -
180.169.147.146 - - [21/Jul/2021:10:34:22 +0800] "GET /xingrg/javascript/jquery_easy_ui/themes/icon.css HTTP/1.1" 304 -
180.169.147.146 - - [21/Jul/2021:10:34:22 +0800] "GET /xingrg/css/form.css HTTP/1.1" 304 -
180.169.147.146 - - [21/Jul/2021:10:34:22 +0800] "GET /xingrg/javascript/jquery-1.4.2.min.js HTTP/1.1" 304 -
180.169.147.146 - - [21/Jul/2021:10:34:22 +0800] "GET /xingrg/javascript/jquery_easy_ui/jquery.easyui.min.js HTTP/1.1" 304 -
180.169.147.146 - - [21/Jul/2021:10:34:22 +0800] "GET /xingrg/javascript/jquery_easy_ui/easyui-lang-zh_CN.js HTTP/1.1" 304 -
180.169.147.146 - - [21/Jul/2021:10:34:22 +0800] "GET /xingrg/javascript/jquery.form.js HTTP/1.1" 304 -
180.169.147.146 - - [21/Jul/2021:10:34:22 +0800] "GET /xingrg/javascript/jquery.utils.js HTTP/1.1" 304 -
180.169.147.146 - - [21/Jul/2021:10:34:22 +0800] "GET /xingrg/javascript/jquery.timers.js HTTP/1.1" 304 -
180.169.147.146 - - [21/Jul/2021:10:34:22 +0800] "GET /xingrg/images/blue/jxLogo.png HTTP/1.1" 304 -
180.169.147.146 - - [21/Jul/2021:10:34:22 +0800] "GET /xingrg/images/blue/navBackgound.jpg HTTP/1.1" 304 -
180.169.147.146 - - [21/Jul/2021:10:34:22 +0800] "GET /xingrg/javascript/jquery_easy_ui/themes/icons/settle_new.png HTTP/1.1" 304 -
180.169.147.146 - - [21/Jul/2021:10:34:22 +0800] "POST /xingrg/all/common/load_tree.html?tree=area_rest_tree_json&manage=1 HTTP/1.1" 200 3216
180.169.147.146 - - [21/Jul/2021:10:34:22 +0800] "GET /xingrg/all/function/internal_message.html?_=1626834862256&CODE_STATE=count HTTP/1.1" 200 11
180.169.147.146 - - [21/Jul/2021:10:34:22 +0800] "GET /xingrg/check_reg.html?_=1626834862256 HTTP/1.1" 200 22
180.169.147.146 - - [21/Jul/2021:10:34:22 +0800] "GET /xingrg/javascript/jquery_easy_ui/themes/default/images/panel_tool_expand.gif HTTP/1.1" 304 -
180.169.147.146 - - [21/Jul/2021:10:34:22 +0800] "GET /xingrg/javascript/jquery_easy_ui/themes/default/images/tabs_rightarrow.png HTTP/1.1" 304 -
180.169.147.146 - - [21/Jul/2021:10:34:22 +0800] "GET /xingrg/javascript/jquery_easy_ui/themes/default/images/panel_tool_collapse.gif HTTP/1.1" 304 -
180.169.147.146 - - [21/Jul/2021:10:34:22 +0800] "GET /xingrg/javascript/jquery_easy_ui/themes/default/images/tabs_leftarrow.png HTTP/1.1" 304 -
180.169.147.146 - - [21/Jul/2021:10:34:22 +0800] "GET /xingrg/images/blue/pingpu.png HTTP/1.1" 304 -
120.253.135.82 - - [21/Jul/2021:10:34:22 +0800] "POST /xingrg/kc/pszx/mdps_order_operate.html HTTP/1.1" 200 2483
120.253.135.82 - - [21/Jul/2021:10:34:22 +0800] "GET /xingrg/javascript/easyui/themes/default/validatebox.css HTTP/1.1" 404 1104
120.253.135.82 - - [21/Jul/2021:10:34:22 +0800] "GET /xingrg/all/function/internal_message.html?_=1626834641005&CODE_STATE=getMsg HTTP/1.1" 200 27
180.169.147.146 - - [21/Jul/2021:10:34:22 +0800] "POST /xingrg/load_menu.html HTTP/1.1" 200 9959
120.253.135.82 - - [21/Jul/2021:10:34:24 +0800] "POST /xingrg/kc/pszx/mdps_list_operate.html HTTP/1.1" 200 868
180.169.147.146 - - [21/Jul/2021:10:34:24 +0800] "GET /xingrg/kc/buy/cgsh_order_list.html HTTP/1.1" 200 47314
117.184.7.30 - - [21/Jul/2021:10:34:24 +0800] "GET /xingrg/all/function/internal_message.html?_=1626834860627&CODE_STATE=getMsg HTTP/1.1" 200 27
116.230.110.80 - - [21/Jul/2021:10:34:25 +0800] "GET /xingrg/kc/buy/cgsh_order_operate.html?command=get_materiel&rest_code=00155&code=00101008290&supplier_code=00100005&order_time=2021-07-21 HTTP/1.1" 200 416
180.174.226.65 - - [21/Jul/2021:10:34:25 +0800] "GET /xingrg/kc/buy/cgsh_order_operate.html?command=get_materiel&rest_code=00102&code=00101008163&supplier_code=00100008&order_time=2021-07-21 HTTP/1.1" 200 408
180.169.147.146 - - [21/Jul/2021:10:34:25 +0800] "POST /xingrg/kc/buy/cgsh_list_operate.html HTTP/1.1" 200 876
116.237.74.182 - - [21/Jul/2021:10:34:27 +0800] "POST /xingrg/kc/buy/cgsh_order_operate.html HTTP/1.1" 200 37
101.85.107.54 - - [21/Jul/2021:10:34:27 +0800] "GET /xingrg/all/function/internal_message.html?_=1626834863350&CODE_STATE=getMsg HTTP/1.1" 200 27
116.235.222.38 - - [21/Jul/2021:10:34:29 +0800] "GET /xingrg/check_reg.html?_=1626834864119 HTTP/1.1" 200 22
58.37.225.51 - - [21/Jul/2021:10:34:30 +0800] "GET /xingrg/kc/buy/cgsh_order_operate.html?command=get_materiel&rest_code=00141&code=00101008131&supplier_code=00100007&order_time=2021-07-21 HTTP/1.1" 200 408
116.237.74.182 - - [21/Jul/2021:10:34:30 +0800] "POST /xingrg/kc/buy/cgsh_order_operate.html HTTP/1.1" 200 12
58.37.225.51 - - [21/Jul/2021:10:34:31 +0800] "GET /xingrg/all/function/internal_message.html?_=1626834787222&CODE_STATE=getMsg HTTP/1.1" 200 27
180.174.226.65 - - [21/Jul/2021:10:34:31 +0800] "GET /xingrg/kc/buy/cgsh_order_operate.html?command=get_materiel&rest_code=00102&code=00101008300&supplier_code=00100008&order_time=2021-07-21 HTTP/1.1" 200 412
116.237.74.182 - - [21/Jul/2021:10:34:32 +0800] "GET /xingrg/kc/buy/cgsh_order_operate.html?command=get_materiel&rest_code=00106&code=00101020225&supplier_code=00100347&order_time=2021-07-21 HTTP/1.1" 200 403
180.169.147.146 - - [21/Jul/2021:10:34:32 +0800] "POST /xingrg/kc/buy/cgsh_list_operate.html HTTP/1.1" 200 5867
116.235.222.38 - - [21/Jul/2021:10:34:33 +0800] "GET /xingrg/all/function/internal_message.html?_=1626834868452&CODE_STATE=getMsg HTTP/1.1" 200 27
116.237.74.182 - - [21/Jul/2021:10:34:34 +0800] "GET /xingrg/kc/buy/cgsh_order_info.html?code=212021072109612 HTTP/1.1" 200 57706
116.237.74.182 - - [21/Jul/2021:10:34:34 +0800] "GET /xingrg/javascript/easyui/themes/default/validatebox.css HTTP/1.1" 404 1104
116.237.74.182 - - [21/Jul/2021:10:34:35 +0800] "POST /xingrg/kc/buy/cgsh_order_operate.html HTTP/1.1" 200 3571
101.83.145.79 - - [21/Jul/2021:10:34:35 +0800] "GET /xingrg/all/function/internal_message.html?_=1626834838134&CODE_STATE=getMsg HTTP/1.1" 200 27
116.230.110.80 - - [21/Jul/2021:10:34:35 +0800] "GET /xingrg/kc/buy/cgsh_order_operate.html?command=get_materiel&rest_code=00155&code=00101008477&supplier_code=00100005&order_time=2021-07-21 HTTP/1.1" 200 408
58.37.225.51 - - [21/Jul/2021:10:34:36 +0800] "GET /xingrg/kc/buy/cgsh_order_operate.html?command=get_materiel&rest_code=00141&code=00101008318&supplier_code=00100007&order_time=2021-07-21 HTTP/1.1" 200 408
180.174.226.65 - - [21/Jul/2021:10:34:36 +0800] "GET /xingrg/all/function/internal_message.html?_=1626834845566&CODE_STATE=getMsg HTTP/1.1" 200 27
180.174.226.65 - - [21/Jul/2021:10:34:37 +0800] "GET /xingrg/kc/buy/cgsh_order_operate.html?command=get_materiel&rest_code=00102&code=00101008286&supplier_code=00100008&order_time=2021-07-21 HTTP/1.1" 200 408
180.157.255.9 - - [21/Jul/2021:10:34:38 +0800] "GET /xingrg/kc/buy/cgsh_order_operate.html?command=get_materiel&rest_code=00148&code=00101006253&supplier_code=00100331&order_time=2021-07-21 HTTP/1.1" 200 399
116.232.49.80 - - [21/Jul/2021:10:34:38 +0800] "GET /xingrg/all/function/internal_message.html?_=1626834878755&CODE_STATE=getMsg HTTP/1.1" 200 27
116.232.49.80 - - [21/Jul/2021:10:34:38 +0800] "GET /xingrg/check_reg.html?_=1626834878756 HTTP/1.1" 200 22
116.237.74.182 - - [21/Jul/2021:10:34:42 +0800] "GET /xingrg/kc/print/load_data.html?order_code=212021072109612&kc_code=cgsh&condition= HTTP/1.1" 200 1879
116.237.74.182 - - [21/Jul/2021:10:34:44 +0800] "GET /xingrg/kc/buy/cgsh_order_operate.html?command=get_materiel&rest_code=00106&code=00102002167&supplier_code=00100347&order_time=2021-07-21 HTTP/1.1" 200 409
222.69.128.214 - - [21/Jul/2021:10:34:44 +0800] "GET /xingrg/all/function/internal_message.html?_=1626834881143&CODE_STATE=getMsg HTTP/1.1" 200 27
180.174.226.65 - - [21/Jul/2021:10:34:46 +0800] "GET /xingrg/kc/buy/cgsh_order_operate.html?command=get_materiel&rest_code=00102&code=00101008036&supplier_code=00100008&order_time=2021-07-21 HTTP/1.1" 200 408
116.230.110.80 - - [21/Jul/2021:10:34:47 +0800] "GET /xingrg/kc/buy/cgsh_order_operate.html?command=get_materiel&rest_code=00155&code=00101008370&supplier_code=00100005&order_time=2021-07-21 HTTP/1.1" 200 412
222.70.175.207 - - [21/Jul/2021:10:34:48 +0800] "GET /xingrg/login.html HTTP/1.1" 200 7641
222.70.175.207 - - [21/Jul/2021:10:34:48 +0800] "GET /xingrg/images/blue/jxLogo.png HTTP/1.1" 304 -
222.70.175.207 - - [21/Jul/2021:10:34:48 +0800] "GET /xingrg/images/blue/login_bg.png HTTP/1.1" 304 -
222.70.175.207 - - [21/Jul/2021:10:34:48 +0800] "GET /xingrg/images/blue/hj.png HTTP/1.1" 304 -
222.70.175.207 - - [21/Jul/2021:10:34:48 +0800] "GET /xingrg/images/blue/srbg.png HTTP/1.1" 304 -
222.70.175.207 - - [21/Jul/2021:10:34:48 +0800] "GET /favicon.ico HTTP/1.1" 404 -
116.237.74.182 - - [21/Jul/2021:10:34:48 +0800] "GET /xingrg/kc/print/load_data.html?order_code=212021072109612&kc_code=cgsh HTTP/1.1" 200 1879
58.37.225.51 - - [21/Jul/2021:10:34:48 +0800] "GET /xingrg/kc/buy/cgsh_order_operate.html?command=get_materiel&rest_code=00141&code=00101008352&supplier_code=00100007&order_time=2021-07-21 HTTP/1.1" 200 412
180.169.147.146 - - [21/Jul/2021:10:34:49 +0800] "GET /xingrg/check_reg.html?_=1626834888265 HTTP/1.1" 200 22
180.169.147.146 - - [21/Jul/2021:10:34:49 +0800] "GET /xingrg/all/function/internal_message.html?_=1626834888269&CODE_STATE=getMsg HTTP/1.1" 200 27
222.70.175.207 - - [21/Jul/2021:10:34:50 +0800] "POST /xingrg/login.do HTTP/1.1" 302 -
222.70.175.207 - - [21/Jul/2021:10:34:50 +0800] "GET /xingrg/javascript/jquery_easy_ui/themes/default/easyui.css HTTP/1.1" 304 -
222.70.175.207 - - [21/Jul/2021:10:34:50 +0800] "GET /xingrg/javascript/jquery_easy_ui/themes/icon.css HTTP/1.1" 304 -
222.70.175.207 - - [21/Jul/2021:10:34:50 +0800] "GET /xingrg/index.html?sysBaseUrl=http%3A%2F%2F180.169.147.146%3A18081%2Fxingrg%2F&costTime=103×tamp=1626834890499 HTTP/1.1" 200 17179
222.70.175.207 - - [21/Jul/2021:10:34:50 +0800] "GET /xingrg/javascript/jquery.form.js HTTP/1.1" 304 -
222.70.175.207 - - [21/Jul/2021:10:34:50 +0800] "GET /xingrg/javascript/jquery.utils.js HTTP/1.1" 304 -
222.70.175.207 - - [21/Jul/2021:10:34:50 +0800] "GET /xingrg/css/form.css HTTP/1.1" 304 -
222.70.175.207 - - [21/Jul/2021:10:34:50 +0800] "GET /xingrg/javascript/jquery-1.4.2.min.js HTTP/1.1" 304 -
222.70.175.207 - - [21/Jul/2021:10:34:50 +0800] "GET /xingrg/javascript/jquery_easy_ui/jquery.easyui.min.js HTTP/1.1" 304 -
222.70.175.207 - - [21/Jul/2021:10:34:50 +0800] "GET /xingrg/javascript/jquery_easy_ui/easyui-lang-zh_CN.js HTTP/1.1" 304 -
222.70.175.207 - - [21/Jul/2021:10:34:50 +0800] "GET /xingrg/javascript/jquery.timers.js HTTP/1.1" 304 -
222.70.175.207 - - [21/Jul/2021:10:34:50 +0800] "GET /xingrg/images/blue/navBackgound.jpg HTTP/1.1" 304 -
222.70.175.207 - - [21/Jul/2021:10:34:50 +0800] "GET /xingrg/javascript/jquery_easy_ui/themes/icons/settle_new.png HTTP/1.1" 304 -
222.70.175.207 - - [21/Jul/2021:10:34:50 +0800] "GET /favicon.ico HTTP/1.1" 404 -
222.70.175.207 - - [21/Jul/2021:10:34:50 +0800] "GET /xingrg/images/blue/pingpu.png HTTP/1.1" 304 -
222.70.175.207 - - [21/Jul/2021:10:34:50 +0800] "GET /xingrg/javascript/jquery_easy_ui/themes/default/images/tabs_leftarrow.png HTTP/1.1" 304 -
222.70.175.207 - - [21/Jul/2021:10:34:50 +0800] "GET /xingrg/javascript/jquery_easy_ui/themes/default/images/tabs_rightarrow.png HTTP/1.1" 304 -
222.70.175.207 - - [21/Jul/2021:10:34:50 +0800] "GET /xingrg/javascript/jquery_easy_ui/themes/default/images/panel_tool_collapse.gif HTTP/1.1" 304 -
222.70.175.207 - - [21/Jul/2021:10:34:50 +0800] "POST /xingrg/all/common/load_tree.html?tree=area_rest_tree_json&manage=1 HTTP/1.1" 200 479
222.70.175.207 - - [21/Jul/2021:10:34:50 +0800] "GET /xingrg/check_reg.html?_=1626834898470 HTTP/1.1" 200 22
222.70.175.207 - - [21/Jul/2021:10:34:50 +0800] "GET /xingrg/javascript/jquery_easy_ui/themes/default/images/tree_arrows.gif HTTP/1.1" 304 -
222.70.175.207 - - [21/Jul/2021:10:34:50 +0800] "GET /xingrg/all/function/internal_message.html?_=1626834898469&CODE_STATE=count HTTP/1.1" 200 11
222.70.175.207 - - [21/Jul/2021:10:34:50 +0800] "POST /xingrg/load_menu.html HTTP/1.1" 200 5138
222.70.175.207 - - [21/Jul/2021:10:34:51 +0800] "GET /xingrg/javascript/jquery_easy_ui/themes/default/images/tree_folder_open.gif HTTP/1.1" 304 -
222.70.175.207 - - [21/Jul/2021:10:34:51 +0800] "GET /xingrg/javascript/jquery_easy_ui/themes/icons/search_new.png HTTP/1.1" 304 -
222.70.175.207 - - [21/Jul/2021:10:34:51 +0800] "GET /xingrg/javascript/jquery_easy_ui/themes/default/images/tree_folder.gif HTTP/1.1" 304 -
222.70.175.207 - - [21/Jul/2021:10:34:51 +0800] "GET /xingrg/javascript/jquery_easy_ui/themes/icons/storage_new.png HTTP/1.1" 304 -
222.70.175.207 - - [21/Jul/2021:10:34:51 +0800] "GET /xingrg/javascript/jquery_easy_ui/themes/icons/forms_new.png HTTP/1.1" 304 -
222.70.175.207 - - [21/Jul/2021:10:34:51 +0800] "GET /xingrg/javascript/jquery_easy_ui/themes/default/images/tree_file.gif HTTP/1.1" 304 -
58.37.225.51 - - [21/Jul/2021:10:34:51 +0800] "POST /xingrg/kc/buy/cgsh_order_operate.html HTTP/1.1" 200 2065
180.174.226.65 - - [21/Jul/2021:10:34:54 +0800] "GET /xingrg/kc/buy/cgsh_order_operate.html?command=get_materiel&rest_code=00102&code=00101008098&supplier_code=00100008&order_time=2021-07-21 HTTP/1.1" 200 412
180.169.147.146 - - [21/Jul/2021:10:34:55 +0800] "GET /xingrg/all/function/internal_message.html?_=1626834890427&CODE_STATE=getMsg HTTP/1.1" 200 27
58.37.225.51 - - [21/Jul/2021:10:34:57 +0800] "GET /xingrg/kc/buy/cgsh_order_operate.html?command=get_materiel&rest_code=00141&code=00101008005&supplier_code=00100007&order_time=2021-07-21 HTTP/1.1" 200 412
116.237.74.182 - - [21/Jul/2021:10:34:58 +0800] "GET /xingrg/check_reg.html?_=1626834893614 HTTP/1.1" 200 22
116.237.74.182 - - [21/Jul/2021:10:34:58 +0800] "GET /xingrg/all/function/internal_message.html?_=1626834893612&CODE_STATE=getMsg HTTP/1.1" 200 27
180.157.255.9 - - [21/Jul/2021:10:34:58 +0800] "GET /xingrg/check_reg.html?_=1626834901394 HTTP/1.1" 200 22
180.157.255.9 - - [21/Jul/2021:10:34:58 +0800] "GET /xingrg/all/function/internal_message.html?_=1626834901397&CODE_STATE=getMsg HTTP/1.1" 200 27
116.230.110.80 - - [21/Jul/2021:10:35:00 +0800] "GET /xingrg/kc/buy/cgsh_order_operate.html?command=get_materiel&rest_code=00155&code=00101008355&supplier_code=00100005&order_time=2021-07-21 HTTP/1.1" 200 408
180.169.147.146 - - [21/Jul/2021:10:35:00 +0800] "GET /xingrg/all/function/internal_message.html?_=1626834897413&CODE_STATE=getMsg HTTP/1.1" 302 -
180.174.226.65 - - [21/Jul/2021:10:35:01 +0800] "GET /xingrg/kc/buy/cgsh_order_operate.html?command=get_materiel&rest_code=00102&code=00101008353&supplier_code=00100008&order_time=2021-07-21 HTTP/1.1" 200 408
58.37.225.51 - - [21/Jul/2021:10:35:05 +0800] "GET /xingrg/kc/buy/cgsh_order_operate.html?command=get_materiel&rest_code=00141&code=00101008271&supplier_code=00100007&order_time=2021-07-21 HTTP/1.1" 200 408
222.70.176.145 - - [21/Jul/2021:10:35:05 +0800] "GET /xingrg/all/function/internal_message.html?_=1626834902076&CODE_STATE=getMsg HTTP/1.1" 200 27
222.69.128.214 - - [21/Jul/2021:10:35:07 +0800] "GET /xingrg/kc/buy/cgsh_order_add.html HTTP/1.1" 200 62844
180.169.147.146 - - [21/Jul/2021:10:35:07 +0800] "GET /xingrg/all/function/internal_message.html?_=1626834905402&CODE_STATE=getMsg HTTP/1.1" 200 27
222.69.128.214 - - [21/Jul/2021:10:35:07 +0800] "GET /xingrg/javascript/easyui/themes/default/validatebox.css HTTP/1.1" 404 1104
222.69.128.214 - - [21/Jul/2021:10:35:07 +0800] "POST /xingrg/kc/buy/cgsh_order_operate.html HTTP/1.1" 200 8245
180.174.226.65 - - [21/Jul/2021:10:35:08 +0800] "GET /xingrg/all/function/internal_message.html?_=1626834904513&CODE_STATE=getMsg HTTP/1.1" 200 27
180.174.226.65 - - [21/Jul/2021:10:35:11 +0800] "GET /xingrg/kc/buy/cgsh_order_operate.html?command=get_materiel&rest_code=00102&code=00101008291&supplier_code=00100008&order_time=2021-07-21 HTTP/1.1" 200 408
116.230.110.80 - - [21/Jul/2021:10:35:11 +0800] "GET /xingrg/kc/buy/cgsh_order_operate.html?command=get_materiel&rest_code=00155&code=00101008059&supplier_code=00100005&order_time=2021-07-21 HTTP/1.1" 200 408
58.37.225.51 - - [21/Jul/2021:10:35:15 +0800] "GET /xingrg/kc/buy/cgsh_order_operate.html?command=get_materiel&rest_code=00141&code=00101008353&supplier_code=00100007&order_time=2021-07-21 HTTP/1.1" 200 408
116.230.110.80 - - [21/Jul/2021:10:35:16 +0800] "GET /xingrg/all/function/internal_message.html?_=1626834914326&CODE_STATE=getMsg HTTP/1.1" 200 27
116.237.74.182 - - [21/Jul/2021:10:35:18 +0800] "GET /xingrg/all/function/internal_message.html?_=1626834916697&CODE_STATE=getMsg HTTP/1.1" 200 27
180.174.226.65 - - [21/Jul/2021:10:35:18 +0800] "GET /xingrg/kc/buy/cgsh_order_operate.html?command=get_materiel&rest_code=00102&code=00101008101&supplier_code=00100008&order_time=2021-07-21 HTTP/1.1" 200 412
116.237.74.182 - - [21/Jul/2021:10:35:19 +0800] "GET /xingrg/kc/buy/cgsh_order_add.html HTTP/1.1" 200 62797
116.237.74.182 - - [21/Jul/2021:10:35:20 +0800] "GET /xingrg/javascript/easyui/themes/default/validatebox.css HTTP/1.1" 404 1104
116.237.74.182 - - [21/Jul/2021:10:35:20 +0800] "POST /xingrg/kc/buy/cgsh_order_operate.html HTTP/1.1" 200 8245
222.70.175.207 - - [21/Jul/2021:10:35:21 +0800] "GET /xingrg/javascript/jquery_easy_ui/themes/default/images/tabs_close.gif HTTP/1.1" 304 -
222.70.175.207 - - [21/Jul/2021:10:35:21 +0800] "GET /xingrg/javascript/jquery_tools/datebox.css HTTP/1.1" 304 -
222.70.175.207 - - [21/Jul/2021:10:35:21 +0800] "GET /xingrg/css/base.css HTTP/1.1" 304 -
222.70.175.207 - - [21/Jul/2021:10:35:21 +0800] "GET /xingrg/css/site.css HTTP/1.1" 304 -
222.70.175.207 - - [21/Jul/2021:10:35:21 +0800] "GET /xingrg/javascript/easyui/themes/default/easyui.css HTTP/1.1" 304 -
222.70.175.207 - - [21/Jul/2021:10:35:21 +0800] "GET /xingrg/javascript/easyui/themes/icon.css HTTP/1.1" 304 -
222.70.175.207 - - [21/Jul/2021:10:35:21 +0800] "GET /xingrg/javascript/jquery_tools/fix.css HTTP/1.1" 304 -
222.70.175.207 - - [21/Jul/2021:10:35:21 +0800] "GET /xingrg/javascript/auto/jquery.autocomplete.css HTTP/1.1" 304 -
222.70.175.207 - - [21/Jul/2021:10:35:21 +0800] "GET /xingrg/kc/buy/cgsh_order_list.html HTTP/1.1" 200 47059
222.70.175.207 - - [21/Jul/2021:10:35:21 +0800] "GET /xingrg/javascript/jquery_tools/jquery.tools.hotkey.js HTTP/1.1" 304 -
222.70.175.207 - - [21/Jul/2021:10:35:21 +0800] "GET /xingrg/javascript/jquery_tools/jquery.tools.extend.js HTTP/1.1" 304 -
222.70.175.207 - - [21/Jul/2021:10:35:21 +0800] "GET /xingrg/javascript/jquery_tools/list_manager.js HTTP/1.1" 304 -
222.70.175.207 - - [21/Jul/2021:10:35:21 +0800] "GET /xingrg/javascript/easyui/easyloader.js HTTP/1.1" 304 -
222.70.175.207 - - [21/Jul/2021:10:35:21 +0800] "GET /xingrg/javascript/jquery_tools/jquery.tools.table.js HTTP/1.1" 304 -
222.70.175.207 - - [21/Jul/2021:10:35:21 +0800] "GET /xingrg/javascript/auto/jquery.autocomplete.js HTTP/1.1" 304 -
222.70.175.207 - - [21/Jul/2021:10:35:21 +0800] "GET /xingrg/javascript/jquery_tools/table.css HTTP/1.1" 304 -
222.70.175.207 - - [21/Jul/2021:10:35:21 +0800] "GET /xingrg/javascript/jquery_tools/jquery.tools.min.js HTTP/1.1" 304 -
222.70.175.207 - - [21/Jul/2021:10:35:21 +0800] "GET /xingrg/javascript/jquery.cookie.js HTTP/1.1" 304 -
222.70.175.207 - - [21/Jul/2021:10:35:21 +0800] "GET /xingrg/javascript/print/LodopFuncs.js HTTP/1.1" 304 -
116.237.74.182 - - [21/Jul/2021:10:35:21 +0800] "GET /xingrg/javascript/easyui/themes/default/tree.css HTTP/1.1" 404 1090
222.70.175.207 - - [21/Jul/2021:10:35:21 +0800] "GET /xingrg/javascript/easyui/themes/icons/edit_add_new.png HTTP/1.1" 304 -
222.70.175.207 - - [21/Jul/2021:10:35:21 +0800] "GET /xingrg/javascript/easyui/themes/icons/cance_new.png HTTP/1.1" 304 -
222.70.175.207 - - [21/Jul/2021:10:35:21 +0800] "GET /xingrg/javascript/easyui/themes/icons/check_new.png HTTP/1.1" 304 -
222.70.175.207 - - [21/Jul/2021:10:35:21 +0800] "GET /xingrg/javascript/easyui/themes/icons/field_new.png HTTP/1.1" 304 -
222.70.175.207 - - [21/Jul/2021:10:35:21 +0800] "GET /xingrg/javascript/easyui/themes/icons/import_new.png HTTP/1.1" 304 -
222.70.175.207 - - [21/Jul/2021:10:35:21 +0800] "GET /xingrg/javascript/jquery_easy_ui/themes/icons/rest.png HTTP/1.1" 304 -
222.70.175.207 - - [21/Jul/2021:10:35:21 +0800] "GET /xingrg/javascript/jquery_easy_ui/themes/icons/area.png HTTP/1.1" 304 -
180.156.224.123 - - [21/Jul/2021:10:35:21 +0800] "GET /xingrg/all/function/internal_message.html?_=1626834919144&CODE_STATE=getMsg HTTP/1.1" 200 27
222.70.175.207 - - [21/Jul/2021:10:35:21 +0800] "GET /xingrg/javascript/easyui/plugins/jquery.parser.js HTTP/1.1" 304 -
58.40.7.146 - - [21/Jul/2021:10:35:21 +0800] "GET /xingrg/all/function/internal_message.html?_=1626834919465&CODE_STATE=getMsg HTTP/1.1" 200 27
