222.69.131.78 - - [18/Jul/2021:11:19:03 +0800] "GET /xingrg/kc/buy/cgsh_order_operate.html?command=get_materiel&rest_code=00149&code=00101002006&supplier_code=00100091&order_time=2021-07-18 HTTP/1.1" 200 413
101.85.107.54 - - [18/Jul/2021:11:19:06 +0800] "GET /xingrg/all/function/internal_message.html?_=1626577752748&CODE_STATE=getMsg HTTP/1.1" 200 27
120.253.135.82 - - [18/Jul/2021:11:19:06 +0800] "POST /xingrg/kc/base/stock_operate.html HTTP/1.1" 200 1729
101.83.145.79 - - [18/Jul/2021:11:19:06 +0800] "GET /xingrg/kc/base/wldb_order_list.html HTTP/1.1" 200 19145
101.83.145.79 - - [18/Jul/2021:11:19:07 +0800] "POST /xingrg/kc/base/wldb_list_operate.html HTTP/1.1" 200 4129
101.83.145.79 - - [18/Jul/2021:11:19:08 +0800] "GET /xingrg/kc/base/wldb_order_add.html HTTP/1.1" 200 30353
101.83.145.79 - - [18/Jul/2021:11:19:08 +0800] "POST /xingrg/kc/base/wldb_order_operate.html HTTP/1.1" 200 6806
101.83.145.79 - - [18/Jul/2021:11:19:08 +0800] "GET /xingrg/all/common/auto_word.html?type=base&rest_code=00105 HTTP/1.1" 200 1811
101.83.145.79 - - [18/Jul/2021:11:19:08 +0800] "GET /xingrg/all/common/auto_word.html?type=base&rest_code=00105 HTTP/1.1" 200 1811
101.83.145.79 - - [18/Jul/2021:11:19:08 +0800] "GET /xingrg/javascript/easyui/themes/default/validatebox.css HTTP/1.1" 404 1104
101.83.145.79 - - [18/Jul/2021:11:19:09 +0800] "GET /xingrg/css/images/panel_loading.gif HTTP/1.1" 304 -
101.83.145.79 - - [18/Jul/2021:11:19:09 +0800] "POST /xingrg/all/common/load_combo.html?type=base HTTP/1.1" 200 3236
180.162.112.86 - - [18/Jul/2021:11:19:11 +0800] "GET /xingrg/all/function/internal_message.html?_=1626577991471&CODE_STATE=getMsg HTTP/1.1" 200 27
222.69.131.78 - - [18/Jul/2021:11:19:12 +0800] "GET /xingrg/kc/buy/cgsh_order_operate.html?command=get_materiel&rest_code=00149&code=00101003019&supplier_code=00100091&order_time=2021-07-18 HTTP/1.1" 200 414
180.156.224.123 - - [18/Jul/2021:11:19:15 +0800] "GET /xingrg/all/function/internal_message.html?_=1626578355643&CODE_STATE=getMsg HTTP/1.1" 200 27
180.174.226.65 - - [18/Jul/2021:11:19:17 +0800] "POST /xingrg/kc/buy/cgsh_order_operate.html HTTP/1.1" 200 37
120.253.135.82 - - [18/Jul/2021:11:19:17 +0800] "POST /xingrg/kc/base/stock_operate.html HTTP/1.1" 200 1755
222.69.131.78 - - [18/Jul/2021:11:19:19 +0800] "GET /xingrg/all/function/internal_message.html?_=1626578358268&CODE_STATE=getMsg HTTP/1.1" 200 27
180.174.226.65 - - [18/Jul/2021:11:19:20 +0800] "POST /xingrg/kc/buy/cgsh_order_operate.html HTTP/1.1" 200 12
101.83.145.79 - - [18/Jul/2021:11:19:20 +0800] "GET /xingrg/kc/base/wldb_order_operate.html?command=get_materiel&rest_code=00105&base_code=0010508&code=00102002025 HTTP/1.1" 200 453
116.233.75.209 - - [18/Jul/2021:11:19:20 +0800] "GET /xingrg/all/function/internal_message.html?_=1626578361158&CODE_STATE=getMsg HTTP/1.1" 200 27
180.174.226.65 - - [18/Jul/2021:11:19:21 +0800] "GET /xingrg/kc/buy/cgsh_order_info.html?code=212021071808357 HTTP/1.1" 200 57603
116.230.110.80 - - [18/Jul/2021:11:19:21 +0800] "GET /xingrg/all/function/internal_message.html?_=1626578361519&CODE_STATE=getMsg HTTP/1.1" 200 27
101.83.145.79 - - [18/Jul/2021:11:19:22 +0800] "POST /xingrg/all/common/load_select.html HTTP/1.1" 200 25
180.174.226.65 - - [18/Jul/2021:11:19:22 +0800] "GET /xingrg/javascript/easyui/themes/default/validatebox.css HTTP/1.1" 404 1104
180.174.226.65 - - [18/Jul/2021:11:19:23 +0800] "POST /xingrg/kc/buy/cgsh_order_operate.html HTTP/1.1" 200 608
116.235.222.38 - - [18/Jul/2021:11:19:24 +0800] "GET /xingrg/all/function/internal_message.html?_=1626578364705&CODE_STATE=getMsg HTTP/1.1" 200 27
116.235.222.38 - - [18/Jul/2021:11:19:24 +0800] "GET /xingrg/check_reg.html?_=1626578364819 HTTP/1.1" 200 71
101.83.145.79 - - [18/Jul/2021:11:19:24 +0800] "GET /xingrg/kc/base/wldb_order_operate.html?command=get_materiel_price&rest_code=00105&base_code=0010508&code=00102002025&unit_code=00100351 HTTP/1.1" 200 34
222.70.175.207 - - [18/Jul/2021:11:19:24 +0800] "GET /xingrg/kc/buy/cgsh_order_operate.html?command=get_materiel&rest_code=00146&code=00101003036&supplier_code=00100347&order_time=2021-07-18 HTTP/1.1" 200 414
180.174.226.65 - - [18/Jul/2021:11:19:25 +0800] "GET /xingrg/kc/print/load_data.html?order_code=212021071808357&kc_code=cgsh&condition= HTTP/1.1" 200 706
58.37.5.217 - - [18/Jul/2021:11:19:25 +0800] "GET /xingrg/kc/buy/cgsh_order_operate.html?command=get_materiel&rest_code=00106&code=00101002007&supplier_code=00100442&order_time=2021-07-18 HTTP/1.1" 200 409
101.83.145.79 - - [18/Jul/2021:11:19:26 +0800] "POST /xingrg/kc/base/wldb_order_operate.html HTTP/1.1" 200 37
180.156.224.123 - - [18/Jul/2021:11:19:26 +0800] "POST /xingrg/all/user/operate.html HTTP/1.1" 200 36
180.156.224.123 - - [18/Jul/2021:11:19:26 +0800] "GET /xingrg/index.html?sysBaseUrl=http%3A%2F%2F180.169.147.146%3A18081%2Fxingrg%2F&costTime=41×tamp=1626574995199 HTTP/1.1" 200 17179
180.156.224.123 - - [18/Jul/2021:11:19:26 +0800] "GET /xingrg/javascript/jquery_easy_ui/themes/default/easyui.css HTTP/1.1" 304 -
180.156.224.123 - - [18/Jul/2021:11:19:26 +0800] "GET /xingrg/javascript/jquery_easy_ui/themes/icon.css HTTP/1.1" 304 -
180.156.224.123 - - [18/Jul/2021:11:19:26 +0800] "GET /xingrg/css/form.css HTTP/1.1" 304 -
180.156.224.123 - - [18/Jul/2021:11:19:26 +0800] "GET /xingrg/javascript/jquery-1.4.2.min.js HTTP/1.1" 304 -
180.156.224.123 - - [18/Jul/2021:11:19:26 +0800] "GET /xingrg/javascript/jquery_easy_ui/jquery.easyui.min.js HTTP/1.1" 304 -
180.156.224.123 - - [18/Jul/2021:11:19:26 +0800] "GET /xingrg/javascript/jquery_easy_ui/easyui-lang-zh_CN.js HTTP/1.1" 304 -
180.156.224.123 - - [18/Jul/2021:11:19:26 +0800] "GET /xingrg/javascript/jquery.form.js HTTP/1.1" 304 -
180.156.224.123 - - [18/Jul/2021:11:19:26 +0800] "GET /xingrg/javascript/jquery.utils.js HTTP/1.1" 304 -
101.83.145.79 - - [18/Jul/2021:11:19:26 +0800] "POST /xingrg/kc/base/wldb_order_operate.html HTTP/1.1" 200 2202
180.156.224.123 - - [18/Jul/2021:11:19:26 +0800] "GET /xingrg/javascript/jquery.timers.js HTTP/1.1" 304 -
180.156.224.123 - - [18/Jul/2021:11:19:26 +0800] "GET /xingrg/images/blue/jxLogo.png HTTP/1.1" 304 -
180.156.224.123 - - [18/Jul/2021:11:19:26 +0800] "GET /xingrg/javascript/jquery_easy_ui/themes/icons/settle_new.png HTTP/1.1" 304 -
180.156.224.123 - - [18/Jul/2021:11:19:26 +0800] "GET /xingrg/images/blue/navBackgound.jpg HTTP/1.1" 304 -
180.156.224.123 - - [18/Jul/2021:11:19:26 +0800] "POST /xingrg/all/common/load_tree.html?tree=area_rest_tree_json&manage=1 HTTP/1.1" 200 476
180.156.224.123 - - [18/Jul/2021:11:19:26 +0800] "GET /xingrg/all/function/internal_message.html?_=1626578366212&CODE_STATE=count HTTP/1.1" 200 11
180.156.224.123 - - [18/Jul/2021:11:19:26 +0800] "GET /xingrg/check_reg.html?_=1626578366214 HTTP/1.1" 200 71
180.156.224.123 - - [18/Jul/2021:11:19:26 +0800] "GET /xingrg/javascript/jquery_easy_ui/themes/default/images/tabs_rightarrow.png HTTP/1.1" 304 -
101.83.145.79 - - [18/Jul/2021:11:19:26 +0800] "GET /xingrg/kc/base/wldb_order_info.html?code=422021071801981 HTTP/1.1" 200 30364
180.156.224.123 - - [18/Jul/2021:11:19:26 +0800] "GET /xingrg/images/blue/pingpu.png HTTP/1.1" 304 -
180.156.224.123 - - [18/Jul/2021:11:19:26 +0800] "GET /xingrg/javascript/jquery_easy_ui/themes/default/images/panel_tool_collapse.gif HTTP/1.1" 304 -
180.156.224.123 - - [18/Jul/2021:11:19:26 +0800] "GET /xingrg/javascript/jquery_easy_ui/themes/default/images/tabs_leftarrow.png HTTP/1.1" 304 -
180.156.224.123 - - [18/Jul/2021:11:19:26 +0800] "POST /xingrg/load_menu.html HTTP/1.1" 200 5138
180.174.226.65 - - [18/Jul/2021:11:19:26 +0800] "POST /xingrg/kc/buy/cgsh_list_operate.html HTTP/1.1" 200 5972
101.83.145.79 - - [18/Jul/2021:11:19:26 +0800] "GET /xingrg/javascript/easyui/themes/default/validatebox.css HTTP/1.1" 404 1104
101.83.145.79 - - [18/Jul/2021:11:19:27 +0800] "POST /xingrg/kc/base/wldb_order_operate.html HTTP/1.1" 200 2202
222.69.131.78 - - [18/Jul/2021:11:19:28 +0800] "POST /xingrg/kc/buy/cgsh_order_operate.html HTTP/1.1" 200 37
58.40.7.146 - - [18/Jul/2021:11:19:29 +0800] "GET /xingrg/all/function/internal_message.html?_=1626578369164&CODE_STATE=getMsg HTTP/1.1" 200 27
180.174.226.65 - - [18/Jul/2021:11:19:30 +0800] "GET /xingrg/kc/buy/cgsh_order_add.html HTTP/1.1" 200 62691
180.156.224.123 - - [18/Jul/2021:11:19:31 +0800] "GET /xingrg/kc/buy/cgsh_order_list.html HTTP/1.1" 200 46994
180.174.226.65 - - [18/Jul/2021:11:19:31 +0800] "POST /xingrg/kc/buy/cgsh_order_operate.html HTTP/1.1" 200 8245
180.174.226.65 - - [18/Jul/2021:11:19:31 +0800] "GET /xingrg/javascript/easyui/themes/default/validatebox.css HTTP/1.1" 404 1104
58.37.5.217 - - [18/Jul/2021:11:19:33 +0800] "GET /xingrg/all/function/internal_message.html?_=1626578372143&CODE_STATE=getMsg HTTP/1.1" 200 27
222.69.131.78 - - [18/Jul/2021:11:19:33 +0800] "POST /xingrg/kc/buy/cgsh_order_operate.html HTTP/1.1" 200 12
120.253.135.82 - - [18/Jul/2021:11:19:33 +0800] "GET /xingrg/kc/pszx/mdqp_order_list.html?state=10 HTTP/1.1" 200 11455
120.253.135.82 - - [18/Jul/2021:11:19:33 +0800] "GET /xingrg/dwr/interface/AjaxQqpsService.js HTTP/1.1" 200 16326
120.253.135.82 - - [18/Jul/2021:11:19:33 +0800] "GET /xingrg/dwr/interface/AjaxReportQueryService.js HTTP/1.1" 200 13203
120.253.135.82 - - [18/Jul/2021:11:19:33 +0800] "GET /xingrg/dwr/engine.js HTTP/1.1" 200 43631
180.156.224.123 - - [18/Jul/2021:11:19:33 +0800] "POST /xingrg/kc/buy/cgsh_list_operate.html HTTP/1.1" 200 876
101.83.145.79 - - [18/Jul/2021:11:19:34 +0800] "GET /xingrg/kc/base/wldb_order_add.html HTTP/1.1" 200 30353
222.69.131.78 - - [18/Jul/2021:11:19:34 +0800] "GET /xingrg/kc/buy/cgsh_order_info.html?code=212021071808358 HTTP/1.1" 200 57692
101.83.145.79 - - [18/Jul/2021:11:19:34 +0800] "GET /xingrg/javascript/easyui/themes/default/validatebox.css HTTP/1.1" 404 1104
101.83.145.79 - - [18/Jul/2021:11:19:34 +0800] "POST /xingrg/kc/base/wldb_order_operate.html HTTP/1.1" 200 6806
180.156.224.123 - - [18/Jul/2021:11:19:34 +0800] "GET /xingrg/kc/buy/cgsh_order_add.html HTTP/1.1" 200 62650
222.69.131.78 - - [18/Jul/2021:11:19:34 +0800] "GET /xingrg/javascript/easyui/themes/default/validatebox.css HTTP/1.1" 404 1104
180.174.226.65 - - [18/Jul/2021:11:19:34 +0800] "POST /xingrg/kc/buy/cgsh_list_operate.html HTTP/1.1" 200 1666
180.156.224.123 - - [18/Jul/2021:11:19:34 +0800] "POST /xingrg/kc/buy/cgsh_order_operate.html HTTP/1.1" 200 8245
180.156.224.123 - - [18/Jul/2021:11:19:34 +0800] "GET /xingrg/all/common/auto_word.html?type=employee&rest_code=00150 HTTP/1.1" 200 205
180.156.224.123 - - [18/Jul/2021:11:19:34 +0800] "GET /xingrg/all/common/auto_word.html?type=employee&rest_code=00150 HTTP/1.1" 200 205
180.156.224.123 - - [18/Jul/2021:11:19:34 +0800] "GET /xingrg/javascript/easyui/themes/default/validatebox.css HTTP/1.1" 404 1104
222.69.131.78 - - [18/Jul/2021:11:19:35 +0800] "POST /xingrg/kc/buy/cgsh_order_operate.html HTTP/1.1" 200 1210
101.83.145.79 - - [18/Jul/2021:11:19:35 +0800] "POST /xingrg/all/common/load_combo.html?type=base HTTP/1.1" 200 3236
180.156.224.123 - - [18/Jul/2021:11:19:36 +0800] "GET /xingrg/javascript/auto/indicator.gif HTTP/1.1" 404 1066
222.70.175.207 - - [18/Jul/2021:11:19:36 +0800] "GET /xingrg/check_reg.html?_=1626578378380 HTTP/1.1" 200 71
222.69.131.78 - - [18/Jul/2021:11:19:37 +0800] "GET /xingrg/kc/print/load_data.html?order_code=212021071808358&kc_code=cgsh&condition= HTTP/1.1" 200 1015
58.40.7.146 - - [18/Jul/2021:11:19:38 +0800] "GET /xingrg/check_reg.html?_=1626578378218 HTTP/1.1" 302 -
180.174.226.65 - - [18/Jul/2021:11:19:38 +0800] "POST /xingrg/kc/buy/cgsh_list_operate.html HTTP/1.1" 200 566
101.83.145.79 - - [18/Jul/2021:11:19:39 +0800] "GET /xingrg/all/function/internal_message.html?_=1626578344390&CODE_STATE=getMsg HTTP/1.1" 200 27
180.174.226.65 - - [18/Jul/2021:11:19:39 +0800] "GET /xingrg/kc/buy/cgsh_order_info.html?code=212021071808337 HTTP/1.1" 200 62684
180.174.226.65 - - [18/Jul/2021:11:19:39 +0800] "GET /xingrg/javascript/easyui/themes/default/validatebox.css HTTP/1.1" 404 1104
180.174.226.65 - - [18/Jul/2021:11:19:39 +0800] "GET /xingrg/javascript/jquery_tools/images/prev.gif HTTP/1.1" 404 1086
180.174.226.65 - - [18/Jul/2021:11:19:39 +0800] "GET /xingrg/javascript/jquery_tools/images/next.gif HTTP/1.1" 404 1086
180.174.226.65 - - [18/Jul/2021:11:19:40 +0800] "POST /xingrg/kc/buy/cgsh_order_operate.html HTTP/1.1" 200 6783
180.174.226.65 - - [18/Jul/2021:11:19:40 +0800] "GET /xingrg/kc/buy/cgsh_order_operate.html?command=get_materiel&rest_code=00102&code=00101010594&supplier_code=00100329&order_time=2021-07-18 HTTP/1.1" 200 414
222.70.175.207 - - [18/Jul/2021:11:19:40 +0800] "GET /xingrg/all/function/internal_message.html?_=1626578382464&CODE_STATE=getMsg HTTP/1.1" 200 27
180.169.147.146 - - [18/Jul/2021:11:19:41 +0800] "GET /xingrg/all/function/internal_message.html?_=1626578365985&CODE_STATE=getMsg HTTP/1.1" 200 27
101.83.241.165 - - [18/Jul/2021:11:19:42 +0800] "GET /xingrg/all/function/internal_message.html?_=1626578382084&CODE_STATE=getMsg HTTP/1.1" 200 27
180.156.224.123 - - [18/Jul/2021:11:19:42 +0800] "GET /xingrg/kc/buy/cgsh_order_operate.html?command=get_materiel&rest_code=00150&code=00101002022&supplier_code=00100400&order_time=2021-07-18 HTTP/1.1" 200 409
222.69.131.78 - - [18/Jul/2021:11:19:44 +0800] "GET /xingrg/kc/buy/cgsh_order_add.html HTTP/1.1" 200 62779
222.69.131.78 - - [18/Jul/2021:11:19:44 +0800] "POST /xingrg/kc/buy/cgsh_order_operate.html HTTP/1.1" 200 8245
222.69.131.78 - - [18/Jul/2021:11:19:44 +0800] "GET /xingrg/javascript/easyui/themes/default/validatebox.css HTTP/1.1" 404 1104
101.83.145.79 - - [18/Jul/2021:11:19:45 +0800] "GET /xingrg/kc/base/wldb_order_operate.html?command=get_materiel&rest_code=00105&base_code=0010508&code=00102004026 HTTP/1.1" 200 442
58.37.5.217 - - [18/Jul/2021:11:19:46 +0800] "GET /xingrg/all/function/internal_message.html?_=1626578386784&CODE_STATE=getMsg HTTP/1.1" 200 27
58.37.5.217 - - [18/Jul/2021:11:19:46 +0800] "GET /xingrg/check_reg.html?_=1626578387484 HTTP/1.1" 200 71
117.184.7.26 - - [18/Jul/2021:11:19:46 +0800] "GET /xingrg/check_reg.html?_=1626578377052 HTTP/1.1" 200 71
117.184.7.26 - - [18/Jul/2021:11:19:46 +0800] "GET /xingrg/all/function/internal_message.html?_=1626578377053&CODE_STATE=getMsg HTTP/1.1" 200 27
180.174.226.65 - - [18/Jul/2021:11:19:47 +0800] "POST /xingrg/kc/buy/cgsh_order_operate.html HTTP/1.1" 200 37
180.174.226.65 - - [18/Jul/2021:11:19:49 +0800] "GET /xingrg/all/function/internal_message.html?_=1626578391217&CODE_STATE=getMsg HTTP/1.1" 200 27
101.83.145.79 - - [18/Jul/2021:11:19:49 +0800] "POST /xingrg/kc/base/wldb_order_operate.html HTTP/1.1" 200 37
101.83.145.79 - - [18/Jul/2021:11:19:50 +0800] "GET /xingrg/kc/base/wldb_order_info.html?code=422021071801982 HTTP/1.1" 200 30367
101.83.145.79 - - [18/Jul/2021:11:19:50 +0800] "GET /xingrg/javascript/easyui/themes/default/validatebox.css HTTP/1.1" 404 1104
58.37.5.217 - - [18/Jul/2021:11:19:50 +0800] "POST /xingrg/kc/buy/cgsh_order_operate.html HTTP/1.1" 200 37
180.174.226.65 - - [18/Jul/2021:11:19:51 +0800] "POST /xingrg/kc/buy/cgsh_order_operate.html HTTP/1.1" 200 12
101.83.145.79 - - [18/Jul/2021:11:19:51 +0800] "POST /xingrg/kc/base/wldb_order_operate.html HTTP/1.1" 200 2189
101.83.145.79 - - [18/Jul/2021:11:19:51 +0800] "POST /xingrg/kc/base/wldb_order_operate.html HTTP/1.1" 200 2189
180.156.224.123 - - [18/Jul/2021:11:19:51 +0800] "GET /xingrg/kc/buy/cgsh_order_operate.html?command=get_materiel&rest_code=00150&code=00101002041&supplier_code=00100400&order_time=2021-07-18 HTTP/1.1" 200 409
120.253.135.82 - - [18/Jul/2021:11:19:51 +0800] "GET /xingrg/all/function/internal_message.html?_=1626578172514&CODE_STATE=getMsg HTTP/1.1" 200 27
180.174.226.65 - - [18/Jul/2021:11:19:52 +0800] "GET /xingrg/kc/buy/cgsh_order_info.html?code=212021071808359 HTTP/1.1" 200 57603
58.37.5.217 - - [18/Jul/2021:11:19:52 +0800] "POST /xingrg/kc/buy/cgsh_order_operate.html HTTP/1.1" 200 3259
180.157.255.9 - - [18/Jul/2021:11:19:52 +0800] "GET /xingrg/all/function/internal_message.html?_=1626578392363&CODE_STATE=getMsg HTTP/1.1" 200 27
180.169.147.146 - - [18/Jul/2021:11:19:52 +0800] "GET /xingrg/all/function/internal_message.html?_=1626578392524&CODE_STATE=getMsg HTTP/1.1" 200 27
180.174.226.65 - - [18/Jul/2021:11:19:52 +0800] "GET /xingrg/javascript/easyui/themes/default/validatebox.css HTTP/1.1" 404 1104
180.174.226.65 - - [18/Jul/2021:11:19:53 +0800] "POST /xingrg/kc/buy/cgsh_order_operate.html HTTP/1.1" 200 623
222.69.131.78 - - [18/Jul/2021:11:19:54 +0800] "GET /xingrg/kc/buy/cgsh_order_operate.html?command=get_materiel&rest_code=00149&code=00101002038&supplier_code=00100087&order_time=2021-07-18 HTTP/1.1" 200 416
180.174.226.65 - - [18/Jul/2021:11:19:55 +0800] "GET /xingrg/kc/print/load_data.html?order_code=212021071808359&kc_code=cgsh&condition= HTTP/1.1" 200 715
58.37.5.217 - - [18/Jul/2021:11:19:57 +0800] "GET /xingrg/kc/buy/cgsh_order_add.html HTTP/1.1" 200 62726
58.37.5.217 - - [18/Jul/2021:11:19:57 +0800] "POST /xingrg/kc/buy/cgsh_order_operate.html HTTP/1.1" 200 8245
58.37.5.217 - - [18/Jul/2021:11:19:57 +0800] "GET /xingrg/javascript/easyui/themes/default/validatebox.css HTTP/1.1" 404 1104
101.83.145.79 - - [18/Jul/2021:11:19:58 +0800] "GET /xingrg/kc/base/wldb_order_add.html HTTP/1.1" 200 30353
101.83.145.79 - - [18/Jul/2021:11:19:58 +0800] "GET /xingrg/javascript/easyui/themes/default/validatebox.css HTTP/1.1" 404 1104
101.83.145.79 - - [18/Jul/2021:11:19:58 +0800] "POST /xingrg/kc/base/wldb_order_operate.html HTTP/1.1" 200 6806
180.169.147.146 - - [18/Jul/2021:11:19:58 +0800] "GET /xingrg/all/function/internal_message.html?_=1626578398739&CODE_STATE=getMsg HTTP/1.1" 200 27
58.37.5.217 - - [18/Jul/2021:11:19:59 +0800] "GET /xingrg/javascript/easyui/themes/default/tree.css HTTP/1.1" 404 1090
58.37.5.217 - - [18/Jul/2021:11:19:59 +0800] "POST /xingrg/all/common/load_tree.html?tree=supplier_tree_json&isDelete=1 HTTP/1.1" 200 56389
101.83.145.79 - - [18/Jul/2021:11:19:59 +0800] "GET /xingrg/all/function/internal_message.html?_=1626578401215&CODE_STATE=getMsg HTTP/1.1" 200 27
101.83.145.79 - - [18/Jul/2021:11:19:59 +0800] "POST /xingrg/all/common/load_combo.html?type=base HTTP/1.1" 200 3236
180.174.226.65 - - [18/Jul/2021:11:20:00 +0800] "GET /xingrg/kc/buy/cgsh_order_add.html HTTP/1.1" 200 62691
180.174.226.65 - - [18/Jul/2021:11:20:01 +0800] "POST /xingrg/kc/buy/cgsh_order_operate.html HTTP/1.1" 200 8245
180.174.226.65 - - [18/Jul/2021:11:20:01 +0800] "GET /xingrg/javascript/easyui/themes/default/validatebox.css HTTP/1.1" 404 1104
180.156.224.123 - - [18/Jul/2021:11:20:02 +0800] "POST /xingrg/kc/buy/cgsh_order_operate.html HTTP/1.1" 200 37
180.156.224.123 - - [18/Jul/2021:11:20:05 +0800] "POST /xingrg/kc/buy/cgsh_order_operate.html HTTP/1.1" 200 12
180.156.224.123 - - [18/Jul/2021:11:20:05 +0800] "GET /xingrg/kc/buy/cgsh_order_info.html?code=212021071808361 HTTP/1.1" 200 57556
180.156.224.123 - - [18/Jul/2021:11:20:06 +0800] "GET /xingrg/javascript/easyui/themes/default/validatebox.css HTTP/1.1" 404 1104
101.85.107.54 - - [18/Jul/2021:11:20:06 +0800] "GET /xingrg/all/function/internal_message.html?_=1626577812746&CODE_STATE=getMsg HTTP/1.1" 200 27
180.156.224.123 - - [18/Jul/2021:11:20:06 +0800] "POST /xingrg/kc/buy/cgsh_order_operate.html HTTP/1.1" 200 1195
180.174.226.65 - - [18/Jul/2021:11:20:06 +0800] "GET /xingrg/kc/buy/cgsh_order_operate.html?command=get_materiel&rest_code=00102&code=00101003035&supplier_code=00100092&order_time=2021-07-18 HTTP/1.1" 200 409
101.83.145.79 - - [18/Jul/2021:11:20:08 +0800] "GET /xingrg/kc/base/wldb_order_operate.html?command=get_materiel&rest_code=00105&base_code=0010508&code=00102002347 HTTP/1.1" 200 443
180.156.224.123 - - [18/Jul/2021:11:20:10 +0800] "GET /xingrg/kc/print/load_data.html?order_code=212021071808361&kc_code=cgsh&condition= HTTP/1.1" 200 920
180.162.112.86 - - [18/Jul/2021:11:20:11 +0800] "GET /xingrg/all/function/internal_message.html?_=1626578051471&CODE_STATE=getMsg HTTP/1.1" 200 27
180.162.112.86 - - [18/Jul/2021:11:20:11 +0800] "GET /xingrg/check_reg.html?_=1626578051474 HTTP/1.1" 200 71
180.174.226.65 - - [18/Jul/2021:11:20:13 +0800] "GET /xingrg/kc/buy/cgsh_order_operate.html?command=get_materiel&rest_code=00102&code=00101003006&supplier_code=00100092&order_time=2021-07-18 HTTP/1.1" 200 412
101.83.145.79 - - [18/Jul/2021:11:20:15 +0800] "GET /xingrg/kc/base/wldb_order_operate.html?command=get_materiel&rest_code=00105&base_code=0010508&code=00102002448 HTTP/1.1" 200 426
180.156.224.123 - - [18/Jul/2021:11:20:16 +0800] "GET /xingrg/kc/buy/cgsh_order_add.html HTTP/1.1" 200 62650
180.156.224.123 - - [18/Jul/2021:11:20:17 +0800] "POST /xingrg/kc/buy/cgsh_order_operate.html HTTP/1.1" 200 8245
180.156.224.123 - - [18/Jul/2021:11:20:17 +0800] "GET /xingrg/javascript/easyui/themes/default/validatebox.css HTTP/1.1" 404 1104
222.69.131.78 - - [18/Jul/2021:11:20:19 +0800] "GET /xingrg/all/function/internal_message.html?_=1626578418256&CODE_STATE=getMsg HTTP/1.1" 200 27
180.174.226.65 - - [18/Jul/2021:11:20:20 +0800] "POST /xingrg/kc/buy/cgsh_order_operate.html HTTP/1.1" 200 37
116.233.75.209 - - [18/Jul/2021:11:20:20 +0800] "GET /xingrg/all/function/internal_message.html?_=1626578421161&CODE_STATE=getMsg HTTP/1.1" 200 27
58.37.5.217 - - [18/Jul/2021:11:20:21 +0800] "GET /xingrg/kc/buy/cgsh_order_operate.html?command=get_materiel&rest_code=00106&code=00101007144&supplier_code=00100322&order_time=2021-07-18 HTTP/1.1" 200 428
116.230.110.80 - - [18/Jul/2021:11:20:21 +0800] "GET /xingrg/all/function/internal_message.html?_=1626578421489&CODE_STATE=getMsg HTTP/1.1" 200 27
101.83.145.79 - - [18/Jul/2021:11:20:21 +0800] "GET /xingrg/kc/base/wldb_order_operate.html?command=get_materiel&rest_code=00105&base_code=0010508&code=00102002204 HTTP/1.1" 200 434
222.69.131.78 - - [18/Jul/2021:11:20:23 +0800] "POST /xingrg/kc/buy/cgsh_order_operate.html HTTP/1.1" 200 37
180.174.226.65 - - [18/Jul/2021:11:20:24 +0800] "POST /xingrg/kc/buy/cgsh_order_operate.html HTTP/1.1" 200 12
116.235.222.38 - - [18/Jul/2021:11:20:24 +0800] "GET /xingrg/all/function/internal_message.html?_=1626578424699&CODE_STATE=getMsg HTTP/1.1" 200 27
180.156.224.123 - - [18/Jul/2021:11:20:26 +0800] "GET /xingrg/all/function/internal_message.html?_=1626578426222&CODE_STATE=getMsg HTTP/1.1" 200 27
222.69.131.78 - - [18/Jul/2021:11:20:26 +0800] "POST /xingrg/kc/buy/cgsh_order_operate.html HTTP/1.1" 200 12
180.174.226.65 - - [18/Jul/2021:11:20:26 +0800] "GET /xingrg/kc/buy/cgsh_order_info.html?code=212021071808362 HTTP/1.1" 200 57601
180.174.226.65 - - [18/Jul/2021:11:20:27 +0800] "GET /xingrg/javascript/easyui/themes/default/validatebox.css HTTP/1.1" 404 1104
222.69.131.78 - - [18/Jul/2021:11:20:27 +0800] "GET /xingrg/kc/buy/cgsh_order_info.html?code=212021071808363 HTTP/1.1" 200 57688
222.69.131.78 - - [18/Jul/2021:11:20:28 +0800] "GET /xingrg/javascript/easyui/themes/default/validatebox.css HTTP/1.1" 404 1104
180.174.226.65 - - [18/Jul/2021:11:20:28 +0800] "POST /xingrg/kc/buy/cgsh_order_operate.html HTTP/1.1" 200 1201
101.83.145.79 - - [18/Jul/2021:11:20:28 +0800] "GET /xingrg/kc/base/wldb_order_operate.html?command=get_materiel&rest_code=00105&base_code=0010508&code=00102002022 HTTP/1.1" 200 458
58.40.7.146 - - [18/Jul/2021:11:20:29 +0800] "GET /xingrg/all/function/internal_message.html?_=1626578429168&CODE_STATE=getMsg HTTP/1.1" 200 27
101.83.145.79 - - [18/Jul/2021:11:20:31 +0800] "POST /xingrg/kc/base/wldb_order_operate.html HTTP/1.1" 200 37
101.83.145.79 - - [18/Jul/2021:11:20:32 +0800] "POST /xingrg/kc/base/wldb_order_operate.html HTTP/1.1" 200 3679
101.83.145.79 - - [18/Jul/2021:11:20:32 +0800] "GET /xingrg/kc/base/wldb_order_info.html?code=422021071801983 HTTP/1.1" 200 30368
101.83.145.79 - - [18/Jul/2021:11:20:32 +0800] "GET /xingrg/javascript/easyui/themes/default/validatebox.css HTTP/1.1" 404 1104
101.83.145.79 - - [18/Jul/2021:11:20:33 +0800] "POST /xingrg/kc/base/wldb_order_operate.html HTTP/1.1" 200 3679
58.37.5.217 - - [18/Jul/2021:11:20:33 +0800] "GET /xingrg/all/function/internal_message.html?_=1626578432114&CODE_STATE=getMsg HTTP/1.1" 200 27
222.69.131.78 - - [18/Jul/2021:11:20:33 +0800] "POST /xingrg/kc/buy/cgsh_order_operate.html HTTP/1.1" 200 15
58.37.5.217 - - [18/Jul/2021:11:20:33 +0800] "GET /xingrg/check_reg.html?_=1626578432710 HTTP/1.1" 200 71
180.174.226.65 - - [18/Jul/2021:11:20:38 +0800] "GET /xingrg/kc/print/load_data.html?order_code=212021071808362&kc_code=cgsh&condition= HTTP/1.1" 200 2278
101.83.145.79 - - [18/Jul/2021:11:20:39 +0800] "GET /xingrg/all/function/internal_message.html?_=1626578404360&CODE_STATE=getMsg HTTP/1.1" 200 27
116.230.110.80 - - [18/Jul/2021:11:20:40 +0800] "POST /xingrg/kc/buy/cgsh_order_operate.html HTTP/1.1" 200 37
222.69.131.78 - - [18/Jul/2021:11:20:40 +0800] "GET /xingrg/kc/print/load_data.html?order_code=212021071808363&kc_code=cgsh&condition= HTTP/1.1" 200 1004
222.70.175.207 - - [18/Jul/2021:11:20:40 +0800] "GET /xingrg/all/function/internal_message.html?_=1626578442476&CODE_STATE=getMsg HTTP/1.1" 200 27
58.37.5.217 - - [18/Jul/2021:11:20:40 +0800] "POST /xingrg/kc/buy/cgsh_order_operate.html HTTP/1.1" 200 88
101.83.145.79 - - [18/Jul/2021:11:20:41 +0800] "GET /xingrg/kc/base/wldb_order_add.html HTTP/1.1" 200 30353
180.169.147.146 - - [18/Jul/2021:11:20:41 +0800] "GET /xingrg/all/function/internal_message.html?_=1626578425980&CODE_STATE=getMsg HTTP/1.1" 200 27
101.83.145.79 - - [18/Jul/2021:11:20:41 +0800] "POST /xingrg/kc/base/wldb_order_operate.html HTTP/1.1" 200 6806
101.83.145.79 - - [18/Jul/2021:11:20:41 +0800] "GET /xingrg/javascript/easyui/themes/default/validatebox.css HTTP/1.1" 404 1104
180.174.226.65 - - [18/Jul/2021:11:20:41 +0800] "GET /xingrg/kc/buy/cgsh_order_operate.html?command=get_materiel&rest_code=00102&code=00101002027&supplier_code=00100151&order_time=2021-07-18 HTTP/1.1" 200 413
101.83.241.165 - - [18/Jul/2021:11:20:42 +0800] "GET /xingrg/check_reg.html?_=1626578442070 HTTP/1.1" 200 71
101.83.241.165 - - [18/Jul/2021:11:20:42 +0800] "GET /xingrg/all/function/internal_message.html?_=1626578442077&CODE_STATE=getMsg HTTP/1.1" 200 27
101.83.145.79 - - [18/Jul/2021:11:20:42 +0800] "POST /xingrg/all/common/load_combo.html?type=base HTTP/1.1" 200 3236
180.156.224.123 - - [18/Jul/2021:11:20:43 +0800] "GET /xingrg/kc/buy/cgsh_order_operate.html?command=get_materiel&rest_code=00150&code=00102013013&supplier_code=00100073&order_time=2021-07-18 HTTP/1.1" 200 409
116.230.110.80 - - [18/Jul/2021:11:20:44 +0800] "POST /xingrg/kc/buy/cgsh_order_operate.html HTTP/1.1" 200 2672
116.230.110.80 - - [18/Jul/2021:11:20:44 +0800] "GET /xingrg/kc/buy/cgsh_order_add.html HTTP/1.1" 200 62694
116.230.110.80 - - [18/Jul/2021:11:20:44 +0800] "GET /xingrg/words/20210718102258_words.js HTTP/1.1" 304 -
116.230.110.80 - - [18/Jul/2021:11:20:45 +0800] "POST /xingrg/kc/buy/cgsh_order_operate.html HTTP/1.1" 200 8245
116.230.110.80 - - [18/Jul/2021:11:20:45 +0800] "GET /xingrg/javascript/easyui/themes/default/validatebox.css HTTP/1.1" 404 1104
222.69.131.78 - - [18/Jul/2021:11:20:45 +0800] "GET /xingrg/kc/buy/cgsh_order_add.html HTTP/1.1" 200 62779
222.69.131.78 - - [18/Jul/2021:11:20:46 +0800] "GET /xingrg/words/20210718102258_words.js HTTP/1.1" 304 -
58.37.5.217 - - [18/Jul/2021:11:20:46 +0800] "GET /xingrg/all/function/internal_message.html?_=1626578446765&CODE_STATE=getMsg HTTP/1.1" 200 27
222.69.131.78 - - [18/Jul/2021:11:20:46 +0800] "POST /xingrg/kc/buy/cgsh_order_operate.html HTTP/1.1" 200 8245
222.69.131.78 - - [18/Jul/2021:11:20:46 +0800] "GET /xingrg/javascript/easyui/themes/default/validatebox.css HTTP/1.1" 404 1104
58.37.5.217 - - [18/Jul/2021:11:20:46 +0800] "POST /xingrg/kc/buy/cgsh_order_operate.html HTTP/1.1" 200 37
117.184.7.26 - - [18/Jul/2021:11:20:46 +0800] "GET /xingrg/all/function/internal_message.html?_=1626578437052&CODE_STATE=getMsg HTTP/1.1" 200 27
58.37.5.217 - - [18/Jul/2021:11:20:48 +0800] "POST /xingrg/kc/buy/cgsh_order_operate.html HTTP/1.1" 200 2679
180.156.224.123 - - [18/Jul/2021:11:20:51 +0800] "GET /xingrg/kc/buy/cgsh_order_operate.html?command=get_materiel&rest_code=00150&code=00102001084&supplier_code=00100073&order_time=2021-07-18 HTTP/1.1" 200 412
120.253.135.82 - - [18/Jul/2021:11:20:51 +0800] "GET /xingrg/all/function/internal_message.html?_=1626578232517&CODE_STATE=getMsg HTTP/1.1" 200 27
180.157.255.9 - - [18/Jul/2021:11:20:52 +0800] "GET /xingrg/all/function/internal_message.html?_=1626578452367&CODE_STATE=getMsg HTTP/1.1" 200 27
180.157.255.9 - - [18/Jul/2021:11:20:52 +0800] "GET /xingrg/check_reg.html?_=1626578452369 HTTP/1.1" 200 71
180.169.147.146 - - [18/Jul/2021:11:20:52 +0800] "GET /xingrg/all/function/internal_message.html?_=1626578452521&CODE_STATE=getMsg HTTP/1.1" 200 27
180.174.226.65 - - [18/Jul/2021:11:20:53 +0800] "GET /xingrg/login.html HTTP/1.1" 200 1706
180.174.226.65 - - [18/Jul/2021:11:20:53 +0800] "GET /xingrg/css/blue.css HTTP/1.1" 304 -
180.174.226.65 - - [18/Jul/2021:11:20:53 +0800] "GET /xingrg/images/blue/error_top.gif HTTP/1.1" 304 -
180.174.226.65 - - [18/Jul/2021:11:20:53 +0800] "GET /xingrg/images/blue/error_buttom.gif HTTP/1.1" 304 -
180.174.226.65 - - [18/Jul/2021:11:20:53 +0800] "GET /xingrg/images/blue/error_mid.gif HTTP/1.1" 304 -
180.174.226.65 - - [18/Jul/2021:11:20:53 +0800] "GET /favicon.ico HTTP/1.1" 404 -
180.174.226.65 - - [18/Jul/2021:11:20:55 +0800] "GET /xingrg/login.html?r=1 HTTP/1.1" 200 7641
180.174.226.65 - - [18/Jul/2021:11:20:55 +0800] "GET /favicon.ico HTTP/1.1" 404 -
101.83.145.79 - - [18/Jul/2021:11:20:55 +0800] "GET /xingrg/kc/base/wldb_order_operate.html?command=get_materiel&rest_code=00105&base_code=0010507&code=00101019311 HTTP/1.1" 200 473
180.174.226.65 - - [18/Jul/2021:11:20:56 +0800] "POST /xingrg/login.do HTTP/1.1" 302 -
180.174.226.65 - - [18/Jul/2021:11:20:56 +0800] "GET /xingrg/javascript/jquery_easy_ui/themes/default/easyui.css HTTP/1.1" 304 -
180.174.226.65 - - [18/Jul/2021:11:20:56 +0800] "GET /xingrg/javascript/jquery_easy_ui/themes/icon.css HTTP/1.1" 304 -
180.174.226.65 - - [18/Jul/2021:11:20:56 +0800] "GET /xingrg/index.html?sysBaseUrl=http%3A%2F%2F180.169.147.146%3A18081%2Fxingrg%2F&costTime=35×tamp=1626578456729 HTTP/1.1" 200 17173
180.174.226.65 - - [18/Jul/2021:11:20:56 +0800] "GET /xingrg/css/form.css HTTP/1.1" 304 -
180.174.226.65 - - [18/Jul/2021:11:20:56 +0800] "GET /xingrg/javascript/jquery-1.4.2.min.js HTTP/1.1" 304 -
180.174.226.65 - - [18/Jul/2021:11:20:56 +0800] "GET /xingrg/javascript/jquery_easy_ui/easyui-lang-zh_CN.js HTTP/1.1" 304 -
180.174.226.65 - - [18/Jul/2021:11:20:56 +0800] "GET /xingrg/javascript/jquery_easy_ui/jquery.easyui.min.js HTTP/1.1" 304 -
180.174.226.65 - - [18/Jul/2021:11:20:56 +0800] "GET /xingrg/javascript/jquery.form.js HTTP/1.1" 304 -
180.174.226.65 - - [18/Jul/2021:11:20:56 +0800] "GET /xingrg/javascript/jquery.timers.js HTTP/1.1" 304 -
180.174.226.65 - - [18/Jul/2021:11:20:56 +0800] "GET /xingrg/javascript/jquery.utils.js HTTP/1.1" 304 -
180.174.226.65 - - [18/Jul/2021:11:20:56 +0800] "GET /favicon.ico HTTP/1.1" 404 -
180.174.226.65 - - [18/Jul/2021:11:20:56 +0800] "POST /xingrg/all/common/load_tree.html?tree=area_rest_tree_json&manage=1 HTTP/1.1" 200 342
180.174.226.65 - - [18/Jul/2021:11:20:57 +0800] "GET /xingrg/all/function/internal_message.html?_=1626578459315&CODE_STATE=count HTTP/1.1" 200 11
180.174.226.65 - - [18/Jul/2021:11:20:57 +0800] "GET /xingrg/check_reg.html?_=1626578459317 HTTP/1.1" 200 71
180.174.226.65 - - [18/Jul/2021:11:20:57 +0800] "POST /xingrg/load_menu.html HTTP/1.1" 200 5138
222.69.131.78 - - [18/Jul/2021:11:20:57 +0800] "GET /xingrg/kc/buy/cgsh_order_operate.html?command=get_materiel&rest_code=00149&code=00101006001&supplier_code=00100404&order_time=2021-07-18 HTTP/1.1" 200 426
180.156.224.123 - - [18/Jul/2021:11:20:58 +0800] "GET /xingrg/kc/buy/cgsh_order_operate.html?command=get_materiel&rest_code=00150&code=00102001051&supplier_code=00100073&order_time=2021-07-18 HTTP/1.1" 200 416
180.169.147.146 - - [18/Jul/2021:11:20:58 +0800] "GET /xingrg/all/function/internal_message.html?_=1626578458738&CODE_STATE=getMsg HTTP/1.1" 200 27
101.83.145.79 - - [18/Jul/2021:11:20:59 +0800] "GET /xingrg/all/function/internal_message.html?_=1626578461199&CODE_STATE=getMsg HTTP/1.1" 200 27
101.83.145.79 - - [18/Jul/2021:11:20:59 +0800] "POST /xingrg/kc/base/wldb_order_operate.html HTTP/1.1" 200 37
101.83.145.79 - - [18/Jul/2021:11:20:59 +0800] "POST /xingrg/kc/base/wldb_order_operate.html HTTP/1.1" 200 2216
101.83.145.79 - - [18/Jul/2021:11:21:00 +0800] "GET /xingrg/kc/base/wldb_order_info.html?code=422021071801984 HTTP/1.1" 200 30369
101.83.145.79 - - [18/Jul/2021:11:21:00 +0800] "GET /xingrg/javascript/easyui/themes/default/validatebox.css HTTP/1.1" 404 1104
101.83.145.79 - - [18/Jul/2021:11:21:00 +0800] "POST /xingrg/kc/base/wldb_order_operate.html HTTP/1.1" 200 2216
180.174.226.65 - - [18/Jul/2021:11:21:00 +0800] "GET /xingrg/kc/buy/cgsh_order_list.html HTTP/1.1" 200 46988
180.174.226.65 - - [18/Jul/2021:11:21:00 +0800] "GET /xingrg/css/base.css HTTP/1.1" 304 -
180.174.226.65 - - [18/Jul/2021:11:21:00 +0800] "GET /xingrg/css/site.css HTTP/1.1" 304 -
180.174.226.65 - - [18/Jul/2021:11:21:00 +0800] "GET /xingrg/javascript/jquery_tools/datebox.css HTTP/1.1" 304 -
180.174.226.65 - - [18/Jul/2021:11:21:00 +0800] "GET /xingrg/javascript/easyui/themes/default/easyui.css HTTP/1.1" 304 -
180.174.226.65 - - [18/Jul/2021:11:21:00 +0800] "GET /xingrg/javascript/easyui/themes/icon.css HTTP/1.1" 304 -
180.174.226.65 - - [18/Jul/2021:11:21:00 +0800] "GET /xingrg/javascript/auto/jquery.autocomplete.css HTTP/1.1" 304 -
180.174.226.65 - - [18/Jul/2021:11:21:00 +0800] "GET /xingrg/javascript/jquery_tools/fix.css HTTP/1.1" 304 -
180.174.226.65 - - [18/Jul/2021:11:21:00 +0800] "GET /xingrg/javascript/jquery_tools/table.css HTTP/1.1" 304 -
180.174.226.65 - - [18/Jul/2021:11:21:00 +0800] "GET /xingrg/javascript/jquery_tools/jquery.tools.min.js HTTP/1.1" 304 -
180.174.226.65 - - [18/Jul/2021:11:21:00 +0800] "GET /xingrg/javascript/jquery_tools/jquery.tools.extend.js HTTP/1.1" 304 -
180.174.226.65 - - [18/Jul/2021:11:21:00 +0800] "GET /xingrg/javascript/jquery_tools/jquery.tools.hotkey.js HTTP/1.1" 304 -
180.174.226.65 - - [18/Jul/2021:11:21:00 +0800] "GET /xingrg/javascript/jquery_tools/jquery.tools.table.js HTTP/1.1" 304 -
180.174.226.65 - - [18/Jul/2021:11:21:00 +0800] "GET /xingrg/javascript/jquery_tools/list_manager.js HTTP/1.1" 304 -
180.174.226.65 - - [18/Jul/2021:11:21:00 +0800] "GET /xingrg/javascript/auto/jquery.autocomplete.js HTTP/1.1" 304 -
180.174.226.65 - - [18/Jul/2021:11:21:00 +0800] "GET /xingrg/javascript/jquery.cookie.js HTTP/1.1" 304 -
180.174.226.65 - - [18/Jul/2021:11:21:00 +0800] "GET /xingrg/javascript/print/LodopFuncs.js HTTP/1.1" 304 -
180.174.226.65 - - [18/Jul/2021:11:21:00 +0800] "GET /xingrg/javascript/easyui/easyloader.js HTTP/1.1" 304 -
180.174.226.65 - - [18/Jul/2021:11:21:00 +0800] "GET /xingrg/javascript/easyui/plugins/jquery.parser.js HTTP/1.1" 304 -
180.174.226.65 - - [18/Jul/2021:11:21:02 +0800] "POST /xingrg/kc/buy/cgsh_list_operate.html HTTP/1.1" 200 1666
180.169.147.146 - - [18/Jul/2021:11:21:04 +0800] "GET /xingrg/login.html HTTP/1.1" 200 1706
180.174.226.65 - - [18/Jul/2021:11:21:04 +0800] "GET /xingrg/javascript/jquery_tools/images/prev.gif HTTP/1.1" 404 1086
180.174.226.65 - - [18/Jul/2021:11:21:04 +0800] "GET /xingrg/javascript/jquery_tools/images/next.gif HTTP/1.1" 404 1086
180.169.147.146 - - [18/Jul/2021:11:21:05 +0800] "GET /xingrg/css/blue.css HTTP/1.1" 304 -
180.169.147.146 - - [18/Jul/2021:11:21:05 +0800] "GET /xingrg/images/blue/error_top.gif HTTP/1.1" 304 -
180.169.147.146 - - [18/Jul/2021:11:21:05 +0800] "GET /xingrg/images/blue/error_mid.gif HTTP/1.1" 304 -
180.169.147.146 - - [18/Jul/2021:11:21:05 +0800] "GET /xingrg/images/blue/error_buttom.gif HTTP/1.1" 304 -
180.169.147.146 - - [18/Jul/2021:11:21:05 +0800] "GET /favicon.ico HTTP/1.1" 404 -
101.85.107.54 - - [18/Jul/2021:11:21:06 +0800] "GET /xingrg/check_reg.html?_=1626577872762 HTTP/1.1" 200 71
101.85.107.54 - - [18/Jul/2021:11:21:06 +0800] "GET /xingrg/all/function/internal_message.html?_=1626577872760&CODE_STATE=getMsg HTTP/1.1" 200 27
222.69.131.78 - - [18/Jul/2021:11:21:09 +0800] "POST /xingrg/kc/buy/cgsh_order_operate.html HTTP/1.1" 200 37
101.83.145.79 - - [18/Jul/2021:11:21:10 +0800] "GET /xingrg/kc/base/wldb_order_add.html HTTP/1.1" 200 30353
101.83.145.79 - - [18/Jul/2021:11:21:10 +0800] "POST /xingrg/kc/base/wldb_order_operate.html HTTP/1.1" 200 6806
101.83.145.79 - - [18/Jul/2021:11:21:11 +0800] "GET /xingrg/javascript/easyui/themes/default/validatebox.css HTTP/1.1" 404 1104
180.162.112.86 - - [18/Jul/2021:11:21:11 +0800] "GET /xingrg/all/function/internal_message.html?_=1626578111473&CODE_STATE=getMsg HTTP/1.1" 200 27
222.69.131.78 - - [18/Jul/2021:11:21:12 +0800] "POST /xingrg/kc/buy/cgsh_order_operate.html HTTP/1.1" 200 12
180.174.226.65 - - [18/Jul/2021:11:21:12 +0800] "POST /xingrg/kc/buy/cgsh_list_operate.html HTTP/1.1" 200 5346
222.69.131.78 - - [18/Jul/2021:11:21:13 +0800] "GET /xingrg/kc/buy/cgsh_order_info.html?code=212021071808367 HTTP/1.1" 200 57694
116.230.110.80 - - [18/Jul/2021:11:21:13 +0800] "GET /xingrg/kc/buy/cgsh_order_operate.html?command=get_materiel&rest_code=00155&code=00101006268&supplier_code=00100442&order_time=2021-07-18 HTTP/1.1" 200 394
222.69.131.78 - - [18/Jul/2021:11:21:13 +0800] "GET /xingrg/javascript/easyui/themes/default/validatebox.css HTTP/1.1" 404 1104
222.69.131.78 - - [18/Jul/2021:11:21:13 +0800] "POST /xingrg/kc/buy/cgsh_order_operate.html HTTP/1.1" 200 622
222.69.131.78 - - [18/Jul/2021:11:21:15 +0800] "GET /xingrg/kc/print/load_data.html?order_code=212021071808367&kc_code=cgsh&condition= HTTP/1.1" 200 744
222.70.175.207 - - [18/Jul/2021:11:21:17 +0800] "POST /xingrg/kc/buy/cgsh_order_operate.html HTTP/1.1" 200 37
180.174.226.65 - - [18/Jul/2021:11:21:17 +0800] "GET /xingrg/check_reg.html?_=1626578446010 HTTP/1.1" 200 71
180.174.226.65 - - [18/Jul/2021:11:21:18 +0800] "POST /xingrg/kc/buy/cgsh_list_operate.html HTTP/1.1" 200 1966
222.69.131.78 - - [18/Jul/2021:11:21:19 +0800] "GET /xingrg/all/function/internal_message.html?_=1626578478235&CODE_STATE=getMsg HTTP/1.1" 200 27
180.174.226.65 - - [18/Jul/2021:11:21:19 +0800] "POST /xingrg/kc/buy/cgsh_list_operate.html HTTP/1.1" 200 273
222.69.131.78 - - [18/Jul/2021:11:21:19 +0800] "GET /xingrg/kc/buy/cgsh_order_add.html HTTP/1.1" 200 62779
222.69.131.78 - - [18/Jul/2021:11:21:20 +0800] "POST /xingrg/kc/buy/cgsh_order_operate.html HTTP/1.1" 200 8245
222.69.131.78 - - [18/Jul/2021:11:21:20 +0800] "GET /xingrg/javascript/easyui/themes/default/validatebox.css HTTP/1.1" 404 1104
222.70.175.207 - - [18/Jul/2021:11:21:20 +0800] "POST /xingrg/kc/buy/cgsh_order_operate.html HTTP/1.1" 200 4448
180.174.226.65 - - [18/Jul/2021:11:21:20 +0800] "GET /xingrg/kc/buy/cgsh_order_info.html?code=212021071808362 HTTP/1.1" 200 57601
180.174.226.65 - - [18/Jul/2021:11:21:20 +0800] "GET /xingrg/javascript/pic_change.js HTTP/1.1" 304 -
180.174.226.65 - - [18/Jul/2021:11:21:20 +0800] "GET /xingrg/javascript/jquery_tools/order_manager.js HTTP/1.1" 304 -
180.174.226.65 - - [18/Jul/2021:11:21:20 +0800] "GET /xingrg/javascript/convert.js HTTP/1.1" 304 -
180.174.226.65 - - [18/Jul/2021:11:21:20 +0800] "GET /xingrg/javascript/json2.js HTTP/1.1" 304 -
180.174.226.65 - - [18/Jul/2021:11:21:20 +0800] "GET /xingrg/javascript/print/kc_print.js HTTP/1.1" 304 -
180.174.226.65 - - [18/Jul/2021:11:21:20 +0800] "GET /xingrg/kc/buy/cgsh_order_operate.html?command=get_materiel&rest_code=00102&code=00101002022&supplier_code=00100151&order_time=2021-07-18 HTTP/1.1" 200 409
180.174.226.65 - - [18/Jul/2021:11:21:20 +0800] "GET /xingrg/words/20210718102258_words.js HTTP/1.1" 304 -
116.233.75.209 - - [18/Jul/2021:11:21:20 +0800] "GET /xingrg/all/function/internal_message.html?_=1626578481160&CODE_STATE=getMsg HTTP/1.1" 200 27
180.174.226.65 - - [18/Jul/2021:11:21:21 +0800] "GET /xingrg/javascript/easyui/themes/default/validatebox.css HTTP/1.1" 404 1104
180.174.226.65 - - [18/Jul/2021:11:21:21 +0800] "GET /xingrg/javascript/easyui/plugins/jquery.validatebox.js HTTP/1.1" 304 -
180.174.226.65 - - [18/Jul/2021:11:21:21 +0800] "GET /xingrg/javascript/easyui/plugins/jquery.numberbox.js HTTP/1.1" 304 -
180.174.226.65 - - [18/Jul/2021:11:21:21 +0800] "POST /xingrg/kc/buy/cgsh_order_operate.html HTTP/1.1" 200 1201
116.230.110.80 - - [18/Jul/2021:11:21:21 +0800] "GET /xingrg/all/function/internal_message.html?_=1626578481476&CODE_STATE=getMsg HTTP/1.1" 200 27
180.174.226.65 - - [18/Jul/2021:11:21:22 +0800] "GET /xingrg/kc/print/load_config.html?kc_code=cgsh HTTP/1.1" 200 1845
180.174.226.65 - - [18/Jul/2021:11:21:22 +0800] "GET /xingrg/kc/print/load_data.html?order_code=212021071808362&kc_code=cgsh&condition= HTTP/1.1" 200 983
180.169.147.146 - - [18/Jul/2021:11:21:24 +0800] "GET /xingrg/login.html?r=1 HTTP/1.1" 200 7641
116.235.222.38 - - [18/Jul/2021:11:21:24 +0800] "GET /xingrg/all/function/internal_message.html?_=1626578484684&CODE_STATE=getMsg HTTP/1.1" 200 27
180.169.147.146 - - [18/Jul/2021:11:21:24 +0800] "GET /favicon.ico HTTP/1.1" 404 -
101.83.145.79 - - [18/Jul/2021:11:21:24 +0800] "POST /xingrg/all/common/load_combo.html?type=base HTTP/1.1" 200 3236
222.70.175.207 - - [18/Jul/2021:11:21:24 +0800] "GET /xingrg/kc/print/load_data.html?order_code=212021071808368&kc_code=cgsh&condition= HTTP/1.1" 200 1363
180.174.226.65 - - [18/Jul/2021:11:21:25 +0800] "GET /xingrg/kc/buy/cgsh_order_add.html HTTP/1.1" 200 62691
180.169.147.146 - - [18/Jul/2021:11:21:26 +0800] "POST /xingrg/login.do HTTP/1.1" 302 -
180.169.147.146 - - [18/Jul/2021:11:21:26 +0800] "GET /xingrg/index.html?sysBaseUrl=http%3A%2F%2F180.169.147.146%3A18081%2Fxingrg%2F&costTime=38×tamp=1626578486111 HTTP/1.1" 200 17503
180.169.147.146 - - [18/Jul/2021:11:21:26 +0800] "GET /xingrg/javascript/jquery_easy_ui/themes/default/easyui.css HTTP/1.1" 304 -
180.169.147.146 - - [18/Jul/2021:11:21:26 +0800] "GET /xingrg/javascript/jquery_easy_ui/themes/icon.css HTTP/1.1" 304 -
180.169.147.146 - - [18/Jul/2021:11:21:26 +0800] "GET /xingrg/css/form.css HTTP/1.1" 304 -
180.169.147.146 - - [18/Jul/2021:11:21:26 +0800] "GET /xingrg/javascript/jquery-1.4.2.min.js HTTP/1.1" 304 -
180.169.147.146 - - [18/Jul/2021:11:21:26 +0800] "GET /xingrg/javascript/jquery_easy_ui/jquery.easyui.min.js HTTP/1.1" 304 -
180.169.147.146 - - [18/Jul/2021:11:21:26 +0800] "GET /xingrg/javascript/jquery_easy_ui/easyui-lang-zh_CN.js HTTP/1.1" 304 -
180.169.147.146 - - [18/Jul/2021:11:21:26 +0800] "GET /xingrg/javascript/jquery.form.js HTTP/1.1" 304 -
180.174.226.65 - - [18/Jul/2021:11:21:26 +0800] "POST /xingrg/kc/buy/cgsh_order_operate.html HTTP/1.1" 200 8245
180.169.147.146 - - [18/Jul/2021:11:21:26 +0800] "GET /xingrg/javascript/jquery.utils.js HTTP/1.1" 304 -
180.169.147.146 - - [18/Jul/2021:11:21:26 +0800] "GET /xingrg/javascript/jquery.timers.js HTTP/1.1" 304 -
180.174.226.65 - - [18/Jul/2021:11:21:26 +0800] "GET /xingrg/all/common/auto_word.html?type=employee&rest_code=00102 HTTP/1.1" 200 189
180.174.226.65 - - [18/Jul/2021:11:21:26 +0800] "GET /xingrg/all/common/auto_word.html?type=employee&rest_code=00102 HTTP/1.1" 200 189
180.174.226.65 - - [18/Jul/2021:11:21:26 +0800] "GET /xingrg/javascript/easyui/themes/default/validatebox.css HTTP/1.1" 404 1104
180.156.224.123 - - [18/Jul/2021:11:21:26 +0800] "GET /xingrg/all/function/internal_message.html?_=1626578486221&CODE_STATE=getMsg HTTP/1.1" 200 27
180.169.147.146 - - [18/Jul/2021:11:21:26 +0800] "POST /xingrg/all/common/load_tree.html?tree=area_rest_tree_json&manage=1 HTTP/1.1" 200 3466
180.169.147.146 - - [18/Jul/2021:11:21:27 +0800] "GET /xingrg/all/function/internal_message.html?_=1626578487599&CODE_STATE=count HTTP/1.1" 200 11
180.169.147.146 - - [18/Jul/2021:11:21:27 +0800] "GET /xingrg/check_reg.html?_=1626578487600 HTTP/1.1" 200 71
180.169.147.146 - - [18/Jul/2021:11:21:27 +0800] "POST /xingrg/load_menu.html HTTP/1.1" 200 11564
180.169.147.146 - - [18/Jul/2021:11:21:27 +0800] "GET /favicon.ico HTTP/1.1" 404 -
222.69.131.78 - - [18/Jul/2021:11:21:27 +0800] "GET /xingrg/kc/buy/cgsh_order_operate.html?command=get_materiel&rest_code=00149&code=00101003035&supplier_code=00100092&order_time=2021-07-18 HTTP/1.1" 200 411
180.174.226.65 - - [18/Jul/2021:11:21:27 +0800] "GET /xingrg/javascript/auto/indicator.gif HTTP/1.1" 404 1066
58.40.7.146 - - [18/Jul/2021:11:21:29 +0800] "GET /xingrg/all/function/internal_message.html?_=1626578489171&CODE_STATE=getMsg HTTP/1.1" 200 27
58.40.7.146 - - [18/Jul/2021:11:21:29 +0800] "GET /xingrg/check_reg.html?_=1626578489173 HTTP/1.1" 200 71
180.169.147.146 - - [18/Jul/2021:11:21:31 +0800] "POST /xingrg/load_menu.html HTTP/1.1" 200 10797
58.37.5.217 - - [18/Jul/2021:11:21:33 +0800] "GET /xingrg/all/function/internal_message.html?_=1626578492107&CODE_STATE=getMsg HTTP/1.1" 200 27
180.174.226.65 - - [18/Jul/2021:11:21:33 +0800] "GET /xingrg/kc/buy/cgsh_order_operate.html?command=get_materiel&rest_code=00102&code=00101001019&supplier_code=00100318&order_time=2021-07-18 HTTP/1.1" 200 415
101.83.145.79 - - [18/Jul/2021:11:21:33 +0800] "GET /xingrg/kc/base/wldb_order_operate.html?command=get_materiel&rest_code=00105&base_code=0010508&code=00102002410 HTTP/1.1" 200 440
180.169.147.146 - - [18/Jul/2021:11:21:35 +0800] "GET /xingrg/all/report/report_query.html?fileName=dma/new_5.0/menu/menu_category_hz.xml HTTP/1.1" 200 53064
180.169.147.146 - - [18/Jul/2021:11:21:35 +0800] "GET /xingrg/javascript/multi_select/jqueryMultiSelect.css HTTP/1.1" 304 -
180.169.147.146 - - [18/Jul/2021:11:21:35 +0800] "GET /xingrg/javascript/calendar/timePicker.css HTTP/1.1" 304 -
180.169.147.146 - - [18/Jul/2021:11:21:35 +0800] "GET /xingrg/javascript/bigrid/fix.css HTTP/1.1" 304 -
180.169.147.146 - - [18/Jul/2021:11:21:35 +0800] "GET /xingrg/javascript/pic_change.js HTTP/1.1" 304 -
180.169.147.146 - - [18/Jul/2021:11:21:35 +0800] "GET /xingrg/dwr/interface/AjaxReportQueryService.js HTTP/1.1" 200 13203
180.169.147.146 - - [18/Jul/2021:11:21:35 +0800] "GET /xingrg/dwr/util.js HTTP/1.1" 200 35990
180.169.147.146 - - [18/Jul/2021:11:21:35 +0800] "GET /xingrg/javascript/myfunction.js HTTP/1.1" 304 -
180.169.147.146 - - [18/Jul/2021:11:21:35 +0800] "GET /xingrg/dwr/engine.js HTTP/1.1" 200 43631
180.169.147.146 - - [18/Jul/2021:11:21:35 +0800] "GET /xingrg/javascript/jqueryMultiSelect.js HTTP/1.1" 304 -
180.169.147.146 - - [18/Jul/2021:11:21:35 +0800] "GET /xingrg/javascript/Calendar.js HTTP/1.1" 304 -
180.169.147.146 - - [18/Jul/2021:11:21:35 +0800] "GET /xingrg/javascript/calendar/jquery.timePicker.min.js HTTP/1.1" 304 -
180.169.147.146 - - [18/Jul/2021:11:21:35 +0800] "GET /xingrg/javascript/bigrid/fix.js HTTP/1.1" 304 -
180.169.147.146 - - [18/Jul/2021:11:21:35 +0800] "POST /xingrg/dwr/call/plaincall/AjaxReportQueryService.getFixDate.dwr HTTP/1.1" 200 111
180.169.147.146 - - [18/Jul/2021:11:21:35 +0800] "POST /xingrg/all/common/load_tree.html?tree=area_station_tree_json&manage=1 HTTP/1.1" 200 3358
101.83.145.79 - - [18/Jul/2021:11:21:37 +0800] "POST /xingrg/kc/base/wldb_order_operate.html HTTP/1.1" 200 37
116.230.110.80 - - [18/Jul/2021:11:21:37 +0800] "GET /xingrg/kc/buy/cgsh_order_operate.html?command=get_materiel&rest_code=00155&code=00101010658&supplier_code=00100442&order_time=2021-07-18 HTTP/1.1" 200 395
101.83.145.79 - - [18/Jul/2021:11:21:37 +0800] "POST /xingrg/kc/base/wldb_order_operate.html HTTP/1.1" 200 2188
101.83.145.79 - - [18/Jul/2021:11:21:38 +0800] "GET /xingrg/kc/base/wldb_order_info.html?code=422021071801985 HTTP/1.1" 200 30366
101.83.145.79 - - [18/Jul/2021:11:21:38 +0800] "GET /xingrg/javascript/easyui/themes/default/validatebox.css HTTP/1.1" 404 1104
101.83.145.79 - - [18/Jul/2021:11:21:38 +0800] "POST /xingrg/kc/base/wldb_order_operate.html HTTP/1.1" 200 2188
101.83.145.79 - - [18/Jul/2021:11:21:39 +0800] "GET /xingrg/all/function/internal_message.html?_=1626578464330&CODE_STATE=getMsg HTTP/1.1" 200 27
180.174.226.65 - - [18/Jul/2021:11:21:40 +0800] "GET /xingrg/kc/buy/cgsh_order_operate.html?command=get_materiel&rest_code=00102&code=00101001022&supplier_code=00100318&order_time=2021-07-18 HTTP/1.1" 200 417
222.70.175.207 - - [18/Jul/2021:11:21:41 +0800] "GET /xingrg/all/function/internal_message.html?_=1626578502723&CODE_STATE=getMsg HTTP/1.1" 200 27
180.169.147.146 - - [18/Jul/2021:11:21:41 +0800] "GET /xingrg/all/function/internal_message.html?_=1626578485983&CODE_STATE=getMsg HTTP/1.1" 200 27
101.83.241.165 - - [18/Jul/2021:11:21:42 +0800] "GET /xingrg/all/function/internal_message.html?_=1626578502079&CODE_STATE=getMsg HTTP/1.1" 200 27
222.69.131.78 - - [18/Jul/2021:11:21:43 +0800] "GET /xingrg/kc/buy/cgsh_order_operate.html?command=get_materiel&rest_code=00149&code=00101003006&supplier_code=00100092&order_time=2021-07-18 HTTP/1.1" 200 410
58.37.5.217 - - [18/Jul/2021:11:21:46 +0800] "GET /xingrg/all/function/internal_message.html?_=1626578506744&CODE_STATE=getMsg HTTP/1.1" 200 27
58.37.5.217 - - [18/Jul/2021:11:21:46 +0800] "GET /xingrg/kc/buy/cgsh_order_add.html HTTP/1.1" 200 62726
58.37.5.217 - - [18/Jul/2021:11:21:46 +0800] "POST /xingrg/kc/buy/cgsh_order_operate.html HTTP/1.1" 200 8245
58.37.5.217 - - [18/Jul/2021:11:21:46 +0800] "GET /xingrg/javascript/easyui/themes/default/validatebox.css HTTP/1.1" 404 1104
117.184.7.26 - - [18/Jul/2021:11:21:46 +0800] "GET /xingrg/all/function/internal_message.html?_=1626578497055&CODE_STATE=getMsg HTTP/1.1" 200 27
101.83.145.79 - - [18/Jul/2021:11:21:47 +0800] "GET /xingrg/kc/base/wldb_order_add.html HTTP/1.1" 200 30353
180.169.147.146 - - [18/Jul/2021:11:21:47 +0800] "POST /xingrg/dwr/call/plaincall/AjaxReportQueryService.getFixDate.dwr HTTP/1.1" 200 111
101.83.145.79 - - [18/Jul/2021:11:21:47 +0800] "GET /xingrg/javascript/easyui/themes/default/validatebox.css HTTP/1.1" 404 1104
101.83.145.79 - - [18/Jul/2021:11:21:47 +0800] "POST /xingrg/kc/base/wldb_order_operate.html HTTP/1.1" 200 6806
101.83.145.79 - - [18/Jul/2021:11:21:48 +0800] "POST /xingrg/all/common/load_combo.html?type=base HTTP/1.1" 200 3236
58.37.5.217 - - [18/Jul/2021:11:21:48 +0800] "GET /xingrg/javascript/easyui/themes/default/tree.css HTTP/1.1" 404 1090
