180.169.147.146 - - [18/Jul/2021:09:08:36 +0800] "POST /xingrg/dwr/call/plaincall/AjaxReportQueryService.refreshCache.dwr HTTP/1.1" 200 78
101.83.145.79 - - [18/Jul/2021:09:08:39 +0800] "GET /xingrg/kc/buy/cgsh_order_operate.html?command=get_materiel&rest_code=00105&code=00101008236&supplier_code=00100203&order_time=2021-07-18 HTTP/1.1" 200 416
222.70.175.207 - - [18/Jul/2021:09:08:39 +0800] "GET /xingrg/kc/buy/cgsh_order_operate.html?command=get_materiel&rest_code=00146&code=00101008004&supplier_code=00100005&order_time=2021-07-18 HTTP/1.1" 200 416
180.169.147.146 - - [18/Jul/2021:09:08:41 +0800] "POST /xingrg/all/report/load_report_page.html HTTP/1.1" 200 395130
180.169.147.146 - - [18/Jul/2021:09:08:41 +0800] "GET /xingrg/servlets/image?cache=0.9061344269345496&image=px HTTP/1.1" 200 807
222.70.175.207 - - [18/Jul/2021:09:08:53 +0800] "POST /xingrg/kc/buy/cgsh_order_operate.html HTTP/1.1" 200 2065
180.169.147.146 - - [18/Jul/2021:09:08:58 +0800] "POST /xingrg/all/report/report_print.html HTTP/1.1" 200 31781
101.83.145.79 - - [18/Jul/2021:09:09:01 +0800] "GET /xingrg/all/function/internal_message.html?_=1626570543881&CODE_STATE=getMsg HTTP/1.1" 200 27
101.83.145.79 - - [18/Jul/2021:09:09:01 +0800] "GET /xingrg/check_reg.html?_=1626570543880 HTTP/1.1" 200 71
222.70.175.207 - - [18/Jul/2021:09:09:08 +0800] "GET /xingrg/kc/buy/cgsh_order_operate.html?command=get_materiel&rest_code=00146&code=00101008137&supplier_code=00100005&order_time=2021-07-18 HTTP/1.1" 200 408
101.85.107.54 - - [18/Jul/2021:09:09:09 +0800] "GET /xingrg/all/function/internal_message.html?_=1626569956009&CODE_STATE=getMsg HTTP/1.1" 200 27
180.156.224.123 - - [18/Jul/2021:09:09:11 +0800] "GET /xingrg/all/function/internal_message.html?_=1626570551103&CODE_STATE=getMsg HTTP/1.1" 200 27
180.169.147.146 - - [18/Jul/2021:09:09:16 +0800] "GET /xingrg/all/function/internal_message.html?_=1626570556638&CODE_STATE=getMsg HTTP/1.1" 200 27
222.70.175.207 - - [18/Jul/2021:09:09:17 +0800] "GET /xingrg/kc/buy/cgsh_order_operate.html?command=get_materiel&rest_code=00146&code=00101008360&supplier_code=00100005&order_time=2021-07-18 HTTP/1.1" 200 412
222.69.131.78 - - [18/Jul/2021:09:09:21 +0800] "GET /xingrg/all/function/internal_message.html?_=1626570560059&CODE_STATE=getMsg HTTP/1.1" 200 27
116.233.75.209 - - [18/Jul/2021:09:09:22 +0800] "GET /favicon.ico HTTP/1.1" 404 -
222.70.175.207 - - [18/Jul/2021:09:09:33 +0800] "GET /xingrg/check_reg.html?_=1626570574947 HTTP/1.1" 200 71
222.70.175.207 - - [18/Jul/2021:09:09:34 +0800] "GET /xingrg/all/function/internal_message.html?_=1626570575486&CODE_STATE=getMsg HTTP/1.1" 200 27
222.70.175.207 - - [18/Jul/2021:09:09:34 +0800] "GET /xingrg/kc/buy/cgsh_order_operate.html?command=get_materiel&rest_code=00146&code=00101008033&supplier_code=00100005&order_time=2021-07-18 HTTP/1.1" 200 408
222.70.175.207 - - [18/Jul/2021:09:09:36 +0800] "POST /xingrg/kc/buy/cgsh_order_operate.html HTTP/1.1" 200 2065
58.40.7.146 - - [18/Jul/2021:09:09:38 +0800] "GET /xingrg/check_reg.html?_=1626570578804 HTTP/1.1" 302 -
101.83.145.79 - - [18/Jul/2021:09:09:43 +0800] "GET /xingrg/kc/buy/cgsh_order_operate.html?command=get_materiel&rest_code=00105&code=00101008358&supplier_code=00100203&order_time=2021-07-18 HTTP/1.1" 200 412
222.70.175.207 - - [18/Jul/2021:09:09:45 +0800] "GET /xingrg/kc/buy/cgsh_order_operate.html?command=get_materiel&rest_code=00146&code=00101008197&supplier_code=00100005&order_time=2021-07-18 HTTP/1.1" 200 416
101.83.145.79 - - [18/Jul/2021:09:09:53 +0800] "GET /xingrg/kc/buy/cgsh_order_operate.html?command=get_materiel&rest_code=00105&code=00101008084&supplier_code=00100203&order_time=2021-07-18 HTTP/1.1" 200 412
101.83.145.79 - - [18/Jul/2021:09:09:57 +0800] "POST /xingrg/kc/buy/cgsh_order_operate.html HTTP/1.1" 200 2065
101.83.145.79 - - [18/Jul/2021:09:09:59 +0800] "POST /xingrg/kc/buy/cgsh_order_operate.html HTTP/1.1" 200 2065
101.83.145.79 - - [18/Jul/2021:09:10:01 +0800] "POST /xingrg/kc/buy/cgsh_order_operate.html HTTP/1.1" 200 2065
222.70.175.207 - - [18/Jul/2021:09:10:01 +0800] "POST /xingrg/kc/buy/cgsh_order_operate.html HTTP/1.1" 200 37
101.83.145.79 - - [18/Jul/2021:09:10:02 +0800] "GET /xingrg/all/function/internal_message.html?_=1626570604049&CODE_STATE=getMsg HTTP/1.1" 200 27
101.85.107.54 - - [18/Jul/2021:09:10:09 +0800] "GET /xingrg/check_reg.html?_=1626570016000 HTTP/1.1" 200 71
101.85.107.54 - - [18/Jul/2021:09:10:09 +0800] "GET /xingrg/all/function/internal_message.html?_=1626570016004&CODE_STATE=getMsg HTTP/1.1" 200 27
180.156.224.123 - - [18/Jul/2021:09:10:11 +0800] "GET /xingrg/all/function/internal_message.html?_=1626570611109&CODE_STATE=getMsg HTTP/1.1" 200 27
222.70.175.207 - - [18/Jul/2021:09:10:13 +0800] "POST /xingrg/kc/buy/cgsh_order_operate.html HTTP/1.1" 200 34578
180.169.147.146 - - [18/Jul/2021:09:10:16 +0800] "GET /xingrg/all/function/internal_message.html?_=1626570616625&CODE_STATE=getMsg HTTP/1.1" 200 27
222.69.131.78 - - [18/Jul/2021:09:10:18 +0800] "POST /xingrg/kc/buy/cgsh_order_operate.html HTTP/1.1" 200 37
222.69.131.78 - - [18/Jul/2021:09:10:28 +0800] "POST /xingrg/kc/buy/cgsh_order_operate.html HTTP/1.1" 200 12
58.40.7.146 - - [18/Jul/2021:09:10:29 +0800] "GET /xingrg/check_reg.html?_=1626570630061 HTTP/1.1" 302 -
222.69.131.78 - - [18/Jul/2021:09:10:32 +0800] "GET /xingrg/kc/buy/cgsh_order_info.html?code=212021071808165 HTTP/1.1" 200 57688
222.69.131.78 - - [18/Jul/2021:09:10:32 +0800] "GET /xingrg/javascript/easyui/themes/default/validatebox.css HTTP/1.1" 404 1104
222.69.131.78 - - [18/Jul/2021:09:10:33 +0800] "POST /xingrg/kc/buy/cgsh_order_operate.html HTTP/1.1" 200 10117
222.70.175.207 - - [18/Jul/2021:09:10:34 +0800] "GET /xingrg/all/function/internal_message.html?_=1626570635501&CODE_STATE=getMsg HTTP/1.1" 200 27
222.70.175.207 - - [18/Jul/2021:09:10:35 +0800] "GET /xingrg/kc/buy/cgsh_order_operate.html?command=get_materiel&rest_code=00146&code=00101008069&supplier_code=00100005&order_time=2021-07-18 HTTP/1.1" 200 412
222.69.131.78 - - [18/Jul/2021:09:10:42 +0800] "GET /xingrg/kc/print/load_data.html?order_code=212021071808165&kc_code=cgsh&condition= HTTP/1.1" 200 4330
101.83.145.79 - - [18/Jul/2021:09:10:52 +0800] "GET /xingrg/kc/buy/cgsh_order_operate.html?command=get_materiel&rest_code=00105&code=00101008144&supplier_code=00100203&order_time=2021-07-18 HTTP/1.1" 200 412
101.83.145.79 - - [18/Jul/2021:09:11:02 +0800] "GET /xingrg/all/function/internal_message.html?_=1626570664192&CODE_STATE=getMsg HTTP/1.1" 200 27
101.85.107.54 - - [18/Jul/2021:09:11:09 +0800] "GET /xingrg/all/function/internal_message.html?_=1626570076011&CODE_STATE=getMsg HTTP/1.1" 200 27
180.156.224.123 - - [18/Jul/2021:09:11:11 +0800] "GET /xingrg/all/function/internal_message.html?_=1626570671129&CODE_STATE=getMsg HTTP/1.1" 200 27
222.70.175.207 - - [18/Jul/2021:09:11:14 +0800] "GET /xingrg/kc/buy/cgsh_order_operate.html?command=get_materiel&rest_code=00146&code=00101008036&supplier_code=00100005&order_time=2021-07-18 HTTP/1.1" 200 408
180.169.147.146 - - [18/Jul/2021:09:11:16 +0800] "GET /xingrg/check_reg.html?_=1626570661139 HTTP/1.1" 302 -
180.169.147.146 - - [18/Jul/2021:09:11:16 +0800] "GET /xingrg/login.html HTTP/1.1" 200 1706
180.169.147.146 - - [18/Jul/2021:09:11:16 +0800] "GET /xingrg/check_reg.html?_=1626570676627 HTTP/1.1" 200 71
180.169.147.146 - - [18/Jul/2021:09:11:16 +0800] "GET /xingrg/all/function/internal_message.html?_=1626570676628&CODE_STATE=getMsg HTTP/1.1" 200 27
222.70.175.207 - - [18/Jul/2021:09:11:17 +0800] "POST /xingrg/kc/buy/cgsh_order_operate.html HTTP/1.1" 200 2065
222.69.131.78 - - [18/Jul/2021:09:11:21 +0800] "GET /xingrg/all/function/internal_message.html?_=1626570680073&CODE_STATE=getMsg HTTP/1.1" 200 27
101.83.145.79 - - [18/Jul/2021:09:11:22 +0800] "GET /xingrg/kc/buy/cgsh_order_operate.html?command=get_materiel&rest_code=00105&code=00101008098&supplier_code=00100203&order_time=2021-07-18 HTTP/1.1" 200 412
222.70.175.207 - - [18/Jul/2021:09:11:34 +0800] "GET /xingrg/all/function/internal_message.html?_=1626570695513&CODE_STATE=getMsg HTTP/1.1" 200 27
222.70.175.207 - - [18/Jul/2021:09:11:40 +0800] "GET /xingrg/kc/buy/cgsh_order_operate.html?command=get_materiel&rest_code=00146&code=00101008318&supplier_code=00100005&order_time=2021-07-18 HTTP/1.1" 200 408
101.83.145.79 - - [18/Jul/2021:09:11:47 +0800] "GET /xingrg/kc/buy/cgsh_order_operate.html?command=get_materiel&rest_code=00105&code=00101010136&supplier_code=00100203&order_time=2021-07-18 HTTP/1.1" 200 408
222.70.175.207 - - [18/Jul/2021:09:11:52 +0800] "GET /xingrg/kc/buy/cgsh_order_operate.html?command=get_materiel&rest_code=00146&code=00101008352&supplier_code=00100005&order_time=2021-07-18 HTTP/1.1" 200 412
101.83.145.79 - - [18/Jul/2021:09:11:55 +0800] "POST /xingrg/kc/buy/cgsh_order_operate.html HTTP/1.1" 200 37
222.70.175.207 - - [18/Jul/2021:09:12:00 +0800] "GET /xingrg/kc/buy/cgsh_order_operate.html?command=get_materiel&rest_code=00146&code=00101008005&supplier_code=00100005&order_time=2021-07-18 HTTP/1.1" 200 412
180.169.147.146 - - [18/Jul/2021:09:12:05 +0800] "GET /xingrg/check_reg.html?_=1626570724397 HTTP/1.1" 302 -
101.85.107.54 - - [18/Jul/2021:09:12:09 +0800] "GET /xingrg/all/function/internal_message.html?_=1626570135999&CODE_STATE=getMsg HTTP/1.1" 200 27
180.156.224.123 - - [18/Jul/2021:09:12:11 +0800] "GET /xingrg/check_reg.html?_=1626570731116 HTTP/1.1" 200 71
180.156.224.123 - - [18/Jul/2021:09:12:11 +0800] "GET /xingrg/all/function/internal_message.html?_=1626570731122&CODE_STATE=getMsg HTTP/1.1" 200 27
222.70.175.207 - - [18/Jul/2021:09:12:12 +0800] "POST /xingrg/kc/buy/cgsh_order_operate.html HTTP/1.1" 200 2065
180.169.147.146 - - [18/Jul/2021:09:12:16 +0800] "GET /xingrg/all/function/internal_message.html?_=1626570736628&CODE_STATE=getMsg HTTP/1.1" 200 27
101.83.145.79 - - [18/Jul/2021:09:12:19 +0800] "POST /xingrg/kc/buy/cgsh_order_operate.html HTTP/1.1" 200 53501
222.70.175.207 - - [18/Jul/2021:09:12:19 +0800] "GET /xingrg/kc/buy/cgsh_order_operate.html?command=get_materiel&rest_code=00146&code=00101008291&supplier_code=00100005&order_time=2021-07-18 HTTP/1.1" 200 408
222.69.131.78 - - [18/Jul/2021:09:12:21 +0800] "GET /xingrg/check_reg.html?_=1626570740046 HTTP/1.1" 200 71
222.69.131.78 - - [18/Jul/2021:09:12:21 +0800] "GET /xingrg/all/function/internal_message.html?_=1626570740051&CODE_STATE=getMsg HTTP/1.1" 200 27
101.83.145.79 - - [18/Jul/2021:09:12:24 +0800] "POST /xingrg/kc/buy/cgsh_order_operate.html HTTP/1.1" 200 37
101.83.145.79 - - [18/Jul/2021:09:12:26 +0800] "POST /xingrg/kc/buy/cgsh_order_operate.html HTTP/1.1" 200 53501
222.70.175.207 - - [18/Jul/2021:09:12:34 +0800] "GET /xingrg/all/function/internal_message.html?_=1626570755527&CODE_STATE=getMsg HTTP/1.1" 200 27
116.235.222.38 - - [18/Jul/2021:09:12:42 +0800] "GET /xingrg/login.html HTTP/1.1" 200 1706
116.235.222.38 - - [18/Jul/2021:09:12:51 +0800] "GET /favicon.ico HTTP/1.1" 404 -
101.83.145.79 - - [18/Jul/2021:09:12:59 +0800] "GET /xingrg/kc/buy/cgsh_order_add.html HTTP/1.1" 200 62773
101.83.145.79 - - [18/Jul/2021:09:12:59 +0800] "POST /xingrg/kc/buy/cgsh_order_operate.html HTTP/1.1" 200 8245
101.83.145.79 - - [18/Jul/2021:09:12:59 +0800] "GET /xingrg/javascript/easyui/themes/default/validatebox.css HTTP/1.1" 404 1104
101.83.145.79 - - [18/Jul/2021:09:13:02 +0800] "GET /xingrg/all/function/internal_message.html?_=1626570784045&CODE_STATE=getMsg HTTP/1.1" 200 27
116.235.222.38 - - [18/Jul/2021:09:13:03 +0800] "GET /xingrg/register.html?clear=1 HTTP/1.1" 200 2086
116.235.222.38 - - [18/Jul/2021:09:13:04 +0800] "GET /favicon.ico HTTP/1.1" 404 -
101.85.107.54 - - [18/Jul/2021:09:13:09 +0800] "GET /xingrg/all/function/internal_message.html?_=1626570195999&CODE_STATE=getMsg HTTP/1.1" 200 27
180.156.224.123 - - [18/Jul/2021:09:13:11 +0800] "GET /xingrg/all/function/internal_message.html?_=1626570791122&CODE_STATE=getMsg HTTP/1.1" 200 27
222.70.175.207 - - [18/Jul/2021:09:13:14 +0800] "POST /xingrg/kc/buy/cgsh_order_operate.html HTTP/1.1" 200 37
222.70.175.207 - - [18/Jul/2021:09:13:16 +0800] "POST /xingrg/kc/buy/cgsh_order_operate.html HTTP/1.1" 200 42252
180.169.147.146 - - [18/Jul/2021:09:13:16 +0800] "GET /xingrg/all/function/internal_message.html?_=1626570796629&CODE_STATE=getMsg HTTP/1.1" 200 27
116.235.222.38 - - [18/Jul/2021:09:13:17 +0800] "GET /xingrg/login.html HTTP/1.1" 200 1706
116.235.222.38 - - [18/Jul/2021:09:13:18 +0800] "GET /favicon.ico HTTP/1.1" 404 -
101.83.145.79 - - [18/Jul/2021:09:13:21 +0800] "GET /xingrg/kc/buy/cgsh_order_operate.html?command=get_materiel&rest_code=00105&code=00101007072&supplier_code=00100002&order_time=2021-07-18 HTTP/1.1" 200 413
222.69.131.78 - - [18/Jul/2021:09:13:21 +0800] "GET /xingrg/all/function/internal_message.html?_=1626570800035&CODE_STATE=getMsg HTTP/1.1" 200 27
222.70.175.207 - - [18/Jul/2021:09:13:34 +0800] "GET /xingrg/all/function/internal_message.html?_=1626570815541&CODE_STATE=getMsg HTTP/1.1" 200 27
101.83.145.79 - - [18/Jul/2021:09:13:38 +0800] "GET /xingrg/kc/buy/cgsh_order_operate.html?command=get_materiel&rest_code=00105&code=00101007021&supplier_code=00100002&order_time=2021-07-18 HTTP/1.1" 200 409
222.69.131.78 - - [18/Jul/2021:09:13:44 +0800] "GET /xingrg/kc/buy/cgsh_order_add.html HTTP/1.1" 200 62779
222.69.131.78 - - [18/Jul/2021:09:13:44 +0800] "POST /xingrg/kc/buy/cgsh_order_operate.html HTTP/1.1" 200 8245
222.69.131.78 - - [18/Jul/2021:09:13:44 +0800] "GET /xingrg/javascript/easyui/themes/default/validatebox.css HTTP/1.1" 404 1104
101.83.145.79 - - [18/Jul/2021:09:13:52 +0800] "GET /xingrg/kc/buy/cgsh_order_operate.html?command=get_materiel&rest_code=00105&code=00101007076&supplier_code=00100002&order_time=2021-07-18 HTTP/1.1" 200 408
180.156.224.123 - - [18/Jul/2021:09:13:56 +0800] "POST /xingrg/all/user/operate.html HTTP/1.1" 200 36
180.156.224.123 - - [18/Jul/2021:09:13:56 +0800] "GET /xingrg/index.html?sysBaseUrl=http%3A%2F%2F180.169.147.146%3A18081%2Fxingrg%2F&costTime=1108×tamp=1626568330652 HTTP/1.1" 200 17179
180.156.224.123 - - [18/Jul/2021:09:13:56 +0800] "GET /xingrg/javascript/jquery_easy_ui/themes/default/easyui.css HTTP/1.1" 304 -
180.156.224.123 - - [18/Jul/2021:09:13:56 +0800] "GET /xingrg/javascript/jquery_easy_ui/themes/icon.css HTTP/1.1" 304 -
180.156.224.123 - - [18/Jul/2021:09:13:56 +0800] "GET /xingrg/css/form.css HTTP/1.1" 304 -
180.156.224.123 - - [18/Jul/2021:09:13:56 +0800] "GET /xingrg/javascript/jquery-1.4.2.min.js HTTP/1.1" 304 -
180.156.224.123 - - [18/Jul/2021:09:13:56 +0800] "GET /xingrg/javascript/jquery_easy_ui/jquery.easyui.min.js HTTP/1.1" 304 -
180.156.224.123 - - [18/Jul/2021:09:13:56 +0800] "GET /xingrg/javascript/jquery_easy_ui/easyui-lang-zh_CN.js HTTP/1.1" 304 -
180.156.224.123 - - [18/Jul/2021:09:13:56 +0800] "GET /xingrg/javascript/jquery.form.js HTTP/1.1" 304 -
180.156.224.123 - - [18/Jul/2021:09:13:56 +0800] "GET /xingrg/javascript/jquery.utils.js HTTP/1.1" 304 -
180.156.224.123 - - [18/Jul/2021:09:13:56 +0800] "GET /xingrg/javascript/jquery.timers.js HTTP/1.1" 304 -
180.156.224.123 - - [18/Jul/2021:09:13:56 +0800] "GET /xingrg/images/blue/jxLogo.png HTTP/1.1" 304 -
180.156.224.123 - - [18/Jul/2021:09:13:56 +0800] "GET /xingrg/images/blue/navBackgound.jpg HTTP/1.1" 304 -
180.156.224.123 - - [18/Jul/2021:09:13:56 +0800] "GET /xingrg/javascript/jquery_easy_ui/themes/icons/settle_new.png HTTP/1.1" 304 -
180.156.224.123 - - [18/Jul/2021:09:13:56 +0800] "POST /xingrg/all/common/load_tree.html?tree=area_rest_tree_json&manage=1 HTTP/1.1" 200 476
180.156.224.123 - - [18/Jul/2021:09:13:56 +0800] "GET /xingrg/all/function/internal_message.html?_=1626570836373&CODE_STATE=count HTTP/1.1" 200 11
180.156.224.123 - - [18/Jul/2021:09:13:56 +0800] "GET /xingrg/check_reg.html?_=1626570836375 HTTP/1.1" 200 71
180.156.224.123 - - [18/Jul/2021:09:13:56 +0800] "GET /xingrg/javascript/jquery_easy_ui/themes/default/images/tabs_leftarrow.png HTTP/1.1" 304 -
180.156.224.123 - - [18/Jul/2021:09:13:56 +0800] "GET /xingrg/javascript/jquery_easy_ui/themes/default/images/tabs_rightarrow.png HTTP/1.1" 304 -
180.156.224.123 - - [18/Jul/2021:09:13:56 +0800] "GET /xingrg/javascript/jquery_easy_ui/themes/default/images/panel_tool_collapse.gif HTTP/1.1" 304 -
180.156.224.123 - - [18/Jul/2021:09:13:56 +0800] "GET /xingrg/images/blue/pingpu.png HTTP/1.1" 304 -
180.156.224.123 - - [18/Jul/2021:09:13:56 +0800] "POST /xingrg/load_menu.html HTTP/1.1" 200 5138
222.69.131.78 - - [18/Jul/2021:09:13:57 +0800] "GET /xingrg/kc/buy/cgsh_order_operate.html?command=get_materiel&rest_code=00149&code=00101007125&supplier_code=00100205&order_time=2021-07-18 HTTP/1.1" 200 406
180.156.224.123 - - [18/Jul/2021:09:13:58 +0800] "GET /xingrg/kc/buy/cgsh_order_list.html HTTP/1.1" 200 46994
180.156.224.123 - - [18/Jul/2021:09:13:59 +0800] "POST /xingrg/kc/buy/cgsh_list_operate.html HTTP/1.1" 200 876
180.156.224.123 - - [18/Jul/2021:09:14:00 +0800] "GET /xingrg/kc/buy/cgsh_order_add.html HTTP/1.1" 200 62650
180.156.224.123 - - [18/Jul/2021:09:14:00 +0800] "GET /xingrg/all/common/auto_word.html?type=employee&rest_code=00150 HTTP/1.1" 200 205
180.156.224.123 - - [18/Jul/2021:09:14:00 +0800] "GET /xingrg/all/common/auto_word.html?type=employee&rest_code=00150 HTTP/1.1" 200 205
180.156.224.123 - - [18/Jul/2021:09:14:00 +0800] "GET /xingrg/javascript/easyui/themes/default/validatebox.css HTTP/1.1" 404 1104
180.156.224.123 - - [18/Jul/2021:09:14:00 +0800] "POST /xingrg/kc/buy/cgsh_order_operate.html HTTP/1.1" 200 8245
101.83.145.79 - - [18/Jul/2021:09:14:01 +0800] "GET /xingrg/check_reg.html?_=1626570843869 HTTP/1.1" 200 71
101.83.145.79 - - [18/Jul/2021:09:14:02 +0800] "GET /xingrg/all/function/internal_message.html?_=1626570844019&CODE_STATE=getMsg HTTP/1.1" 200 27
180.156.224.123 - - [18/Jul/2021:09:14:04 +0800] "GET /xingrg/javascript/auto/indicator.gif HTTP/1.1" 404 1066
222.69.131.78 - - [18/Jul/2021:09:14:06 +0800] "GET /xingrg/kc/buy/cgsh_order_operate.html?command=get_materiel&rest_code=00149&code=00101007081&supplier_code=00100205&order_time=2021-07-18 HTTP/1.1" 200 415
101.85.107.54 - - [18/Jul/2021:09:14:09 +0800] "GET /xingrg/all/function/internal_message.html?_=1626570255998&CODE_STATE=getMsg HTTP/1.1" 200 27
180.156.224.123 - - [18/Jul/2021:09:14:09 +0800] "GET /xingrg/kc/buy/cgsh_order_operate.html?command=get_materiel&rest_code=00150&code=00101011001&supplier_code=00100047&order_time=2021-07-18 HTTP/1.1" 200 423
180.156.224.123 - - [18/Jul/2021:09:14:16 +0800] "POST /xingrg/kc/buy/cgsh_order_operate.html HTTP/1.1" 200 37
180.169.147.146 - - [18/Jul/2021:09:14:16 +0800] "GET /xingrg/all/function/internal_message.html?_=1626570856630&CODE_STATE=getMsg HTTP/1.1" 200 27
222.69.131.78 - - [18/Jul/2021:09:14:18 +0800] "GET /xingrg/kc/buy/cgsh_order_operate.html?command=get_materiel&rest_code=00149&code=00101007043&supplier_code=00100205&order_time=2021-07-18 HTTP/1.1" 200 409
180.156.224.123 - - [18/Jul/2021:09:14:19 +0800] "POST /xingrg/kc/buy/cgsh_order_operate.html HTTP/1.1" 200 12
180.156.224.123 - - [18/Jul/2021:09:14:20 +0800] "GET /xingrg/kc/buy/cgsh_order_info.html?code=212021071808167 HTTP/1.1" 200 57558
180.156.224.123 - - [18/Jul/2021:09:14:20 +0800] "GET /xingrg/javascript/easyui/themes/default/validatebox.css HTTP/1.1" 404 1104
222.69.131.78 - - [18/Jul/2021:09:14:21 +0800] "GET /xingrg/all/function/internal_message.html?_=1626570860021&CODE_STATE=getMsg HTTP/1.1" 200 27
180.156.224.123 - - [18/Jul/2021:09:14:21 +0800] "POST /xingrg/kc/buy/cgsh_order_operate.html HTTP/1.1" 200 616
180.156.224.123 - - [18/Jul/2021:09:14:22 +0800] "GET /xingrg/kc/print/load_data.html?order_code=212021071808167&kc_code=cgsh&condition= HTTP/1.1" 200 759
180.156.224.123 - - [18/Jul/2021:09:14:26 +0800] "GET /xingrg/kc/buy/cgsh_order_add.html HTTP/1.1" 200 62650
180.156.224.123 - - [18/Jul/2021:09:14:26 +0800] "POST /xingrg/kc/buy/cgsh_order_operate.html HTTP/1.1" 200 8245
180.156.224.123 - - [18/Jul/2021:09:14:26 +0800] "GET /xingrg/javascript/easyui/themes/default/validatebox.css HTTP/1.1" 404 1104
101.83.145.79 - - [18/Jul/2021:09:14:33 +0800] "POST /xingrg/kc/buy/cgsh_order_operate.html HTTP/1.1" 200 37
222.70.175.207 - - [18/Jul/2021:09:14:33 +0800] "GET /xingrg/check_reg.html?_=1626570874946 HTTP/1.1" 200 71
222.70.175.207 - - [18/Jul/2021:09:14:34 +0800] "GET /xingrg/all/function/internal_message.html?_=1626570875589&CODE_STATE=getMsg HTTP/1.1" 200 27
101.83.145.79 - - [18/Jul/2021:09:14:35 +0800] "POST /xingrg/kc/buy/cgsh_order_operate.html HTTP/1.1" 200 3839
101.83.145.79 - - [18/Jul/2021:09:14:36 +0800] "GET /xingrg/kc/print/load_data.html?order_code=212021071808168&kc_code=cgsh&condition= HTTP/1.1" 200 1192
222.69.131.78 - - [18/Jul/2021:09:14:37 +0800] "GET /xingrg/kc/buy/cgsh_order_operate.html?command=get_materiel&rest_code=00149&code=00101007061&supplier_code=00100205&order_time=2021-07-18 HTTP/1.1" 200 409
58.40.7.146 - - [18/Jul/2021:09:14:38 +0800] "GET /xingrg/check_reg.html?_=1626570878780 HTTP/1.1" 302 -
180.156.224.123 - - [18/Jul/2021:09:14:38 +0800] "GET /xingrg/kc/buy/cgsh_order_operate.html?command=get_materiel&rest_code=00150&code=00101012029&supplier_code=00100096&order_time=2021-07-18 HTTP/1.1" 200 412
116.235.222.38 - - [18/Jul/2021:09:14:41 +0800] "GET /xingrg/login.html?r=1 HTTP/1.1" 200 7641
116.235.222.38 - - [18/Jul/2021:09:14:43 +0800] "GET /favicon.ico HTTP/1.1" 404 -
101.83.145.79 - - [18/Jul/2021:09:14:46 +0800] "GET /xingrg/kc/buy/cgsh_order_add.html HTTP/1.1" 200 62773
101.83.145.79 - - [18/Jul/2021:09:14:46 +0800] "GET /xingrg/javascript/easyui/themes/default/validatebox.css HTTP/1.1" 404 1104
101.83.145.79 - - [18/Jul/2021:09:14:46 +0800] "POST /xingrg/kc/buy/cgsh_order_operate.html HTTP/1.1" 200 8245
116.235.222.38 - - [18/Jul/2021:09:14:49 +0800] "POST /xingrg/login.do HTTP/1.1" 302 -
116.235.222.38 - - [18/Jul/2021:09:14:49 +0800] "GET /xingrg/index.html?sysBaseUrl=http%3A%2F%2F180.169.147.146%3A18081%2Fxingrg%2F&costTime=41×tamp=1626570889687 HTTP/1.1" 200 17179
116.235.222.38 - - [18/Jul/2021:09:14:52 +0800] "GET /favicon.ico HTTP/1.1" 404 -
116.235.222.38 - - [18/Jul/2021:09:14:53 +0800] "POST /xingrg/all/common/load_tree.html?tree=area_rest_tree_json&manage=1 HTTP/1.1" 200 476
116.235.222.38 - - [18/Jul/2021:09:14:53 +0800] "GET /xingrg/check_reg.html?_=1626570893629 HTTP/1.1" 200 71
116.235.222.38 - - [18/Jul/2021:09:14:53 +0800] "GET /xingrg/all/function/internal_message.html?_=1626570893625&CODE_STATE=count HTTP/1.1" 200 11
116.235.222.38 - - [18/Jul/2021:09:14:54 +0800] "POST /xingrg/load_menu.html HTTP/1.1" 200 5138
222.69.131.78 - - [18/Jul/2021:09:14:54 +0800] "POST /xingrg/kc/buy/cgsh_order_operate.html HTTP/1.1" 200 37
101.83.145.79 - - [18/Jul/2021:09:14:55 +0800] "GET /xingrg/kc/buy/cgsh_order_operate.html?command=get_materiel&rest_code=00105&code=00101002027&supplier_code=00100397&order_time=2021-07-18 HTTP/1.1" 200 413
180.156.224.123 - - [18/Jul/2021:09:14:56 +0800] "GET /xingrg/all/function/internal_message.html?_=1626570896386&CODE_STATE=getMsg HTTP/1.1" 200 27
101.83.145.79 - - [18/Jul/2021:09:15:01 +0800] "GET /xingrg/all/function/internal_message.html?_=1626570903995&CODE_STATE=getMsg HTTP/1.1" 200 27
222.69.131.78 - - [18/Jul/2021:09:15:07 +0800] "POST /xingrg/kc/buy/cgsh_order_operate.html HTTP/1.1" 200 12
101.85.107.54 - - [18/Jul/2021:09:15:09 +0800] "GET /xingrg/all/function/internal_message.html?_=1626570315997&CODE_STATE=getMsg HTTP/1.1" 200 27
101.85.107.54 - - [18/Jul/2021:09:15:09 +0800] "GET /xingrg/check_reg.html?_=1626570315998 HTTP/1.1" 200 71
222.69.131.78 - - [18/Jul/2021:09:15:09 +0800] "GET /xingrg/kc/buy/cgsh_order_info.html?code=212021071808169 HTTP/1.1" 200 57686
222.69.131.78 - - [18/Jul/2021:09:15:09 +0800] "GET /xingrg/javascript/easyui/themes/default/validatebox.css HTTP/1.1" 404 1104
222.69.131.78 - - [18/Jul/2021:09:15:10 +0800] "POST /xingrg/kc/buy/cgsh_order_operate.html HTTP/1.1" 200 2374
222.69.131.78 - - [18/Jul/2021:09:15:14 +0800] "GET /xingrg/kc/print/load_data.html?order_code=212021071808169&kc_code=cgsh&condition= HTTP/1.1" 200 1361
180.169.147.146 - - [18/Jul/2021:09:15:16 +0800] "GET /xingrg/all/function/internal_message.html?_=1626570916631&CODE_STATE=getMsg HTTP/1.1" 200 27
222.69.131.78 - - [18/Jul/2021:09:15:20 +0800] "GET /xingrg/kc/buy/cgsh_order_add.html HTTP/1.1" 200 62779
222.69.131.78 - - [18/Jul/2021:09:15:20 +0800] "POST /xingrg/kc/buy/cgsh_order_operate.html HTTP/1.1" 200 8245
222.69.131.78 - - [18/Jul/2021:09:15:20 +0800] "GET /xingrg/javascript/easyui/themes/default/validatebox.css HTTP/1.1" 404 1104
222.69.131.78 - - [18/Jul/2021:09:15:21 +0800] "GET /xingrg/all/function/internal_message.html?_=1626570920001&CODE_STATE=getMsg HTTP/1.1" 200 27
222.70.175.207 - - [18/Jul/2021:09:15:24 +0800] "POST /xingrg/kc/buy/cgsh_order_operate.html HTTP/1.1" 200 37
222.70.175.207 - - [18/Jul/2021:09:15:26 +0800] "POST /xingrg/kc/buy/cgsh_order_operate.html HTTP/1.1" 200 42248
101.83.145.79 - - [18/Jul/2021:09:15:29 +0800] "POST /xingrg/services/DataTransmitService HTTP/1.1" 200 524
58.40.7.146 - - [18/Jul/2021:09:15:29 +0800] "GET /xingrg/check_reg.html?_=1626570930036 HTTP/1.1" 302 -
101.83.145.79 - - [18/Jul/2021:09:15:30 +0800] "POST /xingrg/services/DataTransmitService HTTP/1.1" 200 501
222.70.175.207 - - [18/Jul/2021:09:15:34 +0800] "GET /xingrg/all/function/internal_message.html?_=1626570935600&CODE_STATE=getMsg HTTP/1.1" 200 27
101.83.145.79 - - [18/Jul/2021:09:15:36 +0800] "GET /xingrg/kc/buy/cgsh_order_operate.html?command=get_materiel&rest_code=00105&code=00101001010&supplier_code=00100397&order_time=2021-07-18 HTTP/1.1" 200 409
116.235.222.38 - - [18/Jul/2021:09:15:38 +0800] "GET /xingrg/kc/mdqp/qp_main.html HTTP/1.1" 200 10633
116.235.222.38 - - [18/Jul/2021:09:15:39 +0800] "GET /xingrg/images/yd/bt.gif HTTP/1.1" 404 1040
101.83.145.79 - - [18/Jul/2021:09:15:40 +0800] "POST /xingrg/services/DataTransmitService HTTP/1.1" 200 524
116.235.222.38 - - [18/Jul/2021:09:15:40 +0800] "GET /xingrg/kc/mdqp/qqps_order_list.html HTTP/1.1" 200 9222
116.235.222.38 - - [18/Jul/2021:09:15:40 +0800] "GET /xingrg/dwr/interface/AjaxQqpsService.js HTTP/1.1" 200 16326
116.235.222.38 - - [18/Jul/2021:09:15:40 +0800] "GET /xingrg/dwr/interface/AjaxReportQueryService.js HTTP/1.1" 200 13203
116.235.222.38 - - [18/Jul/2021:09:15:40 +0800] "GET /xingrg/dwr/engine.js HTTP/1.1" 200 43631
116.235.222.38 - - [18/Jul/2021:09:15:40 +0800] "GET /xingrg/dwr/util.js HTTP/1.1" 200 35990
180.156.224.123 - - [18/Jul/2021:09:15:41 +0800] "GET /xingrg/kc/buy/cgsh_order_operate.html?command=get_materiel&rest_code=00150&code=00101012032&supplier_code=00100096&order_time=2021-07-18 HTTP/1.1" 200 416
116.235.222.38 - - [18/Jul/2021:09:15:43 +0800] "GET /xingrg/kc/mdqp/qqps_order_add.html HTTP/1.1" 200 28163
116.235.222.38 - - [18/Jul/2021:09:15:43 +0800] "GET /xingrg/dwr/interface/AjaxComOrderService.js HTTP/1.1" 200 18264
116.235.222.38 - - [18/Jul/2021:09:15:43 +0800] "GET /xingrg/dwr/interface/AjaxQqpsService.js HTTP/1.1" 200 16326
116.235.222.38 - - [18/Jul/2021:09:15:43 +0800] "GET /xingrg/dwr/engine.js HTTP/1.1" 200 43631
116.235.222.38 - - [18/Jul/2021:09:15:43 +0800] "GET /xingrg/words/20210717175503_words.js HTTP/1.1" 304 -
180.156.224.123 - - [18/Jul/2021:09:15:51 +0800] "GET /xingrg/kc/buy/cgsh_order_operate.html?command=get_materiel&rest_code=00150&code=00101012024&supplier_code=00100096&order_time=2021-07-18 HTTP/1.1" 200 408
222.70.175.207 - - [18/Jul/2021:09:15:51 +0800] "GET /xingrg/kc/buy/cgsh_order_operate.html?command=get_materiel&rest_code=00146&code=00101008175&supplier_code=00100005&order_time=2021-07-18 HTTP/1.1" 200 412
116.235.222.38 - - [18/Jul/2021:09:15:53 +0800] "GET /xingrg/all/function/internal_message.html?_=1626570953654&CODE_STATE=getMsg HTTP/1.1" 200 27
180.156.224.123 - - [18/Jul/2021:09:15:56 +0800] "GET /xingrg/all/function/internal_message.html?_=1626570956390&CODE_STATE=getMsg HTTP/1.1" 200 27
180.156.224.123 - - [18/Jul/2021:09:15:58 +0800] "GET /xingrg/kc/buy/cgsh_order_operate.html?command=get_materiel&rest_code=00150&code=00101001010&supplier_code=00100096&order_time=2021-07-18 HTTP/1.1" 200 411
101.83.145.79 - - [18/Jul/2021:09:16:01 +0800] "GET /xingrg/all/function/internal_message.html?_=1626570963970&CODE_STATE=getMsg HTTP/1.1" 200 27
101.83.145.79 - - [18/Jul/2021:09:16:03 +0800] "POST /xingrg/services/DataTransmitService HTTP/1.1" 200 501
101.83.145.79 - - [18/Jul/2021:09:16:03 +0800] "POST /xingrg/services/DataTransmitService HTTP/1.1" 200 501
116.235.222.38 - - [18/Jul/2021:09:16:04 +0800] "POST /xingrg/dwr/call/plaincall/AjaxQqpsService.saveOrder.dwr HTTP/1.1" 200 78
101.83.145.79 - - [18/Jul/2021:09:16:05 +0800] "POST /xingrg/services/DataTransmitService HTTP/1.1" 200 501
101.83.145.79 - - [18/Jul/2021:09:16:06 +0800] "POST /xingrg/services/DataTransmitService HTTP/1.1" 200 501
101.83.145.79 - - [18/Jul/2021:09:16:07 +0800] "POST /xingrg/services/DataTransmitService HTTP/1.1" 200 501
101.83.145.79 - - [18/Jul/2021:09:16:07 +0800] "POST /xingrg/services/DataTransmitService HTTP/1.1" 200 501
116.235.222.38 - - [18/Jul/2021:09:16:08 +0800] "GET /xingrg/javascript/auto/indicator.gif HTTP/1.1" 404 1066
222.70.175.207 - - [18/Jul/2021:09:16:08 +0800] "GET /xingrg/kc/buy/cgsh_order_operate.html?command=get_materiel&rest_code=00146&code=00101008223&supplier_code=00100005&order_time=2021-07-18 HTTP/1.1" 200 412
101.83.145.79 - - [18/Jul/2021:09:16:08 +0800] "POST /xingrg/services/DataTransmitService HTTP/1.1" 200 501
101.83.145.79 - - [18/Jul/2021:09:16:09 +0800] "POST /xingrg/services/DataTransmitService HTTP/1.1" 200 501
101.85.107.54 - - [18/Jul/2021:09:16:09 +0800] "GET /xingrg/all/function/internal_message.html?_=1626570376013&CODE_STATE=getMsg HTTP/1.1" 200 27
101.83.145.79 - - [18/Jul/2021:09:16:09 +0800] "POST /xingrg/services/DataTransmitService HTTP/1.1" 200 501
101.83.145.79 - - [18/Jul/2021:09:16:09 +0800] "POST /xingrg/services/DataTransmitService HTTP/1.1" 200 412
101.83.145.79 - - [18/Jul/2021:09:16:15 +0800] "POST /xingrg/kc/buy/cgsh_order_operate.html HTTP/1.1" 200 37
180.169.147.146 - - [18/Jul/2021:09:16:16 +0800] "GET /xingrg/check_reg.html?_=1626570961153 HTTP/1.1" 302 -
180.169.147.146 - - [18/Jul/2021:09:16:16 +0800] "GET /xingrg/login.html HTTP/1.1" 200 1706
180.156.224.123 - - [18/Jul/2021:09:16:16 +0800] "GET /xingrg/kc/buy/cgsh_order_operate.html?command=get_materiel&rest_code=00150&code=00101001084&supplier_code=00100096&order_time=2021-07-18 HTTP/1.1" 200 415
101.83.145.79 - - [18/Jul/2021:09:16:16 +0800] "POST /xingrg/kc/buy/cgsh_order_operate.html HTTP/1.1" 200 4430
222.70.175.207 - - [18/Jul/2021:09:16:16 +0800] "GET /xingrg/kc/buy/cgsh_order_operate.html?command=get_materiel&rest_code=00146&code=00101008168&supplier_code=00100005&order_time=2021-07-18 HTTP/1.1" 200 413
116.235.222.38 - - [18/Jul/2021:09:16:16 +0800] "POST /xingrg/dwr/call/plaincall/AjaxQqpsService.getMaterielByCode.dwr HTTP/1.1" 200 3435
180.169.147.146 - - [18/Jul/2021:09:16:16 +0800] "GET /xingrg/check_reg.html?_=1626570976634 HTTP/1.1" 200 71
180.169.147.146 - - [18/Jul/2021:09:16:16 +0800] "GET /xingrg/all/function/internal_message.html?_=1626570976638&CODE_STATE=getMsg HTTP/1.1" 200 27
222.70.175.207 - - [18/Jul/2021:09:16:18 +0800] "POST /xingrg/kc/buy/cgsh_order_operate.html HTTP/1.1" 200 2065
116.235.222.38 - - [18/Jul/2021:09:16:19 +0800] "POST /xingrg/dwr/call/plaincall/AjaxQqpsService.saveMaterielItem.dwr HTTP/1.1" 200 78
222.69.131.78 - - [18/Jul/2021:09:16:21 +0800] "GET /xingrg/all/function/internal_message.html?_=1626570979978&CODE_STATE=getMsg HTTP/1.1" 200 27
222.70.175.207 - - [18/Jul/2021:09:16:25 +0800] "GET /xingrg/kc/buy/cgsh_order_operate.html?command=get_materiel&rest_code=00146&code=00101008236&supplier_code=00100005&order_time=2021-07-18 HTTP/1.1" 200 416
180.174.226.65 - - [18/Jul/2021:09:16:26 +0800] "GET /xingrg/login.html HTTP/1.1" 200 1706
180.174.226.65 - - [18/Jul/2021:09:16:27 +0800] "GET /xingrg/css/blue.css HTTP/1.1" 304 -
180.174.226.65 - - [18/Jul/2021:09:16:27 +0800] "GET /xingrg/images/blue/error_top.gif HTTP/1.1" 304 -
180.174.226.65 - - [18/Jul/2021:09:16:27 +0800] "GET /xingrg/images/blue/error_buttom.gif HTTP/1.1" 304 -
180.174.226.65 - - [18/Jul/2021:09:16:27 +0800] "GET /xingrg/images/blue/error_mid.gif HTTP/1.1" 304 -
180.174.226.65 - - [18/Jul/2021:09:16:27 +0800] "GET /favicon.ico HTTP/1.1" 404 -
180.174.226.65 - - [18/Jul/2021:09:16:29 +0800] "GET /xingrg/login.html?r=1 HTTP/1.1" 200 7641
180.174.226.65 - - [18/Jul/2021:09:16:29 +0800] "GET /xingrg/images/blue/jxLogo.png HTTP/1.1" 304 -
180.174.226.65 - - [18/Jul/2021:09:16:29 +0800] "GET /xingrg/images/blue/login_bg.png HTTP/1.1" 304 -
180.174.226.65 - - [18/Jul/2021:09:16:30 +0800] "GET /xingrg/images/blue/hj.png HTTP/1.1" 304 -
180.174.226.65 - - [18/Jul/2021:09:16:30 +0800] "GET /xingrg/images/blue/srbg.png HTTP/1.1" 304 -
180.174.226.65 - - [18/Jul/2021:09:16:30 +0800] "GET /favicon.ico HTTP/1.1" 404 -
116.235.222.38 - - [18/Jul/2021:09:16:31 +0800] "POST /xingrg/dwr/call/plaincall/AjaxQqpsService.getMaterielByCode.dwr HTTP/1.1" 200 3522
116.235.222.38 - - [18/Jul/2021:09:16:33 +0800] "POST /xingrg/dwr/call/plaincall/AjaxQqpsService.saveMaterielItem.dwr HTTP/1.1" 200 78
222.70.175.207 - - [18/Jul/2021:09:16:33 +0800] "GET /xingrg/kc/buy/cgsh_order_operate.html?command=get_materiel&rest_code=00146&code=00101009011&supplier_code=00100005&order_time=2021-07-18 HTTP/1.1" 200 416
222.70.175.207 - - [18/Jul/2021:09:16:34 +0800] "GET /xingrg/all/function/internal_message.html?_=1626570995660&CODE_STATE=getMsg HTTP/1.1" 200 27
222.70.175.207 - - [18/Jul/2021:09:16:41 +0800] "GET /xingrg/kc/buy/cgsh_order_operate.html?command=get_materiel&rest_code=00146&code=00101009015&supplier_code=00100005&order_time=2021-07-18 HTTP/1.1" 200 417
116.235.222.38 - - [18/Jul/2021:09:16:41 +0800] "POST /xingrg/dwr/call/plaincall/AjaxQqpsService.getMaterielByCode.dwr HTTP/1.1" 200 3515
116.235.222.38 - - [18/Jul/2021:09:16:45 +0800] "POST /xingrg/dwr/call/plaincall/AjaxQqpsService.saveMaterielItem.dwr HTTP/1.1" 200 78
180.156.224.123 - - [18/Jul/2021:09:16:46 +0800] "GET /xingrg/system/info/materiel_import.html?isSelect=1&singleSelect=false HTTP/1.1" 200 5600
180.156.224.123 - - [18/Jul/2021:09:16:47 +0800] "POST /xingrg/all/common/load_tree.html?tree=materiel_sort_tree_json HTTP/1.1" 200 8666
180.156.224.123 - - [18/Jul/2021:09:16:47 +0800] "GET /xingrg/javascript/jquery_easy_ui/themes/icons/search.png HTTP/1.1" 304 -
180.156.224.123 - - [18/Jul/2021:09:16:47 +0800] "GET /xingrg/javascript/jquery_easy_ui/themes/default/images/datagrid_header_bg.gif HTTP/1.1" 200 97
180.156.224.123 - - [18/Jul/2021:09:16:47 +0800] "GET /xingrg/javascript/jquery_easy_ui/themes/icons/edit_add.png HTTP/1.1" 200 1088
180.156.224.123 - - [18/Jul/2021:09:16:47 +0800] "GET /xingrg/javascript/jquery_easy_ui/themes/default/images/pagination_prev.gif HTTP/1.1" 200 879
180.156.224.123 - - [18/Jul/2021:09:16:47 +0800] "GET /xingrg/javascript/jquery_easy_ui/themes/default/images/pagination_load.png HTTP/1.1" 200 827
180.156.224.123 - - [18/Jul/2021:09:16:47 +0800] "GET /xingrg/javascript/jquery_easy_ui/themes/default/images/pagination_first.gif HTTP/1.1" 200 925
180.156.224.123 - - [18/Jul/2021:09:16:47 +0800] "GET /xingrg/javascript/jquery_easy_ui/themes/default/images/pagination_last.gif HTTP/1.1" 200 923
180.156.224.123 - - [18/Jul/2021:09:16:47 +0800] "GET /xingrg/javascript/jquery_easy_ui/themes/default/images/pagination_next.gif HTTP/1.1" 200 875
180.156.224.123 - - [18/Jul/2021:09:16:47 +0800] "GET /favicon.ico HTTP/1.1" 404 -
116.235.222.38 - - [18/Jul/2021:09:16:53 +0800] "GET /xingrg/all/function/internal_message.html?_=1626571013653&CODE_STATE=getMsg HTTP/1.1" 200 27
116.235.222.38 - - [18/Jul/2021:09:16:56 +0800] "POST /xingrg/dwr/call/plaincall/AjaxQqpsService.getMaterielByCode.dwr HTTP/1.1" 200 3524
180.156.224.123 - - [18/Jul/2021:09:16:56 +0800] "GET /xingrg/all/function/internal_message.html?_=1626571016392&CODE_STATE=getMsg HTTP/1.1" 200 27
116.235.222.38 - - [18/Jul/2021:09:16:58 +0800] "POST /xingrg/dwr/call/plaincall/AjaxQqpsService.saveMaterielItem.dwr HTTP/1.1" 200 78
180.156.224.123 - - [18/Jul/2021:09:17:01 +0800] "GET /xingrg/kc/buy/cgsh_order_operate.html?command=get_materiel&rest_code=00150&code=00101006129&supplier_code=00100096&order_time=2021-07-18 HTTP/1.1" 200 431
101.83.145.79 - - [18/Jul/2021:09:17:01 +0800] "GET /xingrg/all/function/internal_message.html?_=1626571023980&CODE_STATE=getMsg HTTP/1.1" 200 27
116.235.222.38 - - [18/Jul/2021:09:17:03 +0800] "POST /xingrg/dwr/call/plaincall/AjaxQqpsService.getMaterielByCode.dwr HTTP/1.1" 200 3510
180.169.147.146 - - [18/Jul/2021:09:17:05 +0800] "GET /xingrg/check_reg.html?_=1626571024392 HTTP/1.1" 302 -
101.85.107.54 - - [18/Jul/2021:09:17:09 +0800] "GET /xingrg/all/function/internal_message.html?_=1626570435997&CODE_STATE=getMsg HTTP/1.1" 200 27
180.156.224.123 - - [18/Jul/2021:09:17:12 +0800] "GET /xingrg/kc/buy/cgsh_order_operate.html?command=get_materiel&rest_code=00150&code=00101006068&supplier_code=00100096&order_time=2021-07-18 HTTP/1.1" 200 410
180.169.147.146 - - [18/Jul/2021:09:17:16 +0800] "GET /xingrg/all/function/internal_message.html?_=1626571036638&CODE_STATE=getMsg HTTP/1.1" 200 27
222.69.131.78 - - [18/Jul/2021:09:17:21 +0800] "GET /xingrg/all/function/internal_message.html?_=1626571039957&CODE_STATE=getMsg HTTP/1.1" 200 27
222.69.131.78 - - [18/Jul/2021:09:17:21 +0800] "GET /xingrg/check_reg.html?_=1626571040070 HTTP/1.1" 200 71
101.83.145.79 - - [18/Jul/2021:09:17:22 +0800] "POST /xingrg/kc/buy/cgsh_order_operate.html HTTP/1.1" 200 37
101.83.145.79 - - [18/Jul/2021:09:17:24 +0800] "POST /xingrg/kc/buy/cgsh_order_operate.html HTTP/1.1" 200 4430
101.83.145.79 - - [18/Jul/2021:09:17:25 +0800] "GET /xingrg/kc/print/load_data.html?order_code=212021071808170&kc_code=cgsh&condition= HTTP/1.1" 200 1349
116.235.222.38 - - [18/Jul/2021:09:17:28 +0800] "POST /xingrg/dwr/call/plaincall/AjaxQqpsService.saveMaterielItem.dwr HTTP/1.1" 200 79
180.156.224.123 - - [18/Jul/2021:09:17:33 +0800] "GET /xingrg/kc/buy/cgsh_order_operate.html?command=get_materiel&rest_code=00150&code=00101006130&supplier_code=00100096&order_time=2021-07-18 HTTP/1.1" 200 429
222.70.175.207 - - [18/Jul/2021:09:17:34 +0800] "GET /xingrg/all/function/internal_message.html?_=1626571055808&CODE_STATE=getMsg HTTP/1.1" 200 27
222.69.131.78 - - [18/Jul/2021:09:17:35 +0800] "POST /xingrg/services/DataTransmitService HTTP/1.1" 200 524
222.69.131.78 - - [18/Jul/2021:09:17:35 +0800] "POST /xingrg/services/DataTransmitService HTTP/1.1" 200 1983
222.69.131.78 - - [18/Jul/2021:09:17:37 +0800] "POST /xingrg/services/DataTransmitService HTTP/1.1" 200 524
222.69.131.78 - - [18/Jul/2021:09:17:37 +0800] "POST /xingrg/services/DataTransmitService HTTP/1.1" 200 1983
222.69.131.78 - - [18/Jul/2021:09:17:43 +0800] "POST /xingrg/services/DataTransmitService HTTP/1.1" 200 524
222.69.131.78 - - [18/Jul/2021:09:17:43 +0800] "POST /xingrg/services/DataTransmitService HTTP/1.1" 200 1983
116.235.222.38 - - [18/Jul/2021:09:17:53 +0800] "GET /xingrg/all/function/internal_message.html?_=1626571073644&CODE_STATE=getMsg HTTP/1.1" 200 27
180.156.224.123 - - [18/Jul/2021:09:17:56 +0800] "GET /xingrg/all/function/internal_message.html?_=1626571076424&CODE_STATE=getMsg HTTP/1.1" 200 27
222.69.131.78 - - [18/Jul/2021:09:17:57 +0800] "POST /xingrg/services/DataTransmitService HTTP/1.1" 401 565
222.69.131.78 - - [18/Jul/2021:09:17:57 +0800] "POST /xingrg/services/DataTransmitService HTTP/1.1" 200 478
222.69.131.78 - - [18/Jul/2021:09:17:57 +0800] "POST /xingrg/services/DataTransmitService HTTP/1.1" 200 1320
222.69.131.78 - - [18/Jul/2021:09:17:57 +0800] "POST /xingrg/services/DataTransmitService HTTP/1.1" 200 478
222.69.131.78 - - [18/Jul/2021:09:17:57 +0800] "POST /xingrg/services/DataTransmitService HTTP/1.1" 200 1320
222.69.131.78 - - [18/Jul/2021:09:17:57 +0800] "POST /xingrg/services/DataTransmitService HTTP/1.1" 200 524
222.69.131.78 - - [18/Jul/2021:09:17:58 +0800] "POST /xingrg/services/DataTransmitService HTTP/1.1" 200 1983
222.69.131.78 - - [18/Jul/2021:09:17:58 +0800] "POST /xingrg/services/DataTransmitService HTTP/1.1" 200 45454
222.69.131.78 - - [18/Jul/2021:09:17:58 +0800] "POST /xingrg/services/DataTransmitService HTTP/1.1" 200 19237
101.83.145.79 - - [18/Jul/2021:09:18:01 +0800] "GET /xingrg/all/function/internal_message.html?_=1626571083922&CODE_STATE=getMsg HTTP/1.1" 200 27
222.69.131.78 - - [18/Jul/2021:09:18:02 +0800] "POST /xingrg/services/DataTransmitService HTTP/1.1" 200 524
222.69.131.78 - - [18/Jul/2021:09:18:02 +0800] "POST /xingrg/services/DataTransmitService HTTP/1.1" 200 1983
101.85.107.54 - - [18/Jul/2021:09:18:09 +0800] "GET /xingrg/all/function/internal_message.html?_=1626570496012&CODE_STATE=getMsg HTTP/1.1" 200 27
222.69.131.78 - - [18/Jul/2021:09:18:09 +0800] "POST /xingrg/services/DataTransmitService HTTP/1.1" 200 524
180.169.147.146 - - [18/Jul/2021:09:18:16 +0800] "GET /xingrg/all/function/internal_message.html?_=1626571096625&CODE_STATE=getMsg HTTP/1.1" 200 27
222.69.131.78 - - [18/Jul/2021:09:18:21 +0800] "GET /xingrg/all/function/internal_message.html?_=1626571099945&CODE_STATE=getMsg HTTP/1.1" 200 27
222.70.175.207 - - [18/Jul/2021:09:18:34 +0800] "GET /xingrg/all/function/internal_message.html?_=1626571115812&CODE_STATE=getMsg HTTP/1.1" 200 27
222.69.131.78 - - [18/Jul/2021:09:18:40 +0800] "POST /xingrg/services/DataTransmitService HTTP/1.1" 200 501
222.69.131.78 - - [18/Jul/2021:09:18:40 +0800] "POST /xingrg/services/DataTransmitService HTTP/1.1" 200 501
222.69.131.78 - - [18/Jul/2021:09:18:42 +0800] "POST /xingrg/services/DataTransmitService HTTP/1.1" 200 501
222.69.131.78 - - [18/Jul/2021:09:18:44 +0800] "POST /xingrg/services/DataTransmitService HTTP/1.1" 200 501
222.69.131.78 - - [18/Jul/2021:09:18:45 +0800] "POST /xingrg/services/DataTransmitService HTTP/1.1" 200 501
222.69.131.78 - - [18/Jul/2021:09:18:45 +0800] "POST /xingrg/services/DataTransmitService HTTP/1.1" 200 501
222.69.131.78 - - [18/Jul/2021:09:18:46 +0800] "POST /xingrg/services/DataTransmitService HTTP/1.1" 200 501
222.69.131.78 - - [18/Jul/2021:09:18:47 +0800] "POST /xingrg/services/DataTransmitService HTTP/1.1" 200 501
222.69.131.78 - - [18/Jul/2021:09:18:47 +0800] "POST /xingrg/services/DataTransmitService HTTP/1.1" 200 501
222.69.131.78 - - [18/Jul/2021:09:18:47 +0800] "POST /xingrg/services/DataTransmitService HTTP/1.1" 200 412
116.235.222.38 - - [18/Jul/2021:09:18:53 +0800] "GET /xingrg/all/function/internal_message.html?_=1626571133649&CODE_STATE=getMsg HTTP/1.1" 200 27
222.70.175.207 - - [18/Jul/2021:09:18:56 +0800] "POST /xingrg/kc/buy/cgsh_order_operate.html HTTP/1.1" 200 37
180.156.224.123 - - [18/Jul/2021:09:18:56 +0800] "GET /xingrg/check_reg.html?_=1626571136402 HTTP/1.1" 200 71
180.156.224.123 - - [18/Jul/2021:09:18:56 +0800] "GET /xingrg/all/function/internal_message.html?_=1626571136404&CODE_STATE=getMsg HTTP/1.1" 200 27
222.70.175.207 - - [18/Jul/2021:09:18:59 +0800] "POST /xingrg/kc/buy/cgsh_order_operate.html HTTP/1.1" 200 46401
101.83.145.79 - - [18/Jul/2021:09:19:01 +0800] "GET /xingrg/check_reg.html?_=1626571143855 HTTP/1.1" 200 71
101.83.145.79 - - [18/Jul/2021:09:19:01 +0800] "GET /xingrg/all/function/internal_message.html?_=1626571143899&CODE_STATE=getMsg HTTP/1.1" 200 27
101.85.107.54 - - [18/Jul/2021:09:19:09 +0800] "GET /xingrg/all/function/internal_message.html?_=1626570556011&CODE_STATE=getMsg HTTP/1.1" 200 27
222.70.175.207 - - [18/Jul/2021:09:19:09 +0800] "GET /xingrg/kc/buy/cgsh_order_operate.html?command=get_materiel&rest_code=00146&code=00101008095&supplier_code=00100005&order_time=2021-07-18 HTTP/1.1" 200 412
180.169.147.146 - - [18/Jul/2021:09:19:16 +0800] "GET /xingrg/all/function/internal_message.html?_=1626571156627&CODE_STATE=getMsg HTTP/1.1" 200 27
222.69.131.78 - - [18/Jul/2021:09:19:21 +0800] "GET /xingrg/all/function/internal_message.html?_=1626571159920&CODE_STATE=getMsg HTTP/1.1" 200 27
222.69.131.78 - - [18/Jul/2021:09:19:21 +0800] "POST /xingrg/services/DataTransmitService HTTP/1.1" 200 524
180.156.224.123 - - [18/Jul/2021:09:19:30 +0800] "GET /xingrg/kc/buy/cgsh_order_operate.html?command=get_materiel&rest_code=00150&code=00101006112&supplier_code=00100096&order_time=2021-07-18 HTTP/1.1" 200 409
222.70.175.207 - - [18/Jul/2021:09:19:33 +0800] "GET /xingrg/check_reg.html?_=1626571174958 HTTP/1.1" 200 71
222.70.175.207 - - [18/Jul/2021:09:19:34 +0800] "GET /xingrg/all/function/internal_message.html?_=1626571175968&CODE_STATE=getMsg HTTP/1.1" 200 27
58.40.7.146 - - [18/Jul/2021:09:19:38 +0800] "GET /xingrg/check_reg.html?_=1626571178754 HTTP/1.1" 302 -
116.235.222.38 - - [18/Jul/2021:09:19:53 +0800] "GET /xingrg/check_reg.html?_=1626571193644 HTTP/1.1" 200 71
116.235.222.38 - - [18/Jul/2021:09:19:53 +0800] "GET /xingrg/all/function/internal_message.html?_=1626571193644&CODE_STATE=getMsg HTTP/1.1" 200 27
180.156.224.123 - - [18/Jul/2021:09:19:56 +0800] "GET /xingrg/all/function/internal_message.html?_=1626571196399&CODE_STATE=getMsg HTTP/1.1" 200 27
101.83.145.79 - - [18/Jul/2021:09:19:56 +0800] "GET /xingrg/kc/buy/cgsh_order_list.html HTTP/1.1" 200 46988
101.83.145.79 - - [18/Jul/2021:09:19:59 +0800] "POST /xingrg/kc/buy/cgsh_list_operate.html HTTP/1.1" 200 2771
101.83.145.79 - - [18/Jul/2021:09:20:01 +0800] "GET /xingrg/all/function/internal_message.html?_=1626571203869&CODE_STATE=getMsg HTTP/1.1" 200 27
101.83.145.79 - - [18/Jul/2021:09:20:03 +0800] "POST /xingrg/kc/buy/cgsh_list_operate.html HTTP/1.1" 200 423
101.83.145.79 - - [18/Jul/2021:09:20:03 +0800] "GET /xingrg/kc/buy/cgsh_order_info.html?code=212021071808170 HTTP/1.1" 200 62784
101.83.145.79 - - [18/Jul/2021:09:20:03 +0800] "GET /xingrg/javascript/easyui/themes/default/validatebox.css HTTP/1.1" 404 1104
101.83.145.79 - - [18/Jul/2021:09:20:04 +0800] "POST /xingrg/kc/buy/cgsh_order_operate.html HTTP/1.1" 200 4430
116.235.222.38 - - [18/Jul/2021:09:20:05 +0800] "POST /xingrg/dwr/call/plaincall/AjaxQqpsService.getMaterielByCode.dwr HTTP/1.1" 200 3523
116.235.222.38 - - [18/Jul/2021:09:20:08 +0800] "POST /xingrg/dwr/call/plaincall/AjaxQqpsService.saveMaterielItem.dwr HTTP/1.1" 200 79
222.70.175.207 - - [18/Jul/2021:09:20:09 +0800] "GET /xingrg/kc/buy/cgsh_order_operate.html?command=get_materiel&rest_code=00146&code=00101008323&supplier_code=00100005&order_time=2021-07-18 HTTP/1.1" 200 408
101.85.107.54 - - [18/Jul/2021:09:20:09 +0800] "GET /xingrg/check_reg.html?_=1626570616011 HTTP/1.1" 200 71
101.85.107.54 - - [18/Jul/2021:09:20:09 +0800] "GET /xingrg/all/function/internal_message.html?_=1626570616014&CODE_STATE=getMsg HTTP/1.1" 200 27
180.169.147.146 - - [18/Jul/2021:09:20:16 +0800] "GET /xingrg/all/function/internal_message.html?_=1626571216628&CODE_STATE=getMsg HTTP/1.1" 200 27
222.70.175.207 - - [18/Jul/2021:09:20:20 +0800] "GET /xingrg/kc/buy/cgsh_order_operate.html?command=get_materiel&rest_code=00146&code=00101008089&supplier_code=00100005&order_time=2021-07-18 HTTP/1.1" 200 408
222.69.131.78 - - [18/Jul/2021:09:20:21 +0800] "GET /xingrg/all/function/internal_message.html?_=1626571219905&CODE_STATE=getMsg HTTP/1.1" 200 27
58.40.7.146 - - [18/Jul/2021:09:20:29 +0800] "GET /xingrg/check_reg.html?_=1626571230011 HTTP/1.1" 302 -
222.70.175.207 - - [18/Jul/2021:09:20:29 +0800] "GET /xingrg/kc/buy/cgsh_order_operate.html?command=get_materiel&rest_code=00146&code=00101008176&supplier_code=00100005&order_time=2021-07-18 HTTP/1.1" 200 412
222.70.175.207 - - [18/Jul/2021:09:20:31 +0800] "POST /xingrg/kc/buy/cgsh_order_operate.html HTTP/1.1" 200 2065
222.70.175.207 - - [18/Jul/2021:09:20:34 +0800] "GET /xingrg/all/function/internal_message.html?_=1626571235979&CODE_STATE=getMsg HTTP/1.1" 200 27
116.235.222.38 - - [18/Jul/2021:09:20:40 +0800] "POST /xingrg/dwr/call/plaincall/AjaxQqpsService.getMaterielByCode.dwr HTTP/1.1" 200 3496
222.69.131.78 - - [18/Jul/2021:09:20:45 +0800] "GET /xingrg/javascript/jquery_easy_ui/themes/default/images/tabs_active.png HTTP/1.1" 200 2894
116.235.222.38 - - [18/Jul/2021:09:20:53 +0800] "GET /xingrg/all/function/internal_message.html?_=1626571253650&CODE_STATE=getMsg HTTP/1.1" 200 27
180.156.224.123 - - [18/Jul/2021:09:20:56 +0800] "GET /xingrg/all/function/internal_message.html?_=1626571256402&CODE_STATE=getMsg HTTP/1.1" 200 27
222.69.131.78 - - [18/Jul/2021:09:20:58 +0800] "GET /xingrg/kc/buy/cgsh_order_operate.html?command=get_materiel&rest_code=00149&code=00101016022&supplier_code=00100036&order_time=2021-07-18 HTTP/1.1" 200 408
101.83.145.79 - - [18/Jul/2021:09:21:01 +0800] "GET /xingrg/all/function/internal_message.html?_=1626571263856&CODE_STATE=getMsg HTTP/1.1" 200 27
222.70.175.207 - - [18/Jul/2021:09:21:01 +0800] "POST /xingrg/kc/buy/cgsh_order_operate.html HTTP/1.1" 200 37
222.70.175.207 - - [18/Jul/2021:09:21:04 +0800] "POST /xingrg/kc/buy/cgsh_order_operate.html HTTP/1.1" 200 49348
116.235.222.38 - - [18/Jul/2021:09:21:04 +0800] "POST /xingrg/dwr/call/plaincall/AjaxQqpsService.saveMaterielItem.dwr HTTP/1.1" 200 79
101.85.107.54 - - [18/Jul/2021:09:21:09 +0800] "GET /xingrg/all/function/internal_message.html?_=1626570675999&CODE_STATE=getMsg HTTP/1.1" 200 27
222.70.175.207 - - [18/Jul/2021:09:21:11 +0800] "GET /xingrg/kc/buy/cgsh_order_operate.html?command=get_materiel&rest_code=00146&code=00101008418&supplier_code=00100005&order_time=2021-07-18 HTTP/1.1" 200 398
222.69.131.78 - - [18/Jul/2021:09:21:14 +0800] "GET /xingrg/kc/buy/cgsh_order_operate.html?command=get_materiel&rest_code=00149&code=00101016080&supplier_code=00100036&order_time=2021-07-18 HTTP/1.1" 200 408
180.169.147.146 - - [18/Jul/2021:09:21:16 +0800] "GET /xingrg/check_reg.html?_=1626571261124 HTTP/1.1" 302 -
180.169.147.146 - - [18/Jul/2021:09:21:16 +0800] "GET /xingrg/login.html HTTP/1.1" 200 1706
180.169.147.146 - - [18/Jul/2021:09:21:16 +0800] "GET /xingrg/all/function/internal_message.html?_=1626571276630&CODE_STATE=getMsg HTTP/1.1" 200 27
180.169.147.146 - - [18/Jul/2021:09:21:16 +0800] "GET /xingrg/check_reg.html?_=1626571276634 HTTP/1.1" 200 71
