222.69.131.78 - - [18/Jul/2021:08:47:21 +0800] "GET /xingrg/check_reg.html?_=1626569239983 HTTP/1.1" 200 71
222.69.131.78 - - [18/Jul/2021:08:47:21 +0800] "GET /xingrg/all/function/internal_message.html?_=1626569239992&CODE_STATE=getMsg HTTP/1.1" 200 27
222.70.175.207 - - [18/Jul/2021:08:47:24 +0800] "GET /xingrg/kc/buy/cgsh_order_operate.html?command=get_materiel&rest_code=00146&code=00101016080&supplier_code=00100033&order_time=2021-07-18 HTTP/1.1" 200 408
120.253.135.82 - - [18/Jul/2021:08:47:25 +0800] "GET /xingrg/check_reg.html?_=1626569025713 HTTP/1.1" 200 71
222.69.131.78 - - [18/Jul/2021:08:47:27 +0800] "GET /xingrg/kc/buy/cgsh_order_operate.html?command=get_materiel&rest_code=00149&code=00101008306&supplier_code=00100005&order_time=2021-07-18 HTTP/1.1" 200 412
120.253.135.82 - - [18/Jul/2021:08:47:32 +0800] "GET /xingrg/all/function/internal_message.html?_=1626569032374&CODE_STATE=getMsg HTTP/1.1" 200 27
222.70.175.207 - - [18/Jul/2021:08:47:33 +0800] "GET /xingrg/kc/buy/cgsh_order_operate.html?command=get_materiel&rest_code=00146&code=00101011001&supplier_code=00100033&order_time=2021-07-18 HTTP/1.1" 200 423
222.70.175.207 - - [18/Jul/2021:08:47:40 +0800] "GET /xingrg/kc/buy/cgsh_order_operate.html?command=get_materiel&rest_code=00146&code=00101012026&supplier_code=00100033&order_time=2021-07-18 HTTP/1.1" 200 408
180.174.226.65 - - [18/Jul/2021:08:47:42 +0800] "GET /xingrg/check_reg.html?_=1626569230533 HTTP/1.1" 302 -
222.69.131.78 - - [18/Jul/2021:08:47:56 +0800] "POST /xingrg/kc/buy/cgsh_order_operate.html HTTP/1.1" 200 37
222.70.175.207 - - [18/Jul/2021:08:47:57 +0800] "GET /xingrg/kc/buy/cgsh_order_operate.html?command=get_materiel&rest_code=00146&code=00101020215&supplier_code=00100033&order_time=2021-07-18 HTTP/1.1" 200 391
222.69.131.78 - - [18/Jul/2021:08:48:00 +0800] "POST /xingrg/kc/buy/cgsh_order_operate.html HTTP/1.1" 200 21000
101.83.145.79 - - [18/Jul/2021:08:48:01 +0800] "GET /xingrg/all/function/internal_message.html?_=1626569283820&CODE_STATE=getMsg HTTP/1.1" 200 27
180.156.224.123 - - [18/Jul/2021:08:48:11 +0800] "GET /xingrg/all/function/internal_message.html?_=1626569291051&CODE_STATE=getMsg HTTP/1.1" 200 27
222.70.175.207 - - [18/Jul/2021:08:48:15 +0800] "GET /xingrg/kc/buy/cgsh_order_operate.html?command=get_materiel&rest_code=00146&code=00101012033&supplier_code=00100033&order_time=2021-07-18 HTTP/1.1" 200 426
222.70.175.207 - - [18/Jul/2021:08:48:19 +0800] "GET /xingrg/check_reg.html?_=1626569300950 HTTP/1.1" 200 71
222.70.175.207 - - [18/Jul/2021:08:48:19 +0800] "GET /xingrg/all/function/internal_message.html?_=1626569301052&CODE_STATE=getMsg HTTP/1.1" 200 27
222.69.131.78 - - [18/Jul/2021:08:48:21 +0800] "GET /xingrg/all/function/internal_message.html?_=1626569299984&CODE_STATE=getMsg HTTP/1.1" 200 27
120.253.135.82 - - [18/Jul/2021:08:48:32 +0800] "GET /xingrg/all/function/internal_message.html?_=1626569092387&CODE_STATE=getMsg HTTP/1.1" 200 27
222.70.175.207 - - [18/Jul/2021:08:48:45 +0800] "POST /xingrg/kc/buy/cgsh_order_operate.html HTTP/1.1" 200 37
222.69.131.78 - - [18/Jul/2021:08:48:47 +0800] "GET /xingrg/kc/buy/cgsh_order_operate.html?command=get_materiel&rest_code=00149&code=00101008357&supplier_code=00100005&order_time=2021-07-18 HTTP/1.1" 200 408
222.70.175.207 - - [18/Jul/2021:08:48:48 +0800] "POST /xingrg/kc/buy/cgsh_order_operate.html HTTP/1.1" 200 7980
222.70.175.207 - - [18/Jul/2021:08:48:51 +0800] "GET /xingrg/kc/print/load_config.html?kc_code=cgsh HTTP/1.1" 200 1845
222.70.175.207 - - [18/Jul/2021:08:48:51 +0800] "GET /xingrg/kc/print/load_data.html?order_code=212021071808161&kc_code=cgsh&condition= HTTP/1.1" 200 2742
222.69.131.78 - - [18/Jul/2021:08:48:56 +0800] "GET /xingrg/kc/buy/cgsh_order_operate.html?command=get_materiel&rest_code=00149&code=00101008286&supplier_code=00100005&order_time=2021-07-18 HTTP/1.1" 200 408
222.70.175.207 - - [18/Jul/2021:08:48:56 +0800] "GET /xingrg/kc/buy/cgsh_order_add.html HTTP/1.1" 200 62732
222.70.175.207 - - [18/Jul/2021:08:48:56 +0800] "POST /xingrg/kc/buy/cgsh_order_operate.html HTTP/1.1" 200 8245
222.70.175.207 - - [18/Jul/2021:08:48:56 +0800] "GET /xingrg/javascript/easyui/themes/default/validatebox.css HTTP/1.1" 404 1104
101.83.145.79 - - [18/Jul/2021:08:49:01 +0800] "GET /xingrg/all/function/internal_message.html?_=1626569343812&CODE_STATE=getMsg HTTP/1.1" 200 27
101.83.145.79 - - [18/Jul/2021:08:49:01 +0800] "GET /xingrg/check_reg.html?_=1626569343814 HTTP/1.1" 200 71
101.83.145.79 - - [18/Jul/2021:08:49:05 +0800] "GET /xingrg/javascript/jquery_easy_ui/themes/default/images/tabs_close.gif HTTP/1.1" 304 -
101.83.145.79 - - [18/Jul/2021:08:49:05 +0800] "GET /xingrg/css/base.css HTTP/1.1" 304 -
101.83.145.79 - - [18/Jul/2021:08:49:05 +0800] "GET /xingrg/kc/buy/cgsh_order_list.html HTTP/1.1" 200 46988
101.83.145.79 - - [18/Jul/2021:08:49:05 +0800] "GET /xingrg/javascript/jquery_tools/jquery.tools.min.js HTTP/1.1" 304 -
101.83.145.79 - - [18/Jul/2021:08:49:05 +0800] "GET /xingrg/javascript/jquery_tools/datebox.css HTTP/1.1" 304 -
101.83.145.79 - - [18/Jul/2021:08:49:05 +0800] "GET /xingrg/css/site.css HTTP/1.1" 304 -
101.83.145.79 - - [18/Jul/2021:08:49:05 +0800] "GET /xingrg/javascript/auto/jquery.autocomplete.css HTTP/1.1" 304 -
101.83.145.79 - - [18/Jul/2021:08:49:05 +0800] "GET /xingrg/javascript/easyui/themes/icon.css HTTP/1.1" 304 -
101.83.145.79 - - [18/Jul/2021:08:49:05 +0800] "GET /xingrg/javascript/easyui/themes/default/easyui.css HTTP/1.1" 304 -
101.83.145.79 - - [18/Jul/2021:08:49:05 +0800] "GET /xingrg/javascript/jquery_tools/fix.css HTTP/1.1" 304 -
101.83.145.79 - - [18/Jul/2021:08:49:05 +0800] "GET /xingrg/javascript/jquery_tools/table.css HTTP/1.1" 304 -
101.83.145.79 - - [18/Jul/2021:08:49:05 +0800] "GET /xingrg/javascript/jquery_tools/jquery.tools.extend.js HTTP/1.1" 304 -
101.83.145.79 - - [18/Jul/2021:08:49:05 +0800] "GET /xingrg/javascript/jquery_tools/jquery.tools.hotkey.js HTTP/1.1" 304 -
101.83.145.79 - - [18/Jul/2021:08:49:05 +0800] "GET /xingrg/javascript/jquery_tools/jquery.tools.table.js HTTP/1.1" 304 -
101.83.145.79 - - [18/Jul/2021:08:49:05 +0800] "GET /xingrg/javascript/auto/jquery.autocomplete.js HTTP/1.1" 304 -
101.83.145.79 - - [18/Jul/2021:08:49:05 +0800] "GET /xingrg/javascript/easyui/easyloader.js HTTP/1.1" 304 -
101.83.145.79 - - [18/Jul/2021:08:49:05 +0800] "GET /xingrg/javascript/jquery.cookie.js HTTP/1.1" 304 -
101.83.145.79 - - [18/Jul/2021:08:49:05 +0800] "GET /xingrg/javascript/print/LodopFuncs.js HTTP/1.1" 304 -
101.83.145.79 - - [18/Jul/2021:08:49:05 +0800] "GET /xingrg/javascript/jquery_tools/list_manager.js HTTP/1.1" 304 -
101.83.145.79 - - [18/Jul/2021:08:49:06 +0800] "GET /xingrg/javascript/easyui/themes/icons/cance_new.png HTTP/1.1" 304 -
101.83.145.79 - - [18/Jul/2021:08:49:06 +0800] "GET /xingrg/javascript/easyui/themes/icons/field_new.png HTTP/1.1" 304 -
101.83.145.79 - - [18/Jul/2021:08:49:06 +0800] "GET /xingrg/javascript/easyui/themes/icons/edit_add_new.png HTTP/1.1" 304 -
101.83.145.79 - - [18/Jul/2021:08:49:06 +0800] "GET /xingrg/javascript/easyui/themes/icons/check_new.png HTTP/1.1" 304 -
101.83.145.79 - - [18/Jul/2021:08:49:06 +0800] "GET /xingrg/javascript/easyui/themes/icons/import_new.png HTTP/1.1" 304 -
101.83.145.79 - - [18/Jul/2021:08:49:06 +0800] "GET /xingrg/javascript/easyui/plugins/jquery.parser.js HTTP/1.1" 304 -
101.83.145.79 - - [18/Jul/2021:08:49:06 +0800] "GET /xingrg/images/control/ajaxLoader.gif HTTP/1.1" 304 -
101.83.145.79 - - [18/Jul/2021:08:49:07 +0800] "POST /xingrg/kc/buy/cgsh_list_operate.html HTTP/1.1" 200 876
101.83.145.79 - - [18/Jul/2021:08:49:07 +0800] "GET /xingrg/javascript/easyui/themes/default/images/button_plain_hover.png HTTP/1.1" 304 -
222.70.175.207 - - [18/Jul/2021:08:49:08 +0800] "GET /xingrg/kc/buy/cgsh_order_operate.html?command=get_materiel&rest_code=00146&code=00101023022&supplier_code=00100012&order_time=2021-07-18 HTTP/1.1" 200 392
101.83.145.79 - - [18/Jul/2021:08:49:09 +0800] "GET /xingrg/javascript/pic_change.js HTTP/1.1" 304 -
101.83.145.79 - - [18/Jul/2021:08:49:09 +0800] "GET /xingrg/javascript/convert.js HTTP/1.1" 304 -
101.83.145.79 - - [18/Jul/2021:08:49:09 +0800] "GET /xingrg/javascript/json2.js HTTP/1.1" 304 -
101.83.145.79 - - [18/Jul/2021:08:49:09 +0800] "GET /xingrg/javascript/jquery_tools/order_manager.js HTTP/1.1" 304 -
101.83.145.79 - - [18/Jul/2021:08:49:09 +0800] "GET /xingrg/javascript/print/kc_print.js HTTP/1.1" 304 -
101.83.145.79 - - [18/Jul/2021:08:49:09 +0800] "GET /xingrg/kc/buy/cgsh_order_add.html HTTP/1.1" 200 62773
101.83.145.79 - - [18/Jul/2021:08:49:09 +0800] "GET /xingrg/words/20210717175503_words.js HTTP/1.1" 200 826093
101.83.145.79 - - [18/Jul/2021:08:49:09 +0800] "GET /xingrg/javascript/easyui/themes/icons/copy_new.png HTTP/1.1" 304 -
101.83.145.79 - - [18/Jul/2021:08:49:09 +0800] "GET /xingrg/javascript/easyui/themes/icons/ok.png HTTP/1.1" 304 -
101.83.145.79 - - [18/Jul/2021:08:49:09 +0800] "GET /xingrg/javascript/easyui/themes/icons/template_new.png HTTP/1.1" 304 -
101.83.145.79 - - [18/Jul/2021:08:49:09 +0800] "GET /xingrg/javascript/easyui/themes/icons/print.png HTTP/1.1" 304 -
101.83.145.79 - - [18/Jul/2021:08:49:09 +0800] "GET /xingrg/javascript/easyui/themes/default/images/menu_downarrow.png HTTP/1.1" 304 -
101.83.145.79 - - [18/Jul/2021:08:49:09 +0800] "GET /xingrg/javascript/easyui/themes/icons/cancel.png HTTP/1.1" 304 -
101.83.145.79 - - [18/Jul/2021:08:49:09 +0800] "POST /xingrg/kc/buy/cgsh_order_operate.html HTTP/1.1" 200 8245
101.83.145.79 - - [18/Jul/2021:08:49:09 +0800] "GET /xingrg/javascript/easyui/themes/default/validatebox.css HTTP/1.1" 404 1104
101.83.145.79 - - [18/Jul/2021:08:49:09 +0800] "GET /xingrg/javascript/easyui/plugins/jquery.validatebox.js HTTP/1.1" 304 -
101.83.145.79 - - [18/Jul/2021:08:49:09 +0800] "GET /xingrg/javascript/easyui/plugins/jquery.numberbox.js HTTP/1.1" 304 -
101.83.145.79 - - [18/Jul/2021:08:49:09 +0800] "GET /xingrg/javascript/easyui/themes/icons/edit_remove.png HTTP/1.1" 304 -
101.83.145.79 - - [18/Jul/2021:08:49:09 +0800] "GET /xingrg/all/common/auto_word.html?type=employee&rest_code=00105 HTTP/1.1" 200 193
101.83.145.79 - - [18/Jul/2021:08:49:09 +0800] "GET /xingrg/all/common/auto_word.html?type=employee&rest_code=00105 HTTP/1.1" 200 193
101.83.145.79 - - [18/Jul/2021:08:49:10 +0800] "GET /xingrg/javascript/auto/indicator.gif HTTP/1.1" 404 1066
180.156.224.123 - - [18/Jul/2021:08:49:11 +0800] "GET /xingrg/all/function/internal_message.html?_=1626569351057&CODE_STATE=getMsg HTTP/1.1" 200 27
101.85.107.54 - - [18/Jul/2021:08:49:16 +0800] "GET /xingrg HTTP/1.1" 302 -
101.85.107.54 - - [18/Jul/2021:08:49:16 +0800] "GET /xingrg/ HTTP/1.1" 200 292
222.70.175.207 - - [18/Jul/2021:08:49:17 +0800] "GET /xingrg/kc/buy/cgsh_order_operate.html?command=get_materiel&rest_code=00146&code=00101006055&supplier_code=00100012&order_time=2021-07-18 HTTP/1.1" 200 409
222.70.175.207 - - [18/Jul/2021:08:49:19 +0800] "GET /xingrg/all/function/internal_message.html?_=1626569361115&CODE_STATE=getMsg HTTP/1.1" 200 27
101.85.107.54 - - [18/Jul/2021:08:49:20 +0800] "GET /xingrg/index.html HTTP/1.1" 302 -
101.85.107.54 - - [18/Jul/2021:08:49:20 +0800] "GET /xingrg/login.html HTTP/1.1" 200 1706
101.85.107.54 - - [18/Jul/2021:08:49:20 +0800] "GET /favicon.ico HTTP/1.1" 404 -
101.85.107.54 - - [18/Jul/2021:08:49:21 +0800] "GET /xingrg/css/blue.css HTTP/1.1" 200 15949
222.69.131.78 - - [18/Jul/2021:08:49:21 +0800] "GET /xingrg/all/function/internal_message.html?_=1626569359975&CODE_STATE=getMsg HTTP/1.1" 200 27
101.85.107.54 - - [18/Jul/2021:08:49:22 +0800] "GET /xingrg/images/blue/error_top.gif HTTP/1.1" 200 1790
101.85.107.54 - - [18/Jul/2021:08:49:22 +0800] "GET /xingrg/images/blue/error_mid.gif HTTP/1.1" 200 215
101.85.107.54 - - [18/Jul/2021:08:49:22 +0800] "GET /xingrg/images/blue/error_buttom.gif HTTP/1.1" 200 1750
222.69.131.78 - - [18/Jul/2021:08:49:24 +0800] "GET /xingrg/kc/buy/cgsh_order_operate.html?command=get_materiel&rest_code=00149&code=00101008036&supplier_code=00100005&order_time=2021-07-18 HTTP/1.1" 200 408
101.83.145.79 - - [18/Jul/2021:08:49:32 +0800] "GET /xingrg/kc/buy/cgsh_order_operate.html?command=get_materiel&rest_code=00105&code=00101016025&supplier_code=00100034&order_time=2021-07-18 HTTP/1.1" 200 408
222.70.175.207 - - [18/Jul/2021:08:49:34 +0800] "GET /xingrg/kc/buy/cgsh_order_operate.html?command=get_materiel&rest_code=00146&code=00101006133&supplier_code=00100012&order_time=2021-07-18 HTTP/1.1" 200 413
222.69.131.78 - - [18/Jul/2021:08:49:37 +0800] "POST /xingrg/kc/buy/cgsh_order_operate.html HTTP/1.1" 200 2065
58.40.7.146 - - [18/Jul/2021:08:49:38 +0800] "GET /xingrg/check_reg.html?_=1626569378904 HTTP/1.1" 302 -
222.69.131.78 - - [18/Jul/2021:08:49:45 +0800] "GET /xingrg/kc/buy/cgsh_order_operate.html?command=get_materiel&rest_code=00149&code=00101008131&supplier_code=00100005&order_time=2021-07-18 HTTP/1.1" 200 408
101.83.145.79 - - [18/Jul/2021:08:49:49 +0800] "GET /xingrg/kc/buy/cgsh_order_operate.html?command=get_materiel&rest_code=00105&code=00101012025&supplier_code=00100034&order_time=2021-07-18 HTTP/1.1" 200 412
222.70.175.207 - - [18/Jul/2021:08:49:51 +0800] "GET /xingrg/kc/buy/cgsh_order_operate.html?command=get_materiel&rest_code=00146&code=00101006130&supplier_code=00100012&order_time=2021-07-18 HTTP/1.1" 200 427
222.69.131.78 - - [18/Jul/2021:08:49:55 +0800] "GET /xingrg/kc/buy/cgsh_order_operate.html?command=get_materiel&rest_code=00149&code=00101008169&supplier_code=00100005&order_time=2021-07-18 HTTP/1.1" 200 412
101.85.107.54 - - [18/Jul/2021:08:49:58 +0800] "GET /xingrg HTTP/1.1" 302 -
101.85.107.54 - - [18/Jul/2021:08:49:59 +0800] "GET /xingrg/index.html HTTP/1.1" 302 -
101.85.107.54 - - [18/Jul/2021:08:49:59 +0800] "GET /xingrg/login.html HTTP/1.1" 200 1706
222.70.175.207 - - [18/Jul/2021:08:49:59 +0800] "GET /xingrg/kc/buy/cgsh_order_operate.html?command=get_materiel&rest_code=00146&code=00101006109&supplier_code=00100012&order_time=2021-07-18 HTTP/1.1" 200 411
101.85.107.54 - - [18/Jul/2021:08:49:59 +0800] "GET /favicon.ico HTTP/1.1" 404 -
101.85.107.54 - - [18/Jul/2021:08:49:59 +0800] "GET /xingrg/images/blue/error_buttom.gif HTTP/1.1" 200 1750
101.85.107.54 - - [18/Jul/2021:08:50:00 +0800] "GET /favicon.ico HTTP/1.1" 404 -
101.83.145.79 - - [18/Jul/2021:08:50:01 +0800] "GET /xingrg/kc/buy/cgsh_order_operate.html?command=get_materiel&rest_code=00105&code=00101016071&supplier_code=00100034&order_time=2021-07-18 HTTP/1.1" 200 416
101.83.145.79 - - [18/Jul/2021:08:50:01 +0800] "GET /xingrg/all/function/internal_message.html?_=1626569403839&CODE_STATE=getMsg HTTP/1.1" 200 27
101.85.107.54 - - [18/Jul/2021:08:50:02 +0800] "GET /xingrg/login.html?r=1 HTTP/1.1" 200 7641
101.85.107.54 - - [18/Jul/2021:08:50:02 +0800] "GET /xingrg/images/blue/jxLogo.png HTTP/1.1" 200 6156
101.85.107.54 - - [18/Jul/2021:08:50:02 +0800] "GET /xingrg/images/blue/hj.png HTTP/1.1" 200 1014
101.85.107.54 - - [18/Jul/2021:08:50:02 +0800] "GET /xingrg/images/blue/login_bg.png HTTP/1.1" 200 22101
101.85.107.54 - - [18/Jul/2021:08:50:02 +0800] "GET /xingrg/images/blue/srbg.png HTTP/1.1" 200 138
101.85.107.54 - - [18/Jul/2021:08:50:02 +0800] "GET /favicon.ico HTTP/1.1" 404 -
222.69.131.78 - - [18/Jul/2021:08:50:04 +0800] "GET /xingrg/kc/buy/cgsh_order_operate.html?command=get_materiel&rest_code=00149&code=00101008005&supplier_code=00100005&order_time=2021-07-18 HTTP/1.1" 200 412
101.85.107.54 - - [18/Jul/2021:08:50:05 +0800] "POST /xingrg/login.do HTTP/1.1" 302 -
101.85.107.54 - - [18/Jul/2021:08:50:05 +0800] "GET /xingrg/index.html?sysBaseUrl=http%3A%2F%2F180.169.147.146%3A18081%2Fxingrg%2F&costTime=1120×tamp=1626569405323 HTTP/1.1" 200 17179
101.85.107.54 - - [18/Jul/2021:08:50:05 +0800] "GET /xingrg/css/form.css HTTP/1.1" 200 893
101.85.107.54 - - [18/Jul/2021:08:50:05 +0800] "GET /xingrg/javascript/jquery-1.4.2.min.js HTTP/1.1" 200 72205
101.85.107.54 - - [18/Jul/2021:08:50:05 +0800] "GET /xingrg/javascript/jquery_easy_ui/themes/icon.css HTTP/1.1" 200 3949
101.85.107.54 - - [18/Jul/2021:08:50:05 +0800] "GET /xingrg/javascript/jquery_easy_ui/jquery.easyui.min.js HTTP/1.1" 200 213662
101.85.107.54 - - [18/Jul/2021:08:50:05 +0800] "GET /favicon.ico HTTP/1.1" 404 -
101.85.107.54 - - [18/Jul/2021:08:50:06 +0800] "GET /xingrg/javascript/jquery_easy_ui/themes/default/easyui.css HTTP/1.1" 200 26500
101.85.107.54 - - [18/Jul/2021:08:50:08 +0800] "GET /xingrg/javascript/jquery_easy_ui/easyui-lang-zh_CN.js HTTP/1.1" 200 1900
101.85.107.54 - - [18/Jul/2021:08:50:08 +0800] "GET /xingrg/javascript/jquery.timers.js HTTP/1.1" 200 3532
101.85.107.54 - - [18/Jul/2021:08:50:08 +0800] "GET /xingrg/javascript/jquery.utils.js HTTP/1.1" 200 11805
101.85.107.54 - - [18/Jul/2021:08:50:08 +0800] "GET /xingrg/javascript/jquery.form.js HTTP/1.1" 200 23110
101.85.107.54 - - [18/Jul/2021:08:50:08 +0800] "GET /xingrg/javascript/jquery_easy_ui/themes/icons/settle_new.png HTTP/1.1" 200 826
101.85.107.54 - - [18/Jul/2021:08:50:08 +0800] "GET /xingrg/images/blue/navBackgound.jpg HTTP/1.1" 200 12378
101.85.107.54 - - [18/Jul/2021:08:50:08 +0800] "POST /xingrg/all/common/load_tree.html?tree=area_rest_tree_json&manage=1 HTTP/1.1" 200 351
101.85.107.54 - - [18/Jul/2021:08:50:09 +0800] "GET /xingrg/images/blue/pingpu.png HTTP/1.1" 200 231
101.85.107.54 - - [18/Jul/2021:08:50:09 +0800] "GET /xingrg/javascript/jquery_easy_ui/themes/default/images/tabs_leftarrow.png HTTP/1.1" 200 389
101.85.107.54 - - [18/Jul/2021:08:50:09 +0800] "GET /xingrg/check_reg.html?_=1626568815997 HTTP/1.1" 200 71
101.85.107.54 - - [18/Jul/2021:08:50:09 +0800] "GET /xingrg/javascript/jquery_easy_ui/themes/default/images/tree_arrows.gif HTTP/1.1" 200 1043
101.85.107.54 - - [18/Jul/2021:08:50:09 +0800] "GET /xingrg/javascript/jquery_easy_ui/themes/default/images/tabs_rightarrow.png HTTP/1.1" 200 395
101.85.107.54 - - [18/Jul/2021:08:50:09 +0800] "GET /xingrg/javascript/jquery_easy_ui/themes/default/images/panel_tool_collapse.gif HTTP/1.1" 200 246
101.85.107.54 - - [18/Jul/2021:08:50:09 +0800] "GET /xingrg/all/function/internal_message.html?_=1626568815996&CODE_STATE=count HTTP/1.1" 200 11
101.85.107.54 - - [18/Jul/2021:08:50:09 +0800] "POST /xingrg/load_menu.html HTTP/1.1" 200 5138
222.70.175.207 - - [18/Jul/2021:08:50:10 +0800] "GET /xingrg/kc/buy/cgsh_order_operate.html?command=get_materiel&rest_code=00146&code=00101006174&supplier_code=00100012&order_time=2021-07-18 HTTP/1.1" 200 414
101.83.145.79 - - [18/Jul/2021:08:50:10 +0800] "GET /xingrg/kc/buy/cgsh_order_operate.html?command=get_materiel&rest_code=00105&code=00101016030&supplier_code=00100034&order_time=2021-07-18 HTTP/1.1" 200 412
101.85.107.54 - - [18/Jul/2021:08:50:10 +0800] "GET /xingrg/javascript/jquery_easy_ui/themes/default/images/tree_folder_open.gif HTTP/1.1" 200 956
101.85.107.54 - - [18/Jul/2021:08:50:10 +0800] "GET /xingrg/javascript/jquery_easy_ui/themes/icons/search_new.png HTTP/1.1" 200 586
101.85.107.54 - - [18/Jul/2021:08:50:10 +0800] "GET /xingrg/javascript/jquery_easy_ui/themes/default/images/tree_folder.gif HTTP/1.1" 200 952
101.85.107.54 - - [18/Jul/2021:08:50:10 +0800] "GET /xingrg/javascript/jquery_easy_ui/themes/icons/storage_new.png HTTP/1.1" 200 853
101.85.107.54 - - [18/Jul/2021:08:50:10 +0800] "GET /xingrg/javascript/jquery_easy_ui/themes/icons/forms_new.png HTTP/1.1" 200 350
101.85.107.54 - - [18/Jul/2021:08:50:10 +0800] "GET /xingrg/javascript/jquery_easy_ui/themes/default/images/tree_file.gif HTTP/1.1" 200 118
180.156.224.123 - - [18/Jul/2021:08:50:11 +0800] "GET /xingrg/all/function/internal_message.html?_=1626569411059&CODE_STATE=getMsg HTTP/1.1" 200 27
101.85.107.54 - - [18/Jul/2021:08:50:18 +0800] "GET /xingrg/javascript/jquery_easy_ui/themes/default/images/tabs_close.gif HTTP/1.1" 200 829
101.85.107.54 - - [18/Jul/2021:08:50:18 +0800] "GET /xingrg/css/base.css HTTP/1.1" 200 2811
101.85.107.54 - - [18/Jul/2021:08:50:18 +0800] "GET /xingrg/kc/base/wldb_order_list.html HTTP/1.1" 200 19151
101.85.107.54 - - [18/Jul/2021:08:50:18 +0800] "GET /xingrg/javascript/jquery_tools/datebox.css HTTP/1.1" 200 2597
101.85.107.54 - - [18/Jul/2021:08:50:18 +0800] "GET /xingrg/css/site.css HTTP/1.1" 200 7541
101.85.107.54 - - [18/Jul/2021:08:50:18 +0800] "GET /xingrg/javascript/easyui/themes/icon.css HTTP/1.1" 200 4483
101.85.107.54 - - [18/Jul/2021:08:50:18 +0800] "GET /xingrg/javascript/auto/jquery.autocomplete.css HTTP/1.1" 200 587
101.85.107.54 - - [18/Jul/2021:08:50:18 +0800] "GET /xingrg/javascript/jquery_tools/fix.css HTTP/1.1" 200 1702
101.85.107.54 - - [18/Jul/2021:08:50:18 +0800] "GET /xingrg/javascript/jquery_tools/table.css HTTP/1.1" 200 1032
101.85.107.54 - - [18/Jul/2021:08:50:18 +0800] "GET /xingrg/javascript/jquery_tools/jquery.tools.min.js HTTP/1.1" 200 138801
101.85.107.54 - - [18/Jul/2021:08:50:18 +0800] "GET /xingrg/javascript/jquery_tools/jquery.tools.hotkey.js HTTP/1.1" 200 3242
101.85.107.54 - - [18/Jul/2021:08:50:18 +0800] "GET /xingrg/javascript/jquery_tools/jquery.tools.table.js HTTP/1.1" 200 6994
101.85.107.54 - - [18/Jul/2021:08:50:18 +0800] "GET /xingrg/javascript/jquery_tools/jquery.tools.extend.js HTTP/1.1" 200 15385
101.85.107.54 - - [18/Jul/2021:08:50:18 +0800] "GET /xingrg/javascript/jquery_tools/list_manager.js HTTP/1.1" 200 3652
101.85.107.54 - - [18/Jul/2021:08:50:18 +0800] "GET /xingrg/javascript/print/LodopFuncs.js HTTP/1.1" 200 5121
101.85.107.54 - - [18/Jul/2021:08:50:18 +0800] "GET /xingrg/javascript/jquery.cookie.js HTTP/1.1" 200 5513
101.85.107.54 - - [18/Jul/2021:08:50:18 +0800] "GET /xingrg/javascript/easyui/easyloader.js HTTP/1.1" 200 5975
101.85.107.54 - - [18/Jul/2021:08:50:18 +0800] "GET /xingrg/javascript/easyui/themes/default/easyui.css HTTP/1.1" 200 30432
101.85.107.54 - - [18/Jul/2021:08:50:18 +0800] "GET /xingrg/javascript/auto/jquery.autocomplete.js HTTP/1.1" 200 21624
222.70.175.207 - - [18/Jul/2021:08:50:19 +0800] "GET /xingrg/kc/buy/cgsh_order_operate.html?command=get_materiel&rest_code=00146&code=00101006006&supplier_code=00100012&order_time=2021-07-18 HTTP/1.1" 200 409
101.85.107.54 - - [18/Jul/2021:08:50:19 +0800] "GET /xingrg/javascript/easyui/plugins/jquery.parser.js HTTP/1.1" 200 1142
101.85.107.54 - - [18/Jul/2021:08:50:19 +0800] "GET /xingrg/images/control/ajaxLoader.gif HTTP/1.1" 200 4659
101.83.145.79 - - [18/Jul/2021:08:50:19 +0800] "GET /xingrg/kc/buy/cgsh_order_operate.html?command=get_materiel&rest_code=00105&code=00101012026&supplier_code=00100034&order_time=2021-07-18 HTTP/1.1" 200 408
101.85.107.54 - - [18/Jul/2021:08:50:19 +0800] "GET /xingrg/javascript/easyui/themes/icons/edit_add_new.png HTTP/1.1" 200 2997
101.85.107.54 - - [18/Jul/2021:08:50:19 +0800] "GET /xingrg/javascript/easyui/themes/icons/cance_new.png HTTP/1.1" 200 3986
101.85.107.54 - - [18/Jul/2021:08:50:19 +0800] "GET /xingrg/javascript/easyui/themes/icons/check_new.png HTTP/1.1" 200 3224
101.85.107.54 - - [18/Jul/2021:08:50:19 +0800] "GET /xingrg/javascript/easyui/themes/icons/field_new.png HTTP/1.1" 200 1097
101.85.107.54 - - [18/Jul/2021:08:50:19 +0800] "GET /xingrg/javascript/easyui/themes/icons/import_new.png HTTP/1.1" 200 1247
222.70.175.207 - - [18/Jul/2021:08:50:19 +0800] "GET /xingrg/all/function/internal_message.html?_=1626569421126&CODE_STATE=getMsg HTTP/1.1" 200 27
101.85.107.54 - - [18/Jul/2021:08:50:19 +0800] "POST /xingrg/kc/base/wldb_list_operate.html HTTP/1.1" 200 1784
222.69.131.78 - - [18/Jul/2021:08:50:21 +0800] "GET /xingrg/all/function/internal_message.html?_=1626569420013&CODE_STATE=getMsg HTTP/1.1" 200 27
101.85.107.54 - - [18/Jul/2021:08:50:22 +0800] "POST /xingrg/kc/base/wldb_list_operate.html HTTP/1.1" 200 578
222.69.131.78 - - [18/Jul/2021:08:50:22 +0800] "GET /xingrg/kc/buy/cgsh_order_operate.html?command=get_materiel&rest_code=00149&code=00101008353&supplier_code=00100005&order_time=2021-07-18 HTTP/1.1" 200 408
101.85.107.54 - - [18/Jul/2021:08:50:23 +0800] "GET /xingrg/kc/base/wldb_order_info.html?code=422021071701942 HTTP/1.1" 200 30376
101.85.107.54 - - [18/Jul/2021:08:50:23 +0800] "GET /xingrg/javascript/pic_change.js HTTP/1.1" 200 4739
101.85.107.54 - - [18/Jul/2021:08:50:23 +0800] "GET /xingrg/javascript/convert.js HTTP/1.1" 200 1239
101.85.107.54 - - [18/Jul/2021:08:50:23 +0800] "GET /xingrg/javascript/jquery_tools/order_manager.js HTTP/1.1" 200 11183
101.85.107.54 - - [18/Jul/2021:08:50:23 +0800] "GET /xingrg/javascript/json2.js HTTP/1.1" 200 11259
101.85.107.54 - - [18/Jul/2021:08:50:23 +0800] "GET /xingrg/javascript/print/kc_print.js HTTP/1.1" 200 11415
101.85.107.54 - - [18/Jul/2021:08:50:23 +0800] "GET /xingrg/javascript/easyui/themes/icons/template_new.png HTTP/1.1" 200 3956
101.85.107.54 - - [18/Jul/2021:08:50:23 +0800] "GET /xingrg/javascript/easyui/themes/icons/ok.png HTTP/1.1" 200 883
101.85.107.54 - - [18/Jul/2021:08:50:23 +0800] "GET /xingrg/javascript/easyui/themes/icons/cancel.png HTTP/1.1" 200 1133
101.85.107.54 - - [18/Jul/2021:08:50:23 +0800] "GET /xingrg/javascript/easyui/themes/icons/print.png HTTP/1.1" 200 1057
101.85.107.54 - - [18/Jul/2021:08:50:23 +0800] "GET /xingrg/javascript/easyui/themes/default/images/menu_downarrow.png HTTP/1.1" 200 173
101.85.107.54 - - [18/Jul/2021:08:50:23 +0800] "GET /xingrg/words/20210717175503_words.js HTTP/1.1" 200 826093
101.85.107.54 - - [18/Jul/2021:08:50:25 +0800] "GET /xingrg/javascript/easyui/themes/default/validatebox.css HTTP/1.1" 404 1104
101.85.107.54 - - [18/Jul/2021:08:50:25 +0800] "GET /xingrg/javascript/easyui/plugins/jquery.validatebox.js HTTP/1.1" 200 6103
101.85.107.54 - - [18/Jul/2021:08:50:25 +0800] "GET /xingrg/javascript/easyui/plugins/jquery.numberbox.js HTTP/1.1" 200 5213
101.85.107.54 - - [18/Jul/2021:08:50:25 +0800] "GET /xingrg/all/common/auto_word.html?type=base&rest_code=00142 HTTP/1.1" 200 665
101.85.107.54 - - [18/Jul/2021:08:50:25 +0800] "GET /xingrg/all/common/auto_word.html?type=base&rest_code=00142 HTTP/1.1" 200 665
101.85.107.54 - - [18/Jul/2021:08:50:25 +0800] "POST /xingrg/kc/base/wldb_order_operate.html HTTP/1.1" 200 5509
101.85.107.54 - - [18/Jul/2021:08:50:25 +0800] "GET /xingrg/javascript/easyui/themes/icons/edit_remove.png HTTP/1.1" 200 625
222.70.175.207 - - [18/Jul/2021:08:50:29 +0800] "GET /xingrg/kc/buy/cgsh_order_operate.html?command=get_materiel&rest_code=00146&code=00101006129&supplier_code=00100012&order_time=2021-07-18 HTTP/1.1" 200 431
222.69.131.78 - - [18/Jul/2021:08:50:35 +0800] "GET /xingrg/kc/buy/cgsh_order_operate.html?command=get_materiel&rest_code=00149&code=00101008213&supplier_code=00100005&order_time=2021-07-18 HTTP/1.1" 200 412
222.70.175.207 - - [18/Jul/2021:08:50:39 +0800] "GET /xingrg/kc/buy/cgsh_order_operate.html?command=get_materiel&rest_code=00146&code=00101006111&supplier_code=00100012&order_time=2021-07-18 HTTP/1.1" 200 409
222.69.131.78 - - [18/Jul/2021:08:50:41 +0800] "POST /xingrg/kc/buy/cgsh_order_operate.html HTTP/1.1" 200 2065
222.69.131.78 - - [18/Jul/2021:08:50:48 +0800] "GET /xingrg/kc/buy/cgsh_order_operate.html?command=get_materiel&rest_code=00149&code=00101008095&supplier_code=00100005&order_time=2021-07-18 HTTP/1.1" 200 412
101.85.107.54 - - [18/Jul/2021:08:50:50 +0800] "GET /xingrg/javascript/easyui/themes/default/images/button_plain_hover.png HTTP/1.1" 200 144
101.85.107.54 - - [18/Jul/2021:08:50:53 +0800] "POST /xingrg/kc/base/wldb_order_operate.html HTTP/1.1" 200 37
101.85.107.54 - - [18/Jul/2021:08:50:53 +0800] "POST /xingrg/kc/base/wldb_order_operate.html HTTP/1.1" 200 5509
101.85.107.54 - - [18/Jul/2021:08:50:54 +0800] "GET /xingrg/kc/base/wldb_order_info.html?code=422021071701942 HTTP/1.1" 200 30376
101.85.107.54 - - [18/Jul/2021:08:50:54 +0800] "GET /xingrg/javascript/easyui/themes/default/validatebox.css HTTP/1.1" 404 1104
101.85.107.54 - - [18/Jul/2021:08:50:55 +0800] "POST /xingrg/kc/base/wldb_order_operate.html HTTP/1.1" 200 5509
101.83.145.79 - - [18/Jul/2021:08:50:56 +0800] "GET /xingrg/kc/buy/cgsh_order_operate.html?command=get_materiel&rest_code=00105&code=00101012033&supplier_code=00100034&order_time=2021-07-18 HTTP/1.1" 200 426
101.85.107.54 - - [18/Jul/2021:08:51:00 +0800] "POST /xingrg/kc/base/wldb_order_operate.html HTTP/1.1" 200 37
101.85.107.54 - - [18/Jul/2021:08:51:00 +0800] "POST /xingrg/kc/base/wldb_order_operate.html HTTP/1.1" 200 5509
101.83.145.79 - - [18/Jul/2021:08:51:01 +0800] "GET /xingrg/all/function/internal_message.html?_=1626569463836&CODE_STATE=getMsg HTTP/1.1" 200 27
101.85.107.54 - - [18/Jul/2021:08:51:02 +0800] "GET /xingrg/kc/base/wldb_order_info.html?code=422021071701942 HTTP/1.1" 200 30376
101.85.107.54 - - [18/Jul/2021:08:51:02 +0800] "GET /xingrg/javascript/easyui/themes/default/validatebox.css HTTP/1.1" 404 1104
101.85.107.54 - - [18/Jul/2021:08:51:02 +0800] "POST /xingrg/kc/base/wldb_order_operate.html HTTP/1.1" 200 5509
101.83.145.79 - - [18/Jul/2021:08:51:04 +0800] "POST /xingrg/kc/buy/cgsh_order_operate.html HTTP/1.1" 200 37
101.83.145.79 - - [18/Jul/2021:08:51:06 +0800] "POST /xingrg/kc/buy/cgsh_order_operate.html HTTP/1.1" 200 5612
222.69.131.78 - - [18/Jul/2021:08:51:06 +0800] "GET /xingrg/kc/buy/cgsh_order_operate.html?command=get_materiel&rest_code=00149&code=00101008041&supplier_code=00100005&order_time=2021-07-18 HTTP/1.1" 200 408
101.83.145.79 - - [18/Jul/2021:08:51:07 +0800] "GET /xingrg/kc/print/load_config.html?kc_code=cgsh HTTP/1.1" 200 1845
101.85.107.54 - - [18/Jul/2021:08:51:07 +0800] "POST /xingrg/kc/base/wldb_order_operate.html HTTP/1.1" 200 37
101.85.107.54 - - [18/Jul/2021:08:51:08 +0800] "POST /xingrg/kc/base/wldb_order_operate.html HTTP/1.1" 200 5509
101.83.145.79 - - [18/Jul/2021:08:51:08 +0800] "GET /xingrg/kc/print/load_data.html?order_code=212021071808162&kc_code=cgsh&condition= HTTP/1.1" 200 1837
101.85.107.54 - - [18/Jul/2021:08:51:09 +0800] "GET /xingrg/all/function/internal_message.html?_=1626568876154&CODE_STATE=getMsg HTTP/1.1" 200 27
101.85.107.54 - - [18/Jul/2021:08:51:09 +0800] "GET /xingrg/kc/base/wldb_order_info.html?code=422021071701942 HTTP/1.1" 200 30376
101.85.107.54 - - [18/Jul/2021:08:51:10 +0800] "GET /xingrg/javascript/easyui/themes/default/validatebox.css HTTP/1.1" 404 1104
101.85.107.54 - - [18/Jul/2021:08:51:10 +0800] "POST /xingrg/kc/base/wldb_order_operate.html HTTP/1.1" 200 5509
180.156.224.123 - - [18/Jul/2021:08:51:11 +0800] "GET /xingrg/all/function/internal_message.html?_=1626569471067&CODE_STATE=getMsg HTTP/1.1" 200 27
58.37.5.217 - - [18/Jul/2021:08:51:14 +0800] "GET /xingrg/check_reg.html?_=1626569475633 HTTP/1.1" 302 -
222.70.175.207 - - [18/Jul/2021:08:51:15 +0800] "POST /xingrg/kc/buy/cgsh_order_operate.html HTTP/1.1" 200 37
180.169.147.146 - - [18/Jul/2021:08:51:16 +0800] "GET /xingrg/check_reg.html?_=1626569461155 HTTP/1.1" 302 -
180.169.147.146 - - [18/Jul/2021:08:51:16 +0800] "GET /xingrg/login.html HTTP/1.1" 200 1706
222.70.175.207 - - [18/Jul/2021:08:51:19 +0800] "GET /xingrg/all/function/internal_message.html?_=1626569481139&CODE_STATE=getMsg HTTP/1.1" 200 27
222.69.131.78 - - [18/Jul/2021:08:51:19 +0800] "GET /xingrg/kc/buy/cgsh_order_operate.html?command=get_materiel&rest_code=00149&code=00101020052&supplier_code=00100005&order_time=2021-07-18 HTTP/1.1" 200 418
222.70.175.207 - - [18/Jul/2021:08:51:20 +0800] "POST /xingrg/kc/buy/cgsh_order_operate.html HTTP/1.1" 200 8003
222.69.131.78 - - [18/Jul/2021:08:51:21 +0800] "GET /xingrg/all/function/internal_message.html?_=1626569479997&CODE_STATE=getMsg HTTP/1.1" 200 27
101.85.107.54 - - [18/Jul/2021:08:51:22 +0800] "GET /xingrg/javascript/jquery_easy_ui/themes/default/images/tabs_active.png HTTP/1.1" 200 2894
222.70.175.207 - - [18/Jul/2021:08:51:22 +0800] "GET /xingrg/kc/print/load_data.html?order_code=212021071808163&kc_code=cgsh&condition= HTTP/1.1" 200 2818
101.85.107.54 - - [18/Jul/2021:08:51:26 +0800] "POST /xingrg/kc/base/wldb_list_operate.html HTTP/1.1" 200 1784
222.69.131.78 - - [18/Jul/2021:08:51:33 +0800] "GET /xingrg/kc/buy/cgsh_order_operate.html?command=get_materiel&rest_code=00149&code=00101008101&supplier_code=00100005&order_time=2021-07-18 HTTP/1.1" 200 412
222.69.131.78 - - [18/Jul/2021:08:51:37 +0800] "POST /xingrg/kc/buy/cgsh_order_operate.html HTTP/1.1" 200 2065
222.69.131.78 - - [18/Jul/2021:08:51:44 +0800] "GET /xingrg/kc/buy/cgsh_order_operate.html?command=get_materiel&rest_code=00149&code=00101008114&supplier_code=00100005&order_time=2021-07-18 HTTP/1.1" 200 412
222.69.131.78 - - [18/Jul/2021:08:51:54 +0800] "GET /xingrg/kc/buy/cgsh_order_operate.html?command=get_materiel&rest_code=00149&code=00101008236&supplier_code=00100005&order_time=2021-07-18 HTTP/1.1" 200 416
101.83.145.79 - - [18/Jul/2021:08:52:01 +0800] "GET /xingrg/all/function/internal_message.html?_=1626569523837&CODE_STATE=getMsg HTTP/1.1" 200 27
180.169.147.146 - - [18/Jul/2021:08:52:05 +0800] "GET /xingrg/check_reg.html?_=1626569524447 HTTP/1.1" 302 -
101.85.107.54 - - [18/Jul/2021:08:52:09 +0800] "GET /xingrg/all/function/internal_message.html?_=1626568936120&CODE_STATE=getMsg HTTP/1.1" 200 27
180.156.224.123 - - [18/Jul/2021:08:52:11 +0800] "GET /xingrg/check_reg.html?_=1626569531068 HTTP/1.1" 200 71
180.156.224.123 - - [18/Jul/2021:08:52:11 +0800] "GET /xingrg/all/function/internal_message.html?_=1626569531075&CODE_STATE=getMsg HTTP/1.1" 200 27
222.70.175.207 - - [18/Jul/2021:08:52:19 +0800] "GET /xingrg/all/function/internal_message.html?_=1626569541226&CODE_STATE=getMsg HTTP/1.1" 200 27
222.69.131.78 - - [18/Jul/2021:08:52:21 +0800] "GET /xingrg/check_reg.html?_=1626569539988 HTTP/1.1" 200 71
222.69.131.78 - - [18/Jul/2021:08:52:21 +0800] "GET /xingrg/all/function/internal_message.html?_=1626569539995&CODE_STATE=getMsg HTTP/1.1" 200 27
101.83.145.79 - - [18/Jul/2021:08:52:35 +0800] "GET /xingrg/javascript/jquery_easy_ui/themes/default/images/tabs_active.png HTTP/1.1" 304 -
101.83.145.79 - - [18/Jul/2021:08:52:37 +0800] "GET /xingrg/kc/buy/cgsh_order_add.html HTTP/1.1" 200 62773
101.83.145.79 - - [18/Jul/2021:08:52:37 +0800] "GET /xingrg/javascript/easyui/themes/default/validatebox.css HTTP/1.1" 404 1104
101.83.145.79 - - [18/Jul/2021:08:52:37 +0800] "POST /xingrg/kc/buy/cgsh_order_operate.html HTTP/1.1" 200 8245
180.174.226.65 - - [18/Jul/2021:08:52:43 +0800] "GET /xingrg/check_reg.html?_=1626569531519 HTTP/1.1" 302 -
101.83.145.79 - - [18/Jul/2021:08:52:55 +0800] "GET /xingrg/kc/buy/cgsh_order_operate.html?command=get_materiel&rest_code=00105&code=00101016122&supplier_code=00100203&order_time=2021-07-18 HTTP/1.1" 200 395
101.83.145.79 - - [18/Jul/2021:08:53:01 +0800] "GET /xingrg/all/function/internal_message.html?_=1626569583830&CODE_STATE=getMsg HTTP/1.1" 200 27
101.85.107.54 - - [18/Jul/2021:08:53:09 +0800] "GET /xingrg/all/function/internal_message.html?_=1626568996099&CODE_STATE=getMsg HTTP/1.1" 200 27
180.156.224.123 - - [18/Jul/2021:08:53:11 +0800] "GET /xingrg/all/function/internal_message.html?_=1626569591062&CODE_STATE=getMsg HTTP/1.1" 200 27
101.83.145.79 - - [18/Jul/2021:08:53:14 +0800] "GET /xingrg/kc/buy/cgsh_order_operate.html?command=get_materiel&rest_code=00105&code=00101008256&supplier_code=00100203&order_time=2021-07-18 HTTP/1.1" 200 412
222.70.175.207 - - [18/Jul/2021:08:53:19 +0800] "GET /xingrg/check_reg.html?_=1626569600954 HTTP/1.1" 200 71
222.70.175.207 - - [18/Jul/2021:08:53:19 +0800] "GET /xingrg/all/function/internal_message.html?_=1626569601230&CODE_STATE=getMsg HTTP/1.1" 200 27
222.69.131.78 - - [18/Jul/2021:08:53:21 +0800] "GET /xingrg/all/function/internal_message.html?_=1626569599998&CODE_STATE=getMsg HTTP/1.1" 200 27
101.83.145.79 - - [18/Jul/2021:08:53:28 +0800] "GET /xingrg/kc/buy/cgsh_order_operate.html?command=get_materiel&rest_code=00105&code=00101008155&supplier_code=00100203&order_time=2021-07-18 HTTP/1.1" 200 408
101.83.145.79 - - [18/Jul/2021:08:53:33 +0800] "GET /xingrg/kc/buy/cgsh_order_operate.html?command=get_materiel&rest_code=00105&code=00101008149&supplier_code=00100203&order_time=2021-07-18 HTTP/1.1" 200 408
101.83.145.79 - - [18/Jul/2021:08:53:42 +0800] "GET /xingrg/kc/buy/cgsh_order_operate.html?command=get_materiel&rest_code=00105&code=00101008312&supplier_code=00100203&order_time=2021-07-18 HTTP/1.1" 200 412
101.83.145.79 - - [18/Jul/2021:08:53:50 +0800] "GET /xingrg/kc/buy/cgsh_order_operate.html?command=get_materiel&rest_code=00105&code=00101008163&supplier_code=00100203&order_time=2021-07-18 HTTP/1.1" 200 408
101.83.145.79 - - [18/Jul/2021:08:53:59 +0800] "GET /xingrg/kc/buy/cgsh_order_operate.html?command=get_materiel&rest_code=00105&code=00101008148&supplier_code=00100203&order_time=2021-07-18 HTTP/1.1" 200 416
101.83.145.79 - - [18/Jul/2021:08:54:01 +0800] "GET /xingrg/all/function/internal_message.html?_=1626569643838&CODE_STATE=getMsg HTTP/1.1" 200 27
101.83.145.79 - - [18/Jul/2021:08:54:01 +0800] "GET /xingrg/check_reg.html?_=1626569643840 HTTP/1.1" 200 71
101.83.145.79 - - [18/Jul/2021:08:54:07 +0800] "GET /xingrg/kc/buy/cgsh_order_operate.html?command=get_materiel&rest_code=00105&code=00101008264&supplier_code=00100203&order_time=2021-07-18 HTTP/1.1" 200 412
101.85.107.54 - - [18/Jul/2021:08:54:09 +0800] "GET /xingrg/all/function/internal_message.html?_=1626569056082&CODE_STATE=getMsg HTTP/1.1" 200 27
180.156.224.123 - - [18/Jul/2021:08:54:11 +0800] "GET /xingrg/all/function/internal_message.html?_=1626569651067&CODE_STATE=getMsg HTTP/1.1" 200 27
101.83.145.79 - - [18/Jul/2021:08:54:17 +0800] "GET /xingrg/kc/buy/cgsh_order_operate.html?command=get_materiel&rest_code=00105&code=00101008196&supplier_code=00100203&order_time=2021-07-18 HTTP/1.1" 200 416
222.70.175.207 - - [18/Jul/2021:08:54:19 +0800] "GET /xingrg/all/function/internal_message.html?_=1626569661243&CODE_STATE=getMsg HTTP/1.1" 200 27
222.69.131.78 - - [18/Jul/2021:08:54:21 +0800] "GET /xingrg/all/function/internal_message.html?_=1626569659994&CODE_STATE=getMsg HTTP/1.1" 200 27
101.83.145.79 - - [18/Jul/2021:08:54:25 +0800] "GET /xingrg/kc/buy/cgsh_order_operate.html?command=get_materiel&rest_code=00105&code=00101008136&supplier_code=00100203&order_time=2021-07-18 HTTP/1.1" 200 413
101.83.145.79 - - [18/Jul/2021:08:54:35 +0800] "GET /xingrg/kc/buy/cgsh_order_operate.html?command=get_materiel&rest_code=00105&code=00101008558&supplier_code=00100203&order_time=2021-07-18 HTTP/1.1" 200 395
58.40.7.146 - - [18/Jul/2021:08:54:38 +0800] "GET /xingrg/check_reg.html?_=1626569678878 HTTP/1.1" 302 -
101.83.145.79 - - [18/Jul/2021:08:54:41 +0800] "GET /xingrg/kc/buy/cgsh_order_operate.html?command=get_materiel&rest_code=00105&code=00101008036&supplier_code=00100203&order_time=2021-07-18 HTTP/1.1" 200 408
101.83.145.79 - - [18/Jul/2021:08:54:48 +0800] "GET /xingrg/kc/buy/cgsh_order_operate.html?command=get_materiel&rest_code=00105&code=00101008286&supplier_code=00100203&order_time=2021-07-18 HTTP/1.1" 200 408
101.83.145.79 - - [18/Jul/2021:08:54:56 +0800] "POST /xingrg/kc/buy/cgsh_order_operate.html HTTP/1.1" 200 2065
101.83.145.79 - - [18/Jul/2021:08:55:00 +0800] "POST /xingrg/kc/buy/cgsh_order_operate.html HTTP/1.1" 200 2065
101.83.145.79 - - [18/Jul/2021:08:55:01 +0800] "GET /xingrg/all/function/internal_message.html?_=1626569703838&CODE_STATE=getMsg HTTP/1.1" 200 27
222.70.175.207 - - [18/Jul/2021:08:55:04 +0800] "POST /xingrg/kc/buy/cgsh_order_operate.html HTTP/1.1" 200 37
222.69.131.78 - - [18/Jul/2021:08:55:04 +0800] "GET /xingrg/kc/buy/cgsh_order_operate.html?command=get_materiel&rest_code=00149&code=00101013165&supplier_code=00100005&order_time=2021-07-18 HTTP/1.1" 200 409
222.70.175.207 - - [18/Jul/2021:08:55:05 +0800] "POST /xingrg/kc/buy/cgsh_order_operate.html HTTP/1.1" 200 8003
101.83.145.79 - - [18/Jul/2021:08:55:06 +0800] "GET /xingrg/kc/buy/cgsh_order_operate.html?command=get_materiel&rest_code=00105&code=00101008131&supplier_code=00100203&order_time=2021-07-18 HTTP/1.1" 200 408
101.85.107.54 - - [18/Jul/2021:08:55:09 +0800] "GET /xingrg/check_reg.html?_=1626569116007 HTTP/1.1" 200 71
101.85.107.54 - - [18/Jul/2021:08:55:09 +0800] "GET /xingrg/all/function/internal_message.html?_=1626569116057&CODE_STATE=getMsg HTTP/1.1" 200 27
180.156.224.123 - - [18/Jul/2021:08:55:11 +0800] "GET /xingrg/all/function/internal_message.html?_=1626569711066&CODE_STATE=getMsg HTTP/1.1" 200 27
222.69.131.78 - - [18/Jul/2021:08:55:14 +0800] "GET /xingrg/kc/buy/cgsh_order_operate.html?command=get_materiel&rest_code=00149&code=00101015027&supplier_code=00100005&order_time=2021-07-18 HTTP/1.1" 200 417
101.83.145.79 - - [18/Jul/2021:08:55:18 +0800] "GET /xingrg/kc/buy/cgsh_order_operate.html?command=get_materiel&rest_code=00105&code=00101008233&supplier_code=00100203&order_time=2021-07-18 HTTP/1.1" 200 408
222.70.175.207 - - [18/Jul/2021:08:55:19 +0800] "GET /xingrg/all/function/internal_message.html?_=1626569721256&CODE_STATE=getMsg HTTP/1.1" 200 27
222.69.131.78 - - [18/Jul/2021:08:55:21 +0800] "GET /xingrg/all/function/internal_message.html?_=1626569720006&CODE_STATE=getMsg HTTP/1.1" 200 27
222.69.131.78 - - [18/Jul/2021:08:55:24 +0800] "GET /xingrg/kc/buy/cgsh_order_operate.html?command=get_materiel&rest_code=00149&code=00101015024&supplier_code=00100005&order_time=2021-07-18 HTTP/1.1" 200 413
222.69.131.78 - - [18/Jul/2021:08:55:27 +0800] "POST /xingrg/kc/buy/cgsh_order_operate.html HTTP/1.1" 200 2065
101.83.145.79 - - [18/Jul/2021:08:55:32 +0800] "GET /xingrg/kc/buy/cgsh_order_operate.html?command=get_materiel&rest_code=00105&code=00101008318&supplier_code=00100203&order_time=2021-07-18 HTTP/1.1" 200 408
222.69.131.78 - - [18/Jul/2021:08:55:34 +0800] "GET /xingrg/kc/buy/cgsh_order_operate.html?command=get_materiel&rest_code=00149&code=00101008330&supplier_code=00100005&order_time=2021-07-18 HTTP/1.1" 200 408
101.83.145.79 - - [18/Jul/2021:08:55:42 +0800] "GET /xingrg/kc/buy/cgsh_order_operate.html?command=get_materiel&rest_code=00105&code=00101008352&supplier_code=00100203&order_time=2021-07-18 HTTP/1.1" 200 412
222.69.131.78 - - [18/Jul/2021:08:55:47 +0800] "GET /xingrg/kc/buy/cgsh_order_operate.html?command=get_materiel&rest_code=00149&code=00101015012&supplier_code=00100005&order_time=2021-07-18 HTTP/1.1" 200 412
101.83.145.79 - - [18/Jul/2021:08:55:51 +0800] "GET /xingrg/kc/buy/cgsh_order_operate.html?command=get_materiel&rest_code=00105&code=00101008005&supplier_code=00100203&order_time=2021-07-18 HTTP/1.1" 200 412
101.83.145.79 - - [18/Jul/2021:08:55:58 +0800] "GET /xingrg/kc/buy/cgsh_order_operate.html?command=get_materiel&rest_code=00105&code=00101008271&supplier_code=00100203&order_time=2021-07-18 HTTP/1.1" 200 408
101.83.145.79 - - [18/Jul/2021:08:56:01 +0800] "GET /xingrg/all/function/internal_message.html?_=1626569763881&CODE_STATE=getMsg HTTP/1.1" 200 27
101.83.145.79 - - [18/Jul/2021:08:56:06 +0800] "GET /xingrg/kc/buy/cgsh_order_operate.html?command=get_materiel&rest_code=00105&code=00101008353&supplier_code=00100203&order_time=2021-07-18 HTTP/1.1" 200 408
101.85.107.54 - - [18/Jul/2021:08:56:09 +0800] "GET /xingrg/all/function/internal_message.html?_=1626569176026&CODE_STATE=getMsg HTTP/1.1" 200 27
180.156.224.123 - - [18/Jul/2021:08:56:11 +0800] "GET /xingrg/all/function/internal_message.html?_=1626569771067&CODE_STATE=getMsg HTTP/1.1" 200 27
101.83.145.79 - - [18/Jul/2021:08:56:14 +0800] "GET /xingrg/kc/buy/cgsh_order_operate.html?command=get_materiel&rest_code=00105&code=00101008298&supplier_code=00100203&order_time=2021-07-18 HTTP/1.1" 200 412
58.37.5.217 - - [18/Jul/2021:08:56:14 +0800] "GET /xingrg/check_reg.html?_=1626569775647 HTTP/1.1" 302 -
180.169.147.146 - - [18/Jul/2021:08:56:16 +0800] "GET /xingrg/check_reg.html?_=1626569761171 HTTP/1.1" 302 -
180.169.147.146 - - [18/Jul/2021:08:56:16 +0800] "GET /xingrg/login.html HTTP/1.1" 200 1706
116.235.95.53 - - [18/Jul/2021:08:56:17 +0800] "GET /favicon.ico HTTP/1.1" 404 -
222.70.175.207 - - [18/Jul/2021:08:56:19 +0800] "GET /xingrg/all/function/internal_message.html?_=1626569781270&CODE_STATE=getMsg HTTP/1.1" 200 27
101.83.145.79 - - [18/Jul/2021:08:56:20 +0800] "GET /xingrg/kc/buy/cgsh_order_operate.html?command=get_materiel&rest_code=00105&code=00101008105&supplier_code=00100203&order_time=2021-07-18 HTTP/1.1" 200 412
222.69.131.78 - - [18/Jul/2021:08:56:21 +0800] "GET /xingrg/all/function/internal_message.html?_=1626569780018&CODE_STATE=getMsg HTTP/1.1" 200 27
101.83.145.79 - - [18/Jul/2021:08:56:26 +0800] "GET /xingrg/kc/buy/cgsh_order_operate.html?command=get_materiel&rest_code=00105&code=00101008119&supplier_code=00100203&order_time=2021-07-18 HTTP/1.1" 200 412
222.70.175.207 - - [18/Jul/2021:08:56:27 +0800] "GET /xingrg/kc/buy/cgsh_order_add.html HTTP/1.1" 200 62732
222.70.175.207 - - [18/Jul/2021:08:56:28 +0800] "POST /xingrg/kc/buy/cgsh_order_operate.html HTTP/1.1" 200 8245
222.70.175.207 - - [18/Jul/2021:08:56:28 +0800] "GET /xingrg/javascript/easyui/themes/default/validatebox.css HTTP/1.1" 404 1104
101.83.145.79 - - [18/Jul/2021:08:56:32 +0800] "GET /xingrg/kc/buy/cgsh_order_operate.html?command=get_materiel&rest_code=00105&code=00101008185&supplier_code=00100203&order_time=2021-07-18 HTTP/1.1" 200 408
222.69.131.78 - - [18/Jul/2021:08:56:33 +0800] "GET /xingrg/kc/buy/cgsh_order_operate.html?command=get_materiel&rest_code=00149&code=00101015040&supplier_code=00100005&order_time=2021-07-18 HTTP/1.1" 200 408
101.83.145.79 - - [18/Jul/2021:08:56:41 +0800] "GET /xingrg/kc/buy/cgsh_order_operate.html?command=get_materiel&rest_code=00105&code=00101008275&supplier_code=00100203&order_time=2021-07-18 HTTP/1.1" 200 417
222.69.131.78 - - [18/Jul/2021:08:56:44 +0800] "GET /xingrg/kc/buy/cgsh_order_operate.html?command=get_materiel&rest_code=00149&code=00101015061&supplier_code=00100005&order_time=2021-07-18 HTTP/1.1" 200 412
222.70.175.207 - - [18/Jul/2021:08:56:44 +0800] "GET /xingrg/kc/buy/cgsh_order_operate.html?command=get_materiel&rest_code=00146&code=00101008387&supplier_code=00100005&order_time=2021-07-18 HTTP/1.1" 200 412
101.83.145.79 - - [18/Jul/2021:08:56:51 +0800] "GET /xingrg/kc/buy/cgsh_order_operate.html?command=get_materiel&rest_code=00105&code=00101015074&supplier_code=00100203&order_time=2021-07-18 HTTP/1.1" 200 408
222.70.175.207 - - [18/Jul/2021:08:56:52 +0800] "GET /xingrg/kc/buy/cgsh_order_operate.html?command=get_materiel&rest_code=00146&code=00101008072&supplier_code=00100005&order_time=2021-07-18 HTTP/1.1" 200 408
101.83.145.79 - - [18/Jul/2021:08:56:55 +0800] "POST /xingrg/kc/buy/cgsh_order_operate.html HTTP/1.1" 200 2065
222.69.131.78 - - [18/Jul/2021:08:56:57 +0800] "GET /xingrg/kc/buy/cgsh_order_operate.html?command=get_materiel&rest_code=00149&code=00101008010&supplier_code=00100005&order_time=2021-07-18 HTTP/1.1" 200 412
101.83.145.79 - - [18/Jul/2021:08:56:58 +0800] "POST /xingrg/kc/buy/cgsh_order_operate.html HTTP/1.1" 200 2065
101.83.145.79 - - [18/Jul/2021:08:57:01 +0800] "GET /xingrg/all/function/internal_message.html?_=1626569823832&CODE_STATE=getMsg HTTP/1.1" 200 27
222.70.175.207 - - [18/Jul/2021:08:57:03 +0800] "GET /xingrg/kc/buy/cgsh_order_operate.html?command=get_materiel&rest_code=00146&code=00101008350&supplier_code=00100005&order_time=2021-07-18 HTTP/1.1" 200 408
180.169.147.146 - - [18/Jul/2021:08:57:05 +0800] "GET /xingrg/check_reg.html?_=1626569824432 HTTP/1.1" 302 -
101.83.145.79 - - [18/Jul/2021:08:57:07 +0800] "GET /xingrg/kc/buy/cgsh_order_operate.html?command=get_materiel&rest_code=00105&code=00101008405&supplier_code=00100203&order_time=2021-07-18 HTTP/1.1" 200 413
101.85.107.54 - - [18/Jul/2021:08:57:09 +0800] "GET /xingrg/all/function/internal_message.html?_=1626569236012&CODE_STATE=getMsg HTTP/1.1" 200 27
222.70.175.207 - - [18/Jul/2021:08:57:09 +0800] "GET /xingrg/kc/buy/cgsh_order_operate.html?command=get_materiel&rest_code=00146&code=00101008185&supplier_code=00100005&order_time=2021-07-18 HTTP/1.1" 200 408
180.156.224.123 - - [18/Jul/2021:08:57:11 +0800] "GET /xingrg/all/function/internal_message.html?_=1626569831069&CODE_STATE=getMsg HTTP/1.1" 200 27
180.156.224.123 - - [18/Jul/2021:08:57:11 +0800] "GET /xingrg/check_reg.html?_=1626569831070 HTTP/1.1" 200 71
101.83.145.79 - - [18/Jul/2021:08:57:15 +0800] "GET /xingrg/kc/buy/cgsh_order_operate.html?command=get_materiel&rest_code=00105&code=00101023033&supplier_code=00100203&order_time=2021-07-18 HTTP/1.1" 200 395
222.70.175.207 - - [18/Jul/2021:08:57:16 +0800] "GET /xingrg/kc/buy/cgsh_order_operate.html?command=get_materiel&rest_code=00146&code=00101008186&supplier_code=00100005&order_time=2021-07-18 HTTP/1.1" 200 408
222.70.175.207 - - [18/Jul/2021:08:57:19 +0800] "GET /xingrg/all/function/internal_message.html?_=1626569841283&CODE_STATE=getMsg HTTP/1.1" 200 27
222.69.131.78 - - [18/Jul/2021:08:57:21 +0800] "GET /xingrg/check_reg.html?_=1626569840006 HTTP/1.1" 200 71
222.69.131.78 - - [18/Jul/2021:08:57:21 +0800] "GET /xingrg/all/function/internal_message.html?_=1626569840008&CODE_STATE=getMsg HTTP/1.1" 200 27
222.70.175.207 - - [18/Jul/2021:08:57:25 +0800] "GET /xingrg/kc/buy/cgsh_order_operate.html?command=get_materiel&rest_code=00146&code=00101008126&supplier_code=00100005&order_time=2021-07-18 HTTP/1.1" 200 412
101.83.145.79 - - [18/Jul/2021:08:57:29 +0800] "GET /xingrg/kc/buy/cgsh_order_operate.html?command=get_materiel&rest_code=00105&code=00101015038&supplier_code=00100203&order_time=2021-07-18 HTTP/1.1" 200 418
222.70.175.207 - - [18/Jul/2021:08:57:32 +0800] "GET /xingrg/kc/buy/cgsh_order_operate.html?command=get_materiel&rest_code=00146&code=00101008087&supplier_code=00100005&order_time=2021-07-18 HTTP/1.1" 200 412
222.70.175.207 - - [18/Jul/2021:08:57:39 +0800] "GET /xingrg/kc/buy/cgsh_order_operate.html?command=get_materiel&rest_code=00146&code=00101008213&supplier_code=00100005&order_time=2021-07-18 HTTP/1.1" 200 412
180.174.226.65 - - [18/Jul/2021:08:57:43 +0800] "GET /xingrg/check_reg.html?_=1626569831572 HTTP/1.1" 302 -
101.83.145.79 - - [18/Jul/2021:08:57:47 +0800] "GET /xingrg/kc/buy/cgsh_order_operate.html?command=get_materiel&rest_code=00105&code=00101008302&supplier_code=00100203&order_time=2021-07-18 HTTP/1.1" 200 412
101.83.145.79 - - [18/Jul/2021:08:57:56 +0800] "GET /xingrg/kc/buy/cgsh_order_operate.html?command=get_materiel&rest_code=00105&code=00101008176&supplier_code=00100203&order_time=2021-07-18 HTTP/1.1" 200 412
