58.37.5.217 - - [18/Jul/2021:10:42:33 +0800] "GET /xingrg/all/function/internal_message.html?_=1626576152806&CODE_STATE=getMsg HTTP/1.1" 200 27
58.40.7.146 - - [18/Jul/2021:10:42:34 +0800] "POST /xingrg/all/common/load_combo.html?type=base HTTP/1.1" 200 2307
101.83.145.79 - - [18/Jul/2021:10:42:34 +0800] "GET /xingrg/kc/base/wldb_order_operate.html?command=get_materiel&rest_code=00105&base_code=0010508&code=00102002258 HTTP/1.1" 200 433
116.230.110.80 - - [18/Jul/2021:10:42:35 +0800] "GET /xingrg/kc/buy/cgsh_order_operate.html?command=get_materiel&rest_code=00155&code=00101009113&supplier_code=00100037&order_time=2021-07-18 HTTP/1.1" 200 398
116.235.222.38 - - [18/Jul/2021:10:42:38 +0800] "POST /xingrg/kc/buy/cgsh_order_operate.html HTTP/1.1" 200 37
58.37.225.51 - - [18/Jul/2021:10:42:38 +0800] "GET /xingrg/kc/buy/cgsh_order_operate.html?command=get_materiel&rest_code=00141&code=00101008220&supplier_code=00100007&order_time=2021-07-18 HTTP/1.1" 200 412
58.37.5.217 - - [18/Jul/2021:10:42:38 +0800] "GET /xingrg/kc/buy/cgsh_order_operate.html?command=get_materiel&rest_code=00106&code=00102003523&supplier_code=00100219&order_time=2021-07-18 HTTP/1.1" 200 398
222.70.175.207 - - [18/Jul/2021:10:42:38 +0800] "GET /xingrg/all/function/internal_message.html?_=1626576160530&CODE_STATE=getMsg HTTP/1.1" 200 27
101.83.145.79 - - [18/Jul/2021:10:42:39 +0800] "GET /xingrg/all/function/internal_message.html?_=1626576124542&CODE_STATE=getMsg HTTP/1.1" 200 27
116.235.222.38 - - [18/Jul/2021:10:42:39 +0800] "POST /xingrg/kc/buy/cgsh_order_operate.html HTTP/1.1" 200 2669
116.235.222.38 - - [18/Jul/2021:10:42:40 +0800] "GET /xingrg/kc/print/load_data.html?order_code=212021071808229&kc_code=cgsh&condition= HTTP/1.1" 200 748
180.169.147.146 - - [18/Jul/2021:10:42:41 +0800] "GET /xingrg/all/function/internal_message.html?_=1626576145814&CODE_STATE=getMsg HTTP/1.1" 200 27
101.83.241.165 - - [18/Jul/2021:10:42:41 +0800] "GET /xingrg/all/function/internal_message.html?_=1626576162022&CODE_STATE=getMsg HTTP/1.1" 200 27
101.83.145.79 - - [18/Jul/2021:10:42:43 +0800] "GET /xingrg/kc/buy/cgsh_order_operate.html?command=get_materiel&rest_code=00105&code=00101018019&supplier_code=00100330&order_time=2021-07-18 HTTP/1.1" 200 421
116.235.222.38 - - [18/Jul/2021:10:42:44 +0800] "GET /xingrg/kc/buy/cgsh_order_add.html HTTP/1.1" 200 62814
116.235.222.38 - - [18/Jul/2021:10:42:45 +0800] "GET /xingrg/words/20210718102258_words.js HTTP/1.1" 304 -
116.235.222.38 - - [18/Jul/2021:10:42:45 +0800] "POST /xingrg/kc/buy/cgsh_order_operate.html HTTP/1.1" 200 8245
116.235.222.38 - - [18/Jul/2021:10:42:45 +0800] "GET /xingrg/javascript/easyui/themes/default/validatebox.css HTTP/1.1" 404 1104
116.235.222.38 - - [18/Jul/2021:10:42:46 +0800] "GET /xingrg/javascript/easyui/themes/default/tree.css HTTP/1.1" 404 1090
58.37.5.217 - - [18/Jul/2021:10:42:46 +0800] "GET /xingrg/all/function/internal_message.html?_=1626576167354&CODE_STATE=getMsg HTTP/1.1" 200 27
116.235.222.38 - - [18/Jul/2021:10:42:46 +0800] "POST /xingrg/all/common/load_tree.html?tree=supplier_tree_json&isDelete=1 HTTP/1.1" 200 56389
58.37.5.217 - - [18/Jul/2021:10:42:47 +0800] "POST /xingrg/kc/buy/cgsh_order_operate.html HTTP/1.1" 200 37
58.37.5.217 - - [18/Jul/2021:10:42:51 +0800] "POST /xingrg/kc/buy/cgsh_order_operate.html HTTP/1.1" 200 12
58.37.5.217 - - [18/Jul/2021:10:42:52 +0800] "GET /xingrg/kc/buy/cgsh_order_info.html?code=212021071808230 HTTP/1.1" 200 57636
101.83.145.79 - - [18/Jul/2021:10:42:52 +0800] "GET /xingrg/kc/buy/cgsh_order_operate.html?command=get_materiel&rest_code=00105&code=00101018011&supplier_code=00100330&order_time=2021-07-18 HTTP/1.1" 200 413
58.37.5.217 - - [18/Jul/2021:10:42:52 +0800] "GET /xingrg/javascript/easyui/themes/default/validatebox.css HTTP/1.1" 404 1104
58.37.5.217 - - [18/Jul/2021:10:42:53 +0800] "POST /xingrg/kc/buy/cgsh_order_operate.html HTTP/1.1" 200 613
116.230.110.80 - - [18/Jul/2021:10:42:53 +0800] "GET /xingrg/kc/buy/cgsh_order_operate.html?command=get_materiel&rest_code=00155&code=00101009051&supplier_code=00100037&order_time=2021-07-18 HTTP/1.1" 200 408
116.235.222.38 - - [18/Jul/2021:10:42:55 +0800] "GET /xingrg/all/function/internal_message.html?_=1626576175568&CODE_STATE=getMsg HTTP/1.1" 200 27
58.37.5.217 - - [18/Jul/2021:10:42:55 +0800] "GET /xingrg/kc/print/load_data.html?order_code=212021071808230&kc_code=cgsh&condition= HTTP/1.1" 200 750
101.83.145.79 - - [18/Jul/2021:10:42:56 +0800] "GET /xingrg/kc/base/wldb_order_operate.html?command=get_materiel&rest_code=00105&base_code=0010508&code=00102002082 HTTP/1.1" 200 440
180.169.147.146 - - [18/Jul/2021:10:42:58 +0800] "GET /xingrg/all/function/internal_message.html?_=1626576178683&CODE_STATE=getMsg HTTP/1.1" 200 27
180.169.147.146 - - [18/Jul/2021:10:42:58 +0800] "GET /xingrg/check_reg.html?_=1626576178685 HTTP/1.1" 200 71
101.83.145.79 - - [18/Jul/2021:10:43:00 +0800] "GET /xingrg/all/function/internal_message.html?_=1626576182018&CODE_STATE=getMsg HTTP/1.1" 200 27
58.37.225.51 - - [18/Jul/2021:10:43:00 +0800] "GET /xingrg/all/function/internal_message.html?_=1626576093700&CODE_STATE=getMsg HTTP/1.1" 200 27
58.37.5.217 - - [18/Jul/2021:10:43:00 +0800] "GET /xingrg/kc/buy/cgsh_order_operate.html?command=get_materiel&rest_code=00106&code=00102003261&supplier_code=00100219&order_time=2021-07-18 HTTP/1.1" 200 414
101.83.145.79 - - [18/Jul/2021:10:43:02 +0800] "GET /xingrg/kc/buy/cgsh_order_operate.html?command=get_materiel&rest_code=00105&code=00101006199&supplier_code=00100330&order_time=2021-07-18 HTTP/1.1" 200 414
58.37.5.217 - - [18/Jul/2021:10:43:03 +0800] "GET /xingrg/kc/buy/cgsh_order_add.html HTTP/1.1" 200 62726
58.37.5.217 - - [18/Jul/2021:10:43:03 +0800] "POST /xingrg/kc/buy/cgsh_order_operate.html HTTP/1.1" 200 8245
58.37.5.217 - - [18/Jul/2021:10:43:03 +0800] "GET /xingrg/javascript/easyui/themes/default/validatebox.css HTTP/1.1" 404 1104
58.37.5.217 - - [18/Jul/2021:10:43:03 +0800] "POST /xingrg/kc/buy/cgsh_order_operate.html HTTP/1.1" 200 2065
58.37.5.217 - - [18/Jul/2021:10:43:05 +0800] "GET /xingrg/javascript/easyui/themes/default/tree.css HTTP/1.1" 404 1090
58.37.5.217 - - [18/Jul/2021:10:43:05 +0800] "POST /xingrg/all/common/load_tree.html?tree=supplier_tree_json&isDelete=1 HTTP/1.1" 200 56389
101.85.107.54 - - [18/Jul/2021:10:43:06 +0800] "GET /xingrg/all/function/internal_message.html?_=1626575592727&CODE_STATE=getMsg HTTP/1.1" 200 27
116.233.75.209 - - [18/Jul/2021:10:43:06 +0800] "GET /xingrg/kc/buy/cgsh_order_add.html HTTP/1.1" 200 62773
116.233.75.209 - - [18/Jul/2021:10:43:06 +0800] "GET /xingrg/words/20210718102258_words.js HTTP/1.1" 304 -
116.233.75.209 - - [18/Jul/2021:10:43:06 +0800] "POST /xingrg/kc/buy/cgsh_order_operate.html HTTP/1.1" 200 8245
116.233.75.209 - - [18/Jul/2021:10:43:06 +0800] "GET /xingrg/all/common/auto_word.html?type=employee&rest_code=00109 HTTP/1.1" 200 255
116.233.75.209 - - [18/Jul/2021:10:43:06 +0800] "GET /xingrg/javascript/easyui/themes/default/validatebox.css HTTP/1.1" 404 1104
116.233.75.209 - - [18/Jul/2021:10:43:06 +0800] "GET /xingrg/all/common/auto_word.html?type=employee&rest_code=00109 HTTP/1.1" 200 255
116.235.222.38 - - [18/Jul/2021:10:43:07 +0800] "GET /xingrg/kc/buy/cgsh_order_operate.html?command=get_materiel&rest_code=00107&code=00101004090&supplier_code=00100312&order_time=2021-07-18 HTTP/1.1" 200 391
101.83.145.79 - - [18/Jul/2021:10:43:08 +0800] "GET /xingrg/kc/buy/cgsh_order_operate.html?command=get_materiel&rest_code=00105&code=00101018007&supplier_code=00100330&order_time=2021-07-18 HTTP/1.1" 200 409
116.230.110.80 - - [18/Jul/2021:10:43:12 +0800] "GET /xingrg/kc/buy/cgsh_order_operate.html?command=get_materiel&rest_code=00155&code=00101011004&supplier_code=00100037&order_time=2021-07-18 HTTP/1.1" 200 412
116.235.95.53 - - [18/Jul/2021:10:43:14 +0800] "POST /xingrg/services/DataTransmitService HTTP/1.1" 200 524
116.235.95.53 - - [18/Jul/2021:10:43:14 +0800] "POST /xingrg/services/DataTransmitService HTTP/1.1" 200 501
180.174.226.65 - - [18/Jul/2021:10:43:15 +0800] "GET /xingrg/all/function/internal_message.html?_=1626576163487&CODE_STATE=getMsg HTTP/1.1" 200 27
180.156.224.123 - - [18/Jul/2021:10:43:15 +0800] "GET /xingrg/check_reg.html?_=1626576195539 HTTP/1.1" 200 71
58.37.5.217 - - [18/Jul/2021:10:43:15 +0800] "GET /xingrg/kc/buy/cgsh_order_operate.html?command=get_materiel&rest_code=00106&code=00102010489&supplier_code=00100219&order_time=2021-07-18 HTTP/1.1" 200 422
180.156.224.123 - - [18/Jul/2021:10:43:15 +0800] "GET /xingrg/all/function/internal_message.html?_=1626576195541&CODE_STATE=getMsg HTTP/1.1" 200 27
116.233.75.209 - - [18/Jul/2021:10:43:18 +0800] "GET /xingrg/kc/buy/cgsh_order_operate.html?command=get_materiel&rest_code=00109&code=00101001111&supplier_code=00100454&order_time=2021-07-18 HTTP/1.1" 200 411
222.69.131.78 - - [18/Jul/2021:10:43:19 +0800] "GET /xingrg/all/function/internal_message.html?_=1626576198742&CODE_STATE=getMsg HTTP/1.1" 200 27
116.233.75.209 - - [18/Jul/2021:10:43:20 +0800] "GET /xingrg/all/function/internal_message.html?_=1626576200148&CODE_STATE=getMsg HTTP/1.1" 200 27
180.174.226.65 - - [18/Jul/2021:10:43:21 +0800] "GET /xingrg/all/function/internal_message.html?_=1626576203336&CODE_STATE=getMsg HTTP/1.1" 200 27
116.235.222.38 - - [18/Jul/2021:10:43:21 +0800] "GET /xingrg/kc/buy/cgsh_order_operate.html?command=get_materiel&rest_code=00107&code=00101004038&supplier_code=00100312&order_time=2021-07-18 HTTP/1.1" 200 409
116.230.110.80 - - [18/Jul/2021:10:43:21 +0800] "GET /xingrg/all/function/internal_message.html?_=1626576201834&CODE_STATE=getMsg HTTP/1.1" 200 27
101.83.145.79 - - [18/Jul/2021:10:43:26 +0800] "POST /xingrg/kc/buy/cgsh_order_operate.html HTTP/1.1" 200 37
116.235.95.53 - - [18/Jul/2021:10:43:27 +0800] "POST /xingrg/services/DataTransmitService HTTP/1.1" 200 524
116.233.75.209 - - [18/Jul/2021:10:43:27 +0800] "GET /xingrg/kc/buy/cgsh_order_operate.html?command=get_materiel&rest_code=00109&code=00101001032&supplier_code=00100454&order_time=2021-07-18 HTTP/1.1" 200 415
58.37.5.217 - - [18/Jul/2021:10:43:27 +0800] "GET /xingrg/kc/buy/cgsh_order_operate.html?command=get_materiel&rest_code=00106&code=00101002039&supplier_code=00100087&order_time=2021-07-18 HTTP/1.1" 200 419
116.235.95.53 - - [18/Jul/2021:10:43:27 +0800] "POST /xingrg/services/DataTransmitService HTTP/1.1" 200 501
101.83.145.79 - - [18/Jul/2021:10:43:28 +0800] "POST /xingrg/kc/buy/cgsh_order_operate.html HTTP/1.1" 200 5032
58.37.5.217 - - [18/Jul/2021:10:43:28 +0800] "GET /xingrg/kc/buy/cgsh_order_operate.html?command=get_materiel&rest_code=00106&code=00102009513&supplier_code=00100219&order_time=2021-07-18 HTTP/1.1" 200 409
58.40.7.146 - - [18/Jul/2021:10:43:29 +0800] "GET /xingrg/all/function/internal_message.html?_=1626576209175&CODE_STATE=getMsg HTTP/1.1" 200 27
101.83.145.79 - - [18/Jul/2021:10:43:30 +0800] "GET /xingrg/kc/print/load_data.html?order_code=212021071808231&kc_code=cgsh&condition= HTTP/1.1" 200 1585
116.235.95.53 - - [18/Jul/2021:10:43:31 +0800] "POST /xingrg/services/DataTransmitService HTTP/1.1" 200 524
116.235.95.53 - - [18/Jul/2021:10:43:31 +0800] "POST /xingrg/services/DataTransmitService HTTP/1.1" 200 497
58.37.5.217 - - [18/Jul/2021:10:43:33 +0800] "GET /xingrg/all/function/internal_message.html?_=1626576212859&CODE_STATE=getMsg HTTP/1.1" 200 27
116.235.95.53 - - [18/Jul/2021:10:43:35 +0800] "POST /xingrg/services/DataTransmitService HTTP/1.1" 200 524
116.235.95.53 - - [18/Jul/2021:10:43:35 +0800] "POST /xingrg/services/DataTransmitService HTTP/1.1" 200 501
58.37.225.51 - - [18/Jul/2021:10:43:35 +0800] "GET /xingrg/kc/buy/cgsh_order_operate.html?command=get_materiel&rest_code=00141&code=00101008155&supplier_code=00100007&order_time=2021-07-18 HTTP/1.1" 200 408
222.70.175.207 - - [18/Jul/2021:10:43:38 +0800] "GET /xingrg/all/function/internal_message.html?_=1626576220538&CODE_STATE=getMsg HTTP/1.1" 200 27
101.83.145.79 - - [18/Jul/2021:10:43:39 +0800] "GET /xingrg/all/function/internal_message.html?_=1626576184538&CODE_STATE=getMsg HTTP/1.1" 200 27
101.83.145.79 - - [18/Jul/2021:10:43:39 +0800] "GET /xingrg/check_reg.html?_=1626576184542 HTTP/1.1" 200 71
180.169.147.146 - - [18/Jul/2021:10:43:41 +0800] "GET /xingrg/all/function/internal_message.html?_=1626576205824&CODE_STATE=getMsg HTTP/1.1" 200 27
180.169.147.146 - - [18/Jul/2021:10:43:41 +0800] "GET /xingrg/check_reg.html?_=1626576205827 HTTP/1.1" 200 71
116.235.95.53 - - [18/Jul/2021:10:43:41 +0800] "POST /xingrg/services/DataTransmitService HTTP/1.1" 200 524
101.83.241.165 - - [18/Jul/2021:10:43:41 +0800] "GET /xingrg/all/function/internal_message.html?_=1626576222024&CODE_STATE=getMsg HTTP/1.1" 200 27
101.83.145.79 - - [18/Jul/2021:10:43:42 +0800] "GET /xingrg/kc/buy/cgsh_order_add.html HTTP/1.1" 200 62773
101.83.145.79 - - [18/Jul/2021:10:43:43 +0800] "GET /xingrg/javascript/easyui/themes/default/validatebox.css HTTP/1.1" 404 1104
101.83.145.79 - - [18/Jul/2021:10:43:43 +0800] "POST /xingrg/kc/buy/cgsh_order_operate.html HTTP/1.1" 200 8245
58.37.5.217 - - [18/Jul/2021:10:43:46 +0800] "POST /xingrg/kc/buy/cgsh_order_operate.html HTTP/1.1" 200 37
116.235.222.38 - - [18/Jul/2021:10:43:47 +0800] "GET /xingrg/kc/buy/cgsh_order_operate.html?command=get_materiel&rest_code=00107&code=00101004049&supplier_code=00100312&order_time=2021-07-18 HTTP/1.1" 200 413
58.37.5.217 - - [18/Jul/2021:10:43:48 +0800] "GET /xingrg/kc/buy/cgsh_order_operate.html?command=get_materiel&rest_code=00106&code=00102016209&supplier_code=00100219&order_time=2021-07-18 HTTP/1.1" 200 417
58.37.5.217 - - [18/Jul/2021:10:43:51 +0800] "POST /xingrg/kc/buy/cgsh_order_operate.html HTTP/1.1" 200 12
116.233.75.209 - - [18/Jul/2021:10:43:52 +0800] "GET /xingrg/kc/buy/cgsh_order_operate.html?command=get_materiel&rest_code=00109&code=00101002027&supplier_code=00100454&order_time=2021-07-18 HTTP/1.1" 200 415
58.37.5.217 - - [18/Jul/2021:10:43:52 +0800] "GET /xingrg/kc/buy/cgsh_order_info.html?code=212021071808232 HTTP/1.1" 200 57634
116.230.110.80 - - [18/Jul/2021:10:43:52 +0800] "GET /xingrg/kc/buy/cgsh_order_operate.html?command=get_materiel&rest_code=00155&code=00101007109&supplier_code=00100037&order_time=2021-07-18 HTTP/1.1" 200 408
58.37.5.217 - - [18/Jul/2021:10:43:52 +0800] "GET /xingrg/words/20210718102258_words.js HTTP/1.1" 304 -
58.37.5.217 - - [18/Jul/2021:10:43:53 +0800] "GET /xingrg/javascript/easyui/themes/default/validatebox.css HTTP/1.1" 404 1104
101.83.145.79 - - [18/Jul/2021:10:43:53 +0800] "GET /xingrg/kc/buy/cgsh_order_operate.html?command=get_materiel&rest_code=00105&code=00101001167&supplier_code=00100314&order_time=2021-07-18 HTTP/1.1" 200 411
58.37.5.217 - - [18/Jul/2021:10:43:53 +0800] "POST /xingrg/kc/buy/cgsh_order_operate.html HTTP/1.1" 200 618
116.235.222.38 - - [18/Jul/2021:10:43:55 +0800] "GET /xingrg/all/function/internal_message.html?_=1626576235559&CODE_STATE=getMsg HTTP/1.1" 200 27
58.37.5.217 - - [18/Jul/2021:10:43:56 +0800] "GET /xingrg/kc/print/load_data.html?order_code=212021071808232&kc_code=cgsh&condition= HTTP/1.1" 200 756
180.169.147.146 - - [18/Jul/2021:10:43:58 +0800] "GET /xingrg/all/function/internal_message.html?_=1626576238685&CODE_STATE=getMsg HTTP/1.1" 200 27
101.83.145.79 - - [18/Jul/2021:10:44:00 +0800] "GET /xingrg/all/function/internal_message.html?_=1626576242000&CODE_STATE=getMsg HTTP/1.1" 200 27
58.37.225.51 - - [18/Jul/2021:10:44:00 +0800] "GET /xingrg/all/function/internal_message.html?_=1626576153590&CODE_STATE=getMsg HTTP/1.1" 200 27
101.83.145.79 - - [18/Jul/2021:10:44:01 +0800] "GET /xingrg/check_reg.html?_=1626576243804 HTTP/1.1" 200 71
116.233.75.209 - - [18/Jul/2021:10:44:02 +0800] "GET /xingrg/kc/buy/cgsh_order_operate.html?command=get_materiel&rest_code=00109&code=00101005037&supplier_code=00100454&order_time=2021-07-18 HTTP/1.1" 200 409
58.37.5.217 - - [18/Jul/2021:10:44:02 +0800] "GET /xingrg/kc/buy/cgsh_order_add.html HTTP/1.1" 200 62726
58.37.5.217 - - [18/Jul/2021:10:44:03 +0800] "POST /xingrg/kc/buy/cgsh_order_operate.html HTTP/1.1" 200 8245
58.37.5.217 - - [18/Jul/2021:10:44:03 +0800] "GET /xingrg/javascript/easyui/themes/default/validatebox.css HTTP/1.1" 404 1104
116.235.222.38 - - [18/Jul/2021:10:44:03 +0800] "GET /xingrg/kc/buy/cgsh_order_operate.html?command=get_materiel&rest_code=00107&code=00101004030&supplier_code=00100312&order_time=2021-07-18 HTTP/1.1" 200 408
58.37.5.217 - - [18/Jul/2021:10:44:04 +0800] "GET /xingrg/javascript/easyui/themes/default/tree.css HTTP/1.1" 404 1090
58.37.5.217 - - [18/Jul/2021:10:44:04 +0800] "POST /xingrg/all/common/load_tree.html?tree=supplier_tree_json&isDelete=1 HTTP/1.1" 200 56389
101.83.145.79 - - [18/Jul/2021:10:44:05 +0800] "POST /xingrg/kc/buy/cgsh_order_operate.html HTTP/1.1" 200 37
101.83.145.79 - - [18/Jul/2021:10:44:06 +0800] "POST /xingrg/kc/buy/cgsh_order_operate.html HTTP/1.1" 200 2658
101.85.107.54 - - [18/Jul/2021:10:44:06 +0800] "GET /xingrg/all/function/internal_message.html?_=1626575652721&CODE_STATE=getMsg HTTP/1.1" 200 27
58.37.225.51 - - [18/Jul/2021:10:44:06 +0800] "GET /xingrg/kc/buy/cgsh_order_operate.html?command=get_materiel&rest_code=00141&code=00101008331&supplier_code=00100007&order_time=2021-07-18 HTTP/1.1" 200 416
101.83.145.79 - - [18/Jul/2021:10:44:07 +0800] "GET /xingrg/kc/print/report_design.html?orderType=cgsh HTTP/1.1" 200 8625
101.83.145.79 - - [18/Jul/2021:10:44:07 +0800] "GET /xingrg/css/design.css HTTP/1.1" 200 2477
101.83.145.79 - - [18/Jul/2021:10:44:07 +0800] "GET /xingrg/javascript/easyui/themes/sunny/easyui.css HTTP/1.1" 304 -
101.83.145.79 - - [18/Jul/2021:10:44:07 +0800] "GET /xingrg/javascript/easyui/jquery.easyui.min.js HTTP/1.1" 200 272531
101.83.145.79 - - [18/Jul/2021:10:44:07 +0800] "GET /xingrg/javascript/print/report.helper.js HTTP/1.1" 200 7208
101.83.145.79 - - [18/Jul/2021:10:44:07 +0800] "GET /xingrg/javascript/print/report.js HTTP/1.1" 200 10993
101.83.145.79 - - [18/Jul/2021:10:44:07 +0800] "GET /xingrg/javascript/easyui/themes/sunny/images/ui-bg_highlight-soft_100_feeebd_1x100.png HTTP/1.1" 200 108
101.83.145.79 - - [18/Jul/2021:10:44:07 +0800] "GET /xingrg/javascript/easyui/themes/sunny/images/ui-bg_gloss-wave_45_817865_500x100.png HTTP/1.1" 200 3971
101.83.145.79 - - [18/Jul/2021:10:44:07 +0800] "GET /xingrg/javascript/easyui/themes/sunny/images/ui-icons_fadc7a_256x240.png HTTP/1.1" 200 4369
101.83.145.79 - - [18/Jul/2021:10:44:07 +0800] "GET /xingrg/javascript/easyui/themes/sunny/images/blank.gif HTTP/1.1" 200 43
101.83.145.79 - - [18/Jul/2021:10:44:07 +0800] "GET /xingrg/javascript/easyui/themes/sunny/images/ui-icons_bd7b00_256x240.png HTTP/1.1" 200 4369
101.83.145.79 - - [18/Jul/2021:10:44:07 +0800] "GET /xingrg/javascript/easyui/themes/sunny/images/ui-bg_gloss-wave_70_ffdd57_500x100.png HTTP/1.1" 304 -
101.83.145.79 - - [18/Jul/2021:10:44:07 +0800] "GET /favicon.ico HTTP/1.1" 404 -
101.83.145.79 - - [18/Jul/2021:10:44:07 +0800] "GET /xingrg/kc/print/design_operate.html?_=1626576249467&command=load_config&code=cgsh HTTP/1.1" 200 2747
101.83.145.79 - - [18/Jul/2021:10:44:07 +0800] "GET /xingrg/css/images/background.png HTTP/1.1" 200 137
58.37.225.51 - - [18/Jul/2021:10:44:10 +0800] "POST /xingrg/kc/buy/cgsh_order_operate.html HTTP/1.1" 200 2065
116.235.222.38 - - [18/Jul/2021:10:44:10 +0800] "GET /xingrg/kc/buy/cgsh_order_operate.html?command=get_materiel&rest_code=00107&code=00101004020&supplier_code=00100312&order_time=2021-07-18 HTTP/1.1" 200 409
116.233.75.209 - - [18/Jul/2021:10:44:10 +0800] "GET /xingrg/kc/buy/cgsh_order_operate.html?command=get_materiel&rest_code=00109&code=00101002027&supplier_code=00100454&order_time=2021-07-18 HTTP/1.1" 200 415
58.37.5.217 - - [18/Jul/2021:10:44:10 +0800] "GET /xingrg/kc/buy/cgsh_order_operate.html?command=get_materiel&rest_code=00106&code=00102016754&supplier_code=00100219&order_time=2021-07-18 HTTP/1.1" 200 395
101.83.145.79 - - [18/Jul/2021:10:44:11 +0800] "GET /xingrg/kc/print/load_data.html?order_code=212021071808233&kc_code=cgsh&condition= HTTP/1.1" 200 669
180.174.226.65 - - [18/Jul/2021:10:44:15 +0800] "GET /xingrg/all/function/internal_message.html?_=1626576223496&CODE_STATE=getMsg HTTP/1.1" 200 27
58.37.225.51 - - [18/Jul/2021:10:44:15 +0800] "GET /xingrg/kc/buy/cgsh_order_operate.html?command=get_materiel&rest_code=00141&code=00101008350&supplier_code=00100007&order_time=2021-07-18 HTTP/1.1" 200 408
180.156.224.123 - - [18/Jul/2021:10:44:15 +0800] "GET /xingrg/all/function/internal_message.html?_=1626576255543&CODE_STATE=getMsg HTTP/1.1" 200 27
116.233.75.209 - - [18/Jul/2021:10:44:17 +0800] "GET /xingrg/kc/buy/cgsh_order_operate.html?command=get_materiel&rest_code=00109&code=00101005036&supplier_code=00100454&order_time=2021-07-18 HTTP/1.1" 200 409
116.235.222.38 - - [18/Jul/2021:10:44:18 +0800] "GET /xingrg/kc/buy/cgsh_order_operate.html?command=get_materiel&rest_code=00107&code=00101004057&supplier_code=00100312&order_time=2021-07-18 HTTP/1.1" 200 409
116.233.75.209 - - [18/Jul/2021:10:44:19 +0800] "GET /xingrg/all/function/internal_message.html?_=1626576260152&CODE_STATE=getMsg HTTP/1.1" 200 27
222.69.131.78 - - [18/Jul/2021:10:44:19 +0800] "GET /xingrg/all/function/internal_message.html?_=1626576258727&CODE_STATE=getMsg HTTP/1.1" 200 27
180.174.226.65 - - [18/Jul/2021:10:44:21 +0800] "GET /xingrg/all/function/internal_message.html?_=1626576263979&CODE_STATE=getMsg HTTP/1.1" 200 27
116.230.110.80 - - [18/Jul/2021:10:44:21 +0800] "GET /xingrg/all/function/internal_message.html?_=1626576261836&CODE_STATE=getMsg HTTP/1.1" 200 27
101.83.145.79 - - [18/Jul/2021:10:44:22 +0800] "POST /xingrg/kc/base/wldb_order_operate.html HTTP/1.1" 200 37
101.83.145.79 - - [18/Jul/2021:10:44:23 +0800] "POST /xingrg/kc/base/wldb_order_operate.html HTTP/1.1" 200 3151
101.83.145.79 - - [18/Jul/2021:10:44:23 +0800] "GET /xingrg/kc/buy/cgsh_order_add.html HTTP/1.1" 200 62773
101.83.145.79 - - [18/Jul/2021:10:44:23 +0800] "POST /xingrg/kc/buy/cgsh_order_operate.html HTTP/1.1" 200 8245
101.83.145.79 - - [18/Jul/2021:10:44:23 +0800] "GET /xingrg/javascript/easyui/themes/default/validatebox.css HTTP/1.1" 404 1104
101.83.145.79 - - [18/Jul/2021:10:44:24 +0800] "GET /xingrg/kc/base/wldb_order_info.html?code=422021071801972 HTTP/1.1" 200 30367
101.83.145.79 - - [18/Jul/2021:10:44:24 +0800] "GET /xingrg/words/20210718102258_words.js HTTP/1.1" 304 -
101.83.145.79 - - [18/Jul/2021:10:44:24 +0800] "GET /xingrg/javascript/easyui/themes/default/validatebox.css HTTP/1.1" 404 1104
101.83.145.79 - - [18/Jul/2021:10:44:24 +0800] "POST /xingrg/kc/base/wldb_order_operate.html HTTP/1.1" 200 3151
58.37.225.51 - - [18/Jul/2021:10:44:26 +0800] "GET /xingrg/kc/buy/cgsh_order_operate.html?command=get_materiel&rest_code=00141&code=00101008112&supplier_code=00100007&order_time=2021-07-18 HTTP/1.1" 200 414
58.37.5.217 - - [18/Jul/2021:10:44:26 +0800] "GET /xingrg/kc/buy/cgsh_order_operate.html?command=get_materiel&rest_code=00106&code=00102011247&supplier_code=00100219&order_time=2021-07-18 HTTP/1.1" 200 395
58.40.7.146 - - [18/Jul/2021:10:44:29 +0800] "GET /xingrg/all/function/internal_message.html?_=1626576269160&CODE_STATE=getMsg HTTP/1.1" 200 27
58.37.5.217 - - [18/Jul/2021:10:44:32 +0800] "GET /xingrg/kc/buy/cgsh_order_operate.html?command=get_materiel&rest_code=00106&code=00101004063&supplier_code=00100085&order_time=2021-07-18 HTTP/1.1" 200 414
58.37.5.217 - - [18/Jul/2021:10:44:33 +0800] "POST /xingrg/kc/buy/cgsh_order_operate.html HTTP/1.1" 200 2065
58.37.5.217 - - [18/Jul/2021:10:44:33 +0800] "GET /xingrg/all/function/internal_message.html?_=1626576272863&CODE_STATE=getMsg HTTP/1.1" 200 27
222.70.175.207 - - [18/Jul/2021:10:44:36 +0800] "GET /xingrg/check_reg.html?_=1626576277939 HTTP/1.1" 200 71
58.40.7.146 - - [18/Jul/2021:10:44:38 +0800] "GET /xingrg/check_reg.html?_=1626576278337 HTTP/1.1" 302 -
222.70.175.207 - - [18/Jul/2021:10:44:38 +0800] "GET /xingrg/all/function/internal_message.html?_=1626576280552&CODE_STATE=getMsg HTTP/1.1" 200 27
101.83.145.79 - - [18/Jul/2021:10:44:39 +0800] "GET /xingrg/all/function/internal_message.html?_=1626576244549&CODE_STATE=getMsg HTTP/1.1" 200 27
58.37.5.217 - - [18/Jul/2021:10:44:40 +0800] "GET /xingrg/kc/buy/cgsh_order_operate.html?command=get_materiel&rest_code=00106&code=00102016705&supplier_code=00100219&order_time=2021-07-18 HTTP/1.1" 200 392
180.169.147.146 - - [18/Jul/2021:10:44:41 +0800] "GET /xingrg/all/function/internal_message.html?_=1626576265818&CODE_STATE=getMsg HTTP/1.1" 200 27
101.83.241.165 - - [18/Jul/2021:10:44:41 +0800] "GET /xingrg/all/function/internal_message.html?_=1626576282023&CODE_STATE=getMsg HTTP/1.1" 200 27
116.233.75.209 - - [18/Jul/2021:10:44:42 +0800] "POST /xingrg/kc/buy/cgsh_order_operate.html HTTP/1.1" 200 37
116.233.75.209 - - [18/Jul/2021:10:44:44 +0800] "POST /xingrg/kc/buy/cgsh_order_operate.html HTTP/1.1" 200 5618
116.235.222.38 - - [18/Jul/2021:10:44:45 +0800] "GET /xingrg/kc/buy/cgsh_order_operate.html?command=get_materiel&rest_code=00107&code=00101001096&supplier_code=00100312&order_time=2021-07-18 HTTP/1.1" 200 413
116.233.75.209 - - [18/Jul/2021:10:44:45 +0800] "GET /xingrg/kc/print/load_config.html?kc_code=cgsh HTTP/1.1" 200 1845
116.233.75.209 - - [18/Jul/2021:10:44:45 +0800] "GET /xingrg/kc/print/load_data.html?order_code=212021071808234&kc_code=cgsh&condition= HTTP/1.1" 200 1793
58.37.5.217 - - [18/Jul/2021:10:44:46 +0800] "GET /xingrg/check_reg.html?_=1626576287356 HTTP/1.1" 200 71
58.37.5.217 - - [18/Jul/2021:10:44:46 +0800] "GET /xingrg/all/function/internal_message.html?_=1626576287368&CODE_STATE=getMsg HTTP/1.1" 200 27
58.37.5.217 - - [18/Jul/2021:10:44:50 +0800] "GET /xingrg/kc/buy/cgsh_order_operate.html?command=get_materiel&rest_code=00106&code=00102026001&supplier_code=00100219&order_time=2021-07-18 HTTP/1.1" 200 409
101.83.145.79 - - [18/Jul/2021:10:44:51 +0800] "GET /xingrg/kc/buy/cgsh_order_operate.html?command=get_materiel&rest_code=00105&code=00101010143&supplier_code=00100327&order_time=2021-07-18 HTTP/1.1" 200 413
116.235.222.38 - - [18/Jul/2021:10:44:54 +0800] "GET /xingrg/check_reg.html?_=1626576295169 HTTP/1.1" 200 71
116.235.222.38 - - [18/Jul/2021:10:44:55 +0800] "GET /xingrg/all/function/internal_message.html?_=1626576295535&CODE_STATE=getMsg HTTP/1.1" 200 27
180.169.147.146 - - [18/Jul/2021:10:44:58 +0800] "GET /xingrg/all/function/internal_message.html?_=1626576298684&CODE_STATE=getMsg HTTP/1.1" 200 27
58.37.5.217 - - [18/Jul/2021:10:44:58 +0800] "POST /xingrg/kc/buy/cgsh_order_operate.html HTTP/1.1" 200 37
101.83.145.79 - - [18/Jul/2021:10:44:59 +0800] "GET /xingrg/all/function/internal_message.html?_=1626576301973&CODE_STATE=getMsg HTTP/1.1" 200 27
58.37.225.51 - - [18/Jul/2021:10:45:00 +0800] "GET /xingrg/all/function/internal_message.html?_=1626576213574&CODE_STATE=getMsg HTTP/1.1" 200 27
101.85.107.54 - - [18/Jul/2021:10:45:06 +0800] "GET /xingrg/all/function/internal_message.html?_=1626575712721&CODE_STATE=getMsg HTTP/1.1" 200 27
101.83.145.79 - - [18/Jul/2021:10:45:06 +0800] "GET /xingrg/kc/buy/cgsh_order_operate.html?command=get_materiel&rest_code=00105&code=00101008171&supplier_code=00100327&order_time=2021-07-18 HTTP/1.1" 200 421
101.83.145.79 - - [18/Jul/2021:10:45:08 +0800] "GET /xingrg/javascript/jquery_easy_ui/themes/icons/rest.png HTTP/1.1" 304 -
58.37.225.51 - - [18/Jul/2021:10:45:08 +0800] "GET /xingrg/kc/buy/cgsh_order_operate.html?command=get_materiel&rest_code=00141&code=00101008095&supplier_code=00100007&order_time=2021-07-18 HTTP/1.1" 200 412
101.83.145.79 - - [18/Jul/2021:10:45:08 +0800] "GET /xingrg/javascript/jquery_easy_ui/themes/icons/area.png HTTP/1.1" 304 -
101.83.145.79 - - [18/Jul/2021:10:45:10 +0800] "GET /xingrg/kc/base/wldb_order_add.html HTTP/1.1" 200 30353
101.83.145.79 - - [18/Jul/2021:10:45:10 +0800] "GET /xingrg/javascript/easyui/themes/default/validatebox.css HTTP/1.1" 404 1104
101.83.145.79 - - [18/Jul/2021:10:45:10 +0800] "POST /xingrg/kc/base/wldb_order_operate.html HTTP/1.1" 200 6806
101.83.145.79 - - [18/Jul/2021:10:45:12 +0800] "POST /xingrg/all/common/load_combo.html?type=base HTTP/1.1" 200 3236
58.37.5.217 - - [18/Jul/2021:10:45:12 +0800] "POST /xingrg/kc/buy/cgsh_order_operate.html HTTP/1.1" 200 37
58.37.5.217 - - [18/Jul/2021:10:45:13 +0800] "POST /xingrg/kc/buy/cgsh_order_operate.html HTTP/1.1" 200 2663
58.37.225.51 - - [18/Jul/2021:10:45:15 +0800] "GET /xingrg/kc/buy/cgsh_order_operate.html?command=get_materiel&rest_code=00141&code=00101008223&supplier_code=00100007&order_time=2021-07-18 HTTP/1.1" 200 412
101.83.145.79 - - [18/Jul/2021:10:45:15 +0800] "GET /xingrg/kc/buy/cgsh_order_operate.html?command=get_materiel&rest_code=00105&code=00101008394&supplier_code=00100327&order_time=2021-07-18 HTTP/1.1" 200 413
180.174.226.65 - - [18/Jul/2021:10:45:15 +0800] "GET /xingrg/all/function/internal_message.html?_=1626576283934&CODE_STATE=getMsg HTTP/1.1" 200 27
180.156.224.123 - - [18/Jul/2021:10:45:15 +0800] "GET /xingrg/all/function/internal_message.html?_=1626576315545&CODE_STATE=getMsg HTTP/1.1" 200 27
116.235.222.38 - - [18/Jul/2021:10:45:16 +0800] "GET /xingrg/kc/buy/cgsh_order_operate.html?command=get_materiel&rest_code=00107&code=00101001138&supplier_code=00100312&order_time=2021-07-18 HTTP/1.1" 200 413
116.230.110.80 - - [18/Jul/2021:10:45:16 +0800] "GET /xingrg/kc/buy/cgsh_order_operate.html?command=get_materiel&rest_code=00155&code=00101016025&supplier_code=00100037&order_time=2021-07-18 HTTP/1.1" 200 408
116.233.75.209 - - [18/Jul/2021:10:45:16 +0800] "GET /xingrg/kc/buy/cgsh_order_add.html HTTP/1.1" 200 62773
116.233.75.209 - - [18/Jul/2021:10:45:17 +0800] "GET /xingrg/words/20210718102258_words.js HTTP/1.1" 304 -
116.233.75.209 - - [18/Jul/2021:10:45:17 +0800] "GET /xingrg/all/common/auto_word.html?type=employee&rest_code=00109 HTTP/1.1" 200 255
58.37.5.217 - - [18/Jul/2021:10:45:17 +0800] "GET /xingrg/kc/buy/cgsh_order_add.html HTTP/1.1" 200 62726
116.233.75.209 - - [18/Jul/2021:10:45:17 +0800] "POST /xingrg/kc/buy/cgsh_order_operate.html HTTP/1.1" 200 8245
116.233.75.209 - - [18/Jul/2021:10:45:17 +0800] "GET /xingrg/javascript/easyui/themes/default/validatebox.css HTTP/1.1" 404 1104
116.233.75.209 - - [18/Jul/2021:10:45:17 +0800] "GET /xingrg/all/common/auto_word.html?type=employee&rest_code=00109 HTTP/1.1" 200 255
58.37.5.217 - - [18/Jul/2021:10:45:17 +0800] "POST /xingrg/kc/buy/cgsh_order_operate.html HTTP/1.1" 200 8245
101.83.145.79 - - [18/Jul/2021:10:45:17 +0800] "POST /xingrg/all/common/load_combo.html?type=base HTTP/1.1" 200 3236
58.37.5.217 - - [18/Jul/2021:10:45:17 +0800] "GET /xingrg/javascript/easyui/themes/default/validatebox.css HTTP/1.1" 404 1104
222.69.131.78 - - [18/Jul/2021:10:45:19 +0800] "GET /xingrg/all/function/internal_message.html?_=1626576318711&CODE_STATE=getMsg HTTP/1.1" 200 27
116.233.75.209 - - [18/Jul/2021:10:45:19 +0800] "GET /xingrg/all/function/internal_message.html?_=1626576320155&CODE_STATE=getMsg HTTP/1.1" 200 27
58.37.225.51 - - [18/Jul/2021:10:45:20 +0800] "POST /xingrg/kc/buy/cgsh_order_operate.html HTTP/1.1" 200 2065
58.37.5.217 - - [18/Jul/2021:10:45:21 +0800] "GET /xingrg/javascript/easyui/themes/default/tree.css HTTP/1.1" 404 1090
58.37.5.217 - - [18/Jul/2021:10:45:21 +0800] "POST /xingrg/all/common/load_tree.html?tree=supplier_tree_json&isDelete=1 HTTP/1.1" 200 56389
180.174.226.65 - - [18/Jul/2021:10:45:21 +0800] "GET /xingrg/all/function/internal_message.html?_=1626576323986&CODE_STATE=getMsg HTTP/1.1" 200 27
116.230.110.80 - - [18/Jul/2021:10:45:21 +0800] "GET /xingrg/all/function/internal_message.html?_=1626576321842&CODE_STATE=getMsg HTTP/1.1" 200 27
101.83.145.79 - - [18/Jul/2021:10:45:23 +0800] "GET /xingrg/kc/buy/cgsh_order_operate.html?command=get_materiel&rest_code=00105&code=00101001141&supplier_code=00100327&order_time=2021-07-18 HTTP/1.1" 200 413
58.37.225.51 - - [18/Jul/2021:10:45:24 +0800] "GET /xingrg/kc/buy/cgsh_order_operate.html?command=get_materiel&rest_code=00141&code=00101008098&supplier_code=00100007&order_time=2021-07-18 HTTP/1.1" 200 412
116.235.222.38 - - [18/Jul/2021:10:45:27 +0800] "GET /xingrg/kc/buy/cgsh_order_operate.html?command=get_materiel&rest_code=00107&code=00101001033&supplier_code=00100312&order_time=2021-07-18 HTTP/1.1" 200 417
58.40.7.146 - - [18/Jul/2021:10:45:29 +0800] "GET /xingrg/all/function/internal_message.html?_=1626576329148&CODE_STATE=getMsg HTTP/1.1" 200 27
101.83.145.79 - - [18/Jul/2021:10:45:33 +0800] "GET /xingrg/kc/buy/cgsh_order_operate.html?command=get_materiel&rest_code=00105&code=00101010691&supplier_code=00100327&order_time=2021-07-18 HTTP/1.1" 200 397
222.70.175.207 - - [18/Jul/2021:10:45:39 +0800] "GET /xingrg/all/function/internal_message.html?_=1626576340565&CODE_STATE=getMsg HTTP/1.1" 200 27
58.37.5.217 - - [18/Jul/2021:10:45:39 +0800] "GET /xingrg/kc/buy/cgsh_order_operate.html?command=get_materiel&rest_code=00106&code=00101003035&supplier_code=00100092&order_time=2021-07-18 HTTP/1.1" 200 409
101.83.145.79 - - [18/Jul/2021:10:45:39 +0800] "GET /xingrg/all/function/internal_message.html?_=1626576304562&CODE_STATE=getMsg HTTP/1.1" 200 27
180.169.147.146 - - [18/Jul/2021:10:45:41 +0800] "GET /xingrg/all/function/internal_message.html?_=1626576325824&CODE_STATE=getMsg HTTP/1.1" 200 27
58.37.225.51 - - [18/Jul/2021:10:45:41 +0800] "GET /xingrg/kc/buy/cgsh_order_operate.html?command=get_materiel&rest_code=00141&code=00101008236&supplier_code=00100007&order_time=2021-07-18 HTTP/1.1" 200 416
101.83.241.165 - - [18/Jul/2021:10:45:41 +0800] "GET /xingrg/check_reg.html?_=1626576342023 HTTP/1.1" 200 71
101.83.241.165 - - [18/Jul/2021:10:45:42 +0800] "GET /xingrg/all/function/internal_message.html?_=1626576342026&CODE_STATE=getMsg HTTP/1.1" 200 27
180.174.226.65 - - [18/Jul/2021:10:45:45 +0800] "GET /xingrg/check_reg.html?_=1626576314211 HTTP/1.1" 200 71
58.37.5.217 - - [18/Jul/2021:10:45:46 +0800] "GET /xingrg/all/function/internal_message.html?_=1626576347352&CODE_STATE=getMsg HTTP/1.1" 200 27
101.83.145.79 - - [18/Jul/2021:10:45:47 +0800] "POST /xingrg/kc/buy/cgsh_order_operate.html HTTP/1.1" 200 37
116.235.222.38 - - [18/Jul/2021:10:45:47 +0800] "GET /xingrg/kc/buy/cgsh_order_operate.html?command=get_materiel&rest_code=00107&code=00101004023&supplier_code=00100312&order_time=2021-07-18 HTTP/1.1" 200 409
101.83.145.79 - - [18/Jul/2021:10:45:48 +0800] "POST /xingrg/kc/buy/cgsh_order_operate.html HTTP/1.1" 200 5036
101.83.145.79 - - [18/Jul/2021:10:45:49 +0800] "GET /xingrg/kc/print/load_data.html?order_code=212021071808236&kc_code=cgsh&condition= HTTP/1.1" 200 1584
180.157.255.9 - - [18/Jul/2021:10:45:50 +0800] "GET /xingrg/index.html?sysBaseUrl=http%3A%2F%2F180.169.147.146%3A18081%2Fxingrg%2F&costTime=44×tamp=1622098168715 HTTP/1.1" 302 -
180.157.255.9 - - [18/Jul/2021:10:45:50 +0800] "GET /xingrg/login.html HTTP/1.1" 200 1706
180.157.255.9 - - [18/Jul/2021:10:45:50 +0800] "GET /favicon.ico HTTP/1.1" 404 -
180.157.255.9 - - [18/Jul/2021:10:45:51 +0800] "GET /xingrg/login.html?r=1 HTTP/1.1" 200 7641
180.157.255.9 - - [18/Jul/2021:10:45:51 +0800] "GET /favicon.ico HTTP/1.1" 404 -
180.157.255.9 - - [18/Jul/2021:10:45:52 +0800] "POST /xingrg/login.do HTTP/1.1" 302 -
180.157.255.9 - - [18/Jul/2021:10:45:52 +0800] "GET /xingrg/index.html?sysBaseUrl=http%3A%2F%2F180.169.147.146%3A18081%2Fxingrg%2F&costTime=36×tamp=1626576352205 HTTP/1.1" 200 17179
180.157.255.9 - - [18/Jul/2021:10:45:52 +0800] "GET /favicon.ico HTTP/1.1" 404 -
180.157.255.9 - - [18/Jul/2021:10:45:52 +0800] "POST /xingrg/all/common/load_tree.html?tree=area_rest_tree_json&manage=1 HTTP/1.1" 200 351
180.157.255.9 - - [18/Jul/2021:10:45:52 +0800] "GET /xingrg/all/function/internal_message.html?_=1626576352308&CODE_STATE=count HTTP/1.1" 200 11
180.157.255.9 - - [18/Jul/2021:10:45:52 +0800] "GET /xingrg/check_reg.html?_=1626576352309 HTTP/1.1" 200 71
180.157.255.9 - - [18/Jul/2021:10:45:52 +0800] "POST /xingrg/load_menu.html HTTP/1.1" 200 5138
101.83.145.79 - - [18/Jul/2021:10:45:53 +0800] "GET /xingrg/kc/buy/cgsh_order_add.html HTTP/1.1" 200 62773
101.83.145.79 - - [18/Jul/2021:10:45:53 +0800] "GET /xingrg/javascript/easyui/themes/default/validatebox.css HTTP/1.1" 404 1104
101.83.145.79 - - [18/Jul/2021:10:45:53 +0800] "POST /xingrg/kc/buy/cgsh_order_operate.html HTTP/1.1" 200 8245
180.157.255.9 - - [18/Jul/2021:10:45:55 +0800] "GET /xingrg/kc/buy/cgsh_order_list.html HTTP/1.1" 200 46994
116.235.222.38 - - [18/Jul/2021:10:45:55 +0800] "GET /xingrg/all/function/internal_message.html?_=1626576355510&CODE_STATE=getMsg HTTP/1.1" 200 27
180.157.255.9 - - [18/Jul/2021:10:45:55 +0800] "POST /xingrg/kc/buy/cgsh_list_operate.html HTTP/1.1" 200 876
180.157.255.9 - - [18/Jul/2021:10:45:56 +0800] "GET /xingrg/kc/buy/cgsh_order_add.html HTTP/1.1" 200 62726
180.157.255.9 - - [18/Jul/2021:10:45:57 +0800] "GET /xingrg/words/20210718102258_words.js HTTP/1.1" 304 -
180.157.255.9 - - [18/Jul/2021:10:45:57 +0800] "GET /xingrg/all/common/auto_word.html?type=employee&rest_code=00148 HTTP/1.1" 200 197
180.157.255.9 - - [18/Jul/2021:10:45:57 +0800] "GET /xingrg/javascript/easyui/themes/default/validatebox.css HTTP/1.1" 404 1104
180.157.255.9 - - [18/Jul/2021:10:45:57 +0800] "GET /xingrg/all/common/auto_word.html?type=employee&rest_code=00148 HTTP/1.1" 200 197
180.157.255.9 - - [18/Jul/2021:10:45:57 +0800] "POST /xingrg/kc/buy/cgsh_order_operate.html HTTP/1.1" 200 8245
180.169.147.146 - - [18/Jul/2021:10:45:58 +0800] "GET /xingrg/all/function/internal_message.html?_=1626576358684&CODE_STATE=getMsg HTTP/1.1" 200 27
180.157.255.9 - - [18/Jul/2021:10:45:58 +0800] "GET /xingrg/javascript/auto/indicator.gif HTTP/1.1" 404 1066
58.37.5.217 - - [18/Jul/2021:10:45:59 +0800] "GET /xingrg/kc/buy/cgsh_order_operate.html?command=get_materiel&rest_code=00106&code=00101003033&supplier_code=00100092&order_time=2021-07-18 HTTP/1.1" 200 422
101.83.145.79 - - [18/Jul/2021:10:45:59 +0800] "GET /xingrg/all/function/internal_message.html?_=1626576361952&CODE_STATE=getMsg HTTP/1.1" 200 27
180.157.255.9 - - [18/Jul/2021:10:46:00 +0800] "GET /xingrg/javascript/jquery_tools/images/prev.gif HTTP/1.1" 404 1086
180.157.255.9 - - [18/Jul/2021:10:46:00 +0800] "GET /xingrg/javascript/jquery_tools/images/next.gif HTTP/1.1" 404 1086
58.37.225.51 - - [18/Jul/2021:10:46:00 +0800] "GET /xingrg/all/function/internal_message.html?_=1626576273545&CODE_STATE=getMsg HTTP/1.1" 200 27
101.83.145.79 - - [18/Jul/2021:10:46:01 +0800] "GET /xingrg/kc/base/wldb_order_operate.html?command=get_materiel&rest_code=00105&base_code=0010508&code=00102002212 HTTP/1.1" 200 434
116.230.110.80 - - [18/Jul/2021:10:46:03 +0800] "GET /xingrg/kc/buy/cgsh_order_operate.html?command=get_materiel&rest_code=00155&code=00101015038&supplier_code=00100037&order_time=2021-07-18 HTTP/1.1" 200 418
101.83.145.79 - - [18/Jul/2021:10:46:04 +0800] "GET /xingrg/kc/buy/cgsh_order_operate.html?command=get_materiel&rest_code=00105&code=00101010281&supplier_code=00100331&order_time=2021-07-18 HTTP/1.1" 200 414
116.235.95.53 - - [18/Jul/2021:10:46:06 +0800] "POST /xingrg/services/DataTransmitService HTTP/1.1" 200 501
101.85.107.54 - - [18/Jul/2021:10:46:06 +0800] "GET /xingrg/all/function/internal_message.html?_=1626575772721&CODE_STATE=getMsg HTTP/1.1" 200 27
101.85.107.54 - - [18/Jul/2021:10:46:06 +0800] "GET /xingrg/check_reg.html?_=1626575772726 HTTP/1.1" 200 71
116.235.95.53 - - [18/Jul/2021:10:46:06 +0800] "POST /xingrg/services/DataTransmitService HTTP/1.1" 200 501
58.37.225.51 - - [18/Jul/2021:10:46:09 +0800] "GET /xingrg/kc/buy/cgsh_order_operate.html?command=get_materiel&rest_code=00141&code=00101008168&supplier_code=00100007&order_time=2021-07-18 HTTP/1.1" 200 413
101.83.145.79 - - [18/Jul/2021:10:46:12 +0800] "POST /xingrg/kc/buy/cgsh_order_operate.html HTTP/1.1" 200 37
101.83.145.79 - - [18/Jul/2021:10:46:13 +0800] "POST /xingrg/kc/buy/cgsh_order_operate.html HTTP/1.1" 200 2657
101.83.145.79 - - [18/Jul/2021:10:46:14 +0800] "GET /xingrg/kc/print/load_data.html?order_code=212021071808237&kc_code=cgsh&condition= HTTP/1.1" 200 663
180.174.226.65 - - [18/Jul/2021:10:46:15 +0800] "GET /xingrg/all/function/internal_message.html?_=1626576343944&CODE_STATE=getMsg HTTP/1.1" 200 27
180.156.224.123 - - [18/Jul/2021:10:46:15 +0800] "GET /xingrg/all/function/internal_message.html?_=1626576375562&CODE_STATE=getMsg HTTP/1.1" 200 27
116.230.110.80 - - [18/Jul/2021:10:46:16 +0800] "GET /xingrg/kc/buy/cgsh_order_operate.html?command=get_materiel&rest_code=00155&code=00101009057&supplier_code=00100037&order_time=2021-07-18 HTTP/1.1" 200 408
58.37.225.51 - - [18/Jul/2021:10:46:16 +0800] "GET /xingrg/kc/buy/cgsh_order_operate.html?command=get_materiel&rest_code=00141&code=00101008041&supplier_code=00100007&order_time=2021-07-18 HTTP/1.1" 200 408
222.69.131.78 - - [18/Jul/2021:10:46:19 +0800] "GET /xingrg/all/function/internal_message.html?_=1626576378688&CODE_STATE=getMsg HTTP/1.1" 200 27
180.157.255.9 - - [18/Jul/2021:10:46:20 +0800] "GET /xingrg/kc/buy/cgsh_order_operate.html?command=get_materiel&rest_code=00148&code=00101006088&supplier_code=00100151&order_time=2021-07-18 HTTP/1.1" 200 411
116.235.95.53 - - [18/Jul/2021:10:46:20 +0800] "POST /xingrg/services/DataTransmitService HTTP/1.1" 200 501
116.233.75.209 - - [18/Jul/2021:10:46:20 +0800] "GET /xingrg/all/function/internal_message.html?_=1626576381070&CODE_STATE=getMsg HTTP/1.1" 200 27
58.37.5.217 - - [18/Jul/2021:10:46:21 +0800] "POST /xingrg/kc/buy/cgsh_order_operate.html HTTP/1.1" 200 37
116.230.110.80 - - [18/Jul/2021:10:46:21 +0800] "GET /xingrg/all/function/internal_message.html?_=1626576381848&CODE_STATE=getMsg HTTP/1.1" 200 27
180.174.226.65 - - [18/Jul/2021:10:46:22 +0800] "GET /xingrg/all/function/internal_message.html?_=1626576384635&CODE_STATE=getMsg HTTP/1.1" 200 27
58.37.5.217 - - [18/Jul/2021:10:46:23 +0800] "POST /xingrg/kc/buy/cgsh_order_operate.html HTTP/1.1" 200 3265
101.83.145.79 - - [18/Jul/2021:10:46:26 +0800] "GET /xingrg/kc/buy/cgsh_order_add.html HTTP/1.1" 200 62773
58.37.225.51 - - [18/Jul/2021:10:46:26 +0800] "GET /xingrg/kc/buy/cgsh_order_operate.html?command=get_materiel&rest_code=00141&code=00101008114&supplier_code=00100007&order_time=2021-07-18 HTTP/1.1" 200 412
101.83.145.79 - - [18/Jul/2021:10:46:27 +0800] "POST /xingrg/kc/buy/cgsh_order_operate.html HTTP/1.1" 200 8245
101.83.145.79 - - [18/Jul/2021:10:46:27 +0800] "GET /xingrg/javascript/easyui/themes/default/validatebox.css HTTP/1.1" 404 1104
116.230.110.80 - - [18/Jul/2021:10:46:28 +0800] "GET /xingrg/kc/buy/cgsh_order_operate.html?command=get_materiel&rest_code=00155&code=00101009118&supplier_code=00100037&order_time=2021-07-18 HTTP/1.1" 200 391
58.37.5.217 - - [18/Jul/2021:10:46:28 +0800] "GET /xingrg/kc/buy/cgsh_order_add.html HTTP/1.1" 200 62726
58.37.5.217 - - [18/Jul/2021:10:46:28 +0800] "GET /xingrg/words/20210718102258_words.js HTTP/1.1" 304 -
58.37.5.217 - - [18/Jul/2021:10:46:28 +0800] "POST /xingrg/kc/buy/cgsh_order_operate.html HTTP/1.1" 200 8245
58.37.5.217 - - [18/Jul/2021:10:46:28 +0800] "GET /xingrg/javascript/easyui/themes/default/validatebox.css HTTP/1.1" 404 1104
58.40.7.146 - - [18/Jul/2021:10:46:29 +0800] "GET /xingrg/check_reg.html?_=1626576389151 HTTP/1.1" 200 71
58.40.7.146 - - [18/Jul/2021:10:46:29 +0800] "GET /xingrg/all/function/internal_message.html?_=1626576389154&CODE_STATE=getMsg HTTP/1.1" 200 27
58.37.5.217 - - [18/Jul/2021:10:46:29 +0800] "GET /xingrg/javascript/easyui/themes/default/tree.css HTTP/1.1" 404 1090
58.37.5.217 - - [18/Jul/2021:10:46:29 +0800] "POST /xingrg/all/common/load_tree.html?tree=supplier_tree_json&isDelete=1 HTTP/1.1" 200 56389
58.37.225.51 - - [18/Jul/2021:10:46:30 +0800] "POST /xingrg/kc/buy/cgsh_order_operate.html HTTP/1.1" 200 2065
116.235.95.53 - - [18/Jul/2021:10:46:35 +0800] "POST /xingrg/services/DataTransmitService HTTP/1.1" 200 501
116.235.95.53 - - [18/Jul/2021:10:46:38 +0800] "POST /xingrg/services/DataTransmitService HTTP/1.1" 200 501
116.235.95.53 - - [18/Jul/2021:10:46:38 +0800] "POST /xingrg/services/DataTransmitService HTTP/1.1" 200 501
58.37.225.51 - - [18/Jul/2021:10:46:38 +0800] "GET /xingrg/kc/buy/cgsh_order_operate.html?command=get_materiel&rest_code=00141&code=00101009054&supplier_code=00100007&order_time=2021-07-18 HTTP/1.1" 200 412
116.235.95.53 - - [18/Jul/2021:10:46:38 +0800] "POST /xingrg/services/DataTransmitService HTTP/1.1" 200 501
222.70.175.207 - - [18/Jul/2021:10:46:39 +0800] "GET /xingrg/all/function/internal_message.html?_=1626576400579&CODE_STATE=getMsg HTTP/1.1" 200 27
101.83.145.79 - - [18/Jul/2021:10:46:39 +0800] "GET /xingrg/all/function/internal_message.html?_=1626576364561&CODE_STATE=getMsg HTTP/1.1" 200 27
180.169.147.146 - - [18/Jul/2021:10:46:41 +0800] "GET /xingrg/all/function/internal_message.html?_=1626576385820&CODE_STATE=getMsg HTTP/1.1" 200 27
101.83.241.165 - - [18/Jul/2021:10:46:42 +0800] "GET /xingrg/all/function/internal_message.html?_=1626576402051&CODE_STATE=getMsg HTTP/1.1" 200 27
116.235.222.38 - - [18/Jul/2021:10:46:42 +0800] "POST /xingrg/kc/buy/cgsh_order_operate.html HTTP/1.1" 200 37
116.235.95.53 - - [18/Jul/2021:10:46:42 +0800] "POST /xingrg/services/DataTransmitService HTTP/1.1" 200 501
116.235.95.53 - - [18/Jul/2021:10:46:43 +0800] "POST /xingrg/services/DataTransmitService HTTP/1.1" 200 501
180.157.255.9 - - [18/Jul/2021:10:46:43 +0800] "POST /xingrg/kc/buy/cgsh_order_operate.html HTTP/1.1" 200 37
116.235.222.38 - - [18/Jul/2021:10:46:43 +0800] "POST /xingrg/kc/buy/cgsh_order_operate.html HTTP/1.1" 200 9193
116.235.95.53 - - [18/Jul/2021:10:46:43 +0800] "POST /xingrg/services/DataTransmitService HTTP/1.1" 200 501
116.230.110.80 - - [18/Jul/2021:10:46:44 +0800] "GET /xingrg/kc/buy/cgsh_order_operate.html?command=get_materiel&rest_code=00155&code=00101011005&supplier_code=00100037&order_time=2021-07-18 HTTP/1.1" 200 408
180.157.255.9 - - [18/Jul/2021:10:46:44 +0800] "POST /xingrg/kc/buy/cgsh_order_operate.html HTTP/1.1" 200 2656
180.157.255.9 - - [18/Jul/2021:10:46:46 +0800] "GET /xingrg/kc/buy/cgsh_order_add.html HTTP/1.1" 200 62726
180.157.255.9 - - [18/Jul/2021:10:46:46 +0800] "POST /xingrg/kc/buy/cgsh_order_operate.html HTTP/1.1" 200 8245
180.157.255.9 - - [18/Jul/2021:10:46:46 +0800] "GET /xingrg/javascript/easyui/themes/default/validatebox.css HTTP/1.1" 404 1104
58.37.5.217 - - [18/Jul/2021:10:46:46 +0800] "GET /xingrg/all/function/internal_message.html?_=1626576407368&CODE_STATE=getMsg HTTP/1.1" 200 27
116.235.95.53 - - [18/Jul/2021:10:46:46 +0800] "POST /xingrg/services/DataTransmitService HTTP/1.1" 200 412
58.37.5.217 - - [18/Jul/2021:10:46:48 +0800] "GET /xingrg/kc/buy/cgsh_order_operate.html?command=get_materiel&rest_code=00106&code=00101001051&supplier_code=00100094&order_time=2021-07-18 HTTP/1.1" 200 422
180.157.255.9 - - [18/Jul/2021:10:46:52 +0800] "GET /xingrg/all/function/internal_message.html?_=1626576412322&CODE_STATE=getMsg HTTP/1.1" 200 27
116.235.222.38 - - [18/Jul/2021:10:46:55 +0800] "GET /xingrg/all/function/internal_message.html?_=1626576415490&CODE_STATE=getMsg HTTP/1.1" 200 27
58.37.225.51 - - [18/Jul/2021:10:46:57 +0800] "GET /xingrg/kc/buy/cgsh_order_operate.html?command=get_materiel&rest_code=00141&code=00101009013&supplier_code=00100007&order_time=2021-07-18 HTTP/1.1" 200 420
180.169.147.146 - - [18/Jul/2021:10:46:58 +0800] "GET /xingrg/all/function/internal_message.html?_=1626576418685&CODE_STATE=getMsg HTTP/1.1" 200 27
101.83.145.79 - - [18/Jul/2021:10:46:59 +0800] "GET /xingrg/all/function/internal_message.html?_=1626576421939&CODE_STATE=getMsg HTTP/1.1" 200 27
58.37.225.51 - - [18/Jul/2021:10:47:00 +0800] "GET /xingrg/check_reg.html?_=1626576333658 HTTP/1.1" 200 71
58.37.225.51 - - [18/Jul/2021:10:47:00 +0800] "GET /xingrg/all/function/internal_message.html?_=1626576333659&CODE_STATE=getMsg HTTP/1.1" 200 27
58.37.5.217 - - [18/Jul/2021:10:47:04 +0800] "POST /xingrg/kc/buy/cgsh_order_operate.html HTTP/1.1" 200 37
116.230.110.80 - - [18/Jul/2021:10:47:04 +0800] "GET /xingrg/kc/buy/cgsh_order_operate.html?command=get_materiel&rest_code=00155&code=00101009015&supplier_code=00100037&order_time=2021-07-18 HTTP/1.1" 200 416
101.83.145.79 - - [18/Jul/2021:10:47:04 +0800] "GET /xingrg/kc/buy/cgsh_order_operate.html?command=get_materiel&rest_code=00105&code=00101006164&supplier_code=00100326&order_time=2021-07-18 HTTP/1.1" 200 415
180.169.147.146 - - [18/Jul/2021:10:47:05 +0800] "GET /xingrg/check_reg.html?_=1626576425497 HTTP/1.1" 302 -
101.85.107.54 - - [18/Jul/2021:10:47:06 +0800] "GET /xingrg/all/function/internal_message.html?_=1626575832726&CODE_STATE=getMsg HTTP/1.1" 200 27
58.37.5.217 - - [18/Jul/2021:10:47:07 +0800] "POST /xingrg/kc/buy/cgsh_order_operate.html HTTP/1.1" 200 2669
120.253.135.82 - - [18/Jul/2021:10:47:08 +0800] "GET /xingrg/all/function/internal_message.html?_=1626576203501&CODE_STATE=getMsg HTTP/1.1" 200 27
120.253.135.82 - - [18/Jul/2021:10:47:08 +0800] "GET /xingrg/check_reg.html?_=1626576203674 HTTP/1.1" 200 71
58.37.5.217 - - [18/Jul/2021:10:47:09 +0800] "GET /xingrg/kc/buy/cgsh_order_add.html HTTP/1.1" 200 62726
58.37.5.217 - - [18/Jul/2021:10:47:10 +0800] "POST /xingrg/kc/buy/cgsh_order_operate.html HTTP/1.1" 200 8245
58.37.5.217 - - [18/Jul/2021:10:47:10 +0800] "GET /xingrg/javascript/easyui/themes/default/validatebox.css HTTP/1.1" 404 1104
58.37.5.217 - - [18/Jul/2021:10:47:11 +0800] "GET /xingrg/javascript/easyui/themes/default/tree.css HTTP/1.1" 404 1090
58.37.5.217 - - [18/Jul/2021:10:47:11 +0800] "POST /xingrg/all/common/load_tree.html?tree=supplier_tree_json&isDelete=1 HTTP/1.1" 200 56389
180.156.224.123 - - [18/Jul/2021:10:47:15 +0800] "GET /xingrg/all/function/internal_message.html?_=1626576435563&CODE_STATE=getMsg HTTP/1.1" 200 27
58.37.5.217 - - [18/Jul/2021:10:47:15 +0800] "POST /xingrg/kc/buy/cgsh_order_operate.html HTTP/1.1" 200 15226
180.174.226.65 - - [18/Jul/2021:10:47:16 +0800] "GET /xingrg/check_reg.html?_=1626576438898 HTTP/1.1" 200 71
120.253.135.82 - - [18/Jul/2021:10:47:17 +0800] "GET /xingrg/kc/pszx/mdqp_order_list.html?state=10 HTTP/1.1" 200 11455
120.253.135.82 - - [18/Jul/2021:10:47:17 +0800] "GET /xingrg/dwr/interface/AjaxQqpsService.js HTTP/1.1" 200 16326
120.253.135.82 - - [18/Jul/2021:10:47:17 +0800] "GET /xingrg/dwr/interface/AjaxReportQueryService.js HTTP/1.1" 200 13203
