101.85.107.54 - - [18/Jul/2021:10:34:06 +0800] "GET /xingrg/all/function/internal_message.html?_=1626575052707&CODE_STATE=getMsg HTTP/1.1" 200 27
116.235.222.38 - - [18/Jul/2021:10:34:07 +0800] "GET /xingrg/kc/buy/cgsh_order_operate.html?command=get_materiel&rest_code=00107&code=00101019502&supplier_code=00100033&order_time=2021-07-18 HTTP/1.1" 200 408
180.174.226.65 - - [18/Jul/2021:10:34:08 +0800] "POST /xingrg/kc/buy/cgsh_list_operate.html HTTP/1.1" 200 5429
58.37.225.51 - - [18/Jul/2021:10:34:12 +0800] "GET /xingrg/kc/buy/cgsh_order_operate.html?command=get_materiel&rest_code=00141&code=00101008371&supplier_code=00100007&order_time=2021-07-18 HTTP/1.1" 200 412
180.174.226.65 - - [18/Jul/2021:10:34:12 +0800] "POST /xingrg/kc/buy/cgsh_list_operate.html HTTP/1.1" 200 570
101.83.145.79 - - [18/Jul/2021:10:34:12 +0800] "GET /xingrg/kc/base/base_main.html HTTP/1.1" 200 12142
101.83.145.79 - - [18/Jul/2021:10:34:12 +0800] "GET /xingrg/images/blue/button/wlsy.gif HTTP/1.1" 304 -
101.83.145.79 - - [18/Jul/2021:10:34:12 +0800] "GET /xingrg/images/blue/button/ckpd.gif HTTP/1.1" 304 -
101.83.145.79 - - [18/Jul/2021:10:34:12 +0800] "GET /xingrg/images/blue/button/ckdb.gif HTTP/1.1" 304 -
180.174.226.65 - - [18/Jul/2021:10:34:12 +0800] "GET /xingrg/all/function/internal_message.html?_=1626575621082&CODE_STATE=getMsg HTTP/1.1" 200 27
101.83.145.79 - - [18/Jul/2021:10:34:12 +0800] "GET /xingrg/images/blue/button/yddb.gif HTTP/1.1" 304 -
101.83.145.79 - - [18/Jul/2021:10:34:12 +0800] "GET /xingrg/images/blue/button/bottom_left.jpg HTTP/1.1" 304 -
101.83.145.79 - - [18/Jul/2021:10:34:12 +0800] "GET /xingrg/images/blue/button/bottom_right.jpg HTTP/1.1" 304 -
101.83.145.79 - - [18/Jul/2021:10:34:12 +0800] "GET /xingrg/images/blue/button/left_ah.jpg HTTP/1.1" 304 -
101.83.145.79 - - [18/Jul/2021:10:34:12 +0800] "GET /xingrg/images/blue/button/top_right.jpg HTTP/1.1" 304 -
101.83.145.79 - - [18/Jul/2021:10:34:12 +0800] "GET /xingrg/images/blue/button/down.jpg HTTP/1.1" 304 -
101.83.145.79 - - [18/Jul/2021:10:34:12 +0800] "GET /xingrg/images/blue/button/top_left.jpg HTTP/1.1" 304 -
180.174.226.65 - - [18/Jul/2021:10:34:13 +0800] "GET /xingrg/kc/buy/cgsh_order_info.html?code=212021071808158 HTTP/1.1" 200 57603
180.174.226.65 - - [18/Jul/2021:10:34:13 +0800] "GET /xingrg/javascript/easyui/themes/default/validatebox.css HTTP/1.1" 404 1104
101.83.145.79 - - [18/Jul/2021:10:34:14 +0800] "GET /xingrg/kc/base/wldb_order_list.html HTTP/1.1" 200 19145
180.174.226.65 - - [18/Jul/2021:10:34:14 +0800] "POST /xingrg/kc/buy/cgsh_order_operate.html HTTP/1.1" 200 3580
101.83.145.79 - - [18/Jul/2021:10:34:15 +0800] "POST /xingrg/kc/base/wldb_list_operate.html HTTP/1.1" 200 928
180.156.224.123 - - [18/Jul/2021:10:34:15 +0800] "GET /xingrg/all/function/internal_message.html?_=1626575655527&CODE_STATE=getMsg HTTP/1.1" 200 27
116.230.110.80 - - [18/Jul/2021:10:34:16 +0800] "GET /xingrg/kc/buy/cgsh_order_operate.html?command=get_materiel&rest_code=00155&code=00101008098&supplier_code=00100005&order_time=2021-07-18 HTTP/1.1" 200 412
101.83.145.79 - - [18/Jul/2021:10:34:16 +0800] "GET /xingrg/kc/buy/cgsh_order_operate.html?command=get_materiel&rest_code=00105&code=00101009124&supplier_code=00100024&order_time=2021-07-18 HTTP/1.1" 200 402
101.83.145.79 - - [18/Jul/2021:10:34:17 +0800] "GET /xingrg/kc/base/wldb_order_add.html HTTP/1.1" 200 30353
101.83.145.79 - - [18/Jul/2021:10:34:17 +0800] "GET /xingrg/words/20210718102258_words.js HTTP/1.1" 200 826153
101.83.145.79 - - [18/Jul/2021:10:34:17 +0800] "POST /xingrg/kc/base/wldb_order_operate.html HTTP/1.1" 200 6806
101.83.145.79 - - [18/Jul/2021:10:34:17 +0800] "GET /xingrg/all/common/auto_word.html?type=base&rest_code=00105 HTTP/1.1" 200 1811
101.83.145.79 - - [18/Jul/2021:10:34:17 +0800] "GET /xingrg/all/common/auto_word.html?type=base&rest_code=00105 HTTP/1.1" 200 1811
101.83.145.79 - - [18/Jul/2021:10:34:17 +0800] "GET /xingrg/javascript/easyui/themes/default/validatebox.css HTTP/1.1" 404 1104
180.174.226.65 - - [18/Jul/2021:10:34:19 +0800] "GET /xingrg/all/function/internal_message.html?_=1626575661684&CODE_STATE=getMsg HTTP/1.1" 200 27
222.69.131.78 - - [18/Jul/2021:10:34:20 +0800] "GET /xingrg/all/function/internal_message.html?_=1626575658882&CODE_STATE=getMsg HTTP/1.1" 200 27
58.37.5.217 - - [18/Jul/2021:10:34:20 +0800] "GET /xingrg/kc/buy/cgsh_order_operate.html?command=get_materiel&rest_code=00106&code=00102016158&supplier_code=00100219&order_time=2021-07-18 HTTP/1.1" 200 424
116.230.110.80 - - [18/Jul/2021:10:34:21 +0800] "POST /xingrg/kc/buy/cgsh_order_operate.html HTTP/1.1" 200 2065
58.37.225.51 - - [18/Jul/2021:10:34:21 +0800] "GET /xingrg/kc/buy/cgsh_order_operate.html?command=get_materiel&rest_code=00141&code=00101008005&supplier_code=00100007&order_time=2021-07-18 HTTP/1.1" 200 412
116.230.110.80 - - [18/Jul/2021:10:34:21 +0800] "GET /xingrg/all/function/internal_message.html?_=1626575661826&CODE_STATE=getMsg HTTP/1.1" 200 27
180.174.226.65 - - [18/Jul/2021:10:34:23 +0800] "GET /xingrg/kc/print/load_data.html?order_code=212021071808158&kc_code=cgsh&condition= HTTP/1.1" 200 1837
116.235.222.38 - - [18/Jul/2021:10:34:25 +0800] "GET /xingrg/kc/buy/cgsh_order_operate.html?command=get_materiel&rest_code=00107&code=00101016081&supplier_code=00100033&order_time=2021-07-18 HTTP/1.1" 200 447
58.37.5.217 - - [18/Jul/2021:10:34:26 +0800] "GET /xingrg/all/function/internal_message.html?_=1626575666873&CODE_STATE=getMsg HTTP/1.1" 200 27
58.37.5.217 - - [18/Jul/2021:10:34:28 +0800] "GET /xingrg/kc/buy/cgsh_order_operate.html?command=get_materiel&rest_code=00106&code=00102010486&supplier_code=00100219&order_time=2021-07-18 HTTP/1.1" 200 412
116.230.110.80 - - [18/Jul/2021:10:34:30 +0800] "GET /xingrg/kc/buy/cgsh_order_operate.html?command=get_materiel&rest_code=00155&code=00101008095&supplier_code=00100005&order_time=2021-07-18 HTTP/1.1" 200 412
58.37.5.217 - - [18/Jul/2021:10:34:33 +0800] "GET /xingrg/all/function/internal_message.html?_=1626575672796&CODE_STATE=getMsg HTTP/1.1" 200 27
58.37.225.51 - - [18/Jul/2021:10:34:33 +0800] "GET /xingrg/kc/buy/cgsh_order_operate.html?command=get_materiel&rest_code=00141&code=00101008271&supplier_code=00100007&order_time=2021-07-18 HTTP/1.1" 200 408
58.37.5.217 - - [18/Jul/2021:10:34:35 +0800] "GET /xingrg/kc/buy/cgsh_order_operate.html?command=get_materiel&rest_code=00106&code=00101014101&supplier_code=00100090&order_time=2021-07-18 HTTP/1.1" 200 402
222.70.175.207 - - [18/Jul/2021:10:34:36 +0800] "GET /xingrg/check_reg.html?_=1626575677547 HTTP/1.1" 200 71
116.235.222.38 - - [18/Jul/2021:10:34:36 +0800] "GET /xingrg/kc/buy/cgsh_order_operate.html?command=get_materiel&rest_code=00107&code=00101010248&supplier_code=00100033&order_time=2021-07-18 HTTP/1.1" 200 430
101.83.145.79 - - [18/Jul/2021:10:34:36 +0800] "POST /xingrg/all/common/load_combo.html?type=base HTTP/1.1" 200 3236
58.40.7.146 - - [18/Jul/2021:10:34:38 +0800] "GET /xingrg/check_reg.html?_=1626575678390 HTTP/1.1" 302 -
222.70.175.207 - - [18/Jul/2021:10:34:38 +0800] "GET /xingrg/all/function/internal_message.html?_=1626575680010&CODE_STATE=getMsg HTTP/1.1" 200 27
101.83.145.79 - - [18/Jul/2021:10:34:39 +0800] "GET /xingrg/all/function/internal_message.html?_=1626575644537&CODE_STATE=getMsg HTTP/1.1" 200 27
101.83.145.79 - - [18/Jul/2021:10:34:40 +0800] "POST /xingrg/all/common/load_combo.html?type=base HTTP/1.1" 200 3236
180.169.147.146 - - [18/Jul/2021:10:34:41 +0800] "GET /xingrg/all/function/internal_message.html?_=1626575665765&CODE_STATE=getMsg HTTP/1.1" 200 27
116.230.110.80 - - [18/Jul/2021:10:34:41 +0800] "GET /xingrg/kc/buy/cgsh_order_operate.html?command=get_materiel&rest_code=00155&code=00101008283&supplier_code=00100005&order_time=2021-07-18 HTTP/1.1" 200 408
101.83.241.165 - - [18/Jul/2021:10:34:41 +0800] "GET /xingrg/all/function/internal_message.html?_=1626575682019&CODE_STATE=getMsg HTTP/1.1" 200 27
58.37.225.51 - - [18/Jul/2021:10:34:42 +0800] "GET /xingrg/kc/buy/cgsh_order_operate.html?command=get_materiel&rest_code=00141&code=00101008353&supplier_code=00100007&order_time=2021-07-18 HTTP/1.1" 200 408
58.37.225.51 - - [18/Jul/2021:10:34:46 +0800] "POST /xingrg/kc/buy/cgsh_order_operate.html HTTP/1.1" 200 2065
116.235.222.38 - - [18/Jul/2021:10:34:50 +0800] "GET /xingrg/kc/buy/cgsh_order_operate.html?command=get_materiel&rest_code=00107&code=00101016080&supplier_code=00100033&order_time=2021-07-18 HTTP/1.1" 200 408
58.37.225.51 - - [18/Jul/2021:10:34:51 +0800] "GET /xingrg/kc/buy/cgsh_order_operate.html?command=get_materiel&rest_code=00141&code=00101008213&supplier_code=00100007&order_time=2021-07-18 HTTP/1.1" 200 412
101.83.145.79 - - [18/Jul/2021:10:34:54 +0800] "GET /xingrg/javascript/auto/indicator.gif HTTP/1.1" 404 1066
116.235.222.38 - - [18/Jul/2021:10:34:54 +0800] "GET /xingrg/all/function/internal_message.html?_=1626575695059&CODE_STATE=getMsg HTTP/1.1" 200 27
116.235.222.38 - - [18/Jul/2021:10:34:54 +0800] "GET /xingrg/check_reg.html?_=1626575695162 HTTP/1.1" 200 71
180.169.147.146 - - [18/Jul/2021:10:34:58 +0800] "GET /xingrg/all/function/internal_message.html?_=1626575698665&CODE_STATE=getMsg HTTP/1.1" 200 27
101.83.145.79 - - [18/Jul/2021:10:35:00 +0800] "GET /xingrg/all/function/internal_message.html?_=1626575702144&CODE_STATE=getMsg HTTP/1.1" 200 27
58.37.225.51 - - [18/Jul/2021:10:35:00 +0800] "GET /xingrg/all/function/internal_message.html?_=1626575613510&CODE_STATE=getMsg HTTP/1.1" 200 27
116.230.110.80 - - [18/Jul/2021:10:35:02 +0800] "GET /xingrg/kc/buy/cgsh_order_operate.html?command=get_materiel&rest_code=00155&code=00101008223&supplier_code=00100005&order_time=2021-07-18 HTTP/1.1" 200 412
58.37.5.217 - - [18/Jul/2021:10:35:02 +0800] "GET /xingrg/kc/buy/cgsh_order_operate.html?command=get_materiel&rest_code=00106&code=00102009489&supplier_code=00100219&order_time=2021-07-18 HTTP/1.1" 200 410
116.235.222.38 - - [18/Jul/2021:10:35:04 +0800] "GET /xingrg/kc/buy/cgsh_order_operate.html?command=get_materiel&rest_code=00107&code=00101012029&supplier_code=00100033&order_time=2021-07-18 HTTP/1.1" 200 412
58.37.5.217 - - [18/Jul/2021:10:35:04 +0800] "GET /xingrg/kc/buy/cgsh_order_operate.html?command=get_materiel&rest_code=00106&code=00101001140&supplier_code=00100090&order_time=2021-07-18 HTTP/1.1" 200 415
58.37.225.51 - - [18/Jul/2021:10:35:04 +0800] "GET /xingrg/kc/buy/cgsh_order_operate.html?command=get_materiel&rest_code=00141&code=00101008283&supplier_code=00100007&order_time=2021-07-18 HTTP/1.1" 200 408
101.83.145.79 - - [18/Jul/2021:10:35:05 +0800] "GET /xingrg/kc/buy/cgsh_order_operate.html?command=get_materiel&rest_code=00105&code=00101009059&supplier_code=00100024&order_time=2021-07-18 HTTP/1.1" 200 409
101.85.107.54 - - [18/Jul/2021:10:35:06 +0800] "GET /xingrg/all/function/internal_message.html?_=1626575112709&CODE_STATE=getMsg HTTP/1.1" 200 27
58.37.5.217 - - [18/Jul/2021:10:35:11 +0800] "GET /xingrg/kc/buy/cgsh_order_operate.html?command=get_materiel&rest_code=00106&code=00102009950&supplier_code=00100219&order_time=2021-07-18 HTTP/1.1" 200 426
180.174.226.65 - - [18/Jul/2021:10:35:13 +0800] "GET /xingrg/all/function/internal_message.html?_=1626575681591&CODE_STATE=getMsg HTTP/1.1" 200 27
180.156.224.123 - - [18/Jul/2021:10:35:15 +0800] "GET /xingrg/all/function/internal_message.html?_=1626575715524&CODE_STATE=getMsg HTTP/1.1" 200 27
58.37.225.51 - - [18/Jul/2021:10:35:17 +0800] "GET /xingrg/kc/buy/cgsh_order_operate.html?command=get_materiel&rest_code=00141&code=00101008173&supplier_code=00100007&order_time=2021-07-18 HTTP/1.1" 200 413
180.157.255.9 - - [18/Jul/2021:10:35:17 +0800] "GET /xingrg/index.html?sysBaseUrl=http%3A%2F%2F180.169.147.146%3A18081%2Fxingrg%2F&costTime=44×tamp=1622098168715 HTTP/1.1" 302 -
180.157.255.9 - - [18/Jul/2021:10:35:17 +0800] "GET /xingrg/login.html HTTP/1.1" 200 1706
180.157.255.9 - - [18/Jul/2021:10:35:18 +0800] "GET /favicon.ico HTTP/1.1" 404 -
180.174.226.65 - - [18/Jul/2021:10:35:19 +0800] "GET /xingrg/all/function/internal_message.html?_=1626575721697&CODE_STATE=getMsg HTTP/1.1" 200 27
222.69.131.78 - - [18/Jul/2021:10:35:20 +0800] "GET /xingrg/all/function/internal_message.html?_=1626575718858&CODE_STATE=getMsg HTTP/1.1" 200 27
116.230.110.80 - - [18/Jul/2021:10:35:21 +0800] "GET /xingrg/all/function/internal_message.html?_=1626575721844&CODE_STATE=getMsg HTTP/1.1" 200 27
101.83.145.79 - - [18/Jul/2021:10:35:22 +0800] "GET /xingrg/kc/buy/cgsh_order_operate.html?command=get_materiel&rest_code=00105&code=00101009016&supplier_code=00100024&order_time=2021-07-18 HTTP/1.1" 200 412
58.37.5.217 - - [18/Jul/2021:10:35:22 +0800] "GET /xingrg/kc/buy/cgsh_order_operate.html?command=get_materiel&rest_code=00106&code=00101001125&supplier_code=00100090&order_time=2021-07-18 HTTP/1.1" 200 415
180.157.255.9 - - [18/Jul/2021:10:35:25 +0800] "GET /xingrg/login.html?r=1 HTTP/1.1" 200 7641
180.157.255.9 - - [18/Jul/2021:10:35:25 +0800] "GET /favicon.ico HTTP/1.1" 404 -
58.37.5.217 - - [18/Jul/2021:10:35:26 +0800] "GET /xingrg/check_reg.html?_=1626575726878 HTTP/1.1" 200 71
58.37.5.217 - - [18/Jul/2021:10:35:26 +0800] "GET /xingrg/all/function/internal_message.html?_=1626575726879&CODE_STATE=getMsg HTTP/1.1" 200 27
58.37.5.217 - - [18/Jul/2021:10:35:26 +0800] "GET /xingrg/kc/buy/cgsh_order_operate.html?command=get_materiel&rest_code=00106&code=00102009952&supplier_code=00100219&order_time=2021-07-18 HTTP/1.1" 200 425
180.157.255.9 - - [18/Jul/2021:10:35:27 +0800] "POST /xingrg/login.do HTTP/1.1" 302 -
180.157.255.9 - - [18/Jul/2021:10:35:27 +0800] "GET /xingrg/index.html?sysBaseUrl=http%3A%2F%2F180.169.147.146%3A18081%2Fxingrg%2F&costTime=40×tamp=1626575727149 HTTP/1.1" 200 17179
180.157.255.9 - - [18/Jul/2021:10:35:27 +0800] "GET /favicon.ico HTTP/1.1" 404 -
180.157.255.9 - - [18/Jul/2021:10:35:27 +0800] "POST /xingrg/all/common/load_tree.html?tree=area_rest_tree_json&manage=1 HTTP/1.1" 200 351
180.157.255.9 - - [18/Jul/2021:10:35:27 +0800] "GET /xingrg/check_reg.html?_=1626575727384 HTTP/1.1" 200 71
180.157.255.9 - - [18/Jul/2021:10:35:27 +0800] "GET /xingrg/all/function/internal_message.html?_=1626575727383&CODE_STATE=count HTTP/1.1" 200 11
180.157.255.9 - - [18/Jul/2021:10:35:27 +0800] "POST /xingrg/load_menu.html HTTP/1.1" 200 5138
116.230.110.80 - - [18/Jul/2021:10:35:29 +0800] "GET /xingrg/kc/buy/cgsh_order_operate.html?command=get_materiel&rest_code=00155&code=00101008331&supplier_code=00100005&order_time=2021-07-18 HTTP/1.1" 200 416
180.157.255.9 - - [18/Jul/2021:10:35:29 +0800] "GET /xingrg/kc/buy/cgsh_order_list.html HTTP/1.1" 200 46994
58.40.7.146 - - [18/Jul/2021:10:35:29 +0800] "GET /xingrg/check_reg.html?_=1626575729662 HTTP/1.1" 302 -
58.37.225.51 - - [18/Jul/2021:10:35:29 +0800] "GET /xingrg/kc/buy/cgsh_order_operate.html?command=get_materiel&rest_code=00141&code=00101023033&supplier_code=00100007&order_time=2021-07-18 HTTP/1.1" 200 395
180.157.255.9 - - [18/Jul/2021:10:35:32 +0800] "POST /xingrg/kc/buy/cgsh_list_operate.html HTTP/1.1" 200 1670
116.230.110.80 - - [18/Jul/2021:10:35:32 +0800] "POST /xingrg/kc/buy/cgsh_order_operate.html HTTP/1.1" 200 2065
58.37.5.217 - - [18/Jul/2021:10:35:33 +0800] "GET /xingrg/check_reg.html?_=1626575732786 HTTP/1.1" 200 71
58.37.5.217 - - [18/Jul/2021:10:35:33 +0800] "GET /xingrg/all/function/internal_message.html?_=1626575732787&CODE_STATE=getMsg HTTP/1.1" 200 27
180.157.255.9 - - [18/Jul/2021:10:35:33 +0800] "POST /xingrg/kc/buy/cgsh_list_operate.html HTTP/1.1" 200 203
180.157.255.9 - - [18/Jul/2021:10:35:33 +0800] "GET /xingrg/kc/buy/cgsh_order_info.html?code=212021071708043 HTTP/1.1" 200 62729
180.157.255.9 - - [18/Jul/2021:10:35:34 +0800] "GET /xingrg/words/20210718102258_words.js HTTP/1.1" 200 826153
180.157.255.9 - - [18/Jul/2021:10:35:34 +0800] "GET /xingrg/all/common/auto_word.html?type=employee&rest_code=00148 HTTP/1.1" 200 197
180.157.255.9 - - [18/Jul/2021:10:35:34 +0800] "GET /xingrg/javascript/easyui/themes/default/validatebox.css HTTP/1.1" 404 1104
180.157.255.9 - - [18/Jul/2021:10:35:34 +0800] "GET /xingrg/all/common/auto_word.html?type=employee&rest_code=00148 HTTP/1.1" 200 197
180.157.255.9 - - [18/Jul/2021:10:35:34 +0800] "POST /xingrg/kc/buy/cgsh_order_operate.html HTTP/1.1" 200 2663
58.37.5.217 - - [18/Jul/2021:10:35:38 +0800] "GET /xingrg/kc/buy/cgsh_order_operate.html?command=get_materiel&rest_code=00106&code=00102009951&supplier_code=00100219&order_time=2021-07-18 HTTP/1.1" 200 430
222.70.175.207 - - [18/Jul/2021:10:35:38 +0800] "GET /xingrg/all/function/internal_message.html?_=1626575740024&CODE_STATE=getMsg HTTP/1.1" 200 27
101.83.145.79 - - [18/Jul/2021:10:35:39 +0800] "GET /xingrg/all/function/internal_message.html?_=1626575704542&CODE_STATE=getMsg HTTP/1.1" 200 27
58.37.225.51 - - [18/Jul/2021:10:35:39 +0800] "GET /xingrg/kc/buy/cgsh_order_operate.html?command=get_materiel&rest_code=00141&code=00101008059&supplier_code=00100007&order_time=2021-07-18 HTTP/1.1" 200 408
180.157.255.9 - - [18/Jul/2021:10:35:40 +0800] "GET /xingrg/javascript/auto/indicator.gif HTTP/1.1" 404 1066
180.169.147.146 - - [18/Jul/2021:10:35:41 +0800] "GET /xingrg/all/function/internal_message.html?_=1626575725795&CODE_STATE=getMsg HTTP/1.1" 200 27
101.83.241.165 - - [18/Jul/2021:10:35:41 +0800] "GET /xingrg/all/function/internal_message.html?_=1626575742022&CODE_STATE=getMsg HTTP/1.1" 200 27
101.83.241.165 - - [18/Jul/2021:10:35:42 +0800] "GET /xingrg/check_reg.html?_=1626575742027 HTTP/1.1" 200 71
58.37.5.217 - - [18/Jul/2021:10:35:42 +0800] "GET /xingrg/kc/buy/cgsh_order_operate.html?command=get_materiel&rest_code=00106&code=00101001044&supplier_code=00100090&order_time=2021-07-18 HTTP/1.1" 200 409
180.174.226.65 - - [18/Jul/2021:10:35:45 +0800] "GET /xingrg/check_reg.html?_=1626575714200 HTTP/1.1" 200 71
180.157.255.9 - - [18/Jul/2021:10:35:46 +0800] "POST /xingrg/kc/buy/cgsh_order_operate.html HTTP/1.1" 200 37
101.83.145.79 - - [18/Jul/2021:10:35:47 +0800] "GET /xingrg/kc/buy/cgsh_order_operate.html?command=get_materiel&rest_code=00105&code=00101009118&supplier_code=00100024&order_time=2021-07-18 HTTP/1.1" 200 392
180.157.255.9 - - [18/Jul/2021:10:35:50 +0800] "POST /xingrg/kc/buy/cgsh_order_operate.html HTTP/1.1" 200 2665
116.230.110.80 - - [18/Jul/2021:10:35:54 +0800] "GET /xingrg/kc/buy/cgsh_order_operate.html?command=get_materiel&rest_code=00155&code=00101008196&supplier_code=00100005&order_time=2021-07-18 HTTP/1.1" 200 416
116.235.222.38 - - [18/Jul/2021:10:35:54 +0800] "GET /xingrg/all/function/internal_message.html?_=1626575755051&CODE_STATE=getMsg HTTP/1.1" 200 27
180.157.255.9 - - [18/Jul/2021:10:35:55 +0800] "POST /xingrg/kc/buy/cgsh_order_operate.html HTTP/1.1" 200 37
180.157.255.9 - - [18/Jul/2021:10:35:58 +0800] "POST /xingrg/kc/buy/cgsh_order_operate.html HTTP/1.1" 200 12
180.169.147.146 - - [18/Jul/2021:10:35:58 +0800] "GET /xingrg/all/function/internal_message.html?_=1626575758652&CODE_STATE=getMsg HTTP/1.1" 200 27
180.157.255.9 - - [18/Jul/2021:10:35:59 +0800] "GET /xingrg/kc/buy/cgsh_order_info.html?code=212021071708043 HTTP/1.1" 200 57626
180.157.255.9 - - [18/Jul/2021:10:35:59 +0800] "GET /xingrg/javascript/easyui/themes/default/validatebox.css HTTP/1.1" 404 1104
58.37.5.217 - - [18/Jul/2021:10:35:59 +0800] "GET /xingrg/kc/buy/cgsh_order_operate.html?command=get_materiel&rest_code=00106&code=00102010358&supplier_code=00100219&order_time=2021-07-18 HTTP/1.1" 200 414
101.83.145.79 - - [18/Jul/2021:10:36:00 +0800] "GET /xingrg/all/function/internal_message.html?_=1626575762126&CODE_STATE=getMsg HTTP/1.1" 200 27
180.157.255.9 - - [18/Jul/2021:10:36:00 +0800] "POST /xingrg/kc/buy/cgsh_order_operate.html HTTP/1.1" 200 615
58.37.225.51 - - [18/Jul/2021:10:36:00 +0800] "GET /xingrg/all/function/internal_message.html?_=1626575673590&CODE_STATE=getMsg HTTP/1.1" 200 27
58.37.5.217 - - [18/Jul/2021:10:36:02 +0800] "GET /xingrg/kc/buy/cgsh_order_operate.html?command=get_materiel&rest_code=00106&code=00101001093&supplier_code=00100090&order_time=2021-07-18 HTTP/1.1" 200 411
116.230.110.80 - - [18/Jul/2021:10:36:03 +0800] "GET /xingrg/kc/buy/cgsh_order_operate.html?command=get_materiel&rest_code=00155&code=00101008353&supplier_code=00100005&order_time=2021-07-18 HTTP/1.1" 200 408
58.37.225.51 - - [18/Jul/2021:10:36:04 +0800] "POST /xingrg/kc/buy/cgsh_order_operate.html HTTP/1.1" 200 2065
101.85.107.54 - - [18/Jul/2021:10:36:06 +0800] "GET /xingrg/check_reg.html?_=1626575172710 HTTP/1.1" 200 71
101.85.107.54 - - [18/Jul/2021:10:36:06 +0800] "GET /xingrg/all/function/internal_message.html?_=1626575172713&CODE_STATE=getMsg HTTP/1.1" 200 27
101.83.145.79 - - [18/Jul/2021:10:36:06 +0800] "GET /xingrg/kc/buy/cgsh_order_operate.html?command=get_materiel&rest_code=00105&code=00101009013&supplier_code=00100024&order_time=2021-07-18 HTTP/1.1" 200 420
58.37.225.51 - - [18/Jul/2021:10:36:09 +0800] "GET /xingrg/kc/buy/cgsh_order_operate.html?command=get_materiel&rest_code=00141&code=00101008323&supplier_code=00100007&order_time=2021-07-18 HTTP/1.1" 200 408
116.230.110.80 - - [18/Jul/2021:10:36:11 +0800] "GET /xingrg/kc/buy/cgsh_order_operate.html?command=get_materiel&rest_code=00155&code=00101008361&supplier_code=00100005&order_time=2021-07-18 HTTP/1.1" 200 408
58.37.5.217 - - [18/Jul/2021:10:36:12 +0800] "GET /xingrg/kc/buy/cgsh_order_operate.html?command=get_materiel&rest_code=00106&code=00102009332&supplier_code=00100219&order_time=2021-07-18 HTTP/1.1" 200 418
180.174.226.65 - - [18/Jul/2021:10:36:13 +0800] "GET /xingrg/all/function/internal_message.html?_=1626575741592&CODE_STATE=getMsg HTTP/1.1" 200 27
180.156.224.123 - - [18/Jul/2021:10:36:15 +0800] "GET /xingrg/all/function/internal_message.html?_=1626575775534&CODE_STATE=getMsg HTTP/1.1" 200 27
58.37.5.217 - - [18/Jul/2021:10:36:18 +0800] "GET /xingrg/kc/buy/cgsh_order_operate.html?command=get_materiel&rest_code=00106&code=00101001148&supplier_code=00100090&order_time=2021-07-18 HTTP/1.1" 200 411
58.37.225.51 - - [18/Jul/2021:10:36:19 +0800] "GET /xingrg/kc/buy/cgsh_order_operate.html?command=get_materiel&rest_code=00141&code=00101008176&supplier_code=00100007&order_time=2021-07-18 HTTP/1.1" 200 412
222.69.131.78 - - [18/Jul/2021:10:36:19 +0800] "GET /xingrg/all/function/internal_message.html?_=1626575778831&CODE_STATE=getMsg HTTP/1.1" 200 27
180.174.226.65 - - [18/Jul/2021:10:36:20 +0800] "GET /xingrg/all/function/internal_message.html?_=1626575782331&CODE_STATE=getMsg HTTP/1.1" 200 27
116.235.222.38 - - [18/Jul/2021:10:36:21 +0800] "GET /xingrg/kc/buy/cgsh_order_operate.html?command=get_materiel&rest_code=00107&code=00101012070&supplier_code=00100033&order_time=2021-07-18 HTTP/1.1" 200 398
116.230.110.80 - - [18/Jul/2021:10:36:21 +0800] "GET /xingrg/all/function/internal_message.html?_=1626575781836&CODE_STATE=getMsg HTTP/1.1" 200 27
116.230.110.80 - - [18/Jul/2021:10:36:22 +0800] "GET /xingrg/kc/buy/cgsh_order_operate.html?command=get_materiel&rest_code=00155&code=00101008229&supplier_code=00100005&order_time=2021-07-18 HTTP/1.1" 200 420
116.230.110.80 - - [18/Jul/2021:10:36:25 +0800] "POST /xingrg/kc/buy/cgsh_order_operate.html HTTP/1.1" 200 2065
58.37.5.217 - - [18/Jul/2021:10:36:26 +0800] "GET /xingrg/all/function/internal_message.html?_=1626575786879&CODE_STATE=getMsg HTTP/1.1" 200 27
116.235.222.38 - - [18/Jul/2021:10:36:30 +0800] "GET /xingrg/kc/buy/cgsh_order_operate.html?command=get_materiel&rest_code=00107&code=00101012025&supplier_code=00100033&order_time=2021-07-18 HTTP/1.1" 200 412
58.37.5.217 - - [18/Jul/2021:10:36:33 +0800] "GET /xingrg/all/function/internal_message.html?_=1626575792828&CODE_STATE=getMsg HTTP/1.1" 200 27
222.70.175.207 - - [18/Jul/2021:10:36:38 +0800] "GET /xingrg/all/function/internal_message.html?_=1626575800039&CODE_STATE=getMsg HTTP/1.1" 200 27
101.83.145.79 - - [18/Jul/2021:10:36:39 +0800] "GET /xingrg/all/function/internal_message.html?_=1626575764543&CODE_STATE=getMsg HTTP/1.1" 200 27
180.169.147.146 - - [18/Jul/2021:10:36:41 +0800] "GET /xingrg/all/function/internal_message.html?_=1626575785794&CODE_STATE=getMsg HTTP/1.1" 200 27
101.83.241.165 - - [18/Jul/2021:10:36:41 +0800] "GET /xingrg/all/function/internal_message.html?_=1626575802030&CODE_STATE=getMsg HTTP/1.1" 200 27
116.235.222.38 - - [18/Jul/2021:10:36:42 +0800] "POST /xingrg/kc/buy/cgsh_order_operate.html HTTP/1.1" 200 37
58.37.225.51 - - [18/Jul/2021:10:36:42 +0800] "GET /xingrg/kc/buy/cgsh_order_operate.html?command=get_materiel&rest_code=00141&code=00101008302&supplier_code=00100007&order_time=2021-07-18 HTTP/1.1" 200 412
116.235.222.38 - - [18/Jul/2021:10:36:44 +0800] "POST /xingrg/kc/buy/cgsh_order_operate.html HTTP/1.1" 200 7414
116.235.222.38 - - [18/Jul/2021:10:36:46 +0800] "GET /xingrg/kc/print/load_data.html?order_code=212021071808213&kc_code=cgsh&condition= HTTP/1.1" 200 2529
116.230.110.80 - - [18/Jul/2021:10:36:47 +0800] "GET /xingrg/kc/buy/cgsh_order_operate.html?command=get_materiel&rest_code=00155&code=00101008036&supplier_code=00100005&order_time=2021-07-18 HTTP/1.1" 200 408
116.235.222.38 - - [18/Jul/2021:10:36:54 +0800] "GET /xingrg/all/function/internal_message.html?_=1626575815046&CODE_STATE=getMsg HTTP/1.1" 200 27
116.235.222.38 - - [18/Jul/2021:10:36:58 +0800] "GET /xingrg/kc/buy/cgsh_order_add.html HTTP/1.1" 200 62814
101.83.145.79 - - [18/Jul/2021:10:36:58 +0800] "POST /xingrg/kc/buy/cgsh_order_operate.html HTTP/1.1" 200 37
116.235.222.38 - - [18/Jul/2021:10:36:58 +0800] "GET /xingrg/words/20210718102258_words.js HTTP/1.1" 304 -
180.169.147.146 - - [18/Jul/2021:10:36:58 +0800] "GET /xingrg/all/function/internal_message.html?_=1626575818654&CODE_STATE=getMsg HTTP/1.1" 200 27
116.235.222.38 - - [18/Jul/2021:10:36:58 +0800] "GET /xingrg/javascript/easyui/themes/default/validatebox.css HTTP/1.1" 404 1104
116.235.222.38 - - [18/Jul/2021:10:36:59 +0800] "POST /xingrg/kc/buy/cgsh_order_operate.html HTTP/1.1" 200 8245
58.37.225.51 - - [18/Jul/2021:10:37:00 +0800] "GET /xingrg/check_reg.html?_=1626575733563 HTTP/1.1" 200 71
58.37.225.51 - - [18/Jul/2021:10:37:00 +0800] "GET /xingrg/all/function/internal_message.html?_=1626575733564&CODE_STATE=getMsg HTTP/1.1" 200 27
58.37.5.217 - - [18/Jul/2021:10:37:03 +0800] "POST /xingrg/kc/buy/cgsh_order_operate.html HTTP/1.1" 200 37
58.37.5.217 - - [18/Jul/2021:10:37:04 +0800] "GET /xingrg/kc/buy/cgsh_order_operate.html?command=get_materiel&rest_code=00106&code=00102009347&supplier_code=00100219&order_time=2021-07-18 HTTP/1.1" 200 412
101.83.145.79 - - [18/Jul/2021:10:37:04 +0800] "POST /xingrg/kc/buy/cgsh_order_operate.html HTTP/1.1" 200 10397
180.169.147.146 - - [18/Jul/2021:10:37:05 +0800] "GET /xingrg/check_reg.html?_=1626575825526 HTTP/1.1" 302 -
101.83.145.79 - - [18/Jul/2021:10:37:06 +0800] "GET /xingrg/kc/print/load_data.html?order_code=212021071808214&kc_code=cgsh&condition= HTTP/1.1" 200 3640
101.85.107.54 - - [18/Jul/2021:10:37:06 +0800] "GET /xingrg/all/function/internal_message.html?_=1626575232724&CODE_STATE=getMsg HTTP/1.1" 200 27
58.37.5.217 - - [18/Jul/2021:10:37:06 +0800] "POST /xingrg/kc/buy/cgsh_order_operate.html HTTP/1.1" 200 12
58.37.5.217 - - [18/Jul/2021:10:37:08 +0800] "GET /xingrg/kc/buy/cgsh_order_info.html?code=212021071808215 HTTP/1.1" 200 57638
58.37.5.217 - - [18/Jul/2021:10:37:08 +0800] "GET /xingrg/words/20210718102258_words.js HTTP/1.1" 304 -
58.37.5.217 - - [18/Jul/2021:10:37:08 +0800] "GET /xingrg/javascript/easyui/themes/default/validatebox.css HTTP/1.1" 404 1104
58.37.5.217 - - [18/Jul/2021:10:37:09 +0800] "POST /xingrg/kc/buy/cgsh_order_operate.html HTTP/1.1" 200 3585
58.37.5.217 - - [18/Jul/2021:10:37:11 +0800] "GET /xingrg/kc/print/load_config.html?kc_code=cgsh HTTP/1.1" 200 1845
116.233.75.209 - - [18/Jul/2021:10:37:11 +0800] "GET /xingrg/login.html HTTP/1.1" 200 1706
58.37.5.217 - - [18/Jul/2021:10:37:12 +0800] "GET /xingrg/kc/print/load_data.html?order_code=212021071808215&kc_code=cgsh&condition= HTTP/1.1" 200 1906
116.233.75.209 - - [18/Jul/2021:10:37:12 +0800] "GET /xingrg/css/blue.css HTTP/1.1" 200 15949
116.233.75.209 - - [18/Jul/2021:10:37:12 +0800] "GET /xingrg/images/blue/error_top.gif HTTP/1.1" 200 1790
116.233.75.209 - - [18/Jul/2021:10:37:12 +0800] "GET /xingrg/images/blue/error_mid.gif HTTP/1.1" 200 215
116.233.75.209 - - [18/Jul/2021:10:37:12 +0800] "GET /xingrg/images/blue/error_buttom.gif HTTP/1.1" 200 1750
116.233.75.209 - - [18/Jul/2021:10:37:12 +0800] "GET /favicon.ico HTTP/1.1" 404 -
180.174.226.65 - - [18/Jul/2021:10:37:13 +0800] "GET /xingrg/all/function/internal_message.html?_=1626575801606&CODE_STATE=getMsg HTTP/1.1" 200 27
116.233.75.209 - - [18/Jul/2021:10:37:14 +0800] "GET /xingrg/login.html?r=1 HTTP/1.1" 200 7641
58.37.5.217 - - [18/Jul/2021:10:37:14 +0800] "GET /xingrg/kc/buy/cgsh_order_operate.html?command=get_materiel&rest_code=00106&code=00102016246&supplier_code=00100219&order_time=2021-07-18 HTTP/1.1" 200 412
116.233.75.209 - - [18/Jul/2021:10:37:15 +0800] "GET /xingrg/images/blue/jxLogo.png HTTP/1.1" 200 6156
116.233.75.209 - - [18/Jul/2021:10:37:15 +0800] "GET /xingrg/images/blue/hj.png HTTP/1.1" 200 1014
116.233.75.209 - - [18/Jul/2021:10:37:15 +0800] "GET /xingrg/images/blue/srbg.png HTTP/1.1" 200 138
116.233.75.209 - - [18/Jul/2021:10:37:15 +0800] "GET /xingrg/images/blue/login_bg.png HTTP/1.1" 200 22101
180.156.224.123 - - [18/Jul/2021:10:37:15 +0800] "GET /xingrg/all/function/internal_message.html?_=1626575835530&CODE_STATE=getMsg HTTP/1.1" 200 27
180.174.226.65 - - [18/Jul/2021:10:37:16 +0800] "GET /xingrg/check_reg.html?_=1626575838891 HTTP/1.1" 200 71
116.235.222.38 - - [18/Jul/2021:10:37:18 +0800] "GET /xingrg/javascript/easyui/themes/default/tree.css HTTP/1.1" 404 1090
116.235.222.38 - - [18/Jul/2021:10:37:18 +0800] "POST /xingrg/all/common/load_tree.html?tree=supplier_tree_json&isDelete=1 HTTP/1.1" 200 56389
116.233.75.209 - - [18/Jul/2021:10:37:19 +0800] "POST /xingrg/login.do HTTP/1.1" 302 -
116.233.75.209 - - [18/Jul/2021:10:37:19 +0800] "GET /xingrg/index.html?sysBaseUrl=http%3A%2F%2F180.169.147.146%3A18081%2Fxingrg%2F&costTime=57×tamp=1626575839565 HTTP/1.1" 200 17173
116.233.75.209 - - [18/Jul/2021:10:37:19 +0800] "GET /xingrg/javascript/jquery_easy_ui/themes/icon.css HTTP/1.1" 200 3949
116.233.75.209 - - [18/Jul/2021:10:37:19 +0800] "GET /xingrg/css/form.css HTTP/1.1" 200 893
116.233.75.209 - - [18/Jul/2021:10:37:19 +0800] "GET /xingrg/javascript/jquery-1.4.2.min.js HTTP/1.1" 200 72205
116.233.75.209 - - [18/Jul/2021:10:37:19 +0800] "GET /xingrg/javascript/jquery_easy_ui/jquery.easyui.min.js HTTP/1.1" 200 213662
116.233.75.209 - - [18/Jul/2021:10:37:19 +0800] "GET /xingrg/javascript/jquery_easy_ui/easyui-lang-zh_CN.js HTTP/1.1" 200 1900
116.233.75.209 - - [18/Jul/2021:10:37:19 +0800] "GET /xingrg/javascript/jquery_easy_ui/themes/default/easyui.css HTTP/1.1" 200 26500
116.233.75.209 - - [18/Jul/2021:10:37:19 +0800] "GET /xingrg/javascript/jquery.timers.js HTTP/1.1" 200 3532
116.233.75.209 - - [18/Jul/2021:10:37:19 +0800] "GET /xingrg/javascript/jquery.form.js HTTP/1.1" 200 23110
116.233.75.209 - - [18/Jul/2021:10:37:19 +0800] "GET /xingrg/javascript/jquery.utils.js HTTP/1.1" 200 11805
116.233.75.209 - - [18/Jul/2021:10:37:19 +0800] "GET /xingrg/javascript/jquery_easy_ui/themes/icons/settle_new.png HTTP/1.1" 200 826
116.233.75.209 - - [18/Jul/2021:10:37:19 +0800] "GET /xingrg/images/blue/navBackgound.jpg HTTP/1.1" 200 12378
116.233.75.209 - - [18/Jul/2021:10:37:19 +0800] "GET /xingrg/images/blue/pingpu.png HTTP/1.1" 200 231
116.233.75.209 - - [18/Jul/2021:10:37:19 +0800] "GET /xingrg/javascript/jquery_easy_ui/themes/default/images/tabs_leftarrow.png HTTP/1.1" 200 389
116.233.75.209 - - [18/Jul/2021:10:37:19 +0800] "GET /xingrg/javascript/jquery_easy_ui/themes/default/images/tabs_rightarrow.png HTTP/1.1" 200 395
116.233.75.209 - - [18/Jul/2021:10:37:19 +0800] "GET /xingrg/javascript/jquery_easy_ui/themes/default/images/panel_tool_collapse.gif HTTP/1.1" 200 246
116.233.75.209 - - [18/Jul/2021:10:37:19 +0800] "POST /xingrg/all/common/load_tree.html?tree=area_rest_tree_json&manage=1 HTTP/1.1" 200 342
116.233.75.209 - - [18/Jul/2021:10:37:19 +0800] "GET /xingrg/check_reg.html?_=1626575840133 HTTP/1.1" 200 71
116.233.75.209 - - [18/Jul/2021:10:37:19 +0800] "GET /xingrg/all/function/internal_message.html?_=1626575840133&CODE_STATE=count HTTP/1.1" 200 11
116.233.75.209 - - [18/Jul/2021:10:37:19 +0800] "POST /xingrg/load_menu.html HTTP/1.1" 200 5138
116.233.75.209 - - [18/Jul/2021:10:37:19 +0800] "GET /xingrg/javascript/jquery_easy_ui/themes/default/images/tree_arrows.gif HTTP/1.1" 200 1043
116.233.75.209 - - [18/Jul/2021:10:37:19 +0800] "GET /xingrg/javascript/jquery_easy_ui/themes/default/images/tree_folder.gif HTTP/1.1" 200 952
116.233.75.209 - - [18/Jul/2021:10:37:19 +0800] "GET /xingrg/javascript/jquery_easy_ui/themes/icons/forms_new.png HTTP/1.1" 200 350
116.233.75.209 - - [18/Jul/2021:10:37:19 +0800] "GET /xingrg/javascript/jquery_easy_ui/themes/icons/storage_new.png HTTP/1.1" 200 853
116.233.75.209 - - [18/Jul/2021:10:37:19 +0800] "GET /xingrg/javascript/jquery_easy_ui/themes/default/images/tree_folder_open.gif HTTP/1.1" 200 956
116.233.75.209 - - [18/Jul/2021:10:37:19 +0800] "GET /xingrg/javascript/jquery_easy_ui/themes/icons/search_new.png HTTP/1.1" 200 586
222.69.131.78 - - [18/Jul/2021:10:37:19 +0800] "GET /xingrg/all/function/internal_message.html?_=1626575838816&CODE_STATE=getMsg HTTP/1.1" 200 27
180.174.226.65 - - [18/Jul/2021:10:37:20 +0800] "GET /xingrg/all/function/internal_message.html?_=1626575842640&CODE_STATE=getMsg HTTP/1.1" 200 27
222.69.131.78 - - [18/Jul/2021:10:37:21 +0800] "GET /xingrg/check_reg.html?_=1626575840052 HTTP/1.1" 200 71
116.230.110.80 - - [18/Jul/2021:10:37:21 +0800] "GET /xingrg/all/function/internal_message.html?_=1626575841842&CODE_STATE=getMsg HTTP/1.1" 200 27
116.230.110.80 - - [18/Jul/2021:10:37:21 +0800] "GET /xingrg/check_reg.html?_=1626575841842 HTTP/1.1" 200 71
116.230.110.80 - - [18/Jul/2021:10:37:22 +0800] "POST /xingrg/kc/buy/cgsh_order_operate.html HTTP/1.1" 200 37
116.233.75.209 - - [18/Jul/2021:10:37:22 +0800] "GET /xingrg/javascript/jquery_easy_ui/themes/default/images/tabs_close.gif HTTP/1.1" 200 829
116.233.75.209 - - [18/Jul/2021:10:37:22 +0800] "GET /xingrg/kc/buy/buy_main.html HTTP/1.1" 200 12412
116.233.75.209 - - [18/Jul/2021:10:37:22 +0800] "GET /xingrg/css/new_ie.css HTTP/1.1" 404 1036
116.233.75.209 - - [18/Jul/2021:10:37:22 +0800] "GET /xingrg/javascript/ToolTips.js HTTP/1.1" 200 5615
116.233.75.209 - - [18/Jul/2021:10:37:22 +0800] "GET /xingrg/javascript/pic_change.js HTTP/1.1" 200 4739
116.233.75.209 - - [18/Jul/2021:10:37:22 +0800] "GET /xingrg/javascript/jquery_ui/jquery-ui.min.js HTTP/1.1" 200 186181
116.233.75.209 - - [18/Jul/2021:10:37:22 +0800] "GET /xingrg/images/blue/button/cgxqd.gif HTTP/1.1" 200 2619
116.233.75.209 - - [18/Jul/2021:10:37:22 +0800] "GET /xingrg/javascript/jquery_ui/themes/humanity/humanity.css HTTP/1.1" 200 27801
116.233.75.209 - - [18/Jul/2021:10:37:22 +0800] "GET /xingrg/javascript/myfunction.js HTTP/1.1" 200 24559
116.233.75.209 - - [18/Jul/2021:10:37:22 +0800] "GET /xingrg/images/blue/button/cgydd.gif HTTP/1.1" 200 2712
116.233.75.209 - - [18/Jul/2021:10:37:22 +0800] "GET /xingrg/images/blue/button/cgshd.gif HTTP/1.1" 200 2618
116.233.75.209 - - [18/Jul/2021:10:37:22 +0800] "GET /xingrg/images/blue/button/cgfkd.gif HTTP/1.1" 200 2075
116.233.75.209 - - [18/Jul/2021:10:37:22 +0800] "GET /xingrg/images/blue/button/kc.gif HTTP/1.1" 200 2160
116.233.75.209 - - [18/Jul/2021:10:37:22 +0800] "GET /xingrg/images/blue/button/ckthd.gif HTTP/1.1" 200 2045
116.233.75.209 - - [18/Jul/2021:10:37:22 +0800] "GET /xingrg/images/blue/pic_form2.gif HTTP/1.1" 200 1853
116.233.75.209 - - [18/Jul/2021:10:37:22 +0800] "GET /xingrg/images/blue/button/right_ah.jpg HTTP/1.1" 200 1744
116.233.75.209 - - [18/Jul/2021:10:37:22 +0800] "GET /xingrg/images/blue/button/down_ah.jpg HTTP/1.1" 200 1732
116.233.75.209 - - [18/Jul/2021:10:37:22 +0800] "GET /xingrg/images/blue/bg_dotted.jpg HTTP/1.1" 200 319
116.233.75.209 - - [18/Jul/2021:10:37:23 +0800] "GET /xingrg/javascript/jquery_ui/themes/humanity/images/ui-bg_inset-soft_100_f4f0ec_1x100.png HTTP/1.1" 200 141
116.233.75.209 - - [18/Jul/2021:10:37:23 +0800] "GET /xingrg/javascript/jquery_ui/themes/humanity/images/ui-icons_c47a23_256x240.png HTTP/1.1" 200 5355
116.233.75.209 - - [18/Jul/2021:10:37:24 +0800] "GET /xingrg/kc/buy/cgsh_order_list.html HTTP/1.1" 200 46988
116.233.75.209 - - [18/Jul/2021:10:37:24 +0800] "GET /xingrg/css/base.css HTTP/1.1" 200 2811
116.233.75.209 - - [18/Jul/2021:10:37:24 +0800] "GET /xingrg/css/site.css HTTP/1.1" 200 7541
116.233.75.209 - - [18/Jul/2021:10:37:24 +0800] "GET /xingrg/javascript/jquery_tools/datebox.css HTTP/1.1" 200 2597
116.233.75.209 - - [18/Jul/2021:10:37:24 +0800] "GET /xingrg/javascript/easyui/themes/icon.css HTTP/1.1" 200 4483
116.233.75.209 - - [18/Jul/2021:10:37:24 +0800] "GET /xingrg/javascript/auto/jquery.autocomplete.css HTTP/1.1" 200 587
116.233.75.209 - - [18/Jul/2021:10:37:24 +0800] "GET /xingrg/javascript/jquery_tools/fix.css HTTP/1.1" 200 1702
116.233.75.209 - - [18/Jul/2021:10:37:24 +0800] "GET /xingrg/javascript/easyui/themes/default/easyui.css HTTP/1.1" 200 30432
116.233.75.209 - - [18/Jul/2021:10:37:24 +0800] "GET /xingrg/javascript/jquery_tools/table.css HTTP/1.1" 200 1032
116.233.75.209 - - [18/Jul/2021:10:37:24 +0800] "GET /xingrg/javascript/jquery_tools/jquery.tools.min.js HTTP/1.1" 200 138801
116.233.75.209 - - [18/Jul/2021:10:37:24 +0800] "GET /xingrg/javascript/jquery_tools/jquery.tools.table.js HTTP/1.1" 200 6994
116.233.75.209 - - [18/Jul/2021:10:37:24 +0800] "GET /xingrg/javascript/jquery_tools/jquery.tools.hotkey.js HTTP/1.1" 200 3242
116.233.75.209 - - [18/Jul/2021:10:37:24 +0800] "GET /xingrg/javascript/jquery_tools/list_manager.js HTTP/1.1" 200 3652
116.233.75.209 - - [18/Jul/2021:10:37:24 +0800] "GET /xingrg/javascript/jquery_tools/jquery.tools.extend.js HTTP/1.1" 200 15385
116.233.75.209 - - [18/Jul/2021:10:37:24 +0800] "GET /xingrg/javascript/easyui/easyloader.js HTTP/1.1" 200 5975
116.233.75.209 - - [18/Jul/2021:10:37:24 +0800] "GET /xingrg/javascript/jquery.cookie.js HTTP/1.1" 200 5513
116.233.75.209 - - [18/Jul/2021:10:37:24 +0800] "GET /xingrg/javascript/print/LodopFuncs.js HTTP/1.1" 200 5121
116.233.75.209 - - [18/Jul/2021:10:37:24 +0800] "GET /xingrg/javascript/auto/jquery.autocomplete.js HTTP/1.1" 200 21624
116.233.75.209 - - [18/Jul/2021:10:37:24 +0800] "GET /xingrg/javascript/easyui/themes/icons/cance_new.png HTTP/1.1" 200 3986
116.233.75.209 - - [18/Jul/2021:10:37:24 +0800] "GET /xingrg/javascript/easyui/themes/icons/edit_add_new.png HTTP/1.1" 200 2997
116.233.75.209 - - [18/Jul/2021:10:37:24 +0800] "GET /xingrg/javascript/easyui/themes/icons/field_new.png HTTP/1.1" 200 1097
116.233.75.209 - - [18/Jul/2021:10:37:24 +0800] "GET /xingrg/javascript/easyui/themes/icons/check_new.png HTTP/1.1" 200 3224
116.233.75.209 - - [18/Jul/2021:10:37:24 +0800] "GET /xingrg/javascript/easyui/themes/icons/import_new.png HTTP/1.1" 200 1247
116.233.75.209 - - [18/Jul/2021:10:37:24 +0800] "GET /xingrg/javascript/easyui/plugins/jquery.parser.js HTTP/1.1" 200 1142
116.233.75.209 - - [18/Jul/2021:10:37:24 +0800] "GET /xingrg/images/control/ajaxLoader.gif HTTP/1.1" 200 4659
116.233.75.209 - - [18/Jul/2021:10:37:24 +0800] "POST /xingrg/kc/buy/cgsh_list_operate.html HTTP/1.1" 200 876
116.230.110.80 - - [18/Jul/2021:10:37:25 +0800] "POST /xingrg/kc/buy/cgsh_order_operate.html HTTP/1.1" 200 23927
116.233.75.209 - - [18/Jul/2021:10:37:25 +0800] "GET /xingrg/javascript/easyui/themes/default/images/button_plain_hover.png HTTP/1.1" 200 144
116.233.75.209 - - [18/Jul/2021:10:37:25 +0800] "GET /xingrg/javascript/convert.js HTTP/1.1" 200 1239
116.233.75.209 - - [18/Jul/2021:10:37:25 +0800] "GET /xingrg/javascript/jquery_tools/order_manager.js HTTP/1.1" 200 11183
116.233.75.209 - - [18/Jul/2021:10:37:25 +0800] "GET /xingrg/kc/buy/cgsh_order_add.html HTTP/1.1" 200 62773
116.233.75.209 - - [18/Jul/2021:10:37:25 +0800] "GET /xingrg/javascript/print/kc_print.js HTTP/1.1" 200 11415
116.233.75.209 - - [18/Jul/2021:10:37:25 +0800] "GET /xingrg/javascript/json2.js HTTP/1.1" 200 11259
116.233.75.209 - - [18/Jul/2021:10:37:25 +0800] "GET /xingrg/words/20210718102258_words.js HTTP/1.1" 200 826153
116.233.75.209 - - [18/Jul/2021:10:37:25 +0800] "GET /xingrg/javascript/easyui/themes/icons/ok.png HTTP/1.1" 200 883
116.233.75.209 - - [18/Jul/2021:10:37:25 +0800] "GET /xingrg/javascript/easyui/themes/icons/copy_new.png HTTP/1.1" 200 815
116.233.75.209 - - [18/Jul/2021:10:37:25 +0800] "GET /xingrg/javascript/easyui/themes/icons/template_new.png HTTP/1.1" 200 3956
116.233.75.209 - - [18/Jul/2021:10:37:25 +0800] "GET /xingrg/javascript/easyui/themes/icons/print.png HTTP/1.1" 200 1057
116.233.75.209 - - [18/Jul/2021:10:37:25 +0800] "GET /xingrg/javascript/easyui/themes/default/images/menu_downarrow.png HTTP/1.1" 200 173
116.233.75.209 - - [18/Jul/2021:10:37:25 +0800] "GET /xingrg/javascript/easyui/themes/icons/cancel.png HTTP/1.1" 200 1133
58.37.5.217 - - [18/Jul/2021:10:37:26 +0800] "GET /xingrg/all/function/internal_message.html?_=1626575846893&CODE_STATE=getMsg HTTP/1.1" 200 27
116.233.75.209 - - [18/Jul/2021:10:37:26 +0800] "POST /xingrg/kc/buy/cgsh_order_operate.html HTTP/1.1" 200 8245
116.233.75.209 - - [18/Jul/2021:10:37:26 +0800] "GET /xingrg/javascript/easyui/themes/icons/edit_remove.png HTTP/1.1" 200 625
116.233.75.209 - - [18/Jul/2021:10:37:26 +0800] "GET /xingrg/all/common/auto_word.html?type=employee&rest_code=00109 HTTP/1.1" 200 255
116.233.75.209 - - [18/Jul/2021:10:37:26 +0800] "GET /xingrg/all/common/auto_word.html?type=employee&rest_code=00109 HTTP/1.1" 200 255
116.233.75.209 - - [18/Jul/2021:10:37:26 +0800] "GET /xingrg/javascript/easyui/themes/default/validatebox.css HTTP/1.1" 404 1104
116.233.75.209 - - [18/Jul/2021:10:37:26 +0800] "GET /xingrg/javascript/easyui/plugins/jquery.validatebox.js HTTP/1.1" 200 6103
116.233.75.209 - - [18/Jul/2021:10:37:26 +0800] "GET /xingrg/javascript/easyui/plugins/jquery.numberbox.js HTTP/1.1" 200 5213
116.230.110.80 - - [18/Jul/2021:10:37:26 +0800] "GET /xingrg/kc/buy/cgsh_order_add.html HTTP/1.1" 200 62694
116.230.110.80 - - [18/Jul/2021:10:37:26 +0800] "GET /xingrg/words/20210718102258_words.js HTTP/1.1" 200 826153
116.230.110.80 - - [18/Jul/2021:10:37:26 +0800] "POST /xingrg/kc/buy/cgsh_order_operate.html HTTP/1.1" 200 8245
116.230.110.80 - - [18/Jul/2021:10:37:26 +0800] "GET /xingrg/javascript/easyui/themes/default/validatebox.css HTTP/1.1" 404 1104
101.83.145.79 - - [18/Jul/2021:10:37:28 +0800] "GET /xingrg/kc/buy/cgsh_order_add.html HTTP/1.1" 200 62773
101.83.145.79 - - [18/Jul/2021:10:37:28 +0800] "GET /xingrg/words/20210718102258_words.js HTTP/1.1" 200 826153
101.83.145.79 - - [18/Jul/2021:10:37:28 +0800] "POST /xingrg/kc/buy/cgsh_order_operate.html HTTP/1.1" 200 8245
101.83.145.79 - - [18/Jul/2021:10:37:28 +0800] "GET /xingrg/javascript/easyui/themes/default/validatebox.css HTTP/1.1" 404 1104
58.37.5.217 - - [18/Jul/2021:10:37:33 +0800] "GET /xingrg/all/function/internal_message.html?_=1626575852838&CODE_STATE=getMsg HTTP/1.1" 200 27
222.70.175.207 - - [18/Jul/2021:10:37:38 +0800] "GET /xingrg/all/function/internal_message.html?_=1626575860255&CODE_STATE=getMsg HTTP/1.1" 200 27
101.83.145.79 - - [18/Jul/2021:10:37:39 +0800] "GET /xingrg/all/function/internal_message.html?_=1626575824543&CODE_STATE=getMsg HTTP/1.1" 200 27
180.169.147.146 - - [18/Jul/2021:10:37:41 +0800] "GET /xingrg/all/function/internal_message.html?_=1626575845786&CODE_STATE=getMsg HTTP/1.1" 200 27
101.83.241.165 - - [18/Jul/2021:10:37:41 +0800] "GET /xingrg/all/function/internal_message.html?_=1626575862031&CODE_STATE=getMsg HTTP/1.1" 200 27
116.230.110.80 - - [18/Jul/2021:10:37:42 +0800] "GET /xingrg/kc/buy/cgsh_order_operate.html?command=get_materiel&rest_code=00155&code=00101007072&supplier_code=00100002&order_time=2021-07-18 HTTP/1.1" 200 413
58.37.225.51 - - [18/Jul/2021:10:37:42 +0800] "GET /xingrg/kc/buy/cgsh_order_operate.html?command=get_materiel&rest_code=00141&code=00101008219&supplier_code=00100007&order_time=2021-07-18 HTTP/1.1" 200 412
58.37.5.217 - - [18/Jul/2021:10:37:43 +0800] "GET /xingrg/kc/buy/cgsh_order_operate.html?command=get_materiel&rest_code=00106&code=00102010113&supplier_code=00100219&order_time=2021-07-18 HTTP/1.1" 200 420
101.83.145.79 - - [18/Jul/2021:10:37:50 +0800] "GET /xingrg/kc/buy/cgsh_order_operate.html?command=get_materiel&rest_code=00105&code=00101006129&supplier_code=00100012&order_time=2021-07-18 HTTP/1.1" 200 431
58.37.225.51 - - [18/Jul/2021:10:37:51 +0800] "GET /xingrg/kc/buy/cgsh_order_operate.html?command=get_materiel&rest_code=00141&code=00101008132&supplier_code=00100007&order_time=2021-07-18 HTTP/1.1" 200 408
58.37.225.51 - - [18/Jul/2021:10:37:54 +0800] "POST /xingrg/kc/buy/cgsh_order_operate.html HTTP/1.1" 200 2065
116.235.222.38 - - [18/Jul/2021:10:37:54 +0800] "GET /xingrg/all/function/internal_message.html?_=1626575875017&CODE_STATE=getMsg HTTP/1.1" 200 27
116.230.110.80 - - [18/Jul/2021:10:37:55 +0800] "POST /xingrg/kc/buy/cgsh_order_operate.html HTTP/1.1" 200 37
58.37.5.217 - - [18/Jul/2021:10:37:55 +0800] "GET /xingrg/kc/buy/cgsh_order_operate.html?command=get_materiel&rest_code=00106&code=00102016689&supplier_code=00100219&order_time=2021-07-18 HTTP/1.1" 200 399
180.169.147.146 - - [18/Jul/2021:10:37:58 +0800] "GET /xingrg/all/function/internal_message.html?_=1626575878656&CODE_STATE=getMsg HTTP/1.1" 200 27
180.169.147.146 - - [18/Jul/2021:10:37:58 +0800] "GET /xingrg/check_reg.html?_=1626575878660 HTTP/1.1" 200 71
116.230.110.80 - - [18/Jul/2021:10:37:59 +0800] "POST /xingrg/kc/buy/cgsh_order_operate.html HTTP/1.1" 200 2657
116.230.110.80 - - [18/Jul/2021:10:37:59 +0800] "GET /xingrg/kc/buy/cgsh_order_add.html HTTP/1.1" 200 62694
116.230.110.80 - - [18/Jul/2021:10:38:00 +0800] "POST /xingrg/kc/buy/cgsh_order_operate.html HTTP/1.1" 200 8245
116.230.110.80 - - [18/Jul/2021:10:38:00 +0800] "GET /xingrg/javascript/easyui/themes/default/validatebox.css HTTP/1.1" 404 1104
101.83.145.79 - - [18/Jul/2021:10:38:00 +0800] "GET /xingrg/all/function/internal_message.html?_=1626575882164&CODE_STATE=getMsg HTTP/1.1" 200 27
58.37.225.51 - - [18/Jul/2021:10:38:00 +0800] "GET /xingrg/all/function/internal_message.html?_=1626575793611&CODE_STATE=getMsg HTTP/1.1" 200 27
58.37.225.51 - - [18/Jul/2021:10:38:00 +0800] "GET /xingrg/kc/buy/cgsh_order_operate.html?command=get_materiel&rest_code=00141&code=00101008244&supplier_code=00100007&order_time=2021-07-18 HTTP/1.1" 200 408
58.37.5.217 - - [18/Jul/2021:10:38:03 +0800] "POST /xingrg/kc/buy/cgsh_order_operate.html HTTP/1.1" 200 37
101.85.107.54 - - [18/Jul/2021:10:38:06 +0800] "GET /xingrg/all/function/internal_message.html?_=1626575292724&CODE_STATE=getMsg HTTP/1.1" 200 27
58.37.5.217 - - [18/Jul/2021:10:38:06 +0800] "POST /xingrg/kc/buy/cgsh_order_operate.html HTTP/1.1" 200 9270
58.37.225.51 - - [18/Jul/2021:10:38:08 +0800] "GET /xingrg/kc/buy/cgsh_order_operate.html?command=get_materiel&rest_code=00141&code=00101008149&supplier_code=00100007&order_time=2021-07-18 HTTP/1.1" 200 408
116.235.222.38 - - [18/Jul/2021:10:38:12 +0800] "GET /xingrg/kc/buy/cgsh_order_operate.html?command=get_materiel&rest_code=00107&code=00101001141&supplier_code=00100327&order_time=2021-07-18 HTTP/1.1" 200 413
101.83.145.79 - - [18/Jul/2021:10:38:14 +0800] "GET /xingrg/kc/buy/cgsh_order_operate.html?command=get_materiel&rest_code=00105&code=00101006040&supplier_code=00100012&order_time=2021-07-18 HTTP/1.1" 200 417
180.174.226.65 - - [18/Jul/2021:10:38:14 +0800] "GET /xingrg/all/function/internal_message.html?_=1626575862543&CODE_STATE=getMsg HTTP/1.1" 200 27
180.156.224.123 - - [18/Jul/2021:10:38:15 +0800] "GET /xingrg/all/function/internal_message.html?_=1626575895540&CODE_STATE=getMsg HTTP/1.1" 200 27
180.156.224.123 - - [18/Jul/2021:10:38:15 +0800] "GET /xingrg/check_reg.html?_=1626575895545 HTTP/1.1" 200 71
116.230.110.80 - - [18/Jul/2021:10:38:17 +0800] "GET /xingrg/kc/buy/cgsh_order_operate.html?command=get_materiel&rest_code=00155&code=00101006113&supplier_code=00100012&order_time=2021-07-18 HTTP/1.1" 200 413
222.69.131.78 - - [18/Jul/2021:10:38:19 +0800] "GET /xingrg/all/function/internal_message.html?_=1626575898794&CODE_STATE=getMsg HTTP/1.1" 200 27
116.233.75.209 - - [18/Jul/2021:10:38:20 +0800] "GET /xingrg/all/function/internal_message.html?_=1626575900139&CODE_STATE=getMsg HTTP/1.1" 200 27
180.174.226.65 - - [18/Jul/2021:10:38:20 +0800] "GET /xingrg/all/function/internal_message.html?_=1626575902642&CODE_STATE=getMsg HTTP/1.1" 200 27
116.235.222.38 - - [18/Jul/2021:10:38:21 +0800] "POST /xingrg/kc/buy/cgsh_order_operate.html HTTP/1.1" 200 37
116.230.110.80 - - [18/Jul/2021:10:38:21 +0800] "GET /xingrg/all/function/internal_message.html?_=1626575901842&CODE_STATE=getMsg HTTP/1.1" 200 27
116.235.222.38 - - [18/Jul/2021:10:38:23 +0800] "POST /xingrg/kc/buy/cgsh_order_operate.html HTTP/1.1" 200 2658
116.235.222.38 - - [18/Jul/2021:10:38:25 +0800] "GET /xingrg/kc/print/load_data.html?order_code=212021071808219&kc_code=cgsh&condition= HTTP/1.1" 200 668
58.37.5.217 - - [18/Jul/2021:10:38:26 +0800] "GET /xingrg/all/function/internal_message.html?_=1626575906892&CODE_STATE=getMsg HTTP/1.1" 200 27
58.37.225.51 - - [18/Jul/2021:10:38:29 +0800] "GET /xingrg/kc/buy/cgsh_order_operate.html?command=get_materiel&rest_code=00141&code=00101008003&supplier_code=00100007&order_time=2021-07-18 HTTP/1.1" 200 408
116.235.222.38 - - [18/Jul/2021:10:38:30 +0800] "GET /xingrg/kc/buy/cgsh_order_add.html HTTP/1.1" 200 62814
101.83.145.79 - - [18/Jul/2021:10:38:30 +0800] "GET /xingrg/kc/buy/cgsh_order_operate.html?command=get_materiel&rest_code=00105&code=00101006106&supplier_code=00100012&order_time=2021-07-18 HTTP/1.1" 200 421
116.235.222.38 - - [18/Jul/2021:10:38:30 +0800] "GET /xingrg/words/20210718102258_words.js HTTP/1.1" 304 -
116.235.222.38 - - [18/Jul/2021:10:38:30 +0800] "POST /xingrg/kc/buy/cgsh_order_operate.html HTTP/1.1" 200 8245
116.235.222.38 - - [18/Jul/2021:10:38:31 +0800] "GET /xingrg/javascript/easyui/themes/default/validatebox.css HTTP/1.1" 404 1104
