180.169.147.146 - - [18/Jul/2021:10:28:44 +0800] "GET /xingrg/javascript/jquery_easy_ui/themes/default/images/tabs_close.gif HTTP/1.1" 304 -
180.169.147.146 - - [18/Jul/2021:10:28:44 +0800] "GET /xingrg/kc/base/wldb_order_list.html HTTP/1.1" 200 19151
180.169.147.146 - - [18/Jul/2021:10:28:44 +0800] "GET /xingrg/javascript/easyui/themes/icons/import_new.png HTTP/1.1" 304 -
180.169.147.146 - - [18/Jul/2021:10:28:44 +0800] "POST /xingrg/kc/base/wldb_list_operate.html HTTP/1.1" 200 928
180.169.147.146 - - [18/Jul/2021:10:28:46 +0800] "GET /xingrg/javascript/easyui/themes/default/images/button_plain_hover.png HTTP/1.1" 304 -
58.37.225.51 - - [18/Jul/2021:10:28:47 +0800] "GET /xingrg/kc/buy/cgsh_order_operate.html?command=get_materiel&rest_code=00141&code=00101009062&supplier_code=00100022&order_time=2021-07-18 HTTP/1.1" 200 412
180.169.147.146 - - [18/Jul/2021:10:28:47 +0800] "GET /xingrg/kc/base/wldb_order_add.html HTTP/1.1" 200 30359
180.169.147.146 - - [18/Jul/2021:10:28:47 +0800] "GET /xingrg/words/20210718102258_words.js HTTP/1.1" 200 826153
180.169.147.146 - - [18/Jul/2021:10:28:47 +0800] "POST /xingrg/kc/base/wldb_order_operate.html HTTP/1.1" 200 6806
180.169.147.146 - - [18/Jul/2021:10:28:47 +0800] "GET /xingrg/all/common/auto_word.html?type=base&rest_code=00147 HTTP/1.1" 200 1707
180.169.147.146 - - [18/Jul/2021:10:28:47 +0800] "GET /xingrg/all/common/auto_word.html?type=base&rest_code=00147 HTTP/1.1" 200 1707
180.169.147.146 - - [18/Jul/2021:10:28:47 +0800] "GET /xingrg/javascript/easyui/themes/default/validatebox.css HTTP/1.1" 404 1104
180.169.147.146 - - [18/Jul/2021:10:28:47 +0800] "POST /xingrg/all/common/load_combo.html?type=base HTTP/1.1" 200 3057
180.169.147.146 - - [18/Jul/2021:10:28:50 +0800] "POST /xingrg/all/common/load_combo.html?type=base HTTP/1.1" 200 3057
222.69.131.78 - - [18/Jul/2021:10:28:51 +0800] "GET /xingrg/kc/print/load_data.html?order_code=212021071808207&kc_code=cgsh&condition= HTTP/1.1" 200 1846
180.169.147.146 - - [18/Jul/2021:10:28:54 +0800] "GET /xingrg/javascript/auto/indicator.gif HTTP/1.1" 404 1066
116.235.222.38 - - [18/Jul/2021:10:28:55 +0800] "GET /xingrg/all/function/internal_message.html?_=1626575335111&CODE_STATE=getMsg HTTP/1.1" 200 27
120.253.135.82 - - [18/Jul/2021:10:28:55 +0800] "GET /xingrg/all/function/internal_message.html?_=1626575115820&CODE_STATE=getMsg HTTP/1.1" 200 27
180.169.147.146 - - [18/Jul/2021:10:28:55 +0800] "GET /xingrg/kc/base/wldb_order_operate.html?command=get_materiel&rest_code=00147&base_code=0010341&code=00101025018 HTTP/1.1" 200 483
58.37.225.51 - - [18/Jul/2021:10:28:57 +0800] "GET /xingrg/kc/buy/cgsh_order_operate.html?command=get_materiel&rest_code=00141&code=00101008418&supplier_code=00100022&order_time=2021-07-18 HTTP/1.1" 200 398
180.169.147.146 - - [18/Jul/2021:10:28:58 +0800] "GET /xingrg/all/function/internal_message.html?_=1626575338659&CODE_STATE=getMsg HTTP/1.1" 200 27
101.83.145.79 - - [18/Jul/2021:10:29:00 +0800] "GET /xingrg/all/function/internal_message.html?_=1626575342314&CODE_STATE=getMsg HTTP/1.1" 200 27
58.37.225.51 - - [18/Jul/2021:10:29:00 +0800] "GET /xingrg/all/function/internal_message.html?_=1626575253562&CODE_STATE=getMsg HTTP/1.1" 200 27
101.83.145.79 - - [18/Jul/2021:10:29:01 +0800] "GET /xingrg/check_reg.html?_=1626575343858 HTTP/1.1" 200 71
117.184.7.26 - - [18/Jul/2021:10:29:02 +0800] "GET /xingrg/all/function/internal_message.html?_=1626575332282&CODE_STATE=getMsg HTTP/1.1" 200 27
116.235.222.38 - - [18/Jul/2021:10:29:04 +0800] "GET /xingrg/kc/buy/cgsh_order_operate.html?command=get_materiel&rest_code=00107&code=00101006129&supplier_code=00100010&order_time=2021-07-18 HTTP/1.1" 200 431
58.37.225.51 - - [18/Jul/2021:10:29:05 +0800] "GET /xingrg/kc/buy/cgsh_order_operate.html?command=get_materiel&rest_code=00141&code=00101009031&supplier_code=00100022&order_time=2021-07-18 HTTP/1.1" 200 408
101.85.107.54 - - [18/Jul/2021:10:29:06 +0800] "GET /xingrg/all/function/internal_message.html?_=1626574752709&CODE_STATE=getMsg HTTP/1.1" 200 27
180.169.147.146 - - [18/Jul/2021:10:29:10 +0800] "GET /xingrg/kc/base/wldb_order_operate.html?command=get_materiel&rest_code=00147&base_code=0010341&code=00101025021 HTTP/1.1" 200 475
58.40.7.146 - - [18/Jul/2021:10:29:11 +0800] "GET /xingrg/all/function/internal_message.html?_=1626575351154&CODE_STATE=getMsg HTTP/1.1" 200 27
180.174.226.65 - - [18/Jul/2021:10:29:11 +0800] "GET /xingrg/all/function/internal_message.html?_=1626575320250&CODE_STATE=getMsg HTTP/1.1" 200 27
180.156.224.123 - - [18/Jul/2021:10:29:15 +0800] "GET /xingrg/all/function/internal_message.html?_=1626575355520&CODE_STATE=getMsg HTTP/1.1" 200 27
116.235.222.38 - - [18/Jul/2021:10:29:17 +0800] "GET /xingrg/kc/buy/cgsh_order_operate.html?command=get_materiel&rest_code=00107&code=00101006113&supplier_code=00100010&order_time=2021-07-18 HTTP/1.1" 200 413
180.174.226.65 - - [18/Jul/2021:10:29:18 +0800] "GET /xingrg/all/function/internal_message.html?_=1626575360474&CODE_STATE=getMsg HTTP/1.1" 200 27
222.69.131.78 - - [18/Jul/2021:10:29:20 +0800] "GET /xingrg/all/function/internal_message.html?_=1626575358990&CODE_STATE=getMsg HTTP/1.1" 200 27
116.230.110.80 - - [18/Jul/2021:10:29:21 +0800] "GET /xingrg/all/function/internal_message.html?_=1626575361841&CODE_STATE=getMsg HTTP/1.1" 200 27
116.235.222.38 - - [18/Jul/2021:10:29:28 +0800] "GET /xingrg/kc/buy/cgsh_order_operate.html?command=get_materiel&rest_code=00107&code=00101006006&supplier_code=00100010&order_time=2021-07-18 HTTP/1.1" 200 409
180.174.226.65 - - [18/Jul/2021:10:29:29 +0800] "POST /xingrg/kc/buy/cgsh_list_operate.html HTTP/1.1" 200 8470
180.174.226.65 - - [18/Jul/2021:10:29:33 +0800] "POST /xingrg/kc/buy/cgsh_list_operate.html HTTP/1.1" 200 9235
58.37.5.217 - - [18/Jul/2021:10:29:33 +0800] "GET /xingrg/all/function/internal_message.html?_=1626575372783&CODE_STATE=getMsg HTTP/1.1" 200 27
222.70.175.207 - - [18/Jul/2021:10:29:35 +0800] "GET /xingrg/check_reg.html?_=1626575377335 HTTP/1.1" 200 71
180.174.226.65 - - [18/Jul/2021:10:29:36 +0800] "POST /xingrg/kc/buy/cgsh_list_operate.html HTTP/1.1" 200 345
180.174.226.65 - - [18/Jul/2021:10:29:37 +0800] "POST /xingrg/kc/buy/cgsh_list_operate.html HTTP/1.1" 200 354
222.70.175.207 - - [18/Jul/2021:10:29:38 +0800] "GET /xingrg/all/function/internal_message.html?_=1626575379724&CODE_STATE=getMsg HTTP/1.1" 200 27
58.40.7.146 - - [18/Jul/2021:10:29:38 +0800] "GET /xingrg/check_reg.html?_=1626575378415 HTTP/1.1" 302 -
101.83.145.79 - - [18/Jul/2021:10:29:39 +0800] "GET /xingrg/all/function/internal_message.html?_=1626575344517&CODE_STATE=getMsg HTTP/1.1" 200 27
58.37.225.51 - - [18/Jul/2021:10:29:39 +0800] "POST /xingrg/kc/buy/cgsh_order_operate.html HTTP/1.1" 200 37
180.174.226.65 - - [18/Jul/2021:10:29:40 +0800] "GET /xingrg/kc/buy/cgsh_order_info.html?code=212021071708136 HTTP/1.1" 200 57605
180.174.226.65 - - [18/Jul/2021:10:29:40 +0800] "GET /xingrg/javascript/easyui/themes/default/validatebox.css HTTP/1.1" 404 1104
180.169.147.146 - - [18/Jul/2021:10:29:41 +0800] "GET /xingrg/all/function/internal_message.html?_=1626575365765&CODE_STATE=getMsg HTTP/1.1" 200 27
180.174.226.65 - - [18/Jul/2021:10:29:41 +0800] "POST /xingrg/kc/buy/cgsh_order_operate.html HTTP/1.1" 200 1782
180.174.226.65 - - [18/Jul/2021:10:29:41 +0800] "GET /xingrg/kc/print/load_data.html?order_code=212021071708136&kc_code=cgsh&condition= HTTP/1.1" 200 1149
101.83.241.165 - - [18/Jul/2021:10:29:41 +0800] "GET /xingrg/all/function/internal_message.html?_=1626575382027&CODE_STATE=getMsg HTTP/1.1" 200 27
58.37.225.51 - - [18/Jul/2021:10:29:42 +0800] "POST /xingrg/kc/buy/cgsh_order_operate.html HTTP/1.1" 200 12
180.169.147.146 - - [18/Jul/2021:10:29:46 +0800] "GET /favicon.ico HTTP/1.1" 404 -
58.37.225.51 - - [18/Jul/2021:10:29:46 +0800] "GET /xingrg/kc/buy/cgsh_order_info.html?code=212021071808209 HTTP/1.1" 200 57638
58.37.225.51 - - [18/Jul/2021:10:29:46 +0800] "GET /xingrg/javascript/easyui/themes/default/validatebox.css HTTP/1.1" 404 1104
58.37.225.51 - - [18/Jul/2021:10:29:47 +0800] "POST /xingrg/kc/buy/cgsh_order_operate.html HTTP/1.1" 200 2379
58.37.225.51 - - [18/Jul/2021:10:29:48 +0800] "GET /xingrg/kc/print/load_data.html?order_code=212021071808209&kc_code=cgsh&condition= HTTP/1.1" 200 1421
180.174.226.65 - - [18/Jul/2021:10:29:54 +0800] "POST /xingrg/kc/buy/cgsh_list_operate.html HTTP/1.1" 200 204
116.235.222.38 - - [18/Jul/2021:10:29:54 +0800] "GET /xingrg/all/function/internal_message.html?_=1626575395089&CODE_STATE=getMsg HTTP/1.1" 200 27
116.235.222.38 - - [18/Jul/2021:10:29:54 +0800] "GET /xingrg/check_reg.html?_=1626575395161 HTTP/1.1" 200 71
180.174.226.65 - - [18/Jul/2021:10:29:55 +0800] "GET /xingrg/kc/buy/cgsh_order_info.html?code=212021071708137 HTTP/1.1" 200 57603
120.253.135.82 - - [18/Jul/2021:10:29:55 +0800] "GET /xingrg/all/function/internal_message.html?_=1626575175833&CODE_STATE=getMsg HTTP/1.1" 200 27
180.174.226.65 - - [18/Jul/2021:10:29:57 +0800] "GET /xingrg/javascript/easyui/themes/default/validatebox.css HTTP/1.1" 404 1104
180.174.226.65 - - [18/Jul/2021:10:29:58 +0800] "POST /xingrg/kc/buy/cgsh_order_operate.html HTTP/1.1" 200 610
180.169.147.146 - - [18/Jul/2021:10:29:58 +0800] "GET /xingrg/all/function/internal_message.html?_=1626575398658&CODE_STATE=getMsg HTTP/1.1" 200 27
101.83.145.79 - - [18/Jul/2021:10:30:00 +0800] "GET /xingrg/all/function/internal_message.html?_=1626575402294&CODE_STATE=getMsg HTTP/1.1" 200 27
58.37.225.51 - - [18/Jul/2021:10:30:00 +0800] "GET /xingrg/all/function/internal_message.html?_=1626575313538&CODE_STATE=getMsg HTTP/1.1" 200 27
180.174.226.65 - - [18/Jul/2021:10:30:00 +0800] "POST /xingrg/kc/buy/cgsh_list_operate.html HTTP/1.1" 200 9235
116.235.222.38 - - [18/Jul/2021:10:30:02 +0800] "GET /xingrg/kc/buy/cgsh_order_operate.html?command=get_materiel&rest_code=00107&code=00101006175&supplier_code=00100010&order_time=2021-07-18 HTTP/1.1" 200 414
180.174.226.65 - - [18/Jul/2021:10:30:02 +0800] "GET /xingrg/kc/print/load_data.html?order_code=212021071708137&kc_code=cgsh&condition= HTTP/1.1" 200 701
101.85.107.54 - - [18/Jul/2021:10:30:06 +0800] "GET /xingrg/all/function/internal_message.html?_=1626574812708&CODE_STATE=getMsg HTTP/1.1" 200 27
58.37.5.217 - - [18/Jul/2021:10:30:10 +0800] "GET /xingrg/login.html?r=1 HTTP/1.1" 200 7641
58.37.5.217 - - [18/Jul/2021:10:30:10 +0800] "GET /favicon.ico HTTP/1.1" 404 -
58.40.7.146 - - [18/Jul/2021:10:30:11 +0800] "GET /xingrg/all/function/internal_message.html?_=1626575411155&CODE_STATE=getMsg HTTP/1.1" 200 27
180.174.226.65 - - [18/Jul/2021:10:30:12 +0800] "GET /xingrg/all/function/internal_message.html?_=1626575380611&CODE_STATE=getMsg HTTP/1.1" 200 27
180.156.224.123 - - [18/Jul/2021:10:30:13 +0800] "GET /favicon.ico HTTP/1.1" 404 -
101.83.145.79 - - [18/Jul/2021:10:30:14 +0800] "GET /xingrg/kc/buy/cgsh_order_operate.html?command=get_materiel&rest_code=00105&code=00101011010&supplier_code=00100052&order_time=2021-07-18 HTTP/1.1" 200 418
180.156.224.123 - - [18/Jul/2021:10:30:15 +0800] "GET /xingrg/all/function/internal_message.html?_=1626575415521&CODE_STATE=getMsg HTTP/1.1" 200 27
116.235.222.38 - - [18/Jul/2021:10:30:16 +0800] "GET /xingrg/kc/buy/cgsh_order_operate.html?command=get_materiel&rest_code=00107&code=00101006025&supplier_code=00100010&order_time=2021-07-18 HTTP/1.1" 200 417
180.174.226.65 - - [18/Jul/2021:10:30:16 +0800] "POST /xingrg/kc/buy/cgsh_list_operate.html HTTP/1.1" 200 9235
180.174.226.65 - - [18/Jul/2021:10:30:18 +0800] "GET /xingrg/all/function/internal_message.html?_=1626575420950&CODE_STATE=getMsg HTTP/1.1" 200 27
58.37.225.51 - - [18/Jul/2021:10:30:18 +0800] "GET /xingrg/kc/buy/cgsh_order_add.html HTTP/1.1" 200 62732
58.37.225.51 - - [18/Jul/2021:10:30:19 +0800] "POST /xingrg/kc/buy/cgsh_order_operate.html HTTP/1.1" 200 8245
58.37.225.51 - - [18/Jul/2021:10:30:19 +0800] "GET /xingrg/javascript/easyui/themes/default/validatebox.css HTTP/1.1" 404 1104
222.69.131.78 - - [18/Jul/2021:10:30:20 +0800] "GET /xingrg/all/function/internal_message.html?_=1626575418967&CODE_STATE=getMsg HTTP/1.1" 200 27
180.174.226.65 - - [18/Jul/2021:10:30:21 +0800] "POST /xingrg/kc/buy/cgsh_list_operate.html HTTP/1.1" 200 345
116.230.110.80 - - [18/Jul/2021:10:30:21 +0800] "GET /xingrg/all/function/internal_message.html?_=1626575421828&CODE_STATE=getMsg HTTP/1.1" 200 27
180.174.226.65 - - [18/Jul/2021:10:30:22 +0800] "POST /xingrg/kc/buy/cgsh_list_operate.html HTTP/1.1" 200 204
58.37.5.217 - - [18/Jul/2021:10:30:25 +0800] "POST /xingrg/login.do HTTP/1.1" 302 -
58.37.5.217 - - [18/Jul/2021:10:30:25 +0800] "GET /xingrg/index.html?sysBaseUrl=http%3A%2F%2F180.169.147.146%3A18081%2Fxingrg%2F&costTime=46×tamp=1626575425695 HTTP/1.1" 200 17173
58.37.5.217 - - [18/Jul/2021:10:30:25 +0800] "GET /favicon.ico HTTP/1.1" 404 -
58.37.5.217 - - [18/Jul/2021:10:30:25 +0800] "POST /xingrg/all/common/load_tree.html?tree=area_rest_tree_json&manage=1 HTTP/1.1" 200 342
58.37.5.217 - - [18/Jul/2021:10:30:26 +0800] "GET /xingrg/all/function/internal_message.html?_=1626575426867&CODE_STATE=count HTTP/1.1" 200 11
58.37.5.217 - - [18/Jul/2021:10:30:26 +0800] "GET /xingrg/check_reg.html?_=1626575426868 HTTP/1.1" 200 71
58.37.5.217 - - [18/Jul/2021:10:30:26 +0800] "POST /xingrg/load_menu.html HTTP/1.1" 200 5138
58.37.5.217 - - [18/Jul/2021:10:30:29 +0800] "GET /xingrg/kc/buy/buy_main.html HTTP/1.1" 200 12412
58.37.5.217 - - [18/Jul/2021:10:30:29 +0800] "GET /xingrg/css/new_ie.css HTTP/1.1" 404 1036
58.40.7.146 - - [18/Jul/2021:10:30:29 +0800] "GET /xingrg/check_reg.html?_=1626575429683 HTTP/1.1" 302 -
58.37.5.217 - - [18/Jul/2021:10:30:31 +0800] "GET /xingrg/images/yd/bt.gif HTTP/1.1" 404 1040
58.37.5.217 - - [18/Jul/2021:10:30:32 +0800] "GET /xingrg/kc/buy/cgsh_order_list.html HTTP/1.1" 200 46988
58.37.5.217 - - [18/Jul/2021:10:30:33 +0800] "POST /xingrg/kc/buy/cgsh_list_operate.html HTTP/1.1" 200 876
58.37.5.217 - - [18/Jul/2021:10:30:33 +0800] "GET /xingrg/check_reg.html?_=1626575432783 HTTP/1.1" 200 71
58.37.5.217 - - [18/Jul/2021:10:30:33 +0800] "GET /xingrg/all/function/internal_message.html?_=1626575432785&CODE_STATE=getMsg HTTP/1.1" 200 27
180.174.226.65 - - [18/Jul/2021:10:30:35 +0800] "POST /xingrg/kc/buy/cgsh_list_operate.html HTTP/1.1" 200 201
58.37.225.51 - - [18/Jul/2021:10:30:36 +0800] "GET /xingrg/kc/buy/cgsh_order_operate.html?command=get_materiel&rest_code=00141&code=00101008354&supplier_code=00100007&order_time=2021-07-18 HTTP/1.1" 200 412
222.70.175.207 - - [18/Jul/2021:10:30:38 +0800] "GET /xingrg/all/function/internal_message.html?_=1626575439738&CODE_STATE=getMsg HTTP/1.1" 200 27
101.83.145.79 - - [18/Jul/2021:10:30:39 +0800] "GET /xingrg/all/function/internal_message.html?_=1626575404524&CODE_STATE=getMsg HTTP/1.1" 200 27
116.235.222.38 - - [18/Jul/2021:10:30:39 +0800] "GET /xingrg/kc/buy/cgsh_order_operate.html?command=get_materiel&rest_code=00107&code=00101007067&supplier_code=00100010&order_time=2021-07-18 HTTP/1.1" 200 409
180.169.147.146 - - [18/Jul/2021:10:30:41 +0800] "GET /xingrg/all/function/internal_message.html?_=1626575425761&CODE_STATE=getMsg HTTP/1.1" 200 27
101.83.241.165 - - [18/Jul/2021:10:30:41 +0800] "GET /xingrg/check_reg.html?_=1626575442026 HTTP/1.1" 200 71
101.83.241.165 - - [18/Jul/2021:10:30:42 +0800] "GET /xingrg/all/function/internal_message.html?_=1626575442029&CODE_STATE=getMsg HTTP/1.1" 200 27
180.174.226.65 - - [18/Jul/2021:10:30:42 +0800] "GET /xingrg/kc/buy/cgsh_order_info.html?code=212021071708138 HTTP/1.1" 200 57601
58.37.5.217 - - [18/Jul/2021:10:30:42 +0800] "GET /xingrg/kc/buy/cgsh_order_add.html HTTP/1.1" 200 62726
58.37.5.217 - - [18/Jul/2021:10:30:42 +0800] "GET /xingrg/words/20210718102258_words.js HTTP/1.1" 200 826153
58.37.5.217 - - [18/Jul/2021:10:30:42 +0800] "GET /xingrg/javascript/easyui/themes/icons/copy_new.png HTTP/1.1" 200 815
180.174.226.65 - - [18/Jul/2021:10:30:42 +0800] "GET /xingrg/javascript/easyui/themes/default/validatebox.css HTTP/1.1" 404 1104
58.37.5.217 - - [18/Jul/2021:10:30:42 +0800] "POST /xingrg/kc/buy/cgsh_order_operate.html HTTP/1.1" 200 8245
58.37.5.217 - - [18/Jul/2021:10:30:42 +0800] "GET /xingrg/all/common/auto_word.html?type=employee&rest_code=00106 HTTP/1.1" 200 205
58.37.5.217 - - [18/Jul/2021:10:30:42 +0800] "GET /xingrg/javascript/easyui/themes/default/validatebox.css HTTP/1.1" 404 1104
58.37.5.217 - - [18/Jul/2021:10:30:42 +0800] "GET /xingrg/all/common/auto_word.html?type=employee&rest_code=00106 HTTP/1.1" 200 205
180.174.226.65 - - [18/Jul/2021:10:30:43 +0800] "POST /xingrg/kc/buy/cgsh_order_operate.html HTTP/1.1" 200 607
58.37.5.217 - - [18/Jul/2021:10:30:44 +0800] "GET /xingrg/javascript/easyui/plugins/jquery.draggable.js HTTP/1.1" 200 6121
58.37.5.217 - - [18/Jul/2021:10:30:44 +0800] "GET /xingrg/javascript/easyui/plugins/jquery.droppable.js HTTP/1.1" 200 1167
58.37.5.217 - - [18/Jul/2021:10:30:44 +0800] "GET /xingrg/javascript/easyui/themes/default/tree.css HTTP/1.1" 404 1090
58.37.5.217 - - [18/Jul/2021:10:30:44 +0800] "GET /xingrg/javascript/easyui/plugins/jquery.tree.js HTTP/1.1" 200 20874
58.37.5.217 - - [18/Jul/2021:10:30:44 +0800] "POST /xingrg/all/common/load_tree.html?tree=supplier_tree_json&isDelete=1 HTTP/1.1" 200 56389
58.37.5.217 - - [18/Jul/2021:10:30:45 +0800] "GET /xingrg/javascript/easyui/themes/default/images/tree_folder_open.gif HTTP/1.1" 200 956
58.37.5.217 - - [18/Jul/2021:10:30:45 +0800] "GET /xingrg/javascript/easyui/themes/default/images/tree_arrows.gif HTTP/1.1" 200 617
58.37.5.217 - - [18/Jul/2021:10:30:45 +0800] "GET /xingrg/javascript/easyui/themes/default/images/tree_file.gif HTTP/1.1" 200 118
58.37.5.217 - - [18/Jul/2021:10:30:45 +0800] "GET /xingrg/javascript/easyui/themes/default/images/tree_folder.gif HTTP/1.1" 200 952
58.37.225.51 - - [18/Jul/2021:10:30:45 +0800] "GET /xingrg/kc/buy/cgsh_order_operate.html?command=get_materiel&rest_code=00141&code=00101008010&supplier_code=00100007&order_time=2021-07-18 HTTP/1.1" 200 412
180.174.226.65 - - [18/Jul/2021:10:30:45 +0800] "GET /xingrg/check_reg.html?_=1626575414200 HTTP/1.1" 200 71
180.174.226.65 - - [18/Jul/2021:10:30:46 +0800] "GET /xingrg/kc/print/load_data.html?order_code=212021071708138&kc_code=cgsh&condition= HTTP/1.1" 200 702
58.37.225.51 - - [18/Jul/2021:10:30:46 +0800] "POST /xingrg/services/DataTransmitService HTTP/1.1" 200 524
116.230.110.80 - - [18/Jul/2021:10:30:49 +0800] "GET /xingrg/kc/buy/cgsh_order_operate.html?command=get_materiel&rest_code=00155&code=00101008185&supplier_code=00100005&order_time=2021-07-18 HTTP/1.1" 200 408
58.37.225.51 - - [18/Jul/2021:10:30:52 +0800] "GET /xingrg/kc/buy/cgsh_order_operate.html?command=get_materiel&rest_code=00141&code=00101008110&supplier_code=00100007&order_time=2021-07-18 HTTP/1.1" 200 408
116.235.222.38 - - [18/Jul/2021:10:30:53 +0800] "GET /xingrg/kc/buy/cgsh_order_operate.html?command=get_materiel&rest_code=00107&code=00101006111&supplier_code=00100010&order_time=2021-07-18 HTTP/1.1" 200 409
116.235.222.38 - - [18/Jul/2021:10:30:54 +0800] "GET /xingrg/all/function/internal_message.html?_=1626575455078&CODE_STATE=getMsg HTTP/1.1" 200 27
120.253.135.82 - - [18/Jul/2021:10:30:55 +0800] "GET /xingrg/all/function/internal_message.html?_=1626575236044&CODE_STATE=getMsg HTTP/1.1" 200 27
180.174.226.65 - - [18/Jul/2021:10:30:56 +0800] "POST /xingrg/kc/buy/cgsh_list_operate.html HTTP/1.1" 200 9235
180.169.147.146 - - [18/Jul/2021:10:30:58 +0800] "GET /xingrg/all/function/internal_message.html?_=1626575458660&CODE_STATE=getMsg HTTP/1.1" 200 27
58.37.225.51 - - [18/Jul/2021:10:30:59 +0800] "GET /xingrg/kc/buy/cgsh_order_operate.html?command=get_materiel&rest_code=00141&code=00101008096&supplier_code=00100007&order_time=2021-07-18 HTTP/1.1" 200 412
180.174.226.65 - - [18/Jul/2021:10:30:59 +0800] "POST /xingrg/kc/buy/cgsh_list_operate.html HTTP/1.1" 200 208
101.83.145.79 - - [18/Jul/2021:10:31:00 +0800] "GET /xingrg/all/function/internal_message.html?_=1626575462266&CODE_STATE=getMsg HTTP/1.1" 200 27
58.37.225.51 - - [18/Jul/2021:10:31:00 +0800] "GET /xingrg/all/function/internal_message.html?_=1626575373516&CODE_STATE=getMsg HTTP/1.1" 200 27
180.174.226.65 - - [18/Jul/2021:10:31:01 +0800] "GET /xingrg/kc/buy/cgsh_order_info.html?code=212021071708139 HTTP/1.1" 200 57599
180.174.226.65 - - [18/Jul/2021:10:31:01 +0800] "GET /xingrg/javascript/easyui/themes/default/validatebox.css HTTP/1.1" 404 1104
180.174.226.65 - - [18/Jul/2021:10:31:02 +0800] "POST /xingrg/kc/buy/cgsh_order_operate.html HTTP/1.1" 200 616
180.174.226.65 - - [18/Jul/2021:10:31:04 +0800] "GET /xingrg/kc/print/load_data.html?order_code=212021071708139&kc_code=cgsh&condition= HTTP/1.1" 200 702
101.85.107.54 - - [18/Jul/2021:10:31:06 +0800] "GET /xingrg/all/function/internal_message.html?_=1626574872710&CODE_STATE=getMsg HTTP/1.1" 200 27
101.85.107.54 - - [18/Jul/2021:10:31:06 +0800] "GET /xingrg/check_reg.html?_=1626574872707 HTTP/1.1" 200 71
58.37.225.51 - - [18/Jul/2021:10:31:07 +0800] "GET /xingrg/kc/buy/cgsh_order_operate.html?command=get_materiel&rest_code=00141&code=00101008038&supplier_code=00100007&order_time=2021-07-18 HTTP/1.1" 200 412
116.230.110.80 - - [18/Jul/2021:10:31:10 +0800] "GET /xingrg/kc/buy/cgsh_order_operate.html?command=get_materiel&rest_code=00155&code=00101008026&supplier_code=00100005&order_time=2021-07-18 HTTP/1.1" 200 409
58.40.7.146 - - [18/Jul/2021:10:31:11 +0800] "GET /xingrg/all/function/internal_message.html?_=1626575471159&CODE_STATE=getMsg HTTP/1.1" 200 27
180.174.226.65 - - [18/Jul/2021:10:31:12 +0800] "GET /xingrg/all/function/internal_message.html?_=1626575440620&CODE_STATE=getMsg HTTP/1.1" 200 27
180.174.226.65 - - [18/Jul/2021:10:31:13 +0800] "POST /xingrg/kc/buy/cgsh_list_operate.html HTTP/1.1" 200 9235
180.156.224.123 - - [18/Jul/2021:10:31:15 +0800] "GET /xingrg/all/function/internal_message.html?_=1626575475523&CODE_STATE=getMsg HTTP/1.1" 200 27
58.37.225.51 - - [18/Jul/2021:10:31:16 +0800] "GET /xingrg/kc/buy/cgsh_order_operate.html?command=get_materiel&rest_code=00141&code=00101008396&supplier_code=00100007&order_time=2021-07-18 HTTP/1.1" 200 412
180.174.226.65 - - [18/Jul/2021:10:31:16 +0800] "POST /xingrg/kc/buy/cgsh_list_operate.html HTTP/1.1" 200 204
180.174.226.65 - - [18/Jul/2021:10:31:18 +0800] "GET /xingrg/kc/buy/cgsh_order_info.html?code=212021071708140 HTTP/1.1" 200 57603
180.174.226.65 - - [18/Jul/2021:10:31:19 +0800] "GET /xingrg/all/function/internal_message.html?_=1626575481178&CODE_STATE=getMsg HTTP/1.1" 200 27
180.174.226.65 - - [18/Jul/2021:10:31:19 +0800] "GET /xingrg/javascript/easyui/themes/default/validatebox.css HTTP/1.1" 404 1104
180.174.226.65 - - [18/Jul/2021:10:31:19 +0800] "POST /xingrg/kc/buy/cgsh_order_operate.html HTTP/1.1" 200 613
222.69.131.78 - - [18/Jul/2021:10:31:20 +0800] "GET /xingrg/all/function/internal_message.html?_=1626575478948&CODE_STATE=getMsg HTTP/1.1" 200 27
180.174.226.65 - - [18/Jul/2021:10:31:21 +0800] "GET /xingrg/kc/print/load_data.html?order_code=212021071708140&kc_code=cgsh&condition= HTTP/1.1" 200 712
116.230.110.80 - - [18/Jul/2021:10:31:21 +0800] "GET /xingrg/all/function/internal_message.html?_=1626575481836&CODE_STATE=getMsg HTTP/1.1" 200 27
58.37.225.51 - - [18/Jul/2021:10:31:22 +0800] "GET /xingrg/kc/buy/cgsh_order_operate.html?command=get_materiel&rest_code=00141&code=00101008163&supplier_code=00100007&order_time=2021-07-18 HTTP/1.1" 200 408
101.83.145.79 - - [18/Jul/2021:10:31:24 +0800] "GET /xingrg/kc/buy/cgsh_order_operate.html?command=get_materiel&rest_code=00105&code=00101011001&supplier_code=00100052&order_time=2021-07-18 HTTP/1.1" 200 423
116.230.110.80 - - [18/Jul/2021:10:31:25 +0800] "GET /xingrg/kc/buy/cgsh_order_operate.html?command=get_materiel&rest_code=00155&code=00101008173&supplier_code=00100005&order_time=2021-07-18 HTTP/1.1" 200 412
58.37.5.217 - - [18/Jul/2021:10:31:26 +0800] "GET /xingrg/all/function/internal_message.html?_=1626575486878&CODE_STATE=getMsg HTTP/1.1" 200 27
180.174.226.65 - - [18/Jul/2021:10:31:28 +0800] "POST /xingrg/kc/buy/cgsh_list_operate.html HTTP/1.1" 200 9235
58.37.225.51 - - [18/Jul/2021:10:31:29 +0800] "GET /xingrg/kc/buy/cgsh_order_operate.html?command=get_materiel&rest_code=00141&code=00101008355&supplier_code=00100007&order_time=2021-07-18 HTTP/1.1" 200 408
180.174.226.65 - - [18/Jul/2021:10:31:29 +0800] "POST /xingrg/kc/buy/cgsh_list_operate.html HTTP/1.1" 200 590
180.174.226.65 - - [18/Jul/2021:10:31:30 +0800] "GET /xingrg/kc/buy/cgsh_order_info.html?code=212021071708141 HTTP/1.1" 200 57601
180.174.226.65 - - [18/Jul/2021:10:31:31 +0800] "GET /xingrg/javascript/easyui/themes/default/validatebox.css HTTP/1.1" 404 1104
114.84.0.231 - - [18/Jul/2021:10:31:31 +0800] "GET /favicon.ico HTTP/1.1" 404 -
180.174.226.65 - - [18/Jul/2021:10:31:31 +0800] "POST /xingrg/kc/buy/cgsh_order_operate.html HTTP/1.1" 200 4189
58.37.5.217 - - [18/Jul/2021:10:31:33 +0800] "GET /xingrg/all/function/internal_message.html?_=1626575492785&CODE_STATE=getMsg HTTP/1.1" 200 27
180.174.226.65 - - [18/Jul/2021:10:31:34 +0800] "GET /xingrg/kc/print/load_data.html?order_code=212021071708141&kc_code=cgsh&condition= HTTP/1.1" 200 2084
58.37.5.217 - - [18/Jul/2021:10:31:35 +0800] "GET /xingrg/javascript/auto/indicator.gif HTTP/1.1" 404 1066
58.37.225.51 - - [18/Jul/2021:10:31:36 +0800] "GET /xingrg/kc/buy/cgsh_order_operate.html?command=get_materiel&rest_code=00141&code=00101008264&supplier_code=00100007&order_time=2021-07-18 HTTP/1.1" 200 412
222.70.175.207 - - [18/Jul/2021:10:31:38 +0800] "GET /xingrg/all/function/internal_message.html?_=1626575499752&CODE_STATE=getMsg HTTP/1.1" 200 27
116.235.222.38 - - [18/Jul/2021:10:31:38 +0800] "POST /xingrg/kc/buy/cgsh_order_operate.html HTTP/1.1" 200 37
116.230.110.80 - - [18/Jul/2021:10:31:38 +0800] "GET /xingrg/kc/buy/cgsh_order_operate.html?command=get_materiel&rest_code=00155&code=00101008004&supplier_code=00100005&order_time=2021-07-18 HTTP/1.1" 200 416
101.83.145.79 - - [18/Jul/2021:10:31:39 +0800] "GET /xingrg/all/function/internal_message.html?_=1626575464519&CODE_STATE=getMsg HTTP/1.1" 200 27
116.235.222.38 - - [18/Jul/2021:10:31:39 +0800] "POST /xingrg/kc/buy/cgsh_order_operate.html HTTP/1.1" 200 6228
116.235.222.38 - - [18/Jul/2021:10:31:40 +0800] "GET /xingrg/kc/print/load_data.html?order_code=212021071808210&kc_code=cgsh&condition= HTTP/1.1" 200 2104
180.169.147.146 - - [18/Jul/2021:10:31:41 +0800] "GET /xingrg/all/function/internal_message.html?_=1626575485770&CODE_STATE=getMsg HTTP/1.1" 200 27
180.174.226.65 - - [18/Jul/2021:10:31:41 +0800] "POST /xingrg/kc/buy/cgsh_list_operate.html HTTP/1.1" 200 9235
101.83.241.165 - - [18/Jul/2021:10:31:41 +0800] "GET /xingrg/all/function/internal_message.html?_=1626575502017&CODE_STATE=getMsg HTTP/1.1" 200 27
180.174.226.65 - - [18/Jul/2021:10:31:43 +0800] "POST /xingrg/kc/buy/cgsh_list_operate.html HTTP/1.1" 200 201
58.37.225.51 - - [18/Jul/2021:10:31:44 +0800] "GET /xingrg/kc/buy/cgsh_order_operate.html?command=get_materiel&rest_code=00141&code=00101008356&supplier_code=00100007&order_time=2021-07-18 HTTP/1.1" 200 409
180.174.226.65 - - [18/Jul/2021:10:31:44 +0800] "GET /xingrg/kc/buy/cgsh_order_info.html?code=212021071708142 HTTP/1.1" 200 57601
180.174.226.65 - - [18/Jul/2021:10:31:44 +0800] "GET /xingrg/javascript/easyui/themes/default/validatebox.css HTTP/1.1" 404 1104
180.174.226.65 - - [18/Jul/2021:10:31:45 +0800] "POST /xingrg/kc/buy/cgsh_order_operate.html HTTP/1.1" 200 609
116.235.222.38 - - [18/Jul/2021:10:31:45 +0800] "GET /xingrg/kc/buy/cgsh_order_add.html HTTP/1.1" 200 62814
116.235.222.38 - - [18/Jul/2021:10:31:45 +0800] "GET /xingrg/words/20210718102258_words.js HTTP/1.1" 304 -
116.235.222.38 - - [18/Jul/2021:10:31:46 +0800] "POST /xingrg/kc/buy/cgsh_order_operate.html HTTP/1.1" 200 8245
116.235.222.38 - - [18/Jul/2021:10:31:46 +0800] "GET /xingrg/javascript/easyui/themes/default/validatebox.css HTTP/1.1" 404 1104
180.174.226.65 - - [18/Jul/2021:10:31:46 +0800] "GET /xingrg/kc/print/load_data.html?order_code=212021071708142&kc_code=cgsh&condition= HTTP/1.1" 200 771
116.230.110.80 - - [18/Jul/2021:10:31:47 +0800] "GET /xingrg/kc/buy/cgsh_order_operate.html?command=get_materiel&rest_code=00155&code=00101008264&supplier_code=00100005&order_time=2021-07-18 HTTP/1.1" 200 412
116.235.222.38 - - [18/Jul/2021:10:31:47 +0800] "GET /xingrg/javascript/easyui/themes/default/tree.css HTTP/1.1" 404 1090
116.235.222.38 - - [18/Jul/2021:10:31:47 +0800] "POST /xingrg/all/common/load_tree.html?tree=supplier_tree_json&isDelete=1 HTTP/1.1" 200 56389
58.37.225.51 - - [18/Jul/2021:10:31:52 +0800] "GET /xingrg/kc/buy/cgsh_order_operate.html?command=get_materiel&rest_code=00141&code=00101015060&supplier_code=00100007&order_time=2021-07-18 HTTP/1.1" 200 413
116.235.222.38 - - [18/Jul/2021:10:31:54 +0800] "GET /xingrg/all/function/internal_message.html?_=1626575515058&CODE_STATE=getMsg HTTP/1.1" 200 27
180.174.226.65 - - [18/Jul/2021:10:31:54 +0800] "POST /xingrg/kc/buy/cgsh_list_operate.html HTTP/1.1" 200 9235
180.174.226.65 - - [18/Jul/2021:10:31:55 +0800] "POST /xingrg/kc/buy/cgsh_list_operate.html HTTP/1.1" 200 591
120.253.135.82 - - [18/Jul/2021:10:31:55 +0800] "GET /xingrg/all/function/internal_message.html?_=1626575296048&CODE_STATE=getMsg HTTP/1.1" 200 27
180.174.226.65 - - [18/Jul/2021:10:31:56 +0800] "GET /xingrg/kc/buy/cgsh_order_info.html?code=212021071708143 HTTP/1.1" 200 57602
180.174.226.65 - - [18/Jul/2021:10:31:56 +0800] "GET /xingrg/javascript/easyui/themes/default/validatebox.css HTTP/1.1" 404 1104
180.174.226.65 - - [18/Jul/2021:10:31:57 +0800] "POST /xingrg/kc/buy/cgsh_order_operate.html HTTP/1.1" 200 7771
180.174.226.65 - - [18/Jul/2021:10:31:57 +0800] "POST /xingrg/kc/buy/cgsh_list_operate.html HTTP/1.1" 200 9235
116.230.110.80 - - [18/Jul/2021:10:31:58 +0800] "GET /xingrg/kc/buy/cgsh_order_operate.html?command=get_materiel&rest_code=00155&code=00101008101&supplier_code=00100005&order_time=2021-07-18 HTTP/1.1" 200 412
180.169.147.146 - - [18/Jul/2021:10:31:58 +0800] "GET /xingrg/all/function/internal_message.html?_=1626575518659&CODE_STATE=getMsg HTTP/1.1" 200 27
180.174.226.65 - - [18/Jul/2021:10:31:58 +0800] "GET /xingrg/kc/print/load_data.html?order_code=212021071708143&kc_code=cgsh&condition= HTTP/1.1" 200 3464
58.37.225.51 - - [18/Jul/2021:10:31:59 +0800] "GET /xingrg/kc/buy/cgsh_order_operate.html?command=get_materiel&rest_code=00141&code=00101008137&supplier_code=00100007&order_time=2021-07-18 HTTP/1.1" 200 408
101.83.145.79 - - [18/Jul/2021:10:32:00 +0800] "GET /xingrg/all/function/internal_message.html?_=1626575522236&CODE_STATE=getMsg HTTP/1.1" 200 27
58.37.225.51 - - [18/Jul/2021:10:32:00 +0800] "GET /xingrg/check_reg.html?_=1626575433501 HTTP/1.1" 200 71
58.37.225.51 - - [18/Jul/2021:10:32:00 +0800] "GET /xingrg/all/function/internal_message.html?_=1626575433502&CODE_STATE=getMsg HTTP/1.1" 200 27
116.235.222.38 - - [18/Jul/2021:10:32:03 +0800] "GET /xingrg/kc/buy/cgsh_order_operate.html?command=get_materiel&rest_code=00107&code=00101007022&supplier_code=00100002&order_time=2021-07-18 HTTP/1.1" 200 413
180.169.147.146 - - [18/Jul/2021:10:32:05 +0800] "GET /xingrg/check_reg.html?_=1626575525542 HTTP/1.1" 302 -
101.85.107.54 - - [18/Jul/2021:10:32:06 +0800] "GET /xingrg/all/function/internal_message.html?_=1626574932709&CODE_STATE=getMsg HTTP/1.1" 200 27
58.37.225.51 - - [18/Jul/2021:10:32:06 +0800] "GET /xingrg/kc/buy/cgsh_order_operate.html?command=get_materiel&rest_code=00141&code=00101008360&supplier_code=00100007&order_time=2021-07-18 HTTP/1.1" 200 412
180.174.226.65 - - [18/Jul/2021:10:32:07 +0800] "POST /xingrg/kc/buy/cgsh_list_operate.html HTTP/1.1" 200 9235
116.230.110.80 - - [18/Jul/2021:10:32:09 +0800] "GET /xingrg/kc/buy/cgsh_order_operate.html?command=get_materiel&rest_code=00155&code=00101008356&supplier_code=00100005&order_time=2021-07-18 HTTP/1.1" 200 408
180.174.226.65 - - [18/Jul/2021:10:32:09 +0800] "POST /xingrg/kc/buy/cgsh_list_operate.html HTTP/1.1" 200 298
180.174.226.65 - - [18/Jul/2021:10:32:10 +0800] "GET /xingrg/kc/buy/cgsh_order_info.html?code=212021071808144 HTTP/1.1" 200 57593
180.174.226.65 - - [18/Jul/2021:10:32:10 +0800] "GET /xingrg/javascript/easyui/themes/default/validatebox.css HTTP/1.1" 404 1104
58.40.7.146 - - [18/Jul/2021:10:32:11 +0800] "GET /xingrg/check_reg.html?_=1626575531145 HTTP/1.1" 200 71
58.40.7.146 - - [18/Jul/2021:10:32:11 +0800] "GET /xingrg/all/function/internal_message.html?_=1626575531148&CODE_STATE=getMsg HTTP/1.1" 200 27
180.174.226.65 - - [18/Jul/2021:10:32:11 +0800] "POST /xingrg/kc/buy/cgsh_order_operate.html HTTP/1.1" 200 1243
180.174.226.65 - - [18/Jul/2021:10:32:12 +0800] "GET /xingrg/all/function/internal_message.html?_=1626575500633&CODE_STATE=getMsg HTTP/1.1" 200 27
180.174.226.65 - - [18/Jul/2021:10:32:12 +0800] "GET /xingrg/kc/print/load_data.html?order_code=212021071808144&kc_code=cgsh&condition= HTTP/1.1" 200 951
58.37.225.51 - - [18/Jul/2021:10:32:15 +0800] "GET /xingrg/kc/buy/cgsh_order_operate.html?command=get_materiel&rest_code=00141&code=00101008357&supplier_code=00100007&order_time=2021-07-18 HTTP/1.1" 200 408
180.156.224.123 - - [18/Jul/2021:10:32:15 +0800] "GET /xingrg/all/function/internal_message.html?_=1626575535521&CODE_STATE=getMsg HTTP/1.1" 200 27
180.174.226.65 - - [18/Jul/2021:10:32:16 +0800] "GET /xingrg/check_reg.html?_=1626575538892 HTTP/1.1" 200 71
116.235.222.38 - - [18/Jul/2021:10:32:18 +0800] "GET /xingrg/kc/buy/cgsh_order_operate.html?command=get_materiel&rest_code=00107&code=00101007061&supplier_code=00100002&order_time=2021-07-18 HTTP/1.1" 200 409
180.174.226.65 - - [18/Jul/2021:10:32:19 +0800] "GET /xingrg/all/function/internal_message.html?_=1626575541189&CODE_STATE=getMsg HTTP/1.1" 200 27
222.69.131.78 - - [18/Jul/2021:10:32:20 +0800] "GET /xingrg/all/function/internal_message.html?_=1626575538918&CODE_STATE=getMsg HTTP/1.1" 200 27
180.174.226.65 - - [18/Jul/2021:10:32:20 +0800] "POST /xingrg/kc/buy/cgsh_list_operate.html HTTP/1.1" 200 9235
222.69.131.78 - - [18/Jul/2021:10:32:21 +0800] "GET /xingrg/check_reg.html?_=1626575540066 HTTP/1.1" 200 71
180.174.226.65 - - [18/Jul/2021:10:32:21 +0800] "POST /xingrg/kc/buy/cgsh_list_operate.html HTTP/1.1" 200 203
116.230.110.80 - - [18/Jul/2021:10:32:21 +0800] "GET /xingrg/check_reg.html?_=1626575541845 HTTP/1.1" 200 71
116.230.110.80 - - [18/Jul/2021:10:32:21 +0800] "GET /xingrg/all/function/internal_message.html?_=1626575541851&CODE_STATE=getMsg HTTP/1.1" 200 27
58.37.225.51 - - [18/Jul/2021:10:32:22 +0800] "GET /xingrg/kc/buy/cgsh_order_operate.html?command=get_materiel&rest_code=00141&code=00101008069&supplier_code=00100007&order_time=2021-07-18 HTTP/1.1" 200 412
180.174.226.65 - - [18/Jul/2021:10:32:25 +0800] "GET /xingrg/kc/buy/cgsh_order_info.html?code=212021071808145 HTTP/1.1" 200 57603
180.174.226.65 - - [18/Jul/2021:10:32:25 +0800] "GET /xingrg/javascript/easyui/themes/default/validatebox.css HTTP/1.1" 404 1104
58.37.5.217 - - [18/Jul/2021:10:32:26 +0800] "GET /xingrg/all/function/internal_message.html?_=1626575546889&CODE_STATE=getMsg HTTP/1.1" 200 27
180.174.226.65 - - [18/Jul/2021:10:32:26 +0800] "POST /xingrg/kc/buy/cgsh_order_operate.html HTTP/1.1" 200 607
180.174.226.65 - - [18/Jul/2021:10:32:27 +0800] "GET /xingrg/kc/print/load_data.html?order_code=212021071808145&kc_code=cgsh&condition= HTTP/1.1" 200 705
58.37.225.51 - - [18/Jul/2021:10:32:30 +0800] "GET /xingrg/kc/buy/cgsh_order_operate.html?command=get_materiel&rest_code=00141&code=00101008286&supplier_code=00100007&order_time=2021-07-18 HTTP/1.1" 200 408
58.37.5.217 - - [18/Jul/2021:10:32:33 +0800] "GET /xingrg/all/function/internal_message.html?_=1626575552785&CODE_STATE=getMsg HTTP/1.1" 200 27
116.235.222.38 - - [18/Jul/2021:10:32:36 +0800] "GET /xingrg/kc/buy/cgsh_order_operate.html?command=get_materiel&rest_code=00107&code=00101007075&supplier_code=00100002&order_time=2021-07-18 HTTP/1.1" 200 408
180.174.226.65 - - [18/Jul/2021:10:32:36 +0800] "POST /xingrg/kc/buy/cgsh_list_operate.html HTTP/1.1" 200 9235
180.174.226.65 - - [18/Jul/2021:10:32:37 +0800] "POST /xingrg/kc/buy/cgsh_list_operate.html HTTP/1.1" 200 201
222.70.175.207 - - [18/Jul/2021:10:32:38 +0800] "GET /xingrg/all/function/internal_message.html?_=1626575559988&CODE_STATE=getMsg HTTP/1.1" 200 27
180.174.226.65 - - [18/Jul/2021:10:32:38 +0800] "GET /xingrg/kc/buy/cgsh_order_info.html?code=212021071808147 HTTP/1.1" 200 57603
180.174.226.65 - - [18/Jul/2021:10:32:38 +0800] "GET /xingrg/javascript/easyui/themes/default/validatebox.css HTTP/1.1" 404 1104
101.83.145.79 - - [18/Jul/2021:10:32:39 +0800] "GET /xingrg/all/function/internal_message.html?_=1626575524516&CODE_STATE=getMsg HTTP/1.1" 200 27
180.174.226.65 - - [18/Jul/2021:10:32:39 +0800] "POST /xingrg/kc/buy/cgsh_order_operate.html HTTP/1.1" 200 608
180.174.226.65 - - [18/Jul/2021:10:32:40 +0800] "POST /xingrg/kc/buy/cgsh_list_operate.html HTTP/1.1" 200 9235
180.174.226.65 - - [18/Jul/2021:10:32:40 +0800] "GET /xingrg/kc/print/load_data.html?order_code=212021071808147&kc_code=cgsh&condition= HTTP/1.1" 200 708
180.169.147.146 - - [18/Jul/2021:10:32:41 +0800] "GET /xingrg/all/function/internal_message.html?_=1626575545761&CODE_STATE=getMsg HTTP/1.1" 200 27
101.83.241.165 - - [18/Jul/2021:10:32:41 +0800] "GET /xingrg/all/function/internal_message.html?_=1626575562017&CODE_STATE=getMsg HTTP/1.1" 200 27
180.157.255.9 - - [18/Jul/2021:10:32:47 +0800] "GET /favicon.ico HTTP/1.1" 404 -
180.174.226.65 - - [18/Jul/2021:10:32:51 +0800] "POST /xingrg/kc/buy/cgsh_list_operate.html HTTP/1.1" 200 9235
116.235.222.38 - - [18/Jul/2021:10:32:54 +0800] "POST /xingrg/kc/buy/cgsh_order_operate.html HTTP/1.1" 200 37
180.174.226.65 - - [18/Jul/2021:10:32:54 +0800] "POST /xingrg/kc/buy/cgsh_list_operate.html HTTP/1.1" 200 199
180.174.226.65 - - [18/Jul/2021:10:32:55 +0800] "GET /xingrg/kc/buy/cgsh_order_info.html?code=212021071808152 HTTP/1.1" 200 57601
120.253.135.82 - - [18/Jul/2021:10:32:56 +0800] "GET /xingrg/all/function/internal_message.html?_=1626575356242&CODE_STATE=getMsg HTTP/1.1" 200 27
180.174.226.65 - - [18/Jul/2021:10:32:56 +0800] "GET /xingrg/javascript/easyui/themes/default/validatebox.css HTTP/1.1" 404 1104
180.174.226.65 - - [18/Jul/2021:10:32:57 +0800] "POST /xingrg/kc/buy/cgsh_order_operate.html HTTP/1.1" 200 608
180.174.226.65 - - [18/Jul/2021:10:32:58 +0800] "GET /xingrg/kc/print/load_data.html?order_code=212021071808152&kc_code=cgsh&condition= HTTP/1.1" 200 757
180.169.147.146 - - [18/Jul/2021:10:32:58 +0800] "GET /xingrg/check_reg.html?_=1626575578660 HTTP/1.1" 200 71
180.169.147.146 - - [18/Jul/2021:10:32:58 +0800] "GET /xingrg/all/function/internal_message.html?_=1626575578664&CODE_STATE=getMsg HTTP/1.1" 200 27
101.83.145.79 - - [18/Jul/2021:10:33:00 +0800] "GET /xingrg/all/function/internal_message.html?_=1626575582207&CODE_STATE=getMsg HTTP/1.1" 200 27
58.37.225.51 - - [18/Jul/2021:10:33:00 +0800] "GET /xingrg/all/function/internal_message.html?_=1626575493560&CODE_STATE=getMsg HTTP/1.1" 200 27
120.253.135.82 - - [18/Jul/2021:10:33:02 +0800] "GET /xingrg/check_reg.html?_=1626575362087 HTTP/1.1" 200 71
116.230.110.80 - - [18/Jul/2021:10:33:03 +0800] "POST /xingrg/kc/buy/cgsh_order_operate.html HTTP/1.1" 200 2065
58.37.225.51 - - [18/Jul/2021:10:33:03 +0800] "GET /xingrg/kc/buy/cgsh_order_operate.html?command=get_materiel&rest_code=00141&code=00101008036&supplier_code=00100007&order_time=2021-07-18 HTTP/1.1" 200 408
101.85.107.54 - - [18/Jul/2021:10:33:06 +0800] "GET /xingrg/all/function/internal_message.html?_=1626574992708&CODE_STATE=getMsg HTTP/1.1" 200 27
116.235.222.38 - - [18/Jul/2021:10:33:06 +0800] "POST /xingrg/kc/buy/cgsh_order_operate.html HTTP/1.1" 200 3840
180.174.226.65 - - [18/Jul/2021:10:33:07 +0800] "POST /xingrg/kc/buy/cgsh_list_operate.html HTTP/1.1" 200 9235
180.174.226.65 - - [18/Jul/2021:10:33:09 +0800] "POST /xingrg/kc/buy/cgsh_list_operate.html HTTP/1.1" 200 420
116.235.222.38 - - [18/Jul/2021:10:33:10 +0800] "GET /xingrg/kc/print/load_data.html?order_code=212021071808211&kc_code=cgsh&condition= HTTP/1.1" 200 1193
180.174.226.65 - - [18/Jul/2021:10:33:11 +0800] "GET /xingrg/kc/buy/cgsh_order_info.html?code=212021071808153 HTTP/1.1" 200 57591
180.174.226.65 - - [18/Jul/2021:10:33:12 +0800] "GET /xingrg/javascript/easyui/themes/default/validatebox.css HTTP/1.1" 404 1104
116.230.110.80 - - [18/Jul/2021:10:33:12 +0800] "GET /xingrg/kc/buy/cgsh_order_operate.html?command=get_materiel&rest_code=00155&code=00101008357&supplier_code=00100005&order_time=2021-07-18 HTTP/1.1" 200 408
58.37.225.51 - - [18/Jul/2021:10:33:12 +0800] "GET /xingrg/kc/buy/cgsh_order_operate.html?command=get_materiel&rest_code=00141&code=00101008131&supplier_code=00100007&order_time=2021-07-18 HTTP/1.1" 200 408
180.174.226.65 - - [18/Jul/2021:10:33:12 +0800] "GET /xingrg/all/function/internal_message.html?_=1626575561074&CODE_STATE=getMsg HTTP/1.1" 200 27
58.37.5.217 - - [18/Jul/2021:10:33:13 +0800] "GET /xingrg/kc/buy/cgsh_order_add.html HTTP/1.1" 200 62732
58.37.5.217 - - [18/Jul/2021:10:33:13 +0800] "GET /xingrg/words/20210718102258_words.js HTTP/1.1" 200 826153
180.174.226.65 - - [18/Jul/2021:10:33:13 +0800] "POST /xingrg/kc/buy/cgsh_order_operate.html HTTP/1.1" 200 2386
58.37.5.217 - - [18/Jul/2021:10:33:13 +0800] "POST /xingrg/kc/buy/cgsh_order_operate.html HTTP/1.1" 200 8245
58.37.5.217 - - [18/Jul/2021:10:33:13 +0800] "GET /xingrg/javascript/easyui/themes/default/validatebox.css HTTP/1.1" 404 1104
116.235.222.38 - - [18/Jul/2021:10:33:14 +0800] "GET /xingrg/kc/buy/cgsh_order_add.html HTTP/1.1" 200 62814
116.235.222.38 - - [18/Jul/2021:10:33:14 +0800] "GET /xingrg/words/20210718102258_words.js HTTP/1.1" 304 -
101.85.107.54 - - [18/Jul/2021:10:33:14 +0800] "GET /xingrg/javascript/jquery_easy_ui/themes/default/images/button_plain_hover.png HTTP/1.1" 200 252
116.235.222.38 - - [18/Jul/2021:10:33:15 +0800] "GET /xingrg/javascript/easyui/themes/default/validatebox.css HTTP/1.1" 404 1104
116.235.222.38 - - [18/Jul/2021:10:33:15 +0800] "POST /xingrg/kc/buy/cgsh_order_operate.html HTTP/1.1" 200 8245
58.37.5.217 - - [18/Jul/2021:10:33:15 +0800] "GET /xingrg/javascript/easyui/themes/default/tree.css HTTP/1.1" 404 1090
58.37.5.217 - - [18/Jul/2021:10:33:15 +0800] "POST /xingrg/all/common/load_tree.html?tree=supplier_tree_json&isDelete=1 HTTP/1.1" 200 56389
180.174.226.65 - - [18/Jul/2021:10:33:15 +0800] "GET /xingrg/kc/print/load_data.html?order_code=212021071808153&kc_code=cgsh&condition= HTTP/1.1" 200 1366
180.156.224.123 - - [18/Jul/2021:10:33:15 +0800] "GET /xingrg/all/function/internal_message.html?_=1626575595533&CODE_STATE=getMsg HTTP/1.1" 200 27
180.156.224.123 - - [18/Jul/2021:10:33:15 +0800] "GET /xingrg/check_reg.html?_=1626575595535 HTTP/1.1" 200 71
116.235.222.38 - - [18/Jul/2021:10:33:17 +0800] "GET /xingrg/javascript/easyui/themes/default/tree.css HTTP/1.1" 404 1090
116.235.222.38 - - [18/Jul/2021:10:33:17 +0800] "POST /xingrg/all/common/load_tree.html?tree=supplier_tree_json&isDelete=1 HTTP/1.1" 200 56389
180.174.226.65 - - [18/Jul/2021:10:33:19 +0800] "GET /xingrg/all/function/internal_message.html?_=1626575601671&CODE_STATE=getMsg HTTP/1.1" 200 27
222.69.131.78 - - [18/Jul/2021:10:33:20 +0800] "GET /xingrg/all/function/internal_message.html?_=1626575598893&CODE_STATE=getMsg HTTP/1.1" 200 27
58.37.225.51 - - [18/Jul/2021:10:33:21 +0800] "GET /xingrg/kc/buy/cgsh_order_operate.html?command=get_materiel&rest_code=00141&code=00101008318&supplier_code=00100007&order_time=2021-07-18 HTTP/1.1" 200 408
116.230.110.80 - - [18/Jul/2021:10:33:21 +0800] "GET /xingrg/all/function/internal_message.html?_=1626575601866&CODE_STATE=getMsg HTTP/1.1" 200 27
180.174.226.65 - - [18/Jul/2021:10:33:24 +0800] "POST /xingrg/kc/buy/cgsh_list_operate.html HTTP/1.1" 200 9235
101.83.145.79 - - [18/Jul/2021:10:33:25 +0800] "GET /xingrg/kc/buy/cgsh_order_operate.html?command=get_materiel&rest_code=00105&code=00101009001&supplier_code=00100024&order_time=2021-07-18 HTTP/1.1" 200 416
116.230.110.80 - - [18/Jul/2021:10:33:25 +0800] "GET /xingrg/kc/buy/cgsh_order_operate.html?command=get_materiel&rest_code=00155&code=00101008286&supplier_code=00100005&order_time=2021-07-18 HTTP/1.1" 200 408
58.37.5.217 - - [18/Jul/2021:10:33:26 +0800] "GET /xingrg/all/function/internal_message.html?_=1626575606881&CODE_STATE=getMsg HTTP/1.1" 200 27
180.174.226.65 - - [18/Jul/2021:10:33:26 +0800] "POST /xingrg/kc/buy/cgsh_list_operate.html HTTP/1.1" 200 199
101.83.145.79 - - [18/Jul/2021:10:33:33 +0800] "POST /xingrg/kc/buy/cgsh_order_operate.html HTTP/1.1" 200 37
58.37.5.217 - - [18/Jul/2021:10:33:33 +0800] "GET /xingrg/all/function/internal_message.html?_=1626575612793&CODE_STATE=getMsg HTTP/1.1" 200 27
180.174.226.65 - - [18/Jul/2021:10:33:33 +0800] "POST /xingrg/kc/buy/cgsh_list_operate.html HTTP/1.1" 200 5429
116.235.222.38 - - [18/Jul/2021:10:33:36 +0800] "GET /xingrg/kc/buy/cgsh_order_operate.html?command=get_materiel&rest_code=00107&code=00101016025&supplier_code=00100033&order_time=2021-07-18 HTTP/1.1" 200 408
58.37.5.217 - - [18/Jul/2021:10:33:36 +0800] "GET /xingrg/kc/buy/cgsh_order_operate.html?command=get_materiel&rest_code=00106&code=00102010436&supplier_code=00100219&order_time=2021-07-18 HTTP/1.1" 200 413
180.174.226.65 - - [18/Jul/2021:10:33:37 +0800] "POST /xingrg/kc/buy/cgsh_list_operate.html HTTP/1.1" 200 502
222.70.175.207 - - [18/Jul/2021:10:33:38 +0800] "GET /xingrg/all/function/internal_message.html?_=1626575619998&CODE_STATE=getMsg HTTP/1.1" 200 27
180.174.226.65 - - [18/Jul/2021:10:33:38 +0800] "GET /xingrg/kc/buy/cgsh_order_info.html?code=212021071808156 HTTP/1.1" 200 57603
101.83.145.79 - - [18/Jul/2021:10:33:38 +0800] "POST /xingrg/kc/buy/cgsh_order_operate.html HTTP/1.1" 200 3266
180.174.226.65 - - [18/Jul/2021:10:33:39 +0800] "GET /xingrg/javascript/easyui/themes/default/validatebox.css HTTP/1.1" 404 1104
101.83.145.79 - - [18/Jul/2021:10:33:39 +0800] "GET /xingrg/check_reg.html?_=1626575584519 HTTP/1.1" 200 71
101.83.145.79 - - [18/Jul/2021:10:33:39 +0800] "GET /xingrg/all/function/internal_message.html?_=1626575584522&CODE_STATE=getMsg HTTP/1.1" 200 27
180.174.226.65 - - [18/Jul/2021:10:33:40 +0800] "POST /xingrg/kc/buy/cgsh_order_operate.html HTTP/1.1" 200 2997
180.169.147.146 - - [18/Jul/2021:10:33:41 +0800] "GET /xingrg/check_reg.html?_=1626575605769 HTTP/1.1" 200 71
180.169.147.146 - - [18/Jul/2021:10:33:41 +0800] "GET /xingrg/all/function/internal_message.html?_=1626575605771&CODE_STATE=getMsg HTTP/1.1" 200 27
180.174.226.65 - - [18/Jul/2021:10:33:41 +0800] "GET /xingrg/kc/print/load_data.html?order_code=212021071808156&kc_code=cgsh&condition= HTTP/1.1" 200 1688
101.83.145.79 - - [18/Jul/2021:10:33:41 +0800] "GET /xingrg/kc/print/load_config.html?kc_code=cgsh HTTP/1.1" 200 1845
101.83.145.79 - - [18/Jul/2021:10:33:41 +0800] "GET /xingrg/kc/print/load_data.html?order_code=212021071808212&kc_code=cgsh&condition= HTTP/1.1" 200 953
101.83.241.165 - - [18/Jul/2021:10:33:41 +0800] "GET /xingrg/all/function/internal_message.html?_=1626575622019&CODE_STATE=getMsg HTTP/1.1" 200 27
101.83.145.79 - - [18/Jul/2021:10:33:42 +0800] "GET /xingrg/kc/buy/cgsh_order_operate.html?command=get_materiel&rest_code=00105&code=00101009062&supplier_code=00100024&order_time=2021-07-18 HTTP/1.1" 200 412
116.230.110.80 - - [18/Jul/2021:10:33:51 +0800] "GET /xingrg/kc/buy/cgsh_order_operate.html?command=get_materiel&rest_code=00155&code=00101008108&supplier_code=00100005&order_time=2021-07-18 HTTP/1.1" 200 412
116.235.222.38 - - [18/Jul/2021:10:33:51 +0800] "GET /xingrg/kc/buy/cgsh_order_operate.html?command=get_materiel&rest_code=00107&code=00101016051&supplier_code=00100033&order_time=2021-07-18 HTTP/1.1" 200 408
58.37.5.217 - - [18/Jul/2021:10:33:53 +0800] "GET /xingrg/kc/buy/cgsh_order_operate.html?command=get_materiel&rest_code=00106&code=00102016295&supplier_code=00100219&order_time=2021-07-18 HTTP/1.1" 200 414
180.174.226.65 - - [18/Jul/2021:10:33:53 +0800] "POST /xingrg/kc/buy/cgsh_list_operate.html HTTP/1.1" 200 5429
116.235.222.38 - - [18/Jul/2021:10:33:54 +0800] "GET /xingrg/all/function/internal_message.html?_=1626575635079&CODE_STATE=getMsg HTTP/1.1" 200 27
180.174.226.65 - - [18/Jul/2021:10:33:55 +0800] "POST /xingrg/kc/buy/cgsh_list_operate.html HTTP/1.1" 200 208
58.37.225.51 - - [18/Jul/2021:10:33:55 +0800] "POST /xingrg/kc/buy/cgsh_order_operate.html HTTP/1.1" 200 2065
120.253.135.82 - - [18/Jul/2021:10:33:56 +0800] "GET /xingrg/all/function/internal_message.html?_=1626575416247&CODE_STATE=getMsg HTTP/1.1" 200 27
180.174.226.65 - - [18/Jul/2021:10:33:56 +0800] "GET /xingrg/kc/buy/cgsh_order_info.html?code=212021071808157 HTTP/1.1" 200 57599
180.174.226.65 - - [18/Jul/2021:10:33:56 +0800] "GET /xingrg/javascript/easyui/themes/default/validatebox.css HTTP/1.1" 404 1104
180.174.226.65 - - [18/Jul/2021:10:33:58 +0800] "POST /xingrg/kc/buy/cgsh_order_operate.html HTTP/1.1" 200 620
180.169.147.146 - - [18/Jul/2021:10:33:58 +0800] "GET /xingrg/all/function/internal_message.html?_=1626575638664&CODE_STATE=getMsg HTTP/1.1" 200 27
180.174.226.65 - - [18/Jul/2021:10:33:59 +0800] "GET /xingrg/kc/print/load_data.html?order_code=212021071808157&kc_code=cgsh&condition= HTTP/1.1" 200 787
101.83.145.79 - - [18/Jul/2021:10:34:00 +0800] "GET /xingrg/all/function/internal_message.html?_=1626575642174&CODE_STATE=getMsg HTTP/1.1" 200 27
58.37.225.51 - - [18/Jul/2021:10:34:00 +0800] "GET /xingrg/all/function/internal_message.html?_=1626575553540&CODE_STATE=getMsg HTTP/1.1" 200 27
101.83.145.79 - - [18/Jul/2021:10:34:01 +0800] "GET /xingrg/check_reg.html?_=1626575643853 HTTP/1.1" 200 71
58.37.225.51 - - [18/Jul/2021:10:34:03 +0800] "GET /xingrg/kc/buy/cgsh_order_operate.html?command=get_materiel&rest_code=00141&code=00101008352&supplier_code=00100007&order_time=2021-07-18 HTTP/1.1" 200 412
101.83.145.79 - - [18/Jul/2021:10:34:04 +0800] "GET /xingrg/kc/buy/cgsh_order_operate.html?command=get_materiel&rest_code=00105&code=00101009011&supplier_code=00100024&order_time=2021-07-18 HTTP/1.1" 200 416
116.230.110.80 - - [18/Jul/2021:10:34:05 +0800] "GET /xingrg/kc/buy/cgsh_order_operate.html?command=get_materiel&rest_code=00155&code=00101008318&supplier_code=00100005&order_time=2021-07-18 HTTP/1.1" 200 408
