222.70.176.145 - - [17/Jul/2021:09:23:04 +0800] "GET /xingrg/check_reg.html?_=1626484976367 HTTP/1.1" 200 71
101.83.145.79 - - [17/Jul/2021:09:23:04 +0800] "GET /xingrg/kc/buy/cgsh_order_operate.html?command=get_materiel&rest_code=00105&code=00101007021&supplier_code=00100002&order_time=2021-07-17 HTTP/1.1" 200 408
180.156.224.123 - - [17/Jul/2021:09:23:08 +0800] "GET /xingrg/all/function/internal_message.html?_=1626484983851&CODE_STATE=getMsg HTTP/1.1" 200 27
180.156.224.123 - - [17/Jul/2021:09:23:08 +0800] "GET /xingrg/check_reg.html?_=1626484983854 HTTP/1.1" 200 71
101.83.145.79 - - [17/Jul/2021:09:23:11 +0800] "GET /xingrg/kc/buy/cgsh_order_operate.html?command=get_materiel&rest_code=00105&code=00101007020&supplier_code=00100002&order_time=2021-07-17 HTTP/1.1" 200 408
180.156.224.123 - - [17/Jul/2021:09:23:14 +0800] "GET /xingrg/all/function/internal_message.html?_=1626484967274&CODE_STATE=getMsg HTTP/1.1" 200 27
58.40.7.146 - - [17/Jul/2021:09:23:16 +0800] "GET /xingrg/check_reg.html?_=1626484991932 HTTP/1.1" 200 71
58.40.7.146 - - [17/Jul/2021:09:23:16 +0800] "GET /xingrg/all/function/internal_message.html?_=1626484991933&CODE_STATE=getMsg HTTP/1.1" 200 27
183.192.94.21 - - [17/Jul/2021:09:23:20 +0800] "GET /xingrg/all/function/internal_message.html?_=1626485001305&CODE_STATE=getMsg HTTP/1.1" 302 -
222.70.175.207 - - [17/Jul/2021:09:23:28 +0800] "GET /xingrg/all/function/internal_message.html?_=1626485015808&CODE_STATE=getMsg HTTP/1.1" 200 27
114.83.222.173 - - [17/Jul/2021:09:23:29 +0800] "GET /xingrg/kc/buy/cgsh_order_add.html HTTP/1.1" 200 62779
114.83.222.173 - - [17/Jul/2021:09:23:29 +0800] "GET /xingrg/javascript/easyui/themes/default/validatebox.css HTTP/1.1" 404 1104
114.83.222.173 - - [17/Jul/2021:09:23:29 +0800] "POST /xingrg/kc/buy/cgsh_order_operate.html HTTP/1.1" 200 8245
180.174.226.65 - - [17/Jul/2021:09:23:31 +0800] "POST /xingrg/services/DataTransmitService HTTP/1.1" 200 524
222.70.176.145 - - [17/Jul/2021:09:23:37 +0800] "GET /xingrg/all/function/internal_message.html?_=1626484938445&CODE_STATE=getMsg HTTP/1.1" 302 -
114.83.222.173 - - [17/Jul/2021:09:23:39 +0800] "GET /xingrg/all/function/internal_message.html?_=1626485014027&CODE_STATE=getMsg HTTP/1.1" 200 27
114.83.222.173 - - [17/Jul/2021:09:23:39 +0800] "GET /xingrg/check_reg.html?_=1626485014034 HTTP/1.1" 200 71
180.169.147.146 - - [17/Jul/2021:09:23:42 +0800] "GET /xingrg/all/function/internal_message.html?_=1626485026492&CODE_STATE=getMsg HTTP/1.1" 200 27
114.83.222.173 - - [17/Jul/2021:09:23:45 +0800] "GET /xingrg/kc/mdqp/qqps_order_list.html HTTP/1.1" 200 9222
114.83.222.173 - - [17/Jul/2021:09:23:45 +0800] "GET /xingrg/dwr/interface/AjaxQqpsService.js HTTP/1.1" 200 16326
114.83.222.173 - - [17/Jul/2021:09:23:45 +0800] "GET /xingrg/javascript/ToolTips.js HTTP/1.1" 200 5615
114.83.222.173 - - [17/Jul/2021:09:23:45 +0800] "GET /xingrg/dwr/interface/AjaxReportQueryService.js HTTP/1.1" 200 13203
114.83.222.173 - - [17/Jul/2021:09:23:45 +0800] "GET /xingrg/javascript/myfunction.js HTTP/1.1" 200 24559
114.83.222.173 - - [17/Jul/2021:09:23:45 +0800] "GET /xingrg/javascript/Calendar.js HTTP/1.1" 200 31561
114.83.222.173 - - [17/Jul/2021:09:23:45 +0800] "GET /xingrg/dwr/util.js HTTP/1.1" 200 35990
114.83.222.173 - - [17/Jul/2021:09:23:46 +0800] "GET /xingrg/dwr/engine.js HTTP/1.1" 200 43631
114.83.222.173 - - [17/Jul/2021:09:23:46 +0800] "GET /xingrg/javascript/jquery_easy_ui/themes/icons/uncheck_new.png HTTP/1.1" 200 3197
114.83.222.173 - - [17/Jul/2021:09:23:46 +0800] "GET /xingrg/javascript/jquery_easy_ui/themes/icons/cance_new.png HTTP/1.1" 200 3986
114.83.222.173 - - [17/Jul/2021:09:23:46 +0800] "GET /xingrg/javascript/jquery_easy_ui/themes/icons/edit_add_new.png HTTP/1.1" 200 2997
114.83.222.173 - - [17/Jul/2021:09:23:46 +0800] "GET /xingrg/javascript/jquery_easy_ui/themes/icons/check_new.png HTTP/1.1" 200 3224
114.83.222.173 - - [17/Jul/2021:09:23:46 +0800] "GET /xingrg/javascript/jquery_easy_ui/themes/default/images/button_plain_hover.png HTTP/1.1" 200 252
114.83.222.173 - - [17/Jul/2021:09:23:47 +0800] "GET /xingrg/kc/mdqp/qqps_order_add.html HTTP/1.1" 200 28241
114.83.222.173 - - [17/Jul/2021:09:23:47 +0800] "GET /xingrg/dwr/interface/AjaxQqpsService.js HTTP/1.1" 200 16326
114.83.222.173 - - [17/Jul/2021:09:23:47 +0800] "GET /xingrg/dwr/interface/AjaxComOrderService.js HTTP/1.1" 200 18264
114.83.222.173 - - [17/Jul/2021:09:23:47 +0800] "GET /xingrg/javascript/tools/jquery.qtip-1.0.0-rc3.min.js HTTP/1.1" 200 38404
114.83.222.173 - - [17/Jul/2021:09:23:47 +0800] "GET /xingrg/dwr/engine.js HTTP/1.1" 200 43631
114.83.222.173 - - [17/Jul/2021:09:23:47 +0800] "GET /xingrg/javascript/AjaxInfoList.js HTTP/1.1" 200 3774
114.83.222.173 - - [17/Jul/2021:09:23:47 +0800] "GET /xingrg/javascript/Grid.js HTTP/1.1" 200 58908
114.83.222.173 - - [17/Jul/2021:09:23:47 +0800] "GET /xingrg/javascript/jquery_easy_ui/themes/icons/template_new.png HTTP/1.1" 200 3956
114.83.222.173 - - [17/Jul/2021:09:23:47 +0800] "GET /xingrg/javascript/jquery_easy_ui/themes/icons/copy_new.png HTTP/1.1" 200 815
114.83.222.173 - - [17/Jul/2021:09:23:47 +0800] "GET /xingrg/javascript/jquery_easy_ui/themes/icons/ok.png HTTP/1.1" 200 883
114.83.222.173 - - [17/Jul/2021:09:23:47 +0800] "GET /xingrg/javascript/jquery_easy_ui/themes/icons/print.png HTTP/1.1" 200 1057
114.83.222.173 - - [17/Jul/2021:09:23:47 +0800] "GET /xingrg/javascript/jquery_easy_ui/themes/default/images/menu_downarrow.png HTTP/1.1" 200 173
114.83.222.173 - - [17/Jul/2021:09:23:47 +0800] "GET /xingrg/javascript/jquery_easy_ui/themes/icons/back_new.png HTTP/1.1" 200 3414
114.83.222.173 - - [17/Jul/2021:09:23:47 +0800] "GET /xingrg/images/blue/button/kc_tab_add.gif HTTP/1.1" 200 375
114.83.222.173 - - [17/Jul/2021:09:23:47 +0800] "GET /xingrg/images/blue/button/kc_tab_edit.gif HTTP/1.1" 200 551
114.83.222.173 - - [17/Jul/2021:09:23:47 +0800] "GET /xingrg/images/blue/button/kc_tab_del.gif HTTP/1.1" 200 383
114.83.222.173 - - [17/Jul/2021:09:23:47 +0800] "GET /xingrg/images/blue/button/kc_tab_save.gif HTTP/1.1" 200 777
114.83.222.173 - - [17/Jul/2021:09:23:47 +0800] "GET /xingrg/javascript/jquery_easy_ui/themes/default/images/combo_arrow_dot.gif HTTP/1.1" 200 79
114.83.222.173 - - [17/Jul/2021:09:23:47 +0800] "GET /xingrg/images/blue/kc_tab_left.gif HTTP/1.1" 200 188
114.83.222.173 - - [17/Jul/2021:09:23:47 +0800] "GET /xingrg/images/blue/kc_tab_mid.gif HTTP/1.1" 200 44
114.83.222.173 - - [17/Jul/2021:09:23:47 +0800] "GET /xingrg/images/blue/kc_tab2_right.gif HTTP/1.1" 200 192
114.83.222.173 - - [17/Jul/2021:09:23:47 +0800] "GET /xingrg/images/blue/kc_tab2_left.gif HTTP/1.1" 200 625
114.83.222.173 - - [17/Jul/2021:09:23:47 +0800] "GET /xingrg/images/blue/kc_tab_right.gif HTTP/1.1" 200 643
101.83.145.79 - - [17/Jul/2021:09:23:52 +0800] "GET /xingrg/kc/buy/cgsh_order_operate.html?command=get_materiel&rest_code=00105&code=00101007128&supplier_code=00100002&order_time=2021-07-17 HTTP/1.1" 200 406
114.83.222.173 - - [17/Jul/2021:09:23:59 +0800] "GET /xingrg/images/blue/wait.gif HTTP/1.1" 200 1100
114.83.222.173 - - [17/Jul/2021:09:23:59 +0800] "POST /xingrg/dwr/call/plaincall/AjaxQqpsService.saveOrder.dwr HTTP/1.1" 200 78
101.83.145.79 - - [17/Jul/2021:09:24:00 +0800] "GET /xingrg/all/function/internal_message.html?_=1626485037392&CODE_STATE=getMsg HTTP/1.1" 200 27
114.83.222.173 - - [17/Jul/2021:09:24:02 +0800] "POST /xingrg/dwr/call/plaincall/AjaxQqpsService.getMaterielByCode.dwr HTTP/1.1" 200 2725
116.230.110.80 - - [17/Jul/2021:09:24:03 +0800] "GET /xingrg/all/function/internal_message.html?_=1626485036801&CODE_STATE=getMsg HTTP/1.1" 200 27
222.70.176.145 - - [17/Jul/2021:09:24:04 +0800] "GET /xingrg/all/function/internal_message.html?_=1626485036368&CODE_STATE=getMsg HTTP/1.1" 200 27
114.83.222.173 - - [17/Jul/2021:09:24:04 +0800] "POST /xingrg/dwr/call/plaincall/AjaxQqpsService.saveMaterielItem.dwr HTTP/1.1" 200 78
101.83.145.79 - - [17/Jul/2021:09:24:04 +0800] "GET /xingrg/kc/buy/cgsh_order_operate.html?command=get_materiel&rest_code=00105&code=00101007061&supplier_code=00100002&order_time=2021-07-17 HTTP/1.1" 200 409
114.83.222.173 - - [17/Jul/2021:09:24:07 +0800] "POST /xingrg/dwr/call/plaincall/AjaxQqpsService.checkOrder.dwr HTTP/1.1" 200 78
180.156.224.123 - - [17/Jul/2021:09:24:08 +0800] "GET /xingrg/all/function/internal_message.html?_=1626485043852&CODE_STATE=getMsg HTTP/1.1" 200 27
114.83.222.173 - - [17/Jul/2021:09:24:08 +0800] "GET /xingrg/kc/mdqp/qqps_order_info.html?code=302021071700365 HTTP/1.1" 200 26644
114.83.222.173 - - [17/Jul/2021:09:24:08 +0800] "GET /xingrg/dwr/interface/AjaxQqpsService.js HTTP/1.1" 200 16326
114.83.222.173 - - [17/Jul/2021:09:24:08 +0800] "GET /xingrg/dwr/interface/AjaxComOrderService.js HTTP/1.1" 200 18264
114.83.222.173 - - [17/Jul/2021:09:24:08 +0800] "GET /xingrg/dwr/engine.js HTTP/1.1" 200 43631
114.83.222.173 - - [17/Jul/2021:09:24:09 +0800] "POST /xingrg/dwr/call/plaincall/AjaxQqpsService.loadMaterielItems.dwr HTTP/1.1" 200 391
114.83.222.173 - - [17/Jul/2021:09:24:11 +0800] "GET /xingrg/javascript/jquery_easy_ui/themes/default/images/tabs_active.png HTTP/1.1" 200 2894
180.156.224.123 - - [17/Jul/2021:09:24:14 +0800] "GET /xingrg/all/function/internal_message.html?_=1626485027342&CODE_STATE=getMsg HTTP/1.1" 200 27
114.83.222.173 - - [17/Jul/2021:09:24:14 +0800] "GET /xingrg/kc/mdqp/qqps_order_list.html?isBack=1 HTTP/1.1" 200 9677
114.83.222.173 - - [17/Jul/2021:09:24:14 +0800] "GET /xingrg/dwr/interface/AjaxQqpsService.js HTTP/1.1" 200 16326
114.83.222.173 - - [17/Jul/2021:09:24:14 +0800] "GET /xingrg/dwr/interface/AjaxReportQueryService.js HTTP/1.1" 200 13203
114.83.222.173 - - [17/Jul/2021:09:24:14 +0800] "GET /xingrg/dwr/engine.js HTTP/1.1" 200 43631
58.40.7.146 - - [17/Jul/2021:09:24:16 +0800] "GET /xingrg/all/function/internal_message.html?_=1626485051936&CODE_STATE=getMsg HTTP/1.1" 200 27
101.83.145.79 - - [17/Jul/2021:09:24:18 +0800] "GET /xingrg/kc/buy/cgsh_order_operate.html?command=get_materiel&rest_code=00105&code=00101007081&supplier_code=00100002&order_time=2021-07-17 HTTP/1.1" 200 413
183.192.94.21 - - [17/Jul/2021:09:24:20 +0800] "GET /xingrg/all/function/internal_message.html?_=1626485061305&CODE_STATE=getMsg HTTP/1.1" 302 -
222.70.175.207 - - [17/Jul/2021:09:24:28 +0800] "GET /xingrg/all/function/internal_message.html?_=1626485075821&CODE_STATE=getMsg HTTP/1.1" 200 27
222.70.176.145 - - [17/Jul/2021:09:24:37 +0800] "GET /xingrg/check_reg.html?_=1626484998445 HTTP/1.1" 302 -
222.70.176.145 - - [17/Jul/2021:09:24:37 +0800] "GET /xingrg/all/function/internal_message.html?_=1626484998447&CODE_STATE=getMsg HTTP/1.1" 302 -
114.83.222.173 - - [17/Jul/2021:09:24:39 +0800] "GET /xingrg/all/function/internal_message.html?_=1626485074029&CODE_STATE=getMsg HTTP/1.1" 200 27
180.169.147.146 - - [17/Jul/2021:09:24:42 +0800] "GET /xingrg/check_reg.html?_=1626485086496 HTTP/1.1" 200 71
180.169.147.146 - - [17/Jul/2021:09:24:42 +0800] "GET /xingrg/all/function/internal_message.html?_=1626485086493&CODE_STATE=getMsg HTTP/1.1" 200 27
222.70.176.145 - - [17/Jul/2021:09:24:45 +0800] "POST /xingrg/kc/buy/cgsh_order_operate.html HTTP/1.1" 200 37
101.83.145.79 - - [17/Jul/2021:09:24:47 +0800] "GET /xingrg/kc/buy/cgsh_order_operate.html?command=get_materiel&rest_code=00105&code=00101007048&supplier_code=00100002&order_time=2021-07-17 HTTP/1.1" 200 408
222.70.176.145 - - [17/Jul/2021:09:24:47 +0800] "POST /xingrg/kc/buy/cgsh_order_operate.html HTTP/1.1" 200 44080
222.70.176.145 - - [17/Jul/2021:09:24:49 +0800] "GET /xingrg/kc/print/load_config.html?kc_code=cgsh HTTP/1.1" 200 1845
222.70.176.145 - - [17/Jul/2021:09:24:49 +0800] "GET /xingrg/kc/print/load_data.html?order_code=212021071707601&kc_code=cgsh&condition= HTTP/1.1" 200 16377
58.40.7.146 - - [17/Jul/2021:09:24:50 +0800] "GET /xingrg/check_reg.html?_=1626485085859 HTTP/1.1" 302 -
222.70.176.145 - - [17/Jul/2021:09:24:55 +0800] "GET /xingrg/kc/buy/cgsh_order_add.html HTTP/1.1" 200 62726
222.70.176.145 - - [17/Jul/2021:09:24:55 +0800] "POST /xingrg/kc/buy/cgsh_order_operate.html HTTP/1.1" 200 8245
222.70.176.145 - - [17/Jul/2021:09:24:59 +0800] "GET /xingrg/javascript/easyui/themes/default/validatebox.css HTTP/1.1" 404 1104
101.83.145.79 - - [17/Jul/2021:09:25:00 +0800] "GET /xingrg/all/function/internal_message.html?_=1626485097406&CODE_STATE=getMsg HTTP/1.1" 200 27
116.230.110.80 - - [17/Jul/2021:09:25:03 +0800] "GET /xingrg/all/function/internal_message.html?_=1626485096786&CODE_STATE=getMsg HTTP/1.1" 200 27
222.70.176.145 - - [17/Jul/2021:09:25:04 +0800] "GET /xingrg/all/function/internal_message.html?_=1626485096381&CODE_STATE=getMsg HTTP/1.1" 200 27
180.156.224.123 - - [17/Jul/2021:09:25:08 +0800] "GET /xingrg/all/function/internal_message.html?_=1626485103851&CODE_STATE=getMsg HTTP/1.1" 200 27
180.156.224.123 - - [17/Jul/2021:09:25:14 +0800] "GET /xingrg/all/function/internal_message.html?_=1626485087348&CODE_STATE=getMsg HTTP/1.1" 200 27
58.40.7.146 - - [17/Jul/2021:09:25:16 +0800] "GET /xingrg/all/function/internal_message.html?_=1626485111924&CODE_STATE=getMsg HTTP/1.1" 200 27
183.192.94.21 - - [17/Jul/2021:09:25:20 +0800] "GET /xingrg/check_reg.html?_=1626485121306 HTTP/1.1" 302 -
183.192.94.21 - - [17/Jul/2021:09:25:20 +0800] "GET /xingrg/all/function/internal_message.html?_=1626485121307&CODE_STATE=getMsg HTTP/1.1" 302 -
222.70.176.145 - - [17/Jul/2021:09:25:21 +0800] "GET /xingrg/kc/buy/cgsh_order_operate.html?command=get_materiel&rest_code=00111&code=00101013170&supplier_code=00100037&order_time=2021-07-17 HTTP/1.1" 200 409
180.156.224.123 - - [17/Jul/2021:09:25:24 +0800] "GET /xingrg/kc/buy/cgsh_order_add.html HTTP/1.1" 200 62662
180.156.224.123 - - [17/Jul/2021:09:25:25 +0800] "POST /xingrg/kc/buy/cgsh_order_operate.html HTTP/1.1" 200 8245
180.156.224.123 - - [17/Jul/2021:09:25:25 +0800] "GET /xingrg/javascript/easyui/themes/default/validatebox.css HTTP/1.1" 404 1104
222.70.175.207 - - [17/Jul/2021:09:25:28 +0800] "GET /xingrg/all/function/internal_message.html?_=1626485135907&CODE_STATE=getMsg HTTP/1.1" 200 27
180.156.224.123 - - [17/Jul/2021:09:25:33 +0800] "GET /xingrg/kc/buy/cgsh_order_operate.html?command=get_materiel&rest_code=00150&code=00101015076&supplier_code=00100054&order_time=2021-07-17 HTTP/1.1" 200 416
222.70.176.145 - - [17/Jul/2021:09:25:36 +0800] "GET /xingrg/kc/buy/cgsh_order_operate.html?command=get_materiel&rest_code=00111&code=00101016025&supplier_code=00100037&order_time=2021-07-17 HTTP/1.1" 200 408
222.70.176.145 - - [17/Jul/2021:09:25:37 +0800] "GET /xingrg/all/function/internal_message.html?_=1626485058445&CODE_STATE=getMsg HTTP/1.1" 302 -
114.83.222.173 - - [17/Jul/2021:09:25:39 +0800] "GET /xingrg/all/function/internal_message.html?_=1626485134029&CODE_STATE=getMsg HTTP/1.1" 200 27
180.156.224.123 - - [17/Jul/2021:09:25:41 +0800] "GET /xingrg/kc/buy/cgsh_order_operate.html?command=get_materiel&rest_code=00150&code=00101015016&supplier_code=00100054&order_time=2021-07-17 HTTP/1.1" 200 412
180.169.147.146 - - [17/Jul/2021:09:25:42 +0800] "GET /xingrg/all/function/internal_message.html?_=1626485146501&CODE_STATE=getMsg HTTP/1.1" 200 27
222.70.176.145 - - [17/Jul/2021:09:25:44 +0800] "GET /xingrg/kc/buy/cgsh_order_operate.html?command=get_materiel&rest_code=00111&code=00101008109&supplier_code=00100037&order_time=2021-07-17 HTTP/1.1" 200 413
101.83.145.79 - - [17/Jul/2021:09:25:48 +0800] "POST /xingrg/kc/buy/cgsh_order_operate.html HTTP/1.1" 200 37
101.83.145.79 - - [17/Jul/2021:09:25:49 +0800] "POST /xingrg/kc/buy/cgsh_order_operate.html HTTP/1.1" 200 6189
101.83.145.79 - - [17/Jul/2021:09:25:50 +0800] "GET /xingrg/kc/print/load_data.html?order_code=212021071707603&kc_code=cgsh&condition= HTTP/1.1" 200 2073
180.156.224.123 - - [17/Jul/2021:09:25:52 +0800] "GET /xingrg/kc/buy/cgsh_order_operate.html?command=get_materiel&rest_code=00150&code=00101015062&supplier_code=00100054&order_time=2021-07-17 HTTP/1.1" 200 412
222.70.176.145 - - [17/Jul/2021:09:25:54 +0800] "GET /xingrg/kc/buy/cgsh_order_operate.html?command=get_materiel&rest_code=00111&code=00101008257&supplier_code=00100037&order_time=2021-07-17 HTTP/1.1" 200 416
101.83.145.79 - - [17/Jul/2021:09:25:54 +0800] "GET /xingrg/kc/buy/cgsh_order_add.html HTTP/1.1" 200 62773
101.83.145.79 - - [17/Jul/2021:09:25:54 +0800] "POST /xingrg/kc/buy/cgsh_order_operate.html HTTP/1.1" 200 8245
101.83.145.79 - - [17/Jul/2021:09:25:54 +0800] "GET /xingrg/javascript/easyui/themes/default/validatebox.css HTTP/1.1" 404 1104
101.83.145.79 - - [17/Jul/2021:09:26:00 +0800] "GET /xingrg/all/function/internal_message.html?_=1626485157340&CODE_STATE=getMsg HTTP/1.1" 200 27
116.230.110.80 - - [17/Jul/2021:09:26:03 +0800] "GET /xingrg/all/function/internal_message.html?_=1626485156787&CODE_STATE=getMsg HTTP/1.1" 200 27
180.156.224.123 - - [17/Jul/2021:09:26:03 +0800] "GET /xingrg/kc/buy/cgsh_order_operate.html?command=get_materiel&rest_code=00150&code=00101015022&supplier_code=00100054&order_time=2021-07-17 HTTP/1.1" 200 408
222.70.176.145 - - [17/Jul/2021:09:26:04 +0800] "GET /xingrg/all/function/internal_message.html?_=1626485156382&CODE_STATE=getMsg HTTP/1.1" 200 27
222.70.176.145 - - [17/Jul/2021:09:26:05 +0800] "GET /xingrg/kc/buy/cgsh_order_operate.html?command=get_materiel&rest_code=00111&code=00101011001&supplier_code=00100037&order_time=2021-07-17 HTTP/1.1" 200 423
101.83.145.79 - - [17/Jul/2021:09:26:06 +0800] "GET /xingrg/kc/buy/cgsh_order_operate.html?command=get_materiel&rest_code=00105&code=00101012026&supplier_code=00100034&order_time=2021-07-17 HTTP/1.1" 200 408
180.156.224.123 - - [17/Jul/2021:09:26:08 +0800] "GET /xingrg/all/function/internal_message.html?_=1626485163856&CODE_STATE=getMsg HTTP/1.1" 200 27
180.156.224.123 - - [17/Jul/2021:09:26:10 +0800] "GET /xingrg/kc/buy/cgsh_order_operate.html?command=get_materiel&rest_code=00150&code=00101015021&supplier_code=00100054&order_time=2021-07-17 HTTP/1.1" 200 408
180.156.224.123 - - [17/Jul/2021:09:26:14 +0800] "GET /xingrg/check_reg.html?_=1626485146910 HTTP/1.1" 200 71
180.156.224.123 - - [17/Jul/2021:09:26:14 +0800] "GET /xingrg/all/function/internal_message.html?_=1626485147362&CODE_STATE=getMsg HTTP/1.1" 200 27
58.40.7.146 - - [17/Jul/2021:09:26:16 +0800] "GET /xingrg/all/function/internal_message.html?_=1626485171927&CODE_STATE=getMsg HTTP/1.1" 200 27
101.83.145.79 - - [17/Jul/2021:09:26:16 +0800] "GET /xingrg/kc/buy/cgsh_order_operate.html?command=get_materiel&rest_code=00105&code=00101016025&supplier_code=00100034&order_time=2021-07-17 HTTP/1.1" 200 408
222.70.176.145 - - [17/Jul/2021:09:26:17 +0800] "GET /xingrg/kc/buy/cgsh_order_operate.html?command=get_materiel&rest_code=00111&code=00101004089&supplier_code=00100037&order_time=2021-07-17 HTTP/1.1" 200 391
116.230.110.80 - - [17/Jul/2021:09:26:18 +0800] "GET /xingrg/check_reg.html?_=1626485172261 HTTP/1.1" 200 71
180.156.224.123 - - [17/Jul/2021:09:26:19 +0800] "POST /xingrg/kc/buy/cgsh_order_operate.html HTTP/1.1" 200 37
183.192.94.21 - - [17/Jul/2021:09:26:20 +0800] "GET /xingrg/all/function/internal_message.html?_=1626485181307&CODE_STATE=getMsg HTTP/1.1" 302 -
120.204.56.76 - - [17/Jul/2021:09:26:21 +0800] "GET /xingrg HTTP/1.1" 302 -
120.204.56.76 - - [17/Jul/2021:09:26:21 +0800] "GET /xingrg/index.html HTTP/1.1" 302 -
120.204.56.76 - - [17/Jul/2021:09:26:21 +0800] "GET /xingrg/login.html HTTP/1.1" 200 2139
120.204.56.76 - - [17/Jul/2021:09:26:22 +0800] "GET /favicon.ico HTTP/1.1" 404 -
180.156.224.123 - - [17/Jul/2021:09:26:22 +0800] "POST /xingrg/kc/buy/cgsh_order_operate.html HTTP/1.1" 200 12
180.156.224.123 - - [17/Jul/2021:09:26:23 +0800] "GET /xingrg/kc/buy/cgsh_order_info.html?code=212021071707604 HTTP/1.1" 200 57572
180.156.224.123 - - [17/Jul/2021:09:26:23 +0800] "GET /xingrg/javascript/easyui/themes/default/validatebox.css HTTP/1.1" 404 1104
120.204.56.76 - - [17/Jul/2021:09:26:24 +0800] "POST /xingrg/login.do HTTP/1.1" 302 -
120.204.56.76 - - [17/Jul/2021:09:26:24 +0800] "GET /xingrg/index_mobile.html?sysBaseUrl=http%3A%2F%2F180.169.147.146%3A18081%2Fxingrg%2F&costTime=41×tamp=1626485184178 HTTP/1.1" 200 3182
180.156.224.123 - - [17/Jul/2021:09:26:24 +0800] "POST /xingrg/kc/buy/cgsh_order_operate.html HTTP/1.1" 200 2963
120.204.56.76 - - [17/Jul/2021:09:26:24 +0800] "GET /favicon.ico HTTP/1.1" 404 -
120.204.56.76 - - [17/Jul/2021:09:26:25 +0800] "GET /xingrg/dma/mobile/column_pie.html?type=yyfx&title=%D3%AA%D2%B5%B7%D6%CE%F6 HTTP/1.1" 200 10245
120.204.56.76 - - [17/Jul/2021:09:26:25 +0800] "GET /favicon.ico HTTP/1.1" 404 -
120.204.56.76 - - [17/Jul/2021:09:26:25 +0800] "POST /xingrg/dma/mobile/report_query.html HTTP/1.1" 200 121
180.156.224.123 - - [17/Jul/2021:09:26:28 +0800] "GET /xingrg/kc/print/load_data.html?order_code=212021071707604&kc_code=cgsh&condition= HTTP/1.1" 200 1613
222.70.175.207 - - [17/Jul/2021:09:26:28 +0800] "GET /xingrg/all/function/internal_message.html?_=1626485195911&CODE_STATE=getMsg HTTP/1.1" 200 27
222.70.176.145 - - [17/Jul/2021:09:26:32 +0800] "GET /xingrg/kc/buy/cgsh_order_operate.html?command=get_materiel&rest_code=00111&code=00101012051&supplier_code=00100037&order_time=2021-07-17 HTTP/1.1" 200 408
120.204.56.76 - - [17/Jul/2021:09:26:32 +0800] "POST /xingrg/dma/mobile/report_query.html HTTP/1.1" 200 516
222.70.176.145 - - [17/Jul/2021:09:26:37 +0800] "GET /xingrg/all/function/internal_message.html?_=1626485118445&CODE_STATE=getMsg HTTP/1.1" 302 -
114.83.222.173 - - [17/Jul/2021:09:26:39 +0800] "GET /xingrg/all/function/internal_message.html?_=1626485194037&CODE_STATE=getMsg HTTP/1.1" 200 27
180.169.147.146 - - [17/Jul/2021:09:26:42 +0800] "GET /xingrg/all/function/internal_message.html?_=1626485206504&CODE_STATE=getMsg HTTP/1.1" 200 27
222.70.176.145 - - [17/Jul/2021:09:26:52 +0800] "GET /xingrg/kc/buy/cgsh_order_operate.html?command=get_materiel&rest_code=00111&code=00101008205&supplier_code=00100037&order_time=2021-07-17 HTTP/1.1" 200 412
101.83.145.79 - - [17/Jul/2021:09:26:58 +0800] "GET /xingrg/kc/buy/cgsh_order_operate.html?command=get_materiel&rest_code=00105&code=00101012025&supplier_code=00100034&order_time=2021-07-17 HTTP/1.1" 200 412
101.83.145.79 - - [17/Jul/2021:09:26:59 +0800] "GET /xingrg/check_reg.html?_=1626485217165 HTTP/1.1" 200 71
101.83.145.79 - - [17/Jul/2021:09:26:59 +0800] "GET /xingrg/all/function/internal_message.html?_=1626485217317&CODE_STATE=getMsg HTTP/1.1" 200 27
116.230.110.80 - - [17/Jul/2021:09:27:03 +0800] "GET /xingrg/all/function/internal_message.html?_=1626485216769&CODE_STATE=getMsg HTTP/1.1" 200 27
222.70.176.145 - - [17/Jul/2021:09:27:04 +0800] "GET /xingrg/all/function/internal_message.html?_=1626485216387&CODE_STATE=getMsg HTTP/1.1" 200 27
180.156.224.123 - - [17/Jul/2021:09:27:08 +0800] "GET /xingrg/all/function/internal_message.html?_=1626485223867&CODE_STATE=getMsg HTTP/1.1" 200 27
180.169.147.146 - - [17/Jul/2021:09:27:13 +0800] "GET /xingrg/check_reg.html?_=1626485228548 HTTP/1.1" 302 -
180.156.224.123 - - [17/Jul/2021:09:27:14 +0800] "GET /xingrg/all/function/internal_message.html?_=1626485207445&CODE_STATE=getMsg HTTP/1.1" 200 27
58.40.7.146 - - [17/Jul/2021:09:27:16 +0800] "GET /xingrg/all/function/internal_message.html?_=1626485231930&CODE_STATE=getMsg HTTP/1.1" 200 27
183.192.94.21 - - [17/Jul/2021:09:27:20 +0800] "GET /xingrg/all/function/internal_message.html?_=1626485241323&CODE_STATE=getMsg HTTP/1.1" 302 -
101.83.145.79 - - [17/Jul/2021:09:27:24 +0800] "GET /xingrg/kc/buy/cgsh_order_operate.html?command=get_materiel&rest_code=00105&code=00101016071&supplier_code=00100034&order_time=2021-07-17 HTTP/1.1" 200 416
222.70.175.207 - - [17/Jul/2021:09:27:27 +0800] "GET /xingrg/check_reg.html?_=1626485254796 HTTP/1.1" 200 71
222.70.175.207 - - [17/Jul/2021:09:27:28 +0800] "GET /xingrg/all/function/internal_message.html?_=1626485255925&CODE_STATE=getMsg HTTP/1.1" 200 27
101.83.145.79 - - [17/Jul/2021:09:27:32 +0800] "GET /xingrg/kc/buy/cgsh_order_operate.html?command=get_materiel&rest_code=00105&code=00101016030&supplier_code=00100034&order_time=2021-07-17 HTTP/1.1" 200 412
222.70.176.145 - - [17/Jul/2021:09:27:37 +0800] "GET /xingrg/all/function/internal_message.html?_=1626485178445&CODE_STATE=getMsg HTTP/1.1" 302 -
101.83.145.79 - - [17/Jul/2021:09:27:39 +0800] "POST /xingrg/kc/buy/cgsh_order_operate.html HTTP/1.1" 200 37
114.83.222.173 - - [17/Jul/2021:09:27:39 +0800] "GET /xingrg/kc/buy/cgsh_order_operate.html?command=get_materiel&rest_code=00149&code=00101004017&supplier_code=00100083&order_time=2021-07-17 HTTP/1.1" 200 413
114.83.222.173 - - [17/Jul/2021:09:27:39 +0800] "GET /xingrg/all/function/internal_message.html?_=1626485254041&CODE_STATE=getMsg HTTP/1.1" 200 27
101.83.145.79 - - [17/Jul/2021:09:27:40 +0800] "POST /xingrg/kc/buy/cgsh_order_operate.html HTTP/1.1" 200 5017
101.83.145.79 - - [17/Jul/2021:09:27:41 +0800] "GET /xingrg/kc/print/load_data.html?order_code=212021071707605&kc_code=cgsh&condition= HTTP/1.1" 200 1607
180.169.147.146 - - [17/Jul/2021:09:27:42 +0800] "GET /xingrg/all/function/internal_message.html?_=1626485266505&CODE_STATE=getMsg HTTP/1.1" 200 27
222.70.176.145 - - [17/Jul/2021:09:27:44 +0800] "GET /xingrg/kc/buy/cgsh_order_operate.html?command=get_materiel&rest_code=00111&code=00101019569&supplier_code=00100037&order_time=2021-07-17 HTTP/1.1" 200 414
101.83.145.79 - - [17/Jul/2021:09:27:46 +0800] "GET /xingrg/kc/base/wldb_order_list.html HTTP/1.1" 200 19145
101.83.145.79 - - [17/Jul/2021:09:27:46 +0800] "POST /xingrg/kc/base/wldb_list_operate.html HTTP/1.1" 200 928
114.83.222.173 - - [17/Jul/2021:09:27:48 +0800] "GET /xingrg/kc/buy/cgsh_order_operate.html?command=get_materiel&rest_code=00149&code=00101004048&supplier_code=00100083&order_time=2021-07-17 HTTP/1.1" 200 417
101.83.145.79 - - [17/Jul/2021:09:27:50 +0800] "GET /xingrg/kc/buy/cgsh_order_list.html HTTP/1.1" 200 46988
101.83.145.79 - - [17/Jul/2021:09:27:51 +0800] "POST /xingrg/kc/buy/cgsh_list_operate.html HTTP/1.1" 200 2768
101.83.145.79 - - [17/Jul/2021:09:27:52 +0800] "GET /xingrg/kc/buy/cgsh_order_add.html HTTP/1.1" 200 62773
101.83.145.79 - - [17/Jul/2021:09:27:52 +0800] "GET /xingrg/javascript/easyui/themes/default/validatebox.css HTTP/1.1" 404 1104
101.83.145.79 - - [17/Jul/2021:09:27:52 +0800] "POST /xingrg/kc/buy/cgsh_order_operate.html HTTP/1.1" 200 8245
114.83.222.173 - - [17/Jul/2021:09:27:55 +0800] "GET /xingrg/kc/buy/cgsh_order_operate.html?command=get_materiel&rest_code=00149&code=00101004011&supplier_code=00100083&order_time=2021-07-17 HTTP/1.1" 200 415
101.83.145.79 - - [17/Jul/2021:09:27:59 +0800] "GET /xingrg/all/function/internal_message.html?_=1626485277290&CODE_STATE=getMsg HTTP/1.1" 200 27
101.83.145.79 - - [17/Jul/2021:09:28:00 +0800] "GET /xingrg/kc/buy/cgsh_order_operate.html?command=get_materiel&rest_code=00105&code=00101002027&supplier_code=00100397&order_time=2021-07-17 HTTP/1.1" 200 433
116.230.110.80 - - [17/Jul/2021:09:28:02 +0800] "GET /xingrg/all/function/internal_message.html?_=1626485276740&CODE_STATE=getMsg HTTP/1.1" 200 27
222.70.176.145 - - [17/Jul/2021:09:28:04 +0800] "GET /xingrg/all/function/internal_message.html?_=1626485276388&CODE_STATE=getMsg HTTP/1.1" 200 27
222.70.176.145 - - [17/Jul/2021:09:28:04 +0800] "GET /xingrg/check_reg.html?_=1626485276393 HTTP/1.1" 200 71
114.83.222.173 - - [17/Jul/2021:09:28:08 +0800] "GET /xingrg/kc/buy/cgsh_order_operate.html?command=get_materiel&rest_code=00149&code=00101004071&supplier_code=00100083&order_time=2021-07-17 HTTP/1.1" 200 409
180.156.224.123 - - [17/Jul/2021:09:28:08 +0800] "GET /xingrg/check_reg.html?_=1626485283874 HTTP/1.1" 200 71
180.156.224.123 - - [17/Jul/2021:09:28:08 +0800] "GET /xingrg/all/function/internal_message.html?_=1626485283878&CODE_STATE=getMsg HTTP/1.1" 200 27
180.156.224.123 - - [17/Jul/2021:09:28:14 +0800] "GET /xingrg/all/function/internal_message.html?_=1626485267452&CODE_STATE=getMsg HTTP/1.1" 200 27
58.40.7.146 - - [17/Jul/2021:09:28:16 +0800] "GET /xingrg/all/function/internal_message.html?_=1626485291933&CODE_STATE=getMsg HTTP/1.1" 200 27
58.40.7.146 - - [17/Jul/2021:09:28:16 +0800] "GET /xingrg/check_reg.html?_=1626485291935 HTTP/1.1" 200 71
183.192.94.21 - - [17/Jul/2021:09:28:20 +0800] "GET /xingrg/all/function/internal_message.html?_=1626485301325&CODE_STATE=getMsg HTTP/1.1" 302 -
114.83.222.173 - - [17/Jul/2021:09:28:23 +0800] "GET /xingrg/kc/buy/cgsh_order_operate.html?command=get_materiel&rest_code=00149&code=00101004065&supplier_code=00100083&order_time=2021-07-17 HTTP/1.1" 200 435
222.70.175.207 - - [17/Jul/2021:09:28:28 +0800] "GET /xingrg/all/function/internal_message.html?_=1626485315939&CODE_STATE=getMsg HTTP/1.1" 200 27
114.83.222.173 - - [17/Jul/2021:09:28:34 +0800] "GET /xingrg/kc/buy/cgsh_order_operate.html?command=get_materiel&rest_code=00149&code=00101004057&supplier_code=00100083&order_time=2021-07-17 HTTP/1.1" 200 429
222.70.176.145 - - [17/Jul/2021:09:28:37 +0800] "GET /xingrg/all/function/internal_message.html?_=1626485238445&CODE_STATE=getMsg HTTP/1.1" 302 -
114.83.222.173 - - [17/Jul/2021:09:28:39 +0800] "GET /xingrg/all/function/internal_message.html?_=1626485314051&CODE_STATE=getMsg HTTP/1.1" 200 27
114.83.222.173 - - [17/Jul/2021:09:28:39 +0800] "GET /xingrg/check_reg.html?_=1626485314055 HTTP/1.1" 200 71
180.169.147.146 - - [17/Jul/2021:09:28:42 +0800] "GET /xingrg/all/function/internal_message.html?_=1626485326511&CODE_STATE=getMsg HTTP/1.1" 200 27
114.83.222.173 - - [17/Jul/2021:09:28:44 +0800] "POST /xingrg/kc/buy/cgsh_order_operate.html HTTP/1.1" 200 37
114.83.222.173 - - [17/Jul/2021:09:28:50 +0800] "POST /xingrg/kc/buy/cgsh_order_operate.html HTTP/1.1" 200 12
114.83.222.173 - - [17/Jul/2021:09:28:51 +0800] "GET /xingrg/kc/buy/cgsh_order_info.html?code=212021071707606 HTTP/1.1" 200 57686
114.83.222.173 - - [17/Jul/2021:09:28:52 +0800] "GET /xingrg/javascript/easyui/themes/default/validatebox.css HTTP/1.1" 404 1104
114.83.222.173 - - [17/Jul/2021:09:28:52 +0800] "POST /xingrg/kc/buy/cgsh_order_operate.html HTTP/1.1" 200 3581
114.83.222.173 - - [17/Jul/2021:09:28:53 +0800] "GET /xingrg/kc/print/load_data.html?order_code=212021071707606&kc_code=cgsh&condition= HTTP/1.1" 200 1863
114.83.222.173 - - [17/Jul/2021:09:28:57 +0800] "GET /xingrg/kc/buy/cgsh_order_add.html HTTP/1.1" 200 62779
114.83.222.173 - - [17/Jul/2021:09:28:57 +0800] "POST /xingrg/kc/buy/cgsh_order_operate.html HTTP/1.1" 200 8245
114.83.222.173 - - [17/Jul/2021:09:28:57 +0800] "GET /xingrg/javascript/easyui/themes/default/validatebox.css HTTP/1.1" 404 1104
101.83.145.79 - - [17/Jul/2021:09:28:59 +0800] "GET /xingrg/all/function/internal_message.html?_=1626485337270&CODE_STATE=getMsg HTTP/1.1" 200 27
114.83.222.173 - - [17/Jul/2021:09:29:00 +0800] "GET /xingrg/javascript/auto/indicator.gif HTTP/1.1" 404 1066
116.230.110.80 - - [17/Jul/2021:09:29:02 +0800] "GET /xingrg/all/function/internal_message.html?_=1626485336720&CODE_STATE=getMsg HTTP/1.1" 200 27
222.70.176.145 - - [17/Jul/2021:09:29:04 +0800] "GET /xingrg/all/function/internal_message.html?_=1626485336381&CODE_STATE=getMsg HTTP/1.1" 200 27
222.70.176.145 - - [17/Jul/2021:09:29:04 +0800] "GET /xingrg/kc/buy/cgsh_order_operate.html?command=get_materiel&rest_code=00111&code=00101006056&supplier_code=00100037&order_time=2021-07-17 HTTP/1.1" 200 413
114.83.222.173 - - [17/Jul/2021:09:29:06 +0800] "GET /xingrg/javascript/jquery_tools/images/prev.gif HTTP/1.1" 404 1086
114.83.222.173 - - [17/Jul/2021:09:29:06 +0800] "GET /xingrg/javascript/jquery_tools/images/next.gif HTTP/1.1" 404 1086
180.156.224.123 - - [17/Jul/2021:09:29:08 +0800] "GET /xingrg/all/function/internal_message.html?_=1626485343877&CODE_STATE=getMsg HTTP/1.1" 200 27
180.156.224.123 - - [17/Jul/2021:09:29:14 +0800] "GET /xingrg/all/function/internal_message.html?_=1626485327535&CODE_STATE=getMsg HTTP/1.1" 200 27
58.40.7.146 - - [17/Jul/2021:09:29:16 +0800] "GET /xingrg/all/function/internal_message.html?_=1626485351939&CODE_STATE=getMsg HTTP/1.1" 200 27
222.70.176.145 - - [17/Jul/2021:09:29:17 +0800] "GET /xingrg/kc/buy/cgsh_order_operate.html?command=get_materiel&rest_code=00111&code=00101007117&supplier_code=00100037&order_time=2021-07-17 HTTP/1.1" 200 409
183.192.94.21 - - [17/Jul/2021:09:29:20 +0800] "GET /xingrg/all/function/internal_message.html?_=1626485361323&CODE_STATE=getMsg HTTP/1.1" 302 -
114.83.222.173 - - [17/Jul/2021:09:29:26 +0800] "GET /xingrg/kc/buy/cgsh_order_operate.html?command=get_materiel&rest_code=00149&code=00101011003&supplier_code=00100051&order_time=2021-07-17 HTTP/1.1" 200 413
222.70.175.207 - - [17/Jul/2021:09:29:28 +0800] "GET /xingrg/all/function/internal_message.html?_=1626485375952&CODE_STATE=getMsg HTTP/1.1" 200 27
114.83.222.173 - - [17/Jul/2021:09:29:36 +0800] "GET /xingrg/kc/buy/cgsh_order_operate.html?command=get_materiel&rest_code=00149&code=00101011005&supplier_code=00100051&order_time=2021-07-17 HTTP/1.1" 200 428
222.70.176.145 - - [17/Jul/2021:09:29:37 +0800] "GET /xingrg/check_reg.html?_=1626485298445 HTTP/1.1" 302 -
222.70.176.145 - - [17/Jul/2021:09:29:37 +0800] "GET /xingrg/all/function/internal_message.html?_=1626485298447&CODE_STATE=getMsg HTTP/1.1" 302 -
101.93.222.235 - - [17/Jul/2021:09:29:37 +0800] "GET /favicon.ico HTTP/1.1" 404 -
114.83.222.173 - - [17/Jul/2021:09:29:39 +0800] "GET /xingrg/all/function/internal_message.html?_=1626485374052&CODE_STATE=getMsg HTTP/1.1" 200 27
180.169.147.146 - - [17/Jul/2021:09:29:42 +0800] "GET /xingrg/check_reg.html?_=1626485386510 HTTP/1.1" 200 71
180.169.147.146 - - [17/Jul/2021:09:29:42 +0800] "GET /xingrg/all/function/internal_message.html?_=1626485386514&CODE_STATE=getMsg HTTP/1.1" 200 27
114.83.222.173 - - [17/Jul/2021:09:29:45 +0800] "POST /xingrg/kc/buy/cgsh_order_operate.html HTTP/1.1" 200 37
58.40.7.146 - - [17/Jul/2021:09:29:50 +0800] "GET /xingrg/check_reg.html?_=1626485385835 HTTP/1.1" 302 -
114.83.222.173 - - [17/Jul/2021:09:29:50 +0800] "POST /xingrg/kc/buy/cgsh_order_operate.html HTTP/1.1" 200 12
114.83.222.173 - - [17/Jul/2021:09:29:52 +0800] "GET /xingrg/kc/buy/cgsh_order_info.html?code=212021071707607 HTTP/1.1" 200 57688
114.83.222.173 - - [17/Jul/2021:09:29:52 +0800] "GET /xingrg/javascript/easyui/themes/default/validatebox.css HTTP/1.1" 404 1104
114.83.222.173 - - [17/Jul/2021:09:29:53 +0800] "POST /xingrg/kc/buy/cgsh_order_operate.html HTTP/1.1" 200 1197
114.83.222.173 - - [17/Jul/2021:09:29:54 +0800] "GET /xingrg/kc/print/load_data.html?order_code=212021071707607&kc_code=cgsh&condition= HTTP/1.1" 200 948
114.83.222.173 - - [17/Jul/2021:09:29:57 +0800] "GET /xingrg/kc/buy/cgsh_order_add.html HTTP/1.1" 200 62779
114.83.222.173 - - [17/Jul/2021:09:29:57 +0800] "POST /xingrg/kc/buy/cgsh_order_operate.html HTTP/1.1" 200 8245
114.83.222.173 - - [17/Jul/2021:09:29:57 +0800] "GET /xingrg/javascript/easyui/themes/default/validatebox.css HTTP/1.1" 404 1104
114.83.222.173 - - [17/Jul/2021:09:29:58 +0800] "GET /xingrg/javascript/auto/indicator.gif HTTP/1.1" 404 1066
101.83.145.79 - - [17/Jul/2021:09:29:59 +0800] "GET /xingrg/all/function/internal_message.html?_=1626485397240&CODE_STATE=getMsg HTTP/1.1" 200 27
114.83.222.173 - - [17/Jul/2021:09:30:00 +0800] "GET /xingrg/javascript/jquery_tools/images/prev.gif HTTP/1.1" 404 1086
114.83.222.173 - - [17/Jul/2021:09:30:00 +0800] "GET /xingrg/javascript/jquery_tools/images/next.gif HTTP/1.1" 404 1086
116.230.110.80 - - [17/Jul/2021:09:30:02 +0800] "GET /xingrg/all/function/internal_message.html?_=1626485396712&CODE_STATE=getMsg HTTP/1.1" 200 27
222.70.176.145 - - [17/Jul/2021:09:30:04 +0800] "GET /xingrg/all/function/internal_message.html?_=1626485396501&CODE_STATE=getMsg HTTP/1.1" 200 27
180.156.224.123 - - [17/Jul/2021:09:30:08 +0800] "GET /xingrg/all/function/internal_message.html?_=1626485403878&CODE_STATE=getMsg HTTP/1.1" 200 27
222.70.176.145 - - [17/Jul/2021:09:30:10 +0800] "GET /xingrg/kc/buy/cgsh_order_operate.html?command=get_materiel&rest_code=00111&code=00101008324&supplier_code=00100037&order_time=2021-07-17 HTTP/1.1" 200 412
180.156.224.123 - - [17/Jul/2021:09:30:14 +0800] "GET /xingrg/all/function/internal_message.html?_=1626485387542&CODE_STATE=getMsg HTTP/1.1" 200 27
58.40.7.146 - - [17/Jul/2021:09:30:16 +0800] "GET /xingrg/all/function/internal_message.html?_=1626485411942&CODE_STATE=getMsg HTTP/1.1" 200 27
183.192.94.21 - - [17/Jul/2021:09:30:20 +0800] "GET /xingrg/all/function/internal_message.html?_=1626485421322&CODE_STATE=getMsg HTTP/1.1" 302 -
183.192.94.21 - - [17/Jul/2021:09:30:20 +0800] "GET /xingrg/check_reg.html?_=1626485421327 HTTP/1.1" 302 -
222.70.176.145 - - [17/Jul/2021:09:30:20 +0800] "GET /xingrg/kc/buy/cgsh_order_operate.html?command=get_materiel&rest_code=00111&code=00101015038&supplier_code=00100037&order_time=2021-07-17 HTTP/1.1" 200 418
114.83.222.173 - - [17/Jul/2021:09:30:22 +0800] "GET /xingrg/kc/buy/cgsh_order_operate.html?command=get_materiel&rest_code=00149&code=00101006130&supplier_code=00100012&order_time=2021-07-17 HTTP/1.1" 200 427
222.70.175.207 - - [17/Jul/2021:09:30:28 +0800] "GET /xingrg/all/function/internal_message.html?_=1626485436034&CODE_STATE=getMsg HTTP/1.1" 200 27
222.70.176.145 - - [17/Jul/2021:09:30:30 +0800] "GET /xingrg/kc/buy/cgsh_order_operate.html?command=get_materiel&rest_code=00111&code=00101008090&supplier_code=00100037&order_time=2021-07-17 HTTP/1.1" 200 408
114.83.222.173 - - [17/Jul/2021:09:30:35 +0800] "GET /xingrg/kc/buy/cgsh_order_operate.html?command=get_materiel&rest_code=00149&code=00101006109&supplier_code=00100012&order_time=2021-07-17 HTTP/1.1" 200 409
222.70.176.145 - - [17/Jul/2021:09:30:37 +0800] "GET /xingrg/all/function/internal_message.html?_=1626485358445&CODE_STATE=getMsg HTTP/1.1" 302 -
222.70.176.145 - - [17/Jul/2021:09:30:39 +0800] "GET /xingrg/kc/buy/cgsh_order_operate.html?command=get_materiel&rest_code=00111&code=00101015044&supplier_code=00100037&order_time=2021-07-17 HTTP/1.1" 200 408
114.83.222.173 - - [17/Jul/2021:09:30:39 +0800] "GET /xingrg/all/function/internal_message.html?_=1626485434089&CODE_STATE=getMsg HTTP/1.1" 200 27
101.83.145.79 - - [17/Jul/2021:09:30:41 +0800] "GET /xingrg/kc/buy/cgsh_order_operate.html?command=get_materiel&rest_code=00105&code=00101001061&supplier_code=00100397&order_time=2021-07-17 HTTP/1.1" 200 417
114.83.222.173 - - [17/Jul/2021:09:30:42 +0800] "GET /xingrg/kc/buy/cgsh_order_operate.html?command=get_materiel&rest_code=00149&code=00101006133&supplier_code=00100012&order_time=2021-07-17 HTTP/1.1" 200 413
180.169.147.146 - - [17/Jul/2021:09:30:42 +0800] "GET /xingrg/all/function/internal_message.html?_=1626485446517&CODE_STATE=getMsg HTTP/1.1" 200 27
222.70.176.145 - - [17/Jul/2021:09:30:48 +0800] "GET /xingrg/kc/buy/cgsh_order_operate.html?command=get_materiel&rest_code=00111&code=00101009107&supplier_code=00100037&order_time=2021-07-17 HTTP/1.1" 200 395
114.83.222.173 - - [17/Jul/2021:09:30:54 +0800] "GET /xingrg/kc/buy/cgsh_order_operate.html?command=get_materiel&rest_code=00149&code=00101006112&supplier_code=00100012&order_time=2021-07-17 HTTP/1.1" 200 409
101.83.145.79 - - [17/Jul/2021:09:30:59 +0800] "GET /xingrg/all/function/internal_message.html?_=1626485457214&CODE_STATE=getMsg HTTP/1.1" 200 27
114.83.222.173 - - [17/Jul/2021:09:31:01 +0800] "GET /favicon.ico HTTP/1.1" 404 -
116.230.110.80 - - [17/Jul/2021:09:31:02 +0800] "GET /xingrg/all/function/internal_message.html?_=1626485456688&CODE_STATE=getMsg HTTP/1.1" 200 27
222.70.176.145 - - [17/Jul/2021:09:31:04 +0800] "GET /xingrg/all/function/internal_message.html?_=1626485456506&CODE_STATE=getMsg HTTP/1.1" 200 27
222.70.176.145 - - [17/Jul/2021:09:31:07 +0800] "GET /xingrg/kc/buy/cgsh_order_operate.html?command=get_materiel&rest_code=00111&code=00101009112&supplier_code=00100037&order_time=2021-07-17 HTTP/1.1" 200 411
180.156.224.123 - - [17/Jul/2021:09:31:08 +0800] "GET /xingrg/all/function/internal_message.html?_=1626485463877&CODE_STATE=getMsg HTTP/1.1" 200 27
101.83.145.79 - - [17/Jul/2021:09:31:14 +0800] "GET /xingrg/kc/buy/cgsh_order_operate.html?command=get_materiel&rest_code=00105&code=00101001010&supplier_code=00100397&order_time=2021-07-17 HTTP/1.1" 200 409
180.156.224.123 - - [17/Jul/2021:09:31:14 +0800] "GET /xingrg/check_reg.html?_=1626485446921 HTTP/1.1" 200 71
180.156.224.123 - - [17/Jul/2021:09:31:14 +0800] "GET /xingrg/all/function/internal_message.html?_=1626485447555&CODE_STATE=getMsg HTTP/1.1" 200 27
58.40.7.146 - - [17/Jul/2021:09:31:16 +0800] "GET /xingrg/all/function/internal_message.html?_=1626485471929&CODE_STATE=getMsg HTTP/1.1" 200 27
222.70.176.145 - - [17/Jul/2021:09:31:16 +0800] "GET /xingrg/kc/buy/cgsh_order_operate.html?command=get_materiel&rest_code=00111&code=00101009007&supplier_code=00100037&order_time=2021-07-17 HTTP/1.1" 200 408
116.230.110.80 - - [17/Jul/2021:09:31:18 +0800] "GET /xingrg/check_reg.html?_=1626485472247 HTTP/1.1" 200 71
183.192.94.21 - - [17/Jul/2021:09:31:20 +0800] "GET /xingrg/all/function/internal_message.html?_=1626485481327&CODE_STATE=getMsg HTTP/1.1" 302 -
101.83.145.79 - - [17/Jul/2021:09:31:20 +0800] "POST /xingrg/kc/buy/cgsh_order_operate.html HTTP/1.1" 200 37
101.83.145.79 - - [17/Jul/2021:09:31:21 +0800] "POST /xingrg/kc/buy/cgsh_order_operate.html HTTP/1.1" 200 4436
101.83.145.79 - - [17/Jul/2021:09:31:22 +0800] "GET /xingrg/kc/print/load_data.html?order_code=212021071707608&kc_code=cgsh&condition= HTTP/1.1" 200 1358
114.83.222.173 - - [17/Jul/2021:09:31:23 +0800] "GET /xingrg/kc/buy/cgsh_order_operate.html?command=get_materiel&rest_code=00149&code=00101006025&supplier_code=00100012&order_time=2021-07-17 HTTP/1.1" 200 417
222.70.175.207 - - [17/Jul/2021:09:31:28 +0800] "GET /xingrg/all/function/internal_message.html?_=1626485496041&CODE_STATE=getMsg HTTP/1.1" 200 27
222.70.176.145 - - [17/Jul/2021:09:31:29 +0800] "GET /xingrg/kc/buy/cgsh_order_operate.html?command=get_materiel&rest_code=00111&code=00101012026&supplier_code=00100037&order_time=2021-07-17 HTTP/1.1" 200 409
101.83.145.79 - - [17/Jul/2021:09:31:31 +0800] "POST /xingrg/kc/buy/cgsh_list_operate.html HTTP/1.1" 200 3133
222.70.176.145 - - [17/Jul/2021:09:31:37 +0800] "GET /xingrg/all/function/internal_message.html?_=1626485418445&CODE_STATE=getMsg HTTP/1.1" 302 -
114.83.222.173 - - [17/Jul/2021:09:31:39 +0800] "GET /xingrg/all/function/internal_message.html?_=1626485494094&CODE_STATE=getMsg HTTP/1.1" 200 27
180.169.147.146 - - [17/Jul/2021:09:31:42 +0800] "GET /xingrg/all/function/internal_message.html?_=1626485506517&CODE_STATE=getMsg HTTP/1.1" 200 27
222.70.176.145 - - [17/Jul/2021:09:31:45 +0800] "GET /xingrg/kc/buy/cgsh_order_operate.html?command=get_materiel&rest_code=00111&code=00101015066&supplier_code=00100037&order_time=2021-07-17 HTTP/1.1" 200 413
222.70.176.145 - - [17/Jul/2021:09:31:46 +0800] "POST /xingrg/kc/buy/cgsh_order_operate.html HTTP/1.1" 200 2065
222.70.176.145 - - [17/Jul/2021:09:31:55 +0800] "GET /xingrg/kc/buy/cgsh_order_operate.html?command=get_materiel&rest_code=00111&code=00101015040&supplier_code=00100037&order_time=2021-07-17 HTTP/1.1" 200 408
101.83.145.79 - - [17/Jul/2021:09:31:59 +0800] "GET /xingrg/check_reg.html?_=1626485517164 HTTP/1.1" 200 71
101.83.145.79 - - [17/Jul/2021:09:31:59 +0800] "GET /xingrg/all/function/internal_message.html?_=1626485517197&CODE_STATE=getMsg HTTP/1.1" 200 27
116.230.110.80 - - [17/Jul/2021:09:32:02 +0800] "GET /xingrg/all/function/internal_message.html?_=1626485516673&CODE_STATE=getMsg HTTP/1.1" 200 27
222.70.176.145 - - [17/Jul/2021:09:32:04 +0800] "GET /xingrg/all/function/internal_message.html?_=1626485516384&CODE_STATE=getMsg HTTP/1.1" 200 27
180.156.224.123 - - [17/Jul/2021:09:32:08 +0800] "GET /xingrg/all/function/internal_message.html?_=1626485523877&CODE_STATE=getMsg HTTP/1.1" 200 27
114.83.222.173 - - [17/Jul/2021:09:32:08 +0800] "POST /xingrg/kc/buy/cgsh_order_operate.html HTTP/1.1" 200 37
222.70.176.145 - - [17/Jul/2021:09:32:08 +0800] "GET /xingrg/kc/buy/cgsh_order_operate.html?command=get_materiel&rest_code=00111&code=00101008005&supplier_code=00100037&order_time=2021-07-17 HTTP/1.1" 200 412
114.83.222.173 - - [17/Jul/2021:09:32:09 +0800] "POST /xingrg/kc/buy/cgsh_order_operate.html HTTP/1.1" 200 5045
114.83.222.173 - - [17/Jul/2021:09:32:11 +0800] "GET /xingrg/kc/buy/cgsh_order_list.html HTTP/1.1" 200 46994
114.83.222.173 - - [17/Jul/2021:09:32:12 +0800] "POST /xingrg/kc/buy/cgsh_list_operate.html HTTP/1.1" 200 1690
180.169.147.146 - - [17/Jul/2021:09:32:13 +0800] "GET /xingrg/check_reg.html?_=1626485528540 HTTP/1.1" 302 -
180.156.224.123 - - [17/Jul/2021:09:32:14 +0800] "GET /xingrg/all/function/internal_message.html?_=1626485507630&CODE_STATE=getMsg HTTP/1.1" 200 27
58.40.7.146 - - [17/Jul/2021:09:32:16 +0800] "GET /xingrg/all/function/internal_message.html?_=1626485531932&CODE_STATE=getMsg HTTP/1.1" 200 27
114.83.222.173 - - [17/Jul/2021:09:32:16 +0800] "POST /xingrg/kc/buy/cgsh_list_operate.html HTTP/1.1" 200 510
114.83.222.173 - - [17/Jul/2021:09:32:17 +0800] "GET /xingrg/kc/buy/cgsh_order_info.html?code=212021071707609 HTTP/1.1" 200 62788
114.83.222.173 - - [17/Jul/2021:09:32:17 +0800] "GET /xingrg/javascript/easyui/themes/default/validatebox.css HTTP/1.1" 404 1104
114.83.222.173 - - [17/Jul/2021:09:32:17 +0800] "POST /xingrg/kc/buy/cgsh_order_operate.html HTTP/1.1" 200 5045
222.70.176.145 - - [17/Jul/2021:09:32:19 +0800] "GET /xingrg/kc/buy/cgsh_order_operate.html?command=get_materiel&rest_code=00111&code=00101009062&supplier_code=00100037&order_time=2021-07-17 HTTP/1.1" 200 412
114.83.222.173 - - [17/Jul/2021:09:32:19 +0800] "GET /xingrg/kc/print/load_data.html?order_code=212021071707609&kc_code=cgsh&condition= HTTP/1.1" 200 1699
183.192.94.21 - - [17/Jul/2021:09:32:20 +0800] "GET /xingrg/all/function/internal_message.html?_=1626485541326&CODE_STATE=getMsg HTTP/1.1" 302 -
222.70.175.207 - - [17/Jul/2021:09:32:27 +0800] "GET /xingrg/check_reg.html?_=1626485554869 HTTP/1.1" 200 71
222.70.175.207 - - [17/Jul/2021:09:32:28 +0800] "GET /xingrg/all/function/internal_message.html?_=1626485556055&CODE_STATE=getMsg HTTP/1.1" 200 27
222.70.176.145 - - [17/Jul/2021:09:32:37 +0800] "GET /xingrg/all/function/internal_message.html?_=1626485478445&CODE_STATE=getMsg HTTP/1.1" 302 -
114.83.222.173 - - [17/Jul/2021:09:32:39 +0800] "GET /xingrg/all/function/internal_message.html?_=1626485554067&CODE_STATE=getMsg HTTP/1.1" 200 27
180.169.147.146 - - [17/Jul/2021:09:32:42 +0800] "GET /xingrg/all/function/internal_message.html?_=1626485566521&CODE_STATE=getMsg HTTP/1.1" 200 27
114.83.222.173 - - [17/Jul/2021:09:32:52 +0800] "POST /xingrg/kc/buy/cgsh_order_operate.html HTTP/1.1" 200 37
114.83.222.173 - - [17/Jul/2021:09:32:56 +0800] "POST /xingrg/kc/buy/cgsh_order_operate.html HTTP/1.1" 200 12
114.83.222.173 - - [17/Jul/2021:09:32:57 +0800] "GET /xingrg/kc/buy/cgsh_order_info.html?code=212021071707609 HTTP/1.1" 200 57688
114.83.222.173 - - [17/Jul/2021:09:32:57 +0800] "GET /xingrg/javascript/easyui/themes/default/validatebox.css HTTP/1.1" 404 1104
114.83.222.173 - - [17/Jul/2021:09:32:58 +0800] "POST /xingrg/kc/buy/cgsh_order_operate.html HTTP/1.1" 200 2994
114.83.222.173 - - [17/Jul/2021:09:32:59 +0800] "GET /xingrg/kc/buy/cgsh_order_add.html HTTP/1.1" 200 62779
101.83.145.79 - - [17/Jul/2021:09:32:59 +0800] "GET /xingrg/all/function/internal_message.html?_=1626485577180&CODE_STATE=getMsg HTTP/1.1" 200 27
114.83.222.173 - - [17/Jul/2021:09:32:59 +0800] "POST /xingrg/kc/buy/cgsh_order_operate.html HTTP/1.1" 200 8245
114.83.222.173 - - [17/Jul/2021:09:32:59 +0800] "GET /xingrg/javascript/easyui/themes/default/validatebox.css HTTP/1.1" 404 1104
114.83.222.173 - - [17/Jul/2021:09:33:02 +0800] "GET /xingrg/javascript/auto/indicator.gif HTTP/1.1" 404 1066
116.230.110.80 - - [17/Jul/2021:09:33:02 +0800] "GET /xingrg/all/function/internal_message.html?_=1626485576656&CODE_STATE=getMsg HTTP/1.1" 200 27
114.83.222.173 - - [17/Jul/2021:09:33:04 +0800] "GET /xingrg/javascript/jquery_tools/images/prev.gif HTTP/1.1" 404 1086
114.83.222.173 - - [17/Jul/2021:09:33:04 +0800] "GET /xingrg/javascript/jquery_tools/images/next.gif HTTP/1.1" 404 1086
222.70.176.145 - - [17/Jul/2021:09:33:04 +0800] "GET /xingrg/all/function/internal_message.html?_=1626485576381&CODE_STATE=getMsg HTTP/1.1" 200 27
222.70.176.145 - - [17/Jul/2021:09:33:04 +0800] "GET /xingrg/check_reg.html?_=1626485576386 HTTP/1.1" 200 71
180.156.224.123 - - [17/Jul/2021:09:33:08 +0800] "GET /xingrg/all/function/internal_message.html?_=1626485583880&CODE_STATE=getMsg HTTP/1.1" 200 27
180.156.224.123 - - [17/Jul/2021:09:33:08 +0800] "GET /xingrg/check_reg.html?_=1626485583883 HTTP/1.1" 200 71
114.83.222.173 - - [17/Jul/2021:09:33:12 +0800] "GET /xingrg/kc/buy/cgsh_order_operate.html?command=get_materiel&rest_code=00149&code=00101016080&supplier_code=00100036&order_time=2021-07-17 HTTP/1.1" 200 408
180.156.224.123 - - [17/Jul/2021:09:33:14 +0800] "GET /xingrg/all/function/internal_message.html?_=1626485567644&CODE_STATE=getMsg HTTP/1.1" 200 27
58.40.7.146 - - [17/Jul/2021:09:33:16 +0800] "GET /xingrg/all/function/internal_message.html?_=1626485591935&CODE_STATE=getMsg HTTP/1.1" 200 27
58.40.7.146 - - [17/Jul/2021:09:33:16 +0800] "GET /xingrg/check_reg.html?_=1626485591937 HTTP/1.1" 200 71
183.192.94.21 - - [17/Jul/2021:09:33:20 +0800] "GET /xingrg/all/function/internal_message.html?_=1626485601326&CODE_STATE=getMsg HTTP/1.1" 302 -
114.83.222.173 - - [17/Jul/2021:09:33:25 +0800] "GET /xingrg/kc/buy/cgsh_order_operate.html?command=get_materiel&rest_code=00149&code=00101010092&supplier_code=00100036&order_time=2021-07-17 HTTP/1.1" 200 449
222.70.175.207 - - [17/Jul/2021:09:33:28 +0800] "GET /xingrg/all/function/internal_message.html?_=1626485616068&CODE_STATE=getMsg HTTP/1.1" 200 27
114.83.222.173 - - [17/Jul/2021:09:33:33 +0800] "GET /xingrg/kc/buy/cgsh_order_operate.html?command=get_materiel&rest_code=00149&code=00101012026&supplier_code=00100036&order_time=2021-07-17 HTTP/1.1" 200 408
222.70.176.145 - - [17/Jul/2021:09:33:37 +0800] "GET /xingrg/all/function/internal_message.html?_=1626485538445&CODE_STATE=getMsg HTTP/1.1" 302 -
114.83.222.173 - - [17/Jul/2021:09:33:39 +0800] "GET /xingrg/all/function/internal_message.html?_=1626485614071&CODE_STATE=getMsg HTTP/1.1" 200 27
