114.83.222.173 - - [17/Jul/2021:08:46:22 +0800] "GET /xingrg/kc/buy/cgsh_order_operate.html?command=get_materiel&rest_code=00149&code=00101008352&supplier_code=00100005&order_time=2021-07-17 HTTP/1.1" 200 412
101.83.145.79 - - [17/Jul/2021:08:46:26 +0800] "GET /xingrg/kc/buy/cgsh_order_operate.html?command=get_materiel&rest_code=00105&code=00101008302&supplier_code=00100203&order_time=2021-07-17 HTTP/1.1" 200 412
101.83.145.79 - - [17/Jul/2021:08:46:29 +0800] "POST /xingrg/kc/buy/cgsh_order_operate.html HTTP/1.1" 200 2065
101.83.145.79 - - [17/Jul/2021:08:46:34 +0800] "POST /xingrg/kc/buy/cgsh_order_operate.html HTTP/1.1" 200 2065
114.83.222.173 - - [17/Jul/2021:08:46:37 +0800] "GET /xingrg/kc/buy/cgsh_order_operate.html?command=get_materiel&rest_code=00149&code=00101008098&supplier_code=00100005&order_time=2021-07-17 HTTP/1.1" 200 412
222.70.176.145 - - [17/Jul/2021:08:46:37 +0800] "GET /xingrg/all/function/internal_message.html?_=1626482718438&CODE_STATE=getMsg HTTP/1.1" 302 -
114.83.222.173 - - [17/Jul/2021:08:46:39 +0800] "GET /xingrg/all/function/internal_message.html?_=1626482793971&CODE_STATE=getMsg HTTP/1.1" 200 27
180.169.147.146 - - [17/Jul/2021:08:46:42 +0800] "GET /xingrg/all/function/internal_message.html?_=1626482806401&CODE_STATE=getMsg HTTP/1.1" 200 27
101.83.145.79 - - [17/Jul/2021:08:46:43 +0800] "GET /xingrg/kc/buy/cgsh_order_operate.html?command=get_materiel&rest_code=00105&code=00101008330&supplier_code=00100203&order_time=2021-07-17 HTTP/1.1" 200 408
114.83.222.173 - - [17/Jul/2021:08:46:47 +0800] "GET /xingrg/kc/buy/cgsh_order_operate.html?command=get_materiel&rest_code=00149&code=00101008005&supplier_code=00100005&order_time=2021-07-17 HTTP/1.1" 200 412
101.83.145.79 - - [17/Jul/2021:08:46:52 +0800] "GET /xingrg/kc/buy/cgsh_order_operate.html?command=get_materiel&rest_code=00105&code=00101008305&supplier_code=00100203&order_time=2021-07-17 HTTP/1.1" 200 412
120.253.135.82 - - [17/Jul/2021:08:46:55 +0800] "GET /xingrg/all/function/internal_message.html?_=1626482591459&CODE_STATE=getMsg HTTP/1.1" 200 27
114.83.222.173 - - [17/Jul/2021:08:46:57 +0800] "GET /xingrg/kc/buy/cgsh_order_operate.html?command=get_materiel&rest_code=00149&code=00101008353&supplier_code=00100005&order_time=2021-07-17 HTTP/1.1" 200 408
101.83.145.79 - - [17/Jul/2021:08:46:59 +0800] "GET /xingrg/all/function/internal_message.html?_=1626482817129&CODE_STATE=getMsg HTTP/1.1" 200 27
101.83.145.79 - - [17/Jul/2021:08:46:59 +0800] "GET /xingrg/check_reg.html?_=1626482817131 HTTP/1.1" 200 71
101.83.145.79 - - [17/Jul/2021:08:47:00 +0800] "GET /xingrg/kc/buy/cgsh_order_operate.html?command=get_materiel&rest_code=00105&code=00101008132&supplier_code=00100203&order_time=2021-07-17 HTTP/1.1" 200 408
116.230.110.80 - - [17/Jul/2021:08:47:03 +0800] "GET /xingrg/all/function/internal_message.html?_=1626482817390&CODE_STATE=getMsg HTTP/1.1" 200 27
101.83.145.79 - - [17/Jul/2021:08:47:07 +0800] "GET /xingrg/kc/buy/cgsh_order_operate.html?command=get_materiel&rest_code=00105&code=00101008257&supplier_code=00100203&order_time=2021-07-17 HTTP/1.1" 200 416
114.83.222.173 - - [17/Jul/2021:08:47:08 +0800] "POST /xingrg/kc/buy/cgsh_order_operate.html HTTP/1.1" 200 2065
180.156.224.123 - - [17/Jul/2021:08:47:08 +0800] "GET /xingrg/all/function/internal_message.html?_=1626482823759&CODE_STATE=getMsg HTTP/1.1" 200 27
180.169.147.146 - - [17/Jul/2021:08:47:13 +0800] "GET /xingrg/check_reg.html?_=1626482828658 HTTP/1.1" 302 -
101.83.145.79 - - [17/Jul/2021:08:47:16 +0800] "GET /xingrg/kc/buy/cgsh_order_operate.html?command=get_materiel&rest_code=00105&code=00101008244&supplier_code=00100203&order_time=2021-07-17 HTTP/1.1" 200 408
58.40.7.146 - - [17/Jul/2021:08:47:16 +0800] "GET /xingrg/all/function/internal_message.html?_=1626482831883&CODE_STATE=getMsg HTTP/1.1" 200 27
180.156.224.123 - - [17/Jul/2021:08:47:20 +0800] "GET /xingrg/all/function/internal_message.html?_=1626482812776&CODE_STATE=getMsg HTTP/1.1" 200 27
183.192.94.21 - - [17/Jul/2021:08:47:20 +0800] "GET /xingrg/all/function/internal_message.html?_=1626482841293&CODE_STATE=getMsg HTTP/1.1" 302 -
222.70.175.207 - - [17/Jul/2021:08:47:22 +0800] "GET /xingrg/login.html HTTP/1.1" 200 1706
222.70.175.207 - - [17/Jul/2021:08:47:23 +0800] "GET /xingrg/css/blue.css HTTP/1.1" 304 -
222.70.175.207 - - [17/Jul/2021:08:47:23 +0800] "GET /favicon.ico HTTP/1.1" 404 -
101.83.145.79 - - [17/Jul/2021:08:47:23 +0800] "GET /xingrg/kc/buy/cgsh_order_operate.html?command=get_materiel&rest_code=00105&code=00101008112&supplier_code=00100203&order_time=2021-07-17 HTTP/1.1" 200 412
114.83.222.173 - - [17/Jul/2021:08:47:25 +0800] "GET /xingrg/kc/buy/cgsh_order_operate.html?command=get_materiel&rest_code=00149&code=00101008213&supplier_code=00100005&order_time=2021-07-17 HTTP/1.1" 200 412
222.70.175.207 - - [17/Jul/2021:08:47:25 +0800] "GET /xingrg/login.html?r=1 HTTP/1.1" 200 7641
222.70.175.207 - - [17/Jul/2021:08:47:25 +0800] "GET /favicon.ico HTTP/1.1" 404 -
222.70.175.207 - - [17/Jul/2021:08:47:27 +0800] "POST /xingrg/login.do HTTP/1.1" 302 -
222.70.175.207 - - [17/Jul/2021:08:47:27 +0800] "GET /xingrg/index.html?sysBaseUrl=http%3A%2F%2F180.169.147.146%3A18081%2Fxingrg%2F&costTime=37×tamp=1626482847158 HTTP/1.1" 200 17179
222.70.175.207 - - [17/Jul/2021:08:47:27 +0800] "GET /xingrg/javascript/jquery_easy_ui/themes/default/easyui.css HTTP/1.1" 304 -
222.70.175.207 - - [17/Jul/2021:08:47:27 +0800] "GET /xingrg/javascript/jquery_easy_ui/themes/icon.css HTTP/1.1" 304 -
222.70.175.207 - - [17/Jul/2021:08:47:27 +0800] "GET /xingrg/javascript/jquery-1.4.2.min.js HTTP/1.1" 304 -
222.70.175.207 - - [17/Jul/2021:08:47:27 +0800] "GET /xingrg/css/form.css HTTP/1.1" 304 -
222.70.175.207 - - [17/Jul/2021:08:47:27 +0800] "GET /xingrg/javascript/jquery_easy_ui/jquery.easyui.min.js HTTP/1.1" 304 -
222.70.175.207 - - [17/Jul/2021:08:47:27 +0800] "GET /xingrg/javascript/jquery_easy_ui/easyui-lang-zh_CN.js HTTP/1.1" 304 -
222.70.175.207 - - [17/Jul/2021:08:47:27 +0800] "GET /xingrg/javascript/jquery.form.js HTTP/1.1" 304 -
222.70.175.207 - - [17/Jul/2021:08:47:27 +0800] "GET /xingrg/javascript/jquery.utils.js HTTP/1.1" 304 -
222.70.175.207 - - [17/Jul/2021:08:47:27 +0800] "GET /xingrg/javascript/jquery.timers.js HTTP/1.1" 304 -
222.70.175.207 - - [17/Jul/2021:08:47:27 +0800] "GET /favicon.ico HTTP/1.1" 404 -
222.70.175.207 - - [17/Jul/2021:08:47:27 +0800] "POST /xingrg/all/common/load_tree.html?tree=area_rest_tree_json&manage=1 HTTP/1.1" 200 479
222.70.175.207 - - [17/Jul/2021:08:47:27 +0800] "GET /xingrg/all/function/internal_message.html?_=1626482854556&CODE_STATE=count HTTP/1.1" 200 11
222.70.175.207 - - [17/Jul/2021:08:47:27 +0800] "GET /xingrg/check_reg.html?_=1626482854556 HTTP/1.1" 200 71
222.70.175.207 - - [17/Jul/2021:08:47:27 +0800] "POST /xingrg/load_menu.html HTTP/1.1" 200 5138
222.70.175.207 - - [17/Jul/2021:08:47:29 +0800] "GET /xingrg/kc/buy/buy_main.html HTTP/1.1" 200 12412
222.70.175.207 - - [17/Jul/2021:08:47:29 +0800] "GET /xingrg/css/new_ie.css HTTP/1.1" 404 1036
222.70.175.207 - - [17/Jul/2021:08:47:29 +0800] "GET /xingrg/javascript/jquery_ui/themes/humanity/humanity.css HTTP/1.1" 304 -
222.70.175.207 - - [17/Jul/2021:08:47:29 +0800] "GET /xingrg/javascript/myfunction.js HTTP/1.1" 304 -
222.70.175.207 - - [17/Jul/2021:08:47:29 +0800] "GET /xingrg/javascript/pic_change.js HTTP/1.1" 304 -
222.70.175.207 - - [17/Jul/2021:08:47:29 +0800] "GET /xingrg/javascript/ToolTips.js HTTP/1.1" 304 -
222.70.175.207 - - [17/Jul/2021:08:47:29 +0800] "GET /xingrg/javascript/jquery_ui/jquery-ui.min.js HTTP/1.1" 304 -
222.70.175.207 - - [17/Jul/2021:08:47:29 +0800] "GET /xingrg/images/blue/button/cgshd.gif HTTP/1.1" 304 -
222.70.175.207 - - [17/Jul/2021:08:47:29 +0800] "GET /xingrg/images/blue/button/cgydd.gif HTTP/1.1" 304 -
222.70.175.207 - - [17/Jul/2021:08:47:29 +0800] "GET /xingrg/images/blue/button/cgfkd.gif HTTP/1.1" 304 -
222.70.175.207 - - [17/Jul/2021:08:47:29 +0800] "GET /xingrg/images/blue/button/kc.gif HTTP/1.1" 304 -
222.70.175.207 - - [17/Jul/2021:08:47:29 +0800] "GET /xingrg/images/blue/button/ckthd.gif HTTP/1.1" 304 -
222.70.175.207 - - [17/Jul/2021:08:47:30 +0800] "GET /xingrg/images/yd/bt.gif HTTP/1.1" 404 1040
222.70.175.207 - - [17/Jul/2021:08:47:31 +0800] "GET /xingrg/css/base.css HTTP/1.1" 304 -
222.70.175.207 - - [17/Jul/2021:08:47:31 +0800] "GET /xingrg/css/site.css HTTP/1.1" 304 -
222.70.175.207 - - [17/Jul/2021:08:47:31 +0800] "GET /xingrg/javascript/jquery_tools/datebox.css HTTP/1.1" 304 -
222.70.175.207 - - [17/Jul/2021:08:47:31 +0800] "GET /xingrg/javascript/easyui/themes/icon.css HTTP/1.1" 304 -
222.70.175.207 - - [17/Jul/2021:08:47:31 +0800] "GET /xingrg/javascript/easyui/themes/default/easyui.css HTTP/1.1" 304 -
222.70.175.207 - - [17/Jul/2021:08:47:31 +0800] "GET /xingrg/javascript/auto/jquery.autocomplete.css HTTP/1.1" 304 -
222.70.175.207 - - [17/Jul/2021:08:47:31 +0800] "GET /xingrg/javascript/jquery_tools/fix.css HTTP/1.1" 304 -
222.70.175.207 - - [17/Jul/2021:08:47:31 +0800] "GET /xingrg/javascript/jquery_tools/table.css HTTP/1.1" 304 -
222.70.175.207 - - [17/Jul/2021:08:47:31 +0800] "GET /xingrg/javascript/jquery_tools/jquery.tools.extend.js HTTP/1.1" 304 -
222.70.175.207 - - [17/Jul/2021:08:47:31 +0800] "GET /xingrg/javascript/jquery_tools/jquery.tools.hotkey.js HTTP/1.1" 304 -
222.70.175.207 - - [17/Jul/2021:08:47:31 +0800] "GET /xingrg/javascript/jquery_tools/list_manager.js HTTP/1.1" 304 -
222.70.175.207 - - [17/Jul/2021:08:47:31 +0800] "GET /xingrg/javascript/jquery_tools/jquery.tools.min.js HTTP/1.1" 304 -
222.70.175.207 - - [17/Jul/2021:08:47:31 +0800] "GET /xingrg/javascript/auto/jquery.autocomplete.js HTTP/1.1" 304 -
222.70.175.207 - - [17/Jul/2021:08:47:31 +0800] "GET /xingrg/javascript/jquery_tools/jquery.tools.table.js HTTP/1.1" 304 -
222.70.175.207 - - [17/Jul/2021:08:47:31 +0800] "GET /xingrg/javascript/jquery.cookie.js HTTP/1.1" 304 -
222.70.175.207 - - [17/Jul/2021:08:47:31 +0800] "GET /xingrg/javascript/easyui/easyloader.js HTTP/1.1" 304 -
222.70.175.207 - - [17/Jul/2021:08:47:31 +0800] "GET /xingrg/javascript/print/LodopFuncs.js HTTP/1.1" 304 -
222.70.175.207 - - [17/Jul/2021:08:47:31 +0800] "GET /xingrg/kc/buy/cgsh_order_list.html HTTP/1.1" 200 46994
222.70.175.207 - - [17/Jul/2021:08:47:31 +0800] "GET /xingrg/javascript/easyui/plugins/jquery.parser.js HTTP/1.1" 304 -
222.70.175.207 - - [17/Jul/2021:08:47:31 +0800] "POST /xingrg/kc/buy/cgsh_list_operate.html HTTP/1.1" 200 876
222.70.175.207 - - [17/Jul/2021:08:47:33 +0800] "GET /xingrg/javascript/jquery_tools/images/next.gif HTTP/1.1" 404 1086
222.70.175.207 - - [17/Jul/2021:08:47:33 +0800] "GET /xingrg/javascript/jquery_tools/images/prev.gif HTTP/1.1" 404 1086
222.70.176.145 - - [17/Jul/2021:08:47:37 +0800] "GET /xingrg/all/function/internal_message.html?_=1626482778439&CODE_STATE=getMsg HTTP/1.1" 302 -
222.70.175.207 - - [17/Jul/2021:08:47:38 +0800] "GET /xingrg/javascript/jquery_tools/order_manager.js HTTP/1.1" 304 -
222.70.175.207 - - [17/Jul/2021:08:47:38 +0800] "GET /xingrg/javascript/convert.js HTTP/1.1" 304 -
222.70.175.207 - - [17/Jul/2021:08:47:38 +0800] "GET /xingrg/javascript/json2.js HTTP/1.1" 304 -
222.70.175.207 - - [17/Jul/2021:08:47:38 +0800] "GET /xingrg/javascript/print/kc_print.js HTTP/1.1" 304 -
222.70.175.207 - - [17/Jul/2021:08:47:38 +0800] "GET /xingrg/kc/buy/cgsh_order_add.html HTTP/1.1" 200 62732
222.70.175.207 - - [17/Jul/2021:08:47:38 +0800] "GET /xingrg/words/20210716202249_words.js HTTP/1.1" 200 825985
222.70.175.207 - - [17/Jul/2021:08:47:39 +0800] "GET /xingrg/all/common/auto_word.html?type=employee&rest_code=00146 HTTP/1.1" 200 101
222.70.175.207 - - [17/Jul/2021:08:47:39 +0800] "GET /xingrg/all/common/auto_word.html?type=employee&rest_code=00146 HTTP/1.1" 200 101
222.70.175.207 - - [17/Jul/2021:08:47:39 +0800] "GET /xingrg/javascript/easyui/themes/default/validatebox.css HTTP/1.1" 404 1104
222.70.175.207 - - [17/Jul/2021:08:47:39 +0800] "GET /xingrg/javascript/easyui/plugins/jquery.validatebox.js HTTP/1.1" 304 -
222.70.175.207 - - [17/Jul/2021:08:47:39 +0800] "GET /xingrg/javascript/easyui/plugins/jquery.numberbox.js HTTP/1.1" 304 -
222.70.175.207 - - [17/Jul/2021:08:47:39 +0800] "POST /xingrg/kc/buy/cgsh_order_operate.html HTTP/1.1" 200 8245
114.83.222.173 - - [17/Jul/2021:08:47:39 +0800] "GET /xingrg/all/function/internal_message.html?_=1626482853949&CODE_STATE=getMsg HTTP/1.1" 200 27
101.83.145.79 - - [17/Jul/2021:08:47:40 +0800] "GET /xingrg/kc/buy/cgsh_order_operate.html?command=get_materiel&rest_code=00105&code=00101008351&supplier_code=00100203&order_time=2021-07-17 HTTP/1.1" 200 408
180.169.147.146 - - [17/Jul/2021:08:47:42 +0800] "GET /xingrg/all/function/internal_message.html?_=1626482866401&CODE_STATE=getMsg HTTP/1.1" 200 27
222.70.175.207 - - [17/Jul/2021:08:47:42 +0800] "GET /xingrg/javascript/auto/indicator.gif HTTP/1.1" 404 1066
101.83.145.79 - - [17/Jul/2021:08:47:47 +0800] "GET /xingrg/kc/buy/cgsh_order_operate.html?command=get_materiel&rest_code=00105&code=00101008186&supplier_code=00100203&order_time=2021-07-17 HTTP/1.1" 200 408
114.83.222.173 - - [17/Jul/2021:08:47:51 +0800] "GET /xingrg/kc/buy/cgsh_order_operate.html?command=get_materiel&rest_code=00149&code=00101008312&supplier_code=00100005&order_time=2021-07-17 HTTP/1.1" 200 412
222.70.175.207 - - [17/Jul/2021:08:47:53 +0800] "GET /xingrg/kc/buy/cgsh_order_operate.html?command=get_materiel&rest_code=00146&code=00101007081&supplier_code=00100002&order_time=2021-07-17 HTTP/1.1" 200 413
101.83.145.79 - - [17/Jul/2021:08:47:54 +0800] "GET /xingrg/kc/buy/cgsh_order_operate.html?command=get_materiel&rest_code=00105&code=00101008026&supplier_code=00100203&order_time=2021-07-17 HTTP/1.1" 200 409
120.253.135.82 - - [17/Jul/2021:08:47:55 +0800] "GET /xingrg/check_reg.html?_=1626482651354 HTTP/1.1" 200 71
120.253.135.82 - - [17/Jul/2021:08:47:55 +0800] "GET /xingrg/all/function/internal_message.html?_=1626482651474&CODE_STATE=getMsg HTTP/1.1" 200 27
101.83.145.79 - - [17/Jul/2021:08:47:59 +0800] "GET /xingrg/all/function/internal_message.html?_=1626482877136&CODE_STATE=getMsg HTTP/1.1" 200 27
114.83.222.173 - - [17/Jul/2021:08:48:01 +0800] "GET /xingrg/kc/buy/cgsh_order_operate.html?command=get_materiel&rest_code=00149&code=00101008010&supplier_code=00100005&order_time=2021-07-17 HTTP/1.1" 200 412
116.230.110.80 - - [17/Jul/2021:08:48:03 +0800] "GET /xingrg/all/function/internal_message.html?_=1626482877368&CODE_STATE=getMsg HTTP/1.1" 200 27
101.83.145.79 - - [17/Jul/2021:08:48:04 +0800] "GET /xingrg/kc/buy/cgsh_order_operate.html?command=get_materiel&rest_code=00105&code=00101008096&supplier_code=00100203&order_time=2021-07-17 HTTP/1.1" 200 412
114.83.222.173 - - [17/Jul/2021:08:48:04 +0800] "POST /xingrg/kc/buy/cgsh_order_operate.html HTTP/1.1" 200 2065
180.156.224.123 - - [17/Jul/2021:08:48:08 +0800] "GET /xingrg/all/function/internal_message.html?_=1626482883759&CODE_STATE=getMsg HTTP/1.1" 200 27
180.156.224.123 - - [17/Jul/2021:08:48:08 +0800] "GET /xingrg/check_reg.html?_=1626482883761 HTTP/1.1" 200 71
222.70.175.207 - - [17/Jul/2021:08:48:12 +0800] "GET /xingrg/kc/buy/cgsh_order_operate.html?command=get_materiel&rest_code=00146&code=00101007049&supplier_code=00100002&order_time=2021-07-17 HTTP/1.1" 200 409
58.40.7.146 - - [17/Jul/2021:08:48:16 +0800] "GET /xingrg/all/function/internal_message.html?_=1626482891887&CODE_STATE=getMsg HTTP/1.1" 200 27
58.40.7.146 - - [17/Jul/2021:08:48:16 +0800] "GET /xingrg/check_reg.html?_=1626482891888 HTTP/1.1" 200 71
183.192.94.21 - - [17/Jul/2021:08:48:20 +0800] "GET /xingrg/all/function/internal_message.html?_=1626482901293&CODE_STATE=getMsg HTTP/1.1" 302 -
180.156.224.123 - - [17/Jul/2021:08:48:20 +0800] "GET /xingrg/all/function/internal_message.html?_=1626482872907&CODE_STATE=getMsg HTTP/1.1" 200 27
114.83.222.173 - - [17/Jul/2021:08:48:23 +0800] "GET /xingrg/kc/buy/cgsh_order_operate.html?command=get_materiel&rest_code=00149&code=00101008125&supplier_code=00100005&order_time=2021-07-17 HTTP/1.1" 200 413
222.70.175.207 - - [17/Jul/2021:08:48:25 +0800] "GET /xingrg/kc/buy/cgsh_order_operate.html?command=get_materiel&rest_code=00146&code=00101007077&supplier_code=00100002&order_time=2021-07-17 HTTP/1.1" 200 415
222.70.175.207 - - [17/Jul/2021:08:48:27 +0800] "GET /xingrg/all/function/internal_message.html?_=1626482914569&CODE_STATE=getMsg HTTP/1.1" 200 27
101.83.145.79 - - [17/Jul/2021:08:48:31 +0800] "POST /xingrg/kc/buy/cgsh_order_operate.html HTTP/1.1" 200 2065
101.83.145.79 - - [17/Jul/2021:08:48:33 +0800] "POST /xingrg/kc/buy/cgsh_order_operate.html HTTP/1.1" 200 2065
101.83.145.79 - - [17/Jul/2021:08:48:36 +0800] "POST /xingrg/kc/buy/cgsh_order_operate.html HTTP/1.1" 200 2065
222.70.176.145 - - [17/Jul/2021:08:48:37 +0800] "GET /xingrg/all/function/internal_message.html?_=1626482838438&CODE_STATE=getMsg HTTP/1.1" 302 -
222.70.175.207 - - [17/Jul/2021:08:48:38 +0800] "POST /xingrg/kc/buy/cgsh_order_operate.html HTTP/1.1" 200 37
114.83.222.173 - - [17/Jul/2021:08:48:39 +0800] "GET /xingrg/check_reg.html?_=1626482913954 HTTP/1.1" 200 71
114.83.222.173 - - [17/Jul/2021:08:48:39 +0800] "GET /xingrg/all/function/internal_message.html?_=1626482913955&CODE_STATE=getMsg HTTP/1.1" 200 27
222.70.175.207 - - [17/Jul/2021:08:48:40 +0800] "POST /xingrg/kc/buy/cgsh_order_operate.html HTTP/1.1" 200 4433
180.169.147.146 - - [17/Jul/2021:08:48:42 +0800] "GET /xingrg/all/function/internal_message.html?_=1626482926413&CODE_STATE=getMsg HTTP/1.1" 200 27
222.70.175.207 - - [17/Jul/2021:08:48:42 +0800] "GET /xingrg/kc/print/load_config.html?kc_code=cgsh HTTP/1.1" 200 1845
222.70.175.207 - - [17/Jul/2021:08:48:42 +0800] "GET /xingrg/kc/print/load_data.html?order_code=212021071707592&kc_code=cgsh&condition= HTTP/1.1" 200 1437
114.83.222.173 - - [17/Jul/2021:08:48:43 +0800] "GET /xingrg/kc/buy/cgsh_order_operate.html?command=get_materiel&rest_code=00149&code=00101008101&supplier_code=00100005&order_time=2021-07-17 HTTP/1.1" 200 412
222.70.175.207 - - [17/Jul/2021:08:48:50 +0800] "GET /xingrg/kc/buy/cgsh_order_add.html HTTP/1.1" 200 62732
222.70.175.207 - - [17/Jul/2021:08:48:50 +0800] "POST /xingrg/kc/buy/cgsh_order_operate.html HTTP/1.1" 200 8245
222.70.175.207 - - [17/Jul/2021:08:48:50 +0800] "GET /xingrg/javascript/easyui/themes/default/validatebox.css HTTP/1.1" 404 1104
114.83.222.173 - - [17/Jul/2021:08:48:52 +0800] "GET /xingrg/kc/buy/cgsh_order_operate.html?command=get_materiel&rest_code=00149&code=00101010237&supplier_code=00100005&order_time=2021-07-17 HTTP/1.1" 200 413
101.83.145.79 - - [17/Jul/2021:08:48:54 +0800] "GET /xingrg/kc/buy/cgsh_order_operate.html?command=get_materiel&rest_code=00105&code=00101008118&supplier_code=00100203&order_time=2021-07-17 HTTP/1.1" 200 418
120.253.135.82 - - [17/Jul/2021:08:48:55 +0800] "GET /xingrg/all/function/internal_message.html?_=1626482711487&CODE_STATE=getMsg HTTP/1.1" 200 27
101.83.145.79 - - [17/Jul/2021:08:48:59 +0800] "GET /xingrg/all/function/internal_message.html?_=1626482937234&CODE_STATE=getMsg HTTP/1.1" 200 27
222.70.175.207 - - [17/Jul/2021:08:49:00 +0800] "GET /xingrg/kc/buy/cgsh_order_operate.html?command=get_materiel&rest_code=00146&code=00101012025&supplier_code=00100033&order_time=2021-07-17 HTTP/1.1" 200 412
101.83.145.79 - - [17/Jul/2021:08:49:03 +0800] "GET /xingrg/kc/buy/cgsh_order_operate.html?command=get_materiel&rest_code=00105&code=00101008003&supplier_code=00100203&order_time=2021-07-17 HTTP/1.1" 200 408
116.230.110.80 - - [17/Jul/2021:08:49:03 +0800] "GET /xingrg/all/function/internal_message.html?_=1626482937357&CODE_STATE=getMsg HTTP/1.1" 200 27
180.156.224.123 - - [17/Jul/2021:08:49:08 +0800] "GET /xingrg/all/function/internal_message.html?_=1626482943767&CODE_STATE=getMsg HTTP/1.1" 200 27
222.70.175.207 - - [17/Jul/2021:08:49:11 +0800] "GET /xingrg/kc/buy/cgsh_order_operate.html?command=get_materiel&rest_code=00146&code=00101016025&supplier_code=00100033&order_time=2021-07-17 HTTP/1.1" 200 408
101.83.145.79 - - [17/Jul/2021:08:49:13 +0800] "GET /xingrg/kc/buy/cgsh_order_operate.html?command=get_materiel&rest_code=00105&code=00101008361&supplier_code=00100203&order_time=2021-07-17 HTTP/1.1" 200 408
58.40.7.146 - - [17/Jul/2021:08:49:16 +0800] "GET /xingrg/all/function/internal_message.html?_=1626482951890&CODE_STATE=getMsg HTTP/1.1" 200 27
183.192.94.21 - - [17/Jul/2021:08:49:20 +0800] "GET /xingrg/all/function/internal_message.html?_=1626482961279&CODE_STATE=getMsg HTTP/1.1" 302 -
180.156.224.123 - - [17/Jul/2021:08:49:20 +0800] "GET /xingrg/all/function/internal_message.html?_=1626482932912&CODE_STATE=getMsg HTTP/1.1" 200 27
222.70.175.207 - - [17/Jul/2021:08:49:20 +0800] "GET /xingrg/kc/buy/cgsh_order_operate.html?command=get_materiel&rest_code=00146&code=00101012029&supplier_code=00100033&order_time=2021-07-17 HTTP/1.1" 200 412
222.70.175.207 - - [17/Jul/2021:08:49:27 +0800] "GET /xingrg/all/function/internal_message.html?_=1626482974582&CODE_STATE=getMsg HTTP/1.1" 200 27
114.83.222.173 - - [17/Jul/2021:08:49:28 +0800] "GET /xingrg/kc/buy/cgsh_order_operate.html?command=get_materiel&rest_code=00149&code=00101019224&supplier_code=00100005&order_time=2021-07-17 HTTP/1.1" 200 427
101.83.145.79 - - [17/Jul/2021:08:49:31 +0800] "GET /xingrg/kc/buy/cgsh_order_operate.html?command=get_materiel&rest_code=00105&code=00101008301&supplier_code=00100203&order_time=2021-07-17 HTTP/1.1" 200 422
114.83.222.173 - - [17/Jul/2021:08:49:32 +0800] "POST /xingrg/kc/buy/cgsh_order_operate.html HTTP/1.1" 200 2065
222.70.175.207 - - [17/Jul/2021:08:49:32 +0800] "GET /xingrg/kc/buy/cgsh_order_operate.html?command=get_materiel&rest_code=00146&code=00101012051&supplier_code=00100033&order_time=2021-07-17 HTTP/1.1" 200 408
222.70.176.145 - - [17/Jul/2021:08:49:37 +0800] "GET /xingrg/all/function/internal_message.html?_=1626482898438&CODE_STATE=getMsg HTTP/1.1" 302 -
222.70.176.145 - - [17/Jul/2021:08:49:37 +0800] "GET /xingrg/check_reg.html?_=1626482898440 HTTP/1.1" 302 -
101.83.145.79 - - [17/Jul/2021:08:49:38 +0800] "GET /xingrg/kc/buy/cgsh_order_operate.html?command=get_materiel&rest_code=00105&code=00101008063&supplier_code=00100203&order_time=2021-07-17 HTTP/1.1" 200 412
114.83.222.173 - - [17/Jul/2021:08:49:39 +0800] "GET /xingrg/kc/buy/cgsh_order_operate.html?command=get_materiel&rest_code=00149&code=00101008280&supplier_code=00100005&order_time=2021-07-17 HTTP/1.1" 200 416
114.83.222.173 - - [17/Jul/2021:08:49:39 +0800] "GET /xingrg/all/function/internal_message.html?_=1626482973942&CODE_STATE=getMsg HTTP/1.1" 200 27
180.169.147.146 - - [17/Jul/2021:08:49:42 +0800] "GET /xingrg/all/function/internal_message.html?_=1626482986413&CODE_STATE=getMsg HTTP/1.1" 200 27
180.169.147.146 - - [17/Jul/2021:08:49:42 +0800] "GET /xingrg/check_reg.html?_=1626482986416 HTTP/1.1" 200 71
101.83.145.79 - - [17/Jul/2021:08:49:45 +0800] "GET /xingrg/kc/buy/cgsh_order_operate.html?command=get_materiel&rest_code=00105&code=00101008415&supplier_code=00100203&order_time=2021-07-17 HTTP/1.1" 200 398
58.40.7.146 - - [17/Jul/2021:08:49:50 +0800] "GET /xingrg/check_reg.html?_=1626482986041 HTTP/1.1" 302 -
114.83.222.173 - - [17/Jul/2021:08:49:51 +0800] "GET /xingrg/kc/buy/cgsh_order_operate.html?command=get_materiel&rest_code=00149&code=00101015046&supplier_code=00100005&order_time=2021-07-17 HTTP/1.1" 200 412
101.83.145.79 - - [17/Jul/2021:08:49:52 +0800] "GET /xingrg/kc/buy/cgsh_order_operate.html?command=get_materiel&rest_code=00105&code=00101008137&supplier_code=00100203&order_time=2021-07-17 HTTP/1.1" 200 408
222.70.175.207 - - [17/Jul/2021:08:49:53 +0800] "GET /xingrg/kc/buy/cgsh_order_operate.html?command=get_materiel&rest_code=00146&code=00101016080&supplier_code=00100033&order_time=2021-07-17 HTTP/1.1" 200 408
120.253.135.82 - - [17/Jul/2021:08:49:55 +0800] "GET /xingrg/all/function/internal_message.html?_=1626482771501&CODE_STATE=getMsg HTTP/1.1" 200 27
101.83.145.79 - - [17/Jul/2021:08:49:59 +0800] "GET /xingrg/kc/buy/cgsh_order_operate.html?command=get_materiel&rest_code=00105&code=00101008357&supplier_code=00100203&order_time=2021-07-17 HTTP/1.1" 200 408
101.83.145.79 - - [17/Jul/2021:08:49:59 +0800] "GET /xingrg/all/function/internal_message.html?_=1626482997208&CODE_STATE=getMsg HTTP/1.1" 200 27
114.83.222.173 - - [17/Jul/2021:08:50:00 +0800] "GET /xingrg/kc/buy/cgsh_order_operate.html?command=get_materiel&rest_code=00149&code=00101008236&supplier_code=00100005&order_time=2021-07-17 HTTP/1.1" 200 416
222.70.175.207 - - [17/Jul/2021:08:50:01 +0800] "GET /xingrg/kc/buy/cgsh_order_operate.html?command=get_materiel&rest_code=00146&code=00101011001&supplier_code=00100033&order_time=2021-07-17 HTTP/1.1" 200 423
116.230.110.80 - - [17/Jul/2021:08:50:03 +0800] "GET /xingrg/all/function/internal_message.html?_=1626482997339&CODE_STATE=getMsg HTTP/1.1" 200 27
180.156.224.123 - - [17/Jul/2021:08:50:08 +0800] "GET /xingrg/all/function/internal_message.html?_=1626483003765&CODE_STATE=getMsg HTTP/1.1" 200 27
222.70.175.207 - - [17/Jul/2021:08:50:10 +0800] "GET /xingrg/kc/buy/cgsh_order_operate.html?command=get_materiel&rest_code=00146&code=00101016057&supplier_code=00100033&order_time=2021-07-17 HTTP/1.1" 200 408
114.83.222.173 - - [17/Jul/2021:08:50:14 +0800] "GET /xingrg/kc/buy/cgsh_order_operate.html?command=get_materiel&rest_code=00149&code=00101008114&supplier_code=00100005&order_time=2021-07-17 HTTP/1.1" 200 412
58.40.7.146 - - [17/Jul/2021:08:50:16 +0800] "GET /xingrg/all/function/internal_message.html?_=1626483011894&CODE_STATE=getMsg HTTP/1.1" 200 27
222.70.175.207 - - [17/Jul/2021:08:50:18 +0800] "GET /xingrg/kc/buy/cgsh_order_operate.html?command=get_materiel&rest_code=00146&code=00101016105&supplier_code=00100033&order_time=2021-07-17 HTTP/1.1" 200 409
180.156.224.123 - - [17/Jul/2021:08:50:19 +0800] "GET /xingrg/check_reg.html?_=1626482992282 HTTP/1.1" 200 71
183.192.94.21 - - [17/Jul/2021:08:50:20 +0800] "GET /xingrg/all/function/internal_message.html?_=1626483021278&CODE_STATE=getMsg HTTP/1.1" 302 -
183.192.94.21 - - [17/Jul/2021:08:50:20 +0800] "GET /xingrg/check_reg.html?_=1626483021279 HTTP/1.1" 302 -
180.156.224.123 - - [17/Jul/2021:08:50:20 +0800] "GET /xingrg/all/function/internal_message.html?_=1626482992926&CODE_STATE=getMsg HTTP/1.1" 200 27
222.70.175.207 - - [17/Jul/2021:08:50:27 +0800] "GET /xingrg/all/function/internal_message.html?_=1626483034596&CODE_STATE=getMsg HTTP/1.1" 200 27
101.83.145.79 - - [17/Jul/2021:08:50:31 +0800] "POST /xingrg/kc/buy/cgsh_order_operate.html HTTP/1.1" 200 2065
114.83.222.173 - - [17/Jul/2021:08:50:33 +0800] "GET /xingrg/kc/buy/cgsh_order_operate.html?command=get_materiel&rest_code=00149&code=00101015066&supplier_code=00100005&order_time=2021-07-17 HTTP/1.1" 200 413
101.83.145.79 - - [17/Jul/2021:08:50:33 +0800] "POST /xingrg/kc/buy/cgsh_order_operate.html HTTP/1.1" 200 2065
114.83.222.173 - - [17/Jul/2021:08:50:36 +0800] "POST /xingrg/kc/buy/cgsh_order_operate.html HTTP/1.1" 200 2065
222.70.176.145 - - [17/Jul/2021:08:50:37 +0800] "GET /xingrg/all/function/internal_message.html?_=1626482958438&CODE_STATE=getMsg HTTP/1.1" 302 -
114.83.222.173 - - [17/Jul/2021:08:50:39 +0800] "GET /xingrg/all/function/internal_message.html?_=1626483033917&CODE_STATE=getMsg HTTP/1.1" 200 27
180.169.147.146 - - [17/Jul/2021:08:50:42 +0800] "GET /xingrg/all/function/internal_message.html?_=1626483046416&CODE_STATE=getMsg HTTP/1.1" 200 27
114.83.222.173 - - [17/Jul/2021:08:50:42 +0800] "GET /xingrg/kc/buy/cgsh_order_operate.html?command=get_materiel&rest_code=00149&code=00101015006&supplier_code=00100005&order_time=2021-07-17 HTTP/1.1" 200 413
101.83.145.79 - - [17/Jul/2021:08:50:43 +0800] "GET /xingrg/kc/buy/cgsh_order_operate.html?command=get_materiel&rest_code=00105&code=00101008108&supplier_code=00100203&order_time=2021-07-17 HTTP/1.1" 200 412
222.70.175.207 - - [17/Jul/2021:08:50:45 +0800] "POST /xingrg/kc/buy/cgsh_order_operate.html HTTP/1.1" 200 37
222.70.175.207 - - [17/Jul/2021:08:50:48 +0800] "POST /xingrg/kc/buy/cgsh_order_operate.html HTTP/1.1" 200 7382
222.70.175.207 - - [17/Jul/2021:08:50:50 +0800] "GET /xingrg/kc/print/load_data.html?order_code=212021071707593&kc_code=cgsh&condition= HTTP/1.1" 200 2509
120.253.135.82 - - [17/Jul/2021:08:50:55 +0800] "GET /xingrg/all/function/internal_message.html?_=1626482831519&CODE_STATE=getMsg HTTP/1.1" 200 27
114.83.222.173 - - [17/Jul/2021:08:50:55 +0800] "POST /xingrg/kc/buy/cgsh_order_operate.html HTTP/1.1" 200 37
101.83.145.79 - - [17/Jul/2021:08:50:59 +0800] "GET /xingrg/all/function/internal_message.html?_=1626483057177&CODE_STATE=getMsg HTTP/1.1" 200 27
114.83.222.173 - - [17/Jul/2021:08:51:01 +0800] "POST /xingrg/kc/buy/cgsh_order_operate.html HTTP/1.1" 200 12
114.83.222.173 - - [17/Jul/2021:08:51:02 +0800] "GET /xingrg/kc/buy/cgsh_order_info.html?code=212021071707591 HTTP/1.1" 200 57688
114.83.222.173 - - [17/Jul/2021:08:51:03 +0800] "GET /xingrg/javascript/easyui/themes/default/validatebox.css HTTP/1.1" 404 1104
116.230.110.80 - - [17/Jul/2021:08:51:03 +0800] "GET /xingrg/all/function/internal_message.html?_=1626483057329&CODE_STATE=getMsg HTTP/1.1" 200 27
114.83.222.173 - - [17/Jul/2021:08:51:03 +0800] "POST /xingrg/kc/buy/cgsh_order_operate.html HTTP/1.1" 200 42605
114.83.222.173 - - [17/Jul/2021:08:51:05 +0800] "GET /xingrg/kc/print/load_config.html?kc_code=cgsh HTTP/1.1" 200 1845
114.83.222.173 - - [17/Jul/2021:08:51:05 +0800] "GET /xingrg/kc/print/load_data.html?order_code=212021071707591&kc_code=cgsh&condition= HTTP/1.1" 200 16633
101.83.145.79 - - [17/Jul/2021:08:51:06 +0800] "GET /xingrg/kc/buy/cgsh_order_operate.html?command=get_materiel&rest_code=00105&code=00101008213&supplier_code=00100203&order_time=2021-07-17 HTTP/1.1" 200 412
180.156.224.123 - - [17/Jul/2021:08:51:08 +0800] "GET /xingrg/all/function/internal_message.html?_=1626483063768&CODE_STATE=getMsg HTTP/1.1" 200 27
101.83.145.79 - - [17/Jul/2021:08:51:12 +0800] "GET /xingrg/kc/buy/cgsh_order_operate.html?command=get_materiel&rest_code=00105&code=00101008004&supplier_code=00100203&order_time=2021-07-17 HTTP/1.1" 200 416
58.40.7.146 - - [17/Jul/2021:08:51:16 +0800] "GET /xingrg/all/function/internal_message.html?_=1626483071882&CODE_STATE=getMsg HTTP/1.1" 200 27
116.230.110.80 - - [17/Jul/2021:08:51:18 +0800] "GET /xingrg/check_reg.html?_=1626483072355 HTTP/1.1" 200 71
183.192.94.21 - - [17/Jul/2021:08:51:20 +0800] "GET /xingrg/all/function/internal_message.html?_=1626483081292&CODE_STATE=getMsg HTTP/1.1" 302 -
180.156.224.123 - - [17/Jul/2021:08:51:20 +0800] "GET /xingrg/all/function/internal_message.html?_=1626483052939&CODE_STATE=getMsg HTTP/1.1" 200 27
101.83.145.79 - - [17/Jul/2021:08:51:20 +0800] "GET /xingrg/kc/buy/cgsh_order_operate.html?command=get_materiel&rest_code=00105&code=00101008219&supplier_code=00100203&order_time=2021-07-17 HTTP/1.1" 200 412
222.70.175.207 - - [17/Jul/2021:08:51:27 +0800] "GET /xingrg/all/function/internal_message.html?_=1626483094660&CODE_STATE=getMsg HTTP/1.1" 200 27
101.83.145.79 - - [17/Jul/2021:08:51:27 +0800] "GET /xingrg/kc/buy/cgsh_order_operate.html?command=get_materiel&rest_code=00105&code=00101008265&supplier_code=00100203&order_time=2021-07-17 HTTP/1.1" 200 408
101.83.145.79 - - [17/Jul/2021:08:51:34 +0800] "GET /xingrg/kc/buy/cgsh_order_operate.html?command=get_materiel&rest_code=00105&code=00101008201&supplier_code=00100203&order_time=2021-07-17 HTTP/1.1" 200 412
222.70.176.145 - - [17/Jul/2021:08:51:37 +0800] "GET /xingrg/all/function/internal_message.html?_=1626483018430&CODE_STATE=getMsg HTTP/1.1" 302 -
114.83.222.173 - - [17/Jul/2021:08:51:39 +0800] "GET /xingrg/all/function/internal_message.html?_=1626483093925&CODE_STATE=getMsg HTTP/1.1" 200 27
101.83.145.79 - - [17/Jul/2021:08:51:41 +0800] "GET /xingrg/kc/buy/cgsh_order_operate.html?command=get_materiel&rest_code=00105&code=00101008276&supplier_code=00100203&order_time=2021-07-17 HTTP/1.1" 200 412
180.169.147.146 - - [17/Jul/2021:08:51:42 +0800] "GET /xingrg/all/function/internal_message.html?_=1626483106423&CODE_STATE=getMsg HTTP/1.1" 200 27
101.83.145.79 - - [17/Jul/2021:08:51:52 +0800] "GET /xingrg/kc/buy/cgsh_order_operate.html?command=get_materiel&rest_code=00105&code=00101008350&supplier_code=00100203&order_time=2021-07-17 HTTP/1.1" 200 408
120.253.135.82 - - [17/Jul/2021:08:51:55 +0800] "GET /xingrg/all/function/internal_message.html?_=1626482891527&CODE_STATE=getMsg HTTP/1.1" 200 27
101.83.145.79 - - [17/Jul/2021:08:51:59 +0800] "GET /xingrg/check_reg.html?_=1626483117132 HTTP/1.1" 200 71
101.83.145.79 - - [17/Jul/2021:08:51:59 +0800] "GET /xingrg/all/function/internal_message.html?_=1626483117148&CODE_STATE=getMsg HTTP/1.1" 200 27
101.83.145.79 - - [17/Jul/2021:08:52:00 +0800] "POST /xingrg/kc/buy/cgsh_order_operate.html HTTP/1.1" 200 2065
101.83.145.79 - - [17/Jul/2021:08:52:02 +0800] "POST /xingrg/kc/buy/cgsh_order_operate.html HTTP/1.1" 200 2065
116.230.110.80 - - [17/Jul/2021:08:52:03 +0800] "GET /xingrg/all/function/internal_message.html?_=1626483117319&CODE_STATE=getMsg HTTP/1.1" 200 27
180.156.224.123 - - [17/Jul/2021:08:52:08 +0800] "GET /xingrg/all/function/internal_message.html?_=1626483123768&CODE_STATE=getMsg HTTP/1.1" 200 27
180.169.147.146 - - [17/Jul/2021:08:52:13 +0800] "GET /xingrg/check_reg.html?_=1626483128633 HTTP/1.1" 302 -
58.40.7.146 - - [17/Jul/2021:08:52:16 +0800] "GET /xingrg/all/function/internal_message.html?_=1626483131885&CODE_STATE=getMsg HTTP/1.1" 200 27
183.192.94.21 - - [17/Jul/2021:08:52:20 +0800] "GET /xingrg/all/function/internal_message.html?_=1626483141278&CODE_STATE=getMsg HTTP/1.1" 302 -
180.156.224.123 - - [17/Jul/2021:08:52:20 +0800] "GET /xingrg/all/function/internal_message.html?_=1626483112954&CODE_STATE=getMsg HTTP/1.1" 200 27
222.70.175.207 - - [17/Jul/2021:08:52:27 +0800] "GET /xingrg/check_reg.html?_=1626483154561 HTTP/1.1" 200 71
222.70.175.207 - - [17/Jul/2021:08:52:27 +0800] "GET /xingrg/all/function/internal_message.html?_=1626483154670&CODE_STATE=getMsg HTTP/1.1" 200 27
222.70.176.145 - - [17/Jul/2021:08:52:37 +0800] "GET /xingrg/all/function/internal_message.html?_=1626483078445&CODE_STATE=getMsg HTTP/1.1" 302 -
114.83.222.173 - - [17/Jul/2021:08:52:39 +0800] "GET /xingrg/all/function/internal_message.html?_=1626483153930&CODE_STATE=getMsg HTTP/1.1" 200 27
180.169.147.146 - - [17/Jul/2021:08:52:42 +0800] "GET /xingrg/all/function/internal_message.html?_=1626483166425&CODE_STATE=getMsg HTTP/1.1" 200 27
120.253.135.82 - - [17/Jul/2021:08:52:55 +0800] "GET /xingrg/check_reg.html?_=1626482951360 HTTP/1.1" 200 71
120.253.135.82 - - [17/Jul/2021:08:52:55 +0800] "GET /xingrg/all/function/internal_message.html?_=1626482951542&CODE_STATE=getMsg HTTP/1.1" 200 27
101.83.145.79 - - [17/Jul/2021:08:52:59 +0800] "GET /xingrg/all/function/internal_message.html?_=1626483177237&CODE_STATE=getMsg HTTP/1.1" 200 27
101.83.145.79 - - [17/Jul/2021:08:53:02 +0800] "GET /xingrg/kc/buy/cgsh_order_operate.html?command=get_materiel&rest_code=00105&code=00101008041&supplier_code=00100203&order_time=2021-07-17 HTTP/1.1" 200 408
116.230.110.80 - - [17/Jul/2021:08:53:03 +0800] "GET /xingrg/all/function/internal_message.html?_=1626483177296&CODE_STATE=getMsg HTTP/1.1" 200 27
114.83.222.173 - - [17/Jul/2021:08:53:06 +0800] "GET /xingrg/kc/buy/cgsh_order_add.html HTTP/1.1" 200 62779
114.83.222.173 - - [17/Jul/2021:08:53:06 +0800] "POST /xingrg/kc/buy/cgsh_order_operate.html HTTP/1.1" 200 8245
114.83.222.173 - - [17/Jul/2021:08:53:06 +0800] "GET /xingrg/javascript/easyui/themes/default/validatebox.css HTTP/1.1" 404 1104
180.156.224.123 - - [17/Jul/2021:08:53:08 +0800] "GET /xingrg/check_reg.html?_=1626483183777 HTTP/1.1" 200 71
180.156.224.123 - - [17/Jul/2021:08:53:08 +0800] "GET /xingrg/all/function/internal_message.html?_=1626483183772&CODE_STATE=getMsg HTTP/1.1" 200 27
180.174.226.65 - - [17/Jul/2021:08:53:09 +0800] "GET /favicon.ico HTTP/1.1" 404 -
101.83.145.79 - - [17/Jul/2021:08:53:10 +0800] "GET /xingrg/kc/buy/cgsh_order_operate.html?command=get_materiel&rest_code=00105&code=00101015107&supplier_code=00100203&order_time=2021-07-17 HTTP/1.1" 200 397
114.83.222.173 - - [17/Jul/2021:08:53:15 +0800] "GET /xingrg/kc/buy/cgsh_order_operate.html?command=get_materiel&rest_code=00149&code=00102012036&supplier_code=00100198&order_time=2021-07-17 HTTP/1.1" 200 409
58.40.7.146 - - [17/Jul/2021:08:53:16 +0800] "GET /xingrg/all/function/internal_message.html?_=1626483191888&CODE_STATE=getMsg HTTP/1.1" 200 27
58.40.7.146 - - [17/Jul/2021:08:53:16 +0800] "GET /xingrg/check_reg.html?_=1626483191890 HTTP/1.1" 200 71
101.83.145.79 - - [17/Jul/2021:08:53:16 +0800] "GET /xingrg/kc/buy/cgsh_order_operate.html?command=get_materiel&rest_code=00105&code=00101015026&supplier_code=00100203&order_time=2021-07-17 HTTP/1.1" 200 412
183.192.94.21 - - [17/Jul/2021:08:53:20 +0800] "GET /xingrg/all/function/internal_message.html?_=1626483201292&CODE_STATE=getMsg HTTP/1.1" 302 -
180.156.224.123 - - [17/Jul/2021:08:53:20 +0800] "GET /xingrg/all/function/internal_message.html?_=1626483173082&CODE_STATE=getMsg HTTP/1.1" 200 27
101.83.145.79 - - [17/Jul/2021:08:53:23 +0800] "GET /xingrg/kc/buy/cgsh_order_operate.html?command=get_materiel&rest_code=00105&code=00101008092&supplier_code=00100203&order_time=2021-07-17 HTTP/1.1" 200 412
114.83.222.173 - - [17/Jul/2021:08:53:26 +0800] "POST /xingrg/kc/buy/cgsh_order_operate.html HTTP/1.1" 200 37
222.70.175.207 - - [17/Jul/2021:08:53:27 +0800] "GET /xingrg/all/function/internal_message.html?_=1626483214683&CODE_STATE=getMsg HTTP/1.1" 200 27
114.83.222.173 - - [17/Jul/2021:08:53:36 +0800] "POST /xingrg/kc/buy/cgsh_order_operate.html HTTP/1.1" 200 12
222.70.176.145 - - [17/Jul/2021:08:53:37 +0800] "GET /xingrg/all/function/internal_message.html?_=1626483138445&CODE_STATE=getMsg HTTP/1.1" 302 -
114.83.222.173 - - [17/Jul/2021:08:53:39 +0800] "GET /xingrg/kc/buy/cgsh_order_info.html?code=212021071707594 HTTP/1.1" 200 57688
114.83.222.173 - - [17/Jul/2021:08:53:39 +0800] "GET /xingrg/javascript/easyui/themes/default/validatebox.css HTTP/1.1" 404 1104
114.83.222.173 - - [17/Jul/2021:08:53:39 +0800] "GET /xingrg/all/function/internal_message.html?_=1626483213923&CODE_STATE=getMsg HTTP/1.1" 200 27
114.83.222.173 - - [17/Jul/2021:08:53:39 +0800] "GET /xingrg/check_reg.html?_=1626483213951 HTTP/1.1" 200 71
114.83.222.173 - - [17/Jul/2021:08:53:40 +0800] "POST /xingrg/kc/buy/cgsh_order_operate.html HTTP/1.1" 200 605
114.83.222.173 - - [17/Jul/2021:08:53:42 +0800] "GET /xingrg/kc/print/load_data.html?order_code=212021071707594&kc_code=cgsh&condition= HTTP/1.1" 200 699
180.169.147.146 - - [17/Jul/2021:08:53:42 +0800] "GET /xingrg/all/function/internal_message.html?_=1626483226425&CODE_STATE=getMsg HTTP/1.1" 200 27
120.253.135.82 - - [17/Jul/2021:08:53:55 +0800] "GET /xingrg/all/function/internal_message.html?_=1626483011555&CODE_STATE=getMsg HTTP/1.1" 200 27
101.83.145.79 - - [17/Jul/2021:08:53:59 +0800] "GET /xingrg/all/function/internal_message.html?_=1626483237124&CODE_STATE=getMsg HTTP/1.1" 200 27
116.230.110.80 - - [17/Jul/2021:08:54:03 +0800] "GET /xingrg/all/function/internal_message.html?_=1626483237278&CODE_STATE=getMsg HTTP/1.1" 200 27
180.156.224.123 - - [17/Jul/2021:08:54:08 +0800] "GET /xingrg/all/function/internal_message.html?_=1626483243775&CODE_STATE=getMsg HTTP/1.1" 200 27
58.40.7.146 - - [17/Jul/2021:08:54:16 +0800] "GET /xingrg/all/function/internal_message.html?_=1626483251892&CODE_STATE=getMsg HTTP/1.1" 200 27
183.192.94.21 - - [17/Jul/2021:08:54:20 +0800] "GET /xingrg/all/function/internal_message.html?_=1626483261278&CODE_STATE=getMsg HTTP/1.1" 302 -
180.156.224.123 - - [17/Jul/2021:08:54:20 +0800] "GET /xingrg/all/function/internal_message.html?_=1626483233089&CODE_STATE=getMsg HTTP/1.1" 200 27
114.83.222.173 - - [17/Jul/2021:08:54:26 +0800] "GET /xingrg/kc/buy/cgsh_order_add.html HTTP/1.1" 200 62779
114.83.222.173 - - [17/Jul/2021:08:54:27 +0800] "POST /xingrg/kc/buy/cgsh_order_operate.html HTTP/1.1" 200 8245
114.83.222.173 - - [17/Jul/2021:08:54:27 +0800] "GET /xingrg/javascript/easyui/themes/default/validatebox.css HTTP/1.1" 404 1104
222.70.175.207 - - [17/Jul/2021:08:54:27 +0800] "GET /xingrg/all/function/internal_message.html?_=1626483274697&CODE_STATE=getMsg HTTP/1.1" 200 27
222.70.176.145 - - [17/Jul/2021:08:54:37 +0800] "GET /xingrg/check_reg.html?_=1626483198445 HTTP/1.1" 302 -
222.70.176.145 - - [17/Jul/2021:08:54:37 +0800] "GET /xingrg/all/function/internal_message.html?_=1626483198447&CODE_STATE=getMsg HTTP/1.1" 302 -
114.83.222.173 - - [17/Jul/2021:08:54:39 +0800] "GET /xingrg/all/function/internal_message.html?_=1626483273932&CODE_STATE=getMsg HTTP/1.1" 200 27
180.169.147.146 - - [17/Jul/2021:08:54:42 +0800] "GET /xingrg/check_reg.html?_=1626483286426 HTTP/1.1" 200 71
180.169.147.146 - - [17/Jul/2021:08:54:42 +0800] "GET /xingrg/all/function/internal_message.html?_=1626483286428&CODE_STATE=getMsg HTTP/1.1" 200 27
58.40.7.146 - - [17/Jul/2021:08:54:50 +0800] "GET /xingrg/check_reg.html?_=1626483286015 HTTP/1.1" 302 -
120.253.135.82 - - [17/Jul/2021:08:54:55 +0800] "GET /xingrg/all/function/internal_message.html?_=1626483071569&CODE_STATE=getMsg HTTP/1.1" 200 27
101.83.145.79 - - [17/Jul/2021:08:54:59 +0800] "GET /xingrg/all/function/internal_message.html?_=1626483297194&CODE_STATE=getMsg HTTP/1.1" 200 27
116.230.110.80 - - [17/Jul/2021:08:55:03 +0800] "GET /xingrg/all/function/internal_message.html?_=1626483297271&CODE_STATE=getMsg HTTP/1.1" 200 27
114.83.222.173 - - [17/Jul/2021:08:55:07 +0800] "GET /xingrg/kc/buy/cgsh_order_operate.html?command=get_materiel&rest_code=00149&code=00101007116&supplier_code=00100205&order_time=2021-07-17 HTTP/1.1" 200 421
180.156.224.123 - - [17/Jul/2021:08:55:08 +0800] "GET /xingrg/all/function/internal_message.html?_=1626483303790&CODE_STATE=getMsg HTTP/1.1" 200 27
101.83.145.79 - - [17/Jul/2021:08:55:15 +0800] "GET /xingrg/kc/buy/cgsh_order_operate.html?command=get_materiel&rest_code=00105&code=00101008313&supplier_code=00100203&order_time=2021-07-17 HTTP/1.1" 200 412
58.40.7.146 - - [17/Jul/2021:08:55:16 +0800] "GET /xingrg/all/function/internal_message.html?_=1626483311895&CODE_STATE=getMsg HTTP/1.1" 200 27
180.156.224.123 - - [17/Jul/2021:08:55:19 +0800] "GET /xingrg/check_reg.html?_=1626483292396 HTTP/1.1" 200 71
101.83.145.79 - - [17/Jul/2021:08:55:20 +0800] "POST /xingrg/kc/buy/cgsh_order_operate.html HTTP/1.1" 200 2065
183.192.94.21 - - [17/Jul/2021:08:55:20 +0800] "GET /xingrg/all/function/internal_message.html?_=1626483321293&CODE_STATE=getMsg HTTP/1.1" 302 -
183.192.94.21 - - [17/Jul/2021:08:55:20 +0800] "GET /xingrg/check_reg.html?_=1626483321295 HTTP/1.1" 302 -
180.156.224.123 - - [17/Jul/2021:08:55:20 +0800] "GET /xingrg/all/function/internal_message.html?_=1626483293103&CODE_STATE=getMsg HTTP/1.1" 200 27
101.83.145.79 - - [17/Jul/2021:08:55:21 +0800] "POST /xingrg/kc/buy/cgsh_order_operate.html HTTP/1.1" 200 2065
101.83.145.79 - - [17/Jul/2021:08:55:23 +0800] "POST /xingrg/kc/buy/cgsh_order_operate.html HTTP/1.1" 200 2065
222.70.175.207 - - [17/Jul/2021:08:55:27 +0800] "GET /xingrg/all/function/internal_message.html?_=1626483334763&CODE_STATE=getMsg HTTP/1.1" 200 27
114.83.222.173 - - [17/Jul/2021:08:55:28 +0800] "GET /xingrg/kc/buy/cgsh_order_operate.html?command=get_materiel&rest_code=00149&code=00101007061&supplier_code=00100205&order_time=2021-07-17 HTTP/1.1" 200 409
180.174.226.65 - - [17/Jul/2021:08:55:35 +0800] "GET /favicon.ico HTTP/1.1" 404 -
180.174.226.65 - - [17/Jul/2021:08:55:36 +0800] "GET /favicon.ico HTTP/1.1" 404 -
180.174.226.65 - - [17/Jul/2021:08:55:36 +0800] "GET /favicon.ico HTTP/1.1" 404 -
114.83.222.173 - - [17/Jul/2021:08:55:37 +0800] "GET /xingrg/kc/buy/cgsh_order_operate.html?command=get_materiel&rest_code=00149&code=00101007048&supplier_code=00100205&order_time=2021-07-17 HTTP/1.1" 200 408
222.70.176.145 - - [17/Jul/2021:08:55:37 +0800] "GET /xingrg/all/function/internal_message.html?_=1626483258445&CODE_STATE=getMsg HTTP/1.1" 302 -
180.174.226.65 - - [17/Jul/2021:08:55:37 +0800] "GET /favicon.ico HTTP/1.1" 404 -
180.174.226.65 - - [17/Jul/2021:08:55:38 +0800] "GET /favicon.ico HTTP/1.1" 404 -
180.174.226.65 - - [17/Jul/2021:08:55:38 +0800] "GET /xingrg/login.html HTTP/1.1" 200 1706
180.174.226.65 - - [17/Jul/2021:08:55:38 +0800] "GET /xingrg/css/blue.css HTTP/1.1" 304 -
180.174.226.65 - - [17/Jul/2021:08:55:39 +0800] "GET /xingrg/images/blue/error_buttom.gif HTTP/1.1" 304 -
180.174.226.65 - - [17/Jul/2021:08:55:39 +0800] "GET /xingrg/images/blue/error_mid.gif HTTP/1.1" 304 -
180.174.226.65 - - [17/Jul/2021:08:55:39 +0800] "GET /xingrg/images/blue/error_top.gif HTTP/1.1" 304 -
180.174.226.65 - - [17/Jul/2021:08:55:39 +0800] "GET /favicon.ico HTTP/1.1" 404 -
114.83.222.173 - - [17/Jul/2021:08:55:39 +0800] "GET /xingrg/all/function/internal_message.html?_=1626483333928&CODE_STATE=getMsg HTTP/1.1" 200 27
180.174.226.65 - - [17/Jul/2021:08:55:40 +0800] "GET /xingrg/login.html?r=1 HTTP/1.1" 200 7641
180.174.226.65 - - [17/Jul/2021:08:55:40 +0800] "GET /xingrg/images/blue/jxLogo.png HTTP/1.1" 304 -
180.174.226.65 - - [17/Jul/2021:08:55:40 +0800] "GET /xingrg/images/blue/login_bg.png HTTP/1.1" 304 -
180.174.226.65 - - [17/Jul/2021:08:55:41 +0800] "GET /xingrg/images/blue/hj.png HTTP/1.1" 304 -
180.174.226.65 - - [17/Jul/2021:08:55:41 +0800] "GET /xingrg/images/blue/srbg.png HTTP/1.1" 304 -
180.174.226.65 - - [17/Jul/2021:08:55:41 +0800] "GET /favicon.ico HTTP/1.1" 404 -
180.169.147.146 - - [17/Jul/2021:08:55:42 +0800] "GET /xingrg/all/function/internal_message.html?_=1626483346428&CODE_STATE=getMsg HTTP/1.1" 200 27
114.83.222.173 - - [17/Jul/2021:08:55:49 +0800] "GET /xingrg/kc/buy/cgsh_order_operate.html?command=get_materiel&rest_code=00149&code=00101007174&supplier_code=00100205&order_time=2021-07-17 HTTP/1.1" 200 395
101.83.145.79 - - [17/Jul/2021:08:55:50 +0800] "GET /xingrg/kc/buy/cgsh_order_operate.html?command=get_materiel&rest_code=00105&code=00101008223&supplier_code=00100203&order_time=2021-07-17 HTTP/1.1" 200 412
120.253.135.82 - - [17/Jul/2021:08:55:55 +0800] "GET /xingrg/all/function/internal_message.html?_=1626483131589&CODE_STATE=getMsg HTTP/1.1" 200 27
180.174.226.65 - - [17/Jul/2021:08:55:57 +0800] "POST /xingrg/login.do HTTP/1.1" 302 -
180.174.226.65 - - [17/Jul/2021:08:55:57 +0800] "GET /xingrg/javascript/jquery_easy_ui/themes/default/easyui.css HTTP/1.1" 304 -
180.174.226.65 - - [17/Jul/2021:08:55:57 +0800] "GET /xingrg/javascript/jquery_easy_ui/themes/icon.css HTTP/1.1" 304 -
180.174.226.65 - - [17/Jul/2021:08:55:57 +0800] "GET /xingrg/index.html?sysBaseUrl=http%3A%2F%2F180.169.147.146%3A18081%2Fxingrg%2F&costTime=37×tamp=1626483357889 HTTP/1.1" 200 17173
180.174.226.65 - - [17/Jul/2021:08:55:57 +0800] "GET /xingrg/css/form.css HTTP/1.1" 304 -
180.174.226.65 - - [17/Jul/2021:08:55:57 +0800] "GET /xingrg/javascript/jquery.form.js HTTP/1.1" 304 -
180.174.226.65 - - [17/Jul/2021:08:55:57 +0800] "GET /xingrg/javascript/jquery.utils.js HTTP/1.1" 304 -
180.174.226.65 - - [17/Jul/2021:08:55:57 +0800] "GET /xingrg/javascript/jquery-1.4.2.min.js HTTP/1.1" 304 -
180.174.226.65 - - [17/Jul/2021:08:55:57 +0800] "GET /xingrg/javascript/jquery_easy_ui/jquery.easyui.min.js HTTP/1.1" 304 -
180.174.226.65 - - [17/Jul/2021:08:55:57 +0800] "GET /xingrg/javascript/jquery_easy_ui/easyui-lang-zh_CN.js HTTP/1.1" 304 -
180.174.226.65 - - [17/Jul/2021:08:55:57 +0800] "GET /xingrg/javascript/jquery.timers.js HTTP/1.1" 304 -
180.174.226.65 - - [17/Jul/2021:08:55:58 +0800] "GET /favicon.ico HTTP/1.1" 404 -
180.174.226.65 - - [17/Jul/2021:08:55:58 +0800] "GET /xingrg/images/blue/navBackgound.jpg HTTP/1.1" 304 -
180.174.226.65 - - [17/Jul/2021:08:55:58 +0800] "GET /xingrg/javascript/jquery_easy_ui/themes/icons/settle_new.png HTTP/1.1" 304 -
180.174.226.65 - - [17/Jul/2021:08:55:58 +0800] "POST /xingrg/all/common/load_tree.html?tree=area_rest_tree_json&manage=1 HTTP/1.1" 200 342
180.174.226.65 - - [17/Jul/2021:08:55:58 +0800] "GET /xingrg/images/blue/pingpu.png HTTP/1.1" 304 -
180.174.226.65 - - [17/Jul/2021:08:55:58 +0800] "GET /xingrg/javascript/jquery_easy_ui/themes/default/images/tabs_leftarrow.png HTTP/1.1" 304 -
180.174.226.65 - - [17/Jul/2021:08:55:58 +0800] "GET /xingrg/javascript/jquery_easy_ui/themes/default/images/tabs_rightarrow.png HTTP/1.1" 304 -
180.174.226.65 - - [17/Jul/2021:08:55:58 +0800] "GET /xingrg/javascript/jquery_easy_ui/themes/default/images/panel_tool_collapse.gif HTTP/1.1" 304 -
180.174.226.65 - - [17/Jul/2021:08:55:58 +0800] "GET /xingrg/all/function/internal_message.html?_=1626483322388&CODE_STATE=count HTTP/1.1" 200 11
180.174.226.65 - - [17/Jul/2021:08:55:58 +0800] "GET /xingrg/check_reg.html?_=1626483322392 HTTP/1.1" 200 71
180.174.226.65 - - [17/Jul/2021:08:55:58 +0800] "GET /xingrg/javascript/jquery_easy_ui/themes/default/images/tree_arrows.gif HTTP/1.1" 304 -
180.174.226.65 - - [17/Jul/2021:08:55:58 +0800] "POST /xingrg/load_menu.html HTTP/1.1" 200 5138
180.174.226.65 - - [17/Jul/2021:08:55:58 +0800] "GET /xingrg/javascript/jquery_easy_ui/themes/default/images/tree_folder_open.gif HTTP/1.1" 304 -
180.174.226.65 - - [17/Jul/2021:08:55:58 +0800] "GET /xingrg/javascript/jquery_easy_ui/themes/icons/search_new.png HTTP/1.1" 304 -
180.174.226.65 - - [17/Jul/2021:08:55:58 +0800] "GET /xingrg/javascript/jquery_easy_ui/themes/default/images/tree_folder.gif HTTP/1.1" 304 -
180.174.226.65 - - [17/Jul/2021:08:55:58 +0800] "GET /xingrg/javascript/jquery_easy_ui/themes/icons/storage_new.png HTTP/1.1" 304 -
180.174.226.65 - - [17/Jul/2021:08:55:58 +0800] "GET /xingrg/javascript/jquery_easy_ui/themes/icons/forms_new.png HTTP/1.1" 304 -
180.174.226.65 - - [17/Jul/2021:08:55:58 +0800] "GET /xingrg/javascript/jquery_easy_ui/themes/default/images/tree_file.gif HTTP/1.1" 304 -
101.83.145.79 - - [17/Jul/2021:08:55:59 +0800] "GET /xingrg/all/function/internal_message.html?_=1626483357318&CODE_STATE=getMsg HTTP/1.1" 200 27
116.230.110.80 - - [17/Jul/2021:08:56:03 +0800] "GET /xingrg/all/function/internal_message.html?_=1626483357243&CODE_STATE=getMsg HTTP/1.1" 200 27
