180.156.224.123 - - [17/Jul/2021:10:23:55 +0800] "POST /xingrg/all/common/load_tree.html?tree=area_rest_tree_json&manage=1 HTTP/1.1" 200 476
180.156.224.123 - - [17/Jul/2021:10:23:55 +0800] "POST /xingrg/load_menu.html HTTP/1.1" 200 5138
101.83.145.79 - - [17/Jul/2021:10:23:55 +0800] "GET /xingrg/all/function/internal_message.html?_=1626488597268&CODE_STATE=getMsg HTTP/1.1" 200 27
180.174.226.65 - - [17/Jul/2021:10:23:57 +0800] "GET /xingrg/all/function/internal_message.html?_=1626488601790&CODE_STATE=getMsg HTTP/1.1" 200 27
180.156.224.123 - - [17/Jul/2021:10:23:59 +0800] "GET /xingrg/kc/buy/cgsh_order_list.html HTTP/1.1" 200 46994
101.83.145.79 - - [17/Jul/2021:10:23:59 +0800] "GET /xingrg/all/function/internal_message.html?_=1626488636966&CODE_STATE=getMsg HTTP/1.1" 200 27
116.230.110.80 - - [17/Jul/2021:10:24:02 +0800] "GET /xingrg/all/function/internal_message.html?_=1626488635873&CODE_STATE=getMsg HTTP/1.1" 200 27
180.156.224.123 - - [17/Jul/2021:10:24:02 +0800] "POST /xingrg/kc/buy/cgsh_list_operate.html HTTP/1.1" 200 1699
222.70.176.145 - - [17/Jul/2021:10:24:04 +0800] "GET /xingrg/all/function/internal_message.html?_=1626488636485&CODE_STATE=getMsg HTTP/1.1" 200 27
101.85.107.54 - - [17/Jul/2021:10:24:04 +0800] "GET /xingrg/all/function/internal_message.html?_=1626488048131&CODE_STATE=getMsg HTTP/1.1" 200 27
58.37.5.217 - - [17/Jul/2021:10:24:07 +0800] "GET /xingrg/login.html HTTP/1.1" 200 1706
58.37.5.217 - - [17/Jul/2021:10:24:08 +0800] "GET /favicon.ico HTTP/1.1" 404 -
180.156.224.123 - - [17/Jul/2021:10:24:08 +0800] "GET /xingrg/all/function/internal_message.html?_=1626488644010&CODE_STATE=getMsg HTTP/1.1" 200 27
58.37.5.217 - - [17/Jul/2021:10:24:09 +0800] "GET /xingrg/login.html?r=1 HTTP/1.1" 200 7641
58.37.5.217 - - [17/Jul/2021:10:24:10 +0800] "GET /favicon.ico HTTP/1.1" 404 -
58.40.7.146 - - [17/Jul/2021:10:24:16 +0800] "GET /xingrg/all/function/internal_message.html?_=1626488651991&CODE_STATE=getMsg HTTP/1.1" 200 27
117.143.47.82 - - [17/Jul/2021:10:24:16 +0800] "GET /xingrg/all/function/internal_message.html?_=1626488651243&CODE_STATE=getMsg HTTP/1.1" 200 27
116.235.222.38 - - [17/Jul/2021:10:24:18 +0800] "POST /xingrg/services/DataTransmitService HTTP/1.1" 200 524
116.235.222.38 - - [17/Jul/2021:10:24:19 +0800] "POST /xingrg/services/DataTransmitService HTTP/1.1" 200 501
183.192.94.21 - - [17/Jul/2021:10:24:20 +0800] "GET /xingrg/all/function/internal_message.html?_=1626488661363&CODE_STATE=getMsg HTTP/1.1" 302 -
116.235.222.38 - - [17/Jul/2021:10:24:29 +0800] "POST /xingrg/services/DataTransmitService HTTP/1.1" 200 524
222.70.175.207 - - [17/Jul/2021:10:24:30 +0800] "GET /xingrg/all/function/internal_message.html?_=1626488677417&CODE_STATE=getMsg HTTP/1.1" 200 27
180.162.112.86 - - [17/Jul/2021:10:24:33 +0800] "GET /xingrg/all/function/internal_message.html?_=1626488311162&CODE_STATE=getMsg HTTP/1.1" 200 27
58.37.5.217 - - [17/Jul/2021:10:24:34 +0800] "POST /xingrg/login.do HTTP/1.1" 302 -
58.37.5.217 - - [17/Jul/2021:10:24:34 +0800] "GET /xingrg/index.html?sysBaseUrl=http%3A%2F%2F180.169.147.146%3A18081%2Fxingrg%2F&costTime=81×tamp=1626488674768 HTTP/1.1" 200 17173
58.37.5.217 - - [17/Jul/2021:10:24:35 +0800] "GET /favicon.ico HTTP/1.1" 404 -
58.37.5.217 - - [17/Jul/2021:10:24:36 +0800] "POST /xingrg/all/common/load_tree.html?tree=area_rest_tree_json&manage=1 HTTP/1.1" 200 342
58.37.5.217 - - [17/Jul/2021:10:24:37 +0800] "GET /xingrg/check_reg.html?_=1626488672841 HTTP/1.1" 200 71
58.37.5.217 - - [17/Jul/2021:10:24:37 +0800] "GET /xingrg/all/function/internal_message.html?_=1626488672840&CODE_STATE=count HTTP/1.1" 200 11
222.70.176.145 - - [17/Jul/2021:10:24:37 +0800] "GET /xingrg/check_reg.html?_=1626488598445 HTTP/1.1" 302 -
222.70.176.145 - - [17/Jul/2021:10:24:37 +0800] "GET /xingrg/all/function/internal_message.html?_=1626488598446&CODE_STATE=getMsg HTTP/1.1" 302 -
58.37.5.217 - - [17/Jul/2021:10:24:37 +0800] "POST /xingrg/load_menu.html HTTP/1.1" 200 5138
114.83.222.173 - - [17/Jul/2021:10:24:40 +0800] "GET /xingrg/all/function/internal_message.html?_=1626488674230&CODE_STATE=getMsg HTTP/1.1" 200 27
116.235.222.38 - - [17/Jul/2021:10:24:40 +0800] "POST /xingrg/services/DataTransmitService HTTP/1.1" 200 501
116.235.222.38 - - [17/Jul/2021:10:24:40 +0800] "POST /xingrg/services/DataTransmitService HTTP/1.1" 200 501
116.235.222.38 - - [17/Jul/2021:10:24:43 +0800] "POST /xingrg/services/DataTransmitService HTTP/1.1" 200 501
116.235.222.38 - - [17/Jul/2021:10:24:43 +0800] "POST /xingrg/services/DataTransmitService HTTP/1.1" 500 1621
116.235.222.38 - - [17/Jul/2021:10:24:45 +0800] "GET /xingrg/check_reg.html?_=1626488671752 HTTP/1.1" 200 71
116.235.222.38 - - [17/Jul/2021:10:24:45 +0800] "GET /xingrg/all/function/internal_message.html?_=1626488671759&CODE_STATE=getMsg HTTP/1.1" 200 27
58.40.7.146 - - [17/Jul/2021:10:24:49 +0800] "GET /xingrg/check_reg.html?_=1626488685551 HTTP/1.1" 302 -
180.156.224.123 - - [17/Jul/2021:10:24:55 +0800] "GET /xingrg/all/function/internal_message.html?_=1626488667651&CODE_STATE=getMsg HTTP/1.1" 200 27
101.83.145.79 - - [17/Jul/2021:10:24:55 +0800] "GET /xingrg/all/function/internal_message.html?_=1626488657269&CODE_STATE=getMsg HTTP/1.1" 200 27
180.174.226.65 - - [17/Jul/2021:10:24:57 +0800] "GET /xingrg/all/function/internal_message.html?_=1626488661990&CODE_STATE=getMsg HTTP/1.1" 200 27
101.83.145.79 - - [17/Jul/2021:10:24:59 +0800] "GET /xingrg/all/function/internal_message.html?_=1626488696940&CODE_STATE=getMsg HTTP/1.1" 200 27
116.230.110.80 - - [17/Jul/2021:10:25:02 +0800] "GET /xingrg/all/function/internal_message.html?_=1626488695855&CODE_STATE=getMsg HTTP/1.1" 200 27
58.37.5.217 - - [17/Jul/2021:10:25:03 +0800] "GET /xingrg/kc/buy/buy_main.html HTTP/1.1" 200 12412
58.37.5.217 - - [17/Jul/2021:10:25:03 +0800] "GET /xingrg/css/new_ie.css HTTP/1.1" 404 1036
222.70.176.145 - - [17/Jul/2021:10:25:04 +0800] "GET /xingrg/all/function/internal_message.html?_=1626488696492&CODE_STATE=getMsg HTTP/1.1" 200 27
101.85.107.54 - - [17/Jul/2021:10:25:04 +0800] "GET /xingrg/all/function/internal_message.html?_=1626488108130&CODE_STATE=getMsg HTTP/1.1" 200 27
58.37.5.217 - - [17/Jul/2021:10:25:05 +0800] "GET /xingrg/images/yd/bt.gif HTTP/1.1" 404 1040
58.37.5.217 - - [17/Jul/2021:10:25:05 +0800] "GET /xingrg/kc/buy/cgsh_order_list.html HTTP/1.1" 200 46988
180.174.226.65 - - [17/Jul/2021:10:25:07 +0800] "GET /favicon.ico HTTP/1.1" 404 -
58.37.5.217 - - [17/Jul/2021:10:25:08 +0800] "POST /xingrg/kc/buy/cgsh_list_operate.html HTTP/1.1" 200 876
180.156.224.123 - - [17/Jul/2021:10:25:08 +0800] "GET /xingrg/all/function/internal_message.html?_=1626488704025&CODE_STATE=getMsg HTTP/1.1" 200 27
58.37.5.217 - - [17/Jul/2021:10:25:11 +0800] "GET /xingrg/kc/buy/cgsh_order_add.html HTTP/1.1" 200 62732
58.37.5.217 - - [17/Jul/2021:10:25:11 +0800] "GET /xingrg/words/20210716202249_words.js HTTP/1.1" 200 825985
58.37.5.217 - - [17/Jul/2021:10:25:12 +0800] "GET /xingrg/javascript/easyui/themes/default/validatebox.css HTTP/1.1" 404 1104
58.37.5.217 - - [17/Jul/2021:10:25:12 +0800] "GET /xingrg/all/common/auto_word.html?type=employee&rest_code=00106 HTTP/1.1" 200 205
58.37.5.217 - - [17/Jul/2021:10:25:12 +0800] "GET /xingrg/all/common/auto_word.html?type=employee&rest_code=00106 HTTP/1.1" 200 205
116.235.222.38 - - [17/Jul/2021:10:25:12 +0800] "GET /xingrg/kc/buy/cgsh_order_operate.html?command=get_materiel&rest_code=00107&code=00101006175&supplier_code=00100010&order_time=2021-07-17 HTTP/1.1" 200 414
58.37.5.217 - - [17/Jul/2021:10:25:12 +0800] "POST /xingrg/kc/buy/cgsh_order_operate.html HTTP/1.1" 200 8245
58.37.5.217 - - [17/Jul/2021:10:25:12 +0800] "GET /xingrg/javascript/easyui/themes/default/tree.css HTTP/1.1" 404 1090
58.37.5.217 - - [17/Jul/2021:10:25:13 +0800] "POST /xingrg/all/common/load_tree.html?tree=supplier_tree_json&isDelete=1 HTTP/1.1" 200 56389
58.40.7.146 - - [17/Jul/2021:10:25:16 +0800] "GET /xingrg/all/function/internal_message.html?_=1626488711994&CODE_STATE=getMsg HTTP/1.1" 200 27
117.143.47.82 - - [17/Jul/2021:10:25:16 +0800] "GET /xingrg/all/function/internal_message.html?_=1626488711227&CODE_STATE=getMsg HTTP/1.1" 200 27
183.192.94.21 - - [17/Jul/2021:10:25:20 +0800] "GET /xingrg/all/function/internal_message.html?_=1626488721360&CODE_STATE=getMsg HTTP/1.1" 302 -
183.192.94.21 - - [17/Jul/2021:10:25:20 +0800] "GET /xingrg/check_reg.html?_=1626488721365 HTTP/1.1" 302 -
58.37.5.217 - - [17/Jul/2021:10:25:25 +0800] "GET /xingrg/javascript/auto/indicator.gif HTTP/1.1" 404 1066
222.70.175.207 - - [17/Jul/2021:10:25:30 +0800] "GET /xingrg/all/function/internal_message.html?_=1626488737500&CODE_STATE=getMsg HTTP/1.1" 200 27
116.235.222.38 - - [17/Jul/2021:10:25:30 +0800] "POST /xingrg/kc/buy/cgsh_order_operate.html HTTP/1.1" 200 37
58.37.5.217 - - [17/Jul/2021:10:25:30 +0800] "GET /xingrg/kc/buy/cgsh_order_operate.html?command=get_materiel&rest_code=00106&code=00101008146&supplier_code=00100009&order_time=2021-07-17 HTTP/1.1" 200 416
116.235.222.38 - - [17/Jul/2021:10:25:32 +0800] "POST /xingrg/kc/buy/cgsh_order_operate.html HTTP/1.1" 200 8005
180.162.112.86 - - [17/Jul/2021:10:25:33 +0800] "GET /xingrg/all/function/internal_message.html?_=1626488371158&CODE_STATE=getMsg HTTP/1.1" 200 27
116.235.222.38 - - [17/Jul/2021:10:25:34 +0800] "GET /xingrg/kc/print/load_config.html?kc_code=cgsh HTTP/1.1" 200 1845
116.235.222.38 - - [17/Jul/2021:10:25:34 +0800] "GET /xingrg/kc/print/load_data.html?order_code=212021071707637&kc_code=cgsh&condition= HTTP/1.1" 200 2772
58.37.5.217 - - [17/Jul/2021:10:25:37 +0800] "GET /xingrg/all/function/internal_message.html?_=1626488732856&CODE_STATE=getMsg HTTP/1.1" 200 27
222.70.176.145 - - [17/Jul/2021:10:25:37 +0800] "GET /xingrg/all/function/internal_message.html?_=1626488658445&CODE_STATE=getMsg HTTP/1.1" 302 -
58.37.5.217 - - [17/Jul/2021:10:25:39 +0800] "GET /xingrg/kc/buy/cgsh_order_operate.html?command=get_materiel&rest_code=00106&code=00101008147&supplier_code=00100009&order_time=2021-07-17 HTTP/1.1" 200 418
114.83.222.173 - - [17/Jul/2021:10:25:40 +0800] "GET /xingrg/all/function/internal_message.html?_=1626488734230&CODE_STATE=getMsg HTTP/1.1" 200 27
116.235.222.38 - - [17/Jul/2021:10:25:45 +0800] "GET /xingrg/all/function/internal_message.html?_=1626488731752&CODE_STATE=getMsg HTTP/1.1" 200 27
116.235.222.38 - - [17/Jul/2021:10:25:47 +0800] "GET /xingrg/kc/buy/cgsh_order_add.html HTTP/1.1" 200 62814
116.235.222.38 - - [17/Jul/2021:10:25:48 +0800] "GET /xingrg/javascript/easyui/themes/default/validatebox.css HTTP/1.1" 404 1104
116.235.222.38 - - [17/Jul/2021:10:25:48 +0800] "POST /xingrg/kc/buy/cgsh_order_operate.html HTTP/1.1" 200 8245
116.235.222.38 - - [17/Jul/2021:10:25:50 +0800] "GET /xingrg/javascript/easyui/themes/default/tree.css HTTP/1.1" 404 1090
116.235.222.38 - - [17/Jul/2021:10:25:50 +0800] "POST /xingrg/all/common/load_tree.html?tree=supplier_tree_json&isDelete=1 HTTP/1.1" 200 56389
58.37.5.217 - - [17/Jul/2021:10:25:51 +0800] "POST /xingrg/kc/buy/cgsh_order_operate.html HTTP/1.1" 200 37
58.37.5.217 - - [17/Jul/2021:10:25:53 +0800] "POST /xingrg/kc/buy/cgsh_order_operate.html HTTP/1.1" 200 12
117.143.47.82 - - [17/Jul/2021:10:25:54 +0800] "POST /xingrg/dwr/call/plaincall/AjaxReportQueryService.refreshCache.dwr HTTP/1.1" 200 78
117.143.47.82 - - [17/Jul/2021:10:25:54 +0800] "POST /xingrg/all/report/load_report_page.html HTTP/1.1" 200 89
58.37.5.217 - - [17/Jul/2021:10:25:54 +0800] "GET /xingrg/kc/buy/cgsh_order_info.html?code=212021071707638 HTTP/1.1" 200 57646
180.156.224.123 - - [17/Jul/2021:10:25:55 +0800] "GET /xingrg/all/function/internal_message.html?_=1626488727664&CODE_STATE=getMsg HTTP/1.1" 200 27
58.37.5.217 - - [17/Jul/2021:10:25:55 +0800] "GET /xingrg/javascript/easyui/themes/default/validatebox.css HTTP/1.1" 404 1104
101.83.145.79 - - [17/Jul/2021:10:25:55 +0800] "GET /xingrg/all/function/internal_message.html?_=1626488717272&CODE_STATE=getMsg HTTP/1.1" 200 27
117.143.47.82 - - [17/Jul/2021:10:25:55 +0800] "POST /xingrg/dwr/call/plaincall/AjaxReportQueryService.refreshCache.dwr HTTP/1.1" 200 78
117.143.47.82 - - [17/Jul/2021:10:25:55 +0800] "POST /xingrg/all/report/load_report_page.html HTTP/1.1" 200 89
58.37.5.217 - - [17/Jul/2021:10:25:55 +0800] "POST /xingrg/kc/buy/cgsh_order_operate.html HTTP/1.1" 200 1208
58.37.5.217 - - [17/Jul/2021:10:25:56 +0800] "GET /xingrg/kc/print/load_config.html?kc_code=cgsh HTTP/1.1" 200 1845
58.37.5.217 - - [17/Jul/2021:10:25:57 +0800] "GET /xingrg/kc/print/load_data.html?order_code=212021071707638&kc_code=cgsh&condition= HTTP/1.1" 200 1011
180.174.226.65 - - [17/Jul/2021:10:25:57 +0800] "GET /xingrg/all/function/internal_message.html?_=1626488722004&CODE_STATE=getMsg HTTP/1.1" 200 27
101.83.145.79 - - [17/Jul/2021:10:25:59 +0800] "GET /xingrg/all/function/internal_message.html?_=1626488756912&CODE_STATE=getMsg HTTP/1.1" 200 27
116.230.110.80 - - [17/Jul/2021:10:26:02 +0800] "GET /xingrg/all/function/internal_message.html?_=1626488755839&CODE_STATE=getMsg HTTP/1.1" 200 27
58.37.5.217 - - [17/Jul/2021:10:26:02 +0800] "GET /xingrg/kc/print/load_data.html?order_code=212021071707638&kc_code=cgsh HTTP/1.1" 200 1011
222.70.176.145 - - [17/Jul/2021:10:26:04 +0800] "GET /xingrg/all/function/internal_message.html?_=1626488756487&CODE_STATE=getMsg HTTP/1.1" 200 27
101.85.107.54 - - [17/Jul/2021:10:26:04 +0800] "GET /xingrg/all/function/internal_message.html?_=1626488168129&CODE_STATE=getMsg HTTP/1.1" 200 27
116.235.222.38 - - [17/Jul/2021:10:26:05 +0800] "GET /xingrg/kc/buy/cgsh_order_operate.html?command=get_materiel&rest_code=00107&code=00101007023&supplier_code=00100002&order_time=2021-07-17 HTTP/1.1" 200 409
180.156.224.123 - - [17/Jul/2021:10:26:08 +0800] "GET /xingrg/all/function/internal_message.html?_=1626488764022&CODE_STATE=getMsg HTTP/1.1" 200 27
114.84.0.231 - - [17/Jul/2021:10:26:10 +0800] "GET /favicon.ico HTTP/1.1" 404 -
58.40.7.146 - - [17/Jul/2021:10:26:16 +0800] "GET /xingrg/all/function/internal_message.html?_=1626488771997&CODE_STATE=getMsg HTTP/1.1" 200 27
117.143.47.82 - - [17/Jul/2021:10:26:16 +0800] "GET /xingrg/all/function/internal_message.html?_=1626488771235&CODE_STATE=getMsg HTTP/1.1" 200 27
116.230.110.80 - - [17/Jul/2021:10:26:18 +0800] "GET /xingrg/check_reg.html?_=1626488772063 HTTP/1.1" 200 71
116.235.222.38 - - [17/Jul/2021:10:26:19 +0800] "GET /xingrg/kc/buy/cgsh_order_operate.html?command=get_materiel&rest_code=00107&code=00101007022&supplier_code=00100002&order_time=2021-07-17 HTTP/1.1" 200 413
183.192.94.21 - - [17/Jul/2021:10:26:20 +0800] "GET /xingrg/all/function/internal_message.html?_=1626488781367&CODE_STATE=getMsg HTTP/1.1" 302 -
180.169.147.146 - - [17/Jul/2021:10:26:20 +0800] "GET /xingrg/check_reg.html?_=1626488762218 HTTP/1.1" 200 71
58.37.5.217 - - [17/Jul/2021:10:26:23 +0800] "GET /xingrg/kc/buy/cgsh_order_add.html HTTP/1.1" 200 62732
58.37.5.217 - - [17/Jul/2021:10:26:24 +0800] "GET /xingrg/javascript/easyui/themes/default/validatebox.css HTTP/1.1" 404 1104
58.37.5.217 - - [17/Jul/2021:10:26:24 +0800] "POST /xingrg/kc/buy/cgsh_order_operate.html HTTP/1.1" 200 8245
58.37.5.217 - - [17/Jul/2021:10:26:27 +0800] "GET /xingrg/javascript/easyui/themes/default/tree.css HTTP/1.1" 404 1090
58.37.5.217 - - [17/Jul/2021:10:26:27 +0800] "POST /xingrg/all/common/load_tree.html?tree=supplier_tree_json&isDelete=1 HTTP/1.1" 200 56389
222.70.175.207 - - [17/Jul/2021:10:26:30 +0800] "GET /xingrg/all/function/internal_message.html?_=1626488797506&CODE_STATE=getMsg HTTP/1.1" 200 27
180.162.112.86 - - [17/Jul/2021:10:26:33 +0800] "GET /xingrg/all/function/internal_message.html?_=1626488431156&CODE_STATE=getMsg HTTP/1.1" 200 27
116.235.222.38 - - [17/Jul/2021:10:26:35 +0800] "GET /xingrg/kc/buy/cgsh_order_operate.html?command=get_materiel&rest_code=00107&code=00101007077&supplier_code=00100002&order_time=2021-07-17 HTTP/1.1" 200 415
58.37.5.217 - - [17/Jul/2021:10:26:37 +0800] "GET /xingrg/kc/buy/cgsh_order_operate.html?command=get_materiel&rest_code=00106&code=00101006113&supplier_code=00100015&order_time=2021-07-17 HTTP/1.1" 200 415
58.37.5.217 - - [17/Jul/2021:10:26:37 +0800] "GET /xingrg/all/function/internal_message.html?_=1626488792841&CODE_STATE=getMsg HTTP/1.1" 200 27
222.70.176.145 - - [17/Jul/2021:10:26:37 +0800] "GET /xingrg/all/function/internal_message.html?_=1626488718445&CODE_STATE=getMsg HTTP/1.1" 302 -
114.83.222.173 - - [17/Jul/2021:10:26:40 +0800] "GET /xingrg/all/function/internal_message.html?_=1626488794243&CODE_STATE=getMsg HTTP/1.1" 200 27
116.235.222.38 - - [17/Jul/2021:10:26:45 +0800] "GET /xingrg/all/function/internal_message.html?_=1626488791747&CODE_STATE=getMsg HTTP/1.1" 200 27
116.235.222.38 - - [17/Jul/2021:10:26:47 +0800] "POST /xingrg/kc/buy/cgsh_order_operate.html HTTP/1.1" 200 37
116.235.222.38 - - [17/Jul/2021:10:26:50 +0800] "POST /xingrg/kc/buy/cgsh_order_operate.html HTTP/1.1" 200 3839
58.37.5.217 - - [17/Jul/2021:10:26:51 +0800] "GET /xingrg/kc/buy/cgsh_order_operate.html?command=get_materiel&rest_code=00106&code=00101006065&supplier_code=00100015&order_time=2021-07-17 HTTP/1.1" 200 411
116.235.222.38 - - [17/Jul/2021:10:26:52 +0800] "GET /xingrg/kc/print/load_data.html?order_code=212021071707639&kc_code=cgsh&condition= HTTP/1.1" 200 1194
180.156.224.123 - - [17/Jul/2021:10:26:55 +0800] "GET /xingrg/all/function/internal_message.html?_=1626488787678&CODE_STATE=getMsg HTTP/1.1" 200 27
101.83.145.79 - - [17/Jul/2021:10:26:55 +0800] "GET /xingrg/all/function/internal_message.html?_=1626488777280&CODE_STATE=getMsg HTTP/1.1" 200 27
116.235.222.38 - - [17/Jul/2021:10:26:56 +0800] "GET /xingrg/kc/buy/cgsh_order_add.html HTTP/1.1" 200 62814
120.253.135.82 - - [17/Jul/2021:10:26:56 +0800] "GET /xingrg/check_reg.html?_=1626488592772 HTTP/1.1" 200 71
116.235.222.38 - - [17/Jul/2021:10:26:57 +0800] "GET /xingrg/javascript/easyui/themes/default/validatebox.css HTTP/1.1" 404 1104
116.235.222.38 - - [17/Jul/2021:10:26:57 +0800] "POST /xingrg/kc/buy/cgsh_order_operate.html HTTP/1.1" 200 8245
180.174.226.65 - - [17/Jul/2021:10:26:57 +0800] "GET /xingrg/check_reg.html?_=1626488781605 HTTP/1.1" 200 71
180.174.226.65 - - [17/Jul/2021:10:26:57 +0800] "GET /xingrg/all/function/internal_message.html?_=1626488782017&CODE_STATE=getMsg HTTP/1.1" 200 27
58.37.5.217 - - [17/Jul/2021:10:26:59 +0800] "GET /xingrg/kc/buy/cgsh_order_operate.html?command=get_materiel&rest_code=00106&code=00101006109&supplier_code=00100015&order_time=2021-07-17 HTTP/1.1" 200 411
101.83.145.79 - - [17/Jul/2021:10:26:59 +0800] "GET /xingrg/all/function/internal_message.html?_=1626488816890&CODE_STATE=getMsg HTTP/1.1" 200 27
101.83.145.79 - - [17/Jul/2021:10:26:59 +0800] "GET /xingrg/check_reg.html?_=1626488817205 HTTP/1.1" 200 71
116.230.110.80 - - [17/Jul/2021:10:27:02 +0800] "GET /xingrg/all/function/internal_message.html?_=1626488815831&CODE_STATE=getMsg HTTP/1.1" 200 27
222.70.176.145 - - [17/Jul/2021:10:27:04 +0800] "GET /xingrg/all/function/internal_message.html?_=1626488816483&CODE_STATE=getMsg HTTP/1.1" 200 27
101.85.107.54 - - [17/Jul/2021:10:27:04 +0800] "GET /xingrg/check_reg.html?_=1626488228131 HTTP/1.1" 200 71
101.85.107.54 - - [17/Jul/2021:10:27:04 +0800] "GET /xingrg/all/function/internal_message.html?_=1626488228130&CODE_STATE=getMsg HTTP/1.1" 200 27
180.156.224.123 - - [17/Jul/2021:10:27:08 +0800] "GET /xingrg/all/function/internal_message.html?_=1626488824022&CODE_STATE=getMsg HTTP/1.1" 200 27
58.37.5.217 - - [17/Jul/2021:10:27:11 +0800] "GET /xingrg/kc/buy/cgsh_order_operate.html?command=get_materiel&rest_code=00106&code=00101006130&supplier_code=00100015&order_time=2021-07-17 HTTP/1.1" 200 427
180.169.147.146 - - [17/Jul/2021:10:27:13 +0800] "GET /xingrg/check_reg.html?_=1626488828377 HTTP/1.1" 302 -
58.40.7.146 - - [17/Jul/2021:10:27:16 +0800] "GET /xingrg/all/function/internal_message.html?_=1626488832000&CODE_STATE=getMsg HTTP/1.1" 200 27
117.143.47.82 - - [17/Jul/2021:10:27:16 +0800] "GET /xingrg/all/function/internal_message.html?_=1626488831228&CODE_STATE=getMsg HTTP/1.1" 200 27
116.235.222.38 - - [17/Jul/2021:10:27:17 +0800] "GET /xingrg/javascript/easyui/themes/default/tree.css HTTP/1.1" 404 1090
116.235.222.38 - - [17/Jul/2021:10:27:18 +0800] "POST /xingrg/all/common/load_tree.html?tree=supplier_tree_json&isDelete=1 HTTP/1.1" 200 56389
183.192.94.21 - - [17/Jul/2021:10:27:20 +0800] "GET /xingrg/all/function/internal_message.html?_=1626488841366&CODE_STATE=getMsg HTTP/1.1" 302 -
58.37.5.217 - - [17/Jul/2021:10:27:20 +0800] "GET /xingrg/kc/buy/cgsh_order_operate.html?command=get_materiel&rest_code=00106&code=00101006129&supplier_code=00100015&order_time=2021-07-17 HTTP/1.1" 200 451
222.70.175.207 - - [17/Jul/2021:10:27:28 +0800] "GET /xingrg/check_reg.html?_=1626488855720 HTTP/1.1" 200 71
58.37.5.217 - - [17/Jul/2021:10:27:29 +0800] "GET /xingrg/kc/buy/cgsh_order_operate.html?command=get_materiel&rest_code=00106&code=00101020104&supplier_code=00100015&order_time=2021-07-17 HTTP/1.1" 200 409
222.70.175.207 - - [17/Jul/2021:10:27:30 +0800] "GET /xingrg/all/function/internal_message.html?_=1626488857520&CODE_STATE=getMsg HTTP/1.1" 200 27
101.83.145.79 - - [17/Jul/2021:10:27:30 +0800] "GET /xingrg/kc/buy/cgsh_order_list.html HTTP/1.1" 200 46988
116.235.222.38 - - [17/Jul/2021:10:27:31 +0800] "GET /xingrg/kc/buy/cgsh_order_operate.html?command=get_materiel&rest_code=00107&code=00101002007&supplier_code=00100199&order_time=2021-07-17 HTTP/1.1" 200 409
101.83.145.79 - - [17/Jul/2021:10:27:32 +0800] "POST /xingrg/kc/buy/cgsh_list_operate.html HTTP/1.1" 200 5150
180.162.112.86 - - [17/Jul/2021:10:27:33 +0800] "GET /xingrg/all/function/internal_message.html?_=1626488491157&CODE_STATE=getMsg HTTP/1.1" 200 27
58.37.5.217 - - [17/Jul/2021:10:27:35 +0800] "GET /xingrg/kc/buy/cgsh_order_operate.html?command=get_materiel&rest_code=00106&code=00101006112&supplier_code=00100015&order_time=2021-07-17 HTTP/1.1" 200 409
58.37.5.217 - - [17/Jul/2021:10:27:37 +0800] "GET /xingrg/all/function/internal_message.html?_=1626488852848&CODE_STATE=getMsg HTTP/1.1" 200 27
222.70.176.145 - - [17/Jul/2021:10:27:37 +0800] "GET /xingrg/all/function/internal_message.html?_=1626488778445&CODE_STATE=getMsg HTTP/1.1" 302 -
114.83.222.173 - - [17/Jul/2021:10:27:40 +0800] "GET /xingrg/all/function/internal_message.html?_=1626488854243&CODE_STATE=getMsg HTTP/1.1" 200 27
58.37.5.217 - - [17/Jul/2021:10:27:44 +0800] "GET /xingrg/kc/buy/cgsh_order_operate.html?command=get_materiel&rest_code=00106&code=00101006111&supplier_code=00100015&order_time=2021-07-17 HTTP/1.1" 200 409
116.235.222.38 - - [17/Jul/2021:10:27:45 +0800] "GET /xingrg/all/function/internal_message.html?_=1626488851894&CODE_STATE=getMsg HTTP/1.1" 200 27
116.235.222.38 - - [17/Jul/2021:10:27:48 +0800] "GET /xingrg/kc/buy/cgsh_order_operate.html?command=get_materiel&rest_code=00107&code=00101002006&supplier_code=00100199&order_time=2021-07-17 HTTP/1.1" 200 413
180.156.224.123 - - [17/Jul/2021:10:27:55 +0800] "GET /xingrg/all/function/internal_message.html?_=1626488847691&CODE_STATE=getMsg HTTP/1.1" 200 27
101.83.145.79 - - [17/Jul/2021:10:27:55 +0800] "GET /xingrg/all/function/internal_message.html?_=1626488837267&CODE_STATE=getMsg HTTP/1.1" 200 27
101.83.145.79 - - [17/Jul/2021:10:27:55 +0800] "GET /xingrg/check_reg.html?_=1626488837270 HTTP/1.1" 200 71
101.83.145.79 - - [17/Jul/2021:10:27:56 +0800] "POST /xingrg/kc/buy/cgsh_list_operate.html HTTP/1.1" 200 1696
180.174.226.65 - - [17/Jul/2021:10:27:58 +0800] "GET /xingrg/all/function/internal_message.html?_=1626488842033&CODE_STATE=getMsg HTTP/1.1" 200 27
101.83.145.79 - - [17/Jul/2021:10:27:59 +0800] "GET /xingrg/all/function/internal_message.html?_=1626488876884&CODE_STATE=getMsg HTTP/1.1" 200 27
116.235.222.38 - - [17/Jul/2021:10:28:00 +0800] "GET /xingrg/kc/buy/cgsh_order_operate.html?command=get_materiel&rest_code=00107&code=00101001138&supplier_code=00100199&order_time=2021-07-17 HTTP/1.1" 200 433
101.83.145.79 - - [17/Jul/2021:10:28:01 +0800] "POST /xingrg/kc/buy/cgsh_list_operate.html HTTP/1.1" 200 279
101.83.145.79 - - [17/Jul/2021:10:28:01 +0800] "GET /xingrg/kc/buy/cgsh_order_info.html?code=212021071707624 HTTP/1.1" 200 62786
101.83.145.79 - - [17/Jul/2021:10:28:01 +0800] "GET /xingrg/javascript/easyui/themes/default/validatebox.css HTTP/1.1" 404 1104
116.230.110.80 - - [17/Jul/2021:10:28:02 +0800] "GET /xingrg/all/function/internal_message.html?_=1626488875816&CODE_STATE=getMsg HTTP/1.1" 200 27
101.83.145.79 - - [17/Jul/2021:10:28:02 +0800] "POST /xingrg/kc/buy/cgsh_order_operate.html HTTP/1.1" 200 3254
58.37.5.217 - - [17/Jul/2021:10:28:03 +0800] "GET /xingrg/kc/buy/cgsh_order_operate.html?command=get_materiel&rest_code=00106&code=00101006133&supplier_code=00100015&order_time=2021-07-17 HTTP/1.1" 200 415
222.70.176.145 - - [17/Jul/2021:10:28:04 +0800] "GET /xingrg/all/function/internal_message.html?_=1626488876486&CODE_STATE=getMsg HTTP/1.1" 200 27
222.70.176.145 - - [17/Jul/2021:10:28:04 +0800] "GET /xingrg/check_reg.html?_=1626488876490 HTTP/1.1" 200 71
101.85.107.54 - - [17/Jul/2021:10:28:04 +0800] "GET /xingrg/all/function/internal_message.html?_=1626488288131&CODE_STATE=getMsg HTTP/1.1" 200 27
180.156.224.123 - - [17/Jul/2021:10:28:08 +0800] "GET /xingrg/all/function/internal_message.html?_=1626488884026&CODE_STATE=getMsg HTTP/1.1" 200 27
180.156.224.123 - - [17/Jul/2021:10:28:08 +0800] "GET /xingrg/check_reg.html?_=1626488884027 HTTP/1.1" 200 71
101.83.145.79 - - [17/Jul/2021:10:28:11 +0800] "POST /xingrg/kc/buy/cgsh_order_operate.html HTTP/1.1" 200 37
116.235.222.38 - - [17/Jul/2021:10:28:13 +0800] "POST /xingrg/kc/buy/cgsh_order_operate.html HTTP/1.1" 200 37
101.83.145.79 - - [17/Jul/2021:10:28:13 +0800] "POST /xingrg/kc/buy/cgsh_order_operate.html HTTP/1.1" 200 3254
58.37.5.217 - - [17/Jul/2021:10:28:14 +0800] "GET /xingrg/kc/buy/cgsh_order_operate.html?command=get_materiel&rest_code=00106&code=00101006193&supplier_code=00100015&order_time=2021-07-17 HTTP/1.1" 200 409
116.235.222.38 - - [17/Jul/2021:10:28:16 +0800] "POST /xingrg/kc/buy/cgsh_order_operate.html HTTP/1.1" 200 3843
58.40.7.146 - - [17/Jul/2021:10:28:16 +0800] "GET /xingrg/all/function/internal_message.html?_=1626488892004&CODE_STATE=getMsg HTTP/1.1" 200 27
58.40.7.146 - - [17/Jul/2021:10:28:16 +0800] "GET /xingrg/check_reg.html?_=1626488892005 HTTP/1.1" 200 71
117.143.47.82 - - [17/Jul/2021:10:28:16 +0800] "GET /xingrg/check_reg.html?_=1626488891244 HTTP/1.1" 200 71
117.143.47.82 - - [17/Jul/2021:10:28:16 +0800] "GET /xingrg/all/function/internal_message.html?_=1626488891247&CODE_STATE=getMsg HTTP/1.1" 200 27
116.235.222.38 - - [17/Jul/2021:10:28:18 +0800] "GET /xingrg/kc/print/load_data.html?order_code=212021071707640&kc_code=cgsh&condition= HTTP/1.1" 200 1119
183.192.94.21 - - [17/Jul/2021:10:28:20 +0800] "GET /xingrg/all/function/internal_message.html?_=1626488901365&CODE_STATE=getMsg HTTP/1.1" 302 -
116.235.222.38 - - [17/Jul/2021:10:28:22 +0800] "GET /xingrg/kc/buy/cgsh_order_add.html HTTP/1.1" 200 62814
116.235.222.38 - - [17/Jul/2021:10:28:23 +0800] "GET /xingrg/javascript/easyui/themes/default/validatebox.css HTTP/1.1" 404 1104
116.235.222.38 - - [17/Jul/2021:10:28:23 +0800] "POST /xingrg/kc/buy/cgsh_order_operate.html HTTP/1.1" 200 8245
116.235.222.38 - - [17/Jul/2021:10:28:23 +0800] "GET /xingrg/javascript/easyui/themes/default/tree.css HTTP/1.1" 404 1090
116.235.222.38 - - [17/Jul/2021:10:28:23 +0800] "POST /xingrg/all/common/load_tree.html?tree=supplier_tree_json&isDelete=1 HTTP/1.1" 200 56389
58.37.5.217 - - [17/Jul/2021:10:28:25 +0800] "POST /xingrg/kc/buy/cgsh_order_operate.html HTTP/1.1" 200 37
101.83.145.79 - - [17/Jul/2021:10:28:26 +0800] "GET /xingrg/index.html?sysBaseUrl=http%3A%2F%2F180.169.147.146%3A18081%2Fxingrg%2F&costTime=36×tamp=1585222720700 HTTP/1.1" 200 17173
101.83.145.79 - - [17/Jul/2021:10:28:26 +0800] "GET /favicon.ico HTTP/1.1" 404 -
101.83.145.79 - - [17/Jul/2021:10:28:26 +0800] "GET /xingrg/all/function/internal_message.html?_=1626488903729&CODE_STATE=count HTTP/1.1" 200 11
101.83.145.79 - - [17/Jul/2021:10:28:26 +0800] "GET /xingrg/check_reg.html?_=1626488903730 HTTP/1.1" 200 71
101.83.145.79 - - [17/Jul/2021:10:28:26 +0800] "POST /xingrg/all/common/load_tree.html?tree=area_rest_tree_json&manage=1 HTTP/1.1" 200 3466
101.83.145.79 - - [17/Jul/2021:10:28:26 +0800] "POST /xingrg/load_menu.html HTTP/1.1" 200 5138
101.83.145.79 - - [17/Jul/2021:10:28:29 +0800] "GET /xingrg/kc/buy/cgsh_order_list.html HTTP/1.1" 200 46988
222.70.175.207 - - [17/Jul/2021:10:28:30 +0800] "GET /xingrg/all/function/internal_message.html?_=1626488917533&CODE_STATE=getMsg HTTP/1.1" 200 27
58.37.5.217 - - [17/Jul/2021:10:28:32 +0800] "POST /xingrg/kc/buy/cgsh_order_operate.html HTTP/1.1" 200 12
180.162.112.86 - - [17/Jul/2021:10:28:33 +0800] "GET /xingrg/all/function/internal_message.html?_=1626488551155&CODE_STATE=getMsg HTTP/1.1" 200 27
180.162.112.86 - - [17/Jul/2021:10:28:33 +0800] "GET /xingrg/check_reg.html?_=1626488551156 HTTP/1.1" 200 71
101.83.145.79 - - [17/Jul/2021:10:28:34 +0800] "POST /xingrg/kc/buy/cgsh_list_operate.html HTTP/1.1" 200 5150
222.70.176.145 - - [17/Jul/2021:10:28:37 +0800] "GET /xingrg/all/function/internal_message.html?_=1626488838444&CODE_STATE=getMsg HTTP/1.1" 302 -
116.235.222.38 - - [17/Jul/2021:10:28:38 +0800] "GET /xingrg/kc/buy/cgsh_order_operate.html?command=get_materiel&rest_code=00107&code=00101007061&supplier_code=00100199&order_time=2021-07-17 HTTP/1.1" 200 409
58.37.5.217 - - [17/Jul/2021:10:28:39 +0800] "GET /xingrg/kc/buy/cgsh_order_info.html?code=212021071707641 HTTP/1.1" 200 57642
58.37.5.217 - - [17/Jul/2021:10:28:39 +0800] "GET /xingrg/javascript/easyui/themes/default/validatebox.css HTTP/1.1" 404 1104
58.37.5.217 - - [17/Jul/2021:10:28:40 +0800] "POST /xingrg/kc/buy/cgsh_order_operate.html HTTP/1.1" 200 5963
114.83.222.173 - - [17/Jul/2021:10:28:40 +0800] "GET /xingrg/all/function/internal_message.html?_=1626488914244&CODE_STATE=getMsg HTTP/1.1" 200 27
114.83.222.173 - - [17/Jul/2021:10:28:40 +0800] "GET /xingrg/check_reg.html?_=1626488914246 HTTP/1.1" 200 71
101.83.145.79 - - [17/Jul/2021:10:28:41 +0800] "GET /xingrg/javascript/auto/indicator.gif HTTP/1.1" 404 1066
58.37.5.217 - - [17/Jul/2021:10:28:43 +0800] "GET /xingrg/kc/print/load_data.html?order_code=212021071707641&kc_code=cgsh&condition= HTTP/1.1" 200 2851
116.235.222.38 - - [17/Jul/2021:10:28:45 +0800] "GET /xingrg/all/function/internal_message.html?_=1626488911882&CODE_STATE=getMsg HTTP/1.1" 200 27
101.83.145.79 - - [17/Jul/2021:10:28:48 +0800] "POST /xingrg/kc/buy/cgsh_list_operate.html HTTP/1.1" 200 1696
116.235.222.38 - - [17/Jul/2021:10:28:49 +0800] "GET /xingrg/kc/buy/cgsh_order_operate.html?command=get_materiel&rest_code=00107&code=00101006124&supplier_code=00100199&order_time=2021-07-17 HTTP/1.1" 200 409
58.37.5.217 - - [17/Jul/2021:10:28:50 +0800] "GET /xingrg/kc/print/load_data.html?order_code=212021071707641&kc_code=cgsh HTTP/1.1" 200 2851
180.156.224.123 - - [17/Jul/2021:10:28:55 +0800] "GET /xingrg/check_reg.html?_=1626488907644 HTTP/1.1" 200 71
180.156.224.123 - - [17/Jul/2021:10:28:55 +0800] "GET /xingrg/all/function/internal_message.html?_=1626488907704&CODE_STATE=getMsg HTTP/1.1" 200 27
101.83.145.79 - - [17/Jul/2021:10:28:55 +0800] "GET /xingrg/all/function/internal_message.html?_=1626488897273&CODE_STATE=getMsg HTTP/1.1" 200 27
180.174.226.65 - - [17/Jul/2021:10:28:58 +0800] "GET /xingrg/all/function/internal_message.html?_=1626488902045&CODE_STATE=getMsg HTTP/1.1" 200 27
116.230.110.80 - - [17/Jul/2021:10:29:02 +0800] "GET /xingrg/all/function/internal_message.html?_=1626488935803&CODE_STATE=getMsg HTTP/1.1" 200 27
116.235.222.38 - - [17/Jul/2021:10:29:03 +0800] "GET /xingrg/kc/buy/cgsh_order_operate.html?command=get_materiel&rest_code=00107&code=00101002027&supplier_code=00100199&order_time=2021-07-17 HTTP/1.1" 200 433
101.83.145.79 - - [17/Jul/2021:10:29:04 +0800] "POST /xingrg/kc/buy/cgsh_list_operate.html HTTP/1.1" 200 279
222.70.176.145 - - [17/Jul/2021:10:29:04 +0800] "GET /xingrg/all/function/internal_message.html?_=1626488936492&CODE_STATE=getMsg HTTP/1.1" 200 27
101.83.145.79 - - [17/Jul/2021:10:29:04 +0800] "GET /xingrg/kc/buy/cgsh_order_info.html?code=212021071707624 HTTP/1.1" 200 62786
101.83.145.79 - - [17/Jul/2021:10:29:04 +0800] "GET /xingrg/words/20210716202249_words.js HTTP/1.1" 304 -
101.85.107.54 - - [17/Jul/2021:10:29:04 +0800] "GET /xingrg/all/function/internal_message.html?_=1626488348158&CODE_STATE=getMsg HTTP/1.1" 200 27
101.83.145.79 - - [17/Jul/2021:10:29:04 +0800] "GET /xingrg/all/common/auto_word.html?type=employee&rest_code=00105 HTTP/1.1" 200 193
101.83.145.79 - - [17/Jul/2021:10:29:04 +0800] "GET /xingrg/all/common/auto_word.html?type=employee&rest_code=00105 HTTP/1.1" 200 193
101.83.145.79 - - [17/Jul/2021:10:29:04 +0800] "GET /xingrg/javascript/easyui/themes/default/validatebox.css HTTP/1.1" 404 1104
101.83.145.79 - - [17/Jul/2021:10:29:05 +0800] "POST /xingrg/kc/buy/cgsh_order_operate.html HTTP/1.1" 200 3254
101.83.145.79 - - [17/Jul/2021:10:29:06 +0800] "GET /xingrg/kc/print/load_config.html?kc_code=cgsh HTTP/1.1" 200 1845
101.83.145.79 - - [17/Jul/2021:10:29:07 +0800] "GET /xingrg/kc/print/load_data.html?order_code=212021071707624&kc_code=cgsh&condition= HTTP/1.1" 200 907
180.156.224.123 - - [17/Jul/2021:10:29:08 +0800] "GET /xingrg/all/function/internal_message.html?_=1626488944026&CODE_STATE=getMsg HTTP/1.1" 200 27
116.235.222.38 - - [17/Jul/2021:10:29:16 +0800] "GET /xingrg/kc/buy/cgsh_order_operate.html?command=get_materiel&rest_code=00107&code=00101001096&supplier_code=00100199&order_time=2021-07-17 HTTP/1.1" 200 413
58.40.7.146 - - [17/Jul/2021:10:29:16 +0800] "GET /xingrg/all/function/internal_message.html?_=1626488952007&CODE_STATE=getMsg HTTP/1.1" 200 27
117.143.47.82 - - [17/Jul/2021:10:29:16 +0800] "GET /xingrg/all/function/internal_message.html?_=1626488951233&CODE_STATE=getMsg HTTP/1.1" 200 27
58.37.5.217 - - [17/Jul/2021:10:29:17 +0800] "GET /xingrg/kc/buy/cgsh_order_add.html HTTP/1.1" 200 62732
58.37.5.217 - - [17/Jul/2021:10:29:18 +0800] "POST /xingrg/kc/buy/cgsh_order_operate.html HTTP/1.1" 200 8245
58.37.5.217 - - [17/Jul/2021:10:29:18 +0800] "GET /xingrg/javascript/easyui/themes/default/validatebox.css HTTP/1.1" 404 1104
58.37.5.217 - - [17/Jul/2021:10:29:18 +0800] "GET /xingrg/javascript/easyui/themes/default/tree.css HTTP/1.1" 404 1090
58.37.5.217 - - [17/Jul/2021:10:29:18 +0800] "POST /xingrg/all/common/load_tree.html?tree=supplier_tree_json&isDelete=1 HTTP/1.1" 200 56389
183.192.94.21 - - [17/Jul/2021:10:29:20 +0800] "GET /xingrg/all/function/internal_message.html?_=1626488961365&CODE_STATE=getMsg HTTP/1.1" 302 -
101.83.145.79 - - [17/Jul/2021:10:29:26 +0800] "GET /xingrg/all/function/internal_message.html?_=1626488963734&CODE_STATE=getMsg HTTP/1.1" 200 27
58.37.5.217 - - [17/Jul/2021:10:29:29 +0800] "GET /xingrg/kc/buy/cgsh_order_operate.html?command=get_materiel&rest_code=00106&code=00101007061&supplier_code=00100002&order_time=2021-07-17 HTTP/1.1" 200 411
222.70.175.207 - - [17/Jul/2021:10:29:30 +0800] "GET /xingrg/all/function/internal_message.html?_=1626488977548&CODE_STATE=getMsg HTTP/1.1" 200 27
117.184.7.30 - - [17/Jul/2021:10:29:32 +0800] "GET /favicon.ico HTTP/1.1" 404 -
180.162.112.86 - - [17/Jul/2021:10:29:33 +0800] "GET /xingrg/all/function/internal_message.html?_=1626488611156&CODE_STATE=getMsg HTTP/1.1" 200 27
58.37.5.217 - - [17/Jul/2021:10:29:37 +0800] "GET /xingrg/check_reg.html?_=1626488972875 HTTP/1.1" 200 71
58.37.5.217 - - [17/Jul/2021:10:29:37 +0800] "GET /xingrg/all/function/internal_message.html?_=1626488972877&CODE_STATE=getMsg HTTP/1.1" 200 27
222.70.176.145 - - [17/Jul/2021:10:29:37 +0800] "GET /xingrg/check_reg.html?_=1626488898445 HTTP/1.1" 302 -
222.70.176.145 - - [17/Jul/2021:10:29:37 +0800] "GET /xingrg/all/function/internal_message.html?_=1626488898446&CODE_STATE=getMsg HTTP/1.1" 302 -
114.83.222.173 - - [17/Jul/2021:10:29:40 +0800] "GET /xingrg/all/function/internal_message.html?_=1626488974246&CODE_STATE=getMsg HTTP/1.1" 200 27
116.235.222.38 - - [17/Jul/2021:10:29:41 +0800] "POST /xingrg/kc/buy/cgsh_order_operate.html HTTP/1.1" 200 37
58.37.5.217 - - [17/Jul/2021:10:29:42 +0800] "GET /xingrg/kc/buy/cgsh_order_operate.html?command=get_materiel&rest_code=00106&code=00101007125&supplier_code=00100002&order_time=2021-07-17 HTTP/1.1" 200 406
116.235.222.38 - - [17/Jul/2021:10:29:43 +0800] "POST /xingrg/kc/buy/cgsh_order_operate.html HTTP/1.1" 200 5020
116.235.222.38 - - [17/Jul/2021:10:29:45 +0800] "GET /xingrg/check_reg.html?_=1626488971754 HTTP/1.1" 200 71
116.235.222.38 - - [17/Jul/2021:10:29:45 +0800] "GET /xingrg/all/function/internal_message.html?_=1626488971871&CODE_STATE=getMsg HTTP/1.1" 200 27
116.235.222.38 - - [17/Jul/2021:10:29:46 +0800] "GET /xingrg/kc/print/load_data.html?order_code=212021071707642&kc_code=cgsh&condition= HTTP/1.1" 200 1565
58.40.7.146 - - [17/Jul/2021:10:29:49 +0800] "GET /xingrg/check_reg.html?_=1626488985525 HTTP/1.1" 302 -
58.40.7.146 - - [17/Jul/2021:10:29:49 +0800] "GET /xingrg/login.html HTTP/1.1" 200 1706
58.37.5.217 - - [17/Jul/2021:10:29:51 +0800] "GET /xingrg/kc/buy/cgsh_order_operate.html?command=get_materiel&rest_code=00106&code=00101007081&supplier_code=00100002&order_time=2021-07-17 HTTP/1.1" 200 415
180.156.224.123 - - [17/Jul/2021:10:29:55 +0800] "GET /xingrg/all/function/internal_message.html?_=1626488967717&CODE_STATE=getMsg HTTP/1.1" 200 27
101.83.145.79 - - [17/Jul/2021:10:29:55 +0800] "GET /xingrg/all/function/internal_message.html?_=1626488957279&CODE_STATE=getMsg HTTP/1.1" 200 27
116.235.222.38 - - [17/Jul/2021:10:29:56 +0800] "GET /xingrg/kc/buy/cgsh_order_add.html HTTP/1.1" 200 62814
116.235.222.38 - - [17/Jul/2021:10:29:57 +0800] "GET /xingrg/javascript/easyui/themes/default/validatebox.css HTTP/1.1" 404 1104
116.235.222.38 - - [17/Jul/2021:10:29:57 +0800] "POST /xingrg/kc/buy/cgsh_order_operate.html HTTP/1.1" 200 8245
116.235.222.38 - - [17/Jul/2021:10:29:57 +0800] "GET /xingrg/javascript/easyui/themes/default/tree.css HTTP/1.1" 404 1090
58.37.225.51 - - [17/Jul/2021:10:29:58 +0800] "GET /xingrg/login.html HTTP/1.1" 200 1706
116.235.222.38 - - [17/Jul/2021:10:29:58 +0800] "POST /xingrg/all/common/load_tree.html?tree=supplier_tree_json&isDelete=1 HTTP/1.1" 200 56389
180.174.226.65 - - [17/Jul/2021:10:29:58 +0800] "GET /xingrg/all/function/internal_message.html?_=1626488962267&CODE_STATE=getMsg HTTP/1.1" 200 27
58.37.225.51 - - [17/Jul/2021:10:29:58 +0800] "GET /favicon.ico HTTP/1.1" 404 -
58.37.5.217 - - [17/Jul/2021:10:30:00 +0800] "GET /xingrg/kc/buy/cgsh_order_operate.html?command=get_materiel&rest_code=00106&code=00101007049&supplier_code=00100002&order_time=2021-07-17 HTTP/1.1" 200 409
116.230.110.80 - - [17/Jul/2021:10:30:02 +0800] "GET /xingrg/all/function/internal_message.html?_=1626488995780&CODE_STATE=getMsg HTTP/1.1" 200 27
222.70.176.145 - - [17/Jul/2021:10:30:04 +0800] "GET /xingrg/all/function/internal_message.html?_=1626488996489&CODE_STATE=getMsg HTTP/1.1" 200 27
101.85.107.54 - - [17/Jul/2021:10:30:04 +0800] "GET /xingrg/all/function/internal_message.html?_=1626488408157&CODE_STATE=getMsg HTTP/1.1" 200 27
180.156.224.123 - - [17/Jul/2021:10:30:08 +0800] "GET /xingrg/all/function/internal_message.html?_=1626489004046&CODE_STATE=getMsg HTTP/1.1" 200 27
58.37.5.217 - - [17/Jul/2021:10:30:11 +0800] "GET /xingrg/kc/buy/cgsh_order_operate.html?command=get_materiel&rest_code=00106&code=00101007077&supplier_code=00100002&order_time=2021-07-17 HTTP/1.1" 200 415
116.235.222.38 - - [17/Jul/2021:10:30:12 +0800] "GET /xingrg/kc/buy/cgsh_order_operate.html?command=get_materiel&rest_code=00107&code=00101011001&supplier_code=00100049&order_time=2021-07-17 HTTP/1.1" 200 423
58.40.7.146 - - [17/Jul/2021:10:30:16 +0800] "GET /xingrg/all/function/internal_message.html?_=1626489012012&CODE_STATE=getMsg HTTP/1.1" 200 27
117.143.47.82 - - [17/Jul/2021:10:30:16 +0800] "GET /xingrg/all/function/internal_message.html?_=1626489011233&CODE_STATE=getMsg HTTP/1.1" 200 27
180.157.255.9 - - [17/Jul/2021:10:30:16 +0800] "GET /favicon.ico HTTP/1.1" 404 -
58.37.5.217 - - [17/Jul/2021:10:30:19 +0800] "GET /xingrg/kc/buy/cgsh_order_operate.html?command=get_materiel&rest_code=00106&code=00101007181&supplier_code=00100002&order_time=2021-07-17 HTTP/1.1" 200 398
183.192.94.21 - - [17/Jul/2021:10:30:20 +0800] "GET /xingrg/all/function/internal_message.html?_=1626489021362&CODE_STATE=getMsg HTTP/1.1" 302 -
183.192.94.21 - - [17/Jul/2021:10:30:20 +0800] "GET /xingrg/check_reg.html?_=1626489021367 HTTP/1.1" 302 -
116.235.222.38 - - [17/Jul/2021:10:30:23 +0800] "GET /xingrg/kc/buy/cgsh_order_operate.html?command=get_materiel&rest_code=00107&code=00101011005&supplier_code=00100049&order_time=2021-07-17 HTTP/1.1" 200 428
101.83.145.79 - - [17/Jul/2021:10:30:26 +0800] "GET /xingrg/all/function/internal_message.html?_=1626489023745&CODE_STATE=getMsg HTTP/1.1" 200 27
58.37.5.217 - - [17/Jul/2021:10:30:29 +0800] "POST /xingrg/kc/buy/cgsh_order_operate.html HTTP/1.1" 200 37
222.70.175.207 - - [17/Jul/2021:10:30:30 +0800] "GET /xingrg/all/function/internal_message.html?_=1626489037629&CODE_STATE=getMsg HTTP/1.1" 200 27
58.37.225.51 - - [17/Jul/2021:10:30:31 +0800] "GET /xingrg/login.html?r=1 HTTP/1.1" 200 7641
58.37.225.51 - - [17/Jul/2021:10:30:31 +0800] "GET /favicon.ico HTTP/1.1" 404 -
58.37.5.217 - - [17/Jul/2021:10:30:32 +0800] "POST /xingrg/kc/buy/cgsh_order_operate.html HTTP/1.1" 200 12
58.37.225.51 - - [17/Jul/2021:10:30:32 +0800] "POST /xingrg/login.do HTTP/1.1" 302 -
58.37.225.51 - - [17/Jul/2021:10:30:32 +0800] "GET /xingrg/index.html?sysBaseUrl=http%3A%2F%2F180.169.147.146%3A18081%2Fxingrg%2F&costTime=41×tamp=1626489032892 HTTP/1.1" 200 17179
58.37.225.51 - - [17/Jul/2021:10:30:33 +0800] "GET /favicon.ico HTTP/1.1" 404 -
58.37.225.51 - - [17/Jul/2021:10:30:33 +0800] "POST /xingrg/all/common/load_tree.html?tree=area_rest_tree_json&manage=1 HTTP/1.1" 200 351
58.37.225.51 - - [17/Jul/2021:10:30:33 +0800] "GET /xingrg/all/function/internal_message.html?_=1626488943100&CODE_STATE=count HTTP/1.1" 200 11
58.37.225.51 - - [17/Jul/2021:10:30:33 +0800] "GET /xingrg/check_reg.html?_=1626488943100 HTTP/1.1" 200 71
58.37.225.51 - - [17/Jul/2021:10:30:33 +0800] "POST /xingrg/load_menu.html HTTP/1.1" 200 5138
58.37.5.217 - - [17/Jul/2021:10:30:33 +0800] "GET /xingrg/kc/buy/cgsh_order_info.html?code=212021071707643 HTTP/1.1" 200 57642
180.162.112.86 - - [17/Jul/2021:10:30:33 +0800] "GET /xingrg/all/function/internal_message.html?_=1626488671169&CODE_STATE=getMsg HTTP/1.1" 200 27
58.37.5.217 - - [17/Jul/2021:10:30:33 +0800] "GET /xingrg/javascript/easyui/themes/default/validatebox.css HTTP/1.1" 404 1104
58.37.5.217 - - [17/Jul/2021:10:30:34 +0800] "POST /xingrg/kc/buy/cgsh_order_operate.html HTTP/1.1" 200 3561
58.37.225.51 - - [17/Jul/2021:10:30:35 +0800] "GET /xingrg/kc/buy/buy_main.html HTTP/1.1" 200 12412
58.37.225.51 - - [17/Jul/2021:10:30:35 +0800] "GET /xingrg/css/new_ie.css HTTP/1.1" 404 1036
58.37.5.217 - - [17/Jul/2021:10:30:35 +0800] "GET /xingrg/kc/print/load_data.html?order_code=212021071707643&kc_code=cgsh&condition= HTTP/1.1" 200 1897
58.37.225.51 - - [17/Jul/2021:10:30:35 +0800] "GET /xingrg/images/yd/bt.gif HTTP/1.1" 404 1040
58.37.225.51 - - [17/Jul/2021:10:30:36 +0800] "GET /xingrg/kc/buy/cgsh_order_list.html HTTP/1.1" 200 46994
58.37.225.51 - - [17/Jul/2021:10:30:37 +0800] "POST /xingrg/kc/buy/cgsh_list_operate.html HTTP/1.1" 200 876
58.37.5.217 - - [17/Jul/2021:10:30:37 +0800] "GET /xingrg/all/function/internal_message.html?_=1626489032870&CODE_STATE=getMsg HTTP/1.1" 200 27
222.70.176.145 - - [17/Jul/2021:10:30:37 +0800] "GET /xingrg/all/function/internal_message.html?_=1626488958445&CODE_STATE=getMsg HTTP/1.1" 302 -
114.83.222.173 - - [17/Jul/2021:10:30:40 +0800] "GET /xingrg/all/function/internal_message.html?_=1626489034258&CODE_STATE=getMsg HTTP/1.1" 200 27
58.37.225.51 - - [17/Jul/2021:10:30:45 +0800] "GET /xingrg/kc/buy/cgsh_order_add.html HTTP/1.1" 200 62732
58.37.225.51 - - [17/Jul/2021:10:30:45 +0800] "GET /xingrg/words/20210716202249_words.js HTTP/1.1" 304 -
116.235.222.38 - - [17/Jul/2021:10:30:45 +0800] "GET /xingrg/all/function/internal_message.html?_=1626489031876&CODE_STATE=getMsg HTTP/1.1" 200 27
58.37.225.51 - - [17/Jul/2021:10:30:45 +0800] "POST /xingrg/kc/buy/cgsh_order_operate.html HTTP/1.1" 200 8245
58.37.225.51 - - [17/Jul/2021:10:30:46 +0800] "GET /xingrg/all/common/auto_word.html?type=employee&rest_code=00141 HTTP/1.1" 200 201
58.37.225.51 - - [17/Jul/2021:10:30:46 +0800] "GET /xingrg/javascript/easyui/themes/default/validatebox.css HTTP/1.1" 404 1104
58.37.225.51 - - [17/Jul/2021:10:30:46 +0800] "GET /xingrg/all/common/auto_word.html?type=employee&rest_code=00141 HTTP/1.1" 200 201
58.37.5.217 - - [17/Jul/2021:10:30:49 +0800] "GET /xingrg/kc/print/load_data.html?order_code=212021071707643&kc_code=cgsh HTTP/1.1" 200 1897
180.156.224.123 - - [17/Jul/2021:10:30:55 +0800] "GET /xingrg/all/function/internal_message.html?_=1626489027731&CODE_STATE=getMsg HTTP/1.1" 200 27
101.83.145.79 - - [17/Jul/2021:10:30:55 +0800] "GET /xingrg/all/function/internal_message.html?_=1626489017277&CODE_STATE=getMsg HTTP/1.1" 200 27
58.37.225.51 - - [17/Jul/2021:10:30:58 +0800] "GET /xingrg/javascript/auto/indicator.gif HTTP/1.1" 404 1066
116.235.222.38 - - [17/Jul/2021:10:31:01 +0800] "POST /xingrg/kc/buy/cgsh_order_operate.html HTTP/1.1" 200 37
116.230.110.80 - - [17/Jul/2021:10:31:02 +0800] "GET /xingrg/all/function/internal_message.html?_=1626489055765&CODE_STATE=getMsg HTTP/1.1" 200 27
58.37.225.51 - - [17/Jul/2021:10:31:02 +0800] "GET /xingrg/javascript/jquery_tools/images/next.gif HTTP/1.1" 404 1086
58.37.225.51 - - [17/Jul/2021:10:31:02 +0800] "GET /xingrg/javascript/jquery_tools/images/prev.gif HTTP/1.1" 404 1086
116.235.222.38 - - [17/Jul/2021:10:31:03 +0800] "POST /xingrg/kc/buy/cgsh_order_operate.html HTTP/1.1" 200 3263
222.70.176.145 - - [17/Jul/2021:10:31:04 +0800] "GET /xingrg/all/function/internal_message.html?_=1626489056483&CODE_STATE=getMsg HTTP/1.1" 200 27
116.235.222.38 - - [17/Jul/2021:10:31:04 +0800] "GET /xingrg/kc/print/load_data.html?order_code=212021071707644&kc_code=cgsh&condition= HTTP/1.1" 200 960
101.85.107.54 - - [17/Jul/2021:10:31:04 +0800] "GET /xingrg/all/function/internal_message.html?_=1626488468156&CODE_STATE=getMsg HTTP/1.1" 200 27
116.230.110.80 - - [17/Jul/2021:10:31:08 +0800] "POST /xingrg/kc/buy/cgsh_list_operate.html HTTP/1.1" 200 9905
116.235.222.38 - - [17/Jul/2021:10:31:08 +0800] "GET /xingrg/kc/buy/cgsh_order_add.html HTTP/1.1" 200 62814
180.156.224.123 - - [17/Jul/2021:10:31:08 +0800] "GET /xingrg/all/function/internal_message.html?_=1626489064046&CODE_STATE=getMsg HTTP/1.1" 200 27
116.230.110.80 - - [17/Jul/2021:10:31:09 +0800] "GET /xingrg/kc/buy/buy_main.html HTTP/1.1" 200 12412
116.230.110.80 - - [17/Jul/2021:10:31:09 +0800] "GET /xingrg/css/new_ie.css HTTP/1.1" 404 1036
116.235.222.38 - - [17/Jul/2021:10:31:09 +0800] "GET /xingrg/javascript/easyui/themes/default/validatebox.css HTTP/1.1" 404 1104
116.235.222.38 - - [17/Jul/2021:10:31:09 +0800] "POST /xingrg/kc/buy/cgsh_order_operate.html HTTP/1.1" 200 8245
116.230.110.80 - - [17/Jul/2021:10:31:10 +0800] "GET /xingrg/images/yd/bt.gif HTTP/1.1" 404 1040
116.235.222.38 - - [17/Jul/2021:10:31:10 +0800] "GET /xingrg/javascript/easyui/themes/default/tree.css HTTP/1.1" 404 1090
116.235.222.38 - - [17/Jul/2021:10:31:10 +0800] "POST /xingrg/all/common/load_tree.html?tree=supplier_tree_json&isDelete=1 HTTP/1.1" 200 56389
116.230.110.80 - - [17/Jul/2021:10:31:10 +0800] "GET /xingrg/kc/buy/cgsh_order_list.html HTTP/1.1" 200 46994
116.230.110.80 - - [17/Jul/2021:10:31:11 +0800] "POST /xingrg/kc/buy/cgsh_list_operate.html HTTP/1.1" 200 876
58.37.5.217 - - [17/Jul/2021:10:31:13 +0800] "GET /xingrg/kc/buy/cgsh_order_add.html HTTP/1.1" 200 62732
58.37.5.217 - - [17/Jul/2021:10:31:14 +0800] "POST /xingrg/kc/buy/cgsh_order_operate.html HTTP/1.1" 200 8245
58.37.5.217 - - [17/Jul/2021:10:31:14 +0800] "GET /xingrg/javascript/easyui/themes/default/validatebox.css HTTP/1.1" 404 1104
58.37.5.217 - - [17/Jul/2021:10:31:16 +0800] "GET /xingrg/javascript/easyui/themes/default/tree.css HTTP/1.1" 404 1090
58.37.5.217 - - [17/Jul/2021:10:31:16 +0800] "POST /xingrg/all/common/load_tree.html?tree=supplier_tree_json&isDelete=1 HTTP/1.1" 200 56389
58.40.7.146 - - [17/Jul/2021:10:31:16 +0800] "GET /xingrg/all/function/internal_message.html?_=1626489071999&CODE_STATE=getMsg HTTP/1.1" 200 27
117.143.47.82 - - [17/Jul/2021:10:31:16 +0800] "GET /xingrg/all/function/internal_message.html?_=1626489071233&CODE_STATE=getMsg HTTP/1.1" 200 27
116.230.110.80 - - [17/Jul/2021:10:31:16 +0800] "GET /xingrg/kc/buy/cgsh_order_add.html HTTP/1.1" 200 62694
116.230.110.80 - - [17/Jul/2021:10:31:16 +0800] "GET /xingrg/words/20210716202249_words.js HTTP/1.1" 200 825985
116.230.110.80 - - [17/Jul/2021:10:31:17 +0800] "POST /xingrg/kc/buy/cgsh_order_operate.html HTTP/1.1" 200 8245
116.230.110.80 - - [17/Jul/2021:10:31:17 +0800] "GET /xingrg/all/common/auto_word.html?type=employee&rest_code=00155 HTTP/1.1" 200 205
116.230.110.80 - - [17/Jul/2021:10:31:17 +0800] "GET /xingrg/all/common/auto_word.html?type=employee&rest_code=00155 HTTP/1.1" 200 205
116.230.110.80 - - [17/Jul/2021:10:31:17 +0800] "GET /xingrg/javascript/easyui/themes/default/validatebox.css HTTP/1.1" 404 1104
58.37.225.51 - - [17/Jul/2021:10:31:17 +0800] "GET /xingrg/kc/buy/cgsh_order_operate.html?command=get_materiel&rest_code=00141&code=00101015054&supplier_code=00100036&order_time=2021-07-17 HTTP/1.1" 200 423
116.230.110.80 - - [17/Jul/2021:10:31:18 +0800] "GET /xingrg/check_reg.html?_=1626489072048 HTTP/1.1" 200 71
183.192.94.21 - - [17/Jul/2021:10:31:20 +0800] "GET /xingrg/all/function/internal_message.html?_=1626489081367&CODE_STATE=getMsg HTTP/1.1" 302 -
180.169.147.146 - - [17/Jul/2021:10:31:20 +0800] "GET /xingrg/check_reg.html?_=1626489062237 HTTP/1.1" 200 71
116.235.222.38 - - [17/Jul/2021:10:31:24 +0800] "GET /xingrg/kc/buy/cgsh_order_operate.html?command=get_materiel&rest_code=00107&code=00101010161&supplier_code=00100041&order_time=2021-07-17 HTTP/1.1" 200 409
