120.253.135.82 - - [15/Jul/2021:06:25:24 +0800] "GET /xingrg/javascript/easyui/plugins/jquery.validatebox.js HTTP/1.1" 200 6103
120.253.135.82 - - [15/Jul/2021:06:25:24 +0800] "POST /xingrg/kc/pszx/mdps_order_operate.html HTTP/1.1" 200 7829
120.253.135.82 - - [15/Jul/2021:06:25:24 +0800] "GET /xingrg/javascript/easyui/themes/icons/edit_remove.png HTTP/1.1" 200 625
120.253.135.82 - - [15/Jul/2021:06:25:24 +0800] "GET /xingrg/javascript/easyui/plugins/jquery.numberbox.js HTTP/1.1" 200 5213
120.253.135.82 - - [15/Jul/2021:06:25:26 +0800] "GET /xingrg/javascript/easyui/themes/default/images/button_plain_hover.png HTTP/1.1" 200 144
120.253.135.82 - - [15/Jul/2021:06:25:28 +0800] "POST /xingrg/kc/pszx/mdps_order_operate.html HTTP/1.1" 200 37
120.253.135.82 - - [15/Jul/2021:06:25:29 +0800] "GET /xingrg/kc/pszx/mdps_order_info.html?code=312021071500345 HTTP/1.1" 200 23931
120.253.135.82 - - [15/Jul/2021:06:25:29 +0800] "GET /xingrg/javascript/easyui/themes/default/validatebox.css HTTP/1.1" 404 1104
120.253.135.82 - - [15/Jul/2021:06:25:29 +0800] "POST /xingrg/kc/pszx/mdps_order_operate.html HTTP/1.1" 200 7924
116.230.110.80 - - [15/Jul/2021:06:25:36 +0800] "GET /xingrg/all/function/internal_message.html?_=1626301531448&CODE_STATE=getMsg HTTP/1.1" 200 27
180.169.147.146 - - [15/Jul/2021:06:25:39 +0800] "GET /xingrg/all/function/internal_message.html?_=1626301536634&CODE_STATE=getMsg HTTP/1.1" 200 27
180.169.147.146 - - [15/Jul/2021:06:25:43 +0800] "GET /xingrg/check_reg.html?_=1626301529416 HTTP/1.1" 200 71
117.184.7.30 - - [15/Jul/2021:06:25:53 +0800] "GET /xingrg/all/function/internal_message.html?_=1626301545991&CODE_STATE=getMsg HTTP/1.1" 200 27
222.70.175.207 - - [15/Jul/2021:06:25:54 +0800] "GET /xingrg/all/function/internal_message.html?_=1626301554888&CODE_STATE=getMsg HTTP/1.1" 200 27
180.156.224.123 - - [15/Jul/2021:06:26:02 +0800] "GET /xingrg/all/function/internal_message.html?_=1626301538771&CODE_STATE=getMsg HTTP/1.1" 200 27
120.253.135.82 - - [15/Jul/2021:06:26:10 +0800] "POST /xingrg/kc/pszx/mdps_order_operate.html HTTP/1.1" 200 37
58.37.5.217 - - [15/Jul/2021:06:26:10 +0800] "GET /xingrg/all/function/internal_message.html?_=1626302104599&CODE_STATE=getMsg HTTP/1.1" 200 27
120.253.135.82 - - [15/Jul/2021:06:26:11 +0800] "GET /xingrg/kc/pszx/mdps_order_info.html?code=312021071500345 HTTP/1.1" 200 23931
120.253.135.82 - - [15/Jul/2021:06:26:11 +0800] "GET /xingrg/javascript/easyui/themes/default/validatebox.css HTTP/1.1" 404 1104
120.253.135.82 - - [15/Jul/2021:06:26:11 +0800] "POST /xingrg/kc/pszx/mdps_order_operate.html HTTP/1.1" 200 7924
58.40.7.146 - - [15/Jul/2021:06:26:11 +0800] "GET /xingrg/all/function/internal_message.html?_=1626301569117&CODE_STATE=getMsg HTTP/1.1" 200 27
180.156.224.123 - - [15/Jul/2021:06:26:17 +0800] "GET /xingrg/all/function/internal_message.html?_=1626301574568&CODE_STATE=getMsg HTTP/1.1" 200 27
183.192.94.21 - - [15/Jul/2021:06:26:18 +0800] "GET /xingrg/all/function/internal_message.html?_=1626301579451&CODE_STATE=getMsg HTTP/1.1" 302 -
120.253.135.82 - - [15/Jul/2021:06:26:18 +0800] "GET /xingrg/kc/pszx/mdps_order_info.html?code=312021071500345 HTTP/1.1" 200 23931
120.253.135.82 - - [15/Jul/2021:06:26:19 +0800] "GET /xingrg/javascript/easyui/themes/default/validatebox.css HTTP/1.1" 404 1104
120.253.135.82 - - [15/Jul/2021:06:26:19 +0800] "POST /xingrg/kc/pszx/mdps_order_operate.html HTTP/1.1" 200 7924
120.253.135.82 - - [15/Jul/2021:06:26:21 +0800] "POST /xingrg/kc/pszx/mdps_list_operate.html HTTP/1.1" 200 1692
180.169.147.146 - - [15/Jul/2021:06:26:22 +0800] "GET /xingrg/all/function/internal_message.html?_=1626301567778&CODE_STATE=getMsg HTTP/1.1" 200 27
120.253.135.82 - - [15/Jul/2021:06:26:22 +0800] "POST /xingrg/kc/pszx/mdps_list_operate.html HTTP/1.1" 200 638
120.253.135.82 - - [15/Jul/2021:06:26:23 +0800] "GET /xingrg/kc/pszx/mdps_order_info.html?code=312021071500345 HTTP/1.1" 200 23931
120.253.135.82 - - [15/Jul/2021:06:26:23 +0800] "GET /xingrg/all/function/internal_message.html?_=1626301361426&CODE_STATE=getMsg HTTP/1.1" 200 27
120.253.135.82 - - [15/Jul/2021:06:26:23 +0800] "POST /xingrg/kc/pszx/mdps_order_operate.html HTTP/1.1" 200 7924
120.253.135.82 - - [15/Jul/2021:06:26:23 +0800] "GET /xingrg/javascript/easyui/themes/default/validatebox.css HTTP/1.1" 404 1104
120.253.135.82 - - [15/Jul/2021:06:26:26 +0800] "POST /xingrg/kc/pszx/mdps_list_operate.html HTTP/1.1" 200 1692
120.253.135.82 - - [15/Jul/2021:06:26:28 +0800] "POST /xingrg/kc/pszx/mdps_list_operate.html HTTP/1.1" 200 638
120.253.135.82 - - [15/Jul/2021:06:26:29 +0800] "GET /xingrg/kc/pszx/mdps_order_info.html?code=312021071500345 HTTP/1.1" 200 23931
120.253.135.82 - - [15/Jul/2021:06:26:29 +0800] "GET /xingrg/javascript/easyui/themes/default/validatebox.css HTTP/1.1" 404 1104
120.253.135.82 - - [15/Jul/2021:06:26:29 +0800] "POST /xingrg/kc/pszx/mdps_order_operate.html HTTP/1.1" 200 7924
180.156.224.123 - - [15/Jul/2021:06:26:31 +0800] "GET /xingrg/check_reg.html?_=1626301588190 HTTP/1.1" 200 71
120.253.135.82 - - [15/Jul/2021:06:26:32 +0800] "GET /xingrg/kc/print/load_config.html?kc_code=mdps HTTP/1.1" 200 2390
120.253.135.82 - - [15/Jul/2021:06:26:32 +0800] "GET /xingrg/kc/print/load_data.html?order_code=312021071500345&kc_code=mdps&condition= HTTP/1.1" 200 3357
116.230.110.80 - - [15/Jul/2021:06:26:36 +0800] "GET /xingrg/all/function/internal_message.html?_=1626301591439&CODE_STATE=getMsg HTTP/1.1" 200 27
180.169.147.146 - - [15/Jul/2021:06:26:39 +0800] "GET /xingrg/all/function/internal_message.html?_=1626301596637&CODE_STATE=getMsg HTTP/1.1" 200 27
222.70.175.207 - - [15/Jul/2021:06:26:46 +0800] "GET /xingrg/check_reg.html?_=1626301606154 HTTP/1.1" 200 71
117.184.7.30 - - [15/Jul/2021:06:26:53 +0800] "GET /xingrg/all/function/internal_message.html?_=1626301605986&CODE_STATE=getMsg HTTP/1.1" 200 27
222.70.175.207 - - [15/Jul/2021:06:26:54 +0800] "GET /xingrg/all/function/internal_message.html?_=1626301614901&CODE_STATE=getMsg HTTP/1.1" 200 27
180.156.224.123 - - [15/Jul/2021:06:27:02 +0800] "GET /xingrg/all/function/internal_message.html?_=1626301598790&CODE_STATE=getMsg HTTP/1.1" 200 27
58.37.5.217 - - [15/Jul/2021:06:27:10 +0800] "GET /xingrg/check_reg.html?_=1626302164602 HTTP/1.1" 200 71
58.37.5.217 - - [15/Jul/2021:06:27:10 +0800] "GET /xingrg/all/function/internal_message.html?_=1626302164604&CODE_STATE=getMsg HTTP/1.1" 200 27
58.40.7.146 - - [15/Jul/2021:06:27:11 +0800] "GET /xingrg/all/function/internal_message.html?_=1626301629121&CODE_STATE=getMsg HTTP/1.1" 200 27
180.156.224.123 - - [15/Jul/2021:06:27:17 +0800] "GET /xingrg/all/function/internal_message.html?_=1626301634563&CODE_STATE=getMsg HTTP/1.1" 200 27
183.192.94.21 - - [15/Jul/2021:06:27:18 +0800] "GET /xingrg/all/function/internal_message.html?_=1626301639448&CODE_STATE=getMsg HTTP/1.1" 302 -
180.169.147.146 - - [15/Jul/2021:06:27:22 +0800] "GET /xingrg/all/function/internal_message.html?_=1626301627752&CODE_STATE=getMsg HTTP/1.1" 200 27
120.253.135.82 - - [15/Jul/2021:06:27:22 +0800] "POST /xingrg/kc/pszx/mdps_list_operate.html HTTP/1.1" 200 1692
120.253.135.82 - - [15/Jul/2021:06:27:23 +0800] "GET /xingrg/all/function/internal_message.html?_=1626301421436&CODE_STATE=getMsg HTTP/1.1" 200 27
120.253.135.82 - - [15/Jul/2021:06:27:32 +0800] "POST /xingrg/kc/pszx/mdps_list_operate.html HTTP/1.1" 200 1692
120.253.135.82 - - [15/Jul/2021:06:27:34 +0800] "POST /xingrg/kc/pszx/mdps_list_operate.html HTTP/1.1" 200 652
120.253.135.82 - - [15/Jul/2021:06:27:35 +0800] "GET /xingrg/kc/pszx/mdps_order_info.html?code=312021071500346 HTTP/1.1" 200 23931
120.253.135.82 - - [15/Jul/2021:06:27:35 +0800] "GET /xingrg/javascript/easyui/themes/default/validatebox.css HTTP/1.1" 404 1104
120.253.135.82 - - [15/Jul/2021:06:27:35 +0800] "POST /xingrg/kc/pszx/mdps_order_operate.html HTTP/1.1" 200 6853
116.230.110.80 - - [15/Jul/2021:06:27:36 +0800] "GET /xingrg/all/function/internal_message.html?_=1626301651439&CODE_STATE=getMsg HTTP/1.1" 200 27
120.253.135.82 - - [15/Jul/2021:06:27:38 +0800] "POST /xingrg/kc/pszx/mdps_order_operate.html HTTP/1.1" 200 37
120.253.135.82 - - [15/Jul/2021:06:27:39 +0800] "GET /xingrg/kc/pszx/mdps_order_info.html?code=312021071500346 HTTP/1.1" 200 23931
180.169.147.146 - - [15/Jul/2021:06:27:39 +0800] "GET /xingrg/all/function/internal_message.html?_=1626301656630&CODE_STATE=getMsg HTTP/1.1" 200 27
120.253.135.82 - - [15/Jul/2021:06:27:39 +0800] "POST /xingrg/kc/pszx/mdps_order_operate.html HTTP/1.1" 200 6935
120.253.135.82 - - [15/Jul/2021:06:27:39 +0800] "GET /xingrg/javascript/easyui/themes/default/validatebox.css HTTP/1.1" 404 1104
117.184.7.30 - - [15/Jul/2021:06:27:53 +0800] "GET /xingrg/all/function/internal_message.html?_=1626301665986&CODE_STATE=getMsg HTTP/1.1" 200 27
222.70.175.207 - - [15/Jul/2021:06:27:54 +0800] "GET /xingrg/all/function/internal_message.html?_=1626301674915&CODE_STATE=getMsg HTTP/1.1" 200 27
180.156.224.123 - - [15/Jul/2021:06:28:02 +0800] "GET /xingrg/all/function/internal_message.html?_=1626301658799&CODE_STATE=getMsg HTTP/1.1" 200 27
58.37.5.217 - - [15/Jul/2021:06:28:10 +0800] "GET /xingrg/all/function/internal_message.html?_=1626302224602&CODE_STATE=getMsg HTTP/1.1" 200 27
58.40.7.146 - - [15/Jul/2021:06:28:11 +0800] "GET /xingrg/all/function/internal_message.html?_=1626301689125&CODE_STATE=getMsg HTTP/1.1" 200 27
58.40.7.146 - - [15/Jul/2021:06:28:11 +0800] "GET /xingrg/check_reg.html?_=1626301689126 HTTP/1.1" 200 71
180.156.224.123 - - [15/Jul/2021:06:28:17 +0800] "GET /xingrg/all/function/internal_message.html?_=1626301694549&CODE_STATE=getMsg HTTP/1.1" 200 27
183.192.94.21 - - [15/Jul/2021:06:28:18 +0800] "GET /xingrg/all/function/internal_message.html?_=1626301699450&CODE_STATE=getMsg HTTP/1.1" 302 -
180.169.147.146 - - [15/Jul/2021:06:28:22 +0800] "GET /xingrg/all/function/internal_message.html?_=1626301687731&CODE_STATE=getMsg HTTP/1.1" 200 27
120.253.135.82 - - [15/Jul/2021:06:28:23 +0800] "GET /xingrg/check_reg.html?_=1626301481341 HTTP/1.1" 200 71
120.253.135.82 - - [15/Jul/2021:06:28:23 +0800] "GET /xingrg/all/function/internal_message.html?_=1626301481450&CODE_STATE=getMsg HTTP/1.1" 200 27
120.253.135.82 - - [15/Jul/2021:06:28:35 +0800] "POST /xingrg/kc/pszx/mdps_order_operate.html HTTP/1.1" 200 37
58.39.171.44 - - [15/Jul/2021:06:28:35 +0800] "POST /xingrg/services/DataTransmitService HTTP/1.1" 200 524
120.253.135.82 - - [15/Jul/2021:06:28:35 +0800] "GET /xingrg/kc/pszx/mdps_order_info.html?code=312021071500346 HTTP/1.1" 200 23931
58.39.171.44 - - [15/Jul/2021:06:28:35 +0800] "POST /xingrg/services/DataTransmitService HTTP/1.1" 200 501
120.253.135.82 - - [15/Jul/2021:06:28:36 +0800] "GET /xingrg/javascript/easyui/themes/default/validatebox.css HTTP/1.1" 404 1104
120.253.135.82 - - [15/Jul/2021:06:28:36 +0800] "POST /xingrg/kc/pszx/mdps_order_operate.html HTTP/1.1" 200 6935
116.230.110.80 - - [15/Jul/2021:06:28:36 +0800] "GET /xingrg/all/function/internal_message.html?_=1626301711440&CODE_STATE=getMsg HTTP/1.1" 200 27
120.253.135.82 - - [15/Jul/2021:06:28:38 +0800] "POST /xingrg/kc/pszx/mdps_list_operate.html HTTP/1.1" 200 1692
180.169.147.146 - - [15/Jul/2021:06:28:39 +0800] "GET /xingrg/all/function/internal_message.html?_=1626301716640&CODE_STATE=getMsg HTTP/1.1" 200 27
120.253.135.82 - - [15/Jul/2021:06:28:40 +0800] "POST /xingrg/kc/pszx/mdps_list_operate.html HTTP/1.1" 200 652
120.253.135.82 - - [15/Jul/2021:06:28:40 +0800] "GET /xingrg/kc/pszx/mdps_order_info.html?code=312021071500346 HTTP/1.1" 200 23931
120.253.135.82 - - [15/Jul/2021:06:28:41 +0800] "GET /xingrg/javascript/easyui/themes/default/validatebox.css HTTP/1.1" 404 1104
120.253.135.82 - - [15/Jul/2021:06:28:41 +0800] "POST /xingrg/kc/pszx/mdps_order_operate.html HTTP/1.1" 200 6935
120.253.135.82 - - [15/Jul/2021:06:28:43 +0800] "GET /xingrg/kc/print/load_data.html?order_code=312021071500346&kc_code=mdps&condition= HTTP/1.1" 200 2922
117.184.7.30 - - [15/Jul/2021:06:28:53 +0800] "GET /xingrg/all/function/internal_message.html?_=1626301725986&CODE_STATE=getMsg HTTP/1.1" 200 27
222.70.175.207 - - [15/Jul/2021:06:28:54 +0800] "GET /xingrg/all/function/internal_message.html?_=1626301734943&CODE_STATE=getMsg HTTP/1.1" 200 27
117.184.7.30 - - [15/Jul/2021:06:28:55 +0800] "GET /xingrg/check_reg.html?_=1626301727950 HTTP/1.1" 200 71
180.156.224.123 - - [15/Jul/2021:06:29:02 +0800] "GET /xingrg/all/function/internal_message.html?_=1626301718815&CODE_STATE=getMsg HTTP/1.1" 200 27
58.37.5.217 - - [15/Jul/2021:06:29:10 +0800] "GET /xingrg/all/function/internal_message.html?_=1626302284602&CODE_STATE=getMsg HTTP/1.1" 200 27
58.40.7.146 - - [15/Jul/2021:06:29:11 +0800] "GET /xingrg/all/function/internal_message.html?_=1626301749127&CODE_STATE=getMsg HTTP/1.1" 200 27
180.156.224.123 - - [15/Jul/2021:06:29:17 +0800] "GET /xingrg/all/function/internal_message.html?_=1626301754533&CODE_STATE=getMsg HTTP/1.1" 200 27
183.192.94.21 - - [15/Jul/2021:06:29:18 +0800] "GET /xingrg/all/function/internal_message.html?_=1626301759451&CODE_STATE=getMsg HTTP/1.1" 302 -
180.169.147.146 - - [15/Jul/2021:06:29:22 +0800] "GET /xingrg/all/function/internal_message.html?_=1626301747731&CODE_STATE=getMsg HTTP/1.1" 200 27
120.253.135.82 - - [15/Jul/2021:06:29:23 +0800] "GET /xingrg/all/function/internal_message.html?_=1626301541464&CODE_STATE=getMsg HTTP/1.1" 200 27
116.230.110.80 - - [15/Jul/2021:06:29:36 +0800] "GET /xingrg/check_reg.html?_=1626301771433 HTTP/1.1" 200 71
116.230.110.80 - - [15/Jul/2021:06:29:36 +0800] "GET /xingrg/all/function/internal_message.html?_=1626301771435&CODE_STATE=getMsg HTTP/1.1" 200 27
180.169.147.146 - - [15/Jul/2021:06:29:39 +0800] "GET /xingrg/all/function/internal_message.html?_=1626301776639&CODE_STATE=getMsg HTTP/1.1" 200 27
180.169.147.146 - - [15/Jul/2021:06:29:39 +0800] "GET /xingrg/check_reg.html?_=1626301776643 HTTP/1.1" 200 71
120.253.135.82 - - [15/Jul/2021:06:29:50 +0800] "POST /xingrg/kc/pszx/mdps_list_operate.html HTTP/1.1" 200 1692
180.156.224.123 - - [15/Jul/2021:06:29:52 +0800] "GET /xingrg/check_reg.html?_=1626301769186 HTTP/1.1" 200 71
117.184.7.30 - - [15/Jul/2021:06:29:53 +0800] "GET /xingrg/all/function/internal_message.html?_=1626301785985&CODE_STATE=getMsg HTTP/1.1" 200 27
222.70.175.207 - - [15/Jul/2021:06:29:54 +0800] "GET /xingrg/all/function/internal_message.html?_=1626301794959&CODE_STATE=getMsg HTTP/1.1" 200 27
120.253.135.82 - - [15/Jul/2021:06:29:59 +0800] "GET /xingrg/kc/pszx/mdqp_order_list.html?state=10 HTTP/1.1" 200 15856
120.253.135.82 - - [15/Jul/2021:06:29:59 +0800] "GET /xingrg/dwr/interface/AjaxReportQueryService.js HTTP/1.1" 200 13203
120.253.135.82 - - [15/Jul/2021:06:29:59 +0800] "GET /xingrg/dwr/interface/AjaxQqpsService.js HTTP/1.1" 200 16326
120.253.135.82 - - [15/Jul/2021:06:29:59 +0800] "GET /xingrg/dwr/engine.js HTTP/1.1" 200 43631
180.156.224.123 - - [15/Jul/2021:06:30:02 +0800] "GET /xingrg/all/function/internal_message.html?_=1626301778825&CODE_STATE=getMsg HTTP/1.1" 200 27
58.40.7.146 - - [15/Jul/2021:06:30:03 +0800] "GET /xingrg/check_reg.html?_=1626301800691 HTTP/1.1" 302 -
120.253.135.82 - - [15/Jul/2021:06:30:07 +0800] "GET /xingrg/kc/pszx/mdqp_order_info.html?code=302021071400296 HTTP/1.1" 200 13346
120.253.135.82 - - [15/Jul/2021:06:30:07 +0800] "GET /xingrg/javascript/AjaxInfoList.js HTTP/1.1" 200 3774
120.253.135.82 - - [15/Jul/2021:06:30:07 +0800] "GET /xingrg/javascript/checkform.js HTTP/1.1" 200 18351
120.253.135.82 - - [15/Jul/2021:06:30:07 +0800] "GET /xingrg/dwr/engine.js HTTP/1.1" 200 43631
120.253.135.82 - - [15/Jul/2021:06:30:07 +0800] "GET /xingrg/javascript/ToolTips.js HTTP/1.1" 200 5615
120.253.135.82 - - [15/Jul/2021:06:30:07 +0800] "GET /xingrg/javascript/Grid.js HTTP/1.1" 200 58908
120.253.135.82 - - [15/Jul/2021:06:30:07 +0800] "GET /xingrg/dwr/interface/AjaxComOrderService.js HTTP/1.1" 200 18264
120.253.135.82 - - [15/Jul/2021:06:30:07 +0800] "GET /xingrg/dwr/interface/AjaxQqpsService.js HTTP/1.1" 200 16326
120.253.135.82 - - [15/Jul/2021:06:30:07 +0800] "GET /xingrg/javascript/jquery_easy_ui/themes/icons/print.png HTTP/1.1" 200 1057
120.253.135.82 - - [15/Jul/2021:06:30:07 +0800] "GET /xingrg/images/blue/button/kc_tab_save.gif HTTP/1.1" 200 777
120.253.135.82 - - [15/Jul/2021:06:30:07 +0800] "GET /xingrg/images/blue/button/kc_tab_edit.gif HTTP/1.1" 200 551
120.253.135.82 - - [15/Jul/2021:06:30:07 +0800] "GET /xingrg/javascript/jquery_easy_ui/themes/default/images/menu_downarrow.png HTTP/1.1" 200 173
120.253.135.82 - - [15/Jul/2021:06:30:07 +0800] "GET /xingrg/images/blue/kc_tab_left.gif HTTP/1.1" 200 188
120.253.135.82 - - [15/Jul/2021:06:30:07 +0800] "GET /xingrg/images/blue/kc_tab_mid.gif HTTP/1.1" 200 44
120.253.135.82 - - [15/Jul/2021:06:30:07 +0800] "GET /xingrg/images/blue/kc_tab_right.gif HTTP/1.1" 200 643
120.253.135.82 - - [15/Jul/2021:06:30:07 +0800] "GET /xingrg/images/blue/kc_tab2_right.gif HTTP/1.1" 200 192
120.253.135.82 - - [15/Jul/2021:06:30:07 +0800] "GET /xingrg/images/blue/kc_tab2_left.gif HTTP/1.1" 200 625
120.253.135.82 - - [15/Jul/2021:06:30:07 +0800] "GET /xingrg/images/blue/wait.gif HTTP/1.1" 200 1100
120.253.135.82 - - [15/Jul/2021:06:30:08 +0800] "POST /xingrg/dwr/call/plaincall/AjaxQqpsService.loadMaterielItems.dwr HTTP/1.1" 200 665
58.37.5.217 - - [15/Jul/2021:06:30:10 +0800] "GET /xingrg/all/function/internal_message.html?_=1626302344603&CODE_STATE=getMsg HTTP/1.1" 200 27
120.253.135.82 - - [15/Jul/2021:06:30:10 +0800] "GET /xingrg/images/yd/bt.gif HTTP/1.1" 404 1040
120.253.135.82 - - [15/Jul/2021:06:30:10 +0800] "GET /xingrg/images/yd/bt2.gif HTTP/1.1" 404 1042
120.253.135.82 - - [15/Jul/2021:06:30:11 +0800] "GET /xingrg/javascript/jquery_easy_ui/themes/default/images/button_plain_hover.png HTTP/1.1" 200 252
120.253.135.82 - - [15/Jul/2021:06:30:11 +0800] "GET /xingrg/kc/pszx/mdqp_order_list.html?isBack=1 HTTP/1.1" 302 -
120.253.135.82 - - [15/Jul/2021:06:30:11 +0800] "GET /xingrg/kc/pszx/mdqp_order_list.html?state=10 HTTP/1.1" 200 15856
120.253.135.82 - - [15/Jul/2021:06:30:11 +0800] "GET /xingrg/dwr/interface/AjaxReportQueryService.js HTTP/1.1" 200 13203
120.253.135.82 - - [15/Jul/2021:06:30:11 +0800] "GET /xingrg/dwr/interface/AjaxQqpsService.js HTTP/1.1" 200 16326
120.253.135.82 - - [15/Jul/2021:06:30:11 +0800] "GET /xingrg/dwr/engine.js HTTP/1.1" 200 43631
58.40.7.146 - - [15/Jul/2021:06:30:11 +0800] "GET /xingrg/all/function/internal_message.html?_=1626301809131&CODE_STATE=getMsg HTTP/1.1" 200 27
120.253.135.82 - - [15/Jul/2021:06:30:13 +0800] "GET /xingrg/kc/pszx/mdqp_order_info.html?code=302021071400290 HTTP/1.1" 200 13350
120.253.135.82 - - [15/Jul/2021:06:30:13 +0800] "GET /xingrg/dwr/interface/AjaxComOrderService.js HTTP/1.1" 200 18264
120.253.135.82 - - [15/Jul/2021:06:30:13 +0800] "GET /xingrg/dwr/engine.js HTTP/1.1" 200 43631
120.253.135.82 - - [15/Jul/2021:06:30:13 +0800] "GET /xingrg/dwr/interface/AjaxQqpsService.js HTTP/1.1" 200 16326
120.253.135.82 - - [15/Jul/2021:06:30:14 +0800] "POST /xingrg/dwr/call/plaincall/AjaxQqpsService.loadMaterielItems.dwr HTTP/1.1" 200 380
120.253.135.82 - - [15/Jul/2021:06:30:16 +0800] "GET /xingrg/kc/pszx/mdqp_order_list.html?isBack=1 HTTP/1.1" 302 -
120.253.135.82 - - [15/Jul/2021:06:30:16 +0800] "GET /xingrg/kc/pszx/mdqp_order_list.html?state=10 HTTP/1.1" 200 15856
120.253.135.82 - - [15/Jul/2021:06:30:16 +0800] "GET /xingrg/dwr/interface/AjaxReportQueryService.js HTTP/1.1" 200 13203
120.253.135.82 - - [15/Jul/2021:06:30:16 +0800] "GET /xingrg/dwr/interface/AjaxQqpsService.js HTTP/1.1" 200 16326
120.253.135.82 - - [15/Jul/2021:06:30:16 +0800] "GET /xingrg/dwr/engine.js HTTP/1.1" 200 43631
180.156.224.123 - - [15/Jul/2021:06:30:17 +0800] "GET /xingrg/all/function/internal_message.html?_=1626301814517&CODE_STATE=getMsg HTTP/1.1" 200 27
183.192.94.21 - - [15/Jul/2021:06:30:18 +0800] "GET /xingrg/check_reg.html?_=1626301819450 HTTP/1.1" 302 -
183.192.94.21 - - [15/Jul/2021:06:30:18 +0800] "GET /xingrg/all/function/internal_message.html?_=1626301819454&CODE_STATE=getMsg HTTP/1.1" 302 -
180.169.147.146 - - [15/Jul/2021:06:30:22 +0800] "GET /xingrg/all/function/internal_message.html?_=1626301807706&CODE_STATE=getMsg HTTP/1.1" 200 27
120.253.135.82 - - [15/Jul/2021:06:30:23 +0800] "GET /xingrg/all/function/internal_message.html?_=1626301601509&CODE_STATE=getMsg HTTP/1.1" 200 27
120.253.135.82 - - [15/Jul/2021:06:30:32 +0800] "GET /xingrg/kc/pszx/mdqp_order_info.html?code=302021071400294 HTTP/1.1" 200 13350
120.253.135.82 - - [15/Jul/2021:06:30:32 +0800] "GET /xingrg/dwr/interface/AjaxComOrderService.js HTTP/1.1" 200 18264
120.253.135.82 - - [15/Jul/2021:06:30:32 +0800] "GET /xingrg/dwr/interface/AjaxQqpsService.js HTTP/1.1" 200 16326
120.253.135.82 - - [15/Jul/2021:06:30:32 +0800] "GET /xingrg/dwr/engine.js HTTP/1.1" 200 43631
120.253.135.82 - - [15/Jul/2021:06:30:33 +0800] "POST /xingrg/dwr/call/plaincall/AjaxQqpsService.loadMaterielItems.dwr HTTP/1.1" 200 5348
116.230.110.80 - - [15/Jul/2021:06:30:36 +0800] "GET /xingrg/all/function/internal_message.html?_=1626301831446&CODE_STATE=getMsg HTTP/1.1" 200 27
180.169.147.146 - - [15/Jul/2021:06:30:39 +0800] "GET /xingrg/all/function/internal_message.html?_=1626301836631&CODE_STATE=getMsg HTTP/1.1" 200 27
120.253.135.82 - - [15/Jul/2021:06:30:41 +0800] "GET /xingrg/images/yd/bt.gif HTTP/1.1" 404 1040
120.253.135.82 - - [15/Jul/2021:06:30:41 +0800] "GET /xingrg/images/yd/bt2.gif HTTP/1.1" 404 1042
180.169.147.146 - - [15/Jul/2021:06:30:43 +0800] "GET /xingrg/check_reg.html?_=1626301829421 HTTP/1.1" 200 71
117.184.7.30 - - [15/Jul/2021:06:30:53 +0800] "GET /xingrg/all/function/internal_message.html?_=1626301845985&CODE_STATE=getMsg HTTP/1.1" 200 27
222.70.175.207 - - [15/Jul/2021:06:30:54 +0800] "GET /xingrg/all/function/internal_message.html?_=1626301854986&CODE_STATE=getMsg HTTP/1.1" 200 27
180.156.224.123 - - [15/Jul/2021:06:31:02 +0800] "GET /xingrg/all/function/internal_message.html?_=1626301838840&CODE_STATE=getMsg HTTP/1.1" 200 27
120.253.135.82 - - [15/Jul/2021:06:31:03 +0800] "GET /xingrg/kc/pszx/mdqp_order_list.html?isBack=1 HTTP/1.1" 302 -
120.253.135.82 - - [15/Jul/2021:06:31:03 +0800] "GET /xingrg/kc/pszx/mdqp_order_list.html?state=10 HTTP/1.1" 200 15856
120.253.135.82 - - [15/Jul/2021:06:31:03 +0800] "GET /xingrg/dwr/interface/AjaxReportQueryService.js HTTP/1.1" 200 13203
120.253.135.82 - - [15/Jul/2021:06:31:03 +0800] "GET /xingrg/dwr/interface/AjaxQqpsService.js HTTP/1.1" 200 16326
120.253.135.82 - - [15/Jul/2021:06:31:03 +0800] "GET /xingrg/dwr/engine.js HTTP/1.1" 200 43631
120.253.135.82 - - [15/Jul/2021:06:31:05 +0800] "GET /xingrg/kc/pszx/mdqp_order_info.html?code=302021071400289 HTTP/1.1" 200 13350
120.253.135.82 - - [15/Jul/2021:06:31:05 +0800] "GET /xingrg/dwr/interface/AjaxQqpsService.js HTTP/1.1" 200 16326
120.253.135.82 - - [15/Jul/2021:06:31:05 +0800] "GET /xingrg/dwr/interface/AjaxComOrderService.js HTTP/1.1" 200 18264
120.253.135.82 - - [15/Jul/2021:06:31:05 +0800] "GET /xingrg/dwr/engine.js HTTP/1.1" 200 43631
120.253.135.82 - - [15/Jul/2021:06:31:06 +0800] "POST /xingrg/dwr/call/plaincall/AjaxQqpsService.loadMaterielItems.dwr HTTP/1.1" 200 6688
58.37.5.217 - - [15/Jul/2021:06:31:10 +0800] "GET /xingrg/all/function/internal_message.html?_=1626302404589&CODE_STATE=getMsg HTTP/1.1" 200 27
120.253.135.82 - - [15/Jul/2021:06:31:11 +0800] "GET /xingrg/images/yd/bt.gif HTTP/1.1" 404 1040
120.253.135.82 - - [15/Jul/2021:06:31:11 +0800] "GET /xingrg/images/yd/bt2.gif HTTP/1.1" 404 1042
58.40.7.146 - - [15/Jul/2021:06:31:11 +0800] "GET /xingrg/all/function/internal_message.html?_=1626301869136&CODE_STATE=getMsg HTTP/1.1" 200 27
180.156.224.123 - - [15/Jul/2021:06:31:17 +0800] "GET /xingrg/all/function/internal_message.html?_=1626301874499&CODE_STATE=getMsg HTTP/1.1" 200 27
183.192.94.21 - - [15/Jul/2021:06:31:18 +0800] "GET /xingrg/all/function/internal_message.html?_=1626301879439&CODE_STATE=getMsg HTTP/1.1" 302 -
180.169.147.146 - - [15/Jul/2021:06:31:22 +0800] "GET /xingrg/all/function/internal_message.html?_=1626301867685&CODE_STATE=getMsg HTTP/1.1" 200 27
120.253.135.82 - - [15/Jul/2021:06:31:23 +0800] "GET /xingrg/all/function/internal_message.html?_=1626301661522&CODE_STATE=getMsg HTTP/1.1" 200 27
120.253.135.82 - - [15/Jul/2021:06:31:23 +0800] "GET /xingrg/kc/pszx/mdqp_order_list.html?isBack=1 HTTP/1.1" 302 -
120.253.135.82 - - [15/Jul/2021:06:31:23 +0800] "GET /xingrg/kc/pszx/mdqp_order_list.html?state=10 HTTP/1.1" 200 15856
120.253.135.82 - - [15/Jul/2021:06:31:23 +0800] "GET /xingrg/dwr/interface/AjaxQqpsService.js HTTP/1.1" 200 16326
120.253.135.82 - - [15/Jul/2021:06:31:23 +0800] "GET /xingrg/dwr/interface/AjaxReportQueryService.js HTTP/1.1" 200 13203
120.253.135.82 - - [15/Jul/2021:06:31:23 +0800] "GET /xingrg/dwr/engine.js HTTP/1.1" 200 43631
120.253.135.82 - - [15/Jul/2021:06:31:27 +0800] "GET /xingrg/kc/pszx/jzcl_ps.html HTTP/1.1" 200 7683
120.253.135.82 - - [15/Jul/2021:06:31:27 +0800] "POST /xingrg/all/common/load_tree.html?tree=area_rest_tree_json HTTP/1.1" 200 3466
120.253.135.82 - - [15/Jul/2021:06:31:27 +0800] "POST /xingrg/kc/pszx/jzcl_ps_operate.html HTTP/1.1" 200 5983
120.253.135.82 - - [15/Jul/2021:06:31:27 +0800] "POST /xingrg/kc/pszx/jzcl_ps_operate.html HTTP/1.1" 200 5983
180.156.224.123 - - [15/Jul/2021:06:31:31 +0800] "GET /xingrg/check_reg.html?_=1626301888198 HTTP/1.1" 200 71
116.230.110.80 - - [15/Jul/2021:06:31:36 +0800] "GET /xingrg/all/function/internal_message.html?_=1626301891435&CODE_STATE=getMsg HTTP/1.1" 200 27
120.253.135.82 - - [15/Jul/2021:06:31:37 +0800] "POST /xingrg/kc/pszx/jzcl_ps_operate.html HTTP/1.1" 200 4
120.253.135.82 - - [15/Jul/2021:06:31:38 +0800] "GET /xingrg/kc/pszx/mdps_order_list.html HTTP/1.1" 200 21004
120.253.135.82 - - [15/Jul/2021:06:31:39 +0800] "POST /xingrg/kc/pszx/mdps_list_operate.html HTTP/1.1" 200 5211
180.169.147.146 - - [15/Jul/2021:06:31:39 +0800] "GET /xingrg/all/function/internal_message.html?_=1626301896636&CODE_STATE=getMsg HTTP/1.1" 200 27
120.253.135.82 - - [15/Jul/2021:06:31:45 +0800] "POST /xingrg/kc/pszx/mdps_list_operate.html HTTP/1.1" 200 1697
222.70.175.207 - - [15/Jul/2021:06:31:46 +0800] "GET /xingrg/check_reg.html?_=1626301906156 HTTP/1.1" 200 71
116.233.75.225 - - [15/Jul/2021:06:31:51 +0800] "POST /xingrg/services/DataTransmitService HTTP/1.1" 200 524
116.233.75.225 - - [15/Jul/2021:06:31:52 +0800] "POST /xingrg/services/DataTransmitService HTTP/1.1" 200 501
120.253.135.82 - - [15/Jul/2021:06:31:52 +0800] "POST /xingrg/kc/pszx/mdps_list_operate.html HTTP/1.1" 200 1687
117.184.7.30 - - [15/Jul/2021:06:31:53 +0800] "GET /xingrg/all/function/internal_message.html?_=1626301905984&CODE_STATE=getMsg HTTP/1.1" 200 27
120.253.135.82 - - [15/Jul/2021:06:31:53 +0800] "POST /xingrg/kc/pszx/mdps_list_operate.html HTTP/1.1" 200 292
120.253.135.82 - - [15/Jul/2021:06:31:54 +0800] "GET /xingrg/kc/pszx/mdps_order_info.html?code=312021071500350 HTTP/1.1" 200 23929
222.70.175.207 - - [15/Jul/2021:06:31:54 +0800] "GET /xingrg/all/function/internal_message.html?_=1626301915000&CODE_STATE=getMsg HTTP/1.1" 200 27
120.253.135.82 - - [15/Jul/2021:06:31:54 +0800] "GET /xingrg/javascript/easyui/themes/default/validatebox.css HTTP/1.1" 404 1104
120.253.135.82 - - [15/Jul/2021:06:31:54 +0800] "POST /xingrg/kc/pszx/mdps_order_operate.html HTTP/1.1" 200 2776
120.253.135.82 - - [15/Jul/2021:06:31:57 +0800] "POST /xingrg/kc/pszx/mdps_order_operate.html HTTP/1.1" 200 37
120.253.135.82 - - [15/Jul/2021:06:31:58 +0800] "GET /xingrg/kc/pszx/mdps_order_info.html?code=312021071500350 HTTP/1.1" 200 23929
120.253.135.82 - - [15/Jul/2021:06:31:58 +0800] "GET /xingrg/javascript/easyui/themes/default/validatebox.css HTTP/1.1" 404 1104
120.253.135.82 - - [15/Jul/2021:06:31:58 +0800] "POST /xingrg/kc/pszx/mdps_order_operate.html HTTP/1.1" 200 2791
180.156.224.123 - - [15/Jul/2021:06:32:02 +0800] "GET /xingrg/all/function/internal_message.html?_=1626301898857&CODE_STATE=getMsg HTTP/1.1" 200 27
58.37.5.217 - - [15/Jul/2021:06:32:10 +0800] "GET /xingrg/all/function/internal_message.html?_=1626302464618&CODE_STATE=getMsg HTTP/1.1" 200 27
58.37.5.217 - - [15/Jul/2021:06:32:10 +0800] "GET /xingrg/check_reg.html?_=1626302464620 HTTP/1.1" 200 71
58.40.7.146 - - [15/Jul/2021:06:32:11 +0800] "GET /xingrg/all/function/internal_message.html?_=1626301929124&CODE_STATE=getMsg HTTP/1.1" 200 27
180.156.224.123 - - [15/Jul/2021:06:32:17 +0800] "GET /xingrg/all/function/internal_message.html?_=1626301934485&CODE_STATE=getMsg HTTP/1.1" 200 27
183.192.94.21 - - [15/Jul/2021:06:32:18 +0800] "GET /xingrg/all/function/internal_message.html?_=1626301939439&CODE_STATE=getMsg HTTP/1.1" 302 -
180.169.147.146 - - [15/Jul/2021:06:32:22 +0800] "GET /xingrg/all/function/internal_message.html?_=1626301927663&CODE_STATE=getMsg HTTP/1.1" 200 27
120.253.135.82 - - [15/Jul/2021:06:32:23 +0800] "GET /xingrg/all/function/internal_message.html?_=1626301721535&CODE_STATE=getMsg HTTP/1.1" 200 27
116.230.110.80 - - [15/Jul/2021:06:32:36 +0800] "GET /xingrg/all/function/internal_message.html?_=1626301951449&CODE_STATE=getMsg HTTP/1.1" 200 27
120.253.135.82 - - [15/Jul/2021:06:32:36 +0800] "POST /xingrg/kc/pszx/mdps_list_operate.html HTTP/1.1" 200 2808
120.253.135.82 - - [15/Jul/2021:06:32:38 +0800] "POST /xingrg/kc/pszx/mdps_list_operate.html HTTP/1.1" 200 659
180.169.147.146 - - [15/Jul/2021:06:32:39 +0800] "GET /xingrg/all/function/internal_message.html?_=1626301956640&CODE_STATE=getMsg HTTP/1.1" 200 27
120.253.135.82 - - [15/Jul/2021:06:32:40 +0800] "GET /xingrg/kc/pszx/mdps_order_info.html?code=312021071500347 HTTP/1.1" 200 23931
120.253.135.82 - - [15/Jul/2021:06:32:40 +0800] "GET /xingrg/javascript/easyui/themes/default/validatebox.css HTTP/1.1" 404 1104
120.253.135.82 - - [15/Jul/2021:06:32:40 +0800] "POST /xingrg/kc/pszx/mdps_order_operate.html HTTP/1.1" 200 12427
120.253.135.82 - - [15/Jul/2021:06:32:43 +0800] "POST /xingrg/kc/pszx/mdps_order_operate.html HTTP/1.1" 200 37
120.253.135.82 - - [15/Jul/2021:06:32:43 +0800] "GET /xingrg/kc/pszx/mdps_order_info.html?code=312021071500347 HTTP/1.1" 200 23931
120.253.135.82 - - [15/Jul/2021:06:32:44 +0800] "GET /xingrg/javascript/easyui/themes/default/validatebox.css HTTP/1.1" 404 1104
120.253.135.82 - - [15/Jul/2021:06:32:44 +0800] "POST /xingrg/kc/pszx/mdps_order_operate.html HTTP/1.1" 200 12592
117.184.7.30 - - [15/Jul/2021:06:32:53 +0800] "GET /xingrg/all/function/internal_message.html?_=1626301965985&CODE_STATE=getMsg HTTP/1.1" 200 27
222.70.175.207 - - [15/Jul/2021:06:32:54 +0800] "GET /xingrg/all/function/internal_message.html?_=1626301975014&CODE_STATE=getMsg HTTP/1.1" 200 27
120.253.135.82 - - [15/Jul/2021:06:32:58 +0800] "GET /xingrg/kc/pszx/mdps_order_operate.html?command=get_materiel&pszx_code=00101&rest_code=00150&base_code=0010246&code=00101019279 HTTP/1.1" 200 440
120.253.135.82 - - [15/Jul/2021:06:33:00 +0800] "POST /xingrg/kc/pszx/mdps_list_operate.html HTTP/1.1" 200 2808
120.253.135.82 - - [15/Jul/2021:06:33:02 +0800] "POST /xingrg/kc/pszx/mdps_list_operate.html HTTP/1.1" 200 659
180.156.224.123 - - [15/Jul/2021:06:33:02 +0800] "GET /xingrg/all/function/internal_message.html?_=1626301958866&CODE_STATE=getMsg HTTP/1.1" 200 27
120.253.135.82 - - [15/Jul/2021:06:33:03 +0800] "GET /xingrg/kc/pszx/mdps_order_info.html?code=312021071500347 HTTP/1.1" 200 23931
120.253.135.82 - - [15/Jul/2021:06:33:03 +0800] "GET /xingrg/javascript/easyui/themes/default/validatebox.css HTTP/1.1" 404 1104
120.253.135.82 - - [15/Jul/2021:06:33:03 +0800] "POST /xingrg/kc/pszx/mdps_order_operate.html HTTP/1.1" 200 12592
58.37.5.217 - - [15/Jul/2021:06:33:10 +0800] "GET /xingrg/all/function/internal_message.html?_=1626302524620&CODE_STATE=getMsg HTTP/1.1" 200 27
58.40.7.146 - - [15/Jul/2021:06:33:11 +0800] "GET /xingrg/all/function/internal_message.html?_=1626301989127&CODE_STATE=getMsg HTTP/1.1" 200 27
58.40.7.146 - - [15/Jul/2021:06:33:11 +0800] "GET /xingrg/check_reg.html?_=1626301989129 HTTP/1.1" 200 71
180.156.224.123 - - [15/Jul/2021:06:33:17 +0800] "GET /xingrg/all/function/internal_message.html?_=1626301994468&CODE_STATE=getMsg HTTP/1.1" 200 27
183.192.94.21 - - [15/Jul/2021:06:33:18 +0800] "GET /xingrg/all/function/internal_message.html?_=1626301999455&CODE_STATE=getMsg HTTP/1.1" 302 -
180.169.147.146 - - [15/Jul/2021:06:33:22 +0800] "GET /xingrg/all/function/internal_message.html?_=1626301987644&CODE_STATE=getMsg HTTP/1.1" 200 27
120.253.135.82 - - [15/Jul/2021:06:33:23 +0800] "GET /xingrg/check_reg.html?_=1626301781383 HTTP/1.1" 200 71
120.253.135.82 - - [15/Jul/2021:06:33:23 +0800] "GET /xingrg/all/function/internal_message.html?_=1626301781550&CODE_STATE=getMsg HTTP/1.1" 200 27
116.230.110.80 - - [15/Jul/2021:06:33:36 +0800] "GET /xingrg/all/function/internal_message.html?_=1626302011461&CODE_STATE=getMsg HTTP/1.1" 200 27
180.169.147.146 - - [15/Jul/2021:06:33:39 +0800] "GET /xingrg/all/function/internal_message.html?_=1626302016652&CODE_STATE=getMsg HTTP/1.1" 200 27
117.184.7.30 - - [15/Jul/2021:06:33:53 +0800] "GET /xingrg/all/function/internal_message.html?_=1626302025985&CODE_STATE=getMsg HTTP/1.1" 200 27
222.70.175.207 - - [15/Jul/2021:06:33:54 +0800] "GET /xingrg/all/function/internal_message.html?_=1626302035043&CODE_STATE=getMsg HTTP/1.1" 200 27
117.184.7.30 - - [15/Jul/2021:06:33:55 +0800] "GET /xingrg/check_reg.html?_=1626302027931 HTTP/1.1" 200 71
180.156.224.123 - - [15/Jul/2021:06:34:02 +0800] "GET /xingrg/all/function/internal_message.html?_=1626302018885&CODE_STATE=getMsg HTTP/1.1" 200 27
58.37.5.217 - - [15/Jul/2021:06:34:10 +0800] "GET /xingrg/all/function/internal_message.html?_=1626302584620&CODE_STATE=getMsg HTTP/1.1" 200 27
58.40.7.146 - - [15/Jul/2021:06:34:11 +0800] "GET /xingrg/all/function/internal_message.html?_=1626302049131&CODE_STATE=getMsg HTTP/1.1" 200 27
180.156.224.123 - - [15/Jul/2021:06:34:17 +0800] "GET /xingrg/all/function/internal_message.html?_=1626302054452&CODE_STATE=getMsg HTTP/1.1" 200 27
183.192.94.21 - - [15/Jul/2021:06:34:18 +0800] "GET /xingrg/all/function/internal_message.html?_=1626302059445&CODE_STATE=getMsg HTTP/1.1" 302 -
180.169.147.146 - - [15/Jul/2021:06:34:22 +0800] "GET /xingrg/all/function/internal_message.html?_=1626302047621&CODE_STATE=getMsg HTTP/1.1" 200 27
120.253.135.82 - - [15/Jul/2021:06:34:23 +0800] "GET /xingrg/all/function/internal_message.html?_=1626301841563&CODE_STATE=getMsg HTTP/1.1" 200 27
116.230.110.80 - - [15/Jul/2021:06:34:36 +0800] "GET /xingrg/check_reg.html?_=1626302071447 HTTP/1.1" 200 71
116.230.110.80 - - [15/Jul/2021:06:34:36 +0800] "GET /xingrg/all/function/internal_message.html?_=1626302071448&CODE_STATE=getMsg HTTP/1.1" 200 27
180.169.147.146 - - [15/Jul/2021:06:34:39 +0800] "GET /xingrg/check_reg.html?_=1626302076651 HTTP/1.1" 200 71
180.169.147.146 - - [15/Jul/2021:06:34:39 +0800] "GET /xingrg/all/function/internal_message.html?_=1626302076653&CODE_STATE=getMsg HTTP/1.1" 200 27
180.156.224.123 - - [15/Jul/2021:06:34:52 +0800] "GET /xingrg/check_reg.html?_=1626302069195 HTTP/1.1" 200 71
117.184.7.30 - - [15/Jul/2021:06:34:53 +0800] "GET /xingrg/all/function/internal_message.html?_=1626302085996&CODE_STATE=getMsg HTTP/1.1" 200 27
222.70.175.207 - - [15/Jul/2021:06:34:54 +0800] "GET /xingrg/all/function/internal_message.html?_=1626302095057&CODE_STATE=getMsg HTTP/1.1" 200 27
180.156.224.123 - - [15/Jul/2021:06:35:02 +0800] "GET /xingrg/all/function/internal_message.html?_=1626302078894&CODE_STATE=getMsg HTTP/1.1" 200 27
58.40.7.146 - - [15/Jul/2021:06:35:03 +0800] "GET /xingrg/check_reg.html?_=1626302100667 HTTP/1.1" 302 -
58.37.5.217 - - [15/Jul/2021:06:35:10 +0800] "GET /xingrg/all/function/internal_message.html?_=1626302644619&CODE_STATE=getMsg HTTP/1.1" 200 27
58.40.7.146 - - [15/Jul/2021:06:35:11 +0800] "GET /xingrg/all/function/internal_message.html?_=1626302109134&CODE_STATE=getMsg HTTP/1.1" 200 27
180.156.224.123 - - [15/Jul/2021:06:35:17 +0800] "GET /xingrg/all/function/internal_message.html?_=1626302114435&CODE_STATE=getMsg HTTP/1.1" 200 27
183.192.94.21 - - [15/Jul/2021:06:35:18 +0800] "GET /xingrg/all/function/internal_message.html?_=1626302119443&CODE_STATE=getMsg HTTP/1.1" 302 -
183.192.94.21 - - [15/Jul/2021:06:35:18 +0800] "GET /xingrg/check_reg.html?_=1626302119445 HTTP/1.1" 302 -
180.169.147.146 - - [15/Jul/2021:06:35:22 +0800] "GET /xingrg/all/function/internal_message.html?_=1626302107625&CODE_STATE=getMsg HTTP/1.1" 200 27
120.253.135.82 - - [15/Jul/2021:06:35:23 +0800] "GET /xingrg/all/function/internal_message.html?_=1626301901577&CODE_STATE=getMsg HTTP/1.1" 200 27
120.253.135.82 - - [15/Jul/2021:06:35:32 +0800] "POST /xingrg/kc/pszx/mdps_order_operate.html HTTP/1.1" 200 37
120.253.135.82 - - [15/Jul/2021:06:35:34 +0800] "GET /xingrg/kc/pszx/mdps_order_info.html?code=312021071500347 HTTP/1.1" 200 23931
120.253.135.82 - - [15/Jul/2021:06:35:34 +0800] "GET /xingrg/javascript/easyui/themes/default/validatebox.css HTTP/1.1" 404 1104
120.253.135.82 - - [15/Jul/2021:06:35:34 +0800] "POST /xingrg/kc/pszx/mdps_order_operate.html HTTP/1.1" 200 12592
116.230.110.80 - - [15/Jul/2021:06:35:36 +0800] "GET /xingrg/all/function/internal_message.html?_=1626302131455&CODE_STATE=getMsg HTTP/1.1" 200 27
180.169.147.146 - - [15/Jul/2021:06:35:39 +0800] "GET /xingrg/all/function/internal_message.html?_=1626302136653&CODE_STATE=getMsg HTTP/1.1" 200 27
180.169.147.146 - - [15/Jul/2021:06:35:43 +0800] "GET /xingrg/check_reg.html?_=1626302129427 HTTP/1.1" 200 71
120.253.135.82 - - [15/Jul/2021:06:35:53 +0800] "POST /xingrg/kc/pszx/mdps_order_operate.html HTTP/1.1" 200 37
117.184.7.30 - - [15/Jul/2021:06:35:53 +0800] "GET /xingrg/all/function/internal_message.html?_=1626302145996&CODE_STATE=getMsg HTTP/1.1" 200 27
120.253.135.82 - - [15/Jul/2021:06:35:54 +0800] "GET /xingrg/kc/pszx/mdps_order_info.html?code=312021071500347 HTTP/1.1" 200 23931
120.253.135.82 - - [15/Jul/2021:06:35:54 +0800] "GET /xingrg/javascript/easyui/themes/default/validatebox.css HTTP/1.1" 404 1104
120.253.135.82 - - [15/Jul/2021:06:35:54 +0800] "POST /xingrg/kc/pszx/mdps_order_operate.html HTTP/1.1" 200 12592
222.70.175.207 - - [15/Jul/2021:06:35:54 +0800] "GET /xingrg/all/function/internal_message.html?_=1626302155082&CODE_STATE=getMsg HTTP/1.1" 200 27
120.253.135.82 - - [15/Jul/2021:06:35:57 +0800] "POST /xingrg/kc/pszx/mdps_list_operate.html HTTP/1.1" 200 2808
120.253.135.82 - - [15/Jul/2021:06:35:58 +0800] "POST /xingrg/kc/pszx/mdps_list_operate.html HTTP/1.1" 200 623
120.253.135.82 - - [15/Jul/2021:06:35:59 +0800] "GET /xingrg/kc/pszx/mdps_order_info.html?code=312021071500348 HTTP/1.1" 200 23931
120.253.135.82 - - [15/Jul/2021:06:35:59 +0800] "GET /xingrg/javascript/easyui/themes/default/validatebox.css HTTP/1.1" 404 1104
120.253.135.82 - - [15/Jul/2021:06:35:59 +0800] "POST /xingrg/kc/pszx/mdps_order_operate.html HTTP/1.1" 200 10688
120.253.135.82 - - [15/Jul/2021:06:36:02 +0800] "GET /xingrg/css/images/panel_loading.gif HTTP/1.1" 200 1737
120.253.135.82 - - [15/Jul/2021:06:36:02 +0800] "POST /xingrg/all/common/load_combo.html?type=base HTTP/1.1" 200 1075
180.156.224.123 - - [15/Jul/2021:06:36:02 +0800] "GET /xingrg/all/function/internal_message.html?_=1626302138907&CODE_STATE=getMsg HTTP/1.1" 200 27
120.253.135.82 - - [15/Jul/2021:06:36:05 +0800] "POST /xingrg/kc/pszx/mdps_order_operate.html HTTP/1.1" 200 37
120.253.135.82 - - [15/Jul/2021:06:36:06 +0800] "GET /xingrg/kc/pszx/mdps_order_info.html?code=312021071500348 HTTP/1.1" 200 23931
120.253.135.82 - - [15/Jul/2021:06:36:07 +0800] "GET /xingrg/javascript/easyui/themes/default/validatebox.css HTTP/1.1" 404 1104
120.253.135.82 - - [15/Jul/2021:06:36:07 +0800] "POST /xingrg/kc/pszx/mdps_order_operate.html HTTP/1.1" 200 10834
58.37.5.217 - - [15/Jul/2021:06:36:10 +0800] "GET /xingrg/all/function/internal_message.html?_=1626302704620&CODE_STATE=getMsg HTTP/1.1" 200 27
58.40.7.146 - - [15/Jul/2021:06:36:12 +0800] "GET /xingrg/all/function/internal_message.html?_=1626302169137&CODE_STATE=getMsg HTTP/1.1" 200 27
180.156.224.123 - - [15/Jul/2021:06:36:17 +0800] "GET /xingrg/all/function/internal_message.html?_=1626302174419&CODE_STATE=getMsg HTTP/1.1" 200 27
183.192.94.21 - - [15/Jul/2021:06:36:18 +0800] "GET /xingrg/all/function/internal_message.html?_=1626302179443&CODE_STATE=getMsg HTTP/1.1" 302 -
120.253.135.82 - - [15/Jul/2021:06:36:18 +0800] "GET /xingrg/kc/pszx/mdps_order_operate.html?command=get_materiel&pszx_code=00101&rest_code=00150&base_code=0010250&code=00102002970 HTTP/1.1" 200 411
180.169.147.146 - - [15/Jul/2021:06:36:22 +0800] "GET /xingrg/all/function/internal_message.html?_=1626302167598&CODE_STATE=getMsg HTTP/1.1" 200 27
120.253.135.82 - - [15/Jul/2021:06:36:23 +0800] "GET /xingrg/all/function/internal_message.html?_=1626301961591&CODE_STATE=getMsg HTTP/1.1" 200 27
180.156.224.123 - - [15/Jul/2021:06:36:31 +0800] "GET /xingrg/check_reg.html?_=1626302188219 HTTP/1.1" 200 71
116.230.110.80 - - [15/Jul/2021:06:36:36 +0800] "GET /xingrg/all/function/internal_message.html?_=1626302191451&CODE_STATE=getMsg HTTP/1.1" 200 27
180.169.147.146 - - [15/Jul/2021:06:36:39 +0800] "GET /xingrg/all/function/internal_message.html?_=1626302196645&CODE_STATE=getMsg HTTP/1.1" 200 27
120.253.135.82 - - [15/Jul/2021:06:36:44 +0800] "POST /xingrg/kc/pszx/mdps_order_operate.html HTTP/1.1" 200 37
120.253.135.82 - - [15/Jul/2021:06:36:44 +0800] "GET /xingrg/kc/pszx/mdps_order_info.html?code=312021071500348 HTTP/1.1" 200 23931
120.253.135.82 - - [15/Jul/2021:06:36:45 +0800] "POST /xingrg/kc/pszx/mdps_order_operate.html HTTP/1.1" 200 10822
120.253.135.82 - - [15/Jul/2021:06:36:45 +0800] "GET /xingrg/javascript/easyui/themes/default/validatebox.css HTTP/1.1" 404 1104
222.70.175.207 - - [15/Jul/2021:06:36:46 +0800] "GET /xingrg/check_reg.html?_=1626302206161 HTTP/1.1" 200 71
117.184.7.30 - - [15/Jul/2021:06:36:53 +0800] "GET /xingrg/all/function/internal_message.html?_=1626302205996&CODE_STATE=getMsg HTTP/1.1" 200 27
222.70.175.207 - - [15/Jul/2021:06:36:54 +0800] "GET /xingrg/all/function/internal_message.html?_=1626302215101&CODE_STATE=getMsg HTTP/1.1" 200 27
180.156.224.123 - - [15/Jul/2021:06:37:02 +0800] "GET /xingrg/all/function/internal_message.html?_=1626302198925&CODE_STATE=getMsg HTTP/1.1" 200 27
58.37.5.217 - - [15/Jul/2021:06:37:10 +0800] "GET /xingrg/all/function/internal_message.html?_=1626302764620&CODE_STATE=getMsg HTTP/1.1" 200 27
58.37.5.217 - - [15/Jul/2021:06:37:10 +0800] "GET /xingrg/check_reg.html?_=1626302764621 HTTP/1.1" 200 71
58.40.7.146 - - [15/Jul/2021:06:37:12 +0800] "GET /xingrg/all/function/internal_message.html?_=1626302229142&CODE_STATE=getMsg HTTP/1.1" 200 27
180.156.224.123 - - [15/Jul/2021:06:37:17 +0800] "GET /xingrg/all/function/internal_message.html?_=1626302234428&CODE_STATE=getMsg HTTP/1.1" 200 27
183.192.94.21 - - [15/Jul/2021:06:37:18 +0800] "GET /xingrg/all/function/internal_message.html?_=1626302239442&CODE_STATE=getMsg HTTP/1.1" 302 -
180.169.147.146 - - [15/Jul/2021:06:37:22 +0800] "GET /xingrg/all/function/internal_message.html?_=1626302227573&CODE_STATE=getMsg HTTP/1.1" 200 27
120.253.135.82 - - [15/Jul/2021:06:37:23 +0800] "GET /xingrg/all/function/internal_message.html?_=1626302021604&CODE_STATE=getMsg HTTP/1.1" 200 27
116.230.110.80 - - [15/Jul/2021:06:37:36 +0800] "GET /xingrg/all/function/internal_message.html?_=1626302251449&CODE_STATE=getMsg HTTP/1.1" 200 27
120.253.135.82 - - [15/Jul/2021:06:37:39 +0800] "POST /xingrg/kc/pszx/mdps_order_operate.html HTTP/1.1" 200 37
180.169.147.146 - - [15/Jul/2021:06:37:39 +0800] "GET /xingrg/all/function/internal_message.html?_=1626302256665&CODE_STATE=getMsg HTTP/1.1" 200 27
120.253.135.82 - - [15/Jul/2021:06:37:40 +0800] "GET /xingrg/kc/pszx/mdps_order_info.html?code=312021071500348 HTTP/1.1" 200 23931
120.253.135.82 - - [15/Jul/2021:06:37:40 +0800] "GET /xingrg/javascript/easyui/themes/default/validatebox.css HTTP/1.1" 404 1104
120.253.135.82 - - [15/Jul/2021:06:37:40 +0800] "POST /xingrg/kc/pszx/mdps_order_operate.html HTTP/1.1" 200 10822
120.253.135.82 - - [15/Jul/2021:06:37:43 +0800] "POST /xingrg/kc/pszx/mdps_list_operate.html HTTP/1.1" 200 2808
120.253.135.82 - - [15/Jul/2021:06:37:46 +0800] "POST /xingrg/kc/pszx/mdps_list_operate.html HTTP/1.1" 200 208
120.253.135.82 - - [15/Jul/2021:06:37:47 +0800] "GET /xingrg/kc/pszx/mdps_order_info.html?code=312021071500349 HTTP/1.1" 200 23931
120.253.135.82 - - [15/Jul/2021:06:37:47 +0800] "GET /xingrg/javascript/easyui/themes/default/validatebox.css HTTP/1.1" 404 1104
120.253.135.82 - - [15/Jul/2021:06:37:47 +0800] "POST /xingrg/kc/pszx/mdps_order_operate.html HTTP/1.1" 200 2295
120.253.135.82 - - [15/Jul/2021:06:37:49 +0800] "POST /xingrg/all/common/load_combo.html?type=base HTTP/1.1" 200 1075
117.184.7.30 - - [15/Jul/2021:06:37:53 +0800] "GET /xingrg/all/function/internal_message.html?_=1626302265997&CODE_STATE=getMsg HTTP/1.1" 200 27
120.253.135.82 - - [15/Jul/2021:06:37:53 +0800] "POST /xingrg/kc/pszx/mdps_order_operate.html HTTP/1.1" 200 37
120.253.135.82 - - [15/Jul/2021:06:37:54 +0800] "GET /xingrg/kc/pszx/mdps_order_info.html?code=312021071500349 HTTP/1.1" 200 23929
222.70.175.207 - - [15/Jul/2021:06:37:54 +0800] "GET /xingrg/all/function/internal_message.html?_=1626302275114&CODE_STATE=getMsg HTTP/1.1" 200 27
120.253.135.82 - - [15/Jul/2021:06:37:55 +0800] "GET /xingrg/javascript/easyui/themes/default/validatebox.css HTTP/1.1" 404 1104
120.253.135.82 - - [15/Jul/2021:06:37:55 +0800] "POST /xingrg/kc/pszx/mdps_order_operate.html HTTP/1.1" 200 2303
180.156.224.123 - - [15/Jul/2021:06:38:02 +0800] "GET /xingrg/all/function/internal_message.html?_=1626302258934&CODE_STATE=getMsg HTTP/1.1" 200 27
120.253.135.82 - - [15/Jul/2021:06:38:04 +0800] "POST /xingrg/kc/pszx/mdps_order_operate.html HTTP/1.1" 200 37
120.253.135.82 - - [15/Jul/2021:06:38:05 +0800] "GET /xingrg/kc/pszx/mdps_order_info.html?code=312021071500349 HTTP/1.1" 200 23929
120.253.135.82 - - [15/Jul/2021:06:38:05 +0800] "GET /xingrg/javascript/easyui/themes/default/validatebox.css HTTP/1.1" 404 1104
120.253.135.82 - - [15/Jul/2021:06:38:05 +0800] "POST /xingrg/kc/pszx/mdps_order_operate.html HTTP/1.1" 200 2303
120.253.135.82 - - [15/Jul/2021:06:38:07 +0800] "POST /xingrg/kc/pszx/mdps_list_operate.html HTTP/1.1" 200 2805
120.253.135.82 - - [15/Jul/2021:06:38:09 +0800] "POST /xingrg/kc/pszx/mdps_list_operate.html HTTP/1.1" 200 659
58.37.5.217 - - [15/Jul/2021:06:38:10 +0800] "GET /xingrg/all/function/internal_message.html?_=1626302824649&CODE_STATE=getMsg HTTP/1.1" 200 27
120.253.135.82 - - [15/Jul/2021:06:38:11 +0800] "GET /xingrg/kc/pszx/mdps_order_info.html?code=312021071500347 HTTP/1.1" 200 23931
58.40.7.146 - - [15/Jul/2021:06:38:12 +0800] "GET /xingrg/check_reg.html?_=1626302289145 HTTP/1.1" 200 71
58.40.7.146 - - [15/Jul/2021:06:38:12 +0800] "GET /xingrg/all/function/internal_message.html?_=1626302289147&CODE_STATE=getMsg HTTP/1.1" 200 27
120.253.135.82 - - [15/Jul/2021:06:38:12 +0800] "GET /xingrg/javascript/easyui/themes/default/validatebox.css HTTP/1.1" 404 1104
120.253.135.82 - - [15/Jul/2021:06:38:12 +0800] "POST /xingrg/kc/pszx/mdps_order_operate.html HTTP/1.1" 200 12592
180.156.224.123 - - [15/Jul/2021:06:38:17 +0800] "GET /xingrg/all/function/internal_message.html?_=1626302294414&CODE_STATE=getMsg HTTP/1.1" 200 27
120.253.135.82 - - [15/Jul/2021:06:38:18 +0800] "POST /xingrg/kc/pszx/mdps_list_operate.html HTTP/1.1" 200 2805
183.192.94.21 - - [15/Jul/2021:06:38:18 +0800] "GET /xingrg/all/function/internal_message.html?_=1626302299441&CODE_STATE=getMsg HTTP/1.1" 302 -
180.169.147.146 - - [15/Jul/2021:06:38:22 +0800] "GET /xingrg/all/function/internal_message.html?_=1626302287549&CODE_STATE=getMsg HTTP/1.1" 200 27
120.253.135.82 - - [15/Jul/2021:06:38:22 +0800] "POST /xingrg/kc/pszx/mdps_list_operate.html HTTP/1.1" 200 623
120.253.135.82 - - [15/Jul/2021:06:38:23 +0800] "GET /xingrg/check_reg.html?_=1626302081383 HTTP/1.1" 200 71
120.253.135.82 - - [15/Jul/2021:06:38:23 +0800] "GET /xingrg/all/function/internal_message.html?_=1626302081617&CODE_STATE=getMsg HTTP/1.1" 200 27
120.253.135.82 - - [15/Jul/2021:06:38:24 +0800] "GET /xingrg/kc/pszx/mdps_order_info.html?code=312021071500348 HTTP/1.1" 200 23931
120.253.135.82 - - [15/Jul/2021:06:38:24 +0800] "GET /xingrg/javascript/easyui/themes/default/validatebox.css HTTP/1.1" 404 1104
120.253.135.82 - - [15/Jul/2021:06:38:24 +0800] "POST /xingrg/kc/pszx/mdps_order_operate.html HTTP/1.1" 200 10822
116.230.110.80 - - [15/Jul/2021:06:38:36 +0800] "GET /xingrg/all/function/internal_message.html?_=1626302311447&CODE_STATE=getMsg HTTP/1.1" 200 27
120.253.135.82 - - [15/Jul/2021:06:38:39 +0800] "POST /xingrg/kc/pszx/mdps_list_operate.html HTTP/1.1" 200 2805
180.169.147.146 - - [15/Jul/2021:06:38:39 +0800] "GET /xingrg/all/function/internal_message.html?_=1626302316637&CODE_STATE=getMsg HTTP/1.1" 200 27
120.253.135.82 - - [15/Jul/2021:06:38:42 +0800] "GET /xingrg/kc/pszx/mdqp_order_list.html?state=10 HTTP/1.1" 200 14234
120.253.135.82 - - [15/Jul/2021:06:38:42 +0800] "GET /xingrg/dwr/interface/AjaxReportQueryService.js HTTP/1.1" 200 13203
120.253.135.82 - - [15/Jul/2021:06:38:42 +0800] "GET /xingrg/dwr/interface/AjaxQqpsService.js HTTP/1.1" 200 16326
120.253.135.82 - - [15/Jul/2021:06:38:42 +0800] "GET /xingrg/dwr/engine.js HTTP/1.1" 200 43631
120.253.135.82 - - [15/Jul/2021:06:38:47 +0800] "GET /xingrg/kc/pszx/mdqp_order_info.html?code=302021071400301 HTTP/1.1" 200 13338
120.253.135.82 - - [15/Jul/2021:06:38:47 +0800] "GET /xingrg/dwr/interface/AjaxComOrderService.js HTTP/1.1" 200 18264
120.253.135.82 - - [15/Jul/2021:06:38:47 +0800] "GET /xingrg/dwr/interface/AjaxQqpsService.js HTTP/1.1" 200 16326
120.253.135.82 - - [15/Jul/2021:06:38:47 +0800] "GET /xingrg/dwr/engine.js HTTP/1.1" 200 43631
120.253.135.82 - - [15/Jul/2021:06:38:47 +0800] "POST /xingrg/dwr/call/plaincall/AjaxQqpsService.loadMaterielItems.dwr HTTP/1.1" 200 3301
120.253.135.82 - - [15/Jul/2021:06:38:52 +0800] "GET /xingrg/images/yd/bt.gif HTTP/1.1" 404 1040
120.253.135.82 - - [15/Jul/2021:06:38:52 +0800] "GET /xingrg/images/yd/bt2.gif HTTP/1.1" 404 1042
117.184.7.30 - - [15/Jul/2021:06:38:53 +0800] "GET /xingrg/all/function/internal_message.html?_=1626302325998&CODE_STATE=getMsg HTTP/1.1" 200 27
