180.156.224.123 - - [12/Jul/2021:09:22:24 +0800] "GET /xingrg/login.html HTTP/1.1" 200 7641
180.156.224.123 - - [12/Jul/2021:09:22:25 +0800] "GET /favicon.ico HTTP/1.1" 404 -
116.230.110.80 - - [12/Jul/2021:09:22:29 +0800] "GET /xingrg/all/function/internal_message.html?_=1626052945761&CODE_STATE=getMsg HTTP/1.1" 200 27
180.156.224.123 - - [12/Jul/2021:09:22:32 +0800] "POST /xingrg/login.do HTTP/1.1" 302 -
180.156.224.123 - - [12/Jul/2021:09:22:32 +0800] "GET /xingrg/index.html?sysBaseUrl=http%3A%2F%2F180.169.147.146%3A18081%2Fxingrg%2F&costTime=37×tamp=1626052952132 HTTP/1.1" 200 17177
180.156.224.123 - - [12/Jul/2021:09:22:32 +0800] "GET /favicon.ico HTTP/1.1" 404 -
180.156.224.123 - - [12/Jul/2021:09:22:32 +0800] "POST /xingrg/all/common/load_tree.html?tree=area_rest_tree_json&manage=1 HTTP/1.1" 200 476
180.156.224.123 - - [12/Jul/2021:09:22:32 +0800] "GET /xingrg/all/function/internal_message.html?_=1626052951307&CODE_STATE=count HTTP/1.1" 200 11
180.156.224.123 - - [12/Jul/2021:09:22:32 +0800] "GET /xingrg/check_reg.html?_=1626052951308 HTTP/1.1" 200 22
180.156.224.123 - - [12/Jul/2021:09:22:32 +0800] "POST /xingrg/load_menu.html HTTP/1.1" 200 5138
180.169.147.146 - - [12/Jul/2021:09:22:36 +0800] "GET /xingrg/javascript/jquery_easy_ui/themes/default/images/tree_checkbox_1.gif HTTP/1.1" 200 174
180.169.147.146 - - [12/Jul/2021:09:22:36 +0800] "GET /xingrg/javascript/jquery_easy_ui/themes/default/images/tree_checkbox_2.gif HTTP/1.1" 200 181
180.156.224.123 - - [12/Jul/2021:09:22:36 +0800] "POST /xingrg/all/user/operate.html HTTP/1.1" 200 36
180.156.224.123 - - [12/Jul/2021:09:22:36 +0800] "GET /xingrg/index.html?sysBaseUrl=http%3A%2F%2F180.169.147.146%3A18081%2Fxingrg%2F&costTime=37×tamp=1626052952132 HTTP/1.1" 200 17179
180.156.224.123 - - [12/Jul/2021:09:22:36 +0800] "GET /xingrg/javascript/jquery_easy_ui/themes/default/easyui.css HTTP/1.1" 304 -
180.156.224.123 - - [12/Jul/2021:09:22:36 +0800] "GET /xingrg/javascript/jquery_easy_ui/themes/icon.css HTTP/1.1" 304 -
180.156.224.123 - - [12/Jul/2021:09:22:36 +0800] "GET /xingrg/css/form.css HTTP/1.1" 304 -
180.156.224.123 - - [12/Jul/2021:09:22:36 +0800] "GET /xingrg/javascript/jquery-1.4.2.min.js HTTP/1.1" 304 -
180.156.224.123 - - [12/Jul/2021:09:22:36 +0800] "GET /xingrg/javascript/jquery_easy_ui/jquery.easyui.min.js HTTP/1.1" 304 -
180.156.224.123 - - [12/Jul/2021:09:22:36 +0800] "GET /xingrg/javascript/jquery_easy_ui/easyui-lang-zh_CN.js HTTP/1.1" 304 -
180.156.224.123 - - [12/Jul/2021:09:22:36 +0800] "GET /xingrg/javascript/jquery.form.js HTTP/1.1" 304 -
180.156.224.123 - - [12/Jul/2021:09:22:36 +0800] "GET /xingrg/javascript/jquery.utils.js HTTP/1.1" 304 -
180.156.224.123 - - [12/Jul/2021:09:22:36 +0800] "GET /xingrg/javascript/jquery.timers.js HTTP/1.1" 304 -
180.156.224.123 - - [12/Jul/2021:09:22:36 +0800] "GET /xingrg/images/blue/jxLogo.png HTTP/1.1" 304 -
180.156.224.123 - - [12/Jul/2021:09:22:36 +0800] "GET /xingrg/images/blue/navBackgound.jpg HTTP/1.1" 304 -
180.156.224.123 - - [12/Jul/2021:09:22:36 +0800] "GET /xingrg/javascript/jquery_easy_ui/themes/icons/settle_new.png HTTP/1.1" 304 -
180.156.224.123 - - [12/Jul/2021:09:22:36 +0800] "POST /xingrg/all/common/load_tree.html?tree=area_rest_tree_json&manage=1 HTTP/1.1" 200 476
180.156.224.123 - - [12/Jul/2021:09:22:36 +0800] "GET /xingrg/all/function/internal_message.html?_=1626052955402&CODE_STATE=count HTTP/1.1" 200 11
180.156.224.123 - - [12/Jul/2021:09:22:36 +0800] "GET /xingrg/check_reg.html?_=1626052955404 HTTP/1.1" 200 22
180.156.224.123 - - [12/Jul/2021:09:22:36 +0800] "GET /xingrg/javascript/jquery_easy_ui/themes/default/images/tabs_rightarrow.png HTTP/1.1" 304 -
180.156.224.123 - - [12/Jul/2021:09:22:36 +0800] "GET /xingrg/javascript/jquery_easy_ui/themes/default/images/panel_tool_collapse.gif HTTP/1.1" 304 -
180.156.224.123 - - [12/Jul/2021:09:22:36 +0800] "GET /xingrg/javascript/jquery_easy_ui/themes/default/images/tabs_leftarrow.png HTTP/1.1" 304 -
180.156.224.123 - - [12/Jul/2021:09:22:36 +0800] "GET /xingrg/images/blue/pingpu.png HTTP/1.1" 304 -
180.156.224.123 - - [12/Jul/2021:09:22:36 +0800] "POST /xingrg/load_menu.html HTTP/1.1" 200 5138
164.90.128.202 - - [12/Jul/2021:09:22:36 +0800] "POST /json_rpc HTTP/1.0" 404 -
180.169.147.146 - - [12/Jul/2021:09:22:37 +0800] "POST /xingrg/dwr/call/plaincall/AjaxReportQueryService.refreshCache.dwr HTTP/1.1" 200 78
180.156.224.123 - - [12/Jul/2021:09:22:39 +0800] "GET /xingrg/kc/buy/cgsh_order_list.html HTTP/1.1" 200 46943
180.156.224.123 - - [12/Jul/2021:09:22:39 +0800] "POST /xingrg/kc/buy/cgsh_order_operate.html HTTP/1.1" 200 37
180.169.147.146 - - [12/Jul/2021:09:22:39 +0800] "POST /xingrg/all/report/load_report_page.html HTTP/1.1" 200 49813
180.169.147.146 - - [12/Jul/2021:09:22:39 +0800] "GET /xingrg/servlets/image?cache=0.06214022165265909&image=px HTTP/1.1" 200 807
180.156.224.123 - - [12/Jul/2021:09:22:40 +0800] "POST /xingrg/kc/buy/cgsh_order_operate.html HTTP/1.1" 200 31633
116.230.117.165 - - [12/Jul/2021:09:22:41 +0800] "GET /xingrg/kc/buy/cgsh_order_operate.html?command=get_materiel&rest_code=00146&code=00101008286&supplier_code=00100005&order_time=2021-07-12 HTTP/1.1" 200 408
58.39.171.44 - - [12/Jul/2021:09:22:41 +0800] "GET /xingrg/all/function/internal_message.html?_=1626052960251&CODE_STATE=getMsg HTTP/1.1" 200 27
180.156.224.123 - - [12/Jul/2021:09:22:41 +0800] "POST /xingrg/kc/buy/cgsh_list_operate.html HTTP/1.1" 200 2054
180.156.224.123 - - [12/Jul/2021:09:22:42 +0800] "GET /xingrg/kc/buy/cgsh_order_add.html HTTP/1.1" 200 62599
180.156.224.123 - - [12/Jul/2021:09:22:42 +0800] "POST /xingrg/kc/buy/cgsh_order_operate.html HTTP/1.1" 200 8245
180.156.224.123 - - [12/Jul/2021:09:22:42 +0800] "GET /xingrg/all/common/auto_word.html?type=employee&rest_code=00150 HTTP/1.1" 200 205
180.156.224.123 - - [12/Jul/2021:09:22:42 +0800] "GET /xingrg/all/common/auto_word.html?type=employee&rest_code=00150 HTTP/1.1" 200 205
180.156.224.123 - - [12/Jul/2021:09:22:42 +0800] "GET /xingrg/javascript/easyui/themes/default/validatebox.css HTTP/1.1" 404 1104
180.156.224.123 - - [12/Jul/2021:09:22:44 +0800] "GET /xingrg/kc/buy/cgsh_order_list.html HTTP/1.1" 200 46943
180.156.224.123 - - [12/Jul/2021:09:22:46 +0800] "GET /xingrg/kc/buy/cgsh_order_operate.html?command=get_materiel&rest_code=00150&code=00101008168&supplier_code=00100007&order_time=2021-07-12 HTTP/1.1" 200 413
180.156.224.123 - - [12/Jul/2021:09:22:47 +0800] "POST /xingrg/kc/buy/cgsh_list_operate.html HTTP/1.1" 200 2054
180.169.147.146 - - [12/Jul/2021:09:22:47 +0800] "GET /xingrg/all/function/internal_message.html?_=1626052965463&CODE_STATE=getMsg HTTP/1.1" 302 -
117.184.7.30 - - [12/Jul/2021:09:22:47 +0800] "GET /xingrg/check_reg.html?_=1626052963546 HTTP/1.1" 200 22
116.233.75.166 - - [12/Jul/2021:09:22:47 +0800] "GET /xingrg/all/function/internal_message.html?_=1626052966479&CODE_STATE=getMsg HTTP/1.1" 200 27
120.253.135.82 - - [12/Jul/2021:09:22:47 +0800] "POST /xingrg/kc/base/stock_operate.html HTTP/1.1" 200 1460
180.156.224.123 - - [12/Jul/2021:09:22:48 +0800] "POST /xingrg/kc/buy/cgsh_list_operate.html HTTP/1.1" 200 275
180.156.224.123 - - [12/Jul/2021:09:22:49 +0800] "GET /xingrg/kc/buy/cgsh_order_info.html?code=212021071205203 HTTP/1.1" 200 62598
180.156.224.123 - - [12/Jul/2021:09:22:49 +0800] "GET /xingrg/javascript/easyui/themes/default/validatebox.css HTTP/1.1" 404 1104
180.156.224.123 - - [12/Jul/2021:09:22:50 +0800] "POST /xingrg/kc/buy/cgsh_order_operate.html HTTP/1.1" 200 3253
116.230.117.165 - - [12/Jul/2021:09:22:51 +0800] "GET /xingrg/kc/buy/cgsh_order_operate.html?command=get_materiel&rest_code=00146&code=00101008006&supplier_code=00100005&order_time=2021-07-12 HTTP/1.1" 200 416
180.157.255.9 - - [12/Jul/2021:09:22:51 +0800] "GET /favicon.ico HTTP/1.1" 404 -
180.156.224.123 - - [12/Jul/2021:09:22:51 +0800] "GET /xingrg/javascript/auto/indicator.gif HTTP/1.1" 404 1066
222.69.129.87 - - [12/Jul/2021:09:22:53 +0800] "GET /xingrg/all/function/internal_message.html?_=1626052972378&CODE_STATE=getMsg HTTP/1.1" 200 27
180.156.224.123 - - [12/Jul/2021:09:22:55 +0800] "GET /xingrg/kc/buy/cgsh_order_operate.html?command=get_materiel&rest_code=00150&code=00101006129&supplier_code=00100096&order_time=2021-07-12 HTTP/1.1" 200 431
120.253.135.82 - - [12/Jul/2021:09:22:56 +0800] "POST /xingrg/kc/base/stock_operate.html HTTP/1.1" 200 1466
120.253.135.82 - - [12/Jul/2021:09:23:01 +0800] "GET /xingrg/all/function/internal_message.html?_=1626052761530&CODE_STATE=getMsg HTTP/1.1" 200 27
180.156.224.123 - - [12/Jul/2021:09:23:04 +0800] "POST /xingrg/kc/buy/cgsh_order_operate.html HTTP/1.1" 200 37
58.37.225.51 - - [12/Jul/2021:09:23:04 +0800] "GET /xingrg/all/function/internal_message.html?_=1626052903148&CODE_STATE=getMsg HTTP/1.1" 200 27
180.156.224.123 - - [12/Jul/2021:09:23:05 +0800] "POST /xingrg/kc/buy/cgsh_order_operate.html HTTP/1.1" 200 32225
180.156.224.123 - - [12/Jul/2021:09:23:07 +0800] "GET /xingrg/javascript/jquery_easy_ui/themes/default/images/button_a_bg.gif HTTP/1.1" 304 -
180.156.224.123 - - [12/Jul/2021:09:23:07 +0800] "GET /xingrg/javascript/jquery_easy_ui/themes/default/images/button_span_bg.gif HTTP/1.1" 304 -
180.156.224.123 - - [12/Jul/2021:09:23:07 +0800] "GET /xingrg/javascript/jquery_easy_ui/themes/default/images/panel_tools.gif HTTP/1.1" 304 -
180.156.224.123 - - [12/Jul/2021:09:23:07 +0800] "GET /xingrg/javascript/jquery_easy_ui/themes/default/images/panel_title.png HTTP/1.1" 304 -
180.169.147.146 - - [12/Jul/2021:09:23:08 +0800] "GET /xingrg/all/function/internal_message.html?_=1626052987132&CODE_STATE=getMsg HTTP/1.1" 200 27
180.156.224.123 - - [12/Jul/2021:09:23:09 +0800] "POST /xingrg/all/user/operate.html HTTP/1.1" 200 36
116.230.117.165 - - [12/Jul/2021:09:23:10 +0800] "GET /xingrg/all/function/internal_message.html?_=1626052990364&CODE_STATE=getMsg HTTP/1.1" 200 27
180.156.224.123 - - [12/Jul/2021:09:23:10 +0800] "GET /xingrg/kc/buy/cgsh_order_operate.html?command=get_materiel&rest_code=00150&code=00101006124&supplier_code=00100096&order_time=2021-07-12 HTTP/1.1" 200 411
180.156.224.123 - - [12/Jul/2021:09:23:10 +0800] "GET /xingrg/javascript/jquery_easy_ui/themes/default/easyui.css HTTP/1.1" 304 -
180.156.224.123 - - [12/Jul/2021:09:23:10 +0800] "GET /xingrg/index.html?sysBaseUrl=http%3A%2F%2F180.169.147.146%3A18081%2Fxingrg%2F&costTime=36×tamp=1626052279871 HTTP/1.1" 200 17177
180.156.224.123 - - [12/Jul/2021:09:23:10 +0800] "GET /xingrg/javascript/jquery_easy_ui/themes/icon.css HTTP/1.1" 304 -
180.156.224.123 - - [12/Jul/2021:09:23:10 +0800] "GET /xingrg/css/form.css HTTP/1.1" 304 -
180.156.224.123 - - [12/Jul/2021:09:23:10 +0800] "GET /xingrg/javascript/jquery-1.4.2.min.js HTTP/1.1" 304 -
180.156.224.123 - - [12/Jul/2021:09:23:10 +0800] "GET /xingrg/javascript/jquery_easy_ui/jquery.easyui.min.js HTTP/1.1" 304 -
180.156.224.123 - - [12/Jul/2021:09:23:10 +0800] "GET /xingrg/javascript/jquery_easy_ui/easyui-lang-zh_CN.js HTTP/1.1" 304 -
180.156.224.123 - - [12/Jul/2021:09:23:10 +0800] "GET /xingrg/javascript/jquery.form.js HTTP/1.1" 304 -
180.156.224.123 - - [12/Jul/2021:09:23:10 +0800] "GET /xingrg/javascript/jquery.utils.js HTTP/1.1" 304 -
180.156.224.123 - - [12/Jul/2021:09:23:10 +0800] "GET /xingrg/javascript/jquery.timers.js HTTP/1.1" 304 -
180.156.224.123 - - [12/Jul/2021:09:23:10 +0800] "GET /xingrg/images/blue/jxLogo.png HTTP/1.1" 304 -
180.156.224.123 - - [12/Jul/2021:09:23:10 +0800] "GET /xingrg/images/blue/navBackgound.jpg HTTP/1.1" 304 -
180.156.224.123 - - [12/Jul/2021:09:23:10 +0800] "GET /xingrg/javascript/jquery_easy_ui/themes/icons/settle_new.png HTTP/1.1" 304 -
180.156.224.123 - - [12/Jul/2021:09:23:10 +0800] "POST /xingrg/all/common/load_tree.html?tree=area_rest_tree_json&manage=1 HTTP/1.1" 200 476
180.156.224.123 - - [12/Jul/2021:09:23:10 +0800] "GET /xingrg/images/blue/pingpu.png HTTP/1.1" 304 -
180.156.224.123 - - [12/Jul/2021:09:23:10 +0800] "GET /xingrg/javascript/jquery_easy_ui/themes/default/images/tabs_leftarrow.png HTTP/1.1" 304 -
180.156.224.123 - - [12/Jul/2021:09:23:10 +0800] "GET /xingrg/javascript/jquery_easy_ui/themes/default/images/tabs_rightarrow.png HTTP/1.1" 304 -
180.156.224.123 - - [12/Jul/2021:09:23:10 +0800] "GET /xingrg/javascript/jquery_easy_ui/themes/default/images/panel_tool_collapse.gif HTTP/1.1" 304 -
180.156.224.123 - - [12/Jul/2021:09:23:10 +0800] "GET /xingrg/all/function/internal_message.html?_=1626052972136&CODE_STATE=count HTTP/1.1" 200 11
180.156.224.123 - - [12/Jul/2021:09:23:10 +0800] "GET /xingrg/check_reg.html?_=1626052972137 HTTP/1.1" 200 22
180.156.224.123 - - [12/Jul/2021:09:23:10 +0800] "POST /xingrg/load_menu.html HTTP/1.1" 200 5138
180.156.224.123 - - [12/Jul/2021:09:23:13 +0800] "GET /xingrg/kc/buy/cgsh_order_list.html HTTP/1.1" 200 46941
180.156.224.123 - - [12/Jul/2021:09:23:14 +0800] "POST /xingrg/kc/buy/cgsh_list_operate.html HTTP/1.1" 200 876
180.169.147.146 - - [12/Jul/2021:09:23:14 +0800] "GET /xingrg/all/function/internal_message.html?_=1626052994742&CODE_STATE=getMsg HTTP/1.1" 200 27
180.156.224.123 - - [12/Jul/2021:09:23:16 +0800] "GET /xingrg/kc/buy/cgsh_order_add.html HTTP/1.1" 200 62329
180.156.224.123 - - [12/Jul/2021:09:23:16 +0800] "POST /xingrg/kc/buy/cgsh_order_operate.html HTTP/1.1" 200 8245
180.156.224.123 - - [12/Jul/2021:09:23:16 +0800] "GET /xingrg/all/common/auto_word.html?type=employee&rest_code=00151 HTTP/1.1" 200 243
180.156.224.123 - - [12/Jul/2021:09:23:16 +0800] "GET /xingrg/all/common/auto_word.html?type=employee&rest_code=00151 HTTP/1.1" 200 243
180.156.224.123 - - [12/Jul/2021:09:23:16 +0800] "GET /xingrg/javascript/easyui/themes/default/validatebox.css HTTP/1.1" 404 1104
183.192.94.21 - - [12/Jul/2021:09:23:16 +0800] "GET /xingrg/all/function/internal_message.html?_=1626052996895&CODE_STATE=getMsg HTTP/1.1" 302 -
180.156.224.123 - - [12/Jul/2021:09:23:17 +0800] "GET /xingrg/javascript/auto/indicator.gif HTTP/1.1" 404 1066
120.253.135.82 - - [12/Jul/2021:09:23:19 +0800] "GET /xingrg/all/function/internal_message.html?_=1626053032776&CODE_STATE=getMsg HTTP/1.1" 200 27
116.235.222.38 - - [12/Jul/2021:09:23:19 +0800] "GET /xingrg/all/function/internal_message.html?_=1626052996342&CODE_STATE=getMsg HTTP/1.1" 200 27
180.169.147.146 - - [12/Jul/2021:09:23:20 +0800] "GET /xingrg/all/function/internal_message.html?_=1626053010115&CODE_STATE=getMsg HTTP/1.1" 200 27
180.169.147.146 - - [12/Jul/2021:09:23:24 +0800] "GET /xingrg/all/function/internal_message.html?_=1626053003386&CODE_STATE=getMsg HTTP/1.1" 200 27
180.156.224.123 - - [12/Jul/2021:09:23:25 +0800] "GET /xingrg/kc/buy/cgsh_order_operate.html?command=get_materiel&rest_code=00151&code=00101012060&supplier_code=00100007&order_time=2021-07-12 HTTP/1.1" 200 408
180.157.255.9 - - [12/Jul/2021:09:23:28 +0800] "GET /xingrg/login.html HTTP/1.1" 200 7641
180.157.255.9 - - [12/Jul/2021:09:23:28 +0800] "GET /xingrg/images/blue/jxLogo.png HTTP/1.1" 200 6156
116.230.110.80 - - [12/Jul/2021:09:23:29 +0800] "GET /xingrg/all/function/internal_message.html?_=1626053005744&CODE_STATE=getMsg HTTP/1.1" 200 27
180.157.255.9 - - [12/Jul/2021:09:23:32 +0800] "GET /xingrg/images/blue/hj.png HTTP/1.1" 200 1014
180.157.255.9 - - [12/Jul/2021:09:23:32 +0800] "GET /xingrg/images/blue/srbg.png HTTP/1.1" 200 138
180.157.255.9 - - [12/Jul/2021:09:23:32 +0800] "GET /xingrg/images/blue/login_bg.png HTTP/1.1" 200 22101
180.157.255.9 - - [12/Jul/2021:09:23:32 +0800] "GET /favicon.ico HTTP/1.1" 404 -
180.156.224.123 - - [12/Jul/2021:09:23:34 +0800] "GET /xingrg/kc/buy/cgsh_order_operate.html?command=get_materiel&rest_code=00151&code=00101016038&supplier_code=00100007&order_time=2021-07-12 HTTP/1.1" 200 408
180.156.224.123 - - [12/Jul/2021:09:23:36 +0800] "GET /xingrg/all/function/internal_message.html?_=1626053015421&CODE_STATE=getMsg HTTP/1.1" 200 27
180.156.224.123 - - [12/Jul/2021:09:23:40 +0800] "GET /xingrg/kc/buy/cgsh_order_operate.html?command=get_materiel&rest_code=00151&code=00101008323&supplier_code=00100007&order_time=2021-07-12 HTTP/1.1" 200 408
58.39.171.44 - - [12/Jul/2021:09:23:41 +0800] "GET /xingrg/all/function/internal_message.html?_=1626053020250&CODE_STATE=getMsg HTTP/1.1" 200 27
180.156.224.123 - - [12/Jul/2021:09:23:43 +0800] "GET /xingrg/kc/buy/cgsh_order_operate.html?command=get_materiel&rest_code=00150&code=00101006130&supplier_code=00100096&order_time=2021-07-12 HTTP/1.1" 200 427
180.169.147.146 - - [12/Jul/2021:09:23:47 +0800] "GET /xingrg/all/function/internal_message.html?_=1626053025469&CODE_STATE=getMsg HTTP/1.1" 302 -
116.233.75.166 - - [12/Jul/2021:09:23:47 +0800] "GET /xingrg/all/function/internal_message.html?_=1626053026479&CODE_STATE=getMsg HTTP/1.1" 200 27
180.157.255.9 - - [12/Jul/2021:09:23:48 +0800] "POST /xingrg/login.do HTTP/1.1" 302 -
180.157.255.9 - - [12/Jul/2021:09:23:48 +0800] "GET /xingrg/javascript/jquery_easy_ui/themes/icon.css HTTP/1.1" 200 3949
180.157.255.9 - - [12/Jul/2021:09:23:48 +0800] "GET /xingrg/css/form.css HTTP/1.1" 200 893
180.157.255.9 - - [12/Jul/2021:09:23:48 +0800] "GET /xingrg/javascript/jquery-1.4.2.min.js HTTP/1.1" 200 72205
180.157.255.9 - - [12/Jul/2021:09:23:48 +0800] "GET /xingrg/javascript/jquery_easy_ui/jquery.easyui.min.js HTTP/1.1" 200 213662
180.157.255.9 - - [12/Jul/2021:09:23:48 +0800] "GET /xingrg/javascript/jquery_easy_ui/easyui-lang-zh_CN.js HTTP/1.1" 200 1900
180.157.255.9 - - [12/Jul/2021:09:23:48 +0800] "GET /xingrg/javascript/jquery.timers.js HTTP/1.1" 200 3532
180.157.255.9 - - [12/Jul/2021:09:23:48 +0800] "GET /xingrg/javascript/jquery_easy_ui/themes/default/easyui.css HTTP/1.1" 200 26500
180.157.255.9 - - [12/Jul/2021:09:23:48 +0800] "GET /xingrg/javascript/jquery.utils.js HTTP/1.1" 200 11805
180.157.255.9 - - [12/Jul/2021:09:23:48 +0800] "GET /xingrg/index.html?sysBaseUrl=http%3A%2F%2F180.169.147.146%3A18081%2Fxingrg%2F&costTime=58×tamp=1626053028028 HTTP/1.1" 200 17179
180.157.255.9 - - [12/Jul/2021:09:23:48 +0800] "GET /xingrg/javascript/jquery.form.js HTTP/1.1" 200 23110
180.157.255.9 - - [12/Jul/2021:09:23:48 +0800] "GET /favicon.ico HTTP/1.1" 404 -
180.157.255.9 - - [12/Jul/2021:09:23:48 +0800] "GET /xingrg/javascript/jquery_easy_ui/themes/icons/settle_new.png HTTP/1.1" 200 826
180.157.255.9 - - [12/Jul/2021:09:23:48 +0800] "GET /xingrg/images/blue/navBackgound.jpg HTTP/1.1" 200 12378
180.157.255.9 - - [12/Jul/2021:09:23:48 +0800] "POST /xingrg/all/common/load_tree.html?tree=area_rest_tree_json&manage=1 HTTP/1.1" 200 351
180.157.255.9 - - [12/Jul/2021:09:23:48 +0800] "GET /xingrg/check_reg.html?_=1626052888303 HTTP/1.1" 200 22
180.157.255.9 - - [12/Jul/2021:09:23:48 +0800] "GET /xingrg/images/blue/pingpu.png HTTP/1.1" 200 231
180.157.255.9 - - [12/Jul/2021:09:23:48 +0800] "GET /xingrg/all/function/internal_message.html?_=1626052888301&CODE_STATE=count HTTP/1.1" 200 11
180.157.255.9 - - [12/Jul/2021:09:23:48 +0800] "GET /xingrg/javascript/jquery_easy_ui/themes/default/images/tabs_leftarrow.png HTTP/1.1" 200 389
180.157.255.9 - - [12/Jul/2021:09:23:48 +0800] "GET /xingrg/javascript/jquery_easy_ui/themes/default/images/panel_tool_collapse.gif HTTP/1.1" 200 246
180.157.255.9 - - [12/Jul/2021:09:23:48 +0800] "GET /xingrg/javascript/jquery_easy_ui/themes/default/images/tabs_rightarrow.png HTTP/1.1" 200 395
180.157.255.9 - - [12/Jul/2021:09:23:49 +0800] "POST /xingrg/load_menu.html HTTP/1.1" 200 5138
180.156.224.123 - - [12/Jul/2021:09:23:49 +0800] "GET /xingrg/kc/buy/cgsh_order_operate.html?command=get_materiel&rest_code=00151&code=00101008352&supplier_code=00100007&order_time=2021-07-12 HTTP/1.1" 200 412
180.157.255.9 - - [12/Jul/2021:09:23:49 +0800] "GET /xingrg/javascript/jquery_easy_ui/themes/default/images/tree_folder_open.gif HTTP/1.1" 200 956
180.157.255.9 - - [12/Jul/2021:09:23:49 +0800] "GET /xingrg/javascript/jquery_easy_ui/themes/icons/search_new.png HTTP/1.1" 200 586
180.157.255.9 - - [12/Jul/2021:09:23:49 +0800] "GET /xingrg/javascript/jquery_easy_ui/themes/default/images/tree_arrows.gif HTTP/1.1" 200 1043
180.157.255.9 - - [12/Jul/2021:09:23:49 +0800] "GET /xingrg/javascript/jquery_easy_ui/themes/default/images/tree_folder.gif HTTP/1.1" 200 952
180.157.255.9 - - [12/Jul/2021:09:23:49 +0800] "GET /xingrg/javascript/jquery_easy_ui/themes/icons/storage_new.png HTTP/1.1" 200 853
180.157.255.9 - - [12/Jul/2021:09:23:49 +0800] "GET /xingrg/javascript/jquery_easy_ui/themes/icons/forms_new.png HTTP/1.1" 200 350
180.157.255.9 - - [12/Jul/2021:09:23:49 +0800] "GET /xingrg/javascript/jquery_easy_ui/themes/default/images/tree_file.gif HTTP/1.1" 200 118
180.157.255.9 - - [12/Jul/2021:09:23:51 +0800] "GET /xingrg/kc/report/report_main.html HTTP/1.1" 200 7345
180.157.255.9 - - [12/Jul/2021:09:23:51 +0800] "GET /xingrg/javascript/jquery_easy_ui/themes/default/images/tabs_close.gif HTTP/1.1" 200 829
180.157.255.9 - - [12/Jul/2021:09:23:51 +0800] "GET /xingrg/javascript/pic_change.js HTTP/1.1" 200 4739
180.157.255.9 - - [12/Jul/2021:09:23:51 +0800] "GET /xingrg/css/blue.css HTTP/1.1" 200 15949
180.157.255.9 - - [12/Jul/2021:09:23:51 +0800] "GET /xingrg/javascript/jquery_ui/themes/humanity/humanity.css HTTP/1.1" 200 27801
180.157.255.9 - - [12/Jul/2021:09:23:51 +0800] "GET /xingrg/javascript/json2.js HTTP/1.1" 200 11259
180.157.255.9 - - [12/Jul/2021:09:23:51 +0800] "GET /xingrg/javascript/myfunction.js HTTP/1.1" 200 24559
180.157.255.9 - - [12/Jul/2021:09:23:52 +0800] "GET /xingrg/javascript/jquery_easy_ui/themes/icons/back_new.png HTTP/1.1" 200 3414
180.157.255.9 - - [12/Jul/2021:09:23:53 +0800] "GET /xingrg/all/report/report_query.html?fileName=kc/buy/gys_amount.xml&rh=99999 HTTP/1.1" 200 52006
180.157.255.9 - - [12/Jul/2021:09:23:53 +0800] "GET /xingrg/javascript/multi_select/jqueryMultiSelect.css HTTP/1.1" 200 951
180.157.255.9 - - [12/Jul/2021:09:23:53 +0800] "GET /xingrg/javascript/bigrid/fix.css HTTP/1.1" 200 1702
180.157.255.9 - - [12/Jul/2021:09:23:53 +0800] "GET /xingrg/javascript/calendar/jquery.timePicker.min.js HTTP/1.1" 200 2997
180.157.255.9 - - [12/Jul/2021:09:23:53 +0800] "GET /xingrg/javascript/calendar/timePicker.css HTTP/1.1" 200 523
180.157.255.9 - - [12/Jul/2021:09:23:53 +0800] "GET /xingrg/dwr/interface/AjaxReportQueryService.js HTTP/1.1" 200 13203
180.157.255.9 - - [12/Jul/2021:09:23:53 +0800] "GET /xingrg/dwr/util.js HTTP/1.1" 200 35990
180.157.255.9 - - [12/Jul/2021:09:23:53 +0800] "GET /xingrg/javascript/bigrid/fix.js HTTP/1.1" 200 6439
180.157.255.9 - - [12/Jul/2021:09:23:53 +0800] "GET /xingrg/javascript/jqueryMultiSelect.js HTTP/1.1" 200 11866
180.157.255.9 - - [12/Jul/2021:09:23:53 +0800] "GET /xingrg/javascript/Calendar.js HTTP/1.1" 200 31561
180.157.255.9 - - [12/Jul/2021:09:23:53 +0800] "GET /xingrg/dwr/engine.js HTTP/1.1" 200 43631
180.157.255.9 - - [12/Jul/2021:09:23:53 +0800] "GET /xingrg/images/blue/button/advanceover.gif HTTP/1.1" 200 1347
180.157.255.9 - - [12/Jul/2021:09:23:53 +0800] "GET /xingrg/images/blue/button/advance2over.gif HTTP/1.1" 200 1336
180.157.255.9 - - [12/Jul/2021:09:23:53 +0800] "GET /xingrg/images/blue/button/back2over.gif HTTP/1.1" 200 1335
180.157.255.9 - - [12/Jul/2021:09:23:53 +0800] "GET /xingrg/images/blue/button/backover.gif HTTP/1.1" 200 1348
180.157.255.9 - - [12/Jul/2021:09:23:53 +0800] "GET /xingrg/images/control/loading.gif HTTP/1.1" 200 13463
222.69.129.87 - - [12/Jul/2021:09:23:53 +0800] "GET /xingrg/all/function/internal_message.html?_=1626053032371&CODE_STATE=getMsg HTTP/1.1" 200 27
180.157.255.9 - - [12/Jul/2021:09:23:53 +0800] "GET /xingrg/javascript/jquery_easy_ui/themes/icons/help.png HTTP/1.1" 200 1187
180.157.255.9 - - [12/Jul/2021:09:23:53 +0800] "GET /xingrg/javascript/jquery_easy_ui/themes/default/images/menu_downarrow.png HTTP/1.1" 200 173
180.157.255.9 - - [12/Jul/2021:09:23:53 +0800] "GET /xingrg/javascript/jquery_easy_ui/themes/default/images/button_a_bg.gif HTTP/1.1" 200 1194
180.157.255.9 - - [12/Jul/2021:09:23:53 +0800] "GET /xingrg/javascript/jquery_easy_ui/themes/default/images/menu.gif HTTP/1.1" 200 834
180.157.255.9 - - [12/Jul/2021:09:23:53 +0800] "POST /xingrg/dwr/call/plaincall/AjaxReportQueryService.getFixDate.dwr HTTP/1.1" 200 111
180.157.255.9 - - [12/Jul/2021:09:23:53 +0800] "GET /xingrg/javascript/jquery_easy_ui/themes/icons/print.png HTTP/1.1" 200 1057
180.157.255.9 - - [12/Jul/2021:09:23:53 +0800] "GET /xingrg/javascript/jquery_easy_ui/themes/icons/pencil.png HTTP/1.1" 200 713
180.157.255.9 - - [12/Jul/2021:09:23:53 +0800] "GET /xingrg/javascript/jquery_easy_ui/themes/default/images/menu_rightarrow.png HTTP/1.1" 200 3617
180.157.255.9 - - [12/Jul/2021:09:23:53 +0800] "GET /xingrg/javascript/jquery_easy_ui/themes/default/images/combo_arrow_dot.gif HTTP/1.1" 200 79
180.157.255.9 - - [12/Jul/2021:09:23:53 +0800] "POST /xingrg/all/common/load_tree.html?tree=supplier_tree_json&manage=1 HTTP/1.1" 200 57246
180.157.255.9 - - [12/Jul/2021:09:23:55 +0800] "GET /xingrg/javascript/jquery_easy_ui/themes/default/images/tree_checkbox_0.gif HTTP/1.1" 200 168
180.157.255.9 - - [12/Jul/2021:09:23:55 +0800] "POST /xingrg/all/common/load_tree.html?tree=materiel_sort_tree_json HTTP/1.1" 200 8666
180.157.255.9 - - [12/Jul/2021:09:23:55 +0800] "POST /xingrg/dwr/call/plaincall/AjaxReportQueryService.getInitString.dwr HTTP/1.1" 200 975
180.157.255.9 - - [12/Jul/2021:09:23:55 +0800] "GET /xingrg/javascript/multi_select/dropdown.gif HTTP/1.1" 200 61
180.156.224.123 - - [12/Jul/2021:09:23:57 +0800] "GET /xingrg/kc/buy/cgsh_order_operate.html?command=get_materiel&rest_code=00151&code=00101008234&supplier_code=00100007&order_time=2021-07-12 HTTP/1.1" 200 408
120.253.135.82 - - [12/Jul/2021:09:24:01 +0800] "GET /xingrg/all/function/internal_message.html?_=1626052821545&CODE_STATE=getMsg HTTP/1.1" 200 27
58.37.225.51 - - [12/Jul/2021:09:24:04 +0800] "GET /xingrg/check_reg.html?_=1626052963159 HTTP/1.1" 200 22
58.37.225.51 - - [12/Jul/2021:09:24:04 +0800] "GET /xingrg/all/function/internal_message.html?_=1626052963157&CODE_STATE=getMsg HTTP/1.1" 200 27
180.156.224.123 - - [12/Jul/2021:09:24:04 +0800] "GET /xingrg/kc/buy/cgsh_order_operate.html?command=get_materiel&rest_code=00151&code=00101008318&supplier_code=00100007&order_time=2021-07-12 HTTP/1.1" 200 408
180.169.147.146 - - [12/Jul/2021:09:24:08 +0800] "GET /xingrg/all/function/internal_message.html?_=1626053047135&CODE_STATE=getMsg HTTP/1.1" 200 27
116.230.117.165 - - [12/Jul/2021:09:24:10 +0800] "GET /xingrg/all/function/internal_message.html?_=1626053050378&CODE_STATE=getMsg HTTP/1.1" 200 27
180.156.224.123 - - [12/Jul/2021:09:24:10 +0800] "GET /xingrg/all/function/internal_message.html?_=1626053032143&CODE_STATE=getMsg HTTP/1.1" 200 27
180.156.224.123 - - [12/Jul/2021:09:24:12 +0800] "GET /xingrg/kc/buy/cgsh_order_operate.html?command=get_materiel&rest_code=00151&code=00101016051&supplier_code=00100007&order_time=2021-07-12 HTTP/1.1" 200 408
180.169.147.146 - - [12/Jul/2021:09:24:14 +0800] "GET /xingrg/all/function/internal_message.html?_=1626053054744&CODE_STATE=getMsg HTTP/1.1" 200 27
183.192.94.21 - - [12/Jul/2021:09:24:16 +0800] "GET /xingrg/all/function/internal_message.html?_=1626053056894&CODE_STATE=getMsg HTTP/1.1" 302 -
120.253.135.82 - - [12/Jul/2021:09:24:19 +0800] "GET /xingrg/all/function/internal_message.html?_=1626053092782&CODE_STATE=getMsg HTTP/1.1" 200 27
116.235.222.38 - - [12/Jul/2021:09:24:19 +0800] "GET /xingrg/all/function/internal_message.html?_=1626053056344&CODE_STATE=getMsg HTTP/1.1" 200 27
180.157.255.9 - - [12/Jul/2021:09:24:19 +0800] "POST /xingrg/dwr/call/plaincall/AjaxReportQueryService.refreshCache.dwr HTTP/1.1" 200 78
180.169.147.146 - - [12/Jul/2021:09:24:20 +0800] "GET /xingrg/all/function/internal_message.html?_=1626053070118&CODE_STATE=getMsg HTTP/1.1" 200 27
180.157.255.9 - - [12/Jul/2021:09:24:22 +0800] "POST /xingrg/all/report/load_report_page.html HTTP/1.1" 200 187244
180.157.255.9 - - [12/Jul/2021:09:24:22 +0800] "GET /xingrg/servlets/image?cache=0.9246690862454613&image=px HTTP/1.1" 200 807
180.169.147.146 - - [12/Jul/2021:09:24:24 +0800] "GET /xingrg/all/function/internal_message.html?_=1626053063388&CODE_STATE=getMsg HTTP/1.1" 200 27
116.230.110.80 - - [12/Jul/2021:09:24:29 +0800] "GET /xingrg/all/function/internal_message.html?_=1626053065741&CODE_STATE=getMsg HTTP/1.1" 200 27
180.169.147.146 - - [12/Jul/2021:09:24:29 +0800] "POST /xingrg/all/user/operate.html HTTP/1.1" 200 36
180.157.255.9 - - [12/Jul/2021:09:24:29 +0800] "GET /xingrg/all/report/report_query.html?isQuery=1&fileName=kc/buy/wlcg_cate_hz.xml&queryString=(CONVERT(char(10)%252Ca.order_time%252C%2520120)%253E%253D'2021-01-01')%2520and%2520(CONVERT(char(10)%252Ca.order_time%252C%2520120)%253C%253D'2021-06-30')%2520and%2520(a.number%253E0%2520and%2520a.supplier_code%253D'00100071')&queryText=%25E3%2580%2590%25E9%2587%2587%25E8%25B4%25AD%25E6%2597%25A5%25E6%259C%259F%253A2021-01-01%2520%25E8%2587%25B3%25202021-06-30%25E3%2580%2591%2520%25E5%25B9%25B6%25E4%25B8%2594%2520%25E3%2580%2590%25E4%25BE%259B%25E5%25BA%2594%25E5%2595%2586%253D%25E6%25B4%2597%25E6%25B4%2581%25E7%25B2%25BE%25EF%25BC%2588%25E9%2583%2591%25E6%2598%25A5%25E5%25AE%258F%25EF%25BC%2589%25E3%2580%2591 HTTP/1.1" 200 54378
180.169.147.146 - - [12/Jul/2021:09:24:29 +0800] "GET /xingrg/index.html?sysBaseUrl=http%3A%2F%2F180.169.147.146%3A18081%2Fxingrg%2F&costTime=39×tamp=1626052820290 HTTP/1.1" 200 17509
180.169.147.146 - - [12/Jul/2021:09:24:29 +0800] "GET /xingrg/javascript/jquery_easy_ui/themes/default/easyui.css HTTP/1.1" 304 -
180.169.147.146 - - [12/Jul/2021:09:24:29 +0800] "GET /xingrg/javascript/jquery_easy_ui/themes/icon.css HTTP/1.1" 304 -
180.169.147.146 - - [12/Jul/2021:09:24:29 +0800] "GET /xingrg/javascript/jquery.form.js HTTP/1.1" 304 -
180.169.147.146 - - [12/Jul/2021:09:24:29 +0800] "GET /xingrg/css/form.css HTTP/1.1" 304 -
180.169.147.146 - - [12/Jul/2021:09:24:29 +0800] "GET /xingrg/javascript/jquery-1.4.2.min.js HTTP/1.1" 304 -
180.169.147.146 - - [12/Jul/2021:09:24:29 +0800] "GET /xingrg/javascript/jquery.utils.js HTTP/1.1" 304 -
180.169.147.146 - - [12/Jul/2021:09:24:29 +0800] "GET /xingrg/javascript/jquery.timers.js HTTP/1.1" 304 -
180.169.147.146 - - [12/Jul/2021:09:24:29 +0800] "GET /xingrg/javascript/jquery_easy_ui/easyui-lang-zh_CN.js HTTP/1.1" 304 -
180.169.147.146 - - [12/Jul/2021:09:24:29 +0800] "GET /xingrg/javascript/jquery_easy_ui/jquery.easyui.min.js HTTP/1.1" 304 -
180.169.147.146 - - [12/Jul/2021:09:24:29 +0800] "GET /xingrg/images/blue/jxLogo.png HTTP/1.1" 304 -
180.169.147.146 - - [12/Jul/2021:09:24:29 +0800] "GET /xingrg/javascript/jquery_easy_ui/themes/icons/settle_new.png HTTP/1.1" 304 -
180.169.147.146 - - [12/Jul/2021:09:24:29 +0800] "GET /xingrg/images/blue/navBackgound.jpg HTTP/1.1" 304 -
180.169.147.146 - - [12/Jul/2021:09:24:29 +0800] "POST /xingrg/all/common/load_tree.html?tree=area_rest_tree_json&manage=1 HTTP/1.1" 200 3466
180.169.147.146 - - [12/Jul/2021:09:24:29 +0800] "GET /xingrg/all/function/internal_message.html?_=1626053078853&CODE_STATE=count HTTP/1.1" 200 11
180.169.147.146 - - [12/Jul/2021:09:24:29 +0800] "GET /xingrg/check_reg.html?_=1626053078854 HTTP/1.1" 200 22
180.169.147.146 - - [12/Jul/2021:09:24:29 +0800] "GET /xingrg/javascript/jquery_easy_ui/themes/default/images/panel_tool_collapse.gif HTTP/1.1" 304 -
180.169.147.146 - - [12/Jul/2021:09:24:29 +0800] "GET /xingrg/images/blue/pingpu.png HTTP/1.1" 304 -
180.169.147.146 - - [12/Jul/2021:09:24:29 +0800] "GET /xingrg/javascript/jquery_easy_ui/themes/default/images/tabs_rightarrow.png HTTP/1.1" 304 -
180.169.147.146 - - [12/Jul/2021:09:24:29 +0800] "GET /xingrg/javascript/jquery_easy_ui/themes/default/images/tabs_leftarrow.png HTTP/1.1" 304 -
180.169.147.146 - - [12/Jul/2021:09:24:29 +0800] "GET /xingrg/javascript/jquery_easy_ui/themes/default/images/panel_tool_expand.gif HTTP/1.1" 304 -
180.169.147.146 - - [12/Jul/2021:09:24:29 +0800] "POST /xingrg/load_menu.html HTTP/1.1" 200 9959
180.157.255.9 - - [12/Jul/2021:09:24:29 +0800] "GET /xingrg/dwr/interface/AjaxReportQueryService.js HTTP/1.1" 200 13203
180.157.255.9 - - [12/Jul/2021:09:24:29 +0800] "GET /xingrg/dwr/engine.js HTTP/1.1" 200 43631
180.169.147.146 - - [12/Jul/2021:09:24:30 +0800] "GET /xingrg/javascript/jquery_easy_ui/themes/default/images/button_plain_hover.png HTTP/1.1" 200 252
180.157.255.9 - - [12/Jul/2021:09:24:30 +0800] "POST /xingrg/all/report/load_report_page.html HTTP/1.1" 200 8718
180.157.255.9 - - [12/Jul/2021:09:24:30 +0800] "GET /xingrg/servlets/image?cache=0.1885998994674064&image=px HTTP/1.1" 200 807
180.169.147.146 - - [12/Jul/2021:09:24:31 +0800] "POST /xingrg/dwr/call/plaincall/AjaxReportQueryService.refreshCache.dwr HTTP/1.1" 200 78
180.169.147.146 - - [12/Jul/2021:09:24:32 +0800] "GET /xingrg/kc/buy/buy_main.html HTTP/1.1" 200 12412
180.169.147.146 - - [12/Jul/2021:09:24:32 +0800] "GET /xingrg/css/new_ie.css HTTP/1.1" 404 1036
180.169.147.146 - - [12/Jul/2021:09:24:32 +0800] "POST /xingrg/all/report/load_report_page.html HTTP/1.1" 200 49754
180.169.147.146 - - [12/Jul/2021:09:24:32 +0800] "GET /xingrg/servlets/image?cache=0.6150309625401214&image=px HTTP/1.1" 200 807
180.169.147.146 - - [12/Jul/2021:09:24:32 +0800] "GET /xingrg/images/yd/bt.gif HTTP/1.1" 404 1040
180.169.147.146 - - [12/Jul/2021:09:24:33 +0800] "GET /xingrg/kc/buy/cgsh_order_list.html HTTP/1.1" 200 47198
180.157.255.9 - - [12/Jul/2021:09:24:35 +0800] "POST /xingrg/all/report/load_report_page.html HTTP/1.1" 200 16420
180.157.255.9 - - [12/Jul/2021:09:24:35 +0800] "GET /xingrg/servlets/image?cache=0.6317807654423716&image=px HTTP/1.1" 200 807
180.156.224.123 - - [12/Jul/2021:09:24:36 +0800] "GET /xingrg/all/function/internal_message.html?_=1626053075416&CODE_STATE=getMsg HTTP/1.1" 200 27
180.157.255.9 - - [12/Jul/2021:09:24:39 +0800] "GET /xingrg/javascript/jquery_easy_ui/themes/default/images/button_plain_hover.png HTTP/1.1" 200 252
180.156.224.123 - - [12/Jul/2021:09:24:40 +0800] "GET /xingrg/kc/buy/cgsh_order_operate.html?command=get_materiel&rest_code=00151&code=00101008354&supplier_code=00100007&order_time=2021-07-12 HTTP/1.1" 200 412
180.157.255.9 - - [12/Jul/2021:09:24:40 +0800] "POST /xingrg/all/report/report_print.html HTTP/1.1" 302 -
180.157.255.9 - - [12/Jul/2021:09:24:40 +0800] "GET /xingrg/servlets/html?sysBaseUrl=http%3A%2F%2F180.169.147.146%3A18081%2Fxingrg%2F&costTime=198×tamp=1626053080976 HTTP/1.1" 200 17851
180.157.255.9 - - [12/Jul/2021:09:24:40 +0800] "GET /xingrg/servlets/image?image=px HTTP/1.1" 200 807
180.157.255.9 - - [12/Jul/2021:09:24:41 +0800] "GET /favicon.ico HTTP/1.1" 404 -
58.39.171.44 - - [12/Jul/2021:09:24:41 +0800] "GET /xingrg/all/function/internal_message.html?_=1626053080248&CODE_STATE=getMsg HTTP/1.1" 200 27
180.169.147.146 - - [12/Jul/2021:09:24:47 +0800] "GET /xingrg/check_reg.html?_=1626053085463 HTTP/1.1" 302 -
180.169.147.146 - - [12/Jul/2021:09:24:47 +0800] "GET /xingrg/all/function/internal_message.html?_=1626053085469&CODE_STATE=getMsg HTTP/1.1" 302 -
116.233.75.166 - - [12/Jul/2021:09:24:47 +0800] "GET /xingrg/all/function/internal_message.html?_=1626053086481&CODE_STATE=getMsg HTTP/1.1" 200 27
180.156.224.123 - - [12/Jul/2021:09:24:47 +0800] "GET /xingrg/kc/buy/cgsh_order_operate.html?command=get_materiel&rest_code=00151&code=00101008331&supplier_code=00100007&order_time=2021-07-12 HTTP/1.1" 200 416
180.169.147.146 - - [12/Jul/2021:09:24:48 +0800] "POST /xingrg/dwr/call/plaincall/AjaxReportQueryService.refreshCache.dwr HTTP/1.1" 200 78
180.157.255.9 - - [12/Jul/2021:09:24:48 +0800] "GET /xingrg/all/function/internal_message.html?_=1626052948309&CODE_STATE=getMsg HTTP/1.1" 200 27
180.169.147.146 - - [12/Jul/2021:09:24:49 +0800] "POST /xingrg/all/report/load_report_page.html HTTP/1.1" 200 49811
180.169.147.146 - - [12/Jul/2021:09:24:49 +0800] "GET /xingrg/servlets/image?cache=0.21901440862088828&image=px HTTP/1.1" 200 807
222.69.129.87 - - [12/Jul/2021:09:24:53 +0800] "GET /xingrg/all/function/internal_message.html?_=1626053092354&CODE_STATE=getMsg HTTP/1.1" 200 27
222.69.129.87 - - [12/Jul/2021:09:24:54 +0800] "GET /xingrg/check_reg.html?_=1626053092763 HTTP/1.1" 200 22
180.156.224.123 - - [12/Jul/2021:09:24:54 +0800] "GET /xingrg/kc/buy/cgsh_order_operate.html?command=get_materiel&rest_code=00151&code=00101008370&supplier_code=00100007&order_time=2021-07-12 HTTP/1.1" 200 412
180.169.147.146 - - [12/Jul/2021:09:24:59 +0800] "POST /xingrg/kc/buy/cgsh_list_operate.html HTTP/1.1" 200 5182
180.169.147.146 - - [12/Jul/2021:09:25:01 +0800] "GET /xingrg/javascript/jquery_easy_ui/themes/default/images/tabs_active.png HTTP/1.1" 200 2894
120.253.135.82 - - [12/Jul/2021:09:25:01 +0800] "GET /xingrg/all/function/internal_message.html?_=1626052881562&CODE_STATE=getMsg HTTP/1.1" 200 27
180.156.224.123 - - [12/Jul/2021:09:25:01 +0800] "GET /xingrg/kc/buy/cgsh_order_operate.html?command=get_materiel&rest_code=00150&code=00101016104&supplier_code=00100096&order_time=2021-07-12 HTTP/1.1" 200 408
180.156.224.123 - - [12/Jul/2021:09:25:01 +0800] "GET /xingrg/kc/buy/cgsh_order_operate.html?command=get_materiel&rest_code=00151&code=00101008270&supplier_code=00100007&order_time=2021-07-12 HTTP/1.1" 200 412
58.37.225.51 - - [12/Jul/2021:09:25:04 +0800] "GET /xingrg/all/function/internal_message.html?_=1626053023156&CODE_STATE=getMsg HTTP/1.1" 200 27
180.169.147.146 - - [12/Jul/2021:09:25:08 +0800] "GET /xingrg/all/function/internal_message.html?_=1626053107126&CODE_STATE=getMsg HTTP/1.1" 200 27
116.230.117.165 - - [12/Jul/2021:09:25:10 +0800] "GET /xingrg/all/function/internal_message.html?_=1626053110390&CODE_STATE=getMsg HTTP/1.1" 200 27
180.156.224.123 - - [12/Jul/2021:09:25:10 +0800] "GET /xingrg/all/function/internal_message.html?_=1626053092156&CODE_STATE=getMsg HTTP/1.1" 200 27
180.156.224.123 - - [12/Jul/2021:09:25:11 +0800] "GET /xingrg/kc/buy/cgsh_order_operate.html?command=get_materiel&rest_code=00151&code=00101008095&supplier_code=00100007&order_time=2021-07-12 HTTP/1.1" 200 412
180.169.147.146 - - [12/Jul/2021:09:25:14 +0800] "GET /xingrg/all/function/internal_message.html?_=1626053114776&CODE_STATE=getMsg HTTP/1.1" 200 27
180.156.224.123 - - [12/Jul/2021:09:25:16 +0800] "GET /xingrg/kc/buy/cgsh_order_operate.html?command=get_materiel&rest_code=00150&code=00101006111&supplier_code=00100096&order_time=2021-07-12 HTTP/1.1" 200 409
183.192.94.21 - - [12/Jul/2021:09:25:16 +0800] "GET /xingrg/all/function/internal_message.html?_=1626053116894&CODE_STATE=getMsg HTTP/1.1" 302 -
183.192.94.21 - - [12/Jul/2021:09:25:16 +0800] "GET /xingrg/check_reg.html?_=1626053116896 HTTP/1.1" 302 -
180.156.224.123 - - [12/Jul/2021:09:25:17 +0800] "GET /xingrg/kc/buy/cgsh_order_operate.html?command=get_materiel&rest_code=00151&code=00101008221&supplier_code=00100007&order_time=2021-07-12 HTTP/1.1" 200 412
180.169.147.146 - - [12/Jul/2021:09:25:17 +0800] "GET /xingrg/check_reg.html?_=1626053117380 HTTP/1.1" 200 22
120.253.135.82 - - [12/Jul/2021:09:25:19 +0800] "GET /xingrg/all/function/internal_message.html?_=1626053152810&CODE_STATE=getMsg HTTP/1.1" 200 27
116.235.222.38 - - [12/Jul/2021:09:25:19 +0800] "GET /xingrg/check_reg.html?_=1626053116360 HTTP/1.1" 200 22
116.235.222.38 - - [12/Jul/2021:09:25:19 +0800] "GET /xingrg/all/function/internal_message.html?_=1626053116368&CODE_STATE=getMsg HTTP/1.1" 200 27
58.40.7.146 - - [12/Jul/2021:09:25:21 +0800] "GET /xingrg/check_reg.html?_=1626053120573 HTTP/1.1" 302 -
180.156.224.123 - - [12/Jul/2021:09:25:23 +0800] "GET /xingrg/kc/buy/cgsh_order_operate.html?command=get_materiel&rest_code=00151&code=00101008350&supplier_code=00100007&order_time=2021-07-12 HTTP/1.1" 200 408
116.230.110.80 - - [12/Jul/2021:09:25:29 +0800] "GET /xingrg/all/function/internal_message.html?_=1626053125727&CODE_STATE=getMsg HTTP/1.1" 200 27
180.169.147.146 - - [12/Jul/2021:09:25:29 +0800] "POST /xingrg/kc/buy/cgsh_list_operate.html HTTP/1.1" 200 5335
180.169.147.146 - - [12/Jul/2021:09:25:29 +0800] "GET /xingrg/all/function/internal_message.html?_=1626053138867&CODE_STATE=getMsg HTTP/1.1" 200 27
180.156.224.123 - - [12/Jul/2021:09:25:31 +0800] "POST /xingrg/kc/buy/cgsh_order_operate.html HTTP/1.1" 200 37
180.156.224.123 - - [12/Jul/2021:09:25:34 +0800] "POST /xingrg/kc/buy/cgsh_order_operate.html HTTP/1.1" 200 10455
180.156.224.123 - - [12/Jul/2021:09:25:36 +0800] "GET /xingrg/all/function/internal_message.html?_=1626053135422&CODE_STATE=getMsg HTTP/1.1" 200 27
180.156.224.123 - - [12/Jul/2021:09:25:37 +0800] "POST /xingrg/kc/buy/cgsh_order_operate.html HTTP/1.1" 200 2065
58.39.171.44 - - [12/Jul/2021:09:25:41 +0800] "GET /xingrg/all/function/internal_message.html?_=1626053140262&CODE_STATE=getMsg HTTP/1.1" 200 27
58.39.171.44 - - [12/Jul/2021:09:25:41 +0800] "GET /xingrg/check_reg.html?_=1626053140263 HTTP/1.1" 200 22
180.156.224.123 - - [12/Jul/2021:09:25:41 +0800] "GET /xingrg/kc/buy/cgsh_order_operate.html?command=get_materiel&rest_code=00150&code=00101007081&supplier_code=00100096&order_time=2021-07-12 HTTP/1.1" 200 413
180.169.147.146 - - [12/Jul/2021:09:25:47 +0800] "GET /xingrg/all/function/internal_message.html?_=1626053145465&CODE_STATE=getMsg HTTP/1.1" 302 -
116.233.75.166 - - [12/Jul/2021:09:25:47 +0800] "GET /xingrg/all/function/internal_message.html?_=1626053146483&CODE_STATE=getMsg HTTP/1.1" 200 27
222.69.129.87 - - [12/Jul/2021:09:25:53 +0800] "GET /xingrg/all/function/internal_message.html?_=1626053152325&CODE_STATE=getMsg HTTP/1.1" 200 27
120.253.135.82 - - [12/Jul/2021:09:25:54 +0800] "GET /xingrg/check_reg.html?_=1626053188305 HTTP/1.1" 200 22
180.156.224.123 - - [12/Jul/2021:09:25:58 +0800] "GET /xingrg/kc/buy/cgsh_order_operate.html?command=get_materiel&rest_code=00150&code=00101007059&supplier_code=00100096&order_time=2021-07-12 HTTP/1.1" 200 411
180.169.147.146 - - [12/Jul/2021:09:25:59 +0800] "GET /xingrg/check_reg.html?_=1626053149787 HTTP/1.1" 200 22
116.235.222.38 - - [12/Jul/2021:09:26:00 +0800] "POST /xingrg/dwr/call/plaincall/AjaxQqpsService.getMaterielByCode.dwr HTTP/1.1" 200 3522
120.253.135.82 - - [12/Jul/2021:09:26:01 +0800] "GET /xingrg/check_reg.html?_=1626052941509 HTTP/1.1" 200 22
120.253.135.82 - - [12/Jul/2021:09:26:01 +0800] "GET /xingrg/all/function/internal_message.html?_=1626052941574&CODE_STATE=getMsg HTTP/1.1" 200 27
58.37.225.51 - - [12/Jul/2021:09:26:04 +0800] "GET /xingrg/all/function/internal_message.html?_=1626053083179&CODE_STATE=getMsg HTTP/1.1" 200 27
116.230.117.165 - - [12/Jul/2021:09:26:08 +0800] "GET /xingrg/check_reg.html?_=1626053168321 HTTP/1.1" 200 22
180.169.147.146 - - [12/Jul/2021:09:26:08 +0800] "GET /xingrg/all/function/internal_message.html?_=1626053167127&CODE_STATE=getMsg HTTP/1.1" 200 27
180.156.224.123 - - [12/Jul/2021:09:26:08 +0800] "GET /xingrg/kc/buy/cgsh_order_operate.html?command=get_materiel&rest_code=00150&code=00101007031&supplier_code=00100096&order_time=2021-07-12 HTTP/1.1" 200 413
116.230.117.165 - - [12/Jul/2021:09:26:10 +0800] "GET /xingrg/all/function/internal_message.html?_=1626053170482&CODE_STATE=getMsg HTTP/1.1" 200 27
180.156.224.123 - - [12/Jul/2021:09:26:10 +0800] "GET /xingrg/all/function/internal_message.html?_=1626053152170&CODE_STATE=getMsg HTTP/1.1" 200 27
180.169.147.146 - - [12/Jul/2021:09:26:14 +0800] "GET /xingrg/all/function/internal_message.html?_=1626053174788&CODE_STATE=getMsg HTTP/1.1" 200 27
183.192.94.21 - - [12/Jul/2021:09:26:16 +0800] "GET /xingrg/all/function/internal_message.html?_=1626053176895&CODE_STATE=getMsg HTTP/1.1" 302 -
116.235.222.38 - - [12/Jul/2021:09:26:17 +0800] "POST /xingrg/dwr/call/plaincall/AjaxQqpsService.saveMaterielItem.dwr HTTP/1.1" 200 79
180.156.224.123 - - [12/Jul/2021:09:26:17 +0800] "GET /xingrg/kc/buy/cgsh_order_operate.html?command=get_materiel&rest_code=00150&code=00101007012&supplier_code=00100096&order_time=2021-07-12 HTTP/1.1" 200 410
120.253.135.82 - - [12/Jul/2021:09:26:19 +0800] "GET /xingrg/all/function/internal_message.html?_=1626053212824&CODE_STATE=getMsg HTTP/1.1" 200 27
116.235.222.38 - - [12/Jul/2021:09:26:19 +0800] "GET /xingrg/all/function/internal_message.html?_=1626053176350&CODE_STATE=getMsg HTTP/1.1" 200 27
116.230.110.80 - - [12/Jul/2021:09:26:28 +0800] "GET /xingrg/all/function/internal_message.html?_=1626053185706&CODE_STATE=getMsg HTTP/1.1" 200 27
180.169.147.146 - - [12/Jul/2021:09:26:29 +0800] "GET /xingrg/all/function/internal_message.html?_=1626053198863&CODE_STATE=getMsg HTTP/1.1" 200 27
180.156.224.123 - - [12/Jul/2021:09:26:30 +0800] "GET /xingrg/kc/buy/cgsh_order_operate.html?command=get_materiel&rest_code=00150&code=00101007077&supplier_code=00100096&order_time=2021-07-12 HTTP/1.1" 200 415
180.156.224.123 - - [12/Jul/2021:09:26:36 +0800] "GET /xingrg/all/function/internal_message.html?_=1626053195415&CODE_STATE=getMsg HTTP/1.1" 200 27
180.156.224.123 - - [12/Jul/2021:09:26:39 +0800] "GET /xingrg/kc/buy/cgsh_order_operate.html?command=get_materiel&rest_code=00151&code=00101008223&supplier_code=00100007&order_time=2021-07-12 HTTP/1.1" 200 412
116.230.110.80 - - [12/Jul/2021:09:26:40 +0800] "GET /xingrg/check_reg.html?_=1626053197234 HTTP/1.1" 200 22
58.39.171.44 - - [12/Jul/2021:09:26:41 +0800] "GET /xingrg/all/function/internal_message.html?_=1626053200261&CODE_STATE=getMsg HTTP/1.1" 200 27
116.235.222.38 - - [12/Jul/2021:09:26:44 +0800] "POST /xingrg/dwr/call/plaincall/AjaxQqpsService.checkOrder.dwr HTTP/1.1" 200 79
116.235.222.38 - - [12/Jul/2021:09:26:45 +0800] "GET /xingrg/kc/mdqp/qqps_order_info.html?code=302021071200254 HTTP/1.1" 200 26564
116.235.222.38 - - [12/Jul/2021:09:26:46 +0800] "GET /xingrg/dwr/interface/AjaxComOrderService.js HTTP/1.1" 200 18264
116.235.222.38 - - [12/Jul/2021:09:26:46 +0800] "GET /xingrg/dwr/interface/AjaxQqpsService.js HTTP/1.1" 200 16326
116.235.222.38 - - [12/Jul/2021:09:26:46 +0800] "GET /xingrg/dwr/engine.js HTTP/1.1" 200 43631
180.156.224.123 - - [12/Jul/2021:09:26:46 +0800] "GET /xingrg/kc/buy/cgsh_order_operate.html?command=get_materiel&rest_code=00151&code=00101008351&supplier_code=00100007&order_time=2021-07-12 HTTP/1.1" 200 408
180.169.147.146 - - [12/Jul/2021:09:26:47 +0800] "GET /xingrg/all/function/internal_message.html?_=1626053205459&CODE_STATE=getMsg HTTP/1.1" 302 -
116.233.75.166 - - [12/Jul/2021:09:26:47 +0800] "GET /xingrg/all/function/internal_message.html?_=1626053206487&CODE_STATE=getMsg HTTP/1.1" 200 27
116.233.75.166 - - [12/Jul/2021:09:26:47 +0800] "GET /xingrg/check_reg.html?_=1626053206488 HTTP/1.1" 200 22
116.235.222.38 - - [12/Jul/2021:09:26:47 +0800] "POST /xingrg/dwr/call/plaincall/AjaxQqpsService.loadMaterielItems.dwr HTTP/1.1" 200 1330
180.169.147.146 - - [12/Jul/2021:09:26:47 +0800] "POST /xingrg/kc/buy/cgsh_list_operate.html HTTP/1.1" 200 4847
222.69.129.87 - - [12/Jul/2021:09:26:53 +0800] "GET /xingrg/all/function/internal_message.html?_=1626053212314&CODE_STATE=getMsg HTTP/1.1" 200 27
180.156.224.123 - - [12/Jul/2021:09:26:55 +0800] "GET /xingrg/kc/buy/cgsh_order_operate.html?command=get_materiel&rest_code=00151&code=00101008264&supplier_code=00100007&order_time=2021-07-12 HTTP/1.1" 200 412
120.253.135.82 - - [12/Jul/2021:09:27:01 +0800] "GET /xingrg/all/function/internal_message.html?_=1626053001585&CODE_STATE=getMsg HTTP/1.1" 200 27
180.156.224.123 - - [12/Jul/2021:09:27:04 +0800] "GET /xingrg/kc/buy/cgsh_order_operate.html?command=get_materiel&rest_code=00151&code=00101008344&supplier_code=00100007&order_time=2021-07-12 HTTP/1.1" 200 412
58.37.225.51 - - [12/Jul/2021:09:27:04 +0800] "GET /xingrg/all/function/internal_message.html?_=1626053143176&CODE_STATE=getMsg HTTP/1.1" 200 27
180.169.147.146 - - [12/Jul/2021:09:27:08 +0800] "GET /xingrg/check_reg.html?_=1626053227133 HTTP/1.1" 200 22
180.169.147.146 - - [12/Jul/2021:09:27:08 +0800] "GET /xingrg/all/function/internal_message.html?_=1626053227137&CODE_STATE=getMsg HTTP/1.1" 200 27
116.230.117.165 - - [12/Jul/2021:09:27:10 +0800] "GET /xingrg/all/function/internal_message.html?_=1626053230574&CODE_STATE=getMsg HTTP/1.1" 200 27
180.156.224.123 - - [12/Jul/2021:09:27:10 +0800] "GET /xingrg/all/function/internal_message.html?_=1626053212184&CODE_STATE=getMsg HTTP/1.1" 200 27
180.156.224.123 - - [12/Jul/2021:09:27:13 +0800] "GET /xingrg/kc/buy/cgsh_order_operate.html?command=get_materiel&rest_code=00151&code=00101008261&supplier_code=00100007&order_time=2021-07-12 HTTP/1.1" 200 408
180.169.147.146 - - [12/Jul/2021:09:27:14 +0800] "GET /xingrg/all/function/internal_message.html?_=1626053234801&CODE_STATE=getMsg HTTP/1.1" 200 27
222.69.129.87 - - [12/Jul/2021:09:27:15 +0800] "GET /xingrg/kc/buy/cgsh_order_operate.html?command=get_materiel&rest_code=00149&code=00101011001&supplier_code=00100051&order_time=2021-07-12 HTTP/1.1" 200 423
183.192.94.21 - - [12/Jul/2021:09:27:16 +0800] "GET /xingrg/all/function/internal_message.html?_=1626053236893&CODE_STATE=getMsg HTTP/1.1" 302 -
120.253.135.82 - - [12/Jul/2021:09:27:19 +0800] "GET /xingrg/all/function/internal_message.html?_=1626053272838&CODE_STATE=getMsg HTTP/1.1" 200 27
116.235.222.38 - - [12/Jul/2021:09:27:19 +0800] "GET /xingrg/all/function/internal_message.html?_=1626053236365&CODE_STATE=getMsg HTTP/1.1" 200 27
180.156.224.123 - - [12/Jul/2021:09:27:19 +0800] "POST /xingrg/kc/buy/cgsh_order_operate.html HTTP/1.1" 200 37
180.156.224.123 - - [12/Jul/2021:09:27:21 +0800] "POST /xingrg/kc/buy/cgsh_order_operate.html HTTP/1.1" 200 37
180.156.224.123 - - [12/Jul/2021:09:27:22 +0800] "POST /xingrg/kc/buy/cgsh_order_operate.html HTTP/1.1" 200 13448
222.69.129.87 - - [12/Jul/2021:09:27:25 +0800] "GET /xingrg/kc/buy/cgsh_order_operate.html?command=get_materiel&rest_code=00149&code=00101011005&supplier_code=00100051&order_time=2021-07-12 HTTP/1.1" 200 429
116.230.110.80 - - [12/Jul/2021:09:27:28 +0800] "GET /xingrg/all/function/internal_message.html?_=1626053245694&CODE_STATE=getMsg HTTP/1.1" 200 27
180.169.147.146 - - [12/Jul/2021:09:27:29 +0800] "GET /xingrg/all/function/internal_message.html?_=1626053258861&CODE_STATE=getMsg HTTP/1.1" 200 27
180.156.224.123 - - [12/Jul/2021:09:27:29 +0800] "POST /xingrg/kc/buy/cgsh_order_operate.html HTTP/1.1" 200 12
180.156.224.123 - - [12/Jul/2021:09:27:30 +0800] "GET /xingrg/kc/buy/cgsh_order_info.html?code=212021071205203 HTTP/1.1" 200 57497
