180.156.224.123 - - [12/Jul/2021:09:27:30 +0800] "GET /xingrg/kc/buy/cgsh_order_operate.html?command=get_materiel&rest_code=00151&code=00101008248&supplier_code=00100007&order_time=2021-07-12 HTTP/1.1" 200 412
180.156.224.123 - - [12/Jul/2021:09:27:30 +0800] "GET /xingrg/javascript/easyui/themes/default/validatebox.css HTTP/1.1" 404 1104
180.156.224.123 - - [12/Jul/2021:09:27:31 +0800] "POST /xingrg/kc/buy/cgsh_order_operate.html HTTP/1.1" 200 7160
180.156.224.123 - - [12/Jul/2021:09:27:32 +0800] "GET /xingrg/kc/print/load_config.html?kc_code=cgsh HTTP/1.1" 200 1845
180.156.224.123 - - [12/Jul/2021:09:27:33 +0800] "GET /xingrg/kc/print/load_data.html?order_code=212021071205203&kc_code=cgsh&condition= HTTP/1.1" 200 3195
180.156.224.123 - - [12/Jul/2021:09:27:37 +0800] "GET /xingrg/all/function/internal_message.html?_=1626053255998&CODE_STATE=getMsg HTTP/1.1" 200 27
180.156.224.123 - - [12/Jul/2021:09:27:37 +0800] "GET /xingrg/check_reg.html?_=1626053256001 HTTP/1.1" 200 22
180.156.224.123 - - [12/Jul/2021:09:27:38 +0800] "GET /xingrg/kc/buy/cgsh_order_operate.html?command=get_materiel&rest_code=00151&code=00101008133&supplier_code=00100007&order_time=2021-07-12 HTTP/1.1" 200 408
180.156.224.123 - - [12/Jul/2021:09:27:39 +0800] "GET /xingrg/kc/buy/cgsh_order_list.html HTTP/1.1" 200 46943
180.156.224.123 - - [12/Jul/2021:09:27:41 +0800] "POST /xingrg/kc/buy/cgsh_list_operate.html HTTP/1.1" 200 1709
58.39.171.44 - - [12/Jul/2021:09:27:41 +0800] "GET /xingrg/all/function/internal_message.html?_=1626053260263&CODE_STATE=getMsg HTTP/1.1" 200 27
180.156.224.123 - - [12/Jul/2021:09:27:45 +0800] "GET /xingrg/kc/buy/cgsh_order_add.html HTTP/1.1" 200 62599
180.156.224.123 - - [12/Jul/2021:09:27:45 +0800] "POST /xingrg/kc/buy/cgsh_order_operate.html HTTP/1.1" 200 8245
180.156.224.123 - - [12/Jul/2021:09:27:45 +0800] "GET /xingrg/javascript/easyui/themes/default/validatebox.css HTTP/1.1" 404 1104
180.156.224.123 - - [12/Jul/2021:09:27:46 +0800] "GET /xingrg/kc/buy/cgsh_order_operate.html?command=get_materiel&rest_code=00151&code=00101008357&supplier_code=00100007&order_time=2021-07-12 HTTP/1.1" 200 408
180.169.147.146 - - [12/Jul/2021:09:27:47 +0800] "GET /xingrg/all/function/internal_message.html?_=1626053265478&CODE_STATE=getMsg HTTP/1.1" 302 -
117.184.7.30 - - [12/Jul/2021:09:27:47 +0800] "GET /xingrg/check_reg.html?_=1626053263666 HTTP/1.1" 200 22
116.233.75.166 - - [12/Jul/2021:09:27:47 +0800] "GET /xingrg/all/function/internal_message.html?_=1626053266487&CODE_STATE=getMsg HTTP/1.1" 200 27
222.69.129.87 - - [12/Jul/2021:09:27:48 +0800] "POST /xingrg/kc/buy/cgsh_order_operate.html HTTP/1.1" 200 37
222.69.129.87 - - [12/Jul/2021:09:27:51 +0800] "POST /xingrg/kc/buy/cgsh_order_operate.html HTTP/1.1" 200 12
180.156.224.123 - - [12/Jul/2021:09:27:53 +0800] "GET /xingrg/kc/buy/cgsh_order_operate.html?command=get_materiel&rest_code=00151&code=00101008361&supplier_code=00100007&order_time=2021-07-12 HTTP/1.1" 200 408
180.156.224.123 - - [12/Jul/2021:09:27:55 +0800] "GET /xingrg/kc/buy/cgsh_order_operate.html?command=get_materiel&rest_code=00150&code=00101009001&supplier_code=00100424&order_time=2021-07-12 HTTP/1.1" 200 416
222.69.129.87 - - [12/Jul/2021:09:27:58 +0800] "GET /xingrg/kc/buy/cgsh_order_info.html?code=212021071205205 HTTP/1.1" 200 57636
222.69.129.87 - - [12/Jul/2021:09:27:58 +0800] "GET /xingrg/javascript/easyui/themes/default/validatebox.css HTTP/1.1" 404 1104
222.69.129.87 - - [12/Jul/2021:09:27:59 +0800] "POST /xingrg/kc/buy/cgsh_order_operate.html HTTP/1.1" 200 1799
222.69.129.87 - - [12/Jul/2021:09:28:00 +0800] "GET /xingrg/kc/print/load_data.html?order_code=212021071205205&kc_code=cgsh&condition= HTTP/1.1" 200 1178
120.253.135.82 - - [12/Jul/2021:09:28:01 +0800] "GET /xingrg/all/function/internal_message.html?_=1626053061599&CODE_STATE=getMsg HTTP/1.1" 200 27
180.156.224.123 - - [12/Jul/2021:09:28:02 +0800] "GET /xingrg/kc/buy/cgsh_order_operate.html?command=get_materiel&rest_code=00151&code=00101008300&supplier_code=00100007&order_time=2021-07-12 HTTP/1.1" 200 412
58.37.225.51 - - [12/Jul/2021:09:28:04 +0800] "GET /xingrg/all/function/internal_message.html?_=1626053203168&CODE_STATE=getMsg HTTP/1.1" 200 27
180.156.224.123 - - [12/Jul/2021:09:28:05 +0800] "GET /xingrg/kc/buy/cgsh_order_operate.html?command=get_materiel&rest_code=00150&code=00101009041&supplier_code=00100424&order_time=2021-07-12 HTTP/1.1" 200 408
222.69.129.87 - - [12/Jul/2021:09:28:06 +0800] "GET /xingrg/kc/buy/cgsh_order_add.html HTTP/1.1" 200 62728
222.69.129.87 - - [12/Jul/2021:09:28:06 +0800] "POST /xingrg/kc/buy/cgsh_order_operate.html HTTP/1.1" 200 8245
222.69.129.87 - - [12/Jul/2021:09:28:06 +0800] "GET /xingrg/javascript/easyui/themes/default/validatebox.css HTTP/1.1" 404 1104
180.156.224.123 - - [12/Jul/2021:09:28:08 +0800] "POST /xingrg/kc/buy/cgsh_order_operate.html HTTP/1.1" 200 37
180.169.147.146 - - [12/Jul/2021:09:28:08 +0800] "GET /xingrg/all/function/internal_message.html?_=1626053287123&CODE_STATE=getMsg HTTP/1.1" 200 27
180.156.224.123 - - [12/Jul/2021:09:28:09 +0800] "POST /xingrg/kc/buy/cgsh_order_operate.html HTTP/1.1" 200 16442
116.230.117.165 - - [12/Jul/2021:09:28:10 +0800] "GET /xingrg/all/function/internal_message.html?_=1626053290587&CODE_STATE=getMsg HTTP/1.1" 200 27
180.156.224.123 - - [12/Jul/2021:09:28:10 +0800] "GET /xingrg/check_reg.html?_=1626053272147 HTTP/1.1" 200 22
180.156.224.123 - - [12/Jul/2021:09:28:10 +0800] "GET /xingrg/all/function/internal_message.html?_=1626053272196&CODE_STATE=getMsg HTTP/1.1" 200 27
180.156.224.123 - - [12/Jul/2021:09:28:10 +0800] "GET /xingrg/kc/buy/cgsh_order_operate.html?command=get_materiel&rest_code=00150&code=00101009124&supplier_code=00100424&order_time=2021-07-12 HTTP/1.1" 200 402
180.169.147.146 - - [12/Jul/2021:09:28:14 +0800] "GET /xingrg/all/function/internal_message.html?_=1626053294825&CODE_STATE=getMsg HTTP/1.1" 200 27
183.192.94.21 - - [12/Jul/2021:09:28:16 +0800] "GET /xingrg/all/function/internal_message.html?_=1626053296892&CODE_STATE=getMsg HTTP/1.1" 302 -
180.156.224.123 - - [12/Jul/2021:09:28:16 +0800] "GET /xingrg/kc/buy/cgsh_order_operate.html?command=get_materiel&rest_code=00150&code=00101009016&supplier_code=00100424&order_time=2021-07-12 HTTP/1.1" 200 412
180.156.224.123 - - [12/Jul/2021:09:28:17 +0800] "GET /xingrg/kc/buy/cgsh_order_operate.html?command=get_materiel&rest_code=00151&code=00101008356&supplier_code=00100007&order_time=2021-07-12 HTTP/1.1" 200 408
120.253.135.82 - - [12/Jul/2021:09:28:19 +0800] "GET /xingrg/all/function/internal_message.html?_=1626053332879&CODE_STATE=getMsg HTTP/1.1" 200 27
116.235.222.38 - - [12/Jul/2021:09:28:19 +0800] "GET /xingrg/all/function/internal_message.html?_=1626053296359&CODE_STATE=getMsg HTTP/1.1" 200 27
180.156.224.123 - - [12/Jul/2021:09:28:24 +0800] "GET /xingrg/kc/buy/cgsh_order_operate.html?command=get_materiel&rest_code=00151&code=00101008286&supplier_code=00100007&order_time=2021-07-12 HTTP/1.1" 200 408
116.230.110.80 - - [12/Jul/2021:09:28:28 +0800] "GET /xingrg/all/function/internal_message.html?_=1626053305674&CODE_STATE=getMsg HTTP/1.1" 200 27
180.169.147.146 - - [12/Jul/2021:09:28:29 +0800] "GET /xingrg/all/function/internal_message.html?_=1626053318863&CODE_STATE=getMsg HTTP/1.1" 200 27
180.156.224.123 - - [12/Jul/2021:09:28:32 +0800] "GET /xingrg/kc/buy/cgsh_order_operate.html?command=get_materiel&rest_code=00151&code=00101008049&supplier_code=00100007&order_time=2021-07-12 HTTP/1.1" 200 408
180.156.224.123 - - [12/Jul/2021:09:28:37 +0800] "GET /xingrg/all/function/internal_message.html?_=1626053315974&CODE_STATE=getMsg HTTP/1.1" 200 27
180.156.224.123 - - [12/Jul/2021:09:28:38 +0800] "GET /xingrg/kc/buy/cgsh_order_operate.html?command=get_materiel&rest_code=00151&code=00101008219&supplier_code=00100007&order_time=2021-07-12 HTTP/1.1" 200 412
58.39.171.44 - - [12/Jul/2021:09:28:41 +0800] "GET /xingrg/all/function/internal_message.html?_=1626053320263&CODE_STATE=getMsg HTTP/1.1" 200 27
180.156.224.123 - - [12/Jul/2021:09:28:45 +0800] "GET /xingrg/kc/buy/cgsh_order_operate.html?command=get_materiel&rest_code=00151&code=00101012039&supplier_code=00100007&order_time=2021-07-12 HTTP/1.1" 200 408
180.169.147.146 - - [12/Jul/2021:09:28:47 +0800] "GET /xingrg/all/function/internal_message.html?_=1626053325457&CODE_STATE=getMsg HTTP/1.1" 302 -
116.233.75.166 - - [12/Jul/2021:09:28:47 +0800] "GET /xingrg/all/function/internal_message.html?_=1626053326489&CODE_STATE=getMsg HTTP/1.1" 200 27
222.69.129.87 - - [12/Jul/2021:09:28:53 +0800] "GET /xingrg/all/function/internal_message.html?_=1626053332329&CODE_STATE=getMsg HTTP/1.1" 200 27
120.253.135.82 - - [12/Jul/2021:09:29:01 +0800] "GET /xingrg/all/function/internal_message.html?_=1626053121616&CODE_STATE=getMsg HTTP/1.1" 200 27
58.37.225.51 - - [12/Jul/2021:09:29:04 +0800] "GET /xingrg/all/function/internal_message.html?_=1626053263181&CODE_STATE=getMsg HTTP/1.1" 200 27
58.37.225.51 - - [12/Jul/2021:09:29:04 +0800] "GET /xingrg/check_reg.html?_=1626053263182 HTTP/1.1" 200 22
180.156.224.123 - - [12/Jul/2021:09:29:07 +0800] "POST /xingrg/kc/buy/cgsh_order_operate.html HTTP/1.1" 200 64
180.169.147.146 - - [12/Jul/2021:09:29:08 +0800] "GET /xingrg/all/function/internal_message.html?_=1626053347129&CODE_STATE=getMsg HTTP/1.1" 200 27
180.156.224.123 - - [12/Jul/2021:09:29:08 +0800] "POST /xingrg/kc/buy/cgsh_order_operate.html HTTP/1.1" 200 37
180.156.224.123 - - [12/Jul/2021:09:29:10 +0800] "POST /xingrg/kc/buy/cgsh_order_operate.html HTTP/1.1" 200 19425
116.230.117.165 - - [12/Jul/2021:09:29:10 +0800] "GET /xingrg/all/function/internal_message.html?_=1626053350689&CODE_STATE=getMsg HTTP/1.1" 200 27
180.156.224.123 - - [12/Jul/2021:09:29:10 +0800] "GET /xingrg/all/function/internal_message.html?_=1626053332377&CODE_STATE=getMsg HTTP/1.1" 200 27
180.156.224.123 - - [12/Jul/2021:09:29:11 +0800] "POST /xingrg/kc/buy/cgsh_order_operate.html HTTP/1.1" 200 37
180.156.224.123 - - [12/Jul/2021:09:29:13 +0800] "POST /xingrg/kc/buy/cgsh_order_operate.html HTTP/1.1" 200 4431
180.169.147.146 - - [12/Jul/2021:09:29:14 +0800] "GET /xingrg/all/function/internal_message.html?_=1626053354828&CODE_STATE=getMsg HTTP/1.1" 200 27
180.156.224.123 - - [12/Jul/2021:09:29:16 +0800] "GET /xingrg/kc/buy/cgsh_order_operate.html?command=get_materiel&rest_code=00151&code=00101008415&supplier_code=00100007&order_time=2021-07-12 HTTP/1.1" 200 398
183.192.94.21 - - [12/Jul/2021:09:29:16 +0800] "GET /xingrg/all/function/internal_message.html?_=1626053356892&CODE_STATE=getMsg HTTP/1.1" 302 -
180.156.224.123 - - [12/Jul/2021:09:29:17 +0800] "POST /xingrg/kc/buy/cgsh_order_operate.html HTTP/1.1" 200 37
120.253.135.82 - - [12/Jul/2021:09:29:19 +0800] "GET /xingrg/all/function/internal_message.html?_=1626053392895&CODE_STATE=getMsg HTTP/1.1" 200 27
116.235.222.38 - - [12/Jul/2021:09:29:19 +0800] "GET /xingrg/all/function/internal_message.html?_=1626053356369&CODE_STATE=getMsg HTTP/1.1" 200 27
180.156.224.123 - - [12/Jul/2021:09:29:20 +0800] "POST /xingrg/kc/buy/cgsh_order_operate.html HTTP/1.1" 200 12
180.156.224.123 - - [12/Jul/2021:09:29:21 +0800] "GET /xingrg/kc/buy/cgsh_order_info.html?code=212021071205207 HTTP/1.1" 200 57507
180.156.224.123 - - [12/Jul/2021:09:29:21 +0800] "GET /xingrg/javascript/easyui/themes/default/validatebox.css HTTP/1.1" 404 1104
180.156.224.123 - - [12/Jul/2021:09:29:22 +0800] "POST /xingrg/kc/buy/cgsh_order_operate.html HTTP/1.1" 200 2381
180.156.224.123 - - [12/Jul/2021:09:29:23 +0800] "GET /xingrg/kc/buy/cgsh_order_operate.html?command=get_materiel&rest_code=00151&code=00101008088&supplier_code=00100007&order_time=2021-07-12 HTTP/1.1" 200 408
180.156.224.123 - - [12/Jul/2021:09:29:24 +0800] "GET /xingrg/kc/print/load_data.html?order_code=212021071205207&kc_code=cgsh&condition= HTTP/1.1" 200 1381
180.156.224.123 - - [12/Jul/2021:09:29:28 +0800] "GET /xingrg/kc/buy/cgsh_order_operate.html?command=get_materiel&rest_code=00151&code=00101016025&supplier_code=00100007&order_time=2021-07-12 HTTP/1.1" 200 408
116.230.110.80 - - [12/Jul/2021:09:29:28 +0800] "GET /xingrg/all/function/internal_message.html?_=1626053365664&CODE_STATE=getMsg HTTP/1.1" 200 27
180.169.147.146 - - [12/Jul/2021:09:29:29 +0800] "GET /xingrg/check_reg.html?_=1626053378871 HTTP/1.1" 200 22
180.169.147.146 - - [12/Jul/2021:09:29:29 +0800] "GET /xingrg/all/function/internal_message.html?_=1626053378875&CODE_STATE=getMsg HTTP/1.1" 200 27
180.156.224.123 - - [12/Jul/2021:09:29:30 +0800] "GET /xingrg/kc/buy/cgsh_order_add.html HTTP/1.1" 200 62599
180.156.224.123 - - [12/Jul/2021:09:29:30 +0800] "POST /xingrg/kc/buy/cgsh_order_operate.html HTTP/1.1" 200 8245
180.156.224.123 - - [12/Jul/2021:09:29:30 +0800] "GET /xingrg/javascript/easyui/themes/default/validatebox.css HTTP/1.1" 404 1104
180.156.224.123 - - [12/Jul/2021:09:29:36 +0800] "GET /xingrg/kc/buy/cgsh_order_operate.html?command=get_materiel&rest_code=00151&code=00101008362&supplier_code=00100007&order_time=2021-07-12 HTTP/1.1" 200 408
180.156.224.123 - - [12/Jul/2021:09:29:37 +0800] "GET /xingrg/all/function/internal_message.html?_=1626053376024&CODE_STATE=getMsg HTTP/1.1" 200 27
180.156.224.123 - - [12/Jul/2021:09:29:40 +0800] "GET /xingrg/kc/buy/cgsh_order_operate.html?command=get_materiel&rest_code=00150&code=00101015021&supplier_code=00100054&order_time=2021-07-12 HTTP/1.1" 200 408
58.39.171.44 - - [12/Jul/2021:09:29:41 +0800] "GET /xingrg/all/function/internal_message.html?_=1626053380261&CODE_STATE=getMsg HTTP/1.1" 200 27
180.156.224.123 - - [12/Jul/2021:09:29:42 +0800] "GET /xingrg/kc/buy/cgsh_order_operate.html?command=get_materiel&rest_code=00151&code=00101008096&supplier_code=00100007&order_time=2021-07-12 HTTP/1.1" 200 412
180.156.224.123 - - [12/Jul/2021:09:29:47 +0800] "POST /xingrg/kc/buy/cgsh_order_operate.html HTTP/1.1" 200 37
180.169.147.146 - - [12/Jul/2021:09:29:47 +0800] "GET /xingrg/all/function/internal_message.html?_=1626053385468&CODE_STATE=getMsg HTTP/1.1" 302 -
180.169.147.146 - - [12/Jul/2021:09:29:47 +0800] "GET /xingrg/check_reg.html?_=1626053385476 HTTP/1.1" 302 -
116.233.75.166 - - [12/Jul/2021:09:29:47 +0800] "GET /xingrg/all/function/internal_message.html?_=1626053386490&CODE_STATE=getMsg HTTP/1.1" 200 27
180.156.224.123 - - [12/Jul/2021:09:29:48 +0800] "POST /xingrg/kc/buy/cgsh_order_operate.html HTTP/1.1" 200 22415
222.69.129.87 - - [12/Jul/2021:09:29:48 +0800] "POST /xingrg/services/DataTransmitService HTTP/1.1" 200 524
222.69.129.87 - - [12/Jul/2021:09:29:48 +0800] "POST /xingrg/services/DataTransmitService HTTP/1.1" 200 1983
180.156.224.123 - - [12/Jul/2021:09:29:49 +0800] "GET /xingrg/kc/buy/cgsh_order_operate.html?command=get_materiel&rest_code=00150&code=00101015062&supplier_code=00100054&order_time=2021-07-12 HTTP/1.1" 200 412
222.69.129.87 - - [12/Jul/2021:09:29:53 +0800] "GET /xingrg/all/function/internal_message.html?_=1626053392309&CODE_STATE=getMsg HTTP/1.1" 200 27
222.69.129.87 - - [12/Jul/2021:09:29:54 +0800] "GET /xingrg/check_reg.html?_=1626053392781 HTTP/1.1" 200 22
180.156.224.123 - - [12/Jul/2021:09:29:55 +0800] "GET /xingrg/kc/buy/cgsh_order_operate.html?command=get_materiel&rest_code=00150&code=00101015076&supplier_code=00100054&order_time=2021-07-12 HTTP/1.1" 200 416
116.230.117.165 - - [12/Jul/2021:09:29:56 +0800] "GET /xingrg/kc/buy/cgsh_order_operate.html?command=get_materiel&rest_code=00146&code=00101008131&supplier_code=00100005&order_time=2021-07-12 HTTP/1.1" 200 408
180.156.224.123 - - [12/Jul/2021:09:29:57 +0800] "GET /xingrg/kc/buy/cgsh_order_operate.html?command=get_materiel&rest_code=00151&code=00101008024&supplier_code=00100007&order_time=2021-07-12 HTTP/1.1" 200 408
120.253.135.82 - - [12/Jul/2021:09:30:01 +0800] "GET /xingrg/all/function/internal_message.html?_=1626053181625&CODE_STATE=getMsg HTTP/1.1" 200 27
180.156.224.123 - - [12/Jul/2021:09:30:03 +0800] "GET /xingrg/kc/buy/cgsh_order_operate.html?command=get_materiel&rest_code=00151&code=00101008131&supplier_code=00100007&order_time=2021-07-12 HTTP/1.1" 200 408
58.37.225.51 - - [12/Jul/2021:09:30:04 +0800] "GET /xingrg/all/function/internal_message.html?_=1626053323176&CODE_STATE=getMsg HTTP/1.1" 200 27
116.230.117.165 - - [12/Jul/2021:09:30:08 +0800] "GET /xingrg/kc/buy/cgsh_order_operate.html?command=get_materiel&rest_code=00146&code=00101008296&supplier_code=00100005&order_time=2021-07-12 HTTP/1.1" 200 416
180.169.147.146 - - [12/Jul/2021:09:30:08 +0800] "GET /xingrg/all/function/internal_message.html?_=1626053407133&CODE_STATE=getMsg HTTP/1.1" 200 27
116.230.117.165 - - [12/Jul/2021:09:30:10 +0800] "GET /xingrg/all/function/internal_message.html?_=1626053410692&CODE_STATE=getMsg HTTP/1.1" 200 27
180.156.224.123 - - [12/Jul/2021:09:30:10 +0800] "GET /xingrg/kc/buy/cgsh_order_operate.html?command=get_materiel&rest_code=00151&code=00101008069&supplier_code=00100007&order_time=2021-07-12 HTTP/1.1" 200 412
180.156.224.123 - - [12/Jul/2021:09:30:10 +0800] "GET /xingrg/all/function/internal_message.html?_=1626053392381&CODE_STATE=getMsg HTTP/1.1" 200 27
116.230.117.165 - - [12/Jul/2021:09:30:13 +0800] "POST /xingrg/kc/buy/cgsh_order_operate.html HTTP/1.1" 200 2065
180.169.147.146 - - [12/Jul/2021:09:30:14 +0800] "GET /xingrg/all/function/internal_message.html?_=1626053414850&CODE_STATE=getMsg HTTP/1.1" 200 27
183.192.94.21 - - [12/Jul/2021:09:30:16 +0800] "GET /xingrg/all/function/internal_message.html?_=1626053416893&CODE_STATE=getMsg HTTP/1.1" 302 -
183.192.94.21 - - [12/Jul/2021:09:30:16 +0800] "GET /xingrg/check_reg.html?_=1626053416895 HTTP/1.1" 302 -
180.169.147.146 - - [12/Jul/2021:09:30:17 +0800] "GET /xingrg/check_reg.html?_=1626053417390 HTTP/1.1" 200 22
120.253.135.82 - - [12/Jul/2021:09:30:19 +0800] "GET /xingrg/all/function/internal_message.html?_=1626053452930&CODE_STATE=getMsg HTTP/1.1" 200 27
180.156.224.123 - - [12/Jul/2021:09:30:19 +0800] "GET /xingrg/kc/buy/cgsh_order_operate.html?command=get_materiel&rest_code=00151&code=00101008033&supplier_code=00100007&order_time=2021-07-12 HTTP/1.1" 200 408
116.235.222.38 - - [12/Jul/2021:09:30:19 +0800] "GET /xingrg/check_reg.html?_=1626053416369 HTTP/1.1" 200 22
116.235.222.38 - - [12/Jul/2021:09:30:19 +0800] "GET /xingrg/all/function/internal_message.html?_=1626053416387&CODE_STATE=getMsg HTTP/1.1" 200 27
222.69.129.87 - - [12/Jul/2021:09:30:20 +0800] "GET /xingrg/kc/buy/cgsh_order_operate.html?command=get_materiel&rest_code=00149&code=00101006109&supplier_code=00100012&order_time=2021-07-12 HTTP/1.1" 200 409
58.40.7.146 - - [12/Jul/2021:09:30:21 +0800] "GET /xingrg/check_reg.html?_=1626053420546 HTTP/1.1" 302 -
180.156.224.123 - - [12/Jul/2021:09:30:26 +0800] "POST /xingrg/kc/buy/cgsh_order_operate.html HTTP/1.1" 200 37
180.156.224.123 - - [12/Jul/2021:09:30:28 +0800] "GET /xingrg/kc/buy/cgsh_order_operate.html?command=get_materiel&rest_code=00151&code=00101008136&supplier_code=00100007&order_time=2021-07-12 HTTP/1.1" 200 413
116.230.110.80 - - [12/Jul/2021:09:30:28 +0800] "GET /xingrg/all/function/internal_message.html?_=1626053425639&CODE_STATE=getMsg HTTP/1.1" 200 27
180.169.147.146 - - [12/Jul/2021:09:30:29 +0800] "GET /xingrg/all/function/internal_message.html?_=1626053438859&CODE_STATE=getMsg HTTP/1.1" 200 27
180.156.224.123 - - [12/Jul/2021:09:30:29 +0800] "POST /xingrg/kc/buy/cgsh_order_operate.html HTTP/1.1" 200 12
222.69.129.87 - - [12/Jul/2021:09:30:30 +0800] "GET /xingrg/kc/buy/cgsh_order_operate.html?command=get_materiel&rest_code=00149&code=00101006130&supplier_code=00100012&order_time=2021-07-12 HTTP/1.1" 200 427
180.156.224.123 - - [12/Jul/2021:09:30:30 +0800] "GET /xingrg/kc/buy/cgsh_order_info.html?code=212021071205208 HTTP/1.1" 200 57505
180.156.224.123 - - [12/Jul/2021:09:30:31 +0800] "GET /xingrg/javascript/easyui/themes/default/validatebox.css HTTP/1.1" 404 1104
180.156.224.123 - - [12/Jul/2021:09:30:31 +0800] "POST /xingrg/kc/buy/cgsh_order_operate.html HTTP/1.1" 200 1785
116.230.117.165 - - [12/Jul/2021:09:30:34 +0800] "GET /xingrg/kc/buy/cgsh_order_operate.html?command=get_materiel&rest_code=00146&code=00101008098&supplier_code=00100005&order_time=2021-07-12 HTTP/1.1" 200 412
180.156.224.123 - - [12/Jul/2021:09:30:37 +0800] "GET /xingrg/all/function/internal_message.html?_=1626053435999&CODE_STATE=getMsg HTTP/1.1" 200 27
180.156.224.123 - - [12/Jul/2021:09:30:40 +0800] "POST /xingrg/kc/buy/cgsh_order_operate.html HTTP/1.1" 200 37
180.156.224.123 - - [12/Jul/2021:09:30:40 +0800] "GET /xingrg/kc/print/load_data.html?order_code=212021071205208&kc_code=cgsh&condition= HTTP/1.1" 200 2278
58.39.171.44 - - [12/Jul/2021:09:30:41 +0800] "GET /xingrg/all/function/internal_message.html?_=1626053440259&CODE_STATE=getMsg HTTP/1.1" 200 27
58.39.171.44 - - [12/Jul/2021:09:30:41 +0800] "GET /xingrg/check_reg.html?_=1626053440261 HTTP/1.1" 200 22
180.156.224.123 - - [12/Jul/2021:09:30:41 +0800] "POST /xingrg/kc/buy/cgsh_order_operate.html HTTP/1.1" 200 25410
222.69.129.87 - - [12/Jul/2021:09:30:47 +0800] "GET /xingrg/kc/buy/cgsh_order_operate.html?command=get_materiel&rest_code=00149&code=00101006057&supplier_code=00100012&order_time=2021-07-12 HTTP/1.1" 200 413
180.169.147.146 - - [12/Jul/2021:09:30:47 +0800] "GET /xingrg/all/function/internal_message.html?_=1626053445482&CODE_STATE=getMsg HTTP/1.1" 302 -
116.230.117.165 - - [12/Jul/2021:09:30:47 +0800] "GET /xingrg/kc/buy/cgsh_order_operate.html?command=get_materiel&rest_code=00146&code=00101008353&supplier_code=00100005&order_time=2021-07-12 HTTP/1.1" 200 408
116.233.75.166 - - [12/Jul/2021:09:30:47 +0800] "GET /xingrg/all/function/internal_message.html?_=1626053446493&CODE_STATE=getMsg HTTP/1.1" 200 27
180.156.224.123 - - [12/Jul/2021:09:30:47 +0800] "GET /xingrg/kc/buy/cgsh_order_operate.html?command=get_materiel&rest_code=00151&code=00101008132&supplier_code=00100007&order_time=2021-07-12 HTTP/1.1" 200 408
222.69.129.87 - - [12/Jul/2021:09:30:53 +0800] "GET /xingrg/all/function/internal_message.html?_=1626053452297&CODE_STATE=getMsg HTTP/1.1" 200 27
120.253.135.82 - - [12/Jul/2021:09:30:54 +0800] "GET /xingrg/check_reg.html?_=1626053488306 HTTP/1.1" 200 22
180.156.224.123 - - [12/Jul/2021:09:30:55 +0800] "GET /xingrg/kc/buy/cgsh_order_operate.html?command=get_materiel&rest_code=00151&code=00101008089&supplier_code=00100007&order_time=2021-07-12 HTTP/1.1" 200 408
180.156.224.123 - - [12/Jul/2021:09:30:56 +0800] "GET /xingrg/login.html HTTP/1.1" 200 7641
180.156.224.123 - - [12/Jul/2021:09:30:56 +0800] "GET /favicon.ico HTTP/1.1" 404 -
180.169.147.146 - - [12/Jul/2021:09:30:59 +0800] "GET /xingrg/check_reg.html?_=1626053449757 HTTP/1.1" 200 22
116.230.117.165 - - [12/Jul/2021:09:31:00 +0800] "GET /xingrg/kc/buy/cgsh_order_operate.html?command=get_materiel&rest_code=00146&code=00101008213&supplier_code=00100005&order_time=2021-07-12 HTTP/1.1" 200 412
116.235.222.38 - - [12/Jul/2021:09:31:00 +0800] "GET /xingrg/kc/mdqp/qqps_order_add.html HTTP/1.1" 200 28163
120.253.135.82 - - [12/Jul/2021:09:31:01 +0800] "GET /xingrg/check_reg.html?_=1626053241522 HTTP/1.1" 200 22
120.253.135.82 - - [12/Jul/2021:09:31:01 +0800] "GET /xingrg/all/function/internal_message.html?_=1626053241640&CODE_STATE=getMsg HTTP/1.1" 200 27
116.235.222.38 - - [12/Jul/2021:09:31:01 +0800] "GET /xingrg/dwr/interface/AjaxComOrderService.js HTTP/1.1" 200 18264
116.235.222.38 - - [12/Jul/2021:09:31:01 +0800] "GET /xingrg/dwr/interface/AjaxQqpsService.js HTTP/1.1" 200 16326
116.235.222.38 - - [12/Jul/2021:09:31:01 +0800] "GET /xingrg/dwr/engine.js HTTP/1.1" 200 43631
180.156.224.123 - - [12/Jul/2021:09:31:02 +0800] "GET /xingrg/kc/buy/cgsh_order_operate.html?command=get_materiel&rest_code=00151&code=00101008265&supplier_code=00100007&order_time=2021-07-12 HTTP/1.1" 200 408
222.69.129.87 - - [12/Jul/2021:09:31:03 +0800] "GET /xingrg/javascript/jquery_easy_ui/themes/icons/rest.png HTTP/1.1" 200 695
222.69.129.87 - - [12/Jul/2021:09:31:03 +0800] "GET /xingrg/javascript/jquery_easy_ui/themes/icons/area.png HTTP/1.1" 200 262
180.156.224.123 - - [12/Jul/2021:09:31:03 +0800] "POST /xingrg/login.do HTTP/1.1" 302 -
180.156.224.123 - - [12/Jul/2021:09:31:03 +0800] "GET /xingrg/index.html?sysBaseUrl=http%3A%2F%2F180.169.147.146%3A18081%2Fxingrg%2F&costTime=38×tamp=1626053463723 HTTP/1.1" 200 17177
180.156.224.123 - - [12/Jul/2021:09:31:03 +0800] "GET /favicon.ico HTTP/1.1" 404 -
180.156.224.123 - - [12/Jul/2021:09:31:04 +0800] "POST /xingrg/all/common/load_tree.html?tree=area_rest_tree_json&manage=1 HTTP/1.1" 200 476
180.156.224.123 - - [12/Jul/2021:09:31:04 +0800] "GET /xingrg/all/function/internal_message.html?_=1626053462860&CODE_STATE=count HTTP/1.1" 200 11
180.156.224.123 - - [12/Jul/2021:09:31:04 +0800] "GET /xingrg/check_reg.html?_=1626053462861 HTTP/1.1" 200 22
180.156.224.123 - - [12/Jul/2021:09:31:04 +0800] "POST /xingrg/load_menu.html HTTP/1.1" 200 5138
58.37.225.51 - - [12/Jul/2021:09:31:04 +0800] "GET /xingrg/all/function/internal_message.html?_=1626053383177&CODE_STATE=getMsg HTTP/1.1" 200 27
222.69.129.87 - - [12/Jul/2021:09:31:06 +0800] "POST /xingrg/kc/buy/cgsh_order_operate.html HTTP/1.1" 200 37
116.230.117.165 - - [12/Jul/2021:09:31:08 +0800] "GET /xingrg/check_reg.html?_=1626053468319 HTTP/1.1" 200 22
180.156.224.123 - - [12/Jul/2021:09:31:08 +0800] "POST /xingrg/all/user/operate.html HTTP/1.1" 200 36
180.169.147.146 - - [12/Jul/2021:09:31:08 +0800] "GET /xingrg/all/function/internal_message.html?_=1626053467136&CODE_STATE=getMsg HTTP/1.1" 200 27
180.156.224.123 - - [12/Jul/2021:09:31:08 +0800] "GET /xingrg/index.html?sysBaseUrl=http%3A%2F%2F180.169.147.146%3A18081%2Fxingrg%2F&costTime=38×tamp=1626053463723 HTTP/1.1" 200 17179
180.156.224.123 - - [12/Jul/2021:09:31:08 +0800] "GET /xingrg/javascript/jquery_easy_ui/themes/default/easyui.css HTTP/1.1" 304 -
180.156.224.123 - - [12/Jul/2021:09:31:08 +0800] "GET /xingrg/javascript/jquery_easy_ui/themes/icon.css HTTP/1.1" 304 -
180.156.224.123 - - [12/Jul/2021:09:31:08 +0800] "GET /xingrg/css/form.css HTTP/1.1" 304 -
180.156.224.123 - - [12/Jul/2021:09:31:08 +0800] "GET /xingrg/javascript/jquery-1.4.2.min.js HTTP/1.1" 304 -
180.156.224.123 - - [12/Jul/2021:09:31:08 +0800] "GET /xingrg/javascript/jquery_easy_ui/jquery.easyui.min.js HTTP/1.1" 304 -
180.156.224.123 - - [12/Jul/2021:09:31:08 +0800] "GET /xingrg/javascript/jquery_easy_ui/easyui-lang-zh_CN.js HTTP/1.1" 304 -
180.156.224.123 - - [12/Jul/2021:09:31:08 +0800] "GET /xingrg/javascript/jquery.form.js HTTP/1.1" 304 -
180.156.224.123 - - [12/Jul/2021:09:31:08 +0800] "GET /xingrg/javascript/jquery.utils.js HTTP/1.1" 304 -
180.156.224.123 - - [12/Jul/2021:09:31:08 +0800] "GET /xingrg/javascript/jquery.timers.js HTTP/1.1" 304 -
180.156.224.123 - - [12/Jul/2021:09:31:08 +0800] "GET /xingrg/images/blue/jxLogo.png HTTP/1.1" 304 -
180.156.224.123 - - [12/Jul/2021:09:31:08 +0800] "GET /xingrg/images/blue/navBackgound.jpg HTTP/1.1" 304 -
180.156.224.123 - - [12/Jul/2021:09:31:08 +0800] "GET /xingrg/javascript/jquery_easy_ui/themes/icons/settle_new.png HTTP/1.1" 304 -
180.156.224.123 - - [12/Jul/2021:09:31:08 +0800] "POST /xingrg/all/common/load_tree.html?tree=area_rest_tree_json&manage=1 HTTP/1.1" 200 476
180.156.224.123 - - [12/Jul/2021:09:31:08 +0800] "GET /xingrg/all/function/internal_message.html?_=1626053467314&CODE_STATE=count HTTP/1.1" 200 11
180.156.224.123 - - [12/Jul/2021:09:31:08 +0800] "GET /xingrg/check_reg.html?_=1626053467315 HTTP/1.1" 200 22
180.156.224.123 - - [12/Jul/2021:09:31:08 +0800] "GET /xingrg/javascript/jquery_easy_ui/themes/default/images/tabs_leftarrow.png HTTP/1.1" 304 -
180.156.224.123 - - [12/Jul/2021:09:31:08 +0800] "GET /xingrg/images/blue/pingpu.png HTTP/1.1" 304 -
180.156.224.123 - - [12/Jul/2021:09:31:08 +0800] "GET /xingrg/javascript/jquery_easy_ui/themes/default/images/tabs_rightarrow.png HTTP/1.1" 304 -
180.156.224.123 - - [12/Jul/2021:09:31:08 +0800] "GET /xingrg/javascript/jquery_easy_ui/themes/default/images/panel_tool_collapse.gif HTTP/1.1" 304 -
180.156.224.123 - - [12/Jul/2021:09:31:08 +0800] "POST /xingrg/load_menu.html HTTP/1.1" 200 5138
116.230.117.165 - - [12/Jul/2021:09:31:10 +0800] "GET /xingrg/all/function/internal_message.html?_=1626053470707&CODE_STATE=getMsg HTTP/1.1" 200 27
116.235.222.38 - - [12/Jul/2021:09:31:10 +0800] "POST /xingrg/dwr/call/plaincall/AjaxQqpsService.saveOrder.dwr HTTP/1.1" 200 78
180.156.224.123 - - [12/Jul/2021:09:31:10 +0800] "GET /xingrg/kc/buy/cgsh_order_list.html HTTP/1.1" 200 46943
180.156.224.123 - - [12/Jul/2021:09:31:10 +0800] "GET /xingrg/all/function/internal_message.html?_=1626053452394&CODE_STATE=getMsg HTTP/1.1" 200 27
180.156.224.123 - - [12/Jul/2021:09:31:11 +0800] "GET /xingrg/kc/buy/cgsh_order_operate.html?command=get_materiel&rest_code=00151&code=00101008332&supplier_code=00100007&order_time=2021-07-12 HTTP/1.1" 200 412
116.235.222.38 - - [12/Jul/2021:09:31:13 +0800] "GET /xingrg/javascript/auto/indicator.gif HTTP/1.1" 404 1066
116.230.117.165 - - [12/Jul/2021:09:31:13 +0800] "GET /xingrg/kc/buy/cgsh_order_operate.html?command=get_materiel&rest_code=00146&code=00101016122&supplier_code=00100005&order_time=2021-07-12 HTTP/1.1" 200 395
222.69.129.87 - - [12/Jul/2021:09:31:13 +0800] "POST /xingrg/kc/buy/cgsh_order_operate.html HTTP/1.1" 200 12
180.169.147.146 - - [12/Jul/2021:09:31:14 +0800] "GET /xingrg/all/function/internal_message.html?_=1626053474856&CODE_STATE=getMsg HTTP/1.1" 200 27
222.69.129.87 - - [12/Jul/2021:09:31:14 +0800] "GET /xingrg/kc/buy/cgsh_order_info.html?code=212021071205209 HTTP/1.1" 200 57636
222.69.129.87 - - [12/Jul/2021:09:31:15 +0800] "GET /xingrg/javascript/easyui/themes/default/validatebox.css HTTP/1.1" 404 1104
180.156.224.123 - - [12/Jul/2021:09:31:15 +0800] "POST /xingrg/kc/buy/cgsh_list_operate.html HTTP/1.1" 200 1709
222.69.129.87 - - [12/Jul/2021:09:31:15 +0800] "POST /xingrg/kc/buy/cgsh_order_operate.html HTTP/1.1" 200 1808
183.192.94.21 - - [12/Jul/2021:09:31:16 +0800] "GET /xingrg/all/function/internal_message.html?_=1626053476893&CODE_STATE=getMsg HTTP/1.1" 302 -
222.69.129.87 - - [12/Jul/2021:09:31:17 +0800] "GET /xingrg/kc/print/load_data.html?order_code=212021071205209&kc_code=cgsh&condition= HTTP/1.1" 200 1263
180.156.224.123 - - [12/Jul/2021:09:31:17 +0800] "POST /xingrg/kc/buy/cgsh_list_operate.html HTTP/1.1" 200 570
180.156.224.123 - - [12/Jul/2021:09:31:19 +0800] "GET /xingrg/kc/buy/cgsh_order_operate.html?command=get_materiel&rest_code=00151&code=00101008244&supplier_code=00100007&order_time=2021-07-12 HTTP/1.1" 200 408
120.253.135.82 - - [12/Jul/2021:09:31:19 +0800] "GET /xingrg/all/function/internal_message.html?_=1626053512939&CODE_STATE=getMsg HTTP/1.1" 200 27
116.235.222.38 - - [12/Jul/2021:09:31:19 +0800] "GET /xingrg/all/function/internal_message.html?_=1626053476382&CODE_STATE=getMsg HTTP/1.1" 200 27
222.69.129.87 - - [12/Jul/2021:09:31:20 +0800] "GET /xingrg/kc/buy/cgsh_order_add.html HTTP/1.1" 200 62728
222.69.129.87 - - [12/Jul/2021:09:31:20 +0800] "POST /xingrg/kc/buy/cgsh_order_operate.html HTTP/1.1" 200 8245
222.69.129.87 - - [12/Jul/2021:09:31:20 +0800] "GET /xingrg/javascript/easyui/themes/default/validatebox.css HTTP/1.1" 404 1104
180.156.224.123 - - [12/Jul/2021:09:31:20 +0800] "GET /xingrg/kc/buy/cgsh_order_info.html?code=212021071205200 HTTP/1.1" 200 62620
180.156.224.123 - - [12/Jul/2021:09:31:21 +0800] "GET /xingrg/all/common/auto_word.html?type=employee&rest_code=00150 HTTP/1.1" 200 205
180.156.224.123 - - [12/Jul/2021:09:31:21 +0800] "GET /xingrg/all/common/auto_word.html?type=employee&rest_code=00150 HTTP/1.1" 200 205
180.156.224.123 - - [12/Jul/2021:09:31:21 +0800] "GET /xingrg/javascript/easyui/themes/default/validatebox.css HTTP/1.1" 404 1104
180.156.224.123 - - [12/Jul/2021:09:31:21 +0800] "POST /xingrg/kc/buy/cgsh_order_operate.html HTTP/1.1" 200 32225
180.156.224.123 - - [12/Jul/2021:09:31:23 +0800] "POST /xingrg/kc/buy/cgsh_order_operate.html HTTP/1.1" 200 37
180.156.224.123 - - [12/Jul/2021:09:31:26 +0800] "POST /xingrg/kc/buy/cgsh_order_operate.html HTTP/1.1" 200 28394
116.230.110.80 - - [12/Jul/2021:09:31:28 +0800] "GET /xingrg/all/function/internal_message.html?_=1626053485635&CODE_STATE=getMsg HTTP/1.1" 200 27
180.169.147.146 - - [12/Jul/2021:09:31:29 +0800] "GET /xingrg/all/function/internal_message.html?_=1626053498860&CODE_STATE=getMsg HTTP/1.1" 200 27
116.230.117.165 - - [12/Jul/2021:09:31:30 +0800] "GET /xingrg/kc/buy/cgsh_order_operate.html?command=get_materiel&rest_code=00146&code=00101008305&supplier_code=00100005&order_time=2021-07-12 HTTP/1.1" 200 412
116.230.117.165 - - [12/Jul/2021:09:31:34 +0800] "POST /xingrg/kc/buy/cgsh_order_operate.html HTTP/1.1" 200 2065
180.156.224.123 - - [12/Jul/2021:09:31:35 +0800] "GET /xingrg/kc/buy/cgsh_order_operate.html?command=get_materiel&rest_code=00151&code=00101008010&supplier_code=00100007&order_time=2021-07-12 HTTP/1.1" 200 412
222.69.129.87 - - [12/Jul/2021:09:31:38 +0800] "GET /xingrg/kc/buy/cgsh_order_operate.html?command=get_materiel&rest_code=00149&code=00101020153&supplier_code=00100036&order_time=2021-07-12 HTTP/1.1" 200 408
116.230.110.80 - - [12/Jul/2021:09:31:40 +0800] "GET /xingrg/check_reg.html?_=1626053497231 HTTP/1.1" 200 22
58.39.171.44 - - [12/Jul/2021:09:31:41 +0800] "GET /xingrg/all/function/internal_message.html?_=1626053500258&CODE_STATE=getMsg HTTP/1.1" 200 27
116.230.117.165 - - [12/Jul/2021:09:31:43 +0800] "GET /xingrg/kc/buy/cgsh_order_operate.html?command=get_materiel&rest_code=00146&code=00101008298&supplier_code=00100005&order_time=2021-07-12 HTTP/1.1" 200 412
180.169.147.146 - - [12/Jul/2021:09:31:47 +0800] "GET /xingrg/all/function/internal_message.html?_=1626053505467&CODE_STATE=getMsg HTTP/1.1" 302 -
116.233.75.166 - - [12/Jul/2021:09:31:47 +0800] "GET /xingrg/all/function/internal_message.html?_=1626053506498&CODE_STATE=getMsg HTTP/1.1" 200 27
116.233.75.166 - - [12/Jul/2021:09:31:47 +0800] "GET /xingrg/check_reg.html?_=1626053506499 HTTP/1.1" 200 22
222.69.129.87 - - [12/Jul/2021:09:31:53 +0800] "GET /xingrg/all/function/internal_message.html?_=1626053512285&CODE_STATE=getMsg HTTP/1.1" 200 27
116.230.117.165 - - [12/Jul/2021:09:31:55 +0800] "GET /xingrg/kc/buy/cgsh_order_operate.html?command=get_materiel&rest_code=00146&code=00101008415&supplier_code=00100005&order_time=2021-07-12 HTTP/1.1" 200 400
222.69.129.87 - - [12/Jul/2021:09:31:55 +0800] "GET /xingrg/kc/buy/cgsh_order_operate.html?command=get_materiel&rest_code=00149&code=00101010348&supplier_code=00100036&order_time=2021-07-12 HTTP/1.1" 200 417
180.156.224.123 - - [12/Jul/2021:09:32:00 +0800] "GET /xingrg/kc/buy/cgsh_order_operate.html?command=get_materiel&rest_code=00151&code=00101008148&supplier_code=00100007&order_time=2021-07-12 HTTP/1.1" 200 416
120.253.135.82 - - [12/Jul/2021:09:32:01 +0800] "GET /xingrg/all/function/internal_message.html?_=1626053301652&CODE_STATE=getMsg HTTP/1.1" 200 27
58.37.225.51 - - [12/Jul/2021:09:32:04 +0800] "GET /xingrg/all/function/internal_message.html?_=1626053443170&CODE_STATE=getMsg HTTP/1.1" 200 27
180.169.147.146 - - [12/Jul/2021:09:32:08 +0800] "GET /xingrg/check_reg.html?_=1626053527129 HTTP/1.1" 200 22
180.169.147.146 - - [12/Jul/2021:09:32:08 +0800] "GET /xingrg/all/function/internal_message.html?_=1626053527136&CODE_STATE=getMsg HTTP/1.1" 200 27
180.156.224.123 - - [12/Jul/2021:09:32:08 +0800] "GET /xingrg/all/function/internal_message.html?_=1626053527328&CODE_STATE=getMsg HTTP/1.1" 200 27
116.230.117.165 - - [12/Jul/2021:09:32:10 +0800] "GET /xingrg/all/function/internal_message.html?_=1626053530720&CODE_STATE=getMsg HTTP/1.1" 200 27
180.156.224.123 - - [12/Jul/2021:09:32:10 +0800] "GET /xingrg/all/function/internal_message.html?_=1626053512408&CODE_STATE=getMsg HTTP/1.1" 200 27
116.230.117.165 - - [12/Jul/2021:09:32:11 +0800] "GET /xingrg/kc/buy/cgsh_order_operate.html?command=get_materiel&rest_code=00146&code=00101008225&supplier_code=00100005&order_time=2021-07-12 HTTP/1.1" 200 416
180.156.224.123 - - [12/Jul/2021:09:32:11 +0800] "POST /xingrg/kc/buy/cgsh_order_operate.html HTTP/1.1" 200 37
222.69.129.87 - - [12/Jul/2021:09:32:11 +0800] "GET /xingrg/kc/buy/cgsh_order_operate.html?command=get_materiel&rest_code=00149&code=00101010092&supplier_code=00100036&order_time=2021-07-12 HTTP/1.1" 200 23
180.169.147.146 - - [12/Jul/2021:09:32:14 +0800] "GET /xingrg/all/function/internal_message.html?_=1626053534869&CODE_STATE=getMsg HTTP/1.1" 200 27
180.156.224.123 - - [12/Jul/2021:09:32:14 +0800] "POST /xingrg/kc/buy/cgsh_order_operate.html HTTP/1.1" 200 30761
183.192.94.21 - - [12/Jul/2021:09:32:16 +0800] "GET /xingrg/all/function/internal_message.html?_=1626053536890&CODE_STATE=getMsg HTTP/1.1" 302 -
222.69.129.87 - - [12/Jul/2021:09:32:18 +0800] "POST /xingrg/kc/buy/cgsh_order_operate.html HTTP/1.1" 200 37
120.253.135.82 - - [12/Jul/2021:09:32:19 +0800] "GET /xingrg/all/function/internal_message.html?_=1626053572954&CODE_STATE=getMsg HTTP/1.1" 200 27
116.235.222.38 - - [12/Jul/2021:09:32:19 +0800] "GET /xingrg/all/function/internal_message.html?_=1626053536381&CODE_STATE=getMsg HTTP/1.1" 200 27
222.69.129.87 - - [12/Jul/2021:09:32:19 +0800] "POST /xingrg/kc/buy/cgsh_order_operate.html HTTP/1.1" 200 3255
222.69.129.87 - - [12/Jul/2021:09:32:21 +0800] "GET /xingrg/login.html?sysBaseUrl=http%3A%2F%2F180.169.147.146%3A18081%2Fxingrg%2F&costTime=31×tamp=1615347190560 HTTP/1.1" 200 7641
222.69.129.87 - - [12/Jul/2021:09:32:21 +0800] "GET /favicon.ico HTTP/1.1" 404 -
222.69.129.87 - - [12/Jul/2021:09:32:23 +0800] "POST /xingrg/login.do HTTP/1.1" 302 -
222.69.129.87 - - [12/Jul/2021:09:32:23 +0800] "GET /xingrg/index.html?sysBaseUrl=http%3A%2F%2F180.169.147.146%3A18081%2Fxingrg%2F&costTime=106×tamp=1626053543120 HTTP/1.1" 200 17179
222.69.129.87 - - [12/Jul/2021:09:32:23 +0800] "GET /favicon.ico HTTP/1.1" 404 -
222.69.129.87 - - [12/Jul/2021:09:32:23 +0800] "POST /xingrg/all/common/load_tree.html?tree=area_rest_tree_json&manage=1 HTTP/1.1" 200 351
222.69.129.87 - - [12/Jul/2021:09:32:23 +0800] "GET /xingrg/all/function/internal_message.html?_=1626053542198&CODE_STATE=count HTTP/1.1" 200 11
222.69.129.87 - - [12/Jul/2021:09:32:23 +0800] "GET /xingrg/check_reg.html?_=1626053542199 HTTP/1.1" 200 22
222.69.129.87 - - [12/Jul/2021:09:32:23 +0800] "POST /xingrg/load_menu.html HTTP/1.1" 200 5138
222.69.129.87 - - [12/Jul/2021:09:32:25 +0800] "GET /xingrg/kc/buy/cgsh_order_list.html HTTP/1.1" 200 46943
180.156.224.123 - - [12/Jul/2021:09:32:27 +0800] "POST /xingrg/kc/buy/cgsh_list_operate.html HTTP/1.1" 200 1706
222.69.129.87 - - [12/Jul/2021:09:32:27 +0800] "POST /xingrg/kc/buy/cgsh_list_operate.html HTTP/1.1" 200 1689
180.156.224.123 - - [12/Jul/2021:09:32:28 +0800] "GET /xingrg/kc/buy/cgsh_order_add.html HTTP/1.1" 200 62329
222.69.129.87 - - [12/Jul/2021:09:32:28 +0800] "POST /xingrg/kc/buy/cgsh_list_operate.html HTTP/1.1" 200 272
116.230.110.80 - - [12/Jul/2021:09:32:28 +0800] "GET /xingrg/all/function/internal_message.html?_=1626053545622&CODE_STATE=getMsg HTTP/1.1" 200 27
180.156.224.123 - - [12/Jul/2021:09:32:28 +0800] "POST /xingrg/kc/buy/cgsh_order_operate.html HTTP/1.1" 200 8245
222.69.129.87 - - [12/Jul/2021:09:32:29 +0800] "GET /xingrg/kc/buy/cgsh_order_info.html?code=212021071205210 HTTP/1.1" 200 62739
180.156.224.123 - - [12/Jul/2021:09:32:29 +0800] "GET /xingrg/javascript/easyui/themes/default/validatebox.css HTTP/1.1" 404 1104
222.69.129.87 - - [12/Jul/2021:09:32:29 +0800] "GET /xingrg/all/common/auto_word.html?type=employee&rest_code=00149 HTTP/1.1" 200 197
222.69.129.87 - - [12/Jul/2021:09:32:29 +0800] "GET /xingrg/javascript/easyui/themes/default/validatebox.css HTTP/1.1" 404 1104
222.69.129.87 - - [12/Jul/2021:09:32:29 +0800] "GET /xingrg/all/common/auto_word.html?type=employee&rest_code=00149 HTTP/1.1" 200 197
180.169.147.146 - - [12/Jul/2021:09:32:29 +0800] "GET /xingrg/all/function/internal_message.html?_=1626053558863&CODE_STATE=getMsg HTTP/1.1" 200 27
222.69.129.87 - - [12/Jul/2021:09:32:29 +0800] "POST /xingrg/kc/buy/cgsh_order_operate.html HTTP/1.1" 200 3255
222.69.129.87 - - [12/Jul/2021:09:32:34 +0800] "GET /xingrg/javascript/auto/indicator.gif HTTP/1.1" 404 1066
116.230.117.165 - - [12/Jul/2021:09:32:38 +0800] "POST /xingrg/kc/buy/cgsh_order_operate.html HTTP/1.1" 200 37
222.69.129.87 - - [12/Jul/2021:09:32:38 +0800] "GET /xingrg/kc/buy/cgsh_order_operate.html?command=get_materiel&rest_code=00149&code=00101010092&supplier_code=00100036&order_time=2021-07-12 HTTP/1.1" 200 449
116.230.117.165 - - [12/Jul/2021:09:32:39 +0800] "POST /xingrg/kc/buy/cgsh_order_operate.html HTTP/1.1" 200 24562
58.39.171.44 - - [12/Jul/2021:09:32:41 +0800] "GET /xingrg/all/function/internal_message.html?_=1626053560258&CODE_STATE=getMsg HTTP/1.1" 200 27
116.235.222.38 - - [12/Jul/2021:09:32:42 +0800] "POST /xingrg/dwr/call/plaincall/AjaxQqpsService.getMaterielByCode.dwr HTTP/1.1" 200 3436
180.156.224.123 - - [12/Jul/2021:09:32:42 +0800] "GET /xingrg/kc/buy/cgsh_order_operate.html?command=get_materiel&rest_code=00151&code=00101009001&supplier_code=00100424&order_time=2021-07-12 HTTP/1.1" 200 416
116.235.222.38 - - [12/Jul/2021:09:32:44 +0800] "POST /xingrg/dwr/call/plaincall/AjaxQqpsService.saveMaterielItem.dwr HTTP/1.1" 200 78
180.169.147.146 - - [12/Jul/2021:09:32:47 +0800] "GET /xingrg/all/function/internal_message.html?_=1626053565463&CODE_STATE=getMsg HTTP/1.1" 302 -
117.184.7.30 - - [12/Jul/2021:09:32:47 +0800] "GET /xingrg/check_reg.html?_=1626053563538 HTTP/1.1" 200 22
116.233.75.166 - - [12/Jul/2021:09:32:47 +0800] "GET /xingrg/all/function/internal_message.html?_=1626053566498&CODE_STATE=getMsg HTTP/1.1" 200 27
116.235.222.38 - - [12/Jul/2021:09:32:49 +0800] "POST /xingrg/dwr/call/plaincall/AjaxQqpsService.getMaterielByCode.dwr HTTP/1.1" 200 3415
101.93.222.235 - - [12/Jul/2021:09:32:49 +0800] "GET /favicon.ico HTTP/1.1" 404 -
222.69.129.87 - - [12/Jul/2021:09:32:49 +0800] "GET /xingrg/kc/buy/cgsh_order_operate.html?command=get_materiel&rest_code=00149&code=00101012026&supplier_code=00100036&order_time=2021-07-12 HTTP/1.1" 200 408
180.156.224.123 - - [12/Jul/2021:09:32:53 +0800] "GET /xingrg/kc/buy/cgsh_order_operate.html?command=get_materiel&rest_code=00151&code=00101009053&supplier_code=00100424&order_time=2021-07-12 HTTP/1.1" 200 408
222.69.129.87 - - [12/Jul/2021:09:32:56 +0800] "GET /xingrg/javascript/jquery_easy_ui/themes/default/images/tabs_active.png HTTP/1.1" 200 2894
180.156.224.123 - - [12/Jul/2021:09:33:00 +0800] "GET /xingrg/kc/buy/cgsh_order_operate.html?command=get_materiel&rest_code=00151&code=00101009062&supplier_code=00100424&order_time=2021-07-12 HTTP/1.1" 200 412
120.253.135.82 - - [12/Jul/2021:09:33:01 +0800] "GET /xingrg/all/function/internal_message.html?_=1626053361667&CODE_STATE=getMsg HTTP/1.1" 200 27
222.69.129.87 - - [12/Jul/2021:09:33:03 +0800] "POST /xingrg/kc/buy/cgsh_order_operate.html HTTP/1.1" 200 37
58.37.225.51 - - [12/Jul/2021:09:33:04 +0800] "GET /xingrg/all/function/internal_message.html?_=1626053503172&CODE_STATE=getMsg HTTP/1.1" 200 27
222.69.129.87 - - [12/Jul/2021:09:33:06 +0800] "POST /xingrg/kc/buy/cgsh_order_operate.html HTTP/1.1" 200 12
180.169.147.146 - - [12/Jul/2021:09:33:08 +0800] "GET /xingrg/all/function/internal_message.html?_=1626053587122&CODE_STATE=getMsg HTTP/1.1" 200 27
180.156.224.123 - - [12/Jul/2021:09:33:08 +0800] "GET /xingrg/all/function/internal_message.html?_=1626053587330&CODE_STATE=getMsg HTTP/1.1" 200 27
222.69.129.87 - - [12/Jul/2021:09:33:08 +0800] "GET /xingrg/kc/buy/cgsh_order_info.html?code=212021071205210 HTTP/1.1" 200 57638
222.69.129.87 - - [12/Jul/2021:09:33:08 +0800] "GET /xingrg/javascript/easyui/themes/default/validatebox.css HTTP/1.1" 404 1104
222.69.129.87 - - [12/Jul/2021:09:33:09 +0800] "POST /xingrg/kc/buy/cgsh_order_operate.html HTTP/1.1" 200 2396
116.230.117.165 - - [12/Jul/2021:09:33:10 +0800] "GET /xingrg/all/function/internal_message.html?_=1626053590734&CODE_STATE=getMsg HTTP/1.1" 200 27
180.156.224.123 - - [12/Jul/2021:09:33:10 +0800] "GET /xingrg/check_reg.html?_=1626053572145 HTTP/1.1" 200 22
222.69.129.87 - - [12/Jul/2021:09:33:10 +0800] "GET /xingrg/kc/print/load_config.html?kc_code=cgsh HTTP/1.1" 200 1845
180.156.224.123 - - [12/Jul/2021:09:33:10 +0800] "GET /xingrg/all/function/internal_message.html?_=1626053572420&CODE_STATE=getMsg HTTP/1.1" 200 27
222.69.129.87 - - [12/Jul/2021:09:33:10 +0800] "GET /xingrg/kc/print/load_data.html?order_code=212021071205210&kc_code=cgsh&condition= HTTP/1.1" 200 1472
180.156.224.123 - - [12/Jul/2021:09:33:11 +0800] "GET /xingrg/kc/buy/cgsh_order_operate.html?command=get_materiel&rest_code=00151&code=00101009085&supplier_code=00100424&order_time=2021-07-12 HTTP/1.1" 200 394
180.169.147.146 - - [12/Jul/2021:09:33:14 +0800] "GET /xingrg/all/function/internal_message.html?_=1626053594891&CODE_STATE=getMsg HTTP/1.1" 200 27
222.69.129.87 - - [12/Jul/2021:09:33:15 +0800] "GET /xingrg/kc/buy/cgsh_order_add.html HTTP/1.1" 200 62728
222.69.129.87 - - [12/Jul/2021:09:33:15 +0800] "POST /xingrg/kc/buy/cgsh_order_operate.html HTTP/1.1" 200 8245
222.69.129.87 - - [12/Jul/2021:09:33:15 +0800] "GET /xingrg/javascript/easyui/themes/default/validatebox.css HTTP/1.1" 404 1104
183.192.94.21 - - [12/Jul/2021:09:33:16 +0800] "GET /xingrg/all/function/internal_message.html?_=1626053596890&CODE_STATE=getMsg HTTP/1.1" 302 -
120.253.135.82 - - [12/Jul/2021:09:33:19 +0800] "GET /xingrg/all/function/internal_message.html?_=1626053632989&CODE_STATE=getMsg HTTP/1.1" 200 27
222.69.129.87 - - [12/Jul/2021:09:33:19 +0800] "GET /xingrg/javascript/jquery_tools/images/prev.gif HTTP/1.1" 404 1086
222.69.129.87 - - [12/Jul/2021:09:33:19 +0800] "GET /xingrg/javascript/jquery_tools/images/next.gif HTTP/1.1" 404 1086
116.235.222.38 - - [12/Jul/2021:09:33:21 +0800] "GET /xingrg/all/function/internal_message.html?_=1626053597976&CODE_STATE=getMsg HTTP/1.1" 200 27
222.69.129.87 - - [12/Jul/2021:09:33:23 +0800] "GET /xingrg/all/function/internal_message.html?_=1626053602220&CODE_STATE=getMsg HTTP/1.1" 200 27
180.156.224.123 - - [12/Jul/2021:09:33:25 +0800] "GET /xingrg/kc/buy/cgsh_order_operate.html?command=get_materiel&rest_code=00151&code=00101009047&supplier_code=00100424&order_time=2021-07-12 HTTP/1.1" 200 409
116.230.110.80 - - [12/Jul/2021:09:33:28 +0800] "GET /xingrg/all/function/internal_message.html?_=1626053605619&CODE_STATE=getMsg HTTP/1.1" 200 27
180.169.147.146 - - [12/Jul/2021:09:33:29 +0800] "GET /xingrg/all/function/internal_message.html?_=1626053618865&CODE_STATE=getMsg HTTP/1.1" 200 27
222.69.129.87 - - [12/Jul/2021:09:33:34 +0800] "GET /xingrg/kc/buy/cgsh_order_operate.html?command=get_materiel&rest_code=00149&code=00101004033&supplier_code=00100083&order_time=2021-07-12 HTTP/1.1" 200 439
180.156.224.123 - - [12/Jul/2021:09:33:34 +0800] "GET /xingrg/kc/buy/cgsh_order_operate.html?command=get_materiel&rest_code=00151&code=00101009025&supplier_code=00100424&order_time=2021-07-12 HTTP/1.1" 200 409
58.39.171.44 - - [12/Jul/2021:09:33:41 +0800] "GET /xingrg/all/function/internal_message.html?_=1626053620256&CODE_STATE=getMsg HTTP/1.1" 200 27
222.69.129.87 - - [12/Jul/2021:09:33:42 +0800] "GET /xingrg/kc/buy/cgsh_order_operate.html?command=get_materiel&rest_code=00149&code=00101004067&supplier_code=00100083&order_time=2021-07-12 HTTP/1.1" 200 433
180.156.224.123 - - [12/Jul/2021:09:33:46 +0800] "GET /xingrg/kc/buy/cgsh_order_operate.html?command=get_materiel&rest_code=00151&code=00101009066&supplier_code=00100424&order_time=2021-07-12 HTTP/1.1" 200 416
180.169.147.146 - - [12/Jul/2021:09:33:47 +0800] "GET /xingrg/all/function/internal_message.html?_=1626053625471&CODE_STATE=getMsg HTTP/1.1" 302 -
116.233.75.166 - - [12/Jul/2021:09:33:47 +0800] "GET /xingrg/all/function/internal_message.html?_=1626053626500&CODE_STATE=getMsg HTTP/1.1" 200 27
222.69.129.87 - - [12/Jul/2021:09:33:53 +0800] "GET /xingrg/kc/buy/cgsh_order_operate.html?command=get_materiel&rest_code=00149&code=00101004049&supplier_code=00100083&order_time=2021-07-12 HTTP/1.1" 200 415
180.156.224.123 - - [12/Jul/2021:09:33:59 +0800] "GET /xingrg/kc/buy/cgsh_order_operate.html?command=get_materiel&rest_code=00151&code=00101009121&supplier_code=00100424&order_time=2021-07-12 HTTP/1.1" 200 410
120.253.135.82 - - [12/Jul/2021:09:34:01 +0800] "GET /xingrg/all/function/internal_message.html?_=1626053421685&CODE_STATE=getMsg HTTP/1.1" 200 27
58.37.225.51 - - [12/Jul/2021:09:34:04 +0800] "GET /xingrg/all/function/internal_message.html?_=1626053563163&CODE_STATE=getMsg HTTP/1.1" 200 27
58.37.225.51 - - [12/Jul/2021:09:34:04 +0800] "GET /xingrg/check_reg.html?_=1626053563164 HTTP/1.1" 200 22
116.235.222.38 - - [12/Jul/2021:09:34:05 +0800] "POST /xingrg/dwr/call/plaincall/AjaxQqpsService.getMaterielByCode.dwr HTTP/1.1" 200 3480
222.69.129.87 - - [12/Jul/2021:09:34:05 +0800] "GET /xingrg/kc/buy/cgsh_order_operate.html?command=get_materiel&rest_code=00149&code=00101004011&supplier_code=00100083&order_time=2021-07-12 HTTP/1.1" 200 415
180.169.147.146 - - [12/Jul/2021:09:34:08 +0800] "GET /xingrg/all/function/internal_message.html?_=1626053647126&CODE_STATE=getMsg HTTP/1.1" 200 27
180.156.224.123 - - [12/Jul/2021:09:34:08 +0800] "GET /xingrg/all/function/internal_message.html?_=1626053647451&CODE_STATE=getMsg HTTP/1.1" 200 27
116.230.117.165 - - [12/Jul/2021:09:34:10 +0800] "GET /xingrg/all/function/internal_message.html?_=1626053650747&CODE_STATE=getMsg HTTP/1.1" 200 27
180.156.224.123 - - [12/Jul/2021:09:34:10 +0800] "GET /xingrg/all/function/internal_message.html?_=1626053632435&CODE_STATE=getMsg HTTP/1.1" 200 27
180.169.147.146 - - [12/Jul/2021:09:34:14 +0800] "GET /xingrg/all/function/internal_message.html?_=1626053654896&CODE_STATE=getMsg HTTP/1.1" 200 27
183.192.94.21 - - [12/Jul/2021:09:34:16 +0800] "GET /xingrg/all/function/internal_message.html?_=1626053656892&CODE_STATE=getMsg HTTP/1.1" 302 -
180.156.224.123 - - [12/Jul/2021:09:34:18 +0800] "POST /xingrg/kc/buy/cgsh_order_operate.html HTTP/1.1" 200 37
222.69.129.87 - - [12/Jul/2021:09:34:18 +0800] "GET /xingrg/kc/buy/cgsh_order_operate.html?command=get_materiel&rest_code=00149&code=00101004065&supplier_code=00100083&order_time=2021-07-12 HTTP/1.1" 200 433
120.253.135.82 - - [12/Jul/2021:09:34:19 +0800] "GET /xingrg/all/function/internal_message.html?_=1626053692997&CODE_STATE=getMsg HTTP/1.1" 200 27
