116.235.222.38 - - [12/Jul/2021:09:34:21 +0800] "GET /xingrg/all/function/internal_message.html?_=1626053657969&CODE_STATE=getMsg HTTP/1.1" 200 27
180.156.224.123 - - [12/Jul/2021:09:34:22 +0800] "POST /xingrg/kc/buy/cgsh_order_operate.html HTTP/1.1" 200 6870
222.69.129.87 - - [12/Jul/2021:09:34:23 +0800] "GET /xingrg/all/function/internal_message.html?_=1626053662214&CODE_STATE=getMsg HTTP/1.1" 200 27
116.230.110.80 - - [12/Jul/2021:09:34:28 +0800] "GET /xingrg/all/function/internal_message.html?_=1626053665596&CODE_STATE=getMsg HTTP/1.1" 200 27
180.169.147.146 - - [12/Jul/2021:09:34:29 +0800] "GET /xingrg/all/function/internal_message.html?_=1626053678867&CODE_STATE=getMsg HTTP/1.1" 200 27
180.169.147.146 - - [12/Jul/2021:09:34:29 +0800] "GET /xingrg/check_reg.html?_=1626053678876 HTTP/1.1" 200 22
116.235.222.38 - - [12/Jul/2021:09:34:31 +0800] "POST /xingrg/dwr/call/plaincall/AjaxQqpsService.saveMaterielItem.dwr HTTP/1.1" 200 78
116.235.222.38 - - [12/Jul/2021:09:34:35 +0800] "POST /xingrg/dwr/call/plaincall/AjaxQqpsService.checkOrder.dwr HTTP/1.1" 200 78
222.69.129.87 - - [12/Jul/2021:09:34:40 +0800] "GET /xingrg/kc/buy/cgsh_order_operate.html?command=get_materiel&rest_code=00149&code=00101004030&supplier_code=00100083&order_time=2021-07-12 HTTP/1.1" 200 408
58.39.171.44 - - [12/Jul/2021:09:34:41 +0800] "GET /xingrg/all/function/internal_message.html?_=1626053680281&CODE_STATE=getMsg HTTP/1.1" 200 27
116.235.222.38 - - [12/Jul/2021:09:34:45 +0800] "GET /xingrg/kc/mdqp/qqps_order_info.html?code=302021071200255 HTTP/1.1" 200 26564
116.235.222.38 - - [12/Jul/2021:09:34:46 +0800] "GET /xingrg/dwr/interface/AjaxComOrderService.js HTTP/1.1" 200 18264
116.235.222.38 - - [12/Jul/2021:09:34:46 +0800] "GET /xingrg/dwr/interface/AjaxQqpsService.js HTTP/1.1" 200 16326
116.235.222.38 - - [12/Jul/2021:09:34:46 +0800] "GET /xingrg/dwr/engine.js HTTP/1.1" 200 43631
180.169.147.146 - - [12/Jul/2021:09:34:47 +0800] "GET /xingrg/all/function/internal_message.html?_=1626053685476&CODE_STATE=getMsg HTTP/1.1" 302 -
180.169.147.146 - - [12/Jul/2021:09:34:47 +0800] "GET /xingrg/check_reg.html?_=1626053685484 HTTP/1.1" 302 -
116.233.75.166 - - [12/Jul/2021:09:34:47 +0800] "GET /xingrg/all/function/internal_message.html?_=1626053686502&CODE_STATE=getMsg HTTP/1.1" 200 27
116.235.222.38 - - [12/Jul/2021:09:34:47 +0800] "POST /xingrg/dwr/call/plaincall/AjaxQqpsService.loadMaterielItems.dwr HTTP/1.1" 200 642
222.69.129.87 - - [12/Jul/2021:09:34:52 +0800] "GET /xingrg/kc/buy/cgsh_order_operate.html?command=get_materiel&rest_code=00149&code=00101001115&supplier_code=00100083&order_time=2021-07-12 HTTP/1.1" 200 413
120.253.135.82 - - [12/Jul/2021:09:35:01 +0800] "GET /xingrg/all/function/internal_message.html?_=1626053481694&CODE_STATE=getMsg HTTP/1.1" 200 27
116.235.222.38 - - [12/Jul/2021:09:35:04 +0800] "GET /xingrg/kc/guide/model.html?target=qqps HTTP/1.1" 200 10595
116.235.222.38 - - [12/Jul/2021:09:35:04 +0800] "GET /xingrg/javascript/calendar/humanity.datepick.css HTTP/1.1" 200 4337
116.235.222.38 - - [12/Jul/2021:09:35:04 +0800] "GET /xingrg/dwr/interface/AjaxCgydService.js HTTP/1.1" 200 15618
58.37.225.51 - - [12/Jul/2021:09:35:04 +0800] "GET /xingrg/all/function/internal_message.html?_=1626053623172&CODE_STATE=getMsg HTTP/1.1" 200 27
116.235.222.38 - - [12/Jul/2021:09:35:04 +0800] "GET /xingrg/dwr/interface/AjaxCgshService.js HTTP/1.1" 200 16895
116.235.222.38 - - [12/Jul/2021:09:35:04 +0800] "GET /xingrg/dwr/interface/AjaxQqpsService.js HTTP/1.1" 200 16326
116.235.222.38 - - [12/Jul/2021:09:35:04 +0800] "GET /xingrg/dwr/interface/AjaxCheckService.js HTTP/1.1" 200 14003
116.235.222.38 - - [12/Jul/2021:09:35:04 +0800] "GET /xingrg/dwr/engine.js HTTP/1.1" 200 43631
116.235.222.38 - - [12/Jul/2021:09:35:04 +0800] "GET /xingrg/javascript/calendar/jquery.datepick-zh-CN.js HTTP/1.1" 200 1638
116.235.222.38 - - [12/Jul/2021:09:35:04 +0800] "GET /xingrg/javascript/calendar/jquery.datepick.pack.js HTTP/1.1" 200 27678
116.235.222.38 - - [12/Jul/2021:09:35:07 +0800] "GET /xingrg/kc/mdqp/qp_main.html HTTP/1.1" 200 10633
180.169.147.146 - - [12/Jul/2021:09:35:08 +0800] "GET /xingrg/all/function/internal_message.html?_=1626053707133&CODE_STATE=getMsg HTTP/1.1" 200 27
180.156.224.123 - - [12/Jul/2021:09:35:08 +0800] "GET /xingrg/all/function/internal_message.html?_=1626053707442&CODE_STATE=getMsg HTTP/1.1" 200 27
116.235.222.38 - - [12/Jul/2021:09:35:09 +0800] "GET /xingrg/kc/mdqp/qqps_order_list.html HTTP/1.1" 200 10071
116.235.222.38 - - [12/Jul/2021:09:35:09 +0800] "GET /xingrg/dwr/interface/AjaxQqpsService.js HTTP/1.1" 200 16326
116.235.222.38 - - [12/Jul/2021:09:35:09 +0800] "GET /xingrg/dwr/interface/AjaxReportQueryService.js HTTP/1.1" 200 13203
116.235.222.38 - - [12/Jul/2021:09:35:09 +0800] "GET /xingrg/dwr/engine.js HTTP/1.1" 200 43631
116.230.117.165 - - [12/Jul/2021:09:35:10 +0800] "GET /xingrg/all/function/internal_message.html?_=1626053710906&CODE_STATE=getMsg HTTP/1.1" 200 27
180.156.224.123 - - [12/Jul/2021:09:35:10 +0800] "GET /xingrg/all/function/internal_message.html?_=1626053692448&CODE_STATE=getMsg HTTP/1.1" 200 27
116.235.222.38 - - [12/Jul/2021:09:35:12 +0800] "GET /xingrg/kc/mdqp/qqps_order_add.html HTTP/1.1" 200 28163
222.69.129.87 - - [12/Jul/2021:09:35:13 +0800] "POST /xingrg/kc/buy/cgsh_order_operate.html HTTP/1.1" 200 37
116.235.222.38 - - [12/Jul/2021:09:35:13 +0800] "GET /xingrg/dwr/interface/AjaxComOrderService.js HTTP/1.1" 200 18264
116.235.222.38 - - [12/Jul/2021:09:35:13 +0800] "GET /xingrg/dwr/interface/AjaxQqpsService.js HTTP/1.1" 200 16326
116.235.222.38 - - [12/Jul/2021:09:35:13 +0800] "GET /xingrg/dwr/engine.js HTTP/1.1" 200 43631
180.169.147.146 - - [12/Jul/2021:09:35:14 +0800] "GET /xingrg/all/function/internal_message.html?_=1626053714930&CODE_STATE=getMsg HTTP/1.1" 200 27
183.192.94.21 - - [12/Jul/2021:09:35:16 +0800] "GET /xingrg/all/function/internal_message.html?_=1626053716893&CODE_STATE=getMsg HTTP/1.1" 302 -
183.192.94.21 - - [12/Jul/2021:09:35:16 +0800] "GET /xingrg/check_reg.html?_=1626053716894 HTTP/1.1" 302 -
180.169.147.146 - - [12/Jul/2021:09:35:17 +0800] "GET /xingrg/check_reg.html?_=1626053717390 HTTP/1.1" 200 22
180.156.224.123 - - [12/Jul/2021:09:35:17 +0800] "GET /xingrg/javascript/auto/indicator.gif HTTP/1.1" 404 1066
120.253.135.82 - - [12/Jul/2021:09:35:19 +0800] "GET /xingrg/all/function/internal_message.html?_=1626053753024&CODE_STATE=getMsg HTTP/1.1" 200 27
116.235.222.38 - - [12/Jul/2021:09:35:19 +0800] "GET /xingrg/check_reg.html?_=1626053716428 HTTP/1.1" 200 22
116.235.222.38 - - [12/Jul/2021:09:35:21 +0800] "GET /xingrg/all/function/internal_message.html?_=1626053717953&CODE_STATE=getMsg HTTP/1.1" 200 27
58.40.7.146 - - [12/Jul/2021:09:35:21 +0800] "GET /xingrg/check_reg.html?_=1626053720577 HTTP/1.1" 302 -
222.69.129.87 - - [12/Jul/2021:09:35:23 +0800] "GET /xingrg/all/function/internal_message.html?_=1626053722209&CODE_STATE=getMsg HTTP/1.1" 200 27
180.156.224.123 - - [12/Jul/2021:09:35:24 +0800] "POST /xingrg/kc/buy/cgsh_order_operate.html HTTP/1.1" 200 836
180.156.224.123 - - [12/Jul/2021:09:35:25 +0800] "GET /xingrg/kc/buy/cgsh_order_operate.html?command=get_materiel&rest_code=00150&code=00101008084&supplier_code=00100007&order_time=2021-07-12 HTTP/1.1" 200 412
180.169.147.146 - - [12/Jul/2021:09:35:25 +0800] "GET /favicon.ico HTTP/1.1" 404 -
222.69.129.87 - - [12/Jul/2021:09:35:26 +0800] "POST /xingrg/kc/buy/cgsh_order_operate.html HTTP/1.1" 200 12
116.235.222.38 - - [12/Jul/2021:09:35:28 +0800] "POST /xingrg/dwr/call/plaincall/AjaxQqpsService.saveOrder.dwr HTTP/1.1" 200 78
116.230.110.80 - - [12/Jul/2021:09:35:28 +0800] "GET /xingrg/all/function/internal_message.html?_=1626053725594&CODE_STATE=getMsg HTTP/1.1" 200 27
180.169.147.146 - - [12/Jul/2021:09:35:29 +0800] "GET /xingrg/all/function/internal_message.html?_=1626053738863&CODE_STATE=getMsg HTTP/1.1" 200 27
116.235.222.38 - - [12/Jul/2021:09:35:30 +0800] "GET /xingrg/javascript/auto/indicator.gif HTTP/1.1" 404 1066
222.69.129.87 - - [12/Jul/2021:09:35:33 +0800] "GET /xingrg/kc/buy/cgsh_order_info.html?code=212021071205213 HTTP/1.1" 200 57634
222.69.129.87 - - [12/Jul/2021:09:35:33 +0800] "GET /xingrg/javascript/easyui/themes/default/validatebox.css HTTP/1.1" 404 1104
180.156.224.123 - - [12/Jul/2021:09:35:34 +0800] "POST /xingrg/kc/buy/cgsh_order_operate.html HTTP/1.1" 200 37
222.69.129.87 - - [12/Jul/2021:09:35:34 +0800] "POST /xingrg/kc/buy/cgsh_order_operate.html HTTP/1.1" 200 4199
116.235.222.38 - - [12/Jul/2021:09:35:34 +0800] "POST /xingrg/dwr/call/plaincall/AjaxQqpsService.getMaterielByCode.dwr HTTP/1.1" 200 3415
180.156.224.123 - - [12/Jul/2021:09:35:35 +0800] "POST /xingrg/kc/buy/cgsh_order_operate.html HTTP/1.1" 200 37
180.156.224.123 - - [12/Jul/2021:09:35:36 +0800] "POST /xingrg/kc/buy/cgsh_order_operate.html HTTP/1.1" 200 6870
222.69.129.87 - - [12/Jul/2021:09:35:36 +0800] "GET /xingrg/kc/print/load_data.html?order_code=212021071205213&kc_code=cgsh&condition= HTTP/1.1" 200 2111
180.156.224.123 - - [12/Jul/2021:09:35:37 +0800] "POST /xingrg/kc/buy/cgsh_order_operate.html HTTP/1.1" 200 32820
58.39.171.44 - - [12/Jul/2021:09:35:41 +0800] "GET /xingrg/all/function/internal_message.html?_=1626053740279&CODE_STATE=getMsg HTTP/1.1" 200 27
58.39.171.44 - - [12/Jul/2021:09:35:41 +0800] "GET /xingrg/check_reg.html?_=1626053740280 HTTP/1.1" 200 22
222.69.129.87 - - [12/Jul/2021:09:35:42 +0800] "GET /xingrg/kc/buy/cgsh_order_add.html HTTP/1.1" 200 62728
222.69.129.87 - - [12/Jul/2021:09:35:43 +0800] "POST /xingrg/kc/buy/cgsh_order_operate.html HTTP/1.1" 200 8245
222.69.129.87 - - [12/Jul/2021:09:35:43 +0800] "GET /xingrg/javascript/easyui/themes/default/validatebox.css HTTP/1.1" 404 1104
180.169.147.146 - - [12/Jul/2021:09:35:47 +0800] "GET /xingrg/all/function/internal_message.html?_=1626053745469&CODE_STATE=getMsg HTTP/1.1" 302 -
116.233.75.166 - - [12/Jul/2021:09:35:47 +0800] "GET /xingrg/all/function/internal_message.html?_=1626053746504&CODE_STATE=getMsg HTTP/1.1" 200 27
180.156.224.123 - - [12/Jul/2021:09:35:50 +0800] "POST /xingrg/kc/buy/cgsh_order_operate.html HTTP/1.1" 200 37
116.235.222.38 - - [12/Jul/2021:09:35:51 +0800] "POST /xingrg/dwr/call/plaincall/AjaxQqpsService.getMaterielByCode.dwr HTTP/1.1" 200 3422
180.156.224.123 - - [12/Jul/2021:09:35:53 +0800] "POST /xingrg/kc/buy/cgsh_order_operate.html HTTP/1.1" 200 12
120.253.135.82 - - [12/Jul/2021:09:35:54 +0800] "GET /xingrg/check_reg.html?_=1626053788312 HTTP/1.1" 200 22
180.156.224.123 - - [12/Jul/2021:09:35:55 +0800] "GET /xingrg/kc/buy/cgsh_order_info.html?code=212021071205212 HTTP/1.1" 200 57235
180.156.224.123 - - [12/Jul/2021:09:35:55 +0800] "GET /xingrg/javascript/easyui/themes/default/validatebox.css HTTP/1.1" 404 1104
180.156.224.123 - - [12/Jul/2021:09:35:56 +0800] "POST /xingrg/kc/buy/cgsh_order_operate.html HTTP/1.1" 200 4816
116.235.222.38 - - [12/Jul/2021:09:35:58 +0800] "POST /xingrg/dwr/call/plaincall/AjaxQqpsService.saveMaterielItem.dwr HTTP/1.1" 200 78
180.169.147.146 - - [12/Jul/2021:09:35:59 +0800] "GET /xingrg/check_reg.html?_=1626053749776 HTTP/1.1" 200 22
120.253.135.82 - - [12/Jul/2021:09:36:01 +0800] "GET /xingrg/check_reg.html?_=1626053541586 HTTP/1.1" 200 22
120.253.135.82 - - [12/Jul/2021:09:36:01 +0800] "GET /xingrg/all/function/internal_message.html?_=1626053541708&CODE_STATE=getMsg HTTP/1.1" 200 27
58.37.225.51 - - [12/Jul/2021:09:36:04 +0800] "GET /xingrg/all/function/internal_message.html?_=1626053683172&CODE_STATE=getMsg HTTP/1.1" 200 27
116.230.117.165 - - [12/Jul/2021:09:36:08 +0800] "GET /xingrg/check_reg.html?_=1626053768325 HTTP/1.1" 200 22
180.169.147.146 - - [12/Jul/2021:09:36:08 +0800] "GET /xingrg/all/function/internal_message.html?_=1626053767121&CODE_STATE=getMsg HTTP/1.1" 200 27
180.156.224.123 - - [12/Jul/2021:09:36:08 +0800] "GET /xingrg/check_reg.html?_=1626053767342 HTTP/1.1" 200 22
180.156.224.123 - - [12/Jul/2021:09:36:08 +0800] "GET /xingrg/all/function/internal_message.html?_=1626053767429&CODE_STATE=getMsg HTTP/1.1" 200 27
180.156.224.123 - - [12/Jul/2021:09:36:09 +0800] "GET /xingrg/kc/print/load_config.html?kc_code=cgsh HTTP/1.1" 200 1845
180.156.224.123 - - [12/Jul/2021:09:36:09 +0800] "GET /xingrg/kc/print/load_data.html?order_code=212021071205212&kc_code=cgsh&condition= HTTP/1.1" 200 2369
116.230.117.165 - - [12/Jul/2021:09:36:10 +0800] "GET /xingrg/all/function/internal_message.html?_=1626053771019&CODE_STATE=getMsg HTTP/1.1" 200 27
180.156.224.123 - - [12/Jul/2021:09:36:11 +0800] "GET /xingrg/all/function/internal_message.html?_=1626053752639&CODE_STATE=getMsg HTTP/1.1" 200 27
116.235.222.38 - - [12/Jul/2021:09:36:11 +0800] "POST /xingrg/dwr/call/plaincall/AjaxQqpsService.getMaterielByCode.dwr HTTP/1.1" 200 3431
180.169.147.146 - - [12/Jul/2021:09:36:14 +0800] "GET /xingrg/all/function/internal_message.html?_=1626053774939&CODE_STATE=getMsg HTTP/1.1" 200 27
116.235.222.38 - - [12/Jul/2021:09:36:15 +0800] "POST /xingrg/dwr/call/plaincall/AjaxQqpsService.saveMaterielItem.dwr HTTP/1.1" 200 78
183.192.94.21 - - [12/Jul/2021:09:36:16 +0800] "GET /xingrg/all/function/internal_message.html?_=1626053776891&CODE_STATE=getMsg HTTP/1.1" 302 -
120.253.135.82 - - [12/Jul/2021:09:36:19 +0800] "GET /xingrg/all/function/internal_message.html?_=1626053813037&CODE_STATE=getMsg HTTP/1.1" 200 27
116.235.222.38 - - [12/Jul/2021:09:36:21 +0800] "GET /xingrg/all/function/internal_message.html?_=1626053778186&CODE_STATE=getMsg HTTP/1.1" 200 27
222.69.129.87 - - [12/Jul/2021:09:36:23 +0800] "GET /xingrg/all/function/internal_message.html?_=1626053782228&CODE_STATE=getMsg HTTP/1.1" 200 27
116.230.110.80 - - [12/Jul/2021:09:36:28 +0800] "GET /xingrg/all/function/internal_message.html?_=1626053785580&CODE_STATE=getMsg HTTP/1.1" 200 27
180.169.147.146 - - [12/Jul/2021:09:36:29 +0800] "GET /xingrg/all/function/internal_message.html?_=1626053798865&CODE_STATE=getMsg HTTP/1.1" 200 27
116.230.110.80 - - [12/Jul/2021:09:36:40 +0800] "GET /xingrg/check_reg.html?_=1626053797227 HTTP/1.1" 200 22
58.39.171.44 - - [12/Jul/2021:09:36:41 +0800] "GET /xingrg/all/function/internal_message.html?_=1626053800278&CODE_STATE=getMsg HTTP/1.1" 200 27
180.156.224.123 - - [12/Jul/2021:09:36:43 +0800] "POST /xingrg/kc/buy/cgsh_list_operate.html HTTP/1.1" 200 1706
180.156.224.123 - - [12/Jul/2021:09:36:45 +0800] "POST /xingrg/kc/buy/cgsh_list_operate.html HTTP/1.1" 200 556
180.156.224.123 - - [12/Jul/2021:09:36:45 +0800] "GET /xingrg/kc/buy/cgsh_order_info.html?code=212021071205204 HTTP/1.1" 200 62338
180.156.224.123 - - [12/Jul/2021:09:36:46 +0800] "GET /xingrg/javascript/easyui/themes/default/validatebox.css HTTP/1.1" 404 1104
180.156.224.123 - - [12/Jul/2021:09:36:46 +0800] "POST /xingrg/kc/buy/cgsh_order_operate.html HTTP/1.1" 200 30761
180.169.147.146 - - [12/Jul/2021:09:36:47 +0800] "GET /xingrg/all/function/internal_message.html?_=1626053805470&CODE_STATE=getMsg HTTP/1.1" 302 -
116.233.75.166 - - [12/Jul/2021:09:36:47 +0800] "GET /xingrg/all/function/internal_message.html?_=1626053806508&CODE_STATE=getMsg HTTP/1.1" 200 27
116.233.75.166 - - [12/Jul/2021:09:36:47 +0800] "GET /xingrg/check_reg.html?_=1626053806510 HTTP/1.1" 200 22
120.253.135.82 - - [12/Jul/2021:09:37:01 +0800] "GET /xingrg/all/function/internal_message.html?_=1626053601720&CODE_STATE=getMsg HTTP/1.1" 200 27
58.37.225.51 - - [12/Jul/2021:09:37:04 +0800] "GET /xingrg/all/function/internal_message.html?_=1626053743165&CODE_STATE=getMsg HTTP/1.1" 200 27
180.169.147.146 - - [12/Jul/2021:09:37:08 +0800] "GET /xingrg/all/function/internal_message.html?_=1626053827126&CODE_STATE=getMsg HTTP/1.1" 200 27
180.169.147.146 - - [12/Jul/2021:09:37:08 +0800] "GET /xingrg/check_reg.html?_=1626053827130 HTTP/1.1" 200 22
180.156.224.123 - - [12/Jul/2021:09:37:08 +0800] "GET /xingrg/all/function/internal_message.html?_=1626053827405&CODE_STATE=getMsg HTTP/1.1" 200 27
116.230.117.165 - - [12/Jul/2021:09:37:10 +0800] "GET /xingrg/all/function/internal_message.html?_=1626053831021&CODE_STATE=getMsg HTTP/1.1" 200 27
180.156.224.123 - - [12/Jul/2021:09:37:11 +0800] "GET /xingrg/all/function/internal_message.html?_=1626053812646&CODE_STATE=getMsg HTTP/1.1" 200 27
180.169.147.146 - - [12/Jul/2021:09:37:14 +0800] "GET /xingrg/all/function/internal_message.html?_=1626053834953&CODE_STATE=getMsg HTTP/1.1" 200 27
183.192.94.21 - - [12/Jul/2021:09:37:16 +0800] "GET /xingrg/all/function/internal_message.html?_=1626053836889&CODE_STATE=getMsg HTTP/1.1" 302 -
120.253.135.82 - - [12/Jul/2021:09:37:19 +0800] "GET /xingrg/all/function/internal_message.html?_=1626053873052&CODE_STATE=getMsg HTTP/1.1" 200 27
116.235.222.38 - - [12/Jul/2021:09:37:21 +0800] "GET /xingrg/all/function/internal_message.html?_=1626053838173&CODE_STATE=getMsg HTTP/1.1" 200 27
116.235.222.38 - - [12/Jul/2021:09:37:22 +0800] "POST /xingrg/dwr/call/plaincall/AjaxQqpsService.getMaterielByCode.dwr HTTP/1.1" 200 3414
222.69.129.87 - - [12/Jul/2021:09:37:23 +0800] "GET /xingrg/all/function/internal_message.html?_=1626053842219&CODE_STATE=getMsg HTTP/1.1" 200 27
222.69.129.87 - - [12/Jul/2021:09:37:23 +0800] "GET /xingrg/check_reg.html?_=1626053842216 HTTP/1.1" 200 22
116.230.110.80 - - [12/Jul/2021:09:37:28 +0800] "GET /xingrg/all/function/internal_message.html?_=1626053845559&CODE_STATE=getMsg HTTP/1.1" 200 27
180.169.147.146 - - [12/Jul/2021:09:37:29 +0800] "GET /xingrg/all/function/internal_message.html?_=1626053858869&CODE_STATE=getMsg HTTP/1.1" 200 27
58.39.171.44 - - [12/Jul/2021:09:37:41 +0800] "GET /xingrg/all/function/internal_message.html?_=1626053860276&CODE_STATE=getMsg HTTP/1.1" 200 27
117.184.7.30 - - [12/Jul/2021:09:37:47 +0800] "GET /xingrg/check_reg.html?_=1626053863499 HTTP/1.1" 200 22
180.169.147.146 - - [12/Jul/2021:09:37:47 +0800] "GET /xingrg/all/function/internal_message.html?_=1626053865462&CODE_STATE=getMsg HTTP/1.1" 302 -
116.235.222.38 - - [12/Jul/2021:09:37:47 +0800] "POST /xingrg/dwr/call/plaincall/AjaxQqpsService.getMaterielByCode.dwr HTTP/1.1" 200 3472
116.233.75.166 - - [12/Jul/2021:09:37:47 +0800] "GET /xingrg/all/function/internal_message.html?_=1626053866508&CODE_STATE=getMsg HTTP/1.1" 200 27
116.235.222.38 - - [12/Jul/2021:09:37:54 +0800] "POST /xingrg/dwr/call/plaincall/AjaxQqpsService.saveMaterielItem.dwr HTTP/1.1" 200 78
120.253.135.82 - - [12/Jul/2021:09:38:01 +0800] "GET /xingrg/all/function/internal_message.html?_=1626053661735&CODE_STATE=getMsg HTTP/1.1" 200 27
180.156.224.123 - - [12/Jul/2021:09:38:01 +0800] "POST /xingrg/kc/buy/cgsh_order_operate.html HTTP/1.1" 200 37
116.235.222.38 - - [12/Jul/2021:09:38:02 +0800] "POST /xingrg/dwr/call/plaincall/AjaxQqpsService.getMaterielByCode.dwr HTTP/1.1" 200 3445
58.37.225.51 - - [12/Jul/2021:09:38:04 +0800] "GET /xingrg/all/function/internal_message.html?_=1626053803177&CODE_STATE=getMsg HTTP/1.1" 200 27
180.156.224.123 - - [12/Jul/2021:09:38:06 +0800] "POST /xingrg/kc/buy/cgsh_order_operate.html HTTP/1.1" 200 12
180.169.147.146 - - [12/Jul/2021:09:38:08 +0800] "GET /xingrg/all/function/internal_message.html?_=1626053887134&CODE_STATE=getMsg HTTP/1.1" 200 27
180.156.224.123 - - [12/Jul/2021:09:38:10 +0800] "GET /xingrg/check_reg.html?_=1626053872146 HTTP/1.1" 200 22
116.230.117.165 - - [12/Jul/2021:09:38:10 +0800] "GET /xingrg/all/function/internal_message.html?_=1626053891035&CODE_STATE=getMsg HTTP/1.1" 200 27
180.156.224.123 - - [12/Jul/2021:09:38:11 +0800] "GET /xingrg/all/function/internal_message.html?_=1626053872660&CODE_STATE=getMsg HTTP/1.1" 200 27
180.169.147.146 - - [12/Jul/2021:09:38:14 +0800] "GET /xingrg/all/function/internal_message.html?_=1626053894975&CODE_STATE=getMsg HTTP/1.1" 200 27
183.192.94.21 - - [12/Jul/2021:09:38:16 +0800] "GET /xingrg/all/function/internal_message.html?_=1626053896888&CODE_STATE=getMsg HTTP/1.1" 302 -
116.235.222.38 - - [12/Jul/2021:09:38:19 +0800] "POST /xingrg/dwr/call/plaincall/AjaxQqpsService.saveMaterielItem.dwr HTTP/1.1" 200 79
120.253.135.82 - - [12/Jul/2021:09:38:19 +0800] "GET /xingrg/all/function/internal_message.html?_=1626053933082&CODE_STATE=getMsg HTTP/1.1" 200 27
180.156.224.123 - - [12/Jul/2021:09:38:20 +0800] "GET /xingrg/all/function/internal_message.html?_=1626053898870&CODE_STATE=getMsg HTTP/1.1" 200 27
180.156.224.123 - - [12/Jul/2021:09:38:20 +0800] "GET /xingrg/kc/buy/cgsh_order_info.html?code=212021071205200 HTTP/1.1" 200 57519
180.156.224.123 - - [12/Jul/2021:09:38:20 +0800] "GET /xingrg/javascript/easyui/themes/default/validatebox.css HTTP/1.1" 404 1104
180.156.224.123 - - [12/Jul/2021:09:38:21 +0800] "POST /xingrg/kc/buy/cgsh_order_operate.html HTTP/1.1" 200 30760
116.235.222.38 - - [12/Jul/2021:09:38:22 +0800] "GET /xingrg/all/function/internal_message.html?_=1626053899471&CODE_STATE=getMsg HTTP/1.1" 200 27
222.69.129.87 - - [12/Jul/2021:09:38:23 +0800] "GET /xingrg/all/function/internal_message.html?_=1626053902226&CODE_STATE=getMsg HTTP/1.1" 200 27
116.230.110.80 - - [12/Jul/2021:09:38:28 +0800] "GET /xingrg/all/function/internal_message.html?_=1626053905544&CODE_STATE=getMsg HTTP/1.1" 200 27
180.169.147.146 - - [12/Jul/2021:09:38:29 +0800] "GET /xingrg/all/function/internal_message.html?_=1626053918857&CODE_STATE=getMsg HTTP/1.1" 200 27
116.235.222.38 - - [12/Jul/2021:09:38:32 +0800] "POST /xingrg/dwr/call/plaincall/AjaxQqpsService.getMaterielByCode.dwr HTTP/1.1" 200 3470
58.39.171.44 - - [12/Jul/2021:09:38:41 +0800] "GET /xingrg/all/function/internal_message.html?_=1626053920274&CODE_STATE=getMsg HTTP/1.1" 200 27
116.235.222.38 - - [12/Jul/2021:09:38:42 +0800] "POST /xingrg/dwr/call/plaincall/AjaxQqpsService.saveMaterielItem.dwr HTTP/1.1" 200 79
180.169.147.146 - - [12/Jul/2021:09:38:47 +0800] "GET /xingrg/all/function/internal_message.html?_=1626053925476&CODE_STATE=getMsg HTTP/1.1" 302 -
116.233.75.166 - - [12/Jul/2021:09:38:47 +0800] "GET /xingrg/all/function/internal_message.html?_=1626053926510&CODE_STATE=getMsg HTTP/1.1" 200 27
116.235.222.38 - - [12/Jul/2021:09:38:49 +0800] "POST /xingrg/dwr/call/plaincall/AjaxQqpsService.checkOrder.dwr HTTP/1.1" 200 79
116.235.222.38 - - [12/Jul/2021:09:38:50 +0800] "GET /xingrg/kc/mdqp/qqps_order_info.html?code=302021071200256 HTTP/1.1" 200 26564
116.235.222.38 - - [12/Jul/2021:09:38:50 +0800] "GET /xingrg/dwr/interface/AjaxComOrderService.js HTTP/1.1" 200 18264
116.235.222.38 - - [12/Jul/2021:09:38:50 +0800] "GET /xingrg/dwr/interface/AjaxQqpsService.js HTTP/1.1" 200 16326
116.235.222.38 - - [12/Jul/2021:09:38:50 +0800] "GET /xingrg/dwr/engine.js HTTP/1.1" 200 43631
116.235.222.38 - - [12/Jul/2021:09:38:52 +0800] "POST /xingrg/dwr/call/plaincall/AjaxQqpsService.loadMaterielItems.dwr HTTP/1.1" 200 1449
180.156.224.123 - - [12/Jul/2021:09:38:57 +0800] "GET /xingrg/kc/print/load_config.html?kc_code=cgsh HTTP/1.1" 200 1845
180.156.224.123 - - [12/Jul/2021:09:38:57 +0800] "GET /xingrg/kc/print/load_data.html?order_code=212021071205200&kc_code=cgsh&condition= HTTP/1.1" 200 12179
116.235.222.38 - - [12/Jul/2021:09:38:58 +0800] "GET /xingrg/kc/mdqp/qqps_order_add.html HTTP/1.1" 200 28163
116.235.222.38 - - [12/Jul/2021:09:38:59 +0800] "GET /xingrg/dwr/interface/AjaxComOrderService.js HTTP/1.1" 200 18264
116.235.222.38 - - [12/Jul/2021:09:38:59 +0800] "GET /xingrg/dwr/interface/AjaxQqpsService.js HTTP/1.1" 200 16326
116.235.222.38 - - [12/Jul/2021:09:38:59 +0800] "GET /xingrg/dwr/engine.js HTTP/1.1" 200 43631
180.156.224.123 - - [12/Jul/2021:09:39:00 +0800] "GET /xingrg/kc/buy/cgsh_order_operate.html?command=get_materiel&rest_code=00151&code=00101008137&supplier_code=00100007&order_time=2021-07-12 HTTP/1.1" 200 408
120.253.135.82 - - [12/Jul/2021:09:39:01 +0800] "GET /xingrg/all/function/internal_message.html?_=1626053721754&CODE_STATE=getMsg HTTP/1.1" 200 27
58.37.225.51 - - [12/Jul/2021:09:39:04 +0800] "GET /xingrg/check_reg.html?_=1626053863166 HTTP/1.1" 200 22
58.37.225.51 - - [12/Jul/2021:09:39:04 +0800] "GET /xingrg/all/function/internal_message.html?_=1626053863168&CODE_STATE=getMsg HTTP/1.1" 200 27
180.169.147.146 - - [12/Jul/2021:09:39:08 +0800] "GET /xingrg/all/function/internal_message.html?_=1626053947123&CODE_STATE=getMsg HTTP/1.1" 200 27
116.235.222.38 - - [12/Jul/2021:09:39:10 +0800] "POST /xingrg/dwr/call/plaincall/AjaxQqpsService.saveOrder.dwr HTTP/1.1" 200 78
116.230.117.165 - - [12/Jul/2021:09:39:10 +0800] "GET /xingrg/all/function/internal_message.html?_=1626053951144&CODE_STATE=getMsg HTTP/1.1" 200 27
180.156.224.123 - - [12/Jul/2021:09:39:11 +0800] "GET /xingrg/all/function/internal_message.html?_=1626053932674&CODE_STATE=getMsg HTTP/1.1" 200 27
180.169.147.146 - - [12/Jul/2021:09:39:14 +0800] "GET /xingrg/all/function/internal_message.html?_=1626053954979&CODE_STATE=getMsg HTTP/1.1" 200 27
116.235.222.38 - - [12/Jul/2021:09:39:15 +0800] "GET /xingrg/javascript/auto/indicator.gif HTTP/1.1" 404 1066
183.192.94.21 - - [12/Jul/2021:09:39:16 +0800] "GET /xingrg/all/function/internal_message.html?_=1626053956888&CODE_STATE=getMsg HTTP/1.1" 302 -
120.253.135.82 - - [12/Jul/2021:09:39:19 +0800] "GET /xingrg/all/function/internal_message.html?_=1626053993094&CODE_STATE=getMsg HTTP/1.1" 200 27
180.156.224.123 - - [12/Jul/2021:09:39:20 +0800] "GET /xingrg/all/function/internal_message.html?_=1626053958845&CODE_STATE=getMsg HTTP/1.1" 200 27
222.69.129.87 - - [12/Jul/2021:09:39:23 +0800] "GET /xingrg/all/function/internal_message.html?_=1626053962226&CODE_STATE=getMsg HTTP/1.1" 200 27
116.235.222.38 - - [12/Jul/2021:09:39:23 +0800] "GET /xingrg/all/function/internal_message.html?_=1626053960349&CODE_STATE=getMsg HTTP/1.1" 200 27
180.156.224.123 - - [12/Jul/2021:09:39:27 +0800] "POST /xingrg/all/user/operate.html HTTP/1.1" 200 36
180.156.224.123 - - [12/Jul/2021:09:39:27 +0800] "GET /xingrg/index.html?sysBaseUrl=http%3A%2F%2F180.169.147.146%3A18081%2Fxingrg%2F&costTime=38×tamp=1626053463723 HTTP/1.1" 200 17177
180.156.224.123 - - [12/Jul/2021:09:39:27 +0800] "GET /xingrg/javascript/jquery_easy_ui/themes/default/easyui.css HTTP/1.1" 304 -
180.156.224.123 - - [12/Jul/2021:09:39:27 +0800] "GET /xingrg/javascript/jquery_easy_ui/themes/icon.css HTTP/1.1" 304 -
180.156.224.123 - - [12/Jul/2021:09:39:27 +0800] "GET /xingrg/css/form.css HTTP/1.1" 304 -
180.156.224.123 - - [12/Jul/2021:09:39:27 +0800] "GET /xingrg/javascript/jquery-1.4.2.min.js HTTP/1.1" 304 -
180.156.224.123 - - [12/Jul/2021:09:39:27 +0800] "GET /xingrg/javascript/jquery_easy_ui/jquery.easyui.min.js HTTP/1.1" 304 -
180.156.224.123 - - [12/Jul/2021:09:39:27 +0800] "GET /xingrg/javascript/jquery_easy_ui/easyui-lang-zh_CN.js HTTP/1.1" 304 -
180.156.224.123 - - [12/Jul/2021:09:39:27 +0800] "GET /xingrg/javascript/jquery.form.js HTTP/1.1" 304 -
180.156.224.123 - - [12/Jul/2021:09:39:27 +0800] "GET /xingrg/javascript/jquery.utils.js HTTP/1.1" 304 -
180.156.224.123 - - [12/Jul/2021:09:39:27 +0800] "GET /xingrg/javascript/jquery.timers.js HTTP/1.1" 304 -
180.156.224.123 - - [12/Jul/2021:09:39:27 +0800] "GET /xingrg/images/blue/jxLogo.png HTTP/1.1" 304 -
180.156.224.123 - - [12/Jul/2021:09:39:27 +0800] "GET /xingrg/images/blue/navBackgound.jpg HTTP/1.1" 304 -
180.156.224.123 - - [12/Jul/2021:09:39:27 +0800] "GET /xingrg/javascript/jquery_easy_ui/themes/icons/settle_new.png HTTP/1.1" 304 -
180.156.224.123 - - [12/Jul/2021:09:39:27 +0800] "POST /xingrg/all/common/load_tree.html?tree=area_rest_tree_json&manage=1 HTTP/1.1" 200 476
180.156.224.123 - - [12/Jul/2021:09:39:27 +0800] "GET /xingrg/all/function/internal_message.html?_=1626053966601&CODE_STATE=count HTTP/1.1" 200 11
180.156.224.123 - - [12/Jul/2021:09:39:27 +0800] "GET /xingrg/check_reg.html?_=1626053966602 HTTP/1.1" 200 22
180.156.224.123 - - [12/Jul/2021:09:39:27 +0800] "GET /xingrg/images/blue/pingpu.png HTTP/1.1" 304 -
180.156.224.123 - - [12/Jul/2021:09:39:27 +0800] "GET /xingrg/javascript/jquery_easy_ui/themes/default/images/panel_tool_collapse.gif HTTP/1.1" 304 -
180.156.224.123 - - [12/Jul/2021:09:39:27 +0800] "GET /xingrg/javascript/jquery_easy_ui/themes/default/images/tabs_rightarrow.png HTTP/1.1" 304 -
180.156.224.123 - - [12/Jul/2021:09:39:27 +0800] "GET /xingrg/javascript/jquery_easy_ui/themes/default/images/tabs_leftarrow.png HTTP/1.1" 304 -
180.156.224.123 - - [12/Jul/2021:09:39:27 +0800] "POST /xingrg/load_menu.html HTTP/1.1" 200 5138
116.230.110.80 - - [12/Jul/2021:09:39:28 +0800] "GET /xingrg/all/function/internal_message.html?_=1626053965524&CODE_STATE=getMsg HTTP/1.1" 200 27
180.169.147.146 - - [12/Jul/2021:09:39:29 +0800] "GET /xingrg/all/function/internal_message.html?_=1626053978859&CODE_STATE=getMsg HTTP/1.1" 200 27
180.169.147.146 - - [12/Jul/2021:09:39:29 +0800] "GET /xingrg/check_reg.html?_=1626053978861 HTTP/1.1" 200 22
180.156.224.123 - - [12/Jul/2021:09:39:30 +0800] "GET /xingrg/kc/buy/cgsh_order_list.html HTTP/1.1" 200 46941
180.156.224.123 - - [12/Jul/2021:09:39:31 +0800] "POST /xingrg/kc/buy/cgsh_list_operate.html HTTP/1.1" 200 1706
116.235.222.38 - - [12/Jul/2021:09:39:32 +0800] "POST /xingrg/dwr/call/plaincall/AjaxQqpsService.getMaterielByCode.dwr HTTP/1.1" 200 3437
180.156.224.123 - - [12/Jul/2021:09:39:32 +0800] "GET /xingrg/kc/buy/cgsh_order_add.html HTTP/1.1" 200 62317
180.156.224.123 - - [12/Jul/2021:09:39:33 +0800] "GET /xingrg/all/common/auto_word.html?type=employee&rest_code=00151 HTTP/1.1" 200 243
180.156.224.123 - - [12/Jul/2021:09:39:33 +0800] "GET /xingrg/all/common/auto_word.html?type=employee&rest_code=00151 HTTP/1.1" 200 243
180.156.224.123 - - [12/Jul/2021:09:39:33 +0800] "GET /xingrg/javascript/easyui/themes/default/validatebox.css HTTP/1.1" 404 1104
180.156.224.123 - - [12/Jul/2021:09:39:33 +0800] "POST /xingrg/kc/buy/cgsh_order_operate.html HTTP/1.1" 200 8245
180.156.224.123 - - [12/Jul/2021:09:39:36 +0800] "GET /xingrg/javascript/auto/indicator.gif HTTP/1.1" 404 1066
116.235.222.38 - - [12/Jul/2021:09:39:41 +0800] "GET /xingrg/system/info/materiel_manager.html?isSelect=1 HTTP/1.1" 200 19294
58.39.171.44 - - [12/Jul/2021:09:39:41 +0800] "GET /xingrg/all/function/internal_message.html?_=1626053980289&CODE_STATE=getMsg HTTP/1.1" 200 27
116.235.222.38 - - [12/Jul/2021:09:39:41 +0800] "GET /xingrg/dwr/interface/AjaxBaseInfoService.js HTTP/1.1" 200 21363
116.235.222.38 - - [12/Jul/2021:09:39:41 +0800] "GET /xingrg/dwr/engine.js HTTP/1.1" 200 43631
116.235.222.38 - - [12/Jul/2021:09:39:41 +0800] "GET /xingrg/javascript/xtree.js HTTP/1.1" 200 26582
180.169.147.146 - - [12/Jul/2021:09:39:47 +0800] "GET /xingrg/all/function/internal_message.html?_=1626053985476&CODE_STATE=getMsg HTTP/1.1" 302 -
180.169.147.146 - - [12/Jul/2021:09:39:47 +0800] "GET /xingrg/check_reg.html?_=1626053985483 HTTP/1.1" 302 -
116.233.75.166 - - [12/Jul/2021:09:39:47 +0800] "GET /xingrg/all/function/internal_message.html?_=1626053986512&CODE_STATE=getMsg HTTP/1.1" 200 27
180.156.224.123 - - [12/Jul/2021:09:40:00 +0800] "POST /xingrg/kc/buy/cgsh_order_operate.html HTTP/1.1" 200 37
120.253.135.82 - - [12/Jul/2021:09:40:01 +0800] "GET /xingrg/all/function/internal_message.html?_=1626053781762&CODE_STATE=getMsg HTTP/1.1" 200 27
180.156.224.123 - - [12/Jul/2021:09:40:03 +0800] "POST /xingrg/kc/buy/cgsh_order_operate.html HTTP/1.1" 200 12
58.37.225.51 - - [12/Jul/2021:09:40:04 +0800] "GET /xingrg/all/function/internal_message.html?_=1626053923218&CODE_STATE=getMsg HTTP/1.1" 200 27
180.156.224.123 - - [12/Jul/2021:09:40:04 +0800] "GET /xingrg/kc/buy/cgsh_order_info.html?code=212021071205204 HTTP/1.1" 200 57235
180.156.224.123 - - [12/Jul/2021:09:40:05 +0800] "GET /xingrg/javascript/easyui/themes/default/validatebox.css HTTP/1.1" 404 1104
180.156.224.123 - - [12/Jul/2021:09:40:05 +0800] "POST /xingrg/kc/buy/cgsh_order_operate.html HTTP/1.1" 200 29301
180.156.224.123 - - [12/Jul/2021:09:40:06 +0800] "GET /xingrg/kc/buy/cgsh_order_operate.html?command=get_materiel&rest_code=00151&code=00101029060&supplier_code=00100097&order_time=2021-07-12 HTTP/1.1" 200 426
180.156.224.123 - - [12/Jul/2021:09:40:07 +0800] "GET /xingrg/kc/print/load_data.html?order_code=212021071205204&kc_code=cgsh&condition= HTTP/1.1" 200 11818
180.169.147.146 - - [12/Jul/2021:09:40:08 +0800] "GET /xingrg/all/function/internal_message.html?_=1626054007132&CODE_STATE=getMsg HTTP/1.1" 200 27
116.230.117.165 - - [12/Jul/2021:09:40:10 +0800] "GET /xingrg/all/function/internal_message.html?_=1626054011156&CODE_STATE=getMsg HTTP/1.1" 200 27
180.156.224.123 - - [12/Jul/2021:09:40:11 +0800] "GET /xingrg/all/function/internal_message.html?_=1626053992687&CODE_STATE=getMsg HTTP/1.1" 200 27
180.169.147.146 - - [12/Jul/2021:09:40:14 +0800] "GET /xingrg/all/function/internal_message.html?_=1626054015013&CODE_STATE=getMsg HTTP/1.1" 200 27
183.192.94.21 - - [12/Jul/2021:09:40:16 +0800] "GET /xingrg/check_reg.html?_=1626054016906 HTTP/1.1" 302 -
183.192.94.21 - - [12/Jul/2021:09:40:16 +0800] "GET /xingrg/all/function/internal_message.html?_=1626054016905&CODE_STATE=getMsg HTTP/1.1" 302 -
180.169.147.146 - - [12/Jul/2021:09:40:17 +0800] "GET /xingrg/check_reg.html?_=1626054017395 HTTP/1.1" 200 22
120.253.135.82 - - [12/Jul/2021:09:40:19 +0800] "GET /xingrg/all/function/internal_message.html?_=1626054053132&CODE_STATE=getMsg HTTP/1.1" 200 27
116.235.222.38 - - [12/Jul/2021:09:40:19 +0800] "GET /xingrg/check_reg.html?_=1626054016867 HTTP/1.1" 200 22
58.40.7.146 - - [12/Jul/2021:09:40:21 +0800] "GET /xingrg/check_reg.html?_=1626054020567 HTTP/1.1" 302 -
58.40.7.146 - - [12/Jul/2021:09:40:21 +0800] "GET /xingrg/login.html HTTP/1.1" 200 7641
180.156.224.123 - - [12/Jul/2021:09:40:23 +0800] "POST /xingrg/all/common/load_select.html HTTP/1.1" 200 25
116.235.222.38 - - [12/Jul/2021:09:40:23 +0800] "GET /xingrg/all/function/internal_message.html?_=1626054020322&CODE_STATE=getMsg HTTP/1.1" 200 27
222.69.129.87 - - [12/Jul/2021:09:40:23 +0800] "GET /xingrg/all/function/internal_message.html?_=1626054022238&CODE_STATE=getMsg HTTP/1.1" 200 27
180.156.224.123 - - [12/Jul/2021:09:40:26 +0800] "GET /xingrg/kc/buy/cgsh_order_operate.html?command=get_materiel_price&rest_code=00151&code=00101029060&unit_code=00100189&supplier_code=00100097&order_time=2021-07-12 HTTP/1.1" 200 29
180.156.224.123 - - [12/Jul/2021:09:40:27 +0800] "GET /xingrg/all/function/internal_message.html?_=1626054026608&CODE_STATE=getMsg HTTP/1.1" 200 27
116.230.110.80 - - [12/Jul/2021:09:40:28 +0800] "GET /xingrg/all/function/internal_message.html?_=1626054025498&CODE_STATE=getMsg HTTP/1.1" 200 27
180.169.147.146 - - [12/Jul/2021:09:40:29 +0800] "GET /xingrg/all/function/internal_message.html?_=1626054038861&CODE_STATE=getMsg HTTP/1.1" 200 27
58.39.171.44 - - [12/Jul/2021:09:40:41 +0800] "GET /xingrg/check_reg.html?_=1626054040289 HTTP/1.1" 200 22
58.39.171.44 - - [12/Jul/2021:09:40:41 +0800] "GET /xingrg/all/function/internal_message.html?_=1626054040290&CODE_STATE=getMsg HTTP/1.1" 200 27
180.169.147.146 - - [12/Jul/2021:09:40:47 +0800] "GET /xingrg/all/function/internal_message.html?_=1626054045470&CODE_STATE=getMsg HTTP/1.1" 302 -
116.233.75.166 - - [12/Jul/2021:09:40:47 +0800] "GET /xingrg/all/function/internal_message.html?_=1626054046514&CODE_STATE=getMsg HTTP/1.1" 200 27
180.156.224.123 - - [12/Jul/2021:09:40:48 +0800] "POST /xingrg/kc/buy/cgsh_order_operate.html HTTP/1.1" 200 37
180.156.224.123 - - [12/Jul/2021:09:40:51 +0800] "POST /xingrg/kc/buy/cgsh_order_operate.html HTTP/1.1" 200 12
120.253.135.82 - - [12/Jul/2021:09:40:54 +0800] "GET /xingrg/check_reg.html?_=1626054088340 HTTP/1.1" 200 22
180.156.224.123 - - [12/Jul/2021:09:40:55 +0800] "GET /xingrg/kc/buy/cgsh_order_info.html?code=212021071205214 HTTP/1.1" 200 57211
180.156.224.123 - - [12/Jul/2021:09:40:56 +0800] "GET /xingrg/javascript/easyui/themes/default/validatebox.css HTTP/1.1" 404 1104
180.156.224.123 - - [12/Jul/2021:09:40:56 +0800] "POST /xingrg/kc/buy/cgsh_order_operate.html HTTP/1.1" 200 632
180.169.147.146 - - [12/Jul/2021:09:40:59 +0800] "GET /xingrg/check_reg.html?_=1626054049757 HTTP/1.1" 200 22
180.156.224.123 - - [12/Jul/2021:09:40:59 +0800] "GET /xingrg/kc/print/load_data.html?order_code=212021071205214&kc_code=cgsh&condition= HTTP/1.1" 200 712
120.253.135.82 - - [12/Jul/2021:09:41:01 +0800] "GET /xingrg/check_reg.html?_=1626053841590 HTTP/1.1" 200 22
120.253.135.82 - - [12/Jul/2021:09:41:01 +0800] "GET /xingrg/all/function/internal_message.html?_=1626053841775&CODE_STATE=getMsg HTTP/1.1" 200 27
180.156.224.123 - - [12/Jul/2021:09:41:03 +0800] "GET /xingrg/kc/buy/cgsh_order_add.html HTTP/1.1" 200 62317
180.157.255.9 - - [12/Jul/2021:09:41:03 +0800] "POST /xingrg/services/DataTransmitService HTTP/1.1" 200 524
180.156.224.123 - - [12/Jul/2021:09:41:04 +0800] "POST /xingrg/kc/buy/cgsh_order_operate.html HTTP/1.1" 200 8245
180.156.224.123 - - [12/Jul/2021:09:41:04 +0800] "GET /xingrg/javascript/easyui/themes/default/validatebox.css HTTP/1.1" 404 1104
58.37.225.51 - - [12/Jul/2021:09:41:04 +0800] "GET /xingrg/all/function/internal_message.html?_=1626053983199&CODE_STATE=getMsg HTTP/1.1" 200 27
116.230.117.165 - - [12/Jul/2021:09:41:08 +0800] "GET /xingrg/check_reg.html?_=1626054068332 HTTP/1.1" 200 22
180.169.147.146 - - [12/Jul/2021:09:41:08 +0800] "GET /xingrg/all/function/internal_message.html?_=1626054067121&CODE_STATE=getMsg HTTP/1.1" 200 27
116.230.117.165 - - [12/Jul/2021:09:41:11 +0800] "GET /xingrg/all/function/internal_message.html?_=1626054071278&CODE_STATE=getMsg HTTP/1.1" 200 27
180.156.224.123 - - [12/Jul/2021:09:41:11 +0800] "GET /xingrg/all/function/internal_message.html?_=1626054052838&CODE_STATE=getMsg HTTP/1.1" 200 27
180.156.224.123 - - [12/Jul/2021:09:41:13 +0800] "GET /xingrg/kc/buy/cgsh_order_operate.html?command=get_materiel&rest_code=00151&code=00101029038&supplier_code=00100097&order_time=2021-07-12 HTTP/1.1" 200 426
180.169.147.146 - - [12/Jul/2021:09:41:14 +0800] "GET /xingrg/all/function/internal_message.html?_=1626054075022&CODE_STATE=getMsg HTTP/1.1" 200 27
180.156.224.123 - - [12/Jul/2021:09:41:15 +0800] "POST /xingrg/all/common/load_select.html HTTP/1.1" 200 25
183.192.94.21 - - [12/Jul/2021:09:41:16 +0800] "GET /xingrg/all/function/internal_message.html?_=1626054076900&CODE_STATE=getMsg HTTP/1.1" 302 -
180.156.224.123 - - [12/Jul/2021:09:41:18 +0800] "GET /xingrg/kc/buy/cgsh_order_operate.html?command=get_materiel_price&rest_code=00151&code=00101029038&unit_code=00100117&supplier_code=00100097&order_time=2021-07-12 HTTP/1.1" 200 29
120.253.135.82 - - [12/Jul/2021:09:41:19 +0800] "GET /xingrg/all/function/internal_message.html?_=1626054113136&CODE_STATE=getMsg HTTP/1.1" 200 27
116.235.222.38 - - [12/Jul/2021:09:41:23 +0800] "GET /xingrg/all/function/internal_message.html?_=1626054080311&CODE_STATE=getMsg HTTP/1.1" 200 27
222.69.129.87 - - [12/Jul/2021:09:41:23 +0800] "GET /xingrg/all/function/internal_message.html?_=1626054082236&CODE_STATE=getMsg HTTP/1.1" 200 27
116.230.110.80 - - [12/Jul/2021:09:41:28 +0800] "GET /xingrg/all/function/internal_message.html?_=1626054085481&CODE_STATE=getMsg HTTP/1.1" 200 27
180.169.147.146 - - [12/Jul/2021:09:41:29 +0800] "GET /xingrg/all/function/internal_message.html?_=1626054098863&CODE_STATE=getMsg HTTP/1.1" 200 27
180.156.224.123 - - [12/Jul/2021:09:41:30 +0800] "POST /xingrg/kc/buy/cgsh_order_operate.html HTTP/1.1" 200 37
116.230.110.80 - - [12/Jul/2021:09:41:40 +0800] "GET /xingrg/check_reg.html?_=1626054097231 HTTP/1.1" 200 22
58.39.171.44 - - [12/Jul/2021:09:41:41 +0800] "GET /xingrg/all/function/internal_message.html?_=1626054100273&CODE_STATE=getMsg HTTP/1.1" 200 27
180.156.224.123 - - [12/Jul/2021:09:41:41 +0800] "POST /xingrg/kc/buy/cgsh_order_operate.html HTTP/1.1" 200 12
180.156.224.123 - - [12/Jul/2021:09:41:42 +0800] "GET /xingrg/kc/buy/cgsh_order_info.html?code=212021071205215 HTTP/1.1" 200 57211
180.156.224.123 - - [12/Jul/2021:09:41:43 +0800] "GET /xingrg/javascript/easyui/themes/default/validatebox.css HTTP/1.1" 404 1104
180.156.224.123 - - [12/Jul/2021:09:41:43 +0800] "POST /xingrg/kc/buy/cgsh_order_operate.html HTTP/1.1" 200 632
180.156.224.123 - - [12/Jul/2021:09:41:46 +0800] "GET /xingrg/kc/print/load_data.html?order_code=212021071205215&kc_code=cgsh&condition= HTTP/1.1" 200 710
180.169.147.146 - - [12/Jul/2021:09:41:47 +0800] "GET /xingrg/all/function/internal_message.html?_=1626054105462&CODE_STATE=getMsg HTTP/1.1" 302 -
116.233.75.166 - - [12/Jul/2021:09:41:47 +0800] "GET /xingrg/all/function/internal_message.html?_=1626054106516&CODE_STATE=getMsg HTTP/1.1" 200 27
116.233.75.166 - - [12/Jul/2021:09:41:47 +0800] "GET /xingrg/check_reg.html?_=1626054106517 HTTP/1.1" 200 22
180.156.224.123 - - [12/Jul/2021:09:41:59 +0800] "GET /xingrg/kc/buy/cgsh_order_add.html HTTP/1.1" 200 62317
180.156.224.123 - - [12/Jul/2021:09:42:00 +0800] "POST /xingrg/kc/buy/cgsh_order_operate.html HTTP/1.1" 200 8245
180.156.224.123 - - [12/Jul/2021:09:42:00 +0800] "GET /xingrg/javascript/easyui/themes/default/validatebox.css HTTP/1.1" 404 1104
120.253.135.82 - - [12/Jul/2021:09:42:01 +0800] "GET /xingrg/all/function/internal_message.html?_=1626053901789&CODE_STATE=getMsg HTTP/1.1" 200 27
58.37.225.51 - - [12/Jul/2021:09:42:04 +0800] "GET /xingrg/all/function/internal_message.html?_=1626054043195&CODE_STATE=getMsg HTTP/1.1" 200 27
180.169.147.146 - - [12/Jul/2021:09:42:08 +0800] "GET /xingrg/all/function/internal_message.html?_=1626054127126&CODE_STATE=getMsg HTTP/1.1" 200 27
180.169.147.146 - - [12/Jul/2021:09:42:08 +0800] "GET /xingrg/check_reg.html?_=1626054127132 HTTP/1.1" 200 22
116.230.117.165 - - [12/Jul/2021:09:42:11 +0800] "GET /xingrg/all/function/internal_message.html?_=1626054131370&CODE_STATE=getMsg HTTP/1.1" 200 27
180.156.224.123 - - [12/Jul/2021:09:42:11 +0800] "GET /xingrg/all/function/internal_message.html?_=1626054112839&CODE_STATE=getMsg HTTP/1.1" 200 27
180.169.147.146 - - [12/Jul/2021:09:42:14 +0800] "GET /xingrg/all/function/internal_message.html?_=1626054135036&CODE_STATE=getMsg HTTP/1.1" 200 27
183.192.94.21 - - [12/Jul/2021:09:42:16 +0800] "GET /xingrg/all/function/internal_message.html?_=1626054136901&CODE_STATE=getMsg HTTP/1.1" 302 -
120.253.135.82 - - [12/Jul/2021:09:42:19 +0800] "GET /xingrg/all/function/internal_message.html?_=1626054173150&CODE_STATE=getMsg HTTP/1.1" 200 27
116.235.222.38 - - [12/Jul/2021:09:42:23 +0800] "GET /xingrg/all/function/internal_message.html?_=1626054140283&CODE_STATE=getMsg HTTP/1.1" 200 27
222.69.129.87 - - [12/Jul/2021:09:42:23 +0800] "GET /xingrg/check_reg.html?_=1626054142237 HTTP/1.1" 200 22
222.69.129.87 - - [12/Jul/2021:09:42:23 +0800] "GET /xingrg/all/function/internal_message.html?_=1626054142237&CODE_STATE=getMsg HTTP/1.1" 200 27
180.156.224.123 - - [12/Jul/2021:09:42:27 +0800] "GET /xingrg/all/function/internal_message.html?_=1626054146624&CODE_STATE=getMsg HTTP/1.1" 200 27
116.230.110.80 - - [12/Jul/2021:09:42:28 +0800] "GET /xingrg/all/function/internal_message.html?_=1626054145466&CODE_STATE=getMsg HTTP/1.1" 200 27
180.169.147.146 - - [12/Jul/2021:09:42:29 +0800] "GET /xingrg/all/function/internal_message.html?_=1626054158865&CODE_STATE=getMsg HTTP/1.1" 200 27
180.156.224.123 - - [12/Jul/2021:09:42:33 +0800] "GET /xingrg/kc/buy/cgsh_order_operate.html?command=get_materiel&rest_code=00151&code=00101029051&supplier_code=00100151&order_time=2021-07-12 HTTP/1.1" 200 399
116.230.110.80 - - [12/Jul/2021:09:42:38 +0800] "POST /xingrg/kc/buy/cgsh_list_operate.html HTTP/1.1" 200 876
116.230.110.80 - - [12/Jul/2021:09:42:39 +0800] "POST /xingrg/kc/buy/cgsh_list_operate.html HTTP/1.1" 200 876
116.230.110.80 - - [12/Jul/2021:09:42:40 +0800] "GET /xingrg/kc/buy/buy_main.html HTTP/1.1" 200 12412
116.230.110.80 - - [12/Jul/2021:09:42:40 +0800] "GET /xingrg/css/new_ie.css HTTP/1.1" 404 1036
58.39.171.44 - - [12/Jul/2021:09:42:41 +0800] "GET /xingrg/all/function/internal_message.html?_=1626054160287&CODE_STATE=getMsg HTTP/1.1" 200 27
116.230.110.80 - - [12/Jul/2021:09:42:41 +0800] "GET /xingrg/images/yd/bt.gif HTTP/1.1" 404 1040
116.230.110.80 - - [12/Jul/2021:09:42:42 +0800] "GET /xingrg/kc/buy/cgsh_order_list.html HTTP/1.1" 200 46943
116.230.110.80 - - [12/Jul/2021:09:42:43 +0800] "POST /xingrg/kc/buy/cgsh_list_operate.html HTTP/1.1" 200 876
116.230.110.80 - - [12/Jul/2021:09:42:45 +0800] "GET /xingrg/kc/buy/cgsh_order_add.html HTTP/1.1" 200 62643
116.230.110.80 - - [12/Jul/2021:09:42:45 +0800] "GET /xingrg/words/20210711133107_words.js HTTP/1.1" 304 -
116.230.110.80 - - [12/Jul/2021:09:42:45 +0800] "POST /xingrg/kc/buy/cgsh_order_operate.html HTTP/1.1" 200 8245
116.230.110.80 - - [12/Jul/2021:09:42:45 +0800] "GET /xingrg/javascript/easyui/themes/default/validatebox.css HTTP/1.1" 404 1104
116.230.110.80 - - [12/Jul/2021:09:42:45 +0800] "GET /xingrg/all/common/auto_word.html?type=employee&rest_code=00155 HTTP/1.1" 200 205
116.230.110.80 - - [12/Jul/2021:09:42:45 +0800] "GET /xingrg/all/common/auto_word.html?type=employee&rest_code=00155 HTTP/1.1" 200 205
180.169.147.146 - - [12/Jul/2021:09:42:47 +0800] "GET /xingrg/all/function/internal_message.html?_=1626054165471&CODE_STATE=getMsg HTTP/1.1" 302 -
117.184.7.30 - - [12/Jul/2021:09:42:47 +0800] "GET /xingrg/check_reg.html?_=1626054163497 HTTP/1.1" 200 22
116.233.75.166 - - [12/Jul/2021:09:42:47 +0800] "GET /xingrg/all/function/internal_message.html?_=1626054166518&CODE_STATE=getMsg HTTP/1.1" 200 27
116.230.110.80 - - [12/Jul/2021:09:42:49 +0800] "GET /xingrg/javascript/auto/indicator.gif HTTP/1.1" 404 1066
116.230.110.80 - - [12/Jul/2021:09:42:52 +0800] "GET /xingrg/javascript/jquery_tools/images/prev.gif HTTP/1.1" 404 1086
116.230.110.80 - - [12/Jul/2021:09:42:52 +0800] "GET /xingrg/javascript/jquery_tools/images/next.gif HTTP/1.1" 404 1086
180.156.224.123 - - [12/Jul/2021:09:42:56 +0800] "GET /xingrg/kc/buy/cgsh_order_operate.html?command=get_materiel&rest_code=00151&code=00101029089&supplier_code=00100151&order_time=2021-07-12 HTTP/1.1" 200 421
120.253.135.82 - - [12/Jul/2021:09:43:01 +0800] "GET /xingrg/all/function/internal_message.html?_=1626053961802&CODE_STATE=getMsg HTTP/1.1" 200 27
116.230.110.80 - - [12/Jul/2021:09:43:03 +0800] "GET /xingrg/kc/buy/cgsh_order_operate.html?command=get_materiel&rest_code=00155&code=00101008350&supplier_code=00100005&order_time=2021-07-12 HTTP/1.1" 200 408
58.37.225.51 - - [12/Jul/2021:09:43:04 +0800] "GET /xingrg/all/function/internal_message.html?_=1626054103192&CODE_STATE=getMsg HTTP/1.1" 200 27
180.169.147.146 - - [12/Jul/2021:09:43:08 +0800] "GET /xingrg/all/function/internal_message.html?_=1626054187135&CODE_STATE=getMsg HTTP/1.1" 200 27
180.156.224.123 - - [12/Jul/2021:09:43:10 +0800] "GET /xingrg/check_reg.html?_=1626054172286 HTTP/1.1" 200 22
116.230.117.165 - - [12/Jul/2021:09:43:11 +0800] "GET /xingrg/all/function/internal_message.html?_=1626054191384&CODE_STATE=getMsg HTTP/1.1" 200 27
180.156.224.123 - - [12/Jul/2021:09:43:11 +0800] "GET /xingrg/all/function/internal_message.html?_=1626054172854&CODE_STATE=getMsg HTTP/1.1" 200 27
180.169.147.146 - - [12/Jul/2021:09:43:14 +0800] "GET /xingrg/all/function/internal_message.html?_=1626054195060&CODE_STATE=getMsg HTTP/1.1" 200 27
183.192.94.21 - - [12/Jul/2021:09:43:16 +0800] "GET /xingrg/all/function/internal_message.html?_=1626054196899&CODE_STATE=getMsg HTTP/1.1" 302 -
120.253.135.82 - - [12/Jul/2021:09:43:19 +0800] "GET /xingrg/all/function/internal_message.html?_=1626054233181&CODE_STATE=getMsg HTTP/1.1" 200 27
116.230.110.80 - - [12/Jul/2021:09:43:21 +0800] "GET /xingrg/kc/buy/cgsh_order_operate.html?command=get_materiel&rest_code=00155&code=00101008049&supplier_code=00100005&order_time=2021-07-12 HTTP/1.1" 200 408
180.156.224.123 - - [12/Jul/2021:09:43:21 +0800] "GET /xingrg/kc/buy/cgsh_order_operate.html?command=get_materiel&rest_code=00151&code=00101029088&supplier_code=00100151&order_time=2021-07-12 HTTP/1.1" 200 417
116.235.222.38 - - [12/Jul/2021:09:43:23 +0800] "GET /xingrg/all/function/internal_message.html?_=1626054200256&CODE_STATE=getMsg HTTP/1.1" 200 27
222.69.129.87 - - [12/Jul/2021:09:43:23 +0800] "GET /xingrg/all/function/internal_message.html?_=1626054202248&CODE_STATE=getMsg HTTP/1.1" 200 27
180.169.147.146 - - [12/Jul/2021:09:43:27 +0800] "GET /xingrg/kc/report/report_main.html HTTP/1.1" 200 7345
180.156.224.123 - - [12/Jul/2021:09:43:27 +0800] "GET /xingrg/all/function/internal_message.html?_=1626054206596&CODE_STATE=getMsg HTTP/1.1" 200 27
116.230.110.80 - - [12/Jul/2021:09:43:28 +0800] "GET /xingrg/all/function/internal_message.html?_=1626054205452&CODE_STATE=getMsg HTTP/1.1" 200 27
180.169.147.146 - - [12/Jul/2021:09:43:29 +0800] "GET /xingrg/all/function/internal_message.html?_=1626054218880&CODE_STATE=getMsg HTTP/1.1" 200 27
180.169.147.146 - - [12/Jul/2021:09:43:32 +0800] "POST /xingrg/all/user/operate.html HTTP/1.1" 200 36
180.169.147.146 - - [12/Jul/2021:09:43:32 +0800] "GET /xingrg/index.html?sysBaseUrl=http%3A%2F%2F180.169.147.146%3A18081%2Fxingrg%2F&costTime=39×tamp=1626052820290 HTTP/1.1" 200 17503
180.169.147.146 - - [12/Jul/2021:09:43:32 +0800] "GET /xingrg/javascript/jquery_easy_ui/themes/default/easyui.css HTTP/1.1" 304 -
180.169.147.146 - - [12/Jul/2021:09:43:32 +0800] "GET /xingrg/javascript/jquery_easy_ui/themes/icon.css HTTP/1.1" 304 -
180.169.147.146 - - [12/Jul/2021:09:43:32 +0800] "GET /xingrg/css/form.css HTTP/1.1" 304 -
180.169.147.146 - - [12/Jul/2021:09:43:32 +0800] "GET /xingrg/javascript/jquery-1.4.2.min.js HTTP/1.1" 304 -
180.169.147.146 - - [12/Jul/2021:09:43:32 +0800] "GET /xingrg/javascript/jquery_easy_ui/jquery.easyui.min.js HTTP/1.1" 304 -
180.169.147.146 - - [12/Jul/2021:09:43:32 +0800] "GET /xingrg/javascript/jquery_easy_ui/easyui-lang-zh_CN.js HTTP/1.1" 304 -
180.169.147.146 - - [12/Jul/2021:09:43:32 +0800] "GET /xingrg/javascript/jquery.form.js HTTP/1.1" 304 -
180.169.147.146 - - [12/Jul/2021:09:43:32 +0800] "GET /xingrg/javascript/jquery.utils.js HTTP/1.1" 304 -
180.169.147.146 - - [12/Jul/2021:09:43:32 +0800] "GET /xingrg/javascript/jquery.timers.js HTTP/1.1" 304 -
180.169.147.146 - - [12/Jul/2021:09:43:32 +0800] "GET /xingrg/images/blue/jxLogo.png HTTP/1.1" 304 -
180.169.147.146 - - [12/Jul/2021:09:43:32 +0800] "GET /xingrg/javascript/jquery_easy_ui/themes/icons/settle_new.png HTTP/1.1" 304 -
180.169.147.146 - - [12/Jul/2021:09:43:32 +0800] "GET /xingrg/images/blue/navBackgound.jpg HTTP/1.1" 304 -
