101.85.107.54 - - [11/Jul/2021:09:09:15 +0800] "GET /xingrg/all/function/internal_message.html?_=1625965171897&CODE_STATE=getMsg HTTP/1.1" 302 -
183.192.94.21 - - [11/Jul/2021:09:09:15 +0800] "GET /xingrg/all/function/internal_message.html?_=1625965755992&CODE_STATE=getMsg HTTP/1.1" 302 -
58.39.170.150 - - [11/Jul/2021:09:09:22 +0800] "POST /xingrg/kc/buy/cgsh_order_operate.html HTTP/1.1" 200 2065
58.39.170.150 - - [11/Jul/2021:09:09:26 +0800] "POST /xingrg/kc/buy/cgsh_order_operate.html HTTP/1.1" 200 2065
180.156.224.123 - - [11/Jul/2021:09:09:27 +0800] "GET /xingrg/all/function/internal_message.html?_=1625965767270&CODE_STATE=getMsg HTTP/1.1" 200 27
180.169.147.146 - - [11/Jul/2021:09:09:30 +0800] "GET /xingrg/all/function/internal_message.html?_=1625965780058&CODE_STATE=getMsg HTTP/1.1" 200 27
58.40.7.146 - - [11/Jul/2021:09:09:31 +0800] "GET /xingrg/all/function/internal_message.html?_=1625965770729&CODE_STATE=getMsg HTTP/1.1" 200 27
116.230.117.165 - - [11/Jul/2021:09:09:31 +0800] "GET /xingrg/all/function/internal_message.html?_=1625965772264&CODE_STATE=getMsg HTTP/1.1" 200 27
180.174.226.65 - - [11/Jul/2021:09:09:33 +0800] "GET /xingrg/all/function/internal_message.html?_=1625965772995&CODE_STATE=getMsg HTTP/1.1" 200 27
120.253.135.82 - - [11/Jul/2021:09:09:34 +0800] "GET /xingrg/check_reg.html?_=1625965555450 HTTP/1.1" 200 22
222.69.129.2 - - [11/Jul/2021:09:09:36 +0800] "GET /xingrg/all/function/internal_message.html?_=1625965776114&CODE_STATE=getMsg HTTP/1.1" 200 27
120.253.135.82 - - [11/Jul/2021:09:09:38 +0800] "GET /xingrg/all/function/internal_message.html?_=1625965559381&CODE_STATE=getMsg HTTP/1.1" 200 27
222.70.176.145 - - [11/Jul/2021:09:09:38 +0800] "GET /xingrg/all/function/internal_message.html?_=1625965773407&CODE_STATE=getMsg HTTP/1.1" 200 27
180.174.226.65 - - [11/Jul/2021:09:09:43 +0800] "POST /xingrg/kc/mdqp/pssh_list_operate.html HTTP/1.1" 200 761
180.174.226.65 - - [11/Jul/2021:09:09:44 +0800] "POST /xingrg/kc/mdqp/pssh_list_operate.html HTTP/1.1" 200 756
180.174.226.65 - - [11/Jul/2021:09:09:44 +0800] "POST /xingrg/kc/mdqp/pssh_list_operate.html HTTP/1.1" 200 360
180.174.226.65 - - [11/Jul/2021:09:09:45 +0800] "POST /xingrg/kc/mdqp/pssh_list_operate.html HTTP/1.1" 200 537
180.174.226.65 - - [11/Jul/2021:09:09:45 +0800] "POST /xingrg/kc/mdqp/pssh_list_operate.html HTTP/1.1" 200 260
180.157.255.9 - - [11/Jul/2021:09:09:45 +0800] "GET /xingrg/all/function/internal_message.html?_=1625965785295&CODE_STATE=getMsg HTTP/1.1" 200 27
116.230.110.80 - - [11/Jul/2021:09:09:48 +0800] "GET /xingrg/all/function/internal_message.html?_=1625965786323&CODE_STATE=getMsg HTTP/1.1" 200 27
58.39.170.150 - - [11/Jul/2021:09:09:50 +0800] "GET /xingrg/all/function/internal_message.html?_=1625965758108&CODE_STATE=getMsg HTTP/1.1" 200 27
58.39.170.150 - - [11/Jul/2021:09:09:55 +0800] "GET /xingrg/kc/buy/cgsh_order_operate.html?command=get_materiel&rest_code=00105&code=00101008199&supplier_code=00100203&order_time=2021-07-11 HTTP/1.1" 200 408
58.39.170.150 - - [11/Jul/2021:09:10:04 +0800] "GET /xingrg/all/function/internal_message.html?_=1625965805872&CODE_STATE=getMsg HTTP/1.1" 200 27
58.39.170.150 - - [11/Jul/2021:09:10:05 +0800] "GET /xingrg/kc/buy/cgsh_order_operate.html?command=get_materiel&rest_code=00105&code=00101008246&supplier_code=00100203&order_time=2021-07-11 HTTP/1.1" 200 408
101.85.107.54 - - [11/Jul/2021:09:10:15 +0800] "GET /xingrg/all/function/internal_message.html?_=1625965231866&CODE_STATE=getMsg HTTP/1.1" 302 -
183.192.94.21 - - [11/Jul/2021:09:10:15 +0800] "GET /xingrg/all/function/internal_message.html?_=1625965815992&CODE_STATE=getMsg HTTP/1.1" 302 -
183.192.94.21 - - [11/Jul/2021:09:10:15 +0800] "GET /xingrg/check_reg.html?_=1625965815996 HTTP/1.1" 302 -
58.40.7.146 - - [11/Jul/2021:09:10:27 +0800] "GET /xingrg/check_reg.html?_=1625965827055 HTTP/1.1" 302 -
180.156.224.123 - - [11/Jul/2021:09:10:27 +0800] "GET /xingrg/all/function/internal_message.html?_=1625965827271&CODE_STATE=getMsg HTTP/1.1" 200 27
180.169.147.146 - - [11/Jul/2021:09:10:30 +0800] "GET /xingrg/all/function/internal_message.html?_=1625965840058&CODE_STATE=getMsg HTTP/1.1" 200 27
58.40.7.146 - - [11/Jul/2021:09:10:31 +0800] "GET /xingrg/all/function/internal_message.html?_=1625965830735&CODE_STATE=getMsg HTTP/1.1" 200 27
58.40.7.146 - - [11/Jul/2021:09:10:31 +0800] "GET /xingrg/check_reg.html?_=1625965830736 HTTP/1.1" 200 22
116.230.117.165 - - [11/Jul/2021:09:10:31 +0800] "GET /xingrg/all/function/internal_message.html?_=1625965832278&CODE_STATE=getMsg HTTP/1.1" 200 27
180.174.226.65 - - [11/Jul/2021:09:10:33 +0800] "GET /xingrg/all/function/internal_message.html?_=1625965833027&CODE_STATE=getMsg HTTP/1.1" 200 27
58.39.170.150 - - [11/Jul/2021:09:10:34 +0800] "GET /xingrg/kc/buy/cgsh_order_operate.html?command=get_materiel&rest_code=00105&code=00101008067&supplier_code=00100203&order_time=2021-07-11 HTTP/1.1" 200 416
222.69.129.2 - - [11/Jul/2021:09:10:36 +0800] "GET /xingrg/all/function/internal_message.html?_=1625965836087&CODE_STATE=getMsg HTTP/1.1" 200 27
120.253.135.82 - - [11/Jul/2021:09:10:38 +0800] "GET /xingrg/all/function/internal_message.html?_=1625965619395&CODE_STATE=getMsg HTTP/1.1" 200 27
222.70.176.145 - - [11/Jul/2021:09:10:38 +0800] "GET /xingrg/all/function/internal_message.html?_=1625965833409&CODE_STATE=getMsg HTTP/1.1" 200 27
180.169.147.146 - - [11/Jul/2021:09:10:41 +0800] "GET /xingrg/check_reg.html?_=1625965833505 HTTP/1.1" 200 22
180.157.255.9 - - [11/Jul/2021:09:10:45 +0800] "GET /xingrg/all/function/internal_message.html?_=1625965845296&CODE_STATE=getMsg HTTP/1.1" 200 27
116.230.110.80 - - [11/Jul/2021:09:10:48 +0800] "GET /xingrg/all/function/internal_message.html?_=1625965846308&CODE_STATE=getMsg HTTP/1.1" 200 27
58.39.170.150 - - [11/Jul/2021:09:10:50 +0800] "GET /xingrg/all/function/internal_message.html?_=1625965818107&CODE_STATE=getMsg HTTP/1.1" 200 27
58.39.170.150 - - [11/Jul/2021:09:10:50 +0800] "GET /xingrg/kc/buy/cgsh_order_operate.html?command=get_materiel&rest_code=00105&code=00101008212&supplier_code=00100203&order_time=2021-07-11 HTTP/1.1" 200 412
116.230.110.80 - - [11/Jul/2021:09:10:58 +0800] "GET /xingrg/check_reg.html?_=1625965855380 HTTP/1.1" 200 22
117.184.7.26 - - [11/Jul/2021:09:10:59 +0800] "GET /xingrg/index.html?sysBaseUrl=http%3A%2F%2F180.169.147.146%3A18081%2Fxingrg%2F&costTime=38×tamp=1625964342566 HTTP/1.1" 200 17173
117.184.7.26 - - [11/Jul/2021:09:11:01 +0800] "GET /favicon.ico HTTP/1.1" 404 -
117.184.7.26 - - [11/Jul/2021:09:11:02 +0800] "POST /xingrg/all/common/load_tree.html?tree=area_rest_tree_json&manage=1 HTTP/1.1" 200 470
117.184.7.26 - - [11/Jul/2021:09:11:02 +0800] "GET /xingrg/check_reg.html?_=1625965862209 HTTP/1.1" 200 22
117.184.7.26 - - [11/Jul/2021:09:11:02 +0800] "GET /xingrg/all/function/internal_message.html?_=1625965862203&CODE_STATE=count HTTP/1.1" 200 11
117.184.7.26 - - [11/Jul/2021:09:11:03 +0800] "POST /xingrg/load_menu.html HTTP/1.1" 200 5138
58.39.170.150 - - [11/Jul/2021:09:11:04 +0800] "GET /xingrg/all/function/internal_message.html?_=1625965866016&CODE_STATE=getMsg HTTP/1.1" 200 27
58.39.170.150 - - [11/Jul/2021:09:11:08 +0800] "GET /xingrg/kc/buy/cgsh_order_operate.html?command=get_materiel&rest_code=00105&code=00101010136&supplier_code=00100203&order_time=2021-07-11 HTTP/1.1" 200 408
101.85.107.54 - - [11/Jul/2021:09:11:14 +0800] "GET /xingrg/all/function/internal_message.html?_=1625965291843&CODE_STATE=getMsg HTTP/1.1" 302 -
183.192.94.21 - - [11/Jul/2021:09:11:15 +0800] "GET /xingrg/all/function/internal_message.html?_=1625965875981&CODE_STATE=getMsg HTTP/1.1" 302 -
58.39.170.150 - - [11/Jul/2021:09:11:16 +0800] "GET /xingrg/kc/buy/cgsh_order_operate.html?command=get_materiel&rest_code=00105&code=00101008166&supplier_code=00100203&order_time=2021-07-11 HTTP/1.1" 200 412
58.39.170.150 - - [11/Jul/2021:09:11:24 +0800] "POST /xingrg/kc/buy/cgsh_order_operate.html HTTP/1.1" 200 37
58.39.170.150 - - [11/Jul/2021:09:11:25 +0800] "POST /xingrg/kc/buy/cgsh_order_operate.html HTTP/1.1" 200 47544
180.156.224.123 - - [11/Jul/2021:09:11:27 +0800] "GET /xingrg/all/function/internal_message.html?_=1625965887273&CODE_STATE=getMsg HTTP/1.1" 200 27
180.169.147.146 - - [11/Jul/2021:09:11:30 +0800] "GET /xingrg/all/function/internal_message.html?_=1625965900060&CODE_STATE=getMsg HTTP/1.1" 200 27
58.40.7.146 - - [11/Jul/2021:09:11:31 +0800] "GET /xingrg/all/function/internal_message.html?_=1625965890740&CODE_STATE=getMsg HTTP/1.1" 200 27
116.230.117.165 - - [11/Jul/2021:09:11:31 +0800] "GET /xingrg/all/function/internal_message.html?_=1625965892294&CODE_STATE=getMsg HTTP/1.1" 200 27
180.174.226.65 - - [11/Jul/2021:09:11:33 +0800] "GET /xingrg/all/function/internal_message.html?_=1625965893038&CODE_STATE=getMsg HTTP/1.1" 200 27
222.69.129.2 - - [11/Jul/2021:09:11:36 +0800] "GET /xingrg/all/function/internal_message.html?_=1625965896072&CODE_STATE=getMsg HTTP/1.1" 200 27
58.39.170.150 - - [11/Jul/2021:09:11:37 +0800] "GET /xingrg/kc/buy/cgsh_order_add.html HTTP/1.1" 200 62722
58.39.170.150 - - [11/Jul/2021:09:11:37 +0800] "POST /xingrg/kc/buy/cgsh_order_operate.html HTTP/1.1" 200 8245
58.39.170.150 - - [11/Jul/2021:09:11:37 +0800] "GET /xingrg/javascript/easyui/themes/default/validatebox.css HTTP/1.1" 404 1104
120.253.135.82 - - [11/Jul/2021:09:11:38 +0800] "GET /xingrg/all/function/internal_message.html?_=1625965679478&CODE_STATE=getMsg HTTP/1.1" 200 27
222.70.176.145 - - [11/Jul/2021:09:11:38 +0800] "GET /xingrg/all/function/internal_message.html?_=1625965893411&CODE_STATE=getMsg HTTP/1.1" 200 27
58.37.5.217 - - [11/Jul/2021:09:11:43 +0800] "GET /xingrg/check_reg.html?_=1625965904172 HTTP/1.1" 302 -
180.157.255.9 - - [11/Jul/2021:09:11:45 +0800] "GET /xingrg/all/function/internal_message.html?_=1625965905291&CODE_STATE=getMsg HTTP/1.1" 200 27
58.39.170.150 - - [11/Jul/2021:09:11:48 +0800] "GET /xingrg/kc/buy/cgsh_order_operate.html?command=get_materiel&rest_code=00105&code=00101007081&supplier_code=00100002&order_time=2021-07-11 HTTP/1.1" 200 413
116.230.110.80 - - [11/Jul/2021:09:11:48 +0800] "GET /xingrg/all/function/internal_message.html?_=1625965906297&CODE_STATE=getMsg HTTP/1.1" 200 27
58.39.170.150 - - [11/Jul/2021:09:11:50 +0800] "GET /xingrg/all/function/internal_message.html?_=1625965878105&CODE_STATE=getMsg HTTP/1.1" 200 27
117.184.7.26 - - [11/Jul/2021:09:12:02 +0800] "GET /xingrg/all/function/internal_message.html?_=1625965922220&CODE_STATE=getMsg HTTP/1.1" 200 27
58.39.170.150 - - [11/Jul/2021:09:12:04 +0800] "GET /xingrg/all/function/internal_message.html?_=1625965925894&CODE_STATE=getMsg HTTP/1.1" 200 27
58.39.170.150 - - [11/Jul/2021:09:12:09 +0800] "GET /xingrg/kc/buy/cgsh_order_operate.html?command=get_materiel&rest_code=00105&code=00101007061&supplier_code=00100002&order_time=2021-07-11 HTTP/1.1" 200 409
116.235.222.38 - - [11/Jul/2021:09:12:09 +0800] "POST /xingrg/services/DataTransmitService HTTP/1.1" 200 524
101.85.107.54 - - [11/Jul/2021:09:12:14 +0800] "GET /xingrg/all/function/internal_message.html?_=1625965351823&CODE_STATE=getMsg HTTP/1.1" 302 -
183.192.94.21 - - [11/Jul/2021:09:12:15 +0800] "GET /xingrg/all/function/internal_message.html?_=1625965935983&CODE_STATE=getMsg HTTP/1.1" 302 -
58.39.170.150 - - [11/Jul/2021:09:12:22 +0800] "POST /xingrg/kc/buy/cgsh_order_operate.html HTTP/1.1" 200 37
101.85.107.54 - - [11/Jul/2021:09:12:22 +0800] "GET /xingrg/check_reg.html?_=1625965359724 HTTP/1.1" 302 -
58.39.170.150 - - [11/Jul/2021:09:12:23 +0800] "GET /xingrg/kc/buy/cgsh_order_operate.html?command=get_materiel&rest_code=00105&code=00101007049&supplier_code=00100002&order_time=2021-07-11 HTTP/1.1" 200 409
58.39.170.150 - - [11/Jul/2021:09:12:23 +0800] "POST /xingrg/kc/buy/cgsh_order_operate.html HTTP/1.1" 200 3856
180.156.224.123 - - [11/Jul/2021:09:12:27 +0800] "GET /xingrg/all/function/internal_message.html?_=1625965947272&CODE_STATE=getMsg HTTP/1.1" 200 27
180.156.224.123 - - [11/Jul/2021:09:12:27 +0800] "GET /xingrg/check_reg.html?_=1625965947275 HTTP/1.1" 200 22
180.169.147.146 - - [11/Jul/2021:09:12:30 +0800] "GET /xingrg/check_reg.html?_=1625965960063 HTTP/1.1" 200 22
180.169.147.146 - - [11/Jul/2021:09:12:30 +0800] "GET /xingrg/all/function/internal_message.html?_=1625965960065&CODE_STATE=getMsg HTTP/1.1" 200 27
58.40.7.146 - - [11/Jul/2021:09:12:31 +0800] "GET /xingrg/all/function/internal_message.html?_=1625965950728&CODE_STATE=getMsg HTTP/1.1" 200 27
58.39.170.150 - - [11/Jul/2021:09:12:31 +0800] "GET /xingrg/kc/buy/cgsh_order_operate.html?command=get_materiel&rest_code=00105&code=00101007024&supplier_code=00100002&order_time=2021-07-11 HTTP/1.1" 200 415
116.230.117.165 - - [11/Jul/2021:09:12:31 +0800] "GET /xingrg/all/function/internal_message.html?_=1625965952305&CODE_STATE=getMsg HTTP/1.1" 200 27
180.174.226.65 - - [11/Jul/2021:09:12:33 +0800] "GET /xingrg/all/function/internal_message.html?_=1625965953059&CODE_STATE=getMsg HTTP/1.1" 200 27
222.69.129.2 - - [11/Jul/2021:09:12:36 +0800] "GET /xingrg/all/function/internal_message.html?_=1625965956058&CODE_STATE=getMsg HTTP/1.1" 200 27
222.69.129.2 - - [11/Jul/2021:09:12:37 +0800] "GET /xingrg/check_reg.html?_=1625965956356 HTTP/1.1" 200 22
180.169.147.146 - - [11/Jul/2021:09:12:38 +0800] "POST /xingrg/all/user/operate.html HTTP/1.1" 200 36
120.253.135.82 - - [11/Jul/2021:09:12:38 +0800] "GET /xingrg/all/function/internal_message.html?_=1625965739485&CODE_STATE=getMsg HTTP/1.1" 200 27
222.70.176.145 - - [11/Jul/2021:09:12:38 +0800] "GET /xingrg/all/function/internal_message.html?_=1625965953413&CODE_STATE=getMsg HTTP/1.1" 200 27
180.169.147.146 - - [11/Jul/2021:09:12:38 +0800] "GET /xingrg/index.html?sysBaseUrl=http%3A%2F%2F180.169.147.146%3A18081%2Fxingrg%2F&costTime=38×tamp=1625965650531 HTTP/1.1" 200 17503
180.169.147.146 - - [11/Jul/2021:09:12:38 +0800] "GET /xingrg/javascript/jquery_easy_ui/themes/default/easyui.css HTTP/1.1" 304 -
180.169.147.146 - - [11/Jul/2021:09:12:38 +0800] "GET /xingrg/javascript/jquery_easy_ui/themes/icon.css HTTP/1.1" 304 -
180.169.147.146 - - [11/Jul/2021:09:12:38 +0800] "GET /xingrg/css/form.css HTTP/1.1" 304 -
180.169.147.146 - - [11/Jul/2021:09:12:38 +0800] "GET /xingrg/javascript/jquery-1.4.2.min.js HTTP/1.1" 304 -
180.169.147.146 - - [11/Jul/2021:09:12:38 +0800] "GET /xingrg/javascript/jquery_easy_ui/jquery.easyui.min.js HTTP/1.1" 304 -
180.169.147.146 - - [11/Jul/2021:09:12:38 +0800] "GET /xingrg/javascript/jquery_easy_ui/easyui-lang-zh_CN.js HTTP/1.1" 304 -
180.169.147.146 - - [11/Jul/2021:09:12:38 +0800] "GET /xingrg/javascript/jquery.form.js HTTP/1.1" 304 -
180.169.147.146 - - [11/Jul/2021:09:12:38 +0800] "GET /xingrg/javascript/jquery.utils.js HTTP/1.1" 304 -
180.169.147.146 - - [11/Jul/2021:09:12:38 +0800] "GET /xingrg/javascript/jquery.timers.js HTTP/1.1" 304 -
180.169.147.146 - - [11/Jul/2021:09:12:38 +0800] "GET /xingrg/images/blue/jxLogo.png HTTP/1.1" 304 -
180.169.147.146 - - [11/Jul/2021:09:12:38 +0800] "GET /xingrg/javascript/jquery_easy_ui/themes/icons/settle_new.png HTTP/1.1" 304 -
180.169.147.146 - - [11/Jul/2021:09:12:38 +0800] "GET /xingrg/images/blue/navBackgound.jpg HTTP/1.1" 304 -
180.169.147.146 - - [11/Jul/2021:09:12:39 +0800] "POST /xingrg/all/common/load_tree.html?tree=area_rest_tree_json&manage=1 HTTP/1.1" 200 3466
180.169.147.146 - - [11/Jul/2021:09:12:39 +0800] "GET /xingrg/all/function/internal_message.html?_=1625965968220&CODE_STATE=count HTTP/1.1" 200 11
180.169.147.146 - - [11/Jul/2021:09:12:39 +0800] "GET /xingrg/check_reg.html?_=1625965968221 HTTP/1.1" 200 22
180.169.147.146 - - [11/Jul/2021:09:12:39 +0800] "GET /xingrg/javascript/jquery_easy_ui/themes/default/images/tabs_leftarrow.png HTTP/1.1" 304 -
180.169.147.146 - - [11/Jul/2021:09:12:39 +0800] "GET /xingrg/images/blue/pingpu.png HTTP/1.1" 304 -
180.169.147.146 - - [11/Jul/2021:09:12:39 +0800] "GET /xingrg/javascript/jquery_easy_ui/themes/default/images/tabs_rightarrow.png HTTP/1.1" 304 -
180.169.147.146 - - [11/Jul/2021:09:12:39 +0800] "GET /xingrg/javascript/jquery_easy_ui/themes/default/images/panel_tool_collapse.gif HTTP/1.1" 304 -
180.169.147.146 - - [11/Jul/2021:09:12:39 +0800] "GET /xingrg/javascript/jquery_easy_ui/themes/default/images/panel_tool_expand.gif HTTP/1.1" 304 -
180.169.147.146 - - [11/Jul/2021:09:12:39 +0800] "POST /xingrg/load_menu.html HTTP/1.1" 200 9959
180.169.147.146 - - [11/Jul/2021:09:12:41 +0800] "GET /xingrg/kc/buy/buy_main.html HTTP/1.1" 200 12412
180.169.147.146 - - [11/Jul/2021:09:12:41 +0800] "GET /xingrg/css/new_ie.css HTTP/1.1" 404 1036
180.169.147.146 - - [11/Jul/2021:09:12:41 +0800] "GET /xingrg/images/yd/bt.gif HTTP/1.1" 404 1040
180.169.147.146 - - [11/Jul/2021:09:12:42 +0800] "GET /xingrg/kc/buy/cgsh_order_list.html HTTP/1.1" 200 47192
58.39.170.150 - - [11/Jul/2021:09:12:45 +0800] "POST /xingrg/kc/buy/cgsh_order_operate.html HTTP/1.1" 200 37
180.157.255.9 - - [11/Jul/2021:09:12:45 +0800] "GET /xingrg/all/function/internal_message.html?_=1625965965290&CODE_STATE=getMsg HTTP/1.1" 200 27
180.169.147.146 - - [11/Jul/2021:09:12:46 +0800] "POST /xingrg/kc/buy/cgsh_list_operate.html HTTP/1.1" 200 1691
58.39.170.150 - - [11/Jul/2021:09:12:46 +0800] "POST /xingrg/kc/buy/cgsh_order_operate.html HTTP/1.1" 200 4429
58.39.170.150 - - [11/Jul/2021:09:12:48 +0800] "GET /xingrg/kc/print/load_data.html?order_code=212021071104674&kc_code=cgsh&condition= HTTP/1.1" 200 1417
116.230.110.80 - - [11/Jul/2021:09:12:48 +0800] "GET /xingrg/all/function/internal_message.html?_=1625965966297&CODE_STATE=getMsg HTTP/1.1" 200 27
58.39.170.150 - - [11/Jul/2021:09:12:50 +0800] "GET /xingrg/all/function/internal_message.html?_=1625965938110&CODE_STATE=getMsg HTTP/1.1" 200 27
58.39.170.150 - - [11/Jul/2021:09:12:50 +0800] "GET /xingrg/check_reg.html?_=1625965938113 HTTP/1.1" 200 22
180.169.147.146 - - [11/Jul/2021:09:12:58 +0800] "POST /xingrg/kc/buy/cgsh_list_operate.html HTTP/1.1" 200 1691
58.39.170.150 - - [11/Jul/2021:09:12:59 +0800] "GET /xingrg/kc/buy/cgsh_order_list.html HTTP/1.1" 200 46937
117.184.7.26 - - [11/Jul/2021:09:13:02 +0800] "GET /xingrg/all/function/internal_message.html?_=1625965982221&CODE_STATE=getMsg HTTP/1.1" 200 27
58.39.170.150 - - [11/Jul/2021:09:13:04 +0800] "POST /xingrg/kc/buy/cgsh_list_operate.html HTTP/1.1" 200 3109
58.39.170.150 - - [11/Jul/2021:09:13:04 +0800] "GET /xingrg/all/function/internal_message.html?_=1625965985887&CODE_STATE=getMsg HTTP/1.1" 200 27
180.169.147.146 - - [11/Jul/2021:09:13:08 +0800] "POST /xingrg/kc/buy/cgsh_list_operate.html HTTP/1.1" 200 1691
101.85.107.54 - - [11/Jul/2021:09:13:14 +0800] "GET /xingrg/all/function/internal_message.html?_=1625965411795&CODE_STATE=getMsg HTTP/1.1" 302 -
183.192.94.21 - - [11/Jul/2021:09:13:15 +0800] "GET /xingrg/all/function/internal_message.html?_=1625965995981&CODE_STATE=getMsg HTTP/1.1" 302 -
116.235.222.38 - - [11/Jul/2021:09:13:18 +0800] "POST /xingrg/services/DataTransmitService HTTP/1.1" 200 524
180.169.147.146 - - [11/Jul/2021:09:13:20 +0800] "POST /xingrg/all/user/operate.html HTTP/1.1" 200 36
180.169.147.146 - - [11/Jul/2021:09:13:20 +0800] "GET /xingrg/index.html?sysBaseUrl=http%3A%2F%2F180.169.147.146%3A18081%2Fxingrg%2F&costTime=38×tamp=1625965650531 HTTP/1.1" 200 17503
180.169.147.146 - - [11/Jul/2021:09:13:20 +0800] "GET /xingrg/javascript/jquery_easy_ui/themes/default/easyui.css HTTP/1.1" 304 -
180.169.147.146 - - [11/Jul/2021:09:13:20 +0800] "GET /xingrg/javascript/jquery_easy_ui/themes/icon.css HTTP/1.1" 304 -
180.169.147.146 - - [11/Jul/2021:09:13:20 +0800] "GET /xingrg/css/form.css HTTP/1.1" 304 -
180.169.147.146 - - [11/Jul/2021:09:13:20 +0800] "GET /xingrg/javascript/jquery-1.4.2.min.js HTTP/1.1" 304 -
180.169.147.146 - - [11/Jul/2021:09:13:20 +0800] "GET /xingrg/javascript/jquery_easy_ui/jquery.easyui.min.js HTTP/1.1" 304 -
180.169.147.146 - - [11/Jul/2021:09:13:20 +0800] "GET /xingrg/javascript/jquery_easy_ui/easyui-lang-zh_CN.js HTTP/1.1" 304 -
180.169.147.146 - - [11/Jul/2021:09:13:20 +0800] "GET /xingrg/javascript/jquery.form.js HTTP/1.1" 304 -
180.169.147.146 - - [11/Jul/2021:09:13:20 +0800] "GET /xingrg/javascript/jquery.timers.js HTTP/1.1" 304 -
180.169.147.146 - - [11/Jul/2021:09:13:20 +0800] "GET /xingrg/javascript/jquery.utils.js HTTP/1.1" 304 -
180.169.147.146 - - [11/Jul/2021:09:13:20 +0800] "GET /xingrg/images/blue/jxLogo.png HTTP/1.1" 304 -
180.169.147.146 - - [11/Jul/2021:09:13:20 +0800] "GET /xingrg/images/blue/navBackgound.jpg HTTP/1.1" 304 -
180.169.147.146 - - [11/Jul/2021:09:13:20 +0800] "GET /xingrg/javascript/jquery_easy_ui/themes/icons/settle_new.png HTTP/1.1" 304 -
180.169.147.146 - - [11/Jul/2021:09:13:20 +0800] "POST /xingrg/all/common/load_tree.html?tree=area_rest_tree_json&manage=1 HTTP/1.1" 200 3466
180.169.147.146 - - [11/Jul/2021:09:13:20 +0800] "GET /xingrg/all/function/internal_message.html?_=1625966009513&CODE_STATE=count HTTP/1.1" 200 11
180.169.147.146 - - [11/Jul/2021:09:13:20 +0800] "GET /xingrg/check_reg.html?_=1625966009514 HTTP/1.1" 200 22
180.169.147.146 - - [11/Jul/2021:09:13:20 +0800] "GET /xingrg/images/blue/pingpu.png HTTP/1.1" 304 -
180.169.147.146 - - [11/Jul/2021:09:13:20 +0800] "GET /xingrg/javascript/jquery_easy_ui/themes/default/images/panel_tool_collapse.gif HTTP/1.1" 304 -
180.169.147.146 - - [11/Jul/2021:09:13:20 +0800] "GET /xingrg/javascript/jquery_easy_ui/themes/default/images/panel_tool_expand.gif HTTP/1.1" 304 -
180.169.147.146 - - [11/Jul/2021:09:13:20 +0800] "GET /xingrg/javascript/jquery_easy_ui/themes/default/images/tabs_rightarrow.png HTTP/1.1" 304 -
180.169.147.146 - - [11/Jul/2021:09:13:20 +0800] "GET /xingrg/javascript/jquery_easy_ui/themes/default/images/tabs_leftarrow.png HTTP/1.1" 304 -
180.169.147.146 - - [11/Jul/2021:09:13:20 +0800] "POST /xingrg/load_menu.html HTTP/1.1" 200 9959
180.156.224.123 - - [11/Jul/2021:09:13:27 +0800] "GET /xingrg/all/function/internal_message.html?_=1625966007275&CODE_STATE=getMsg HTTP/1.1" 200 27
180.169.147.146 - - [11/Jul/2021:09:13:27 +0800] "GET /xingrg/kc/buy/buy_main.html HTTP/1.1" 200 12412
180.169.147.146 - - [11/Jul/2021:09:13:27 +0800] "GET /xingrg/css/new_ie.css HTTP/1.1" 404 1036
180.169.147.146 - - [11/Jul/2021:09:13:28 +0800] "GET /xingrg/images/yd/bt.gif HTTP/1.1" 404 1040
180.169.147.146 - - [11/Jul/2021:09:13:29 +0800] "GET /xingrg/kc/buy/cgsh_order_list.html HTTP/1.1" 200 47192
116.230.117.165 - - [11/Jul/2021:09:13:29 +0800] "GET /xingrg/check_reg.html?_=1625966010261 HTTP/1.1" 200 22
116.235.222.38 - - [11/Jul/2021:09:13:29 +0800] "POST /xingrg/services/DataTransmitService HTTP/1.1" 200 501
116.235.222.38 - - [11/Jul/2021:09:13:30 +0800] "POST /xingrg/services/DataTransmitService HTTP/1.1" 200 501
58.40.7.146 - - [11/Jul/2021:09:13:31 +0800] "GET /xingrg/all/function/internal_message.html?_=1625966010730&CODE_STATE=getMsg HTTP/1.1" 200 27
116.235.222.38 - - [11/Jul/2021:09:13:31 +0800] "POST /xingrg/services/DataTransmitService HTTP/1.1" 200 501
116.230.117.165 - - [11/Jul/2021:09:13:31 +0800] "GET /xingrg/all/function/internal_message.html?_=1625966012319&CODE_STATE=getMsg HTTP/1.1" 200 27
116.235.222.38 - - [11/Jul/2021:09:13:32 +0800] "POST /xingrg/services/DataTransmitService HTTP/1.1" 200 501
116.235.222.38 - - [11/Jul/2021:09:13:33 +0800] "POST /xingrg/services/DataTransmitService HTTP/1.1" 200 501
180.174.226.65 - - [11/Jul/2021:09:13:33 +0800] "GET /xingrg/check_reg.html?_=1625966012991 HTTP/1.1" 200 22
116.235.222.38 - - [11/Jul/2021:09:13:33 +0800] "POST /xingrg/services/DataTransmitService HTTP/1.1" 200 501
180.174.226.65 - - [11/Jul/2021:09:13:33 +0800] "GET /xingrg/all/function/internal_message.html?_=1625966013066&CODE_STATE=getMsg HTTP/1.1" 200 27
116.235.222.38 - - [11/Jul/2021:09:13:34 +0800] "POST /xingrg/services/DataTransmitService HTTP/1.1" 200 501
116.235.222.38 - - [11/Jul/2021:09:13:34 +0800] "POST /xingrg/services/DataTransmitService HTTP/1.1" 200 501
116.235.222.38 - - [11/Jul/2021:09:13:34 +0800] "POST /xingrg/services/DataTransmitService HTTP/1.1" 200 501
116.235.222.38 - - [11/Jul/2021:09:13:36 +0800] "POST /xingrg/services/DataTransmitService HTTP/1.1" 200 412
222.69.129.2 - - [11/Jul/2021:09:13:36 +0800] "GET /xingrg/all/function/internal_message.html?_=1625966016029&CODE_STATE=getMsg HTTP/1.1" 200 27
120.253.135.82 - - [11/Jul/2021:09:13:38 +0800] "GET /xingrg/all/function/internal_message.html?_=1625965799572&CODE_STATE=getMsg HTTP/1.1" 200 27
222.70.176.145 - - [11/Jul/2021:09:13:38 +0800] "GET /xingrg/check_reg.html?_=1625966013413 HTTP/1.1" 200 22
222.70.176.145 - - [11/Jul/2021:09:13:38 +0800] "GET /xingrg/all/function/internal_message.html?_=1625966013417&CODE_STATE=getMsg HTTP/1.1" 200 27
180.169.147.146 - - [11/Jul/2021:09:13:40 +0800] "POST /xingrg/kc/buy/cgsh_list_operate.html HTTP/1.1" 200 5117
180.157.255.9 - - [11/Jul/2021:09:13:45 +0800] "GET /xingrg/all/function/internal_message.html?_=1625966025290&CODE_STATE=getMsg HTTP/1.1" 200 27
180.157.255.9 - - [11/Jul/2021:09:13:45 +0800] "GET /xingrg/check_reg.html?_=1625966025293 HTTP/1.1" 200 22
116.230.110.80 - - [11/Jul/2021:09:13:48 +0800] "GET /xingrg/all/function/internal_message.html?_=1625966026294&CODE_STATE=getMsg HTTP/1.1" 200 27
58.39.170.150 - - [11/Jul/2021:09:13:50 +0800] "GET /xingrg/all/function/internal_message.html?_=1625965998113&CODE_STATE=getMsg HTTP/1.1" 200 27
180.169.147.146 - - [11/Jul/2021:09:13:53 +0800] "POST /xingrg/all/user/operate.html HTTP/1.1" 200 36
180.169.147.146 - - [11/Jul/2021:09:13:53 +0800] "GET /xingrg/index.html?sysBaseUrl=http%3A%2F%2F180.169.147.146%3A18081%2Fxingrg%2F&costTime=38×tamp=1625965650531 HTTP/1.1" 200 17509
180.169.147.146 - - [11/Jul/2021:09:13:53 +0800] "GET /xingrg/javascript/jquery_easy_ui/themes/default/easyui.css HTTP/1.1" 304 -
180.169.147.146 - - [11/Jul/2021:09:13:53 +0800] "GET /xingrg/javascript/jquery_easy_ui/themes/icon.css HTTP/1.1" 304 -
180.169.147.146 - - [11/Jul/2021:09:13:53 +0800] "GET /xingrg/css/form.css HTTP/1.1" 304 -
180.169.147.146 - - [11/Jul/2021:09:13:53 +0800] "GET /xingrg/javascript/jquery-1.4.2.min.js HTTP/1.1" 304 -
180.169.147.146 - - [11/Jul/2021:09:13:53 +0800] "GET /xingrg/javascript/jquery_easy_ui/jquery.easyui.min.js HTTP/1.1" 304 -
180.169.147.146 - - [11/Jul/2021:09:13:53 +0800] "GET /xingrg/javascript/jquery_easy_ui/easyui-lang-zh_CN.js HTTP/1.1" 304 -
180.169.147.146 - - [11/Jul/2021:09:13:53 +0800] "GET /xingrg/javascript/jquery.form.js HTTP/1.1" 304 -
180.169.147.146 - - [11/Jul/2021:09:13:53 +0800] "GET /xingrg/javascript/jquery.utils.js HTTP/1.1" 304 -
180.169.147.146 - - [11/Jul/2021:09:13:53 +0800] "GET /xingrg/javascript/jquery.timers.js HTTP/1.1" 304 -
180.169.147.146 - - [11/Jul/2021:09:13:53 +0800] "GET /xingrg/images/blue/jxLogo.png HTTP/1.1" 304 -
180.169.147.146 - - [11/Jul/2021:09:13:53 +0800] "GET /xingrg/javascript/jquery_easy_ui/themes/icons/settle_new.png HTTP/1.1" 304 -
180.169.147.146 - - [11/Jul/2021:09:13:53 +0800] "GET /xingrg/images/blue/navBackgound.jpg HTTP/1.1" 304 -
180.169.147.146 - - [11/Jul/2021:09:13:53 +0800] "POST /xingrg/all/common/load_tree.html?tree=area_rest_tree_json&manage=1 HTTP/1.1" 200 3466
180.169.147.146 - - [11/Jul/2021:09:13:53 +0800] "GET /xingrg/all/function/internal_message.html?_=1625966042558&CODE_STATE=count HTTP/1.1" 200 11
180.169.147.146 - - [11/Jul/2021:09:13:53 +0800] "GET /xingrg/check_reg.html?_=1625966042559 HTTP/1.1" 200 22
180.169.147.146 - - [11/Jul/2021:09:13:53 +0800] "GET /xingrg/javascript/jquery_easy_ui/themes/default/images/panel_tool_expand.gif HTTP/1.1" 304 -
180.169.147.146 - - [11/Jul/2021:09:13:53 +0800] "GET /xingrg/javascript/jquery_easy_ui/themes/default/images/tabs_rightarrow.png HTTP/1.1" 304 -
180.169.147.146 - - [11/Jul/2021:09:13:53 +0800] "GET /xingrg/javascript/jquery_easy_ui/themes/default/images/tabs_leftarrow.png HTTP/1.1" 304 -
180.169.147.146 - - [11/Jul/2021:09:13:53 +0800] "GET /xingrg/javascript/jquery_easy_ui/themes/default/images/panel_tool_collapse.gif HTTP/1.1" 304 -
180.169.147.146 - - [11/Jul/2021:09:13:53 +0800] "GET /xingrg/images/blue/pingpu.png HTTP/1.1" 304 -
180.169.147.146 - - [11/Jul/2021:09:13:53 +0800] "POST /xingrg/load_menu.html HTTP/1.1" 200 9959
58.39.170.150 - - [11/Jul/2021:09:13:54 +0800] "GET /xingrg/kc/buy/cgsh_order_add.html HTTP/1.1" 200 62722
58.39.170.150 - - [11/Jul/2021:09:13:54 +0800] "POST /xingrg/kc/buy/cgsh_order_operate.html HTTP/1.1" 200 8245
58.39.170.150 - - [11/Jul/2021:09:13:54 +0800] "GET /xingrg/javascript/easyui/themes/default/validatebox.css HTTP/1.1" 404 1104
180.169.147.146 - - [11/Jul/2021:09:13:55 +0800] "GET /xingrg/kc/buy/buy_main.html HTTP/1.1" 200 12412
180.169.147.146 - - [11/Jul/2021:09:13:55 +0800] "GET /xingrg/css/new_ie.css HTTP/1.1" 404 1036
180.169.147.146 - - [11/Jul/2021:09:13:55 +0800] "GET /xingrg/images/yd/bt.gif HTTP/1.1" 404 1040
180.169.147.146 - - [11/Jul/2021:09:13:56 +0800] "GET /xingrg/kc/buy/cgsh_order_list.html HTTP/1.1" 200 47198
58.39.170.150 - - [11/Jul/2021:09:14:00 +0800] "POST /xingrg/kc/buy/cgsh_order_operate.html HTTP/1.1" 200 37
58.39.170.150 - - [11/Jul/2021:09:14:02 +0800] "POST /xingrg/kc/buy/cgsh_order_operate.html HTTP/1.1" 200 3856
117.184.7.26 - - [11/Jul/2021:09:14:02 +0800] "GET /xingrg/all/function/internal_message.html?_=1625966042223&CODE_STATE=getMsg HTTP/1.1" 200 27
58.39.170.150 - - [11/Jul/2021:09:14:04 +0800] "GET /xingrg/all/function/internal_message.html?_=1625966045892&CODE_STATE=getMsg HTTP/1.1" 200 27
58.39.170.150 - - [11/Jul/2021:09:14:04 +0800] "GET /xingrg/check_reg.html?_=1625966045894 HTTP/1.1" 200 22
58.39.170.150 - - [11/Jul/2021:09:14:04 +0800] "GET /xingrg/kc/print/load_config.html?kc_code=cgsh HTTP/1.1" 200 1845
58.39.170.150 - - [11/Jul/2021:09:14:04 +0800] "GET /xingrg/kc/print/load_data.html?order_code=212021071104673&kc_code=cgsh&condition= HTTP/1.1" 200 1120
58.39.170.150 - - [11/Jul/2021:09:14:13 +0800] "GET /xingrg/kc/buy/cgsh_order_operate.html?command=get_materiel&rest_code=00105&code=00101002027&supplier_code=00100397&order_time=2021-07-11 HTTP/1.1" 200 413
101.85.107.54 - - [11/Jul/2021:09:14:14 +0800] "GET /xingrg/all/function/internal_message.html?_=1625965471776&CODE_STATE=getMsg HTTP/1.1" 302 -
183.192.94.21 - - [11/Jul/2021:09:14:15 +0800] "GET /xingrg/all/function/internal_message.html?_=1625966056004&CODE_STATE=getMsg HTTP/1.1" 302 -
180.169.147.146 - - [11/Jul/2021:09:14:17 +0800] "POST /xingrg/kc/buy/cgsh_list_operate.html HTTP/1.1" 200 5188
180.156.224.123 - - [11/Jul/2021:09:14:27 +0800] "GET /xingrg/all/function/internal_message.html?_=1625966067275&CODE_STATE=getMsg HTTP/1.1" 200 27
58.40.7.146 - - [11/Jul/2021:09:14:31 +0800] "GET /xingrg/all/function/internal_message.html?_=1625966070734&CODE_STATE=getMsg HTTP/1.1" 200 27
116.230.117.165 - - [11/Jul/2021:09:14:31 +0800] "GET /xingrg/all/function/internal_message.html?_=1625966072333&CODE_STATE=getMsg HTTP/1.1" 200 27
58.39.170.150 - - [11/Jul/2021:09:14:32 +0800] "GET /xingrg/kc/buy/cgsh_order_operate.html?command=get_materiel&rest_code=00105&code=00101001010&supplier_code=00100397&order_time=2021-07-11 HTTP/1.1" 200 409
180.174.226.65 - - [11/Jul/2021:09:14:33 +0800] "GET /xingrg/all/function/internal_message.html?_=1625966073079&CODE_STATE=getMsg HTTP/1.1" 200 27
120.253.135.82 - - [11/Jul/2021:09:14:34 +0800] "GET /xingrg/check_reg.html?_=1625965855455 HTTP/1.1" 200 22
222.69.129.2 - - [11/Jul/2021:09:14:36 +0800] "GET /xingrg/all/function/internal_message.html?_=1625966076036&CODE_STATE=getMsg HTTP/1.1" 200 27
120.253.135.82 - - [11/Jul/2021:09:14:38 +0800] "GET /xingrg/all/function/internal_message.html?_=1625965859574&CODE_STATE=getMsg HTTP/1.1" 200 27
222.70.176.145 - - [11/Jul/2021:09:14:38 +0800] "GET /xingrg/all/function/internal_message.html?_=1625966073404&CODE_STATE=getMsg HTTP/1.1" 200 27
180.169.147.146 - - [11/Jul/2021:09:14:40 +0800] "GET /xingrg/index.html?sysBaseUrl=http%3A%2F%2F180.169.147.146%3A18081%2Fxingrg%2F&costTime=39×tamp=1592034574635 HTTP/1.1" 200 17503
180.169.147.146 - - [11/Jul/2021:09:14:41 +0800] "POST /xingrg/all/common/load_tree.html?tree=area_rest_tree_json&manage=1 HTTP/1.1" 200 3466
180.169.147.146 - - [11/Jul/2021:09:14:41 +0800] "GET /xingrg/check_reg.html?_=1625966081020 HTTP/1.1" 200 22
180.169.147.146 - - [11/Jul/2021:09:14:41 +0800] "GET /xingrg/all/function/internal_message.html?_=1625966081018&CODE_STATE=count HTTP/1.1" 200 11
180.169.147.146 - - [11/Jul/2021:09:14:41 +0800] "GET /favicon.ico HTTP/1.1" 404 -
180.169.147.146 - - [11/Jul/2021:09:14:41 +0800] "POST /xingrg/load_menu.html HTTP/1.1" 200 11564
180.157.255.9 - - [11/Jul/2021:09:14:45 +0800] "GET /xingrg/all/function/internal_message.html?_=1625966085292&CODE_STATE=getMsg HTTP/1.1" 200 27
180.169.147.146 - - [11/Jul/2021:09:14:47 +0800] "POST /xingrg/load_menu.html HTTP/1.1" 200 10797
180.169.147.146 - - [11/Jul/2021:09:14:47 +0800] "POST /xingrg/kc/buy/cgsh_list_operate.html HTTP/1.1" 200 5364
180.169.147.146 - - [11/Jul/2021:09:14:48 +0800] "GET /xingrg/all/report/report_query.html?fileName=dma/new_5.0/yingye/order_list.xml HTTP/1.1" 200 55281
180.169.147.146 - - [11/Jul/2021:09:14:48 +0800] "GET /xingrg/dwr/interface/AjaxReportQueryService.js HTTP/1.1" 200 13203
180.169.147.146 - - [11/Jul/2021:09:14:48 +0800] "GET /xingrg/dwr/util.js HTTP/1.1" 304 -
180.169.147.146 - - [11/Jul/2021:09:14:48 +0800] "GET /xingrg/dwr/engine.js HTTP/1.1" 200 43631
180.169.147.146 - - [11/Jul/2021:09:14:48 +0800] "POST /xingrg/dwr/call/plaincall/AjaxReportQueryService.getFixDate.dwr HTTP/1.1" 200 111
180.169.147.146 - - [11/Jul/2021:09:14:48 +0800] "POST /xingrg/all/common/load_tree.html?tree=area_station_tree_json&manage=1 HTTP/1.1" 200 3358
180.169.147.146 - - [11/Jul/2021:09:14:48 +0800] "POST /xingrg/dwr/call/plaincall/AjaxReportQueryService.getInitString.dwr HTTP/1.1" 200 76
116.230.110.80 - - [11/Jul/2021:09:14:48 +0800] "GET /xingrg/all/function/internal_message.html?_=1625966086264&CODE_STATE=getMsg HTTP/1.1" 200 27
180.169.147.146 - - [11/Jul/2021:09:14:49 +0800] "POST /xingrg/dwr/call/plaincall/AjaxReportQueryService.getFixDate.dwr HTTP/1.1" 200 111
180.169.147.146 - - [11/Jul/2021:09:14:53 +0800] "GET /xingrg/all/function/internal_message.html?_=1625966102563&CODE_STATE=getMsg HTTP/1.1" 200 27
180.169.147.146 - - [11/Jul/2021:09:14:59 +0800] "POST /xingrg/dwr/call/plaincall/AjaxReportQueryService.queryInitializeString.dwr HTTP/1.1" 200 253
180.169.147.146 - - [11/Jul/2021:09:15:00 +0800] "POST /xingrg/dwr/call/plaincall/AjaxReportQueryService.refreshCache.dwr HTTP/1.1" 200 78
180.169.147.146 - - [11/Jul/2021:09:15:00 +0800] "POST /xingrg/all/report/load_report_page.html HTTP/1.1" 200 208565
180.169.147.146 - - [11/Jul/2021:09:15:01 +0800] "GET /xingrg/servlets/image?cache=0.31600182966000945&image=px HTTP/1.1" 200 807
117.184.7.26 - - [11/Jul/2021:09:15:02 +0800] "GET /xingrg/all/function/internal_message.html?_=1625966102224&CODE_STATE=getMsg HTTP/1.1" 200 27
180.169.147.146 - - [11/Jul/2021:09:15:05 +0800] "POST /xingrg/all/report/load_report_page.html HTTP/1.1" 200 41916
180.169.147.146 - - [11/Jul/2021:09:15:05 +0800] "GET /xingrg/images/blue/button/advance.gif HTTP/1.1" 200 1354
180.169.147.146 - - [11/Jul/2021:09:15:05 +0800] "GET /xingrg/images/blue/button/advance2.gif HTTP/1.1" 200 1338
180.169.147.146 - - [11/Jul/2021:09:15:05 +0800] "GET /xingrg/servlets/image?cache=0.7983110466052461&image=px HTTP/1.1" 200 807
58.39.170.150 - - [11/Jul/2021:09:15:06 +0800] "GET /xingrg/all/function/internal_message.html?_=1625966105886&CODE_STATE=getMsg HTTP/1.1" 200 27
180.169.147.146 - - [11/Jul/2021:09:15:11 +0800] "POST /xingrg/kc/buy/cgsh_list_operate.html HTTP/1.1" 200 3387
183.192.94.21 - - [11/Jul/2021:09:15:15 +0800] "GET /xingrg/all/function/internal_message.html?_=1625966116006&CODE_STATE=getMsg HTTP/1.1" 302 -
183.192.94.21 - - [11/Jul/2021:09:15:15 +0800] "GET /xingrg/check_reg.html?_=1625966116011 HTTP/1.1" 302 -
58.39.170.150 - - [11/Jul/2021:09:15:27 +0800] "GET /xingrg/kc/buy/cgsh_order_operate.html?command=get_materiel&rest_code=00105&code=00101001075&supplier_code=00100397&order_time=2021-07-11 HTTP/1.1" 200 409
58.40.7.146 - - [11/Jul/2021:09:15:27 +0800] "GET /xingrg/check_reg.html?_=1625966127041 HTTP/1.1" 302 -
180.156.224.123 - - [11/Jul/2021:09:15:27 +0800] "GET /xingrg/all/function/internal_message.html?_=1625966127274&CODE_STATE=getMsg HTTP/1.1" 200 27
58.40.7.146 - - [11/Jul/2021:09:15:31 +0800] "GET /xingrg/all/function/internal_message.html?_=1625966130738&CODE_STATE=getMsg HTTP/1.1" 200 27
58.40.7.146 - - [11/Jul/2021:09:15:31 +0800] "GET /xingrg/check_reg.html?_=1625966130739 HTTP/1.1" 200 22
116.230.117.165 - - [11/Jul/2021:09:15:31 +0800] "GET /xingrg/all/function/internal_message.html?_=1625966132346&CODE_STATE=getMsg HTTP/1.1" 200 27
180.174.226.65 - - [11/Jul/2021:09:15:33 +0800] "GET /xingrg/all/function/internal_message.html?_=1625966133094&CODE_STATE=getMsg HTTP/1.1" 200 27
58.39.170.150 - - [11/Jul/2021:09:15:35 +0800] "POST /xingrg/kc/buy/cgsh_order_operate.html HTTP/1.1" 200 37
222.69.129.2 - - [11/Jul/2021:09:15:36 +0800] "GET /xingrg/all/function/internal_message.html?_=1625966136015&CODE_STATE=getMsg HTTP/1.1" 200 27
58.39.170.150 - - [11/Jul/2021:09:15:38 +0800] "POST /xingrg/kc/buy/cgsh_order_operate.html HTTP/1.1" 200 5021
120.253.135.82 - - [11/Jul/2021:09:15:38 +0800] "GET /xingrg/all/function/internal_message.html?_=1625965919588&CODE_STATE=getMsg HTTP/1.1" 200 27
222.70.176.145 - - [11/Jul/2021:09:15:38 +0800] "GET /xingrg/all/function/internal_message.html?_=1625966133406&CODE_STATE=getMsg HTTP/1.1" 200 27
180.169.147.146 - - [11/Jul/2021:09:15:40 +0800] "GET /xingrg/check_reg.html?_=1625966133515 HTTP/1.1" 200 22
180.169.147.146 - - [11/Jul/2021:09:15:41 +0800] "GET /xingrg/all/function/internal_message.html?_=1625966141032&CODE_STATE=getMsg HTTP/1.1" 200 27
180.157.255.9 - - [11/Jul/2021:09:15:45 +0800] "GET /xingrg/all/function/internal_message.html?_=1625966145293&CODE_STATE=getMsg HTTP/1.1" 200 27
116.230.110.80 - - [11/Jul/2021:09:15:48 +0800] "GET /xingrg/all/function/internal_message.html?_=1625966146250&CODE_STATE=getMsg HTTP/1.1" 200 27
58.39.170.150 - - [11/Jul/2021:09:15:50 +0800] "GET /xingrg/javascript/jquery_easy_ui/themes/default/images/tabs_active.png HTTP/1.1" 304 -
180.169.147.146 - - [11/Jul/2021:09:15:53 +0800] "GET /xingrg/all/function/internal_message.html?_=1625966162573&CODE_STATE=getMsg HTTP/1.1" 200 27
116.230.110.80 - - [11/Jul/2021:09:15:58 +0800] "GET /xingrg/check_reg.html?_=1625966155367 HTTP/1.1" 200 22
117.184.7.26 - - [11/Jul/2021:09:16:02 +0800] "GET /xingrg/check_reg.html?_=1625966162223 HTTP/1.1" 200 22
117.184.7.26 - - [11/Jul/2021:09:16:02 +0800] "GET /xingrg/all/function/internal_message.html?_=1625966162225&CODE_STATE=getMsg HTTP/1.1" 200 27
58.39.170.150 - - [11/Jul/2021:09:16:04 +0800] "GET /xingrg/all/function/internal_message.html?_=1625966165916&CODE_STATE=getMsg HTTP/1.1" 200 27
58.39.170.150 - - [11/Jul/2021:09:16:04 +0800] "POST /xingrg/kc/buy/cgsh_list_operate.html HTTP/1.1" 200 3473
183.192.94.21 - - [11/Jul/2021:09:16:15 +0800] "GET /xingrg/all/function/internal_message.html?_=1625966176011&CODE_STATE=getMsg HTTP/1.1" 302 -
58.39.170.150 - - [11/Jul/2021:09:16:22 +0800] "POST /xingrg/kc/buy/cgsh_list_operate.html HTTP/1.1" 200 363
180.156.224.123 - - [11/Jul/2021:09:16:27 +0800] "GET /xingrg/all/function/internal_message.html?_=1625966187281&CODE_STATE=getMsg HTTP/1.1" 200 27
58.40.7.146 - - [11/Jul/2021:09:16:31 +0800] "GET /xingrg/all/function/internal_message.html?_=1625966190742&CODE_STATE=getMsg HTTP/1.1" 200 27
116.230.117.165 - - [11/Jul/2021:09:16:31 +0800] "GET /xingrg/all/function/internal_message.html?_=1625966192362&CODE_STATE=getMsg HTTP/1.1" 200 27
180.174.226.65 - - [11/Jul/2021:09:16:33 +0800] "GET /xingrg/all/function/internal_message.html?_=1625966193115&CODE_STATE=getMsg HTTP/1.1" 200 27
222.69.129.2 - - [11/Jul/2021:09:16:36 +0800] "GET /xingrg/all/function/internal_message.html?_=1625966195998&CODE_STATE=getMsg HTTP/1.1" 200 27
222.70.176.145 - - [11/Jul/2021:09:16:38 +0800] "GET /xingrg/all/function/internal_message.html?_=1625966193407&CODE_STATE=getMsg HTTP/1.1" 200 27
120.253.135.82 - - [11/Jul/2021:09:16:38 +0800] "GET /xingrg/all/function/internal_message.html?_=1625965979674&CODE_STATE=getMsg HTTP/1.1" 200 27
180.169.147.146 - - [11/Jul/2021:09:16:41 +0800] "GET /xingrg/all/function/internal_message.html?_=1625966201047&CODE_STATE=getMsg HTTP/1.1" 200 27
58.37.5.217 - - [11/Jul/2021:09:16:43 +0800] "GET /xingrg/check_reg.html?_=1625966204145 HTTP/1.1" 302 -
180.157.255.9 - - [11/Jul/2021:09:16:45 +0800] "GET /xingrg/all/function/internal_message.html?_=1625966205292&CODE_STATE=getMsg HTTP/1.1" 200 27
116.230.110.80 - - [11/Jul/2021:09:16:48 +0800] "GET /xingrg/all/function/internal_message.html?_=1625966206238&CODE_STATE=getMsg HTTP/1.1" 200 27
180.169.147.146 - - [11/Jul/2021:09:16:53 +0800] "GET /xingrg/all/function/internal_message.html?_=1625966222573&CODE_STATE=getMsg HTTP/1.1" 200 27
117.184.7.26 - - [11/Jul/2021:09:17:02 +0800] "GET /xingrg/all/function/internal_message.html?_=1625966222223&CODE_STATE=getMsg HTTP/1.1" 200 27
58.39.170.150 - - [11/Jul/2021:09:17:04 +0800] "GET /xingrg/all/function/internal_message.html?_=1625966225886&CODE_STATE=getMsg HTTP/1.1" 200 27
222.69.129.2 - - [11/Jul/2021:09:17:07 +0800] "GET /xingrg/javascript/auto/indicator.gif HTTP/1.1" 404 1066
222.69.129.2 - - [11/Jul/2021:09:17:09 +0800] "GET /xingrg/javascript/jquery_tools/images/prev.gif HTTP/1.1" 404 1086
222.69.129.2 - - [11/Jul/2021:09:17:09 +0800] "GET /xingrg/javascript/jquery_tools/images/next.gif HTTP/1.1" 404 1086
183.192.94.21 - - [11/Jul/2021:09:17:15 +0800] "GET /xingrg/all/function/internal_message.html?_=1625966236011&CODE_STATE=getMsg HTTP/1.1" 302 -
222.69.129.2 - - [11/Jul/2021:09:17:18 +0800] "GET /xingrg/kc/buy/cgsh_order_operate.html?command=get_materiel&rest_code=00149&code=00101006109&supplier_code=00100012&order_time=2021-07-11 HTTP/1.1" 200 409
222.69.129.2 - - [11/Jul/2021:09:17:18 +0800] "POST /xingrg/services/DataTransmitService HTTP/1.1" 200 524
222.69.129.2 - - [11/Jul/2021:09:17:18 +0800] "POST /xingrg/services/DataTransmitService HTTP/1.1" 200 1983
222.69.129.2 - - [11/Jul/2021:09:17:19 +0800] "POST /xingrg/services/DataTransmitService HTTP/1.1" 200 136264
180.156.224.123 - - [11/Jul/2021:09:17:27 +0800] "GET /xingrg/all/function/internal_message.html?_=1625966247297&CODE_STATE=getMsg HTTP/1.1" 200 27
180.156.224.123 - - [11/Jul/2021:09:17:27 +0800] "GET /xingrg/check_reg.html?_=1625966247299 HTTP/1.1" 200 22
222.69.129.2 - - [11/Jul/2021:09:17:30 +0800] "GET /xingrg/kc/buy/cgsh_order_operate.html?command=get_materiel&rest_code=00149&code=00101006128&supplier_code=00100012&order_time=2021-07-11 HTTP/1.1" 200 427
58.40.7.146 - - [11/Jul/2021:09:17:31 +0800] "GET /xingrg/all/function/internal_message.html?_=1625966250745&CODE_STATE=getMsg HTTP/1.1" 200 27
116.230.117.165 - - [11/Jul/2021:09:17:31 +0800] "GET /xingrg/all/function/internal_message.html?_=1625966252373&CODE_STATE=getMsg HTTP/1.1" 200 27
180.174.226.65 - - [11/Jul/2021:09:17:33 +0800] "GET /xingrg/all/function/internal_message.html?_=1625966253148&CODE_STATE=getMsg HTTP/1.1" 200 27
222.69.129.2 - - [11/Jul/2021:09:17:36 +0800] "GET /xingrg/all/function/internal_message.html?_=1625966255994&CODE_STATE=getMsg HTTP/1.1" 200 27
222.69.129.2 - - [11/Jul/2021:09:17:37 +0800] "GET /xingrg/check_reg.html?_=1625966256370 HTTP/1.1" 200 22
222.70.176.145 - - [11/Jul/2021:09:17:38 +0800] "GET /xingrg/all/function/internal_message.html?_=1625966253436&CODE_STATE=getMsg HTTP/1.1" 200 27
120.253.135.82 - - [11/Jul/2021:09:17:38 +0800] "GET /xingrg/all/function/internal_message.html?_=1625966039677&CODE_STATE=getMsg HTTP/1.1" 200 27
180.169.147.146 - - [11/Jul/2021:09:17:41 +0800] "GET /xingrg/all/function/internal_message.html?_=1625966261050&CODE_STATE=getMsg HTTP/1.1" 200 27
180.157.255.9 - - [11/Jul/2021:09:17:45 +0800] "GET /xingrg/all/function/internal_message.html?_=1625966265292&CODE_STATE=getMsg HTTP/1.1" 200 27
222.69.129.2 - - [11/Jul/2021:09:17:46 +0800] "GET /xingrg/kc/buy/cgsh_order_operate.html?command=get_materiel&rest_code=00149&code=00101006057&supplier_code=00100012&order_time=2021-07-11 HTTP/1.1" 200 413
116.230.110.80 - - [11/Jul/2021:09:17:48 +0800] "GET /xingrg/all/function/internal_message.html?_=1625966266230&CODE_STATE=getMsg HTTP/1.1" 200 27
58.39.170.150 - - [11/Jul/2021:09:17:50 +0800] "GET /xingrg/check_reg.html?_=1625966238124 HTTP/1.1" 200 22
222.69.129.2 - - [11/Jul/2021:09:17:52 +0800] "POST /xingrg/services/DataTransmitService HTTP/1.1" 200 524
222.69.129.2 - - [11/Jul/2021:09:17:52 +0800] "POST /xingrg/services/DataTransmitService HTTP/1.1" 200 1979
222.69.129.2 - - [11/Jul/2021:09:17:53 +0800] "POST /xingrg/services/DataTransmitService HTTP/1.1" 200 136300
180.169.147.146 - - [11/Jul/2021:09:17:53 +0800] "GET /xingrg/all/function/internal_message.html?_=1625966282572&CODE_STATE=getMsg HTTP/1.1" 200 27
222.69.129.2 - - [11/Jul/2021:09:17:57 +0800] "GET /xingrg/kc/buy/cgsh_order_operate.html?command=get_materiel&rest_code=00149&code=00101006058&supplier_code=00100012&order_time=2021-07-11 HTTP/1.1" 200 413
117.184.7.26 - - [11/Jul/2021:09:18:02 +0800] "GET /xingrg/all/function/internal_message.html?_=1625966282222&CODE_STATE=getMsg HTTP/1.1" 200 27
58.39.170.150 - - [11/Jul/2021:09:18:04 +0800] "GET /xingrg/all/function/internal_message.html?_=1625966285895&CODE_STATE=getMsg HTTP/1.1" 200 27
222.69.129.2 - - [11/Jul/2021:09:18:13 +0800] "POST /xingrg/services/DataTransmitService HTTP/1.1" 200 524
183.192.94.21 - - [11/Jul/2021:09:18:15 +0800] "GET /xingrg/all/function/internal_message.html?_=1625966296010&CODE_STATE=getMsg HTTP/1.1" 302 -
222.69.129.2 - - [11/Jul/2021:09:18:16 +0800] "POST /xingrg/services/DataTransmitService HTTP/1.1" 200 501
222.69.129.2 - - [11/Jul/2021:09:18:17 +0800] "POST /xingrg/kc/buy/cgsh_order_operate.html HTTP/1.1" 200 37
222.69.129.2 - - [11/Jul/2021:09:18:20 +0800] "POST /xingrg/kc/buy/cgsh_order_operate.html HTTP/1.1" 200 12
222.69.129.2 - - [11/Jul/2021:09:18:23 +0800] "POST /xingrg/services/DataTransmitService HTTP/1.1" 200 524
222.69.129.2 - - [11/Jul/2021:09:18:24 +0800] "GET /xingrg/kc/buy/cgsh_order_info.html?code=212021071104676 HTTP/1.1" 200 57636
222.69.129.2 - - [11/Jul/2021:09:18:24 +0800] "GET /xingrg/javascript/easyui/themes/default/validatebox.css HTTP/1.1" 404 1104
222.69.129.2 - - [11/Jul/2021:09:18:24 +0800] "POST /xingrg/kc/buy/cgsh_order_operate.html HTTP/1.1" 200 2400
222.69.129.2 - - [11/Jul/2021:09:18:26 +0800] "GET /xingrg/kc/print/load_data.html?order_code=212021071104676&kc_code=cgsh&condition= HTTP/1.1" 200 1494
180.156.224.123 - - [11/Jul/2021:09:18:27 +0800] "GET /xingrg/all/function/internal_message.html?_=1625966307288&CODE_STATE=getMsg HTTP/1.1" 200 27
116.230.117.165 - - [11/Jul/2021:09:18:29 +0800] "GET /xingrg/check_reg.html?_=1625966310272 HTTP/1.1" 200 22
58.40.7.146 - - [11/Jul/2021:09:18:31 +0800] "GET /xingrg/all/function/internal_message.html?_=1625966310733&CODE_STATE=getMsg HTTP/1.1" 200 27
116.230.117.165 - - [11/Jul/2021:09:18:31 +0800] "GET /xingrg/all/function/internal_message.html?_=1625966312386&CODE_STATE=getMsg HTTP/1.1" 200 27
180.169.147.146 - - [11/Jul/2021:09:18:31 +0800] "POST /xingrg/all/user/operate.html HTTP/1.1" 200 36
180.169.147.146 - - [11/Jul/2021:09:18:31 +0800] "GET /xingrg/javascript/jquery_easy_ui/themes/default/easyui.css HTTP/1.1" 304 -
180.169.147.146 - - [11/Jul/2021:09:18:31 +0800] "GET /xingrg/javascript/jquery_easy_ui/themes/icon.css HTTP/1.1" 304 -
180.169.147.146 - - [11/Jul/2021:09:18:31 +0800] "GET /xingrg/index.html?sysBaseUrl=http%3A%2F%2F180.169.147.146%3A18081%2Fxingrg%2F&costTime=38×tamp=1625965650531 HTTP/1.1" 200 17503
180.169.147.146 - - [11/Jul/2021:09:18:31 +0800] "GET /xingrg/css/form.css HTTP/1.1" 304 -
180.169.147.146 - - [11/Jul/2021:09:18:31 +0800] "GET /xingrg/javascript/jquery-1.4.2.min.js HTTP/1.1" 304 -
180.169.147.146 - - [11/Jul/2021:09:18:31 +0800] "GET /xingrg/javascript/jquery_easy_ui/jquery.easyui.min.js HTTP/1.1" 304 -
180.169.147.146 - - [11/Jul/2021:09:18:32 +0800] "GET /xingrg/javascript/jquery_easy_ui/easyui-lang-zh_CN.js HTTP/1.1" 304 -
180.169.147.146 - - [11/Jul/2021:09:18:32 +0800] "GET /xingrg/javascript/jquery.form.js HTTP/1.1" 304 -
180.169.147.146 - - [11/Jul/2021:09:18:32 +0800] "GET /xingrg/javascript/jquery.utils.js HTTP/1.1" 304 -
180.169.147.146 - - [11/Jul/2021:09:18:32 +0800] "GET /xingrg/javascript/jquery.timers.js HTTP/1.1" 304 -
180.169.147.146 - - [11/Jul/2021:09:18:32 +0800] "GET /xingrg/images/blue/jxLogo.png HTTP/1.1" 304 -
180.169.147.146 - - [11/Jul/2021:09:18:32 +0800] "GET /xingrg/javascript/jquery_easy_ui/themes/icons/settle_new.png HTTP/1.1" 304 -
180.169.147.146 - - [11/Jul/2021:09:18:32 +0800] "GET /xingrg/images/blue/navBackgound.jpg HTTP/1.1" 304 -
180.169.147.146 - - [11/Jul/2021:09:18:32 +0800] "POST /xingrg/all/common/load_tree.html?tree=area_rest_tree_json&manage=1 HTTP/1.1" 200 3466
180.169.147.146 - - [11/Jul/2021:09:18:32 +0800] "GET /xingrg/all/function/internal_message.html?_=1625966321312&CODE_STATE=count HTTP/1.1" 200 11
180.169.147.146 - - [11/Jul/2021:09:18:32 +0800] "GET /xingrg/check_reg.html?_=1625966321313 HTTP/1.1" 200 22
180.169.147.146 - - [11/Jul/2021:09:18:32 +0800] "GET /xingrg/javascript/jquery_easy_ui/themes/default/images/tabs_rightarrow.png HTTP/1.1" 304 -
180.169.147.146 - - [11/Jul/2021:09:18:32 +0800] "GET /xingrg/javascript/jquery_easy_ui/themes/default/images/tabs_leftarrow.png HTTP/1.1" 304 -
180.169.147.146 - - [11/Jul/2021:09:18:32 +0800] "GET /xingrg/images/blue/pingpu.png HTTP/1.1" 304 -
180.169.147.146 - - [11/Jul/2021:09:18:32 +0800] "GET /xingrg/javascript/jquery_easy_ui/themes/default/images/panel_tool_expand.gif HTTP/1.1" 304 -
180.169.147.146 - - [11/Jul/2021:09:18:32 +0800] "GET /xingrg/javascript/jquery_easy_ui/themes/default/images/panel_tool_collapse.gif HTTP/1.1" 304 -
180.169.147.146 - - [11/Jul/2021:09:18:32 +0800] "POST /xingrg/load_menu.html HTTP/1.1" 200 9959
180.174.226.65 - - [11/Jul/2021:09:18:33 +0800] "GET /xingrg/check_reg.html?_=1625966312994 HTTP/1.1" 200 22
