222.70.176.145 - - [11/Jul/2021:10:37:37 +0800] "GET /xingrg/javascript/easyui/themes/default/validatebox.css HTTP/1.1" 404 1104
58.37.5.217 - - [11/Jul/2021:10:37:37 +0800] "GET /xingrg/javascript/easyui/themes/default/tree.css HTTP/1.1" 404 1090
222.69.129.2 - - [11/Jul/2021:10:37:37 +0800] "GET /xingrg/check_reg.html?_=1625971056342 HTTP/1.1" 200 22
58.37.5.217 - - [11/Jul/2021:10:37:37 +0800] "POST /xingrg/all/common/load_tree.html?tree=supplier_tree_json&isDelete=1 HTTP/1.1" 200 56276
120.253.135.82 - - [11/Jul/2021:10:37:37 +0800] "GET /xingrg/kc/pszx/mdps_order_info.html?code=312021071000219 HTTP/1.1" 200 23925
120.253.135.82 - - [11/Jul/2021:10:37:37 +0800] "GET /xingrg/javascript/easyui/themes/default/validatebox.css HTTP/1.1" 404 1104
120.253.135.82 - - [11/Jul/2021:10:37:37 +0800] "POST /xingrg/kc/pszx/mdps_order_operate.html HTTP/1.1" 200 7856
222.70.176.145 - - [11/Jul/2021:10:37:39 +0800] "GET /xingrg/all/function/internal_message.html?_=1625971053582&CODE_STATE=getMsg HTTP/1.1" 200 27
58.37.5.217 - - [11/Jul/2021:10:37:39 +0800] "POST /xingrg/kc/buy/cgsh_order_operate.html HTTP/1.1" 200 37
180.174.226.65 - - [11/Jul/2021:10:37:39 +0800] "POST /xingrg/kc/buy/cgsh_order_operate.html HTTP/1.1" 200 88
116.230.117.165 - - [11/Jul/2021:10:37:40 +0800] "GET /xingrg/kc/mdqp/qqps_order_list.html?isQuery=1&timeSelect=1&orderTime=day&startTime=2021-07-11&endTime=2021-07-11&state=all&query=%C8%B7++%B6%A8 HTTP/1.1" 200 9321
116.230.117.165 - - [11/Jul/2021:10:37:40 +0800] "GET /xingrg/dwr/interface/AjaxQqpsService.js HTTP/1.1" 200 16326
116.230.117.165 - - [11/Jul/2021:10:37:40 +0800] "GET /xingrg/dwr/interface/AjaxReportQueryService.js HTTP/1.1" 200 13203
116.230.117.165 - - [11/Jul/2021:10:37:40 +0800] "GET /xingrg/dwr/engine.js HTTP/1.1" 200 43631
58.39.169.16 - - [11/Jul/2021:10:37:41 +0800] "POST /xingrg/kc/buy/cgsh_order_operate.html HTTP/1.1" 200 37
180.169.147.146 - - [11/Jul/2021:10:37:41 +0800] "GET /xingrg/check_reg.html?_=1625971070556 HTTP/1.1" 200 22
180.169.147.146 - - [11/Jul/2021:10:37:41 +0800] "GET /xingrg/all/function/internal_message.html?_=1625971070560&CODE_STATE=getMsg HTTP/1.1" 200 27
180.174.226.65 - - [11/Jul/2021:10:37:43 +0800] "POST /xingrg/kc/buy/cgsh_order_operate.html HTTP/1.1" 200 37
58.39.169.16 - - [11/Jul/2021:10:37:43 +0800] "POST /xingrg/kc/buy/cgsh_order_operate.html HTTP/1.1" 200 5045
116.230.117.165 - - [11/Jul/2021:10:37:43 +0800] "GET /xingrg/kc/mdqp/qqps_order_list.html?isQuery=1&timeSelect=1&orderTime=day&startTime=2021-07-11&endTime=2021-07-11&state=all&query=%C8%B7++%B6%A8 HTTP/1.1" 200 9321
116.230.117.165 - - [11/Jul/2021:10:37:43 +0800] "GET /xingrg/dwr/interface/AjaxQqpsService.js HTTP/1.1" 200 16326
116.230.117.165 - - [11/Jul/2021:10:37:43 +0800] "GET /xingrg/dwr/interface/AjaxReportQueryService.js HTTP/1.1" 200 13203
116.230.117.165 - - [11/Jul/2021:10:37:43 +0800] "GET /xingrg/dwr/engine.js HTTP/1.1" 200 43631
58.37.5.217 - - [11/Jul/2021:10:37:44 +0800] "POST /xingrg/kc/buy/cgsh_order_operate.html HTTP/1.1" 200 12
120.253.135.82 - - [11/Jul/2021:10:37:44 +0800] "POST /xingrg/kc/pszx/mdps_order_operate.html HTTP/1.1" 200 37
180.174.226.65 - - [11/Jul/2021:10:37:44 +0800] "POST /xingrg/kc/buy/cgsh_order_operate.html HTTP/1.1" 200 3257
58.37.5.217 - - [11/Jul/2021:10:37:44 +0800] "GET /xingrg/kc/buy/cgsh_order_info.html?code=212021071104727 HTTP/1.1" 200 57585
58.37.5.217 - - [11/Jul/2021:10:37:45 +0800] "GET /xingrg/javascript/easyui/themes/default/validatebox.css HTTP/1.1" 404 1104
120.253.135.82 - - [11/Jul/2021:10:37:45 +0800] "POST /xingrg/kc/pszx/mdps_order_operate.html HTTP/1.1" 200 12
180.169.147.146 - - [11/Jul/2021:10:37:45 +0800] "GET /xingrg/all/function/internal_message.html?_=1625971064156&CODE_STATE=getMsg HTTP/1.1" 200 27
58.37.5.217 - - [11/Jul/2021:10:37:45 +0800] "POST /xingrg/kc/buy/cgsh_order_operate.html HTTP/1.1" 200 1205
58.39.169.16 - - [11/Jul/2021:10:37:45 +0800] "GET /xingrg/kc/print/load_data.html?order_code=212021071104729&kc_code=cgsh&condition= HTTP/1.1" 200 1654
180.157.255.9 - - [11/Jul/2021:10:37:46 +0800] "GET /xingrg/all/function/internal_message.html?_=1625971065456&CODE_STATE=getMsg HTTP/1.1" 200 27
58.37.5.217 - - [11/Jul/2021:10:37:46 +0800] "GET /xingrg/kc/buy/cgsh_order_operate.html?command=get_materiel&rest_code=00106&code=00101009039&supplier_code=00100022&order_time=2021-07-11 HTTP/1.1" 200 410
58.37.5.217 - - [11/Jul/2021:10:37:47 +0800] "GET /xingrg/all/function/internal_message.html?_=1625971062331&CODE_STATE=getMsg HTTP/1.1" 200 27
120.253.135.82 - - [11/Jul/2021:10:37:48 +0800] "GET /xingrg/kc/pszx/mdps_order_info.html?code=312021071000219 HTTP/1.1" 200 19585
120.253.135.82 - - [11/Jul/2021:10:37:48 +0800] "POST /xingrg/kc/pszx/mdps_order_operate.html HTTP/1.1" 200 6026
120.253.135.82 - - [11/Jul/2021:10:37:48 +0800] "GET /xingrg/javascript/easyui/themes/default/validatebox.css HTTP/1.1" 404 1104
120.253.135.82 - - [11/Jul/2021:10:37:50 +0800] "POST /xingrg/kc/pszx/mdps_list_operate.html HTTP/1.1" 200 4217
58.39.169.16 - - [11/Jul/2021:10:37:50 +0800] "GET /xingrg/kc/buy/cgsh_order_add.html HTTP/1.1" 200 62722
58.39.169.16 - - [11/Jul/2021:10:37:50 +0800] "GET /xingrg/check_reg.html?_=1625971038180 HTTP/1.1" 302 -
58.39.169.16 - - [11/Jul/2021:10:37:50 +0800] "GET /xingrg/javascript/easyui/themes/default/validatebox.css HTTP/1.1" 404 1104
58.39.169.16 - - [11/Jul/2021:10:37:50 +0800] "POST /xingrg/kc/buy/cgsh_order_operate.html HTTP/1.1" 200 8245
120.253.135.82 - - [11/Jul/2021:10:37:51 +0800] "GET /xingrg/all/function/internal_message.html?_=1625971106954&CODE_STATE=getMsg HTTP/1.1" 200 27
116.235.222.38 - - [11/Jul/2021:10:37:51 +0800] "GET /xingrg/kc/buy/cgsh_order_operate.html?command=get_materiel&rest_code=00107&code=00101008283&supplier_code=00100006&order_time=2021-07-11 HTTP/1.1" 200 408
116.235.222.38 - - [11/Jul/2021:10:37:51 +0800] "GET /xingrg/all/function/internal_message.html?_=1625971071558&CODE_STATE=getMsg HTTP/1.1" 200 27
58.37.5.217 - - [11/Jul/2021:10:37:52 +0800] "GET /xingrg/kc/print/load_data.html?order_code=212021071104727&kc_code=cgsh&condition= HTTP/1.1" 200 983
116.235.222.38 - - [11/Jul/2021:10:37:52 +0800] "GET /xingrg/check_reg.html?_=1625971071780 HTTP/1.1" 200 22
58.37.225.51 - - [11/Jul/2021:10:37:54 +0800] "GET /xingrg/kc/buy/cgsh_order_operate.html?command=get_materiel&rest_code=00141&code=00102014086&supplier_code=00100450&order_time=2021-07-11 HTTP/1.1" 200 396
180.174.226.65 - - [11/Jul/2021:10:37:56 +0800] "GET /xingrg/login.html HTTP/1.1" 200 7641
180.174.226.65 - - [11/Jul/2021:10:37:56 +0800] "GET /xingrg/images/blue/jxLogo.png HTTP/1.1" 304 -
180.174.226.65 - - [11/Jul/2021:10:37:56 +0800] "GET /xingrg/images/blue/login_bg.png HTTP/1.1" 304 -
180.174.226.65 - - [11/Jul/2021:10:37:56 +0800] "GET /xingrg/images/blue/srbg.png HTTP/1.1" 304 -
180.174.226.65 - - [11/Jul/2021:10:37:56 +0800] "GET /xingrg/images/blue/hj.png HTTP/1.1" 304 -
180.174.226.65 - - [11/Jul/2021:10:37:56 +0800] "GET /favicon.ico HTTP/1.1" 404 -
116.230.110.80 - - [11/Jul/2021:10:37:59 +0800] "GET /xingrg/all/function/internal_message.html?_=1625971079103&CODE_STATE=getMsg HTTP/1.1" 200 27
120.253.135.82 - - [11/Jul/2021:10:38:00 +0800] "GET /xingrg/all/function/internal_message.html?_=1625971205578&CODE_STATE=getMsg HTTP/1.1" 200 27
58.37.5.217 - - [11/Jul/2021:10:38:01 +0800] "GET /xingrg/kc/buy/cgsh_order_add.html HTTP/1.1" 200 62675
58.37.5.217 - - [11/Jul/2021:10:38:01 +0800] "POST /xingrg/kc/buy/cgsh_order_operate.html HTTP/1.1" 200 8245
58.37.5.217 - - [11/Jul/2021:10:38:01 +0800] "GET /xingrg/javascript/easyui/themes/default/validatebox.css HTTP/1.1" 404 1104
222.70.176.145 - - [11/Jul/2021:10:38:01 +0800] "GET /xingrg/kc/buy/cgsh_order_operate.html?command=get_materiel&rest_code=00111&code=00101002018&supplier_code=00100094&order_time=2021-07-10 HTTP/1.1" 200 414
120.253.135.82 - - [11/Jul/2021:10:38:02 +0800] "POST /xingrg/kc/pszx/mdps_list_operate.html HTTP/1.1" 200 616
117.184.7.26 - - [11/Jul/2021:10:38:03 +0800] "GET /xingrg/all/function/internal_message.html?_=1625971082353&CODE_STATE=getMsg HTTP/1.1" 200 27
120.253.135.82 - - [11/Jul/2021:10:38:03 +0800] "GET /xingrg/kc/pszx/mdps_order_info.html?code=312021071000217 HTTP/1.1" 200 23925
116.235.222.38 - - [11/Jul/2021:10:38:03 +0800] "GET /xingrg/kc/buy/cgsh_order_operate.html?command=get_materiel&rest_code=00107&code=00101008096&supplier_code=00100006&order_time=2021-07-11 HTTP/1.1" 200 412
58.37.5.217 - - [11/Jul/2021:10:38:03 +0800] "GET /xingrg/kc/buy/cgsh_order_operate.html?command=get_materiel&rest_code=00106&code=00101009013&supplier_code=00100022&order_time=2021-07-11 HTTP/1.1" 200 422
58.40.7.146 - - [11/Jul/2021:10:38:03 +0800] "GET /xingrg/all/function/internal_message.html?_=1625971083201&CODE_STATE=getMsg HTTP/1.1" 200 27
120.253.135.82 - - [11/Jul/2021:10:38:03 +0800] "GET /xingrg/javascript/easyui/themes/default/validatebox.css HTTP/1.1" 404 1104
58.37.5.217 - - [11/Jul/2021:10:38:03 +0800] "GET /xingrg/javascript/easyui/themes/default/tree.css HTTP/1.1" 404 1090
120.253.135.82 - - [11/Jul/2021:10:38:03 +0800] "POST /xingrg/kc/pszx/mdps_order_operate.html HTTP/1.1" 200 4814
58.37.5.217 - - [11/Jul/2021:10:38:04 +0800] "POST /xingrg/all/common/load_tree.html?tree=supplier_tree_json&isDelete=1 HTTP/1.1" 200 56276
116.230.117.165 - - [11/Jul/2021:10:38:04 +0800] "GET /xingrg/kc/mdqp/pssh_order_list.html HTTP/1.1" 200 17778
116.230.117.165 - - [11/Jul/2021:10:38:05 +0800] "POST /xingrg/kc/mdqp/pssh_list_operate.html HTTP/1.1" 200 5308
58.37.225.51 - - [11/Jul/2021:10:38:05 +0800] "GET /xingrg/kc/buy/cgsh_order_operate.html?command=get_materiel&rest_code=00141&code=00102014087&supplier_code=00100450&order_time=2021-07-11 HTTP/1.1" 200 403
180.157.255.9 - - [11/Jul/2021:10:38:06 +0800] "GET /xingrg/kc/buy/cgsh_order_operate.html?command=get_materiel&rest_code=00148&code=00101001010&supplier_code=00100036&order_time=2021-07-11 HTTP/1.1" 200 409
120.253.135.82 - - [11/Jul/2021:10:38:07 +0800] "POST /xingrg/kc/pszx/mdps_order_operate.html HTTP/1.1" 200 37
58.37.5.217 - - [11/Jul/2021:10:38:08 +0800] "GET /xingrg/all/function/internal_message.html?_=1625971625683&CODE_STATE=getMsg HTTP/1.1" 200 27
120.253.135.82 - - [11/Jul/2021:10:38:10 +0800] "POST /xingrg/kc/pszx/mdps_order_operate.html HTTP/1.1" 200 12
58.39.169.16 - - [11/Jul/2021:10:38:12 +0800] "GET /xingrg/kc/buy/cgsh_order_operate.html?command=get_materiel&rest_code=00105&code=00101003040&supplier_code=00100093&order_time=2021-07-11 HTTP/1.1" 200 416
58.37.5.217 - - [11/Jul/2021:10:38:12 +0800] "GET /xingrg/kc/buy/cgsh_order_operate.html?command=get_materiel&rest_code=00106&code=00101009016&supplier_code=00100022&order_time=2021-07-11 HTTP/1.1" 200 414
116.235.222.38 - - [11/Jul/2021:10:38:12 +0800] "GET /xingrg/kc/buy/cgsh_order_operate.html?command=get_materiel&rest_code=00107&code=00101008358&supplier_code=00100006&order_time=2021-07-11 HTTP/1.1" 200 412
222.70.176.145 - - [11/Jul/2021:10:38:14 +0800] "GET /xingrg/kc/buy/cgsh_order_operate.html?command=get_materiel&rest_code=00111&code=00101001051&supplier_code=00100094&order_time=2021-07-10 HTTP/1.1" 200 422
58.37.225.51 - - [11/Jul/2021:10:38:14 +0800] "GET /xingrg/kc/buy/cgsh_order_operate.html?command=get_materiel&rest_code=00141&code=00101008568&supplier_code=00100450&order_time=2021-07-11 HTTP/1.1" 200 399
183.192.94.21 - - [11/Jul/2021:10:38:16 +0800] "GET /xingrg/all/function/internal_message.html?_=1625971096039&CODE_STATE=getMsg HTTP/1.1" 302 -
120.253.135.82 - - [11/Jul/2021:10:38:17 +0800] "GET /xingrg/kc/pszx/mdps_order_info.html?code=312021071000217 HTTP/1.1" 200 19585
120.253.135.82 - - [11/Jul/2021:10:38:18 +0800] "GET /xingrg/javascript/easyui/themes/default/validatebox.css HTTP/1.1" 404 1104
120.253.135.82 - - [11/Jul/2021:10:38:18 +0800] "POST /xingrg/kc/pszx/mdps_order_operate.html HTTP/1.1" 200 3012
116.235.222.38 - - [11/Jul/2021:10:38:22 +0800] "GET /xingrg/kc/buy/cgsh_order_operate.html?command=get_materiel&rest_code=00107&code=00101008084&supplier_code=00100006&order_time=2021-07-11 HTTP/1.1" 200 412
120.253.135.82 - - [11/Jul/2021:10:38:22 +0800] "POST /xingrg/kc/pszx/mdps_list_operate.html HTTP/1.1" 200 3855
58.37.225.51 - - [11/Jul/2021:10:38:25 +0800] "GET /xingrg/all/function/internal_message.html?_=1625971023481&CODE_STATE=getMsg HTTP/1.1" 200 27
116.235.222.38 - - [11/Jul/2021:10:38:27 +0800] "POST /xingrg/kc/buy/cgsh_order_operate.html HTTP/1.1" 200 2065
180.156.224.123 - - [11/Jul/2021:10:38:27 +0800] "GET /xingrg/all/function/internal_message.html?_=1625971107224&CODE_STATE=getMsg HTTP/1.1" 200 27
58.37.5.217 - - [11/Jul/2021:10:38:27 +0800] "GET /xingrg/kc/buy/cgsh_order_operate.html?command=get_materiel&rest_code=00106&code=00101009118&supplier_code=00100022&order_time=2021-07-11 HTTP/1.1" 200 393
120.253.135.82 - - [11/Jul/2021:10:38:28 +0800] "GET /xingrg/check_reg.html?_=1625970889498 HTTP/1.1" 200 22
116.230.117.165 - - [11/Jul/2021:10:38:29 +0800] "GET /xingrg/check_reg.html?_=1625971110510 HTTP/1.1" 200 22
58.37.5.217 - - [11/Jul/2021:10:38:29 +0800] "GET /xingrg/kc/buy/cgsh_order_operate.html?command=get_materiel&rest_code=00106&code=00101010309&supplier_code=00100091&order_time=2021-07-11 HTTP/1.1" 200 423
120.253.135.82 - - [11/Jul/2021:10:38:29 +0800] "POST /xingrg/kc/pszx/mdps_list_operate.html HTTP/1.1" 200 624
120.253.135.82 - - [11/Jul/2021:10:38:30 +0800] "GET /xingrg/kc/pszx/mdps_order_info.html?code=312021071100243 HTTP/1.1" 200 23925
120.253.135.82 - - [11/Jul/2021:10:38:30 +0800] "GET /xingrg/all/function/internal_message.html?_=1625970892120&CODE_STATE=getMsg HTTP/1.1" 200 27
120.253.135.82 - - [11/Jul/2021:10:38:30 +0800] "GET /xingrg/javascript/easyui/themes/default/validatebox.css HTTP/1.1" 404 1104
120.253.135.82 - - [11/Jul/2021:10:38:31 +0800] "POST /xingrg/kc/pszx/mdps_order_operate.html HTTP/1.1" 200 6345
180.169.147.146 - - [11/Jul/2021:10:38:31 +0800] "GET /xingrg/all/function/internal_message.html?_=1625971111314&CODE_STATE=getMsg HTTP/1.1" 200 27
116.230.117.165 - - [11/Jul/2021:10:38:32 +0800] "GET /xingrg/all/function/internal_message.html?_=1625971113535&CODE_STATE=getMsg HTTP/1.1" 200 27
58.39.169.16 - - [11/Jul/2021:10:38:33 +0800] "POST /xingrg/kc/buy/cgsh_order_operate.html HTTP/1.1" 200 37
180.169.147.146 - - [11/Jul/2021:10:38:34 +0800] "GET /xingrg/all/function/internal_message.html?_=1625971113457&CODE_STATE=getMsg HTTP/1.1" 200 27
120.253.135.82 - - [11/Jul/2021:10:38:34 +0800] "POST /xingrg/kc/pszx/mdps_order_operate.html HTTP/1.1" 200 37
58.39.169.16 - - [11/Jul/2021:10:38:35 +0800] "POST /xingrg/kc/buy/cgsh_order_operate.html HTTP/1.1" 200 2665
222.69.129.2 - - [11/Jul/2021:10:38:35 +0800] "GET /xingrg/all/function/internal_message.html?_=1625971114845&CODE_STATE=getMsg HTTP/1.1" 200 27
58.37.225.51 - - [11/Jul/2021:10:38:36 +0800] "GET /xingrg/kc/buy/cgsh_order_operate.html?command=get_materiel&rest_code=00141&code=00101015113&supplier_code=00100450&order_time=2021-07-11 HTTP/1.1" 200 403
116.235.222.38 - - [11/Jul/2021:10:38:36 +0800] "GET /xingrg/kc/buy/cgsh_order_operate.html?command=get_materiel&rest_code=00107&code=00101008246&supplier_code=00100006&order_time=2021-07-11 HTTP/1.1" 200 408
58.39.169.16 - - [11/Jul/2021:10:38:36 +0800] "GET /xingrg/kc/print/load_data.html?order_code=212021071104731&kc_code=cgsh&condition= HTTP/1.1" 200 730
120.253.135.82 - - [11/Jul/2021:10:38:37 +0800] "POST /xingrg/kc/pszx/mdps_order_operate.html HTTP/1.1" 200 12
222.70.176.145 - - [11/Jul/2021:10:38:39 +0800] "GET /xingrg/all/function/internal_message.html?_=1625971113590&CODE_STATE=getMsg HTTP/1.1" 200 27
222.70.176.145 - - [11/Jul/2021:10:38:39 +0800] "GET /xingrg/check_reg.html?_=1625971113594 HTTP/1.1" 200 22
58.39.169.16 - - [11/Jul/2021:10:38:40 +0800] "GET /xingrg/kc/buy/cgsh_order_add.html HTTP/1.1" 200 62722
58.39.169.16 - - [11/Jul/2021:10:38:40 +0800] "POST /xingrg/kc/buy/cgsh_order_operate.html HTTP/1.1" 200 8245
58.39.169.16 - - [11/Jul/2021:10:38:40 +0800] "GET /xingrg/javascript/easyui/themes/default/validatebox.css HTTP/1.1" 404 1104
120.253.135.82 - - [11/Jul/2021:10:38:40 +0800] "GET /xingrg/kc/pszx/mdps_order_info.html?code=312021071100243 HTTP/1.1" 200 19585
180.169.147.146 - - [11/Jul/2021:10:38:41 +0800] "GET /xingrg/all/function/internal_message.html?_=1625971130546&CODE_STATE=getMsg HTTP/1.1" 200 27
120.253.135.82 - - [11/Jul/2021:10:38:41 +0800] "GET /xingrg/javascript/easyui/themes/default/validatebox.css HTTP/1.1" 404 1104
120.253.135.82 - - [11/Jul/2021:10:38:41 +0800] "POST /xingrg/kc/pszx/mdps_order_operate.html HTTP/1.1" 200 4530
222.70.176.145 - - [11/Jul/2021:10:38:41 +0800] "POST /xingrg/kc/buy/cgsh_order_operate.html HTTP/1.1" 200 37
222.70.176.145 - - [11/Jul/2021:10:38:43 +0800] "POST /xingrg/kc/buy/cgsh_order_operate.html HTTP/1.1" 200 3266
120.253.135.82 - - [11/Jul/2021:10:38:43 +0800] "POST /xingrg/kc/pszx/mdps_list_operate.html HTTP/1.1" 200 3493
180.157.255.9 - - [11/Jul/2021:10:38:44 +0800] "GET /xingrg/kc/buy/cgsh_order_operate.html?command=get_materiel&rest_code=00148&code=00101010645&supplier_code=00100036&order_time=2021-07-11 HTTP/1.1" 200 416
180.169.147.146 - - [11/Jul/2021:10:38:45 +0800] "GET /xingrg/all/function/internal_message.html?_=1625971124159&CODE_STATE=getMsg HTTP/1.1" 200 27
180.157.255.9 - - [11/Jul/2021:10:38:46 +0800] "GET /xingrg/all/function/internal_message.html?_=1625971125460&CODE_STATE=getMsg HTTP/1.1" 200 27
180.157.255.9 - - [11/Jul/2021:10:38:46 +0800] "GET /xingrg/check_reg.html?_=1625971125462 HTTP/1.1" 200 22
58.37.5.217 - - [11/Jul/2021:10:38:47 +0800] "GET /xingrg/all/function/internal_message.html?_=1625971122310&CODE_STATE=getMsg HTTP/1.1" 200 27
120.253.135.82 - - [11/Jul/2021:10:38:48 +0800] "POST /xingrg/kc/pszx/mdps_list_operate.html HTTP/1.1" 200 298
120.253.135.82 - - [11/Jul/2021:10:38:49 +0800] "GET /xingrg/kc/pszx/mdps_order_info.html?code=312021071000241 HTTP/1.1" 200 23925
120.253.135.82 - - [11/Jul/2021:10:38:49 +0800] "GET /xingrg/javascript/easyui/themes/default/validatebox.css HTTP/1.1" 404 1104
120.253.135.82 - - [11/Jul/2021:10:38:49 +0800] "POST /xingrg/kc/pszx/mdps_order_operate.html HTTP/1.1" 200 2796
58.37.5.217 - - [11/Jul/2021:10:38:50 +0800] "POST /xingrg/kc/buy/cgsh_order_operate.html HTTP/1.1" 200 37
120.253.135.82 - - [11/Jul/2021:10:38:51 +0800] "GET /xingrg/all/function/internal_message.html?_=1625971166980&CODE_STATE=getMsg HTTP/1.1" 200 27
116.235.222.38 - - [11/Jul/2021:10:38:51 +0800] "GET /xingrg/all/function/internal_message.html?_=1625971131530&CODE_STATE=getMsg HTTP/1.1" 200 27
116.230.110.80 - - [11/Jul/2021:10:38:52 +0800] "POST /xingrg/kc/buy/cgsh_list_operate.html HTTP/1.1" 200 9720
58.39.169.16 - - [11/Jul/2021:10:38:52 +0800] "GET /xingrg/kc/buy/cgsh_order_operate.html?command=get_materiel&rest_code=00105&code=00101004038&supplier_code=00100312&order_time=2021-07-11 HTTP/1.1" 200 429
120.253.135.82 - - [11/Jul/2021:10:38:53 +0800] "POST /xingrg/kc/pszx/mdps_order_operate.html HTTP/1.1" 200 37
116.235.222.38 - - [11/Jul/2021:10:38:55 +0800] "GET /xingrg/kc/buy/cgsh_order_operate.html?command=get_materiel&rest_code=00107&code=00101008126&supplier_code=00100006&order_time=2021-07-11 HTTP/1.1" 200 412
120.253.135.82 - - [11/Jul/2021:10:38:56 +0800] "POST /xingrg/kc/pszx/mdps_order_operate.html HTTP/1.1" 200 12
180.157.255.9 - - [11/Jul/2021:10:38:57 +0800] "GET /xingrg/kc/buy/cgsh_order_operate.html?command=get_materiel&rest_code=00148&code=00101012010&supplier_code=00100036&order_time=2021-07-11 HTTP/1.1" 200 409
58.37.5.217 - - [11/Jul/2021:10:38:59 +0800] "GET /xingrg/kc/buy/cgsh_order_operate.html?command=get_materiel&rest_code=00106&code=00101002006&supplier_code=00100091&order_time=2021-07-11 HTTP/1.1" 200 413
116.230.110.80 - - [11/Jul/2021:10:38:59 +0800] "GET /xingrg/all/function/internal_message.html?_=1625971139089&CODE_STATE=getMsg HTTP/1.1" 200 27
120.253.135.82 - - [11/Jul/2021:10:39:00 +0800] "GET /xingrg/all/function/internal_message.html?_=1625971265583&CODE_STATE=getMsg HTTP/1.1" 200 27
58.37.5.217 - - [11/Jul/2021:10:39:01 +0800] "POST /xingrg/kc/buy/cgsh_order_operate.html HTTP/1.1" 200 12
120.253.135.82 - - [11/Jul/2021:10:39:02 +0800] "GET /xingrg/kc/pszx/mdps_order_info.html?code=312021071000241 HTTP/1.1" 200 19585
117.184.7.26 - - [11/Jul/2021:10:39:03 +0800] "GET /xingrg/all/function/internal_message.html?_=1625971142358&CODE_STATE=getMsg HTTP/1.1" 200 27
116.230.110.80 - - [11/Jul/2021:10:39:03 +0800] "POST /xingrg/kc/buy/cgsh_list_operate.html HTTP/1.1" 200 9720
120.253.135.82 - - [11/Jul/2021:10:39:03 +0800] "POST /xingrg/kc/pszx/mdps_order_operate.html HTTP/1.1" 200 1009
120.253.135.82 - - [11/Jul/2021:10:39:03 +0800] "GET /xingrg/javascript/easyui/themes/default/validatebox.css HTTP/1.1" 404 1104
58.40.7.146 - - [11/Jul/2021:10:39:03 +0800] "GET /xingrg/all/function/internal_message.html?_=1625971143205&CODE_STATE=getMsg HTTP/1.1" 200 27
58.37.5.217 - - [11/Jul/2021:10:39:04 +0800] "GET /xingrg/kc/buy/cgsh_order_info.html?code=212021071104733 HTTP/1.1" 200 57589
58.39.169.16 - - [11/Jul/2021:10:39:04 +0800] "GET /xingrg/check_reg.html?_=1625971145997 HTTP/1.1" 200 22
58.37.5.217 - - [11/Jul/2021:10:39:05 +0800] "GET /xingrg/javascript/easyui/themes/default/validatebox.css HTTP/1.1" 404 1104
116.235.222.38 - - [11/Jul/2021:10:39:05 +0800] "GET /xingrg/kc/buy/cgsh_order_operate.html?command=get_materiel&rest_code=00107&code=00101008169&supplier_code=00100006&order_time=2021-07-11 HTTP/1.1" 200 412
58.37.5.217 - - [11/Jul/2021:10:39:06 +0800] "POST /xingrg/kc/buy/cgsh_order_operate.html HTTP/1.1" 200 2374
120.253.135.82 - - [11/Jul/2021:10:39:06 +0800] "POST /xingrg/kc/pszx/mdps_list_operate.html HTTP/1.1" 200 3131
58.37.5.217 - - [11/Jul/2021:10:39:07 +0800] "GET /xingrg/kc/print/load_data.html?order_code=212021071104733&kc_code=cgsh&condition= HTTP/1.1" 200 1404
58.37.5.217 - - [11/Jul/2021:10:39:08 +0800] "GET /xingrg/all/function/internal_message.html?_=1625971685653&CODE_STATE=getMsg HTTP/1.1" 200 27
120.253.135.82 - - [11/Jul/2021:10:39:09 +0800] "POST /xingrg/kc/pszx/mdps_list_operate.html HTTP/1.1" 200 605
120.253.135.82 - - [11/Jul/2021:10:39:09 +0800] "GET /xingrg/kc/pszx/mdps_order_info.html?code=312021071000218 HTTP/1.1" 200 23925
120.253.135.82 - - [11/Jul/2021:10:39:10 +0800] "POST /xingrg/kc/pszx/mdps_order_operate.html HTTP/1.1" 200 5277
120.253.135.82 - - [11/Jul/2021:10:39:10 +0800] "GET /xingrg/javascript/easyui/themes/default/validatebox.css HTTP/1.1" 404 1104
116.230.110.80 - - [11/Jul/2021:10:39:12 +0800] "POST /xingrg/kc/buy/cgsh_list_operate.html HTTP/1.1" 200 583
58.37.225.51 - - [11/Jul/2021:10:39:12 +0800] "POST /xingrg/kc/buy/cgsh_order_operate.html HTTP/1.1" 200 37
180.174.226.65 - - [11/Jul/2021:10:39:13 +0800] "POST /xingrg/login.do HTTP/1.1" 302 -
180.174.226.65 - - [11/Jul/2021:10:39:13 +0800] "GET /xingrg/javascript/jquery_easy_ui/themes/default/easyui.css HTTP/1.1" 304 -
180.174.226.65 - - [11/Jul/2021:10:39:13 +0800] "GET /xingrg/index.html?sysBaseUrl=http%3A%2F%2F180.169.147.146%3A18081%2Fxingrg%2F&costTime=64×tamp=1625971153444 HTTP/1.1" 200 17173
180.174.226.65 - - [11/Jul/2021:10:39:13 +0800] "GET /xingrg/javascript/jquery_easy_ui/themes/icon.css HTTP/1.1" 304 -
180.174.226.65 - - [11/Jul/2021:10:39:13 +0800] "GET /xingrg/css/form.css HTTP/1.1" 304 -
180.174.226.65 - - [11/Jul/2021:10:39:13 +0800] "GET /xingrg/javascript/jquery-1.4.2.min.js HTTP/1.1" 304 -
180.174.226.65 - - [11/Jul/2021:10:39:13 +0800] "GET /xingrg/javascript/jquery_easy_ui/jquery.easyui.min.js HTTP/1.1" 304 -
180.174.226.65 - - [11/Jul/2021:10:39:13 +0800] "GET /xingrg/javascript/jquery_easy_ui/easyui-lang-zh_CN.js HTTP/1.1" 304 -
180.174.226.65 - - [11/Jul/2021:10:39:13 +0800] "GET /xingrg/javascript/jquery.form.js HTTP/1.1" 304 -
180.174.226.65 - - [11/Jul/2021:10:39:13 +0800] "GET /xingrg/javascript/jquery.utils.js HTTP/1.1" 304 -
180.174.226.65 - - [11/Jul/2021:10:39:13 +0800] "GET /xingrg/javascript/jquery.timers.js HTTP/1.1" 304 -
116.230.110.80 - - [11/Jul/2021:10:39:13 +0800] "GET /xingrg/kc/buy/cgsh_order_info.html?code=212021070903856 HTTP/1.1" 200 62656
180.174.226.65 - - [11/Jul/2021:10:39:13 +0800] "GET /xingrg/javascript/jquery_easy_ui/themes/icons/settle_new.png HTTP/1.1" 304 -
180.174.226.65 - - [11/Jul/2021:10:39:13 +0800] "GET /xingrg/images/blue/navBackgound.jpg HTTP/1.1" 304 -
180.174.226.65 - - [11/Jul/2021:10:39:13 +0800] "GET /favicon.ico HTTP/1.1" 404 -
180.174.226.65 - - [11/Jul/2021:10:39:13 +0800] "GET /xingrg/images/blue/pingpu.png HTTP/1.1" 304 -
180.174.226.65 - - [11/Jul/2021:10:39:13 +0800] "GET /xingrg/javascript/jquery_easy_ui/themes/default/images/tabs_leftarrow.png HTTP/1.1" 304 -
180.174.226.65 - - [11/Jul/2021:10:39:13 +0800] "GET /xingrg/javascript/jquery_easy_ui/themes/default/images/tabs_rightarrow.png HTTP/1.1" 304 -
180.174.226.65 - - [11/Jul/2021:10:39:13 +0800] "POST /xingrg/all/common/load_tree.html?tree=area_rest_tree_json&manage=1 HTTP/1.1" 200 342
180.174.226.65 - - [11/Jul/2021:10:39:13 +0800] "GET /xingrg/javascript/jquery_easy_ui/themes/default/images/panel_tool_collapse.gif HTTP/1.1" 304 -
116.230.110.80 - - [11/Jul/2021:10:39:13 +0800] "GET /xingrg/javascript/easyui/themes/default/validatebox.css HTTP/1.1" 404 1104
180.174.226.65 - - [11/Jul/2021:10:39:13 +0800] "GET /xingrg/all/function/internal_message.html?_=1625971153623&CODE_STATE=count HTTP/1.1" 200 11
180.174.226.65 - - [11/Jul/2021:10:39:13 +0800] "GET /xingrg/check_reg.html?_=1625971153625 HTTP/1.1" 200 22
180.174.226.65 - - [11/Jul/2021:10:39:13 +0800] "GET /xingrg/javascript/jquery_easy_ui/themes/default/images/tree_arrows.gif HTTP/1.1" 304 -
180.174.226.65 - - [11/Jul/2021:10:39:13 +0800] "POST /xingrg/load_menu.html HTTP/1.1" 200 5138
180.174.226.65 - - [11/Jul/2021:10:39:14 +0800] "GET /xingrg/javascript/jquery_easy_ui/themes/default/images/tree_folder_open.gif HTTP/1.1" 304 -
180.174.226.65 - - [11/Jul/2021:10:39:14 +0800] "GET /xingrg/javascript/jquery_easy_ui/themes/default/images/tree_folder.gif HTTP/1.1" 304 -
180.174.226.65 - - [11/Jul/2021:10:39:14 +0800] "GET /xingrg/javascript/jquery_easy_ui/themes/icons/search_new.png HTTP/1.1" 304 -
180.174.226.65 - - [11/Jul/2021:10:39:14 +0800] "GET /xingrg/javascript/jquery_easy_ui/themes/icons/storage_new.png HTTP/1.1" 304 -
180.174.226.65 - - [11/Jul/2021:10:39:14 +0800] "GET /xingrg/javascript/jquery_easy_ui/themes/icons/forms_new.png HTTP/1.1" 304 -
180.174.226.65 - - [11/Jul/2021:10:39:14 +0800] "GET /xingrg/javascript/jquery_easy_ui/themes/default/images/tree_file.gif HTTP/1.1" 304 -
116.230.110.80 - - [11/Jul/2021:10:39:14 +0800] "POST /xingrg/kc/buy/cgsh_order_operate.html HTTP/1.1" 200 6836
180.174.226.65 - - [11/Jul/2021:10:39:15 +0800] "GET /xingrg/javascript/jquery_easy_ui/themes/default/images/tabs_close.gif HTTP/1.1" 304 -
180.174.226.65 - - [11/Jul/2021:10:39:15 +0800] "GET /xingrg/kc/buy/cgsh_order_list.html HTTP/1.1" 200 46937
180.174.226.65 - - [11/Jul/2021:10:39:15 +0800] "GET /xingrg/css/base.css HTTP/1.1" 304 -
180.174.226.65 - - [11/Jul/2021:10:39:15 +0800] "GET /xingrg/css/site.css HTTP/1.1" 304 -
180.174.226.65 - - [11/Jul/2021:10:39:15 +0800] "GET /xingrg/javascript/jquery_tools/datebox.css HTTP/1.1" 304 -
180.174.226.65 - - [11/Jul/2021:10:39:15 +0800] "GET /xingrg/javascript/easyui/themes/default/easyui.css HTTP/1.1" 304 -
180.174.226.65 - - [11/Jul/2021:10:39:15 +0800] "GET /xingrg/javascript/easyui/themes/icon.css HTTP/1.1" 304 -
180.174.226.65 - - [11/Jul/2021:10:39:15 +0800] "GET /xingrg/javascript/jquery_tools/fix.css HTTP/1.1" 304 -
180.174.226.65 - - [11/Jul/2021:10:39:15 +0800] "GET /xingrg/javascript/auto/jquery.autocomplete.css HTTP/1.1" 304 -
180.174.226.65 - - [11/Jul/2021:10:39:15 +0800] "GET /xingrg/javascript/jquery_tools/table.css HTTP/1.1" 304 -
180.174.226.65 - - [11/Jul/2021:10:39:15 +0800] "GET /xingrg/javascript/jquery_tools/jquery.tools.min.js HTTP/1.1" 304 -
180.174.226.65 - - [11/Jul/2021:10:39:15 +0800] "GET /xingrg/javascript/jquery_tools/jquery.tools.extend.js HTTP/1.1" 304 -
180.174.226.65 - - [11/Jul/2021:10:39:15 +0800] "GET /xingrg/javascript/jquery_tools/jquery.tools.hotkey.js HTTP/1.1" 304 -
180.174.226.65 - - [11/Jul/2021:10:39:15 +0800] "GET /xingrg/javascript/jquery_tools/jquery.tools.table.js HTTP/1.1" 304 -
180.174.226.65 - - [11/Jul/2021:10:39:15 +0800] "GET /xingrg/javascript/jquery_tools/list_manager.js HTTP/1.1" 304 -
180.174.226.65 - - [11/Jul/2021:10:39:15 +0800] "GET /xingrg/javascript/auto/jquery.autocomplete.js HTTP/1.1" 304 -
180.174.226.65 - - [11/Jul/2021:10:39:15 +0800] "GET /xingrg/javascript/easyui/easyloader.js HTTP/1.1" 304 -
180.174.226.65 - - [11/Jul/2021:10:39:15 +0800] "GET /xingrg/javascript/jquery.cookie.js HTTP/1.1" 304 -
180.174.226.65 - - [11/Jul/2021:10:39:15 +0800] "GET /xingrg/javascript/print/LodopFuncs.js HTTP/1.1" 304 -
180.174.226.65 - - [11/Jul/2021:10:39:15 +0800] "GET /xingrg/javascript/easyui/themes/icons/edit_add_new.png HTTP/1.1" 304 -
180.174.226.65 - - [11/Jul/2021:10:39:15 +0800] "GET /xingrg/javascript/easyui/themes/icons/cance_new.png HTTP/1.1" 304 -
180.174.226.65 - - [11/Jul/2021:10:39:15 +0800] "GET /xingrg/javascript/easyui/themes/icons/check_new.png HTTP/1.1" 304 -
180.174.226.65 - - [11/Jul/2021:10:39:15 +0800] "GET /xingrg/javascript/easyui/themes/icons/field_new.png HTTP/1.1" 304 -
180.174.226.65 - - [11/Jul/2021:10:39:15 +0800] "GET /xingrg/javascript/easyui/themes/icons/import_new.png HTTP/1.1" 304 -
180.174.226.65 - - [11/Jul/2021:10:39:15 +0800] "GET /xingrg/javascript/easyui/plugins/jquery.parser.js HTTP/1.1" 304 -
180.174.226.65 - - [11/Jul/2021:10:39:15 +0800] "GET /xingrg/images/control/ajaxLoader.gif HTTP/1.1" 304 -
180.174.226.65 - - [11/Jul/2021:10:39:15 +0800] "GET /xingrg/javascript/jquery_easy_ui/themes/icons/area.png HTTP/1.1" 304 -
180.174.226.65 - - [11/Jul/2021:10:39:15 +0800] "GET /xingrg/javascript/jquery_easy_ui/themes/icons/rest.png HTTP/1.1" 304 -
116.235.222.38 - - [11/Jul/2021:10:39:15 +0800] "GET /xingrg/kc/buy/cgsh_order_operate.html?command=get_materiel&rest_code=00107&code=00101008098&supplier_code=00100006&order_time=2021-07-11 HTTP/1.1" 200 412
183.192.94.21 - - [11/Jul/2021:10:39:16 +0800] "GET /xingrg/all/function/internal_message.html?_=1625971156040&CODE_STATE=getMsg HTTP/1.1" 302 -
58.37.225.51 - - [11/Jul/2021:10:39:18 +0800] "POST /xingrg/kc/buy/cgsh_order_operate.html HTTP/1.1" 200 12
180.157.255.9 - - [11/Jul/2021:10:39:18 +0800] "GET /xingrg/kc/buy/cgsh_order_operate.html?command=get_materiel&rest_code=00148&code=00101016053&supplier_code=00100036&order_time=2021-07-11 HTTP/1.1" 200 408
58.39.169.16 - - [11/Jul/2021:10:39:18 +0800] "GET /xingrg/kc/buy/cgsh_order_operate.html?command=get_materiel&rest_code=00105&code=00101004067&supplier_code=00100312&order_time=2021-07-11 HTTP/1.1" 200 433
116.235.222.38 - - [11/Jul/2021:10:39:19 +0800] "POST /xingrg/kc/buy/cgsh_order_operate.html HTTP/1.1" 200 2065
180.174.226.65 - - [11/Jul/2021:10:39:20 +0800] "POST /xingrg/kc/buy/cgsh_list_operate.html HTTP/1.1" 200 1688
58.37.225.51 - - [11/Jul/2021:10:39:20 +0800] "GET /xingrg/kc/buy/cgsh_order_info.html?code=212021071104734 HTTP/1.1" 200 57601
58.37.225.51 - - [11/Jul/2021:10:39:20 +0800] "GET /xingrg/javascript/easyui/themes/default/validatebox.css HTTP/1.1" 404 1104
58.37.225.51 - - [11/Jul/2021:10:39:22 +0800] "POST /xingrg/kc/buy/cgsh_order_operate.html HTTP/1.1" 200 4765
180.174.226.65 - - [11/Jul/2021:10:39:22 +0800] "POST /xingrg/kc/buy/cgsh_list_operate.html HTTP/1.1" 200 280
180.174.226.65 - - [11/Jul/2021:10:39:23 +0800] "GET /xingrg/javascript/pic_change.js HTTP/1.1" 304 -
180.174.226.65 - - [11/Jul/2021:10:39:23 +0800] "GET /xingrg/javascript/convert.js HTTP/1.1" 304 -
180.174.226.65 - - [11/Jul/2021:10:39:23 +0800] "GET /xingrg/javascript/jquery_tools/order_manager.js HTTP/1.1" 304 -
180.174.226.65 - - [11/Jul/2021:10:39:23 +0800] "GET /xingrg/javascript/json2.js HTTP/1.1" 304 -
180.174.226.65 - - [11/Jul/2021:10:39:23 +0800] "GET /xingrg/javascript/print/kc_print.js HTTP/1.1" 304 -
180.174.226.65 - - [11/Jul/2021:10:39:23 +0800] "GET /xingrg/javascript/easyui/themes/icons/copy_new.png HTTP/1.1" 304 -
180.174.226.65 - - [11/Jul/2021:10:39:23 +0800] "GET /xingrg/javascript/easyui/themes/icons/template_new.png HTTP/1.1" 304 -
180.174.226.65 - - [11/Jul/2021:10:39:23 +0800] "GET /xingrg/kc/buy/cgsh_order_info.html?code=212021071104730 HTTP/1.1" 200 62649
180.174.226.65 - - [11/Jul/2021:10:39:23 +0800] "GET /xingrg/words/20210710154117_words.js HTTP/1.1" 304 -
180.174.226.65 - - [11/Jul/2021:10:39:23 +0800] "GET /xingrg/javascript/easyui/themes/icons/ok.png HTTP/1.1" 304 -
180.174.226.65 - - [11/Jul/2021:10:39:23 +0800] "GET /xingrg/javascript/easyui/themes/icons/print.png HTTP/1.1" 304 -
180.174.226.65 - - [11/Jul/2021:10:39:23 +0800] "GET /xingrg/javascript/easyui/themes/default/images/menu_downarrow.png HTTP/1.1" 304 -
180.174.226.65 - - [11/Jul/2021:10:39:23 +0800] "GET /xingrg/javascript/easyui/themes/icons/cancel.png HTTP/1.1" 304 -
120.253.135.82 - - [11/Jul/2021:10:39:23 +0800] "POST /xingrg/kc/pszx/mdps_order_operate.html HTTP/1.1" 200 37
180.174.226.65 - - [11/Jul/2021:10:39:23 +0800] "GET /xingrg/all/common/auto_word.html?type=employee&rest_code=00102 HTTP/1.1" 200 189
180.174.226.65 - - [11/Jul/2021:10:39:23 +0800] "GET /xingrg/all/common/auto_word.html?type=employee&rest_code=00102 HTTP/1.1" 200 189
180.174.226.65 - - [11/Jul/2021:10:39:23 +0800] "GET /xingrg/javascript/easyui/themes/default/validatebox.css HTTP/1.1" 404 1104
180.174.226.65 - - [11/Jul/2021:10:39:23 +0800] "GET /xingrg/javascript/easyui/plugins/jquery.validatebox.js HTTP/1.1" 304 -
180.174.226.65 - - [11/Jul/2021:10:39:23 +0800] "GET /xingrg/javascript/easyui/plugins/jquery.numberbox.js HTTP/1.1" 304 -
180.174.226.65 - - [11/Jul/2021:10:39:24 +0800] "POST /xingrg/kc/buy/cgsh_order_operate.html HTTP/1.1" 200 3257
180.174.226.65 - - [11/Jul/2021:10:39:24 +0800] "GET /xingrg/javascript/easyui/themes/icons/edit_remove.png HTTP/1.1" 304 -
180.174.226.65 - - [11/Jul/2021:10:39:25 +0800] "GET /xingrg/javascript/easyui/themes/default/images/button_plain_hover.png HTTP/1.1" 304 -
58.37.225.51 - - [11/Jul/2021:10:39:25 +0800] "GET /xingrg/all/function/internal_message.html?_=1625971083470&CODE_STATE=getMsg HTTP/1.1" 200 27
120.253.135.82 - - [11/Jul/2021:10:39:26 +0800] "POST /xingrg/kc/pszx/mdps_order_operate.html HTTP/1.1" 200 12
58.39.169.16 - - [11/Jul/2021:10:39:26 +0800] "GET /xingrg/kc/buy/cgsh_order_operate.html?command=get_materiel&rest_code=00105&code=00101004103&supplier_code=00100312&order_time=2021-07-11 HTTP/1.1" 200 399
120.253.135.82 - - [11/Jul/2021:10:39:27 +0800] "GET /xingrg/kc/pszx/mdps_order_info.html?code=312021071000218 HTTP/1.1" 200 19585
58.37.225.51 - - [11/Jul/2021:10:39:27 +0800] "GET /xingrg/kc/print/load_data.html?order_code=212021071104734&kc_code=cgsh&condition= HTTP/1.1" 200 2315
116.235.222.38 - - [11/Jul/2021:10:39:27 +0800] "GET /xingrg/kc/buy/cgsh_order_operate.html?command=get_materiel&rest_code=00107&code=00101008175&supplier_code=00100006&order_time=2021-07-11 HTTP/1.1" 200 412
58.39.169.16 - - [11/Jul/2021:10:39:27 +0800] "GET /favicon.ico HTTP/1.1" 404 -
120.253.135.82 - - [11/Jul/2021:10:39:27 +0800] "POST /xingrg/kc/pszx/mdps_order_operate.html HTTP/1.1" 200 3471
120.253.135.82 - - [11/Jul/2021:10:39:27 +0800] "GET /xingrg/javascript/easyui/themes/default/validatebox.css HTTP/1.1" 404 1104
180.156.224.123 - - [11/Jul/2021:10:39:27 +0800] "GET /xingrg/all/function/internal_message.html?_=1625971167196&CODE_STATE=getMsg HTTP/1.1" 200 27
116.230.110.80 - - [11/Jul/2021:10:39:28 +0800] "GET /xingrg/kc/buy/cgsh_order_operate.html?command=get_materiel&rest_code=00155&code=00101004027&supplier_code=00100312&order_time=2021-07-09 HTTP/1.1" 200 409
180.174.226.65 - - [11/Jul/2021:10:39:28 +0800] "POST /xingrg/kc/buy/cgsh_order_operate.html HTTP/1.1" 200 37
120.253.135.82 - - [11/Jul/2021:10:39:30 +0800] "GET /xingrg/all/function/internal_message.html?_=1625970952133&CODE_STATE=getMsg HTTP/1.1" 200 27
180.169.147.146 - - [11/Jul/2021:10:39:31 +0800] "GET /xingrg/all/function/internal_message.html?_=1625971171311&CODE_STATE=getMsg HTTP/1.1" 200 27
116.230.117.165 - - [11/Jul/2021:10:39:32 +0800] "GET /xingrg/all/function/internal_message.html?_=1625971173549&CODE_STATE=getMsg HTTP/1.1" 200 27
116.230.117.165 - - [11/Jul/2021:10:39:32 +0800] "POST /xingrg/kc/mdqp/pssh_list_operate.html HTTP/1.1" 200 2543
58.37.5.217 - - [11/Jul/2021:10:39:32 +0800] "POST /xingrg/kc/buy/cgsh_order_operate.html HTTP/1.1" 200 37
180.169.147.146 - - [11/Jul/2021:10:39:34 +0800] "GET /xingrg/all/function/internal_message.html?_=1625971173447&CODE_STATE=getMsg HTTP/1.1" 200 27
180.157.255.9 - - [11/Jul/2021:10:39:34 +0800] "GET /xingrg/kc/buy/cgsh_order_operate.html?command=get_materiel&rest_code=00148&code=00101001007&supplier_code=00100036&order_time=2021-07-11 HTTP/1.1" 200 412
58.39.169.16 - - [11/Jul/2021:10:39:35 +0800] "GET /xingrg/kc/buy/cgsh_order_operate.html?command=get_materiel&rest_code=00105&code=00101004027&supplier_code=00100312&order_time=2021-07-11 HTTP/1.1" 200 409
222.69.129.2 - - [11/Jul/2021:10:39:35 +0800] "GET /xingrg/all/function/internal_message.html?_=1625971174842&CODE_STATE=getMsg HTTP/1.1" 200 27
180.174.226.65 - - [11/Jul/2021:10:39:36 +0800] "POST /xingrg/kc/buy/cgsh_order_operate.html HTTP/1.1" 200 12
116.230.117.165 - - [11/Jul/2021:10:39:37 +0800] "POST /xingrg/kc/mdqp/pssh_list_operate.html HTTP/1.1" 200 5308
222.70.176.145 - - [11/Jul/2021:10:39:39 +0800] "GET /xingrg/all/function/internal_message.html?_=1625971173585&CODE_STATE=getMsg HTTP/1.1" 200 27
58.37.5.217 - - [11/Jul/2021:10:39:39 +0800] "POST /xingrg/kc/buy/cgsh_order_operate.html HTTP/1.1" 200 12
180.174.226.65 - - [11/Jul/2021:10:39:39 +0800] "GET /xingrg/kc/buy/cgsh_order_info.html?code=212021071104730 HTTP/1.1" 200 57548
180.174.226.65 - - [11/Jul/2021:10:39:40 +0800] "GET /xingrg/javascript/easyui/themes/default/validatebox.css HTTP/1.1" 404 1104
116.230.117.165 - - [11/Jul/2021:10:39:40 +0800] "POST /xingrg/kc/mdqp/pssh_list_operate.html HTTP/1.1" 200 5608
120.253.135.82 - - [11/Jul/2021:10:39:40 +0800] "POST /xingrg/kc/pszx/mdps_list_operate.html HTTP/1.1" 200 2769
58.37.5.217 - - [11/Jul/2021:10:39:41 +0800] "GET /xingrg/kc/buy/cgsh_order_info.html?code=212021071104735 HTTP/1.1" 200 57587
58.37.5.217 - - [11/Jul/2021:10:39:41 +0800] "GET /xingrg/javascript/easyui/themes/default/validatebox.css HTTP/1.1" 404 1104
180.174.226.65 - - [11/Jul/2021:10:39:41 +0800] "POST /xingrg/kc/buy/cgsh_order_operate.html HTTP/1.1" 200 1207
180.169.147.146 - - [11/Jul/2021:10:39:41 +0800] "GET /xingrg/all/function/internal_message.html?_=1625971190548&CODE_STATE=getMsg HTTP/1.1" 200 27
180.174.226.65 - - [11/Jul/2021:10:39:42 +0800] "GET /xingrg/kc/print/load_config.html?kc_code=cgsh HTTP/1.1" 200 1845
58.37.5.217 - - [11/Jul/2021:10:39:42 +0800] "POST /xingrg/kc/buy/cgsh_order_operate.html HTTP/1.1" 200 1817
180.174.226.65 - - [11/Jul/2021:10:39:42 +0800] "GET /xingrg/kc/print/load_data.html?order_code=212021071104730&kc_code=cgsh&condition= HTTP/1.1" 200 984
58.39.169.16 - - [11/Jul/2021:10:39:43 +0800] "GET /xingrg/kc/buy/cgsh_order_operate.html?command=get_materiel&rest_code=00105&code=00101004050&supplier_code=00100312&order_time=2021-07-11 HTTP/1.1" 200 411
120.253.135.82 - - [11/Jul/2021:10:39:44 +0800] "POST /xingrg/kc/pszx/mdps_list_operate.html HTTP/1.1" 200 361
58.37.5.217 - - [11/Jul/2021:10:39:45 +0800] "GET /xingrg/kc/print/load_data.html?order_code=212021071104735&kc_code=cgsh&condition= HTTP/1.1" 200 1248
180.169.147.146 - - [11/Jul/2021:10:39:45 +0800] "GET /xingrg/all/function/internal_message.html?_=1625971184147&CODE_STATE=getMsg HTTP/1.1" 200 27
180.169.147.146 - - [11/Jul/2021:10:39:45 +0800] "GET /xingrg/check_reg.html?_=1625971184150 HTTP/1.1" 200 22
120.253.135.82 - - [11/Jul/2021:10:39:45 +0800] "GET /xingrg/kc/pszx/mdps_order_info.html?code=312021071000225 HTTP/1.1" 200 23925
180.157.255.9 - - [11/Jul/2021:10:39:46 +0800] "GET /xingrg/all/function/internal_message.html?_=1625971185457&CODE_STATE=getMsg HTTP/1.1" 200 27
120.253.135.82 - - [11/Jul/2021:10:39:46 +0800] "GET /xingrg/javascript/easyui/themes/default/validatebox.css HTTP/1.1" 404 1104
120.253.135.82 - - [11/Jul/2021:10:39:46 +0800] "POST /xingrg/kc/pszx/mdps_order_operate.html HTTP/1.1" 200 3254
180.174.226.65 - - [11/Jul/2021:10:39:47 +0800] "GET /xingrg/kc/buy/cgsh_order_list.html HTTP/1.1" 200 46937
222.70.176.145 - - [11/Jul/2021:10:39:47 +0800] "POST /xingrg/kc/buy/cgsh_list_operate.html HTTP/1.1" 200 5377
58.37.5.217 - - [11/Jul/2021:10:39:47 +0800] "GET /xingrg/all/function/internal_message.html?_=1625971182283&CODE_STATE=getMsg HTTP/1.1" 200 27
180.174.226.65 - - [11/Jul/2021:10:39:48 +0800] "POST /xingrg/kc/buy/cgsh_list_operate.html HTTP/1.1" 200 876
222.70.176.145 - - [11/Jul/2021:10:39:49 +0800] "POST /xingrg/kc/buy/cgsh_list_operate.html HTTP/1.1" 200 203
120.253.135.82 - - [11/Jul/2021:10:39:49 +0800] "POST /xingrg/kc/pszx/mdps_order_operate.html HTTP/1.1" 200 37
58.37.5.217 - - [11/Jul/2021:10:39:51 +0800] "GET /xingrg/kc/buy/cgsh_order_add.html HTTP/1.1" 200 62675
58.37.5.217 - - [11/Jul/2021:10:39:51 +0800] "POST /xingrg/kc/buy/cgsh_order_operate.html HTTP/1.1" 200 8245
58.37.5.217 - - [11/Jul/2021:10:39:51 +0800] "GET /xingrg/javascript/easyui/themes/default/validatebox.css HTTP/1.1" 404 1104
120.253.135.82 - - [11/Jul/2021:10:39:51 +0800] "GET /xingrg/all/function/internal_message.html?_=1625971226982&CODE_STATE=getMsg HTTP/1.1" 200 27
116.235.222.38 - - [11/Jul/2021:10:39:51 +0800] "GET /xingrg/all/function/internal_message.html?_=1625971191511&CODE_STATE=getMsg HTTP/1.1" 200 27
120.253.135.82 - - [11/Jul/2021:10:39:53 +0800] "POST /xingrg/kc/pszx/mdps_order_operate.html HTTP/1.1" 200 12
222.70.176.145 - - [11/Jul/2021:10:39:53 +0800] "POST /xingrg/kc/buy/cgsh_list_operate.html HTTP/1.1" 200 277
222.70.176.145 - - [11/Jul/2021:10:39:53 +0800] "GET /xingrg/kc/buy/cgsh_order_info.html?code=212021071104702 HTTP/1.1" 200 62688
222.70.176.145 - - [11/Jul/2021:10:39:53 +0800] "GET /xingrg/javascript/easyui/themes/default/validatebox.css HTTP/1.1" 404 1104
58.37.5.217 - - [11/Jul/2021:10:39:54 +0800] "GET /xingrg/javascript/easyui/themes/default/tree.css HTTP/1.1" 404 1090
58.37.5.217 - - [11/Jul/2021:10:39:54 +0800] "POST /xingrg/all/common/load_tree.html?tree=supplier_tree_json&isDelete=1 HTTP/1.1" 200 56276
58.39.169.16 - - [11/Jul/2021:10:39:54 +0800] "GET /xingrg/kc/buy/cgsh_order_operate.html?command=get_materiel&rest_code=00105&code=00101005015&supplier_code=00100312&order_time=2021-07-11 HTTP/1.1" 200 409
222.70.176.145 - - [11/Jul/2021:10:39:54 +0800] "POST /xingrg/kc/buy/cgsh_order_operate.html HTTP/1.1" 200 3257
222.70.176.145 - - [11/Jul/2021:10:39:57 +0800] "GET /xingrg/kc/print/load_data.html?order_code=212021071104702&kc_code=cgsh&condition= HTTP/1.1" 200 907
120.253.135.82 - - [11/Jul/2021:10:39:57 +0800] "GET /xingrg/kc/pszx/mdps_order_info.html?code=312021071000225 HTTP/1.1" 200 19585
120.253.135.82 - - [11/Jul/2021:10:39:58 +0800] "POST /xingrg/kc/pszx/mdps_order_operate.html HTTP/1.1" 200 1468
120.253.135.82 - - [11/Jul/2021:10:39:58 +0800] "GET /xingrg/javascript/easyui/themes/default/validatebox.css HTTP/1.1" 404 1104
120.253.135.82 - - [11/Jul/2021:10:39:59 +0800] "POST /xingrg/kc/pszx/mdps_list_operate.html HTTP/1.1" 200 2407
116.230.110.80 - - [11/Jul/2021:10:39:59 +0800] "GET /xingrg/all/function/internal_message.html?_=1625971199062&CODE_STATE=getMsg HTTP/1.1" 200 27
120.253.135.82 - - [11/Jul/2021:10:40:00 +0800] "GET /xingrg/check_reg.html?_=1625971325405 HTTP/1.1" 200 22
120.253.135.82 - - [11/Jul/2021:10:40:00 +0800] "GET /xingrg/all/function/internal_message.html?_=1625971325597&CODE_STATE=getMsg HTTP/1.1" 200 27
116.230.110.80 - - [11/Jul/2021:10:40:02 +0800] "POST /xingrg/kc/buy/cgsh_order_operate.html HTTP/1.1" 200 37
117.184.7.26 - - [11/Jul/2021:10:40:03 +0800] "GET /xingrg/all/function/internal_message.html?_=1625971202347&CODE_STATE=getMsg HTTP/1.1" 200 27
58.39.169.16 - - [11/Jul/2021:10:40:03 +0800] "GET /xingrg/kc/buy/cgsh_order_operate.html?command=get_materiel&rest_code=00105&code=00101004020&supplier_code=00100312&order_time=2021-07-11 HTTP/1.1" 200 409
58.40.7.146 - - [11/Jul/2021:10:40:03 +0800] "GET /xingrg/all/function/internal_message.html?_=1625971203207&CODE_STATE=getMsg HTTP/1.1" 200 27
116.230.110.80 - - [11/Jul/2021:10:40:04 +0800] "POST /xingrg/kc/buy/cgsh_order_operate.html HTTP/1.1" 200 7430
116.235.222.38 - - [11/Jul/2021:10:40:04 +0800] "GET /xingrg/kc/buy/cgsh_order_operate.html?command=get_materiel&rest_code=00107&code=00101008186&supplier_code=00100006&order_time=2021-07-11 HTTP/1.1" 200 408
58.37.5.217 - - [11/Jul/2021:10:40:08 +0800] "GET /xingrg/all/function/internal_message.html?_=1625971745642&CODE_STATE=getMsg HTTP/1.1" 200 27
180.157.255.9 - - [11/Jul/2021:10:40:08 +0800] "GET /xingrg/kc/buy/cgsh_order_operate.html?command=get_materiel&rest_code=00148&code=00101016025&supplier_code=00100036&order_time=2021-07-11 HTTP/1.1" 200 408
120.253.135.82 - - [11/Jul/2021:10:40:09 +0800] "POST /xingrg/kc/pszx/mdps_list_operate.html HTTP/1.1" 200 423
58.37.5.217 - - [11/Jul/2021:10:40:09 +0800] "GET /xingrg/kc/buy/cgsh_order_operate.html?command=get_materiel&rest_code=00106&code=00101014078&supplier_code=00100211&order_time=2021-07-11 HTTP/1.1" 200 415
120.253.135.82 - - [11/Jul/2021:10:40:10 +0800] "POST /xingrg/kc/pszx/mdps_list_operate.html HTTP/1.1" 200 285
58.39.169.16 - - [11/Jul/2021:10:40:10 +0800] "GET /xingrg/kc/buy/cgsh_order_operate.html?command=get_materiel&rest_code=00105&code=00101004005&supplier_code=00100312&order_time=2021-07-11 HTTP/1.1" 200 410
120.253.135.82 - - [11/Jul/2021:10:40:12 +0800] "POST /xingrg/kc/pszx/mdps_list_operate.html HTTP/1.1" 200 205
116.230.110.80 - - [11/Jul/2021:10:40:13 +0800] "GET /xingrg/kc/print/load_config.html?kc_code=cgsh HTTP/1.1" 200 1845
180.174.226.65 - - [11/Jul/2021:10:40:13 +0800] "GET /xingrg/all/function/internal_message.html?_=1625971213650&CODE_STATE=getMsg HTTP/1.1" 200 27
116.230.110.80 - - [11/Jul/2021:10:40:13 +0800] "GET /xingrg/kc/print/load_data.html?order_code=212021070903856&kc_code=cgsh&condition= HTTP/1.1" 200 2522
183.192.94.21 - - [11/Jul/2021:10:40:16 +0800] "GET /xingrg/all/function/internal_message.html?_=1625971216061&CODE_STATE=getMsg HTTP/1.1" 302 -
183.192.94.21 - - [11/Jul/2021:10:40:16 +0800] "GET /xingrg/check_reg.html?_=1625971216064 HTTP/1.1" 302 -
116.235.222.38 - - [11/Jul/2021:10:40:16 +0800] "GET /xingrg/kc/buy/cgsh_order_operate.html?command=get_materiel&rest_code=00107&code=00101008313&supplier_code=00100006&order_time=2021-07-11 HTTP/1.1" 200 412
116.230.117.165 - - [11/Jul/2021:10:40:21 +0800] "POST /xingrg/kc/mdqp/pssh_list_operate.html HTTP/1.1" 200 5613
58.37.5.217 - - [11/Jul/2021:10:40:21 +0800] "POST /xingrg/kc/buy/cgsh_order_operate.html HTTP/1.1" 200 37
58.39.169.16 - - [11/Jul/2021:10:40:21 +0800] "GET /xingrg/kc/buy/cgsh_order_operate.html?command=get_materiel&rest_code=00105&code=00101005072&supplier_code=00100312&order_time=2021-07-11 HTTP/1.1" 200 405
116.230.117.165 - - [11/Jul/2021:10:40:24 +0800] "POST /xingrg/kc/mdqp/pssh_list_operate.html HTTP/1.1" 200 5613
58.37.5.217 - - [11/Jul/2021:10:40:25 +0800] "POST /xingrg/kc/buy/cgsh_order_operate.html HTTP/1.1" 200 12
116.235.222.38 - - [11/Jul/2021:10:40:25 +0800] "POST /xingrg/kc/buy/cgsh_order_operate.html HTTP/1.1" 200 2065
58.37.225.51 - - [11/Jul/2021:10:40:25 +0800] "GET /xingrg/all/function/internal_message.html?_=1625971143495&CODE_STATE=getMsg HTTP/1.1" 200 27
58.37.5.217 - - [11/Jul/2021:10:40:27 +0800] "GET /xingrg/kc/buy/cgsh_order_info.html?code=212021071104736 HTTP/1.1" 200 57581
222.70.176.145 - - [11/Jul/2021:10:40:27 +0800] "POST /xingrg/kc/buy/cgsh_list_operate.html HTTP/1.1" 200 5377
58.40.7.146 - - [11/Jul/2021:10:40:27 +0800] "GET /xingrg/check_reg.html?_=1625971226617 HTTP/1.1" 302 -
58.37.5.217 - - [11/Jul/2021:10:40:27 +0800] "GET /xingrg/javascript/easyui/themes/default/validatebox.css HTTP/1.1" 404 1104
180.156.224.123 - - [11/Jul/2021:10:40:27 +0800] "GET /xingrg/all/function/internal_message.html?_=1625971227184&CODE_STATE=getMsg HTTP/1.1" 200 27
58.39.169.16 - - [11/Jul/2021:10:40:27 +0800] "GET /xingrg/kc/buy/cgsh_order_operate.html?command=get_materiel&rest_code=00105&code=00101005022&supplier_code=00100312&order_time=2021-07-11 HTTP/1.1" 200 417
58.37.5.217 - - [11/Jul/2021:10:40:27 +0800] "POST /xingrg/kc/buy/cgsh_order_operate.html HTTP/1.1" 200 610
58.37.225.51 - - [11/Jul/2021:10:40:28 +0800] "GET /xingrg/kc/buy/cgsh_order_add.html HTTP/1.1" 200 62681
58.37.225.51 - - [11/Jul/2021:10:40:28 +0800] "POST /xingrg/kc/buy/cgsh_order_operate.html HTTP/1.1" 200 8245
58.37.225.51 - - [11/Jul/2021:10:40:28 +0800] "GET /xingrg/javascript/easyui/themes/default/validatebox.css HTTP/1.1" 404 1104
116.230.117.165 - - [11/Jul/2021:10:40:30 +0800] "POST /xingrg/kc/mdqp/pssh_list_operate.html HTTP/1.1" 200 5623
116.235.222.38 - - [11/Jul/2021:10:40:30 +0800] "GET /xingrg/kc/buy/cgsh_order_operate.html?command=get_materiel&rest_code=00107&code=00101008223&supplier_code=00100006&order_time=2021-07-11 HTTP/1.1" 200 412
120.253.135.82 - - [11/Jul/2021:10:40:30 +0800] "GET /xingrg/all/function/internal_message.html?_=1625971012239&CODE_STATE=getMsg HTTP/1.1" 200 27
58.37.5.217 - - [11/Jul/2021:10:40:31 +0800] "GET /xingrg/kc/print/load_data.html?order_code=212021071104736&kc_code=cgsh&condition= HTTP/1.1" 200 690
180.169.147.146 - - [11/Jul/2021:10:40:31 +0800] "GET /xingrg/all/function/internal_message.html?_=1625971231308&CODE_STATE=getMsg HTTP/1.1" 200 27
222.70.176.145 - - [11/Jul/2021:10:40:32 +0800] "POST /xingrg/kc/buy/cgsh_list_operate.html HTTP/1.1" 200 573
116.230.117.165 - - [11/Jul/2021:10:40:32 +0800] "GET /xingrg/all/function/internal_message.html?_=1625971233564&CODE_STATE=getMsg HTTP/1.1" 200 27
222.70.176.145 - - [11/Jul/2021:10:40:33 +0800] "GET /xingrg/kc/buy/cgsh_order_info.html?code=212021071104712 HTTP/1.1" 200 62688
