116.238.248.233 - - [10/Jul/2021:10:29:10 +0800] "GET /xingrg/all/function/internal_message.html?_=1625884138564&CODE_STATE=getMsg HTTP/1.1" 200 27
58.37.5.217 - - [10/Jul/2021:10:29:10 +0800] "GET /xingrg/kc/buy/cgsh_order_operate.html?command=get_materiel&rest_code=00106&code=00101010200&supplier_code=00100347&order_time=2021-07-10 HTTP/1.1" 200 416
120.253.135.82 - - [10/Jul/2021:10:29:13 +0800] "GET /xingrg/all/function/internal_message.html?_=1625884193696&CODE_STATE=getMsg HTTP/1.1" 200 27
222.70.176.145 - - [10/Jul/2021:10:29:13 +0800] "GET /xingrg/all/function/internal_message.html?_=1625884089739&CODE_STATE=getMsg HTTP/1.1" 200 27
120.253.135.82 - - [10/Jul/2021:10:29:14 +0800] "GET /xingrg/all/function/internal_message.html?_=1625883939577&CODE_STATE=getMsg HTTP/1.1" 200 27
221.239.195.6 - - [10/Jul/2021:10:29:16 +0800] "GET /xingrg/all/function/internal_message.html?_=1625884127725&CODE_STATE=getMsg HTTP/1.1" 302 -
180.162.112.86 - - [10/Jul/2021:10:29:17 +0800] "GET /xingrg/all/function/internal_message.html?_=1625883812138&CODE_STATE=getMsg HTTP/1.1" 200 27
180.169.147.146 - - [10/Jul/2021:10:29:17 +0800] "GET /xingrg/all/function/internal_message.html?_=1625884161206&CODE_STATE=getMsg HTTP/1.1" 200 27
221.239.195.6 - - [10/Jul/2021:10:29:19 +0800] "GET /xingrg/all/function/internal_message.html?_=1625884164133&CODE_STATE=getMsg HTTP/1.1" 200 27
58.37.5.217 - - [10/Jul/2021:10:29:23 +0800] "GET /xingrg/all/function/internal_message.html?_=1625884704787&CODE_STATE=getMsg HTTP/1.1" 200 27
58.37.5.217 - - [10/Jul/2021:10:29:23 +0800] "GET /xingrg/check_reg.html?_=1625884705024 HTTP/1.1" 200 22
114.83.219.201 - - [10/Jul/2021:10:29:25 +0800] "GET /xingrg/all/function/internal_message.html?_=1625884169243&CODE_STATE=getMsg HTTP/1.1" 200 27
120.253.135.82 - - [10/Jul/2021:10:29:27 +0800] "POST /xingrg/kc/pszx/mdps_order_operate.html HTTP/1.1" 200 37
120.253.135.82 - - [10/Jul/2021:10:29:28 +0800] "GET /xingrg/kc/pszx/mdps_order_info.html?code=312021071000235 HTTP/1.1" 200 23931
116.238.248.233 - - [10/Jul/2021:10:29:29 +0800] "GET /xingrg/kc/buy/cgsh_order_operate.html?command=get_materiel&rest_code=00150&code=00102026001&supplier_code=00100313&order_time=2021-07-10 HTTP/1.1" 200 409
120.253.135.82 - - [10/Jul/2021:10:29:29 +0800] "GET /xingrg/javascript/easyui/themes/default/validatebox.css HTTP/1.1" 404 1104
120.253.135.82 - - [10/Jul/2021:10:29:29 +0800] "POST /xingrg/kc/pszx/mdps_order_operate.html HTTP/1.1" 200 2280
120.253.135.82 - - [10/Jul/2021:10:29:30 +0800] "POST /xingrg/kc/pszx/mdps_list_operate.html HTTP/1.1" 200 2061
180.174.226.65 - - [10/Jul/2021:10:29:31 +0800] "GET /xingrg/all/function/internal_message.html?_=1625884172527&CODE_STATE=getMsg HTTP/1.1" 200 27
58.40.7.146 - - [10/Jul/2021:10:29:32 +0800] "GET /xingrg/all/function/internal_message.html?_=1625884175549&CODE_STATE=getMsg HTTP/1.1" 200 27
180.157.255.9 - - [10/Jul/2021:10:29:34 +0800] "GET /xingrg/all/function/internal_message.html?_=1625884187857&CODE_STATE=getMsg HTTP/1.1" 200 27
58.40.7.146 - - [10/Jul/2021:10:29:34 +0800] "GET /xingrg/all/function/internal_message.html?_=1625884177677&CODE_STATE=getMsg HTTP/1.1" 302 -
116.230.114.112 - - [10/Jul/2021:10:29:35 +0800] "GET /xingrg/all/function/internal_message.html?_=1625884196552&CODE_STATE=getMsg HTTP/1.1" 302 -
222.70.176.145 - - [10/Jul/2021:10:29:39 +0800] "GET /xingrg/all/function/internal_message.html?_=1625884178491&CODE_STATE=getMsg HTTP/1.1" 200 27
120.253.135.82 - - [10/Jul/2021:10:29:40 +0800] "POST /xingrg/kc/pszx/mdps_list_operate.html HTTP/1.1" 200 1680
120.253.135.82 - - [10/Jul/2021:10:29:41 +0800] "POST /xingrg/kc/pszx/mdps_list_operate.html HTTP/1.1" 200 208
180.157.255.9 - - [10/Jul/2021:10:29:42 +0800] "GET /xingrg/kc/buy/cgsh_order_operate.html?command=get_materiel&rest_code=00148&code=00101004040&supplier_code=00100036&order_time=2021-07-10 HTTP/1.1" 200 413
120.253.135.82 - - [10/Jul/2021:10:29:43 +0800] "GET /xingrg/kc/pszx/mdps_order_add.html HTTP/1.1" 200 29026
120.253.135.82 - - [10/Jul/2021:10:29:44 +0800] "POST /xingrg/kc/pszx/mdps_order_operate.html HTTP/1.1" 200 7126
120.253.135.82 - - [10/Jul/2021:10:29:44 +0800] "GET /xingrg/javascript/easyui/themes/default/validatebox.css HTTP/1.1" 404 1104
116.230.110.80 - - [10/Jul/2021:10:29:46 +0800] "GET /xingrg/all/function/internal_message.html?_=1625884189185&CODE_STATE=getMsg HTTP/1.1" 200 27
221.239.195.6 - - [10/Jul/2021:10:29:50 +0800] "GET /xingrg/kc/buy/cgsh_order_operate.html?command=get_materiel&rest_code=00105&code=00101004038&supplier_code=00100312&order_time=2021-07-10 HTTP/1.1" 200 429
114.84.0.231 - - [10/Jul/2021:10:29:51 +0800] "POST /xingrg/services/DataTransmitService HTTP/1.1" 200 524
120.253.135.82 - - [10/Jul/2021:10:29:52 +0800] "POST /xingrg/all/common/load_combo.html?type=base HTTP/1.1" 200 1075
101.93.222.235 - - [10/Jul/2021:10:29:58 +0800] "POST /xingrg/services/DataTransmitService HTTP/1.1" 200 524
116.238.248.233 - - [10/Jul/2021:10:30:00 +0800] "POST /xingrg/kc/buy/cgsh_order_operate.html HTTP/1.1" 200 37
58.37.5.217 - - [10/Jul/2021:10:30:02 +0800] "GET /xingrg/kc/buy/cgsh_order_operate.html?command=get_materiel&rest_code=00106&code=00101012101&supplier_code=00100347&order_time=2021-07-10 HTTP/1.1" 200 404
221.239.195.6 - - [10/Jul/2021:10:30:03 +0800] "GET /xingrg/kc/buy/cgsh_order_operate.html?command=get_materiel&rest_code=00105&code=00101004071&supplier_code=00100312&order_time=2021-07-10 HTTP/1.1" 200 409
120.253.135.82 - - [10/Jul/2021:10:30:03 +0800] "GET /xingrg/kc/pszx/mdps_order_operate.html?command=get_materiel&pszx_code=00101&rest_code=00109&base_code=0010246&code=00101032007 HTTP/1.1" 200 424
101.85.52.2 - - [10/Jul/2021:10:30:03 +0800] "GET /xingrg/all/function/internal_message.html?_=1625884195610&CODE_STATE=getMsg HTTP/1.1" 200 27
101.85.52.2 - - [10/Jul/2021:10:30:04 +0800] "GET /xingrg/check_reg.html?_=1625884195951 HTTP/1.1" 200 22
58.40.7.146 - - [10/Jul/2021:10:30:04 +0800] "GET /xingrg/check_reg.html?_=1625884207727 HTTP/1.1" 200 22
58.40.7.146 - - [10/Jul/2021:10:30:05 +0800] "GET /xingrg/all/function/internal_message.html?_=1625884208760&CODE_STATE=getMsg HTTP/1.1" 200 27
116.230.117.165 - - [10/Jul/2021:10:30:06 +0800] "GET /xingrg/all/function/internal_message.html?_=1625884229502&CODE_STATE=getMsg HTTP/1.1" 200 27
114.84.0.231 - - [10/Jul/2021:10:30:09 +0800] "POST /xingrg/services/DataTransmitService HTTP/1.1" 200 501
114.84.0.231 - - [10/Jul/2021:10:30:10 +0800] "POST /xingrg/services/DataTransmitService HTTP/1.1" 200 501
116.238.248.233 - - [10/Jul/2021:10:30:10 +0800] "GET /xingrg/all/function/internal_message.html?_=1625884198578&CODE_STATE=getMsg HTTP/1.1" 200 27
120.253.135.82 - - [10/Jul/2021:10:30:12 +0800] "GET /xingrg/check_reg.html?_=1625883997391 HTTP/1.1" 200 22
120.253.135.82 - - [10/Jul/2021:10:30:13 +0800] "GET /xingrg/all/function/internal_message.html?_=1625884253717&CODE_STATE=getMsg HTTP/1.1" 200 27
116.238.248.233 - - [10/Jul/2021:10:30:13 +0800] "POST /xingrg/kc/buy/cgsh_order_operate.html HTTP/1.1" 200 12
222.70.176.145 - - [10/Jul/2021:10:30:13 +0800] "GET /xingrg/all/function/internal_message.html?_=1625884149740&CODE_STATE=getMsg HTTP/1.1" 200 27
120.253.135.82 - - [10/Jul/2021:10:30:13 +0800] "POST /xingrg/kc/pszx/mdps_order_operate.html HTTP/1.1" 200 37
114.84.0.231 - - [10/Jul/2021:10:30:13 +0800] "POST /xingrg/services/DataTransmitService HTTP/1.1" 200 501
120.253.135.82 - - [10/Jul/2021:10:30:14 +0800] "GET /xingrg/kc/pszx/mdps_order_info.html?code=312021071000236 HTTP/1.1" 200 23925
120.253.135.82 - - [10/Jul/2021:10:30:14 +0800] "GET /xingrg/all/function/internal_message.html?_=1625883999805&CODE_STATE=getMsg HTTP/1.1" 200 27
116.238.248.233 - - [10/Jul/2021:10:30:14 +0800] "GET /xingrg/kc/buy/cgsh_order_info.html?code=212021071004254 HTTP/1.1" 200 57527
120.253.135.82 - - [10/Jul/2021:10:30:15 +0800] "GET /xingrg/javascript/easyui/themes/default/validatebox.css HTTP/1.1" 404 1104
116.238.248.233 - - [10/Jul/2021:10:30:15 +0800] "GET /xingrg/javascript/easyui/themes/default/validatebox.css HTTP/1.1" 404 1104
120.253.135.82 - - [10/Jul/2021:10:30:15 +0800] "POST /xingrg/kc/pszx/mdps_order_operate.html HTTP/1.1" 200 2280
116.238.248.233 - - [10/Jul/2021:10:30:16 +0800] "POST /xingrg/kc/buy/cgsh_order_operate.html HTTP/1.1" 200 3575
221.239.195.6 - - [10/Jul/2021:10:30:16 +0800] "GET /xingrg/all/function/internal_message.html?_=1625884187728&CODE_STATE=getMsg HTTP/1.1" 302 -
58.37.5.217 - - [10/Jul/2021:10:30:16 +0800] "GET /xingrg/kc/buy/cgsh_order_operate.html?command=get_materiel&rest_code=00106&code=00101010348&supplier_code=00100347&order_time=2021-07-10 HTTP/1.1" 200 417
114.84.0.231 - - [10/Jul/2021:10:30:17 +0800] "POST /xingrg/services/DataTransmitService HTTP/1.1" 200 501
180.162.112.86 - - [10/Jul/2021:10:30:17 +0800] "GET /xingrg/all/function/internal_message.html?_=1625883872143&CODE_STATE=getMsg HTTP/1.1" 200 27
120.253.135.82 - - [10/Jul/2021:10:30:17 +0800] "POST /xingrg/kc/pszx/mdps_list_operate.html HTTP/1.1" 200 2042
180.169.147.146 - - [10/Jul/2021:10:30:17 +0800] "GET /xingrg/all/function/internal_message.html?_=1625884221212&CODE_STATE=getMsg HTTP/1.1" 200 27
180.169.147.146 - - [10/Jul/2021:10:30:17 +0800] "GET /xingrg/check_reg.html?_=1625884221216 HTTP/1.1" 200 22
114.84.0.231 - - [10/Jul/2021:10:30:18 +0800] "POST /xingrg/services/DataTransmitService HTTP/1.1" 200 501
116.238.248.233 - - [10/Jul/2021:10:30:18 +0800] "GET /xingrg/kc/print/load_data.html?order_code=212021071004254&kc_code=cgsh&condition= HTTP/1.1" 200 1874
120.253.135.82 - - [10/Jul/2021:10:30:19 +0800] "POST /xingrg/kc/pszx/mdps_list_operate.html HTTP/1.1" 200 205
221.239.195.6 - - [10/Jul/2021:10:30:19 +0800] "GET /xingrg/all/function/internal_message.html?_=1625884224111&CODE_STATE=getMsg HTTP/1.1" 200 27
114.84.0.231 - - [10/Jul/2021:10:30:20 +0800] "POST /xingrg/services/DataTransmitService HTTP/1.1" 200 501
114.84.0.231 - - [10/Jul/2021:10:30:20 +0800] "POST /xingrg/services/DataTransmitService HTTP/1.1" 200 501
114.84.0.231 - - [10/Jul/2021:10:30:20 +0800] "POST /xingrg/services/DataTransmitService HTTP/1.1" 200 501
114.84.0.231 - - [10/Jul/2021:10:30:21 +0800] "POST /xingrg/services/DataTransmitService HTTP/1.1" 200 412
120.253.135.82 - - [10/Jul/2021:10:30:21 +0800] "GET /xingrg/kc/pszx/mdps_order_add.html HTTP/1.1" 200 29026
120.253.135.82 - - [10/Jul/2021:10:30:21 +0800] "POST /xingrg/kc/pszx/mdps_order_operate.html HTTP/1.1" 200 7126
120.253.135.82 - - [10/Jul/2021:10:30:22 +0800] "GET /xingrg/javascript/easyui/themes/default/validatebox.css HTTP/1.1" 404 1104
180.157.255.9 - - [10/Jul/2021:10:30:23 +0800] "GET /xingrg/kc/buy/cgsh_order_operate.html?command=get_materiel&rest_code=00148&code=00101018016&supplier_code=00100036&order_time=2021-07-10 HTTP/1.1" 200 417
58.37.5.217 - - [10/Jul/2021:10:30:23 +0800] "GET /xingrg/all/function/internal_message.html?_=1625884764760&CODE_STATE=getMsg HTTP/1.1" 200 27
116.238.248.233 - - [10/Jul/2021:10:30:24 +0800] "GET /xingrg/kc/buy/cgsh_order_add.html HTTP/1.1" 200 62611
116.238.248.233 - - [10/Jul/2021:10:30:24 +0800] "POST /xingrg/kc/buy/cgsh_order_operate.html HTTP/1.1" 200 8245
116.238.248.233 - - [10/Jul/2021:10:30:24 +0800] "GET /xingrg/javascript/easyui/themes/default/validatebox.css HTTP/1.1" 404 1104
114.83.219.201 - - [10/Jul/2021:10:30:25 +0800] "GET /xingrg/all/function/internal_message.html?_=1625884229219&CODE_STATE=getMsg HTTP/1.1" 200 27
221.239.195.6 - - [10/Jul/2021:10:30:30 +0800] "GET /xingrg/kc/buy/cgsh_order_operate.html?command=get_materiel&rest_code=00105&code=00101004049&supplier_code=00100312&order_time=2021-07-10 HTTP/1.1" 200 415
180.174.226.65 - - [10/Jul/2021:10:30:31 +0800] "GET /xingrg/check_reg.html?_=1625884232370 HTTP/1.1" 200 22
180.174.226.65 - - [10/Jul/2021:10:30:31 +0800] "GET /xingrg/all/function/internal_message.html?_=1625884232541&CODE_STATE=getMsg HTTP/1.1" 200 27
58.40.7.146 - - [10/Jul/2021:10:30:32 +0800] "GET /xingrg/all/function/internal_message.html?_=1625884235552&CODE_STATE=getMsg HTTP/1.1" 200 27
116.238.248.233 - - [10/Jul/2021:10:30:33 +0800] "GET /xingrg/kc/buy/cgsh_order_operate.html?command=get_materiel&rest_code=00150&code=00101003035&supplier_code=00100092&order_time=2021-07-10 HTTP/1.1" 200 411
180.157.255.9 - - [10/Jul/2021:10:30:34 +0800] "GET /xingrg/all/function/internal_message.html?_=1625884247864&CODE_STATE=getMsg HTTP/1.1" 200 27
180.157.255.9 - - [10/Jul/2021:10:30:34 +0800] "GET /xingrg/check_reg.html?_=1625884247866 HTTP/1.1" 200 22
58.40.7.146 - - [10/Jul/2021:10:30:34 +0800] "GET /xingrg/all/function/internal_message.html?_=1625884237679&CODE_STATE=getMsg HTTP/1.1" 302 -
116.230.114.112 - - [10/Jul/2021:10:30:35 +0800] "GET /xingrg/all/function/internal_message.html?_=1625884256557&CODE_STATE=getMsg HTTP/1.1" 302 -
58.37.5.217 - - [10/Jul/2021:10:30:35 +0800] "GET /xingrg/kc/buy/cgsh_order_operate.html?command=get_materiel&rest_code=00106&code=00101003036&supplier_code=00100347&order_time=2021-07-10 HTTP/1.1" 200 414
222.70.176.145 - - [10/Jul/2021:10:30:39 +0800] "GET /xingrg/all/function/internal_message.html?_=1625884238462&CODE_STATE=getMsg HTTP/1.1" 200 27
222.70.176.145 - - [10/Jul/2021:10:30:41 +0800] "GET /xingrg/check_reg.html?_=1625884240274 HTTP/1.1" 200 22
120.253.135.82 - - [10/Jul/2021:10:30:42 +0800] "POST /xingrg/all/common/load_combo.html?type=base HTTP/1.1" 200 1075
180.157.255.9 - - [10/Jul/2021:10:30:45 +0800] "GET /xingrg/kc/buy/cgsh_order_operate.html?command=get_materiel&rest_code=00148&code=00101012032&supplier_code=00100036&order_time=2021-07-10 HTTP/1.1" 200 416
116.230.110.80 - - [10/Jul/2021:10:30:46 +0800] "GET /xingrg/all/function/internal_message.html?_=1625884249157&CODE_STATE=getMsg HTTP/1.1" 200 27
120.253.135.82 - - [10/Jul/2021:10:30:51 +0800] "GET /xingrg/kc/pszx/mdps_order_operate.html?command=get_materiel&pszx_code=00101&rest_code=00107&base_code=0010246&code=00101032007 HTTP/1.1" 200 424
116.238.248.233 - - [10/Jul/2021:10:30:54 +0800] "POST /xingrg/kc/buy/cgsh_order_operate.html HTTP/1.1" 200 37
120.253.135.82 - - [10/Jul/2021:10:30:57 +0800] "POST /xingrg/kc/pszx/mdps_order_operate.html HTTP/1.1" 200 37
116.238.248.233 - - [10/Jul/2021:10:30:58 +0800] "POST /xingrg/kc/buy/cgsh_order_operate.html HTTP/1.1" 200 12
120.253.135.82 - - [10/Jul/2021:10:30:59 +0800] "GET /xingrg/kc/pszx/mdps_order_info.html?code=312021071000237 HTTP/1.1" 200 23931
116.238.248.233 - - [10/Jul/2021:10:30:59 +0800] "GET /xingrg/kc/buy/cgsh_order_info.html?code=212021071004255 HTTP/1.1" 200 57525
116.238.248.233 - - [10/Jul/2021:10:30:59 +0800] "GET /xingrg/javascript/easyui/themes/default/validatebox.css HTTP/1.1" 404 1104
180.157.255.9 - - [10/Jul/2021:10:30:59 +0800] "GET /xingrg/kc/buy/cgsh_order_operate.html?command=get_materiel&rest_code=00148&code=00101012029&supplier_code=00100036&order_time=2021-07-10 HTTP/1.1" 200 412
120.253.135.82 - - [10/Jul/2021:10:30:59 +0800] "GET /xingrg/javascript/easyui/themes/default/validatebox.css HTTP/1.1" 404 1104
120.253.135.82 - - [10/Jul/2021:10:31:00 +0800] "POST /xingrg/kc/pszx/mdps_order_operate.html HTTP/1.1" 200 2280
116.238.248.233 - - [10/Jul/2021:10:31:00 +0800] "POST /xingrg/kc/buy/cgsh_order_operate.html HTTP/1.1" 200 608
116.238.248.233 - - [10/Jul/2021:10:31:02 +0800] "GET /xingrg/kc/print/load_data.html?order_code=212021071004255&kc_code=cgsh&condition= HTTP/1.1" 200 781
120.253.135.82 - - [10/Jul/2021:10:31:02 +0800] "POST /xingrg/kc/pszx/mdps_list_operate.html HTTP/1.1" 200 2042
101.85.52.2 - - [10/Jul/2021:10:31:03 +0800] "GET /xingrg/all/function/internal_message.html?_=1625884255613&CODE_STATE=getMsg HTTP/1.1" 200 27
58.40.7.146 - - [10/Jul/2021:10:31:05 +0800] "GET /xingrg/all/function/internal_message.html?_=1625884268745&CODE_STATE=getMsg HTTP/1.1" 200 27
116.230.117.165 - - [10/Jul/2021:10:31:06 +0800] "GET /xingrg/all/function/internal_message.html?_=1625884289518&CODE_STATE=getMsg HTTP/1.1" 200 27
116.238.248.233 - - [10/Jul/2021:10:31:06 +0800] "GET /xingrg/kc/buy/cgsh_order_add.html HTTP/1.1" 200 62611
116.238.248.233 - - [10/Jul/2021:10:31:07 +0800] "POST /xingrg/kc/buy/cgsh_order_operate.html HTTP/1.1" 200 8245
116.238.248.233 - - [10/Jul/2021:10:31:07 +0800] "GET /xingrg/javascript/easyui/themes/default/validatebox.css HTTP/1.1" 404 1104
116.238.248.233 - - [10/Jul/2021:10:31:10 +0800] "GET /xingrg/all/function/internal_message.html?_=1625884258592&CODE_STATE=getMsg HTTP/1.1" 200 27
221.239.195.6 - - [10/Jul/2021:10:31:11 +0800] "GET /xingrg/kc/buy/cgsh_order_operate.html?command=get_materiel&rest_code=00105&code=00101004030&supplier_code=00100312&order_time=2021-07-10 HTTP/1.1" 200 428
120.253.135.82 - - [10/Jul/2021:10:31:13 +0800] "POST /xingrg/kc/pszx/mdps_list_operate.html HTTP/1.1" 200 2062
180.169.147.146 - - [10/Jul/2021:10:31:13 +0800] "GET /xingrg/check_reg.html?_=1625884270573 HTTP/1.1" 200 22
120.253.135.82 - - [10/Jul/2021:10:31:13 +0800] "GET /xingrg/all/function/internal_message.html?_=1625884313724&CODE_STATE=getMsg HTTP/1.1" 200 27
222.70.176.145 - - [10/Jul/2021:10:31:13 +0800] "GET /xingrg/all/function/internal_message.html?_=1625884209739&CODE_STATE=getMsg HTTP/1.1" 200 27
120.253.135.82 - - [10/Jul/2021:10:31:14 +0800] "GET /xingrg/all/function/internal_message.html?_=1625884059807&CODE_STATE=getMsg HTTP/1.1" 200 27
120.253.135.82 - - [10/Jul/2021:10:31:14 +0800] "POST /xingrg/kc/pszx/mdps_list_operate.html HTTP/1.1" 200 209
180.162.112.86 - - [10/Jul/2021:10:31:15 +0800] "POST /xingrg/kc/buy/cgsh_order_operate.html HTTP/1.1" 200 37
221.239.195.6 - - [10/Jul/2021:10:31:16 +0800] "GET /xingrg/check_reg.html?_=1625884247752 HTTP/1.1" 302 -
221.239.195.6 - - [10/Jul/2021:10:31:16 +0800] "GET /xingrg/all/function/internal_message.html?_=1625884247755&CODE_STATE=getMsg HTTP/1.1" 302 -
180.162.112.86 - - [10/Jul/2021:10:31:17 +0800] "GET /xingrg/check_reg.html?_=1625883932142 HTTP/1.1" 200 22
180.162.112.86 - - [10/Jul/2021:10:31:17 +0800] "GET /xingrg/all/function/internal_message.html?_=1625883932145&CODE_STATE=getMsg HTTP/1.1" 200 27
180.169.147.146 - - [10/Jul/2021:10:31:17 +0800] "GET /xingrg/all/function/internal_message.html?_=1625884281204&CODE_STATE=getMsg HTTP/1.1" 200 27
180.157.255.9 - - [10/Jul/2021:10:31:17 +0800] "GET /xingrg/kc/buy/cgsh_order_operate.html?command=get_materiel&rest_code=00148&code=00101011005&supplier_code=00100036&order_time=2021-07-10 HTTP/1.1" 200 428
116.238.248.233 - - [10/Jul/2021:10:31:17 +0800] "GET /xingrg/kc/buy/cgsh_order_operate.html?command=get_materiel&rest_code=00150&code=00101002006&supplier_code=00100091&order_time=2021-07-10 HTTP/1.1" 200 413
221.239.195.6 - - [10/Jul/2021:10:31:19 +0800] "GET /xingrg/all/function/internal_message.html?_=1625884284083&CODE_STATE=getMsg HTTP/1.1" 200 27
221.239.195.6 - - [10/Jul/2021:10:31:21 +0800] "GET /xingrg/kc/buy/cgsh_order_operate.html?command=get_materiel&rest_code=00105&code=00101005015&supplier_code=00100312&order_time=2021-07-10 HTTP/1.1" 200 409
180.162.112.86 - - [10/Jul/2021:10:31:21 +0800] "POST /xingrg/kc/buy/cgsh_order_operate.html HTTP/1.1" 200 12
180.162.112.86 - - [10/Jul/2021:10:31:22 +0800] "GET /xingrg/kc/buy/cgsh_order_info.html?code=212021071004256 HTTP/1.1" 200 56662
180.162.112.86 - - [10/Jul/2021:10:31:22 +0800] "GET /xingrg/javascript/easyui/themes/default/validatebox.css HTTP/1.1" 404 1104
58.37.5.217 - - [10/Jul/2021:10:31:23 +0800] "GET /xingrg/all/function/internal_message.html?_=1625884824732&CODE_STATE=getMsg HTTP/1.1" 200 27
180.162.112.86 - - [10/Jul/2021:10:31:24 +0800] "POST /xingrg/kc/buy/cgsh_order_operate.html HTTP/1.1" 200 1799
114.83.219.201 - - [10/Jul/2021:10:31:25 +0800] "GET /xingrg/all/function/internal_message.html?_=1625884289203&CODE_STATE=getMsg HTTP/1.1" 200 27
180.157.255.9 - - [10/Jul/2021:10:31:25 +0800] "POST /xingrg/services/DataTransmitService HTTP/1.1" 200 524
114.83.219.201 - - [10/Jul/2021:10:31:25 +0800] "GET /xingrg/check_reg.html?_=1625884289541 HTTP/1.1" 200 22
180.157.255.9 - - [10/Jul/2021:10:31:27 +0800] "POST /xingrg/services/DataTransmitService HTTP/1.1" 200 501
180.162.112.86 - - [10/Jul/2021:10:31:27 +0800] "GET /xingrg/kc/print/load_config.html?kc_code=cgsh HTTP/1.1" 200 1845
116.238.248.233 - - [10/Jul/2021:10:31:30 +0800] "POST /xingrg/kc/buy/cgsh_order_operate.html HTTP/1.1" 200 37
180.162.112.86 - - [10/Jul/2021:10:31:30 +0800] "GET /xingrg/kc/print/load_data.html?order_code=212021071004256&kc_code=cgsh&condition= HTTP/1.1" 200 1185
180.174.226.65 - - [10/Jul/2021:10:31:31 +0800] "GET /xingrg/all/function/internal_message.html?_=1625884292555&CODE_STATE=getMsg HTTP/1.1" 200 27
58.40.7.146 - - [10/Jul/2021:10:31:32 +0800] "GET /xingrg/all/function/internal_message.html?_=1625884295554&CODE_STATE=getMsg HTTP/1.1" 200 27
180.157.255.9 - - [10/Jul/2021:10:31:34 +0800] "GET /xingrg/all/function/internal_message.html?_=1625884307863&CODE_STATE=getMsg HTTP/1.1" 200 27
58.40.7.146 - - [10/Jul/2021:10:31:34 +0800] "GET /xingrg/all/function/internal_message.html?_=1625884297681&CODE_STATE=getMsg HTTP/1.1" 302 -
116.238.248.233 - - [10/Jul/2021:10:31:35 +0800] "POST /xingrg/kc/buy/cgsh_order_operate.html HTTP/1.1" 200 12
116.230.114.112 - - [10/Jul/2021:10:31:35 +0800] "GET /xingrg/all/function/internal_message.html?_=1625884316579&CODE_STATE=getMsg HTTP/1.1" 302 -
116.238.248.233 - - [10/Jul/2021:10:31:36 +0800] "GET /xingrg/kc/buy/cgsh_order_info.html?code=212021071004257 HTTP/1.1" 200 57527
116.238.248.233 - - [10/Jul/2021:10:31:37 +0800] "GET /xingrg/javascript/easyui/themes/default/validatebox.css HTTP/1.1" 404 1104
120.253.135.82 - - [10/Jul/2021:10:31:38 +0800] "POST /xingrg/kc/pszx/mdps_list_operate.html HTTP/1.1" 200 868
222.70.176.145 - - [10/Jul/2021:10:31:39 +0800] "GET /xingrg/all/function/internal_message.html?_=1625884298434&CODE_STATE=getMsg HTTP/1.1" 200 27
120.253.135.82 - - [10/Jul/2021:10:31:40 +0800] "GET /xingrg/kc/pszx/mdps_order_add.html HTTP/1.1" 200 29026
120.253.135.82 - - [10/Jul/2021:10:31:40 +0800] "POST /xingrg/kc/pszx/mdps_order_operate.html HTTP/1.1" 200 7126
180.157.255.9 - - [10/Jul/2021:10:31:41 +0800] "POST /xingrg/kc/buy/cgsh_order_operate.html HTTP/1.1" 200 37
116.238.248.233 - - [10/Jul/2021:10:31:41 +0800] "POST /xingrg/kc/buy/cgsh_order_operate.html HTTP/1.1" 200 610
120.253.135.82 - - [10/Jul/2021:10:31:41 +0800] "GET /xingrg/javascript/easyui/themes/default/validatebox.css HTTP/1.1" 404 1104
116.238.248.233 - - [10/Jul/2021:10:31:42 +0800] "GET /xingrg/kc/print/load_data.html?order_code=212021071004257&kc_code=cgsh&condition= HTTP/1.1" 200 801
221.239.195.6 - - [10/Jul/2021:10:31:43 +0800] "GET /xingrg/kc/buy/cgsh_order_operate.html?command=get_materiel&rest_code=00105&code=00101004013&supplier_code=00100312&order_time=2021-07-10 HTTP/1.1" 200 415
180.157.255.9 - - [10/Jul/2021:10:31:44 +0800] "POST /xingrg/kc/buy/cgsh_order_operate.html HTTP/1.1" 200 5636
58.37.5.217 - - [10/Jul/2021:10:31:44 +0800] "GET /xingrg/check_reg.html?_=1625884309405 HTTP/1.1" 200 22
116.230.110.80 - - [10/Jul/2021:10:31:46 +0800] "GET /xingrg/all/function/internal_message.html?_=1625884309153&CODE_STATE=getMsg HTTP/1.1" 200 27
116.238.248.233 - - [10/Jul/2021:10:31:47 +0800] "GET /xingrg/kc/buy/cgsh_order_add.html HTTP/1.1" 200 62611
116.238.248.233 - - [10/Jul/2021:10:31:48 +0800] "POST /xingrg/kc/buy/cgsh_order_operate.html HTTP/1.1" 200 8245
116.238.248.233 - - [10/Jul/2021:10:31:48 +0800] "GET /xingrg/javascript/easyui/themes/default/validatebox.css HTTP/1.1" 404 1104
180.157.255.9 - - [10/Jul/2021:10:31:51 +0800] "POST /xingrg/kc/buy/cgsh_order_operate.html HTTP/1.1" 200 37
221.239.195.6 - - [10/Jul/2021:10:31:52 +0800] "GET /xingrg/kc/buy/cgsh_order_operate.html?command=get_materiel&rest_code=00105&code=00101004020&supplier_code=00100312&order_time=2021-07-10 HTTP/1.1" 200 409
180.157.255.9 - - [10/Jul/2021:10:31:54 +0800] "POST /xingrg/kc/buy/cgsh_order_operate.html HTTP/1.1" 200 5636
120.253.135.82 - - [10/Jul/2021:10:31:55 +0800] "POST /xingrg/all/common/load_combo.html?type=base HTTP/1.1" 200 1075
180.157.255.9 - - [10/Jul/2021:10:31:56 +0800] "GET /xingrg/kc/print/load_data.html?order_code=212021071004258&kc_code=cgsh&condition= HTTP/1.1" 200 1904
58.37.5.217 - - [10/Jul/2021:10:32:00 +0800] "POST /xingrg/kc/buy/cgsh_order_operate.html HTTP/1.1" 200 37
116.238.248.233 - - [10/Jul/2021:10:32:00 +0800] "GET /xingrg/kc/buy/cgsh_order_operate.html?command=get_materiel&rest_code=00150&code=00101001089&supplier_code=00100094&order_time=2021-07-10 HTTP/1.1" 200 414
101.85.52.2 - - [10/Jul/2021:10:32:03 +0800] "GET /xingrg/all/function/internal_message.html?_=1625884315609&CODE_STATE=getMsg HTTP/1.1" 200 27
180.157.255.9 - - [10/Jul/2021:10:32:04 +0800] "GET /xingrg/kc/buy/cgsh_order_add.html HTTP/1.1" 200 62681
180.157.255.9 - - [10/Jul/2021:10:32:04 +0800] "POST /xingrg/kc/buy/cgsh_order_operate.html HTTP/1.1" 200 8245
180.157.255.9 - - [10/Jul/2021:10:32:04 +0800] "GET /xingrg/javascript/easyui/themes/default/validatebox.css HTTP/1.1" 404 1104
58.37.5.217 - - [10/Jul/2021:10:32:04 +0800] "POST /xingrg/kc/buy/cgsh_order_operate.html HTTP/1.1" 200 12
221.239.195.6 - - [10/Jul/2021:10:32:05 +0800] "GET /xingrg/kc/buy/cgsh_order_operate.html?command=get_materiel&rest_code=00105&code=00101004057&supplier_code=00100312&order_time=2021-07-10 HTTP/1.1" 200 429
58.40.7.146 - - [10/Jul/2021:10:32:05 +0800] "GET /xingrg/all/function/internal_message.html?_=1625884328731&CODE_STATE=getMsg HTTP/1.1" 200 27
116.230.117.165 - - [10/Jul/2021:10:32:06 +0800] "GET /xingrg/all/function/internal_message.html?_=1625884349542&CODE_STATE=getMsg HTTP/1.1" 200 27
120.253.135.82 - - [10/Jul/2021:10:32:06 +0800] "GET /xingrg/kc/pszx/mdps_order_operate.html?command=get_materiel&pszx_code=00101&rest_code=00148&base_code=0010246&code=00101032007 HTTP/1.1" 200 424
58.37.5.217 - - [10/Jul/2021:10:32:09 +0800] "GET /xingrg/kc/buy/cgsh_order_info.html?code=212021071004259 HTTP/1.1" 200 57575
58.37.5.217 - - [10/Jul/2021:10:32:09 +0800] "GET /xingrg/javascript/easyui/themes/default/validatebox.css HTTP/1.1" 404 1104
116.238.248.233 - - [10/Jul/2021:10:32:10 +0800] "GET /xingrg/check_reg.html?_=1625884318543 HTTP/1.1" 200 22
116.238.248.233 - - [10/Jul/2021:10:32:10 +0800] "GET /xingrg/all/function/internal_message.html?_=1625884318605&CODE_STATE=getMsg HTTP/1.1" 200 27
58.37.5.217 - - [10/Jul/2021:10:32:10 +0800] "POST /xingrg/kc/buy/cgsh_order_operate.html HTTP/1.1" 200 3599
120.253.135.82 - - [10/Jul/2021:10:32:13 +0800] "GET /xingrg/check_reg.html?_=1625884373310 HTTP/1.1" 200 22
120.253.135.82 - - [10/Jul/2021:10:32:13 +0800] "GET /xingrg/all/function/internal_message.html?_=1625884373738&CODE_STATE=getMsg HTTP/1.1" 200 27
222.70.176.145 - - [10/Jul/2021:10:32:13 +0800] "GET /xingrg/all/function/internal_message.html?_=1625884269739&CODE_STATE=getMsg HTTP/1.1" 200 27
120.253.135.82 - - [10/Jul/2021:10:32:14 +0800] "POST /xingrg/kc/pszx/mdps_order_operate.html HTTP/1.1" 200 37
120.253.135.82 - - [10/Jul/2021:10:32:15 +0800] "GET /xingrg/kc/pszx/mdps_order_info.html?code=312021071000238 HTTP/1.1" 200 23931
120.253.135.82 - - [10/Jul/2021:10:32:16 +0800] "GET /xingrg/javascript/easyui/themes/default/validatebox.css HTTP/1.1" 404 1104
120.253.135.82 - - [10/Jul/2021:10:32:16 +0800] "POST /xingrg/kc/pszx/mdps_order_operate.html HTTP/1.1" 200 2280
120.253.135.82 - - [10/Jul/2021:10:32:16 +0800] "GET /xingrg/all/function/internal_message.html?_=1625884121509&CODE_STATE=getMsg HTTP/1.1" 200 27
221.239.195.6 - - [10/Jul/2021:10:32:16 +0800] "GET /xingrg/all/function/internal_message.html?_=1625884307755&CODE_STATE=getMsg HTTP/1.1" 302 -
180.162.112.86 - - [10/Jul/2021:10:32:17 +0800] "GET /xingrg/all/function/internal_message.html?_=1625883992161&CODE_STATE=getMsg HTTP/1.1" 200 27
116.238.248.233 - - [10/Jul/2021:10:32:17 +0800] "GET /xingrg/kc/buy/cgsh_order_operate.html?command=get_materiel&rest_code=00150&code=00101004001&supplier_code=00100094&order_time=2021-07-10 HTTP/1.1" 200 410
180.169.147.146 - - [10/Jul/2021:10:32:17 +0800] "GET /xingrg/all/function/internal_message.html?_=1625884341207&CODE_STATE=getMsg HTTP/1.1" 200 27
221.239.195.6 - - [10/Jul/2021:10:32:19 +0800] "GET /xingrg/all/function/internal_message.html?_=1625884344053&CODE_STATE=getMsg HTTP/1.1" 200 27
120.253.135.82 - - [10/Jul/2021:10:32:21 +0800] "POST /xingrg/kc/pszx/mdps_list_operate.html HTTP/1.1" 200 1690
221.239.195.6 - - [10/Jul/2021:10:32:21 +0800] "GET /xingrg/kc/buy/cgsh_order_operate.html?command=get_materiel&rest_code=00105&code=00101004005&supplier_code=00100312&order_time=2021-07-10 HTTP/1.1" 200 410
58.37.5.217 - - [10/Jul/2021:10:32:23 +0800] "GET /xingrg/all/function/internal_message.html?_=1625884884731&CODE_STATE=getMsg HTTP/1.1" 200 27
58.37.5.217 - - [10/Jul/2021:10:32:23 +0800] "GET /xingrg/kc/print/load_data.html?order_code=212021071004259&kc_code=cgsh&condition= HTTP/1.1" 200 1845
114.83.219.201 - - [10/Jul/2021:10:32:25 +0800] "GET /xingrg/all/function/internal_message.html?_=1625884349181&CODE_STATE=getMsg HTTP/1.1" 200 27
120.253.135.82 - - [10/Jul/2021:10:32:30 +0800] "POST /xingrg/kc/pszx/mdps_list_operate.html HTTP/1.1" 200 2441
116.238.248.233 - - [10/Jul/2021:10:32:31 +0800] "POST /xingrg/kc/buy/cgsh_order_operate.html HTTP/1.1" 200 37
180.174.226.65 - - [10/Jul/2021:10:32:31 +0800] "GET /xingrg/all/function/internal_message.html?_=1625884352568&CODE_STATE=getMsg HTTP/1.1" 200 27
58.40.7.146 - - [10/Jul/2021:10:32:32 +0800] "GET /xingrg/all/function/internal_message.html?_=1625884355558&CODE_STATE=getMsg HTTP/1.1" 200 27
221.239.195.6 - - [10/Jul/2021:10:32:33 +0800] "GET /xingrg/kc/buy/cgsh_order_operate.html?command=get_materiel&rest_code=00105&code=00101001029&supplier_code=00100312&order_time=2021-07-10 HTTP/1.1" 200 413
180.157.255.9 - - [10/Jul/2021:10:32:33 +0800] "GET /xingrg/kc/buy/cgsh_order_operate.html?command=get_materiel&rest_code=00148&code=00101006253&supplier_code=00100331&order_time=2021-07-10 HTTP/1.1" 200 399
180.157.255.9 - - [10/Jul/2021:10:32:34 +0800] "GET /xingrg/all/function/internal_message.html?_=1625884367860&CODE_STATE=getMsg HTTP/1.1" 200 27
58.40.7.146 - - [10/Jul/2021:10:32:34 +0800] "GET /xingrg/all/function/internal_message.html?_=1625884357684&CODE_STATE=getMsg HTTP/1.1" 302 -
116.230.114.112 - - [10/Jul/2021:10:32:35 +0800] "GET /xingrg/all/function/internal_message.html?_=1625884376584&CODE_STATE=getMsg HTTP/1.1" 302 -
120.253.135.82 - - [10/Jul/2021:10:32:35 +0800] "POST /xingrg/kc/pszx/mdps_list_operate.html HTTP/1.1" 200 288
120.253.135.82 - - [10/Jul/2021:10:32:36 +0800] "POST /xingrg/kc/pszx/mdps_list_operate.html HTTP/1.1" 200 205
120.253.135.82 - - [10/Jul/2021:10:32:38 +0800] "POST /xingrg/kc/pszx/mdps_list_operate.html HTTP/1.1" 200 294
222.70.176.145 - - [10/Jul/2021:10:32:39 +0800] "GET /xingrg/all/function/internal_message.html?_=1625884358406&CODE_STATE=getMsg HTTP/1.1" 200 27
116.238.248.233 - - [10/Jul/2021:10:32:40 +0800] "POST /xingrg/kc/buy/cgsh_order_operate.html HTTP/1.1" 200 12
116.238.248.233 - - [10/Jul/2021:10:32:41 +0800] "GET /xingrg/kc/buy/cgsh_order_info.html?code=212021071004260 HTTP/1.1" 200 57523
116.238.248.233 - - [10/Jul/2021:10:32:42 +0800] "GET /xingrg/javascript/easyui/themes/default/validatebox.css HTTP/1.1" 404 1104
116.230.117.165 - - [10/Jul/2021:10:32:42 +0800] "GET /xingrg/check_reg.html?_=1625884385895 HTTP/1.1" 200 22
221.239.195.6 - - [10/Jul/2021:10:32:43 +0800] "GET /xingrg/kc/buy/cgsh_order_operate.html?command=get_materiel&rest_code=00105&code=00101005072&supplier_code=00100312&order_time=2021-07-10 HTTP/1.1" 200 403
116.238.248.233 - - [10/Jul/2021:10:32:43 +0800] "POST /xingrg/kc/buy/cgsh_order_operate.html HTTP/1.1" 200 1203
120.253.135.82 - - [10/Jul/2021:10:32:43 +0800] "GET /xingrg/kc/pszx/mdps_order_add.html HTTP/1.1" 200 29026
120.253.135.82 - - [10/Jul/2021:10:32:44 +0800] "POST /xingrg/kc/pszx/mdps_order_operate.html HTTP/1.1" 200 7126
120.253.135.82 - - [10/Jul/2021:10:32:44 +0800] "GET /xingrg/javascript/easyui/themes/default/validatebox.css HTTP/1.1" 404 1104
116.230.110.80 - - [10/Jul/2021:10:32:46 +0800] "GET /xingrg/all/function/internal_message.html?_=1625884369151&CODE_STATE=getMsg HTTP/1.1" 200 27
116.238.248.233 - - [10/Jul/2021:10:32:46 +0800] "GET /xingrg/kc/print/load_data.html?order_code=212021071004260&kc_code=cgsh&condition= HTTP/1.1" 200 1039
58.37.5.217 - - [10/Jul/2021:10:32:47 +0800] "GET /xingrg/kc/buy/cgsh_order_add.html HTTP/1.1" 200 62675
58.37.5.217 - - [10/Jul/2021:10:32:47 +0800] "POST /xingrg/kc/buy/cgsh_order_operate.html HTTP/1.1" 200 8245
58.37.5.217 - - [10/Jul/2021:10:32:47 +0800] "GET /xingrg/javascript/easyui/themes/default/validatebox.css HTTP/1.1" 404 1104
58.37.5.217 - - [10/Jul/2021:10:32:49 +0800] "GET /xingrg/javascript/easyui/themes/default/tree.css HTTP/1.1" 404 1090
58.37.5.217 - - [10/Jul/2021:10:32:49 +0800] "POST /xingrg/all/common/load_tree.html?tree=supplier_tree_json&isDelete=1 HTTP/1.1" 200 56276
221.239.195.6 - - [10/Jul/2021:10:32:53 +0800] "GET /xingrg/kc/buy/cgsh_order_operate.html?command=get_materiel&rest_code=00105&code=00101005022&supplier_code=00100312&order_time=2021-07-10 HTTP/1.1" 200 417
180.157.255.9 - - [10/Jul/2021:10:32:56 +0800] "POST /xingrg/services/DataTransmitService HTTP/1.1" 200 524
120.253.135.82 - - [10/Jul/2021:10:32:56 +0800] "POST /xingrg/all/common/load_combo.html?type=base HTTP/1.1" 200 1075
101.85.52.2 - - [10/Jul/2021:10:33:03 +0800] "GET /xingrg/all/function/internal_message.html?_=1625884375583&CODE_STATE=getMsg HTTP/1.1" 200 27
180.157.255.9 - - [10/Jul/2021:10:33:05 +0800] "POST /xingrg/services/DataTransmitService HTTP/1.1" 200 501
180.157.255.9 - - [10/Jul/2021:10:33:05 +0800] "POST /xingrg/services/DataTransmitService HTTP/1.1" 200 501
58.40.7.146 - - [10/Jul/2021:10:33:05 +0800] "GET /xingrg/all/function/internal_message.html?_=1625884388701&CODE_STATE=getMsg HTTP/1.1" 200 27
116.230.117.165 - - [10/Jul/2021:10:33:06 +0800] "GET /xingrg/all/function/internal_message.html?_=1625884409561&CODE_STATE=getMsg HTTP/1.1" 200 27
180.157.255.9 - - [10/Jul/2021:10:33:07 +0800] "POST /xingrg/services/DataTransmitService HTTP/1.1" 200 501
120.253.135.82 - - [10/Jul/2021:10:33:08 +0800] "GET /xingrg/kc/pszx/mdps_order_operate.html?command=get_materiel&pszx_code=00101&rest_code=00155&base_code=0010246&code=00101032007 HTTP/1.1" 200 424
58.37.5.217 - - [10/Jul/2021:10:33:08 +0800] "GET /xingrg/kc/buy/cgsh_order_operate.html?command=get_materiel&rest_code=00106&code=00101006164&supplier_code=00100326&order_time=2021-07-10 HTTP/1.1" 200 415
221.239.195.6 - - [10/Jul/2021:10:33:09 +0800] "GET /xingrg/kc/buy/cgsh_order_operate.html?command=get_materiel&rest_code=00105&code=00101001023&supplier_code=00100312&order_time=2021-07-10 HTTP/1.1" 200 413
116.238.248.233 - - [10/Jul/2021:10:33:10 +0800] "GET /xingrg/all/function/internal_message.html?_=1625884378620&CODE_STATE=getMsg HTTP/1.1" 200 27
180.157.255.9 - - [10/Jul/2021:10:33:11 +0800] "POST /xingrg/services/DataTransmitService HTTP/1.1" 200 501
120.253.135.82 - - [10/Jul/2021:10:33:13 +0800] "GET /xingrg/all/function/internal_message.html?_=1625884433751&CODE_STATE=getMsg HTTP/1.1" 200 27
222.70.176.145 - - [10/Jul/2021:10:33:13 +0800] "GET /xingrg/all/function/internal_message.html?_=1625884329739&CODE_STATE=getMsg HTTP/1.1" 200 27
222.70.176.145 - - [10/Jul/2021:10:33:13 +0800] "GET /xingrg/check_reg.html?_=1625884329741 HTTP/1.1" 200 22
180.157.255.9 - - [10/Jul/2021:10:33:13 +0800] "POST /xingrg/services/DataTransmitService HTTP/1.1" 200 501
180.157.255.9 - - [10/Jul/2021:10:33:14 +0800] "POST /xingrg/services/DataTransmitService HTTP/1.1" 200 501
120.253.135.82 - - [10/Jul/2021:10:33:15 +0800] "POST /xingrg/kc/pszx/mdps_order_operate.html HTTP/1.1" 200 37
120.253.135.82 - - [10/Jul/2021:10:33:16 +0800] "GET /xingrg/kc/pszx/mdps_order_info.html?code=312021071000239 HTTP/1.1" 200 23931
221.239.195.6 - - [10/Jul/2021:10:33:16 +0800] "GET /xingrg/all/function/internal_message.html?_=1625884367759&CODE_STATE=getMsg HTTP/1.1" 302 -
180.162.112.86 - - [10/Jul/2021:10:33:17 +0800] "GET /xingrg/all/function/internal_message.html?_=1625884052155&CODE_STATE=getMsg HTTP/1.1" 200 27
120.253.135.82 - - [10/Jul/2021:10:33:17 +0800] "GET /xingrg/javascript/easyui/themes/default/validatebox.css HTTP/1.1" 404 1104
120.253.135.82 - - [10/Jul/2021:10:33:17 +0800] "POST /xingrg/kc/pszx/mdps_order_operate.html HTTP/1.1" 200 2280
120.253.135.82 - - [10/Jul/2021:10:33:17 +0800] "GET /xingrg/all/function/internal_message.html?_=1625884182673&CODE_STATE=getMsg HTTP/1.1" 200 27
180.169.147.146 - - [10/Jul/2021:10:33:17 +0800] "GET /xingrg/all/function/internal_message.html?_=1625884401216&CODE_STATE=getMsg HTTP/1.1" 200 27
221.239.195.6 - - [10/Jul/2021:10:33:17 +0800] "GET /xingrg/kc/buy/cgsh_order_operate.html?command=get_materiel&rest_code=00105&code=00101004023&supplier_code=00100312&order_time=2021-07-10 HTTP/1.1" 200 409
221.239.195.6 - - [10/Jul/2021:10:33:19 +0800] "GET /xingrg/all/function/internal_message.html?_=1625884404028&CODE_STATE=getMsg HTTP/1.1" 200 27
120.253.135.82 - - [10/Jul/2021:10:33:20 +0800] "POST /xingrg/kc/pszx/mdps_list_operate.html HTTP/1.1" 200 2812
221.239.195.6 - - [10/Jul/2021:10:33:21 +0800] "GET /xingrg/check_reg.html?_=1625884406119 HTTP/1.1" 200 22
180.157.255.9 - - [10/Jul/2021:10:33:22 +0800] "POST /xingrg/services/DataTransmitService HTTP/1.1" 200 501
120.253.135.82 - - [10/Jul/2021:10:33:22 +0800] "POST /xingrg/kc/pszx/mdps_list_operate.html HTTP/1.1" 200 205
116.230.114.112 - - [10/Jul/2021:10:33:22 +0800] "GET /xingrg/check_reg.html?_=1625884423798 HTTP/1.1" 302 -
180.157.255.9 - - [10/Jul/2021:10:33:22 +0800] "POST /xingrg/services/DataTransmitService HTTP/1.1" 200 501
58.37.5.217 - - [10/Jul/2021:10:33:23 +0800] "GET /xingrg/all/function/internal_message.html?_=1625884944719&CODE_STATE=getMsg HTTP/1.1" 200 27
180.157.255.9 - - [10/Jul/2021:10:33:23 +0800] "POST /xingrg/services/DataTransmitService HTTP/1.1" 200 501
180.157.255.9 - - [10/Jul/2021:10:33:23 +0800] "POST /xingrg/services/DataTransmitService HTTP/1.1" 200 412
114.83.219.201 - - [10/Jul/2021:10:33:25 +0800] "GET /xingrg/all/function/internal_message.html?_=1625884409168&CODE_STATE=getMsg HTTP/1.1" 200 27
116.238.248.233 - - [10/Jul/2021:10:33:28 +0800] "GET /xingrg/kc/buy/cgsh_order_add.html HTTP/1.1" 200 62611
116.238.248.233 - - [10/Jul/2021:10:33:28 +0800] "POST /xingrg/kc/buy/cgsh_order_operate.html HTTP/1.1" 200 8245
116.238.248.233 - - [10/Jul/2021:10:33:28 +0800] "GET /xingrg/javascript/easyui/themes/default/validatebox.css HTTP/1.1" 404 1104
180.174.226.65 - - [10/Jul/2021:10:33:31 +0800] "GET /xingrg/all/function/internal_message.html?_=1625884412645&CODE_STATE=getMsg HTTP/1.1" 200 27
58.40.7.146 - - [10/Jul/2021:10:33:32 +0800] "GET /xingrg/all/function/internal_message.html?_=1625884415561&CODE_STATE=getMsg HTTP/1.1" 200 27
58.40.7.146 - - [10/Jul/2021:10:33:32 +0800] "GET /xingrg/check_reg.html?_=1625884415563 HTTP/1.1" 200 22
180.157.255.9 - - [10/Jul/2021:10:33:32 +0800] "GET /xingrg/kc/buy/cgsh_order_operate.html?command=get_materiel&rest_code=00148&code=00101010084&supplier_code=00100331&order_time=2021-07-10 HTTP/1.1" 200 421
180.157.255.9 - - [10/Jul/2021:10:33:34 +0800] "GET /xingrg/all/function/internal_message.html?_=1625884427859&CODE_STATE=getMsg HTTP/1.1" 200 27
58.40.7.146 - - [10/Jul/2021:10:33:34 +0800] "GET /xingrg/check_reg.html?_=1625884417686 HTTP/1.1" 302 -
58.40.7.146 - - [10/Jul/2021:10:33:34 +0800] "GET /xingrg/all/function/internal_message.html?_=1625884417687&CODE_STATE=getMsg HTTP/1.1" 302 -
116.230.114.112 - - [10/Jul/2021:10:33:35 +0800] "GET /xingrg/all/function/internal_message.html?_=1625884436604&CODE_STATE=getMsg HTTP/1.1" 302 -
58.37.5.217 - - [10/Jul/2021:10:33:35 +0800] "GET /xingrg/kc/buy/cgsh_order_operate.html?command=get_materiel&rest_code=00106&code=00101015128&supplier_code=00100326&order_time=2021-07-10 HTTP/1.1" 200 407
116.238.248.233 - - [10/Jul/2021:10:33:39 +0800] "GET /xingrg/kc/buy/cgsh_order_operate.html?command=get_materiel&rest_code=00150&code=00101004046&supplier_code=00100312&order_time=2021-07-10 HTTP/1.1" 200 419
222.70.176.145 - - [10/Jul/2021:10:33:39 +0800] "GET /xingrg/all/function/internal_message.html?_=1625884418376&CODE_STATE=getMsg HTTP/1.1" 200 27
221.239.195.6 - - [10/Jul/2021:10:33:42 +0800] "GET /xingrg/kc/buy/cgsh_order_operate.html?command=get_materiel&rest_code=00105&code=00101005017&supplier_code=00100312&order_time=2021-07-10 HTTP/1.1" 200 409
116.230.110.80 - - [10/Jul/2021:10:33:46 +0800] "GET /xingrg/all/function/internal_message.html?_=1625884429151&CODE_STATE=getMsg HTTP/1.1" 200 27
58.37.5.217 - - [10/Jul/2021:10:33:49 +0800] "POST /xingrg/kc/buy/cgsh_order_operate.html HTTP/1.1" 200 37
116.238.248.233 - - [10/Jul/2021:10:33:51 +0800] "GET /xingrg/kc/buy/cgsh_order_operate.html?command=get_materiel&rest_code=00150&code=00101004067&supplier_code=00100312&order_time=2021-07-10 HTTP/1.1" 200 433
221.239.195.6 - - [10/Jul/2021:10:33:56 +0800] "POST /xingrg/kc/buy/cgsh_order_operate.html HTTP/1.1" 200 37
58.37.5.217 - - [10/Jul/2021:10:33:56 +0800] "POST /xingrg/kc/buy/cgsh_order_operate.html HTTP/1.1" 200 12
58.37.5.217 - - [10/Jul/2021:10:33:57 +0800] "GET /xingrg/kc/buy/cgsh_order_info.html?code=212021071004261 HTTP/1.1" 200 57587
58.37.5.217 - - [10/Jul/2021:10:33:57 +0800] "GET /xingrg/javascript/easyui/themes/default/validatebox.css HTTP/1.1" 404 1104
221.239.195.6 - - [10/Jul/2021:10:33:58 +0800] "POST /xingrg/kc/buy/cgsh_order_operate.html HTTP/1.1" 200 12166
180.157.255.9 - - [10/Jul/2021:10:33:58 +0800] "GET /xingrg/kc/buy/cgsh_order_operate.html?command=get_materiel&rest_code=00148&code=00101010091&supplier_code=00100331&order_time=2021-07-10 HTTP/1.1" 200 417
58.37.5.217 - - [10/Jul/2021:10:33:58 +0800] "POST /xingrg/kc/buy/cgsh_order_operate.html HTTP/1.1" 200 1211
221.239.195.6 - - [10/Jul/2021:10:33:59 +0800] "GET /xingrg/kc/print/load_data.html?order_code=212021071004262&kc_code=cgsh&condition= HTTP/1.1" 200 4286
58.37.5.217 - - [10/Jul/2021:10:34:01 +0800] "GET /xingrg/kc/print/load_data.html?order_code=212021071004261&kc_code=cgsh&condition= HTTP/1.1" 200 942
221.239.195.6 - - [10/Jul/2021:10:34:03 +0800] "GET /xingrg/kc/buy/cgsh_order_add.html HTTP/1.1" 200 62722
221.239.195.6 - - [10/Jul/2021:10:34:03 +0800] "GET /xingrg/javascript/easyui/themes/default/validatebox.css HTTP/1.1" 404 1104
221.239.195.6 - - [10/Jul/2021:10:34:03 +0800] "POST /xingrg/kc/buy/cgsh_order_operate.html HTTP/1.1" 200 8245
101.85.52.2 - - [10/Jul/2021:10:34:03 +0800] "GET /xingrg/all/function/internal_message.html?_=1625884435557&CODE_STATE=getMsg HTTP/1.1" 200 27
116.230.110.80 - - [10/Jul/2021:10:34:04 +0800] "GET /xingrg/check_reg.html?_=1625884447996 HTTP/1.1" 200 22
58.40.7.146 - - [10/Jul/2021:10:34:05 +0800] "GET /xingrg/all/function/internal_message.html?_=1625884448688&CODE_STATE=getMsg HTTP/1.1" 200 27
116.230.117.165 - - [10/Jul/2021:10:34:06 +0800] "GET /xingrg/all/function/internal_message.html?_=1625884469575&CODE_STATE=getMsg HTTP/1.1" 200 27
116.238.248.233 - - [10/Jul/2021:10:34:10 +0800] "GET /xingrg/all/function/internal_message.html?_=1625884438633&CODE_STATE=getMsg HTTP/1.1" 200 27
120.253.135.82 - - [10/Jul/2021:10:34:13 +0800] "GET /xingrg/all/function/internal_message.html?_=1625884493768&CODE_STATE=getMsg HTTP/1.1" 200 27
222.70.176.145 - - [10/Jul/2021:10:34:13 +0800] "GET /xingrg/all/function/internal_message.html?_=1625884389739&CODE_STATE=getMsg HTTP/1.1" 200 27
221.239.195.6 - - [10/Jul/2021:10:34:13 +0800] "GET /xingrg/kc/buy/cgsh_order_operate.html?command=get_materiel&rest_code=00105&code=00101001037&supplier_code=00100094&order_time=2021-07-10 HTTP/1.1" 200 416
58.37.5.217 - - [10/Jul/2021:10:34:14 +0800] "GET /xingrg/kc/buy/cgsh_order_add.html HTTP/1.1" 200 62675
58.37.5.217 - - [10/Jul/2021:10:34:14 +0800] "POST /xingrg/kc/buy/cgsh_order_operate.html HTTP/1.1" 200 8245
58.37.5.217 - - [10/Jul/2021:10:34:14 +0800] "GET /xingrg/javascript/easyui/themes/default/validatebox.css HTTP/1.1" 404 1104
58.37.5.217 - - [10/Jul/2021:10:34:16 +0800] "GET /xingrg/javascript/easyui/themes/default/tree.css HTTP/1.1" 404 1090
58.37.5.217 - - [10/Jul/2021:10:34:16 +0800] "POST /xingrg/all/common/load_tree.html?tree=supplier_tree_json&isDelete=1 HTTP/1.1" 200 56276
221.239.195.6 - - [10/Jul/2021:10:34:16 +0800] "GET /xingrg/all/function/internal_message.html?_=1625884427743&CODE_STATE=getMsg HTTP/1.1" 302 -
180.162.112.86 - - [10/Jul/2021:10:34:17 +0800] "GET /xingrg/all/function/internal_message.html?_=1625884112153&CODE_STATE=getMsg HTTP/1.1" 200 27
120.253.135.82 - - [10/Jul/2021:10:34:17 +0800] "GET /xingrg/all/function/internal_message.html?_=1625884242883&CODE_STATE=getMsg HTTP/1.1" 200 27
180.169.147.146 - - [10/Jul/2021:10:34:17 +0800] "GET /xingrg/all/function/internal_message.html?_=1625884461204&CODE_STATE=getMsg HTTP/1.1" 200 27
221.239.195.6 - - [10/Jul/2021:10:34:19 +0800] "GET /xingrg/all/function/internal_message.html?_=1625884464014&CODE_STATE=getMsg HTTP/1.1" 200 27
180.157.255.9 - - [10/Jul/2021:10:34:23 +0800] "POST /xingrg/kc/buy/cgsh_order_operate.html HTTP/1.1" 200 37
58.37.5.217 - - [10/Jul/2021:10:34:23 +0800] "GET /xingrg/all/function/internal_message.html?_=1625885004686&CODE_STATE=getMsg HTTP/1.1" 200 27
58.37.5.217 - - [10/Jul/2021:10:34:23 +0800] "GET /xingrg/check_reg.html?_=1625885005033 HTTP/1.1" 200 22
114.83.219.201 - - [10/Jul/2021:10:34:25 +0800] "GET /xingrg/all/function/internal_message.html?_=1625884469150&CODE_STATE=getMsg HTTP/1.1" 200 27
221.239.195.6 - - [10/Jul/2021:10:34:26 +0800] "POST /xingrg/kc/buy/cgsh_order_operate.html HTTP/1.1" 200 37
116.238.248.233 - - [10/Jul/2021:10:34:27 +0800] "GET /xingrg/kc/buy/cgsh_order_operate.html?command=get_materiel&rest_code=00150&code=00101001029&supplier_code=00100312&order_time=2021-07-10 HTTP/1.1" 200 413
180.157.255.9 - - [10/Jul/2021:10:34:28 +0800] "POST /xingrg/kc/buy/cgsh_order_operate.html HTTP/1.1" 200 3856
221.239.195.6 - - [10/Jul/2021:10:34:28 +0800] "POST /xingrg/kc/buy/cgsh_order_operate.html HTTP/1.1" 200 2663
221.239.195.6 - - [10/Jul/2021:10:34:29 +0800] "GET /xingrg/kc/print/load_data.html?order_code=212021071004264&kc_code=cgsh&condition= HTTP/1.1" 200 742
180.157.255.9 - - [10/Jul/2021:10:34:29 +0800] "GET /xingrg/kc/print/load_data.html?order_code=212021071004263&kc_code=cgsh&condition= HTTP/1.1" 200 1154
180.174.226.65 - - [10/Jul/2021:10:34:31 +0800] "GET /xingrg/all/function/internal_message.html?_=1625884472660&CODE_STATE=getMsg HTTP/1.1" 200 27
58.40.7.146 - - [10/Jul/2021:10:34:32 +0800] "GET /xingrg/all/function/internal_message.html?_=1625884475548&CODE_STATE=getMsg HTTP/1.1" 200 27
221.239.195.6 - - [10/Jul/2021:10:34:33 +0800] "GET /xingrg/kc/buy/cgsh_order_add.html HTTP/1.1" 200 62722
221.239.195.6 - - [10/Jul/2021:10:34:33 +0800] "POST /xingrg/kc/buy/cgsh_order_operate.html HTTP/1.1" 200 8245
221.239.195.6 - - [10/Jul/2021:10:34:33 +0800] "GET /xingrg/javascript/easyui/themes/default/validatebox.css HTTP/1.1" 404 1104
180.157.255.9 - - [10/Jul/2021:10:34:34 +0800] "GET /xingrg/all/function/internal_message.html?_=1625884487872&CODE_STATE=getMsg HTTP/1.1" 200 27
58.40.7.146 - - [10/Jul/2021:10:34:34 +0800] "GET /xingrg/all/function/internal_message.html?_=1625884477690&CODE_STATE=getMsg HTTP/1.1" 302 -
116.230.114.112 - - [10/Jul/2021:10:34:35 +0800] "GET /xingrg/all/function/internal_message.html?_=1625884496612&CODE_STATE=getMsg HTTP/1.1" 302 -
116.238.248.233 - - [10/Jul/2021:10:34:39 +0800] "GET /xingrg/kc/buy/cgsh_order_operate.html?command=get_materiel&rest_code=00150&code=00101004023&supplier_code=00100312&order_time=2021-07-10 HTTP/1.1" 200 409
180.157.255.9 - - [10/Jul/2021:10:34:39 +0800] "GET /xingrg/kc/buy/cgsh_order_add.html HTTP/1.1" 200 62681
180.157.255.9 - - [10/Jul/2021:10:34:39 +0800] "POST /xingrg/kc/buy/cgsh_order_operate.html HTTP/1.1" 200 8245
222.70.176.145 - - [10/Jul/2021:10:34:39 +0800] "GET /xingrg/all/function/internal_message.html?_=1625884478363&CODE_STATE=getMsg HTTP/1.1" 200 27
180.157.255.9 - - [10/Jul/2021:10:34:39 +0800] "GET /xingrg/javascript/easyui/themes/default/validatebox.css HTTP/1.1" 404 1104
221.239.195.6 - - [10/Jul/2021:10:34:44 +0800] "GET /xingrg/kc/buy/cgsh_order_operate.html?command=get_materiel&rest_code=00105&code=00101008061&supplier_code=00100339&order_time=2021-07-10 HTTP/1.1" 200 423
116.230.110.80 - - [10/Jul/2021:10:34:46 +0800] "GET /xingrg/all/function/internal_message.html?_=1625884489135&CODE_STATE=getMsg HTTP/1.1" 200 27
58.37.225.51 - - [10/Jul/2021:10:34:47 +0800] "GET /xingrg/login.html HTTP/1.1" 200 7641
58.37.225.51 - - [10/Jul/2021:10:34:47 +0800] "GET /favicon.ico HTTP/1.1" 404 -
58.37.225.51 - - [10/Jul/2021:10:34:56 +0800] "POST /xingrg/login.do HTTP/1.1" 302 -
58.37.225.51 - - [10/Jul/2021:10:34:56 +0800] "GET /xingrg/index.html?sysBaseUrl=http%3A%2F%2F180.169.147.146%3A18081%2Fxingrg%2F&costTime=118×tamp=1625884496187 HTTP/1.1" 200 17179
58.37.225.51 - - [10/Jul/2021:10:34:56 +0800] "GET /favicon.ico HTTP/1.1" 404 -
58.37.225.51 - - [10/Jul/2021:10:34:56 +0800] "GET /xingrg/check_reg.html?_=1625884418527 HTTP/1.1" 200 22
58.37.225.51 - - [10/Jul/2021:10:34:56 +0800] "GET /xingrg/all/function/internal_message.html?_=1625884418526&CODE_STATE=count HTTP/1.1" 200 11
58.37.225.51 - - [10/Jul/2021:10:34:56 +0800] "POST /xingrg/all/common/load_tree.html?tree=area_rest_tree_json&manage=1 HTTP/1.1" 200 351
221.239.195.6 - - [10/Jul/2021:10:34:56 +0800] "POST /xingrg/kc/buy/cgsh_order_operate.html HTTP/1.1" 200 37
58.37.225.51 - - [10/Jul/2021:10:34:56 +0800] "POST /xingrg/load_menu.html HTTP/1.1" 200 5138
58.37.225.51 - - [10/Jul/2021:10:34:58 +0800] "GET /xingrg/css/new_ie.css HTTP/1.1" 404 1036
58.37.225.51 - - [10/Jul/2021:10:34:58 +0800] "GET /xingrg/kc/buy/buy_main.html HTTP/1.1" 200 12412
101.85.52.2 - - [10/Jul/2021:10:34:58 +0800] "GET /xingrg/kc/buy/cgsh_order_operate.html?command=get_materiel&rest_code=00145&code=00101011005&supplier_code=00100047&order_time=2021-07-07 HTTP/1.1" 200 428
