222.70.176.145 - - [10/Jul/2021:10:54:39 +0800] "GET /xingrg/all/function/internal_message.html?_=1625885677890&CODE_STATE=getMsg HTTP/1.1" 200 27
116.235.222.38 - - [10/Jul/2021:10:54:42 +0800] "GET /xingrg/kc/buy/cgsh_order_operate.html?command=get_materiel&rest_code=00107&code=00101008131&supplier_code=00100006&order_time=2021-07-10 HTTP/1.1" 200 408
101.85.52.2 - - [10/Jul/2021:10:54:45 +0800] "GET /xingrg/kc/buy/cgsh_order_operate.html?command=get_materiel&rest_code=00145&code=00101001053&supplier_code=00100185&order_time=2021-07-08 HTTP/1.1" 200 409
116.230.110.80 - - [10/Jul/2021:10:54:45 +0800] "GET /xingrg/all/function/internal_message.html?_=1625885688893&CODE_STATE=getMsg HTTP/1.1" 200 27
116.235.222.38 - - [10/Jul/2021:10:54:50 +0800] "GET /xingrg/kc/buy/cgsh_order_operate.html?command=get_materiel&rest_code=00107&code=00101008197&supplier_code=00100006&order_time=2021-07-10 HTTP/1.1" 200 416
116.235.222.38 - - [10/Jul/2021:10:54:59 +0800] "GET /xingrg/kc/buy/cgsh_order_operate.html?command=get_materiel&rest_code=00107&code=00101008352&supplier_code=00100006&order_time=2021-07-10 HTTP/1.1" 200 412
58.37.5.217 - - [10/Jul/2021:10:55:01 +0800] "GET /xingrg/kc/buy/cgsh_order_add.html HTTP/1.1" 200 62681
58.37.5.217 - - [10/Jul/2021:10:55:01 +0800] "GET /xingrg/javascript/easyui/themes/default/validatebox.css HTTP/1.1" 404 1104
58.37.5.217 - - [10/Jul/2021:10:55:01 +0800] "POST /xingrg/kc/buy/cgsh_order_operate.html HTTP/1.1" 200 8245
58.37.5.217 - - [10/Jul/2021:10:55:02 +0800] "GET /xingrg/javascript/easyui/themes/default/tree.css HTTP/1.1" 404 1090
58.37.5.217 - - [10/Jul/2021:10:55:02 +0800] "POST /xingrg/all/common/load_tree.html?tree=supplier_tree_json&isDelete=1 HTTP/1.1" 200 56276
101.85.52.2 - - [10/Jul/2021:10:55:03 +0800] "GET /xingrg/all/function/internal_message.html?_=1625885695429&CODE_STATE=getMsg HTTP/1.1" 200 27
101.85.52.2 - - [10/Jul/2021:10:55:04 +0800] "GET /xingrg/check_reg.html?_=1625885695960 HTTP/1.1" 200 22
58.40.7.146 - - [10/Jul/2021:10:55:04 +0800] "GET /xingrg/check_reg.html?_=1625885707743 HTTP/1.1" 200 22
58.40.7.146 - - [10/Jul/2021:10:55:05 +0800] "GET /xingrg/all/function/internal_message.html?_=1625885708307&CODE_STATE=getMsg HTTP/1.1" 200 27
116.230.117.165 - - [10/Jul/2021:10:55:06 +0800] "GET /xingrg/all/function/internal_message.html?_=1625885729887&CODE_STATE=getMsg HTTP/1.1" 200 27
58.37.225.51 - - [10/Jul/2021:10:55:07 +0800] "GET /xingrg/all/function/internal_message.html?_=1625885629902&CODE_STATE=getMsg HTTP/1.1" 200 27
222.70.176.145 - - [10/Jul/2021:10:55:13 +0800] "GET /xingrg/all/function/internal_message.html?_=1625885649739&CODE_STATE=getMsg HTTP/1.1" 200 27
120.253.135.82 - - [10/Jul/2021:10:55:13 +0800] "GET /xingrg/all/function/internal_message.html?_=1625885754055&CODE_STATE=getMsg HTTP/1.1" 200 27
116.235.222.38 - - [10/Jul/2021:10:55:14 +0800] "GET /xingrg/kc/buy/cgsh_order_operate.html?command=get_materiel&rest_code=00107&code=00101008005&supplier_code=00100006&order_time=2021-07-10 HTTP/1.1" 200 412
58.37.5.217 - - [10/Jul/2021:10:55:16 +0800] "GET /xingrg/kc/buy/cgsh_order_operate.html?command=get_materiel&rest_code=00106&code=00101007125&supplier_code=00100002&order_time=2021-07-10 HTTP/1.1" 200 408
180.162.112.86 - - [10/Jul/2021:10:55:17 +0800] "GET /xingrg/all/function/internal_message.html?_=1625885372185&CODE_STATE=getMsg HTTP/1.1" 200 27
180.169.147.146 - - [10/Jul/2021:10:55:17 +0800] "GET /xingrg/check_reg.html?_=1625885721203 HTTP/1.1" 200 22
180.169.147.146 - - [10/Jul/2021:10:55:17 +0800] "GET /xingrg/all/function/internal_message.html?_=1625885721207&CODE_STATE=getMsg HTTP/1.1" 200 27
116.235.222.38 - - [10/Jul/2021:10:55:18 +0800] "GET /xingrg/check_reg.html?_=1625885710938 HTTP/1.1" 200 22
116.235.222.38 - - [10/Jul/2021:10:55:18 +0800] "GET /xingrg/all/function/internal_message.html?_=1625885710944&CODE_STATE=getMsg HTTP/1.1" 200 27
221.239.195.6 - - [10/Jul/2021:10:55:19 +0800] "GET /xingrg/all/function/internal_message.html?_=1625885723694&CODE_STATE=getMsg HTTP/1.1" 200 27
58.37.5.217 - - [10/Jul/2021:10:55:23 +0800] "GET /xingrg/all/function/internal_message.html?_=1625886264451&CODE_STATE=getMsg HTTP/1.1" 200 27
222.70.176.145 - - [10/Jul/2021:10:55:23 +0800] "POST /xingrg/kc/buy/cgsh_order_operate.html HTTP/1.1" 200 37
58.37.5.217 - - [10/Jul/2021:10:55:24 +0800] "GET /xingrg/kc/buy/cgsh_order_operate.html?command=get_materiel&rest_code=00106&code=00101005037&supplier_code=00100334&order_time=2021-07-10 HTTP/1.1" 200 409
114.83.219.201 - - [10/Jul/2021:10:55:25 +0800] "GET /xingrg/all/function/internal_message.html?_=1625885728827&CODE_STATE=getMsg HTTP/1.1" 200 27
116.235.222.38 - - [10/Jul/2021:10:55:25 +0800] "GET /xingrg/kc/buy/cgsh_order_operate.html?command=get_materiel&rest_code=00107&code=00101008353&supplier_code=00100006&order_time=2021-07-10 HTTP/1.1" 200 408
116.238.248.233 - - [10/Jul/2021:10:55:25 +0800] "GET /xingrg/all/function/internal_message.html?_=1625885713333&CODE_STATE=getMsg HTTP/1.1" 200 27
58.40.7.146 - - [10/Jul/2021:10:55:25 +0800] "GET /xingrg/all/function/internal_message.html?_=1625885728661&CODE_STATE=getMsg HTTP/1.1" 200 27
58.37.5.217 - - [10/Jul/2021:10:55:27 +0800] "GET /xingrg/kc/buy/cgsh_order_operate.html?command=get_materiel&rest_code=00106&code=00101007076&supplier_code=00100002&order_time=2021-07-10 HTTP/1.1" 200 410
222.70.176.145 - - [10/Jul/2021:10:55:27 +0800] "POST /xingrg/kc/buy/cgsh_order_operate.html HTTP/1.1" 200 5609
222.70.176.145 - - [10/Jul/2021:10:55:30 +0800] "GET /xingrg/kc/print/load_data.html?order_code=212021071004326&kc_code=cgsh&condition= HTTP/1.1" 200 1828
58.37.5.217 - - [10/Jul/2021:10:55:31 +0800] "GET /xingrg/all/function/internal_message.html?_=1625885730016&CODE_STATE=getMsg HTTP/1.1" 200 27
180.174.226.65 - - [10/Jul/2021:10:55:31 +0800] "GET /xingrg/check_reg.html?_=1625885732579 HTTP/1.1" 200 22
180.174.226.65 - - [10/Jul/2021:10:55:32 +0800] "GET /xingrg/all/function/internal_message.html?_=1625885733203&CODE_STATE=getMsg HTTP/1.1" 200 27
58.40.7.146 - - [10/Jul/2021:10:55:32 +0800] "GET /xingrg/all/function/internal_message.html?_=1625885735548&CODE_STATE=getMsg HTTP/1.1" 200 27
221.239.195.6 - - [10/Jul/2021:10:55:33 +0800] "GET /xingrg/all/function/internal_message.html?_=1625885704697&CODE_STATE=getMsg HTTP/1.1" 200 27
180.157.255.9 - - [10/Jul/2021:10:55:34 +0800] "GET /xingrg/check_reg.html?_=1625885747888 HTTP/1.1" 200 22
180.157.255.9 - - [10/Jul/2021:10:55:34 +0800] "GET /xingrg/all/function/internal_message.html?_=1625885747886&CODE_STATE=getMsg HTTP/1.1" 200 27
116.230.114.112 - - [10/Jul/2021:10:55:35 +0800] "GET /xingrg/all/function/internal_message.html?_=1625885756905&CODE_STATE=getMsg HTTP/1.1" 302 -
222.70.176.145 - - [10/Jul/2021:10:55:39 +0800] "GET /xingrg/all/function/internal_message.html?_=1625885737869&CODE_STATE=getMsg HTTP/1.1" 200 27
116.235.222.38 - - [10/Jul/2021:10:55:39 +0800] "GET /xingrg/kc/buy/cgsh_order_operate.html?command=get_materiel&rest_code=00107&code=00101009025&supplier_code=00100006&order_time=2021-07-10 HTTP/1.1" 200 409
222.70.176.145 - - [10/Jul/2021:10:55:41 +0800] "GET /xingrg/check_reg.html?_=1625885740229 HTTP/1.1" 200 22
58.37.5.217 - - [10/Jul/2021:10:55:43 +0800] "GET /xingrg/kc/buy/cgsh_order_operate.html?command=get_materiel&rest_code=00106&code=00101007077&supplier_code=00100002&order_time=2021-07-10 HTTP/1.1" 200 415
101.85.52.2 - - [10/Jul/2021:10:55:45 +0800] "POST /xingrg/kc/buy/cgsh_order_operate.html HTTP/1.1" 200 37
116.230.110.80 - - [10/Jul/2021:10:55:45 +0800] "GET /xingrg/all/function/internal_message.html?_=1625885748881&CODE_STATE=getMsg HTTP/1.1" 200 27
101.85.52.2 - - [10/Jul/2021:10:55:47 +0800] "POST /xingrg/kc/buy/cgsh_order_operate.html HTTP/1.1" 200 3241
101.85.52.2 - - [10/Jul/2021:10:55:48 +0800] "GET /xingrg/kc/print/load_data.html?order_code=212021071004327&kc_code=cgsh&condition= HTTP/1.1" 200 906
58.37.5.217 - - [10/Jul/2021:10:55:51 +0800] "GET /xingrg/kc/buy/cgsh_order_operate.html?command=get_materiel&rest_code=00106&code=00101007181&supplier_code=00100002&order_time=2021-07-10 HTTP/1.1" 200 398
101.85.52.2 - - [10/Jul/2021:10:55:54 +0800] "GET /xingrg/kc/buy/cgsh_order_add.html HTTP/1.1" 200 61870
101.85.52.2 - - [10/Jul/2021:10:55:55 +0800] "POST /xingrg/kc/buy/cgsh_order_operate.html HTTP/1.1" 200 8245
101.85.52.2 - - [10/Jul/2021:10:55:55 +0800] "GET /xingrg/javascript/easyui/themes/default/validatebox.css HTTP/1.1" 404 1104
116.235.222.38 - - [10/Jul/2021:10:56:00 +0800] "GET /xingrg/kc/buy/cgsh_order_operate.html?command=get_materiel&rest_code=00107&code=00101015031&supplier_code=00100006&order_time=2021-07-10 HTTP/1.1" 200 409
222.70.176.145 - - [10/Jul/2021:10:56:03 +0800] "GET /xingrg/kc/buy/cgsh_order_add.html HTTP/1.1" 200 62675
101.85.52.2 - - [10/Jul/2021:10:56:03 +0800] "GET /xingrg/all/function/internal_message.html?_=1625885755401&CODE_STATE=getMsg HTTP/1.1" 200 27
222.70.176.145 - - [10/Jul/2021:10:56:03 +0800] "POST /xingrg/kc/buy/cgsh_order_operate.html HTTP/1.1" 200 8245
222.70.176.145 - - [10/Jul/2021:10:56:03 +0800] "GET /xingrg/javascript/easyui/themes/default/validatebox.css HTTP/1.1" 404 1104
101.85.52.2 - - [10/Jul/2021:10:56:04 +0800] "GET /xingrg/kc/buy/cgsh_order_operate.html?command=get_materiel&rest_code=00145&code=00101008024&supplier_code=00100007&order_time=2021-07-09 HTTP/1.1" 200 408
58.40.7.146 - - [10/Jul/2021:10:56:05 +0800] "GET /xingrg/all/function/internal_message.html?_=1625885768277&CODE_STATE=getMsg HTTP/1.1" 200 27
116.230.117.165 - - [10/Jul/2021:10:56:06 +0800] "GET /xingrg/all/function/internal_message.html?_=1625885789888&CODE_STATE=getMsg HTTP/1.1" 200 27
58.37.5.217 - - [10/Jul/2021:10:56:07 +0800] "POST /xingrg/kc/buy/cgsh_order_operate.html HTTP/1.1" 200 37
58.37.225.51 - - [10/Jul/2021:10:56:07 +0800] "GET /xingrg/all/function/internal_message.html?_=1625885689918&CODE_STATE=getMsg HTTP/1.1" 200 27
101.85.52.2 - - [10/Jul/2021:10:56:09 +0800] "GET /xingrg/kc/buy/cgsh_order_operate.html?command=get_materiel&rest_code=00145&code=00101012042&supplier_code=00100007&order_time=2021-07-09 HTTP/1.1" 200 408
180.169.147.146 - - [10/Jul/2021:10:56:13 +0800] "GET /xingrg/check_reg.html?_=1625885770581 HTTP/1.1" 200 22
222.70.176.145 - - [10/Jul/2021:10:56:13 +0800] "GET /xingrg/all/function/internal_message.html?_=1625885709739&CODE_STATE=getMsg HTTP/1.1" 200 27
120.253.135.82 - - [10/Jul/2021:10:56:13 +0800] "GET /xingrg/all/function/internal_message.html?_=1625885814063&CODE_STATE=getMsg HTTP/1.1" 200 27
101.85.52.2 - - [10/Jul/2021:10:56:14 +0800] "GET /xingrg/kc/buy/cgsh_order_operate.html?command=get_materiel&rest_code=00145&code=00101008355&supplier_code=00100007&order_time=2021-07-09 HTTP/1.1" 200 408
58.37.5.217 - - [10/Jul/2021:10:56:14 +0800] "POST /xingrg/kc/buy/cgsh_order_operate.html HTTP/1.1" 200 12
58.37.5.217 - - [10/Jul/2021:10:56:15 +0800] "GET /xingrg/kc/buy/cgsh_order_info.html?code=212021071004328 HTTP/1.1" 200 57587
58.37.5.217 - - [10/Jul/2021:10:56:16 +0800] "GET /xingrg/javascript/easyui/themes/default/validatebox.css HTTP/1.1" 404 1104
180.162.112.86 - - [10/Jul/2021:10:56:17 +0800] "GET /xingrg/all/function/internal_message.html?_=1625885432186&CODE_STATE=getMsg HTTP/1.1" 200 27
180.162.112.86 - - [10/Jul/2021:10:56:17 +0800] "GET /xingrg/check_reg.html?_=1625885432185 HTTP/1.1" 200 22
58.37.5.217 - - [10/Jul/2021:10:56:17 +0800] "POST /xingrg/kc/buy/cgsh_order_operate.html HTTP/1.1" 200 37
58.37.5.217 - - [10/Jul/2021:10:56:17 +0800] "POST /xingrg/kc/buy/cgsh_order_operate.html HTTP/1.1" 200 604
180.169.147.146 - - [10/Jul/2021:10:56:17 +0800] "GET /xingrg/all/function/internal_message.html?_=1625885781210&CODE_STATE=getMsg HTTP/1.1" 200 27
116.235.222.38 - - [10/Jul/2021:10:56:17 +0800] "GET /xingrg/all/function/internal_message.html?_=1625885770913&CODE_STATE=getMsg HTTP/1.1" 200 27
221.239.195.6 - - [10/Jul/2021:10:56:19 +0800] "GET /xingrg/all/function/internal_message.html?_=1625885783664&CODE_STATE=getMsg HTTP/1.1" 200 27
58.37.5.217 - - [10/Jul/2021:10:56:21 +0800] "GET /xingrg/kc/print/load_data.html?order_code=212021071004328&kc_code=cgsh&condition= HTTP/1.1" 200 702
58.37.5.217 - - [10/Jul/2021:10:56:21 +0800] "POST /xingrg/kc/buy/cgsh_order_operate.html HTTP/1.1" 200 12
101.85.52.2 - - [10/Jul/2021:10:56:22 +0800] "GET /xingrg/kc/buy/cgsh_order_operate.html?command=get_materiel&rest_code=00145&code=00101008356&supplier_code=00100007&order_time=2021-07-09 HTTP/1.1" 200 408
58.37.5.217 - - [10/Jul/2021:10:56:22 +0800] "GET /xingrg/kc/buy/cgsh_order_info.html?code=212021071004329 HTTP/1.1" 200 57591
58.37.5.217 - - [10/Jul/2021:10:56:23 +0800] "GET /xingrg/all/function/internal_message.html?_=1625886324454&CODE_STATE=getMsg HTTP/1.1" 200 27
58.37.5.217 - - [10/Jul/2021:10:56:23 +0800] "GET /xingrg/javascript/easyui/themes/default/validatebox.css HTTP/1.1" 404 1104
58.37.5.217 - - [10/Jul/2021:10:56:23 +0800] "POST /xingrg/kc/buy/cgsh_order_operate.html HTTP/1.1" 200 2382
114.83.219.201 - - [10/Jul/2021:10:56:25 +0800] "GET /xingrg/all/function/internal_message.html?_=1625885788814&CODE_STATE=getMsg HTTP/1.1" 200 27
58.37.5.217 - - [10/Jul/2021:10:56:25 +0800] "GET /xingrg/kc/print/load_data.html?order_code=212021071004329&kc_code=cgsh&condition= HTTP/1.1" 200 1458
116.238.248.233 - - [10/Jul/2021:10:56:25 +0800] "GET /xingrg/all/function/internal_message.html?_=1625885773486&CODE_STATE=getMsg HTTP/1.1" 200 27
58.40.7.146 - - [10/Jul/2021:10:56:25 +0800] "GET /xingrg/all/function/internal_message.html?_=1625885788651&CODE_STATE=getMsg HTTP/1.1" 200 27
114.83.219.201 - - [10/Jul/2021:10:56:25 +0800] "GET /xingrg/check_reg.html?_=1625885789538 HTTP/1.1" 200 22
101.85.52.2 - - [10/Jul/2021:10:56:29 +0800] "GET /xingrg/kc/buy/cgsh_order_operate.html?command=get_materiel&rest_code=00145&code=00101008361&supplier_code=00100007&order_time=2021-07-09 HTTP/1.1" 200 408
58.37.5.217 - - [10/Jul/2021:10:56:31 +0800] "GET /xingrg/all/function/internal_message.html?_=1625885789998&CODE_STATE=getMsg HTTP/1.1" 200 27
58.37.5.217 - - [10/Jul/2021:10:56:32 +0800] "GET /xingrg/kc/print/load_data.html?order_code=212021071004329&kc_code=cgsh HTTP/1.1" 200 1458
180.174.226.65 - - [10/Jul/2021:10:56:32 +0800] "GET /xingrg/all/function/internal_message.html?_=1625885793217&CODE_STATE=getMsg HTTP/1.1" 200 27
58.40.7.146 - - [10/Jul/2021:10:56:32 +0800] "GET /xingrg/all/function/internal_message.html?_=1625885795549&CODE_STATE=getMsg HTTP/1.1" 200 27
221.239.195.6 - - [10/Jul/2021:10:56:33 +0800] "GET /xingrg/all/function/internal_message.html?_=1625885764697&CODE_STATE=getMsg HTTP/1.1" 200 27
58.37.5.217 - - [10/Jul/2021:10:56:34 +0800] "GET /xingrg/kc/buy/cgsh_order_add.html HTTP/1.1" 200 62675
58.37.5.217 - - [10/Jul/2021:10:56:34 +0800] "POST /xingrg/kc/buy/cgsh_order_operate.html HTTP/1.1" 200 8245
58.37.5.217 - - [10/Jul/2021:10:56:34 +0800] "GET /xingrg/javascript/easyui/themes/default/validatebox.css HTTP/1.1" 404 1104
101.85.52.2 - - [10/Jul/2021:10:56:34 +0800] "GET /xingrg/kc/buy/cgsh_order_operate.html?command=get_materiel&rest_code=00145&code=00101008205&supplier_code=00100007&order_time=2021-07-09 HTTP/1.1" 200 412
180.157.255.9 - - [10/Jul/2021:10:56:34 +0800] "GET /xingrg/all/function/internal_message.html?_=1625885807875&CODE_STATE=getMsg HTTP/1.1" 200 27
116.230.114.112 - - [10/Jul/2021:10:56:35 +0800] "GET /xingrg/all/function/internal_message.html?_=1625885816910&CODE_STATE=getMsg HTTP/1.1" 302 -
58.37.5.217 - - [10/Jul/2021:10:56:36 +0800] "GET /xingrg/javascript/easyui/themes/default/tree.css HTTP/1.1" 404 1090
58.37.5.217 - - [10/Jul/2021:10:56:36 +0800] "POST /xingrg/all/common/load_tree.html?tree=supplier_tree_json&isDelete=1 HTTP/1.1" 200 56276
222.70.176.145 - - [10/Jul/2021:10:56:39 +0800] "GET /xingrg/all/function/internal_message.html?_=1625885797844&CODE_STATE=getMsg HTTP/1.1" 200 27
58.37.5.217 - - [10/Jul/2021:10:56:42 +0800] "GET /xingrg/kc/buy/cgsh_order_add.html HTTP/1.1" 200 62681
58.37.5.217 - - [10/Jul/2021:10:56:42 +0800] "GET /xingrg/javascript/easyui/themes/default/validatebox.css HTTP/1.1" 404 1104
58.37.5.217 - - [10/Jul/2021:10:56:42 +0800] "POST /xingrg/kc/buy/cgsh_order_operate.html HTTP/1.1" 200 8245
101.85.52.2 - - [10/Jul/2021:10:56:43 +0800] "GET /xingrg/kc/buy/cgsh_order_operate.html?command=get_materiel&rest_code=00145&code=00101008108&supplier_code=00100007&order_time=2021-07-09 HTTP/1.1" 200 412
58.37.5.217 - - [10/Jul/2021:10:56:43 +0800] "GET /xingrg/javascript/easyui/themes/default/tree.css HTTP/1.1" 404 1090
58.37.5.217 - - [10/Jul/2021:10:56:43 +0800] "POST /xingrg/all/common/load_tree.html?tree=supplier_tree_json&isDelete=1 HTTP/1.1" 200 56276
58.37.5.217 - - [10/Jul/2021:10:56:44 +0800] "GET /xingrg/check_reg.html?_=1625885809311 HTTP/1.1" 200 22
116.230.110.80 - - [10/Jul/2021:10:56:45 +0800] "GET /xingrg/all/function/internal_message.html?_=1625885808866&CODE_STATE=getMsg HTTP/1.1" 200 27
116.235.222.38 - - [10/Jul/2021:10:56:50 +0800] "POST /xingrg/all/common/load_select.html HTTP/1.1" 200 12
101.85.52.2 - - [10/Jul/2021:10:56:50 +0800] "GET /xingrg/kc/buy/cgsh_order_operate.html?command=get_materiel&rest_code=00145&code=00101008059&supplier_code=00100007&order_time=2021-07-09 HTTP/1.1" 200 408
116.235.222.38 - - [10/Jul/2021:10:56:53 +0800] "GET /xingrg/kc/buy/cgsh_order_operate.html?command=get_materiel_price&rest_code=00107&code=00101015031&unit_code=00100012&supplier_code=00100006&order_time=2021-07-10 HTTP/1.1" 200 28
101.85.52.2 - - [10/Jul/2021:10:56:56 +0800] "GET /xingrg/kc/buy/cgsh_order_operate.html?command=get_materiel&rest_code=00145&code=00101008268&supplier_code=00100007&order_time=2021-07-09 HTTP/1.1" 200 408
58.37.5.217 - - [10/Jul/2021:10:56:56 +0800] "GET /xingrg/kc/buy/cgsh_order_operate.html?command=get_materiel&rest_code=00106&code=00101016025&supplier_code=00100032&order_time=2021-07-10 HTTP/1.1" 200 408
101.85.52.2 - - [10/Jul/2021:10:57:03 +0800] "GET /xingrg/all/function/internal_message.html?_=1625885815428&CODE_STATE=getMsg HTTP/1.1" 200 27
58.37.5.217 - - [10/Jul/2021:10:57:04 +0800] "GET /xingrg/kc/buy/cgsh_order_operate.html?command=get_materiel&rest_code=00106&code=00101012029&supplier_code=00100032&order_time=2021-07-10 HTTP/1.1" 200 412
58.40.7.146 - - [10/Jul/2021:10:57:05 +0800] "GET /xingrg/all/function/internal_message.html?_=1625885828264&CODE_STATE=getMsg HTTP/1.1" 200 27
116.230.117.165 - - [10/Jul/2021:10:57:06 +0800] "GET /xingrg/all/function/internal_message.html?_=1625885849913&CODE_STATE=getMsg HTTP/1.1" 200 27
58.37.5.217 - - [10/Jul/2021:10:57:07 +0800] "GET /xingrg/kc/buy/cgsh_order_operate.html?command=get_materiel&rest_code=00106&code=00101008037&supplier_code=00100440&order_time=2021-07-10 HTTP/1.1" 200 413
58.37.225.51 - - [10/Jul/2021:10:57:07 +0800] "GET /xingrg/all/function/internal_message.html?_=1625885749917&CODE_STATE=getMsg HTTP/1.1" 200 27
120.253.135.82 - - [10/Jul/2021:10:57:13 +0800] "GET /xingrg/check_reg.html?_=1625885873369 HTTP/1.1" 200 22
222.70.176.145 - - [10/Jul/2021:10:57:13 +0800] "GET /xingrg/all/function/internal_message.html?_=1625885769740&CODE_STATE=getMsg HTTP/1.1" 200 27
120.253.135.82 - - [10/Jul/2021:10:57:13 +0800] "GET /xingrg/all/function/internal_message.html?_=1625885874077&CODE_STATE=getMsg HTTP/1.1" 200 27
58.40.7.146 - - [10/Jul/2021:10:57:15 +0800] "GET /xingrg/javascript/jquery_easy_ui/themes/default/images/button_span_bg.gif HTTP/1.1" 200 2061
58.40.7.146 - - [10/Jul/2021:10:57:15 +0800] "GET /xingrg/javascript/jquery_easy_ui/themes/default/images/button_a_bg.gif HTTP/1.1" 200 1194
58.40.7.146 - - [10/Jul/2021:10:57:15 +0800] "GET /xingrg/javascript/jquery_easy_ui/themes/default/images/panel_title.png HTTP/1.1" 200 266
58.40.7.146 - - [10/Jul/2021:10:57:15 +0800] "GET /xingrg/javascript/jquery_easy_ui/themes/default/images/panel_tools.gif HTTP/1.1" 200 737
58.40.7.146 - - [10/Jul/2021:10:57:15 +0800] "GET /xingrg/javascript/jquery_easy_ui/themes/icons/ok.png HTTP/1.1" 200 883
180.162.112.86 - - [10/Jul/2021:10:57:17 +0800] "GET /xingrg/all/function/internal_message.html?_=1625885492185&CODE_STATE=getMsg HTTP/1.1" 200 27
180.169.147.146 - - [10/Jul/2021:10:57:17 +0800] "GET /xingrg/all/function/internal_message.html?_=1625885841202&CODE_STATE=getMsg HTTP/1.1" 200 27
116.235.222.38 - - [10/Jul/2021:10:57:17 +0800] "GET /xingrg/all/function/internal_message.html?_=1625885830908&CODE_STATE=getMsg HTTP/1.1" 200 27
221.239.195.6 - - [10/Jul/2021:10:57:19 +0800] "GET /xingrg/all/function/internal_message.html?_=1625885843647&CODE_STATE=getMsg HTTP/1.1" 200 27
58.37.5.217 - - [10/Jul/2021:10:57:19 +0800] "POST /xingrg/kc/buy/cgsh_order_operate.html HTTP/1.1" 200 37
58.37.5.217 - - [10/Jul/2021:10:57:19 +0800] "GET /xingrg/kc/buy/cgsh_order_operate.html?command=get_materiel&rest_code=00106&code=00101016053&supplier_code=00100032&order_time=2021-07-10 HTTP/1.1" 200 408
101.85.52.2 - - [10/Jul/2021:10:57:21 +0800] "GET /xingrg/kc/buy/cgsh_order_operate.html?command=get_materiel&rest_code=00145&code=00101008350&supplier_code=00100007&order_time=2021-07-09 HTTP/1.1" 200 408
58.40.7.146 - - [10/Jul/2021:10:57:21 +0800] "POST /xingrg/all/user/operate.html HTTP/1.1" 200 36
58.40.7.146 - - [10/Jul/2021:10:57:21 +0800] "GET /xingrg/index.html?sysBaseUrl=http%3A%2F%2F180.169.147.146%3A18081%2Fxingrg%2F&costTime=71×tamp=1625885605357 HTTP/1.1" 200 17179
58.40.7.146 - - [10/Jul/2021:10:57:21 +0800] "GET /xingrg/javascript/jquery_easy_ui/themes/default/easyui.css HTTP/1.1" 304 -
58.40.7.146 - - [10/Jul/2021:10:57:21 +0800] "GET /xingrg/javascript/jquery_easy_ui/themes/icon.css HTTP/1.1" 304 -
58.40.7.146 - - [10/Jul/2021:10:57:21 +0800] "GET /xingrg/css/form.css HTTP/1.1" 304 -
58.40.7.146 - - [10/Jul/2021:10:57:21 +0800] "GET /xingrg/javascript/jquery-1.4.2.min.js HTTP/1.1" 304 -
58.40.7.146 - - [10/Jul/2021:10:57:21 +0800] "GET /xingrg/javascript/jquery_easy_ui/jquery.easyui.min.js HTTP/1.1" 304 -
58.40.7.146 - - [10/Jul/2021:10:57:21 +0800] "GET /xingrg/javascript/jquery_easy_ui/easyui-lang-zh_CN.js HTTP/1.1" 304 -
58.40.7.146 - - [10/Jul/2021:10:57:21 +0800] "GET /xingrg/javascript/jquery.form.js HTTP/1.1" 304 -
58.40.7.146 - - [10/Jul/2021:10:57:21 +0800] "GET /xingrg/javascript/jquery.utils.js HTTP/1.1" 304 -
58.40.7.146 - - [10/Jul/2021:10:57:21 +0800] "GET /xingrg/javascript/jquery.timers.js HTTP/1.1" 304 -
58.40.7.146 - - [10/Jul/2021:10:57:21 +0800] "GET /xingrg/images/blue/jxLogo.png HTTP/1.1" 304 -
58.40.7.146 - - [10/Jul/2021:10:57:21 +0800] "POST /xingrg/all/common/load_tree.html?tree=area_rest_tree_json&manage=1 HTTP/1.1" 200 3466
58.40.7.146 - - [10/Jul/2021:10:57:21 +0800] "GET /xingrg/all/function/internal_message.html?_=1625885844994&CODE_STATE=count HTTP/1.1" 200 11
58.40.7.146 - - [10/Jul/2021:10:57:21 +0800] "GET /xingrg/check_reg.html?_=1625885844996 HTTP/1.1" 200 22
58.40.7.146 - - [10/Jul/2021:10:57:21 +0800] "GET /xingrg/javascript/jquery_easy_ui/themes/default/images/tabs_rightarrow.png HTTP/1.1" 304 -
58.40.7.146 - - [10/Jul/2021:10:57:21 +0800] "GET /xingrg/javascript/jquery_easy_ui/themes/default/images/tabs_leftarrow.png HTTP/1.1" 304 -
58.40.7.146 - - [10/Jul/2021:10:57:21 +0800] "GET /xingrg/images/blue/pingpu.png HTTP/1.1" 304 -
58.40.7.146 - - [10/Jul/2021:10:57:21 +0800] "GET /xingrg/javascript/jquery_easy_ui/themes/default/images/panel_tool_collapse.gif HTTP/1.1" 304 -
58.40.7.146 - - [10/Jul/2021:10:57:21 +0800] "GET /xingrg/javascript/jquery_easy_ui/themes/icons/settle_new.png HTTP/1.1" 304 -
58.40.7.146 - - [10/Jul/2021:10:57:21 +0800] "GET /xingrg/images/blue/navBackgound.jpg HTTP/1.1" 304 -
58.40.7.146 - - [10/Jul/2021:10:57:21 +0800] "POST /xingrg/load_menu.html HTTP/1.1" 200 5138
58.37.5.217 - - [10/Jul/2021:10:57:23 +0800] "GET /xingrg/all/function/internal_message.html?_=1625886384435&CODE_STATE=getMsg HTTP/1.1" 200 27
58.40.7.146 - - [10/Jul/2021:10:57:23 +0800] "GET /xingrg/kc/buy/buy_main.html HTTP/1.1" 200 12412
58.40.7.146 - - [10/Jul/2021:10:57:23 +0800] "GET /xingrg/css/new_ie.css HTTP/1.1" 404 1036
58.37.5.217 - - [10/Jul/2021:10:57:23 +0800] "POST /xingrg/kc/buy/cgsh_order_operate.html HTTP/1.1" 200 12
58.40.7.146 - - [10/Jul/2021:10:57:24 +0800] "GET /xingrg/kc/buy/cgsh_order_list.html HTTP/1.1" 200 46943
58.37.5.217 - - [10/Jul/2021:10:57:24 +0800] "GET /xingrg/kc/buy/cgsh_order_info.html?code=212021071004330 HTTP/1.1" 200 57587
58.40.7.146 - - [10/Jul/2021:10:57:25 +0800] "POST /xingrg/kc/buy/cgsh_list_operate.html HTTP/1.1" 200 876
114.83.219.201 - - [10/Jul/2021:10:57:25 +0800] "GET /xingrg/all/function/internal_message.html?_=1625885848788&CODE_STATE=getMsg HTTP/1.1" 200 27
58.37.5.217 - - [10/Jul/2021:10:57:25 +0800] "GET /xingrg/javascript/easyui/themes/default/validatebox.css HTTP/1.1" 404 1104
116.238.248.233 - - [10/Jul/2021:10:57:25 +0800] "GET /xingrg/check_reg.html?_=1625885833143 HTTP/1.1" 200 22
116.238.248.233 - - [10/Jul/2021:10:57:25 +0800] "GET /xingrg/all/function/internal_message.html?_=1625885833500&CODE_STATE=getMsg HTTP/1.1" 200 27
58.37.5.217 - - [10/Jul/2021:10:57:25 +0800] "POST /xingrg/kc/buy/cgsh_order_operate.html HTTP/1.1" 200 607
58.37.5.217 - - [10/Jul/2021:10:57:26 +0800] "GET /xingrg/kc/buy/cgsh_order_operate.html?command=get_materiel&rest_code=00106&code=00101016017&supplier_code=00100032&order_time=2021-07-10 HTTP/1.1" 200 408
58.37.5.217 - - [10/Jul/2021:10:57:29 +0800] "GET /xingrg/kc/print/load_data.html?order_code=212021071004330&kc_code=cgsh&condition= HTTP/1.1" 200 699
58.40.7.146 - - [10/Jul/2021:10:57:31 +0800] "GET /xingrg/javascript/auto/indicator.gif HTTP/1.1" 404 1066
58.37.5.217 - - [10/Jul/2021:10:57:31 +0800] "GET /xingrg/all/function/internal_message.html?_=1625885849993&CODE_STATE=getMsg HTTP/1.1" 200 27
58.37.5.217 - - [10/Jul/2021:10:57:31 +0800] "GET /xingrg/check_reg.html?_=1625885850078 HTTP/1.1" 200 22
180.174.226.65 - - [10/Jul/2021:10:57:32 +0800] "GET /xingrg/all/function/internal_message.html?_=1625885853232&CODE_STATE=getMsg HTTP/1.1" 200 27
58.40.7.146 - - [10/Jul/2021:10:57:32 +0800] "GET /xingrg/all/function/internal_message.html?_=1625885855553&CODE_STATE=getMsg HTTP/1.1" 200 27
221.239.195.6 - - [10/Jul/2021:10:57:33 +0800] "GET /xingrg/check_reg.html?_=1625885824697 HTTP/1.1" 200 22
221.239.195.6 - - [10/Jul/2021:10:57:33 +0800] "GET /xingrg/all/function/internal_message.html?_=1625885824700&CODE_STATE=getMsg HTTP/1.1" 200 27
180.157.255.9 - - [10/Jul/2021:10:57:34 +0800] "GET /xingrg/all/function/internal_message.html?_=1625885867874&CODE_STATE=getMsg HTTP/1.1" 200 27
58.37.5.217 - - [10/Jul/2021:10:57:34 +0800] "GET /xingrg/kc/buy/cgsh_order_add.html HTTP/1.1" 200 62675
58.37.5.217 - - [10/Jul/2021:10:57:35 +0800] "POST /xingrg/kc/buy/cgsh_order_operate.html HTTP/1.1" 200 8245
58.37.5.217 - - [10/Jul/2021:10:57:35 +0800] "GET /xingrg/javascript/easyui/themes/default/validatebox.css HTTP/1.1" 404 1104
58.40.7.146 - - [10/Jul/2021:10:57:35 +0800] "POST /xingrg/kc/buy/cgsh_list_operate.html HTTP/1.1" 200 5292
116.230.114.112 - - [10/Jul/2021:10:57:35 +0800] "GET /xingrg/all/function/internal_message.html?_=1625885876932&CODE_STATE=getMsg HTTP/1.1" 302 -
58.37.5.217 - - [10/Jul/2021:10:57:37 +0800] "GET /xingrg/javascript/easyui/themes/default/tree.css HTTP/1.1" 404 1090
58.37.5.217 - - [10/Jul/2021:10:57:37 +0800] "POST /xingrg/all/common/load_tree.html?tree=supplier_tree_json&isDelete=1 HTTP/1.1" 200 56276
222.70.176.145 - - [10/Jul/2021:10:57:39 +0800] "GET /xingrg/all/function/internal_message.html?_=1625885857814&CODE_STATE=getMsg HTTP/1.1" 200 27
58.37.5.217 - - [10/Jul/2021:10:57:39 +0800] "GET /xingrg/kc/buy/cgsh_order_operate.html?command=get_materiel&rest_code=00106&code=00101012070&supplier_code=00100032&order_time=2021-07-10 HTTP/1.1" 200 398
116.235.95.53 - - [10/Jul/2021:10:57:41 +0800] "POST /xingrg/services/DataTransmitService HTTP/1.1" 200 524
116.230.117.165 - - [10/Jul/2021:10:57:42 +0800] "GET /xingrg/check_reg.html?_=1625885885923 HTTP/1.1" 200 22
116.230.110.80 - - [10/Jul/2021:10:57:45 +0800] "GET /xingrg/all/function/internal_message.html?_=1625885868842&CODE_STATE=getMsg HTTP/1.1" 200 27
101.85.52.2 - - [10/Jul/2021:10:57:48 +0800] "GET /xingrg/kc/buy/cgsh_order_operate.html?command=get_materiel&rest_code=00145&code=00101008286&supplier_code=00100007&order_time=2021-07-09 HTTP/1.1" 200 408
180.174.226.65 - - [10/Jul/2021:10:57:48 +0800] "GET /xingrg/kc/buy/cgsh_order_list.html HTTP/1.1" 200 46937
180.174.226.65 - - [10/Jul/2021:10:57:49 +0800] "POST /xingrg/kc/buy/cgsh_list_operate.html HTTP/1.1" 200 876
58.37.5.217 - - [10/Jul/2021:10:57:51 +0800] "GET /xingrg/kc/buy/cgsh_order_operate.html?command=get_materiel&rest_code=00106&code=00101010248&supplier_code=00100032&order_time=2021-07-10 HTTP/1.1" 200 430
180.174.226.65 - - [10/Jul/2021:10:57:52 +0800] "GET /xingrg/kc/buy/cgsh_order_add.html HTTP/1.1" 200 62640
180.174.226.65 - - [10/Jul/2021:10:57:53 +0800] "POST /xingrg/kc/buy/cgsh_order_operate.html HTTP/1.1" 200 8245
180.174.226.65 - - [10/Jul/2021:10:57:53 +0800] "GET /xingrg/javascript/easyui/themes/default/validatebox.css HTTP/1.1" 404 1104
58.37.5.217 - - [10/Jul/2021:10:57:53 +0800] "POST /xingrg/all/common/load_select.html HTTP/1.1" 200 25
58.37.5.217 - - [10/Jul/2021:10:57:57 +0800] "GET /xingrg/kc/buy/cgsh_order_operate.html?command=get_materiel_price&rest_code=00106&code=00101010248&unit_code=00100043&supplier_code=00100032&order_time=2021-07-10 HTTP/1.1" 200 29
101.85.52.2 - - [10/Jul/2021:10:57:57 +0800] "GET /xingrg/kc/buy/cgsh_order_operate.html?command=get_materiel&rest_code=00145&code=00101008036&supplier_code=00100007&order_time=2021-07-09 HTTP/1.1" 200 408
101.85.52.2 - - [10/Jul/2021:10:58:03 +0800] "GET /xingrg/all/function/internal_message.html?_=1625885875409&CODE_STATE=getMsg HTTP/1.1" 200 27
58.40.7.146 - - [10/Jul/2021:10:58:05 +0800] "GET /xingrg/all/function/internal_message.html?_=1625885888249&CODE_STATE=getMsg HTTP/1.1" 200 27
116.230.117.165 - - [10/Jul/2021:10:58:06 +0800] "GET /xingrg/all/function/internal_message.html?_=1625885909916&CODE_STATE=getMsg HTTP/1.1" 200 27
58.37.225.51 - - [10/Jul/2021:10:58:07 +0800] "GET /xingrg/all/function/internal_message.html?_=1625885809910&CODE_STATE=getMsg HTTP/1.1" 200 27
101.85.52.2 - - [10/Jul/2021:10:58:10 +0800] "GET /xingrg/kc/buy/cgsh_order_operate.html?command=get_materiel&rest_code=00145&code=00101006278&supplier_code=00100007&order_time=2021-07-09 HTTP/1.1" 200 391
222.70.176.145 - - [10/Jul/2021:10:58:13 +0800] "GET /xingrg/all/function/internal_message.html?_=1625885829740&CODE_STATE=getMsg HTTP/1.1" 200 27
222.70.176.145 - - [10/Jul/2021:10:58:13 +0800] "GET /xingrg/check_reg.html?_=1625885829741 HTTP/1.1" 200 22
120.253.135.82 - - [10/Jul/2021:10:58:13 +0800] "GET /xingrg/all/function/internal_message.html?_=1625885934090&CODE_STATE=getMsg HTTP/1.1" 200 27
101.85.52.2 - - [10/Jul/2021:10:58:14 +0800] "GET /xingrg/kc/buy/cgsh_order_operate.html?command=get_materiel&rest_code=00145&code=00101008353&supplier_code=00100007&order_time=2021-07-09 HTTP/1.1" 200 408
180.162.112.86 - - [10/Jul/2021:10:58:17 +0800] "GET /xingrg/all/function/internal_message.html?_=1625885552184&CODE_STATE=getMsg HTTP/1.1" 200 27
180.169.147.146 - - [10/Jul/2021:10:58:17 +0800] "GET /xingrg/all/function/internal_message.html?_=1625885901210&CODE_STATE=getMsg HTTP/1.1" 200 27
116.235.222.38 - - [10/Jul/2021:10:58:17 +0800] "GET /xingrg/all/function/internal_message.html?_=1625885890915&CODE_STATE=getMsg HTTP/1.1" 200 27
221.239.195.6 - - [10/Jul/2021:10:58:19 +0800] "GET /xingrg/all/function/internal_message.html?_=1625885903621&CODE_STATE=getMsg HTTP/1.1" 200 27
221.239.195.6 - - [10/Jul/2021:10:58:21 +0800] "GET /xingrg/check_reg.html?_=1625885906046 HTTP/1.1" 200 22
58.40.7.146 - - [10/Jul/2021:10:58:21 +0800] "GET /xingrg/all/function/internal_message.html?_=1625885905008&CODE_STATE=getMsg HTTP/1.1" 200 27
116.230.114.112 - - [10/Jul/2021:10:58:22 +0800] "GET /xingrg/check_reg.html?_=1625885923822 HTTP/1.1" 302 -
58.37.5.217 - - [10/Jul/2021:10:58:23 +0800] "GET /xingrg/all/function/internal_message.html?_=1625886444418&CODE_STATE=getMsg HTTP/1.1" 200 27
101.85.52.2 - - [10/Jul/2021:10:58:23 +0800] "GET /xingrg/kc/buy/cgsh_order_operate.html?command=get_materiel&rest_code=00145&code=00101008323&supplier_code=00100007&order_time=2021-07-09 HTTP/1.1" 200 408
58.37.5.217 - - [10/Jul/2021:10:58:24 +0800] "GET /xingrg/kc/buy/cgsh_order_operate.html?command=get_materiel&rest_code=00106&code=00101006267&supplier_code=00100337&order_time=2021-07-10 HTTP/1.1" 200 396
114.83.219.201 - - [10/Jul/2021:10:58:25 +0800] "GET /xingrg/all/function/internal_message.html?_=1625885908777&CODE_STATE=getMsg HTTP/1.1" 200 27
58.37.5.217 - - [10/Jul/2021:10:58:25 +0800] "GET /xingrg/kc/buy/cgsh_order_operate.html?command=get_materiel&rest_code=00106&code=00101010136&supplier_code=00100032&order_time=2021-07-10 HTTP/1.1" 200 408
116.238.248.233 - - [10/Jul/2021:10:58:25 +0800] "GET /xingrg/all/function/internal_message.html?_=1625885893513&CODE_STATE=getMsg HTTP/1.1" 200 27
58.37.5.217 - - [10/Jul/2021:10:58:31 +0800] "GET /xingrg/all/function/internal_message.html?_=1625885909972&CODE_STATE=getMsg HTTP/1.1" 200 27
180.174.226.65 - - [10/Jul/2021:10:58:32 +0800] "GET /xingrg/all/function/internal_message.html?_=1625885913308&CODE_STATE=getMsg HTTP/1.1" 200 27
58.40.7.146 - - [10/Jul/2021:10:58:32 +0800] "GET /xingrg/check_reg.html?_=1625885915554 HTTP/1.1" 200 22
58.40.7.146 - - [10/Jul/2021:10:58:32 +0800] "GET /xingrg/all/function/internal_message.html?_=1625885915555&CODE_STATE=getMsg HTTP/1.1" 200 27
221.239.195.6 - - [10/Jul/2021:10:58:33 +0800] "GET /xingrg/all/function/internal_message.html?_=1625885884685&CODE_STATE=getMsg HTTP/1.1" 200 27
180.157.255.9 - - [10/Jul/2021:10:58:34 +0800] "GET /xingrg/all/function/internal_message.html?_=1625885927909&CODE_STATE=getMsg HTTP/1.1" 200 27
116.230.114.112 - - [10/Jul/2021:10:58:35 +0800] "GET /xingrg/all/function/internal_message.html?_=1625885936937&CODE_STATE=getMsg HTTP/1.1" 302 -
101.85.52.2 - - [10/Jul/2021:10:58:36 +0800] "GET /xingrg/kc/buy/cgsh_order_operate.html?command=get_materiel&rest_code=00145&code=00101008264&supplier_code=00100007&order_time=2021-07-09 HTTP/1.1" 200 412
222.70.176.145 - - [10/Jul/2021:10:58:39 +0800] "GET /xingrg/all/function/internal_message.html?_=1625885917782&CODE_STATE=getMsg HTTP/1.1" 200 27
58.40.7.146 - - [10/Jul/2021:10:58:39 +0800] "POST /xingrg/all/user/operate.html HTTP/1.1" 200 36
58.40.7.146 - - [10/Jul/2021:10:58:39 +0800] "GET /xingrg/index.html?sysBaseUrl=http%3A%2F%2F180.169.147.146%3A18081%2Fxingrg%2F&costTime=71×tamp=1625885605357 HTTP/1.1" 200 17179
58.40.7.146 - - [10/Jul/2021:10:58:39 +0800] "GET /xingrg/javascript/jquery_easy_ui/themes/default/easyui.css HTTP/1.1" 304 -
58.40.7.146 - - [10/Jul/2021:10:58:39 +0800] "GET /xingrg/javascript/jquery_easy_ui/themes/icon.css HTTP/1.1" 304 -
58.40.7.146 - - [10/Jul/2021:10:58:39 +0800] "GET /xingrg/css/form.css HTTP/1.1" 304 -
58.40.7.146 - - [10/Jul/2021:10:58:39 +0800] "GET /xingrg/javascript/jquery-1.4.2.min.js HTTP/1.1" 304 -
58.40.7.146 - - [10/Jul/2021:10:58:39 +0800] "GET /xingrg/javascript/jquery_easy_ui/jquery.easyui.min.js HTTP/1.1" 304 -
58.40.7.146 - - [10/Jul/2021:10:58:39 +0800] "GET /xingrg/javascript/jquery_easy_ui/easyui-lang-zh_CN.js HTTP/1.1" 304 -
58.40.7.146 - - [10/Jul/2021:10:58:39 +0800] "GET /xingrg/javascript/jquery.form.js HTTP/1.1" 304 -
58.40.7.146 - - [10/Jul/2021:10:58:39 +0800] "GET /xingrg/javascript/jquery.utils.js HTTP/1.1" 304 -
58.40.7.146 - - [10/Jul/2021:10:58:39 +0800] "GET /xingrg/javascript/jquery.timers.js HTTP/1.1" 304 -
58.40.7.146 - - [10/Jul/2021:10:58:39 +0800] "GET /xingrg/images/blue/jxLogo.png HTTP/1.1" 304 -
58.40.7.146 - - [10/Jul/2021:10:58:39 +0800] "POST /xingrg/all/common/load_tree.html?tree=area_rest_tree_json&manage=1 HTTP/1.1" 200 3466
58.40.7.146 - - [10/Jul/2021:10:58:39 +0800] "GET /xingrg/all/function/internal_message.html?_=1625885922633&CODE_STATE=count HTTP/1.1" 200 11
58.40.7.146 - - [10/Jul/2021:10:58:39 +0800] "GET /xingrg/check_reg.html?_=1625885922634 HTTP/1.1" 200 22
58.40.7.146 - - [10/Jul/2021:10:58:39 +0800] "GET /xingrg/images/blue/navBackgound.jpg HTTP/1.1" 304 -
58.40.7.146 - - [10/Jul/2021:10:58:39 +0800] "GET /xingrg/javascript/jquery_easy_ui/themes/default/images/tabs_rightarrow.png HTTP/1.1" 304 -
58.40.7.146 - - [10/Jul/2021:10:58:39 +0800] "GET /xingrg/javascript/jquery_easy_ui/themes/default/images/panel_tool_collapse.gif HTTP/1.1" 304 -
58.40.7.146 - - [10/Jul/2021:10:58:39 +0800] "GET /xingrg/javascript/jquery_easy_ui/themes/default/images/tabs_leftarrow.png HTTP/1.1" 304 -
58.40.7.146 - - [10/Jul/2021:10:58:39 +0800] "GET /xingrg/javascript/jquery_easy_ui/themes/icons/settle_new.png HTTP/1.1" 304 -
58.40.7.146 - - [10/Jul/2021:10:58:39 +0800] "GET /xingrg/images/blue/pingpu.png HTTP/1.1" 304 -
58.40.7.146 - - [10/Jul/2021:10:58:39 +0800] "POST /xingrg/load_menu.html HTTP/1.1" 200 5138
58.40.7.146 - - [10/Jul/2021:10:58:42 +0800] "GET /xingrg/kc/buy/buy_main.html HTTP/1.1" 200 12412
58.40.7.146 - - [10/Jul/2021:10:58:42 +0800] "GET /xingrg/css/new_ie.css HTTP/1.1" 404 1036
58.37.5.217 - - [10/Jul/2021:10:58:43 +0800] "GET /xingrg/kc/buy/cgsh_order_operate.html?command=get_materiel&rest_code=00106&code=00101001111&supplier_code=00100032&order_time=2021-07-10 HTTP/1.1" 200 409
58.40.7.146 - - [10/Jul/2021:10:58:43 +0800] "GET /xingrg/kc/buy/cgsh_order_list.html HTTP/1.1" 200 46943
58.40.7.146 - - [10/Jul/2021:10:58:44 +0800] "POST /xingrg/kc/buy/cgsh_list_operate.html HTTP/1.1" 200 876
116.230.110.80 - - [10/Jul/2021:10:58:45 +0800] "GET /xingrg/all/function/internal_message.html?_=1625885928820&CODE_STATE=getMsg HTTP/1.1" 200 27
58.40.7.146 - - [10/Jul/2021:10:58:50 +0800] "GET /xingrg/javascript/auto/indicator.gif HTTP/1.1" 404 1066
58.37.5.217 - - [10/Jul/2021:10:58:54 +0800] "GET /xingrg/kc/buy/cgsh_order_operate.html?command=get_materiel&rest_code=00106&code=00101012053&supplier_code=00100032&order_time=2021-07-10 HTTP/1.1" 200 412
58.40.7.146 - - [10/Jul/2021:10:58:54 +0800] "POST /xingrg/kc/buy/cgsh_list_operate.html HTTP/1.1" 200 5394
101.85.52.2 - - [10/Jul/2021:10:58:56 +0800] "GET /xingrg/kc/buy/cgsh_order_operate.html?command=get_materiel&rest_code=00145&code=00101008144&supplier_code=00100007&order_time=2021-07-09 HTTP/1.1" 200 412
58.40.7.146 - - [10/Jul/2021:10:58:57 +0800] "POST /xingrg/kc/buy/cgsh_list_operate.html HTTP/1.1" 200 627
101.85.107.54 - - [10/Jul/2021:10:58:57 +0800] "GET /xingrg/check_reg.html?_=1625885359503 HTTP/1.1" 200 22
58.37.5.217 - - [10/Jul/2021:10:58:59 +0800] "GET /xingrg/kc/buy/cgsh_order_operate.html?command=get_materiel&rest_code=00106&code=00101019273&supplier_code=00100337&order_time=2021-07-10 HTTP/1.1" 200 455
101.85.52.2 - - [10/Jul/2021:10:59:03 +0800] "GET /xingrg/all/function/internal_message.html?_=1625885935389&CODE_STATE=getMsg HTTP/1.1" 200 27
58.37.5.217 - - [10/Jul/2021:10:59:04 +0800] "GET /xingrg/kc/buy/cgsh_order_operate.html?command=get_materiel&rest_code=00106&code=00101002027&supplier_code=00100032&order_time=2021-07-10 HTTP/1.1" 200 413
116.230.110.80 - - [10/Jul/2021:10:59:05 +0800] "GET /xingrg/check_reg.html?_=1625885948011 HTTP/1.1" 200 22
58.40.7.146 - - [10/Jul/2021:10:59:05 +0800] "GET /xingrg/all/function/internal_message.html?_=1625885948235&CODE_STATE=getMsg HTTP/1.1" 200 27
58.37.5.217 - - [10/Jul/2021:10:59:05 +0800] "POST /xingrg/all/common/load_select.html HTTP/1.1" 200 25
116.230.117.165 - - [10/Jul/2021:10:59:06 +0800] "GET /xingrg/all/function/internal_message.html?_=1625885969929&CODE_STATE=getMsg HTTP/1.1" 200 27
58.37.225.51 - - [10/Jul/2021:10:59:07 +0800] "GET /xingrg/all/function/internal_message.html?_=1625885869919&CODE_STATE=getMsg HTTP/1.1" 200 27
58.37.225.51 - - [10/Jul/2021:10:59:07 +0800] "GET /xingrg/check_reg.html?_=1625885869921 HTTP/1.1" 200 22
101.85.52.2 - - [10/Jul/2021:10:59:09 +0800] "GET /xingrg/kc/buy/cgsh_order_operate.html?command=get_materiel&rest_code=00145&code=00101008352&supplier_code=00100007&order_time=2021-07-09 HTTP/1.1" 200 412
58.37.5.217 - - [10/Jul/2021:10:59:09 +0800] "GET /xingrg/kc/buy/cgsh_order_operate.html?command=get_materiel_price&rest_code=00106&code=00101019273&unit_code=00100156&supplier_code=00100337&order_time=2021-07-10 HTTP/1.1" 200 28
58.37.5.217 - - [10/Jul/2021:10:59:13 +0800] "GET /xingrg/kc/buy/cgsh_order_operate.html?command=get_materiel&rest_code=00106&code=00101016105&supplier_code=00100032&order_time=2021-07-10 HTTP/1.1" 200 409
58.40.7.146 - - [10/Jul/2021:10:59:13 +0800] "GET /xingrg/kc/buy/cgsh_order_info.html?code=212021051405967 HTTP/1.1" 200 57505
58.40.7.146 - - [10/Jul/2021:10:59:13 +0800] "GET /xingrg/javascript/convert.js HTTP/1.1" 200 1239
58.40.7.146 - - [10/Jul/2021:10:59:13 +0800] "GET /xingrg/javascript/jquery_tools/order_manager.js HTTP/1.1" 200 11183
58.40.7.146 - - [10/Jul/2021:10:59:13 +0800] "GET /xingrg/words/20210709123015_words.js HTTP/1.1" 200 824716
58.40.7.146 - - [10/Jul/2021:10:59:13 +0800] "GET /xingrg/javascript/print/kc_print.js HTTP/1.1" 200 11415
58.40.7.146 - - [10/Jul/2021:10:59:13 +0800] "GET /xingrg/javascript/json2.js HTTP/1.1" 200 11259
58.40.7.146 - - [10/Jul/2021:10:59:13 +0800] "GET /xingrg/javascript/easyui/themes/icons/print.png HTTP/1.1" 200 1057
58.40.7.146 - - [10/Jul/2021:10:59:13 +0800] "GET /xingrg/javascript/easyui/themes/default/images/menu_downarrow.png HTTP/1.1" 200 173
58.40.7.146 - - [10/Jul/2021:10:59:13 +0800] "GET /xingrg/javascript/easyui/themes/icons/cancel.png HTTP/1.1" 200 1133
58.40.7.146 - - [10/Jul/2021:10:59:13 +0800] "GET /xingrg/javascript/easyui/themes/icons/copy_new.png HTTP/1.1" 200 815
222.70.176.145 - - [10/Jul/2021:10:59:13 +0800] "GET /xingrg/all/function/internal_message.html?_=1625885889740&CODE_STATE=getMsg HTTP/1.1" 200 27
58.40.7.146 - - [10/Jul/2021:10:59:13 +0800] "GET /xingrg/javascript/easyui/themes/default/validatebox.css HTTP/1.1" 404 1104
58.40.7.146 - - [10/Jul/2021:10:59:13 +0800] "GET /xingrg/javascript/easyui/plugins/jquery.validatebox.js HTTP/1.1" 200 6103
58.40.7.146 - - [10/Jul/2021:10:59:13 +0800] "GET /xingrg/javascript/easyui/plugins/jquery.numberbox.js HTTP/1.1" 200 5213
120.253.135.82 - - [10/Jul/2021:10:59:13 +0800] "GET /xingrg/all/function/internal_message.html?_=1625885994105&CODE_STATE=getMsg HTTP/1.1" 200 27
180.174.226.65 - - [10/Jul/2021:10:59:13 +0800] "GET /xingrg/kc/buy/cgsh_order_list.html HTTP/1.1" 200 46937
58.40.7.146 - - [10/Jul/2021:10:59:14 +0800] "POST /xingrg/kc/buy/cgsh_order_operate.html HTTP/1.1" 200 3651
58.40.7.146 - - [10/Jul/2021:10:59:14 +0800] "GET /xingrg/javascript/easyui/themes/icons/edit_remove.png HTTP/1.1" 200 625
180.174.226.65 - - [10/Jul/2021:10:59:14 +0800] "POST /xingrg/kc/buy/cgsh_list_operate.html HTTP/1.1" 200 876
180.174.226.65 - - [10/Jul/2021:10:59:15 +0800] "GET /xingrg/kc/buy/cgsh_order_add.html HTTP/1.1" 200 62640
180.174.226.65 - - [10/Jul/2021:10:59:16 +0800] "POST /xingrg/kc/buy/cgsh_order_operate.html HTTP/1.1" 200 8245
180.174.226.65 - - [10/Jul/2021:10:59:16 +0800] "GET /xingrg/javascript/easyui/themes/default/validatebox.css HTTP/1.1" 404 1104
180.162.112.86 - - [10/Jul/2021:10:59:17 +0800] "GET /xingrg/all/function/internal_message.html?_=1625885612185&CODE_STATE=getMsg HTTP/1.1" 200 27
180.169.147.146 - - [10/Jul/2021:10:59:17 +0800] "GET /xingrg/all/function/internal_message.html?_=1625885961215&CODE_STATE=getMsg HTTP/1.1" 200 27
116.235.222.38 - - [10/Jul/2021:10:59:17 +0800] "GET /xingrg/all/function/internal_message.html?_=1625885950906&CODE_STATE=getMsg HTTP/1.1" 200 27
116.235.222.38 - - [10/Jul/2021:10:59:18 +0800] "GET /xingrg/kc/buy/cgsh_order_operate.html?command=get_materiel&rest_code=00107&code=00102017006&supplier_code=00100006&order_time=2021-07-10 HTTP/1.1" 200 412
221.239.195.6 - - [10/Jul/2021:10:59:19 +0800] "GET /xingrg/all/function/internal_message.html?_=1625885963598&CODE_STATE=getMsg HTTP/1.1" 200 27
58.37.5.217 - - [10/Jul/2021:10:59:22 +0800] "GET /xingrg/all/function/internal_message.html?_=1625886504391&CODE_STATE=getMsg HTTP/1.1" 200 27
180.174.226.65 - - [10/Jul/2021:10:59:23 +0800] "GET /xingrg/kc/buy/cgsh_order_operate.html?command=get_materiel&rest_code=00102&code=00101006001&supplier_code=00100404&order_time=2021-07-10 HTTP/1.1" 200 428
58.37.5.217 - - [10/Jul/2021:10:59:23 +0800] "GET /xingrg/check_reg.html?_=1625886505055 HTTP/1.1" 200 22
114.83.219.201 - - [10/Jul/2021:10:59:25 +0800] "GET /xingrg/all/function/internal_message.html?_=1625885968762&CODE_STATE=getMsg HTTP/1.1" 200 27
116.235.222.38 - - [10/Jul/2021:10:59:25 +0800] "GET /xingrg/kc/buy/cgsh_order_operate.html?command=get_materiel&rest_code=00107&code=00101008323&supplier_code=00100006&order_time=2021-07-10 HTTP/1.1" 200 408
116.238.248.233 - - [10/Jul/2021:10:59:25 +0800] "GET /xingrg/all/function/internal_message.html?_=1625885953527&CODE_STATE=getMsg HTTP/1.1" 200 27
58.40.7.146 - - [10/Jul/2021:10:59:26 +0800] "GET /xingrg/login.html HTTP/1.1" 200 7641
58.40.7.146 - - [10/Jul/2021:10:59:26 +0800] "GET /xingrg/images/blue/jxLogo.png HTTP/1.1" 200 6156
58.40.7.146 - - [10/Jul/2021:10:59:26 +0800] "GET /xingrg/images/blue/hj.png HTTP/1.1" 200 1014
58.40.7.146 - - [10/Jul/2021:10:59:26 +0800] "GET /xingrg/images/blue/login_bg.png HTTP/1.1" 200 22101
58.40.7.146 - - [10/Jul/2021:10:59:26 +0800] "GET /xingrg/images/blue/srbg.png HTTP/1.1" 200 138
58.37.5.217 - - [10/Jul/2021:10:59:31 +0800] "GET /xingrg/all/function/internal_message.html?_=1625885969955&CODE_STATE=getMsg HTTP/1.1" 200 27
180.174.226.65 - - [10/Jul/2021:10:59:32 +0800] "GET /xingrg/all/function/internal_message.html?_=1625885973323&CODE_STATE=getMsg HTTP/1.1" 200 27
58.40.7.146 - - [10/Jul/2021:10:59:32 +0800] "GET /xingrg/all/function/internal_message.html?_=1625885975557&CODE_STATE=getMsg HTTP/1.1" 200 27
180.174.226.65 - - [10/Jul/2021:10:59:32 +0800] "POST /xingrg/kc/buy/cgsh_order_operate.html HTTP/1.1" 200 37
221.239.195.6 - - [10/Jul/2021:10:59:33 +0800] "GET /xingrg/all/function/internal_message.html?_=1625885944685&CODE_STATE=getMsg HTTP/1.1" 200 27
180.157.255.9 - - [10/Jul/2021:10:59:34 +0800] "GET /xingrg/all/function/internal_message.html?_=1625885987908&CODE_STATE=getMsg HTTP/1.1" 200 27
180.174.226.65 - - [10/Jul/2021:10:59:35 +0800] "POST /xingrg/kc/buy/cgsh_order_operate.html HTTP/1.1" 200 12
58.40.7.146 - - [10/Jul/2021:10:59:35 +0800] "POST /xingrg/login.do HTTP/1.1" 302 -
58.40.7.146 - - [10/Jul/2021:10:59:35 +0800] "GET /xingrg/index.html?sysBaseUrl=http%3A%2F%2F180.169.147.146%3A18081%2Fxingrg%2F&costTime=39×tamp=1625885975351 HTTP/1.1" 200 17503
58.40.7.146 - - [10/Jul/2021:10:59:35 +0800] "GET /xingrg/javascript/jquery_easy_ui/themes/icon.css HTTP/1.1" 200 3949
58.40.7.146 - - [10/Jul/2021:10:59:35 +0800] "GET /xingrg/javascript/jquery-1.4.2.min.js HTTP/1.1" 200 72205
58.40.7.146 - - [10/Jul/2021:10:59:35 +0800] "GET /xingrg/css/form.css HTTP/1.1" 200 893
58.40.7.146 - - [10/Jul/2021:10:59:35 +0800] "GET /xingrg/javascript/jquery_easy_ui/jquery.easyui.min.js HTTP/1.1" 200 213662
58.40.7.146 - - [10/Jul/2021:10:59:35 +0800] "GET /xingrg/javascript/jquery_easy_ui/easyui-lang-zh_CN.js HTTP/1.1" 200 1900
58.40.7.146 - - [10/Jul/2021:10:59:35 +0800] "GET /xingrg/javascript/jquery.form.js HTTP/1.1" 200 23110
58.40.7.146 - - [10/Jul/2021:10:59:35 +0800] "GET /xingrg/javascript/jquery.timers.js HTTP/1.1" 200 3532
58.40.7.146 - - [10/Jul/2021:10:59:35 +0800] "GET /xingrg/javascript/jquery_easy_ui/themes/default/easyui.css HTTP/1.1" 200 26500
58.40.7.146 - - [10/Jul/2021:10:59:35 +0800] "GET /xingrg/javascript/jquery.utils.js HTTP/1.1" 200 11805
58.40.7.146 - - [10/Jul/2021:10:59:35 +0800] "GET /xingrg/javascript/jquery_easy_ui/themes/icons/settle_new.png HTTP/1.1" 200 826
58.40.7.146 - - [10/Jul/2021:10:59:35 +0800] "GET /xingrg/images/blue/navBackgound.jpg HTTP/1.1" 200 12378
58.40.7.146 - - [10/Jul/2021:10:59:35 +0800] "POST /xingrg/all/common/load_tree.html?tree=area_rest_tree_json&manage=1 HTTP/1.1" 200 3466
116.230.114.112 - - [10/Jul/2021:10:59:35 +0800] "GET /xingrg/all/function/internal_message.html?_=1625885996959&CODE_STATE=getMsg HTTP/1.1" 302 -
58.40.7.146 - - [10/Jul/2021:10:59:35 +0800] "GET /xingrg/all/function/internal_message.html?_=1625885978827&CODE_STATE=count HTTP/1.1" 200 11
58.40.7.146 - - [10/Jul/2021:10:59:35 +0800] "GET /xingrg/check_reg.html?_=1625885978827 HTTP/1.1" 200 22
58.40.7.146 - - [10/Jul/2021:10:59:35 +0800] "GET /xingrg/javascript/jquery_easy_ui/themes/default/images/tabs_rightarrow.png HTTP/1.1" 200 395
58.40.7.146 - - [10/Jul/2021:10:59:35 +0800] "GET /xingrg/javascript/jquery_easy_ui/themes/default/images/tabs_leftarrow.png HTTP/1.1" 200 389
58.40.7.146 - - [10/Jul/2021:10:59:35 +0800] "GET /xingrg/images/blue/pingpu.png HTTP/1.1" 200 231
58.40.7.146 - - [10/Jul/2021:10:59:35 +0800] "GET /xingrg/javascript/jquery_easy_ui/themes/default/images/panel_tool_expand.gif HTTP/1.1" 200 247
58.40.7.146 - - [10/Jul/2021:10:59:35 +0800] "GET /xingrg/javascript/jquery_easy_ui/themes/default/images/panel_tool_collapse.gif HTTP/1.1" 200 246
58.40.7.146 - - [10/Jul/2021:10:59:35 +0800] "POST /xingrg/load_menu.html HTTP/1.1" 200 11443
180.174.226.65 - - [10/Jul/2021:10:59:35 +0800] "GET /xingrg/kc/buy/cgsh_order_info.html?code=212021071004331 HTTP/1.1" 200 57554
58.40.7.146 - - [10/Jul/2021:10:59:35 +0800] "GET /xingrg/javascript/jquery_easy_ui/themes/default/images/tree_arrows.gif HTTP/1.1" 200 1043
58.40.7.146 - - [10/Jul/2021:10:59:35 +0800] "GET /xingrg/javascript/jquery_easy_ui/themes/default/images/tree_folder_open.gif HTTP/1.1" 200 956
58.40.7.146 - - [10/Jul/2021:10:59:35 +0800] "GET /xingrg/javascript/jquery_easy_ui/themes/icons/search_new.png HTTP/1.1" 200 586
58.40.7.146 - - [10/Jul/2021:10:59:35 +0800] "GET /xingrg/javascript/jquery_easy_ui/themes/icons/delivery_new.png HTTP/1.1" 200 700
58.40.7.146 - - [10/Jul/2021:10:59:35 +0800] "GET /xingrg/javascript/jquery_easy_ui/themes/icons/storage_new.png HTTP/1.1" 200 853
58.40.7.146 - - [10/Jul/2021:10:59:35 +0800] "GET /xingrg/javascript/jquery_easy_ui/themes/icons/checkout_new.png HTTP/1.1" 200 744
