120.253.135.82 - - [09/Jul/2021:05:54:22 +0800] "POST /xingrg/kc/pszx/mdps_list_operate.html HTTP/1.1" 200 5227
120.253.135.82 - - [09/Jul/2021:05:54:34 +0800] "POST /xingrg/kc/pszx/mdps_list_operate.html HTTP/1.1" 200 5433
116.230.117.165 - - [09/Jul/2021:05:54:38 +0800] "GET /xingrg/all/function/internal_message.html?_=1625781297986&CODE_STATE=getMsg HTTP/1.1" 200 27
120.253.135.82 - - [09/Jul/2021:05:54:39 +0800] "GET /xingrg/check_reg.html?_=1625781321524 HTTP/1.1" 200 22
58.40.7.146 - - [09/Jul/2021:05:54:41 +0800] "GET /xingrg/all/function/internal_message.html?_=1625781285220&CODE_STATE=getMsg HTTP/1.1" 200 27
120.253.135.82 - - [09/Jul/2021:05:54:44 +0800] "POST /xingrg/kc/pszx/mdps_list_operate.html HTTP/1.1" 200 4513
116.230.114.112 - - [09/Jul/2021:05:54:46 +0800] "GET /xingrg/all/function/internal_message.html?_=1625781304649&CODE_STATE=getMsg HTTP/1.1" 302 -
120.253.135.82 - - [09/Jul/2021:05:54:48 +0800] "GET /xingrg/all/function/internal_message.html?_=1625781331261&CODE_STATE=getMsg HTTP/1.1" 200 27
116.230.110.80 - - [09/Jul/2021:05:54:52 +0800] "GET /xingrg/all/function/internal_message.html?_=1625781294176&CODE_STATE=getMsg HTTP/1.1" 200 27
120.253.135.82 - - [09/Jul/2021:05:54:52 +0800] "GET /xingrg/kc/pszx/ps_main.html HTTP/1.1" 200 13401
120.253.135.82 - - [09/Jul/2021:05:54:52 +0800] "GET /xingrg/javascript/ToolTips.js HTTP/1.1" 200 5615
120.253.135.82 - - [09/Jul/2021:05:54:53 +0800] "GET /xingrg/images/blue/button/fdqpd.gif HTTP/1.1" 200 2116
120.253.135.82 - - [09/Jul/2021:05:54:53 +0800] "GET /xingrg/images/blue/button/pszx.gif HTTP/1.1" 200 2648
120.253.135.82 - - [09/Jul/2021:05:54:53 +0800] "GET /xingrg/images/blue/button/ckpd.gif HTTP/1.1" 200 2051
120.253.135.82 - - [09/Jul/2021:05:54:53 +0800] "GET /xingrg/images/blue/button/fdps2.gif HTTP/1.1" 200 2548
120.253.135.82 - - [09/Jul/2021:05:54:53 +0800] "GET /xingrg/images/blue/button/jzcgd.gif HTTP/1.1" 200 1976
120.253.135.82 - - [09/Jul/2021:05:54:53 +0800] "GET /xingrg/images/blue/button/cgydd.gif HTTP/1.1" 200 2712
120.253.135.82 - - [09/Jul/2021:05:54:53 +0800] "GET /xingrg/images/blue/button/yddb.gif HTTP/1.1" 200 2040
120.253.135.82 - - [09/Jul/2021:05:54:53 +0800] "GET /xingrg/images/blue/pic_form2.gif HTTP/1.1" 200 1853
120.253.135.82 - - [09/Jul/2021:05:54:53 +0800] "GET /xingrg/images/blue/bg_dotted.jpg HTTP/1.1" 200 319
120.253.135.82 - - [09/Jul/2021:05:54:53 +0800] "GET /xingrg/images/blue/button/left_down_ah.jpg HTTP/1.1" 200 1848
120.253.135.82 - - [09/Jul/2021:05:54:53 +0800] "GET /xingrg/images/blue/button/right_down_ah.jpg HTTP/1.1" 200 1842
120.253.135.82 - - [09/Jul/2021:05:54:53 +0800] "GET /xingrg/images/blue/button/line.jpg HTTP/1.1" 200 1397
120.253.135.82 - - [09/Jul/2021:05:54:53 +0800] "GET /xingrg/images/blue/button/down_ah.jpg HTTP/1.1" 200 1732
120.253.135.82 - - [09/Jul/2021:05:54:54 +0800] "GET /xingrg/images/yd/bt.gif HTTP/1.1" 404 1040
120.253.135.82 - - [09/Jul/2021:05:54:55 +0800] "GET /xingrg/kc/pszx/mdqp_order_list.html HTTP/1.1" 200 44270
120.253.135.82 - - [09/Jul/2021:05:54:55 +0800] "GET /xingrg/dwr/interface/AjaxQqpsService.js HTTP/1.1" 200 16326
120.253.135.82 - - [09/Jul/2021:05:54:55 +0800] "GET /xingrg/dwr/interface/AjaxReportQueryService.js HTTP/1.1" 200 13203
120.253.135.82 - - [09/Jul/2021:05:54:55 +0800] "GET /xingrg/javascript/Calendar.js HTTP/1.1" 200 31561
120.253.135.82 - - [09/Jul/2021:05:54:55 +0800] "GET /xingrg/dwr/engine.js HTTP/1.1" 200 43631
120.253.135.82 - - [09/Jul/2021:05:54:55 +0800] "GET /xingrg/dwr/util.js HTTP/1.1" 200 35990
120.253.135.82 - - [09/Jul/2021:05:54:55 +0800] "GET /xingrg/javascript/jquery_easy_ui/themes/icons/check_new.png HTTP/1.1" 200 3224
120.253.135.82 - - [09/Jul/2021:05:54:55 +0800] "GET /xingrg/javascript/jquery_easy_ui/themes/icons/back_new.png HTTP/1.1" 200 3414
120.253.135.82 - - [09/Jul/2021:05:54:55 +0800] "GET /xingrg/javascript/jquery_easy_ui/themes/icons/uncheck_new.png HTTP/1.1" 200 3197
180.169.147.146 - - [09/Jul/2021:05:54:57 +0800] "GET /xingrg/all/function/internal_message.html?_=1625781301379&CODE_STATE=getMsg HTTP/1.1" 302 -
120.253.135.82 - - [09/Jul/2021:05:55:04 +0800] "GET /xingrg/check_reg.html?_=1625781089933 HTTP/1.1" 200 22
120.253.135.82 - - [09/Jul/2021:05:55:04 +0800] "GET /xingrg/all/function/internal_message.html?_=1625781090244&CODE_STATE=getMsg HTTP/1.1" 200 27
222.70.176.145 - - [09/Jul/2021:05:55:05 +0800] "GET /xingrg/all/function/internal_message.html?_=1625781305723&CODE_STATE=getMsg HTTP/1.1" 200 27
120.253.135.82 - - [09/Jul/2021:05:55:27 +0800] "GET /xingrg/kc/pszx/mdps_order_list.html?orderType=0 HTTP/1.1" 200 21004
120.253.135.82 - - [09/Jul/2021:05:55:27 +0800] "GET /xingrg/images/control/ajaxLoader.gif HTTP/1.1" 200 4659
120.253.135.82 - - [09/Jul/2021:05:55:27 +0800] "POST /xingrg/kc/pszx/mdps_list_operate.html HTTP/1.1" 200 5227
116.230.117.165 - - [09/Jul/2021:05:55:38 +0800] "GET /xingrg/all/function/internal_message.html?_=1625781358000&CODE_STATE=getMsg HTTP/1.1" 200 27
120.253.135.82 - - [09/Jul/2021:05:55:39 +0800] "POST /xingrg/kc/pszx/mdps_list_operate.html HTTP/1.1" 200 868
58.40.7.146 - - [09/Jul/2021:05:55:41 +0800] "GET /xingrg/all/function/internal_message.html?_=1625781345221&CODE_STATE=getMsg HTTP/1.1" 200 27
116.230.114.112 - - [09/Jul/2021:05:55:46 +0800] "GET /xingrg/all/function/internal_message.html?_=1625781364676&CODE_STATE=getMsg HTTP/1.1" 302 -
120.253.135.82 - - [09/Jul/2021:05:55:48 +0800] "GET /xingrg/all/function/internal_message.html?_=1625781391269&CODE_STATE=getMsg HTTP/1.1" 200 27
120.253.135.82 - - [09/Jul/2021:05:55:51 +0800] "POST /xingrg/kc/pszx/mdps_list_operate.html HTTP/1.1" 200 868
116.230.110.80 - - [09/Jul/2021:05:55:52 +0800] "GET /xingrg/all/function/internal_message.html?_=1625781354187&CODE_STATE=getMsg HTTP/1.1" 200 27
180.169.147.146 - - [09/Jul/2021:05:55:57 +0800] "GET /xingrg/check_reg.html?_=1625781361379 HTTP/1.1" 302 -
180.169.147.146 - - [09/Jul/2021:05:55:57 +0800] "GET /xingrg/all/function/internal_message.html?_=1625781361381&CODE_STATE=getMsg HTTP/1.1" 302 -
120.253.135.82 - - [09/Jul/2021:05:55:59 +0800] "POST /xingrg/kc/pszx/mdps_list_operate.html HTTP/1.1" 200 2060
120.253.135.82 - - [09/Jul/2021:05:56:02 +0800] "POST /xingrg/kc/pszx/mdps_list_operate.html HTTP/1.1" 200 208
120.253.135.82 - - [09/Jul/2021:05:56:03 +0800] "POST /xingrg/kc/pszx/mdps_list_operate.html HTTP/1.1" 200 217
120.253.135.82 - - [09/Jul/2021:05:56:04 +0800] "GET /xingrg/all/function/internal_message.html?_=1625781150257&CODE_STATE=getMsg HTTP/1.1" 200 27
222.70.176.145 - - [09/Jul/2021:05:56:05 +0800] "GET /xingrg/all/function/internal_message.html?_=1625781365737&CODE_STATE=getMsg HTTP/1.1" 200 27
180.169.147.146 - - [09/Jul/2021:05:56:12 +0800] "GET /xingrg/check_reg.html?_=1625781371936 HTTP/1.1" 200 22
120.253.135.82 - - [09/Jul/2021:05:56:15 +0800] "POST /xingrg/kc/pszx/mdps_list_operate.html HTTP/1.1" 200 2059
222.70.176.145 - - [09/Jul/2021:05:56:15 +0800] "GET /xingrg/check_reg.html?_=1625781375754 HTTP/1.1" 200 22
120.253.135.82 - - [09/Jul/2021:05:56:16 +0800] "POST /xingrg/kc/pszx/mdps_list_operate.html HTTP/1.1" 200 205
120.253.135.82 - - [09/Jul/2021:05:56:17 +0800] "GET /xingrg/kc/pszx/mdps_order_info.html?code=312021070900202 HTTP/1.1" 200 23931
120.253.135.82 - - [09/Jul/2021:05:56:18 +0800] "POST /xingrg/kc/pszx/mdps_order_operate.html HTTP/1.1" 200 2279
120.253.135.82 - - [09/Jul/2021:05:56:18 +0800] "GET /xingrg/javascript/easyui/themes/default/validatebox.css HTTP/1.1" 404 1104
120.253.135.82 - - [09/Jul/2021:05:56:19 +0800] "GET /xingrg/css/images/panel_loading.gif HTTP/1.1" 200 1737
120.253.135.82 - - [09/Jul/2021:05:56:19 +0800] "POST /xingrg/all/common/load_combo.html?type=base HTTP/1.1" 200 1075
120.253.135.82 - - [09/Jul/2021:05:56:23 +0800] "POST /xingrg/kc/pszx/mdps_order_operate.html HTTP/1.1" 200 37
120.253.135.82 - - [09/Jul/2021:05:56:24 +0800] "GET /xingrg/kc/pszx/mdps_order_info.html?code=312021070900202 HTTP/1.1" 200 23931
120.253.135.82 - - [09/Jul/2021:05:56:24 +0800] "GET /xingrg/javascript/easyui/themes/default/validatebox.css HTTP/1.1" 404 1104
120.253.135.82 - - [09/Jul/2021:05:56:24 +0800] "POST /xingrg/kc/pszx/mdps_order_operate.html HTTP/1.1" 200 2287
120.253.135.82 - - [09/Jul/2021:05:56:27 +0800] "POST /xingrg/kc/pszx/mdps_list_operate.html HTTP/1.1" 200 218
120.253.135.82 - - [09/Jul/2021:05:56:28 +0800] "GET /xingrg/kc/pszx/mdps_order_info.html?code=312021070900203 HTTP/1.1" 200 23931
120.253.135.82 - - [09/Jul/2021:05:56:28 +0800] "GET /xingrg/javascript/easyui/themes/default/validatebox.css HTTP/1.1" 404 1104
120.253.135.82 - - [09/Jul/2021:05:56:29 +0800] "POST /xingrg/kc/pszx/mdps_order_operate.html HTTP/1.1" 200 2306
120.253.135.82 - - [09/Jul/2021:05:56:31 +0800] "POST /xingrg/kc/pszx/mdps_order_operate.html HTTP/1.1" 200 37
120.253.135.82 - - [09/Jul/2021:05:56:32 +0800] "GET /xingrg/kc/pszx/mdps_order_info.html?code=312021070900203 HTTP/1.1" 200 23931
120.253.135.82 - - [09/Jul/2021:05:56:32 +0800] "POST /xingrg/kc/pszx/mdps_order_operate.html HTTP/1.1" 200 2313
120.253.135.82 - - [09/Jul/2021:05:56:32 +0800] "GET /xingrg/javascript/easyui/themes/default/validatebox.css HTTP/1.1" 404 1104
120.253.135.82 - - [09/Jul/2021:05:56:34 +0800] "POST /xingrg/kc/pszx/mdps_list_operate.html HTTP/1.1" 200 2059
116.230.117.165 - - [09/Jul/2021:05:56:35 +0800] "POST /xingrg/services/DataTransmitService HTTP/1.1" 200 524
116.230.117.165 - - [09/Jul/2021:05:56:36 +0800] "POST /xingrg/services/DataTransmitService HTTP/1.1" 200 501
116.230.117.165 - - [09/Jul/2021:05:56:38 +0800] "GET /xingrg/all/function/internal_message.html?_=1625781418031&CODE_STATE=getMsg HTTP/1.1" 200 27
58.40.7.146 - - [09/Jul/2021:05:56:41 +0800] "GET /xingrg/all/function/internal_message.html?_=1625781405225&CODE_STATE=getMsg HTTP/1.1" 200 27
116.230.114.112 - - [09/Jul/2021:05:56:46 +0800] "GET /xingrg/all/function/internal_message.html?_=1625781424691&CODE_STATE=getMsg HTTP/1.1" 302 -
180.152.122.128 - - [09/Jul/2021:05:56:47 +0800] "POST /xingrg/services/DataTransmitService HTTP/1.1" 200 524
120.253.135.82 - - [09/Jul/2021:05:56:48 +0800] "GET /xingrg/all/function/internal_message.html?_=1625781451289&CODE_STATE=getMsg HTTP/1.1" 200 27
180.152.122.128 - - [09/Jul/2021:05:56:49 +0800] "POST /xingrg/services/DataTransmitService HTTP/1.1" 200 501
58.37.5.217 - - [09/Jul/2021:05:56:50 +0800] "GET /xingrg/check_reg.html?_=1625781415409 HTTP/1.1" 200 22
116.230.110.80 - - [09/Jul/2021:05:56:52 +0800] "GET /xingrg/check_reg.html?_=1625781414187 HTTP/1.1" 200 22
116.230.110.80 - - [09/Jul/2021:05:56:52 +0800] "GET /xingrg/all/function/internal_message.html?_=1625781414189&CODE_STATE=getMsg HTTP/1.1" 200 27
180.169.147.146 - - [09/Jul/2021:05:56:57 +0800] "GET /xingrg/all/function/internal_message.html?_=1625781421377&CODE_STATE=getMsg HTTP/1.1" 302 -
120.253.135.82 - - [09/Jul/2021:05:57:04 +0800] "GET /xingrg/all/function/internal_message.html?_=1625781210315&CODE_STATE=getMsg HTTP/1.1" 200 27
222.70.176.145 - - [09/Jul/2021:05:57:05 +0800] "GET /xingrg/all/function/internal_message.html?_=1625781425707&CODE_STATE=getMsg HTTP/1.1" 200 27
180.152.122.128 - - [09/Jul/2021:05:57:13 +0800] "GET /xingrg/check_reg.html?_=1625781423958 HTTP/1.1" 200 22
120.253.135.82 - - [09/Jul/2021:05:57:14 +0800] "POST /xingrg/kc/pszx/mdps_list_operate.html HTTP/1.1" 200 868
120.253.135.82 - - [09/Jul/2021:05:57:19 +0800] "POST /xingrg/kc/pszx/mdps_list_operate.html HTTP/1.1" 200 2468
120.253.135.82 - - [09/Jul/2021:05:57:22 +0800] "POST /xingrg/kc/pszx/mdps_list_operate.html HTTP/1.1" 200 212
120.253.135.82 - - [09/Jul/2021:05:57:25 +0800] "POST /xingrg/kc/pszx/mdps_list_operate.html HTTP/1.1" 200 599
120.253.135.82 - - [09/Jul/2021:05:57:27 +0800] "POST /xingrg/kc/pszx/mdps_list_operate.html HTTP/1.1" 200 602
120.253.135.82 - - [09/Jul/2021:05:57:35 +0800] "GET /xingrg/kc/pszx/mdps_order_info.html?code=312021070500108 HTTP/1.1" 200 19585
120.253.135.82 - - [09/Jul/2021:05:57:35 +0800] "GET /xingrg/javascript/easyui/themes/default/validatebox.css HTTP/1.1" 404 1104
120.253.135.82 - - [09/Jul/2021:05:57:35 +0800] "POST /xingrg/kc/pszx/mdps_order_operate.html HTTP/1.1" 200 3447
120.253.135.82 - - [09/Jul/2021:05:57:37 +0800] "POST /xingrg/kc/pszx/mdps_list_operate.html HTTP/1.1" 200 2468
116.230.117.165 - - [09/Jul/2021:05:57:38 +0800] "GET /xingrg/check_reg.html?_=1625781477963 HTTP/1.1" 200 22
116.230.117.165 - - [09/Jul/2021:05:57:38 +0800] "GET /xingrg/all/function/internal_message.html?_=1625781478056&CODE_STATE=getMsg HTTP/1.1" 200 27
58.40.7.146 - - [09/Jul/2021:05:57:41 +0800] "GET /xingrg/all/function/internal_message.html?_=1625781465228&CODE_STATE=getMsg HTTP/1.1" 200 27
116.230.114.112 - - [09/Jul/2021:05:57:46 +0800] "GET /xingrg/all/function/internal_message.html?_=1625781484718&CODE_STATE=getMsg HTTP/1.1" 302 -
120.253.135.82 - - [09/Jul/2021:05:57:47 +0800] "POST /xingrg/kc/pszx/mdps_list_operate.html HTTP/1.1" 200 868
120.253.135.82 - - [09/Jul/2021:05:57:48 +0800] "GET /xingrg/all/function/internal_message.html?_=1625781511295&CODE_STATE=getMsg HTTP/1.1" 200 27
116.230.110.80 - - [09/Jul/2021:05:57:52 +0800] "GET /xingrg/all/function/internal_message.html?_=1625781474188&CODE_STATE=getMsg HTTP/1.1" 200 27
180.169.147.146 - - [09/Jul/2021:05:57:57 +0800] "GET /xingrg/all/function/internal_message.html?_=1625781481382&CODE_STATE=getMsg HTTP/1.1" 302 -
120.253.135.82 - - [09/Jul/2021:05:58:00 +0800] "POST /xingrg/kc/pszx/mdps_list_operate.html HTTP/1.1" 200 868
120.253.135.82 - - [09/Jul/2021:05:58:04 +0800] "GET /xingrg/all/function/internal_message.html?_=1625781270331&CODE_STATE=getMsg HTTP/1.1" 200 27
222.70.176.145 - - [09/Jul/2021:05:58:05 +0800] "GET /xingrg/all/function/internal_message.html?_=1625781485691&CODE_STATE=getMsg HTTP/1.1" 200 27
120.253.135.82 - - [09/Jul/2021:05:58:06 +0800] "POST /xingrg/kc/pszx/mdps_list_operate.html HTTP/1.1" 200 868
120.253.135.82 - - [09/Jul/2021:05:58:14 +0800] "POST /xingrg/kc/pszx/mdps_list_operate.html HTTP/1.1" 200 868
120.253.135.82 - - [09/Jul/2021:05:58:21 +0800] "POST /xingrg/kc/pszx/mdps_list_operate.html HTTP/1.1" 200 3854
120.253.135.82 - - [09/Jul/2021:05:58:30 +0800] "POST /xingrg/kc/pszx/mdps_list_operate.html HTTP/1.1" 200 868
120.253.135.82 - - [09/Jul/2021:05:58:37 +0800] "POST /xingrg/kc/pszx/mdps_list_operate.html HTTP/1.1" 200 1680
116.230.117.165 - - [09/Jul/2021:05:58:38 +0800] "GET /xingrg/all/function/internal_message.html?_=1625781538071&CODE_STATE=getMsg HTTP/1.1" 200 27
120.253.135.82 - - [09/Jul/2021:05:58:38 +0800] "POST /xingrg/kc/pszx/mdps_list_operate.html HTTP/1.1" 200 208
58.40.7.146 - - [09/Jul/2021:05:58:41 +0800] "GET /xingrg/check_reg.html?_=1625781525229 HTTP/1.1" 200 22
58.40.7.146 - - [09/Jul/2021:05:58:41 +0800] "GET /xingrg/all/function/internal_message.html?_=1625781525231&CODE_STATE=getMsg HTTP/1.1" 200 27
116.230.114.112 - - [09/Jul/2021:05:58:46 +0800] "GET /xingrg/all/function/internal_message.html?_=1625781544735&CODE_STATE=getMsg HTTP/1.1" 302 -
120.253.135.82 - - [09/Jul/2021:05:58:48 +0800] "POST /xingrg/kc/pszx/mdps_list_operate.html HTTP/1.1" 200 868
120.253.135.82 - - [09/Jul/2021:05:58:48 +0800] "GET /xingrg/all/function/internal_message.html?_=1625781571316&CODE_STATE=getMsg HTTP/1.1" 200 27
116.230.110.80 - - [09/Jul/2021:05:58:52 +0800] "GET /xingrg/all/function/internal_message.html?_=1625781534180&CODE_STATE=getMsg HTTP/1.1" 200 27
180.169.147.146 - - [09/Jul/2021:05:58:57 +0800] "GET /xingrg/all/function/internal_message.html?_=1625781541383&CODE_STATE=getMsg HTTP/1.1" 302 -
120.253.135.82 - - [09/Jul/2021:05:58:57 +0800] "POST /xingrg/kc/pszx/mdps_list_operate.html HTTP/1.1" 200 868
120.253.135.82 - - [09/Jul/2021:05:59:04 +0800] "GET /xingrg/all/function/internal_message.html?_=1625781330345&CODE_STATE=getMsg HTTP/1.1" 200 27
222.70.176.145 - - [09/Jul/2021:05:59:05 +0800] "GET /xingrg/all/function/internal_message.html?_=1625781545674&CODE_STATE=getMsg HTTP/1.1" 200 27
116.230.114.112 - - [09/Jul/2021:05:59:12 +0800] "GET /xingrg/check_reg.html?_=1625781570210 HTTP/1.1" 302 -
120.253.135.82 - - [09/Jul/2021:05:59:18 +0800] "POST /xingrg/kc/pszx/mdps_list_operate.html HTTP/1.1" 200 2060
120.253.135.82 - - [09/Jul/2021:05:59:19 +0800] "POST /xingrg/kc/pszx/mdps_list_operate.html HTTP/1.1" 200 217
120.253.135.82 - - [09/Jul/2021:05:59:22 +0800] "GET /xingrg/javascript/jquery_easy_ui/themes/default/images/tabs_active.png HTTP/1.1" 200 2894
120.253.135.82 - - [09/Jul/2021:05:59:22 +0800] "GET /xingrg/javascript/jquery_easy_ui/themes/default/images/tabs_active.png HTTP/1.1" 200 2894
120.253.135.82 - - [09/Jul/2021:05:59:30 +0800] "POST /xingrg/kc/pszx/mdps_list_operate.html HTTP/1.1" 200 2059
120.253.135.82 - - [09/Jul/2021:05:59:37 +0800] "POST /xingrg/kc/pszx/mdps_list_operate.html HTTP/1.1" 200 1690
116.230.117.165 - - [09/Jul/2021:05:59:38 +0800] "GET /xingrg/all/function/internal_message.html?_=1625781598084&CODE_STATE=getMsg HTTP/1.1" 200 27
120.253.135.82 - - [09/Jul/2021:05:59:39 +0800] "POST /xingrg/kc/pszx/mdps_list_operate.html HTTP/1.1" 200 217
120.253.135.82 - - [09/Jul/2021:05:59:39 +0800] "GET /xingrg/check_reg.html?_=1625781621532 HTTP/1.1" 200 22
120.253.135.82 - - [09/Jul/2021:05:59:41 +0800] "GET /xingrg/javascript/easyui/plugins/jquery.draggable.js HTTP/1.1" 200 6121
120.253.135.82 - - [09/Jul/2021:05:59:41 +0800] "GET /xingrg/javascript/easyui/plugins/jquery.droppable.js HTTP/1.1" 200 1167
120.253.135.82 - - [09/Jul/2021:05:59:41 +0800] "GET /xingrg/javascript/easyui/themes/default/tree.css HTTP/1.1" 404 1090
120.253.135.82 - - [09/Jul/2021:05:59:41 +0800] "GET /xingrg/javascript/easyui/plugins/jquery.tree.js HTTP/1.1" 200 20874
120.253.135.82 - - [09/Jul/2021:05:59:41 +0800] "POST /xingrg/all/common/load_tree.html?tree=area_rest_tree_json HTTP/1.1" 200 3466
120.253.135.82 - - [09/Jul/2021:05:59:41 +0800] "GET /xingrg/javascript/easyui/themes/default/images/tree_checkbox_0.gif HTTP/1.1" 200 168
120.253.135.82 - - [09/Jul/2021:05:59:41 +0800] "GET /xingrg/javascript/easyui/themes/default/images/tree_arrows.gif HTTP/1.1" 200 617
120.253.135.82 - - [09/Jul/2021:05:59:41 +0800] "GET /xingrg/javascript/easyui/themes/default/images/tree_checkbox_1.gif HTTP/1.1" 200 174
58.40.7.146 - - [09/Jul/2021:05:59:41 +0800] "GET /xingrg/all/function/internal_message.html?_=1625781585216&CODE_STATE=getMsg HTTP/1.1" 200 27
120.253.135.82 - - [09/Jul/2021:05:59:41 +0800] "GET /xingrg/javascript/easyui/themes/default/images/tree_checkbox_2.gif HTTP/1.1" 200 181
120.253.135.82 - - [09/Jul/2021:05:59:41 +0800] "GET /xingrg/javascript/easyui/themes/default/images/tree_folder_open.gif HTTP/1.1" 200 956
120.253.135.82 - - [09/Jul/2021:05:59:41 +0800] "GET /xingrg/javascript/easyui/themes/icons/area.png HTTP/1.1" 200 262
120.253.135.82 - - [09/Jul/2021:05:59:41 +0800] "GET /xingrg/javascript/easyui/themes/icons/rest.png HTTP/1.1" 200 695
120.253.135.82 - - [09/Jul/2021:05:59:41 +0800] "GET /xingrg/javascript/easyui/themes/icons/manage.png HTTP/1.1" 200 696
116.230.114.112 - - [09/Jul/2021:05:59:46 +0800] "GET /xingrg/all/function/internal_message.html?_=1625781604760&CODE_STATE=getMsg HTTP/1.1" 302 -
120.253.135.82 - - [09/Jul/2021:05:59:48 +0800] "GET /xingrg/all/function/internal_message.html?_=1625781631322&CODE_STATE=getMsg HTTP/1.1" 200 27
120.253.135.82 - - [09/Jul/2021:05:59:51 +0800] "POST /xingrg/kc/pszx/mdps_list_operate.html HTTP/1.1" 200 868
116.230.110.80 - - [09/Jul/2021:05:59:52 +0800] "GET /xingrg/all/function/internal_message.html?_=1625781594197&CODE_STATE=getMsg HTTP/1.1" 200 27
120.253.135.82 - - [09/Jul/2021:05:59:59 +0800] "POST /xingrg/kc/pszx/mdps_list_operate.html HTTP/1.1" 200 868
120.253.135.82 - - [09/Jul/2021:06:00:04 +0800] "GET /xingrg/check_reg.html?_=1625781389937 HTTP/1.1" 200 22
120.253.135.82 - - [09/Jul/2021:06:00:04 +0800] "GET /xingrg/all/function/internal_message.html?_=1625781390359&CODE_STATE=getMsg HTTP/1.1" 200 27
222.70.176.145 - - [09/Jul/2021:06:00:05 +0800] "GET /xingrg/all/function/internal_message.html?_=1625781605659&CODE_STATE=getMsg HTTP/1.1" 200 27
120.253.135.82 - - [09/Jul/2021:06:00:12 +0800] "POST /xingrg/kc/pszx/mdps_list_operate.html HTTP/1.1" 200 1692
120.253.135.82 - - [09/Jul/2021:06:00:24 +0800] "POST /xingrg/kc/pszx/mdps_list_operate.html HTTP/1.1" 200 868
120.253.135.82 - - [09/Jul/2021:06:00:35 +0800] "POST /xingrg/kc/pszx/mdps_list_operate.html HTTP/1.1" 200 868
116.230.117.165 - - [09/Jul/2021:06:00:38 +0800] "GET /xingrg/all/function/internal_message.html?_=1625781658116&CODE_STATE=getMsg HTTP/1.1" 200 27
58.40.7.146 - - [09/Jul/2021:06:00:41 +0800] "GET /xingrg/all/function/internal_message.html?_=1625781645220&CODE_STATE=getMsg HTTP/1.1" 200 27
120.253.135.82 - - [09/Jul/2021:06:00:41 +0800] "POST /xingrg/kc/pszx/mdps_list_operate.html HTTP/1.1" 200 2501
120.253.135.82 - - [09/Jul/2021:06:00:44 +0800] "POST /xingrg/kc/pszx/mdps_list_operate.html HTTP/1.1" 200 591
120.253.135.82 - - [09/Jul/2021:06:00:45 +0800] "POST /xingrg/kc/pszx/mdps_list_operate.html HTTP/1.1" 200 602
116.230.114.112 - - [09/Jul/2021:06:00:46 +0800] "GET /xingrg/all/function/internal_message.html?_=1625781664762&CODE_STATE=getMsg HTTP/1.1" 302 -
120.253.135.82 - - [09/Jul/2021:06:00:47 +0800] "POST /xingrg/kc/pszx/mdps_list_operate.html HTTP/1.1" 200 205
120.253.135.82 - - [09/Jul/2021:06:00:48 +0800] "GET /xingrg/all/function/internal_message.html?_=1625781691336&CODE_STATE=getMsg HTTP/1.1" 200 27
116.230.110.80 - - [09/Jul/2021:06:00:52 +0800] "GET /xingrg/all/function/internal_message.html?_=1625781654185&CODE_STATE=getMsg HTTP/1.1" 200 27
120.253.135.82 - - [09/Jul/2021:06:01:04 +0800] "GET /xingrg/all/function/internal_message.html?_=1625781450372&CODE_STATE=getMsg HTTP/1.1" 200 27
222.70.176.145 - - [09/Jul/2021:06:01:05 +0800] "GET /xingrg/all/function/internal_message.html?_=1625781665644&CODE_STATE=getMsg HTTP/1.1" 200 27
120.253.135.82 - - [09/Jul/2021:06:01:06 +0800] "POST /xingrg/kc/pszx/mdps_list_operate.html HTTP/1.1" 200 3575
120.253.135.82 - - [09/Jul/2021:06:01:09 +0800] "POST /xingrg/kc/pszx/mdps_list_operate.html HTTP/1.1" 200 294
120.253.135.82 - - [09/Jul/2021:06:01:10 +0800] "POST /xingrg/kc/pszx/mdps_list_operate.html HTTP/1.1" 200 205
180.169.147.146 - - [09/Jul/2021:06:01:12 +0800] "GET /xingrg/check_reg.html?_=1625781671915 HTTP/1.1" 200 22
222.70.176.145 - - [09/Jul/2021:06:01:15 +0800] "GET /xingrg/check_reg.html?_=1625781675756 HTTP/1.1" 200 22
120.253.135.82 - - [09/Jul/2021:06:01:24 +0800] "POST /xingrg/kc/pszx/mdps_list_operate.html HTTP/1.1" 200 1688
120.253.135.82 - - [09/Jul/2021:06:01:26 +0800] "POST /xingrg/kc/pszx/mdps_list_operate.html HTTP/1.1" 200 377
120.253.135.82 - - [09/Jul/2021:06:01:32 +0800] "GET /xingrg/kc/pszx/mdps_order_info.html?code=312021070700142 HTTP/1.1" 200 23931
120.253.135.82 - - [09/Jul/2021:06:01:33 +0800] "GET /xingrg/javascript/easyui/themes/default/validatebox.css HTTP/1.1" 404 1104
120.253.135.82 - - [09/Jul/2021:06:01:33 +0800] "POST /xingrg/kc/pszx/mdps_order_operate.html HTTP/1.1" 200 3277
116.230.117.165 - - [09/Jul/2021:06:01:38 +0800] "GET /xingrg/all/function/internal_message.html?_=1625781718127&CODE_STATE=getMsg HTTP/1.1" 200 27
58.40.7.146 - - [09/Jul/2021:06:01:41 +0800] "GET /xingrg/all/function/internal_message.html?_=1625781705224&CODE_STATE=getMsg HTTP/1.1" 200 27
120.253.135.82 - - [09/Jul/2021:06:01:46 +0800] "POST /xingrg/kc/pszx/mdps_list_operate.html HTTP/1.1" 200 1688
116.230.114.112 - - [09/Jul/2021:06:01:46 +0800] "GET /xingrg/all/function/internal_message.html?_=1625781724788&CODE_STATE=getMsg HTTP/1.1" 302 -
120.253.135.82 - - [09/Jul/2021:06:01:48 +0800] "GET /xingrg/all/function/internal_message.html?_=1625781751355&CODE_STATE=getMsg HTTP/1.1" 200 27
58.37.5.217 - - [09/Jul/2021:06:01:50 +0800] "GET /xingrg/check_reg.html?_=1625781715436 HTTP/1.1" 200 22
116.230.110.80 - - [09/Jul/2021:06:01:52 +0800] "GET /xingrg/all/function/internal_message.html?_=1625781714177&CODE_STATE=getMsg HTTP/1.1" 200 27
116.230.110.80 - - [09/Jul/2021:06:01:52 +0800] "GET /xingrg/check_reg.html?_=1625781714178 HTTP/1.1" 200 22
120.253.135.82 - - [09/Jul/2021:06:01:55 +0800] "POST /xingrg/kc/pszx/mdps_list_operate.html HTTP/1.1" 200 1692
120.253.135.82 - - [09/Jul/2021:06:01:57 +0800] "POST /xingrg/kc/pszx/mdps_list_operate.html HTTP/1.1" 200 208
120.253.135.82 - - [09/Jul/2021:06:02:04 +0800] "GET /xingrg/all/function/internal_message.html?_=1625781510386&CODE_STATE=getMsg HTTP/1.1" 200 27
222.70.176.145 - - [09/Jul/2021:06:02:05 +0800] "GET /xingrg/all/function/internal_message.html?_=1625781725616&CODE_STATE=getMsg HTTP/1.1" 200 27
120.253.135.82 - - [09/Jul/2021:06:02:09 +0800] "POST /xingrg/kc/pszx/mdps_list_operate.html HTTP/1.1" 200 868
180.152.122.128 - - [09/Jul/2021:06:02:13 +0800] "GET /xingrg/check_reg.html?_=1625781723955 HTTP/1.1" 200 22
120.253.135.82 - - [09/Jul/2021:06:02:19 +0800] "POST /xingrg/kc/pszx/mdps_list_operate.html HTTP/1.1" 200 3177
120.253.135.82 - - [09/Jul/2021:06:02:29 +0800] "POST /xingrg/kc/pszx/mdps_list_operate.html HTTP/1.1" 200 1692
120.253.135.82 - - [09/Jul/2021:06:02:30 +0800] "POST /xingrg/kc/pszx/mdps_list_operate.html HTTP/1.1" 200 601
116.230.117.165 - - [09/Jul/2021:06:02:38 +0800] "GET /xingrg/check_reg.html?_=1625781777996 HTTP/1.1" 200 22
116.230.117.165 - - [09/Jul/2021:06:02:38 +0800] "GET /xingrg/all/function/internal_message.html?_=1625781778141&CODE_STATE=getMsg HTTP/1.1" 200 27
58.40.7.146 - - [09/Jul/2021:06:02:41 +0800] "GET /xingrg/all/function/internal_message.html?_=1625781765228&CODE_STATE=getMsg HTTP/1.1" 200 27
116.230.114.112 - - [09/Jul/2021:06:02:46 +0800] "GET /xingrg/all/function/internal_message.html?_=1625781784804&CODE_STATE=getMsg HTTP/1.1" 302 -
120.253.135.82 - - [09/Jul/2021:06:02:48 +0800] "GET /xingrg/all/function/internal_message.html?_=1625781811364&CODE_STATE=getMsg HTTP/1.1" 200 27
116.230.110.80 - - [09/Jul/2021:06:02:52 +0800] "GET /xingrg/all/function/internal_message.html?_=1625781774196&CODE_STATE=getMsg HTTP/1.1" 200 27
120.253.135.82 - - [09/Jul/2021:06:03:04 +0800] "GET /xingrg/all/function/internal_message.html?_=1625781570434&CODE_STATE=getMsg HTTP/1.1" 200 27
222.70.176.145 - - [09/Jul/2021:06:03:05 +0800] "GET /xingrg/all/function/internal_message.html?_=1625781785602&CODE_STATE=getMsg HTTP/1.1" 200 27
116.230.117.165 - - [09/Jul/2021:06:03:38 +0800] "GET /xingrg/all/function/internal_message.html?_=1625781838155&CODE_STATE=getMsg HTTP/1.1" 200 27
58.40.7.146 - - [09/Jul/2021:06:03:41 +0800] "GET /xingrg/all/function/internal_message.html?_=1625781825231&CODE_STATE=getMsg HTTP/1.1" 200 27
58.40.7.146 - - [09/Jul/2021:06:03:41 +0800] "GET /xingrg/check_reg.html?_=1625781825233 HTTP/1.1" 200 22
116.230.114.112 - - [09/Jul/2021:06:03:46 +0800] "GET /xingrg/all/function/internal_message.html?_=1625781844831&CODE_STATE=getMsg HTTP/1.1" 302 -
120.253.135.82 - - [09/Jul/2021:06:03:48 +0800] "GET /xingrg/all/function/internal_message.html?_=1625781871383&CODE_STATE=getMsg HTTP/1.1" 200 27
116.230.110.80 - - [09/Jul/2021:06:03:52 +0800] "GET /xingrg/all/function/internal_message.html?_=1625781834198&CODE_STATE=getMsg HTTP/1.1" 200 27
120.253.135.82 - - [09/Jul/2021:06:04:05 +0800] "GET /xingrg/all/function/internal_message.html?_=1625781630444&CODE_STATE=getMsg HTTP/1.1" 200 27
222.70.176.145 - - [09/Jul/2021:06:04:05 +0800] "GET /xingrg/all/function/internal_message.html?_=1625781845586&CODE_STATE=getMsg HTTP/1.1" 200 27
116.230.114.112 - - [09/Jul/2021:06:04:12 +0800] "GET /xingrg/check_reg.html?_=1625781870219 HTTP/1.1" 302 -
116.230.117.165 - - [09/Jul/2021:06:04:38 +0800] "GET /xingrg/all/function/internal_message.html?_=1625781898168&CODE_STATE=getMsg HTTP/1.1" 200 27
120.253.135.82 - - [09/Jul/2021:06:04:39 +0800] "GET /xingrg/check_reg.html?_=1625781921531 HTTP/1.1" 200 22
58.40.7.146 - - [09/Jul/2021:06:04:41 +0800] "GET /xingrg/all/function/internal_message.html?_=1625781885234&CODE_STATE=getMsg HTTP/1.1" 200 27
116.230.114.112 - - [09/Jul/2021:06:04:46 +0800] "GET /xingrg/all/function/internal_message.html?_=1625781904847&CODE_STATE=getMsg HTTP/1.1" 302 -
120.253.135.82 - - [09/Jul/2021:06:04:48 +0800] "GET /xingrg/all/function/internal_message.html?_=1625781931390&CODE_STATE=getMsg HTTP/1.1" 200 27
116.230.110.80 - - [09/Jul/2021:06:04:52 +0800] "GET /xingrg/all/function/internal_message.html?_=1625781894191&CODE_STATE=getMsg HTTP/1.1" 200 27
120.253.135.82 - - [09/Jul/2021:06:05:04 +0800] "GET /xingrg/check_reg.html?_=1625781689985 HTTP/1.1" 200 22
120.253.135.82 - - [09/Jul/2021:06:05:05 +0800] "GET /xingrg/all/function/internal_message.html?_=1625781690458&CODE_STATE=getMsg HTTP/1.1" 200 27
222.70.176.145 - - [09/Jul/2021:06:05:05 +0800] "GET /xingrg/all/function/internal_message.html?_=1625781905571&CODE_STATE=getMsg HTTP/1.1" 200 27
120.253.135.82 - - [09/Jul/2021:06:05:16 +0800] "GET /xingrg/kc/report/report_main.html HTTP/1.1" 200 9370
120.253.135.82 - - [09/Jul/2021:06:05:16 +0800] "GET /xingrg/javascript/jquery_ui/themes/humanity/humanity.css HTTP/1.1" 200 27801
120.253.135.82 - - [09/Jul/2021:06:05:16 +0800] "GET /xingrg/javascript/jquery_easy_ui/themes/icons/settle_new.png HTTP/1.1" 200 826
120.253.135.82 - - [09/Jul/2021:06:05:18 +0800] "GET /xingrg/kc/base/kc_stocks.html HTTP/1.1" 200 16431
120.253.135.82 - - [09/Jul/2021:06:05:18 +0800] "GET /xingrg/javascript/easyui/themes/sunny/easyui.css HTTP/1.1" 200 34304
120.253.135.82 - - [09/Jul/2021:06:05:18 +0800] "GET /xingrg/javascript/easyui/themes/icons/print_new.png HTTP/1.1" 200 3580
120.253.135.82 - - [09/Jul/2021:06:05:18 +0800] "GET /xingrg/javascript/easyui/themes/icons/filter_new.png HTTP/1.1" 200 795
120.253.135.82 - - [09/Jul/2021:06:05:18 +0800] "GET /xingrg/javascript/easyui/themes/icons/refresh_new.png HTTP/1.1" 200 685
120.253.135.82 - - [09/Jul/2021:06:05:18 +0800] "GET /xingrg/javascript/easyui/themes/default/tree.css HTTP/1.1" 404 1090
120.253.135.82 - - [09/Jul/2021:06:05:18 +0800] "POST /xingrg/all/common/load_tree.html?tree=materiel_sort_tree_json HTTP/1.1" 200 8666
120.253.135.82 - - [09/Jul/2021:06:05:18 +0800] "GET /xingrg/javascript/easyui/themes/sunny/images/tree_arrows.gif HTTP/1.1" 200 617
120.253.135.82 - - [09/Jul/2021:06:05:18 +0800] "GET /xingrg/javascript/easyui/themes/sunny/images/tree_folder_open.gif HTTP/1.1" 200 956
120.253.135.82 - - [09/Jul/2021:06:05:18 +0800] "GET /xingrg/javascript/easyui/themes/sunny/images/tree_folder.gif HTTP/1.1" 200 952
120.253.135.82 - - [09/Jul/2021:06:05:18 +0800] "GET /xingrg/javascript/easyui/themes/sunny/images/tree_file.gif HTTP/1.1" 200 118
120.253.135.82 - - [09/Jul/2021:06:05:19 +0800] "POST /xingrg/all/common/load_combo.html?type=base HTTP/1.1" 200 1075
120.253.135.82 - - [09/Jul/2021:06:05:27 +0800] "POST /xingrg/kc/base/stock_operate.html HTTP/1.1" 200 2052
120.253.135.82 - - [09/Jul/2021:06:05:27 +0800] "GET /xingrg/javascript/jquery_tools/fix_table.js HTTP/1.1" 200 6528
116.230.117.165 - - [09/Jul/2021:06:05:38 +0800] "GET /xingrg/all/function/internal_message.html?_=1625781958195&CODE_STATE=getMsg HTTP/1.1" 200 27
58.40.7.146 - - [09/Jul/2021:06:05:41 +0800] "GET /xingrg/all/function/internal_message.html?_=1625781945222&CODE_STATE=getMsg HTTP/1.1" 200 27
116.230.114.112 - - [09/Jul/2021:06:05:46 +0800] "GET /xingrg/all/function/internal_message.html?_=1625781964874&CODE_STATE=getMsg HTTP/1.1" 302 -
120.253.135.82 - - [09/Jul/2021:06:05:48 +0800] "GET /xingrg/all/function/internal_message.html?_=1625781991405&CODE_STATE=getMsg HTTP/1.1" 200 27
116.230.110.80 - - [09/Jul/2021:06:05:52 +0800] "GET /xingrg/all/function/internal_message.html?_=1625781954182&CODE_STATE=getMsg HTTP/1.1" 200 27
120.253.135.82 - - [09/Jul/2021:06:06:05 +0800] "GET /xingrg/all/function/internal_message.html?_=1625781750471&CODE_STATE=getMsg HTTP/1.1" 200 27
222.70.176.145 - - [09/Jul/2021:06:06:05 +0800] "GET /xingrg/all/function/internal_message.html?_=1625781965555&CODE_STATE=getMsg HTTP/1.1" 200 27
180.169.147.146 - - [09/Jul/2021:06:06:12 +0800] "GET /xingrg/check_reg.html?_=1625781971924 HTTP/1.1" 200 22
222.70.176.145 - - [09/Jul/2021:06:06:15 +0800] "GET /xingrg/check_reg.html?_=1625781975760 HTTP/1.1" 200 22
116.230.117.165 - - [09/Jul/2021:06:06:38 +0800] "GET /xingrg/all/function/internal_message.html?_=1625782018195&CODE_STATE=getMsg HTTP/1.1" 200 27
58.40.7.146 - - [09/Jul/2021:06:06:41 +0800] "GET /xingrg/all/function/internal_message.html?_=1625782005225&CODE_STATE=getMsg HTTP/1.1" 200 27
116.230.114.112 - - [09/Jul/2021:06:06:46 +0800] "GET /xingrg/all/function/internal_message.html?_=1625782024890&CODE_STATE=getMsg HTTP/1.1" 302 -
120.253.135.82 - - [09/Jul/2021:06:06:48 +0800] "GET /xingrg/all/function/internal_message.html?_=1625782051425&CODE_STATE=getMsg HTTP/1.1" 200 27
58.37.5.217 - - [09/Jul/2021:06:06:50 +0800] "GET /xingrg/check_reg.html?_=1625782015397 HTTP/1.1" 200 22
116.230.110.80 - - [09/Jul/2021:06:06:52 +0800] "GET /xingrg/check_reg.html?_=1625782014190 HTTP/1.1" 200 22
116.230.110.80 - - [09/Jul/2021:06:06:52 +0800] "GET /xingrg/all/function/internal_message.html?_=1625782014191&CODE_STATE=getMsg HTTP/1.1" 200 27
120.253.135.82 - - [09/Jul/2021:06:07:01 +0800] "GET /xingrg/javascript/easyui/themes/sunny/images/ui-bg_gloss-wave_70_ffdd57_500x100.png HTTP/1.1" 200 3830
120.253.135.82 - - [09/Jul/2021:06:07:05 +0800] "GET /xingrg/javascript/easyui/themes/sunny/images/ui-bg_gloss-wave_60_fece2f_500x100.png HTTP/1.1" 200 3512
120.253.135.82 - - [09/Jul/2021:06:07:05 +0800] "GET /xingrg/all/function/internal_message.html?_=1625781810537&CODE_STATE=getMsg HTTP/1.1" 200 27
222.70.176.145 - - [09/Jul/2021:06:07:05 +0800] "GET /xingrg/all/function/internal_message.html?_=1625782025527&CODE_STATE=getMsg HTTP/1.1" 200 27
120.253.135.82 - - [09/Jul/2021:06:07:07 +0800] "GET /xingrg/kc/pszx/mdqp_order_list.html?state=10 HTTP/1.1" 200 10213
120.253.135.82 - - [09/Jul/2021:06:07:07 +0800] "GET /xingrg/dwr/interface/AjaxReportQueryService.js HTTP/1.1" 200 13203
120.253.135.82 - - [09/Jul/2021:06:07:07 +0800] "GET /xingrg/dwr/interface/AjaxQqpsService.js HTTP/1.1" 200 16326
120.253.135.82 - - [09/Jul/2021:06:07:07 +0800] "GET /xingrg/dwr/engine.js HTTP/1.1" 200 43631
180.152.122.128 - - [09/Jul/2021:06:07:13 +0800] "GET /xingrg/check_reg.html?_=1625782023961 HTTP/1.1" 200 22
120.253.135.82 - - [09/Jul/2021:06:07:15 +0800] "GET /xingrg/kc/pszx/jzcl_ps.html HTTP/1.1" 200 7683
120.253.135.82 - - [09/Jul/2021:06:07:15 +0800] "POST /xingrg/all/common/load_tree.html?tree=area_rest_tree_json HTTP/1.1" 200 3466
120.253.135.82 - - [09/Jul/2021:06:07:15 +0800] "POST /xingrg/kc/pszx/jzcl_ps_operate.html HTTP/1.1" 200 21
120.253.135.82 - - [09/Jul/2021:06:07:15 +0800] "POST /xingrg/kc/pszx/jzcl_ps_operate.html HTTP/1.1" 200 21
120.253.135.82 - - [09/Jul/2021:06:07:32 +0800] "GET /xingrg/javascript/jquery_easy_ui/themes/default/images/tree_checkbox_1.gif HTTP/1.1" 200 174
120.253.135.82 - - [09/Jul/2021:06:07:32 +0800] "GET /xingrg/javascript/jquery_easy_ui/themes/default/images/tree_checkbox_2.gif HTTP/1.1" 200 181
120.253.135.82 - - [09/Jul/2021:06:07:34 +0800] "POST /xingrg/kc/pszx/jzcl_ps_operate.html HTTP/1.1" 200 21
116.230.117.165 - - [09/Jul/2021:06:07:38 +0800] "GET /xingrg/check_reg.html?_=1625782078012 HTTP/1.1" 200 22
116.230.117.165 - - [09/Jul/2021:06:07:38 +0800] "GET /xingrg/all/function/internal_message.html?_=1625782078209&CODE_STATE=getMsg HTTP/1.1" 200 27
58.40.7.146 - - [09/Jul/2021:06:07:41 +0800] "GET /xingrg/all/function/internal_message.html?_=1625782065227&CODE_STATE=getMsg HTTP/1.1" 200 27
120.253.135.82 - - [09/Jul/2021:06:07:44 +0800] "POST /xingrg/kc/pszx/jzcl_ps_operate.html HTTP/1.1" 200 21
116.230.114.112 - - [09/Jul/2021:06:07:46 +0800] "GET /xingrg/all/function/internal_message.html?_=1625782084917&CODE_STATE=getMsg HTTP/1.1" 302 -
120.253.135.82 - - [09/Jul/2021:06:07:47 +0800] "GET /xingrg/kc/pszx/ps_main.html HTTP/1.1" 200 13401
120.253.135.82 - - [09/Jul/2021:06:07:48 +0800] "GET /xingrg/all/function/internal_message.html?_=1625782111431&CODE_STATE=getMsg HTTP/1.1" 200 27
120.253.135.82 - - [09/Jul/2021:06:07:49 +0800] "GET /xingrg/images/yd/bt.gif HTTP/1.1" 404 1040
120.253.135.82 - - [09/Jul/2021:06:07:50 +0800] "GET /xingrg/kc/pszx/mdqp_order_list.html HTTP/1.1" 200 44270
120.253.135.82 - - [09/Jul/2021:06:07:50 +0800] "GET /xingrg/dwr/interface/AjaxReportQueryService.js HTTP/1.1" 200 13203
120.253.135.82 - - [09/Jul/2021:06:07:50 +0800] "GET /xingrg/dwr/interface/AjaxQqpsService.js HTTP/1.1" 200 16326
120.253.135.82 - - [09/Jul/2021:06:07:50 +0800] "GET /xingrg/dwr/engine.js HTTP/1.1" 200 43631
116.230.110.80 - - [09/Jul/2021:06:07:52 +0800] "GET /xingrg/all/function/internal_message.html?_=1625782074183&CODE_STATE=getMsg HTTP/1.1" 200 27
120.253.135.82 - - [09/Jul/2021:06:08:05 +0800] "GET /xingrg/all/function/internal_message.html?_=1625781870545&CODE_STATE=getMsg HTTP/1.1" 200 27
222.70.176.145 - - [09/Jul/2021:06:08:05 +0800] "GET /xingrg/all/function/internal_message.html?_=1625782085511&CODE_STATE=getMsg HTTP/1.1" 200 27
120.253.135.82 - - [09/Jul/2021:06:08:07 +0800] "GET /xingrg/kc/pszx/mdqp_order_list.html?page_num=2 HTTP/1.1" 200 44398
120.253.135.82 - - [09/Jul/2021:06:08:07 +0800] "GET /xingrg/dwr/interface/AjaxQqpsService.js HTTP/1.1" 200 16326
120.253.135.82 - - [09/Jul/2021:06:08:07 +0800] "GET /xingrg/dwr/interface/AjaxReportQueryService.js HTTP/1.1" 200 13203
120.253.135.82 - - [09/Jul/2021:06:08:07 +0800] "GET /xingrg/dwr/engine.js HTTP/1.1" 200 43631
120.253.135.82 - - [09/Jul/2021:06:08:12 +0800] "GET /xingrg/kc/pszx/mdqp_order_list.html?state=10 HTTP/1.1" 200 10213
120.253.135.82 - - [09/Jul/2021:06:08:13 +0800] "GET /xingrg/dwr/interface/AjaxReportQueryService.js HTTP/1.1" 200 13203
120.253.135.82 - - [09/Jul/2021:06:08:13 +0800] "GET /xingrg/dwr/interface/AjaxQqpsService.js HTTP/1.1" 200 16326
120.253.135.82 - - [09/Jul/2021:06:08:13 +0800] "GET /xingrg/dwr/engine.js HTTP/1.1" 200 43631
116.230.117.165 - - [09/Jul/2021:06:08:38 +0800] "GET /xingrg/all/function/internal_message.html?_=1625782138222&CODE_STATE=getMsg HTTP/1.1" 200 27
58.40.7.146 - - [09/Jul/2021:06:08:41 +0800] "GET /xingrg/all/function/internal_message.html?_=1625782125231&CODE_STATE=getMsg HTTP/1.1" 200 27
58.40.7.146 - - [09/Jul/2021:06:08:41 +0800] "GET /xingrg/check_reg.html?_=1625782125233 HTTP/1.1" 200 22
116.230.114.112 - - [09/Jul/2021:06:08:46 +0800] "GET /xingrg/all/function/internal_message.html?_=1625782144933&CODE_STATE=getMsg HTTP/1.1" 302 -
120.253.135.82 - - [09/Jul/2021:06:08:49 +0800] "GET /xingrg/all/function/internal_message.html?_=1625782171448&CODE_STATE=getMsg HTTP/1.1" 200 27
116.235.222.38 - - [09/Jul/2021:06:08:51 +0800] "POST /xingrg/services/DataTransmitService HTTP/1.1" 200 524
116.230.110.80 - - [09/Jul/2021:06:08:52 +0800] "GET /xingrg/all/function/internal_message.html?_=1625782134179&CODE_STATE=getMsg HTTP/1.1" 200 27
116.235.222.38 - - [09/Jul/2021:06:08:53 +0800] "POST /xingrg/services/DataTransmitService HTTP/1.1" 200 501
116.235.222.38 - - [09/Jul/2021:06:08:53 +0800] "POST /xingrg/services/DataTransmitService HTTP/1.1" 200 501
116.235.222.38 - - [09/Jul/2021:06:08:53 +0800] "POST /xingrg/services/DataTransmitService HTTP/1.1" 200 501
116.235.222.38 - - [09/Jul/2021:06:08:54 +0800] "POST /xingrg/services/DataTransmitService HTTP/1.1" 200 501
116.235.222.38 - - [09/Jul/2021:06:08:54 +0800] "POST /xingrg/services/DataTransmitService HTTP/1.1" 200 501
116.235.222.38 - - [09/Jul/2021:06:08:54 +0800] "POST /xingrg/services/DataTransmitService HTTP/1.1" 200 501
116.235.222.38 - - [09/Jul/2021:06:08:55 +0800] "POST /xingrg/services/DataTransmitService HTTP/1.1" 200 501
116.235.222.38 - - [09/Jul/2021:06:08:55 +0800] "POST /xingrg/services/DataTransmitService HTTP/1.1" 200 501
116.235.222.38 - - [09/Jul/2021:06:08:56 +0800] "POST /xingrg/services/DataTransmitService HTTP/1.1" 200 501
116.235.222.38 - - [09/Jul/2021:06:08:56 +0800] "POST /xingrg/services/DataTransmitService HTTP/1.1" 200 412
120.253.135.82 - - [09/Jul/2021:06:09:05 +0800] "GET /xingrg/all/function/internal_message.html?_=1625781930605&CODE_STATE=getMsg HTTP/1.1" 200 27
222.70.176.145 - - [09/Jul/2021:06:09:05 +0800] "GET /xingrg/all/function/internal_message.html?_=1625782145496&CODE_STATE=getMsg HTTP/1.1" 200 27
116.230.114.112 - - [09/Jul/2021:06:09:12 +0800] "GET /xingrg/check_reg.html?_=1625782170237 HTTP/1.1" 302 -
120.253.135.82 - - [09/Jul/2021:06:09:19 +0800] "GET /xingrg/kc/buy/cgsh_order_list.html HTTP/1.1" 200 46937
120.253.135.82 - - [09/Jul/2021:06:09:20 +0800] "POST /xingrg/kc/buy/cgsh_list_operate.html HTTP/1.1" 200 876
120.253.135.82 - - [09/Jul/2021:06:09:36 +0800] "GET /xingrg/javascript/jquery_tools/images/prev.gif HTTP/1.1" 404 1086
120.253.135.82 - - [09/Jul/2021:06:09:36 +0800] "GET /xingrg/javascript/jquery_tools/images/next.gif HTTP/1.1" 404 1086
116.230.117.165 - - [09/Jul/2021:06:09:38 +0800] "GET /xingrg/all/function/internal_message.html?_=1625782198236&CODE_STATE=getMsg HTTP/1.1" 200 27
120.253.135.82 - - [09/Jul/2021:06:09:39 +0800] "GET /xingrg/check_reg.html?_=1625782221538 HTTP/1.1" 200 22
58.40.7.146 - - [09/Jul/2021:06:09:41 +0800] "GET /xingrg/all/function/internal_message.html?_=1625782185235&CODE_STATE=getMsg HTTP/1.1" 200 27
116.230.114.112 - - [09/Jul/2021:06:09:46 +0800] "GET /xingrg/all/function/internal_message.html?_=1625782204958&CODE_STATE=getMsg HTTP/1.1" 302 -
120.253.135.82 - - [09/Jul/2021:06:09:49 +0800] "GET /xingrg/all/function/internal_message.html?_=1625782231458&CODE_STATE=getMsg HTTP/1.1" 200 27
116.230.110.80 - - [09/Jul/2021:06:09:52 +0800] "GET /xingrg/all/function/internal_message.html?_=1625782194192&CODE_STATE=getMsg HTTP/1.1" 200 27
120.253.135.82 - - [09/Jul/2021:06:10:04 +0800] "GET /xingrg/check_reg.html?_=1625781989986 HTTP/1.1" 200 22
222.70.176.145 - - [09/Jul/2021:06:10:05 +0800] "GET /xingrg/all/function/internal_message.html?_=1625782205507&CODE_STATE=getMsg HTTP/1.1" 200 27
120.253.135.82 - - [09/Jul/2021:06:10:05 +0800] "GET /xingrg/all/function/internal_message.html?_=1625781990656&CODE_STATE=getMsg HTTP/1.1" 200 27
116.230.117.165 - - [09/Jul/2021:06:10:38 +0800] "GET /xingrg/all/function/internal_message.html?_=1625782258256&CODE_STATE=getMsg HTTP/1.1" 200 27
58.40.7.146 - - [09/Jul/2021:06:10:41 +0800] "GET /xingrg/all/function/internal_message.html?_=1625782245238&CODE_STATE=getMsg HTTP/1.1" 200 27
116.230.114.112 - - [09/Jul/2021:06:10:46 +0800] "GET /xingrg/all/function/internal_message.html?_=1625782264960&CODE_STATE=getMsg HTTP/1.1" 302 -
120.253.135.82 - - [09/Jul/2021:06:10:49 +0800] "GET /xingrg/all/function/internal_message.html?_=1625782291472&CODE_STATE=getMsg HTTP/1.1" 200 27
116.230.110.80 - - [09/Jul/2021:06:10:52 +0800] "GET /xingrg/all/function/internal_message.html?_=1625782254179&CODE_STATE=getMsg HTTP/1.1" 200 27
222.70.176.145 - - [09/Jul/2021:06:11:05 +0800] "GET /xingrg/all/function/internal_message.html?_=1625782265491&CODE_STATE=getMsg HTTP/1.1" 200 27
120.253.135.82 - - [09/Jul/2021:06:11:05 +0800] "GET /xingrg/all/function/internal_message.html?_=1625782050664&CODE_STATE=getMsg HTTP/1.1" 200 27
180.169.147.146 - - [09/Jul/2021:06:11:12 +0800] "GET /xingrg/check_reg.html?_=1625782271897 HTTP/1.1" 200 22
222.70.176.145 - - [09/Jul/2021:06:11:15 +0800] "GET /xingrg/check_reg.html?_=1625782275790 HTTP/1.1" 200 22
116.230.117.165 - - [09/Jul/2021:06:11:38 +0800] "GET /xingrg/all/function/internal_message.html?_=1625782318263&CODE_STATE=getMsg HTTP/1.1" 200 27
58.40.7.146 - - [09/Jul/2021:06:11:41 +0800] "GET /xingrg/all/function/internal_message.html?_=1625782305226&CODE_STATE=getMsg HTTP/1.1" 200 27
116.230.114.112 - - [09/Jul/2021:06:11:46 +0800] "GET /xingrg/all/function/internal_message.html?_=1625782324987&CODE_STATE=getMsg HTTP/1.1" 302 -
120.253.135.82 - - [09/Jul/2021:06:11:49 +0800] "GET /xingrg/all/function/internal_message.html?_=1625782351490&CODE_STATE=getMsg HTTP/1.1" 200 27
58.37.5.217 - - [09/Jul/2021:06:11:50 +0800] "GET /xingrg/check_reg.html?_=1625782315370 HTTP/1.1" 200 22
116.230.110.80 - - [09/Jul/2021:06:11:52 +0800] "GET /xingrg/all/function/internal_message.html?_=1625782314183&CODE_STATE=getMsg HTTP/1.1" 200 27
116.230.110.80 - - [09/Jul/2021:06:11:52 +0800] "GET /xingrg/check_reg.html?_=1625782314188 HTTP/1.1" 200 22
222.70.176.145 - - [09/Jul/2021:06:12:05 +0800] "GET /xingrg/all/function/internal_message.html?_=1625782325463&CODE_STATE=getMsg HTTP/1.1" 200 27
120.253.135.82 - - [09/Jul/2021:06:12:05 +0800] "GET /xingrg/all/function/internal_message.html?_=1625782110678&CODE_STATE=getMsg HTTP/1.1" 200 27
180.152.122.128 - - [09/Jul/2021:06:12:13 +0800] "GET /xingrg/check_reg.html?_=1625782323972 HTTP/1.1" 200 22
120.253.135.82 - - [09/Jul/2021:06:12:19 +0800] "POST /xingrg/kc/buy/cgsh_list_operate.html HTTP/1.1" 200 876
120.253.135.82 - - [09/Jul/2021:06:12:26 +0800] "GET /xingrg/kc/buy/cgth_order_list.html HTTP/1.1" 200 46340
120.253.135.82 - - [09/Jul/2021:06:12:27 +0800] "POST /xingrg/kc/buy/cgth_list_operate.html HTTP/1.1" 200 1035
120.253.135.82 - - [09/Jul/2021:06:12:31 +0800] "GET /xingrg/kc/pszx/mdqp_order_list.html?state=10 HTTP/1.1" 200 10213
120.253.135.82 - - [09/Jul/2021:06:12:31 +0800] "GET /xingrg/dwr/interface/AjaxReportQueryService.js HTTP/1.1" 200 13203
120.253.135.82 - - [09/Jul/2021:06:12:31 +0800] "GET /xingrg/dwr/interface/AjaxQqpsService.js HTTP/1.1" 200 16326
120.253.135.82 - - [09/Jul/2021:06:12:31 +0800] "GET /xingrg/dwr/engine.js HTTP/1.1" 200 43631
120.253.135.82 - - [09/Jul/2021:06:12:35 +0800] "GET /xingrg/kc/pszx/mdqp_order_list.html?state=10 HTTP/1.1" 200 10213
120.253.135.82 - - [09/Jul/2021:06:12:35 +0800] "GET /xingrg/dwr/interface/AjaxReportQueryService.js HTTP/1.1" 200 13203
120.253.135.82 - - [09/Jul/2021:06:12:35 +0800] "GET /xingrg/dwr/interface/AjaxQqpsService.js HTTP/1.1" 200 16326
120.253.135.82 - - [09/Jul/2021:06:12:35 +0800] "GET /xingrg/dwr/engine.js HTTP/1.1" 200 43631
120.253.135.82 - - [09/Jul/2021:06:12:38 +0800] "GET /xingrg/kc/pszx/jzcl_ps.html HTTP/1.1" 200 7683
120.253.135.82 - - [09/Jul/2021:06:12:38 +0800] "POST /xingrg/all/common/load_tree.html?tree=area_rest_tree_json HTTP/1.1" 200 3466
116.230.117.165 - - [09/Jul/2021:06:12:38 +0800] "GET /xingrg/check_reg.html?_=1625782378018 HTTP/1.1" 200 22
116.230.117.165 - - [09/Jul/2021:06:12:38 +0800] "GET /xingrg/all/function/internal_message.html?_=1625782378276&CODE_STATE=getMsg HTTP/1.1" 200 27
120.253.135.82 - - [09/Jul/2021:06:12:38 +0800] "POST /xingrg/kc/pszx/jzcl_ps_operate.html HTTP/1.1" 200 21
120.253.135.82 - - [09/Jul/2021:06:12:38 +0800] "POST /xingrg/kc/pszx/jzcl_ps_operate.html HTTP/1.1" 200 21
58.40.7.146 - - [09/Jul/2021:06:12:41 +0800] "GET /xingrg/all/function/internal_message.html?_=1625782365228&CODE_STATE=getMsg HTTP/1.1" 200 27
116.230.114.112 - - [09/Jul/2021:06:12:46 +0800] "GET /xingrg/all/function/internal_message.html?_=1625782385003&CODE_STATE=getMsg HTTP/1.1" 302 -
120.253.135.82 - - [09/Jul/2021:06:12:49 +0800] "GET /xingrg/all/function/internal_message.html?_=1625782411500&CODE_STATE=getMsg HTTP/1.1" 200 27
116.230.110.80 - - [09/Jul/2021:06:12:52 +0800] "GET /xingrg/all/function/internal_message.html?_=1625782374184&CODE_STATE=getMsg HTTP/1.1" 200 27
120.253.135.82 - - [09/Jul/2021:06:12:58 +0800] "GET /xingrg/kc/pszx/mdps_order_list.html?orderType=0 HTTP/1.1" 200 21004
120.253.135.82 - - [09/Jul/2021:06:12:58 +0800] "POST /xingrg/kc/pszx/mdps_list_operate.html HTTP/1.1" 200 5227
222.70.176.145 - - [09/Jul/2021:06:13:05 +0800] "GET /xingrg/all/function/internal_message.html?_=1625782385448&CODE_STATE=getMsg HTTP/1.1" 200 27
120.253.135.82 - - [09/Jul/2021:06:13:05 +0800] "GET /xingrg/all/function/internal_message.html?_=1625782170690&CODE_STATE=getMsg HTTP/1.1" 200 27
120.253.135.82 - - [09/Jul/2021:06:13:05 +0800] "GET /xingrg/kc/pszx/ps_main.html HTTP/1.1" 200 13401
120.253.135.82 - - [09/Jul/2021:06:13:07 +0800] "GET /xingrg/images/yd/bt.gif HTTP/1.1" 404 1040
120.253.135.82 - - [09/Jul/2021:06:13:08 +0800] "GET /xingrg/dwr/interface/AjaxReportQueryService.js HTTP/1.1" 200 13203
120.253.135.82 - - [09/Jul/2021:06:13:08 +0800] "GET /xingrg/dwr/interface/AjaxQqpsService.js HTTP/1.1" 200 16326
120.253.135.82 - - [09/Jul/2021:06:13:08 +0800] "GET /xingrg/kc/pszx/mdqp_order_list.html HTTP/1.1" 200 44270
120.253.135.82 - - [09/Jul/2021:06:13:08 +0800] "GET /xingrg/dwr/engine.js HTTP/1.1" 200 43631
120.253.135.82 - - [09/Jul/2021:06:13:17 +0800] "GET /xingrg/kc/pszx/mdqp_order_info.html?code=302021070800157 HTTP/1.1" 200 12913
120.253.135.82 - - [09/Jul/2021:06:13:17 +0800] "GET /xingrg/javascript/AjaxInfoList.js HTTP/1.1" 200 3774
120.253.135.82 - - [09/Jul/2021:06:13:17 +0800] "GET /xingrg/dwr/interface/AjaxComOrderService.js HTTP/1.1" 200 18264
120.253.135.82 - - [09/Jul/2021:06:13:17 +0800] "GET /xingrg/dwr/interface/AjaxQqpsService.js HTTP/1.1" 200 16326
120.253.135.82 - - [09/Jul/2021:06:13:17 +0800] "GET /xingrg/dwr/engine.js HTTP/1.1" 200 43631
120.253.135.82 - - [09/Jul/2021:06:13:17 +0800] "GET /xingrg/javascript/Grid.js HTTP/1.1" 200 58908
120.253.135.82 - - [09/Jul/2021:06:13:18 +0800] "GET /xingrg/javascript/checkform.js HTTP/1.1" 200 18351
120.253.135.82 - - [09/Jul/2021:06:13:18 +0800] "GET /xingrg/javascript/jquery_easy_ui/themes/icons/print.png HTTP/1.1" 200 1057
120.253.135.82 - - [09/Jul/2021:06:13:18 +0800] "GET /xingrg/javascript/jquery_easy_ui/themes/default/images/menu_downarrow.png HTTP/1.1" 200 173
120.253.135.82 - - [09/Jul/2021:06:13:18 +0800] "GET /xingrg/images/blue/kc_tab_right.gif HTTP/1.1" 200 643
120.253.135.82 - - [09/Jul/2021:06:13:18 +0800] "GET /xingrg/images/blue/kc_tab_left.gif HTTP/1.1" 200 188
120.253.135.82 - - [09/Jul/2021:06:13:18 +0800] "GET /xingrg/images/blue/kc_tab_mid.gif HTTP/1.1" 200 44
120.253.135.82 - - [09/Jul/2021:06:13:18 +0800] "GET /xingrg/images/blue/wait.gif HTTP/1.1" 200 1100
120.253.135.82 - - [09/Jul/2021:06:13:18 +0800] "POST /xingrg/dwr/call/plaincall/AjaxQqpsService.loadMaterielItems.dwr HTTP/1.1" 200 3084
120.253.135.82 - - [09/Jul/2021:06:13:19 +0800] "GET /xingrg/images/yd/bt.gif HTTP/1.1" 404 1040
