180.156.216.127 - - [09/Jul/2021:10:55:34 +0800] "GET /xingrg/javascript/jquery.form.js HTTP/1.1" 304 -
180.156.216.127 - - [09/Jul/2021:10:55:34 +0800] "GET /xingrg/javascript/jquery.utils.js HTTP/1.1" 304 -
180.156.216.127 - - [09/Jul/2021:10:55:34 +0800] "GET /xingrg/javascript/jquery.timers.js HTTP/1.1" 304 -
180.156.216.127 - - [09/Jul/2021:10:55:34 +0800] "GET /xingrg/images/blue/jxLogo.png HTTP/1.1" 304 -
180.156.216.127 - - [09/Jul/2021:10:55:34 +0800] "GET /xingrg/javascript/jquery_easy_ui/themes/icons/settle_new.png HTTP/1.1" 304 -
180.156.216.127 - - [09/Jul/2021:10:55:34 +0800] "GET /xingrg/images/blue/navBackgound.jpg HTTP/1.1" 304 -
180.156.216.127 - - [09/Jul/2021:10:55:34 +0800] "POST /xingrg/all/common/load_tree.html?tree=area_rest_tree_json&manage=1 HTTP/1.1" 200 476
180.156.216.127 - - [09/Jul/2021:10:55:34 +0800] "GET /xingrg/all/function/internal_message.html?_=1625799333532&CODE_STATE=count HTTP/1.1" 200 11
180.156.216.127 - - [09/Jul/2021:10:55:34 +0800] "GET /xingrg/images/blue/pingpu.png HTTP/1.1" 304 -
180.156.216.127 - - [09/Jul/2021:10:55:34 +0800] "GET /xingrg/javascript/jquery_easy_ui/themes/default/images/panel_tool_collapse.gif HTTP/1.1" 304 -
180.156.216.127 - - [09/Jul/2021:10:55:34 +0800] "GET /xingrg/javascript/jquery_easy_ui/themes/default/images/tabs_leftarrow.png HTTP/1.1" 304 -
180.156.216.127 - - [09/Jul/2021:10:55:34 +0800] "GET /xingrg/javascript/jquery_easy_ui/themes/default/images/tabs_rightarrow.png HTTP/1.1" 304 -
180.156.216.127 - - [09/Jul/2021:10:55:34 +0800] "GET /xingrg/check_reg.html?_=1625799333534 HTTP/1.1" 200 22
180.156.216.127 - - [09/Jul/2021:10:55:34 +0800] "POST /xingrg/load_menu.html HTTP/1.1" 200 5138
180.156.216.127 - - [09/Jul/2021:10:55:36 +0800] "GET /xingrg/kc/buy/cgsh_order_list.html HTTP/1.1" 200 46943
180.156.216.127 - - [09/Jul/2021:10:55:38 +0800] "POST /xingrg/kc/buy/cgsh_list_operate.html HTTP/1.1" 200 876
221.239.195.6 - - [09/Jul/2021:10:55:38 +0800] "GET /xingrg/all/function/internal_message.html?_=1625799342991&CODE_STATE=getMsg HTTP/1.1" 200 27
180.156.216.127 - - [09/Jul/2021:10:55:38 +0800] "GET /xingrg/kc/buy/cgsh_order_add.html HTTP/1.1" 200 62599
180.156.216.127 - - [09/Jul/2021:10:55:39 +0800] "POST /xingrg/kc/buy/cgsh_order_operate.html HTTP/1.1" 200 8245
180.156.216.127 - - [09/Jul/2021:10:55:39 +0800] "GET /xingrg/javascript/easyui/themes/default/validatebox.css HTTP/1.1" 404 1104
58.37.225.51 - - [09/Jul/2021:10:55:40 +0800] "GET /xingrg/kc/buy/cgsh_order_operate.html?command=get_materiel&rest_code=00141&code=00101007071&supplier_code=00100004&order_time=2021-07-09 HTTP/1.1" 200 417
222.70.176.145 - - [09/Jul/2021:10:55:42 +0800] "GET /xingrg/check_reg.html?_=1625799342565 HTTP/1.1" 200 22
221.239.195.6 - - [09/Jul/2021:10:55:47 +0800] "GET /xingrg/all/function/internal_message.html?_=1625799320024&CODE_STATE=getMsg HTTP/1.1" 200 27
58.37.5.217 - - [09/Jul/2021:10:55:51 +0800] "GET /xingrg/check_reg.html?_=1625799351377 HTTP/1.1" 200 22
58.37.5.217 - - [09/Jul/2021:10:55:51 +0800] "GET /xingrg/all/function/internal_message.html?_=1625799351374&CODE_STATE=getMsg HTTP/1.1" 200 27
116.230.114.112 - - [09/Jul/2021:10:55:51 +0800] "GET /xingrg/all/function/internal_message.html?_=1625799370187&CODE_STATE=getMsg HTTP/1.1" 302 -
116.230.110.80 - - [09/Jul/2021:10:55:52 +0800] "GET /xingrg/all/function/internal_message.html?_=1625799356257&CODE_STATE=getMsg HTTP/1.1" 200 27
58.37.5.217 - - [09/Jul/2021:10:55:53 +0800] "GET /xingrg/all/function/internal_message.html?_=1625799357955&CODE_STATE=getMsg HTTP/1.1" 200 27
180.162.112.86 - - [09/Jul/2021:10:55:54 +0800] "GET /xingrg/all/function/internal_message.html?_=1625799010775&CODE_STATE=getMsg HTTP/1.1" 200 27
58.37.225.51 - - [09/Jul/2021:10:55:54 +0800] "POST /xingrg/kc/buy/cgsh_order_operate.html HTTP/1.1" 200 37
116.235.222.38 - - [09/Jul/2021:10:55:54 +0800] "GET /xingrg/kc/buy/cgsh_order_operate.html?command=get_materiel&rest_code=00107&code=00101008028&supplier_code=00100006&order_time=2021-07-09 HTTP/1.1" 200 412
58.37.225.51 - - [09/Jul/2021:10:55:58 +0800] "POST /xingrg/kc/buy/cgsh_order_operate.html HTTP/1.1" 200 12
58.37.225.51 - - [09/Jul/2021:10:55:59 +0800] "GET /xingrg/kc/buy/cgsh_order_info.html?code=212021070903757 HTTP/1.1" 200 57589
58.37.225.51 - - [09/Jul/2021:10:55:59 +0800] "GET /xingrg/javascript/easyui/themes/default/validatebox.css HTTP/1.1" 404 1104
58.37.225.51 - - [09/Jul/2021:10:56:00 +0800] "POST /xingrg/kc/buy/cgsh_order_operate.html HTTP/1.1" 200 2382
58.37.5.217 - - [09/Jul/2021:10:56:00 +0800] "GET /xingrg/all/function/internal_message.html?_=1625799902241&CODE_STATE=getMsg HTTP/1.1" 200 27
58.37.225.51 - - [09/Jul/2021:10:56:01 +0800] "GET /xingrg/kc/print/load_data.html?order_code=212021070903757&kc_code=cgsh&condition= HTTP/1.1" 200 1435
120.253.135.82 - - [09/Jul/2021:10:56:03 +0800] "GET /xingrg/all/function/internal_message.html?_=1625799149153&CODE_STATE=getMsg HTTP/1.1" 200 27
116.235.222.38 - - [09/Jul/2021:10:56:06 +0800] "GET /xingrg/kc/buy/cgsh_order_operate.html?command=get_materiel&rest_code=00107&code=00101008026&supplier_code=00100006&order_time=2021-07-09 HTTP/1.1" 200 409
116.230.117.165 - - [09/Jul/2021:10:56:10 +0800] "GET /xingrg/check_reg.html?_=1625799390400 HTTP/1.1" 200 22
180.171.62.232 - - [09/Jul/2021:10:56:10 +0800] "GET /favicon.ico HTTP/1.1" 404 -
58.37.225.51 - - [09/Jul/2021:10:56:12 +0800] "GET /xingrg/kc/buy/cgsh_order_add.html HTTP/1.1" 200 62681
120.253.135.82 - - [09/Jul/2021:10:56:12 +0800] "GET /xingrg/all/function/internal_message.html?_=1625799414282&CODE_STATE=getMsg HTTP/1.1" 200 27
222.69.129.116 - - [09/Jul/2021:10:56:12 +0800] "GET /xingrg/all/function/internal_message.html?_=1625799377007&CODE_STATE=getMsg HTTP/1.1" 200 27
222.70.176.145 - - [09/Jul/2021:10:56:12 +0800] "GET /xingrg/all/function/internal_message.html?_=1625799372412&CODE_STATE=getMsg HTTP/1.1" 200 27
58.37.225.51 - - [09/Jul/2021:10:56:12 +0800] "POST /xingrg/kc/buy/cgsh_order_operate.html HTTP/1.1" 200 8245
58.37.225.51 - - [09/Jul/2021:10:56:12 +0800] "GET /xingrg/javascript/easyui/themes/default/validatebox.css HTTP/1.1" 404 1104
180.169.147.146 - - [09/Jul/2021:10:56:12 +0800] "GET /xingrg/check_reg.html?_=1625799371726 HTTP/1.1" 200 22
180.171.62.232 - - [09/Jul/2021:10:56:12 +0800] "GET /xingrg/login.html HTTP/1.1" 200 7641
116.230.117.165 - - [09/Jul/2021:10:56:13 +0800] "GET /xingrg/all/function/internal_message.html?_=1625799393196&CODE_STATE=getMsg HTTP/1.1" 200 27
116.235.222.38 - - [09/Jul/2021:10:56:13 +0800] "GET /xingrg/all/function/internal_message.html?_=1625799368543&CODE_STATE=getMsg HTTP/1.1" 200 27
180.171.62.232 - - [09/Jul/2021:10:56:13 +0800] "GET /favicon.ico HTTP/1.1" 404 -
180.169.147.146 - - [09/Jul/2021:10:56:13 +0800] "GET /xingrg/all/function/internal_message.html?_=1625799377230&CODE_STATE=getMsg HTTP/1.1" 200 27
222.70.176.145 - - [09/Jul/2021:10:56:15 +0800] "GET /xingrg/all/function/internal_message.html?_=1625799379623&CODE_STATE=getMsg HTTP/1.1" 200 27
222.70.176.145 - - [09/Jul/2021:10:56:15 +0800] "GET /xingrg/check_reg.html?_=1625799379627 HTTP/1.1" 200 22
180.171.62.232 - - [09/Jul/2021:10:56:19 +0800] "POST /xingrg/login.do HTTP/1.1" 302 -
180.171.62.232 - - [09/Jul/2021:10:56:19 +0800] "GET /xingrg/index.html?sysBaseUrl=http%3A%2F%2F180.169.147.146%3A18081%2Fxingrg%2F&costTime=47×tamp=1625799379223 HTTP/1.1" 200 17179
180.171.62.232 - - [09/Jul/2021:10:56:19 +0800] "GET /favicon.ico HTTP/1.1" 404 -
180.171.62.232 - - [09/Jul/2021:10:56:19 +0800] "POST /xingrg/all/common/load_tree.html?tree=area_rest_tree_json&manage=1 HTTP/1.1" 200 351
180.171.62.232 - - [09/Jul/2021:10:56:19 +0800] "GET /xingrg/check_reg.html?_=1625799379575 HTTP/1.1" 200 22
180.171.62.232 - - [09/Jul/2021:10:56:19 +0800] "GET /xingrg/all/function/internal_message.html?_=1625799379575&CODE_STATE=count HTTP/1.1" 200 11
180.171.62.232 - - [09/Jul/2021:10:56:19 +0800] "POST /xingrg/load_menu.html HTTP/1.1" 200 5138
116.235.95.53 - - [09/Jul/2021:10:56:20 +0800] "GET /xingrg/all/function/internal_message.html?_=1625799478862&CODE_STATE=getMsg HTTP/1.1" 200 27
58.37.225.51 - - [09/Jul/2021:10:56:24 +0800] "GET /xingrg/kc/buy/cgsh_order_operate.html?command=get_materiel&rest_code=00141&code=00101008131&supplier_code=00100007&order_time=2021-07-09 HTTP/1.1" 200 408
58.37.225.51 - - [09/Jul/2021:10:56:27 +0800] "GET /xingrg/all/function/internal_message.html?_=1625799310373&CODE_STATE=getMsg HTTP/1.1" 200 27
180.171.62.232 - - [09/Jul/2021:10:56:28 +0800] "GET /xingrg/kc/buy/cgsh_order_list.html HTTP/1.1" 200 46943
180.171.62.232 - - [09/Jul/2021:10:56:29 +0800] "POST /xingrg/kc/buy/cgsh_list_operate.html HTTP/1.1" 200 876
180.157.255.9 - - [09/Jul/2021:10:56:29 +0800] "GET /xingrg/check_reg.html?_=1625799401759 HTTP/1.1" 200 22
180.157.255.9 - - [09/Jul/2021:10:56:29 +0800] "GET /xingrg/all/function/internal_message.html?_=1625799401761&CODE_STATE=getMsg HTTP/1.1" 200 27
101.85.107.54 - - [09/Jul/2021:10:56:30 +0800] "GET /xingrg/all/function/internal_message.html?_=1625798814338&CODE_STATE=getMsg HTTP/1.1" 200 27
101.85.107.54 - - [09/Jul/2021:10:56:30 +0800] "GET /xingrg/check_reg.html?_=1625798814335 HTTP/1.1" 200 22
180.171.62.232 - - [09/Jul/2021:10:56:30 +0800] "GET /xingrg/kc/base/base_main.html HTTP/1.1" 200 12142
58.37.225.51 - - [09/Jul/2021:10:56:32 +0800] "GET /xingrg/kc/buy/cgsh_order_operate.html?command=get_materiel&rest_code=00141&code=00101008163&supplier_code=00100007&order_time=2021-07-09 HTTP/1.1" 200 410
180.169.147.146 - - [09/Jul/2021:10:56:33 +0800] "GET /xingrg/all/function/internal_message.html?_=1625799406349&CODE_STATE=getMsg HTTP/1.1" 200 27
180.169.147.146 - - [09/Jul/2021:10:56:33 +0800] "GET /xingrg/check_reg.html?_=1625799406352 HTTP/1.1" 200 22
180.156.216.127 - - [09/Jul/2021:10:56:34 +0800] "GET /xingrg/all/function/internal_message.html?_=1625799393538&CODE_STATE=getMsg HTTP/1.1" 200 27
180.171.62.232 - - [09/Jul/2021:10:56:34 +0800] "GET /xingrg/kc/base/yddb_order_list.html HTTP/1.1" 200 16757
180.171.62.232 - - [09/Jul/2021:10:56:35 +0800] "POST /xingrg/kc/base/yddb_list_operate.html HTTP/1.1" 200 636
180.157.255.9 - - [09/Jul/2021:10:56:35 +0800] "POST /xingrg/kc/buy/cgsh_order_operate.html HTTP/1.1" 200 37
180.157.255.9 - - [09/Jul/2021:10:56:36 +0800] "POST /xingrg/kc/buy/cgsh_order_operate.html HTTP/1.1" 200 3842
221.239.195.6 - - [09/Jul/2021:10:56:38 +0800] "GET /xingrg/all/function/internal_message.html?_=1625799402992&CODE_STATE=getMsg HTTP/1.1" 200 27
221.239.195.6 - - [09/Jul/2021:10:56:38 +0800] "GET /xingrg/check_reg.html?_=1625799402995 HTTP/1.1" 200 22
180.171.62.232 - - [09/Jul/2021:10:56:38 +0800] "POST /xingrg/kc/base/yddb_list_operate.html HTTP/1.1" 200 1866
180.171.62.232 - - [09/Jul/2021:10:56:40 +0800] "POST /xingrg/kc/base/yddb_list_operate.html HTTP/1.1" 200 1604
180.171.62.232 - - [09/Jul/2021:10:56:41 +0800] "POST /xingrg/kc/base/yddb_list_operate.html HTTP/1.1" 200 1604
180.171.62.232 - - [09/Jul/2021:10:56:42 +0800] "POST /xingrg/kc/base/yddb_list_operate.html HTTP/1.1" 200 1604
58.37.225.51 - - [09/Jul/2021:10:56:42 +0800] "GET /xingrg/kc/buy/cgsh_order_operate.html?command=get_materiel&rest_code=00141&code=00101008361&supplier_code=00100007&order_time=2021-07-09 HTTP/1.1" 200 408
120.253.135.82 - - [09/Jul/2021:10:56:44 +0800] "GET /xingrg/check_reg.html?_=1625799189825 HTTP/1.1" 200 22
180.171.62.232 - - [09/Jul/2021:10:56:45 +0800] "POST /xingrg/kc/base/yddb_list_operate.html HTTP/1.1" 200 362
180.171.62.232 - - [09/Jul/2021:10:56:46 +0800] "POST /xingrg/kc/base/yddb_list_operate.html HTTP/1.1" 200 363
221.239.195.6 - - [09/Jul/2021:10:56:47 +0800] "GET /xingrg/check_reg.html?_=1625799380052 HTTP/1.1" 200 22
221.239.195.6 - - [09/Jul/2021:10:56:47 +0800] "GET /xingrg/all/function/internal_message.html?_=1625799380061&CODE_STATE=getMsg HTTP/1.1" 200 27
58.37.225.51 - - [09/Jul/2021:10:56:48 +0800] "GET /xingrg/kc/buy/cgsh_order_operate.html?command=get_materiel&rest_code=00141&code=00101008148&supplier_code=00100007&order_time=2021-07-09 HTTP/1.1" 200 416
58.37.5.217 - - [09/Jul/2021:10:56:51 +0800] "GET /xingrg/all/function/internal_message.html?_=1625799411372&CODE_STATE=getMsg HTTP/1.1" 200 27
116.230.114.112 - - [09/Jul/2021:10:56:51 +0800] "GET /xingrg/all/function/internal_message.html?_=1625799430202&CODE_STATE=getMsg HTTP/1.1" 302 -
116.230.110.80 - - [09/Jul/2021:10:56:52 +0800] "GET /xingrg/all/function/internal_message.html?_=1625799416240&CODE_STATE=getMsg HTTP/1.1" 200 27
116.230.110.80 - - [09/Jul/2021:10:56:52 +0800] "GET /xingrg/check_reg.html?_=1625799416248 HTTP/1.1" 200 22
58.37.5.217 - - [09/Jul/2021:10:56:53 +0800] "GET /xingrg/all/function/internal_message.html?_=1625799417969&CODE_STATE=getMsg HTTP/1.1" 200 27
180.162.112.86 - - [09/Jul/2021:10:56:54 +0800] "GET /xingrg/all/function/internal_message.html?_=1625799070774&CODE_STATE=getMsg HTTP/1.1" 200 27
58.37.225.51 - - [09/Jul/2021:10:56:54 +0800] "GET /xingrg/kc/buy/cgsh_order_operate.html?command=get_materiel&rest_code=00141&code=00101008264&supplier_code=00100007&order_time=2021-07-09 HTTP/1.1" 200 412
180.157.255.9 - - [09/Jul/2021:10:56:57 +0800] "GET /xingrg/kc/buy/cgsh_order_add.html HTTP/1.1" 200 62675
180.157.255.9 - - [09/Jul/2021:10:56:58 +0800] "POST /xingrg/kc/buy/cgsh_order_operate.html HTTP/1.1" 200 8245
180.157.255.9 - - [09/Jul/2021:10:56:58 +0800] "GET /xingrg/javascript/easyui/themes/default/validatebox.css HTTP/1.1" 404 1104
58.37.5.217 - - [09/Jul/2021:10:57:00 +0800] "GET /xingrg/all/function/internal_message.html?_=1625799962212&CODE_STATE=getMsg HTTP/1.1" 200 27
58.37.225.51 - - [09/Jul/2021:10:57:01 +0800] "GET /xingrg/kc/buy/cgsh_order_operate.html?command=get_materiel&rest_code=00141&code=00101008356&supplier_code=00100007&order_time=2021-07-09 HTTP/1.1" 200 408
58.37.5.217 - - [09/Jul/2021:10:57:01 +0800] "GET /xingrg/check_reg.html?_=1625799414367 HTTP/1.1" 200 22
120.253.135.82 - - [09/Jul/2021:10:57:03 +0800] "GET /xingrg/all/function/internal_message.html?_=1625799209167&CODE_STATE=getMsg HTTP/1.1" 200 27
58.37.5.217 - - [09/Jul/2021:10:57:05 +0800] "POST /xingrg/dwr/call/plaincall/AjaxReportQueryService.refreshCache.dwr HTTP/1.1" 200 78
58.37.5.217 - - [09/Jul/2021:10:57:05 +0800] "POST /xingrg/all/report/load_report_page.html HTTP/1.1" 200 32780
58.37.5.217 - - [09/Jul/2021:10:57:05 +0800] "GET /xingrg/servlets/image?cache=0.1740820529097975&image=px HTTP/1.1" 200 807
58.37.5.217 - - [09/Jul/2021:10:57:06 +0800] "POST /xingrg/dwr/call/plaincall/AjaxReportQueryService.refreshCache.dwr HTTP/1.1" 200 78
58.37.5.217 - - [09/Jul/2021:10:57:06 +0800] "POST /xingrg/all/report/load_report_page.html HTTP/1.1" 200 32780
58.37.5.217 - - [09/Jul/2021:10:57:06 +0800] "GET /xingrg/servlets/image?cache=0.9973746694059107&image=px HTTP/1.1" 200 807
58.37.225.51 - - [09/Jul/2021:10:57:07 +0800] "GET /xingrg/kc/buy/cgsh_order_operate.html?command=get_materiel&rest_code=00141&code=00101015060&supplier_code=00100007&order_time=2021-07-09 HTTP/1.1" 200 413
180.157.255.9 - - [09/Jul/2021:10:57:09 +0800] "GET /xingrg/kc/buy/cgsh_order_operate.html?command=get_materiel&rest_code=00148&code=00101006164&supplier_code=00100326&order_time=2021-07-09 HTTP/1.1" 200 415
116.230.110.80 - - [09/Jul/2021:10:57:10 +0800] "GET /xingrg/kc/buy/cgsh_order_operate.html?command=get_materiel&rest_code=00155&code=00101013127&supplier_code=00100037&order_time=2021-07-09 HTTP/1.1" 200 419
120.253.135.82 - - [09/Jul/2021:10:57:12 +0800] "GET /xingrg/all/function/internal_message.html?_=1625799474295&CODE_STATE=getMsg HTTP/1.1" 200 27
222.69.129.116 - - [09/Jul/2021:10:57:12 +0800] "GET /xingrg/all/function/internal_message.html?_=1625799436987&CODE_STATE=getMsg HTTP/1.1" 200 27
222.70.176.145 - - [09/Jul/2021:10:57:12 +0800] "GET /xingrg/all/function/internal_message.html?_=1625799432382&CODE_STATE=getMsg HTTP/1.1" 200 27
116.230.117.165 - - [09/Jul/2021:10:57:13 +0800] "GET /xingrg/all/function/internal_message.html?_=1625799453210&CODE_STATE=getMsg HTTP/1.1" 200 27
116.235.222.38 - - [09/Jul/2021:10:57:13 +0800] "GET /xingrg/all/function/internal_message.html?_=1625799428515&CODE_STATE=getMsg HTTP/1.1" 200 27
58.37.225.51 - - [09/Jul/2021:10:57:13 +0800] "GET /xingrg/kc/buy/cgsh_order_operate.html?command=get_materiel&rest_code=00141&code=00101008137&supplier_code=00100007&order_time=2021-07-09 HTTP/1.1" 200 408
180.169.147.146 - - [09/Jul/2021:10:57:13 +0800] "GET /xingrg/all/function/internal_message.html?_=1625799437232&CODE_STATE=getMsg HTTP/1.1" 200 27
222.70.176.145 - - [09/Jul/2021:10:57:15 +0800] "GET /xingrg/all/function/internal_message.html?_=1625799439625&CODE_STATE=getMsg HTTP/1.1" 200 27
180.171.62.232 - - [09/Jul/2021:10:57:17 +0800] "GET /xingrg/kc/base/yddb_order_info.html?code=482021060200007 HTTP/1.1" 200 29651
180.171.62.232 - - [09/Jul/2021:10:57:17 +0800] "GET /xingrg/dwr/interface/AjaxComOrderService.js HTTP/1.1" 200 18264
180.171.62.232 - - [09/Jul/2021:10:57:17 +0800] "GET /xingrg/dwr/interface/AjaxYddbService.js HTTP/1.1" 200 13201
180.171.62.232 - - [09/Jul/2021:10:57:17 +0800] "GET /xingrg/dwr/util.js HTTP/1.1" 200 35990
180.171.62.232 - - [09/Jul/2021:10:57:17 +0800] "GET /xingrg/dwr/engine.js HTTP/1.1" 200 43631
180.171.62.232 - - [09/Jul/2021:10:57:17 +0800] "POST /xingrg/dwr/call/plaincall/AjaxYddbService.loadMaterielItems.dwr HTTP/1.1" 200 1113
180.171.62.232 - - [09/Jul/2021:10:57:19 +0800] "GET /xingrg/all/function/internal_message.html?_=1625799439582&CODE_STATE=getMsg HTTP/1.1" 200 27
58.37.5.217 - - [09/Jul/2021:10:57:19 +0800] "POST /xingrg/services/DataTransmitService HTTP/1.1" 200 524
116.235.95.53 - - [09/Jul/2021:10:57:20 +0800] "GET /xingrg/all/function/internal_message.html?_=1625799538857&CODE_STATE=getMsg HTTP/1.1" 200 27
116.235.95.53 - - [09/Jul/2021:10:57:20 +0800] "GET /xingrg/check_reg.html?_=1625799538859 HTTP/1.1" 200 22
180.157.255.9 - - [09/Jul/2021:10:57:20 +0800] "GET /xingrg/kc/buy/cgsh_order_operate.html?command=get_materiel&rest_code=00148&code=00101010696&supplier_code=00100326&order_time=2021-07-09 HTTP/1.1" 200 398
58.37.225.51 - - [09/Jul/2021:10:57:20 +0800] "GET /xingrg/kc/buy/cgsh_order_operate.html?command=get_materiel&rest_code=00141&code=00101008059&supplier_code=00100007&order_time=2021-07-09 HTTP/1.1" 200 408
58.37.5.217 - - [09/Jul/2021:10:57:20 +0800] "POST /xingrg/services/DataTransmitService HTTP/1.1" 200 501
58.37.225.51 - - [09/Jul/2021:10:57:27 +0800] "GET /xingrg/kc/buy/cgsh_order_operate.html?command=get_materiel&rest_code=00141&code=00101008357&supplier_code=00100007&order_time=2021-07-09 HTTP/1.1" 200 410
58.37.225.51 - - [09/Jul/2021:10:57:27 +0800] "GET /xingrg/all/function/internal_message.html?_=1625799370454&CODE_STATE=getMsg HTTP/1.1" 200 27
180.171.62.232 - - [09/Jul/2021:10:57:27 +0800] "GET /xingrg/kc/base/yddb_order_list.html?isBack=1 HTTP/1.1" 200 16757
180.171.62.232 - - [09/Jul/2021:10:57:28 +0800] "POST /xingrg/kc/base/yddb_list_operate.html HTTP/1.1" 200 636
180.157.255.9 - - [09/Jul/2021:10:57:29 +0800] "GET /xingrg/kc/buy/cgsh_order_operate.html?command=get_materiel&rest_code=00148&code=00101007168&supplier_code=00100326&order_time=2021-07-09 HTTP/1.1" 200 396
180.157.255.9 - - [09/Jul/2021:10:57:29 +0800] "GET /xingrg/all/function/internal_message.html?_=1625799461765&CODE_STATE=getMsg HTTP/1.1" 200 27
101.85.107.54 - - [09/Jul/2021:10:57:30 +0800] "GET /xingrg/all/function/internal_message.html?_=1625798874337&CODE_STATE=getMsg HTTP/1.1" 200 27
58.37.5.217 - - [09/Jul/2021:10:57:30 +0800] "POST /xingrg/services/DataTransmitService HTTP/1.1" 200 524
58.37.5.217 - - [09/Jul/2021:10:57:31 +0800] "POST /xingrg/services/DataTransmitService HTTP/1.1" 200 412
180.169.147.146 - - [09/Jul/2021:10:57:33 +0800] "GET /xingrg/all/function/internal_message.html?_=1625799466352&CODE_STATE=getMsg HTTP/1.1" 200 27
180.156.216.127 - - [09/Jul/2021:10:57:34 +0800] "GET /xingrg/all/function/internal_message.html?_=1625799453540&CODE_STATE=getMsg HTTP/1.1" 200 27
58.37.225.51 - - [09/Jul/2021:10:57:35 +0800] "GET /xingrg/kc/buy/cgsh_order_operate.html?command=get_materiel&rest_code=00141&code=00101008069&supplier_code=00100007&order_time=2021-07-09 HTTP/1.1" 200 412
221.239.195.6 - - [09/Jul/2021:10:57:38 +0800] "GET /xingrg/all/function/internal_message.html?_=1625799462994&CODE_STATE=getMsg HTTP/1.1" 200 27
180.157.255.9 - - [09/Jul/2021:10:57:39 +0800] "GET /xingrg/kc/buy/cgsh_order_operate.html?command=get_materiel&rest_code=00148&code=00101007111&supplier_code=00100326&order_time=2021-07-09 HTTP/1.1" 200 417
116.230.110.80 - - [09/Jul/2021:10:57:42 +0800] "GET /xingrg/kc/buy/cgsh_order_operate.html?command=get_materiel&rest_code=00155&code=00101015085&supplier_code=00100037&order_time=2021-07-09 HTTP/1.1" 200 412
58.37.225.51 - - [09/Jul/2021:10:57:44 +0800] "GET /xingrg/kc/buy/cgsh_order_operate.html?command=get_materiel&rest_code=00141&code=00101008286&supplier_code=00100007&order_time=2021-07-09 HTTP/1.1" 200 408
180.157.255.9 - - [09/Jul/2021:10:57:46 +0800] "POST /xingrg/kc/buy/cgsh_order_operate.html HTTP/1.1" 200 37
221.239.195.6 - - [09/Jul/2021:10:57:47 +0800] "GET /xingrg/all/function/internal_message.html?_=1625799440045&CODE_STATE=getMsg HTTP/1.1" 200 27
180.157.255.9 - - [09/Jul/2021:10:57:48 +0800] "POST /xingrg/kc/buy/cgsh_order_operate.html HTTP/1.1" 200 4436
58.37.5.217 - - [09/Jul/2021:10:57:51 +0800] "GET /xingrg/all/function/internal_message.html?_=1625799471374&CODE_STATE=getMsg HTTP/1.1" 200 27
116.230.114.112 - - [09/Jul/2021:10:57:51 +0800] "GET /xingrg/all/function/internal_message.html?_=1625799490230&CODE_STATE=getMsg HTTP/1.1" 302 -
116.230.110.80 - - [09/Jul/2021:10:57:52 +0800] "GET /xingrg/all/function/internal_message.html?_=1625799476248&CODE_STATE=getMsg HTTP/1.1" 200 27
58.37.5.217 - - [09/Jul/2021:10:57:53 +0800] "GET /xingrg/all/function/internal_message.html?_=1625799477958&CODE_STATE=getMsg HTTP/1.1" 200 27
180.162.112.86 - - [09/Jul/2021:10:57:54 +0800] "GET /xingrg/check_reg.html?_=1625799130776 HTTP/1.1" 200 22
180.162.112.86 - - [09/Jul/2021:10:57:54 +0800] "GET /xingrg/all/function/internal_message.html?_=1625799130775&CODE_STATE=getMsg HTTP/1.1" 200 27
58.37.225.51 - - [09/Jul/2021:10:57:54 +0800] "GET /xingrg/kc/buy/cgsh_order_operate.html?command=get_materiel&rest_code=00141&code=00101008036&supplier_code=00100007&order_time=2021-07-09 HTTP/1.1" 200 408
58.37.5.217 - - [09/Jul/2021:10:58:00 +0800] "GET /xingrg/all/function/internal_message.html?_=1625800022210&CODE_STATE=getMsg HTTP/1.1" 200 27
58.37.5.217 - - [09/Jul/2021:10:58:01 +0800] "GET /xingrg/check_reg.html?_=1625800022758 HTTP/1.1" 200 22
120.253.135.82 - - [09/Jul/2021:10:58:03 +0800] "GET /xingrg/all/function/internal_message.html?_=1625799269181&CODE_STATE=getMsg HTTP/1.1" 200 27
222.69.129.116 - - [09/Jul/2021:10:58:12 +0800] "GET /xingrg/all/function/internal_message.html?_=1625799496978&CODE_STATE=getMsg HTTP/1.1" 200 27
120.253.135.82 - - [09/Jul/2021:10:58:12 +0800] "GET /xingrg/all/function/internal_message.html?_=1625799534322&CODE_STATE=getMsg HTTP/1.1" 200 27
222.70.176.145 - - [09/Jul/2021:10:58:12 +0800] "GET /xingrg/all/function/internal_message.html?_=1625799492380&CODE_STATE=getMsg HTTP/1.1" 200 27
116.235.222.38 - - [09/Jul/2021:10:58:13 +0800] "GET /xingrg/all/function/internal_message.html?_=1625799488502&CODE_STATE=getMsg HTTP/1.1" 200 27
116.230.117.165 - - [09/Jul/2021:10:58:13 +0800] "GET /xingrg/all/function/internal_message.html?_=1625799513223&CODE_STATE=getMsg HTTP/1.1" 200 27
180.169.147.146 - - [09/Jul/2021:10:58:13 +0800] "GET /xingrg/all/function/internal_message.html?_=1625799497236&CODE_STATE=getMsg HTTP/1.1" 200 27
222.70.176.145 - - [09/Jul/2021:10:58:15 +0800] "GET /xingrg/all/function/internal_message.html?_=1625799499616&CODE_STATE=getMsg HTTP/1.1" 200 27
180.157.255.9 - - [09/Jul/2021:10:58:15 +0800] "GET /xingrg/kc/buy/cgsh_order_add.html HTTP/1.1" 200 62675
180.157.255.9 - - [09/Jul/2021:10:58:15 +0800] "POST /xingrg/kc/buy/cgsh_order_operate.html HTTP/1.1" 200 8245
180.157.255.9 - - [09/Jul/2021:10:58:15 +0800] "GET /xingrg/javascript/easyui/themes/default/validatebox.css HTTP/1.1" 404 1104
58.37.225.51 - - [09/Jul/2021:10:58:18 +0800] "GET /xingrg/kc/buy/cgsh_order_operate.html?command=get_materiel&rest_code=00141&code=00101001156&supplier_code=00100007&order_time=2021-07-09 HTTP/1.1" 200 409
180.171.62.232 - - [09/Jul/2021:10:58:19 +0800] "GET /xingrg/all/function/internal_message.html?_=1625799499591&CODE_STATE=getMsg HTTP/1.1" 200 27
116.230.110.80 - - [09/Jul/2021:10:58:19 +0800] "GET /xingrg/kc/buy/cgsh_order_operate.html?command=get_materiel&rest_code=00155&code=00101019582&supplier_code=00100037&order_time=2021-07-09 HTTP/1.1" 200 421
116.235.95.53 - - [09/Jul/2021:10:58:20 +0800] "GET /xingrg/all/function/internal_message.html?_=1625799598856&CODE_STATE=getMsg HTTP/1.1" 200 27
58.37.225.51 - - [09/Jul/2021:10:58:25 +0800] "GET /xingrg/kc/buy/cgsh_order_operate.html?command=get_materiel&rest_code=00141&code=00101008318&supplier_code=00100007&order_time=2021-07-09 HTTP/1.1" 200 408
58.37.5.217 - - [09/Jul/2021:10:58:25 +0800] "POST /xingrg/services/DataTransmitService HTTP/1.1" 200 524
58.37.225.51 - - [09/Jul/2021:10:58:27 +0800] "GET /xingrg/all/function/internal_message.html?_=1625799430469&CODE_STATE=getMsg HTTP/1.1" 200 27
180.157.255.9 - - [09/Jul/2021:10:58:29 +0800] "GET /xingrg/kc/buy/cgsh_order_operate.html?command=get_materiel&rest_code=00148&code=00101001125&supplier_code=00100090&order_time=2021-07-09 HTTP/1.1" 200 415
180.157.255.9 - - [09/Jul/2021:10:58:29 +0800] "GET /xingrg/all/function/internal_message.html?_=1625799521801&CODE_STATE=getMsg HTTP/1.1" 200 27
101.85.107.54 - - [09/Jul/2021:10:58:30 +0800] "GET /xingrg/all/function/internal_message.html?_=1625798934335&CODE_STATE=getMsg HTTP/1.1" 200 27
180.169.147.146 - - [09/Jul/2021:10:58:33 +0800] "GET /xingrg/all/function/internal_message.html?_=1625799526353&CODE_STATE=getMsg HTTP/1.1" 200 27
180.156.216.127 - - [09/Jul/2021:10:58:34 +0800] "GET /xingrg/all/function/internal_message.html?_=1625799513540&CODE_STATE=getMsg HTTP/1.1" 200 27
58.37.225.51 - - [09/Jul/2021:10:58:34 +0800] "GET /xingrg/kc/buy/cgsh_order_operate.html?command=get_materiel&rest_code=00141&code=00101008352&supplier_code=00100007&order_time=2021-07-09 HTTP/1.1" 200 414
180.156.216.127 - - [09/Jul/2021:10:58:36 +0800] "GET /xingrg/javascript/auto/indicator.gif HTTP/1.1" 404 1066
221.239.195.6 - - [09/Jul/2021:10:58:38 +0800] "GET /xingrg/all/function/internal_message.html?_=1625799522993&CODE_STATE=getMsg HTTP/1.1" 200 27
180.157.255.9 - - [09/Jul/2021:10:58:41 +0800] "POST /xingrg/kc/buy/cgsh_order_operate.html HTTP/1.1" 200 37
116.230.110.80 - - [09/Jul/2021:10:58:41 +0800] "GET /xingrg/kc/buy/cgsh_order_operate.html?command=get_materiel&rest_code=00155&code=00101009063&supplier_code=00100037&order_time=2021-07-09 HTTP/1.1" 200 409
180.157.255.9 - - [09/Jul/2021:10:58:43 +0800] "POST /xingrg/kc/buy/cgsh_order_operate.html HTTP/1.1" 200 2662
221.239.195.6 - - [09/Jul/2021:10:58:47 +0800] "GET /xingrg/all/function/internal_message.html?_=1625799500030&CODE_STATE=getMsg HTTP/1.1" 200 27
180.156.216.127 - - [09/Jul/2021:10:58:48 +0800] "GET /xingrg/kc/buy/cgsh_order_operate.html?command=get_materiel&rest_code=00150&code=00101003036&supplier_code=00100347&order_time=2021-07-09 HTTP/1.1" 200 415
58.37.5.217 - - [09/Jul/2021:10:58:51 +0800] "GET /xingrg/all/function/internal_message.html?_=1625799531377&CODE_STATE=getMsg HTTP/1.1" 200 27
116.230.114.112 - - [09/Jul/2021:10:58:51 +0800] "GET /xingrg/all/function/internal_message.html?_=1625799550245&CODE_STATE=getMsg HTTP/1.1" 302 -
180.157.255.9 - - [09/Jul/2021:10:58:51 +0800] "GET /xingrg/kc/buy/cgsh_order_add.html HTTP/1.1" 200 62675
180.157.255.9 - - [09/Jul/2021:10:58:51 +0800] "GET /xingrg/javascript/easyui/themes/default/validatebox.css HTTP/1.1" 404 1104
180.157.255.9 - - [09/Jul/2021:10:58:51 +0800] "POST /xingrg/kc/buy/cgsh_order_operate.html HTTP/1.1" 200 8245
116.230.110.80 - - [09/Jul/2021:10:58:52 +0800] "GET /xingrg/all/function/internal_message.html?_=1625799536266&CODE_STATE=getMsg HTTP/1.1" 200 27
58.37.5.217 - - [09/Jul/2021:10:58:53 +0800] "GET /xingrg/all/function/internal_message.html?_=1625799537957&CODE_STATE=getMsg HTTP/1.1" 200 27
180.162.112.86 - - [09/Jul/2021:10:58:54 +0800] "GET /xingrg/all/function/internal_message.html?_=1625799190774&CODE_STATE=getMsg HTTP/1.1" 200 27
58.221.95.50 - - [09/Jul/2021:10:58:54 +0800] "GET /xingrg/check_reg.html?_=1625799537487 HTTP/1.1" 302 -
58.37.225.51 - - [09/Jul/2021:10:58:56 +0800] "GET /xingrg/kc/buy/cgsh_order_operate.html?command=get_materiel&rest_code=00141&code=00101008005&supplier_code=00100007&order_time=2021-07-09 HTTP/1.1" 200 412
58.37.5.217 - - [09/Jul/2021:10:58:56 +0800] "POST /xingrg/services/DataTransmitService HTTP/1.1" 200 501
58.37.5.217 - - [09/Jul/2021:10:58:57 +0800] "POST /xingrg/services/DataTransmitService HTTP/1.1" 200 501
58.37.5.217 - - [09/Jul/2021:10:59:00 +0800] "GET /xingrg/all/function/internal_message.html?_=1625800082179&CODE_STATE=getMsg HTTP/1.1" 200 27
58.37.5.217 - - [09/Jul/2021:10:59:02 +0800] "POST /xingrg/services/DataTransmitService HTTP/1.1" 200 501
120.253.135.82 - - [09/Jul/2021:10:59:03 +0800] "GET /xingrg/all/function/internal_message.html?_=1625799329242&CODE_STATE=getMsg HTTP/1.1" 200 27
180.156.216.127 - - [09/Jul/2021:10:59:05 +0800] "POST /xingrg/kc/buy/cgsh_order_operate.html HTTP/1.1" 200 37
180.157.255.9 - - [09/Jul/2021:10:59:06 +0800] "GET /xingrg/kc/buy/cgsh_order_operate.html?command=get_materiel&rest_code=00148&code=00101004090&supplier_code=00100312&order_time=2021-07-09 HTTP/1.1" 200 391
58.37.5.217 - - [09/Jul/2021:10:59:07 +0800] "POST /xingrg/services/DataTransmitService HTTP/1.1" 200 501
58.37.5.217 - - [09/Jul/2021:10:59:08 +0800] "POST /xingrg/services/DataTransmitService HTTP/1.1" 200 501
222.69.129.116 - - [09/Jul/2021:10:59:08 +0800] "GET /xingrg/check_reg.html?_=1625799553319 HTTP/1.1" 200 22
58.37.5.217 - - [09/Jul/2021:10:59:09 +0800] "POST /xingrg/services/DataTransmitService HTTP/1.1" 200 501
180.156.216.127 - - [09/Jul/2021:10:59:10 +0800] "POST /xingrg/kc/buy/cgsh_order_operate.html HTTP/1.1" 200 12
58.37.225.51 - - [09/Jul/2021:10:59:10 +0800] "GET /xingrg/kc/buy/cgsh_order_operate.html?command=get_materiel&rest_code=00141&code=00101008353&supplier_code=00100007&order_time=2021-07-09 HTTP/1.1" 200 408
180.156.216.127 - - [09/Jul/2021:10:59:11 +0800] "GET /xingrg/kc/buy/cgsh_order_info.html?code=212021070903761 HTTP/1.1" 200 57499
180.156.216.127 - - [09/Jul/2021:10:59:11 +0800] "GET /xingrg/words/20210709102952_words.js HTTP/1.1" 304 -
180.156.216.127 - - [09/Jul/2021:10:59:11 +0800] "GET /xingrg/javascript/easyui/themes/default/validatebox.css HTTP/1.1" 404 1104
116.230.114.112 - - [09/Jul/2021:10:59:12 +0800] "GET /xingrg/check_reg.html?_=1625799570725 HTTP/1.1" 302 -
222.69.129.116 - - [09/Jul/2021:10:59:12 +0800] "GET /xingrg/all/function/internal_message.html?_=1625799556953&CODE_STATE=getMsg HTTP/1.1" 200 27
58.37.5.217 - - [09/Jul/2021:10:59:12 +0800] "POST /xingrg/services/DataTransmitService HTTP/1.1" 200 501
120.253.135.82 - - [09/Jul/2021:10:59:12 +0800] "GET /xingrg/all/function/internal_message.html?_=1625799594338&CODE_STATE=getMsg HTTP/1.1" 200 27
222.70.176.145 - - [09/Jul/2021:10:59:12 +0800] "GET /xingrg/all/function/internal_message.html?_=1625799552364&CODE_STATE=getMsg HTTP/1.1" 200 27
116.235.222.38 - - [09/Jul/2021:10:59:13 +0800] "GET /xingrg/check_reg.html?_=1625799548500 HTTP/1.1" 200 22
116.235.222.38 - - [09/Jul/2021:10:59:13 +0800] "GET /xingrg/all/function/internal_message.html?_=1625799548504&CODE_STATE=getMsg HTTP/1.1" 200 27
180.156.216.127 - - [09/Jul/2021:10:59:13 +0800] "POST /xingrg/kc/buy/cgsh_order_operate.html HTTP/1.1" 200 611
116.230.117.165 - - [09/Jul/2021:10:59:13 +0800] "GET /xingrg/all/function/internal_message.html?_=1625799573485&CODE_STATE=getMsg HTTP/1.1" 200 27
180.169.147.146 - - [09/Jul/2021:10:59:13 +0800] "GET /xingrg/all/function/internal_message.html?_=1625799557225&CODE_STATE=getMsg HTTP/1.1" 200 27
58.37.5.217 - - [09/Jul/2021:10:59:14 +0800] "POST /xingrg/services/DataTransmitService HTTP/1.1" 200 501
180.156.216.127 - - [09/Jul/2021:10:59:14 +0800] "GET /xingrg/kc/print/load_data.html?order_code=212021070903761&kc_code=cgsh&condition= HTTP/1.1" 200 703
58.37.5.217 - - [09/Jul/2021:10:59:15 +0800] "POST /xingrg/services/DataTransmitService HTTP/1.1" 200 501
222.70.176.145 - - [09/Jul/2021:10:59:15 +0800] "GET /xingrg/all/function/internal_message.html?_=1625799559626&CODE_STATE=getMsg HTTP/1.1" 200 27
116.230.110.80 - - [09/Jul/2021:10:59:16 +0800] "GET /xingrg/kc/buy/cgsh_order_operate.html?command=get_materiel&rest_code=00155&code=00101011005&supplier_code=00100037&order_time=2021-07-09 HTTP/1.1" 200 428
58.37.5.217 - - [09/Jul/2021:10:59:18 +0800] "POST /xingrg/services/DataTransmitService HTTP/1.1" 200 412
180.156.216.127 - - [09/Jul/2021:10:59:18 +0800] "GET /xingrg/kc/buy/cgsh_order_add.html HTTP/1.1" 200 62599
180.156.216.127 - - [09/Jul/2021:10:59:19 +0800] "POST /xingrg/kc/buy/cgsh_order_operate.html HTTP/1.1" 200 8245
180.156.216.127 - - [09/Jul/2021:10:59:19 +0800] "GET /xingrg/javascript/easyui/themes/default/validatebox.css HTTP/1.1" 404 1104
180.171.62.232 - - [09/Jul/2021:10:59:19 +0800] "GET /xingrg/all/function/internal_message.html?_=1625799559583&CODE_STATE=getMsg HTTP/1.1" 200 27
116.235.95.53 - - [09/Jul/2021:10:59:20 +0800] "GET /xingrg/all/function/internal_message.html?_=1625799658852&CODE_STATE=getMsg HTTP/1.1" 200 27
58.37.225.51 - - [09/Jul/2021:10:59:21 +0800] "GET /xingrg/kc/buy/cgsh_order_operate.html?command=get_materiel&rest_code=00141&code=00101008213&supplier_code=00100007&order_time=2021-07-09 HTTP/1.1" 200 412
58.37.225.51 - - [09/Jul/2021:10:59:27 +0800] "GET /xingrg/all/function/internal_message.html?_=1625799490498&CODE_STATE=getMsg HTTP/1.1" 200 27
180.157.255.9 - - [09/Jul/2021:10:59:29 +0800] "GET /xingrg/all/function/internal_message.html?_=1625799581777&CODE_STATE=getMsg HTTP/1.1" 200 27
101.85.107.54 - - [09/Jul/2021:10:59:30 +0800] "GET /xingrg/all/function/internal_message.html?_=1625798994335&CODE_STATE=getMsg HTTP/1.1" 200 27
180.156.216.127 - - [09/Jul/2021:10:59:31 +0800] "GET /xingrg/kc/buy/cgsh_order_operate.html?command=get_materiel&rest_code=00150&code=00101015122&supplier_code=00100443&order_time=2021-07-09 HTTP/1.1" 200 407
58.37.225.51 - - [09/Jul/2021:10:59:31 +0800] "GET /xingrg/kc/buy/cgsh_order_operate.html?command=get_materiel&rest_code=00141&code=00101008133&supplier_code=00100007&order_time=2021-07-09 HTTP/1.1" 200 408
180.157.255.9 - - [09/Jul/2021:10:59:32 +0800] "GET /xingrg/kc/buy/cgsh_order_operate.html?command=get_materiel&rest_code=00148&code=00101004046&supplier_code=00100312&order_time=2021-07-09 HTTP/1.1" 200 417
180.169.147.146 - - [09/Jul/2021:10:59:33 +0800] "GET /xingrg/all/function/internal_message.html?_=1625799586352&CODE_STATE=getMsg HTTP/1.1" 200 27
180.156.216.127 - - [09/Jul/2021:10:59:34 +0800] "GET /xingrg/all/function/internal_message.html?_=1625799573556&CODE_STATE=getMsg HTTP/1.1" 200 27
58.37.225.51 - - [09/Jul/2021:10:59:34 +0800] "POST /xingrg/kc/buy/cgsh_order_operate.html HTTP/1.1" 200 2065
180.169.147.146 - - [09/Jul/2021:10:59:35 +0800] "GET /xingrg/index.html?sysBaseUrl=http%3A%2F%2F180.169.147.146%3A18081%2Fxingrg%2F&costTime=39×tamp=1592034574635 HTTP/1.1" 200 17503
180.169.147.146 - - [09/Jul/2021:10:59:36 +0800] "POST /xingrg/all/common/load_tree.html?tree=area_rest_tree_json&manage=1 HTTP/1.1" 200 3466
180.169.147.146 - - [09/Jul/2021:10:59:36 +0800] "GET /xingrg/all/function/internal_message.html?_=1625799579867&CODE_STATE=count HTTP/1.1" 200 11
180.169.147.146 - - [09/Jul/2021:10:59:36 +0800] "GET /xingrg/check_reg.html?_=1625799579868 HTTP/1.1" 200 22
180.169.147.146 - - [09/Jul/2021:10:59:36 +0800] "GET /favicon.ico HTTP/1.1" 404 -
180.169.147.146 - - [09/Jul/2021:10:59:36 +0800] "POST /xingrg/load_menu.html HTTP/1.1" 200 11564
180.169.147.146 - - [09/Jul/2021:10:59:38 +0800] "GET /xingrg/kc/report/report_main.html HTTP/1.1" 200 9370
180.169.147.146 - - [09/Jul/2021:10:59:38 +0800] "GET /xingrg/javascript/jquery_ui/themes/humanity/humanity.css HTTP/1.1" 200 27801
180.169.147.146 - - [09/Jul/2021:10:59:38 +0800] "GET /xingrg/javascript/json2.js HTTP/1.1" 200 11259
221.239.195.6 - - [09/Jul/2021:10:59:38 +0800] "GET /xingrg/all/function/internal_message.html?_=1625799582995&CODE_STATE=getMsg HTTP/1.1" 200 27
58.37.225.51 - - [09/Jul/2021:10:59:40 +0800] "GET /xingrg/kc/buy/cgsh_order_operate.html?command=get_materiel&rest_code=00141&code=00101008173&supplier_code=00100007&order_time=2021-07-09 HTTP/1.1" 200 412
180.169.147.146 - - [09/Jul/2021:10:59:42 +0800] "POST /xingrg/all/user/operate.html HTTP/1.1" 200 36
180.169.147.146 - - [09/Jul/2021:10:59:42 +0800] "GET /xingrg/javascript/jquery_easy_ui/themes/default/easyui.css HTTP/1.1" 304 -
180.169.147.146 - - [09/Jul/2021:10:59:42 +0800] "GET /xingrg/index.html?sysBaseUrl=http%3A%2F%2F180.169.147.146%3A18081%2Fxingrg%2F&costTime=39×tamp=1592034574635 HTTP/1.1" 200 17509
180.169.147.146 - - [09/Jul/2021:10:59:42 +0800] "GET /xingrg/javascript/jquery_easy_ui/themes/icon.css HTTP/1.1" 304 -
180.169.147.146 - - [09/Jul/2021:10:59:42 +0800] "GET /xingrg/css/form.css HTTP/1.1" 304 -
180.169.147.146 - - [09/Jul/2021:10:59:42 +0800] "GET /xingrg/javascript/jquery-1.4.2.min.js HTTP/1.1" 304 -
180.169.147.146 - - [09/Jul/2021:10:59:42 +0800] "GET /xingrg/javascript/jquery_easy_ui/jquery.easyui.min.js HTTP/1.1" 304 -
180.169.147.146 - - [09/Jul/2021:10:59:42 +0800] "GET /xingrg/javascript/jquery_easy_ui/easyui-lang-zh_CN.js HTTP/1.1" 304 -
180.169.147.146 - - [09/Jul/2021:10:59:42 +0800] "GET /xingrg/javascript/jquery.form.js HTTP/1.1" 304 -
180.169.147.146 - - [09/Jul/2021:10:59:42 +0800] "GET /xingrg/javascript/jquery.utils.js HTTP/1.1" 304 -
180.169.147.146 - - [09/Jul/2021:10:59:42 +0800] "GET /xingrg/javascript/jquery.timers.js HTTP/1.1" 304 -
180.169.147.146 - - [09/Jul/2021:10:59:42 +0800] "GET /xingrg/images/blue/jxLogo.png HTTP/1.1" 304 -
180.169.147.146 - - [09/Jul/2021:10:59:42 +0800] "GET /xingrg/images/blue/navBackgound.jpg HTTP/1.1" 304 -
180.169.147.146 - - [09/Jul/2021:10:59:42 +0800] "GET /xingrg/javascript/jquery_easy_ui/themes/icons/settle_new.png HTTP/1.1" 304 -
180.169.147.146 - - [09/Jul/2021:10:59:43 +0800] "POST /xingrg/all/common/load_tree.html?tree=area_rest_tree_json&manage=1 HTTP/1.1" 200 3466
180.169.147.146 - - [09/Jul/2021:10:59:43 +0800] "GET /xingrg/check_reg.html?_=1625799586556 HTTP/1.1" 200 22
180.169.147.146 - - [09/Jul/2021:10:59:43 +0800] "GET /xingrg/all/function/internal_message.html?_=1625799586555&CODE_STATE=count HTTP/1.1" 200 11
180.169.147.146 - - [09/Jul/2021:10:59:43 +0800] "GET /xingrg/javascript/jquery_easy_ui/themes/default/images/tabs_rightarrow.png HTTP/1.1" 304 -
180.169.147.146 - - [09/Jul/2021:10:59:43 +0800] "GET /xingrg/javascript/jquery_easy_ui/themes/default/images/tabs_leftarrow.png HTTP/1.1" 304 -
180.169.147.146 - - [09/Jul/2021:10:59:43 +0800] "GET /xingrg/javascript/jquery_easy_ui/themes/default/images/panel_tool_expand.gif HTTP/1.1" 304 -
180.169.147.146 - - [09/Jul/2021:10:59:43 +0800] "GET /xingrg/images/blue/pingpu.png HTTP/1.1" 304 -
180.169.147.146 - - [09/Jul/2021:10:59:43 +0800] "GET /xingrg/javascript/jquery_easy_ui/themes/default/images/panel_tool_collapse.gif HTTP/1.1" 304 -
180.169.147.146 - - [09/Jul/2021:10:59:43 +0800] "POST /xingrg/load_menu.html HTTP/1.1" 200 9959
180.169.147.146 - - [09/Jul/2021:10:59:44 +0800] "GET /xingrg/kc/base/yddb_order_list.html HTTP/1.1" 200 16757
180.156.216.127 - - [09/Jul/2021:10:59:45 +0800] "POST /xingrg/kc/buy/cgsh_order_operate.html HTTP/1.1" 200 37
180.169.147.146 - - [09/Jul/2021:10:59:45 +0800] "POST /xingrg/kc/base/yddb_list_operate.html HTTP/1.1" 200 636
180.157.255.9 - - [09/Jul/2021:10:59:46 +0800] "GET /xingrg/kc/buy/cgsh_order_operate.html?command=get_materiel&rest_code=00148&code=00101004038&supplier_code=00100312&order_time=2021-07-09 HTTP/1.1" 200 429
221.239.195.6 - - [09/Jul/2021:10:59:47 +0800] "GET /xingrg/all/function/internal_message.html?_=1625799560015&CODE_STATE=getMsg HTTP/1.1" 200 27
180.169.147.146 - - [09/Jul/2021:10:59:49 +0800] "POST /xingrg/kc/base/yddb_list_operate.html HTTP/1.1" 200 1877
180.156.216.127 - - [09/Jul/2021:10:59:50 +0800] "POST /xingrg/kc/buy/cgsh_order_operate.html HTTP/1.1" 200 12
58.37.5.217 - - [09/Jul/2021:10:59:51 +0800] "GET /xingrg/all/function/internal_message.html?_=1625799591377&CODE_STATE=getMsg HTTP/1.1" 200 27
58.37.225.51 - - [09/Jul/2021:10:59:51 +0800] "GET /xingrg/kc/buy/cgsh_order_operate.html?command=get_materiel&rest_code=00141&code=00101008323&supplier_code=00100007&order_time=2021-07-09 HTTP/1.1" 200 408
116.230.114.112 - - [09/Jul/2021:10:59:51 +0800] "GET /xingrg/all/function/internal_message.html?_=1625799610272&CODE_STATE=getMsg HTTP/1.1" 302 -
180.156.216.127 - - [09/Jul/2021:10:59:51 +0800] "GET /xingrg/kc/buy/cgsh_order_info.html?code=212021070903762 HTTP/1.1" 200 57509
180.156.216.127 - - [09/Jul/2021:10:59:52 +0800] "GET /xingrg/javascript/easyui/themes/default/validatebox.css HTTP/1.1" 404 1104
116.230.110.80 - - [09/Jul/2021:10:59:52 +0800] "GET /xingrg/all/function/internal_message.html?_=1625799596248&CODE_STATE=getMsg HTTP/1.1" 200 27
58.37.5.217 - - [09/Jul/2021:10:59:53 +0800] "GET /xingrg/all/function/internal_message.html?_=1625799597954&CODE_STATE=getMsg HTTP/1.1" 200 27
58.37.5.217 - - [09/Jul/2021:10:59:53 +0800] "GET /xingrg/check_reg.html?_=1625799597955 HTTP/1.1" 200 22
180.169.147.146 - - [09/Jul/2021:10:59:53 +0800] "POST /xingrg/kc/base/yddb_list_operate.html HTTP/1.1" 200 1604
116.235.222.38 - - [09/Jul/2021:10:59:53 +0800] "GET /xingrg/kc/buy/cgsh_order_operate.html?command=get_materiel&rest_code=00107&code=00101008038&supplier_code=00100006&order_time=2021-07-09 HTTP/1.1" 200 412
180.156.216.127 - - [09/Jul/2021:10:59:53 +0800] "POST /xingrg/kc/buy/cgsh_order_operate.html HTTP/1.1" 200 614
180.162.112.86 - - [09/Jul/2021:10:59:54 +0800] "GET /xingrg/all/function/internal_message.html?_=1625799250773&CODE_STATE=getMsg HTTP/1.1" 200 27
180.169.147.146 - - [09/Jul/2021:10:59:54 +0800] "POST /xingrg/kc/base/yddb_list_operate.html HTTP/1.1" 200 362
180.156.216.127 - - [09/Jul/2021:10:59:55 +0800] "GET /xingrg/kc/print/load_data.html?order_code=212021070903762&kc_code=cgsh&condition= HTTP/1.1" 200 711
180.174.237.246 - - [09/Jul/2021:10:59:57 +0800] "GET /xingrg/login.html HTTP/1.1" 200 7641
180.157.255.9 - - [09/Jul/2021:10:59:57 +0800] "GET /xingrg/kc/buy/cgsh_order_operate.html?command=get_materiel&rest_code=00148&code=00101004027&supplier_code=00100312&order_time=2021-07-09 HTTP/1.1" 200 409
180.174.237.246 - - [09/Jul/2021:10:59:57 +0800] "GET /favicon.ico HTTP/1.1" 404 -
180.174.237.246 - - [09/Jul/2021:10:59:58 +0800] "POST /xingrg/login.do HTTP/1.1" 302 -
180.174.237.246 - - [09/Jul/2021:10:59:59 +0800] "GET /xingrg/index.html?sysBaseUrl=http%3A%2F%2F180.169.147.146%3A18081%2Fxingrg%2F&costTime=118×tamp=1625799598887 HTTP/1.1" 200 17173
180.174.237.246 - - [09/Jul/2021:10:59:59 +0800] "GET /xingrg/javascript/jquery_easy_ui/themes/default/easyui.css HTTP/1.1" 304 -
180.174.237.246 - - [09/Jul/2021:10:59:59 +0800] "GET /xingrg/css/form.css HTTP/1.1" 304 -
180.174.237.246 - - [09/Jul/2021:10:59:59 +0800] "GET /xingrg/javascript/jquery_easy_ui/themes/icon.css HTTP/1.1" 304 -
180.174.237.246 - - [09/Jul/2021:10:59:59 +0800] "GET /xingrg/javascript/jquery-1.4.2.min.js HTTP/1.1" 304 -
180.174.237.246 - - [09/Jul/2021:10:59:59 +0800] "GET /xingrg/javascript/jquery_easy_ui/jquery.easyui.min.js HTTP/1.1" 304 -
180.174.237.246 - - [09/Jul/2021:10:59:59 +0800] "GET /xingrg/javascript/jquery.form.js HTTP/1.1" 304 -
180.174.237.246 - - [09/Jul/2021:10:59:59 +0800] "GET /xingrg/javascript/jquery_easy_ui/easyui-lang-zh_CN.js HTTP/1.1" 304 -
180.174.237.246 - - [09/Jul/2021:10:59:59 +0800] "GET /xingrg/javascript/jquery.utils.js HTTP/1.1" 304 -
180.174.237.246 - - [09/Jul/2021:10:59:59 +0800] "GET /xingrg/javascript/jquery.timers.js HTTP/1.1" 304 -
180.156.216.127 - - [09/Jul/2021:10:59:59 +0800] "GET /xingrg/kc/buy/cgsh_order_add.html HTTP/1.1" 200 62599
180.169.147.146 - - [09/Jul/2021:10:59:59 +0800] "POST /xingrg/kc/base/yddb_list_operate.html HTTP/1.1" 200 363
180.174.237.246 - - [09/Jul/2021:10:59:59 +0800] "GET /favicon.ico HTTP/1.1" 404 -
180.174.237.246 - - [09/Jul/2021:10:59:59 +0800] "POST /xingrg/all/common/load_tree.html?tree=area_rest_tree_json&manage=1 HTTP/1.1" 200 342
180.156.216.127 - - [09/Jul/2021:10:59:59 +0800] "POST /xingrg/kc/buy/cgsh_order_operate.html HTTP/1.1" 200 8245
180.156.216.127 - - [09/Jul/2021:10:59:59 +0800] "GET /xingrg/javascript/easyui/themes/default/validatebox.css HTTP/1.1" 404 1104
180.174.237.246 - - [09/Jul/2021:10:59:59 +0800] "GET /xingrg/all/function/internal_message.html?_=1625799619445&CODE_STATE=count HTTP/1.1" 200 11
180.174.237.246 - - [09/Jul/2021:10:59:59 +0800] "GET /xingrg/check_reg.html?_=1625799619447 HTTP/1.1" 200 22
180.174.237.246 - - [09/Jul/2021:11:00:00 +0800] "POST /xingrg/load_menu.html HTTP/1.1" 200 5138
180.169.147.146 - - [09/Jul/2021:11:00:00 +0800] "GET /xingrg/kc/base/yddb_order_info.html?code=482021060200006 HTTP/1.1" 200 29910
180.169.147.146 - - [09/Jul/2021:11:00:00 +0800] "GET /xingrg/dwr/interface/AjaxComOrderService.js HTTP/1.1" 200 18264
180.169.147.146 - - [09/Jul/2021:11:00:00 +0800] "GET /xingrg/dwr/interface/AjaxYddbService.js HTTP/1.1" 200 13201
180.169.147.146 - - [09/Jul/2021:11:00:00 +0800] "GET /xingrg/dwr/engine.js HTTP/1.1" 200 43631
180.169.147.146 - - [09/Jul/2021:11:00:00 +0800] "GET /xingrg/javascript/AjaxInfoList.js HTTP/1.1" 200 3774
180.169.147.146 - - [09/Jul/2021:11:00:00 +0800] "GET /xingrg/javascript/jquery_easy_ui/themes/icons/uncheck_new.png HTTP/1.1" 200 3197
180.169.147.146 - - [09/Jul/2021:11:00:00 +0800] "GET /xingrg/javascript/jquery_easy_ui/themes/icons/check_new.png HTTP/1.1" 200 3224
180.169.147.146 - - [09/Jul/2021:11:00:00 +0800] "GET /xingrg/javascript/jquery_easy_ui/themes/icons/edit_add_new.png HTTP/1.1" 200 2997
180.169.147.146 - - [09/Jul/2021:11:00:00 +0800] "GET /xingrg/javascript/jquery_easy_ui/themes/icons/print.png HTTP/1.1" 200 1057
180.169.147.146 - - [09/Jul/2021:11:00:00 +0800] "GET /xingrg/javascript/jquery_easy_ui/themes/default/images/menu_downarrow.png HTTP/1.1" 200 173
180.169.147.146 - - [09/Jul/2021:11:00:00 +0800] "GET /xingrg/images/blue/kc_tab_mid.gif HTTP/1.1" 200 44
180.169.147.146 - - [09/Jul/2021:11:00:00 +0800] "GET /xingrg/images/blue/kc_tab_left.gif HTTP/1.1" 200 188
180.169.147.146 - - [09/Jul/2021:11:00:00 +0800] "GET /xingrg/images/blue/kc_tab_right.gif HTTP/1.1" 200 643
58.37.5.217 - - [09/Jul/2021:11:00:00 +0800] "GET /xingrg/all/function/internal_message.html?_=1625800142164&CODE_STATE=getMsg HTTP/1.1" 200 27
180.169.147.146 - - [09/Jul/2021:11:00:00 +0800] "POST /xingrg/dwr/call/plaincall/AjaxYddbService.loadMaterielItems.dwr HTTP/1.1" 200 1127
116.235.222.38 - - [09/Jul/2021:11:00:01 +0800] "POST /xingrg/kc/buy/cgsh_order_operate.html HTTP/1.1" 200 2065
58.37.225.51 - - [09/Jul/2021:11:00:01 +0800] "GET /xingrg/kc/buy/cgsh_order_operate.html?command=get_materiel&rest_code=00141&code=00101008176&supplier_code=00100007&order_time=2021-07-09 HTTP/1.1" 200 412
120.253.135.82 - - [09/Jul/2021:11:00:03 +0800] "GET /xingrg/all/function/internal_message.html?_=1625799389255&CODE_STATE=getMsg HTTP/1.1" 200 27
180.174.237.246 - - [09/Jul/2021:11:00:05 +0800] "GET /xingrg/css/base.css HTTP/1.1" 304 -
180.174.237.246 - - [09/Jul/2021:11:00:05 +0800] "GET /xingrg/css/site.css HTTP/1.1" 304 -
180.174.237.246 - - [09/Jul/2021:11:00:05 +0800] "GET /xingrg/javascript/jquery_tools/datebox.css HTTP/1.1" 304 -
180.174.237.246 - - [09/Jul/2021:11:00:05 +0800] "GET /xingrg/javascript/easyui/themes/default/easyui.css HTTP/1.1" 304 -
180.174.237.246 - - [09/Jul/2021:11:00:05 +0800] "GET /xingrg/javascript/easyui/themes/icon.css HTTP/1.1" 304 -
180.174.237.246 - - [09/Jul/2021:11:00:05 +0800] "GET /xingrg/javascript/jquery_tools/table.css HTTP/1.1" 304 -
180.174.237.246 - - [09/Jul/2021:11:00:05 +0800] "GET /xingrg/javascript/auto/jquery.autocomplete.css HTTP/1.1" 304 -
180.174.237.246 - - [09/Jul/2021:11:00:05 +0800] "GET /xingrg/javascript/jquery_tools/fix.css HTTP/1.1" 304 -
180.174.237.246 - - [09/Jul/2021:11:00:05 +0800] "GET /xingrg/javascript/jquery_tools/jquery.tools.extend.js HTTP/1.1" 304 -
180.174.237.246 - - [09/Jul/2021:11:00:05 +0800] "GET /xingrg/javascript/jquery_tools/jquery.tools.hotkey.js HTTP/1.1" 304 -
180.169.147.146 - - [09/Jul/2021:11:00:05 +0800] "GET /xingrg/javascript/jquery_easy_ui/themes/default/images/tabs_active.png HTTP/1.1" 200 2894
180.174.237.246 - - [09/Jul/2021:11:00:05 +0800] "GET /xingrg/kc/buy/cgsh_order_list.html HTTP/1.1" 200 46937
180.174.237.246 - - [09/Jul/2021:11:00:05 +0800] "GET /xingrg/javascript/jquery_tools/jquery.tools.table.js HTTP/1.1" 304 -
180.174.237.246 - - [09/Jul/2021:11:00:05 +0800] "GET /xingrg/javascript/jquery_tools/jquery.tools.min.js HTTP/1.1" 304 -
180.174.237.246 - - [09/Jul/2021:11:00:05 +0800] "GET /xingrg/javascript/auto/jquery.autocomplete.js HTTP/1.1" 304 -
180.174.237.246 - - [09/Jul/2021:11:00:05 +0800] "GET /xingrg/javascript/print/LodopFuncs.js HTTP/1.1" 304 -
180.174.237.246 - - [09/Jul/2021:11:00:05 +0800] "GET /xingrg/javascript/jquery.cookie.js HTTP/1.1" 304 -
180.174.237.246 - - [09/Jul/2021:11:00:05 +0800] "GET /xingrg/javascript/easyui/easyloader.js HTTP/1.1" 304 -
180.174.237.246 - - [09/Jul/2021:11:00:05 +0800] "GET /xingrg/javascript/jquery_tools/list_manager.js HTTP/1.1" 304 -
180.174.237.246 - - [09/Jul/2021:11:00:06 +0800] "GET /xingrg/javascript/easyui/plugins/jquery.parser.js HTTP/1.1" 304 -
180.174.237.246 - - [09/Jul/2021:11:00:07 +0800] "POST /xingrg/kc/buy/cgsh_list_operate.html HTTP/1.1" 200 876
180.174.237.246 - - [09/Jul/2021:11:00:07 +0800] "GET /xingrg/javascript/pic_change.js HTTP/1.1" 304 -
