120.253.135.82 - - [09/Jul/2021:06:13:19 +0800] "GET /xingrg/images/yd/bt2.gif HTTP/1.1" 404 1042
120.253.135.82 - - [09/Jul/2021:06:13:32 +0800] "GET /xingrg/javascript/jquery_easy_ui/themes/default/images/button_plain_hover.png HTTP/1.1" 200 252
120.253.135.82 - - [09/Jul/2021:06:13:35 +0800] "GET /xingrg/kc/pszx/mdqp_order_list.html?isBack=1 HTTP/1.1" 200 44297
120.253.135.82 - - [09/Jul/2021:06:13:35 +0800] "GET /xingrg/dwr/interface/AjaxReportQueryService.js HTTP/1.1" 200 13203
120.253.135.82 - - [09/Jul/2021:06:13:35 +0800] "GET /xingrg/dwr/interface/AjaxQqpsService.js HTTP/1.1" 200 16326
120.253.135.82 - - [09/Jul/2021:06:13:35 +0800] "GET /xingrg/dwr/engine.js HTTP/1.1" 200 43631
116.230.117.165 - - [09/Jul/2021:06:13:38 +0800] "GET /xingrg/all/function/internal_message.html?_=1625782438290&CODE_STATE=getMsg HTTP/1.1" 200 27
58.40.7.146 - - [09/Jul/2021:06:13:41 +0800] "GET /xingrg/all/function/internal_message.html?_=1625782425231&CODE_STATE=getMsg HTTP/1.1" 200 27
58.40.7.146 - - [09/Jul/2021:06:13:41 +0800] "GET /xingrg/check_reg.html?_=1625782425234 HTTP/1.1" 200 22
120.253.135.82 - - [09/Jul/2021:06:13:44 +0800] "GET /xingrg/kc/pszx/jzcl_ps.html HTTP/1.1" 200 7683
120.253.135.82 - - [09/Jul/2021:06:13:44 +0800] "POST /xingrg/all/common/load_tree.html?tree=area_rest_tree_json HTTP/1.1" 200 3466
120.253.135.82 - - [09/Jul/2021:06:13:44 +0800] "POST /xingrg/kc/pszx/jzcl_ps_operate.html HTTP/1.1" 200 21
120.253.135.82 - - [09/Jul/2021:06:13:44 +0800] "POST /xingrg/kc/pszx/jzcl_ps_operate.html HTTP/1.1" 200 21
116.230.114.112 - - [09/Jul/2021:06:13:46 +0800] "GET /xingrg/all/function/internal_message.html?_=1625782445030&CODE_STATE=getMsg HTTP/1.1" 302 -
120.253.135.82 - - [09/Jul/2021:06:13:49 +0800] "GET /xingrg/all/function/internal_message.html?_=1625782471516&CODE_STATE=getMsg HTTP/1.1" 200 27
116.230.110.80 - - [09/Jul/2021:06:13:52 +0800] "GET /xingrg/all/function/internal_message.html?_=1625782434173&CODE_STATE=getMsg HTTP/1.1" 200 27
120.253.135.82 - - [09/Jul/2021:06:13:56 +0800] "POST /xingrg/kc/pszx/jzcl_ps_operate.html HTTP/1.1" 200 21
222.70.176.145 - - [09/Jul/2021:06:14:05 +0800] "GET /xingrg/all/function/internal_message.html?_=1625782445433&CODE_STATE=getMsg HTTP/1.1" 200 27
120.253.135.82 - - [09/Jul/2021:06:14:05 +0800] "GET /xingrg/all/function/internal_message.html?_=1625782230712&CODE_STATE=getMsg HTTP/1.1" 200 27
120.253.135.82 - - [09/Jul/2021:06:14:11 +0800] "POST /xingrg/kc/pszx/jzcl_ps_operate.html HTTP/1.1" 200 21
116.230.114.112 - - [09/Jul/2021:06:14:12 +0800] "GET /xingrg/check_reg.html?_=1625782470242 HTTP/1.1" 302 -
120.253.135.82 - - [09/Jul/2021:06:14:15 +0800] "GET /xingrg/kc/pszx/mdps_order_list.html?orderType=0 HTTP/1.1" 200 21004
120.253.135.82 - - [09/Jul/2021:06:14:15 +0800] "POST /xingrg/kc/pszx/mdps_list_operate.html HTTP/1.1" 200 5227
120.253.135.82 - - [09/Jul/2021:06:14:23 +0800] "GET /xingrg/kc/pszx/mdth_order_list.html HTTP/1.1" 200 18428
120.253.135.82 - - [09/Jul/2021:06:14:23 +0800] "POST /xingrg/kc/pszx/mdth_order_new_list.html HTTP/1.1" 200 4654
120.253.135.82 - - [09/Jul/2021:06:14:26 +0800] "POST /xingrg/kc/pszx/mdth_order_new_list.html HTTP/1.1" 200 290
120.253.135.82 - - [09/Jul/2021:06:14:27 +0800] "POST /xingrg/kc/pszx/mdth_order_new_list.html HTTP/1.1" 200 449
120.253.135.82 - - [09/Jul/2021:06:14:31 +0800] "POST /xingrg/kc/pszx/mdth_order_new_list.html HTTP/1.1" 200 454
120.253.135.82 - - [09/Jul/2021:06:14:33 +0800] "POST /xingrg/kc/pszx/mdth_order_new_list.html HTTP/1.1" 200 290
120.253.135.82 - - [09/Jul/2021:06:14:35 +0800] "POST /xingrg/kc/pszx/mdth_order_new_list.html HTTP/1.1" 200 207
120.253.135.82 - - [09/Jul/2021:06:14:37 +0800] "POST /xingrg/kc/pszx/mdth_order_new_list.html HTTP/1.1" 200 451
116.230.117.165 - - [09/Jul/2021:06:14:38 +0800] "GET /xingrg/all/function/internal_message.html?_=1625782498304&CODE_STATE=getMsg HTTP/1.1" 200 27
120.253.135.82 - - [09/Jul/2021:06:14:39 +0800] "GET /xingrg/check_reg.html?_=1625782521544 HTTP/1.1" 200 22
120.253.135.82 - - [09/Jul/2021:06:14:40 +0800] "POST /xingrg/kc/pszx/mdth_order_new_list.html HTTP/1.1" 200 290
58.40.7.146 - - [09/Jul/2021:06:14:41 +0800] "GET /xingrg/all/function/internal_message.html?_=1625782485236&CODE_STATE=getMsg HTTP/1.1" 200 27
120.253.135.82 - - [09/Jul/2021:06:14:41 +0800] "POST /xingrg/kc/pszx/mdth_order_new_list.html HTTP/1.1" 200 286
120.253.135.82 - - [09/Jul/2021:06:14:43 +0800] "POST /xingrg/kc/pszx/mdth_order_new_list.html HTTP/1.1" 200 492
116.230.114.112 - - [09/Jul/2021:06:14:46 +0800] "GET /xingrg/all/function/internal_message.html?_=1625782505045&CODE_STATE=getMsg HTTP/1.1" 302 -
120.253.135.82 - - [09/Jul/2021:06:14:47 +0800] "POST /xingrg/kc/pszx/mdth_order_new_list.html HTTP/1.1" 200 199
120.253.135.82 - - [09/Jul/2021:06:14:49 +0800] "GET /xingrg/all/function/internal_message.html?_=1625782531527&CODE_STATE=getMsg HTTP/1.1" 200 27
116.230.110.80 - - [09/Jul/2021:06:14:52 +0800] "GET /xingrg/all/function/internal_message.html?_=1625782494180&CODE_STATE=getMsg HTTP/1.1" 200 27
120.253.135.82 - - [09/Jul/2021:06:15:04 +0800] "GET /xingrg/check_reg.html?_=1625782289987 HTTP/1.1" 200 22
222.70.176.145 - - [09/Jul/2021:06:15:05 +0800] "GET /xingrg/all/function/internal_message.html?_=1625782505417&CODE_STATE=getMsg HTTP/1.1" 200 27
120.253.135.82 - - [09/Jul/2021:06:15:05 +0800] "GET /xingrg/all/function/internal_message.html?_=1625782290718&CODE_STATE=getMsg HTTP/1.1" 200 27
120.253.135.82 - - [09/Jul/2021:06:15:11 +0800] "GET /xingrg/kc/pszx/mdth_order_list.html HTTP/1.1" 200 18428
120.253.135.82 - - [09/Jul/2021:06:15:11 +0800] "POST /xingrg/kc/pszx/mdth_order_new_list.html HTTP/1.1" 200 4654
120.253.135.82 - - [09/Jul/2021:06:15:15 +0800] "POST /xingrg/kc/pszx/mdth_order_new_list.html HTTP/1.1" 200 290
120.253.135.82 - - [09/Jul/2021:06:15:16 +0800] "POST /xingrg/kc/pszx/mdth_order_new_list.html HTTP/1.1" 200 449
120.253.135.82 - - [09/Jul/2021:06:15:17 +0800] "POST /xingrg/kc/pszx/mdth_order_new_list.html HTTP/1.1" 200 454
120.253.135.82 - - [09/Jul/2021:06:15:18 +0800] "POST /xingrg/kc/pszx/mdth_order_new_list.html HTTP/1.1" 200 290
120.253.135.82 - - [09/Jul/2021:06:15:19 +0800] "POST /xingrg/kc/pszx/mdth_order_new_list.html HTTP/1.1" 200 207
120.253.135.82 - - [09/Jul/2021:06:15:21 +0800] "POST /xingrg/kc/pszx/mdth_order_new_list.html HTTP/1.1" 200 451
120.253.135.82 - - [09/Jul/2021:06:15:22 +0800] "POST /xingrg/kc/pszx/mdth_order_new_list.html HTTP/1.1" 200 290
120.253.135.82 - - [09/Jul/2021:06:15:24 +0800] "POST /xingrg/kc/pszx/mdth_order_new_list.html HTTP/1.1" 200 286
120.253.135.82 - - [09/Jul/2021:06:15:25 +0800] "POST /xingrg/kc/pszx/mdth_order_new_list.html HTTP/1.1" 200 492
120.253.135.82 - - [09/Jul/2021:06:15:27 +0800] "POST /xingrg/kc/pszx/mdth_order_new_list.html HTTP/1.1" 200 199
120.253.135.82 - - [09/Jul/2021:06:15:32 +0800] "POST /xingrg/kc/pszx/mdth_order_new_list.html HTTP/1.1" 200 3345
120.253.135.82 - - [09/Jul/2021:06:15:33 +0800] "POST /xingrg/kc/pszx/mdth_order_new_list.html HTTP/1.1" 200 361
120.253.135.82 - - [09/Jul/2021:06:15:35 +0800] "POST /xingrg/kc/pszx/mdth_order_new_list.html HTTP/1.1" 200 204
120.253.135.82 - - [09/Jul/2021:06:15:37 +0800] "POST /xingrg/kc/pszx/mdth_order_new_list.html HTTP/1.1" 200 219
120.253.135.82 - - [09/Jul/2021:06:15:38 +0800] "POST /xingrg/kc/pszx/mdth_order_new_list.html HTTP/1.1" 200 211
116.230.117.165 - - [09/Jul/2021:06:15:38 +0800] "GET /xingrg/all/function/internal_message.html?_=1625782558333&CODE_STATE=getMsg HTTP/1.1" 200 27
120.253.135.82 - - [09/Jul/2021:06:15:39 +0800] "POST /xingrg/kc/pszx/mdth_order_new_list.html HTTP/1.1" 200 304
120.253.135.82 - - [09/Jul/2021:06:15:40 +0800] "POST /xingrg/kc/pszx/mdth_order_new_list.html HTTP/1.1" 200 304
58.40.7.146 - - [09/Jul/2021:06:15:41 +0800] "GET /xingrg/all/function/internal_message.html?_=1625782545239&CODE_STATE=getMsg HTTP/1.1" 200 27
120.253.135.82 - - [09/Jul/2021:06:15:45 +0800] "GET /xingrg/kc/pszx/mdth_order_info.html?code=322018020700004 HTTP/1.1" 200 22129
120.253.135.82 - - [09/Jul/2021:06:15:45 +0800] "GET /xingrg/all/common/auto_word.html?type=employee&rest_code=00101 HTTP/1.1" 200 1127
120.253.135.82 - - [09/Jul/2021:06:15:45 +0800] "GET /xingrg/javascript/easyui/themes/default/validatebox.css HTTP/1.1" 404 1104
120.253.135.82 - - [09/Jul/2021:06:15:45 +0800] "POST /xingrg/kc/pszx/mdth_order_new_info.html HTTP/1.1" 200 15
116.230.114.112 - - [09/Jul/2021:06:15:46 +0800] "GET /xingrg/all/function/internal_message.html?_=1625782565071&CODE_STATE=getMsg HTTP/1.1" 302 -
120.253.135.82 - - [09/Jul/2021:06:15:49 +0800] "GET /xingrg/all/function/internal_message.html?_=1625782591541&CODE_STATE=getMsg HTTP/1.1" 200 27
120.253.135.82 - - [09/Jul/2021:06:15:50 +0800] "GET /xingrg/kc/pszx/mdqp_order_list.html?state=10 HTTP/1.1" 200 10213
120.253.135.82 - - [09/Jul/2021:06:15:50 +0800] "GET /xingrg/dwr/interface/AjaxQqpsService.js HTTP/1.1" 200 16326
120.253.135.82 - - [09/Jul/2021:06:15:50 +0800] "GET /xingrg/dwr/interface/AjaxReportQueryService.js HTTP/1.1" 200 13203
120.253.135.82 - - [09/Jul/2021:06:15:50 +0800] "GET /xingrg/dwr/engine.js HTTP/1.1" 200 43631
116.230.110.80 - - [09/Jul/2021:06:15:52 +0800] "GET /xingrg/all/function/internal_message.html?_=1625782554191&CODE_STATE=getMsg HTTP/1.1" 200 27
120.253.135.82 - - [09/Jul/2021:06:15:52 +0800] "GET /xingrg/kc/pszx/mdps_order_list.html?orderType=0 HTTP/1.1" 200 21004
120.253.135.82 - - [09/Jul/2021:06:15:52 +0800] "POST /xingrg/kc/pszx/mdps_list_operate.html HTTP/1.1" 200 5227
120.253.135.82 - - [09/Jul/2021:06:15:59 +0800] "GET /xingrg/kc/pszx/mdps_order_list.html?orderType=0 HTTP/1.1" 200 21004
120.253.135.82 - - [09/Jul/2021:06:15:59 +0800] "POST /xingrg/kc/pszx/mdps_list_operate.html HTTP/1.1" 200 5227
120.253.135.82 - - [09/Jul/2021:06:16:01 +0800] "GET /xingrg/kc/pszx/mdps_order_add.html HTTP/1.1" 200 29026
120.253.135.82 - - [09/Jul/2021:06:16:01 +0800] "GET /xingrg/javascript/easyui/themes/default/validatebox.css HTTP/1.1" 404 1104
120.253.135.82 - - [09/Jul/2021:06:16:01 +0800] "POST /xingrg/kc/pszx/mdps_order_operate.html HTTP/1.1" 200 7126
222.70.176.145 - - [09/Jul/2021:06:16:05 +0800] "GET /xingrg/all/function/internal_message.html?_=1625782565402&CODE_STATE=getMsg HTTP/1.1" 200 27
120.253.135.82 - - [09/Jul/2021:06:16:05 +0800] "GET /xingrg/all/function/internal_message.html?_=1625782350732&CODE_STATE=getMsg HTTP/1.1" 200 27
180.169.147.146 - - [09/Jul/2021:06:16:12 +0800] "GET /xingrg/check_reg.html?_=1625782571921 HTTP/1.1" 200 22
120.253.135.82 - - [09/Jul/2021:06:16:14 +0800] "POST /xingrg/all/common/load_combo.html?type=base HTTP/1.1" 200 1075
222.70.176.145 - - [09/Jul/2021:06:16:15 +0800] "GET /xingrg/check_reg.html?_=1625782575779 HTTP/1.1" 200 22
120.253.135.82 - - [09/Jul/2021:06:16:26 +0800] "GET /xingrg/kc/pszx/mdps_order_operate.html?command=get_materiel&pszx_code=00101&rest_code=00143&base_code=0010246&code=00101008022 HTTP/1.1" 200 466
120.253.135.82 - - [09/Jul/2021:06:16:28 +0800] "POST /xingrg/all/common/load_select.html HTTP/1.1" 200 25
120.253.135.82 - - [09/Jul/2021:06:16:30 +0800] "GET /xingrg/kc/pszx/mdps_order_operate.html?command=get_materiel_price&pszx_code=00101&rest_code=00143&base_code=0010246&code=00101008022&unit_code=00100032&order_time=2021-07-09 HTTP/1.1" 200 35
116.230.117.165 - - [09/Jul/2021:06:16:38 +0800] "GET /xingrg/all/function/internal_message.html?_=1625782618347&CODE_STATE=getMsg HTTP/1.1" 200 27
58.40.7.146 - - [09/Jul/2021:06:16:41 +0800] "GET /xingrg/all/function/internal_message.html?_=1625782605243&CODE_STATE=getMsg HTTP/1.1" 200 27
120.253.135.82 - - [09/Jul/2021:06:16:41 +0800] "GET /xingrg/kc/pszx/mdps_order_operate.html?command=get_materiel&pszx_code=00101&rest_code=00143&base_code=0010246&code=00101008052 HTTP/1.1" 200 438
221.239.195.6 - - [09/Jul/2021:06:16:45 +0800] "POST /xingrg/services/DataTransmitService HTTP/1.1" 200 524
221.239.195.6 - - [09/Jul/2021:06:16:45 +0800] "POST /xingrg/services/DataTransmitService HTTP/1.1" 200 501
116.230.114.112 - - [09/Jul/2021:06:16:46 +0800] "GET /xingrg/all/function/internal_message.html?_=1625782625073&CODE_STATE=getMsg HTTP/1.1" 302 -
120.253.135.82 - - [09/Jul/2021:06:16:49 +0800] "GET /xingrg/all/function/internal_message.html?_=1625782651557&CODE_STATE=getMsg HTTP/1.1" 200 27
116.230.110.80 - - [09/Jul/2021:06:16:52 +0800] "GET /xingrg/check_reg.html?_=1625782614183 HTTP/1.1" 200 22
116.230.110.80 - - [09/Jul/2021:06:16:52 +0800] "GET /xingrg/all/function/internal_message.html?_=1625782614184&CODE_STATE=getMsg HTTP/1.1" 200 27
120.253.135.82 - - [09/Jul/2021:06:16:55 +0800] "GET /xingrg/kc/pszx/mdps_order_operate.html?command=get_materiel&pszx_code=00101&rest_code=00143&base_code=0010246&code=00101016044 HTTP/1.1" 200 465
120.253.135.82 - - [09/Jul/2021:06:16:57 +0800] "POST /xingrg/all/common/load_select.html HTTP/1.1" 200 25
120.253.135.82 - - [09/Jul/2021:06:16:59 +0800] "GET /xingrg/kc/pszx/mdps_order_operate.html?command=get_materiel_price&pszx_code=00101&rest_code=00143&base_code=0010246&code=00101016044&unit_code=00100068&order_time=2021-07-09 HTTP/1.1" 200 35
58.37.5.217 - - [09/Jul/2021:06:17:03 +0800] "GET /xingrg/check_reg.html?_=1625782616525 HTTP/1.1" 200 22
222.70.176.145 - - [09/Jul/2021:06:17:05 +0800] "GET /xingrg/all/function/internal_message.html?_=1625782625374&CODE_STATE=getMsg HTTP/1.1" 200 27
120.253.135.82 - - [09/Jul/2021:06:17:05 +0800] "GET /xingrg/all/function/internal_message.html?_=1625782410745&CODE_STATE=getMsg HTTP/1.1" 200 27
180.152.122.128 - - [09/Jul/2021:06:17:13 +0800] "GET /xingrg/check_reg.html?_=1625782623978 HTTP/1.1" 200 22
120.253.135.82 - - [09/Jul/2021:06:17:32 +0800] "GET /xingrg/kc/pszx/mdps_order_operate.html?command=get_materiel&pszx_code=00101&rest_code=00143&base_code=0010246&code=00101013011 HTTP/1.1" 200 450
120.253.135.82 - - [09/Jul/2021:06:17:33 +0800] "POST /xingrg/all/common/load_select.html HTTP/1.1" 200 25
120.253.135.82 - - [09/Jul/2021:06:17:36 +0800] "GET /xingrg/kc/pszx/mdps_order_operate.html?command=get_materiel_price&pszx_code=00101&rest_code=00143&base_code=0010246&code=00101013011&unit_code=00100088&order_time=2021-07-09 HTTP/1.1" 200 35
116.230.117.165 - - [09/Jul/2021:06:17:38 +0800] "GET /xingrg/check_reg.html?_=1625782678038 HTTP/1.1" 200 22
116.230.117.165 - - [09/Jul/2021:06:17:38 +0800] "GET /xingrg/all/function/internal_message.html?_=1625782678361&CODE_STATE=getMsg HTTP/1.1" 200 27
58.40.7.146 - - [09/Jul/2021:06:17:41 +0800] "GET /xingrg/all/function/internal_message.html?_=1625782665244&CODE_STATE=getMsg HTTP/1.1" 200 27
116.230.114.112 - - [09/Jul/2021:06:17:46 +0800] "GET /xingrg/all/function/internal_message.html?_=1625782685099&CODE_STATE=getMsg HTTP/1.1" 302 -
120.253.135.82 - - [09/Jul/2021:06:17:49 +0800] "GET /xingrg/all/function/internal_message.html?_=1625782711568&CODE_STATE=getMsg HTTP/1.1" 200 27
120.253.135.82 - - [09/Jul/2021:06:17:49 +0800] "GET /xingrg/kc/pszx/mdps_order_operate.html?command=get_materiel&pszx_code=00101&rest_code=00143&base_code=0010246&code=00101019536 HTTP/1.1" 200 471
120.253.135.82 - - [09/Jul/2021:06:17:50 +0800] "POST /xingrg/all/common/load_select.html HTTP/1.1" 200 25
116.230.110.80 - - [09/Jul/2021:06:17:52 +0800] "GET /xingrg/all/function/internal_message.html?_=1625782674172&CODE_STATE=getMsg HTTP/1.1" 200 27
120.253.135.82 - - [09/Jul/2021:06:17:52 +0800] "GET /xingrg/kc/pszx/mdps_order_operate.html?command=get_materiel_price&pszx_code=00101&rest_code=00143&base_code=0010246&code=00101019536&unit_code=00100157&order_time=2021-07-09 HTTP/1.1" 200 34
120.253.135.82 - - [09/Jul/2021:06:18:00 +0800] "GET /xingrg/kc/pszx/mdps_order_operate.html?command=get_materiel&pszx_code=00101&rest_code=00143&base_code=0010246&code=00101019071 HTTP/1.1" 200 456
120.253.135.82 - - [09/Jul/2021:06:18:03 +0800] "POST /xingrg/all/common/load_select.html HTTP/1.1" 200 25
222.70.176.145 - - [09/Jul/2021:06:18:05 +0800] "GET /xingrg/all/function/internal_message.html?_=1625782685359&CODE_STATE=getMsg HTTP/1.1" 200 27
120.253.135.82 - - [09/Jul/2021:06:18:05 +0800] "GET /xingrg/all/function/internal_message.html?_=1625782470760&CODE_STATE=getMsg HTTP/1.1" 200 27
120.253.135.82 - - [09/Jul/2021:06:18:05 +0800] "GET /xingrg/kc/pszx/mdps_order_operate.html?command=get_materiel_price&pszx_code=00101&rest_code=00143&base_code=0010246&code=00101019071&unit_code=00100201&order_time=2021-07-09 HTTP/1.1" 200 34
120.253.135.82 - - [09/Jul/2021:06:18:21 +0800] "GET /xingrg/kc/pszx/mdps_order_operate.html?command=get_materiel&pszx_code=00101&rest_code=00143&base_code=0010246&code=00101022099 HTTP/1.1" 200 426
120.253.135.82 - - [09/Jul/2021:06:18:36 +0800] "POST /xingrg/kc/pszx/mdps_order_operate.html HTTP/1.1" 200 37
120.253.135.82 - - [09/Jul/2021:06:18:36 +0800] "GET /xingrg/kc/pszx/mdps_order_info.html?code=312021070900205 HTTP/1.1" 200 23931
120.253.135.82 - - [09/Jul/2021:06:18:37 +0800] "GET /xingrg/javascript/easyui/themes/default/validatebox.css HTTP/1.1" 404 1104
120.253.135.82 - - [09/Jul/2021:06:18:37 +0800] "POST /xingrg/kc/pszx/mdps_order_operate.html HTTP/1.1" 200 5311
116.230.117.165 - - [09/Jul/2021:06:18:38 +0800] "GET /xingrg/all/function/internal_message.html?_=1625782738373&CODE_STATE=getMsg HTTP/1.1" 200 27
58.40.7.146 - - [09/Jul/2021:06:18:41 +0800] "GET /xingrg/check_reg.html?_=1625782725230 HTTP/1.1" 200 22
58.40.7.146 - - [09/Jul/2021:06:18:41 +0800] "GET /xingrg/all/function/internal_message.html?_=1625782725232&CODE_STATE=getMsg HTTP/1.1" 200 27
120.253.135.82 - - [09/Jul/2021:06:18:45 +0800] "GET /xingrg/kc/pszx/mdps_order_operate.html?command=get_materiel&pszx_code=00101&rest_code=00143&base_code=0010246&code=00101022082 HTTP/1.1" 200 428
116.230.114.112 - - [09/Jul/2021:06:18:46 +0800] "GET /xingrg/all/function/internal_message.html?_=1625782745115&CODE_STATE=getMsg HTTP/1.1" 302 -
120.253.135.82 - - [09/Jul/2021:06:18:49 +0800] "GET /xingrg/all/function/internal_message.html?_=1625782771585&CODE_STATE=getMsg HTTP/1.1" 200 27
116.230.110.80 - - [09/Jul/2021:06:18:52 +0800] "GET /xingrg/all/function/internal_message.html?_=1625782734191&CODE_STATE=getMsg HTTP/1.1" 200 27
120.253.135.82 - - [09/Jul/2021:06:18:54 +0800] "POST /xingrg/kc/pszx/mdps_order_operate.html HTTP/1.1" 200 37
120.253.135.82 - - [09/Jul/2021:06:18:55 +0800] "GET /xingrg/kc/pszx/mdps_order_info.html?code=312021070900205 HTTP/1.1" 200 23931
120.253.135.82 - - [09/Jul/2021:06:18:56 +0800] "GET /xingrg/javascript/easyui/themes/default/validatebox.css HTTP/1.1" 404 1104
120.253.135.82 - - [09/Jul/2021:06:18:56 +0800] "POST /xingrg/kc/pszx/mdps_order_operate.html HTTP/1.1" 200 5808
222.70.176.145 - - [09/Jul/2021:06:19:05 +0800] "GET /xingrg/all/function/internal_message.html?_=1625782745345&CODE_STATE=getMsg HTTP/1.1" 200 27
120.253.135.82 - - [09/Jul/2021:06:19:05 +0800] "GET /xingrg/all/function/internal_message.html?_=1625782530773&CODE_STATE=getMsg HTTP/1.1" 200 27
116.230.114.112 - - [09/Jul/2021:06:19:12 +0800] "GET /xingrg/check_reg.html?_=1625782770260 HTTP/1.1" 302 -
116.230.117.165 - - [09/Jul/2021:06:19:38 +0800] "GET /xingrg/all/function/internal_message.html?_=1625782798388&CODE_STATE=getMsg HTTP/1.1" 200 27
120.253.135.82 - - [09/Jul/2021:06:19:39 +0800] "GET /xingrg/check_reg.html?_=1625782821550 HTTP/1.1" 200 22
58.40.7.146 - - [09/Jul/2021:06:19:41 +0800] "GET /xingrg/all/function/internal_message.html?_=1625782785235&CODE_STATE=getMsg HTTP/1.1" 200 27
116.230.114.112 - - [09/Jul/2021:06:19:47 +0800] "GET /xingrg/all/function/internal_message.html?_=1625782805140&CODE_STATE=getMsg HTTP/1.1" 302 -
120.253.135.82 - - [09/Jul/2021:06:19:49 +0800] "GET /xingrg/all/function/internal_message.html?_=1625782831595&CODE_STATE=getMsg HTTP/1.1" 200 27
120.253.135.82 - - [09/Jul/2021:06:19:50 +0800] "POST /xingrg/kc/pszx/mdps_order_operate.html HTTP/1.1" 200 37
120.253.135.82 - - [09/Jul/2021:06:19:51 +0800] "GET /xingrg/kc/pszx/mdps_order_info.html?code=312021070900205 HTTP/1.1" 200 23931
120.253.135.82 - - [09/Jul/2021:06:19:52 +0800] "GET /xingrg/javascript/easyui/themes/default/validatebox.css HTTP/1.1" 404 1104
120.253.135.82 - - [09/Jul/2021:06:19:52 +0800] "POST /xingrg/kc/pszx/mdps_order_operate.html HTTP/1.1" 200 5808
116.230.110.80 - - [09/Jul/2021:06:19:52 +0800] "GET /xingrg/all/function/internal_message.html?_=1625782794186&CODE_STATE=getMsg HTTP/1.1" 200 27
120.253.135.82 - - [09/Jul/2021:06:19:59 +0800] "GET /xingrg/kc/print/load_data.html?order_code=312021070900205&kc_code=mdps&condition= HTTP/1.1" 200 2331
120.253.135.82 - - [09/Jul/2021:06:20:04 +0800] "GET /xingrg/check_reg.html?_=1625782589990 HTTP/1.1" 200 22
222.70.176.145 - - [09/Jul/2021:06:20:05 +0800] "GET /xingrg/all/function/internal_message.html?_=1625782805330&CODE_STATE=getMsg HTTP/1.1" 200 27
120.253.135.82 - - [09/Jul/2021:06:20:05 +0800] "GET /xingrg/all/function/internal_message.html?_=1625782590785&CODE_STATE=getMsg HTTP/1.1" 200 27
120.253.135.82 - - [09/Jul/2021:06:20:16 +0800] "POST /xingrg/kc/pszx/mdps_list_operate.html HTTP/1.1" 200 1692
120.253.135.82 - - [09/Jul/2021:06:20:17 +0800] "POST /xingrg/kc/pszx/mdps_list_operate.html HTTP/1.1" 200 615
120.253.135.82 - - [09/Jul/2021:06:20:24 +0800] "GET /xingrg/kc/pszx/mdps_order_info.html?code=312021070900205 HTTP/1.1" 200 23931
120.253.135.82 - - [09/Jul/2021:06:20:25 +0800] "GET /xingrg/javascript/easyui/themes/default/validatebox.css HTTP/1.1" 404 1104
120.253.135.82 - - [09/Jul/2021:06:20:25 +0800] "POST /xingrg/kc/pszx/mdps_order_operate.html HTTP/1.1" 200 5808
120.253.135.82 - - [09/Jul/2021:06:20:29 +0800] "POST /xingrg/kc/pszx/mdps_list_operate.html HTTP/1.1" 200 1692
116.230.117.165 - - [09/Jul/2021:06:20:39 +0800] "GET /xingrg/all/function/internal_message.html?_=1625782858410&CODE_STATE=getMsg HTTP/1.1" 200 27
58.40.7.146 - - [09/Jul/2021:06:20:41 +0800] "GET /xingrg/all/function/internal_message.html?_=1625782845238&CODE_STATE=getMsg HTTP/1.1" 200 27
116.230.114.112 - - [09/Jul/2021:06:20:47 +0800] "GET /xingrg/all/function/internal_message.html?_=1625782865143&CODE_STATE=getMsg HTTP/1.1" 302 -
120.253.135.82 - - [09/Jul/2021:06:20:49 +0800] "GET /xingrg/all/function/internal_message.html?_=1625782891608&CODE_STATE=getMsg HTTP/1.1" 200 27
116.230.110.80 - - [09/Jul/2021:06:20:52 +0800] "GET /xingrg/all/function/internal_message.html?_=1625782854177&CODE_STATE=getMsg HTTP/1.1" 200 27
222.70.176.145 - - [09/Jul/2021:06:21:05 +0800] "GET /xingrg/all/function/internal_message.html?_=1625782865314&CODE_STATE=getMsg HTTP/1.1" 200 27
120.253.135.82 - - [09/Jul/2021:06:21:05 +0800] "GET /xingrg/all/function/internal_message.html?_=1625782650891&CODE_STATE=getMsg HTTP/1.1" 200 27
180.169.147.146 - - [09/Jul/2021:06:21:12 +0800] "GET /xingrg/check_reg.html?_=1625782871897 HTTP/1.1" 200 22
222.70.176.145 - - [09/Jul/2021:06:21:15 +0800] "GET /xingrg/check_reg.html?_=1625782875783 HTTP/1.1" 200 22
116.230.117.165 - - [09/Jul/2021:06:21:39 +0800] "GET /xingrg/all/function/internal_message.html?_=1625782918414&CODE_STATE=getMsg HTTP/1.1" 200 27
58.40.7.146 - - [09/Jul/2021:06:21:41 +0800] "GET /xingrg/all/function/internal_message.html?_=1625782905240&CODE_STATE=getMsg HTTP/1.1" 200 27
116.230.114.112 - - [09/Jul/2021:06:21:47 +0800] "GET /xingrg/all/function/internal_message.html?_=1625782925169&CODE_STATE=getMsg HTTP/1.1" 302 -
120.253.135.82 - - [09/Jul/2021:06:21:49 +0800] "GET /xingrg/all/function/internal_message.html?_=1625782951628&CODE_STATE=getMsg HTTP/1.1" 200 27
58.37.5.217 - - [09/Jul/2021:06:21:50 +0800] "GET /xingrg/check_reg.html?_=1625782915338 HTTP/1.1" 200 22
116.230.110.80 - - [09/Jul/2021:06:21:52 +0800] "GET /xingrg/all/function/internal_message.html?_=1625782914189&CODE_STATE=getMsg HTTP/1.1" 200 27
116.230.110.80 - - [09/Jul/2021:06:21:52 +0800] "GET /xingrg/check_reg.html?_=1625782914192 HTTP/1.1" 200 22
222.70.176.145 - - [09/Jul/2021:06:22:05 +0800] "GET /xingrg/all/function/internal_message.html?_=1625782925301&CODE_STATE=getMsg HTTP/1.1" 200 27
120.253.135.82 - - [09/Jul/2021:06:22:05 +0800] "GET /xingrg/all/function/internal_message.html?_=1625782710891&CODE_STATE=getMsg HTTP/1.1" 200 27
120.253.135.82 - - [09/Jul/2021:06:22:23 +0800] "POST /xingrg/kc/pszx/mdps_list_operate.html HTTP/1.1" 200 615
120.253.135.82 - - [09/Jul/2021:06:22:24 +0800] "GET /xingrg/kc/pszx/mdps_order_info.html?code=312021070900205 HTTP/1.1" 200 23931
120.253.135.82 - - [09/Jul/2021:06:22:25 +0800] "GET /xingrg/javascript/easyui/themes/default/validatebox.css HTTP/1.1" 404 1104
120.253.135.82 - - [09/Jul/2021:06:22:25 +0800] "POST /xingrg/kc/pszx/mdps_order_operate.html HTTP/1.1" 200 5808
120.253.135.82 - - [09/Jul/2021:06:22:32 +0800] "POST /xingrg/kc/pszx/mdps_order_operate.html HTTP/1.1" 200 37
120.253.135.82 - - [09/Jul/2021:06:22:34 +0800] "GET /xingrg/kc/pszx/mdps_order_info.html?code=312021070900205 HTTP/1.1" 200 23931
120.253.135.82 - - [09/Jul/2021:06:22:34 +0800] "GET /xingrg/javascript/easyui/themes/default/validatebox.css HTTP/1.1" 404 1104
120.253.135.82 - - [09/Jul/2021:06:22:34 +0800] "POST /xingrg/kc/pszx/mdps_order_operate.html HTTP/1.1" 200 5808
116.230.117.165 - - [09/Jul/2021:06:22:38 +0800] "GET /xingrg/check_reg.html?_=1625782978062 HTTP/1.1" 200 22
116.230.117.165 - - [09/Jul/2021:06:22:39 +0800] "GET /xingrg/all/function/internal_message.html?_=1625782978428&CODE_STATE=getMsg HTTP/1.1" 200 27
58.40.7.146 - - [09/Jul/2021:06:22:41 +0800] "GET /xingrg/all/function/internal_message.html?_=1625782965243&CODE_STATE=getMsg HTTP/1.1" 200 27
116.230.114.112 - - [09/Jul/2021:06:22:47 +0800] "GET /xingrg/all/function/internal_message.html?_=1625782985185&CODE_STATE=getMsg HTTP/1.1" 302 -
120.253.135.82 - - [09/Jul/2021:06:22:49 +0800] "GET /xingrg/all/function/internal_message.html?_=1625783011635&CODE_STATE=getMsg HTTP/1.1" 200 27
116.230.110.80 - - [09/Jul/2021:06:22:52 +0800] "GET /xingrg/all/function/internal_message.html?_=1625782974189&CODE_STATE=getMsg HTTP/1.1" 200 27
222.70.176.145 - - [09/Jul/2021:06:23:05 +0800] "GET /xingrg/all/function/internal_message.html?_=1625782985312&CODE_STATE=getMsg HTTP/1.1" 200 27
120.253.135.82 - - [09/Jul/2021:06:23:05 +0800] "GET /xingrg/all/function/internal_message.html?_=1625782770905&CODE_STATE=getMsg HTTP/1.1" 200 27
120.253.135.82 - - [09/Jul/2021:06:23:13 +0800] "POST /xingrg/kc/pszx/mdps_order_operate.html HTTP/1.1" 200 37
120.253.135.82 - - [09/Jul/2021:06:23:14 +0800] "GET /xingrg/kc/pszx/mdps_order_info.html?code=312021070900205 HTTP/1.1" 200 23931
120.253.135.82 - - [09/Jul/2021:06:23:15 +0800] "GET /xingrg/javascript/easyui/themes/default/validatebox.css HTTP/1.1" 404 1104
120.253.135.82 - - [09/Jul/2021:06:23:15 +0800] "POST /xingrg/kc/pszx/mdps_order_operate.html HTTP/1.1" 200 5808
120.253.135.82 - - [09/Jul/2021:06:23:30 +0800] "GET /xingrg/login.html HTTP/1.1" 200 7641
120.253.135.82 - - [09/Jul/2021:06:23:30 +0800] "GET /xingrg/images/blue/jxLogo.png HTTP/1.1" 200 6156
120.253.135.82 - - [09/Jul/2021:06:23:30 +0800] "GET /xingrg/images/blue/hj.png HTTP/1.1" 200 1014
120.253.135.82 - - [09/Jul/2021:06:23:30 +0800] "GET /xingrg/images/blue/login_bg.png HTTP/1.1" 200 22101
120.253.135.82 - - [09/Jul/2021:06:23:30 +0800] "GET /xingrg/images/blue/srbg.png HTTP/1.1" 200 138
120.253.135.82 - - [09/Jul/2021:06:23:30 +0800] "GET /favicon.ico HTTP/1.1" 404 -
120.253.135.82 - - [09/Jul/2021:06:23:33 +0800] "POST /xingrg/login.do HTTP/1.1" 302 -
120.253.135.82 - - [09/Jul/2021:06:23:33 +0800] "GET /xingrg/index.html?sysBaseUrl=http%3A%2F%2F180.169.147.146%3A18081%2Fxingrg%2F&costTime=41×tamp=1625783013439 HTTP/1.1" 200 17173
120.253.135.82 - - [09/Jul/2021:06:23:33 +0800] "GET /xingrg/javascript/jquery_easy_ui/themes/default/easyui.css HTTP/1.1" 304 -
120.253.135.82 - - [09/Jul/2021:06:23:33 +0800] "GET /xingrg/javascript/jquery_easy_ui/themes/icon.css HTTP/1.1" 304 -
120.253.135.82 - - [09/Jul/2021:06:23:33 +0800] "GET /xingrg/javascript/jquery-1.4.2.min.js HTTP/1.1" 304 -
120.253.135.82 - - [09/Jul/2021:06:23:33 +0800] "GET /xingrg/javascript/jquery_easy_ui/jquery.easyui.min.js HTTP/1.1" 304 -
120.253.135.82 - - [09/Jul/2021:06:23:33 +0800] "GET /xingrg/javascript/jquery_easy_ui/easyui-lang-zh_CN.js HTTP/1.1" 304 -
120.253.135.82 - - [09/Jul/2021:06:23:33 +0800] "GET /xingrg/css/form.css HTTP/1.1" 200 893
120.253.135.82 - - [09/Jul/2021:06:23:33 +0800] "GET /xingrg/javascript/jquery.utils.js HTTP/1.1" 304 -
120.253.135.82 - - [09/Jul/2021:06:23:33 +0800] "GET /xingrg/javascript/jquery.timers.js HTTP/1.1" 200 3532
120.253.135.82 - - [09/Jul/2021:06:23:33 +0800] "GET /favicon.ico HTTP/1.1" 404 -
120.253.135.82 - - [09/Jul/2021:06:23:33 +0800] "GET /xingrg/javascript/jquery.form.js HTTP/1.1" 200 23110
120.253.135.82 - - [09/Jul/2021:06:23:33 +0800] "GET /xingrg/javascript/jquery_easy_ui/themes/icons/settle_new.png HTTP/1.1" 304 -
120.253.135.82 - - [09/Jul/2021:06:23:33 +0800] "GET /xingrg/images/blue/navBackgound.jpg HTTP/1.1" 200 12378
120.253.135.82 - - [09/Jul/2021:06:23:33 +0800] "POST /xingrg/all/common/load_tree.html?tree=area_rest_tree_json&manage=1 HTTP/1.1" 200 344
120.253.135.82 - - [09/Jul/2021:06:23:33 +0800] "GET /xingrg/images/blue/pingpu.png HTTP/1.1" 200 231
120.253.135.82 - - [09/Jul/2021:06:23:33 +0800] "GET /xingrg/javascript/jquery_easy_ui/themes/default/images/tabs_leftarrow.png HTTP/1.1" 200 389
120.253.135.82 - - [09/Jul/2021:06:23:33 +0800] "GET /xingrg/javascript/jquery_easy_ui/themes/default/images/tabs_rightarrow.png HTTP/1.1" 200 395
120.253.135.82 - - [09/Jul/2021:06:23:33 +0800] "GET /xingrg/javascript/jquery_easy_ui/themes/default/images/panel_tool_collapse.gif HTTP/1.1" 200 246
120.253.135.82 - - [09/Jul/2021:06:23:33 +0800] "GET /xingrg/all/function/internal_message.html?_=1625782799390&CODE_STATE=count HTTP/1.1" 200 11
120.253.135.82 - - [09/Jul/2021:06:23:33 +0800] "GET /xingrg/check_reg.html?_=1625782799391 HTTP/1.1" 200 22
120.253.135.82 - - [09/Jul/2021:06:23:33 +0800] "POST /xingrg/load_menu.html HTTP/1.1" 200 6743
120.253.135.82 - - [09/Jul/2021:06:23:34 +0800] "GET /xingrg/javascript/jquery_easy_ui/themes/default/images/tree_arrows.gif HTTP/1.1" 200 1043
120.253.135.82 - - [09/Jul/2021:06:23:34 +0800] "GET /xingrg/javascript/jquery_easy_ui/themes/icons/search_new.png HTTP/1.1" 200 586
120.253.135.82 - - [09/Jul/2021:06:23:34 +0800] "GET /xingrg/javascript/jquery_easy_ui/themes/default/images/tree_folder_open.gif HTTP/1.1" 200 956
120.253.135.82 - - [09/Jul/2021:06:23:34 +0800] "GET /xingrg/javascript/jquery_easy_ui/themes/icons/delivery_new.png HTTP/1.1" 200 700
120.253.135.82 - - [09/Jul/2021:06:23:34 +0800] "GET /xingrg/javascript/jquery_easy_ui/themes/icons/storage_new.png HTTP/1.1" 200 853
120.253.135.82 - - [09/Jul/2021:06:23:34 +0800] "GET /xingrg/javascript/jquery_easy_ui/themes/icons/forms_new.png HTTP/1.1" 200 350
120.253.135.82 - - [09/Jul/2021:06:23:34 +0800] "GET /xingrg/javascript/jquery_easy_ui/themes/default/images/tree_file.gif HTTP/1.1" 200 118
120.253.135.82 - - [09/Jul/2021:06:23:34 +0800] "GET /xingrg/javascript/jquery_easy_ui/themes/default/images/tree_folder.gif HTTP/1.1" 200 952
120.253.135.82 - - [09/Jul/2021:06:23:37 +0800] "GET /xingrg/javascript/jquery_easy_ui/themes/default/images/tabs_close.gif HTTP/1.1" 200 829
120.253.135.82 - - [09/Jul/2021:06:23:37 +0800] "GET /xingrg/css/site.css HTTP/1.1" 304 -
120.253.135.82 - - [09/Jul/2021:06:23:37 +0800] "GET /xingrg/javascript/auto/jquery.autocomplete.css HTTP/1.1" 304 -
120.253.135.82 - - [09/Jul/2021:06:23:37 +0800] "GET /xingrg/javascript/easyui/themes/icon.css HTTP/1.1" 304 -
120.253.135.82 - - [09/Jul/2021:06:23:37 +0800] "GET /xingrg/javascript/jquery_tools/datebox.css HTTP/1.1" 304 -
120.253.135.82 - - [09/Jul/2021:06:23:37 +0800] "GET /xingrg/javascript/easyui/themes/default/easyui.css HTTP/1.1" 304 -
120.253.135.82 - - [09/Jul/2021:06:23:37 +0800] "GET /xingrg/javascript/jquery_tools/fix.css HTTP/1.1" 304 -
120.253.135.82 - - [09/Jul/2021:06:23:37 +0800] "GET /xingrg/javascript/jquery_tools/table.css HTTP/1.1" 304 -
120.253.135.82 - - [09/Jul/2021:06:23:37 +0800] "GET /xingrg/kc/pszx/mdps_order_list.html?orderType=0 HTTP/1.1" 200 21004
120.253.135.82 - - [09/Jul/2021:06:23:37 +0800] "GET /xingrg/javascript/jquery_tools/jquery.tools.min.js HTTP/1.1" 304 -
120.253.135.82 - - [09/Jul/2021:06:23:37 +0800] "GET /xingrg/javascript/jquery_tools/jquery.tools.hotkey.js HTTP/1.1" 304 -
120.253.135.82 - - [09/Jul/2021:06:23:37 +0800] "GET /xingrg/javascript/auto/jquery.autocomplete.js HTTP/1.1" 304 -
120.253.135.82 - - [09/Jul/2021:06:23:37 +0800] "GET /xingrg/javascript/jquery_tools/jquery.tools.table.js HTTP/1.1" 304 -
120.253.135.82 - - [09/Jul/2021:06:23:37 +0800] "GET /xingrg/css/base.css HTTP/1.1" 304 -
120.253.135.82 - - [09/Jul/2021:06:23:37 +0800] "GET /xingrg/javascript/jquery_tools/list_manager.js HTTP/1.1" 304 -
120.253.135.82 - - [09/Jul/2021:06:23:37 +0800] "GET /xingrg/javascript/jquery_tools/jquery.tools.extend.js HTTP/1.1" 304 -
120.253.135.82 - - [09/Jul/2021:06:23:37 +0800] "GET /xingrg/javascript/jquery.cookie.js HTTP/1.1" 304 -
120.253.135.82 - - [09/Jul/2021:06:23:37 +0800] "GET /xingrg/javascript/easyui/easyloader.js HTTP/1.1" 304 -
120.253.135.82 - - [09/Jul/2021:06:23:37 +0800] "GET /xingrg/javascript/print/LodopFuncs.js HTTP/1.1" 304 -
120.253.135.82 - - [09/Jul/2021:06:23:37 +0800] "GET /xingrg/javascript/easyui/themes/icons/edit_add_new.png HTTP/1.1" 304 -
120.253.135.82 - - [09/Jul/2021:06:23:37 +0800] "GET /xingrg/javascript/easyui/themes/icons/cance_new.png HTTP/1.1" 304 -
120.253.135.82 - - [09/Jul/2021:06:23:37 +0800] "GET /xingrg/javascript/easyui/themes/icons/uncheck_new.png HTTP/1.1" 304 -
120.253.135.82 - - [09/Jul/2021:06:23:37 +0800] "GET /xingrg/javascript/easyui/themes/icons/field_new.png HTTP/1.1" 304 -
120.253.135.82 - - [09/Jul/2021:06:23:37 +0800] "GET /xingrg/javascript/easyui/themes/icons/import_new.png HTTP/1.1" 304 -
120.253.135.82 - - [09/Jul/2021:06:23:37 +0800] "GET /xingrg/javascript/easyui/themes/icons/check_new.png HTTP/1.1" 304 -
120.253.135.82 - - [09/Jul/2021:06:23:37 +0800] "GET /xingrg/javascript/easyui/plugins/jquery.parser.js HTTP/1.1" 304 -
120.253.135.82 - - [09/Jul/2021:06:23:38 +0800] "GET /xingrg/images/control/ajaxLoader.gif HTTP/1.1" 304 -
120.253.135.82 - - [09/Jul/2021:06:23:38 +0800] "GET /xingrg/javascript/jquery_easy_ui/themes/icons/manage.png HTTP/1.1" 200 696
120.253.135.82 - - [09/Jul/2021:06:23:38 +0800] "GET /xingrg/javascript/jquery_easy_ui/themes/icons/area.png HTTP/1.1" 200 262
120.253.135.82 - - [09/Jul/2021:06:23:38 +0800] "POST /xingrg/kc/pszx/mdps_list_operate.html HTTP/1.1" 200 5227
116.230.117.165 - - [09/Jul/2021:06:23:39 +0800] "GET /xingrg/all/function/internal_message.html?_=1625783038441&CODE_STATE=getMsg HTTP/1.1" 200 27
120.253.135.82 - - [09/Jul/2021:06:23:40 +0800] "GET /xingrg/javascript/auto/indicator.gif HTTP/1.1" 404 1066
58.40.7.146 - - [09/Jul/2021:06:23:41 +0800] "GET /xingrg/check_reg.html?_=1625783025246 HTTP/1.1" 200 22
58.40.7.146 - - [09/Jul/2021:06:23:41 +0800] "GET /xingrg/all/function/internal_message.html?_=1625783025247&CODE_STATE=getMsg HTTP/1.1" 200 27
116.230.114.112 - - [09/Jul/2021:06:23:47 +0800] "GET /xingrg/all/function/internal_message.html?_=1625783045212&CODE_STATE=getMsg HTTP/1.1" 302 -
120.253.135.82 - - [09/Jul/2021:06:23:48 +0800] "POST /xingrg/kc/pszx/mdps_list_operate.html HTTP/1.1" 200 1692
120.253.135.82 - - [09/Jul/2021:06:23:49 +0800] "GET /xingrg/all/function/internal_message.html?_=1625783071654&CODE_STATE=getMsg HTTP/1.1" 200 27
120.253.135.82 - - [09/Jul/2021:06:23:49 +0800] "POST /xingrg/kc/pszx/mdps_list_operate.html HTTP/1.1" 200 615
120.253.135.82 - - [09/Jul/2021:06:23:50 +0800] "GET /xingrg/kc/pszx/mdps_order_info.html?code=312021070900205 HTTP/1.1" 200 23931
120.253.135.82 - - [09/Jul/2021:06:23:50 +0800] "GET /xingrg/javascript/myfunction.js HTTP/1.1" 304 -
120.253.135.82 - - [09/Jul/2021:06:23:50 +0800] "GET /xingrg/javascript/json2.js HTTP/1.1" 304 -
120.253.135.82 - - [09/Jul/2021:06:23:50 +0800] "GET /xingrg/javascript/pic_change.js HTTP/1.1" 304 -
120.253.135.82 - - [09/Jul/2021:06:23:50 +0800] "GET /xingrg/javascript/jquery_tools/order_manager.js HTTP/1.1" 304 -
120.253.135.82 - - [09/Jul/2021:06:23:50 +0800] "GET /xingrg/javascript/convert.js HTTP/1.1" 304 -
120.253.135.82 - - [09/Jul/2021:06:23:50 +0800] "GET /xingrg/javascript/print/kc_print.js HTTP/1.1" 304 -
120.253.135.82 - - [09/Jul/2021:06:23:50 +0800] "GET /xingrg/words/20210707130144_words.js HTTP/1.1" 304 -
120.253.135.82 - - [09/Jul/2021:06:23:50 +0800] "GET /xingrg/javascript/easyui/themes/icons/cancel.png HTTP/1.1" 304 -
120.253.135.82 - - [09/Jul/2021:06:23:50 +0800] "GET /xingrg/javascript/easyui/themes/icons/copy_new.png HTTP/1.1" 304 -
120.253.135.82 - - [09/Jul/2021:06:23:50 +0800] "GET /xingrg/javascript/easyui/themes/icons/ok.png HTTP/1.1" 304 -
120.253.135.82 - - [09/Jul/2021:06:23:50 +0800] "GET /xingrg/javascript/easyui/themes/icons/print.png HTTP/1.1" 304 -
120.253.135.82 - - [09/Jul/2021:06:23:50 +0800] "GET /xingrg/javascript/easyui/themes/default/images/menu_downarrow.png HTTP/1.1" 304 -
120.253.135.82 - - [09/Jul/2021:06:23:50 +0800] "GET /xingrg/all/common/auto_word.html?type=base&rest_code=00101 HTTP/1.1" 200 613
120.253.135.82 - - [09/Jul/2021:06:23:50 +0800] "GET /xingrg/javascript/easyui/themes/default/validatebox.css HTTP/1.1" 404 1104
120.253.135.82 - - [09/Jul/2021:06:23:50 +0800] "GET /xingrg/javascript/easyui/plugins/jquery.validatebox.js HTTP/1.1" 304 -
120.253.135.82 - - [09/Jul/2021:06:23:50 +0800] "GET /xingrg/javascript/easyui/plugins/jquery.numberbox.js HTTP/1.1" 304 -
120.253.135.82 - - [09/Jul/2021:06:23:51 +0800] "POST /xingrg/kc/pszx/mdps_order_operate.html HTTP/1.1" 200 5808
120.253.135.82 - - [09/Jul/2021:06:23:51 +0800] "GET /xingrg/javascript/easyui/themes/icons/edit_remove.png HTTP/1.1" 304 -
120.253.135.82 - - [09/Jul/2021:06:23:51 +0800] "GET /xingrg/javascript/easyui/themes/default/images/button_plain_hover.png HTTP/1.1" 304 -
116.230.110.80 - - [09/Jul/2021:06:23:52 +0800] "GET /xingrg/all/function/internal_message.html?_=1625783034179&CODE_STATE=getMsg HTTP/1.1" 200 27
120.253.135.82 - - [09/Jul/2021:06:23:53 +0800] "GET /xingrg/kc/print/load_config.html?kc_code=mdps HTTP/1.1" 200 2390
120.253.135.82 - - [09/Jul/2021:06:23:53 +0800] "GET /xingrg/kc/print/load_data.html?order_code=312021070900205&kc_code=mdps&condition= HTTP/1.1" 200 2337
222.70.176.145 - - [09/Jul/2021:06:24:05 +0800] "GET /xingrg/all/function/internal_message.html?_=1625783045296&CODE_STATE=getMsg HTTP/1.1" 200 27
116.230.114.112 - - [09/Jul/2021:06:24:12 +0800] "GET /xingrg/check_reg.html?_=1625783070257 HTTP/1.1" 302 -
120.253.135.82 - - [09/Jul/2021:06:24:33 +0800] "GET /xingrg/all/function/internal_message.html?_=1625782859404&CODE_STATE=getMsg HTTP/1.1" 200 27
116.230.117.165 - - [09/Jul/2021:06:24:39 +0800] "GET /xingrg/all/function/internal_message.html?_=1625783098455&CODE_STATE=getMsg HTTP/1.1" 200 27
120.253.135.82 - - [09/Jul/2021:06:24:39 +0800] "GET /xingrg/check_reg.html?_=1625783121560 HTTP/1.1" 200 22
58.40.7.146 - - [09/Jul/2021:06:24:41 +0800] "GET /xingrg/all/function/internal_message.html?_=1625783085251&CODE_STATE=getMsg HTTP/1.1" 200 27
116.230.114.112 - - [09/Jul/2021:06:24:47 +0800] "GET /xingrg/all/function/internal_message.html?_=1625783105213&CODE_STATE=getMsg HTTP/1.1" 302 -
120.253.135.82 - - [09/Jul/2021:06:24:49 +0800] "GET /xingrg/all/function/internal_message.html?_=1625783131662&CODE_STATE=getMsg HTTP/1.1" 200 27
116.230.110.80 - - [09/Jul/2021:06:24:52 +0800] "GET /xingrg/all/function/internal_message.html?_=1625783094184&CODE_STATE=getMsg HTTP/1.1" 200 27
117.184.7.26 - - [09/Jul/2021:06:25:01 +0800] "POST /xingrg/services/DataTransmitService HTTP/1.1" 200 524
222.70.176.145 - - [09/Jul/2021:06:25:05 +0800] "GET /xingrg/all/function/internal_message.html?_=1625783105283&CODE_STATE=getMsg HTTP/1.1" 200 27
117.184.7.26 - - [09/Jul/2021:06:25:06 +0800] "POST /xingrg/services/DataTransmitService HTTP/1.1" 200 501
117.184.7.26 - - [09/Jul/2021:06:25:06 +0800] "POST /xingrg/services/DataTransmitService HTTP/1.1" 200 501
117.184.7.26 - - [09/Jul/2021:06:25:06 +0800] "POST /xingrg/services/DataTransmitService HTTP/1.1" 200 501
117.184.7.26 - - [09/Jul/2021:06:25:07 +0800] "POST /xingrg/services/DataTransmitService HTTP/1.1" 200 501
117.184.7.26 - - [09/Jul/2021:06:25:07 +0800] "POST /xingrg/services/DataTransmitService HTTP/1.1" 200 501
117.184.7.26 - - [09/Jul/2021:06:25:08 +0800] "POST /xingrg/services/DataTransmitService HTTP/1.1" 200 501
117.184.7.26 - - [09/Jul/2021:06:25:08 +0800] "POST /xingrg/services/DataTransmitService HTTP/1.1" 200 501
117.184.7.26 - - [09/Jul/2021:06:25:09 +0800] "POST /xingrg/services/DataTransmitService HTTP/1.1" 200 501
117.184.7.26 - - [09/Jul/2021:06:25:09 +0800] "POST /xingrg/services/DataTransmitService HTTP/1.1" 200 412
120.253.135.82 - - [09/Jul/2021:06:25:16 +0800] "GET /xingrg/kc/pszx/mdqp_order_list.html?state=10 HTTP/1.1" 200 10213
120.253.135.82 - - [09/Jul/2021:06:25:16 +0800] "GET /xingrg/css/blue.css HTTP/1.1" 304 -
120.253.135.82 - - [09/Jul/2021:06:25:16 +0800] "GET /xingrg/dwr/util.js HTTP/1.1" 304 -
120.253.135.82 - - [09/Jul/2021:06:25:16 +0800] "GET /xingrg/javascript/Calendar.js HTTP/1.1" 304 -
120.253.135.82 - - [09/Jul/2021:06:25:16 +0800] "GET /xingrg/dwr/interface/AjaxReportQueryService.js HTTP/1.1" 200 13203
120.253.135.82 - - [09/Jul/2021:06:25:16 +0800] "GET /xingrg/dwr/interface/AjaxQqpsService.js HTTP/1.1" 200 16326
120.253.135.82 - - [09/Jul/2021:06:25:16 +0800] "GET /xingrg/dwr/engine.js HTTP/1.1" 200 43631
120.253.135.82 - - [09/Jul/2021:06:25:16 +0800] "GET /xingrg/javascript/jquery_easy_ui/themes/icons/uncheck_new.png HTTP/1.1" 304 -
120.253.135.82 - - [09/Jul/2021:06:25:16 +0800] "GET /xingrg/javascript/jquery_easy_ui/themes/icons/check_new.png HTTP/1.1" 304 -
120.253.135.82 - - [09/Jul/2021:06:25:16 +0800] "GET /xingrg/javascript/jquery_easy_ui/themes/icons/back_new.png HTTP/1.1" 304 -
120.253.135.82 - - [09/Jul/2021:06:25:31 +0800] "GET /xingrg/kc/pszx/mdps_order_list.html?orderType=0 HTTP/1.1" 200 21004
120.253.135.82 - - [09/Jul/2021:06:25:32 +0800] "POST /xingrg/kc/pszx/mdps_list_operate.html HTTP/1.1" 200 5227
120.253.135.82 - - [09/Jul/2021:06:25:33 +0800] "GET /xingrg/all/function/internal_message.html?_=1625782919418&CODE_STATE=getMsg HTTP/1.1" 200 27
120.253.135.82 - - [09/Jul/2021:06:25:38 +0800] "GET /xingrg/kc/pszx/mdth_order_list.html HTTP/1.1" 200 18428
116.230.117.165 - - [09/Jul/2021:06:25:39 +0800] "GET /xingrg/all/function/internal_message.html?_=1625783158476&CODE_STATE=getMsg HTTP/1.1" 200 27
120.253.135.82 - - [09/Jul/2021:06:25:39 +0800] "POST /xingrg/kc/pszx/mdth_order_new_list.html HTTP/1.1" 200 4654
120.253.135.82 - - [09/Jul/2021:06:25:41 +0800] "POST /xingrg/kc/pszx/mdth_order_new_list.html HTTP/1.1" 200 290
58.40.7.146 - - [09/Jul/2021:06:25:41 +0800] "GET /xingrg/all/function/internal_message.html?_=1625783145239&CODE_STATE=getMsg HTTP/1.1" 200 27
120.253.135.82 - - [09/Jul/2021:06:25:42 +0800] "POST /xingrg/kc/pszx/mdth_order_new_list.html HTTP/1.1" 200 449
120.253.135.82 - - [09/Jul/2021:06:25:44 +0800] "POST /xingrg/kc/pszx/mdth_order_new_list.html HTTP/1.1" 200 454
120.253.135.82 - - [09/Jul/2021:06:25:45 +0800] "POST /xingrg/kc/pszx/mdth_order_new_list.html HTTP/1.1" 200 290
116.230.114.112 - - [09/Jul/2021:06:25:47 +0800] "GET /xingrg/all/function/internal_message.html?_=1625783165239&CODE_STATE=getMsg HTTP/1.1" 302 -
120.253.135.82 - - [09/Jul/2021:06:25:47 +0800] "POST /xingrg/kc/pszx/mdth_order_new_list.html HTTP/1.1" 200 207
120.253.135.82 - - [09/Jul/2021:06:25:48 +0800] "POST /xingrg/kc/pszx/mdth_order_new_list.html HTTP/1.1" 200 451
120.253.135.82 - - [09/Jul/2021:06:25:49 +0800] "GET /xingrg/all/function/internal_message.html?_=1625783191675&CODE_STATE=getMsg HTTP/1.1" 200 27
120.253.135.82 - - [09/Jul/2021:06:25:50 +0800] "POST /xingrg/kc/pszx/mdth_order_new_list.html HTTP/1.1" 200 290
120.253.135.82 - - [09/Jul/2021:06:25:51 +0800] "POST /xingrg/kc/pszx/mdth_order_new_list.html HTTP/1.1" 200 286
116.230.110.80 - - [09/Jul/2021:06:25:52 +0800] "GET /xingrg/all/function/internal_message.html?_=1625783154184&CODE_STATE=getMsg HTTP/1.1" 200 27
222.70.176.145 - - [09/Jul/2021:06:26:04 +0800] "GET /xingrg/all/function/internal_message.html?_=1625783165267&CODE_STATE=getMsg HTTP/1.1" 200 27
180.169.147.146 - - [09/Jul/2021:06:26:12 +0800] "GET /xingrg/check_reg.html?_=1625783171913 HTTP/1.1" 200 22
222.70.176.145 - - [09/Jul/2021:06:26:15 +0800] "GET /xingrg/check_reg.html?_=1625783175800 HTTP/1.1" 200 22
120.253.135.82 - - [09/Jul/2021:06:26:34 +0800] "GET /xingrg/all/function/internal_message.html?_=1625782979453&CODE_STATE=getMsg HTTP/1.1" 200 27
116.230.117.165 - - [09/Jul/2021:06:26:39 +0800] "GET /xingrg/all/function/internal_message.html?_=1625783218482&CODE_STATE=getMsg HTTP/1.1" 200 27
58.40.7.146 - - [09/Jul/2021:06:26:41 +0800] "GET /xingrg/all/function/internal_message.html?_=1625783205243&CODE_STATE=getMsg HTTP/1.1" 200 27
116.230.114.112 - - [09/Jul/2021:06:26:47 +0800] "GET /xingrg/all/function/internal_message.html?_=1625783225255&CODE_STATE=getMsg HTTP/1.1" 302 -
120.253.135.82 - - [09/Jul/2021:06:26:49 +0800] "GET /xingrg/all/function/internal_message.html?_=1625783251693&CODE_STATE=getMsg HTTP/1.1" 200 27
58.37.5.217 - - [09/Jul/2021:06:26:50 +0800] "GET /xingrg/check_reg.html?_=1625783215315 HTTP/1.1" 200 22
116.230.110.80 - - [09/Jul/2021:06:26:52 +0800] "GET /xingrg/all/function/internal_message.html?_=1625783214178&CODE_STATE=getMsg HTTP/1.1" 200 27
116.230.110.80 - - [09/Jul/2021:06:26:52 +0800] "GET /xingrg/check_reg.html?_=1625783214180 HTTP/1.1" 200 22
222.70.176.145 - - [09/Jul/2021:06:27:04 +0800] "GET /xingrg/all/function/internal_message.html?_=1625783225240&CODE_STATE=getMsg HTTP/1.1" 200 27
180.152.122.128 - - [09/Jul/2021:06:27:13 +0800] "GET /xingrg/check_reg.html?_=1625783223982 HTTP/1.1" 200 22
120.253.135.82 - - [09/Jul/2021:06:27:34 +0800] "GET /xingrg/all/function/internal_message.html?_=1625783039460&CODE_STATE=getMsg HTTP/1.1" 200 27
116.230.117.165 - - [09/Jul/2021:06:27:38 +0800] "GET /xingrg/check_reg.html?_=1625783278066 HTTP/1.1" 200 22
116.230.117.165 - - [09/Jul/2021:06:27:39 +0800] "GET /xingrg/all/function/internal_message.html?_=1625783278496&CODE_STATE=getMsg HTTP/1.1" 200 27
58.40.7.146 - - [09/Jul/2021:06:27:41 +0800] "GET /xingrg/all/function/internal_message.html?_=1625783265246&CODE_STATE=getMsg HTTP/1.1" 200 27
116.230.114.112 - - [09/Jul/2021:06:27:47 +0800] "GET /xingrg/all/function/internal_message.html?_=1625783285282&CODE_STATE=getMsg HTTP/1.1" 302 -
120.253.135.82 - - [09/Jul/2021:06:27:49 +0800] "GET /xingrg/all/function/internal_message.html?_=1625783311704&CODE_STATE=getMsg HTTP/1.1" 200 27
116.230.110.80 - - [09/Jul/2021:06:27:52 +0800] "GET /xingrg/all/function/internal_message.html?_=1625783274187&CODE_STATE=getMsg HTTP/1.1" 200 27
222.70.176.145 - - [09/Jul/2021:06:28:04 +0800] "GET /xingrg/all/function/internal_message.html?_=1625783285224&CODE_STATE=getMsg HTTP/1.1" 200 27
120.253.135.82 - - [09/Jul/2021:06:28:33 +0800] "GET /xingrg/check_reg.html?_=1625783099403 HTTP/1.1" 200 22
120.253.135.82 - - [09/Jul/2021:06:28:34 +0800] "GET /xingrg/all/function/internal_message.html?_=1625783099473&CODE_STATE=getMsg HTTP/1.1" 200 27
116.230.117.165 - - [09/Jul/2021:06:28:39 +0800] "GET /xingrg/all/function/internal_message.html?_=1625783338510&CODE_STATE=getMsg HTTP/1.1" 200 27
58.40.7.146 - - [09/Jul/2021:06:28:41 +0800] "GET /xingrg/all/function/internal_message.html?_=1625783325249&CODE_STATE=getMsg HTTP/1.1" 200 27
58.40.7.146 - - [09/Jul/2021:06:28:41 +0800] "GET /xingrg/check_reg.html?_=1625783325250 HTTP/1.1" 200 22
116.230.114.112 - - [09/Jul/2021:06:28:47 +0800] "GET /xingrg/all/function/internal_message.html?_=1625783345298&CODE_STATE=getMsg HTTP/1.1" 302 -
120.253.135.82 - - [09/Jul/2021:06:28:49 +0800] "GET /xingrg/all/function/internal_message.html?_=1625783371720&CODE_STATE=getMsg HTTP/1.1" 200 27
116.230.110.80 - - [09/Jul/2021:06:28:52 +0800] "GET /xingrg/all/function/internal_message.html?_=1625783334184&CODE_STATE=getMsg HTTP/1.1" 200 27
120.253.135.82 - - [09/Jul/2021:06:28:53 +0800] "GET /xingrg/kc/report/report_main.html HTTP/1.1" 200 9370
120.253.135.82 - - [09/Jul/2021:06:28:53 +0800] "GET /xingrg/javascript/jquery_ui/themes/humanity/humanity.css HTTP/1.1" 304 -
120.253.135.82 - - [09/Jul/2021:06:28:55 +0800] "GET /xingrg/kc/base/kc_stocks.html HTTP/1.1" 200 16431
120.253.135.82 - - [09/Jul/2021:06:28:55 +0800] "GET /xingrg/javascript/easyui/themes/sunny/easyui.css HTTP/1.1" 304 -
120.253.135.82 - - [09/Jul/2021:06:28:55 +0800] "GET /xingrg/javascript/easyui/themes/icons/print_new.png HTTP/1.1" 304 -
120.253.135.82 - - [09/Jul/2021:06:28:55 +0800] "GET /xingrg/javascript/easyui/themes/icons/filter_new.png HTTP/1.1" 304 -
120.253.135.82 - - [09/Jul/2021:06:28:55 +0800] "GET /xingrg/javascript/easyui/themes/icons/refresh_new.png HTTP/1.1" 304 -
120.253.135.82 - - [09/Jul/2021:06:28:55 +0800] "GET /xingrg/javascript/easyui/plugins/jquery.draggable.js HTTP/1.1" 304 -
120.253.135.82 - - [09/Jul/2021:06:28:55 +0800] "GET /xingrg/javascript/easyui/plugins/jquery.droppable.js HTTP/1.1" 304 -
120.253.135.82 - - [09/Jul/2021:06:28:55 +0800] "GET /xingrg/javascript/easyui/themes/default/tree.css HTTP/1.1" 404 1090
120.253.135.82 - - [09/Jul/2021:06:28:55 +0800] "GET /xingrg/javascript/easyui/plugins/jquery.tree.js HTTP/1.1" 304 -
120.253.135.82 - - [09/Jul/2021:06:28:55 +0800] "POST /xingrg/all/common/load_tree.html?tree=materiel_sort_tree_json HTTP/1.1" 200 8666
120.253.135.82 - - [09/Jul/2021:06:28:55 +0800] "GET /xingrg/javascript/easyui/themes/sunny/images/tree_arrows.gif HTTP/1.1" 304 -
120.253.135.82 - - [09/Jul/2021:06:28:55 +0800] "GET /xingrg/javascript/easyui/themes/sunny/images/tree_folder.gif HTTP/1.1" 304 -
120.253.135.82 - - [09/Jul/2021:06:28:55 +0800] "GET /xingrg/javascript/easyui/themes/sunny/images/tree_folder_open.gif HTTP/1.1" 304 -
