222.69.129.116 - - [09/Jul/2021:09:34:53 +0800] "GET /xingrg/dwr/interface/AjaxReportQueryService.js HTTP/1.1" 200 13203
222.69.129.116 - - [09/Jul/2021:09:34:53 +0800] "GET /xingrg/dwr/engine.js HTTP/1.1" 200 43631
180.162.112.86 - - [09/Jul/2021:09:34:54 +0800] "GET /xingrg/all/function/internal_message.html?_=1625794150625&CODE_STATE=getMsg HTTP/1.1" 200 27
222.69.129.116 - - [09/Jul/2021:09:34:54 +0800] "POST /xingrg/dwr/call/plaincall/AjaxReportQueryService.getFixDate.dwr HTTP/1.1" 200 111
222.69.129.116 - - [09/Jul/2021:09:34:54 +0800] "POST /xingrg/all/common/load_tree.html?tree=area_station_tree_json&manage=1 HTTP/1.1" 200 347
222.69.129.116 - - [09/Jul/2021:09:34:54 +0800] "POST /xingrg/dwr/call/plaincall/AjaxReportQueryService.getInitString.dwr HTTP/1.1" 200 76
222.69.129.116 - - [09/Jul/2021:09:34:59 +0800] "POST /xingrg/dwr/call/plaincall/AjaxReportQueryService.queryInitializeString.dwr HTTP/1.1" 200 203
180.152.122.18 - - [09/Jul/2021:09:35:00 +0800] "POST /xingrg/kc/buy/cgsh_order_operate.html HTTP/1.1" 200 37
58.37.5.217 - - [09/Jul/2021:09:35:00 +0800] "GET /xingrg/all/function/internal_message.html?_=1625795042381&CODE_STATE=getMsg HTTP/1.1" 200 27
222.69.129.116 - - [09/Jul/2021:09:35:00 +0800] "POST /xingrg/dwr/call/plaincall/AjaxReportQueryService.refreshCache.dwr HTTP/1.1" 200 78
222.69.129.116 - - [09/Jul/2021:09:35:01 +0800] "POST /xingrg/kc/buy/cgsh_order_operate.html HTTP/1.1" 200 12
222.69.129.116 - - [09/Jul/2021:09:35:01 +0800] "POST /xingrg/all/report/load_report_page.html HTTP/1.1" 200 196460
222.69.129.116 - - [09/Jul/2021:09:35:01 +0800] "GET /xingrg/servlets/image?cache=0.9644160951568267&image=px HTTP/1.1" 200 807
180.152.122.18 - - [09/Jul/2021:09:35:02 +0800] "GET /xingrg/kc/buy/cgsh_order_operate.html?command=get_materiel&rest_code=00150&code=00101009124&supplier_code=00100424&order_time=2021-07-09 HTTP/1.1" 200 402
180.152.122.18 - - [09/Jul/2021:09:35:04 +0800] "POST /xingrg/kc/buy/cgsh_order_operate.html HTTP/1.1" 200 12
222.69.129.116 - - [09/Jul/2021:09:35:04 +0800] "GET /xingrg/kc/buy/cgsh_order_info.html?code=212021070903669 HTTP/1.1" 200 57638
222.69.129.116 - - [09/Jul/2021:09:35:04 +0800] "GET /xingrg/words/20210709092849_words.js HTTP/1.1" 304 -
222.69.129.116 - - [09/Jul/2021:09:35:04 +0800] "GET /xingrg/javascript/easyui/themes/default/validatebox.css HTTP/1.1" 404 1104
180.152.122.18 - - [09/Jul/2021:09:35:05 +0800] "GET /xingrg/kc/buy/cgsh_order_info.html?code=212021070903670 HTTP/1.1" 200 57245
222.69.129.116 - - [09/Jul/2021:09:35:05 +0800] "POST /xingrg/kc/buy/cgsh_order_operate.html HTTP/1.1" 200 2363
180.152.122.18 - - [09/Jul/2021:09:35:05 +0800] "GET /xingrg/javascript/easyui/themes/default/validatebox.css HTTP/1.1" 404 1104
180.152.122.18 - - [09/Jul/2021:09:35:06 +0800] "POST /xingrg/kc/buy/cgsh_order_operate.html HTTP/1.1" 200 3680
222.69.129.116 - - [09/Jul/2021:09:35:06 +0800] "GET /xingrg/kc/print/load_data.html?order_code=212021070903669&kc_code=cgsh&condition= HTTP/1.1" 200 1430
180.169.147.146 - - [09/Jul/2021:09:35:07 +0800] "GET /xingrg/check_reg.html?_=1625794511492 HTTP/1.1" 302 -
180.152.122.18 - - [09/Jul/2021:09:35:09 +0800] "GET /xingrg/kc/print/load_data.html?order_code=212021070903670&kc_code=cgsh&condition= HTTP/1.1" 200 1983
180.152.122.18 - - [09/Jul/2021:09:35:09 +0800] "GET /xingrg/all/function/internal_message.html?_=1625794508927&CODE_STATE=getMsg HTTP/1.1" 200 27
116.230.117.165 - - [09/Jul/2021:09:35:09 +0800] "GET /xingrg/all/function/internal_message.html?_=1625794529476&CODE_STATE=getMsg HTTP/1.1" 200 27
180.152.122.18 - - [09/Jul/2021:09:35:10 +0800] "GET /xingrg/kc/buy/cgsh_order_operate.html?command=get_materiel&rest_code=00150&code=00101009016&supplier_code=00100424&order_time=2021-07-09 HTTP/1.1" 200 412
222.69.129.116 - - [09/Jul/2021:09:35:13 +0800] "GET /xingrg/all/function/internal_message.html?_=1625794518178&CODE_STATE=getMsg HTTP/1.1" 200 27
180.174.237.246 - - [09/Jul/2021:09:35:15 +0800] "GET /xingrg/all/function/internal_message.html?_=1625794535308&CODE_STATE=getMsg HTTP/1.1" 200 27
180.152.122.18 - - [09/Jul/2021:09:35:19 +0800] "GET /xingrg/kc/buy/cgsh_order_operate.html?command=get_materiel&rest_code=00150&code=00101009039&supplier_code=00100424&order_time=2021-07-09 HTTP/1.1" 200 408
180.174.237.246 - - [09/Jul/2021:09:35:29 +0800] "GET /favicon.ico HTTP/1.1" 404 -
180.152.122.18 - - [09/Jul/2021:09:35:29 +0800] "GET /xingrg/all/function/internal_message.html?_=1625794519406&CODE_STATE=getMsg HTTP/1.1" 200 27
222.69.129.116 - - [09/Jul/2021:09:35:30 +0800] "GET /xingrg/kc/buy/cgsh_order_add.html HTTP/1.1" 200 62728
222.69.129.116 - - [09/Jul/2021:09:35:31 +0800] "POST /xingrg/kc/buy/cgsh_order_operate.html HTTP/1.1" 200 8245
222.69.129.116 - - [09/Jul/2021:09:35:31 +0800] "GET /xingrg/javascript/easyui/themes/default/validatebox.css HTTP/1.1" 404 1104
180.169.147.146 - - [09/Jul/2021:09:35:33 +0800] "GET /xingrg/all/function/internal_message.html?_=1625794546258&CODE_STATE=getMsg HTTP/1.1" 200 27
180.152.122.18 - - [09/Jul/2021:09:35:35 +0800] "POST /xingrg/kc/buy/cgsh_list_operate.html HTTP/1.1" 200 563
180.152.122.18 - - [09/Jul/2021:09:35:36 +0800] "GET /xingrg/kc/buy/cgsh_order_info.html?code=212021070903665 HTTP/1.1" 200 62326
180.152.122.18 - - [09/Jul/2021:09:35:37 +0800] "GET /xingrg/javascript/easyui/themes/default/validatebox.css HTTP/1.1" 404 1104
180.152.122.18 - - [09/Jul/2021:09:35:38 +0800] "POST /xingrg/kc/buy/cgsh_order_operate.html HTTP/1.1" 200 7450
180.152.122.18 - - [09/Jul/2021:09:35:38 +0800] "GET /xingrg/kc/buy/cgsh_order_operate.html?command=get_materiel&rest_code=00150&code=00101009062&supplier_code=00100424&order_time=2021-07-09 HTTP/1.1" 200 412
221.239.195.6 - - [09/Jul/2021:09:35:41 +0800] "GET /xingrg/all/function/internal_message.html?_=1625794545948&CODE_STATE=getMsg HTTP/1.1" 200 27
222.70.176.145 - - [09/Jul/2021:09:35:42 +0800] "GET /xingrg/all/function/internal_message.html?_=1625794542383&CODE_STATE=getMsg HTTP/1.1" 200 27
222.70.176.145 - - [09/Jul/2021:09:35:42 +0800] "GET /xingrg/check_reg.html?_=1625794542746 HTTP/1.1" 200 22
180.152.122.18 - - [09/Jul/2021:09:35:43 +0800] "POST /xingrg/kc/buy/cgsh_order_operate.html HTTP/1.1" 200 37
120.253.135.82 - - [09/Jul/2021:09:35:43 +0800] "GET /xingrg/all/function/internal_message.html?_=1625794329581&CODE_STATE=getMsg HTTP/1.1" 200 27
180.152.122.18 - - [09/Jul/2021:09:35:46 +0800] "GET /xingrg/kc/buy/cgsh_order_operate.html?command=get_materiel&rest_code=00150&code=00101009011&supplier_code=00100424&order_time=2021-07-09 HTTP/1.1" 200 416
222.69.129.116 - - [09/Jul/2021:09:35:48 +0800] "GET /xingrg/kc/buy/cgsh_order_operate.html?command=get_materiel&rest_code=00149&code=00101006184&supplier_code=00100012&order_time=2021-07-09 HTTP/1.1" 200 408
180.152.122.18 - - [09/Jul/2021:09:35:48 +0800] "POST /xingrg/kc/buy/cgsh_order_operate.html HTTP/1.1" 200 12
116.230.114.112 - - [09/Jul/2021:09:35:50 +0800] "GET /xingrg/all/function/internal_message.html?_=1625794568585&CODE_STATE=getMsg HTTP/1.1" 302 -
180.152.122.18 - - [09/Jul/2021:09:35:50 +0800] "GET /xingrg/kc/buy/cgsh_order_info.html?code=212021070903665 HTTP/1.1" 200 57223
180.152.122.18 - - [09/Jul/2021:09:35:51 +0800] "GET /xingrg/javascript/easyui/themes/default/validatebox.css HTTP/1.1" 404 1104
180.152.122.18 - - [09/Jul/2021:09:35:52 +0800] "POST /xingrg/kc/buy/cgsh_order_operate.html HTTP/1.1" 200 5395
180.152.122.18 - - [09/Jul/2021:09:35:52 +0800] "GET /xingrg/kc/buy/cgsh_order_operate.html?command=get_materiel&rest_code=00150&code=00101009007&supplier_code=00100424&order_time=2021-07-09 HTTP/1.1" 200 408
116.230.110.80 - - [09/Jul/2021:09:35:52 +0800] "GET /xingrg/all/function/internal_message.html?_=1625794554171&CODE_STATE=getMsg HTTP/1.1" 200 27
180.152.122.18 - - [09/Jul/2021:09:35:53 +0800] "GET /xingrg/kc/print/load_data.html?order_code=212021070903665&kc_code=cgsh&condition= HTTP/1.1" 200 2563
180.162.112.86 - - [09/Jul/2021:09:35:54 +0800] "GET /xingrg/all/function/internal_message.html?_=1625794210626&CODE_STATE=getMsg HTTP/1.1" 200 27
58.37.5.217 - - [09/Jul/2021:09:36:00 +0800] "GET /xingrg/all/function/internal_message.html?_=1625795102382&CODE_STATE=getMsg HTTP/1.1" 200 27
222.69.129.116 - - [09/Jul/2021:09:36:02 +0800] "GET /xingrg/kc/buy/cgsh_order_operate.html?command=get_materiel&rest_code=00149&code=00101006056&supplier_code=00100012&order_time=2021-07-09 HTTP/1.1" 200 413
180.152.122.18 - - [09/Jul/2021:09:36:02 +0800] "GET /favicon.ico HTTP/1.1" 404 -
180.152.122.18 - - [09/Jul/2021:09:36:05 +0800] "POST /xingrg/login.do HTTP/1.1" 302 -
180.152.122.18 - - [09/Jul/2021:09:36:05 +0800] "GET /xingrg/index.html?sysBaseUrl=http%3A%2F%2F180.169.147.146%3A18081%2Fxingrg%2F&costTime=114×tamp=1625794565281 HTTP/1.1" 200 17179
180.152.122.18 - - [09/Jul/2021:09:36:05 +0800] "GET /xingrg/check_reg.html?_=1625794555694 HTTP/1.1" 200 22
180.152.122.18 - - [09/Jul/2021:09:36:05 +0800] "GET /xingrg/all/function/internal_message.html?_=1625794555694&CODE_STATE=count HTTP/1.1" 200 11
180.152.122.18 - - [09/Jul/2021:09:36:05 +0800] "POST /xingrg/all/common/load_tree.html?tree=area_rest_tree_json&manage=1 HTTP/1.1" 200 476
180.152.122.18 - - [09/Jul/2021:09:36:05 +0800] "GET /favicon.ico HTTP/1.1" 404 -
180.152.122.18 - - [09/Jul/2021:09:36:05 +0800] "POST /xingrg/load_menu.html HTTP/1.1" 200 5138
116.230.117.165 - - [09/Jul/2021:09:36:08 +0800] "GET /xingrg/check_reg.html?_=1625794588719 HTTP/1.1" 200 22
58.37.225.51 - - [09/Jul/2021:09:36:09 +0800] "GET /xingrg/check_reg.html?_=1625794493467 HTTP/1.1" 302 -
180.152.122.18 - - [09/Jul/2021:09:36:09 +0800] "GET /xingrg/all/function/internal_message.html?_=1625794568907&CODE_STATE=getMsg HTTP/1.1" 200 27
116.230.117.165 - - [09/Jul/2021:09:36:09 +0800] "GET /xingrg/all/function/internal_message.html?_=1625794589488&CODE_STATE=getMsg HTTP/1.1" 200 27
180.152.122.18 - - [09/Jul/2021:09:36:10 +0800] "POST /xingrg/all/user/operate.html HTTP/1.1" 200 36
180.152.122.18 - - [09/Jul/2021:09:36:10 +0800] "GET /xingrg/index.html?sysBaseUrl=http%3A%2F%2F180.169.147.146%3A18081%2Fxingrg%2F&costTime=114×tamp=1625794565281 HTTP/1.1" 200 17177
180.152.122.18 - - [09/Jul/2021:09:36:10 +0800] "GET /xingrg/javascript/jquery_easy_ui/themes/default/easyui.css HTTP/1.1" 304 -
180.152.122.18 - - [09/Jul/2021:09:36:10 +0800] "GET /xingrg/javascript/jquery_easy_ui/themes/icon.css HTTP/1.1" 304 -
180.152.122.18 - - [09/Jul/2021:09:36:10 +0800] "GET /xingrg/css/form.css HTTP/1.1" 304 -
180.152.122.18 - - [09/Jul/2021:09:36:10 +0800] "GET /xingrg/javascript/jquery-1.4.2.min.js HTTP/1.1" 304 -
180.152.122.18 - - [09/Jul/2021:09:36:10 +0800] "GET /xingrg/javascript/jquery_easy_ui/jquery.easyui.min.js HTTP/1.1" 304 -
180.152.122.18 - - [09/Jul/2021:09:36:10 +0800] "GET /xingrg/javascript/jquery_easy_ui/easyui-lang-zh_CN.js HTTP/1.1" 304 -
180.152.122.18 - - [09/Jul/2021:09:36:10 +0800] "GET /xingrg/javascript/jquery.form.js HTTP/1.1" 304 -
180.152.122.18 - - [09/Jul/2021:09:36:10 +0800] "GET /xingrg/javascript/jquery.utils.js HTTP/1.1" 304 -
180.152.122.18 - - [09/Jul/2021:09:36:10 +0800] "GET /xingrg/javascript/jquery.timers.js HTTP/1.1" 304 -
180.152.122.18 - - [09/Jul/2021:09:36:10 +0800] "GET /xingrg/images/blue/jxLogo.png HTTP/1.1" 304 -
180.152.122.18 - - [09/Jul/2021:09:36:10 +0800] "GET /xingrg/images/blue/navBackgound.jpg HTTP/1.1" 304 -
180.152.122.18 - - [09/Jul/2021:09:36:11 +0800] "GET /xingrg/javascript/jquery_easy_ui/themes/icons/settle_new.png HTTP/1.1" 304 -
180.152.122.18 - - [09/Jul/2021:09:36:11 +0800] "GET /xingrg/images/blue/pingpu.png HTTP/1.1" 304 -
180.152.122.18 - - [09/Jul/2021:09:36:11 +0800] "GET /xingrg/javascript/jquery_easy_ui/themes/default/images/tabs_rightarrow.png HTTP/1.1" 304 -
180.152.122.18 - - [09/Jul/2021:09:36:11 +0800] "GET /xingrg/javascript/jquery_easy_ui/themes/default/images/tabs_leftarrow.png HTTP/1.1" 304 -
180.152.122.18 - - [09/Jul/2021:09:36:11 +0800] "GET /xingrg/javascript/jquery_easy_ui/themes/default/images/panel_tool_collapse.gif HTTP/1.1" 304 -
180.152.122.18 - - [09/Jul/2021:09:36:11 +0800] "POST /xingrg/all/common/load_tree.html?tree=area_rest_tree_json&manage=1 HTTP/1.1" 200 476
180.152.122.18 - - [09/Jul/2021:09:36:11 +0800] "GET /xingrg/all/function/internal_message.html?_=1625794561055&CODE_STATE=count HTTP/1.1" 200 11
180.152.122.18 - - [09/Jul/2021:09:36:11 +0800] "GET /xingrg/check_reg.html?_=1625794561056 HTTP/1.1" 200 22
180.152.122.18 - - [09/Jul/2021:09:36:11 +0800] "POST /xingrg/load_menu.html HTTP/1.1" 200 5138
180.169.147.146 - - [09/Jul/2021:09:36:12 +0800] "GET /xingrg/check_reg.html?_=1625794571752 HTTP/1.1" 200 22
222.69.129.116 - - [09/Jul/2021:09:36:13 +0800] "GET /xingrg/all/function/internal_message.html?_=1625794578154&CODE_STATE=getMsg HTTP/1.1" 200 27
180.152.122.18 - - [09/Jul/2021:09:36:13 +0800] "POST /xingrg/kc/buy/cgsh_order_operate.html HTTP/1.1" 200 37
180.152.122.18 - - [09/Jul/2021:09:36:14 +0800] "GET /xingrg/kc/buy/cgsh_order_list.html HTTP/1.1" 200 46941
222.69.129.116 - - [09/Jul/2021:09:36:14 +0800] "GET /xingrg/kc/buy/cgsh_order_operate.html?command=get_materiel&rest_code=00149&code=00101006136&supplier_code=00100012&order_time=2021-07-09 HTTP/1.1" 200 417
180.174.237.246 - - [09/Jul/2021:09:36:15 +0800] "GET /xingrg/all/function/internal_message.html?_=1625794595322&CODE_STATE=getMsg HTTP/1.1" 200 27
180.152.122.18 - - [09/Jul/2021:09:36:16 +0800] "POST /xingrg/kc/buy/cgsh_order_operate.html HTTP/1.1" 200 6803
180.152.122.18 - - [09/Jul/2021:09:36:17 +0800] "POST /xingrg/kc/buy/cgsh_list_operate.html HTTP/1.1" 200 1689
101.85.107.54 - - [09/Jul/2021:09:36:17 +0800] "GET /xingrg HTTP/1.1" 302 -
101.85.107.54 - - [09/Jul/2021:09:36:17 +0800] "GET /xingrg/ HTTP/1.1" 200 292
101.85.107.54 - - [09/Jul/2021:09:36:19 +0800] "GET /xingrg/index.html HTTP/1.1" 302 -
101.85.107.54 - - [09/Jul/2021:09:36:19 +0800] "GET /favicon.ico HTTP/1.1" 404 -
101.85.107.54 - - [09/Jul/2021:09:36:20 +0800] "GET /xingrg/login.html HTTP/1.1" 200 7641
101.85.107.54 - - [09/Jul/2021:09:36:20 +0800] "GET /xingrg/images/blue/jxLogo.png HTTP/1.1" 200 6156
101.85.107.54 - - [09/Jul/2021:09:36:20 +0800] "GET /xingrg/images/blue/hj.png HTTP/1.1" 200 1014
101.85.107.54 - - [09/Jul/2021:09:36:20 +0800] "GET /xingrg/images/blue/login_bg.png HTTP/1.1" 200 22101
101.85.107.54 - - [09/Jul/2021:09:36:20 +0800] "GET /xingrg/images/blue/srbg.png HTTP/1.1" 200 138
101.85.107.54 - - [09/Jul/2021:09:36:20 +0800] "GET /favicon.ico HTTP/1.1" 404 -
180.152.122.18 - - [09/Jul/2021:09:36:21 +0800] "POST /xingrg/kc/buy/cgsh_list_operate.html HTTP/1.1" 200 560
180.152.122.18 - - [09/Jul/2021:09:36:21 +0800] "GET /xingrg/kc/buy/cgsh_order_info.html?code=212021070903659 HTTP/1.1" 200 62326
180.152.122.18 - - [09/Jul/2021:09:36:22 +0800] "GET /xingrg/javascript/easyui/themes/default/validatebox.css HTTP/1.1" 404 1104
180.152.122.18 - - [09/Jul/2021:09:36:23 +0800] "POST /xingrg/kc/buy/cgsh_order_operate.html HTTP/1.1" 200 25404
101.85.107.54 - - [09/Jul/2021:09:36:28 +0800] "POST /xingrg/login.do HTTP/1.1" 302 -
101.85.107.54 - - [09/Jul/2021:09:36:29 +0800] "GET /xingrg/javascript/jquery_easy_ui/themes/icon.css HTTP/1.1" 200 3949
101.85.107.54 - - [09/Jul/2021:09:36:29 +0800] "GET /xingrg/css/form.css HTTP/1.1" 200 893
101.85.107.54 - - [09/Jul/2021:09:36:29 +0800] "GET /xingrg/index.html?sysBaseUrl=http%3A%2F%2F180.169.147.146%3A18081%2Fxingrg%2F&costTime=44×tamp=1625794588975 HTTP/1.1" 200 17179
101.85.107.54 - - [09/Jul/2021:09:36:29 +0800] "GET /xingrg/javascript/jquery_easy_ui/themes/default/easyui.css HTTP/1.1" 200 26500
101.85.107.54 - - [09/Jul/2021:09:36:29 +0800] "GET /xingrg/javascript/jquery-1.4.2.min.js HTTP/1.1" 200 72205
101.85.107.54 - - [09/Jul/2021:09:36:29 +0800] "GET /xingrg/javascript/jquery_easy_ui/jquery.easyui.min.js HTTP/1.1" 200 213662
101.85.107.54 - - [09/Jul/2021:09:36:29 +0800] "GET /xingrg/javascript/jquery_easy_ui/easyui-lang-zh_CN.js HTTP/1.1" 200 1900
101.85.107.54 - - [09/Jul/2021:09:36:29 +0800] "GET /xingrg/javascript/jquery.timers.js HTTP/1.1" 200 3532
101.85.107.54 - - [09/Jul/2021:09:36:29 +0800] "GET /favicon.ico HTTP/1.1" 404 -
101.85.107.54 - - [09/Jul/2021:09:36:29 +0800] "GET /xingrg/javascript/jquery.form.js HTTP/1.1" 200 23110
101.85.107.54 - - [09/Jul/2021:09:36:29 +0800] "GET /xingrg/javascript/jquery.utils.js HTTP/1.1" 200 11805
101.85.107.54 - - [09/Jul/2021:09:36:29 +0800] "GET /xingrg/javascript/jquery_easy_ui/themes/icons/settle_new.png HTTP/1.1" 200 826
101.85.107.54 - - [09/Jul/2021:09:36:29 +0800] "GET /xingrg/images/blue/navBackgound.jpg HTTP/1.1" 200 12378
101.85.107.54 - - [09/Jul/2021:09:36:29 +0800] "POST /xingrg/all/common/load_tree.html?tree=area_rest_tree_json&manage=1 HTTP/1.1" 200 351
101.85.107.54 - - [09/Jul/2021:09:36:30 +0800] "GET /xingrg/images/blue/pingpu.png HTTP/1.1" 200 231
101.85.107.54 - - [09/Jul/2021:09:36:30 +0800] "GET /xingrg/javascript/jquery_easy_ui/themes/default/images/tabs_leftarrow.png HTTP/1.1" 200 389
101.85.107.54 - - [09/Jul/2021:09:36:30 +0800] "GET /xingrg/javascript/jquery_easy_ui/themes/default/images/tabs_rightarrow.png HTTP/1.1" 200 395
101.85.107.54 - - [09/Jul/2021:09:36:30 +0800] "GET /xingrg/javascript/jquery_easy_ui/themes/default/images/panel_tool_collapse.gif HTTP/1.1" 200 246
101.85.107.54 - - [09/Jul/2021:09:36:30 +0800] "GET /xingrg/check_reg.html?_=1625794014225 HTTP/1.1" 200 22
101.85.107.54 - - [09/Jul/2021:09:36:30 +0800] "GET /xingrg/all/function/internal_message.html?_=1625794014225&CODE_STATE=count HTTP/1.1" 200 11
101.85.107.54 - - [09/Jul/2021:09:36:30 +0800] "GET /xingrg/javascript/jquery_easy_ui/themes/default/images/tree_arrows.gif HTTP/1.1" 200 1043
101.85.107.54 - - [09/Jul/2021:09:36:30 +0800] "POST /xingrg/load_menu.html HTTP/1.1" 200 5138
101.85.107.54 - - [09/Jul/2021:09:36:30 +0800] "GET /xingrg/javascript/jquery_easy_ui/themes/default/images/tree_folder_open.gif HTTP/1.1" 200 956
101.85.107.54 - - [09/Jul/2021:09:36:30 +0800] "GET /xingrg/javascript/jquery_easy_ui/themes/icons/search_new.png HTTP/1.1" 200 586
101.85.107.54 - - [09/Jul/2021:09:36:30 +0800] "GET /xingrg/javascript/jquery_easy_ui/themes/default/images/tree_folder.gif HTTP/1.1" 200 952
101.85.107.54 - - [09/Jul/2021:09:36:30 +0800] "GET /xingrg/javascript/jquery_easy_ui/themes/icons/storage_new.png HTTP/1.1" 200 853
101.85.107.54 - - [09/Jul/2021:09:36:30 +0800] "GET /xingrg/javascript/jquery_easy_ui/themes/default/images/tree_file.gif HTTP/1.1" 200 118
101.85.107.54 - - [09/Jul/2021:09:36:30 +0800] "GET /xingrg/javascript/jquery_easy_ui/themes/icons/forms_new.png HTTP/1.1" 200 350
180.169.147.146 - - [09/Jul/2021:09:36:33 +0800] "GET /xingrg/check_reg.html?_=1625794606283 HTTP/1.1" 200 22
180.169.147.146 - - [09/Jul/2021:09:36:33 +0800] "GET /xingrg/all/function/internal_message.html?_=1625794606284&CODE_STATE=getMsg HTTP/1.1" 200 27
222.69.129.116 - - [09/Jul/2021:09:36:34 +0800] "GET /xingrg/kc/buy/cgsh_order_operate.html?command=get_materiel&rest_code=00149&code=00101006006&supplier_code=00100012&order_time=2021-07-09 HTTP/1.1" 200 409
180.152.122.18 - - [09/Jul/2021:09:36:37 +0800] "GET /xingrg/kc/buy/cgsh_order_operate.html?command=get_materiel&rest_code=00150&code=00101009059&supplier_code=00100424&order_time=2021-07-09 HTTP/1.1" 200 409
114.84.0.231 - - [09/Jul/2021:09:36:39 +0800] "POST /xingrg/services/DataTransmitService HTTP/1.1" 200 524
114.84.0.231 - - [09/Jul/2021:09:36:39 +0800] "POST /xingrg/services/DataTransmitService HTTP/1.1" 200 501
221.239.195.6 - - [09/Jul/2021:09:36:41 +0800] "GET /xingrg/all/function/internal_message.html?_=1625794605920&CODE_STATE=getMsg HTTP/1.1" 200 27
180.152.122.18 - - [09/Jul/2021:09:36:41 +0800] "POST /xingrg/kc/buy/cgsh_order_operate.html HTTP/1.1" 200 37
222.70.176.145 - - [09/Jul/2021:09:36:42 +0800] "GET /xingrg/all/function/internal_message.html?_=1625794602353&CODE_STATE=getMsg HTTP/1.1" 200 27
120.253.135.82 - - [09/Jul/2021:09:36:43 +0800] "GET /xingrg/check_reg.html?_=1625794389443 HTTP/1.1" 200 22
120.253.135.82 - - [09/Jul/2021:09:36:43 +0800] "GET /xingrg/all/function/internal_message.html?_=1625794389594&CODE_STATE=getMsg HTTP/1.1" 200 27
222.69.129.116 - - [09/Jul/2021:09:36:44 +0800] "GET /xingrg/kc/buy/cgsh_order_operate.html?command=get_materiel&rest_code=00149&code=00101006109&supplier_code=00100012&order_time=2021-07-09 HTTP/1.1" 200 409
180.152.122.18 - - [09/Jul/2021:09:36:49 +0800] "POST /xingrg/kc/buy/cgsh_order_operate.html HTTP/1.1" 200 12
58.37.5.217 - - [09/Jul/2021:09:36:49 +0800] "GET /xingrg/check_reg.html?_=1625794614639 HTTP/1.1" 200 22
116.230.114.112 - - [09/Jul/2021:09:36:50 +0800] "GET /xingrg/all/function/internal_message.html?_=1625794628601&CODE_STATE=getMsg HTTP/1.1" 302 -
222.69.129.116 - - [09/Jul/2021:09:36:52 +0800] "GET /xingrg/kc/buy/cgsh_order_operate.html?command=get_materiel&rest_code=00149&code=00101006058&supplier_code=00100012&order_time=2021-07-09 HTTP/1.1" 200 413
116.230.110.80 - - [09/Jul/2021:09:36:52 +0800] "GET /xingrg/all/function/internal_message.html?_=1625794614188&CODE_STATE=getMsg HTTP/1.1" 200 27
116.230.110.80 - - [09/Jul/2021:09:36:52 +0800] "GET /xingrg/check_reg.html?_=1625794614189 HTTP/1.1" 200 22
222.70.176.145 - - [09/Jul/2021:09:36:52 +0800] "POST /xingrg/kc/buy/cgsh_list_operate.html HTTP/1.1" 200 5357
180.162.112.86 - - [09/Jul/2021:09:36:54 +0800] "GET /xingrg/all/function/internal_message.html?_=1625794270626&CODE_STATE=getMsg HTTP/1.1" 200 27
222.70.176.145 - - [09/Jul/2021:09:36:59 +0800] "POST /xingrg/kc/buy/cgsh_list_operate.html HTTP/1.1" 200 489
58.37.5.217 - - [09/Jul/2021:09:37:00 +0800] "GET /xingrg/all/function/internal_message.html?_=1625795162381&CODE_STATE=getMsg HTTP/1.1" 200 27
222.70.176.145 - - [09/Jul/2021:09:37:01 +0800] "GET /xingrg/kc/buy/cgsh_order_info.html?code=212021070803632 HTTP/1.1" 200 62688
222.70.176.145 - - [09/Jul/2021:09:37:01 +0800] "GET /xingrg/words/20210709092849_words.js HTTP/1.1" 200 824606
180.152.122.18 - - [09/Jul/2021:09:37:01 +0800] "GET /xingrg/kc/buy/cgsh_order_info.html?code=212021070903659 HTTP/1.1" 200 57223
222.70.176.145 - - [09/Jul/2021:09:37:01 +0800] "GET /xingrg/javascript/easyui/themes/default/validatebox.css HTTP/1.1" 404 1104
180.152.122.18 - - [09/Jul/2021:09:37:01 +0800] "GET /xingrg/javascript/easyui/themes/default/validatebox.css HTTP/1.1" 404 1104
222.70.176.145 - - [09/Jul/2021:09:37:02 +0800] "POST /xingrg/kc/buy/cgsh_order_operate.html HTTP/1.1" 200 5022
180.152.122.18 - - [09/Jul/2021:09:37:02 +0800] "POST /xingrg/kc/buy/cgsh_order_operate.html HTTP/1.1" 200 23342
222.69.129.116 - - [09/Jul/2021:09:37:03 +0800] "GET /xingrg/kc/buy/cgsh_order_operate.html?command=get_materiel&rest_code=00149&code=00101006229&supplier_code=00100012&order_time=2021-07-09 HTTP/1.1" 200 412
180.152.122.18 - - [09/Jul/2021:09:37:04 +0800] "GET /xingrg/kc/print/load_data.html?order_code=212021070903659&kc_code=cgsh&condition= HTTP/1.1" 200 9531
180.152.122.18 - - [09/Jul/2021:09:37:09 +0800] "GET /xingrg/all/function/internal_message.html?_=1625794628906&CODE_STATE=getMsg HTTP/1.1" 200 27
116.230.117.165 - - [09/Jul/2021:09:37:09 +0800] "GET /xingrg/all/function/internal_message.html?_=1625794649503&CODE_STATE=getMsg HTTP/1.1" 200 27
180.152.122.18 - - [09/Jul/2021:09:37:11 +0800] "GET /xingrg/all/function/internal_message.html?_=1625794621057&CODE_STATE=getMsg HTTP/1.1" 200 27
222.69.129.116 - - [09/Jul/2021:09:37:13 +0800] "GET /xingrg/all/function/internal_message.html?_=1625794638140&CODE_STATE=getMsg HTTP/1.1" 200 27
180.174.237.246 - - [09/Jul/2021:09:37:15 +0800] "GET /xingrg/all/function/internal_message.html?_=1625794655358&CODE_STATE=getMsg HTTP/1.1" 200 27
222.70.176.145 - - [09/Jul/2021:09:37:19 +0800] "POST /xingrg/kc/buy/cgsh_order_operate.html HTTP/1.1" 200 37
222.69.129.116 - - [09/Jul/2021:09:37:26 +0800] "POST /xingrg/kc/buy/cgsh_order_operate.html HTTP/1.1" 200 37
101.85.107.54 - - [09/Jul/2021:09:37:30 +0800] "GET /xingrg/all/function/internal_message.html?_=1625794074240&CODE_STATE=getMsg HTTP/1.1" 200 27
222.69.129.116 - - [09/Jul/2021:09:37:31 +0800] "POST /xingrg/kc/buy/cgsh_order_operate.html HTTP/1.1" 200 12
222.69.129.116 - - [09/Jul/2021:09:37:32 +0800] "GET /xingrg/kc/buy/cgsh_order_info.html?code=212021070903672 HTTP/1.1" 200 57636
222.69.129.116 - - [09/Jul/2021:09:37:33 +0800] "GET /xingrg/words/20210709092849_words.js HTTP/1.1" 304 -
222.69.129.116 - - [09/Jul/2021:09:37:33 +0800] "GET /xingrg/javascript/easyui/themes/default/validatebox.css HTTP/1.1" 404 1104
180.169.147.146 - - [09/Jul/2021:09:37:33 +0800] "GET /xingrg/all/function/internal_message.html?_=1625794666282&CODE_STATE=getMsg HTTP/1.1" 200 27
222.69.129.116 - - [09/Jul/2021:09:37:33 +0800] "POST /xingrg/kc/buy/cgsh_order_operate.html HTTP/1.1" 200 4171
222.69.129.116 - - [09/Jul/2021:09:37:39 +0800] "GET /xingrg/kc/print/load_data.html?order_code=212021070903672&kc_code=cgsh&condition= HTTP/1.1" 200 2165
58.221.95.50 - - [09/Jul/2021:09:37:40 +0800] "GET /xingrg/check_reg.html?_=1625794664351 HTTP/1.1" 302 -
221.239.195.6 - - [09/Jul/2021:09:37:41 +0800] "GET /xingrg/all/function/internal_message.html?_=1625794665894&CODE_STATE=getMsg HTTP/1.1" 200 27
116.230.110.80 - - [09/Jul/2021:09:37:42 +0800] "GET /xingrg/kc/buy/buy_main.html HTTP/1.1" 200 12412
116.230.110.80 - - [09/Jul/2021:09:37:42 +0800] "GET /xingrg/css/new_ie.css HTTP/1.1" 404 1036
180.152.122.18 - - [09/Jul/2021:09:37:42 +0800] "POST /xingrg/kc/buy/cgsh_order_operate.html HTTP/1.1" 200 12
180.152.122.18 - - [09/Jul/2021:09:37:43 +0800] "GET /xingrg/kc/buy/cgsh_order_info.html?code=212021070903659 HTTP/1.1" 200 62326
120.253.135.82 - - [09/Jul/2021:09:37:43 +0800] "GET /xingrg/all/function/internal_message.html?_=1625794449608&CODE_STATE=getMsg HTTP/1.1" 200 27
180.152.122.18 - - [09/Jul/2021:09:37:44 +0800] "GET /xingrg/javascript/easyui/themes/default/validatebox.css HTTP/1.1" 404 1104
222.69.129.116 - - [09/Jul/2021:09:37:44 +0800] "GET /xingrg/kc/buy/cgsh_order_add.html HTTP/1.1" 200 62728
222.69.129.116 - - [09/Jul/2021:09:37:44 +0800] "POST /xingrg/kc/buy/cgsh_order_operate.html HTTP/1.1" 200 8245
222.69.129.116 - - [09/Jul/2021:09:37:44 +0800] "GET /xingrg/javascript/easyui/themes/default/validatebox.css HTTP/1.1" 404 1104
180.152.122.18 - - [09/Jul/2021:09:37:44 +0800] "POST /xingrg/kc/buy/cgsh_order_operate.html HTTP/1.1" 200 25404
116.230.110.80 - - [09/Jul/2021:09:37:44 +0800] "GET /xingrg/kc/buy/cgsh_order_list.html HTTP/1.1" 200 46943
116.230.110.80 - - [09/Jul/2021:09:37:45 +0800] "POST /xingrg/kc/buy/cgsh_list_operate.html HTTP/1.1" 200 876
116.230.114.112 - - [09/Jul/2021:09:37:50 +0800] "GET /xingrg/all/function/internal_message.html?_=1625794688628&CODE_STATE=getMsg HTTP/1.1" 302 -
116.230.110.80 - - [09/Jul/2021:09:37:52 +0800] "GET /xingrg/all/function/internal_message.html?_=1625794674178&CODE_STATE=getMsg HTTP/1.1" 200 27
180.162.112.86 - - [09/Jul/2021:09:37:54 +0800] "GET /xingrg/check_reg.html?_=1625794330652 HTTP/1.1" 200 22
180.162.112.86 - - [09/Jul/2021:09:37:54 +0800] "GET /xingrg/all/function/internal_message.html?_=1625794330654&CODE_STATE=getMsg HTTP/1.1" 200 27
116.230.110.80 - - [09/Jul/2021:09:37:56 +0800] "GET /xingrg/words/20210709092849_words.js HTTP/1.1" 200 824606
116.230.110.80 - - [09/Jul/2021:09:37:56 +0800] "GET /xingrg/kc/buy/cgsh_order_add.html HTTP/1.1" 200 62643
116.230.110.80 - - [09/Jul/2021:09:37:58 +0800] "POST /xingrg/kc/buy/cgsh_order_operate.html HTTP/1.1" 200 8245
116.230.110.80 - - [09/Jul/2021:09:37:58 +0800] "GET /xingrg/all/common/auto_word.html?type=employee&rest_code=00155 HTTP/1.1" 200 205
116.230.110.80 - - [09/Jul/2021:09:37:58 +0800] "GET /xingrg/javascript/easyui/themes/default/validatebox.css HTTP/1.1" 404 1104
116.230.110.80 - - [09/Jul/2021:09:37:58 +0800] "GET /xingrg/all/common/auto_word.html?type=employee&rest_code=00155 HTTP/1.1" 200 205
58.37.5.217 - - [09/Jul/2021:09:38:00 +0800] "GET /xingrg/check_reg.html?_=1625795222382 HTTP/1.1" 200 22
58.37.5.217 - - [09/Jul/2021:09:38:00 +0800] "GET /xingrg/all/function/internal_message.html?_=1625795222383&CODE_STATE=getMsg HTTP/1.1" 200 27
222.69.129.116 - - [09/Jul/2021:09:38:03 +0800] "GET /xingrg/kc/buy/cgsh_order_operate.html?command=get_materiel&rest_code=00149&code=00101007061&supplier_code=00100205&order_time=2021-07-09 HTTP/1.1" 200 409
116.230.110.80 - - [09/Jul/2021:09:38:08 +0800] "GET /xingrg/javascript/auto/indicator.gif HTTP/1.1" 404 1066
116.230.110.80 - - [09/Jul/2021:09:38:09 +0800] "GET /xingrg/javascript/jquery_tools/images/prev.gif HTTP/1.1" 404 1086
116.230.110.80 - - [09/Jul/2021:09:38:09 +0800] "GET /xingrg/javascript/jquery_tools/images/next.gif HTTP/1.1" 404 1086
180.152.122.18 - - [09/Jul/2021:09:38:09 +0800] "GET /xingrg/check_reg.html?_=1625794688903 HTTP/1.1" 200 22
180.152.122.18 - - [09/Jul/2021:09:38:09 +0800] "GET /xingrg/all/function/internal_message.html?_=1625794688906&CODE_STATE=getMsg HTTP/1.1" 200 27
116.230.117.165 - - [09/Jul/2021:09:38:09 +0800] "GET /xingrg/all/function/internal_message.html?_=1625794709516&CODE_STATE=getMsg HTTP/1.1" 200 27
180.152.122.18 - - [09/Jul/2021:09:38:11 +0800] "GET /xingrg/all/function/internal_message.html?_=1625794681070&CODE_STATE=getMsg HTTP/1.1" 200 27
222.69.129.116 - - [09/Jul/2021:09:38:13 +0800] "GET /xingrg/kc/buy/cgsh_order_operate.html?command=get_materiel&rest_code=00149&code=00101007082&supplier_code=00100205&order_time=2021-07-09 HTTP/1.1" 200 428
222.69.129.116 - - [09/Jul/2021:09:38:13 +0800] "GET /xingrg/all/function/internal_message.html?_=1625794698184&CODE_STATE=getMsg HTTP/1.1" 200 27
222.70.176.145 - - [09/Jul/2021:09:38:14 +0800] "GET /xingrg/all/function/internal_message.html?_=1625794694431&CODE_STATE=getMsg HTTP/1.1" 200 27
222.70.176.145 - - [09/Jul/2021:09:38:14 +0800] "POST /xingrg/kc/buy/cgsh_order_operate.html HTTP/1.1" 200 5019
180.174.237.246 - - [09/Jul/2021:09:38:15 +0800] "GET /xingrg/all/function/internal_message.html?_=1625794715363&CODE_STATE=getMsg HTTP/1.1" 200 27
222.69.129.116 - - [09/Jul/2021:09:38:28 +0800] "POST /xingrg/kc/buy/cgsh_order_operate.html HTTP/1.1" 200 37
101.85.107.54 - - [09/Jul/2021:09:38:30 +0800] "GET /xingrg/all/function/internal_message.html?_=1625794134238&CODE_STATE=getMsg HTTP/1.1" 200 27
222.69.129.116 - - [09/Jul/2021:09:38:32 +0800] "POST /xingrg/kc/buy/cgsh_order_operate.html HTTP/1.1" 200 12
222.69.129.116 - - [09/Jul/2021:09:38:32 +0800] "GET /xingrg/kc/buy/cgsh_order_info.html?code=212021070903673 HTTP/1.1" 200 57634
222.69.129.116 - - [09/Jul/2021:09:38:32 +0800] "GET /xingrg/words/20210709092849_words.js HTTP/1.1" 304 -
222.69.129.116 - - [09/Jul/2021:09:38:33 +0800] "GET /xingrg/javascript/easyui/themes/default/validatebox.css HTTP/1.1" 404 1104
180.169.147.146 - - [09/Jul/2021:09:38:33 +0800] "GET /xingrg/all/function/internal_message.html?_=1625794726284&CODE_STATE=getMsg HTTP/1.1" 200 27
222.69.129.116 - - [09/Jul/2021:09:38:33 +0800] "POST /xingrg/kc/buy/cgsh_order_operate.html HTTP/1.1" 200 1214
222.69.129.116 - - [09/Jul/2021:09:38:34 +0800] "GET /xingrg/kc/print/load_data.html?order_code=212021070903673&kc_code=cgsh&condition= HTTP/1.1" 200 937
221.239.195.6 - - [09/Jul/2021:09:38:41 +0800] "GET /xingrg/all/function/internal_message.html?_=1625794725868&CODE_STATE=getMsg HTTP/1.1" 200 27
120.253.135.82 - - [09/Jul/2021:09:38:44 +0800] "GET /xingrg/all/function/internal_message.html?_=1625794509621&CODE_STATE=getMsg HTTP/1.1" 200 27
222.70.176.145 - - [09/Jul/2021:09:38:46 +0800] "POST /xingrg/kc/buy/cgsh_list_operate.html HTTP/1.1" 200 5357
116.230.114.112 - - [09/Jul/2021:09:38:50 +0800] "GET /xingrg/all/function/internal_message.html?_=1625794748644&CODE_STATE=getMsg HTTP/1.1" 302 -
116.230.110.80 - - [09/Jul/2021:09:38:52 +0800] "GET /xingrg/all/function/internal_message.html?_=1625794734180&CODE_STATE=getMsg HTTP/1.1" 200 27
180.162.112.86 - - [09/Jul/2021:09:38:54 +0800] "GET /xingrg/all/function/internal_message.html?_=1625794390652&CODE_STATE=getMsg HTTP/1.1" 200 27
58.37.5.217 - - [09/Jul/2021:09:39:00 +0800] "GET /xingrg/all/function/internal_message.html?_=1625795282382&CODE_STATE=getMsg HTTP/1.1" 200 27
222.69.129.116 - - [09/Jul/2021:09:39:08 +0800] "GET /xingrg/check_reg.html?_=1625794753014 HTTP/1.1" 200 22
180.152.122.18 - - [09/Jul/2021:09:39:09 +0800] "GET /xingrg/all/function/internal_message.html?_=1625794748917&CODE_STATE=getMsg HTTP/1.1" 200 27
116.230.117.165 - - [09/Jul/2021:09:39:09 +0800] "GET /xingrg/all/function/internal_message.html?_=1625794769674&CODE_STATE=getMsg HTTP/1.1" 200 27
180.152.122.18 - - [09/Jul/2021:09:39:11 +0800] "GET /xingrg/all/function/internal_message.html?_=1625794741084&CODE_STATE=getMsg HTTP/1.1" 200 27
116.230.114.112 - - [09/Jul/2021:09:39:12 +0800] "GET /xingrg/check_reg.html?_=1625794770590 HTTP/1.1" 302 -
222.69.129.116 - - [09/Jul/2021:09:39:13 +0800] "GET /xingrg/all/function/internal_message.html?_=1625794758171&CODE_STATE=getMsg HTTP/1.1" 200 27
222.70.176.145 - - [09/Jul/2021:09:39:14 +0800] "GET /xingrg/all/function/internal_message.html?_=1625794754403&CODE_STATE=getMsg HTTP/1.1" 200 27
180.152.122.18 - - [09/Jul/2021:09:39:14 +0800] "POST /xingrg/kc/buy/cgsh_order_operate.html HTTP/1.1" 200 37
180.174.237.246 - - [09/Jul/2021:09:39:15 +0800] "GET /xingrg/check_reg.html?_=1625794774901 HTTP/1.1" 200 22
180.174.237.246 - - [09/Jul/2021:09:39:15 +0800] "GET /xingrg/all/function/internal_message.html?_=1625794775379&CODE_STATE=getMsg HTTP/1.1" 200 27
180.152.122.18 - - [09/Jul/2021:09:39:18 +0800] "POST /xingrg/kc/buy/cgsh_order_operate.html HTTP/1.1" 200 12
180.152.122.18 - - [09/Jul/2021:09:39:19 +0800] "GET /xingrg/kc/buy/cgsh_order_info.html?code=212021070903671 HTTP/1.1" 200 57507
180.152.122.18 - - [09/Jul/2021:09:39:19 +0800] "GET /xingrg/words/20210709092849_words.js HTTP/1.1" 304 -
180.152.122.18 - - [09/Jul/2021:09:39:19 +0800] "GET /xingrg/javascript/easyui/themes/default/validatebox.css HTTP/1.1" 404 1104
180.152.122.18 - - [09/Jul/2021:09:39:20 +0800] "POST /xingrg/kc/buy/cgsh_order_operate.html HTTP/1.1" 200 5336
116.230.110.80 - - [09/Jul/2021:09:39:21 +0800] "GET /xingrg/kc/buy/cgsh_order_operate.html?command=get_materiel&rest_code=00155&code=00101008072&supplier_code=00100005&order_time=2021-07-09 HTTP/1.1" 200 408
180.152.122.18 - - [09/Jul/2021:09:39:21 +0800] "GET /xingrg/kc/print/load_data.html?order_code=212021070903671&kc_code=cgsh&condition= HTTP/1.1" 200 2503
180.152.122.18 - - [09/Jul/2021:09:39:27 +0800] "POST /xingrg/kc/buy/cgsh_list_operate.html HTTP/1.1" 200 564
180.152.122.18 - - [09/Jul/2021:09:39:29 +0800] "GET /xingrg/kc/buy/cgsh_order_info.html?code=212021070903655 HTTP/1.1" 200 62608
180.152.122.18 - - [09/Jul/2021:09:39:29 +0800] "GET /xingrg/javascript/easyui/themes/default/validatebox.css HTTP/1.1" 404 1104
180.152.122.18 - - [09/Jul/2021:09:39:30 +0800] "POST /xingrg/kc/buy/cgsh_order_operate.html HTTP/1.1" 200 25685
101.85.107.54 - - [09/Jul/2021:09:39:30 +0800] "GET /xingrg/all/function/internal_message.html?_=1625794194237&CODE_STATE=getMsg HTTP/1.1" 200 27
180.169.147.146 - - [09/Jul/2021:09:39:33 +0800] "GET /xingrg/all/function/internal_message.html?_=1625794786285&CODE_STATE=getMsg HTTP/1.1" 200 27
221.239.195.6 - - [09/Jul/2021:09:39:40 +0800] "GET /xingrg/all/function/internal_message.html?_=1625794785842&CODE_STATE=getMsg HTTP/1.1" 200 27
221.239.195.6 - - [09/Jul/2021:09:39:41 +0800] "GET /xingrg/check_reg.html?_=1625794786142 HTTP/1.1" 200 22
120.253.135.82 - - [09/Jul/2021:09:39:44 +0800] "GET /xingrg/all/function/internal_message.html?_=1625794569639&CODE_STATE=getMsg HTTP/1.1" 200 27
116.230.110.80 - - [09/Jul/2021:09:39:46 +0800] "GET /xingrg/kc/buy/cgsh_order_operate.html?command=get_materiel&rest_code=00155&code=00101008358&supplier_code=00100005&order_time=2021-07-09 HTTP/1.1" 200 412
116.230.114.112 - - [09/Jul/2021:09:39:50 +0800] "GET /xingrg/all/function/internal_message.html?_=1625794808669&CODE_STATE=getMsg HTTP/1.1" 302 -
116.230.110.80 - - [09/Jul/2021:09:39:52 +0800] "GET /xingrg/all/function/internal_message.html?_=1625794794186&CODE_STATE=getMsg HTTP/1.1" 200 27
180.162.112.86 - - [09/Jul/2021:09:39:54 +0800] "GET /xingrg/all/function/internal_message.html?_=1625794450651&CODE_STATE=getMsg HTTP/1.1" 200 27
58.37.5.217 - - [09/Jul/2021:09:40:00 +0800] "GET /xingrg/all/function/internal_message.html?_=1625795342410&CODE_STATE=getMsg HTTP/1.1" 200 27
116.230.110.80 - - [09/Jul/2021:09:40:01 +0800] "GET /xingrg/kc/buy/cgsh_order_operate.html?command=get_materiel&rest_code=00155&code=00101008477&supplier_code=00100005&order_time=2021-07-09 HTTP/1.1" 200 408
180.169.147.146 - - [09/Jul/2021:09:40:07 +0800] "GET /xingrg/check_reg.html?_=1625794811467 HTTP/1.1" 302 -
180.152.122.18 - - [09/Jul/2021:09:40:09 +0800] "GET /xingrg/all/function/internal_message.html?_=1625794808923&CODE_STATE=getMsg HTTP/1.1" 200 27
116.230.117.165 - - [09/Jul/2021:09:40:09 +0800] "GET /xingrg/all/function/internal_message.html?_=1625794829684&CODE_STATE=getMsg HTTP/1.1" 200 27
180.152.122.18 - - [09/Jul/2021:09:40:11 +0800] "GET /xingrg/all/function/internal_message.html?_=1625794801098&CODE_STATE=getMsg HTTP/1.1" 200 27
222.69.129.116 - - [09/Jul/2021:09:40:13 +0800] "GET /xingrg/all/function/internal_message.html?_=1625794818155&CODE_STATE=getMsg HTTP/1.1" 200 27
222.70.176.145 - - [09/Jul/2021:09:40:14 +0800] "GET /xingrg/all/function/internal_message.html?_=1625794814373&CODE_STATE=getMsg HTTP/1.1" 200 27
180.174.237.246 - - [09/Jul/2021:09:40:15 +0800] "GET /xingrg/all/function/internal_message.html?_=1625794835392&CODE_STATE=getMsg HTTP/1.1" 200 27
116.230.110.80 - - [09/Jul/2021:09:40:16 +0800] "GET /xingrg/kc/buy/cgsh_order_operate.html?command=get_materiel&rest_code=00155&code=00101008361&supplier_code=00100005&order_time=2021-07-09 HTTP/1.1" 200 408
101.85.107.54 - - [09/Jul/2021:09:40:30 +0800] "GET /xingrg/all/function/internal_message.html?_=1625794254242&CODE_STATE=getMsg HTTP/1.1" 200 27
180.169.147.146 - - [09/Jul/2021:09:40:33 +0800] "GET /xingrg/all/function/internal_message.html?_=1625794846272&CODE_STATE=getMsg HTTP/1.1" 200 27
180.157.255.9 - - [09/Jul/2021:09:40:39 +0800] "POST /xingrg/services/DataTransmitService HTTP/1.1" 200 524
180.157.255.9 - - [09/Jul/2021:09:40:39 +0800] "POST /xingrg/services/DataTransmitService HTTP/1.1" 200 2087
180.157.255.9 - - [09/Jul/2021:09:40:40 +0800] "POST /xingrg/services/DataTransmitService HTTP/1.1" 200 149463
221.239.195.6 - - [09/Jul/2021:09:40:40 +0800] "GET /xingrg/all/function/internal_message.html?_=1625794845817&CODE_STATE=getMsg HTTP/1.1" 200 27
222.70.176.145 - - [09/Jul/2021:09:40:42 +0800] "GET /xingrg/check_reg.html?_=1625794842722 HTTP/1.1" 200 22
120.253.135.82 - - [09/Jul/2021:09:40:44 +0800] "GET /xingrg/all/function/internal_message.html?_=1625794629649&CODE_STATE=getMsg HTTP/1.1" 200 27
180.152.122.18 - - [09/Jul/2021:09:40:44 +0800] "POST /xingrg/kc/buy/cgsh_order_operate.html HTTP/1.1" 200 37
180.152.122.18 - - [09/Jul/2021:09:40:48 +0800] "POST /xingrg/kc/buy/cgsh_order_operate.html HTTP/1.1" 200 12
180.152.122.18 - - [09/Jul/2021:09:40:48 +0800] "GET /xingrg/kc/buy/cgsh_order_info.html?code=212021070903655 HTTP/1.1" 200 57507
180.152.122.18 - - [09/Jul/2021:09:40:49 +0800] "GET /xingrg/words/20210709092849_words.js HTTP/1.1" 304 -
180.152.122.18 - - [09/Jul/2021:09:40:49 +0800] "GET /xingrg/javascript/easyui/themes/default/validatebox.css HTTP/1.1" 404 1104
180.152.122.18 - - [09/Jul/2021:09:40:49 +0800] "POST /xingrg/kc/buy/cgsh_order_operate.html HTTP/1.1" 200 23623
116.230.114.112 - - [09/Jul/2021:09:40:50 +0800] "GET /xingrg/all/function/internal_message.html?_=1625794868671&CODE_STATE=getMsg HTTP/1.1" 302 -
180.152.122.18 - - [09/Jul/2021:09:40:51 +0800] "GET /xingrg/kc/print/load_data.html?order_code=212021070903655&kc_code=cgsh&condition= HTTP/1.1" 200 9441
116.230.110.80 - - [09/Jul/2021:09:40:52 +0800] "GET /xingrg/all/function/internal_message.html?_=1625794854185&CODE_STATE=getMsg HTTP/1.1" 200 27
180.162.112.86 - - [09/Jul/2021:09:40:54 +0800] "GET /xingrg/all/function/internal_message.html?_=1625794510651&CODE_STATE=getMsg HTTP/1.1" 200 27
116.230.110.80 - - [09/Jul/2021:09:40:56 +0800] "GET /xingrg/kc/buy/cgsh_order_operate.html?command=get_materiel&rest_code=00155&code=00101008059&supplier_code=00100005&order_time=2021-07-09 HTTP/1.1" 200 408
180.152.122.18 - - [09/Jul/2021:09:40:57 +0800] "POST /xingrg/kc/buy/cgsh_list_operate.html HTTP/1.1" 200 876
58.37.5.217 - - [09/Jul/2021:09:41:00 +0800] "GET /xingrg/all/function/internal_message.html?_=1625795402410&CODE_STATE=getMsg HTTP/1.1" 200 27
116.230.117.165 - - [09/Jul/2021:09:41:08 +0800] "GET /xingrg/check_reg.html?_=1625794888863 HTTP/1.1" 200 22
58.37.225.51 - - [09/Jul/2021:09:41:09 +0800] "GET /xingrg/check_reg.html?_=1625794793434 HTTP/1.1" 302 -
180.152.122.18 - - [09/Jul/2021:09:41:09 +0800] "GET /xingrg/all/function/internal_message.html?_=1625794868927&CODE_STATE=getMsg HTTP/1.1" 200 27
116.230.117.165 - - [09/Jul/2021:09:41:09 +0800] "GET /xingrg/all/function/internal_message.html?_=1625794889697&CODE_STATE=getMsg HTTP/1.1" 200 27
180.152.122.18 - - [09/Jul/2021:09:41:11 +0800] "GET /xingrg/check_reg.html?_=1625794861052 HTTP/1.1" 200 22
180.152.122.18 - - [09/Jul/2021:09:41:11 +0800] "GET /xingrg/all/function/internal_message.html?_=1625794861116&CODE_STATE=getMsg HTTP/1.1" 200 27
180.169.147.146 - - [09/Jul/2021:09:41:12 +0800] "GET /xingrg/check_reg.html?_=1625794871721 HTTP/1.1" 200 22
222.69.129.116 - - [09/Jul/2021:09:41:13 +0800] "GET /xingrg/all/function/internal_message.html?_=1625794878140&CODE_STATE=getMsg HTTP/1.1" 200 27
222.70.176.145 - - [09/Jul/2021:09:41:14 +0800] "GET /xingrg/all/function/internal_message.html?_=1625794874347&CODE_STATE=getMsg HTTP/1.1" 200 27
180.174.237.246 - - [09/Jul/2021:09:41:15 +0800] "GET /xingrg/all/function/internal_message.html?_=1625794895406&CODE_STATE=getMsg HTTP/1.1" 200 27
101.85.107.54 - - [09/Jul/2021:09:41:30 +0800] "GET /xingrg/check_reg.html?_=1625794314229 HTTP/1.1" 200 22
101.85.107.54 - - [09/Jul/2021:09:41:30 +0800] "GET /xingrg/all/function/internal_message.html?_=1625794314231&CODE_STATE=getMsg HTTP/1.1" 200 27
180.169.147.146 - - [09/Jul/2021:09:41:33 +0800] "GET /xingrg/all/function/internal_message.html?_=1625794906274&CODE_STATE=getMsg HTTP/1.1" 200 27
180.169.147.146 - - [09/Jul/2021:09:41:33 +0800] "GET /xingrg/check_reg.html?_=1625794906275 HTTP/1.1" 200 22
221.239.195.6 - - [09/Jul/2021:09:41:40 +0800] "GET /xingrg/all/function/internal_message.html?_=1625794905794&CODE_STATE=getMsg HTTP/1.1" 200 27
120.253.135.82 - - [09/Jul/2021:09:41:43 +0800] "GET /xingrg/check_reg.html?_=1625794689451 HTTP/1.1" 200 22
120.253.135.82 - - [09/Jul/2021:09:41:44 +0800] "GET /xingrg/all/function/internal_message.html?_=1625794689662&CODE_STATE=getMsg HTTP/1.1" 200 27
58.37.5.217 - - [09/Jul/2021:09:41:49 +0800] "GET /xingrg/check_reg.html?_=1625794914631 HTTP/1.1" 200 22
116.230.114.112 - - [09/Jul/2021:09:41:50 +0800] "GET /xingrg/all/function/internal_message.html?_=1625794928697&CODE_STATE=getMsg HTTP/1.1" 302 -
116.230.110.80 - - [09/Jul/2021:09:41:52 +0800] "GET /xingrg/all/function/internal_message.html?_=1625794914188&CODE_STATE=getMsg HTTP/1.1" 200 27
116.230.110.80 - - [09/Jul/2021:09:41:52 +0800] "GET /xingrg/check_reg.html?_=1625794914195 HTTP/1.1" 200 22
180.162.112.86 - - [09/Jul/2021:09:41:54 +0800] "GET /xingrg/all/function/internal_message.html?_=1625794570651&CODE_STATE=getMsg HTTP/1.1" 200 27
58.37.5.217 - - [09/Jul/2021:09:42:00 +0800] "GET /xingrg/all/function/internal_message.html?_=1625795462410&CODE_STATE=getMsg HTTP/1.1" 200 27
180.152.122.18 - - [09/Jul/2021:09:42:09 +0800] "GET /xingrg/all/function/internal_message.html?_=1625794928922&CODE_STATE=getMsg HTTP/1.1" 200 27
116.230.117.165 - - [09/Jul/2021:09:42:09 +0800] "GET /xingrg/all/function/internal_message.html?_=1625794949710&CODE_STATE=getMsg HTTP/1.1" 200 27
180.152.122.18 - - [09/Jul/2021:09:42:11 +0800] "GET /xingrg/all/function/internal_message.html?_=1625794921131&CODE_STATE=getMsg HTTP/1.1" 200 27
222.69.129.116 - - [09/Jul/2021:09:42:13 +0800] "GET /xingrg/all/function/internal_message.html?_=1625794938117&CODE_STATE=getMsg HTTP/1.1" 200 27
222.70.176.145 - - [09/Jul/2021:09:42:14 +0800] "GET /xingrg/all/function/internal_message.html?_=1625794934320&CODE_STATE=getMsg HTTP/1.1" 200 27
180.174.237.246 - - [09/Jul/2021:09:42:15 +0800] "GET /xingrg/all/function/internal_message.html?_=1625794955442&CODE_STATE=getMsg HTTP/1.1" 200 27
116.230.110.80 - - [09/Jul/2021:09:42:17 +0800] "GET /xingrg/kc/buy/cgsh_order_operate.html?command=get_materiel&rest_code=00155&code=00101008357&supplier_code=00100005&order_time=2021-07-09 HTTP/1.1" 200 408
180.152.122.18 - - [09/Jul/2021:09:42:22 +0800] "POST /xingrg/kc/buy/cgsh_order_operate.html HTTP/1.1" 200 37
116.230.110.80 - - [09/Jul/2021:09:42:27 +0800] "GET /xingrg/kc/buy/cgsh_order_operate.html?command=get_materiel&rest_code=00155&code=00101008265&supplier_code=00100005&order_time=2021-07-09 HTTP/1.1" 200 408
180.152.122.18 - - [09/Jul/2021:09:42:27 +0800] "POST /xingrg/kc/buy/cgsh_order_operate.html HTTP/1.1" 200 12
180.152.122.18 - - [09/Jul/2021:09:42:29 +0800] "GET /xingrg/kc/buy/cgsh_order_info.html?code=212021070903659 HTTP/1.1" 200 57223
180.152.122.18 - - [09/Jul/2021:09:42:29 +0800] "GET /xingrg/javascript/easyui/themes/default/validatebox.css HTTP/1.1" 404 1104
101.85.107.54 - - [09/Jul/2021:09:42:30 +0800] "GET /xingrg/all/function/internal_message.html?_=1625794374235&CODE_STATE=getMsg HTTP/1.1" 200 27
180.152.122.18 - - [09/Jul/2021:09:42:30 +0800] "POST /xingrg/kc/buy/cgsh_order_operate.html HTTP/1.1" 200 23343
180.169.147.146 - - [09/Jul/2021:09:42:33 +0800] "GET /xingrg/all/function/internal_message.html?_=1625794966274&CODE_STATE=getMsg HTTP/1.1" 200 27
58.221.95.50 - - [09/Jul/2021:09:42:40 +0800] "GET /xingrg/check_reg.html?_=1625794964379 HTTP/1.1" 302 -
221.239.195.6 - - [09/Jul/2021:09:42:40 +0800] "GET /xingrg/all/function/internal_message.html?_=1625794965772&CODE_STATE=getMsg HTTP/1.1" 200 27
116.230.110.80 - - [09/Jul/2021:09:42:42 +0800] "GET /xingrg/kc/buy/cgsh_order_operate.html?command=get_materiel&rest_code=00155&code=00101008010&supplier_code=00100005&order_time=2021-07-09 HTTP/1.1" 200 412
120.253.135.82 - - [09/Jul/2021:09:42:44 +0800] "GET /xingrg/all/function/internal_message.html?_=1625794749676&CODE_STATE=getMsg HTTP/1.1" 200 27
116.230.114.112 - - [09/Jul/2021:09:42:50 +0800] "GET /xingrg/all/function/internal_message.html?_=1625794988713&CODE_STATE=getMsg HTTP/1.1" 302 -
116.230.110.80 - - [09/Jul/2021:09:42:52 +0800] "GET /xingrg/all/function/internal_message.html?_=1625794974191&CODE_STATE=getMsg HTTP/1.1" 200 27
116.230.110.80 - - [09/Jul/2021:09:42:52 +0800] "GET /xingrg/kc/buy/cgsh_order_operate.html?command=get_materiel&rest_code=00155&code=00101008033&supplier_code=00100005&order_time=2021-07-09 HTTP/1.1" 200 408
180.162.112.86 - - [09/Jul/2021:09:42:54 +0800] "GET /xingrg/all/function/internal_message.html?_=1625794630653&CODE_STATE=getMsg HTTP/1.1" 200 27
180.162.112.86 - - [09/Jul/2021:09:42:54 +0800] "GET /xingrg/check_reg.html?_=1625794630652 HTTP/1.1" 200 22
58.37.5.217 - - [09/Jul/2021:09:43:00 +0800] "GET /xingrg/check_reg.html?_=1625795522411 HTTP/1.1" 200 22
58.37.5.217 - - [09/Jul/2021:09:43:00 +0800] "GET /xingrg/all/function/internal_message.html?_=1625795522414&CODE_STATE=getMsg HTTP/1.1" 200 27
116.230.110.80 - - [09/Jul/2021:09:43:06 +0800] "GET /xingrg/kc/buy/cgsh_order_operate.html?command=get_materiel&rest_code=00155&code=00101008132&supplier_code=00100005&order_time=2021-07-09 HTTP/1.1" 200 408
180.152.122.18 - - [09/Jul/2021:09:43:09 +0800] "GET /xingrg/check_reg.html?_=1625794988921 HTTP/1.1" 200 22
180.152.122.18 - - [09/Jul/2021:09:43:09 +0800] "GET /xingrg/all/function/internal_message.html?_=1625794988924&CODE_STATE=getMsg HTTP/1.1" 200 27
116.230.117.165 - - [09/Jul/2021:09:43:09 +0800] "GET /xingrg/all/function/internal_message.html?_=1625795009724&CODE_STATE=getMsg HTTP/1.1" 200 27
180.152.122.18 - - [09/Jul/2021:09:43:11 +0800] "GET /xingrg/all/function/internal_message.html?_=1625794981148&CODE_STATE=getMsg HTTP/1.1" 200 27
222.69.129.116 - - [09/Jul/2021:09:43:13 +0800] "GET /xingrg/all/function/internal_message.html?_=1625794998104&CODE_STATE=getMsg HTTP/1.1" 200 27
222.70.176.145 - - [09/Jul/2021:09:43:14 +0800] "GET /xingrg/all/function/internal_message.html?_=1625794994290&CODE_STATE=getMsg HTTP/1.1" 200 27
180.174.237.246 - - [09/Jul/2021:09:43:15 +0800] "GET /xingrg/all/function/internal_message.html?_=1625795015449&CODE_STATE=getMsg HTTP/1.1" 200 27
116.230.110.80 - - [09/Jul/2021:09:43:17 +0800] "GET /xingrg/kc/buy/cgsh_order_operate.html?command=get_materiel&rest_code=00155&code=00101008080&supplier_code=00100005&order_time=2021-07-09 HTTP/1.1" 200 416
101.85.107.54 - - [09/Jul/2021:09:43:30 +0800] "GET /xingrg/all/function/internal_message.html?_=1625794434236&CODE_STATE=getMsg HTTP/1.1" 200 27
180.169.147.146 - - [09/Jul/2021:09:43:33 +0800] "GET /xingrg/all/function/internal_message.html?_=1625795026276&CODE_STATE=getMsg HTTP/1.1" 200 27
116.230.110.80 - - [09/Jul/2021:09:43:34 +0800] "GET /xingrg/kc/buy/cgsh_order_operate.html?command=get_materiel&rest_code=00155&code=00101008331&supplier_code=00100005&order_time=2021-07-09 HTTP/1.1" 200 416
221.239.195.6 - - [09/Jul/2021:09:43:40 +0800] "GET /xingrg/all/function/internal_message.html?_=1625795025751&CODE_STATE=getMsg HTTP/1.1" 200 27
120.253.135.82 - - [09/Jul/2021:09:43:44 +0800] "GET /xingrg/all/function/internal_message.html?_=1625794809689&CODE_STATE=getMsg HTTP/1.1" 200 27
116.230.110.80 - - [09/Jul/2021:09:43:45 +0800] "GET /xingrg/kc/buy/cgsh_order_operate.html?command=get_materiel&rest_code=00155&code=00101008415&supplier_code=00100005&order_time=2021-07-09 HTTP/1.1" 200 398
116.230.114.112 - - [09/Jul/2021:09:43:50 +0800] "GET /xingrg/all/function/internal_message.html?_=1625795048741&CODE_STATE=getMsg HTTP/1.1" 302 -
