180.174.237.246 - - [09/Jul/2021:11:00:07 +0800] "GET /xingrg/javascript/jquery_tools/order_manager.js HTTP/1.1" 304 -
180.174.237.246 - - [09/Jul/2021:11:00:07 +0800] "GET /xingrg/javascript/convert.js HTTP/1.1" 304 -
180.174.237.246 - - [09/Jul/2021:11:00:07 +0800] "GET /xingrg/javascript/json2.js HTTP/1.1" 304 -
180.174.237.246 - - [09/Jul/2021:11:00:07 +0800] "GET /xingrg/javascript/print/kc_print.js HTTP/1.1" 304 -
180.174.237.246 - - [09/Jul/2021:11:00:07 +0800] "GET /xingrg/kc/buy/cgsh_order_add.html HTTP/1.1" 200 62640
180.174.237.246 - - [09/Jul/2021:11:00:07 +0800] "GET /xingrg/words/20210709102952_words.js HTTP/1.1" 200 824662
180.169.147.146 - - [09/Jul/2021:11:00:08 +0800] "GET /xingrg/dwr/interface/AjaxComOrderService.js HTTP/1.1" 200 18264
180.169.147.146 - - [09/Jul/2021:11:00:08 +0800] "GET /xingrg/dwr/interface/AjaxYddbService.js HTTP/1.1" 200 13201
180.169.147.146 - - [09/Jul/2021:11:00:08 +0800] "GET /xingrg/kc/base/yddb_order_info.html?code=482021060200007 HTTP/1.1" 200 29909
180.169.147.146 - - [09/Jul/2021:11:00:08 +0800] "GET /xingrg/dwr/engine.js HTTP/1.1" 200 43631
180.157.255.9 - - [09/Jul/2021:11:00:08 +0800] "GET /xingrg/kc/buy/cgsh_order_operate.html?command=get_materiel&rest_code=00148&code=00101004071&supplier_code=00100312&order_time=2021-07-09 HTTP/1.1" 200 409
180.169.147.146 - - [09/Jul/2021:11:00:08 +0800] "POST /xingrg/dwr/call/plaincall/AjaxYddbService.loadMaterielItems.dwr HTTP/1.1" 200 1113
180.174.237.246 - - [09/Jul/2021:11:00:08 +0800] "POST /xingrg/kc/buy/cgsh_order_operate.html HTTP/1.1" 200 8245
180.174.237.246 - - [09/Jul/2021:11:00:08 +0800] "GET /xingrg/all/common/auto_word.html?type=employee&rest_code=00102 HTTP/1.1" 200 189
180.174.237.246 - - [09/Jul/2021:11:00:08 +0800] "GET /xingrg/all/common/auto_word.html?type=employee&rest_code=00102 HTTP/1.1" 200 189
180.174.237.246 - - [09/Jul/2021:11:00:08 +0800] "GET /xingrg/javascript/easyui/themes/default/validatebox.css HTTP/1.1" 404 1104
180.174.237.246 - - [09/Jul/2021:11:00:08 +0800] "GET /xingrg/javascript/easyui/plugins/jquery.validatebox.js HTTP/1.1" 304 -
180.174.237.246 - - [09/Jul/2021:11:00:08 +0800] "GET /xingrg/javascript/easyui/plugins/jquery.numberbox.js HTTP/1.1" 304 -
116.235.222.38 - - [09/Jul/2021:11:00:09 +0800] "GET /xingrg/kc/buy/cgsh_order_operate.html?command=get_materiel&rest_code=00107&code=00101008290&supplier_code=00100006&order_time=2021-07-09 HTTP/1.1" 200 416
58.37.225.51 - - [09/Jul/2021:11:00:11 +0800] "GET /xingrg/kc/buy/cgsh_order_operate.html?command=get_materiel&rest_code=00141&code=00101008261&supplier_code=00100007&order_time=2021-07-09 HTTP/1.1" 200 408
180.156.216.127 - - [09/Jul/2021:11:00:11 +0800] "GET /xingrg/kc/buy/cgsh_order_operate.html?command=get_materiel&rest_code=00150&code=00101001138&supplier_code=00100325&order_time=2021-07-09 HTTP/1.1" 200 435
120.253.135.82 - - [09/Jul/2021:11:00:12 +0800] "GET /xingrg/check_reg.html?_=1625799654116 HTTP/1.1" 200 22
222.69.129.116 - - [09/Jul/2021:11:00:12 +0800] "GET /xingrg/all/function/internal_message.html?_=1625799616933&CODE_STATE=getMsg HTTP/1.1" 200 27
120.253.135.82 - - [09/Jul/2021:11:00:12 +0800] "GET /xingrg/all/function/internal_message.html?_=1625799654353&CODE_STATE=getMsg HTTP/1.1" 200 27
222.70.176.145 - - [09/Jul/2021:11:00:12 +0800] "GET /xingrg/all/function/internal_message.html?_=1625799612335&CODE_STATE=getMsg HTTP/1.1" 200 27
116.235.222.38 - - [09/Jul/2021:11:00:13 +0800] "GET /xingrg/all/function/internal_message.html?_=1625799608500&CODE_STATE=getMsg HTTP/1.1" 200 27
116.230.117.165 - - [09/Jul/2021:11:00:13 +0800] "GET /xingrg/all/function/internal_message.html?_=1625799633501&CODE_STATE=getMsg HTTP/1.1" 200 27
180.169.147.146 - - [09/Jul/2021:11:00:13 +0800] "GET /xingrg/all/function/internal_message.html?_=1625799617231&CODE_STATE=getMsg HTTP/1.1" 200 27
180.169.147.146 - - [09/Jul/2021:11:00:13 +0800] "GET /xingrg/check_reg.html?_=1625799617235 HTTP/1.1" 200 22
180.174.237.246 - - [09/Jul/2021:11:00:14 +0800] "GET /xingrg/javascript/auto/indicator.gif HTTP/1.1" 404 1066
222.70.176.145 - - [09/Jul/2021:11:00:15 +0800] "GET /xingrg/all/function/internal_message.html?_=1625799619613&CODE_STATE=getMsg HTTP/1.1" 200 27
180.174.237.246 - - [09/Jul/2021:11:00:15 +0800] "GET /xingrg/javascript/jquery_tools/images/prev.gif HTTP/1.1" 404 1086
180.174.237.246 - - [09/Jul/2021:11:00:15 +0800] "GET /xingrg/javascript/jquery_tools/images/next.gif HTTP/1.1" 404 1086
58.37.225.51 - - [09/Jul/2021:11:00:19 +0800] "GET /xingrg/kc/buy/cgsh_order_operate.html?command=get_materiel&rest_code=00141&code=00101008219&supplier_code=00100007&order_time=2021-07-09 HTTP/1.1" 200 412
180.171.62.232 - - [09/Jul/2021:11:00:19 +0800] "GET /xingrg/all/function/internal_message.html?_=1625799619583&CODE_STATE=getMsg HTTP/1.1" 200 27
180.157.255.9 - - [09/Jul/2021:11:00:20 +0800] "GET /xingrg/kc/buy/cgsh_order_operate.html?command=get_materiel&rest_code=00148&code=00101005015&supplier_code=00100312&order_time=2021-07-09 HTTP/1.1" 200 409
116.235.95.53 - - [09/Jul/2021:11:00:20 +0800] "GET /xingrg/all/function/internal_message.html?_=1625799718865&CODE_STATE=getMsg HTTP/1.1" 200 27
180.156.216.127 - - [09/Jul/2021:11:00:21 +0800] "GET /xingrg/kc/buy/cgsh_order_operate.html?command=get_materiel&rest_code=00150&code=00101001039&supplier_code=00100325&order_time=2021-07-09 HTTP/1.1" 200 423
58.37.225.51 - - [09/Jul/2021:11:00:21 +0800] "POST /xingrg/kc/buy/cgsh_order_operate.html HTTP/1.1" 200 2065
180.174.237.246 - - [09/Jul/2021:11:00:22 +0800] "GET /xingrg/kc/buy/cgsh_order_operate.html?command=get_materiel&rest_code=00102&code=00101008155&supplier_code=00100008&order_time=2021-07-09 HTTP/1.1" 200 408
101.85.107.54 - - [09/Jul/2021:11:00:26 +0800] "GET /xingrg/kc/buy/cgsh_order_list.html HTTP/1.1" 200 46943
58.37.225.51 - - [09/Jul/2021:11:00:27 +0800] "GET /xingrg/check_reg.html?_=1625799550430 HTTP/1.1" 200 22
58.37.225.51 - - [09/Jul/2021:11:00:27 +0800] "GET /xingrg/all/function/internal_message.html?_=1625799550431&CODE_STATE=getMsg HTTP/1.1" 200 27
101.85.107.54 - - [09/Jul/2021:11:00:28 +0800] "POST /xingrg/kc/buy/cgsh_list_operate.html HTTP/1.1" 200 876
58.37.225.51 - - [09/Jul/2021:11:00:28 +0800] "GET /xingrg/kc/buy/cgsh_order_operate.html?command=get_materiel&rest_code=00141&code=00101008132&supplier_code=00100007&order_time=2021-07-09 HTTP/1.1" 200 408
101.85.107.54 - - [09/Jul/2021:11:00:28 +0800] "GET /xingrg/javascript/easyui/themes/default/images/button_plain_hover.png HTTP/1.1" 200 144
101.85.107.54 - - [09/Jul/2021:11:00:28 +0800] "GET /xingrg/kc/buy/cgsh_order_add.html HTTP/1.1" 200 61794
101.85.107.54 - - [09/Jul/2021:11:00:28 +0800] "GET /xingrg/javascript/pic_change.js HTTP/1.1" 200 4739
101.85.107.54 - - [09/Jul/2021:11:00:28 +0800] "GET /xingrg/javascript/convert.js HTTP/1.1" 200 1239
101.85.107.54 - - [09/Jul/2021:11:00:28 +0800] "GET /xingrg/javascript/json2.js HTTP/1.1" 200 11259
101.85.107.54 - - [09/Jul/2021:11:00:28 +0800] "GET /xingrg/javascript/print/kc_print.js HTTP/1.1" 200 11415
101.85.107.54 - - [09/Jul/2021:11:00:28 +0800] "GET /xingrg/javascript/jquery_tools/order_manager.js HTTP/1.1" 200 11183
101.85.107.54 - - [09/Jul/2021:11:00:29 +0800] "GET /xingrg/words/20210709102952_words.js HTTP/1.1" 200 824662
101.85.107.54 - - [09/Jul/2021:11:00:29 +0800] "GET /xingrg/javascript/easyui/themes/default/images/menu_downarrow.png HTTP/1.1" 200 173
101.85.107.54 - - [09/Jul/2021:11:00:29 +0800] "GET /xingrg/javascript/easyui/themes/icons/copy_new.png HTTP/1.1" 200 815
101.85.107.54 - - [09/Jul/2021:11:00:29 +0800] "GET /xingrg/javascript/easyui/themes/icons/template_new.png HTTP/1.1" 200 3956
101.85.107.54 - - [09/Jul/2021:11:00:29 +0800] "GET /xingrg/javascript/easyui/themes/icons/ok.png HTTP/1.1" 200 883
101.85.107.54 - - [09/Jul/2021:11:00:29 +0800] "GET /xingrg/javascript/easyui/themes/icons/print.png HTTP/1.1" 200 1057
101.85.107.54 - - [09/Jul/2021:11:00:29 +0800] "GET /xingrg/javascript/easyui/themes/icons/cancel.png HTTP/1.1" 200 1133
180.157.255.9 - - [09/Jul/2021:11:00:29 +0800] "GET /xingrg/all/function/internal_message.html?_=1625799641772&CODE_STATE=getMsg HTTP/1.1" 200 27
101.85.107.54 - - [09/Jul/2021:11:00:29 +0800] "POST /xingrg/kc/buy/cgsh_order_operate.html HTTP/1.1" 200 8245
101.85.107.54 - - [09/Jul/2021:11:00:29 +0800] "GET /xingrg/javascript/easyui/themes/default/validatebox.css HTTP/1.1" 404 1104
101.85.107.54 - - [09/Jul/2021:11:00:29 +0800] "GET /xingrg/javascript/easyui/plugins/jquery.validatebox.js HTTP/1.1" 200 6103
101.85.107.54 - - [09/Jul/2021:11:00:29 +0800] "GET /xingrg/all/common/auto_word.html?type=employee&rest_code=00142 HTTP/1.1" 200 105
101.85.107.54 - - [09/Jul/2021:11:00:29 +0800] "GET /xingrg/all/common/auto_word.html?type=employee&rest_code=00142 HTTP/1.1" 200 105
101.85.107.54 - - [09/Jul/2021:11:00:29 +0800] "GET /xingrg/javascript/easyui/themes/icons/edit_remove.png HTTP/1.1" 200 625
101.85.107.54 - - [09/Jul/2021:11:00:29 +0800] "GET /xingrg/javascript/easyui/plugins/jquery.numberbox.js HTTP/1.1" 200 5213
101.85.107.54 - - [09/Jul/2021:11:00:30 +0800] "GET /xingrg/all/function/internal_message.html?_=1625799054364&CODE_STATE=getMsg HTTP/1.1" 200 27
180.174.237.246 - - [09/Jul/2021:11:00:31 +0800] "GET /xingrg/kc/buy/cgsh_order_operate.html?command=get_materiel&rest_code=00102&code=00101008080&supplier_code=00100008&order_time=2021-07-09 HTTP/1.1" 200 416
101.85.107.54 - - [09/Jul/2021:11:00:33 +0800] "GET /xingrg/javascript/auto/indicator.gif HTTP/1.1" 404 1066
180.169.147.146 - - [09/Jul/2021:11:00:33 +0800] "GET /xingrg/all/function/internal_message.html?_=1625799646353&CODE_STATE=getMsg HTTP/1.1" 200 27
180.156.216.127 - - [09/Jul/2021:11:00:33 +0800] "POST /xingrg/kc/buy/cgsh_order_operate.html HTTP/1.1" 200 37
116.235.222.38 - - [09/Jul/2021:11:00:36 +0800] "GET /xingrg/kc/buy/cgsh_order_operate.html?command=get_materiel&rest_code=00107&code=00101008185&supplier_code=00100006&order_time=2021-07-09 HTTP/1.1" 200 408
221.239.195.6 - - [09/Jul/2021:11:00:38 +0800] "GET /xingrg/all/function/internal_message.html?_=1625799642995&CODE_STATE=getMsg HTTP/1.1" 200 27
180.174.237.246 - - [09/Jul/2021:11:00:38 +0800] "GET /xingrg/kc/buy/cgsh_order_operate.html?command=get_materiel&rest_code=00102&code=00101008350&supplier_code=00100008&order_time=2021-07-09 HTTP/1.1" 200 408
180.156.216.127 - - [09/Jul/2021:11:00:38 +0800] "POST /xingrg/kc/buy/cgsh_order_operate.html HTTP/1.1" 200 12
180.157.255.9 - - [09/Jul/2021:11:00:39 +0800] "GET /xingrg/kc/buy/cgsh_order_operate.html?command=get_materiel&rest_code=00148&code=00101004057&supplier_code=00100312&order_time=2021-07-09 HTTP/1.1" 200 429
180.156.216.127 - - [09/Jul/2021:11:00:40 +0800] "GET /xingrg/kc/buy/cgsh_order_info.html?code=212021070903763 HTTP/1.1" 200 57511
180.156.216.127 - - [09/Jul/2021:11:00:40 +0800] "GET /xingrg/javascript/easyui/themes/default/validatebox.css HTTP/1.1" 404 1104
180.156.216.127 - - [09/Jul/2021:11:00:41 +0800] "POST /xingrg/kc/buy/cgsh_order_operate.html HTTP/1.1" 200 620
222.70.176.145 - - [09/Jul/2021:11:00:42 +0800] "GET /xingrg/check_reg.html?_=1625799642572 HTTP/1.1" 200 22
180.156.216.127 - - [09/Jul/2021:11:00:43 +0800] "GET /xingrg/kc/print/load_data.html?order_code=212021070903763&kc_code=cgsh&condition= HTTP/1.1" 200 727
180.174.237.246 - - [09/Jul/2021:11:00:45 +0800] "GET /xingrg/kc/buy/cgsh_order_operate.html?command=get_materiel&rest_code=00102&code=00101008149&supplier_code=00100008&order_time=2021-07-09 HTTP/1.1" 200 408
180.156.216.127 - - [09/Jul/2021:11:00:47 +0800] "GET /xingrg/kc/buy/cgsh_order_add.html HTTP/1.1" 200 62599
180.156.216.127 - - [09/Jul/2021:11:00:47 +0800] "POST /xingrg/kc/buy/cgsh_order_operate.html HTTP/1.1" 200 8245
180.156.216.127 - - [09/Jul/2021:11:00:47 +0800] "GET /xingrg/javascript/easyui/themes/default/validatebox.css HTTP/1.1" 404 1104
116.235.222.38 - - [09/Jul/2021:11:00:47 +0800] "GET /xingrg/kc/buy/cgsh_order_operate.html?command=get_materiel&rest_code=00107&code=00101008209&supplier_code=00100006&order_time=2021-07-09 HTTP/1.1" 200 408
221.239.195.6 - - [09/Jul/2021:11:00:47 +0800] "GET /xingrg/all/function/internal_message.html?_=1625799620016&CODE_STATE=getMsg HTTP/1.1" 200 27
180.157.255.9 - - [09/Jul/2021:11:00:47 +0800] "GET /xingrg/kc/buy/cgsh_order_operate.html?command=get_materiel&rest_code=00148&code=00101001156&supplier_code=00100312&order_time=2021-07-09 HTTP/1.1" 200 409
58.37.225.51 - - [09/Jul/2021:11:00:48 +0800] "GET /xingrg/kc/buy/cgsh_order_operate.html?command=get_materiel&rest_code=00141&code=00101008350&supplier_code=00100007&order_time=2021-07-09 HTTP/1.1" 200 408
58.37.5.217 - - [09/Jul/2021:11:00:51 +0800] "GET /xingrg/check_reg.html?_=1625799651381 HTTP/1.1" 200 22
58.37.5.217 - - [09/Jul/2021:11:00:51 +0800] "GET /xingrg/all/function/internal_message.html?_=1625799651383&CODE_STATE=getMsg HTTP/1.1" 200 27
116.230.114.112 - - [09/Jul/2021:11:00:51 +0800] "GET /xingrg/all/function/internal_message.html?_=1625799670288&CODE_STATE=getMsg HTTP/1.1" 302 -
116.230.110.80 - - [09/Jul/2021:11:00:51 +0800] "GET /xingrg/kc/buy/cgsh_order_operate.html?command=get_materiel&rest_code=00155&code=00101012051&supplier_code=00100037&order_time=2021-07-09 HTTP/1.1" 200 408
180.174.237.246 - - [09/Jul/2021:11:00:52 +0800] "GET /xingrg/kc/buy/cgsh_order_operate.html?command=get_materiel&rest_code=00102&code=00101008351&supplier_code=00100008&order_time=2021-07-09 HTTP/1.1" 200 408
116.230.110.80 - - [09/Jul/2021:11:00:52 +0800] "GET /xingrg/all/function/internal_message.html?_=1625799656239&CODE_STATE=getMsg HTTP/1.1" 200 27
58.37.5.217 - - [09/Jul/2021:11:00:53 +0800] "GET /xingrg/all/function/internal_message.html?_=1625799657969&CODE_STATE=getMsg HTTP/1.1" 200 27
180.162.112.86 - - [09/Jul/2021:11:00:54 +0800] "GET /xingrg/all/function/internal_message.html?_=1625799310772&CODE_STATE=getMsg HTTP/1.1" 200 27
180.157.255.9 - - [09/Jul/2021:11:00:55 +0800] "GET /xingrg/kc/buy/cgsh_order_operate.html?command=get_materiel&rest_code=00148&code=00101005022&supplier_code=00100312&order_time=2021-07-09 HTTP/1.1" 200 417
58.37.225.51 - - [09/Jul/2021:11:00:55 +0800] "GET /xingrg/kc/buy/cgsh_order_operate.html?command=get_materiel&rest_code=00141&code=00101008149&supplier_code=00100007&order_time=2021-07-09 HTTP/1.1" 200 408
116.235.222.38 - - [09/Jul/2021:11:00:56 +0800] "GET /xingrg/kc/buy/cgsh_order_operate.html?command=get_materiel&rest_code=00107&code=00101008372&supplier_code=00100006&order_time=2021-07-09 HTTP/1.1" 200 408
180.156.216.127 - - [09/Jul/2021:11:00:56 +0800] "GET /xingrg/kc/buy/cgsh_order_operate.html?command=get_materiel&rest_code=00150&code=00101001145&supplier_code=00100314&order_time=2021-07-09 HTTP/1.1" 200 413
180.174.237.246 - - [09/Jul/2021:11:00:59 +0800] "GET /xingrg/kc/buy/cgsh_order_operate.html?command=get_materiel&rest_code=00102&code=00101008038&supplier_code=00100008&order_time=2021-07-09 HTTP/1.1" 200 412
180.174.237.246 - - [09/Jul/2021:11:00:59 +0800] "GET /xingrg/all/function/internal_message.html?_=1625799679457&CODE_STATE=getMsg HTTP/1.1" 200 27
58.37.5.217 - - [09/Jul/2021:11:01:00 +0800] "GET /xingrg/all/function/internal_message.html?_=1625800202149&CODE_STATE=getMsg HTTP/1.1" 200 27
120.253.135.82 - - [09/Jul/2021:11:01:03 +0800] "GET /xingrg/all/function/internal_message.html?_=1625799449310&CODE_STATE=getMsg HTTP/1.1" 200 27
180.174.237.246 - - [09/Jul/2021:11:01:04 +0800] "GET /xingrg/kc/buy/cgsh_order_operate.html?command=get_materiel&rest_code=00102&code=00101008088&supplier_code=00100008&order_time=2021-07-09 HTTP/1.1" 200 408
58.37.225.51 - - [09/Jul/2021:11:01:06 +0800] "GET /xingrg/kc/buy/cgsh_order_operate.html?command=get_materiel&rest_code=00141&code=00101008244&supplier_code=00100007&order_time=2021-07-09 HTTP/1.1" 200 408
180.156.216.127 - - [09/Jul/2021:11:01:09 +0800] "POST /xingrg/kc/buy/cgsh_order_operate.html HTTP/1.1" 200 37
116.235.222.38 - - [09/Jul/2021:11:01:09 +0800] "GET /xingrg/kc/buy/cgsh_order_operate.html?command=get_materiel&rest_code=00107&code=00101008415&supplier_code=00100006&order_time=2021-07-09 HTTP/1.1" 200 398
116.230.117.165 - - [09/Jul/2021:11:01:10 +0800] "GET /xingrg/check_reg.html?_=1625799690594 HTTP/1.1" 200 22
116.230.110.80 - - [09/Jul/2021:11:01:11 +0800] "GET /xingrg/kc/buy/cgsh_order_operate.html?command=get_materiel&rest_code=00155&code=00101016079&supplier_code=00100037&order_time=2021-07-09 HTTP/1.1" 200 414
101.85.107.54 - - [09/Jul/2021:11:01:11 +0800] "GET /xingrg/kc/buy/cgsh_order_operate.html?command=get_materiel&rest_code=00142&code=00101028032&supplier_code=00100156&order_time=2021-07-09 HTTP/1.1" 200 439
222.69.129.116 - - [09/Jul/2021:11:01:12 +0800] "GET /xingrg/all/function/internal_message.html?_=1625799676924&CODE_STATE=getMsg HTTP/1.1" 200 27
222.70.176.145 - - [09/Jul/2021:11:01:12 +0800] "GET /xingrg/all/function/internal_message.html?_=1625799672309&CODE_STATE=getMsg HTTP/1.1" 200 27
120.253.135.82 - - [09/Jul/2021:11:01:12 +0800] "GET /xingrg/all/function/internal_message.html?_=1625799714366&CODE_STATE=getMsg HTTP/1.1" 200 27
180.157.255.9 - - [09/Jul/2021:11:01:12 +0800] "GET /xingrg/kc/buy/cgsh_order_operate.html?command=get_materiel&rest_code=00148&code=00101001045&supplier_code=00100312&order_time=2021-07-09 HTTP/1.1" 200 421
180.156.216.127 - - [09/Jul/2021:11:01:12 +0800] "POST /xingrg/kc/buy/cgsh_order_operate.html HTTP/1.1" 200 12
180.169.147.146 - - [09/Jul/2021:11:01:12 +0800] "GET /xingrg/check_reg.html?_=1625799671740 HTTP/1.1" 200 22
116.235.222.38 - - [09/Jul/2021:11:01:13 +0800] "GET /xingrg/all/function/internal_message.html?_=1625799668514&CODE_STATE=getMsg HTTP/1.1" 200 27
116.230.117.165 - - [09/Jul/2021:11:01:13 +0800] "GET /xingrg/all/function/internal_message.html?_=1625799693514&CODE_STATE=getMsg HTTP/1.1" 200 27
180.156.216.127 - - [09/Jul/2021:11:01:13 +0800] "GET /xingrg/kc/buy/cgsh_order_info.html?code=212021070903764 HTTP/1.1" 200 57509
180.169.147.146 - - [09/Jul/2021:11:01:13 +0800] "GET /xingrg/all/function/internal_message.html?_=1625799677237&CODE_STATE=getMsg HTTP/1.1" 200 27
180.156.216.127 - - [09/Jul/2021:11:01:14 +0800] "GET /xingrg/javascript/easyui/themes/default/validatebox.css HTTP/1.1" 404 1104
180.156.216.127 - - [09/Jul/2021:11:01:14 +0800] "POST /xingrg/kc/buy/cgsh_order_operate.html HTTP/1.1" 200 610
222.70.176.145 - - [09/Jul/2021:11:01:15 +0800] "GET /xingrg/all/function/internal_message.html?_=1625799679615&CODE_STATE=getMsg HTTP/1.1" 200 27
222.70.176.145 - - [09/Jul/2021:11:01:15 +0800] "GET /xingrg/check_reg.html?_=1625799679618 HTTP/1.1" 200 22
180.156.216.127 - - [09/Jul/2021:11:01:16 +0800] "GET /xingrg/kc/print/load_data.html?order_code=212021070903764&kc_code=cgsh&condition= HTTP/1.1" 200 714
58.37.225.51 - - [09/Jul/2021:11:01:16 +0800] "GET /xingrg/kc/buy/cgsh_order_operate.html?command=get_materiel&rest_code=00141&code=00101008096&supplier_code=00100007&order_time=2021-07-09 HTTP/1.1" 200 412
116.235.222.38 - - [09/Jul/2021:11:01:17 +0800] "POST /xingrg/kc/buy/cgsh_order_operate.html HTTP/1.1" 200 2065
180.171.62.232 - - [09/Jul/2021:11:01:19 +0800] "GET /xingrg/check_reg.html?_=1625799679585 HTTP/1.1" 200 22
180.171.62.232 - - [09/Jul/2021:11:01:19 +0800] "GET /xingrg/all/function/internal_message.html?_=1625799679594&CODE_STATE=getMsg HTTP/1.1" 200 27
116.235.95.53 - - [09/Jul/2021:11:01:20 +0800] "GET /xingrg/all/function/internal_message.html?_=1625799778879&CODE_STATE=getMsg HTTP/1.1" 200 27
180.157.255.9 - - [09/Jul/2021:11:01:20 +0800] "GET /xingrg/kc/buy/cgsh_order_operate.html?command=get_materiel&rest_code=00148&code=00101001047&supplier_code=00100312&order_time=2021-07-09 HTTP/1.1" 200 421
58.37.5.217 - - [09/Jul/2021:11:01:21 +0800] "GET /xingrg/kc/buy/cgsh_order_add.html HTTP/1.1" 200 62675
58.37.5.217 - - [09/Jul/2021:11:01:21 +0800] "GET /xingrg/words/20210709102952_words.js HTTP/1.1" 304 -
58.37.5.217 - - [09/Jul/2021:11:01:21 +0800] "POST /xingrg/kc/buy/cgsh_order_operate.html HTTP/1.1" 200 8245
58.37.5.217 - - [09/Jul/2021:11:01:21 +0800] "GET /xingrg/javascript/easyui/themes/default/validatebox.css HTTP/1.1" 404 1104
58.37.5.217 - - [09/Jul/2021:11:01:24 +0800] "GET /xingrg/javascript/easyui/themes/default/tree.css HTTP/1.1" 404 1090
58.37.5.217 - - [09/Jul/2021:11:01:24 +0800] "POST /xingrg/all/common/load_tree.html?tree=supplier_tree_json&isDelete=1 HTTP/1.1" 200 56276
116.235.222.38 - - [09/Jul/2021:11:01:26 +0800] "GET /xingrg/kc/buy/cgsh_order_operate.html?command=get_materiel&rest_code=00107&code=00101008283&supplier_code=00100006&order_time=2021-07-09 HTTP/1.1" 200 408
58.37.225.51 - - [09/Jul/2021:11:01:27 +0800] "GET /xingrg/all/function/internal_message.html?_=1625799610472&CODE_STATE=getMsg HTTP/1.1" 200 27
180.157.255.9 - - [09/Jul/2021:11:01:29 +0800] "GET /xingrg/check_reg.html?_=1625799701771 HTTP/1.1" 200 22
180.157.255.9 - - [09/Jul/2021:11:01:29 +0800] "GET /xingrg/all/function/internal_message.html?_=1625799701771&CODE_STATE=getMsg HTTP/1.1" 200 27
101.85.107.54 - - [09/Jul/2021:11:01:30 +0800] "GET /xingrg/check_reg.html?_=1625799114377 HTTP/1.1" 200 22
101.85.107.54 - - [09/Jul/2021:11:01:30 +0800] "GET /xingrg/all/function/internal_message.html?_=1625799114380&CODE_STATE=getMsg HTTP/1.1" 200 27
58.37.225.51 - - [09/Jul/2021:11:01:31 +0800] "POST /xingrg/kc/buy/cgsh_order_operate.html HTTP/1.1" 200 2065
180.169.147.146 - - [09/Jul/2021:11:01:33 +0800] "GET /xingrg/check_reg.html?_=1625799706354 HTTP/1.1" 200 22
180.169.147.146 - - [09/Jul/2021:11:01:33 +0800] "GET /xingrg/all/function/internal_message.html?_=1625799706358&CODE_STATE=getMsg HTTP/1.1" 200 27
180.156.216.127 - - [09/Jul/2021:11:01:34 +0800] "GET /xingrg/all/function/internal_message.html?_=1625799693562&CODE_STATE=getMsg HTTP/1.1" 200 27
180.157.255.9 - - [09/Jul/2021:11:01:34 +0800] "POST /xingrg/kc/buy/cgsh_order_operate.html HTTP/1.1" 200 37
221.239.195.6 - - [09/Jul/2021:11:01:38 +0800] "GET /xingrg/all/function/internal_message.html?_=1625799702996&CODE_STATE=getMsg HTTP/1.1" 200 27
221.239.195.6 - - [09/Jul/2021:11:01:38 +0800] "GET /xingrg/check_reg.html?_=1625799702999 HTTP/1.1" 200 22
116.235.222.38 - - [09/Jul/2021:11:01:38 +0800] "POST /xingrg/kc/buy/cgsh_order_operate.html HTTP/1.1" 200 37
180.157.255.9 - - [09/Jul/2021:11:01:38 +0800] "POST /xingrg/kc/buy/cgsh_order_operate.html HTTP/1.1" 200 8624
58.37.225.51 - - [09/Jul/2021:11:01:38 +0800] "GET /xingrg/kc/buy/cgsh_order_operate.html?command=get_materiel&rest_code=00141&code=00101008038&supplier_code=00100007&order_time=2021-07-09 HTTP/1.1" 200 412
116.235.222.38 - - [09/Jul/2021:11:01:40 +0800] "POST /xingrg/kc/buy/cgsh_order_operate.html HTTP/1.1" 200 19793
120.253.135.82 - - [09/Jul/2021:11:01:44 +0800] "GET /xingrg/check_reg.html?_=1625799489909 HTTP/1.1" 200 22
116.235.222.38 - - [09/Jul/2021:11:01:44 +0800] "GET /xingrg/kc/mdqp/qp_main.html HTTP/1.1" 200 10633
58.37.225.51 - - [09/Jul/2021:11:01:44 +0800] "GET /xingrg/kc/buy/cgsh_order_operate.html?command=get_materiel&rest_code=00141&code=00101008396&supplier_code=00100007&order_time=2021-07-09 HTTP/1.1" 200 412
116.235.222.38 - - [09/Jul/2021:11:01:45 +0800] "GET /xingrg/images/yd/bt.gif HTTP/1.1" 404 1040
116.235.222.38 - - [09/Jul/2021:11:01:46 +0800] "GET /xingrg/kc/mdqp/qqps_order_list.html HTTP/1.1" 200 9222
116.235.222.38 - - [09/Jul/2021:11:01:46 +0800] "GET /xingrg/dwr/interface/AjaxQqpsService.js HTTP/1.1" 200 16326
116.235.222.38 - - [09/Jul/2021:11:01:46 +0800] "GET /xingrg/dwr/interface/AjaxReportQueryService.js HTTP/1.1" 200 13203
116.235.222.38 - - [09/Jul/2021:11:01:47 +0800] "GET /xingrg/dwr/util.js HTTP/1.1" 304 -
116.235.222.38 - - [09/Jul/2021:11:01:47 +0800] "GET /xingrg/dwr/engine.js HTTP/1.1" 200 43631
221.239.195.6 - - [09/Jul/2021:11:01:47 +0800] "GET /xingrg/all/function/internal_message.html?_=1625799680016&CODE_STATE=getMsg HTTP/1.1" 200 27
221.239.195.6 - - [09/Jul/2021:11:01:47 +0800] "GET /xingrg/check_reg.html?_=1625799680019 HTTP/1.1" 200 22
101.85.107.54 - - [09/Jul/2021:11:01:49 +0800] "GET /xingrg/kc/buy/cgsh_order_operate.html?command=get_materiel&rest_code=00142&code=00101027042&supplier_code=00100156&order_time=2021-07-09 HTTP/1.1" 200 438
180.157.255.9 - - [09/Jul/2021:11:01:49 +0800] "GET /xingrg/kc/buy/cgsh_order_add.html HTTP/1.1" 200 62675
180.157.255.9 - - [09/Jul/2021:11:01:49 +0800] "POST /xingrg/kc/buy/cgsh_order_operate.html HTTP/1.1" 200 8245
58.37.5.217 - - [09/Jul/2021:11:01:49 +0800] "GET /xingrg/check_reg.html?_=1625799714365 HTTP/1.1" 200 22
180.157.255.9 - - [09/Jul/2021:11:01:49 +0800] "GET /xingrg/javascript/easyui/themes/default/validatebox.css HTTP/1.1" 404 1104
58.37.5.217 - - [09/Jul/2021:11:01:50 +0800] "GET /xingrg/kc/buy/cgsh_order_operate.html?command=get_materiel&rest_code=00106&code=00101004051&supplier_code=00100312&order_time=2021-07-09 HTTP/1.1" 200 408
120.253.135.82 - - [09/Jul/2021:11:01:50 +0800] "POST /xingrg/kc/pszx/mdps_list_operate.html HTTP/1.1" 200 3177
58.37.5.217 - - [09/Jul/2021:11:01:51 +0800] "GET /xingrg/all/function/internal_message.html?_=1625799711366&CODE_STATE=getMsg HTTP/1.1" 200 27
116.230.114.112 - - [09/Jul/2021:11:01:51 +0800] "GET /xingrg/all/function/internal_message.html?_=1625799730315&CODE_STATE=getMsg HTTP/1.1" 302 -
101.85.107.54 - - [09/Jul/2021:11:01:52 +0800] "POST /xingrg/all/common/load_select.html HTTP/1.1" 200 25
116.230.110.80 - - [09/Jul/2021:11:01:52 +0800] "GET /xingrg/all/function/internal_message.html?_=1625799716254&CODE_STATE=getMsg HTTP/1.1" 200 27
116.230.110.80 - - [09/Jul/2021:11:01:52 +0800] "GET /xingrg/check_reg.html?_=1625799716259 HTTP/1.1" 200 22
58.37.5.217 - - [09/Jul/2021:11:01:53 +0800] "GET /xingrg/all/function/internal_message.html?_=1625799717967&CODE_STATE=getMsg HTTP/1.1" 200 27
120.253.135.82 - - [09/Jul/2021:11:01:53 +0800] "POST /xingrg/kc/pszx/mdps_list_operate.html HTTP/1.1" 200 280
116.235.222.38 - - [09/Jul/2021:11:01:53 +0800] "GET /xingrg/kc/mdqp/qqps_order_add.html HTTP/1.1" 200 28163
116.235.222.38 - - [09/Jul/2021:11:01:54 +0800] "GET /xingrg/dwr/interface/AjaxQqpsService.js HTTP/1.1" 200 16326
116.235.222.38 - - [09/Jul/2021:11:01:54 +0800] "GET /xingrg/dwr/interface/AjaxComOrderService.js HTTP/1.1" 200 18264
116.235.222.38 - - [09/Jul/2021:11:01:54 +0800] "GET /xingrg/dwr/engine.js HTTP/1.1" 200 43631
180.162.112.86 - - [09/Jul/2021:11:01:54 +0800] "GET /xingrg/all/function/internal_message.html?_=1625799370772&CODE_STATE=getMsg HTTP/1.1" 200 27
116.235.222.38 - - [09/Jul/2021:11:01:54 +0800] "GET /xingrg/words/20210709102952_words.js HTTP/1.1" 304 -
101.85.107.54 - - [09/Jul/2021:11:01:55 +0800] "GET /xingrg/kc/buy/cgsh_order_operate.html?command=get_materiel_price&rest_code=00142&code=00101027042&unit_code=00100157&supplier_code=00100156&order_time=2021-07-09 HTTP/1.1" 200 29
58.37.225.51 - - [09/Jul/2021:11:01:57 +0800] "GET /xingrg/kc/buy/cgsh_order_operate.html?command=get_materiel&rest_code=00141&code=00101008300&supplier_code=00100007&order_time=2021-07-09 HTTP/1.1" 200 414
120.253.135.82 - - [09/Jul/2021:11:01:57 +0800] "GET /xingrg/kc/pszx/mdps_order_info.html?code=312021070800185 HTTP/1.1" 200 23931
180.157.255.9 - - [09/Jul/2021:11:01:59 +0800] "GET /xingrg/kc/buy/cgsh_order_operate.html?command=get_materiel&rest_code=00148&code=00101008055&supplier_code=00100440&order_time=2021-07-09 HTTP/1.1" 200 409
180.174.237.246 - - [09/Jul/2021:11:01:59 +0800] "GET /xingrg/all/function/internal_message.html?_=1625799739471&CODE_STATE=getMsg HTTP/1.1" 200 27
120.253.135.82 - - [09/Jul/2021:11:02:00 +0800] "POST /xingrg/kc/pszx/mdps_order_operate.html HTTP/1.1" 200 2768
120.253.135.82 - - [09/Jul/2021:11:02:00 +0800] "GET /xingrg/javascript/easyui/themes/default/validatebox.css HTTP/1.1" 404 1104
58.37.5.217 - - [09/Jul/2021:11:02:00 +0800] "GET /xingrg/all/function/internal_message.html?_=1625800262160&CODE_STATE=getMsg HTTP/1.1" 200 27
120.253.135.82 - - [09/Jul/2021:11:02:03 +0800] "GET /xingrg/all/function/internal_message.html?_=1625799509313&CODE_STATE=getMsg HTTP/1.1" 200 27
120.253.135.82 - - [09/Jul/2021:11:02:06 +0800] "POST /xingrg/kc/pszx/mdps_order_operate.html HTTP/1.1" 200 37
120.253.135.82 - - [09/Jul/2021:11:02:06 +0800] "GET /xingrg/kc/pszx/mdps_order_info.html?code=312021070800185 HTTP/1.1" 200 23931
180.157.255.9 - - [09/Jul/2021:11:02:06 +0800] "POST /xingrg/kc/buy/cgsh_order_operate.html HTTP/1.1" 200 37
120.253.135.82 - - [09/Jul/2021:11:02:07 +0800] "GET /xingrg/javascript/easyui/themes/default/validatebox.css HTTP/1.1" 404 1104
120.253.135.82 - - [09/Jul/2021:11:02:07 +0800] "POST /xingrg/kc/pszx/mdps_order_operate.html HTTP/1.1" 200 2768
58.37.225.51 - - [09/Jul/2021:11:02:08 +0800] "GET /xingrg/kc/buy/cgsh_order_operate.html?command=get_materiel&rest_code=00141&code=00101008415&supplier_code=00100007&order_time=2021-07-09 HTTP/1.1" 200 398
180.157.255.9 - - [09/Jul/2021:11:02:08 +0800] "POST /xingrg/kc/buy/cgsh_order_operate.html HTTP/1.1" 200 2653
120.253.135.82 - - [09/Jul/2021:11:02:10 +0800] "POST /xingrg/kc/pszx/mdps_list_operate.html HTTP/1.1" 200 3177
116.235.222.38 - - [09/Jul/2021:11:02:10 +0800] "POST /xingrg/dwr/call/plaincall/AjaxQqpsService.saveOrder.dwr HTTP/1.1" 200 78
222.69.129.116 - - [09/Jul/2021:11:02:12 +0800] "GET /xingrg/all/function/internal_message.html?_=1625799736907&CODE_STATE=getMsg HTTP/1.1" 200 27
222.70.176.145 - - [09/Jul/2021:11:02:12 +0800] "GET /xingrg/all/function/internal_message.html?_=1625799732281&CODE_STATE=getMsg HTTP/1.1" 200 27
120.253.135.82 - - [09/Jul/2021:11:02:12 +0800] "GET /xingrg/all/function/internal_message.html?_=1625799774379&CODE_STATE=getMsg HTTP/1.1" 200 27
116.235.222.38 - - [09/Jul/2021:11:02:13 +0800] "GET /xingrg/all/function/internal_message.html?_=1625799728526&CODE_STATE=getMsg HTTP/1.1" 200 27
116.230.117.165 - - [09/Jul/2021:11:02:13 +0800] "GET /xingrg/all/function/internal_message.html?_=1625799753527&CODE_STATE=getMsg HTTP/1.1" 200 27
180.169.147.146 - - [09/Jul/2021:11:02:13 +0800] "GET /xingrg/all/function/internal_message.html?_=1625799737231&CODE_STATE=getMsg HTTP/1.1" 200 27
58.37.5.217 - - [09/Jul/2021:11:02:14 +0800] "GET /xingrg/kc/buy/cgsh_order_operate.html?command=get_materiel&rest_code=00106&code=00101004046&supplier_code=00100312&order_time=2021-07-09 HTTP/1.1" 200 417
101.85.107.54 - - [09/Jul/2021:11:02:14 +0800] "GET /xingrg/kc/buy/cgsh_order_operate.html?command=get_materiel&rest_code=00142&code=00101029027&supplier_code=00100156&order_time=2021-07-09 HTTP/1.1" 200 440
222.70.176.145 - - [09/Jul/2021:11:02:15 +0800] "GET /xingrg/all/function/internal_message.html?_=1625799739615&CODE_STATE=getMsg HTTP/1.1" 200 27
101.85.107.54 - - [09/Jul/2021:11:02:15 +0800] "POST /xingrg/all/common/load_select.html HTTP/1.1" 200 25
180.157.255.9 - - [09/Jul/2021:11:02:16 +0800] "GET /xingrg/kc/buy/cgsh_order_add.html HTTP/1.1" 200 62675
180.157.255.9 - - [09/Jul/2021:11:02:16 +0800] "POST /xingrg/kc/buy/cgsh_order_operate.html HTTP/1.1" 200 8245
180.157.255.9 - - [09/Jul/2021:11:02:16 +0800] "GET /xingrg/javascript/easyui/themes/default/validatebox.css HTTP/1.1" 404 1104
58.37.225.51 - - [09/Jul/2021:11:02:16 +0800] "POST /xingrg/kc/buy/cgsh_order_operate.html HTTP/1.1" 200 2065
116.230.110.80 - - [09/Jul/2021:11:02:17 +0800] "GET /xingrg/kc/buy/cgsh_order_operate.html?command=get_materiel&rest_code=00155&code=00101012059&supplier_code=00100037&order_time=2021-07-09 HTTP/1.1" 200 412
120.253.135.82 - - [09/Jul/2021:11:02:18 +0800] "POST /xingrg/kc/pszx/mdps_list_operate.html HTTP/1.1" 200 653
101.85.107.54 - - [09/Jul/2021:11:02:19 +0800] "GET /xingrg/kc/buy/cgsh_order_operate.html?command=get_materiel_price&rest_code=00142&code=00101029027&unit_code=00100157&supplier_code=00100156&order_time=2021-07-09 HTTP/1.1" 200 29
120.253.135.82 - - [09/Jul/2021:11:02:19 +0800] "GET /xingrg/kc/pszx/mdps_order_info.html?code=312021070800176 HTTP/1.1" 200 23931
180.171.62.232 - - [09/Jul/2021:11:02:19 +0800] "GET /xingrg/all/function/internal_message.html?_=1625799739607&CODE_STATE=getMsg HTTP/1.1" 200 27
120.253.135.82 - - [09/Jul/2021:11:02:20 +0800] "POST /xingrg/kc/pszx/mdps_order_operate.html HTTP/1.1" 200 15655
116.235.95.53 - - [09/Jul/2021:11:02:20 +0800] "GET /xingrg/check_reg.html?_=1625799838861 HTTP/1.1" 200 22
116.235.95.53 - - [09/Jul/2021:11:02:20 +0800] "GET /xingrg/all/function/internal_message.html?_=1625799838863&CODE_STATE=getMsg HTTP/1.1" 200 27
120.253.135.82 - - [09/Jul/2021:11:02:20 +0800] "GET /xingrg/javascript/easyui/themes/default/validatebox.css HTTP/1.1" 404 1104
120.253.135.82 - - [09/Jul/2021:11:02:25 +0800] "POST /xingrg/kc/pszx/mdps_order_operate.html HTTP/1.1" 200 37
58.37.5.217 - - [09/Jul/2021:11:02:26 +0800] "GET /xingrg/kc/buy/cgsh_order_operate.html?command=get_materiel&rest_code=00106&code=00101004038&supplier_code=00100312&order_time=2021-07-09 HTTP/1.1" 200 429
120.253.135.82 - - [09/Jul/2021:11:02:26 +0800] "POST /xingrg/kc/pszx/mdps_order_operate.html HTTP/1.1" 200 12
58.37.225.51 - - [09/Jul/2021:11:02:27 +0800] "GET /xingrg/all/function/internal_message.html?_=1625799670388&CODE_STATE=getMsg HTTP/1.1" 200 27
180.157.255.9 - - [09/Jul/2021:11:02:29 +0800] "GET /xingrg/all/function/internal_message.html?_=1625799761780&CODE_STATE=getMsg HTTP/1.1" 200 27
101.85.107.54 - - [09/Jul/2021:11:02:30 +0800] "GET /xingrg/all/function/internal_message.html?_=1625799174367&CODE_STATE=getMsg HTTP/1.1" 200 27
180.169.147.146 - - [09/Jul/2021:11:02:33 +0800] "GET /xingrg/all/function/internal_message.html?_=1625799766359&CODE_STATE=getMsg HTTP/1.1" 200 27
180.156.216.127 - - [09/Jul/2021:11:02:34 +0800] "GET /xingrg/all/function/internal_message.html?_=1625799753546&CODE_STATE=getMsg HTTP/1.1" 200 27
180.157.255.9 - - [09/Jul/2021:11:02:34 +0800] "GET /xingrg/kc/buy/cgsh_order_operate.html?command=get_materiel&rest_code=00148&code=00101002038&supplier_code=00100087&order_time=2021-07-09 HTTP/1.1" 200 436
58.37.5.217 - - [09/Jul/2021:11:02:35 +0800] "POST /xingrg/services/DataTransmitService HTTP/1.1" 200 524
58.37.5.217 - - [09/Jul/2021:11:02:36 +0800] "POST /xingrg/services/DataTransmitService HTTP/1.1" 200 501
221.239.195.6 - - [09/Jul/2021:11:02:38 +0800] "GET /xingrg/all/function/internal_message.html?_=1625799762999&CODE_STATE=getMsg HTTP/1.1" 200 27
58.37.5.217 - - [09/Jul/2021:11:02:40 +0800] "GET /xingrg/kc/buy/cgsh_order_operate.html?command=get_materiel&rest_code=00106&code=00101004067&supplier_code=00100312&order_time=2021-07-09 HTTP/1.1" 200 433
120.253.135.82 - - [09/Jul/2021:11:02:40 +0800] "GET /xingrg/kc/pszx/mdps_order_info.html?code=312021070800176 HTTP/1.1" 200 19591
58.37.225.51 - - [09/Jul/2021:11:02:40 +0800] "GET /xingrg/kc/buy/cgsh_order_operate.html?command=get_materiel&rest_code=00141&code=00101008108&supplier_code=00100007&order_time=2021-07-09 HTTP/1.1" 200 412
120.253.135.82 - - [09/Jul/2021:11:02:41 +0800] "POST /xingrg/kc/pszx/mdps_order_operate.html HTTP/1.1" 200 13767
120.253.135.82 - - [09/Jul/2021:11:02:41 +0800] "GET /xingrg/javascript/easyui/themes/default/validatebox.css HTTP/1.1" 404 1104
120.253.135.82 - - [09/Jul/2021:11:02:42 +0800] "POST /xingrg/kc/pszx/mdps_list_operate.html HTTP/1.1" 200 2803
58.37.5.217 - - [09/Jul/2021:11:02:43 +0800] "GET /xingrg/kc/base/wldb_order_add.html HTTP/1.1" 200 30357
58.37.5.217 - - [09/Jul/2021:11:02:43 +0800] "POST /xingrg/kc/base/wldb_order_operate.html HTTP/1.1" 200 6806
58.37.5.217 - - [09/Jul/2021:11:02:43 +0800] "GET /xingrg/javascript/easyui/themes/default/validatebox.css HTTP/1.1" 404 1104
58.37.5.217 - - [09/Jul/2021:11:02:44 +0800] "POST /xingrg/all/common/load_combo.html?type=base HTTP/1.1" 200 3142
120.253.135.82 - - [09/Jul/2021:11:02:44 +0800] "POST /xingrg/kc/pszx/mdps_list_operate.html HTTP/1.1" 200 280
120.253.135.82 - - [09/Jul/2021:11:02:45 +0800] "GET /xingrg/kc/pszx/mdps_order_info.html?code=312021070800185 HTTP/1.1" 200 23931
120.253.135.82 - - [09/Jul/2021:11:02:46 +0800] "GET /xingrg/javascript/easyui/themes/default/validatebox.css HTTP/1.1" 404 1104
120.253.135.82 - - [09/Jul/2021:11:02:46 +0800] "POST /xingrg/kc/pszx/mdps_order_operate.html HTTP/1.1" 200 2768
58.37.5.217 - - [09/Jul/2021:11:02:46 +0800] "POST /xingrg/all/common/load_combo.html?type=base HTTP/1.1" 200 3142
180.157.255.9 - - [09/Jul/2021:11:02:46 +0800] "POST /xingrg/kc/buy/cgsh_order_operate.html HTTP/1.1" 200 37
180.157.255.9 - - [09/Jul/2021:11:02:47 +0800] "POST /xingrg/kc/buy/cgsh_order_operate.html HTTP/1.1" 200 2662
221.239.195.6 - - [09/Jul/2021:11:02:47 +0800] "GET /xingrg/all/function/internal_message.html?_=1625799740019&CODE_STATE=getMsg HTTP/1.1" 200 27
120.253.135.82 - - [09/Jul/2021:11:02:50 +0800] "POST /xingrg/kc/pszx/mdps_order_operate.html HTTP/1.1" 200 37
58.37.5.217 - - [09/Jul/2021:11:02:50 +0800] "GET /xingrg/kc/buy/cgsh_order_operate.html?command=get_materiel&rest_code=00106&code=00101004027&supplier_code=00100312&order_time=2021-07-09 HTTP/1.1" 200 409
58.37.5.217 - - [09/Jul/2021:11:02:50 +0800] "POST /xingrg/services/DataTransmitService HTTP/1.1" 200 524
58.37.5.217 - - [09/Jul/2021:11:02:51 +0800] "GET /xingrg/all/function/internal_message.html?_=1625799771387&CODE_STATE=getMsg HTTP/1.1" 200 27
120.253.135.82 - - [09/Jul/2021:11:02:51 +0800] "POST /xingrg/kc/pszx/mdps_order_operate.html HTTP/1.1" 200 12
116.230.114.112 - - [09/Jul/2021:11:02:51 +0800] "GET /xingrg/all/function/internal_message.html?_=1625799790331&CODE_STATE=getMsg HTTP/1.1" 302 -
58.37.5.217 - - [09/Jul/2021:11:02:51 +0800] "POST /xingrg/services/DataTransmitService HTTP/1.1" 200 412
116.230.110.80 - - [09/Jul/2021:11:02:52 +0800] "GET /xingrg/all/function/internal_message.html?_=1625799776244&CODE_STATE=getMsg HTTP/1.1" 200 27
58.37.5.217 - - [09/Jul/2021:11:02:53 +0800] "GET /xingrg/all/function/internal_message.html?_=1625799777966&CODE_STATE=getMsg HTTP/1.1" 200 27
180.162.112.86 - - [09/Jul/2021:11:02:54 +0800] "GET /xingrg/check_reg.html?_=1625799430775 HTTP/1.1" 200 22
180.162.112.86 - - [09/Jul/2021:11:02:54 +0800] "GET /xingrg/all/function/internal_message.html?_=1625799430772&CODE_STATE=getMsg HTTP/1.1" 200 27
101.85.107.54 - - [09/Jul/2021:11:02:56 +0800] "GET /xingrg/kc/buy/cgsh_order_operate.html?command=get_materiel&rest_code=00142&code=00101029094&supplier_code=00100156&order_time=2021-07-09 HTTP/1.1" 200 427
180.156.216.127 - - [09/Jul/2021:11:02:58 +0800] "GET /xingrg/kc/buy/cgsh_order_add.html HTTP/1.1" 200 62599
180.156.216.127 - - [09/Jul/2021:11:02:58 +0800] "GET /xingrg/words/20210709102952_words.js HTTP/1.1" 304 -
180.156.216.127 - - [09/Jul/2021:11:02:58 +0800] "POST /xingrg/kc/buy/cgsh_order_operate.html HTTP/1.1" 200 8245
180.156.216.127 - - [09/Jul/2021:11:02:58 +0800] "GET /xingrg/javascript/easyui/themes/default/validatebox.css HTTP/1.1" 404 1104
120.253.135.82 - - [09/Jul/2021:11:02:59 +0800] "GET /xingrg/kc/pszx/mdps_order_info.html?code=312021070800185 HTTP/1.1" 200 19591
180.174.237.246 - - [09/Jul/2021:11:02:59 +0800] "GET /xingrg/all/function/internal_message.html?_=1625799799483&CODE_STATE=getMsg HTTP/1.1" 200 27
120.253.135.82 - - [09/Jul/2021:11:02:59 +0800] "POST /xingrg/kc/pszx/mdps_order_operate.html HTTP/1.1" 200 986
120.253.135.82 - - [09/Jul/2021:11:02:59 +0800] "GET /xingrg/javascript/easyui/themes/default/validatebox.css HTTP/1.1" 404 1104
58.37.5.217 - - [09/Jul/2021:11:03:00 +0800] "POST /xingrg/services/DataTransmitService HTTP/1.1" 200 524
58.37.5.217 - - [09/Jul/2021:11:03:00 +0800] "GET /xingrg/all/function/internal_message.html?_=1625800322133&CODE_STATE=getMsg HTTP/1.1" 200 27
120.253.135.82 - - [09/Jul/2021:11:03:00 +0800] "POST /xingrg/kc/pszx/mdps_list_operate.html HTTP/1.1" 200 2433
58.37.5.217 - - [09/Jul/2021:11:03:01 +0800] "POST /xingrg/services/DataTransmitService HTTP/1.1" 200 412
58.37.5.217 - - [09/Jul/2021:11:03:01 +0800] "GET /xingrg/check_reg.html?_=1625800322775 HTTP/1.1" 200 22
120.253.135.82 - - [09/Jul/2021:11:03:03 +0800] "POST /xingrg/kc/pszx/mdps_list_operate.html HTTP/1.1" 200 614
120.253.135.82 - - [09/Jul/2021:11:03:03 +0800] "GET /xingrg/kc/pszx/mdps_order_info.html?code=312021070800175 HTTP/1.1" 200 23931
120.253.135.82 - - [09/Jul/2021:11:03:03 +0800] "GET /xingrg/all/function/internal_message.html?_=1625799569390&CODE_STATE=getMsg HTTP/1.1" 200 27
120.253.135.82 - - [09/Jul/2021:11:03:04 +0800] "GET /xingrg/javascript/easyui/themes/default/validatebox.css HTTP/1.1" 404 1104
120.253.135.82 - - [09/Jul/2021:11:03:04 +0800] "POST /xingrg/kc/pszx/mdps_order_operate.html HTTP/1.1" 200 6317
101.85.107.54 - - [09/Jul/2021:11:03:07 +0800] "GET /xingrg/kc/buy/cgsh_order_operate.html?command=get_materiel&rest_code=00142&code=00101029011&supplier_code=00100156&order_time=2021-07-09 HTTP/1.1" 200 458
120.253.135.82 - - [09/Jul/2021:11:03:07 +0800] "POST /xingrg/kc/pszx/mdps_order_operate.html HTTP/1.1" 200 37
116.235.222.38 - - [09/Jul/2021:11:03:08 +0800] "POST /xingrg/dwr/call/plaincall/AjaxQqpsService.getMaterielByCode.dwr HTTP/1.1" 200 3421
120.253.135.82 - - [09/Jul/2021:11:03:09 +0800] "POST /xingrg/kc/pszx/mdps_order_operate.html HTTP/1.1" 200 12
180.156.216.127 - - [09/Jul/2021:11:03:10 +0800] "GET /xingrg/kc/buy/cgsh_order_operate.html?command=get_materiel&rest_code=00150&code=00101010143&supplier_code=00100327&order_time=2021-07-09 HTTP/1.1" 200 413
101.85.107.54 - - [09/Jul/2021:11:03:10 +0800] "POST /xingrg/all/common/load_select.html HTTP/1.1" 200 25
222.69.129.116 - - [09/Jul/2021:11:03:12 +0800] "GET /xingrg/all/function/internal_message.html?_=1625799796893&CODE_STATE=getMsg HTTP/1.1" 200 27
222.70.176.145 - - [09/Jul/2021:11:03:12 +0800] "GET /xingrg/all/function/internal_message.html?_=1625799792251&CODE_STATE=getMsg HTTP/1.1" 200 27
120.253.135.82 - - [09/Jul/2021:11:03:12 +0800] "GET /xingrg/all/function/internal_message.html?_=1625799834399&CODE_STATE=getMsg HTTP/1.1" 200 27
180.157.255.9 - - [09/Jul/2021:11:03:12 +0800] "GET /xingrg/kc/buy/cgsh_order_add.html HTTP/1.1" 200 62675
180.157.255.9 - - [09/Jul/2021:11:03:12 +0800] "POST /xingrg/kc/buy/cgsh_order_operate.html HTTP/1.1" 200 8245
180.157.255.9 - - [09/Jul/2021:11:03:12 +0800] "GET /xingrg/javascript/easyui/themes/default/validatebox.css HTTP/1.1" 404 1104
116.235.222.38 - - [09/Jul/2021:11:03:13 +0800] "GET /xingrg/all/function/internal_message.html?_=1625799788523&CODE_STATE=getMsg HTTP/1.1" 200 27
58.37.5.217 - - [09/Jul/2021:11:03:13 +0800] "GET /xingrg/kc/buy/cgsh_order_operate.html?command=get_materiel&rest_code=00106&code=00101004079&supplier_code=00100312&order_time=2021-07-09 HTTP/1.1" 200 399
116.230.117.165 - - [09/Jul/2021:11:03:13 +0800] "GET /xingrg/all/function/internal_message.html?_=1625799813541&CODE_STATE=getMsg HTTP/1.1" 200 27
180.169.147.146 - - [09/Jul/2021:11:03:13 +0800] "GET /xingrg/all/function/internal_message.html?_=1625799797224&CODE_STATE=getMsg HTTP/1.1" 200 27
101.85.107.54 - - [09/Jul/2021:11:03:14 +0800] "GET /xingrg/kc/buy/cgsh_order_operate.html?command=get_materiel_price&rest_code=00142&code=00101029011&unit_code=00100157&supplier_code=00100156&order_time=2021-07-09 HTTP/1.1" 200 29
222.70.176.145 - - [09/Jul/2021:11:03:15 +0800] "GET /xingrg/all/function/internal_message.html?_=1625799799616&CODE_STATE=getMsg HTTP/1.1" 200 27
120.253.135.82 - - [09/Jul/2021:11:03:16 +0800] "GET /xingrg/kc/pszx/mdps_order_info.html?code=312021070800175 HTTP/1.1" 200 19591
120.253.135.82 - - [09/Jul/2021:11:03:17 +0800] "POST /xingrg/kc/pszx/mdps_order_operate.html HTTP/1.1" 200 4504
120.253.135.82 - - [09/Jul/2021:11:03:17 +0800] "GET /xingrg/javascript/easyui/themes/default/validatebox.css HTTP/1.1" 404 1104
120.253.135.82 - - [09/Jul/2021:11:03:18 +0800] "POST /xingrg/kc/pszx/mdps_list_operate.html HTTP/1.1" 200 2061
116.235.222.38 - - [09/Jul/2021:11:03:18 +0800] "POST /xingrg/dwr/call/plaincall/AjaxQqpsService.getMaterielByCode.dwr HTTP/1.1" 200 3436
180.171.62.232 - - [09/Jul/2021:11:03:19 +0800] "GET /xingrg/all/function/internal_message.html?_=1625799799593&CODE_STATE=getMsg HTTP/1.1" 200 27
120.253.135.82 - - [09/Jul/2021:11:03:20 +0800] "POST /xingrg/kc/pszx/mdps_list_operate.html HTTP/1.1" 200 202
116.235.95.53 - - [09/Jul/2021:11:03:20 +0800] "GET /xingrg/all/function/internal_message.html?_=1625799898860&CODE_STATE=getMsg HTTP/1.1" 200 27
120.253.135.82 - - [09/Jul/2021:11:03:20 +0800] "GET /xingrg/kc/pszx/mdps_order_info.html?code=312021070800174 HTTP/1.1" 200 23929
180.157.255.9 - - [09/Jul/2021:11:03:20 +0800] "GET /xingrg/kc/buy/cgsh_order_operate.html?command=get_materiel&rest_code=00148&code=00101010161&supplier_code=00100334&order_time=2021-07-09 HTTP/1.1" 200 409
120.253.135.82 - - [09/Jul/2021:11:03:21 +0800] "GET /xingrg/javascript/easyui/themes/default/validatebox.css HTTP/1.1" 404 1104
120.253.135.82 - - [09/Jul/2021:11:03:21 +0800] "POST /xingrg/kc/pszx/mdps_order_operate.html HTTP/1.1" 200 2285
180.156.216.127 - - [09/Jul/2021:11:03:22 +0800] "GET /xingrg/kc/buy/cgsh_order_operate.html?command=get_materiel&rest_code=00150&code=00101010569&supplier_code=00100327&order_time=2021-07-09 HTTP/1.1" 200 397
120.253.135.82 - - [09/Jul/2021:11:03:24 +0800] "POST /xingrg/kc/pszx/mdps_order_operate.html HTTP/1.1" 200 37
120.253.135.82 - - [09/Jul/2021:11:03:25 +0800] "POST /xingrg/kc/pszx/mdps_order_operate.html HTTP/1.1" 200 12
58.37.5.217 - - [09/Jul/2021:11:03:26 +0800] "GET /xingrg/kc/buy/cgsh_order_operate.html?command=get_materiel&rest_code=00106&code=00101004030&supplier_code=00100312&order_time=2021-07-09 HTTP/1.1" 200 428
58.37.225.51 - - [09/Jul/2021:11:03:27 +0800] "GET /xingrg/all/function/internal_message.html?_=1625799730379&CODE_STATE=getMsg HTTP/1.1" 200 27
180.156.216.127 - - [09/Jul/2021:11:03:28 +0800] "POST /xingrg/kc/buy/cgsh_order_operate.html HTTP/1.1" 200 37
180.157.255.9 - - [09/Jul/2021:11:03:29 +0800] "GET /xingrg/all/function/internal_message.html?_=1625799821784&CODE_STATE=getMsg HTTP/1.1" 200 27
180.157.255.9 - - [09/Jul/2021:11:03:30 +0800] "GET /xingrg/kc/buy/cgsh_order_operate.html?command=get_materiel&rest_code=00148&code=00101005040&supplier_code=00100334&order_time=2021-07-09 HTTP/1.1" 200 417
58.37.225.51 - - [09/Jul/2021:11:03:30 +0800] "GET /xingrg/kc/buy/cgsh_order_operate.html?command=get_materiel&rest_code=00141&code=00101008098&supplier_code=00100007&order_time=2021-07-09 HTTP/1.1" 200 412
101.85.107.54 - - [09/Jul/2021:11:03:30 +0800] "GET /xingrg/all/function/internal_message.html?_=1625799234398&CODE_STATE=getMsg HTTP/1.1" 200 27
58.37.5.217 - - [09/Jul/2021:11:03:31 +0800] "POST /xingrg/services/DataTransmitService HTTP/1.1" 200 524
180.156.216.127 - - [09/Jul/2021:11:03:32 +0800] "POST /xingrg/kc/buy/cgsh_order_operate.html HTTP/1.1" 200 12
58.37.5.217 - - [09/Jul/2021:11:03:32 +0800] "POST /xingrg/services/DataTransmitService HTTP/1.1" 200 501
120.253.135.82 - - [09/Jul/2021:11:03:32 +0800] "GET /xingrg/kc/pszx/mdps_order_info.html?code=312021070800174 HTTP/1.1" 200 19589
180.156.216.127 - - [09/Jul/2021:11:03:32 +0800] "GET /xingrg/kc/buy/cgsh_order_info.html?code=212021070903769 HTTP/1.1" 200 57507
120.253.135.82 - - [09/Jul/2021:11:03:32 +0800] "POST /xingrg/kc/pszx/mdps_order_operate.html HTTP/1.1" 200 506
120.253.135.82 - - [09/Jul/2021:11:03:32 +0800] "GET /xingrg/javascript/easyui/themes/default/validatebox.css HTTP/1.1" 404 1104
180.156.216.127 - - [09/Jul/2021:11:03:33 +0800] "GET /xingrg/javascript/easyui/themes/default/validatebox.css HTTP/1.1" 404 1104
180.169.147.146 - - [09/Jul/2021:11:03:33 +0800] "GET /xingrg/all/function/internal_message.html?_=1625799826357&CODE_STATE=getMsg HTTP/1.1" 200 27
180.156.216.127 - - [09/Jul/2021:11:03:33 +0800] "POST /xingrg/kc/buy/cgsh_order_operate.html HTTP/1.1" 200 1199
120.253.135.82 - - [09/Jul/2021:11:03:34 +0800] "POST /xingrg/kc/pszx/mdps_list_operate.html HTTP/1.1" 200 1692
180.156.216.127 - - [09/Jul/2021:11:03:34 +0800] "GET /xingrg/all/function/internal_message.html?_=1625799813531&CODE_STATE=getMsg HTTP/1.1" 200 27
120.253.135.82 - - [09/Jul/2021:11:03:35 +0800] "POST /xingrg/kc/pszx/mdps_list_operate.html HTTP/1.1" 200 639
120.253.135.82 - - [09/Jul/2021:11:03:35 +0800] "GET /xingrg/kc/pszx/mdps_order_info.html?code=312021070800177 HTTP/1.1" 200 23931
120.253.135.82 - - [09/Jul/2021:11:03:36 +0800] "GET /xingrg/javascript/easyui/themes/default/validatebox.css HTTP/1.1" 404 1104
120.253.135.82 - - [09/Jul/2021:11:03:36 +0800] "POST /xingrg/kc/pszx/mdps_order_operate.html HTTP/1.1" 200 9382
180.157.255.9 - - [09/Jul/2021:11:03:36 +0800] "POST /xingrg/kc/buy/cgsh_order_operate.html HTTP/1.1" 200 37
180.156.216.127 - - [09/Jul/2021:11:03:37 +0800] "GET /xingrg/kc/print/load_data.html?order_code=212021070903769&kc_code=cgsh&condition= HTTP/1.1" 200 924
58.37.225.51 - - [09/Jul/2021:11:03:37 +0800] "POST /xingrg/kc/buy/cgsh_order_operate.html HTTP/1.1" 200 2065
221.239.195.6 - - [09/Jul/2021:11:03:38 +0800] "GET /xingrg/all/function/internal_message.html?_=1625799822998&CODE_STATE=getMsg HTTP/1.1" 200 27
180.157.255.9 - - [09/Jul/2021:11:03:39 +0800] "POST /xingrg/kc/buy/cgsh_order_operate.html HTTP/1.1" 200 3250
101.85.107.54 - - [09/Jul/2021:11:03:39 +0800] "GET /xingrg/kc/buy/cgsh_order_operate.html?command=get_materiel&rest_code=00142&code=00101025017&supplier_code=00100156&order_time=2021-07-09 HTTP/1.1" 200 462
116.235.222.38 - - [09/Jul/2021:11:03:41 +0800] "POST /xingrg/dwr/call/plaincall/AjaxQqpsService.getMaterielByCode.dwr HTTP/1.1" 200 3484
180.156.216.127 - - [09/Jul/2021:11:03:41 +0800] "GET /xingrg/kc/buy/cgsh_order_add.html HTTP/1.1" 200 62599
180.156.216.127 - - [09/Jul/2021:11:03:41 +0800] "POST /xingrg/kc/buy/cgsh_order_operate.html HTTP/1.1" 200 8245
180.156.216.127 - - [09/Jul/2021:11:03:41 +0800] "GET /xingrg/javascript/easyui/themes/default/validatebox.css HTTP/1.1" 404 1104
58.37.225.51 - - [09/Jul/2021:11:03:42 +0800] "GET /xingrg/kc/buy/cgsh_order_operate.html?command=get_materiel&rest_code=00141&code=00101008298&supplier_code=00100007&order_time=2021-07-09 HTTP/1.1" 200 412
58.37.5.217 - - [09/Jul/2021:11:03:42 +0800] "POST /xingrg/services/DataTransmitService HTTP/1.1" 200 524
