116.230.110.80 - - [09/Jul/2021:10:50:08 +0800] "GET /xingrg/kc/buy/cgsh_order_operate.html?command=get_materiel&rest_code=00155&code=00101026029&supplier_code=00100017&order_time=2021-07-09 HTTP/1.1" 200 452
120.253.135.82 - - [09/Jul/2021:10:50:11 +0800] "GET /xingrg/check_reg.html?_=1625799054074 HTTP/1.1" 200 22
120.253.135.82 - - [09/Jul/2021:10:50:12 +0800] "GET /xingrg/all/function/internal_message.html?_=1625799054185&CODE_STATE=getMsg HTTP/1.1" 200 27
222.69.129.116 - - [09/Jul/2021:10:50:12 +0800] "GET /xingrg/all/function/internal_message.html?_=1625799017111&CODE_STATE=getMsg HTTP/1.1" 200 27
222.70.176.145 - - [09/Jul/2021:10:50:12 +0800] "GET /xingrg/all/function/internal_message.html?_=1625799012581&CODE_STATE=getMsg HTTP/1.1" 200 27
116.230.117.165 - - [09/Jul/2021:10:50:12 +0800] "GET /xingrg/all/function/internal_message.html?_=1625799032724&CODE_STATE=getMsg HTTP/1.1" 200 27
116.235.222.38 - - [09/Jul/2021:10:50:13 +0800] "GET /xingrg/all/function/internal_message.html?_=1625799008498&CODE_STATE=getMsg HTTP/1.1" 200 27
180.156.216.127 - - [09/Jul/2021:10:50:13 +0800] "POST /xingrg/kc/buy/cgsh_order_operate.html HTTP/1.1" 200 37
180.169.147.146 - - [09/Jul/2021:10:50:13 +0800] "GET /xingrg/check_reg.html?_=1625799017225 HTTP/1.1" 200 22
180.169.147.146 - - [09/Jul/2021:10:50:13 +0800] "GET /xingrg/all/function/internal_message.html?_=1625799017232&CODE_STATE=getMsg HTTP/1.1" 200 27
116.230.117.165 - - [09/Jul/2021:10:50:14 +0800] "GET /xingrg/kc/buy/cgsh_order_operate.html?command=get_materiel&rest_code=00146&code=00101003025&supplier_code=00100041&order_time=2021-07-09 HTTP/1.1" 200 409
222.70.176.145 - - [09/Jul/2021:10:50:15 +0800] "GET /xingrg/all/function/internal_message.html?_=1625799019622&CODE_STATE=getMsg HTTP/1.1" 200 27
180.156.216.127 - - [09/Jul/2021:10:50:16 +0800] "POST /xingrg/kc/buy/cgsh_order_operate.html HTTP/1.1" 200 12
180.174.237.246 - - [09/Jul/2021:10:50:17 +0800] "GET /xingrg/all/function/internal_message.html?_=1625799036701&CODE_STATE=getMsg HTTP/1.1" 200 27
180.156.216.127 - - [09/Jul/2021:10:50:17 +0800] "GET /xingrg/kc/buy/cgsh_order_info.html?code=212021070903748 HTTP/1.1" 200 57221
180.156.216.127 - - [09/Jul/2021:10:50:18 +0800] "GET /xingrg/javascript/easyui/themes/default/validatebox.css HTTP/1.1" 404 1104
180.156.216.127 - - [09/Jul/2021:10:50:18 +0800] "POST /xingrg/kc/buy/cgsh_order_operate.html HTTP/1.1" 200 615
221.239.195.6 - - [09/Jul/2021:10:50:19 +0800] "POST /xingrg/kc/base/wldb_order_operate.html HTTP/1.1" 200 37
221.239.195.6 - - [09/Jul/2021:10:50:19 +0800] "POST /xingrg/kc/base/wldb_order_operate.html HTTP/1.1" 200 2187
58.37.225.51 - - [09/Jul/2021:10:50:19 +0800] "GET /xingrg/check_reg.html?_=1625798938534 HTTP/1.1" 302 -
180.156.216.127 - - [09/Jul/2021:10:50:19 +0800] "GET /xingrg/kc/print/load_data.html?order_code=212021070903748&kc_code=cgsh&condition= HTTP/1.1" 200 709
116.235.95.53 - - [09/Jul/2021:10:50:20 +0800] "GET /xingrg/all/function/internal_message.html?_=1625799118831&CODE_STATE=getMsg HTTP/1.1" 200 27
180.156.216.127 - - [09/Jul/2021:10:50:24 +0800] "GET /xingrg/kc/buy/cgsh_order_add.html HTTP/1.1" 200 62317
180.156.216.127 - - [09/Jul/2021:10:50:25 +0800] "GET /xingrg/javascript/easyui/themes/default/validatebox.css HTTP/1.1" 404 1104
180.156.216.127 - - [09/Jul/2021:10:50:25 +0800] "POST /xingrg/kc/buy/cgsh_order_operate.html HTTP/1.1" 200 8245
58.37.225.51 - - [09/Jul/2021:10:50:25 +0800] "GET /xingrg/kc/buy/buy_main.html HTTP/1.1" 302 -
58.37.225.51 - - [09/Jul/2021:10:50:25 +0800] "GET /xingrg/login.html HTTP/1.1" 200 7641
58.37.225.51 - - [09/Jul/2021:10:50:25 +0800] "GET /xingrg/login.html HTTP/1.1" 200 7641
58.37.225.51 - - [09/Jul/2021:10:50:25 +0800] "GET /favicon.ico HTTP/1.1" 404 -
58.37.225.51 - - [09/Jul/2021:10:50:27 +0800] "POST /xingrg/login.do HTTP/1.1" 302 -
58.37.225.51 - - [09/Jul/2021:10:50:27 +0800] "GET /xingrg/index.html?sysBaseUrl=http%3A%2F%2F180.169.147.146%3A18081%2Fxingrg%2F&costTime=44×tamp=1625799027026 HTTP/1.1" 200 17179
58.37.225.51 - - [09/Jul/2021:10:50:27 +0800] "GET /favicon.ico HTTP/1.1" 404 -
58.37.225.51 - - [09/Jul/2021:10:50:27 +0800] "POST /xingrg/all/common/load_tree.html?tree=area_rest_tree_json&manage=1 HTTP/1.1" 200 351
58.37.225.51 - - [09/Jul/2021:10:50:27 +0800] "GET /xingrg/check_reg.html?_=1625798950346 HTTP/1.1" 200 22
58.37.225.51 - - [09/Jul/2021:10:50:27 +0800] "GET /xingrg/all/function/internal_message.html?_=1625798950345&CODE_STATE=count HTTP/1.1" 200 11
58.37.225.51 - - [09/Jul/2021:10:50:27 +0800] "POST /xingrg/load_menu.html HTTP/1.1" 200 5138
221.239.195.6 - - [09/Jul/2021:10:50:27 +0800] "GET /xingrg/kc/base/wldb_order_info.html?code=422021070900930 HTTP/1.1" 200 30367
221.239.195.6 - - [09/Jul/2021:10:50:28 +0800] "GET /xingrg/javascript/easyui/themes/default/validatebox.css HTTP/1.1" 404 1104
58.37.225.51 - - [09/Jul/2021:10:50:28 +0800] "GET /xingrg/kc/buy/buy_main.html HTTP/1.1" 200 12412
58.37.225.51 - - [09/Jul/2021:10:50:28 +0800] "GET /xingrg/css/new_ie.css HTTP/1.1" 404 1036
221.239.195.6 - - [09/Jul/2021:10:50:28 +0800] "POST /xingrg/kc/base/wldb_order_operate.html HTTP/1.1" 200 2187
58.37.225.51 - - [09/Jul/2021:10:50:29 +0800] "GET /xingrg/images/yd/bt.gif HTTP/1.1" 404 1040
58.37.225.51 - - [09/Jul/2021:10:50:29 +0800] "GET /xingrg/kc/buy/cgsh_order_list.html HTTP/1.1" 200 46943
116.230.117.165 - - [09/Jul/2021:10:50:29 +0800] "GET /xingrg/kc/buy/cgsh_order_operate.html?command=get_materiel&rest_code=00146&code=00101001075&supplier_code=00100041&order_time=2021-07-09 HTTP/1.1" 200 409
180.157.255.9 - - [09/Jul/2021:10:50:29 +0800] "GET /xingrg/all/function/internal_message.html?_=1625799041754&CODE_STATE=getMsg HTTP/1.1" 200 27
101.85.107.54 - - [09/Jul/2021:10:50:30 +0800] "GET /xingrg/all/function/internal_message.html?_=1625798454328&CODE_STATE=getMsg HTTP/1.1" 200 27
58.37.225.51 - - [09/Jul/2021:10:50:30 +0800] "POST /xingrg/kc/buy/cgsh_list_operate.html HTTP/1.1" 200 876
180.169.147.146 - - [09/Jul/2021:10:50:33 +0800] "GET /xingrg/all/function/internal_message.html?_=1625799046329&CODE_STATE=getMsg HTTP/1.1" 200 27
180.156.216.127 - - [09/Jul/2021:10:50:36 +0800] "GET /xingrg/all/function/internal_message.html?_=1625799036330&CODE_STATE=getMsg HTTP/1.1" 200 27
58.37.225.51 - - [09/Jul/2021:10:50:37 +0800] "GET /xingrg/kc/buy/cgsh_order_add.html HTTP/1.1" 200 62681
58.37.225.51 - - [09/Jul/2021:10:50:37 +0800] "GET /xingrg/words/20210709102952_words.js HTTP/1.1" 200 824662
221.239.195.6 - - [09/Jul/2021:10:50:38 +0800] "GET /xingrg/all/function/internal_message.html?_=1625799043044&CODE_STATE=getMsg HTTP/1.1" 200 27
58.37.225.51 - - [09/Jul/2021:10:50:38 +0800] "POST /xingrg/kc/buy/cgsh_order_operate.html HTTP/1.1" 200 8245
58.37.225.51 - - [09/Jul/2021:10:50:38 +0800] "GET /xingrg/all/common/auto_word.html?type=employee&rest_code=00141 HTTP/1.1" 200 201
58.37.225.51 - - [09/Jul/2021:10:50:38 +0800] "GET /xingrg/javascript/easyui/themes/default/validatebox.css HTTP/1.1" 404 1104
58.37.225.51 - - [09/Jul/2021:10:50:38 +0800] "GET /xingrg/all/common/auto_word.html?type=employee&rest_code=00141 HTTP/1.1" 200 201
101.85.52.2 - - [09/Jul/2021:10:50:39 +0800] "GET /xingrg/kc/buy/cgsh_order_list.html HTTP/1.1" 200 46943
58.37.225.51 - - [09/Jul/2021:10:50:40 +0800] "GET /xingrg/javascript/auto/indicator.gif HTTP/1.1" 404 1066
116.230.117.165 - - [09/Jul/2021:10:50:41 +0800] "GET /xingrg/kc/buy/cgsh_order_operate.html?command=get_materiel&rest_code=00146&code=00101004040&supplier_code=00100041&order_time=2021-07-09 HTTP/1.1" 200 414
58.37.225.51 - - [09/Jul/2021:10:50:42 +0800] "GET /xingrg/javascript/jquery_tools/images/next.gif HTTP/1.1" 404 1086
58.37.225.51 - - [09/Jul/2021:10:50:42 +0800] "GET /xingrg/javascript/jquery_tools/images/prev.gif HTTP/1.1" 404 1086
222.70.176.145 - - [09/Jul/2021:10:50:42 +0800] "GET /xingrg/check_reg.html?_=1625799042584 HTTP/1.1" 200 22
180.157.255.9 - - [09/Jul/2021:10:50:47 +0800] "GET /xingrg/kc/buy/cgsh_order_operate.html?command=get_materiel&rest_code=00148&code=00101016052&supplier_code=00100347&order_time=2021-07-09 HTTP/1.1" 200 416
221.239.195.6 - - [09/Jul/2021:10:50:47 +0800] "GET /xingrg/all/function/internal_message.html?_=1625799020006&CODE_STATE=getMsg HTTP/1.1" 200 27
58.37.225.51 - - [09/Jul/2021:10:50:49 +0800] "GET /xingrg/kc/buy/cgsh_order_operate.html?command=get_materiel&rest_code=00141&code=00101012030&supplier_code=00100036&order_time=2021-07-09 HTTP/1.1" 200 416
58.37.5.217 - - [09/Jul/2021:10:50:51 +0800] "GET /xingrg/check_reg.html?_=1625799051349 HTTP/1.1" 200 22
58.37.5.217 - - [09/Jul/2021:10:50:51 +0800] "GET /xingrg/all/function/internal_message.html?_=1625799051350&CODE_STATE=getMsg HTTP/1.1" 200 27
116.230.114.112 - - [09/Jul/2021:10:50:51 +0800] "GET /xingrg/all/function/internal_message.html?_=1625799070074&CODE_STATE=getMsg HTTP/1.1" 302 -
116.230.110.80 - - [09/Jul/2021:10:50:52 +0800] "GET /xingrg/all/function/internal_message.html?_=1625799056258&CODE_STATE=getMsg HTTP/1.1" 200 27
58.37.5.217 - - [09/Jul/2021:10:50:53 +0800] "GET /xingrg/all/function/internal_message.html?_=1625799057936&CODE_STATE=getMsg HTTP/1.1" 200 27
116.230.117.165 - - [09/Jul/2021:10:50:53 +0800] "GET /xingrg/kc/buy/cgsh_order_operate.html?command=get_materiel&rest_code=00146&code=00101002027&supplier_code=00100041&order_time=2021-07-09 HTTP/1.1" 200 413
180.162.112.86 - - [09/Jul/2021:10:50:54 +0800] "GET /xingrg/all/function/internal_message.html?_=1625798710771&CODE_STATE=getMsg HTTP/1.1" 200 27
58.37.225.51 - - [09/Jul/2021:10:50:57 +0800] "GET /xingrg/kc/buy/cgsh_order_operate.html?command=get_materiel&rest_code=00141&code=00101016025&supplier_code=00100036&order_time=2021-07-09 HTTP/1.1" 200 408
58.37.5.217 - - [09/Jul/2021:10:51:00 +0800] "GET /xingrg/all/function/internal_message.html?_=1625799602309&CODE_STATE=getMsg HTTP/1.1" 200 27
120.253.135.82 - - [09/Jul/2021:10:51:03 +0800] "GET /xingrg/all/function/internal_message.html?_=1625798848992&CODE_STATE=getMsg HTTP/1.1" 200 27
116.230.117.165 - - [09/Jul/2021:10:51:06 +0800] "POST /xingrg/kc/buy/cgsh_order_operate.html HTTP/1.1" 200 37
116.230.117.165 - - [09/Jul/2021:10:51:07 +0800] "POST /xingrg/kc/buy/cgsh_order_operate.html HTTP/1.1" 200 6795
58.37.225.51 - - [09/Jul/2021:10:51:08 +0800] "GET /xingrg/kc/buy/cgsh_order_operate.html?command=get_materiel&rest_code=00141&code=00101016043&supplier_code=00100036&order_time=2021-07-09 HTTP/1.1" 200 442
180.157.255.9 - - [09/Jul/2021:10:51:09 +0800] "GET /xingrg/kc/buy/cgsh_order_operate.html?command=get_materiel&rest_code=00148&code=00101003004&supplier_code=00100347&order_time=2021-07-09 HTTP/1.1" 200 422
116.230.117.165 - - [09/Jul/2021:10:51:10 +0800] "GET /xingrg/check_reg.html?_=1625799090203 HTTP/1.1" 200 22
116.230.117.165 - - [09/Jul/2021:10:51:11 +0800] "GET /xingrg/kc/print/load_data.html?order_code=212021070903749&kc_code=cgsh&condition= HTTP/1.1" 200 2268
120.253.135.82 - - [09/Jul/2021:10:51:12 +0800] "GET /xingrg/all/function/internal_message.html?_=1625799114199&CODE_STATE=getMsg HTTP/1.1" 200 27
222.69.129.116 - - [09/Jul/2021:10:51:12 +0800] "GET /xingrg/all/function/internal_message.html?_=1625799077110&CODE_STATE=getMsg HTTP/1.1" 200 27
222.70.176.145 - - [09/Jul/2021:10:51:12 +0800] "GET /xingrg/all/function/internal_message.html?_=1625799072555&CODE_STATE=getMsg HTTP/1.1" 200 27
116.230.117.165 - - [09/Jul/2021:10:51:12 +0800] "GET /xingrg/all/function/internal_message.html?_=1625799092738&CODE_STATE=getMsg HTTP/1.1" 200 27
180.169.147.146 - - [09/Jul/2021:10:51:12 +0800] "GET /xingrg/check_reg.html?_=1625799071749 HTTP/1.1" 200 22
116.235.222.38 - - [09/Jul/2021:10:51:13 +0800] "GET /xingrg/all/function/internal_message.html?_=1625799068492&CODE_STATE=getMsg HTTP/1.1" 200 27
116.230.110.80 - - [09/Jul/2021:10:51:13 +0800] "POST /xingrg/kc/buy/cgsh_order_operate.html HTTP/1.1" 200 37
180.169.147.146 - - [09/Jul/2021:10:51:13 +0800] "GET /xingrg/all/function/internal_message.html?_=1625799077234&CODE_STATE=getMsg HTTP/1.1" 200 27
222.70.176.145 - - [09/Jul/2021:10:51:15 +0800] "GET /xingrg/all/function/internal_message.html?_=1625799079628&CODE_STATE=getMsg HTTP/1.1" 200 27
222.70.176.145 - - [09/Jul/2021:10:51:15 +0800] "GET /xingrg/check_reg.html?_=1625799079632 HTTP/1.1" 200 22
116.230.110.80 - - [09/Jul/2021:10:51:15 +0800] "POST /xingrg/kc/buy/cgsh_order_operate.html HTTP/1.1" 200 5814
180.174.237.246 - - [09/Jul/2021:10:51:17 +0800] "GET /xingrg/all/function/internal_message.html?_=1625799096715&CODE_STATE=getMsg HTTP/1.1" 200 27
116.235.95.53 - - [09/Jul/2021:10:51:20 +0800] "GET /xingrg/all/function/internal_message.html?_=1625799178845&CODE_STATE=getMsg HTTP/1.1" 200 27
58.37.225.51 - - [09/Jul/2021:10:51:25 +0800] "GET /xingrg/kc/buy/cgsh_order_operate.html?command=get_materiel&rest_code=00141&code=00101016053&supplier_code=00100036&order_time=2021-07-09 HTTP/1.1" 200 408
180.157.255.9 - - [09/Jul/2021:10:51:26 +0800] "GET /xingrg/kc/buy/cgsh_order_operate.html?command=get_materiel&rest_code=00148&code=00101001008&supplier_code=00100347&order_time=2021-07-09 HTTP/1.1" 200 415
58.37.225.51 - - [09/Jul/2021:10:51:27 +0800] "GET /xingrg/all/function/internal_message.html?_=1625799010353&CODE_STATE=getMsg HTTP/1.1" 200 27
180.157.255.9 - - [09/Jul/2021:10:51:29 +0800] "GET /xingrg/check_reg.html?_=1625799101763 HTTP/1.1" 200 22
180.157.255.9 - - [09/Jul/2021:10:51:29 +0800] "GET /xingrg/all/function/internal_message.html?_=1625799101765&CODE_STATE=getMsg HTTP/1.1" 200 27
101.85.107.54 - - [09/Jul/2021:10:51:30 +0800] "GET /xingrg/check_reg.html?_=1625798514331 HTTP/1.1" 200 22
101.85.107.54 - - [09/Jul/2021:10:51:30 +0800] "GET /xingrg/all/function/internal_message.html?_=1625798514329&CODE_STATE=getMsg HTTP/1.1" 200 27
58.37.225.51 - - [09/Jul/2021:10:51:33 +0800] "GET /xingrg/kc/buy/cgsh_order_operate.html?command=get_materiel&rest_code=00141&code=00101012025&supplier_code=00100036&order_time=2021-07-09 HTTP/1.1" 200 412
180.169.147.146 - - [09/Jul/2021:10:51:33 +0800] "GET /xingrg/all/function/internal_message.html?_=1625799106329&CODE_STATE=getMsg HTTP/1.1" 200 27
180.169.147.146 - - [09/Jul/2021:10:51:33 +0800] "GET /xingrg/check_reg.html?_=1625799106330 HTTP/1.1" 200 22
180.156.216.127 - - [09/Jul/2021:10:51:36 +0800] "GET /xingrg/all/function/internal_message.html?_=1625799096319&CODE_STATE=getMsg HTTP/1.1" 200 27
180.157.255.9 - - [09/Jul/2021:10:51:37 +0800] "POST /xingrg/kc/buy/cgsh_order_operate.html HTTP/1.1" 200 37
221.239.195.6 - - [09/Jul/2021:10:51:38 +0800] "GET /xingrg/all/function/internal_message.html?_=1625799102997&CODE_STATE=getMsg HTTP/1.1" 200 27
221.239.195.6 - - [09/Jul/2021:10:51:38 +0800] "GET /xingrg/check_reg.html?_=1625799102995 HTTP/1.1" 200 22
180.157.255.9 - - [09/Jul/2021:10:51:38 +0800] "POST /xingrg/kc/buy/cgsh_order_operate.html HTTP/1.1" 200 3862
180.156.216.127 - - [09/Jul/2021:10:51:39 +0800] "GET /xingrg/kc/buy/cgsh_order_operate.html?command=get_materiel&rest_code=00151&code=00101010633&supplier_code=00100266&order_time=2021-07-09 HTTP/1.1" 200 396
58.37.225.51 - - [09/Jul/2021:10:51:40 +0800] "GET /xingrg/kc/buy/cgsh_order_operate.html?command=get_materiel&rest_code=00141&code=00101010092&supplier_code=00100036&order_time=2021-07-09 HTTP/1.1" 200 450
116.230.110.80 - - [09/Jul/2021:10:51:41 +0800] "GET /xingrg/kc/buy/cgsh_order_add.html HTTP/1.1" 200 62643
116.230.110.80 - - [09/Jul/2021:10:51:41 +0800] "GET /xingrg/words/20210709102952_words.js HTTP/1.1" 304 -
116.230.110.80 - - [09/Jul/2021:10:51:42 +0800] "POST /xingrg/kc/buy/cgsh_order_operate.html HTTP/1.1" 200 8245
116.230.110.80 - - [09/Jul/2021:10:51:42 +0800] "GET /xingrg/javascript/easyui/themes/default/validatebox.css HTTP/1.1" 404 1104
120.253.135.82 - - [09/Jul/2021:10:51:44 +0800] "GET /xingrg/check_reg.html?_=1625798889825 HTTP/1.1" 200 22
58.37.5.217 - - [09/Jul/2021:10:51:45 +0800] "POST /xingrg/dwr/call/plaincall/AjaxReportQueryService.refreshCache.dwr HTTP/1.1" 200 78
58.37.5.217 - - [09/Jul/2021:10:51:45 +0800] "POST /xingrg/all/report/load_report_page.html HTTP/1.1" 200 32815
58.37.5.217 - - [09/Jul/2021:10:51:45 +0800] "GET /xingrg/servlets/image?cache=0.46825057803276493&image=px HTTP/1.1" 200 807
221.239.195.6 - - [09/Jul/2021:10:51:47 +0800] "GET /xingrg/all/function/internal_message.html?_=1625799080007&CODE_STATE=getMsg HTTP/1.1" 200 27
221.239.195.6 - - [09/Jul/2021:10:51:47 +0800] "GET /xingrg/check_reg.html?_=1625799080012 HTTP/1.1" 200 22
58.37.5.217 - - [09/Jul/2021:10:51:48 +0800] "POST /xingrg/dwr/call/plaincall/AjaxReportQueryService.refreshCache.dwr HTTP/1.1" 200 78
58.37.5.217 - - [09/Jul/2021:10:51:48 +0800] "POST /xingrg/all/report/load_report_page.html HTTP/1.1" 200 32815
58.37.5.217 - - [09/Jul/2021:10:51:48 +0800] "GET /xingrg/servlets/image?cache=0.13583118215535073&image=px HTTP/1.1" 200 807
58.37.225.51 - - [09/Jul/2021:10:51:48 +0800] "GET /xingrg/kc/buy/cgsh_order_operate.html?command=get_materiel&rest_code=00141&code=00101011001&supplier_code=00100036&order_time=2021-07-09 HTTP/1.1" 200 423
58.37.5.217 - - [09/Jul/2021:10:51:49 +0800] "GET /xingrg/check_reg.html?_=1625799114394 HTTP/1.1" 200 22
58.37.5.217 - - [09/Jul/2021:10:51:51 +0800] "GET /xingrg/all/function/internal_message.html?_=1625799111343&CODE_STATE=getMsg HTTP/1.1" 200 27
116.230.114.112 - - [09/Jul/2021:10:51:51 +0800] "GET /xingrg/all/function/internal_message.html?_=1625799130102&CODE_STATE=getMsg HTTP/1.1" 302 -
116.230.110.80 - - [09/Jul/2021:10:51:52 +0800] "GET /xingrg/all/function/internal_message.html?_=1625799116255&CODE_STATE=getMsg HTTP/1.1" 200 27
116.230.110.80 - - [09/Jul/2021:10:51:52 +0800] "GET /xingrg/check_reg.html?_=1625799116258 HTTP/1.1" 200 22
58.37.5.217 - - [09/Jul/2021:10:51:53 +0800] "GET /xingrg/all/function/internal_message.html?_=1625799117937&CODE_STATE=getMsg HTTP/1.1" 200 27
180.162.112.86 - - [09/Jul/2021:10:51:54 +0800] "GET /xingrg/all/function/internal_message.html?_=1625798770770&CODE_STATE=getMsg HTTP/1.1" 200 27
58.37.225.51 - - [09/Jul/2021:10:51:56 +0800] "GET /xingrg/kc/buy/cgsh_order_operate.html?command=get_materiel&rest_code=00141&code=00101020078&supplier_code=00100036&order_time=2021-07-09 HTTP/1.1" 200 431
58.40.7.146 - - [09/Jul/2021:10:51:59 +0800] "POST /xingrg/services/DataTransmitService HTTP/1.1" 200 524
58.37.5.217 - - [09/Jul/2021:10:52:00 +0800] "GET /xingrg/all/function/internal_message.html?_=1625799662322&CODE_STATE=getMsg HTTP/1.1" 200 27
120.253.135.82 - - [09/Jul/2021:10:52:03 +0800] "GET /xingrg/all/function/internal_message.html?_=1625798909006&CODE_STATE=getMsg HTTP/1.1" 200 27
58.37.225.51 - - [09/Jul/2021:10:52:03 +0800] "GET /xingrg/kc/buy/cgsh_order_operate.html?command=get_materiel&rest_code=00141&code=00101012038&supplier_code=00100036&order_time=2021-07-09 HTTP/1.1" 200 412
120.253.135.82 - - [09/Jul/2021:10:52:12 +0800] "GET /xingrg/all/function/internal_message.html?_=1625799174212&CODE_STATE=getMsg HTTP/1.1" 200 27
222.69.129.116 - - [09/Jul/2021:10:52:12 +0800] "GET /xingrg/all/function/internal_message.html?_=1625799137093&CODE_STATE=getMsg HTTP/1.1" 200 27
222.70.176.145 - - [09/Jul/2021:10:52:12 +0800] "GET /xingrg/all/function/internal_message.html?_=1625799132526&CODE_STATE=getMsg HTTP/1.1" 200 27
116.230.117.165 - - [09/Jul/2021:10:52:12 +0800] "GET /xingrg/all/function/internal_message.html?_=1625799152945&CODE_STATE=getMsg HTTP/1.1" 200 27
116.235.222.38 - - [09/Jul/2021:10:52:13 +0800] "GET /xingrg/all/function/internal_message.html?_=1625799128500&CODE_STATE=getMsg HTTP/1.1" 200 27
58.37.225.51 - - [09/Jul/2021:10:52:13 +0800] "POST /xingrg/kc/buy/cgsh_order_operate.html HTTP/1.1" 200 37
180.169.147.146 - - [09/Jul/2021:10:52:13 +0800] "GET /xingrg/all/function/internal_message.html?_=1625799137223&CODE_STATE=getMsg HTTP/1.1" 200 27
222.70.176.145 - - [09/Jul/2021:10:52:15 +0800] "GET /xingrg/all/function/internal_message.html?_=1625799139625&CODE_STATE=getMsg HTTP/1.1" 200 27
58.37.225.51 - - [09/Jul/2021:10:52:16 +0800] "POST /xingrg/kc/buy/cgsh_order_operate.html HTTP/1.1" 200 12
180.174.237.246 - - [09/Jul/2021:10:52:17 +0800] "GET /xingrg/all/function/internal_message.html?_=1625799156760&CODE_STATE=getMsg HTTP/1.1" 200 27
58.37.225.51 - - [09/Jul/2021:10:52:17 +0800] "GET /xingrg/kc/buy/cgsh_order_info.html?code=212021070903752 HTTP/1.1" 200 57591
58.37.225.51 - - [09/Jul/2021:10:52:17 +0800] "GET /xingrg/javascript/easyui/themes/default/validatebox.css HTTP/1.1" 404 1104
58.37.225.51 - - [09/Jul/2021:10:52:18 +0800] "POST /xingrg/kc/buy/cgsh_order_operate.html HTTP/1.1" 200 5984
58.37.225.51 - - [09/Jul/2021:10:52:18 +0800] "GET /xingrg/kc/print/load_config.html?kc_code=cgsh HTTP/1.1" 200 1845
58.37.225.51 - - [09/Jul/2021:10:52:18 +0800] "GET /xingrg/kc/print/load_data.html?order_code=212021070903752&kc_code=cgsh&condition= HTTP/1.1" 200 2860
116.235.95.53 - - [09/Jul/2021:10:52:20 +0800] "GET /xingrg/check_reg.html?_=1625799238843 HTTP/1.1" 200 22
116.235.95.53 - - [09/Jul/2021:10:52:20 +0800] "GET /xingrg/all/function/internal_message.html?_=1625799238845&CODE_STATE=getMsg HTTP/1.1" 200 27
58.37.225.51 - - [09/Jul/2021:10:52:22 +0800] "GET /xingrg/kc/buy/cgsh_order_add.html HTTP/1.1" 200 62681
58.37.225.51 - - [09/Jul/2021:10:52:22 +0800] "POST /xingrg/kc/buy/cgsh_order_operate.html HTTP/1.1" 200 8245
58.37.225.51 - - [09/Jul/2021:10:52:22 +0800] "GET /xingrg/javascript/easyui/themes/default/validatebox.css HTTP/1.1" 404 1104
58.37.225.51 - - [09/Jul/2021:10:52:27 +0800] "GET /xingrg/all/function/internal_message.html?_=1625799070365&CODE_STATE=getMsg HTTP/1.1" 200 27
180.157.255.9 - - [09/Jul/2021:10:52:29 +0800] "GET /xingrg/all/function/internal_message.html?_=1625799161756&CODE_STATE=getMsg HTTP/1.1" 200 27
101.85.107.54 - - [09/Jul/2021:10:52:30 +0800] "GET /xingrg/all/function/internal_message.html?_=1625798574331&CODE_STATE=getMsg HTTP/1.1" 200 27
180.169.147.146 - - [09/Jul/2021:10:52:33 +0800] "GET /xingrg/all/function/internal_message.html?_=1625799166354&CODE_STATE=getMsg HTTP/1.1" 200 27
180.156.216.127 - - [09/Jul/2021:10:52:36 +0800] "GET /xingrg/all/function/internal_message.html?_=1625799156325&CODE_STATE=getMsg HTTP/1.1" 200 27
58.37.225.51 - - [09/Jul/2021:10:52:37 +0800] "GET /xingrg/kc/buy/cgsh_order_operate.html?command=get_materiel&rest_code=00141&code=00101001010&supplier_code=00100040&order_time=2021-07-09 HTTP/1.1" 200 409
221.239.195.6 - - [09/Jul/2021:10:52:38 +0800] "GET /xingrg/all/function/internal_message.html?_=1625799162995&CODE_STATE=getMsg HTTP/1.1" 200 27
116.230.110.80 - - [09/Jul/2021:10:52:42 +0800] "GET /xingrg/kc/buy/cgsh_order_operate.html?command=get_materiel&rest_code=00155&code=00101012033&supplier_code=00100037&order_time=2021-07-09 HTTP/1.1" 200 426
116.235.222.38 - - [09/Jul/2021:10:52:47 +0800] "GET /xingrg/kc/buy/cgsh_order_operate.html?command=get_materiel&rest_code=00107&code=00101008219&supplier_code=00100006&order_time=2021-07-09 HTTP/1.1" 200 414
221.239.195.6 - - [09/Jul/2021:10:52:47 +0800] "GET /xingrg/all/function/internal_message.html?_=1625799140013&CODE_STATE=getMsg HTTP/1.1" 200 27
180.156.216.127 - - [09/Jul/2021:10:52:48 +0800] "GET /xingrg/kc/buy/cgsh_order_operate.html?command=get_materiel&rest_code=00151&code=00101037159&supplier_code=00100266&order_time=2021-07-09 HTTP/1.1" 200 406
58.37.225.51 - - [09/Jul/2021:10:52:49 +0800] "GET /xingrg/kc/buy/cgsh_order_operate.html?command=get_materiel&rest_code=00141&code=00101005037&supplier_code=00100040&order_time=2021-07-09 HTTP/1.1" 200 409
58.37.5.217 - - [09/Jul/2021:10:52:51 +0800] "GET /xingrg/all/function/internal_message.html?_=1625799171339&CODE_STATE=getMsg HTTP/1.1" 200 27
116.230.114.112 - - [09/Jul/2021:10:52:51 +0800] "GET /xingrg/all/function/internal_message.html?_=1625799190117&CODE_STATE=getMsg HTTP/1.1" 302 -
116.230.110.80 - - [09/Jul/2021:10:52:52 +0800] "GET /xingrg/all/function/internal_message.html?_=1625799176270&CODE_STATE=getMsg HTTP/1.1" 200 27
58.37.5.217 - - [09/Jul/2021:10:52:53 +0800] "GET /xingrg/all/function/internal_message.html?_=1625799177937&CODE_STATE=getMsg HTTP/1.1" 200 27
180.162.112.86 - - [09/Jul/2021:10:52:54 +0800] "GET /xingrg/all/function/internal_message.html?_=1625798830771&CODE_STATE=getMsg HTTP/1.1" 200 27
180.162.112.86 - - [09/Jul/2021:10:52:54 +0800] "GET /xingrg/check_reg.html?_=1625798830776 HTTP/1.1" 200 22
58.37.225.51 - - [09/Jul/2021:10:52:59 +0800] "GET /xingrg/kc/buy/cgsh_order_operate.html?command=get_materiel&rest_code=00141&code=00101005036&supplier_code=00100040&order_time=2021-07-09 HTTP/1.1" 200 409
58.37.5.217 - - [09/Jul/2021:10:53:00 +0800] "GET /xingrg/all/function/internal_message.html?_=1625799722299&CODE_STATE=getMsg HTTP/1.1" 200 27
58.37.5.217 - - [09/Jul/2021:10:53:01 +0800] "GET /xingrg/check_reg.html?_=1625799722738 HTTP/1.1" 200 22
180.174.237.246 - - [09/Jul/2021:10:53:02 +0800] "POST /xingrg/kc/mdqp/pssh_list_operate.html HTTP/1.1" 200 814
120.253.135.82 - - [09/Jul/2021:10:53:03 +0800] "GET /xingrg/all/function/internal_message.html?_=1625798969019&CODE_STATE=getMsg HTTP/1.1" 200 27
180.174.237.246 - - [09/Jul/2021:10:53:03 +0800] "GET /xingrg/kc/buy/cgsh_order_list.html HTTP/1.1" 200 46937
180.174.237.246 - - [09/Jul/2021:10:53:04 +0800] "POST /xingrg/kc/buy/cgsh_list_operate.html HTTP/1.1" 200 876
58.37.225.51 - - [09/Jul/2021:10:53:07 +0800] "POST /xingrg/kc/buy/cgsh_order_operate.html HTTP/1.1" 200 37
180.156.216.127 - - [09/Jul/2021:10:53:08 +0800] "GET /xingrg/kc/buy/cgsh_order_operate.html?command=get_materiel&rest_code=00151&code=00101010447&supplier_code=00100266&order_time=2021-07-09 HTTP/1.1" 200 415
120.253.135.82 - - [09/Jul/2021:10:53:12 +0800] "GET /xingrg/all/function/internal_message.html?_=1625799234237&CODE_STATE=getMsg HTTP/1.1" 200 27
58.37.225.51 - - [09/Jul/2021:10:53:12 +0800] "POST /xingrg/kc/buy/cgsh_order_operate.html HTTP/1.1" 200 12
222.69.129.116 - - [09/Jul/2021:10:53:12 +0800] "GET /xingrg/all/function/internal_message.html?_=1625799197065&CODE_STATE=getMsg HTTP/1.1" 200 27
222.70.176.145 - - [09/Jul/2021:10:53:12 +0800] "GET /xingrg/all/function/internal_message.html?_=1625799192497&CODE_STATE=getMsg HTTP/1.1" 200 27
58.37.225.51 - - [09/Jul/2021:10:53:12 +0800] "GET /xingrg/kc/buy/cgsh_order_info.html?code=212021070903753 HTTP/1.1" 200 57589
116.230.117.165 - - [09/Jul/2021:10:53:12 +0800] "GET /xingrg/all/function/internal_message.html?_=1625799212953&CODE_STATE=getMsg HTTP/1.1" 200 27
58.37.225.51 - - [09/Jul/2021:10:53:13 +0800] "GET /xingrg/javascript/easyui/themes/default/validatebox.css HTTP/1.1" 404 1104
116.235.222.38 - - [09/Jul/2021:10:53:13 +0800] "GET /xingrg/all/function/internal_message.html?_=1625799188504&CODE_STATE=getMsg HTTP/1.1" 200 27
58.37.225.51 - - [09/Jul/2021:10:53:13 +0800] "POST /xingrg/kc/buy/cgsh_order_operate.html HTTP/1.1" 200 1780
180.169.147.146 - - [09/Jul/2021:10:53:13 +0800] "GET /xingrg/all/function/internal_message.html?_=1625799197231&CODE_STATE=getMsg HTTP/1.1" 200 27
58.37.225.51 - - [09/Jul/2021:10:53:14 +0800] "GET /xingrg/kc/print/load_data.html?order_code=212021070903753&kc_code=cgsh&condition= HTTP/1.1" 200 1227
116.230.110.80 - - [09/Jul/2021:10:53:15 +0800] "GET /xingrg/kc/buy/cgsh_order_operate.html?command=get_materiel&rest_code=00155&code=00101015026&supplier_code=00100037&order_time=2021-07-09 HTTP/1.1" 200 412
222.70.176.145 - - [09/Jul/2021:10:53:15 +0800] "GET /xingrg/all/function/internal_message.html?_=1625799199614&CODE_STATE=getMsg HTTP/1.1" 200 27
180.174.237.246 - - [09/Jul/2021:10:53:17 +0800] "GET /xingrg/all/function/internal_message.html?_=1625799216836&CODE_STATE=getMsg HTTP/1.1" 200 27
58.37.225.51 - - [09/Jul/2021:10:53:17 +0800] "GET /xingrg/kc/buy/cgsh_order_add.html HTTP/1.1" 200 62681
58.37.225.51 - - [09/Jul/2021:10:53:17 +0800] "POST /xingrg/kc/buy/cgsh_order_operate.html HTTP/1.1" 200 8245
58.37.225.51 - - [09/Jul/2021:10:53:17 +0800] "GET /xingrg/javascript/easyui/themes/default/validatebox.css HTTP/1.1" 404 1104
116.235.95.53 - - [09/Jul/2021:10:53:20 +0800] "GET /xingrg/all/function/internal_message.html?_=1625799298866&CODE_STATE=getMsg HTTP/1.1" 200 27
58.37.225.51 - - [09/Jul/2021:10:53:27 +0800] "GET /xingrg/all/function/internal_message.html?_=1625799130400&CODE_STATE=getMsg HTTP/1.1" 200 27
116.230.110.80 - - [09/Jul/2021:10:53:29 +0800] "GET /xingrg/kc/buy/cgsh_order_operate.html?command=get_materiel&rest_code=00155&code=00101015114&supplier_code=00100037&order_time=2021-07-09 HTTP/1.1" 200 402
180.157.255.9 - - [09/Jul/2021:10:53:29 +0800] "GET /xingrg/all/function/internal_message.html?_=1625799221755&CODE_STATE=getMsg HTTP/1.1" 200 27
58.37.225.51 - - [09/Jul/2021:10:53:30 +0800] "GET /xingrg/kc/buy/cgsh_order_operate.html?command=get_materiel&rest_code=00141&code=00101006111&supplier_code=00100012&order_time=2021-07-09 HTTP/1.1" 200 409
101.85.107.54 - - [09/Jul/2021:10:53:30 +0800] "GET /xingrg/all/function/internal_message.html?_=1625798634330&CODE_STATE=getMsg HTTP/1.1" 200 27
221.239.195.6 - - [09/Jul/2021:10:53:32 +0800] "GET /xingrg/kc/base/base_main.html HTTP/1.1" 200 12142
221.239.195.6 - - [09/Jul/2021:10:53:33 +0800] "GET /xingrg/kc/base/wldb_order_list.html HTTP/1.1" 200 19145
180.169.147.146 - - [09/Jul/2021:10:53:33 +0800] "GET /xingrg/all/function/internal_message.html?_=1625799226353&CODE_STATE=getMsg HTTP/1.1" 200 27
221.239.195.6 - - [09/Jul/2021:10:53:34 +0800] "POST /xingrg/kc/base/wldb_list_operate.html HTTP/1.1" 200 4126
180.156.216.127 - - [09/Jul/2021:10:53:34 +0800] "GET /xingrg/kc/buy/cgsh_order_operate.html?command=get_materiel&rest_code=00151&code=00101010420&supplier_code=00100266&order_time=2021-07-09 HTTP/1.1" 200 419
180.156.216.127 - - [09/Jul/2021:10:53:37 +0800] "GET /xingrg/all/function/internal_message.html?_=1625799216345&CODE_STATE=getMsg HTTP/1.1" 200 27
180.156.216.127 - - [09/Jul/2021:10:53:37 +0800] "GET /xingrg/check_reg.html?_=1625799216347 HTTP/1.1" 200 22
221.239.195.6 - - [09/Jul/2021:10:53:37 +0800] "GET /xingrg/kc/base/wldb_order_add.html HTTP/1.1" 200 30353
221.239.195.6 - - [09/Jul/2021:10:53:38 +0800] "GET /xingrg/words/20210709102952_words.js HTTP/1.1" 304 -
221.239.195.6 - - [09/Jul/2021:10:53:38 +0800] "GET /xingrg/all/function/internal_message.html?_=1625799222997&CODE_STATE=getMsg HTTP/1.1" 200 27
221.239.195.6 - - [09/Jul/2021:10:53:38 +0800] "POST /xingrg/kc/base/wldb_order_operate.html HTTP/1.1" 200 6806
221.239.195.6 - - [09/Jul/2021:10:53:38 +0800] "GET /xingrg/javascript/easyui/themes/default/validatebox.css HTTP/1.1" 404 1104
116.230.110.80 - - [09/Jul/2021:10:53:39 +0800] "GET /xingrg/kc/buy/cgsh_order_operate.html?command=get_materiel&rest_code=00155&code=00101009004&supplier_code=00100037&order_time=2021-07-09 HTTP/1.1" 200 409
58.37.225.51 - - [09/Jul/2021:10:53:40 +0800] "GET /xingrg/kc/buy/cgsh_order_operate.html?command=get_materiel&rest_code=00141&code=00101006130&supplier_code=00100012&order_time=2021-07-09 HTTP/1.1" 200 427
221.239.195.6 - - [09/Jul/2021:10:53:41 +0800] "POST /xingrg/all/common/load_combo.html?type=base HTTP/1.1" 200 3236
116.235.222.38 - - [09/Jul/2021:10:53:44 +0800] "GET /xingrg/kc/buy/cgsh_order_operate.html?command=get_materiel&rest_code=00107&code=00101008027&supplier_code=00100006&order_time=2021-07-09 HTTP/1.1" 200 409
221.239.195.6 - - [09/Jul/2021:10:53:45 +0800] "POST /xingrg/all/common/load_combo.html?type=base HTTP/1.1" 200 3236
221.239.195.6 - - [09/Jul/2021:10:53:47 +0800] "GET /xingrg/all/function/internal_message.html?_=1625799200027&CODE_STATE=getMsg HTTP/1.1" 200 27
180.156.216.127 - - [09/Jul/2021:10:53:49 +0800] "POST /xingrg/kc/buy/cgsh_order_operate.html HTTP/1.1" 200 37
58.37.225.51 - - [09/Jul/2021:10:53:50 +0800] "GET /xingrg/kc/buy/cgsh_order_operate.html?command=get_materiel&rest_code=00141&code=00101006129&supplier_code=00100012&order_time=2021-07-09 HTTP/1.1" 200 431
58.37.5.217 - - [09/Jul/2021:10:53:51 +0800] "GET /xingrg/all/function/internal_message.html?_=1625799231351&CODE_STATE=getMsg HTTP/1.1" 200 27
116.230.114.112 - - [09/Jul/2021:10:53:51 +0800] "GET /xingrg/all/function/internal_message.html?_=1625799250144&CODE_STATE=getMsg HTTP/1.1" 302 -
116.230.110.80 - - [09/Jul/2021:10:53:52 +0800] "GET /xingrg/all/function/internal_message.html?_=1625799236239&CODE_STATE=getMsg HTTP/1.1" 200 27
221.239.195.6 - - [09/Jul/2021:10:53:52 +0800] "GET /xingrg/javascript/auto/indicator.gif HTTP/1.1" 404 1066
58.37.5.217 - - [09/Jul/2021:10:53:53 +0800] "GET /xingrg/all/function/internal_message.html?_=1625799237935&CODE_STATE=getMsg HTTP/1.1" 200 27
116.230.110.80 - - [09/Jul/2021:10:53:53 +0800] "GET /xingrg/kc/buy/cgsh_order_operate.html?command=get_materiel&rest_code=00155&code=00101015046&supplier_code=00100037&order_time=2021-07-09 HTTP/1.1" 200 412
180.156.216.127 - - [09/Jul/2021:10:53:53 +0800] "POST /xingrg/kc/buy/cgsh_order_operate.html HTTP/1.1" 200 12
180.162.112.86 - - [09/Jul/2021:10:53:54 +0800] "GET /xingrg/all/function/internal_message.html?_=1625798890775&CODE_STATE=getMsg HTTP/1.1" 200 27
180.156.216.127 - - [09/Jul/2021:10:53:54 +0800] "GET /xingrg/kc/buy/cgsh_order_info.html?code=212021070903754 HTTP/1.1" 200 57225
180.156.216.127 - - [09/Jul/2021:10:53:54 +0800] "GET /xingrg/words/20210709102952_words.js HTTP/1.1" 304 -
180.156.216.127 - - [09/Jul/2021:10:53:54 +0800] "GET /xingrg/javascript/easyui/themes/default/validatebox.css HTTP/1.1" 404 1104
180.156.216.127 - - [09/Jul/2021:10:53:55 +0800] "POST /xingrg/kc/buy/cgsh_order_operate.html HTTP/1.1" 200 2437
221.239.195.6 - - [09/Jul/2021:10:53:56 +0800] "GET /xingrg/kc/base/wldb_order_operate.html?command=get_materiel&rest_code=00105&base_code=0010507&code=00101011005 HTTP/1.1" 200 430
180.156.216.127 - - [09/Jul/2021:10:53:57 +0800] "GET /xingrg/kc/print/load_data.html?order_code=212021070903754&kc_code=cgsh&condition= HTTP/1.1" 200 1435
58.37.5.217 - - [09/Jul/2021:10:54:00 +0800] "GET /xingrg/all/function/internal_message.html?_=1625799782272&CODE_STATE=getMsg HTTP/1.1" 200 27
180.156.216.127 - - [09/Jul/2021:10:54:01 +0800] "GET /xingrg/kc/buy/cgsh_order_add.html HTTP/1.1" 200 62317
180.156.216.127 - - [09/Jul/2021:10:54:02 +0800] "POST /xingrg/kc/buy/cgsh_order_operate.html HTTP/1.1" 200 8245
58.37.225.51 - - [09/Jul/2021:10:54:02 +0800] "GET /xingrg/kc/buy/cgsh_order_operate.html?command=get_materiel&rest_code=00141&code=00101006193&supplier_code=00100012&order_time=2021-07-09 HTTP/1.1" 200 409
180.156.216.127 - - [09/Jul/2021:10:54:02 +0800] "GET /xingrg/javascript/easyui/themes/default/validatebox.css HTTP/1.1" 404 1104
120.253.135.82 - - [09/Jul/2021:10:54:03 +0800] "GET /xingrg/all/function/internal_message.html?_=1625799029085&CODE_STATE=getMsg HTTP/1.1" 200 27
221.239.195.6 - - [09/Jul/2021:10:54:04 +0800] "POST /xingrg/kc/base/wldb_order_operate.html HTTP/1.1" 200 37
221.239.195.6 - - [09/Jul/2021:10:54:05 +0800] "POST /xingrg/kc/base/wldb_order_operate.html HTTP/1.1" 200 2179
221.239.195.6 - - [09/Jul/2021:10:54:05 +0800] "GET /xingrg/kc/base/wldb_order_info.html?code=422021070900931 HTTP/1.1" 200 30367
221.239.195.6 - - [09/Jul/2021:10:54:06 +0800] "GET /xingrg/javascript/easyui/themes/default/validatebox.css HTTP/1.1" 404 1104
221.239.195.6 - - [09/Jul/2021:10:54:06 +0800] "POST /xingrg/kc/base/wldb_order_operate.html HTTP/1.1" 200 2179
116.230.110.80 - - [09/Jul/2021:10:54:06 +0800] "GET /xingrg/kc/buy/cgsh_order_operate.html?command=get_materiel&rest_code=00155&code=00101008509&supplier_code=00100037&order_time=2021-07-09 HTTP/1.1" 200 395
222.69.129.116 - - [09/Jul/2021:10:54:08 +0800] "GET /xingrg/check_reg.html?_=1625799253291 HTTP/1.1" 200 22
116.230.114.112 - - [09/Jul/2021:10:54:12 +0800] "GET /xingrg/check_reg.html?_=1625799270706 HTTP/1.1" 302 -
120.253.135.82 - - [09/Jul/2021:10:54:12 +0800] "GET /xingrg/all/function/internal_message.html?_=1625799294255&CODE_STATE=getMsg HTTP/1.1" 200 27
222.69.129.116 - - [09/Jul/2021:10:54:12 +0800] "GET /xingrg/all/function/internal_message.html?_=1625799257053&CODE_STATE=getMsg HTTP/1.1" 200 27
222.70.176.145 - - [09/Jul/2021:10:54:12 +0800] "GET /xingrg/all/function/internal_message.html?_=1625799252468&CODE_STATE=getMsg HTTP/1.1" 200 27
58.37.225.51 - - [09/Jul/2021:10:54:13 +0800] "GET /xingrg/kc/buy/cgsh_order_operate.html?command=get_materiel&rest_code=00141&code=00101006109&supplier_code=00100012&order_time=2021-07-09 HTTP/1.1" 200 409
116.230.117.165 - - [09/Jul/2021:10:54:13 +0800] "GET /xingrg/all/function/internal_message.html?_=1625799273173&CODE_STATE=getMsg HTTP/1.1" 200 27
180.156.216.127 - - [09/Jul/2021:10:54:13 +0800] "GET /xingrg/kc/buy/cgsh_order_operate.html?command=get_materiel&rest_code=00151&code=00101010338&supplier_code=00100325&order_time=2021-07-09 HTTP/1.1" 200 428
116.235.222.38 - - [09/Jul/2021:10:54:13 +0800] "GET /xingrg/check_reg.html?_=1625799248497 HTTP/1.1" 200 22
116.235.222.38 - - [09/Jul/2021:10:54:13 +0800] "GET /xingrg/all/function/internal_message.html?_=1625799248590&CODE_STATE=getMsg HTTP/1.1" 200 27
180.169.147.146 - - [09/Jul/2021:10:54:13 +0800] "GET /xingrg/all/function/internal_message.html?_=1625799257236&CODE_STATE=getMsg HTTP/1.1" 200 27
222.70.176.145 - - [09/Jul/2021:10:54:15 +0800] "GET /xingrg/all/function/internal_message.html?_=1625799259620&CODE_STATE=getMsg HTTP/1.1" 200 27
180.174.237.246 - - [09/Jul/2021:10:54:15 +0800] "GET /xingrg/check_reg.html?_=1625799275235 HTTP/1.1" 200 22
180.174.237.246 - - [09/Jul/2021:10:54:17 +0800] "GET /xingrg/all/function/internal_message.html?_=1625799276848&CODE_STATE=getMsg HTTP/1.1" 200 27
116.230.110.80 - - [09/Jul/2021:10:54:18 +0800] "GET /xingrg/kc/buy/cgsh_order_operate.html?command=get_materiel&rest_code=00155&code=00101015109&supplier_code=00100037&order_time=2021-07-09 HTTP/1.1" 200 395
116.235.95.53 - - [09/Jul/2021:10:54:20 +0800] "GET /xingrg/all/function/internal_message.html?_=1625799358863&CODE_STATE=getMsg HTTP/1.1" 200 27
58.37.225.51 - - [09/Jul/2021:10:54:21 +0800] "GET /xingrg/kc/buy/cgsh_order_operate.html?command=get_materiel&rest_code=00141&code=00101018007&supplier_code=00100012&order_time=2021-07-09 HTTP/1.1" 200 409
58.37.225.51 - - [09/Jul/2021:10:54:27 +0800] "GET /xingrg/all/function/internal_message.html?_=1625799190375&CODE_STATE=getMsg HTTP/1.1" 200 27
180.156.216.127 - - [09/Jul/2021:10:54:28 +0800] "GET /xingrg/kc/buy/cgsh_order_operate.html?command=get_materiel&rest_code=00151&code=00101010366&supplier_code=00100325&order_time=2021-07-09 HTTP/1.1" 200 407
180.157.255.9 - - [09/Jul/2021:10:54:29 +0800] "GET /xingrg/all/function/internal_message.html?_=1625799281754&CODE_STATE=getMsg HTTP/1.1" 200 27
116.230.110.80 - - [09/Jul/2021:10:54:29 +0800] "GET /xingrg/kc/buy/cgsh_order_operate.html?command=get_materiel&rest_code=00155&code=00101008255&supplier_code=00100037&order_time=2021-07-09 HTTP/1.1" 200 412
101.85.107.54 - - [09/Jul/2021:10:54:30 +0800] "GET /xingrg/all/function/internal_message.html?_=1625798694330&CODE_STATE=getMsg HTTP/1.1" 200 27
58.37.225.51 - - [09/Jul/2021:10:54:30 +0800] "GET /xingrg/kc/buy/cgsh_order_operate.html?command=get_materiel&rest_code=00141&code=00101006067&supplier_code=00100012&order_time=2021-07-09 HTTP/1.1" 200 409
180.169.147.146 - - [09/Jul/2021:10:54:33 +0800] "GET /xingrg/all/function/internal_message.html?_=1625799286351&CODE_STATE=getMsg HTTP/1.1" 200 27
116.235.222.38 - - [09/Jul/2021:10:54:33 +0800] "GET /xingrg/kc/buy/cgsh_order_operate.html?command=get_materiel&rest_code=00107&code=00101008132&supplier_code=00100006&order_time=2021-07-09 HTTP/1.1" 200 408
180.157.255.9 - - [09/Jul/2021:10:54:36 +0800] "GET /xingrg/kc/buy/cgsh_order_add.html HTTP/1.1" 200 62675
180.157.255.9 - - [09/Jul/2021:10:54:36 +0800] "POST /xingrg/kc/buy/cgsh_order_operate.html HTTP/1.1" 200 8245
180.157.255.9 - - [09/Jul/2021:10:54:36 +0800] "GET /xingrg/javascript/easyui/themes/default/validatebox.css HTTP/1.1" 404 1104
180.156.216.127 - - [09/Jul/2021:10:54:37 +0800] "GET /xingrg/all/function/internal_message.html?_=1625799276331&CODE_STATE=getMsg HTTP/1.1" 200 27
180.157.255.9 - - [09/Jul/2021:10:54:37 +0800] "GET /xingrg/kc/buy/cgsh_order_list.html HTTP/1.1" 200 46943
221.239.195.6 - - [09/Jul/2021:10:54:38 +0800] "GET /xingrg/all/function/internal_message.html?_=1625799282991&CODE_STATE=getMsg HTTP/1.1" 200 27
180.156.216.127 - - [09/Jul/2021:10:54:38 +0800] "GET /xingrg/kc/buy/cgsh_order_operate.html?command=get_materiel&rest_code=00151&code=00101010142&supplier_code=00100325&order_time=2021-07-09 HTTP/1.1" 200 428
58.37.225.51 - - [09/Jul/2021:10:54:42 +0800] "POST /xingrg/kc/buy/cgsh_order_operate.html HTTP/1.1" 200 37
180.157.255.9 - - [09/Jul/2021:10:54:43 +0800] "POST /xingrg/kc/buy/cgsh_list_operate.html HTTP/1.1" 200 1669
180.156.216.127 - - [09/Jul/2021:10:54:46 +0800] "GET /xingrg/kc/buy/cgsh_order_operate.html?command=get_materiel&rest_code=00151&code=00101001249&supplier_code=00100325&order_time=2021-07-09 HTTP/1.1" 200 424
116.230.110.80 - - [09/Jul/2021:10:54:46 +0800] "GET /xingrg/kc/buy/cgsh_order_operate.html?command=get_materiel&rest_code=00155&code=00101008284&supplier_code=00100037&order_time=2021-07-09 HTTP/1.1" 200 412
58.37.225.51 - - [09/Jul/2021:10:54:47 +0800] "POST /xingrg/kc/buy/cgsh_order_operate.html HTTP/1.1" 200 12
221.239.195.6 - - [09/Jul/2021:10:54:47 +0800] "GET /xingrg/all/function/internal_message.html?_=1625799260016&CODE_STATE=getMsg HTTP/1.1" 200 27
58.37.225.51 - - [09/Jul/2021:10:54:48 +0800] "GET /xingrg/kc/buy/cgsh_order_info.html?code=212021070903755 HTTP/1.1" 200 57589
58.37.225.51 - - [09/Jul/2021:10:54:48 +0800] "GET /xingrg/javascript/easyui/themes/default/validatebox.css HTTP/1.1" 404 1104
116.235.222.38 - - [09/Jul/2021:10:54:48 +0800] "GET /xingrg/kc/buy/cgsh_order_operate.html?command=get_materiel&rest_code=00107&code=00101008244&supplier_code=00100006&order_time=2021-07-09 HTTP/1.1" 200 408
180.157.255.9 - - [09/Jul/2021:10:54:48 +0800] "GET /xingrg/kc/buy/cgsh_order_add.html HTTP/1.1" 200 62675
180.157.255.9 - - [09/Jul/2021:10:54:48 +0800] "GET /xingrg/javascript/easyui/themes/default/validatebox.css HTTP/1.1" 404 1104
180.157.255.9 - - [09/Jul/2021:10:54:48 +0800] "POST /xingrg/kc/buy/cgsh_order_operate.html HTTP/1.1" 200 8245
58.37.225.51 - - [09/Jul/2021:10:54:49 +0800] "POST /xingrg/kc/buy/cgsh_order_operate.html HTTP/1.1" 200 3567
58.37.225.51 - - [09/Jul/2021:10:54:50 +0800] "GET /xingrg/kc/print/load_data.html?order_code=212021070903755&kc_code=cgsh&condition= HTTP/1.1" 200 1927
58.37.5.217 - - [09/Jul/2021:10:54:51 +0800] "GET /xingrg/all/function/internal_message.html?_=1625799291368&CODE_STATE=getMsg HTTP/1.1" 200 27
116.230.114.112 - - [09/Jul/2021:10:54:51 +0800] "GET /xingrg/all/function/internal_message.html?_=1625799310160&CODE_STATE=getMsg HTTP/1.1" 302 -
116.230.110.80 - - [09/Jul/2021:10:54:52 +0800] "GET /xingrg/all/function/internal_message.html?_=1625799296254&CODE_STATE=getMsg HTTP/1.1" 200 27
58.37.5.217 - - [09/Jul/2021:10:54:53 +0800] "GET /xingrg/all/function/internal_message.html?_=1625799297934&CODE_STATE=getMsg HTTP/1.1" 200 27
58.37.5.217 - - [09/Jul/2021:10:54:53 +0800] "GET /xingrg/check_reg.html?_=1625799297945 HTTP/1.1" 200 22
58.37.225.51 - - [09/Jul/2021:10:54:53 +0800] "GET /xingrg/kc/buy/cgsh_order_add.html HTTP/1.1" 200 62681
221.239.195.6 - - [09/Jul/2021:10:54:53 +0800] "POST /xingrg/kc/base/wldb_list_operate.html HTTP/1.1" 200 4519
58.37.225.51 - - [09/Jul/2021:10:54:54 +0800] "GET /xingrg/javascript/easyui/themes/default/validatebox.css HTTP/1.1" 404 1104
58.37.225.51 - - [09/Jul/2021:10:54:54 +0800] "POST /xingrg/kc/buy/cgsh_order_operate.html HTTP/1.1" 200 8245
180.162.112.86 - - [09/Jul/2021:10:54:54 +0800] "GET /xingrg/all/function/internal_message.html?_=1625798950775&CODE_STATE=getMsg HTTP/1.1" 200 27
116.235.222.38 - - [09/Jul/2021:10:54:57 +0800] "POST /xingrg/kc/buy/cgsh_order_operate.html HTTP/1.1" 200 2065
58.37.5.217 - - [09/Jul/2021:10:55:00 +0800] "GET /xingrg/all/function/internal_message.html?_=1625799842256&CODE_STATE=getMsg HTTP/1.1" 200 27
116.230.110.80 - - [09/Jul/2021:10:55:02 +0800] "GET /xingrg/kc/buy/cgsh_order_operate.html?command=get_materiel&rest_code=00155&code=00101009011&supplier_code=00100037&order_time=2021-07-09 HTTP/1.1" 200 416
120.253.135.82 - - [09/Jul/2021:10:55:03 +0800] "GET /xingrg/all/function/internal_message.html?_=1625799089093&CODE_STATE=getMsg HTTP/1.1" 200 27
180.157.255.9 - - [09/Jul/2021:10:55:04 +0800] "GET /xingrg/kc/buy/cgsh_order_operate.html?command=get_materiel&rest_code=00148&code=00101010215&supplier_code=00100331&order_time=2021-07-09 HTTP/1.1" 200 409
58.37.225.51 - - [09/Jul/2021:10:55:07 +0800] "GET /xingrg/kc/buy/cgsh_order_operate.html?command=get_materiel&rest_code=00141&code=00101007061&supplier_code=00100004&order_time=2021-07-09 HTTP/1.1" 200 409
116.235.222.38 - - [09/Jul/2021:10:55:11 +0800] "GET /xingrg/kc/buy/cgsh_order_operate.html?command=get_materiel&rest_code=00107&code=00101008112&supplier_code=00100006&order_time=2021-07-09 HTTP/1.1" 200 414
120.253.135.82 - - [09/Jul/2021:10:55:12 +0800] "GET /xingrg/check_reg.html?_=1625799354101 HTTP/1.1" 200 22
120.253.135.82 - - [09/Jul/2021:10:55:12 +0800] "GET /xingrg/all/function/internal_message.html?_=1625799354268&CODE_STATE=getMsg HTTP/1.1" 200 27
222.69.129.116 - - [09/Jul/2021:10:55:12 +0800] "GET /xingrg/all/function/internal_message.html?_=1625799317037&CODE_STATE=getMsg HTTP/1.1" 200 27
222.70.176.145 - - [09/Jul/2021:10:55:12 +0800] "GET /xingrg/all/function/internal_message.html?_=1625799312438&CODE_STATE=getMsg HTTP/1.1" 200 27
116.230.117.165 - - [09/Jul/2021:10:55:13 +0800] "GET /xingrg/all/function/internal_message.html?_=1625799333183&CODE_STATE=getMsg HTTP/1.1" 200 27
116.235.222.38 - - [09/Jul/2021:10:55:13 +0800] "GET /xingrg/all/function/internal_message.html?_=1625799308569&CODE_STATE=getMsg HTTP/1.1" 200 27
180.169.147.146 - - [09/Jul/2021:10:55:13 +0800] "GET /xingrg/check_reg.html?_=1625799317225 HTTP/1.1" 200 22
180.169.147.146 - - [09/Jul/2021:10:55:13 +0800] "GET /xingrg/all/function/internal_message.html?_=1625799317226&CODE_STATE=getMsg HTTP/1.1" 200 27
222.70.176.145 - - [09/Jul/2021:10:55:15 +0800] "GET /xingrg/all/function/internal_message.html?_=1625799319621&CODE_STATE=getMsg HTTP/1.1" 200 27
180.156.216.127 - - [09/Jul/2021:10:55:16 +0800] "POST /xingrg/kc/buy/cgsh_order_operate.html HTTP/1.1" 200 37
116.230.110.80 - - [09/Jul/2021:10:55:18 +0800] "GET /xingrg/kc/buy/cgsh_order_operate.html?command=get_materiel&rest_code=00155&code=00101009015&supplier_code=00100037&order_time=2021-07-09 HTTP/1.1" 200 418
58.37.225.51 - - [09/Jul/2021:10:55:19 +0800] "GET /xingrg/kc/buy/cgsh_order_operate.html?command=get_materiel&rest_code=00141&code=00101007038&supplier_code=00100004&order_time=2021-07-09 HTTP/1.1" 200 441
180.157.255.9 - - [09/Jul/2021:10:55:19 +0800] "GET /xingrg/kc/buy/cgsh_order_operate.html?command=get_materiel&rest_code=00148&code=00101010210&supplier_code=00100331&order_time=2021-07-09 HTTP/1.1" 200 413
116.235.95.53 - - [09/Jul/2021:10:55:20 +0800] "GET /xingrg/all/function/internal_message.html?_=1625799418854&CODE_STATE=getMsg HTTP/1.1" 200 27
180.156.216.127 - - [09/Jul/2021:10:55:21 +0800] "POST /xingrg/kc/buy/cgsh_order_operate.html HTTP/1.1" 200 12
180.156.216.127 - - [09/Jul/2021:10:55:22 +0800] "GET /xingrg/kc/buy/cgsh_order_info.html?code=212021070903756 HTTP/1.1" 200 57223
180.156.216.127 - - [09/Jul/2021:10:55:22 +0800] "GET /xingrg/javascript/easyui/themes/default/validatebox.css HTTP/1.1" 404 1104
180.156.216.127 - - [09/Jul/2021:10:55:23 +0800] "POST /xingrg/kc/buy/cgsh_order_operate.html HTTP/1.1" 200 2467
180.156.216.127 - - [09/Jul/2021:10:55:25 +0800] "GET /xingrg/kc/print/load_data.html?order_code=212021070903756&kc_code=cgsh&condition= HTTP/1.1" 200 1480
58.37.225.51 - - [09/Jul/2021:10:55:27 +0800] "GET /xingrg/check_reg.html?_=1625799250392 HTTP/1.1" 200 22
58.37.225.51 - - [09/Jul/2021:10:55:27 +0800] "GET /xingrg/all/function/internal_message.html?_=1625799250393&CODE_STATE=getMsg HTTP/1.1" 200 27
58.37.225.51 - - [09/Jul/2021:10:55:28 +0800] "GET /xingrg/kc/buy/cgsh_order_operate.html?command=get_materiel&rest_code=00141&code=00101007049&supplier_code=00100004&order_time=2021-07-09 HTTP/1.1" 200 409
180.157.255.9 - - [09/Jul/2021:10:55:29 +0800] "GET /xingrg/kc/buy/cgsh_order_operate.html?command=get_materiel&rest_code=00148&code=00101010091&supplier_code=00100331&order_time=2021-07-09 HTTP/1.1" 200 417
180.157.255.9 - - [09/Jul/2021:10:55:29 +0800] "GET /xingrg/all/function/internal_message.html?_=1625799341774&CODE_STATE=getMsg HTTP/1.1" 200 27
116.235.222.38 - - [09/Jul/2021:10:55:29 +0800] "GET /xingrg/kc/buy/cgsh_order_operate.html?command=get_materiel&rest_code=00107&code=00101008265&supplier_code=00100006&order_time=2021-07-09 HTTP/1.1" 200 408
101.85.107.54 - - [09/Jul/2021:10:55:30 +0800] "GET /xingrg/all/function/internal_message.html?_=1625798754332&CODE_STATE=getMsg HTTP/1.1" 200 27
180.169.147.146 - - [09/Jul/2021:10:55:33 +0800] "GET /xingrg/all/function/internal_message.html?_=1625799346350&CODE_STATE=getMsg HTTP/1.1" 200 27
180.156.216.127 - - [09/Jul/2021:10:55:33 +0800] "POST /xingrg/all/user/operate.html HTTP/1.1" 200 36
180.156.216.127 - - [09/Jul/2021:10:55:33 +0800] "GET /xingrg/javascript/jquery_easy_ui/themes/default/easyui.css HTTP/1.1" 304 -
180.156.216.127 - - [09/Jul/2021:10:55:33 +0800] "GET /xingrg/javascript/jquery_easy_ui/themes/icon.css HTTP/1.1" 304 -
180.156.216.127 - - [09/Jul/2021:10:55:33 +0800] "GET /xingrg/css/form.css HTTP/1.1" 304 -
180.156.216.127 - - [09/Jul/2021:10:55:33 +0800] "GET /xingrg/index.html?sysBaseUrl=http%3A%2F%2F180.169.147.146%3A18081%2Fxingrg%2F&costTime=140×tamp=1625798616480 HTTP/1.1" 200 17179
180.156.216.127 - - [09/Jul/2021:10:55:33 +0800] "GET /xingrg/javascript/jquery-1.4.2.min.js HTTP/1.1" 304 -
180.156.216.127 - - [09/Jul/2021:10:55:34 +0800] "GET /xingrg/javascript/jquery_easy_ui/jquery.easyui.min.js HTTP/1.1" 304 -
180.156.216.127 - - [09/Jul/2021:10:55:34 +0800] "GET /xingrg/javascript/jquery_easy_ui/easyui-lang-zh_CN.js HTTP/1.1" 304 -
