58.37.225.51 - - [09/Jul/2021:11:11:11 +0800] "POST /xingrg/kc/buy/cgsh_order_operate.html HTTP/1.1" 200 37
180.156.216.127 - - [09/Jul/2021:11:11:11 +0800] "POST /xingrg/kc/buy/cgsh_order_operate.html HTTP/1.1" 200 12
222.69.129.116 - - [09/Jul/2021:11:11:11 +0800] "GET /xingrg/all/function/internal_message.html?_=1625800276753&CODE_STATE=getMsg HTTP/1.1" 200 27
222.70.176.145 - - [09/Jul/2021:11:11:12 +0800] "GET /xingrg/all/function/internal_message.html?_=1625800272027&CODE_STATE=getMsg HTTP/1.1" 200 27
120.253.135.82 - - [09/Jul/2021:11:11:12 +0800] "POST /xingrg/kc/pszx/mdps_list_operate.html HTTP/1.1" 200 622
180.156.216.127 - - [09/Jul/2021:11:11:12 +0800] "GET /xingrg/kc/buy/cgsh_order_info.html?code=212021070903788 HTTP/1.1" 200 57511
120.253.135.82 - - [09/Jul/2021:11:11:12 +0800] "GET /xingrg/all/function/internal_message.html?_=1625800314501&CODE_STATE=getMsg HTTP/1.1" 200 27
180.169.147.146 - - [09/Jul/2021:11:11:12 +0800] "GET /xingrg/check_reg.html?_=1625800271732 HTTP/1.1" 200 22
180.156.216.127 - - [09/Jul/2021:11:11:12 +0800] "GET /xingrg/javascript/easyui/themes/default/validatebox.css HTTP/1.1" 404 1104
120.253.135.82 - - [09/Jul/2021:11:11:12 +0800] "GET /xingrg/kc/pszx/mdps_order_info.html?code=312021070800169 HTTP/1.1" 200 23925
120.253.135.82 - - [09/Jul/2021:11:11:13 +0800] "GET /xingrg/javascript/easyui/themes/default/validatebox.css HTTP/1.1" 404 1104
180.156.216.127 - - [09/Jul/2021:11:11:13 +0800] "POST /xingrg/kc/buy/cgsh_order_operate.html HTTP/1.1" 200 1799
120.253.135.82 - - [09/Jul/2021:11:11:13 +0800] "POST /xingrg/kc/pszx/mdps_order_operate.html HTTP/1.1" 200 9802
180.169.147.146 - - [09/Jul/2021:11:11:13 +0800] "GET /xingrg/all/function/internal_message.html?_=1625800277225&CODE_STATE=getMsg HTTP/1.1" 200 27
116.230.117.165 - - [09/Jul/2021:11:11:14 +0800] "GET /xingrg/all/function/internal_message.html?_=1625800294226&CODE_STATE=getMsg HTTP/1.1" 200 27
116.235.222.38 - - [09/Jul/2021:11:11:14 +0800] "GET /xingrg/all/function/internal_message.html?_=1625800269957&CODE_STATE=getMsg HTTP/1.1" 200 27
180.156.216.127 - - [09/Jul/2021:11:11:14 +0800] "GET /xingrg/kc/print/load_data.html?order_code=212021070903788&kc_code=cgsh&condition= HTTP/1.1" 200 1175
222.70.176.145 - - [09/Jul/2021:11:11:15 +0800] "GET /xingrg/all/function/internal_message.html?_=1625800279630&CODE_STATE=getMsg HTTP/1.1" 200 27
222.70.176.145 - - [09/Jul/2021:11:11:15 +0800] "GET /xingrg/check_reg.html?_=1625800279632 HTTP/1.1" 200 22
58.37.225.51 - - [09/Jul/2021:11:11:15 +0800] "POST /xingrg/kc/buy/cgsh_order_operate.html HTTP/1.1" 200 12
58.37.225.51 - - [09/Jul/2021:11:11:16 +0800] "GET /xingrg/kc/buy/cgsh_order_info.html?code=212021070903790 HTTP/1.1" 200 57593
58.37.225.51 - - [09/Jul/2021:11:11:16 +0800] "GET /xingrg/javascript/easyui/themes/default/validatebox.css HTTP/1.1" 404 1104
58.37.225.51 - - [09/Jul/2021:11:11:16 +0800] "POST /xingrg/kc/buy/cgsh_order_operate.html HTTP/1.1" 200 1201
180.156.216.127 - - [09/Jul/2021:11:11:18 +0800] "GET /xingrg/kc/buy/cgsh_order_add.html HTTP/1.1" 200 62599
222.69.129.116 - - [09/Jul/2021:11:11:19 +0800] "POST /xingrg/kc/buy/cgsh_order_operate.html HTTP/1.1" 200 37
58.37.225.51 - - [09/Jul/2021:11:11:19 +0800] "GET /xingrg/kc/print/load_data.html?order_code=212021070903790&kc_code=cgsh&condition= HTTP/1.1" 200 1001
180.156.216.127 - - [09/Jul/2021:11:11:19 +0800] "POST /xingrg/kc/buy/cgsh_order_operate.html HTTP/1.1" 200 8245
180.156.216.127 - - [09/Jul/2021:11:11:19 +0800] "GET /xingrg/javascript/easyui/themes/default/validatebox.css HTTP/1.1" 404 1104
180.171.62.232 - - [09/Jul/2021:11:11:19 +0800] "GET /xingrg/all/function/internal_message.html?_=1625800279593&CODE_STATE=getMsg HTTP/1.1" 200 27
180.171.62.232 - - [09/Jul/2021:11:11:19 +0800] "GET /xingrg/check_reg.html?_=1625800279597 HTTP/1.1" 200 22
116.235.95.53 - - [09/Jul/2021:11:11:20 +0800] "GET /xingrg/all/function/internal_message.html?_=1625800378857&CODE_STATE=getMsg HTTP/1.1" 200 27
58.37.225.51 - - [09/Jul/2021:11:11:21 +0800] "GET /xingrg/kc/buy/cgsh_order_add.html HTTP/1.1" 200 62681
58.37.225.51 - - [09/Jul/2021:11:11:22 +0800] "POST /xingrg/kc/buy/cgsh_order_operate.html HTTP/1.1" 200 8245
58.37.225.51 - - [09/Jul/2021:11:11:22 +0800] "GET /xingrg/javascript/easyui/themes/default/validatebox.css HTTP/1.1" 404 1104
58.37.5.217 - - [09/Jul/2021:11:11:22 +0800] "GET /xingrg/kc/base/wldb_order_operate.html?command=get_materiel&rest_code=00106&base_code=0010397&code=00102002315 HTTP/1.1" 200 448
116.230.110.80 - - [09/Jul/2021:11:11:22 +0800] "GET /xingrg/kc/buy/cgsh_order_operate.html?command=get_materiel&rest_code=00155&code=00101012003&supplier_code=00100037&order_time=2021-07-09 HTTP/1.1" 200 413
222.69.129.116 - - [09/Jul/2021:11:11:22 +0800] "POST /xingrg/kc/buy/cgsh_order_operate.html HTTP/1.1" 200 12
222.69.129.116 - - [09/Jul/2021:11:11:24 +0800] "GET /xingrg/kc/buy/cgsh_order_info.html?code=212021070903791 HTTP/1.1" 200 57638
222.69.129.116 - - [09/Jul/2021:11:11:24 +0800] "GET /xingrg/javascript/easyui/themes/default/validatebox.css HTTP/1.1" 404 1104
222.69.129.116 - - [09/Jul/2021:11:11:25 +0800] "POST /xingrg/kc/buy/cgsh_order_operate.html HTTP/1.1" 200 606
116.230.110.80 - - [09/Jul/2021:11:11:25 +0800] "POST /xingrg/kc/buy/cgsh_order_operate.html HTTP/1.1" 200 2065
58.37.5.217 - - [09/Jul/2021:11:11:27 +0800] "GET /xingrg/kc/base/wldb_order_operate.html?command=get_materiel&rest_code=00106&base_code=0010397&code=00102002549 HTTP/1.1" 200 449
58.37.225.51 - - [09/Jul/2021:11:11:27 +0800] "GET /xingrg/all/function/internal_message.html?_=1625800210447&CODE_STATE=getMsg HTTP/1.1" 200 27
222.69.129.116 - - [09/Jul/2021:11:11:27 +0800] "GET /xingrg/kc/print/load_data.html?order_code=212021070903791&kc_code=cgsh&condition= HTTP/1.1" 200 710
58.37.225.51 - - [09/Jul/2021:11:11:28 +0800] "GET /xingrg/kc/buy/cgsh_order_operate.html?command=get_materiel&rest_code=00141&code=00101004090&supplier_code=00100312&order_time=2021-07-09 HTTP/1.1" 200 391
180.157.255.9 - - [09/Jul/2021:11:11:29 +0800] "GET /xingrg/all/function/internal_message.html?_=1625800301782&CODE_STATE=getMsg HTTP/1.1" 200 27
180.157.255.9 - - [09/Jul/2021:11:11:29 +0800] "GET /xingrg/check_reg.html?_=1625800301784 HTTP/1.1" 200 22
180.157.255.9 - - [09/Jul/2021:11:11:29 +0800] "GET /xingrg/kc/buy/cgsh_order_operate.html?command=get_materiel&rest_code=00148&code=00101007095&supplier_code=00100323&order_time=2021-07-09 HTTP/1.1" 200 415
101.85.107.54 - - [09/Jul/2021:11:11:30 +0800] "GET /xingrg/check_reg.html?_=1625799714378 HTTP/1.1" 200 22
101.85.107.54 - - [09/Jul/2021:11:11:30 +0800] "GET /xingrg/all/function/internal_message.html?_=1625799714375&CODE_STATE=getMsg HTTP/1.1" 200 27
180.156.216.127 - - [09/Jul/2021:11:11:30 +0800] "GET /xingrg/kc/buy/cgsh_order_operate.html?command=get_materiel&rest_code=00150&code=00101006001&supplier_code=00100404&order_time=2021-07-09 HTTP/1.1" 200 428
58.37.5.217 - - [09/Jul/2021:11:11:32 +0800] "POST /xingrg/all/common/load_select.html HTTP/1.1" 200 25
222.69.129.116 - - [09/Jul/2021:11:11:32 +0800] "GET /xingrg/kc/buy/cgsh_order_add.html HTTP/1.1" 200 62728
222.69.129.116 - - [09/Jul/2021:11:11:32 +0800] "POST /xingrg/kc/buy/cgsh_order_operate.html HTTP/1.1" 200 8245
222.69.129.116 - - [09/Jul/2021:11:11:32 +0800] "GET /xingrg/javascript/easyui/themes/default/validatebox.css HTTP/1.1" 404 1104
180.169.147.146 - - [09/Jul/2021:11:11:33 +0800] "GET /xingrg/all/function/internal_message.html?_=1625800306361&CODE_STATE=getMsg HTTP/1.1" 200 27
180.169.147.146 - - [09/Jul/2021:11:11:33 +0800] "GET /xingrg/check_reg.html?_=1625800306363 HTTP/1.1" 200 22
116.235.222.38 - - [09/Jul/2021:11:11:34 +0800] "GET /xingrg/kc/buy/cgsh_order_operate.html?command=get_materiel&rest_code=00107&code=00101008088&supplier_code=00100006&order_time=2021-07-09 HTTP/1.1" 200 408
58.37.5.217 - - [09/Jul/2021:11:11:35 +0800] "GET /xingrg/kc/base/wldb_order_operate.html?command=get_materiel_price&rest_code=00106&base_code=0010397&code=00102002549&unit_code=00100276 HTTP/1.1" 200 35
58.37.225.51 - - [09/Jul/2021:11:11:35 +0800] "GET /xingrg/kc/buy/cgsh_order_operate.html?command=get_materiel&rest_code=00141&code=00101004046&supplier_code=00100312&order_time=2021-07-09 HTTP/1.1" 200 417
116.230.117.165 - - [09/Jul/2021:11:11:37 +0800] "GET /xingrg/kc/buy/cgsh_order_add.html HTTP/1.1" 200 62681
116.230.117.165 - - [09/Jul/2021:11:11:38 +0800] "POST /xingrg/kc/buy/cgsh_order_operate.html HTTP/1.1" 200 8245
221.239.195.6 - - [09/Jul/2021:11:11:38 +0800] "GET /xingrg/check_reg.html?_=1625800303011 HTTP/1.1" 200 22
221.239.195.6 - - [09/Jul/2021:11:11:38 +0800] "GET /xingrg/all/function/internal_message.html?_=1625800303012&CODE_STATE=getMsg HTTP/1.1" 200 27
116.230.117.165 - - [09/Jul/2021:11:11:38 +0800] "GET /xingrg/javascript/easyui/themes/default/validatebox.css HTTP/1.1" 404 1104
180.156.216.127 - - [09/Jul/2021:11:11:42 +0800] "POST /xingrg/kc/buy/cgsh_order_operate.html HTTP/1.1" 200 37
180.157.255.9 - - [09/Jul/2021:11:11:42 +0800] "GET /xingrg/kc/buy/cgsh_order_operate.html?command=get_materiel&rest_code=00148&code=00101010028&supplier_code=00100323&order_time=2021-07-09 HTTP/1.1" 200 414
58.37.225.51 - - [09/Jul/2021:11:11:42 +0800] "GET /xingrg/kc/buy/cgsh_order_operate.html?command=get_materiel&rest_code=00141&code=00101004038&supplier_code=00100312&order_time=2021-07-09 HTTP/1.1" 200 429
120.253.135.82 - - [09/Jul/2021:11:11:44 +0800] "POST /xingrg/kc/pszx/mdps_order_operate.html HTTP/1.1" 200 37
120.253.135.82 - - [09/Jul/2021:11:11:44 +0800] "GET /xingrg/check_reg.html?_=1625800089920 HTTP/1.1" 200 22
222.69.129.116 - - [09/Jul/2021:11:11:46 +0800] "GET /xingrg/kc/buy/cgsh_order_operate.html?command=get_materiel&rest_code=00149&code=00101007111&supplier_code=00100326&order_time=2021-07-09 HTTP/1.1" 200 417
180.156.216.127 - - [09/Jul/2021:11:11:47 +0800] "POST /xingrg/kc/buy/cgsh_order_operate.html HTTP/1.1" 200 12
221.239.195.6 - - [09/Jul/2021:11:11:47 +0800] "GET /xingrg/check_reg.html?_=1625800280026 HTTP/1.1" 200 22
221.239.195.6 - - [09/Jul/2021:11:11:47 +0800] "GET /xingrg/all/function/internal_message.html?_=1625800280029&CODE_STATE=getMsg HTTP/1.1" 200 27
180.156.216.127 - - [09/Jul/2021:11:11:48 +0800] "GET /xingrg/kc/buy/cgsh_order_info.html?code=212021070903792 HTTP/1.1" 200 57513
180.156.216.127 - - [09/Jul/2021:11:11:48 +0800] "GET /xingrg/javascript/easyui/themes/default/validatebox.css HTTP/1.1" 404 1104
120.253.135.82 - - [09/Jul/2021:11:11:48 +0800] "POST /xingrg/kc/pszx/mdps_order_operate.html HTTP/1.1" 200 12
180.156.216.127 - - [09/Jul/2021:11:11:49 +0800] "POST /xingrg/kc/buy/cgsh_order_operate.html HTTP/1.1" 200 622
180.156.216.127 - - [09/Jul/2021:11:11:50 +0800] "GET /xingrg/kc/print/load_data.html?order_code=212021070903792&kc_code=cgsh&condition= HTTP/1.1" 200 741
58.37.5.217 - - [09/Jul/2021:11:11:51 +0800] "GET /xingrg/all/function/internal_message.html?_=1625800311401&CODE_STATE=getMsg HTTP/1.1" 200 27
58.37.225.51 - - [09/Jul/2021:11:11:51 +0800] "GET /xingrg/kc/buy/cgsh_order_operate.html?command=get_materiel&rest_code=00141&code=00101004067&supplier_code=00100312&order_time=2021-07-09 HTTP/1.1" 200 433
116.230.114.112 - - [09/Jul/2021:11:11:51 +0800] "GET /xingrg/all/function/internal_message.html?_=1625800330514&CODE_STATE=getMsg HTTP/1.1" 302 -
180.174.237.246 - - [09/Jul/2021:11:11:51 +0800] "GET /xingrg/kc/buy/cgyd_order_list.html HTTP/1.1" 200 46404
120.253.135.82 - - [09/Jul/2021:11:11:52 +0800] "GET /xingrg/kc/pszx/mdps_order_info.html?code=312021070800169 HTTP/1.1" 200 19585
180.174.237.246 - - [09/Jul/2021:11:11:52 +0800] "GET /xingrg/kc/buy/cgsh_order_list.html HTTP/1.1" 200 46937
180.174.237.246 - - [09/Jul/2021:11:11:52 +0800] "POST /xingrg/kc/buy/cgyd_list_operate.html HTTP/1.1" 200 976
116.230.110.80 - - [09/Jul/2021:11:11:52 +0800] "GET /xingrg/check_reg.html?_=1625800316256 HTTP/1.1" 200 22
120.253.135.82 - - [09/Jul/2021:11:11:52 +0800] "GET /xingrg/javascript/easyui/themes/default/validatebox.css HTTP/1.1" 404 1104
58.37.5.217 - - [09/Jul/2021:11:11:53 +0800] "GET /xingrg/all/function/internal_message.html?_=1625800317966&CODE_STATE=getMsg HTTP/1.1" 200 27
120.253.135.82 - - [09/Jul/2021:11:11:53 +0800] "POST /xingrg/kc/pszx/mdps_order_operate.html HTTP/1.1" 200 7935
180.162.112.86 - - [09/Jul/2021:11:11:54 +0800] "GET /xingrg/all/function/internal_message.html?_=1625799970797&CODE_STATE=getMsg HTTP/1.1" 200 27
180.156.216.127 - - [09/Jul/2021:11:11:54 +0800] "GET /xingrg/kc/buy/cgsh_order_add.html HTTP/1.1" 200 62599
180.174.237.246 - - [09/Jul/2021:11:11:55 +0800] "POST /xingrg/kc/buy/cgsh_list_operate.html HTTP/1.1" 200 1686
180.156.216.127 - - [09/Jul/2021:11:11:55 +0800] "POST /xingrg/kc/buy/cgsh_order_operate.html HTTP/1.1" 200 8245
180.156.216.127 - - [09/Jul/2021:11:11:55 +0800] "GET /xingrg/javascript/easyui/themes/default/validatebox.css HTTP/1.1" 404 1104
222.69.129.116 - - [09/Jul/2021:11:11:56 +0800] "GET /xingrg/kc/buy/cgsh_order_operate.html?command=get_materiel&rest_code=00149&code=00101007168&supplier_code=00100326&order_time=2021-07-09 HTTP/1.1" 200 396
180.174.237.246 - - [09/Jul/2021:11:11:57 +0800] "POST /xingrg/kc/buy/cgsh_list_operate.html HTTP/1.1" 200 561
180.174.237.246 - - [09/Jul/2021:11:11:57 +0800] "GET /xingrg/kc/buy/cgsh_order_info.html?code=212021070903777 HTTP/1.1" 200 62649
116.230.117.165 - - [09/Jul/2021:11:11:58 +0800] "GET /xingrg/kc/buy/cgsh_order_operate.html?command=get_materiel&rest_code=00146&code=00101012025&supplier_code=00100033&order_time=2021-07-09 HTTP/1.1" 200 412
180.174.237.246 - - [09/Jul/2021:11:11:58 +0800] "GET /xingrg/javascript/easyui/themes/default/validatebox.css HTTP/1.1" 404 1104
120.253.135.82 - - [09/Jul/2021:11:11:58 +0800] "POST /xingrg/kc/pszx/mdps_list_operate.html HTTP/1.1" 200 3491
180.174.237.246 - - [09/Jul/2021:11:11:59 +0800] "POST /xingrg/kc/buy/cgsh_order_operate.html HTTP/1.1" 200 6179
180.174.237.246 - - [09/Jul/2021:11:12:00 +0800] "GET /xingrg/all/function/internal_message.html?_=1625800339730&CODE_STATE=getMsg HTTP/1.1" 200 27
58.37.5.217 - - [09/Jul/2021:11:12:00 +0800] "GET /xingrg/all/function/internal_message.html?_=1625800862029&CODE_STATE=getMsg HTTP/1.1" 200 27
58.37.5.217 - - [09/Jul/2021:11:12:00 +0800] "POST /xingrg/kc/base/wldb_order_operate.html HTTP/1.1" 200 37
120.253.135.82 - - [09/Jul/2021:11:12:01 +0800] "POST /xingrg/kc/pszx/mdps_list_operate.html HTTP/1.1" 200 299
58.37.5.217 - - [09/Jul/2021:11:12:01 +0800] "GET /xingrg/kc/base/wldb_order_info.html?code=422021070900932 HTTP/1.1" 200 30371
58.37.5.217 - - [09/Jul/2021:11:12:01 +0800] "POST /xingrg/kc/base/wldb_order_operate.html HTTP/1.1" 200 3170
58.37.5.217 - - [09/Jul/2021:11:12:01 +0800] "GET /xingrg/check_reg.html?_=1625800314310 HTTP/1.1" 200 22
58.37.5.217 - - [09/Jul/2021:11:12:01 +0800] "GET /xingrg/javascript/easyui/themes/default/validatebox.css HTTP/1.1" 404 1104
116.230.110.80 - - [09/Jul/2021:11:12:01 +0800] "GET /xingrg/all/function/internal_message.html?_=1625800325422&CODE_STATE=getMsg HTTP/1.1" 200 27
58.37.225.51 - - [09/Jul/2021:11:12:02 +0800] "GET /xingrg/kc/buy/cgsh_order_operate.html?command=get_materiel&rest_code=00141&code=00101004071&supplier_code=00100312&order_time=2021-07-09 HTTP/1.1" 200 409
120.253.135.82 - - [09/Jul/2021:11:12:02 +0800] "GET /xingrg/kc/pszx/mdps_order_info.html?code=312021070800168 HTTP/1.1" 200 23923
58.37.5.217 - - [09/Jul/2021:11:12:02 +0800] "POST /xingrg/kc/base/wldb_order_operate.html HTTP/1.1" 200 3170
120.253.135.82 - - [09/Jul/2021:11:12:02 +0800] "GET /xingrg/javascript/easyui/themes/default/validatebox.css HTTP/1.1" 404 1104
120.253.135.82 - - [09/Jul/2021:11:12:03 +0800] "POST /xingrg/kc/pszx/mdps_order_operate.html HTTP/1.1" 200 2815
180.156.216.127 - - [09/Jul/2021:11:12:05 +0800] "GET /xingrg/kc/buy/cgsh_order_operate.html?command=get_materiel&rest_code=00150&code=00101010079&supplier_code=00100336&order_time=2021-07-09 HTTP/1.1" 200 413
120.253.135.82 - - [09/Jul/2021:11:12:07 +0800] "POST /xingrg/kc/pszx/mdps_order_operate.html HTTP/1.1" 200 37
120.253.135.82 - - [09/Jul/2021:11:12:07 +0800] "GET /xingrg/all/function/internal_message.html?_=1625800113223&CODE_STATE=getMsg HTTP/1.1" 200 27
222.69.129.116 - - [09/Jul/2021:11:12:07 +0800] "GET /xingrg/kc/buy/cgsh_order_operate.html?command=get_materiel&rest_code=00149&code=00101010567&supplier_code=00100326&order_time=2021-07-09 HTTP/1.1" 200 399
120.253.135.82 - - [09/Jul/2021:11:12:09 +0800] "POST /xingrg/kc/pszx/mdps_order_operate.html HTTP/1.1" 200 12
180.174.237.246 - - [09/Jul/2021:11:12:10 +0800] "GET /xingrg/kc/buy/cgsh_order_operate.html?command=get_materiel&rest_code=00102&code=00101008163&supplier_code=00100008&order_time=2021-07-09 HTTP/1.1" 200 408
222.69.129.116 - - [09/Jul/2021:11:12:11 +0800] "GET /xingrg/all/function/internal_message.html?_=1625800336738&CODE_STATE=getMsg HTTP/1.1" 200 27
222.70.176.145 - - [09/Jul/2021:11:12:12 +0800] "GET /xingrg/all/function/internal_message.html?_=1625800332025&CODE_STATE=getMsg HTTP/1.1" 200 27
120.253.135.82 - - [09/Jul/2021:11:12:12 +0800] "GET /xingrg/all/function/internal_message.html?_=1625800374515&CODE_STATE=getMsg HTTP/1.1" 200 27
180.169.147.146 - - [09/Jul/2021:11:12:13 +0800] "GET /xingrg/all/function/internal_message.html?_=1625800337231&CODE_STATE=getMsg HTTP/1.1" 200 27
116.230.117.165 - - [09/Jul/2021:11:12:14 +0800] "GET /xingrg/all/function/internal_message.html?_=1625800354240&CODE_STATE=getMsg HTTP/1.1" 200 27
116.235.222.38 - - [09/Jul/2021:11:12:14 +0800] "GET /xingrg/all/function/internal_message.html?_=1625800330133&CODE_STATE=getMsg HTTP/1.1" 200 27
222.70.176.145 - - [09/Jul/2021:11:12:15 +0800] "GET /xingrg/all/function/internal_message.html?_=1625800339625&CODE_STATE=getMsg HTTP/1.1" 200 27
58.37.225.51 - - [09/Jul/2021:11:12:19 +0800] "GET /xingrg/kc/buy/cgsh_order_operate.html?command=get_materiel&rest_code=00141&code=00101004049&supplier_code=00100312&order_time=2021-07-09 HTTP/1.1" 200 23
180.171.62.232 - - [09/Jul/2021:11:12:19 +0800] "GET /xingrg/all/function/internal_message.html?_=1625800339597&CODE_STATE=getMsg HTTP/1.1" 200 27
116.235.95.53 - - [09/Jul/2021:11:12:20 +0800] "GET /xingrg/all/function/internal_message.html?_=1625800438859&CODE_STATE=getMsg HTTP/1.1" 200 27
116.235.95.53 - - [09/Jul/2021:11:12:20 +0800] "GET /xingrg/check_reg.html?_=1625800438860 HTTP/1.1" 200 22
120.253.135.82 - - [09/Jul/2021:11:12:20 +0800] "GET /xingrg/kc/pszx/mdps_order_info.html?code=312021070800168 HTTP/1.1" 200 19583
120.253.135.82 - - [09/Jul/2021:11:12:21 +0800] "GET /xingrg/javascript/easyui/themes/default/validatebox.css HTTP/1.1" 404 1104
120.253.135.82 - - [09/Jul/2021:11:12:21 +0800] "POST /xingrg/kc/pszx/mdps_order_operate.html HTTP/1.1" 200 1031
120.253.135.82 - - [09/Jul/2021:11:12:22 +0800] "POST /xingrg/kc/pszx/mdps_list_operate.html HTTP/1.1" 200 3131
180.156.216.127 - - [09/Jul/2021:11:12:24 +0800] "POST /xingrg/kc/buy/cgsh_order_operate.html HTTP/1.1" 200 37
180.157.255.9 - - [09/Jul/2021:11:12:24 +0800] "POST /xingrg/kc/buy/cgsh_order_operate.html HTTP/1.1" 200 88
58.37.5.217 - - [09/Jul/2021:11:12:26 +0800] "GET /xingrg/kc/buy/cgsh_order_operate.html?command=get_materiel&rest_code=00106&code=00101005017&supplier_code=00100312&order_time=2021-07-09 HTTP/1.1" 200 409
116.230.117.165 - - [09/Jul/2021:11:12:26 +0800] "GET /xingrg/kc/buy/cgsh_order_operate.html?command=get_materiel&rest_code=00146&code=00101016080&supplier_code=00100033&order_time=2021-07-09 HTTP/1.1" 200 408
116.235.222.38 - - [09/Jul/2021:11:12:26 +0800] "GET /xingrg/kc/buy/cgsh_order_operate.html?command=get_materiel&rest_code=00107&code=00101008087&supplier_code=00100006&order_time=2021-07-09 HTTP/1.1" 200 412
222.69.129.116 - - [09/Jul/2021:11:12:26 +0800] "GET /xingrg/kc/buy/cgsh_order_operate.html?command=get_materiel&rest_code=00149&code=00101006164&supplier_code=00100326&order_time=2021-07-09 HTTP/1.1" 200 415
180.174.237.246 - - [09/Jul/2021:11:12:26 +0800] "GET /xingrg/kc/buy/cgsh_order_operate.html?command=get_materiel&rest_code=00102&code=00101008361&supplier_code=00100008&order_time=2021-07-09 HTTP/1.1" 200 408
120.253.135.82 - - [09/Jul/2021:11:12:26 +0800] "POST /xingrg/kc/pszx/mdps_list_operate.html HTTP/1.1" 200 202
120.253.135.82 - - [09/Jul/2021:11:12:27 +0800] "GET /xingrg/kc/pszx/mdps_order_info.html?code=312021070800170 HTTP/1.1" 200 23923
58.37.225.51 - - [09/Jul/2021:11:12:27 +0800] "GET /xingrg/all/function/internal_message.html?_=1625800270429&CODE_STATE=getMsg HTTP/1.1" 200 27
120.253.135.82 - - [09/Jul/2021:11:12:27 +0800] "GET /xingrg/javascript/easyui/themes/default/validatebox.css HTTP/1.1" 404 1104
180.156.216.127 - - [09/Jul/2021:11:12:28 +0800] "POST /xingrg/kc/buy/cgsh_order_operate.html HTTP/1.1" 200 12
120.253.135.82 - - [09/Jul/2021:11:12:28 +0800] "POST /xingrg/kc/pszx/mdps_order_operate.html HTTP/1.1" 200 2286
180.157.255.9 - - [09/Jul/2021:11:12:29 +0800] "GET /xingrg/all/function/internal_message.html?_=1625800361782&CODE_STATE=getMsg HTTP/1.1" 200 27
180.156.216.127 - - [09/Jul/2021:11:12:29 +0800] "GET /xingrg/kc/buy/cgsh_order_info.html?code=212021070903793 HTTP/1.1" 200 57507
180.156.216.127 - - [09/Jul/2021:11:12:30 +0800] "GET /xingrg/javascript/easyui/themes/default/validatebox.css HTTP/1.1" 404 1104
101.85.107.54 - - [09/Jul/2021:11:12:30 +0800] "GET /xingrg/all/function/internal_message.html?_=1625799774363&CODE_STATE=getMsg HTTP/1.1" 200 27
116.230.110.80 - - [09/Jul/2021:11:12:31 +0800] "GET /xingrg/kc/buy/cgsh_order_operate.html?command=get_materiel&rest_code=00155&code=00101010136&supplier_code=00100037&order_time=2021-07-09 HTTP/1.1" 200 408
180.156.216.127 - - [09/Jul/2021:11:12:31 +0800] "POST /xingrg/kc/buy/cgsh_order_operate.html HTTP/1.1" 200 607
120.253.135.82 - - [09/Jul/2021:11:12:32 +0800] "POST /xingrg/kc/pszx/mdps_order_operate.html HTTP/1.1" 200 37
180.156.216.127 - - [09/Jul/2021:11:12:32 +0800] "GET /xingrg/kc/print/load_data.html?order_code=212021070903793&kc_code=cgsh&condition= HTTP/1.1" 200 708
180.169.147.146 - - [09/Jul/2021:11:12:33 +0800] "GET /xingrg/all/function/internal_message.html?_=1625800366346&CODE_STATE=getMsg HTTP/1.1" 200 27
120.253.135.82 - - [09/Jul/2021:11:12:34 +0800] "POST /xingrg/kc/pszx/mdps_order_operate.html HTTP/1.1" 200 12
180.157.255.9 - - [09/Jul/2021:11:12:35 +0800] "POST /xingrg/kc/buy/cgsh_order_operate.html HTTP/1.1" 200 37
180.156.216.127 - - [09/Jul/2021:11:12:36 +0800] "GET /xingrg/kc/buy/cgsh_order_add.html HTTP/1.1" 200 62599
180.156.216.127 - - [09/Jul/2021:11:12:36 +0800] "POST /xingrg/kc/buy/cgsh_order_operate.html HTTP/1.1" 200 8245
180.174.237.246 - - [09/Jul/2021:11:12:36 +0800] "GET /xingrg/kc/buy/cgsh_order_operate.html?command=get_materiel&rest_code=00102&code=00101008355&supplier_code=00100008&order_time=2021-07-09 HTTP/1.1" 200 408
180.156.216.127 - - [09/Jul/2021:11:12:36 +0800] "GET /xingrg/javascript/easyui/themes/default/validatebox.css HTTP/1.1" 404 1104
58.37.225.51 - - [09/Jul/2021:11:12:37 +0800] "GET /xingrg/kc/buy/cgsh_order_operate.html?command=get_materiel&rest_code=00141&code=00101005017&supplier_code=00100312&order_time=2021-07-09 HTTP/1.1" 200 409
180.157.255.9 - - [09/Jul/2021:11:12:37 +0800] "POST /xingrg/kc/buy/cgsh_order_operate.html HTTP/1.1" 200 5623
222.69.129.116 - - [09/Jul/2021:11:12:37 +0800] "GET /xingrg/kc/buy/cgsh_order_operate.html?command=get_materiel&rest_code=00149&code=00101010696&supplier_code=00100326&order_time=2021-07-09 HTTP/1.1" 200 398
221.239.195.6 - - [09/Jul/2021:11:12:38 +0800] "GET /xingrg/all/function/internal_message.html?_=1625800363008&CODE_STATE=getMsg HTTP/1.1" 200 27
116.230.117.165 - - [09/Jul/2021:11:12:38 +0800] "GET /xingrg/kc/buy/cgsh_order_operate.html?command=get_materiel&rest_code=00146&code=00101011001&supplier_code=00100033&order_time=2021-07-09 HTTP/1.1" 200 423
120.253.135.82 - - [09/Jul/2021:11:12:40 +0800] "GET /xingrg/kc/pszx/mdps_order_info.html?code=312021070800170 HTTP/1.1" 200 19583
120.253.135.82 - - [09/Jul/2021:11:12:41 +0800] "GET /xingrg/javascript/easyui/themes/default/validatebox.css HTTP/1.1" 404 1104
120.253.135.82 - - [09/Jul/2021:11:12:41 +0800] "POST /xingrg/kc/pszx/mdps_order_operate.html HTTP/1.1" 200 507
180.157.255.9 - - [09/Jul/2021:11:12:42 +0800] "GET /xingrg/kc/buy/cgsh_order_add.html HTTP/1.1" 200 62675
180.157.255.9 - - [09/Jul/2021:11:12:42 +0800] "POST /xingrg/kc/buy/cgsh_order_operate.html HTTP/1.1" 200 8245
180.157.255.9 - - [09/Jul/2021:11:12:42 +0800] "GET /xingrg/javascript/easyui/themes/default/validatebox.css HTTP/1.1" 404 1104
120.253.135.82 - - [09/Jul/2021:11:12:42 +0800] "POST /xingrg/kc/pszx/mdps_list_operate.html HTTP/1.1" 200 2771
180.174.237.246 - - [09/Jul/2021:11:12:44 +0800] "GET /xingrg/kc/buy/cgsh_order_operate.html?command=get_materiel&rest_code=00102&code=00101008230&supplier_code=00100008&order_time=2021-07-09 HTTP/1.1" 200 408
120.253.135.82 - - [09/Jul/2021:11:12:45 +0800] "POST /xingrg/kc/pszx/mdps_list_operate.html HTTP/1.1" 200 202
180.156.216.127 - - [09/Jul/2021:11:12:45 +0800] "GET /xingrg/kc/buy/cgsh_order_operate.html?command=get_materiel&rest_code=00150&code=00101003006&supplier_code=00100092&order_time=2021-07-09 HTTP/1.1" 200 432
120.253.135.82 - - [09/Jul/2021:11:12:46 +0800] "GET /xingrg/kc/pszx/mdps_order_info.html?code=312021070800172 HTTP/1.1" 200 23925
120.253.135.82 - - [09/Jul/2021:11:12:46 +0800] "GET /xingrg/javascript/easyui/themes/default/validatebox.css HTTP/1.1" 404 1104
120.253.135.82 - - [09/Jul/2021:11:12:46 +0800] "POST /xingrg/kc/pszx/mdps_order_operate.html HTTP/1.1" 200 2276
221.239.195.6 - - [09/Jul/2021:11:12:47 +0800] "GET /xingrg/all/function/internal_message.html?_=1625800340014&CODE_STATE=getMsg HTTP/1.1" 200 27
58.37.225.51 - - [09/Jul/2021:11:12:48 +0800] "GET /xingrg/kc/buy/cgsh_order_operate.html?command=get_materiel&rest_code=00141&code=00101004050&supplier_code=00100312&order_time=2021-07-09 HTTP/1.1" 200 409
120.253.135.82 - - [09/Jul/2021:11:12:49 +0800] "POST /xingrg/kc/pszx/mdps_order_operate.html HTTP/1.1" 200 37
58.37.5.217 - - [09/Jul/2021:11:12:51 +0800] "GET /xingrg/all/function/internal_message.html?_=1625800371391&CODE_STATE=getMsg HTTP/1.1" 200 27
116.230.114.112 - - [09/Jul/2021:11:12:51 +0800] "GET /xingrg/all/function/internal_message.html?_=1625800390528&CODE_STATE=getMsg HTTP/1.1" 302 -
120.253.135.82 - - [09/Jul/2021:11:12:52 +0800] "POST /xingrg/kc/pszx/mdps_order_operate.html HTTP/1.1" 200 12
222.69.129.116 - - [09/Jul/2021:11:12:52 +0800] "POST /xingrg/kc/buy/cgsh_order_operate.html HTTP/1.1" 200 37
116.230.117.165 - - [09/Jul/2021:11:12:52 +0800] "GET /xingrg/kc/buy/cgsh_order_operate.html?command=get_materiel&rest_code=00146&code=00101016057&supplier_code=00100033&order_time=2021-07-09 HTTP/1.1" 200 408
58.37.5.217 - - [09/Jul/2021:11:12:53 +0800] "GET /xingrg/all/function/internal_message.html?_=1625800377964&CODE_STATE=getMsg HTTP/1.1" 200 27
180.157.255.9 - - [09/Jul/2021:11:12:53 +0800] "GET /xingrg/kc/buy/cgsh_order_operate.html?command=get_materiel&rest_code=00148&code=00101010589&supplier_code=00100322&order_time=2021-07-09 HTTP/1.1" 200 399
180.162.112.86 - - [09/Jul/2021:11:12:54 +0800] "GET /xingrg/all/function/internal_message.html?_=1625800030802&CODE_STATE=getMsg HTTP/1.1" 200 27
180.162.112.86 - - [09/Jul/2021:11:12:54 +0800] "GET /xingrg/check_reg.html?_=1625800030805 HTTP/1.1" 200 22
180.174.237.246 - - [09/Jul/2021:11:12:57 +0800] "POST /xingrg/kc/buy/cgsh_order_operate.html HTTP/1.1" 200 2065
180.156.216.127 - - [09/Jul/2021:11:12:57 +0800] "POST /xingrg/kc/buy/cgsh_order_operate.html HTTP/1.1" 200 37
58.37.225.51 - - [09/Jul/2021:11:12:58 +0800] "GET /xingrg/kc/buy/cgsh_order_operate.html?command=get_materiel&rest_code=00141&code=00101004030&supplier_code=00100312&order_time=2021-07-09 HTTP/1.1" 200 428
180.174.237.246 - - [09/Jul/2021:11:13:00 +0800] "GET /xingrg/all/function/internal_message.html?_=1625800399825&CODE_STATE=getMsg HTTP/1.1" 200 27
120.253.135.82 - - [09/Jul/2021:11:13:00 +0800] "GET /xingrg/kc/pszx/mdps_order_info.html?code=312021070800172 HTTP/1.1" 200 19585
58.37.5.217 - - [09/Jul/2021:11:13:00 +0800] "GET /xingrg/all/function/internal_message.html?_=1625800922040&CODE_STATE=getMsg HTTP/1.1" 200 27
120.253.135.82 - - [09/Jul/2021:11:13:01 +0800] "GET /xingrg/javascript/easyui/themes/default/validatebox.css HTTP/1.1" 404 1104
222.69.129.116 - - [09/Jul/2021:11:13:01 +0800] "POST /xingrg/kc/buy/cgsh_order_operate.html HTTP/1.1" 200 12
58.37.5.217 - - [09/Jul/2021:11:13:01 +0800] "GET /xingrg/check_reg.html?_=1625800922822 HTTP/1.1" 200 22
120.253.135.82 - - [09/Jul/2021:11:13:01 +0800] "POST /xingrg/kc/pszx/mdps_order_operate.html HTTP/1.1" 200 497
180.157.255.9 - - [09/Jul/2021:11:13:01 +0800] "GET /xingrg/kc/buy/cgsh_order_operate.html?command=get_materiel&rest_code=00148&code=00101007144&supplier_code=00100322&order_time=2021-07-09 HTTP/1.1" 200 428
116.230.110.80 - - [09/Jul/2021:11:13:01 +0800] "GET /xingrg/all/function/internal_message.html?_=1625800385408&CODE_STATE=getMsg HTTP/1.1" 200 27
116.235.222.38 - - [09/Jul/2021:11:13:02 +0800] "POST /xingrg/kc/buy/cgsh_order_operate.html HTTP/1.1" 200 2065
120.253.135.82 - - [09/Jul/2021:11:13:02 +0800] "POST /xingrg/kc/pszx/mdps_list_operate.html HTTP/1.1" 200 2408
180.174.237.246 - - [09/Jul/2021:11:13:03 +0800] "GET /xingrg/kc/buy/cgsh_order_operate.html?command=get_materiel&rest_code=00102&code=00101008286&supplier_code=00100008&order_time=2021-07-09 HTTP/1.1" 200 408
180.156.216.127 - - [09/Jul/2021:11:13:03 +0800] "POST /xingrg/kc/buy/cgsh_order_operate.html HTTP/1.1" 200 12
222.69.129.116 - - [09/Jul/2021:11:13:03 +0800] "GET /xingrg/kc/buy/cgsh_order_info.html?code=212021070903796 HTTP/1.1" 200 57640
222.69.129.116 - - [09/Jul/2021:11:13:03 +0800] "GET /xingrg/javascript/easyui/themes/default/validatebox.css HTTP/1.1" 404 1104
180.156.216.127 - - [09/Jul/2021:11:13:04 +0800] "GET /xingrg/kc/buy/cgsh_order_info.html?code=212021070903797 HTTP/1.1" 200 57509
180.156.216.127 - - [09/Jul/2021:11:13:04 +0800] "GET /xingrg/javascript/easyui/themes/default/validatebox.css HTTP/1.1" 404 1104
120.253.135.82 - - [09/Jul/2021:11:13:04 +0800] "POST /xingrg/kc/pszx/mdps_list_operate.html HTTP/1.1" 200 233
222.69.129.116 - - [09/Jul/2021:11:13:05 +0800] "POST /xingrg/kc/buy/cgsh_order_operate.html HTTP/1.1" 200 2982
120.253.135.82 - - [09/Jul/2021:11:13:05 +0800] "GET /xingrg/kc/pszx/mdps_order_info.html?code=312021070800171 HTTP/1.1" 200 23925
180.156.216.127 - - [09/Jul/2021:11:13:05 +0800] "POST /xingrg/kc/buy/cgsh_order_operate.html HTTP/1.1" 200 611
120.253.135.82 - - [09/Jul/2021:11:13:06 +0800] "GET /xingrg/javascript/easyui/themes/default/validatebox.css HTTP/1.1" 404 1104
222.69.129.116 - - [09/Jul/2021:11:13:06 +0800] "GET /xingrg/kc/print/load_data.html?order_code=212021070903796&kc_code=cgsh&condition= HTTP/1.1" 200 1628
120.253.135.82 - - [09/Jul/2021:11:13:06 +0800] "POST /xingrg/kc/pszx/mdps_order_operate.html HTTP/1.1" 200 2332
180.156.216.127 - - [09/Jul/2021:11:13:07 +0800] "GET /xingrg/kc/print/load_data.html?order_code=212021070903797&kc_code=cgsh&condition= HTTP/1.1" 200 767
120.253.135.82 - - [09/Jul/2021:11:13:07 +0800] "GET /xingrg/all/function/internal_message.html?_=1625800173238&CODE_STATE=getMsg HTTP/1.1" 200 27
120.253.135.82 - - [09/Jul/2021:11:13:09 +0800] "POST /xingrg/kc/pszx/mdps_order_operate.html HTTP/1.1" 200 37
180.156.216.127 - - [09/Jul/2021:11:13:11 +0800] "GET /xingrg/kc/buy/cgsh_order_add.html HTTP/1.1" 200 62599
222.69.129.116 - - [09/Jul/2021:11:13:11 +0800] "GET /xingrg/kc/buy/cgsh_order_add.html HTTP/1.1" 200 62728
180.156.216.127 - - [09/Jul/2021:11:13:11 +0800] "POST /xingrg/kc/buy/cgsh_order_operate.html HTTP/1.1" 200 8245
180.156.216.127 - - [09/Jul/2021:11:13:11 +0800] "GET /xingrg/javascript/easyui/themes/default/validatebox.css HTTP/1.1" 404 1104
222.69.129.116 - - [09/Jul/2021:11:13:11 +0800] "GET /xingrg/javascript/easyui/themes/default/validatebox.css HTTP/1.1" 404 1104
222.69.129.116 - - [09/Jul/2021:11:13:11 +0800] "POST /xingrg/kc/buy/cgsh_order_operate.html HTTP/1.1" 200 8245
222.69.129.116 - - [09/Jul/2021:11:13:11 +0800] "GET /xingrg/all/function/internal_message.html?_=1625800396723&CODE_STATE=getMsg HTTP/1.1" 200 27
222.70.176.145 - - [09/Jul/2021:11:13:11 +0800] "GET /xingrg/all/function/internal_message.html?_=1625800391995&CODE_STATE=getMsg HTTP/1.1" 200 27
58.37.225.51 - - [09/Jul/2021:11:13:12 +0800] "POST /xingrg/kc/buy/cgsh_order_operate.html HTTP/1.1" 200 37
120.253.135.82 - - [09/Jul/2021:11:13:12 +0800] "GET /xingrg/all/function/internal_message.html?_=1625800434551&CODE_STATE=getMsg HTTP/1.1" 200 27
120.253.135.82 - - [09/Jul/2021:11:13:12 +0800] "POST /xingrg/kc/pszx/mdps_order_operate.html HTTP/1.1" 200 12
180.169.147.146 - - [09/Jul/2021:11:13:13 +0800] "GET /xingrg/all/function/internal_message.html?_=1625800397235&CODE_STATE=getMsg HTTP/1.1" 200 27
180.174.237.246 - - [09/Jul/2021:11:13:14 +0800] "GET /xingrg/kc/buy/cgsh_order_operate.html?command=get_materiel&rest_code=00102&code=00101008036&supplier_code=00100008&order_time=2021-07-09 HTTP/1.1" 200 408
116.230.117.165 - - [09/Jul/2021:11:13:14 +0800] "GET /xingrg/all/function/internal_message.html?_=1625800414254&CODE_STATE=getMsg HTTP/1.1" 200 27
116.235.222.38 - - [09/Jul/2021:11:13:14 +0800] "GET /xingrg/all/function/internal_message.html?_=1625800390123&CODE_STATE=getMsg HTTP/1.1" 200 27
222.70.176.145 - - [09/Jul/2021:11:13:15 +0800] "GET /xingrg/all/function/internal_message.html?_=1625800399620&CODE_STATE=getMsg HTTP/1.1" 200 27
101.85.107.54 - - [09/Jul/2021:11:13:15 +0800] "GET /xingrg/kc/buy/cgsh_order_operate.html?command=get_materiel&rest_code=00142&code=00101028009&supplier_code=00100017&order_time=2021-07-09 HTTP/1.1" 200 440
58.37.225.51 - - [09/Jul/2021:11:13:16 +0800] "POST /xingrg/kc/buy/cgsh_order_operate.html HTTP/1.1" 200 6805
101.85.107.54 - - [09/Jul/2021:11:13:17 +0800] "POST /xingrg/all/common/load_select.html HTTP/1.1" 200 25
180.157.255.9 - - [09/Jul/2021:11:13:18 +0800] "GET /xingrg/kc/buy/cgsh_order_operate.html?command=get_materiel&rest_code=00148&code=00102008009&supplier_code=00100322&order_time=2021-07-09 HTTP/1.1" 200 412
180.171.62.232 - - [09/Jul/2021:11:13:19 +0800] "GET /xingrg/all/function/internal_message.html?_=1625800399599&CODE_STATE=getMsg HTTP/1.1" 200 27
116.235.95.53 - - [09/Jul/2021:11:13:20 +0800] "GET /xingrg/all/function/internal_message.html?_=1625800498851&CODE_STATE=getMsg HTTP/1.1" 200 27
58.37.225.51 - - [09/Jul/2021:11:13:20 +0800] "GET /xingrg/login.html HTTP/1.1" 200 7641
180.156.216.127 - - [09/Jul/2021:11:13:20 +0800] "GET /xingrg/kc/buy/cgsh_order_operate.html?command=get_materiel&rest_code=00150&code=00101004034&supplier_code=00100085&order_time=2021-07-09 HTTP/1.1" 200 416
58.37.225.51 - - [09/Jul/2021:11:13:20 +0800] "GET /favicon.ico HTTP/1.1" 404 -
120.253.135.82 - - [09/Jul/2021:11:13:21 +0800] "GET /xingrg/kc/pszx/mdps_order_info.html?code=312021070800171 HTTP/1.1" 200 19585
58.37.225.51 - - [09/Jul/2021:11:13:21 +0800] "POST /xingrg/login.do HTTP/1.1" 302 -
120.253.135.82 - - [09/Jul/2021:11:13:21 +0800] "GET /xingrg/javascript/easyui/themes/default/validatebox.css HTTP/1.1" 404 1104
58.37.225.51 - - [09/Jul/2021:11:13:21 +0800] "GET /xingrg/index.html?sysBaseUrl=http%3A%2F%2F180.169.147.146%3A18081%2Fxingrg%2F&costTime=78×tamp=1625800401583 HTTP/1.1" 200 17179
58.37.225.51 - - [09/Jul/2021:11:13:21 +0800] "GET /favicon.ico HTTP/1.1" 404 -
58.37.225.51 - - [09/Jul/2021:11:13:21 +0800] "POST /xingrg/all/common/load_tree.html?tree=area_rest_tree_json&manage=1 HTTP/1.1" 200 351
58.37.225.51 - - [09/Jul/2021:11:13:21 +0800] "GET /xingrg/all/function/internal_message.html?_=1625800324971&CODE_STATE=count HTTP/1.1" 200 11
58.37.225.51 - - [09/Jul/2021:11:13:21 +0800] "GET /xingrg/check_reg.html?_=1625800324972 HTTP/1.1" 200 22
120.253.135.82 - - [09/Jul/2021:11:13:21 +0800] "POST /xingrg/kc/pszx/mdps_order_operate.html HTTP/1.1" 200 553
58.37.225.51 - - [09/Jul/2021:11:13:21 +0800] "POST /xingrg/load_menu.html HTTP/1.1" 200 5138
101.85.107.54 - - [09/Jul/2021:11:13:22 +0800] "GET /xingrg/kc/buy/cgsh_order_operate.html?command=get_materiel_price&rest_code=00142&code=00101028009&unit_code=00100157&supplier_code=00100017&order_time=2021-07-09 HTTP/1.1" 200 29
120.253.135.82 - - [09/Jul/2021:11:13:22 +0800] "POST /xingrg/kc/pszx/mdps_list_operate.html HTTP/1.1" 200 2046
58.37.225.51 - - [09/Jul/2021:11:13:22 +0800] "GET /xingrg/css/new_ie.css HTTP/1.1" 404 1036
58.37.225.51 - - [09/Jul/2021:11:13:22 +0800] "GET /xingrg/kc/buy/buy_main.html HTTP/1.1" 200 12412
58.37.225.51 - - [09/Jul/2021:11:13:23 +0800] "GET /xingrg/images/yd/bt.gif HTTP/1.1" 404 1040
180.174.237.246 - - [09/Jul/2021:11:13:23 +0800] "GET /xingrg/kc/buy/cgsh_order_operate.html?command=get_materiel&rest_code=00102&code=00101008131&supplier_code=00100008&order_time=2021-07-09 HTTP/1.1" 200 408
120.253.135.82 - - [09/Jul/2021:11:13:24 +0800] "POST /xingrg/kc/pszx/mdps_list_operate.html HTTP/1.1" 200 619
58.37.225.51 - - [09/Jul/2021:11:13:24 +0800] "GET /xingrg/kc/buy/cgsh_order_list.html HTTP/1.1" 200 46943
120.253.135.82 - - [09/Jul/2021:11:13:24 +0800] "GET /xingrg/kc/pszx/mdps_order_info.html?code=312021070800167 HTTP/1.1" 200 23925
222.69.129.116 - - [09/Jul/2021:11:13:25 +0800] "GET /xingrg/kc/buy/cgsh_order_operate.html?command=get_materiel&rest_code=00149&code=00101007032&supplier_code=00100328&order_time=2021-07-09 HTTP/1.1" 200 432
120.253.135.82 - - [09/Jul/2021:11:13:25 +0800] "GET /xingrg/javascript/easyui/themes/default/validatebox.css HTTP/1.1" 404 1104
120.253.135.82 - - [09/Jul/2021:11:13:25 +0800] "POST /xingrg/kc/pszx/mdps_order_operate.html HTTP/1.1" 200 22300
116.235.222.38 - - [09/Jul/2021:11:13:26 +0800] "GET /xingrg/kc/buy/cgsh_order_operate.html?command=get_materiel&rest_code=00107&code=00101008300&supplier_code=00100006&order_time=2021-07-09 HTTP/1.1" 200 412
58.37.225.51 - - [09/Jul/2021:11:13:26 +0800] "POST /xingrg/kc/buy/cgsh_list_operate.html HTTP/1.1" 200 1696
116.230.117.165 - - [09/Jul/2021:11:13:27 +0800] "GET /xingrg/kc/buy/cgsh_order_operate.html?command=get_materiel&rest_code=00146&code=00101016025&supplier_code=00100033&order_time=2021-07-09 HTTP/1.1" 200 408
58.37.225.51 - - [09/Jul/2021:11:13:28 +0800] "GET /xingrg/kc/buy/cgsh_order_add.html HTTP/1.1" 200 62681
58.37.225.51 - - [09/Jul/2021:11:13:28 +0800] "GET /xingrg/words/20210709102952_words.js HTTP/1.1" 304 -
58.37.225.51 - - [09/Jul/2021:11:13:28 +0800] "POST /xingrg/kc/buy/cgsh_order_operate.html HTTP/1.1" 200 8245
58.37.225.51 - - [09/Jul/2021:11:13:28 +0800] "GET /xingrg/javascript/easyui/themes/default/validatebox.css HTTP/1.1" 404 1104
58.37.225.51 - - [09/Jul/2021:11:13:28 +0800] "GET /xingrg/all/common/auto_word.html?type=employee&rest_code=00141 HTTP/1.1" 200 201
58.37.225.51 - - [09/Jul/2021:11:13:28 +0800] "GET /xingrg/all/common/auto_word.html?type=employee&rest_code=00141 HTTP/1.1" 200 201
58.37.225.51 - - [09/Jul/2021:11:13:29 +0800] "GET /xingrg/kc/buy/buy_main.html HTTP/1.1" 200 12412
58.37.225.51 - - [09/Jul/2021:11:13:29 +0800] "GET /xingrg/css/new_ie.css HTTP/1.1" 404 1036
180.157.255.9 - - [09/Jul/2021:11:13:29 +0800] "GET /xingrg/all/function/internal_message.html?_=1625800421798&CODE_STATE=getMsg HTTP/1.1" 200 27
58.37.225.51 - - [09/Jul/2021:11:13:30 +0800] "GET /xingrg/images/yd/bt.gif HTTP/1.1" 404 1040
180.174.237.246 - - [09/Jul/2021:11:13:30 +0800] "GET /xingrg/kc/buy/cgsh_order_operate.html?command=get_materiel&rest_code=00102&code=00101008005&supplier_code=00100008&order_time=2021-07-09 HTTP/1.1" 200 412
58.37.225.51 - - [09/Jul/2021:11:13:30 +0800] "GET /xingrg/kc/buy/cgsh_order_list.html HTTP/1.1" 200 46943
101.85.107.54 - - [09/Jul/2021:11:13:30 +0800] "GET /xingrg/all/function/internal_message.html?_=1625799834413&CODE_STATE=getMsg HTTP/1.1" 200 27
120.253.135.82 - - [09/Jul/2021:11:13:31 +0800] "POST /xingrg/kc/pszx/mdps_order_operate.html HTTP/1.1" 200 37
180.169.147.146 - - [09/Jul/2021:11:13:33 +0800] "GET /xingrg/all/function/internal_message.html?_=1625800426361&CODE_STATE=getMsg HTTP/1.1" 200 27
120.253.135.82 - - [09/Jul/2021:11:13:33 +0800] "POST /xingrg/kc/pszx/mdps_order_operate.html HTTP/1.1" 200 12
58.37.5.217 - - [09/Jul/2021:11:13:34 +0800] "POST /xingrg/kc/buy/cgsh_order_operate.html HTTP/1.1" 200 37
120.253.135.82 - - [09/Jul/2021:11:13:36 +0800] "GET /xingrg/kc/pszx/mdps_order_info.html?code=312021070800167 HTTP/1.1" 200 19585
120.253.135.82 - - [09/Jul/2021:11:13:37 +0800] "GET /xingrg/javascript/easyui/themes/default/validatebox.css HTTP/1.1" 404 1104
120.253.135.82 - - [09/Jul/2021:11:13:37 +0800] "POST /xingrg/kc/pszx/mdps_order_operate.html HTTP/1.1" 200 20364
221.239.195.6 - - [09/Jul/2021:11:13:38 +0800] "GET /xingrg/all/function/internal_message.html?_=1625800423007&CODE_STATE=getMsg HTTP/1.1" 200 27
180.174.237.246 - - [09/Jul/2021:11:13:38 +0800] "GET /xingrg/kc/buy/cgsh_order_operate.html?command=get_materiel&rest_code=00102&code=00101008271&supplier_code=00100008&order_time=2021-07-09 HTTP/1.1" 200 408
120.253.135.82 - - [09/Jul/2021:11:13:38 +0800] "POST /xingrg/kc/pszx/mdps_list_operate.html HTTP/1.1" 200 1680
180.174.237.246 - - [09/Jul/2021:11:13:39 +0800] "POST /xingrg/kc/buy/cgsh_order_operate.html HTTP/1.1" 200 2065
58.37.5.217 - - [09/Jul/2021:11:13:39 +0800] "POST /xingrg/kc/buy/cgsh_order_operate.html HTTP/1.1" 200 12
120.253.135.82 - - [09/Jul/2021:11:13:40 +0800] "POST /xingrg/kc/pszx/mdps_list_operate.html HTTP/1.1" 200 208
58.37.225.51 - - [09/Jul/2021:11:13:40 +0800] "POST /xingrg/kc/buy/cgsh_list_operate.html HTTP/1.1" 200 1696
58.37.5.217 - - [09/Jul/2021:11:13:40 +0800] "GET /xingrg/kc/buy/cgsh_order_info.html?code=212021070903799 HTTP/1.1" 200 57587
222.69.129.116 - - [09/Jul/2021:11:13:40 +0800] "GET /xingrg/kc/buy/cgsh_order_operate.html?command=get_materiel&rest_code=00149&code=00101007077&supplier_code=00100328&order_time=2021-07-09 HTTP/1.1" 200 415
58.37.5.217 - - [09/Jul/2021:11:13:40 +0800] "GET /xingrg/words/20210709102952_words.js HTTP/1.1" 304 -
58.37.5.217 - - [09/Jul/2021:11:13:41 +0800] "GET /xingrg/javascript/easyui/themes/default/validatebox.css HTTP/1.1" 404 1104
58.37.5.217 - - [09/Jul/2021:11:13:41 +0800] "POST /xingrg/kc/buy/cgsh_order_operate.html HTTP/1.1" 200 10126
58.37.225.51 - - [09/Jul/2021:11:13:44 +0800] "POST /xingrg/kc/buy/cgsh_list_operate.html HTTP/1.1" 200 568
58.37.225.51 - - [09/Jul/2021:11:13:46 +0800] "GET /xingrg/kc/buy/cgsh_order_info.html?code=212021070903798 HTTP/1.1" 200 62694
58.37.225.51 - - [09/Jul/2021:11:13:46 +0800] "GET /xingrg/javascript/easyui/themes/default/validatebox.css HTTP/1.1" 404 1104
116.230.117.165 - - [09/Jul/2021:11:13:47 +0800] "POST /xingrg/kc/buy/cgsh_order_operate.html HTTP/1.1" 200 37
58.37.5.217 - - [09/Jul/2021:11:13:47 +0800] "GET /xingrg/kc/print/load_data.html?order_code=212021070903799&kc_code=cgsh&condition= HTTP/1.1" 200 4328
58.37.225.51 - - [09/Jul/2021:11:13:47 +0800] "POST /xingrg/kc/buy/cgsh_order_operate.html HTTP/1.1" 200 6805
101.85.107.54 - - [09/Jul/2021:11:13:47 +0800] "GET /xingrg/kc/buy/cgsh_order_operate.html?command=get_materiel&rest_code=00142&code=00101028018&supplier_code=00100017&order_time=2021-07-09 HTTP/1.1" 200 444
221.239.195.6 - - [09/Jul/2021:11:13:47 +0800] "GET /xingrg/all/function/internal_message.html?_=1625800400014&CODE_STATE=getMsg HTTP/1.1" 200 27
180.174.237.246 - - [09/Jul/2021:11:13:47 +0800] "GET /xingrg/kc/buy/cgsh_order_operate.html?command=get_materiel&rest_code=00102&code=00101008353&supplier_code=00100008&order_time=2021-07-09 HTTP/1.1" 200 408
101.85.107.54 - - [09/Jul/2021:11:13:49 +0800] "POST /xingrg/all/common/load_select.html HTTP/1.1" 200 25
58.37.5.217 - - [09/Jul/2021:11:13:51 +0800] "GET /xingrg/all/function/internal_message.html?_=1625800431391&CODE_STATE=getMsg HTTP/1.1" 200 27
116.230.114.112 - - [09/Jul/2021:11:13:51 +0800] "GET /xingrg/all/function/internal_message.html?_=1625800450556&CODE_STATE=getMsg HTTP/1.1" 302 -
222.69.129.116 - - [09/Jul/2021:11:13:52 +0800] "POST /xingrg/kc/buy/cgsh_order_operate.html HTTP/1.1" 200 37
116.230.117.165 - - [09/Jul/2021:11:13:52 +0800] "POST /xingrg/kc/buy/cgsh_order_operate.html HTTP/1.1" 200 6196
58.37.5.217 - - [09/Jul/2021:11:13:53 +0800] "GET /xingrg/all/function/internal_message.html?_=1625800437961&CODE_STATE=getMsg HTTP/1.1" 200 27
180.162.112.86 - - [09/Jul/2021:11:13:54 +0800] "GET /xingrg/all/function/internal_message.html?_=1625800090805&CODE_STATE=getMsg HTTP/1.1" 200 27
58.221.95.50 - - [09/Jul/2021:11:13:54 +0800] "GET /xingrg/check_reg.html?_=1625800437504 HTTP/1.1" 302 -
101.85.107.54 - - [09/Jul/2021:11:13:54 +0800] "GET /xingrg/kc/buy/cgsh_order_operate.html?command=get_materiel_price&rest_code=00142&code=00101028018&unit_code=00100157&supplier_code=00100017&order_time=2021-07-09 HTTP/1.1" 200 29
180.174.237.246 - - [09/Jul/2021:11:13:55 +0800] "GET /xingrg/kc/buy/cgsh_order_operate.html?command=get_materiel&rest_code=00102&code=00101008213&supplier_code=00100008&order_time=2021-07-09 HTTP/1.1" 200 412
58.37.5.217 - - [09/Jul/2021:11:13:56 +0800] "GET /xingrg/kc/buy/cgsh_order_add.html HTTP/1.1" 200 62675
58.37.5.217 - - [09/Jul/2021:11:13:56 +0800] "POST /xingrg/kc/buy/cgsh_order_operate.html HTTP/1.1" 200 8245
58.37.5.217 - - [09/Jul/2021:11:13:56 +0800] "GET /xingrg/javascript/easyui/themes/default/validatebox.css HTTP/1.1" 404 1104
58.37.5.217 - - [09/Jul/2021:11:13:58 +0800] "GET /xingrg/javascript/easyui/themes/default/tree.css HTTP/1.1" 404 1090
58.37.5.217 - - [09/Jul/2021:11:13:58 +0800] "POST /xingrg/all/common/load_tree.html?tree=supplier_tree_json&isDelete=1 HTTP/1.1" 200 56276
222.69.129.116 - - [09/Jul/2021:11:13:58 +0800] "POST /xingrg/kc/buy/cgsh_order_operate.html HTTP/1.1" 200 12
116.230.117.165 - - [09/Jul/2021:11:13:58 +0800] "GET /xingrg/kc/print/load_data.html?order_code=212021070903800&kc_code=cgsh&condition= HTTP/1.1" 200 2052
222.69.129.116 - - [09/Jul/2021:11:13:59 +0800] "GET /xingrg/kc/buy/cgsh_order_info.html?code=212021070903801 HTTP/1.1" 200 57640
222.69.129.116 - - [09/Jul/2021:11:14:00 +0800] "GET /xingrg/javascript/easyui/themes/default/validatebox.css HTTP/1.1" 404 1104
180.174.237.246 - - [09/Jul/2021:11:14:00 +0800] "GET /xingrg/all/function/internal_message.html?_=1625800459837&CODE_STATE=getMsg HTTP/1.1" 200 27
58.37.5.217 - - [09/Jul/2021:11:14:00 +0800] "GET /xingrg/all/function/internal_message.html?_=1625800982040&CODE_STATE=getMsg HTTP/1.1" 200 27
222.69.129.116 - - [09/Jul/2021:11:14:01 +0800] "POST /xingrg/kc/buy/cgsh_order_operate.html HTTP/1.1" 200 1203
58.37.225.51 - - [09/Jul/2021:11:14:01 +0800] "GET /xingrg/javascript/auto/indicator.gif HTTP/1.1" 404 1066
116.230.110.80 - - [09/Jul/2021:11:14:01 +0800] "GET /xingrg/all/function/internal_message.html?_=1625800445379&CODE_STATE=getMsg HTTP/1.1" 200 27
180.174.237.246 - - [09/Jul/2021:11:14:01 +0800] "GET /xingrg/kc/buy/cgsh_order_operate.html?command=get_materiel&rest_code=00102&code=00101008091&supplier_code=00100008&order_time=2021-07-09 HTTP/1.1" 200 412
222.69.129.116 - - [09/Jul/2021:11:14:02 +0800] "GET /xingrg/kc/print/load_data.html?order_code=212021070903801&kc_code=cgsh&condition= HTTP/1.1" 200 943
58.37.5.217 - - [09/Jul/2021:11:14:04 +0800] "POST /xingrg/services/DataTransmitService HTTP/1.1" 200 524
58.37.225.51 - - [09/Jul/2021:11:14:05 +0800] "GET /xingrg/kc/buy/cgsh_order_operate.html?command=get_materiel&rest_code=00141&code=00101004049&supplier_code=00100312&order_time=2021-07-09 HTTP/1.1" 200 413
222.69.129.116 - - [09/Jul/2021:11:14:06 +0800] "GET /xingrg/kc/buy/cgsh_order_add.html HTTP/1.1" 200 62728
222.69.129.116 - - [09/Jul/2021:11:14:06 +0800] "POST /xingrg/kc/buy/cgsh_order_operate.html HTTP/1.1" 200 8245
222.69.129.116 - - [09/Jul/2021:11:14:06 +0800] "GET /xingrg/javascript/easyui/themes/default/validatebox.css HTTP/1.1" 404 1104
58.37.5.217 - - [09/Jul/2021:11:14:06 +0800] "POST /xingrg/services/DataTransmitService HTTP/1.1" 200 501
120.253.135.82 - - [09/Jul/2021:11:14:07 +0800] "GET /xingrg/all/function/internal_message.html?_=1625800233327&CODE_STATE=getMsg HTTP/1.1" 200 27
222.69.129.116 - - [09/Jul/2021:11:14:08 +0800] "GET /xingrg/check_reg.html?_=1625800453369 HTTP/1.1" 200 22
116.230.117.165 - - [09/Jul/2021:11:14:10 +0800] "GET /xingrg/kc/buy/cgsh_order_add.html HTTP/1.1" 200 62681
116.230.117.165 - - [09/Jul/2021:11:14:11 +0800] "POST /xingrg/kc/buy/cgsh_order_operate.html HTTP/1.1" 200 8245
116.230.117.165 - - [09/Jul/2021:11:14:11 +0800] "GET /xingrg/javascript/easyui/themes/default/validatebox.css HTTP/1.1" 404 1104
222.69.129.116 - - [09/Jul/2021:11:14:11 +0800] "GET /xingrg/all/function/internal_message.html?_=1625800456698&CODE_STATE=getMsg HTTP/1.1" 200 27
222.70.176.145 - - [09/Jul/2021:11:14:11 +0800] "GET /xingrg/all/function/internal_message.html?_=1625800451966&CODE_STATE=getMsg HTTP/1.1" 200 27
116.230.114.112 - - [09/Jul/2021:11:14:12 +0800] "GET /xingrg/check_reg.html?_=1625800470733 HTTP/1.1" 302 -
120.253.135.82 - - [09/Jul/2021:11:14:12 +0800] "GET /xingrg/all/function/internal_message.html?_=1625800494558&CODE_STATE=getMsg HTTP/1.1" 200 27
180.156.216.127 - - [09/Jul/2021:11:14:12 +0800] "GET /xingrg/kc/buy/cgsh_order_operate.html?command=get_materiel&rest_code=00150&code=00101004063&supplier_code=00100085&order_time=2021-07-09 HTTP/1.1" 200 416
116.235.222.38 - - [09/Jul/2021:11:14:13 +0800] "POST /xingrg/services/DataTransmitService HTTP/1.1" 200 524
116.235.222.38 - - [09/Jul/2021:11:14:13 +0800] "GET /xingrg/check_reg.html?_=1625800448527 HTTP/1.1" 200 22
116.235.222.38 - - [09/Jul/2021:11:14:13 +0800] "POST /xingrg/services/DataTransmitService HTTP/1.1" 200 2235
180.169.147.146 - - [09/Jul/2021:11:14:13 +0800] "GET /xingrg/all/function/internal_message.html?_=1625800457226&CODE_STATE=getMsg HTTP/1.1" 200 27
222.69.129.116 - - [09/Jul/2021:11:14:14 +0800] "GET /xingrg/kc/buy/cgsh_order_operate.html?command=get_materiel&rest_code=00149&code=00101019150&supplier_code=00100337&order_time=2021-07-09 HTTP/1.1" 200 434
