180.152.122.18 - - [09/Jul/2021:09:04:57 +0800] "GET /xingrg/kc/base/yddb_order_info.html?code=482021070900058 HTTP/1.1" 200 31023
180.152.122.18 - - [09/Jul/2021:09:04:57 +0800] "GET /xingrg/dwr/interface/AjaxYddbService.js HTTP/1.1" 200 13201
180.152.122.18 - - [09/Jul/2021:09:04:57 +0800] "GET /xingrg/dwr/interface/AjaxComOrderService.js HTTP/1.1" 200 18264
180.152.122.18 - - [09/Jul/2021:09:04:57 +0800] "GET /xingrg/dwr/engine.js HTTP/1.1" 200 43631
180.152.122.18 - - [09/Jul/2021:09:04:57 +0800] "POST /xingrg/dwr/call/plaincall/AjaxYddbService.loadMaterielItems.dwr HTTP/1.1" 200 450
222.69.129.116 - - [09/Jul/2021:09:04:58 +0800] "GET /xingrg/kc/buy/cgsh_order_operate.html?command=get_materiel&rest_code=00149&code=00101008298&supplier_code=00100005&order_time=2021-07-09 HTTP/1.1" 200 412
116.230.117.165 - - [09/Jul/2021:09:05:01 +0800] "GET /xingrg/kc/buy/cgsh_order_operate.html?command=get_materiel&rest_code=00146&code=00101008270&supplier_code=00100005&order_time=2021-07-09 HTTP/1.1" 200 412
180.152.122.18 - - [09/Jul/2021:09:05:01 +0800] "POST /xingrg/dwr/call/plaincall/AjaxYddbService.saveOrder.dwr HTTP/1.1" 200 78
222.70.176.145 - - [09/Jul/2021:09:05:02 +0800] "GET /xingrg/all/function/internal_message.html?_=1625792702705&CODE_STATE=getMsg HTTP/1.1" 200 27
180.152.122.18 - - [09/Jul/2021:09:05:04 +0800] "POST /xingrg/dwr/call/plaincall/AjaxYddbService.objCheckOrder.dwr HTTP/1.1" 200 78
180.152.122.18 - - [09/Jul/2021:09:05:04 +0800] "GET /xingrg/kc/base/yddb_order_info.html?code=482021070900058 HTTP/1.1" 200 31144
180.152.122.18 - - [09/Jul/2021:09:05:04 +0800] "GET /xingrg/dwr/interface/AjaxYddbService.js HTTP/1.1" 200 13201
180.152.122.18 - - [09/Jul/2021:09:05:04 +0800] "GET /xingrg/dwr/interface/AjaxComOrderService.js HTTP/1.1" 200 18264
180.152.122.18 - - [09/Jul/2021:09:05:04 +0800] "GET /xingrg/dwr/engine.js HTTP/1.1" 200 43631
180.152.122.18 - - [09/Jul/2021:09:05:05 +0800] "POST /xingrg/dwr/call/plaincall/AjaxYddbService.loadMaterielItems.dwr HTTP/1.1" 200 450
180.152.122.18 - - [09/Jul/2021:09:05:06 +0800] "GET /xingrg/kc/base/yddb_order_list.html?isBack=1 HTTP/1.1" 200 16755
180.152.122.18 - - [09/Jul/2021:09:05:06 +0800] "POST /xingrg/kc/base/yddb_list_operate.html HTTP/1.1" 200 636
180.169.147.146 - - [09/Jul/2021:09:05:07 +0800] "GET /xingrg/check_reg.html?_=1625792713848 HTTP/1.1" 302 -
222.69.129.116 - - [09/Jul/2021:09:05:08 +0800] "GET /xingrg/all/function/internal_message.html?_=1625792712959&CODE_STATE=getMsg HTTP/1.1" 200 27
116.230.117.165 - - [09/Jul/2021:09:05:10 +0800] "GET /xingrg/kc/buy/cgsh_order_operate.html?command=get_materiel&rest_code=00146&code=00101008169&supplier_code=00100005&order_time=2021-07-09 HTTP/1.1" 200 412
180.152.122.18 - - [09/Jul/2021:09:05:11 +0800] "POST /xingrg/all/user/operate.html HTTP/1.1" 200 36
180.152.122.18 - - [09/Jul/2021:09:05:11 +0800] "GET /xingrg/index.html?sysBaseUrl=http%3A%2F%2F180.169.147.146%3A18081%2Fxingrg%2F&costTime=40×tamp=1625792685832 HTTP/1.1" 200 17179
180.152.122.18 - - [09/Jul/2021:09:05:11 +0800] "GET /xingrg/javascript/jquery_easy_ui/themes/default/easyui.css HTTP/1.1" 304 -
180.152.122.18 - - [09/Jul/2021:09:05:11 +0800] "GET /xingrg/javascript/jquery_easy_ui/themes/icon.css HTTP/1.1" 304 -
180.152.122.18 - - [09/Jul/2021:09:05:11 +0800] "GET /xingrg/css/form.css HTTP/1.1" 304 -
180.152.122.18 - - [09/Jul/2021:09:05:11 +0800] "GET /xingrg/javascript/jquery-1.4.2.min.js HTTP/1.1" 304 -
180.152.122.18 - - [09/Jul/2021:09:05:11 +0800] "GET /xingrg/javascript/jquery_easy_ui/jquery.easyui.min.js HTTP/1.1" 304 -
180.152.122.18 - - [09/Jul/2021:09:05:11 +0800] "GET /xingrg/javascript/jquery_easy_ui/easyui-lang-zh_CN.js HTTP/1.1" 304 -
180.152.122.18 - - [09/Jul/2021:09:05:11 +0800] "GET /xingrg/javascript/jquery.form.js HTTP/1.1" 304 -
180.152.122.18 - - [09/Jul/2021:09:05:11 +0800] "GET /xingrg/javascript/jquery.utils.js HTTP/1.1" 304 -
180.152.122.18 - - [09/Jul/2021:09:05:11 +0800] "GET /xingrg/javascript/jquery.timers.js HTTP/1.1" 304 -
180.152.122.18 - - [09/Jul/2021:09:05:11 +0800] "GET /xingrg/images/blue/jxLogo.png HTTP/1.1" 304 -
180.152.122.18 - - [09/Jul/2021:09:05:11 +0800] "GET /xingrg/images/blue/navBackgound.jpg HTTP/1.1" 304 -
180.152.122.18 - - [09/Jul/2021:09:05:11 +0800] "GET /xingrg/javascript/jquery_easy_ui/themes/icons/settle_new.png HTTP/1.1" 304 -
180.152.122.18 - - [09/Jul/2021:09:05:11 +0800] "POST /xingrg/all/common/load_tree.html?tree=area_rest_tree_json&manage=1 HTTP/1.1" 200 476
180.152.122.18 - - [09/Jul/2021:09:05:11 +0800] "GET /xingrg/all/function/internal_message.html?_=1625792710800&CODE_STATE=count HTTP/1.1" 200 11
180.152.122.18 - - [09/Jul/2021:09:05:11 +0800] "GET /xingrg/check_reg.html?_=1625792710801 HTTP/1.1" 200 22
180.152.122.18 - - [09/Jul/2021:09:05:11 +0800] "GET /xingrg/javascript/jquery_easy_ui/themes/default/images/tabs_rightarrow.png HTTP/1.1" 304 -
180.152.122.18 - - [09/Jul/2021:09:05:11 +0800] "GET /xingrg/javascript/jquery_easy_ui/themes/default/images/panel_tool_collapse.gif HTTP/1.1" 304 -
180.152.122.18 - - [09/Jul/2021:09:05:11 +0800] "GET /xingrg/javascript/jquery_easy_ui/themes/default/images/tabs_leftarrow.png HTTP/1.1" 304 -
180.152.122.18 - - [09/Jul/2021:09:05:11 +0800] "GET /xingrg/images/blue/pingpu.png HTTP/1.1" 304 -
180.152.122.18 - - [09/Jul/2021:09:05:11 +0800] "POST /xingrg/load_menu.html HTTP/1.1" 200 5138
222.69.129.116 - - [09/Jul/2021:09:05:13 +0800] "GET /xingrg/kc/buy/cgsh_order_operate.html?command=get_materiel&rest_code=00149&code=00101013179&supplier_code=00100005&order_time=2021-07-09 HTTP/1.1" 200 412
180.169.147.146 - - [09/Jul/2021:09:05:13 +0800] "GET /xingrg/index.html?sysBaseUrl=http%3A%2F%2F180.169.147.146%3A18081%2Fxingrg%2F&costTime=40×tamp=1610415445867 HTTP/1.1" 302 -
180.169.147.146 - - [09/Jul/2021:09:05:13 +0800] "GET /xingrg/login.html HTTP/1.1" 200 7641
180.169.147.146 - - [09/Jul/2021:09:05:14 +0800] "GET /favicon.ico HTTP/1.1" 404 -
180.152.122.18 - - [09/Jul/2021:09:05:14 +0800] "GET /xingrg/kc/base/yddb_order_list.html HTTP/1.1" 200 16757
180.152.122.18 - - [09/Jul/2021:09:05:15 +0800] "POST /xingrg/kc/base/yddb_list_operate.html HTTP/1.1" 200 636
180.174.237.246 - - [09/Jul/2021:09:05:15 +0800] "GET /xingrg/all/function/internal_message.html?_=1625792734807&CODE_STATE=getMsg HTTP/1.1" 200 27
180.169.147.146 - - [09/Jul/2021:09:05:16 +0800] "POST /xingrg/login.do HTTP/1.1" 302 -
180.169.147.146 - - [09/Jul/2021:09:05:16 +0800] "GET /xingrg/index.html?sysBaseUrl=http%3A%2F%2F180.169.147.146%3A18081%2Fxingrg%2F&costTime=43×tamp=1625792716070 HTTP/1.1" 200 17503
180.169.147.146 - - [09/Jul/2021:09:05:16 +0800] "GET /favicon.ico HTTP/1.1" 404 -
180.169.147.146 - - [09/Jul/2021:09:05:16 +0800] "POST /xingrg/all/common/load_tree.html?tree=area_rest_tree_json&manage=1 HTTP/1.1" 200 3466
180.169.147.146 - - [09/Jul/2021:09:05:16 +0800] "GET /xingrg/all/function/internal_message.html?_=1625792729736&CODE_STATE=count HTTP/1.1" 200 11
180.169.147.146 - - [09/Jul/2021:09:05:16 +0800] "GET /xingrg/check_reg.html?_=1625792729739 HTTP/1.1" 200 22
180.169.147.146 - - [09/Jul/2021:09:05:17 +0800] "POST /xingrg/load_menu.html HTTP/1.1" 200 11443
180.152.122.18 - - [09/Jul/2021:09:05:18 +0800] "POST /xingrg/kc/base/yddb_list_operate.html HTTP/1.1" 200 636
116.230.117.165 - - [09/Jul/2021:09:05:18 +0800] "GET /xingrg/kc/buy/cgsh_order_operate.html?command=get_materiel&rest_code=00146&code=00101008213&supplier_code=00100005&order_time=2021-07-09 HTTP/1.1" 200 412
180.169.147.146 - - [09/Jul/2021:09:05:19 +0800] "GET /xingrg/kc/report/report_main.html HTTP/1.1" 200 9370
180.152.122.18 - - [09/Jul/2021:09:05:22 +0800] "POST /xingrg/kc/base/yddb_list_operate.html HTTP/1.1" 200 636
180.169.147.146 - - [09/Jul/2021:09:05:22 +0800] "GET /xingrg/all/report/report_query.html?fileName=kc/buy/gys_amount_base_rest.xml HTTP/1.1" 200 51664
180.169.147.146 - - [09/Jul/2021:09:05:23 +0800] "GET /xingrg/dwr/interface/AjaxReportQueryService.js HTTP/1.1" 200 13203
180.169.147.146 - - [09/Jul/2021:09:05:23 +0800] "GET /xingrg/dwr/engine.js HTTP/1.1" 200 43631
180.169.147.146 - - [09/Jul/2021:09:05:23 +0800] "GET /xingrg/dwr/util.js HTTP/1.1" 304 -
180.169.147.146 - - [09/Jul/2021:09:05:25 +0800] "POST /xingrg/all/common/load_tree.html?tree=area_rest_tree_json&manage=1 HTTP/1.1" 200 3466
180.169.147.146 - - [09/Jul/2021:09:05:25 +0800] "POST /xingrg/dwr/call/plaincall/AjaxReportQueryService.getFixDate.dwr HTTP/1.1" 200 111
180.152.122.18 - - [09/Jul/2021:09:05:25 +0800] "POST /xingrg/kc/base/yddb_list_operate.html HTTP/1.1" 200 636
180.169.147.146 - - [09/Jul/2021:09:05:25 +0800] "POST /xingrg/all/common/load_tree.html?tree=supplier_tree_json&manage=1 HTTP/1.1" 200 57246
180.169.147.146 - - [09/Jul/2021:09:05:28 +0800] "POST /xingrg/dwr/call/plaincall/AjaxReportQueryService.getFixDate.dwr HTTP/1.1" 200 111
116.230.117.165 - - [09/Jul/2021:09:05:29 +0800] "GET /xingrg/kc/buy/cgsh_order_operate.html?command=get_materiel&rest_code=00146&code=00101008201&supplier_code=00100005&order_time=2021-07-09 HTTP/1.1" 200 412
180.152.122.18 - - [09/Jul/2021:09:05:32 +0800] "GET /xingrg/kc/buy/cgsh_order_list.html HTTP/1.1" 200 46943
180.152.122.18 - - [09/Jul/2021:09:05:33 +0800] "POST /xingrg/kc/buy/cgsh_list_operate.html HTTP/1.1" 200 876
222.69.129.116 - - [09/Jul/2021:09:05:34 +0800] "GET /xingrg/kc/buy/cgsh_order_operate.html?command=get_materiel&rest_code=00149&code=00101008330&supplier_code=00100005&order_time=2021-07-09 HTTP/1.1" 200 408
180.152.122.18 - - [09/Jul/2021:09:05:38 +0800] "GET /xingrg/kc/buy/cgsh_order_add.html HTTP/1.1" 200 62599
180.152.122.18 - - [09/Jul/2021:09:05:38 +0800] "POST /xingrg/kc/buy/cgsh_order_operate.html HTTP/1.1" 200 8245
180.152.122.18 - - [09/Jul/2021:09:05:38 +0800] "GET /xingrg/all/common/auto_word.html?type=employee&rest_code=00150 HTTP/1.1" 200 205
180.152.122.18 - - [09/Jul/2021:09:05:38 +0800] "GET /xingrg/javascript/easyui/themes/default/validatebox.css HTTP/1.1" 404 1104
180.152.122.18 - - [09/Jul/2021:09:05:38 +0800] "GET /xingrg/all/common/auto_word.html?type=employee&rest_code=00150 HTTP/1.1" 200 205
180.152.122.18 - - [09/Jul/2021:09:05:39 +0800] "GET /xingrg/javascript/auto/indicator.gif HTTP/1.1" 404 1066
116.230.117.165 - - [09/Jul/2021:09:05:40 +0800] "GET /xingrg/kc/buy/cgsh_order_operate.html?command=get_materiel&rest_code=00146&code=00101008132&supplier_code=00100005&order_time=2021-07-09 HTTP/1.1" 200 408
221.239.195.6 - - [09/Jul/2021:09:05:40 +0800] "GET /xingrg/all/function/internal_message.html?_=1625792745234&CODE_STATE=getMsg HTTP/1.1" 200 27
116.230.117.165 - - [09/Jul/2021:09:05:41 +0800] "GET /xingrg/all/function/internal_message.html?_=1625792760830&CODE_STATE=getMsg HTTP/1.1" 200 27
58.40.7.146 - - [09/Jul/2021:09:05:41 +0800] "GET /xingrg/all/function/internal_message.html?_=1625792745368&CODE_STATE=getMsg HTTP/1.1" 200 27
180.169.147.146 - - [09/Jul/2021:09:05:41 +0800] "POST /xingrg/dwr/call/plaincall/AjaxReportQueryService.refreshCache.dwr HTTP/1.1" 200 78
180.169.147.146 - - [09/Jul/2021:09:05:44 +0800] "POST /xingrg/all/report/load_report_page.html HTTP/1.1" 200 49719
180.169.147.146 - - [09/Jul/2021:09:05:44 +0800] "GET /xingrg/servlets/image?cache=0.4078243149778926&image=px HTTP/1.1" 200 807
180.152.122.18 - - [09/Jul/2021:09:05:47 +0800] "GET /xingrg/javascript/jquery_tools/datebox.css HTTP/1.1" 304 -
180.152.122.18 - - [09/Jul/2021:09:05:47 +0800] "GET /xingrg/javascript/easyui/themes/default/easyui.css HTTP/1.1" 304 -
180.152.122.18 - - [09/Jul/2021:09:05:47 +0800] "GET /xingrg/css/base.css HTTP/1.1" 304 -
180.152.122.18 - - [09/Jul/2021:09:05:47 +0800] "GET /xingrg/javascript/easyui/themes/icon.css HTTP/1.1" 304 -
180.152.122.18 - - [09/Jul/2021:09:05:47 +0800] "GET /xingrg/css/site.css HTTP/1.1" 304 -
180.152.122.18 - - [09/Jul/2021:09:05:47 +0800] "GET /xingrg/javascript/auto/jquery.autocomplete.css HTTP/1.1" 304 -
180.152.122.18 - - [09/Jul/2021:09:05:47 +0800] "GET /xingrg/javascript/jquery_tools/fix.css HTTP/1.1" 304 -
180.152.122.18 - - [09/Jul/2021:09:05:47 +0800] "GET /xingrg/javascript/jquery_tools/table.css HTTP/1.1" 304 -
180.152.122.18 - - [09/Jul/2021:09:05:47 +0800] "GET /xingrg/javascript/jquery_tools/jquery.tools.min.js HTTP/1.1" 304 -
180.152.122.18 - - [09/Jul/2021:09:05:47 +0800] "GET /xingrg/kc/buy/cgsh_order_list.html HTTP/1.1" 200 46941
180.152.122.18 - - [09/Jul/2021:09:05:47 +0800] "GET /xingrg/javascript/jquery_tools/jquery.tools.table.js HTTP/1.1" 304 -
180.152.122.18 - - [09/Jul/2021:09:05:47 +0800] "GET /xingrg/javascript/jquery_tools/jquery.tools.extend.js HTTP/1.1" 304 -
180.152.122.18 - - [09/Jul/2021:09:05:47 +0800] "GET /xingrg/javascript/jquery_tools/jquery.tools.hotkey.js HTTP/1.1" 304 -
180.152.122.18 - - [09/Jul/2021:09:05:47 +0800] "GET /xingrg/javascript/jquery_tools/list_manager.js HTTP/1.1" 304 -
180.152.122.18 - - [09/Jul/2021:09:05:47 +0800] "GET /xingrg/javascript/jquery.cookie.js HTTP/1.1" 304 -
180.152.122.18 - - [09/Jul/2021:09:05:47 +0800] "GET /xingrg/javascript/auto/jquery.autocomplete.js HTTP/1.1" 304 -
180.152.122.18 - - [09/Jul/2021:09:05:47 +0800] "GET /xingrg/javascript/easyui/easyloader.js HTTP/1.1" 304 -
180.152.122.18 - - [09/Jul/2021:09:05:47 +0800] "GET /xingrg/javascript/jquery.utils.js HTTP/1.1" 304 -
180.152.122.18 - - [09/Jul/2021:09:05:47 +0800] "GET /xingrg/javascript/print/LodopFuncs.js HTTP/1.1" 304 -
180.152.122.18 - - [09/Jul/2021:09:05:47 +0800] "GET /xingrg/javascript/easyui/plugins/jquery.parser.js HTTP/1.1" 304 -
180.169.147.146 - - [09/Jul/2021:09:05:48 +0800] "GET /xingrg/index.html?sysBaseUrl=http%3A%2F%2F180.169.147.146%3A18081%2Fxingrg%2F&costTime=39×tamp=1592034574635 HTTP/1.1" 302 -
180.169.147.146 - - [09/Jul/2021:09:05:48 +0800] "GET /xingrg/login.html HTTP/1.1" 200 7641
180.169.147.146 - - [09/Jul/2021:09:05:48 +0800] "GET /xingrg/images/blue/jxLogo.png HTTP/1.1" 200 6156
180.169.147.146 - - [09/Jul/2021:09:05:48 +0800] "GET /xingrg/images/blue/login_bg.png HTTP/1.1" 200 22101
180.169.147.146 - - [09/Jul/2021:09:05:48 +0800] "GET /xingrg/images/blue/hj.png HTTP/1.1" 200 1014
180.169.147.146 - - [09/Jul/2021:09:05:48 +0800] "GET /xingrg/images/blue/srbg.png HTTP/1.1" 200 138
180.169.147.146 - - [09/Jul/2021:09:05:48 +0800] "GET /favicon.ico HTTP/1.1" 404 -
222.69.129.116 - - [09/Jul/2021:09:05:49 +0800] "POST /xingrg/kc/buy/cgsh_order_operate.html HTTP/1.1" 200 37
116.230.114.112 - - [09/Jul/2021:09:05:49 +0800] "GET /xingrg/all/function/internal_message.html?_=1625792768037&CODE_STATE=getMsg HTTP/1.1" 302 -
180.152.122.18 - - [09/Jul/2021:09:05:49 +0800] "POST /xingrg/kc/buy/cgsh_list_operate.html HTTP/1.1" 200 876
180.169.147.146 - - [09/Jul/2021:09:05:49 +0800] "POST /xingrg/login.do HTTP/1.1" 302 -
180.169.147.146 - - [09/Jul/2021:09:05:49 +0800] "GET /xingrg/index.html?sysBaseUrl=http%3A%2F%2F180.169.147.146%3A18081%2Fxingrg%2F&costTime=44×tamp=1625792749978 HTTP/1.1" 200 17503
180.169.147.146 - - [09/Jul/2021:09:05:50 +0800] "GET /xingrg/javascript/jquery_easy_ui/themes/default/easyui.css HTTP/1.1" 200 26500
180.169.147.146 - - [09/Jul/2021:09:05:50 +0800] "GET /xingrg/javascript/jquery_easy_ui/themes/icon.css HTTP/1.1" 200 3949
180.169.147.146 - - [09/Jul/2021:09:05:50 +0800] "GET /xingrg/css/form.css HTTP/1.1" 200 893
180.169.147.146 - - [09/Jul/2021:09:05:50 +0800] "GET /xingrg/javascript/jquery-1.4.2.min.js HTTP/1.1" 200 72205
180.169.147.146 - - [09/Jul/2021:09:05:50 +0800] "GET /xingrg/javascript/jquery_easy_ui/jquery.easyui.min.js HTTP/1.1" 200 213662
180.169.147.146 - - [09/Jul/2021:09:05:50 +0800] "GET /xingrg/javascript/jquery_easy_ui/easyui-lang-zh_CN.js HTTP/1.1" 200 1900
180.169.147.146 - - [09/Jul/2021:09:05:50 +0800] "GET /xingrg/javascript/jquery.form.js HTTP/1.1" 200 23110
180.169.147.146 - - [09/Jul/2021:09:05:50 +0800] "GET /xingrg/javascript/jquery.utils.js HTTP/1.1" 200 11805
180.169.147.146 - - [09/Jul/2021:09:05:50 +0800] "GET /xingrg/javascript/jquery.timers.js HTTP/1.1" 200 3532
180.169.147.146 - - [09/Jul/2021:09:05:50 +0800] "GET /favicon.ico HTTP/1.1" 404 -
180.169.147.146 - - [09/Jul/2021:09:05:50 +0800] "GET /xingrg/javascript/jquery_easy_ui/themes/icons/settle_new.png HTTP/1.1" 200 826
180.169.147.146 - - [09/Jul/2021:09:05:50 +0800] "GET /xingrg/images/blue/navBackgound.jpg HTTP/1.1" 200 12378
180.169.147.146 - - [09/Jul/2021:09:05:50 +0800] "POST /xingrg/all/common/load_tree.html?tree=area_rest_tree_json&manage=1 HTTP/1.1" 200 3466
180.169.147.146 - - [09/Jul/2021:09:05:50 +0800] "GET /xingrg/all/function/internal_message.html?_=1625792753819&CODE_STATE=count HTTP/1.1" 200 11
180.169.147.146 - - [09/Jul/2021:09:05:50 +0800] "GET /xingrg/check_reg.html?_=1625792753819 HTTP/1.1" 200 22
180.169.147.146 - - [09/Jul/2021:09:05:50 +0800] "GET /xingrg/images/blue/pingpu.png HTTP/1.1" 200 231
180.169.147.146 - - [09/Jul/2021:09:05:50 +0800] "GET /xingrg/javascript/jquery_easy_ui/themes/default/images/tabs_leftarrow.png HTTP/1.1" 200 389
180.169.147.146 - - [09/Jul/2021:09:05:50 +0800] "GET /xingrg/javascript/jquery_easy_ui/themes/default/images/tabs_rightarrow.png HTTP/1.1" 200 395
180.169.147.146 - - [09/Jul/2021:09:05:50 +0800] "GET /xingrg/javascript/jquery_easy_ui/themes/default/images/panel_tool_expand.gif HTTP/1.1" 200 247
180.169.147.146 - - [09/Jul/2021:09:05:50 +0800] "GET /xingrg/javascript/jquery_easy_ui/themes/default/images/panel_tool_collapse.gif HTTP/1.1" 200 246
180.169.147.146 - - [09/Jul/2021:09:05:50 +0800] "POST /xingrg/load_menu.html HTTP/1.1" 200 11564
180.152.122.18 - - [09/Jul/2021:09:05:50 +0800] "GET /xingrg/kc/buy/cgsh_order_operate.html?command=get_materiel&rest_code=00150&code=00101008323&supplier_code=00100007&order_time=2021-07-09 HTTP/1.1" 200 408
180.169.147.146 - - [09/Jul/2021:09:05:50 +0800] "GET /xingrg/javascript/jquery_easy_ui/themes/default/images/tree_arrows.gif HTTP/1.1" 200 1043
180.169.147.146 - - [09/Jul/2021:09:05:50 +0800] "GET /xingrg/javascript/jquery_easy_ui/themes/default/images/tree_folder_open.gif HTTP/1.1" 200 956
180.169.147.146 - - [09/Jul/2021:09:05:50 +0800] "GET /xingrg/javascript/jquery_easy_ui/themes/icons/search_new.png HTTP/1.1" 200 586
180.169.147.146 - - [09/Jul/2021:09:05:50 +0800] "GET /xingrg/javascript/jquery_easy_ui/themes/icons/storage_new.png HTTP/1.1" 200 853
180.169.147.146 - - [09/Jul/2021:09:05:50 +0800] "GET /xingrg/javascript/jquery_easy_ui/themes/icons/delivery_new.png HTTP/1.1" 200 700
180.169.147.146 - - [09/Jul/2021:09:05:50 +0800] "GET /xingrg/javascript/jquery_easy_ui/themes/icons/setting_new.png HTTP/1.1" 200 450
180.169.147.146 - - [09/Jul/2021:09:05:50 +0800] "GET /xingrg/javascript/jquery_easy_ui/themes/icons/systemset_new.png HTTP/1.1" 200 606
180.169.147.146 - - [09/Jul/2021:09:05:50 +0800] "GET /xingrg/javascript/jquery_easy_ui/themes/default/images/tree_file.gif HTTP/1.1" 200 118
180.169.147.146 - - [09/Jul/2021:09:05:50 +0800] "GET /xingrg/javascript/jquery_easy_ui/themes/default/images/tree_folder.gif HTTP/1.1" 200 952
180.169.147.146 - - [09/Jul/2021:09:05:50 +0800] "GET /xingrg/javascript/jquery_easy_ui/themes/icons/forms_new.png HTTP/1.1" 200 350
180.169.147.146 - - [09/Jul/2021:09:05:50 +0800] "GET /xingrg/javascript/jquery_easy_ui/themes/icons/checkout_new.png HTTP/1.1" 200 744
180.169.147.146 - - [09/Jul/2021:09:05:51 +0800] "GET /xingrg/javascript/jquery_easy_ui/themes/icons/manage.png HTTP/1.1" 200 696
180.169.147.146 - - [09/Jul/2021:09:05:51 +0800] "GET /xingrg/javascript/jquery_easy_ui/themes/icons/area.png HTTP/1.1" 200 262
180.169.147.146 - - [09/Jul/2021:09:05:51 +0800] "GET /xingrg/javascript/jquery_easy_ui/themes/icons/rest.png HTTP/1.1" 200 695
180.169.147.146 - - [09/Jul/2021:09:05:51 +0800] "GET /xingrg/javascript/jquery_easy_ui/themes/default/images/button_a_bg.gif HTTP/1.1" 200 1194
180.169.147.146 - - [09/Jul/2021:09:05:51 +0800] "GET /xingrg/javascript/jquery_easy_ui/themes/default/images/button_span_bg.gif HTTP/1.1" 200 2061
180.169.147.146 - - [09/Jul/2021:09:05:51 +0800] "GET /xingrg/javascript/jquery_easy_ui/themes/icons/ok.png HTTP/1.1" 200 883
180.169.147.146 - - [09/Jul/2021:09:05:51 +0800] "GET /xingrg/javascript/jquery_easy_ui/themes/default/images/panel_title.png HTTP/1.1" 200 266
180.169.147.146 - - [09/Jul/2021:09:05:51 +0800] "GET /xingrg/javascript/jquery_easy_ui/themes/default/images/panel_tools.gif HTTP/1.1" 200 737
116.230.110.80 - - [09/Jul/2021:09:05:52 +0800] "GET /xingrg/all/function/internal_message.html?_=1625792754172&CODE_STATE=getMsg HTTP/1.1" 200 27
180.169.147.146 - - [09/Jul/2021:09:05:53 +0800] "GET /xingrg/images/control/ajaxLoader.gif HTTP/1.1" 200 4659
180.169.147.146 - - [09/Jul/2021:09:05:53 +0800] "POST /xingrg/all/user/operate.html HTTP/1.1" 200 36
180.169.147.146 - - [09/Jul/2021:09:05:53 +0800] "GET /xingrg/index.html?sysBaseUrl=http%3A%2F%2F180.169.147.146%3A18081%2Fxingrg%2F&costTime=44×tamp=1625792749978 HTTP/1.1" 200 17503
180.169.147.146 - - [09/Jul/2021:09:05:53 +0800] "GET /xingrg/javascript/jquery_easy_ui/themes/default/easyui.css HTTP/1.1" 304 -
180.169.147.146 - - [09/Jul/2021:09:05:54 +0800] "GET /xingrg/javascript/jquery_easy_ui/themes/icon.css HTTP/1.1" 304 -
180.169.147.146 - - [09/Jul/2021:09:05:54 +0800] "GET /xingrg/css/form.css HTTP/1.1" 304 -
180.169.147.146 - - [09/Jul/2021:09:05:54 +0800] "GET /xingrg/javascript/jquery-1.4.2.min.js HTTP/1.1" 304 -
180.169.147.146 - - [09/Jul/2021:09:05:54 +0800] "GET /xingrg/javascript/jquery_easy_ui/jquery.easyui.min.js HTTP/1.1" 304 -
180.169.147.146 - - [09/Jul/2021:09:05:54 +0800] "GET /xingrg/javascript/jquery_easy_ui/easyui-lang-zh_CN.js HTTP/1.1" 304 -
180.169.147.146 - - [09/Jul/2021:09:05:54 +0800] "GET /xingrg/javascript/jquery.form.js HTTP/1.1" 304 -
180.169.147.146 - - [09/Jul/2021:09:05:54 +0800] "GET /xingrg/javascript/jquery.utils.js HTTP/1.1" 304 -
180.169.147.146 - - [09/Jul/2021:09:05:54 +0800] "GET /xingrg/javascript/jquery.timers.js HTTP/1.1" 304 -
180.169.147.146 - - [09/Jul/2021:09:05:54 +0800] "GET /xingrg/images/blue/jxLogo.png HTTP/1.1" 304 -
180.169.147.146 - - [09/Jul/2021:09:05:54 +0800] "GET /xingrg/images/blue/navBackgound.jpg HTTP/1.1" 304 -
180.169.147.146 - - [09/Jul/2021:09:05:54 +0800] "GET /xingrg/javascript/jquery_easy_ui/themes/icons/settle_new.png HTTP/1.1" 304 -
180.169.147.146 - - [09/Jul/2021:09:05:54 +0800] "POST /xingrg/all/common/load_tree.html?tree=area_rest_tree_json&manage=1 HTTP/1.1" 200 3466
180.169.147.146 - - [09/Jul/2021:09:05:54 +0800] "GET /xingrg/all/function/internal_message.html?_=1625792757772&CODE_STATE=count HTTP/1.1" 200 11
180.169.147.146 - - [09/Jul/2021:09:05:54 +0800] "GET /xingrg/check_reg.html?_=1625792757772 HTTP/1.1" 200 22
180.169.147.146 - - [09/Jul/2021:09:05:54 +0800] "GET /xingrg/javascript/jquery_easy_ui/themes/default/images/tabs_leftarrow.png HTTP/1.1" 304 -
180.169.147.146 - - [09/Jul/2021:09:05:54 +0800] "GET /xingrg/javascript/jquery_easy_ui/themes/default/images/panel_tool_expand.gif HTTP/1.1" 304 -
180.169.147.146 - - [09/Jul/2021:09:05:54 +0800] "GET /xingrg/javascript/jquery_easy_ui/themes/default/images/panel_tool_collapse.gif HTTP/1.1" 304 -
180.169.147.146 - - [09/Jul/2021:09:05:54 +0800] "GET /xingrg/javascript/jquery_easy_ui/themes/default/images/tabs_rightarrow.png HTTP/1.1" 304 -
180.169.147.146 - - [09/Jul/2021:09:05:54 +0800] "GET /xingrg/images/blue/pingpu.png HTTP/1.1" 304 -
180.169.147.146 - - [09/Jul/2021:09:05:54 +0800] "POST /xingrg/load_menu.html HTTP/1.1" 200 9959
180.169.147.146 - - [09/Jul/2021:09:05:55 +0800] "POST /xingrg/all/report/report_print.html HTTP/1.1" 200 7168
180.169.147.146 - - [09/Jul/2021:09:05:57 +0800] "GET /xingrg/javascript/jquery_easy_ui/themes/default/images/tabs_close.gif HTTP/1.1" 200 829
180.169.147.146 - - [09/Jul/2021:09:05:57 +0800] "GET /xingrg/kc/buy/cgsh_order_list.html HTTP/1.1" 200 47192
180.169.147.146 - - [09/Jul/2021:09:05:57 +0800] "GET /xingrg/css/site.css HTTP/1.1" 200 7541
180.169.147.146 - - [09/Jul/2021:09:05:57 +0800] "GET /xingrg/css/base.css HTTP/1.1" 200 2811
180.169.147.146 - - [09/Jul/2021:09:05:57 +0800] "GET /xingrg/javascript/easyui/themes/icon.css HTTP/1.1" 200 4483
180.169.147.146 - - [09/Jul/2021:09:05:57 +0800] "GET /xingrg/javascript/jquery_tools/datebox.css HTTP/1.1" 200 2597
180.169.147.146 - - [09/Jul/2021:09:05:57 +0800] "GET /xingrg/javascript/easyui/themes/default/easyui.css HTTP/1.1" 200 30432
180.169.147.146 - - [09/Jul/2021:09:05:57 +0800] "GET /xingrg/javascript/auto/jquery.autocomplete.css HTTP/1.1" 200 587
180.169.147.146 - - [09/Jul/2021:09:05:57 +0800] "GET /xingrg/javascript/jquery_tools/table.css HTTP/1.1" 200 1032
180.169.147.146 - - [09/Jul/2021:09:05:57 +0800] "GET /xingrg/javascript/jquery_tools/jquery.tools.min.js HTTP/1.1" 200 138801
180.169.147.146 - - [09/Jul/2021:09:05:57 +0800] "GET /xingrg/javascript/jquery_tools/jquery.tools.hotkey.js HTTP/1.1" 200 3242
180.169.147.146 - - [09/Jul/2021:09:05:57 +0800] "GET /xingrg/javascript/jquery_tools/jquery.tools.extend.js HTTP/1.1" 200 15385
180.169.147.146 - - [09/Jul/2021:09:05:57 +0800] "GET /xingrg/javascript/jquery_tools/fix.css HTTP/1.1" 200 1702
180.169.147.146 - - [09/Jul/2021:09:05:57 +0800] "GET /xingrg/javascript/jquery_tools/list_manager.js HTTP/1.1" 200 3652
180.169.147.146 - - [09/Jul/2021:09:05:57 +0800] "GET /xingrg/javascript/auto/jquery.autocomplete.js HTTP/1.1" 200 21624
180.169.147.146 - - [09/Jul/2021:09:05:57 +0800] "GET /xingrg/javascript/jquery_tools/jquery.tools.table.js HTTP/1.1" 200 6994
180.169.147.146 - - [09/Jul/2021:09:05:57 +0800] "GET /xingrg/javascript/easyui/easyloader.js HTTP/1.1" 200 5975
180.169.147.146 - - [09/Jul/2021:09:05:57 +0800] "GET /xingrg/javascript/jquery.cookie.js HTTP/1.1" 200 5513
180.169.147.146 - - [09/Jul/2021:09:05:57 +0800] "GET /xingrg/javascript/print/LodopFuncs.js HTTP/1.1" 200 5121
180.169.147.146 - - [09/Jul/2021:09:05:57 +0800] "GET /xingrg/javascript/easyui/themes/icons/uncheck_new.png HTTP/1.1" 200 3197
180.169.147.146 - - [09/Jul/2021:09:05:57 +0800] "GET /xingrg/javascript/easyui/themes/icons/check_new.png HTTP/1.1" 200 3224
180.169.147.146 - - [09/Jul/2021:09:05:57 +0800] "GET /xingrg/javascript/easyui/themes/icons/field_new.png HTTP/1.1" 200 1097
180.169.147.146 - - [09/Jul/2021:09:05:57 +0800] "GET /xingrg/javascript/easyui/themes/icons/edit_add_new.png HTTP/1.1" 200 2997
180.169.147.146 - - [09/Jul/2021:09:05:57 +0800] "GET /xingrg/javascript/easyui/themes/icons/import_new.png HTTP/1.1" 200 1247
180.169.147.146 - - [09/Jul/2021:09:05:57 +0800] "GET /xingrg/javascript/easyui/themes/icons/cance_new.png HTTP/1.1" 200 3986
180.169.147.146 - - [09/Jul/2021:09:05:57 +0800] "GET /xingrg/javascript/easyui/plugins/jquery.parser.js HTTP/1.1" 200 1142
180.169.147.146 - - [09/Jul/2021:09:05:59 +0800] "POST /xingrg/kc/buy/cgsh_list_operate.html HTTP/1.1" 200 1681
116.230.117.165 - - [09/Jul/2021:09:06:01 +0800] "GET /xingrg/kc/buy/cgsh_order_operate.html?command=get_materiel&rest_code=00146&code=00101008244&supplier_code=00100005&order_time=2021-07-09 HTTP/1.1" 200 408
222.70.176.145 - - [09/Jul/2021:09:06:02 +0800] "GET /xingrg/all/function/internal_message.html?_=1625792762690&CODE_STATE=getMsg HTTP/1.1" 200 27
180.169.147.146 - - [09/Jul/2021:09:06:05 +0800] "GET /xingrg/javascript/auto/indicator.gif HTTP/1.1" 404 1066
180.169.147.146 - - [09/Jul/2021:09:06:11 +0800] "POST /xingrg/kc/buy/cgsh_list_operate.html HTTP/1.1" 200 3248
116.230.117.165 - - [09/Jul/2021:09:06:12 +0800] "GET /xingrg/kc/buy/cgsh_order_operate.html?command=get_materiel&rest_code=00146&code=00101008112&supplier_code=00100005&order_time=2021-07-09 HTTP/1.1" 200 412
180.169.147.146 - - [09/Jul/2021:09:06:12 +0800] "GET /xingrg/check_reg.html?_=1625792771768 HTTP/1.1" 200 22
222.69.129.116 - - [09/Jul/2021:09:06:13 +0800] "GET /xingrg/all/function/internal_message.html?_=1625792778606&CODE_STATE=getMsg HTTP/1.1" 200 27
58.37.225.51 - - [09/Jul/2021:09:06:14 +0800] "GET /xingrg/check_reg.html?_=1625792693515 HTTP/1.1" 302 -
58.37.225.51 - - [09/Jul/2021:09:06:14 +0800] "GET /xingrg/login.html HTTP/1.1" 200 7641
180.174.237.246 - - [09/Jul/2021:09:06:15 +0800] "GET /xingrg/all/function/internal_message.html?_=1625792794820&CODE_STATE=getMsg HTTP/1.1" 200 27
222.70.176.145 - - [09/Jul/2021:09:06:15 +0800] "GET /xingrg/check_reg.html?_=1625792776123 HTTP/1.1" 200 22
222.69.129.116 - - [09/Jul/2021:09:06:16 +0800] "POST /xingrg/kc/buy/cgsh_order_operate.html HTTP/1.1" 200 12
180.169.147.146 - - [09/Jul/2021:09:06:17 +0800] "GET /xingrg/all/function/internal_message.html?_=1625792789736&CODE_STATE=getMsg HTTP/1.1" 200 27
180.169.147.146 - - [09/Jul/2021:09:06:18 +0800] "POST /xingrg/kc/buy/cgsh_list_operate.html HTTP/1.1" 200 208
116.230.117.165 - - [09/Jul/2021:09:06:23 +0800] "GET /xingrg/kc/buy/cgsh_order_operate.html?command=get_materiel&rest_code=00146&code=00101008351&supplier_code=00100005&order_time=2021-07-09 HTTP/1.1" 200 408
116.230.117.165 - - [09/Jul/2021:09:06:32 +0800] "GET /xingrg/kc/buy/cgsh_order_operate.html?command=get_materiel&rest_code=00146&code=00101008186&supplier_code=00100005&order_time=2021-07-09 HTTP/1.1" 200 408
180.174.237.246 - - [09/Jul/2021:09:06:34 +0800] "POST /xingrg/kc/mdqp/pssh_list_operate.html HTTP/1.1" 200 756
180.174.237.246 - - [09/Jul/2021:09:06:34 +0800] "POST /xingrg/kc/mdqp/pssh_list_operate.html HTTP/1.1" 200 776
221.239.195.6 - - [09/Jul/2021:09:06:40 +0800] "GET /xingrg/all/function/internal_message.html?_=1625792805215&CODE_STATE=getMsg HTTP/1.1" 200 27
116.230.117.165 - - [09/Jul/2021:09:06:41 +0800] "GET /xingrg/all/function/internal_message.html?_=1625792820844&CODE_STATE=getMsg HTTP/1.1" 200 27
58.40.7.146 - - [09/Jul/2021:09:06:41 +0800] "GET /xingrg/all/function/internal_message.html?_=1625792805371&CODE_STATE=getMsg HTTP/1.1" 200 27
222.69.129.116 - - [09/Jul/2021:09:06:44 +0800] "GET /xingrg/kc/buy/cgsh_order_info.html?code=212021070903654 HTTP/1.1" 200 57636
222.69.129.116 - - [09/Jul/2021:09:06:45 +0800] "GET /xingrg/javascript/easyui/themes/default/validatebox.css HTTP/1.1" 404 1104
222.69.129.116 - - [09/Jul/2021:09:06:45 +0800] "POST /xingrg/kc/buy/cgsh_order_operate.html HTTP/1.1" 200 39647
222.69.129.116 - - [09/Jul/2021:09:06:47 +0800] "GET /xingrg/kc/print/load_config.html?kc_code=cgsh HTTP/1.1" 200 1845
222.69.129.116 - - [09/Jul/2021:09:06:47 +0800] "GET /xingrg/kc/print/load_data.html?order_code=212021070903654&kc_code=cgsh&condition= HTTP/1.1" 200 15516
116.230.114.112 - - [09/Jul/2021:09:06:49 +0800] "GET /xingrg/all/function/internal_message.html?_=1625792828052&CODE_STATE=getMsg HTTP/1.1" 302 -
58.37.5.217 - - [09/Jul/2021:09:06:49 +0800] "GET /xingrg/check_reg.html?_=1625792814729 HTTP/1.1" 200 22
116.230.110.80 - - [09/Jul/2021:09:06:52 +0800] "GET /xingrg/all/function/internal_message.html?_=1625792814173&CODE_STATE=getMsg HTTP/1.1" 200 27
116.230.110.80 - - [09/Jul/2021:09:06:52 +0800] "GET /xingrg/check_reg.html?_=1625792814175 HTTP/1.1" 200 22
116.230.117.165 - - [09/Jul/2021:09:06:52 +0800] "GET /xingrg/kc/buy/cgsh_order_operate.html?command=get_materiel&rest_code=00146&code=00101008096&supplier_code=00100005&order_time=2021-07-09 HTTP/1.1" 200 412
180.169.147.146 - - [09/Jul/2021:09:06:54 +0800] "GET /xingrg/all/function/internal_message.html?_=1625792817789&CODE_STATE=getMsg HTTP/1.1" 200 27
180.152.122.18 - - [09/Jul/2021:09:06:54 +0800] "GET /xingrg/all/function/internal_message.html?_=1625792770808&CODE_STATE=getMsg HTTP/1.1" 200 27
222.69.129.116 - - [09/Jul/2021:09:06:56 +0800] "GET /xingrg/kc/buy/cgsh_order_add.html HTTP/1.1" 200 62728
222.69.129.116 - - [09/Jul/2021:09:06:56 +0800] "POST /xingrg/kc/buy/cgsh_order_operate.html HTTP/1.1" 200 8245
222.69.129.116 - - [09/Jul/2021:09:06:56 +0800] "GET /xingrg/javascript/easyui/themes/default/validatebox.css HTTP/1.1" 404 1104
180.169.147.146 - - [09/Jul/2021:09:06:58 +0800] "POST /xingrg/all/user/operate.html HTTP/1.1" 200 36
180.169.147.146 - - [09/Jul/2021:09:06:58 +0800] "GET /xingrg/index.html?sysBaseUrl=http%3A%2F%2F180.169.147.146%3A18081%2Fxingrg%2F&costTime=43×tamp=1625792716070 HTTP/1.1" 200 17503
180.169.147.146 - - [09/Jul/2021:09:06:58 +0800] "GET /xingrg/javascript/jquery_easy_ui/themes/default/easyui.css HTTP/1.1" 304 -
180.169.147.146 - - [09/Jul/2021:09:06:58 +0800] "GET /xingrg/javascript/jquery_easy_ui/themes/icon.css HTTP/1.1" 304 -
180.169.147.146 - - [09/Jul/2021:09:06:58 +0800] "GET /xingrg/css/form.css HTTP/1.1" 304 -
180.169.147.146 - - [09/Jul/2021:09:06:58 +0800] "GET /xingrg/javascript/jquery-1.4.2.min.js HTTP/1.1" 304 -
180.169.147.146 - - [09/Jul/2021:09:06:58 +0800] "GET /xingrg/javascript/jquery_easy_ui/jquery.easyui.min.js HTTP/1.1" 304 -
180.169.147.146 - - [09/Jul/2021:09:06:58 +0800] "GET /xingrg/javascript/jquery.form.js HTTP/1.1" 304 -
180.169.147.146 - - [09/Jul/2021:09:06:58 +0800] "GET /xingrg/javascript/jquery_easy_ui/easyui-lang-zh_CN.js HTTP/1.1" 304 -
180.169.147.146 - - [09/Jul/2021:09:06:58 +0800] "GET /xingrg/javascript/jquery.utils.js HTTP/1.1" 304 -
180.169.147.146 - - [09/Jul/2021:09:06:58 +0800] "GET /xingrg/javascript/jquery.timers.js HTTP/1.1" 304 -
180.169.147.146 - - [09/Jul/2021:09:06:58 +0800] "GET /xingrg/images/blue/jxLogo.png HTTP/1.1" 304 -
180.169.147.146 - - [09/Jul/2021:09:06:58 +0800] "GET /xingrg/images/blue/navBackgound.jpg HTTP/1.1" 304 -
180.169.147.146 - - [09/Jul/2021:09:06:58 +0800] "GET /xingrg/javascript/jquery_easy_ui/themes/icons/settle_new.png HTTP/1.1" 304 -
180.169.147.146 - - [09/Jul/2021:09:06:58 +0800] "POST /xingrg/all/common/load_tree.html?tree=area_rest_tree_json&manage=1 HTTP/1.1" 200 3466
180.169.147.146 - - [09/Jul/2021:09:06:58 +0800] "GET /xingrg/all/function/internal_message.html?_=1625792831216&CODE_STATE=count HTTP/1.1" 200 11
180.169.147.146 - - [09/Jul/2021:09:06:58 +0800] "GET /xingrg/check_reg.html?_=1625792831217 HTTP/1.1" 200 22
180.169.147.146 - - [09/Jul/2021:09:06:58 +0800] "GET /xingrg/images/blue/pingpu.png HTTP/1.1" 304 -
180.169.147.146 - - [09/Jul/2021:09:06:58 +0800] "GET /xingrg/javascript/jquery_easy_ui/themes/default/images/panel_tool_collapse.gif HTTP/1.1" 304 -
180.169.147.146 - - [09/Jul/2021:09:06:58 +0800] "GET /xingrg/javascript/jquery_easy_ui/themes/default/images/panel_tool_expand.gif HTTP/1.1" 304 -
180.169.147.146 - - [09/Jul/2021:09:06:58 +0800] "GET /xingrg/javascript/jquery_easy_ui/themes/default/images/tabs_leftarrow.png HTTP/1.1" 304 -
180.169.147.146 - - [09/Jul/2021:09:06:58 +0800] "GET /xingrg/javascript/jquery_easy_ui/themes/default/images/tabs_rightarrow.png HTTP/1.1" 304 -
180.169.147.146 - - [09/Jul/2021:09:06:58 +0800] "POST /xingrg/load_menu.html HTTP/1.1" 200 9959
180.169.147.146 - - [09/Jul/2021:09:07:01 +0800] "GET /xingrg/kc/buy/cgsh_order_list.html HTTP/1.1" 200 47192
180.152.122.18 - - [09/Jul/2021:09:07:02 +0800] "GET /xingrg/kc/buy/cgsh_order_operate.html?command=get_materiel&rest_code=00150&code=00101008331&supplier_code=00100007&order_time=2021-07-09 HTTP/1.1" 200 416
222.70.176.145 - - [09/Jul/2021:09:07:02 +0800] "GET /xingrg/all/function/internal_message.html?_=1625792822676&CODE_STATE=getMsg HTTP/1.1" 200 27
116.230.117.165 - - [09/Jul/2021:09:07:08 +0800] "GET /xingrg/kc/buy/cgsh_order_operate.html?command=get_materiel&rest_code=00146&code=00101008038&supplier_code=00100005&order_time=2021-07-09 HTTP/1.1" 200 412
180.152.122.18 - - [09/Jul/2021:09:07:11 +0800] "GET /xingrg/all/function/internal_message.html?_=1625792830811&CODE_STATE=getMsg HTTP/1.1" 200 27
222.69.129.116 - - [09/Jul/2021:09:07:13 +0800] "GET /xingrg/all/function/internal_message.html?_=1625792838594&CODE_STATE=getMsg HTTP/1.1" 200 27
180.174.237.246 - - [09/Jul/2021:09:07:15 +0800] "GET /xingrg/all/function/internal_message.html?_=1625792854839&CODE_STATE=getMsg HTTP/1.1" 200 27
116.230.117.165 - - [09/Jul/2021:09:07:16 +0800] "GET /xingrg/kc/buy/cgsh_order_operate.html?command=get_materiel&rest_code=00146&code=00101008290&supplier_code=00100005&order_time=2021-07-09 HTTP/1.1" 200 416
180.162.112.86 - - [09/Jul/2021:09:07:18 +0800] "GET /xingrg HTTP/1.1" 302 -
180.152.122.18 - - [09/Jul/2021:09:07:22 +0800] "GET /xingrg/kc/buy/cgsh_order_operate.html?command=get_materiel&rest_code=00150&code=00101008049&supplier_code=00100007&order_time=2021-07-09 HTTP/1.1" 200 408
116.230.117.165 - - [09/Jul/2021:09:07:25 +0800] "GET /xingrg/kc/buy/cgsh_order_operate.html?command=get_materiel&rest_code=00146&code=00101008003&supplier_code=00100005&order_time=2021-07-09 HTTP/1.1" 200 408
180.162.112.86 - - [09/Jul/2021:09:07:26 +0800] "GET /xingrg/index.html HTTP/1.1" 302 -
180.162.112.86 - - [09/Jul/2021:09:07:26 +0800] "GET /favicon.ico HTTP/1.1" 404 -
180.162.112.86 - - [09/Jul/2021:09:07:26 +0800] "GET /xingrg/login.html HTTP/1.1" 200 7641
180.162.112.86 - - [09/Jul/2021:09:07:27 +0800] "GET /favicon.ico HTTP/1.1" 404 -
180.169.147.146 - - [09/Jul/2021:09:07:28 +0800] "POST /xingrg/kc/buy/cgsh_list_operate.html HTTP/1.1" 200 5184
180.152.122.18 - - [09/Jul/2021:09:07:31 +0800] "GET /xingrg/kc/buy/cgsh_order_operate.html?command=get_materiel&rest_code=00150&code=00101008185&supplier_code=00100007&order_time=2021-07-09 HTTP/1.1" 200 408
180.162.112.86 - - [09/Jul/2021:09:07:35 +0800] "GET /xingrg HTTP/1.1" 302 -
180.162.112.86 - - [09/Jul/2021:09:07:36 +0800] "GET /xingrg/index.html HTTP/1.1" 302 -
180.162.112.86 - - [09/Jul/2021:09:07:36 +0800] "GET /favicon.ico HTTP/1.1" 404 -
180.162.112.86 - - [09/Jul/2021:09:07:36 +0800] "GET /xingrg/login.html HTTP/1.1" 200 7641
180.152.122.18 - - [09/Jul/2021:09:07:37 +0800] "GET /xingrg/kc/buy/cgsh_order_operate.html?command=get_materiel&rest_code=00150&code=00101008026&supplier_code=00100007&order_time=2021-07-09 HTTP/1.1" 200 409
180.162.112.86 - - [09/Jul/2021:09:07:38 +0800] "GET /favicon.ico HTTP/1.1" 404 -
116.230.117.165 - - [09/Jul/2021:09:07:38 +0800] "GET /xingrg/check_reg.html?_=1625792878502 HTTP/1.1" 200 22
221.239.195.6 - - [09/Jul/2021:09:07:40 +0800] "GET /xingrg/all/function/internal_message.html?_=1625792865216&CODE_STATE=getMsg HTTP/1.1" 200 27
58.221.95.50 - - [09/Jul/2021:09:07:40 +0800] "GET /xingrg/check_reg.html?_=1625792864627 HTTP/1.1" 302 -
116.230.117.165 - - [09/Jul/2021:09:07:41 +0800] "GET /xingrg/all/function/internal_message.html?_=1625792880857&CODE_STATE=getMsg HTTP/1.1" 200 27
58.40.7.146 - - [09/Jul/2021:09:07:41 +0800] "GET /xingrg/all/function/internal_message.html?_=1625792865375&CODE_STATE=getMsg HTTP/1.1" 200 27
180.152.122.18 - - [09/Jul/2021:09:07:43 +0800] "GET /xingrg/kc/buy/cgsh_order_operate.html?command=get_materiel&rest_code=00150&code=00101007030&supplier_code=00100007&order_time=2021-07-09 HTTP/1.1" 200 412
180.152.122.18 - - [09/Jul/2021:09:07:47 +0800] "GET /xingrg/kc/buy/cgsh_order_operate.html?command=get_materiel&rest_code=00150&code=00101008096&supplier_code=00100007&order_time=2021-07-09 HTTP/1.1" 200 412
116.230.114.112 - - [09/Jul/2021:09:07:49 +0800] "GET /xingrg/all/function/internal_message.html?_=1625792888079&CODE_STATE=getMsg HTTP/1.1" 302 -
116.230.110.80 - - [09/Jul/2021:09:07:52 +0800] "GET /xingrg/all/function/internal_message.html?_=1625792874190&CODE_STATE=getMsg HTTP/1.1" 200 27
180.162.112.86 - - [09/Jul/2021:09:07:52 +0800] "POST /xingrg/login.do HTTP/1.1" 302 -
180.162.112.86 - - [09/Jul/2021:09:07:52 +0800] "GET /xingrg/index.html?sysBaseUrl=http%3A%2F%2F180.169.147.146%3A18081%2Fxingrg%2F&costTime=44×tamp=1625792872676 HTTP/1.1" 200 17179
116.230.117.165 - - [09/Jul/2021:09:07:53 +0800] "GET /xingrg/kc/buy/cgsh_order_operate.html?command=get_materiel&rest_code=00146&code=00101008264&supplier_code=00100005&order_time=2021-07-09 HTTP/1.1" 200 412
180.162.112.86 - - [09/Jul/2021:09:07:53 +0800] "GET /favicon.ico HTTP/1.1" 404 -
180.162.112.86 - - [09/Jul/2021:09:07:53 +0800] "POST /xingrg/all/common/load_tree.html?tree=area_rest_tree_json&manage=1 HTTP/1.1" 200 351
180.162.112.86 - - [09/Jul/2021:09:07:54 +0800] "GET /xingrg/all/function/internal_message.html?_=1625792530593&CODE_STATE=count HTTP/1.1" 200 11
180.162.112.86 - - [09/Jul/2021:09:07:54 +0800] "GET /xingrg/check_reg.html?_=1625792530594 HTTP/1.1" 200 22
180.162.112.86 - - [09/Jul/2021:09:07:54 +0800] "POST /xingrg/load_menu.html HTTP/1.1" 200 5138
180.169.147.146 - - [09/Jul/2021:09:07:54 +0800] "GET /xingrg/all/function/internal_message.html?_=1625792877788&CODE_STATE=getMsg HTTP/1.1" 200 27
116.230.117.165 - - [09/Jul/2021:09:07:55 +0800] "POST /xingrg/kc/buy/cgsh_order_operate.html HTTP/1.1" 200 2065
180.162.112.86 - - [09/Jul/2021:09:07:56 +0800] "GET /xingrg/kc/mdqp/qp_main.html HTTP/1.1" 200 10633
180.162.112.86 - - [09/Jul/2021:09:07:57 +0800] "GET /xingrg/images/yd/bt.gif HTTP/1.1" 404 1040
180.169.147.146 - - [09/Jul/2021:09:07:58 +0800] "GET /xingrg/all/function/internal_message.html?_=1625792891220&CODE_STATE=getMsg HTTP/1.1" 200 27
180.162.112.86 - - [09/Jul/2021:09:07:58 +0800] "GET /xingrg/kc/mdqp/qqps_order_list.html HTTP/1.1" 200 9644
180.162.112.86 - - [09/Jul/2021:09:07:58 +0800] "GET /xingrg/dwr/interface/AjaxQqpsService.js HTTP/1.1" 200 16326
180.162.112.86 - - [09/Jul/2021:09:07:58 +0800] "GET /xingrg/dwr/interface/AjaxReportQueryService.js HTTP/1.1" 200 13203
180.162.112.86 - - [09/Jul/2021:09:07:58 +0800] "GET /xingrg/dwr/util.js HTTP/1.1" 304 -
180.162.112.86 - - [09/Jul/2021:09:07:58 +0800] "GET /xingrg/dwr/engine.js HTTP/1.1" 200 43631
180.152.122.18 - - [09/Jul/2021:09:07:59 +0800] "GET /xingrg/kc/buy/cgsh_order_operate.html?command=get_materiel&rest_code=00150&code=00101008038&supplier_code=00100007&order_time=2021-07-09 HTTP/1.1" 200 412
180.162.112.86 - - [09/Jul/2021:09:08:01 +0800] "GET /xingrg/kc/mdqp/qqps_order_info.html?code=302021070800156 HTTP/1.1" 200 26238
180.162.112.86 - - [09/Jul/2021:09:08:01 +0800] "GET /xingrg/dwr/interface/AjaxComOrderService.js HTTP/1.1" 200 18264
180.162.112.86 - - [09/Jul/2021:09:08:01 +0800] "GET /xingrg/dwr/interface/AjaxQqpsService.js HTTP/1.1" 200 16326
180.162.112.86 - - [09/Jul/2021:09:08:01 +0800] "GET /xingrg/dwr/engine.js HTTP/1.1" 200 43631
180.162.112.86 - - [09/Jul/2021:09:08:01 +0800] "GET /xingrg/words/20210707130144_words.js HTTP/1.1" 304 -
222.70.176.145 - - [09/Jul/2021:09:08:02 +0800] "GET /xingrg/all/function/internal_message.html?_=1625792882661&CODE_STATE=getMsg HTTP/1.1" 200 27
180.162.112.86 - - [09/Jul/2021:09:08:02 +0800] "POST /xingrg/dwr/call/plaincall/AjaxQqpsService.loadMaterielItems.dwr HTTP/1.1" 200 2399
180.174.237.246 - - [09/Jul/2021:09:08:03 +0800] "POST /xingrg/kc/mdqp/pssh_list_operate.html HTTP/1.1" 200 5386
180.152.122.18 - - [09/Jul/2021:09:08:03 +0800] "POST /xingrg/kc/buy/cgsh_order_operate.html HTTP/1.1" 200 37
180.152.122.18 - - [09/Jul/2021:09:08:04 +0800] "POST /xingrg/kc/buy/cgsh_order_operate.html HTTP/1.1" 200 6187
116.230.117.165 - - [09/Jul/2021:09:08:04 +0800] "GET /xingrg/kc/buy/cgsh_order_operate.html?command=get_materiel&rest_code=00146&code=00101008356&supplier_code=00100005&order_time=2021-07-09 HTTP/1.1" 200 408
180.169.147.146 - - [09/Jul/2021:09:08:06 +0800] "POST /xingrg/all/user/operate.html HTTP/1.1" 200 36
180.169.147.146 - - [09/Jul/2021:09:08:06 +0800] "GET /xingrg/index.html?sysBaseUrl=http%3A%2F%2F180.169.147.146%3A18081%2Fxingrg%2F&costTime=43×tamp=1625792716070 HTTP/1.1" 200 17509
180.169.147.146 - - [09/Jul/2021:09:08:06 +0800] "GET /xingrg/javascript/jquery_easy_ui/themes/default/easyui.css HTTP/1.1" 304 -
180.169.147.146 - - [09/Jul/2021:09:08:06 +0800] "GET /xingrg/javascript/jquery_easy_ui/themes/icon.css HTTP/1.1" 304 -
180.169.147.146 - - [09/Jul/2021:09:08:06 +0800] "GET /xingrg/css/form.css HTTP/1.1" 304 -
180.169.147.146 - - [09/Jul/2021:09:08:06 +0800] "GET /xingrg/javascript/jquery-1.4.2.min.js HTTP/1.1" 304 -
180.169.147.146 - - [09/Jul/2021:09:08:06 +0800] "GET /xingrg/javascript/jquery_easy_ui/jquery.easyui.min.js HTTP/1.1" 304 -
180.169.147.146 - - [09/Jul/2021:09:08:06 +0800] "GET /xingrg/javascript/jquery_easy_ui/easyui-lang-zh_CN.js HTTP/1.1" 304 -
180.169.147.146 - - [09/Jul/2021:09:08:06 +0800] "GET /xingrg/javascript/jquery.form.js HTTP/1.1" 304 -
180.169.147.146 - - [09/Jul/2021:09:08:06 +0800] "GET /xingrg/javascript/jquery.utils.js HTTP/1.1" 304 -
180.169.147.146 - - [09/Jul/2021:09:08:06 +0800] "GET /xingrg/javascript/jquery.timers.js HTTP/1.1" 304 -
180.169.147.146 - - [09/Jul/2021:09:08:06 +0800] "GET /xingrg/images/blue/jxLogo.png HTTP/1.1" 304 -
180.169.147.146 - - [09/Jul/2021:09:08:06 +0800] "GET /xingrg/javascript/jquery_easy_ui/themes/icons/settle_new.png HTTP/1.1" 304 -
180.169.147.146 - - [09/Jul/2021:09:08:06 +0800] "GET /xingrg/images/blue/navBackgound.jpg HTTP/1.1" 304 -
180.169.147.146 - - [09/Jul/2021:09:08:06 +0800] "POST /xingrg/all/common/load_tree.html?tree=area_rest_tree_json&manage=1 HTTP/1.1" 200 3466
180.169.147.146 - - [09/Jul/2021:09:08:06 +0800] "GET /xingrg/all/function/internal_message.html?_=1625792899600&CODE_STATE=count HTTP/1.1" 200 11
180.169.147.146 - - [09/Jul/2021:09:08:06 +0800] "GET /xingrg/check_reg.html?_=1625792899601 HTTP/1.1" 200 22
180.169.147.146 - - [09/Jul/2021:09:08:06 +0800] "GET /xingrg/javascript/jquery_easy_ui/themes/default/images/panel_tool_collapse.gif HTTP/1.1" 304 -
180.169.147.146 - - [09/Jul/2021:09:08:06 +0800] "GET /xingrg/javascript/jquery_easy_ui/themes/default/images/tabs_rightarrow.png HTTP/1.1" 304 -
180.169.147.146 - - [09/Jul/2021:09:08:06 +0800] "GET /xingrg/images/blue/pingpu.png HTTP/1.1" 304 -
180.169.147.146 - - [09/Jul/2021:09:08:06 +0800] "GET /xingrg/javascript/jquery_easy_ui/themes/default/images/tabs_leftarrow.png HTTP/1.1" 304 -
180.169.147.146 - - [09/Jul/2021:09:08:06 +0800] "GET /xingrg/javascript/jquery_easy_ui/themes/default/images/panel_tool_expand.gif HTTP/1.1" 304 -
180.169.147.146 - - [09/Jul/2021:09:08:06 +0800] "POST /xingrg/load_menu.html HTTP/1.1" 200 9959
180.169.147.146 - - [09/Jul/2021:09:08:09 +0800] "GET /xingrg/kc/buy/cgsh_order_list.html HTTP/1.1" 200 47198
180.152.122.18 - - [09/Jul/2021:09:08:11 +0800] "GET /xingrg/all/function/internal_message.html?_=1625792890816&CODE_STATE=getMsg HTTP/1.1" 200 27
180.152.122.18 - - [09/Jul/2021:09:08:11 +0800] "GET /xingrg/kc/buy/cgsh_order_operate.html?command=get_materiel&rest_code=00150&code=00101008163&supplier_code=00100007&order_time=2021-07-09 HTTP/1.1" 200 408
180.162.112.86 - - [09/Jul/2021:09:08:11 +0800] "POST /xingrg/dwr/call/plaincall/AjaxQqpsService.checkOrder.dwr HTTP/1.1" 200 78
180.162.112.86 - - [09/Jul/2021:09:08:12 +0800] "GET /xingrg/kc/mdqp/qqps_order_info.html?code=302021070800156 HTTP/1.1" 200 24474
180.162.112.86 - - [09/Jul/2021:09:08:12 +0800] "GET /xingrg/dwr/interface/AjaxComOrderService.js HTTP/1.1" 200 18264
180.162.112.86 - - [09/Jul/2021:09:08:12 +0800] "GET /xingrg/dwr/interface/AjaxQqpsService.js HTTP/1.1" 200 16326
180.162.112.86 - - [09/Jul/2021:09:08:12 +0800] "GET /xingrg/dwr/engine.js HTTP/1.1" 200 43631
180.162.112.86 - - [09/Jul/2021:09:08:13 +0800] "POST /xingrg/dwr/call/plaincall/AjaxQqpsService.loadMaterielItems.dwr HTTP/1.1" 200 2399
222.69.129.116 - - [09/Jul/2021:09:08:13 +0800] "GET /xingrg/all/function/internal_message.html?_=1625792898571&CODE_STATE=getMsg HTTP/1.1" 200 27
116.230.117.165 - - [09/Jul/2021:09:08:14 +0800] "GET /xingrg/kc/buy/cgsh_order_operate.html?command=get_materiel&rest_code=00146&code=00101008212&supplier_code=00100005&order_time=2021-07-09 HTTP/1.1" 200 412
180.174.237.246 - - [09/Jul/2021:09:08:15 +0800] "GET /xingrg/all/function/internal_message.html?_=1625792914847&CODE_STATE=getMsg HTTP/1.1" 200 27
221.239.195.6 - - [09/Jul/2021:09:08:17 +0800] "GET /xingrg/kc/buy/cgsh_order_operate.html?command=get_materiel&rest_code=00105&code=00101008283&supplier_code=00100203&order_time=2021-07-09 HTTP/1.1" 200 408
180.152.122.18 - - [09/Jul/2021:09:08:21 +0800] "GET /xingrg/kc/buy/cgsh_order_operate.html?command=get_materiel&rest_code=00150&code=00101008224&supplier_code=00100007&order_time=2021-07-09 HTTP/1.1" 200 416
116.230.117.165 - - [09/Jul/2021:09:08:24 +0800] "GET /xingrg/kc/buy/cgsh_order_operate.html?command=get_materiel&rest_code=00146&code=00101008205&supplier_code=00100005&order_time=2021-07-09 HTTP/1.1" 200 412
180.152.122.18 - - [09/Jul/2021:09:08:28 +0800] "GET /xingrg/kc/buy/cgsh_order_operate.html?command=get_materiel&rest_code=00150&code=00101008220&supplier_code=00100007&order_time=2021-07-09 HTTP/1.1" 200 412
180.169.147.146 - - [09/Jul/2021:09:08:29 +0800] "POST /xingrg/kc/buy/cgsh_list_operate.html HTTP/1.1" 200 5192
180.152.122.18 - - [09/Jul/2021:09:08:34 +0800] "GET /xingrg/kc/buy/cgsh_order_operate.html?command=get_materiel&rest_code=00150&code=00101008288&supplier_code=00100007&order_time=2021-07-09 HTTP/1.1" 200 408
221.239.195.6 - - [09/Jul/2021:09:08:40 +0800] "GET /xingrg/all/function/internal_message.html?_=1625792925370&CODE_STATE=getMsg HTTP/1.1" 200 27
180.152.122.18 - - [09/Jul/2021:09:08:40 +0800] "GET /xingrg/kc/buy/cgsh_order_operate.html?command=get_materiel&rest_code=00150&code=00101008144&supplier_code=00100007&order_time=2021-07-09 HTTP/1.1" 200 412
116.230.117.165 - - [09/Jul/2021:09:08:41 +0800] "GET /xingrg/all/function/internal_message.html?_=1625792940871&CODE_STATE=getMsg HTTP/1.1" 200 27
58.40.7.146 - - [09/Jul/2021:09:08:41 +0800] "GET /xingrg/check_reg.html?_=1625792925377 HTTP/1.1" 200 22
58.40.7.146 - - [09/Jul/2021:09:08:41 +0800] "GET /xingrg/all/function/internal_message.html?_=1625792925379&CODE_STATE=getMsg HTTP/1.1" 200 27
180.152.122.18 - - [09/Jul/2021:09:08:42 +0800] "POST /xingrg/kc/buy/cgsh_order_operate.html HTTP/1.1" 200 2065
116.230.117.165 - - [09/Jul/2021:09:08:45 +0800] "GET /xingrg/kc/buy/cgsh_order_operate.html?command=get_materiel&rest_code=00146&code=00101008196&supplier_code=00100005&order_time=2021-07-09 HTTP/1.1" 200 416
116.230.117.165 - - [09/Jul/2021:09:08:48 +0800] "POST /xingrg/kc/buy/cgsh_order_operate.html HTTP/1.1" 200 2065
180.152.122.18 - - [09/Jul/2021:09:08:48 +0800] "GET /xingrg/kc/buy/cgsh_order_operate.html?command=get_materiel&rest_code=00150&code=00101008024&supplier_code=00100007&order_time=2021-07-09 HTTP/1.1" 200 408
116.230.114.112 - - [09/Jul/2021:09:08:49 +0800] "GET /xingrg/all/function/internal_message.html?_=1625792948080&CODE_STATE=getMsg HTTP/1.1" 302 -
