221.239.195.6 - - [08/Jul/2021:11:06:21 +0800] "GET /xingrg/kc/base/wldb_order_operate.html?command=get_materiel&rest_code=00105&base_code=0010507&code=00101013182 HTTP/1.1" 200 430
180.174.237.246 - - [08/Jul/2021:11:06:22 +0800] "GET /xingrg/all/function/internal_message.html?_=1625713598241&CODE_STATE=getMsg HTTP/1.1" 200 27
116.233.77.171 - - [08/Jul/2021:11:06:24 +0800] "GET /xingrg/all/function/internal_message.html?_=1625713590871&CODE_STATE=getMsg HTTP/1.1" 200 27
58.37.5.217 - - [08/Jul/2021:11:06:26 +0800] "POST /xingrg/kc/buy/cgsh_list_operate.html HTTP/1.1" 200 201
180.169.147.146 - - [08/Jul/2021:11:06:27 +0800] "GET /xingrg/all/function/internal_message.html?_=1625713590672&CODE_STATE=getMsg HTTP/1.1" 200 27
58.37.5.217 - - [08/Jul/2021:11:06:27 +0800] "GET /xingrg/kc/buy/cgsh_order_info.html?code=212021070803228 HTTP/1.1" 200 62690
58.37.5.217 - - [08/Jul/2021:11:06:28 +0800] "GET /xingrg/javascript/easyui/themes/default/validatebox.css HTTP/1.1" 404 1104
58.37.225.51 - - [08/Jul/2021:11:06:28 +0800] "GET /xingrg/kc/buy/cgsh_order_operate.html?command=get_materiel&rest_code=00141&code=00101001037&supplier_code=00100090&order_time=2021-07-08 HTTP/1.1" 200 414
58.37.5.217 - - [08/Jul/2021:11:06:28 +0800] "POST /xingrg/kc/buy/cgsh_order_operate.html HTTP/1.1" 200 2657
120.253.135.82 - - [08/Jul/2021:11:06:29 +0800] "GET /xingrg/check_reg.html?_=1625713375984 HTTP/1.1" 200 22
180.169.147.146 - - [08/Jul/2021:11:06:30 +0800] "GET /xingrg/kc/buy/cgsh_order_operate.html?command=get_materiel&rest_code=00147&code=00101009050&supplier_code=00100022&order_time=2021-07-08 HTTP/1.1" 200 408
116.230.117.165 - - [08/Jul/2021:11:06:31 +0800] "GET /xingrg/all/function/internal_message.html?_=1625713607794&CODE_STATE=getMsg HTTP/1.1" 200 27
116.230.114.112 - - [08/Jul/2021:11:06:32 +0800] "GET /xingrg/all/function/internal_message.html?_=1625713608889&CODE_STATE=getMsg HTTP/1.1" 302 -
180.157.255.9 - - [08/Jul/2021:11:06:33 +0800] "GET /xingrg/all/function/internal_message.html?_=1625713605027&CODE_STATE=getMsg HTTP/1.1" 200 27
58.37.225.51 - - [08/Jul/2021:11:06:36 +0800] "GET /xingrg/all/function/internal_message.html?_=1625713521021&CODE_STATE=getMsg HTTP/1.1" 200 27
58.37.225.51 - - [08/Jul/2021:11:06:38 +0800] "GET /xingrg/kc/buy/cgsh_order_operate.html?command=get_materiel&rest_code=00141&code=00101001093&supplier_code=00100090&order_time=2021-07-08 HTTP/1.1" 200 411
172.20.0.100 - - [08/Jul/2021:11:06:39 +0800] "GET /xingrg/all/function/internal_message.html?_=1625713603771&CODE_STATE=getMsg HTTP/1.1" 200 27
101.83.240.23 - - [08/Jul/2021:11:06:40 +0800] "GET /xingrg/all/function/internal_message.html?_=1625713605758&CODE_STATE=getMsg HTTP/1.1" 200 27
116.224.113.71 - - [08/Jul/2021:11:06:40 +0800] "GET /xingrg/all/function/internal_message.html?_=1625713592412&CODE_STATE=getMsg HTTP/1.1" 200 27
58.37.5.217 - - [08/Jul/2021:11:06:43 +0800] "POST /xingrg/kc/buy/cgsh_list_operate.html HTTP/1.1" 200 5171
116.230.110.80 - - [08/Jul/2021:11:06:44 +0800] "GET /xingrg/all/function/internal_message.html?_=1625713608658&CODE_STATE=getMsg HTTP/1.1" 200 27
58.37.5.217 - - [08/Jul/2021:11:06:45 +0800] "POST /xingrg/kc/buy/cgsh_order_operate.html HTTP/1.1" 200 37
221.239.195.6 - - [08/Jul/2021:11:06:45 +0800] "GET /xingrg/all/function/internal_message.html?_=1625713578372&CODE_STATE=getMsg HTTP/1.1" 200 27
180.169.147.146 - - [08/Jul/2021:11:06:46 +0800] "GET /xingrg/kc/buy/cgsh_order_operate.html?command=get_materiel&rest_code=00147&code=00101009062&supplier_code=00100022&order_time=2021-07-08 HTTP/1.1" 200 412
58.37.225.51 - - [08/Jul/2021:11:06:46 +0800] "GET /xingrg/kc/buy/cgsh_order_operate.html?command=get_materiel&rest_code=00141&code=00101001025&supplier_code=00100090&order_time=2021-07-08 HTTP/1.1" 200 419
58.37.5.217 - - [08/Jul/2021:11:06:48 +0800] "GET /xingrg/all/function/internal_message.html?_=1625713610450&CODE_STATE=getMsg HTTP/1.1" 200 27
58.37.5.217 - - [08/Jul/2021:11:06:48 +0800] "GET /xingrg/check_reg.html?_=1625713610452 HTTP/1.1" 200 22
58.37.5.217 - - [08/Jul/2021:11:06:50 +0800] "POST /xingrg/kc/buy/cgsh_order_operate.html HTTP/1.1" 200 12
180.174.237.246 - - [08/Jul/2021:11:06:50 +0800] "GET /xingrg/all/function/internal_message.html?_=1625713626945&CODE_STATE=getMsg HTTP/1.1" 200 27
58.37.5.217 - - [08/Jul/2021:11:06:52 +0800] "GET /xingrg/kc/buy/cgsh_order_info.html?code=212021070803228 HTTP/1.1" 200 57589
58.37.5.217 - - [08/Jul/2021:11:06:52 +0800] "GET /xingrg/javascript/easyui/themes/default/validatebox.css HTTP/1.1" 404 1104
58.37.5.217 - - [08/Jul/2021:11:06:52 +0800] "POST /xingrg/kc/buy/cgsh_order_operate.html HTTP/1.1" 200 607
180.169.147.146 - - [08/Jul/2021:11:06:54 +0800] "GET /xingrg/kc/buy/cgsh_order_operate.html?command=get_materiel&rest_code=00147&code=00101009016&supplier_code=00100022&order_time=2021-07-08 HTTP/1.1" 200 412
101.83.240.23 - - [08/Jul/2021:11:06:57 +0800] "GET /xingrg/kc/buy/cgsh_order_add.html HTTP/1.1" 200 62728
101.83.240.23 - - [08/Jul/2021:11:06:57 +0800] "POST /xingrg/kc/buy/cgsh_order_operate.html HTTP/1.1" 200 8245
101.83.240.23 - - [08/Jul/2021:11:06:57 +0800] "GET /xingrg/javascript/easyui/themes/default/validatebox.css HTTP/1.1" 404 1104
183.192.88.201 - - [08/Jul/2021:11:06:57 +0800] "GET /xingrg/all/function/internal_message.html?_=1625713625988&CODE_STATE=getMsg HTTP/1.1" 200 27
58.37.5.217 - - [08/Jul/2021:11:06:58 +0800] "GET /xingrg/kc/print/load_data.html?order_code=212021070803228&kc_code=cgsh&condition= HTTP/1.1" 200 711
58.37.225.51 - - [08/Jul/2021:11:06:59 +0800] "GET /xingrg/kc/buy/cgsh_order_operate.html?command=get_materiel&rest_code=00141&code=00101001040&supplier_code=00100090&order_time=2021-07-08 HTTP/1.1" 200 415
180.169.147.146 - - [08/Jul/2021:11:07:01 +0800] "POST /xingrg/kc/buy/cgsh_order_operate.html HTTP/1.1" 200 37
180.169.147.146 - - [08/Jul/2021:11:07:03 +0800] "POST /xingrg/kc/buy/cgsh_order_operate.html HTTP/1.1" 200 3834
180.169.147.146 - - [08/Jul/2021:11:07:04 +0800] "GET /xingrg/kc/print/load_data.html?order_code=212021070803319&kc_code=cgsh&condition= HTTP/1.1" 200 1160
58.37.5.217 - - [08/Jul/2021:11:07:06 +0800] "GET /xingrg/check_reg.html?_=1625713619263 HTTP/1.1" 200 22
221.239.195.6 - - [08/Jul/2021:11:07:06 +0800] "GET /xingrg/all/function/internal_message.html?_=1625713630938&CODE_STATE=getMsg HTTP/1.1" 200 27
180.169.147.146 - - [08/Jul/2021:11:07:06 +0800] "GET /xingrg/all/function/internal_message.html?_=1625713632083&CODE_STATE=getMsg HTTP/1.1" 200 27
180.169.147.146 - - [08/Jul/2021:11:07:07 +0800] "GET /xingrg/kc/buy/cgsh_order_add.html HTTP/1.1" 200 62643
116.235.95.53 - - [08/Jul/2021:11:07:07 +0800] "GET /xingrg/all/function/internal_message.html?_=1625713726723&CODE_STATE=getMsg HTTP/1.1" 200 27
180.169.147.146 - - [08/Jul/2021:11:07:08 +0800] "POST /xingrg/kc/buy/cgsh_order_operate.html HTTP/1.1" 200 8245
180.169.147.146 - - [08/Jul/2021:11:07:08 +0800] "GET /xingrg/javascript/easyui/themes/default/validatebox.css HTTP/1.1" 404 1104
120.253.135.82 - - [08/Jul/2021:11:07:10 +0800] "GET /xingrg/all/function/internal_message.html?_=1625713674073&CODE_STATE=getMsg HTTP/1.1" 200 27
101.83.240.23 - - [08/Jul/2021:11:07:10 +0800] "GET /xingrg/kc/buy/cgsh_order_operate.html?command=get_materiel&rest_code=00149&code=00101012049&supplier_code=00100338&order_time=2021-07-08 HTTP/1.1" 200 431
221.239.195.6 - - [08/Jul/2021:11:07:10 +0800] "GET /xingrg/kc/base/wldb_order_operate.html?command=get_materiel&rest_code=00105&base_code=0010507&code=00101013150 HTTP/1.1" 200 428
116.224.113.71 - - [08/Jul/2021:11:07:11 +0800] "GET /xingrg/all/function/internal_message.html?_=1625713631278&CODE_STATE=getMsg HTTP/1.1" 200 27
180.169.147.146 - - [08/Jul/2021:11:07:11 +0800] "GET /favicon.ico HTTP/1.1" 404 -
58.40.7.146 - - [08/Jul/2021:11:07:12 +0800] "GET /xingrg/check_reg.html?_=1625713636317 HTTP/1.1" 200 22
58.40.7.146 - - [08/Jul/2021:11:07:12 +0800] "GET /xingrg/all/function/internal_message.html?_=1625713636319&CODE_STATE=getMsg HTTP/1.1" 200 27
222.70.176.145 - - [08/Jul/2021:11:07:12 +0800] "GET /xingrg/all/function/internal_message.html?_=1625713633567&CODE_STATE=getMsg HTTP/1.1" 200 27
120.253.135.82 - - [08/Jul/2021:11:07:15 +0800] "GET /xingrg/all/function/internal_message.html?_=1625713765364&CODE_STATE=getMsg HTTP/1.1" 200 27
180.169.147.146 - - [08/Jul/2021:11:07:16 +0800] "GET /xingrg/kc/buy/cgsh_order_operate.html?command=get_materiel&rest_code=00147&code=00101020019&supplier_code=00100242&order_time=2021-07-08 HTTP/1.1" 200 424
116.235.222.38 - - [08/Jul/2021:11:07:21 +0800] "GET /xingrg/all/function/internal_message.html?_=1625713638640&CODE_STATE=getMsg HTTP/1.1" 200 27
101.83.240.23 - - [08/Jul/2021:11:07:21 +0800] "POST /xingrg/kc/buy/cgsh_order_operate.html HTTP/1.1" 200 64
180.174.237.246 - - [08/Jul/2021:11:07:22 +0800] "GET /xingrg/all/function/internal_message.html?_=1625713658271&CODE_STATE=getMsg HTTP/1.1" 200 27
58.37.225.51 - - [08/Jul/2021:11:07:22 +0800] "POST /xingrg/kc/buy/cgsh_order_operate.html HTTP/1.1" 200 37
58.37.5.217 - - [08/Jul/2021:11:07:24 +0800] "POST /xingrg/kc/buy/cgsh_list_operate.html HTTP/1.1" 200 5168
116.233.77.171 - - [08/Jul/2021:11:07:24 +0800] "GET /xingrg/all/function/internal_message.html?_=1625713650905&CODE_STATE=getMsg HTTP/1.1" 200 27
116.233.77.171 - - [08/Jul/2021:11:07:24 +0800] "GET /xingrg/check_reg.html?_=1625713650913 HTTP/1.1" 200 22
180.169.147.146 - - [08/Jul/2021:11:07:24 +0800] "GET /xingrg/kc/buy/cgsh_order_operate.html?command=get_materiel&rest_code=00147&code=00101011005&supplier_code=00100242&order_time=2021-07-08 HTTP/1.1" 200 428
180.169.147.146 - - [08/Jul/2021:11:07:27 +0800] "GET /xingrg/all/function/internal_message.html?_=1625713650674&CODE_STATE=getMsg HTTP/1.1" 200 27
101.83.240.23 - - [08/Jul/2021:11:07:27 +0800] "POST /xingrg/kc/buy/cgsh_order_operate.html HTTP/1.1" 200 37
58.37.5.217 - - [08/Jul/2021:11:07:27 +0800] "POST /xingrg/kc/buy/cgsh_list_operate.html HTTP/1.1" 200 201
58.37.5.217 - - [08/Jul/2021:11:07:28 +0800] "GET /xingrg/kc/buy/cgsh_order_info.html?code=212021070803229 HTTP/1.1" 200 62686
58.37.5.217 - - [08/Jul/2021:11:07:28 +0800] "GET /xingrg/javascript/easyui/themes/default/validatebox.css HTTP/1.1" 404 1104
58.37.5.217 - - [08/Jul/2021:11:07:28 +0800] "POST /xingrg/kc/buy/cgsh_order_operate.html HTTP/1.1" 200 2662
116.230.117.165 - - [08/Jul/2021:11:07:31 +0800] "GET /xingrg/all/function/internal_message.html?_=1625713667807&CODE_STATE=getMsg HTTP/1.1" 200 27
116.230.114.112 - - [08/Jul/2021:11:07:32 +0800] "GET /xingrg/all/function/internal_message.html?_=1625713668912&CODE_STATE=getMsg HTTP/1.1" 302 -
180.157.255.9 - - [08/Jul/2021:11:07:33 +0800] "GET /xingrg/all/function/internal_message.html?_=1625713665028&CODE_STATE=getMsg HTTP/1.1" 200 27
180.157.255.9 - - [08/Jul/2021:11:07:33 +0800] "GET /xingrg/check_reg.html?_=1625713665030 HTTP/1.1" 200 22
58.37.5.217 - - [08/Jul/2021:11:07:36 +0800] "POST /xingrg/kc/buy/cgsh_order_operate.html HTTP/1.1" 200 37
58.37.225.51 - - [08/Jul/2021:11:07:36 +0800] "GET /xingrg/all/function/internal_message.html?_=1625713580993&CODE_STATE=getMsg HTTP/1.1" 200 27
101.83.240.23 - - [08/Jul/2021:11:07:36 +0800] "POST /xingrg/kc/buy/cgsh_order_operate.html HTTP/1.1" 200 12
58.37.225.51 - - [08/Jul/2021:11:07:38 +0800] "POST /xingrg/kc/buy/cgsh_order_operate.html HTTP/1.1" 200 12
172.20.0.100 - - [08/Jul/2021:11:07:39 +0800] "GET /xingrg/all/function/internal_message.html?_=1625713663742&CODE_STATE=getMsg HTTP/1.1" 200 27
116.224.113.71 - - [08/Jul/2021:11:07:40 +0800] "GET /xingrg/all/function/internal_message.html?_=1625713652419&CODE_STATE=getMsg HTTP/1.1" 200 27
180.169.147.146 - - [08/Jul/2021:11:07:40 +0800] "GET /xingrg/kc/buy/cgsh_order_operate.html?command=get_materiel&rest_code=00147&code=00101011004&supplier_code=00100242&order_time=2021-07-08 HTTP/1.1" 200 412
58.37.5.217 - - [08/Jul/2021:11:07:41 +0800] "POST /xingrg/kc/buy/cgsh_order_operate.html HTTP/1.1" 200 12
58.37.225.51 - - [08/Jul/2021:11:07:41 +0800] "GET /xingrg/kc/buy/cgsh_order_info.html?code=212021070803320 HTTP/1.1" 200 57593
58.37.225.51 - - [08/Jul/2021:11:07:41 +0800] "GET /xingrg/javascript/easyui/themes/default/validatebox.css HTTP/1.1" 404 1104
58.37.5.217 - - [08/Jul/2021:11:07:42 +0800] "GET /xingrg/kc/buy/cgsh_order_info.html?code=212021070803229 HTTP/1.1" 200 57585
58.37.225.51 - - [08/Jul/2021:11:07:42 +0800] "POST /xingrg/kc/buy/cgsh_order_operate.html HTTP/1.1" 200 2403
101.83.240.23 - - [08/Jul/2021:11:07:42 +0800] "GET /xingrg/kc/buy/cgsh_order_info.html?code=212021070803322 HTTP/1.1" 200 57640
58.37.5.217 - - [08/Jul/2021:11:07:42 +0800] "GET /xingrg/javascript/easyui/themes/default/validatebox.css HTTP/1.1" 404 1104
101.83.240.23 - - [08/Jul/2021:11:07:42 +0800] "GET /xingrg/javascript/easyui/themes/default/validatebox.css HTTP/1.1" 404 1104
58.37.5.217 - - [08/Jul/2021:11:07:43 +0800] "POST /xingrg/kc/buy/cgsh_order_operate.html HTTP/1.1" 200 612
101.83.240.23 - - [08/Jul/2021:11:07:43 +0800] "POST /xingrg/kc/buy/cgsh_order_operate.html HTTP/1.1" 200 618
116.230.110.80 - - [08/Jul/2021:11:07:44 +0800] "GET /xingrg/all/function/internal_message.html?_=1625713668663&CODE_STATE=getMsg HTTP/1.1" 200 27
101.83.240.23 - - [08/Jul/2021:11:07:45 +0800] "GET /xingrg/kc/print/load_data.html?order_code=212021070803322&kc_code=cgsh&condition= HTTP/1.1" 200 721
58.37.5.217 - - [08/Jul/2021:11:07:45 +0800] "GET /xingrg/all/function/internal_message.html?_=1625714205389&CODE_STATE=getMsg HTTP/1.1" 200 27
221.239.195.6 - - [08/Jul/2021:11:07:45 +0800] "GET /xingrg/all/function/internal_message.html?_=1625713638349&CODE_STATE=getMsg HTTP/1.1" 200 27
58.37.5.217 - - [08/Jul/2021:11:07:46 +0800] "GET /xingrg/kc/print/load_data.html?order_code=212021070803229&kc_code=cgsh&condition= HTTP/1.1" 200 705
58.37.5.217 - - [08/Jul/2021:11:07:48 +0800] "GET /xingrg/all/function/internal_message.html?_=1625713670450&CODE_STATE=getMsg HTTP/1.1" 200 27
101.83.240.23 - - [08/Jul/2021:11:07:49 +0800] "GET /xingrg/kc/buy/cgsh_order_add.html HTTP/1.1" 200 62728
101.83.240.23 - - [08/Jul/2021:11:07:49 +0800] "POST /xingrg/kc/buy/cgsh_order_operate.html HTTP/1.1" 200 8245
101.83.240.23 - - [08/Jul/2021:11:07:49 +0800] "GET /xingrg/javascript/easyui/themes/default/validatebox.css HTTP/1.1" 404 1104
180.174.237.246 - - [08/Jul/2021:11:07:50 +0800] "GET /xingrg/all/function/internal_message.html?_=1625713686975&CODE_STATE=getMsg HTTP/1.1" 200 27
58.37.5.217 - - [08/Jul/2021:11:07:51 +0800] "POST /xingrg/kc/buy/cgsh_list_operate.html HTTP/1.1" 200 5172
183.192.88.201 - - [08/Jul/2021:11:07:58 +0800] "GET /xingrg/all/function/internal_message.html?_=1625713685997&CODE_STATE=getMsg HTTP/1.1" 200 27
101.83.240.23 - - [08/Jul/2021:11:08:00 +0800] "GET /xingrg/kc/buy/cgsh_order_operate.html?command=get_materiel&rest_code=00149&code=00101007032&supplier_code=00100328&order_time=2021-07-08 HTTP/1.1" 200 432
58.37.225.51 - - [08/Jul/2021:11:08:00 +0800] "GET /xingrg/kc/print/load_data.html?order_code=212021070803320&kc_code=cgsh&condition= HTTP/1.1" 200 1475
116.235.222.38 - - [08/Jul/2021:11:08:02 +0800] "POST /xingrg/services/DataTransmitService HTTP/1.1" 200 524
116.235.222.38 - - [08/Jul/2021:11:08:02 +0800] "POST /xingrg/services/DataTransmitService HTTP/1.1" 200 2235
116.235.222.38 - - [08/Jul/2021:11:08:02 +0800] "POST /xingrg/services/DataTransmitService HTTP/1.1" 200 2455
116.235.222.38 - - [08/Jul/2021:11:08:03 +0800] "POST /xingrg/services/DataTransmitService HTTP/1.1" 200 1451
116.235.222.38 - - [08/Jul/2021:11:08:04 +0800] "POST /xingrg/services/DataTransmitService HTTP/1.1" 200 148467
221.239.195.6 - - [08/Jul/2021:11:08:06 +0800] "GET /xingrg/all/function/internal_message.html?_=1625713690914&CODE_STATE=getMsg HTTP/1.1" 200 27
180.169.147.146 - - [08/Jul/2021:11:08:06 +0800] "GET /xingrg/all/function/internal_message.html?_=1625713692088&CODE_STATE=getMsg HTTP/1.1" 200 27
116.235.95.53 - - [08/Jul/2021:11:08:07 +0800] "GET /xingrg/all/function/internal_message.html?_=1625713786723&CODE_STATE=getMsg HTTP/1.1" 200 27
101.83.240.23 - - [08/Jul/2021:11:08:09 +0800] "GET /xingrg/kc/buy/cgsh_order_operate.html?command=get_materiel&rest_code=00149&code=00101007077&supplier_code=00100328&order_time=2021-07-08 HTTP/1.1" 200 415
120.253.135.82 - - [08/Jul/2021:11:08:10 +0800] "GET /xingrg/all/function/internal_message.html?_=1625713734089&CODE_STATE=getMsg HTTP/1.1" 200 27
116.224.113.71 - - [08/Jul/2021:11:08:11 +0800] "GET /xingrg/all/function/internal_message.html?_=1625713691270&CODE_STATE=getMsg HTTP/1.1" 200 27
58.40.7.146 - - [08/Jul/2021:11:08:12 +0800] "GET /xingrg/all/function/internal_message.html?_=1625713696320&CODE_STATE=getMsg HTTP/1.1" 200 27
222.70.176.145 - - [08/Jul/2021:11:08:12 +0800] "GET /xingrg/all/function/internal_message.html?_=1625713693566&CODE_STATE=getMsg HTTP/1.1" 200 27
120.253.135.82 - - [08/Jul/2021:11:08:15 +0800] "GET /xingrg/all/function/internal_message.html?_=1625713825371&CODE_STATE=getMsg HTTP/1.1" 200 27
116.235.222.38 - - [08/Jul/2021:11:08:20 +0800] "GET /xingrg/all/function/internal_message.html?_=1625713698634&CODE_STATE=getMsg HTTP/1.1" 200 27
180.174.237.246 - - [08/Jul/2021:11:08:21 +0800] "GET /xingrg/check_reg.html?_=1625713717568 HTTP/1.1" 200 22
101.83.240.23 - - [08/Jul/2021:11:08:21 +0800] "POST /xingrg/kc/buy/cgsh_order_operate.html HTTP/1.1" 200 37
180.174.237.246 - - [08/Jul/2021:11:08:22 +0800] "GET /xingrg/all/function/internal_message.html?_=1625713718286&CODE_STATE=getMsg HTTP/1.1" 200 27
116.233.77.171 - - [08/Jul/2021:11:08:24 +0800] "GET /xingrg/all/function/internal_message.html?_=1625713710902&CODE_STATE=getMsg HTTP/1.1" 200 27
101.83.240.23 - - [08/Jul/2021:11:08:24 +0800] "POST /xingrg/kc/buy/cgsh_order_operate.html HTTP/1.1" 200 12
180.169.147.146 - - [08/Jul/2021:11:08:27 +0800] "GET /xingrg/all/function/internal_message.html?_=1625713710685&CODE_STATE=getMsg HTTP/1.1" 200 27
58.37.225.51 - - [08/Jul/2021:11:08:28 +0800] "GET /xingrg/kc/buy/cgsh_order_add.html HTTP/1.1" 200 62681
58.37.225.51 - - [08/Jul/2021:11:08:28 +0800] "POST /xingrg/kc/buy/cgsh_order_operate.html HTTP/1.1" 200 8245
58.37.225.51 - - [08/Jul/2021:11:08:28 +0800] "GET /xingrg/javascript/easyui/themes/default/validatebox.css HTTP/1.1" 404 1104
101.93.222.235 - - [08/Jul/2021:11:08:28 +0800] "POST /xingrg/services/DataTransmitService HTTP/1.1" 200 524
101.93.222.235 - - [08/Jul/2021:11:08:29 +0800] "POST /xingrg/services/DataTransmitService HTTP/1.1" 200 2075
101.93.222.235 - - [08/Jul/2021:11:08:29 +0800] "POST /xingrg/services/DataTransmitService HTTP/1.1" 200 2427
101.93.222.235 - - [08/Jul/2021:11:08:29 +0800] "POST /xingrg/services/DataTransmitService HTTP/1.1" 200 1431
101.93.222.235 - - [08/Jul/2021:11:08:30 +0800] "POST /xingrg/services/DataTransmitService HTTP/1.1" 200 151852
116.230.117.165 - - [08/Jul/2021:11:08:31 +0800] "GET /xingrg/all/function/internal_message.html?_=1625713727981&CODE_STATE=getMsg HTTP/1.1" 200 27
116.230.114.112 - - [08/Jul/2021:11:08:32 +0800] "GET /xingrg/all/function/internal_message.html?_=1625713728916&CODE_STATE=getMsg HTTP/1.1" 302 -
180.157.255.9 - - [08/Jul/2021:11:08:33 +0800] "GET /xingrg/all/function/internal_message.html?_=1625713725030&CODE_STATE=getMsg HTTP/1.1" 200 27
58.37.225.51 - - [08/Jul/2021:11:08:36 +0800] "GET /xingrg/all/function/internal_message.html?_=1625713640994&CODE_STATE=getMsg HTTP/1.1" 200 27
172.20.0.100 - - [08/Jul/2021:11:08:39 +0800] "GET /xingrg/all/function/internal_message.html?_=1625713723715&CODE_STATE=getMsg HTTP/1.1" 200 27
58.37.225.51 - - [08/Jul/2021:11:08:40 +0800] "GET /xingrg/kc/buy/cgsh_order_operate.html?command=get_materiel&rest_code=00141&code=00101004038&supplier_code=00100312&order_time=2021-07-08 HTTP/1.1" 200 429
116.224.113.71 - - [08/Jul/2021:11:08:40 +0800] "GET /xingrg/all/function/internal_message.html?_=1625713712507&CODE_STATE=getMsg HTTP/1.1" 200 27
221.239.195.6 - - [08/Jul/2021:11:08:41 +0800] "POST /xingrg/kc/base/wldb_order_operate.html HTTP/1.1" 200 37
221.239.195.6 - - [08/Jul/2021:11:08:42 +0800] "POST /xingrg/kc/base/wldb_order_operate.html HTTP/1.1" 200 5156
116.230.110.80 - - [08/Jul/2021:11:08:44 +0800] "GET /xingrg/all/function/internal_message.html?_=1625713728665&CODE_STATE=getMsg HTTP/1.1" 200 27
116.230.110.80 - - [08/Jul/2021:11:08:44 +0800] "GET /xingrg/check_reg.html?_=1625713728671 HTTP/1.1" 200 22
221.239.195.6 - - [08/Jul/2021:11:08:44 +0800] "GET /xingrg/kc/base/wldb_order_info.html?code=422021070800817 HTTP/1.1" 200 30367
221.239.195.6 - - [08/Jul/2021:11:08:45 +0800] "GET /xingrg/javascript/easyui/themes/default/validatebox.css HTTP/1.1" 404 1104
58.37.5.217 - - [08/Jul/2021:11:08:45 +0800] "GET /xingrg/all/function/internal_message.html?_=1625714265371&CODE_STATE=getMsg HTTP/1.1" 200 27
221.239.195.6 - - [08/Jul/2021:11:08:45 +0800] "GET /xingrg/all/function/internal_message.html?_=1625713698326&CODE_STATE=getMsg HTTP/1.1" 200 27
221.239.195.6 - - [08/Jul/2021:11:08:46 +0800] "POST /xingrg/kc/base/wldb_order_operate.html HTTP/1.1" 200 5156
58.37.5.217 - - [08/Jul/2021:11:08:48 +0800] "GET /xingrg/all/function/internal_message.html?_=1625713730449&CODE_STATE=getMsg HTTP/1.1" 200 27
180.174.237.246 - - [08/Jul/2021:11:08:50 +0800] "GET /xingrg/check_reg.html?_=1625713746756 HTTP/1.1" 200 22
180.174.237.246 - - [08/Jul/2021:11:08:50 +0800] "GET /xingrg/all/function/internal_message.html?_=1625713746990&CODE_STATE=getMsg HTTP/1.1" 200 27
180.169.147.146 - - [08/Jul/2021:11:08:52 +0800] "GET /xingrg/kc/buy/cgsh_order_operate.html?command=get_materiel&rest_code=00147&code=00101011009&supplier_code=00100242&order_time=2021-07-08 HTTP/1.1" 200 418
58.37.225.51 - - [08/Jul/2021:11:08:53 +0800] "GET /xingrg/kc/buy/cgsh_order_operate.html?command=get_materiel&rest_code=00141&code=00101004061&supplier_code=00100312&order_time=2021-07-08 HTTP/1.1" 200 409
58.37.5.217 - - [08/Jul/2021:11:08:54 +0800] "POST /xingrg/kc/buy/cgsh_list_operate.html HTTP/1.1" 200 5172
221.239.195.6 - - [08/Jul/2021:11:08:56 +0800] "POST /xingrg/kc/base/wldb_list_operate.html HTTP/1.1" 200 2560
116.235.222.38 - - [08/Jul/2021:11:08:57 +0800] "GET /xingrg/javascript/easyui/themes/default/tree.css HTTP/1.1" 404 1090
116.235.222.38 - - [08/Jul/2021:11:08:57 +0800] "POST /xingrg/all/common/load_tree.html?tree=supplier_tree_json&isDelete=1 HTTP/1.1" 200 56276
183.192.88.201 - - [08/Jul/2021:11:08:57 +0800] "GET /xingrg/all/function/internal_message.html?_=1625713745985&CODE_STATE=getMsg HTTP/1.1" 200 27
58.37.5.217 - - [08/Jul/2021:11:08:59 +0800] "POST /xingrg/kc/buy/cgsh_list_operate.html HTTP/1.1" 200 203
58.37.225.51 - - [08/Jul/2021:11:08:59 +0800] "GET /xingrg/kc/buy/cgsh_order_operate.html?command=get_materiel&rest_code=00141&code=00101004079&supplier_code=00100312&order_time=2021-07-08 HTTP/1.1" 200 399
58.37.5.217 - - [08/Jul/2021:11:09:00 +0800] "GET /xingrg/kc/buy/cgsh_order_info.html?code=212021070803230 HTTP/1.1" 200 62688
58.37.5.217 - - [08/Jul/2021:11:09:00 +0800] "GET /xingrg/javascript/easyui/themes/default/validatebox.css HTTP/1.1" 404 1104
58.37.5.217 - - [08/Jul/2021:11:09:01 +0800] "POST /xingrg/kc/buy/cgsh_order_operate.html HTTP/1.1" 200 2660
101.83.240.23 - - [08/Jul/2021:11:09:04 +0800] "GET /xingrg/kc/buy/cgsh_order_info.html?code=212021070803323 HTTP/1.1" 200 57640
101.83.240.23 - - [08/Jul/2021:11:09:04 +0800] "GET /xingrg/javascript/easyui/themes/default/validatebox.css HTTP/1.1" 404 1104
101.83.240.23 - - [08/Jul/2021:11:09:04 +0800] "POST /xingrg/kc/buy/cgsh_order_operate.html HTTP/1.1" 200 1203
221.239.195.6 - - [08/Jul/2021:11:09:06 +0800] "GET /xingrg/all/function/internal_message.html?_=1625713750888&CODE_STATE=getMsg HTTP/1.1" 200 27
180.169.147.146 - - [08/Jul/2021:11:09:06 +0800] "GET /xingrg/all/function/internal_message.html?_=1625713752078&CODE_STATE=getMsg HTTP/1.1" 200 27
101.83.240.23 - - [08/Jul/2021:11:09:07 +0800] "GET /xingrg/kc/print/load_data.html?order_code=212021070803323&kc_code=cgsh&condition= HTTP/1.1" 200 943
116.235.95.53 - - [08/Jul/2021:11:09:07 +0800] "GET /xingrg/all/function/internal_message.html?_=1625713846723&CODE_STATE=getMsg HTTP/1.1" 200 27
180.169.147.146 - - [08/Jul/2021:11:09:08 +0800] "GET /xingrg/kc/buy/cgsh_order_operate.html?command=get_materiel&rest_code=00147&code=00101008417&supplier_code=00100242&order_time=2021-07-08 HTTP/1.1" 200 414
58.37.5.217 - - [08/Jul/2021:11:09:08 +0800] "POST /xingrg/kc/buy/cgsh_order_operate.html HTTP/1.1" 200 37
58.37.225.51 - - [08/Jul/2021:11:09:09 +0800] "GET /xingrg/kc/buy/cgsh_order_operate.html?command=get_materiel&rest_code=00141&code=00101004022&supplier_code=00100312&order_time=2021-07-08 HTTP/1.1" 200 413
120.253.135.82 - - [08/Jul/2021:11:09:10 +0800] "GET /xingrg/all/function/internal_message.html?_=1625713794113&CODE_STATE=getMsg HTTP/1.1" 200 27
101.83.240.23 - - [08/Jul/2021:11:09:10 +0800] "GET /xingrg/kc/buy/cgsh_order_add.html HTTP/1.1" 200 62728
101.83.240.23 - - [08/Jul/2021:11:09:11 +0800] "POST /xingrg/kc/buy/cgsh_order_operate.html HTTP/1.1" 200 8245
101.83.240.23 - - [08/Jul/2021:11:09:11 +0800] "GET /xingrg/javascript/easyui/themes/default/validatebox.css HTTP/1.1" 404 1104
116.224.113.71 - - [08/Jul/2021:11:09:11 +0800] "GET /xingrg/all/function/internal_message.html?_=1625713751240&CODE_STATE=getMsg HTTP/1.1" 200 27
116.224.113.71 - - [08/Jul/2021:11:09:11 +0800] "GET /xingrg/check_reg.html?_=1625713751555 HTTP/1.1" 200 22
58.40.7.146 - - [08/Jul/2021:11:09:12 +0800] "GET /xingrg/all/function/internal_message.html?_=1625713756325&CODE_STATE=getMsg HTTP/1.1" 200 27
222.70.176.145 - - [08/Jul/2021:11:09:12 +0800] "GET /xingrg/all/function/internal_message.html?_=1625713753593&CODE_STATE=getMsg HTTP/1.1" 200 27
58.37.5.217 - - [08/Jul/2021:11:09:12 +0800] "POST /xingrg/kc/buy/cgsh_order_operate.html HTTP/1.1" 200 12
116.230.114.112 - - [08/Jul/2021:11:09:12 +0800] "GET /xingrg/check_reg.html?_=1625713768658 HTTP/1.1" 302 -
58.37.5.217 - - [08/Jul/2021:11:09:13 +0800] "GET /xingrg/kc/buy/cgsh_order_info.html?code=212021070803230 HTTP/1.1" 200 57587
58.37.5.217 - - [08/Jul/2021:11:09:13 +0800] "GET /xingrg/javascript/easyui/themes/default/validatebox.css HTTP/1.1" 404 1104
58.37.5.217 - - [08/Jul/2021:11:09:14 +0800] "POST /xingrg/kc/buy/cgsh_order_operate.html HTTP/1.1" 200 610
120.253.135.82 - - [08/Jul/2021:11:09:15 +0800] "GET /xingrg/check_reg.html?_=1625713884842 HTTP/1.1" 200 22
120.253.135.82 - - [08/Jul/2021:11:09:15 +0800] "GET /xingrg/all/function/internal_message.html?_=1625713885385&CODE_STATE=getMsg HTTP/1.1" 200 27
180.169.147.146 - - [08/Jul/2021:11:09:16 +0800] "GET /xingrg/kc/buy/cgsh_order_operate.html?command=get_materiel&rest_code=00147&code=00101016025&supplier_code=00100242&order_time=2021-07-08 HTTP/1.1" 200 408
58.37.5.217 - - [08/Jul/2021:11:09:16 +0800] "GET /xingrg/kc/print/load_data.html?order_code=212021070803230&kc_code=cgsh&condition= HTTP/1.1" 200 708
58.37.5.217 - - [08/Jul/2021:11:09:16 +0800] "POST /xingrg/kc/buy/cgsh_list_operate.html HTTP/1.1" 200 5169
116.235.222.38 - - [08/Jul/2021:11:09:17 +0800] "GET /xingrg/kc/buy/cgsh_order_operate.html?command=get_materiel&rest_code=00107&code=00102002167&supplier_code=00100347&order_time=2021-07-08 HTTP/1.1" 200 409
58.37.225.51 - - [08/Jul/2021:11:09:17 +0800] "GET /xingrg/kc/buy/cgsh_order_operate.html?command=get_materiel&rest_code=00141&code=00101004050&supplier_code=00100312&order_time=2021-07-08 HTTP/1.1" 200 409
101.83.240.23 - - [08/Jul/2021:11:09:19 +0800] "GET /xingrg/kc/buy/cgsh_order_operate.html?command=get_materiel&rest_code=00149&code=00101008055&supplier_code=00100440&order_time=2021-07-08 HTTP/1.1" 200 409
116.235.222.38 - - [08/Jul/2021:11:09:20 +0800] "GET /xingrg/all/function/internal_message.html?_=1625713758623&CODE_STATE=getMsg HTTP/1.1" 200 27
180.174.237.246 - - [08/Jul/2021:11:09:22 +0800] "GET /xingrg/all/function/internal_message.html?_=1625713778300&CODE_STATE=getMsg HTTP/1.1" 200 27
180.169.147.146 - - [08/Jul/2021:11:09:23 +0800] "GET /xingrg/kc/buy/cgsh_order_operate.html?command=get_materiel&rest_code=00147&code=00101016080&supplier_code=00100242&order_time=2021-07-08 HTTP/1.1" 200 408
116.233.77.171 - - [08/Jul/2021:11:09:24 +0800] "GET /xingrg/all/function/internal_message.html?_=1625713770893&CODE_STATE=getMsg HTTP/1.1" 200 27
58.37.225.51 - - [08/Jul/2021:11:09:25 +0800] "GET /xingrg/kc/buy/cgsh_order_operate.html?command=get_materiel&rest_code=00141&code=00101004030&supplier_code=00100312&order_time=2021-07-08 HTTP/1.1" 200 428
172.20.0.100 - - [08/Jul/2021:11:09:27 +0800] "GET /xingrg/check_reg.html?_=1625713771515 HTTP/1.1" 200 22
180.169.147.146 - - [08/Jul/2021:11:09:27 +0800] "GET /xingrg/all/function/internal_message.html?_=1625713770677&CODE_STATE=getMsg HTTP/1.1" 200 27
101.83.240.23 - - [08/Jul/2021:11:09:28 +0800] "GET /xingrg/kc/buy/cgsh_order_operate.html?command=get_materiel&rest_code=00149&code=00101008077&supplier_code=00100440&order_time=2021-07-08 HTTP/1.1" 200 416
116.235.222.38 - - [08/Jul/2021:11:09:29 +0800] "GET /xingrg/kc/buy/cgsh_order_operate.html?command=get_materiel&rest_code=00107&code=00101012046&supplier_code=00100347&order_time=2021-07-08 HTTP/1.1" 200 417
116.230.117.165 - - [08/Jul/2021:11:09:31 +0800] "GET /xingrg/all/function/internal_message.html?_=1625713787991&CODE_STATE=getMsg HTTP/1.1" 200 27
180.169.147.146 - - [08/Jul/2021:11:09:32 +0800] "GET /xingrg/kc/buy/cgsh_order_operate.html?command=get_materiel&rest_code=00147&code=00101012019&supplier_code=00100242&order_time=2021-07-08 HTTP/1.1" 200 412
116.238.248.233 - - [08/Jul/2021:11:09:32 +0800] "GET /favicon.ico HTTP/1.1" 404 -
116.230.114.112 - - [08/Jul/2021:11:09:33 +0800] "GET /xingrg/all/function/internal_message.html?_=1625713788937&CODE_STATE=getMsg HTTP/1.1" 302 -
116.224.113.71 - - [08/Jul/2021:11:09:33 +0800] "GET /xingrg/check_reg.html?_=1625713764677 HTTP/1.1" 200 22
180.157.255.9 - - [08/Jul/2021:11:09:33 +0800] "GET /xingrg/all/function/internal_message.html?_=1625713785030&CODE_STATE=getMsg HTTP/1.1" 200 27
58.37.225.51 - - [08/Jul/2021:11:09:34 +0800] "GET /xingrg/kc/buy/cgsh_order_operate.html?command=get_materiel&rest_code=00141&code=00101005015&supplier_code=00100312&order_time=2021-07-08 HTTP/1.1" 200 409
58.37.225.51 - - [08/Jul/2021:11:09:36 +0800] "GET /xingrg/all/function/internal_message.html?_=1625713700948&CODE_STATE=getMsg HTTP/1.1" 200 27
58.37.5.217 - - [08/Jul/2021:11:09:36 +0800] "POST /xingrg/kc/buy/cgsh_list_operate.html HTTP/1.1" 200 5169
101.83.240.23 - - [08/Jul/2021:11:09:37 +0800] "GET /xingrg/kc/buy/cgsh_order_operate.html?command=get_materiel&rest_code=00149&code=00101008079&supplier_code=00100440&order_time=2021-07-08 HTTP/1.1" 200 416
172.20.0.100 - - [08/Jul/2021:11:09:39 +0800] "GET /xingrg/all/function/internal_message.html?_=1625713783687&CODE_STATE=getMsg HTTP/1.1" 200 27
116.235.222.38 - - [08/Jul/2021:11:09:39 +0800] "GET /xingrg/kc/buy/cgsh_order_operate.html?command=get_materiel&rest_code=00107&code=00101016057&supplier_code=00100347&order_time=2021-07-08 HTTP/1.1" 200 408
58.37.5.217 - - [08/Jul/2021:11:09:39 +0800] "POST /xingrg/kc/buy/cgsh_list_operate.html HTTP/1.1" 200 427
101.83.240.23 - - [08/Jul/2021:11:09:40 +0800] "GET /xingrg/all/function/internal_message.html?_=1625713785787&CODE_STATE=getMsg HTTP/1.1" 200 27
58.37.5.217 - - [08/Jul/2021:11:09:40 +0800] "GET /xingrg/kc/buy/cgsh_order_info.html?code=212021070803232 HTTP/1.1" 200 62684
116.224.113.71 - - [08/Jul/2021:11:09:40 +0800] "GET /xingrg/all/function/internal_message.html?_=1625713772509&CODE_STATE=getMsg HTTP/1.1" 200 27
58.37.5.217 - - [08/Jul/2021:11:09:40 +0800] "GET /xingrg/javascript/easyui/themes/default/validatebox.css HTTP/1.1" 404 1104
58.37.5.217 - - [08/Jul/2021:11:09:41 +0800] "POST /xingrg/kc/buy/cgsh_order_operate.html HTTP/1.1" 200 4427
101.83.240.23 - - [08/Jul/2021:11:09:44 +0800] "POST /xingrg/kc/buy/cgsh_order_operate.html HTTP/1.1" 200 37
180.169.147.146 - - [08/Jul/2021:11:09:44 +0800] "GET /xingrg/kc/buy/cgsh_order_operate.html?command=get_materiel&rest_code=00147&code=00101007109&supplier_code=00100242&order_time=2021-07-08 HTTP/1.1" 200 408
116.230.110.80 - - [08/Jul/2021:11:09:44 +0800] "GET /xingrg/all/function/internal_message.html?_=1625713788664&CODE_STATE=getMsg HTTP/1.1" 200 27
58.37.5.217 - - [08/Jul/2021:11:09:45 +0800] "GET /xingrg/all/function/internal_message.html?_=1625714325365&CODE_STATE=getMsg HTTP/1.1" 200 27
221.239.195.6 - - [08/Jul/2021:11:09:45 +0800] "GET /xingrg/all/function/internal_message.html?_=1625713758304&CODE_STATE=getMsg HTTP/1.1" 200 27
116.235.222.38 - - [08/Jul/2021:11:09:48 +0800] "POST /xingrg/services/DataTransmitService HTTP/1.1" 200 524
58.37.5.217 - - [08/Jul/2021:11:09:48 +0800] "GET /xingrg/all/function/internal_message.html?_=1625713790448&CODE_STATE=getMsg HTTP/1.1" 200 27
116.235.222.38 - - [08/Jul/2021:11:09:49 +0800] "POST /xingrg/services/DataTransmitService HTTP/1.1" 200 2235
101.83.240.23 - - [08/Jul/2021:11:09:49 +0800] "POST /xingrg/kc/buy/cgsh_order_operate.html HTTP/1.1" 200 12
58.37.5.217 - - [08/Jul/2021:11:09:49 +0800] "POST /xingrg/kc/buy/cgsh_order_operate.html HTTP/1.1" 200 37
58.37.225.51 - - [08/Jul/2021:11:09:49 +0800] "GET /xingrg/kc/buy/cgsh_order_operate.html?command=get_materiel&rest_code=00141&code=00101004020&supplier_code=00100312&order_time=2021-07-08 HTTP/1.1" 200 409
180.174.237.246 - - [08/Jul/2021:11:09:50 +0800] "GET /xingrg/all/function/internal_message.html?_=1625713807004&CODE_STATE=getMsg HTTP/1.1" 200 27
58.37.5.217 - - [08/Jul/2021:11:09:52 +0800] "POST /xingrg/kc/buy/cgsh_order_operate.html HTTP/1.1" 200 12
101.83.240.23 - - [08/Jul/2021:11:09:52 +0800] "GET /xingrg/kc/buy/cgsh_order_info.html?code=212021070803324 HTTP/1.1" 200 57640
101.83.240.23 - - [08/Jul/2021:11:09:52 +0800] "GET /xingrg/javascript/easyui/themes/default/validatebox.css HTTP/1.1" 404 1104
101.83.240.23 - - [08/Jul/2021:11:09:53 +0800] "POST /xingrg/kc/buy/cgsh_order_operate.html HTTP/1.1" 200 1795
58.221.95.50 - - [08/Jul/2021:11:09:53 +0800] "GET /xingrg/check_reg.html?_=1625713797517 HTTP/1.1" 302 -
58.37.5.217 - - [08/Jul/2021:11:09:53 +0800] "GET /xingrg/kc/buy/cgsh_order_info.html?code=212021070803232 HTTP/1.1" 200 57583
58.37.5.217 - - [08/Jul/2021:11:09:54 +0800] "GET /xingrg/javascript/easyui/themes/default/validatebox.css HTTP/1.1" 404 1104
58.37.5.217 - - [08/Jul/2021:11:09:54 +0800] "POST /xingrg/kc/buy/cgsh_order_operate.html HTTP/1.1" 200 2377
116.235.222.38 - - [08/Jul/2021:11:09:54 +0800] "POST /xingrg/services/DataTransmitService HTTP/1.1" 200 524
116.235.222.38 - - [08/Jul/2021:11:09:55 +0800] "POST /xingrg/services/DataTransmitService HTTP/1.1" 200 2235
101.83.240.23 - - [08/Jul/2021:11:09:56 +0800] "GET /xingrg/kc/print/load_data.html?order_code=212021070803324&kc_code=cgsh&condition= HTTP/1.1" 200 1171
180.169.147.146 - - [08/Jul/2021:11:09:56 +0800] "GET /xingrg/kc/buy/cgsh_order_operate.html?command=get_materiel&rest_code=00147&code=00101012059&supplier_code=00100242&order_time=2021-07-08 HTTP/1.1" 200 412
58.37.5.217 - - [08/Jul/2021:11:09:57 +0800] "GET /xingrg/kc/print/load_data.html?order_code=212021070803232&kc_code=cgsh&condition= HTTP/1.1" 200 1368
58.37.225.51 - - [08/Jul/2021:11:09:57 +0800] "GET /xingrg/kc/buy/cgsh_order_operate.html?command=get_materiel&rest_code=00141&code=00101004057&supplier_code=00100312&order_time=2021-07-08 HTTP/1.1" 200 429
58.37.5.217 - - [08/Jul/2021:11:09:57 +0800] "POST /xingrg/kc/buy/cgsh_list_operate.html HTTP/1.1" 200 5174
183.192.88.201 - - [08/Jul/2021:11:09:58 +0800] "GET /xingrg/all/function/internal_message.html?_=1625713805994&CODE_STATE=getMsg HTTP/1.1" 200 27
221.239.195.6 - - [08/Jul/2021:11:10:06 +0800] "GET /xingrg/all/function/internal_message.html?_=1625713810886&CODE_STATE=getMsg HTTP/1.1" 200 27
180.169.147.146 - - [08/Jul/2021:11:10:06 +0800] "POST /xingrg/kc/buy/cgsh_order_operate.html HTTP/1.1" 200 37
180.169.147.146 - - [08/Jul/2021:11:10:06 +0800] "GET /xingrg/all/function/internal_message.html?_=1625713812081&CODE_STATE=getMsg HTTP/1.1" 200 27
58.37.225.51 - - [08/Jul/2021:11:10:06 +0800] "GET /xingrg/kc/buy/cgsh_order_operate.html?command=get_materiel&rest_code=00141&code=00101001096&supplier_code=00100312&order_time=2021-07-08 HTTP/1.1" 200 413
221.239.195.6 - - [08/Jul/2021:11:10:07 +0800] "GET /xingrg/check_reg.html?_=1625713811762 HTTP/1.1" 200 22
116.235.95.53 - - [08/Jul/2021:11:10:08 +0800] "GET /xingrg/all/function/internal_message.html?_=1625713906733&CODE_STATE=getMsg HTTP/1.1" 200 27
180.169.147.146 - - [08/Jul/2021:11:10:08 +0800] "POST /xingrg/kc/buy/cgsh_order_operate.html HTTP/1.1" 200 7997
120.253.135.82 - - [08/Jul/2021:11:10:10 +0800] "GET /xingrg/all/function/internal_message.html?_=1625713854115&CODE_STATE=getMsg HTTP/1.1" 200 27
116.224.113.71 - - [08/Jul/2021:11:10:11 +0800] "GET /xingrg/all/function/internal_message.html?_=1625713811212&CODE_STATE=getMsg HTTP/1.1" 200 27
58.40.7.146 - - [08/Jul/2021:11:10:12 +0800] "GET /xingrg/all/function/internal_message.html?_=1625713816329&CODE_STATE=getMsg HTTP/1.1" 200 27
180.169.147.146 - - [08/Jul/2021:11:10:12 +0800] "GET /xingrg/kc/print/report_design.html?orderType=cgsh HTTP/1.1" 200 8625
222.70.176.145 - - [08/Jul/2021:11:10:12 +0800] "GET /xingrg/all/function/internal_message.html?_=1625713813591&CODE_STATE=getMsg HTTP/1.1" 200 27
180.169.147.146 - - [08/Jul/2021:11:10:12 +0800] "GET /xingrg/kc/print/design_operate.html?_=1625713813491&command=load_config&code=cgsh HTTP/1.1" 200 2747
180.169.147.146 - - [08/Jul/2021:11:10:12 +0800] "GET /favicon.ico HTTP/1.1" 404 -
116.235.222.38 - - [08/Jul/2021:11:10:13 +0800] "GET /xingrg/kc/buy/cgsh_order_operate.html?command=get_materiel&rest_code=00107&code=00101020225&supplier_code=00100347&order_time=2021-07-08 HTTP/1.1" 200 403
180.169.147.146 - - [08/Jul/2021:11:10:14 +0800] "GET /xingrg/kc/print/load_data.html?order_code=212021070803325&kc_code=cgsh&condition= HTTP/1.1" 200 2693
58.37.5.217 - - [08/Jul/2021:11:10:15 +0800] "POST /xingrg/kc/buy/cgsh_list_operate.html HTTP/1.1" 200 5174
58.37.225.51 - - [08/Jul/2021:11:10:15 +0800] "GET /xingrg/kc/buy/cgsh_order_operate.html?command=get_materiel&rest_code=00141&code=00101001234&supplier_code=00100312&order_time=2021-07-08 HTTP/1.1" 200 395
120.253.135.82 - - [08/Jul/2021:11:10:15 +0800] "GET /xingrg/all/function/internal_message.html?_=1625713945399&CODE_STATE=getMsg HTTP/1.1" 200 27
58.37.5.217 - - [08/Jul/2021:11:10:18 +0800] "POST /xingrg/kc/buy/cgsh_list_operate.html HTTP/1.1" 200 286
58.37.5.217 - - [08/Jul/2021:11:10:19 +0800] "GET /xingrg/kc/buy/cgsh_order_info.html?code=212021070803235 HTTP/1.1" 200 62686
58.37.5.217 - - [08/Jul/2021:11:10:19 +0800] "GET /xingrg/javascript/easyui/themes/default/validatebox.css HTTP/1.1" 404 1104
58.37.5.217 - - [08/Jul/2021:11:10:19 +0800] "POST /xingrg/kc/buy/cgsh_order_operate.html HTTP/1.1" 200 3265
58.37.225.51 - - [08/Jul/2021:11:10:20 +0800] "GET /xingrg/kc/buy/cgsh_order_operate.html?command=get_materiel&rest_code=00141&code=00101001138&supplier_code=00100312&order_time=2021-07-08 HTTP/1.1" 200 433
180.169.147.146 - - [08/Jul/2021:11:10:20 +0800] "GET /xingrg/kc/buy/cgsh_order_add.html HTTP/1.1" 200 62643
116.235.222.38 - - [08/Jul/2021:11:10:21 +0800] "GET /xingrg/all/function/internal_message.html?_=1625713818606&CODE_STATE=getMsg HTTP/1.1" 200 27
180.169.147.146 - - [08/Jul/2021:11:10:21 +0800] "POST /xingrg/kc/buy/cgsh_order_operate.html HTTP/1.1" 200 8245
180.169.147.146 - - [08/Jul/2021:11:10:21 +0800] "GET /xingrg/javascript/easyui/themes/default/validatebox.css HTTP/1.1" 404 1104
180.174.237.246 - - [08/Jul/2021:11:10:22 +0800] "GET /xingrg/all/function/internal_message.html?_=1625713838313&CODE_STATE=getMsg HTTP/1.1" 200 27
116.235.95.53 - - [08/Jul/2021:11:10:23 +0800] "GET /xingrg/kc/report/report_main.html HTTP/1.1" 200 7345
116.233.77.171 - - [08/Jul/2021:11:10:24 +0800] "GET /xingrg/all/function/internal_message.html?_=1625713830901&CODE_STATE=getMsg HTTP/1.1" 200 27
116.235.222.38 - - [08/Jul/2021:11:10:25 +0800] "GET /xingrg/kc/buy/cgsh_order_operate.html?command=get_materiel&rest_code=00107&code=00101020296&supplier_code=00100347&order_time=2021-07-08 HTTP/1.1" 200 399
58.37.5.217 - - [08/Jul/2021:11:10:26 +0800] "POST /xingrg/kc/buy/cgsh_order_operate.html HTTP/1.1" 200 37
180.169.147.146 - - [08/Jul/2021:11:10:27 +0800] "GET /xingrg/all/function/internal_message.html?_=1625713830674&CODE_STATE=getMsg HTTP/1.1" 200 27
180.169.147.146 - - [08/Jul/2021:11:10:27 +0800] "GET /xingrg/check_reg.html?_=1625713830680 HTTP/1.1" 200 22
116.230.117.165 - - [08/Jul/2021:11:10:28 +0800] "GET /xingrg/check_reg.html?_=1625713845647 HTTP/1.1" 200 22
58.37.5.217 - - [08/Jul/2021:11:10:30 +0800] "POST /xingrg/kc/buy/cgsh_order_operate.html HTTP/1.1" 200 12
58.37.5.217 - - [08/Jul/2021:11:10:31 +0800] "GET /xingrg/kc/buy/cgsh_order_info.html?code=212021070803235 HTTP/1.1" 200 57585
116.230.117.165 - - [08/Jul/2021:11:10:31 +0800] "GET /xingrg/all/function/internal_message.html?_=1625713848005&CODE_STATE=getMsg HTTP/1.1" 200 27
58.37.5.217 - - [08/Jul/2021:11:10:31 +0800] "GET /xingrg/javascript/easyui/themes/default/validatebox.css HTTP/1.1" 404 1104
58.37.5.217 - - [08/Jul/2021:11:10:31 +0800] "POST /xingrg/kc/buy/cgsh_order_operate.html HTTP/1.1" 200 1215
101.83.240.23 - - [08/Jul/2021:11:10:32 +0800] "GET /xingrg/kc/buy/cgsh_order_add.html HTTP/1.1" 200 62728
101.83.240.23 - - [08/Jul/2021:11:10:32 +0800] "POST /xingrg/kc/buy/cgsh_order_operate.html HTTP/1.1" 200 8245
101.83.240.23 - - [08/Jul/2021:11:10:32 +0800] "GET /xingrg/javascript/easyui/themes/default/validatebox.css HTTP/1.1" 404 1104
116.230.114.112 - - [08/Jul/2021:11:10:33 +0800] "GET /xingrg/all/function/internal_message.html?_=1625713848943&CODE_STATE=getMsg HTTP/1.1" 302 -
116.235.222.38 - - [08/Jul/2021:11:10:33 +0800] "GET /xingrg/kc/buy/cgsh_order_operate.html?command=get_materiel&rest_code=00107&code=00101020303&supplier_code=00100347&order_time=2021-07-08 HTTP/1.1" 200 416
180.169.147.146 - - [08/Jul/2021:11:10:33 +0800] "GET /xingrg/kc/buy/cgsh_order_operate.html?command=get_materiel&rest_code=00147&code=00101006133&supplier_code=00100015&order_time=2021-07-08 HTTP/1.1" 200 413
58.37.5.217 - - [08/Jul/2021:11:10:33 +0800] "POST /xingrg/kc/buy/cgsh_list_operate.html HTTP/1.1" 200 5173
180.157.255.9 - - [08/Jul/2021:11:10:33 +0800] "GET /xingrg/all/function/internal_message.html?_=1625713845029&CODE_STATE=getMsg HTTP/1.1" 200 27
58.37.5.217 - - [08/Jul/2021:11:10:34 +0800] "GET /xingrg/kc/print/load_data.html?order_code=212021070803235&kc_code=cgsh&condition= HTTP/1.1" 200 960
58.37.225.51 - - [08/Jul/2021:11:10:36 +0800] "GET /xingrg/all/function/internal_message.html?_=1625713760932&CODE_STATE=getMsg HTTP/1.1" 200 27
58.37.225.51 - - [08/Jul/2021:11:10:36 +0800] "GET /xingrg/check_reg.html?_=1625713761103 HTTP/1.1" 200 22
172.20.0.100 - - [08/Jul/2021:11:10:39 +0800] "GET /xingrg/all/function/internal_message.html?_=1625713843672&CODE_STATE=getMsg HTTP/1.1" 200 27
101.83.240.23 - - [08/Jul/2021:11:10:40 +0800] "GET /xingrg/all/function/internal_message.html?_=1625713845773&CODE_STATE=getMsg HTTP/1.1" 200 27
58.37.225.51 - - [08/Jul/2021:11:10:40 +0800] "GET /xingrg/kc/buy/cgsh_order_operate.html?command=get_materiel&rest_code=00141&code=00101001023&supplier_code=00100312&order_time=2021-07-08 HTTP/1.1" 200 413
116.224.113.71 - - [08/Jul/2021:11:10:40 +0800] "GET /xingrg/all/function/internal_message.html?_=1625713832522&CODE_STATE=getMsg HTTP/1.1" 200 27
101.83.240.23 - - [08/Jul/2021:11:10:42 +0800] "GET /xingrg/check_reg.html?_=1625713847856 HTTP/1.1" 200 22
116.230.110.80 - - [08/Jul/2021:11:10:44 +0800] "GET /xingrg/all/function/internal_message.html?_=1625713848668&CODE_STATE=getMsg HTTP/1.1" 200 27
221.239.195.6 - - [08/Jul/2021:11:10:45 +0800] "GET /xingrg/check_reg.html?_=1625713818071 HTTP/1.1" 200 22
101.93.222.235 - - [08/Jul/2021:11:10:45 +0800] "POST /xingrg/services/DataTransmitService HTTP/1.1" 200 524
58.37.5.217 - - [08/Jul/2021:11:10:45 +0800] "GET /xingrg/all/function/internal_message.html?_=1625714385347&CODE_STATE=getMsg HTTP/1.1" 200 27
221.239.195.6 - - [08/Jul/2021:11:10:45 +0800] "GET /xingrg/all/function/internal_message.html?_=1625713818283&CODE_STATE=getMsg HTTP/1.1" 200 27
101.93.222.235 - - [08/Jul/2021:11:10:46 +0800] "POST /xingrg/services/DataTransmitService HTTP/1.1" 200 2075
180.169.147.146 - - [08/Jul/2021:11:10:46 +0800] "GET /xingrg/kc/buy/cgsh_order_operate.html?command=get_materiel&rest_code=00147&code=00101006124&supplier_code=00100015&order_time=2021-07-08 HTTP/1.1" 200 409
58.37.225.51 - - [08/Jul/2021:11:10:46 +0800] "GET /xingrg/kc/buy/cgsh_order_operate.html?command=get_materiel&rest_code=00141&code=00101004051&supplier_code=00100312&order_time=2021-07-08 HTTP/1.1" 200 409
58.37.5.217 - - [08/Jul/2021:11:10:48 +0800] "GET /xingrg/all/function/internal_message.html?_=1625713850448&CODE_STATE=getMsg HTTP/1.1" 200 27
116.235.222.38 - - [08/Jul/2021:11:10:49 +0800] "POST /xingrg/kc/buy/cgsh_order_operate.html HTTP/1.1" 200 37
101.83.240.23 - - [08/Jul/2021:11:10:50 +0800] "GET /xingrg/kc/buy/cgsh_order_operate.html?command=get_materiel&rest_code=00149&code=00101013209&supplier_code=00100337&order_time=2021-07-08 HTTP/1.1" 200 413
116.235.222.38 - - [08/Jul/2021:11:10:50 +0800] "POST /xingrg/kc/buy/cgsh_order_operate.html HTTP/1.1" 200 5040
180.174.237.246 - - [08/Jul/2021:11:10:50 +0800] "GET /xingrg/all/function/internal_message.html?_=1625713867017&CODE_STATE=getMsg HTTP/1.1" 200 27
116.235.222.38 - - [08/Jul/2021:11:10:51 +0800] "GET /xingrg/kc/print/load_data.html?order_code=212021070803326&kc_code=cgsh&condition= HTTP/1.1" 200 1573
58.37.225.51 - - [08/Jul/2021:11:10:53 +0800] "GET /xingrg/kc/buy/cgsh_order_operate.html?command=get_materiel&rest_code=00141&code=00101010461&supplier_code=00100312&order_time=2021-07-08 HTTP/1.1" 200 395
58.37.5.217 - - [08/Jul/2021:11:10:55 +0800] "POST /xingrg/kc/buy/cgsh_list_operate.html HTTP/1.1" 200 5172
116.235.222.38 - - [08/Jul/2021:11:10:55 +0800] "GET /xingrg/kc/buy/cgsh_order_add.html HTTP/1.1" 200 62763
180.169.147.146 - - [08/Jul/2021:11:10:55 +0800] "GET /xingrg/kc/buy/cgsh_order_operate.html?command=get_materiel&rest_code=00147&code=00101006065&supplier_code=00100015&order_time=2021-07-08 HTTP/1.1" 200 409
116.235.222.38 - - [08/Jul/2021:11:10:56 +0800] "POST /xingrg/kc/buy/cgsh_order_operate.html HTTP/1.1" 200 8245
116.235.222.38 - - [08/Jul/2021:11:10:56 +0800] "GET /xingrg/javascript/easyui/themes/default/validatebox.css HTTP/1.1" 404 1104
116.235.222.38 - - [08/Jul/2021:11:10:57 +0800] "GET /xingrg/javascript/easyui/themes/default/tree.css HTTP/1.1" 404 1090
116.235.222.38 - - [08/Jul/2021:11:10:57 +0800] "POST /xingrg/all/common/load_tree.html?tree=supplier_tree_json&isDelete=1 HTTP/1.1" 200 56276
183.192.88.201 - - [08/Jul/2021:11:10:57 +0800] "GET /xingrg/check_reg.html?_=1625713865990 HTTP/1.1" 200 22
183.192.88.201 - - [08/Jul/2021:11:10:58 +0800] "GET /xingrg/all/function/internal_message.html?_=1625713865991&CODE_STATE=getMsg HTTP/1.1" 200 27
116.235.95.53 - - [08/Jul/2021:11:11:00 +0800] "GET /xingrg/all/report/report_query.html?fileName=kc/buy/gys_amount.xml&rh=99999 HTTP/1.1" 200 52006
116.235.95.53 - - [08/Jul/2021:11:11:00 +0800] "GET /xingrg/dwr/interface/AjaxReportQueryService.js HTTP/1.1" 200 13203
116.235.95.53 - - [08/Jul/2021:11:11:00 +0800] "GET /xingrg/dwr/engine.js HTTP/1.1" 200 43631
116.235.95.53 - - [08/Jul/2021:11:11:01 +0800] "POST /xingrg/dwr/call/plaincall/AjaxReportQueryService.getFixDate.dwr HTTP/1.1" 200 111
116.235.95.53 - - [08/Jul/2021:11:11:01 +0800] "POST /xingrg/all/common/load_tree.html?tree=supplier_tree_json&manage=1 HTTP/1.1" 200 57246
116.235.95.53 - - [08/Jul/2021:11:11:02 +0800] "POST /xingrg/all/common/load_tree.html?tree=materiel_sort_tree_json HTTP/1.1" 200 8666
116.235.95.53 - - [08/Jul/2021:11:11:02 +0800] "POST /xingrg/dwr/call/plaincall/AjaxReportQueryService.getInitString.dwr HTTP/1.1" 200 975
101.83.240.23 - - [08/Jul/2021:11:11:02 +0800] "GET /xingrg/kc/buy/cgsh_order_operate.html?command=get_materiel&rest_code=00149&code=00101019247&supplier_code=00100337&order_time=2021-07-08 HTTP/1.1" 200 440
58.37.5.217 - - [08/Jul/2021:11:11:03 +0800] "POST /xingrg/kc/buy/cgsh_list_operate.html HTTP/1.1" 200 276
180.169.147.146 - - [08/Jul/2021:11:11:03 +0800] "GET /xingrg/kc/buy/cgsh_order_operate.html?command=get_materiel&rest_code=00147&code=00101006055&supplier_code=00100015&order_time=2021-07-08 HTTP/1.1" 200 409
58.37.5.217 - - [08/Jul/2021:11:11:04 +0800] "GET /xingrg/kc/buy/cgsh_order_info.html?code=212021070803241 HTTP/1.1" 200 62688
58.37.5.217 - - [08/Jul/2021:11:11:04 +0800] "GET /xingrg/javascript/easyui/themes/default/validatebox.css HTTP/1.1" 404 1104
58.37.5.217 - - [08/Jul/2021:11:11:05 +0800] "POST /xingrg/kc/buy/cgsh_order_operate.html HTTP/1.1" 200 3256
221.239.195.6 - - [08/Jul/2021:11:11:06 +0800] "GET /xingrg/all/function/internal_message.html?_=1625713870865&CODE_STATE=getMsg HTTP/1.1" 200 27
180.169.147.146 - - [08/Jul/2021:11:11:06 +0800] "GET /xingrg/check_reg.html?_=1625713872088 HTTP/1.1" 200 22
180.169.147.146 - - [08/Jul/2021:11:11:06 +0800] "GET /xingrg/all/function/internal_message.html?_=1625713872092&CODE_STATE=getMsg HTTP/1.1" 200 27
116.235.95.53 - - [08/Jul/2021:11:11:08 +0800] "GET /xingrg/check_reg.html?_=1625713966742 HTTP/1.1" 200 22
116.235.95.53 - - [08/Jul/2021:11:11:08 +0800] "GET /xingrg/all/function/internal_message.html?_=1625713966743&CODE_STATE=getMsg HTTP/1.1" 200 27
120.253.135.82 - - [08/Jul/2021:11:11:09 +0800] "GET /xingrg/check_reg.html?_=1625713913678 HTTP/1.1" 200 22
120.253.135.82 - - [08/Jul/2021:11:11:10 +0800] "GET /xingrg/all/function/internal_message.html?_=1625713914128&CODE_STATE=getMsg HTTP/1.1" 200 27
116.224.113.71 - - [08/Jul/2021:11:11:11 +0800] "GET /xingrg/all/function/internal_message.html?_=1625713871197&CODE_STATE=getMsg HTTP/1.1" 200 27
180.169.147.146 - - [08/Jul/2021:11:11:11 +0800] "GET /xingrg/check_reg.html?_=1625713872404 HTTP/1.1" 200 22
