221.239.195.6 - - [08/Jul/2021:09:04:06 +0800] "GET /xingrg/all/function/internal_message.html?_=1625706251604&CODE_STATE=getMsg HTTP/1.1" 200 27
116.233.77.171 - - [08/Jul/2021:09:04:09 +0800] "GET /xingrg/kc/buy/cgsh_order_operate.html?command=get_materiel&rest_code=00109&code=00101008196&supplier_code=00100005&order_time=2021-07-08 HTTP/1.1" 200 416
116.224.113.71 - - [08/Jul/2021:09:04:10 +0800] "POST /xingrg/kc/buy/cgsh_order_operate.html HTTP/1.1" 200 2065
58.40.7.146 - - [08/Jul/2021:09:04:11 +0800] "GET /xingrg/all/function/internal_message.html?_=1625706256171&CODE_STATE=getMsg HTTP/1.1" 200 27
222.70.176.145 - - [08/Jul/2021:09:04:11 +0800] "GET /xingrg/all/function/internal_message.html?_=1625706253357&CODE_STATE=getMsg HTTP/1.1" 200 27
116.230.114.112 - - [08/Jul/2021:09:04:12 +0800] "GET /xingrg/check_reg.html?_=1625706268504 HTTP/1.1" 302 -
116.233.77.171 - - [08/Jul/2021:09:04:16 +0800] "GET /xingrg/kc/buy/cgsh_order_operate.html?command=get_materiel&rest_code=00109&code=00101008197&supplier_code=00100005&order_time=2021-07-08 HTTP/1.1" 200 416
101.83.240.23 - - [08/Jul/2021:09:04:18 +0800] "GET /xingrg/kc/buy/cgsh_order_operate.html?command=get_materiel&rest_code=00149&code=00101008185&supplier_code=00100005&order_time=2021-07-08 HTTP/1.1" 200 408
116.230.117.165 - - [08/Jul/2021:09:04:23 +0800] "GET /xingrg/all/function/internal_message.html?_=1625706279649&CODE_STATE=getMsg HTTP/1.1" 200 27
116.224.113.71 - - [08/Jul/2021:09:04:26 +0800] "POST /xingrg/kc/buy/cgsh_order_operate.html HTTP/1.1" 200 37
116.224.113.71 - - [08/Jul/2021:09:04:28 +0800] "POST /xingrg/kc/buy/cgsh_order_operate.html HTTP/1.1" 200 26292
116.233.77.171 - - [08/Jul/2021:09:04:30 +0800] "GET /xingrg/kc/buy/cgsh_order_operate.html?command=get_materiel&rest_code=00109&code=00101008055&supplier_code=00100005&order_time=2021-07-08 HTTP/1.1" 200 409
116.230.114.112 - - [08/Jul/2021:09:04:31 +0800] "GET /xingrg/all/function/internal_message.html?_=1625706287231&CODE_STATE=getMsg HTTP/1.1" 302 -
101.83.240.23 - - [08/Jul/2021:09:04:35 +0800] "GET /xingrg/kc/buy/cgsh_order_operate.html?command=get_materiel&rest_code=00149&code=00101008351&supplier_code=00100005&order_time=2021-07-08 HTTP/1.1" 200 408
180.169.147.146 - - [08/Jul/2021:09:04:37 +0800] "GET /xingrg/all/function/internal_message.html?_=1625706283372&CODE_STATE=getMsg HTTP/1.1" 200 27
116.233.77.171 - - [08/Jul/2021:09:04:37 +0800] "GET /xingrg/all/function/internal_message.html?_=1625706284169&CODE_STATE=getMsg HTTP/1.1" 200 27
101.83.240.23 - - [08/Jul/2021:09:04:41 +0800] "GET /xingrg/all/function/internal_message.html?_=1625706287572&CODE_STATE=getMsg HTTP/1.1" 200 27
116.230.117.165 - - [08/Jul/2021:09:04:44 +0800] "GET /xingrg/check_reg.html?_=1625706300475 HTTP/1.1" 200 22
101.83.240.23 - - [08/Jul/2021:09:04:46 +0800] "GET /xingrg/kc/buy/cgsh_order_operate.html?command=get_materiel&rest_code=00149&code=00101008096&supplier_code=00100005&order_time=2021-07-08 HTTP/1.1" 200 412
116.233.77.171 - - [08/Jul/2021:09:04:52 +0800] "GET /xingrg/kc/buy/cgsh_order_operate.html?command=get_materiel&rest_code=00109&code=00101008244&supplier_code=00100005&order_time=2021-07-08 HTTP/1.1" 200 408
116.224.113.71 - - [08/Jul/2021:09:04:52 +0800] "POST /xingrg/all/user/operate.html HTTP/1.1" 200 36
116.224.113.71 - - [08/Jul/2021:09:04:53 +0800] "GET /xingrg/index.html?sysBaseUrl=http%3A%2F%2F180.169.147.146%3A18081%2Fxingrg%2F&costTime=386×tamp=1625533711648 HTTP/1.1" 200 17177
116.224.113.71 - - [08/Jul/2021:09:04:53 +0800] "GET /xingrg/javascript/jquery_easy_ui/themes/default/easyui.css HTTP/1.1" 304 -
116.224.113.71 - - [08/Jul/2021:09:04:53 +0800] "GET /xingrg/javascript/jquery_easy_ui/themes/icon.css HTTP/1.1" 304 -
116.224.113.71 - - [08/Jul/2021:09:04:53 +0800] "GET /xingrg/css/form.css HTTP/1.1" 304 -
116.224.113.71 - - [08/Jul/2021:09:04:53 +0800] "GET /xingrg/javascript/jquery-1.4.2.min.js HTTP/1.1" 304 -
116.224.113.71 - - [08/Jul/2021:09:04:53 +0800] "GET /xingrg/javascript/jquery_easy_ui/jquery.easyui.min.js HTTP/1.1" 304 -
116.224.113.71 - - [08/Jul/2021:09:04:53 +0800] "GET /xingrg/javascript/jquery_easy_ui/easyui-lang-zh_CN.js HTTP/1.1" 304 -
116.224.113.71 - - [08/Jul/2021:09:04:53 +0800] "GET /xingrg/javascript/jquery.form.js HTTP/1.1" 304 -
116.224.113.71 - - [08/Jul/2021:09:04:53 +0800] "GET /xingrg/javascript/jquery.utils.js HTTP/1.1" 304 -
116.224.113.71 - - [08/Jul/2021:09:04:53 +0800] "GET /xingrg/javascript/jquery.timers.js HTTP/1.1" 304 -
116.224.113.71 - - [08/Jul/2021:09:04:53 +0800] "GET /xingrg/images/blue/jxLogo.png HTTP/1.1" 304 -
116.224.113.71 - - [08/Jul/2021:09:04:53 +0800] "GET /xingrg/images/blue/navBackgound.jpg HTTP/1.1" 304 -
116.224.113.71 - - [08/Jul/2021:09:04:53 +0800] "GET /xingrg/javascript/jquery_easy_ui/themes/icons/settle_new.png HTTP/1.1" 304 -
116.224.113.71 - - [08/Jul/2021:09:04:53 +0800] "POST /xingrg/all/common/load_tree.html?tree=area_rest_tree_json&manage=1 HTTP/1.1" 200 476
116.224.113.71 - - [08/Jul/2021:09:04:53 +0800] "GET /xingrg/all/function/internal_message.html?_=1625706293500&CODE_STATE=count HTTP/1.1" 200 11
116.224.113.71 - - [08/Jul/2021:09:04:53 +0800] "GET /xingrg/check_reg.html?_=1625706293502 HTTP/1.1" 200 22
116.224.113.71 - - [08/Jul/2021:09:04:53 +0800] "GET /xingrg/javascript/jquery_easy_ui/themes/default/images/tabs_rightarrow.png HTTP/1.1" 304 -
116.224.113.71 - - [08/Jul/2021:09:04:53 +0800] "GET /xingrg/javascript/jquery_easy_ui/themes/default/images/panel_tool_collapse.gif HTTP/1.1" 304 -
116.224.113.71 - - [08/Jul/2021:09:04:53 +0800] "GET /xingrg/javascript/jquery_easy_ui/themes/default/images/tabs_leftarrow.png HTTP/1.1" 304 -
116.224.113.71 - - [08/Jul/2021:09:04:53 +0800] "GET /xingrg/images/blue/pingpu.png HTTP/1.1" 304 -
116.224.113.71 - - [08/Jul/2021:09:04:53 +0800] "POST /xingrg/load_menu.html HTTP/1.1" 200 5138
101.83.240.23 - - [08/Jul/2021:09:04:54 +0800] "GET /xingrg/kc/buy/cgsh_order_operate.html?command=get_materiel&rest_code=00149&code=00101008038&supplier_code=00100005&order_time=2021-07-08 HTTP/1.1" 200 412
116.224.113.71 - - [08/Jul/2021:09:04:57 +0800] "GET /xingrg/kc/buy/cgsh_order_list.html HTTP/1.1" 200 46941
183.192.88.201 - - [08/Jul/2021:09:04:57 +0800] "GET /xingrg/all/function/internal_message.html?_=1625706305941&CODE_STATE=getMsg HTTP/1.1" 200 27
116.224.113.71 - - [08/Jul/2021:09:04:58 +0800] "POST /xingrg/kc/buy/cgsh_list_operate.html HTTP/1.1" 200 876
116.224.113.71 - - [08/Jul/2021:09:04:58 +0800] "GET /xingrg/kc/buy/cgsh_order_add.html HTTP/1.1" 200 62317
116.224.113.71 - - [08/Jul/2021:09:04:59 +0800] "POST /xingrg/kc/buy/cgsh_order_operate.html HTTP/1.1" 200 8245
116.233.77.171 - - [08/Jul/2021:09:04:59 +0800] "GET /xingrg/kc/buy/cgsh_order_operate.html?command=get_materiel&rest_code=00109&code=00101008186&supplier_code=00100005&order_time=2021-07-08 HTTP/1.1" 200 408
116.224.113.71 - - [08/Jul/2021:09:04:59 +0800] "GET /xingrg/javascript/easyui/themes/default/validatebox.css HTTP/1.1" 404 1104
116.224.113.71 - - [08/Jul/2021:09:05:00 +0800] "GET /xingrg/javascript/auto/indicator.gif HTTP/1.1" 404 1066
116.233.77.171 - - [08/Jul/2021:09:05:01 +0800] "POST /xingrg/kc/buy/cgsh_order_operate.html HTTP/1.1" 200 2065
101.83.240.23 - - [08/Jul/2021:09:05:02 +0800] "GET /xingrg/kc/buy/cgsh_order_operate.html?command=get_materiel&rest_code=00149&code=00101008283&supplier_code=00100005&order_time=2021-07-08 HTTP/1.1" 200 408
116.233.77.171 - - [08/Jul/2021:09:05:05 +0800] "GET /xingrg/kc/buy/cgsh_order_operate.html?command=get_materiel&rest_code=00109&code=00101008038&supplier_code=00100005&order_time=2021-07-08 HTTP/1.1" 200 412
221.239.195.6 - - [08/Jul/2021:09:05:06 +0800] "GET /xingrg/check_reg.html?_=1625706311632 HTTP/1.1" 200 22
221.239.195.6 - - [08/Jul/2021:09:05:06 +0800] "GET /xingrg/all/function/internal_message.html?_=1625706311634&CODE_STATE=getMsg HTTP/1.1" 200 27
116.224.113.71 - - [08/Jul/2021:09:05:08 +0800] "GET /xingrg/kc/buy/cgsh_order_operate.html?command=get_materiel&rest_code=00151&code=00101016038&supplier_code=00100007&order_time=2021-07-08 HTTP/1.1" 200 408
101.83.240.23 - - [08/Jul/2021:09:05:10 +0800] "GET /xingrg/kc/buy/cgsh_order_operate.html?command=get_materiel&rest_code=00149&code=00101008358&supplier_code=00100005&order_time=2021-07-08 HTTP/1.1" 200 412
58.40.7.146 - - [08/Jul/2021:09:05:11 +0800] "GET /xingrg/all/function/internal_message.html?_=1625706316199&CODE_STATE=getMsg HTTP/1.1" 200 27
222.70.176.145 - - [08/Jul/2021:09:05:11 +0800] "GET /xingrg/all/function/internal_message.html?_=1625706313356&CODE_STATE=getMsg HTTP/1.1" 200 27
116.224.113.71 - - [08/Jul/2021:09:05:16 +0800] "GET /xingrg/kc/buy/cgsh_order_operate.html?command=get_materiel&rest_code=00151&code=00101008323&supplier_code=00100007&order_time=2021-07-08 HTTP/1.1" 200 408
101.83.240.23 - - [08/Jul/2021:09:05:18 +0800] "GET /xingrg/kc/buy/cgsh_order_operate.html?command=get_materiel&rest_code=00149&code=00101008163&supplier_code=00100005&order_time=2021-07-08 HTTP/1.1" 200 408
116.230.117.165 - - [08/Jul/2021:09:05:23 +0800] "GET /xingrg/all/function/internal_message.html?_=1625706339660&CODE_STATE=getMsg HTTP/1.1" 200 27
116.224.113.71 - - [08/Jul/2021:09:05:23 +0800] "GET /xingrg/kc/buy/cgsh_order_operate.html?command=get_materiel&rest_code=00151&code=00101008352&supplier_code=00100007&order_time=2021-07-08 HTTP/1.1" 200 412
101.83.240.23 - - [08/Jul/2021:09:05:25 +0800] "GET /xingrg/kc/buy/cgsh_order_operate.html?command=get_materiel&rest_code=00149&code=00101008224&supplier_code=00100005&order_time=2021-07-08 HTTP/1.1" 200 416
116.224.113.71 - - [08/Jul/2021:09:05:31 +0800] "GET /xingrg/kc/buy/cgsh_order_operate.html?command=get_materiel&rest_code=00151&code=00101008234&supplier_code=00100007&order_time=2021-07-08 HTTP/1.1" 200 408
116.230.114.112 - - [08/Jul/2021:09:05:31 +0800] "GET /xingrg/all/function/internal_message.html?_=1625706347253&CODE_STATE=getMsg HTTP/1.1" 302 -
180.169.147.146 - - [08/Jul/2021:09:05:37 +0800] "GET /xingrg/all/function/internal_message.html?_=1625706343376&CODE_STATE=getMsg HTTP/1.1" 200 27
116.233.77.171 - - [08/Jul/2021:09:05:37 +0800] "GET /xingrg/all/function/internal_message.html?_=1625706344165&CODE_STATE=getMsg HTTP/1.1" 200 27
116.224.113.71 - - [08/Jul/2021:09:05:38 +0800] "GET /xingrg/kc/buy/cgsh_order_operate.html?command=get_materiel&rest_code=00151&code=00101008318&supplier_code=00100007&order_time=2021-07-08 HTTP/1.1" 200 408
101.83.240.23 - - [08/Jul/2021:09:05:41 +0800] "GET /xingrg/check_reg.html?_=1625706347587 HTTP/1.1" 200 22
101.83.240.23 - - [08/Jul/2021:09:05:41 +0800] "GET /xingrg/all/function/internal_message.html?_=1625706347590&CODE_STATE=getMsg HTTP/1.1" 200 27
116.224.113.71 - - [08/Jul/2021:09:05:53 +0800] "GET /xingrg/all/function/internal_message.html?_=1625706353511&CODE_STATE=getMsg HTTP/1.1" 200 27
116.224.113.71 - - [08/Jul/2021:09:05:53 +0800] "GET /xingrg/kc/buy/cgsh_order_operate.html?command=get_materiel&rest_code=00151&code=00101016051&supplier_code=00100007&order_time=2021-07-08 HTTP/1.1" 200 408
183.192.88.201 - - [08/Jul/2021:09:05:57 +0800] "GET /xingrg/check_reg.html?_=1625706365936 HTTP/1.1" 200 22
183.192.88.201 - - [08/Jul/2021:09:05:57 +0800] "GET /xingrg/all/function/internal_message.html?_=1625706365938&CODE_STATE=getMsg HTTP/1.1" 200 27
116.233.77.171 - - [08/Jul/2021:09:05:59 +0800] "GET /xingrg/kc/buy/cgsh_order_operate.html?command=get_materiel&rest_code=00109&code=00101008290&supplier_code=00100005&order_time=2021-07-08 HTTP/1.1" 200 416
116.224.113.71 - - [08/Jul/2021:09:05:59 +0800] "GET /xingrg/kc/buy/cgsh_order_operate.html?command=get_materiel&rest_code=00151&code=00101008354&supplier_code=00100007&order_time=2021-07-08 HTTP/1.1" 200 412
101.83.240.23 - - [08/Jul/2021:09:05:59 +0800] "GET /xingrg/kc/buy/cgsh_order_operate.html?command=get_materiel&rest_code=00149&code=00101008064&supplier_code=00100005&order_time=2021-07-08 HTTP/1.1" 200 412
116.233.77.171 - - [08/Jul/2021:09:06:05 +0800] "GET /xingrg/kc/buy/cgsh_order_operate.html?command=get_materiel&rest_code=00109&code=00101008003&supplier_code=00100005&order_time=2021-07-08 HTTP/1.1" 200 408
101.83.240.23 - - [08/Jul/2021:09:06:05 +0800] "POST /xingrg/kc/buy/cgsh_order_operate.html HTTP/1.1" 200 2065
221.239.195.6 - - [08/Jul/2021:09:06:06 +0800] "GET /xingrg/all/function/internal_message.html?_=1625706371620&CODE_STATE=getMsg HTTP/1.1" 200 27
116.224.113.71 - - [08/Jul/2021:09:06:08 +0800] "GET /xingrg/kc/buy/cgsh_order_operate.html?command=get_materiel&rest_code=00151&code=00101008349&supplier_code=00100007&order_time=2021-07-08 HTTP/1.1" 200 412
116.233.77.171 - - [08/Jul/2021:09:06:11 +0800] "GET /xingrg/kc/buy/cgsh_order_operate.html?command=get_materiel&rest_code=00109&code=00101008126&supplier_code=00100005&order_time=2021-07-08 HTTP/1.1" 200 412
180.169.147.146 - - [08/Jul/2021:09:06:11 +0800] "GET /xingrg/check_reg.html?_=1625706372460 HTTP/1.1" 200 22
58.40.7.146 - - [08/Jul/2021:09:06:11 +0800] "GET /xingrg/all/function/internal_message.html?_=1625706376201&CODE_STATE=getMsg HTTP/1.1" 200 27
101.83.240.23 - - [08/Jul/2021:09:06:11 +0800] "GET /xingrg/kc/buy/cgsh_order_operate.html?command=get_materiel&rest_code=00149&code=00101008148&supplier_code=00100005&order_time=2021-07-08 HTTP/1.1" 200 416
222.70.176.145 - - [08/Jul/2021:09:06:11 +0800] "GET /xingrg/check_reg.html?_=1625706373355 HTTP/1.1" 200 22
222.70.176.145 - - [08/Jul/2021:09:06:11 +0800] "GET /xingrg/all/function/internal_message.html?_=1625706373359&CODE_STATE=getMsg HTTP/1.1" 200 27
116.224.113.71 - - [08/Jul/2021:09:06:16 +0800] "GET /xingrg/kc/buy/cgsh_order_operate.html?command=get_materiel&rest_code=00151&code=00101008442&supplier_code=00100007&order_time=2021-07-08 HTTP/1.1" 200 406
116.233.77.171 - - [08/Jul/2021:09:06:16 +0800] "GET /xingrg/kc/buy/cgsh_order_operate.html?command=get_materiel&rest_code=00109&code=00101008361&supplier_code=00100005&order_time=2021-07-08 HTTP/1.1" 200 408
116.233.77.171 - - [08/Jul/2021:09:06:18 +0800] "POST /xingrg/kc/buy/cgsh_order_operate.html HTTP/1.1" 200 2065
101.83.240.23 - - [08/Jul/2021:09:06:22 +0800] "GET /xingrg/kc/buy/cgsh_order_operate.html?command=get_materiel&rest_code=00149&code=00101008004&supplier_code=00100005&order_time=2021-07-08 HTTP/1.1" 200 416
116.230.117.165 - - [08/Jul/2021:09:06:23 +0800] "GET /xingrg/all/function/internal_message.html?_=1625706399674&CODE_STATE=getMsg HTTP/1.1" 200 27
116.233.77.171 - - [08/Jul/2021:09:06:23 +0800] "GET /xingrg/kc/buy/cgsh_order_operate.html?command=get_materiel&rest_code=00109&code=00101008264&supplier_code=00100005&order_time=2021-07-08 HTTP/1.1" 200 412
116.233.77.171 - - [08/Jul/2021:09:06:30 +0800] "GET /xingrg/kc/buy/cgsh_order_operate.html?command=get_materiel&rest_code=00109&code=00101008356&supplier_code=00100005&order_time=2021-07-08 HTTP/1.1" 200 408
116.230.114.112 - - [08/Jul/2021:09:06:31 +0800] "GET /xingrg/all/function/internal_message.html?_=1625706407259&CODE_STATE=getMsg HTTP/1.1" 302 -
101.83.240.23 - - [08/Jul/2021:09:06:31 +0800] "GET /xingrg/kc/buy/cgsh_order_operate.html?command=get_materiel&rest_code=00149&code=00101008264&supplier_code=00100005&order_time=2021-07-08 HTTP/1.1" 200 412
116.233.77.171 - - [08/Jul/2021:09:06:37 +0800] "GET /xingrg/kc/buy/cgsh_order_operate.html?command=get_materiel&rest_code=00109&code=00101008357&supplier_code=00100005&order_time=2021-07-08 HTTP/1.1" 200 408
180.169.147.146 - - [08/Jul/2021:09:06:37 +0800] "GET /xingrg/all/function/internal_message.html?_=1625706403378&CODE_STATE=getMsg HTTP/1.1" 200 27
116.233.77.171 - - [08/Jul/2021:09:06:37 +0800] "GET /xingrg/all/function/internal_message.html?_=1625706404167&CODE_STATE=getMsg HTTP/1.1" 200 27
101.83.240.23 - - [08/Jul/2021:09:06:40 +0800] "GET /xingrg/kc/buy/cgsh_order_operate.html?command=get_materiel&rest_code=00149&code=00101008286&supplier_code=00100005&order_time=2021-07-08 HTTP/1.1" 200 408
116.224.113.71 - - [08/Jul/2021:09:06:41 +0800] "GET /xingrg/css/site.css HTTP/1.1" 304 -
116.224.113.71 - - [08/Jul/2021:09:06:41 +0800] "GET /xingrg/css/base.css HTTP/1.1" 304 -
116.224.113.71 - - [08/Jul/2021:09:06:41 +0800] "GET /xingrg/javascript/easyui/themes/icon.css HTTP/1.1" 304 -
116.224.113.71 - - [08/Jul/2021:09:06:41 +0800] "GET /xingrg/javascript/jquery_tools/datebox.css HTTP/1.1" 304 -
116.224.113.71 - - [08/Jul/2021:09:06:41 +0800] "GET /xingrg/javascript/jquery_tools/fix.css HTTP/1.1" 304 -
116.224.113.71 - - [08/Jul/2021:09:06:41 +0800] "GET /xingrg/javascript/jquery_tools/table.css HTTP/1.1" 304 -
116.224.113.71 - - [08/Jul/2021:09:06:41 +0800] "GET /xingrg/javascript/easyui/themes/default/easyui.css HTTP/1.1" 304 -
116.224.113.71 - - [08/Jul/2021:09:06:41 +0800] "GET /xingrg/javascript/jquery_tools/jquery.tools.min.js HTTP/1.1" 304 -
116.224.113.71 - - [08/Jul/2021:09:06:41 +0800] "GET /xingrg/javascript/auto/jquery.autocomplete.css HTTP/1.1" 304 -
116.224.113.71 - - [08/Jul/2021:09:06:41 +0800] "GET /xingrg/javascript/jquery_tools/jquery.tools.extend.js HTTP/1.1" 304 -
116.224.113.71 - - [08/Jul/2021:09:06:41 +0800] "GET /xingrg/javascript/jquery_tools/jquery.tools.table.js HTTP/1.1" 304 -
116.224.113.71 - - [08/Jul/2021:09:06:41 +0800] "GET /xingrg/javascript/jquery_tools/jquery.tools.hotkey.js HTTP/1.1" 304 -
116.224.113.71 - - [08/Jul/2021:09:06:41 +0800] "GET /xingrg/javascript/auto/jquery.autocomplete.js HTTP/1.1" 304 -
116.224.113.71 - - [08/Jul/2021:09:06:41 +0800] "GET /xingrg/javascript/jquery_tools/list_manager.js HTTP/1.1" 304 -
116.224.113.71 - - [08/Jul/2021:09:06:41 +0800] "GET /xingrg/javascript/print/LodopFuncs.js HTTP/1.1" 304 -
116.224.113.71 - - [08/Jul/2021:09:06:41 +0800] "GET /xingrg/javascript/easyui/easyloader.js HTTP/1.1" 304 -
116.224.113.71 - - [08/Jul/2021:09:06:41 +0800] "GET /xingrg/javascript/jquery.cookie.js HTTP/1.1" 304 -
116.224.113.71 - - [08/Jul/2021:09:06:41 +0800] "GET /xingrg/javascript/jquery.utils.js HTTP/1.1" 304 -
116.224.113.71 - - [08/Jul/2021:09:06:41 +0800] "GET /xingrg/kc/buy/cgyd_order_list.html HTTP/1.1" 200 46410
116.224.113.71 - - [08/Jul/2021:09:06:41 +0800] "GET /xingrg/javascript/easyui/plugins/jquery.parser.js HTTP/1.1" 304 -
116.224.113.71 - - [08/Jul/2021:09:06:41 +0800] "POST /xingrg/kc/buy/cgyd_list_operate.html HTTP/1.1" 200 976
101.83.240.23 - - [08/Jul/2021:09:06:41 +0800] "GET /xingrg/all/function/internal_message.html?_=1625706407574&CODE_STATE=getMsg HTTP/1.1" 200 27
116.224.113.71 - - [08/Jul/2021:09:06:42 +0800] "GET /xingrg/kc/buy/cgsh_order_list.html HTTP/1.1" 200 46943
116.224.113.71 - - [08/Jul/2021:09:06:43 +0800] "POST /xingrg/kc/buy/cgsh_list_operate.html HTTP/1.1" 200 1691
116.224.113.71 - - [08/Jul/2021:09:06:45 +0800] "POST /xingrg/kc/buy/cgsh_list_operate.html HTTP/1.1" 200 1691
101.83.240.23 - - [08/Jul/2021:09:06:45 +0800] "GET /xingrg/kc/buy/cgsh_order_operate.html?command=get_materiel&rest_code=00149&code=00101008356&supplier_code=00100005&order_time=2021-07-08 HTTP/1.1" 200 408
116.233.77.171 - - [08/Jul/2021:09:06:45 +0800] "GET /xingrg/kc/buy/cgsh_order_operate.html?command=get_materiel&rest_code=00109&code=00101008069&supplier_code=00100005&order_time=2021-07-08 HTTP/1.1" 200 412
116.224.113.71 - - [08/Jul/2021:09:06:46 +0800] "GET /xingrg/javascript/jquery_tools/order_manager.js HTTP/1.1" 304 -
116.224.113.71 - - [08/Jul/2021:09:06:46 +0800] "GET /xingrg/javascript/print/kc_print.js HTTP/1.1" 304 -
116.224.113.71 - - [08/Jul/2021:09:06:46 +0800] "GET /xingrg/javascript/convert.js HTTP/1.1" 304 -
116.224.113.71 - - [08/Jul/2021:09:06:46 +0800] "GET /xingrg/javascript/pic_change.js HTTP/1.1" 304 -
116.224.113.71 - - [08/Jul/2021:09:06:46 +0800] "GET /xingrg/javascript/json2.js HTTP/1.1" 304 -
116.224.113.71 - - [08/Jul/2021:09:06:46 +0800] "GET /xingrg/kc/buy/cgsh_order_add.html HTTP/1.1" 200 62611
116.224.113.71 - - [08/Jul/2021:09:06:46 +0800] "GET /xingrg/words/20210707130144_words.js HTTP/1.1" 304 -
116.224.113.71 - - [08/Jul/2021:09:06:46 +0800] "POST /xingrg/kc/buy/cgsh_order_operate.html HTTP/1.1" 200 8245
116.224.113.71 - - [08/Jul/2021:09:06:46 +0800] "GET /xingrg/kc/buy/cgsh_order_operate.html?command=get_materiel&rest_code=00151&code=00101008270&supplier_code=00100007&order_time=2021-07-08 HTTP/1.1" 200 412
116.224.113.71 - - [08/Jul/2021:09:06:46 +0800] "GET /xingrg/all/common/auto_word.html?type=employee&rest_code=00150 HTTP/1.1" 200 205
116.224.113.71 - - [08/Jul/2021:09:06:46 +0800] "GET /xingrg/all/common/auto_word.html?type=employee&rest_code=00150 HTTP/1.1" 200 205
116.224.113.71 - - [08/Jul/2021:09:06:46 +0800] "GET /xingrg/javascript/easyui/themes/default/validatebox.css HTTP/1.1" 404 1104
116.224.113.71 - - [08/Jul/2021:09:06:46 +0800] "GET /xingrg/javascript/easyui/plugins/jquery.validatebox.js HTTP/1.1" 304 -
116.224.113.71 - - [08/Jul/2021:09:06:46 +0800] "GET /xingrg/javascript/easyui/plugins/jquery.numberbox.js HTTP/1.1" 304 -
116.224.113.71 - - [08/Jul/2021:09:06:47 +0800] "GET /xingrg/javascript/auto/indicator.gif HTTP/1.1" 404 1066
116.233.77.171 - - [08/Jul/2021:09:06:52 +0800] "GET /xingrg/kc/buy/cgsh_order_operate.html?command=get_materiel&rest_code=00109&code=00101008286&supplier_code=00100005&order_time=2021-07-08 HTTP/1.1" 200 408
116.224.113.71 - - [08/Jul/2021:09:06:53 +0800] "GET /xingrg/all/function/internal_message.html?_=1625706413513&CODE_STATE=getMsg HTTP/1.1" 200 27
101.83.240.23 - - [08/Jul/2021:09:06:53 +0800] "POST /xingrg/kc/buy/cgsh_order_operate.html HTTP/1.1" 200 2065
116.233.77.171 - - [08/Jul/2021:09:06:54 +0800] "POST /xingrg/kc/buy/cgsh_order_operate.html HTTP/1.1" 200 2065
116.224.113.71 - - [08/Jul/2021:09:06:56 +0800] "GET /xingrg/check_reg.html?_=1625706408083 HTTP/1.1" 200 22
183.192.88.201 - - [08/Jul/2021:09:06:57 +0800] "GET /xingrg/all/function/internal_message.html?_=1625706425937&CODE_STATE=getMsg HTTP/1.1" 200 27
116.233.77.171 - - [08/Jul/2021:09:06:58 +0800] "GET /xingrg/kc/buy/cgsh_order_operate.html?command=get_materiel&rest_code=00109&code=00101008296&supplier_code=00100005&order_time=2021-07-08 HTTP/1.1" 200 416
101.83.240.23 - - [08/Jul/2021:09:07:00 +0800] "GET /xingrg/kc/buy/cgsh_order_operate.html?command=get_materiel&rest_code=00149&code=00101008118&supplier_code=00100005&order_time=2021-07-08 HTTP/1.1" 200 418
116.224.113.71 - - [08/Jul/2021:09:07:00 +0800] "GET /xingrg/kc/buy/cgsh_order_operate.html?command=get_materiel&rest_code=00151&code=00101008095&supplier_code=00100007&order_time=2021-07-08 HTTP/1.1" 200 412
116.233.77.171 - - [08/Jul/2021:09:07:03 +0800] "GET /xingrg/kc/buy/cgsh_order_operate.html?command=get_materiel&rest_code=00109&code=00101008353&supplier_code=00100005&order_time=2021-07-08 HTTP/1.1" 200 408
221.239.195.6 - - [08/Jul/2021:09:07:06 +0800] "GET /xingrg/all/function/internal_message.html?_=1625706431619&CODE_STATE=getMsg HTTP/1.1" 200 27
116.224.113.71 - - [08/Jul/2021:09:07:06 +0800] "GET /xingrg/kc/buy/cgsh_order_operate.html?command=get_materiel&rest_code=00151&code=00101008221&supplier_code=00100007&order_time=2021-07-08 HTTP/1.1" 200 412
116.224.113.71 - - [08/Jul/2021:09:07:08 +0800] "GET /xingrg/kc/buy/cgsh_order_operate.html?command=get_materiel&rest_code=00150&code=00101011005&supplier_code=00100047&order_time=2021-07-08 HTTP/1.1" 200 428
101.83.240.23 - - [08/Jul/2021:09:07:08 +0800] "GET /xingrg/kc/buy/cgsh_order_operate.html?command=get_materiel&rest_code=00149&code=00101008439&supplier_code=00100005&order_time=2021-07-08 HTTP/1.1" 200 399
116.233.77.171 - - [08/Jul/2021:09:07:11 +0800] "GET /xingrg/kc/buy/cgsh_order_operate.html?command=get_materiel&rest_code=00109&code=00101008213&supplier_code=00100005&order_time=2021-07-08 HTTP/1.1" 200 412
58.40.7.146 - - [08/Jul/2021:09:07:11 +0800] "GET /xingrg/check_reg.html?_=1625706436219 HTTP/1.1" 200 22
58.40.7.146 - - [08/Jul/2021:09:07:11 +0800] "GET /xingrg/all/function/internal_message.html?_=1625706436220&CODE_STATE=getMsg HTTP/1.1" 200 27
222.70.176.145 - - [08/Jul/2021:09:07:11 +0800] "GET /xingrg/all/function/internal_message.html?_=1625706433359&CODE_STATE=getMsg HTTP/1.1" 200 27
101.83.240.23 - - [08/Jul/2021:09:07:17 +0800] "GET /xingrg/kc/buy/cgsh_order_operate.html?command=get_materiel&rest_code=00149&code=00101008223&supplier_code=00100005&order_time=2021-07-08 HTTP/1.1" 200 412
116.233.77.171 - - [08/Jul/2021:09:07:17 +0800] "GET /xingrg/kc/buy/cgsh_order_operate.html?command=get_materiel&rest_code=00109&code=00101008017&supplier_code=00100005&order_time=2021-07-08 HTTP/1.1" 200 416
116.224.113.71 - - [08/Jul/2021:09:07:20 +0800] "POST /xingrg/kc/buy/cgsh_order_operate.html HTTP/1.1" 200 37
116.230.117.165 - - [08/Jul/2021:09:07:23 +0800] "GET /xingrg/all/function/internal_message.html?_=1625706459810&CODE_STATE=getMsg HTTP/1.1" 200 27
116.233.77.171 - - [08/Jul/2021:09:07:26 +0800] "GET /xingrg/kc/buy/cgsh_order_operate.html?command=get_materiel&rest_code=00109&code=00101008225&supplier_code=00100005&order_time=2021-07-08 HTTP/1.1" 200 416
116.233.77.171 - - [08/Jul/2021:09:07:28 +0800] "POST /xingrg/kc/buy/cgsh_order_operate.html HTTP/1.1" 200 2065
116.224.113.71 - - [08/Jul/2021:09:07:31 +0800] "GET /xingrg/kc/buy/cgsh_order_operate.html?command=get_materiel&rest_code=00151&code=00101008350&supplier_code=00100007&order_time=2021-07-08 HTTP/1.1" 200 408
116.230.114.112 - - [08/Jul/2021:09:07:31 +0800] "GET /xingrg/all/function/internal_message.html?_=1625706467281&CODE_STATE=getMsg HTTP/1.1" 302 -
116.233.77.171 - - [08/Jul/2021:09:07:33 +0800] "GET /xingrg/kc/buy/cgsh_order_operate.html?command=get_materiel&rest_code=00109&code=00101008026&supplier_code=00100005&order_time=2021-07-08 HTTP/1.1" 200 409
116.224.113.71 - - [08/Jul/2021:09:07:34 +0800] "POST /xingrg/kc/buy/cgsh_order_operate.html HTTP/1.1" 200 12
116.224.113.71 - - [08/Jul/2021:09:07:36 +0800] "GET /xingrg/kc/buy/cgsh_order_info.html?code=212021070803193 HTTP/1.1" 200 57523
116.224.113.71 - - [08/Jul/2021:09:07:36 +0800] "GET /xingrg/javascript/easyui/themes/default/validatebox.css HTTP/1.1" 404 1104
116.224.113.71 - - [08/Jul/2021:09:07:37 +0800] "POST /xingrg/kc/buy/cgsh_order_operate.html HTTP/1.1" 200 606
180.169.147.146 - - [08/Jul/2021:09:07:37 +0800] "GET /xingrg/all/function/internal_message.html?_=1625706463383&CODE_STATE=getMsg HTTP/1.1" 200 27
116.233.77.171 - - [08/Jul/2021:09:07:37 +0800] "GET /xingrg/all/function/internal_message.html?_=1625706464163&CODE_STATE=getMsg HTTP/1.1" 200 27
116.233.77.171 - - [08/Jul/2021:09:07:37 +0800] "GET /xingrg/check_reg.html?_=1625706464166 HTTP/1.1" 200 22
116.224.113.71 - - [08/Jul/2021:09:07:40 +0800] "GET /xingrg/kc/print/load_config.html?kc_code=cgsh HTTP/1.1" 200 1845
116.224.113.71 - - [08/Jul/2021:09:07:40 +0800] "GET /xingrg/kc/print/load_data.html?order_code=212021070803193&kc_code=cgsh&condition= HTTP/1.1" 200 783
116.233.77.171 - - [08/Jul/2021:09:07:41 +0800] "GET /xingrg/kc/buy/cgsh_order_operate.html?command=get_materiel&rest_code=00109&code=00101008175&supplier_code=00100005&order_time=2021-07-08 HTTP/1.1" 200 412
101.83.240.23 - - [08/Jul/2021:09:07:41 +0800] "GET /xingrg/all/function/internal_message.html?_=1625706467569&CODE_STATE=getMsg HTTP/1.1" 200 27
101.83.240.23 - - [08/Jul/2021:09:07:44 +0800] "GET /xingrg/kc/buy/cgsh_order_operate.html?command=get_materiel&rest_code=00149&code=00101008357&supplier_code=00100005&order_time=2021-07-08 HTTP/1.1" 200 408
116.224.113.71 - - [08/Jul/2021:09:07:53 +0800] "GET /xingrg/all/function/internal_message.html?_=1625706473518&CODE_STATE=getMsg HTTP/1.1" 200 27
183.192.88.201 - - [08/Jul/2021:09:07:57 +0800] "GET /xingrg/all/function/internal_message.html?_=1625706485939&CODE_STATE=getMsg HTTP/1.1" 200 27
116.224.113.71 - - [08/Jul/2021:09:08:00 +0800] "GET /xingrg/kc/buy/cgsh_order_add.html HTTP/1.1" 200 62611
116.224.113.71 - - [08/Jul/2021:09:08:00 +0800] "POST /xingrg/kc/buy/cgsh_order_operate.html HTTP/1.1" 200 8245
116.224.113.71 - - [08/Jul/2021:09:08:00 +0800] "GET /xingrg/javascript/easyui/themes/default/validatebox.css HTTP/1.1" 404 1104
101.83.240.23 - - [08/Jul/2021:09:08:01 +0800] "GET /xingrg/kc/buy/cgsh_order_operate.html?command=get_materiel&rest_code=00149&code=00101008069&supplier_code=00100005&order_time=2021-07-08 HTTP/1.1" 200 412
116.233.77.171 - - [08/Jul/2021:09:08:03 +0800] "GET /xingrg/kc/buy/cgsh_order_operate.html?command=get_materiel&rest_code=00109&code=00101008356&supplier_code=00100005&order_time=2021-07-08 HTTP/1.1" 200 408
101.83.240.23 - - [08/Jul/2021:09:08:04 +0800] "POST /xingrg/kc/buy/cgsh_order_operate.html HTTP/1.1" 200 2065
116.224.113.71 - - [08/Jul/2021:09:08:06 +0800] "GET /xingrg/kc/buy/cgsh_order_operate.html?command=get_materiel&rest_code=00151&code=00101008343&supplier_code=00100007&order_time=2021-07-08 HTTP/1.1" 200 412
221.239.195.6 - - [08/Jul/2021:09:08:06 +0800] "GET /xingrg/all/function/internal_message.html?_=1625706491620&CODE_STATE=getMsg HTTP/1.1" 200 27
116.224.113.71 - - [08/Jul/2021:09:08:09 +0800] "GET /xingrg/kc/buy/cgsh_order_operate.html?command=get_materiel&rest_code=00150&code=00101012039&supplier_code=00100096&order_time=2021-07-08 HTTP/1.1" 200 408
116.233.77.171 - - [08/Jul/2021:09:08:10 +0800] "GET /xingrg/kc/buy/cgsh_order_operate.html?command=get_materiel&rest_code=00109&code=00101008223&supplier_code=00100005&order_time=2021-07-08 HTTP/1.1" 200 412
58.40.7.146 - - [08/Jul/2021:09:08:11 +0800] "GET /xingrg/all/function/internal_message.html?_=1625706496207&CODE_STATE=getMsg HTTP/1.1" 200 27
222.70.176.145 - - [08/Jul/2021:09:08:11 +0800] "GET /xingrg/all/function/internal_message.html?_=1625706493360&CODE_STATE=getMsg HTTP/1.1" 200 27
116.233.77.171 - - [08/Jul/2021:09:08:17 +0800] "GET /xingrg/kc/buy/cgsh_order_operate.html?command=get_materiel&rest_code=00109&code=00101008286&supplier_code=00100005&order_time=2021-07-08 HTTP/1.1" 200 408
58.221.95.50 - - [08/Jul/2021:09:08:17 +0800] "GET /xingrg/check_reg.html?_=1625706502530 HTTP/1.1" 302 -
116.233.77.171 - - [08/Jul/2021:09:08:18 +0800] "POST /xingrg/kc/buy/cgsh_order_operate.html HTTP/1.1" 200 2065
101.83.240.23 - - [08/Jul/2021:09:08:19 +0800] "GET /xingrg/kc/buy/cgsh_order_operate.html?command=get_materiel&rest_code=00149&code=00101008036&supplier_code=00100005&order_time=2021-07-08 HTTP/1.1" 200 408
116.224.113.71 - - [08/Jul/2021:09:08:21 +0800] "GET /xingrg/kc/buy/cgsh_order_operate.html?command=get_materiel&rest_code=00150&code=00101012030&supplier_code=00100096&order_time=2021-07-08 HTTP/1.1" 200 416
116.230.117.165 - - [08/Jul/2021:09:08:23 +0800] "GET /xingrg/all/function/internal_message.html?_=1625706519811&CODE_STATE=getMsg HTTP/1.1" 200 27
116.224.113.71 - - [08/Jul/2021:09:08:24 +0800] "GET /xingrg/kc/buy/cgsh_order_operate.html?command=get_materiel&rest_code=00151&code=00101008441&supplier_code=00100007&order_time=2021-07-08 HTTP/1.1" 200 406
116.233.77.171 - - [08/Jul/2021:09:08:24 +0800] "GET /xingrg/kc/buy/cgsh_order_operate.html?command=get_materiel&rest_code=00109&code=00101008353&supplier_code=00100005&order_time=2021-07-08 HTTP/1.1" 200 408
116.224.113.71 - - [08/Jul/2021:09:08:29 +0800] "GET /xingrg/kc/buy/cgsh_order_operate.html?command=get_materiel&rest_code=00151&code=00101008150&supplier_code=00100007&order_time=2021-07-08 HTTP/1.1" 200 409
116.233.77.171 - - [08/Jul/2021:09:08:30 +0800] "GET /xingrg/kc/buy/cgsh_order_operate.html?command=get_materiel&rest_code=00109&code=00101008290&supplier_code=00100005&order_time=2021-07-08 HTTP/1.1" 200 416
116.230.114.112 - - [08/Jul/2021:09:08:31 +0800] "GET /xingrg/all/function/internal_message.html?_=1625706527286&CODE_STATE=getMsg HTTP/1.1" 302 -
180.169.147.146 - - [08/Jul/2021:09:08:37 +0800] "GET /xingrg/check_reg.html?_=1625706523385 HTTP/1.1" 200 22
180.169.147.146 - - [08/Jul/2021:09:08:37 +0800] "GET /xingrg/all/function/internal_message.html?_=1625706523390&CODE_STATE=getMsg HTTP/1.1" 200 27
116.233.77.171 - - [08/Jul/2021:09:08:37 +0800] "GET /xingrg/all/function/internal_message.html?_=1625706524174&CODE_STATE=getMsg HTTP/1.1" 200 27
101.83.240.23 - - [08/Jul/2021:09:08:41 +0800] "GET /xingrg/all/function/internal_message.html?_=1625706527575&CODE_STATE=getMsg HTTP/1.1" 200 27
116.233.77.171 - - [08/Jul/2021:09:08:42 +0800] "GET /xingrg/kc/buy/cgsh_order_operate.html?command=get_materiel&rest_code=00109&code=00101008150&supplier_code=00100005&order_time=2021-07-08 HTTP/1.1" 200 409
116.224.113.71 - - [08/Jul/2021:09:08:45 +0800] "GET /xingrg/kc/buy/cgsh_order_operate.html?command=get_materiel&rest_code=00151&code=00101008165&supplier_code=00100007&order_time=2021-07-08 HTTP/1.1" 200 416
101.83.240.23 - - [08/Jul/2021:09:08:46 +0800] "GET /xingrg/kc/buy/cgsh_order_operate.html?command=get_materiel&rest_code=00149&code=00101008131&supplier_code=00100005&order_time=2021-07-08 HTTP/1.1" 200 408
116.224.113.71 - - [08/Jul/2021:09:08:53 +0800] "GET /xingrg/all/function/internal_message.html?_=1625706533530&CODE_STATE=getMsg HTTP/1.1" 200 27
116.233.77.171 - - [08/Jul/2021:09:08:55 +0800] "GET /xingrg/kc/buy/cgsh_order_operate.html?command=get_materiel&rest_code=00109&code=00101008114&supplier_code=00100005&order_time=2021-07-08 HTTP/1.1" 200 412
101.83.240.23 - - [08/Jul/2021:09:08:55 +0800] "POST /xingrg/services/DataTransmitService HTTP/1.1" 200 524
101.83.240.23 - - [08/Jul/2021:09:08:57 +0800] "POST /xingrg/services/DataTransmitService HTTP/1.1" 200 1983
116.224.113.71 - - [08/Jul/2021:09:08:57 +0800] "GET /xingrg/kc/buy/cgsh_order_operate.html?command=get_materiel&rest_code=00150&code=00101006229&supplier_code=00100096&order_time=2021-07-08 HTTP/1.1" 200 412
116.224.113.71 - - [08/Jul/2021:09:08:57 +0800] "GET /xingrg/kc/buy/cgsh_order_operate.html?command=get_materiel&rest_code=00151&code=00101008223&supplier_code=00100007&order_time=2021-07-08 HTTP/1.1" 200 412
183.192.88.201 - - [08/Jul/2021:09:08:57 +0800] "GET /xingrg/all/function/internal_message.html?_=1625706545943&CODE_STATE=getMsg HTTP/1.1" 200 27
101.83.240.23 - - [08/Jul/2021:09:09:02 +0800] "POST /xingrg/services/DataTransmitService HTTP/1.1" 200 524
101.83.240.23 - - [08/Jul/2021:09:09:03 +0800] "POST /xingrg/services/DataTransmitService HTTP/1.1" 200 1983
221.239.195.6 - - [08/Jul/2021:09:09:06 +0800] "GET /xingrg/all/function/internal_message.html?_=1625706551634&CODE_STATE=getMsg HTTP/1.1" 200 27
101.83.240.23 - - [08/Jul/2021:09:09:08 +0800] "GET /xingrg/kc/buy/cgsh_order_operate.html?command=get_materiel&rest_code=00149&code=00101008169&supplier_code=00100005&order_time=2021-07-08 HTTP/1.1" 200 412
116.233.77.171 - - [08/Jul/2021:09:09:09 +0800] "GET /xingrg/kc/buy/cgsh_order_operate.html?command=get_materiel&rest_code=00109&code=00101008350&supplier_code=00100005&order_time=2021-07-08 HTTP/1.1" 200 408
101.83.240.23 - - [08/Jul/2021:09:09:10 +0800] "POST /xingrg/services/DataTransmitService HTTP/1.1" 200 524
116.233.77.171 - - [08/Jul/2021:09:09:11 +0800] "POST /xingrg/kc/buy/cgsh_order_operate.html HTTP/1.1" 200 2065
58.40.7.146 - - [08/Jul/2021:09:09:11 +0800] "GET /xingrg/all/function/internal_message.html?_=1625706556197&CODE_STATE=getMsg HTTP/1.1" 200 27
101.83.240.23 - - [08/Jul/2021:09:09:11 +0800] "POST /xingrg/kc/buy/cgsh_order_operate.html HTTP/1.1" 200 2065
222.70.176.145 - - [08/Jul/2021:09:09:11 +0800] "GET /xingrg/all/function/internal_message.html?_=1625706553360&CODE_STATE=getMsg HTTP/1.1" 200 27
116.224.113.71 - - [08/Jul/2021:09:09:12 +0800] "GET /xingrg/kc/buy/cgsh_order_operate.html?command=get_materiel&rest_code=00151&code=00101008351&supplier_code=00100007&order_time=2021-07-08 HTTP/1.1" 200 408
116.230.114.112 - - [08/Jul/2021:09:09:12 +0800] "GET /xingrg/check_reg.html?_=1625706568510 HTTP/1.1" 302 -
101.83.240.23 - - [08/Jul/2021:09:09:16 +0800] "GET /xingrg/kc/buy/cgsh_order_operate.html?command=get_materiel&rest_code=00149&code=00101008098&supplier_code=00100005&order_time=2021-07-08 HTTP/1.1" 200 412
116.230.117.165 - - [08/Jul/2021:09:09:23 +0800] "GET /xingrg/all/function/internal_message.html?_=1625706579970&CODE_STATE=getMsg HTTP/1.1" 200 27
116.224.113.71 - - [08/Jul/2021:09:09:24 +0800] "GET /xingrg/kc/buy/cgsh_order_operate.html?command=get_materiel&rest_code=00150&code=00101022027&supplier_code=00100096&order_time=2021-07-08 HTTP/1.1" 200 412
101.83.240.23 - - [08/Jul/2021:09:09:24 +0800] "GET /xingrg/kc/buy/cgsh_order_operate.html?command=get_materiel&rest_code=00149&code=00101008005&supplier_code=00100005&order_time=2021-07-08 HTTP/1.1" 200 412
116.224.113.71 - - [08/Jul/2021:09:09:31 +0800] "GET /xingrg/kc/buy/cgsh_order_operate.html?command=get_materiel&rest_code=00150&code=00101016104&supplier_code=00100096&order_time=2021-07-08 HTTP/1.1" 200 427
116.230.114.112 - - [08/Jul/2021:09:09:31 +0800] "GET /xingrg/all/function/internal_message.html?_=1625706587307&CODE_STATE=getMsg HTTP/1.1" 302 -
101.83.240.23 - - [08/Jul/2021:09:09:36 +0800] "GET /xingrg/kc/buy/cgsh_order_operate.html?command=get_materiel&rest_code=00149&code=00101008353&supplier_code=00100005&order_time=2021-07-08 HTTP/1.1" 200 408
180.169.147.146 - - [08/Jul/2021:09:09:37 +0800] "GET /xingrg/all/function/internal_message.html?_=1625706583378&CODE_STATE=getMsg HTTP/1.1" 200 27
116.233.77.171 - - [08/Jul/2021:09:09:37 +0800] "GET /xingrg/all/function/internal_message.html?_=1625706584174&CODE_STATE=getMsg HTTP/1.1" 200 27
101.83.240.23 - - [08/Jul/2021:09:09:41 +0800] "GET /xingrg/all/function/internal_message.html?_=1625706587584&CODE_STATE=getMsg HTTP/1.1" 200 27
116.224.113.71 - - [08/Jul/2021:09:09:42 +0800] "GET /xingrg/kc/buy/cgsh_order_operate.html?command=get_materiel&rest_code=00150&code=00101006084&supplier_code=00100096&order_time=2021-07-08 HTTP/1.1" 200 415
116.233.77.171 - - [08/Jul/2021:09:09:43 +0800] "GET /xingrg/kc/buy/cgsh_order_operate.html?command=get_materiel&rest_code=00109&code=00101008350&supplier_code=00100005&order_time=2021-07-08 HTTP/1.1" 200 408
116.230.117.165 - - [08/Jul/2021:09:09:44 +0800] "GET /xingrg/check_reg.html?_=1625706600478 HTTP/1.1" 200 22
116.233.77.171 - - [08/Jul/2021:09:09:51 +0800] "GET /xingrg/kc/buy/cgsh_order_operate.html?command=get_materiel&rest_code=00109&code=00101008357&supplier_code=00100005&order_time=2021-07-08 HTTP/1.1" 200 408
101.83.240.23 - - [08/Jul/2021:09:09:52 +0800] "GET /xingrg/kc/buy/cgsh_order_operate.html?command=get_materiel&rest_code=00149&code=00101008359&supplier_code=00100005&order_time=2021-07-08 HTTP/1.1" 200 408
116.224.113.71 - - [08/Jul/2021:09:09:53 +0800] "GET /xingrg/check_reg.html?_=1625706593515 HTTP/1.1" 200 22
116.224.113.71 - - [08/Jul/2021:09:09:53 +0800] "GET /xingrg/all/function/internal_message.html?_=1625706593516&CODE_STATE=getMsg HTTP/1.1" 200 27
116.224.113.71 - - [08/Jul/2021:09:09:56 +0800] "GET /xingrg/kc/buy/cgsh_order_operate.html?command=get_materiel&rest_code=00150&code=00101006133&supplier_code=00100096&order_time=2021-07-08 HTTP/1.1" 200 415
116.233.77.171 - - [08/Jul/2021:09:09:57 +0800] "GET /xingrg/kc/buy/cgsh_order_operate.html?command=get_materiel&rest_code=00109&code=00101008286&supplier_code=00100005&order_time=2021-07-08 HTTP/1.1" 200 408
183.192.88.201 - - [08/Jul/2021:09:09:57 +0800] "GET /xingrg/all/function/internal_message.html?_=1625706605936&CODE_STATE=getMsg HTTP/1.1" 200 27
101.83.240.23 - - [08/Jul/2021:09:10:04 +0800] "POST /xingrg/kc/buy/cgsh_order_operate.html HTTP/1.1" 200 2065
101.83.240.23 - - [08/Jul/2021:09:10:04 +0800] "POST /xingrg/services/DataTransmitService HTTP/1.1" 200 501
101.83.240.23 - - [08/Jul/2021:09:10:05 +0800] "POST /xingrg/services/DataTransmitService HTTP/1.1" 200 501
116.224.113.71 - - [08/Jul/2021:09:10:06 +0800] "GET /xingrg/kc/buy/cgsh_order_operate.html?command=get_materiel&rest_code=00151&code=00101008344&supplier_code=00100007&order_time=2021-07-08 HTTP/1.1" 200 412
116.233.77.171 - - [08/Jul/2021:09:10:06 +0800] "GET /xingrg/kc/buy/cgsh_order_operate.html?command=get_materiel&rest_code=00109&code=00101008041&supplier_code=00100005&order_time=2021-07-08 HTTP/1.1" 200 408
221.239.195.6 - - [08/Jul/2021:09:10:06 +0800] "GET /xingrg/check_reg.html?_=1625706611622 HTTP/1.1" 200 22
221.239.195.6 - - [08/Jul/2021:09:10:06 +0800] "GET /xingrg/all/function/internal_message.html?_=1625706611625&CODE_STATE=getMsg HTTP/1.1" 200 27
101.83.240.23 - - [08/Jul/2021:09:10:09 +0800] "GET /xingrg/kc/buy/cgsh_order_operate.html?command=get_materiel&rest_code=00149&code=00101008041&supplier_code=00100005&order_time=2021-07-08 HTTP/1.1" 200 408
116.224.113.71 - - [08/Jul/2021:09:10:09 +0800] "POST /xingrg/kc/buy/cgsh_order_operate.html HTTP/1.1" 200 2065
116.224.113.71 - - [08/Jul/2021:09:10:11 +0800] "GET /xingrg/kc/buy/cgsh_order_operate.html?command=get_materiel&rest_code=00150&code=00101001010&supplier_code=00100096&order_time=2021-07-08 HTTP/1.1" 200 409
58.40.7.146 - - [08/Jul/2021:09:10:11 +0800] "GET /xingrg/all/function/internal_message.html?_=1625706616200&CODE_STATE=getMsg HTTP/1.1" 200 27
222.70.176.145 - - [08/Jul/2021:09:10:11 +0800] "GET /xingrg/all/function/internal_message.html?_=1625706613358&CODE_STATE=getMsg HTTP/1.1" 200 27
101.83.240.23 - - [08/Jul/2021:09:10:12 +0800] "POST /xingrg/services/DataTransmitService HTTP/1.1" 200 501
116.233.77.171 - - [08/Jul/2021:09:10:12 +0800] "GET /xingrg/kc/buy/cgsh_order_operate.html?command=get_materiel&rest_code=00109&code=00101015012&supplier_code=00100005&order_time=2021-07-08 HTTP/1.1" 200 412
116.224.113.71 - - [08/Jul/2021:09:10:14 +0800] "GET /xingrg/kc/buy/cgsh_order_operate.html?command=get_materiel&rest_code=00151&code=00101008347&supplier_code=00100007&order_time=2021-07-08 HTTP/1.1" 200 408
116.233.77.171 - - [08/Jul/2021:09:10:15 +0800] "POST /xingrg/kc/buy/cgsh_order_operate.html HTTP/1.1" 200 2065
101.83.240.23 - - [08/Jul/2021:09:10:18 +0800] "GET /xingrg/kc/buy/cgsh_order_operate.html?command=get_materiel&rest_code=00149&code=00101008275&supplier_code=00100005&order_time=2021-07-08 HTTP/1.1" 200 417
101.83.240.23 - - [08/Jul/2021:09:10:19 +0800] "POST /xingrg/services/DataTransmitService HTTP/1.1" 200 501
101.83.240.23 - - [08/Jul/2021:09:10:20 +0800] "POST /xingrg/services/DataTransmitService HTTP/1.1" 200 501
101.83.240.23 - - [08/Jul/2021:09:10:21 +0800] "POST /xingrg/services/DataTransmitService HTTP/1.1" 200 501
116.224.113.71 - - [08/Jul/2021:09:10:22 +0800] "GET /xingrg/kc/buy/cgsh_order_operate.html?command=get_materiel&rest_code=00151&code=00101008118&supplier_code=00100007&order_time=2021-07-08 HTTP/1.1" 200 418
116.230.117.165 - - [08/Jul/2021:09:10:23 +0800] "GET /xingrg/login.html HTTP/1.1" 200 7641
116.230.117.165 - - [08/Jul/2021:09:10:23 +0800] "GET /xingrg/images/blue/login_bg.png HTTP/1.1" 304 -
116.230.117.165 - - [08/Jul/2021:09:10:23 +0800] "GET /xingrg/images/blue/jxLogo.png HTTP/1.1" 304 -
116.230.117.165 - - [08/Jul/2021:09:10:23 +0800] "GET /xingrg/images/blue/hj.png HTTP/1.1" 304 -
116.230.117.165 - - [08/Jul/2021:09:10:23 +0800] "GET /xingrg/images/blue/srbg.png HTTP/1.1" 304 -
116.230.117.165 - - [08/Jul/2021:09:10:23 +0800] "GET /favicon.ico HTTP/1.1" 404 -
101.83.240.23 - - [08/Jul/2021:09:10:24 +0800] "POST /xingrg/services/DataTransmitService HTTP/1.1" 200 501
101.83.240.23 - - [08/Jul/2021:09:10:24 +0800] "POST /xingrg/services/DataTransmitService HTTP/1.1" 200 501
101.83.240.23 - - [08/Jul/2021:09:10:25 +0800] "POST /xingrg/services/DataTransmitService HTTP/1.1" 200 501
116.230.117.165 - - [08/Jul/2021:09:10:25 +0800] "POST /xingrg/login.do HTTP/1.1" 302 -
116.230.117.165 - - [08/Jul/2021:09:10:25 +0800] "GET /xingrg/javascript/jquery_easy_ui/themes/default/easyui.css HTTP/1.1" 304 -
116.230.117.165 - - [08/Jul/2021:09:10:25 +0800] "GET /xingrg/index.html?sysBaseUrl=http%3A%2F%2F180.169.147.146%3A18081%2Fxingrg%2F&costTime=45×tamp=1625706625824 HTTP/1.1" 200 17179
116.230.117.165 - - [08/Jul/2021:09:10:25 +0800] "GET /xingrg/javascript/jquery_easy_ui/themes/icon.css HTTP/1.1" 304 -
116.230.117.165 - - [08/Jul/2021:09:10:25 +0800] "GET /xingrg/javascript/jquery_easy_ui/jquery.easyui.min.js HTTP/1.1" 304 -
116.230.117.165 - - [08/Jul/2021:09:10:25 +0800] "GET /xingrg/css/form.css HTTP/1.1" 304 -
116.230.117.165 - - [08/Jul/2021:09:10:25 +0800] "GET /xingrg/javascript/jquery_easy_ui/easyui-lang-zh_CN.js HTTP/1.1" 304 -
116.230.117.165 - - [08/Jul/2021:09:10:25 +0800] "GET /xingrg/javascript/jquery.utils.js HTTP/1.1" 304 -
116.230.117.165 - - [08/Jul/2021:09:10:25 +0800] "GET /xingrg/javascript/jquery.form.js HTTP/1.1" 304 -
116.230.117.165 - - [08/Jul/2021:09:10:25 +0800] "GET /xingrg/javascript/jquery.timers.js HTTP/1.1" 304 -
116.230.117.165 - - [08/Jul/2021:09:10:25 +0800] "GET /xingrg/javascript/jquery-1.4.2.min.js HTTP/1.1" 304 -
116.230.117.165 - - [08/Jul/2021:09:10:25 +0800] "GET /favicon.ico HTTP/1.1" 404 -
116.230.117.165 - - [08/Jul/2021:09:10:25 +0800] "POST /xingrg/all/common/load_tree.html?tree=area_rest_tree_json&manage=1 HTTP/1.1" 200 479
101.83.240.23 - - [08/Jul/2021:09:10:26 +0800] "POST /xingrg/services/DataTransmitService HTTP/1.1" 200 412
116.230.117.165 - - [08/Jul/2021:09:10:26 +0800] "GET /xingrg/all/function/internal_message.html?_=1625706642437&CODE_STATE=count HTTP/1.1" 200 11
116.230.117.165 - - [08/Jul/2021:09:10:26 +0800] "GET /xingrg/check_reg.html?_=1625706642437 HTTP/1.1" 200 22
116.230.117.165 - - [08/Jul/2021:09:10:26 +0800] "POST /xingrg/load_menu.html HTTP/1.1" 200 5138
116.224.113.71 - - [08/Jul/2021:09:10:26 +0800] "GET /xingrg/kc/buy/cgsh_order_operate.html?command=get_materiel&rest_code=00150&code=00101007081&supplier_code=00100096&order_time=2021-07-08 HTTP/1.1" 200 413
116.230.117.165 - - [08/Jul/2021:09:10:29 +0800] "GET /xingrg/css/base.css HTTP/1.1" 304 -
116.230.117.165 - - [08/Jul/2021:09:10:29 +0800] "GET /xingrg/css/site.css HTTP/1.1" 304 -
116.230.117.165 - - [08/Jul/2021:09:10:29 +0800] "GET /xingrg/javascript/easyui/themes/default/easyui.css HTTP/1.1" 304 -
116.230.117.165 - - [08/Jul/2021:09:10:29 +0800] "GET /xingrg/javascript/jquery_tools/datebox.css HTTP/1.1" 304 -
116.230.117.165 - - [08/Jul/2021:09:10:29 +0800] "GET /xingrg/javascript/jquery_tools/table.css HTTP/1.1" 304 -
116.230.117.165 - - [08/Jul/2021:09:10:29 +0800] "GET /xingrg/javascript/jquery_tools/jquery.tools.min.js HTTP/1.1" 304 -
116.230.117.165 - - [08/Jul/2021:09:10:29 +0800] "GET /xingrg/javascript/jquery_tools/fix.css HTTP/1.1" 304 -
116.230.117.165 - - [08/Jul/2021:09:10:29 +0800] "GET /xingrg/javascript/easyui/themes/icon.css HTTP/1.1" 304 -
116.230.117.165 - - [08/Jul/2021:09:10:29 +0800] "GET /xingrg/javascript/auto/jquery.autocomplete.css HTTP/1.1" 304 -
116.230.117.165 - - [08/Jul/2021:09:10:29 +0800] "GET /xingrg/javascript/jquery_tools/jquery.tools.table.js HTTP/1.1" 304 -
116.230.117.165 - - [08/Jul/2021:09:10:29 +0800] "GET /xingrg/javascript/jquery_tools/list_manager.js HTTP/1.1" 304 -
116.230.117.165 - - [08/Jul/2021:09:10:29 +0800] "GET /xingrg/javascript/auto/jquery.autocomplete.js HTTP/1.1" 304 -
116.230.117.165 - - [08/Jul/2021:09:10:29 +0800] "GET /xingrg/javascript/jquery_tools/jquery.tools.extend.js HTTP/1.1" 304 -
116.230.117.165 - - [08/Jul/2021:09:10:29 +0800] "GET /xingrg/javascript/jquery_tools/jquery.tools.hotkey.js HTTP/1.1" 304 -
116.230.117.165 - - [08/Jul/2021:09:10:29 +0800] "GET /xingrg/javascript/easyui/easyloader.js HTTP/1.1" 304 -
116.230.117.165 - - [08/Jul/2021:09:10:29 +0800] "GET /xingrg/javascript/jquery.cookie.js HTTP/1.1" 304 -
116.230.117.165 - - [08/Jul/2021:09:10:29 +0800] "GET /xingrg/javascript/print/LodopFuncs.js HTTP/1.1" 304 -
116.230.117.165 - - [08/Jul/2021:09:10:29 +0800] "GET /xingrg/kc/buy/cgsh_order_list.html HTTP/1.1" 200 46943
116.230.117.165 - - [08/Jul/2021:09:10:30 +0800] "GET /xingrg/javascript/easyui/plugins/jquery.parser.js HTTP/1.1" 304 -
101.83.240.23 - - [08/Jul/2021:09:10:30 +0800] "GET /xingrg/kc/buy/cgsh_order_operate.html?command=get_materiel&rest_code=00149&code=00101008558&supplier_code=00100005&order_time=2021-07-08 HTTP/1.1" 200 395
116.230.117.165 - - [08/Jul/2021:09:10:30 +0800] "POST /xingrg/kc/buy/cgsh_list_operate.html HTTP/1.1" 200 876
116.224.113.71 - - [08/Jul/2021:09:10:31 +0800] "GET /xingrg/kc/buy/cgsh_order_operate.html?command=get_materiel&rest_code=00151&code=00101008111&supplier_code=00100007&order_time=2021-07-08 HTTP/1.1" 200 412
116.230.114.112 - - [08/Jul/2021:09:10:31 +0800] "GET /xingrg/all/function/internal_message.html?_=1625706647313&CODE_STATE=getMsg HTTP/1.1" 302 -
116.230.117.165 - - [08/Jul/2021:09:10:32 +0800] "GET /xingrg/javascript/pic_change.js HTTP/1.1" 304 -
116.230.117.165 - - [08/Jul/2021:09:10:32 +0800] "GET /xingrg/javascript/jquery_tools/order_manager.js HTTP/1.1" 304 -
116.230.117.165 - - [08/Jul/2021:09:10:32 +0800] "GET /xingrg/javascript/json2.js HTTP/1.1" 304 -
116.230.117.165 - - [08/Jul/2021:09:10:32 +0800] "GET /xingrg/javascript/print/kc_print.js HTTP/1.1" 304 -
116.230.117.165 - - [08/Jul/2021:09:10:32 +0800] "GET /xingrg/javascript/convert.js HTTP/1.1" 304 -
116.230.117.165 - - [08/Jul/2021:09:10:32 +0800] "GET /xingrg/kc/buy/cgsh_order_add.html HTTP/1.1" 200 62681
116.230.117.165 - - [08/Jul/2021:09:10:32 +0800] "GET /xingrg/words/20210707130144_words.js HTTP/1.1" 304 -
116.230.117.165 - - [08/Jul/2021:09:10:32 +0800] "POST /xingrg/kc/buy/cgsh_order_operate.html HTTP/1.1" 200 8245
116.230.117.165 - - [08/Jul/2021:09:10:32 +0800] "GET /xingrg/all/common/auto_word.html?type=employee&rest_code=00146 HTTP/1.1" 200 101
116.230.117.165 - - [08/Jul/2021:09:10:32 +0800] "GET /xingrg/all/common/auto_word.html?type=employee&rest_code=00146 HTTP/1.1" 200 101
116.230.117.165 - - [08/Jul/2021:09:10:32 +0800] "GET /xingrg/javascript/easyui/themes/default/validatebox.css HTTP/1.1" 404 1104
116.230.117.165 - - [08/Jul/2021:09:10:32 +0800] "GET /xingrg/javascript/easyui/plugins/jquery.validatebox.js HTTP/1.1" 304 -
116.230.117.165 - - [08/Jul/2021:09:10:32 +0800] "GET /xingrg/javascript/easyui/plugins/jquery.numberbox.js HTTP/1.1" 304 -
180.169.147.146 - - [08/Jul/2021:09:10:37 +0800] "GET /xingrg/all/function/internal_message.html?_=1625706643380&CODE_STATE=getMsg HTTP/1.1" 200 27
116.233.77.171 - - [08/Jul/2021:09:10:37 +0800] "GET /xingrg/all/function/internal_message.html?_=1625706644188&CODE_STATE=getMsg HTTP/1.1" 200 27
