58.40.7.146 - - [08/Jul/2021:11:11:12 +0800] "GET /xingrg/all/function/internal_message.html?_=1625713876332&CODE_STATE=getMsg HTTP/1.1" 200 27
58.37.5.217 - - [08/Jul/2021:11:11:12 +0800] "POST /xingrg/kc/buy/cgsh_order_operate.html HTTP/1.1" 200 37
222.70.176.145 - - [08/Jul/2021:11:11:12 +0800] "GET /xingrg/all/function/internal_message.html?_=1625713873589&CODE_STATE=getMsg HTTP/1.1" 200 27
222.70.176.145 - - [08/Jul/2021:11:11:12 +0800] "GET /xingrg/check_reg.html?_=1625713873591 HTTP/1.1" 200 22
120.253.135.82 - - [08/Jul/2021:11:11:15 +0800] "GET /xingrg/all/function/internal_message.html?_=1625714005414&CODE_STATE=getMsg HTTP/1.1" 200 27
101.83.240.23 - - [08/Jul/2021:11:11:18 +0800] "POST /xingrg/kc/buy/cgsh_order_operate.html HTTP/1.1" 200 37
58.37.225.51 - - [08/Jul/2021:11:11:18 +0800] "POST /xingrg/kc/buy/cgsh_order_operate.html HTTP/1.1" 200 88
58.37.5.217 - - [08/Jul/2021:11:11:19 +0800] "POST /xingrg/kc/buy/cgsh_order_operate.html HTTP/1.1" 200 12
116.235.222.38 - - [08/Jul/2021:11:11:19 +0800] "GET /xingrg/kc/buy/cgsh_order_operate.html?command=get_materiel&rest_code=00107&code=00101010628&supplier_code=00100327&order_time=2021-07-08 HTTP/1.1" 200 412
116.235.222.38 - - [08/Jul/2021:11:11:20 +0800] "GET /xingrg/check_reg.html?_=1625713878317 HTTP/1.1" 200 22
116.235.222.38 - - [08/Jul/2021:11:11:20 +0800] "GET /xingrg/all/function/internal_message.html?_=1625713878600&CODE_STATE=getMsg HTTP/1.1" 200 27
101.83.240.23 - - [08/Jul/2021:11:11:21 +0800] "POST /xingrg/kc/buy/cgsh_order_operate.html HTTP/1.1" 200 12
58.37.5.217 - - [08/Jul/2021:11:11:21 +0800] "GET /xingrg/kc/buy/cgsh_order_info.html?code=212021070803241 HTTP/1.1" 200 57587
58.37.5.217 - - [08/Jul/2021:11:11:22 +0800] "GET /xingrg/javascript/easyui/themes/default/validatebox.css HTTP/1.1" 404 1104
180.174.237.246 - - [08/Jul/2021:11:11:22 +0800] "GET /xingrg/all/function/internal_message.html?_=1625713898313&CODE_STATE=getMsg HTTP/1.1" 200 27
101.83.240.23 - - [08/Jul/2021:11:11:22 +0800] "GET /xingrg/kc/buy/cgsh_order_info.html?code=212021070803327 HTTP/1.1" 200 57638
101.83.240.23 - - [08/Jul/2021:11:11:23 +0800] "GET /xingrg/javascript/easyui/themes/default/validatebox.css HTTP/1.1" 404 1104
58.37.225.51 - - [08/Jul/2021:11:11:23 +0800] "POST /xingrg/kc/buy/cgsh_order_operate.html HTTP/1.1" 200 37
101.83.240.23 - - [08/Jul/2021:11:11:23 +0800] "POST /xingrg/kc/buy/cgsh_order_operate.html HTTP/1.1" 200 1216
58.37.5.217 - - [08/Jul/2021:11:11:23 +0800] "POST /xingrg/kc/buy/cgsh_order_operate.html HTTP/1.1" 200 1206
116.233.77.171 - - [08/Jul/2021:11:11:24 +0800] "GET /xingrg/all/function/internal_message.html?_=1625713890895&CODE_STATE=getMsg HTTP/1.1" 200 27
101.83.240.23 - - [08/Jul/2021:11:11:24 +0800] "GET /xingrg/kc/print/load_data.html?order_code=212021070803327&kc_code=cgsh&condition= HTTP/1.1" 200 954
58.37.5.217 - - [08/Jul/2021:11:11:26 +0800] "GET /xingrg/kc/print/load_data.html?order_code=212021070803241&kc_code=cgsh&condition= HTTP/1.1" 200 935
58.37.225.51 - - [08/Jul/2021:11:11:26 +0800] "POST /xingrg/kc/buy/cgsh_order_operate.html HTTP/1.1" 200 12
58.37.225.51 - - [08/Jul/2021:11:11:27 +0800] "GET /xingrg/kc/buy/cgsh_order_info.html?code=212021070803329 HTTP/1.1" 200 57593
58.37.5.217 - - [08/Jul/2021:11:11:27 +0800] "POST /xingrg/kc/buy/cgsh_list_operate.html HTTP/1.1" 200 5157
58.37.225.51 - - [08/Jul/2021:11:11:27 +0800] "GET /xingrg/javascript/easyui/themes/default/validatebox.css HTTP/1.1" 404 1104
180.169.147.146 - - [08/Jul/2021:11:11:27 +0800] "GET /xingrg/all/function/internal_message.html?_=1625713890671&CODE_STATE=getMsg HTTP/1.1" 200 27
58.37.225.51 - - [08/Jul/2021:11:11:27 +0800] "POST /xingrg/kc/buy/cgsh_order_operate.html HTTP/1.1" 200 8334
101.83.240.23 - - [08/Jul/2021:11:11:28 +0800] "GET /xingrg/kc/buy/cgsh_order_add.html HTTP/1.1" 200 62728
101.83.240.23 - - [08/Jul/2021:11:11:28 +0800] "POST /xingrg/kc/buy/cgsh_order_operate.html HTTP/1.1" 200 8245
101.83.240.23 - - [08/Jul/2021:11:11:29 +0800] "GET /xingrg/javascript/easyui/themes/default/validatebox.css HTTP/1.1" 404 1104
58.37.225.51 - - [08/Jul/2021:11:11:29 +0800] "GET /xingrg/kc/print/load_data.html?order_code=212021070803329&kc_code=cgsh&condition= HTTP/1.1" 200 3653
116.230.117.165 - - [08/Jul/2021:11:11:31 +0800] "GET /xingrg/all/function/internal_message.html?_=1625713908019&CODE_STATE=getMsg HTTP/1.1" 200 27
58.37.225.51 - - [08/Jul/2021:11:11:32 +0800] "GET /xingrg/kc/buy/cgsh_order_add.html HTTP/1.1" 200 62681
58.37.225.51 - - [08/Jul/2021:11:11:32 +0800] "POST /xingrg/kc/buy/cgsh_order_operate.html HTTP/1.1" 200 8245
58.37.225.51 - - [08/Jul/2021:11:11:33 +0800] "GET /xingrg/javascript/easyui/themes/default/validatebox.css HTTP/1.1" 404 1104
116.230.114.112 - - [08/Jul/2021:11:11:33 +0800] "GET /xingrg/all/function/internal_message.html?_=1625713908966&CODE_STATE=getMsg HTTP/1.1" 302 -
180.157.255.9 - - [08/Jul/2021:11:11:33 +0800] "GET /xingrg/all/function/internal_message.html?_=1625713905029&CODE_STATE=getMsg HTTP/1.1" 200 27
180.169.147.146 - - [08/Jul/2021:11:11:34 +0800] "GET /xingrg/kc/buy/cgsh_order_operate.html?command=get_materiel&rest_code=00147&code=00101006038&supplier_code=00100015&order_time=2021-07-08 HTTP/1.1" 200 421
58.37.225.51 - - [08/Jul/2021:11:11:36 +0800] "GET /xingrg/all/function/internal_message.html?_=1625713820924&CODE_STATE=getMsg HTTP/1.1" 200 27
172.20.0.100 - - [08/Jul/2021:11:11:39 +0800] "GET /xingrg/all/function/internal_message.html?_=1625713903644&CODE_STATE=getMsg HTTP/1.1" 200 27
101.83.240.23 - - [08/Jul/2021:11:11:39 +0800] "GET /xingrg/all/function/internal_message.html?_=1625713905746&CODE_STATE=getMsg HTTP/1.1" 200 27
116.224.113.71 - - [08/Jul/2021:11:11:40 +0800] "GET /xingrg/all/function/internal_message.html?_=1625713892619&CODE_STATE=getMsg HTTP/1.1" 200 27
180.169.147.146 - - [08/Jul/2021:11:11:41 +0800] "POST /xingrg/kc/buy/cgsh_order_operate.html HTTP/1.1" 200 37
101.83.240.23 - - [08/Jul/2021:11:11:43 +0800] "GET /xingrg/kc/buy/cgsh_order_operate.html?command=get_materiel&rest_code=00149&code=00101001060&supplier_code=00100442&order_time=2021-07-08 HTTP/1.1" 200 421
116.235.222.38 - - [08/Jul/2021:11:11:43 +0800] "GET /xingrg/kc/buy/cgsh_order_operate.html?command=get_materiel&rest_code=00107&code=00101020212&supplier_code=00100327&order_time=2021-07-08 HTTP/1.1" 200 428
116.230.110.80 - - [08/Jul/2021:11:11:44 +0800] "GET /xingrg/all/function/internal_message.html?_=1625713908658&CODE_STATE=getMsg HTTP/1.1" 200 27
58.37.5.217 - - [08/Jul/2021:11:11:45 +0800] "GET /xingrg/all/function/internal_message.html?_=1625714445322&CODE_STATE=getMsg HTTP/1.1" 200 27
221.239.195.6 - - [08/Jul/2021:11:11:45 +0800] "GET /xingrg/all/function/internal_message.html?_=1625713878253&CODE_STATE=getMsg HTTP/1.1" 200 27
180.169.147.146 - - [08/Jul/2021:11:11:45 +0800] "POST /xingrg/kc/buy/cgsh_order_operate.html HTTP/1.1" 200 6208
180.169.147.146 - - [08/Jul/2021:11:11:46 +0800] "GET /xingrg/kc/print/load_data.html?order_code=212021070803330&kc_code=cgsh&condition= HTTP/1.1" 200 2121
58.37.5.217 - - [08/Jul/2021:11:11:47 +0800] "POST /xingrg/kc/buy/cgsh_list_operate.html HTTP/1.1" 200 5157
58.37.5.217 - - [08/Jul/2021:11:11:48 +0800] "GET /xingrg/check_reg.html?_=1625713910479 HTTP/1.1" 200 22
58.37.5.217 - - [08/Jul/2021:11:11:48 +0800] "GET /xingrg/all/function/internal_message.html?_=1625713910475&CODE_STATE=getMsg HTTP/1.1" 200 27
58.37.225.51 - - [08/Jul/2021:11:11:49 +0800] "GET /xingrg/kc/buy/cgsh_order_operate.html?command=get_materiel&rest_code=00141&code=00101010549&supplier_code=00100441&order_time=2021-07-08 HTTP/1.1" 200 403
180.169.147.146 - - [08/Jul/2021:11:11:49 +0800] "GET /xingrg/kc/buy/cgsh_order_add.html HTTP/1.1" 200 62643
180.169.147.146 - - [08/Jul/2021:11:11:49 +0800] "POST /xingrg/kc/buy/cgsh_order_operate.html HTTP/1.1" 200 8245
180.169.147.146 - - [08/Jul/2021:11:11:49 +0800] "GET /xingrg/javascript/easyui/themes/default/validatebox.css HTTP/1.1" 404 1104
180.174.237.246 - - [08/Jul/2021:11:11:50 +0800] "GET /xingrg/all/function/internal_message.html?_=1625713927017&CODE_STATE=getMsg HTTP/1.1" 200 27
58.37.5.217 - - [08/Jul/2021:11:11:50 +0800] "POST /xingrg/kc/buy/cgsh_list_operate.html HTTP/1.1" 200 277
58.37.5.217 - - [08/Jul/2021:11:11:51 +0800] "GET /xingrg/kc/buy/buy_main.html HTTP/1.1" 200 12412
58.37.5.217 - - [08/Jul/2021:11:11:51 +0800] "GET /xingrg/css/new_ie.css HTTP/1.1" 404 1036
58.37.5.217 - - [08/Jul/2021:11:11:51 +0800] "GET /xingrg/kc/buy/cgsh_order_info.html?code=212021070803242 HTTP/1.1" 200 62688
58.37.5.217 - - [08/Jul/2021:11:11:52 +0800] "GET /xingrg/javascript/easyui/themes/default/validatebox.css HTTP/1.1" 404 1104
58.37.5.217 - - [08/Jul/2021:11:11:52 +0800] "POST /xingrg/kc/buy/cgsh_order_operate.html HTTP/1.1" 200 3250
116.235.222.38 - - [08/Jul/2021:11:11:53 +0800] "GET /xingrg/kc/buy/cgsh_order_operate.html?command=get_materiel&rest_code=00107&code=00101010530&supplier_code=00100327&order_time=2021-07-08 HTTP/1.1" 200 395
58.37.5.217 - - [08/Jul/2021:11:11:53 +0800] "GET /xingrg/check_reg.html?_=1625713919243 HTTP/1.1" 200 22
101.83.240.23 - - [08/Jul/2021:11:11:56 +0800] "GET /xingrg/kc/buy/cgsh_order_operate.html?command=get_materiel&rest_code=00149&code=00101002047&supplier_code=00100442&order_time=2021-07-08 HTTP/1.1" 200 405
58.37.225.51 - - [08/Jul/2021:11:11:57 +0800] "POST /xingrg/kc/buy/cgsh_order_operate.html HTTP/1.1" 200 37
183.192.88.201 - - [08/Jul/2021:11:11:58 +0800] "GET /xingrg/all/function/internal_message.html?_=1625713925994&CODE_STATE=getMsg HTTP/1.1" 200 27
58.37.5.217 - - [08/Jul/2021:11:11:59 +0800] "POST /xingrg/kc/buy/cgsh_order_operate.html HTTP/1.1" 200 37
180.169.147.146 - - [08/Jul/2021:11:12:00 +0800] "GET /xingrg/kc/buy/cgsh_order_operate.html?command=get_materiel&rest_code=00147&code=00101007061&supplier_code=00100004&order_time=2021-07-08 HTTP/1.1" 200 409
58.37.225.51 - - [08/Jul/2021:11:12:02 +0800] "POST /xingrg/kc/buy/cgsh_order_operate.html HTTP/1.1" 200 12
58.37.5.217 - - [08/Jul/2021:11:12:04 +0800] "POST /xingrg/kc/buy/cgsh_order_operate.html HTTP/1.1" 200 12
58.37.225.51 - - [08/Jul/2021:11:12:04 +0800] "GET /xingrg/kc/buy/cgsh_order_info.html?code=212021070803331 HTTP/1.1" 200 57593
58.37.225.51 - - [08/Jul/2021:11:12:04 +0800] "GET /xingrg/javascript/easyui/themes/default/validatebox.css HTTP/1.1" 404 1104
58.37.5.217 - - [08/Jul/2021:11:12:05 +0800] "GET /xingrg/kc/buy/cgsh_order_info.html?code=212021070803242 HTTP/1.1" 200 57587
58.37.225.51 - - [08/Jul/2021:11:12:05 +0800] "POST /xingrg/kc/buy/cgsh_order_operate.html HTTP/1.1" 200 610
58.37.5.217 - - [08/Jul/2021:11:12:06 +0800] "GET /xingrg/javascript/easyui/themes/default/validatebox.css HTTP/1.1" 404 1104
221.239.195.6 - - [08/Jul/2021:11:12:06 +0800] "GET /xingrg/all/function/internal_message.html?_=1625713930845&CODE_STATE=getMsg HTTP/1.1" 200 27
58.37.5.217 - - [08/Jul/2021:11:12:06 +0800] "POST /xingrg/kc/buy/cgsh_order_operate.html HTTP/1.1" 200 1200
180.169.147.146 - - [08/Jul/2021:11:12:06 +0800] "GET /xingrg/all/function/internal_message.html?_=1625713932081&CODE_STATE=getMsg HTTP/1.1" 200 27
58.37.5.217 - - [08/Jul/2021:11:12:06 +0800] "GET /xingrg/images/yd/bt.gif HTTP/1.1" 404 1040
58.37.5.217 - - [08/Jul/2021:11:12:07 +0800] "GET /xingrg/kc/buy/cgsh_order_list.html HTTP/1.1" 200 46937
58.37.225.51 - - [08/Jul/2021:11:12:07 +0800] "GET /xingrg/kc/print/load_data.html?order_code=212021070803331&kc_code=cgsh&condition= HTTP/1.1" 200 713
116.235.95.53 - - [08/Jul/2021:11:12:08 +0800] "GET /xingrg/all/function/internal_message.html?_=1625714026730&CODE_STATE=getMsg HTTP/1.1" 200 27
101.83.240.23 - - [08/Jul/2021:11:12:09 +0800] "POST /xingrg/kc/buy/cgsh_order_operate.html HTTP/1.1" 200 37
58.37.5.217 - - [08/Jul/2021:11:12:09 +0800] "GET /xingrg/kc/print/load_data.html?order_code=212021070803242&kc_code=cgsh&condition= HTTP/1.1" 200 925
116.235.222.38 - - [08/Jul/2021:11:12:09 +0800] "GET /xingrg/kc/buy/cgsh_order_operate.html?command=get_materiel&rest_code=00107&code=00101020215&supplier_code=00100327&order_time=2021-07-08 HTTP/1.1" 200 391
58.37.225.51 - - [08/Jul/2021:11:12:10 +0800] "GET /xingrg/kc/buy/cgsh_order_add.html HTTP/1.1" 200 62681
120.253.135.82 - - [08/Jul/2021:11:12:10 +0800] "GET /xingrg/all/function/internal_message.html?_=1625713974141&CODE_STATE=getMsg HTTP/1.1" 200 27
58.37.225.51 - - [08/Jul/2021:11:12:10 +0800] "GET /xingrg/javascript/easyui/themes/default/validatebox.css HTTP/1.1" 404 1104
58.37.225.51 - - [08/Jul/2021:11:12:10 +0800] "POST /xingrg/kc/buy/cgsh_order_operate.html HTTP/1.1" 200 8245
58.37.5.217 - - [08/Jul/2021:11:12:10 +0800] "POST /xingrg/kc/buy/cgsh_list_operate.html HTTP/1.1" 200 5156
116.224.113.71 - - [08/Jul/2021:11:12:11 +0800] "GET /xingrg/all/function/internal_message.html?_=1625713931179&CODE_STATE=getMsg HTTP/1.1" 200 27
58.40.7.146 - - [08/Jul/2021:11:12:12 +0800] "GET /xingrg/check_reg.html?_=1625713936335 HTTP/1.1" 200 22
58.40.7.146 - - [08/Jul/2021:11:12:12 +0800] "GET /xingrg/all/function/internal_message.html?_=1625713936338&CODE_STATE=getMsg HTTP/1.1" 200 27
222.70.176.145 - - [08/Jul/2021:11:12:12 +0800] "GET /xingrg/all/function/internal_message.html?_=1625713933589&CODE_STATE=getMsg HTTP/1.1" 200 27
101.83.240.23 - - [08/Jul/2021:11:12:13 +0800] "POST /xingrg/kc/buy/cgsh_order_operate.html HTTP/1.1" 200 12
101.83.240.23 - - [08/Jul/2021:11:12:15 +0800] "GET /xingrg/kc/buy/cgsh_order_info.html?code=212021070803332 HTTP/1.1" 200 57638
101.83.240.23 - - [08/Jul/2021:11:12:15 +0800] "GET /xingrg/javascript/easyui/themes/default/validatebox.css HTTP/1.1" 404 1104
120.253.135.82 - - [08/Jul/2021:11:12:16 +0800] "GET /xingrg/all/function/internal_message.html?_=1625714065437&CODE_STATE=getMsg HTTP/1.1" 200 27
101.83.240.23 - - [08/Jul/2021:11:12:16 +0800] "POST /xingrg/kc/buy/cgsh_order_operate.html HTTP/1.1" 200 1214
180.169.147.146 - - [08/Jul/2021:11:12:16 +0800] "GET /xingrg/kc/buy/cgsh_order_operate.html?command=get_materiel&rest_code=00147&code=00101007125&supplier_code=00100004&order_time=2021-07-08 HTTP/1.1" 200 406
58.37.5.217 - - [08/Jul/2021:11:12:18 +0800] "GET /xingrg/kc/buy/cgsh_order_add.html HTTP/1.1" 200 62675
58.37.5.217 - - [08/Jul/2021:11:12:18 +0800] "GET /xingrg/javascript/easyui/themes/default/validatebox.css HTTP/1.1" 404 1104
58.37.5.217 - - [08/Jul/2021:11:12:18 +0800] "POST /xingrg/kc/buy/cgsh_order_operate.html HTTP/1.1" 200 8245
58.37.5.217 - - [08/Jul/2021:11:12:20 +0800] "POST /xingrg/kc/buy/cgsh_list_operate.html HTTP/1.1" 200 5156
116.235.222.38 - - [08/Jul/2021:11:12:20 +0800] "GET /xingrg/all/function/internal_message.html?_=1625713938590&CODE_STATE=getMsg HTTP/1.1" 200 27
116.235.222.38 - - [08/Jul/2021:11:12:21 +0800] "POST /xingrg/kc/buy/cgsh_order_operate.html HTTP/1.1" 200 37
58.37.225.51 - - [08/Jul/2021:11:12:21 +0800] "GET /xingrg/kc/buy/cgsh_order_operate.html?command=get_materiel&rest_code=00141&code=00101001060&supplier_code=00100442&order_time=2021-07-08 HTTP/1.1" 200 421
101.83.240.23 - - [08/Jul/2021:11:12:21 +0800] "GET /xingrg/kc/print/load_data.html?order_code=212021070803332&kc_code=cgsh&condition= HTTP/1.1" 200 949
58.37.5.217 - - [08/Jul/2021:11:12:21 +0800] "GET /xingrg/kc/buy/buy_main.html HTTP/1.1" 200 12412
58.37.5.217 - - [08/Jul/2021:11:12:21 +0800] "GET /xingrg/css/new_ie.css HTTP/1.1" 404 1036
180.174.237.246 - - [08/Jul/2021:11:12:22 +0800] "GET /xingrg/all/function/internal_message.html?_=1625713958343&CODE_STATE=getMsg HTTP/1.1" 200 27
58.37.5.217 - - [08/Jul/2021:11:12:22 +0800] "GET /xingrg/images/yd/bt.gif HTTP/1.1" 404 1040
58.37.5.217 - - [08/Jul/2021:11:12:23 +0800] "GET /xingrg/kc/buy/cgsh_order_list.html HTTP/1.1" 200 46937
116.233.77.171 - - [08/Jul/2021:11:12:24 +0800] "GET /xingrg/all/function/internal_message.html?_=1625713950895&CODE_STATE=getMsg HTTP/1.1" 200 27
116.233.77.171 - - [08/Jul/2021:11:12:24 +0800] "GET /xingrg/check_reg.html?_=1625713950904 HTTP/1.1" 200 22
116.235.222.38 - - [08/Jul/2021:11:12:24 +0800] "POST /xingrg/kc/buy/cgsh_order_operate.html HTTP/1.1" 200 3844
116.235.222.38 - - [08/Jul/2021:11:12:26 +0800] "GET /xingrg/kc/print/load_data.html?order_code=212021070803333&kc_code=cgsh&condition= HTTP/1.1" 200 1120
101.83.240.23 - - [08/Jul/2021:11:12:26 +0800] "GET /xingrg/kc/buy/cgsh_order_add.html HTTP/1.1" 200 62728
101.83.240.23 - - [08/Jul/2021:11:12:26 +0800] "POST /xingrg/kc/buy/cgsh_order_operate.html HTTP/1.1" 200 8245
101.83.240.23 - - [08/Jul/2021:11:12:26 +0800] "GET /xingrg/javascript/easyui/themes/default/validatebox.css HTTP/1.1" 404 1104
180.169.147.146 - - [08/Jul/2021:11:12:27 +0800] "GET /xingrg/all/function/internal_message.html?_=1625713950665&CODE_STATE=getMsg HTTP/1.1" 200 27
180.169.147.146 - - [08/Jul/2021:11:12:29 +0800] "GET /xingrg/kc/buy/cgsh_order_operate.html?command=get_materiel&rest_code=00147&code=00101007072&supplier_code=00100004&order_time=2021-07-08 HTTP/1.1" 200 413
116.235.222.38 - - [08/Jul/2021:11:12:29 +0800] "GET /xingrg/kc/buy/cgsh_order_add.html HTTP/1.1" 200 62763
116.235.222.38 - - [08/Jul/2021:11:12:30 +0800] "GET /xingrg/javascript/easyui/themes/default/validatebox.css HTTP/1.1" 404 1104
116.235.222.38 - - [08/Jul/2021:11:12:30 +0800] "POST /xingrg/kc/buy/cgsh_order_operate.html HTTP/1.1" 200 8245
116.230.117.165 - - [08/Jul/2021:11:12:31 +0800] "GET /xingrg/all/function/internal_message.html?_=1625713968032&CODE_STATE=getMsg HTTP/1.1" 200 27
58.37.5.217 - - [08/Jul/2021:11:12:31 +0800] "GET /xingrg/kc/buy/cgsh_order_add.html HTTP/1.1" 200 62681
116.235.222.38 - - [08/Jul/2021:11:12:31 +0800] "GET /xingrg/javascript/easyui/themes/default/tree.css HTTP/1.1" 404 1090
116.235.222.38 - - [08/Jul/2021:11:12:31 +0800] "POST /xingrg/all/common/load_tree.html?tree=supplier_tree_json&isDelete=1 HTTP/1.1" 200 56276
58.37.5.217 - - [08/Jul/2021:11:12:31 +0800] "GET /xingrg/javascript/easyui/themes/default/validatebox.css HTTP/1.1" 404 1104
58.37.5.217 - - [08/Jul/2021:11:12:31 +0800] "POST /xingrg/kc/buy/cgsh_order_operate.html HTTP/1.1" 200 8245
58.37.225.51 - - [08/Jul/2021:11:12:32 +0800] "GET /xingrg/kc/buy/cgsh_order_operate.html?command=get_materiel&rest_code=00141&code=00101002007&supplier_code=00100442&order_time=2021-07-08 HTTP/1.1" 200 409
116.230.114.112 - - [08/Jul/2021:11:12:33 +0800] "GET /xingrg/all/function/internal_message.html?_=1625713968970&CODE_STATE=getMsg HTTP/1.1" 302 -
58.37.5.217 - - [08/Jul/2021:11:12:33 +0800] "POST /xingrg/kc/buy/cgsh_list_operate.html HTTP/1.1" 200 5156
180.157.255.9 - - [08/Jul/2021:11:12:33 +0800] "GET /xingrg/all/function/internal_message.html?_=1625713965028&CODE_STATE=getMsg HTTP/1.1" 200 27
180.157.255.9 - - [08/Jul/2021:11:12:33 +0800] "GET /xingrg/check_reg.html?_=1625713965030 HTTP/1.1" 200 22
58.37.225.51 - - [08/Jul/2021:11:12:36 +0800] "GET /xingrg/all/function/internal_message.html?_=1625713880906&CODE_STATE=getMsg HTTP/1.1" 200 27
58.37.5.217 - - [08/Jul/2021:11:12:36 +0800] "POST /xingrg/kc/buy/cgsh_list_operate.html HTTP/1.1" 200 277
58.37.5.217 - - [08/Jul/2021:11:12:37 +0800] "GET /xingrg/kc/buy/cgsh_order_info.html?code=212021070803248 HTTP/1.1" 200 62686
58.37.5.217 - - [08/Jul/2021:11:12:37 +0800] "GET /xingrg/javascript/easyui/themes/default/validatebox.css HTTP/1.1" 404 1104
58.37.5.217 - - [08/Jul/2021:11:12:38 +0800] "POST /xingrg/kc/buy/cgsh_order_operate.html HTTP/1.1" 200 3260
58.37.225.51 - - [08/Jul/2021:11:12:39 +0800] "GET /xingrg/kc/buy/cgsh_order_operate.html?command=get_materiel&rest_code=00141&code=00101002027&supplier_code=00100442&order_time=2021-07-08 HTTP/1.1" 200 413
172.20.0.100 - - [08/Jul/2021:11:12:39 +0800] "GET /xingrg/all/function/internal_message.html?_=1625713963613&CODE_STATE=getMsg HTTP/1.1" 200 27
58.37.5.217 - - [08/Jul/2021:11:12:39 +0800] "GET /xingrg/javascript/easyui/themes/default/tree.css HTTP/1.1" 404 1090
58.37.5.217 - - [08/Jul/2021:11:12:39 +0800] "POST /xingrg/all/common/load_tree.html?tree=supplier_tree_json&isDelete=1 HTTP/1.1" 200 56276
101.83.240.23 - - [08/Jul/2021:11:12:39 +0800] "GET /xingrg/kc/buy/cgsh_order_operate.html?command=get_materiel&rest_code=00149&code=00101004038&supplier_code=00100312&order_time=2021-07-08 HTTP/1.1" 200 429
101.83.240.23 - - [08/Jul/2021:11:12:39 +0800] "GET /xingrg/all/function/internal_message.html?_=1625713965725&CODE_STATE=getMsg HTTP/1.1" 200 27
180.169.147.146 - - [08/Jul/2021:11:12:39 +0800] "GET /xingrg/kc/buy/cgsh_order_operate.html?command=get_materiel&rest_code=00147&code=00101007081&supplier_code=00100004&order_time=2021-07-08 HTTP/1.1" 200 413
116.224.113.71 - - [08/Jul/2021:11:12:41 +0800] "GET /xingrg/all/function/internal_message.html?_=1625713952627&CODE_STATE=getMsg HTTP/1.1" 200 27
116.230.110.80 - - [08/Jul/2021:11:12:44 +0800] "GET /xingrg/all/function/internal_message.html?_=1625713968651&CODE_STATE=getMsg HTTP/1.1" 200 27
58.37.5.217 - - [08/Jul/2021:11:12:45 +0800] "GET /xingrg/all/function/internal_message.html?_=1625714505299&CODE_STATE=getMsg HTTP/1.1" 200 27
221.239.195.6 - - [08/Jul/2021:11:12:45 +0800] "GET /xingrg/all/function/internal_message.html?_=1625713938237&CODE_STATE=getMsg HTTP/1.1" 200 27
58.37.5.217 - - [08/Jul/2021:11:12:48 +0800] "GET /xingrg/all/function/internal_message.html?_=1625713970477&CODE_STATE=getMsg HTTP/1.1" 200 27
180.174.237.246 - - [08/Jul/2021:11:12:50 +0800] "GET /xingrg/all/function/internal_message.html?_=1625713987047&CODE_STATE=getMsg HTTP/1.1" 200 27
101.83.240.23 - - [08/Jul/2021:11:12:56 +0800] "GET /xingrg/kc/buy/cgsh_order_operate.html?command=get_materiel&rest_code=00149&code=00101005022&supplier_code=00100312&order_time=2021-07-08 HTTP/1.1" 200 23
58.37.5.217 - - [08/Jul/2021:11:12:57 +0800] "GET /xingrg/javascript/auto/indicator.gif HTTP/1.1" 404 1066
183.192.88.201 - - [08/Jul/2021:11:12:58 +0800] "GET /xingrg/all/function/internal_message.html?_=1625713986000&CODE_STATE=getMsg HTTP/1.1" 200 27
58.37.225.51 - - [08/Jul/2021:11:12:58 +0800] "POST /xingrg/kc/buy/cgsh_order_operate.html HTTP/1.1" 200 37
58.37.5.217 - - [08/Jul/2021:11:12:58 +0800] "POST /xingrg/kc/buy/cgsh_order_operate.html HTTP/1.1" 200 37
180.169.147.146 - - [08/Jul/2021:11:12:58 +0800] "POST /xingrg/kc/buy/cgsh_order_operate.html HTTP/1.1" 200 88
58.37.5.217 - - [08/Jul/2021:11:13:00 +0800] "GET /xingrg/kc/buy/cgsh_order_operate.html?command=get_materiel&rest_code=00106&code=00101008091&supplier_code=00100007&order_time=2021-07-08 HTTP/1.1" 200 412
58.37.225.51 - - [08/Jul/2021:11:13:01 +0800] "POST /xingrg/kc/buy/cgsh_order_operate.html HTTP/1.1" 200 12
180.169.147.146 - - [08/Jul/2021:11:13:04 +0800] "POST /xingrg/kc/buy/cgsh_order_operate.html HTTP/1.1" 200 37
101.83.240.23 - - [08/Jul/2021:11:13:04 +0800] "POST /xingrg/kc/buy/cgsh_order_operate.html HTTP/1.1" 200 88
58.37.5.217 - - [08/Jul/2021:11:13:05 +0800] "POST /xingrg/kc/buy/cgsh_order_operate.html HTTP/1.1" 200 12
58.37.225.51 - - [08/Jul/2021:11:13:05 +0800] "GET /xingrg/kc/buy/cgsh_order_info.html?code=212021070803334 HTTP/1.1" 200 57591
58.37.225.51 - - [08/Jul/2021:11:13:05 +0800] "GET /xingrg/javascript/easyui/themes/default/validatebox.css HTTP/1.1" 404 1104
180.169.147.146 - - [08/Jul/2021:11:13:05 +0800] "POST /xingrg/kc/buy/cgsh_order_operate.html HTTP/1.1" 200 4422
58.37.225.51 - - [08/Jul/2021:11:13:05 +0800] "POST /xingrg/kc/buy/cgsh_order_operate.html HTTP/1.1" 200 1798
58.37.5.217 - - [08/Jul/2021:11:13:05 +0800] "GET /xingrg/kc/buy/cgsh_order_info.html?code=212021070803248 HTTP/1.1" 200 57585
221.239.195.6 - - [08/Jul/2021:11:13:06 +0800] "GET /xingrg/all/function/internal_message.html?_=1625713990823&CODE_STATE=getMsg HTTP/1.1" 200 27
58.37.5.217 - - [08/Jul/2021:11:13:06 +0800] "GET /xingrg/javascript/easyui/themes/default/validatebox.css HTTP/1.1" 404 1104
180.169.147.146 - - [08/Jul/2021:11:13:06 +0800] "GET /xingrg/all/function/internal_message.html?_=1625713992086&CODE_STATE=getMsg HTTP/1.1" 200 27
58.37.5.217 - - [08/Jul/2021:11:13:06 +0800] "POST /xingrg/kc/buy/cgsh_order_operate.html HTTP/1.1" 200 1210
58.37.225.51 - - [08/Jul/2021:11:13:07 +0800] "GET /xingrg/kc/print/load_data.html?order_code=212021070803334&kc_code=cgsh&condition= HTTP/1.1" 200 1160
180.169.147.146 - - [08/Jul/2021:11:13:07 +0800] "GET /xingrg/kc/print/load_data.html?order_code=212021070803336&kc_code=cgsh&condition= HTTP/1.1" 200 1400
116.235.95.53 - - [08/Jul/2021:11:13:08 +0800] "GET /xingrg/all/function/internal_message.html?_=1625714086732&CODE_STATE=getMsg HTTP/1.1" 200 27
58.37.225.51 - - [08/Jul/2021:11:13:09 +0800] "GET /xingrg/kc/buy/cgsh_order_add.html HTTP/1.1" 200 62681
58.37.225.51 - - [08/Jul/2021:11:13:10 +0800] "POST /xingrg/kc/buy/cgsh_order_operate.html HTTP/1.1" 200 8245
58.37.225.51 - - [08/Jul/2021:11:13:10 +0800] "GET /xingrg/javascript/easyui/themes/default/validatebox.css HTTP/1.1" 404 1104
120.253.135.82 - - [08/Jul/2021:11:13:10 +0800] "GET /xingrg/all/function/internal_message.html?_=1625714034154&CODE_STATE=getMsg HTTP/1.1" 200 27
180.169.147.146 - - [08/Jul/2021:11:13:10 +0800] "GET /xingrg/kc/buy/cgsh_order_add.html HTTP/1.1" 200 62643
101.83.240.23 - - [08/Jul/2021:11:13:10 +0800] "POST /xingrg/kc/buy/cgsh_order_operate.html HTTP/1.1" 200 37
58.37.5.217 - - [08/Jul/2021:11:13:10 +0800] "GET /xingrg/kc/print/load_data.html?order_code=212021070803248&kc_code=cgsh&condition= HTTP/1.1" 200 932
180.169.147.146 - - [08/Jul/2021:11:13:10 +0800] "GET /xingrg/javascript/easyui/themes/default/validatebox.css HTTP/1.1" 404 1104
180.169.147.146 - - [08/Jul/2021:11:13:10 +0800] "POST /xingrg/kc/buy/cgsh_order_operate.html HTTP/1.1" 200 8245
116.224.113.71 - - [08/Jul/2021:11:13:11 +0800] "GET /xingrg/all/function/internal_message.html?_=1625713991165&CODE_STATE=getMsg HTTP/1.1" 200 27
58.37.5.217 - - [08/Jul/2021:11:13:11 +0800] "GET /xingrg/kc/buy/cgsh_order_operate.html?command=get_materiel&rest_code=00106&code=00101008149&supplier_code=00100007&order_time=2021-07-08 HTTP/1.1" 200 408
58.40.7.146 - - [08/Jul/2021:11:13:12 +0800] "GET /xingrg/all/function/internal_message.html?_=1625713996324&CODE_STATE=getMsg HTTP/1.1" 200 27
101.83.240.23 - - [08/Jul/2021:11:13:12 +0800] "POST /xingrg/kc/buy/cgsh_order_operate.html HTTP/1.1" 200 2656
222.70.176.145 - - [08/Jul/2021:11:13:13 +0800] "GET /xingrg/all/function/internal_message.html?_=1625713993603&CODE_STATE=getMsg HTTP/1.1" 200 27
116.235.222.38 - - [08/Jul/2021:11:13:15 +0800] "GET /xingrg/kc/buy/cgsh_order_operate.html?command=get_materiel&rest_code=00107&code=00101006164&supplier_code=00100326&order_time=2021-07-08 HTTP/1.1" 200 415
120.253.135.82 - - [08/Jul/2021:11:13:16 +0800] "GET /xingrg/all/function/internal_message.html?_=1625714125439&CODE_STATE=getMsg HTTP/1.1" 200 27
101.83.240.23 - - [08/Jul/2021:11:13:17 +0800] "POST /xingrg/kc/buy/cgsh_order_operate.html HTTP/1.1" 200 12
58.37.225.51 - - [08/Jul/2021:11:13:18 +0800] "GET /xingrg/kc/buy/cgsh_order_operate.html?command=get_materiel&rest_code=00141&code=00101008061&supplier_code=00100339&order_time=2021-07-08 HTTP/1.1" 200 423
58.37.5.217 - - [08/Jul/2021:11:13:18 +0800] "GET /xingrg/kc/buy/cgsh_order_operate.html?command=get_materiel&rest_code=00106&code=00101008038&supplier_code=00100007&order_time=2021-07-08 HTTP/1.1" 200 412
101.83.240.23 - - [08/Jul/2021:11:13:20 +0800] "POST /xingrg/kc/buy/cgsh_list_operate.html HTTP/1.1" 200 876
116.235.222.38 - - [08/Jul/2021:11:13:20 +0800] "GET /xingrg/all/function/internal_message.html?_=1625713998568&CODE_STATE=getMsg HTTP/1.1" 200 27
101.83.240.23 - - [08/Jul/2021:11:13:20 +0800] "GET /xingrg/kc/buy/cgsh_order_add.html HTTP/1.1" 200 62728
101.83.240.23 - - [08/Jul/2021:11:13:21 +0800] "POST /xingrg/kc/buy/cgsh_order_operate.html HTTP/1.1" 200 8245
101.83.240.23 - - [08/Jul/2021:11:13:21 +0800] "GET /xingrg/javascript/easyui/themes/default/validatebox.css HTTP/1.1" 404 1104
180.174.237.246 - - [08/Jul/2021:11:13:21 +0800] "GET /xingrg/check_reg.html?_=1625714017576 HTTP/1.1" 200 22
180.169.147.146 - - [08/Jul/2021:11:13:22 +0800] "GET /xingrg/kc/buy/cgsh_order_operate.html?command=get_materiel&rest_code=00147&code=00101008132&supplier_code=00100007&order_time=2021-07-08 HTTP/1.1" 200 408
180.174.237.246 - - [08/Jul/2021:11:13:22 +0800] "GET /xingrg/all/function/internal_message.html?_=1625714018356&CODE_STATE=getMsg HTTP/1.1" 200 27
116.233.77.171 - - [08/Jul/2021:11:13:24 +0800] "GET /xingrg/all/function/internal_message.html?_=1625714010898&CODE_STATE=getMsg HTTP/1.1" 200 27
58.37.225.51 - - [08/Jul/2021:11:13:25 +0800] "GET /xingrg/kc/buy/cgsh_order_operate.html?command=get_materiel&rest_code=00141&code=00101008125&supplier_code=00100339&order_time=2021-07-08 HTTP/1.1" 200 413
180.169.147.146 - - [08/Jul/2021:11:13:27 +0800] "GET /xingrg/all/function/internal_message.html?_=1625714010681&CODE_STATE=getMsg HTTP/1.1" 200 27
58.37.5.217 - - [08/Jul/2021:11:13:28 +0800] "GET /xingrg/kc/buy/cgsh_order_operate.html?command=get_materiel&rest_code=00106&code=00101008283&supplier_code=00100007&order_time=2021-07-08 HTTP/1.1" 200 408
116.235.222.38 - - [08/Jul/2021:11:13:28 +0800] "GET /xingrg/kc/buy/cgsh_order_operate.html?command=get_materiel&rest_code=00107&code=00101010696&supplier_code=00100326&order_time=2021-07-08 HTTP/1.1" 200 398
58.37.5.217 - - [08/Jul/2021:11:13:29 +0800] "POST /xingrg/kc/buy/cgsh_list_operate.html HTTP/1.1" 200 4973
116.230.117.165 - - [08/Jul/2021:11:13:31 +0800] "GET /xingrg/all/function/internal_message.html?_=1625714028208&CODE_STATE=getMsg HTTP/1.1" 200 27
116.230.114.112 - - [08/Jul/2021:11:13:33 +0800] "GET /xingrg/all/function/internal_message.html?_=1625714028992&CODE_STATE=getMsg HTTP/1.1" 302 -
180.157.255.9 - - [08/Jul/2021:11:13:33 +0800] "GET /xingrg/all/function/internal_message.html?_=1625714025029&CODE_STATE=getMsg HTTP/1.1" 200 27
172.20.0.100 - - [08/Jul/2021:11:13:39 +0800] "GET /xingrg/all/function/internal_message.html?_=1625714023586&CODE_STATE=getMsg HTTP/1.1" 200 27
101.83.240.23 - - [08/Jul/2021:11:13:39 +0800] "GET /xingrg/all/function/internal_message.html?_=1625714025703&CODE_STATE=getMsg HTTP/1.1" 200 27
116.235.222.38 - - [08/Jul/2021:11:13:40 +0800] "POST /xingrg/kc/buy/cgsh_order_operate.html HTTP/1.1" 200 37
58.37.5.217 - - [08/Jul/2021:11:13:40 +0800] "GET /xingrg/kc/buy/cgsh_order_operate.html?command=get_materiel&rest_code=00106&code=00101008163&supplier_code=00100007&order_time=2021-07-08 HTTP/1.1" 200 408
116.224.113.71 - - [08/Jul/2021:11:13:41 +0800] "GET /xingrg/all/function/internal_message.html?_=1625714012718&CODE_STATE=getMsg HTTP/1.1" 200 27
58.37.225.51 - - [08/Jul/2021:11:13:42 +0800] "POST /xingrg/kc/buy/cgsh_order_operate.html HTTP/1.1" 200 37
116.230.110.80 - - [08/Jul/2021:11:13:44 +0800] "GET /xingrg/all/function/internal_message.html?_=1625714028662&CODE_STATE=getMsg HTTP/1.1" 200 27
116.230.110.80 - - [08/Jul/2021:11:13:44 +0800] "GET /xingrg/check_reg.html?_=1625714028662 HTTP/1.1" 200 22
58.37.5.217 - - [08/Jul/2021:11:13:45 +0800] "GET /xingrg/all/function/internal_message.html?_=1625714565275&CODE_STATE=getMsg HTTP/1.1" 200 27
221.239.195.6 - - [08/Jul/2021:11:13:45 +0800] "GET /xingrg/all/function/internal_message.html?_=1625713998223&CODE_STATE=getMsg HTTP/1.1" 200 27
58.37.225.51 - - [08/Jul/2021:11:13:46 +0800] "POST /xingrg/kc/buy/cgsh_order_operate.html HTTP/1.1" 200 12
58.37.225.51 - - [08/Jul/2021:11:13:47 +0800] "GET /xingrg/kc/buy/cgsh_order_info.html?code=212021070803340 HTTP/1.1" 200 57592
58.37.225.51 - - [08/Jul/2021:11:13:47 +0800] "GET /xingrg/javascript/easyui/themes/default/validatebox.css HTTP/1.1" 404 1104
58.37.225.51 - - [08/Jul/2021:11:13:47 +0800] "POST /xingrg/kc/buy/cgsh_order_operate.html HTTP/1.1" 200 1207
58.37.225.51 - - [08/Jul/2021:11:13:48 +0800] "GET /xingrg/kc/print/load_data.html?order_code=212021070803340&kc_code=cgsh&condition= HTTP/1.1" 200 938
58.37.5.217 - - [08/Jul/2021:11:13:48 +0800] "GET /xingrg/all/function/internal_message.html?_=1625714030487&CODE_STATE=getMsg HTTP/1.1" 200 27
180.174.237.246 - - [08/Jul/2021:11:13:50 +0800] "GET /xingrg/check_reg.html?_=1625714046764 HTTP/1.1" 200 22
180.174.237.246 - - [08/Jul/2021:11:13:50 +0800] "GET /xingrg/all/function/internal_message.html?_=1625714047060&CODE_STATE=getMsg HTTP/1.1" 200 27
58.37.225.51 - - [08/Jul/2021:11:13:51 +0800] "GET /xingrg/kc/buy/cgsh_order_add.html HTTP/1.1" 200 62681
58.37.225.51 - - [08/Jul/2021:11:13:51 +0800] "POST /xingrg/kc/buy/cgsh_order_operate.html HTTP/1.1" 200 8245
58.37.225.51 - - [08/Jul/2021:11:13:51 +0800] "GET /xingrg/javascript/easyui/themes/default/validatebox.css HTTP/1.1" 404 1104
58.37.5.217 - - [08/Jul/2021:11:13:52 +0800] "GET /xingrg/kc/buy/cgsh_order_operate.html?command=get_materiel&rest_code=00106&code=00101008355&supplier_code=00100007&order_time=2021-07-08 HTTP/1.1" 200 408
116.235.222.38 - - [08/Jul/2021:11:13:52 +0800] "POST /xingrg/kc/buy/cgsh_order_operate.html HTTP/1.1" 200 3250
58.37.5.217 - - [08/Jul/2021:11:13:53 +0800] "POST /xingrg/kc/buy/cgsh_list_operate.html HTTP/1.1" 200 202
116.235.222.38 - - [08/Jul/2021:11:13:53 +0800] "GET /xingrg/kc/print/load_data.html?order_code=212021070803339&kc_code=cgsh&condition= HTTP/1.1" 200 905
58.37.5.217 - - [08/Jul/2021:11:13:55 +0800] "GET /xingrg/kc/buy/cgsh_order_info.html?code=212021070803250 HTTP/1.1" 200 62688
58.37.5.217 - - [08/Jul/2021:11:13:55 +0800] "GET /xingrg/javascript/easyui/themes/default/validatebox.css HTTP/1.1" 404 1104
58.37.5.217 - - [08/Jul/2021:11:13:55 +0800] "POST /xingrg/kc/buy/cgsh_order_operate.html HTTP/1.1" 200 2658
58.37.225.51 - - [08/Jul/2021:11:13:57 +0800] "GET /xingrg/kc/buy/cgsh_order_operate.html?command=get_materiel&rest_code=00141&code=00101002006&supplier_code=00100091&order_time=2021-07-08 HTTP/1.1" 200 413
183.192.88.201 - - [08/Jul/2021:11:13:58 +0800] "GET /xingrg/all/function/internal_message.html?_=1625714046003&CODE_STATE=getMsg HTTP/1.1" 200 27
58.37.5.217 - - [08/Jul/2021:11:13:58 +0800] "GET /xingrg/kc/buy/cgsh_order_operate.html?command=get_materiel&rest_code=00106&code=00101008004&supplier_code=00100007&order_time=2021-07-08 HTTP/1.1" 200 416
116.235.222.38 - - [08/Jul/2021:11:13:59 +0800] "GET /xingrg/kc/buy/cgsh_order_add.html HTTP/1.1" 200 62763
180.169.147.146 - - [08/Jul/2021:11:13:59 +0800] "GET /xingrg/kc/buy/cgsh_order_operate.html?command=get_materiel&rest_code=00147&code=00101008244&supplier_code=00100007&order_time=2021-07-08 HTTP/1.1" 200 408
116.235.222.38 - - [08/Jul/2021:11:14:00 +0800] "GET /xingrg/javascript/easyui/themes/default/validatebox.css HTTP/1.1" 404 1104
116.235.222.38 - - [08/Jul/2021:11:14:00 +0800] "POST /xingrg/kc/buy/cgsh_order_operate.html HTTP/1.1" 200 8245
116.235.222.38 - - [08/Jul/2021:11:14:01 +0800] "GET /xingrg/javascript/easyui/themes/default/tree.css HTTP/1.1" 404 1090
116.235.222.38 - - [08/Jul/2021:11:14:01 +0800] "POST /xingrg/all/common/load_tree.html?tree=supplier_tree_json&isDelete=1 HTTP/1.1" 200 56276
58.37.5.217 - - [08/Jul/2021:11:14:02 +0800] "POST /xingrg/kc/buy/cgsh_order_operate.html HTTP/1.1" 200 37
221.239.195.6 - - [08/Jul/2021:11:14:06 +0800] "GET /xingrg/all/function/internal_message.html?_=1625714050803&CODE_STATE=getMsg HTTP/1.1" 200 27
180.169.147.146 - - [08/Jul/2021:11:14:06 +0800] "GET /xingrg/all/function/internal_message.html?_=1625714052076&CODE_STATE=getMsg HTTP/1.1" 200 27
58.37.225.51 - - [08/Jul/2021:11:14:07 +0800] "GET /xingrg/kc/buy/cgsh_order_operate.html?command=get_materiel&rest_code=00141&code=00101003019&supplier_code=00100091&order_time=2021-07-08 HTTP/1.1" 200 416
116.235.95.53 - - [08/Jul/2021:11:14:08 +0800] "GET /xingrg/all/function/internal_message.html?_=1625714146731&CODE_STATE=getMsg HTTP/1.1" 200 27
58.37.5.217 - - [08/Jul/2021:11:14:09 +0800] "POST /xingrg/kc/buy/cgsh_order_operate.html HTTP/1.1" 200 12
58.37.5.217 - - [08/Jul/2021:11:14:10 +0800] "GET /xingrg/kc/buy/cgsh_order_info.html?code=212021070803250 HTTP/1.1" 200 57587
58.37.5.217 - - [08/Jul/2021:11:14:10 +0800] "GET /xingrg/javascript/easyui/themes/default/validatebox.css HTTP/1.1" 404 1104
58.37.5.217 - - [08/Jul/2021:11:14:10 +0800] "POST /xingrg/kc/buy/cgsh_list_operate.html HTTP/1.1" 200 4606
120.253.135.82 - - [08/Jul/2021:11:14:10 +0800] "GET /xingrg/all/function/internal_message.html?_=1625714094188&CODE_STATE=getMsg HTTP/1.1" 200 27
101.83.240.23 - - [08/Jul/2021:11:14:10 +0800] "GET /xingrg/login.html?sysBaseUrl=http%3A%2F%2F180.169.147.146%3A18081%2Fxingrg%2F&costTime=31×tamp=1615347190560 HTTP/1.1" 200 7641
101.83.240.23 - - [08/Jul/2021:11:14:10 +0800] "GET /favicon.ico HTTP/1.1" 404 -
58.37.5.217 - - [08/Jul/2021:11:14:10 +0800] "POST /xingrg/kc/buy/cgsh_order_operate.html HTTP/1.1" 200 608
116.224.113.71 - - [08/Jul/2021:11:14:11 +0800] "GET /xingrg/all/function/internal_message.html?_=1625714051151&CODE_STATE=getMsg HTTP/1.1" 200 27
116.224.113.71 - - [08/Jul/2021:11:14:11 +0800] "GET /xingrg/check_reg.html?_=1625714051551 HTTP/1.1" 200 22
58.40.7.146 - - [08/Jul/2021:11:14:12 +0800] "GET /xingrg/all/function/internal_message.html?_=1625714056328&CODE_STATE=getMsg HTTP/1.1" 200 27
101.83.240.23 - - [08/Jul/2021:11:14:12 +0800] "POST /xingrg/login.do HTTP/1.1" 302 -
101.83.240.23 - - [08/Jul/2021:11:14:12 +0800] "GET /xingrg/index.html?sysBaseUrl=http%3A%2F%2F180.169.147.146%3A18081%2Fxingrg%2F&costTime=57×tamp=1625714052025 HTTP/1.1" 200 17179
101.83.240.23 - - [08/Jul/2021:11:14:12 +0800] "GET /favicon.ico HTTP/1.1" 404 -
101.83.240.23 - - [08/Jul/2021:11:14:12 +0800] "POST /xingrg/all/common/load_tree.html?tree=area_rest_tree_json&manage=1 HTTP/1.1" 200 351
101.83.240.23 - - [08/Jul/2021:11:14:12 +0800] "GET /xingrg/all/function/internal_message.html?_=1625714058006&CODE_STATE=count HTTP/1.1" 200 11
101.83.240.23 - - [08/Jul/2021:11:14:12 +0800] "GET /xingrg/check_reg.html?_=1625714058009 HTTP/1.1" 200 22
101.83.240.23 - - [08/Jul/2021:11:14:12 +0800] "POST /xingrg/load_menu.html HTTP/1.1" 200 5138
222.70.176.145 - - [08/Jul/2021:11:14:12 +0800] "GET /xingrg/all/function/internal_message.html?_=1625714053601&CODE_STATE=getMsg HTTP/1.1" 200 27
58.37.5.217 - - [08/Jul/2021:11:14:12 +0800] "GET /xingrg/kc/buy/cgsh_order_operate.html?command=get_materiel&rest_code=00106&code=00101008264&supplier_code=00100007&order_time=2021-07-08 HTTP/1.1" 200 412
116.230.114.112 - - [08/Jul/2021:11:14:12 +0800] "GET /xingrg/check_reg.html?_=1625714068659 HTTP/1.1" 302 -
120.253.135.82 - - [08/Jul/2021:11:14:15 +0800] "GET /xingrg/check_reg.html?_=1625714184857 HTTP/1.1" 200 22
58.37.225.51 - - [08/Jul/2021:11:14:15 +0800] "POST /xingrg/kc/buy/cgsh_order_operate.html HTTP/1.1" 200 37
120.253.135.82 - - [08/Jul/2021:11:14:16 +0800] "GET /xingrg/all/function/internal_message.html?_=1625714185453&CODE_STATE=getMsg HTTP/1.1" 200 27
101.83.240.23 - - [08/Jul/2021:11:14:16 +0800] "GET /xingrg/kc/buy/cgsh_order_list.html HTTP/1.1" 200 46943
116.235.222.38 - - [08/Jul/2021:11:14:16 +0800] "GET /xingrg/kc/buy/cgsh_order_operate.html?command=get_materiel&rest_code=00107&code=00102006871&supplier_code=00100090&order_time=2021-07-08 HTTP/1.1" 200 402
58.37.5.217 - - [08/Jul/2021:11:14:17 +0800] "GET /xingrg/kc/print/load_data.html?order_code=212021070803250&kc_code=cgsh&condition= HTTP/1.1" 200 700
58.37.225.51 - - [08/Jul/2021:11:14:19 +0800] "POST /xingrg/kc/buy/cgsh_order_operate.html HTTP/1.1" 200 12
101.83.240.23 - - [08/Jul/2021:11:14:19 +0800] "POST /xingrg/kc/buy/cgsh_list_operate.html HTTP/1.1" 200 876
58.37.225.51 - - [08/Jul/2021:11:14:19 +0800] "GET /xingrg/kc/buy/cgsh_order_info.html?code=212021070803341 HTTP/1.1" 200 57593
58.37.225.51 - - [08/Jul/2021:11:14:19 +0800] "GET /xingrg/javascript/easyui/themes/default/validatebox.css HTTP/1.1" 404 1104
101.83.240.23 - - [08/Jul/2021:11:14:20 +0800] "GET /xingrg/kc/buy/cgsh_order_add.html HTTP/1.1" 200 62728
101.83.240.23 - - [08/Jul/2021:11:14:20 +0800] "POST /xingrg/kc/buy/cgsh_order_operate.html HTTP/1.1" 200 8245
101.83.240.23 - - [08/Jul/2021:11:14:20 +0800] "GET /xingrg/all/common/auto_word.html?type=employee&rest_code=00149 HTTP/1.1" 200 197
101.83.240.23 - - [08/Jul/2021:11:14:20 +0800] "GET /xingrg/javascript/easyui/themes/default/validatebox.css HTTP/1.1" 404 1104
101.83.240.23 - - [08/Jul/2021:11:14:20 +0800] "GET /xingrg/all/common/auto_word.html?type=employee&rest_code=00149 HTTP/1.1" 200 197
58.37.225.51 - - [08/Jul/2021:11:14:20 +0800] "POST /xingrg/kc/buy/cgsh_order_operate.html HTTP/1.1" 200 1208
116.235.222.38 - - [08/Jul/2021:11:14:20 +0800] "GET /xingrg/all/function/internal_message.html?_=1625714058551&CODE_STATE=getMsg HTTP/1.1" 200 27
58.37.5.217 - - [08/Jul/2021:11:14:20 +0800] "GET /xingrg/kc/buy/cgsh_order_operate.html?command=get_materiel&rest_code=00106&code=00101008356&supplier_code=00100007&order_time=2021-07-08 HTTP/1.1" 200 408
58.37.225.51 - - [08/Jul/2021:11:14:21 +0800] "GET /xingrg/kc/print/load_data.html?order_code=212021070803341&kc_code=cgsh&condition= HTTP/1.1" 200 1007
116.235.222.38 - - [08/Jul/2021:11:14:21 +0800] "GET /xingrg/kc/buy/cgsh_order_operate.html?command=get_materiel&rest_code=00107&code=00101004012&supplier_code=00100090&order_time=2021-07-08 HTTP/1.1" 200 421
101.83.240.23 - - [08/Jul/2021:11:14:21 +0800] "GET /xingrg/javascript/auto/indicator.gif HTTP/1.1" 404 1066
180.174.237.246 - - [08/Jul/2021:11:14:22 +0800] "GET /xingrg/all/function/internal_message.html?_=1625714078370&CODE_STATE=getMsg HTTP/1.1" 200 27
180.169.147.146 - - [08/Jul/2021:11:14:22 +0800] "GET /xingrg/kc/buy/cgsh_order_operate.html?command=get_materiel&rest_code=00147&code=00101008038&supplier_code=00100007&order_time=2021-07-08 HTTP/1.1" 200 412
101.83.240.23 - - [08/Jul/2021:11:14:23 +0800] "GET /xingrg/javascript/jquery_tools/images/next.gif HTTP/1.1" 404 1086
101.83.240.23 - - [08/Jul/2021:11:14:23 +0800] "GET /xingrg/javascript/jquery_tools/images/prev.gif HTTP/1.1" 404 1086
58.37.225.51 - - [08/Jul/2021:11:14:24 +0800] "GET /xingrg/kc/buy/cgsh_order_add.html HTTP/1.1" 200 62681
58.37.225.51 - - [08/Jul/2021:11:14:24 +0800] "POST /xingrg/kc/buy/cgsh_order_operate.html HTTP/1.1" 200 8245
116.233.77.171 - - [08/Jul/2021:11:14:24 +0800] "GET /xingrg/all/function/internal_message.html?_=1625714070883&CODE_STATE=getMsg HTTP/1.1" 200 27
58.37.225.51 - - [08/Jul/2021:11:14:24 +0800] "GET /xingrg/javascript/easyui/themes/default/validatebox.css HTTP/1.1" 404 1104
172.20.0.100 - - [08/Jul/2021:11:14:27 +0800] "GET /xingrg/check_reg.html?_=1625714071496 HTTP/1.1" 200 22
180.169.147.146 - - [08/Jul/2021:11:14:27 +0800] "GET /xingrg/all/function/internal_message.html?_=1625714070682&CODE_STATE=getMsg HTTP/1.1" 200 27
101.83.240.23 - - [08/Jul/2021:11:14:29 +0800] "GET /xingrg/kc/buy/cgsh_order_operate.html?command=get_materiel&rest_code=00149&code=00101004038&supplier_code=00100312&order_time=2021-07-08 HTTP/1.1" 200 429
116.235.222.38 - - [08/Jul/2021:11:14:31 +0800] "POST /xingrg/kc/buy/cgsh_order_operate.html HTTP/1.1" 200 37
180.169.147.146 - - [08/Jul/2021:11:14:31 +0800] "GET /xingrg/kc/buy/cgsh_order_operate.html?command=get_materiel&rest_code=00147&code=00101008118&supplier_code=00100007&order_time=2021-07-08 HTTP/1.1" 200 418
116.230.117.165 - - [08/Jul/2021:11:14:31 +0800] "GET /xingrg/all/function/internal_message.html?_=1625714088214&CODE_STATE=getMsg HTTP/1.1" 200 27
58.37.5.217 - - [08/Jul/2021:11:14:32 +0800] "GET /xingrg/kc/buy/cgsh_order_operate.html?command=get_materiel&rest_code=00106&code=00101008439&supplier_code=00100007&order_time=2021-07-08 HTTP/1.1" 200 399
116.235.222.38 - - [08/Jul/2021:11:14:32 +0800] "POST /xingrg/kc/buy/cgsh_order_operate.html HTTP/1.1" 200 2667
116.230.114.112 - - [08/Jul/2021:11:14:33 +0800] "GET /xingrg/all/function/internal_message.html?_=1625714088997&CODE_STATE=getMsg HTTP/1.1" 302 -
116.224.113.71 - - [08/Jul/2021:11:14:33 +0800] "GET /xingrg/check_reg.html?_=1625714064683 HTTP/1.1" 200 22
180.157.255.9 - - [08/Jul/2021:11:14:33 +0800] "GET /xingrg/all/function/internal_message.html?_=1625714085054&CODE_STATE=getMsg HTTP/1.1" 200 27
116.235.222.38 - - [08/Jul/2021:11:14:34 +0800] "GET /xingrg/kc/print/load_data.html?order_code=212021070803342&kc_code=cgsh&condition= HTTP/1.1" 200 749
58.37.225.51 - - [08/Jul/2021:11:14:36 +0800] "GET /xingrg/kc/buy/cgsh_order_operate.html?command=get_materiel&rest_code=00141&code=00101008037&supplier_code=00100440&order_time=2021-07-08 HTTP/1.1" 200 413
58.37.225.51 - - [08/Jul/2021:11:14:36 +0800] "GET /xingrg/all/function/internal_message.html?_=1625714000899&CODE_STATE=getMsg HTTP/1.1" 200 27
101.83.240.23 - - [08/Jul/2021:11:14:36 +0800] "GET /xingrg/kc/buy/cgsh_order_operate.html?command=get_materiel&rest_code=00149&code=00101005022&supplier_code=00100312&order_time=2021-07-08 HTTP/1.1" 200 417
116.235.222.38 - - [08/Jul/2021:11:14:38 +0800] "GET /xingrg/kc/buy/cgsh_order_add.html HTTP/1.1" 200 62763
172.20.0.100 - - [08/Jul/2021:11:14:39 +0800] "GET /xingrg/all/function/internal_message.html?_=1625714083562&CODE_STATE=getMsg HTTP/1.1" 200 27
116.235.222.38 - - [08/Jul/2021:11:14:39 +0800] "GET /xingrg/javascript/easyui/themes/default/validatebox.css HTTP/1.1" 404 1104
116.235.222.38 - - [08/Jul/2021:11:14:39 +0800] "POST /xingrg/kc/buy/cgsh_order_operate.html HTTP/1.1" 200 8245
116.235.222.38 - - [08/Jul/2021:11:14:40 +0800] "GET /xingrg/javascript/easyui/themes/default/tree.css HTTP/1.1" 404 1090
116.235.222.38 - - [08/Jul/2021:11:14:40 +0800] "POST /xingrg/all/common/load_tree.html?tree=supplier_tree_json&isDelete=1 HTTP/1.1" 200 56276
58.37.5.217 - - [08/Jul/2021:11:14:41 +0800] "GET /xingrg/kc/buy/cgsh_order_operate.html?command=get_materiel&rest_code=00106&code=00101008137&supplier_code=00100007&order_time=2021-07-08 HTTP/1.1" 200 408
116.224.113.71 - - [08/Jul/2021:11:14:41 +0800] "GET /xingrg/all/function/internal_message.html?_=1625714072733&CODE_STATE=getMsg HTTP/1.1" 200 27
101.83.240.23 - - [08/Jul/2021:11:14:44 +0800] "GET /xingrg/kc/buy/cgsh_order_operate.html?command=get_materiel&rest_code=00149&code=00101001029&supplier_code=00100312&order_time=2021-07-08 HTTP/1.1" 200 413
116.230.110.80 - - [08/Jul/2021:11:14:44 +0800] "GET /xingrg/all/function/internal_message.html?_=1625714088652&CODE_STATE=getMsg HTTP/1.1" 200 27
180.169.147.146 - - [08/Jul/2021:11:14:45 +0800] "GET /xingrg/kc/buy/cgsh_order_operate.html?command=get_materiel&rest_code=00147&code=00101008355&supplier_code=00100007&order_time=2021-07-08 HTTP/1.1" 200 408
58.37.5.217 - - [08/Jul/2021:11:14:45 +0800] "GET /xingrg/all/function/internal_message.html?_=1625714625262&CODE_STATE=getMsg HTTP/1.1" 200 27
221.239.195.6 - - [08/Jul/2021:11:14:45 +0800] "GET /xingrg/all/function/internal_message.html?_=1625714058193&CODE_STATE=getMsg HTTP/1.1" 200 27
58.37.5.217 - - [08/Jul/2021:11:14:46 +0800] "GET /xingrg/check_reg.html?_=1625714626294 HTTP/1.1" 200 22
58.37.5.217 - - [08/Jul/2021:11:14:47 +0800] "GET /xingrg/kc/buy/cgsh_order_operate.html?command=get_materiel&rest_code=00106&code=00101008360&supplier_code=00100007&order_time=2021-07-08 HTTP/1.1" 200 412
58.37.225.51 - - [08/Jul/2021:11:14:48 +0800] "GET /xingrg/kc/buy/cgsh_order_operate.html?command=get_materiel&rest_code=00141&code=00101008146&supplier_code=00100440&order_time=2021-07-08 HTTP/1.1" 200 416
58.37.5.217 - - [08/Jul/2021:11:14:48 +0800] "GET /xingrg/all/function/internal_message.html?_=1625714090483&CODE_STATE=getMsg HTTP/1.1" 200 27
180.174.237.246 - - [08/Jul/2021:11:14:50 +0800] "GET /xingrg/all/function/internal_message.html?_=1625714107074&CODE_STATE=getMsg HTTP/1.1" 200 27
180.169.147.146 - - [08/Jul/2021:11:14:51 +0800] "GET /xingrg/kc/buy/cgsh_order_operate.html?command=get_materiel&rest_code=00147&code=00101008264&supplier_code=00100007&order_time=2021-07-08 HTTP/1.1" 200 412
58.221.95.50 - - [08/Jul/2021:11:14:53 +0800] "GET /xingrg/check_reg.html?_=1625714097547 HTTP/1.1" 302 -
58.37.225.51 - - [08/Jul/2021:11:14:54 +0800] "POST /xingrg/kc/buy/cgsh_order_operate.html HTTP/1.1" 200 37
116.235.222.38 - - [08/Jul/2021:11:14:56 +0800] "GET /xingrg/kc/buy/cgsh_order_operate.html?command=get_materiel&rest_code=00107&code=00101004090&supplier_code=00100312&order_time=2021-07-08 HTTP/1.1" 200 391
58.37.5.217 - - [08/Jul/2021:11:14:57 +0800] "GET /xingrg/kc/buy/cgsh_order_operate.html?command=get_materiel&rest_code=00106&code=00101008059&supplier_code=00100007&order_time=2021-07-08 HTTP/1.1" 200 408
183.192.88.201 - - [08/Jul/2021:11:14:57 +0800] "GET /xingrg/all/function/internal_message.html?_=1625714105988&CODE_STATE=getMsg HTTP/1.1" 200 27
101.83.240.23 - - [08/Jul/2021:11:14:58 +0800] "GET /xingrg/kc/buy/cgsh_order_operate.html?command=get_materiel&rest_code=00149&code=00101001045&supplier_code=00100312&order_time=2021-07-08 HTTP/1.1" 200 423
58.37.225.51 - - [08/Jul/2021:11:14:58 +0800] "POST /xingrg/kc/buy/cgsh_order_operate.html HTTP/1.1" 200 12
58.37.225.51 - - [08/Jul/2021:11:14:59 +0800] "GET /xingrg/kc/buy/cgsh_order_info.html?code=212021070803343 HTTP/1.1" 200 57593
58.37.225.51 - - [08/Jul/2021:11:14:59 +0800] "GET /xingrg/javascript/easyui/themes/default/validatebox.css HTTP/1.1" 404 1104
58.37.225.51 - - [08/Jul/2021:11:15:00 +0800] "POST /xingrg/kc/buy/cgsh_order_operate.html HTTP/1.1" 200 1204
58.37.225.51 - - [08/Jul/2021:11:15:00 +0800] "GET /xingrg/kc/print/load_data.html?order_code=212021070803343&kc_code=cgsh&condition= HTTP/1.1" 200 944
180.169.147.146 - - [08/Jul/2021:11:15:01 +0800] "GET /xingrg/kc/buy/cgsh_order_operate.html?command=get_materiel&rest_code=00147&code=00102005378&supplier_code=00100007&order_time=2021-07-08 HTTP/1.1" 200 412
58.37.225.51 - - [08/Jul/2021:11:15:04 +0800] "GET /xingrg/kc/buy/cgsh_order_add.html HTTP/1.1" 200 62681
58.37.225.51 - - [08/Jul/2021:11:15:04 +0800] "POST /xingrg/kc/buy/cgsh_order_operate.html HTTP/1.1" 200 8245
58.37.225.51 - - [08/Jul/2021:11:15:04 +0800] "GET /xingrg/javascript/easyui/themes/default/validatebox.css HTTP/1.1" 404 1104
221.239.195.6 - - [08/Jul/2021:11:15:06 +0800] "GET /xingrg/all/function/internal_message.html?_=1625714110786&CODE_STATE=getMsg HTTP/1.1" 200 27
116.235.222.38 - - [08/Jul/2021:11:15:06 +0800] "GET /xingrg/kc/buy/cgsh_order_operate.html?command=get_materiel&rest_code=00107&code=00101004049&supplier_code=00100312&order_time=2021-07-08 HTTP/1.1" 200 415
