58.37.225.51 - - [08/Jul/2021:11:19:27 +0800] "GET /xingrg/kc/print/load_data.html?order_code=212021070803350&kc_code=cgsh&condition= HTTP/1.1" 200 2783
116.230.110.80 - - [08/Jul/2021:11:19:27 +0800] "GET /xingrg/index.html?sysBaseUrl=http%3A%2F%2F180.169.147.146%3A18081%2Fxingrg%2F&costTime=1277×tamp=1606817596806 HTTP/1.1" 200 17179
116.230.110.80 - - [08/Jul/2021:11:19:28 +0800] "GET /favicon.ico HTTP/1.1" 404 -
116.230.110.80 - - [08/Jul/2021:11:19:28 +0800] "POST /xingrg/all/common/load_tree.html?tree=area_rest_tree_json&manage=1 HTTP/1.1" 200 351
116.230.110.80 - - [08/Jul/2021:11:19:28 +0800] "GET /xingrg/all/function/internal_message.html?_=1625714372467&CODE_STATE=count HTTP/1.1" 200 11
116.230.110.80 - - [08/Jul/2021:11:19:28 +0800] "GET /xingrg/check_reg.html?_=1625714372468 HTTP/1.1" 200 22
116.230.110.80 - - [08/Jul/2021:11:19:28 +0800] "POST /xingrg/load_menu.html HTTP/1.1" 200 5138
101.83.240.23 - - [08/Jul/2021:11:19:29 +0800] "POST /xingrg/kc/buy/cgsh_order_operate.html HTTP/1.1" 200 12
58.37.5.217 - - [08/Jul/2021:11:19:30 +0800] "POST /xingrg/kc/buy/cgsh_list_operate.html HTTP/1.1" 200 2778
116.230.110.80 - - [08/Jul/2021:11:19:30 +0800] "GET /xingrg/kc/buy/buy_main.html HTTP/1.1" 200 12412
116.230.110.80 - - [08/Jul/2021:11:19:30 +0800] "GET /xingrg/css/new_ie.css HTTP/1.1" 404 1036
116.230.110.80 - - [08/Jul/2021:11:19:30 +0800] "GET /xingrg/images/yd/bt.gif HTTP/1.1" 404 1040
116.230.110.80 - - [08/Jul/2021:11:19:31 +0800] "GET /xingrg/kc/buy/cgsh_order_list.html HTTP/1.1" 200 46943
116.230.117.165 - - [08/Jul/2021:11:19:31 +0800] "GET /xingrg/all/function/internal_message.html?_=1625714388454&CODE_STATE=getMsg HTTP/1.1" 200 27
180.169.147.146 - - [08/Jul/2021:11:19:31 +0800] "GET /xingrg/kc/buy/cgsh_order_operate.html?command=get_materiel&rest_code=00147&code=00101008137&supplier_code=00100007&order_time=2021-07-08 HTTP/1.1" 200 408
116.224.113.71 - - [08/Jul/2021:11:19:33 +0800] "GET /xingrg/check_reg.html?_=1625714364695 HTTP/1.1" 200 22
116.230.114.112 - - [08/Jul/2021:11:19:33 +0800] "GET /xingrg/all/function/internal_message.html?_=1625714389073&CODE_STATE=getMsg HTTP/1.1" 302 -
58.37.5.217 - - [08/Jul/2021:11:19:33 +0800] "POST /xingrg/kc/buy/cgsh_order_operate.html HTTP/1.1" 200 12
101.83.240.23 - - [08/Jul/2021:11:19:33 +0800] "GET /xingrg/kc/buy/cgsh_order_info.html?code=212021070803353 HTTP/1.1" 200 57640
101.83.240.23 - - [08/Jul/2021:11:19:33 +0800] "GET /xingrg/javascript/easyui/themes/default/validatebox.css HTTP/1.1" 404 1104
180.157.255.9 - - [08/Jul/2021:11:19:33 +0800] "GET /xingrg/all/function/internal_message.html?_=1625714385051&CODE_STATE=getMsg HTTP/1.1" 200 27
101.83.240.23 - - [08/Jul/2021:11:19:33 +0800] "POST /xingrg/kc/buy/cgsh_order_operate.html HTTP/1.1" 200 613
58.37.5.217 - - [08/Jul/2021:11:19:34 +0800] "GET /xingrg/kc/buy/cgsh_order_info.html?code=212021070803268 HTTP/1.1" 200 57586
58.37.5.217 - - [08/Jul/2021:11:19:34 +0800] "GET /xingrg/javascript/easyui/themes/default/validatebox.css HTTP/1.1" 404 1104
101.83.240.23 - - [08/Jul/2021:11:19:34 +0800] "GET /xingrg/kc/print/load_data.html?order_code=212021070803353&kc_code=cgsh&condition= HTTP/1.1" 200 712
116.230.110.80 - - [08/Jul/2021:11:19:35 +0800] "POST /xingrg/kc/buy/cgsh_list_operate.html HTTP/1.1" 200 2051
58.37.5.217 - - [08/Jul/2021:11:19:35 +0800] "POST /xingrg/kc/buy/cgsh_order_operate.html HTTP/1.1" 200 616
180.169.147.146 - - [08/Jul/2021:11:19:35 +0800] "POST /xingrg/kc/buy/cgsh_order_operate.html HTTP/1.1" 200 2065
58.37.225.51 - - [08/Jul/2021:11:19:36 +0800] "GET /xingrg/all/function/internal_message.html?_=1625714300817&CODE_STATE=getMsg HTTP/1.1" 200 27
116.230.110.80 - - [08/Jul/2021:11:19:37 +0800] "POST /xingrg/kc/buy/cgsh_list_operate.html HTTP/1.1" 200 212
58.37.5.217 - - [08/Jul/2021:11:19:38 +0800] "GET /xingrg/kc/print/load_data.html?order_code=212021070803268&kc_code=cgsh&condition= HTTP/1.1" 200 705
116.230.110.80 - - [08/Jul/2021:11:19:38 +0800] "GET /xingrg/kc/buy/cgsh_order_info.html?code=212021070803352 HTTP/1.1" 200 62652
116.230.110.80 - - [08/Jul/2021:11:19:38 +0800] "GET /xingrg/all/common/auto_word.html?type=employee&rest_code=00155 HTTP/1.1" 200 205
116.230.110.80 - - [08/Jul/2021:11:19:38 +0800] "GET /xingrg/javascript/easyui/themes/default/validatebox.css HTTP/1.1" 404 1104
116.230.110.80 - - [08/Jul/2021:11:19:38 +0800] "GET /xingrg/all/common/auto_word.html?type=employee&rest_code=00155 HTTP/1.1" 200 205
172.20.0.100 - - [08/Jul/2021:11:19:39 +0800] "GET /xingrg/all/function/internal_message.html?_=1625714383420&CODE_STATE=getMsg HTTP/1.1" 200 27
116.230.110.80 - - [08/Jul/2021:11:19:39 +0800] "POST /xingrg/kc/buy/cgsh_order_operate.html HTTP/1.1" 200 2675
116.224.113.71 - - [08/Jul/2021:11:19:41 +0800] "GET /xingrg/all/function/internal_message.html?_=1625714372957&CODE_STATE=getMsg HTTP/1.1" 200 27
101.83.240.23 - - [08/Jul/2021:11:19:44 +0800] "GET /xingrg/kc/buy/cgsh_order_add.html HTTP/1.1" 200 62728
101.83.240.23 - - [08/Jul/2021:11:19:44 +0800] "POST /xingrg/kc/buy/cgsh_order_operate.html HTTP/1.1" 200 8245
101.83.240.23 - - [08/Jul/2021:11:19:44 +0800] "GET /xingrg/javascript/easyui/themes/default/validatebox.css HTTP/1.1" 404 1104
116.230.110.80 - - [08/Jul/2021:11:19:45 +0800] "GET /xingrg/javascript/auto/indicator.gif HTTP/1.1" 404 1066
221.239.195.6 - - [08/Jul/2021:11:19:45 +0800] "GET /xingrg/all/function/internal_message.html?_=1625714358092&CODE_STATE=getMsg HTTP/1.1" 200 27
58.37.5.217 - - [08/Jul/2021:11:19:45 +0800] "GET /xingrg/all/function/internal_message.html?_=1625714925249&CODE_STATE=getMsg HTTP/1.1" 200 27
58.37.5.217 - - [08/Jul/2021:11:19:45 +0800] "POST /xingrg/kc/buy/cgsh_list_operate.html HTTP/1.1" 200 2414
58.37.5.217 - - [08/Jul/2021:11:19:46 +0800] "GET /xingrg/check_reg.html?_=1625714926297 HTTP/1.1" 200 22
58.37.5.217 - - [08/Jul/2021:11:19:48 +0800] "POST /xingrg/kc/buy/cgsh_list_operate.html HTTP/1.1" 200 212
116.230.110.80 - - [08/Jul/2021:11:19:48 +0800] "GET /xingrg/kc/buy/cgsh_order_operate.html?command=get_materiel&rest_code=00155&code=00101006109&supplier_code=00100012&order_time=2021-07-08 HTTP/1.1" 200 409
58.37.5.217 - - [08/Jul/2021:11:19:48 +0800] "GET /xingrg/all/function/internal_message.html?_=1625714390471&CODE_STATE=getMsg HTTP/1.1" 200 27
58.37.5.217 - - [08/Jul/2021:11:19:49 +0800] "GET /xingrg/kc/buy/cgsh_order_info.html?code=212021070803270 HTTP/1.1" 200 62678
58.37.5.217 - - [08/Jul/2021:11:19:49 +0800] "GET /xingrg/javascript/easyui/themes/default/validatebox.css HTTP/1.1" 404 1104
58.37.5.217 - - [08/Jul/2021:11:19:50 +0800] "POST /xingrg/kc/buy/cgsh_order_operate.html HTTP/1.1" 200 2679
180.174.237.246 - - [08/Jul/2021:11:19:51 +0800] "GET /xingrg/all/function/internal_message.html?_=1625714407161&CODE_STATE=getMsg HTTP/1.1" 200 27
58.37.5.217 - - [08/Jul/2021:11:19:52 +0800] "POST /xingrg/kc/buy/cgsh_list_operate.html HTTP/1.1" 200 2414
101.83.240.23 - - [08/Jul/2021:11:19:52 +0800] "GET /xingrg/kc/buy/cgsh_order_operate.html?command=get_materiel&rest_code=00149&code=00101015122&supplier_code=00100443&order_time=2021-07-08 HTTP/1.1" 200 407
58.221.95.50 - - [08/Jul/2021:11:19:53 +0800] "GET /xingrg/check_reg.html?_=1625714397525 HTTP/1.1" 302 -
58.37.5.217 - - [08/Jul/2021:11:19:53 +0800] "GET /xingrg/kc/buy/cgsh_order_operate.html?command=get_materiel&rest_code=00106&code=00101008003&supplier_code=00100007&order_time=2021-07-08 HTTP/1.1" 200 408
180.169.147.146 - - [08/Jul/2021:11:19:54 +0800] "GET /xingrg/kc/buy/cgsh_order_operate.html?command=get_materiel&rest_code=00147&code=00101009030&supplier_code=00100007&order_time=2021-07-08 HTTP/1.1" 200 412
58.37.5.217 - - [08/Jul/2021:11:19:55 +0800] "POST /xingrg/kc/buy/cgsh_order_operate.html HTTP/1.1" 200 37
58.37.5.217 - - [08/Jul/2021:11:19:57 +0800] "POST /xingrg/kc/buy/cgsh_order_operate.html HTTP/1.1" 200 12
183.192.88.201 - - [08/Jul/2021:11:19:58 +0800] "GET /xingrg/all/function/internal_message.html?_=1625714405990&CODE_STATE=getMsg HTTP/1.1" 200 27
58.37.5.217 - - [08/Jul/2021:11:19:58 +0800] "GET /xingrg/kc/buy/cgsh_order_info.html?code=212021070803270 HTTP/1.1" 200 57577
58.37.5.217 - - [08/Jul/2021:11:19:58 +0800] "GET /xingrg/javascript/easyui/themes/default/validatebox.css HTTP/1.1" 404 1104
58.37.5.217 - - [08/Jul/2021:11:19:59 +0800] "POST /xingrg/kc/buy/cgsh_order_operate.html HTTP/1.1" 200 629
101.83.240.23 - - [08/Jul/2021:11:19:59 +0800] "GET /xingrg/kc/buy/cgsh_order_operate.html?command=get_materiel&rest_code=00149&code=00101006249&supplier_code=00100443&order_time=2021-07-08 HTTP/1.1" 200 405
58.37.5.217 - - [08/Jul/2021:11:20:01 +0800] "GET /xingrg/kc/print/load_data.html?order_code=212021070803270&kc_code=cgsh&condition= HTTP/1.1" 200 711
180.169.147.146 - - [08/Jul/2021:11:20:03 +0800] "GET /xingrg/kc/buy/cgsh_order_operate.html?command=get_materiel&rest_code=00147&code=00101008350&supplier_code=00100007&order_time=2021-07-08 HTTP/1.1" 200 408
58.37.225.51 - - [08/Jul/2021:11:20:05 +0800] "GET /xingrg/kc/buy/cgsh_order_add.html HTTP/1.1" 200 62681
58.37.225.51 - - [08/Jul/2021:11:20:05 +0800] "POST /xingrg/kc/buy/cgsh_order_operate.html HTTP/1.1" 200 8245
58.37.225.51 - - [08/Jul/2021:11:20:05 +0800] "GET /xingrg/javascript/easyui/themes/default/validatebox.css HTTP/1.1" 404 1104
58.37.5.217 - - [08/Jul/2021:11:20:05 +0800] "GET /xingrg/kc/buy/cgsh_order_operate.html?command=get_materiel&rest_code=00106&code=00101008301&supplier_code=00100007&order_time=2021-07-08 HTTP/1.1" 200 422
221.239.195.6 - - [08/Jul/2021:11:20:05 +0800] "GET /xingrg/all/function/internal_message.html?_=1625714410652&CODE_STATE=getMsg HTTP/1.1" 200 27
180.169.147.146 - - [08/Jul/2021:11:20:06 +0800] "GET /xingrg/all/function/internal_message.html?_=1625714412075&CODE_STATE=getMsg HTTP/1.1" 200 27
221.239.195.6 - - [08/Jul/2021:11:20:07 +0800] "GET /xingrg/check_reg.html?_=1625714411776 HTTP/1.1" 200 22
116.235.95.53 - - [08/Jul/2021:11:20:08 +0800] "GET /xingrg/all/function/internal_message.html?_=1625714506742&CODE_STATE=getMsg HTTP/1.1" 200 27
116.230.110.80 - - [08/Jul/2021:11:20:08 +0800] "GET /xingrg/kc/buy/cgsh_order_operate.html?command=get_materiel&rest_code=00155&code=00101006124&supplier_code=00100012&order_time=2021-07-08 HTTP/1.1" 200 409
58.37.5.217 - - [08/Jul/2021:11:20:10 +0800] "POST /xingrg/kc/buy/cgsh_list_operate.html HTTP/1.1" 200 2062
58.40.7.146 - - [08/Jul/2021:11:20:12 +0800] "GET /xingrg/all/function/internal_message.html?_=1625714416331&CODE_STATE=getMsg HTTP/1.1" 200 27
101.83.240.23 - - [08/Jul/2021:11:20:12 +0800] "GET /xingrg/all/function/internal_message.html?_=1625714418035&CODE_STATE=getMsg HTTP/1.1" 200 27
222.70.176.145 - - [08/Jul/2021:11:20:12 +0800] "GET /xingrg/all/function/internal_message.html?_=1625714413599&CODE_STATE=getMsg HTTP/1.1" 200 27
58.37.5.217 - - [08/Jul/2021:11:20:13 +0800] "POST /xingrg/kc/buy/cgsh_list_operate.html HTTP/1.1" 200 597
58.37.5.217 - - [08/Jul/2021:11:20:14 +0800] "GET /xingrg/kc/buy/cgsh_order_info.html?code=212021070803300 HTTP/1.1" 200 62687
58.37.5.217 - - [08/Jul/2021:11:20:14 +0800] "GET /xingrg/javascript/easyui/themes/default/validatebox.css HTTP/1.1" 404 1104
101.83.240.23 - - [08/Jul/2021:11:20:16 +0800] "POST /xingrg/kc/buy/cgsh_order_operate.html HTTP/1.1" 200 37
58.37.5.217 - - [08/Jul/2021:11:20:16 +0800] "POST /xingrg/kc/buy/cgsh_order_operate.html HTTP/1.1" 200 6847
120.253.135.82 - - [08/Jul/2021:11:20:16 +0800] "GET /xingrg/all/function/internal_message.html?_=1625714545535&CODE_STATE=getMsg HTTP/1.1" 200 27
101.83.240.23 - - [08/Jul/2021:11:20:18 +0800] "POST /xingrg/kc/buy/cgsh_order_operate.html HTTP/1.1" 200 12
180.169.147.146 - - [08/Jul/2021:11:20:19 +0800] "GET /xingrg/kc/buy/cgsh_order_operate.html?command=get_materiel&rest_code=00147&code=00101008176&supplier_code=00100007&order_time=2021-07-08 HTTP/1.1" 200 412
58.37.5.217 - - [08/Jul/2021:11:20:20 +0800] "POST /xingrg/kc/buy/cgsh_list_operate.html HTTP/1.1" 200 2062
116.235.222.38 - - [08/Jul/2021:11:20:20 +0800] "GET /xingrg/all/function/internal_message.html?_=1625714418550&CODE_STATE=getMsg HTTP/1.1" 200 27
101.83.240.23 - - [08/Jul/2021:11:20:20 +0800] "GET /xingrg/kc/buy/cgsh_order_info.html?code=212021070803354 HTTP/1.1" 200 57638
101.83.240.23 - - [08/Jul/2021:11:20:21 +0800] "GET /xingrg/javascript/easyui/themes/default/validatebox.css HTTP/1.1" 404 1104
101.83.240.23 - - [08/Jul/2021:11:20:21 +0800] "POST /xingrg/kc/buy/cgsh_order_operate.html HTTP/1.1" 200 1214
180.174.237.246 - - [08/Jul/2021:11:20:22 +0800] "GET /xingrg/all/function/internal_message.html?_=1625714438471&CODE_STATE=getMsg HTTP/1.1" 200 27
101.83.240.23 - - [08/Jul/2021:11:20:23 +0800] "GET /xingrg/kc/print/load_data.html?order_code=212021070803354&kc_code=cgsh&condition= HTTP/1.1" 200 959
58.37.5.217 - - [08/Jul/2021:11:20:23 +0800] "POST /xingrg/kc/buy/cgsh_order_operate.html HTTP/1.1" 200 37
116.233.77.171 - - [08/Jul/2021:11:20:24 +0800] "GET /xingrg/all/function/internal_message.html?_=1625714430917&CODE_STATE=getMsg HTTP/1.1" 200 27
58.37.5.217 - - [08/Jul/2021:11:20:25 +0800] "GET /xingrg/kc/buy/cgsh_order_operate.html?command=get_materiel&rest_code=00106&code=00101008286&supplier_code=00100007&order_time=2021-07-08 HTTP/1.1" 200 408
58.37.5.217 - - [08/Jul/2021:11:20:27 +0800] "POST /xingrg/kc/buy/cgsh_order_operate.html HTTP/1.1" 200 12
180.169.147.146 - - [08/Jul/2021:11:20:27 +0800] "GET /xingrg/all/function/internal_message.html?_=1625714430672&CODE_STATE=getMsg HTTP/1.1" 200 27
180.169.147.146 - - [08/Jul/2021:11:20:27 +0800] "GET /xingrg/check_reg.html?_=1625714430687 HTTP/1.1" 200 22
116.230.110.80 - - [08/Jul/2021:11:20:28 +0800] "GET /xingrg/all/function/internal_message.html?_=1625714432485&CODE_STATE=getMsg HTTP/1.1" 200 27
58.37.5.217 - - [08/Jul/2021:11:20:28 +0800] "GET /xingrg/kc/buy/cgsh_order_info.html?code=212021070803300 HTTP/1.1" 200 57586
58.37.225.51 - - [08/Jul/2021:11:20:28 +0800] "GET /xingrg/kc/buy/cgsh_order_operate.html?command=get_materiel&rest_code=00141&code=00101020281&supplier_code=00100322&order_time=2021-07-08 HTTP/1.1" 200 428
101.83.240.23 - - [08/Jul/2021:11:20:28 +0800] "GET /xingrg/kc/buy/cgsh_order_add.html HTTP/1.1" 200 62728
58.37.5.217 - - [08/Jul/2021:11:20:28 +0800] "GET /xingrg/javascript/easyui/themes/default/validatebox.css HTTP/1.1" 404 1104
101.83.240.23 - - [08/Jul/2021:11:20:28 +0800] "POST /xingrg/kc/buy/cgsh_order_operate.html HTTP/1.1" 200 8245
101.83.240.23 - - [08/Jul/2021:11:20:29 +0800] "GET /xingrg/javascript/easyui/themes/default/validatebox.css HTTP/1.1" 404 1104
116.230.117.165 - - [08/Jul/2021:11:20:29 +0800] "GET /xingrg/check_reg.html?_=1625714445955 HTTP/1.1" 200 22
58.37.5.217 - - [08/Jul/2021:11:20:29 +0800] "POST /xingrg/kc/buy/cgsh_order_operate.html HTTP/1.1" 200 4793
116.230.110.80 - - [08/Jul/2021:11:20:30 +0800] "GET /xingrg/kc/buy/cgsh_order_operate.html?command=get_materiel&rest_code=00155&code=00101006184&supplier_code=00100012&order_time=2021-07-08 HTTP/1.1" 200 408
116.230.117.165 - - [08/Jul/2021:11:20:31 +0800] "GET /xingrg/all/function/internal_message.html?_=1625714448468&CODE_STATE=getMsg HTTP/1.1" 200 27
58.37.5.217 - - [08/Jul/2021:11:20:32 +0800] "GET /xingrg/kc/buy/cgsh_order_operate.html?command=get_materiel&rest_code=00106&code=00101008295&supplier_code=00100007&order_time=2021-07-08 HTTP/1.1" 200 412
180.169.147.146 - - [08/Jul/2021:11:20:33 +0800] "GET /xingrg/kc/buy/cgsh_order_operate.html?command=get_materiel&rest_code=00147&code=00101008049&supplier_code=00100007&order_time=2021-07-08 HTTP/1.1" 200 408
116.230.114.112 - - [08/Jul/2021:11:20:33 +0800] "GET /xingrg/all/function/internal_message.html?_=1625714449079&CODE_STATE=getMsg HTTP/1.1" 302 -
58.37.5.217 - - [08/Jul/2021:11:20:33 +0800] "GET /xingrg/kc/print/load_data.html?order_code=212021070803300&kc_code=cgsh&condition= HTTP/1.1" 200 2325
180.157.255.9 - - [08/Jul/2021:11:20:33 +0800] "GET /xingrg/all/function/internal_message.html?_=1625714445052&CODE_STATE=getMsg HTTP/1.1" 200 27
101.83.240.23 - - [08/Jul/2021:11:20:36 +0800] "GET /xingrg/kc/buy/cgsh_order_operate.html?command=get_materiel&rest_code=00149&code=00101001168&supplier_code=00100313&order_time=2021-07-08 HTTP/1.1" 200 414
180.169.147.146 - - [08/Jul/2021:11:20:37 +0800] "POST /xingrg/kc/buy/cgsh_order_operate.html HTTP/1.1" 200 2065
58.37.5.217 - - [08/Jul/2021:11:20:37 +0800] "POST /xingrg/kc/buy/cgsh_order_operate.html HTTP/1.1" 200 2065
172.20.0.100 - - [08/Jul/2021:11:20:39 +0800] "GET /xingrg/all/function/internal_message.html?_=1625714443406&CODE_STATE=getMsg HTTP/1.1" 200 27
58.37.225.51 - - [08/Jul/2021:11:20:41 +0800] "POST /xingrg/kc/buy/cgsh_order_operate.html HTTP/1.1" 200 37
116.224.113.71 - - [08/Jul/2021:11:20:41 +0800] "GET /xingrg/all/function/internal_message.html?_=1625714432970&CODE_STATE=getMsg HTTP/1.1" 200 27
180.169.147.146 - - [08/Jul/2021:11:20:43 +0800] "GET /xingrg/kc/buy/cgsh_order_operate.html?command=get_materiel&rest_code=00147&code=00101008149&supplier_code=00100007&order_time=2021-07-08 HTTP/1.1" 200 408
116.230.110.80 - - [08/Jul/2021:11:20:43 +0800] "GET /xingrg/kc/buy/cgsh_order_operate.html?command=get_materiel&rest_code=00155&code=00101006055&supplier_code=00100012&order_time=2021-07-08 HTTP/1.1" 200 409
58.37.225.51 - - [08/Jul/2021:11:20:44 +0800] "POST /xingrg/kc/buy/cgsh_order_operate.html HTTP/1.1" 200 12
221.239.195.6 - - [08/Jul/2021:11:20:45 +0800] "GET /xingrg/check_reg.html?_=1625714418076 HTTP/1.1" 200 22
221.239.195.6 - - [08/Jul/2021:11:20:45 +0800] "GET /xingrg/all/function/internal_message.html?_=1625714418080&CODE_STATE=getMsg HTTP/1.1" 200 27
58.37.5.217 - - [08/Jul/2021:11:20:45 +0800] "GET /xingrg/all/function/internal_message.html?_=1625714985234&CODE_STATE=getMsg HTTP/1.1" 200 27
58.37.225.51 - - [08/Jul/2021:11:20:47 +0800] "GET /xingrg/kc/buy/cgsh_order_info.html?code=212021070803355 HTTP/1.1" 200 57583
58.37.5.217 - - [08/Jul/2021:11:20:47 +0800] "POST /xingrg/kc/buy/cgsh_list_operate.html HTTP/1.1" 200 1696
58.37.225.51 - - [08/Jul/2021:11:20:47 +0800] "GET /xingrg/javascript/easyui/themes/default/validatebox.css HTTP/1.1" 404 1104
58.37.225.51 - - [08/Jul/2021:11:20:48 +0800] "POST /xingrg/kc/buy/cgsh_order_operate.html HTTP/1.1" 200 632
58.37.5.217 - - [08/Jul/2021:11:20:48 +0800] "GET /xingrg/all/function/internal_message.html?_=1625714450474&CODE_STATE=getMsg HTTP/1.1" 200 27
58.37.225.51 - - [08/Jul/2021:11:20:49 +0800] "GET /xingrg/kc/print/load_data.html?order_code=212021070803355&kc_code=cgsh&condition= HTTP/1.1" 200 724
101.83.240.23 - - [08/Jul/2021:11:20:50 +0800] "GET /xingrg/kc/buy/cgsh_order_operate.html?command=get_materiel&rest_code=00149&code=00101001135&supplier_code=00100313&order_time=2021-07-08 HTTP/1.1" 200 434
180.174.237.246 - - [08/Jul/2021:11:20:51 +0800] "GET /xingrg/all/function/internal_message.html?_=1625714467175&CODE_STATE=getMsg HTTP/1.1" 200 27
116.230.110.80 - - [08/Jul/2021:11:20:56 +0800] "POST /xingrg/kc/buy/cgsh_order_operate.html HTTP/1.1" 200 2065
58.37.225.51 - - [08/Jul/2021:11:20:56 +0800] "GET /xingrg/kc/buy/cgsh_order_add.html HTTP/1.1" 200 62681
58.37.225.51 - - [08/Jul/2021:11:20:56 +0800] "POST /xingrg/kc/buy/cgsh_order_operate.html HTTP/1.1" 200 8245
58.37.225.51 - - [08/Jul/2021:11:20:56 +0800] "GET /xingrg/javascript/easyui/themes/default/validatebox.css HTTP/1.1" 404 1104
180.169.147.146 - - [08/Jul/2021:11:20:57 +0800] "GET /xingrg/kc/buy/cgsh_order_operate.html?command=get_materiel&rest_code=00147&code=00101008300&supplier_code=00100007&order_time=2021-07-08 HTTP/1.1" 200 412
58.37.5.217 - - [08/Jul/2021:11:20:57 +0800] "POST /xingrg/kc/buy/cgsh_list_operate.html HTTP/1.1" 200 497
183.192.88.201 - - [08/Jul/2021:11:20:58 +0800] "GET /xingrg/all/function/internal_message.html?_=1625714466003&CODE_STATE=getMsg HTTP/1.1" 200 27
183.192.88.201 - - [08/Jul/2021:11:20:58 +0800] "GET /xingrg/check_reg.html?_=1625714466004 HTTP/1.1" 200 22
58.37.5.217 - - [08/Jul/2021:11:21:01 +0800] "GET /xingrg/kc/buy/cgsh_order_info.html?code=212021070803304 HTTP/1.1" 200 62688
58.37.5.217 - - [08/Jul/2021:11:21:02 +0800] "GET /xingrg/javascript/easyui/themes/default/validatebox.css HTTP/1.1" 404 1104
58.37.5.217 - - [08/Jul/2021:11:21:02 +0800] "POST /xingrg/kc/buy/cgsh_order_operate.html HTTP/1.1" 200 5033
58.37.5.217 - - [08/Jul/2021:11:21:03 +0800] "POST /xingrg/kc/buy/cgsh_list_operate.html HTTP/1.1" 200 1696
116.230.110.80 - - [08/Jul/2021:11:21:04 +0800] "GET /xingrg/kc/buy/cgsh_order_operate.html?command=get_materiel&rest_code=00155&code=00101006065&supplier_code=00100012&order_time=2021-07-08 HTTP/1.1" 200 409
221.239.195.6 - - [08/Jul/2021:11:21:05 +0800] "GET /xingrg/all/function/internal_message.html?_=1625714470623&CODE_STATE=getMsg HTTP/1.1" 200 27
180.169.147.146 - - [08/Jul/2021:11:21:06 +0800] "GET /xingrg/all/function/internal_message.html?_=1625714472079&CODE_STATE=getMsg HTTP/1.1" 200 27
180.169.147.146 - - [08/Jul/2021:11:21:06 +0800] "GET /xingrg/check_reg.html?_=1625714472082 HTTP/1.1" 200 22
180.169.147.146 - - [08/Jul/2021:11:21:07 +0800] "GET /xingrg/kc/buy/cgsh_order_operate.html?command=get_materiel&rest_code=00147&code=00101008357&supplier_code=00100007&order_time=2021-07-08 HTTP/1.1" 200 408
116.235.95.53 - - [08/Jul/2021:11:21:08 +0800] "GET /xingrg/check_reg.html?_=1625714566722 HTTP/1.1" 200 22
116.235.95.53 - - [08/Jul/2021:11:21:08 +0800] "GET /xingrg/all/function/internal_message.html?_=1625714566723&CODE_STATE=getMsg HTTP/1.1" 200 27
58.37.5.217 - - [08/Jul/2021:11:21:11 +0800] "POST /xingrg/kc/buy/cgsh_order_operate.html HTTP/1.1" 200 37
180.169.147.146 - - [08/Jul/2021:11:21:11 +0800] "GET /xingrg/check_reg.html?_=1625714472396 HTTP/1.1" 200 22
58.40.7.146 - - [08/Jul/2021:11:21:12 +0800] "GET /xingrg/all/function/internal_message.html?_=1625714476334&CODE_STATE=getMsg HTTP/1.1" 200 27
101.83.240.23 - - [08/Jul/2021:11:21:12 +0800] "GET /xingrg/all/function/internal_message.html?_=1625714478042&CODE_STATE=getMsg HTTP/1.1" 200 27
222.70.176.145 - - [08/Jul/2021:11:21:12 +0800] "GET /xingrg/check_reg.html?_=1625714473598 HTTP/1.1" 200 22
222.70.176.145 - - [08/Jul/2021:11:21:12 +0800] "GET /xingrg/all/function/internal_message.html?_=1625714473600&CODE_STATE=getMsg HTTP/1.1" 200 27
58.37.5.217 - - [08/Jul/2021:11:21:15 +0800] "POST /xingrg/kc/buy/cgsh_order_operate.html HTTP/1.1" 200 12
120.253.135.82 - - [08/Jul/2021:11:21:16 +0800] "GET /xingrg/all/function/internal_message.html?_=1625714605548&CODE_STATE=getMsg HTTP/1.1" 200 27
58.37.5.217 - - [08/Jul/2021:11:21:17 +0800] "GET /xingrg/kc/buy/cgsh_order_info.html?code=212021070803304 HTTP/1.1" 200 57587
58.37.5.217 - - [08/Jul/2021:11:21:17 +0800] "GET /xingrg/javascript/easyui/themes/default/validatebox.css HTTP/1.1" 404 1104
58.37.5.217 - - [08/Jul/2021:11:21:17 +0800] "POST /xingrg/kc/buy/cgsh_order_operate.html HTTP/1.1" 200 2982
180.169.147.146 - - [08/Jul/2021:11:21:18 +0800] "GET /xingrg/kc/buy/cgsh_order_operate.html?command=get_materiel&rest_code=00147&code=00101008352&supplier_code=00100007&order_time=2021-07-08 HTTP/1.1" 200 412
116.235.222.38 - - [08/Jul/2021:11:21:18 +0800] "GET /xingrg/kc/buy/cgsh_order_operate.html?command=get_materiel&rest_code=00107&code=00101019229&supplier_code=00100337&order_time=2021-07-08 HTTP/1.1" 200 418
116.235.222.38 - - [08/Jul/2021:11:21:20 +0800] "GET /xingrg/check_reg.html?_=1625714478353 HTTP/1.1" 200 22
116.235.222.38 - - [08/Jul/2021:11:21:20 +0800] "GET /xingrg/all/function/internal_message.html?_=1625714478536&CODE_STATE=getMsg HTTP/1.1" 200 27
58.37.5.217 - - [08/Jul/2021:11:21:20 +0800] "GET /xingrg/kc/print/load_data.html?order_code=212021070803304&kc_code=cgsh&condition= HTTP/1.1" 200 1613
58.37.225.51 - - [08/Jul/2021:11:21:21 +0800] "GET /xingrg/kc/buy/cgsh_order_operate.html?command=get_materiel&rest_code=00141&code=00101004009&supplier_code=00100094&order_time=2021-07-08 HTTP/1.1" 200 415
180.174.237.246 - - [08/Jul/2021:11:21:22 +0800] "GET /xingrg/all/function/internal_message.html?_=1625714498486&CODE_STATE=getMsg HTTP/1.1" 200 27
116.233.77.171 - - [08/Jul/2021:11:21:24 +0800] "GET /xingrg/all/function/internal_message.html?_=1625714490908&CODE_STATE=getMsg HTTP/1.1" 200 27
180.169.147.146 - - [08/Jul/2021:11:21:27 +0800] "GET /xingrg/kc/buy/cgsh_order_operate.html?command=get_materiel&rest_code=00147&code=00101008361&supplier_code=00100007&order_time=2021-07-08 HTTP/1.1" 200 408
180.169.147.146 - - [08/Jul/2021:11:21:27 +0800] "GET /xingrg/all/function/internal_message.html?_=1625714490685&CODE_STATE=getMsg HTTP/1.1" 200 27
116.230.110.80 - - [08/Jul/2021:11:21:28 +0800] "GET /xingrg/all/function/internal_message.html?_=1625714492483&CODE_STATE=getMsg HTTP/1.1" 200 27
101.83.240.23 - - [08/Jul/2021:11:21:28 +0800] "GET /xingrg/kc/buy/cgsh_order_operate.html?command=get_materiel&rest_code=00149&code=00101001058&supplier_code=00100313&order_time=2021-07-08 HTTP/1.1" 200 415
180.169.147.146 - - [08/Jul/2021:11:21:28 +0800] "POST /xingrg/kc/buy/cgsh_order_operate.html HTTP/1.1" 200 2065
58.37.225.51 - - [08/Jul/2021:11:21:31 +0800] "POST /xingrg/kc/buy/cgsh_order_operate.html HTTP/1.1" 200 37
116.230.117.165 - - [08/Jul/2021:11:21:31 +0800] "GET /xingrg/all/function/internal_message.html?_=1625714508481&CODE_STATE=getMsg HTTP/1.1" 200 27
58.37.5.217 - - [08/Jul/2021:11:21:32 +0800] "GET /xingrg/kc/buy/buy_main.html HTTP/1.1" 200 12412
58.37.5.217 - - [08/Jul/2021:11:21:32 +0800] "GET /xingrg/css/new_ie.css HTTP/1.1" 404 1036
116.230.114.112 - - [08/Jul/2021:11:21:33 +0800] "GET /xingrg/all/function/internal_message.html?_=1625714509101&CODE_STATE=getMsg HTTP/1.1" 302 -
58.37.5.217 - - [08/Jul/2021:11:21:33 +0800] "GET /xingrg/images/yd/bt.gif HTTP/1.1" 404 1040
180.157.255.9 - - [08/Jul/2021:11:21:33 +0800] "GET /xingrg/all/function/internal_message.html?_=1625714505066&CODE_STATE=getMsg HTTP/1.1" 200 27
58.37.225.51 - - [08/Jul/2021:11:21:34 +0800] "POST /xingrg/kc/buy/cgsh_order_operate.html HTTP/1.1" 200 12
58.37.5.217 - - [08/Jul/2021:11:21:34 +0800] "GET /xingrg/kc/buy/cgsh_order_list.html HTTP/1.1" 200 46937
116.230.110.80 - - [08/Jul/2021:11:21:34 +0800] "GET /xingrg/kc/buy/cgsh_order_operate.html?command=get_materiel&rest_code=00155&code=00101006071&supplier_code=00100012&order_time=2021-07-08 HTTP/1.1" 200 409
58.37.5.217 - - [08/Jul/2021:11:21:35 +0800] "POST /xingrg/kc/buy/cgsh_list_operate.html HTTP/1.1" 200 876
180.169.147.146 - - [08/Jul/2021:11:21:35 +0800] "GET /xingrg/kc/buy/cgsh_order_operate.html?command=get_materiel&rest_code=00147&code=00101008312&supplier_code=00100007&order_time=2021-07-08 HTTP/1.1" 200 412
58.37.5.217 - - [08/Jul/2021:11:21:37 +0800] "GET /xingrg/kc/base/base_main.html HTTP/1.1" 200 12142
58.37.5.217 - - [08/Jul/2021:11:21:38 +0800] "GET /xingrg/kc/base/wldb_order_list.html HTTP/1.1" 200 19145
101.83.240.23 - - [08/Jul/2021:11:21:38 +0800] "GET /xingrg/kc/buy/cgsh_order_operate.html?command=get_materiel&rest_code=00149&code=00101001016&supplier_code=00100313&order_time=2021-07-08 HTTP/1.1" 200 415
58.37.5.217 - - [08/Jul/2021:11:21:38 +0800] "POST /xingrg/kc/base/wldb_list_operate.html HTTP/1.1" 200 2560
58.37.225.51 - - [08/Jul/2021:11:21:39 +0800] "GET /xingrg/kc/buy/cgsh_order_info.html?code=212021070803356 HTTP/1.1" 200 57589
172.20.0.100 - - [08/Jul/2021:11:21:39 +0800] "GET /xingrg/all/function/internal_message.html?_=1625714503392&CODE_STATE=getMsg HTTP/1.1" 200 27
58.37.225.51 - - [08/Jul/2021:11:21:39 +0800] "GET /xingrg/javascript/easyui/themes/default/validatebox.css HTTP/1.1" 404 1104
180.169.147.146 - - [08/Jul/2021:11:21:41 +0800] "POST /xingrg/kc/buy/cgsh_order_operate.html HTTP/1.1" 200 37
58.37.225.51 - - [08/Jul/2021:11:21:41 +0800] "POST /xingrg/kc/buy/cgsh_order_operate.html HTTP/1.1" 200 614
116.224.113.71 - - [08/Jul/2021:11:21:41 +0800] "GET /xingrg/all/function/internal_message.html?_=1625714493069&CODE_STATE=getMsg HTTP/1.1" 200 27
58.37.5.217 - - [08/Jul/2021:11:21:42 +0800] "GET /xingrg/kc/base/wldb_order_add.html HTTP/1.1" 200 30353
58.37.5.217 - - [08/Jul/2021:11:21:42 +0800] "POST /xingrg/kc/base/wldb_order_operate.html HTTP/1.1" 200 6806
58.37.5.217 - - [08/Jul/2021:11:21:42 +0800] "GET /xingrg/javascript/easyui/themes/default/validatebox.css HTTP/1.1" 404 1104
58.37.225.51 - - [08/Jul/2021:11:21:43 +0800] "GET /xingrg/kc/print/load_data.html?order_code=212021070803356&kc_code=cgsh&condition= HTTP/1.1" 200 791
180.169.147.146 - - [08/Jul/2021:11:21:43 +0800] "POST /xingrg/kc/buy/cgsh_order_operate.html HTTP/1.1" 200 28672
180.169.147.146 - - [08/Jul/2021:11:21:44 +0800] "GET /xingrg/kc/print/load_data.html?order_code=212021070803357&kc_code=cgsh HTTP/1.1" 200 10566
58.37.5.217 - - [08/Jul/2021:11:21:44 +0800] "POST /xingrg/all/common/load_combo.html?type=base HTTP/1.1" 200 3142
221.239.195.6 - - [08/Jul/2021:11:21:45 +0800] "GET /xingrg/all/function/internal_message.html?_=1625714478065&CODE_STATE=getMsg HTTP/1.1" 200 27
58.37.5.217 - - [08/Jul/2021:11:21:45 +0800] "GET /xingrg/all/function/internal_message.html?_=1625715045215&CODE_STATE=getMsg HTTP/1.1" 200 27
180.169.147.146 - - [08/Jul/2021:11:21:47 +0800] "GET /xingrg/kc/print/load_data.html?order_code=212021070803357&kc_code=cgsh&condition= HTTP/1.1" 200 10566
58.37.5.217 - - [08/Jul/2021:11:21:47 +0800] "POST /xingrg/all/common/load_combo.html?type=base HTTP/1.1" 200 3142
58.37.5.217 - - [08/Jul/2021:11:21:48 +0800] "GET /xingrg/check_reg.html?_=1625714510483 HTTP/1.1" 200 22
58.37.5.217 - - [08/Jul/2021:11:21:48 +0800] "GET /xingrg/all/function/internal_message.html?_=1625714510482&CODE_STATE=getMsg HTTP/1.1" 200 27
116.235.222.38 - - [08/Jul/2021:11:21:50 +0800] "GET /xingrg/kc/buy/cgsh_order_operate.html?command=get_materiel&rest_code=00107&code=00101013172&supplier_code=00100337&order_time=2021-07-08 HTTP/1.1" 200 428
101.83.240.23 - - [08/Jul/2021:11:21:50 +0800] "GET /xingrg/kc/buy/cgsh_order_operate.html?command=get_materiel&rest_code=00149&code=00101001096&supplier_code=00100313&order_time=2021-07-08 HTTP/1.1" 200 413
180.169.147.146 - - [08/Jul/2021:11:21:50 +0800] "GET /xingrg/kc/buy/cgsh_order_add.html HTTP/1.1" 200 62643
180.174.237.246 - - [08/Jul/2021:11:21:51 +0800] "GET /xingrg/all/function/internal_message.html?_=1625714527190&CODE_STATE=getMsg HTTP/1.1" 200 27
180.169.147.146 - - [08/Jul/2021:11:21:51 +0800] "POST /xingrg/kc/buy/cgsh_order_operate.html HTTP/1.1" 200 8245
180.169.147.146 - - [08/Jul/2021:11:21:51 +0800] "GET /xingrg/javascript/easyui/themes/default/validatebox.css HTTP/1.1" 404 1104
183.192.88.201 - - [08/Jul/2021:11:21:58 +0800] "GET /xingrg/all/function/internal_message.html?_=1625714526004&CODE_STATE=getMsg HTTP/1.1" 200 27
58.37.225.51 - - [08/Jul/2021:11:22:03 +0800] "GET /xingrg/kc/buy/cgsh_order_add.html HTTP/1.1" 200 62681
58.37.225.51 - - [08/Jul/2021:11:22:04 +0800] "POST /xingrg/kc/buy/cgsh_order_operate.html HTTP/1.1" 200 8245
58.37.225.51 - - [08/Jul/2021:11:22:04 +0800] "GET /xingrg/javascript/easyui/themes/default/validatebox.css HTTP/1.1" 404 1104
116.230.110.80 - - [08/Jul/2021:11:22:04 +0800] "POST /xingrg/kc/buy/cgsh_order_operate.html HTTP/1.1" 200 37
221.239.195.6 - - [08/Jul/2021:11:22:05 +0800] "GET /xingrg/all/function/internal_message.html?_=1625714530601&CODE_STATE=getMsg HTTP/1.1" 200 27
58.37.5.217 - - [08/Jul/2021:11:22:05 +0800] "GET /xingrg/check_reg.html?_=1625714519227 HTTP/1.1" 200 22
101.83.240.23 - - [08/Jul/2021:11:22:06 +0800] "GET /xingrg/kc/buy/cgsh_order_operate.html?command=get_materiel&rest_code=00149&code=00101001161&supplier_code=00100313&order_time=2021-07-08 HTTP/1.1" 200 409
180.169.147.146 - - [08/Jul/2021:11:22:06 +0800] "GET /xingrg/all/function/internal_message.html?_=1625714532088&CODE_STATE=getMsg HTTP/1.1" 200 27
116.235.95.53 - - [08/Jul/2021:11:22:08 +0800] "GET /xingrg/all/function/internal_message.html?_=1625714626732&CODE_STATE=getMsg HTTP/1.1" 200 27
116.230.110.80 - - [08/Jul/2021:11:22:09 +0800] "POST /xingrg/kc/buy/cgsh_order_operate.html HTTP/1.1" 200 6207
116.230.110.80 - - [08/Jul/2021:11:22:10 +0800] "GET /xingrg/kc/buy/cgsh_order_add.html HTTP/1.1" 200 62643
116.230.110.80 - - [08/Jul/2021:11:22:11 +0800] "POST /xingrg/kc/buy/cgsh_order_operate.html HTTP/1.1" 200 8245
116.230.110.80 - - [08/Jul/2021:11:22:11 +0800] "GET /xingrg/javascript/easyui/themes/default/validatebox.css HTTP/1.1" 404 1104
58.40.7.146 - - [08/Jul/2021:11:22:12 +0800] "GET /xingrg/all/function/internal_message.html?_=1625714536339&CODE_STATE=getMsg HTTP/1.1" 200 27
58.40.7.146 - - [08/Jul/2021:11:22:12 +0800] "GET /xingrg/check_reg.html?_=1625714536340 HTTP/1.1" 200 22
101.83.240.23 - - [08/Jul/2021:11:22:12 +0800] "GET /xingrg/all/function/internal_message.html?_=1625714538053&CODE_STATE=getMsg HTTP/1.1" 200 27
222.70.176.145 - - [08/Jul/2021:11:22:12 +0800] "GET /xingrg/all/function/internal_message.html?_=1625714533599&CODE_STATE=getMsg HTTP/1.1" 200 27
101.83.240.23 - - [08/Jul/2021:11:22:14 +0800] "GET /xingrg/kc/buy/cgsh_order_operate.html?command=get_materiel&rest_code=00149&code=00101005043&supplier_code=00100313&order_time=2021-07-08 HTTP/1.1" 200 417
120.253.135.82 - - [08/Jul/2021:11:22:16 +0800] "GET /xingrg/all/function/internal_message.html?_=1625714665573&CODE_STATE=getMsg HTTP/1.1" 200 27
116.235.222.38 - - [08/Jul/2021:11:22:16 +0800] "GET /xingrg/kc/buy/cgsh_order_operate.html?command=get_materiel&rest_code=00107&code=00101019432&supplier_code=00100337&order_time=2021-07-08 HTTP/1.1" 200 420
116.235.222.38 - - [08/Jul/2021:11:22:20 +0800] "GET /xingrg/all/function/internal_message.html?_=1625714538511&CODE_STATE=getMsg HTTP/1.1" 200 27
116.230.110.80 - - [08/Jul/2021:11:22:21 +0800] "GET /xingrg/javascript/jquery_tools/images/prev.gif HTTP/1.1" 404 1086
116.230.110.80 - - [08/Jul/2021:11:22:21 +0800] "GET /xingrg/javascript/jquery_tools/images/next.gif HTTP/1.1" 404 1086
180.174.237.246 - - [08/Jul/2021:11:22:22 +0800] "GET /xingrg/all/function/internal_message.html?_=1625714558515&CODE_STATE=getMsg HTTP/1.1" 200 27
101.83.240.23 - - [08/Jul/2021:11:22:22 +0800] "GET /xingrg/kc/buy/cgsh_order_operate.html?command=get_materiel&rest_code=00149&code=00102026001&supplier_code=00100313&order_time=2021-07-08 HTTP/1.1" 200 409
116.235.222.38 - - [08/Jul/2021:11:22:23 +0800] "GET /xingrg/kc/buy/cgsh_order_operate.html?command=get_materiel&rest_code=00107&code=00101019368&supplier_code=00100337&order_time=2021-07-08 HTTP/1.1" 200 444
116.233.77.171 - - [08/Jul/2021:11:22:24 +0800] "GET /xingrg/all/function/internal_message.html?_=1625714550913&CODE_STATE=getMsg HTTP/1.1" 200 27
116.233.77.171 - - [08/Jul/2021:11:22:24 +0800] "GET /xingrg/check_reg.html?_=1625714550921 HTTP/1.1" 200 22
180.169.147.146 - - [08/Jul/2021:11:22:27 +0800] "GET /xingrg/all/function/internal_message.html?_=1625714550677&CODE_STATE=getMsg HTTP/1.1" 200 27
116.230.110.80 - - [08/Jul/2021:11:22:28 +0800] "GET /xingrg/all/function/internal_message.html?_=1625714552484&CODE_STATE=getMsg HTTP/1.1" 200 27
116.230.117.165 - - [08/Jul/2021:11:22:31 +0800] "GET /xingrg/all/function/internal_message.html?_=1625714568495&CODE_STATE=getMsg HTTP/1.1" 200 27
101.83.240.23 - - [08/Jul/2021:11:22:32 +0800] "POST /xingrg/kc/buy/cgsh_order_operate.html HTTP/1.1" 200 37
116.230.114.112 - - [08/Jul/2021:11:22:33 +0800] "GET /xingrg/all/function/internal_message.html?_=1625714569106&CODE_STATE=getMsg HTTP/1.1" 302 -
180.157.255.9 - - [08/Jul/2021:11:22:33 +0800] "GET /xingrg/check_reg.html?_=1625714565065 HTTP/1.1" 200 22
180.157.255.9 - - [08/Jul/2021:11:22:33 +0800] "GET /xingrg/all/function/internal_message.html?_=1625714565067&CODE_STATE=getMsg HTTP/1.1" 200 27
116.230.110.80 - - [08/Jul/2021:11:22:34 +0800] "GET /xingrg/kc/buy/cgsh_order_operate.html?command=get_materiel&rest_code=00155&code=00101007125&supplier_code=00100002&order_time=2021-07-08 HTTP/1.1" 200 408
58.37.225.51 - - [08/Jul/2021:11:22:36 +0800] "GET /xingrg/all/function/internal_message.html?_=1625714480830&CODE_STATE=getMsg HTTP/1.1" 200 27
101.83.240.23 - - [08/Jul/2021:11:22:37 +0800] "POST /xingrg/kc/buy/cgsh_order_operate.html HTTP/1.1" 200 12
172.20.0.100 - - [08/Jul/2021:11:22:39 +0800] "GET /xingrg/all/function/internal_message.html?_=1625714563364&CODE_STATE=getMsg HTTP/1.1" 200 27
101.83.240.23 - - [08/Jul/2021:11:22:40 +0800] "GET /xingrg/kc/buy/cgsh_order_info.html?code=212021070803358 HTTP/1.1" 200 57640
101.83.240.23 - - [08/Jul/2021:11:22:41 +0800] "GET /xingrg/javascript/easyui/themes/default/validatebox.css HTTP/1.1" 404 1104
116.224.113.71 - - [08/Jul/2021:11:22:41 +0800] "GET /xingrg/all/function/internal_message.html?_=1625714553076&CODE_STATE=getMsg HTTP/1.1" 200 27
101.83.240.23 - - [08/Jul/2021:11:22:41 +0800] "POST /xingrg/kc/buy/cgsh_order_operate.html HTTP/1.1" 200 4768
101.83.240.23 - - [08/Jul/2021:11:22:43 +0800] "GET /xingrg/kc/print/load_data.html?order_code=212021070803358&kc_code=cgsh&condition= HTTP/1.1" 200 2308
221.239.195.6 - - [08/Jul/2021:11:22:45 +0800] "GET /xingrg/all/function/internal_message.html?_=1625714538066&CODE_STATE=getMsg HTTP/1.1" 200 27
58.37.5.217 - - [08/Jul/2021:11:22:45 +0800] "GET /xingrg/all/function/internal_message.html?_=1625715105190&CODE_STATE=getMsg HTTP/1.1" 200 27
58.37.5.217 - - [08/Jul/2021:11:22:48 +0800] "GET /xingrg/all/function/internal_message.html?_=1625714570472&CODE_STATE=getMsg HTTP/1.1" 200 27
58.37.225.51 - - [08/Jul/2021:11:22:49 +0800] "GET /xingrg/kc/buy/cgsh_order_operate.html?command=get_materiel&rest_code=00141&code=00101012049&supplier_code=00100338&order_time=2021-07-08 HTTP/1.1" 200 430
180.174.237.246 - - [08/Jul/2021:11:22:51 +0800] "GET /xingrg/all/function/internal_message.html?_=1625714587219&CODE_STATE=getMsg HTTP/1.1" 200 27
183.192.88.201 - - [08/Jul/2021:11:22:58 +0800] "GET /xingrg/all/function/internal_message.html?_=1625714585997&CODE_STATE=getMsg HTTP/1.1" 200 27
116.235.222.38 - - [08/Jul/2021:11:23:01 +0800] "GET /xingrg/kc/buy/cgsh_order_operate.html?command=get_materiel&rest_code=00107&code=00101019215&supplier_code=00100337&order_time=2021-07-08 HTTP/1.1" 200 432
58.37.225.51 - - [08/Jul/2021:11:23:03 +0800] "GET /xingrg/kc/buy/cgsh_order_operate.html?command=get_materiel&rest_code=00141&code=00101019383&supplier_code=00100338&order_time=2021-07-08 HTTP/1.1" 200 456
58.37.5.217 - - [08/Jul/2021:11:23:03 +0800] "POST /xingrg/kc/base/wldb_order_operate.html HTTP/1.1" 200 37
58.37.5.217 - - [08/Jul/2021:11:23:03 +0800] "POST /xingrg/kc/base/wldb_order_operate.html HTTP/1.1" 200 2219
58.37.5.217 - - [08/Jul/2021:11:23:04 +0800] "GET /xingrg/kc/base/wldb_order_info.html?code=422021070800818 HTTP/1.1" 200 30366
58.37.5.217 - - [08/Jul/2021:11:23:04 +0800] "GET /xingrg/javascript/easyui/themes/default/validatebox.css HTTP/1.1" 404 1104
58.37.5.217 - - [08/Jul/2021:11:23:04 +0800] "POST /xingrg/kc/base/wldb_order_operate.html HTTP/1.1" 200 2219
221.239.195.6 - - [08/Jul/2021:11:23:05 +0800] "GET /xingrg/all/function/internal_message.html?_=1625714590575&CODE_STATE=getMsg HTTP/1.1" 200 27
180.169.147.146 - - [08/Jul/2021:11:23:06 +0800] "GET /xingrg/all/function/internal_message.html?_=1625714592077&CODE_STATE=getMsg HTTP/1.1" 200 27
116.235.95.53 - - [08/Jul/2021:11:23:08 +0800] "GET /xingrg/all/function/internal_message.html?_=1625714686742&CODE_STATE=getMsg HTTP/1.1" 200 27
58.37.5.217 - - [08/Jul/2021:11:23:09 +0800] "GET /xingrg/kc/buy/buy_main.html HTTP/1.1" 200 12412
58.37.5.217 - - [08/Jul/2021:11:23:09 +0800] "GET /xingrg/css/new_ie.css HTTP/1.1" 404 1036
58.37.225.51 - - [08/Jul/2021:11:23:09 +0800] "POST /xingrg/kc/buy/cgsh_order_operate.html HTTP/1.1" 200 37
58.40.7.146 - - [08/Jul/2021:11:23:12 +0800] "GET /xingrg/all/function/internal_message.html?_=1625714596342&CODE_STATE=getMsg HTTP/1.1" 200 27
101.83.240.23 - - [08/Jul/2021:11:23:12 +0800] "GET /xingrg/all/function/internal_message.html?_=1625714598043&CODE_STATE=getMsg HTTP/1.1" 200 27
222.70.176.145 - - [08/Jul/2021:11:23:12 +0800] "GET /xingrg/all/function/internal_message.html?_=1625714593625&CODE_STATE=getMsg HTTP/1.1" 200 27
58.37.225.51 - - [08/Jul/2021:11:23:12 +0800] "POST /xingrg/kc/buy/cgsh_order_operate.html HTTP/1.1" 200 12
120.253.135.82 - - [08/Jul/2021:11:23:16 +0800] "GET /xingrg/all/function/internal_message.html?_=1625714725575&CODE_STATE=getMsg HTTP/1.1" 200 27
116.235.222.38 - - [08/Jul/2021:11:23:20 +0800] "GET /xingrg/all/function/internal_message.html?_=1625714598496&CODE_STATE=getMsg HTTP/1.1" 200 27
180.174.237.246 - - [08/Jul/2021:11:23:21 +0800] "GET /xingrg/check_reg.html?_=1625714617625 HTTP/1.1" 200 22
180.174.237.246 - - [08/Jul/2021:11:23:22 +0800] "GET /xingrg/all/function/internal_message.html?_=1625714618530&CODE_STATE=getMsg HTTP/1.1" 200 27
180.169.147.146 - - [08/Jul/2021:11:23:23 +0800] "GET /xingrg/kc/buy/cgsh_order_operate.html?command=get_materiel&rest_code=00147&code=00101004034&supplier_code=00100085&order_time=2021-07-08 HTTP/1.1" 200 414
116.233.77.171 - - [08/Jul/2021:11:23:24 +0800] "GET /xingrg/all/function/internal_message.html?_=1625714610921&CODE_STATE=getMsg HTTP/1.1" 200 27
116.230.110.80 - - [08/Jul/2021:11:23:24 +0800] "GET /xingrg/kc/buy/cgsh_order_operate.html?command=get_materiel&rest_code=00155&code=00101007072&supplier_code=00100002&order_time=2021-07-08 HTTP/1.1" 200 413
180.169.147.146 - - [08/Jul/2021:11:23:27 +0800] "GET /xingrg/all/function/internal_message.html?_=1625714610666&CODE_STATE=getMsg HTTP/1.1" 200 27
116.230.110.80 - - [08/Jul/2021:11:23:28 +0800] "GET /xingrg/all/function/internal_message.html?_=1625714612485&CODE_STATE=getMsg HTTP/1.1" 200 27
58.37.225.51 - - [08/Jul/2021:11:23:29 +0800] "GET /xingrg/kc/buy/cgsh_order_info.html?code=212021070803359 HTTP/1.1" 200 57593
58.37.225.51 - - [08/Jul/2021:11:23:29 +0800] "GET /xingrg/javascript/easyui/themes/default/validatebox.css HTTP/1.1" 404 1104
58.37.225.51 - - [08/Jul/2021:11:23:30 +0800] "POST /xingrg/kc/buy/cgsh_order_operate.html HTTP/1.1" 200 1232
116.230.117.165 - - [08/Jul/2021:11:23:31 +0800] "GET /xingrg/all/function/internal_message.html?_=1625714628670&CODE_STATE=getMsg HTTP/1.1" 200 27
116.230.114.112 - - [08/Jul/2021:11:23:33 +0800] "GET /xingrg/all/function/internal_message.html?_=1625714629129&CODE_STATE=getMsg HTTP/1.1" 302 -
58.37.225.51 - - [08/Jul/2021:11:23:33 +0800] "GET /xingrg/kc/print/load_data.html?order_code=212021070803359&kc_code=cgsh&condition= HTTP/1.1" 200 968
180.157.255.9 - - [08/Jul/2021:11:23:33 +0800] "GET /xingrg/all/function/internal_message.html?_=1625714625051&CODE_STATE=getMsg HTTP/1.1" 200 27
180.169.147.146 - - [08/Jul/2021:11:23:35 +0800] "POST /xingrg/kc/buy/cgsh_order_operate.html HTTP/1.1" 200 37
58.37.225.51 - - [08/Jul/2021:11:23:36 +0800] "GET /xingrg/all/function/internal_message.html?_=1625714540802&CODE_STATE=getMsg HTTP/1.1" 200 27
180.169.147.146 - - [08/Jul/2021:11:23:37 +0800] "POST /xingrg/kc/buy/cgsh_order_operate.html HTTP/1.1" 200 2661
180.169.147.146 - - [08/Jul/2021:11:23:37 +0800] "GET /xingrg/kc/print/load_data.html?order_code=212021070803360&kc_code=cgsh&condition= HTTP/1.1" 200 733
58.37.225.51 - - [08/Jul/2021:11:23:38 +0800] "GET /xingrg/kc/buy/cgsh_order_add.html HTTP/1.1" 200 62681
58.37.225.51 - - [08/Jul/2021:11:23:38 +0800] "POST /xingrg/kc/buy/cgsh_order_operate.html HTTP/1.1" 200 8245
58.37.225.51 - - [08/Jul/2021:11:23:38 +0800] "GET /xingrg/javascript/easyui/themes/default/validatebox.css HTTP/1.1" 404 1104
172.20.0.100 - - [08/Jul/2021:11:23:39 +0800] "GET /xingrg/all/function/internal_message.html?_=1625714623334&CODE_STATE=getMsg HTTP/1.1" 200 27
180.169.147.146 - - [08/Jul/2021:11:23:40 +0800] "GET /xingrg/kc/buy/cgsh_order_add.html HTTP/1.1" 200 62643
180.169.147.146 - - [08/Jul/2021:11:23:41 +0800] "POST /xingrg/kc/buy/cgsh_order_operate.html HTTP/1.1" 200 8245
180.169.147.146 - - [08/Jul/2021:11:23:41 +0800] "GET /xingrg/javascript/easyui/themes/default/validatebox.css HTTP/1.1" 404 1104
116.224.113.71 - - [08/Jul/2021:11:23:41 +0800] "GET /xingrg/all/function/internal_message.html?_=1625714613168&CODE_STATE=getMsg HTTP/1.1" 200 27
101.83.240.23 - - [08/Jul/2021:11:23:42 +0800] "GET /xingrg/kc/buy/cgsh_order_add.html HTTP/1.1" 200 62728
101.83.240.23 - - [08/Jul/2021:11:23:43 +0800] "POST /xingrg/kc/buy/cgsh_order_operate.html HTTP/1.1" 200 8245
101.83.240.23 - - [08/Jul/2021:11:23:43 +0800] "GET /xingrg/javascript/easyui/themes/default/validatebox.css HTTP/1.1" 404 1104
221.239.195.6 - - [08/Jul/2021:11:23:45 +0800] "GET /xingrg/all/function/internal_message.html?_=1625714598065&CODE_STATE=getMsg HTTP/1.1" 200 27
58.37.5.217 - - [08/Jul/2021:11:23:45 +0800] "GET /xingrg/all/function/internal_message.html?_=1625715165173&CODE_STATE=getMsg HTTP/1.1" 200 27
180.169.147.146 - - [08/Jul/2021:11:23:47 +0800] "GET /xingrg/kc/buy/cgsh_order_operate.html?command=get_materiel&rest_code=00147&code=00101002006&supplier_code=00100091&order_time=2021-07-08 HTTP/1.1" 200 413
58.37.5.217 - - [08/Jul/2021:11:23:48 +0800] "GET /xingrg/all/function/internal_message.html?_=1625714630471&CODE_STATE=getMsg HTTP/1.1" 200 27
58.37.225.51 - - [08/Jul/2021:11:23:49 +0800] "GET /xingrg/kc/buy/cgsh_order_operate.html?command=get_materiel&rest_code=00141&code=00101010079&supplier_code=00100336&order_time=2021-07-08 HTTP/1.1" 200 413
180.174.237.246 - - [08/Jul/2021:11:23:50 +0800] "GET /xingrg/check_reg.html?_=1625714646813 HTTP/1.1" 200 22
180.174.237.246 - - [08/Jul/2021:11:23:51 +0800] "GET /xingrg/all/function/internal_message.html?_=1625714647234&CODE_STATE=getMsg HTTP/1.1" 200 27
101.83.240.23 - - [08/Jul/2021:11:23:52 +0800] "GET /xingrg/kc/buy/cgsh_order_operate.html?command=get_materiel&rest_code=00149&code=00101003003&supplier_code=00100093&order_time=2021-07-08 HTTP/1.1" 200 416
58.37.225.51 - - [08/Jul/2021:11:23:56 +0800] "POST /xingrg/kc/buy/cgsh_order_operate.html HTTP/1.1" 200 37
180.169.147.146 - - [08/Jul/2021:11:23:58 +0800] "GET /xingrg/kc/buy/cgsh_order_operate.html?command=get_materiel&rest_code=00147&code=00101010309&supplier_code=00100091&order_time=2021-07-08 HTTP/1.1" 200 423
183.192.88.201 - - [08/Jul/2021:11:23:58 +0800] "GET /xingrg/all/function/internal_message.html?_=1625714645994&CODE_STATE=getMsg HTTP/1.1" 200 27
58.37.225.51 - - [08/Jul/2021:11:24:02 +0800] "POST /xingrg/kc/buy/cgsh_order_operate.html HTTP/1.1" 200 12
180.169.147.146 - - [08/Jul/2021:11:24:04 +0800] "POST /xingrg/kc/buy/cgsh_order_operate.html HTTP/1.1" 200 37
58.37.225.51 - - [08/Jul/2021:11:24:04 +0800] "GET /xingrg/kc/buy/cgsh_order_info.html?code=212021070803361 HTTP/1.1" 200 57589
58.37.225.51 - - [08/Jul/2021:11:24:05 +0800] "GET /xingrg/javascript/easyui/themes/default/validatebox.css HTTP/1.1" 404 1104
58.37.225.51 - - [08/Jul/2021:11:24:05 +0800] "POST /xingrg/kc/buy/cgsh_order_operate.html HTTP/1.1" 200 608
221.239.195.6 - - [08/Jul/2021:11:24:05 +0800] "GET /xingrg/all/function/internal_message.html?_=1625714650550&CODE_STATE=getMsg HTTP/1.1" 200 27
180.169.147.146 - - [08/Jul/2021:11:24:06 +0800] "GET /xingrg/all/function/internal_message.html?_=1625714652081&CODE_STATE=getMsg HTTP/1.1" 200 27
180.169.147.146 - - [08/Jul/2021:11:24:07 +0800] "POST /xingrg/kc/buy/cgsh_order_operate.html HTTP/1.1" 200 3262
116.235.95.53 - - [08/Jul/2021:11:24:08 +0800] "GET /xingrg/all/function/internal_message.html?_=1625714746742&CODE_STATE=getMsg HTTP/1.1" 200 27
58.37.225.51 - - [08/Jul/2021:11:24:08 +0800] "GET /xingrg/kc/print/load_data.html?order_code=212021070803361&kc_code=cgsh&condition= HTTP/1.1" 200 703
180.169.147.146 - - [08/Jul/2021:11:24:08 +0800] "GET /xingrg/kc/print/load_data.html?order_code=212021070803362&kc_code=cgsh&condition= HTTP/1.1" 200 983
180.169.147.146 - - [08/Jul/2021:11:24:11 +0800] "GET /xingrg/kc/buy/cgsh_order_add.html HTTP/1.1" 200 62643
58.40.7.146 - - [08/Jul/2021:11:24:12 +0800] "GET /xingrg/all/function/internal_message.html?_=1625714656345&CODE_STATE=getMsg HTTP/1.1" 200 27
101.83.240.23 - - [08/Jul/2021:11:24:12 +0800] "GET /xingrg/check_reg.html?_=1625714658052 HTTP/1.1" 200 22
101.83.240.23 - - [08/Jul/2021:11:24:12 +0800] "GET /xingrg/all/function/internal_message.html?_=1625714658054&CODE_STATE=getMsg HTTP/1.1" 200 27
222.70.176.145 - - [08/Jul/2021:11:24:12 +0800] "GET /xingrg/all/function/internal_message.html?_=1625714653623&CODE_STATE=getMsg HTTP/1.1" 200 27
180.169.147.146 - - [08/Jul/2021:11:24:12 +0800] "POST /xingrg/kc/buy/cgsh_order_operate.html HTTP/1.1" 200 8245
180.169.147.146 - - [08/Jul/2021:11:24:12 +0800] "GET /xingrg/javascript/easyui/themes/default/validatebox.css HTTP/1.1" 404 1104
116.230.114.112 - - [08/Jul/2021:11:24:12 +0800] "GET /xingrg/check_reg.html?_=1625714668670 HTTP/1.1" 302 -
101.83.240.23 - - [08/Jul/2021:11:24:12 +0800] "POST /xingrg/kc/buy/cgsh_order_operate.html HTTP/1.1" 200 37
120.253.135.82 - - [08/Jul/2021:11:24:15 +0800] "GET /xingrg/check_reg.html?_=1625714784896 HTTP/1.1" 200 22
58.37.225.51 - - [08/Jul/2021:11:24:16 +0800] "GET /xingrg/kc/buy/cgsh_order_add.html HTTP/1.1" 200 62681
120.253.135.82 - - [08/Jul/2021:11:24:16 +0800] "GET /xingrg/all/function/internal_message.html?_=1625714785588&CODE_STATE=getMsg HTTP/1.1" 200 27
58.37.225.51 - - [08/Jul/2021:11:24:16 +0800] "POST /xingrg/kc/buy/cgsh_order_operate.html HTTP/1.1" 200 8245
58.37.225.51 - - [08/Jul/2021:11:24:16 +0800] "GET /xingrg/javascript/easyui/themes/default/validatebox.css HTTP/1.1" 404 1104
101.83.240.23 - - [08/Jul/2021:11:24:16 +0800] "POST /xingrg/kc/buy/cgsh_order_operate.html HTTP/1.1" 200 12
101.83.240.23 - - [08/Jul/2021:11:24:17 +0800] "GET /xingrg/kc/buy/cgsh_order_info.html?code=212021070803363 HTTP/1.1" 200 57638
101.83.240.23 - - [08/Jul/2021:11:24:17 +0800] "GET /xingrg/javascript/easyui/themes/default/validatebox.css HTTP/1.1" 404 1104
101.83.240.23 - - [08/Jul/2021:11:24:18 +0800] "POST /xingrg/kc/buy/cgsh_order_operate.html HTTP/1.1" 200 614
101.83.240.23 - - [08/Jul/2021:11:24:19 +0800] "GET /xingrg/kc/print/load_data.html?order_code=212021070803363&kc_code=cgsh&condition= HTTP/1.1" 200 768
116.235.222.38 - - [08/Jul/2021:11:24:20 +0800] "GET /xingrg/all/function/internal_message.html?_=1625714658466&CODE_STATE=getMsg HTTP/1.1" 200 27
