58.37.5.217 - - [08/Jul/2021:10:19:30 +0800] "GET /xingrg/all/function/internal_message.html?_=1625710772115&CODE_STATE=getMsg HTTP/1.1" 200 27
116.230.114.112 - - [08/Jul/2021:10:19:32 +0800] "GET /xingrg/all/function/internal_message.html?_=1625710788258&CODE_STATE=getMsg HTTP/1.1" 302 -
101.83.240.23 - - [08/Jul/2021:10:19:35 +0800] "GET /xingrg/kc/buy/cgsh_order_operate.html?command=get_materiel&rest_code=00149&code=00101006144&supplier_code=00100012&order_time=2021-07-08 HTTP/1.1" 200 409
180.169.147.146 - - [08/Jul/2021:10:19:37 +0800] "GET /xingrg/all/function/internal_message.html?_=1625710783500&CODE_STATE=getMsg HTTP/1.1" 200 27
58.37.5.217 - - [08/Jul/2021:10:19:38 +0800] "POST /xingrg/kc/buy/cgsh_order_operate.html HTTP/1.1" 200 37
101.83.240.23 - - [08/Jul/2021:10:19:40 +0800] "GET /xingrg/all/function/internal_message.html?_=1625710786512&CODE_STATE=getMsg HTTP/1.1" 200 27
221.239.195.6 - - [08/Jul/2021:10:19:42 +0800] "POST /xingrg/kc/buy/cgsh_order_operate.html HTTP/1.1" 200 37
58.37.5.217 - - [08/Jul/2021:10:19:42 +0800] "POST /xingrg/kc/buy/cgsh_order_operate.html HTTP/1.1" 200 3265
116.230.110.80 - - [08/Jul/2021:10:19:44 +0800] "GET /xingrg/all/function/internal_message.html?_=1625710788664&CODE_STATE=getMsg HTTP/1.1" 200 27
58.37.5.217 - - [08/Jul/2021:10:19:44 +0800] "GET /xingrg/kc/buy/cgsh_order_add.html HTTP/1.1" 200 62675
221.239.195.6 - - [08/Jul/2021:10:19:44 +0800] "POST /xingrg/kc/buy/cgsh_order_operate.html HTTP/1.1" 200 2658
58.37.5.217 - - [08/Jul/2021:10:19:44 +0800] "POST /xingrg/kc/buy/cgsh_order_operate.html HTTP/1.1" 200 8245
58.37.5.217 - - [08/Jul/2021:10:19:44 +0800] "GET /xingrg/javascript/easyui/themes/default/validatebox.css HTTP/1.1" 404 1104
221.239.195.6 - - [08/Jul/2021:10:19:45 +0800] "GET /xingrg/all/function/internal_message.html?_=1625710758028&CODE_STATE=getMsg HTTP/1.1" 200 27
221.239.195.6 - - [08/Jul/2021:10:19:46 +0800] "GET /xingrg/kc/print/load_data.html?order_code=212021070803236&kc_code=cgsh&condition= HTTP/1.1" 200 669
58.37.5.217 - - [08/Jul/2021:10:19:46 +0800] "GET /xingrg/javascript/easyui/themes/default/tree.css HTTP/1.1" 404 1090
58.37.5.217 - - [08/Jul/2021:10:19:46 +0800] "GET /xingrg/all/function/internal_message.html?_=1625711326003&CODE_STATE=getMsg HTTP/1.1" 200 27
58.37.5.217 - - [08/Jul/2021:10:19:46 +0800] "POST /xingrg/all/common/load_tree.html?tree=supplier_tree_json&isDelete=1 HTTP/1.1" 200 56276
58.37.5.217 - - [08/Jul/2021:10:19:46 +0800] "GET /xingrg/check_reg.html?_=1625711326105 HTTP/1.1" 200 22
101.83.240.23 - - [08/Jul/2021:10:19:50 +0800] "GET /xingrg/kc/buy/cgsh_order_operate.html?command=get_materiel&rest_code=00149&code=00101006058&supplier_code=00100012&order_time=2021-07-08 HTTP/1.1" 200 413
58.221.95.50 - - [08/Jul/2021:10:19:53 +0800] "GET /xingrg/check_reg.html?_=1625710797492 HTTP/1.1" 302 -
221.239.195.6 - - [08/Jul/2021:10:19:57 +0800] "GET /xingrg/kc/buy/cgsh_order_add.html HTTP/1.1" 200 62722
183.192.88.201 - - [08/Jul/2021:10:19:57 +0800] "GET /xingrg/all/function/internal_message.html?_=1625710805972&CODE_STATE=getMsg HTTP/1.1" 200 27
221.239.195.6 - - [08/Jul/2021:10:19:58 +0800] "GET /xingrg/javascript/easyui/themes/default/validatebox.css HTTP/1.1" 404 1104
221.239.195.6 - - [08/Jul/2021:10:19:58 +0800] "POST /xingrg/kc/buy/cgsh_order_operate.html HTTP/1.1" 200 8245
101.83.240.23 - - [08/Jul/2021:10:20:04 +0800] "GET /xingrg/kc/buy/cgsh_order_operate.html?command=get_materiel&rest_code=00149&code=00101006240&supplier_code=00100012&order_time=2021-07-08 HTTP/1.1" 200 408
180.169.147.146 - - [08/Jul/2021:10:20:06 +0800] "GET /xingrg/all/function/internal_message.html?_=1625710812076&CODE_STATE=getMsg HTTP/1.1" 200 27
221.239.195.6 - - [08/Jul/2021:10:20:07 +0800] "GET /xingrg/check_reg.html?_=1625710811709 HTTP/1.1" 200 22
221.239.195.6 - - [08/Jul/2021:10:20:07 +0800] "GET /xingrg/all/function/internal_message.html?_=1625710811799&CODE_STATE=getMsg HTTP/1.1" 200 27
116.235.95.53 - - [08/Jul/2021:10:20:07 +0800] "GET /xingrg/all/function/internal_message.html?_=1625710906692&CODE_STATE=getMsg HTTP/1.1" 200 27
221.239.195.6 - - [08/Jul/2021:10:20:10 +0800] "GET /xingrg/kc/buy/cgsh_order_operate.html?command=get_materiel&rest_code=00105&code=00101006164&supplier_code=00100326&order_time=2021-07-08 HTTP/1.1" 200 415
116.224.113.71 - - [08/Jul/2021:10:20:11 +0800] "GET /xingrg/all/function/internal_message.html?_=1625710811814&CODE_STATE=getMsg HTTP/1.1" 200 27
58.40.7.146 - - [08/Jul/2021:10:20:11 +0800] "GET /xingrg/all/function/internal_message.html?_=1625710816263&CODE_STATE=getMsg HTTP/1.1" 200 27
222.70.176.145 - - [08/Jul/2021:10:20:12 +0800] "GET /xingrg/all/function/internal_message.html?_=1625710813493&CODE_STATE=getMsg HTTP/1.1" 200 27
101.85.107.54 - - [08/Jul/2021:10:20:19 +0800] "GET /xingrg/all/function/internal_message.html?_=1625710244936&CODE_STATE=getMsg HTTP/1.1" 200 27
101.83.240.23 - - [08/Jul/2021:10:20:20 +0800] "POST /xingrg/kc/buy/cgsh_order_operate.html HTTP/1.1" 200 37
221.239.195.6 - - [08/Jul/2021:10:20:20 +0800] "POST /xingrg/kc/buy/cgsh_order_operate.html HTTP/1.1" 200 88
58.37.5.217 - - [08/Jul/2021:10:20:23 +0800] "GET /xingrg/kc/buy/cgsh_order_operate.html?command=get_materiel&rest_code=00106&code=00101008328&supplier_code=00100338&order_time=2021-07-08 HTTP/1.1" 200 410
116.233.77.171 - - [08/Jul/2021:10:20:24 +0800] "GET /xingrg/all/function/internal_message.html?_=1625710830791&CODE_STATE=getMsg HTTP/1.1" 200 27
116.230.117.165 - - [08/Jul/2021:10:20:27 +0800] "GET /xingrg/check_reg.html?_=1625710843941 HTTP/1.1" 200 22
180.169.147.146 - - [08/Jul/2021:10:20:27 +0800] "GET /xingrg/all/function/internal_message.html?_=1625710830686&CODE_STATE=getMsg HTTP/1.1" 200 27
180.169.147.146 - - [08/Jul/2021:10:20:27 +0800] "GET /xingrg/check_reg.html?_=1625710830692 HTTP/1.1" 200 22
116.230.117.165 - - [08/Jul/2021:10:20:29 +0800] "GET /xingrg/all/function/internal_message.html?_=1625710845718&CODE_STATE=getMsg HTTP/1.1" 200 27
58.37.5.217 - - [08/Jul/2021:10:20:30 +0800] "GET /xingrg/all/function/internal_message.html?_=1625710832093&CODE_STATE=getMsg HTTP/1.1" 200 27
221.239.195.6 - - [08/Jul/2021:10:20:30 +0800] "POST /xingrg/kc/buy/cgsh_order_operate.html HTTP/1.1" 200 37
116.230.114.112 - - [08/Jul/2021:10:20:32 +0800] "GET /xingrg/all/function/internal_message.html?_=1625710848263&CODE_STATE=getMsg HTTP/1.1" 302 -
221.239.195.6 - - [08/Jul/2021:10:20:33 +0800] "POST /xingrg/kc/buy/cgsh_order_operate.html HTTP/1.1" 200 2660
221.239.195.6 - - [08/Jul/2021:10:20:34 +0800] "GET /xingrg/kc/print/load_data.html?order_code=212021070803239&kc_code=cgsh&condition= HTTP/1.1" 200 679
116.230.110.80 - - [08/Jul/2021:10:20:36 +0800] "GET /favicon.ico HTTP/1.1" 404 -
180.169.147.146 - - [08/Jul/2021:10:20:37 +0800] "GET /xingrg/all/function/internal_message.html?_=1625710843501&CODE_STATE=getMsg HTTP/1.1" 200 27
221.239.195.6 - - [08/Jul/2021:10:20:40 +0800] "GET /xingrg/kc/buy/cgsh_order_add.html HTTP/1.1" 200 62722
221.239.195.6 - - [08/Jul/2021:10:20:40 +0800] "GET /xingrg/javascript/easyui/themes/default/validatebox.css HTTP/1.1" 404 1104
221.239.195.6 - - [08/Jul/2021:10:20:40 +0800] "POST /xingrg/kc/buy/cgsh_order_operate.html HTTP/1.1" 200 8245
116.230.110.80 - - [08/Jul/2021:10:20:44 +0800] "GET /xingrg/all/function/internal_message.html?_=1625710848655&CODE_STATE=getMsg HTTP/1.1" 200 27
221.239.195.6 - - [08/Jul/2021:10:20:45 +0800] "GET /xingrg/all/function/internal_message.html?_=1625710818026&CODE_STATE=getMsg HTTP/1.1" 200 27
221.239.195.6 - - [08/Jul/2021:10:20:45 +0800] "GET /xingrg/check_reg.html?_=1625710818029 HTTP/1.1" 200 22
58.37.5.217 - - [08/Jul/2021:10:20:46 +0800] "GET /xingrg/all/function/internal_message.html?_=1625711385973&CODE_STATE=getMsg HTTP/1.1" 200 27
221.239.195.6 - - [08/Jul/2021:10:20:50 +0800] "GET /xingrg/kc/buy/cgsh_order_operate.html?command=get_materiel&rest_code=00105&code=00101001040&supplier_code=00100090&order_time=2021-07-08 HTTP/1.1" 200 413
101.83.240.23 - - [08/Jul/2021:10:20:52 +0800] "POST /xingrg/kc/buy/cgsh_order_operate.html HTTP/1.1" 200 12
101.83.240.23 - - [08/Jul/2021:10:20:53 +0800] "GET /xingrg/kc/buy/cgsh_order_info.html?code=212021070803237 HTTP/1.1" 200 57636
101.83.240.23 - - [08/Jul/2021:10:20:53 +0800] "GET /xingrg/javascript/easyui/themes/default/validatebox.css HTTP/1.1" 404 1104
101.83.240.23 - - [08/Jul/2021:10:20:54 +0800] "POST /xingrg/kc/buy/cgsh_order_operate.html HTTP/1.1" 200 2390
101.83.240.23 - - [08/Jul/2021:10:20:57 +0800] "GET /xingrg/kc/print/load_data.html?order_code=212021070803237&kc_code=cgsh&condition= HTTP/1.1" 200 1481
183.192.88.201 - - [08/Jul/2021:10:20:57 +0800] "GET /xingrg/check_reg.html?_=1625710865972 HTTP/1.1" 200 22
183.192.88.201 - - [08/Jul/2021:10:20:58 +0800] "GET /xingrg/all/function/internal_message.html?_=1625710865968&CODE_STATE=getMsg HTTP/1.1" 200 27
101.83.240.23 - - [08/Jul/2021:10:21:02 +0800] "GET /xingrg/kc/buy/cgsh_order_add.html HTTP/1.1" 200 62728
101.83.240.23 - - [08/Jul/2021:10:21:02 +0800] "POST /xingrg/kc/buy/cgsh_order_operate.html HTTP/1.1" 200 8245
101.83.240.23 - - [08/Jul/2021:10:21:02 +0800] "GET /xingrg/javascript/easyui/themes/default/validatebox.css HTTP/1.1" 404 1104
221.239.195.6 - - [08/Jul/2021:10:21:02 +0800] "GET /xingrg/kc/buy/cgsh_order_operate.html?command=get_materiel&rest_code=00105&code=00101001125&supplier_code=00100090&order_time=2021-07-08 HTTP/1.1" 200 415
180.169.147.146 - - [08/Jul/2021:10:21:06 +0800] "GET /xingrg/all/function/internal_message.html?_=1625710872080&CODE_STATE=getMsg HTTP/1.1" 200 27
180.169.147.146 - - [08/Jul/2021:10:21:06 +0800] "GET /xingrg/check_reg.html?_=1625710872084 HTTP/1.1" 200 22
221.239.195.6 - - [08/Jul/2021:10:21:07 +0800] "GET /xingrg/all/function/internal_message.html?_=1625710871781&CODE_STATE=getMsg HTTP/1.1" 200 27
116.235.95.53 - - [08/Jul/2021:10:21:07 +0800] "GET /xingrg/check_reg.html?_=1625710966693 HTTP/1.1" 200 22
116.235.95.53 - - [08/Jul/2021:10:21:07 +0800] "GET /xingrg/all/function/internal_message.html?_=1625710966694&CODE_STATE=getMsg HTTP/1.1" 200 27
180.169.147.146 - - [08/Jul/2021:10:21:11 +0800] "GET /xingrg/check_reg.html?_=1625710872392 HTTP/1.1" 200 22
116.224.113.71 - - [08/Jul/2021:10:21:11 +0800] "GET /xingrg/all/function/internal_message.html?_=1625710871806&CODE_STATE=getMsg HTTP/1.1" 200 27
58.40.7.146 - - [08/Jul/2021:10:21:11 +0800] "GET /xingrg/all/function/internal_message.html?_=1625710876266&CODE_STATE=getMsg HTTP/1.1" 200 27
222.70.176.145 - - [08/Jul/2021:10:21:12 +0800] "GET /xingrg/check_reg.html?_=1625710873492 HTTP/1.1" 200 22
222.70.176.145 - - [08/Jul/2021:10:21:12 +0800] "GET /xingrg/all/function/internal_message.html?_=1625710873495&CODE_STATE=getMsg HTTP/1.1" 200 27
221.239.195.6 - - [08/Jul/2021:10:21:14 +0800] "GET /xingrg/kc/buy/cgsh_order_operate.html?command=get_materiel&rest_code=00105&code=00101001169&supplier_code=00100090&order_time=2021-07-08 HTTP/1.1" 200 415
58.37.5.217 - - [08/Jul/2021:10:21:14 +0800] "GET /xingrg/kc/buy/cgsh_order_operate.html?command=get_materiel&rest_code=00106&code=00101012049&supplier_code=00100338&order_time=2021-07-08 HTTP/1.1" 200 430
101.85.107.54 - - [08/Jul/2021:10:21:19 +0800] "GET /xingrg/check_reg.html?_=1625710304955 HTTP/1.1" 200 22
101.85.107.54 - - [08/Jul/2021:10:21:19 +0800] "GET /xingrg/all/function/internal_message.html?_=1625710304951&CODE_STATE=getMsg HTTP/1.1" 200 27
116.233.77.171 - - [08/Jul/2021:10:21:24 +0800] "GET /xingrg/all/function/internal_message.html?_=1625710890777&CODE_STATE=getMsg HTTP/1.1" 200 27
221.239.195.6 - - [08/Jul/2021:10:21:24 +0800] "POST /xingrg/kc/buy/cgsh_order_operate.html HTTP/1.1" 200 37
221.239.195.6 - - [08/Jul/2021:10:21:27 +0800] "POST /xingrg/kc/buy/cgsh_order_operate.html HTTP/1.1" 200 3852
180.169.147.146 - - [08/Jul/2021:10:21:27 +0800] "GET /xingrg/all/function/internal_message.html?_=1625710890671&CODE_STATE=getMsg HTTP/1.1" 200 27
221.239.195.6 - - [08/Jul/2021:10:21:28 +0800] "GET /xingrg/kc/print/load_data.html?order_code=212021070803240&kc_code=cgsh&condition= HTTP/1.1" 200 1193
116.230.117.165 - - [08/Jul/2021:10:21:29 +0800] "GET /xingrg/all/function/internal_message.html?_=1625710905732&CODE_STATE=getMsg HTTP/1.1" 200 27
58.37.5.217 - - [08/Jul/2021:10:21:30 +0800] "GET /xingrg/all/function/internal_message.html?_=1625710892069&CODE_STATE=getMsg HTTP/1.1" 200 27
58.37.5.217 - - [08/Jul/2021:10:21:30 +0800] "POST /xingrg/kc/buy/cgsh_order_operate.html HTTP/1.1" 200 37
116.230.114.112 - - [08/Jul/2021:10:21:32 +0800] "GET /xingrg/all/function/internal_message.html?_=1625710908287&CODE_STATE=getMsg HTTP/1.1" 302 -
221.239.195.6 - - [08/Jul/2021:10:21:34 +0800] "GET /xingrg/kc/buy/cgsh_order_add.html HTTP/1.1" 200 62722
58.37.5.217 - - [08/Jul/2021:10:21:34 +0800] "POST /xingrg/kc/buy/cgsh_order_operate.html HTTP/1.1" 200 3256
221.239.195.6 - - [08/Jul/2021:10:21:34 +0800] "GET /xingrg/javascript/easyui/themes/default/validatebox.css HTTP/1.1" 404 1104
221.239.195.6 - - [08/Jul/2021:10:21:34 +0800] "POST /xingrg/kc/buy/cgsh_order_operate.html HTTP/1.1" 200 8245
101.83.240.23 - - [08/Jul/2021:10:21:35 +0800] "GET /xingrg/kc/buy/cgsh_order_operate.html?command=get_materiel&rest_code=00149&code=00101028011&supplier_code=00100019&order_time=2021-07-08 HTTP/1.1" 200 454
180.169.147.146 - - [08/Jul/2021:10:21:37 +0800] "GET /xingrg/all/function/internal_message.html?_=1625710903501&CODE_STATE=getMsg HTTP/1.1" 200 27
58.37.5.217 - - [08/Jul/2021:10:21:37 +0800] "GET /xingrg/kc/buy/cgsh_order_add.html HTTP/1.1" 200 62675
58.37.5.217 - - [08/Jul/2021:10:21:38 +0800] "POST /xingrg/kc/buy/cgsh_order_operate.html HTTP/1.1" 200 8245
58.37.5.217 - - [08/Jul/2021:10:21:38 +0800] "GET /xingrg/javascript/easyui/themes/default/validatebox.css HTTP/1.1" 404 1104
58.37.5.217 - - [08/Jul/2021:10:21:39 +0800] "GET /xingrg/javascript/easyui/themes/default/tree.css HTTP/1.1" 404 1090
58.37.5.217 - - [08/Jul/2021:10:21:39 +0800] "POST /xingrg/all/common/load_tree.html?tree=supplier_tree_json&isDelete=1 HTTP/1.1" 200 56276
101.83.240.23 - - [08/Jul/2021:10:21:40 +0800] "GET /xingrg/all/function/internal_message.html?_=1625710906515&CODE_STATE=getMsg HTTP/1.1" 200 27
221.239.195.6 - - [08/Jul/2021:10:21:42 +0800] "GET /xingrg/kc/buy/cgsh_order_operate.html?command=get_materiel&rest_code=00105&code=00101004090&supplier_code=00100312&order_time=2021-07-08 HTTP/1.1" 200 391
116.230.110.80 - - [08/Jul/2021:10:21:44 +0800] "GET /xingrg/all/function/internal_message.html?_=1625710908669&CODE_STATE=getMsg HTTP/1.1" 200 27
221.239.195.6 - - [08/Jul/2021:10:21:45 +0800] "GET /xingrg/all/function/internal_message.html?_=1625710878038&CODE_STATE=getMsg HTTP/1.1" 200 27
58.37.5.217 - - [08/Jul/2021:10:21:46 +0800] "GET /xingrg/all/function/internal_message.html?_=1625711445961&CODE_STATE=getMsg HTTP/1.1" 200 27
101.83.240.23 - - [08/Jul/2021:10:21:46 +0800] "GET /xingrg/kc/buy/cgsh_order_operate.html?command=get_materiel&rest_code=00149&code=00101028016&supplier_code=00100019&order_time=2021-07-08 HTTP/1.1" 200 447
221.239.195.6 - - [08/Jul/2021:10:21:53 +0800] "GET /xingrg/kc/buy/cgsh_order_operate.html?command=get_materiel&rest_code=00105&code=00101004038&supplier_code=00100312&order_time=2021-07-08 HTTP/1.1" 200 429
183.192.88.201 - - [08/Jul/2021:10:21:57 +0800] "GET /xingrg/all/function/internal_message.html?_=1625710925972&CODE_STATE=getMsg HTTP/1.1" 200 27
58.37.5.217 - - [08/Jul/2021:10:22:00 +0800] "GET /xingrg/kc/buy/cgsh_order_operate.html?command=get_materiel&rest_code=00106&code=00101007032&supplier_code=00100328&order_time=2021-07-08 HTTP/1.1" 200 432
58.37.5.217 - - [08/Jul/2021:10:22:06 +0800] "GET /xingrg/check_reg.html?_=1625710919474 HTTP/1.1" 200 22
180.169.147.146 - - [08/Jul/2021:10:22:06 +0800] "GET /xingrg/all/function/internal_message.html?_=1625710932087&CODE_STATE=getMsg HTTP/1.1" 200 27
221.239.195.6 - - [08/Jul/2021:10:22:07 +0800] "GET /xingrg/all/function/internal_message.html?_=1625710931786&CODE_STATE=getMsg HTTP/1.1" 200 27
116.235.95.53 - - [08/Jul/2021:10:22:07 +0800] "GET /xingrg/all/function/internal_message.html?_=1625711026682&CODE_STATE=getMsg HTTP/1.1" 200 27
116.224.113.71 - - [08/Jul/2021:10:22:11 +0800] "GET /xingrg/all/function/internal_message.html?_=1625710931777&CODE_STATE=getMsg HTTP/1.1" 200 27
58.40.7.146 - - [08/Jul/2021:10:22:11 +0800] "GET /xingrg/check_reg.html?_=1625710936254 HTTP/1.1" 200 22
58.40.7.146 - - [08/Jul/2021:10:22:11 +0800] "GET /xingrg/all/function/internal_message.html?_=1625710936256&CODE_STATE=getMsg HTTP/1.1" 200 27
222.70.176.145 - - [08/Jul/2021:10:22:12 +0800] "GET /xingrg/all/function/internal_message.html?_=1625710933496&CODE_STATE=getMsg HTTP/1.1" 200 27
221.239.195.6 - - [08/Jul/2021:10:22:14 +0800] "GET /xingrg/kc/buy/cgsh_order_operate.html?command=get_materiel&rest_code=00105&code=00101004071&supplier_code=00100312&order_time=2021-07-08 HTTP/1.1" 200 409
101.85.107.54 - - [08/Jul/2021:10:22:19 +0800] "GET /xingrg/all/function/internal_message.html?_=1625710364940&CODE_STATE=getMsg HTTP/1.1" 200 27
116.233.77.171 - - [08/Jul/2021:10:22:24 +0800] "GET /xingrg/all/function/internal_message.html?_=1625710950784&CODE_STATE=getMsg HTTP/1.1" 200 27
116.233.77.171 - - [08/Jul/2021:10:22:24 +0800] "GET /xingrg/check_reg.html?_=1625710950793 HTTP/1.1" 200 22
58.37.5.217 - - [08/Jul/2021:10:22:24 +0800] "GET /xingrg/check_reg.html?_=1625710946104 HTTP/1.1" 200 22
221.239.195.6 - - [08/Jul/2021:10:22:24 +0800] "GET /xingrg/kc/buy/cgsh_order_operate.html?command=get_materiel&rest_code=00105&code=00101001096&supplier_code=00100312&order_time=2021-07-08 HTTP/1.1" 200 413
180.169.147.146 - - [08/Jul/2021:10:22:27 +0800] "GET /xingrg/all/function/internal_message.html?_=1625710950689&CODE_STATE=getMsg HTTP/1.1" 200 27
116.230.117.165 - - [08/Jul/2021:10:22:29 +0800] "GET /xingrg/all/function/internal_message.html?_=1625710965746&CODE_STATE=getMsg HTTP/1.1" 200 27
58.37.5.217 - - [08/Jul/2021:10:22:30 +0800] "GET /xingrg/all/function/internal_message.html?_=1625710952074&CODE_STATE=getMsg HTTP/1.1" 200 27
116.230.114.112 - - [08/Jul/2021:10:22:32 +0800] "GET /xingrg/all/function/internal_message.html?_=1625710968291&CODE_STATE=getMsg HTTP/1.1" 302 -
221.239.195.6 - - [08/Jul/2021:10:22:32 +0800] "GET /xingrg/kc/buy/cgsh_order_operate.html?command=get_materiel&rest_code=00105&code=00101001138&supplier_code=00100312&order_time=2021-07-08 HTTP/1.1" 200 433
180.169.147.146 - - [08/Jul/2021:10:22:37 +0800] "GET /xingrg/all/function/internal_message.html?_=1625710963504&CODE_STATE=getMsg HTTP/1.1" 200 27
101.83.240.23 - - [08/Jul/2021:10:22:40 +0800] "GET /xingrg/all/function/internal_message.html?_=1625710966488&CODE_STATE=getMsg HTTP/1.1" 200 27
116.230.110.80 - - [08/Jul/2021:10:22:44 +0800] "GET /xingrg/all/function/internal_message.html?_=1625710968659&CODE_STATE=getMsg HTTP/1.1" 200 27
221.239.195.6 - - [08/Jul/2021:10:22:45 +0800] "GET /xingrg/all/function/internal_message.html?_=1625710938038&CODE_STATE=getMsg HTTP/1.1" 200 27
58.37.5.217 - - [08/Jul/2021:10:22:46 +0800] "GET /xingrg/all/function/internal_message.html?_=1625711505943&CODE_STATE=getMsg HTTP/1.1" 200 27
183.192.88.201 - - [08/Jul/2021:10:22:57 +0800] "GET /xingrg/all/function/internal_message.html?_=1625710985967&CODE_STATE=getMsg HTTP/1.1" 200 27
221.239.195.6 - - [08/Jul/2021:10:23:00 +0800] "GET /xingrg/kc/buy/cgsh_order_operate.html?command=get_materiel&rest_code=00105&code=00101001023&supplier_code=00100312&order_time=2021-07-08 HTTP/1.1" 200 413
101.83.240.23 - - [08/Jul/2021:10:23:01 +0800] "GET /xingrg/kc/buy/cgsh_order_operate.html?command=get_materiel&rest_code=00149&code=00101029022&supplier_code=00100019&order_time=2021-07-08 HTTP/1.1" 200 452
116.235.95.53 - - [08/Jul/2021:10:23:03 +0800] "GET /xingrg/kc/mdqp/qqps_order_list.html HTTP/1.1" 200 9222
116.235.95.53 - - [08/Jul/2021:10:23:03 +0800] "GET /xingrg/dwr/util.js HTTP/1.1" 304 -
116.235.95.53 - - [08/Jul/2021:10:23:03 +0800] "GET /xingrg/dwr/interface/AjaxReportQueryService.js HTTP/1.1" 200 13203
116.235.95.53 - - [08/Jul/2021:10:23:03 +0800] "GET /xingrg/dwr/engine.js HTTP/1.1" 200 43631
116.235.95.53 - - [08/Jul/2021:10:23:03 +0800] "GET /xingrg/dwr/interface/AjaxQqpsService.js HTTP/1.1" 200 16326
116.235.95.53 - - [08/Jul/2021:10:23:05 +0800] "GET /xingrg/kc/mdqp/qqps_order_add.html HTTP/1.1" 200 28072
116.235.95.53 - - [08/Jul/2021:10:23:05 +0800] "GET /xingrg/dwr/interface/AjaxComOrderService.js HTTP/1.1" 200 18264
116.235.95.53 - - [08/Jul/2021:10:23:05 +0800] "GET /xingrg/dwr/interface/AjaxQqpsService.js HTTP/1.1" 200 16326
116.235.95.53 - - [08/Jul/2021:10:23:05 +0800] "GET /xingrg/dwr/engine.js HTTP/1.1" 200 43631
180.169.147.146 - - [08/Jul/2021:10:23:06 +0800] "GET /xingrg/all/function/internal_message.html?_=1625710992076&CODE_STATE=getMsg HTTP/1.1" 200 27
221.239.195.6 - - [08/Jul/2021:10:23:07 +0800] "GET /xingrg/all/function/internal_message.html?_=1625710991725&CODE_STATE=getMsg HTTP/1.1" 200 27
116.235.95.53 - - [08/Jul/2021:10:23:07 +0800] "GET /xingrg/all/function/internal_message.html?_=1625711086692&CODE_STATE=getMsg HTTP/1.1" 200 27
221.239.195.6 - - [08/Jul/2021:10:23:10 +0800] "GET /xingrg/kc/buy/cgsh_order_operate.html?command=get_materiel&rest_code=00105&code=00101005074&supplier_code=00100312&order_time=2021-07-08 HTTP/1.1" 200 400
116.224.113.71 - - [08/Jul/2021:10:23:11 +0800] "GET /xingrg/all/function/internal_message.html?_=1625710991757&CODE_STATE=getMsg HTTP/1.1" 200 27
58.40.7.146 - - [08/Jul/2021:10:23:11 +0800] "GET /xingrg/all/function/internal_message.html?_=1625710996257&CODE_STATE=getMsg HTTP/1.1" 200 27
116.235.95.53 - - [08/Jul/2021:10:23:12 +0800] "POST /xingrg/dwr/call/plaincall/AjaxQqpsService.saveOrder.dwr HTTP/1.1" 200 78
222.70.176.145 - - [08/Jul/2021:10:23:12 +0800] "GET /xingrg/all/function/internal_message.html?_=1625710993495&CODE_STATE=getMsg HTTP/1.1" 200 27
58.37.5.217 - - [08/Jul/2021:10:23:12 +0800] "POST /xingrg/kc/buy/cgsh_order_operate.html HTTP/1.1" 200 37
101.83.240.23 - - [08/Jul/2021:10:23:13 +0800] "GET /xingrg/kc/buy/cgsh_order_operate.html?command=get_materiel&rest_code=00149&code=00101029002&supplier_code=00100019&order_time=2021-07-08 HTTP/1.1" 200 450
116.235.95.53 - - [08/Jul/2021:10:23:14 +0800] "GET /xingrg/javascript/auto/indicator.gif HTTP/1.1" 404 1066
221.239.195.6 - - [08/Jul/2021:10:23:16 +0800] "GET /xingrg/kc/buy/cgsh_order_operate.html?command=get_materiel&rest_code=00105&code=00101004023&supplier_code=00100312&order_time=2021-07-08 HTTP/1.1" 200 409
58.37.5.217 - - [08/Jul/2021:10:23:16 +0800] "POST /xingrg/kc/buy/cgsh_order_operate.html HTTP/1.1" 200 3250
116.235.95.53 - - [08/Jul/2021:10:23:17 +0800] "POST /xingrg/dwr/call/plaincall/AjaxQqpsService.getMaterielByCode.dwr HTTP/1.1" 200 2662
101.85.107.54 - - [08/Jul/2021:10:23:19 +0800] "GET /xingrg/all/function/internal_message.html?_=1625710424940&CODE_STATE=getMsg HTTP/1.1" 200 27
116.235.95.53 - - [08/Jul/2021:10:23:20 +0800] "POST /xingrg/dwr/call/plaincall/AjaxQqpsService.saveMaterielItem.dwr HTTP/1.1" 200 78
58.37.5.217 - - [08/Jul/2021:10:23:21 +0800] "GET /xingrg/kc/buy/cgsh_order_add.html HTTP/1.1" 200 62675
58.37.5.217 - - [08/Jul/2021:10:23:22 +0800] "POST /xingrg/kc/buy/cgsh_order_operate.html HTTP/1.1" 200 8245
58.37.5.217 - - [08/Jul/2021:10:23:22 +0800] "GET /xingrg/javascript/easyui/themes/default/validatebox.css HTTP/1.1" 404 1104
58.37.5.217 - - [08/Jul/2021:10:23:23 +0800] "GET /xingrg/javascript/easyui/themes/default/tree.css HTTP/1.1" 404 1090
58.37.5.217 - - [08/Jul/2021:10:23:23 +0800] "POST /xingrg/all/common/load_tree.html?tree=supplier_tree_json&isDelete=1 HTTP/1.1" 200 56276
116.233.77.171 - - [08/Jul/2021:10:23:24 +0800] "GET /xingrg/all/function/internal_message.html?_=1625711010792&CODE_STATE=getMsg HTTP/1.1" 200 27
116.235.95.53 - - [08/Jul/2021:10:23:25 +0800] "POST /xingrg/dwr/call/plaincall/AjaxQqpsService.checkOrder.dwr HTTP/1.1" 200 78
116.235.95.53 - - [08/Jul/2021:10:23:25 +0800] "GET /xingrg/kc/mdqp/qqps_order_info.html?code=302021070800154 HTTP/1.1" 200 26466
116.235.95.53 - - [08/Jul/2021:10:23:25 +0800] "GET /xingrg/dwr/interface/AjaxQqpsService.js HTTP/1.1" 200 16326
116.235.95.53 - - [08/Jul/2021:10:23:25 +0800] "GET /xingrg/dwr/interface/AjaxComOrderService.js HTTP/1.1" 200 18264
116.235.95.53 - - [08/Jul/2021:10:23:25 +0800] "GET /xingrg/dwr/engine.js HTTP/1.1" 200 43631
116.235.95.53 - - [08/Jul/2021:10:23:26 +0800] "POST /xingrg/dwr/call/plaincall/AjaxQqpsService.loadMaterielItems.dwr HTTP/1.1" 200 405
180.169.147.146 - - [08/Jul/2021:10:23:27 +0800] "GET /xingrg/all/function/internal_message.html?_=1625711010669&CODE_STATE=getMsg HTTP/1.1" 200 27
101.83.240.23 - - [08/Jul/2021:10:23:28 +0800] "GET /xingrg/kc/buy/cgsh_order_operate.html?command=get_materiel&rest_code=00149&code=00101027035&supplier_code=00100019&order_time=2021-07-08 HTTP/1.1" 200 454
116.230.117.165 - - [08/Jul/2021:10:23:29 +0800] "GET /xingrg/all/function/internal_message.html?_=1625711025943&CODE_STATE=getMsg HTTP/1.1" 200 27
58.37.5.217 - - [08/Jul/2021:10:23:30 +0800] "GET /xingrg/all/function/internal_message.html?_=1625711012046&CODE_STATE=getMsg HTTP/1.1" 200 27
116.230.114.112 - - [08/Jul/2021:10:23:32 +0800] "GET /xingrg/all/function/internal_message.html?_=1625711028314&CODE_STATE=getMsg HTTP/1.1" 302 -
221.239.195.6 - - [08/Jul/2021:10:23:35 +0800] "POST /xingrg/kc/buy/cgsh_order_operate.html HTTP/1.1" 200 37
221.239.195.6 - - [08/Jul/2021:10:23:36 +0800] "POST /xingrg/kc/buy/cgsh_order_operate.html HTTP/1.1" 200 6804
180.169.147.146 - - [08/Jul/2021:10:23:37 +0800] "GET /xingrg/all/function/internal_message.html?_=1625711023508&CODE_STATE=getMsg HTTP/1.1" 200 27
180.169.147.146 - - [08/Jul/2021:10:23:37 +0800] "GET /xingrg/check_reg.html?_=1625711023511 HTTP/1.1" 200 22
221.239.195.6 - - [08/Jul/2021:10:23:38 +0800] "GET /xingrg/kc/print/load_data.html?order_code=212021070803243&kc_code=cgsh&condition= HTTP/1.1" 200 2252
101.83.240.23 - - [08/Jul/2021:10:23:40 +0800] "GET /xingrg/all/function/internal_message.html?_=1625711026468&CODE_STATE=getMsg HTTP/1.1" 200 27
221.239.195.6 - - [08/Jul/2021:10:23:44 +0800] "GET /xingrg/kc/buy/cgsh_order_add.html HTTP/1.1" 200 62722
116.230.110.80 - - [08/Jul/2021:10:23:44 +0800] "GET /xingrg/all/function/internal_message.html?_=1625711028650&CODE_STATE=getMsg HTTP/1.1" 200 27
116.230.110.80 - - [08/Jul/2021:10:23:44 +0800] "GET /xingrg/check_reg.html?_=1625711028650 HTTP/1.1" 200 22
221.239.195.6 - - [08/Jul/2021:10:23:44 +0800] "GET /xingrg/javascript/easyui/themes/default/validatebox.css HTTP/1.1" 404 1104
221.239.195.6 - - [08/Jul/2021:10:23:44 +0800] "POST /xingrg/kc/buy/cgsh_order_operate.html HTTP/1.1" 200 8245
221.239.195.6 - - [08/Jul/2021:10:23:45 +0800] "GET /xingrg/all/function/internal_message.html?_=1625710998029&CODE_STATE=getMsg HTTP/1.1" 200 27
58.37.5.217 - - [08/Jul/2021:10:23:46 +0800] "GET /xingrg/all/function/internal_message.html?_=1625711565925&CODE_STATE=getMsg HTTP/1.1" 200 27
58.37.5.217 - - [08/Jul/2021:10:23:47 +0800] "GET /xingrg/kc/buy/cgsh_order_operate.html?command=get_materiel&rest_code=00106&code=00101010059&supplier_code=00100337&order_time=2021-07-08 HTTP/1.1" 200 414
221.239.195.6 - - [08/Jul/2021:10:23:56 +0800] "GET /xingrg/kc/buy/cgsh_order_operate.html?command=get_materiel&rest_code=00105&code=00101003033&supplier_code=00100092&order_time=2021-07-08 HTTP/1.1" 200 424
183.192.88.201 - - [08/Jul/2021:10:23:57 +0800] "GET /xingrg/all/function/internal_message.html?_=1625711045978&CODE_STATE=getMsg HTTP/1.1" 200 27
180.169.147.146 - - [08/Jul/2021:10:24:06 +0800] "GET /xingrg/all/function/internal_message.html?_=1625711052081&CODE_STATE=getMsg HTTP/1.1" 200 27
221.239.195.6 - - [08/Jul/2021:10:24:07 +0800] "GET /xingrg/all/function/internal_message.html?_=1625711051708&CODE_STATE=getMsg HTTP/1.1" 200 27
221.239.195.6 - - [08/Jul/2021:10:24:07 +0800] "POST /xingrg/kc/buy/cgsh_order_operate.html HTTP/1.1" 200 37
116.235.95.53 - - [08/Jul/2021:10:24:07 +0800] "GET /xingrg/all/function/internal_message.html?_=1625711146706&CODE_STATE=getMsg HTTP/1.1" 200 27
221.239.195.6 - - [08/Jul/2021:10:24:08 +0800] "POST /xingrg/kc/buy/cgsh_order_operate.html HTTP/1.1" 200 2669
221.239.195.6 - - [08/Jul/2021:10:24:09 +0800] "GET /xingrg/kc/print/load_data.html?order_code=212021070803244&kc_code=cgsh&condition= HTTP/1.1" 200 732
116.224.113.71 - - [08/Jul/2021:10:24:11 +0800] "GET /xingrg/check_reg.html?_=1625711051510 HTTP/1.1" 200 22
116.224.113.71 - - [08/Jul/2021:10:24:11 +0800] "GET /xingrg/all/function/internal_message.html?_=1625711051747&CODE_STATE=getMsg HTTP/1.1" 200 27
58.40.7.146 - - [08/Jul/2021:10:24:11 +0800] "GET /xingrg/all/function/internal_message.html?_=1625711056261&CODE_STATE=getMsg HTTP/1.1" 200 27
222.70.176.145 - - [08/Jul/2021:10:24:12 +0800] "GET /xingrg/all/function/internal_message.html?_=1625711053494&CODE_STATE=getMsg HTTP/1.1" 200 27
116.230.114.112 - - [08/Jul/2021:10:24:12 +0800] "GET /xingrg/check_reg.html?_=1625711068604 HTTP/1.1" 302 -
101.85.107.54 - - [08/Jul/2021:10:24:19 +0800] "GET /xingrg/all/function/internal_message.html?_=1625710484938&CODE_STATE=getMsg HTTP/1.1" 200 27
221.239.195.6 - - [08/Jul/2021:10:24:20 +0800] "GET /xingrg/kc/buy/cgsh_order_add.html HTTP/1.1" 200 62722
221.239.195.6 - - [08/Jul/2021:10:24:21 +0800] "GET /xingrg/javascript/easyui/themes/default/validatebox.css HTTP/1.1" 404 1104
221.239.195.6 - - [08/Jul/2021:10:24:21 +0800] "POST /xingrg/kc/buy/cgsh_order_operate.html HTTP/1.1" 200 8245
116.233.77.171 - - [08/Jul/2021:10:24:24 +0800] "GET /xingrg/all/function/internal_message.html?_=1625711070798&CODE_STATE=getMsg HTTP/1.1" 200 27
101.83.240.23 - - [08/Jul/2021:10:24:24 +0800] "POST /xingrg/kc/buy/cgsh_order_operate.html HTTP/1.1" 200 37
180.169.147.146 - - [08/Jul/2021:10:24:27 +0800] "GET /xingrg/all/function/internal_message.html?_=1625711070682&CODE_STATE=getMsg HTTP/1.1" 200 27
117.184.7.26 - - [08/Jul/2021:10:24:28 +0800] "POST /xingrg/services/DataTransmitService HTTP/1.1" 200 524
117.184.7.26 - - [08/Jul/2021:10:24:28 +0800] "POST /xingrg/services/DataTransmitService HTTP/1.1" 200 501
116.230.117.165 - - [08/Jul/2021:10:24:29 +0800] "GET /xingrg/all/function/internal_message.html?_=1625711085945&CODE_STATE=getMsg HTTP/1.1" 200 27
58.37.5.217 - - [08/Jul/2021:10:24:30 +0800] "GET /xingrg/all/function/internal_message.html?_=1625711072019&CODE_STATE=getMsg HTTP/1.1" 200 27
116.230.114.112 - - [08/Jul/2021:10:24:32 +0800] "GET /xingrg/all/function/internal_message.html?_=1625711088318&CODE_STATE=getMsg HTTP/1.1" 302 -
117.184.7.26 - - [08/Jul/2021:10:24:33 +0800] "POST /xingrg/services/DataTransmitService HTTP/1.1" 200 524
180.169.147.146 - - [08/Jul/2021:10:24:37 +0800] "GET /xingrg/all/function/internal_message.html?_=1625711083516&CODE_STATE=getMsg HTTP/1.1" 200 27
221.239.195.6 - - [08/Jul/2021:10:24:41 +0800] "GET /xingrg/kc/buy/cgsh_order_operate.html?command=get_materiel&rest_code=00105&code=00101002007&supplier_code=00100442&order_time=2021-07-08 HTTP/1.1" 200 409
116.230.110.80 - - [08/Jul/2021:10:24:44 +0800] "GET /xingrg/all/function/internal_message.html?_=1625711088666&CODE_STATE=getMsg HTTP/1.1" 200 27
221.239.195.6 - - [08/Jul/2021:10:24:45 +0800] "GET /xingrg/all/function/internal_message.html?_=1625711058029&CODE_STATE=getMsg HTTP/1.1" 200 27
117.184.7.26 - - [08/Jul/2021:10:24:45 +0800] "POST /xingrg/services/DataTransmitService HTTP/1.1" 200 524
58.37.5.217 - - [08/Jul/2021:10:24:46 +0800] "GET /xingrg/all/function/internal_message.html?_=1625711625900&CODE_STATE=getMsg HTTP/1.1" 200 27
58.37.5.217 - - [08/Jul/2021:10:24:46 +0800] "GET /xingrg/check_reg.html?_=1625711626105 HTTP/1.1" 200 22
117.184.7.26 - - [08/Jul/2021:10:24:52 +0800] "POST /xingrg/services/DataTransmitService HTTP/1.1" 200 501
117.184.7.26 - - [08/Jul/2021:10:24:52 +0800] "POST /xingrg/services/DataTransmitService HTTP/1.1" 200 501
221.239.195.6 - - [08/Jul/2021:10:24:52 +0800] "POST /xingrg/kc/buy/cgsh_order_operate.html HTTP/1.1" 200 37
117.184.7.26 - - [08/Jul/2021:10:24:52 +0800] "POST /xingrg/services/DataTransmitService HTTP/1.1" 200 501
58.221.95.50 - - [08/Jul/2021:10:24:53 +0800] "GET /xingrg/check_reg.html?_=1625711097517 HTTP/1.1" 302 -
117.184.7.26 - - [08/Jul/2021:10:24:53 +0800] "POST /xingrg/services/DataTransmitService HTTP/1.1" 200 501
221.239.195.6 - - [08/Jul/2021:10:24:53 +0800] "POST /xingrg/kc/buy/cgsh_order_operate.html HTTP/1.1" 200 2658
117.184.7.26 - - [08/Jul/2021:10:24:53 +0800] "POST /xingrg/services/DataTransmitService HTTP/1.1" 200 501
116.224.113.71 - - [08/Jul/2021:10:24:54 +0800] "GET /favicon.ico HTTP/1.1" 404 -
117.184.7.26 - - [08/Jul/2021:10:24:54 +0800] "POST /xingrg/services/DataTransmitService HTTP/1.1" 200 501
117.184.7.26 - - [08/Jul/2021:10:24:55 +0800] "POST /xingrg/services/DataTransmitService HTTP/1.1" 200 501
221.239.195.6 - - [08/Jul/2021:10:24:55 +0800] "GET /xingrg/kc/print/load_data.html?order_code=212021070803246&kc_code=cgsh&condition= HTTP/1.1" 200 672
117.184.7.26 - - [08/Jul/2021:10:24:55 +0800] "POST /xingrg/services/DataTransmitService HTTP/1.1" 200 501
117.184.7.26 - - [08/Jul/2021:10:24:55 +0800] "POST /xingrg/services/DataTransmitService HTTP/1.1" 200 412
183.192.88.201 - - [08/Jul/2021:10:24:57 +0800] "GET /xingrg/all/function/internal_message.html?_=1625711105973&CODE_STATE=getMsg HTTP/1.1" 200 27
221.239.195.6 - - [08/Jul/2021:10:24:59 +0800] "GET /xingrg/kc/buy/cgsh_order_add.html HTTP/1.1" 200 62722
221.239.195.6 - - [08/Jul/2021:10:24:59 +0800] "POST /xingrg/kc/buy/cgsh_order_operate.html HTTP/1.1" 200 8245
221.239.195.6 - - [08/Jul/2021:10:24:59 +0800] "GET /xingrg/javascript/easyui/themes/default/validatebox.css HTTP/1.1" 404 1104
180.169.147.146 - - [08/Jul/2021:10:25:06 +0800] "GET /xingrg/all/function/internal_message.html?_=1625711112087&CODE_STATE=getMsg HTTP/1.1" 200 27
221.239.195.6 - - [08/Jul/2021:10:25:07 +0800] "GET /xingrg/all/function/internal_message.html?_=1625711111714&CODE_STATE=getMsg HTTP/1.1" 200 27
221.239.195.6 - - [08/Jul/2021:10:25:07 +0800] "GET /xingrg/check_reg.html?_=1625711111717 HTTP/1.1" 200 22
101.83.240.23 - - [08/Jul/2021:10:25:07 +0800] "POST /xingrg/kc/buy/cgsh_order_operate.html HTTP/1.1" 200 12
116.235.95.53 - - [08/Jul/2021:10:25:07 +0800] "GET /xingrg/all/function/internal_message.html?_=1625711206692&CODE_STATE=getMsg HTTP/1.1" 200 27
101.83.240.23 - - [08/Jul/2021:10:25:09 +0800] "GET /xingrg/kc/buy/cgsh_order_info.html?code=212021070803245 HTTP/1.1" 200 57634
101.83.240.23 - - [08/Jul/2021:10:25:09 +0800] "GET /xingrg/javascript/easyui/themes/default/validatebox.css HTTP/1.1" 404 1104
101.83.240.23 - - [08/Jul/2021:10:25:09 +0800] "POST /xingrg/kc/buy/cgsh_order_operate.html HTTP/1.1" 200 3144
101.83.240.23 - - [08/Jul/2021:10:25:11 +0800] "GET /xingrg/kc/print/load_data.html?order_code=212021070803245&kc_code=cgsh&condition= HTTP/1.1" 200 1840
116.224.113.71 - - [08/Jul/2021:10:25:11 +0800] "GET /xingrg/all/function/internal_message.html?_=1625711111718&CODE_STATE=getMsg HTTP/1.1" 200 27
58.40.7.146 - - [08/Jul/2021:10:25:11 +0800] "GET /xingrg/all/function/internal_message.html?_=1625711116265&CODE_STATE=getMsg HTTP/1.1" 200 27
222.70.176.145 - - [08/Jul/2021:10:25:12 +0800] "GET /xingrg/all/function/internal_message.html?_=1625711113494&CODE_STATE=getMsg HTTP/1.1" 200 27
101.85.107.54 - - [08/Jul/2021:10:25:19 +0800] "GET /xingrg/all/function/internal_message.html?_=1625710544963&CODE_STATE=getMsg HTTP/1.1" 200 27
221.239.195.6 - - [08/Jul/2021:10:25:19 +0800] "GET /xingrg/kc/buy/cgsh_order_operate.html?command=get_materiel&rest_code=00105&code=00101019215&supplier_code=00100337&order_time=2021-07-08 HTTP/1.1" 200 432
116.233.77.171 - - [08/Jul/2021:10:25:24 +0800] "GET /xingrg/all/function/internal_message.html?_=1625711130787&CODE_STATE=getMsg HTTP/1.1" 200 27
221.239.195.6 - - [08/Jul/2021:10:25:26 +0800] "POST /xingrg/all/common/load_select.html HTTP/1.1" 200 25
180.169.147.146 - - [08/Jul/2021:10:25:27 +0800] "GET /xingrg/all/function/internal_message.html?_=1625711130678&CODE_STATE=getMsg HTTP/1.1" 200 27
116.230.117.165 - - [08/Jul/2021:10:25:27 +0800] "GET /xingrg/check_reg.html?_=1625711144123 HTTP/1.1" 200 22
180.169.147.146 - - [08/Jul/2021:10:25:27 +0800] "GET /xingrg/check_reg.html?_=1625711130685 HTTP/1.1" 200 22
116.230.117.165 - - [08/Jul/2021:10:25:29 +0800] "GET /xingrg/all/function/internal_message.html?_=1625711145957&CODE_STATE=getMsg HTTP/1.1" 200 27
58.37.5.217 - - [08/Jul/2021:10:25:30 +0800] "GET /xingrg/all/function/internal_message.html?_=1625711131995&CODE_STATE=getMsg HTTP/1.1" 200 27
221.239.195.6 - - [08/Jul/2021:10:25:30 +0800] "GET /xingrg/kc/buy/cgsh_order_operate.html?command=get_materiel_price&rest_code=00105&code=00101019215&unit_code=00100073&supplier_code=00100337&order_time=2021-07-08 HTTP/1.1" 200 28
116.230.114.112 - - [08/Jul/2021:10:25:32 +0800] "GET /xingrg/all/function/internal_message.html?_=1625711148341&CODE_STATE=getMsg HTTP/1.1" 302 -
58.37.5.217 - - [08/Jul/2021:10:25:35 +0800] "GET /xingrg/kc/buy/cgsh_order_operate.html?command=get_materiel&rest_code=00106&code=00101013032&supplier_code=00100337&order_time=2021-07-08 HTTP/1.1" 200 430
180.169.147.146 - - [08/Jul/2021:10:25:37 +0800] "GET /xingrg/all/function/internal_message.html?_=1625711143517&CODE_STATE=getMsg HTTP/1.1" 200 27
101.83.240.23 - - [08/Jul/2021:10:25:40 +0800] "GET /xingrg/all/function/internal_message.html?_=1625711146482&CODE_STATE=getMsg HTTP/1.1" 200 27
101.83.240.23 - - [08/Jul/2021:10:25:42 +0800] "GET /xingrg/check_reg.html?_=1625711147856 HTTP/1.1" 200 22
221.239.195.6 - - [08/Jul/2021:10:25:43 +0800] "POST /xingrg/kc/buy/cgsh_order_operate.html HTTP/1.1" 200 37
116.235.222.38 - - [08/Jul/2021:10:25:44 +0800] "GET /xingrg/login.html HTTP/1.1" 200 7641
116.230.110.80 - - [08/Jul/2021:10:25:44 +0800] "GET /xingrg/all/function/internal_message.html?_=1625711148666&CODE_STATE=getMsg HTTP/1.1" 200 27
221.239.195.6 - - [08/Jul/2021:10:25:44 +0800] "POST /xingrg/kc/buy/cgsh_order_operate.html HTTP/1.1" 200 2668
221.239.195.6 - - [08/Jul/2021:10:25:45 +0800] "GET /xingrg/check_reg.html?_=1625711118030 HTTP/1.1" 200 22
221.239.195.6 - - [08/Jul/2021:10:25:45 +0800] "GET /xingrg/all/function/internal_message.html?_=1625711118033&CODE_STATE=getMsg HTTP/1.1" 200 27
221.239.195.6 - - [08/Jul/2021:10:25:45 +0800] "GET /xingrg/kc/print/load_data.html?order_code=212021070803247&kc_code=cgsh&condition= HTTP/1.1" 200 683
58.37.5.217 - - [08/Jul/2021:10:25:46 +0800] "GET /xingrg/all/function/internal_message.html?_=1625711685884&CODE_STATE=getMsg HTTP/1.1" 200 27
221.239.195.6 - - [08/Jul/2021:10:25:48 +0800] "GET /xingrg/kc/buy/cgsh_order_add.html HTTP/1.1" 200 62722
221.239.195.6 - - [08/Jul/2021:10:25:49 +0800] "POST /xingrg/kc/buy/cgsh_order_operate.html HTTP/1.1" 200 8245
221.239.195.6 - - [08/Jul/2021:10:25:49 +0800] "GET /xingrg/javascript/easyui/themes/default/validatebox.css HTTP/1.1" 404 1104
116.235.222.38 - - [08/Jul/2021:10:25:57 +0800] "GET /favicon.ico HTTP/1.1" 404 -
183.192.88.201 - - [08/Jul/2021:10:25:57 +0800] "GET /xingrg/all/function/internal_message.html?_=1625711165973&CODE_STATE=getMsg HTTP/1.1" 200 27
183.192.88.201 - - [08/Jul/2021:10:25:58 +0800] "GET /xingrg/check_reg.html?_=1625711165977 HTTP/1.1" 200 22
58.37.225.51 - - [08/Jul/2021:10:25:58 +0800] "GET /xingrg/check_reg.html?_=1625711083492 HTTP/1.1" 302 -
58.37.5.217 - - [08/Jul/2021:10:26:02 +0800] "POST /xingrg/kc/buy/cgsh_order_operate.html HTTP/1.1" 200 37
221.239.195.6 - - [08/Jul/2021:10:26:03 +0800] "GET /xingrg/kc/buy/cgsh_order_operate.html?command=get_materiel&rest_code=00105&code=00101004011&supplier_code=00100086&order_time=2021-07-08 HTTP/1.1" 200 413
58.37.5.217 - - [08/Jul/2021:10:26:05 +0800] "POST /xingrg/kc/buy/cgsh_order_operate.html HTTP/1.1" 200 3260
180.169.147.146 - - [08/Jul/2021:10:26:06 +0800] "GET /xingrg/check_reg.html?_=1625711172075 HTTP/1.1" 200 22
180.169.147.146 - - [08/Jul/2021:10:26:06 +0800] "GET /xingrg/all/function/internal_message.html?_=1625711172080&CODE_STATE=getMsg HTTP/1.1" 200 27
116.235.222.38 - - [08/Jul/2021:10:26:06 +0800] "POST /xingrg/login.do HTTP/1.1" 302 -
221.239.195.6 - - [08/Jul/2021:10:26:07 +0800] "GET /xingrg/all/function/internal_message.html?_=1625711171713&CODE_STATE=getMsg HTTP/1.1" 200 27
116.235.222.38 - - [08/Jul/2021:10:26:07 +0800] "GET /xingrg/index.html?sysBaseUrl=http%3A%2F%2F180.169.147.146%3A18081%2Fxingrg%2F&costTime=88×tamp=1625711166752 HTTP/1.1" 200 8212
116.235.222.38 - - [08/Jul/2021:10:26:07 +0800] "POST /xingrg/login.do HTTP/1.1" 302 -
116.235.222.38 - - [08/Jul/2021:10:26:07 +0800] "GET /xingrg/index.html?sysBaseUrl=http%3A%2F%2F180.169.147.146%3A18081%2Fxingrg%2F&costTime=103×tamp=1625711167832 HTTP/1.1" 200 17179
116.235.95.53 - - [08/Jul/2021:10:26:07 +0800] "GET /xingrg/all/function/internal_message.html?_=1625711266693&CODE_STATE=getMsg HTTP/1.1" 200 27
116.235.95.53 - - [08/Jul/2021:10:26:07 +0800] "GET /xingrg/check_reg.html?_=1625711266694 HTTP/1.1" 200 22
58.37.5.217 - - [08/Jul/2021:10:26:09 +0800] "GET /xingrg/kc/buy/cgsh_order_add.html HTTP/1.1" 200 62675
58.37.5.217 - - [08/Jul/2021:10:26:10 +0800] "POST /xingrg/kc/buy/cgsh_order_operate.html HTTP/1.1" 200 8245
58.37.5.217 - - [08/Jul/2021:10:26:10 +0800] "GET /xingrg/javascript/easyui/themes/default/validatebox.css HTTP/1.1" 404 1104
180.169.147.146 - - [08/Jul/2021:10:26:11 +0800] "GET /xingrg/check_reg.html?_=1625711172404 HTTP/1.1" 200 22
116.224.113.71 - - [08/Jul/2021:10:26:11 +0800] "GET /xingrg/all/function/internal_message.html?_=1625711171695&CODE_STATE=getMsg HTTP/1.1" 200 27
58.37.5.217 - - [08/Jul/2021:10:26:11 +0800] "GET /xingrg/javascript/easyui/themes/default/tree.css HTTP/1.1" 404 1090
58.37.5.217 - - [08/Jul/2021:10:26:11 +0800] "POST /xingrg/all/common/load_tree.html?tree=supplier_tree_json&isDelete=1 HTTP/1.1" 200 56276
58.40.7.146 - - [08/Jul/2021:10:26:11 +0800] "GET /xingrg/all/function/internal_message.html?_=1625711176269&CODE_STATE=getMsg HTTP/1.1" 200 27
222.70.176.145 - - [08/Jul/2021:10:26:12 +0800] "GET /xingrg/check_reg.html?_=1625711173495 HTTP/1.1" 200 22
222.70.176.145 - - [08/Jul/2021:10:26:12 +0800] "GET /xingrg/all/function/internal_message.html?_=1625711173497&CODE_STATE=getMsg HTTP/1.1" 200 27
221.239.195.6 - - [08/Jul/2021:10:26:14 +0800] "POST /xingrg/kc/buy/cgsh_order_operate.html HTTP/1.1" 200 37
116.235.222.38 - - [08/Jul/2021:10:26:15 +0800] "GET /favicon.ico HTTP/1.1" 404 -
116.235.222.38 - - [08/Jul/2021:10:26:17 +0800] "POST /xingrg/all/common/load_tree.html?tree=area_rest_tree_json&manage=1 HTTP/1.1" 200 476
101.85.107.54 - - [08/Jul/2021:10:26:19 +0800] "GET /xingrg/all/function/internal_message.html?_=1625710604962&CODE_STATE=getMsg HTTP/1.1" 200 27
101.85.107.54 - - [08/Jul/2021:10:26:19 +0800] "GET /xingrg/check_reg.html?_=1625710604966 HTTP/1.1" 200 22
221.239.195.6 - - [08/Jul/2021:10:26:19 +0800] "POST /xingrg/kc/buy/cgsh_order_operate.html HTTP/1.1" 200 2658
116.235.222.38 - - [08/Jul/2021:10:26:20 +0800] "GET /xingrg/check_reg.html?_=1625711178169 HTTP/1.1" 200 22
116.235.222.38 - - [08/Jul/2021:10:26:20 +0800] "GET /xingrg/all/function/internal_message.html?_=1625711178153&CODE_STATE=count HTTP/1.1" 200 11
221.239.195.6 - - [08/Jul/2021:10:26:21 +0800] "GET /xingrg/kc/print/load_data.html?order_code=212021070803249&kc_code=cgsh&condition= HTTP/1.1" 200 734
116.235.222.38 - - [08/Jul/2021:10:26:21 +0800] "POST /xingrg/load_menu.html HTTP/1.1" 200 5138
116.233.77.171 - - [08/Jul/2021:10:26:24 +0800] "GET /xingrg/all/function/internal_message.html?_=1625711190790&CODE_STATE=getMsg HTTP/1.1" 200 27
221.239.195.6 - - [08/Jul/2021:10:26:25 +0800] "GET /xingrg/kc/buy/cgsh_order_add.html HTTP/1.1" 200 62722
221.239.195.6 - - [08/Jul/2021:10:26:25 +0800] "POST /xingrg/kc/buy/cgsh_order_operate.html HTTP/1.1" 200 8245
221.239.195.6 - - [08/Jul/2021:10:26:25 +0800] "GET /xingrg/javascript/easyui/themes/default/validatebox.css HTTP/1.1" 404 1104
116.235.222.38 - - [08/Jul/2021:10:26:26 +0800] "GET /xingrg/kc/base/base_main.html HTTP/1.1" 200 12142
180.169.147.146 - - [08/Jul/2021:10:26:27 +0800] "GET /xingrg/all/function/internal_message.html?_=1625711190676&CODE_STATE=getMsg HTTP/1.1" 200 27
116.230.117.165 - - [08/Jul/2021:10:26:29 +0800] "GET /xingrg/all/function/internal_message.html?_=1625711205971&CODE_STATE=getMsg HTTP/1.1" 200 27
58.37.5.217 - - [08/Jul/2021:10:26:30 +0800] "GET /xingrg/all/function/internal_message.html?_=1625711191973&CODE_STATE=getMsg HTTP/1.1" 200 27
221.239.195.6 - - [08/Jul/2021:10:26:31 +0800] "GET /xingrg/kc/buy/cgsh_order_list.html HTTP/1.1" 200 46937
116.230.114.112 - - [08/Jul/2021:10:26:32 +0800] "GET /xingrg/all/function/internal_message.html?_=1625711208345&CODE_STATE=getMsg HTTP/1.1" 302 -
116.235.222.38 - - [08/Jul/2021:10:26:34 +0800] "GET /xingrg/kc/base/yddb_order_list.html HTTP/1.1" 200 16757
180.169.147.146 - - [08/Jul/2021:10:26:37 +0800] "GET /xingrg/all/function/internal_message.html?_=1625711203505&CODE_STATE=getMsg HTTP/1.1" 200 27
101.83.240.23 - - [08/Jul/2021:10:26:40 +0800] "GET /xingrg/all/function/internal_message.html?_=1625711206466&CODE_STATE=getMsg HTTP/1.1" 200 27
116.235.222.38 - - [08/Jul/2021:10:26:44 +0800] "POST /xingrg/kc/base/yddb_list_operate.html HTTP/1.1" 200 636
116.230.110.80 - - [08/Jul/2021:10:26:44 +0800] "GET /xingrg/all/function/internal_message.html?_=1625711208659&CODE_STATE=getMsg HTTP/1.1" 200 27
221.239.195.6 - - [08/Jul/2021:10:26:45 +0800] "GET /xingrg/all/function/internal_message.html?_=1625711178033&CODE_STATE=getMsg HTTP/1.1" 200 27
58.37.5.217 - - [08/Jul/2021:10:26:46 +0800] "GET /xingrg/all/function/internal_message.html?_=1625711745893&CODE_STATE=getMsg HTTP/1.1" 200 27
221.239.195.6 - - [08/Jul/2021:10:26:47 +0800] "POST /xingrg/kc/buy/cgsh_list_operate.html HTTP/1.1" 200 5154
116.235.222.38 - - [08/Jul/2021:10:26:49 +0800] "POST /xingrg/kc/base/yddb_list_operate.html HTTP/1.1" 200 636
58.37.5.217 - - [08/Jul/2021:10:26:54 +0800] "GET /xingrg/check_reg.html?_=1625711219433 HTTP/1.1" 200 22
116.235.222.38 - - [08/Jul/2021:10:26:55 +0800] "POST /xingrg/kc/base/yddb_list_operate.html HTTP/1.1" 200 636
183.192.88.201 - - [08/Jul/2021:10:26:57 +0800] "GET /xingrg/all/function/internal_message.html?_=1625711225975&CODE_STATE=getMsg HTTP/1.1" 200 27
116.235.222.38 - - [08/Jul/2021:10:26:59 +0800] "POST /xingrg/kc/base/yddb_list_operate.html HTTP/1.1" 200 1344
116.235.222.38 - - [08/Jul/2021:10:27:00 +0800] "POST /xingrg/kc/base/yddb_list_operate.html HTTP/1.1" 200 282
116.235.222.38 - - [08/Jul/2021:10:27:01 +0800] "GET /xingrg/kc/base/yddb_order_info.html?code=482021070600045 HTTP/1.1" 200 31557
116.235.222.38 - - [08/Jul/2021:10:27:02 +0800] "GET /xingrg/dwr/interface/AjaxComOrderService.js HTTP/1.1" 200 18264
116.235.222.38 - - [08/Jul/2021:10:27:02 +0800] "GET /xingrg/dwr/interface/AjaxYddbService.js HTTP/1.1" 200 13201
116.235.222.38 - - [08/Jul/2021:10:27:02 +0800] "GET /xingrg/dwr/engine.js HTTP/1.1" 200 43631
116.235.222.38 - - [08/Jul/2021:10:27:02 +0800] "GET /xingrg/dwr/util.js HTTP/1.1" 304 -
116.235.222.38 - - [08/Jul/2021:10:27:04 +0800] "POST /xingrg/dwr/call/plaincall/AjaxYddbService.loadMaterielItems.dwr HTTP/1.1" 200 713
180.169.147.146 - - [08/Jul/2021:10:27:06 +0800] "GET /xingrg/all/function/internal_message.html?_=1625711232082&CODE_STATE=getMsg HTTP/1.1" 200 27
221.239.195.6 - - [08/Jul/2021:10:27:07 +0800] "GET /xingrg/all/function/internal_message.html?_=1625711231740&CODE_STATE=getMsg HTTP/1.1" 200 27
116.235.95.53 - - [08/Jul/2021:10:27:07 +0800] "GET /xingrg/all/function/internal_message.html?_=1625711326692&CODE_STATE=getMsg HTTP/1.1" 200 27
116.224.113.71 - - [08/Jul/2021:10:27:11 +0800] "GET /xingrg/all/function/internal_message.html?_=1625711231669&CODE_STATE=getMsg HTTP/1.1" 200 27
58.40.7.146 - - [08/Jul/2021:10:27:11 +0800] "GET /xingrg/check_reg.html?_=1625711236271 HTTP/1.1" 200 22
58.40.7.146 - - [08/Jul/2021:10:27:11 +0800] "GET /xingrg/all/function/internal_message.html?_=1625711236272&CODE_STATE=getMsg HTTP/1.1" 200 27
222.70.176.145 - - [08/Jul/2021:10:27:12 +0800] "GET /xingrg/all/function/internal_message.html?_=1625711233509&CODE_STATE=getMsg HTTP/1.1" 200 27
116.235.222.38 - - [08/Jul/2021:10:27:12 +0800] "POST /xingrg/dwr/call/plaincall/AjaxYddbService.saveOrder.dwr HTTP/1.1" 200 78
116.235.222.38 - - [08/Jul/2021:10:27:17 +0800] "POST /xingrg/dwr/call/plaincall/AjaxYddbService.objCheckOrder.dwr HTTP/1.1" 200 78
58.37.5.217 - - [08/Jul/2021:10:27:17 +0800] "GET /xingrg/kc/buy/cgsh_order_operate.html?command=get_materiel&rest_code=00106&code=00101008037&supplier_code=00100440&order_time=2021-07-08 HTTP/1.1" 200 413
101.85.107.54 - - [08/Jul/2021:10:27:19 +0800] "GET /xingrg/all/function/internal_message.html?_=1625710664965&CODE_STATE=getMsg HTTP/1.1" 200 27
116.235.222.38 - - [08/Jul/2021:10:27:19 +0800] "GET /xingrg/kc/base/yddb_order_info.html?code=482021070600045 HTTP/1.1" 200 31676
116.235.222.38 - - [08/Jul/2021:10:27:19 +0800] "GET /xingrg/dwr/interface/AjaxComOrderService.js HTTP/1.1" 200 18264
116.235.222.38 - - [08/Jul/2021:10:27:19 +0800] "GET /xingrg/dwr/interface/AjaxYddbService.js HTTP/1.1" 200 13201
116.235.222.38 - - [08/Jul/2021:10:27:19 +0800] "GET /xingrg/dwr/engine.js HTTP/1.1" 200 43631
117.184.7.26 - - [08/Jul/2021:10:27:19 +0800] "GET /favicon.ico HTTP/1.1" 404 -
116.235.222.38 - - [08/Jul/2021:10:27:20 +0800] "POST /xingrg/dwr/call/plaincall/AjaxYddbService.loadMaterielItems.dwr HTTP/1.1" 200 713
116.235.222.38 - - [08/Jul/2021:10:27:21 +0800] "GET /xingrg/all/function/internal_message.html?_=1625711238182&CODE_STATE=getMsg HTTP/1.1" 200 27
116.233.77.171 - - [08/Jul/2021:10:27:24 +0800] "GET /xingrg/all/function/internal_message.html?_=1625711250781&CODE_STATE=getMsg HTTP/1.1" 200 27
116.233.77.171 - - [08/Jul/2021:10:27:24 +0800] "GET /xingrg/check_reg.html?_=1625711250789 HTTP/1.1" 200 22
58.37.5.217 - - [08/Jul/2021:10:27:24 +0800] "GET /xingrg/check_reg.html?_=1625711246107 HTTP/1.1" 200 22
