116.230.114.112 - - [07/Jul/2021:09:15:14 +0800] "GET /xingrg/all/function/internal_message.html?_=1625620527791&CODE_STATE=getMsg HTTP/1.1" 302 -
116.230.117.165 - - [07/Jul/2021:09:15:16 +0800] "GET /xingrg/kc/buy/cgsh_order_operate.html?command=get_materiel&rest_code=00146&code=00101008125&supplier_code=00100005&order_time=2021-07-07 HTTP/1.1" 200 413
116.230.117.165 - - [07/Jul/2021:09:15:25 +0800] "GET /xingrg/kc/buy/cgsh_order_operate.html?command=get_materiel&rest_code=00146&code=00101008055&supplier_code=00100005&order_time=2021-07-07 HTTP/1.1" 200 409
116.230.110.80 - - [07/Jul/2021:09:15:26 +0800] "GET /xingrg/all/function/internal_message.html?_=1625620528869&CODE_STATE=getMsg HTTP/1.1" 200 27
101.85.107.54 - - [07/Jul/2021:09:15:27 +0800] "GET /xingrg/all/function/internal_message.html?_=1625619955460&CODE_STATE=getMsg HTTP/1.1" 200 27
101.85.107.54 - - [07/Jul/2021:09:15:27 +0800] "GET /xingrg/check_reg.html?_=1625619955458 HTTP/1.1" 200 22
222.70.176.145 - - [07/Jul/2021:09:15:28 +0800] "GET /xingrg/all/function/internal_message.html?_=1625620531539&CODE_STATE=getMsg HTTP/1.1" 200 27
120.253.135.82 - - [07/Jul/2021:09:15:33 +0800] "GET /xingrg/check_reg.html?_=1625620320915 HTTP/1.1" 200 22
120.253.135.82 - - [07/Jul/2021:09:15:33 +0800] "GET /xingrg/all/function/internal_message.html?_=1625620321236&CODE_STATE=getMsg HTTP/1.1" 200 27
58.40.7.146 - - [07/Jul/2021:09:15:35 +0800] "GET /xingrg/check_reg.html?_=1625620540761 HTTP/1.1" 200 22
58.40.7.146 - - [07/Jul/2021:09:15:35 +0800] "GET /xingrg/all/function/internal_message.html?_=1625620540762&CODE_STATE=getMsg HTTP/1.1" 200 27
116.230.117.165 - - [07/Jul/2021:09:15:37 +0800] "GET /xingrg/kc/buy/cgsh_order_operate.html?command=get_materiel&rest_code=00146&code=00101008257&supplier_code=00100005&order_time=2021-07-07 HTTP/1.1" 200 416
222.69.131.6 - - [07/Jul/2021:09:15:47 +0800] "POST /xingrg/services/DataTransmitService HTTP/1.1" 200 501
222.69.131.6 - - [07/Jul/2021:09:15:47 +0800] "GET /xingrg/all/function/internal_message.html?_=1625620553476&CODE_STATE=getMsg HTTP/1.1" 200 27
222.69.131.6 - - [07/Jul/2021:09:15:47 +0800] "POST /xingrg/services/DataTransmitService HTTP/1.1" 200 501
116.230.117.165 - - [07/Jul/2021:09:15:49 +0800] "GET /xingrg/kc/buy/cgsh_order_operate.html?command=get_materiel&rest_code=00146&code=00101008149&supplier_code=00100005&order_time=2021-07-07 HTTP/1.1" 200 408
58.37.5.217 - - [07/Jul/2021:09:15:50 +0800] "GET /xingrg/all/function/internal_message.html?_=1625620553911&CODE_STATE=getMsg HTTP/1.1" 200 27
116.230.117.165 - - [07/Jul/2021:09:15:52 +0800] "POST /xingrg/kc/buy/cgsh_order_operate.html HTTP/1.1" 200 2065
222.69.131.6 - - [07/Jul/2021:09:15:53 +0800] "POST /xingrg/services/DataTransmitService HTTP/1.1" 200 501
221.239.195.6 - - [07/Jul/2021:09:15:55 +0800] "GET /xingrg/all/function/internal_message.html?_=1625620560604&CODE_STATE=getMsg HTTP/1.1" 200 27
183.192.88.201 - - [07/Jul/2021:09:15:57 +0800] "GET /xingrg/check_reg.html?_=1625620565327 HTTP/1.1" 200 22
183.192.88.201 - - [07/Jul/2021:09:15:57 +0800] "GET /xingrg/all/function/internal_message.html?_=1625620565329&CODE_STATE=getMsg HTTP/1.1" 200 27
116.224.113.155 - - [07/Jul/2021:09:15:57 +0800] "GET /xingrg/all/function/internal_message.html?_=1625620558639&CODE_STATE=getMsg HTTP/1.1" 200 27
222.69.131.6 - - [07/Jul/2021:09:16:00 +0800] "POST /xingrg/services/DataTransmitService HTTP/1.1" 200 501
222.69.131.6 - - [07/Jul/2021:09:16:01 +0800] "POST /xingrg/services/DataTransmitService HTTP/1.1" 200 501
222.69.131.6 - - [07/Jul/2021:09:16:01 +0800] "POST /xingrg/services/DataTransmitService HTTP/1.1" 200 501
222.69.131.6 - - [07/Jul/2021:09:16:04 +0800] "POST /xingrg/services/DataTransmitService HTTP/1.1" 200 501
222.69.131.6 - - [07/Jul/2021:09:16:04 +0800] "POST /xingrg/services/DataTransmitService HTTP/1.1" 200 501
222.69.131.6 - - [07/Jul/2021:09:16:04 +0800] "POST /xingrg/services/DataTransmitService HTTP/1.1" 200 501
180.169.147.146 - - [07/Jul/2021:09:16:05 +0800] "GET /xingrg/all/function/internal_message.html?_=1625620570315&CODE_STATE=getMsg HTTP/1.1" 200 27
222.69.131.6 - - [07/Jul/2021:09:16:06 +0800] "POST /xingrg/services/DataTransmitService HTTP/1.1" 200 412
116.230.117.165 - - [07/Jul/2021:09:16:10 +0800] "GET /xingrg/kc/buy/cgsh_order_operate.html?command=get_materiel&rest_code=00146&code=00101008010&supplier_code=00100005&order_time=2021-07-07 HTTP/1.1" 200 412
116.230.117.165 - - [07/Jul/2021:09:16:12 +0800] "GET /xingrg/all/function/internal_message.html?_=1625620585427&CODE_STATE=getMsg HTTP/1.1" 200 27
116.232.55.111 - - [07/Jul/2021:09:16:14 +0800] "GET /xingrg/all/function/internal_message.html?_=1625620579863&CODE_STATE=getMsg HTTP/1.1" 200 27
116.230.114.112 - - [07/Jul/2021:09:16:14 +0800] "GET /xingrg/all/function/internal_message.html?_=1625620587801&CODE_STATE=getMsg HTTP/1.1" 302 -
116.230.117.165 - - [07/Jul/2021:09:16:20 +0800] "GET /xingrg/kc/buy/cgsh_order_operate.html?command=get_materiel&rest_code=00146&code=00101013175&supplier_code=00100005&order_time=2021-07-07 HTTP/1.1" 200 413
116.230.110.80 - - [07/Jul/2021:09:16:26 +0800] "GET /xingrg/all/function/internal_message.html?_=1625620588864&CODE_STATE=getMsg HTTP/1.1" 200 27
101.85.107.54 - - [07/Jul/2021:09:16:27 +0800] "GET /xingrg/all/function/internal_message.html?_=1625620015459&CODE_STATE=getMsg HTTP/1.1" 200 27
222.70.176.145 - - [07/Jul/2021:09:16:28 +0800] "GET /xingrg/all/function/internal_message.html?_=1625620591525&CODE_STATE=getMsg HTTP/1.1" 200 27
120.253.135.82 - - [07/Jul/2021:09:16:33 +0800] "POST /xingrg/kc/pszx/mdps_list_operate.html HTTP/1.1" 200 208
120.253.135.82 - - [07/Jul/2021:09:16:33 +0800] "GET /xingrg/all/function/internal_message.html?_=1625620381249&CODE_STATE=getMsg HTTP/1.1" 200 27
120.253.135.82 - - [07/Jul/2021:09:16:35 +0800] "GET /xingrg/kc/pszx/mdqp_order_list.html?state=10 HTTP/1.1" 200 10213
120.253.135.82 - - [07/Jul/2021:09:16:35 +0800] "GET /xingrg/dwr/interface/AjaxReportQueryService.js HTTP/1.1" 200 13203
120.253.135.82 - - [07/Jul/2021:09:16:35 +0800] "GET /xingrg/dwr/interface/AjaxQqpsService.js HTTP/1.1" 200 16326
120.253.135.82 - - [07/Jul/2021:09:16:35 +0800] "GET /xingrg/dwr/engine.js HTTP/1.1" 200 43631
58.40.7.146 - - [07/Jul/2021:09:16:35 +0800] "GET /xingrg/all/function/internal_message.html?_=1625620600751&CODE_STATE=getMsg HTTP/1.1" 200 27
116.230.117.165 - - [07/Jul/2021:09:16:36 +0800] "GET /xingrg/kc/buy/cgsh_order_operate.html?command=get_materiel&rest_code=00146&code=00101008038&supplier_code=00100005&order_time=2021-07-07 HTTP/1.1" 200 412
116.230.117.165 - - [07/Jul/2021:09:16:46 +0800] "GET /xingrg/kc/buy/cgsh_order_operate.html?command=get_materiel&rest_code=00146&code=00101008358&supplier_code=00100005&order_time=2021-07-07 HTTP/1.1" 200 412
222.69.131.6 - - [07/Jul/2021:09:16:47 +0800] "GET /xingrg/all/function/internal_message.html?_=1625620613472&CODE_STATE=getMsg HTTP/1.1" 200 27
116.230.117.165 - - [07/Jul/2021:09:16:49 +0800] "POST /xingrg/kc/buy/cgsh_order_operate.html HTTP/1.1" 200 2065
58.37.5.217 - - [07/Jul/2021:09:16:50 +0800] "GET /xingrg/all/function/internal_message.html?_=1625620613910&CODE_STATE=getMsg HTTP/1.1" 200 27
221.239.195.6 - - [07/Jul/2021:09:16:55 +0800] "GET /xingrg/all/function/internal_message.html?_=1625620620598&CODE_STATE=getMsg HTTP/1.1" 200 27
221.239.195.6 - - [07/Jul/2021:09:16:56 +0800] "POST /xingrg/kc/buy/cgsh_list_operate.html HTTP/1.1" 200 1731
183.192.88.201 - - [07/Jul/2021:09:16:57 +0800] "GET /xingrg/all/function/internal_message.html?_=1625620625336&CODE_STATE=getMsg HTTP/1.1" 200 27
116.224.113.155 - - [07/Jul/2021:09:16:57 +0800] "GET /xingrg/all/function/internal_message.html?_=1625620618650&CODE_STATE=getMsg HTTP/1.1" 200 27
116.230.117.165 - - [07/Jul/2021:09:17:00 +0800] "GET /xingrg/kc/buy/cgsh_order_operate.html?command=get_materiel&rest_code=00146&code=00101008173&supplier_code=00100005&order_time=2021-07-07 HTTP/1.1" 200 412
180.169.147.146 - - [07/Jul/2021:09:17:05 +0800] "GET /xingrg/check_reg.html?_=1625620630304 HTTP/1.1" 200 22
180.169.147.146 - - [07/Jul/2021:09:17:05 +0800] "GET /xingrg/all/function/internal_message.html?_=1625620630308&CODE_STATE=getMsg HTTP/1.1" 200 27
116.230.117.165 - - [07/Jul/2021:09:17:11 +0800] "GET /xingrg/kc/buy/cgsh_order_operate.html?command=get_materiel&rest_code=00146&code=00101008141&supplier_code=00100005&order_time=2021-07-07 HTTP/1.1" 200 412
116.230.117.165 - - [07/Jul/2021:09:17:12 +0800] "GET /xingrg/all/function/internal_message.html?_=1625620645440&CODE_STATE=getMsg HTTP/1.1" 200 27
116.232.55.111 - - [07/Jul/2021:09:17:14 +0800] "GET /xingrg/all/function/internal_message.html?_=1625620639869&CODE_STATE=getMsg HTTP/1.1" 200 27
116.232.55.111 - - [07/Jul/2021:09:17:14 +0800] "GET /xingrg/check_reg.html?_=1625620639870 HTTP/1.1" 200 22
116.230.114.112 - - [07/Jul/2021:09:17:14 +0800] "GET /xingrg/all/function/internal_message.html?_=1625620647819&CODE_STATE=getMsg HTTP/1.1" 302 -
116.230.117.165 - - [07/Jul/2021:09:17:24 +0800] "GET /xingrg/kc/buy/cgsh_order_operate.html?command=get_materiel&rest_code=00146&code=00101008355&supplier_code=00100005&order_time=2021-07-07 HTTP/1.1" 200 408
116.230.110.80 - - [07/Jul/2021:09:17:26 +0800] "GET /xingrg/all/function/internal_message.html?_=1625620648845&CODE_STATE=getMsg HTTP/1.1" 200 27
101.85.107.54 - - [07/Jul/2021:09:17:27 +0800] "GET /xingrg/all/function/internal_message.html?_=1625620075457&CODE_STATE=getMsg HTTP/1.1" 200 27
222.70.176.145 - - [07/Jul/2021:09:17:28 +0800] "GET /xingrg/all/function/internal_message.html?_=1625620651509&CODE_STATE=getMsg HTTP/1.1" 200 27
120.253.135.82 - - [07/Jul/2021:09:17:33 +0800] "GET /xingrg/all/function/internal_message.html?_=1625620441262&CODE_STATE=getMsg HTTP/1.1" 200 27
116.230.117.165 - - [07/Jul/2021:09:17:37 +0800] "GET /xingrg/kc/buy/cgsh_order_operate.html?command=get_materiel&rest_code=00146&code=00101008148&supplier_code=00100005&order_time=2021-07-07 HTTP/1.1" 200 416
116.230.117.165 - - [07/Jul/2021:09:17:47 +0800] "GET /xingrg/kc/buy/cgsh_order_operate.html?command=get_materiel&rest_code=00146&code=00101008004&supplier_code=00100005&order_time=2021-07-07 HTTP/1.1" 200 416
222.69.131.6 - - [07/Jul/2021:09:17:47 +0800] "GET /xingrg/all/function/internal_message.html?_=1625620673479&CODE_STATE=getMsg HTTP/1.1" 200 27
58.37.5.217 - - [07/Jul/2021:09:17:50 +0800] "GET /xingrg/check_reg.html?_=1625620673916 HTTP/1.1" 200 22
58.37.5.217 - - [07/Jul/2021:09:17:50 +0800] "GET /xingrg/all/function/internal_message.html?_=1625620673910&CODE_STATE=getMsg HTTP/1.1" 200 27
221.239.195.6 - - [07/Jul/2021:09:17:55 +0800] "GET /xingrg/all/function/internal_message.html?_=1625620680622&CODE_STATE=getMsg HTTP/1.1" 200 27
183.192.88.201 - - [07/Jul/2021:09:17:57 +0800] "GET /xingrg/all/function/internal_message.html?_=1625620685329&CODE_STATE=getMsg HTTP/1.1" 200 27
116.230.117.165 - - [07/Jul/2021:09:18:00 +0800] "POST /xingrg/kc/buy/cgsh_order_operate.html HTTP/1.1" 200 2065
180.169.147.146 - - [07/Jul/2021:09:18:05 +0800] "GET /xingrg/all/function/internal_message.html?_=1625620690311&CODE_STATE=getMsg HTTP/1.1" 200 27
222.69.131.6 - - [07/Jul/2021:09:18:08 +0800] "GET /xingrg/kc/buy/cgsh_order_operate.html?command=get_materiel&rest_code=00149&code=00101008304&supplier_code=00100005&order_time=2021-07-07 HTTP/1.1" 200 412
116.230.117.165 - - [07/Jul/2021:09:18:12 +0800] "GET /xingrg/check_reg.html?_=1625620705329 HTTP/1.1" 200 22
116.230.117.165 - - [07/Jul/2021:09:18:12 +0800] "GET /xingrg/all/function/internal_message.html?_=1625620705454&CODE_STATE=getMsg HTTP/1.1" 200 27
116.232.55.111 - - [07/Jul/2021:09:18:14 +0800] "GET /xingrg/all/function/internal_message.html?_=1625620699869&CODE_STATE=getMsg HTTP/1.1" 200 27
116.230.114.112 - - [07/Jul/2021:09:18:14 +0800] "GET /xingrg/all/function/internal_message.html?_=1625620707829&CODE_STATE=getMsg HTTP/1.1" 302 -
222.69.131.6 - - [07/Jul/2021:09:18:18 +0800] "POST /xingrg/kc/buy/cgsh_order_operate.html HTTP/1.1" 200 2065
116.224.113.155 - - [07/Jul/2021:09:18:18 +0800] "GET /xingrg/all/function/internal_message.html?_=1625620678648&CODE_STATE=getMsg HTTP/1.1" 200 27
116.224.113.155 - - [07/Jul/2021:09:18:19 +0800] "GET /xingrg/check_reg.html?_=1625620678646 HTTP/1.1" 200 22
116.230.117.165 - - [07/Jul/2021:09:18:20 +0800] "GET /xingrg/kc/buy/cgsh_order_operate.html?command=get_materiel&rest_code=00146&code=00101008360&supplier_code=00100005&order_time=2021-07-07 HTTP/1.1" 200 412
222.69.131.6 - - [07/Jul/2021:09:18:24 +0800] "GET /xingrg/kc/buy/cgsh_order_operate.html?command=get_materiel&rest_code=00149&code=00101008095&supplier_code=00100005&order_time=2021-07-07 HTTP/1.1" 200 412
116.230.110.80 - - [07/Jul/2021:09:18:26 +0800] "GET /xingrg/all/function/internal_message.html?_=1625620708825&CODE_STATE=getMsg HTTP/1.1" 200 27
58.221.95.50 - - [07/Jul/2021:09:18:26 +0800] "GET /xingrg/check_reg.html?_=1625620711538 HTTP/1.1" 302 -
101.85.107.54 - - [07/Jul/2021:09:18:27 +0800] "GET /xingrg/all/function/internal_message.html?_=1625620135455&CODE_STATE=getMsg HTTP/1.1" 200 27
222.70.176.145 - - [07/Jul/2021:09:18:28 +0800] "GET /xingrg/all/function/internal_message.html?_=1625620711495&CODE_STATE=getMsg HTTP/1.1" 200 27
116.230.117.165 - - [07/Jul/2021:09:18:29 +0800] "GET /xingrg/kc/buy/cgsh_order_operate.html?command=get_materiel&rest_code=00146&code=00101008196&supplier_code=00100005&order_time=2021-07-07 HTTP/1.1" 200 416
222.69.131.6 - - [07/Jul/2021:09:18:32 +0800] "GET /xingrg/kc/buy/cgsh_order_operate.html?command=get_materiel&rest_code=00149&code=00101008110&supplier_code=00100005&order_time=2021-07-07 HTTP/1.1" 200 408
120.253.135.82 - - [07/Jul/2021:09:18:33 +0800] "GET /xingrg/all/function/internal_message.html?_=1625620501277&CODE_STATE=getMsg HTTP/1.1" 200 27
116.230.110.80 - - [07/Jul/2021:09:18:38 +0800] "GET /xingrg/check_reg.html?_=1625620720876 HTTP/1.1" 200 22
116.230.117.165 - - [07/Jul/2021:09:18:40 +0800] "GET /xingrg/kc/buy/cgsh_order_operate.html?command=get_materiel&rest_code=00146&code=00101008197&supplier_code=00100005&order_time=2021-07-07 HTTP/1.1" 200 416
222.69.131.6 - - [07/Jul/2021:09:18:42 +0800] "GET /xingrg/kc/buy/cgsh_order_operate.html?command=get_materiel&rest_code=00149&code=00101008306&supplier_code=00100005&order_time=2021-07-07 HTTP/1.1" 200 412
222.69.131.6 - - [07/Jul/2021:09:18:47 +0800] "GET /xingrg/all/function/internal_message.html?_=1625620733493&CODE_STATE=getMsg HTTP/1.1" 200 27
222.69.131.6 - - [07/Jul/2021:09:18:47 +0800] "GET /xingrg/check_reg.html?_=1625620733498 HTTP/1.1" 200 22
58.37.5.217 - - [07/Jul/2021:09:18:50 +0800] "GET /xingrg/all/function/internal_message.html?_=1625620733916&CODE_STATE=getMsg HTTP/1.1" 200 27
221.239.195.6 - - [07/Jul/2021:09:18:55 +0800] "GET /xingrg/all/function/internal_message.html?_=1625620740606&CODE_STATE=getMsg HTTP/1.1" 200 27
116.224.113.155 - - [07/Jul/2021:09:18:57 +0800] "GET /xingrg/all/function/internal_message.html?_=1625620738643&CODE_STATE=getMsg HTTP/1.1" 200 27
183.192.88.201 - - [07/Jul/2021:09:18:58 +0800] "GET /xingrg/all/function/internal_message.html?_=1625620745326&CODE_STATE=getMsg HTTP/1.1" 200 27
222.69.131.6 - - [07/Jul/2021:09:18:59 +0800] "GET /xingrg/kc/buy/cgsh_order_operate.html?command=get_materiel&rest_code=00149&code=00101008010&supplier_code=00100005&order_time=2021-07-07 HTTP/1.1" 200 412
116.230.117.165 - - [07/Jul/2021:09:19:02 +0800] "POST /xingrg/kc/buy/cgsh_order_operate.html HTTP/1.1" 200 2065
180.169.147.146 - - [07/Jul/2021:09:19:05 +0800] "GET /xingrg/all/function/internal_message.html?_=1625620750316&CODE_STATE=getMsg HTTP/1.1" 200 27
116.230.117.165 - - [07/Jul/2021:09:19:08 +0800] "GET /xingrg/kc/buy/cgsh_order_operate.html?command=get_materiel&rest_code=00146&code=00101008069&supplier_code=00100005&order_time=2021-07-07 HTTP/1.1" 200 412
116.230.117.165 - - [07/Jul/2021:09:19:12 +0800] "GET /xingrg/all/function/internal_message.html?_=1625620765468&CODE_STATE=getMsg HTTP/1.1" 200 27
116.230.114.112 - - [07/Jul/2021:09:19:13 +0800] "GET /xingrg/check_reg.html?_=1625620766645 HTTP/1.1" 302 -
116.232.55.111 - - [07/Jul/2021:09:19:14 +0800] "GET /xingrg/all/function/internal_message.html?_=1625620759874&CODE_STATE=getMsg HTTP/1.1" 200 27
116.230.114.112 - - [07/Jul/2021:09:19:14 +0800] "GET /xingrg/all/function/internal_message.html?_=1625620767841&CODE_STATE=getMsg HTTP/1.1" 302 -
116.230.110.80 - - [07/Jul/2021:09:19:26 +0800] "GET /xingrg/all/function/internal_message.html?_=1625620768803&CODE_STATE=getMsg HTTP/1.1" 200 27
101.85.107.54 - - [07/Jul/2021:09:19:27 +0800] "GET /xingrg/all/function/internal_message.html?_=1625620195461&CODE_STATE=getMsg HTTP/1.1" 200 27
222.70.176.145 - - [07/Jul/2021:09:19:28 +0800] "GET /xingrg/all/function/internal_message.html?_=1625620771480&CODE_STATE=getMsg HTTP/1.1" 200 27
222.69.131.6 - - [07/Jul/2021:09:19:32 +0800] "GET /xingrg/kc/buy/cgsh_order_operate.html?command=get_materiel&rest_code=00149&code=00101008220&supplier_code=00100005&order_time=2021-07-07 HTTP/1.1" 200 412
120.253.135.82 - - [07/Jul/2021:09:19:33 +0800] "GET /xingrg/all/function/internal_message.html?_=1625620561302&CODE_STATE=getMsg HTTP/1.1" 200 27
222.69.131.6 - - [07/Jul/2021:09:19:37 +0800] "POST /xingrg/kc/buy/cgsh_order_operate.html HTTP/1.1" 200 2065
222.69.131.6 - - [07/Jul/2021:09:19:42 +0800] "GET /xingrg/kc/buy/cgsh_order_operate.html?command=get_materiel&rest_code=00149&code=00101008305&supplier_code=00100005&order_time=2021-07-07 HTTP/1.1" 200 412
116.230.117.165 - - [07/Jul/2021:09:19:46 +0800] "GET /xingrg/kc/buy/cgsh_order_operate.html?command=get_materiel&rest_code=00146&code=00101008131&supplier_code=00100005&order_time=2021-07-07 HTTP/1.1" 200 408
222.69.131.6 - - [07/Jul/2021:09:19:47 +0800] "GET /xingrg/all/function/internal_message.html?_=1625620793486&CODE_STATE=getMsg HTTP/1.1" 200 27
58.37.5.217 - - [07/Jul/2021:09:19:50 +0800] "GET /xingrg/all/function/internal_message.html?_=1625620793914&CODE_STATE=getMsg HTTP/1.1" 200 27
222.69.131.6 - - [07/Jul/2021:09:19:53 +0800] "GET /xingrg/kc/buy/cgsh_order_operate.html?command=get_materiel&rest_code=00149&code=00101008114&supplier_code=00100005&order_time=2021-07-07 HTTP/1.1" 200 412
221.239.195.6 - - [07/Jul/2021:09:19:55 +0800] "GET /xingrg/check_reg.html?_=1625620800606 HTTP/1.1" 200 22
221.239.195.6 - - [07/Jul/2021:09:19:55 +0800] "GET /xingrg/all/function/internal_message.html?_=1625620800609&CODE_STATE=getMsg HTTP/1.1" 200 27
183.192.88.201 - - [07/Jul/2021:09:19:57 +0800] "GET /xingrg/all/function/internal_message.html?_=1625620805329&CODE_STATE=getMsg HTTP/1.1" 200 27
116.224.113.155 - - [07/Jul/2021:09:19:57 +0800] "GET /xingrg/all/function/internal_message.html?_=1625620798652&CODE_STATE=getMsg HTTP/1.1" 200 27
116.230.117.165 - - [07/Jul/2021:09:20:00 +0800] "GET /xingrg/kc/buy/cgsh_order_operate.html?command=get_materiel&rest_code=00146&code=00101008318&supplier_code=00100005&order_time=2021-07-07 HTTP/1.1" 200 408
222.70.176.145 - - [07/Jul/2021:09:20:00 +0800] "GET /xingrg/check_reg.html?_=1625620803519 HTTP/1.1" 200 22
116.230.117.165 - - [07/Jul/2021:09:20:03 +0800] "POST /xingrg/kc/buy/cgsh_order_operate.html HTTP/1.1" 200 2065
180.169.147.146 - - [07/Jul/2021:09:20:05 +0800] "GET /xingrg/all/function/internal_message.html?_=1625620810306&CODE_STATE=getMsg HTTP/1.1" 200 27
222.69.131.6 - - [07/Jul/2021:09:20:08 +0800] "GET /xingrg/kc/buy/cgsh_order_operate.html?command=get_materiel&rest_code=00149&code=00101008236&supplier_code=00100005&order_time=2021-07-07 HTTP/1.1" 200 416
101.85.107.54 - - [07/Jul/2021:09:20:09 +0800] "GET /xingrg/javascript/jquery_easy_ui/themes/default/images/tabs_close.gif HTTP/1.1" 200 829
101.85.107.54 - - [07/Jul/2021:09:20:09 +0800] "GET /xingrg/css/base.css HTTP/1.1" 200 2811
101.85.107.54 - - [07/Jul/2021:09:20:09 +0800] "GET /xingrg/javascript/jquery_tools/datebox.css HTTP/1.1" 200 2597
101.85.107.54 - - [07/Jul/2021:09:20:09 +0800] "GET /xingrg/css/site.css HTTP/1.1" 200 7541
101.85.107.54 - - [07/Jul/2021:09:20:09 +0800] "GET /xingrg/javascript/easyui/themes/icon.css HTTP/1.1" 200 4483
101.85.107.54 - - [07/Jul/2021:09:20:09 +0800] "GET /xingrg/javascript/jquery_tools/jquery.tools.hotkey.js HTTP/1.1" 200 3242
101.85.107.54 - - [07/Jul/2021:09:20:09 +0800] "GET /xingrg/javascript/jquery_tools/fix.css HTTP/1.1" 200 1702
101.85.107.54 - - [07/Jul/2021:09:20:09 +0800] "GET /xingrg/javascript/jquery_tools/table.css HTTP/1.1" 200 1032
101.85.107.54 - - [07/Jul/2021:09:20:09 +0800] "GET /xingrg/javascript/auto/jquery.autocomplete.css HTTP/1.1" 200 587
101.85.107.54 - - [07/Jul/2021:09:20:09 +0800] "GET /xingrg/javascript/jquery_tools/jquery.tools.min.js HTTP/1.1" 200 138801
101.85.107.54 - - [07/Jul/2021:09:20:09 +0800] "GET /xingrg/javascript/jquery_tools/jquery.tools.table.js HTTP/1.1" 200 6994
101.85.107.54 - - [07/Jul/2021:09:20:09 +0800] "GET /xingrg/javascript/jquery_tools/list_manager.js HTTP/1.1" 200 3652
101.85.107.54 - - [07/Jul/2021:09:20:09 +0800] "GET /xingrg/javascript/easyui/easyloader.js HTTP/1.1" 200 5975
101.85.107.54 - - [07/Jul/2021:09:20:09 +0800] "GET /xingrg/javascript/jquery.cookie.js HTTP/1.1" 200 5513
101.85.107.54 - - [07/Jul/2021:09:20:09 +0800] "GET /xingrg/javascript/print/LodopFuncs.js HTTP/1.1" 200 5121
101.85.107.54 - - [07/Jul/2021:09:20:09 +0800] "GET /xingrg/kc/buy/cgsh_order_list.html HTTP/1.1" 200 46943
101.85.107.54 - - [07/Jul/2021:09:20:09 +0800] "GET /xingrg/javascript/auto/jquery.autocomplete.js HTTP/1.1" 200 21624
101.85.107.54 - - [07/Jul/2021:09:20:09 +0800] "GET /xingrg/javascript/jquery_tools/jquery.tools.extend.js HTTP/1.1" 200 15385
101.85.107.54 - - [07/Jul/2021:09:20:09 +0800] "GET /xingrg/javascript/easyui/themes/default/easyui.css HTTP/1.1" 200 30432
101.85.107.54 - - [07/Jul/2021:09:20:09 +0800] "GET /xingrg/javascript/easyui/themes/icons/cance_new.png HTTP/1.1" 200 3986
101.85.107.54 - - [07/Jul/2021:09:20:09 +0800] "GET /xingrg/javascript/easyui/themes/icons/edit_add_new.png HTTP/1.1" 200 2997
101.85.107.54 - - [07/Jul/2021:09:20:09 +0800] "GET /xingrg/javascript/easyui/themes/icons/check_new.png HTTP/1.1" 200 3224
101.85.107.54 - - [07/Jul/2021:09:20:09 +0800] "GET /xingrg/javascript/easyui/themes/icons/field_new.png HTTP/1.1" 200 1097
101.85.107.54 - - [07/Jul/2021:09:20:09 +0800] "GET /xingrg/javascript/easyui/themes/icons/import_new.png HTTP/1.1" 200 1247
101.85.107.54 - - [07/Jul/2021:09:20:09 +0800] "GET /xingrg/javascript/easyui/plugins/jquery.parser.js HTTP/1.1" 200 1142
101.85.107.54 - - [07/Jul/2021:09:20:09 +0800] "GET /xingrg/images/control/ajaxLoader.gif HTTP/1.1" 200 4659
116.230.117.165 - - [07/Jul/2021:09:20:12 +0800] "GET /xingrg/all/function/internal_message.html?_=1625620825482&CODE_STATE=getMsg HTTP/1.1" 200 27
180.169.147.146 - - [07/Jul/2021:09:20:13 +0800] "GET /xingrg/check_reg.html?_=1625620816291 HTTP/1.1" 200 22
116.232.55.111 - - [07/Jul/2021:09:20:14 +0800] "GET /xingrg/all/function/internal_message.html?_=1625620819873&CODE_STATE=getMsg HTTP/1.1" 200 27
116.230.114.112 - - [07/Jul/2021:09:20:14 +0800] "GET /xingrg/all/function/internal_message.html?_=1625620827859&CODE_STATE=getMsg HTTP/1.1" 302 -
101.85.107.54 - - [07/Jul/2021:09:20:15 +0800] "POST /xingrg/kc/buy/cgsh_list_operate.html HTTP/1.1" 200 3503
222.69.131.6 - - [07/Jul/2021:09:20:16 +0800] "GET /xingrg/kc/buy/cgsh_order_operate.html?command=get_materiel&rest_code=00149&code=00101015006&supplier_code=00100005&order_time=2021-07-07 HTTP/1.1" 200 413
116.230.117.165 - - [07/Jul/2021:09:20:19 +0800] "GET /xingrg/kc/buy/cgsh_order_operate.html?command=get_materiel&rest_code=00146&code=00101008005&supplier_code=00100005&order_time=2021-07-07 HTTP/1.1" 200 412
101.85.107.54 - - [07/Jul/2021:09:20:20 +0800] "GET /xingrg HTTP/1.1" 302 -
101.85.107.54 - - [07/Jul/2021:09:20:21 +0800] "GET /xingrg/index.html HTTP/1.1" 302 -
101.85.107.54 - - [07/Jul/2021:09:20:21 +0800] "GET /favicon.ico HTTP/1.1" 404 -
101.85.107.54 - - [07/Jul/2021:09:20:21 +0800] "GET /xingrg/login.html HTTP/1.1" 200 7641
101.85.107.54 - - [07/Jul/2021:09:20:21 +0800] "GET /favicon.ico HTTP/1.1" 404 -
222.69.131.6 - - [07/Jul/2021:09:20:24 +0800] "GET /xingrg/kc/buy/cgsh_order_operate.html?command=get_materiel&rest_code=00149&code=00101015024&supplier_code=00100005&order_time=2021-07-07 HTTP/1.1" 200 413
116.230.110.80 - - [07/Jul/2021:09:20:26 +0800] "GET /xingrg/all/function/internal_message.html?_=1625620828785&CODE_STATE=getMsg HTTP/1.1" 200 27
222.69.131.6 - - [07/Jul/2021:09:20:26 +0800] "POST /xingrg/kc/buy/cgsh_order_operate.html HTTP/1.1" 200 2065
222.70.176.145 - - [07/Jul/2021:09:20:28 +0800] "GET /xingrg/all/function/internal_message.html?_=1625620831476&CODE_STATE=getMsg HTTP/1.1" 200 27
101.85.107.54 - - [07/Jul/2021:09:20:29 +0800] "POST /xingrg/login.do HTTP/1.1" 302 -
101.85.107.54 - - [07/Jul/2021:09:20:29 +0800] "GET /xingrg/index.html?sysBaseUrl=http%3A%2F%2F180.169.147.146%3A18081%2Fxingrg%2F&costTime=39×tamp=1625620829030 HTTP/1.1" 200 17179
101.85.107.54 - - [07/Jul/2021:09:20:29 +0800] "POST /xingrg/all/common/load_tree.html?tree=area_rest_tree_json&manage=1 HTTP/1.1" 200 351
101.85.107.54 - - [07/Jul/2021:09:20:29 +0800] "GET /favicon.ico HTTP/1.1" 404 -
101.85.107.54 - - [07/Jul/2021:09:20:29 +0800] "GET /xingrg/all/function/internal_message.html?_=1625620257318&CODE_STATE=count HTTP/1.1" 200 11
101.85.107.54 - - [07/Jul/2021:09:20:29 +0800] "GET /xingrg/check_reg.html?_=1625620257319 HTTP/1.1" 200 22
101.85.107.54 - - [07/Jul/2021:09:20:29 +0800] "POST /xingrg/load_menu.html HTTP/1.1" 200 5138
222.69.131.6 - - [07/Jul/2021:09:20:31 +0800] "GET /xingrg/kc/buy/cgsh_order_operate.html?command=get_materiel&rest_code=00149&code=00101008183&supplier_code=00100005&order_time=2021-07-07 HTTP/1.1" 200 413
120.253.135.82 - - [07/Jul/2021:09:20:33 +0800] "GET /xingrg/check_reg.html?_=1625620620916 HTTP/1.1" 200 22
120.253.135.82 - - [07/Jul/2021:09:20:33 +0800] "GET /xingrg/all/function/internal_message.html?_=1625620621319&CODE_STATE=getMsg HTTP/1.1" 200 27
101.85.107.54 - - [07/Jul/2021:09:20:36 +0800] "GET /xingrg/kc/buy/cgsh_order_list.html HTTP/1.1" 200 46943
116.230.117.165 - - [07/Jul/2021:09:20:38 +0800] "GET /xingrg/kc/buy/cgsh_order_operate.html?command=get_materiel&rest_code=00146&code=00101008312&supplier_code=00100005&order_time=2021-07-07 HTTP/1.1" 200 412
101.85.107.54 - - [07/Jul/2021:09:20:42 +0800] "POST /xingrg/kc/buy/cgsh_list_operate.html HTTP/1.1" 200 3503
101.85.107.54 - - [07/Jul/2021:09:20:46 +0800] "POST /xingrg/kc/buy/cgsh_list_operate.html HTTP/1.1" 200 564
101.85.107.54 - - [07/Jul/2021:09:20:46 +0800] "GET /xingrg/javascript/pic_change.js HTTP/1.1" 200 4739
101.85.107.54 - - [07/Jul/2021:09:20:46 +0800] "GET /xingrg/javascript/convert.js HTTP/1.1" 200 1239
101.85.107.54 - - [07/Jul/2021:09:20:46 +0800] "GET /xingrg/kc/buy/cgsh_order_info.html?code=212021070100406 HTTP/1.1" 200 61799
101.85.107.54 - - [07/Jul/2021:09:20:46 +0800] "GET /xingrg/javascript/json2.js HTTP/1.1" 200 11259
101.85.107.54 - - [07/Jul/2021:09:20:46 +0800] "GET /xingrg/javascript/print/kc_print.js HTTP/1.1" 200 11415
101.85.107.54 - - [07/Jul/2021:09:20:46 +0800] "GET /xingrg/javascript/jquery_tools/order_manager.js HTTP/1.1" 200 11183
101.85.107.54 - - [07/Jul/2021:09:20:46 +0800] "GET /xingrg/words/20210706101155_words.js HTTP/1.1" 200 824228
101.85.107.54 - - [07/Jul/2021:09:20:47 +0800] "GET /xingrg/javascript/easyui/themes/icons/copy_new.png HTTP/1.1" 200 815
101.85.107.54 - - [07/Jul/2021:09:20:47 +0800] "GET /xingrg/javascript/easyui/themes/icons/ok.png HTTP/1.1" 200 883
101.85.107.54 - - [07/Jul/2021:09:20:47 +0800] "GET /xingrg/javascript/easyui/themes/icons/template_new.png HTTP/1.1" 200 3956
101.85.107.54 - - [07/Jul/2021:09:20:47 +0800] "GET /xingrg/javascript/easyui/themes/icons/print.png HTTP/1.1" 200 1057
101.85.107.54 - - [07/Jul/2021:09:20:47 +0800] "GET /xingrg/javascript/easyui/themes/default/images/menu_downarrow.png HTTP/1.1" 200 173
101.85.107.54 - - [07/Jul/2021:09:20:47 +0800] "GET /xingrg/javascript/easyui/themes/icons/cancel.png HTTP/1.1" 200 1133
222.69.131.6 - - [07/Jul/2021:09:20:47 +0800] "GET /xingrg/all/function/internal_message.html?_=1625620853499&CODE_STATE=getMsg HTTP/1.1" 200 27
101.85.107.54 - - [07/Jul/2021:09:20:47 +0800] "GET /xingrg/all/common/auto_word.html?type=employee&rest_code=00142 HTTP/1.1" 200 105
101.85.107.54 - - [07/Jul/2021:09:20:47 +0800] "GET /xingrg/all/common/auto_word.html?type=employee&rest_code=00142 HTTP/1.1" 200 105
101.85.107.54 - - [07/Jul/2021:09:20:47 +0800] "GET /xingrg/javascript/easyui/themes/default/validatebox.css HTTP/1.1" 404 1104
101.85.107.54 - - [07/Jul/2021:09:20:47 +0800] "GET /xingrg/javascript/easyui/plugins/jquery.validatebox.js HTTP/1.1" 200 6103
101.85.107.54 - - [07/Jul/2021:09:20:47 +0800] "GET /xingrg/javascript/easyui/plugins/jquery.numberbox.js HTTP/1.1" 200 5213
101.85.107.54 - - [07/Jul/2021:09:20:48 +0800] "POST /xingrg/kc/buy/cgsh_order_operate.html HTTP/1.1" 200 17378
101.85.107.54 - - [07/Jul/2021:09:20:48 +0800] "GET /xingrg/javascript/easyui/themes/icons/edit_remove.png HTTP/1.1" 200 625
116.230.117.165 - - [07/Jul/2021:09:20:48 +0800] "GET /xingrg/kc/buy/cgsh_order_operate.html?command=get_materiel&rest_code=00146&code=00101008092&supplier_code=00100005&order_time=2021-07-07 HTTP/1.1" 200 412
58.37.5.217 - - [07/Jul/2021:09:20:50 +0800] "GET /xingrg/all/function/internal_message.html?_=1625620853913&CODE_STATE=getMsg HTTP/1.1" 200 27
116.230.117.165 - - [07/Jul/2021:09:20:53 +0800] "POST /xingrg/kc/buy/cgsh_order_operate.html HTTP/1.1" 200 2065
221.239.195.6 - - [07/Jul/2021:09:20:55 +0800] "GET /xingrg/all/function/internal_message.html?_=1625620860609&CODE_STATE=getMsg HTTP/1.1" 200 27
183.192.88.201 - - [07/Jul/2021:09:20:57 +0800] "GET /xingrg/all/function/internal_message.html?_=1625620865328&CODE_STATE=getMsg HTTP/1.1" 200 27
183.192.88.201 - - [07/Jul/2021:09:20:57 +0800] "GET /xingrg/check_reg.html?_=1625620865329 HTTP/1.1" 200 22
116.224.113.155 - - [07/Jul/2021:09:20:57 +0800] "GET /xingrg/all/function/internal_message.html?_=1625620858669&CODE_STATE=getMsg HTTP/1.1" 200 27
116.230.117.165 - - [07/Jul/2021:09:21:01 +0800] "GET /xingrg/kc/buy/cgsh_order_operate.html?command=get_materiel&rest_code=00146&code=00101015070&supplier_code=00100005&order_time=2021-07-07 HTTP/1.1" 200 413
180.169.147.146 - - [07/Jul/2021:09:21:05 +0800] "GET /xingrg/all/function/internal_message.html?_=1625620870311&CODE_STATE=getMsg HTTP/1.1" 200 27
116.230.117.165 - - [07/Jul/2021:09:21:10 +0800] "GET /xingrg/kc/buy/cgsh_order_operate.html?command=get_materiel&rest_code=00146&code=00101015068&supplier_code=00100005&order_time=2021-07-07 HTTP/1.1" 200 412
116.232.55.111 - - [07/Jul/2021:09:21:11 +0800] "GET /xingrg/kc/buy/cgsh_order_add.html HTTP/1.1" 200 62716
116.232.55.111 - - [07/Jul/2021:09:21:11 +0800] "POST /xingrg/kc/buy/cgsh_order_operate.html HTTP/1.1" 200 8245
116.232.55.111 - - [07/Jul/2021:09:21:11 +0800] "GET /xingrg/all/common/auto_word.html?type=employee&rest_code=00109 HTTP/1.1" 200 255
116.232.55.111 - - [07/Jul/2021:09:21:11 +0800] "GET /xingrg/all/common/auto_word.html?type=employee&rest_code=00109 HTTP/1.1" 200 255
116.232.55.111 - - [07/Jul/2021:09:21:11 +0800] "GET /xingrg/javascript/easyui/themes/default/validatebox.css HTTP/1.1" 404 1104
116.230.117.165 - - [07/Jul/2021:09:21:12 +0800] "GET /xingrg/all/function/internal_message.html?_=1625620885495&CODE_STATE=getMsg HTTP/1.1" 200 27
116.232.55.111 - - [07/Jul/2021:09:21:13 +0800] "GET /xingrg/javascript/jquery_tools/images/prev.gif HTTP/1.1" 404 1086
116.232.55.111 - - [07/Jul/2021:09:21:13 +0800] "GET /xingrg/javascript/jquery_tools/images/next.gif HTTP/1.1" 404 1086
116.232.55.111 - - [07/Jul/2021:09:21:14 +0800] "GET /xingrg/all/function/internal_message.html?_=1625620879876&CODE_STATE=getMsg HTTP/1.1" 200 27
116.230.114.112 - - [07/Jul/2021:09:21:14 +0800] "GET /xingrg/all/function/internal_message.html?_=1625620887869&CODE_STATE=getMsg HTTP/1.1" 302 -
221.239.195.6 - - [07/Jul/2021:09:21:15 +0800] "POST /xingrg/kc/buy/cgsh_list_operate.html HTTP/1.1" 200 3749
116.232.55.111 - - [07/Jul/2021:09:21:20 +0800] "GET /xingrg/kc/buy/cgsh_order_operate.html?command=get_materiel&rest_code=00109&code=00101006177&supplier_code=00100015&order_time=2021-07-07 HTTP/1.1" 200 409
116.230.117.165 - - [07/Jul/2021:09:21:20 +0800] "GET /xingrg/kc/buy/cgsh_order_operate.html?command=get_materiel&rest_code=00146&code=00101008350&supplier_code=00100005&order_time=2021-07-07 HTTP/1.1" 200 408
116.230.110.80 - - [07/Jul/2021:09:21:26 +0800] "GET /xingrg/all/function/internal_message.html?_=1625620888773&CODE_STATE=getMsg HTTP/1.1" 200 27
222.70.176.145 - - [07/Jul/2021:09:21:28 +0800] "GET /xingrg/all/function/internal_message.html?_=1625620891461&CODE_STATE=getMsg HTTP/1.1" 200 27
101.85.107.54 - - [07/Jul/2021:09:21:29 +0800] "GET /xingrg/all/function/internal_message.html?_=1625620317333&CODE_STATE=getMsg HTTP/1.1" 200 27
116.232.55.111 - - [07/Jul/2021:09:21:30 +0800] "GET /xingrg/kc/buy/cgsh_order_operate.html?command=get_materiel&rest_code=00109&code=00101010248&supplier_code=00100015&order_time=2021-07-07 HTTP/1.1" 200 430
120.253.135.82 - - [07/Jul/2021:09:21:34 +0800] "GET /xingrg/all/function/internal_message.html?_=1625620681333&CODE_STATE=getMsg HTTP/1.1" 200 27
116.232.55.111 - - [07/Jul/2021:09:21:38 +0800] "GET /xingrg/kc/buy/cgsh_order_operate.html?command=get_materiel&rest_code=00109&code=00101006115&supplier_code=00100015&order_time=2021-07-07 HTTP/1.1" 200 408
116.230.117.165 - - [07/Jul/2021:09:21:39 +0800] "GET /xingrg/kc/buy/cgsh_order_operate.html?command=get_materiel&rest_code=00146&code=00101008175&supplier_code=00100005&order_time=2021-07-07 HTTP/1.1" 200 412
116.232.55.111 - - [07/Jul/2021:09:21:46 +0800] "GET /xingrg/kc/buy/cgsh_order_operate.html?command=get_materiel&rest_code=00109&code=00101006144&supplier_code=00100015&order_time=2021-07-07 HTTP/1.1" 200 409
222.69.131.6 - - [07/Jul/2021:09:21:47 +0800] "GET /xingrg/all/function/internal_message.html?_=1625620913526&CODE_STATE=getMsg HTTP/1.1" 200 27
58.37.5.217 - - [07/Jul/2021:09:21:50 +0800] "GET /xingrg/all/function/internal_message.html?_=1625620913913&CODE_STATE=getMsg HTTP/1.1" 200 27
116.230.117.165 - - [07/Jul/2021:09:21:51 +0800] "GET /xingrg/kc/buy/cgsh_order_operate.html?command=get_materiel&rest_code=00146&code=00101008223&supplier_code=00100005&order_time=2021-07-07 HTTP/1.1" 200 412
116.230.117.165 - - [07/Jul/2021:09:21:55 +0800] "POST /xingrg/kc/buy/cgsh_order_operate.html HTTP/1.1" 200 2065
221.239.195.6 - - [07/Jul/2021:09:21:55 +0800] "GET /xingrg/all/function/internal_message.html?_=1625620920615&CODE_STATE=getMsg HTTP/1.1" 200 27
116.232.55.111 - - [07/Jul/2021:09:21:57 +0800] "GET /xingrg/kc/buy/cgsh_order_operate.html?command=get_materiel&rest_code=00109&code=00101006039&supplier_code=00100015&order_time=2021-07-07 HTTP/1.1" 200 413
183.192.88.201 - - [07/Jul/2021:09:21:57 +0800] "GET /xingrg/all/function/internal_message.html?_=1625620925338&CODE_STATE=getMsg HTTP/1.1" 200 27
116.224.113.155 - - [07/Jul/2021:09:21:57 +0800] "GET /xingrg/all/function/internal_message.html?_=1625620918669&CODE_STATE=getMsg HTTP/1.1" 200 27
116.232.55.111 - - [07/Jul/2021:09:22:05 +0800] "GET /xingrg/kc/buy/cgsh_order_operate.html?command=get_materiel&rest_code=00109&code=00101006109&supplier_code=00100015&order_time=2021-07-07 HTTP/1.1" 200 409
180.169.147.146 - - [07/Jul/2021:09:22:05 +0800] "GET /xingrg/check_reg.html?_=1625620930304 HTTP/1.1" 200 22
180.169.147.146 - - [07/Jul/2021:09:22:05 +0800] "GET /xingrg/all/function/internal_message.html?_=1625620930309&CODE_STATE=getMsg HTTP/1.1" 200 27
116.230.117.165 - - [07/Jul/2021:09:22:12 +0800] "GET /xingrg/all/function/internal_message.html?_=1625620945525&CODE_STATE=getMsg HTTP/1.1" 200 27
116.232.55.111 - - [07/Jul/2021:09:22:13 +0800] "GET /xingrg/kc/buy/cgsh_order_operate.html?command=get_materiel&rest_code=00109&code=00101010248&supplier_code=00100015&order_time=2021-07-07 HTTP/1.1" 200 430
116.232.55.111 - - [07/Jul/2021:09:22:14 +0800] "GET /xingrg/all/function/internal_message.html?_=1625620939879&CODE_STATE=getMsg HTTP/1.1" 200 27
116.232.55.111 - - [07/Jul/2021:09:22:14 +0800] "GET /xingrg/check_reg.html?_=1625620939880 HTTP/1.1" 200 22
116.230.114.112 - - [07/Jul/2021:09:22:14 +0800] "GET /xingrg/all/function/internal_message.html?_=1625620947887&CODE_STATE=getMsg HTTP/1.1" 302 -
116.230.117.165 - - [07/Jul/2021:09:22:16 +0800] "GET /xingrg/kc/buy/cgsh_order_operate.html?command=get_materiel&rest_code=00146&code=00101008450&supplier_code=00100005&order_time=2021-07-07 HTTP/1.1" 200 391
116.232.55.111 - - [07/Jul/2021:09:22:22 +0800] "GET /xingrg/kc/buy/cgsh_order_operate.html?command=get_materiel&rest_code=00109&code=00101006058&supplier_code=00100015&order_time=2021-07-07 HTTP/1.1" 200 413
116.230.110.80 - - [07/Jul/2021:09:22:26 +0800] "GET /xingrg/all/function/internal_message.html?_=1625620948756&CODE_STATE=getMsg HTTP/1.1" 200 27
222.69.131.6 - - [07/Jul/2021:09:22:27 +0800] "POST /xingrg/kc/buy/cgsh_order_operate.html HTTP/1.1" 200 37
116.230.117.165 - - [07/Jul/2021:09:22:28 +0800] "GET /xingrg/kc/buy/cgsh_order_operate.html?command=get_materiel&rest_code=00146&code=00101008230&supplier_code=00100005&order_time=2021-07-07 HTTP/1.1" 200 408
222.70.176.145 - - [07/Jul/2021:09:22:28 +0800] "GET /xingrg/all/function/internal_message.html?_=1625620951446&CODE_STATE=getMsg HTTP/1.1" 200 27
116.232.55.111 - - [07/Jul/2021:09:22:29 +0800] "GET /xingrg/kc/buy/cgsh_order_operate.html?command=get_materiel&rest_code=00109&code=00101006057&supplier_code=00100015&order_time=2021-07-07 HTTP/1.1" 200 413
101.85.107.54 - - [07/Jul/2021:09:22:29 +0800] "GET /xingrg/all/function/internal_message.html?_=1625620377340&CODE_STATE=getMsg HTTP/1.1" 200 27
120.253.135.82 - - [07/Jul/2021:09:22:34 +0800] "GET /xingrg/all/function/internal_message.html?_=1625620741346&CODE_STATE=getMsg HTTP/1.1" 200 27
222.69.131.6 - - [07/Jul/2021:09:22:37 +0800] "POST /xingrg/kc/buy/cgsh_order_operate.html HTTP/1.1" 200 12
221.239.195.6 - - [07/Jul/2021:09:22:38 +0800] "GET /xingrg/kc/buy/cgsh_order_add.html HTTP/1.1" 200 62722
222.69.131.6 - - [07/Jul/2021:09:22:38 +0800] "GET /xingrg/kc/buy/cgsh_order_info.html?code=212021070702721 HTTP/1.1" 200 57636
221.239.195.6 - - [07/Jul/2021:09:22:38 +0800] "POST /xingrg/kc/buy/cgsh_order_operate.html HTTP/1.1" 200 8245
221.239.195.6 - - [07/Jul/2021:09:22:38 +0800] "GET /xingrg/javascript/easyui/themes/default/validatebox.css HTTP/1.1" 404 1104
222.69.131.6 - - [07/Jul/2021:09:22:39 +0800] "GET /xingrg/javascript/easyui/themes/default/validatebox.css HTTP/1.1" 404 1104
222.69.131.6 - - [07/Jul/2021:09:22:40 +0800] "POST /xingrg/kc/buy/cgsh_order_operate.html HTTP/1.1" 200 26645
222.69.131.6 - - [07/Jul/2021:09:22:47 +0800] "GET /xingrg/all/function/internal_message.html?_=1625620973513&CODE_STATE=getMsg HTTP/1.1" 200 27
116.232.55.111 - - [07/Jul/2021:09:22:49 +0800] "POST /xingrg/kc/buy/cgsh_order_operate.html HTTP/1.1" 200 37
222.69.131.6 - - [07/Jul/2021:09:22:49 +0800] "GET /xingrg/kc/print/load_data.html?order_code=212021070702721&kc_code=cgsh&condition= HTTP/1.1" 200 10618
58.37.5.217 - - [07/Jul/2021:09:22:50 +0800] "GET /xingrg/check_reg.html?_=1625620973919 HTTP/1.1" 200 22
58.37.5.217 - - [07/Jul/2021:09:22:50 +0800] "GET /xingrg/all/function/internal_message.html?_=1625620973918&CODE_STATE=getMsg HTTP/1.1" 200 27
116.232.55.111 - - [07/Jul/2021:09:22:52 +0800] "POST /xingrg/kc/buy/cgsh_order_operate.html HTTP/1.1" 200 7410
116.232.55.111 - - [07/Jul/2021:09:22:53 +0800] "GET /xingrg/kc/print/load_config.html?kc_code=cgsh HTTP/1.1" 200 1845
116.232.55.111 - - [07/Jul/2021:09:22:54 +0800] "GET /xingrg/kc/print/load_data.html?order_code=212021070702723&kc_code=cgsh&condition= HTTP/1.1" 200 2569
222.69.131.6 - - [07/Jul/2021:09:22:55 +0800] "GET /xingrg/kc/buy/cgsh_order_add.html HTTP/1.1" 200 62728
221.239.195.6 - - [07/Jul/2021:09:22:55 +0800] "GET /xingrg/all/function/internal_message.html?_=1625620980630&CODE_STATE=getMsg HTTP/1.1" 200 27
222.69.131.6 - - [07/Jul/2021:09:22:55 +0800] "POST /xingrg/kc/buy/cgsh_order_operate.html HTTP/1.1" 200 8245
222.69.131.6 - - [07/Jul/2021:09:22:55 +0800] "GET /xingrg/javascript/easyui/themes/default/validatebox.css HTTP/1.1" 404 1104
183.192.88.201 - - [07/Jul/2021:09:22:57 +0800] "GET /xingrg/all/function/internal_message.html?_=1625620985332&CODE_STATE=getMsg HTTP/1.1" 200 27
116.224.113.155 - - [07/Jul/2021:09:22:57 +0800] "GET /xingrg/all/function/internal_message.html?_=1625620978683&CODE_STATE=getMsg HTTP/1.1" 200 27
116.224.113.155 - - [07/Jul/2021:09:22:57 +0800] "GET /xingrg/check_reg.html?_=1625620978686 HTTP/1.1" 200 22
116.232.55.111 - - [07/Jul/2021:09:23:02 +0800] "GET /xingrg/kc/buy/cgsh_order_add.html HTTP/1.1" 200 62716
116.232.55.111 - - [07/Jul/2021:09:23:02 +0800] "GET /xingrg/javascript/easyui/themes/default/validatebox.css HTTP/1.1" 404 1104
116.232.55.111 - - [07/Jul/2021:09:23:02 +0800] "POST /xingrg/kc/buy/cgsh_order_operate.html HTTP/1.1" 200 8245
116.232.55.111 - - [07/Jul/2021:09:23:02 +0800] "GET /xingrg/all/common/auto_word.html?type=employee&rest_code=00109 HTTP/1.1" 200 255
116.232.55.111 - - [07/Jul/2021:09:23:02 +0800] "GET /xingrg/all/common/auto_word.html?type=employee&rest_code=00109 HTTP/1.1" 200 255
180.169.147.146 - - [07/Jul/2021:09:23:05 +0800] "GET /xingrg/all/function/internal_message.html?_=1625620990312&CODE_STATE=getMsg HTTP/1.1" 200 27
116.232.55.111 - - [07/Jul/2021:09:23:05 +0800] "GET /xingrg/javascript/auto/indicator.gif HTTP/1.1" 404 1066
116.232.55.111 - - [07/Jul/2021:09:23:07 +0800] "GET /xingrg/javascript/jquery_tools/images/prev.gif HTTP/1.1" 404 1086
116.232.55.111 - - [07/Jul/2021:09:23:07 +0800] "GET /xingrg/javascript/jquery_tools/images/next.gif HTTP/1.1" 404 1086
116.230.117.165 - - [07/Jul/2021:09:23:12 +0800] "GET /xingrg/check_reg.html?_=1625621005335 HTTP/1.1" 200 22
116.230.117.165 - - [07/Jul/2021:09:23:12 +0800] "GET /xingrg/all/function/internal_message.html?_=1625621005538&CODE_STATE=getMsg HTTP/1.1" 200 27
116.232.55.111 - - [07/Jul/2021:09:23:14 +0800] "GET /xingrg/kc/buy/cgsh_order_operate.html?command=get_materiel&rest_code=00109&code=00101007049&supplier_code=00100004&order_time=2021-07-07 HTTP/1.1" 200 409
116.232.55.111 - - [07/Jul/2021:09:23:14 +0800] "GET /xingrg/all/function/internal_message.html?_=1625620999918&CODE_STATE=getMsg HTTP/1.1" 200 27
116.230.114.112 - - [07/Jul/2021:09:23:14 +0800] "GET /xingrg/all/function/internal_message.html?_=1625621007896&CODE_STATE=getMsg HTTP/1.1" 302 -
116.224.113.155 - - [07/Jul/2021:09:23:19 +0800] "POST /xingrg/kc/buy/cgsh_order_operate.html HTTP/1.1" 200 37
116.232.55.111 - - [07/Jul/2021:09:23:23 +0800] "POST /xingrg/kc/buy/cgsh_order_operate.html HTTP/1.1" 200 37
116.230.110.80 - - [07/Jul/2021:09:23:26 +0800] "GET /xingrg/all/function/internal_message.html?_=1625621008756&CODE_STATE=getMsg HTTP/1.1" 200 27
116.232.55.111 - - [07/Jul/2021:09:23:26 +0800] "POST /xingrg/kc/buy/cgsh_order_operate.html HTTP/1.1" 200 2652
58.221.95.50 - - [07/Jul/2021:09:23:26 +0800] "GET /xingrg/check_reg.html?_=1625621011510 HTTP/1.1" 302 -
116.224.113.155 - - [07/Jul/2021:09:23:26 +0800] "POST /xingrg/kc/buy/cgsh_order_operate.html HTTP/1.1" 200 12
222.69.131.6 - - [07/Jul/2021:09:23:27 +0800] "POST /xingrg/services/DataTransmitService HTTP/1.1" 401 565
222.69.131.6 - - [07/Jul/2021:09:23:27 +0800] "POST /xingrg/services/DataTransmitService HTTP/1.1" 200 478
222.69.131.6 - - [07/Jul/2021:09:23:27 +0800] "POST /xingrg/services/DataTransmitService HTTP/1.1" 200 1320
222.69.131.6 - - [07/Jul/2021:09:23:27 +0800] "POST /xingrg/services/DataTransmitService HTTP/1.1" 200 478
222.69.131.6 - - [07/Jul/2021:09:23:27 +0800] "POST /xingrg/services/DataTransmitService HTTP/1.1" 200 1320
222.69.131.6 - - [07/Jul/2021:09:23:27 +0800] "POST /xingrg/services/DataTransmitService HTTP/1.1" 200 524
116.232.55.111 - - [07/Jul/2021:09:23:27 +0800] "GET /xingrg/kc/print/load_config.html?kc_code=cgsh HTTP/1.1" 200 1845
116.224.113.155 - - [07/Jul/2021:09:23:27 +0800] "GET /xingrg/kc/buy/cgsh_order_info.html?code=212021070702724 HTTP/1.1" 200 57211
116.232.55.111 - - [07/Jul/2021:09:23:28 +0800] "GET /xingrg/kc/print/load_data.html?order_code=212021070702725&kc_code=cgsh&condition= HTTP/1.1" 200 697
222.69.131.6 - - [07/Jul/2021:09:23:28 +0800] "POST /xingrg/services/DataTransmitService HTTP/1.1" 200 1983
222.69.131.6 - - [07/Jul/2021:09:23:28 +0800] "POST /xingrg/services/DataTransmitService HTTP/1.1" 200 45454
116.224.113.155 - - [07/Jul/2021:09:23:28 +0800] "GET /xingrg/javascript/easyui/themes/default/validatebox.css HTTP/1.1" 404 1104
222.69.131.6 - - [07/Jul/2021:09:23:28 +0800] "POST /xingrg/services/DataTransmitService HTTP/1.1" 200 19237
222.70.176.145 - - [07/Jul/2021:09:23:28 +0800] "GET /xingrg/all/function/internal_message.html?_=1625621011430&CODE_STATE=getMsg HTTP/1.1" 200 27
116.224.113.155 - - [07/Jul/2021:09:23:29 +0800] "POST /xingrg/kc/buy/cgsh_order_operate.html HTTP/1.1" 200 622
101.85.107.54 - - [07/Jul/2021:09:23:29 +0800] "GET /xingrg/all/function/internal_message.html?_=1625620437323&CODE_STATE=getMsg HTTP/1.1" 200 27
116.224.113.155 - - [07/Jul/2021:09:23:30 +0800] "GET /xingrg/kc/print/load_data.html?order_code=212021070702724&kc_code=cgsh&condition= HTTP/1.1" 200 706
222.69.131.6 - - [07/Jul/2021:09:23:31 +0800] "POST /xingrg/services/DataTransmitService HTTP/1.1" 200 524
222.69.131.6 - - [07/Jul/2021:09:23:32 +0800] "POST /xingrg/services/DataTransmitService HTTP/1.1" 200 1983
120.253.135.82 - - [07/Jul/2021:09:23:34 +0800] "GET /xingrg/all/function/internal_message.html?_=1625620801368&CODE_STATE=getMsg HTTP/1.1" 200 27
116.224.113.155 - - [07/Jul/2021:09:23:36 +0800] "GET /xingrg/kc/buy/cgsh_order_add.html HTTP/1.1" 200 62317
116.224.113.155 - - [07/Jul/2021:09:23:36 +0800] "POST /xingrg/kc/buy/cgsh_order_operate.html HTTP/1.1" 200 8245
116.224.113.155 - - [07/Jul/2021:09:23:36 +0800] "GET /xingrg/javascript/easyui/themes/default/validatebox.css HTTP/1.1" 404 1104
116.230.110.80 - - [07/Jul/2021:09:23:38 +0800] "GET /xingrg/check_reg.html?_=1625621020857 HTTP/1.1" 200 22
222.69.131.6 - - [07/Jul/2021:09:23:47 +0800] "GET /xingrg/check_reg.html?_=1625621033508 HTTP/1.1" 200 22
222.69.131.6 - - [07/Jul/2021:09:23:47 +0800] "GET /xingrg/all/function/internal_message.html?_=1625621033511&CODE_STATE=getMsg HTTP/1.1" 200 27
58.37.5.217 - - [07/Jul/2021:09:23:50 +0800] "GET /xingrg/all/function/internal_message.html?_=1625621033903&CODE_STATE=getMsg HTTP/1.1" 200 27
116.224.113.155 - - [07/Jul/2021:09:23:52 +0800] "GET /xingrg/kc/buy/cgsh_order_operate.html?command=get_materiel&rest_code=00151&code=00102002083&supplier_code=00100151&order_time=2021-07-07 HTTP/1.1" 200 433
222.69.131.6 - - [07/Jul/2021:09:23:55 +0800] "POST /xingrg/services/DataTransmitService HTTP/1.1" 200 524
221.239.195.6 - - [07/Jul/2021:09:23:55 +0800] "GET /xingrg/all/function/internal_message.html?_=1625621040624&CODE_STATE=getMsg HTTP/1.1" 200 27
101.85.107.54 - - [07/Jul/2021:09:23:56 +0800] "GET /xingrg/javascript/easyui/themes/default/images/button_plain_hover.png HTTP/1.1" 200 144
183.192.88.201 - - [07/Jul/2021:09:23:57 +0800] "GET /xingrg/all/function/internal_message.html?_=1625621045331&CODE_STATE=getMsg HTTP/1.1" 200 27
116.224.113.155 - - [07/Jul/2021:09:23:57 +0800] "GET /xingrg/all/function/internal_message.html?_=1625621038682&CODE_STATE=getMsg HTTP/1.1" 200 27
222.69.131.6 - - [07/Jul/2021:09:23:58 +0800] "POST /xingrg/services/DataTransmitService HTTP/1.1" 200 501
101.85.107.54 - - [07/Jul/2021:09:24:00 +0800] "POST /xingrg/kc/buy/cgsh_order_operate.html HTTP/1.1" 200 37
101.85.107.54 - - [07/Jul/2021:09:24:03 +0800] "POST /xingrg/kc/buy/cgsh_order_operate.html HTTP/1.1" 200 12
101.85.107.54 - - [07/Jul/2021:09:24:04 +0800] "GET /xingrg/kc/buy/cgsh_order_info.html?code=212021070100406 HTTP/1.1" 200 56694
101.85.107.54 - - [07/Jul/2021:09:24:04 +0800] "GET /xingrg/javascript/easyui/themes/default/validatebox.css HTTP/1.1" 404 1104
180.169.147.146 - - [07/Jul/2021:09:24:05 +0800] "GET /xingrg/all/function/internal_message.html?_=1625621050303&CODE_STATE=getMsg HTTP/1.1" 200 27
101.85.107.54 - - [07/Jul/2021:09:24:05 +0800] "POST /xingrg/kc/buy/cgsh_order_operate.html HTTP/1.1" 200 15329
101.85.107.54 - - [07/Jul/2021:09:24:06 +0800] "GET /xingrg/kc/print/load_config.html?kc_code=cgsh HTTP/1.1" 200 1845
116.224.113.155 - - [07/Jul/2021:09:24:08 +0800] "POST /xingrg/kc/buy/cgsh_order_operate.html HTTP/1.1" 200 37
101.85.107.54 - - [07/Jul/2021:09:24:08 +0800] "GET /xingrg/kc/print/load_data.html?order_code=212021070100406&kc_code=cgsh&condition= HTTP/1.1" 200 6275
116.224.113.155 - - [07/Jul/2021:09:24:11 +0800] "POST /xingrg/kc/buy/cgsh_order_operate.html HTTP/1.1" 200 12
116.230.117.165 - - [07/Jul/2021:09:24:12 +0800] "GET /xingrg/all/function/internal_message.html?_=1625621065552&CODE_STATE=getMsg HTTP/1.1" 200 27
116.224.113.155 - - [07/Jul/2021:09:24:13 +0800] "GET /xingrg/kc/buy/cgsh_order_info.html?code=212021070702726 HTTP/1.1" 200 57209
116.224.113.155 - - [07/Jul/2021:09:24:13 +0800] "GET /xingrg/javascript/easyui/themes/default/validatebox.css HTTP/1.1" 404 1104
116.230.114.112 - - [07/Jul/2021:09:24:13 +0800] "GET /xingrg/check_reg.html?_=1625621066646 HTTP/1.1" 302 -
116.224.113.155 - - [07/Jul/2021:09:24:13 +0800] "POST /xingrg/kc/buy/cgsh_order_operate.html HTTP/1.1" 200 631
116.232.55.111 - - [07/Jul/2021:09:24:14 +0800] "GET /xingrg/all/function/internal_message.html?_=1625621059883&CODE_STATE=getMsg HTTP/1.1" 200 27
116.230.114.112 - - [07/Jul/2021:09:24:14 +0800] "GET /xingrg/all/function/internal_message.html?_=1625621067910&CODE_STATE=getMsg HTTP/1.1" 302 -
116.224.113.155 - - [07/Jul/2021:09:24:18 +0800] "GET /xingrg/kc/print/load_data.html?order_code=212021070702726&kc_code=cgsh&condition= HTTP/1.1" 200 719
101.85.107.54 - - [07/Jul/2021:09:24:22 +0800] "POST /xingrg/kc/buy/cgsh_list_operate.html HTTP/1.1" 200 3141
