221.239.195.6 - - [07/Jul/2021:10:33:27 +0800] "GET /xingrg/all/function/internal_message.html?_=1625625212241&CODE_STATE=getMsg HTTP/1.1" 200 27
222.70.176.145 - - [07/Jul/2021:10:33:27 +0800] "GET /xingrg/all/function/internal_message.html?_=1625625210268&CODE_STATE=getMsg HTTP/1.1" 200 27
58.37.225.51 - - [07/Jul/2021:10:33:28 +0800] "GET /xingrg/kc/buy/cgsh_order_operate.html?command=get_materiel&rest_code=00141&code=00101008005&supplier_code=00100007&order_time=2021-07-07 HTTP/1.1" 200 412
101.85.107.54 - - [07/Jul/2021:10:33:29 +0800] "GET /xingrg/all/function/internal_message.html?_=1625624637439&CODE_STATE=getMsg HTTP/1.1" 200 27
58.37.5.217 - - [07/Jul/2021:10:33:34 +0800] "GET /xingrg/kc/buy/cgsh_order_operate.html?command=get_materiel&rest_code=00106&code=00101008286&supplier_code=00100007&order_time=2021-07-07 HTTP/1.1" 200 408
116.224.113.155 - - [07/Jul/2021:10:33:35 +0800] "GET /xingrg/all/function/internal_message.html?_=1625625208479&CODE_STATE=getMsg HTTP/1.1" 200 27
58.37.225.51 - - [07/Jul/2021:10:33:37 +0800] "GET /xingrg/kc/buy/cgsh_order_operate.html?command=get_materiel&rest_code=00141&code=00101008353&supplier_code=00100007&order_time=2021-07-07 HTTP/1.1" 200 408
116.230.110.80 - - [07/Jul/2021:10:33:38 +0800] "GET /xingrg/check_reg.html?_=1625625222869 HTTP/1.1" 200 22
58.37.225.51 - - [07/Jul/2021:10:33:39 +0800] "GET /xingrg/all/function/internal_message.html?_=1625625145025&CODE_STATE=getMsg HTTP/1.1" 200 27
58.37.5.217 - - [07/Jul/2021:10:33:40 +0800] "GET /xingrg/all/function/internal_message.html?_=1625625223886&CODE_STATE=getMsg HTTP/1.1" 200 27
116.224.113.155 - - [07/Jul/2021:10:33:41 +0800] "GET /xingrg/all/function/internal_message.html?_=1625625221982&CODE_STATE=getMsg HTTP/1.1" 200 27
58.37.5.217 - - [07/Jul/2021:10:33:42 +0800] "GET /xingrg/kc/buy/cgsh_order_operate.html?command=get_materiel&rest_code=00106&code=00101008131&supplier_code=00100007&order_time=2021-07-07 HTTP/1.1" 200 408
221.239.195.6 - - [07/Jul/2021:10:33:44 +0800] "GET /xingrg/javascript/jquery_tools/images/prev.gif HTTP/1.1" 404 1086
221.239.195.6 - - [07/Jul/2021:10:33:44 +0800] "GET /xingrg/javascript/jquery_tools/images/next.gif HTTP/1.1" 404 1086
58.37.225.51 - - [07/Jul/2021:10:33:46 +0800] "GET /xingrg/kc/buy/cgsh_order_operate.html?command=get_materiel&rest_code=00141&code=00101008298&supplier_code=00100007&order_time=2021-07-07 HTTP/1.1" 200 412
222.69.131.6 - - [07/Jul/2021:10:33:47 +0800] "GET /xingrg/all/function/internal_message.html?_=1625625233753&CODE_STATE=getMsg HTTP/1.1" 200 27
222.69.131.6 - - [07/Jul/2021:10:33:47 +0800] "GET /xingrg/check_reg.html?_=1625625233755 HTTP/1.1" 200 22
180.169.147.146 - - [07/Jul/2021:10:33:48 +0800] "GET /xingrg/all/function/internal_message.html?_=1625625234919&CODE_STATE=getMsg HTTP/1.1" 200 27
58.37.225.51 - - [07/Jul/2021:10:33:49 +0800] "POST /xingrg/kc/buy/cgsh_order_operate.html HTTP/1.1" 200 2065
117.184.7.26 - - [07/Jul/2021:10:33:50 +0800] "POST /xingrg/login.do HTTP/1.1" 302 -
101.83.241.165 - - [07/Jul/2021:10:33:50 +0800] "GET /xingrg/all/function/internal_message.html?_=1625625235080&CODE_STATE=getMsg HTTP/1.1" 200 27
117.184.7.26 - - [07/Jul/2021:10:33:50 +0800] "GET /xingrg/index.html?sysBaseUrl=http%3A%2F%2F180.169.147.146%3A18081%2Fxingrg%2F&costTime=112×tamp=1625625230103 HTTP/1.1" 200 17179
117.184.7.26 - - [07/Jul/2021:10:33:51 +0800] "GET /favicon.ico HTTP/1.1" 404 -
117.184.7.26 - - [07/Jul/2021:10:33:51 +0800] "POST /xingrg/all/common/load_tree.html?tree=area_rest_tree_json&manage=1 HTTP/1.1" 200 470
117.184.7.26 - - [07/Jul/2021:10:33:51 +0800] "GET /xingrg/all/function/internal_message.html?_=1625625231645&CODE_STATE=count HTTP/1.1" 200 11
117.184.7.26 - - [07/Jul/2021:10:33:51 +0800] "GET /xingrg/check_reg.html?_=1625625231660 HTTP/1.1" 200 22
117.184.7.26 - - [07/Jul/2021:10:33:52 +0800] "POST /xingrg/load_menu.html HTTP/1.1" 200 5138
58.37.5.217 - - [07/Jul/2021:10:33:53 +0800] "GET /xingrg/login.html HTTP/1.1" 200 7641
58.37.5.217 - - [07/Jul/2021:10:33:54 +0800] "GET /xingrg/kc/buy/cgsh_order_operate.html?command=get_materiel&rest_code=00106&code=00101008318&supplier_code=00100007&order_time=2021-07-07 HTTP/1.1" 200 408
117.184.7.26 - - [07/Jul/2021:10:33:55 +0800] "POST /xingrg/all/user/operate.html HTTP/1.1" 200 36
117.184.7.26 - - [07/Jul/2021:10:33:55 +0800] "GET /xingrg/index.html?sysBaseUrl=http%3A%2F%2F180.169.147.146%3A18081%2Fxingrg%2F&costTime=112×tamp=1625625230103 HTTP/1.1" 200 17173
117.184.7.26 - - [07/Jul/2021:10:33:55 +0800] "GET /xingrg/javascript/jquery_easy_ui/themes/default/easyui.css HTTP/1.1" 304 -
117.184.7.26 - - [07/Jul/2021:10:33:55 +0800] "GET /xingrg/javascript/jquery_easy_ui/themes/icon.css HTTP/1.1" 304 -
117.184.7.26 - - [07/Jul/2021:10:33:55 +0800] "GET /xingrg/css/form.css HTTP/1.1" 304 -
117.184.7.26 - - [07/Jul/2021:10:33:55 +0800] "GET /xingrg/javascript/jquery-1.4.2.min.js HTTP/1.1" 304 -
117.184.7.26 - - [07/Jul/2021:10:33:55 +0800] "GET /xingrg/javascript/jquery_easy_ui/jquery.easyui.min.js HTTP/1.1" 304 -
117.184.7.26 - - [07/Jul/2021:10:33:55 +0800] "GET /xingrg/javascript/jquery_easy_ui/easyui-lang-zh_CN.js HTTP/1.1" 304 -
117.184.7.26 - - [07/Jul/2021:10:33:55 +0800] "GET /xingrg/javascript/jquery.form.js HTTP/1.1" 304 -
117.184.7.26 - - [07/Jul/2021:10:33:55 +0800] "GET /xingrg/javascript/jquery.utils.js HTTP/1.1" 304 -
117.184.7.26 - - [07/Jul/2021:10:33:55 +0800] "GET /xingrg/javascript/jquery.timers.js HTTP/1.1" 304 -
117.184.7.26 - - [07/Jul/2021:10:33:55 +0800] "GET /xingrg/images/blue/jxLogo.png HTTP/1.1" 304 -
117.184.7.26 - - [07/Jul/2021:10:33:55 +0800] "GET /xingrg/javascript/jquery_easy_ui/themes/icons/settle_new.png HTTP/1.1" 304 -
117.184.7.26 - - [07/Jul/2021:10:33:55 +0800] "GET /xingrg/images/blue/navBackgound.jpg HTTP/1.1" 304 -
117.184.7.26 - - [07/Jul/2021:10:33:55 +0800] "POST /xingrg/all/common/load_tree.html?tree=area_rest_tree_json&manage=1 HTTP/1.1" 200 470
117.184.7.26 - - [07/Jul/2021:10:33:55 +0800] "GET /xingrg/all/function/internal_message.html?_=1625625235756&CODE_STATE=count HTTP/1.1" 200 11
117.184.7.26 - - [07/Jul/2021:10:33:55 +0800] "GET /xingrg/check_reg.html?_=1625625235758 HTTP/1.1" 200 22
117.184.7.26 - - [07/Jul/2021:10:33:55 +0800] "GET /xingrg/javascript/jquery_easy_ui/themes/default/images/tabs_leftarrow.png HTTP/1.1" 304 -
117.184.7.26 - - [07/Jul/2021:10:33:55 +0800] "GET /xingrg/images/blue/pingpu.png HTTP/1.1" 304 -
117.184.7.26 - - [07/Jul/2021:10:33:55 +0800] "GET /xingrg/javascript/jquery_easy_ui/themes/default/images/tabs_rightarrow.png HTTP/1.1" 304 -
117.184.7.26 - - [07/Jul/2021:10:33:55 +0800] "GET /xingrg/javascript/jquery_easy_ui/themes/default/images/panel_tool_collapse.gif HTTP/1.1" 304 -
117.184.7.26 - - [07/Jul/2021:10:33:56 +0800] "POST /xingrg/load_menu.html HTTP/1.1" 200 5138
114.84.0.231 - - [07/Jul/2021:10:33:56 +0800] "GET /favicon.ico HTTP/1.1" 404 -
58.37.225.51 - - [07/Jul/2021:10:33:56 +0800] "GET /xingrg/kc/buy/cgsh_order_operate.html?command=get_materiel&rest_code=00141&code=00101008283&supplier_code=00100007&order_time=2021-07-07 HTTP/1.1" 200 408
117.184.7.26 - - [07/Jul/2021:10:33:57 +0800] "GET /xingrg/kc/base/base_main.html HTTP/1.1" 200 12142
183.192.88.201 - - [07/Jul/2021:10:33:57 +0800] "GET /xingrg/all/function/internal_message.html?_=1625625245366&CODE_STATE=getMsg HTTP/1.1" 200 27
58.37.5.217 - - [07/Jul/2021:10:33:59 +0800] "GET /xingrg/login.html HTTP/1.1" 200 7641
221.239.195.6 - - [07/Jul/2021:10:33:59 +0800] "GET /xingrg/all/function/internal_message.html?_=1625625214010&CODE_STATE=getMsg HTTP/1.1" 200 27
58.37.5.217 - - [07/Jul/2021:10:34:02 +0800] "POST /xingrg/kc/buy/cgsh_order_operate.html HTTP/1.1" 200 37
117.184.7.26 - - [07/Jul/2021:10:34:04 +0800] "GET /xingrg/kc/base/yddb_order_list.html HTTP/1.1" 200 16751
180.169.147.146 - - [07/Jul/2021:10:34:05 +0800] "GET /xingrg/all/function/internal_message.html?_=1625625250306&CODE_STATE=getMsg HTTP/1.1" 200 27
58.37.5.217 - - [07/Jul/2021:10:34:06 +0800] "GET /favicon.ico HTTP/1.1" 404 -
58.37.225.51 - - [07/Jul/2021:10:34:06 +0800] "GET /xingrg/kc/buy/cgsh_order_operate.html?command=get_materiel&rest_code=00141&code=00101008092&supplier_code=00100007&order_time=2021-07-07 HTTP/1.1" 200 412
117.184.7.26 - - [07/Jul/2021:10:34:07 +0800] "POST /xingrg/kc/base/yddb_list_operate.html HTTP/1.1" 200 636
117.184.7.26 - - [07/Jul/2021:10:34:09 +0800] "POST /xingrg/kc/base/yddb_list_operate.html HTTP/1.1" 200 4294
58.40.7.146 - - [07/Jul/2021:10:34:10 +0800] "GET /xingrg/all/function/internal_message.html?_=1625625254990&CODE_STATE=getMsg HTTP/1.1" 200 27
117.184.7.26 - - [07/Jul/2021:10:34:10 +0800] "POST /xingrg/kc/base/yddb_list_operate.html HTTP/1.1" 200 276
117.184.7.26 - - [07/Jul/2021:10:34:11 +0800] "GET /xingrg/kc/base/yddb_order_info.html?code=482021070700047 HTTP/1.1" 200 31397
117.184.7.26 - - [07/Jul/2021:10:34:12 +0800] "GET /xingrg/dwr/interface/AjaxComOrderService.js HTTP/1.1" 200 18264
117.184.7.26 - - [07/Jul/2021:10:34:12 +0800] "GET /xingrg/dwr/interface/AjaxYddbService.js HTTP/1.1" 200 13201
117.184.7.26 - - [07/Jul/2021:10:34:12 +0800] "GET /xingrg/dwr/util.js HTTP/1.1" 304 -
117.184.7.26 - - [07/Jul/2021:10:34:12 +0800] "GET /xingrg/dwr/engine.js HTTP/1.1" 200 43631
117.184.7.26 - - [07/Jul/2021:10:34:13 +0800] "POST /xingrg/dwr/call/plaincall/AjaxYddbService.loadMaterielItems.dwr HTTP/1.1" 200 707
116.230.114.112 - - [07/Jul/2021:10:34:13 +0800] "GET /xingrg/check_reg.html?_=1625625266759 HTTP/1.1" 302 -
116.232.55.111 - - [07/Jul/2021:10:34:14 +0800] "GET /xingrg/all/function/internal_message.html?_=1625625260059&CODE_STATE=getMsg HTTP/1.1" 200 27
58.37.5.217 - - [07/Jul/2021:10:34:15 +0800] "POST /xingrg/kc/buy/cgsh_order_operate.html HTTP/1.1" 200 12681
116.230.114.112 - - [07/Jul/2021:10:34:15 +0800] "GET /xingrg/all/function/internal_message.html?_=1625625268861&CODE_STATE=getMsg HTTP/1.1" 302 -
58.37.5.217 - - [07/Jul/2021:10:34:17 +0800] "POST /xingrg/login.do HTTP/1.1" 302 -
58.37.5.217 - - [07/Jul/2021:10:34:17 +0800] "GET /xingrg/index.html?sysBaseUrl=http%3A%2F%2F180.169.147.146%3A18081%2Fxingrg%2F&costTime=96×tamp=1625625257022 HTTP/1.1" 200 17413
58.37.5.217 - - [07/Jul/2021:10:34:17 +0800] "GET /favicon.ico HTTP/1.1" 404 -
58.37.5.217 - - [07/Jul/2021:10:34:18 +0800] "POST /xingrg/all/common/load_tree.html?tree=area_rest_tree_json&manage=1 HTTP/1.1" 200 342
58.37.5.217 - - [07/Jul/2021:10:34:18 +0800] "GET /xingrg/check_reg.html?_=1625625263938 HTTP/1.1" 200 22
58.37.5.217 - - [07/Jul/2021:10:34:18 +0800] "GET /xingrg/all/function/internal_message.html?_=1625625263937&CODE_STATE=count HTTP/1.1" 200 11
58.37.5.217 - - [07/Jul/2021:10:34:18 +0800] "POST /xingrg/load_menu.html HTTP/1.1" 200 9959
116.230.117.165 - - [07/Jul/2021:10:34:18 +0800] "GET /xingrg/all/function/internal_message.html?_=1625625271885&CODE_STATE=getMsg HTTP/1.1" 200 27
117.184.7.26 - - [07/Jul/2021:10:34:19 +0800] "POST /xingrg/dwr/call/plaincall/AjaxYddbService.saveOrder.dwr HTTP/1.1" 200 78
58.37.225.51 - - [07/Jul/2021:10:34:24 +0800] "GET /xingrg/kc/buy/cgsh_order_operate.html?command=get_materiel&rest_code=00141&code=00101008033&supplier_code=00100007&order_time=2021-07-07 HTTP/1.1" 200 408
116.230.110.80 - - [07/Jul/2021:10:34:25 +0800] "GET /xingrg/all/function/internal_message.html?_=1625625269961&CODE_STATE=getMsg HTTP/1.1" 200 27
117.184.7.26 - - [07/Jul/2021:10:34:26 +0800] "POST /xingrg/dwr/call/plaincall/AjaxYddbService.objCheckOrder.dwr HTTP/1.1" 200 78
117.184.7.26 - - [07/Jul/2021:10:34:26 +0800] "GET /xingrg/kc/base/yddb_order_info.html?code=482021070700047 HTTP/1.1" 200 31516
117.184.7.26 - - [07/Jul/2021:10:34:27 +0800] "GET /xingrg/dwr/interface/AjaxYddbService.js HTTP/1.1" 200 13201
117.184.7.26 - - [07/Jul/2021:10:34:27 +0800] "GET /xingrg/dwr/interface/AjaxComOrderService.js HTTP/1.1" 200 18264
117.184.7.26 - - [07/Jul/2021:10:34:27 +0800] "GET /xingrg/dwr/engine.js HTTP/1.1" 200 43631
221.239.195.6 - - [07/Jul/2021:10:34:27 +0800] "GET /xingrg/all/function/internal_message.html?_=1625625272244&CODE_STATE=getMsg HTTP/1.1" 200 27
117.184.7.26 - - [07/Jul/2021:10:34:27 +0800] "POST /xingrg/dwr/call/plaincall/AjaxYddbService.loadMaterielItems.dwr HTTP/1.1" 200 707
222.70.176.145 - - [07/Jul/2021:10:34:27 +0800] "GET /xingrg/all/function/internal_message.html?_=1625625270252&CODE_STATE=getMsg HTTP/1.1" 200 27
221.239.195.6 - - [07/Jul/2021:10:34:28 +0800] "POST /xingrg/kc/buy/cgsh_list_operate.html HTTP/1.1" 200 5458
58.37.5.217 - - [07/Jul/2021:10:34:28 +0800] "GET /xingrg/kc/buy/cgsh_order_operate.html?command=get_materiel&rest_code=00106&code=00101008352&supplier_code=00100007&order_time=2021-07-07 HTTP/1.1" 200 412
101.85.107.54 - - [07/Jul/2021:10:34:29 +0800] "GET /xingrg/all/function/internal_message.html?_=1625624697445&CODE_STATE=getMsg HTTP/1.1" 200 27
116.224.113.155 - - [07/Jul/2021:10:34:33 +0800] "POST /xingrg/kc/buy/cgsh_list_operate.html HTTP/1.1" 200 571
116.224.113.155 - - [07/Jul/2021:10:34:34 +0800] "GET /xingrg/kc/buy/cgsh_order_info.html?code=212021070702735 HTTP/1.1" 200 62620
116.224.113.155 - - [07/Jul/2021:10:34:34 +0800] "GET /xingrg/words/20210707102424_words.js HTTP/1.1" 200 824285
58.37.225.51 - - [07/Jul/2021:10:34:34 +0800] "GET /xingrg/kc/buy/cgsh_order_operate.html?command=get_materiel&rest_code=00141&code=00101008133&supplier_code=00100007&order_time=2021-07-07 HTTP/1.1" 200 408
116.224.113.155 - - [07/Jul/2021:10:34:35 +0800] "GET /xingrg/all/function/internal_message.html?_=1625625268492&CODE_STATE=getMsg HTTP/1.1" 200 27
116.232.55.111 - - [07/Jul/2021:10:34:35 +0800] "GET /favicon.ico HTTP/1.1" 404 -
116.224.113.155 - - [07/Jul/2021:10:34:35 +0800] "GET /xingrg/javascript/easyui/themes/default/validatebox.css HTTP/1.1" 404 1104
116.224.113.155 - - [07/Jul/2021:10:34:36 +0800] "POST /xingrg/kc/buy/cgsh_order_operate.html HTTP/1.1" 200 9186
58.37.5.217 - - [07/Jul/2021:10:34:36 +0800] "GET /xingrg/check_reg.html?_=1625625279903 HTTP/1.1" 200 22
58.37.225.51 - - [07/Jul/2021:10:34:39 +0800] "GET /xingrg/check_reg.html?_=1625625204996 HTTP/1.1" 200 22
58.37.225.51 - - [07/Jul/2021:10:34:39 +0800] "GET /xingrg/all/function/internal_message.html?_=1625625204997&CODE_STATE=getMsg HTTP/1.1" 200 27
58.37.5.217 - - [07/Jul/2021:10:34:39 +0800] "GET /xingrg/kc/buy/cgsh_order_operate.html?command=get_materiel&rest_code=00106&code=00101008005&supplier_code=00100007&order_time=2021-07-07 HTTP/1.1" 200 412
58.37.5.217 - - [07/Jul/2021:10:34:40 +0800] "GET /xingrg/all/function/internal_message.html?_=1625625283858&CODE_STATE=getMsg HTTP/1.1" 200 27
116.224.113.155 - - [07/Jul/2021:10:34:41 +0800] "GET /xingrg/all/function/internal_message.html?_=1625625281969&CODE_STATE=getMsg HTTP/1.1" 200 27
116.224.113.155 - - [07/Jul/2021:10:34:41 +0800] "GET /xingrg/check_reg.html?_=1625625282554 HTTP/1.1" 200 22
58.37.5.217 - - [07/Jul/2021:10:34:42 +0800] "POST /xingrg/load_menu.html HTTP/1.1" 200 9242
58.37.225.51 - - [07/Jul/2021:10:34:43 +0800] "GET /xingrg/kc/buy/cgsh_order_operate.html?command=get_materiel&rest_code=00141&code=00101008176&supplier_code=00100007&order_time=2021-07-07 HTTP/1.1" 200 412
222.69.131.6 - - [07/Jul/2021:10:34:47 +0800] "GET /xingrg/all/function/internal_message.html?_=1625625293755&CODE_STATE=getMsg HTTP/1.1" 200 27
180.169.147.146 - - [07/Jul/2021:10:34:48 +0800] "GET /xingrg/all/function/internal_message.html?_=1625625294921&CODE_STATE=getMsg HTTP/1.1" 200 27
58.37.225.51 - - [07/Jul/2021:10:34:48 +0800] "POST /xingrg/kc/buy/cgsh_order_operate.html HTTP/1.1" 200 2065
101.83.241.165 - - [07/Jul/2021:10:34:50 +0800] "GET /xingrg/all/function/internal_message.html?_=1625625295083&CODE_STATE=getMsg HTTP/1.1" 200 27
58.37.5.217 - - [07/Jul/2021:10:34:53 +0800] "GET /xingrg/kc/buy/cgsh_order_operate.html?command=get_materiel&rest_code=00106&code=00101008271&supplier_code=00100007&order_time=2021-07-07 HTTP/1.1" 200 410
58.37.5.217 - - [07/Jul/2021:10:34:53 +0800] "GET /xingrg/all/report/report_query.html?fileName=dma/new_5.0/yingye/yy_hz.xml&rw=1600 HTTP/1.1" 200 56155
58.37.5.217 - - [07/Jul/2021:10:34:53 +0800] "GET /xingrg/dwr/interface/AjaxReportQueryService.js HTTP/1.1" 200 13203
58.37.5.217 - - [07/Jul/2021:10:34:53 +0800] "GET /xingrg/dwr/engine.js HTTP/1.1" 200 43631
58.37.5.217 - - [07/Jul/2021:10:34:53 +0800] "GET /xingrg/dwr/util.js HTTP/1.1" 200 35990
58.37.5.217 - - [07/Jul/2021:10:34:53 +0800] "POST /xingrg/dwr/call/plaincall/AjaxReportQueryService.getFixDate.dwr HTTP/1.1" 200 111
58.37.225.51 - - [07/Jul/2021:10:34:54 +0800] "GET /xingrg/kc/buy/cgsh_order_operate.html?command=get_materiel&rest_code=00141&code=00101008219&supplier_code=00100007&order_time=2021-07-07 HTTP/1.1" 200 412
58.37.5.217 - - [07/Jul/2021:10:34:54 +0800] "POST /xingrg/all/common/load_tree.html?tree=area_station_tree_json&manage=1 HTTP/1.1" 200 336
117.184.7.26 - - [07/Jul/2021:10:34:55 +0800] "GET /xingrg/all/function/internal_message.html?_=1625625295768&CODE_STATE=getMsg HTTP/1.1" 200 27
222.70.176.145 - - [07/Jul/2021:10:34:57 +0800] "GET /xingrg/logout.do HTTP/1.1" 302 -
183.192.88.201 - - [07/Jul/2021:10:34:57 +0800] "GET /xingrg/all/function/internal_message.html?_=1625625305359&CODE_STATE=getMsg HTTP/1.1" 200 27
222.70.176.145 - - [07/Jul/2021:10:34:57 +0800] "GET /xingrg/login.html?sysBaseUrl=http%3A%2F%2F180.169.147.146%3A18081%2Fxingrg%2F&costTime=8×tamp=1625625297565 HTTP/1.1" 200 7641
222.70.176.145 - - [07/Jul/2021:10:34:59 +0800] "GET /favicon.ico HTTP/1.1" 404 -
221.239.195.6 - - [07/Jul/2021:10:34:59 +0800] "GET /xingrg/all/function/internal_message.html?_=1625625273997&CODE_STATE=getMsg HTTP/1.1" 200 27
58.37.5.217 - - [07/Jul/2021:10:35:02 +0800] "POST /xingrg/dwr/call/plaincall/AjaxReportQueryService.refreshCache.dwr HTTP/1.1" 200 78
58.37.5.217 - - [07/Jul/2021:10:35:02 +0800] "GET /xingrg/kc/buy/cgsh_order_operate.html?command=get_materiel&rest_code=00106&code=00101008353&supplier_code=00100007&order_time=2021-07-07 HTTP/1.1" 200 408
58.37.5.217 - - [07/Jul/2021:10:35:02 +0800] "POST /xingrg/all/report/load_report_page.html HTTP/1.1" 200 32770
58.37.5.217 - - [07/Jul/2021:10:35:02 +0800] "GET /xingrg/servlets/image?cache=0.6081040775903156&image=px HTTP/1.1" 200 807
58.37.225.51 - - [07/Jul/2021:10:35:03 +0800] "GET /xingrg/kc/buy/cgsh_order_operate.html?command=get_materiel&rest_code=00141&code=00101008132&supplier_code=00100007&order_time=2021-07-07 HTTP/1.1" 200 408
180.169.147.146 - - [07/Jul/2021:10:35:05 +0800] "GET /xingrg/all/function/internal_message.html?_=1625625310311&CODE_STATE=getMsg HTTP/1.1" 200 27
58.37.5.217 - - [07/Jul/2021:10:35:06 +0800] "POST /xingrg/kc/buy/cgsh_order_operate.html HTTP/1.1" 200 2065
222.70.176.145 - - [07/Jul/2021:10:35:06 +0800] "POST /xingrg/login.do HTTP/1.1" 302 -
222.70.176.145 - - [07/Jul/2021:10:35:06 +0800] "GET /xingrg/index.html?sysBaseUrl=http%3A%2F%2F180.169.147.146%3A18081%2Fxingrg%2F&costTime=152×tamp=1625625306453 HTTP/1.1" 200 17413
222.70.176.145 - - [07/Jul/2021:10:35:06 +0800] "GET /favicon.ico HTTP/1.1" 404 -
222.70.176.145 - - [07/Jul/2021:10:35:06 +0800] "POST /xingrg/all/common/load_tree.html?tree=area_rest_tree_json&manage=1 HTTP/1.1" 200 470
222.70.176.145 - - [07/Jul/2021:10:35:06 +0800] "GET /xingrg/all/function/internal_message.html?_=1625625309544&CODE_STATE=count HTTP/1.1" 200 11
222.70.176.145 - - [07/Jul/2021:10:35:06 +0800] "GET /xingrg/check_reg.html?_=1625625309544 HTTP/1.1" 200 22
222.70.176.145 - - [07/Jul/2021:10:35:07 +0800] "POST /xingrg/load_menu.html HTTP/1.1" 200 9959
180.157.255.9 - - [07/Jul/2021:10:35:07 +0800] "GET /favicon.ico HTTP/1.1" 404 -
58.37.5.217 - - [07/Jul/2021:10:35:09 +0800] "POST /xingrg/dwr/call/plaincall/AjaxReportQueryService.refreshCache.dwr HTTP/1.1" 200 78
58.37.5.217 - - [07/Jul/2021:10:35:09 +0800] "POST /xingrg/all/report/load_report_page.html HTTP/1.1" 200 32770
58.37.5.217 - - [07/Jul/2021:10:35:09 +0800] "GET /xingrg/servlets/image?cache=0.6689813436544794&image=px HTTP/1.1" 200 807
58.40.7.146 - - [07/Jul/2021:10:35:10 +0800] "GET /xingrg/all/function/internal_message.html?_=1625625314978&CODE_STATE=getMsg HTTP/1.1" 200 27
58.37.5.217 - - [07/Jul/2021:10:35:12 +0800] "GET /xingrg/kc/buy/cgsh_order_operate.html?command=get_materiel&rest_code=00106&code=00101008213&supplier_code=00100007&order_time=2021-07-07 HTTP/1.1" 200 412
116.232.55.111 - - [07/Jul/2021:10:35:14 +0800] "GET /xingrg/all/function/internal_message.html?_=1625625320059&CODE_STATE=getMsg HTTP/1.1" 200 27
58.37.225.51 - - [07/Jul/2021:10:35:15 +0800] "GET /xingrg/kc/buy/cgsh_order_operate.html?command=get_materiel&rest_code=00141&code=00101008244&supplier_code=00100007&order_time=2021-07-07 HTTP/1.1" 200 410
116.230.114.112 - - [07/Jul/2021:10:35:15 +0800] "GET /xingrg/all/function/internal_message.html?_=1625625328879&CODE_STATE=getMsg HTTP/1.1" 302 -
58.37.5.217 - - [07/Jul/2021:10:35:18 +0800] "GET /xingrg/all/function/internal_message.html?_=1625625323941&CODE_STATE=getMsg HTTP/1.1" 200 27
116.230.117.165 - - [07/Jul/2021:10:35:18 +0800] "GET /xingrg/all/function/internal_message.html?_=1625625332096&CODE_STATE=getMsg HTTP/1.1" 200 27
116.235.222.38 - - [07/Jul/2021:10:35:21 +0800] "GET /xingrg/login.html HTTP/1.1" 200 7641
58.37.225.51 - - [07/Jul/2021:10:35:24 +0800] "GET /xingrg/kc/buy/cgsh_order_operate.html?command=get_materiel&rest_code=00141&code=00101008028&supplier_code=00100007&order_time=2021-07-07 HTTP/1.1" 200 412
116.230.110.80 - - [07/Jul/2021:10:35:25 +0800] "GET /xingrg/all/function/internal_message.html?_=1625625329940&CODE_STATE=getMsg HTTP/1.1" 200 27
116.235.222.38 - - [07/Jul/2021:10:35:26 +0800] "GET /favicon.ico HTTP/1.1" 404 -
221.239.195.6 - - [07/Jul/2021:10:35:27 +0800] "GET /xingrg/all/function/internal_message.html?_=1625625332249&CODE_STATE=getMsg HTTP/1.1" 200 27
116.235.222.38 - - [07/Jul/2021:10:35:27 +0800] "POST /xingrg/login.do HTTP/1.1" 302 -
116.235.222.38 - - [07/Jul/2021:10:35:28 +0800] "GET /xingrg/index.html?sysBaseUrl=http%3A%2F%2F180.169.147.146%3A18081%2Fxingrg%2F&costTime=129×tamp=1625625327785 HTTP/1.1" 200 17179
101.85.107.54 - - [07/Jul/2021:10:35:29 +0800] "GET /xingrg/check_reg.html?_=1625624757431 HTTP/1.1" 200 22
101.85.107.54 - - [07/Jul/2021:10:35:29 +0800] "GET /xingrg/all/function/internal_message.html?_=1625624757434&CODE_STATE=getMsg HTTP/1.1" 200 27
116.235.222.38 - - [07/Jul/2021:10:35:31 +0800] "POST /xingrg/all/common/load_tree.html?tree=area_rest_tree_json&manage=1 HTTP/1.1" 200 476
116.235.222.38 - - [07/Jul/2021:10:35:32 +0800] "GET /xingrg/check_reg.html?_=1625625331514 HTTP/1.1" 200 22
116.235.222.38 - - [07/Jul/2021:10:35:32 +0800] "GET /xingrg/all/function/internal_message.html?_=1625625331506&CODE_STATE=count HTTP/1.1" 200 11
116.235.222.38 - - [07/Jul/2021:10:35:33 +0800] "POST /xingrg/load_menu.html HTTP/1.1" 200 5138
116.235.222.38 - - [07/Jul/2021:10:35:33 +0800] "GET /favicon.ico HTTP/1.1" 404 -
58.37.225.51 - - [07/Jul/2021:10:35:34 +0800] "GET /xingrg/kc/buy/cgsh_order_operate.html?command=get_materiel&rest_code=00141&code=00101008396&supplier_code=00100007&order_time=2021-07-07 HTTP/1.1" 200 412
116.224.113.155 - - [07/Jul/2021:10:35:35 +0800] "GET /xingrg/all/function/internal_message.html?_=1625625328507&CODE_STATE=getMsg HTTP/1.1" 200 27
58.37.225.51 - - [07/Jul/2021:10:35:37 +0800] "POST /xingrg/kc/buy/cgsh_order_operate.html HTTP/1.1" 200 2065
58.37.225.51 - - [07/Jul/2021:10:35:39 +0800] "GET /xingrg/all/function/internal_message.html?_=1625625264974&CODE_STATE=getMsg HTTP/1.1" 200 27
58.37.5.217 - - [07/Jul/2021:10:35:40 +0800] "GET /xingrg/all/function/internal_message.html?_=1625625343831&CODE_STATE=getMsg HTTP/1.1" 200 27
116.224.113.155 - - [07/Jul/2021:10:35:41 +0800] "GET /xingrg/all/function/internal_message.html?_=1625625341946&CODE_STATE=getMsg HTTP/1.1" 200 27
58.37.225.51 - - [07/Jul/2021:10:35:43 +0800] "GET /xingrg/kc/buy/cgsh_order_operate.html?command=get_materiel&rest_code=00141&code=00101008224&supplier_code=00100007&order_time=2021-07-07 HTTP/1.1" 200 416
222.69.131.6 - - [07/Jul/2021:10:35:47 +0800] "GET /xingrg/all/function/internal_message.html?_=1625625353755&CODE_STATE=getMsg HTTP/1.1" 200 27
180.169.147.146 - - [07/Jul/2021:10:35:48 +0800] "GET /xingrg/check_reg.html?_=1625625354923 HTTP/1.1" 200 22
180.169.147.146 - - [07/Jul/2021:10:35:48 +0800] "GET /xingrg/all/function/internal_message.html?_=1625625354927&CODE_STATE=getMsg HTTP/1.1" 200 27
101.83.241.165 - - [07/Jul/2021:10:35:50 +0800] "GET /xingrg/all/function/internal_message.html?_=1625625355084&CODE_STATE=getMsg HTTP/1.1" 200 27
116.224.113.155 - - [07/Jul/2021:10:35:52 +0800] "POST /xingrg/kc/buy/cgsh_order_operate.html HTTP/1.1" 200 37
116.224.113.155 - - [07/Jul/2021:10:35:53 +0800] "POST /xingrg/kc/buy/cgsh_order_operate.html HTTP/1.1" 200 8598
221.239.195.6 - - [07/Jul/2021:10:35:55 +0800] "POST /xingrg/kc/buy/cgsh_list_operate.html HTTP/1.1" 200 5586
116.235.222.38 - - [07/Jul/2021:10:35:55 +0800] "GET /xingrg/kc/buy/buy_main.html HTTP/1.1" 200 12412
117.184.7.26 - - [07/Jul/2021:10:35:55 +0800] "GET /xingrg/all/function/internal_message.html?_=1625625355769&CODE_STATE=getMsg HTTP/1.1" 200 27
116.235.222.38 - - [07/Jul/2021:10:35:56 +0800] "GET /xingrg/css/new_ie.css HTTP/1.1" 404 1036
116.235.222.38 - - [07/Jul/2021:10:35:57 +0800] "GET /xingrg/images/yd/bt.gif HTTP/1.1" 404 1040
116.235.222.38 - - [07/Jul/2021:10:35:57 +0800] "GET /xingrg/kc/buy/cgsh_order_list.html HTTP/1.1" 200 46943
183.192.88.201 - - [07/Jul/2021:10:35:57 +0800] "GET /xingrg/all/function/internal_message.html?_=1625625365369&CODE_STATE=getMsg HTTP/1.1" 200 27
183.192.88.201 - - [07/Jul/2021:10:35:57 +0800] "GET /xingrg/check_reg.html?_=1625625365372 HTTP/1.1" 200 22
58.37.225.51 - - [07/Jul/2021:10:35:58 +0800] "GET /xingrg/kc/buy/cgsh_order_operate.html?command=get_materiel&rest_code=00141&code=00101008003&supplier_code=00100007&order_time=2021-07-07 HTTP/1.1" 200 410
221.239.195.6 - - [07/Jul/2021:10:35:59 +0800] "GET /xingrg/all/function/internal_message.html?_=1625625333992&CODE_STATE=getMsg HTTP/1.1" 200 27
58.37.5.217 - - [07/Jul/2021:10:36:02 +0800] "GET /xingrg/kc/buy/cgsh_order_operate.html?command=get_materiel&rest_code=00106&code=00101008114&supplier_code=00100007&order_time=2021-07-07 HTTP/1.1" 200 412
116.235.222.38 - - [07/Jul/2021:10:36:02 +0800] "POST /xingrg/kc/buy/cgsh_list_operate.html HTTP/1.1" 200 876
116.235.222.38 - - [07/Jul/2021:10:36:05 +0800] "GET /xingrg/kc/buy/cgsh_order_add.html HTTP/1.1" 200 62763
180.169.147.146 - - [07/Jul/2021:10:36:05 +0800] "GET /xingrg/all/function/internal_message.html?_=1625625370301&CODE_STATE=getMsg HTTP/1.1" 200 27
116.235.222.38 - - [07/Jul/2021:10:36:05 +0800] "GET /xingrg/words/20210707102424_words.js HTTP/1.1" 200 824285
116.235.222.38 - - [07/Jul/2021:10:36:06 +0800] "GET /xingrg/all/common/auto_word.html?type=employee&rest_code=00107 HTTP/1.1" 200 101
116.235.222.38 - - [07/Jul/2021:10:36:06 +0800] "GET /xingrg/javascript/easyui/themes/default/validatebox.css HTTP/1.1" 404 1104
116.235.222.38 - - [07/Jul/2021:10:36:06 +0800] "GET /xingrg/all/common/auto_word.html?type=employee&rest_code=00107 HTTP/1.1" 200 101
116.235.222.38 - - [07/Jul/2021:10:36:06 +0800] "POST /xingrg/kc/buy/cgsh_order_operate.html HTTP/1.1" 200 8245
222.70.176.145 - - [07/Jul/2021:10:36:06 +0800] "GET /xingrg/all/function/internal_message.html?_=1625625369546&CODE_STATE=getMsg HTTP/1.1" 200 27
116.235.222.38 - - [07/Jul/2021:10:36:07 +0800] "GET /xingrg/javascript/easyui/themes/default/tree.css HTTP/1.1" 404 1090
58.37.225.51 - - [07/Jul/2021:10:36:08 +0800] "GET /xingrg/kc/buy/cgsh_order_operate.html?command=get_materiel&rest_code=00141&code=00101008300&supplier_code=00100007&order_time=2021-07-07 HTTP/1.1" 200 412
116.235.222.38 - - [07/Jul/2021:10:36:08 +0800] "POST /xingrg/all/common/load_tree.html?tree=supplier_tree_json&isDelete=1 HTTP/1.1" 200 56276
58.40.7.146 - - [07/Jul/2021:10:36:10 +0800] "GET /xingrg/all/function/internal_message.html?_=1625625374981&CODE_STATE=getMsg HTTP/1.1" 200 27
180.169.147.146 - - [07/Jul/2021:10:36:10 +0800] "GET /xingrg/check_reg.html?_=1625625373507 HTTP/1.1" 200 22
58.37.5.217 - - [07/Jul/2021:10:36:13 +0800] "GET /xingrg/kc/buy/cgsh_order_operate.html?command=get_materiel&rest_code=00106&code=00101008125&supplier_code=00100007&order_time=2021-07-07 HTTP/1.1" 200 413
116.232.55.111 - - [07/Jul/2021:10:36:14 +0800] "GET /xingrg/all/function/internal_message.html?_=1625625380062&CODE_STATE=getMsg HTTP/1.1" 200 27
116.230.114.112 - - [07/Jul/2021:10:36:15 +0800] "GET /xingrg/all/function/internal_message.html?_=1625625388887&CODE_STATE=getMsg HTTP/1.1" 302 -
58.37.225.51 - - [07/Jul/2021:10:36:15 +0800] "GET /xingrg/kc/buy/cgsh_order_operate.html?command=get_materiel&rest_code=00141&code=00102012023&supplier_code=00100007&order_time=2021-07-07 HTTP/1.1" 200 416
58.37.5.217 - - [07/Jul/2021:10:36:18 +0800] "GET /xingrg/all/function/internal_message.html?_=1625625383950&CODE_STATE=getMsg HTTP/1.1" 200 27
116.230.117.165 - - [07/Jul/2021:10:36:18 +0800] "GET /xingrg/all/function/internal_message.html?_=1625625392099&CODE_STATE=getMsg HTTP/1.1" 200 27
58.37.5.217 - - [07/Jul/2021:10:36:20 +0800] "GET /xingrg/kc/buy/cgsh_order_operate.html?command=get_materiel&rest_code=00106&code=00101008312&supplier_code=00100007&order_time=2021-07-07 HTTP/1.1" 200 412
116.230.110.80 - - [07/Jul/2021:10:36:25 +0800] "GET /xingrg/all/function/internal_message.html?_=1625625389914&CODE_STATE=getMsg HTTP/1.1" 200 27
116.224.113.155 - - [07/Jul/2021:10:36:26 +0800] "POST /xingrg/kc/buy/cgsh_order_operate.html HTTP/1.1" 200 37
221.239.195.6 - - [07/Jul/2021:10:36:27 +0800] "GET /xingrg/all/function/internal_message.html?_=1625625392242&CODE_STATE=getMsg HTTP/1.1" 200 27
101.85.107.54 - - [07/Jul/2021:10:36:29 +0800] "GET /xingrg/all/function/internal_message.html?_=1625624817437&CODE_STATE=getMsg HTTP/1.1" 200 27
58.37.225.51 - - [07/Jul/2021:10:36:31 +0800] "GET /xingrg/kc/buy/cgsh_order_operate.html?command=get_materiel&rest_code=00141&code=00101008415&supplier_code=00100007&order_time=2021-07-07 HTTP/1.1" 200 398
116.235.222.38 - - [07/Jul/2021:10:36:32 +0800] "GET /xingrg/all/function/internal_message.html?_=1625625391536&CODE_STATE=getMsg HTTP/1.1" 200 27
116.224.113.155 - - [07/Jul/2021:10:36:35 +0800] "GET /xingrg/check_reg.html?_=1625625388475 HTTP/1.1" 200 22
116.224.113.155 - - [07/Jul/2021:10:36:35 +0800] "GET /xingrg/all/function/internal_message.html?_=1625625388521&CODE_STATE=getMsg HTTP/1.1" 200 27
58.37.5.217 - - [07/Jul/2021:10:36:36 +0800] "POST /xingrg/kc/buy/cgsh_order_operate.html HTTP/1.1" 200 37
58.37.225.51 - - [07/Jul/2021:10:36:39 +0800] "GET /xingrg/all/function/internal_message.html?_=1625625324960&CODE_STATE=getMsg HTTP/1.1" 200 27
58.37.5.217 - - [07/Jul/2021:10:36:39 +0800] "POST /xingrg/kc/buy/cgsh_order_operate.html HTTP/1.1" 200 17406
58.37.5.217 - - [07/Jul/2021:10:36:40 +0800] "GET /xingrg/all/function/internal_message.html?_=1625625403803&CODE_STATE=getMsg HTTP/1.1" 200 27
116.224.113.155 - - [07/Jul/2021:10:36:40 +0800] "POST /xingrg/kc/buy/cgsh_order_operate.html HTTP/1.1" 200 12
116.224.113.155 - - [07/Jul/2021:10:36:41 +0800] "GET /xingrg/all/function/internal_message.html?_=1625625401917&CODE_STATE=getMsg HTTP/1.1" 200 27
116.224.113.155 - - [07/Jul/2021:10:36:43 +0800] "GET /xingrg/kc/buy/cgsh_order_info.html?code=212021070702733 HTTP/1.1" 200 62326
116.224.113.155 - - [07/Jul/2021:10:36:43 +0800] "GET /xingrg/javascript/easyui/themes/default/validatebox.css HTTP/1.1" 404 1104
116.224.113.155 - - [07/Jul/2021:10:36:44 +0800] "POST /xingrg/kc/buy/cgsh_order_operate.html HTTP/1.1" 200 24155
58.37.225.51 - - [07/Jul/2021:10:36:44 +0800] "GET /xingrg/kc/buy/cgsh_order_operate.html?command=get_materiel&rest_code=00141&code=00101008108&supplier_code=00100007&order_time=2021-07-07 HTTP/1.1" 200 412
116.224.113.155 - - [07/Jul/2021:10:36:46 +0800] "GET /xingrg/kc/print/load_data.html?order_code=212021070702733&kc_code=cgsh&condition= HTTP/1.1" 200 8986
222.69.131.6 - - [07/Jul/2021:10:36:47 +0800] "GET /xingrg/all/function/internal_message.html?_=1625625413766&CODE_STATE=getMsg HTTP/1.1" 200 27
180.169.147.146 - - [07/Jul/2021:10:36:48 +0800] "GET /xingrg/all/function/internal_message.html?_=1625625414913&CODE_STATE=getMsg HTTP/1.1" 200 27
58.37.225.51 - - [07/Jul/2021:10:36:49 +0800] "POST /xingrg/kc/buy/cgsh_order_operate.html HTTP/1.1" 200 2065
101.83.241.165 - - [07/Jul/2021:10:36:50 +0800] "GET /xingrg/all/function/internal_message.html?_=1625625415087&CODE_STATE=getMsg HTTP/1.1" 200 27
58.37.5.217 - - [07/Jul/2021:10:36:51 +0800] "GET /xingrg/kc/buy/cgsh_order_operate.html?command=get_materiel&rest_code=00106&code=00101008176&supplier_code=00100007&order_time=2021-07-07 HTTP/1.1" 200 412
221.239.195.6 - - [07/Jul/2021:10:36:53 +0800] "GET /xingrg/javascript/jquery_easy_ui/themes/default/images/tabs_active.png HTTP/1.1" 304 -
117.184.7.26 - - [07/Jul/2021:10:36:55 +0800] "GET /xingrg/all/function/internal_message.html?_=1625625415769&CODE_STATE=getMsg HTTP/1.1" 200 27
183.192.88.201 - - [07/Jul/2021:10:36:57 +0800] "GET /xingrg/all/function/internal_message.html?_=1625625425361&CODE_STATE=getMsg HTTP/1.1" 200 27
116.224.113.155 - - [07/Jul/2021:10:36:57 +0800] "POST /xingrg/kc/buy/cgsh_list_operate.html HTTP/1.1" 200 340
116.224.113.155 - - [07/Jul/2021:10:36:58 +0800] "GET /xingrg/kc/buy/cgsh_order_info.html?code=212021070702729 HTTP/1.1" 200 62326
116.224.113.155 - - [07/Jul/2021:10:36:58 +0800] "GET /xingrg/javascript/easyui/themes/default/validatebox.css HTTP/1.1" 404 1104
116.224.113.155 - - [07/Jul/2021:10:36:59 +0800] "POST /xingrg/kc/buy/cgsh_order_operate.html HTTP/1.1" 200 3851
221.239.195.6 - - [07/Jul/2021:10:37:00 +0800] "GET /xingrg/all/function/internal_message.html?_=1625625393993&CODE_STATE=getMsg HTTP/1.1" 200 27
58.37.5.217 - - [07/Jul/2021:10:37:01 +0800] "GET /xingrg/kc/buy/cgsh_order_operate.html?command=get_materiel&rest_code=00106&code=00101008219&supplier_code=00100007&order_time=2021-07-07 HTTP/1.1" 200 412
58.37.225.51 - - [07/Jul/2021:10:37:01 +0800] "GET /xingrg/kc/buy/cgsh_order_operate.html?command=get_materiel&rest_code=00141&code=00101008213&supplier_code=00100007&order_time=2021-07-07 HTTP/1.1" 200 412
116.235.222.38 - - [07/Jul/2021:10:37:02 +0800] "GET /xingrg/javascript/auto/indicator.gif HTTP/1.1" 404 1066
180.169.147.146 - - [07/Jul/2021:10:37:05 +0800] "GET /xingrg/all/function/internal_message.html?_=1625625430341&CODE_STATE=getMsg HTTP/1.1" 200 27
180.169.147.146 - - [07/Jul/2021:10:37:05 +0800] "GET /xingrg/check_reg.html?_=1625625430347 HTTP/1.1" 200 22
116.224.113.155 - - [07/Jul/2021:10:37:06 +0800] "POST /xingrg/kc/buy/cgsh_order_operate.html HTTP/1.1" 200 37
222.70.176.145 - - [07/Jul/2021:10:37:06 +0800] "GET /xingrg/all/function/internal_message.html?_=1625625429550&CODE_STATE=getMsg HTTP/1.1" 200 27
116.235.222.38 - - [07/Jul/2021:10:37:07 +0800] "GET /xingrg/kc/buy/cgsh_order_operate.html?command=get_materiel&rest_code=00107&code=00101002027&supplier_code=00100199&order_time=2021-07-07 HTTP/1.1" 200 413
58.40.7.146 - - [07/Jul/2021:10:37:10 +0800] "GET /xingrg/all/function/internal_message.html?_=1625625434987&CODE_STATE=getMsg HTTP/1.1" 200 27
58.40.7.146 - - [07/Jul/2021:10:37:10 +0800] "GET /xingrg/check_reg.html?_=1625625434988 HTTP/1.1" 200 22
222.70.176.145 - - [07/Jul/2021:10:37:10 +0800] "GET /xingrg/kc/buy/cgsh_order_list.html HTTP/1.1" 200 46937
58.37.5.217 - - [07/Jul/2021:10:37:11 +0800] "GET /xingrg/kc/buy/cgsh_order_operate.html?command=get_materiel&rest_code=00106&code=00101008132&supplier_code=00100007&order_time=2021-07-07 HTTP/1.1" 200 408
116.232.55.111 - - [07/Jul/2021:10:37:14 +0800] "GET /xingrg/all/function/internal_message.html?_=1625625440063&CODE_STATE=getMsg HTTP/1.1" 200 27
116.232.55.111 - - [07/Jul/2021:10:37:14 +0800] "GET /xingrg/check_reg.html?_=1625625440065 HTTP/1.1" 200 22
116.224.113.155 - - [07/Jul/2021:10:37:15 +0800] "POST /xingrg/kc/buy/cgsh_order_operate.html HTTP/1.1" 200 12
116.230.114.112 - - [07/Jul/2021:10:37:15 +0800] "GET /xingrg/all/function/internal_message.html?_=1625625448906&CODE_STATE=getMsg HTTP/1.1" 302 -
58.37.225.51 - - [07/Jul/2021:10:37:15 +0800] "GET /xingrg/kc/buy/cgsh_order_operate.html?command=get_materiel&rest_code=00141&code=00101008186&supplier_code=00100007&order_time=2021-07-07 HTTP/1.1" 200 408
221.239.195.6 - - [07/Jul/2021:10:37:17 +0800] "POST /xingrg/kc/buy/cgsh_list_operate.html HTTP/1.1" 200 5068
116.224.113.155 - - [07/Jul/2021:10:37:17 +0800] "GET /xingrg/kc/buy/cgsh_order_info.html?code=212021070702729 HTTP/1.1" 200 57223
58.37.5.217 - - [07/Jul/2021:10:37:18 +0800] "GET /xingrg/all/function/internal_message.html?_=1625625443947&CODE_STATE=getMsg HTTP/1.1" 200 27
116.224.113.155 - - [07/Jul/2021:10:37:18 +0800] "GET /xingrg/javascript/easyui/themes/default/validatebox.css HTTP/1.1" 404 1104
116.230.117.165 - - [07/Jul/2021:10:37:19 +0800] "GET /xingrg/all/function/internal_message.html?_=1625625452321&CODE_STATE=getMsg HTTP/1.1" 200 27
116.224.113.155 - - [07/Jul/2021:10:37:19 +0800] "POST /xingrg/kc/buy/cgsh_order_operate.html HTTP/1.1" 200 1801
116.224.113.155 - - [07/Jul/2021:10:37:20 +0800] "GET /xingrg/kc/print/load_data.html?order_code=212021070702729&kc_code=cgsh&condition= HTTP/1.1" 200 1164
58.37.5.217 - - [07/Jul/2021:10:37:22 +0800] "GET /xingrg/kc/buy/cgsh_order_operate.html?command=get_materiel&rest_code=00106&code=00101008080&supplier_code=00100007&order_time=2021-07-07 HTTP/1.1" 200 416
116.230.110.80 - - [07/Jul/2021:10:37:25 +0800] "GET /xingrg/all/function/internal_message.html?_=1625625449887&CODE_STATE=getMsg HTTP/1.1" 200 27
58.37.225.51 - - [07/Jul/2021:10:37:25 +0800] "GET /xingrg/kc/buy/cgsh_order_operate.html?command=get_materiel&rest_code=00141&code=00101008323&supplier_code=00100007&order_time=2021-07-07 HTTP/1.1" 200 408
58.37.5.217 - - [07/Jul/2021:10:37:25 +0800] "POST /xingrg/kc/buy/cgsh_order_operate.html HTTP/1.1" 200 2065
222.70.176.145 - - [07/Jul/2021:10:37:25 +0800] "POST /xingrg/kc/buy/cgsh_list_operate.html HTTP/1.1" 200 3491
221.239.195.6 - - [07/Jul/2021:10:37:27 +0800] "GET /xingrg/all/function/internal_message.html?_=1625625452250&CODE_STATE=getMsg HTTP/1.1" 200 27
221.239.195.6 - - [07/Jul/2021:10:37:27 +0800] "GET /xingrg/check_reg.html?_=1625625452253 HTTP/1.1" 200 22
101.85.107.54 - - [07/Jul/2021:10:37:29 +0800] "GET /xingrg/all/function/internal_message.html?_=1625624877438&CODE_STATE=getMsg HTTP/1.1" 200 27
58.37.225.51 - - [07/Jul/2021:10:37:29 +0800] "POST /xingrg/kc/buy/cgsh_order_operate.html HTTP/1.1" 200 2065
116.224.113.155 - - [07/Jul/2021:10:37:31 +0800] "POST /xingrg/kc/buy/cgsh_order_operate.html HTTP/1.1" 200 37
116.235.222.38 - - [07/Jul/2021:10:37:32 +0800] "GET /xingrg/all/function/internal_message.html?_=1625625451535&CODE_STATE=getMsg HTTP/1.1" 200 27
58.37.5.217 - - [07/Jul/2021:10:37:33 +0800] "GET /xingrg/kc/buy/cgsh_order_operate.html?command=get_materiel&rest_code=00106&code=00101008244&supplier_code=00100007&order_time=2021-07-07 HTTP/1.1" 200 408
116.224.113.155 - - [07/Jul/2021:10:37:35 +0800] "GET /xingrg/all/function/internal_message.html?_=1625625448533&CODE_STATE=getMsg HTTP/1.1" 200 27
116.235.222.38 - - [07/Jul/2021:10:37:35 +0800] "GET /xingrg/kc/buy/cgsh_order_operate.html?command=get_materiel&rest_code=00107&code=00101002007&supplier_code=00100199&order_time=2021-07-07 HTTP/1.1" 200 409
58.37.225.51 - - [07/Jul/2021:10:37:35 +0800] "GET /xingrg/kc/buy/cgsh_order_operate.html?command=get_materiel&rest_code=00141&code=00101008175&supplier_code=00100007&order_time=2021-07-07 HTTP/1.1" 200 412
58.37.225.51 - - [07/Jul/2021:10:37:39 +0800] "GET /xingrg/all/function/internal_message.html?_=1625625385015&CODE_STATE=getMsg HTTP/1.1" 200 27
116.224.113.155 - - [07/Jul/2021:10:37:40 +0800] "POST /xingrg/all/user/operate.html HTTP/1.1" 200 36
58.37.5.217 - - [07/Jul/2021:10:37:40 +0800] "GET /xingrg/all/function/internal_message.html?_=1625625463837&CODE_STATE=getMsg HTTP/1.1" 200 27
116.224.113.155 - - [07/Jul/2021:10:37:40 +0800] "GET /xingrg/javascript/jquery_easy_ui/themes/default/easyui.css HTTP/1.1" 304 -
116.224.113.155 - - [07/Jul/2021:10:37:40 +0800] "GET /xingrg/index.html?sysBaseUrl=http%3A%2F%2F180.169.147.146%3A18081%2Fxingrg%2F&costTime=43×tamp=1625623184132 HTTP/1.1" 200 17179
116.224.113.155 - - [07/Jul/2021:10:37:40 +0800] "GET /xingrg/javascript/jquery_easy_ui/themes/icon.css HTTP/1.1" 304 -
116.224.113.155 - - [07/Jul/2021:10:37:40 +0800] "GET /xingrg/css/form.css HTTP/1.1" 304 -
116.224.113.155 - - [07/Jul/2021:10:37:40 +0800] "GET /xingrg/javascript/jquery-1.4.2.min.js HTTP/1.1" 304 -
116.224.113.155 - - [07/Jul/2021:10:37:41 +0800] "GET /xingrg/javascript/jquery_easy_ui/jquery.easyui.min.js HTTP/1.1" 304 -
116.224.113.155 - - [07/Jul/2021:10:37:41 +0800] "GET /xingrg/javascript/jquery_easy_ui/easyui-lang-zh_CN.js HTTP/1.1" 304 -
116.224.113.155 - - [07/Jul/2021:10:37:41 +0800] "GET /xingrg/javascript/jquery.form.js HTTP/1.1" 304 -
116.224.113.155 - - [07/Jul/2021:10:37:41 +0800] "GET /xingrg/javascript/jquery.utils.js HTTP/1.1" 304 -
116.224.113.155 - - [07/Jul/2021:10:37:41 +0800] "GET /xingrg/javascript/jquery.timers.js HTTP/1.1" 304 -
116.224.113.155 - - [07/Jul/2021:10:37:41 +0800] "GET /xingrg/images/blue/jxLogo.png HTTP/1.1" 304 -
116.224.113.155 - - [07/Jul/2021:10:37:41 +0800] "GET /xingrg/images/blue/navBackgound.jpg HTTP/1.1" 304 -
116.224.113.155 - - [07/Jul/2021:10:37:41 +0800] "GET /xingrg/javascript/jquery_easy_ui/themes/icons/settle_new.png HTTP/1.1" 304 -
116.224.113.155 - - [07/Jul/2021:10:37:41 +0800] "GET /xingrg/images/blue/pingpu.png HTTP/1.1" 304 -
116.224.113.155 - - [07/Jul/2021:10:37:41 +0800] "POST /xingrg/all/common/load_tree.html?tree=area_rest_tree_json&manage=1 HTTP/1.1" 200 476
116.224.113.155 - - [07/Jul/2021:10:37:41 +0800] "GET /xingrg/javascript/jquery_easy_ui/themes/default/images/tabs_leftarrow.png HTTP/1.1" 304 -
116.224.113.155 - - [07/Jul/2021:10:37:41 +0800] "GET /xingrg/javascript/jquery_easy_ui/themes/default/images/tabs_rightarrow.png HTTP/1.1" 304 -
116.224.113.155 - - [07/Jul/2021:10:37:41 +0800] "GET /xingrg/javascript/jquery_easy_ui/themes/default/images/panel_tool_collapse.gif HTTP/1.1" 304 -
116.224.113.155 - - [07/Jul/2021:10:37:41 +0800] "GET /xingrg/check_reg.html?_=1625625454596 HTTP/1.1" 200 22
116.224.113.155 - - [07/Jul/2021:10:37:41 +0800] "GET /xingrg/all/function/internal_message.html?_=1625625454595&CODE_STATE=count HTTP/1.1" 200 11
116.224.113.155 - - [07/Jul/2021:10:37:41 +0800] "POST /xingrg/load_menu.html HTTP/1.1" 200 5138
116.224.113.155 - - [07/Jul/2021:10:37:41 +0800] "GET /xingrg/all/function/internal_message.html?_=1625625461900&CODE_STATE=getMsg HTTP/1.1" 200 27
116.224.113.155 - - [07/Jul/2021:10:37:41 +0800] "POST /xingrg/kc/buy/cgsh_order_operate.html HTTP/1.1" 200 7979
58.37.5.217 - - [07/Jul/2021:10:37:42 +0800] "GET /xingrg/kc/buy/cgsh_order_operate.html?command=get_materiel&rest_code=00106&code=00101008351&supplier_code=00100007&order_time=2021-07-07 HTTP/1.1" 200 408
58.37.225.51 - - [07/Jul/2021:10:37:44 +0800] "GET /xingrg/kc/buy/cgsh_order_operate.html?command=get_materiel&rest_code=00141&code=00101008155&supplier_code=00100007&order_time=2021-07-07 HTTP/1.1" 200 408
116.235.222.38 - - [07/Jul/2021:10:37:45 +0800] "GET /xingrg/kc/buy/cgsh_order_operate.html?command=get_materiel&rest_code=00107&code=00101002006&supplier_code=00100199&order_time=2021-07-07 HTTP/1.1" 200 413
116.224.113.155 - - [07/Jul/2021:10:37:47 +0800] "POST /xingrg/kc/buy/cgsh_list_operate.html HTTP/1.1" 200 2088
222.69.131.6 - - [07/Jul/2021:10:37:47 +0800] "GET /xingrg/all/function/internal_message.html?_=1625625473770&CODE_STATE=getMsg HTTP/1.1" 200 27
180.169.147.146 - - [07/Jul/2021:10:37:48 +0800] "GET /xingrg/all/function/internal_message.html?_=1625625474915&CODE_STATE=getMsg HTTP/1.1" 200 27
101.83.241.165 - - [07/Jul/2021:10:37:50 +0800] "GET /xingrg/all/function/internal_message.html?_=1625625475089&CODE_STATE=getMsg HTTP/1.1" 200 27
101.83.241.165 - - [07/Jul/2021:10:37:50 +0800] "GET /xingrg/check_reg.html?_=1625625475094 HTTP/1.1" 200 22
116.224.113.155 - - [07/Jul/2021:10:37:54 +0800] "POST /xingrg/kc/buy/cgsh_list_operate.html HTTP/1.1" 200 571
116.235.222.38 - - [07/Jul/2021:10:37:54 +0800] "POST /xingrg/kc/buy/cgsh_order_operate.html HTTP/1.1" 200 37
58.37.5.217 - - [07/Jul/2021:10:37:54 +0800] "GET /xingrg/kc/buy/cgsh_order_operate.html?command=get_materiel&rest_code=00106&code=00101008067&supplier_code=00100007&order_time=2021-07-07 HTTP/1.1" 200 416
116.224.113.155 - - [07/Jul/2021:10:37:55 +0800] "GET /xingrg/kc/buy/cgsh_order_info.html?code=212021070702735 HTTP/1.1" 200 62620
116.224.113.155 - - [07/Jul/2021:10:37:55 +0800] "GET /xingrg/words/20210707102424_words.js HTTP/1.1" 304 -
116.224.113.155 - - [07/Jul/2021:10:37:55 +0800] "GET /xingrg/javascript/easyui/themes/default/validatebox.css HTTP/1.1" 404 1104
117.184.7.26 - - [07/Jul/2021:10:37:55 +0800] "GET /xingrg/all/function/internal_message.html?_=1625625475773&CODE_STATE=getMsg HTTP/1.1" 200 27
116.224.113.155 - - [07/Jul/2021:10:37:56 +0800] "POST /xingrg/kc/buy/cgsh_order_operate.html HTTP/1.1" 200 7979
58.37.225.51 - - [07/Jul/2021:10:37:56 +0800] "GET /xingrg/kc/buy/cgsh_order_operate.html?command=get_materiel&rest_code=00141&code=00101008350&supplier_code=00100007&order_time=2021-07-07 HTTP/1.1" 200 408
116.230.117.165 - - [07/Jul/2021:10:37:56 +0800] "GET /xingrg/kc/buy/cgsh_order_operate.html?command=get_materiel&rest_code=00146&code=00101004038&supplier_code=00100199&order_time=2021-07-07 HTTP/1.1" 200 431
183.192.88.201 - - [07/Jul/2021:10:37:57 +0800] "GET /xingrg/all/function/internal_message.html?_=1625625485367&CODE_STATE=getMsg HTTP/1.1" 200 27
116.224.113.155 - - [07/Jul/2021:10:37:58 +0800] "GET /xingrg/kc/buy/cgsh_order_list.html HTTP/1.1" 200 46943
221.239.195.6 - - [07/Jul/2021:10:37:59 +0800] "GET /xingrg/check_reg.html?_=1625625454002 HTTP/1.1" 200 22
221.239.195.6 - - [07/Jul/2021:10:38:00 +0800] "GET /xingrg/all/function/internal_message.html?_=1625625454005&CODE_STATE=getMsg HTTP/1.1" 200 27
116.235.222.38 - - [07/Jul/2021:10:38:00 +0800] "POST /xingrg/kc/buy/cgsh_order_operate.html HTTP/1.1" 200 3845
116.224.113.155 - - [07/Jul/2021:10:38:02 +0800] "POST /xingrg/kc/buy/cgsh_list_operate.html HTTP/1.1" 200 2088
116.235.222.38 - - [07/Jul/2021:10:38:03 +0800] "GET /xingrg/kc/buy/cgsh_order_add.html HTTP/1.1" 200 62763
116.235.222.38 - - [07/Jul/2021:10:38:03 +0800] "GET /xingrg/words/20210707102424_words.js HTTP/1.1" 304 -
116.235.222.38 - - [07/Jul/2021:10:38:04 +0800] "GET /xingrg/javascript/easyui/themes/default/validatebox.css HTTP/1.1" 404 1104
116.235.222.38 - - [07/Jul/2021:10:38:04 +0800] "POST /xingrg/kc/buy/cgsh_order_operate.html HTTP/1.1" 200 8245
58.37.225.51 - - [07/Jul/2021:10:38:05 +0800] "GET /xingrg/kc/buy/cgsh_order_operate.html?command=get_materiel&rest_code=00141&code=00101008095&supplier_code=00100007&order_time=2021-07-07 HTTP/1.1" 200 412
180.169.147.146 - - [07/Jul/2021:10:38:05 +0800] "GET /xingrg/all/function/internal_message.html?_=1625625490304&CODE_STATE=getMsg HTTP/1.1" 200 27
116.224.113.155 - - [07/Jul/2021:10:38:05 +0800] "POST /xingrg/kc/buy/cgsh_list_operate.html HTTP/1.1" 200 568
116.224.113.155 - - [07/Jul/2021:10:38:05 +0800] "GET /xingrg/kc/buy/cgsh_order_info.html?code=212021070702731 HTTP/1.1" 200 62620
116.235.222.38 - - [07/Jul/2021:10:38:06 +0800] "GET /xingrg/javascript/easyui/themes/default/tree.css HTTP/1.1" 404 1090
116.224.113.155 - - [07/Jul/2021:10:38:06 +0800] "GET /xingrg/javascript/easyui/themes/default/validatebox.css HTTP/1.1" 404 1104
116.235.222.38 - - [07/Jul/2021:10:38:06 +0800] "POST /xingrg/all/common/load_tree.html?tree=supplier_tree_json&isDelete=1 HTTP/1.1" 200 56276
222.70.176.145 - - [07/Jul/2021:10:38:06 +0800] "GET /xingrg/all/function/internal_message.html?_=1625625489559&CODE_STATE=getMsg HTTP/1.1" 200 27
116.224.113.155 - - [07/Jul/2021:10:38:07 +0800] "POST /xingrg/kc/buy/cgsh_order_operate.html HTTP/1.1" 200 33978
58.40.7.146 - - [07/Jul/2021:10:38:10 +0800] "GET /xingrg/all/function/internal_message.html?_=1625625494990&CODE_STATE=getMsg HTTP/1.1" 200 27
116.230.117.165 - - [07/Jul/2021:10:38:12 +0800] "GET /xingrg/check_reg.html?_=1625625505906 HTTP/1.1" 200 22
116.232.55.111 - - [07/Jul/2021:10:38:14 +0800] "GET /xingrg/all/function/internal_message.html?_=1625625500066&CODE_STATE=getMsg HTTP/1.1" 200 27
58.37.225.51 - - [07/Jul/2021:10:38:15 +0800] "POST /xingrg/kc/buy/cgsh_order_operate.html HTTP/1.1" 200 2065
116.230.114.112 - - [07/Jul/2021:10:38:15 +0800] "GET /xingrg/all/function/internal_message.html?_=1625625508915&CODE_STATE=getMsg HTTP/1.1" 302 -
58.37.5.217 - - [07/Jul/2021:10:38:18 +0800] "GET /xingrg/all/function/internal_message.html?_=1625625503945&CODE_STATE=getMsg HTTP/1.1" 200 27
116.230.117.165 - - [07/Jul/2021:10:38:19 +0800] "GET /xingrg/all/function/internal_message.html?_=1625625512328&CODE_STATE=getMsg HTTP/1.1" 200 27
58.37.5.217 - - [07/Jul/2021:10:38:22 +0800] "POST /xingrg/kc/buy/cgsh_order_operate.html HTTP/1.1" 200 37
116.230.110.80 - - [07/Jul/2021:10:38:22 +0800] "GET /xingrg/kc/buy/cgsh_order_operate.html?command=get_materiel&rest_code=00155&code=00101008036&supplier_code=00100005&order_time=2021-07-07 HTTP/1.1" 200 23
58.37.225.51 - - [07/Jul/2021:10:38:24 +0800] "GET /xingrg/kc/buy/cgsh_order_operate.html?command=get_materiel&rest_code=00141&code=00101008223&supplier_code=00100007&order_time=2021-07-07 HTTP/1.1" 200 412
116.224.113.155 - - [07/Jul/2021:10:38:26 +0800] "POST /xingrg/kc/buy/cgsh_order_operate.html HTTP/1.1" 200 37
116.235.222.38 - - [07/Jul/2021:10:38:26 +0800] "GET /xingrg/kc/buy/cgsh_order_operate.html?command=get_materiel&rest_code=00107&code=00101018019&supplier_code=00100041&order_time=2021-07-07 HTTP/1.1" 200 421
58.221.95.50 - - [07/Jul/2021:10:38:26 +0800] "GET /xingrg/check_reg.html?_=1625625511582 HTTP/1.1" 302 -
221.239.195.6 - - [07/Jul/2021:10:38:27 +0800] "GET /xingrg/all/function/internal_message.html?_=1625625512246&CODE_STATE=getMsg HTTP/1.1" 200 27
