58.37.5.217 - - [07/Jul/2021:10:28:17 +0800] "GET /xingrg/kc/buy/cgsh_order_operate.html?command=get_materiel&rest_code=00106&code=00101012108&supplier_code=00100032&order_time=2021-07-07 HTTP/1.1" 200 399
116.230.117.165 - - [07/Jul/2021:10:28:18 +0800] "GET /xingrg/all/function/internal_message.html?_=1625624911381&CODE_STATE=getMsg HTTP/1.1" 200 27
58.37.225.51 - - [07/Jul/2021:10:28:21 +0800] "GET /xingrg/kc/buy/cgsh_order_operate.html?command=get_materiel&rest_code=00141&code=00101012026&supplier_code=00100036&order_time=2021-07-07 HTTP/1.1" 200 408
116.230.110.80 - - [07/Jul/2021:10:28:25 +0800] "GET /xingrg/all/function/internal_message.html?_=1625624910070&CODE_STATE=getMsg HTTP/1.1" 200 27
58.221.95.50 - - [07/Jul/2021:10:28:26 +0800] "GET /xingrg/check_reg.html?_=1625624911571 HTTP/1.1" 302 -
221.239.195.6 - - [07/Jul/2021:10:28:27 +0800] "GET /xingrg/all/function/internal_message.html?_=1625624912239&CODE_STATE=getMsg HTTP/1.1" 200 27
222.70.176.145 - - [07/Jul/2021:10:28:27 +0800] "GET /xingrg/all/function/internal_message.html?_=1625624910387&CODE_STATE=getMsg HTTP/1.1" 200 27
101.85.107.54 - - [07/Jul/2021:10:28:29 +0800] "GET /xingrg/all/function/internal_message.html?_=1625624337431&CODE_STATE=getMsg HTTP/1.1" 200 27
58.37.225.51 - - [07/Jul/2021:10:28:30 +0800] "GET /xingrg/kc/buy/cgsh_order_operate.html?command=get_materiel&rest_code=00141&code=00101016105&supplier_code=00100036&order_time=2021-07-07 HTTP/1.1" 200 409
116.224.113.155 - - [07/Jul/2021:10:28:32 +0800] "GET /xingrg/all/function/internal_message.html?_=1625624906181&CODE_STATE=getMsg HTTP/1.1" 200 27
58.37.5.217 - - [07/Jul/2021:10:28:34 +0800] "GET /xingrg/kc/buy/cgsh_order_operate.html?command=get_materiel&rest_code=00106&code=00101016105&supplier_code=00100032&order_time=2021-07-07 HTTP/1.1" 200 409
116.230.110.80 - - [07/Jul/2021:10:28:38 +0800] "GET /xingrg/check_reg.html?_=1625624922877 HTTP/1.1" 200 22
58.37.225.51 - - [07/Jul/2021:10:28:39 +0800] "GET /xingrg/all/function/internal_message.html?_=1625624845038&CODE_STATE=getMsg HTTP/1.1" 200 27
116.224.113.155 - - [07/Jul/2021:10:28:41 +0800] "GET /xingrg/all/function/internal_message.html?_=1625624922093&CODE_STATE=getMsg HTTP/1.1" 200 27
58.37.5.217 - - [07/Jul/2021:10:28:43 +0800] "POST /xingrg/kc/buy/cgsh_order_operate.html HTTP/1.1" 200 37
58.37.225.51 - - [07/Jul/2021:10:28:44 +0800] "GET /xingrg/kc/buy/cgsh_order_operate.html?command=get_materiel&rest_code=00141&code=00101011007&supplier_code=00100036&order_time=2021-07-07 HTTP/1.1" 200 414
58.37.5.217 - - [07/Jul/2021:10:28:46 +0800] "POST /xingrg/kc/buy/cgsh_order_operate.html HTTP/1.1" 200 12
222.69.131.6 - - [07/Jul/2021:10:28:47 +0800] "GET /xingrg/all/function/internal_message.html?_=1625624933728&CODE_STATE=getMsg HTTP/1.1" 200 27
222.69.131.6 - - [07/Jul/2021:10:28:47 +0800] "GET /xingrg/check_reg.html?_=1625624933731 HTTP/1.1" 200 22
180.169.147.146 - - [07/Jul/2021:10:28:48 +0800] "GET /xingrg/all/function/internal_message.html?_=1625624934910&CODE_STATE=getMsg HTTP/1.1" 200 27
101.83.241.165 - - [07/Jul/2021:10:28:50 +0800] "GET /xingrg/all/function/internal_message.html?_=1625624935053&CODE_STATE=getMsg HTTP/1.1" 200 27
58.37.225.51 - - [07/Jul/2021:10:28:51 +0800] "GET /xingrg/kc/buy/cgsh_order_operate.html?command=get_materiel&rest_code=00141&code=00101016053&supplier_code=00100036&order_time=2021-07-07 HTTP/1.1" 200 408
58.37.5.217 - - [07/Jul/2021:10:28:51 +0800] "GET /xingrg/kc/buy/cgsh_order_info.html?code=212021070702773 HTTP/1.1" 200 57593
58.37.5.217 - - [07/Jul/2021:10:28:52 +0800] "GET /xingrg/javascript/easyui/themes/default/validatebox.css HTTP/1.1" 404 1104
58.37.5.217 - - [07/Jul/2021:10:28:52 +0800] "POST /xingrg/kc/buy/cgsh_order_operate.html HTTP/1.1" 200 3567
183.192.88.201 - - [07/Jul/2021:10:28:57 +0800] "GET /xingrg/all/function/internal_message.html?_=1625624945358&CODE_STATE=getMsg HTTP/1.1" 200 27
58.37.225.51 - - [07/Jul/2021:10:28:58 +0800] "GET /xingrg/kc/buy/cgsh_order_operate.html?command=get_materiel&rest_code=00141&code=00101016071&supplier_code=00100036&order_time=2021-07-07 HTTP/1.1" 200 416
221.239.195.6 - - [07/Jul/2021:10:28:59 +0800] "GET /xingrg/all/function/internal_message.html?_=1625624913999&CODE_STATE=getMsg HTTP/1.1" 200 27
58.37.5.217 - - [07/Jul/2021:10:29:00 +0800] "GET /xingrg/kc/print/load_data.html?order_code=212021070702773&kc_code=cgsh&condition= HTTP/1.1" 200 1856
221.239.195.6 - - [07/Jul/2021:10:29:03 +0800] "GET /xingrg/kc/buy/cgsh_order_list.html HTTP/1.1" 200 46937
58.37.225.51 - - [07/Jul/2021:10:29:04 +0800] "GET /xingrg/kc/buy/cgsh_order_operate.html?command=get_materiel&rest_code=00141&code=00101012025&supplier_code=00100036&order_time=2021-07-07 HTTP/1.1" 200 412
180.169.147.146 - - [07/Jul/2021:10:29:05 +0800] "GET /xingrg/all/function/internal_message.html?_=1625624950308&CODE_STATE=getMsg HTTP/1.1" 200 27
58.37.5.217 - - [07/Jul/2021:10:29:05 +0800] "GET /xingrg/kc/print/load_data.html?order_code=212021070702773&kc_code=cgsh HTTP/1.1" 200 1856
58.40.7.146 - - [07/Jul/2021:10:29:10 +0800] "GET /xingrg/all/function/internal_message.html?_=1625624954969&CODE_STATE=getMsg HTTP/1.1" 200 27
58.37.225.51 - - [07/Jul/2021:10:29:11 +0800] "GET /xingrg/kc/buy/cgsh_order_operate.html?command=get_materiel&rest_code=00141&code=00101012040&supplier_code=00100036&order_time=2021-07-07 HTTP/1.1" 200 413
116.230.114.112 - - [07/Jul/2021:10:29:13 +0800] "GET /xingrg/check_reg.html?_=1625624966749 HTTP/1.1" 302 -
116.232.55.111 - - [07/Jul/2021:10:29:14 +0800] "GET /xingrg/all/function/internal_message.html?_=1625624960043&CODE_STATE=getMsg HTTP/1.1" 200 27
116.230.114.112 - - [07/Jul/2021:10:29:15 +0800] "GET /xingrg/all/function/internal_message.html?_=1625624968793&CODE_STATE=getMsg HTTP/1.1" 302 -
116.230.117.165 - - [07/Jul/2021:10:29:18 +0800] "GET /xingrg/all/function/internal_message.html?_=1625624971395&CODE_STATE=getMsg HTTP/1.1" 200 27
58.37.225.51 - - [07/Jul/2021:10:29:18 +0800] "GET /xingrg/kc/buy/cgsh_order_operate.html?command=get_materiel&rest_code=00141&code=00101012038&supplier_code=00100036&order_time=2021-07-07 HTTP/1.1" 200 412
116.230.110.80 - - [07/Jul/2021:10:29:25 +0800] "GET /xingrg/all/function/internal_message.html?_=1625624970059&CODE_STATE=getMsg HTTP/1.1" 200 27
221.239.195.6 - - [07/Jul/2021:10:29:26 +0800] "POST /xingrg/kc/buy/cgsh_list_operate.html HTTP/1.1" 200 5211
221.239.195.6 - - [07/Jul/2021:10:29:27 +0800] "GET /xingrg/all/function/internal_message.html?_=1625624972240&CODE_STATE=getMsg HTTP/1.1" 200 27
222.70.176.145 - - [07/Jul/2021:10:29:27 +0800] "GET /xingrg/all/function/internal_message.html?_=1625624970372&CODE_STATE=getMsg HTTP/1.1" 200 27
101.85.107.54 - - [07/Jul/2021:10:29:29 +0800] "GET /xingrg/all/function/internal_message.html?_=1625624397436&CODE_STATE=getMsg HTTP/1.1" 200 27
116.224.113.155 - - [07/Jul/2021:10:29:32 +0800] "GET /xingrg/check_reg.html?_=1625624965887 HTTP/1.1" 200 22
116.224.113.155 - - [07/Jul/2021:10:29:32 +0800] "GET /xingrg/all/function/internal_message.html?_=1625624966194&CODE_STATE=getMsg HTTP/1.1" 200 27
58.37.225.51 - - [07/Jul/2021:10:29:34 +0800] "POST /xingrg/kc/buy/cgsh_order_operate.html HTTP/1.1" 200 37
58.37.5.217 - - [07/Jul/2021:10:29:36 +0800] "GET /xingrg/check_reg.html?_=1625624979932 HTTP/1.1" 200 22
58.37.5.217 - - [07/Jul/2021:10:29:38 +0800] "GET /xingrg/kc/buy/cgsh_order_add.html HTTP/1.1" 200 62681
58.37.5.217 - - [07/Jul/2021:10:29:38 +0800] "POST /xingrg/kc/buy/cgsh_order_operate.html HTTP/1.1" 200 8245
58.37.5.217 - - [07/Jul/2021:10:29:38 +0800] "GET /xingrg/javascript/easyui/themes/default/validatebox.css HTTP/1.1" 404 1104
58.37.225.51 - - [07/Jul/2021:10:29:39 +0800] "POST /xingrg/kc/buy/cgsh_order_operate.html HTTP/1.1" 200 12
58.37.5.217 - - [07/Jul/2021:10:29:39 +0800] "GET /xingrg/javascript/easyui/themes/default/tree.css HTTP/1.1" 404 1090
58.37.5.217 - - [07/Jul/2021:10:29:39 +0800] "POST /xingrg/all/common/load_tree.html?tree=supplier_tree_json&isDelete=1 HTTP/1.1" 200 56276
58.37.225.51 - - [07/Jul/2021:10:29:39 +0800] "GET /xingrg/kc/buy/cgsh_order_info.html?code=212021070702779 HTTP/1.1" 200 57591
58.37.225.51 - - [07/Jul/2021:10:29:40 +0800] "GET /xingrg/javascript/easyui/themes/default/validatebox.css HTTP/1.1" 404 1104
58.37.225.51 - - [07/Jul/2021:10:29:40 +0800] "POST /xingrg/kc/buy/cgsh_order_operate.html HTTP/1.1" 200 6498
58.37.5.217 - - [07/Jul/2021:10:29:40 +0800] "GET /xingrg/all/function/internal_message.html?_=1625624983963&CODE_STATE=getMsg HTTP/1.1" 200 27
116.224.113.155 - - [07/Jul/2021:10:29:41 +0800] "GET /xingrg/all/function/internal_message.html?_=1625624982063&CODE_STATE=getMsg HTTP/1.1" 200 27
58.37.225.51 - - [07/Jul/2021:10:29:41 +0800] "GET /xingrg/kc/print/load_data.html?order_code=212021070702779&kc_code=cgsh&condition= HTTP/1.1" 200 3008
116.224.113.155 - - [07/Jul/2021:10:29:41 +0800] "GET /xingrg/check_reg.html?_=1625624982535 HTTP/1.1" 200 22
58.37.225.51 - - [07/Jul/2021:10:29:46 +0800] "GET /xingrg/kc/buy/cgsh_order_add.html HTTP/1.1" 200 62681
58.37.225.51 - - [07/Jul/2021:10:29:46 +0800] "POST /xingrg/kc/buy/cgsh_order_operate.html HTTP/1.1" 200 8245
58.37.225.51 - - [07/Jul/2021:10:29:46 +0800] "GET /xingrg/javascript/easyui/themes/default/validatebox.css HTTP/1.1" 404 1104
58.37.5.217 - - [07/Jul/2021:10:29:46 +0800] "POST /xingrg/services/DataTransmitService HTTP/1.1" 200 501
221.239.195.6 - - [07/Jul/2021:10:29:47 +0800] "GET /xingrg/javascript/auto/indicator.gif HTTP/1.1" 404 1066
222.69.131.6 - - [07/Jul/2021:10:29:47 +0800] "GET /xingrg/all/function/internal_message.html?_=1625624993733&CODE_STATE=getMsg HTTP/1.1" 200 27
180.169.147.146 - - [07/Jul/2021:10:29:48 +0800] "GET /xingrg/all/function/internal_message.html?_=1625624994904&CODE_STATE=getMsg HTTP/1.1" 200 27
101.83.241.165 - - [07/Jul/2021:10:29:50 +0800] "GET /xingrg/all/function/internal_message.html?_=1625624995055&CODE_STATE=getMsg HTTP/1.1" 200 27
58.37.5.217 - - [07/Jul/2021:10:29:50 +0800] "POST /xingrg/services/DataTransmitService HTTP/1.1" 200 501
58.37.5.217 - - [07/Jul/2021:10:29:50 +0800] "POST /xingrg/services/DataTransmitService HTTP/1.1" 200 501
58.37.5.217 - - [07/Jul/2021:10:29:50 +0800] "POST /xingrg/services/DataTransmitService HTTP/1.1" 200 501
58.37.5.217 - - [07/Jul/2021:10:29:51 +0800] "POST /xingrg/services/DataTransmitService HTTP/1.1" 200 501
183.192.88.201 - - [07/Jul/2021:10:29:57 +0800] "GET /xingrg/all/function/internal_message.html?_=1625625005367&CODE_STATE=getMsg HTTP/1.1" 200 27
58.37.225.51 - - [07/Jul/2021:10:29:58 +0800] "GET /xingrg/kc/buy/cgsh_order_operate.html?command=get_materiel&rest_code=00141&code=00101007071&supplier_code=00100004&order_time=2021-07-07 HTTP/1.1" 200 417
221.239.195.6 - - [07/Jul/2021:10:29:59 +0800] "GET /xingrg/all/function/internal_message.html?_=1625624973989&CODE_STATE=getMsg HTTP/1.1" 200 27
221.239.195.6 - - [07/Jul/2021:10:30:00 +0800] "POST /xingrg/kc/buy/cgsh_list_operate.html HTTP/1.1" 200 5458
222.70.176.145 - - [07/Jul/2021:10:30:00 +0800] "GET /xingrg/check_reg.html?_=1625625003330 HTTP/1.1" 200 22
58.37.5.217 - - [07/Jul/2021:10:30:00 +0800] "POST /xingrg/services/DataTransmitService HTTP/1.1" 200 524
58.37.5.217 - - [07/Jul/2021:10:30:01 +0800] "POST /xingrg/services/DataTransmitService HTTP/1.1" 200 412
180.169.147.146 - - [07/Jul/2021:10:30:05 +0800] "GET /xingrg/all/function/internal_message.html?_=1625625010305&CODE_STATE=getMsg HTTP/1.1" 200 27
58.37.225.51 - - [07/Jul/2021:10:30:06 +0800] "POST /xingrg/kc/buy/cgsh_order_operate.html HTTP/1.1" 200 37
58.37.5.217 - - [07/Jul/2021:10:30:08 +0800] "POST /xingrg/services/DataTransmitService HTTP/1.1" 200 524
58.37.5.217 - - [07/Jul/2021:10:30:08 +0800] "POST /xingrg/services/DataTransmitService HTTP/1.1" 200 412
58.37.225.51 - - [07/Jul/2021:10:30:09 +0800] "POST /xingrg/kc/buy/cgsh_order_operate.html HTTP/1.1" 200 12
58.40.7.146 - - [07/Jul/2021:10:30:10 +0800] "GET /xingrg/all/function/internal_message.html?_=1625625014974&CODE_STATE=getMsg HTTP/1.1" 200 27
58.37.225.51 - - [07/Jul/2021:10:30:12 +0800] "GET /xingrg/kc/buy/cgsh_order_info.html?code=212021070702780 HTTP/1.1" 200 57589
58.37.225.51 - - [07/Jul/2021:10:30:12 +0800] "GET /xingrg/javascript/easyui/themes/default/validatebox.css HTTP/1.1" 404 1104
58.37.225.51 - - [07/Jul/2021:10:30:13 +0800] "POST /xingrg/kc/buy/cgsh_order_operate.html HTTP/1.1" 200 611
58.37.5.217 - - [07/Jul/2021:10:30:14 +0800] "GET /xingrg/kc/buy/cgsh_order_operate.html?command=get_materiel&rest_code=00106&code=00101008256&supplier_code=00100007&order_time=2021-07-07 HTTP/1.1" 200 412
116.232.55.111 - - [07/Jul/2021:10:30:14 +0800] "GET /xingrg/all/function/internal_message.html?_=1625625020046&CODE_STATE=getMsg HTTP/1.1" 200 27
116.230.114.112 - - [07/Jul/2021:10:30:15 +0800] "GET /xingrg/all/function/internal_message.html?_=1625625028811&CODE_STATE=getMsg HTTP/1.1" 302 -
116.230.117.165 - - [07/Jul/2021:10:30:18 +0800] "GET /xingrg/all/function/internal_message.html?_=1625625031613&CODE_STATE=getMsg HTTP/1.1" 200 27
58.37.5.217 - - [07/Jul/2021:10:30:19 +0800] "POST /xingrg/services/DataTransmitService HTTP/1.1" 200 524
58.37.225.51 - - [07/Jul/2021:10:30:19 +0800] "GET /xingrg/kc/print/load_data.html?order_code=212021070702780&kc_code=cgsh&condition= HTTP/1.1" 200 763
58.37.5.217 - - [07/Jul/2021:10:30:19 +0800] "POST /xingrg/services/DataTransmitService HTTP/1.1" 200 412
116.230.110.80 - - [07/Jul/2021:10:30:25 +0800] "GET /xingrg/all/function/internal_message.html?_=1625625030031&CODE_STATE=getMsg HTTP/1.1" 200 27
221.239.195.6 - - [07/Jul/2021:10:30:27 +0800] "GET /xingrg/all/function/internal_message.html?_=1625625032231&CODE_STATE=getMsg HTTP/1.1" 200 27
222.70.176.145 - - [07/Jul/2021:10:30:27 +0800] "GET /xingrg/all/function/internal_message.html?_=1625625030344&CODE_STATE=getMsg HTTP/1.1" 200 27
58.37.5.217 - - [07/Jul/2021:10:30:29 +0800] "POST /xingrg/services/DataTransmitService HTTP/1.1" 200 524
101.85.107.54 - - [07/Jul/2021:10:30:29 +0800] "GET /xingrg/all/function/internal_message.html?_=1625624457439&CODE_STATE=getMsg HTTP/1.1" 200 27
101.85.107.54 - - [07/Jul/2021:10:30:29 +0800] "GET /xingrg/check_reg.html?_=1625624457437 HTTP/1.1" 200 22
58.37.5.217 - - [07/Jul/2021:10:30:29 +0800] "POST /xingrg/services/DataTransmitService HTTP/1.1" 200 412
116.224.113.155 - - [07/Jul/2021:10:30:31 +0800] "POST /xingrg/all/user/operate.html HTTP/1.1" 200 36
116.224.113.155 - - [07/Jul/2021:10:30:31 +0800] "GET /xingrg/javascript/jquery_easy_ui/themes/default/easyui.css HTTP/1.1" 304 -
116.224.113.155 - - [07/Jul/2021:10:30:31 +0800] "GET /xingrg/index.html?sysBaseUrl=http%3A%2F%2F180.169.147.146%3A18081%2Fxingrg%2F&costTime=43×tamp=1625623184132 HTTP/1.1" 200 17179
116.224.113.155 - - [07/Jul/2021:10:30:31 +0800] "GET /xingrg/javascript/jquery_easy_ui/themes/icon.css HTTP/1.1" 304 -
116.224.113.155 - - [07/Jul/2021:10:30:31 +0800] "GET /xingrg/css/form.css HTTP/1.1" 304 -
116.224.113.155 - - [07/Jul/2021:10:30:31 +0800] "GET /xingrg/javascript/jquery-1.4.2.min.js HTTP/1.1" 304 -
116.224.113.155 - - [07/Jul/2021:10:30:31 +0800] "GET /xingrg/javascript/jquery_easy_ui/jquery.easyui.min.js HTTP/1.1" 304 -
116.224.113.155 - - [07/Jul/2021:10:30:31 +0800] "GET /xingrg/javascript/jquery_easy_ui/easyui-lang-zh_CN.js HTTP/1.1" 304 -
116.224.113.155 - - [07/Jul/2021:10:30:31 +0800] "GET /xingrg/javascript/jquery.form.js HTTP/1.1" 304 -
116.224.113.155 - - [07/Jul/2021:10:30:31 +0800] "GET /xingrg/javascript/jquery.utils.js HTTP/1.1" 304 -
116.224.113.155 - - [07/Jul/2021:10:30:31 +0800] "GET /xingrg/javascript/jquery.timers.js HTTP/1.1" 304 -
116.224.113.155 - - [07/Jul/2021:10:30:31 +0800] "GET /xingrg/images/blue/navBackgound.jpg HTTP/1.1" 304 -
116.224.113.155 - - [07/Jul/2021:10:30:31 +0800] "GET /xingrg/images/blue/jxLogo.png HTTP/1.1" 304 -
116.224.113.155 - - [07/Jul/2021:10:30:31 +0800] "GET /xingrg/javascript/jquery_easy_ui/themes/icons/settle_new.png HTTP/1.1" 304 -
116.224.113.155 - - [07/Jul/2021:10:30:31 +0800] "POST /xingrg/all/common/load_tree.html?tree=area_rest_tree_json&manage=1 HTTP/1.1" 200 476
116.224.113.155 - - [07/Jul/2021:10:30:31 +0800] "GET /xingrg/images/blue/pingpu.png HTTP/1.1" 304 -
116.224.113.155 - - [07/Jul/2021:10:30:31 +0800] "GET /xingrg/javascript/jquery_easy_ui/themes/default/images/tabs_leftarrow.png HTTP/1.1" 304 -
116.224.113.155 - - [07/Jul/2021:10:30:31 +0800] "GET /xingrg/javascript/jquery_easy_ui/themes/default/images/tabs_rightarrow.png HTTP/1.1" 304 -
116.224.113.155 - - [07/Jul/2021:10:30:31 +0800] "GET /xingrg/javascript/jquery_easy_ui/themes/default/images/panel_tool_collapse.gif HTTP/1.1" 304 -
116.224.113.155 - - [07/Jul/2021:10:30:31 +0800] "GET /xingrg/all/function/internal_message.html?_=1625625025279&CODE_STATE=count HTTP/1.1" 200 11
116.224.113.155 - - [07/Jul/2021:10:30:31 +0800] "GET /xingrg/check_reg.html?_=1625625025280 HTTP/1.1" 200 22
116.224.113.155 - - [07/Jul/2021:10:30:31 +0800] "POST /xingrg/load_menu.html HTTP/1.1" 200 5138
58.37.5.217 - - [07/Jul/2021:10:30:32 +0800] "POST /xingrg/services/DataTransmitService HTTP/1.1" 200 524
58.37.5.217 - - [07/Jul/2021:10:30:32 +0800] "POST /xingrg/services/DataTransmitService HTTP/1.1" 200 412
58.37.225.51 - - [07/Jul/2021:10:30:34 +0800] "GET /xingrg/kc/buy/cgsh_order_add.html HTTP/1.1" 200 62681
58.37.225.51 - - [07/Jul/2021:10:30:34 +0800] "POST /xingrg/kc/buy/cgsh_order_operate.html HTTP/1.1" 200 8245
58.37.225.51 - - [07/Jul/2021:10:30:34 +0800] "GET /xingrg/javascript/easyui/themes/default/validatebox.css HTTP/1.1" 404 1104
58.37.5.217 - - [07/Jul/2021:10:30:34 +0800] "POST /xingrg/services/DataTransmitService HTTP/1.1" 200 524
58.37.5.217 - - [07/Jul/2021:10:30:35 +0800] "GET /xingrg/kc/buy/cgsh_order_operate.html?command=get_materiel&rest_code=00106&code=00101008350&supplier_code=00100007&order_time=2021-07-07 HTTP/1.1" 200 408
58.37.5.217 - - [07/Jul/2021:10:30:35 +0800] "POST /xingrg/services/DataTransmitService HTTP/1.1" 200 412
58.37.5.217 - - [07/Jul/2021:10:30:36 +0800] "POST /xingrg/services/DataTransmitService HTTP/1.1" 200 524
58.37.5.217 - - [07/Jul/2021:10:30:36 +0800] "POST /xingrg/services/DataTransmitService HTTP/1.1" 200 412
58.37.5.217 - - [07/Jul/2021:10:30:37 +0800] "POST /xingrg/services/DataTransmitService HTTP/1.1" 200 524
58.37.5.217 - - [07/Jul/2021:10:30:38 +0800] "POST /xingrg/services/DataTransmitService HTTP/1.1" 200 412
58.37.5.217 - - [07/Jul/2021:10:30:38 +0800] "POST /xingrg/services/DataTransmitService HTTP/1.1" 200 524
116.224.113.155 - - [07/Jul/2021:10:30:38 +0800] "GET /xingrg/kc/buy/cgsh_order_list.html HTTP/1.1" 200 46943
58.37.5.217 - - [07/Jul/2021:10:30:38 +0800] "POST /xingrg/services/DataTransmitService HTTP/1.1" 200 412
58.37.225.51 - - [07/Jul/2021:10:30:39 +0800] "GET /xingrg/all/function/internal_message.html?_=1625624965057&CODE_STATE=getMsg HTTP/1.1" 200 27
58.37.5.217 - - [07/Jul/2021:10:30:39 +0800] "POST /xingrg/services/DataTransmitService HTTP/1.1" 200 524
58.37.5.217 - - [07/Jul/2021:10:30:40 +0800] "POST /xingrg/services/DataTransmitService HTTP/1.1" 200 412
58.37.5.217 - - [07/Jul/2021:10:30:40 +0800] "POST /xingrg/services/DataTransmitService HTTP/1.1" 200 524
221.239.195.6 - - [07/Jul/2021:10:30:40 +0800] "POST /xingrg/kc/buy/cgsh_list_operate.html HTTP/1.1" 200 5587
58.37.5.217 - - [07/Jul/2021:10:30:40 +0800] "POST /xingrg/services/DataTransmitService HTTP/1.1" 200 412
58.37.5.217 - - [07/Jul/2021:10:30:40 +0800] "GET /xingrg/all/function/internal_message.html?_=1625625043946&CODE_STATE=getMsg HTTP/1.1" 200 27
58.37.5.217 - - [07/Jul/2021:10:30:41 +0800] "POST /xingrg/services/DataTransmitService HTTP/1.1" 200 524
116.224.113.155 - - [07/Jul/2021:10:30:41 +0800] "POST /xingrg/kc/buy/cgsh_list_operate.html HTTP/1.1" 200 2088
116.224.113.155 - - [07/Jul/2021:10:30:41 +0800] "GET /xingrg/all/function/internal_message.html?_=1625625042036&CODE_STATE=getMsg HTTP/1.1" 200 27
58.37.5.217 - - [07/Jul/2021:10:30:41 +0800] "POST /xingrg/services/DataTransmitService HTTP/1.1" 200 412
58.37.5.217 - - [07/Jul/2021:10:30:41 +0800] "POST /xingrg/services/DataTransmitService HTTP/1.1" 200 524
222.70.176.145 - - [07/Jul/2021:10:30:41 +0800] "POST /xingrg/kc/buy/cgsh_list_operate.html HTTP/1.1" 200 8813
58.37.5.217 - - [07/Jul/2021:10:30:42 +0800] "POST /xingrg/services/DataTransmitService HTTP/1.1" 200 412
116.224.113.155 - - [07/Jul/2021:10:30:42 +0800] "GET /xingrg/kc/buy/cgsh_order_add.html HTTP/1.1" 200 62611
116.224.113.155 - - [07/Jul/2021:10:30:42 +0800] "GET /xingrg/words/20210707102424_words.js HTTP/1.1" 200 824285
116.224.113.155 - - [07/Jul/2021:10:30:43 +0800] "POST /xingrg/kc/buy/cgsh_order_operate.html HTTP/1.1" 200 8245
116.224.113.155 - - [07/Jul/2021:10:30:43 +0800] "GET /xingrg/javascript/easyui/themes/default/validatebox.css HTTP/1.1" 404 1104
116.224.113.155 - - [07/Jul/2021:10:30:44 +0800] "GET /xingrg/javascript/auto/indicator.gif HTTP/1.1" 404 1066
58.37.225.51 - - [07/Jul/2021:10:30:45 +0800] "GET /xingrg/kc/buy/cgsh_order_operate.html?command=get_materiel&rest_code=00141&code=00101008257&supplier_code=00100007&order_time=2021-07-07 HTTP/1.1" 200 416
222.69.131.6 - - [07/Jul/2021:10:30:47 +0800] "GET /xingrg/all/function/internal_message.html?_=1625625053733&CODE_STATE=getMsg HTTP/1.1" 200 27
180.169.147.146 - - [07/Jul/2021:10:30:48 +0800] "GET /xingrg/check_reg.html?_=1625625054914 HTTP/1.1" 200 22
180.169.147.146 - - [07/Jul/2021:10:30:48 +0800] "GET /xingrg/all/function/internal_message.html?_=1625625054910&CODE_STATE=getMsg HTTP/1.1" 200 27
101.83.241.165 - - [07/Jul/2021:10:30:50 +0800] "GET /xingrg/all/function/internal_message.html?_=1625625055057&CODE_STATE=getMsg HTTP/1.1" 200 27
58.37.5.217 - - [07/Jul/2021:10:30:50 +0800] "GET /xingrg/kc/buy/cgsh_order_operate.html?command=get_materiel&rest_code=00106&code=00101008149&supplier_code=00100007&order_time=2021-07-07 HTTP/1.1" 200 408
116.224.113.155 - - [07/Jul/2021:10:30:52 +0800] "GET /xingrg/kc/buy/cgsh_order_operate.html?command=get_materiel&rest_code=00150&code=00101001069&supplier_code=00100400&order_time=2021-07-07 HTTP/1.1" 200 409
58.37.225.51 - - [07/Jul/2021:10:30:53 +0800] "GET /xingrg/kc/buy/cgsh_order_operate.html?command=get_materiel&rest_code=00141&code=00101008354&supplier_code=00100007&order_time=2021-07-07 HTTP/1.1" 200 412
183.192.88.201 - - [07/Jul/2021:10:30:57 +0800] "GET /xingrg/check_reg.html?_=1625625065365 HTTP/1.1" 200 22
183.192.88.201 - - [07/Jul/2021:10:30:57 +0800] "GET /xingrg/all/function/internal_message.html?_=1625625065368&CODE_STATE=getMsg HTTP/1.1" 200 27
58.37.225.51 - - [07/Jul/2021:10:30:59 +0800] "GET /xingrg/kc/buy/cgsh_order_operate.html?command=get_materiel&rest_code=00141&code=00101008010&supplier_code=00100007&order_time=2021-07-07 HTTP/1.1" 200 412
221.239.195.6 - - [07/Jul/2021:10:30:59 +0800] "GET /xingrg/all/function/internal_message.html?_=1625625033992&CODE_STATE=getMsg HTTP/1.1" 200 27
116.224.113.155 - - [07/Jul/2021:10:31:03 +0800] "GET /xingrg/kc/buy/cgsh_order_operate.html?command=get_materiel&rest_code=00150&code=00101001002&supplier_code=00100400&order_time=2021-07-07 HTTP/1.1" 200 413
180.169.147.146 - - [07/Jul/2021:10:31:05 +0800] "GET /xingrg/all/function/internal_message.html?_=1625625070316&CODE_STATE=getMsg HTTP/1.1" 200 27
58.37.225.51 - - [07/Jul/2021:10:31:06 +0800] "GET /xingrg/kc/buy/cgsh_order_operate.html?command=get_materiel&rest_code=00141&code=00101008026&supplier_code=00100007&order_time=2021-07-07 HTTP/1.1" 200 409
222.70.176.145 - - [07/Jul/2021:10:31:07 +0800] "POST /xingrg/kc/buy/cgsh_list_operate.html HTTP/1.1" 200 276
58.40.7.146 - - [07/Jul/2021:10:31:10 +0800] "GET /xingrg/all/function/internal_message.html?_=1625625074979&CODE_STATE=getMsg HTTP/1.1" 200 27
58.37.5.217 - - [07/Jul/2021:10:31:10 +0800] "GET /xingrg/kc/buy/cgsh_order_operate.html?command=get_materiel&rest_code=00106&code=00101008354&supplier_code=00100007&order_time=2021-07-07 HTTP/1.1" 200 412
180.169.147.146 - - [07/Jul/2021:10:31:10 +0800] "GET /xingrg/check_reg.html?_=1625625073527 HTTP/1.1" 200 22
221.239.195.6 - - [07/Jul/2021:10:31:11 +0800] "POST /xingrg/kc/buy/cgsh_list_operate.html HTTP/1.1" 200 5460
221.239.195.6 - - [07/Jul/2021:10:31:14 +0800] "GET /xingrg/javascript/easyui/themes/default/images/button_plain_hover.png HTTP/1.1" 304 -
116.232.55.111 - - [07/Jul/2021:10:31:14 +0800] "GET /xingrg/all/function/internal_message.html?_=1625625080049&CODE_STATE=getMsg HTTP/1.1" 200 27
116.230.114.112 - - [07/Jul/2021:10:31:15 +0800] "GET /xingrg/all/function/internal_message.html?_=1625625088820&CODE_STATE=getMsg HTTP/1.1" 302 -
116.224.113.155 - - [07/Jul/2021:10:31:16 +0800] "POST /xingrg/kc/buy/cgsh_order_operate.html HTTP/1.1" 200 37
116.230.117.165 - - [07/Jul/2021:10:31:18 +0800] "GET /xingrg/all/function/internal_message.html?_=1625625091625&CODE_STATE=getMsg HTTP/1.1" 200 27
58.37.225.51 - - [07/Jul/2021:10:31:18 +0800] "GET /xingrg/kc/buy/cgsh_order_operate.html?command=get_materiel&rest_code=00141&code=00101008110&supplier_code=00100007&order_time=2021-07-07 HTTP/1.1" 200 408
58.37.5.217 - - [07/Jul/2021:10:31:20 +0800] "GET /xingrg/kc/buy/cgsh_order_operate.html?command=get_materiel&rest_code=00106&code=00101008110&supplier_code=00100007&order_time=2021-07-07 HTTP/1.1" 200 408
116.224.113.155 - - [07/Jul/2021:10:31:21 +0800] "POST /xingrg/kc/buy/cgsh_order_operate.html HTTP/1.1" 200 12
116.224.113.155 - - [07/Jul/2021:10:31:22 +0800] "GET /xingrg/kc/buy/cgsh_order_info.html?code=212021070702781 HTTP/1.1" 200 57521
116.224.113.155 - - [07/Jul/2021:10:31:22 +0800] "GET /xingrg/javascript/easyui/themes/default/validatebox.css HTTP/1.1" 404 1104
116.224.113.155 - - [07/Jul/2021:10:31:23 +0800] "POST /xingrg/kc/buy/cgsh_order_operate.html HTTP/1.1" 200 1199
116.230.110.80 - - [07/Jul/2021:10:31:25 +0800] "GET /xingrg/all/function/internal_message.html?_=1625625090023&CODE_STATE=getMsg HTTP/1.1" 200 27
116.224.113.155 - - [07/Jul/2021:10:31:25 +0800] "GET /xingrg/kc/print/load_data.html?order_code=212021070702781&kc_code=cgsh&condition= HTTP/1.1" 200 948
58.37.225.51 - - [07/Jul/2021:10:31:27 +0800] "GET /xingrg/kc/buy/cgsh_order_operate.html?command=get_materiel&rest_code=00141&code=00101008096&supplier_code=00100007&order_time=2021-07-07 HTTP/1.1" 200 412
221.239.195.6 - - [07/Jul/2021:10:31:27 +0800] "GET /xingrg/all/function/internal_message.html?_=1625625092244&CODE_STATE=getMsg HTTP/1.1" 200 27
222.70.176.145 - - [07/Jul/2021:10:31:27 +0800] "GET /xingrg/all/function/internal_message.html?_=1625625090324&CODE_STATE=getMsg HTTP/1.1" 200 27
101.85.107.54 - - [07/Jul/2021:10:31:29 +0800] "GET /xingrg/all/function/internal_message.html?_=1625624517439&CODE_STATE=getMsg HTTP/1.1" 200 27
116.224.113.155 - - [07/Jul/2021:10:31:31 +0800] "GET /xingrg/all/function/internal_message.html?_=1625625085285&CODE_STATE=getMsg HTTP/1.1" 200 27
58.37.225.51 - - [07/Jul/2021:10:31:34 +0800] "GET /xingrg/kc/buy/cgsh_order_operate.html?command=get_materiel&rest_code=00141&code=00101008038&supplier_code=00100007&order_time=2021-07-07 HTTP/1.1" 200 412
116.224.113.155 - - [07/Jul/2021:10:31:34 +0800] "POST /xingrg/all/user/operate.html HTTP/1.1" 200 36
116.224.113.155 - - [07/Jul/2021:10:31:34 +0800] "GET /xingrg/javascript/jquery_easy_ui/themes/default/easyui.css HTTP/1.1" 304 -
116.224.113.155 - - [07/Jul/2021:10:31:34 +0800] "GET /xingrg/index.html?sysBaseUrl=http%3A%2F%2F180.169.147.146%3A18081%2Fxingrg%2F&costTime=43×tamp=1625623184132 HTTP/1.1" 200 17177
116.224.113.155 - - [07/Jul/2021:10:31:34 +0800] "GET /xingrg/javascript/jquery_easy_ui/themes/icon.css HTTP/1.1" 304 -
116.224.113.155 - - [07/Jul/2021:10:31:34 +0800] "GET /xingrg/css/form.css HTTP/1.1" 304 -
116.224.113.155 - - [07/Jul/2021:10:31:34 +0800] "GET /xingrg/javascript/jquery-1.4.2.min.js HTTP/1.1" 304 -
116.224.113.155 - - [07/Jul/2021:10:31:34 +0800] "GET /xingrg/javascript/jquery_easy_ui/jquery.easyui.min.js HTTP/1.1" 304 -
116.224.113.155 - - [07/Jul/2021:10:31:34 +0800] "GET /xingrg/javascript/jquery_easy_ui/easyui-lang-zh_CN.js HTTP/1.1" 304 -
116.224.113.155 - - [07/Jul/2021:10:31:34 +0800] "GET /xingrg/javascript/jquery.form.js HTTP/1.1" 304 -
116.224.113.155 - - [07/Jul/2021:10:31:34 +0800] "GET /xingrg/javascript/jquery.utils.js HTTP/1.1" 304 -
116.224.113.155 - - [07/Jul/2021:10:31:34 +0800] "GET /xingrg/javascript/jquery.timers.js HTTP/1.1" 304 -
116.224.113.155 - - [07/Jul/2021:10:31:34 +0800] "GET /xingrg/images/blue/navBackgound.jpg HTTP/1.1" 304 -
116.224.113.155 - - [07/Jul/2021:10:31:34 +0800] "GET /xingrg/images/blue/jxLogo.png HTTP/1.1" 304 -
116.224.113.155 - - [07/Jul/2021:10:31:34 +0800] "GET /xingrg/javascript/jquery_easy_ui/themes/icons/settle_new.png HTTP/1.1" 304 -
116.224.113.155 - - [07/Jul/2021:10:31:34 +0800] "GET /xingrg/images/blue/pingpu.png HTTP/1.1" 304 -
116.224.113.155 - - [07/Jul/2021:10:31:34 +0800] "POST /xingrg/all/common/load_tree.html?tree=area_rest_tree_json&manage=1 HTTP/1.1" 200 476
116.224.113.155 - - [07/Jul/2021:10:31:34 +0800] "GET /xingrg/javascript/jquery_easy_ui/themes/default/images/tabs_leftarrow.png HTTP/1.1" 304 -
116.224.113.155 - - [07/Jul/2021:10:31:34 +0800] "GET /xingrg/javascript/jquery_easy_ui/themes/default/images/tabs_rightarrow.png HTTP/1.1" 304 -
116.224.113.155 - - [07/Jul/2021:10:31:34 +0800] "GET /xingrg/javascript/jquery_easy_ui/themes/default/images/panel_tool_collapse.gif HTTP/1.1" 304 -
116.224.113.155 - - [07/Jul/2021:10:31:35 +0800] "GET /xingrg/all/function/internal_message.html?_=1625625088459&CODE_STATE=count HTTP/1.1" 200 11
116.224.113.155 - - [07/Jul/2021:10:31:35 +0800] "GET /xingrg/check_reg.html?_=1625625088460 HTTP/1.1" 200 22
116.224.113.155 - - [07/Jul/2021:10:31:35 +0800] "POST /xingrg/load_menu.html HTTP/1.1" 200 5138
58.37.225.51 - - [07/Jul/2021:10:31:39 +0800] "GET /xingrg/all/function/internal_message.html?_=1625625025035&CODE_STATE=getMsg HTTP/1.1" 200 27
58.37.5.217 - - [07/Jul/2021:10:31:39 +0800] "GET /xingrg/kc/buy/cgsh_order_operate.html?command=get_materiel&rest_code=00106&code=00101008096&supplier_code=00100007&order_time=2021-07-07 HTTP/1.1" 200 412
58.37.5.217 - - [07/Jul/2021:10:31:40 +0800] "GET /xingrg/all/function/internal_message.html?_=1625625103921&CODE_STATE=getMsg HTTP/1.1" 200 27
116.224.113.155 - - [07/Jul/2021:10:31:41 +0800] "GET /xingrg/all/function/internal_message.html?_=1625625102031&CODE_STATE=getMsg HTTP/1.1" 200 27
58.37.225.51 - - [07/Jul/2021:10:31:44 +0800] "GET /xingrg/kc/buy/cgsh_order_operate.html?command=get_materiel&rest_code=00141&code=00101008163&supplier_code=00100007&order_time=2021-07-07 HTTP/1.1" 200 408
58.37.5.217 - - [07/Jul/2021:10:31:47 +0800] "GET /xingrg/kc/buy/cgsh_order_operate.html?command=get_materiel&rest_code=00106&code=00101008038&supplier_code=00100007&order_time=2021-07-07 HTTP/1.1" 200 412
116.224.113.155 - - [07/Jul/2021:10:31:47 +0800] "GET /xingrg/kc/buy/cgsh_order_list.html HTTP/1.1" 200 46943
222.69.131.6 - - [07/Jul/2021:10:31:47 +0800] "GET /xingrg/all/function/internal_message.html?_=1625625113731&CODE_STATE=getMsg HTTP/1.1" 200 27
180.169.147.146 - - [07/Jul/2021:10:31:48 +0800] "GET /xingrg/all/function/internal_message.html?_=1625625114914&CODE_STATE=getMsg HTTP/1.1" 200 27
101.83.241.165 - - [07/Jul/2021:10:31:50 +0800] "GET /xingrg/all/function/internal_message.html?_=1625625115059&CODE_STATE=getMsg HTTP/1.1" 200 27
221.239.195.6 - - [07/Jul/2021:10:31:50 +0800] "POST /xingrg/kc/buy/cgsh_list_operate.html HTTP/1.1" 200 350
221.239.195.6 - - [07/Jul/2021:10:31:53 +0800] "GET /xingrg/kc/buy/cgsh_order_info.html?code=212021060200483 HTTP/1.1" 200 57632
58.37.5.217 - - [07/Jul/2021:10:31:54 +0800] "GET /xingrg/kc/buy/cgsh_order_operate.html?command=get_materiel&rest_code=00106&code=00101008283&supplier_code=00100007&order_time=2021-07-07 HTTP/1.1" 200 408
221.239.195.6 - - [07/Jul/2021:10:31:54 +0800] "GET /xingrg/javascript/easyui/themes/default/validatebox.css HTTP/1.1" 404 1104
221.239.195.6 - - [07/Jul/2021:10:31:54 +0800] "POST /xingrg/kc/buy/cgsh_order_operate.html HTTP/1.1" 200 1795
58.37.225.51 - - [07/Jul/2021:10:31:55 +0800] "GET /xingrg/kc/buy/cgsh_order_operate.html?command=get_materiel&rest_code=00141&code=00101008361&supplier_code=00100007&order_time=2021-07-07 HTTP/1.1" 200 408
116.224.113.155 - - [07/Jul/2021:10:31:55 +0800] "GET /xingrg/kc/buy/cgsh_order_list.html HTTP/1.1" 200 46941
116.224.113.155 - - [07/Jul/2021:10:31:55 +0800] "GET /xingrg/css/base.css HTTP/1.1" 304 -
116.224.113.155 - - [07/Jul/2021:10:31:55 +0800] "GET /xingrg/css/site.css HTTP/1.1" 304 -
116.224.113.155 - - [07/Jul/2021:10:31:55 +0800] "GET /xingrg/javascript/easyui/themes/default/easyui.css HTTP/1.1" 304 -
116.224.113.155 - - [07/Jul/2021:10:31:55 +0800] "GET /xingrg/javascript/jquery_tools/datebox.css HTTP/1.1" 304 -
116.224.113.155 - - [07/Jul/2021:10:31:55 +0800] "GET /xingrg/javascript/easyui/themes/icon.css HTTP/1.1" 304 -
116.224.113.155 - - [07/Jul/2021:10:31:55 +0800] "GET /xingrg/javascript/auto/jquery.autocomplete.css HTTP/1.1" 304 -
116.224.113.155 - - [07/Jul/2021:10:31:55 +0800] "GET /xingrg/javascript/jquery_tools/fix.css HTTP/1.1" 304 -
116.224.113.155 - - [07/Jul/2021:10:31:55 +0800] "GET /xingrg/javascript/jquery_tools/jquery.tools.extend.js HTTP/1.1" 304 -
116.224.113.155 - - [07/Jul/2021:10:31:55 +0800] "GET /xingrg/javascript/jquery_tools/jquery.tools.hotkey.js HTTP/1.1" 304 -
116.224.113.155 - - [07/Jul/2021:10:31:55 +0800] "GET /xingrg/javascript/jquery_tools/table.css HTTP/1.1" 304 -
116.224.113.155 - - [07/Jul/2021:10:31:55 +0800] "GET /xingrg/javascript/jquery_tools/jquery.tools.min.js HTTP/1.1" 304 -
116.224.113.155 - - [07/Jul/2021:10:31:55 +0800] "GET /xingrg/javascript/jquery_tools/jquery.tools.table.js HTTP/1.1" 304 -
116.224.113.155 - - [07/Jul/2021:10:31:55 +0800] "GET /xingrg/javascript/jquery_tools/list_manager.js HTTP/1.1" 304 -
116.224.113.155 - - [07/Jul/2021:10:31:55 +0800] "GET /xingrg/javascript/auto/jquery.autocomplete.js HTTP/1.1" 304 -
116.224.113.155 - - [07/Jul/2021:10:31:55 +0800] "GET /xingrg/javascript/jquery.utils.js HTTP/1.1" 304 -
116.224.113.155 - - [07/Jul/2021:10:31:55 +0800] "GET /xingrg/javascript/easyui/easyloader.js HTTP/1.1" 304 -
116.224.113.155 - - [07/Jul/2021:10:31:55 +0800] "GET /xingrg/javascript/jquery.cookie.js HTTP/1.1" 304 -
116.224.113.155 - - [07/Jul/2021:10:31:55 +0800] "GET /xingrg/javascript/print/LodopFuncs.js HTTP/1.1" 304 -
116.224.113.155 - - [07/Jul/2021:10:31:56 +0800] "GET /xingrg/javascript/easyui/plugins/jquery.parser.js HTTP/1.1" 304 -
116.224.113.155 - - [07/Jul/2021:10:31:56 +0800] "GET /favicon.ico HTTP/1.1" 404 -
116.224.113.155 - - [07/Jul/2021:10:31:56 +0800] "GET /xingrg/kc/buy/cgsh_order_list.html HTTP/1.1" 200 46941
183.192.88.201 - - [07/Jul/2021:10:31:57 +0800] "GET /xingrg/all/function/internal_message.html?_=1625625125357&CODE_STATE=getMsg HTTP/1.1" 200 27
221.239.195.6 - - [07/Jul/2021:10:31:59 +0800] "GET /xingrg/all/function/internal_message.html?_=1625625094003&CODE_STATE=getMsg HTTP/1.1" 200 27
58.37.5.217 - - [07/Jul/2021:10:32:02 +0800] "GET /xingrg/kc/buy/cgsh_order_operate.html?command=get_materiel&rest_code=00106&code=00101008163&supplier_code=00100007&order_time=2021-07-07 HTTP/1.1" 200 408
58.37.225.51 - - [07/Jul/2021:10:32:04 +0800] "GET /xingrg/kc/buy/cgsh_order_operate.html?command=get_materiel&rest_code=00141&code=00101008148&supplier_code=00100007&order_time=2021-07-07 HTTP/1.1" 200 416
180.169.147.146 - - [07/Jul/2021:10:32:05 +0800] "GET /xingrg/check_reg.html?_=1625625130306 HTTP/1.1" 200 22
180.169.147.146 - - [07/Jul/2021:10:32:05 +0800] "GET /xingrg/all/function/internal_message.html?_=1625625130310&CODE_STATE=getMsg HTTP/1.1" 200 27
116.224.113.155 - - [07/Jul/2021:10:32:09 +0800] "GET /xingrg/css/base.css HTTP/1.1" 304 -
116.224.113.155 - - [07/Jul/2021:10:32:09 +0800] "GET /xingrg/javascript/auto/jquery.autocomplete.css HTTP/1.1" 304 -
116.224.113.155 - - [07/Jul/2021:10:32:09 +0800] "GET /xingrg/css/site.css HTTP/1.1" 304 -
116.224.113.155 - - [07/Jul/2021:10:32:09 +0800] "GET /xingrg/javascript/jquery_tools/datebox.css HTTP/1.1" 304 -
116.224.113.155 - - [07/Jul/2021:10:32:09 +0800] "GET /xingrg/javascript/easyui/themes/default/easyui.css HTTP/1.1" 304 -
116.224.113.155 - - [07/Jul/2021:10:32:09 +0800] "GET /xingrg/javascript/easyui/themes/icon.css HTTP/1.1" 304 -
116.224.113.155 - - [07/Jul/2021:10:32:09 +0800] "GET /xingrg/javascript/jquery_tools/fix.css HTTP/1.1" 304 -
116.224.113.155 - - [07/Jul/2021:10:32:09 +0800] "GET /xingrg/javascript/jquery_tools/table.css HTTP/1.1" 304 -
116.224.113.155 - - [07/Jul/2021:10:32:09 +0800] "GET /xingrg/javascript/jquery_tools/jquery.tools.extend.js HTTP/1.1" 304 -
116.224.113.155 - - [07/Jul/2021:10:32:09 +0800] "GET /xingrg/javascript/jquery_tools/jquery.tools.hotkey.js HTTP/1.1" 304 -
116.224.113.155 - - [07/Jul/2021:10:32:09 +0800] "GET /xingrg/javascript/easyui/easyloader.js HTTP/1.1" 304 -
116.224.113.155 - - [07/Jul/2021:10:32:09 +0800] "GET /xingrg/javascript/auto/jquery.autocomplete.js HTTP/1.1" 304 -
116.224.113.155 - - [07/Jul/2021:10:32:09 +0800] "GET /xingrg/javascript/jquery_tools/list_manager.js HTTP/1.1" 304 -
116.224.113.155 - - [07/Jul/2021:10:32:09 +0800] "GET /xingrg/javascript/print/LodopFuncs.js HTTP/1.1" 304 -
116.224.113.155 - - [07/Jul/2021:10:32:09 +0800] "GET /xingrg/javascript/jquery.utils.js HTTP/1.1" 304 -
116.224.113.155 - - [07/Jul/2021:10:32:09 +0800] "GET /xingrg/javascript/jquery_tools/jquery.tools.table.js HTTP/1.1" 304 -
116.224.113.155 - - [07/Jul/2021:10:32:09 +0800] "GET /xingrg/kc/buy/cgsh_order_list.html HTTP/1.1" 200 46941
116.224.113.155 - - [07/Jul/2021:10:32:09 +0800] "GET /xingrg/javascript/jquery_tools/jquery.tools.min.js HTTP/1.1" 304 -
116.224.113.155 - - [07/Jul/2021:10:32:09 +0800] "GET /xingrg/javascript/jquery.cookie.js HTTP/1.1" 304 -
116.224.113.155 - - [07/Jul/2021:10:32:09 +0800] "GET /xingrg/javascript/easyui/themes/icons/edit_add_new.png HTTP/1.1" 304 -
116.224.113.155 - - [07/Jul/2021:10:32:09 +0800] "GET /xingrg/javascript/easyui/themes/icons/cance_new.png HTTP/1.1" 304 -
116.224.113.155 - - [07/Jul/2021:10:32:09 +0800] "GET /xingrg/javascript/easyui/themes/icons/check_new.png HTTP/1.1" 304 -
116.224.113.155 - - [07/Jul/2021:10:32:09 +0800] "GET /xingrg/javascript/easyui/themes/icons/field_new.png HTTP/1.1" 304 -
116.224.113.155 - - [07/Jul/2021:10:32:09 +0800] "GET /xingrg/javascript/easyui/themes/icons/import_new.png HTTP/1.1" 304 -
116.224.113.155 - - [07/Jul/2021:10:32:09 +0800] "GET /xingrg/javascript/easyui/plugins/jquery.parser.js HTTP/1.1" 304 -
116.224.113.155 - - [07/Jul/2021:10:32:09 +0800] "GET /xingrg/images/control/ajaxLoader.gif HTTP/1.1" 304 -
117.184.7.26 - - [07/Jul/2021:10:32:09 +0800] "GET /xingrg/login.html HTTP/1.1" 200 7641
58.40.7.146 - - [07/Jul/2021:10:32:10 +0800] "GET /xingrg/all/function/internal_message.html?_=1625625134982&CODE_STATE=getMsg HTTP/1.1" 200 27
58.40.7.146 - - [07/Jul/2021:10:32:10 +0800] "GET /xingrg/check_reg.html?_=1625625134984 HTTP/1.1" 200 22
58.37.225.51 - - [07/Jul/2021:10:32:10 +0800] "GET /xingrg/kc/buy/cgsh_order_operate.html?command=get_materiel&rest_code=00141&code=00101008264&supplier_code=00100007&order_time=2021-07-07 HTTP/1.1" 200 412
117.184.7.26 - - [07/Jul/2021:10:32:12 +0800] "GET /favicon.ico HTTP/1.1" 404 -
116.232.55.111 - - [07/Jul/2021:10:32:14 +0800] "GET /xingrg/all/function/internal_message.html?_=1625625140051&CODE_STATE=getMsg HTTP/1.1" 200 27
116.232.55.111 - - [07/Jul/2021:10:32:14 +0800] "GET /xingrg/check_reg.html?_=1625625140052 HTTP/1.1" 200 22
116.230.114.112 - - [07/Jul/2021:10:32:15 +0800] "GET /xingrg/all/function/internal_message.html?_=1625625148839&CODE_STATE=getMsg HTTP/1.1" 302 -
58.37.5.217 - - [07/Jul/2021:10:32:18 +0800] "GET /xingrg/kc/buy/cgsh_order_operate.html?command=get_materiel&rest_code=00106&code=00101008361&supplier_code=00100007&order_time=2021-07-07 HTTP/1.1" 200 410
58.37.225.51 - - [07/Jul/2021:10:32:18 +0800] "GET /xingrg/kc/buy/cgsh_order_operate.html?command=get_materiel&rest_code=00141&code=00101008356&supplier_code=00100007&order_time=2021-07-07 HTTP/1.1" 200 408
116.230.117.165 - - [07/Jul/2021:10:32:18 +0800] "GET /xingrg/all/function/internal_message.html?_=1625625151858&CODE_STATE=getMsg HTTP/1.1" 200 27
116.230.110.80 - - [07/Jul/2021:10:32:25 +0800] "GET /xingrg/all/function/internal_message.html?_=1625625150003&CODE_STATE=getMsg HTTP/1.1" 200 27
58.37.225.51 - - [07/Jul/2021:10:32:26 +0800] "GET /xingrg/kc/buy/cgsh_order_operate.html?command=get_materiel&rest_code=00141&code=00101008137&supplier_code=00100007&order_time=2021-07-07 HTTP/1.1" 200 408
221.239.195.6 - - [07/Jul/2021:10:32:27 +0800] "GET /xingrg/check_reg.html?_=1625625152254 HTTP/1.1" 200 22
221.239.195.6 - - [07/Jul/2021:10:32:27 +0800] "GET /xingrg/all/function/internal_message.html?_=1625625152256&CODE_STATE=getMsg HTTP/1.1" 200 27
222.70.176.145 - - [07/Jul/2021:10:32:27 +0800] "GET /xingrg/all/function/internal_message.html?_=1625625150292&CODE_STATE=getMsg HTTP/1.1" 200 27
101.85.107.54 - - [07/Jul/2021:10:32:29 +0800] "GET /xingrg/all/function/internal_message.html?_=1625624577440&CODE_STATE=getMsg HTTP/1.1" 200 27
222.70.176.145 - - [07/Jul/2021:10:32:31 +0800] "POST /xingrg/kc/buy/cgsh_list_operate.html HTTP/1.1" 200 4
116.224.113.155 - - [07/Jul/2021:10:32:31 +0800] "POST /xingrg/kc/buy/cgsh_list_operate.html HTTP/1.1" 200 2088
116.224.113.155 - - [07/Jul/2021:10:32:32 +0800] "POST /xingrg/kc/buy/cgsh_list_operate.html HTTP/1.1" 200 2049
116.224.113.155 - - [07/Jul/2021:10:32:32 +0800] "POST /xingrg/kc/buy/cgsh_list_operate.html HTTP/1.1" 200 2049
58.37.225.51 - - [07/Jul/2021:10:32:32 +0800] "GET /xingrg/kc/buy/cgsh_order_operate.html?command=get_materiel&rest_code=00141&code=00101008357&supplier_code=00100007&order_time=2021-07-07 HTTP/1.1" 200 408
221.239.195.6 - - [07/Jul/2021:10:32:32 +0800] "POST /xingrg/kc/buy/cgsh_list_operate.html HTTP/1.1" 200 5460
116.224.113.155 - - [07/Jul/2021:10:32:33 +0800] "POST /xingrg/kc/buy/cgsh_list_operate.html HTTP/1.1" 200 2049
58.37.5.217 - - [07/Jul/2021:10:32:34 +0800] "GET /xingrg/kc/buy/cgsh_order_operate.html?command=get_materiel&rest_code=00106&code=00101008004&supplier_code=00100007&order_time=2021-07-07 HTTP/1.1" 200 416
116.224.113.155 - - [07/Jul/2021:10:32:35 +0800] "GET /xingrg/all/function/internal_message.html?_=1625625148466&CODE_STATE=getMsg HTTP/1.1" 200 27
222.70.176.145 - - [07/Jul/2021:10:32:36 +0800] "POST /xingrg/kc/buy/cgsh_list_operate.html HTTP/1.1" 200 2411
116.230.110.80 - - [07/Jul/2021:10:32:37 +0800] "POST /xingrg/services/DataTransmitService HTTP/1.1" 200 524
116.230.110.80 - - [07/Jul/2021:10:32:37 +0800] "POST /xingrg/services/DataTransmitService HTTP/1.1" 200 501
116.224.113.155 - - [07/Jul/2021:10:32:38 +0800] "POST /xingrg/kc/buy/cgsh_list_operate.html HTTP/1.1" 200 556
116.230.110.80 - - [07/Jul/2021:10:32:38 +0800] "POST /xingrg/services/DataTransmitService HTTP/1.1" 200 524
116.224.113.155 - - [07/Jul/2021:10:32:38 +0800] "GET /xingrg/kc/buy/cgsh_order_info.html?code=212021070702733 HTTP/1.1" 200 62326
116.230.110.80 - - [07/Jul/2021:10:32:38 +0800] "POST /xingrg/services/DataTransmitService HTTP/1.1" 200 501
58.37.225.51 - - [07/Jul/2021:10:32:38 +0800] "GET /xingrg/kc/buy/cgsh_order_operate.html?command=get_materiel&rest_code=00141&code=00101008069&supplier_code=00100007&order_time=2021-07-07 HTTP/1.1" 200 412
116.224.113.155 - - [07/Jul/2021:10:32:38 +0800] "GET /xingrg/all/common/auto_word.html?type=employee&rest_code=00151 HTTP/1.1" 200 243
116.224.113.155 - - [07/Jul/2021:10:32:38 +0800] "GET /xingrg/all/common/auto_word.html?type=employee&rest_code=00151 HTTP/1.1" 200 243
116.224.113.155 - - [07/Jul/2021:10:32:38 +0800] "GET /xingrg/javascript/easyui/themes/default/validatebox.css HTTP/1.1" 404 1104
58.37.225.51 - - [07/Jul/2021:10:32:39 +0800] "GET /xingrg/all/function/internal_message.html?_=1625625085058&CODE_STATE=getMsg HTTP/1.1" 200 27
116.224.113.155 - - [07/Jul/2021:10:32:39 +0800] "POST /xingrg/kc/buy/cgsh_order_operate.html HTTP/1.1" 200 24155
116.230.110.80 - - [07/Jul/2021:10:32:39 +0800] "POST /xingrg/services/DataTransmitService HTTP/1.1" 200 524
58.37.5.217 - - [07/Jul/2021:10:32:40 +0800] "GET /xingrg/kc/buy/cgsh_order_operate.html?command=get_materiel&rest_code=00106&code=00101008264&supplier_code=00100007&order_time=2021-07-07 HTTP/1.1" 200 412
58.37.5.217 - - [07/Jul/2021:10:32:40 +0800] "GET /xingrg/all/function/internal_message.html?_=1625625163917&CODE_STATE=getMsg HTTP/1.1" 200 27
116.224.113.155 - - [07/Jul/2021:10:32:41 +0800] "GET /xingrg/all/function/internal_message.html?_=1625625162022&CODE_STATE=getMsg HTTP/1.1" 200 27
58.37.225.51 - - [07/Jul/2021:10:32:45 +0800] "GET /xingrg/kc/buy/cgsh_order_operate.html?command=get_materiel&rest_code=00141&code=00101008286&supplier_code=00100007&order_time=2021-07-07 HTTP/1.1" 200 408
222.70.176.145 - - [07/Jul/2021:10:32:47 +0800] "POST /xingrg/kc/buy/cgsh_list_operate.html HTTP/1.1" 200 4
222.69.131.6 - - [07/Jul/2021:10:32:47 +0800] "GET /xingrg/all/function/internal_message.html?_=1625625173731&CODE_STATE=getMsg HTTP/1.1" 200 27
116.230.110.80 - - [07/Jul/2021:10:32:48 +0800] "POST /xingrg/services/DataTransmitService HTTP/1.1" 200 501
116.230.110.80 - - [07/Jul/2021:10:32:48 +0800] "POST /xingrg/services/DataTransmitService HTTP/1.1" 200 501
180.169.147.146 - - [07/Jul/2021:10:32:48 +0800] "GET /xingrg/all/function/internal_message.html?_=1625625174915&CODE_STATE=getMsg HTTP/1.1" 200 27
116.230.110.80 - - [07/Jul/2021:10:32:49 +0800] "POST /xingrg/services/DataTransmitService HTTP/1.1" 200 501
222.70.176.145 - - [07/Jul/2021:10:32:49 +0800] "POST /xingrg/kc/buy/cgsh_list_operate.html HTTP/1.1" 200 876
101.83.241.165 - - [07/Jul/2021:10:32:50 +0800] "GET /xingrg/all/function/internal_message.html?_=1625625175088&CODE_STATE=getMsg HTTP/1.1" 200 27
101.83.241.165 - - [07/Jul/2021:10:32:50 +0800] "GET /xingrg/check_reg.html?_=1625625175091 HTTP/1.1" 200 22
116.230.110.80 - - [07/Jul/2021:10:32:50 +0800] "POST /xingrg/services/DataTransmitService HTTP/1.1" 200 501
58.37.5.217 - - [07/Jul/2021:10:32:51 +0800] "GET /xingrg/kc/buy/cgsh_order_operate.html?command=get_materiel&rest_code=00106&code=00101008356&supplier_code=00100007&order_time=2021-07-07 HTTP/1.1" 200 408
116.230.110.80 - - [07/Jul/2021:10:32:51 +0800] "POST /xingrg/services/DataTransmitService HTTP/1.1" 200 501
116.230.110.80 - - [07/Jul/2021:10:32:51 +0800] "POST /xingrg/services/DataTransmitService HTTP/1.1" 200 501
116.230.110.80 - - [07/Jul/2021:10:32:52 +0800] "POST /xingrg/services/DataTransmitService HTTP/1.1" 200 501
58.37.225.51 - - [07/Jul/2021:10:32:52 +0800] "GET /xingrg/kc/buy/cgsh_order_operate.html?command=get_materiel&rest_code=00141&code=00101008036&supplier_code=00100007&order_time=2021-07-07 HTTP/1.1" 200 408
116.230.110.80 - - [07/Jul/2021:10:32:52 +0800] "POST /xingrg/services/DataTransmitService HTTP/1.1" 200 501
116.230.110.80 - - [07/Jul/2021:10:32:52 +0800] "POST /xingrg/services/DataTransmitService HTTP/1.1" 200 501
116.230.110.80 - - [07/Jul/2021:10:32:52 +0800] "POST /xingrg/services/DataTransmitService HTTP/1.1" 200 412
183.192.88.201 - - [07/Jul/2021:10:32:57 +0800] "GET /xingrg/all/function/internal_message.html?_=1625625185370&CODE_STATE=getMsg HTTP/1.1" 200 27
58.37.225.51 - - [07/Jul/2021:10:32:58 +0800] "GET /xingrg/kc/buy/cgsh_order_operate.html?command=get_materiel&rest_code=00141&code=00101008131&supplier_code=00100007&order_time=2021-07-07 HTTP/1.1" 200 408
221.239.195.6 - - [07/Jul/2021:10:32:59 +0800] "GET /xingrg/check_reg.html?_=1625625153992 HTTP/1.1" 200 22
221.239.195.6 - - [07/Jul/2021:10:32:59 +0800] "GET /xingrg/all/function/internal_message.html?_=1625625153995&CODE_STATE=getMsg HTTP/1.1" 200 27
180.169.147.146 - - [07/Jul/2021:10:33:05 +0800] "GET /xingrg/all/function/internal_message.html?_=1625625190316&CODE_STATE=getMsg HTTP/1.1" 200 27
58.37.225.51 - - [07/Jul/2021:10:33:06 +0800] "GET /xingrg/kc/buy/cgsh_order_operate.html?command=get_materiel&rest_code=00141&code=00101008318&supplier_code=00100007&order_time=2021-07-07 HTTP/1.1" 200 408
58.37.225.51 - - [07/Jul/2021:10:33:08 +0800] "POST /xingrg/kc/buy/cgsh_order_operate.html HTTP/1.1" 200 2065
58.40.7.146 - - [07/Jul/2021:10:33:10 +0800] "GET /xingrg/all/function/internal_message.html?_=1625625194986&CODE_STATE=getMsg HTTP/1.1" 200 27
116.230.117.165 - - [07/Jul/2021:10:33:12 +0800] "GET /xingrg/check_reg.html?_=1625625205881 HTTP/1.1" 200 22
58.37.225.51 - - [07/Jul/2021:10:33:13 +0800] "GET /xingrg/kc/buy/cgsh_order_operate.html?command=get_materiel&rest_code=00141&code=00101008352&supplier_code=00100007&order_time=2021-07-07 HTTP/1.1" 200 414
116.232.55.111 - - [07/Jul/2021:10:33:14 +0800] "GET /xingrg/all/function/internal_message.html?_=1625625200053&CODE_STATE=getMsg HTTP/1.1" 200 27
116.230.114.112 - - [07/Jul/2021:10:33:15 +0800] "GET /xingrg/all/function/internal_message.html?_=1625625208848&CODE_STATE=getMsg HTTP/1.1" 302 -
116.230.117.165 - - [07/Jul/2021:10:33:18 +0800] "GET /xingrg/all/function/internal_message.html?_=1625625211872&CODE_STATE=getMsg HTTP/1.1" 200 27
58.37.5.217 - - [07/Jul/2021:10:33:19 +0800] "GET /xingrg/kc/buy/cgsh_order_operate.html?command=get_materiel&rest_code=00106&code=00101008439&supplier_code=00100007&order_time=2021-07-07 HTTP/1.1" 200 399
58.37.225.51 - - [07/Jul/2021:10:33:20 +0800] "GET /xingrg/kc/buy/cgsh_order_operate.html?command=get_materiel&rest_code=00141&code=00101008098&supplier_code=00100007&order_time=2021-07-07 HTTP/1.1" 200 412
116.230.110.80 - - [07/Jul/2021:10:33:25 +0800] "GET /xingrg/all/function/internal_message.html?_=1625625209978&CODE_STATE=getMsg HTTP/1.1" 200 27
58.37.5.217 - - [07/Jul/2021:10:33:26 +0800] "GET /xingrg/kc/buy/cgsh_order_operate.html?command=get_materiel&rest_code=00106&code=00101008069&supplier_code=00100007&order_time=2021-07-07 HTTP/1.1" 200 412
58.221.95.50 - - [07/Jul/2021:10:33:26 +0800] "GET /xingrg/check_reg.html?_=1625625211551 HTTP/1.1" 302 -
