116.230.110.80 - - [07/Jul/2021:09:39:02 +0800] "GET /xingrg/kc/buy/cgsh_order_operate.html?command=get_materiel&rest_code=00155&code=00101008185&supplier_code=00100005&order_time=2021-07-07 HTTP/1.1" 200 410
180.169.147.146 - - [07/Jul/2021:09:39:05 +0800] "GET /xingrg/all/function/internal_message.html?_=1625621950310&CODE_STATE=getMsg HTTP/1.1" 200 27
116.224.113.155 - - [07/Jul/2021:09:39:07 +0800] "GET /xingrg/kc/buy/cgsh_order_operate.html?command=get_materiel&rest_code=00150&code=00101009062&supplier_code=00100424&order_time=2021-07-07 HTTP/1.1" 200 412
116.230.117.165 - - [07/Jul/2021:09:39:13 +0800] "GET /xingrg/all/function/internal_message.html?_=1625621966739&CODE_STATE=getMsg HTTP/1.1" 200 27
116.230.114.112 - - [07/Jul/2021:09:39:13 +0800] "GET /xingrg/check_reg.html?_=1625621966667 HTTP/1.1" 302 -
116.232.55.111 - - [07/Jul/2021:09:39:14 +0800] "GET /xingrg/all/function/internal_message.html?_=1625621959921&CODE_STATE=getMsg HTTP/1.1" 200 27
116.230.114.112 - - [07/Jul/2021:09:39:15 +0800] "GET /xingrg/all/function/internal_message.html?_=1625621968114&CODE_STATE=getMsg HTTP/1.1" 302 -
116.224.113.155 - - [07/Jul/2021:09:39:17 +0800] "GET /xingrg/all/function/internal_message.html?_=1625621951179&CODE_STATE=getMsg HTTP/1.1" 200 27
116.224.113.155 - - [07/Jul/2021:09:39:17 +0800] "GET /xingrg/kc/buy/cgsh_order_operate.html?command=get_materiel&rest_code=00150&code=00101009041&supplier_code=00100424&order_time=2021-07-07 HTTP/1.1" 200 408
116.230.110.80 - - [07/Jul/2021:09:39:24 +0800] "GET /xingrg/kc/buy/cgsh_order_operate.html?command=get_materiel&rest_code=00155&code=00101008096&supplier_code=00100005&order_time=2021-07-07 HTTP/1.1" 200 412
116.224.113.155 - - [07/Jul/2021:09:39:25 +0800] "GET /xingrg/kc/buy/cgsh_order_operate.html?command=get_materiel&rest_code=00150&code=00101009039&supplier_code=00100424&order_time=2021-07-07 HTTP/1.1" 200 408
116.230.110.80 - - [07/Jul/2021:09:39:25 +0800] "GET /xingrg/all/function/internal_message.html?_=1625621968463&CODE_STATE=getMsg HTTP/1.1" 200 27
222.70.176.145 - - [07/Jul/2021:09:39:28 +0800] "GET /xingrg/all/function/internal_message.html?_=1625621971175&CODE_STATE=getMsg HTTP/1.1" 200 27
101.85.107.54 - - [07/Jul/2021:09:39:29 +0800] "GET /xingrg/all/function/internal_message.html?_=1625621397355&CODE_STATE=getMsg HTTP/1.1" 200 27
116.224.113.155 - - [07/Jul/2021:09:39:32 +0800] "GET /xingrg/kc/buy/cgsh_order_operate.html?command=get_materiel&rest_code=00150&code=00101009016&supplier_code=00100424&order_time=2021-07-07 HTTP/1.1" 200 412
101.85.107.54 - - [07/Jul/2021:09:39:32 +0800] "POST /xingrg/kc/buy/cgsh_list_operate.html HTTP/1.1" 200 876
120.253.135.82 - - [07/Jul/2021:09:39:34 +0800] "GET /xingrg/all/function/internal_message.html?_=1625621761593&CODE_STATE=getMsg HTTP/1.1" 200 27
101.85.107.54 - - [07/Jul/2021:09:39:34 +0800] "GET /xingrg/kc/buy/cgsh_order_add.html HTTP/1.1" 200 61794
101.85.107.54 - - [07/Jul/2021:09:39:34 +0800] "POST /xingrg/kc/buy/cgsh_order_operate.html HTTP/1.1" 200 8245
101.85.107.54 - - [07/Jul/2021:09:39:34 +0800] "GET /xingrg/javascript/easyui/themes/default/validatebox.css HTTP/1.1" 404 1104
101.85.107.54 - - [07/Jul/2021:09:39:37 +0800] "GET /xingrg/javascript/auto/indicator.gif HTTP/1.1" 404 1066
116.230.110.80 - - [07/Jul/2021:09:39:40 +0800] "GET /xingrg/kc/buy/cgsh_order_operate.html?command=get_materiel&rest_code=00155&code=00101008290&supplier_code=00100005&order_time=2021-07-07 HTTP/1.1" 200 416
116.224.113.155 - - [07/Jul/2021:09:39:41 +0800] "POST /xingrg/all/user/operate.html HTTP/1.1" 200 36
116.224.113.155 - - [07/Jul/2021:09:39:41 +0800] "GET /xingrg/index.html?sysBaseUrl=http%3A%2F%2F180.169.147.146%3A18081%2Fxingrg%2F&costTime=386×tamp=1625533711648 HTTP/1.1" 200 17179
116.224.113.155 - - [07/Jul/2021:09:39:41 +0800] "GET /xingrg/javascript/jquery_easy_ui/themes/default/easyui.css HTTP/1.1" 304 -
116.224.113.155 - - [07/Jul/2021:09:39:41 +0800] "GET /xingrg/javascript/jquery_easy_ui/themes/icon.css HTTP/1.1" 304 -
116.224.113.155 - - [07/Jul/2021:09:39:41 +0800] "GET /xingrg/css/form.css HTTP/1.1" 304 -
116.224.113.155 - - [07/Jul/2021:09:39:41 +0800] "GET /xingrg/javascript/jquery-1.4.2.min.js HTTP/1.1" 304 -
116.224.113.155 - - [07/Jul/2021:09:39:41 +0800] "GET /xingrg/javascript/jquery_easy_ui/jquery.easyui.min.js HTTP/1.1" 304 -
116.224.113.155 - - [07/Jul/2021:09:39:41 +0800] "GET /xingrg/javascript/jquery_easy_ui/easyui-lang-zh_CN.js HTTP/1.1" 304 -
116.224.113.155 - - [07/Jul/2021:09:39:41 +0800] "GET /xingrg/javascript/jquery.form.js HTTP/1.1" 304 -
116.224.113.155 - - [07/Jul/2021:09:39:41 +0800] "GET /xingrg/javascript/jquery.utils.js HTTP/1.1" 304 -
116.224.113.155 - - [07/Jul/2021:09:39:41 +0800] "GET /xingrg/javascript/jquery.timers.js HTTP/1.1" 304 -
116.224.113.155 - - [07/Jul/2021:09:39:41 +0800] "GET /xingrg/images/blue/jxLogo.png HTTP/1.1" 304 -
116.224.113.155 - - [07/Jul/2021:09:39:41 +0800] "GET /xingrg/images/blue/navBackgound.jpg HTTP/1.1" 304 -
116.224.113.155 - - [07/Jul/2021:09:39:41 +0800] "GET /xingrg/javascript/jquery_easy_ui/themes/icons/settle_new.png HTTP/1.1" 304 -
116.224.113.155 - - [07/Jul/2021:09:39:41 +0800] "POST /xingrg/all/common/load_tree.html?tree=area_rest_tree_json&manage=1 HTTP/1.1" 200 476
116.224.113.155 - - [07/Jul/2021:09:39:41 +0800] "GET /xingrg/all/function/internal_message.html?_=1625621982398&CODE_STATE=count HTTP/1.1" 200 11
116.224.113.155 - - [07/Jul/2021:09:39:41 +0800] "GET /xingrg/check_reg.html?_=1625621982400 HTTP/1.1" 200 22
116.224.113.155 - - [07/Jul/2021:09:39:41 +0800] "GET /xingrg/images/blue/pingpu.png HTTP/1.1" 304 -
116.224.113.155 - - [07/Jul/2021:09:39:41 +0800] "GET /xingrg/javascript/jquery_easy_ui/themes/default/images/tabs_leftarrow.png HTTP/1.1" 304 -
116.224.113.155 - - [07/Jul/2021:09:39:41 +0800] "GET /xingrg/javascript/jquery_easy_ui/themes/default/images/tabs_rightarrow.png HTTP/1.1" 304 -
116.224.113.155 - - [07/Jul/2021:09:39:41 +0800] "GET /xingrg/javascript/jquery_easy_ui/themes/default/images/panel_tool_collapse.gif HTTP/1.1" 304 -
116.224.113.155 - - [07/Jul/2021:09:39:41 +0800] "POST /xingrg/load_menu.html HTTP/1.1" 200 5138
116.224.113.155 - - [07/Jul/2021:09:39:41 +0800] "GET /xingrg/kc/buy/cgsh_order_operate.html?command=get_materiel&rest_code=00150&code=00101009059&supplier_code=00100424&order_time=2021-07-07 HTTP/1.1" 200 409
116.224.113.155 - - [07/Jul/2021:09:39:43 +0800] "GET /xingrg/kc/base/wldb_order_list.html HTTP/1.1" 200 19151
116.224.113.155 - - [07/Jul/2021:09:39:44 +0800] "POST /xingrg/kc/base/wldb_list_operate.html HTTP/1.1" 200 928
116.224.113.155 - - [07/Jul/2021:09:39:44 +0800] "GET /xingrg/kc/base/wldb_order_add.html HTTP/1.1" 200 30359
116.224.113.155 - - [07/Jul/2021:09:39:45 +0800] "POST /xingrg/kc/base/wldb_order_operate.html HTTP/1.1" 200 6806
116.224.113.155 - - [07/Jul/2021:09:39:45 +0800] "GET /xingrg/all/common/auto_word.html?type=base&rest_code=00150 HTTP/1.1" 200 1653
116.224.113.155 - - [07/Jul/2021:09:39:45 +0800] "GET /xingrg/all/common/auto_word.html?type=base&rest_code=00150 HTTP/1.1" 200 1653
116.224.113.155 - - [07/Jul/2021:09:39:45 +0800] "GET /xingrg/javascript/easyui/themes/default/validatebox.css HTTP/1.1" 404 1104
116.224.113.155 - - [07/Jul/2021:09:39:46 +0800] "GET /xingrg/javascript/auto/indicator.gif HTTP/1.1" 404 1066
222.69.131.6 - - [07/Jul/2021:09:39:47 +0800] "GET /xingrg/all/function/internal_message.html?_=1625621993568&CODE_STATE=getMsg HTTP/1.1" 200 27
101.85.107.54 - - [07/Jul/2021:09:39:47 +0800] "GET /xingrg/kc/buy/cgsh_order_operate.html?command=get_materiel&rest_code=00142&code=00101008126&supplier_code=00100161&order_time=2021-07-07 HTTP/1.1" 200 412
58.37.5.217 - - [07/Jul/2021:09:39:50 +0800] "GET /xingrg/all/function/internal_message.html?_=1625621993935&CODE_STATE=getMsg HTTP/1.1" 200 27
116.224.113.155 - - [07/Jul/2021:09:39:51 +0800] "GET /xingrg/kc/base/wldb_order_operate.html?command=get_materiel&rest_code=00150&base_code=0010445&code=00101019161 HTTP/1.1" 200 433
221.239.195.6 - - [07/Jul/2021:09:39:55 +0800] "GET /xingrg/check_reg.html?_=1625622000633 HTTP/1.1" 200 22
221.239.195.6 - - [07/Jul/2021:09:39:55 +0800] "GET /xingrg/all/function/internal_message.html?_=1625622000636&CODE_STATE=getMsg HTTP/1.1" 200 27
183.192.88.201 - - [07/Jul/2021:09:39:57 +0800] "GET /xingrg/all/function/internal_message.html?_=1625622005343&CODE_STATE=getMsg HTTP/1.1" 200 27
101.85.107.54 - - [07/Jul/2021:09:40:00 +0800] "GET /xingrg/kc/buy/cgsh_order_operate.html?command=get_materiel&rest_code=00142&code=00101008108&supplier_code=00100161&order_time=2021-07-07 HTTP/1.1" 200 412
222.70.176.145 - - [07/Jul/2021:09:40:00 +0800] "GET /xingrg/check_reg.html?_=1625622003437 HTTP/1.1" 200 22
180.169.147.146 - - [07/Jul/2021:09:40:05 +0800] "GET /xingrg/all/function/internal_message.html?_=1625622010301&CODE_STATE=getMsg HTTP/1.1" 200 27
101.85.107.54 - - [07/Jul/2021:09:40:12 +0800] "GET /xingrg/kc/buy/cgsh_order_operate.html?command=get_materiel&rest_code=00142&code=00101008059&supplier_code=00100161&order_time=2021-07-07 HTTP/1.1" 200 408
180.169.147.146 - - [07/Jul/2021:09:40:13 +0800] "GET /xingrg/check_reg.html?_=1625622016265 HTTP/1.1" 200 22
116.230.117.165 - - [07/Jul/2021:09:40:13 +0800] "GET /xingrg/all/function/internal_message.html?_=1625622026752&CODE_STATE=getMsg HTTP/1.1" 200 27
116.232.55.111 - - [07/Jul/2021:09:40:14 +0800] "GET /xingrg/all/function/internal_message.html?_=1625622019923&CODE_STATE=getMsg HTTP/1.1" 200 27
116.230.114.112 - - [07/Jul/2021:09:40:15 +0800] "GET /xingrg/all/function/internal_message.html?_=1625622028131&CODE_STATE=getMsg HTTP/1.1" 302 -
116.224.113.155 - - [07/Jul/2021:09:40:17 +0800] "GET /xingrg/all/function/internal_message.html?_=1625622011340&CODE_STATE=getMsg HTTP/1.1" 200 27
116.230.110.80 - - [07/Jul/2021:09:40:25 +0800] "GET /xingrg/all/function/internal_message.html?_=1625622028456&CODE_STATE=getMsg HTTP/1.1" 200 27
116.224.113.155 - - [07/Jul/2021:09:40:28 +0800] "GET /xingrg/kc/buy/cgsh_order_operate.html?command=get_materiel&rest_code=00150&code=00101009007&supplier_code=00100424&order_time=2021-07-07 HTTP/1.1" 200 408
222.70.176.145 - - [07/Jul/2021:09:40:28 +0800] "GET /xingrg/all/function/internal_message.html?_=1625622031145&CODE_STATE=getMsg HTTP/1.1" 200 27
116.230.110.80 - - [07/Jul/2021:09:40:28 +0800] "GET /xingrg/kc/buy/cgsh_order_operate.html?command=get_materiel&rest_code=00155&code=00101008101&supplier_code=00100005&order_time=2021-07-07 HTTP/1.1" 200 412
101.85.107.54 - - [07/Jul/2021:09:40:29 +0800] "GET /xingrg/check_reg.html?_=1625621457399 HTTP/1.1" 200 22
101.85.107.54 - - [07/Jul/2021:09:40:29 +0800] "GET /xingrg/all/function/internal_message.html?_=1625621457397&CODE_STATE=getMsg HTTP/1.1" 200 27
120.253.135.82 - - [07/Jul/2021:09:40:33 +0800] "GET /xingrg/check_reg.html?_=1625621821022 HTTP/1.1" 200 22
101.85.107.54 - - [07/Jul/2021:09:40:33 +0800] "GET /xingrg/kc/buy/cgsh_order_operate.html?command=get_materiel&rest_code=00142&code=00101008355&supplier_code=00100161&order_time=2021-07-07 HTTP/1.1" 200 408
120.253.135.82 - - [07/Jul/2021:09:40:34 +0800] "GET /xingrg/all/function/internal_message.html?_=1625621821606&CODE_STATE=getMsg HTTP/1.1" 200 27
116.224.113.155 - - [07/Jul/2021:09:40:41 +0800] "GET /xingrg/all/function/internal_message.html?_=1625622042417&CODE_STATE=getMsg HTTP/1.1" 200 27
116.224.113.155 - - [07/Jul/2021:09:40:41 +0800] "GET /xingrg/kc/buy/cgsh_order_operate.html?command=get_materiel&rest_code=00150&code=00101009011&supplier_code=00100424&order_time=2021-07-07 HTTP/1.1" 200 416
101.83.241.165 - - [07/Jul/2021:09:40:46 +0800] "GET /favicon.ico HTTP/1.1" 404 -
222.69.131.6 - - [07/Jul/2021:09:40:47 +0800] "GET /xingrg/all/function/internal_message.html?_=1625622053560&CODE_STATE=getMsg HTTP/1.1" 200 27
58.37.5.217 - - [07/Jul/2021:09:40:50 +0800] "GET /xingrg/all/function/internal_message.html?_=1625622053935&CODE_STATE=getMsg HTTP/1.1" 200 27
221.239.195.6 - - [07/Jul/2021:09:40:55 +0800] "GET /xingrg/all/function/internal_message.html?_=1625622060631&CODE_STATE=getMsg HTTP/1.1" 200 27
183.192.88.201 - - [07/Jul/2021:09:40:57 +0800] "GET /xingrg/all/function/internal_message.html?_=1625622065340&CODE_STATE=getMsg HTTP/1.1" 200 27
183.192.88.201 - - [07/Jul/2021:09:40:57 +0800] "GET /xingrg/check_reg.html?_=1625622065344 HTTP/1.1" 200 22
116.224.113.155 - - [07/Jul/2021:09:40:58 +0800] "GET /xingrg/kc/buy/cgsh_order_operate.html?command=get_materiel&rest_code=00150&code=00101009015&supplier_code=00100424&order_time=2021-07-07 HTTP/1.1" 200 416
180.169.147.146 - - [07/Jul/2021:09:41:05 +0800] "GET /xingrg/all/function/internal_message.html?_=1625622070306&CODE_STATE=getMsg HTTP/1.1" 200 27
116.224.113.155 - - [07/Jul/2021:09:41:06 +0800] "GET /xingrg/kc/buy/cgsh_order_operate.html?command=get_materiel&rest_code=00150&code=00101009013&supplier_code=00100424&order_time=2021-07-07 HTTP/1.1" 200 420
116.230.117.165 - - [07/Jul/2021:09:41:13 +0800] "GET /xingrg/all/function/internal_message.html?_=1625622086942&CODE_STATE=getMsg HTTP/1.1" 200 27
116.224.113.155 - - [07/Jul/2021:09:41:14 +0800] "POST /xingrg/kc/buy/cgsh_order_operate.html HTTP/1.1" 200 37
221.239.195.6 - - [07/Jul/2021:09:41:14 +0800] "GET /xingrg/kc/buy/cgsh_order_operate.html?command=get_materiel&rest_code=00105&code=00101006133&supplier_code=00100397&order_time=2021-07-07 HTTP/1.1" 200 413
116.232.55.111 - - [07/Jul/2021:09:41:14 +0800] "GET /xingrg/all/function/internal_message.html?_=1625622079926&CODE_STATE=getMsg HTTP/1.1" 200 27
116.230.114.112 - - [07/Jul/2021:09:41:15 +0800] "GET /xingrg/all/function/internal_message.html?_=1625622088141&CODE_STATE=getMsg HTTP/1.1" 302 -
101.85.107.54 - - [07/Jul/2021:09:41:15 +0800] "GET /xingrg/kc/buy/cgsh_order_operate.html?command=get_materiel&rest_code=00142&code=00101008024&supplier_code=00100161&order_time=2021-07-07 HTTP/1.1" 200 408
116.224.113.155 - - [07/Jul/2021:09:41:16 +0800] "POST /xingrg/kc/buy/cgsh_order_operate.html HTTP/1.1" 200 9186
116.224.113.155 - - [07/Jul/2021:09:41:17 +0800] "GET /xingrg/javascript/jquery_easy_ui/themes/default/images/button_a_bg.gif HTTP/1.1" 304 -
116.224.113.155 - - [07/Jul/2021:09:41:17 +0800] "GET /xingrg/javascript/jquery_easy_ui/themes/default/images/button_span_bg.gif HTTP/1.1" 304 -
116.224.113.155 - - [07/Jul/2021:09:41:17 +0800] "GET /xingrg/javascript/jquery_easy_ui/themes/default/images/panel_tools.gif HTTP/1.1" 304 -
116.224.113.155 - - [07/Jul/2021:09:41:17 +0800] "GET /xingrg/javascript/jquery_easy_ui/themes/default/images/panel_title.png HTTP/1.1" 304 -
116.224.113.155 - - [07/Jul/2021:09:41:17 +0800] "GET /xingrg/check_reg.html?_=1625622070945 HTTP/1.1" 200 22
116.224.113.155 - - [07/Jul/2021:09:41:17 +0800] "GET /xingrg/all/function/internal_message.html?_=1625622071346&CODE_STATE=getMsg HTTP/1.1" 200 27
116.224.113.155 - - [07/Jul/2021:09:41:19 +0800] "POST /xingrg/all/user/operate.html HTTP/1.1" 200 36
116.224.113.155 - - [07/Jul/2021:09:41:20 +0800] "GET /xingrg/javascript/jquery_easy_ui/themes/default/easyui.css HTTP/1.1" 304 -
116.224.113.155 - - [07/Jul/2021:09:41:20 +0800] "GET /xingrg/javascript/jquery_easy_ui/themes/icon.css HTTP/1.1" 304 -
116.224.113.155 - - [07/Jul/2021:09:41:20 +0800] "GET /xingrg/index.html?sysBaseUrl=http%3A%2F%2F180.169.147.146%3A18081%2Fxingrg%2F&costTime=45×tamp=1625621176151 HTTP/1.1" 200 17177
116.224.113.155 - - [07/Jul/2021:09:41:20 +0800] "GET /xingrg/css/form.css HTTP/1.1" 304 -
116.224.113.155 - - [07/Jul/2021:09:41:20 +0800] "GET /xingrg/javascript/jquery-1.4.2.min.js HTTP/1.1" 304 -
116.224.113.155 - - [07/Jul/2021:09:41:20 +0800] "GET /xingrg/javascript/jquery_easy_ui/jquery.easyui.min.js HTTP/1.1" 304 -
116.224.113.155 - - [07/Jul/2021:09:41:20 +0800] "GET /xingrg/javascript/jquery_easy_ui/easyui-lang-zh_CN.js HTTP/1.1" 304 -
116.224.113.155 - - [07/Jul/2021:09:41:20 +0800] "GET /xingrg/javascript/jquery.form.js HTTP/1.1" 304 -
116.224.113.155 - - [07/Jul/2021:09:41:20 +0800] "GET /xingrg/javascript/jquery.utils.js HTTP/1.1" 304 -
116.224.113.155 - - [07/Jul/2021:09:41:20 +0800] "GET /xingrg/javascript/jquery.timers.js HTTP/1.1" 304 -
116.224.113.155 - - [07/Jul/2021:09:41:20 +0800] "GET /xingrg/images/blue/navBackgound.jpg HTTP/1.1" 304 -
116.224.113.155 - - [07/Jul/2021:09:41:20 +0800] "GET /xingrg/images/blue/jxLogo.png HTTP/1.1" 304 -
116.224.113.155 - - [07/Jul/2021:09:41:20 +0800] "GET /xingrg/javascript/jquery_easy_ui/themes/icons/settle_new.png HTTP/1.1" 304 -
116.224.113.155 - - [07/Jul/2021:09:41:21 +0800] "GET /xingrg/images/blue/pingpu.png HTTP/1.1" 304 -
116.224.113.155 - - [07/Jul/2021:09:41:21 +0800] "GET /xingrg/javascript/jquery_easy_ui/themes/default/images/tabs_leftarrow.png HTTP/1.1" 304 -
116.224.113.155 - - [07/Jul/2021:09:41:21 +0800] "GET /xingrg/javascript/jquery_easy_ui/themes/default/images/tabs_rightarrow.png HTTP/1.1" 304 -
116.224.113.155 - - [07/Jul/2021:09:41:21 +0800] "GET /xingrg/javascript/jquery_easy_ui/themes/default/images/panel_tool_collapse.gif HTTP/1.1" 304 -
116.224.113.155 - - [07/Jul/2021:09:41:21 +0800] "POST /xingrg/all/common/load_tree.html?tree=area_rest_tree_json&manage=1 HTTP/1.1" 200 476
116.224.113.155 - - [07/Jul/2021:09:41:21 +0800] "GET /xingrg/check_reg.html?_=1625622074552 HTTP/1.1" 200 22
116.224.113.155 - - [07/Jul/2021:09:41:21 +0800] "GET /xingrg/all/function/internal_message.html?_=1625622074552&CODE_STATE=count HTTP/1.1" 200 11
116.224.113.155 - - [07/Jul/2021:09:41:21 +0800] "POST /xingrg/load_menu.html HTTP/1.1" 200 5138
116.224.113.155 - - [07/Jul/2021:09:41:23 +0800] "GET /xingrg/kc/buy/cgsh_order_list.html HTTP/1.1" 200 46941
101.85.107.54 - - [07/Jul/2021:09:41:25 +0800] "GET /xingrg/kc/buy/cgsh_order_operate.html?command=get_materiel&rest_code=00142&code=00101008356&supplier_code=00100161&order_time=2021-07-07 HTTP/1.1" 200 408
116.230.110.80 - - [07/Jul/2021:09:41:25 +0800] "GET /xingrg/all/function/internal_message.html?_=1625622088444&CODE_STATE=getMsg HTTP/1.1" 200 27
116.224.113.155 - - [07/Jul/2021:09:41:26 +0800] "POST /xingrg/kc/buy/cgsh_list_operate.html HTTP/1.1" 200 2049
222.70.176.145 - - [07/Jul/2021:09:41:28 +0800] "GET /xingrg/all/function/internal_message.html?_=1625622091128&CODE_STATE=getMsg HTTP/1.1" 200 27
116.224.113.155 - - [07/Jul/2021:09:41:29 +0800] "POST /xingrg/kc/buy/cgsh_list_operate.html HTTP/1.1" 200 340
101.85.107.54 - - [07/Jul/2021:09:41:29 +0800] "GET /xingrg/all/function/internal_message.html?_=1625621517366&CODE_STATE=getMsg HTTP/1.1" 200 27
116.224.113.155 - - [07/Jul/2021:09:41:29 +0800] "GET /xingrg/kc/buy/cgsh_order_info.html?code=212021070702729 HTTP/1.1" 200 62326
116.224.113.155 - - [07/Jul/2021:09:41:30 +0800] "GET /xingrg/all/common/auto_word.html?type=employee&rest_code=00151 HTTP/1.1" 200 243
116.224.113.155 - - [07/Jul/2021:09:41:30 +0800] "GET /xingrg/all/common/auto_word.html?type=employee&rest_code=00151 HTTP/1.1" 200 243
116.224.113.155 - - [07/Jul/2021:09:41:30 +0800] "GET /xingrg/javascript/easyui/themes/default/validatebox.css HTTP/1.1" 404 1104
116.224.113.155 - - [07/Jul/2021:09:41:30 +0800] "POST /xingrg/kc/buy/cgsh_order_operate.html HTTP/1.1" 200 3851
120.253.135.82 - - [07/Jul/2021:09:41:34 +0800] "GET /xingrg/all/function/internal_message.html?_=1625621881620&CODE_STATE=getMsg HTTP/1.1" 200 27
101.85.107.54 - - [07/Jul/2021:09:41:35 +0800] "GET /xingrg/kc/buy/cgsh_order_operate.html?command=get_materiel&rest_code=00142&code=00101008286&supplier_code=00100161&order_time=2021-07-07 HTTP/1.1" 200 408
221.239.195.6 - - [07/Jul/2021:09:41:36 +0800] "GET /xingrg/kc/buy/cgsh_order_operate.html?command=get_materiel&rest_code=00105&code=00101006112&supplier_code=00100397&order_time=2021-07-07 HTTP/1.1" 200 409
116.224.113.155 - - [07/Jul/2021:09:41:40 +0800] "POST /xingrg/kc/buy/cgsh_order_operate.html HTTP/1.1" 200 37
116.224.113.155 - - [07/Jul/2021:09:41:41 +0800] "GET /xingrg/all/function/internal_message.html?_=1625622102406&CODE_STATE=getMsg HTTP/1.1" 200 27
116.224.113.155 - - [07/Jul/2021:09:41:42 +0800] "POST /xingrg/kc/buy/cgsh_order_operate.html HTTP/1.1" 200 3851
101.85.107.54 - - [07/Jul/2021:09:41:44 +0800] "GET /xingrg/kc/buy/cgsh_order_operate.html?command=get_materiel&rest_code=00142&code=00101008353&supplier_code=00100161&order_time=2021-07-07 HTTP/1.1" 200 408
222.69.131.6 - - [07/Jul/2021:09:41:47 +0800] "GET /xingrg/all/function/internal_message.html?_=1625622113563&CODE_STATE=getMsg HTTP/1.1" 200 27
58.37.5.217 - - [07/Jul/2021:09:41:50 +0800] "GET /xingrg/all/function/internal_message.html?_=1625622113962&CODE_STATE=getMsg HTTP/1.1" 200 27
221.239.195.6 - - [07/Jul/2021:09:41:54 +0800] "GET /xingrg/kc/buy/cgsh_order_operate.html?command=get_materiel&rest_code=00105&code=00101006056&supplier_code=00100397&order_time=2021-07-07 HTTP/1.1" 200 413
221.239.195.6 - - [07/Jul/2021:09:41:55 +0800] "GET /xingrg/all/function/internal_message.html?_=1625622120636&CODE_STATE=getMsg HTTP/1.1" 200 27
101.85.107.54 - - [07/Jul/2021:09:41:57 +0800] "GET /xingrg/kc/buy/cgsh_order_operate.html?command=get_materiel&rest_code=00142&code=00101008350&supplier_code=00100161&order_time=2021-07-07 HTTP/1.1" 200 408
183.192.88.201 - - [07/Jul/2021:09:41:57 +0800] "GET /xingrg/all/function/internal_message.html?_=1625622125339&CODE_STATE=getMsg HTTP/1.1" 200 27
180.169.147.146 - - [07/Jul/2021:09:42:05 +0800] "GET /xingrg/all/function/internal_message.html?_=1625622130311&CODE_STATE=getMsg HTTP/1.1" 200 27
180.169.147.146 - - [07/Jul/2021:09:42:05 +0800] "GET /xingrg/check_reg.html?_=1625622130315 HTTP/1.1" 200 22
101.85.107.54 - - [07/Jul/2021:09:42:10 +0800] "GET /xingrg/kc/buy/cgsh_order_operate.html?command=get_materiel&rest_code=00142&code=00101008248&supplier_code=00100161&order_time=2021-07-07 HTTP/1.1" 200 412
221.239.195.6 - - [07/Jul/2021:09:42:12 +0800] "GET /xingrg/kc/buy/cgsh_order_operate.html?command=get_materiel&rest_code=00105&code=00101006109&supplier_code=00100397&order_time=2021-07-07 HTTP/1.1" 200 409
116.230.117.165 - - [07/Jul/2021:09:42:13 +0800] "GET /xingrg/all/function/internal_message.html?_=1625622146951&CODE_STATE=getMsg HTTP/1.1" 200 27
116.232.55.111 - - [07/Jul/2021:09:42:14 +0800] "GET /xingrg/all/function/internal_message.html?_=1625622139927&CODE_STATE=getMsg HTTP/1.1" 200 27
116.232.55.111 - - [07/Jul/2021:09:42:14 +0800] "GET /xingrg/check_reg.html?_=1625622139931 HTTP/1.1" 200 22
116.230.114.112 - - [07/Jul/2021:09:42:15 +0800] "GET /xingrg/all/function/internal_message.html?_=1625622148158&CODE_STATE=getMsg HTTP/1.1" 302 -
101.85.107.54 - - [07/Jul/2021:09:42:20 +0800] "GET /xingrg/kc/buy/cgsh_order_operate.html?command=get_materiel&rest_code=00142&code=00101016053&supplier_code=00100161&order_time=2021-07-07 HTTP/1.1" 200 408
116.224.113.155 - - [07/Jul/2021:09:42:21 +0800] "GET /xingrg/all/function/internal_message.html?_=1625622134558&CODE_STATE=getMsg HTTP/1.1" 200 27
116.230.110.80 - - [07/Jul/2021:09:42:25 +0800] "GET /xingrg/all/function/internal_message.html?_=1625622148419&CODE_STATE=getMsg HTTP/1.1" 200 27
222.70.176.145 - - [07/Jul/2021:09:42:28 +0800] "GET /xingrg/all/function/internal_message.html?_=1625622151113&CODE_STATE=getMsg HTTP/1.1" 200 27
101.85.107.54 - - [07/Jul/2021:09:42:29 +0800] "GET /xingrg/all/function/internal_message.html?_=1625621577359&CODE_STATE=getMsg HTTP/1.1" 200 27
101.85.107.54 - - [07/Jul/2021:09:42:29 +0800] "GET /xingrg/kc/buy/cgsh_order_operate.html?command=get_materiel&rest_code=00142&code=00101008298&supplier_code=00100161&order_time=2021-07-07 HTTP/1.1" 200 412
120.253.135.82 - - [07/Jul/2021:09:42:34 +0800] "GET /xingrg/all/function/internal_message.html?_=1625621941633&CODE_STATE=getMsg HTTP/1.1" 200 27
101.85.107.54 - - [07/Jul/2021:09:42:41 +0800] "GET /xingrg/kc/buy/cgsh_order_operate.html?command=get_materiel&rest_code=00142&code=00101008300&supplier_code=00100161&order_time=2021-07-07 HTTP/1.1" 200 412
116.224.113.155 - - [07/Jul/2021:09:42:41 +0800] "GET /xingrg/all/function/internal_message.html?_=1625622162407&CODE_STATE=getMsg HTTP/1.1" 200 27
221.239.195.6 - - [07/Jul/2021:09:42:42 +0800] "GET /xingrg/kc/buy/cgsh_order_operate.html?command=get_materiel&rest_code=00105&code=00101006177&supplier_code=00100397&order_time=2021-07-07 HTTP/1.1" 200 409
222.69.131.6 - - [07/Jul/2021:09:42:47 +0800] "GET /xingrg/all/function/internal_message.html?_=1625622173567&CODE_STATE=getMsg HTTP/1.1" 200 27
101.85.107.54 - - [07/Jul/2021:09:42:48 +0800] "GET /xingrg/kc/buy/cgsh_order_operate.html?command=get_materiel&rest_code=00142&code=00101008354&supplier_code=00100161&order_time=2021-07-07 HTTP/1.1" 200 412
58.37.5.217 - - [07/Jul/2021:09:42:50 +0800] "GET /xingrg/check_reg.html?_=1625622173963 HTTP/1.1" 200 22
58.37.5.217 - - [07/Jul/2021:09:42:50 +0800] "GET /xingrg/all/function/internal_message.html?_=1625622173965&CODE_STATE=getMsg HTTP/1.1" 200 27
221.239.195.6 - - [07/Jul/2021:09:42:55 +0800] "GET /xingrg/all/function/internal_message.html?_=1625622180638&CODE_STATE=getMsg HTTP/1.1" 200 27
221.239.195.6 - - [07/Jul/2021:09:42:56 +0800] "POST /xingrg/kc/buy/cgsh_order_operate.html HTTP/1.1" 200 37
183.192.88.201 - - [07/Jul/2021:09:42:57 +0800] "GET /xingrg/all/function/internal_message.html?_=1625622185346&CODE_STATE=getMsg HTTP/1.1" 200 27
221.239.195.6 - - [07/Jul/2021:09:42:58 +0800] "POST /xingrg/kc/buy/cgsh_order_operate.html HTTP/1.1" 200 4422
221.239.195.6 - - [07/Jul/2021:09:43:01 +0800] "GET /xingrg/kc/print/load_data.html?order_code=212021070702736&kc_code=cgsh&condition= HTTP/1.1" 200 1337
101.85.107.54 - - [07/Jul/2021:09:43:02 +0800] "GET /xingrg/kc/buy/cgsh_order_operate.html?command=get_materiel&rest_code=00142&code=00101008275&supplier_code=00100161&order_time=2021-07-07 HTTP/1.1" 200 417
180.169.147.146 - - [07/Jul/2021:09:43:05 +0800] "GET /xingrg/all/function/internal_message.html?_=1625622190305&CODE_STATE=getMsg HTTP/1.1" 200 27
116.230.117.165 - - [07/Jul/2021:09:43:12 +0800] "GET /xingrg/check_reg.html?_=1625622205539 HTTP/1.1" 200 22
116.230.117.165 - - [07/Jul/2021:09:43:13 +0800] "GET /xingrg/all/function/internal_message.html?_=1625622206964&CODE_STATE=getMsg HTTP/1.1" 200 27
116.232.55.111 - - [07/Jul/2021:09:43:14 +0800] "GET /xingrg/all/function/internal_message.html?_=1625622199935&CODE_STATE=getMsg HTTP/1.1" 200 27
116.230.114.112 - - [07/Jul/2021:09:43:15 +0800] "GET /xingrg/all/function/internal_message.html?_=1625622208167&CODE_STATE=getMsg HTTP/1.1" 302 -
101.85.107.54 - - [07/Jul/2021:09:43:15 +0800] "GET /xingrg/kc/buy/cgsh_order_operate.html?command=get_materiel&rest_code=00142&code=00101008092&supplier_code=00100161&order_time=2021-07-07 HTTP/1.1" 200 412
221.239.195.6 - - [07/Jul/2021:09:43:16 +0800] "POST /xingrg/kc/buy/cgsh_order_operate.html HTTP/1.1" 200 37
221.239.195.6 - - [07/Jul/2021:09:43:18 +0800] "POST /xingrg/kc/buy/cgsh_order_operate.html HTTP/1.1" 200 4422
221.239.195.6 - - [07/Jul/2021:09:43:19 +0800] "GET /xingrg/index.html?sysBaseUrl=http%3A%2F%2F180.169.147.146%3A18081%2Fxingrg%2F&costTime=36×tamp=1585222720700 HTTP/1.1" 200 17173
221.239.195.6 - - [07/Jul/2021:09:43:20 +0800] "POST /xingrg/all/common/load_tree.html?tree=area_rest_tree_json&manage=1 HTTP/1.1" 200 3466
221.239.195.6 - - [07/Jul/2021:09:43:20 +0800] "GET /xingrg/check_reg.html?_=1625622205241 HTTP/1.1" 200 22
221.239.195.6 - - [07/Jul/2021:09:43:20 +0800] "GET /xingrg/all/function/internal_message.html?_=1625622205240&CODE_STATE=count HTTP/1.1" 200 11
221.239.195.6 - - [07/Jul/2021:09:43:20 +0800] "POST /xingrg/load_menu.html HTTP/1.1" 200 5138
221.239.195.6 - - [07/Jul/2021:09:43:20 +0800] "GET /favicon.ico HTTP/1.1" 404 -
116.224.113.155 - - [07/Jul/2021:09:43:21 +0800] "GET /xingrg/all/function/internal_message.html?_=1625622194572&CODE_STATE=getMsg HTTP/1.1" 200 27
221.239.195.6 - - [07/Jul/2021:09:43:23 +0800] "GET /xingrg/kc/buy/cgsh_order_list.html HTTP/1.1" 200 46937
116.230.110.80 - - [07/Jul/2021:09:43:25 +0800] "GET /xingrg/all/function/internal_message.html?_=1625622208404&CODE_STATE=getMsg HTTP/1.1" 200 27
58.221.95.50 - - [07/Jul/2021:09:43:26 +0800] "GET /xingrg/check_reg.html?_=1625622211517 HTTP/1.1" 302 -
101.85.107.54 - - [07/Jul/2021:09:43:28 +0800] "GET /xingrg/kc/buy/cgsh_order_operate.html?command=get_materiel&rest_code=00142&code=00101008352&supplier_code=00100161&order_time=2021-07-07 HTTP/1.1" 200 412
222.70.176.145 - - [07/Jul/2021:09:43:28 +0800] "GET /xingrg/all/function/internal_message.html?_=1625622211096&CODE_STATE=getMsg HTTP/1.1" 200 27
221.239.195.6 - - [07/Jul/2021:09:43:28 +0800] "POST /xingrg/kc/buy/cgsh_list_operate.html HTTP/1.1" 200 2421
101.85.107.54 - - [07/Jul/2021:09:43:29 +0800] "GET /xingrg/all/function/internal_message.html?_=1625621637358&CODE_STATE=getMsg HTTP/1.1" 200 27
120.253.135.82 - - [07/Jul/2021:09:43:34 +0800] "GET /xingrg/all/function/internal_message.html?_=1625622001652&CODE_STATE=getMsg HTTP/1.1" 200 27
221.239.195.6 - - [07/Jul/2021:09:43:36 +0800] "GET /xingrg/javascript/auto/indicator.gif HTTP/1.1" 404 1066
116.230.110.80 - - [07/Jul/2021:09:43:38 +0800] "GET /xingrg/check_reg.html?_=1625622220793 HTTP/1.1" 200 22
101.85.107.54 - - [07/Jul/2021:09:43:40 +0800] "GET /xingrg/kc/buy/cgsh_order_operate.html?command=get_materiel&rest_code=00142&code=00101012024&supplier_code=00100161&order_time=2021-07-07 HTTP/1.1" 200 408
116.224.113.155 - - [07/Jul/2021:09:43:41 +0800] "GET /xingrg/all/function/internal_message.html?_=1625622222408&CODE_STATE=getMsg HTTP/1.1" 200 27
116.230.110.80 - - [07/Jul/2021:09:43:43 +0800] "GET /xingrg/kc/buy/cgsh_order_operate.html?command=get_materiel&rest_code=00155&code=00101008355&supplier_code=00100005&order_time=2021-07-07 HTTP/1.1" 200 408
221.239.195.6 - - [07/Jul/2021:09:43:46 +0800] "POST /xingrg/kc/buy/cgsh_list_operate.html HTTP/1.1" 200 1713
222.69.131.6 - - [07/Jul/2021:09:43:47 +0800] "GET /xingrg/all/function/internal_message.html?_=1625622233579&CODE_STATE=getMsg HTTP/1.1" 200 27
222.69.131.6 - - [07/Jul/2021:09:43:47 +0800] "GET /xingrg/check_reg.html?_=1625622233581 HTTP/1.1" 200 22
116.230.110.80 - - [07/Jul/2021:09:43:49 +0800] "POST /xingrg/kc/buy/cgsh_order_operate.html HTTP/1.1" 200 2065
101.85.107.54 - - [07/Jul/2021:09:43:50 +0800] "POST /xingrg/kc/buy/cgsh_order_operate.html HTTP/1.1" 200 37
58.37.5.217 - - [07/Jul/2021:09:43:50 +0800] "GET /xingrg/all/function/internal_message.html?_=1625622233964&CODE_STATE=getMsg HTTP/1.1" 200 27
221.239.195.6 - - [07/Jul/2021:09:43:50 +0800] "POST /xingrg/kc/buy/cgsh_list_operate.html HTTP/1.1" 200 485
101.85.107.54 - - [07/Jul/2021:09:43:52 +0800] "POST /xingrg/kc/buy/cgsh_order_operate.html HTTP/1.1" 200 12681
183.192.88.201 - - [07/Jul/2021:09:43:57 +0800] "GET /xingrg/all/function/internal_message.html?_=1625622245343&CODE_STATE=getMsg HTTP/1.1" 200 27
101.85.107.54 - - [07/Jul/2021:09:43:57 +0800] "POST /xingrg/kc/buy/cgsh_order_operate.html HTTP/1.1" 200 37
101.85.107.54 - - [07/Jul/2021:09:43:59 +0800] "POST /xingrg/kc/buy/cgsh_order_operate.html HTTP/1.1" 200 12681
116.230.110.80 - - [07/Jul/2021:09:44:02 +0800] "GET /xingrg/kc/buy/cgsh_order_operate.html?command=get_materiel&rest_code=00155&code=00101008004&supplier_code=00100005&order_time=2021-07-07 HTTP/1.1" 200 416
101.85.107.54 - - [07/Jul/2021:09:44:04 +0800] "POST /xingrg/kc/buy/cgsh_order_operate.html HTTP/1.1" 200 37
180.169.147.146 - - [07/Jul/2021:09:44:05 +0800] "GET /xingrg/all/function/internal_message.html?_=1625622250310&CODE_STATE=getMsg HTTP/1.1" 200 27
101.85.107.54 - - [07/Jul/2021:09:44:06 +0800] "POST /xingrg/kc/buy/cgsh_order_operate.html HTTP/1.1" 200 12681
221.239.195.6 - - [07/Jul/2021:09:44:08 +0800] "GET /xingrg/kc/buy/cgsh_order_list.html HTTP/1.1" 200 46937
101.85.107.54 - - [07/Jul/2021:09:44:09 +0800] "POST /xingrg/kc/buy/cgsh_list_operate.html HTTP/1.1" 200 1690
116.230.114.112 - - [07/Jul/2021:09:44:13 +0800] "GET /xingrg/check_reg.html?_=1625622266677 HTTP/1.1" 302 -
116.230.117.165 - - [07/Jul/2021:09:44:13 +0800] "GET /xingrg/all/function/internal_message.html?_=1625622266977&CODE_STATE=getMsg HTTP/1.1" 200 27
221.239.195.6 - - [07/Jul/2021:09:44:14 +0800] "POST /xingrg/kc/buy/cgsh_list_operate.html HTTP/1.1" 200 2421
116.232.55.111 - - [07/Jul/2021:09:44:14 +0800] "GET /xingrg/all/function/internal_message.html?_=1625622259932&CODE_STATE=getMsg HTTP/1.1" 200 27
116.230.114.112 - - [07/Jul/2021:09:44:15 +0800] "GET /xingrg/all/function/internal_message.html?_=1625622268181&CODE_STATE=getMsg HTTP/1.1" 302 -
221.239.195.6 - - [07/Jul/2021:09:44:17 +0800] "POST /xingrg/kc/buy/cgsh_list_operate.html HTTP/1.1" 200 418
221.239.195.6 - - [07/Jul/2021:09:44:17 +0800] "GET /xingrg/kc/buy/cgsh_order_info.html?code=212021070702736 HTTP/1.1" 200 62731
221.239.195.6 - - [07/Jul/2021:09:44:17 +0800] "GET /xingrg/all/common/auto_word.html?type=employee&rest_code=00105 HTTP/1.1" 200 193
221.239.195.6 - - [07/Jul/2021:09:44:17 +0800] "GET /xingrg/all/common/auto_word.html?type=employee&rest_code=00105 HTTP/1.1" 200 193
221.239.195.6 - - [07/Jul/2021:09:44:17 +0800] "GET /xingrg/javascript/easyui/themes/default/validatebox.css HTTP/1.1" 404 1104
221.239.195.6 - - [07/Jul/2021:09:44:18 +0800] "POST /xingrg/kc/buy/cgsh_order_operate.html HTTP/1.1" 200 4422
221.239.195.6 - - [07/Jul/2021:09:44:19 +0800] "GET /xingrg/kc/print/load_config.html?kc_code=cgsh HTTP/1.1" 200 1845
221.239.195.6 - - [07/Jul/2021:09:44:19 +0800] "GET /xingrg/kc/print/load_data.html?order_code=212021070702736&kc_code=cgsh&condition= HTTP/1.1" 200 1428
221.239.195.6 - - [07/Jul/2021:09:44:20 +0800] "GET /xingrg/all/function/internal_message.html?_=1625622265281&CODE_STATE=getMsg HTTP/1.1" 200 27
116.230.110.80 - - [07/Jul/2021:09:44:20 +0800] "GET /xingrg/kc/buy/cgsh_order_operate.html?command=get_materiel&rest_code=00155&code=00101008264&supplier_code=00100005&order_time=2021-07-07 HTTP/1.1" 200 412
116.224.113.155 - - [07/Jul/2021:09:44:21 +0800] "GET /xingrg/all/function/internal_message.html?_=1625622254592&CODE_STATE=getMsg HTTP/1.1" 200 27
221.239.195.6 - - [07/Jul/2021:09:44:24 +0800] "GET /xingrg/kc/buy/cgsh_order_add.html HTTP/1.1" 200 62722
221.239.195.6 - - [07/Jul/2021:09:44:24 +0800] "POST /xingrg/kc/buy/cgsh_order_operate.html HTTP/1.1" 200 8245
221.239.195.6 - - [07/Jul/2021:09:44:24 +0800] "GET /xingrg/javascript/easyui/themes/default/validatebox.css HTTP/1.1" 404 1104
116.230.110.80 - - [07/Jul/2021:09:44:25 +0800] "GET /xingrg/all/function/internal_message.html?_=1625622268393&CODE_STATE=getMsg HTTP/1.1" 200 27
222.70.176.145 - - [07/Jul/2021:09:44:28 +0800] "GET /xingrg/all/function/internal_message.html?_=1625622271079&CODE_STATE=getMsg HTTP/1.1" 200 27
101.85.107.54 - - [07/Jul/2021:09:44:29 +0800] "GET /xingrg/all/function/internal_message.html?_=1625621697365&CODE_STATE=getMsg HTTP/1.1" 200 27
120.253.135.82 - - [07/Jul/2021:09:44:34 +0800] "GET /xingrg/all/function/internal_message.html?_=1625622061708&CODE_STATE=getMsg HTTP/1.1" 200 27
221.239.195.6 - - [07/Jul/2021:09:44:38 +0800] "GET /xingrg/kc/buy/cgsh_order_operate.html?command=get_materiel&rest_code=00105&code=00101009001&supplier_code=00100397&order_time=2021-07-07 HTTP/1.1" 200 416
116.224.113.155 - - [07/Jul/2021:09:44:41 +0800] "GET /xingrg/check_reg.html?_=1625622282415 HTTP/1.1" 200 22
116.224.113.155 - - [07/Jul/2021:09:44:41 +0800] "GET /xingrg/all/function/internal_message.html?_=1625622282419&CODE_STATE=getMsg HTTP/1.1" 200 27
116.230.110.80 - - [07/Jul/2021:09:44:42 +0800] "GET /xingrg/kc/buy/cgsh_order_operate.html?command=get_materiel&rest_code=00155&code=00101008478&supplier_code=00100005&order_time=2021-07-07 HTTP/1.1" 200 399
222.69.131.6 - - [07/Jul/2021:09:44:47 +0800] "GET /xingrg/all/function/internal_message.html?_=1625622293576&CODE_STATE=getMsg HTTP/1.1" 200 27
58.37.5.217 - - [07/Jul/2021:09:44:50 +0800] "GET /xingrg/all/function/internal_message.html?_=1625622293964&CODE_STATE=getMsg HTTP/1.1" 200 27
183.192.88.201 - - [07/Jul/2021:09:44:57 +0800] "GET /xingrg/all/function/internal_message.html?_=1625622305338&CODE_STATE=getMsg HTTP/1.1" 200 27
222.70.176.145 - - [07/Jul/2021:09:45:00 +0800] "GET /xingrg/check_reg.html?_=1625622303420 HTTP/1.1" 200 22
221.239.195.6 - - [07/Jul/2021:09:45:02 +0800] "GET /xingrg/kc/buy/cgsh_order_operate.html?command=get_materiel&rest_code=00105&code=00101009062&supplier_code=00100397&order_time=2021-07-07 HTTP/1.1" 200 412
180.169.147.146 - - [07/Jul/2021:09:45:05 +0800] "GET /xingrg/all/function/internal_message.html?_=1625622310316&CODE_STATE=getMsg HTTP/1.1" 200 27
221.239.195.6 - - [07/Jul/2021:09:45:12 +0800] "GET /xingrg/kc/buy/cgsh_order_operate.html?command=get_materiel&rest_code=00105&code=00101009124&supplier_code=00100397&order_time=2021-07-07 HTTP/1.1" 200 402
180.169.147.146 - - [07/Jul/2021:09:45:13 +0800] "GET /xingrg/check_reg.html?_=1625622316281 HTTP/1.1" 200 22
116.230.117.165 - - [07/Jul/2021:09:45:13 +0800] "GET /xingrg/all/function/internal_message.html?_=1625622326992&CODE_STATE=getMsg HTTP/1.1" 200 27
116.232.55.111 - - [07/Jul/2021:09:45:14 +0800] "GET /xingrg/all/function/internal_message.html?_=1625622319935&CODE_STATE=getMsg HTTP/1.1" 200 27
116.230.114.112 - - [07/Jul/2021:09:45:15 +0800] "GET /xingrg/all/function/internal_message.html?_=1625622328198&CODE_STATE=getMsg HTTP/1.1" 302 -
116.230.110.80 - - [07/Jul/2021:09:45:19 +0800] "GET /xingrg/kc/buy/cgsh_order_operate.html?command=get_materiel&rest_code=00155&code=00101008173&supplier_code=00100005&order_time=2021-07-07 HTTP/1.1" 200 412
221.239.195.6 - - [07/Jul/2021:09:45:20 +0800] "GET /xingrg/all/function/internal_message.html?_=1625622325262&CODE_STATE=getMsg HTTP/1.1" 200 27
180.169.147.146 - - [07/Jul/2021:09:45:20 +0800] "GET /xingrg/kc/base/yddb_order_list.html?isBack=1 HTTP/1.1" 200 16757
180.169.147.146 - - [07/Jul/2021:09:45:21 +0800] "POST /xingrg/kc/base/yddb_list_operate.html HTTP/1.1" 200 636
116.224.113.155 - - [07/Jul/2021:09:45:21 +0800] "GET /xingrg/all/function/internal_message.html?_=1625622314598&CODE_STATE=getMsg HTTP/1.1" 200 27
180.169.147.146 - - [07/Jul/2021:09:45:22 +0800] "GET /xingrg/kc/buy/buy_main.html HTTP/1.1" 200 12412
180.169.147.146 - - [07/Jul/2021:09:45:22 +0800] "GET /xingrg/css/new_ie.css HTTP/1.1" 404 1036
180.169.147.146 - - [07/Jul/2021:09:45:22 +0800] "GET /xingrg/images/yd/bt.gif HTTP/1.1" 404 1040
180.169.147.146 - - [07/Jul/2021:09:45:23 +0800] "GET /xingrg/kc/buy/cgsh_order_list.html HTTP/1.1" 200 46943
116.230.110.80 - - [07/Jul/2021:09:45:25 +0800] "GET /xingrg/all/function/internal_message.html?_=1625622328454&CODE_STATE=getMsg HTTP/1.1" 200 27
222.70.176.145 - - [07/Jul/2021:09:45:28 +0800] "GET /xingrg/all/function/internal_message.html?_=1625622331050&CODE_STATE=getMsg HTTP/1.1" 200 27
101.85.107.54 - - [07/Jul/2021:09:45:29 +0800] "GET /xingrg/all/function/internal_message.html?_=1625621757365&CODE_STATE=getMsg HTTP/1.1" 200 27
101.85.107.54 - - [07/Jul/2021:09:45:29 +0800] "GET /xingrg/check_reg.html?_=1625621757367 HTTP/1.1" 200 22
221.239.195.6 - - [07/Jul/2021:09:45:29 +0800] "GET /xingrg/kc/buy/cgsh_order_operate.html?command=get_materiel&rest_code=00105&code=00101009011&supplier_code=00100397&order_time=2021-07-07 HTTP/1.1" 200 416
116.230.110.80 - - [07/Jul/2021:09:45:31 +0800] "GET /xingrg/kc/buy/cgsh_order_operate.html?command=get_materiel&rest_code=00155&code=00101008356&supplier_code=00100005&order_time=2021-07-07 HTTP/1.1" 200 408
120.253.135.82 - - [07/Jul/2021:09:45:33 +0800] "GET /xingrg/check_reg.html?_=1625622121027 HTTP/1.1" 200 22
120.253.135.82 - - [07/Jul/2021:09:45:34 +0800] "GET /xingrg/all/function/internal_message.html?_=1625622121721&CODE_STATE=getMsg HTTP/1.1" 200 27
116.230.110.80 - - [07/Jul/2021:09:45:38 +0800] "POST /xingrg/kc/buy/cgsh_order_operate.html HTTP/1.1" 200 2065
116.224.113.155 - - [07/Jul/2021:09:45:41 +0800] "GET /xingrg/all/function/internal_message.html?_=1625622342422&CODE_STATE=getMsg HTTP/1.1" 200 27
116.230.110.80 - - [07/Jul/2021:09:45:47 +0800] "GET /xingrg/kc/buy/cgsh_order_operate.html?command=get_materiel&rest_code=00155&code=00101008137&supplier_code=00100005&order_time=2021-07-07 HTTP/1.1" 200 408
222.69.131.6 - - [07/Jul/2021:09:45:47 +0800] "GET /xingrg/all/function/internal_message.html?_=1625622353585&CODE_STATE=getMsg HTTP/1.1" 200 27
58.37.5.217 - - [07/Jul/2021:09:45:50 +0800] "GET /xingrg/all/function/internal_message.html?_=1625622353964&CODE_STATE=getMsg HTTP/1.1" 200 27
183.192.88.201 - - [07/Jul/2021:09:45:57 +0800] "GET /xingrg/all/function/internal_message.html?_=1625622365338&CODE_STATE=getMsg HTTP/1.1" 200 27
183.192.88.201 - - [07/Jul/2021:09:45:57 +0800] "GET /xingrg/check_reg.html?_=1625622365340 HTTP/1.1" 200 22
180.169.147.146 - - [07/Jul/2021:09:45:59 +0800] "POST /xingrg/kc/buy/cgsh_list_operate.html HTTP/1.1" 200 5237
116.230.110.80 - - [07/Jul/2021:09:46:04 +0800] "GET /xingrg/kc/buy/cgsh_order_operate.html?command=get_materiel&rest_code=00155&code=00101008362&supplier_code=00100005&order_time=2021-07-07 HTTP/1.1" 200 408
180.169.147.146 - - [07/Jul/2021:09:46:05 +0800] "GET /xingrg/all/function/internal_message.html?_=1625622370304&CODE_STATE=getMsg HTTP/1.1" 200 27
221.239.195.6 - - [07/Jul/2021:09:46:05 +0800] "GET /xingrg/kc/buy/cgsh_order_operate.html?command=get_materiel&rest_code=00105&code=00101009059&supplier_code=00100397&order_time=2021-07-07 HTTP/1.1" 200 409
116.230.117.165 - - [07/Jul/2021:09:46:14 +0800] "GET /xingrg/all/function/internal_message.html?_=1625622387161&CODE_STATE=getMsg HTTP/1.1" 200 27
116.232.55.111 - - [07/Jul/2021:09:46:14 +0800] "GET /xingrg/all/function/internal_message.html?_=1625622379940&CODE_STATE=getMsg HTTP/1.1" 200 27
116.230.114.112 - - [07/Jul/2021:09:46:15 +0800] "GET /xingrg/all/function/internal_message.html?_=1625622388208&CODE_STATE=getMsg HTTP/1.1" 302 -
221.239.195.6 - - [07/Jul/2021:09:46:20 +0800] "GET /xingrg/all/function/internal_message.html?_=1625622385260&CODE_STATE=getMsg HTTP/1.1" 200 27
116.224.113.155 - - [07/Jul/2021:09:46:21 +0800] "GET /xingrg/check_reg.html?_=1625622374559 HTTP/1.1" 200 22
116.224.113.155 - - [07/Jul/2021:09:46:21 +0800] "GET /xingrg/all/function/internal_message.html?_=1625622374613&CODE_STATE=getMsg HTTP/1.1" 200 27
180.169.147.146 - - [07/Jul/2021:09:46:25 +0800] "POST /xingrg/kc/buy/cgsh_list_operate.html HTTP/1.1" 200 575
116.230.110.80 - - [07/Jul/2021:09:46:25 +0800] "GET /xingrg/all/function/internal_message.html?_=1625622388435&CODE_STATE=getMsg HTTP/1.1" 200 27
180.169.147.146 - - [07/Jul/2021:09:46:26 +0800] "GET /xingrg/kc/buy/cgsh_order_info.html?code=212021070602536 HTTP/1.1" 200 62644
180.169.147.146 - - [07/Jul/2021:09:46:26 +0800] "GET /xingrg/words/20210706101155_words.js HTTP/1.1" 304 -
180.169.147.146 - - [07/Jul/2021:09:46:26 +0800] "GET /xingrg/all/common/auto_word.html?type=employee&rest_code=00147 HTTP/1.1" 200 101
180.169.147.146 - - [07/Jul/2021:09:46:26 +0800] "GET /xingrg/all/common/auto_word.html?type=employee&rest_code=00147 HTTP/1.1" 200 101
180.169.147.146 - - [07/Jul/2021:09:46:26 +0800] "GET /xingrg/javascript/easyui/themes/default/validatebox.css HTTP/1.1" 404 1104
180.169.147.146 - - [07/Jul/2021:09:46:27 +0800] "POST /xingrg/kc/buy/cgsh_order_operate.html HTTP/1.1" 200 5641
222.70.176.145 - - [07/Jul/2021:09:46:28 +0800] "GET /xingrg/all/function/internal_message.html?_=1625622391059&CODE_STATE=getMsg HTTP/1.1" 200 27
101.85.107.54 - - [07/Jul/2021:09:46:29 +0800] "GET /xingrg/all/function/internal_message.html?_=1625621817368&CODE_STATE=getMsg HTTP/1.1" 200 27
180.169.147.146 - - [07/Jul/2021:09:46:30 +0800] "GET /xingrg/javascript/auto/indicator.gif HTTP/1.1" 404 1066
120.253.135.82 - - [07/Jul/2021:09:46:34 +0800] "GET /xingrg/all/function/internal_message.html?_=1625622181735&CODE_STATE=getMsg HTTP/1.1" 200 27
180.169.147.146 - - [07/Jul/2021:09:46:38 +0800] "POST /xingrg/kc/buy/cgsh_order_operate.html HTTP/1.1" 200 37
221.239.195.6 - - [07/Jul/2021:09:46:41 +0800] "GET /xingrg/kc/buy/cgsh_order_operate.html?command=get_materiel&rest_code=00105&code=00101009016&supplier_code=00100397&order_time=2021-07-07 HTTP/1.1" 200 412
116.224.113.155 - - [07/Jul/2021:09:46:41 +0800] "GET /xingrg/all/function/internal_message.html?_=1625622402425&CODE_STATE=getMsg HTTP/1.1" 200 27
116.230.110.80 - - [07/Jul/2021:09:46:43 +0800] "GET /xingrg/kc/buy/cgsh_order_operate.html?command=get_materiel&rest_code=00155&code=00101008360&supplier_code=00100005&order_time=2021-07-07 HTTP/1.1" 200 412
222.69.131.6 - - [07/Jul/2021:09:46:47 +0800] "GET /xingrg/all/function/internal_message.html?_=1625622413586&CODE_STATE=getMsg HTTP/1.1" 200 27
58.37.5.217 - - [07/Jul/2021:09:46:50 +0800] "GET /xingrg/all/function/internal_message.html?_=1625622413963&CODE_STATE=getMsg HTTP/1.1" 200 27
116.230.110.80 - - [07/Jul/2021:09:46:53 +0800] "GET /xingrg/kc/buy/cgsh_order_operate.html?command=get_materiel&rest_code=00155&code=00101008223&supplier_code=00100005&order_time=2021-07-07 HTTP/1.1" 200 412
183.192.88.201 - - [07/Jul/2021:09:46:57 +0800] "GET /xingrg/all/function/internal_message.html?_=1625622425345&CODE_STATE=getMsg HTTP/1.1" 200 27
116.230.110.80 - - [07/Jul/2021:09:47:05 +0800] "GET /xingrg/kc/buy/cgsh_order_operate.html?command=get_materiel&rest_code=00155&code=00101008136&supplier_code=00100005&order_time=2021-07-07 HTTP/1.1" 200 413
180.169.147.146 - - [07/Jul/2021:09:47:05 +0800] "GET /xingrg/all/function/internal_message.html?_=1625622430309&CODE_STATE=getMsg HTTP/1.1" 200 27
180.169.147.146 - - [07/Jul/2021:09:47:05 +0800] "GET /xingrg/check_reg.html?_=1625622430314 HTTP/1.1" 200 22
116.230.110.80 - - [07/Jul/2021:09:47:12 +0800] "POST /xingrg/kc/buy/cgsh_order_operate.html HTTP/1.1" 200 2065
116.230.117.165 - - [07/Jul/2021:09:47:14 +0800] "GET /xingrg/all/function/internal_message.html?_=1625622447175&CODE_STATE=getMsg HTTP/1.1" 200 27
116.232.55.111 - - [07/Jul/2021:09:47:14 +0800] "GET /xingrg/all/function/internal_message.html?_=1625622439943&CODE_STATE=getMsg HTTP/1.1" 200 27
116.232.55.111 - - [07/Jul/2021:09:47:14 +0800] "GET /xingrg/check_reg.html?_=1625622439944 HTTP/1.1" 200 22
116.230.114.112 - - [07/Jul/2021:09:47:15 +0800] "GET /xingrg/all/function/internal_message.html?_=1625622448226&CODE_STATE=getMsg HTTP/1.1" 302 -
221.239.195.6 - - [07/Jul/2021:09:47:18 +0800] "POST /xingrg/kc/buy/cgsh_order_operate.html HTTP/1.1" 200 37
221.239.195.6 - - [07/Jul/2021:09:47:20 +0800] "GET /xingrg/all/function/internal_message.html?_=1625622445246&CODE_STATE=getMsg HTTP/1.1" 200 27
221.239.195.6 - - [07/Jul/2021:09:47:20 +0800] "POST /xingrg/kc/buy/cgsh_order_operate.html HTTP/1.1" 200 6814
116.224.113.155 - - [07/Jul/2021:09:47:21 +0800] "GET /xingrg/all/function/internal_message.html?_=1625622434625&CODE_STATE=getMsg HTTP/1.1" 200 27
221.239.195.6 - - [07/Jul/2021:09:47:21 +0800] "GET /xingrg/kc/print/load_data.html?order_code=212021070702738&kc_code=cgsh&condition= HTTP/1.1" 200 2254
116.230.110.80 - - [07/Jul/2021:09:47:25 +0800] "GET /xingrg/all/function/internal_message.html?_=1625622448406&CODE_STATE=getMsg HTTP/1.1" 200 27
116.230.110.80 - - [07/Jul/2021:09:47:26 +0800] "GET /xingrg/kc/buy/cgsh_order_operate.html?command=get_materiel&rest_code=00155&code=00101008197&supplier_code=00100005&order_time=2021-07-07 HTTP/1.1" 200 416
222.70.176.145 - - [07/Jul/2021:09:47:28 +0800] "GET /xingrg/all/function/internal_message.html?_=1625622451042&CODE_STATE=getMsg HTTP/1.1" 200 27
101.85.107.54 - - [07/Jul/2021:09:47:29 +0800] "GET /xingrg/all/function/internal_message.html?_=1625621877355&CODE_STATE=getMsg HTTP/1.1" 200 27
221.239.195.6 - - [07/Jul/2021:09:47:30 +0800] "GET /xingrg/kc/buy/cgsh_order_add.html HTTP/1.1" 200 62722
221.239.195.6 - - [07/Jul/2021:09:47:30 +0800] "POST /xingrg/kc/buy/cgsh_order_operate.html HTTP/1.1" 200 8245
221.239.195.6 - - [07/Jul/2021:09:47:30 +0800] "GET /xingrg/javascript/easyui/themes/default/validatebox.css HTTP/1.1" 404 1104
120.253.135.82 - - [07/Jul/2021:09:47:34 +0800] "GET /xingrg/all/function/internal_message.html?_=1625622241748&CODE_STATE=getMsg HTTP/1.1" 200 27
116.224.113.155 - - [07/Jul/2021:09:47:41 +0800] "GET /xingrg/all/function/internal_message.html?_=1625622462446&CODE_STATE=getMsg HTTP/1.1" 200 27
221.239.195.6 - - [07/Jul/2021:09:47:43 +0800] "GET /xingrg/kc/buy/cgsh_order_list.html HTTP/1.1" 200 46937
222.69.131.6 - - [07/Jul/2021:09:47:47 +0800] "GET /xingrg/all/function/internal_message.html?_=1625622473592&CODE_STATE=getMsg HTTP/1.1" 200 27
180.169.147.146 - - [07/Jul/2021:09:47:47 +0800] "POST /xingrg/kc/buy/cgsh_order_operate.html HTTP/1.1" 200 5641
221.239.195.6 - - [07/Jul/2021:09:47:48 +0800] "POST /xingrg/kc/buy/cgsh_list_operate.html HTTP/1.1" 200 2785
58.37.5.217 - - [07/Jul/2021:09:47:50 +0800] "GET /xingrg/check_reg.html?_=1625622473967 HTTP/1.1" 200 22
58.37.5.217 - - [07/Jul/2021:09:47:50 +0800] "GET /xingrg/all/function/internal_message.html?_=1625622473964&CODE_STATE=getMsg HTTP/1.1" 200 27
221.239.195.6 - - [07/Jul/2021:09:47:51 +0800] "POST /xingrg/kc/buy/cgsh_list_operate.html HTTP/1.1" 200 580
221.239.195.6 - - [07/Jul/2021:09:47:51 +0800] "GET /xingrg/kc/buy/cgsh_order_info.html?code=212021070702738 HTTP/1.1" 200 62733
221.239.195.6 - - [07/Jul/2021:09:47:51 +0800] "GET /xingrg/javascript/easyui/themes/default/validatebox.css HTTP/1.1" 404 1104
221.239.195.6 - - [07/Jul/2021:09:47:52 +0800] "POST /xingrg/kc/buy/cgsh_order_operate.html HTTP/1.1" 200 6814
116.230.110.80 - - [07/Jul/2021:09:47:55 +0800] "GET /xingrg/kc/buy/cgsh_order_operate.html?command=get_materiel&rest_code=00155&code=00101008238&supplier_code=00100005&order_time=2021-07-07 HTTP/1.1" 200 416
183.192.88.201 - - [07/Jul/2021:09:47:57 +0800] "GET /xingrg/all/function/internal_message.html?_=1625622485340&CODE_STATE=getMsg HTTP/1.1" 200 27
221.239.195.6 - - [07/Jul/2021:09:48:00 +0800] "POST /xingrg/kc/buy/cgsh_order_operate.html HTTP/1.1" 200 37
221.239.195.6 - - [07/Jul/2021:09:48:01 +0800] "POST /xingrg/kc/buy/cgsh_order_operate.html HTTP/1.1" 200 6814
221.239.195.6 - - [07/Jul/2021:09:48:02 +0800] "GET /xingrg/index.html?sysBaseUrl=http%3A%2F%2F180.169.147.146%3A18081%2Fxingrg%2F&costTime=36×tamp=1585222720700 HTTP/1.1" 200 17173
