58.37.225.51 - - [07/Jul/2021:11:03:41 +0800] "GET /xingrg/kc/buy/cgsh_order_add.html HTTP/1.1" 200 62681
58.37.225.51 - - [07/Jul/2021:11:03:41 +0800] "POST /xingrg/kc/buy/cgsh_order_operate.html HTTP/1.1" 200 8245
58.37.225.51 - - [07/Jul/2021:11:03:41 +0800] "GET /xingrg/javascript/easyui/themes/default/validatebox.css HTTP/1.1" 404 1104
58.37.5.217 - - [07/Jul/2021:11:03:41 +0800] "GET /xingrg/javascript/easyui/themes/default/tree.css HTTP/1.1" 404 1090
58.37.5.217 - - [07/Jul/2021:11:03:42 +0800] "POST /xingrg/all/common/load_tree.html?tree=supplier_tree_json&isDelete=1 HTTP/1.1" 200 56276
58.40.7.146 - - [07/Jul/2021:11:03:42 +0800] "GET /xingrg/all/function/internal_message.html?_=1625627027193&CODE_STATE=getMsg HTTP/1.1" 200 27
58.40.7.146 - - [07/Jul/2021:11:03:42 +0800] "GET /xingrg/check_reg.html?_=1625627027196 HTTP/1.1" 200 22
116.230.110.80 - - [07/Jul/2021:11:03:43 +0800] "GET /xingrg/kc/buy/cgsh_order_operate.html?command=get_materiel&rest_code=00155&code=00101004038&supplier_code=00100199&order_time=2021-07-07 HTTP/1.1" 200 429
221.239.195.6 - - [07/Jul/2021:11:03:43 +0800] "GET /xingrg/kc/base/wldb_order_operate.html?command=get_materiel&rest_code=00105&base_code=0010507&code=00101019071 HTTP/1.1" 200 455
222.69.131.6 - - [07/Jul/2021:11:03:47 +0800] "GET /xingrg/all/function/internal_message.html?_=1625627033855&CODE_STATE=getMsg HTTP/1.1" 200 27
222.69.131.6 - - [07/Jul/2021:11:03:47 +0800] "GET /xingrg/check_reg.html?_=1625627033857 HTTP/1.1" 200 22
180.169.147.146 - - [07/Jul/2021:11:03:48 +0800] "GET /xingrg/all/function/internal_message.html?_=1625627034933&CODE_STATE=getMsg HTTP/1.1" 200 27
58.37.5.217 - - [07/Jul/2021:11:03:49 +0800] "GET /xingrg/all/function/internal_message.html?_=1625627570522&CODE_STATE=getMsg HTTP/1.1" 200 27
116.224.113.155 - - [07/Jul/2021:11:03:49 +0800] "GET /xingrg/kc/buy/cgsh_order_operate.html?command=get_materiel&rest_code=00151&code=00101020160&supplier_code=00100329&order_time=2021-07-07 HTTP/1.1" 200 414
101.83.241.165 - - [07/Jul/2021:11:03:50 +0800] "GET /xingrg/all/function/internal_message.html?_=1625627035134&CODE_STATE=getMsg HTTP/1.1" 200 27
58.37.225.51 - - [07/Jul/2021:11:03:53 +0800] "GET /xingrg/kc/buy/cgsh_order_operate.html?command=get_materiel&rest_code=00141&code=00101002007&supplier_code=00100442&order_time=2021-07-07 HTTP/1.1" 200 409
221.239.195.6 - - [07/Jul/2021:11:03:53 +0800] "GET /xingrg/kc/base/wldb_order_operate.html?command=get_materiel&rest_code=00105&base_code=0010507&code=00101019185 HTTP/1.1" 200 455
180.169.147.146 - - [07/Jul/2021:11:03:54 +0800] "GET /xingrg/kc/buy/cgsh_order_operate.html?command=get_materiel&rest_code=00147&code=00101008004&supplier_code=00100007&order_time=2021-07-07 HTTP/1.1" 200 416
117.184.7.26 - - [07/Jul/2021:11:03:56 +0800] "GET /xingrg/check_reg.html?_=1625627035804 HTTP/1.1" 200 22
117.184.7.26 - - [07/Jul/2021:11:03:56 +0800] "GET /xingrg/all/function/internal_message.html?_=1625627035795&CODE_STATE=getMsg HTTP/1.1" 200 27
183.192.88.201 - - [07/Jul/2021:11:03:57 +0800] "GET /xingrg/all/function/internal_message.html?_=1625627045372&CODE_STATE=getMsg HTTP/1.1" 200 27
116.224.113.155 - - [07/Jul/2021:11:03:58 +0800] "GET /xingrg/kc/buy/cgsh_order_operate.html?command=get_materiel&rest_code=00151&code=00101009027&supplier_code=00100329&order_time=2021-07-07 HTTP/1.1" 200 415
221.239.195.6 - - [07/Jul/2021:11:04:00 +0800] "GET /xingrg/all/function/internal_message.html?_=1625627014065&CODE_STATE=getMsg HTTP/1.1" 200 27
58.37.5.217 - - [07/Jul/2021:11:04:00 +0800] "GET /xingrg/kc/buy/cgsh_order_operate.html?command=get_materiel&rest_code=00106&code=00101001140&supplier_code=00100319&order_time=2021-07-07 HTTP/1.1" 200 415
116.224.113.155 - - [07/Jul/2021:11:04:01 +0800] "GET /xingrg/check_reg.html?_=1625627034975 HTTP/1.1" 200 22
116.230.110.80 - - [07/Jul/2021:11:04:01 +0800] "GET /xingrg/all/function/internal_message.html?_=1625627046405&CODE_STATE=getMsg HTTP/1.1" 200 27
116.230.110.80 - - [07/Jul/2021:11:04:01 +0800] "GET /xingrg/check_reg.html?_=1625627046408 HTTP/1.1" 200 22
116.224.113.155 - - [07/Jul/2021:11:04:01 +0800] "GET /xingrg/all/function/internal_message.html?_=1625627035220&CODE_STATE=getMsg HTTP/1.1" 200 27
180.169.147.146 - - [07/Jul/2021:11:04:04 +0800] "GET /xingrg/kc/buy/cgsh_order_operate.html?command=get_materiel&rest_code=00147&code=00101008185&supplier_code=00100007&order_time=2021-07-07 HTTP/1.1" 200 408
180.169.147.146 - - [07/Jul/2021:11:04:05 +0800] "GET /xingrg/all/function/internal_message.html?_=1625627050310&CODE_STATE=getMsg HTTP/1.1" 200 27
221.239.195.6 - - [07/Jul/2021:11:04:05 +0800] "GET /xingrg/kc/base/wldb_order_operate.html?command=get_materiel&rest_code=00105&base_code=0010507&code=00101019133 HTTP/1.1" 200 466
222.70.176.145 - - [07/Jul/2021:11:04:07 +0800] "GET /xingrg/all/function/internal_message.html?_=1625627049608&CODE_STATE=getMsg HTTP/1.1" 200 27
58.37.225.51 - - [07/Jul/2021:11:04:09 +0800] "GET /xingrg/kc/buy/cgsh_order_operate.html?command=get_materiel&rest_code=00141&code=00101002022&supplier_code=00100442&order_time=2021-07-07 HTTP/1.1" 200 409
120.253.135.82 - - [07/Jul/2021:11:04:09 +0800] "GET /xingrg/all/function/internal_message.html?_=1625626836781&CODE_STATE=getMsg HTTP/1.1" 200 27
58.40.7.146 - - [07/Jul/2021:11:04:10 +0800] "GET /xingrg/all/function/internal_message.html?_=1625627055021&CODE_STATE=getMsg HTTP/1.1" 200 27
180.169.147.146 - - [07/Jul/2021:11:04:12 +0800] "GET /xingrg/kc/buy/cgsh_order_operate.html?command=get_materiel&rest_code=00147&code=00101010196&supplier_code=00100007&order_time=2021-07-07 HTTP/1.1" 200 416
116.224.113.155 - - [07/Jul/2021:11:04:13 +0800] "GET /xingrg/all/function/internal_message.html?_=1625627053697&CODE_STATE=getMsg HTTP/1.1" 200 27
116.230.114.112 - - [07/Jul/2021:11:04:13 +0800] "GET /xingrg/check_reg.html?_=1625627066810 HTTP/1.1" 302 -
116.232.55.111 - - [07/Jul/2021:11:04:14 +0800] "GET /xingrg/all/function/internal_message.html?_=1625627060133&CODE_STATE=getMsg HTTP/1.1" 200 27
116.230.114.112 - - [07/Jul/2021:11:04:16 +0800] "GET /xingrg/all/function/internal_message.html?_=1625627069268&CODE_STATE=getMsg HTTP/1.1" 302 -
116.224.113.155 - - [07/Jul/2021:11:04:17 +0800] "POST /xingrg/kc/buy/cgsh_order_operate.html HTTP/1.1" 200 37
58.37.5.217 - - [07/Jul/2021:11:04:18 +0800] "GET /xingrg/check_reg.html?_=1625627063974 HTTP/1.1" 200 22
58.37.5.217 - - [07/Jul/2021:11:04:18 +0800] "GET /xingrg/all/function/internal_message.html?_=1625627063975&CODE_STATE=getMsg HTTP/1.1" 200 27
180.169.147.146 - - [07/Jul/2021:11:04:19 +0800] "GET /xingrg/kc/buy/cgsh_order_operate.html?command=get_materiel&rest_code=00147&code=00101008238&supplier_code=00100007&order_time=2021-07-07 HTTP/1.1" 200 416
180.169.147.146 - - [07/Jul/2021:11:04:21 +0800] "POST /xingrg/kc/buy/cgsh_order_operate.html HTTP/1.1" 200 2065
116.230.117.165 - - [07/Jul/2021:11:04:21 +0800] "GET /xingrg/all/function/internal_message.html?_=1625627074617&CODE_STATE=getMsg HTTP/1.1" 200 27
221.239.195.6 - - [07/Jul/2021:11:04:21 +0800] "GET /xingrg/kc/base/wldb_order_operate.html?command=get_materiel&rest_code=00105&base_code=0010507&code=00101019111 HTTP/1.1" 200 453
116.224.113.155 - - [07/Jul/2021:11:04:21 +0800] "POST /xingrg/kc/buy/cgsh_order_operate.html HTTP/1.1" 200 12
116.224.113.155 - - [07/Jul/2021:11:04:22 +0800] "GET /xingrg/kc/buy/cgsh_order_info.html?code=212021070702842 HTTP/1.1" 200 57223
116.224.113.155 - - [07/Jul/2021:11:04:22 +0800] "GET /xingrg/javascript/easyui/themes/default/validatebox.css HTTP/1.1" 404 1104
58.37.5.217 - - [07/Jul/2021:11:04:23 +0800] "GET /xingrg/kc/buy/cgsh_order_operate.html?command=get_materiel&rest_code=00106&code=00101001125&supplier_code=00100319&order_time=2021-07-07 HTTP/1.1" 200 415
116.224.113.155 - - [07/Jul/2021:11:04:23 +0800] "POST /xingrg/kc/buy/cgsh_order_operate.html HTTP/1.1" 200 1203
180.162.112.86 - - [07/Jul/2021:11:04:26 +0800] "GET /xingrg/all/function/internal_message.html?_=1625626726691&CODE_STATE=getMsg HTTP/1.1" 200 27
58.37.225.51 - - [07/Jul/2021:11:04:26 +0800] "POST /xingrg/kc/buy/cgsh_order_operate.html HTTP/1.1" 200 37
116.224.113.155 - - [07/Jul/2021:11:04:26 +0800] "GET /xingrg/kc/print/load_data.html?order_code=212021070702842&kc_code=cgsh&condition= HTTP/1.1" 200 938
221.239.195.6 - - [07/Jul/2021:11:04:27 +0800] "GET /xingrg/all/function/internal_message.html?_=1625627072285&CODE_STATE=getMsg HTTP/1.1" 200 27
180.169.147.146 - - [07/Jul/2021:11:04:28 +0800] "GET /xingrg/kc/buy/cgsh_order_operate.html?command=get_materiel&rest_code=00147&code=00101008010&supplier_code=00100007&order_time=2021-07-07 HTTP/1.1" 200 412
101.85.107.54 - - [07/Jul/2021:11:04:29 +0800] "GET /xingrg/all/function/internal_message.html?_=1625626497483&CODE_STATE=getMsg HTTP/1.1" 200 27
58.37.225.51 - - [07/Jul/2021:11:04:30 +0800] "POST /xingrg/kc/buy/cgsh_order_operate.html HTTP/1.1" 200 12
58.37.225.51 - - [07/Jul/2021:11:04:31 +0800] "GET /xingrg/kc/buy/cgsh_order_info.html?code=212021070702843 HTTP/1.1" 200 57591
58.37.225.51 - - [07/Jul/2021:11:04:31 +0800] "GET /xingrg/javascript/easyui/themes/default/validatebox.css HTTP/1.1" 404 1104
116.235.222.38 - - [07/Jul/2021:11:04:32 +0800] "GET /xingrg/all/function/internal_message.html?_=1625627071714&CODE_STATE=getMsg HTTP/1.1" 200 27
58.37.225.51 - - [07/Jul/2021:11:04:32 +0800] "POST /xingrg/kc/buy/cgsh_order_operate.html HTTP/1.1" 200 1194
58.37.225.51 - - [07/Jul/2021:11:04:33 +0800] "GET /xingrg/kc/print/load_data.html?order_code=212021070702843&kc_code=cgsh&condition= HTTP/1.1" 200 931
58.37.5.217 - - [07/Jul/2021:11:04:36 +0800] "GET /xingrg/check_reg.html?_=1625627079817 HTTP/1.1" 200 22
58.37.225.51 - - [07/Jul/2021:11:04:36 +0800] "GET /xingrg/kc/buy/cgsh_order_add.html HTTP/1.1" 200 62681
58.37.225.51 - - [07/Jul/2021:11:04:37 +0800] "POST /xingrg/kc/buy/cgsh_order_operate.html HTTP/1.1" 200 8245
58.37.225.51 - - [07/Jul/2021:11:04:37 +0800] "GET /xingrg/javascript/easyui/themes/default/validatebox.css HTTP/1.1" 404 1104
58.37.5.217 - - [07/Jul/2021:11:04:37 +0800] "POST /xingrg/kc/buy/cgsh_order_operate.html HTTP/1.1" 200 37
58.37.225.51 - - [07/Jul/2021:11:04:38 +0800] "GET /xingrg/all/function/internal_message.html?_=1625627004658&CODE_STATE=getMsg HTTP/1.1" 200 27
58.37.225.51 - - [07/Jul/2021:11:04:39 +0800] "GET /xingrg/check_reg.html?_=1625627004955 HTTP/1.1" 200 22
58.37.5.217 - - [07/Jul/2021:11:04:40 +0800] "GET /xingrg/all/function/internal_message.html?_=1625627083221&CODE_STATE=getMsg HTTP/1.1" 200 27
58.37.5.217 - - [07/Jul/2021:11:04:41 +0800] "POST /xingrg/kc/buy/cgsh_order_operate.html HTTP/1.1" 200 12
58.40.7.146 - - [07/Jul/2021:11:04:42 +0800] "GET /xingrg/all/function/internal_message.html?_=1625627087198&CODE_STATE=getMsg HTTP/1.1" 200 27
180.169.147.146 - - [07/Jul/2021:11:04:42 +0800] "GET /xingrg/kc/buy/cgsh_order_operate.html?command=get_materiel&rest_code=00147&code=00101008437&supplier_code=00100007&order_time=2021-07-07 HTTP/1.1" 200 396
58.37.5.217 - - [07/Jul/2021:11:04:43 +0800] "GET /xingrg/kc/buy/cgsh_order_info.html?code=212021070702844 HTTP/1.1" 200 57587
58.37.5.217 - - [07/Jul/2021:11:04:43 +0800] "GET /xingrg/javascript/easyui/themes/default/validatebox.css HTTP/1.1" 404 1104
58.37.5.217 - - [07/Jul/2021:11:04:44 +0800] "POST /xingrg/kc/buy/cgsh_order_operate.html HTTP/1.1" 200 1209
58.37.225.51 - - [07/Jul/2021:11:04:46 +0800] "GET /xingrg/kc/buy/cgsh_order_operate.html?command=get_materiel&rest_code=00141&code=00101001115&supplier_code=00100089&order_time=2021-07-07 HTTP/1.1" 200 415
180.174.237.246 - - [07/Jul/2021:11:04:46 +0800] "GET /xingrg/login.html HTTP/1.1" 200 7641
180.174.237.246 - - [07/Jul/2021:11:04:47 +0800] "GET /favicon.ico HTTP/1.1" 404 -
222.69.131.6 - - [07/Jul/2021:11:04:47 +0800] "GET /xingrg/all/function/internal_message.html?_=1625627093855&CODE_STATE=getMsg HTTP/1.1" 200 27
180.174.237.246 - - [07/Jul/2021:11:04:48 +0800] "POST /xingrg/login.do HTTP/1.1" 302 -
180.174.237.246 - - [07/Jul/2021:11:04:48 +0800] "GET /xingrg/index.html?sysBaseUrl=http%3A%2F%2F180.169.147.146%3A18081%2Fxingrg%2F&costTime=125×tamp=1625627088439 HTTP/1.1" 200 17173
180.174.237.246 - - [07/Jul/2021:11:04:48 +0800] "GET /xingrg/javascript/jquery_easy_ui/themes/default/easyui.css HTTP/1.1" 304 -
180.174.237.246 - - [07/Jul/2021:11:04:48 +0800] "GET /xingrg/css/form.css HTTP/1.1" 304 -
180.174.237.246 - - [07/Jul/2021:11:04:48 +0800] "GET /xingrg/javascript/jquery_easy_ui/themes/icon.css HTTP/1.1" 304 -
180.174.237.246 - - [07/Jul/2021:11:04:48 +0800] "GET /xingrg/javascript/jquery-1.4.2.min.js HTTP/1.1" 304 -
180.174.237.246 - - [07/Jul/2021:11:04:48 +0800] "GET /xingrg/javascript/jquery.utils.js HTTP/1.1" 304 -
180.174.237.246 - - [07/Jul/2021:11:04:48 +0800] "GET /xingrg/javascript/jquery_easy_ui/jquery.easyui.min.js HTTP/1.1" 304 -
180.174.237.246 - - [07/Jul/2021:11:04:48 +0800] "GET /xingrg/javascript/jquery_easy_ui/easyui-lang-zh_CN.js HTTP/1.1" 304 -
180.174.237.246 - - [07/Jul/2021:11:04:48 +0800] "GET /xingrg/javascript/jquery.form.js HTTP/1.1" 304 -
180.174.237.246 - - [07/Jul/2021:11:04:48 +0800] "GET /xingrg/javascript/jquery.timers.js HTTP/1.1" 304 -
180.169.147.146 - - [07/Jul/2021:11:04:48 +0800] "GET /xingrg/all/function/internal_message.html?_=1625627094936&CODE_STATE=getMsg HTTP/1.1" 200 27
180.174.237.246 - - [07/Jul/2021:11:04:48 +0800] "POST /xingrg/all/common/load_tree.html?tree=area_rest_tree_json&manage=1 HTTP/1.1" 200 342
58.37.5.217 - - [07/Jul/2021:11:04:48 +0800] "GET /xingrg/kc/print/load_data.html?order_code=212021070702844&kc_code=cgsh&condition= HTTP/1.1" 200 939
180.174.237.246 - - [07/Jul/2021:11:04:48 +0800] "GET /xingrg/all/function/internal_message.html?_=1625627101422&CODE_STATE=count HTTP/1.1" 200 11
180.174.237.246 - - [07/Jul/2021:11:04:48 +0800] "GET /xingrg/check_reg.html?_=1625627101424 HTTP/1.1" 200 22
180.174.237.246 - - [07/Jul/2021:11:04:48 +0800] "POST /xingrg/load_menu.html HTTP/1.1" 200 5138
180.174.237.246 - - [07/Jul/2021:11:04:49 +0800] "GET /favicon.ico HTTP/1.1" 404 -
58.37.5.217 - - [07/Jul/2021:11:04:49 +0800] "GET /xingrg/all/function/internal_message.html?_=1625627630659&CODE_STATE=getMsg HTTP/1.1" 200 27
58.37.5.217 - - [07/Jul/2021:11:04:49 +0800] "GET /xingrg/check_reg.html?_=1625627631050 HTTP/1.1" 200 22
101.83.241.165 - - [07/Jul/2021:11:04:50 +0800] "GET /xingrg/all/function/internal_message.html?_=1625627095138&CODE_STATE=getMsg HTTP/1.1" 200 27
180.169.147.146 - - [07/Jul/2021:11:04:50 +0800] "GET /xingrg/kc/buy/cgsh_order_operate.html?command=get_materiel&rest_code=00147&code=00101008182&supplier_code=00100007&order_time=2021-07-07 HTTP/1.1" 200 412
180.174.237.246 - - [07/Jul/2021:11:04:52 +0800] "GET /xingrg/css/base.css HTTP/1.1" 304 -
180.174.237.246 - - [07/Jul/2021:11:04:52 +0800] "GET /xingrg/css/site.css HTTP/1.1" 304 -
180.174.237.246 - - [07/Jul/2021:11:04:52 +0800] "GET /xingrg/javascript/jquery_tools/datebox.css HTTP/1.1" 304 -
180.174.237.246 - - [07/Jul/2021:11:04:52 +0800] "GET /xingrg/javascript/easyui/themes/default/easyui.css HTTP/1.1" 304 -
180.174.237.246 - - [07/Jul/2021:11:04:52 +0800] "GET /xingrg/javascript/easyui/themes/icon.css HTTP/1.1" 304 -
180.174.237.246 - - [07/Jul/2021:11:04:52 +0800] "GET /xingrg/javascript/auto/jquery.autocomplete.css HTTP/1.1" 304 -
180.174.237.246 - - [07/Jul/2021:11:04:52 +0800] "GET /xingrg/javascript/jquery_tools/fix.css HTTP/1.1" 304 -
180.174.237.246 - - [07/Jul/2021:11:04:52 +0800] "GET /xingrg/javascript/jquery_tools/table.css HTTP/1.1" 304 -
180.174.237.246 - - [07/Jul/2021:11:04:52 +0800] "GET /xingrg/javascript/jquery_tools/jquery.tools.min.js HTTP/1.1" 304 -
180.174.237.246 - - [07/Jul/2021:11:04:52 +0800] "GET /xingrg/kc/buy/cgsh_order_list.html HTTP/1.1" 200 46937
180.174.237.246 - - [07/Jul/2021:11:04:52 +0800] "GET /xingrg/javascript/jquery_tools/jquery.tools.hotkey.js HTTP/1.1" 304 -
180.174.237.246 - - [07/Jul/2021:11:04:52 +0800] "GET /xingrg/javascript/jquery_tools/jquery.tools.extend.js HTTP/1.1" 304 -
180.174.237.246 - - [07/Jul/2021:11:04:52 +0800] "GET /xingrg/javascript/jquery_tools/jquery.tools.table.js HTTP/1.1" 304 -
180.174.237.246 - - [07/Jul/2021:11:04:52 +0800] "GET /xingrg/javascript/jquery_tools/list_manager.js HTTP/1.1" 304 -
180.174.237.246 - - [07/Jul/2021:11:04:52 +0800] "GET /xingrg/javascript/auto/jquery.autocomplete.js HTTP/1.1" 304 -
180.174.237.246 - - [07/Jul/2021:11:04:52 +0800] "GET /xingrg/javascript/easyui/easyloader.js HTTP/1.1" 304 -
180.174.237.246 - - [07/Jul/2021:11:04:52 +0800] "GET /xingrg/javascript/jquery.cookie.js HTTP/1.1" 304 -
180.174.237.246 - - [07/Jul/2021:11:04:52 +0800] "GET /xingrg/javascript/print/LodopFuncs.js HTTP/1.1" 304 -
180.174.237.246 - - [07/Jul/2021:11:04:52 +0800] "GET /xingrg/javascript/easyui/plugins/jquery.parser.js HTTP/1.1" 304 -
58.37.225.51 - - [07/Jul/2021:11:04:55 +0800] "POST /xingrg/kc/buy/cgsh_order_operate.html HTTP/1.1" 200 37
117.184.7.26 - - [07/Jul/2021:11:04:56 +0800] "GET /xingrg/all/function/internal_message.html?_=1625627095816&CODE_STATE=getMsg HTTP/1.1" 200 27
183.192.88.201 - - [07/Jul/2021:11:04:57 +0800] "GET /xingrg/all/function/internal_message.html?_=1625627105374&CODE_STATE=getMsg HTTP/1.1" 200 27
120.253.135.82 - - [07/Jul/2021:11:04:58 +0800] "GET /xingrg/check_reg.html?_=1625626885635 HTTP/1.1" 200 22
58.37.5.217 - - [07/Jul/2021:11:04:58 +0800] "GET /xingrg/kc/buy/cgsh_order_add.html HTTP/1.1" 200 62675
58.37.5.217 - - [07/Jul/2021:11:04:58 +0800] "POST /xingrg/kc/buy/cgsh_order_operate.html HTTP/1.1" 200 8245
58.37.5.217 - - [07/Jul/2021:11:04:58 +0800] "GET /xingrg/javascript/easyui/themes/default/validatebox.css HTTP/1.1" 404 1104
58.37.5.217 - - [07/Jul/2021:11:05:00 +0800] "GET /xingrg/javascript/easyui/themes/default/tree.css HTTP/1.1" 404 1090
58.37.5.217 - - [07/Jul/2021:11:05:00 +0800] "POST /xingrg/all/common/load_tree.html?tree=supplier_tree_json&isDelete=1 HTTP/1.1" 200 56276
221.239.195.6 - - [07/Jul/2021:11:05:00 +0800] "GET /xingrg/all/function/internal_message.html?_=1625627074719&CODE_STATE=getMsg HTTP/1.1" 200 27
116.230.110.80 - - [07/Jul/2021:11:05:01 +0800] "GET /xingrg/all/function/internal_message.html?_=1625627106422&CODE_STATE=getMsg HTTP/1.1" 200 27
116.224.113.155 - - [07/Jul/2021:11:05:01 +0800] "GET /xingrg/all/function/internal_message.html?_=1625627095234&CODE_STATE=getMsg HTTP/1.1" 200 27
58.37.225.51 - - [07/Jul/2021:11:05:02 +0800] "POST /xingrg/kc/buy/cgsh_order_operate.html HTTP/1.1" 200 12
180.174.237.246 - - [07/Jul/2021:11:05:02 +0800] "POST /xingrg/kc/buy/cgsh_list_operate.html HTTP/1.1" 200 876
180.169.147.146 - - [07/Jul/2021:11:05:02 +0800] "GET /xingrg/kc/buy/cgsh_order_operate.html?command=get_materiel&rest_code=00147&code=00102010240&supplier_code=00100007&order_time=2021-07-07 HTTP/1.1" 200 412
58.37.225.51 - - [07/Jul/2021:11:05:04 +0800] "GET /xingrg/kc/buy/cgsh_order_info.html?code=212021070702845 HTTP/1.1" 200 57591
58.37.225.51 - - [07/Jul/2021:11:05:04 +0800] "GET /xingrg/javascript/easyui/themes/default/validatebox.css HTTP/1.1" 404 1104
58.37.225.51 - - [07/Jul/2021:11:05:05 +0800] "POST /xingrg/kc/buy/cgsh_order_operate.html HTTP/1.1" 200 609
180.169.147.146 - - [07/Jul/2021:11:05:05 +0800] "GET /xingrg/all/function/internal_message.html?_=1625627110318&CODE_STATE=getMsg HTTP/1.1" 200 27
116.235.222.38 - - [07/Jul/2021:11:05:05 +0800] "GET /xingrg/kc/print/load_data.html?order_code=212021070702836&kc_code=cgsh&condition= HTTP/1.1" 200 12096
58.37.225.51 - - [07/Jul/2021:11:05:06 +0800] "GET /xingrg/kc/print/load_data.html?order_code=212021070702845&kc_code=cgsh&condition= HTTP/1.1" 200 783
58.37.5.217 - - [07/Jul/2021:11:05:06 +0800] "POST /xingrg/kc/buy/cgsh_list_operate.html HTTP/1.1" 200 1699
222.70.176.145 - - [07/Jul/2021:11:05:07 +0800] "GET /xingrg/check_reg.html?_=1625627109597 HTTP/1.1" 200 22
222.70.176.145 - - [07/Jul/2021:11:05:07 +0800] "GET /xingrg/all/function/internal_message.html?_=1625627109600&CODE_STATE=getMsg HTTP/1.1" 200 27
180.169.147.146 - - [07/Jul/2021:11:05:08 +0800] "GET /xingrg/kc/buy/cgsh_order_operate.html?command=get_materiel&rest_code=00147&code=00101008175&supplier_code=00100007&order_time=2021-07-07 HTTP/1.1" 200 412
58.37.5.217 - - [07/Jul/2021:11:05:08 +0800] "POST /xingrg/kc/buy/cgsh_list_operate.html HTTP/1.1" 200 561
58.37.5.217 - - [07/Jul/2021:11:05:09 +0800] "GET /xingrg/kc/buy/cgsh_order_info.html?code=212021070702782 HTTP/1.1" 200 62690
120.253.135.82 - - [07/Jul/2021:11:05:09 +0800] "GET /xingrg/all/function/internal_message.html?_=1625626896787&CODE_STATE=getMsg HTTP/1.1" 200 27
58.37.5.217 - - [07/Jul/2021:11:05:09 +0800] "GET /xingrg/javascript/easyui/themes/default/validatebox.css HTTP/1.1" 404 1104
58.37.225.51 - - [07/Jul/2021:11:05:09 +0800] "GET /xingrg/kc/buy/cgsh_order_add.html HTTP/1.1" 200 62681
58.37.225.51 - - [07/Jul/2021:11:05:09 +0800] "POST /xingrg/kc/buy/cgsh_order_operate.html HTTP/1.1" 200 8245
58.37.225.51 - - [07/Jul/2021:11:05:09 +0800] "GET /xingrg/javascript/easyui/themes/default/validatebox.css HTTP/1.1" 404 1104
58.40.7.146 - - [07/Jul/2021:11:05:10 +0800] "GET /xingrg/all/function/internal_message.html?_=1625627115025&CODE_STATE=getMsg HTTP/1.1" 200 27
58.37.5.217 - - [07/Jul/2021:11:05:10 +0800] "POST /xingrg/kc/buy/cgsh_order_operate.html HTTP/1.1" 200 36345
58.37.5.217 - - [07/Jul/2021:11:05:12 +0800] "POST /xingrg/kc/buy/cgsh_list_operate.html HTTP/1.1" 200 1699
116.224.113.155 - - [07/Jul/2021:11:05:13 +0800] "GET /xingrg/all/function/internal_message.html?_=1625627113675&CODE_STATE=getMsg HTTP/1.1" 200 27
116.232.55.111 - - [07/Jul/2021:11:05:14 +0800] "GET /xingrg/all/function/internal_message.html?_=1625627120132&CODE_STATE=getMsg HTTP/1.1" 200 27
180.169.147.146 - - [07/Jul/2021:11:05:15 +0800] "GET /xingrg/kc/buy/cgsh_order_operate.html?command=get_materiel&rest_code=00147&code=00101008172&supplier_code=00100007&order_time=2021-07-07 HTTP/1.1" 200 412
116.230.114.112 - - [07/Jul/2021:11:05:16 +0800] "GET /xingrg/all/function/internal_message.html?_=1625627129286&CODE_STATE=getMsg HTTP/1.1" 302 -
58.37.5.217 - - [07/Jul/2021:11:05:18 +0800] "GET /xingrg/all/function/internal_message.html?_=1625627123973&CODE_STATE=getMsg HTTP/1.1" 200 27
116.230.110.80 - - [07/Jul/2021:11:05:21 +0800] "POST /xingrg/kc/buy/cgsh_order_operate.html HTTP/1.1" 200 37
116.230.117.165 - - [07/Jul/2021:11:05:21 +0800] "GET /xingrg/all/function/internal_message.html?_=1625627134874&CODE_STATE=getMsg HTTP/1.1" 200 27
58.37.225.51 - - [07/Jul/2021:11:05:23 +0800] "GET /xingrg/kc/buy/cgsh_order_operate.html?command=get_materiel&rest_code=00141&code=00101010057&supplier_code=00100337&order_time=2021-07-07 HTTP/1.1" 200 438
58.37.5.217 - - [07/Jul/2021:11:05:23 +0800] "GET /xingrg/kc/buy/cgsh_order_operate.html?command=get_materiel&rest_code=00106&code=00101001019&supplier_code=00100430&order_time=2021-07-07 HTTP/1.1" 200 415
116.230.110.80 - - [07/Jul/2021:11:05:24 +0800] "POST /xingrg/kc/buy/cgsh_order_operate.html HTTP/1.1" 200 5021
180.162.112.86 - - [07/Jul/2021:11:05:24 +0800] "GET /xingrg/kc/buy/cgsh_order_operate.html?command=get_materiel&rest_code=00143&code=00101001053&supplier_code=00100207&order_time=2021-07-07 HTTP/1.1" 200 411
180.162.112.86 - - [07/Jul/2021:11:05:26 +0800] "GET /xingrg/all/function/internal_message.html?_=1625626786695&CODE_STATE=getMsg HTTP/1.1" 200 27
221.239.195.6 - - [07/Jul/2021:11:05:27 +0800] "GET /xingrg/all/function/internal_message.html?_=1625627132286&CODE_STATE=getMsg HTTP/1.1" 200 27
58.37.5.217 - - [07/Jul/2021:11:05:29 +0800] "POST /xingrg/kc/buy/cgsh_order_operate.html HTTP/1.1" 200 37
101.85.107.54 - - [07/Jul/2021:11:05:29 +0800] "GET /xingrg/check_reg.html?_=1625626557485 HTTP/1.1" 200 22
101.85.107.54 - - [07/Jul/2021:11:05:29 +0800] "GET /xingrg/all/function/internal_message.html?_=1625626557483&CODE_STATE=getMsg HTTP/1.1" 200 27
180.169.147.146 - - [07/Jul/2021:11:05:31 +0800] "GET /xingrg/kc/buy/cgsh_order_operate.html?command=get_materiel&rest_code=00147&code=00101008168&supplier_code=00100007&order_time=2021-07-07 HTTP/1.1" 200 413
116.235.222.38 - - [07/Jul/2021:11:05:32 +0800] "GET /xingrg/check_reg.html?_=1625627131674 HTTP/1.1" 200 22
116.235.222.38 - - [07/Jul/2021:11:05:32 +0800] "GET /xingrg/all/function/internal_message.html?_=1625627131676&CODE_STATE=getMsg HTTP/1.1" 200 27
180.169.147.146 - - [07/Jul/2021:11:05:33 +0800] "POST /xingrg/kc/buy/cgsh_order_operate.html HTTP/1.1" 200 2065
58.37.225.51 - - [07/Jul/2021:11:05:34 +0800] "GET /xingrg/kc/buy/cgsh_order_operate.html?command=get_materiel&rest_code=00141&code=00101019093&supplier_code=00100337&order_time=2021-07-07 HTTP/1.1" 200 471
58.37.5.217 - - [07/Jul/2021:11:05:35 +0800] "POST /xingrg/kc/buy/cgsh_order_operate.html HTTP/1.1" 200 12
116.230.110.80 - - [07/Jul/2021:11:05:36 +0800] "POST /xingrg/kc/buy/cgsh_list_operate.html HTTP/1.1" 200 2049
116.230.110.80 - - [07/Jul/2021:11:05:37 +0800] "GET /xingrg/kc/buy/cgsh_order_add.html HTTP/1.1" 200 62643
116.230.110.80 - - [07/Jul/2021:11:05:37 +0800] "GET /xingrg/words/20210707102424_words.js HTTP/1.1" 304 -
116.230.110.80 - - [07/Jul/2021:11:05:38 +0800] "POST /xingrg/kc/buy/cgsh_order_operate.html HTTP/1.1" 200 8245
116.230.110.80 - - [07/Jul/2021:11:05:38 +0800] "GET /xingrg/javascript/easyui/themes/default/validatebox.css HTTP/1.1" 404 1104
58.37.225.51 - - [07/Jul/2021:11:05:38 +0800] "GET /xingrg/all/function/internal_message.html?_=1625627064625&CODE_STATE=getMsg HTTP/1.1" 200 27
58.40.7.146 - - [07/Jul/2021:11:05:42 +0800] "GET /xingrg/all/function/internal_message.html?_=1625627147202&CODE_STATE=getMsg HTTP/1.1" 200 27
221.239.195.6 - - [07/Jul/2021:11:05:43 +0800] "GET /xingrg/kc/base/wldb_order_operate.html?command=get_materiel&rest_code=00105&base_code=0010507&code=00101016001 HTTP/1.1" 200 458
58.37.225.51 - - [07/Jul/2021:11:05:44 +0800] "POST /xingrg/kc/buy/cgsh_order_operate.html HTTP/1.1" 200 37
58.37.5.217 - - [07/Jul/2021:11:05:47 +0800] "GET /xingrg/kc/buy/cgsh_order_operate.html?command=get_materiel&rest_code=00106&code=00101004108&supplier_code=00100430&order_time=2021-07-07 HTTP/1.1" 200 396
222.69.131.6 - - [07/Jul/2021:11:05:47 +0800] "GET /xingrg/all/function/internal_message.html?_=1625627153855&CODE_STATE=getMsg HTTP/1.1" 200 27
180.169.147.146 - - [07/Jul/2021:11:05:48 +0800] "GET /xingrg/check_reg.html?_=1625627154935 HTTP/1.1" 200 22
180.169.147.146 - - [07/Jul/2021:11:05:48 +0800] "GET /xingrg/all/function/internal_message.html?_=1625627154938&CODE_STATE=getMsg HTTP/1.1" 200 27
180.174.237.246 - - [07/Jul/2021:11:05:48 +0800] "GET /xingrg/all/function/internal_message.html?_=1625627161430&CODE_STATE=getMsg HTTP/1.1" 200 27
58.37.5.217 - - [07/Jul/2021:11:05:49 +0800] "GET /xingrg/all/function/internal_message.html?_=1625627690638&CODE_STATE=getMsg HTTP/1.1" 200 27
58.37.225.51 - - [07/Jul/2021:11:05:49 +0800] "POST /xingrg/kc/buy/cgsh_order_operate.html HTTP/1.1" 200 12
101.83.241.165 - - [07/Jul/2021:11:05:50 +0800] "GET /xingrg/all/function/internal_message.html?_=1625627155140&CODE_STATE=getMsg HTTP/1.1" 200 27
180.169.147.146 - - [07/Jul/2021:11:05:51 +0800] "GET /xingrg/kc/buy/cgsh_order_operate.html?command=get_materiel&rest_code=00147&code=00101015107&supplier_code=00100007&order_time=2021-07-07 HTTP/1.1" 200 397
58.37.5.217 - - [07/Jul/2021:11:05:54 +0800] "POST /xingrg/services/DataTransmitService HTTP/1.1" 200 524
58.37.5.217 - - [07/Jul/2021:11:05:55 +0800] "POST /xingrg/services/DataTransmitService HTTP/1.1" 200 412
117.184.7.26 - - [07/Jul/2021:11:05:56 +0800] "GET /xingrg/all/function/internal_message.html?_=1625627155809&CODE_STATE=getMsg HTTP/1.1" 200 27
183.192.88.201 - - [07/Jul/2021:11:05:57 +0800] "GET /xingrg/check_reg.html?_=1625627165371 HTTP/1.1" 200 22
183.192.88.201 - - [07/Jul/2021:11:05:57 +0800] "GET /xingrg/all/function/internal_message.html?_=1625627165375&CODE_STATE=getMsg HTTP/1.1" 200 27
221.239.195.6 - - [07/Jul/2021:11:06:00 +0800] "GET /xingrg/all/function/internal_message.html?_=1625627134686&CODE_STATE=getMsg HTTP/1.1" 200 27
221.239.195.6 - - [07/Jul/2021:11:06:01 +0800] "GET /xingrg/kc/base/wldb_order_operate.html?command=get_materiel&rest_code=00105&base_code=0010507&code=00101019222 HTTP/1.1" 200 453
116.230.110.80 - - [07/Jul/2021:11:06:01 +0800] "GET /xingrg/all/function/internal_message.html?_=1625627166413&CODE_STATE=getMsg HTTP/1.1" 200 27
116.224.113.155 - - [07/Jul/2021:11:06:01 +0800] "GET /xingrg/all/function/internal_message.html?_=1625627155248&CODE_STATE=getMsg HTTP/1.1" 200 27
58.37.5.217 - - [07/Jul/2021:11:06:03 +0800] "POST /xingrg/kc/buy/cgsh_order_operate.html HTTP/1.1" 200 37
180.169.147.146 - - [07/Jul/2021:11:06:05 +0800] "GET /xingrg/all/function/internal_message.html?_=1625627170307&CODE_STATE=getMsg HTTP/1.1" 200 27
222.70.176.145 - - [07/Jul/2021:11:06:07 +0800] "GET /xingrg/all/function/internal_message.html?_=1625627169608&CODE_STATE=getMsg HTTP/1.1" 200 27
120.253.135.82 - - [07/Jul/2021:11:06:09 +0800] "GET /xingrg/all/function/internal_message.html?_=1625626956801&CODE_STATE=getMsg HTTP/1.1" 200 27
58.37.5.217 - - [07/Jul/2021:11:06:09 +0800] "POST /xingrg/kc/buy/cgsh_order_operate.html HTTP/1.1" 200 12
58.40.7.146 - - [07/Jul/2021:11:06:10 +0800] "GET /xingrg/all/function/internal_message.html?_=1625627175012&CODE_STATE=getMsg HTTP/1.1" 200 27
180.169.147.146 - - [07/Jul/2021:11:06:10 +0800] "GET /xingrg/check_reg.html?_=1625627173560 HTTP/1.1" 200 22
58.37.5.217 - - [07/Jul/2021:11:06:11 +0800] "GET /xingrg/kc/buy/cgsh_order_info.html?code=212021070702848 HTTP/1.1" 200 57575
58.37.5.217 - - [07/Jul/2021:11:06:12 +0800] "GET /xingrg/words/20210707102424_words.js HTTP/1.1" 304 -
58.37.5.217 - - [07/Jul/2021:11:06:12 +0800] "GET /xingrg/javascript/easyui/themes/default/validatebox.css HTTP/1.1" 404 1104
180.169.147.146 - - [07/Jul/2021:11:06:12 +0800] "GET /xingrg/kc/buy/cgsh_order_operate.html?command=get_materiel&rest_code=00147&code=00101015006&supplier_code=00100007&order_time=2021-07-07 HTTP/1.1" 200 413
58.37.5.217 - - [07/Jul/2021:11:06:12 +0800] "GET /xingrg/kc/buy/cgsh_order_info.html?code=212021070702782 HTTP/1.1" 200 57591
58.37.5.217 - - [07/Jul/2021:11:06:12 +0800] "GET /xingrg/javascript/easyui/themes/default/validatebox.css HTTP/1.1" 404 1104
116.224.113.155 - - [07/Jul/2021:11:06:13 +0800] "GET /xingrg/all/function/internal_message.html?_=1625627173648&CODE_STATE=getMsg HTTP/1.1" 200 27
116.224.113.155 - - [07/Jul/2021:11:06:13 +0800] "GET /xingrg/check_reg.html?_=1625627173720 HTTP/1.1" 200 22
58.37.5.217 - - [07/Jul/2021:11:06:13 +0800] "POST /xingrg/kc/buy/cgsh_order_operate.html HTTP/1.1" 200 1202
58.37.5.217 - - [07/Jul/2021:11:06:13 +0800] "POST /xingrg/kc/buy/cgsh_order_operate.html HTTP/1.1" 200 34290
221.239.195.6 - - [07/Jul/2021:11:06:14 +0800] "GET /xingrg/kc/base/wldb_order_operate.html?command=get_materiel&rest_code=00105&base_code=0010507&code=00101019184 HTTP/1.1" 200 442
116.232.55.111 - - [07/Jul/2021:11:06:14 +0800] "GET /xingrg/all/function/internal_message.html?_=1625627180135&CODE_STATE=getMsg HTTP/1.1" 200 27
58.37.5.217 - - [07/Jul/2021:11:06:15 +0800] "GET /xingrg/kc/print/load_data.html?order_code=212021070702782&kc_code=cgsh&condition= HTTP/1.1" 200 13479
58.37.5.217 - - [07/Jul/2021:11:06:15 +0800] "GET /xingrg/kc/print/load_data.html?order_code=212021070702848&kc_code=cgsh&condition= HTTP/1.1" 200 909
116.230.114.112 - - [07/Jul/2021:11:06:16 +0800] "GET /xingrg/all/function/internal_message.html?_=1625627189295&CODE_STATE=getMsg HTTP/1.1" 302 -
58.37.5.217 - - [07/Jul/2021:11:06:18 +0800] "GET /xingrg/all/function/internal_message.html?_=1625627183972&CODE_STATE=getMsg HTTP/1.1" 200 27
58.37.225.51 - - [07/Jul/2021:11:06:20 +0800] "GET /xingrg/kc/buy/cgsh_order_info.html?code=212021070702847 HTTP/1.1" 200 57591
58.37.225.51 - - [07/Jul/2021:11:06:20 +0800] "GET /xingrg/javascript/easyui/themes/default/validatebox.css HTTP/1.1" 404 1104
58.37.5.217 - - [07/Jul/2021:11:06:20 +0800] "GET /xingrg/kc/buy/cgsh_order_add.html HTTP/1.1" 200 62675
58.37.5.217 - - [07/Jul/2021:11:06:20 +0800] "POST /xingrg/kc/buy/cgsh_order_operate.html HTTP/1.1" 200 8245
58.37.5.217 - - [07/Jul/2021:11:06:20 +0800] "GET /xingrg/javascript/easyui/themes/default/validatebox.css HTTP/1.1" 404 1104
58.37.225.51 - - [07/Jul/2021:11:06:21 +0800] "POST /xingrg/kc/buy/cgsh_order_operate.html HTTP/1.1" 200 1257
116.230.117.165 - - [07/Jul/2021:11:06:21 +0800] "GET /xingrg/all/function/internal_message.html?_=1625627195078&CODE_STATE=getMsg HTTP/1.1" 200 27
180.162.112.86 - - [07/Jul/2021:11:06:22 +0800] "GET /xingrg/kc/buy/cgsh_order_operate.html?command=get_materiel&rest_code=00143&code=00101005032&supplier_code=00100207&order_time=2021-07-07 HTTP/1.1" 200 409
58.37.5.217 - - [07/Jul/2021:11:06:22 +0800] "GET /xingrg/javascript/easyui/themes/default/tree.css HTTP/1.1" 404 1090
58.37.5.217 - - [07/Jul/2021:11:06:22 +0800] "POST /xingrg/all/common/load_tree.html?tree=supplier_tree_json&isDelete=1 HTTP/1.1" 200 56276
180.174.237.246 - - [07/Jul/2021:11:06:23 +0800] "GET /xingrg/javascript/pic_change.js HTTP/1.1" 304 -
180.174.237.246 - - [07/Jul/2021:11:06:23 +0800] "GET /xingrg/kc/buy/cgsh_order_add.html HTTP/1.1" 200 62640
180.174.237.246 - - [07/Jul/2021:11:06:23 +0800] "GET /xingrg/javascript/json2.js HTTP/1.1" 304 -
180.174.237.246 - - [07/Jul/2021:11:06:23 +0800] "GET /xingrg/javascript/jquery_tools/order_manager.js HTTP/1.1" 304 -
180.174.237.246 - - [07/Jul/2021:11:06:23 +0800] "GET /xingrg/javascript/convert.js HTTP/1.1" 304 -
180.174.237.246 - - [07/Jul/2021:11:06:23 +0800] "GET /xingrg/javascript/print/kc_print.js HTTP/1.1" 304 -
180.174.237.246 - - [07/Jul/2021:11:06:23 +0800] "GET /xingrg/words/20210707102424_words.js HTTP/1.1" 200 824285
180.174.237.246 - - [07/Jul/2021:11:06:24 +0800] "POST /xingrg/kc/buy/cgsh_order_operate.html HTTP/1.1" 200 8245
180.174.237.246 - - [07/Jul/2021:11:06:24 +0800] "GET /xingrg/all/common/auto_word.html?type=employee&rest_code=00102 HTTP/1.1" 200 189
180.174.237.246 - - [07/Jul/2021:11:06:24 +0800] "GET /xingrg/all/common/auto_word.html?type=employee&rest_code=00102 HTTP/1.1" 200 189
180.174.237.246 - - [07/Jul/2021:11:06:24 +0800] "GET /xingrg/javascript/easyui/themes/default/validatebox.css HTTP/1.1" 404 1104
180.174.237.246 - - [07/Jul/2021:11:06:24 +0800] "GET /xingrg/javascript/easyui/plugins/jquery.validatebox.js HTTP/1.1" 304 -
180.174.237.246 - - [07/Jul/2021:11:06:24 +0800] "GET /xingrg/javascript/easyui/plugins/jquery.numberbox.js HTTP/1.1" 304 -
180.174.237.246 - - [07/Jul/2021:11:06:24 +0800] "GET /xingrg/javascript/auto/indicator.gif HTTP/1.1" 404 1066
180.174.237.246 - - [07/Jul/2021:11:06:24 +0800] "GET /xingrg/javascript/jquery_tools/images/prev.gif HTTP/1.1" 404 1086
180.174.237.246 - - [07/Jul/2021:11:06:24 +0800] "GET /xingrg/javascript/jquery_tools/images/next.gif HTTP/1.1" 404 1086
221.239.195.6 - - [07/Jul/2021:11:06:25 +0800] "GET /xingrg/kc/base/wldb_order_operate.html?command=get_materiel&rest_code=00105&base_code=0010507&code=00101019015 HTTP/1.1" 200 437
180.162.112.86 - - [07/Jul/2021:11:06:26 +0800] "GET /xingrg/all/function/internal_message.html?_=1625626846700&CODE_STATE=getMsg HTTP/1.1" 200 27
221.239.195.6 - - [07/Jul/2021:11:06:27 +0800] "GET /xingrg/all/function/internal_message.html?_=1625627192286&CODE_STATE=getMsg HTTP/1.1" 200 27
101.85.107.54 - - [07/Jul/2021:11:06:29 +0800] "GET /xingrg/all/function/internal_message.html?_=1625626617484&CODE_STATE=getMsg HTTP/1.1" 200 27
58.37.5.217 - - [07/Jul/2021:11:06:30 +0800] "GET /xingrg/kc/print/load_data.html?order_code=212021070702782&kc_code=cgsh HTTP/1.1" 200 13479
180.174.237.246 - - [07/Jul/2021:11:06:31 +0800] "GET /xingrg/kc/buy/cgsh_order_operate.html?command=get_materiel&rest_code=00102&code=00101008155&supplier_code=00100008&order_time=2021-07-07 HTTP/1.1" 200 408
116.235.222.38 - - [07/Jul/2021:11:06:32 +0800] "GET /xingrg/all/function/internal_message.html?_=1625627191647&CODE_STATE=getMsg HTTP/1.1" 200 27
58.37.5.217 - - [07/Jul/2021:11:06:34 +0800] "POST /xingrg/services/DataTransmitService HTTP/1.1" 200 524
58.37.5.217 - - [07/Jul/2021:11:06:35 +0800] "POST /xingrg/services/DataTransmitService HTTP/1.1" 200 412
180.169.147.146 - - [07/Jul/2021:11:06:36 +0800] "GET /xingrg/kc/buy/cgsh_order_operate.html?command=get_materiel&rest_code=00147&code=00101008261&supplier_code=00100007&order_time=2021-07-07 HTTP/1.1" 200 408
58.37.5.217 - - [07/Jul/2021:11:06:37 +0800] "POST /xingrg/services/DataTransmitService HTTP/1.1" 200 524
58.37.5.217 - - [07/Jul/2021:11:06:37 +0800] "POST /xingrg/services/DataTransmitService HTTP/1.1" 200 412
180.174.237.246 - - [07/Jul/2021:11:06:38 +0800] "GET /xingrg/kc/buy/cgsh_order_operate.html?command=get_materiel&rest_code=00102&code=00101008149&supplier_code=00100008&order_time=2021-07-07 HTTP/1.1" 200 408
58.37.225.51 - - [07/Jul/2021:11:06:38 +0800] "GET /xingrg/all/function/internal_message.html?_=1625627124593&CODE_STATE=getMsg HTTP/1.1" 200 27
58.37.5.217 - - [07/Jul/2021:11:06:40 +0800] "GET /xingrg/all/function/internal_message.html?_=1625627203232&CODE_STATE=getMsg HTTP/1.1" 200 27
58.37.225.51 - - [07/Jul/2021:11:06:40 +0800] "GET /xingrg/kc/print/load_data.html?order_code=212021070702847&kc_code=cgsh&condition= HTTP/1.1" 200 994
58.40.7.146 - - [07/Jul/2021:11:06:42 +0800] "GET /xingrg/all/function/internal_message.html?_=1625627207190&CODE_STATE=getMsg HTTP/1.1" 200 27
58.37.5.217 - - [07/Jul/2021:11:06:43 +0800] "GET /xingrg/kc/buy/cgsh_order_operate.html?command=get_materiel&rest_code=00106&code=00101006047&supplier_code=00100323&order_time=2021-07-07 HTTP/1.1" 200 413
180.174.237.246 - - [07/Jul/2021:11:06:45 +0800] "GET /xingrg/kc/buy/cgsh_order_operate.html?command=get_materiel&rest_code=00102&code=00101008351&supplier_code=00100008&order_time=2021-07-07 HTTP/1.1" 200 408
222.69.131.6 - - [07/Jul/2021:11:06:47 +0800] "GET /xingrg/all/function/internal_message.html?_=1625627213855&CODE_STATE=getMsg HTTP/1.1" 200 27
180.169.147.146 - - [07/Jul/2021:11:06:48 +0800] "GET /xingrg/all/function/internal_message.html?_=1625627214936&CODE_STATE=getMsg HTTP/1.1" 200 27
180.174.237.246 - - [07/Jul/2021:11:06:48 +0800] "GET /xingrg/all/function/internal_message.html?_=1625627221444&CODE_STATE=getMsg HTTP/1.1" 200 27
58.37.5.217 - - [07/Jul/2021:11:06:49 +0800] "GET /xingrg/all/function/internal_message.html?_=1625627750628&CODE_STATE=getMsg HTTP/1.1" 200 27
180.169.147.146 - - [07/Jul/2021:11:06:49 +0800] "GET /xingrg/kc/buy/cgsh_order_operate.html?command=get_materiel&rest_code=00147&code=00101008351&supplier_code=00100007&order_time=2021-07-07 HTTP/1.1" 200 408
221.239.195.6 - - [07/Jul/2021:11:06:49 +0800] "POST /xingrg/kc/base/wldb_order_operate.html HTTP/1.1" 200 37
58.37.225.51 - - [07/Jul/2021:11:06:49 +0800] "GET /xingrg/kc/buy/cgsh_order_add.html HTTP/1.1" 200 62681
58.37.225.51 - - [07/Jul/2021:11:06:49 +0800] "POST /xingrg/kc/buy/cgsh_order_operate.html HTTP/1.1" 200 8245
58.37.225.51 - - [07/Jul/2021:11:06:49 +0800] "GET /xingrg/javascript/easyui/themes/default/validatebox.css HTTP/1.1" 404 1104
221.239.195.6 - - [07/Jul/2021:11:06:50 +0800] "POST /xingrg/kc/base/wldb_order_operate.html HTTP/1.1" 200 5670
101.83.241.165 - - [07/Jul/2021:11:06:50 +0800] "GET /xingrg/all/function/internal_message.html?_=1625627215141&CODE_STATE=getMsg HTTP/1.1" 200 27
221.239.195.6 - - [07/Jul/2021:11:06:50 +0800] "GET /xingrg/kc/base/wldb_order_info.html?code=422021070700712 HTTP/1.1" 200 30365
180.174.237.246 - - [07/Jul/2021:11:06:50 +0800] "GET /xingrg/kc/buy/cgsh_order_operate.html?command=get_materiel&rest_code=00102&code=00101008026&supplier_code=00100008&order_time=2021-07-07 HTTP/1.1" 200 409
221.239.195.6 - - [07/Jul/2021:11:06:51 +0800] "GET /xingrg/javascript/easyui/themes/default/validatebox.css HTTP/1.1" 404 1104
180.169.147.146 - - [07/Jul/2021:11:06:51 +0800] "POST /xingrg/kc/buy/cgsh_order_operate.html HTTP/1.1" 200 2065
221.239.195.6 - - [07/Jul/2021:11:06:51 +0800] "POST /xingrg/kc/base/wldb_order_operate.html HTTP/1.1" 200 5670
58.37.5.217 - - [07/Jul/2021:11:06:54 +0800] "POST /xingrg/services/DataTransmitService HTTP/1.1" 200 524
58.37.5.217 - - [07/Jul/2021:11:06:54 +0800] "POST /xingrg/services/DataTransmitService HTTP/1.1" 200 412
180.174.237.246 - - [07/Jul/2021:11:06:55 +0800] "GET /xingrg/kc/buy/cgsh_order_operate.html?command=get_materiel&rest_code=00102&code=00101008358&supplier_code=00100008&order_time=2021-07-07 HTTP/1.1" 200 412
117.184.7.26 - - [07/Jul/2021:11:06:56 +0800] "GET /xingrg/all/function/internal_message.html?_=1625627215805&CODE_STATE=getMsg HTTP/1.1" 200 27
183.192.88.201 - - [07/Jul/2021:11:06:57 +0800] "GET /xingrg/all/function/internal_message.html?_=1625627225374&CODE_STATE=getMsg HTTP/1.1" 200 27
180.169.147.146 - - [07/Jul/2021:11:06:58 +0800] "GET /xingrg/kc/buy/cgsh_order_operate.html?command=get_materiel&rest_code=00147&code=00101008088&supplier_code=00100007&order_time=2021-07-07 HTTP/1.1" 200 408
58.37.225.51 - - [07/Jul/2021:11:06:59 +0800] "GET /xingrg/kc/buy/cgsh_order_operate.html?command=get_materiel&rest_code=00141&code=00101004011&supplier_code=00100086&order_time=2021-07-07 HTTP/1.1" 200 415
221.239.195.6 - - [07/Jul/2021:11:07:00 +0800] "GET /xingrg/all/function/internal_message.html?_=1625627194724&CODE_STATE=getMsg HTTP/1.1" 200 27
180.174.237.246 - - [07/Jul/2021:11:07:01 +0800] "GET /xingrg/kc/buy/cgsh_order_operate.html?command=get_materiel&rest_code=00102&code=00101008163&supplier_code=00100008&order_time=2021-07-07 HTTP/1.1" 200 408
116.230.110.80 - - [07/Jul/2021:11:07:01 +0800] "GET /xingrg/all/function/internal_message.html?_=1625627226413&CODE_STATE=getMsg HTTP/1.1" 200 27
116.224.113.155 - - [07/Jul/2021:11:07:01 +0800] "GET /xingrg/all/function/internal_message.html?_=1625627215263&CODE_STATE=getMsg HTTP/1.1" 200 27
180.169.147.146 - - [07/Jul/2021:11:07:05 +0800] "GET /xingrg/all/function/internal_message.html?_=1625627230313&CODE_STATE=getMsg HTTP/1.1" 200 27
180.169.147.146 - - [07/Jul/2021:11:07:05 +0800] "GET /xingrg/check_reg.html?_=1625627230324 HTTP/1.1" 200 22
116.230.117.165 - - [07/Jul/2021:11:07:05 +0800] "GET /xingrg/kc/buy/cgsh_order_operate.html?command=get_materiel&rest_code=00146&code=00101009062&supplier_code=00100023&order_time=2021-07-07 HTTP/1.1" 200 412
222.70.176.145 - - [07/Jul/2021:11:07:07 +0800] "GET /xingrg/all/function/internal_message.html?_=1625627229608&CODE_STATE=getMsg HTTP/1.1" 200 27
180.174.237.246 - - [07/Jul/2021:11:07:07 +0800] "GET /xingrg/kc/buy/cgsh_order_operate.html?command=get_materiel&rest_code=00102&code=00101008064&supplier_code=00100008&order_time=2021-07-07 HTTP/1.1" 200 412
180.169.147.146 - - [07/Jul/2021:11:07:07 +0800] "GET /xingrg/kc/buy/cgsh_order_operate.html?command=get_materiel&rest_code=00147&code=00101008370&supplier_code=00100007&order_time=2021-07-07 HTTP/1.1" 200 412
221.239.195.6 - - [07/Jul/2021:11:07:07 +0800] "GET /xingrg/kc/base/wldb_order_add.html HTTP/1.1" 200 30353
221.239.195.6 - - [07/Jul/2021:11:07:08 +0800] "GET /xingrg/words/20210707102424_words.js HTTP/1.1" 304 -
221.239.195.6 - - [07/Jul/2021:11:07:08 +0800] "POST /xingrg/kc/base/wldb_order_operate.html HTTP/1.1" 200 6806
221.239.195.6 - - [07/Jul/2021:11:07:08 +0800] "GET /xingrg/javascript/easyui/themes/default/validatebox.css HTTP/1.1" 404 1104
58.37.225.51 - - [07/Jul/2021:11:07:08 +0800] "GET /xingrg/kc/buy/cgsh_order_operate.html?command=get_materiel&rest_code=00141&code=00101004065&supplier_code=00100086&order_time=2021-07-07 HTTP/1.1" 200 433
221.239.195.6 - - [07/Jul/2021:11:07:09 +0800] "POST /xingrg/all/common/load_combo.html?type=base HTTP/1.1" 200 3236
120.253.135.82 - - [07/Jul/2021:11:07:09 +0800] "GET /xingrg/all/function/internal_message.html?_=1625627016833&CODE_STATE=getMsg HTTP/1.1" 200 27
58.40.7.146 - - [07/Jul/2021:11:07:10 +0800] "GET /xingrg/all/function/internal_message.html?_=1625627235016&CODE_STATE=getMsg HTTP/1.1" 200 27
58.40.7.146 - - [07/Jul/2021:11:07:10 +0800] "GET /xingrg/check_reg.html?_=1625627235017 HTTP/1.1" 200 22
58.37.5.217 - - [07/Jul/2021:11:07:12 +0800] "GET /xingrg/kc/buy/cgsh_order_operate.html?command=get_materiel&rest_code=00106&code=00101007106&supplier_code=00100323&order_time=2021-07-07 HTTP/1.1" 200 409
221.239.195.6 - - [07/Jul/2021:11:07:12 +0800] "POST /xingrg/all/common/load_combo.html?type=base HTTP/1.1" 200 3236
116.224.113.155 - - [07/Jul/2021:11:07:12 +0800] "GET /xingrg/all/function/internal_message.html?_=1625627233623&CODE_STATE=getMsg HTTP/1.1" 200 27
180.174.237.246 - - [07/Jul/2021:11:07:13 +0800] "GET /xingrg/kc/buy/cgsh_order_operate.html?command=get_materiel&rest_code=00102&code=00101008355&supplier_code=00100008&order_time=2021-07-07 HTTP/1.1" 200 408
116.232.55.111 - - [07/Jul/2021:11:07:14 +0800] "GET /xingrg/all/function/internal_message.html?_=1625627240137&CODE_STATE=getMsg HTTP/1.1" 200 27
116.232.55.111 - - [07/Jul/2021:11:07:14 +0800] "GET /xingrg/check_reg.html?_=1625627240138 HTTP/1.1" 200 22
116.230.114.112 - - [07/Jul/2021:11:07:16 +0800] "GET /xingrg/all/function/internal_message.html?_=1625627249314&CODE_STATE=getMsg HTTP/1.1" 302 -
58.37.225.51 - - [07/Jul/2021:11:07:17 +0800] "POST /xingrg/kc/buy/cgsh_order_operate.html HTTP/1.1" 200 37
58.37.5.217 - - [07/Jul/2021:11:07:18 +0800] "GET /xingrg/all/function/internal_message.html?_=1625627243969&CODE_STATE=getMsg HTTP/1.1" 200 27
180.169.147.146 - - [07/Jul/2021:11:07:19 +0800] "GET /xingrg/kc/buy/cgsh_order_operate.html?command=get_materiel&rest_code=00147&code=00101008372&supplier_code=00100007&order_time=2021-07-07 HTTP/1.1" 200 408
180.174.237.246 - - [07/Jul/2021:11:07:19 +0800] "GET /xingrg/kc/buy/cgsh_order_operate.html?command=get_materiel&rest_code=00102&code=00101008137&supplier_code=00100008&order_time=2021-07-07 HTTP/1.1" 200 408
58.37.225.51 - - [07/Jul/2021:11:07:21 +0800] "POST /xingrg/kc/buy/cgsh_order_operate.html HTTP/1.1" 200 12
116.230.117.165 - - [07/Jul/2021:11:07:21 +0800] "GET /xingrg/all/function/internal_message.html?_=1625627255078&CODE_STATE=getMsg HTTP/1.1" 200 27
58.37.225.51 - - [07/Jul/2021:11:07:22 +0800] "GET /xingrg/kc/buy/cgsh_order_info.html?code=212021070702849 HTTP/1.1" 200 57593
116.230.117.165 - - [07/Jul/2021:11:07:22 +0800] "GET /xingrg/kc/buy/cgsh_order_operate.html?command=get_materiel&rest_code=00146&code=00101009016&supplier_code=00100023&order_time=2021-07-07 HTTP/1.1" 200 412
58.37.225.51 - - [07/Jul/2021:11:07:22 +0800] "GET /xingrg/javascript/easyui/themes/default/validatebox.css HTTP/1.1" 404 1104
58.37.225.51 - - [07/Jul/2021:11:07:23 +0800] "POST /xingrg/kc/buy/cgsh_order_operate.html HTTP/1.1" 200 1205
58.37.225.51 - - [07/Jul/2021:11:07:25 +0800] "GET /xingrg/kc/print/load_data.html?order_code=212021070702849&kc_code=cgsh&condition= HTTP/1.1" 200 1005
180.162.112.86 - - [07/Jul/2021:11:07:26 +0800] "GET /xingrg/all/function/internal_message.html?_=1625626906701&CODE_STATE=getMsg HTTP/1.1" 200 27
116.224.113.155 - - [07/Jul/2021:11:07:26 +0800] "POST /xingrg/all/user/operate.html HTTP/1.1" 200 36
116.224.113.155 - - [07/Jul/2021:11:07:27 +0800] "GET /xingrg/javascript/jquery_easy_ui/themes/default/easyui.css HTTP/1.1" 304 -
116.224.113.155 - - [07/Jul/2021:11:07:27 +0800] "GET /xingrg/index.html?sysBaseUrl=http%3A%2F%2F180.169.147.146%3A18081%2Fxingrg%2F&costTime=386×tamp=1625533711648 HTTP/1.1" 200 17179
116.224.113.155 - - [07/Jul/2021:11:07:27 +0800] "GET /xingrg/javascript/jquery_easy_ui/themes/icon.css HTTP/1.1" 304 -
116.224.113.155 - - [07/Jul/2021:11:07:27 +0800] "GET /xingrg/css/form.css HTTP/1.1" 304 -
116.224.113.155 - - [07/Jul/2021:11:07:27 +0800] "GET /xingrg/javascript/jquery-1.4.2.min.js HTTP/1.1" 304 -
116.224.113.155 - - [07/Jul/2021:11:07:27 +0800] "GET /xingrg/javascript/jquery_easy_ui/jquery.easyui.min.js HTTP/1.1" 304 -
116.224.113.155 - - [07/Jul/2021:11:07:27 +0800] "GET /xingrg/javascript/jquery_easy_ui/easyui-lang-zh_CN.js HTTP/1.1" 304 -
116.224.113.155 - - [07/Jul/2021:11:07:27 +0800] "GET /xingrg/javascript/jquery.form.js HTTP/1.1" 304 -
116.224.113.155 - - [07/Jul/2021:11:07:27 +0800] "GET /xingrg/javascript/jquery.utils.js HTTP/1.1" 304 -
116.224.113.155 - - [07/Jul/2021:11:07:27 +0800] "GET /xingrg/javascript/jquery.timers.js HTTP/1.1" 304 -
116.224.113.155 - - [07/Jul/2021:11:07:27 +0800] "GET /xingrg/images/blue/jxLogo.png HTTP/1.1" 304 -
116.224.113.155 - - [07/Jul/2021:11:07:27 +0800] "GET /xingrg/images/blue/navBackgound.jpg HTTP/1.1" 304 -
116.224.113.155 - - [07/Jul/2021:11:07:27 +0800] "GET /xingrg/javascript/jquery_easy_ui/themes/icons/settle_new.png HTTP/1.1" 304 -
116.224.113.155 - - [07/Jul/2021:11:07:27 +0800] "POST /xingrg/all/common/load_tree.html?tree=area_rest_tree_json&manage=1 HTTP/1.1" 200 476
221.239.195.6 - - [07/Jul/2021:11:07:27 +0800] "GET /xingrg/check_reg.html?_=1625627252287 HTTP/1.1" 200 22
221.239.195.6 - - [07/Jul/2021:11:07:27 +0800] "GET /xingrg/all/function/internal_message.html?_=1625627252290&CODE_STATE=getMsg HTTP/1.1" 200 27
116.224.113.155 - - [07/Jul/2021:11:07:27 +0800] "GET /xingrg/all/function/internal_message.html?_=1625627248036&CODE_STATE=count HTTP/1.1" 200 11
116.224.113.155 - - [07/Jul/2021:11:07:27 +0800] "GET /xingrg/javascript/jquery_easy_ui/themes/default/images/tabs_leftarrow.png HTTP/1.1" 304 -
116.224.113.155 - - [07/Jul/2021:11:07:27 +0800] "GET /xingrg/check_reg.html?_=1625627248036 HTTP/1.1" 200 22
116.224.113.155 - - [07/Jul/2021:11:07:27 +0800] "GET /xingrg/javascript/jquery_easy_ui/themes/default/images/panel_tool_collapse.gif HTTP/1.1" 304 -
116.224.113.155 - - [07/Jul/2021:11:07:27 +0800] "GET /xingrg/images/blue/pingpu.png HTTP/1.1" 304 -
116.224.113.155 - - [07/Jul/2021:11:07:27 +0800] "GET /xingrg/javascript/jquery_easy_ui/themes/default/images/tabs_rightarrow.png HTTP/1.1" 304 -
116.224.113.155 - - [07/Jul/2021:11:07:27 +0800] "POST /xingrg/load_menu.html HTTP/1.1" 200 5138
58.37.5.217 - - [07/Jul/2021:11:07:27 +0800] "POST /xingrg/kc/buy/cgsh_order_operate.html HTTP/1.1" 200 37
