180.169.147.146 - - [07/Jul/2021:10:59:05 +0800] "POST /xingrg/kc/buy/cgsh_order_operate.html HTTP/1.1" 200 7411
222.70.176.145 - - [07/Jul/2021:10:59:07 +0800] "GET /xingrg/all/function/internal_message.html?_=1625626749582&CODE_STATE=getMsg HTTP/1.1" 200 27
180.169.147.146 - - [07/Jul/2021:10:59:07 +0800] "GET /xingrg/kc/print/load_data.html?order_code=212021070702830&kc_code=cgsh&condition= HTTP/1.1" 200 2473
58.37.5.217 - - [07/Jul/2021:10:59:09 +0800] "POST /xingrg/kc/buy/cgsh_order_operate.html HTTP/1.1" 200 12
120.253.135.82 - - [07/Jul/2021:10:59:09 +0800] "GET /xingrg/all/function/internal_message.html?_=1625626536675&CODE_STATE=getMsg HTTP/1.1" 200 27
58.40.7.146 - - [07/Jul/2021:10:59:10 +0800] "GET /xingrg/all/function/internal_message.html?_=1625626755018&CODE_STATE=getMsg HTTP/1.1" 200 27
58.37.5.217 - - [07/Jul/2021:10:59:10 +0800] "GET /xingrg/kc/buy/cgsh_order_info.html?code=212021070702831 HTTP/1.1" 200 57583
180.169.147.146 - - [07/Jul/2021:10:59:10 +0800] "GET /xingrg/kc/buy/cgsh_order_add.html HTTP/1.1" 200 62643
58.37.5.217 - - [07/Jul/2021:10:59:10 +0800] "GET /xingrg/javascript/easyui/themes/default/validatebox.css HTTP/1.1" 404 1104
180.169.147.146 - - [07/Jul/2021:10:59:10 +0800] "POST /xingrg/kc/buy/cgsh_order_operate.html HTTP/1.1" 200 8245
180.169.147.146 - - [07/Jul/2021:10:59:10 +0800] "GET /xingrg/javascript/easyui/themes/default/validatebox.css HTTP/1.1" 404 1104
116.224.113.155 - - [07/Jul/2021:10:59:12 +0800] "POST /xingrg/kc/buy/cgsh_order_operate.html HTTP/1.1" 200 37
58.37.5.217 - - [07/Jul/2021:10:59:12 +0800] "POST /xingrg/kc/buy/cgsh_order_operate.html HTTP/1.1" 200 607
116.230.114.112 - - [07/Jul/2021:10:59:13 +0800] "GET /xingrg/check_reg.html?_=1625626766791 HTTP/1.1" 302 -
116.232.55.111 - - [07/Jul/2021:10:59:14 +0800] "GET /xingrg/all/function/internal_message.html?_=1625626760118&CODE_STATE=getMsg HTTP/1.1" 200 27
58.37.5.217 - - [07/Jul/2021:10:59:14 +0800] "POST /xingrg/kc/buy/cgsh_order_operate.html HTTP/1.1" 200 37
58.37.5.217 - - [07/Jul/2021:10:59:15 +0800] "GET /xingrg/kc/print/load_data.html?order_code=212021070702831&kc_code=cgsh&condition= HTTP/1.1" 200 699
116.230.114.112 - - [07/Jul/2021:10:59:16 +0800] "GET /xingrg/all/function/internal_message.html?_=1625626769201&CODE_STATE=getMsg HTTP/1.1" 302 -
180.162.112.86 - - [07/Jul/2021:10:59:16 +0800] "GET /xingrg/kc/buy/cgsh_order_operate.html?command=get_materiel&rest_code=00143&code=00101010136&supplier_code=00100207&order_time=2021-07-07 HTTP/1.1" 200 408
58.37.5.217 - - [07/Jul/2021:10:59:16 +0800] "POST /xingrg/kc/buy/cgsh_order_operate.html HTTP/1.1" 200 36345
58.37.5.217 - - [07/Jul/2021:10:59:18 +0800] "GET /xingrg/all/function/internal_message.html?_=1625626763940&CODE_STATE=getMsg HTTP/1.1" 200 27
58.37.5.217 - - [07/Jul/2021:10:59:18 +0800] "GET /xingrg/check_reg.html?_=1625626763941 HTTP/1.1" 200 22
116.224.113.155 - - [07/Jul/2021:10:59:18 +0800] "POST /xingrg/kc/buy/cgsh_order_operate.html HTTP/1.1" 200 12
116.224.113.155 - - [07/Jul/2021:10:59:19 +0800] "GET /xingrg/kc/buy/cgsh_order_info.html?code=212021070702832 HTTP/1.1" 200 57223
180.169.147.146 - - [07/Jul/2021:10:59:20 +0800] "GET /xingrg/kc/buy/cgsh_order_operate.html?command=get_materiel&rest_code=00147&code=00101007061&supplier_code=00100004&order_time=2021-07-07 HTTP/1.1" 200 409
116.224.113.155 - - [07/Jul/2021:10:59:20 +0800] "GET /xingrg/javascript/easyui/themes/default/validatebox.css HTTP/1.1" 404 1104
116.224.113.155 - - [07/Jul/2021:10:59:21 +0800] "POST /xingrg/kc/buy/cgsh_order_operate.html HTTP/1.1" 200 1213
116.230.117.165 - - [07/Jul/2021:10:59:21 +0800] "GET /xingrg/all/function/internal_message.html?_=1625626774346&CODE_STATE=getMsg HTTP/1.1" 200 27
116.224.113.155 - - [07/Jul/2021:10:59:24 +0800] "GET /xingrg/kc/print/load_data.html?order_code=212021070702832&kc_code=cgsh&condition= HTTP/1.1" 200 950
58.37.5.217 - - [07/Jul/2021:10:59:25 +0800] "GET /xingrg/kc/buy/cgsh_order_add.html HTTP/1.1" 200 62675
58.37.5.217 - - [07/Jul/2021:10:59:25 +0800] "POST /xingrg/kc/buy/cgsh_order_operate.html HTTP/1.1" 200 8245
58.37.5.217 - - [07/Jul/2021:10:59:25 +0800] "GET /xingrg/javascript/easyui/themes/default/validatebox.css HTTP/1.1" 404 1104
180.162.112.86 - - [07/Jul/2021:10:59:26 +0800] "GET /xingrg/all/function/internal_message.html?_=1625626426685&CODE_STATE=getMsg HTTP/1.1" 200 27
221.239.195.6 - - [07/Jul/2021:10:59:27 +0800] "GET /xingrg/all/function/internal_message.html?_=1625626772256&CODE_STATE=getMsg HTTP/1.1" 200 27
58.37.5.217 - - [07/Jul/2021:10:59:28 +0800] "GET /xingrg/javascript/easyui/themes/default/tree.css HTTP/1.1" 404 1090
58.37.5.217 - - [07/Jul/2021:10:59:28 +0800] "POST /xingrg/all/common/load_tree.html?tree=supplier_tree_json&isDelete=1 HTTP/1.1" 200 56276
101.85.107.54 - - [07/Jul/2021:10:59:29 +0800] "GET /xingrg/all/function/internal_message.html?_=1625626197484&CODE_STATE=getMsg HTTP/1.1" 200 27
116.230.117.165 - - [07/Jul/2021:10:59:32 +0800] "GET /xingrg/kc/buy/cgsh_order_operate.html?command=get_materiel&rest_code=00146&code=00101009050&supplier_code=00100023&order_time=2021-07-07 HTTP/1.1" 200 408
116.235.222.38 - - [07/Jul/2021:10:59:32 +0800] "GET /xingrg/all/function/internal_message.html?_=1625626771646&CODE_STATE=getMsg HTTP/1.1" 200 27
180.169.147.146 - - [07/Jul/2021:10:59:34 +0800] "GET /xingrg/kc/buy/cgsh_order_operate.html?command=get_materiel&rest_code=00147&code=00101007072&supplier_code=00100004&order_time=2021-07-07 HTTP/1.1" 200 413
58.37.5.217 - - [07/Jul/2021:10:59:36 +0800] "GET /xingrg/check_reg.html?_=1625626779922 HTTP/1.1" 200 22
58.37.225.51 - - [07/Jul/2021:10:59:38 +0800] "GET /xingrg/all/function/internal_message.html?_=1625626704618&CODE_STATE=getMsg HTTP/1.1" 200 27
58.37.225.51 - - [07/Jul/2021:10:59:39 +0800] "GET /xingrg/check_reg.html?_=1625626704946 HTTP/1.1" 200 22
58.37.5.217 - - [07/Jul/2021:10:59:40 +0800] "GET /xingrg/all/function/internal_message.html?_=1625626783295&CODE_STATE=getMsg HTTP/1.1" 200 27
58.40.7.146 - - [07/Jul/2021:10:59:42 +0800] "GET /xingrg/all/function/internal_message.html?_=1625626787195&CODE_STATE=getMsg HTTP/1.1" 200 27
180.169.147.146 - - [07/Jul/2021:10:59:44 +0800] "GET /xingrg/kc/buy/cgsh_order_operate.html?command=get_materiel&rest_code=00147&code=00101007018&supplier_code=00100004&order_time=2021-07-07 HTTP/1.1" 200 409
116.224.113.155 - - [07/Jul/2021:10:59:46 +0800] "GET /xingrg/kc/buy/cgsh_order_add.html HTTP/1.1" 200 62317
116.224.113.155 - - [07/Jul/2021:10:59:47 +0800] "POST /xingrg/kc/buy/cgsh_order_operate.html HTTP/1.1" 200 8245
116.224.113.155 - - [07/Jul/2021:10:59:47 +0800] "GET /xingrg/javascript/easyui/themes/default/validatebox.css HTTP/1.1" 404 1104
58.37.225.51 - - [07/Jul/2021:10:59:47 +0800] "GET /xingrg/kc/buy/cgsh_order_operate.html?command=get_materiel&rest_code=00141&code=00101003019&supplier_code=00100091&order_time=2021-07-07 HTTP/1.1" 200 416
222.69.131.6 - - [07/Jul/2021:10:59:47 +0800] "GET /xingrg/all/function/internal_message.html?_=1625626793849&CODE_STATE=getMsg HTTP/1.1" 200 27
180.169.147.146 - - [07/Jul/2021:10:59:48 +0800] "GET /xingrg/all/function/internal_message.html?_=1625626794932&CODE_STATE=getMsg HTTP/1.1" 200 27
58.37.5.217 - - [07/Jul/2021:10:59:49 +0800] "GET /xingrg/all/function/internal_message.html?_=1625627330578&CODE_STATE=getMsg HTTP/1.1" 200 27
58.37.5.217 - - [07/Jul/2021:10:59:49 +0800] "GET /xingrg/check_reg.html?_=1625627331031 HTTP/1.1" 200 22
101.83.241.165 - - [07/Jul/2021:10:59:50 +0800] "GET /xingrg/all/function/internal_message.html?_=1625626795119&CODE_STATE=getMsg HTTP/1.1" 200 27
58.37.5.217 - - [07/Jul/2021:10:59:50 +0800] "GET /xingrg/kc/buy/cgsh_order_operate.html?command=get_materiel&rest_code=00106&code=00101001060&supplier_code=00100442&order_time=2021-07-07 HTTP/1.1" 200 420
116.235.222.38 - - [07/Jul/2021:10:59:54 +0800] "GET /xingrg/kc/buy/cgsh_order_operate.html?command=get_materiel&rest_code=00107&code=00101008565&supplier_code=00100006&order_time=2021-07-07 HTTP/1.1" 200 394
117.184.7.26 - - [07/Jul/2021:10:59:56 +0800] "GET /xingrg/all/function/internal_message.html?_=1625626795803&CODE_STATE=getMsg HTTP/1.1" 200 27
180.169.147.146 - - [07/Jul/2021:10:59:56 +0800] "GET /xingrg/kc/buy/cgsh_order_operate.html?command=get_materiel&rest_code=00147&code=00101007016&supplier_code=00100004&order_time=2021-07-07 HTTP/1.1" 200 409
183.192.88.201 - - [07/Jul/2021:10:59:57 +0800] "GET /xingrg/all/function/internal_message.html?_=1625626805369&CODE_STATE=getMsg HTTP/1.1" 200 27
120.253.135.82 - - [07/Jul/2021:10:59:58 +0800] "GET /xingrg/check_reg.html?_=1625626585627 HTTP/1.1" 200 22
221.239.195.6 - - [07/Jul/2021:11:00:00 +0800] "GET /xingrg/all/function/internal_message.html?_=1625626774051&CODE_STATE=getMsg HTTP/1.1" 200 27
116.230.110.80 - - [07/Jul/2021:11:00:01 +0800] "GET /xingrg/all/function/internal_message.html?_=1625626806420&CODE_STATE=getMsg HTTP/1.1" 200 27
116.224.113.155 - - [07/Jul/2021:11:00:01 +0800] "GET /xingrg/all/function/internal_message.html?_=1625626795166&CODE_STATE=getMsg HTTP/1.1" 200 27
116.224.113.155 - - [07/Jul/2021:11:00:03 +0800] "GET /xingrg/kc/buy/cgsh_order_operate.html?command=get_materiel&rest_code=00151&code=00101019489&supplier_code=00100325&order_time=2021-07-07 HTTP/1.1" 200 410
180.169.147.146 - - [07/Jul/2021:11:00:05 +0800] "GET /xingrg/all/function/internal_message.html?_=1625626810310&CODE_STATE=getMsg HTTP/1.1" 200 27
116.230.110.80 - - [07/Jul/2021:11:00:06 +0800] "GET /xingrg/javascript/jquery_tools/images/prev.gif HTTP/1.1" 404 1086
116.230.110.80 - - [07/Jul/2021:11:00:06 +0800] "GET /xingrg/javascript/jquery_tools/images/next.gif HTTP/1.1" 404 1086
58.37.225.51 - - [07/Jul/2021:11:00:06 +0800] "POST /xingrg/kc/buy/cgsh_order_operate.html HTTP/1.1" 200 37
222.70.176.145 - - [07/Jul/2021:11:00:07 +0800] "GET /xingrg/check_reg.html?_=1625626809582 HTTP/1.1" 200 22
222.70.176.145 - - [07/Jul/2021:11:00:07 +0800] "GET /xingrg/all/function/internal_message.html?_=1625626809584&CODE_STATE=getMsg HTTP/1.1" 200 27
58.37.225.51 - - [07/Jul/2021:11:00:09 +0800] "POST /xingrg/kc/buy/cgsh_order_operate.html HTTP/1.1" 200 12
120.253.135.82 - - [07/Jul/2021:11:00:09 +0800] "GET /xingrg/all/function/internal_message.html?_=1625626596688&CODE_STATE=getMsg HTTP/1.1" 200 27
58.37.225.51 - - [07/Jul/2021:11:00:09 +0800] "GET /xingrg/kc/buy/cgsh_order_info.html?code=212021070702833 HTTP/1.1" 200 57593
58.40.7.146 - - [07/Jul/2021:11:00:10 +0800] "GET /xingrg/all/function/internal_message.html?_=1625626815005&CODE_STATE=getMsg HTTP/1.1" 200 27
58.37.225.51 - - [07/Jul/2021:11:00:10 +0800] "GET /xingrg/javascript/easyui/themes/default/validatebox.css HTTP/1.1" 404 1104
58.37.225.51 - - [07/Jul/2021:11:00:10 +0800] "POST /xingrg/kc/buy/cgsh_order_operate.html HTTP/1.1" 200 1208
116.224.113.155 - - [07/Jul/2021:11:00:12 +0800] "GET /xingrg/kc/buy/cgsh_order_operate.html?command=get_materiel&rest_code=00151&code=00101010646&supplier_code=00100325&order_time=2021-07-07 HTTP/1.1" 200 408
116.224.113.155 - - [07/Jul/2021:11:00:13 +0800] "GET /xingrg/all/function/internal_message.html?_=1625626813730&CODE_STATE=getMsg HTTP/1.1" 200 27
116.232.55.111 - - [07/Jul/2021:11:00:14 +0800] "GET /xingrg/all/function/internal_message.html?_=1625626820120&CODE_STATE=getMsg HTTP/1.1" 200 27
58.37.5.217 - - [07/Jul/2021:11:00:14 +0800] "GET /xingrg/kc/buy/cgsh_order_operate.html?command=get_materiel&rest_code=00106&code=00101002007&supplier_code=00100442&order_time=2021-07-07 HTTP/1.1" 200 409
116.230.114.112 - - [07/Jul/2021:11:00:16 +0800] "GET /xingrg/all/function/internal_message.html?_=1625626829218&CODE_STATE=getMsg HTTP/1.1" 302 -
180.169.147.146 - - [07/Jul/2021:11:00:16 +0800] "GET /xingrg/kc/buy/cgsh_order_operate.html?command=get_materiel&rest_code=00147&code=00101007081&supplier_code=00100004&order_time=2021-07-07 HTTP/1.1" 200 413
58.37.225.51 - - [07/Jul/2021:11:00:16 +0800] "GET /xingrg/kc/print/load_data.html?order_code=212021070702833&kc_code=cgsh&condition= HTTP/1.1" 200 1006
58.37.5.217 - - [07/Jul/2021:11:00:18 +0800] "GET /xingrg/all/function/internal_message.html?_=1625626823980&CODE_STATE=getMsg HTTP/1.1" 200 27
116.230.117.165 - - [07/Jul/2021:11:00:21 +0800] "GET /xingrg/all/function/internal_message.html?_=1625626834360&CODE_STATE=getMsg HTTP/1.1" 200 27
180.169.147.146 - - [07/Jul/2021:11:00:24 +0800] "POST /xingrg/kc/buy/cgsh_order_operate.html HTTP/1.1" 200 37
180.169.147.146 - - [07/Jul/2021:11:00:26 +0800] "POST /xingrg/kc/buy/cgsh_order_operate.html HTTP/1.1" 200 5605
116.235.222.38 - - [07/Jul/2021:11:00:26 +0800] "GET /xingrg/kc/buy/cgsh_order_operate.html?command=get_materiel&rest_code=00107&code=00101009031&supplier_code=00100006&order_time=2021-07-07 HTTP/1.1" 200 408
180.162.112.86 - - [07/Jul/2021:11:00:26 +0800] "GET /xingrg/all/function/internal_message.html?_=1625626486692&CODE_STATE=getMsg HTTP/1.1" 200 27
180.169.147.146 - - [07/Jul/2021:11:00:26 +0800] "GET /xingrg/kc/print/load_data.html?order_code=212021070702834&kc_code=cgsh&condition= HTTP/1.1" 200 1847
221.239.195.6 - - [07/Jul/2021:11:00:27 +0800] "GET /xingrg/all/function/internal_message.html?_=1625626832257&CODE_STATE=getMsg HTTP/1.1" 200 27
116.224.113.155 - - [07/Jul/2021:11:00:29 +0800] "GET /xingrg/kc/buy/cgsh_order_operate.html?command=get_materiel&rest_code=00151&code=00101010707&supplier_code=00100325&order_time=2021-07-07 HTTP/1.1" 200 403
101.85.107.54 - - [07/Jul/2021:11:00:29 +0800] "GET /xingrg/all/function/internal_message.html?_=1625626257483&CODE_STATE=getMsg HTTP/1.1" 200 27
101.85.107.54 - - [07/Jul/2021:11:00:29 +0800] "GET /xingrg/check_reg.html?_=1625626257484 HTTP/1.1" 200 22
180.162.112.86 - - [07/Jul/2021:11:00:29 +0800] "GET /xingrg/kc/buy/cgsh_order_operate.html?command=get_materiel&rest_code=00143&code=00101018011&supplier_code=00100207&order_time=2021-07-07 HTTP/1.1" 200 415
180.169.147.146 - - [07/Jul/2021:11:00:31 +0800] "GET /xingrg/kc/buy/cgsh_order_add.html HTTP/1.1" 200 62643
180.169.147.146 - - [07/Jul/2021:11:00:31 +0800] "GET /xingrg/javascript/easyui/themes/default/validatebox.css HTTP/1.1" 404 1104
180.169.147.146 - - [07/Jul/2021:11:00:31 +0800] "POST /xingrg/kc/buy/cgsh_order_operate.html HTTP/1.1" 200 8245
116.235.222.38 - - [07/Jul/2021:11:00:32 +0800] "GET /xingrg/check_reg.html?_=1625626831631 HTTP/1.1" 200 22
116.235.222.38 - - [07/Jul/2021:11:00:32 +0800] "GET /xingrg/all/function/internal_message.html?_=1625626831632&CODE_STATE=getMsg HTTP/1.1" 200 27
58.37.5.217 - - [07/Jul/2021:11:00:32 +0800] "POST /xingrg/kc/buy/cgsh_order_operate.html HTTP/1.1" 200 37
58.37.5.217 - - [07/Jul/2021:11:00:35 +0800] "POST /xingrg/kc/buy/cgsh_order_operate.html HTTP/1.1" 200 12
58.37.5.217 - - [07/Jul/2021:11:00:35 +0800] "GET /xingrg/kc/buy/cgsh_order_info.html?code=212021070702835 HTTP/1.1" 200 57585
58.37.5.217 - - [07/Jul/2021:11:00:35 +0800] "GET /xingrg/words/20210707102424_words.js HTTP/1.1" 304 -
58.37.5.217 - - [07/Jul/2021:11:00:36 +0800] "GET /xingrg/javascript/easyui/themes/default/validatebox.css HTTP/1.1" 404 1104
58.37.5.217 - - [07/Jul/2021:11:00:36 +0800] "POST /xingrg/kc/buy/cgsh_order_operate.html HTTP/1.1" 200 1207
116.224.113.155 - - [07/Jul/2021:11:00:37 +0800] "GET /xingrg/kc/buy/cgsh_order_operate.html?command=get_materiel&rest_code=00151&code=00101001213&supplier_code=00100325&order_time=2021-07-07 HTTP/1.1" 200 424
58.37.225.51 - - [07/Jul/2021:11:00:38 +0800] "GET /xingrg/all/function/internal_message.html?_=1625626764608&CODE_STATE=getMsg HTTP/1.1" 200 27
58.37.5.217 - - [07/Jul/2021:11:00:40 +0800] "GET /xingrg/all/function/internal_message.html?_=1625626843262&CODE_STATE=getMsg HTTP/1.1" 200 27
58.37.5.217 - - [07/Jul/2021:11:00:40 +0800] "GET /xingrg/kc/print/load_data.html?order_code=212021070702835&kc_code=cgsh&condition= HTTP/1.1" 200 933
58.40.7.146 - - [07/Jul/2021:11:00:42 +0800] "GET /xingrg/all/function/internal_message.html?_=1625626847198&CODE_STATE=getMsg HTTP/1.1" 200 27
116.235.222.38 - - [07/Jul/2021:11:00:44 +0800] "POST /xingrg/kc/buy/cgsh_order_operate.html HTTP/1.1" 200 37
116.230.110.80 - - [07/Jul/2021:11:00:44 +0800] "GET /xingrg/kc/buy/cgsh_order_operate.html?command=get_materiel&rest_code=00155&code=00101001075&supplier_code=00100199&order_time=2021-07-07 HTTP/1.1" 200 409
116.224.113.155 - - [07/Jul/2021:11:00:46 +0800] "GET /xingrg/kc/buy/cgsh_order_operate.html?command=get_materiel&rest_code=00151&code=00101001249&supplier_code=00100325&order_time=2021-07-07 HTTP/1.1" 200 424
222.69.131.6 - - [07/Jul/2021:11:00:47 +0800] "GET /xingrg/all/function/internal_message.html?_=1625626853849&CODE_STATE=getMsg HTTP/1.1" 200 27
180.169.147.146 - - [07/Jul/2021:11:00:48 +0800] "GET /xingrg/check_reg.html?_=1625626854933 HTTP/1.1" 200 22
180.169.147.146 - - [07/Jul/2021:11:00:48 +0800] "GET /xingrg/all/function/internal_message.html?_=1625626854932&CODE_STATE=getMsg HTTP/1.1" 200 27
58.37.5.217 - - [07/Jul/2021:11:00:49 +0800] "GET /xingrg/all/function/internal_message.html?_=1625627390557&CODE_STATE=getMsg HTTP/1.1" 200 27
101.83.241.165 - - [07/Jul/2021:11:00:50 +0800] "GET /xingrg/all/function/internal_message.html?_=1625626855139&CODE_STATE=getMsg HTTP/1.1" 200 27
58.37.5.217 - - [07/Jul/2021:11:00:51 +0800] "GET /xingrg/kc/buy/cgsh_order_add.html HTTP/1.1" 200 62675
58.37.5.217 - - [07/Jul/2021:11:00:52 +0800] "GET /xingrg/javascript/easyui/themes/default/validatebox.css HTTP/1.1" 404 1104
58.37.5.217 - - [07/Jul/2021:11:00:52 +0800] "POST /xingrg/kc/buy/cgsh_order_operate.html HTTP/1.1" 200 8245
58.37.5.217 - - [07/Jul/2021:11:00:53 +0800] "GET /xingrg/javascript/easyui/themes/default/tree.css HTTP/1.1" 404 1090
58.37.5.217 - - [07/Jul/2021:11:00:53 +0800] "POST /xingrg/all/common/load_tree.html?tree=supplier_tree_json&isDelete=1 HTTP/1.1" 200 56276
116.235.222.38 - - [07/Jul/2021:11:00:56 +0800] "POST /xingrg/kc/buy/cgsh_order_operate.html HTTP/1.1" 200 32832
117.184.7.26 - - [07/Jul/2021:11:00:56 +0800] "GET /xingrg/all/function/internal_message.html?_=1625626855800&CODE_STATE=getMsg HTTP/1.1" 200 27
180.169.147.146 - - [07/Jul/2021:11:00:56 +0800] "GET /xingrg/kc/buy/cgsh_order_operate.html?command=get_materiel&rest_code=00147&code=00101008323&supplier_code=00100007&order_time=2021-07-07 HTTP/1.1" 200 408
183.192.88.201 - - [07/Jul/2021:11:00:57 +0800] "GET /xingrg/check_reg.html?_=1625626865368 HTTP/1.1" 200 22
183.192.88.201 - - [07/Jul/2021:11:00:57 +0800] "GET /xingrg/all/function/internal_message.html?_=1625626865372&CODE_STATE=getMsg HTTP/1.1" 200 27
221.239.195.6 - - [07/Jul/2021:11:01:00 +0800] "GET /xingrg/all/function/internal_message.html?_=1625626834049&CODE_STATE=getMsg HTTP/1.1" 200 27
116.230.110.80 - - [07/Jul/2021:11:01:01 +0800] "GET /xingrg/all/function/internal_message.html?_=1625626866397&CODE_STATE=getMsg HTTP/1.1" 200 27
116.224.113.155 - - [07/Jul/2021:11:01:01 +0800] "GET /xingrg/all/function/internal_message.html?_=1625626855179&CODE_STATE=getMsg HTTP/1.1" 200 27
180.169.147.146 - - [07/Jul/2021:11:01:05 +0800] "GET /xingrg/all/function/internal_message.html?_=1625626870303&CODE_STATE=getMsg HTTP/1.1" 200 27
222.70.176.145 - - [07/Jul/2021:11:01:07 +0800] "GET /xingrg/all/function/internal_message.html?_=1625626869602&CODE_STATE=getMsg HTTP/1.1" 200 27
180.169.147.146 - - [07/Jul/2021:11:01:07 +0800] "GET /xingrg/kc/buy/cgsh_order_operate.html?command=get_materiel&rest_code=00147&code=00101008176&supplier_code=00100007&order_time=2021-07-07 HTTP/1.1" 200 412
58.37.5.217 - - [07/Jul/2021:11:01:07 +0800] "GET /xingrg/kc/buy/cgsh_order_operate.html?command=get_materiel&rest_code=00106&code=00101004051&supplier_code=00100312&order_time=2021-07-07 HTTP/1.1" 200 408
180.162.112.86 - - [07/Jul/2021:11:01:08 +0800] "GET /xingrg/kc/buy/cgsh_order_operate.html?command=get_materiel&rest_code=00143&code=00101009002&supplier_code=00100207&order_time=2021-07-07 HTTP/1.1" 200 408
120.253.135.82 - - [07/Jul/2021:11:01:09 +0800] "GET /xingrg/all/function/internal_message.html?_=1625626656701&CODE_STATE=getMsg HTTP/1.1" 200 27
58.40.7.146 - - [07/Jul/2021:11:01:10 +0800] "GET /xingrg/all/function/internal_message.html?_=1625626875010&CODE_STATE=getMsg HTTP/1.1" 200 27
180.169.147.146 - - [07/Jul/2021:11:01:10 +0800] "GET /xingrg/check_reg.html?_=1625626873538 HTTP/1.1" 200 22
116.224.113.155 - - [07/Jul/2021:11:01:13 +0800] "GET /xingrg/check_reg.html?_=1625626873713 HTTP/1.1" 200 22
116.224.113.155 - - [07/Jul/2021:11:01:13 +0800] "GET /xingrg/all/function/internal_message.html?_=1625626873716&CODE_STATE=getMsg HTTP/1.1" 200 27
116.224.113.155 - - [07/Jul/2021:11:01:13 +0800] "POST /xingrg/kc/buy/cgsh_order_operate.html HTTP/1.1" 200 37
116.232.55.111 - - [07/Jul/2021:11:01:14 +0800] "GET /xingrg/all/function/internal_message.html?_=1625626880125&CODE_STATE=getMsg HTTP/1.1" 200 27
180.169.147.146 - - [07/Jul/2021:11:01:15 +0800] "GET /xingrg/kc/buy/cgsh_order_operate.html?command=get_materiel&rest_code=00147&code=00101008349&supplier_code=00100007&order_time=2021-07-07 HTTP/1.1" 200 412
116.230.114.112 - - [07/Jul/2021:11:01:16 +0800] "GET /xingrg/all/function/internal_message.html?_=1625626889227&CODE_STATE=getMsg HTTP/1.1" 302 -
116.235.222.38 - - [07/Jul/2021:11:01:16 +0800] "GET /xingrg/kc/print/report_design.html?orderType=cgsh HTTP/1.1" 200 8625
116.224.113.155 - - [07/Jul/2021:11:01:16 +0800] "POST /xingrg/kc/buy/cgsh_order_operate.html HTTP/1.1" 200 12
116.224.113.155 - - [07/Jul/2021:11:01:17 +0800] "GET /xingrg/kc/buy/cgsh_order_info.html?code=212021070702837 HTTP/1.1" 200 57223
116.224.113.155 - - [07/Jul/2021:11:01:18 +0800] "GET /xingrg/words/20210707102424_words.js HTTP/1.1" 304 -
116.224.113.155 - - [07/Jul/2021:11:01:18 +0800] "GET /xingrg/javascript/easyui/themes/default/validatebox.css HTTP/1.1" 404 1104
58.37.5.217 - - [07/Jul/2021:11:01:18 +0800] "GET /xingrg/all/function/internal_message.html?_=1625626883979&CODE_STATE=getMsg HTTP/1.1" 200 27
116.224.113.155 - - [07/Jul/2021:11:01:18 +0800] "POST /xingrg/kc/buy/cgsh_order_operate.html HTTP/1.1" 200 3048
116.230.117.165 - - [07/Jul/2021:11:01:21 +0800] "GET /xingrg/all/function/internal_message.html?_=1625626894374&CODE_STATE=getMsg HTTP/1.1" 200 27
116.224.113.155 - - [07/Jul/2021:11:01:23 +0800] "GET /xingrg/kc/print/load_data.html?order_code=212021070702837&kc_code=cgsh&condition= HTTP/1.1" 200 1697
180.169.147.146 - - [07/Jul/2021:11:01:24 +0800] "GET /xingrg/kc/buy/cgsh_order_operate.html?command=get_materiel&rest_code=00147&code=00101008028&supplier_code=00100007&order_time=2021-07-07 HTTP/1.1" 200 412
180.162.112.86 - - [07/Jul/2021:11:01:26 +0800] "GET /xingrg/all/function/internal_message.html?_=1625626546690&CODE_STATE=getMsg HTTP/1.1" 200 27
221.239.195.6 - - [07/Jul/2021:11:01:27 +0800] "GET /xingrg/all/function/internal_message.html?_=1625626892257&CODE_STATE=getMsg HTTP/1.1" 200 27
58.37.5.217 - - [07/Jul/2021:11:01:28 +0800] "GET /xingrg/kc/buy/cgsh_order_operate.html?command=get_materiel&rest_code=00106&code=00101004046&supplier_code=00100312&order_time=2021-07-07 HTTP/1.1" 200 417
101.85.107.54 - - [07/Jul/2021:11:01:29 +0800] "GET /xingrg/all/function/internal_message.html?_=1625626317483&CODE_STATE=getMsg HTTP/1.1" 200 27
180.169.147.146 - - [07/Jul/2021:11:01:31 +0800] "GET /xingrg/kc/buy/cgsh_order_operate.html?command=get_materiel&rest_code=00147&code=00101008163&supplier_code=00100007&order_time=2021-07-07 HTTP/1.1" 200 408
116.235.222.38 - - [07/Jul/2021:11:01:32 +0800] "GET /xingrg/all/function/internal_message.html?_=1625626891690&CODE_STATE=getMsg HTTP/1.1" 200 27
58.37.225.51 - - [07/Jul/2021:11:01:38 +0800] "GET /xingrg/all/function/internal_message.html?_=1625626824590&CODE_STATE=getMsg HTTP/1.1" 200 27
180.169.147.146 - - [07/Jul/2021:11:01:38 +0800] "GET /xingrg/kc/buy/cgsh_order_operate.html?command=get_materiel&rest_code=00147&code=00101008190&supplier_code=00100007&order_time=2021-07-07 HTTP/1.1" 200 412
58.37.5.217 - - [07/Jul/2021:11:01:40 +0800] "GET /xingrg/all/function/internal_message.html?_=1625626903271&CODE_STATE=getMsg HTTP/1.1" 200 27
58.37.5.217 - - [07/Jul/2021:11:01:41 +0800] "GET /xingrg/kc/buy/cgsh_order_add.html HTTP/1.1" 200 62681
116.235.222.38 - - [07/Jul/2021:11:01:41 +0800] "GET /xingrg/kc/print/design_operate.html?_=1625626900452&command=load_config&code=cgsh HTTP/1.1" 200 2747
58.37.5.217 - - [07/Jul/2021:11:01:41 +0800] "POST /xingrg/kc/buy/cgsh_order_operate.html HTTP/1.1" 200 8245
58.37.5.217 - - [07/Jul/2021:11:01:41 +0800] "GET /xingrg/javascript/easyui/themes/default/validatebox.css HTTP/1.1" 404 1104
58.40.7.146 - - [07/Jul/2021:11:01:42 +0800] "GET /xingrg/all/function/internal_message.html?_=1625626907202&CODE_STATE=getMsg HTTP/1.1" 200 27
58.37.5.217 - - [07/Jul/2021:11:01:42 +0800] "GET /xingrg/javascript/easyui/themes/default/tree.css HTTP/1.1" 404 1090
58.37.5.217 - - [07/Jul/2021:11:01:42 +0800] "POST /xingrg/all/common/load_tree.html?tree=supplier_tree_json&isDelete=1 HTTP/1.1" 200 56276
116.235.222.38 - - [07/Jul/2021:11:01:43 +0800] "GET /favicon.ico HTTP/1.1" 404 -
58.37.5.217 - - [07/Jul/2021:11:01:43 +0800] "GET /xingrg/kc/buy/cgsh_order_operate.html?command=get_materiel&rest_code=00106&code=00101004038&supplier_code=00100312&order_time=2021-07-07 HTTP/1.1" 200 429
116.224.113.155 - - [07/Jul/2021:11:01:44 +0800] "GET /xingrg/kc/buy/cgsh_order_add.html HTTP/1.1" 200 62317
116.224.113.155 - - [07/Jul/2021:11:01:45 +0800] "GET /xingrg/javascript/easyui/themes/default/validatebox.css HTTP/1.1" 404 1104
116.224.113.155 - - [07/Jul/2021:11:01:45 +0800] "POST /xingrg/kc/buy/cgsh_order_operate.html HTTP/1.1" 200 8245
222.69.131.6 - - [07/Jul/2021:11:01:47 +0800] "GET /xingrg/all/function/internal_message.html?_=1625626913850&CODE_STATE=getMsg HTTP/1.1" 200 27
180.169.147.146 - - [07/Jul/2021:11:01:48 +0800] "GET /xingrg/all/function/internal_message.html?_=1625626914933&CODE_STATE=getMsg HTTP/1.1" 200 27
58.37.5.217 - - [07/Jul/2021:11:01:49 +0800] "GET /xingrg/all/function/internal_message.html?_=1625627450529&CODE_STATE=getMsg HTTP/1.1" 200 27
101.83.241.165 - - [07/Jul/2021:11:01:50 +0800] "GET /xingrg/all/function/internal_message.html?_=1625626915141&CODE_STATE=getMsg HTTP/1.1" 200 27
58.37.5.217 - - [07/Jul/2021:11:01:54 +0800] "GET /xingrg/kc/buy/cgsh_order_operate.html?command=get_materiel&rest_code=00106&code=00101004067&supplier_code=00100312&order_time=2021-07-07 HTTP/1.1" 200 433
116.224.113.155 - - [07/Jul/2021:11:01:55 +0800] "GET /xingrg/kc/buy/cgsh_order_operate.html?command=get_materiel&rest_code=00151&code=00101020113&supplier_code=00100266&order_time=2021-07-07 HTTP/1.1" 200 409
117.184.7.26 - - [07/Jul/2021:11:01:56 +0800] "GET /xingrg/all/function/internal_message.html?_=1625626915801&CODE_STATE=getMsg HTTP/1.1" 200 27
58.37.5.217 - - [07/Jul/2021:11:01:56 +0800] "GET /xingrg/kc/buy/cgsh_order_operate.html?command=get_materiel&rest_code=00106&code=00101009057&supplier_code=00100022&order_time=2021-07-07 HTTP/1.1" 200 410
183.192.88.201 - - [07/Jul/2021:11:01:57 +0800] "GET /xingrg/all/function/internal_message.html?_=1625626925381&CODE_STATE=getMsg HTTP/1.1" 200 27
116.230.110.80 - - [07/Jul/2021:11:01:57 +0800] "GET /xingrg/kc/buy/cgsh_order_operate.html?command=get_materiel&rest_code=00155&code=00101002027&supplier_code=00100199&order_time=2021-07-07 HTTP/1.1" 200 413
180.169.147.146 - - [07/Jul/2021:11:01:59 +0800] "GET /xingrg/kc/buy/cgsh_order_operate.html?command=get_materiel&rest_code=00147&code=00101008118&supplier_code=00100007&order_time=2021-07-07 HTTP/1.1" 200 418
221.239.195.6 - - [07/Jul/2021:11:02:00 +0800] "GET /xingrg/all/function/internal_message.html?_=1625626894048&CODE_STATE=getMsg HTTP/1.1" 200 27
116.230.110.80 - - [07/Jul/2021:11:02:01 +0800] "GET /xingrg/all/function/internal_message.html?_=1625626926414&CODE_STATE=getMsg HTTP/1.1" 200 27
116.224.113.155 - - [07/Jul/2021:11:02:01 +0800] "GET /xingrg/all/function/internal_message.html?_=1625626915194&CODE_STATE=getMsg HTTP/1.1" 200 27
180.169.147.146 - - [07/Jul/2021:11:02:05 +0800] "GET /xingrg/all/function/internal_message.html?_=1625626930311&CODE_STATE=getMsg HTTP/1.1" 200 27
180.169.147.146 - - [07/Jul/2021:11:02:05 +0800] "GET /xingrg/check_reg.html?_=1625626930316 HTTP/1.1" 200 22
58.37.5.217 - - [07/Jul/2021:11:02:05 +0800] "GET /xingrg/kc/buy/cgsh_order_operate.html?command=get_materiel&rest_code=00106&code=00101009016&supplier_code=00100022&order_time=2021-07-07 HTTP/1.1" 200 412
58.37.5.217 - - [07/Jul/2021:11:02:06 +0800] "GET /xingrg/kc/buy/cgsh_order_operate.html?command=get_materiel&rest_code=00106&code=00101004030&supplier_code=00100312&order_time=2021-07-07 HTTP/1.1" 200 408
222.70.176.145 - - [07/Jul/2021:11:02:07 +0800] "GET /xingrg/all/function/internal_message.html?_=1625626929598&CODE_STATE=getMsg HTTP/1.1" 200 27
120.253.135.82 - - [07/Jul/2021:11:02:09 +0800] "GET /xingrg/all/function/internal_message.html?_=1625626716738&CODE_STATE=getMsg HTTP/1.1" 200 27
58.40.7.146 - - [07/Jul/2021:11:02:10 +0800] "GET /xingrg/all/function/internal_message.html?_=1625626935014&CODE_STATE=getMsg HTTP/1.1" 200 27
58.40.7.146 - - [07/Jul/2021:11:02:10 +0800] "GET /xingrg/check_reg.html?_=1625626935016 HTTP/1.1" 200 22
116.224.113.155 - - [07/Jul/2021:11:02:13 +0800] "GET /xingrg/all/function/internal_message.html?_=1625626933688&CODE_STATE=getMsg HTTP/1.1" 200 27
116.232.55.111 - - [07/Jul/2021:11:02:14 +0800] "GET /xingrg/all/function/internal_message.html?_=1625626940125&CODE_STATE=getMsg HTTP/1.1" 200 27
116.232.55.111 - - [07/Jul/2021:11:02:14 +0800] "GET /xingrg/check_reg.html?_=1625626940126 HTTP/1.1" 200 22
58.37.5.217 - - [07/Jul/2021:11:02:14 +0800] "GET /xingrg/kc/buy/cgsh_order_operate.html?command=get_materiel&rest_code=00106&code=00101009013&supplier_code=00100022&order_time=2021-07-07 HTTP/1.1" 200 422
180.169.147.146 - - [07/Jul/2021:11:02:15 +0800] "GET /xingrg/kc/buy/cgsh_order_operate.html?command=get_materiel&rest_code=00147&code=00101008355&supplier_code=00100007&order_time=2021-07-07 HTTP/1.1" 200 408
116.230.114.112 - - [07/Jul/2021:11:02:16 +0800] "GET /xingrg/all/function/internal_message.html?_=1625626949246&CODE_STATE=getMsg HTTP/1.1" 302 -
116.224.113.155 - - [07/Jul/2021:11:02:16 +0800] "GET /xingrg/kc/buy/cgsh_order_operate.html?command=get_materiel&rest_code=00151&code=00101010496&supplier_code=00100266&order_time=2021-07-07 HTTP/1.1" 200 419
58.37.5.217 - - [07/Jul/2021:11:02:18 +0800] "GET /xingrg/all/function/internal_message.html?_=1625626943977&CODE_STATE=getMsg HTTP/1.1" 200 27
58.37.5.217 - - [07/Jul/2021:11:02:20 +0800] "GET /xingrg/kc/buy/cgsh_order_operate.html?command=get_materiel&rest_code=00106&code=00101001029&supplier_code=00100312&order_time=2021-07-07 HTTP/1.1" 200 413
116.230.110.80 - - [07/Jul/2021:11:02:20 +0800] "GET /xingrg/kc/buy/cgsh_order_operate.html?command=get_materiel&rest_code=00155&code=00101010161&supplier_code=00100199&order_time=2021-07-07 HTTP/1.1" 200 409
116.230.117.165 - - [07/Jul/2021:11:02:21 +0800] "GET /xingrg/all/function/internal_message.html?_=1625626954603&CODE_STATE=getMsg HTTP/1.1" 200 27
58.37.5.217 - - [07/Jul/2021:11:02:24 +0800] "GET /xingrg/kc/buy/cgsh_order_operate.html?command=get_materiel&rest_code=00106&code=00101009011&supplier_code=00100022&order_time=2021-07-07 HTTP/1.1" 200 418
180.169.147.146 - - [07/Jul/2021:11:02:24 +0800] "GET /xingrg/kc/buy/cgsh_order_operate.html?command=get_materiel&rest_code=00147&code=00101008264&supplier_code=00100007&order_time=2021-07-07 HTTP/1.1" 200 412
221.239.195.6 - - [07/Jul/2021:11:02:26 +0800] "GET /xingrg/kc/mdqp/pssh_order_list.html HTTP/1.1" 200 17822
180.162.112.86 - - [07/Jul/2021:11:02:26 +0800] "GET /xingrg/all/function/internal_message.html?_=1625626606711&CODE_STATE=getMsg HTTP/1.1" 200 27
221.239.195.6 - - [07/Jul/2021:11:02:26 +0800] "POST /xingrg/kc/mdqp/pssh_list_operate.html HTTP/1.1" 200 5181
221.239.195.6 - - [07/Jul/2021:11:02:27 +0800] "GET /xingrg/all/function/internal_message.html?_=1625626952277&CODE_STATE=getMsg HTTP/1.1" 200 27
221.239.195.6 - - [07/Jul/2021:11:02:27 +0800] "GET /xingrg/check_reg.html?_=1625626952279 HTTP/1.1" 200 22
221.239.195.6 - - [07/Jul/2021:11:02:29 +0800] "POST /xingrg/kc/mdqp/pssh_list_operate.html HTTP/1.1" 200 370
101.85.107.54 - - [07/Jul/2021:11:02:29 +0800] "GET /xingrg/all/function/internal_message.html?_=1625626377482&CODE_STATE=getMsg HTTP/1.1" 200 27
116.224.113.155 - - [07/Jul/2021:11:02:29 +0800] "GET /xingrg/kc/buy/cgsh_order_operate.html?command=get_materiel&rest_code=00151&code=00101010403&supplier_code=00100266&order_time=2021-07-07 HTTP/1.1" 200 405
221.239.195.6 - - [07/Jul/2021:11:02:32 +0800] "GET /xingrg/javascript/jquery_tools/jquery-1.4.2.min.js HTTP/1.1" 404 1094
221.239.195.6 - - [07/Jul/2021:11:02:32 +0800] "GET /xingrg/kc/mdqp/pssh_order_info.html?code=312021070600121 HTTP/1.1" 200 17273
221.239.195.6 - - [07/Jul/2021:11:02:32 +0800] "GET /xingrg/javascript/easyui/themes/icons/back_new.png HTTP/1.1" 304 -
221.239.195.6 - - [07/Jul/2021:11:02:32 +0800] "POST /xingrg/kc/mdqp/pssh_order_operate.html HTTP/1.1" 200 1055
221.239.195.6 - - [07/Jul/2021:11:02:32 +0800] "GET /xingrg/all/common/auto_word.html?type=base&rest_code=00105&rest_code=00105 HTTP/1.1" 200 1811
221.239.195.6 - - [07/Jul/2021:11:02:32 +0800] "GET /xingrg/javascript/easyui/themes/default/validatebox.css HTTP/1.1" 404 1104
116.235.222.38 - - [07/Jul/2021:11:02:32 +0800] "GET /xingrg/all/function/internal_message.html?_=1625626951678&CODE_STATE=getMsg HTTP/1.1" 200 27
58.37.5.217 - - [07/Jul/2021:11:02:33 +0800] "GET /xingrg/kc/buy/cgsh_order_operate.html?command=get_materiel&rest_code=00106&code=00101001015&supplier_code=00100312&order_time=2021-07-07 HTTP/1.1" 200 416
180.169.147.146 - - [07/Jul/2021:11:02:34 +0800] "GET /xingrg/kc/buy/cgsh_order_operate.html?command=get_materiel&rest_code=00147&code=00101008136&supplier_code=00100007&order_time=2021-07-07 HTTP/1.1" 200 413
58.37.5.217 - - [07/Jul/2021:11:02:36 +0800] "POST /xingrg/kc/buy/cgsh_order_operate.html HTTP/1.1" 200 37
116.224.113.155 - - [07/Jul/2021:11:02:37 +0800] "GET /xingrg/kc/buy/cgsh_order_operate.html?command=get_materiel&rest_code=00151&code=00101021014&supplier_code=00100266&order_time=2021-07-07 HTTP/1.1" 200 400
58.37.225.51 - - [07/Jul/2021:11:02:38 +0800] "GET /xingrg/all/function/internal_message.html?_=1625626884566&CODE_STATE=getMsg HTTP/1.1" 200 27
58.37.5.217 - - [07/Jul/2021:11:02:40 +0800] "GET /xingrg/all/function/internal_message.html?_=1625626963266&CODE_STATE=getMsg HTTP/1.1" 200 27
58.37.5.217 - - [07/Jul/2021:11:02:41 +0800] "POST /xingrg/kc/buy/cgsh_order_operate.html HTTP/1.1" 200 12
221.239.195.6 - - [07/Jul/2021:11:02:41 +0800] "GET /xingrg/kc/mdqp/pssh_order_info.html?code=312021070600121 HTTP/1.1" 200 17273
221.239.195.6 - - [07/Jul/2021:11:02:41 +0800] "GET /xingrg/javascript/jquery_tools/jquery-1.4.2.min.js HTTP/1.1" 404 1094
221.239.195.6 - - [07/Jul/2021:11:02:41 +0800] "GET /xingrg/javascript/easyui/themes/default/validatebox.css HTTP/1.1" 404 1104
221.239.195.6 - - [07/Jul/2021:11:02:41 +0800] "POST /xingrg/kc/mdqp/pssh_order_operate.html HTTP/1.1" 200 1055
58.40.7.146 - - [07/Jul/2021:11:02:42 +0800] "GET /xingrg/all/function/internal_message.html?_=1625626967191&CODE_STATE=getMsg HTTP/1.1" 200 27
180.169.147.146 - - [07/Jul/2021:11:02:42 +0800] "GET /xingrg/kc/buy/cgsh_order_operate.html?command=get_materiel&rest_code=00147&code=00101008069&supplier_code=00100007&order_time=2021-07-07 HTTP/1.1" 200 412
116.224.113.155 - - [07/Jul/2021:11:02:43 +0800] "GET /xingrg/kc/buy/cgsh_order_operate.html?command=get_materiel&rest_code=00151&code=00101021013&supplier_code=00100266&order_time=2021-07-07 HTTP/1.1" 200 404
221.239.195.6 - - [07/Jul/2021:11:02:43 +0800] "POST /xingrg/kc/mdqp/pssh_list_operate.html HTTP/1.1" 200 3814
58.37.5.217 - - [07/Jul/2021:11:02:44 +0800] "GET /xingrg/kc/buy/cgsh_order_info.html?code=212021070702838 HTTP/1.1" 200 57589
58.37.5.217 - - [07/Jul/2021:11:02:44 +0800] "GET /xingrg/javascript/easyui/themes/default/validatebox.css HTTP/1.1" 404 1104
58.37.5.217 - - [07/Jul/2021:11:02:45 +0800] "POST /xingrg/kc/buy/cgsh_order_operate.html HTTP/1.1" 200 2389
116.230.110.80 - - [07/Jul/2021:11:02:46 +0800] "GET /xingrg/kc/buy/cgsh_order_operate.html?command=get_materiel&rest_code=00155&code=00101002006&supplier_code=00100199&order_time=2021-07-07 HTTP/1.1" 200 413
221.239.195.6 - - [07/Jul/2021:11:02:46 +0800] "GET /xingrg/kc/mdqp/pssh_order_list.html HTTP/1.1" 200 17822
221.239.195.6 - - [07/Jul/2021:11:02:47 +0800] "POST /xingrg/kc/mdqp/pssh_list_operate.html HTTP/1.1" 200 5181
58.37.5.217 - - [07/Jul/2021:11:02:47 +0800] "GET /xingrg/kc/buy/cgsh_order_operate.html?command=get_materiel&rest_code=00106&code=00101005022&supplier_code=00100312&order_time=2021-07-07 HTTP/1.1" 200 419
222.69.131.6 - - [07/Jul/2021:11:02:47 +0800] "GET /xingrg/all/function/internal_message.html?_=1625626973851&CODE_STATE=getMsg HTTP/1.1" 200 27
180.169.147.146 - - [07/Jul/2021:11:02:48 +0800] "GET /xingrg/all/function/internal_message.html?_=1625626974933&CODE_STATE=getMsg HTTP/1.1" 200 27
58.37.5.217 - - [07/Jul/2021:11:02:49 +0800] "GET /xingrg/all/function/internal_message.html?_=1625627510536&CODE_STATE=getMsg HTTP/1.1" 200 27
221.239.195.6 - - [07/Jul/2021:11:02:49 +0800] "POST /xingrg/kc/mdqp/pssh_list_operate.html HTTP/1.1" 200 454
101.83.241.165 - - [07/Jul/2021:11:02:50 +0800] "GET /xingrg/all/function/internal_message.html?_=1625626975143&CODE_STATE=getMsg HTTP/1.1" 200 27
101.83.241.165 - - [07/Jul/2021:11:02:50 +0800] "GET /xingrg/check_reg.html?_=1625626975148 HTTP/1.1" 200 22
58.37.5.217 - - [07/Jul/2021:11:02:50 +0800] "GET /xingrg/kc/print/load_data.html?order_code=212021070702838&kc_code=cgsh&condition= HTTP/1.1" 200 1418
116.224.113.155 - - [07/Jul/2021:11:02:51 +0800] "GET /xingrg/kc/buy/cgsh_order_operate.html?command=get_materiel&rest_code=00151&code=00101010247&supplier_code=00100266&order_time=2021-07-07 HTTP/1.1" 200 408
180.169.147.146 - - [07/Jul/2021:11:02:52 +0800] "GET /xingrg/kc/buy/cgsh_order_operate.html?command=get_materiel&rest_code=00147&code=00101008286&supplier_code=00100007&order_time=2021-07-07 HTTP/1.1" 200 408
117.184.7.26 - - [07/Jul/2021:11:02:56 +0800] "GET /xingrg/all/function/internal_message.html?_=1625626975796&CODE_STATE=getMsg HTTP/1.1" 200 27
58.37.5.217 - - [07/Jul/2021:11:02:56 +0800] "GET /xingrg/kc/print/load_data.html?order_code=212021070702838&kc_code=cgsh HTTP/1.1" 200 1418
183.192.88.201 - - [07/Jul/2021:11:02:57 +0800] "GET /xingrg/all/function/internal_message.html?_=1625626985381&CODE_STATE=getMsg HTTP/1.1" 200 27
221.239.195.6 - - [07/Jul/2021:11:03:00 +0800] "GET /xingrg/all/function/internal_message.html?_=1625626954048&CODE_STATE=getMsg HTTP/1.1" 200 27
221.239.195.6 - - [07/Jul/2021:11:03:00 +0800] "GET /xingrg/check_reg.html?_=1625626954050 HTTP/1.1" 200 22
116.230.110.80 - - [07/Jul/2021:11:03:01 +0800] "GET /xingrg/all/function/internal_message.html?_=1625626986402&CODE_STATE=getMsg HTTP/1.1" 200 27
116.224.113.155 - - [07/Jul/2021:11:03:01 +0800] "GET /xingrg/all/function/internal_message.html?_=1625626975206&CODE_STATE=getMsg HTTP/1.1" 200 27
58.37.225.51 - - [07/Jul/2021:11:03:02 +0800] "GET /xingrg/kc/buy/cgsh_order_add.html HTTP/1.1" 200 62681
58.37.225.51 - - [07/Jul/2021:11:03:02 +0800] "POST /xingrg/kc/buy/cgsh_order_operate.html HTTP/1.1" 200 8245
58.37.225.51 - - [07/Jul/2021:11:03:02 +0800] "GET /xingrg/javascript/easyui/themes/default/validatebox.css HTTP/1.1" 404 1104
180.169.147.146 - - [07/Jul/2021:11:03:02 +0800] "GET /xingrg/kc/buy/cgsh_order_operate.html?command=get_materiel&rest_code=00147&code=00101008233&supplier_code=00100007&order_time=2021-07-07 HTTP/1.1" 200 408
180.169.147.146 - - [07/Jul/2021:11:03:05 +0800] "GET /xingrg/all/function/internal_message.html?_=1625626990305&CODE_STATE=getMsg HTTP/1.1" 200 27
222.70.176.145 - - [07/Jul/2021:11:03:07 +0800] "GET /xingrg/all/function/internal_message.html?_=1625626989606&CODE_STATE=getMsg HTTP/1.1" 200 27
221.239.195.6 - - [07/Jul/2021:11:03:07 +0800] "GET /xingrg/kc/base/base_main.html HTTP/1.1" 200 12142
221.239.195.6 - - [07/Jul/2021:11:03:07 +0800] "GET /xingrg/images/blue/button/wlsy.gif HTTP/1.1" 304 -
221.239.195.6 - - [07/Jul/2021:11:03:07 +0800] "GET /xingrg/images/blue/button/ckpd.gif HTTP/1.1" 304 -
221.239.195.6 - - [07/Jul/2021:11:03:07 +0800] "GET /xingrg/images/blue/button/ckdb.gif HTTP/1.1" 304 -
221.239.195.6 - - [07/Jul/2021:11:03:07 +0800] "GET /xingrg/images/blue/button/yddb.gif HTTP/1.1" 304 -
221.239.195.6 - - [07/Jul/2021:11:03:07 +0800] "GET /xingrg/images/blue/button/bottom_right.jpg HTTP/1.1" 304 -
221.239.195.6 - - [07/Jul/2021:11:03:07 +0800] "GET /xingrg/images/blue/button/top_left.jpg HTTP/1.1" 304 -
221.239.195.6 - - [07/Jul/2021:11:03:07 +0800] "GET /xingrg/images/blue/button/down.jpg HTTP/1.1" 304 -
221.239.195.6 - - [07/Jul/2021:11:03:07 +0800] "GET /xingrg/images/blue/button/bottom_left.jpg HTTP/1.1" 304 -
221.239.195.6 - - [07/Jul/2021:11:03:07 +0800] "GET /xingrg/images/blue/button/top_right.jpg HTTP/1.1" 304 -
221.239.195.6 - - [07/Jul/2021:11:03:07 +0800] "GET /xingrg/images/blue/button/left_ah.jpg HTTP/1.1" 304 -
221.239.195.6 - - [07/Jul/2021:11:03:08 +0800] "GET /xingrg/kc/base/wldb_order_list.html HTTP/1.1" 200 19145
120.253.135.82 - - [07/Jul/2021:11:03:09 +0800] "GET /xingrg/all/function/internal_message.html?_=1625626776744&CODE_STATE=getMsg HTTP/1.1" 200 27
221.239.195.6 - - [07/Jul/2021:11:03:09 +0800] "POST /xingrg/kc/base/wldb_list_operate.html HTTP/1.1" 200 928
58.40.7.146 - - [07/Jul/2021:11:03:10 +0800] "GET /xingrg/all/function/internal_message.html?_=1625626995017&CODE_STATE=getMsg HTTP/1.1" 200 27
221.239.195.6 - - [07/Jul/2021:11:03:11 +0800] "GET /xingrg/kc/base/wldb_order_add.html HTTP/1.1" 200 30353
221.239.195.6 - - [07/Jul/2021:11:03:11 +0800] "GET /xingrg/javascript/jquery_tools/order_manager.js HTTP/1.1" 304 -
221.239.195.6 - - [07/Jul/2021:11:03:11 +0800] "GET /xingrg/javascript/convert.js HTTP/1.1" 304 -
221.239.195.6 - - [07/Jul/2021:11:03:11 +0800] "GET /xingrg/javascript/json2.js HTTP/1.1" 304 -
221.239.195.6 - - [07/Jul/2021:11:03:11 +0800] "GET /xingrg/javascript/print/kc_print.js HTTP/1.1" 304 -
221.239.195.6 - - [07/Jul/2021:11:03:11 +0800] "GET /xingrg/words/20210707102424_words.js HTTP/1.1" 200 824285
221.239.195.6 - - [07/Jul/2021:11:03:11 +0800] "GET /xingrg/javascript/easyui/themes/icons/template_new.png HTTP/1.1" 304 -
221.239.195.6 - - [07/Jul/2021:11:03:11 +0800] "GET /xingrg/javascript/easyui/themes/icons/ok.png HTTP/1.1" 304 -
221.239.195.6 - - [07/Jul/2021:11:03:11 +0800] "GET /xingrg/javascript/easyui/themes/default/images/menu_downarrow.png HTTP/1.1" 304 -
221.239.195.6 - - [07/Jul/2021:11:03:11 +0800] "GET /xingrg/javascript/easyui/themes/icons/cancel.png HTTP/1.1" 304 -
221.239.195.6 - - [07/Jul/2021:11:03:11 +0800] "GET /xingrg/javascript/easyui/themes/icons/print.png HTTP/1.1" 304 -
221.239.195.6 - - [07/Jul/2021:11:03:12 +0800] "POST /xingrg/kc/base/wldb_order_operate.html HTTP/1.1" 200 6806
221.239.195.6 - - [07/Jul/2021:11:03:12 +0800] "GET /xingrg/all/common/auto_word.html?type=base&rest_code=00105 HTTP/1.1" 200 1811
221.239.195.6 - - [07/Jul/2021:11:03:12 +0800] "GET /xingrg/all/common/auto_word.html?type=base&rest_code=00105 HTTP/1.1" 200 1811
221.239.195.6 - - [07/Jul/2021:11:03:12 +0800] "GET /xingrg/javascript/easyui/themes/default/validatebox.css HTTP/1.1" 404 1104
221.239.195.6 - - [07/Jul/2021:11:03:12 +0800] "GET /xingrg/javascript/easyui/plugins/jquery.validatebox.js HTTP/1.1" 304 -
221.239.195.6 - - [07/Jul/2021:11:03:12 +0800] "GET /xingrg/javascript/easyui/themes/icons/edit_remove.png HTTP/1.1" 304 -
221.239.195.6 - - [07/Jul/2021:11:03:12 +0800] "GET /xingrg/javascript/easyui/plugins/jquery.numberbox.js HTTP/1.1" 304 -
58.37.5.217 - - [07/Jul/2021:11:03:12 +0800] "POST /xingrg/kc/buy/cgsh_order_operate.html HTTP/1.1" 200 37
116.230.117.165 - - [07/Jul/2021:11:03:12 +0800] "GET /xingrg/check_reg.html?_=1625627006147 HTTP/1.1" 200 22
116.224.113.155 - - [07/Jul/2021:11:03:13 +0800] "GET /xingrg/all/function/internal_message.html?_=1625626993666&CODE_STATE=getMsg HTTP/1.1" 200 27
221.239.195.6 - - [07/Jul/2021:11:03:14 +0800] "POST /xingrg/all/common/load_combo.html?type=base HTTP/1.1" 200 3236
180.169.147.146 - - [07/Jul/2021:11:03:14 +0800] "GET /xingrg/kc/buy/cgsh_order_operate.html?command=get_materiel&rest_code=00147&code=00101008318&supplier_code=00100007&order_time=2021-07-07 HTTP/1.1" 200 408
116.232.55.111 - - [07/Jul/2021:11:03:14 +0800] "GET /xingrg/all/function/internal_message.html?_=1625627000128&CODE_STATE=getMsg HTTP/1.1" 200 27
116.230.114.112 - - [07/Jul/2021:11:03:16 +0800] "GET /xingrg/all/function/internal_message.html?_=1625627009255&CODE_STATE=getMsg HTTP/1.1" 302 -
221.239.195.6 - - [07/Jul/2021:11:03:17 +0800] "POST /xingrg/all/common/load_combo.html?type=base HTTP/1.1" 200 3236
116.224.113.155 - - [07/Jul/2021:11:03:17 +0800] "POST /xingrg/kc/buy/cgsh_order_operate.html HTTP/1.1" 200 37
58.37.5.217 - - [07/Jul/2021:11:03:18 +0800] "GET /xingrg/all/function/internal_message.html?_=1625627003976&CODE_STATE=getMsg HTTP/1.1" 200 27
58.37.5.217 - - [07/Jul/2021:11:03:18 +0800] "POST /xingrg/kc/buy/cgsh_order_operate.html HTTP/1.1" 200 12
180.162.112.86 - - [07/Jul/2021:11:03:18 +0800] "GET /xingrg/kc/buy/cgsh_order_operate.html?command=get_materiel&rest_code=00143&code=00101013175&supplier_code=00100207&order_time=2021-07-07 HTTP/1.1" 200 413
58.37.225.51 - - [07/Jul/2021:11:03:19 +0800] "GET /xingrg/kc/buy/cgsh_order_operate.html?command=get_materiel&rest_code=00141&code=00101001125&supplier_code=00100319&order_time=2021-07-07 HTTP/1.1" 200 413
116.230.117.165 - - [07/Jul/2021:11:03:21 +0800] "GET /xingrg/all/function/internal_message.html?_=1625627014603&CODE_STATE=getMsg HTTP/1.1" 200 27
116.224.113.155 - - [07/Jul/2021:11:03:21 +0800] "POST /xingrg/kc/buy/cgsh_order_operate.html HTTP/1.1" 200 12
58.37.5.217 - - [07/Jul/2021:11:03:21 +0800] "GET /xingrg/kc/buy/cgsh_order_info.html?code=212021070702839 HTTP/1.1" 200 57587
58.37.5.217 - - [07/Jul/2021:11:03:22 +0800] "GET /xingrg/javascript/easyui/themes/default/validatebox.css HTTP/1.1" 404 1104
116.224.113.155 - - [07/Jul/2021:11:03:22 +0800] "GET /xingrg/kc/buy/cgsh_order_info.html?code=212021070702840 HTTP/1.1" 200 57225
116.224.113.155 - - [07/Jul/2021:11:03:23 +0800] "GET /xingrg/javascript/easyui/themes/default/validatebox.css HTTP/1.1" 404 1104
58.37.5.217 - - [07/Jul/2021:11:03:23 +0800] "POST /xingrg/kc/buy/cgsh_order_operate.html HTTP/1.1" 200 4771
116.224.113.155 - - [07/Jul/2021:11:03:24 +0800] "POST /xingrg/kc/buy/cgsh_order_operate.html HTTP/1.1" 200 3622
116.224.113.155 - - [07/Jul/2021:11:03:25 +0800] "GET /xingrg/kc/print/load_data.html?order_code=212021070702840&kc_code=cgsh&condition= HTTP/1.1" 200 1887
180.169.147.146 - - [07/Jul/2021:11:03:26 +0800] "GET /xingrg/kc/buy/cgsh_order_operate.html?command=get_materiel&rest_code=00147&code=00101008005&supplier_code=00100007&order_time=2021-07-07 HTTP/1.1" 200 412
180.162.112.86 - - [07/Jul/2021:11:03:26 +0800] "GET /xingrg/all/function/internal_message.html?_=1625626666692&CODE_STATE=getMsg HTTP/1.1" 200 27
180.162.112.86 - - [07/Jul/2021:11:03:26 +0800] "GET /xingrg/check_reg.html?_=1625626666695 HTTP/1.1" 200 22
58.221.95.50 - - [07/Jul/2021:11:03:26 +0800] "GET /xingrg/check_reg.html?_=1625627011573 HTTP/1.1" 302 -
221.239.195.6 - - [07/Jul/2021:11:03:27 +0800] "GET /xingrg/all/function/internal_message.html?_=1625627012285&CODE_STATE=getMsg HTTP/1.1" 200 27
101.85.107.54 - - [07/Jul/2021:11:03:29 +0800] "GET /xingrg/all/function/internal_message.html?_=1625626437497&CODE_STATE=getMsg HTTP/1.1" 200 27
58.37.225.51 - - [07/Jul/2021:11:03:30 +0800] "POST /xingrg/kc/buy/cgsh_order_operate.html HTTP/1.1" 200 37
58.37.5.217 - - [07/Jul/2021:11:03:30 +0800] "GET /xingrg/kc/print/load_data.html?order_code=212021070702839&kc_code=cgsh&condition= HTTP/1.1" 200 2305
116.224.113.155 - - [07/Jul/2021:11:03:32 +0800] "GET /xingrg/kc/buy/cgsh_order_add.html HTTP/1.1" 200 62317
116.235.222.38 - - [07/Jul/2021:11:03:33 +0800] "GET /xingrg/all/function/internal_message.html?_=1625627011716&CODE_STATE=getMsg HTTP/1.1" 200 27
116.224.113.155 - - [07/Jul/2021:11:03:33 +0800] "POST /xingrg/kc/buy/cgsh_order_operate.html HTTP/1.1" 200 8245
116.224.113.155 - - [07/Jul/2021:11:03:33 +0800] "GET /xingrg/javascript/easyui/themes/default/validatebox.css HTTP/1.1" 404 1104
58.37.225.51 - - [07/Jul/2021:11:03:35 +0800] "POST /xingrg/kc/buy/cgsh_order_operate.html HTTP/1.1" 200 12
58.37.225.51 - - [07/Jul/2021:11:03:36 +0800] "GET /xingrg/kc/buy/cgsh_order_info.html?code=212021070702841 HTTP/1.1" 200 57593
58.37.225.51 - - [07/Jul/2021:11:03:36 +0800] "GET /xingrg/javascript/easyui/themes/default/validatebox.css HTTP/1.1" 404 1104
180.169.147.146 - - [07/Jul/2021:11:03:36 +0800] "GET /xingrg/kc/buy/cgsh_order_operate.html?command=get_materiel&rest_code=00147&code=00101008353&supplier_code=00100007&order_time=2021-07-07 HTTP/1.1" 200 408
58.37.225.51 - - [07/Jul/2021:11:03:37 +0800] "POST /xingrg/kc/buy/cgsh_order_operate.html HTTP/1.1" 200 610
221.239.195.6 - - [07/Jul/2021:11:03:37 +0800] "GET /xingrg/javascript/auto/indicator.gif HTTP/1.1" 404 1066
58.37.225.51 - - [07/Jul/2021:11:03:38 +0800] "GET /xingrg/kc/print/load_data.html?order_code=212021070702841&kc_code=cgsh&condition= HTTP/1.1" 200 717
58.37.225.51 - - [07/Jul/2021:11:03:38 +0800] "GET /xingrg/all/function/internal_message.html?_=1625626944658&CODE_STATE=getMsg HTTP/1.1" 200 27
58.37.5.217 - - [07/Jul/2021:11:03:39 +0800] "GET /xingrg/kc/buy/cgsh_order_add.html HTTP/1.1" 200 62675
58.37.5.217 - - [07/Jul/2021:11:03:39 +0800] "POST /xingrg/kc/buy/cgsh_order_operate.html HTTP/1.1" 200 8245
58.37.5.217 - - [07/Jul/2021:11:03:39 +0800] "GET /xingrg/javascript/easyui/themes/default/validatebox.css HTTP/1.1" 404 1104
58.37.5.217 - - [07/Jul/2021:11:03:40 +0800] "GET /xingrg/all/function/internal_message.html?_=1625627023242&CODE_STATE=getMsg HTTP/1.1" 200 27
