58.37.225.51 - - [05/Jul/2021:10:30:27 +0800] "GET /xingrg/kc/buy/cgsh_order_operate.html?command=get_materiel&rest_code=00141&code=00101008304&supplier_code=00100007&order_time=2021-07-05 HTTP/1.1" 200 412
180.162.195.211 - - [05/Jul/2021:10:30:27 +0800] "GET /xingrg/all/function/internal_message.html?_=1625452231444&CODE_STATE=getMsg HTTP/1.1" 200 27
116.230.117.165 - - [05/Jul/2021:10:30:27 +0800] "GET /xingrg/all/function/internal_message.html?_=1625452234359&CODE_STATE=getMsg HTTP/1.1" 200 27
116.224.253.72 - - [05/Jul/2021:10:30:29 +0800] "GET /xingrg/kc/buy/cgsh_order_list.html HTTP/1.1" 200 46943
180.162.195.211 - - [05/Jul/2021:10:30:30 +0800] "GET /xingrg/all/function/internal_message.html?_=1625452206281&CODE_STATE=getMsg HTTP/1.1" 200 27
116.224.253.72 - - [05/Jul/2021:10:30:32 +0800] "GET /xingrg/all/function/internal_message.html?_=1625452229376&CODE_STATE=getMsg HTTP/1.1" 200 27
116.224.253.72 - - [05/Jul/2021:10:30:32 +0800] "POST /xingrg/kc/buy/cgsh_list_operate.html HTTP/1.1" 200 1690
180.169.147.146 - - [05/Jul/2021:10:30:37 +0800] "GET /xingrg/all/function/internal_message.html?_=1625452249616&CODE_STATE=getMsg HTTP/1.1" 200 27
222.69.131.80 - - [05/Jul/2021:10:30:38 +0800] "GET /xingrg/all/function/internal_message.html?_=1625452245049&CODE_STATE=getMsg HTTP/1.1" 200 27
116.224.253.72 - - [05/Jul/2021:10:30:38 +0800] "GET /xingrg/kc/buy/cgsh_order_add.html HTTP/1.1" 200 62599
116.224.253.72 - - [05/Jul/2021:10:30:38 +0800] "GET /xingrg/words/20210705102301_words.js HTTP/1.1" 200 823856
116.224.253.72 - - [05/Jul/2021:10:30:39 +0800] "POST /xingrg/kc/buy/cgsh_order_operate.html HTTP/1.1" 200 8245
116.224.253.72 - - [05/Jul/2021:10:30:39 +0800] "GET /xingrg/javascript/easyui/themes/default/validatebox.css HTTP/1.1" 404 1104
58.37.225.51 - - [05/Jul/2021:10:30:39 +0800] "POST /xingrg/kc/buy/cgsh_order_operate.html HTTP/1.1" 200 2065
116.224.253.72 - - [05/Jul/2021:10:30:39 +0800] "GET /xingrg/javascript/auto/indicator.gif HTTP/1.1" 404 1066
116.230.117.165 - - [05/Jul/2021:10:30:42 +0800] "GET /xingrg/kc/buy/cgsh_order_operate.html?command=get_materiel&rest_code=00146&code=00101010696&supplier_code=00100326&order_time=2021-07-05 HTTP/1.1" 200 400
58.37.5.217 - - [05/Jul/2021:10:30:42 +0800] "POST /xingrg/services/DataTransmitService HTTP/1.1" 200 524
58.37.225.51 - - [05/Jul/2021:10:30:48 +0800] "GET /xingrg/kc/buy/cgsh_order_operate.html?command=get_materiel&rest_code=00141&code=00101008186&supplier_code=00100007&order_time=2021-07-05 HTTP/1.1" 200 408
180.174.237.246 - - [05/Jul/2021:10:30:48 +0800] "GET /xingrg/all/function/internal_message.html?_=1625452259114&CODE_STATE=getMsg HTTP/1.1" 200 27
114.86.228.137 - - [05/Jul/2021:10:30:49 +0800] "POST /xingrg/kc/buy/cgsh_list_operate.html HTTP/1.1" 200 3788
116.224.253.72 - - [05/Jul/2021:10:30:50 +0800] "GET /xingrg/kc/buy/cgsh_order_operate.html?command=get_materiel&rest_code=00150&code=00101002038&supplier_code=00100087&order_time=2021-07-05 HTTP/1.1" 200 435
58.40.7.146 - - [05/Jul/2021:10:30:50 +0800] "GET /xingrg/all/function/internal_message.html?_=1625452256311&CODE_STATE=getMsg HTTP/1.1" 200 27
180.169.147.146 - - [05/Jul/2021:10:30:52 +0800] "GET /xingrg/all/function/internal_message.html?_=1625452259375&CODE_STATE=getMsg HTTP/1.1" 200 27
58.37.5.217 - - [05/Jul/2021:10:30:56 +0800] "POST /xingrg/services/DataTransmitService HTTP/1.1" 200 501
116.230.117.165 - - [05/Jul/2021:10:30:56 +0800] "POST /xingrg/kc/buy/cgsh_order_operate.html HTTP/1.1" 200 37
58.37.5.217 - - [05/Jul/2021:10:30:56 +0800] "POST /xingrg/services/DataTransmitService HTTP/1.1" 200 501
116.224.253.72 - - [05/Jul/2021:10:30:57 +0800] "GET /xingrg/all/function/internal_message.html?_=1625452259010&CODE_STATE=getMsg HTTP/1.1" 200 27
114.84.0.231 - - [05/Jul/2021:10:30:57 +0800] "GET /favicon.ico HTTP/1.1" 404 -
116.230.117.165 - - [05/Jul/2021:10:30:59 +0800] "POST /xingrg/kc/buy/cgsh_order_operate.html HTTP/1.1" 200 2655
180.169.147.146 - - [05/Jul/2021:10:31:00 +0800] "GET /xingrg/all/function/internal_message.html?_=1625452267761&CODE_STATE=getMsg HTTP/1.1" 200 27
116.230.117.165 - - [05/Jul/2021:10:31:00 +0800] "GET /xingrg/kc/print/load_data.html?order_code=212021070501961&kc_code=cgsh&condition= HTTP/1.1" 200 679
58.37.5.217 - - [05/Jul/2021:10:31:02 +0800] "POST /xingrg/services/DataTransmitService HTTP/1.1" 200 501
222.70.176.145 - - [05/Jul/2021:10:31:03 +0800] "GET /xingrg/all/function/internal_message.html?_=1625452269041&CODE_STATE=getMsg HTTP/1.1" 200 27
180.169.147.146 - - [05/Jul/2021:10:31:04 +0800] "GET /xingrg/all/function/internal_message.html?_=1625452270722&CODE_STATE=getMsg HTTP/1.1" 200 27
116.224.253.72 - - [05/Jul/2021:10:31:05 +0800] "POST /xingrg/kc/buy/cgsh_order_operate.html HTTP/1.1" 200 37
58.37.5.217 - - [05/Jul/2021:10:31:07 +0800] "POST /xingrg/services/DataTransmitService HTTP/1.1" 200 501
58.37.5.217 - - [05/Jul/2021:10:31:07 +0800] "POST /xingrg/services/DataTransmitService HTTP/1.1" 200 501
58.37.5.217 - - [05/Jul/2021:10:31:08 +0800] "POST /xingrg/services/DataTransmitService HTTP/1.1" 200 501
116.224.253.72 - - [05/Jul/2021:10:31:10 +0800] "POST /xingrg/kc/buy/cgsh_order_operate.html HTTP/1.1" 200 12
58.37.5.217 - - [05/Jul/2021:10:31:10 +0800] "POST /xingrg/services/DataTransmitService HTTP/1.1" 200 501
116.224.253.72 - - [05/Jul/2021:10:31:11 +0800] "GET /xingrg/kc/buy/cgsh_order_info.html?code=212021070501962 HTTP/1.1" 200 57507
116.224.253.72 - - [05/Jul/2021:10:31:11 +0800] "GET /xingrg/javascript/easyui/themes/default/validatebox.css HTTP/1.1" 404 1104
58.37.5.217 - - [05/Jul/2021:10:31:12 +0800] "POST /xingrg/services/DataTransmitService HTTP/1.1" 200 501
116.224.253.72 - - [05/Jul/2021:10:31:13 +0800] "POST /xingrg/kc/buy/cgsh_order_operate.html HTTP/1.1" 200 612
114.86.228.137 - - [05/Jul/2021:10:31:13 +0800] "GET /xingrg/all/function/internal_message.html?_=1625452281212&CODE_STATE=getMsg HTTP/1.1" 200 27
114.86.228.137 - - [05/Jul/2021:10:31:13 +0800] "GET /xingrg/check_reg.html?_=1625452281213 HTTP/1.1" 200 22
58.37.5.217 - - [05/Jul/2021:10:31:13 +0800] "POST /xingrg/services/DataTransmitService HTTP/1.1" 200 501
116.224.253.72 - - [05/Jul/2021:10:31:14 +0800] "GET /xingrg/kc/print/load_data.html?order_code=212021070501962&kc_code=cgsh&condition= HTTP/1.1" 200 765
116.230.117.165 - - [05/Jul/2021:10:31:14 +0800] "GET /xingrg/kc/buy/cgsh_order_add.html HTTP/1.1" 200 62681
58.37.5.217 - - [05/Jul/2021:10:31:15 +0800] "POST /xingrg/services/DataTransmitService HTTP/1.1" 200 412
116.230.117.165 - - [05/Jul/2021:10:31:15 +0800] "POST /xingrg/kc/buy/cgsh_order_operate.html HTTP/1.1" 200 8245
116.230.117.165 - - [05/Jul/2021:10:31:15 +0800] "GET /xingrg/javascript/easyui/themes/default/validatebox.css HTTP/1.1" 404 1104
58.37.225.51 - - [05/Jul/2021:10:31:16 +0800] "GET /xingrg/all/function/internal_message.html?_=1625452204638&CODE_STATE=getMsg HTTP/1.1" 200 27
116.224.253.72 - - [05/Jul/2021:10:31:19 +0800] "GET /xingrg/kc/buy/cgsh_order_add.html HTTP/1.1" 200 62599
116.224.253.72 - - [05/Jul/2021:10:31:19 +0800] "POST /xingrg/kc/buy/cgsh_order_operate.html HTTP/1.1" 200 8245
116.224.253.72 - - [05/Jul/2021:10:31:19 +0800] "GET /xingrg/javascript/easyui/themes/default/validatebox.css HTTP/1.1" 404 1104
180.162.195.211 - - [05/Jul/2021:10:31:22 +0800] "GET /xingrg/all/function/internal_message.html?_=1625452288675&CODE_STATE=getMsg HTTP/1.1" 200 27
116.230.117.165 - - [05/Jul/2021:10:31:25 +0800] "GET /xingrg/kc/buy/cgsh_order_operate.html?command=get_materiel&rest_code=00146&code=00101009024&supplier_code=00100328&order_time=2021-07-05 HTTP/1.1" 200 407
180.169.147.146 - - [05/Jul/2021:10:31:25 +0800] "GET /xingrg/all/function/internal_message.html?_=1625452292623&CODE_STATE=getMsg HTTP/1.1" 200 27
116.230.117.165 - - [05/Jul/2021:10:31:26 +0800] "GET /xingrg/check_reg.html?_=1625452292550 HTTP/1.1" 200 22
180.162.195.211 - - [05/Jul/2021:10:31:27 +0800] "GET /xingrg/all/function/internal_message.html?_=1625452291430&CODE_STATE=getMsg HTTP/1.1" 200 27
116.230.117.165 - - [05/Jul/2021:10:31:28 +0800] "GET /xingrg/all/function/internal_message.html?_=1625452294372&CODE_STATE=getMsg HTTP/1.1" 200 27
58.37.5.217 - - [05/Jul/2021:10:31:29 +0800] "POST /xingrg/services/DataTransmitService HTTP/1.1" 200 524
116.224.253.72 - - [05/Jul/2021:10:31:29 +0800] "GET /xingrg/kc/buy/cgsh_order_operate.html?command=get_materiel&rest_code=00150&code=00101009034&supplier_code=00100335&order_time=2021-07-05 HTTP/1.1" 200 428
58.37.5.217 - - [05/Jul/2021:10:31:29 +0800] "POST /xingrg/services/DataTransmitService HTTP/1.1" 200 2507
180.162.195.211 - - [05/Jul/2021:10:31:30 +0800] "GET /xingrg/all/function/internal_message.html?_=1625452266282&CODE_STATE=getMsg HTTP/1.1" 200 27
58.37.5.217 - - [05/Jul/2021:10:31:30 +0800] "POST /xingrg/services/DataTransmitService HTTP/1.1" 200 147959
116.224.253.72 - - [05/Jul/2021:10:31:32 +0800] "GET /xingrg/all/function/internal_message.html?_=1625452289389&CODE_STATE=getMsg HTTP/1.1" 200 27
180.157.255.9 - - [05/Jul/2021:10:31:34 +0800] "GET /xingrg/index.html?sysBaseUrl=http%3A%2F%2F180.169.147.146%3A18081%2Fxingrg%2F&costTime=44×tamp=1622098168715 HTTP/1.1" 302 -
180.157.255.9 - - [05/Jul/2021:10:31:34 +0800] "GET /xingrg/login.html HTTP/1.1" 200 7641
180.157.255.9 - - [05/Jul/2021:10:31:35 +0800] "GET /favicon.ico HTTP/1.1" 404 -
180.169.147.146 - - [05/Jul/2021:10:31:37 +0800] "GET /xingrg/all/function/internal_message.html?_=1625452309589&CODE_STATE=getMsg HTTP/1.1" 200 27
180.169.147.146 - - [05/Jul/2021:10:31:38 +0800] "GET /xingrg/check_reg.html?_=1625452310000 HTTP/1.1" 200 22
222.69.131.80 - - [05/Jul/2021:10:31:38 +0800] "GET /xingrg/all/function/internal_message.html?_=1625452305038&CODE_STATE=getMsg HTTP/1.1" 200 27
116.224.253.72 - - [05/Jul/2021:10:31:38 +0800] "POST /xingrg/kc/buy/cgsh_order_operate.html HTTP/1.1" 200 37
222.69.131.80 - - [05/Jul/2021:10:31:38 +0800] "GET /xingrg/check_reg.html?_=1625452305558 HTTP/1.1" 200 22
116.230.117.165 - - [05/Jul/2021:10:31:40 +0800] "GET /xingrg/kc/buy/cgsh_order_operate.html?command=get_materiel&rest_code=00146&code=00101007032&supplier_code=00100328&order_time=2021-07-05 HTTP/1.1" 200 413
180.157.255.9 - - [05/Jul/2021:10:31:40 +0800] "POST /xingrg/login.do HTTP/1.1" 302 -
180.157.255.9 - - [05/Jul/2021:10:31:40 +0800] "GET /xingrg/index.html?sysBaseUrl=http%3A%2F%2F180.169.147.146%3A18081%2Fxingrg%2F&costTime=82×tamp=1625452300567 HTTP/1.1" 200 17179
180.157.255.9 - - [05/Jul/2021:10:31:40 +0800] "GET /favicon.ico HTTP/1.1" 404 -
180.157.255.9 - - [05/Jul/2021:10:31:40 +0800] "POST /xingrg/all/common/load_tree.html?tree=area_rest_tree_json&manage=1 HTTP/1.1" 200 351
180.157.255.9 - - [05/Jul/2021:10:31:40 +0800] "GET /xingrg/check_reg.html?_=1625452308428 HTTP/1.1" 200 22
180.157.255.9 - - [05/Jul/2021:10:31:40 +0800] "GET /xingrg/all/function/internal_message.html?_=1625452308427&CODE_STATE=count HTTP/1.1" 200 11
180.157.255.9 - - [05/Jul/2021:10:31:40 +0800] "POST /xingrg/load_menu.html HTTP/1.1" 200 5138
116.224.253.72 - - [05/Jul/2021:10:31:43 +0800] "POST /xingrg/kc/buy/cgsh_order_operate.html HTTP/1.1" 200 12
180.162.195.211 - - [05/Jul/2021:10:31:43 +0800] "GET /xingrg/kc/base/wldb_order_list.html HTTP/1.1" 200 19145
180.157.255.9 - - [05/Jul/2021:10:31:43 +0800] "GET /xingrg/kc/mdqp/pssh_order_list.html HTTP/1.1" 200 17778
180.157.255.9 - - [05/Jul/2021:10:31:43 +0800] "POST /xingrg/kc/mdqp/pssh_list_operate.html HTTP/1.1" 200 5483
180.162.195.211 - - [05/Jul/2021:10:31:43 +0800] "POST /xingrg/kc/base/wldb_list_operate.html HTTP/1.1" 200 928
180.162.195.211 - - [05/Jul/2021:10:31:45 +0800] "GET /xingrg/kc/base/wldb_order_add.html HTTP/1.1" 200 30353
180.162.195.211 - - [05/Jul/2021:10:31:45 +0800] "GET /xingrg/words/20210705102301_words.js HTTP/1.1" 200 823856
116.224.253.72 - - [05/Jul/2021:10:31:45 +0800] "GET /xingrg/kc/buy/cgsh_order_info.html?code=212021070501963 HTTP/1.1" 200 57507
180.157.255.9 - - [05/Jul/2021:10:31:45 +0800] "GET /xingrg/kc/mdqp/qqps_order_list.html HTTP/1.1" 200 9640
116.224.253.72 - - [05/Jul/2021:10:31:45 +0800] "GET /xingrg/words/20210705102301_words.js HTTP/1.1" 304 -
180.157.255.9 - - [05/Jul/2021:10:31:45 +0800] "GET /xingrg/dwr/interface/AjaxQqpsService.js HTTP/1.1" 200 16326
180.157.255.9 - - [05/Jul/2021:10:31:46 +0800] "GET /xingrg/dwr/interface/AjaxReportQueryService.js HTTP/1.1" 200 13203
180.162.195.211 - - [05/Jul/2021:10:31:46 +0800] "POST /xingrg/kc/base/wldb_order_operate.html HTTP/1.1" 200 6806
180.157.255.9 - - [05/Jul/2021:10:31:46 +0800] "GET /xingrg/dwr/engine.js HTTP/1.1" 200 43631
180.157.255.9 - - [05/Jul/2021:10:31:46 +0800] "GET /xingrg/dwr/util.js HTTP/1.1" 200 35990
180.162.195.211 - - [05/Jul/2021:10:31:46 +0800] "GET /xingrg/all/common/auto_word.html?type=base&rest_code=00105 HTTP/1.1" 200 1811
180.162.195.211 - - [05/Jul/2021:10:31:46 +0800] "GET /xingrg/all/common/auto_word.html?type=base&rest_code=00105 HTTP/1.1" 200 1811
180.162.195.211 - - [05/Jul/2021:10:31:46 +0800] "GET /xingrg/javascript/easyui/themes/default/validatebox.css HTTP/1.1" 404 1104
116.224.253.72 - - [05/Jul/2021:10:31:46 +0800] "GET /xingrg/javascript/easyui/themes/default/validatebox.css HTTP/1.1" 404 1104
116.224.253.72 - - [05/Jul/2021:10:31:47 +0800] "POST /xingrg/kc/buy/cgsh_order_operate.html HTTP/1.1" 200 616
180.157.255.9 - - [05/Jul/2021:10:31:47 +0800] "GET /xingrg/kc/mdqp/qqps_order_info.html?code=302021070400082 HTTP/1.1" 200 28310
180.157.255.9 - - [05/Jul/2021:10:31:47 +0800] "GET /xingrg/dwr/interface/AjaxComOrderService.js HTTP/1.1" 200 18264
180.157.255.9 - - [05/Jul/2021:10:31:47 +0800] "GET /xingrg/dwr/interface/AjaxQqpsService.js HTTP/1.1" 200 16326
180.157.255.9 - - [05/Jul/2021:10:31:47 +0800] "GET /xingrg/dwr/engine.js HTTP/1.1" 200 43631
180.157.255.9 - - [05/Jul/2021:10:31:47 +0800] "GET /xingrg/words/20210705102301_words.js HTTP/1.1" 200 823856
180.157.255.9 - - [05/Jul/2021:10:31:48 +0800] "POST /xingrg/dwr/call/plaincall/AjaxQqpsService.loadMaterielItems.dwr HTTP/1.1" 200 328
180.174.237.246 - - [05/Jul/2021:10:31:48 +0800] "GET /xingrg/all/function/internal_message.html?_=1625452319120&CODE_STATE=getMsg HTTP/1.1" 200 27
58.40.7.146 - - [05/Jul/2021:10:31:50 +0800] "GET /xingrg/check_reg.html?_=1625452316313 HTTP/1.1" 200 22
58.40.7.146 - - [05/Jul/2021:10:31:50 +0800] "GET /xingrg/all/function/internal_message.html?_=1625452316315&CODE_STATE=getMsg HTTP/1.1" 200 27
58.37.5.217 - - [05/Jul/2021:10:31:50 +0800] "POST /xingrg/services/DataTransmitService HTTP/1.1" 200 524
180.157.255.9 - - [05/Jul/2021:10:31:51 +0800] "GET /xingrg/images/yd/bt.gif HTTP/1.1" 404 1040
180.169.147.146 - - [05/Jul/2021:10:31:52 +0800] "GET /xingrg/all/function/internal_message.html?_=1625452319375&CODE_STATE=getMsg HTTP/1.1" 200 27
58.37.5.217 - - [05/Jul/2021:10:31:54 +0800] "POST /xingrg/services/DataTransmitService HTTP/1.1" 200 501
58.37.5.217 - - [05/Jul/2021:10:31:55 +0800] "POST /xingrg/services/DataTransmitService HTTP/1.1" 200 524
116.224.253.72 - - [05/Jul/2021:10:31:55 +0800] "GET /xingrg/kc/print/load_data.html?order_code=212021070501963&kc_code=cgsh&condition= HTTP/1.1" 200 708
116.224.253.72 - - [05/Jul/2021:10:31:57 +0800] "GET /xingrg/check_reg.html?_=1625452319029 HTTP/1.1" 200 22
116.224.253.72 - - [05/Jul/2021:10:31:57 +0800] "GET /xingrg/all/function/internal_message.html?_=1625452319030&CODE_STATE=getMsg HTTP/1.1" 200 27
180.157.255.9 - - [05/Jul/2021:10:31:59 +0800] "GET /xingrg/javascript/auto/indicator.gif HTTP/1.1" 404 1066
116.224.253.72 - - [05/Jul/2021:10:32:00 +0800] "GET /xingrg/kc/buy/cgsh_order_add.html HTTP/1.1" 200 62599
180.169.147.146 - - [05/Jul/2021:10:32:00 +0800] "GET /xingrg/all/function/internal_message.html?_=1625452327759&CODE_STATE=getMsg HTTP/1.1" 200 27
116.224.253.72 - - [05/Jul/2021:10:32:00 +0800] "POST /xingrg/kc/buy/cgsh_order_operate.html HTTP/1.1" 200 8245
116.224.253.72 - - [05/Jul/2021:10:32:00 +0800] "GET /xingrg/javascript/easyui/themes/default/validatebox.css HTTP/1.1" 404 1104
180.157.255.9 - - [05/Jul/2021:10:32:01 +0800] "POST /xingrg/dwr/call/plaincall/AjaxQqpsService.getMaterielByCode.dwr HTTP/1.1" 200 2638
180.157.255.9 - - [05/Jul/2021:10:32:03 +0800] "POST /xingrg/dwr/call/plaincall/AjaxQqpsService.saveMaterielItem.dwr HTTP/1.1" 200 78
222.70.176.145 - - [05/Jul/2021:10:32:03 +0800] "GET /xingrg/all/function/internal_message.html?_=1625452329042&CODE_STATE=getMsg HTTP/1.1" 200 27
180.169.147.146 - - [05/Jul/2021:10:32:04 +0800] "GET /xingrg/all/function/internal_message.html?_=1625452330722&CODE_STATE=getMsg HTTP/1.1" 200 27
116.230.117.165 - - [05/Jul/2021:10:32:04 +0800] "POST /xingrg/kc/buy/cgsh_order_operate.html HTTP/1.1" 200 37
180.157.255.9 - - [05/Jul/2021:10:32:05 +0800] "POST /xingrg/dwr/call/plaincall/AjaxQqpsService.saveOrder.dwr HTTP/1.1" 200 78
116.230.117.165 - - [05/Jul/2021:10:32:06 +0800] "POST /xingrg/kc/buy/cgsh_order_operate.html HTTP/1.1" 200 2657
58.37.5.217 - - [05/Jul/2021:10:32:06 +0800] "POST /xingrg/services/DataTransmitService HTTP/1.1" 200 501
58.37.5.217 - - [05/Jul/2021:10:32:06 +0800] "POST /xingrg/services/DataTransmitService HTTP/1.1" 200 501
180.157.255.9 - - [05/Jul/2021:10:32:07 +0800] "GET /xingrg/kc/mdqp/qqps_order_list.html?isBack=1 HTTP/1.1" 200 9649
180.157.255.9 - - [05/Jul/2021:10:32:07 +0800] "GET /xingrg/dwr/interface/AjaxQqpsService.js HTTP/1.1" 200 16326
180.157.255.9 - - [05/Jul/2021:10:32:07 +0800] "GET /xingrg/dwr/interface/AjaxReportQueryService.js HTTP/1.1" 200 13203
180.157.255.9 - - [05/Jul/2021:10:32:07 +0800] "GET /xingrg/dwr/engine.js HTTP/1.1" 200 43631
116.230.117.165 - - [05/Jul/2021:10:32:09 +0800] "GET /xingrg/kc/print/load_data.html?order_code=212021070501964&kc_code=cgsh&condition= HTTP/1.1" 200 679
58.37.5.217 - - [05/Jul/2021:10:32:10 +0800] "POST /xingrg/services/DataTransmitService HTTP/1.1" 200 501
116.224.253.72 - - [05/Jul/2021:10:32:10 +0800] "GET /xingrg/kc/buy/cgsh_order_operate.html?command=get_materiel&rest_code=00150&code=00101007085&supplier_code=00100328&order_time=2021-07-05 HTTP/1.1" 200 413
114.86.228.137 - - [05/Jul/2021:10:32:13 +0800] "GET /xingrg/all/function/internal_message.html?_=1625452341218&CODE_STATE=getMsg HTTP/1.1" 200 27
58.37.5.217 - - [05/Jul/2021:10:32:13 +0800] "POST /xingrg/services/DataTransmitService HTTP/1.1" 200 501
58.37.5.217 - - [05/Jul/2021:10:32:14 +0800] "POST /xingrg/services/DataTransmitService HTTP/1.1" 200 501
58.37.5.217 - - [05/Jul/2021:10:32:14 +0800] "POST /xingrg/services/DataTransmitService HTTP/1.1" 200 501
58.37.225.51 - - [05/Jul/2021:10:32:16 +0800] "GET /xingrg/all/function/internal_message.html?_=1625452264549&CODE_STATE=getMsg HTTP/1.1" 200 27
58.37.5.217 - - [05/Jul/2021:10:32:16 +0800] "POST /xingrg/services/DataTransmitService HTTP/1.1" 200 501
58.37.5.217 - - [05/Jul/2021:10:32:17 +0800] "POST /xingrg/services/DataTransmitService HTTP/1.1" 200 501
58.37.5.217 - - [05/Jul/2021:10:32:18 +0800] "POST /xingrg/services/DataTransmitService HTTP/1.1" 200 501
116.224.253.72 - - [05/Jul/2021:10:32:19 +0800] "POST /xingrg/kc/buy/cgsh_order_operate.html HTTP/1.1" 200 37
58.221.95.50 - - [05/Jul/2021:10:32:19 +0800] "GET /xingrg/check_reg.html?_=1625452345866 HTTP/1.1" 302 -
58.37.5.217 - - [05/Jul/2021:10:32:21 +0800] "POST /xingrg/services/DataTransmitService HTTP/1.1" 200 412
180.162.195.211 - - [05/Jul/2021:10:32:22 +0800] "GET /xingrg/all/function/internal_message.html?_=1625452348659&CODE_STATE=getMsg HTTP/1.1" 200 27
116.224.253.72 - - [05/Jul/2021:10:32:22 +0800] "POST /xingrg/kc/buy/cgsh_order_operate.html HTTP/1.1" 200 12
116.224.253.72 - - [05/Jul/2021:10:32:23 +0800] "GET /xingrg/kc/buy/cgsh_order_info.html?code=212021070501965 HTTP/1.1" 200 57511
116.224.253.72 - - [05/Jul/2021:10:32:24 +0800] "GET /xingrg/javascript/easyui/themes/default/validatebox.css HTTP/1.1" 404 1104
116.224.253.72 - - [05/Jul/2021:10:32:24 +0800] "POST /xingrg/kc/buy/cgsh_order_operate.html HTTP/1.1" 200 607
180.169.147.146 - - [05/Jul/2021:10:32:25 +0800] "GET /xingrg/all/function/internal_message.html?_=1625452352614&CODE_STATE=getMsg HTTP/1.1" 200 27
116.224.253.72 - - [05/Jul/2021:10:32:25 +0800] "GET /xingrg/kc/print/load_data.html?order_code=212021070501965&kc_code=cgsh&condition= HTTP/1.1" 200 714
116.230.117.165 - - [05/Jul/2021:10:32:26 +0800] "GET /xingrg/kc/buy/cgsh_order_add.html HTTP/1.1" 200 62681
116.230.117.165 - - [05/Jul/2021:10:32:27 +0800] "POST /xingrg/kc/buy/cgsh_order_operate.html HTTP/1.1" 200 8245
116.230.117.165 - - [05/Jul/2021:10:32:27 +0800] "GET /xingrg/javascript/easyui/themes/default/validatebox.css HTTP/1.1" 404 1104
180.162.195.211 - - [05/Jul/2021:10:32:27 +0800] "GET /xingrg/all/function/internal_message.html?_=1625452351431&CODE_STATE=getMsg HTTP/1.1" 200 27
116.230.117.165 - - [05/Jul/2021:10:32:28 +0800] "GET /xingrg/all/function/internal_message.html?_=1625452354387&CODE_STATE=getMsg HTTP/1.1" 200 27
180.162.195.211 - - [05/Jul/2021:10:32:30 +0800] "GET /xingrg/all/function/internal_message.html?_=1625452326282&CODE_STATE=getMsg HTTP/1.1" 200 27
116.224.253.72 - - [05/Jul/2021:10:32:30 +0800] "GET /xingrg/kc/buy/cgsh_order_add.html HTTP/1.1" 200 62599
116.224.253.72 - - [05/Jul/2021:10:32:31 +0800] "POST /xingrg/kc/buy/cgsh_order_operate.html HTTP/1.1" 200 8245
116.224.253.72 - - [05/Jul/2021:10:32:31 +0800] "GET /xingrg/javascript/easyui/themes/default/validatebox.css HTTP/1.1" 404 1104
116.224.253.72 - - [05/Jul/2021:10:32:32 +0800] "GET /xingrg/all/function/internal_message.html?_=1625452349402&CODE_STATE=getMsg HTTP/1.1" 200 27
180.169.147.146 - - [05/Jul/2021:10:32:37 +0800] "GET /xingrg/all/function/internal_message.html?_=1625452369564&CODE_STATE=getMsg HTTP/1.1" 200 27
116.230.110.80 - - [05/Jul/2021:10:32:37 +0800] "POST /xingrg/kc/buy/cgsh_order_operate.html HTTP/1.1" 200 5591
222.69.131.80 - - [05/Jul/2021:10:32:38 +0800] "GET /xingrg/all/function/internal_message.html?_=1625452365011&CODE_STATE=getMsg HTTP/1.1" 200 27
180.169.147.146 - - [05/Jul/2021:10:32:40 +0800] "GET /xingrg/check_reg.html?_=1625452365743 HTTP/1.1" 302 -
180.157.255.9 - - [05/Jul/2021:10:32:40 +0800] "GET /xingrg/all/function/internal_message.html?_=1625452368444&CODE_STATE=getMsg HTTP/1.1" 200 27
116.224.253.72 - - [05/Jul/2021:10:32:44 +0800] "GET /xingrg/kc/buy/cgsh_order_operate.html?command=get_materiel&rest_code=00150&code=00101004046&supplier_code=00100312&order_time=2021-07-05 HTTP/1.1" 200 417
116.230.117.165 - - [05/Jul/2021:10:32:47 +0800] "GET /xingrg/kc/buy/cgsh_order_operate.html?command=get_materiel&rest_code=00146&code=00101010079&supplier_code=00100336&order_time=2021-07-05 HTTP/1.1" 200 413
180.174.237.246 - - [05/Jul/2021:10:32:49 +0800] "GET /xingrg/all/function/internal_message.html?_=1625452379701&CODE_STATE=getMsg HTTP/1.1" 200 27
116.230.110.80 - - [05/Jul/2021:10:32:49 +0800] "GET /xingrg/all/function/internal_message.html?_=1625452375345&CODE_STATE=getMsg HTTP/1.1" 200 27
58.40.7.146 - - [05/Jul/2021:10:32:50 +0800] "GET /xingrg/all/function/internal_message.html?_=1625452376301&CODE_STATE=getMsg HTTP/1.1" 200 27
180.169.147.146 - - [05/Jul/2021:10:32:52 +0800] "GET /xingrg/all/function/internal_message.html?_=1625452379375&CODE_STATE=getMsg HTTP/1.1" 200 27
116.224.253.72 - - [05/Jul/2021:10:32:54 +0800] "GET /xingrg/kc/buy/cgsh_order_operate.html?command=get_materiel&rest_code=00150&code=00101004067&supplier_code=00100312&order_time=2021-07-05 HTTP/1.1" 200 435
116.224.253.72 - - [05/Jul/2021:10:32:57 +0800] "GET /xingrg/all/function/internal_message.html?_=1625452379005&CODE_STATE=getMsg HTTP/1.1" 200 27
180.169.147.146 - - [05/Jul/2021:10:33:00 +0800] "GET /xingrg/all/function/internal_message.html?_=1625452387766&CODE_STATE=getMsg HTTP/1.1" 200 27
116.230.117.165 - - [05/Jul/2021:10:33:01 +0800] "POST /xingrg/kc/buy/cgsh_order_operate.html HTTP/1.1" 200 37
116.230.117.165 - - [05/Jul/2021:10:33:03 +0800] "POST /xingrg/kc/buy/cgsh_order_operate.html HTTP/1.1" 200 2658
222.70.176.145 - - [05/Jul/2021:10:33:03 +0800] "GET /xingrg/all/function/internal_message.html?_=1625452389051&CODE_STATE=getMsg HTTP/1.1" 200 27
180.169.147.146 - - [05/Jul/2021:10:33:04 +0800] "GET /xingrg/all/function/internal_message.html?_=1625452390721&CODE_STATE=getMsg HTTP/1.1" 200 27
116.230.117.165 - - [05/Jul/2021:10:33:06 +0800] "GET /xingrg/kc/print/load_data.html?order_code=212021070501966&kc_code=cgsh&condition= HTTP/1.1" 200 674
116.224.253.72 - - [05/Jul/2021:10:33:10 +0800] "GET /xingrg/kc/buy/cgsh_order_operate.html?command=get_materiel&rest_code=00150&code=00101004038&supplier_code=00100312&order_time=2021-07-05 HTTP/1.1" 200 409
114.86.228.137 - - [05/Jul/2021:10:33:13 +0800] "GET /xingrg/all/function/internal_message.html?_=1625452401214&CODE_STATE=getMsg HTTP/1.1" 200 27
58.37.225.51 - - [05/Jul/2021:10:33:16 +0800] "GET /xingrg/all/function/internal_message.html?_=1625452324553&CODE_STATE=getMsg HTTP/1.1" 200 27
180.162.195.211 - - [05/Jul/2021:10:33:22 +0800] "GET /xingrg/all/function/internal_message.html?_=1625452408633&CODE_STATE=getMsg HTTP/1.1" 200 27
116.224.253.72 - - [05/Jul/2021:10:33:23 +0800] "GET /xingrg/kc/buy/cgsh_order_operate.html?command=get_materiel&rest_code=00150&code=00101004023&supplier_code=00100312&order_time=2021-07-05 HTTP/1.1" 200 409
180.169.147.146 - - [05/Jul/2021:10:33:25 +0800] "GET /xingrg/all/function/internal_message.html?_=1625452412619&CODE_STATE=getMsg HTTP/1.1" 200 27
116.230.117.165 - - [05/Jul/2021:10:33:25 +0800] "GET /xingrg/kc/buy/cgsh_order_add.html HTTP/1.1" 200 62681
116.230.117.165 - - [05/Jul/2021:10:33:26 +0800] "POST /xingrg/kc/buy/cgsh_order_operate.html HTTP/1.1" 200 8245
116.230.117.165 - - [05/Jul/2021:10:33:26 +0800] "GET /xingrg/javascript/easyui/themes/default/validatebox.css HTTP/1.1" 404 1104
180.162.195.211 - - [05/Jul/2021:10:33:27 +0800] "GET /xingrg/all/function/internal_message.html?_=1625452411432&CODE_STATE=getMsg HTTP/1.1" 200 27
180.162.195.211 - - [05/Jul/2021:10:33:27 +0800] "GET /xingrg/check_reg.html?_=1625452411434 HTTP/1.1" 200 22
116.230.117.165 - - [05/Jul/2021:10:33:28 +0800] "GET /xingrg/all/function/internal_message.html?_=1625452414399&CODE_STATE=getMsg HTTP/1.1" 200 27
180.162.195.211 - - [05/Jul/2021:10:33:30 +0800] "GET /xingrg/all/function/internal_message.html?_=1625452386282&CODE_STATE=getMsg HTTP/1.1" 200 27
116.224.253.72 - - [05/Jul/2021:10:33:32 +0800] "GET /xingrg/all/function/internal_message.html?_=1625452409416&CODE_STATE=getMsg HTTP/1.1" 200 27
116.224.253.72 - - [05/Jul/2021:10:33:32 +0800] "POST /xingrg/kc/buy/cgsh_order_operate.html HTTP/1.1" 200 37
116.224.253.72 - - [05/Jul/2021:10:33:34 +0800] "GET /xingrg/kc/buy/cgsh_order_operate.html?command=get_materiel&rest_code=00150&code=00101005017&supplier_code=00100312&order_time=2021-07-05 HTTP/1.1" 200 409
116.224.253.72 - - [05/Jul/2021:10:33:34 +0800] "POST /xingrg/kc/buy/cgsh_order_operate.html HTTP/1.1" 200 30445
180.169.147.146 - - [05/Jul/2021:10:33:37 +0800] "GET /xingrg/all/function/internal_message.html?_=1625452429536&CODE_STATE=getMsg HTTP/1.1" 200 27
222.69.131.80 - - [05/Jul/2021:10:33:38 +0800] "GET /xingrg/all/function/internal_message.html?_=1625452424991&CODE_STATE=getMsg HTTP/1.1" 200 27
116.230.117.165 - - [05/Jul/2021:10:33:39 +0800] "GET /xingrg/kc/buy/cgsh_order_operate.html?command=get_materiel&rest_code=00146&code=00101004079&supplier_code=00100312&order_time=2021-07-05 HTTP/1.1" 200 399
116.224.253.72 - - [05/Jul/2021:10:33:40 +0800] "GET /xingrg/kc/buy/cgsh_order_operate.html?command=get_materiel&rest_code=00150&code=00101004030&supplier_code=00100312&order_time=2021-07-05 HTTP/1.1" 200 408
180.174.237.246 - - [05/Jul/2021:10:33:40 +0800] "GET /xingrg/check_reg.html?_=1625452431021 HTTP/1.1" 200 22
116.224.253.72 - - [05/Jul/2021:10:33:40 +0800] "GET /xingrg/kc/buy/cgsh_order_info.html?code=212021070501890 HTTP/1.1" 200 62608
116.224.253.72 - - [05/Jul/2021:10:33:40 +0800] "GET /xingrg/javascript/easyui/themes/default/validatebox.css HTTP/1.1" 404 1104
180.157.255.9 - - [05/Jul/2021:10:33:40 +0800] "GET /xingrg/all/function/internal_message.html?_=1625452428430&CODE_STATE=getMsg HTTP/1.1" 200 27
116.224.253.72 - - [05/Jul/2021:10:33:41 +0800] "POST /xingrg/kc/buy/cgsh_order_operate.html HTTP/1.1" 200 30445
116.224.253.72 - - [05/Jul/2021:10:33:45 +0800] "GET /xingrg/kc/buy/cgsh_order_operate.html?command=get_materiel&rest_code=00150&code=00101004057&supplier_code=00100312&order_time=2021-07-05 HTTP/1.1" 200 409
180.174.237.246 - - [05/Jul/2021:10:33:49 +0800] "GET /xingrg/all/function/internal_message.html?_=1625452439708&CODE_STATE=getMsg HTTP/1.1" 200 27
116.230.110.80 - - [05/Jul/2021:10:33:49 +0800] "GET /xingrg/all/function/internal_message.html?_=1625452435349&CODE_STATE=getMsg HTTP/1.1" 200 27
58.40.7.146 - - [05/Jul/2021:10:33:50 +0800] "GET /xingrg/all/function/internal_message.html?_=1625452436305&CODE_STATE=getMsg HTTP/1.1" 200 27
180.169.147.146 - - [05/Jul/2021:10:33:52 +0800] "GET /xingrg/all/function/internal_message.html?_=1625452439380&CODE_STATE=getMsg HTTP/1.1" 200 27
116.230.117.165 - - [05/Jul/2021:10:33:53 +0800] "GET /xingrg/kc/buy/cgsh_order_operate.html?command=get_materiel&rest_code=00146&code=00101001096&supplier_code=00100312&order_time=2021-07-05 HTTP/1.1" 200 413
116.224.253.72 - - [05/Jul/2021:10:33:57 +0800] "GET /xingrg/all/function/internal_message.html?_=1625452439010&CODE_STATE=getMsg HTTP/1.1" 200 27
116.224.253.72 - - [05/Jul/2021:10:33:58 +0800] "POST /xingrg/kc/buy/cgsh_order_operate.html HTTP/1.1" 200 37
180.169.147.146 - - [05/Jul/2021:10:34:00 +0800] "GET /xingrg/check_reg.html?_=1625452447771 HTTP/1.1" 200 22
180.169.147.146 - - [05/Jul/2021:10:34:00 +0800] "GET /xingrg/all/function/internal_message.html?_=1625452447768&CODE_STATE=getMsg HTTP/1.1" 200 27
116.224.253.72 - - [05/Jul/2021:10:34:03 +0800] "POST /xingrg/kc/buy/cgsh_order_operate.html HTTP/1.1" 200 12
222.70.176.145 - - [05/Jul/2021:10:34:03 +0800] "GET /xingrg/all/function/internal_message.html?_=1625452449048&CODE_STATE=getMsg HTTP/1.1" 200 27
180.169.147.146 - - [05/Jul/2021:10:34:04 +0800] "GET /xingrg/all/function/internal_message.html?_=1625452450734&CODE_STATE=getMsg HTTP/1.1" 200 27
180.169.147.146 - - [05/Jul/2021:10:34:04 +0800] "GET /xingrg/check_reg.html?_=1625452450738 HTTP/1.1" 200 22
116.224.253.72 - - [05/Jul/2021:10:34:05 +0800] "GET /xingrg/kc/buy/cgsh_order_info.html?code=212021070501967 HTTP/1.1" 200 57511
116.224.253.72 - - [05/Jul/2021:10:34:05 +0800] "GET /xingrg/words/20210705102301_words.js HTTP/1.1" 304 -
116.224.253.72 - - [05/Jul/2021:10:34:05 +0800] "GET /xingrg/javascript/easyui/themes/default/validatebox.css HTTP/1.1" 404 1104
116.224.253.72 - - [05/Jul/2021:10:34:06 +0800] "POST /xingrg/kc/buy/cgsh_order_operate.html HTTP/1.1" 200 4149
116.224.253.72 - - [05/Jul/2021:10:34:08 +0800] "GET /xingrg/kc/print/load_data.html?order_code=212021070501967&kc_code=cgsh&condition= HTTP/1.1" 200 2055
180.157.255.9 - - [05/Jul/2021:10:34:08 +0800] "GET /favicon.ico HTTP/1.1" 404 -
116.230.117.165 - - [05/Jul/2021:10:34:10 +0800] "GET /xingrg/kc/buy/cgsh_order_operate.html?command=get_materiel&rest_code=00146&code=00101001036&supplier_code=00100312&order_time=2021-07-05 HTTP/1.1" 200 421
116.224.253.72 - - [05/Jul/2021:10:34:12 +0800] "GET /xingrg/kc/buy/cgsh_order_add.html HTTP/1.1" 200 62599
114.86.228.137 - - [05/Jul/2021:10:34:13 +0800] "GET /xingrg/all/function/internal_message.html?_=1625452461217&CODE_STATE=getMsg HTTP/1.1" 200 27
116.224.253.72 - - [05/Jul/2021:10:34:13 +0800] "POST /xingrg/kc/buy/cgsh_order_operate.html HTTP/1.1" 200 8245
116.224.253.72 - - [05/Jul/2021:10:34:13 +0800] "GET /xingrg/javascript/easyui/themes/default/validatebox.css HTTP/1.1" 404 1104
58.37.225.51 - - [05/Jul/2021:10:34:16 +0800] "GET /xingrg/check_reg.html?_=1625452384553 HTTP/1.1" 200 22
58.37.225.51 - - [05/Jul/2021:10:34:16 +0800] "GET /xingrg/all/function/internal_message.html?_=1625452384555&CODE_STATE=getMsg HTTP/1.1" 200 27
116.224.253.72 - - [05/Jul/2021:10:34:20 +0800] "GET /xingrg/kc/buy/cgsh_order_operate.html?command=get_materiel&rest_code=00150&code=00101001115&supplier_code=00100089&order_time=2021-07-05 HTTP/1.1" 200 415
180.162.195.211 - - [05/Jul/2021:10:34:22 +0800] "GET /xingrg/all/function/internal_message.html?_=1625452468612&CODE_STATE=getMsg HTTP/1.1" 200 27
180.169.147.146 - - [05/Jul/2021:10:34:23 +0800] "POST /xingrg/all/user/operate.html HTTP/1.1" 200 36
180.169.147.146 - - [05/Jul/2021:10:34:23 +0800] "GET /xingrg/index.html?sysBaseUrl=http%3A%2F%2F180.169.147.146%3A18081%2Fxingrg%2F&costTime=41×tamp=1625447290749 HTTP/1.1" 200 17503
180.169.147.146 - - [05/Jul/2021:10:34:23 +0800] "GET /xingrg/javascript/jquery_easy_ui/themes/default/easyui.css HTTP/1.1" 304 -
180.169.147.146 - - [05/Jul/2021:10:34:23 +0800] "GET /xingrg/javascript/jquery_easy_ui/themes/icon.css HTTP/1.1" 304 -
180.169.147.146 - - [05/Jul/2021:10:34:23 +0800] "GET /xingrg/css/form.css HTTP/1.1" 304 -
180.169.147.146 - - [05/Jul/2021:10:34:23 +0800] "GET /xingrg/javascript/jquery-1.4.2.min.js HTTP/1.1" 304 -
180.169.147.146 - - [05/Jul/2021:10:34:23 +0800] "GET /xingrg/javascript/jquery_easy_ui/jquery.easyui.min.js HTTP/1.1" 304 -
180.169.147.146 - - [05/Jul/2021:10:34:23 +0800] "GET /xingrg/javascript/jquery_easy_ui/easyui-lang-zh_CN.js HTTP/1.1" 304 -
180.169.147.146 - - [05/Jul/2021:10:34:23 +0800] "GET /xingrg/javascript/jquery.form.js HTTP/1.1" 304 -
180.169.147.146 - - [05/Jul/2021:10:34:23 +0800] "GET /xingrg/javascript/jquery.utils.js HTTP/1.1" 304 -
180.169.147.146 - - [05/Jul/2021:10:34:23 +0800] "GET /xingrg/javascript/jquery.timers.js HTTP/1.1" 304 -
180.169.147.146 - - [05/Jul/2021:10:34:23 +0800] "GET /xingrg/images/blue/jxLogo.png HTTP/1.1" 304 -
180.169.147.146 - - [05/Jul/2021:10:34:23 +0800] "GET /xingrg/images/blue/navBackgound.jpg HTTP/1.1" 304 -
180.169.147.146 - - [05/Jul/2021:10:34:23 +0800] "GET /xingrg/javascript/jquery_easy_ui/themes/icons/settle_new.png HTTP/1.1" 304 -
180.169.147.146 - - [05/Jul/2021:10:34:23 +0800] "POST /xingrg/all/common/load_tree.html?tree=area_rest_tree_json&manage=1 HTTP/1.1" 200 3466
180.169.147.146 - - [05/Jul/2021:10:34:23 +0800] "GET /xingrg/images/blue/pingpu.png HTTP/1.1" 304 -
180.169.147.146 - - [05/Jul/2021:10:34:23 +0800] "GET /xingrg/all/function/internal_message.html?_=1625452475846&CODE_STATE=count HTTP/1.1" 200 11
180.169.147.146 - - [05/Jul/2021:10:34:23 +0800] "GET /xingrg/check_reg.html?_=1625452475847 HTTP/1.1" 200 22
180.169.147.146 - - [05/Jul/2021:10:34:23 +0800] "GET /xingrg/javascript/jquery_easy_ui/themes/default/images/tabs_leftarrow.png HTTP/1.1" 304 -
180.169.147.146 - - [05/Jul/2021:10:34:23 +0800] "GET /xingrg/javascript/jquery_easy_ui/themes/default/images/panel_tool_expand.gif HTTP/1.1" 304 -
180.169.147.146 - - [05/Jul/2021:10:34:23 +0800] "GET /xingrg/javascript/jquery_easy_ui/themes/default/images/panel_tool_collapse.gif HTTP/1.1" 304 -
180.169.147.146 - - [05/Jul/2021:10:34:23 +0800] "GET /xingrg/javascript/jquery_easy_ui/themes/default/images/tabs_rightarrow.png HTTP/1.1" 304 -
180.169.147.146 - - [05/Jul/2021:10:34:24 +0800] "POST /xingrg/load_menu.html HTTP/1.1" 200 9959
180.169.147.146 - - [05/Jul/2021:10:34:25 +0800] "GET /xingrg/all/function/internal_message.html?_=1625452472625&CODE_STATE=getMsg HTTP/1.1" 200 27
180.169.147.146 - - [05/Jul/2021:10:34:25 +0800] "GET /xingrg/check_reg.html?_=1625452472629 HTTP/1.1" 200 22
180.169.147.146 - - [05/Jul/2021:10:34:25 +0800] "GET /xingrg/kc/report/report_main.html HTTP/1.1" 200 7345
180.169.147.146 - - [05/Jul/2021:10:34:26 +0800] "GET /xingrg/kc/base/crk_hz.html HTTP/1.1" 200 11247
180.169.147.146 - - [05/Jul/2021:10:34:27 +0800] "POST /xingrg/all/common/load_tree.html?tree=materiel_sort_tree_json HTTP/1.1" 200 8666
180.169.147.146 - - [05/Jul/2021:10:34:27 +0800] "POST /xingrg/kc/cost/cost_operate.html?command=get_base_tree HTTP/1.1" 200 2450
116.224.253.72 - - [05/Jul/2021:10:34:27 +0800] "GET /xingrg/check_reg.html?_=1625452464659 HTTP/1.1" 200 22
180.162.195.211 - - [05/Jul/2021:10:34:27 +0800] "GET /xingrg/all/function/internal_message.html?_=1625452471432&CODE_STATE=getMsg HTTP/1.1" 200 27
116.230.117.165 - - [05/Jul/2021:10:34:28 +0800] "GET /xingrg/all/function/internal_message.html?_=1625452474413&CODE_STATE=getMsg HTTP/1.1" 200 27
180.169.147.146 - - [05/Jul/2021:10:34:29 +0800] "GET /xingrg/all/common/get_data_part.html?part=previousMonth&_=1625452481527 HTTP/1.1" 200 41
116.224.253.72 - - [05/Jul/2021:10:34:30 +0800] "POST /xingrg/kc/buy/cgsh_order_operate.html HTTP/1.1" 200 37
180.162.195.211 - - [05/Jul/2021:10:34:30 +0800] "GET /xingrg/check_reg.html?_=1625452446286 HTTP/1.1" 200 22
180.162.195.211 - - [05/Jul/2021:10:34:30 +0800] "GET /xingrg/all/function/internal_message.html?_=1625452446282&CODE_STATE=getMsg HTTP/1.1" 200 27
116.224.253.72 - - [05/Jul/2021:10:34:32 +0800] "GET /xingrg/all/function/internal_message.html?_=1625452469430&CODE_STATE=getMsg HTTP/1.1" 200 27
116.224.253.72 - - [05/Jul/2021:10:34:34 +0800] "POST /xingrg/kc/buy/cgsh_order_operate.html HTTP/1.1" 200 12
116.224.253.72 - - [05/Jul/2021:10:34:35 +0800] "GET /xingrg/kc/buy/cgsh_order_info.html?code=212021070501968 HTTP/1.1" 200 57509
116.224.253.72 - - [05/Jul/2021:10:34:35 +0800] "GET /xingrg/javascript/easyui/themes/default/validatebox.css HTTP/1.1" 404 1104
116.224.253.72 - - [05/Jul/2021:10:34:36 +0800] "POST /xingrg/kc/buy/cgsh_order_operate.html HTTP/1.1" 200 609
116.224.253.72 - - [05/Jul/2021:10:34:37 +0800] "GET /xingrg/kc/print/load_data.html?order_code=212021070501968&kc_code=cgsh&condition= HTTP/1.1" 200 783
222.69.131.80 - - [05/Jul/2021:10:34:37 +0800] "GET /xingrg/kc/buy/cgsh_order_add.html HTTP/1.1" 200 62728
222.69.131.80 - - [05/Jul/2021:10:34:37 +0800] "GET /xingrg/words/20210705102301_words.js HTTP/1.1" 200 823856
222.69.131.80 - - [05/Jul/2021:10:34:38 +0800] "GET /xingrg/all/function/internal_message.html?_=1625452484979&CODE_STATE=getMsg HTTP/1.1" 200 27
222.69.131.80 - - [05/Jul/2021:10:34:38 +0800] "GET /xingrg/javascript/easyui/themes/default/validatebox.css HTTP/1.1" 404 1104
222.69.131.80 - - [05/Jul/2021:10:34:38 +0800] "POST /xingrg/kc/buy/cgsh_order_operate.html HTTP/1.1" 200 8245
180.169.147.146 - - [05/Jul/2021:10:34:38 +0800] "GET /xingrg/kc/base/crk_hz.html?_=1625452490350&command=get_cost_id&end_date=2021-06-30&start_date=2021-06-01 HTTP/1.1" 200 51
180.169.147.146 - - [05/Jul/2021:10:34:38 +0800] "GET /xingrg/all/report/report_query.html?isQuery=1&onlyBody=1&rh=99999&rw=1800&varString=start:20210601,cost_id:3175,mid:20210601&fileName=kc/base/crk_hz_type_by_base.xml&queryString=%20a.base_code%20in%20('0010283','0010285','0010286','0010290','0010306')%20&queryText=ÈÕÆÚ£º2021-06-01ÖÁ2021-06-30%20²Ö¿â£ºÊ³Æ·²Ö¿â,Ñ౫³á¿â,ÏãÑÌ¿â,¾ÆË®¿â,ÎïÁϲֿâ&tableQueryString=materiel_table$sp1$$sp$before_table$sp1$$sp$crk_table$sp1$order_day%20between%2020210601%20and%2020210630 HTTP/1.1" 200 49465
180.169.147.146 - - [05/Jul/2021:10:34:38 +0800] "GET /xingrg/dwr/interface/AjaxReportQueryService.js HTTP/1.1" 200 13203
180.169.147.146 - - [05/Jul/2021:10:34:38 +0800] "GET /xingrg/dwr/engine.js HTTP/1.1" 200 43631
180.169.147.146 - - [05/Jul/2021:10:34:40 +0800] "POST /xingrg/all/report/load_report_page.html HTTP/1.1" 200 190850
180.169.147.146 - - [05/Jul/2021:10:34:40 +0800] "GET /xingrg/servlets/image?cache=0.9926525481371079&image=px HTTP/1.1" 200 807
180.157.255.9 - - [05/Jul/2021:10:34:40 +0800] "GET /xingrg/all/function/internal_message.html?_=1625452488444&CODE_STATE=getMsg HTTP/1.1" 200 27
116.224.253.72 - - [05/Jul/2021:10:34:41 +0800] "GET /xingrg/kc/buy/cgsh_order_add.html HTTP/1.1" 200 62599
116.230.117.165 - - [05/Jul/2021:10:34:41 +0800] "POST /xingrg/kc/buy/cgsh_order_operate.html HTTP/1.1" 200 37
116.224.253.72 - - [05/Jul/2021:10:34:42 +0800] "POST /xingrg/kc/buy/cgsh_order_operate.html HTTP/1.1" 200 8245
116.224.253.72 - - [05/Jul/2021:10:34:42 +0800] "GET /xingrg/javascript/easyui/themes/default/validatebox.css HTTP/1.1" 404 1104
116.230.117.165 - - [05/Jul/2021:10:34:43 +0800] "POST /xingrg/kc/buy/cgsh_order_operate.html HTTP/1.1" 200 4449
116.230.117.165 - - [05/Jul/2021:10:34:46 +0800] "GET /xingrg/kc/print/load_data.html?order_code=212021070501969&kc_code=cgsh&condition= HTTP/1.1" 200 1374
180.174.237.246 - - [05/Jul/2021:10:34:49 +0800] "GET /xingrg/all/function/internal_message.html?_=1625452499722&CODE_STATE=getMsg HTTP/1.1" 200 27
116.230.110.80 - - [05/Jul/2021:10:34:49 +0800] "GET /xingrg/check_reg.html?_=1625452495323 HTTP/1.1" 200 22
116.230.110.80 - - [05/Jul/2021:10:34:49 +0800] "GET /xingrg/all/function/internal_message.html?_=1625452495327&CODE_STATE=getMsg HTTP/1.1" 200 27
116.224.253.72 - - [05/Jul/2021:10:34:49 +0800] "GET /xingrg/kc/buy/cgsh_order_operate.html?command=get_materiel&rest_code=00150&code=00101010172&supplier_code=00100337&order_time=2021-07-05 HTTP/1.1" 200 409
58.40.7.146 - - [05/Jul/2021:10:34:50 +0800] "GET /xingrg/all/function/internal_message.html?_=1625452496309&CODE_STATE=getMsg HTTP/1.1" 200 27
180.169.147.146 - - [05/Jul/2021:10:34:52 +0800] "GET /xingrg/check_reg.html?_=1625452499382 HTTP/1.1" 200 22
180.169.147.146 - - [05/Jul/2021:10:34:52 +0800] "GET /xingrg/all/function/internal_message.html?_=1625452499384&CODE_STATE=getMsg HTTP/1.1" 200 27
116.224.253.72 - - [05/Jul/2021:10:34:57 +0800] "GET /xingrg/all/function/internal_message.html?_=1625452499011&CODE_STATE=getMsg HTTP/1.1" 200 27
116.224.253.72 - - [05/Jul/2021:10:34:57 +0800] "POST /xingrg/kc/buy/cgsh_order_operate.html HTTP/1.1" 200 37
222.69.131.80 - - [05/Jul/2021:10:34:58 +0800] "GET /xingrg/kc/buy/cgsh_order_operate.html?command=get_materiel&rest_code=00149&code=00101015122&supplier_code=00100443&order_time=2021-07-04 HTTP/1.1" 200 407
180.169.147.146 - - [05/Jul/2021:10:35:00 +0800] "GET /xingrg/all/function/internal_message.html?_=1625452507770&CODE_STATE=getMsg HTTP/1.1" 200 27
116.224.253.72 - - [05/Jul/2021:10:35:00 +0800] "POST /xingrg/kc/buy/cgsh_order_operate.html HTTP/1.1" 200 12
114.84.0.231 - - [05/Jul/2021:10:35:01 +0800] "POST /xingrg/services/DataTransmitService HTTP/1.1" 200 524
116.224.253.72 - - [05/Jul/2021:10:35:01 +0800] "GET /xingrg/kc/buy/cgsh_order_info.html?code=212021070501970 HTTP/1.1" 200 57509
116.224.253.72 - - [05/Jul/2021:10:35:02 +0800] "GET /xingrg/javascript/easyui/themes/default/validatebox.css HTTP/1.1" 404 1104
116.230.117.165 - - [05/Jul/2021:10:35:02 +0800] "GET /xingrg/kc/buy/cgsh_order_add.html HTTP/1.1" 200 62681
116.224.253.72 - - [05/Jul/2021:10:35:02 +0800] "POST /xingrg/kc/buy/cgsh_order_operate.html HTTP/1.1" 200 603
116.230.117.165 - - [05/Jul/2021:10:35:03 +0800] "POST /xingrg/kc/buy/cgsh_order_operate.html HTTP/1.1" 200 8245
116.230.117.165 - - [05/Jul/2021:10:35:03 +0800] "GET /xingrg/javascript/easyui/themes/default/validatebox.css HTTP/1.1" 404 1104
222.70.176.145 - - [05/Jul/2021:10:35:03 +0800] "GET /xingrg/all/function/internal_message.html?_=1625452509044&CODE_STATE=getMsg HTTP/1.1" 200 27
222.70.176.145 - - [05/Jul/2021:10:35:03 +0800] "GET /xingrg/check_reg.html?_=1625452509046 HTTP/1.1" 200 22
116.224.253.72 - - [05/Jul/2021:10:35:03 +0800] "GET /xingrg/kc/print/load_data.html?order_code=212021070501970&kc_code=cgsh&condition= HTTP/1.1" 200 707
180.169.147.146 - - [05/Jul/2021:10:35:04 +0800] "GET /xingrg/all/function/internal_message.html?_=1625452510739&CODE_STATE=getMsg HTTP/1.1" 200 27
114.84.0.231 - - [05/Jul/2021:10:35:08 +0800] "POST /xingrg/services/DataTransmitService HTTP/1.1" 200 501
116.224.253.72 - - [05/Jul/2021:10:35:08 +0800] "GET /xingrg/kc/buy/cgsh_order_add.html HTTP/1.1" 200 62599
114.84.0.231 - - [05/Jul/2021:10:35:08 +0800] "POST /xingrg/services/DataTransmitService HTTP/1.1" 200 501
116.224.253.72 - - [05/Jul/2021:10:35:08 +0800] "POST /xingrg/kc/buy/cgsh_order_operate.html HTTP/1.1" 200 8245
116.224.253.72 - - [05/Jul/2021:10:35:08 +0800] "GET /xingrg/javascript/easyui/themes/default/validatebox.css HTTP/1.1" 404 1104
114.84.0.231 - - [05/Jul/2021:10:35:09 +0800] "POST /xingrg/services/DataTransmitService HTTP/1.1" 200 501
180.169.147.146 - - [05/Jul/2021:10:35:09 +0800] "GET /xingrg/kc/base/crk_hz.html?_=1625452521550&command=get_cost_id&end_date=2021-06-30&start_date=2021-06-01 HTTP/1.1" 200 51
180.169.147.146 - - [05/Jul/2021:10:35:09 +0800] "GET /xingrg/all/report/report_query.html?isQuery=1&onlyBody=1&rh=99999&rw=1800&varString=start:20210601,cost_id:3175,mid:20210601&fileName=kc/base/crk_hz_type_by_base.xml&queryString=%20a.base_code%20in%20('0010283','0010285','0010286','0010290','0010306')%20&queryText=ÈÕÆÚ£º2021-06-01ÖÁ2021-06-30%20²Ö¿â£ºÊ³Æ·²Ö¿â,Ñ౫³á¿â,ÏãÑÌ¿â,¾ÆË®¿â,ÎïÁϲֿâ&tableQueryString=materiel_table$sp1$$sp$before_table$sp1$$sp$crk_table$sp1$order_day%20between%2020210601%20and%2020210630 HTTP/1.1" 200 49465
180.169.147.146 - - [05/Jul/2021:10:35:09 +0800] "GET /xingrg/dwr/interface/AjaxReportQueryService.js HTTP/1.1" 200 13203
180.169.147.146 - - [05/Jul/2021:10:35:09 +0800] "GET /xingrg/dwr/engine.js HTTP/1.1" 200 43631
114.84.0.231 - - [05/Jul/2021:10:35:10 +0800] "POST /xingrg/services/DataTransmitService HTTP/1.1" 200 501
114.84.0.231 - - [05/Jul/2021:10:35:10 +0800] "POST /xingrg/services/DataTransmitService HTTP/1.1" 200 501
222.69.131.80 - - [05/Jul/2021:10:35:10 +0800] "POST /xingrg/kc/buy/cgsh_order_operate.html HTTP/1.1" 200 37
180.169.147.146 - - [05/Jul/2021:10:35:11 +0800] "POST /xingrg/all/report/load_report_page.html HTTP/1.1" 200 190580
180.169.147.146 - - [05/Jul/2021:10:35:11 +0800] "GET /xingrg/servlets/image?cache=0.026990181652362&image=px HTTP/1.1" 200 807
114.84.0.231 - - [05/Jul/2021:10:35:11 +0800] "POST /xingrg/services/DataTransmitService HTTP/1.1" 200 501
114.84.0.231 - - [05/Jul/2021:10:35:11 +0800] "POST /xingrg/services/DataTransmitService HTTP/1.1" 200 501
114.84.0.231 - - [05/Jul/2021:10:35:11 +0800] "POST /xingrg/services/DataTransmitService HTTP/1.1" 200 501
114.84.0.231 - - [05/Jul/2021:10:35:12 +0800] "POST /xingrg/services/DataTransmitService HTTP/1.1" 200 412
114.86.228.137 - - [05/Jul/2021:10:35:13 +0800] "GET /xingrg/all/function/internal_message.html?_=1625452521219&CODE_STATE=getMsg HTTP/1.1" 200 27
222.69.131.80 - - [05/Jul/2021:10:35:14 +0800] "POST /xingrg/kc/buy/cgsh_order_operate.html HTTP/1.1" 200 12
222.69.131.80 - - [05/Jul/2021:10:35:15 +0800] "GET /xingrg/kc/buy/cgsh_order_info.html?code=212021070501971 HTTP/1.1" 200 57638
222.69.131.80 - - [05/Jul/2021:10:35:15 +0800] "GET /xingrg/javascript/easyui/themes/default/validatebox.css HTTP/1.1" 404 1104
58.37.225.51 - - [05/Jul/2021:10:35:16 +0800] "GET /xingrg/all/function/internal_message.html?_=1625452444549&CODE_STATE=getMsg HTTP/1.1" 200 27
116.224.253.72 - - [05/Jul/2021:10:35:16 +0800] "GET /xingrg/kc/buy/cgsh_order_operate.html?command=get_materiel&rest_code=00150&code=00101004065&supplier_code=00100086&order_time=2021-07-05 HTTP/1.1" 200 413
222.69.131.80 - - [05/Jul/2021:10:35:16 +0800] "POST /xingrg/kc/buy/cgsh_order_operate.html HTTP/1.1" 200 614
222.69.131.80 - - [05/Jul/2021:10:35:18 +0800] "GET /xingrg/kc/print/load_data.html?order_code=212021070501971&kc_code=cgsh&condition= HTTP/1.1" 200 714
116.230.117.165 - - [05/Jul/2021:10:35:19 +0800] "GET /xingrg/kc/buy/cgsh_order_operate.html?command=get_materiel&rest_code=00146&code=00101001115&supplier_code=00100089&order_time=2021-07-05 HTTP/1.1" 200 415
180.162.195.211 - - [05/Jul/2021:10:35:22 +0800] "GET /xingrg/all/function/internal_message.html?_=1625452528594&CODE_STATE=getMsg HTTP/1.1" 200 27
180.162.195.211 - - [05/Jul/2021:10:35:22 +0800] "GET /xingrg/check_reg.html?_=1625452528998 HTTP/1.1" 200 22
180.169.147.146 - - [05/Jul/2021:10:35:23 +0800] "GET /xingrg/all/function/internal_message.html?_=1625452535858&CODE_STATE=getMsg HTTP/1.1" 200 27
180.169.147.146 - - [05/Jul/2021:10:35:25 +0800] "GET /xingrg/all/function/internal_message.html?_=1625452532618&CODE_STATE=getMsg HTTP/1.1" 200 27
116.224.253.72 - - [05/Jul/2021:10:35:27 +0800] "POST /xingrg/kc/buy/cgsh_order_operate.html HTTP/1.1" 200 37
180.162.195.211 - - [05/Jul/2021:10:35:27 +0800] "GET /xingrg/all/function/internal_message.html?_=1625452531431&CODE_STATE=getMsg HTTP/1.1" 200 27
116.230.117.165 - - [05/Jul/2021:10:35:28 +0800] "GET /xingrg/all/function/internal_message.html?_=1625452534426&CODE_STATE=getMsg HTTP/1.1" 200 27
180.162.195.211 - - [05/Jul/2021:10:35:30 +0800] "GET /xingrg/all/function/internal_message.html?_=1625452506272&CODE_STATE=getMsg HTTP/1.1" 200 27
116.224.253.72 - - [05/Jul/2021:10:35:31 +0800] "POST /xingrg/kc/buy/cgsh_order_operate.html HTTP/1.1" 200 12
116.224.253.72 - - [05/Jul/2021:10:35:32 +0800] "GET /xingrg/all/function/internal_message.html?_=1625452529443&CODE_STATE=getMsg HTTP/1.1" 200 27
116.224.253.72 - - [05/Jul/2021:10:35:32 +0800] "GET /xingrg/kc/buy/cgsh_order_info.html?code=212021070501972 HTTP/1.1" 200 57511
116.224.253.72 - - [05/Jul/2021:10:35:32 +0800] "GET /xingrg/words/20210705102301_words.js HTTP/1.1" 304 -
116.224.253.72 - - [05/Jul/2021:10:35:33 +0800] "GET /xingrg/javascript/easyui/themes/default/validatebox.css HTTP/1.1" 404 1104
116.230.117.165 - - [05/Jul/2021:10:35:34 +0800] "POST /xingrg/kc/buy/cgsh_order_operate.html HTTP/1.1" 200 37
116.224.253.72 - - [05/Jul/2021:10:35:34 +0800] "POST /xingrg/kc/buy/cgsh_order_operate.html HTTP/1.1" 200 607
116.224.253.72 - - [05/Jul/2021:10:35:35 +0800] "GET /xingrg/kc/print/load_data.html?order_code=212021070501972&kc_code=cgsh&condition= HTTP/1.1" 200 774
116.230.117.165 - - [05/Jul/2021:10:35:36 +0800] "POST /xingrg/kc/buy/cgsh_order_operate.html HTTP/1.1" 200 2659
222.69.131.80 - - [05/Jul/2021:10:35:38 +0800] "GET /xingrg/all/function/internal_message.html?_=1625452544966&CODE_STATE=getMsg HTTP/1.1" 200 27
116.224.253.72 - - [05/Jul/2021:10:35:40 +0800] "GET /xingrg/kc/buy/cgsh_order_add.html HTTP/1.1" 200 62599
116.224.253.72 - - [05/Jul/2021:10:35:40 +0800] "POST /xingrg/kc/buy/cgsh_order_operate.html HTTP/1.1" 200 8245
116.224.253.72 - - [05/Jul/2021:10:35:40 +0800] "GET /xingrg/javascript/easyui/themes/default/validatebox.css HTTP/1.1" 404 1104
