180.162.195.211 - - [05/Jul/2021:11:02:30 +0800] "GET /xingrg/all/function/internal_message.html?_=1625454126328&CODE_STATE=getMsg HTTP/1.1" 200 27
116.230.117.165 - - [05/Jul/2021:11:02:32 +0800] "POST /xingrg/kc/buy/cgsh_order_operate.html HTTP/1.1" 200 2677
58.37.5.217 - - [05/Jul/2021:11:02:32 +0800] "GET /xingrg/kc/buy/cgsh_order_operate.html?command=get_materiel&rest_code=00106&code=00101016113&supplier_code=00100347&order_time=2021-07-05 HTTP/1.1" 200 389
116.224.253.72 - - [05/Jul/2021:11:02:33 +0800] "GET /xingrg/all/function/internal_message.html?_=1625454149920&CODE_STATE=getMsg HTTP/1.1" 200 27
116.230.117.165 - - [05/Jul/2021:11:02:36 +0800] "GET /xingrg/kc/print/load_data.html?order_code=212021070502037&kc_code=cgsh&condition= HTTP/1.1" 200 698
222.69.131.80 - - [05/Jul/2021:11:02:37 +0800] "GET /xingrg/all/function/internal_message.html?_=1625454164598&CODE_STATE=getMsg HTTP/1.1" 200 27
116.230.117.165 - - [05/Jul/2021:11:02:38 +0800] "GET /xingrg/all/function/internal_message.html?_=1625454165120&CODE_STATE=getMsg HTTP/1.1" 200 27
180.169.147.146 - - [05/Jul/2021:11:02:40 +0800] "GET /xingrg/check_reg.html?_=1625454165657 HTTP/1.1" 302 -
180.157.255.9 - - [05/Jul/2021:11:02:40 +0800] "GET /xingrg/all/function/internal_message.html?_=1625454168488&CODE_STATE=getMsg HTTP/1.1" 200 27
116.230.110.80 - - [05/Jul/2021:11:02:43 +0800] "GET /xingrg/kc/buy/cgsh_order_operate.html?command=get_materiel&rest_code=00155&code=00101008092&supplier_code=00100037&order_time=2021-07-05 HTTP/1.1" 200 412
58.37.5.217 - - [05/Jul/2021:11:02:46 +0800] "GET /xingrg/all/function/internal_message.html?_=1625454171975&CODE_STATE=getMsg HTTP/1.1" 200 27
116.230.110.80 - - [05/Jul/2021:11:02:48 +0800] "GET /xingrg/all/function/internal_message.html?_=1625454174862&CODE_STATE=getMsg HTTP/1.1" 200 27
58.40.7.146 - - [05/Jul/2021:11:02:50 +0800] "GET /xingrg/all/function/internal_message.html?_=1625454176299&CODE_STATE=getMsg HTTP/1.1" 200 27
180.169.147.146 - - [05/Jul/2021:11:02:52 +0800] "GET /xingrg/all/function/internal_message.html?_=1625454171057&CODE_STATE=getMsg HTTP/1.1" 200 27
180.174.237.246 - - [05/Jul/2021:11:02:56 +0800] "GET /xingrg/all/function/internal_message.html?_=1625454186842&CODE_STATE=getMsg HTTP/1.1" 200 27
180.169.147.146 - - [05/Jul/2021:11:03:00 +0800] "GET /xingrg/all/function/internal_message.html?_=1625454187838&CODE_STATE=getMsg HTTP/1.1" 200 27
116.224.253.72 - - [05/Jul/2021:11:03:02 +0800] "GET /xingrg/check_reg.html?_=1625454184674 HTTP/1.1" 200 22
116.224.253.72 - - [05/Jul/2021:11:03:02 +0800] "GET /xingrg/all/function/internal_message.html?_=1625454184678&CODE_STATE=getMsg HTTP/1.1" 200 27
222.70.176.145 - - [05/Jul/2021:11:03:03 +0800] "GET /xingrg/all/function/internal_message.html?_=1625454189103&CODE_STATE=getMsg HTTP/1.1" 200 27
180.169.147.146 - - [05/Jul/2021:11:03:04 +0800] "GET /xingrg/all/function/internal_message.html?_=1625454190852&CODE_STATE=getMsg HTTP/1.1" 200 27
114.86.228.137 - - [05/Jul/2021:11:03:13 +0800] "GET /xingrg/all/function/internal_message.html?_=1625454201294&CODE_STATE=getMsg HTTP/1.1" 200 27
58.37.225.51 - - [05/Jul/2021:11:03:16 +0800] "GET /xingrg/all/function/internal_message.html?_=1625454124925&CODE_STATE=getMsg HTTP/1.1" 200 27
116.235.222.38 - - [05/Jul/2021:11:03:19 +0800] "POST /xingrg/kc/buy/cgsh_list_operate.html HTTP/1.1" 200 2737
180.162.195.211 - - [05/Jul/2021:11:03:22 +0800] "GET /xingrg/all/function/internal_message.html?_=1625454208516&CODE_STATE=getMsg HTTP/1.1" 200 27
180.169.147.146 - - [05/Jul/2021:11:03:24 +0800] "GET /xingrg/check_reg.html?_=1625454216305 HTTP/1.1" 200 22
180.169.147.146 - - [05/Jul/2021:11:03:24 +0800] "GET /xingrg/all/function/internal_message.html?_=1625454216433&CODE_STATE=getMsg HTTP/1.1" 200 27
180.169.147.146 - - [05/Jul/2021:11:03:25 +0800] "GET /xingrg/all/function/internal_message.html?_=1625454212613&CODE_STATE=getMsg HTTP/1.1" 200 27
180.162.195.211 - - [05/Jul/2021:11:03:27 +0800] "GET /xingrg/all/function/internal_message.html?_=1625454211461&CODE_STATE=getMsg HTTP/1.1" 200 27
180.162.195.211 - - [05/Jul/2021:11:03:27 +0800] "GET /xingrg/check_reg.html?_=1625454211462 HTTP/1.1" 200 22
58.37.225.51 - - [05/Jul/2021:11:03:27 +0800] "GET /xingrg/kc/buy/cgsh_order_operate.html?command=get_materiel&rest_code=00141&code=00101014060&supplier_code=00100343&order_time=2021-07-05 HTTP/1.1" 200 416
180.162.112.86 - - [05/Jul/2021:11:03:28 +0800] "GET /xingrg/all/function/internal_message.html?_=1625453872574&CODE_STATE=getMsg HTTP/1.1" 200 27
116.235.222.38 - - [05/Jul/2021:11:03:28 +0800] "GET /xingrg/all/function/internal_message.html?_=1625454212958&CODE_STATE=getMsg HTTP/1.1" 200 27
180.162.195.211 - - [05/Jul/2021:11:03:30 +0800] "GET /xingrg/all/function/internal_message.html?_=1625454186328&CODE_STATE=getMsg HTTP/1.1" 200 27
116.224.253.72 - - [05/Jul/2021:11:03:33 +0800] "GET /xingrg/all/function/internal_message.html?_=1625454209945&CODE_STATE=getMsg HTTP/1.1" 200 27
222.69.131.80 - - [05/Jul/2021:11:03:37 +0800] "GET /xingrg/all/function/internal_message.html?_=1625454224584&CODE_STATE=getMsg HTTP/1.1" 200 27
116.230.117.165 - - [05/Jul/2021:11:03:39 +0800] "GET /xingrg/all/function/internal_message.html?_=1625454225476&CODE_STATE=getMsg HTTP/1.1" 200 27
58.37.5.217 - - [05/Jul/2021:11:03:40 +0800] "GET /xingrg/login.html HTTP/1.1" 200 7641
180.174.237.246 - - [05/Jul/2021:11:03:40 +0800] "GET /xingrg/check_reg.html?_=1625454231613 HTTP/1.1" 200 22
58.37.5.217 - - [05/Jul/2021:11:03:40 +0800] "GET /favicon.ico HTTP/1.1" 404 -
180.157.255.9 - - [05/Jul/2021:11:03:40 +0800] "GET /xingrg/all/function/internal_message.html?_=1625454228487&CODE_STATE=getMsg HTTP/1.1" 200 27
58.37.5.217 - - [05/Jul/2021:11:03:43 +0800] "POST /xingrg/login.do HTTP/1.1" 302 -
58.37.5.217 - - [05/Jul/2021:11:03:43 +0800] "GET /xingrg/index.html?sysBaseUrl=http%3A%2F%2F180.169.147.146%3A18081%2Fxingrg%2F&costTime=39×tamp=1625454223023 HTTP/1.1" 200 17173
116.235.222.38 - - [05/Jul/2021:11:03:43 +0800] "POST /xingrg/kc/buy/cgsh_list_operate.html HTTP/1.1" 200 348
58.37.5.217 - - [05/Jul/2021:11:03:43 +0800] "GET /favicon.ico HTTP/1.1" 404 -
58.37.5.217 - - [05/Jul/2021:11:03:43 +0800] "POST /xingrg/all/common/load_tree.html?tree=area_rest_tree_json&manage=1 HTTP/1.1" 200 342
58.37.5.217 - - [05/Jul/2021:11:03:43 +0800] "GET /xingrg/all/function/internal_message.html?_=1625454757014&CODE_STATE=count HTTP/1.1" 200 11
58.37.5.217 - - [05/Jul/2021:11:03:43 +0800] "GET /xingrg/check_reg.html?_=1625454757015 HTTP/1.1" 200 22
58.37.5.217 - - [05/Jul/2021:11:03:43 +0800] "POST /xingrg/load_menu.html HTTP/1.1" 200 5138
116.235.222.38 - - [05/Jul/2021:11:03:43 +0800] "GET /xingrg/kc/buy/cgsh_order_info.html?code=212021070502035 HTTP/1.1" 200 62770
116.235.222.38 - - [05/Jul/2021:11:03:44 +0800] "GET /xingrg/javascript/easyui/themes/default/validatebox.css HTTP/1.1" 404 1104
116.235.222.38 - - [05/Jul/2021:11:03:44 +0800] "POST /xingrg/kc/buy/cgsh_order_operate.html HTTP/1.1" 200 3845
114.86.228.137 - - [05/Jul/2021:11:03:45 +0800] "GET /xingrg/words/20210705102301_words.js HTTP/1.1" 304 -
114.86.228.137 - - [05/Jul/2021:11:03:45 +0800] "GET /xingrg/kc/buy/cgsh_order_add.html HTTP/1.1" 200 62716
114.86.228.137 - - [05/Jul/2021:11:03:45 +0800] "POST /xingrg/kc/buy/cgsh_order_operate.html HTTP/1.1" 200 8245
114.86.228.137 - - [05/Jul/2021:11:03:45 +0800] "GET /xingrg/javascript/easyui/themes/default/validatebox.css HTTP/1.1" 404 1104
114.86.228.137 - - [05/Jul/2021:11:03:45 +0800] "GET /xingrg/all/common/auto_word.html?type=employee&rest_code=00109 HTTP/1.1" 200 255
114.86.228.137 - - [05/Jul/2021:11:03:45 +0800] "GET /xingrg/all/common/auto_word.html?type=employee&rest_code=00109 HTTP/1.1" 200 255
58.37.5.217 - - [05/Jul/2021:11:03:46 +0800] "GET /xingrg/kc/buy/buy_main.html HTTP/1.1" 200 12412
58.37.5.217 - - [05/Jul/2021:11:03:46 +0800] "GET /xingrg/css/new_ie.css HTTP/1.1" 404 1036
58.37.5.217 - - [05/Jul/2021:11:03:46 +0800] "GET /xingrg/all/function/internal_message.html?_=1625454231951&CODE_STATE=getMsg HTTP/1.1" 200 27
58.37.225.51 - - [05/Jul/2021:11:03:46 +0800] "GET /xingrg/kc/buy/cgsh_order_operate.html?command=get_materiel&rest_code=00141&code=00101010693&supplier_code=00100343&order_time=2021-07-05 HTTP/1.1" 200 402
116.235.222.38 - - [05/Jul/2021:11:03:47 +0800] "GET /xingrg/javascript/easyui/themes/default/tree.css HTTP/1.1" 404 1090
116.235.222.38 - - [05/Jul/2021:11:03:47 +0800] "POST /xingrg/kc/buy/cgsh_list_operate.html HTTP/1.1" 200 2737
116.235.222.38 - - [05/Jul/2021:11:03:47 +0800] "POST /xingrg/all/common/load_tree.html?tree=supplier_tree_json&isDelete=1 HTTP/1.1" 200 56276
116.230.110.80 - - [05/Jul/2021:11:03:48 +0800] "GET /xingrg/all/function/internal_message.html?_=1625454234861&CODE_STATE=getMsg HTTP/1.1" 200 27
58.40.7.146 - - [05/Jul/2021:11:03:50 +0800] "GET /xingrg/all/function/internal_message.html?_=1625454236303&CODE_STATE=getMsg HTTP/1.1" 200 27
180.169.147.146 - - [05/Jul/2021:11:03:52 +0800] "GET /xingrg/all/function/internal_message.html?_=1625454231040&CODE_STATE=getMsg HTTP/1.1" 200 27
116.230.110.80 - - [05/Jul/2021:11:03:53 +0800] "POST /xingrg/kc/buy/cgsh_order_operate.html HTTP/1.1" 200 2065
180.174.237.246 - - [05/Jul/2021:11:03:56 +0800] "GET /xingrg/all/function/internal_message.html?_=1625454246855&CODE_STATE=getMsg HTTP/1.1" 200 27
180.169.147.146 - - [05/Jul/2021:11:04:00 +0800] "GET /xingrg/check_reg.html?_=1625454247849 HTTP/1.1" 200 22
180.169.147.146 - - [05/Jul/2021:11:04:00 +0800] "GET /xingrg/all/function/internal_message.html?_=1625454247851&CODE_STATE=getMsg HTTP/1.1" 200 27
116.224.253.72 - - [05/Jul/2021:11:04:02 +0800] "GET /xingrg/all/function/internal_message.html?_=1625454244672&CODE_STATE=getMsg HTTP/1.1" 200 27
222.70.176.145 - - [05/Jul/2021:11:04:03 +0800] "GET /xingrg/all/function/internal_message.html?_=1625454249102&CODE_STATE=getMsg HTTP/1.1" 200 27
180.169.147.146 - - [05/Jul/2021:11:04:04 +0800] "GET /xingrg/all/function/internal_message.html?_=1625454250852&CODE_STATE=getMsg HTTP/1.1" 200 27
180.169.147.146 - - [05/Jul/2021:11:04:04 +0800] "GET /xingrg/check_reg.html?_=1625454250855 HTTP/1.1" 200 22
58.37.5.217 - - [05/Jul/2021:11:04:04 +0800] "GET /xingrg/images/yd/bt.gif HTTP/1.1" 404 1040
58.37.5.217 - - [05/Jul/2021:11:04:05 +0800] "GET /xingrg/kc/buy/cgsh_order_list.html HTTP/1.1" 200 46937
58.37.5.217 - - [05/Jul/2021:11:04:06 +0800] "POST /xingrg/kc/buy/cgsh_list_operate.html HTTP/1.1" 200 876
58.37.5.217 - - [05/Jul/2021:11:04:10 +0800] "GET /xingrg/kc/buy/cgsh_order_add.html HTTP/1.1" 200 62675
58.37.5.217 - - [05/Jul/2021:11:04:10 +0800] "GET /xingrg/all/common/auto_word.html?type=employee&rest_code=00106 HTTP/1.1" 200 205
58.37.5.217 - - [05/Jul/2021:11:04:10 +0800] "GET /xingrg/javascript/easyui/themes/default/validatebox.css HTTP/1.1" 404 1104
58.37.5.217 - - [05/Jul/2021:11:04:10 +0800] "GET /xingrg/all/common/auto_word.html?type=employee&rest_code=00106 HTTP/1.1" 200 205
58.37.5.217 - - [05/Jul/2021:11:04:10 +0800] "POST /xingrg/kc/buy/cgsh_order_operate.html HTTP/1.1" 200 8245
58.37.225.51 - - [05/Jul/2021:11:04:10 +0800] "POST /xingrg/kc/buy/cgsh_order_operate.html HTTP/1.1" 200 37
58.37.5.217 - - [05/Jul/2021:11:04:12 +0800] "GET /xingrg/javascript/easyui/themes/default/tree.css HTTP/1.1" 404 1090
114.86.228.137 - - [05/Jul/2021:11:04:12 +0800] "GET /xingrg/all/function/internal_message.html?_=1625454261000&CODE_STATE=getMsg HTTP/1.1" 200 27
58.37.5.217 - - [05/Jul/2021:11:04:13 +0800] "POST /xingrg/all/common/load_tree.html?tree=supplier_tree_json&isDelete=1 HTTP/1.1" 200 56276
58.37.225.51 - - [05/Jul/2021:11:04:13 +0800] "POST /xingrg/kc/buy/cgsh_order_operate.html HTTP/1.1" 200 12
58.37.225.51 - - [05/Jul/2021:11:04:14 +0800] "GET /xingrg/kc/buy/cgsh_order_info.html?code=212021070502038 HTTP/1.1" 200 57593
58.37.225.51 - - [05/Jul/2021:11:04:15 +0800] "GET /xingrg/javascript/easyui/themes/default/validatebox.css HTTP/1.1" 404 1104
58.37.225.51 - - [05/Jul/2021:11:04:15 +0800] "POST /xingrg/kc/buy/cgsh_order_operate.html HTTP/1.1" 200 612
58.37.225.51 - - [05/Jul/2021:11:04:16 +0800] "GET /xingrg/check_reg.html?_=1625454184663 HTTP/1.1" 200 22
58.37.225.51 - - [05/Jul/2021:11:04:16 +0800] "GET /xingrg/all/function/internal_message.html?_=1625454184903&CODE_STATE=getMsg HTTP/1.1" 200 27
58.37.225.51 - - [05/Jul/2021:11:04:18 +0800] "GET /xingrg/kc/print/load_data.html?order_code=212021070502038&kc_code=cgsh&condition= HTTP/1.1" 200 727
180.162.195.211 - - [05/Jul/2021:11:04:22 +0800] "GET /xingrg/all/function/internal_message.html?_=1625454268517&CODE_STATE=getMsg HTTP/1.1" 200 27
180.169.147.146 - - [05/Jul/2021:11:04:24 +0800] "GET /xingrg/all/function/internal_message.html?_=1625454276418&CODE_STATE=getMsg HTTP/1.1" 200 27
180.169.147.146 - - [05/Jul/2021:11:04:25 +0800] "GET /xingrg/all/function/internal_message.html?_=1625454272620&CODE_STATE=getMsg HTTP/1.1" 200 27
180.169.147.146 - - [05/Jul/2021:11:04:25 +0800] "GET /xingrg/check_reg.html?_=1625454272625 HTTP/1.1" 200 22
116.224.253.72 - - [05/Jul/2021:11:04:27 +0800] "GET /xingrg/check_reg.html?_=1625454264725 HTTP/1.1" 200 22
180.162.195.211 - - [05/Jul/2021:11:04:27 +0800] "GET /xingrg/all/function/internal_message.html?_=1625454271461&CODE_STATE=getMsg HTTP/1.1" 200 27
116.235.222.38 - - [05/Jul/2021:11:04:28 +0800] "GET /xingrg/all/function/internal_message.html?_=1625454272932&CODE_STATE=getMsg HTTP/1.1" 200 27
180.162.112.86 - - [05/Jul/2021:11:04:28 +0800] "GET /xingrg/all/function/internal_message.html?_=1625453932572&CODE_STATE=getMsg HTTP/1.1" 200 27
180.162.112.86 - - [05/Jul/2021:11:04:28 +0800] "GET /xingrg/check_reg.html?_=1625453932569 HTTP/1.1" 200 22
180.162.195.211 - - [05/Jul/2021:11:04:30 +0800] "GET /xingrg/all/function/internal_message.html?_=1625454246328&CODE_STATE=getMsg HTTP/1.1" 200 27
180.162.195.211 - - [05/Jul/2021:11:04:30 +0800] "GET /xingrg/check_reg.html?_=1625454246329 HTTP/1.1" 200 22
58.37.225.51 - - [05/Jul/2021:11:04:31 +0800] "GET /xingrg/kc/buy/cgsh_order_add.html HTTP/1.1" 200 62681
58.37.225.51 - - [05/Jul/2021:11:04:31 +0800] "POST /xingrg/kc/buy/cgsh_order_operate.html HTTP/1.1" 200 8245
58.37.225.51 - - [05/Jul/2021:11:04:32 +0800] "GET /xingrg/javascript/easyui/themes/default/validatebox.css HTTP/1.1" 404 1104
116.224.253.72 - - [05/Jul/2021:11:04:33 +0800] "GET /xingrg/all/function/internal_message.html?_=1625454269947&CODE_STATE=getMsg HTTP/1.1" 200 27
222.69.131.80 - - [05/Jul/2021:11:04:37 +0800] "GET /xingrg/all/function/internal_message.html?_=1625454284557&CODE_STATE=getMsg HTTP/1.1" 200 27
116.230.117.165 - - [05/Jul/2021:11:04:39 +0800] "GET /xingrg/all/function/internal_message.html?_=1625454285490&CODE_STATE=getMsg HTTP/1.1" 200 27
58.37.5.217 - - [05/Jul/2021:11:04:43 +0800] "GET /xingrg/all/function/internal_message.html?_=1625454817031&CODE_STATE=getMsg HTTP/1.1" 200 27
58.37.225.51 - - [05/Jul/2021:11:04:45 +0800] "GET /xingrg/kc/buy/cgsh_order_operate.html?command=get_materiel&rest_code=00141&code=00101010569&supplier_code=00100327&order_time=2021-07-05 HTTP/1.1" 200 397
58.37.5.217 - - [05/Jul/2021:11:04:46 +0800] "GET /xingrg/all/function/internal_message.html?_=1625454291920&CODE_STATE=getMsg HTTP/1.1" 200 27
116.230.110.80 - - [05/Jul/2021:11:04:48 +0800] "GET /xingrg/all/function/internal_message.html?_=1625454294850&CODE_STATE=getMsg HTTP/1.1" 200 27
116.230.110.80 - - [05/Jul/2021:11:04:49 +0800] "GET /xingrg/check_reg.html?_=1625454295198 HTTP/1.1" 200 22
180.169.147.146 - - [05/Jul/2021:11:04:49 +0800] "GET /xingrg/check_reg.html?_=1625454287666 HTTP/1.1" 200 22
58.40.7.146 - - [05/Jul/2021:11:04:50 +0800] "GET /xingrg/all/function/internal_message.html?_=1625454296305&CODE_STATE=getMsg HTTP/1.1" 200 27
116.230.110.80 - - [05/Jul/2021:11:04:50 +0800] "GET /xingrg/kc/buy/cgsh_order_operate.html?command=get_materiel&rest_code=00155&code=00101016025&supplier_code=00100037&order_time=2021-07-05 HTTP/1.1" 200 408
116.235.222.38 - - [05/Jul/2021:11:04:51 +0800] "POST /xingrg/kc/buy/cgsh_order_operate.html HTTP/1.1" 200 37
180.169.147.146 - - [05/Jul/2021:11:04:52 +0800] "GET /xingrg/all/function/internal_message.html?_=1625454291051&CODE_STATE=getMsg HTTP/1.1" 200 27
116.235.222.38 - - [05/Jul/2021:11:04:53 +0800] "POST /xingrg/kc/buy/cgsh_order_operate.html HTTP/1.1" 200 3845
180.174.237.246 - - [05/Jul/2021:11:04:56 +0800] "GET /xingrg/all/function/internal_message.html?_=1625454306869&CODE_STATE=getMsg HTTP/1.1" 200 27
116.230.117.165 - - [05/Jul/2021:11:04:58 +0800] "GET /xingrg/kc/buy/cgsh_order_add.html HTTP/1.1" 200 62681
116.230.117.165 - - [05/Jul/2021:11:04:59 +0800] "POST /xingrg/kc/buy/cgsh_order_operate.html HTTP/1.1" 200 8245
116.230.117.165 - - [05/Jul/2021:11:04:59 +0800] "GET /xingrg/javascript/easyui/themes/default/validatebox.css HTTP/1.1" 404 1104
180.169.147.146 - - [05/Jul/2021:11:05:00 +0800] "GET /xingrg/all/function/internal_message.html?_=1625454307836&CODE_STATE=getMsg HTTP/1.1" 200 27
116.224.253.72 - - [05/Jul/2021:11:05:02 +0800] "GET /xingrg/all/function/internal_message.html?_=1625454304668&CODE_STATE=getMsg HTTP/1.1" 200 27
222.70.176.145 - - [05/Jul/2021:11:05:03 +0800] "GET /xingrg/all/function/internal_message.html?_=1625454309102&CODE_STATE=getMsg HTTP/1.1" 200 27
222.70.176.145 - - [05/Jul/2021:11:05:03 +0800] "GET /xingrg/check_reg.html?_=1625454309104 HTTP/1.1" 200 22
180.169.147.146 - - [05/Jul/2021:11:05:04 +0800] "GET /xingrg/all/function/internal_message.html?_=1625454310856&CODE_STATE=getMsg HTTP/1.1" 200 27
116.235.222.38 - - [05/Jul/2021:11:05:12 +0800] "GET /xingrg/kc/buy/cgsh_order_add.html HTTP/1.1" 200 62763
114.86.228.137 - - [05/Jul/2021:11:05:12 +0800] "GET /xingrg/all/function/internal_message.html?_=1625454321006&CODE_STATE=getMsg HTTP/1.1" 200 27
116.235.222.38 - - [05/Jul/2021:11:05:13 +0800] "POST /xingrg/kc/buy/cgsh_order_operate.html HTTP/1.1" 200 8245
116.235.222.38 - - [05/Jul/2021:11:05:13 +0800] "GET /xingrg/javascript/easyui/themes/default/validatebox.css HTTP/1.1" 404 1104
116.230.117.165 - - [05/Jul/2021:11:05:15 +0800] "GET /xingrg/kc/buy/cgsh_order_operate.html?command=get_materiel&rest_code=00146&code=00101010031&supplier_code=00100329&order_time=2021-07-05 HTTP/1.1" 200 414
58.37.225.51 - - [05/Jul/2021:11:05:16 +0800] "GET /xingrg/all/function/internal_message.html?_=1625454244882&CODE_STATE=getMsg HTTP/1.1" 200 27
180.162.195.211 - - [05/Jul/2021:11:05:22 +0800] "GET /xingrg/all/function/internal_message.html?_=1625454328517&CODE_STATE=getMsg HTTP/1.1" 200 27
180.162.195.211 - - [05/Jul/2021:11:05:22 +0800] "GET /xingrg/check_reg.html?_=1625454328865 HTTP/1.1" 200 22
180.169.147.146 - - [05/Jul/2021:11:05:24 +0800] "GET /xingrg/all/function/internal_message.html?_=1625454336601&CODE_STATE=getMsg HTTP/1.1" 200 27
180.169.147.146 - - [05/Jul/2021:11:05:25 +0800] "GET /xingrg/all/function/internal_message.html?_=1625454332616&CODE_STATE=getMsg HTTP/1.1" 200 27
58.37.225.51 - - [05/Jul/2021:11:05:27 +0800] "GET /xingrg/kc/buy/cgsh_order_operate.html?command=get_materiel&rest_code=00141&code=00101010691&supplier_code=00100327&order_time=2021-07-05 HTTP/1.1" 200 397
180.162.195.211 - - [05/Jul/2021:11:05:27 +0800] "GET /xingrg/all/function/internal_message.html?_=1625454331468&CODE_STATE=getMsg HTTP/1.1" 200 27
180.162.112.86 - - [05/Jul/2021:11:05:28 +0800] "GET /xingrg/all/function/internal_message.html?_=1625453992558&CODE_STATE=getMsg HTTP/1.1" 200 27
116.235.222.38 - - [05/Jul/2021:11:05:28 +0800] "GET /xingrg/javascript/easyui/themes/default/tree.css HTTP/1.1" 404 1090
116.235.222.38 - - [05/Jul/2021:11:05:28 +0800] "POST /xingrg/all/common/load_tree.html?tree=supplier_tree_json&isDelete=1 HTTP/1.1" 200 56276
116.235.222.38 - - [05/Jul/2021:11:05:28 +0800] "GET /xingrg/all/function/internal_message.html?_=1625454333062&CODE_STATE=getMsg HTTP/1.1" 200 27
180.162.195.211 - - [05/Jul/2021:11:05:30 +0800] "GET /xingrg/all/function/internal_message.html?_=1625454306327&CODE_STATE=getMsg HTTP/1.1" 200 27
116.224.253.72 - - [05/Jul/2021:11:05:33 +0800] "GET /xingrg/all/function/internal_message.html?_=1625454329960&CODE_STATE=getMsg HTTP/1.1" 200 27
58.37.225.51 - - [05/Jul/2021:11:05:36 +0800] "POST /xingrg/kc/buy/cgsh_order_operate.html HTTP/1.1" 200 37
116.230.117.165 - - [05/Jul/2021:11:05:37 +0800] "GET /xingrg/kc/buy/cgsh_order_operate.html?command=get_materiel&rest_code=00146&code=00101016067&supplier_code=00100329&order_time=2021-07-05 HTTP/1.1" 200 412
222.69.131.80 - - [05/Jul/2021:11:05:37 +0800] "GET /xingrg/all/function/internal_message.html?_=1625454344542&CODE_STATE=getMsg HTTP/1.1" 200 27
116.230.117.165 - - [05/Jul/2021:11:05:39 +0800] "GET /xingrg/all/function/internal_message.html?_=1625454345543&CODE_STATE=getMsg HTTP/1.1" 200 27
58.37.225.51 - - [05/Jul/2021:11:05:42 +0800] "POST /xingrg/kc/buy/cgsh_order_operate.html HTTP/1.1" 200 12
58.37.5.217 - - [05/Jul/2021:11:05:46 +0800] "GET /xingrg/all/function/internal_message.html?_=1625454351897&CODE_STATE=getMsg HTTP/1.1" 200 27
116.230.117.165 - - [05/Jul/2021:11:05:47 +0800] "POST /xingrg/kc/buy/cgsh_order_operate.html HTTP/1.1" 200 37
58.37.225.51 - - [05/Jul/2021:11:05:47 +0800] "GET /xingrg/kc/buy/cgsh_order_info.html?code=212021070502039 HTTP/1.1" 200 57589
58.37.225.51 - - [05/Jul/2021:11:05:48 +0800] "GET /xingrg/javascript/easyui/themes/default/validatebox.css HTTP/1.1" 404 1104
58.37.225.51 - - [05/Jul/2021:11:05:48 +0800] "POST /xingrg/kc/buy/cgsh_order_operate.html HTTP/1.1" 200 1196
116.230.110.80 - - [05/Jul/2021:11:05:48 +0800] "GET /xingrg/all/function/internal_message.html?_=1625454354830&CODE_STATE=getMsg HTTP/1.1" 200 27
116.230.117.165 - - [05/Jul/2021:11:05:48 +0800] "POST /xingrg/kc/buy/cgsh_order_operate.html HTTP/1.1" 200 3248
58.37.225.51 - - [05/Jul/2021:11:05:49 +0800] "GET /xingrg/kc/print/load_data.html?order_code=212021070502039&kc_code=cgsh&condition= HTTP/1.1" 200 927
58.40.7.146 - - [05/Jul/2021:11:05:50 +0800] "GET /xingrg/all/function/internal_message.html?_=1625454356307&CODE_STATE=getMsg HTTP/1.1" 200 27
116.230.117.165 - - [05/Jul/2021:11:05:51 +0800] "GET /xingrg/kc/print/load_data.html?order_code=212021070502040&kc_code=cgsh&condition= HTTP/1.1" 200 912
116.235.222.38 - - [05/Jul/2021:11:05:51 +0800] "GET /xingrg/kc/buy/cgsh_order_operate.html?command=get_materiel&rest_code=00107&code=00101018019&supplier_code=00100041&order_time=2021-07-05 HTTP/1.1" 200 421
114.86.228.137 - - [05/Jul/2021:11:05:52 +0800] "GET /xingrg/javascript/jquery_tools/images/prev.gif HTTP/1.1" 404 1086
114.86.228.137 - - [05/Jul/2021:11:05:52 +0800] "GET /xingrg/javascript/jquery_tools/images/next.gif HTTP/1.1" 404 1086
180.169.147.146 - - [05/Jul/2021:11:05:52 +0800] "GET /xingrg/all/function/internal_message.html?_=1625454351025&CODE_STATE=getMsg HTTP/1.1" 200 27
58.37.225.51 - - [05/Jul/2021:11:05:55 +0800] "GET /xingrg/kc/buy/cgsh_order_add.html HTTP/1.1" 200 62681
58.37.225.51 - - [05/Jul/2021:11:05:55 +0800] "POST /xingrg/kc/buy/cgsh_order_operate.html HTTP/1.1" 200 8245
58.37.225.51 - - [05/Jul/2021:11:05:55 +0800] "GET /xingrg/javascript/easyui/themes/default/validatebox.css HTTP/1.1" 404 1104
180.174.237.246 - - [05/Jul/2021:11:05:56 +0800] "GET /xingrg/all/function/internal_message.html?_=1625454367447&CODE_STATE=getMsg HTTP/1.1" 200 27
180.169.147.146 - - [05/Jul/2021:11:06:00 +0800] "GET /xingrg/all/function/internal_message.html?_=1625454367840&CODE_STATE=getMsg HTTP/1.1" 200 27
114.86.228.137 - - [05/Jul/2021:11:06:00 +0800] "GET /xingrg/kc/buy/cgsh_order_operate.html?command=get_materiel&rest_code=00109&code=00101001008&supplier_code=00100347&order_time=2021-07-05 HTTP/1.1" 200 415
116.224.253.72 - - [05/Jul/2021:11:06:02 +0800] "GET /xingrg/all/function/internal_message.html?_=1625454364679&CODE_STATE=getMsg HTTP/1.1" 200 27
222.70.176.145 - - [05/Jul/2021:11:06:03 +0800] "GET /xingrg/all/function/internal_message.html?_=1625454369104&CODE_STATE=getMsg HTTP/1.1" 200 27
180.169.147.146 - - [05/Jul/2021:11:06:04 +0800] "GET /xingrg/all/function/internal_message.html?_=1625454370866&CODE_STATE=getMsg HTTP/1.1" 200 27
58.37.225.51 - - [05/Jul/2021:11:06:06 +0800] "GET /xingrg/kc/buy/cgsh_order_operate.html?command=get_materiel&rest_code=00141&code=00101001037&supplier_code=00100090&order_time=2021-07-05 HTTP/1.1" 200 414
116.230.117.165 - - [05/Jul/2021:11:06:07 +0800] "GET /xingrg/kc/buy/cgsh_order_add.html HTTP/1.1" 200 62681
116.230.117.165 - - [05/Jul/2021:11:06:08 +0800] "POST /xingrg/kc/buy/cgsh_order_operate.html HTTP/1.1" 200 8245
116.230.117.165 - - [05/Jul/2021:11:06:08 +0800] "GET /xingrg/javascript/easyui/themes/default/validatebox.css HTTP/1.1" 404 1104
114.86.228.137 - - [05/Jul/2021:11:06:10 +0800] "GET /xingrg/kc/buy/cgsh_order_operate.html?command=get_materiel&rest_code=00109&code=00101012046&supplier_code=00100347&order_time=2021-07-05 HTTP/1.1" 200 417
114.86.228.137 - - [05/Jul/2021:11:06:12 +0800] "GET /xingrg/all/function/internal_message.html?_=1625454381009&CODE_STATE=getMsg HTTP/1.1" 200 27
114.86.228.137 - - [05/Jul/2021:11:06:12 +0800] "GET /xingrg/check_reg.html?_=1625454381010 HTTP/1.1" 200 22
58.37.225.51 - - [05/Jul/2021:11:06:16 +0800] "GET /xingrg/all/function/internal_message.html?_=1625454304881&CODE_STATE=getMsg HTTP/1.1" 200 27
116.230.110.80 - - [05/Jul/2021:11:06:16 +0800] "GET /xingrg/kc/buy/cgsh_order_operate.html?command=get_materiel&rest_code=00155&code=00101012051&supplier_code=00100037&order_time=2021-07-05 HTTP/1.1" 200 408
58.37.225.51 - - [05/Jul/2021:11:06:17 +0800] "GET /xingrg/kc/buy/cgsh_order_operate.html?command=get_materiel&rest_code=00141&code=00101001140&supplier_code=00100090&order_time=2021-07-05 HTTP/1.1" 200 413
114.86.228.137 - - [05/Jul/2021:11:06:18 +0800] "GET /xingrg/kc/buy/cgsh_order_operate.html?command=get_materiel&rest_code=00109&code=00101010200&supplier_code=00100347&order_time=2021-07-05 HTTP/1.1" 200 416
180.162.195.211 - - [05/Jul/2021:11:06:22 +0800] "GET /xingrg/all/function/internal_message.html?_=1625454388506&CODE_STATE=getMsg HTTP/1.1" 200 27
58.37.5.217 - - [05/Jul/2021:11:06:23 +0800] "GET /xingrg/check_reg.html?_=1625454389550 HTTP/1.1" 200 22
180.169.147.146 - - [05/Jul/2021:11:06:24 +0800] "GET /xingrg/all/function/internal_message.html?_=1625454396582&CODE_STATE=getMsg HTTP/1.1" 200 27
180.169.147.146 - - [05/Jul/2021:11:06:25 +0800] "GET /xingrg/all/function/internal_message.html?_=1625454392624&CODE_STATE=getMsg HTTP/1.1" 200 27
116.230.117.165 - - [05/Jul/2021:11:06:26 +0800] "GET /xingrg/check_reg.html?_=1625454392928 HTTP/1.1" 200 22
114.86.228.137 - - [05/Jul/2021:11:06:26 +0800] "GET /xingrg/kc/buy/cgsh_order_operate.html?command=get_materiel&rest_code=00109&code=00101012101&supplier_code=00100347&order_time=2021-07-05 HTTP/1.1" 200 404
180.162.195.211 - - [05/Jul/2021:11:06:27 +0800] "GET /xingrg/all/function/internal_message.html?_=1625454391470&CODE_STATE=getMsg HTTP/1.1" 200 27
180.162.112.86 - - [05/Jul/2021:11:06:28 +0800] "GET /xingrg/all/function/internal_message.html?_=1625454052558&CODE_STATE=getMsg HTTP/1.1" 200 27
116.235.222.38 - - [05/Jul/2021:11:06:28 +0800] "GET /xingrg/all/function/internal_message.html?_=1625454393042&CODE_STATE=getMsg HTTP/1.1" 200 27
58.37.225.51 - - [05/Jul/2021:11:06:28 +0800] "POST /xingrg/kc/buy/cgsh_order_operate.html HTTP/1.1" 200 37
180.162.195.211 - - [05/Jul/2021:11:06:30 +0800] "GET /xingrg/all/function/internal_message.html?_=1625454366327&CODE_STATE=getMsg HTTP/1.1" 200 27
58.37.225.51 - - [05/Jul/2021:11:06:32 +0800] "POST /xingrg/kc/buy/cgsh_order_operate.html HTTP/1.1" 200 12
116.224.253.72 - - [05/Jul/2021:11:06:33 +0800] "GET /xingrg/all/function/internal_message.html?_=1625454389986&CODE_STATE=getMsg HTTP/1.1" 200 27
58.37.225.51 - - [05/Jul/2021:11:06:34 +0800] "GET /xingrg/kc/buy/cgsh_order_info.html?code=212021070502041 HTTP/1.1" 200 57593
58.37.225.51 - - [05/Jul/2021:11:06:34 +0800] "GET /xingrg/javascript/easyui/themes/default/validatebox.css HTTP/1.1" 404 1104
58.37.225.51 - - [05/Jul/2021:11:06:35 +0800] "POST /xingrg/kc/buy/cgsh_order_operate.html HTTP/1.1" 200 1206
222.69.131.80 - - [05/Jul/2021:11:06:37 +0800] "GET /xingrg/all/function/internal_message.html?_=1625454404535&CODE_STATE=getMsg HTTP/1.1" 200 27
222.69.131.80 - - [05/Jul/2021:11:06:38 +0800] "GET /xingrg/check_reg.html?_=1625454405536 HTTP/1.1" 200 22
114.86.228.137 - - [05/Jul/2021:11:06:38 +0800] "POST /xingrg/kc/buy/cgsh_order_operate.html HTTP/1.1" 200 37
116.230.117.165 - - [05/Jul/2021:11:06:39 +0800] "GET /xingrg/all/function/internal_message.html?_=1625454405549&CODE_STATE=getMsg HTTP/1.1" 200 27
114.86.228.137 - - [05/Jul/2021:11:06:40 +0800] "POST /xingrg/kc/buy/cgsh_order_operate.html HTTP/1.1" 200 4447
114.86.228.137 - - [05/Jul/2021:11:06:40 +0800] "GET /xingrg/kc/print/load_config.html?kc_code=cgsh HTTP/1.1" 200 1845
114.86.228.137 - - [05/Jul/2021:11:06:41 +0800] "GET /xingrg/kc/print/load_data.html?order_code=212021070502042&kc_code=cgsh&condition= HTTP/1.1" 200 1339
114.86.228.137 - - [05/Jul/2021:11:06:45 +0800] "GET /xingrg/kc/buy/cgsh_order_add.html HTTP/1.1" 200 62716
114.86.228.137 - - [05/Jul/2021:11:06:45 +0800] "GET /xingrg/all/common/auto_word.html?type=employee&rest_code=00109 HTTP/1.1" 200 255
114.86.228.137 - - [05/Jul/2021:11:06:45 +0800] "POST /xingrg/kc/buy/cgsh_order_operate.html HTTP/1.1" 200 8245
114.86.228.137 - - [05/Jul/2021:11:06:45 +0800] "GET /xingrg/javascript/easyui/themes/default/validatebox.css HTTP/1.1" 404 1104
114.86.228.137 - - [05/Jul/2021:11:06:45 +0800] "GET /xingrg/all/common/auto_word.html?type=employee&rest_code=00109 HTTP/1.1" 200 255
58.37.5.217 - - [05/Jul/2021:11:06:46 +0800] "GET /xingrg/all/function/internal_message.html?_=1625454411867&CODE_STATE=getMsg HTTP/1.1" 200 27
114.86.228.137 - - [05/Jul/2021:11:06:48 +0800] "GET /xingrg/javascript/jquery_tools/images/prev.gif HTTP/1.1" 404 1086
114.86.228.137 - - [05/Jul/2021:11:06:48 +0800] "GET /xingrg/javascript/jquery_tools/images/next.gif HTTP/1.1" 404 1086
116.230.110.80 - - [05/Jul/2021:11:06:48 +0800] "GET /xingrg/all/function/internal_message.html?_=1625454414810&CODE_STATE=getMsg HTTP/1.1" 200 27
58.40.7.146 - - [05/Jul/2021:11:06:50 +0800] "GET /xingrg/all/function/internal_message.html?_=1625454416309&CODE_STATE=getMsg HTTP/1.1" 200 27
58.40.7.146 - - [05/Jul/2021:11:06:50 +0800] "GET /xingrg/check_reg.html?_=1625454416311 HTTP/1.1" 200 22
180.169.147.146 - - [05/Jul/2021:11:06:52 +0800] "GET /xingrg/all/function/internal_message.html?_=1625454411005&CODE_STATE=getMsg HTTP/1.1" 200 27
114.86.228.137 - - [05/Jul/2021:11:06:54 +0800] "GET /xingrg/kc/buy/cgsh_order_operate.html?command=get_materiel&rest_code=00109&code=00101020215&supplier_code=00100327&order_time=2021-07-05 HTTP/1.1" 200 391
180.174.237.246 - - [05/Jul/2021:11:06:56 +0800] "GET /xingrg/all/function/internal_message.html?_=1625454427457&CODE_STATE=getMsg HTTP/1.1" 200 27
116.230.110.80 - - [05/Jul/2021:11:06:59 +0800] "GET /xingrg/kc/buy/cgsh_order_operate.html?command=get_materiel&rest_code=00155&code=00101015136&supplier_code=00100037&order_time=2021-07-05 HTTP/1.1" 200 399
180.169.147.146 - - [05/Jul/2021:11:07:00 +0800] "GET /xingrg/all/function/internal_message.html?_=1625454427845&CODE_STATE=getMsg HTTP/1.1" 200 27
116.224.253.72 - - [05/Jul/2021:11:07:02 +0800] "GET /xingrg/all/function/internal_message.html?_=1625454424671&CODE_STATE=getMsg HTTP/1.1" 200 27
222.70.176.145 - - [05/Jul/2021:11:07:03 +0800] "GET /xingrg/all/function/internal_message.html?_=1625454429104&CODE_STATE=getMsg HTTP/1.1" 200 27
180.169.147.146 - - [05/Jul/2021:11:07:04 +0800] "GET /xingrg/all/function/internal_message.html?_=1625454430854&CODE_STATE=getMsg HTTP/1.1" 200 27
114.86.228.137 - - [05/Jul/2021:11:07:07 +0800] "POST /xingrg/kc/buy/cgsh_order_operate.html HTTP/1.1" 200 37
114.86.228.137 - - [05/Jul/2021:11:07:10 +0800] "POST /xingrg/kc/buy/cgsh_order_operate.html HTTP/1.1" 200 2649
114.86.228.137 - - [05/Jul/2021:11:07:12 +0800] "GET /xingrg/kc/print/load_config.html?kc_code=cgsh HTTP/1.1" 200 1845
114.86.228.137 - - [05/Jul/2021:11:07:12 +0800] "GET /xingrg/all/function/internal_message.html?_=1625454441012&CODE_STATE=getMsg HTTP/1.1" 200 27
180.169.147.146 - - [05/Jul/2021:11:07:13 +0800] "POST /xingrg/all/user/operate.html HTTP/1.1" 200 36
114.86.228.137 - - [05/Jul/2021:11:07:13 +0800] "GET /xingrg/kc/print/load_data.html?order_code=212021070502043&kc_code=cgsh&condition= HTTP/1.1" 200 646
180.169.147.146 - - [05/Jul/2021:11:07:13 +0800] "GET /xingrg/index.html?sysBaseUrl=http%3A%2F%2F180.169.147.146%3A18081%2Fxingrg%2F&costTime=41×tamp=1625447290749 HTTP/1.1" 200 17509
180.169.147.146 - - [05/Jul/2021:11:07:13 +0800] "GET /xingrg/javascript/jquery_easy_ui/themes/default/easyui.css HTTP/1.1" 304 -
180.169.147.146 - - [05/Jul/2021:11:07:13 +0800] "GET /xingrg/javascript/jquery_easy_ui/themes/icon.css HTTP/1.1" 304 -
180.169.147.146 - - [05/Jul/2021:11:07:13 +0800] "GET /xingrg/css/form.css HTTP/1.1" 304 -
180.169.147.146 - - [05/Jul/2021:11:07:13 +0800] "GET /xingrg/javascript/jquery-1.4.2.min.js HTTP/1.1" 304 -
180.169.147.146 - - [05/Jul/2021:11:07:13 +0800] "GET /xingrg/javascript/jquery_easy_ui/jquery.easyui.min.js HTTP/1.1" 304 -
180.169.147.146 - - [05/Jul/2021:11:07:13 +0800] "GET /xingrg/javascript/jquery_easy_ui/easyui-lang-zh_CN.js HTTP/1.1" 304 -
180.169.147.146 - - [05/Jul/2021:11:07:13 +0800] "GET /xingrg/javascript/jquery.form.js HTTP/1.1" 304 -
180.169.147.146 - - [05/Jul/2021:11:07:13 +0800] "GET /xingrg/javascript/jquery.timers.js HTTP/1.1" 304 -
180.169.147.146 - - [05/Jul/2021:11:07:13 +0800] "GET /xingrg/javascript/jquery.utils.js HTTP/1.1" 304 -
180.169.147.146 - - [05/Jul/2021:11:07:13 +0800] "GET /xingrg/images/blue/jxLogo.png HTTP/1.1" 304 -
180.169.147.146 - - [05/Jul/2021:11:07:13 +0800] "GET /xingrg/javascript/jquery_easy_ui/themes/icons/settle_new.png HTTP/1.1" 304 -
180.169.147.146 - - [05/Jul/2021:11:07:13 +0800] "GET /xingrg/images/blue/navBackgound.jpg HTTP/1.1" 304 -
180.169.147.146 - - [05/Jul/2021:11:07:13 +0800] "POST /xingrg/all/common/load_tree.html?tree=area_rest_tree_json&manage=1 HTTP/1.1" 200 3466
180.169.147.146 - - [05/Jul/2021:11:07:13 +0800] "GET /xingrg/all/function/internal_message.html?_=1625454445253&CODE_STATE=count HTTP/1.1" 200 11
180.169.147.146 - - [05/Jul/2021:11:07:13 +0800] "GET /xingrg/check_reg.html?_=1625454445254 HTTP/1.1" 200 22
180.169.147.146 - - [05/Jul/2021:11:07:13 +0800] "GET /xingrg/javascript/jquery_easy_ui/themes/default/images/panel_tool_expand.gif HTTP/1.1" 304 -
180.169.147.146 - - [05/Jul/2021:11:07:13 +0800] "GET /xingrg/javascript/jquery_easy_ui/themes/default/images/tabs_rightarrow.png HTTP/1.1" 304 -
180.169.147.146 - - [05/Jul/2021:11:07:13 +0800] "GET /xingrg/javascript/jquery_easy_ui/themes/default/images/tabs_leftarrow.png HTTP/1.1" 304 -
180.169.147.146 - - [05/Jul/2021:11:07:13 +0800] "GET /xingrg/javascript/jquery_easy_ui/themes/default/images/panel_tool_collapse.gif HTTP/1.1" 304 -
180.169.147.146 - - [05/Jul/2021:11:07:13 +0800] "GET /xingrg/images/blue/pingpu.png HTTP/1.1" 304 -
180.169.147.146 - - [05/Jul/2021:11:07:13 +0800] "POST /xingrg/load_menu.html HTTP/1.1" 200 9959
180.169.147.146 - - [05/Jul/2021:11:07:15 +0800] "GET /xingrg/kc/report/report_main.html HTTP/1.1" 200 7345
58.37.225.51 - - [05/Jul/2021:11:07:16 +0800] "GET /xingrg/all/function/internal_message.html?_=1625454364851&CODE_STATE=getMsg HTTP/1.1" 200 27
114.86.228.137 - - [05/Jul/2021:11:07:16 +0800] "GET /xingrg/kc/buy/cgsh_order_add.html HTTP/1.1" 200 62716
114.86.228.137 - - [05/Jul/2021:11:07:16 +0800] "GET /xingrg/all/common/auto_word.html?type=employee&rest_code=00109 HTTP/1.1" 200 255
114.86.228.137 - - [05/Jul/2021:11:07:16 +0800] "POST /xingrg/kc/buy/cgsh_order_operate.html HTTP/1.1" 200 8245
114.86.228.137 - - [05/Jul/2021:11:07:16 +0800] "GET /xingrg/javascript/easyui/themes/default/validatebox.css HTTP/1.1" 404 1104
114.86.228.137 - - [05/Jul/2021:11:07:16 +0800] "GET /xingrg/all/common/auto_word.html?type=employee&rest_code=00109 HTTP/1.1" 200 255
180.169.147.146 - - [05/Jul/2021:11:07:16 +0800] "GET /xingrg/kc/base/crk_hz.html HTTP/1.1" 200 11247
180.169.147.146 - - [05/Jul/2021:11:07:17 +0800] "POST /xingrg/kc/cost/cost_operate.html?command=get_base_tree HTTP/1.1" 200 3303
180.169.147.146 - - [05/Jul/2021:11:07:17 +0800] "POST /xingrg/all/common/load_tree.html?tree=materiel_sort_tree_json HTTP/1.1" 200 8666
114.86.228.137 - - [05/Jul/2021:11:07:18 +0800] "GET /xingrg/javascript/jquery_tools/images/next.gif HTTP/1.1" 404 1086
114.86.228.137 - - [05/Jul/2021:11:07:18 +0800] "GET /xingrg/javascript/jquery_tools/images/prev.gif HTTP/1.1" 404 1086
180.169.147.146 - - [05/Jul/2021:11:07:19 +0800] "GET /xingrg/all/common/get_data_part.html?part=previousMonth&_=1625454451117 HTTP/1.1" 200 41
58.221.95.50 - - [05/Jul/2021:11:07:19 +0800] "GET /xingrg/check_reg.html?_=1625454445908 HTTP/1.1" 302 -
58.37.5.217 - - [05/Jul/2021:11:07:20 +0800] "GET /xingrg/login.html HTTP/1.1" 200 7641
180.162.195.211 - - [05/Jul/2021:11:07:22 +0800] "GET /xingrg/all/function/internal_message.html?_=1625454448507&CODE_STATE=getMsg HTTP/1.1" 200 27
114.86.228.137 - - [05/Jul/2021:11:07:23 +0800] "GET /xingrg/kc/buy/cgsh_order_operate.html?command=get_materiel&rest_code=00109&code=00101007032&supplier_code=00100328&order_time=2021-07-05 HTTP/1.1" 200 413
58.37.225.51 - - [05/Jul/2021:11:07:24 +0800] "GET /xingrg/kc/print/load_data.html?order_code=212021070502041&kc_code=cgsh&condition= HTTP/1.1" 200 1010
180.169.147.146 - - [05/Jul/2021:11:07:25 +0800] "GET /xingrg/all/function/internal_message.html?_=1625454452615&CODE_STATE=getMsg HTTP/1.1" 200 27
58.37.5.217 - - [05/Jul/2021:11:07:27 +0800] "GET /favicon.ico HTTP/1.1" 404 -
180.162.195.211 - - [05/Jul/2021:11:07:27 +0800] "GET /xingrg/all/function/internal_message.html?_=1625454451496&CODE_STATE=getMsg HTTP/1.1" 200 27
180.162.112.86 - - [05/Jul/2021:11:07:28 +0800] "GET /xingrg/kc/buy/buy_main.html HTTP/1.1" 200 12412
180.162.112.86 - - [05/Jul/2021:11:07:28 +0800] "GET /xingrg/css/new_ie.css HTTP/1.1" 404 1036
116.235.222.38 - - [05/Jul/2021:11:07:28 +0800] "GET /xingrg/check_reg.html?_=1625454452893 HTTP/1.1" 200 22
180.162.112.86 - - [05/Jul/2021:11:07:28 +0800] "GET /xingrg/all/function/internal_message.html?_=1625454112584&CODE_STATE=getMsg HTTP/1.1" 200 27
180.169.147.146 - - [05/Jul/2021:11:07:28 +0800] "GET /xingrg/kc/base/crk_hz.html?_=1625454460408&command=get_cost_id&end_date=2021-06-30&start_date=2021-06-01 HTTP/1.1" 200 51
180.169.147.146 - - [05/Jul/2021:11:07:28 +0800] "GET /xingrg/all/report/report_query.html?isQuery=1&onlyBody=1&rh=99999&rw=1800&varString=start:20210601,cost_id:3178,mid:20210601&fileName=kc/base/crk_hz_type_by_base.xml&queryString=%20a.base_code%20in%20('0010445','0010446','0010447','0010448','0010449')%20&queryText=ÈÕÆÚ£º2021-06-01ÖÁ2021-06-30%20²Ö¿â£ºÊ³Æ·²Ö¿â,ÎïÁϲֿâ,Ñ౫³á¿â,ÏãÑÌ¿â,¾ÆË®¿â&tableQueryString=materiel_table$sp1$$sp$before_table$sp1$$sp$crk_table$sp1$order_day%20between%2020210601%20and%2020210630 HTTP/1.1" 200 49465
116.235.222.38 - - [05/Jul/2021:11:07:28 +0800] "GET /xingrg/all/function/internal_message.html?_=1625454453027&CODE_STATE=getMsg HTTP/1.1" 200 27
180.169.147.146 - - [05/Jul/2021:11:07:28 +0800] "GET /xingrg/dwr/interface/AjaxReportQueryService.js HTTP/1.1" 200 13203
180.169.147.146 - - [05/Jul/2021:11:07:28 +0800] "GET /xingrg/dwr/engine.js HTTP/1.1" 200 43631
180.162.112.86 - - [05/Jul/2021:11:07:28 +0800] "GET /xingrg/images/yd/bt.gif HTTP/1.1" 404 1040
180.162.112.86 - - [05/Jul/2021:11:07:29 +0800] "GET /xingrg/kc/buy/cgsh_order_list.html HTTP/1.1" 200 46943
180.169.147.146 - - [05/Jul/2021:11:07:29 +0800] "POST /xingrg/all/report/load_report_page.html HTTP/1.1" 200 192009
180.169.147.146 - - [05/Jul/2021:11:07:30 +0800] "GET /xingrg/servlets/image?cache=0.0015693140758734625&image=px HTTP/1.1" 200 807
58.37.225.51 - - [05/Jul/2021:11:07:30 +0800] "GET /xingrg/kc/buy/cgsh_order_add.html HTTP/1.1" 200 62681
114.86.228.137 - - [05/Jul/2021:11:07:30 +0800] "GET /xingrg/kc/buy/cgsh_order_operate.html?command=get_materiel&rest_code=00109&code=00101007077&supplier_code=00100328&order_time=2021-07-05 HTTP/1.1" 200 415
58.37.225.51 - - [05/Jul/2021:11:07:30 +0800] "POST /xingrg/kc/buy/cgsh_order_operate.html HTTP/1.1" 200 8245
58.37.225.51 - - [05/Jul/2021:11:07:30 +0800] "GET /xingrg/javascript/easyui/themes/default/validatebox.css HTTP/1.1" 404 1104
180.162.195.211 - - [05/Jul/2021:11:07:30 +0800] "GET /xingrg/all/function/internal_message.html?_=1625454426327&CODE_STATE=getMsg HTTP/1.1" 200 27
58.37.5.217 - - [05/Jul/2021:11:07:30 +0800] "POST /xingrg/login.do HTTP/1.1" 302 -
58.37.5.217 - - [05/Jul/2021:11:07:31 +0800] "GET /xingrg/index.html?sysBaseUrl=http%3A%2F%2F180.169.147.146%3A18081%2Fxingrg%2F&costTime=72×tamp=1625454450997 HTTP/1.1" 200 17173
180.162.112.86 - - [05/Jul/2021:11:07:31 +0800] "POST /xingrg/kc/buy/cgsh_list_operate.html HTTP/1.1" 200 1686
58.37.5.217 - - [05/Jul/2021:11:07:32 +0800] "GET /favicon.ico HTTP/1.1" 404 -
116.224.253.72 - - [05/Jul/2021:11:07:33 +0800] "GET /xingrg/all/function/internal_message.html?_=1625454450003&CODE_STATE=getMsg HTTP/1.1" 200 27
58.37.5.217 - - [05/Jul/2021:11:07:33 +0800] "POST /xingrg/all/common/load_tree.html?tree=area_rest_tree_json&manage=1 HTTP/1.1" 200 342
58.37.5.217 - - [05/Jul/2021:11:07:33 +0800] "GET /xingrg/all/function/internal_message.html?_=1625454998301&CODE_STATE=count HTTP/1.1" 200 11
58.37.5.217 - - [05/Jul/2021:11:07:33 +0800] "GET /xingrg/check_reg.html?_=1625454998302 HTTP/1.1" 200 22
58.37.5.217 - - [05/Jul/2021:11:07:33 +0800] "POST /xingrg/load_menu.html HTTP/1.1" 200 5138
180.162.112.86 - - [05/Jul/2021:11:07:34 +0800] "GET /xingrg/kc/buy/cgsh_order_add.html HTTP/1.1" 200 61756
180.162.112.86 - - [05/Jul/2021:11:07:34 +0800] "POST /xingrg/kc/buy/cgsh_order_operate.html HTTP/1.1" 200 8245
180.162.112.86 - - [05/Jul/2021:11:07:34 +0800] "GET /xingrg/javascript/easyui/themes/default/validatebox.css HTTP/1.1" 404 1104
180.162.112.86 - - [05/Jul/2021:11:07:37 +0800] "GET /xingrg/javascript/easyui/themes/default/tree.css HTTP/1.1" 404 1090
180.162.112.86 - - [05/Jul/2021:11:07:37 +0800] "POST /xingrg/all/common/load_tree.html?tree=supplier_tree_json&isDelete=1 HTTP/1.1" 200 56276
222.69.131.80 - - [05/Jul/2021:11:07:37 +0800] "GET /xingrg/all/function/internal_message.html?_=1625454464507&CODE_STATE=getMsg HTTP/1.1" 200 27
116.230.117.165 - - [05/Jul/2021:11:07:39 +0800] "GET /xingrg/all/function/internal_message.html?_=1625454465563&CODE_STATE=getMsg HTTP/1.1" 200 27
180.169.147.146 - - [05/Jul/2021:11:07:40 +0800] "GET /xingrg/check_reg.html?_=1625454465638 HTTP/1.1" 302 -
114.86.228.137 - - [05/Jul/2021:11:07:42 +0800] "POST /xingrg/kc/buy/cgsh_order_operate.html HTTP/1.1" 200 37
114.86.228.137 - - [05/Jul/2021:11:07:43 +0800] "POST /xingrg/kc/buy/cgsh_order_operate.html HTTP/1.1" 200 3253
180.162.112.86 - - [05/Jul/2021:11:07:44 +0800] "GET /xingrg/javascript/jquery_tools/images/next.gif HTTP/1.1" 404 1086
180.162.112.86 - - [05/Jul/2021:11:07:44 +0800] "GET /xingrg/javascript/jquery_tools/images/prev.gif HTTP/1.1" 404 1086
114.86.228.137 - - [05/Jul/2021:11:07:45 +0800] "GET /xingrg/kc/print/load_config.html?kc_code=cgsh HTTP/1.1" 200 1845
114.86.228.137 - - [05/Jul/2021:11:07:45 +0800] "GET /xingrg/kc/print/load_data.html?order_code=212021070502044&kc_code=cgsh&condition= HTTP/1.1" 200 896
116.230.117.165 - - [05/Jul/2021:11:07:45 +0800] "GET /xingrg/kc/buy/cgsh_order_operate.html?command=get_materiel&rest_code=00146&code=00101015122&supplier_code=00100443&order_time=2021-07-05 HTTP/1.1" 200 407
58.37.5.217 - - [05/Jul/2021:11:07:46 +0800] "GET /xingrg/all/function/internal_message.html?_=1625454471840&CODE_STATE=getMsg HTTP/1.1" 200 27
58.37.5.217 - - [05/Jul/2021:11:07:46 +0800] "GET /xingrg/kc/buy/buy_main.html HTTP/1.1" 200 12412
58.37.5.217 - - [05/Jul/2021:11:07:47 +0800] "GET /xingrg/css/new_ie.css HTTP/1.1" 404 1036
116.230.110.80 - - [05/Jul/2021:11:07:48 +0800] "GET /xingrg/all/function/internal_message.html?_=1625454474786&CODE_STATE=getMsg HTTP/1.1" 200 27
58.37.5.217 - - [05/Jul/2021:11:07:49 +0800] "GET /xingrg/images/yd/bt.gif HTTP/1.1" 404 1040
58.40.7.146 - - [05/Jul/2021:11:07:50 +0800] "GET /xingrg/all/function/internal_message.html?_=1625454476313&CODE_STATE=getMsg HTTP/1.1" 200 27
180.162.112.86 - - [05/Jul/2021:11:07:50 +0800] "GET /xingrg/javascript/auto/indicator.gif HTTP/1.1" 404 1066
114.86.228.137 - - [05/Jul/2021:11:07:50 +0800] "GET /xingrg/words/20210705102301_words.js HTTP/1.1" 304 -
114.86.228.137 - - [05/Jul/2021:11:07:50 +0800] "GET /xingrg/kc/buy/cgsh_order_add.html HTTP/1.1" 200 62716
58.37.5.217 - - [05/Jul/2021:11:07:50 +0800] "GET /xingrg/kc/buy/cgsh_order_list.html HTTP/1.1" 200 46937
114.86.228.137 - - [05/Jul/2021:11:07:50 +0800] "GET /xingrg/all/common/auto_word.html?type=employee&rest_code=00109 HTTP/1.1" 200 255
114.86.228.137 - - [05/Jul/2021:11:07:50 +0800] "POST /xingrg/kc/buy/cgsh_order_operate.html HTTP/1.1" 200 8245
114.86.228.137 - - [05/Jul/2021:11:07:50 +0800] "GET /xingrg/javascript/easyui/themes/default/validatebox.css HTTP/1.1" 404 1104
114.86.228.137 - - [05/Jul/2021:11:07:50 +0800] "GET /xingrg/all/common/auto_word.html?type=employee&rest_code=00109 HTTP/1.1" 200 255
114.86.228.137 - - [05/Jul/2021:11:07:52 +0800] "GET /xingrg/javascript/jquery_tools/images/prev.gif HTTP/1.1" 404 1086
114.86.228.137 - - [05/Jul/2021:11:07:52 +0800] "GET /xingrg/javascript/jquery_tools/images/next.gif HTTP/1.1" 404 1086
180.169.147.146 - - [05/Jul/2021:11:07:52 +0800] "GET /xingrg/all/function/internal_message.html?_=1625454470982&CODE_STATE=getMsg HTTP/1.1" 200 27
58.37.5.217 - - [05/Jul/2021:11:07:54 +0800] "POST /xingrg/kc/buy/cgsh_list_operate.html HTTP/1.1" 200 876
58.37.225.51 - - [05/Jul/2021:11:07:54 +0800] "GET /xingrg/kc/buy/cgsh_order_operate.html?command=get_materiel&rest_code=00141&code=00101002039&supplier_code=00100087&order_time=2021-07-05 HTTP/1.1" 200 421
180.162.112.86 - - [05/Jul/2021:11:07:55 +0800] "GET /xingrg/kc/buy/cgsh_order_operate.html?command=get_materiel&rest_code=00143&code=00101008352&supplier_code=00100161&order_time=2021-07-02 HTTP/1.1" 200 412
180.174.237.246 - - [05/Jul/2021:11:07:57 +0800] "GET /xingrg/all/function/internal_message.html?_=1625454488035&CODE_STATE=getMsg HTTP/1.1" 200 27
114.86.228.137 - - [05/Jul/2021:11:07:58 +0800] "GET /xingrg/javascript/auto/indicator.gif HTTP/1.1" 404 1066
116.230.117.165 - - [05/Jul/2021:11:07:59 +0800] "POST /xingrg/kc/buy/cgsh_order_operate.html HTTP/1.1" 200 37
180.169.147.146 - - [05/Jul/2021:11:08:00 +0800] "GET /xingrg/all/function/internal_message.html?_=1625454487844&CODE_STATE=getMsg HTTP/1.1" 200 27
58.37.5.217 - - [05/Jul/2021:11:08:00 +0800] "GET /xingrg/kc/buy/cgsh_order_add.html HTTP/1.1" 200 62675
114.86.228.137 - - [05/Jul/2021:11:08:00 +0800] "GET /xingrg/kc/buy/cgsh_order_operate.html?command=get_materiel&rest_code=00109&code=00101019248&supplier_code=00100337&order_time=2021-07-05 HTTP/1.1" 200 440
58.37.5.217 - - [05/Jul/2021:11:08:00 +0800] "GET /xingrg/words/20210705102301_words.js HTTP/1.1" 304 -
58.37.5.217 - - [05/Jul/2021:11:08:01 +0800] "POST /xingrg/kc/buy/cgsh_order_operate.html HTTP/1.1" 200 8245
116.230.117.165 - - [05/Jul/2021:11:08:01 +0800] "POST /xingrg/kc/buy/cgsh_order_operate.html HTTP/1.1" 200 2664
58.37.5.217 - - [05/Jul/2021:11:08:01 +0800] "GET /xingrg/javascript/easyui/themes/default/validatebox.css HTTP/1.1" 404 1104
58.37.5.217 - - [05/Jul/2021:11:08:01 +0800] "GET /xingrg/all/common/auto_word.html?type=employee&rest_code=00106 HTTP/1.1" 200 205
58.37.5.217 - - [05/Jul/2021:11:08:01 +0800] "GET /xingrg/all/common/auto_word.html?type=employee&rest_code=00106 HTTP/1.1" 200 205
116.224.253.72 - - [05/Jul/2021:11:08:02 +0800] "GET /xingrg/all/function/internal_message.html?_=1625454484672&CODE_STATE=getMsg HTTP/1.1" 200 27
116.224.253.72 - - [05/Jul/2021:11:08:02 +0800] "GET /xingrg/check_reg.html?_=1625454484676 HTTP/1.1" 200 22
58.37.5.217 - - [05/Jul/2021:11:08:03 +0800] "GET /xingrg/javascript/easyui/themes/default/tree.css HTTP/1.1" 404 1090
58.37.5.217 - - [05/Jul/2021:11:08:03 +0800] "POST /xingrg/all/common/load_tree.html?tree=supplier_tree_json&isDelete=1 HTTP/1.1" 200 56276
222.70.176.145 - - [05/Jul/2021:11:08:03 +0800] "GET /xingrg/all/function/internal_message.html?_=1625454489104&CODE_STATE=getMsg HTTP/1.1" 200 27
180.169.147.146 - - [05/Jul/2021:11:08:04 +0800] "GET /xingrg/all/function/internal_message.html?_=1625454490855&CODE_STATE=getMsg HTTP/1.1" 200 27
116.230.117.165 - - [05/Jul/2021:11:08:04 +0800] "GET /xingrg/kc/print/load_data.html?order_code=212021070502045&kc_code=cgsh&condition= HTTP/1.1" 200 682
114.86.228.137 - - [05/Jul/2021:11:08:08 +0800] "GET /xingrg/kc/buy/cgsh_order_operate.html?command=get_materiel&rest_code=00109&code=00101019202&supplier_code=00100337&order_time=2021-07-05 HTTP/1.1" 200 430
114.86.228.137 - - [05/Jul/2021:11:08:12 +0800] "GET /xingrg/all/function/internal_message.html?_=1625454501015&CODE_STATE=getMsg HTTP/1.1" 200 27
180.162.112.86 - - [05/Jul/2021:11:08:13 +0800] "GET /xingrg/kc/buy/cgsh_order_operate.html?command=get_materiel&rest_code=00143&code=00101008275&supplier_code=00100161&order_time=2021-07-02 HTTP/1.1" 200 417
180.169.147.146 - - [05/Jul/2021:11:08:13 +0800] "GET /xingrg/all/function/internal_message.html?_=1625454505268&CODE_STATE=getMsg HTTP/1.1" 200 27
116.235.222.38 - - [05/Jul/2021:11:08:14 +0800] "GET /xingrg/kc/buy/cgsh_order_operate.html?command=get_materiel&rest_code=00107&code=00101004040&supplier_code=00100041&order_time=2021-07-05 HTTP/1.1" 200 413
58.37.225.51 - - [05/Jul/2021:11:08:16 +0800] "GET /xingrg/all/function/internal_message.html?_=1625454424839&CODE_STATE=getMsg HTTP/1.1" 200 27
114.86.228.137 - - [05/Jul/2021:11:08:19 +0800] "POST /xingrg/kc/buy/cgsh_order_operate.html HTTP/1.1" 200 37
114.86.228.137 - - [05/Jul/2021:11:08:21 +0800] "POST /xingrg/kc/buy/cgsh_order_operate.html HTTP/1.1" 200 3293
