101.85.107.54 - - [05/Jul/2021:09:48:38 +0800] "GET /xingrg/all/function/internal_message.html?_=1625449150179&CODE_STATE=getMsg HTTP/1.1" 200 27
180.174.237.246 - - [05/Jul/2021:09:48:40 +0800] "GET /xingrg/all/function/internal_message.html?_=1625449730688&CODE_STATE=getMsg HTTP/1.1" 200 27
116.224.253.72 - - [05/Jul/2021:09:48:56 +0800] "GET /xingrg/all/function/internal_message.html?_=1625449738890&CODE_STATE=getMsg HTTP/1.1" 200 27
116.224.253.72 - - [05/Jul/2021:09:48:59 +0800] "GET /xingrg/all/function/internal_message.html?_=1625449736521&CODE_STATE=getMsg HTTP/1.1" 200 27
180.169.147.146 - - [05/Jul/2021:09:49:00 +0800] "GET /xingrg/all/function/internal_message.html?_=1625449747675&CODE_STATE=getMsg HTTP/1.1" 200 27
180.169.147.146 - - [05/Jul/2021:09:49:00 +0800] "GET /xingrg/check_reg.html?_=1625449747676 HTTP/1.1" 200 22
222.70.176.145 - - [05/Jul/2021:09:49:03 +0800] "GET /xingrg/all/function/internal_message.html?_=1625449748967&CODE_STATE=getMsg HTTP/1.1" 200 27
180.169.147.146 - - [05/Jul/2021:09:49:03 +0800] "GET /xingrg/check_reg.html?_=1625449750561 HTTP/1.1" 200 22
180.169.147.146 - - [05/Jul/2021:09:49:03 +0800] "GET /xingrg/all/function/internal_message.html?_=1625449750564&CODE_STATE=getMsg HTTP/1.1" 200 27
114.86.228.137 - - [05/Jul/2021:09:49:13 +0800] "GET /xingrg/all/function/internal_message.html?_=1625449761096&CODE_STATE=getMsg HTTP/1.1" 200 27
180.162.195.211 - - [05/Jul/2021:09:49:22 +0800] "GET /xingrg/all/function/internal_message.html?_=1625449768418&CODE_STATE=getMsg HTTP/1.1" 200 27
180.169.147.146 - - [05/Jul/2021:09:49:25 +0800] "GET /xingrg/all/function/internal_message.html?_=1625449772620&CODE_STATE=getMsg HTTP/1.1" 200 27
180.169.147.146 - - [05/Jul/2021:09:49:25 +0800] "GET /xingrg/check_reg.html?_=1625449772626 HTTP/1.1" 200 22
116.230.117.165 - - [05/Jul/2021:09:49:26 +0800] "GET /xingrg/all/function/internal_message.html?_=1625449772582&CODE_STATE=getMsg HTTP/1.1" 200 27
180.162.195.211 - - [05/Jul/2021:09:49:30 +0800] "GET /xingrg/check_reg.html?_=1625449746203 HTTP/1.1" 200 22
180.162.195.211 - - [05/Jul/2021:09:49:30 +0800] "GET /xingrg/all/function/internal_message.html?_=1625449746206&CODE_STATE=getMsg HTTP/1.1" 200 27
222.69.131.80 - - [05/Jul/2021:09:49:38 +0800] "GET /xingrg/all/function/internal_message.html?_=1625449785169&CODE_STATE=getMsg HTTP/1.1" 200 27
101.85.107.54 - - [05/Jul/2021:09:49:38 +0800] "GET /xingrg/all/function/internal_message.html?_=1625449210177&CODE_STATE=getMsg HTTP/1.1" 200 27
180.174.237.246 - - [05/Jul/2021:09:49:40 +0800] "GET /xingrg/all/function/internal_message.html?_=1625449790701&CODE_STATE=getMsg HTTP/1.1" 200 27
116.224.253.72 - - [05/Jul/2021:09:49:48 +0800] "GET /xingrg/check_reg.html?_=1625449785471 HTTP/1.1" 200 22
116.224.253.72 - - [05/Jul/2021:09:49:56 +0800] "GET /xingrg/all/function/internal_message.html?_=1625449798893&CODE_STATE=getMsg HTTP/1.1" 200 27
116.224.253.72 - - [05/Jul/2021:09:49:59 +0800] "GET /xingrg/all/function/internal_message.html?_=1625449796524&CODE_STATE=getMsg HTTP/1.1" 200 27
180.169.147.146 - - [05/Jul/2021:09:50:00 +0800] "GET /xingrg/all/function/internal_message.html?_=1625449807676&CODE_STATE=getMsg HTTP/1.1" 200 27
222.70.176.145 - - [05/Jul/2021:09:50:03 +0800] "GET /xingrg/check_reg.html?_=1625449808973 HTTP/1.1" 200 22
222.70.176.145 - - [05/Jul/2021:09:50:03 +0800] "GET /xingrg/all/function/internal_message.html?_=1625449808975&CODE_STATE=getMsg HTTP/1.1" 200 27
180.169.147.146 - - [05/Jul/2021:09:50:03 +0800] "GET /xingrg/all/function/internal_message.html?_=1625449810568&CODE_STATE=getMsg HTTP/1.1" 200 27
114.86.228.137 - - [05/Jul/2021:09:50:13 +0800] "GET /xingrg/all/function/internal_message.html?_=1625449821099&CODE_STATE=getMsg HTTP/1.1" 200 27
180.162.195.211 - - [05/Jul/2021:09:50:22 +0800] "GET /xingrg/check_reg.html?_=1625449828444 HTTP/1.1" 200 22
180.162.195.211 - - [05/Jul/2021:09:50:22 +0800] "GET /xingrg/all/function/internal_message.html?_=1625449828446&CODE_STATE=getMsg HTTP/1.1" 200 27
180.169.147.146 - - [05/Jul/2021:09:50:25 +0800] "GET /xingrg/all/function/internal_message.html?_=1625449832613&CODE_STATE=getMsg HTTP/1.1" 200 27
116.230.117.165 - - [05/Jul/2021:09:50:26 +0800] "GET /xingrg/all/function/internal_message.html?_=1625449832583&CODE_STATE=getMsg HTTP/1.1" 200 27
180.162.195.211 - - [05/Jul/2021:09:50:30 +0800] "GET /xingrg/all/function/internal_message.html?_=1625449806207&CODE_STATE=getMsg HTTP/1.1" 200 27
222.69.131.80 - - [05/Jul/2021:09:50:38 +0800] "GET /xingrg/all/function/internal_message.html?_=1625449845165&CODE_STATE=getMsg HTTP/1.1" 200 27
180.169.147.146 - - [05/Jul/2021:09:50:38 +0800] "GET /favicon.ico HTTP/1.1" 404 -
101.85.107.54 - - [05/Jul/2021:09:50:38 +0800] "GET /xingrg/all/function/internal_message.html?_=1625449270177&CODE_STATE=getMsg HTTP/1.1" 200 27
180.174.237.246 - - [05/Jul/2021:09:50:40 +0800] "GET /xingrg/all/function/internal_message.html?_=1625449850716&CODE_STATE=getMsg HTTP/1.1" 200 27
116.224.253.72 - - [05/Jul/2021:09:50:56 +0800] "GET /xingrg/all/function/internal_message.html?_=1625449858890&CODE_STATE=getMsg HTTP/1.1" 200 27
116.224.253.72 - - [05/Jul/2021:09:50:59 +0800] "GET /xingrg/all/function/internal_message.html?_=1625449856538&CODE_STATE=getMsg HTTP/1.1" 200 27
180.157.255.9 - - [05/Jul/2021:09:50:59 +0800] "POST /xingrg/services/DataTransmitService HTTP/1.1" 401 565
180.157.255.9 - - [05/Jul/2021:09:50:59 +0800] "POST /xingrg/services/DataTransmitService HTTP/1.1" 200 478
180.157.255.9 - - [05/Jul/2021:09:50:59 +0800] "POST /xingrg/services/DataTransmitService HTTP/1.1" 200 1320
180.157.255.9 - - [05/Jul/2021:09:50:59 +0800] "POST /xingrg/services/DataTransmitService HTTP/1.1" 200 478
180.157.255.9 - - [05/Jul/2021:09:50:59 +0800] "POST /xingrg/services/DataTransmitService HTTP/1.1" 200 1320
180.157.255.9 - - [05/Jul/2021:09:50:59 +0800] "POST /xingrg/services/DataTransmitService HTTP/1.1" 200 524
180.157.255.9 - - [05/Jul/2021:09:51:00 +0800] "POST /xingrg/services/DataTransmitService HTTP/1.1" 200 2087
180.169.147.146 - - [05/Jul/2021:09:51:00 +0800] "GET /xingrg/all/function/internal_message.html?_=1625449867661&CODE_STATE=getMsg HTTP/1.1" 200 27
180.157.255.9 - - [05/Jul/2021:09:51:00 +0800] "POST /xingrg/services/DataTransmitService HTTP/1.1" 200 148263
222.70.176.145 - - [05/Jul/2021:09:51:03 +0800] "GET /xingrg/all/function/internal_message.html?_=1625449868959&CODE_STATE=getMsg HTTP/1.1" 200 27
180.169.147.146 - - [05/Jul/2021:09:51:03 +0800] "GET /xingrg/all/function/internal_message.html?_=1625449870571&CODE_STATE=getMsg HTTP/1.1" 200 27
114.86.228.137 - - [05/Jul/2021:09:51:13 +0800] "GET /xingrg/all/function/internal_message.html?_=1625449881105&CODE_STATE=getMsg HTTP/1.1" 200 27
114.86.228.137 - - [05/Jul/2021:09:51:13 +0800] "GET /xingrg/check_reg.html?_=1625449881106 HTTP/1.1" 200 22
180.162.195.211 - - [05/Jul/2021:09:51:22 +0800] "GET /xingrg/all/function/internal_message.html?_=1625449888446&CODE_STATE=getMsg HTTP/1.1" 200 27
116.230.117.165 - - [05/Jul/2021:09:51:24 +0800] "GET /xingrg/check_reg.html?_=1625449890967 HTTP/1.1" 200 22
180.169.147.146 - - [05/Jul/2021:09:51:25 +0800] "GET /xingrg/all/function/internal_message.html?_=1625449892614&CODE_STATE=getMsg HTTP/1.1" 200 27
116.230.117.165 - - [05/Jul/2021:09:51:26 +0800] "GET /xingrg/all/function/internal_message.html?_=1625449892596&CODE_STATE=getMsg HTTP/1.1" 200 27
180.157.255.9 - - [05/Jul/2021:09:51:27 +0800] "POST /xingrg/services/DataTransmitService HTTP/1.1" 200 45454
180.157.255.9 - - [05/Jul/2021:09:51:27 +0800] "POST /xingrg/services/DataTransmitService HTTP/1.1" 200 19237
180.162.195.211 - - [05/Jul/2021:09:51:30 +0800] "GET /xingrg/all/function/internal_message.html?_=1625449866207&CODE_STATE=getMsg HTTP/1.1" 200 27
222.69.131.80 - - [05/Jul/2021:09:51:38 +0800] "GET /xingrg/all/function/internal_message.html?_=1625449905165&CODE_STATE=getMsg HTTP/1.1" 200 27
222.69.131.80 - - [05/Jul/2021:09:51:38 +0800] "GET /xingrg/check_reg.html?_=1625449905168 HTTP/1.1" 200 22
101.85.107.54 - - [05/Jul/2021:09:51:38 +0800] "GET /xingrg/all/function/internal_message.html?_=1625449330176&CODE_STATE=getMsg HTTP/1.1" 200 27
180.174.237.246 - - [05/Jul/2021:09:51:40 +0800] "GET /xingrg/all/function/internal_message.html?_=1625449911211&CODE_STATE=getMsg HTTP/1.1" 200 27
116.224.253.72 - - [05/Jul/2021:09:51:56 +0800] "GET /xingrg/all/function/internal_message.html?_=1625449918896&CODE_STATE=getMsg HTTP/1.1" 200 27
116.224.253.72 - - [05/Jul/2021:09:51:56 +0800] "GET /xingrg/check_reg.html?_=1625449918900 HTTP/1.1" 200 22
116.224.253.72 - - [05/Jul/2021:09:51:59 +0800] "GET /xingrg/all/function/internal_message.html?_=1625449916612&CODE_STATE=getMsg HTTP/1.1" 200 27
180.169.147.146 - - [05/Jul/2021:09:52:00 +0800] "GET /xingrg/all/function/internal_message.html?_=1625449927668&CODE_STATE=getMsg HTTP/1.1" 200 27
222.70.176.145 - - [05/Jul/2021:09:52:03 +0800] "GET /xingrg/all/function/internal_message.html?_=1625449928967&CODE_STATE=getMsg HTTP/1.1" 200 27
180.169.147.146 - - [05/Jul/2021:09:52:03 +0800] "GET /xingrg/all/function/internal_message.html?_=1625449930573&CODE_STATE=getMsg HTTP/1.1" 200 27
114.86.228.137 - - [05/Jul/2021:09:52:13 +0800] "GET /xingrg/all/function/internal_message.html?_=1625449941104&CODE_STATE=getMsg HTTP/1.1" 200 27
58.221.95.50 - - [05/Jul/2021:09:52:19 +0800] "GET /xingrg/check_reg.html?_=1625449945834 HTTP/1.1" 302 -
180.162.195.211 - - [05/Jul/2021:09:52:22 +0800] "GET /xingrg/all/function/internal_message.html?_=1625449948435&CODE_STATE=getMsg HTTP/1.1" 200 27
180.162.195.211 - - [05/Jul/2021:09:52:23 +0800] "GET /xingrg/kc/buy/cgsh_order_add.html HTTP/1.1" 200 62722
180.162.195.211 - - [05/Jul/2021:09:52:23 +0800] "GET /xingrg/javascript/easyui/themes/default/validatebox.css HTTP/1.1" 404 1104
180.162.195.211 - - [05/Jul/2021:09:52:23 +0800] "POST /xingrg/kc/buy/cgsh_order_operate.html HTTP/1.1" 200 8245
180.169.147.146 - - [05/Jul/2021:09:52:25 +0800] "GET /xingrg/all/function/internal_message.html?_=1625449952620&CODE_STATE=getMsg HTTP/1.1" 200 27
116.230.117.165 - - [05/Jul/2021:09:52:26 +0800] "GET /xingrg/all/function/internal_message.html?_=1625449952611&CODE_STATE=getMsg HTTP/1.1" 200 27
58.40.7.146 - - [05/Jul/2021:09:52:29 +0800] "GET /xingrg/check_reg.html?_=1625449955257 HTTP/1.1" 302 -
180.162.195.211 - - [05/Jul/2021:09:52:30 +0800] "GET /xingrg/all/function/internal_message.html?_=1625449926207&CODE_STATE=getMsg HTTP/1.1" 200 27
222.69.131.80 - - [05/Jul/2021:09:52:38 +0800] "GET /xingrg/all/function/internal_message.html?_=1625449965179&CODE_STATE=getMsg HTTP/1.1" 200 27
101.85.107.54 - - [05/Jul/2021:09:52:38 +0800] "GET /xingrg/all/function/internal_message.html?_=1625449390191&CODE_STATE=getMsg HTTP/1.1" 200 27
180.169.147.146 - - [05/Jul/2021:09:52:40 +0800] "GET /xingrg/check_reg.html?_=1625449965880 HTTP/1.1" 302 -
180.174.237.246 - - [05/Jul/2021:09:52:40 +0800] "GET /xingrg/all/function/internal_message.html?_=1625449971227&CODE_STATE=getMsg HTTP/1.1" 200 27
116.224.253.72 - - [05/Jul/2021:09:52:56 +0800] "GET /xingrg/all/function/internal_message.html?_=1625449978898&CODE_STATE=getMsg HTTP/1.1" 200 27
116.224.253.72 - - [05/Jul/2021:09:52:59 +0800] "GET /xingrg/all/function/internal_message.html?_=1625449976612&CODE_STATE=getMsg HTTP/1.1" 200 27
180.169.147.146 - - [05/Jul/2021:09:53:00 +0800] "GET /xingrg/all/function/internal_message.html?_=1625449987670&CODE_STATE=getMsg HTTP/1.1" 200 27
222.70.176.145 - - [05/Jul/2021:09:53:03 +0800] "GET /xingrg/all/function/internal_message.html?_=1625449988958&CODE_STATE=getMsg HTTP/1.1" 200 27
180.169.147.146 - - [05/Jul/2021:09:53:03 +0800] "GET /xingrg/all/function/internal_message.html?_=1625449990573&CODE_STATE=getMsg HTTP/1.1" 200 27
114.86.228.137 - - [05/Jul/2021:09:53:13 +0800] "GET /xingrg/all/function/internal_message.html?_=1625450001107&CODE_STATE=getMsg HTTP/1.1" 200 27
180.162.195.211 - - [05/Jul/2021:09:53:22 +0800] "GET /xingrg/all/function/internal_message.html?_=1625450008455&CODE_STATE=getMsg HTTP/1.1" 200 27
180.169.147.146 - - [05/Jul/2021:09:53:25 +0800] "GET /xingrg/all/function/internal_message.html?_=1625450012624&CODE_STATE=getMsg HTTP/1.1" 200 27
116.230.117.165 - - [05/Jul/2021:09:53:26 +0800] "GET /xingrg/all/function/internal_message.html?_=1625450012624&CODE_STATE=getMsg HTTP/1.1" 200 27
180.162.195.211 - - [05/Jul/2021:09:53:30 +0800] "GET /xingrg/all/function/internal_message.html?_=1625449986208&CODE_STATE=getMsg HTTP/1.1" 200 27
222.69.131.80 - - [05/Jul/2021:09:53:38 +0800] "GET /xingrg/all/function/internal_message.html?_=1625450025183&CODE_STATE=getMsg HTTP/1.1" 200 27
180.174.237.246 - - [05/Jul/2021:09:53:38 +0800] "GET /xingrg/check_reg.html?_=1625450028955 HTTP/1.1" 200 22
101.85.107.54 - - [05/Jul/2021:09:53:38 +0800] "GET /xingrg/check_reg.html?_=1625449450189 HTTP/1.1" 200 22
101.85.107.54 - - [05/Jul/2021:09:53:38 +0800] "GET /xingrg/all/function/internal_message.html?_=1625449450191&CODE_STATE=getMsg HTTP/1.1" 200 27
180.174.237.246 - - [05/Jul/2021:09:53:40 +0800] "GET /xingrg/all/function/internal_message.html?_=1625450031295&CODE_STATE=getMsg HTTP/1.1" 200 27
116.224.253.72 - - [05/Jul/2021:09:53:56 +0800] "GET /xingrg/all/function/internal_message.html?_=1625450038899&CODE_STATE=getMsg HTTP/1.1" 200 27
116.224.253.72 - - [05/Jul/2021:09:53:59 +0800] "GET /xingrg/all/function/internal_message.html?_=1625450036688&CODE_STATE=getMsg HTTP/1.1" 200 27
180.169.147.146 - - [05/Jul/2021:09:54:00 +0800] "GET /xingrg/check_reg.html?_=1625450047678 HTTP/1.1" 200 22
180.169.147.146 - - [05/Jul/2021:09:54:00 +0800] "GET /xingrg/all/function/internal_message.html?_=1625450047675&CODE_STATE=getMsg HTTP/1.1" 200 27
222.70.176.145 - - [05/Jul/2021:09:54:03 +0800] "GET /xingrg/all/function/internal_message.html?_=1625450048960&CODE_STATE=getMsg HTTP/1.1" 200 27
180.169.147.146 - - [05/Jul/2021:09:54:03 +0800] "GET /xingrg/check_reg.html?_=1625450050589 HTTP/1.1" 200 22
180.169.147.146 - - [05/Jul/2021:09:54:03 +0800] "GET /xingrg/all/function/internal_message.html?_=1625450050593&CODE_STATE=getMsg HTTP/1.1" 200 27
114.86.228.137 - - [05/Jul/2021:09:54:13 +0800] "GET /xingrg/all/function/internal_message.html?_=1625450061110&CODE_STATE=getMsg HTTP/1.1" 200 27
180.162.195.211 - - [05/Jul/2021:09:54:22 +0800] "GET /xingrg/all/function/internal_message.html?_=1625450068442&CODE_STATE=getMsg HTTP/1.1" 200 27
180.169.147.146 - - [05/Jul/2021:09:54:25 +0800] "GET /xingrg/all/function/internal_message.html?_=1625450072617&CODE_STATE=getMsg HTTP/1.1" 200 27
180.169.147.146 - - [05/Jul/2021:09:54:25 +0800] "GET /xingrg/check_reg.html?_=1625450072621 HTTP/1.1" 200 22
116.230.117.165 - - [05/Jul/2021:09:54:26 +0800] "GET /xingrg/all/function/internal_message.html?_=1625450072866&CODE_STATE=getMsg HTTP/1.1" 200 27
180.162.195.211 - - [05/Jul/2021:09:54:30 +0800] "GET /xingrg/check_reg.html?_=1625450046232 HTTP/1.1" 200 22
180.162.195.211 - - [05/Jul/2021:09:54:30 +0800] "GET /xingrg/all/function/internal_message.html?_=1625450046233&CODE_STATE=getMsg HTTP/1.1" 200 27
222.69.131.80 - - [05/Jul/2021:09:54:38 +0800] "GET /xingrg/all/function/internal_message.html?_=1625450085184&CODE_STATE=getMsg HTTP/1.1" 200 27
101.85.107.54 - - [05/Jul/2021:09:54:38 +0800] "GET /xingrg/all/function/internal_message.html?_=1625449510189&CODE_STATE=getMsg HTTP/1.1" 200 27
180.174.237.246 - - [05/Jul/2021:09:54:41 +0800] "GET /xingrg/all/function/internal_message.html?_=1625450091300&CODE_STATE=getMsg HTTP/1.1" 200 27
116.224.253.72 - - [05/Jul/2021:09:54:48 +0800] "GET /xingrg/check_reg.html?_=1625450085474 HTTP/1.1" 200 22
116.224.253.72 - - [05/Jul/2021:09:54:56 +0800] "GET /xingrg/all/function/internal_message.html?_=1625450098899&CODE_STATE=getMsg HTTP/1.1" 200 27
116.224.253.72 - - [05/Jul/2021:09:54:59 +0800] "GET /xingrg/all/function/internal_message.html?_=1625450096702&CODE_STATE=getMsg HTTP/1.1" 200 27
180.169.147.146 - - [05/Jul/2021:09:55:00 +0800] "GET /xingrg/all/function/internal_message.html?_=1625450107677&CODE_STATE=getMsg HTTP/1.1" 200 27
222.70.176.145 - - [05/Jul/2021:09:55:03 +0800] "GET /xingrg/all/function/internal_message.html?_=1625450108965&CODE_STATE=getMsg HTTP/1.1" 200 27
222.70.176.145 - - [05/Jul/2021:09:55:03 +0800] "GET /xingrg/check_reg.html?_=1625450108968 HTTP/1.1" 200 22
180.169.147.146 - - [05/Jul/2021:09:55:03 +0800] "GET /xingrg/all/function/internal_message.html?_=1625450110580&CODE_STATE=getMsg HTTP/1.1" 200 27
114.86.228.137 - - [05/Jul/2021:09:55:13 +0800] "GET /xingrg/all/function/internal_message.html?_=1625450121111&CODE_STATE=getMsg HTTP/1.1" 200 27
180.162.195.211 - - [05/Jul/2021:09:55:22 +0800] "GET /xingrg/all/function/internal_message.html?_=1625450128447&CODE_STATE=getMsg HTTP/1.1" 200 27
180.162.195.211 - - [05/Jul/2021:09:55:22 +0800] "GET /xingrg/check_reg.html?_=1625450128451 HTTP/1.1" 200 22
180.169.147.146 - - [05/Jul/2021:09:55:25 +0800] "GET /xingrg/all/function/internal_message.html?_=1625450132624&CODE_STATE=getMsg HTTP/1.1" 200 27
116.230.117.165 - - [05/Jul/2021:09:55:26 +0800] "GET /xingrg/all/function/internal_message.html?_=1625450132869&CODE_STATE=getMsg HTTP/1.1" 200 27
180.162.195.211 - - [05/Jul/2021:09:55:30 +0800] "GET /xingrg/all/function/internal_message.html?_=1625450106231&CODE_STATE=getMsg HTTP/1.1" 200 27
180.162.195.211 - - [05/Jul/2021:09:55:36 +0800] "GET /xingrg/kc/buy/cgsh_order_operate.html?command=get_materiel&rest_code=00105&code=00101018018&supplier_code=00100330&order_time=2021-07-05 HTTP/1.1" 200 419
222.69.131.80 - - [05/Jul/2021:09:55:38 +0800] "GET /xingrg/all/function/internal_message.html?_=1625450145191&CODE_STATE=getMsg HTTP/1.1" 200 27
101.85.107.54 - - [05/Jul/2021:09:55:38 +0800] "GET /xingrg/all/function/internal_message.html?_=1625449570190&CODE_STATE=getMsg HTTP/1.1" 200 27
180.174.237.246 - - [05/Jul/2021:09:55:41 +0800] "GET /xingrg/all/function/internal_message.html?_=1625450152307&CODE_STATE=getMsg HTTP/1.1" 200 27
116.224.253.72 - - [05/Jul/2021:09:55:56 +0800] "GET /xingrg/all/function/internal_message.html?_=1625450158897&CODE_STATE=getMsg HTTP/1.1" 200 27
116.224.253.72 - - [05/Jul/2021:09:55:59 +0800] "GET /xingrg/all/function/internal_message.html?_=1625450156716&CODE_STATE=getMsg HTTP/1.1" 200 27
180.169.147.146 - - [05/Jul/2021:09:56:00 +0800] "GET /xingrg/all/function/internal_message.html?_=1625450167675&CODE_STATE=getMsg HTTP/1.1" 200 27
180.162.195.211 - - [05/Jul/2021:09:56:00 +0800] "GET /xingrg/kc/buy/cgsh_order_operate.html?command=get_materiel&rest_code=00105&code=00101018019&supplier_code=00100330&order_time=2021-07-05 HTTP/1.1" 200 423
222.70.176.145 - - [05/Jul/2021:09:56:03 +0800] "GET /xingrg/all/function/internal_message.html?_=1625450168965&CODE_STATE=getMsg HTTP/1.1" 200 27
180.169.147.146 - - [05/Jul/2021:09:56:03 +0800] "GET /xingrg/all/function/internal_message.html?_=1625450170588&CODE_STATE=getMsg HTTP/1.1" 200 27
114.86.228.137 - - [05/Jul/2021:09:56:13 +0800] "GET /xingrg/all/function/internal_message.html?_=1625450181118&CODE_STATE=getMsg HTTP/1.1" 200 27
114.86.228.137 - - [05/Jul/2021:09:56:13 +0800] "GET /xingrg/check_reg.html?_=1625450181119 HTTP/1.1" 200 22
180.162.195.211 - - [05/Jul/2021:09:56:15 +0800] "POST /xingrg/kc/buy/cgsh_order_operate.html HTTP/1.1" 200 37
180.162.195.211 - - [05/Jul/2021:09:56:16 +0800] "POST /xingrg/kc/buy/cgsh_order_operate.html HTTP/1.1" 200 3260
180.162.195.211 - - [05/Jul/2021:09:56:17 +0800] "GET /xingrg/kc/print/load_data.html?order_code=212021070501913&kc_code=cgsh&condition= HTTP/1.1" 200 914
180.162.195.211 - - [05/Jul/2021:09:56:20 +0800] "GET /xingrg/kc/buy/cgsh_order_add.html HTTP/1.1" 200 62722
180.162.195.211 - - [05/Jul/2021:09:56:21 +0800] "POST /xingrg/kc/buy/cgsh_order_operate.html HTTP/1.1" 200 8245
180.162.195.211 - - [05/Jul/2021:09:56:21 +0800] "GET /xingrg/javascript/easyui/themes/default/validatebox.css HTTP/1.1" 404 1104
180.162.195.211 - - [05/Jul/2021:09:56:22 +0800] "GET /xingrg/all/function/internal_message.html?_=1625450188450&CODE_STATE=getMsg HTTP/1.1" 200 27
180.174.237.246 - - [05/Jul/2021:09:56:24 +0800] "POST /xingrg/services/DataTransmitService HTTP/1.1" 200 524
180.174.237.246 - - [05/Jul/2021:09:56:24 +0800] "POST /xingrg/services/DataTransmitService HTTP/1.1" 200 501
116.230.117.165 - - [05/Jul/2021:09:56:24 +0800] "GET /xingrg/check_reg.html?_=1625450191209 HTTP/1.1" 200 22
180.174.237.246 - - [05/Jul/2021:09:56:25 +0800] "POST /xingrg/services/DataTransmitService HTTP/1.1" 200 524
180.169.147.146 - - [05/Jul/2021:09:56:25 +0800] "GET /xingrg/all/function/internal_message.html?_=1625450192619&CODE_STATE=getMsg HTTP/1.1" 200 27
116.230.117.165 - - [05/Jul/2021:09:56:26 +0800] "GET /xingrg/all/function/internal_message.html?_=1625450192892&CODE_STATE=getMsg HTTP/1.1" 200 27
180.162.195.211 - - [05/Jul/2021:09:56:30 +0800] "GET /xingrg/all/function/internal_message.html?_=1625450166231&CODE_STATE=getMsg HTTP/1.1" 200 27
180.174.237.246 - - [05/Jul/2021:09:56:30 +0800] "POST /xingrg/services/DataTransmitService HTTP/1.1" 200 501
180.174.237.246 - - [05/Jul/2021:09:56:30 +0800] "POST /xingrg/services/DataTransmitService HTTP/1.1" 200 501
180.174.237.246 - - [05/Jul/2021:09:56:31 +0800] "POST /xingrg/services/DataTransmitService HTTP/1.1" 200 501
180.174.237.246 - - [05/Jul/2021:09:56:32 +0800] "POST /xingrg/services/DataTransmitService HTTP/1.1" 200 501
180.174.237.246 - - [05/Jul/2021:09:56:32 +0800] "POST /xingrg/services/DataTransmitService HTTP/1.1" 200 501
180.174.237.246 - - [05/Jul/2021:09:56:33 +0800] "POST /xingrg/services/DataTransmitService HTTP/1.1" 200 501
180.174.237.246 - - [05/Jul/2021:09:56:33 +0800] "POST /xingrg/services/DataTransmitService HTTP/1.1" 200 501
180.174.237.246 - - [05/Jul/2021:09:56:34 +0800] "POST /xingrg/services/DataTransmitService HTTP/1.1" 200 501
180.174.237.246 - - [05/Jul/2021:09:56:34 +0800] "POST /xingrg/services/DataTransmitService HTTP/1.1" 200 501
180.174.237.246 - - [05/Jul/2021:09:56:34 +0800] "POST /xingrg/services/DataTransmitService HTTP/1.1" 200 412
180.174.237.246 - - [05/Jul/2021:09:56:38 +0800] "POST /xingrg/services/DataTransmitService HTTP/1.1" 200 524
222.69.131.80 - - [05/Jul/2021:09:56:38 +0800] "GET /xingrg/check_reg.html?_=1625450205191 HTTP/1.1" 200 22
222.69.131.80 - - [05/Jul/2021:09:56:38 +0800] "GET /xingrg/all/function/internal_message.html?_=1625450205200&CODE_STATE=getMsg HTTP/1.1" 200 27
101.85.107.54 - - [05/Jul/2021:09:56:38 +0800] "GET /xingrg/all/function/internal_message.html?_=1625449630216&CODE_STATE=getMsg HTTP/1.1" 200 27
180.174.237.246 - - [05/Jul/2021:09:56:40 +0800] "POST /xingrg/services/DataTransmitService HTTP/1.1" 200 524
180.174.237.246 - - [05/Jul/2021:09:56:41 +0800] "POST /xingrg/services/DataTransmitService HTTP/1.1" 200 524
180.174.237.246 - - [05/Jul/2021:09:56:41 +0800] "POST /xingrg/services/DataTransmitService HTTP/1.1" 200 524
180.174.237.246 - - [05/Jul/2021:09:56:41 +0800] "POST /xingrg/services/DataTransmitService HTTP/1.1" 200 524
180.174.237.246 - - [05/Jul/2021:09:56:41 +0800] "POST /xingrg/services/DataTransmitService HTTP/1.1" 200 524
180.174.237.246 - - [05/Jul/2021:09:56:41 +0800] "POST /xingrg/services/DataTransmitService HTTP/1.1" 200 524
180.174.237.246 - - [05/Jul/2021:09:56:42 +0800] "POST /xingrg/services/DataTransmitService HTTP/1.1" 200 524
180.174.237.246 - - [05/Jul/2021:09:56:42 +0800] "POST /xingrg/kc/buy/cgsh_order_operate.html HTTP/1.1" 200 37
180.174.237.246 - - [05/Jul/2021:09:56:42 +0800] "POST /xingrg/services/DataTransmitService HTTP/1.1" 200 524
180.174.237.246 - - [05/Jul/2021:09:56:42 +0800] "GET /xingrg/all/function/internal_message.html?_=1625450212864&CODE_STATE=getMsg HTTP/1.1" 200 27
180.174.237.246 - - [05/Jul/2021:09:56:42 +0800] "POST /xingrg/services/DataTransmitService HTTP/1.1" 200 524
180.174.237.246 - - [05/Jul/2021:09:56:42 +0800] "POST /xingrg/services/DataTransmitService HTTP/1.1" 200 524
180.174.237.246 - - [05/Jul/2021:09:56:42 +0800] "POST /xingrg/services/DataTransmitService HTTP/1.1" 200 524
180.174.237.246 - - [05/Jul/2021:09:56:43 +0800] "POST /xingrg/services/DataTransmitService HTTP/1.1" 200 524
180.174.237.246 - - [05/Jul/2021:09:56:43 +0800] "POST /xingrg/services/DataTransmitService HTTP/1.1" 200 524
180.174.237.246 - - [05/Jul/2021:09:56:43 +0800] "POST /xingrg/services/DataTransmitService HTTP/1.1" 200 524
180.174.237.246 - - [05/Jul/2021:09:56:43 +0800] "POST /xingrg/services/DataTransmitService HTTP/1.1" 200 524
180.174.237.246 - - [05/Jul/2021:09:56:43 +0800] "POST /xingrg/services/DataTransmitService HTTP/1.1" 200 524
180.174.237.246 - - [05/Jul/2021:09:56:44 +0800] "POST /xingrg/services/DataTransmitService HTTP/1.1" 200 524
180.174.237.246 - - [05/Jul/2021:09:56:44 +0800] "POST /xingrg/services/DataTransmitService HTTP/1.1" 200 524
180.174.237.246 - - [05/Jul/2021:09:56:44 +0800] "POST /xingrg/services/DataTransmitService HTTP/1.1" 200 524
180.174.237.246 - - [05/Jul/2021:09:56:44 +0800] "POST /xingrg/services/DataTransmitService HTTP/1.1" 200 524
180.174.237.246 - - [05/Jul/2021:09:56:44 +0800] "POST /xingrg/services/DataTransmitService HTTP/1.1" 200 524
180.174.237.246 - - [05/Jul/2021:09:56:45 +0800] "POST /xingrg/services/DataTransmitService HTTP/1.1" 200 524
180.174.237.246 - - [05/Jul/2021:09:56:45 +0800] "POST /xingrg/services/DataTransmitService HTTP/1.1" 200 524
180.174.237.246 - - [05/Jul/2021:09:56:45 +0800] "POST /xingrg/services/DataTransmitService HTTP/1.1" 200 524
180.174.237.246 - - [05/Jul/2021:09:56:45 +0800] "POST /xingrg/services/DataTransmitService HTTP/1.1" 200 524
180.174.237.246 - - [05/Jul/2021:09:56:45 +0800] "POST /xingrg/services/DataTransmitService HTTP/1.1" 200 524
180.174.237.246 - - [05/Jul/2021:09:56:46 +0800] "POST /xingrg/services/DataTransmitService HTTP/1.1" 200 524
180.174.237.246 - - [05/Jul/2021:09:56:46 +0800] "POST /xingrg/services/DataTransmitService HTTP/1.1" 200 524
180.174.237.246 - - [05/Jul/2021:09:56:46 +0800] "POST /xingrg/services/DataTransmitService HTTP/1.1" 200 524
180.174.237.246 - - [05/Jul/2021:09:56:46 +0800] "POST /xingrg/services/DataTransmitService HTTP/1.1" 200 524
180.174.237.246 - - [05/Jul/2021:09:56:46 +0800] "POST /xingrg/services/DataTransmitService HTTP/1.1" 200 524
180.174.237.246 - - [05/Jul/2021:09:56:47 +0800] "POST /xingrg/services/DataTransmitService HTTP/1.1" 200 524
180.174.237.246 - - [05/Jul/2021:09:56:47 +0800] "POST /xingrg/kc/buy/cgsh_order_operate.html HTTP/1.1" 200 11562
180.174.237.246 - - [05/Jul/2021:09:56:47 +0800] "POST /xingrg/services/DataTransmitService HTTP/1.1" 200 524
180.174.237.246 - - [05/Jul/2021:09:56:47 +0800] "POST /xingrg/services/DataTransmitService HTTP/1.1" 200 524
180.174.237.246 - - [05/Jul/2021:09:56:47 +0800] "POST /xingrg/services/DataTransmitService HTTP/1.1" 200 524
180.174.237.246 - - [05/Jul/2021:09:56:47 +0800] "POST /xingrg/services/DataTransmitService HTTP/1.1" 200 524
180.174.237.246 - - [05/Jul/2021:09:56:48 +0800] "POST /xingrg/services/DataTransmitService HTTP/1.1" 200 524
180.174.237.246 - - [05/Jul/2021:09:56:48 +0800] "POST /xingrg/services/DataTransmitService HTTP/1.1" 200 524
180.174.237.246 - - [05/Jul/2021:09:56:48 +0800] "POST /xingrg/services/DataTransmitService HTTP/1.1" 200 524
180.174.237.246 - - [05/Jul/2021:09:56:48 +0800] "POST /xingrg/services/DataTransmitService HTTP/1.1" 200 524
180.174.237.246 - - [05/Jul/2021:09:56:48 +0800] "POST /xingrg/services/DataTransmitService HTTP/1.1" 200 524
180.174.237.246 - - [05/Jul/2021:09:56:49 +0800] "POST /xingrg/services/DataTransmitService HTTP/1.1" 200 524
180.174.237.246 - - [05/Jul/2021:09:56:49 +0800] "POST /xingrg/services/DataTransmitService HTTP/1.1" 200 524
180.174.237.246 - - [05/Jul/2021:09:56:49 +0800] "POST /xingrg/services/DataTransmitService HTTP/1.1" 200 524
180.174.237.246 - - [05/Jul/2021:09:56:49 +0800] "POST /xingrg/services/DataTransmitService HTTP/1.1" 200 524
180.174.237.246 - - [05/Jul/2021:09:56:49 +0800] "POST /xingrg/services/DataTransmitService HTTP/1.1" 200 524
180.174.237.246 - - [05/Jul/2021:09:56:50 +0800] "POST /xingrg/services/DataTransmitService HTTP/1.1" 200 524
180.174.237.246 - - [05/Jul/2021:09:56:50 +0800] "POST /xingrg/services/DataTransmitService HTTP/1.1" 200 524
180.174.237.246 - - [05/Jul/2021:09:56:50 +0800] "POST /xingrg/services/DataTransmitService HTTP/1.1" 200 524
180.174.237.246 - - [05/Jul/2021:09:56:50 +0800] "POST /xingrg/services/DataTransmitService HTTP/1.1" 200 524
180.174.237.246 - - [05/Jul/2021:09:56:51 +0800] "POST /xingrg/services/DataTransmitService HTTP/1.1" 200 524
180.174.237.246 - - [05/Jul/2021:09:56:51 +0800] "POST /xingrg/kc/buy/cgsh_list_operate.html HTTP/1.1" 200 2411
180.174.237.246 - - [05/Jul/2021:09:56:54 +0800] "POST /xingrg/services/DataTransmitService HTTP/1.1" 200 524
180.174.237.246 - - [05/Jul/2021:09:56:54 +0800] "POST /xingrg/services/DataTransmitService HTTP/1.1" 200 524
180.174.237.246 - - [05/Jul/2021:09:56:54 +0800] "POST /xingrg/services/DataTransmitService HTTP/1.1" 200 524
180.174.237.246 - - [05/Jul/2021:09:56:55 +0800] "POST /xingrg/services/DataTransmitService HTTP/1.1" 200 524
180.174.237.246 - - [05/Jul/2021:09:56:55 +0800] "POST /xingrg/services/DataTransmitService HTTP/1.1" 200 524
180.174.237.246 - - [05/Jul/2021:09:56:55 +0800] "POST /xingrg/services/DataTransmitService HTTP/1.1" 200 524
180.174.237.246 - - [05/Jul/2021:09:56:55 +0800] "POST /xingrg/services/DataTransmitService HTTP/1.1" 200 524
180.174.237.246 - - [05/Jul/2021:09:56:55 +0800] "POST /xingrg/services/DataTransmitService HTTP/1.1" 200 524
180.174.237.246 - - [05/Jul/2021:09:56:56 +0800] "POST /xingrg/services/DataTransmitService HTTP/1.1" 200 524
116.224.253.72 - - [05/Jul/2021:09:56:56 +0800] "GET /xingrg/all/function/internal_message.html?_=1625450218905&CODE_STATE=getMsg HTTP/1.1" 200 27
116.224.253.72 - - [05/Jul/2021:09:56:56 +0800] "GET /xingrg/check_reg.html?_=1625450218906 HTTP/1.1" 200 22
180.174.237.246 - - [05/Jul/2021:09:56:57 +0800] "POST /xingrg/services/DataTransmitService HTTP/1.1" 200 524
180.174.237.246 - - [05/Jul/2021:09:56:57 +0800] "POST /xingrg/services/DataTransmitService HTTP/1.1" 200 524
180.174.237.246 - - [05/Jul/2021:09:56:57 +0800] "POST /xingrg/services/DataTransmitService HTTP/1.1" 200 524
180.174.237.246 - - [05/Jul/2021:09:56:57 +0800] "POST /xingrg/services/DataTransmitService HTTP/1.1" 200 524
180.174.237.246 - - [05/Jul/2021:09:56:57 +0800] "POST /xingrg/services/DataTransmitService HTTP/1.1" 200 524
180.174.237.246 - - [05/Jul/2021:09:56:57 +0800] "POST /xingrg/services/DataTransmitService HTTP/1.1" 200 524
180.174.237.246 - - [05/Jul/2021:09:56:58 +0800] "POST /xingrg/services/DataTransmitService HTTP/1.1" 200 524
180.174.237.246 - - [05/Jul/2021:09:56:58 +0800] "POST /xingrg/services/DataTransmitService HTTP/1.1" 200 524
180.174.237.246 - - [05/Jul/2021:09:56:58 +0800] "POST /xingrg/services/DataTransmitService HTTP/1.1" 200 524
180.174.237.246 - - [05/Jul/2021:09:56:58 +0800] "POST /xingrg/services/DataTransmitService HTTP/1.1" 200 524
180.174.237.246 - - [05/Jul/2021:09:56:58 +0800] "POST /xingrg/services/DataTransmitService HTTP/1.1" 200 524
180.174.237.246 - - [05/Jul/2021:09:56:59 +0800] "POST /xingrg/services/DataTransmitService HTTP/1.1" 200 524
180.174.237.246 - - [05/Jul/2021:09:56:59 +0800] "POST /xingrg/services/DataTransmitService HTTP/1.1" 200 524
180.174.237.246 - - [05/Jul/2021:09:56:59 +0800] "POST /xingrg/services/DataTransmitService HTTP/1.1" 200 524
180.174.237.246 - - [05/Jul/2021:09:56:59 +0800] "POST /xingrg/services/DataTransmitService HTTP/1.1" 200 524
116.224.253.72 - - [05/Jul/2021:09:56:59 +0800] "GET /xingrg/all/function/internal_message.html?_=1625450216786&CODE_STATE=getMsg HTTP/1.1" 200 27
180.174.237.246 - - [05/Jul/2021:09:56:59 +0800] "POST /xingrg/services/DataTransmitService HTTP/1.1" 200 524
180.169.147.146 - - [05/Jul/2021:09:57:00 +0800] "GET /xingrg/all/function/internal_message.html?_=1625450227681&CODE_STATE=getMsg HTTP/1.1" 200 27
180.174.237.246 - - [05/Jul/2021:09:57:02 +0800] "POST /xingrg/services/DataTransmitService HTTP/1.1" 200 524
180.174.237.246 - - [05/Jul/2021:09:57:02 +0800] "POST /xingrg/services/DataTransmitService HTTP/1.1" 200 2319
180.174.237.246 - - [05/Jul/2021:09:57:03 +0800] "POST /xingrg/services/DataTransmitService HTTP/1.1" 200 135708
222.70.176.145 - - [05/Jul/2021:09:57:03 +0800] "GET /xingrg/all/function/internal_message.html?_=1625450228959&CODE_STATE=getMsg HTTP/1.1" 200 27
180.169.147.146 - - [05/Jul/2021:09:57:03 +0800] "GET /xingrg/all/function/internal_message.html?_=1625450230595&CODE_STATE=getMsg HTTP/1.1" 200 27
114.86.228.137 - - [05/Jul/2021:09:57:13 +0800] "GET /xingrg/all/function/internal_message.html?_=1625450241121&CODE_STATE=getMsg HTTP/1.1" 200 27
58.221.95.50 - - [05/Jul/2021:09:57:19 +0800] "GET /xingrg/check_reg.html?_=1625450245864 HTTP/1.1" 302 -
180.162.195.211 - - [05/Jul/2021:09:57:22 +0800] "GET /xingrg/all/function/internal_message.html?_=1625450248442&CODE_STATE=getMsg HTTP/1.1" 200 27
180.169.147.146 - - [05/Jul/2021:09:57:25 +0800] "GET /xingrg/all/function/internal_message.html?_=1625450252623&CODE_STATE=getMsg HTTP/1.1" 200 27
116.230.117.165 - - [05/Jul/2021:09:57:26 +0800] "GET /xingrg/all/function/internal_message.html?_=1625450252896&CODE_STATE=getMsg HTTP/1.1" 200 27
58.40.7.146 - - [05/Jul/2021:09:57:29 +0800] "GET /xingrg/check_reg.html?_=1625450255230 HTTP/1.1" 302 -
180.162.195.211 - - [05/Jul/2021:09:57:30 +0800] "GET /xingrg/all/function/internal_message.html?_=1625450226232&CODE_STATE=getMsg HTTP/1.1" 200 27
180.174.237.246 - - [05/Jul/2021:09:57:33 +0800] "POST /xingrg/kc/buy/cgsh_list_operate.html HTTP/1.1" 200 558
180.174.237.246 - - [05/Jul/2021:09:57:34 +0800] "GET /xingrg/kc/buy/cgsh_order_info.html?code=212021070501902 HTTP/1.1" 200 62649
180.174.237.246 - - [05/Jul/2021:09:57:35 +0800] "GET /xingrg/javascript/easyui/themes/default/validatebox.css HTTP/1.1" 404 1104
180.174.237.246 - - [05/Jul/2021:09:57:36 +0800] "POST /xingrg/kc/buy/cgsh_order_operate.html HTTP/1.1" 200 14445
222.69.131.80 - - [05/Jul/2021:09:57:38 +0800] "GET /xingrg/all/function/internal_message.html?_=1625450265198&CODE_STATE=getMsg HTTP/1.1" 200 27
101.85.107.54 - - [05/Jul/2021:09:57:38 +0800] "GET /xingrg/all/function/internal_message.html?_=1625449690214&CODE_STATE=getMsg HTTP/1.1" 200 27
180.169.147.146 - - [05/Jul/2021:09:57:40 +0800] "GET /xingrg/check_reg.html?_=1625450265859 HTTP/1.1" 302 -
180.162.195.211 - - [05/Jul/2021:09:57:41 +0800] "GET /xingrg/kc/buy/cgsh_order_operate.html?command=get_materiel&rest_code=00105&code=00101010569&supplier_code=00100327&order_time=2021-07-05 HTTP/1.1" 200 397
180.174.237.246 - - [05/Jul/2021:09:57:42 +0800] "GET /xingrg/all/function/internal_message.html?_=1625450272869&CODE_STATE=getMsg HTTP/1.1" 200 27
180.162.195.211 - - [05/Jul/2021:09:57:48 +0800] "GET /xingrg/javascript/jquery_easy_ui/themes/icons/rest.png HTTP/1.1" 304 -
180.162.195.211 - - [05/Jul/2021:09:57:48 +0800] "GET /xingrg/javascript/jquery_easy_ui/themes/icons/manage.png HTTP/1.1" 304 -
180.162.195.211 - - [05/Jul/2021:09:57:48 +0800] "GET /xingrg/javascript/jquery_easy_ui/themes/icons/area.png HTTP/1.1" 304 -
180.162.195.211 - - [05/Jul/2021:09:57:52 +0800] "POST /xingrg/kc/buy/cgsh_order_operate.html HTTP/1.1" 200 37
180.162.195.211 - - [05/Jul/2021:09:57:54 +0800] "POST /xingrg/kc/buy/cgsh_order_operate.html HTTP/1.1" 200 2656
180.162.195.211 - - [05/Jul/2021:09:57:55 +0800] "GET /xingrg/kc/print/load_data.html?order_code=212021070501914&kc_code=cgsh&condition= HTTP/1.1" 200 666
116.224.253.72 - - [05/Jul/2021:09:57:56 +0800] "GET /xingrg/all/function/internal_message.html?_=1625450278911&CODE_STATE=getMsg HTTP/1.1" 200 27
116.224.253.72 - - [05/Jul/2021:09:57:59 +0800] "GET /xingrg/all/function/internal_message.html?_=1625450276790&CODE_STATE=getMsg HTTP/1.1" 200 27
180.169.147.146 - - [05/Jul/2021:09:58:00 +0800] "GET /xingrg/all/function/internal_message.html?_=1625450287683&CODE_STATE=getMsg HTTP/1.1" 200 27
180.162.195.211 - - [05/Jul/2021:09:58:02 +0800] "GET /xingrg/kc/buy/cgsh_order_add.html HTTP/1.1" 200 62722
180.162.195.211 - - [05/Jul/2021:09:58:02 +0800] "GET /xingrg/javascript/easyui/themes/default/validatebox.css HTTP/1.1" 404 1104
180.162.195.211 - - [05/Jul/2021:09:58:02 +0800] "POST /xingrg/kc/buy/cgsh_order_operate.html HTTP/1.1" 200 8245
222.70.176.145 - - [05/Jul/2021:09:58:03 +0800] "GET /xingrg/all/function/internal_message.html?_=1625450288959&CODE_STATE=getMsg HTTP/1.1" 200 27
180.169.147.146 - - [05/Jul/2021:09:58:03 +0800] "GET /xingrg/all/function/internal_message.html?_=1625450290600&CODE_STATE=getMsg HTTP/1.1" 200 27
180.174.237.246 - - [05/Jul/2021:09:58:10 +0800] "POST /xingrg/kc/buy/cgsh_list_operate.html HTTP/1.1" 200 2411
180.162.195.211 - - [05/Jul/2021:09:58:11 +0800] "GET /xingrg/kc/buy/cgsh_order_operate.html?command=get_materiel&rest_code=00105&code=00101001040&supplier_code=00100090&order_time=2021-07-05 HTTP/1.1" 200 413
180.174.237.246 - - [05/Jul/2021:09:58:12 +0800] "POST /xingrg/kc/buy/cgsh_list_operate.html HTTP/1.1" 200 564
180.174.237.246 - - [05/Jul/2021:09:58:12 +0800] "GET /xingrg/kc/buy/cgsh_order_info.html?code=212021070501907 HTTP/1.1" 200 62649
180.174.237.246 - - [05/Jul/2021:09:58:13 +0800] "GET /xingrg/javascript/easyui/themes/default/validatebox.css HTTP/1.1" 404 1104
114.86.228.137 - - [05/Jul/2021:09:58:13 +0800] "GET /xingrg/all/function/internal_message.html?_=1625450301120&CODE_STATE=getMsg HTTP/1.1" 200 27
180.174.237.246 - - [05/Jul/2021:09:58:13 +0800] "POST /xingrg/kc/buy/cgsh_order_operate.html HTTP/1.1" 200 16831
180.162.195.211 - - [05/Jul/2021:09:58:22 +0800] "GET /xingrg/all/function/internal_message.html?_=1625450308462&CODE_STATE=getMsg HTTP/1.1" 200 27
180.162.195.211 - - [05/Jul/2021:09:58:23 +0800] "GET /xingrg/kc/buy/cgsh_order_operate.html?command=get_materiel&rest_code=00105&code=00101001125&supplier_code=00100090&order_time=2021-07-05 HTTP/1.1" 200 415
180.169.147.146 - - [05/Jul/2021:09:58:23 +0800] "GET /favicon.ico HTTP/1.1" 404 -
180.169.147.146 - - [05/Jul/2021:09:58:25 +0800] "GET /xingrg/all/function/internal_message.html?_=1625450312616&CODE_STATE=getMsg HTTP/1.1" 200 27
116.230.117.165 - - [05/Jul/2021:09:58:26 +0800] "GET /xingrg/all/function/internal_message.html?_=1625450312910&CODE_STATE=getMsg HTTP/1.1" 200 27
180.162.195.211 - - [05/Jul/2021:09:58:30 +0800] "GET /xingrg/all/function/internal_message.html?_=1625450286232&CODE_STATE=getMsg HTTP/1.1" 200 27
222.69.131.80 - - [05/Jul/2021:09:58:38 +0800] "GET /xingrg/all/function/internal_message.html?_=1625450325197&CODE_STATE=getMsg HTTP/1.1" 200 27
101.85.107.54 - - [05/Jul/2021:09:58:38 +0800] "GET /xingrg/all/function/internal_message.html?_=1625449750215&CODE_STATE=getMsg HTTP/1.1" 200 27
101.85.107.54 - - [05/Jul/2021:09:58:38 +0800] "GET /xingrg/check_reg.html?_=1625449750218 HTTP/1.1" 200 22
180.174.237.246 - - [05/Jul/2021:09:58:38 +0800] "GET /xingrg/check_reg.html?_=1625450329433 HTTP/1.1" 200 22
180.162.195.211 - - [05/Jul/2021:09:58:41 +0800] "GET /xingrg/kc/buy/cgsh_order_operate.html?command=get_materiel&rest_code=00105&code=00101001169&supplier_code=00100090&order_time=2021-07-05 HTTP/1.1" 200 414
180.174.237.246 - - [05/Jul/2021:09:58:42 +0800] "GET /xingrg/all/function/internal_message.html?_=1625450333370&CODE_STATE=getMsg HTTP/1.1" 200 27
180.162.195.211 - - [05/Jul/2021:09:58:51 +0800] "POST /xingrg/kc/buy/cgsh_order_operate.html HTTP/1.1" 200 37
180.162.195.211 - - [05/Jul/2021:09:58:52 +0800] "POST /xingrg/kc/buy/cgsh_order_operate.html HTTP/1.1" 200 3852
180.162.195.211 - - [05/Jul/2021:09:58:53 +0800] "GET /xingrg/kc/print/load_data.html?order_code=212021070501915&kc_code=cgsh&condition= HTTP/1.1" 200 1193
116.224.253.72 - - [05/Jul/2021:09:58:56 +0800] "GET /xingrg/all/function/internal_message.html?_=1625450338912&CODE_STATE=getMsg HTTP/1.1" 200 27
180.162.195.211 - - [05/Jul/2021:09:58:56 +0800] "GET /xingrg/kc/buy/cgsh_order_add.html HTTP/1.1" 200 62722
180.162.195.211 - - [05/Jul/2021:09:58:57 +0800] "POST /xingrg/kc/buy/cgsh_order_operate.html HTTP/1.1" 200 8245
180.162.195.211 - - [05/Jul/2021:09:58:57 +0800] "GET /xingrg/javascript/easyui/themes/default/validatebox.css HTTP/1.1" 404 1104
116.224.253.72 - - [05/Jul/2021:09:58:59 +0800] "GET /xingrg/all/function/internal_message.html?_=1625450336856&CODE_STATE=getMsg HTTP/1.1" 200 27
180.169.147.146 - - [05/Jul/2021:09:59:00 +0800] "GET /xingrg/all/function/internal_message.html?_=1625450347689&CODE_STATE=getMsg HTTP/1.1" 200 27
180.169.147.146 - - [05/Jul/2021:09:59:00 +0800] "GET /xingrg/check_reg.html?_=1625450347691 HTTP/1.1" 200 22
222.70.176.145 - - [05/Jul/2021:09:59:03 +0800] "GET /xingrg/all/function/internal_message.html?_=1625450348967&CODE_STATE=getMsg HTTP/1.1" 200 27
180.169.147.146 - - [05/Jul/2021:09:59:03 +0800] "GET /xingrg/check_reg.html?_=1625450350610 HTTP/1.1" 200 22
180.169.147.146 - - [05/Jul/2021:09:59:03 +0800] "GET /xingrg/all/function/internal_message.html?_=1625450350604&CODE_STATE=getMsg HTTP/1.1" 200 27
180.162.195.211 - - [05/Jul/2021:09:59:07 +0800] "GET /xingrg/kc/buy/cgsh_order_operate.html?command=get_materiel&rest_code=00105&code=00101003003&supplier_code=00100093&order_time=2021-07-05 HTTP/1.1" 200 416
114.86.228.137 - - [05/Jul/2021:09:59:13 +0800] "GET /xingrg/all/function/internal_message.html?_=1625450361123&CODE_STATE=getMsg HTTP/1.1" 200 27
180.162.195.211 - - [05/Jul/2021:09:59:22 +0800] "GET /xingrg/all/function/internal_message.html?_=1625450368444&CODE_STATE=getMsg HTTP/1.1" 200 27
180.169.147.146 - - [05/Jul/2021:09:59:25 +0800] "GET /xingrg/all/function/internal_message.html?_=1625450372621&CODE_STATE=getMsg HTTP/1.1" 200 27
180.169.147.146 - - [05/Jul/2021:09:59:25 +0800] "GET /xingrg/check_reg.html?_=1625450372626 HTTP/1.1" 200 22
116.230.117.165 - - [05/Jul/2021:09:59:26 +0800] "GET /xingrg/all/function/internal_message.html?_=1625450373181&CODE_STATE=getMsg HTTP/1.1" 200 27
180.162.195.211 - - [05/Jul/2021:09:59:29 +0800] "POST /xingrg/kc/buy/cgsh_order_operate.html HTTP/1.1" 200 37
180.162.195.211 - - [05/Jul/2021:09:59:30 +0800] "GET /xingrg/check_reg.html?_=1625450346231 HTTP/1.1" 200 22
180.162.195.211 - - [05/Jul/2021:09:59:30 +0800] "GET /xingrg/all/function/internal_message.html?_=1625450346234&CODE_STATE=getMsg HTTP/1.1" 200 27
180.162.195.211 - - [05/Jul/2021:09:59:35 +0800] "POST /xingrg/kc/buy/cgsh_order_operate.html HTTP/1.1" 200 2664
180.162.195.211 - - [05/Jul/2021:09:59:36 +0800] "GET /xingrg/kc/print/load_data.html?order_code=212021070501916&kc_code=cgsh&condition= HTTP/1.1" 200 723
222.69.131.80 - - [05/Jul/2021:09:59:38 +0800] "GET /xingrg/all/function/internal_message.html?_=1625450385198&CODE_STATE=getMsg HTTP/1.1" 200 27
101.85.107.54 - - [05/Jul/2021:09:59:38 +0800] "GET /xingrg/all/function/internal_message.html?_=1625449810202&CODE_STATE=getMsg HTTP/1.1" 200 27
180.162.195.211 - - [05/Jul/2021:09:59:39 +0800] "GET /xingrg/kc/buy/cgsh_order_add.html HTTP/1.1" 200 62722
180.162.195.211 - - [05/Jul/2021:09:59:39 +0800] "POST /xingrg/kc/buy/cgsh_order_operate.html HTTP/1.1" 200 8245
180.162.195.211 - - [05/Jul/2021:09:59:39 +0800] "GET /xingrg/javascript/easyui/themes/default/validatebox.css HTTP/1.1" 404 1104
180.174.237.246 - - [05/Jul/2021:09:59:42 +0800] "GET /xingrg/all/function/internal_message.html?_=1625450393380&CODE_STATE=getMsg HTTP/1.1" 200 27
180.162.195.211 - - [05/Jul/2021:09:59:48 +0800] "GET /xingrg/kc/buy/cgsh_order_operate.html?command=get_materiel&rest_code=00105&code=00101007032&supplier_code=00100328&order_time=2021-07-05 HTTP/1.1" 200 413
116.224.253.72 - - [05/Jul/2021:09:59:48 +0800] "GET /xingrg/check_reg.html?_=1625450385477 HTTP/1.1" 200 22
116.224.253.72 - - [05/Jul/2021:09:59:56 +0800] "GET /xingrg/all/function/internal_message.html?_=1625450398912&CODE_STATE=getMsg HTTP/1.1" 200 27
116.224.253.72 - - [05/Jul/2021:09:59:59 +0800] "GET /xingrg/all/function/internal_message.html?_=1625450396864&CODE_STATE=getMsg HTTP/1.1" 200 27
180.169.147.146 - - [05/Jul/2021:10:00:00 +0800] "GET /xingrg/all/function/internal_message.html?_=1625450407691&CODE_STATE=getMsg HTTP/1.1" 200 27
222.70.176.145 - - [05/Jul/2021:10:00:03 +0800] "GET /xingrg/all/function/internal_message.html?_=1625450408994&CODE_STATE=getMsg HTTP/1.1" 200 27
222.70.176.145 - - [05/Jul/2021:10:00:03 +0800] "GET /xingrg/check_reg.html?_=1625450408996 HTTP/1.1" 200 22
180.169.147.146 - - [05/Jul/2021:10:00:03 +0800] "GET /xingrg/all/function/internal_message.html?_=1625450410608&CODE_STATE=getMsg HTTP/1.1" 200 27
114.86.228.137 - - [05/Jul/2021:10:00:13 +0800] "GET /xingrg/all/function/internal_message.html?_=1625450421125&CODE_STATE=getMsg HTTP/1.1" 200 27
180.162.195.211 - - [05/Jul/2021:10:00:14 +0800] "GET /xingrg/kc/buy/cgsh_order_operate.html?command=get_materiel&rest_code=00105&code=00101007085&supplier_code=00100328&order_time=2021-07-05 HTTP/1.1" 200 413
180.162.195.211 - - [05/Jul/2021:10:00:22 +0800] "GET /xingrg/all/function/internal_message.html?_=1625450428468&CODE_STATE=getMsg HTTP/1.1" 200 27
180.162.195.211 - - [05/Jul/2021:10:00:22 +0800] "GET /xingrg/check_reg.html?_=1625450428471 HTTP/1.1" 200 22
180.169.147.146 - - [05/Jul/2021:10:00:25 +0800] "GET /xingrg/all/function/internal_message.html?_=1625450432614&CODE_STATE=getMsg HTTP/1.1" 200 27
116.230.117.165 - - [05/Jul/2021:10:00:26 +0800] "GET /xingrg/all/function/internal_message.html?_=1625450433187&CODE_STATE=getMsg HTTP/1.1" 200 27
180.162.195.211 - - [05/Jul/2021:10:00:29 +0800] "POST /xingrg/kc/buy/cgsh_order_operate.html HTTP/1.1" 200 37
180.162.195.211 - - [05/Jul/2021:10:00:30 +0800] "GET /xingrg/all/function/internal_message.html?_=1625450406220&CODE_STATE=getMsg HTTP/1.1" 200 27
180.162.195.211 - - [05/Jul/2021:10:00:30 +0800] "POST /xingrg/kc/buy/cgsh_order_operate.html HTTP/1.1" 200 2657
222.69.131.80 - - [05/Jul/2021:10:00:38 +0800] "GET /xingrg/all/function/internal_message.html?_=1625450445197&CODE_STATE=getMsg HTTP/1.1" 200 27
180.174.237.246 - - [05/Jul/2021:10:00:43 +0800] "GET /xingrg/all/function/internal_message.html?_=1625450453394&CODE_STATE=getMsg HTTP/1.1" 200 27
180.162.195.211 - - [05/Jul/2021:10:00:52 +0800] "POST /xingrg/kc/buy/cgsh_order_operate.html HTTP/1.1" 200 37
180.162.195.211 - - [05/Jul/2021:10:00:54 +0800] "POST /xingrg/kc/buy/cgsh_order_operate.html HTTP/1.1" 200 2657
180.162.195.211 - - [05/Jul/2021:10:00:55 +0800] "GET /xingrg/kc/print/load_data.html?order_code=212021070501917&kc_code=cgsh&condition= HTTP/1.1" 200 676
116.224.253.72 - - [05/Jul/2021:10:00:56 +0800] "GET /xingrg/all/function/internal_message.html?_=1625450458912&CODE_STATE=getMsg HTTP/1.1" 200 27
116.224.253.72 - - [05/Jul/2021:10:00:59 +0800] "GET /xingrg/all/function/internal_message.html?_=1625450456929&CODE_STATE=getMsg HTTP/1.1" 200 27
180.169.147.146 - - [05/Jul/2021:10:01:00 +0800] "GET /xingrg/all/function/internal_message.html?_=1625450467697&CODE_STATE=getMsg HTTP/1.1" 200 27
222.70.176.145 - - [05/Jul/2021:10:01:03 +0800] "GET /xingrg/all/function/internal_message.html?_=1625450468985&CODE_STATE=getMsg HTTP/1.1" 200 27
180.169.147.146 - - [05/Jul/2021:10:01:03 +0800] "GET /xingrg/all/function/internal_message.html?_=1625450470611&CODE_STATE=getMsg HTTP/1.1" 200 27
180.162.195.211 - - [05/Jul/2021:10:01:04 +0800] "GET /xingrg/kc/buy/cgsh_order_add.html HTTP/1.1" 200 62722
180.162.195.211 - - [05/Jul/2021:10:01:04 +0800] "GET /xingrg/javascript/easyui/themes/default/validatebox.css HTTP/1.1" 404 1104
180.162.195.211 - - [05/Jul/2021:10:01:04 +0800] "POST /xingrg/kc/buy/cgsh_order_operate.html HTTP/1.1" 200 8245
114.86.228.137 - - [05/Jul/2021:10:01:13 +0800] "GET /xingrg/all/function/internal_message.html?_=1625450481131&CODE_STATE=getMsg HTTP/1.1" 200 27
114.86.228.137 - - [05/Jul/2021:10:01:13 +0800] "GET /xingrg/check_reg.html?_=1625450481132 HTTP/1.1" 200 22
180.162.195.211 - - [05/Jul/2021:10:01:20 +0800] "GET /xingrg/kc/buy/cgsh_order_operate.html?command=get_materiel&rest_code=00105&code=00101010161&supplier_code=00100334&order_time=2021-07-05 HTTP/1.1" 200 409
180.162.195.211 - - [05/Jul/2021:10:01:22 +0800] "GET /xingrg/all/function/internal_message.html?_=1625450488455&CODE_STATE=getMsg HTTP/1.1" 200 27
116.230.117.165 - - [05/Jul/2021:10:01:25 +0800] "GET /xingrg/check_reg.html?_=1625450491469 HTTP/1.1" 200 22
180.169.147.146 - - [05/Jul/2021:10:01:25 +0800] "GET /xingrg/all/function/internal_message.html?_=1625450492620&CODE_STATE=getMsg HTTP/1.1" 200 27
116.230.117.165 - - [05/Jul/2021:10:01:26 +0800] "GET /xingrg/all/function/internal_message.html?_=1625450493200&CODE_STATE=getMsg HTTP/1.1" 200 27
180.162.195.211 - - [05/Jul/2021:10:01:30 +0800] "GET /xingrg/all/function/internal_message.html?_=1625450466220&CODE_STATE=getMsg HTTP/1.1" 200 27
222.69.131.80 - - [05/Jul/2021:10:01:38 +0800] "GET /xingrg/all/function/internal_message.html?_=1625450505211&CODE_STATE=getMsg HTTP/1.1" 200 27
222.69.131.80 - - [05/Jul/2021:10:01:38 +0800] "GET /xingrg/check_reg.html?_=1625450505211 HTTP/1.1" 200 22
180.174.237.246 - - [05/Jul/2021:10:01:44 +0800] "GET /xingrg/all/function/internal_message.html?_=1625450514737&CODE_STATE=getMsg HTTP/1.1" 200 27
116.224.253.72 - - [05/Jul/2021:10:01:56 +0800] "GET /xingrg/check_reg.html?_=1625450518923 HTTP/1.1" 200 22
116.224.253.72 - - [05/Jul/2021:10:01:56 +0800] "GET /xingrg/all/function/internal_message.html?_=1625450518928&CODE_STATE=getMsg HTTP/1.1" 200 27
116.224.253.72 - - [05/Jul/2021:10:01:59 +0800] "GET /xingrg/all/function/internal_message.html?_=1625450516938&CODE_STATE=getMsg HTTP/1.1" 200 27
180.169.147.146 - - [05/Jul/2021:10:02:00 +0800] "GET /xingrg/all/function/internal_message.html?_=1625450527699&CODE_STATE=getMsg HTTP/1.1" 200 27
222.70.176.145 - - [05/Jul/2021:10:02:03 +0800] "GET /xingrg/all/function/internal_message.html?_=1625450528988&CODE_STATE=getMsg HTTP/1.1" 200 27
180.169.147.146 - - [05/Jul/2021:10:02:03 +0800] "GET /xingrg/all/function/internal_message.html?_=1625450530611&CODE_STATE=getMsg HTTP/1.1" 200 27
