180.162.195.211 - - [05/Jul/2021:10:42:30 +0800] "GET /xingrg/all/function/internal_message.html?_=1625452926306&CODE_STATE=getMsg HTTP/1.1" 200 27
58.37.5.217 - - [05/Jul/2021:10:42:31 +0800] "GET /xingrg/kc/buy/cgsh_order_info.html?code=212021070501988 HTTP/1.1" 200 57595
58.37.5.217 - - [05/Jul/2021:10:42:32 +0800] "GET /xingrg/javascript/easyui/themes/default/validatebox.css HTTP/1.1" 404 1104
116.224.253.72 - - [05/Jul/2021:10:42:32 +0800] "GET /xingrg/all/function/internal_message.html?_=1625452949588&CODE_STATE=getMsg HTTP/1.1" 200 27
58.37.5.217 - - [05/Jul/2021:10:42:32 +0800] "POST /xingrg/kc/buy/cgsh_order_operate.html HTTP/1.1" 200 613
116.224.253.72 - - [05/Jul/2021:10:42:33 +0800] "GET /xingrg/kc/buy/cgsh_order_operate.html?command=get_materiel&rest_code=00150&code=00101008037&supplier_code=00100440&order_time=2021-07-05 HTTP/1.1" 200 413
58.37.5.217 - - [05/Jul/2021:10:42:34 +0800] "GET /xingrg/kc/print/load_config.html?kc_code=cgsh HTTP/1.1" 200 1845
58.37.5.217 - - [05/Jul/2021:10:42:34 +0800] "GET /xingrg/kc/print/load_data.html?order_code=212021070501988&kc_code=cgsh&condition= HTTP/1.1" 200 783
116.230.117.165 - - [05/Jul/2021:10:42:37 +0800] "GET /xingrg/all/function/internal_message.html?_=1625452963820&CODE_STATE=getMsg HTTP/1.1" 200 27
222.69.131.80 - - [05/Jul/2021:10:42:37 +0800] "GET /xingrg/all/function/internal_message.html?_=1625452964892&CODE_STATE=getMsg HTTP/1.1" 200 27
116.224.253.72 - - [05/Jul/2021:10:42:39 +0800] "POST /xingrg/kc/buy/cgsh_order_operate.html HTTP/1.1" 200 37
180.169.147.146 - - [05/Jul/2021:10:42:40 +0800] "GET /xingrg/check_reg.html?_=1625452965712 HTTP/1.1" 302 -
180.157.255.9 - - [05/Jul/2021:10:42:40 +0800] "GET /xingrg/all/function/internal_message.html?_=1625452968437&CODE_STATE=getMsg HTTP/1.1" 200 27
222.69.131.80 - - [05/Jul/2021:10:42:42 +0800] "POST /xingrg/kc/buy/cgsh_order_operate.html HTTP/1.1" 200 37
58.37.225.51 - - [05/Jul/2021:10:42:42 +0800] "GET /xingrg/kc/buy/cgsh_order_operate.html?command=get_materiel&rest_code=00141&code=00101008265&supplier_code=00100007&order_time=2021-07-05 HTTP/1.1" 200 409
116.224.253.72 - - [05/Jul/2021:10:42:44 +0800] "POST /xingrg/kc/buy/cgsh_order_operate.html HTTP/1.1" 200 12
222.69.131.80 - - [05/Jul/2021:10:42:47 +0800] "POST /xingrg/kc/buy/cgsh_order_operate.html HTTP/1.1" 200 12
116.224.253.72 - - [05/Jul/2021:10:42:47 +0800] "GET /xingrg/kc/buy/cgsh_order_info.html?code=212021070501989 HTTP/1.1" 200 57511
116.224.253.72 - - [05/Jul/2021:10:42:47 +0800] "GET /xingrg/javascript/easyui/themes/default/validatebox.css HTTP/1.1" 404 1104
222.69.131.80 - - [05/Jul/2021:10:42:48 +0800] "GET /xingrg/kc/buy/cgsh_order_info.html?code=212021070501990 HTTP/1.1" 200 57640
116.224.253.72 - - [05/Jul/2021:10:42:48 +0800] "POST /xingrg/kc/buy/cgsh_order_operate.html HTTP/1.1" 200 1203
222.69.131.80 - - [05/Jul/2021:10:42:48 +0800] "GET /xingrg/words/20210705102301_words.js HTTP/1.1" 304 -
222.69.131.80 - - [05/Jul/2021:10:42:48 +0800] "GET /xingrg/javascript/easyui/themes/default/validatebox.css HTTP/1.1" 404 1104
222.69.131.80 - - [05/Jul/2021:10:42:49 +0800] "POST /xingrg/kc/buy/cgsh_order_operate.html HTTP/1.1" 200 2994
116.230.110.80 - - [05/Jul/2021:10:42:49 +0800] "GET /xingrg/all/function/internal_message.html?_=1625452975186&CODE_STATE=getMsg HTTP/1.1" 200 27
116.224.253.72 - - [05/Jul/2021:10:42:49 +0800] "GET /xingrg/kc/print/load_data.html?order_code=212021070501989&kc_code=cgsh&condition= HTTP/1.1" 200 946
58.40.7.146 - - [05/Jul/2021:10:42:50 +0800] "GET /xingrg/all/function/internal_message.html?_=1625452976311&CODE_STATE=getMsg HTTP/1.1" 200 27
180.174.237.246 - - [05/Jul/2021:10:42:51 +0800] "GET /xingrg/all/function/internal_message.html?_=1625452982098&CODE_STATE=getMsg HTTP/1.1" 200 27
180.169.147.146 - - [05/Jul/2021:10:42:52 +0800] "GET /xingrg/all/function/internal_message.html?_=1625452979401&CODE_STATE=getMsg HTTP/1.1" 200 27
222.69.131.80 - - [05/Jul/2021:10:42:52 +0800] "GET /xingrg/kc/print/load_data.html?order_code=212021070501990&kc_code=cgsh&condition= HTTP/1.1" 200 1695
116.224.253.72 - - [05/Jul/2021:10:42:53 +0800] "GET /xingrg/kc/buy/cgsh_order_add.html HTTP/1.1" 200 62599
116.224.253.72 - - [05/Jul/2021:10:42:53 +0800] "POST /xingrg/kc/buy/cgsh_order_operate.html HTTP/1.1" 200 8245
116.224.253.72 - - [05/Jul/2021:10:42:53 +0800] "GET /xingrg/javascript/easyui/themes/default/validatebox.css HTTP/1.1" 404 1104
116.224.253.72 - - [05/Jul/2021:10:42:57 +0800] "GET /xingrg/all/function/internal_message.html?_=1625452979029&CODE_STATE=getMsg HTTP/1.1" 200 27
222.69.131.80 - - [05/Jul/2021:10:42:58 +0800] "GET /xingrg/kc/buy/cgsh_order_add.html HTTP/1.1" 200 62728
222.69.131.80 - - [05/Jul/2021:10:42:58 +0800] "POST /xingrg/kc/buy/cgsh_order_operate.html HTTP/1.1" 200 8245
222.69.131.80 - - [05/Jul/2021:10:42:58 +0800] "GET /xingrg/javascript/easyui/themes/default/validatebox.css HTTP/1.1" 404 1104
180.169.147.146 - - [05/Jul/2021:10:43:00 +0800] "GET /xingrg/all/function/internal_message.html?_=1625452987790&CODE_STATE=getMsg HTTP/1.1" 200 27
116.224.253.72 - - [05/Jul/2021:10:43:01 +0800] "GET /xingrg/kc/buy/cgsh_order_operate.html?command=get_materiel&rest_code=00150&code=00101001140&supplier_code=00100319&order_time=2021-07-05 HTTP/1.1" 200 413
116.235.222.38 - - [05/Jul/2021:10:43:02 +0800] "GET /xingrg/kc/buy/buy_main.html HTTP/1.1" 200 12412
116.235.222.38 - - [05/Jul/2021:10:43:02 +0800] "GET /xingrg/css/new_ie.css HTTP/1.1" 404 1036
116.235.222.38 - - [05/Jul/2021:10:43:03 +0800] "GET /xingrg/images/yd/bt.gif HTTP/1.1" 404 1040
222.70.176.145 - - [05/Jul/2021:10:43:03 +0800] "GET /xingrg/all/function/internal_message.html?_=1625452989078&CODE_STATE=getMsg HTTP/1.1" 200 27
180.169.147.146 - - [05/Jul/2021:10:43:04 +0800] "GET /xingrg/all/function/internal_message.html?_=1625452990767&CODE_STATE=getMsg HTTP/1.1" 200 27
116.235.222.38 - - [05/Jul/2021:10:43:04 +0800] "GET /xingrg/kc/buy/cgsh_order_list.html HTTP/1.1" 200 46943
116.235.222.38 - - [05/Jul/2021:10:43:06 +0800] "POST /xingrg/kc/buy/cgsh_list_operate.html HTTP/1.1" 200 876
114.86.228.137 - - [05/Jul/2021:10:43:13 +0800] "GET /xingrg/all/function/internal_message.html?_=1625453001240&CODE_STATE=getMsg HTTP/1.1" 200 27
58.37.5.217 - - [05/Jul/2021:10:43:13 +0800] "GET /xingrg/kc/buy/cgsh_order_add.html HTTP/1.1" 200 62681
58.37.5.217 - - [05/Jul/2021:10:43:14 +0800] "GET /xingrg/javascript/easyui/themes/default/validatebox.css HTTP/1.1" 404 1104
58.37.5.217 - - [05/Jul/2021:10:43:14 +0800] "POST /xingrg/kc/buy/cgsh_order_operate.html HTTP/1.1" 200 8245
116.224.253.72 - - [05/Jul/2021:10:43:14 +0800] "GET /xingrg/kc/buy/cgsh_order_operate.html?command=get_materiel&rest_code=00150&code=00101001125&supplier_code=00100319&order_time=2021-07-05 HTTP/1.1" 200 415
222.69.131.80 - - [05/Jul/2021:10:43:15 +0800] "GET /xingrg/kc/buy/cgsh_order_operate.html?command=get_materiel&rest_code=00149&code=00101006001&supplier_code=00100404&order_time=2021-07-04 HTTP/1.1" 200 428
58.37.225.51 - - [05/Jul/2021:10:43:16 +0800] "GET /xingrg/all/function/internal_message.html?_=1625452924896&CODE_STATE=getMsg HTTP/1.1" 200 27
58.37.5.217 - - [05/Jul/2021:10:43:16 +0800] "GET /xingrg/javascript/easyui/themes/default/tree.css HTTP/1.1" 404 1090
58.37.5.217 - - [05/Jul/2021:10:43:16 +0800] "POST /xingrg/all/common/load_tree.html?tree=supplier_tree_json&isDelete=1 HTTP/1.1" 200 56276
180.162.195.211 - - [05/Jul/2021:10:43:22 +0800] "GET /xingrg/all/function/internal_message.html?_=1625453008477&CODE_STATE=getMsg HTTP/1.1" 200 27
116.224.253.72 - - [05/Jul/2021:10:43:23 +0800] "POST /xingrg/kc/buy/cgsh_order_operate.html HTTP/1.1" 200 37
58.37.5.217 - - [05/Jul/2021:10:43:23 +0800] "GET /xingrg/all/function/internal_message.html?_=1625453009537&CODE_STATE=getMsg HTTP/1.1" 200 27
180.169.147.146 - - [05/Jul/2021:10:43:23 +0800] "GET /xingrg/all/function/internal_message.html?_=1625453015862&CODE_STATE=getMsg HTTP/1.1" 200 27
180.169.147.146 - - [05/Jul/2021:10:43:25 +0800] "GET /xingrg/all/function/internal_message.html?_=1625453012626&CODE_STATE=getMsg HTTP/1.1" 200 27
116.224.253.72 - - [05/Jul/2021:10:43:26 +0800] "POST /xingrg/kc/buy/cgsh_order_operate.html HTTP/1.1" 200 12
116.224.253.72 - - [05/Jul/2021:10:43:26 +0800] "GET /xingrg/kc/buy/cgsh_order_info.html?code=212021070501991 HTTP/1.1" 200 57511
116.224.253.72 - - [05/Jul/2021:10:43:27 +0800] "GET /xingrg/javascript/easyui/themes/default/validatebox.css HTTP/1.1" 404 1104
116.224.253.72 - - [05/Jul/2021:10:43:27 +0800] "POST /xingrg/kc/buy/cgsh_order_operate.html HTTP/1.1" 200 1209
180.162.195.211 - - [05/Jul/2021:10:43:27 +0800] "GET /xingrg/check_reg.html?_=1625453011440 HTTP/1.1" 200 22
180.162.195.211 - - [05/Jul/2021:10:43:27 +0800] "GET /xingrg/all/function/internal_message.html?_=1625453011443&CODE_STATE=getMsg HTTP/1.1" 200 27
58.37.225.51 - - [05/Jul/2021:10:43:28 +0800] "GET /xingrg/kc/buy/cgsh_order_operate.html?command=get_materiel&rest_code=00141&code=00101008175&supplier_code=00100007&order_time=2021-07-05 HTTP/1.1" 200 412
116.235.222.38 - - [05/Jul/2021:10:43:28 +0800] "GET /xingrg/all/function/internal_message.html?_=1625453012823&CODE_STATE=getMsg HTTP/1.1" 200 27
116.224.253.72 - - [05/Jul/2021:10:43:28 +0800] "GET /xingrg/kc/print/load_data.html?order_code=212021070501991&kc_code=cgsh&condition= HTTP/1.1" 200 948
58.37.5.217 - - [05/Jul/2021:10:43:29 +0800] "GET /xingrg/kc/buy/cgsh_order_operate.html?command=get_materiel&rest_code=00106&code=00101006006&supplier_code=00100015&order_time=2021-07-05 HTTP/1.1" 200 411
180.162.195.211 - - [05/Jul/2021:10:43:30 +0800] "GET /xingrg/all/function/internal_message.html?_=1625452986306&CODE_STATE=getMsg HTTP/1.1" 200 27
222.69.131.80 - - [05/Jul/2021:10:43:32 +0800] "POST /xingrg/kc/buy/cgsh_order_operate.html HTTP/1.1" 200 37
116.224.253.72 - - [05/Jul/2021:10:43:32 +0800] "GET /xingrg/all/function/internal_message.html?_=1625453009599&CODE_STATE=getMsg HTTP/1.1" 200 27
116.224.253.72 - - [05/Jul/2021:10:43:32 +0800] "GET /xingrg/kc/buy/cgsh_order_add.html HTTP/1.1" 200 62599
116.224.253.72 - - [05/Jul/2021:10:43:33 +0800] "POST /xingrg/kc/buy/cgsh_order_operate.html HTTP/1.1" 200 8245
180.169.147.146 - - [05/Jul/2021:10:43:33 +0800] "POST /xingrg/dwr/call/plaincall/AjaxReportQueryService.refreshCache.dwr HTTP/1.1" 200 78
116.224.253.72 - - [05/Jul/2021:10:43:33 +0800] "GET /xingrg/javascript/easyui/themes/default/validatebox.css HTTP/1.1" 404 1104
180.169.147.146 - - [05/Jul/2021:10:43:33 +0800] "POST /xingrg/all/report/load_report_page.html HTTP/1.1" 200 64154
180.169.147.146 - - [05/Jul/2021:10:43:33 +0800] "GET /xingrg/servlets/image?cache=0.6909444382127468&image=px HTTP/1.1" 200 807
222.69.131.80 - - [05/Jul/2021:10:43:35 +0800] "POST /xingrg/kc/buy/cgsh_order_operate.html HTTP/1.1" 200 12
222.69.131.80 - - [05/Jul/2021:10:43:37 +0800] "GET /xingrg/kc/buy/cgsh_order_info.html?code=212021070501992 HTTP/1.1" 200 57642
116.230.117.165 - - [05/Jul/2021:10:43:37 +0800] "GET /xingrg/all/function/internal_message.html?_=1625453023832&CODE_STATE=getMsg HTTP/1.1" 200 27
222.69.131.80 - - [05/Jul/2021:10:43:37 +0800] "GET /xingrg/javascript/easyui/themes/default/validatebox.css HTTP/1.1" 404 1104
222.69.131.80 - - [05/Jul/2021:10:43:37 +0800] "GET /xingrg/all/function/internal_message.html?_=1625453024871&CODE_STATE=getMsg HTTP/1.1" 200 27
222.69.131.80 - - [05/Jul/2021:10:43:39 +0800] "POST /xingrg/kc/buy/cgsh_order_operate.html HTTP/1.1" 200 625
180.174.237.246 - - [05/Jul/2021:10:43:40 +0800] "GET /xingrg/check_reg.html?_=1625453031038 HTTP/1.1" 200 22
180.157.255.9 - - [05/Jul/2021:10:43:40 +0800] "GET /xingrg/all/function/internal_message.html?_=1625453028436&CODE_STATE=getMsg HTTP/1.1" 200 27
222.69.131.80 - - [05/Jul/2021:10:43:42 +0800] "GET /xingrg/kc/print/load_data.html?order_code=212021070501992&kc_code=cgsh&condition= HTTP/1.1" 200 741
58.37.5.217 - - [05/Jul/2021:10:43:43 +0800] "GET /xingrg/kc/buy/cgsh_order_operate.html?command=get_materiel&rest_code=00106&code=00101006109&supplier_code=00100015&order_time=2021-07-05 HTTP/1.1" 200 409
116.224.253.72 - - [05/Jul/2021:10:43:43 +0800] "GET /xingrg/kc/buy/cgsh_order_operate.html?command=get_materiel&rest_code=00150&code=00101015122&supplier_code=00100443&order_time=2021-07-05 HTTP/1.1" 200 407
58.37.225.51 - - [05/Jul/2021:10:43:44 +0800] "GET /xingrg/kc/buy/cgsh_order_operate.html?command=get_materiel&rest_code=00141&code=00101008331&supplier_code=00100007&order_time=2021-07-05 HTTP/1.1" 200 416
222.69.131.80 - - [05/Jul/2021:10:43:48 +0800] "GET /xingrg/kc/buy/cgsh_order_add.html HTTP/1.1" 200 62728
116.230.110.80 - - [05/Jul/2021:10:43:49 +0800] "GET /xingrg/all/function/internal_message.html?_=1625453035161&CODE_STATE=getMsg HTTP/1.1" 200 27
222.69.131.80 - - [05/Jul/2021:10:43:49 +0800] "POST /xingrg/kc/buy/cgsh_order_operate.html HTTP/1.1" 200 8245
222.69.131.80 - - [05/Jul/2021:10:43:49 +0800] "GET /xingrg/javascript/easyui/themes/default/validatebox.css HTTP/1.1" 404 1104
58.40.7.146 - - [05/Jul/2021:10:43:50 +0800] "GET /xingrg/all/function/internal_message.html?_=1625453036313&CODE_STATE=getMsg HTTP/1.1" 200 27
116.224.253.72 - - [05/Jul/2021:10:43:50 +0800] "POST /xingrg/kc/buy/cgsh_order_operate.html HTTP/1.1" 200 37
180.174.237.246 - - [05/Jul/2021:10:43:51 +0800] "GET /xingrg/all/function/internal_message.html?_=1625453042105&CODE_STATE=getMsg HTTP/1.1" 200 27
180.169.147.146 - - [05/Jul/2021:10:43:52 +0800] "GET /xingrg/all/function/internal_message.html?_=1625453039400&CODE_STATE=getMsg HTTP/1.1" 200 27
116.224.253.72 - - [05/Jul/2021:10:43:53 +0800] "POST /xingrg/kc/buy/cgsh_order_operate.html HTTP/1.1" 200 12
58.37.5.217 - - [05/Jul/2021:10:43:53 +0800] "GET /xingrg/kc/buy/cgsh_order_operate.html?command=get_materiel&rest_code=00106&code=00101006058&supplier_code=00100015&order_time=2021-07-05 HTTP/1.1" 200 413
116.224.253.72 - - [05/Jul/2021:10:43:54 +0800] "GET /xingrg/kc/buy/cgsh_order_info.html?code=212021070501993 HTTP/1.1" 200 57509
116.224.253.72 - - [05/Jul/2021:10:43:54 +0800] "GET /xingrg/javascript/easyui/themes/default/validatebox.css HTTP/1.1" 404 1104
116.224.253.72 - - [05/Jul/2021:10:43:55 +0800] "POST /xingrg/kc/buy/cgsh_order_operate.html HTTP/1.1" 200 615
58.37.225.51 - - [05/Jul/2021:10:43:55 +0800] "GET /xingrg/kc/buy/cgsh_order_operate.html?command=get_materiel&rest_code=00141&code=00101008350&supplier_code=00100007&order_time=2021-07-05 HTTP/1.1" 200 408
116.224.253.72 - - [05/Jul/2021:10:43:56 +0800] "GET /xingrg/kc/print/load_data.html?order_code=212021070501993&kc_code=cgsh&condition= HTTP/1.1" 200 719
116.224.253.72 - - [05/Jul/2021:10:43:57 +0800] "GET /xingrg/all/function/internal_message.html?_=1625453039075&CODE_STATE=getMsg HTTP/1.1" 200 27
222.69.131.80 - - [05/Jul/2021:10:43:57 +0800] "GET /xingrg/kc/buy/cgsh_order_operate.html?command=get_materiel&rest_code=00149&code=00101002006&supplier_code=00100091&order_time=2021-07-04 HTTP/1.1" 200 413
180.169.147.146 - - [05/Jul/2021:10:44:00 +0800] "GET /xingrg/check_reg.html?_=1625453047795 HTTP/1.1" 200 22
180.169.147.146 - - [05/Jul/2021:10:44:00 +0800] "GET /xingrg/all/function/internal_message.html?_=1625453047793&CODE_STATE=getMsg HTTP/1.1" 200 27
116.224.253.72 - - [05/Jul/2021:10:44:02 +0800] "POST /xingrg/all/user/operate.html HTTP/1.1" 200 36
116.235.222.38 - - [05/Jul/2021:10:44:02 +0800] "GET /xingrg/kc/buy/cgsh_order_add.html HTTP/1.1" 200 62763
116.224.253.72 - - [05/Jul/2021:10:44:02 +0800] "GET /xingrg/index.html?sysBaseUrl=http%3A%2F%2F180.169.147.146%3A18081%2Fxingrg%2F&costTime=44×tamp=1625446053325 HTTP/1.1" 200 17177
116.224.253.72 - - [05/Jul/2021:10:44:02 +0800] "GET /xingrg/javascript/jquery_easy_ui/themes/default/easyui.css HTTP/1.1" 304 -
116.224.253.72 - - [05/Jul/2021:10:44:02 +0800] "GET /xingrg/javascript/jquery_easy_ui/themes/icon.css HTTP/1.1" 304 -
116.224.253.72 - - [05/Jul/2021:10:44:02 +0800] "GET /xingrg/css/form.css HTTP/1.1" 304 -
116.224.253.72 - - [05/Jul/2021:10:44:02 +0800] "GET /xingrg/javascript/jquery-1.4.2.min.js HTTP/1.1" 304 -
116.224.253.72 - - [05/Jul/2021:10:44:02 +0800] "GET /xingrg/javascript/jquery_easy_ui/jquery.easyui.min.js HTTP/1.1" 304 -
116.235.222.38 - - [05/Jul/2021:10:44:02 +0800] "GET /xingrg/words/20210705102301_words.js HTTP/1.1" 200 823856
116.224.253.72 - - [05/Jul/2021:10:44:02 +0800] "GET /xingrg/javascript/jquery_easy_ui/easyui-lang-zh_CN.js HTTP/1.1" 304 -
116.224.253.72 - - [05/Jul/2021:10:44:02 +0800] "GET /xingrg/javascript/jquery.form.js HTTP/1.1" 304 -
116.224.253.72 - - [05/Jul/2021:10:44:02 +0800] "GET /xingrg/javascript/jquery.utils.js HTTP/1.1" 304 -
116.224.253.72 - - [05/Jul/2021:10:44:02 +0800] "GET /xingrg/javascript/jquery.timers.js HTTP/1.1" 304 -
116.224.253.72 - - [05/Jul/2021:10:44:02 +0800] "GET /xingrg/images/blue/jxLogo.png HTTP/1.1" 304 -
116.224.253.72 - - [05/Jul/2021:10:44:02 +0800] "GET /xingrg/javascript/jquery_easy_ui/themes/icons/settle_new.png HTTP/1.1" 304 -
116.224.253.72 - - [05/Jul/2021:10:44:02 +0800] "GET /xingrg/images/blue/navBackgound.jpg HTTP/1.1" 304 -
116.224.253.72 - - [05/Jul/2021:10:44:02 +0800] "POST /xingrg/all/common/load_tree.html?tree=area_rest_tree_json&manage=1 HTTP/1.1" 200 476
116.224.253.72 - - [05/Jul/2021:10:44:02 +0800] "GET /xingrg/all/function/internal_message.html?_=1625453044812&CODE_STATE=count HTTP/1.1" 200 11
116.224.253.72 - - [05/Jul/2021:10:44:02 +0800] "GET /xingrg/images/blue/pingpu.png HTTP/1.1" 304 -
116.224.253.72 - - [05/Jul/2021:10:44:02 +0800] "GET /xingrg/check_reg.html?_=1625453044814 HTTP/1.1" 200 22
116.224.253.72 - - [05/Jul/2021:10:44:02 +0800] "GET /xingrg/javascript/jquery_easy_ui/themes/default/images/tabs_leftarrow.png HTTP/1.1" 304 -
116.224.253.72 - - [05/Jul/2021:10:44:02 +0800] "GET /xingrg/javascript/jquery_easy_ui/themes/default/images/tabs_rightarrow.png HTTP/1.1" 304 -
116.224.253.72 - - [05/Jul/2021:10:44:02 +0800] "GET /xingrg/javascript/jquery_easy_ui/themes/default/images/panel_tool_collapse.gif HTTP/1.1" 304 -
116.224.253.72 - - [05/Jul/2021:10:44:02 +0800] "POST /xingrg/load_menu.html HTTP/1.1" 200 5138
116.235.222.38 - - [05/Jul/2021:10:44:03 +0800] "GET /xingrg/all/common/auto_word.html?type=employee&rest_code=00107 HTTP/1.1" 200 101
116.235.222.38 - - [05/Jul/2021:10:44:03 +0800] "GET /xingrg/all/common/auto_word.html?type=employee&rest_code=00107 HTTP/1.1" 200 101
116.235.222.38 - - [05/Jul/2021:10:44:03 +0800] "GET /xingrg/javascript/easyui/themes/default/validatebox.css HTTP/1.1" 404 1104
116.235.222.38 - - [05/Jul/2021:10:44:03 +0800] "POST /xingrg/kc/buy/cgsh_order_operate.html HTTP/1.1" 200 8245
222.70.176.145 - - [05/Jul/2021:10:44:03 +0800] "GET /xingrg/all/function/internal_message.html?_=1625453049082&CODE_STATE=getMsg HTTP/1.1" 200 27
58.37.5.217 - - [05/Jul/2021:10:44:04 +0800] "GET /xingrg/kc/buy/cgsh_order_operate.html?command=get_materiel&rest_code=00106&code=00101006174&supplier_code=00100015&order_time=2021-07-05 HTTP/1.1" 200 414
180.169.147.146 - - [05/Jul/2021:10:44:04 +0800] "GET /xingrg/all/function/internal_message.html?_=1625453050769&CODE_STATE=getMsg HTTP/1.1" 200 27
180.169.147.146 - - [05/Jul/2021:10:44:04 +0800] "GET /xingrg/check_reg.html?_=1625453050770 HTTP/1.1" 200 22
180.169.147.146 - - [05/Jul/2021:10:44:04 +0800] "GET /xingrg/all/report/report_query.html?isQuery=1&fileName=dma/new_5.0/menu/menu_hz.xml&queryString=(a.sale_day%2520between%252020210601%2520and%252020210630)%2520and%2520(a.sid%2520in%2520(12))%2520and%2520(a.tj_code%253D18)&queryText=%25E3%2580%2590%25E8%2590%25A5%25E4%25B8%259A%25E6%2597%25A5%25E6%259C%259F%253A2021-06-01%2520%25E8%2587%25B3%25202021-06-30%25E3%2580%2591%2520%25E5%25B9%25B6%25E4%25B8%2594%2520%2520%25E3%2580%2590%25E9%2597%25A8%25E5%25BA%2597%25E5%2590%258D%25E7%25A7%25B0%2520%253D%2520%25E6%25B7%25B1%25E6%25B5%25B7%25E6%25B8%2594%25E6%25B8%25AF%25E9%2595%25BF%25E9%2598%25B3%25E8%25B7%25AF%25E3%2580%2591%2520%25E5%25B9%25B6%25E4%25B8%2594%2520%25E3%2580%2590%25E7%25BB%259F%25E8%25AE%25A1%25E7%25B1%25BB%25E5%2588%25AB%2520%253D%2520%25E6%258A%25B5%25E7%2594%25A8%25E5%2588%25B8%25E3%2580%2591 HTTP/1.1" 200 54120
180.169.147.146 - - [05/Jul/2021:10:44:04 +0800] "GET /xingrg/dwr/engine.js HTTP/1.1" 200 43631
180.169.147.146 - - [05/Jul/2021:10:44:04 +0800] "GET /xingrg/dwr/util.js HTTP/1.1" 304 -
180.169.147.146 - - [05/Jul/2021:10:44:04 +0800] "GET /favicon.ico HTTP/1.1" 404 -
180.169.147.146 - - [05/Jul/2021:10:44:05 +0800] "POST /xingrg/all/report/load_report_page.html HTTP/1.1" 200 45652
180.169.147.146 - - [05/Jul/2021:10:44:05 +0800] "GET /xingrg/servlets/image?cache=0.5045600806112539&image=px HTTP/1.1" 200 807
222.69.131.80 - - [05/Jul/2021:10:44:08 +0800] "POST /xingrg/kc/buy/cgsh_order_operate.html HTTP/1.1" 200 37
116.235.222.38 - - [05/Jul/2021:10:44:08 +0800] "GET /xingrg/javascript/easyui/themes/default/tree.css HTTP/1.1" 404 1090
116.235.222.38 - - [05/Jul/2021:10:44:09 +0800] "POST /xingrg/all/common/load_tree.html?tree=supplier_tree_json&isDelete=1 HTTP/1.1" 200 56276
58.37.225.51 - - [05/Jul/2021:10:44:10 +0800] "GET /xingrg/kc/buy/cgsh_order_operate.html?command=get_materiel&rest_code=00141&code=00101008110&supplier_code=00100007&order_time=2021-07-05 HTTP/1.1" 200 408
116.224.253.72 - - [05/Jul/2021:10:44:11 +0800] "GET /xingrg/kc/buy/cgsh_order_list.html HTTP/1.1" 200 46941
222.69.131.80 - - [05/Jul/2021:10:44:12 +0800] "POST /xingrg/kc/buy/cgsh_order_operate.html HTTP/1.1" 200 12
116.224.253.72 - - [05/Jul/2021:10:44:13 +0800] "POST /xingrg/kc/buy/cgsh_list_operate.html HTTP/1.1" 200 876
114.86.228.137 - - [05/Jul/2021:10:44:13 +0800] "GET /xingrg/all/function/internal_message.html?_=1625453061246&CODE_STATE=getMsg HTTP/1.1" 200 27
116.224.253.72 - - [05/Jul/2021:10:44:13 +0800] "GET /xingrg/kc/buy/cgsh_order_add.html HTTP/1.1" 200 62317
116.224.253.72 - - [05/Jul/2021:10:44:14 +0800] "GET /xingrg/words/20210705102301_words.js HTTP/1.1" 304 -
58.37.5.217 - - [05/Jul/2021:10:44:14 +0800] "GET /xingrg/kc/buy/cgsh_order_operate.html?command=get_materiel&rest_code=00106&code=00101006111&supplier_code=00100015&order_time=2021-07-05 HTTP/1.1" 200 409
116.224.253.72 - - [05/Jul/2021:10:44:14 +0800] "POST /xingrg/kc/buy/cgsh_order_operate.html HTTP/1.1" 200 8245
116.224.253.72 - - [05/Jul/2021:10:44:14 +0800] "GET /xingrg/javascript/easyui/themes/default/validatebox.css HTTP/1.1" 404 1104
222.69.131.80 - - [05/Jul/2021:10:44:14 +0800] "GET /xingrg/kc/buy/cgsh_order_info.html?code=212021070501994 HTTP/1.1" 200 57640
222.69.131.80 - - [05/Jul/2021:10:44:14 +0800] "GET /xingrg/javascript/easyui/themes/default/validatebox.css HTTP/1.1" 404 1104
222.69.131.80 - - [05/Jul/2021:10:44:15 +0800] "POST /xingrg/kc/buy/cgsh_order_operate.html HTTP/1.1" 200 610
58.37.225.51 - - [05/Jul/2021:10:44:16 +0800] "GET /xingrg/check_reg.html?_=1625452984628 HTTP/1.1" 200 22
58.37.225.51 - - [05/Jul/2021:10:44:16 +0800] "GET /xingrg/all/function/internal_message.html?_=1625452984900&CODE_STATE=getMsg HTTP/1.1" 200 27
222.69.131.80 - - [05/Jul/2021:10:44:16 +0800] "GET /xingrg/kc/print/load_data.html?order_code=212021070501994&kc_code=cgsh&condition= HTTP/1.1" 200 780
116.224.253.72 - - [05/Jul/2021:10:44:16 +0800] "GET /xingrg/javascript/auto/indicator.gif HTTP/1.1" 404 1066
58.37.225.51 - - [05/Jul/2021:10:44:20 +0800] "GET /xingrg/kc/buy/cgsh_order_operate.html?command=get_materiel&rest_code=00141&code=00101008223&supplier_code=00100007&order_time=2021-07-05 HTTP/1.1" 200 412
222.69.131.80 - - [05/Jul/2021:10:44:20 +0800] "GET /xingrg/kc/buy/cgsh_order_add.html HTTP/1.1" 200 62728
222.69.131.80 - - [05/Jul/2021:10:44:21 +0800] "POST /xingrg/kc/buy/cgsh_order_operate.html HTTP/1.1" 200 8245
222.69.131.80 - - [05/Jul/2021:10:44:21 +0800] "GET /xingrg/javascript/easyui/themes/default/validatebox.css HTTP/1.1" 404 1104
180.162.195.211 - - [05/Jul/2021:10:44:22 +0800] "GET /xingrg/all/function/internal_message.html?_=1625453068478&CODE_STATE=getMsg HTTP/1.1" 200 27
58.37.5.217 - - [05/Jul/2021:10:44:23 +0800] "GET /xingrg/all/function/internal_message.html?_=1625453069522&CODE_STATE=getMsg HTTP/1.1" 200 27
116.224.253.72 - - [05/Jul/2021:10:44:23 +0800] "GET /xingrg/kc/buy/cgsh_order_operate.html?command=get_materiel&rest_code=00151&code=00101006060&supplier_code=00100266&order_time=2021-07-05 HTTP/1.1" 200 409
180.169.147.146 - - [05/Jul/2021:10:44:23 +0800] "GET /xingrg/check_reg.html?_=1625453075860 HTTP/1.1" 200 22
180.169.147.146 - - [05/Jul/2021:10:44:23 +0800] "GET /xingrg/all/function/internal_message.html?_=1625453075863&CODE_STATE=getMsg HTTP/1.1" 200 27
180.169.147.146 - - [05/Jul/2021:10:44:25 +0800] "GET /xingrg/all/function/internal_message.html?_=1625453072619&CODE_STATE=getMsg HTTP/1.1" 200 27
180.169.147.146 - - [05/Jul/2021:10:44:25 +0800] "GET /xingrg/check_reg.html?_=1625453072623 HTTP/1.1" 200 22
116.224.253.72 - - [05/Jul/2021:10:44:27 +0800] "GET /xingrg/check_reg.html?_=1625453064699 HTTP/1.1" 200 22
180.162.195.211 - - [05/Jul/2021:10:44:27 +0800] "GET /xingrg/all/function/internal_message.html?_=1625453071443&CODE_STATE=getMsg HTTP/1.1" 200 27
58.37.5.217 - - [05/Jul/2021:10:44:27 +0800] "GET /xingrg/kc/buy/cgsh_order_operate.html?command=get_materiel&rest_code=00106&code=00101006144&supplier_code=00100015&order_time=2021-07-05 HTTP/1.1" 200 409
116.235.222.38 - - [05/Jul/2021:10:44:28 +0800] "GET /xingrg/all/function/internal_message.html?_=1625453072803&CODE_STATE=getMsg HTTP/1.1" 200 27
222.69.131.80 - - [05/Jul/2021:10:44:29 +0800] "GET /xingrg/kc/buy/cgsh_order_operate.html?command=get_materiel&rest_code=00149&code=00101002018&supplier_code=00100094&order_time=2021-07-04 HTTP/1.1" 200 414
180.162.195.211 - - [05/Jul/2021:10:44:30 +0800] "GET /xingrg/check_reg.html?_=1625453046304 HTTP/1.1" 200 22
180.162.195.211 - - [05/Jul/2021:10:44:30 +0800] "GET /xingrg/all/function/internal_message.html?_=1625453046306&CODE_STATE=getMsg HTTP/1.1" 200 27
116.224.253.72 - - [05/Jul/2021:10:44:31 +0800] "GET /xingrg/kc/buy/cgsh_order_operate.html?command=get_materiel&rest_code=00151&code=00101010498&supplier_code=00100266&order_time=2021-07-05 HTTP/1.1" 200 406
116.224.253.72 - - [05/Jul/2021:10:44:32 +0800] "GET /xingrg/all/function/internal_message.html?_=1625453069612&CODE_STATE=getMsg HTTP/1.1" 200 27
116.230.117.165 - - [05/Jul/2021:10:44:37 +0800] "GET /xingrg/all/function/internal_message.html?_=1625453084172&CODE_STATE=getMsg HTTP/1.1" 200 27
222.69.131.80 - - [05/Jul/2021:10:44:37 +0800] "GET /xingrg/all/function/internal_message.html?_=1625453084857&CODE_STATE=getMsg HTTP/1.1" 200 27
180.157.255.9 - - [05/Jul/2021:10:44:40 +0800] "GET /xingrg/all/function/internal_message.html?_=1625453088436&CODE_STATE=getMsg HTTP/1.1" 200 27
58.37.5.217 - - [05/Jul/2021:10:44:42 +0800] "GET /xingrg/kc/buy/cgsh_order_operate.html?command=get_materiel&rest_code=00106&code=00101006112&supplier_code=00100015&order_time=2021-07-05 HTTP/1.1" 200 409
222.69.131.80 - - [05/Jul/2021:10:44:42 +0800] "GET /xingrg/kc/buy/cgsh_order_operate.html?command=get_materiel&rest_code=00149&code=00101001051&supplier_code=00100094&order_time=2021-07-04 HTTP/1.1" 200 422
116.224.253.72 - - [05/Jul/2021:10:44:43 +0800] "GET /xingrg/kc/buy/cgsh_order_operate.html?command=get_materiel&rest_code=00151&code=00101010420&supplier_code=00100266&order_time=2021-07-05 HTTP/1.1" 200 419
116.235.222.38 - - [05/Jul/2021:10:44:45 +0800] "GET /xingrg/javascript/auto/indicator.gif HTTP/1.1" 404 1066
116.230.110.80 - - [05/Jul/2021:10:44:49 +0800] "GET /xingrg/all/function/internal_message.html?_=1625453095143&CODE_STATE=getMsg HTTP/1.1" 200 27
116.230.110.80 - - [05/Jul/2021:10:44:49 +0800] "GET /xingrg/check_reg.html?_=1625453095273 HTTP/1.1" 200 22
222.69.131.80 - - [05/Jul/2021:10:44:50 +0800] "POST /xingrg/kc/buy/cgsh_order_operate.html HTTP/1.1" 200 37
58.40.7.146 - - [05/Jul/2021:10:44:50 +0800] "GET /xingrg/all/function/internal_message.html?_=1625453096315&CODE_STATE=getMsg HTTP/1.1" 200 27
116.224.253.72 - - [05/Jul/2021:10:44:51 +0800] "GET /xingrg/kc/buy/cgsh_order_operate.html?command=get_materiel&rest_code=00151&code=00101007038&supplier_code=00100266&order_time=2021-07-05 HTTP/1.1" 200 422
58.37.5.217 - - [05/Jul/2021:10:44:51 +0800] "GET /xingrg/kc/buy/cgsh_order_operate.html?command=get_materiel&rest_code=00106&code=00101006056&supplier_code=00100015&order_time=2021-07-05 HTTP/1.1" 200 413
180.174.237.246 - - [05/Jul/2021:10:44:51 +0800] "GET /xingrg/all/function/internal_message.html?_=1625453102119&CODE_STATE=getMsg HTTP/1.1" 200 27
180.169.147.146 - - [05/Jul/2021:10:44:52 +0800] "GET /xingrg/all/function/internal_message.html?_=1625453099400&CODE_STATE=getMsg HTTP/1.1" 200 27
180.169.147.146 - - [05/Jul/2021:10:44:52 +0800] "GET /xingrg/check_reg.html?_=1625453099403 HTTP/1.1" 200 22
222.69.131.80 - - [05/Jul/2021:10:44:52 +0800] "POST /xingrg/kc/buy/cgsh_order_operate.html HTTP/1.1" 200 12
222.69.131.80 - - [05/Jul/2021:10:44:54 +0800] "GET /xingrg/kc/buy/cgsh_order_info.html?code=212021070501995 HTTP/1.1" 200 57636
222.69.131.80 - - [05/Jul/2021:10:44:54 +0800] "GET /xingrg/words/20210705102301_words.js HTTP/1.1" 304 -
222.69.131.80 - - [05/Jul/2021:10:44:54 +0800] "GET /xingrg/javascript/easyui/themes/default/validatebox.css HTTP/1.1" 404 1104
222.69.131.80 - - [05/Jul/2021:10:44:55 +0800] "POST /xingrg/kc/buy/cgsh_order_operate.html HTTP/1.1" 200 1216
222.69.131.80 - - [05/Jul/2021:10:44:56 +0800] "GET /xingrg/kc/print/load_data.html?order_code=212021070501995&kc_code=cgsh&condition= HTTP/1.1" 200 1028
116.224.253.72 - - [05/Jul/2021:10:44:58 +0800] "POST /xingrg/kc/buy/cgsh_order_operate.html HTTP/1.1" 200 37
58.37.225.51 - - [05/Jul/2021:10:44:58 +0800] "GET /xingrg/kc/buy/cgsh_order_operate.html?command=get_materiel&rest_code=00141&code=00101008236&supplier_code=00100007&order_time=2021-07-05 HTTP/1.1" 200 416
180.169.147.146 - - [05/Jul/2021:10:45:00 +0800] "GET /xingrg/all/function/internal_message.html?_=1625453107800&CODE_STATE=getMsg HTTP/1.1" 200 27
58.37.5.217 - - [05/Jul/2021:10:45:01 +0800] "GET /xingrg/kc/buy/cgsh_order_operate.html?command=get_materiel&rest_code=00106&code=00101006131&supplier_code=00100015&order_time=2021-07-05 HTTP/1.1" 200 417
116.224.253.72 - - [05/Jul/2021:10:45:02 +0800] "POST /xingrg/kc/buy/cgsh_order_operate.html HTTP/1.1" 200 12
116.224.253.72 - - [05/Jul/2021:10:45:03 +0800] "GET /xingrg/kc/buy/cgsh_order_info.html?code=212021070501996 HTTP/1.1" 200 57225
222.70.176.145 - - [05/Jul/2021:10:45:03 +0800] "GET /xingrg/check_reg.html?_=1625453109074 HTTP/1.1" 200 22
222.70.176.145 - - [05/Jul/2021:10:45:03 +0800] "GET /xingrg/all/function/internal_message.html?_=1625453109076&CODE_STATE=getMsg HTTP/1.1" 200 27
116.224.253.72 - - [05/Jul/2021:10:45:03 +0800] "GET /xingrg/javascript/easyui/themes/default/validatebox.css HTTP/1.1" 404 1104
180.169.147.146 - - [05/Jul/2021:10:45:04 +0800] "GET /xingrg/all/function/internal_message.html?_=1625453110779&CODE_STATE=getMsg HTTP/1.1" 200 27
116.235.222.38 - - [05/Jul/2021:10:45:04 +0800] "GET /xingrg/kc/buy/cgsh_order_operate.html?command=get_materiel&rest_code=00107&code=00101006130&supplier_code=00100010&order_time=2021-07-05 HTTP/1.1" 200 427
116.224.253.72 - - [05/Jul/2021:10:45:04 +0800] "POST /xingrg/kc/buy/cgsh_order_operate.html HTTP/1.1" 200 2427
222.69.131.80 - - [05/Jul/2021:10:45:04 +0800] "GET /xingrg/kc/buy/cgsh_order_add.html HTTP/1.1" 200 62728
222.69.131.80 - - [05/Jul/2021:10:45:04 +0800] "POST /xingrg/kc/buy/cgsh_order_operate.html HTTP/1.1" 200 8245
222.69.131.80 - - [05/Jul/2021:10:45:04 +0800] "GET /xingrg/javascript/easyui/themes/default/validatebox.css HTTP/1.1" 404 1104
116.224.253.72 - - [05/Jul/2021:10:45:05 +0800] "GET /xingrg/kc/print/load_data.html?order_code=212021070501996&kc_code=cgsh&condition= HTTP/1.1" 200 1424
58.37.225.51 - - [05/Jul/2021:10:45:09 +0800] "GET /xingrg/kc/buy/cgsh_order_operate.html?command=get_materiel&rest_code=00141&code=00101008168&supplier_code=00100007&order_time=2021-07-05 HTTP/1.1" 200 413
116.224.253.72 - - [05/Jul/2021:10:45:10 +0800] "GET /xingrg/kc/buy/cgsh_order_add.html HTTP/1.1" 200 62317
116.224.253.72 - - [05/Jul/2021:10:45:10 +0800] "POST /xingrg/kc/buy/cgsh_order_operate.html HTTP/1.1" 200 8245
116.224.253.72 - - [05/Jul/2021:10:45:10 +0800] "GET /xingrg/javascript/easyui/themes/default/validatebox.css HTTP/1.1" 404 1104
114.86.228.137 - - [05/Jul/2021:10:45:13 +0800] "GET /xingrg/all/function/internal_message.html?_=1625453121249&CODE_STATE=getMsg HTTP/1.1" 200 27
58.37.225.51 - - [05/Jul/2021:10:45:16 +0800] "GET /xingrg/all/function/internal_message.html?_=1625453044893&CODE_STATE=getMsg HTTP/1.1" 200 27
222.69.131.80 - - [05/Jul/2021:10:45:18 +0800] "GET /xingrg/kc/buy/cgsh_order_operate.html?command=get_materiel&rest_code=00149&code=00101010120&supplier_code=00100329&order_time=2021-07-04 HTTP/1.1" 200 415
58.37.225.51 - - [05/Jul/2021:10:45:19 +0800] "GET /xingrg/kc/buy/cgsh_order_operate.html?command=get_materiel&rest_code=00141&code=00101008114&supplier_code=00100007&order_time=2021-07-05 HTTP/1.1" 200 412
116.224.253.72 - - [05/Jul/2021:10:45:20 +0800] "GET /xingrg/kc/buy/cgsh_order_operate.html?command=get_materiel&rest_code=00151&code=00101001249&supplier_code=00100325&order_time=2021-07-05 HTTP/1.1" 200 424
180.162.195.211 - - [05/Jul/2021:10:45:22 +0800] "GET /xingrg/all/function/internal_message.html?_=1625453128479&CODE_STATE=getMsg HTTP/1.1" 200 27
180.162.195.211 - - [05/Jul/2021:10:45:22 +0800] "GET /xingrg/check_reg.html?_=1625453128947 HTTP/1.1" 200 22
58.37.5.217 - - [05/Jul/2021:10:45:23 +0800] "GET /xingrg/all/function/internal_message.html?_=1625453129484&CODE_STATE=getMsg HTTP/1.1" 200 27
180.169.147.146 - - [05/Jul/2021:10:45:23 +0800] "GET /xingrg/all/function/internal_message.html?_=1625453135865&CODE_STATE=getMsg HTTP/1.1" 200 27
116.235.222.38 - - [05/Jul/2021:10:45:24 +0800] "GET /xingrg/kc/buy/cgsh_order_operate.html?command=get_materiel&rest_code=00107&code=00101006006&supplier_code=00100010&order_time=2021-07-05 HTTP/1.1" 200 409
180.169.147.146 - - [05/Jul/2021:10:45:25 +0800] "GET /xingrg/all/function/internal_message.html?_=1625453132612&CODE_STATE=getMsg HTTP/1.1" 200 27
180.162.195.211 - - [05/Jul/2021:10:45:27 +0800] "GET /xingrg/all/function/internal_message.html?_=1625453131443&CODE_STATE=getMsg HTTP/1.1" 200 27
116.235.222.38 - - [05/Jul/2021:10:45:28 +0800] "GET /xingrg/all/function/internal_message.html?_=1625453132810&CODE_STATE=getMsg HTTP/1.1" 200 27
116.224.253.72 - - [05/Jul/2021:10:45:29 +0800] "POST /xingrg/kc/buy/cgsh_order_operate.html HTTP/1.1" 200 37
58.37.5.217 - - [05/Jul/2021:10:45:30 +0800] "GET /xingrg/kc/buy/cgsh_order_operate.html?command=get_materiel&rest_code=00106&code=00101006128&supplier_code=00100015&order_time=2021-07-05 HTTP/1.1" 200 429
180.162.195.211 - - [05/Jul/2021:10:45:30 +0800] "GET /xingrg/all/function/internal_message.html?_=1625453106304&CODE_STATE=getMsg HTTP/1.1" 200 27
116.224.253.72 - - [05/Jul/2021:10:45:32 +0800] "GET /xingrg/all/function/internal_message.html?_=1625453129627&CODE_STATE=getMsg HTTP/1.1" 200 27
222.69.131.80 - - [05/Jul/2021:10:45:34 +0800] "POST /xingrg/kc/buy/cgsh_order_operate.html HTTP/1.1" 200 37
116.224.253.72 - - [05/Jul/2021:10:45:35 +0800] "POST /xingrg/kc/buy/cgsh_order_operate.html HTTP/1.1" 200 12
116.224.253.72 - - [05/Jul/2021:10:45:36 +0800] "GET /xingrg/kc/buy/cgsh_order_info.html?code=212021070501997 HTTP/1.1" 200 57223
58.37.225.51 - - [05/Jul/2021:10:45:36 +0800] "GET /xingrg/kc/buy/cgsh_order_operate.html?command=get_materiel&rest_code=00141&code=00101015066&supplier_code=00100007&order_time=2021-07-05 HTTP/1.1" 200 413
116.224.253.72 - - [05/Jul/2021:10:45:36 +0800] "GET /xingrg/javascript/easyui/themes/default/validatebox.css HTTP/1.1" 404 1104
116.224.253.72 - - [05/Jul/2021:10:45:37 +0800] "POST /xingrg/kc/buy/cgsh_order_operate.html HTTP/1.1" 200 642
116.230.117.165 - - [05/Jul/2021:10:45:37 +0800] "GET /xingrg/all/function/internal_message.html?_=1625453144172&CODE_STATE=getMsg HTTP/1.1" 200 27
222.69.131.80 - - [05/Jul/2021:10:45:37 +0800] "GET /xingrg/all/function/internal_message.html?_=1625453144839&CODE_STATE=getMsg HTTP/1.1" 200 27
116.224.253.72 - - [05/Jul/2021:10:45:38 +0800] "GET /xingrg/kc/print/load_data.html?order_code=212021070501997&kc_code=cgsh&condition= HTTP/1.1" 200 746
222.69.131.80 - - [05/Jul/2021:10:45:40 +0800] "POST /xingrg/kc/buy/cgsh_order_operate.html HTTP/1.1" 200 12
180.157.255.9 - - [05/Jul/2021:10:45:40 +0800] "GET /xingrg/all/function/internal_message.html?_=1625453148435&CODE_STATE=getMsg HTTP/1.1" 200 27
116.224.253.72 - - [05/Jul/2021:10:45:43 +0800] "GET /xingrg/kc/buy/cgsh_order_add.html HTTP/1.1" 200 62317
58.37.5.217 - - [05/Jul/2021:10:45:43 +0800] "GET /xingrg/kc/buy/cgsh_order_operate.html?command=get_materiel&rest_code=00106&code=00101006180&supplier_code=00100015&order_time=2021-07-05 HTTP/1.1" 200 425
116.224.253.72 - - [05/Jul/2021:10:45:43 +0800] "POST /xingrg/kc/buy/cgsh_order_operate.html HTTP/1.1" 200 8245
116.224.253.72 - - [05/Jul/2021:10:45:43 +0800] "GET /xingrg/javascript/easyui/themes/default/validatebox.css HTTP/1.1" 404 1104
222.69.131.80 - - [05/Jul/2021:10:45:45 +0800] "GET /xingrg/kc/buy/cgsh_order_info.html?code=212021070501998 HTTP/1.1" 200 57640
222.69.131.80 - - [05/Jul/2021:10:45:45 +0800] "GET /xingrg/javascript/easyui/themes/default/validatebox.css HTTP/1.1" 404 1104
222.69.131.80 - - [05/Jul/2021:10:45:46 +0800] "POST /xingrg/kc/buy/cgsh_order_operate.html HTTP/1.1" 200 609
58.37.225.51 - - [05/Jul/2021:10:45:47 +0800] "GET /xingrg/kc/buy/cgsh_order_operate.html?command=get_materiel&rest_code=00141&code=00101009013&supplier_code=00100007&order_time=2021-07-05 HTTP/1.1" 200 420
222.69.131.80 - - [05/Jul/2021:10:45:48 +0800] "GET /xingrg/kc/print/load_data.html?order_code=212021070501998&kc_code=cgsh&condition= HTTP/1.1" 200 717
116.230.110.80 - - [05/Jul/2021:10:45:49 +0800] "GET /xingrg/all/function/internal_message.html?_=1625453155118&CODE_STATE=getMsg HTTP/1.1" 200 27
58.40.7.146 - - [05/Jul/2021:10:45:50 +0800] "GET /xingrg/all/function/internal_message.html?_=1625453156301&CODE_STATE=getMsg HTTP/1.1" 200 27
180.174.237.246 - - [05/Jul/2021:10:45:52 +0800] "GET /xingrg/all/function/internal_message.html?_=1625453162692&CODE_STATE=getMsg HTTP/1.1" 200 27
180.169.147.146 - - [05/Jul/2021:10:45:52 +0800] "GET /xingrg/all/function/internal_message.html?_=1625453159402&CODE_STATE=getMsg HTTP/1.1" 200 27
116.224.253.72 - - [05/Jul/2021:10:45:54 +0800] "GET /xingrg/kc/buy/cgsh_order_operate.html?command=get_materiel&rest_code=00151&code=00101016100&supplier_code=00100329&order_time=2021-07-05 HTTP/1.1" 200 412
58.37.225.51 - - [05/Jul/2021:10:45:56 +0800] "GET /xingrg/kc/buy/cgsh_order_operate.html?command=get_materiel&rest_code=00141&code=00101009016&supplier_code=00100007&order_time=2021-07-05 HTTP/1.1" 200 412
180.169.147.146 - - [05/Jul/2021:10:46:00 +0800] "GET /xingrg/all/function/internal_message.html?_=1625453167805&CODE_STATE=getMsg HTTP/1.1" 200 27
116.224.253.72 - - [05/Jul/2021:10:46:02 +0800] "GET /xingrg/all/function/internal_message.html?_=1625453164832&CODE_STATE=getMsg HTTP/1.1" 200 27
222.70.176.145 - - [05/Jul/2021:10:46:03 +0800] "GET /xingrg/all/function/internal_message.html?_=1625453169071&CODE_STATE=getMsg HTTP/1.1" 200 27
180.169.147.146 - - [05/Jul/2021:10:46:04 +0800] "GET /xingrg/all/function/internal_message.html?_=1625453170779&CODE_STATE=getMsg HTTP/1.1" 200 27
116.235.222.38 - - [05/Jul/2021:10:46:06 +0800] "GET /xingrg/kc/buy/cgsh_order_operate.html?command=get_materiel&rest_code=00107&code=00101006133&supplier_code=00100010&order_time=2021-07-05 HTTP/1.1" 200 413
58.37.5.217 - - [05/Jul/2021:10:46:09 +0800] "GET /xingrg/kc/buy/cgsh_order_operate.html?command=get_materiel&rest_code=00106&code=00101007069&supplier_code=00100015&order_time=2021-07-05 HTTP/1.1" 200 415
58.37.225.51 - - [05/Jul/2021:10:46:10 +0800] "GET /xingrg/kc/buy/cgsh_order_operate.html?command=get_materiel&rest_code=00141&code=00101009107&supplier_code=00100007&order_time=2021-07-05 HTTP/1.1" 200 396
114.86.228.137 - - [05/Jul/2021:10:46:13 +0800] "GET /xingrg/all/function/internal_message.html?_=1625453181252&CODE_STATE=getMsg HTTP/1.1" 200 27
114.86.228.137 - - [05/Jul/2021:10:46:13 +0800] "GET /xingrg/check_reg.html?_=1625453181253 HTTP/1.1" 200 22
58.37.225.51 - - [05/Jul/2021:10:46:16 +0800] "GET /xingrg/all/function/internal_message.html?_=1625453104865&CODE_STATE=getMsg HTTP/1.1" 200 27
180.169.147.146 - - [05/Jul/2021:10:46:17 +0800] "POST /xingrg/all/user/operate.html HTTP/1.1" 200 36
180.169.147.146 - - [05/Jul/2021:10:46:17 +0800] "GET /xingrg/javascript/jquery_easy_ui/themes/icon.css HTTP/1.1" 304 -
180.169.147.146 - - [05/Jul/2021:10:46:17 +0800] "GET /xingrg/javascript/jquery_easy_ui/themes/default/easyui.css HTTP/1.1" 304 -
180.169.147.146 - - [05/Jul/2021:10:46:17 +0800] "GET /xingrg/css/form.css HTTP/1.1" 304 -
180.169.147.146 - - [05/Jul/2021:10:46:17 +0800] "GET /xingrg/javascript/jquery-1.4.2.min.js HTTP/1.1" 304 -
180.169.147.146 - - [05/Jul/2021:10:46:17 +0800] "GET /xingrg/javascript/jquery_easy_ui/jquery.easyui.min.js HTTP/1.1" 304 -
180.169.147.146 - - [05/Jul/2021:10:46:17 +0800] "GET /xingrg/javascript/jquery_easy_ui/easyui-lang-zh_CN.js HTTP/1.1" 304 -
180.169.147.146 - - [05/Jul/2021:10:46:17 +0800] "GET /xingrg/javascript/jquery.utils.js HTTP/1.1" 304 -
180.169.147.146 - - [05/Jul/2021:10:46:17 +0800] "GET /xingrg/javascript/jquery.form.js HTTP/1.1" 304 -
180.169.147.146 - - [05/Jul/2021:10:46:17 +0800] "GET /xingrg/javascript/jquery.timers.js HTTP/1.1" 304 -
180.169.147.146 - - [05/Jul/2021:10:46:17 +0800] "GET /xingrg/index.html?sysBaseUrl=http%3A%2F%2F180.169.147.146%3A18081%2Fxingrg%2F&costTime=41×tamp=1625447290749 HTTP/1.1" 200 17509
180.169.147.146 - - [05/Jul/2021:10:46:17 +0800] "GET /xingrg/images/blue/jxLogo.png HTTP/1.1" 304 -
180.169.147.146 - - [05/Jul/2021:10:46:17 +0800] "GET /xingrg/javascript/jquery_easy_ui/themes/icons/settle_new.png HTTP/1.1" 304 -
180.169.147.146 - - [05/Jul/2021:10:46:17 +0800] "GET /xingrg/images/blue/navBackgound.jpg HTTP/1.1" 304 -
180.169.147.146 - - [05/Jul/2021:10:46:17 +0800] "POST /xingrg/all/common/load_tree.html?tree=area_rest_tree_json&manage=1 HTTP/1.1" 200 3466
180.169.147.146 - - [05/Jul/2021:10:46:17 +0800] "GET /xingrg/all/function/internal_message.html?_=1625453189893&CODE_STATE=count HTTP/1.1" 200 11
180.169.147.146 - - [05/Jul/2021:10:46:17 +0800] "GET /xingrg/check_reg.html?_=1625453189894 HTTP/1.1" 200 22
180.169.147.146 - - [05/Jul/2021:10:46:17 +0800] "GET /xingrg/images/blue/pingpu.png HTTP/1.1" 304 -
180.169.147.146 - - [05/Jul/2021:10:46:17 +0800] "GET /xingrg/javascript/jquery_easy_ui/themes/default/images/panel_tool_expand.gif HTTP/1.1" 304 -
180.169.147.146 - - [05/Jul/2021:10:46:17 +0800] "GET /xingrg/javascript/jquery_easy_ui/themes/default/images/tabs_leftarrow.png HTTP/1.1" 304 -
180.169.147.146 - - [05/Jul/2021:10:46:17 +0800] "GET /xingrg/javascript/jquery_easy_ui/themes/default/images/panel_tool_collapse.gif HTTP/1.1" 304 -
180.169.147.146 - - [05/Jul/2021:10:46:17 +0800] "GET /xingrg/javascript/jquery_easy_ui/themes/default/images/tabs_rightarrow.png HTTP/1.1" 304 -
180.169.147.146 - - [05/Jul/2021:10:46:18 +0800] "POST /xingrg/load_menu.html HTTP/1.1" 200 9959
180.169.147.146 - - [05/Jul/2021:10:46:18 +0800] "GET /xingrg/kc/report/report_main.html HTTP/1.1" 200 7345
116.235.222.38 - - [05/Jul/2021:10:46:19 +0800] "GET /xingrg/kc/buy/cgsh_order_operate.html?command=get_materiel&rest_code=00107&code=00101006025&supplier_code=00100010&order_time=2021-07-05 HTTP/1.1" 200 417
180.169.147.146 - - [05/Jul/2021:10:46:20 +0800] "GET /xingrg/kc/base/crk_hz.html HTTP/1.1" 200 11247
180.169.147.146 - - [05/Jul/2021:10:46:20 +0800] "POST /xingrg/kc/cost/cost_operate.html?command=get_base_tree HTTP/1.1" 200 2589
180.169.147.146 - - [05/Jul/2021:10:46:20 +0800] "POST /xingrg/all/common/load_tree.html?tree=materiel_sort_tree_json HTTP/1.1" 200 8666
180.162.195.211 - - [05/Jul/2021:10:46:22 +0800] "GET /xingrg/all/function/internal_message.html?_=1625453188478&CODE_STATE=getMsg HTTP/1.1" 200 27
180.169.147.146 - - [05/Jul/2021:10:46:23 +0800] "GET /xingrg/all/common/get_data_part.html?part=previousMonth&_=1625453194971 HTTP/1.1" 200 41
58.37.5.217 - - [05/Jul/2021:10:46:23 +0800] "GET /xingrg/all/function/internal_message.html?_=1625453189469&CODE_STATE=getMsg HTTP/1.1" 200 27
58.37.5.217 - - [05/Jul/2021:10:46:23 +0800] "GET /xingrg/check_reg.html?_=1625453189534 HTTP/1.1" 200 22
180.169.147.146 - - [05/Jul/2021:10:46:25 +0800] "GET /xingrg/all/function/internal_message.html?_=1625453192617&CODE_STATE=getMsg HTTP/1.1" 200 27
116.230.117.165 - - [05/Jul/2021:10:46:26 +0800] "GET /xingrg/check_reg.html?_=1625453192919 HTTP/1.1" 200 22
116.235.222.38 - - [05/Jul/2021:10:46:27 +0800] "GET /xingrg/kc/buy/cgsh_order_operate.html?command=get_materiel&rest_code=00107&code=00101006109&supplier_code=00100010&order_time=2021-07-05 HTTP/1.1" 200 409
180.162.195.211 - - [05/Jul/2021:10:46:27 +0800] "GET /xingrg/all/function/internal_message.html?_=1625453191441&CODE_STATE=getMsg HTTP/1.1" 200 27
116.235.222.38 - - [05/Jul/2021:10:46:28 +0800] "GET /xingrg/all/function/internal_message.html?_=1625453192862&CODE_STATE=getMsg HTTP/1.1" 200 27
180.162.195.211 - - [05/Jul/2021:10:46:30 +0800] "GET /xingrg/all/function/internal_message.html?_=1625453166303&CODE_STATE=getMsg HTTP/1.1" 200 27
116.224.253.72 - - [05/Jul/2021:10:46:32 +0800] "GET /xingrg/all/function/internal_message.html?_=1625453189651&CODE_STATE=getMsg HTTP/1.1" 200 27
116.235.222.38 - - [05/Jul/2021:10:46:37 +0800] "GET /xingrg/kc/buy/cgsh_order_operate.html?command=get_materiel&rest_code=00107&code=00101006111&supplier_code=00100010&order_time=2021-07-05 HTTP/1.1" 200 409
116.230.117.165 - - [05/Jul/2021:10:46:37 +0800] "GET /xingrg/all/function/internal_message.html?_=1625453204186&CODE_STATE=getMsg HTTP/1.1" 200 27
222.69.131.80 - - [05/Jul/2021:10:46:37 +0800] "GET /xingrg/all/function/internal_message.html?_=1625453204826&CODE_STATE=getMsg HTTP/1.1" 200 27
222.69.131.80 - - [05/Jul/2021:10:46:38 +0800] "GET /xingrg/check_reg.html?_=1625453205558 HTTP/1.1" 200 22
180.169.147.146 - - [05/Jul/2021:10:46:40 +0800] "GET /xingrg/kc/base/crk_hz.html?_=1625453212566&command=get_cost_id&end_date=2021-06-30&start_date=2021-06-01 HTTP/1.1" 200 51
180.169.147.146 - - [05/Jul/2021:10:46:40 +0800] "GET /xingrg/all/report/report_query.html?isQuery=1&onlyBody=1&rh=99999&rw=1800&varString=start:20210601,cost_id:3197,mid:20210601&fileName=kc/base/crk_hz_type_by_base.xml&queryString=%20a.base_code%20in%20('0010270','0010287','0010337','0010340','0010341')%20&queryText=ÈÕÆÚ£º2021-06-01ÖÁ2021-06-30%20²Ö¿â£ºÊ³Æ·²Ö¿â,ÎïÁϲֿâ,Ñ౫³á¿â,ÏãÑÌ¿â,¾ÆË®¿â&tableQueryString=materiel_table$sp1$$sp$before_table$sp1$$sp$crk_table$sp1$order_day%20between%2020210601%20and%2020210630 HTTP/1.1" 200 49465
180.169.147.146 - - [05/Jul/2021:10:46:40 +0800] "GET /xingrg/dwr/interface/AjaxReportQueryService.js HTTP/1.1" 200 13203
180.169.147.146 - - [05/Jul/2021:10:46:40 +0800] "GET /xingrg/dwr/engine.js HTTP/1.1" 200 43631
180.157.255.9 - - [05/Jul/2021:10:46:40 +0800] "GET /xingrg/all/function/internal_message.html?_=1625453208435&CODE_STATE=getMsg HTTP/1.1" 200 27
180.157.255.9 - - [05/Jul/2021:10:46:40 +0800] "GET /xingrg/check_reg.html?_=1625453208437 HTTP/1.1" 200 22
222.69.131.80 - - [05/Jul/2021:10:46:41 +0800] "GET /xingrg/kc/buy/cgsh_order_add.html HTTP/1.1" 200 62728
222.69.131.80 - - [05/Jul/2021:10:46:41 +0800] "POST /xingrg/kc/buy/cgsh_order_operate.html HTTP/1.1" 200 8245
222.69.131.80 - - [05/Jul/2021:10:46:41 +0800] "GET /xingrg/javascript/easyui/themes/default/validatebox.css HTTP/1.1" 404 1104
180.169.147.146 - - [05/Jul/2021:10:46:41 +0800] "POST /xingrg/all/report/load_report_page.html HTTP/1.1" 200 191010
180.169.147.146 - - [05/Jul/2021:10:46:41 +0800] "GET /xingrg/servlets/image?cache=0.28782732067600525&image=px HTTP/1.1" 200 807
116.235.222.38 - - [05/Jul/2021:10:46:47 +0800] "GET /xingrg/kc/buy/cgsh_order_operate.html?command=get_materiel&rest_code=00107&code=00101006115&supplier_code=00100010&order_time=2021-07-05 HTTP/1.1" 200 408
116.230.110.80 - - [05/Jul/2021:10:46:49 +0800] "GET /xingrg/all/function/internal_message.html?_=1625453215108&CODE_STATE=getMsg HTTP/1.1" 200 27
58.40.7.146 - - [05/Jul/2021:10:46:50 +0800] "GET /xingrg/all/function/internal_message.html?_=1625453216303&CODE_STATE=getMsg HTTP/1.1" 200 27
58.40.7.146 - - [05/Jul/2021:10:46:50 +0800] "GET /xingrg/check_reg.html?_=1625453216305 HTTP/1.1" 200 22
116.224.253.72 - - [05/Jul/2021:10:46:50 +0800] "GET /xingrg/kc/buy/cgsh_order_operate.html?command=get_materiel&rest_code=00151&code=00101010651&supplier_code=00100329&order_time=2021-07-05 HTTP/1.1" 200 417
180.174.237.246 - - [05/Jul/2021:10:46:52 +0800] "GET /xingrg/all/function/internal_message.html?_=1625453222709&CODE_STATE=getMsg HTTP/1.1" 200 27
180.169.147.146 - - [05/Jul/2021:10:46:52 +0800] "GET /xingrg/all/function/internal_message.html?_=1625453219412&CODE_STATE=getMsg HTTP/1.1" 200 27
58.37.5.217 - - [05/Jul/2021:10:46:55 +0800] "POST /xingrg/kc/buy/cgsh_order_operate.html HTTP/1.1" 200 37
116.235.222.38 - - [05/Jul/2021:10:46:57 +0800] "GET /xingrg/kc/buy/cgsh_order_operate.html?command=get_materiel&rest_code=00107&code=00101006065&supplier_code=00100010&order_time=2021-07-05 HTTP/1.1" 200 409
58.37.5.217 - - [05/Jul/2021:10:46:58 +0800] "POST /xingrg/kc/buy/cgsh_order_operate.html HTTP/1.1" 200 12
58.37.5.217 - - [05/Jul/2021:10:46:59 +0800] "GET /xingrg/kc/buy/cgsh_order_info.html?code=212021070501999 HTTP/1.1" 200 57591
58.37.5.217 - - [05/Jul/2021:10:47:00 +0800] "GET /xingrg/javascript/easyui/themes/default/validatebox.css HTTP/1.1" 404 1104
