222.69.131.80 - - [05/Jul/2021:08:36:21 +0800] "GET /xingrg/kc/buy/cgsh_order_info.html?code=212021070501870 HTTP/1.1" 200 57636
222.69.131.80 - - [05/Jul/2021:08:36:21 +0800] "GET /xingrg/javascript/easyui/themes/default/validatebox.css HTTP/1.1" 404 1104
222.69.131.80 - - [05/Jul/2021:08:36:21 +0800] "POST /xingrg/kc/buy/cgsh_order_operate.html HTTP/1.1" 200 1792
180.162.195.211 - - [05/Jul/2021:08:36:22 +0800] "GET /xingrg/all/function/internal_message.html?_=1625445388359&CODE_STATE=getMsg HTTP/1.1" 200 27
114.86.228.137 - - [05/Jul/2021:08:36:23 +0800] "GET /xingrg/all/function/internal_message.html?_=1625445390817&CODE_STATE=getMsg HTTP/1.1" 200 27
222.69.131.80 - - [05/Jul/2021:08:36:28 +0800] "GET /xingrg/kc/print/load_config.html?kc_code=cgsh HTTP/1.1" 200 1845
222.69.131.80 - - [05/Jul/2021:08:36:28 +0800] "GET /xingrg/kc/print/load_data.html?order_code=212021070501870&kc_code=cgsh&condition= HTTP/1.1" 200 1174
222.69.131.80 - - [05/Jul/2021:08:36:38 +0800] "GET /xingrg/check_reg.html?_=1625445404899 HTTP/1.1" 200 22
222.69.131.80 - - [05/Jul/2021:08:36:38 +0800] "GET /xingrg/all/function/internal_message.html?_=1625445404903&CODE_STATE=getMsg HTTP/1.1" 200 27
120.253.135.82 - - [05/Jul/2021:08:36:38 +0800] "GET /xingrg/all/function/internal_message.html?_=1625445187432&CODE_STATE=getMsg HTTP/1.1" 200 27
116.230.117.165 - - [05/Jul/2021:08:36:47 +0800] "GET /xingrg/all/function/internal_message.html?_=1625445413295&CODE_STATE=getMsg HTTP/1.1" 302 -
222.69.131.80 - - [05/Jul/2021:08:36:50 +0800] "GET /xingrg/kc/buy/cgsh_order_add.html HTTP/1.1" 200 62728
222.69.131.80 - - [05/Jul/2021:08:36:50 +0800] "POST /xingrg/kc/buy/cgsh_order_operate.html HTTP/1.1" 200 8245
222.69.131.80 - - [05/Jul/2021:08:36:50 +0800] "GET /xingrg/javascript/easyui/themes/default/validatebox.css HTTP/1.1" 404 1104
180.169.147.146 - - [05/Jul/2021:08:37:08 +0800] "GET /xingrg/all/function/internal_message.html?_=1625445435365&CODE_STATE=getMsg HTTP/1.1" 302 -
180.162.195.211 - - [05/Jul/2021:08:37:22 +0800] "GET /xingrg/all/function/internal_message.html?_=1625445448353&CODE_STATE=getMsg HTTP/1.1" 200 27
114.86.228.137 - - [05/Jul/2021:08:37:23 +0800] "GET /xingrg/all/function/internal_message.html?_=1625445450824&CODE_STATE=getMsg HTTP/1.1" 200 27
114.86.228.137 - - [05/Jul/2021:08:37:23 +0800] "GET /xingrg/check_reg.html?_=1625445450826 HTTP/1.1" 200 22
222.69.131.80 - - [05/Jul/2021:08:37:25 +0800] "GET /xingrg/kc/buy/cgsh_order_operate.html?command=get_materiel&rest_code=00149&code=00101011001&supplier_code=00100051&order_time=2021-07-04 HTTP/1.1" 200 423
222.69.131.80 - - [05/Jul/2021:08:37:38 +0800] "GET /xingrg/all/function/internal_message.html?_=1625445464906&CODE_STATE=getMsg HTTP/1.1" 200 27
120.253.135.82 - - [05/Jul/2021:08:37:38 +0800] "GET /xingrg/all/function/internal_message.html?_=1625445247445&CODE_STATE=getMsg HTTP/1.1" 200 27
116.230.117.165 - - [05/Jul/2021:08:37:47 +0800] "GET /xingrg/all/function/internal_message.html?_=1625445473306&CODE_STATE=getMsg HTTP/1.1" 302 -
180.169.147.146 - - [05/Jul/2021:08:38:08 +0800] "GET /xingrg/check_reg.html?_=1625445495363 HTTP/1.1" 302 -
180.169.147.146 - - [05/Jul/2021:08:38:08 +0800] "GET /xingrg/all/function/internal_message.html?_=1625445495364&CODE_STATE=getMsg HTTP/1.1" 302 -
180.162.195.211 - - [05/Jul/2021:08:38:22 +0800] "GET /xingrg/all/function/internal_message.html?_=1625445508363&CODE_STATE=getMsg HTTP/1.1" 200 27
114.86.228.137 - - [05/Jul/2021:08:38:23 +0800] "GET /xingrg/all/function/internal_message.html?_=1625445510819&CODE_STATE=getMsg HTTP/1.1" 200 27
222.69.131.80 - - [05/Jul/2021:08:38:38 +0800] "GET /xingrg/all/function/internal_message.html?_=1625445524896&CODE_STATE=getMsg HTTP/1.1" 200 27
120.253.135.82 - - [05/Jul/2021:08:38:38 +0800] "GET /xingrg/all/function/internal_message.html?_=1625445307589&CODE_STATE=getMsg HTTP/1.1" 200 27
180.174.237.246 - - [05/Jul/2021:08:38:39 +0800] "GET /favicon.ico HTTP/1.1" 404 -
116.230.117.165 - - [05/Jul/2021:08:38:47 +0800] "GET /xingrg/all/function/internal_message.html?_=1625445533321&CODE_STATE=getMsg HTTP/1.1" 302 -
180.169.147.146 - - [05/Jul/2021:08:39:08 +0800] "GET /xingrg/all/function/internal_message.html?_=1625445555364&CODE_STATE=getMsg HTTP/1.1" 302 -
180.162.195.211 - - [05/Jul/2021:08:39:22 +0800] "GET /xingrg/all/function/internal_message.html?_=1625445568357&CODE_STATE=getMsg HTTP/1.1" 200 27
114.86.228.137 - - [05/Jul/2021:08:39:23 +0800] "GET /xingrg/all/function/internal_message.html?_=1625445570822&CODE_STATE=getMsg HTTP/1.1" 200 27
222.69.131.80 - - [05/Jul/2021:08:39:30 +0800] "GET /xingrg/kc/buy/cgsh_order_operate.html?command=get_materiel&rest_code=00149&code=00101011010&supplier_code=00100051&order_time=2021-07-04 HTTP/1.1" 200 418
222.69.131.80 - - [05/Jul/2021:08:39:38 +0800] "GET /xingrg/all/function/internal_message.html?_=1625445584901&CODE_STATE=getMsg HTTP/1.1" 200 27
120.253.135.82 - - [05/Jul/2021:08:39:38 +0800] "GET /xingrg/all/function/internal_message.html?_=1625445367597&CODE_STATE=getMsg HTTP/1.1" 200 27
116.230.117.165 - - [05/Jul/2021:08:39:47 +0800] "GET /xingrg/all/function/internal_message.html?_=1625445593333&CODE_STATE=getMsg HTTP/1.1" 302 -
180.169.147.146 - - [05/Jul/2021:08:40:08 +0800] "GET /xingrg/all/function/internal_message.html?_=1625445615363&CODE_STATE=getMsg HTTP/1.1" 302 -
180.162.195.211 - - [05/Jul/2021:08:40:22 +0800] "GET /xingrg/all/function/internal_message.html?_=1625445628361&CODE_STATE=getMsg HTTP/1.1" 200 27
180.162.195.211 - - [05/Jul/2021:08:40:22 +0800] "GET /xingrg/check_reg.html?_=1625445628363 HTTP/1.1" 200 22
114.86.228.137 - - [05/Jul/2021:08:40:23 +0800] "GET /xingrg/all/function/internal_message.html?_=1625445630824&CODE_STATE=getMsg HTTP/1.1" 200 27
222.69.131.80 - - [05/Jul/2021:08:40:38 +0800] "GET /xingrg/all/function/internal_message.html?_=1625445644904&CODE_STATE=getMsg HTTP/1.1" 200 27
120.253.135.82 - - [05/Jul/2021:08:40:39 +0800] "GET /xingrg/all/function/internal_message.html?_=1625445427760&CODE_STATE=getMsg HTTP/1.1" 200 27
116.230.117.165 - - [05/Jul/2021:08:40:45 +0800] "GET /xingrg/check_reg.html?_=1625445652088 HTTP/1.1" 302 -
116.230.117.165 - - [05/Jul/2021:08:40:47 +0800] "GET /xingrg/all/function/internal_message.html?_=1625445653348&CODE_STATE=getMsg HTTP/1.1" 302 -
180.169.147.146 - - [05/Jul/2021:08:41:08 +0800] "GET /xingrg/all/function/internal_message.html?_=1625445675370&CODE_STATE=getMsg HTTP/1.1" 302 -
120.253.135.82 - - [05/Jul/2021:08:41:21 +0800] "GET /xingrg/check_reg.html?_=1625445469809 HTTP/1.1" 200 22
180.162.195.211 - - [05/Jul/2021:08:41:22 +0800] "GET /xingrg/all/function/internal_message.html?_=1625445688361&CODE_STATE=getMsg HTTP/1.1" 200 27
114.86.228.137 - - [05/Jul/2021:08:41:23 +0800] "GET /xingrg/all/function/internal_message.html?_=1625445690830&CODE_STATE=getMsg HTTP/1.1" 200 27
222.69.131.80 - - [05/Jul/2021:08:41:38 +0800] "GET /xingrg/all/function/internal_message.html?_=1625445704911&CODE_STATE=getMsg HTTP/1.1" 200 27
222.69.131.80 - - [05/Jul/2021:08:41:38 +0800] "GET /xingrg/check_reg.html?_=1625445704913 HTTP/1.1" 200 22
180.162.195.211 - - [05/Jul/2021:08:41:38 +0800] "POST /xingrg/dwr/call/plaincall/AjaxQqpsService.saveMaterielItem.dwr HTTP/1.1" 200 79
180.162.195.211 - - [05/Jul/2021:08:41:38 +0800] "POST /xingrg/dwr/call/plaincall/AjaxQqpsService.saveOrder.dwr HTTP/1.1" 200 79
120.253.135.82 - - [05/Jul/2021:08:41:39 +0800] "GET /xingrg/all/function/internal_message.html?_=1625445487765&CODE_STATE=getMsg HTTP/1.1" 200 27
116.230.117.165 - - [05/Jul/2021:08:41:47 +0800] "GET /xingrg/all/function/internal_message.html?_=1625445713364&CODE_STATE=getMsg HTTP/1.1" 302 -
180.169.147.146 - - [05/Jul/2021:08:42:08 +0800] "GET /xingrg/all/function/internal_message.html?_=1625445735366&CODE_STATE=getMsg HTTP/1.1" 302 -
180.162.195.211 - - [05/Jul/2021:08:42:14 +0800] "GET /xingrg/javascript/jquery_easy_ui/themes/default/images/tabs_active.png HTTP/1.1" 304 -
180.162.195.211 - - [05/Jul/2021:08:42:15 +0800] "GET /xingrg/css/base.css HTTP/1.1" 304 -
180.162.195.211 - - [05/Jul/2021:08:42:15 +0800] "GET /xingrg/css/site.css HTTP/1.1" 304 -
180.162.195.211 - - [05/Jul/2021:08:42:15 +0800] "GET /xingrg/javascript/jquery_tools/jquery.tools.hotkey.js HTTP/1.1" 304 -
180.162.195.211 - - [05/Jul/2021:08:42:15 +0800] "GET /xingrg/javascript/easyui/themes/icon.css HTTP/1.1" 304 -
180.162.195.211 - - [05/Jul/2021:08:42:15 +0800] "GET /xingrg/javascript/easyui/themes/default/easyui.css HTTP/1.1" 304 -
180.162.195.211 - - [05/Jul/2021:08:42:15 +0800] "GET /xingrg/javascript/jquery_tools/fix.css HTTP/1.1" 304 -
180.162.195.211 - - [05/Jul/2021:08:42:15 +0800] "GET /xingrg/javascript/jquery_tools/datebox.css HTTP/1.1" 304 -
180.162.195.211 - - [05/Jul/2021:08:42:15 +0800] "GET /xingrg/javascript/jquery_tools/table.css HTTP/1.1" 304 -
180.162.195.211 - - [05/Jul/2021:08:42:15 +0800] "GET /xingrg/javascript/jquery_tools/jquery.tools.extend.js HTTP/1.1" 304 -
180.162.195.211 - - [05/Jul/2021:08:42:15 +0800] "GET /xingrg/javascript/jquery_tools/jquery.tools.min.js HTTP/1.1" 304 -
180.162.195.211 - - [05/Jul/2021:08:42:15 +0800] "GET /xingrg/javascript/jquery_tools/jquery.tools.table.js HTTP/1.1" 304 -
180.162.195.211 - - [05/Jul/2021:08:42:15 +0800] "GET /xingrg/javascript/jquery_tools/list_manager.js HTTP/1.1" 304 -
180.162.195.211 - - [05/Jul/2021:08:42:15 +0800] "GET /xingrg/javascript/jquery.cookie.js HTTP/1.1" 304 -
180.162.195.211 - - [05/Jul/2021:08:42:15 +0800] "GET /xingrg/javascript/easyui/easyloader.js HTTP/1.1" 304 -
180.162.195.211 - - [05/Jul/2021:08:42:15 +0800] "GET /xingrg/kc/buy/cgsh_order_list.html HTTP/1.1" 200 46937
180.162.195.211 - - [05/Jul/2021:08:42:16 +0800] "GET /xingrg/javascript/easyui/themes/icons/cance_new.png HTTP/1.1" 304 -
180.162.195.211 - - [05/Jul/2021:08:42:16 +0800] "GET /xingrg/javascript/easyui/themes/icons/edit_add_new.png HTTP/1.1" 304 -
180.162.195.211 - - [05/Jul/2021:08:42:16 +0800] "GET /xingrg/javascript/easyui/themes/icons/field_new.png HTTP/1.1" 304 -
180.162.195.211 - - [05/Jul/2021:08:42:16 +0800] "GET /xingrg/javascript/easyui/themes/icons/check_new.png HTTP/1.1" 304 -
180.162.195.211 - - [05/Jul/2021:08:42:16 +0800] "GET /xingrg/javascript/easyui/themes/icons/import_new.png HTTP/1.1" 304 -
180.162.195.211 - - [05/Jul/2021:08:42:16 +0800] "GET /xingrg/javascript/easyui/plugins/jquery.parser.js HTTP/1.1" 304 -
180.162.195.211 - - [05/Jul/2021:08:42:16 +0800] "GET /xingrg/images/control/ajaxLoader.gif HTTP/1.1" 304 -
180.162.195.211 - - [05/Jul/2021:08:42:17 +0800] "POST /xingrg/kc/buy/cgsh_list_operate.html HTTP/1.1" 200 876
180.162.195.211 - - [05/Jul/2021:08:42:17 +0800] "GET /xingrg/javascript/easyui/themes/default/images/button_plain_hover.png HTTP/1.1" 304 -
180.162.195.211 - - [05/Jul/2021:08:42:18 +0800] "GET /xingrg/javascript/jquery_tools/order_manager.js HTTP/1.1" 304 -
180.162.195.211 - - [05/Jul/2021:08:42:18 +0800] "GET /xingrg/javascript/json2.js HTTP/1.1" 304 -
180.162.195.211 - - [05/Jul/2021:08:42:18 +0800] "GET /xingrg/javascript/convert.js HTTP/1.1" 304 -
180.162.195.211 - - [05/Jul/2021:08:42:18 +0800] "GET /xingrg/kc/buy/cgsh_order_add.html HTTP/1.1" 200 62722
180.162.195.211 - - [05/Jul/2021:08:42:18 +0800] "GET /xingrg/javascript/easyui/themes/icons/print.png HTTP/1.1" 304 -
180.162.195.211 - - [05/Jul/2021:08:42:18 +0800] "GET /xingrg/javascript/easyui/themes/icons/ok.png HTTP/1.1" 304 -
180.162.195.211 - - [05/Jul/2021:08:42:18 +0800] "GET /xingrg/javascript/easyui/themes/icons/template_new.png HTTP/1.1" 304 -
180.162.195.211 - - [05/Jul/2021:08:42:18 +0800] "GET /xingrg/javascript/easyui/themes/icons/cancel.png HTTP/1.1" 304 -
180.162.195.211 - - [05/Jul/2021:08:42:18 +0800] "GET /xingrg/javascript/easyui/themes/default/images/menu_downarrow.png HTTP/1.1" 304 -
180.162.195.211 - - [05/Jul/2021:08:42:18 +0800] "GET /xingrg/javascript/easyui/themes/icons/copy_new.png HTTP/1.1" 304 -
180.162.195.211 - - [05/Jul/2021:08:42:18 +0800] "GET /xingrg/all/common/auto_word.html?type=employee&rest_code=00105 HTTP/1.1" 200 193
180.162.195.211 - - [05/Jul/2021:08:42:18 +0800] "GET /xingrg/all/common/auto_word.html?type=employee&rest_code=00105 HTTP/1.1" 200 193
180.162.195.211 - - [05/Jul/2021:08:42:18 +0800] "GET /xingrg/javascript/easyui/themes/default/validatebox.css HTTP/1.1" 404 1104
180.162.195.211 - - [05/Jul/2021:08:42:18 +0800] "GET /xingrg/javascript/easyui/plugins/jquery.validatebox.js HTTP/1.1" 304 -
180.162.195.211 - - [05/Jul/2021:08:42:18 +0800] "POST /xingrg/kc/buy/cgsh_order_operate.html HTTP/1.1" 200 8245
180.162.195.211 - - [05/Jul/2021:08:42:18 +0800] "GET /xingrg/javascript/easyui/plugins/jquery.numberbox.js HTTP/1.1" 304 -
180.162.195.211 - - [05/Jul/2021:08:42:18 +0800] "GET /xingrg/javascript/easyui/themes/icons/edit_remove.png HTTP/1.1" 304 -
180.162.195.211 - - [05/Jul/2021:08:42:22 +0800] "GET /xingrg/all/function/internal_message.html?_=1625445748368&CODE_STATE=getMsg HTTP/1.1" 200 27
114.86.228.137 - - [05/Jul/2021:08:42:23 +0800] "GET /xingrg/all/function/internal_message.html?_=1625445750830&CODE_STATE=getMsg HTTP/1.1" 200 27
114.86.228.137 - - [05/Jul/2021:08:42:23 +0800] "GET /xingrg/check_reg.html?_=1625445750833 HTTP/1.1" 200 22
180.162.195.211 - - [05/Jul/2021:08:42:28 +0800] "GET /xingrg/kc/buy/cgsh_order_operate.html?command=get_materiel&rest_code=00105&code=00101016122&supplier_code=00100203&order_time=2021-07-05 HTTP/1.1" 200 395
222.69.131.80 - - [05/Jul/2021:08:42:38 +0800] "GET /xingrg/all/function/internal_message.html?_=1625445764919&CODE_STATE=getMsg HTTP/1.1" 200 27
120.253.135.82 - - [05/Jul/2021:08:42:39 +0800] "GET /xingrg/all/function/internal_message.html?_=1625445547778&CODE_STATE=getMsg HTTP/1.1" 200 27
222.69.131.80 - - [05/Jul/2021:08:42:39 +0800] "GET /xingrg/javascript/jquery_easy_ui/themes/icons/rest.png HTTP/1.1" 200 695
222.69.131.80 - - [05/Jul/2021:08:42:39 +0800] "GET /xingrg/javascript/jquery_easy_ui/themes/icons/area.png HTTP/1.1" 200 262
222.69.131.80 - - [05/Jul/2021:08:42:40 +0800] "GET /xingrg/kc/buy/cgsh_order_add.html HTTP/1.1" 200 62728
222.69.131.80 - - [05/Jul/2021:08:42:40 +0800] "POST /xingrg/kc/buy/cgsh_order_operate.html HTTP/1.1" 200 8245
222.69.131.80 - - [05/Jul/2021:08:42:40 +0800] "GET /xingrg/javascript/easyui/themes/default/validatebox.css HTTP/1.1" 404 1104
180.162.195.211 - - [05/Jul/2021:08:42:40 +0800] "GET /xingrg/kc/buy/cgsh_order_operate.html?command=get_materiel&rest_code=00105&code=00101008256&supplier_code=00100203&order_time=2021-07-05 HTTP/1.1" 200 412
116.230.117.165 - - [05/Jul/2021:08:42:47 +0800] "GET /xingrg/all/function/internal_message.html?_=1625445773374&CODE_STATE=getMsg HTTP/1.1" 302 -
180.162.195.211 - - [05/Jul/2021:08:42:52 +0800] "GET /xingrg/kc/buy/cgsh_order_operate.html?command=get_materiel&rest_code=00105&code=00101008010&supplier_code=00100203&order_time=2021-07-05 HTTP/1.1" 200 412
116.230.117.165 - - [05/Jul/2021:08:42:56 +0800] "GET /favicon.ico HTTP/1.1" 404 -
222.69.131.80 - - [05/Jul/2021:08:42:59 +0800] "GET /xingrg/kc/buy/cgsh_order_operate.html?command=get_materiel&rest_code=00149&code=00101009001&supplier_code=00100201&order_time=2021-07-04 HTTP/1.1" 200 416
180.162.195.211 - - [05/Jul/2021:08:43:00 +0800] "GET /xingrg/kc/buy/cgsh_order_operate.html?command=get_materiel&rest_code=00105&code=00101008163&supplier_code=00100203&order_time=2021-07-05 HTTP/1.1" 200 408
180.162.195.211 - - [05/Jul/2021:08:43:06 +0800] "GET /xingrg/kc/buy/cgsh_order_operate.html?command=get_materiel&rest_code=00105&code=00101008148&supplier_code=00100203&order_time=2021-07-05 HTTP/1.1" 200 416
180.169.147.146 - - [05/Jul/2021:08:43:08 +0800] "GET /xingrg/all/function/internal_message.html?_=1625445795366&CODE_STATE=getMsg HTTP/1.1" 302 -
180.169.147.146 - - [05/Jul/2021:08:43:08 +0800] "GET /xingrg/check_reg.html?_=1625445795369 HTTP/1.1" 302 -
180.162.195.211 - - [05/Jul/2021:08:43:13 +0800] "GET /xingrg/kc/buy/cgsh_order_operate.html?command=get_materiel&rest_code=00105&code=00101008264&supplier_code=00100203&order_time=2021-07-05 HTTP/1.1" 200 412
180.162.195.211 - - [05/Jul/2021:08:43:22 +0800] "GET /xingrg/all/function/internal_message.html?_=1625445808446&CODE_STATE=getMsg HTTP/1.1" 200 27
114.86.228.137 - - [05/Jul/2021:08:43:23 +0800] "GET /xingrg/all/function/internal_message.html?_=1625445810832&CODE_STATE=getMsg HTTP/1.1" 200 27
180.162.195.211 - - [05/Jul/2021:08:43:27 +0800] "GET /xingrg/kc/buy/cgsh_order_operate.html?command=get_materiel&rest_code=00105&code=00101008197&supplier_code=00100203&order_time=2021-07-05 HTTP/1.1" 200 416
222.69.131.80 - - [05/Jul/2021:08:43:38 +0800] "GET /xingrg/all/function/internal_message.html?_=1625445824917&CODE_STATE=getMsg HTTP/1.1" 200 27
120.253.135.82 - - [05/Jul/2021:08:43:39 +0800] "GET /xingrg/all/function/internal_message.html?_=1625445607943&CODE_STATE=getMsg HTTP/1.1" 200 27
180.162.195.211 - - [05/Jul/2021:08:43:39 +0800] "GET /xingrg/kc/buy/cgsh_order_operate.html?command=get_materiel&rest_code=00105&code=00101008069&supplier_code=00100203&order_time=2021-07-05 HTTP/1.1" 200 412
116.230.117.165 - - [05/Jul/2021:08:43:47 +0800] "GET /xingrg/all/function/internal_message.html?_=1625445833389&CODE_STATE=getMsg HTTP/1.1" 302 -
180.162.195.211 - - [05/Jul/2021:08:43:47 +0800] "GET /xingrg/kc/buy/cgsh_order_operate.html?command=get_materiel&rest_code=00105&code=00101008131&supplier_code=00100203&order_time=2021-07-05 HTTP/1.1" 200 408
180.162.195.211 - - [05/Jul/2021:08:43:56 +0800] "GET /xingrg/kc/buy/cgsh_order_operate.html?command=get_materiel&rest_code=00105&code=00101008233&supplier_code=00100203&order_time=2021-07-05 HTTP/1.1" 200 408
180.162.195.211 - - [05/Jul/2021:08:43:57 +0800] "GET /xingrg/index.html?sysBaseUrl=http%3A%2F%2F180.169.147.146%3A18081%2Fxingrg%2F&costTime=32×tamp=1585224308505 HTTP/1.1" 302 -
180.162.195.211 - - [05/Jul/2021:08:43:57 +0800] "GET /xingrg/login.html HTTP/1.1" 200 7641
180.162.195.211 - - [05/Jul/2021:08:43:57 +0800] "GET /xingrg/images/blue/jxLogo.png HTTP/1.1" 304 -
180.162.195.211 - - [05/Jul/2021:08:44:01 +0800] "GET /xingrg/images/blue/login_bg.png HTTP/1.1" 304 -
180.162.195.211 - - [05/Jul/2021:08:44:01 +0800] "GET /xingrg/images/blue/hj.png HTTP/1.1" 304 -
180.162.195.211 - - [05/Jul/2021:08:44:02 +0800] "GET /xingrg/images/blue/srbg.png HTTP/1.1" 304 -
180.162.195.211 - - [05/Jul/2021:08:44:03 +0800] "GET /favicon.ico HTTP/1.1" 404 -
180.162.195.211 - - [05/Jul/2021:08:44:05 +0800] "GET /xingrg/kc/buy/cgsh_order_operate.html?command=get_materiel&rest_code=00105&code=00101008318&supplier_code=00100203&order_time=2021-07-05 HTTP/1.1" 200 408
180.169.147.146 - - [05/Jul/2021:08:44:08 +0800] "GET /xingrg/all/function/internal_message.html?_=1625445855356&CODE_STATE=getMsg HTTP/1.1" 302 -
180.162.195.211 - - [05/Jul/2021:08:44:12 +0800] "GET /xingrg/kc/buy/cgsh_order_operate.html?command=get_materiel&rest_code=00105&code=00101008005&supplier_code=00100203&order_time=2021-07-05 HTTP/1.1" 200 412
180.162.195.211 - - [05/Jul/2021:08:44:22 +0800] "GET /xingrg/all/function/internal_message.html?_=1625445868405&CODE_STATE=getMsg HTTP/1.1" 200 27
114.86.228.137 - - [05/Jul/2021:08:44:23 +0800] "GET /xingrg/all/function/internal_message.html?_=1625445870835&CODE_STATE=getMsg HTTP/1.1" 200 27
180.162.195.211 - - [05/Jul/2021:08:44:23 +0800] "GET /xingrg/kc/buy/cgsh_order_operate.html?command=get_materiel&rest_code=00105&code=00101008353&supplier_code=00100203&order_time=2021-07-05 HTTP/1.1" 200 408
180.162.195.211 - - [05/Jul/2021:08:44:26 +0800] "POST /xingrg/kc/buy/cgsh_order_operate.html HTTP/1.1" 200 2065
180.162.195.211 - - [05/Jul/2021:08:44:27 +0800] "POST /xingrg/kc/buy/cgsh_order_operate.html HTTP/1.1" 200 2065
222.69.131.80 - - [05/Jul/2021:08:44:35 +0800] "GET /xingrg/kc/buy/cgsh_order_operate.html?command=get_materiel&rest_code=00149&code=00101009062&supplier_code=00100201&order_time=2021-07-04 HTTP/1.1" 200 412
180.162.195.211 - - [05/Jul/2021:08:44:35 +0800] "GET /xingrg/kc/buy/cgsh_order_operate.html?command=get_materiel&rest_code=00105&code=00101008105&supplier_code=00100203&order_time=2021-07-05 HTTP/1.1" 200 412
222.69.131.80 - - [05/Jul/2021:08:44:38 +0800] "GET /xingrg/all/function/internal_message.html?_=1625445884931&CODE_STATE=getMsg HTTP/1.1" 200 27
120.253.135.82 - - [05/Jul/2021:08:44:39 +0800] "GET /xingrg/all/function/internal_message.html?_=1625445667947&CODE_STATE=getMsg HTTP/1.1" 200 27
180.162.195.211 - - [05/Jul/2021:08:44:45 +0800] "GET /xingrg/kc/buy/cgsh_order_operate.html?command=get_materiel&rest_code=00105&code=00101008405&supplier_code=00100203&order_time=2021-07-05 HTTP/1.1" 200 413
222.69.131.80 - - [05/Jul/2021:08:44:45 +0800] "GET /xingrg/kc/buy/cgsh_order_operate.html?command=get_materiel&rest_code=00149&code=00101009011&supplier_code=00100201&order_time=2021-07-04 HTTP/1.1" 200 416
116.230.117.165 - - [05/Jul/2021:08:44:47 +0800] "GET /xingrg/all/function/internal_message.html?_=1625445893401&CODE_STATE=getMsg HTTP/1.1" 302 -
180.162.195.211 - - [05/Jul/2021:08:44:56 +0800] "GET /xingrg/kc/buy/cgsh_order_operate.html?command=get_materiel&rest_code=00105&code=00101008132&supplier_code=00100203&order_time=2021-07-05 HTTP/1.1" 200 408
222.69.131.80 - - [05/Jul/2021:08:44:56 +0800] "GET /xingrg/kc/buy/cgsh_order_operate.html?command=get_materiel&rest_code=00149&code=00101009013&supplier_code=00100201&order_time=2021-07-04 HTTP/1.1" 200 420
222.69.131.80 - - [05/Jul/2021:08:45:06 +0800] "GET /xingrg/kc/buy/cgsh_order_operate.html?command=get_materiel&rest_code=00149&code=00101009059&supplier_code=00100201&order_time=2021-07-04 HTTP/1.1" 200 409
180.169.147.146 - - [05/Jul/2021:08:45:08 +0800] "GET /xingrg/all/function/internal_message.html?_=1625445915356&CODE_STATE=getMsg HTTP/1.1" 302 -
180.162.195.211 - - [05/Jul/2021:08:45:08 +0800] "GET /xingrg/kc/buy/cgsh_order_operate.html?command=get_materiel&rest_code=00105&code=00101008244&supplier_code=00100203&order_time=2021-07-05 HTTP/1.1" 200 408
180.162.195.211 - - [05/Jul/2021:08:45:15 +0800] "GET /xingrg/kc/buy/cgsh_order_operate.html?command=get_materiel&rest_code=00105&code=00101008186&supplier_code=00100203&order_time=2021-07-05 HTTP/1.1" 200 408
114.86.228.137 - - [05/Jul/2021:08:45:18 +0800] "GET /xingrg/kc/buy/cgsh_order_operate.html?command=get_materiel&rest_code=00109&code=00101008318&supplier_code=00100005&order_time=2021-07-05 HTTP/1.1" 200 408
222.69.131.80 - - [05/Jul/2021:08:45:19 +0800] "GET /xingrg/kc/buy/cgsh_order_operate.html?command=get_materiel&rest_code=00149&code=00101009039&supplier_code=00100201&order_time=2021-07-04 HTTP/1.1" 200 408
180.169.147.146 - - [05/Jul/2021:08:45:21 +0800] "GET /favicon.ico HTTP/1.1" 404 -
180.162.195.211 - - [05/Jul/2021:08:45:22 +0800] "GET /xingrg/check_reg.html?_=1625445928372 HTTP/1.1" 200 22
180.162.195.211 - - [05/Jul/2021:08:45:22 +0800] "GET /xingrg/all/function/internal_message.html?_=1625445928374&CODE_STATE=getMsg HTTP/1.1" 200 27
180.162.195.211 - - [05/Jul/2021:08:45:22 +0800] "GET /xingrg/kc/buy/cgsh_order_operate.html?command=get_materiel&rest_code=00105&code=00101008356&supplier_code=00100203&order_time=2021-07-05 HTTP/1.1" 200 408
114.86.228.137 - - [05/Jul/2021:08:45:23 +0800] "GET /xingrg/all/function/internal_message.html?_=1625445930840&CODE_STATE=getMsg HTTP/1.1" 200 27
180.162.195.211 - - [05/Jul/2021:08:45:29 +0800] "GET /xingrg/kc/buy/cgsh_order_operate.html?command=get_materiel&rest_code=00105&code=00101008063&supplier_code=00100203&order_time=2021-07-05 HTTP/1.1" 200 412
222.69.131.80 - - [05/Jul/2021:08:45:38 +0800] "GET /xingrg/all/function/internal_message.html?_=1625445944938&CODE_STATE=getMsg HTTP/1.1" 200 27
120.253.135.82 - - [05/Jul/2021:08:45:39 +0800] "GET /xingrg/all/function/internal_message.html?_=1625445728106&CODE_STATE=getMsg HTTP/1.1" 200 27
222.69.131.80 - - [05/Jul/2021:08:45:39 +0800] "POST /xingrg/kc/buy/cgsh_order_operate.html HTTP/1.1" 200 37
180.162.195.211 - - [05/Jul/2021:08:45:39 +0800] "GET /xingrg/kc/buy/cgsh_order_operate.html?command=get_materiel&rest_code=00105&code=00101008357&supplier_code=00100203&order_time=2021-07-05 HTTP/1.1" 200 408
116.230.117.165 - - [05/Jul/2021:08:45:45 +0800] "GET /xingrg/check_reg.html?_=1625445952089 HTTP/1.1" 302 -
222.69.131.80 - - [05/Jul/2021:08:45:46 +0800] "POST /xingrg/kc/buy/cgsh_order_operate.html HTTP/1.1" 200 12
116.230.117.165 - - [05/Jul/2021:08:45:47 +0800] "GET /xingrg/all/function/internal_message.html?_=1625445953416&CODE_STATE=getMsg HTTP/1.1" 302 -
180.162.195.211 - - [05/Jul/2021:08:45:48 +0800] "GET /xingrg/kc/buy/cgsh_order_operate.html?command=get_materiel&rest_code=00105&code=00101008286&supplier_code=00100203&order_time=2021-07-05 HTTP/1.1" 200 408
222.69.131.80 - - [05/Jul/2021:08:45:52 +0800] "GET /xingrg/kc/buy/cgsh_order_info.html?code=212021070501871 HTTP/1.1" 200 57636
222.69.131.80 - - [05/Jul/2021:08:45:52 +0800] "GET /xingrg/javascript/easyui/themes/default/validatebox.css HTTP/1.1" 404 1104
222.69.131.80 - - [05/Jul/2021:08:45:53 +0800] "POST /xingrg/kc/buy/cgsh_order_operate.html HTTP/1.1" 200 3570
180.162.195.211 - - [05/Jul/2021:08:45:55 +0800] "GET /xingrg/kc/buy/cgsh_order_operate.html?command=get_materiel&rest_code=00105&code=00101008098&supplier_code=00100203&order_time=2021-07-05 HTTP/1.1" 200 412
222.69.131.80 - - [05/Jul/2021:08:45:55 +0800] "GET /xingrg/kc/print/load_data.html?order_code=212021070501871&kc_code=cgsh&condition= HTTP/1.1" 200 1845
222.69.131.80 - - [05/Jul/2021:08:46:00 +0800] "GET /xingrg/kc/buy/cgsh_order_add.html HTTP/1.1" 200 62728
222.69.131.80 - - [05/Jul/2021:08:46:00 +0800] "POST /xingrg/kc/buy/cgsh_order_operate.html HTTP/1.1" 200 8245
222.69.131.80 - - [05/Jul/2021:08:46:00 +0800] "GET /xingrg/javascript/easyui/themes/default/validatebox.css HTTP/1.1" 404 1104
180.162.195.211 - - [05/Jul/2021:08:46:02 +0800] "GET /xingrg/kc/buy/cgsh_order_operate.html?command=get_materiel&rest_code=00105&code=00101008213&supplier_code=00100203&order_time=2021-07-05 HTTP/1.1" 200 412
114.86.228.137 - - [05/Jul/2021:08:46:05 +0800] "GET /xingrg/kc/buy/cgsh_order_operate.html?command=get_materiel&rest_code=00109&code=00101008353&supplier_code=00100005&order_time=2021-07-05 HTTP/1.1" 200 408
180.169.147.146 - - [05/Jul/2021:08:46:08 +0800] "GET /xingrg/all/function/internal_message.html?_=1625445975382&CODE_STATE=getMsg HTTP/1.1" 302 -
114.86.228.137 - - [05/Jul/2021:08:46:12 +0800] "GET /xingrg/kc/buy/cgsh_order_operate.html?command=get_materiel&rest_code=00109&code=00101008196&supplier_code=00100005&order_time=2021-07-05 HTTP/1.1" 200 416
180.162.195.211 - - [05/Jul/2021:08:46:13 +0800] "GET /xingrg/kc/buy/cgsh_order_operate.html?command=get_materiel&rest_code=00105&code=00101008350&supplier_code=00100203&order_time=2021-07-05 HTTP/1.1" 200 408
114.86.228.137 - - [05/Jul/2021:08:46:19 +0800] "GET /xingrg/kc/buy/cgsh_order_operate.html?command=get_materiel&rest_code=00109&code=00101008125&supplier_code=00100005&order_time=2021-07-05 HTTP/1.1" 200 413
120.253.135.82 - - [05/Jul/2021:08:46:21 +0800] "GET /xingrg/check_reg.html?_=1625445769821 HTTP/1.1" 200 22
114.86.228.137 - - [05/Jul/2021:08:46:21 +0800] "POST /xingrg/kc/buy/cgsh_order_operate.html HTTP/1.1" 200 2065
180.162.195.211 - - [05/Jul/2021:08:46:22 +0800] "GET /xingrg/all/function/internal_message.html?_=1625445988437&CODE_STATE=getMsg HTTP/1.1" 200 27
114.86.228.137 - - [05/Jul/2021:08:46:23 +0800] "GET /xingrg/all/function/internal_message.html?_=1625445990841&CODE_STATE=getMsg HTTP/1.1" 200 27
222.69.131.80 - - [05/Jul/2021:08:46:24 +0800] "GET /xingrg/kc/buy/cgsh_order_operate.html?command=get_materiel&rest_code=00149&code=00101012003&supplier_code=00100036&order_time=2021-07-04 HTTP/1.1" 200 412
114.86.228.137 - - [05/Jul/2021:08:46:27 +0800] "GET /xingrg/kc/buy/cgsh_order_operate.html?command=get_materiel&rest_code=00109&code=00101013085&supplier_code=00100005&order_time=2021-07-05 HTTP/1.1" 200 412
180.162.195.211 - - [05/Jul/2021:08:46:33 +0800] "POST /xingrg/kc/buy/cgsh_order_operate.html HTTP/1.1" 200 2065
114.86.228.137 - - [05/Jul/2021:08:46:35 +0800] "GET /xingrg/kc/buy/cgsh_order_operate.html?command=get_materiel&rest_code=00109&code=00101008401&supplier_code=00100005&order_time=2021-07-05 HTTP/1.1" 200 415
180.162.195.211 - - [05/Jul/2021:08:46:36 +0800] "POST /xingrg/kc/buy/cgsh_order_operate.html HTTP/1.1" 200 2065
222.69.131.80 - - [05/Jul/2021:08:46:38 +0800] "GET /xingrg/check_reg.html?_=1625446004933 HTTP/1.1" 200 22
222.69.131.80 - - [05/Jul/2021:08:46:38 +0800] "GET /xingrg/all/function/internal_message.html?_=1625446004937&CODE_STATE=getMsg HTTP/1.1" 200 27
222.69.131.80 - - [05/Jul/2021:08:46:38 +0800] "GET /xingrg/kc/buy/cgsh_order_operate.html?command=get_materiel&rest_code=00149&code=00101012028&supplier_code=00100036&order_time=2021-07-04 HTTP/1.1" 200 414
120.253.135.82 - - [05/Jul/2021:08:46:39 +0800] "GET /xingrg/all/function/internal_message.html?_=1625445788114&CODE_STATE=getMsg HTTP/1.1" 200 27
114.86.228.137 - - [05/Jul/2021:08:46:44 +0800] "GET /xingrg/kc/buy/cgsh_order_operate.html?command=get_materiel&rest_code=00109&code=00101008350&supplier_code=00100005&order_time=2021-07-05 HTTP/1.1" 200 408
116.230.117.165 - - [05/Jul/2021:08:46:47 +0800] "GET /xingrg/all/function/internal_message.html?_=1625446013430&CODE_STATE=getMsg HTTP/1.1" 302 -
222.69.131.80 - - [05/Jul/2021:08:46:49 +0800] "GET /xingrg/kc/buy/cgsh_order_operate.html?command=get_materiel&rest_code=00149&code=00101010348&supplier_code=00100036&order_time=2021-07-04 HTTP/1.1" 200 417
114.86.228.137 - - [05/Jul/2021:08:46:52 +0800] "GET /xingrg/kc/buy/cgsh_order_operate.html?command=get_materiel&rest_code=00109&code=00101008610&supplier_code=00100005&order_time=2021-07-05 HTTP/1.1" 200 399
114.86.228.137 - - [05/Jul/2021:08:46:59 +0800] "GET /xingrg/kc/buy/cgsh_order_operate.html?command=get_materiel&rest_code=00109&code=00101008351&supplier_code=00100005&order_time=2021-07-05 HTTP/1.1" 200 408
222.69.131.80 - - [05/Jul/2021:08:47:04 +0800] "GET /xingrg/kc/buy/cgsh_order_operate.html?command=get_materiel&rest_code=00149&code=00101012026&supplier_code=00100036&order_time=2021-07-04 HTTP/1.1" 200 408
114.86.228.137 - - [05/Jul/2021:08:47:07 +0800] "GET /xingrg/kc/buy/cgsh_order_operate.html?command=get_materiel&rest_code=00109&code=00101008186&supplier_code=00100005&order_time=2021-07-05 HTTP/1.1" 200 408
180.169.147.146 - - [05/Jul/2021:08:47:08 +0800] "GET /xingrg/all/function/internal_message.html?_=1625446035380&CODE_STATE=getMsg HTTP/1.1" 302 -
180.162.195.211 - - [05/Jul/2021:08:47:17 +0800] "GET /xingrg/kc/buy/cgsh_order_operate.html?command=get_materiel&rest_code=00105&code=00101008312&supplier_code=00100203&order_time=2021-07-05 HTTP/1.1" 200 412
114.86.228.137 - - [05/Jul/2021:08:47:18 +0800] "POST /xingrg/kc/buy/cgsh_order_operate.html HTTP/1.1" 200 2065
58.221.95.50 - - [05/Jul/2021:08:47:19 +0800] "GET /xingrg/check_reg.html?_=1625446048543 HTTP/1.1" 302 -
58.221.95.50 - - [05/Jul/2021:08:47:19 +0800] "GET /xingrg/login.html HTTP/1.1" 200 7641
180.162.195.211 - - [05/Jul/2021:08:47:22 +0800] "GET /xingrg/all/function/internal_message.html?_=1625446048408&CODE_STATE=getMsg HTTP/1.1" 200 27
114.86.228.137 - - [05/Jul/2021:08:47:23 +0800] "GET /xingrg/all/function/internal_message.html?_=1625446050843&CODE_STATE=getMsg HTTP/1.1" 200 27
114.86.228.137 - - [05/Jul/2021:08:47:23 +0800] "GET /xingrg/check_reg.html?_=1625446050845 HTTP/1.1" 200 22
180.162.195.211 - - [05/Jul/2021:08:47:23 +0800] "GET /xingrg/kc/buy/cgsh_order_operate.html?command=get_materiel&rest_code=00105&code=00101008313&supplier_code=00100203&order_time=2021-07-05 HTTP/1.1" 200 412
114.86.228.137 - - [05/Jul/2021:08:47:29 +0800] "GET /xingrg/kc/buy/cgsh_order_operate.html?command=get_materiel&rest_code=00109&code=00101008290&supplier_code=00100005&order_time=2021-07-05 HTTP/1.1" 200 416
116.224.253.72 - - [05/Jul/2021:08:47:31 +0800] "GET /xingrg/kc/buy/cgsh_order_list.html HTTP/1.1" 302 -
116.224.253.72 - - [05/Jul/2021:08:47:31 +0800] "GET /xingrg/login.html HTTP/1.1" 200 7641
116.224.253.72 - - [05/Jul/2021:08:47:31 +0800] "GET /xingrg/login.html HTTP/1.1" 200 7641
116.224.253.72 - - [05/Jul/2021:08:47:31 +0800] "GET /favicon.ico HTTP/1.1" 404 -
116.224.253.72 - - [05/Jul/2021:08:47:33 +0800] "POST /xingrg/login.do HTTP/1.1" 302 -
116.224.253.72 - - [05/Jul/2021:08:47:33 +0800] "GET /xingrg/index.html?sysBaseUrl=http%3A%2F%2F180.169.147.146%3A18081%2Fxingrg%2F&costTime=44×tamp=1625446053325 HTTP/1.1" 200 17177
116.224.253.72 - - [05/Jul/2021:08:47:33 +0800] "POST /xingrg/all/common/load_tree.html?tree=area_rest_tree_json&manage=1 HTTP/1.1" 200 476
116.224.253.72 - - [05/Jul/2021:08:47:33 +0800] "GET /xingrg/check_reg.html?_=1625446055699 HTTP/1.1" 200 22
116.224.253.72 - - [05/Jul/2021:08:47:33 +0800] "GET /xingrg/all/function/internal_message.html?_=1625446055695&CODE_STATE=count HTTP/1.1" 200 11
116.224.253.72 - - [05/Jul/2021:08:47:33 +0800] "GET /favicon.ico HTTP/1.1" 404 -
116.224.253.72 - - [05/Jul/2021:08:47:33 +0800] "POST /xingrg/load_menu.html HTTP/1.1" 200 5138
116.224.253.72 - - [05/Jul/2021:08:47:36 +0800] "GET /xingrg/kc/buy/cgsh_order_list.html HTTP/1.1" 200 46941
114.86.228.137 - - [05/Jul/2021:08:47:36 +0800] "GET /xingrg/kc/buy/cgsh_order_operate.html?command=get_materiel&rest_code=00109&code=00101008356&supplier_code=00100005&order_time=2021-07-05 HTTP/1.1" 200 408
116.224.253.72 - - [05/Jul/2021:08:47:37 +0800] "POST /xingrg/kc/buy/cgsh_list_operate.html HTTP/1.1" 200 876
222.69.131.80 - - [05/Jul/2021:08:47:38 +0800] "GET /xingrg/all/function/internal_message.html?_=1625446064932&CODE_STATE=getMsg HTTP/1.1" 200 27
116.224.253.72 - - [05/Jul/2021:08:47:38 +0800] "GET /xingrg/kc/buy/cgsh_order_add.html HTTP/1.1" 200 62317
116.224.253.72 - - [05/Jul/2021:08:47:38 +0800] "GET /xingrg/words/20210704120006_words.js HTTP/1.1" 304 -
116.224.253.72 - - [05/Jul/2021:08:47:38 +0800] "POST /xingrg/kc/buy/cgsh_order_operate.html HTTP/1.1" 200 8245
116.224.253.72 - - [05/Jul/2021:08:47:38 +0800] "GET /xingrg/all/common/auto_word.html?type=employee&rest_code=00151 HTTP/1.1" 200 243
116.224.253.72 - - [05/Jul/2021:08:47:38 +0800] "GET /xingrg/all/common/auto_word.html?type=employee&rest_code=00151 HTTP/1.1" 200 243
116.224.253.72 - - [05/Jul/2021:08:47:38 +0800] "GET /xingrg/javascript/easyui/themes/default/validatebox.css HTTP/1.1" 404 1104
120.253.135.82 - - [05/Jul/2021:08:47:39 +0800] "GET /xingrg/all/function/internal_message.html?_=1625445848126&CODE_STATE=getMsg HTTP/1.1" 200 27
116.224.253.72 - - [05/Jul/2021:08:47:39 +0800] "GET /xingrg/javascript/auto/indicator.gif HTTP/1.1" 404 1066
114.86.228.137 - - [05/Jul/2021:08:47:43 +0800] "GET /xingrg/kc/buy/cgsh_order_operate.html?command=get_materiel&rest_code=00109&code=00101008300&supplier_code=00100005&order_time=2021-07-05 HTTP/1.1" 200 412
116.230.117.165 - - [05/Jul/2021:08:47:47 +0800] "GET /xingrg/all/function/internal_message.html?_=1625446073442&CODE_STATE=getMsg HTTP/1.1" 302 -
222.69.131.80 - - [05/Jul/2021:08:47:47 +0800] "POST /xingrg/kc/buy/cgsh_order_operate.html HTTP/1.1" 200 37
114.86.228.137 - - [05/Jul/2021:08:47:52 +0800] "GET /xingrg/kc/buy/cgsh_order_operate.html?command=get_materiel&rest_code=00109&code=00101008357&supplier_code=00100005&order_time=2021-07-05 HTTP/1.1" 200 408
116.224.253.72 - - [05/Jul/2021:08:47:52 +0800] "GET /xingrg/kc/buy/cgsh_order_operate.html?command=get_materiel&rest_code=00151&code=00101012060&supplier_code=00100007&order_time=2021-07-05 HTTP/1.1" 200 408
222.69.131.80 - - [05/Jul/2021:08:47:53 +0800] "POST /xingrg/kc/buy/cgsh_order_operate.html HTTP/1.1" 200 12
222.69.131.80 - - [05/Jul/2021:08:47:55 +0800] "GET /xingrg/kc/buy/cgsh_order_info.html?code=212021070501872 HTTP/1.1" 200 57638
222.69.131.80 - - [05/Jul/2021:08:47:56 +0800] "GET /xingrg/javascript/easyui/themes/default/validatebox.css HTTP/1.1" 404 1104
222.69.131.80 - - [05/Jul/2021:08:47:56 +0800] "POST /xingrg/kc/buy/cgsh_order_operate.html HTTP/1.1" 200 2394
222.69.131.80 - - [05/Jul/2021:08:47:58 +0800] "GET /xingrg/kc/print/load_data.html?order_code=212021070501872&kc_code=cgsh&condition= HTTP/1.1" 200 1474
114.86.228.137 - - [05/Jul/2021:08:48:01 +0800] "GET /xingrg/kc/buy/cgsh_order_operate.html?command=get_materiel&rest_code=00109&code=00101008286&supplier_code=00100005&order_time=2021-07-05 HTTP/1.1" 200 408
116.224.253.72 - - [05/Jul/2021:08:48:01 +0800] "GET /xingrg/kc/buy/cgsh_order_operate.html?command=get_materiel&rest_code=00151&code=00101016038&supplier_code=00100007&order_time=2021-07-05 HTTP/1.1" 200 408
180.162.195.211 - - [05/Jul/2021:08:48:03 +0800] "GET /xingrg/kc/buy/cgsh_order_operate.html?command=get_materiel&rest_code=00105&code=00101008114&supplier_code=00100203&order_time=2021-07-05 HTTP/1.1" 200 412
114.86.228.137 - - [05/Jul/2021:08:48:03 +0800] "POST /xingrg/kc/buy/cgsh_order_operate.html HTTP/1.1" 200 2065
222.69.131.80 - - [05/Jul/2021:08:48:07 +0800] "GET /xingrg/kc/buy/cgsh_order_add.html HTTP/1.1" 200 62728
114.86.228.137 - - [05/Jul/2021:08:48:07 +0800] "GET /xingrg/kc/buy/cgsh_order_operate.html?command=get_materiel&rest_code=00109&code=00101008213&supplier_code=00100005&order_time=2021-07-05 HTTP/1.1" 200 412
222.69.131.80 - - [05/Jul/2021:08:48:07 +0800] "POST /xingrg/kc/buy/cgsh_order_operate.html HTTP/1.1" 200 8245
116.224.253.72 - - [05/Jul/2021:08:48:07 +0800] "GET /xingrg/kc/buy/cgsh_order_operate.html?command=get_materiel&rest_code=00151&code=00101008323&supplier_code=00100007&order_time=2021-07-05 HTTP/1.1" 200 408
222.69.131.80 - - [05/Jul/2021:08:48:07 +0800] "GET /xingrg/javascript/easyui/themes/default/validatebox.css HTTP/1.1" 404 1104
180.169.147.146 - - [05/Jul/2021:08:48:08 +0800] "GET /xingrg/all/function/internal_message.html?_=1625446095380&CODE_STATE=getMsg HTTP/1.1" 302 -
180.169.147.146 - - [05/Jul/2021:08:48:08 +0800] "GET /xingrg/check_reg.html?_=1625446095382 HTTP/1.1" 302 -
180.162.195.211 - - [05/Jul/2021:08:48:10 +0800] "GET /xingrg/kc/buy/cgsh_order_operate.html?command=get_materiel&rest_code=00105&code=00101020152&supplier_code=00100203&order_time=2021-07-05 HTTP/1.1" 200 416
116.224.253.72 - - [05/Jul/2021:08:48:13 +0800] "GET /xingrg/kc/buy/cgsh_order_operate.html?command=get_materiel&rest_code=00151&code=00101008352&supplier_code=00100007&order_time=2021-07-05 HTTP/1.1" 200 412
114.86.228.137 - - [05/Jul/2021:08:48:14 +0800] "GET /xingrg/kc/buy/cgsh_order_operate.html?command=get_materiel&rest_code=00109&code=00101008055&supplier_code=00100005&order_time=2021-07-05 HTTP/1.1" 200 409
180.162.195.211 - - [05/Jul/2021:08:48:19 +0800] "GET /xingrg/kc/buy/cgsh_order_operate.html?command=get_materiel&rest_code=00105&code=00101008176&supplier_code=00100203&order_time=2021-07-05 HTTP/1.1" 200 412
114.86.228.137 - - [05/Jul/2021:08:48:19 +0800] "GET /xingrg/kc/buy/cgsh_order_operate.html?command=get_materiel&rest_code=00109&code=00101008225&supplier_code=00100005&order_time=2021-07-05 HTTP/1.1" 200 416
180.162.195.211 - - [05/Jul/2021:08:48:22 +0800] "GET /xingrg/all/function/internal_message.html?_=1625446108388&CODE_STATE=getMsg HTTP/1.1" 200 27
116.224.253.72 - - [05/Jul/2021:08:48:22 +0800] "GET /xingrg/kc/buy/cgsh_order_operate.html?command=get_materiel&rest_code=00151&code=00101008085&supplier_code=00100007&order_time=2021-07-05 HTTP/1.1" 200 412
114.86.228.137 - - [05/Jul/2021:08:48:23 +0800] "GET /xingrg/all/function/internal_message.html?_=1625446110850&CODE_STATE=getMsg HTTP/1.1" 200 27
114.86.228.137 - - [05/Jul/2021:08:48:25 +0800] "GET /xingrg/kc/buy/cgsh_order_operate.html?command=get_materiel&rest_code=00109&code=00101008265&supplier_code=00100005&order_time=2021-07-05 HTTP/1.1" 200 408
116.224.253.72 - - [05/Jul/2021:08:48:29 +0800] "GET /xingrg/kc/buy/cgsh_order_operate.html?command=get_materiel&rest_code=00151&code=00101008318&supplier_code=00100007&order_time=2021-07-05 HTTP/1.1" 200 408
222.69.131.80 - - [05/Jul/2021:08:48:30 +0800] "GET /xingrg/kc/buy/cgsh_order_operate.html?command=get_materiel&rest_code=00149&code=00101006130&supplier_code=00100012&order_time=2021-07-04 HTTP/1.1" 200 427
180.162.195.211 - - [05/Jul/2021:08:48:31 +0800] "GET /xingrg/kc/buy/cgsh_order_operate.html?command=get_materiel&rest_code=00105&code=00101008261&supplier_code=00100203&order_time=2021-07-05 HTTP/1.1" 200 408
116.224.253.72 - - [05/Jul/2021:08:48:33 +0800] "GET /xingrg/all/function/internal_message.html?_=1625446115717&CODE_STATE=getMsg HTTP/1.1" 200 27
116.224.253.72 - - [05/Jul/2021:08:48:36 +0800] "GET /xingrg/kc/buy/cgsh_order_operate.html?command=get_materiel&rest_code=00151&code=00101016051&supplier_code=00100007&order_time=2021-07-05 HTTP/1.1" 200 408
222.69.131.80 - - [05/Jul/2021:08:48:38 +0800] "GET /xingrg/all/function/internal_message.html?_=1625446124945&CODE_STATE=getMsg HTTP/1.1" 200 27
120.253.135.82 - - [05/Jul/2021:08:48:39 +0800] "GET /xingrg/all/function/internal_message.html?_=1625445908289&CODE_STATE=getMsg HTTP/1.1" 200 27
180.162.195.211 - - [05/Jul/2021:08:48:40 +0800] "GET /xingrg/kc/buy/cgsh_order_operate.html?command=get_materiel&rest_code=00105&code=00101008096&supplier_code=00100203&order_time=2021-07-05 HTTP/1.1" 200 412
116.224.253.72 - - [05/Jul/2021:08:48:44 +0800] "GET /xingrg/kc/buy/cgsh_order_operate.html?command=get_materiel&rest_code=00151&code=00101008354&supplier_code=00100007&order_time=2021-07-05 HTTP/1.1" 200 412
116.230.117.165 - - [05/Jul/2021:08:48:47 +0800] "GET /xingrg/all/function/internal_message.html?_=1625446133457&CODE_STATE=getMsg HTTP/1.1" 302 -
116.224.253.72 - - [05/Jul/2021:08:48:49 +0800] "GET /xingrg/kc/buy/cgsh_order_operate.html?command=get_materiel&rest_code=00151&code=00101008331&supplier_code=00100007&order_time=2021-07-05 HTTP/1.1" 200 416
180.162.195.211 - - [05/Jul/2021:08:48:49 +0800] "GET /xingrg/kc/buy/cgsh_order_operate.html?command=get_materiel&rest_code=00105&code=00101008087&supplier_code=00100203&order_time=2021-07-05 HTTP/1.1" 200 412
180.162.195.211 - - [05/Jul/2021:08:48:52 +0800] "POST /xingrg/kc/buy/cgsh_order_operate.html HTTP/1.1" 200 2065
116.224.253.72 - - [05/Jul/2021:08:48:54 +0800] "GET /xingrg/kc/buy/cgsh_order_operate.html?command=get_materiel&rest_code=00151&code=00101008095&supplier_code=00100007&order_time=2021-07-05 HTTP/1.1" 200 412
222.69.131.80 - - [05/Jul/2021:08:48:57 +0800] "GET /xingrg/kc/buy/cgsh_order_operate.html?command=get_materiel&rest_code=00149&code=00101006136&supplier_code=00100012&order_time=2021-07-04 HTTP/1.1" 200 417
114.86.228.137 - - [05/Jul/2021:08:48:57 +0800] "GET /xingrg/kc/buy/cgsh_order_operate.html?command=get_materiel&rest_code=00109&code=00101008356&supplier_code=00100005&order_time=2021-07-05 HTTP/1.1" 200 408
116.224.253.72 - - [05/Jul/2021:08:48:59 +0800] "GET /xingrg/kc/buy/cgsh_order_operate.html?command=get_materiel&rest_code=00151&code=00101008221&supplier_code=00100007&order_time=2021-07-05 HTTP/1.1" 200 412
114.86.228.137 - - [05/Jul/2021:08:49:00 +0800] "POST /xingrg/kc/buy/cgsh_order_operate.html HTTP/1.1" 200 2065
114.86.228.137 - - [05/Jul/2021:08:49:04 +0800] "GET /xingrg/kc/buy/cgsh_order_operate.html?command=get_materiel&rest_code=00109&code=00101008353&supplier_code=00100005&order_time=2021-07-05 HTTP/1.1" 200 408
116.224.253.72 - - [05/Jul/2021:08:49:05 +0800] "GET /xingrg/kc/buy/cgsh_order_operate.html?command=get_materiel&rest_code=00151&code=00101008150&supplier_code=00100007&order_time=2021-07-05 HTTP/1.1" 200 409
180.169.147.146 - - [05/Jul/2021:08:49:08 +0800] "GET /xingrg/all/function/internal_message.html?_=1625446155392&CODE_STATE=getMsg HTTP/1.1" 302 -
180.162.195.211 - - [05/Jul/2021:08:49:08 +0800] "GET /xingrg/kc/buy/cgsh_order_operate.html?command=get_materiel&rest_code=00105&code=00101008144&supplier_code=00100203&order_time=2021-07-05 HTTP/1.1" 200 412
114.86.228.137 - - [05/Jul/2021:08:49:10 +0800] "GET /xingrg/kc/buy/cgsh_order_operate.html?command=get_materiel&rest_code=00109&code=00101008125&supplier_code=00100005&order_time=2021-07-05 HTTP/1.1" 200 413
116.224.253.72 - - [05/Jul/2021:08:49:11 +0800] "GET /xingrg/kc/buy/cgsh_order_operate.html?command=get_materiel&rest_code=00151&code=00101008223&supplier_code=00100007&order_time=2021-07-05 HTTP/1.1" 200 412
116.224.253.72 - - [05/Jul/2021:08:49:16 +0800] "GET /xingrg/kc/buy/cgsh_order_operate.html?command=get_materiel&rest_code=00151&code=00101015056&supplier_code=00100007&order_time=2021-07-05 HTTP/1.1" 200 412
114.86.228.137 - - [05/Jul/2021:08:49:17 +0800] "GET /xingrg/kc/buy/cgsh_order_operate.html?command=get_materiel&rest_code=00109&code=00101008150&supplier_code=00100005&order_time=2021-07-05 HTTP/1.1" 200 409
180.162.195.211 - - [05/Jul/2021:08:49:19 +0800] "GET /xingrg/kc/buy/cgsh_order_operate.html?command=get_materiel&rest_code=00105&code=00101008118&supplier_code=00100203&order_time=2021-07-05 HTTP/1.1" 200 418
180.162.195.211 - - [05/Jul/2021:08:49:22 +0800] "GET /xingrg/all/function/internal_message.html?_=1625446168377&CODE_STATE=getMsg HTTP/1.1" 200 27
116.224.253.72 - - [05/Jul/2021:08:49:22 +0800] "GET /xingrg/kc/buy/cgsh_order_operate.html?command=get_materiel&rest_code=00151&code=00101008264&supplier_code=00100007&order_time=2021-07-05 HTTP/1.1" 200 412
114.86.228.137 - - [05/Jul/2021:08:49:23 +0800] "GET /xingrg/all/function/internal_message.html?_=1625446170850&CODE_STATE=getMsg HTTP/1.1" 200 27
116.224.253.72 - - [05/Jul/2021:08:49:27 +0800] "GET /xingrg/kc/buy/cgsh_order_operate.html?command=get_materiel&rest_code=00151&code=00101008261&supplier_code=00100007&order_time=2021-07-05 HTTP/1.1" 200 408
180.162.195.211 - - [05/Jul/2021:08:49:28 +0800] "GET /xingrg/kc/buy/cgsh_order_operate.html?command=get_materiel&rest_code=00105&code=00101008059&supplier_code=00100203&order_time=2021-07-05 HTTP/1.1" 200 408
116.224.253.72 - - [05/Jul/2021:08:49:33 +0800] "GET /xingrg/all/function/internal_message.html?_=1625446175706&CODE_STATE=getMsg HTTP/1.1" 200 27
114.86.228.137 - - [05/Jul/2021:08:49:34 +0800] "GET /xingrg/kc/buy/cgsh_order_operate.html?command=get_materiel&rest_code=00109&code=00101008298&supplier_code=00100005&order_time=2021-07-05 HTTP/1.1" 200 412
116.224.253.72 - - [05/Jul/2021:08:49:35 +0800] "GET /xingrg/kc/buy/cgsh_order_operate.html?command=get_materiel&rest_code=00151&code=00101008344&supplier_code=00100007&order_time=2021-07-05 HTTP/1.1" 200 412
222.69.131.80 - - [05/Jul/2021:08:49:38 +0800] "GET /xingrg/all/function/internal_message.html?_=1625446184939&CODE_STATE=getMsg HTTP/1.1" 200 27
120.253.135.82 - - [05/Jul/2021:08:49:39 +0800] "GET /xingrg/all/function/internal_message.html?_=1625445968294&CODE_STATE=getMsg HTTP/1.1" 200 27
114.86.228.137 - - [05/Jul/2021:08:49:40 +0800] "GET /xingrg/kc/buy/cgsh_order_operate.html?command=get_materiel&rest_code=00109&code=00101008114&supplier_code=00100005&order_time=2021-07-05 HTTP/1.1" 200 412
116.224.253.72 - - [05/Jul/2021:08:49:41 +0800] "GET /xingrg/kc/buy/cgsh_order_operate.html?command=get_materiel&rest_code=00151&code=00101008118&supplier_code=00100007&order_time=2021-07-05 HTTP/1.1" 200 418
114.86.228.137 - - [05/Jul/2021:08:49:42 +0800] "POST /xingrg/kc/buy/cgsh_order_operate.html HTTP/1.1" 200 2065
114.86.228.137 - - [05/Jul/2021:08:49:46 +0800] "GET /xingrg/kc/buy/cgsh_order_operate.html?command=get_materiel&rest_code=00109&code=00101008350&supplier_code=00100005&order_time=2021-07-05 HTTP/1.1" 200 408
180.162.195.211 - - [05/Jul/2021:08:49:46 +0800] "GET /xingrg/kc/buy/cgsh_order_operate.html?command=get_materiel&rest_code=00105&code=00101008004&supplier_code=00100203&order_time=2021-07-05 HTTP/1.1" 200 416
116.224.253.72 - - [05/Jul/2021:08:49:47 +0800] "GET /xingrg/kc/buy/cgsh_order_operate.html?command=get_materiel&rest_code=00151&code=00101008098&supplier_code=00100007&order_time=2021-07-05 HTTP/1.1" 200 412
116.230.117.165 - - [05/Jul/2021:08:49:47 +0800] "GET /xingrg/all/function/internal_message.html?_=1625446193469&CODE_STATE=getMsg HTTP/1.1" 302 -
114.86.228.137 - - [05/Jul/2021:08:49:53 +0800] "GET /xingrg/kc/buy/cgsh_order_operate.html?command=get_materiel&rest_code=00109&code=00101008036&supplier_code=00100005&order_time=2021-07-05 HTTP/1.1" 200 408
116.224.253.72 - - [05/Jul/2021:08:49:55 +0800] "GET /xingrg/kc/buy/cgsh_order_operate.html?command=get_materiel&rest_code=00151&code=00101008357&supplier_code=00100007&order_time=2021-07-05 HTTP/1.1" 200 408
222.69.131.80 - - [05/Jul/2021:08:49:55 +0800] "GET /xingrg/kc/buy/cgsh_order_operate.html?command=get_materiel&rest_code=00149&code=00101006025&supplier_code=00100012&order_time=2021-07-04 HTTP/1.1" 200 417
180.162.195.211 - - [05/Jul/2021:08:49:56 +0800] "GET /xingrg/kc/buy/cgsh_order_operate.html?command=get_materiel&rest_code=00105&code=00101010136&supplier_code=00100203&order_time=2021-07-05 HTTP/1.1" 200 408
114.86.228.137 - - [05/Jul/2021:08:49:59 +0800] "GET /xingrg/kc/buy/cgsh_order_operate.html?command=get_materiel&rest_code=00109&code=00101008362&supplier_code=00100005&order_time=2021-07-05 HTTP/1.1" 200 408
116.224.253.72 - - [05/Jul/2021:08:50:01 +0800] "GET /xingrg/kc/buy/cgsh_order_operate.html?command=get_materiel&rest_code=00151&code=00101008288&supplier_code=00100007&order_time=2021-07-05 HTTP/1.1" 200 408
180.162.195.211 - - [05/Jul/2021:08:50:04 +0800] "POST /xingrg/kc/buy/cgsh_order_operate.html HTTP/1.1" 200 37
116.224.253.72 - - [05/Jul/2021:08:50:06 +0800] "POST /xingrg/kc/buy/cgsh_order_operate.html HTTP/1.1" 200 2065
180.162.195.211 - - [05/Jul/2021:08:50:06 +0800] "POST /xingrg/kc/buy/cgsh_order_operate.html HTTP/1.1" 200 28082
222.69.131.80 - - [05/Jul/2021:08:50:07 +0800] "GET /xingrg/kc/buy/cgsh_order_operate.html?command=get_materiel&rest_code=00149&code=00101006109&supplier_code=00100012&order_time=2021-07-04 HTTP/1.1" 200 409
180.169.147.146 - - [05/Jul/2021:08:50:08 +0800] "GET /xingrg/all/function/internal_message.html?_=1625446215394&CODE_STATE=getMsg HTTP/1.1" 302 -
180.162.195.211 - - [05/Jul/2021:08:50:10 +0800] "GET /xingrg/kc/buy/cgsh_order_add.html HTTP/1.1" 200 62722
180.162.195.211 - - [05/Jul/2021:08:50:10 +0800] "POST /xingrg/kc/buy/cgsh_order_operate.html HTTP/1.1" 200 8245
