222.69.131.80 - - [05/Jul/2021:09:32:20 +0800] "GET /xingrg/kc/buy/cgsh_order_operate.html?command=get_materiel&rest_code=00149&code=00101008330&supplier_code=00100005&order_time=2021-07-05 HTTP/1.1" 200 408
116.230.110.80 - - [05/Jul/2021:09:32:21 +0800] "GET /xingrg/kc/buy/cgsh_order_operate.html?command=get_materiel&rest_code=00155&code=00101008358&supplier_code=00100005&order_time=2021-07-05 HTTP/1.1" 200 412
180.162.195.211 - - [05/Jul/2021:09:32:22 +0800] "GET /xingrg/all/function/internal_message.html?_=1625448748419&CODE_STATE=getMsg HTTP/1.1" 200 27
180.174.237.246 - - [05/Jul/2021:09:32:22 +0800] "GET /xingrg/kc/buy/cgsh_order_operate.html?command=get_materiel&rest_code=00102&code=00101008219&supplier_code=00100008&order_time=2021-07-05 HTTP/1.1" 200 414
114.86.228.137 - - [05/Jul/2021:09:32:23 +0800] "GET /xingrg/kc/buy/cgsh_order_operate.html?command=get_materiel&rest_code=00109&code=00101006144&supplier_code=00100015&order_time=2021-07-05 HTTP/1.1" 200 409
116.230.117.165 - - [05/Jul/2021:09:32:24 +0800] "GET /xingrg/all/function/internal_message.html?_=1625448750903&CODE_STATE=getMsg HTTP/1.1" 200 27
180.169.147.146 - - [05/Jul/2021:09:32:25 +0800] "GET /xingrg/all/function/internal_message.html?_=1625448752618&CODE_STATE=getMsg HTTP/1.1" 200 27
116.224.253.72 - - [05/Jul/2021:09:32:26 +0800] "GET /xingrg/kc/buy/cgsh_order_operate.html?command=get_materiel&rest_code=00150&code=00101006065&supplier_code=00100096&order_time=2021-07-05 HTTP/1.1" 200 409
116.224.253.72 - - [05/Jul/2021:09:32:27 +0800] "GET /xingrg/all/function/internal_message.html?_=1625448744969&CODE_STATE=getMsg HTTP/1.1" 200 27
222.69.131.80 - - [05/Jul/2021:09:32:28 +0800] "POST /xingrg/kc/buy/cgsh_order_operate.html HTTP/1.1" 200 2065
180.174.237.246 - - [05/Jul/2021:09:32:28 +0800] "GET /xingrg/kc/buy/cgsh_order_operate.html?command=get_materiel&rest_code=00102&code=00101008132&supplier_code=00100008&order_time=2021-07-05 HTTP/1.1" 200 408
58.40.7.146 - - [05/Jul/2021:09:32:29 +0800] "GET /xingrg/check_reg.html?_=1625448755382 HTTP/1.1" 302 -
114.86.228.137 - - [05/Jul/2021:09:32:29 +0800] "GET /xingrg/kc/buy/cgsh_order_operate.html?command=get_materiel&rest_code=00109&code=00101006122&supplier_code=00100015&order_time=2021-07-05 HTTP/1.1" 200 408
180.162.195.211 - - [05/Jul/2021:09:32:30 +0800] "GET /xingrg/all/function/internal_message.html?_=1625448726178&CODE_STATE=getMsg HTTP/1.1" 200 27
180.174.237.246 - - [05/Jul/2021:09:32:33 +0800] "GET /xingrg/kc/buy/cgsh_order_operate.html?command=get_materiel&rest_code=00102&code=00101008350&supplier_code=00100008&order_time=2021-07-05 HTTP/1.1" 200 408
180.169.147.146 - - [05/Jul/2021:09:32:36 +0800] "GET /favicon.ico HTTP/1.1" 404 -
180.169.147.146 - - [05/Jul/2021:09:32:37 +0800] "GET /favicon.ico HTTP/1.1" 404 -
180.174.237.246 - - [05/Jul/2021:09:32:37 +0800] "GET /xingrg/all/function/internal_message.html?_=1625448768240&CODE_STATE=getMsg HTTP/1.1" 200 27
222.69.131.80 - - [05/Jul/2021:09:32:38 +0800] "GET /xingrg/all/function/internal_message.html?_=1625448765110&CODE_STATE=getMsg HTTP/1.1" 200 27
180.169.147.146 - - [05/Jul/2021:09:32:38 +0800] "GET /xingrg/index.html?sysBaseUrl=http%3A%2F%2F180.169.147.146%3A18081%2Fxingrg%2F&costTime=39×tamp=1592034574635 HTTP/1.1" 302 -
180.169.147.146 - - [05/Jul/2021:09:32:38 +0800] "GET /xingrg/login.html HTTP/1.1" 200 7641
101.85.107.54 - - [05/Jul/2021:09:32:38 +0800] "GET /xingrg/all/function/internal_message.html?_=1625448190583&CODE_STATE=getMsg HTTP/1.1" 200 27
180.169.147.146 - - [05/Jul/2021:09:32:39 +0800] "GET /favicon.ico HTTP/1.1" 404 -
180.174.237.246 - - [05/Jul/2021:09:32:40 +0800] "GET /xingrg/kc/buy/cgsh_order_operate.html?command=get_materiel&rest_code=00102&code=00101008244&supplier_code=00100008&order_time=2021-07-05 HTTP/1.1" 200 408
180.169.147.146 - - [05/Jul/2021:09:32:41 +0800] "POST /xingrg/login.do HTTP/1.1" 302 -
180.169.147.146 - - [05/Jul/2021:09:32:41 +0800] "GET /xingrg/index.html?sysBaseUrl=http%3A%2F%2F180.169.147.146%3A18081%2Fxingrg%2F&costTime=61×tamp=1625448761287 HTTP/1.1" 200 17503
180.169.147.146 - - [05/Jul/2021:09:32:41 +0800] "GET /favicon.ico HTTP/1.1" 404 -
180.169.147.146 - - [05/Jul/2021:09:32:41 +0800] "POST /xingrg/all/common/load_tree.html?tree=area_rest_tree_json&manage=1 HTTP/1.1" 200 3216
180.169.147.146 - - [05/Jul/2021:09:32:41 +0800] "GET /xingrg/check_reg.html?_=1625448768244 HTTP/1.1" 200 22
180.169.147.146 - - [05/Jul/2021:09:32:41 +0800] "GET /xingrg/all/function/internal_message.html?_=1625448768241&CODE_STATE=count HTTP/1.1" 200 11
180.169.147.146 - - [05/Jul/2021:09:32:41 +0800] "POST /xingrg/load_menu.html HTTP/1.1" 200 11564
180.169.147.146 - - [05/Jul/2021:09:32:43 +0800] "GET /xingrg/kc/report/report_main.html HTTP/1.1" 200 9370
114.86.228.137 - - [05/Jul/2021:09:32:45 +0800] "POST /xingrg/kc/buy/cgsh_order_operate.html HTTP/1.1" 200 37
116.230.110.80 - - [05/Jul/2021:09:32:46 +0800] "GET /xingrg/kc/buy/cgsh_order_operate.html?command=get_materiel&rest_code=00155&code=00101008361&supplier_code=00100005&order_time=2021-07-05 HTTP/1.1" 200 408
180.174.237.246 - - [05/Jul/2021:09:32:46 +0800] "GET /xingrg/kc/buy/cgsh_order_operate.html?command=get_materiel&rest_code=00102&code=00101008186&supplier_code=00100008&order_time=2021-07-05 HTTP/1.1" 200 408
114.86.228.137 - - [05/Jul/2021:09:32:47 +0800] "POST /xingrg/kc/buy/cgsh_order_operate.html HTTP/1.1" 200 3839
114.86.228.137 - - [05/Jul/2021:09:32:48 +0800] "GET /xingrg/all/function/internal_message.html?_=1625448776146&CODE_STATE=getMsg HTTP/1.1" 200 27
114.86.228.137 - - [05/Jul/2021:09:32:48 +0800] "GET /xingrg/kc/print/load_config.html?kc_code=cgsh HTTP/1.1" 200 1845
114.86.228.137 - - [05/Jul/2021:09:32:48 +0800] "GET /xingrg/kc/print/load_data.html?order_code=212021070501903&kc_code=cgsh&condition= HTTP/1.1" 200 1200
116.230.110.80 - - [05/Jul/2021:09:32:49 +0800] "GET /xingrg/all/function/internal_message.html?_=1625448775340&CODE_STATE=getMsg HTTP/1.1" 200 27
180.174.237.246 - - [05/Jul/2021:09:32:51 +0800] "GET /xingrg/kc/buy/cgsh_order_operate.html?command=get_materiel&rest_code=00102&code=00101008096&supplier_code=00100008&order_time=2021-07-05 HTTP/1.1" 200 412
114.86.228.137 - - [05/Jul/2021:09:32:52 +0800] "GET /xingrg/kc/buy/cgsh_order_add.html HTTP/1.1" 200 62716
114.86.228.137 - - [05/Jul/2021:09:32:53 +0800] "POST /xingrg/kc/buy/cgsh_order_operate.html HTTP/1.1" 200 8245
114.86.228.137 - - [05/Jul/2021:09:32:53 +0800] "GET /xingrg/all/common/auto_word.html?type=employee&rest_code=00109 HTTP/1.1" 200 255
114.86.228.137 - - [05/Jul/2021:09:32:53 +0800] "GET /xingrg/all/common/auto_word.html?type=employee&rest_code=00109 HTTP/1.1" 200 255
114.86.228.137 - - [05/Jul/2021:09:32:53 +0800] "GET /xingrg/javascript/easyui/themes/default/validatebox.css HTTP/1.1" 404 1104
114.86.228.137 - - [05/Jul/2021:09:32:55 +0800] "GET /xingrg/javascript/jquery_tools/images/prev.gif HTTP/1.1" 404 1086
114.86.228.137 - - [05/Jul/2021:09:32:55 +0800] "GET /xingrg/javascript/jquery_tools/images/next.gif HTTP/1.1" 404 1086
116.224.253.72 - - [05/Jul/2021:09:32:56 +0800] "GET /xingrg/all/function/internal_message.html?_=1625448778849&CODE_STATE=getMsg HTTP/1.1" 200 27
180.174.237.246 - - [05/Jul/2021:09:32:58 +0800] "GET /xingrg/kc/buy/cgsh_order_operate.html?command=get_materiel&rest_code=00102&code=00101008088&supplier_code=00100008&order_time=2021-07-05 HTTP/1.1" 200 408
114.86.228.137 - - [05/Jul/2021:09:33:00 +0800] "GET /xingrg/kc/buy/cgsh_order_operate.html?command=get_materiel&rest_code=00109&code=00101007075&supplier_code=00100004&order_time=2021-07-05 HTTP/1.1" 200 408
180.169.147.146 - - [05/Jul/2021:09:33:00 +0800] "GET /xingrg/all/function/internal_message.html?_=1625448787634&CODE_STATE=getMsg HTTP/1.1" 200 27
116.224.253.72 - - [05/Jul/2021:09:33:03 +0800] "GET /xingrg/kc/buy/cgsh_order_operate.html?command=get_materiel&rest_code=00150&code=00101007081&supplier_code=00100096&order_time=2021-07-05 HTTP/1.1" 200 412
180.174.237.246 - - [05/Jul/2021:09:33:04 +0800] "GET /xingrg/kc/buy/cgsh_order_operate.html?command=get_materiel&rest_code=00102&code=00101008224&supplier_code=00100008&order_time=2021-07-05 HTTP/1.1" 200 416
222.69.131.80 - - [05/Jul/2021:09:33:06 +0800] "POST /xingrg/kc/buy/cgsh_order_operate.html HTTP/1.1" 200 37
114.86.228.137 - - [05/Jul/2021:09:33:10 +0800] "POST /xingrg/kc/buy/cgsh_order_operate.html HTTP/1.1" 200 37
180.174.237.246 - - [05/Jul/2021:09:33:10 +0800] "GET /xingrg/kc/buy/cgsh_order_operate.html?command=get_materiel&rest_code=00102&code=00101008004&supplier_code=00100008&order_time=2021-07-05 HTTP/1.1" 200 416
222.69.131.80 - - [05/Jul/2021:09:33:12 +0800] "POST /xingrg/kc/buy/cgsh_order_operate.html HTTP/1.1" 200 12
116.230.110.80 - - [05/Jul/2021:09:33:14 +0800] "GET /xingrg/kc/buy/cgsh_order_operate.html?command=get_materiel&rest_code=00155&code=00101008108&supplier_code=00100005&order_time=2021-07-05 HTTP/1.1" 200 412
116.224.253.72 - - [05/Jul/2021:09:33:18 +0800] "GET /xingrg/kc/buy/cgsh_order_operate.html?command=get_materiel&rest_code=00150&code=00101007071&supplier_code=00100096&order_time=2021-07-05 HTTP/1.1" 200 417
222.69.131.80 - - [05/Jul/2021:09:33:18 +0800] "GET /xingrg/kc/buy/cgsh_order_info.html?code=212021070501904 HTTP/1.1" 200 57636
222.69.131.80 - - [05/Jul/2021:09:33:19 +0800] "GET /xingrg/javascript/easyui/themes/default/validatebox.css HTTP/1.1" 404 1104
180.174.237.246 - - [05/Jul/2021:09:33:19 +0800] "GET /xingrg/kc/buy/cgsh_order_operate.html?command=get_materiel&rest_code=00102&code=00101008300&supplier_code=00100008&order_time=2021-07-05 HTTP/1.1" 200 412
222.69.131.80 - - [05/Jul/2021:09:33:19 +0800] "POST /xingrg/kc/buy/cgsh_order_operate.html HTTP/1.1" 200 17143
180.162.195.211 - - [05/Jul/2021:09:33:22 +0800] "GET /xingrg/all/function/internal_message.html?_=1625448808419&CODE_STATE=getMsg HTTP/1.1" 200 27
222.69.131.80 - - [05/Jul/2021:09:33:22 +0800] "GET /xingrg/kc/print/load_data.html?order_code=212021070501904&kc_code=cgsh&condition= HTTP/1.1" 200 6985
116.230.117.165 - - [05/Jul/2021:09:33:24 +0800] "GET /xingrg/all/function/internal_message.html?_=1625448810917&CODE_STATE=getMsg HTTP/1.1" 200 27
180.169.147.146 - - [05/Jul/2021:09:33:25 +0800] "GET /xingrg/all/function/internal_message.html?_=1625448812622&CODE_STATE=getMsg HTTP/1.1" 200 27
180.174.237.246 - - [05/Jul/2021:09:33:25 +0800] "GET /xingrg/kc/buy/cgsh_order_operate.html?command=get_materiel&rest_code=00102&code=00101008137&supplier_code=00100008&order_time=2021-07-05 HTTP/1.1" 200 408
114.86.228.137 - - [05/Jul/2021:09:33:27 +0800] "POST /xingrg/kc/buy/cgsh_order_operate.html HTTP/1.1" 200 2656
116.224.253.72 - - [05/Jul/2021:09:33:27 +0800] "GET /xingrg/all/function/internal_message.html?_=1625448804983&CODE_STATE=getMsg HTTP/1.1" 200 27
116.224.253.72 - - [05/Jul/2021:09:33:28 +0800] "GET /xingrg/kc/buy/cgsh_order_operate.html?command=get_materiel&rest_code=00150&code=00101007031&supplier_code=00100096&order_time=2021-07-05 HTTP/1.1" 200 415
114.86.228.137 - - [05/Jul/2021:09:33:28 +0800] "GET /xingrg/kc/print/load_config.html?kc_code=cgsh HTTP/1.1" 200 1845
114.86.228.137 - - [05/Jul/2021:09:33:28 +0800] "GET /xingrg/kc/print/load_data.html?order_code=212021070501905&kc_code=cgsh&condition= HTTP/1.1" 200 711
222.69.131.80 - - [05/Jul/2021:09:33:29 +0800] "GET /xingrg/kc/buy/cgsh_order_add.html HTTP/1.1" 200 62728
222.69.131.80 - - [05/Jul/2021:09:33:29 +0800] "POST /xingrg/kc/buy/cgsh_order_operate.html HTTP/1.1" 200 8245
222.69.131.80 - - [05/Jul/2021:09:33:29 +0800] "GET /xingrg/javascript/easyui/themes/default/validatebox.css HTTP/1.1" 404 1104
180.162.195.211 - - [05/Jul/2021:09:33:30 +0800] "GET /xingrg/all/function/internal_message.html?_=1625448786178&CODE_STATE=getMsg HTTP/1.1" 200 27
180.174.237.246 - - [05/Jul/2021:09:33:31 +0800] "GET /xingrg/kc/buy/cgsh_order_operate.html?command=get_materiel&rest_code=00102&code=00101008357&supplier_code=00100008&order_time=2021-07-05 HTTP/1.1" 200 408
180.174.237.246 - - [05/Jul/2021:09:33:36 +0800] "GET /xingrg/kc/buy/cgsh_order_operate.html?command=get_materiel&rest_code=00102&code=00101008286&supplier_code=00100008&order_time=2021-07-05 HTTP/1.1" 200 408
180.174.237.246 - - [05/Jul/2021:09:33:37 +0800] "GET /xingrg/check_reg.html?_=1625448827987 HTTP/1.1" 200 22
180.174.237.246 - - [05/Jul/2021:09:33:37 +0800] "GET /xingrg/all/function/internal_message.html?_=1625448828340&CODE_STATE=getMsg HTTP/1.1" 200 27
222.69.131.80 - - [05/Jul/2021:09:33:38 +0800] "GET /xingrg/all/function/internal_message.html?_=1625448825112&CODE_STATE=getMsg HTTP/1.1" 200 27
101.85.107.54 - - [05/Jul/2021:09:33:38 +0800] "GET /xingrg/check_reg.html?_=1625448250177 HTTP/1.1" 200 22
101.85.107.54 - - [05/Jul/2021:09:33:38 +0800] "GET /xingrg/all/function/internal_message.html?_=1625448250557&CODE_STATE=getMsg HTTP/1.1" 200 27
180.169.147.146 - - [05/Jul/2021:09:33:41 +0800] "GET /xingrg/all/function/internal_message.html?_=1625448828267&CODE_STATE=getMsg HTTP/1.1" 200 27
180.174.237.246 - - [05/Jul/2021:09:33:45 +0800] "GET /xingrg/kc/buy/cgsh_order_operate.html?command=get_materiel&rest_code=00102&code=00101008296&supplier_code=00100008&order_time=2021-07-05 HTTP/1.1" 200 416
116.224.253.72 - - [05/Jul/2021:09:33:47 +0800] "GET /xingrg/kc/buy/cgsh_order_operate.html?command=get_materiel&rest_code=00150&code=00101007077&supplier_code=00100096&order_time=2021-07-05 HTTP/1.1" 200 415
114.86.228.137 - - [05/Jul/2021:09:33:48 +0800] "GET /xingrg/all/function/internal_message.html?_=1625448836144&CODE_STATE=getMsg HTTP/1.1" 200 27
116.230.110.80 - - [05/Jul/2021:09:33:49 +0800] "GET /xingrg/all/function/internal_message.html?_=1625448835330&CODE_STATE=getMsg HTTP/1.1" 200 27
180.174.237.246 - - [05/Jul/2021:09:33:52 +0800] "POST /xingrg/kc/buy/cgsh_order_operate.html HTTP/1.1" 200 2065
116.224.253.72 - - [05/Jul/2021:09:33:56 +0800] "GET /xingrg/all/function/internal_message.html?_=1625448838835&CODE_STATE=getMsg HTTP/1.1" 200 27
180.169.147.146 - - [05/Jul/2021:09:34:00 +0800] "GET /xingrg/check_reg.html?_=1625448847620 HTTP/1.1" 200 22
180.169.147.146 - - [05/Jul/2021:09:34:00 +0800] "GET /xingrg/all/function/internal_message.html?_=1625448847623&CODE_STATE=getMsg HTTP/1.1" 200 27
180.174.237.246 - - [05/Jul/2021:09:34:02 +0800] "GET /xingrg/kc/buy/cgsh_order_operate.html?command=get_materiel&rest_code=00102&code=00101008213&supplier_code=00100008&order_time=2021-07-05 HTTP/1.1" 200 412
180.174.237.246 - - [05/Jul/2021:09:34:07 +0800] "GET /xingrg/kc/buy/cgsh_order_operate.html?command=get_materiel&rest_code=00102&code=00101008257&supplier_code=00100008&order_time=2021-07-05 HTTP/1.1" 200 416
180.174.237.246 - - [05/Jul/2021:09:34:12 +0800] "GET /xingrg/kc/buy/cgsh_order_operate.html?command=get_materiel&rest_code=00102&code=00101008100&supplier_code=00100008&order_time=2021-07-05 HTTP/1.1" 200 408
116.230.110.80 - - [05/Jul/2021:09:34:17 +0800] "GET /xingrg/kc/buy/cgsh_order_operate.html?command=get_materiel&rest_code=00155&code=00101008331&supplier_code=00100005&order_time=2021-07-05 HTTP/1.1" 200 416
116.224.253.72 - - [05/Jul/2021:09:34:20 +0800] "POST /xingrg/kc/buy/cgsh_order_operate.html HTTP/1.1" 200 37
180.162.195.211 - - [05/Jul/2021:09:34:22 +0800] "GET /xingrg/all/function/internal_message.html?_=1625448868421&CODE_STATE=getMsg HTTP/1.1" 200 27
180.174.237.246 - - [05/Jul/2021:09:34:22 +0800] "GET /xingrg/kc/buy/cgsh_order_operate.html?command=get_materiel&rest_code=00102&code=00101008187&supplier_code=00100008&order_time=2021-07-05 HTTP/1.1" 200 413
116.224.253.72 - - [05/Jul/2021:09:34:24 +0800] "POST /xingrg/kc/buy/cgsh_order_operate.html HTTP/1.1" 200 12
180.174.237.246 - - [05/Jul/2021:09:34:24 +0800] "POST /xingrg/kc/buy/cgsh_order_operate.html HTTP/1.1" 200 2065
116.230.117.165 - - [05/Jul/2021:09:34:24 +0800] "GET /xingrg/all/function/internal_message.html?_=1625448871180&CODE_STATE=getMsg HTTP/1.1" 200 27
180.169.147.146 - - [05/Jul/2021:09:34:25 +0800] "GET /xingrg/all/function/internal_message.html?_=1625448872615&CODE_STATE=getMsg HTTP/1.1" 200 27
180.169.147.146 - - [05/Jul/2021:09:34:25 +0800] "GET /xingrg/check_reg.html?_=1625448872619 HTTP/1.1" 200 22
116.224.253.72 - - [05/Jul/2021:09:34:25 +0800] "GET /xingrg/kc/buy/cgsh_order_info.html?code=212021070501906 HTTP/1.1" 200 57513
116.224.253.72 - - [05/Jul/2021:09:34:26 +0800] "GET /xingrg/javascript/easyui/themes/default/validatebox.css HTTP/1.1" 404 1104
116.224.253.72 - - [05/Jul/2021:09:34:26 +0800] "POST /xingrg/kc/buy/cgsh_order_operate.html HTTP/1.1" 200 8361
116.224.253.72 - - [05/Jul/2021:09:34:27 +0800] "GET /xingrg/all/function/internal_message.html?_=1625448864995&CODE_STATE=getMsg HTTP/1.1" 200 27
180.174.237.246 - - [05/Jul/2021:09:34:28 +0800] "GET /xingrg/kc/buy/cgsh_order_operate.html?command=get_materiel&rest_code=00102&code=00101015038&supplier_code=00100008&order_time=2021-07-05 HTTP/1.1" 200 418
116.224.253.72 - - [05/Jul/2021:09:34:29 +0800] "GET /xingrg/kc/print/load_config.html?kc_code=cgsh HTTP/1.1" 200 1845
116.224.253.72 - - [05/Jul/2021:09:34:29 +0800] "GET /xingrg/kc/print/load_data.html?order_code=212021070501906&kc_code=cgsh&condition= HTTP/1.1" 200 3663
180.162.195.211 - - [05/Jul/2021:09:34:30 +0800] "GET /xingrg/check_reg.html?_=1625448846179 HTTP/1.1" 200 22
180.162.195.211 - - [05/Jul/2021:09:34:30 +0800] "GET /xingrg/all/function/internal_message.html?_=1625448846182&CODE_STATE=getMsg HTTP/1.1" 200 27
180.174.237.246 - - [05/Jul/2021:09:34:32 +0800] "POST /xingrg/kc/buy/cgsh_order_operate.html HTTP/1.1" 200 37
180.174.237.246 - - [05/Jul/2021:09:34:34 +0800] "POST /xingrg/kc/buy/cgsh_order_operate.html HTTP/1.1" 200 16831
222.69.131.80 - - [05/Jul/2021:09:34:38 +0800] "GET /xingrg/all/function/internal_message.html?_=1625448885112&CODE_STATE=getMsg HTTP/1.1" 200 27
180.174.237.246 - - [05/Jul/2021:09:34:38 +0800] "GET /xingrg/all/function/internal_message.html?_=1625448889109&CODE_STATE=getMsg HTTP/1.1" 200 27
101.85.107.54 - - [05/Jul/2021:09:34:38 +0800] "GET /xingrg/all/function/internal_message.html?_=1625448310525&CODE_STATE=getMsg HTTP/1.1" 200 27
180.174.237.246 - - [05/Jul/2021:09:34:40 +0800] "POST /xingrg/kc/buy/cgsh_order_operate.html HTTP/1.1" 200 37
116.230.110.80 - - [05/Jul/2021:09:34:40 +0800] "GET /xingrg/kc/buy/cgsh_order_operate.html?command=get_materiel&rest_code=00155&code=00101008149&supplier_code=00100005&order_time=2021-07-05 HTTP/1.1" 200 408
180.174.237.246 - - [05/Jul/2021:09:34:41 +0800] "POST /xingrg/kc/buy/cgsh_order_operate.html HTTP/1.1" 200 16831
180.169.147.146 - - [05/Jul/2021:09:34:41 +0800] "GET /xingrg/all/function/internal_message.html?_=1625448888258&CODE_STATE=getMsg HTTP/1.1" 200 27
180.174.237.246 - - [05/Jul/2021:09:34:41 +0800] "GET /xingrg/kc/buy/cgsh_order_add.html HTTP/1.1" 200 62640
180.174.237.246 - - [05/Jul/2021:09:34:42 +0800] "POST /xingrg/kc/buy/cgsh_order_operate.html HTTP/1.1" 200 8245
180.169.147.146 - - [05/Jul/2021:09:34:42 +0800] "GET /xingrg/all/report/report_query.html?fileName=kc/buy/gys_amount_base_rest.xml HTTP/1.1" 200 51664
180.169.147.146 - - [05/Jul/2021:09:34:42 +0800] "GET /xingrg/dwr/interface/AjaxReportQueryService.js HTTP/1.1" 200 13203
180.169.147.146 - - [05/Jul/2021:09:34:42 +0800] "GET /xingrg/dwr/util.js HTTP/1.1" 200 35990
180.169.147.146 - - [05/Jul/2021:09:34:42 +0800] "GET /xingrg/dwr/engine.js HTTP/1.1" 200 43631
180.174.237.246 - - [05/Jul/2021:09:34:42 +0800] "GET /xingrg/javascript/easyui/themes/default/validatebox.css HTTP/1.1" 404 1104
180.169.147.146 - - [05/Jul/2021:09:34:43 +0800] "POST /xingrg/dwr/call/plaincall/AjaxReportQueryService.getFixDate.dwr HTTP/1.1" 200 111
180.169.147.146 - - [05/Jul/2021:09:34:43 +0800] "POST /xingrg/all/common/load_tree.html?tree=area_rest_tree_json&manage=1 HTTP/1.1" 200 3216
180.169.147.146 - - [05/Jul/2021:09:34:43 +0800] "POST /xingrg/all/common/load_tree.html?tree=supplier_tree_json&manage=1 HTTP/1.1" 200 57246
116.224.253.72 - - [05/Jul/2021:09:34:45 +0800] "GET /xingrg/javascript/jquery_easy_ui/themes/default/images/button_a_bg.gif HTTP/1.1" 304 -
116.224.253.72 - - [05/Jul/2021:09:34:45 +0800] "GET /xingrg/javascript/jquery_easy_ui/themes/default/images/button_span_bg.gif HTTP/1.1" 304 -
116.224.253.72 - - [05/Jul/2021:09:34:45 +0800] "GET /xingrg/javascript/jquery_easy_ui/themes/icons/ok.png HTTP/1.1" 304 -
116.224.253.72 - - [05/Jul/2021:09:34:45 +0800] "GET /xingrg/javascript/jquery_easy_ui/themes/default/images/panel_tools.gif HTTP/1.1" 304 -
116.224.253.72 - - [05/Jul/2021:09:34:45 +0800] "GET /xingrg/javascript/jquery_easy_ui/themes/default/images/panel_title.png HTTP/1.1" 304 -
116.224.253.72 - - [05/Jul/2021:09:34:47 +0800] "POST /xingrg/all/user/operate.html HTTP/1.1" 200 36
116.224.253.72 - - [05/Jul/2021:09:34:48 +0800] "GET /xingrg/javascript/jquery_easy_ui/themes/default/easyui.css HTTP/1.1" 304 -
116.224.253.72 - - [05/Jul/2021:09:34:48 +0800] "GET /xingrg/index.html?sysBaseUrl=http%3A%2F%2F180.169.147.146%3A18081%2Fxingrg%2F&costTime=90×tamp=1625448327256 HTTP/1.1" 200 17177
116.224.253.72 - - [05/Jul/2021:09:34:48 +0800] "GET /xingrg/javascript/jquery_easy_ui/themes/icon.css HTTP/1.1" 304 -
114.86.228.137 - - [05/Jul/2021:09:34:48 +0800] "GET /xingrg/all/function/internal_message.html?_=1625448896147&CODE_STATE=getMsg HTTP/1.1" 200 27
116.224.253.72 - - [05/Jul/2021:09:34:48 +0800] "GET /xingrg/css/form.css HTTP/1.1" 304 -
116.224.253.72 - - [05/Jul/2021:09:34:48 +0800] "GET /xingrg/javascript/jquery-1.4.2.min.js HTTP/1.1" 304 -
116.224.253.72 - - [05/Jul/2021:09:34:48 +0800] "GET /xingrg/javascript/jquery_easy_ui/jquery.easyui.min.js HTTP/1.1" 304 -
116.224.253.72 - - [05/Jul/2021:09:34:48 +0800] "GET /xingrg/javascript/jquery_easy_ui/easyui-lang-zh_CN.js HTTP/1.1" 304 -
116.224.253.72 - - [05/Jul/2021:09:34:48 +0800] "GET /xingrg/javascript/jquery.form.js HTTP/1.1" 304 -
116.224.253.72 - - [05/Jul/2021:09:34:48 +0800] "GET /xingrg/javascript/jquery.utils.js HTTP/1.1" 304 -
116.224.253.72 - - [05/Jul/2021:09:34:48 +0800] "GET /xingrg/javascript/jquery.timers.js HTTP/1.1" 304 -
116.224.253.72 - - [05/Jul/2021:09:34:48 +0800] "GET /xingrg/images/blue/jxLogo.png HTTP/1.1" 304 -
116.224.253.72 - - [05/Jul/2021:09:34:48 +0800] "GET /xingrg/images/blue/navBackgound.jpg HTTP/1.1" 304 -
116.224.253.72 - - [05/Jul/2021:09:34:48 +0800] "GET /xingrg/javascript/jquery_easy_ui/themes/icons/settle_new.png HTTP/1.1" 304 -
116.224.253.72 - - [05/Jul/2021:09:34:48 +0800] "POST /xingrg/all/common/load_tree.html?tree=area_rest_tree_json&manage=1 HTTP/1.1" 200 476
116.224.253.72 - - [05/Jul/2021:09:34:48 +0800] "GET /xingrg/images/blue/pingpu.png HTTP/1.1" 304 -
116.224.253.72 - - [05/Jul/2021:09:34:48 +0800] "GET /xingrg/javascript/jquery_easy_ui/themes/default/images/tabs_rightarrow.png HTTP/1.1" 304 -
116.224.253.72 - - [05/Jul/2021:09:34:48 +0800] "GET /xingrg/javascript/jquery_easy_ui/themes/default/images/tabs_leftarrow.png HTTP/1.1" 304 -
116.224.253.72 - - [05/Jul/2021:09:34:48 +0800] "GET /xingrg/javascript/jquery_easy_ui/themes/default/images/panel_tool_collapse.gif HTTP/1.1" 304 -
116.224.253.72 - - [05/Jul/2021:09:34:48 +0800] "GET /xingrg/all/function/internal_message.html?_=1625448885460&CODE_STATE=count HTTP/1.1" 200 11
116.224.253.72 - - [05/Jul/2021:09:34:48 +0800] "GET /xingrg/check_reg.html?_=1625448885461 HTTP/1.1" 200 22
116.224.253.72 - - [05/Jul/2021:09:34:48 +0800] "POST /xingrg/load_menu.html HTTP/1.1" 200 5138
116.230.110.80 - - [05/Jul/2021:09:34:49 +0800] "GET /xingrg/all/function/internal_message.html?_=1625448895331&CODE_STATE=getMsg HTTP/1.1" 200 27
116.230.110.80 - - [05/Jul/2021:09:34:49 +0800] "GET /xingrg/check_reg.html?_=1625448895334 HTTP/1.1" 200 22
180.169.147.146 - - [05/Jul/2021:09:34:50 +0800] "POST /xingrg/dwr/call/plaincall/AjaxReportQueryService.getFixDate.dwr HTTP/1.1" 200 111
116.224.253.72 - - [05/Jul/2021:09:34:51 +0800] "GET /xingrg/kc/buy/cgsh_order_list.html HTTP/1.1" 200 46941
180.174.237.246 - - [05/Jul/2021:09:34:53 +0800] "GET /xingrg/kc/buy/cgsh_order_operate.html?command=get_materiel&rest_code=00102&code=00101008223&supplier_code=00100008&order_time=2021-07-05 HTTP/1.1" 200 412
116.224.253.72 - - [05/Jul/2021:09:34:53 +0800] "POST /xingrg/kc/buy/cgsh_list_operate.html HTTP/1.1" 200 2051
116.224.253.72 - - [05/Jul/2021:09:34:55 +0800] "GET /xingrg/kc/buy/cgsh_order_add.html HTTP/1.1" 200 62329
116.224.253.72 - - [05/Jul/2021:09:34:56 +0800] "POST /xingrg/kc/buy/cgsh_order_operate.html HTTP/1.1" 200 8245
116.224.253.72 - - [05/Jul/2021:09:34:56 +0800] "GET /xingrg/all/common/auto_word.html?type=employee&rest_code=00151 HTTP/1.1" 200 243
116.224.253.72 - - [05/Jul/2021:09:34:56 +0800] "GET /xingrg/all/common/auto_word.html?type=employee&rest_code=00151 HTTP/1.1" 200 243
116.224.253.72 - - [05/Jul/2021:09:34:56 +0800] "GET /xingrg/javascript/easyui/themes/default/validatebox.css HTTP/1.1" 404 1104
116.224.253.72 - - [05/Jul/2021:09:34:56 +0800] "GET /xingrg/all/function/internal_message.html?_=1625448898838&CODE_STATE=getMsg HTTP/1.1" 200 27
116.230.110.80 - - [05/Jul/2021:09:34:58 +0800] "GET /xingrg/kc/buy/cgsh_order_operate.html?command=get_materiel&rest_code=00155&code=00101008355&supplier_code=00100005&order_time=2021-07-05 HTTP/1.1" 200 408
180.174.237.246 - - [05/Jul/2021:09:34:58 +0800] "GET /xingrg/kc/buy/cgsh_order_operate.html?command=get_materiel&rest_code=00102&code=00101015066&supplier_code=00100008&order_time=2021-07-05 HTTP/1.1" 200 413
180.169.147.146 - - [05/Jul/2021:09:35:00 +0800] "GET /xingrg/all/function/internal_message.html?_=1625448907631&CODE_STATE=getMsg HTTP/1.1" 200 27
180.169.147.146 - - [05/Jul/2021:09:35:01 +0800] "POST /xingrg/dwr/call/plaincall/AjaxReportQueryService.refreshCache.dwr HTTP/1.1" 200 78
180.169.147.146 - - [05/Jul/2021:09:35:03 +0800] "POST /xingrg/all/report/load_report_page.html HTTP/1.1" 200 49694
180.169.147.146 - - [05/Jul/2021:09:35:03 +0800] "GET /xingrg/servlets/image?cache=0.2428916471923268&image=px HTTP/1.1" 200 807
180.174.237.246 - - [05/Jul/2021:09:35:04 +0800] "GET /xingrg/kc/buy/cgsh_order_operate.html?command=get_materiel&rest_code=00102&code=00101015006&supplier_code=00100008&order_time=2021-07-05 HTTP/1.1" 200 413
180.174.237.246 - - [05/Jul/2021:09:35:09 +0800] "GET /xingrg/kc/buy/cgsh_order_operate.html?command=get_materiel&rest_code=00102&code=00101008095&supplier_code=00100008&order_time=2021-07-05 HTTP/1.1" 200 412
116.224.253.72 - - [05/Jul/2021:09:35:10 +0800] "GET /xingrg/javascript/auto/indicator.gif HTTP/1.1" 404 1066
180.169.147.146 - - [05/Jul/2021:09:35:12 +0800] "POST /xingrg/all/report/report_print.html HTTP/1.1" 200 7168
116.230.110.80 - - [05/Jul/2021:09:35:19 +0800] "GET /xingrg/kc/buy/cgsh_order_operate.html?command=get_materiel&rest_code=00155&code=00101008004&supplier_code=00100005&order_time=2021-07-05 HTTP/1.1" 200 416
180.174.237.246 - - [05/Jul/2021:09:35:19 +0800] "GET /xingrg/kc/buy/cgsh_order_operate.html?command=get_materiel&rest_code=00102&code=00101008168&supplier_code=00100008&order_time=2021-07-05 HTTP/1.1" 200 413
180.162.195.211 - - [05/Jul/2021:09:35:22 +0800] "GET /xingrg/check_reg.html?_=1625448928422 HTTP/1.1" 200 22
180.162.195.211 - - [05/Jul/2021:09:35:22 +0800] "GET /xingrg/all/function/internal_message.html?_=1625448928425&CODE_STATE=getMsg HTTP/1.1" 200 27
116.224.253.72 - - [05/Jul/2021:09:35:22 +0800] "GET /xingrg/kc/buy/cgsh_order_operate.html?command=get_materiel&rest_code=00151&code=00101007049&supplier_code=00100096&order_time=2021-07-05 HTTP/1.1" 200 409
222.69.131.80 - - [05/Jul/2021:09:35:23 +0800] "GET /xingrg/kc/buy/cgsh_order_operate.html?command=get_materiel&rest_code=00149&code=00102002167&supplier_code=00100347&order_time=2021-07-04 HTTP/1.1" 200 409
180.174.237.246 - - [05/Jul/2021:09:35:24 +0800] "GET /xingrg/kc/buy/cgsh_order_operate.html?command=get_materiel&rest_code=00102&code=00101015019&supplier_code=00100008&order_time=2021-07-05 HTTP/1.1" 200 413
116.230.117.165 - - [05/Jul/2021:09:35:25 +0800] "GET /xingrg/all/function/internal_message.html?_=1625448931194&CODE_STATE=getMsg HTTP/1.1" 200 27
180.169.147.146 - - [05/Jul/2021:09:35:25 +0800] "GET /xingrg/all/function/internal_message.html?_=1625448932623&CODE_STATE=getMsg HTTP/1.1" 200 27
180.162.195.211 - - [05/Jul/2021:09:35:30 +0800] "GET /xingrg/all/function/internal_message.html?_=1625448906182&CODE_STATE=getMsg HTTP/1.1" 200 27
180.174.237.246 - - [05/Jul/2021:09:35:31 +0800] "GET /xingrg/kc/buy/cgsh_order_operate.html?command=get_materiel&rest_code=00102&code=00101008049&supplier_code=00100008&order_time=2021-07-05 HTTP/1.1" 200 410
222.69.131.80 - - [05/Jul/2021:09:35:34 +0800] "POST /xingrg/kc/buy/cgsh_order_operate.html HTTP/1.1" 200 37
116.230.110.80 - - [05/Jul/2021:09:35:36 +0800] "GET /xingrg/kc/buy/cgsh_order_operate.html?command=get_materiel&rest_code=00155&code=00101008264&supplier_code=00100005&order_time=2021-07-05 HTTP/1.1" 200 412
116.224.253.72 - - [05/Jul/2021:09:35:37 +0800] "GET /xingrg/kc/buy/cgsh_order_operate.html?command=get_materiel&rest_code=00151&code=00101007091&supplier_code=00100096&order_time=2021-07-05 HTTP/1.1" 200 415
222.69.131.80 - - [05/Jul/2021:09:35:38 +0800] "GET /xingrg/all/function/internal_message.html?_=1625448945117&CODE_STATE=getMsg HTTP/1.1" 200 27
222.69.131.80 - - [05/Jul/2021:09:35:38 +0800] "POST /xingrg/kc/buy/cgsh_order_operate.html HTTP/1.1" 200 12
180.174.237.246 - - [05/Jul/2021:09:35:38 +0800] "GET /xingrg/all/function/internal_message.html?_=1625448949122&CODE_STATE=getMsg HTTP/1.1" 200 27
101.85.107.54 - - [05/Jul/2021:09:35:38 +0800] "GET /xingrg/all/function/internal_message.html?_=1625448370493&CODE_STATE=getMsg HTTP/1.1" 200 27
180.174.237.246 - - [05/Jul/2021:09:35:38 +0800] "GET /xingrg/kc/buy/cgsh_order_operate.html?command=get_materiel&rest_code=00102&code=00101008312&supplier_code=00100008&order_time=2021-07-05 HTTP/1.1" 200 412
222.69.131.80 - - [05/Jul/2021:09:35:39 +0800] "GET /xingrg/kc/buy/cgsh_order_info.html?code=212021070501908 HTTP/1.1" 200 57628
222.69.131.80 - - [05/Jul/2021:09:35:39 +0800] "GET /xingrg/javascript/easyui/themes/default/validatebox.css HTTP/1.1" 404 1104
222.69.131.80 - - [05/Jul/2021:09:35:39 +0800] "POST /xingrg/kc/buy/cgsh_order_operate.html HTTP/1.1" 200 602
222.69.131.80 - - [05/Jul/2021:09:35:41 +0800] "GET /xingrg/kc/print/load_data.html?order_code=212021070501908&kc_code=cgsh&condition= HTTP/1.1" 200 687
180.169.147.146 - - [05/Jul/2021:09:35:41 +0800] "GET /xingrg/all/function/internal_message.html?_=1625448948263&CODE_STATE=getMsg HTTP/1.1" 200 27
180.174.237.246 - - [05/Jul/2021:09:35:48 +0800] "GET /xingrg/kc/buy/cgsh_order_operate.html?command=get_materiel&rest_code=00102&code=00101008017&supplier_code=00100008&order_time=2021-07-05 HTTP/1.1" 200 416
114.86.228.137 - - [05/Jul/2021:09:35:48 +0800] "GET /xingrg/all/function/internal_message.html?_=1625448956150&CODE_STATE=getMsg HTTP/1.1" 200 27
116.224.253.72 - - [05/Jul/2021:09:35:48 +0800] "GET /xingrg/all/function/internal_message.html?_=1625448945461&CODE_STATE=getMsg HTTP/1.1" 200 27
116.230.110.80 - - [05/Jul/2021:09:35:49 +0800] "GET /xingrg/all/function/internal_message.html?_=1625448955335&CODE_STATE=getMsg HTTP/1.1" 200 27
116.224.253.72 - - [05/Jul/2021:09:35:49 +0800] "GET /xingrg/kc/buy/cgsh_order_operate.html?command=get_materiel&rest_code=00151&code=00101007050&supplier_code=00100096&order_time=2021-07-05 HTTP/1.1" 200 408
180.174.237.246 - - [05/Jul/2021:09:35:53 +0800] "GET /xingrg/kc/buy/cgsh_order_operate.html?command=get_materiel&rest_code=00102&code=00101008126&supplier_code=00100008&order_time=2021-07-05 HTTP/1.1" 200 412
116.224.253.72 - - [05/Jul/2021:09:35:56 +0800] "GET /xingrg/all/function/internal_message.html?_=1625448958838&CODE_STATE=getMsg HTTP/1.1" 200 27
116.230.110.80 - - [05/Jul/2021:09:35:59 +0800] "GET /xingrg/kc/buy/cgsh_order_operate.html?command=get_materiel&rest_code=00155&code=00101008163&supplier_code=00100005&order_time=2021-07-05 HTTP/1.1" 200 408
180.169.147.146 - - [05/Jul/2021:09:36:00 +0800] "GET /xingrg/all/function/internal_message.html?_=1625448967633&CODE_STATE=getMsg HTTP/1.1" 200 27
180.174.237.246 - - [05/Jul/2021:09:36:08 +0800] "GET /xingrg/kc/buy/cgsh_order_operate.html?command=get_materiel&rest_code=00102&code=00101008201&supplier_code=00100008&order_time=2021-07-05 HTTP/1.1" 200 412
180.174.237.246 - - [05/Jul/2021:09:36:14 +0800] "POST /xingrg/kc/buy/cgsh_order_operate.html HTTP/1.1" 200 37
180.174.237.246 - - [05/Jul/2021:09:36:15 +0800] "POST /xingrg/kc/buy/cgsh_order_operate.html HTTP/1.1" 200 11562
116.224.253.72 - - [05/Jul/2021:09:36:15 +0800] "GET /xingrg/kc/buy/cgsh_order_operate.html?command=get_materiel&rest_code=00151&code=00101008083&supplier_code=00100096&order_time=2021-07-05 HTTP/1.1" 200 427
116.224.253.72 - - [05/Jul/2021:09:36:17 +0800] "POST /xingrg/all/common/load_select.html HTTP/1.1" 200 25
116.230.110.80 - - [05/Jul/2021:09:36:17 +0800] "GET /xingrg/kc/buy/cgsh_order_operate.html?command=get_materiel&rest_code=00155&code=00101008286&supplier_code=00100005&order_time=2021-07-05 HTTP/1.1" 200 408
180.174.237.246 - - [05/Jul/2021:09:36:19 +0800] "POST /xingrg/kc/buy/cgsh_list_operate.html HTTP/1.1" 200 2411
116.224.253.72 - - [05/Jul/2021:09:36:21 +0800] "GET /xingrg/kc/buy/cgsh_order_operate.html?command=get_materiel_price&rest_code=00151&code=00101008083&unit_code=00100026&supplier_code=00100096&order_time=2021-07-05 HTTP/1.1" 200 27
180.162.195.211 - - [05/Jul/2021:09:36:22 +0800] "GET /xingrg/all/function/internal_message.html?_=1625448988425&CODE_STATE=getMsg HTTP/1.1" 200 27
116.230.117.165 - - [05/Jul/2021:09:36:23 +0800] "GET /xingrg/check_reg.html?_=1625448990240 HTTP/1.1" 200 22
180.169.147.146 - - [05/Jul/2021:09:36:25 +0800] "GET /xingrg/all/function/internal_message.html?_=1625448992617&CODE_STATE=getMsg HTTP/1.1" 200 27
116.230.117.165 - - [05/Jul/2021:09:36:25 +0800] "GET /xingrg/all/function/internal_message.html?_=1625448991457&CODE_STATE=getMsg HTTP/1.1" 200 27
180.162.195.211 - - [05/Jul/2021:09:36:30 +0800] "GET /xingrg/all/function/internal_message.html?_=1625448966182&CODE_STATE=getMsg HTTP/1.1" 200 27
180.174.237.246 - - [05/Jul/2021:09:36:30 +0800] "POST /xingrg/kc/buy/cgsh_list_operate.html HTTP/1.1" 200 2411
116.224.253.72 - - [05/Jul/2021:09:36:31 +0800] "GET /xingrg/kc/buy/cgsh_order_operate.html?command=get_materiel&rest_code=00151&code=00101012024&supplier_code=00100096&order_time=2021-07-05 HTTP/1.1" 200 408
180.174.237.246 - - [05/Jul/2021:09:36:32 +0800] "POST /xingrg/kc/buy/cgsh_list_operate.html HTTP/1.1" 200 558
180.174.237.246 - - [05/Jul/2021:09:36:33 +0800] "GET /xingrg/kc/buy/cgsh_order_info.html?code=212021070501902 HTTP/1.1" 200 62649
180.174.237.246 - - [05/Jul/2021:09:36:34 +0800] "POST /xingrg/kc/buy/cgsh_order_operate.html HTTP/1.1" 200 14445
116.230.110.80 - - [05/Jul/2021:09:36:35 +0800] "GET /xingrg/kc/buy/cgsh_order_operate.html?command=get_materiel&rest_code=00155&code=00101008131&supplier_code=00100005&order_time=2021-07-05 HTTP/1.1" 200 408
180.174.237.246 - - [05/Jul/2021:09:36:35 +0800] "GET /xingrg/javascript/easyui/themes/default/validatebox.css HTTP/1.1" 404 1104
180.174.237.246 - - [05/Jul/2021:09:36:36 +0800] "POST /xingrg/kc/buy/cgsh_list_operate.html HTTP/1.1" 200 2411
222.69.131.80 - - [05/Jul/2021:09:36:38 +0800] "GET /xingrg/check_reg.html?_=1625449005115 HTTP/1.1" 200 22
222.69.131.80 - - [05/Jul/2021:09:36:38 +0800] "GET /xingrg/all/function/internal_message.html?_=1625449005118&CODE_STATE=getMsg HTTP/1.1" 200 27
180.174.237.246 - - [05/Jul/2021:09:36:38 +0800] "GET /xingrg/all/function/internal_message.html?_=1625449009137&CODE_STATE=getMsg HTTP/1.1" 200 27
101.85.107.54 - - [05/Jul/2021:09:36:38 +0800] "GET /xingrg/all/function/internal_message.html?_=1625448430468&CODE_STATE=getMsg HTTP/1.1" 200 27
116.224.253.72 - - [05/Jul/2021:09:36:38 +0800] "GET /xingrg/kc/buy/cgsh_order_operate.html?command=get_materiel&rest_code=00151&code=00101012059&supplier_code=00100096&order_time=2021-07-05 HTTP/1.1" 200 412
180.169.147.146 - - [05/Jul/2021:09:36:41 +0800] "GET /xingrg/all/function/internal_message.html?_=1625449008256&CODE_STATE=getMsg HTTP/1.1" 200 27
180.174.237.246 - - [05/Jul/2021:09:36:47 +0800] "POST /xingrg/kc/buy/cgsh_list_operate.html HTTP/1.1" 200 2411
116.224.253.72 - - [05/Jul/2021:09:36:47 +0800] "GET /xingrg/kc/buy/cgsh_order_operate.html?command=get_materiel&rest_code=00151&code=00101012026&supplier_code=00100096&order_time=2021-07-05 HTTP/1.1" 200 410
114.86.228.137 - - [05/Jul/2021:09:36:48 +0800] "GET /xingrg/all/function/internal_message.html?_=1625449016151&CODE_STATE=getMsg HTTP/1.1" 200 27
114.86.228.137 - - [05/Jul/2021:09:36:48 +0800] "GET /xingrg/check_reg.html?_=1625449016153 HTTP/1.1" 200 22
116.224.253.72 - - [05/Jul/2021:09:36:48 +0800] "GET /xingrg/all/function/internal_message.html?_=1625449005475&CODE_STATE=getMsg HTTP/1.1" 200 27
116.230.110.80 - - [05/Jul/2021:09:36:49 +0800] "GET /xingrg/all/function/internal_message.html?_=1625449015331&CODE_STATE=getMsg HTTP/1.1" 200 27
180.174.237.246 - - [05/Jul/2021:09:36:49 +0800] "POST /xingrg/kc/buy/cgsh_list_operate.html HTTP/1.1" 200 564
180.174.237.246 - - [05/Jul/2021:09:36:50 +0800] "GET /xingrg/kc/buy/cgsh_order_info.html?code=212021070501907 HTTP/1.1" 200 62649
180.174.237.246 - - [05/Jul/2021:09:36:51 +0800] "POST /xingrg/kc/buy/cgsh_order_operate.html HTTP/1.1" 200 16831
180.174.237.246 - - [05/Jul/2021:09:36:51 +0800] "GET /xingrg/javascript/easyui/themes/default/validatebox.css HTTP/1.1" 404 1104
116.224.253.72 - - [05/Jul/2021:09:36:56 +0800] "GET /xingrg/check_reg.html?_=1625449018852 HTTP/1.1" 200 22
116.224.253.72 - - [05/Jul/2021:09:36:56 +0800] "GET /xingrg/all/function/internal_message.html?_=1625449018854&CODE_STATE=getMsg HTTP/1.1" 200 27
116.230.110.80 - - [05/Jul/2021:09:36:59 +0800] "GET /xingrg/kc/buy/cgsh_order_operate.html?command=get_materiel&rest_code=00155&code=00101008353&supplier_code=00100005&order_time=2021-07-05 HTTP/1.1" 200 408
116.224.253.72 - - [05/Jul/2021:09:36:59 +0800] "GET /xingrg/kc/buy/cgsh_order_operate.html?command=get_materiel&rest_code=00151&code=00101001075&supplier_code=00100096&order_time=2021-07-05 HTTP/1.1" 200 411
180.169.147.146 - - [05/Jul/2021:09:37:00 +0800] "GET /xingrg/all/function/internal_message.html?_=1625449027632&CODE_STATE=getMsg HTTP/1.1" 200 27
116.224.253.72 - - [05/Jul/2021:09:37:08 +0800] "GET /xingrg/kc/buy/cgsh_order_operate.html?command=get_materiel&rest_code=00151&code=00101001002&supplier_code=00100096&order_time=2021-07-05 HTTP/1.1" 200 413
180.174.237.246 - - [05/Jul/2021:09:37:13 +0800] "POST /xingrg/kc/buy/cgsh_list_operate.html HTTP/1.1" 200 2411
180.174.237.246 - - [05/Jul/2021:09:37:14 +0800] "POST /xingrg/kc/buy/cgsh_list_operate.html HTTP/1.1" 200 574
116.224.253.72 - - [05/Jul/2021:09:37:14 +0800] "GET /xingrg/kc/base/wldb_order_list.html HTTP/1.1" 200 19151
180.174.237.246 - - [05/Jul/2021:09:37:14 +0800] "GET /xingrg/kc/buy/cgsh_order_info.html?code=212021070501909 HTTP/1.1" 200 62649
116.224.253.72 - - [05/Jul/2021:09:37:14 +0800] "POST /xingrg/kc/base/wldb_list_operate.html HTTP/1.1" 200 1779
180.174.237.246 - - [05/Jul/2021:09:37:15 +0800] "GET /xingrg/javascript/easyui/themes/default/validatebox.css HTTP/1.1" 404 1104
180.174.237.246 - - [05/Jul/2021:09:37:15 +0800] "POST /xingrg/kc/buy/cgsh_order_operate.html HTTP/1.1" 200 11562
116.224.253.72 - - [05/Jul/2021:09:37:15 +0800] "POST /xingrg/kc/base/wldb_list_operate.html HTTP/1.1" 200 201
116.224.253.72 - - [05/Jul/2021:09:37:16 +0800] "GET /xingrg/kc/base/wldb_order_info.html?code=422021070500518 HTTP/1.1" 200 30372
116.224.253.72 - - [05/Jul/2021:09:37:17 +0800] "GET /xingrg/javascript/easyui/themes/default/validatebox.css HTTP/1.1" 404 1104
116.224.253.72 - - [05/Jul/2021:09:37:17 +0800] "POST /xingrg/kc/base/wldb_order_operate.html HTTP/1.1" 200 2185
180.169.147.146 - - [05/Jul/2021:09:37:17 +0800] "POST /xingrg/all/user/operate.html HTTP/1.1" 200 36
180.169.147.146 - - [05/Jul/2021:09:37:17 +0800] "GET /xingrg/index.html?sysBaseUrl=http%3A%2F%2F180.169.147.146%3A18081%2Fxingrg%2F&costTime=61×tamp=1625448761287 HTTP/1.1" 200 17509
180.169.147.146 - - [05/Jul/2021:09:37:17 +0800] "GET /xingrg/javascript/jquery_easy_ui/themes/default/easyui.css HTTP/1.1" 304 -
180.169.147.146 - - [05/Jul/2021:09:37:17 +0800] "GET /xingrg/javascript/jquery_easy_ui/themes/icon.css HTTP/1.1" 304 -
180.169.147.146 - - [05/Jul/2021:09:37:17 +0800] "GET /xingrg/css/form.css HTTP/1.1" 304 -
180.169.147.146 - - [05/Jul/2021:09:37:17 +0800] "GET /xingrg/javascript/jquery-1.4.2.min.js HTTP/1.1" 304 -
180.169.147.146 - - [05/Jul/2021:09:37:17 +0800] "GET /xingrg/javascript/jquery_easy_ui/jquery.easyui.min.js HTTP/1.1" 304 -
180.169.147.146 - - [05/Jul/2021:09:37:18 +0800] "GET /xingrg/javascript/jquery_easy_ui/easyui-lang-zh_CN.js HTTP/1.1" 304 -
180.169.147.146 - - [05/Jul/2021:09:37:18 +0800] "GET /xingrg/javascript/jquery.form.js HTTP/1.1" 304 -
180.169.147.146 - - [05/Jul/2021:09:37:18 +0800] "GET /xingrg/javascript/jquery.utils.js HTTP/1.1" 304 -
180.169.147.146 - - [05/Jul/2021:09:37:18 +0800] "GET /xingrg/javascript/jquery.timers.js HTTP/1.1" 304 -
180.169.147.146 - - [05/Jul/2021:09:37:18 +0800] "GET /xingrg/images/blue/jxLogo.png HTTP/1.1" 304 -
180.169.147.146 - - [05/Jul/2021:09:37:18 +0800] "GET /xingrg/images/blue/navBackgound.jpg HTTP/1.1" 304 -
180.169.147.146 - - [05/Jul/2021:09:37:18 +0800] "GET /xingrg/javascript/jquery_easy_ui/themes/icons/settle_new.png HTTP/1.1" 304 -
180.169.147.146 - - [05/Jul/2021:09:37:18 +0800] "POST /xingrg/all/common/load_tree.html?tree=area_rest_tree_json&manage=1 HTTP/1.1" 200 3216
180.169.147.146 - - [05/Jul/2021:09:37:18 +0800] "GET /xingrg/all/function/internal_message.html?_=1625449044790&CODE_STATE=count HTTP/1.1" 200 11
180.169.147.146 - - [05/Jul/2021:09:37:18 +0800] "GET /xingrg/check_reg.html?_=1625449044791 HTTP/1.1" 200 22
180.169.147.146 - - [05/Jul/2021:09:37:18 +0800] "GET /xingrg/javascript/jquery_easy_ui/themes/default/images/tabs_rightarrow.png HTTP/1.1" 304 -
180.169.147.146 - - [05/Jul/2021:09:37:18 +0800] "GET /xingrg/javascript/jquery_easy_ui/themes/default/images/panel_tool_expand.gif HTTP/1.1" 304 -
180.169.147.146 - - [05/Jul/2021:09:37:18 +0800] "GET /xingrg/javascript/jquery_easy_ui/themes/default/images/panel_tool_collapse.gif HTTP/1.1" 304 -
180.169.147.146 - - [05/Jul/2021:09:37:18 +0800] "GET /xingrg/javascript/jquery_easy_ui/themes/default/images/tabs_leftarrow.png HTTP/1.1" 304 -
180.169.147.146 - - [05/Jul/2021:09:37:18 +0800] "GET /xingrg/images/blue/pingpu.png HTTP/1.1" 304 -
180.169.147.146 - - [05/Jul/2021:09:37:18 +0800] "POST /xingrg/load_menu.html HTTP/1.1" 200 9959
58.221.95.50 - - [05/Jul/2021:09:37:19 +0800] "GET /xingrg/check_reg.html?_=1625449045855 HTTP/1.1" 302 -
116.224.253.72 - - [05/Jul/2021:09:37:19 +0800] "POST /xingrg/kc/base/wldb_order_operate.html HTTP/1.1" 200 37
180.169.147.146 - - [05/Jul/2021:09:37:20 +0800] "GET /xingrg/kc/buy/cgsh_order_list.html HTTP/1.1" 200 47198
116.224.253.72 - - [05/Jul/2021:09:37:21 +0800] "POST /xingrg/kc/base/wldb_order_operate.html HTTP/1.1" 200 12
116.224.253.72 - - [05/Jul/2021:09:37:21 +0800] "POST /xingrg/kc/base/wldb_order_operate.html HTTP/1.1" 200 2185
116.224.253.72 - - [05/Jul/2021:09:37:22 +0800] "GET /xingrg/kc/base/wldb_order_info.html?code=422021070500518 HTTP/1.1" 200 26236
180.162.195.211 - - [05/Jul/2021:09:37:22 +0800] "GET /xingrg/all/function/internal_message.html?_=1625449048411&CODE_STATE=getMsg HTTP/1.1" 200 27
116.224.253.72 - - [05/Jul/2021:09:37:22 +0800] "GET /xingrg/javascript/easyui/themes/default/validatebox.css HTTP/1.1" 404 1104
116.224.253.72 - - [05/Jul/2021:09:37:22 +0800] "POST /xingrg/kc/base/wldb_order_operate.html HTTP/1.1" 200 479
180.169.147.146 - - [05/Jul/2021:09:37:25 +0800] "GET /xingrg/all/function/internal_message.html?_=1625449052621&CODE_STATE=getMsg HTTP/1.1" 200 27
116.230.117.165 - - [05/Jul/2021:09:37:25 +0800] "GET /xingrg/all/function/internal_message.html?_=1625449051689&CODE_STATE=getMsg HTTP/1.1" 200 27
58.40.7.146 - - [05/Jul/2021:09:37:29 +0800] "GET /xingrg/check_reg.html?_=1625449055353 HTTP/1.1" 302 -
180.162.195.211 - - [05/Jul/2021:09:37:30 +0800] "GET /xingrg/all/function/internal_message.html?_=1625449026182&CODE_STATE=getMsg HTTP/1.1" 200 27
116.230.110.80 - - [05/Jul/2021:09:37:33 +0800] "GET /xingrg/kc/buy/cgsh_order_operate.html?command=get_materiel&rest_code=00155&code=00101008186&supplier_code=00100005&order_time=2021-07-05 HTTP/1.1" 200 408
222.69.131.80 - - [05/Jul/2021:09:37:38 +0800] "GET /xingrg/all/function/internal_message.html?_=1625449065128&CODE_STATE=getMsg HTTP/1.1" 200 27
101.85.107.54 - - [05/Jul/2021:09:37:38 +0800] "GET /xingrg/all/function/internal_message.html?_=1625448490443&CODE_STATE=getMsg HTTP/1.1" 200 27
180.174.237.246 - - [05/Jul/2021:09:37:39 +0800] "GET /xingrg/all/function/internal_message.html?_=1625449069613&CODE_STATE=getMsg HTTP/1.1" 200 27
180.169.147.146 - - [05/Jul/2021:09:37:43 +0800] "POST /xingrg/kc/buy/cgsh_list_operate.html HTTP/1.1" 200 5199
114.86.228.137 - - [05/Jul/2021:09:37:48 +0800] "GET /xingrg/all/function/internal_message.html?_=1625449076155&CODE_STATE=getMsg HTTP/1.1" 200 27
116.224.253.72 - - [05/Jul/2021:09:37:48 +0800] "GET /xingrg/all/function/internal_message.html?_=1625449065489&CODE_STATE=getMsg HTTP/1.1" 200 27
116.230.110.80 - - [05/Jul/2021:09:37:49 +0800] "GET /xingrg/all/function/internal_message.html?_=1625449075346&CODE_STATE=getMsg HTTP/1.1" 200 27
114.86.228.137 - - [05/Jul/2021:09:37:54 +0800] "POST /xingrg/kc/buy/cgsh_list_operate.html HTTP/1.1" 200 3438
116.224.253.72 - - [05/Jul/2021:09:37:56 +0800] "GET /xingrg/all/function/internal_message.html?_=1625449078852&CODE_STATE=getMsg HTTP/1.1" 200 27
116.230.110.80 - - [05/Jul/2021:09:37:58 +0800] "GET /xingrg/kc/buy/cgsh_order_operate.html?command=get_materiel&rest_code=00155&code=00101008312&supplier_code=00100005&order_time=2021-07-05 HTTP/1.1" 200 412
180.169.147.146 - - [05/Jul/2021:09:38:00 +0800] "GET /xingrg/all/function/internal_message.html?_=1625449087632&CODE_STATE=getMsg HTTP/1.1" 200 27
116.224.253.72 - - [05/Jul/2021:09:38:08 +0800] "GET /xingrg/kc/base/yddb_order_list.html HTTP/1.1" 200 16757
116.224.253.72 - - [05/Jul/2021:09:38:08 +0800] "POST /xingrg/kc/base/yddb_list_operate.html HTTP/1.1" 200 636
180.169.147.146 - - [05/Jul/2021:09:38:11 +0800] "GET /xingrg/javascript/auto/indicator.gif HTTP/1.1" 404 1066
116.224.253.72 - - [05/Jul/2021:09:38:12 +0800] "POST /xingrg/kc/base/yddb_list_operate.html HTTP/1.1" 200 636
180.169.147.146 - - [05/Jul/2021:09:38:15 +0800] "POST /xingrg/kc/buy/cgsh_list_operate.html HTTP/1.1" 200 5712
116.230.110.80 - - [05/Jul/2021:09:38:17 +0800] "GET /xingrg/kc/buy/cgsh_order_operate.html?command=get_materiel&rest_code=00155&code=00101008313&supplier_code=00100005&order_time=2021-07-05 HTTP/1.1" 200 412
180.169.147.146 - - [05/Jul/2021:09:38:18 +0800] "GET /xingrg/all/function/internal_message.html?_=1625449104806&CODE_STATE=getMsg HTTP/1.1" 200 27
116.224.253.72 - - [05/Jul/2021:09:38:19 +0800] "GET /xingrg/kc/buy/cgsh_order_operate.html?command=get_materiel&rest_code=00151&code=00101006027&supplier_code=00100096&order_time=2021-07-05 HTTP/1.1" 200 411
180.162.195.211 - - [05/Jul/2021:09:38:22 +0800] "GET /xingrg/all/function/internal_message.html?_=1625449108411&CODE_STATE=getMsg HTTP/1.1" 200 27
116.224.253.72 - - [05/Jul/2021:09:38:22 +0800] "POST /xingrg/kc/base/yddb_list_operate.html HTTP/1.1" 200 636
116.224.253.72 - - [05/Jul/2021:09:38:25 +0800] "POST /xingrg/kc/base/yddb_list_operate.html HTTP/1.1" 200 4450
180.169.147.146 - - [05/Jul/2021:09:38:25 +0800] "GET /xingrg/all/function/internal_message.html?_=1625449112614&CODE_STATE=getMsg HTTP/1.1" 200 27
116.230.117.165 - - [05/Jul/2021:09:38:25 +0800] "GET /xingrg/all/function/internal_message.html?_=1625449111702&CODE_STATE=getMsg HTTP/1.1" 200 27
180.169.147.146 - - [05/Jul/2021:09:38:26 +0800] "POST /xingrg/all/user/operate.html HTTP/1.1" 200 36
180.169.147.146 - - [05/Jul/2021:09:38:26 +0800] "GET /xingrg/index.html?sysBaseUrl=http%3A%2F%2F180.169.147.146%3A18081%2Fxingrg%2F&costTime=61×tamp=1625448761287 HTTP/1.1" 200 17503
180.169.147.146 - - [05/Jul/2021:09:38:26 +0800] "GET /xingrg/javascript/jquery_easy_ui/themes/default/easyui.css HTTP/1.1" 304 -
180.169.147.146 - - [05/Jul/2021:09:38:26 +0800] "GET /xingrg/javascript/jquery_easy_ui/themes/icon.css HTTP/1.1" 304 -
180.169.147.146 - - [05/Jul/2021:09:38:26 +0800] "GET /xingrg/css/form.css HTTP/1.1" 304 -
180.169.147.146 - - [05/Jul/2021:09:38:26 +0800] "GET /xingrg/javascript/jquery-1.4.2.min.js HTTP/1.1" 304 -
180.169.147.146 - - [05/Jul/2021:09:38:26 +0800] "GET /xingrg/javascript/jquery_easy_ui/jquery.easyui.min.js HTTP/1.1" 304 -
180.169.147.146 - - [05/Jul/2021:09:38:26 +0800] "GET /xingrg/javascript/jquery_easy_ui/easyui-lang-zh_CN.js HTTP/1.1" 304 -
180.169.147.146 - - [05/Jul/2021:09:38:26 +0800] "GET /xingrg/javascript/jquery.form.js HTTP/1.1" 304 -
180.169.147.146 - - [05/Jul/2021:09:38:26 +0800] "GET /xingrg/javascript/jquery.utils.js HTTP/1.1" 304 -
180.169.147.146 - - [05/Jul/2021:09:38:26 +0800] "GET /xingrg/javascript/jquery.timers.js HTTP/1.1" 304 -
180.169.147.146 - - [05/Jul/2021:09:38:26 +0800] "GET /xingrg/images/blue/jxLogo.png HTTP/1.1" 304 -
180.169.147.146 - - [05/Jul/2021:09:38:26 +0800] "GET /xingrg/javascript/jquery_easy_ui/themes/icons/settle_new.png HTTP/1.1" 304 -
180.169.147.146 - - [05/Jul/2021:09:38:26 +0800] "GET /xingrg/images/blue/navBackgound.jpg HTTP/1.1" 304 -
180.169.147.146 - - [05/Jul/2021:09:38:26 +0800] "POST /xingrg/all/common/load_tree.html?tree=area_rest_tree_json&manage=1 HTTP/1.1" 200 3216
180.169.147.146 - - [05/Jul/2021:09:38:26 +0800] "GET /xingrg/all/function/internal_message.html?_=1625449113103&CODE_STATE=count HTTP/1.1" 200 11
180.169.147.146 - - [05/Jul/2021:09:38:26 +0800] "GET /xingrg/check_reg.html?_=1625449113104 HTTP/1.1" 200 22
