117.184.7.26 - - [03/Jul/2021:10:16:02 +0800] "POST /xingrg/all/common/load_tree.html?tree=materiel_sort_tree_json HTTP/1.1" 200 8666
117.184.7.26 - - [03/Jul/2021:10:16:04 +0800] "POST /xingrg/dwr/call/plaincall/AjaxReportQueryService.getInitString.dwr HTTP/1.1" 200 1020
58.40.7.146 - - [03/Jul/2021:10:16:06 +0800] "GET /xingrg/all/function/internal_message.html?_=1625278567607&CODE_STATE=getMsg HTTP/1.1" 200 27
222.69.129.49 - - [03/Jul/2021:10:16:07 +0800] "GET /xingrg/kc/buy/cgsh_order_operate.html?command=get_materiel&rest_code=00149&code=00101008439&supplier_code=00100005&order_time=2021-07-03 HTTP/1.1" 200 399
101.83.241.165 - - [03/Jul/2021:10:16:07 +0800] "GET /xingrg/all/function/internal_message.html?_=1625278569128&CODE_STATE=getMsg HTTP/1.1" 200 27
222.70.176.145 - - [03/Jul/2021:10:16:08 +0800] "GET /xingrg/all/function/internal_message.html?_=1625278567493&CODE_STATE=getMsg HTTP/1.1" 200 27
58.40.7.146 - - [03/Jul/2021:10:16:11 +0800] "GET /xingrg/all/function/internal_message.html?_=1625278572591&CODE_STATE=getMsg HTTP/1.1" 200 27
116.235.222.38 - - [03/Jul/2021:10:16:13 +0800] "GET /xingrg/all/function/internal_message.html?_=1625278563817&CODE_STATE=getMsg HTTP/1.1" 200 27
117.184.7.26 - - [03/Jul/2021:10:16:14 +0800] "POST /xingrg/dwr/call/plaincall/AjaxReportQueryService.refreshCache.dwr HTTP/1.1" 200 78
117.184.7.26 - - [03/Jul/2021:10:16:15 +0800] "POST /xingrg/all/report/load_report_page.html HTTP/1.1" 200 8912
117.184.7.26 - - [03/Jul/2021:10:16:15 +0800] "GET /xingrg/servlets/image?cache=0.7935963313310339&image=px HTTP/1.1" 200 807
101.85.107.54 - - [03/Jul/2021:10:16:15 +0800] "GET /xingrg/all/function/internal_message.html?_=1625278005035&CODE_STATE=getMsg HTTP/1.1" 200 27
180.169.147.146 - - [03/Jul/2021:10:16:15 +0800] "GET /xingrg/all/function/internal_message.html?_=1625278577375&CODE_STATE=getMsg HTTP/1.1" 200 27
117.184.7.26 - - [03/Jul/2021:10:16:16 +0800] "GET /xingrg/all/report/report_query.html?isQuery=1&fileName=kc/buy/wlcg_cate_hz.xml&queryString=(CONVERT(char(10)%252Ca.order_time%252C%2520120)%253E%253D'2021-06-01')%2520and%2520(CONVERT(char(10)%252Ca.order_time%252C%2520120)%253C%253D'2021-06-30')%2520and%2520(a.supplier_code%2520in%2520('00100018'))%2520and%2520(a.number%253E0%2520and%2520a.supplier_code%253D'00100018')&queryText=%25E3%2580%2590%25E9%2587%2587%25E8%25B4%25AD%25E6%2597%25A5%25E6%259C%259F%253A2021-06-01%2520%25E8%2587%25B3%25202021-06-30%25E3%2580%2591%2520%25E5%25B9%25B6%25E4%25B8%2594%2520%2520%25E3%2580%2590%25E4%25BE%259B%25E5%25BA%2594%25E5%2595%2586%2520%253D%2520%25E9%2585%2592%25E6%25B0%25B4%25EF%25BC%2588%25E9%259A%2586%25E5%259F%258E%25EF%25BC%2589%25E3%2580%2591%2520%25E5%25B9%25B6%25E4%25B8%2594%2520%25E3%2580%2590%25E4%25BE%259B%25E5%25BA%2594%25E5%2595%2586%253D%25E9%2585%2592%25E6%25B0%25B4%25EF%25BC%2588%25E9%259A%2586%25E5%259F%258E%25EF%25BC%2589%25E3%2580%2591 HTTP/1.1" 200 54472
117.184.7.26 - - [03/Jul/2021:10:16:16 +0800] "GET /xingrg/dwr/interface/AjaxReportQueryService.js HTTP/1.1" 200 13203
117.184.7.26 - - [03/Jul/2021:10:16:16 +0800] "GET /xingrg/dwr/engine.js HTTP/1.1" 200 43631
116.224.253.72 - - [03/Jul/2021:10:16:17 +0800] "POST /xingrg/kc/buy/cgsh_order_operate.html HTTP/1.1" 200 37
117.184.7.26 - - [03/Jul/2021:10:16:17 +0800] "POST /xingrg/all/report/load_report_page.html HTTP/1.1" 200 8716
117.184.7.26 - - [03/Jul/2021:10:16:17 +0800] "GET /xingrg/servlets/image?cache=0.1616181783139149&image=px HTTP/1.1" 200 807
222.69.129.49 - - [03/Jul/2021:10:16:17 +0800] "GET /xingrg/kc/buy/cgsh_order_operate.html?command=get_materiel&rest_code=00149&code=00101008137&supplier_code=00100005&order_time=2021-07-03 HTTP/1.1" 200 408
116.224.253.72 - - [03/Jul/2021:10:16:20 +0800] "POST /xingrg/kc/buy/cgsh_order_operate.html HTTP/1.1" 200 12
117.184.7.26 - - [03/Jul/2021:10:16:20 +0800] "POST /xingrg/all/report/load_report_page.html HTTP/1.1" 200 54046
117.184.7.26 - - [03/Jul/2021:10:16:20 +0800] "GET /xingrg/servlets/image?cache=0.7586621507492689&image=px HTTP/1.1" 200 807
180.162.195.211 - - [03/Jul/2021:10:16:20 +0800] "POST /xingrg/kc/buy/cgsh_list_operate.html HTTP/1.1" 200 1718
116.224.253.72 - - [03/Jul/2021:10:16:20 +0800] "GET /xingrg/kc/buy/cgsh_order_info.html?code=212021070300993 HTTP/1.1" 200 57227
116.224.253.72 - - [03/Jul/2021:10:16:21 +0800] "GET /xingrg/javascript/easyui/themes/default/validatebox.css HTTP/1.1" 404 1104
116.224.253.72 - - [03/Jul/2021:10:16:21 +0800] "POST /xingrg/kc/buy/cgsh_order_operate.html HTTP/1.1" 200 618
116.224.253.72 - - [03/Jul/2021:10:16:22 +0800] "GET /xingrg/kc/print/load_data.html?order_code=212021070300993&kc_code=cgsh&condition= HTTP/1.1" 200 726
117.184.7.26 - - [03/Jul/2021:10:16:24 +0800] "POST /xingrg/all/report/report_print.html HTTP/1.1" 200 7680
116.230.110.80 - - [03/Jul/2021:10:16:26 +0800] "GET /xingrg/all/function/internal_message.html?_=1625278587612&CODE_STATE=getMsg HTTP/1.1" 200 27
222.69.129.49 - - [03/Jul/2021:10:16:31 +0800] "POST /xingrg/kc/buy/cgsh_order_operate.html HTTP/1.1" 200 2065
222.69.129.49 - - [03/Jul/2021:10:16:34 +0800] "GET /xingrg/all/function/internal_message.html?_=1625278595743&CODE_STATE=getMsg HTTP/1.1" 200 27
58.37.5.217 - - [03/Jul/2021:10:16:35 +0800] "GET /xingrg/all/function/internal_message.html?_=1625279126348&CODE_STATE=getMsg HTTP/1.1" 200 27
180.157.255.9 - - [03/Jul/2021:10:16:35 +0800] "GET /xingrg/all/function/internal_message.html?_=1625278607740&CODE_STATE=getMsg HTTP/1.1" 200 27
180.169.147.146 - - [03/Jul/2021:10:16:35 +0800] "GET /xingrg/all/function/internal_message.html?_=1625278599257&CODE_STATE=getMsg HTTP/1.1" 200 27
222.69.129.49 - - [03/Jul/2021:10:16:39 +0800] "GET /xingrg/kc/buy/cgsh_order_operate.html?command=get_materiel&rest_code=00149&code=00101008360&supplier_code=00100005&order_time=2021-07-03 HTTP/1.1" 200 412
180.162.195.211 - - [03/Jul/2021:10:16:42 +0800] "GET /xingrg/all/function/internal_message.html?_=1625278605041&CODE_STATE=getMsg HTTP/1.1" 200 27
180.162.195.211 - - [03/Jul/2021:10:16:42 +0800] "GET /xingrg/check_reg.html?_=1625278605045 HTTP/1.1" 200 22
116.230.117.165 - - [03/Jul/2021:10:16:45 +0800] "GET /xingrg/all/function/internal_message.html?_=1625278630792&CODE_STATE=getMsg HTTP/1.1" 200 27
116.224.253.72 - - [03/Jul/2021:10:16:47 +0800] "GET /xingrg/all/function/internal_message.html?_=1625278601495&CODE_STATE=getMsg HTTP/1.1" 200 27
180.162.195.211 - - [03/Jul/2021:10:16:50 +0800] "GET /xingrg/check_reg.html?_=1625278581964 HTTP/1.1" 200 22
180.162.195.211 - - [03/Jul/2021:10:16:50 +0800] "GET /xingrg/all/function/internal_message.html?_=1625278581966&CODE_STATE=getMsg HTTP/1.1" 200 27
222.69.129.49 - - [03/Jul/2021:10:16:51 +0800] "GET /xingrg/kc/buy/cgsh_order_operate.html?command=get_materiel&rest_code=00149&code=00101008059&supplier_code=00100005&order_time=2021-07-03 HTTP/1.1" 200 408
180.169.147.146 - - [03/Jul/2021:10:16:55 +0800] "GET /xingrg/all/function/internal_message.html?_=1625278617257&CODE_STATE=getMsg HTTP/1.1" 200 27
116.230.117.165 - - [03/Jul/2021:10:16:56 +0800] "GET /xingrg/all/function/internal_message.html?_=1625278615742&CODE_STATE=getMsg HTTP/1.1" 302 -
117.184.7.26 - - [03/Jul/2021:10:16:59 +0800] "GET /xingrg/check_reg.html?_=1625278599935 HTTP/1.1" 200 22
117.184.7.26 - - [03/Jul/2021:10:16:59 +0800] "GET /xingrg/all/function/internal_message.html?_=1625278599948&CODE_STATE=getMsg HTTP/1.1" 200 27
222.69.129.49 - - [03/Jul/2021:10:17:01 +0800] "GET /xingrg/kc/buy/cgsh_order_operate.html?command=get_materiel&rest_code=00149&code=00101008223&supplier_code=00100005&order_time=2021-07-03 HTTP/1.1" 200 412
58.40.7.146 - - [03/Jul/2021:10:17:06 +0800] "GET /xingrg/check_reg.html?_=1625278627594 HTTP/1.1" 200 22
58.40.7.146 - - [03/Jul/2021:10:17:06 +0800] "GET /xingrg/all/function/internal_message.html?_=1625278627596&CODE_STATE=getMsg HTTP/1.1" 200 27
101.83.241.165 - - [03/Jul/2021:10:17:07 +0800] "GET /xingrg/all/function/internal_message.html?_=1625278629130&CODE_STATE=getMsg HTTP/1.1" 200 27
222.70.176.145 - - [03/Jul/2021:10:17:08 +0800] "GET /xingrg/all/function/internal_message.html?_=1625278627476&CODE_STATE=getMsg HTTP/1.1" 200 27
58.40.7.146 - - [03/Jul/2021:10:17:11 +0800] "GET /xingrg/all/function/internal_message.html?_=1625278632595&CODE_STATE=getMsg HTTP/1.1" 200 27
116.235.222.38 - - [03/Jul/2021:10:17:13 +0800] "GET /xingrg/all/function/internal_message.html?_=1625278623816&CODE_STATE=getMsg HTTP/1.1" 200 27
101.85.107.54 - - [03/Jul/2021:10:17:15 +0800] "GET /xingrg/all/function/internal_message.html?_=1625278065011&CODE_STATE=getMsg HTTP/1.1" 200 27
180.169.147.146 - - [03/Jul/2021:10:17:15 +0800] "GET /xingrg/all/function/internal_message.html?_=1625278637384&CODE_STATE=getMsg HTTP/1.1" 200 27
116.230.117.165 - - [03/Jul/2021:10:17:18 +0800] "GET /xingrg/check_reg.html?_=1625278664207 HTTP/1.1" 200 22
222.69.129.49 - - [03/Jul/2021:10:17:19 +0800] "GET /xingrg/kc/buy/cgsh_order_operate.html?command=get_materiel&rest_code=00149&code=00101008558&supplier_code=00100005&order_time=2021-07-03 HTTP/1.1" 200 395
116.230.110.80 - - [03/Jul/2021:10:17:26 +0800] "GET /xingrg/all/function/internal_message.html?_=1625278647601&CODE_STATE=getMsg HTTP/1.1" 200 27
101.85.107.54 - - [03/Jul/2021:10:17:30 +0800] "GET /xingrg/check_reg.html?_=1625278080281 HTTP/1.1" 200 22
222.69.129.49 - - [03/Jul/2021:10:17:34 +0800] "GET /xingrg/all/function/internal_message.html?_=1625278655730&CODE_STATE=getMsg HTTP/1.1" 200 27
58.37.5.217 - - [03/Jul/2021:10:17:35 +0800] "GET /xingrg/check_reg.html?_=1625279186373 HTTP/1.1" 200 22
58.37.5.217 - - [03/Jul/2021:10:17:35 +0800] "GET /xingrg/all/function/internal_message.html?_=1625279186374&CODE_STATE=getMsg HTTP/1.1" 200 27
180.157.255.9 - - [03/Jul/2021:10:17:35 +0800] "GET /xingrg/all/function/internal_message.html?_=1625278667738&CODE_STATE=getMsg HTTP/1.1" 200 27
180.169.147.146 - - [03/Jul/2021:10:17:35 +0800] "GET /xingrg/all/function/internal_message.html?_=1625278659259&CODE_STATE=getMsg HTTP/1.1" 200 27
180.162.195.211 - - [03/Jul/2021:10:17:42 +0800] "GET /xingrg/all/function/internal_message.html?_=1625278665042&CODE_STATE=getMsg HTTP/1.1" 200 27
116.230.117.165 - - [03/Jul/2021:10:17:45 +0800] "GET /xingrg/all/function/internal_message.html?_=1625278690804&CODE_STATE=getMsg HTTP/1.1" 200 27
116.224.253.72 - - [03/Jul/2021:10:17:47 +0800] "GET /xingrg/all/function/internal_message.html?_=1625278661523&CODE_STATE=getMsg HTTP/1.1" 200 27
180.162.195.211 - - [03/Jul/2021:10:17:50 +0800] "GET /xingrg/all/function/internal_message.html?_=1625278641961&CODE_STATE=getMsg HTTP/1.1" 200 27
180.169.147.146 - - [03/Jul/2021:10:17:55 +0800] "GET /xingrg/all/function/internal_message.html?_=1625278677257&CODE_STATE=getMsg HTTP/1.1" 200 27
116.230.117.165 - - [03/Jul/2021:10:17:56 +0800] "GET /xingrg/check_reg.html?_=1625278675742 HTTP/1.1" 302 -
116.230.117.165 - - [03/Jul/2021:10:17:56 +0800] "GET /xingrg/all/function/internal_message.html?_=1625278675743&CODE_STATE=getMsg HTTP/1.1" 302 -
117.184.7.26 - - [03/Jul/2021:10:17:59 +0800] "GET /xingrg/all/function/internal_message.html?_=1625278659938&CODE_STATE=getMsg HTTP/1.1" 200 27
180.162.195.211 - - [03/Jul/2021:10:18:00 +0800] "POST /xingrg/kc/buy/cgsh_list_operate.html HTTP/1.1" 200 876
180.169.147.146 - - [03/Jul/2021:10:18:02 +0800] "GET /xingrg/check_reg.html?_=1625278677999 HTTP/1.1" 200 22
180.162.195.211 - - [03/Jul/2021:10:18:02 +0800] "POST /xingrg/kc/buy/cgsh_list_operate.html HTTP/1.1" 200 876
222.69.129.49 - - [03/Jul/2021:10:18:06 +0800] "GET /xingrg/kc/buy/cgsh_order_operate.html?command=get_materiel&rest_code=00149&code=00101008357&supplier_code=00100005&order_time=2021-07-03 HTTP/1.1" 200 408
58.40.7.146 - - [03/Jul/2021:10:18:06 +0800] "GET /xingrg/all/function/internal_message.html?_=1625278687598&CODE_STATE=getMsg HTTP/1.1" 200 27
101.83.241.165 - - [03/Jul/2021:10:18:07 +0800] "GET /xingrg/all/function/internal_message.html?_=1625278689125&CODE_STATE=getMsg HTTP/1.1" 200 27
222.70.176.145 - - [03/Jul/2021:10:18:08 +0800] "GET /xingrg/all/function/internal_message.html?_=1625278687460&CODE_STATE=getMsg HTTP/1.1" 200 27
222.69.129.49 - - [03/Jul/2021:10:18:10 +0800] "POST /xingrg/kc/buy/cgsh_order_operate.html HTTP/1.1" 200 2065
58.40.7.146 - - [03/Jul/2021:10:18:11 +0800] "GET /xingrg/all/function/internal_message.html?_=1625278692597&CODE_STATE=getMsg HTTP/1.1" 200 27
116.235.222.38 - - [03/Jul/2021:10:18:13 +0800] "GET /xingrg/all/function/internal_message.html?_=1625278683816&CODE_STATE=getMsg HTTP/1.1" 200 27
101.85.107.54 - - [03/Jul/2021:10:18:15 +0800] "GET /xingrg/all/function/internal_message.html?_=1625278124983&CODE_STATE=getMsg HTTP/1.1" 200 27
180.169.147.146 - - [03/Jul/2021:10:18:15 +0800] "GET /xingrg/all/function/internal_message.html?_=1625278697405&CODE_STATE=getMsg HTTP/1.1" 200 27
180.162.195.211 - - [03/Jul/2021:10:18:19 +0800] "POST /xingrg/kc/buy/cgsh_list_operate.html HTTP/1.1" 200 876
222.69.129.49 - - [03/Jul/2021:10:18:25 +0800] "GET /xingrg/kc/buy/cgsh_order_operate.html?command=get_materiel&rest_code=00149&code=00101008069&supplier_code=00100005&order_time=2021-07-03 HTTP/1.1" 200 412
116.230.110.80 - - [03/Jul/2021:10:18:26 +0800] "GET /xingrg/all/function/internal_message.html?_=1625278707613&CODE_STATE=getMsg HTTP/1.1" 200 27
116.230.110.80 - - [03/Jul/2021:10:18:26 +0800] "GET /xingrg/check_reg.html?_=1625278707624 HTTP/1.1" 200 22
222.69.129.49 - - [03/Jul/2021:10:18:34 +0800] "GET /xingrg/check_reg.html?_=1625278715683 HTTP/1.1" 200 22
222.69.129.49 - - [03/Jul/2021:10:18:34 +0800] "GET /xingrg/all/function/internal_message.html?_=1625278715718&CODE_STATE=getMsg HTTP/1.1" 200 27
58.37.5.217 - - [03/Jul/2021:10:18:35 +0800] "GET /xingrg/all/function/internal_message.html?_=1625279246373&CODE_STATE=getMsg HTTP/1.1" 200 27
180.157.255.9 - - [03/Jul/2021:10:18:35 +0800] "GET /xingrg/check_reg.html?_=1625278727737 HTTP/1.1" 200 22
180.157.255.9 - - [03/Jul/2021:10:18:35 +0800] "GET /xingrg/all/function/internal_message.html?_=1625278727735&CODE_STATE=getMsg HTTP/1.1" 200 27
180.169.147.146 - - [03/Jul/2021:10:18:35 +0800] "GET /xingrg/all/function/internal_message.html?_=1625278719260&CODE_STATE=getMsg HTTP/1.1" 200 27
222.69.129.49 - - [03/Jul/2021:10:18:41 +0800] "GET /xingrg/kc/buy/cgsh_order_operate.html?command=get_materiel&rest_code=00149&code=00101008286&supplier_code=00100005&order_time=2021-07-03 HTTP/1.1" 200 427
180.162.195.211 - - [03/Jul/2021:10:18:42 +0800] "GET /xingrg/all/function/internal_message.html?_=1625278725044&CODE_STATE=getMsg HTTP/1.1" 200 27
116.230.117.165 - - [03/Jul/2021:10:18:45 +0800] "GET /xingrg/all/function/internal_message.html?_=1625278750817&CODE_STATE=getMsg HTTP/1.1" 200 27
116.224.253.72 - - [03/Jul/2021:10:18:47 +0800] "GET /xingrg/all/function/internal_message.html?_=1625278721537&CODE_STATE=getMsg HTTP/1.1" 200 27
180.162.195.211 - - [03/Jul/2021:10:18:50 +0800] "GET /xingrg/all/function/internal_message.html?_=1625278701960&CODE_STATE=getMsg HTTP/1.1" 200 27
222.69.129.49 - - [03/Jul/2021:10:18:52 +0800] "GET /xingrg/kc/buy/cgsh_order_operate.html?command=get_materiel&rest_code=00149&code=00101008036&supplier_code=00100005&order_time=2021-07-03 HTTP/1.1" 200 408
180.169.147.146 - - [03/Jul/2021:10:18:55 +0800] "GET /xingrg/all/function/internal_message.html?_=1625278737282&CODE_STATE=getMsg HTTP/1.1" 200 27
116.230.117.165 - - [03/Jul/2021:10:18:56 +0800] "GET /xingrg/all/function/internal_message.html?_=1625278735742&CODE_STATE=getMsg HTTP/1.1" 302 -
117.184.7.26 - - [03/Jul/2021:10:18:58 +0800] "GET /xingrg/all/function/internal_message.html?_=1625278719933&CODE_STATE=getMsg HTTP/1.1" 200 27
180.162.195.211 - - [03/Jul/2021:10:19:02 +0800] "POST /xingrg/kc/buy/cgsh_list_operate.html HTTP/1.1" 200 1718
180.169.147.146 - - [03/Jul/2021:10:19:02 +0800] "GET /xingrg/check_reg.html?_=1625278744089 HTTP/1.1" 200 22
58.40.7.146 - - [03/Jul/2021:10:19:06 +0800] "GET /xingrg/all/function/internal_message.html?_=1625278747602&CODE_STATE=getMsg HTTP/1.1" 200 27
101.83.241.165 - - [03/Jul/2021:10:19:07 +0800] "GET /xingrg/all/function/internal_message.html?_=1625278749127&CODE_STATE=getMsg HTTP/1.1" 200 27
101.83.241.165 - - [03/Jul/2021:10:19:07 +0800] "GET /xingrg/check_reg.html?_=1625278749134 HTTP/1.1" 200 22
222.70.176.145 - - [03/Jul/2021:10:19:08 +0800] "GET /xingrg/all/function/internal_message.html?_=1625278747444&CODE_STATE=getMsg HTTP/1.1" 200 27
58.40.7.146 - - [03/Jul/2021:10:19:11 +0800] "GET /xingrg/all/function/internal_message.html?_=1625278752600&CODE_STATE=getMsg HTTP/1.1" 200 27
116.235.222.38 - - [03/Jul/2021:10:19:13 +0800] "GET /xingrg/all/function/internal_message.html?_=1625278743816&CODE_STATE=getMsg HTTP/1.1" 200 27
180.169.147.146 - - [03/Jul/2021:10:19:13 +0800] "GET /xingrg/check_reg.html?_=1625278755059 HTTP/1.1" 200 22
222.69.129.49 - - [03/Jul/2021:10:19:14 +0800] "POST /xingrg/kc/buy/cgsh_order_operate.html HTTP/1.1" 200 2065
101.85.107.54 - - [03/Jul/2021:10:19:15 +0800] "GET /xingrg/all/function/internal_message.html?_=1625278184958&CODE_STATE=getMsg HTTP/1.1" 200 27
180.169.147.146 - - [03/Jul/2021:10:19:15 +0800] "GET /xingrg/all/function/internal_message.html?_=1625278757411&CODE_STATE=getMsg HTTP/1.1" 200 27
58.37.225.51 - - [03/Jul/2021:10:19:16 +0800] "GET /xingrg/check_reg.html?_=1625278681532 HTTP/1.1" 302 -
222.69.129.49 - - [03/Jul/2021:10:19:23 +0800] "GET /xingrg/kc/buy/cgsh_order_operate.html?command=get_materiel&rest_code=00149&code=00101008131&supplier_code=00100005&order_time=2021-07-03 HTTP/1.1" 200 408
116.230.110.80 - - [03/Jul/2021:10:19:26 +0800] "GET /xingrg/all/function/internal_message.html?_=1625278767613&CODE_STATE=getMsg HTTP/1.1" 200 27
180.169.147.146 - - [03/Jul/2021:10:19:27 +0800] "GET /xingrg/check_reg.html?_=1625278768588 HTTP/1.1" 302 -
222.69.129.49 - - [03/Jul/2021:10:19:34 +0800] "GET /xingrg/all/function/internal_message.html?_=1625278775698&CODE_STATE=getMsg HTTP/1.1" 200 27
58.37.5.217 - - [03/Jul/2021:10:19:35 +0800] "GET /xingrg/all/function/internal_message.html?_=1625279306372&CODE_STATE=getMsg HTTP/1.1" 200 27
180.157.255.9 - - [03/Jul/2021:10:19:35 +0800] "GET /xingrg/all/function/internal_message.html?_=1625278787736&CODE_STATE=getMsg HTTP/1.1" 200 27
180.169.147.146 - - [03/Jul/2021:10:19:35 +0800] "GET /xingrg/all/function/internal_message.html?_=1625278779263&CODE_STATE=getMsg HTTP/1.1" 200 27
222.69.129.49 - - [03/Jul/2021:10:19:41 +0800] "GET /xingrg/kc/buy/cgsh_order_operate.html?command=get_materiel&rest_code=00149&code=00101008278&supplier_code=00100005&order_time=2021-07-03 HTTP/1.1" 200 412
180.162.195.211 - - [03/Jul/2021:10:19:42 +0800] "GET /xingrg/all/function/internal_message.html?_=1625278785038&CODE_STATE=getMsg HTTP/1.1" 200 27
116.230.117.165 - - [03/Jul/2021:10:19:45 +0800] "GET /xingrg/all/function/internal_message.html?_=1625278811111&CODE_STATE=getMsg HTTP/1.1" 200 27
116.224.253.72 - - [03/Jul/2021:10:19:47 +0800] "GET /xingrg/all/function/internal_message.html?_=1625278781564&CODE_STATE=getMsg HTTP/1.1" 200 27
180.162.195.211 - - [03/Jul/2021:10:19:50 +0800] "GET /xingrg/all/function/internal_message.html?_=1625278761953&CODE_STATE=getMsg HTTP/1.1" 200 27
180.169.147.146 - - [03/Jul/2021:10:19:55 +0800] "GET /xingrg/all/function/internal_message.html?_=1625278797285&CODE_STATE=getMsg HTTP/1.1" 200 27
116.230.117.165 - - [03/Jul/2021:10:19:56 +0800] "GET /xingrg/all/function/internal_message.html?_=1625278795740&CODE_STATE=getMsg HTTP/1.1" 302 -
117.184.7.26 - - [03/Jul/2021:10:19:58 +0800] "GET /xingrg/all/function/internal_message.html?_=1625278779935&CODE_STATE=getMsg HTTP/1.1" 200 27
58.40.7.146 - - [03/Jul/2021:10:20:06 +0800] "GET /xingrg/all/function/internal_message.html?_=1625278807605&CODE_STATE=getMsg HTTP/1.1" 200 27
101.83.241.165 - - [03/Jul/2021:10:20:07 +0800] "GET /xingrg/all/function/internal_message.html?_=1625278809123&CODE_STATE=getMsg HTTP/1.1" 200 27
222.70.176.145 - - [03/Jul/2021:10:20:08 +0800] "GET /xingrg/all/function/internal_message.html?_=1625278807418&CODE_STATE=getMsg HTTP/1.1" 200 27
222.70.176.145 - - [03/Jul/2021:10:20:09 +0800] "GET /xingrg/check_reg.html?_=1625278808388 HTTP/1.1" 200 22
58.40.7.146 - - [03/Jul/2021:10:20:11 +0800] "GET /xingrg/check_reg.html?_=1625278812602 HTTP/1.1" 200 22
58.40.7.146 - - [03/Jul/2021:10:20:11 +0800] "GET /xingrg/all/function/internal_message.html?_=1625278812603&CODE_STATE=getMsg HTTP/1.1" 200 27
116.235.222.38 - - [03/Jul/2021:10:20:13 +0800] "GET /xingrg/all/function/internal_message.html?_=1625278803831&CODE_STATE=getMsg HTTP/1.1" 200 27
116.235.222.38 - - [03/Jul/2021:10:20:13 +0800] "GET /xingrg/check_reg.html?_=1625278803851 HTTP/1.1" 200 22
222.69.129.49 - - [03/Jul/2021:10:20:13 +0800] "GET /xingrg/kc/buy/cgsh_order_operate.html?command=get_materiel&rest_code=00149&code=00101008352&supplier_code=00100005&order_time=2021-07-03 HTTP/1.1" 200 412
101.85.107.54 - - [03/Jul/2021:10:20:15 +0800] "GET /xingrg/all/function/internal_message.html?_=1625278244927&CODE_STATE=getMsg HTTP/1.1" 200 27
180.169.147.146 - - [03/Jul/2021:10:20:15 +0800] "GET /xingrg/all/function/internal_message.html?_=1625278817424&CODE_STATE=getMsg HTTP/1.1" 200 27
116.230.110.80 - - [03/Jul/2021:10:20:26 +0800] "GET /xingrg/all/function/internal_message.html?_=1625278827605&CODE_STATE=getMsg HTTP/1.1" 200 27
222.69.129.49 - - [03/Jul/2021:10:20:33 +0800] "GET /xingrg/kc/buy/cgsh_order_operate.html?command=get_materiel&rest_code=00149&code=00101008098&supplier_code=00100005&order_time=2021-07-03 HTTP/1.1" 200 412
222.69.129.49 - - [03/Jul/2021:10:20:34 +0800] "GET /xingrg/all/function/internal_message.html?_=1625278835673&CODE_STATE=getMsg HTTP/1.1" 200 27
58.37.5.217 - - [03/Jul/2021:10:20:35 +0800] "GET /xingrg/all/function/internal_message.html?_=1625279366370&CODE_STATE=getMsg HTTP/1.1" 200 27
180.157.255.9 - - [03/Jul/2021:10:20:35 +0800] "GET /xingrg/all/function/internal_message.html?_=1625278847735&CODE_STATE=getMsg HTTP/1.1" 200 27
180.169.147.146 - - [03/Jul/2021:10:20:35 +0800] "GET /xingrg/check_reg.html?_=1625278839263 HTTP/1.1" 200 22
180.169.147.146 - - [03/Jul/2021:10:20:35 +0800] "GET /xingrg/all/function/internal_message.html?_=1625278839266&CODE_STATE=getMsg HTTP/1.1" 200 27
180.162.195.211 - - [03/Jul/2021:10:20:42 +0800] "GET /xingrg/all/function/internal_message.html?_=1625278845049&CODE_STATE=getMsg HTTP/1.1" 200 27
222.69.129.49 - - [03/Jul/2021:10:20:42 +0800] "GET /xingrg/kc/buy/cgsh_order_operate.html?command=get_materiel&rest_code=00149&code=00101008005&supplier_code=00100005&order_time=2021-07-03 HTTP/1.1" 200 412
116.230.117.165 - - [03/Jul/2021:10:20:45 +0800] "GET /xingrg/all/function/internal_message.html?_=1625278871124&CODE_STATE=getMsg HTTP/1.1" 200 27
222.69.129.49 - - [03/Jul/2021:10:20:46 +0800] "POST /xingrg/kc/buy/cgsh_order_operate.html HTTP/1.1" 200 2065
116.224.253.72 - - [03/Jul/2021:10:20:47 +0800] "GET /xingrg/check_reg.html?_=1625278841487 HTTP/1.1" 200 22
116.224.253.72 - - [03/Jul/2021:10:20:47 +0800] "GET /xingrg/all/function/internal_message.html?_=1625278841594&CODE_STATE=getMsg HTTP/1.1" 200 27
180.162.195.211 - - [03/Jul/2021:10:20:50 +0800] "GET /xingrg/all/function/internal_message.html?_=1625278821958&CODE_STATE=getMsg HTTP/1.1" 200 27
222.69.129.49 - - [03/Jul/2021:10:20:53 +0800] "POST /xingrg/kc/buy/cgsh_order_operate.html HTTP/1.1" 200 37
222.69.129.49 - - [03/Jul/2021:10:20:54 +0800] "POST /xingrg/kc/buy/cgsh_order_operate.html HTTP/1.1" 200 34007
180.169.147.146 - - [03/Jul/2021:10:20:55 +0800] "GET /xingrg/all/function/internal_message.html?_=1625278857299&CODE_STATE=getMsg HTTP/1.1" 200 27
116.230.117.165 - - [03/Jul/2021:10:20:56 +0800] "GET /xingrg/all/function/internal_message.html?_=1625278855739&CODE_STATE=getMsg HTTP/1.1" 302 -
117.184.7.26 - - [03/Jul/2021:10:20:59 +0800] "GET /xingrg/all/function/internal_message.html?_=1625278839936&CODE_STATE=getMsg HTTP/1.1" 200 27
58.40.7.146 - - [03/Jul/2021:10:21:06 +0800] "GET /xingrg/all/function/internal_message.html?_=1625278867595&CODE_STATE=getMsg HTTP/1.1" 200 27
101.83.241.165 - - [03/Jul/2021:10:21:07 +0800] "GET /xingrg/all/function/internal_message.html?_=1625278869123&CODE_STATE=getMsg HTTP/1.1" 200 27
222.70.176.145 - - [03/Jul/2021:10:21:08 +0800] "GET /xingrg/all/function/internal_message.html?_=1625278867390&CODE_STATE=getMsg HTTP/1.1" 200 27
58.40.7.146 - - [03/Jul/2021:10:21:11 +0800] "GET /xingrg/all/function/internal_message.html?_=1625278872605&CODE_STATE=getMsg HTTP/1.1" 200 27
116.235.222.38 - - [03/Jul/2021:10:21:13 +0800] "GET /xingrg/all/function/internal_message.html?_=1625278863834&CODE_STATE=getMsg HTTP/1.1" 200 27
101.85.107.54 - - [03/Jul/2021:10:21:15 +0800] "GET /xingrg/all/function/internal_message.html?_=1625278304901&CODE_STATE=getMsg HTTP/1.1" 200 27
180.169.147.146 - - [03/Jul/2021:10:21:15 +0800] "GET /xingrg/all/function/internal_message.html?_=1625278877447&CODE_STATE=getMsg HTTP/1.1" 200 27
116.230.110.80 - - [03/Jul/2021:10:21:26 +0800] "GET /xingrg/all/function/internal_message.html?_=1625278887611&CODE_STATE=getMsg HTTP/1.1" 200 27
222.69.129.49 - - [03/Jul/2021:10:21:34 +0800] "GET /xingrg/all/function/internal_message.html?_=1625278895667&CODE_STATE=getMsg HTTP/1.1" 200 27
58.37.5.217 - - [03/Jul/2021:10:21:35 +0800] "GET /xingrg/all/function/internal_message.html?_=1625279426369&CODE_STATE=getMsg HTTP/1.1" 200 27
180.157.255.9 - - [03/Jul/2021:10:21:35 +0800] "GET /xingrg/all/function/internal_message.html?_=1625278907735&CODE_STATE=getMsg HTTP/1.1" 200 27
180.169.147.146 - - [03/Jul/2021:10:21:35 +0800] "GET /xingrg/all/function/internal_message.html?_=1625278899266&CODE_STATE=getMsg HTTP/1.1" 200 27
180.162.195.211 - - [03/Jul/2021:10:21:42 +0800] "GET /xingrg/check_reg.html?_=1625278905040 HTTP/1.1" 200 22
180.162.195.211 - - [03/Jul/2021:10:21:42 +0800] "GET /xingrg/all/function/internal_message.html?_=1625278905043&CODE_STATE=getMsg HTTP/1.1" 200 27
116.230.117.165 - - [03/Jul/2021:10:21:46 +0800] "GET /xingrg/all/function/internal_message.html?_=1625278931426&CODE_STATE=getMsg HTTP/1.1" 200 27
116.224.253.72 - - [03/Jul/2021:10:21:47 +0800] "GET /xingrg/all/function/internal_message.html?_=1625278901610&CODE_STATE=getMsg HTTP/1.1" 200 27
180.162.195.211 - - [03/Jul/2021:10:21:50 +0800] "GET /xingrg/all/function/internal_message.html?_=1625278881966&CODE_STATE=getMsg HTTP/1.1" 200 27
180.162.195.211 - - [03/Jul/2021:10:21:51 +0800] "GET /xingrg/check_reg.html?_=1625278881969 HTTP/1.1" 200 22
180.169.147.146 - - [03/Jul/2021:10:21:55 +0800] "GET /xingrg/all/function/internal_message.html?_=1625278917325&CODE_STATE=getMsg HTTP/1.1" 200 27
116.230.117.165 - - [03/Jul/2021:10:21:56 +0800] "GET /xingrg/all/function/internal_message.html?_=1625278915737&CODE_STATE=getMsg HTTP/1.1" 302 -
117.184.7.26 - - [03/Jul/2021:10:21:59 +0800] "GET /xingrg/all/function/internal_message.html?_=1625278899939&CODE_STATE=getMsg HTTP/1.1" 200 27
117.184.7.26 - - [03/Jul/2021:10:21:59 +0800] "GET /xingrg/check_reg.html?_=1625278899942 HTTP/1.1" 200 22
58.40.7.146 - - [03/Jul/2021:10:22:06 +0800] "GET /xingrg/all/function/internal_message.html?_=1625278927597&CODE_STATE=getMsg HTTP/1.1" 200 27
58.40.7.146 - - [03/Jul/2021:10:22:06 +0800] "GET /xingrg/check_reg.html?_=1625278927600 HTTP/1.1" 200 22
101.83.241.165 - - [03/Jul/2021:10:22:07 +0800] "GET /xingrg/all/function/internal_message.html?_=1625278929124&CODE_STATE=getMsg HTTP/1.1" 200 27
222.70.176.145 - - [03/Jul/2021:10:22:08 +0800] "GET /xingrg/all/function/internal_message.html?_=1625278927375&CODE_STATE=getMsg HTTP/1.1" 200 27
58.40.7.146 - - [03/Jul/2021:10:22:11 +0800] "GET /xingrg/all/function/internal_message.html?_=1625278932591&CODE_STATE=getMsg HTTP/1.1" 200 27
116.235.222.38 - - [03/Jul/2021:10:22:13 +0800] "GET /xingrg/all/function/internal_message.html?_=1625278923837&CODE_STATE=getMsg HTTP/1.1" 200 27
101.85.107.54 - - [03/Jul/2021:10:22:15 +0800] "GET /xingrg/all/function/internal_message.html?_=1625278364873&CODE_STATE=getMsg HTTP/1.1" 200 27
180.169.147.146 - - [03/Jul/2021:10:22:15 +0800] "GET /xingrg/all/function/internal_message.html?_=1625278937451&CODE_STATE=getMsg HTTP/1.1" 200 27
116.230.117.165 - - [03/Jul/2021:10:22:18 +0800] "GET /xingrg/check_reg.html?_=1625278964211 HTTP/1.1" 200 22
116.230.110.80 - - [03/Jul/2021:10:22:26 +0800] "GET /xingrg/all/function/internal_message.html?_=1625278947609&CODE_STATE=getMsg HTTP/1.1" 200 27
101.85.107.54 - - [03/Jul/2021:10:22:30 +0800] "GET /xingrg/check_reg.html?_=1625278380268 HTTP/1.1" 200 22
222.69.129.49 - - [03/Jul/2021:10:22:34 +0800] "GET /xingrg/all/function/internal_message.html?_=1625278955677&CODE_STATE=getMsg HTTP/1.1" 200 27
58.37.5.217 - - [03/Jul/2021:10:22:35 +0800] "GET /xingrg/all/function/internal_message.html?_=1625279486368&CODE_STATE=getMsg HTTP/1.1" 200 27
58.37.5.217 - - [03/Jul/2021:10:22:35 +0800] "GET /xingrg/check_reg.html?_=1625279486369 HTTP/1.1" 200 22
180.157.255.9 - - [03/Jul/2021:10:22:35 +0800] "GET /xingrg/all/function/internal_message.html?_=1625278967761&CODE_STATE=getMsg HTTP/1.1" 200 27
180.169.147.146 - - [03/Jul/2021:10:22:35 +0800] "GET /xingrg/all/function/internal_message.html?_=1625278959267&CODE_STATE=getMsg HTTP/1.1" 200 27
180.162.195.211 - - [03/Jul/2021:10:22:42 +0800] "GET /xingrg/all/function/internal_message.html?_=1625278965054&CODE_STATE=getMsg HTTP/1.1" 200 27
116.230.117.165 - - [03/Jul/2021:10:22:46 +0800] "GET /xingrg/all/function/internal_message.html?_=1625278991432&CODE_STATE=getMsg HTTP/1.1" 200 27
116.224.253.72 - - [03/Jul/2021:10:22:47 +0800] "GET /xingrg/all/function/internal_message.html?_=1625278961623&CODE_STATE=getMsg HTTP/1.1" 200 27
180.162.195.211 - - [03/Jul/2021:10:22:50 +0800] "GET /xingrg/all/function/internal_message.html?_=1625278941955&CODE_STATE=getMsg HTTP/1.1" 200 27
180.169.147.146 - - [03/Jul/2021:10:22:55 +0800] "GET /xingrg/all/function/internal_message.html?_=1625278977340&CODE_STATE=getMsg HTTP/1.1" 200 27
116.230.117.165 - - [03/Jul/2021:10:22:56 +0800] "GET /xingrg/all/function/internal_message.html?_=1625278975737&CODE_STATE=getMsg HTTP/1.1" 302 -
116.230.117.165 - - [03/Jul/2021:10:22:56 +0800] "GET /xingrg/check_reg.html?_=1625278975739 HTTP/1.1" 302 -
117.184.7.26 - - [03/Jul/2021:10:22:59 +0800] "GET /xingrg/all/function/internal_message.html?_=1625278959943&CODE_STATE=getMsg HTTP/1.1" 200 27
180.169.147.146 - - [03/Jul/2021:10:23:02 +0800] "GET /xingrg/check_reg.html?_=1625278977981 HTTP/1.1" 200 22
58.40.7.146 - - [03/Jul/2021:10:23:06 +0800] "GET /xingrg/all/function/internal_message.html?_=1625278987602&CODE_STATE=getMsg HTTP/1.1" 200 27
101.83.241.165 - - [03/Jul/2021:10:23:07 +0800] "GET /xingrg/all/function/internal_message.html?_=1625278989124&CODE_STATE=getMsg HTTP/1.1" 200 27
222.70.176.145 - - [03/Jul/2021:10:23:08 +0800] "GET /xingrg/all/function/internal_message.html?_=1625278987360&CODE_STATE=getMsg HTTP/1.1" 200 27
222.69.129.49 - - [03/Jul/2021:10:23:09 +0800] "GET /xingrg/kc/buy/cgsh_order_operate.html?command=get_materiel&rest_code=00149&code=00101008353&supplier_code=00100005&order_time=2021-07-03 HTTP/1.1" 200 408
58.40.7.146 - - [03/Jul/2021:10:23:11 +0800] "GET /xingrg/all/function/internal_message.html?_=1625278992592&CODE_STATE=getMsg HTTP/1.1" 200 27
116.235.222.38 - - [03/Jul/2021:10:23:13 +0800] "GET /xingrg/all/function/internal_message.html?_=1625278983837&CODE_STATE=getMsg HTTP/1.1" 200 27
101.85.107.54 - - [03/Jul/2021:10:23:15 +0800] "GET /xingrg/all/function/internal_message.html?_=1625278424845&CODE_STATE=getMsg HTTP/1.1" 200 27
180.169.147.146 - - [03/Jul/2021:10:23:15 +0800] "GET /xingrg/all/function/internal_message.html?_=1625278997472&CODE_STATE=getMsg HTTP/1.1" 200 27
116.230.110.80 - - [03/Jul/2021:10:23:26 +0800] "GET /xingrg/all/function/internal_message.html?_=1625279007602&CODE_STATE=getMsg HTTP/1.1" 200 27
116.230.110.80 - - [03/Jul/2021:10:23:26 +0800] "GET /xingrg/check_reg.html?_=1625279007604 HTTP/1.1" 200 22
222.69.129.49 - - [03/Jul/2021:10:23:34 +0800] "GET /xingrg/check_reg.html?_=1625279015681 HTTP/1.1" 200 22
222.69.129.49 - - [03/Jul/2021:10:23:34 +0800] "GET /xingrg/all/function/internal_message.html?_=1625279015685&CODE_STATE=getMsg HTTP/1.1" 200 27
58.37.5.217 - - [03/Jul/2021:10:23:35 +0800] "GET /xingrg/all/function/internal_message.html?_=1625279546398&CODE_STATE=getMsg HTTP/1.1" 200 27
180.157.255.9 - - [03/Jul/2021:10:23:35 +0800] "GET /xingrg/all/function/internal_message.html?_=1625279027759&CODE_STATE=getMsg HTTP/1.1" 200 27
180.157.255.9 - - [03/Jul/2021:10:23:35 +0800] "GET /xingrg/check_reg.html?_=1625279027760 HTTP/1.1" 200 22
180.169.147.146 - - [03/Jul/2021:10:23:35 +0800] "GET /xingrg/all/function/internal_message.html?_=1625279019270&CODE_STATE=getMsg HTTP/1.1" 200 27
180.162.195.211 - - [03/Jul/2021:10:23:42 +0800] "GET /xingrg/all/function/internal_message.html?_=1625279025041&CODE_STATE=getMsg HTTP/1.1" 200 27
116.230.117.165 - - [03/Jul/2021:10:23:46 +0800] "GET /xingrg/all/function/internal_message.html?_=1625279051447&CODE_STATE=getMsg HTTP/1.1" 200 27
116.224.253.72 - - [03/Jul/2021:10:23:47 +0800] "GET /xingrg/all/function/internal_message.html?_=1625279021651&CODE_STATE=getMsg HTTP/1.1" 200 27
180.162.195.211 - - [03/Jul/2021:10:23:50 +0800] "GET /xingrg/all/function/internal_message.html?_=1625279001956&CODE_STATE=getMsg HTTP/1.1" 200 27
180.169.147.146 - - [03/Jul/2021:10:23:55 +0800] "GET /xingrg/all/function/internal_message.html?_=1625279037368&CODE_STATE=getMsg HTTP/1.1" 200 27
116.230.117.165 - - [03/Jul/2021:10:23:56 +0800] "GET /xingrg/all/function/internal_message.html?_=1625279035737&CODE_STATE=getMsg HTTP/1.1" 302 -
116.235.222.38 - - [03/Jul/2021:10:23:58 +0800] "POST /xingrg/services/DataTransmitService HTTP/1.1" 200 524
116.235.222.38 - - [03/Jul/2021:10:23:58 +0800] "POST /xingrg/services/DataTransmitService HTTP/1.1" 200 2235
117.184.7.26 - - [03/Jul/2021:10:23:59 +0800] "GET /xingrg/all/function/internal_message.html?_=1625279019942&CODE_STATE=getMsg HTTP/1.1" 200 27
116.235.222.38 - - [03/Jul/2021:10:23:59 +0800] "POST /xingrg/services/DataTransmitService HTTP/1.1" 200 147076
180.169.147.146 - - [03/Jul/2021:10:24:02 +0800] "GET /xingrg/check_reg.html?_=1625279044097 HTTP/1.1" 200 22
58.40.7.146 - - [03/Jul/2021:10:24:06 +0800] "GET /xingrg/all/function/internal_message.html?_=1625279047607&CODE_STATE=getMsg HTTP/1.1" 200 27
101.83.241.165 - - [03/Jul/2021:10:24:07 +0800] "GET /xingrg/all/function/internal_message.html?_=1625279049125&CODE_STATE=getMsg HTTP/1.1" 200 27
101.83.241.165 - - [03/Jul/2021:10:24:07 +0800] "GET /xingrg/check_reg.html?_=1625279049128 HTTP/1.1" 200 22
222.70.176.145 - - [03/Jul/2021:10:24:08 +0800] "GET /xingrg/all/function/internal_message.html?_=1625279047344&CODE_STATE=getMsg HTTP/1.1" 200 27
58.40.7.146 - - [03/Jul/2021:10:24:11 +0800] "GET /xingrg/all/function/internal_message.html?_=1625279052594&CODE_STATE=getMsg HTTP/1.1" 200 27
116.235.222.38 - - [03/Jul/2021:10:24:13 +0800] "GET /xingrg/all/function/internal_message.html?_=1625279043837&CODE_STATE=getMsg HTTP/1.1" 200 27
180.169.147.146 - - [03/Jul/2021:10:24:13 +0800] "GET /xingrg/check_reg.html?_=1625279055062 HTTP/1.1" 200 22
101.85.107.54 - - [03/Jul/2021:10:24:15 +0800] "GET /xingrg/all/function/internal_message.html?_=1625278484825&CODE_STATE=getMsg HTTP/1.1" 200 27
180.169.147.146 - - [03/Jul/2021:10:24:15 +0800] "GET /xingrg/all/function/internal_message.html?_=1625279057479&CODE_STATE=getMsg HTTP/1.1" 200 27
58.37.225.51 - - [03/Jul/2021:10:24:16 +0800] "GET /xingrg/check_reg.html?_=1625278981539 HTTP/1.1" 302 -
116.230.110.80 - - [03/Jul/2021:10:24:26 +0800] "GET /xingrg/all/function/internal_message.html?_=1625279067618&CODE_STATE=getMsg HTTP/1.1" 200 27
180.169.147.146 - - [03/Jul/2021:10:24:27 +0800] "GET /xingrg/check_reg.html?_=1625279068583 HTTP/1.1" 302 -
222.69.129.49 - - [03/Jul/2021:10:24:34 +0800] "GET /xingrg/all/function/internal_message.html?_=1625279075676&CODE_STATE=getMsg HTTP/1.1" 200 27
58.37.5.217 - - [03/Jul/2021:10:24:35 +0800] "GET /xingrg/all/function/internal_message.html?_=1625279606398&CODE_STATE=getMsg HTTP/1.1" 200 27
180.157.255.9 - - [03/Jul/2021:10:24:35 +0800] "GET /xingrg/all/function/internal_message.html?_=1625279087759&CODE_STATE=getMsg HTTP/1.1" 200 27
180.169.147.146 - - [03/Jul/2021:10:24:35 +0800] "GET /xingrg/all/function/internal_message.html?_=1625279079270&CODE_STATE=getMsg HTTP/1.1" 200 27
180.162.195.211 - - [03/Jul/2021:10:24:42 +0800] "GET /xingrg/all/function/internal_message.html?_=1625279085048&CODE_STATE=getMsg HTTP/1.1" 200 27
116.230.117.165 - - [03/Jul/2021:10:24:46 +0800] "GET /xingrg/all/function/internal_message.html?_=1625279111768&CODE_STATE=getMsg HTTP/1.1" 200 27
116.224.253.72 - - [03/Jul/2021:10:24:47 +0800] "GET /xingrg/all/function/internal_message.html?_=1625279081667&CODE_STATE=getMsg HTTP/1.1" 200 27
116.235.222.38 - - [03/Jul/2021:10:24:49 +0800] "POST /xingrg/services/DataTransmitService HTTP/1.1" 200 524
116.235.222.38 - - [03/Jul/2021:10:24:50 +0800] "POST /xingrg/services/DataTransmitService HTTP/1.1" 200 2235
180.162.195.211 - - [03/Jul/2021:10:24:50 +0800] "GET /xingrg/all/function/internal_message.html?_=1625279061957&CODE_STATE=getMsg HTTP/1.1" 200 27
180.169.147.146 - - [03/Jul/2021:10:24:55 +0800] "GET /xingrg/all/function/internal_message.html?_=1625279097384&CODE_STATE=getMsg HTTP/1.1" 200 27
116.230.117.165 - - [03/Jul/2021:10:24:56 +0800] "GET /xingrg/all/function/internal_message.html?_=1625279095736&CODE_STATE=getMsg HTTP/1.1" 302 -
117.184.7.26 - - [03/Jul/2021:10:24:59 +0800] "GET /xingrg/all/function/internal_message.html?_=1625279079943&CODE_STATE=getMsg HTTP/1.1" 200 27
58.40.7.146 - - [03/Jul/2021:10:25:06 +0800] "GET /xingrg/all/function/internal_message.html?_=1625279107595&CODE_STATE=getMsg HTTP/1.1" 200 27
101.83.241.165 - - [03/Jul/2021:10:25:07 +0800] "GET /xingrg/all/function/internal_message.html?_=1625279109153&CODE_STATE=getMsg HTTP/1.1" 200 27
222.70.176.145 - - [03/Jul/2021:10:25:08 +0800] "GET /xingrg/all/function/internal_message.html?_=1625279107317&CODE_STATE=getMsg HTTP/1.1" 200 27
222.70.176.145 - - [03/Jul/2021:10:25:09 +0800] "GET /xingrg/check_reg.html?_=1625279108364 HTTP/1.1" 200 22
58.40.7.146 - - [03/Jul/2021:10:25:11 +0800] "GET /xingrg/all/function/internal_message.html?_=1625279112597&CODE_STATE=getMsg HTTP/1.1" 200 27
58.40.7.146 - - [03/Jul/2021:10:25:11 +0800] "GET /xingrg/check_reg.html?_=1625279112599 HTTP/1.1" 200 22
116.235.222.38 - - [03/Jul/2021:10:25:13 +0800] "GET /xingrg/all/function/internal_message.html?_=1625279103843&CODE_STATE=getMsg HTTP/1.1" 200 27
116.235.222.38 - - [03/Jul/2021:10:25:13 +0800] "GET /xingrg/check_reg.html?_=1625279103846 HTTP/1.1" 200 22
101.85.107.54 - - [03/Jul/2021:10:25:15 +0800] "GET /xingrg/all/function/internal_message.html?_=1625278544795&CODE_STATE=getMsg HTTP/1.1" 200 27
180.169.147.146 - - [03/Jul/2021:10:25:16 +0800] "GET /xingrg/all/function/internal_message.html?_=1625279117492&CODE_STATE=getMsg HTTP/1.1" 200 27
116.230.110.80 - - [03/Jul/2021:10:25:26 +0800] "GET /xingrg/all/function/internal_message.html?_=1625279127611&CODE_STATE=getMsg HTTP/1.1" 200 27
101.93.222.235 - - [03/Jul/2021:10:25:30 +0800] "POST /xingrg/services/DataTransmitService HTTP/1.1" 200 524
222.69.129.49 - - [03/Jul/2021:10:25:34 +0800] "GET /xingrg/all/function/internal_message.html?_=1625279135694&CODE_STATE=getMsg HTTP/1.1" 200 27
58.37.5.217 - - [03/Jul/2021:10:25:35 +0800] "GET /xingrg/all/function/internal_message.html?_=1625279666397&CODE_STATE=getMsg HTTP/1.1" 200 27
180.157.255.9 - - [03/Jul/2021:10:25:35 +0800] "GET /xingrg/all/function/internal_message.html?_=1625279147759&CODE_STATE=getMsg HTTP/1.1" 200 27
180.169.147.146 - - [03/Jul/2021:10:25:35 +0800] "GET /xingrg/check_reg.html?_=1625279139270 HTTP/1.1" 200 22
180.169.147.146 - - [03/Jul/2021:10:25:35 +0800] "GET /xingrg/all/function/internal_message.html?_=1625279139271&CODE_STATE=getMsg HTTP/1.1" 200 27
116.235.222.38 - - [03/Jul/2021:10:25:37 +0800] "GET /xingrg/kc/buy/cgsh_order_add.html HTTP/1.1" 200 62763
116.235.222.38 - - [03/Jul/2021:10:25:38 +0800] "GET /xingrg/javascript/easyui/themes/default/validatebox.css HTTP/1.1" 404 1104
116.235.222.38 - - [03/Jul/2021:10:25:38 +0800] "POST /xingrg/kc/buy/cgsh_order_operate.html HTTP/1.1" 200 8245
180.162.195.211 - - [03/Jul/2021:10:25:42 +0800] "GET /xingrg/all/function/internal_message.html?_=1625279145047&CODE_STATE=getMsg HTTP/1.1" 200 27
222.69.129.49 - - [03/Jul/2021:10:25:44 +0800] "GET /xingrg/kc/buy/cgsh_order_operate.html?command=get_materiel&rest_code=00149&code=00101008213&supplier_code=00100005&order_time=2021-07-03 HTTP/1.1" 200 412
117.184.7.26 - - [03/Jul/2021:10:25:45 +0800] "GET /favicon.ico HTTP/1.1" 404 -
116.230.117.165 - - [03/Jul/2021:10:25:46 +0800] "GET /xingrg/all/function/internal_message.html?_=1625279171770&CODE_STATE=getMsg HTTP/1.1" 200 27
116.224.253.72 - - [03/Jul/2021:10:25:47 +0800] "GET /xingrg/check_reg.html?_=1625279141510 HTTP/1.1" 200 22
116.224.253.72 - - [03/Jul/2021:10:25:47 +0800] "GET /xingrg/all/function/internal_message.html?_=1625279141680&CODE_STATE=getMsg HTTP/1.1" 200 27
222.69.129.49 - - [03/Jul/2021:10:25:50 +0800] "POST /xingrg/kc/buy/cgsh_order_operate.html HTTP/1.1" 200 2065
180.162.195.211 - - [03/Jul/2021:10:25:50 +0800] "GET /xingrg/all/function/internal_message.html?_=1625279121955&CODE_STATE=getMsg HTTP/1.1" 200 27
180.169.147.146 - - [03/Jul/2021:10:25:55 +0800] "GET /xingrg/all/function/internal_message.html?_=1625279157396&CODE_STATE=getMsg HTTP/1.1" 200 27
116.230.117.165 - - [03/Jul/2021:10:25:56 +0800] "GET /xingrg/all/function/internal_message.html?_=1625279155736&CODE_STATE=getMsg HTTP/1.1" 302 -
222.69.129.49 - - [03/Jul/2021:10:25:56 +0800] "GET /xingrg/kc/buy/cgsh_order_operate.html?command=get_materiel&rest_code=00149&code=00101008312&supplier_code=00100005&order_time=2021-07-03 HTTP/1.1" 200 412
117.184.7.26 - - [03/Jul/2021:10:25:59 +0800] "GET /xingrg/all/function/internal_message.html?_=1625279139944&CODE_STATE=getMsg HTTP/1.1" 200 27
58.40.7.146 - - [03/Jul/2021:10:26:06 +0800] "GET /xingrg/all/function/internal_message.html?_=1625279167598&CODE_STATE=getMsg HTTP/1.1" 200 27
222.69.129.49 - - [03/Jul/2021:10:26:07 +0800] "GET /xingrg/kc/buy/cgsh_order_operate.html?command=get_materiel&rest_code=00149&code=00101008010&supplier_code=00100005&order_time=2021-07-03 HTTP/1.1" 200 412
101.83.241.165 - - [03/Jul/2021:10:26:07 +0800] "GET /xingrg/all/function/internal_message.html?_=1625279169153&CODE_STATE=getMsg HTTP/1.1" 200 27
222.70.176.145 - - [03/Jul/2021:10:26:08 +0800] "GET /xingrg/all/function/internal_message.html?_=1625279167301&CODE_STATE=getMsg HTTP/1.1" 200 27
117.184.7.26 - - [03/Jul/2021:10:26:09 +0800] "GET /xingrg/kc/base/base_main.html HTTP/1.1" 200 12142
117.184.7.26 - - [03/Jul/2021:10:26:10 +0800] "GET /xingrg/kc/base/base_main.html HTTP/1.1" 200 12142
58.40.7.146 - - [03/Jul/2021:10:26:11 +0800] "GET /xingrg/all/function/internal_message.html?_=1625279172599&CODE_STATE=getMsg HTTP/1.1" 200 27
117.184.7.26 - - [03/Jul/2021:10:26:12 +0800] "GET /xingrg/kc/report/report_main.html HTTP/1.1" 200 7345
116.235.222.38 - - [03/Jul/2021:10:26:13 +0800] "GET /xingrg/all/function/internal_message.html?_=1625279163847&CODE_STATE=getMsg HTTP/1.1" 200 27
117.184.7.26 - - [03/Jul/2021:10:26:14 +0800] "GET /xingrg/all/report/report_query.html?fileName=kc/buy/gys_amount.xml&rh=99999 HTTP/1.1" 200 52006
117.184.7.26 - - [03/Jul/2021:10:26:14 +0800] "GET /xingrg/dwr/interface/AjaxReportQueryService.js HTTP/1.1" 200 13203
117.184.7.26 - - [03/Jul/2021:10:26:14 +0800] "GET /xingrg/dwr/engine.js HTTP/1.1" 200 43631
101.85.107.54 - - [03/Jul/2021:10:26:15 +0800] "GET /xingrg/all/function/internal_message.html?_=1625278604773&CODE_STATE=getMsg HTTP/1.1" 200 27
117.184.7.26 - - [03/Jul/2021:10:26:15 +0800] "POST /xingrg/dwr/call/plaincall/AjaxReportQueryService.getFixDate.dwr HTTP/1.1" 200 111
117.184.7.26 - - [03/Jul/2021:10:26:15 +0800] "POST /xingrg/all/common/load_tree.html?tree=supplier_tree_json&manage=1 HTTP/1.1" 200 57246
117.184.7.26 - - [03/Jul/2021:10:26:15 +0800] "POST /xingrg/all/common/load_tree.html?tree=materiel_sort_tree_json HTTP/1.1" 200 8666
180.169.147.146 - - [03/Jul/2021:10:26:16 +0800] "GET /xingrg/all/function/internal_message.html?_=1625279177513&CODE_STATE=getMsg HTTP/1.1" 200 27
117.184.7.26 - - [03/Jul/2021:10:26:17 +0800] "POST /xingrg/dwr/call/plaincall/AjaxReportQueryService.getInitString.dwr HTTP/1.1" 200 1020
116.230.110.80 - - [03/Jul/2021:10:26:26 +0800] "GET /xingrg/all/function/internal_message.html?_=1625279187609&CODE_STATE=getMsg HTTP/1.1" 200 27
222.69.129.49 - - [03/Jul/2021:10:26:34 +0800] "GET /xingrg/all/function/internal_message.html?_=1625279195684&CODE_STATE=getMsg HTTP/1.1" 200 27
58.37.5.217 - - [03/Jul/2021:10:26:35 +0800] "GET /xingrg/all/function/internal_message.html?_=1625279726396&CODE_STATE=getMsg HTTP/1.1" 200 27
180.157.255.9 - - [03/Jul/2021:10:26:35 +0800] "GET /xingrg/all/function/internal_message.html?_=1625279207774&CODE_STATE=getMsg HTTP/1.1" 200 27
180.169.147.146 - - [03/Jul/2021:10:26:35 +0800] "GET /xingrg/all/function/internal_message.html?_=1625279199272&CODE_STATE=getMsg HTTP/1.1" 200 27
117.184.7.26 - - [03/Jul/2021:10:26:37 +0800] "POST /xingrg/dwr/call/plaincall/AjaxReportQueryService.refreshCache.dwr HTTP/1.1" 200 78
117.184.7.26 - - [03/Jul/2021:10:26:37 +0800] "POST /xingrg/all/report/load_report_page.html HTTP/1.1" 200 8908
117.184.7.26 - - [03/Jul/2021:10:26:37 +0800] "GET /xingrg/servlets/image?cache=0.5911943501419409&image=px HTTP/1.1" 200 807
101.93.222.235 - - [03/Jul/2021:10:26:39 +0800] "POST /xingrg/services/DataTransmitService HTTP/1.1" 200 497
222.69.129.49 - - [03/Jul/2021:10:26:40 +0800] "GET /xingrg/kc/buy/cgsh_order_operate.html?command=get_materiel&rest_code=00149&code=00101020052&supplier_code=00100005&order_time=2021-07-03 HTTP/1.1" 200 418
180.162.195.211 - - [03/Jul/2021:10:26:42 +0800] "GET /xingrg/all/function/internal_message.html?_=1625279205048&CODE_STATE=getMsg HTTP/1.1" 200 27
180.162.195.211 - - [03/Jul/2021:10:26:42 +0800] "GET /xingrg/check_reg.html?_=1625279205051 HTTP/1.1" 200 22
117.184.7.26 - - [03/Jul/2021:10:26:42 +0800] "GET /xingrg/all/report/report_query.html?isQuery=1&fileName=kc/buy/wlcg_cate_hz.xml&queryString=(CONVERT(char(10)%252Ca.order_time%252C%2520120)%253E%253D'2021-06-01')%2520and%2520(CONVERT(char(10)%252Ca.order_time%252C%2520120)%253C%253D'2021-06-30')%2520and%2520(a.supplier_code%2520in%2520('00100400'))%2520and%2520(a.number%253E0%2520and%2520a.supplier_code%253D'00100400')&queryText=%25E3%2580%2590%25E9%2587%2587%25E8%25B4%25AD%25E6%2597%25A5%25E6%259C%259F%253A2021-06-01%2520%25E8%2587%25B3%25202021-06-30%25E3%2580%2591%2520%25E5%25B9%25B6%25E4%25B8%2594%2520%2520%25E3%2580%2590%25E4%25BE%259B%25E5%25BA%2594%25E5%2595%2586%2520%253D%2520%25E6%25B2%25B3%25E8%2599%25BE%25EF%25BC%2588%25E9%2599%2586%25E6%2595%258F%25EF%25BC%2589%25E3%2580%2591%2520%25E5%25B9%25B6%25E4%25B8%2594%2520%25E3%2580%2590%25E4%25BE%259B%25E5%25BA%2594%25E5%2595%2586%253D%25E6%25B2%25B3%25E8%2599%25BE%25EF%25BC%2588%25E9%2599%2586%25E6%2595%258F%25EF%25BC%2589%25E3%2580%2591 HTTP/1.1" 200 54472
117.184.7.26 - - [03/Jul/2021:10:26:43 +0800] "GET /xingrg/dwr/interface/AjaxReportQueryService.js HTTP/1.1" 200 13203
117.184.7.26 - - [03/Jul/2021:10:26:43 +0800] "GET /xingrg/dwr/engine.js HTTP/1.1" 200 43631
117.184.7.26 - - [03/Jul/2021:10:26:44 +0800] "POST /xingrg/all/report/load_report_page.html HTTP/1.1" 200 8729
117.184.7.26 - - [03/Jul/2021:10:26:44 +0800] "GET /xingrg/servlets/image?cache=0.023268433015944057&image=px HTTP/1.1" 200 807
117.184.7.26 - - [03/Jul/2021:10:26:45 +0800] "POST /xingrg/all/report/load_report_page.html HTTP/1.1" 200 26510
117.184.7.26 - - [03/Jul/2021:10:26:45 +0800] "GET /xingrg/servlets/image?cache=0.8579111444407492&image=px HTTP/1.1" 200 807
116.230.117.165 - - [03/Jul/2021:10:26:46 +0800] "GET /xingrg/all/function/internal_message.html?_=1625279232084&CODE_STATE=getMsg HTTP/1.1" 200 27
116.224.253.72 - - [03/Jul/2021:10:26:47 +0800] "GET /xingrg/all/function/internal_message.html?_=1625279201694&CODE_STATE=getMsg HTTP/1.1" 200 27
180.162.195.211 - - [03/Jul/2021:10:26:50 +0800] "GET /xingrg/all/function/internal_message.html?_=1625279181955&CODE_STATE=getMsg HTTP/1.1" 200 27
180.162.195.211 - - [03/Jul/2021:10:26:50 +0800] "GET /xingrg/check_reg.html?_=1625279181957 HTTP/1.1" 200 22
116.235.222.38 - - [03/Jul/2021:10:26:51 +0800] "GET /xingrg/javascript/easyui/themes/default/tree.css HTTP/1.1" 404 1090
116.235.222.38 - - [03/Jul/2021:10:26:51 +0800] "POST /xingrg/all/common/load_tree.html?tree=supplier_tree_json&isDelete=1 HTTP/1.1" 200 56276
180.169.147.146 - - [03/Jul/2021:10:26:55 +0800] "GET /xingrg/all/function/internal_message.html?_=1625279217427&CODE_STATE=getMsg HTTP/1.1" 200 27
116.230.117.165 - - [03/Jul/2021:10:26:56 +0800] "GET /xingrg/all/function/internal_message.html?_=1625279215736&CODE_STATE=getMsg HTTP/1.1" 302 -
117.184.7.26 - - [03/Jul/2021:10:26:59 +0800] "GET /xingrg/check_reg.html?_=1625279199948 HTTP/1.1" 200 22
117.184.7.26 - - [03/Jul/2021:10:26:59 +0800] "GET /xingrg/all/function/internal_message.html?_=1625279199949&CODE_STATE=getMsg HTTP/1.1" 200 27
58.40.7.146 - - [03/Jul/2021:10:27:06 +0800] "GET /xingrg/all/function/internal_message.html?_=1625279227601&CODE_STATE=getMsg HTTP/1.1" 200 27
58.40.7.146 - - [03/Jul/2021:10:27:06 +0800] "GET /xingrg/check_reg.html?_=1625279227603 HTTP/1.1" 200 22
101.83.241.165 - - [03/Jul/2021:10:27:07 +0800] "GET /xingrg/all/function/internal_message.html?_=1625279229153&CODE_STATE=getMsg HTTP/1.1" 200 27
222.70.176.145 - - [03/Jul/2021:10:27:08 +0800] "GET /xingrg/all/function/internal_message.html?_=1625279227284&CODE_STATE=getMsg HTTP/1.1" 200 27
58.40.7.146 - - [03/Jul/2021:10:27:11 +0800] "GET /xingrg/all/function/internal_message.html?_=1625279232602&CODE_STATE=getMsg HTTP/1.1" 200 27
