116.224.253.72 - - [03/Jul/2021:10:10:23 +0800] "GET /xingrg/all/function/internal_message.html?_=1625278217529&CODE_STATE=getMsg HTTP/1.1" 200 27
222.69.129.49 - - [03/Jul/2021:10:10:24 +0800] "GET /xingrg/kc/buy/cgsh_order_operate.html?command=get_materiel&rest_code=00149&code=00101008185&supplier_code=00100005&order_time=2021-07-03 HTTP/1.1" 200 408
58.37.5.217 - - [03/Jul/2021:10:10:25 +0800] "GET /xingrg/kc/buy/cgsh_order_operate.html?command=get_materiel_price&rest_code=00106&code=00101012037&unit_code=00100005&supplier_code=00100032&order_time=2021-07-03 HTTP/1.1" 200 28
116.230.110.80 - - [03/Jul/2021:10:10:26 +0800] "GET /xingrg/all/function/internal_message.html?_=1625278227606&CODE_STATE=getMsg HTTP/1.1" 200 27
222.69.129.49 - - [03/Jul/2021:10:10:34 +0800] "GET /xingrg/all/function/internal_message.html?_=1625278235637&CODE_STATE=getMsg HTTP/1.1" 200 27
58.37.5.217 - - [03/Jul/2021:10:10:35 +0800] "GET /xingrg/all/function/internal_message.html?_=1625278766309&CODE_STATE=getMsg HTTP/1.1" 200 27
180.157.255.9 - - [03/Jul/2021:10:10:35 +0800] "GET /xingrg/all/function/internal_message.html?_=1625278247741&CODE_STATE=getMsg HTTP/1.1" 200 27
180.169.147.146 - - [03/Jul/2021:10:10:35 +0800] "GET /xingrg/check_reg.html?_=1625278239261 HTTP/1.1" 200 22
180.169.147.146 - - [03/Jul/2021:10:10:35 +0800] "GET /xingrg/all/function/internal_message.html?_=1625278239262&CODE_STATE=getMsg HTTP/1.1" 200 27
180.162.195.211 - - [03/Jul/2021:10:10:42 +0800] "GET /xingrg/all/function/internal_message.html?_=1625278245037&CODE_STATE=getMsg HTTP/1.1" 200 27
58.40.7.146 - - [03/Jul/2021:10:10:43 +0800] "GET /xingrg/all/function/internal_message.html?_=1625278244002&CODE_STATE=getMsg HTTP/1.1" 200 27
116.230.117.165 - - [03/Jul/2021:10:10:44 +0800] "GET /xingrg/all/function/internal_message.html?_=1625278269835&CODE_STATE=getMsg HTTP/1.1" 200 27
58.37.5.217 - - [03/Jul/2021:10:10:48 +0800] "GET /xingrg/kc/buy/cgsh_order_operate.html?command=get_materiel&rest_code=00106&code=00101021008&supplier_code=00100032&order_time=2021-07-03 HTTP/1.1" 200 429
180.162.195.211 - - [03/Jul/2021:10:10:50 +0800] "GET /xingrg/all/function/internal_message.html?_=1625278221961&CODE_STATE=getMsg HTTP/1.1" 200 27
58.37.5.217 - - [03/Jul/2021:10:10:52 +0800] "POST /xingrg/all/common/load_select.html HTTP/1.1" 200 25
222.69.129.49 - - [03/Jul/2021:10:10:55 +0800] "GET /xingrg/kc/buy/cgsh_order_operate.html?command=get_materiel&rest_code=00149&code=00101008354&supplier_code=00100005&order_time=2021-07-03 HTTP/1.1" 200 432
180.169.147.146 - - [03/Jul/2021:10:10:55 +0800] "GET /xingrg/all/function/internal_message.html?_=1625278257146&CODE_STATE=getMsg HTTP/1.1" 200 27
116.230.117.165 - - [03/Jul/2021:10:10:56 +0800] "GET /xingrg/all/function/internal_message.html?_=1625278255704&CODE_STATE=getMsg HTTP/1.1" 302 -
58.37.5.217 - - [03/Jul/2021:10:10:57 +0800] "GET /xingrg/kc/buy/cgsh_order_operate.html?command=get_materiel_price&rest_code=00106&code=00101021008&unit_code=00100320&supplier_code=00100032&order_time=2021-07-03 HTTP/1.1" 200 27
101.83.241.165 - - [03/Jul/2021:10:11:07 +0800] "GET /xingrg/all/function/internal_message.html?_=1625278269128&CODE_STATE=getMsg HTTP/1.1" 200 27
222.70.176.145 - - [03/Jul/2021:10:11:08 +0800] "GET /xingrg/all/function/internal_message.html?_=1625278267559&CODE_STATE=getMsg HTTP/1.1" 200 27
58.40.7.146 - - [03/Jul/2021:10:11:11 +0800] "GET /xingrg/all/function/internal_message.html?_=1625278272597&CODE_STATE=getMsg HTTP/1.1" 200 27
116.235.222.38 - - [03/Jul/2021:10:11:13 +0800] "GET /xingrg/all/function/internal_message.html?_=1625278263820&CODE_STATE=getMsg HTTP/1.1" 200 27
101.85.107.54 - - [03/Jul/2021:10:11:15 +0800] "GET /xingrg/all/function/internal_message.html?_=1625277705157&CODE_STATE=getMsg HTTP/1.1" 200 27
180.169.147.146 - - [03/Jul/2021:10:11:15 +0800] "GET /xingrg/all/function/internal_message.html?_=1625278277309&CODE_STATE=getMsg HTTP/1.1" 200 27
222.69.129.49 - - [03/Jul/2021:10:11:22 +0800] "GET /xingrg/kc/buy/cgsh_order_operate.html?command=get_materiel&rest_code=00149&code=00101008351&supplier_code=00100005&order_time=2021-07-03 HTTP/1.1" 200 428
116.224.253.72 - - [03/Jul/2021:10:11:23 +0800] "GET /xingrg/check_reg.html?_=1625278277100 HTTP/1.1" 200 22
116.224.253.72 - - [03/Jul/2021:10:11:23 +0800] "GET /xingrg/all/function/internal_message.html?_=1625278277544&CODE_STATE=getMsg HTTP/1.1" 200 27
116.230.110.80 - - [03/Jul/2021:10:11:26 +0800] "GET /xingrg/all/function/internal_message.html?_=1625278287609&CODE_STATE=getMsg HTTP/1.1" 200 27
117.184.7.26 - - [03/Jul/2021:10:11:33 +0800] "GET /xingrg/login.html HTTP/1.1" 200 7641
222.69.129.49 - - [03/Jul/2021:10:11:33 +0800] "GET /xingrg/kc/buy/cgsh_order_operate.html?command=get_materiel&rest_code=00149&code=00101008028&supplier_code=00100005&order_time=2021-07-03 HTTP/1.1" 200 412
222.69.129.49 - - [03/Jul/2021:10:11:34 +0800] "GET /xingrg/all/function/internal_message.html?_=1625278295633&CODE_STATE=getMsg HTTP/1.1" 200 27
58.37.5.217 - - [03/Jul/2021:10:11:35 +0800] "GET /xingrg/all/function/internal_message.html?_=1625278826309&CODE_STATE=getMsg HTTP/1.1" 200 27
180.157.255.9 - - [03/Jul/2021:10:11:35 +0800] "GET /xingrg/all/function/internal_message.html?_=1625278307740&CODE_STATE=getMsg HTTP/1.1" 200 27
180.169.147.146 - - [03/Jul/2021:10:11:35 +0800] "GET /xingrg/all/function/internal_message.html?_=1625278299262&CODE_STATE=getMsg HTTP/1.1" 200 27
180.174.237.246 - - [03/Jul/2021:10:11:38 +0800] "GET /favicon.ico HTTP/1.1" 404 -
117.184.7.26 - - [03/Jul/2021:10:11:39 +0800] "GET /favicon.ico HTTP/1.1" 404 -
180.162.195.211 - - [03/Jul/2021:10:11:42 +0800] "GET /xingrg/all/function/internal_message.html?_=1625278305044&CODE_STATE=getMsg HTTP/1.1" 200 27
180.162.195.211 - - [03/Jul/2021:10:11:42 +0800] "GET /xingrg/check_reg.html?_=1625278305048 HTTP/1.1" 200 22
58.40.7.146 - - [03/Jul/2021:10:11:43 +0800] "GET /xingrg/all/function/internal_message.html?_=1625278304005&CODE_STATE=getMsg HTTP/1.1" 200 27
116.230.117.165 - - [03/Jul/2021:10:11:44 +0800] "GET /xingrg/all/function/internal_message.html?_=1625278330144&CODE_STATE=getMsg HTTP/1.1" 200 27
222.69.129.49 - - [03/Jul/2021:10:11:45 +0800] "GET /xingrg/kc/buy/cgsh_order_operate.html?command=get_materiel&rest_code=00149&code=00101008186&supplier_code=00100005&order_time=2021-07-03 HTTP/1.1" 200 408
117.184.7.26 - - [03/Jul/2021:10:11:46 +0800] "POST /xingrg/login.do HTTP/1.1" 200 2421
117.184.7.26 - - [03/Jul/2021:10:11:47 +0800] "GET /favicon.ico HTTP/1.1" 404 -
117.184.7.26 - - [03/Jul/2021:10:11:48 +0800] "GET /xingrg/login.html HTTP/1.1" 200 7641
117.184.7.26 - - [03/Jul/2021:10:11:48 +0800] "GET /favicon.ico HTTP/1.1" 404 -
180.162.195.211 - - [03/Jul/2021:10:11:50 +0800] "GET /xingrg/check_reg.html?_=1625278281950 HTTP/1.1" 200 22
180.162.195.211 - - [03/Jul/2021:10:11:50 +0800] "GET /xingrg/all/function/internal_message.html?_=1625278281951&CODE_STATE=getMsg HTTP/1.1" 200 27
117.184.7.26 - - [03/Jul/2021:10:11:52 +0800] "POST /xingrg/login.do HTTP/1.1" 302 -
117.184.7.26 - - [03/Jul/2021:10:11:52 +0800] "GET /xingrg/index.html?sysBaseUrl=http%3A%2F%2F180.169.147.146%3A18081%2Fxingrg%2F&costTime=45×tamp=1625278312872 HTTP/1.1" 200 17179
117.184.7.26 - - [03/Jul/2021:10:11:53 +0800] "GET /favicon.ico HTTP/1.1" 404 -
117.184.7.26 - - [03/Jul/2021:10:11:54 +0800] "POST /xingrg/all/common/load_tree.html?tree=area_rest_tree_json&manage=1 HTTP/1.1" 200 470
117.184.7.26 - - [03/Jul/2021:10:11:54 +0800] "GET /xingrg/all/function/internal_message.html?_=1625278295311&CODE_STATE=count HTTP/1.1" 200 11
117.184.7.26 - - [03/Jul/2021:10:11:54 +0800] "GET /xingrg/check_reg.html?_=1625278295313 HTTP/1.1" 200 22
117.184.7.26 - - [03/Jul/2021:10:11:54 +0800] "POST /xingrg/load_menu.html HTTP/1.1" 200 5138
222.69.129.49 - - [03/Jul/2021:10:11:55 +0800] "GET /xingrg/kc/buy/cgsh_order_operate.html?command=get_materiel&rest_code=00149&code=00101008026&supplier_code=00100005&order_time=2021-07-03 HTTP/1.1" 200 409
180.169.147.146 - - [03/Jul/2021:10:11:55 +0800] "GET /xingrg/all/function/internal_message.html?_=1625278317172&CODE_STATE=getMsg HTTP/1.1" 200 27
116.230.117.165 - - [03/Jul/2021:10:11:56 +0800] "GET /xingrg/all/function/internal_message.html?_=1625278315724&CODE_STATE=getMsg HTTP/1.1" 302 -
101.93.222.235 - - [03/Jul/2021:10:11:56 +0800] "GET /favicon.ico HTTP/1.1" 404 -
117.184.7.26 - - [03/Jul/2021:10:11:58 +0800] "POST /xingrg/all/user/operate.html HTTP/1.1" 200 36
117.184.7.26 - - [03/Jul/2021:10:11:58 +0800] "GET /xingrg/index.html?sysBaseUrl=http%3A%2F%2F180.169.147.146%3A18081%2Fxingrg%2F&costTime=45×tamp=1625278312872 HTTP/1.1" 200 17173
117.184.7.26 - - [03/Jul/2021:10:11:58 +0800] "GET /xingrg/javascript/jquery_easy_ui/themes/default/easyui.css HTTP/1.1" 304 -
117.184.7.26 - - [03/Jul/2021:10:11:58 +0800] "GET /xingrg/javascript/jquery_easy_ui/themes/icon.css HTTP/1.1" 304 -
117.184.7.26 - - [03/Jul/2021:10:11:58 +0800] "GET /xingrg/css/form.css HTTP/1.1" 304 -
117.184.7.26 - - [03/Jul/2021:10:11:58 +0800] "GET /xingrg/javascript/jquery-1.4.2.min.js HTTP/1.1" 304 -
117.184.7.26 - - [03/Jul/2021:10:11:58 +0800] "GET /xingrg/javascript/jquery_easy_ui/jquery.easyui.min.js HTTP/1.1" 304 -
117.184.7.26 - - [03/Jul/2021:10:11:58 +0800] "GET /xingrg/javascript/jquery_easy_ui/easyui-lang-zh_CN.js HTTP/1.1" 304 -
117.184.7.26 - - [03/Jul/2021:10:11:58 +0800] "GET /xingrg/javascript/jquery.form.js HTTP/1.1" 304 -
117.184.7.26 - - [03/Jul/2021:10:11:58 +0800] "GET /xingrg/javascript/jquery.utils.js HTTP/1.1" 304 -
117.184.7.26 - - [03/Jul/2021:10:11:58 +0800] "GET /xingrg/javascript/jquery.timers.js HTTP/1.1" 304 -
117.184.7.26 - - [03/Jul/2021:10:11:58 +0800] "GET /xingrg/images/blue/jxLogo.png HTTP/1.1" 304 -
117.184.7.26 - - [03/Jul/2021:10:11:58 +0800] "GET /xingrg/images/blue/navBackgound.jpg HTTP/1.1" 304 -
117.184.7.26 - - [03/Jul/2021:10:11:58 +0800] "GET /xingrg/javascript/jquery_easy_ui/themes/icons/settle_new.png HTTP/1.1" 304 -
117.184.7.26 - - [03/Jul/2021:10:11:58 +0800] "POST /xingrg/all/common/load_tree.html?tree=area_rest_tree_json&manage=1 HTTP/1.1" 200 470
117.184.7.26 - - [03/Jul/2021:10:11:58 +0800] "GET /xingrg/all/function/internal_message.html?_=1625278299917&CODE_STATE=count HTTP/1.1" 200 11
117.184.7.26 - - [03/Jul/2021:10:11:58 +0800] "GET /xingrg/check_reg.html?_=1625278299919 HTTP/1.1" 200 22
117.184.7.26 - - [03/Jul/2021:10:11:58 +0800] "GET /xingrg/images/blue/pingpu.png HTTP/1.1" 304 -
117.184.7.26 - - [03/Jul/2021:10:11:58 +0800] "GET /xingrg/javascript/jquery_easy_ui/themes/default/images/tabs_leftarrow.png HTTP/1.1" 304 -
117.184.7.26 - - [03/Jul/2021:10:11:58 +0800] "GET /xingrg/javascript/jquery_easy_ui/themes/default/images/tabs_rightarrow.png HTTP/1.1" 304 -
117.184.7.26 - - [03/Jul/2021:10:11:58 +0800] "GET /xingrg/javascript/jquery_easy_ui/themes/default/images/panel_tool_collapse.gif HTTP/1.1" 304 -
117.184.7.26 - - [03/Jul/2021:10:11:58 +0800] "POST /xingrg/load_menu.html HTTP/1.1" 200 5138
58.40.7.146 - - [03/Jul/2021:10:11:59 +0800] "GET /xingrg/logout.do HTTP/1.1" 302 -
58.40.7.146 - - [03/Jul/2021:10:11:59 +0800] "GET /xingrg/login.html?sysBaseUrl=http%3A%2F%2F180.169.147.146%3A18081%2Fxingrg%2F&costTime=2×tamp=1625278319069 HTTP/1.1" 200 7641
58.40.7.146 - - [03/Jul/2021:10:11:59 +0800] "GET /xingrg/images/blue/jxLogo.png HTTP/1.1" 200 6156
58.40.7.146 - - [03/Jul/2021:10:11:59 +0800] "GET /xingrg/images/blue/srbg.png HTTP/1.1" 200 138
58.40.7.146 - - [03/Jul/2021:10:11:59 +0800] "GET /xingrg/images/blue/hj.png HTTP/1.1" 200 1014
58.40.7.146 - - [03/Jul/2021:10:12:00 +0800] "GET /xingrg/images/blue/login_bg.png HTTP/1.1" 200 22101
117.184.7.26 - - [03/Jul/2021:10:12:01 +0800] "GET /xingrg/kc/report/report_main.html HTTP/1.1" 200 7345
117.184.7.26 - - [03/Jul/2021:10:12:03 +0800] "GET /xingrg/all/report/report_query.html?fileName=kc/buy/gys_amount.xml&rh=99999 HTTP/1.1" 200 52006
117.184.7.26 - - [03/Jul/2021:10:12:03 +0800] "GET /xingrg/dwr/interface/AjaxReportQueryService.js HTTP/1.1" 200 13203
117.184.7.26 - - [03/Jul/2021:10:12:03 +0800] "GET /xingrg/dwr/engine.js HTTP/1.1" 200 43631
117.184.7.26 - - [03/Jul/2021:10:12:03 +0800] "GET /xingrg/dwr/util.js HTTP/1.1" 304 -
117.184.7.26 - - [03/Jul/2021:10:12:05 +0800] "POST /xingrg/dwr/call/plaincall/AjaxReportQueryService.getFixDate.dwr HTTP/1.1" 200 111
117.184.7.26 - - [03/Jul/2021:10:12:05 +0800] "POST /xingrg/all/common/load_tree.html?tree=supplier_tree_json&manage=1 HTTP/1.1" 200 57246
117.184.7.26 - - [03/Jul/2021:10:12:05 +0800] "POST /xingrg/all/common/load_tree.html?tree=materiel_sort_tree_json HTTP/1.1" 200 8666
58.40.7.146 - - [03/Jul/2021:10:12:05 +0800] "POST /xingrg/login.do HTTP/1.1" 302 -
58.40.7.146 - - [03/Jul/2021:10:12:06 +0800] "GET /xingrg/index.html?sysBaseUrl=http%3A%2F%2F180.169.147.146%3A18081%2Fxingrg%2F&costTime=50×tamp=1625278325772 HTTP/1.1" 200 17507
58.40.7.146 - - [03/Jul/2021:10:12:06 +0800] "GET /xingrg/javascript/jquery_easy_ui/easyui-lang-zh_CN.js HTTP/1.1" 200 1900
58.40.7.146 - - [03/Jul/2021:10:12:06 +0800] "GET /xingrg/javascript/jquery.timers.js HTTP/1.1" 200 3532
58.40.7.146 - - [03/Jul/2021:10:12:06 +0800] "GET /xingrg/javascript/jquery.form.js HTTP/1.1" 200 23110
58.40.7.146 - - [03/Jul/2021:10:12:06 +0800] "GET /xingrg/javascript/jquery_easy_ui/themes/icons/settle_new.png HTTP/1.1" 200 826
58.40.7.146 - - [03/Jul/2021:10:12:06 +0800] "POST /xingrg/all/common/load_tree.html?tree=area_rest_tree_json&manage=1 HTTP/1.1" 200 348
58.40.7.146 - - [03/Jul/2021:10:12:06 +0800] "GET /xingrg/images/blue/navBackgound.jpg HTTP/1.1" 200 12378
58.40.7.146 - - [03/Jul/2021:10:12:06 +0800] "GET /xingrg/javascript/jquery_easy_ui/themes/default/images/panel_tool_collapse.gif HTTP/1.1" 200 246
58.40.7.146 - - [03/Jul/2021:10:12:06 +0800] "GET /xingrg/javascript/jquery_easy_ui/themes/default/images/panel_tool_expand.gif HTTP/1.1" 200 247
58.40.7.146 - - [03/Jul/2021:10:12:06 +0800] "GET /xingrg/check_reg.html?_=1625278327587 HTTP/1.1" 200 22
58.40.7.146 - - [03/Jul/2021:10:12:06 +0800] "GET /xingrg/all/function/internal_message.html?_=1625278327587&CODE_STATE=count HTTP/1.1" 200 11
58.40.7.146 - - [03/Jul/2021:10:12:07 +0800] "GET /xingrg/javascript/jquery_easy_ui/themes/default/images/tabs_leftarrow.png HTTP/1.1" 200 389
58.40.7.146 - - [03/Jul/2021:10:12:07 +0800] "GET /xingrg/javascript/jquery_easy_ui/themes/default/images/tabs_rightarrow.png HTTP/1.1" 200 395
58.40.7.146 - - [03/Jul/2021:10:12:07 +0800] "GET /xingrg/images/blue/pingpu.png HTTP/1.1" 200 231
117.184.7.26 - - [03/Jul/2021:10:12:07 +0800] "POST /xingrg/dwr/call/plaincall/AjaxReportQueryService.getInitString.dwr HTTP/1.1" 200 1020
58.40.7.146 - - [03/Jul/2021:10:12:07 +0800] "POST /xingrg/load_menu.html HTTP/1.1" 200 9959
58.40.7.146 - - [03/Jul/2021:10:12:07 +0800] "GET /xingrg/javascript/jquery_easy_ui/themes/default/images/tree_folder_open.gif HTTP/1.1" 200 956
58.40.7.146 - - [03/Jul/2021:10:12:07 +0800] "GET /xingrg/javascript/jquery_easy_ui/themes/default/images/tree_arrows.gif HTTP/1.1" 200 1043
58.40.7.146 - - [03/Jul/2021:10:12:07 +0800] "GET /xingrg/javascript/jquery_easy_ui/themes/icons/checkout_new.png HTTP/1.1" 200 744
58.40.7.146 - - [03/Jul/2021:10:12:07 +0800] "GET /xingrg/javascript/jquery_easy_ui/themes/icons/setting_new.png HTTP/1.1" 200 450
58.40.7.146 - - [03/Jul/2021:10:12:07 +0800] "GET /xingrg/javascript/jquery_easy_ui/themes/icons/systemset_new.png HTTP/1.1" 200 606
58.40.7.146 - - [03/Jul/2021:10:12:07 +0800] "GET /xingrg/javascript/jquery_easy_ui/themes/icons/forms_new.png HTTP/1.1" 200 350
58.40.7.146 - - [03/Jul/2021:10:12:07 +0800] "GET /xingrg/javascript/jquery_easy_ui/themes/icons/search_new.png HTTP/1.1" 200 586
58.40.7.146 - - [03/Jul/2021:10:12:07 +0800] "GET /xingrg/javascript/jquery_easy_ui/themes/default/images/tree_file.gif HTTP/1.1" 200 118
58.40.7.146 - - [03/Jul/2021:10:12:07 +0800] "GET /xingrg/javascript/jquery_easy_ui/themes/icons/storage_new.png HTTP/1.1" 200 853
58.40.7.146 - - [03/Jul/2021:10:12:07 +0800] "GET /xingrg/javascript/jquery_easy_ui/themes/default/images/tree_folder.gif HTTP/1.1" 200 952
101.83.241.165 - - [03/Jul/2021:10:12:07 +0800] "GET /xingrg/all/function/internal_message.html?_=1625278329132&CODE_STATE=getMsg HTTP/1.1" 200 27
222.70.176.145 - - [03/Jul/2021:10:12:08 +0800] "GET /xingrg/all/function/internal_message.html?_=1625278327543&CODE_STATE=getMsg HTTP/1.1" 200 27
58.40.7.146 - - [03/Jul/2021:10:12:08 +0800] "GET /xingrg/javascript/jquery_easy_ui/themes/default/images/tabs_close.gif HTTP/1.1" 200 829
58.40.7.146 - - [03/Jul/2021:10:12:09 +0800] "GET /xingrg/images/blue/button/wlsy.gif HTTP/1.1" 200 2536
58.40.7.146 - - [03/Jul/2021:10:12:09 +0800] "GET /xingrg/kc/base/base_main.html HTTP/1.1" 200 12142
58.40.7.146 - - [03/Jul/2021:10:12:09 +0800] "GET /xingrg/images/blue/button/ckdb.gif HTTP/1.1" 200 1950
58.40.7.146 - - [03/Jul/2021:10:12:09 +0800] "GET /xingrg/images/blue/button/yddb.gif HTTP/1.1" 200 2040
58.40.7.146 - - [03/Jul/2021:10:12:09 +0800] "GET /xingrg/images/blue/button/kc.gif HTTP/1.1" 200 2160
58.40.7.146 - - [03/Jul/2021:10:12:09 +0800] "GET /xingrg/images/blue/button/ckpd.gif HTTP/1.1" 200 2051
58.40.7.146 - - [03/Jul/2021:10:12:09 +0800] "GET /xingrg/images/blue/bg_dotted.jpg HTTP/1.1" 200 319
58.40.7.146 - - [03/Jul/2021:10:12:09 +0800] "GET /xingrg/images/blue/button/right_ah.jpg HTTP/1.1" 200 1744
58.40.7.146 - - [03/Jul/2021:10:12:09 +0800] "GET /xingrg/images/blue/button/bottom_left.jpg HTTP/1.1" 200 1524
58.40.7.146 - - [03/Jul/2021:10:12:09 +0800] "GET /xingrg/images/blue/button/bottom_right.jpg HTTP/1.1" 200 1436
58.40.7.146 - - [03/Jul/2021:10:12:09 +0800] "GET /xingrg/images/blue/button/top_left.jpg HTTP/1.1" 200 1632
58.40.7.146 - - [03/Jul/2021:10:12:09 +0800] "GET /xingrg/images/blue/button/left_ah.jpg HTTP/1.1" 200 1643
58.40.7.146 - - [03/Jul/2021:10:12:09 +0800] "GET /xingrg/images/blue/button/top_right.jpg HTTP/1.1" 200 1708
58.40.7.146 - - [03/Jul/2021:10:12:09 +0800] "GET /xingrg/images/blue/button/down.jpg HTTP/1.1" 200 1560
58.40.7.146 - - [03/Jul/2021:10:12:09 +0800] "GET /xingrg/images/blue/pic_form2.gif HTTP/1.1" 200 1853
58.40.7.146 - - [03/Jul/2021:10:12:11 +0800] "GET /xingrg/kc/base/check_order_list.html HTTP/1.1" 200 16529
58.40.7.146 - - [03/Jul/2021:10:12:11 +0800] "GET /xingrg/all/function/internal_message.html?_=1625278332600&CODE_STATE=getMsg HTTP/1.1" 200 27
58.40.7.146 - - [03/Jul/2021:10:12:11 +0800] "POST /xingrg/kc/base/check_list_operate.html HTTP/1.1" 200 1557
116.235.222.38 - - [03/Jul/2021:10:12:13 +0800] "GET /xingrg/all/function/internal_message.html?_=1625278323810&CODE_STATE=getMsg HTTP/1.1" 200 27
101.85.107.54 - - [03/Jul/2021:10:12:15 +0800] "GET /xingrg/all/function/internal_message.html?_=1625277765140&CODE_STATE=getMsg HTTP/1.1" 200 27
180.169.147.146 - - [03/Jul/2021:10:12:15 +0800] "GET /xingrg/all/function/internal_message.html?_=1625278337315&CODE_STATE=getMsg HTTP/1.1" 200 27
58.37.5.217 - - [03/Jul/2021:10:12:16 +0800] "POST /xingrg/kc/buy/cgsh_order_operate.html HTTP/1.1" 200 37
222.69.129.49 - - [03/Jul/2021:10:12:17 +0800] "POST /xingrg/kc/buy/cgsh_order_operate.html HTTP/1.1" 200 2065
58.40.7.146 - - [03/Jul/2021:10:12:17 +0800] "POST /xingrg/kc/base/check_list_operate.html HTTP/1.1" 200 5399
58.37.5.217 - - [03/Jul/2021:10:12:18 +0800] "POST /xingrg/kc/buy/cgsh_order_operate.html HTTP/1.1" 200 7406
116.230.117.165 - - [03/Jul/2021:10:12:18 +0800] "GET /xingrg/check_reg.html?_=1625278364204 HTTP/1.1" 200 22
58.40.7.146 - - [03/Jul/2021:10:12:21 +0800] "GET /xingrg/css/table.css HTTP/1.1" 200 3684
58.40.7.146 - - [03/Jul/2021:10:12:21 +0800] "GET /xingrg/dwr/util.js HTTP/1.1" 304 -
58.40.7.146 - - [03/Jul/2021:10:12:21 +0800] "GET /xingrg/kc/base/check_order_info.html?code=452021070100006 HTTP/1.1" 200 26107
58.40.7.146 - - [03/Jul/2021:10:12:21 +0800] "GET /xingrg/dwr/interface/AjaxCheckService.js HTTP/1.1" 200 14003
58.40.7.146 - - [03/Jul/2021:10:12:21 +0800] "GET /xingrg/javascript/AjaxInfoList.js HTTP/1.1" 200 3774
58.40.7.146 - - [03/Jul/2021:10:12:21 +0800] "GET /xingrg/javascript/convert.js HTTP/1.1" 200 1239
58.40.7.146 - - [03/Jul/2021:10:12:21 +0800] "GET /xingrg/dwr/interface/AjaxComOrderService.js HTTP/1.1" 200 18264
58.40.7.146 - - [03/Jul/2021:10:12:21 +0800] "GET /xingrg/javascript/print/LodopFuncs.js HTTP/1.1" 200 5121
58.40.7.146 - - [03/Jul/2021:10:12:21 +0800] "GET /xingrg/javascript/print/kc_print.js HTTP/1.1" 200 11415
58.40.7.146 - - [03/Jul/2021:10:12:21 +0800] "GET /xingrg/dwr/engine.js HTTP/1.1" 200 43631
58.40.7.146 - - [03/Jul/2021:10:12:22 +0800] "GET /xingrg/javascript/jquery_easy_ui/themes/default/images/menu_downarrow.png HTTP/1.1" 200 173
58.40.7.146 - - [03/Jul/2021:10:12:22 +0800] "GET /xingrg/javascript/jquery_easy_ui/themes/icons/check_new.png HTTP/1.1" 200 3224
58.40.7.146 - - [03/Jul/2021:10:12:22 +0800] "GET /xingrg/javascript/jquery_easy_ui/themes/icons/back_new.png HTTP/1.1" 200 3414
58.40.7.146 - - [03/Jul/2021:10:12:22 +0800] "GET /xingrg/javascript/jquery_easy_ui/themes/icons/print.png HTTP/1.1" 200 1057
58.40.7.146 - - [03/Jul/2021:10:12:22 +0800] "GET /xingrg/javascript/jquery_easy_ui/themes/icons/cance_new.png HTTP/1.1" 200 3986
117.184.7.26 - - [03/Jul/2021:10:12:22 +0800] "POST /xingrg/dwr/call/plaincall/AjaxReportQueryService.refreshCache.dwr HTTP/1.1" 200 78
117.184.7.26 - - [03/Jul/2021:10:12:23 +0800] "POST /xingrg/all/report/load_report_page.html HTTP/1.1" 200 8912
117.184.7.26 - - [03/Jul/2021:10:12:23 +0800] "GET /xingrg/servlets/image?cache=0.5226694218318333&image=px HTTP/1.1" 200 807
116.224.253.72 - - [03/Jul/2021:10:12:23 +0800] "GET /xingrg/all/function/internal_message.html?_=1625278337558&CODE_STATE=getMsg HTTP/1.1" 200 27
58.40.7.146 - - [03/Jul/2021:10:12:24 +0800] "POST /xingrg/dwr/call/plaincall/AjaxCheckService.loadOrderItems.dwr HTTP/1.1" 200 153842
222.69.129.49 - - [03/Jul/2021:10:12:24 +0800] "GET /xingrg/kc/buy/cgsh_order_operate.html?command=get_materiel&rest_code=00149&code=00101008110&supplier_code=00100005&order_time=2021-07-03 HTTP/1.1" 200 408
58.37.5.217 - - [03/Jul/2021:10:12:25 +0800] "GET /xingrg/kc/buy/buy_main.html HTTP/1.1" 200 12412
58.37.5.217 - - [03/Jul/2021:10:12:25 +0800] "GET /xingrg/css/new_ie.css HTTP/1.1" 404 1036
58.40.7.146 - - [03/Jul/2021:10:12:25 +0800] "GET /xingrg/javascript/jquery_easy_ui/themes/icons/no.png HTTP/1.1" 200 922
117.184.7.26 - - [03/Jul/2021:10:12:25 +0800] "GET /xingrg/all/report/report_query.html?isQuery=1&fileName=kc/buy/wlcg_cate_hz.xml&queryString=(CONVERT(char(10)%252Ca.order_time%252C%2520120)%253E%253D'2021-06-01')%2520and%2520(CONVERT(char(10)%252Ca.order_time%252C%2520120)%253C%253D'2021-06-30')%2520and%2520(a.supplier_code%2520in%2520('00100018'))%2520and%2520(a.number%253E0%2520and%2520a.supplier_code%253D'00100018')&queryText=%25E3%2580%2590%25E9%2587%2587%25E8%25B4%25AD%25E6%2597%25A5%25E6%259C%259F%253A2021-06-01%2520%25E8%2587%25B3%25202021-06-30%25E3%2580%2591%2520%25E5%25B9%25B6%25E4%25B8%2594%2520%2520%25E3%2580%2590%25E4%25BE%259B%25E5%25BA%2594%25E5%2595%2586%2520%253D%2520%25E9%2585%2592%25E6%25B0%25B4%25EF%25BC%2588%25E9%259A%2586%25E5%259F%258E%25EF%25BC%2589%25E3%2580%2591%2520%25E5%25B9%25B6%25E4%25B8%2594%2520%25E3%2580%2590%25E4%25BE%259B%25E5%25BA%2594%25E5%2595%2586%253D%25E9%2585%2592%25E6%25B0%25B4%25EF%25BC%2588%25E9%259A%2586%25E5%259F%258E%25EF%25BC%2589%25E3%2580%2591 HTTP/1.1" 200 54472
58.40.7.146 - - [03/Jul/2021:10:12:25 +0800] "GET /xingrg/javascript/jquery_easy_ui/themes/default/images/tabs_active.png HTTP/1.1" 200 2894
117.184.7.26 - - [03/Jul/2021:10:12:25 +0800] "GET /xingrg/dwr/interface/AjaxReportQueryService.js HTTP/1.1" 200 13203
117.184.7.26 - - [03/Jul/2021:10:12:25 +0800] "GET /xingrg/dwr/engine.js HTTP/1.1" 200 43631
58.37.5.217 - - [03/Jul/2021:10:12:25 +0800] "GET /xingrg/images/yd/bt.gif HTTP/1.1" 404 1040
58.37.5.217 - - [03/Jul/2021:10:12:26 +0800] "GET /xingrg/kc/buy/cgsh_order_list.html HTTP/1.1" 200 46937
116.230.110.80 - - [03/Jul/2021:10:12:26 +0800] "GET /xingrg/all/function/internal_message.html?_=1625278347610&CODE_STATE=getMsg HTTP/1.1" 200 27
117.184.7.26 - - [03/Jul/2021:10:12:27 +0800] "POST /xingrg/all/report/load_report_page.html HTTP/1.1" 200 8716
117.184.7.26 - - [03/Jul/2021:10:12:27 +0800] "GET /xingrg/servlets/image?cache=0.9623789800139317&image=px HTTP/1.1" 200 807
58.37.5.217 - - [03/Jul/2021:10:12:27 +0800] "POST /xingrg/kc/buy/cgsh_list_operate.html HTTP/1.1" 200 3141
117.184.7.26 - - [03/Jul/2021:10:12:28 +0800] "POST /xingrg/all/report/load_report_page.html HTTP/1.1" 200 54046
117.184.7.26 - - [03/Jul/2021:10:12:28 +0800] "GET /xingrg/servlets/image?cache=0.3530770189363098&image=px HTTP/1.1" 200 807
180.162.195.211 - - [03/Jul/2021:10:12:29 +0800] "POST /xingrg/kc/buy/cgsh_list_operate.html HTTP/1.1" 200 2108
101.85.107.54 - - [03/Jul/2021:10:12:30 +0800] "GET /xingrg/check_reg.html?_=1625277780271 HTTP/1.1" 200 22
58.37.5.217 - - [03/Jul/2021:10:12:31 +0800] "POST /xingrg/kc/buy/cgsh_list_operate.html HTTP/1.1" 200 3141
222.69.129.49 - - [03/Jul/2021:10:12:34 +0800] "GET /xingrg/all/function/internal_message.html?_=1625278355633&CODE_STATE=getMsg HTTP/1.1" 200 27
58.37.5.217 - - [03/Jul/2021:10:12:35 +0800] "GET /xingrg/all/function/internal_message.html?_=1625278886343&CODE_STATE=getMsg HTTP/1.1" 200 27
58.37.5.217 - - [03/Jul/2021:10:12:35 +0800] "GET /xingrg/check_reg.html?_=1625278886344 HTTP/1.1" 200 22
180.157.255.9 - - [03/Jul/2021:10:12:35 +0800] "GET /xingrg/all/function/internal_message.html?_=1625278367739&CODE_STATE=getMsg HTTP/1.1" 200 27
222.69.129.49 - - [03/Jul/2021:10:12:35 +0800] "GET /xingrg/kc/buy/cgsh_order_operate.html?command=get_materiel&rest_code=00149&code=00101008038&supplier_code=00100005&order_time=2021-07-03 HTTP/1.1" 200 412
180.169.147.146 - - [03/Jul/2021:10:12:35 +0800] "GET /xingrg/all/function/internal_message.html?_=1625278359262&CODE_STATE=getMsg HTTP/1.1" 200 27
180.162.195.211 - - [03/Jul/2021:10:12:42 +0800] "GET /xingrg/all/function/internal_message.html?_=1625278365082&CODE_STATE=getMsg HTTP/1.1" 200 27
116.230.117.165 - - [03/Jul/2021:10:12:44 +0800] "GET /xingrg/all/function/internal_message.html?_=1625278390158&CODE_STATE=getMsg HTTP/1.1" 200 27
58.40.7.146 - - [03/Jul/2021:10:12:48 +0800] "POST /xingrg/dwr/call/plaincall/AjaxCheckService.setItemNumber.dwr HTTP/1.1" 200 76
58.40.7.146 - - [03/Jul/2021:10:12:50 +0800] "POST /xingrg/dwr/call/plaincall/AjaxCheckService.setItemNumber.dwr HTTP/1.1" 200 76
180.162.195.211 - - [03/Jul/2021:10:12:50 +0800] "GET /xingrg/all/function/internal_message.html?_=1625278341958&CODE_STATE=getMsg HTTP/1.1" 200 27
180.169.147.146 - - [03/Jul/2021:10:12:55 +0800] "GET /xingrg/all/function/internal_message.html?_=1625278377173&CODE_STATE=getMsg HTTP/1.1" 200 27
116.230.117.165 - - [03/Jul/2021:10:12:56 +0800] "GET /xingrg/check_reg.html?_=1625278375706 HTTP/1.1" 302 -
116.230.117.165 - - [03/Jul/2021:10:12:56 +0800] "GET /xingrg/all/function/internal_message.html?_=1625278375708&CODE_STATE=getMsg HTTP/1.1" 302 -
222.69.129.49 - - [03/Jul/2021:10:12:58 +0800] "GET /xingrg/kc/buy/cgsh_order_operate.html?command=get_materiel&rest_code=00149&code=00101008283&supplier_code=00100005&order_time=2021-07-03 HTTP/1.1" 200 408
117.184.7.26 - - [03/Jul/2021:10:12:58 +0800] "GET /xingrg/all/function/internal_message.html?_=1625278359924&CODE_STATE=getMsg HTTP/1.1" 200 27
58.40.7.146 - - [03/Jul/2021:10:13:00 +0800] "POST /xingrg/dwr/call/plaincall/AjaxCheckService.setItemNumber.dwr HTTP/1.1" 200 76
180.169.147.146 - - [03/Jul/2021:10:13:02 +0800] "GET /xingrg/check_reg.html?_=1625278377979 HTTP/1.1" 200 22
58.40.7.146 - - [03/Jul/2021:10:13:07 +0800] "GET /xingrg/all/function/internal_message.html?_=1625278387595&CODE_STATE=getMsg HTTP/1.1" 200 27
101.83.241.165 - - [03/Jul/2021:10:13:07 +0800] "GET /xingrg/all/function/internal_message.html?_=1625278389119&CODE_STATE=getMsg HTTP/1.1" 200 27
222.70.176.145 - - [03/Jul/2021:10:13:08 +0800] "GET /xingrg/all/function/internal_message.html?_=1625278387528&CODE_STATE=getMsg HTTP/1.1" 200 27
117.184.7.26 - - [03/Jul/2021:10:13:08 +0800] "GET /xingrg/kc/buy/buy_main.html HTTP/1.1" 200 12412
117.184.7.26 - - [03/Jul/2021:10:13:08 +0800] "GET /xingrg/css/new_ie.css HTTP/1.1" 404 1036
58.40.7.146 - - [03/Jul/2021:10:13:09 +0800] "GET /xingrg/javascript/jquery_easy_ui/themes/default/images/button_plain_hover.png HTTP/1.1" 200 252
117.184.7.26 - - [03/Jul/2021:10:13:10 +0800] "GET /xingrg/images/yd/bt.gif HTTP/1.1" 404 1040
117.184.7.26 - - [03/Jul/2021:10:13:11 +0800] "GET /xingrg/kc/buy/cgsh_order_list.html HTTP/1.1" 200 46937
58.40.7.146 - - [03/Jul/2021:10:13:11 +0800] "GET /xingrg/all/function/internal_message.html?_=1625278392601&CODE_STATE=getMsg HTTP/1.1" 200 27
222.69.129.49 - - [03/Jul/2021:10:13:12 +0800] "GET /xingrg/kc/buy/cgsh_order_operate.html?command=get_materiel&rest_code=00149&code=00101008358&supplier_code=00100005&order_time=2021-07-03 HTTP/1.1" 200 412
116.235.222.38 - - [03/Jul/2021:10:13:13 +0800] "GET /xingrg/all/function/internal_message.html?_=1625278383811&CODE_STATE=getMsg HTTP/1.1" 200 27
117.184.7.26 - - [03/Jul/2021:10:13:14 +0800] "POST /xingrg/kc/buy/cgsh_list_operate.html HTTP/1.1" 200 876
222.69.129.49 - - [03/Jul/2021:10:13:14 +0800] "POST /xingrg/kc/buy/cgsh_order_operate.html HTTP/1.1" 200 2065
58.40.7.146 - - [03/Jul/2021:10:13:15 +0800] "POST /xingrg/dwr/call/plaincall/AjaxCheckService.checkOrder.dwr HTTP/1.1" 200 78
101.85.107.54 - - [03/Jul/2021:10:13:15 +0800] "GET /xingrg/all/function/internal_message.html?_=1625277825113&CODE_STATE=getMsg HTTP/1.1" 200 27
180.169.147.146 - - [03/Jul/2021:10:13:15 +0800] "GET /xingrg/all/function/internal_message.html?_=1625278397338&CODE_STATE=getMsg HTTP/1.1" 200 27
58.40.7.146 - - [03/Jul/2021:10:13:16 +0800] "GET /xingrg/dwr/interface/AjaxComOrderService.js HTTP/1.1" 200 18264
58.40.7.146 - - [03/Jul/2021:10:13:16 +0800] "GET /xingrg/dwr/interface/AjaxCheckService.js HTTP/1.1" 200 14003
58.40.7.146 - - [03/Jul/2021:10:13:17 +0800] "GET /xingrg/kc/base/check_order_info.html?code=452021070100006 HTTP/1.1" 200 23114
58.40.7.146 - - [03/Jul/2021:10:13:17 +0800] "GET /xingrg/dwr/engine.js HTTP/1.1" 200 43631
58.40.7.146 - - [03/Jul/2021:10:13:17 +0800] "GET /xingrg/javascript/jquery_easy_ui/themes/icons/exam_new.png HTTP/1.1" 200 756
58.40.7.146 - - [03/Jul/2021:10:13:17 +0800] "GET /xingrg/javascript/jquery_easy_ui/themes/icons/uncheck_new.png HTTP/1.1" 200 3197
58.40.7.146 - - [03/Jul/2021:10:13:18 +0800] "POST /xingrg/dwr/call/plaincall/AjaxCheckService.loadOrderItems.dwr HTTP/1.1" 200 69746
117.184.7.26 - - [03/Jul/2021:10:13:21 +0800] "GET /xingrg/javascript/auto/indicator.gif HTTP/1.1" 404 1066
116.224.253.72 - - [03/Jul/2021:10:13:23 +0800] "GET /xingrg/all/function/internal_message.html?_=1625278397571&CODE_STATE=getMsg HTTP/1.1" 200 27
117.184.7.26 - - [03/Jul/2021:10:13:23 +0800] "GET /xingrg/javascript/jquery_tools/images/prev.gif HTTP/1.1" 404 1086
117.184.7.26 - - [03/Jul/2021:10:13:23 +0800] "GET /xingrg/javascript/jquery_tools/images/next.gif HTTP/1.1" 404 1086
222.69.129.49 - - [03/Jul/2021:10:13:24 +0800] "GET /xingrg/kc/buy/cgsh_order_operate.html?command=get_materiel&rest_code=00149&code=00101008163&supplier_code=00100005&order_time=2021-07-03 HTTP/1.1" 200 408
116.230.110.80 - - [03/Jul/2021:10:13:26 +0800] "GET /xingrg/all/function/internal_message.html?_=1625278407602&CODE_STATE=getMsg HTTP/1.1" 200 27
116.230.110.80 - - [03/Jul/2021:10:13:26 +0800] "GET /xingrg/check_reg.html?_=1625278407603 HTTP/1.1" 200 22
117.184.7.26 - - [03/Jul/2021:10:13:27 +0800] "POST /xingrg/kc/buy/cgsh_list_operate.html HTTP/1.1" 200 5711
117.184.7.26 - - [03/Jul/2021:10:13:29 +0800] "POST /xingrg/kc/buy/cgsh_list_operate.html HTTP/1.1" 200 211
117.184.7.26 - - [03/Jul/2021:10:13:29 +0800] "GET /xingrg/kc/buy/cgsh_order_info.html?code=212021061607464 HTTP/1.1" 200 57579
58.40.7.146 - - [03/Jul/2021:10:13:29 +0800] "POST /xingrg/kc/base/check_list_operate.html HTTP/1.1" 200 5421
117.184.7.26 - - [03/Jul/2021:10:13:30 +0800] "GET /xingrg/words/20210702130242_words.js HTTP/1.1" 304 -
117.184.7.26 - - [03/Jul/2021:10:13:30 +0800] "GET /xingrg/javascript/easyui/themes/default/validatebox.css HTTP/1.1" 404 1104
117.184.7.26 - - [03/Jul/2021:10:13:31 +0800] "POST /xingrg/kc/buy/cgsh_order_operate.html HTTP/1.1" 200 651
117.184.7.26 - - [03/Jul/2021:10:13:32 +0800] "GET /xingrg/kc/print/load_config.html?kc_code=cgsh HTTP/1.1" 200 1845
117.184.7.26 - - [03/Jul/2021:10:13:32 +0800] "GET /xingrg/kc/print/load_data.html?order_code=212021061607464&kc_code=cgsh&condition= HTTP/1.1" 200 768
180.162.195.211 - - [03/Jul/2021:10:13:33 +0800] "POST /xingrg/kc/buy/cgsh_list_operate.html HTTP/1.1" 200 2497
222.69.129.49 - - [03/Jul/2021:10:13:34 +0800] "GET /xingrg/check_reg.html?_=1625278415633 HTTP/1.1" 200 22
222.69.129.49 - - [03/Jul/2021:10:13:34 +0800] "GET /xingrg/all/function/internal_message.html?_=1625278415635&CODE_STATE=getMsg HTTP/1.1" 200 27
58.37.5.217 - - [03/Jul/2021:10:13:35 +0800] "GET /xingrg/all/function/internal_message.html?_=1625278946335&CODE_STATE=getMsg HTTP/1.1" 200 27
180.157.255.9 - - [03/Jul/2021:10:13:35 +0800] "GET /xingrg/all/function/internal_message.html?_=1625278427738&CODE_STATE=getMsg HTTP/1.1" 200 27
180.157.255.9 - - [03/Jul/2021:10:13:35 +0800] "GET /xingrg/check_reg.html?_=1625278427740 HTTP/1.1" 200 22
180.169.147.146 - - [03/Jul/2021:10:13:35 +0800] "GET /xingrg/all/function/internal_message.html?_=1625278419266&CODE_STATE=getMsg HTTP/1.1" 200 27
222.69.129.49 - - [03/Jul/2021:10:13:36 +0800] "GET /xingrg/kc/buy/cgsh_order_operate.html?command=get_materiel&rest_code=00149&code=00101008224&supplier_code=00100005&order_time=2021-07-03 HTTP/1.1" 200 416
180.162.195.211 - - [03/Jul/2021:10:13:42 +0800] "GET /xingrg/all/function/internal_message.html?_=1625278425063&CODE_STATE=getMsg HTTP/1.1" 200 27
116.230.117.165 - - [03/Jul/2021:10:13:44 +0800] "GET /xingrg/all/function/internal_message.html?_=1625278450172&CODE_STATE=getMsg HTTP/1.1" 200 27
180.162.195.211 - - [03/Jul/2021:10:13:50 +0800] "GET /xingrg/all/function/internal_message.html?_=1625278401959&CODE_STATE=getMsg HTTP/1.1" 200 27
222.69.129.49 - - [03/Jul/2021:10:13:55 +0800] "GET /xingrg/kc/buy/cgsh_order_operate.html?command=get_materiel&rest_code=00149&code=00101008064&supplier_code=00100005&order_time=2021-07-03 HTTP/1.1" 200 412
180.169.147.146 - - [03/Jul/2021:10:13:55 +0800] "GET /xingrg/all/function/internal_message.html?_=1625278437201&CODE_STATE=getMsg HTTP/1.1" 200 27
116.230.117.165 - - [03/Jul/2021:10:13:56 +0800] "GET /xingrg/all/function/internal_message.html?_=1625278435705&CODE_STATE=getMsg HTTP/1.1" 302 -
117.184.7.26 - - [03/Jul/2021:10:13:58 +0800] "GET /xingrg/all/function/internal_message.html?_=1625278419938&CODE_STATE=getMsg HTTP/1.1" 200 27
180.169.147.146 - - [03/Jul/2021:10:14:02 +0800] "GET /xingrg/check_reg.html?_=1625278444093 HTTP/1.1" 200 22
180.162.195.211 - - [03/Jul/2021:10:14:02 +0800] "POST /xingrg/kc/buy/cgsh_list_operate.html HTTP/1.1" 200 202
222.69.129.49 - - [03/Jul/2021:10:14:03 +0800] "GET /xingrg/kc/buy/cgsh_order_operate.html?command=get_materiel&rest_code=00149&code=00101008361&supplier_code=00100005&order_time=2021-07-03 HTTP/1.1" 200 408
180.162.195.211 - - [03/Jul/2021:10:14:04 +0800] "GET /xingrg/kc/buy/cgsh_order_info.html?code=212021043012804 HTTP/1.1" 200 57632
180.162.195.211 - - [03/Jul/2021:10:14:04 +0800] "GET /xingrg/javascript/jquery_tools/order_manager.js HTTP/1.1" 304 -
180.162.195.211 - - [03/Jul/2021:10:14:04 +0800] "GET /xingrg/javascript/convert.js HTTP/1.1" 304 -
180.162.195.211 - - [03/Jul/2021:10:14:04 +0800] "GET /xingrg/javascript/json2.js HTTP/1.1" 304 -
180.162.195.211 - - [03/Jul/2021:10:14:04 +0800] "GET /xingrg/javascript/print/kc_print.js HTTP/1.1" 304 -
180.162.195.211 - - [03/Jul/2021:10:14:04 +0800] "GET /xingrg/words/20210702130242_words.js HTTP/1.1" 200 823799
180.162.195.211 - - [03/Jul/2021:10:14:05 +0800] "GET /xingrg/javascript/easyui/themes/icons/copy_new.png HTTP/1.1" 304 -
180.162.195.211 - - [03/Jul/2021:10:14:05 +0800] "GET /xingrg/javascript/easyui/themes/icons/print.png HTTP/1.1" 304 -
180.162.195.211 - - [03/Jul/2021:10:14:05 +0800] "GET /xingrg/javascript/easyui/themes/default/images/menu_downarrow.png HTTP/1.1" 304 -
180.162.195.211 - - [03/Jul/2021:10:14:05 +0800] "GET /xingrg/javascript/easyui/themes/icons/cancel.png HTTP/1.1" 304 -
180.162.195.211 - - [03/Jul/2021:10:14:05 +0800] "GET /xingrg/javascript/easyui/themes/default/validatebox.css HTTP/1.1" 404 1104
180.162.195.211 - - [03/Jul/2021:10:14:05 +0800] "GET /xingrg/javascript/easyui/plugins/jquery.validatebox.js HTTP/1.1" 304 -
180.162.195.211 - - [03/Jul/2021:10:14:05 +0800] "GET /xingrg/javascript/easyui/plugins/jquery.numberbox.js HTTP/1.1" 304 -
180.162.195.211 - - [03/Jul/2021:10:14:06 +0800] "POST /xingrg/kc/buy/cgsh_order_operate.html HTTP/1.1" 200 614
180.162.195.211 - - [03/Jul/2021:10:14:06 +0800] "GET /xingrg/javascript/easyui/themes/icons/edit_remove.png HTTP/1.1" 304 -
58.40.7.146 - - [03/Jul/2021:10:14:07 +0800] "GET /xingrg/all/function/internal_message.html?_=1625278447604&CODE_STATE=getMsg HTTP/1.1" 200 27
101.83.241.165 - - [03/Jul/2021:10:14:07 +0800] "GET /xingrg/all/function/internal_message.html?_=1625278449121&CODE_STATE=getMsg HTTP/1.1" 200 27
101.83.241.165 - - [03/Jul/2021:10:14:07 +0800] "GET /xingrg/check_reg.html?_=1625278449126 HTTP/1.1" 200 22
222.70.176.145 - - [03/Jul/2021:10:14:08 +0800] "GET /xingrg/all/function/internal_message.html?_=1625278447512&CODE_STATE=getMsg HTTP/1.1" 200 27
222.69.129.49 - - [03/Jul/2021:10:14:10 +0800] "POST /xingrg/kc/buy/cgsh_order_operate.html HTTP/1.1" 200 2065
58.40.7.146 - - [03/Jul/2021:10:14:11 +0800] "GET /xingrg/all/function/internal_message.html?_=1625278452587&CODE_STATE=getMsg HTTP/1.1" 200 27
116.235.222.38 - - [03/Jul/2021:10:14:13 +0800] "GET /xingrg/all/function/internal_message.html?_=1625278443827&CODE_STATE=getMsg HTTP/1.1" 200 27
180.169.147.146 - - [03/Jul/2021:10:14:13 +0800] "GET /xingrg/check_reg.html?_=1625278455050 HTTP/1.1" 200 22
101.85.107.54 - - [03/Jul/2021:10:14:15 +0800] "GET /xingrg/all/function/internal_message.html?_=1625277885081&CODE_STATE=getMsg HTTP/1.1" 200 27
180.169.147.146 - - [03/Jul/2021:10:14:15 +0800] "GET /xingrg/all/function/internal_message.html?_=1625278457346&CODE_STATE=getMsg HTTP/1.1" 200 27
222.69.129.49 - - [03/Jul/2021:10:14:16 +0800] "GET /xingrg/kc/buy/cgsh_order_operate.html?command=get_materiel&rest_code=00149&code=00101008148&supplier_code=00100005&order_time=2021-07-03 HTTP/1.1" 200 416
58.37.225.51 - - [03/Jul/2021:10:14:21 +0800] "GET /xingrg/check_reg.html?_=1625278381556 HTTP/1.1" 302 -
58.37.225.51 - - [03/Jul/2021:10:14:21 +0800] "GET /xingrg/login.html HTTP/1.1" 200 7641
222.69.129.49 - - [03/Jul/2021:10:14:22 +0800] "GET /xingrg/kc/buy/cgsh_order_operate.html?command=get_materiel&rest_code=00149&code=00101008144&supplier_code=00100005&order_time=2021-07-03 HTTP/1.1" 200 412
116.224.253.72 - - [03/Jul/2021:10:14:23 +0800] "GET /xingrg/all/function/internal_message.html?_=1625278457623&CODE_STATE=getMsg HTTP/1.1" 200 27
116.230.110.80 - - [03/Jul/2021:10:14:26 +0800] "GET /xingrg/all/function/internal_message.html?_=1625278467618&CODE_STATE=getMsg HTTP/1.1" 200 27
180.169.147.146 - - [03/Jul/2021:10:14:27 +0800] "GET /xingrg/check_reg.html?_=1625278468602 HTTP/1.1" 302 -
222.69.129.49 - - [03/Jul/2021:10:14:31 +0800] "GET /xingrg/kc/buy/cgsh_order_operate.html?command=get_materiel&rest_code=00149&code=00101008264&supplier_code=00100005&order_time=2021-07-03 HTTP/1.1" 200 412
222.69.129.49 - - [03/Jul/2021:10:14:34 +0800] "GET /xingrg/all/function/internal_message.html?_=1625278475697&CODE_STATE=getMsg HTTP/1.1" 200 27
58.37.5.217 - - [03/Jul/2021:10:14:35 +0800] "GET /xingrg/all/function/internal_message.html?_=1625279006350&CODE_STATE=getMsg HTTP/1.1" 200 27
180.157.255.9 - - [03/Jul/2021:10:14:35 +0800] "GET /xingrg/all/function/internal_message.html?_=1625278487739&CODE_STATE=getMsg HTTP/1.1" 200 27
180.169.147.146 - - [03/Jul/2021:10:14:35 +0800] "GET /xingrg/all/function/internal_message.html?_=1625278479253&CODE_STATE=getMsg HTTP/1.1" 200 27
180.162.195.211 - - [03/Jul/2021:10:14:41 +0800] "POST /xingrg/kc/buy/cgsh_list_operate.html HTTP/1.1" 200 1718
180.162.195.211 - - [03/Jul/2021:10:14:42 +0800] "GET /xingrg/all/function/internal_message.html?_=1625278485048&CODE_STATE=getMsg HTTP/1.1" 200 27
222.69.129.49 - - [03/Jul/2021:10:14:44 +0800] "GET /xingrg/kc/buy/cgsh_order_operate.html?command=get_materiel&rest_code=00149&code=00101008321&supplier_code=00100005&order_time=2021-07-03 HTTP/1.1" 200 412
116.230.117.165 - - [03/Jul/2021:10:14:45 +0800] "GET /xingrg/all/function/internal_message.html?_=1625278510491&CODE_STATE=getMsg HTTP/1.1" 200 27
180.162.195.211 - - [03/Jul/2021:10:14:50 +0800] "GET /xingrg/all/function/internal_message.html?_=1625278461965&CODE_STATE=getMsg HTTP/1.1" 200 27
116.224.253.72 - - [03/Jul/2021:10:14:55 +0800] "GET /favicon.ico HTTP/1.1" 404 -
180.169.147.146 - - [03/Jul/2021:10:14:55 +0800] "GET /xingrg/all/function/internal_message.html?_=1625278497217&CODE_STATE=getMsg HTTP/1.1" 200 27
116.230.117.165 - - [03/Jul/2021:10:14:56 +0800] "GET /xingrg/all/function/internal_message.html?_=1625278495720&CODE_STATE=getMsg HTTP/1.1" 302 -
117.184.7.26 - - [03/Jul/2021:10:14:58 +0800] "GET /xingrg/all/function/internal_message.html?_=1625278479925&CODE_STATE=getMsg HTTP/1.1" 200 27
222.69.129.49 - - [03/Jul/2021:10:14:59 +0800] "GET /xingrg/kc/buy/cgsh_order_operate.html?command=get_materiel&rest_code=00149&code=00101008024&supplier_code=00100005&order_time=2021-07-03 HTTP/1.1" 200 408
58.40.7.146 - - [03/Jul/2021:10:15:06 +0800] "GET /xingrg/all/function/internal_message.html?_=1625278507603&CODE_STATE=getMsg HTTP/1.1" 200 27
101.83.241.165 - - [03/Jul/2021:10:15:07 +0800] "GET /xingrg/all/function/internal_message.html?_=1625278509127&CODE_STATE=getMsg HTTP/1.1" 200 27
222.70.176.145 - - [03/Jul/2021:10:15:08 +0800] "GET /xingrg/all/function/internal_message.html?_=1625278507523&CODE_STATE=getMsg HTTP/1.1" 200 27
222.70.176.145 - - [03/Jul/2021:10:15:09 +0800] "GET /xingrg/check_reg.html?_=1625278508413 HTTP/1.1" 200 22
58.40.7.146 - - [03/Jul/2021:10:15:11 +0800] "GET /xingrg/all/function/internal_message.html?_=1625278512590&CODE_STATE=getMsg HTTP/1.1" 200 27
58.40.7.146 - - [03/Jul/2021:10:15:11 +0800] "GET /xingrg/check_reg.html?_=1625278512591 HTTP/1.1" 200 22
222.69.129.49 - - [03/Jul/2021:10:15:12 +0800] "POST /xingrg/kc/buy/cgsh_order_operate.html HTTP/1.1" 200 2065
116.235.222.38 - - [03/Jul/2021:10:15:13 +0800] "GET /xingrg/check_reg.html?_=1625278503816 HTTP/1.1" 200 22
116.235.222.38 - - [03/Jul/2021:10:15:13 +0800] "GET /xingrg/all/function/internal_message.html?_=1625278503817&CODE_STATE=getMsg HTTP/1.1" 200 27
101.85.107.54 - - [03/Jul/2021:10:15:15 +0800] "GET /xingrg/all/function/internal_message.html?_=1625277945063&CODE_STATE=getMsg HTTP/1.1" 200 27
180.169.147.146 - - [03/Jul/2021:10:15:15 +0800] "GET /xingrg/all/function/internal_message.html?_=1625278517360&CODE_STATE=getMsg HTTP/1.1" 200 27
222.69.129.49 - - [03/Jul/2021:10:15:22 +0800] "GET /xingrg/kc/buy/cgsh_order_operate.html?command=get_materiel&rest_code=00149&code=00101008356&supplier_code=00100005&order_time=2021-07-03 HTTP/1.1" 200 408
116.224.253.72 - - [03/Jul/2021:10:15:23 +0800] "GET /xingrg/all/function/internal_message.html?_=1625278517629&CODE_STATE=getMsg HTTP/1.1" 200 27
116.230.110.80 - - [03/Jul/2021:10:15:26 +0800] "GET /xingrg/all/function/internal_message.html?_=1625278527618&CODE_STATE=getMsg HTTP/1.1" 200 27
222.69.129.49 - - [03/Jul/2021:10:15:34 +0800] "GET /xingrg/all/function/internal_message.html?_=1625278535765&CODE_STATE=getMsg HTTP/1.1" 200 27
58.37.5.217 - - [03/Jul/2021:10:15:35 +0800] "GET /xingrg/all/function/internal_message.html?_=1625279066349&CODE_STATE=getMsg HTTP/1.1" 200 27
180.157.255.9 - - [03/Jul/2021:10:15:35 +0800] "GET /xingrg/all/function/internal_message.html?_=1625278547739&CODE_STATE=getMsg HTTP/1.1" 200 27
180.169.147.146 - - [03/Jul/2021:10:15:35 +0800] "GET /xingrg/all/function/internal_message.html?_=1625278539255&CODE_STATE=getMsg HTTP/1.1" 200 27
180.169.147.146 - - [03/Jul/2021:10:15:35 +0800] "GET /xingrg/check_reg.html?_=1625278539257 HTTP/1.1" 200 22
180.162.195.211 - - [03/Jul/2021:10:15:41 +0800] "POST /xingrg/kc/buy/cgsh_list_operate.html HTTP/1.1" 200 1718
180.162.195.211 - - [03/Jul/2021:10:15:42 +0800] "GET /xingrg/all/function/internal_message.html?_=1625278545040&CODE_STATE=getMsg HTTP/1.1" 200 27
116.230.117.165 - - [03/Jul/2021:10:15:45 +0800] "GET /xingrg/all/function/internal_message.html?_=1625278570495&CODE_STATE=getMsg HTTP/1.1" 200 27
116.224.253.72 - - [03/Jul/2021:10:15:46 +0800] "POST /xingrg/all/user/operate.html HTTP/1.1" 200 36
116.224.253.72 - - [03/Jul/2021:10:15:47 +0800] "GET /xingrg/javascript/jquery_easy_ui/themes/default/easyui.css HTTP/1.1" 304 -
116.224.253.72 - - [03/Jul/2021:10:15:47 +0800] "GET /xingrg/index.html?sysBaseUrl=http%3A%2F%2F180.169.147.146%3A18081%2Fxingrg%2F&costTime=46×tamp=1625276782567 HTTP/1.1" 200 17177
116.224.253.72 - - [03/Jul/2021:10:15:47 +0800] "GET /xingrg/javascript/jquery_easy_ui/themes/icon.css HTTP/1.1" 304 -
116.224.253.72 - - [03/Jul/2021:10:15:47 +0800] "GET /xingrg/css/form.css HTTP/1.1" 304 -
116.224.253.72 - - [03/Jul/2021:10:15:47 +0800] "GET /xingrg/javascript/jquery-1.4.2.min.js HTTP/1.1" 304 -
116.224.253.72 - - [03/Jul/2021:10:15:47 +0800] "GET /xingrg/javascript/jquery_easy_ui/jquery.easyui.min.js HTTP/1.1" 304 -
116.224.253.72 - - [03/Jul/2021:10:15:47 +0800] "GET /xingrg/javascript/jquery_easy_ui/easyui-lang-zh_CN.js HTTP/1.1" 304 -
116.224.253.72 - - [03/Jul/2021:10:15:47 +0800] "GET /xingrg/javascript/jquery.form.js HTTP/1.1" 304 -
116.224.253.72 - - [03/Jul/2021:10:15:47 +0800] "GET /xingrg/javascript/jquery.utils.js HTTP/1.1" 304 -
116.224.253.72 - - [03/Jul/2021:10:15:47 +0800] "GET /xingrg/javascript/jquery.timers.js HTTP/1.1" 304 -
116.224.253.72 - - [03/Jul/2021:10:15:47 +0800] "GET /xingrg/images/blue/navBackgound.jpg HTTP/1.1" 304 -
116.224.253.72 - - [03/Jul/2021:10:15:47 +0800] "GET /xingrg/images/blue/jxLogo.png HTTP/1.1" 304 -
116.224.253.72 - - [03/Jul/2021:10:15:47 +0800] "GET /xingrg/javascript/jquery_easy_ui/themes/icons/settle_new.png HTTP/1.1" 304 -
116.224.253.72 - - [03/Jul/2021:10:15:47 +0800] "POST /xingrg/all/common/load_tree.html?tree=area_rest_tree_json&manage=1 HTTP/1.1" 200 476
116.224.253.72 - - [03/Jul/2021:10:15:47 +0800] "GET /xingrg/images/blue/pingpu.png HTTP/1.1" 304 -
116.224.253.72 - - [03/Jul/2021:10:15:47 +0800] "GET /xingrg/javascript/jquery_easy_ui/themes/default/images/tabs_leftarrow.png HTTP/1.1" 304 -
116.224.253.72 - - [03/Jul/2021:10:15:47 +0800] "GET /xingrg/javascript/jquery_easy_ui/themes/default/images/tabs_rightarrow.png HTTP/1.1" 304 -
116.224.253.72 - - [03/Jul/2021:10:15:47 +0800] "GET /xingrg/javascript/jquery_easy_ui/themes/default/images/panel_tool_collapse.gif HTTP/1.1" 304 -
116.224.253.72 - - [03/Jul/2021:10:15:47 +0800] "GET /xingrg/all/function/internal_message.html?_=1625278541495&CODE_STATE=count HTTP/1.1" 200 11
116.224.253.72 - - [03/Jul/2021:10:15:47 +0800] "GET /xingrg/check_reg.html?_=1625278541495 HTTP/1.1" 200 22
116.224.253.72 - - [03/Jul/2021:10:15:47 +0800] "POST /xingrg/load_menu.html HTTP/1.1" 200 5138
116.224.253.72 - - [03/Jul/2021:10:15:49 +0800] "GET /xingrg/kc/buy/cgsh_order_list.html HTTP/1.1" 200 46941
222.69.129.49 - - [03/Jul/2021:10:15:50 +0800] "GET /xingrg/kc/buy/cgsh_order_operate.html?command=get_materiel&rest_code=00149&code=00101008300&supplier_code=00100005&order_time=2021-07-03 HTTP/1.1" 200 412
116.224.253.72 - - [03/Jul/2021:10:15:50 +0800] "POST /xingrg/kc/buy/cgsh_list_operate.html HTTP/1.1" 200 876
180.162.195.211 - - [03/Jul/2021:10:15:50 +0800] "GET /xingrg/all/function/internal_message.html?_=1625278521956&CODE_STATE=getMsg HTTP/1.1" 200 27
116.224.253.72 - - [03/Jul/2021:10:15:51 +0800] "GET /xingrg/kc/buy/cgsh_order_add.html HTTP/1.1" 200 62329
116.224.253.72 - - [03/Jul/2021:10:15:52 +0800] "POST /xingrg/kc/buy/cgsh_order_operate.html HTTP/1.1" 200 8245
116.224.253.72 - - [03/Jul/2021:10:15:52 +0800] "GET /xingrg/javascript/easyui/themes/default/validatebox.css HTTP/1.1" 404 1104
116.224.253.72 - - [03/Jul/2021:10:15:53 +0800] "GET /xingrg/javascript/auto/indicator.gif HTTP/1.1" 404 1066
117.184.7.26 - - [03/Jul/2021:10:15:55 +0800] "GET /xingrg/kc/report/report_main.html HTTP/1.1" 200 7345
180.169.147.146 - - [03/Jul/2021:10:15:55 +0800] "GET /xingrg/all/function/internal_message.html?_=1625278557229&CODE_STATE=getMsg HTTP/1.1" 200 27
116.230.117.165 - - [03/Jul/2021:10:15:56 +0800] "GET /xingrg/all/function/internal_message.html?_=1625278555719&CODE_STATE=getMsg HTTP/1.1" 302 -
117.184.7.26 - - [03/Jul/2021:10:15:56 +0800] "POST /xingrg/kc/buy/cgsh_list_operate.html HTTP/1.1" 200 5711
117.184.7.26 - - [03/Jul/2021:10:15:58 +0800] "GET /xingrg/all/function/internal_message.html?_=1625278539938&CODE_STATE=getMsg HTTP/1.1" 200 27
116.224.253.72 - - [03/Jul/2021:10:16:00 +0800] "GET /xingrg/kc/buy/cgsh_order_operate.html?command=get_materiel&rest_code=00151&code=00101012083&supplier_code=00100097&order_time=2021-07-03 HTTP/1.1" 200 398
117.184.7.26 - - [03/Jul/2021:10:16:02 +0800] "GET /xingrg/all/report/report_query.html?fileName=kc/buy/gys_amount.xml&rh=99999 HTTP/1.1" 200 52006
117.184.7.26 - - [03/Jul/2021:10:16:02 +0800] "GET /xingrg/dwr/interface/AjaxReportQueryService.js HTTP/1.1" 200 13203
117.184.7.26 - - [03/Jul/2021:10:16:02 +0800] "GET /xingrg/dwr/engine.js HTTP/1.1" 200 43631
117.184.7.26 - - [03/Jul/2021:10:16:02 +0800] "POST /xingrg/dwr/call/plaincall/AjaxReportQueryService.getFixDate.dwr HTTP/1.1" 200 111
117.184.7.26 - - [03/Jul/2021:10:16:02 +0800] "POST /xingrg/all/common/load_tree.html?tree=supplier_tree_json&manage=1 HTTP/1.1" 200 57246
