180.162.195.211 - - [03/Jul/2021:09:09:50 +0800] "GET /xingrg/all/function/internal_message.html?_=1625274561907&CODE_STATE=getMsg HTTP/1.1" 200 27
222.70.176.145 - - [03/Jul/2021:09:09:53 +0800] "GET /xingrg/kc/buy/cgsh_order_operate.html?command=get_materiel&rest_code=00111&code=00101006129&supplier_code=00100012&order_time=2021-07-03 HTTP/1.1" 200 431
180.169.147.146 - - [03/Jul/2021:09:09:54 +0800] "GET /xingrg/all/function/internal_message.html?_=1625274596130&CODE_STATE=getMsg HTTP/1.1" 200 27
116.230.117.165 - - [03/Jul/2021:09:09:56 +0800] "GET /xingrg/all/function/internal_message.html?_=1625274595665&CODE_STATE=getMsg HTTP/1.1" 302 -
116.224.253.72 - - [03/Jul/2021:09:10:04 +0800] "GET /xingrg/kc/buy/cgsh_order_operate.html?command=get_materiel&rest_code=00150&code=00101007061&supplier_code=00100096&order_time=2021-07-03 HTTP/1.1" 200 409
222.70.176.145 - - [03/Jul/2021:09:10:06 +0800] "GET /xingrg/kc/buy/cgsh_order_operate.html?command=get_materiel&rest_code=00111&code=00101006111&supplier_code=00100012&order_time=2021-07-03 HTTP/1.1" 200 409
222.70.176.145 - - [03/Jul/2021:09:10:09 +0800] "GET /xingrg/check_reg.html?_=1625274608492 HTTP/1.1" 200 22
222.70.176.145 - - [03/Jul/2021:09:10:09 +0800] "GET /xingrg/all/function/internal_message.html?_=1625274608495&CODE_STATE=getMsg HTTP/1.1" 200 27
116.224.253.72 - - [03/Jul/2021:09:10:10 +0800] "GET /xingrg/check_reg.html?_=1625274604353 HTTP/1.1" 200 22
58.40.7.146 - - [03/Jul/2021:09:10:11 +0800] "GET /xingrg/check_reg.html?_=1625274612566 HTTP/1.1" 200 22
58.40.7.146 - - [03/Jul/2021:09:10:11 +0800] "GET /xingrg/all/function/internal_message.html?_=1625274612567&CODE_STATE=getMsg HTTP/1.1" 200 27
180.169.147.146 - - [03/Jul/2021:09:10:12 +0800] "GET /xingrg/all/function/internal_message.html?_=1625274616232&CODE_STATE=getMsg HTTP/1.1" 200 27
180.169.147.146 - - [03/Jul/2021:09:10:14 +0800] "GET /xingrg/all/function/internal_message.html?_=1625274623027&CODE_STATE=getMsg HTTP/1.1" 200 27
180.169.147.146 - - [03/Jul/2021:09:10:14 +0800] "GET /xingrg/all/function/internal_message.html?_=1625274616318&CODE_STATE=getMsg HTTP/1.1" 200 27
222.70.176.145 - - [03/Jul/2021:09:10:16 +0800] "GET /xingrg/kc/buy/cgsh_order_operate.html?command=get_materiel&rest_code=00111&code=00101006084&supplier_code=00100012&order_time=2021-07-03 HTTP/1.1" 200 413
116.224.253.72 - - [03/Jul/2021:09:10:24 +0800] "GET /xingrg/all/function/internal_message.html?_=1625274618748&CODE_STATE=getMsg HTTP/1.1" 200 27
116.230.110.80 - - [03/Jul/2021:09:10:26 +0800] "GET /xingrg/all/function/internal_message.html?_=1625274625400&CODE_STATE=getMsg HTTP/1.1" 200 27
222.69.129.49 - - [03/Jul/2021:09:10:27 +0800] "GET /xingrg/kc/buy/cgsh_order_add.html HTTP/1.1" 200 62728
222.69.129.49 - - [03/Jul/2021:09:10:27 +0800] "POST /xingrg/kc/buy/cgsh_order_operate.html HTTP/1.1" 200 8245
222.69.129.49 - - [03/Jul/2021:09:10:27 +0800] "GET /xingrg/javascript/easyui/themes/default/validatebox.css HTTP/1.1" 404 1104
116.224.253.72 - - [03/Jul/2021:09:10:28 +0800] "GET /xingrg/all/function/internal_message.html?_=1625274624974&CODE_STATE=getMsg HTTP/1.1" 200 27
180.162.195.211 - - [03/Jul/2021:09:10:28 +0800] "POST /xingrg/kc/buy/cgsh_order_operate.html HTTP/1.1" 200 37
180.162.195.211 - - [03/Jul/2021:09:10:30 +0800] "POST /xingrg/kc/buy/cgsh_order_operate.html HTTP/1.1" 200 52280
222.69.129.49 - - [03/Jul/2021:09:10:34 +0800] "GET /xingrg/all/function/internal_message.html?_=1625274635421&CODE_STATE=getMsg HTTP/1.1" 200 27
180.162.195.211 - - [03/Jul/2021:09:10:34 +0800] "POST /xingrg/kc/buy/cgsh_order_operate.html HTTP/1.1" 200 37
58.37.5.217 - - [03/Jul/2021:09:10:35 +0800] "GET /xingrg/all/function/internal_message.html?_=1625275166024&CODE_STATE=getMsg HTTP/1.1" 200 27
180.169.147.146 - - [03/Jul/2021:09:10:35 +0800] "POST /xingrg/all/user/operate.html HTTP/1.1" 200 36
180.157.255.9 - - [03/Jul/2021:09:10:35 +0800] "GET /xingrg/all/function/internal_message.html?_=1625274647618&CODE_STATE=getMsg HTTP/1.1" 200 27
222.69.129.49 - - [03/Jul/2021:09:10:35 +0800] "GET /xingrg/kc/buy/cgsh_order_operate.html?command=get_materiel&rest_code=00149&code=00101002027&supplier_code=00100039&order_time=2021-07-03 HTTP/1.1" 200 434
180.169.147.146 - - [03/Jul/2021:09:10:35 +0800] "GET /xingrg/index.html?sysBaseUrl=http%3A%2F%2F180.169.147.146%3A18081%2Fxingrg%2F&costTime=48×tamp=1625274492351 HTTP/1.1" 200 17509
180.169.147.146 - - [03/Jul/2021:09:10:35 +0800] "GET /xingrg/javascript/jquery_easy_ui/themes/default/easyui.css HTTP/1.1" 304 -
180.169.147.146 - - [03/Jul/2021:09:10:35 +0800] "GET /xingrg/javascript/jquery_easy_ui/themes/icon.css HTTP/1.1" 304 -
180.169.147.146 - - [03/Jul/2021:09:10:35 +0800] "GET /xingrg/css/form.css HTTP/1.1" 304 -
180.169.147.146 - - [03/Jul/2021:09:10:35 +0800] "GET /xingrg/javascript/jquery-1.4.2.min.js HTTP/1.1" 304 -
180.169.147.146 - - [03/Jul/2021:09:10:35 +0800] "GET /xingrg/javascript/jquery_easy_ui/jquery.easyui.min.js HTTP/1.1" 304 -
180.169.147.146 - - [03/Jul/2021:09:10:35 +0800] "GET /xingrg/javascript/jquery_easy_ui/easyui-lang-zh_CN.js HTTP/1.1" 304 -
180.169.147.146 - - [03/Jul/2021:09:10:35 +0800] "GET /xingrg/javascript/jquery.form.js HTTP/1.1" 304 -
180.169.147.146 - - [03/Jul/2021:09:10:35 +0800] "GET /xingrg/javascript/jquery.utils.js HTTP/1.1" 304 -
180.169.147.146 - - [03/Jul/2021:09:10:35 +0800] "GET /xingrg/javascript/jquery.timers.js HTTP/1.1" 304 -
180.169.147.146 - - [03/Jul/2021:09:10:35 +0800] "GET /xingrg/images/blue/jxLogo.png HTTP/1.1" 304 -
180.169.147.146 - - [03/Jul/2021:09:10:35 +0800] "GET /xingrg/javascript/jquery_easy_ui/themes/icons/settle_new.png HTTP/1.1" 304 -
180.169.147.146 - - [03/Jul/2021:09:10:35 +0800] "GET /xingrg/images/blue/navBackgound.jpg HTTP/1.1" 304 -
180.169.147.146 - - [03/Jul/2021:09:10:35 +0800] "POST /xingrg/all/common/load_tree.html?tree=area_rest_tree_json&manage=1 HTTP/1.1" 200 3216
180.169.147.146 - - [03/Jul/2021:09:10:35 +0800] "GET /xingrg/javascript/jquery_easy_ui/themes/default/images/tabs_rightarrow.png HTTP/1.1" 304 -
180.169.147.146 - - [03/Jul/2021:09:10:35 +0800] "GET /xingrg/check_reg.html?_=1625274639205 HTTP/1.1" 200 22
180.169.147.146 - - [03/Jul/2021:09:10:35 +0800] "GET /xingrg/images/blue/pingpu.png HTTP/1.1" 304 -
180.169.147.146 - - [03/Jul/2021:09:10:35 +0800] "GET /xingrg/javascript/jquery_easy_ui/themes/default/images/panel_tool_collapse.gif HTTP/1.1" 304 -
180.169.147.146 - - [03/Jul/2021:09:10:35 +0800] "GET /xingrg/javascript/jquery_easy_ui/themes/default/images/panel_tool_expand.gif HTTP/1.1" 304 -
180.169.147.146 - - [03/Jul/2021:09:10:35 +0800] "GET /xingrg/javascript/jquery_easy_ui/themes/default/images/tabs_leftarrow.png HTTP/1.1" 304 -
180.169.147.146 - - [03/Jul/2021:09:10:35 +0800] "GET /xingrg/all/function/internal_message.html?_=1625274639203&CODE_STATE=count HTTP/1.1" 200 11
180.169.147.146 - - [03/Jul/2021:09:10:35 +0800] "POST /xingrg/load_menu.html HTTP/1.1" 200 9959
180.162.195.211 - - [03/Jul/2021:09:10:36 +0800] "POST /xingrg/kc/buy/cgsh_order_operate.html HTTP/1.1" 200 52280
180.169.147.146 - - [03/Jul/2021:09:10:37 +0800] "GET /xingrg/kc/buy/cgsh_order_list.html HTTP/1.1" 200 47198
116.230.117.165 - - [03/Jul/2021:09:10:39 +0800] "GET /xingrg/all/function/internal_message.html?_=1625274664465&CODE_STATE=getMsg HTTP/1.1" 200 27
180.162.195.211 - - [03/Jul/2021:09:10:42 +0800] "GET /xingrg/all/function/internal_message.html?_=1625274645130&CODE_STATE=getMsg HTTP/1.1" 200 27
116.235.95.53 - - [03/Jul/2021:09:10:43 +0800] "GET /xingrg/login.html HTTP/1.1" 200 7641
58.40.7.146 - - [03/Jul/2021:09:10:43 +0800] "GET /xingrg/all/function/internal_message.html?_=1625274643983&CODE_STATE=getMsg HTTP/1.1" 200 27
116.235.95.53 - - [03/Jul/2021:09:10:43 +0800] "GET /favicon.ico HTTP/1.1" 404 -
180.162.195.211 - - [03/Jul/2021:09:10:48 +0800] "GET /xingrg/kc/buy/cgsh_order_add.html HTTP/1.1" 200 62722
180.162.195.211 - - [03/Jul/2021:09:10:48 +0800] "POST /xingrg/kc/buy/cgsh_order_operate.html HTTP/1.1" 200 8245
180.162.195.211 - - [03/Jul/2021:09:10:48 +0800] "GET /xingrg/javascript/easyui/themes/default/validatebox.css HTTP/1.1" 404 1104
180.162.195.211 - - [03/Jul/2021:09:10:50 +0800] "GET /xingrg/all/function/internal_message.html?_=1625274621907&CODE_STATE=getMsg HTTP/1.1" 200 27
180.169.147.146 - - [03/Jul/2021:09:10:54 +0800] "GET /xingrg/all/function/internal_message.html?_=1625274656144&CODE_STATE=getMsg HTTP/1.1" 200 27
116.235.222.38 - - [03/Jul/2021:09:10:54 +0800] "POST /xingrg/services/DataTransmitService HTTP/1.1" 200 524
116.235.222.38 - - [03/Jul/2021:09:10:55 +0800] "POST /xingrg/services/DataTransmitService HTTP/1.1" 200 497
116.230.117.165 - - [03/Jul/2021:09:10:56 +0800] "GET /xingrg/all/function/internal_message.html?_=1625274655662&CODE_STATE=getMsg HTTP/1.1" 302 -
180.162.195.211 - - [03/Jul/2021:09:10:57 +0800] "GET /xingrg/kc/buy/cgsh_order_operate.html?command=get_materiel&rest_code=00105&code=00101007061&supplier_code=00100002&order_time=2021-07-03 HTTP/1.1" 200 409
116.230.117.165 - - [03/Jul/2021:09:11:02 +0800] "POST /xingrg/kc/buy/cgsh_list_operate.html HTTP/1.1" 200 5473
116.230.117.165 - - [03/Jul/2021:09:11:02 +0800] "GET /xingrg/kc/buy/cgsh_order_list.html HTTP/1.1" 200 46943
116.235.222.38 - - [03/Jul/2021:09:11:03 +0800] "POST /xingrg/services/DataTransmitService HTTP/1.1" 200 524
116.230.117.165 - - [03/Jul/2021:09:11:03 +0800] "POST /xingrg/kc/buy/cgsh_list_operate.html HTTP/1.1" 200 876
180.169.147.146 - - [03/Jul/2021:09:11:04 +0800] "POST /xingrg/kc/buy/cgsh_list_operate.html HTTP/1.1" 200 5193
116.230.117.165 - - [03/Jul/2021:09:11:04 +0800] "GET /xingrg/javascript/convert.js HTTP/1.1" 304 -
116.230.117.165 - - [03/Jul/2021:09:11:04 +0800] "GET /xingrg/javascript/jquery_tools/order_manager.js HTTP/1.1" 304 -
116.230.117.165 - - [03/Jul/2021:09:11:04 +0800] "GET /xingrg/javascript/json2.js HTTP/1.1" 304 -
116.230.117.165 - - [03/Jul/2021:09:11:04 +0800] "GET /xingrg/javascript/pic_change.js HTTP/1.1" 304 -
116.230.117.165 - - [03/Jul/2021:09:11:04 +0800] "GET /xingrg/kc/buy/cgsh_order_add.html HTTP/1.1" 200 62681
116.230.117.165 - - [03/Jul/2021:09:11:04 +0800] "GET /xingrg/javascript/print/kc_print.js HTTP/1.1" 304 -
116.230.117.165 - - [03/Jul/2021:09:11:04 +0800] "GET /xingrg/words/20210702130242_words.js HTTP/1.1" 304 -
116.230.117.165 - - [03/Jul/2021:09:11:04 +0800] "GET /xingrg/javascript/easyui/themes/icons/copy_new.png HTTP/1.1" 304 -
116.230.117.165 - - [03/Jul/2021:09:11:04 +0800] "GET /xingrg/javascript/easyui/themes/icons/print.png HTTP/1.1" 304 -
116.230.117.165 - - [03/Jul/2021:09:11:04 +0800] "GET /xingrg/javascript/easyui/themes/default/images/menu_downarrow.png HTTP/1.1" 304 -
116.230.117.165 - - [03/Jul/2021:09:11:04 +0800] "GET /xingrg/javascript/easyui/themes/icons/template_new.png HTTP/1.1" 304 -
116.230.117.165 - - [03/Jul/2021:09:11:04 +0800] "GET /xingrg/javascript/easyui/themes/icons/ok.png HTTP/1.1" 304 -
116.230.117.165 - - [03/Jul/2021:09:11:04 +0800] "GET /xingrg/javascript/easyui/themes/icons/cancel.png HTTP/1.1" 304 -
116.230.117.165 - - [03/Jul/2021:09:11:05 +0800] "POST /xingrg/kc/buy/cgsh_order_operate.html HTTP/1.1" 200 8245
116.230.117.165 - - [03/Jul/2021:09:11:05 +0800] "GET /xingrg/all/common/auto_word.html?type=employee&rest_code=00146 HTTP/1.1" 200 101
116.230.117.165 - - [03/Jul/2021:09:11:05 +0800] "GET /xingrg/all/common/auto_word.html?type=employee&rest_code=00146 HTTP/1.1" 200 101
116.230.117.165 - - [03/Jul/2021:09:11:05 +0800] "GET /xingrg/javascript/easyui/themes/default/validatebox.css HTTP/1.1" 404 1104
116.230.117.165 - - [03/Jul/2021:09:11:05 +0800] "GET /xingrg/javascript/easyui/plugins/jquery.validatebox.js HTTP/1.1" 304 -
116.230.117.165 - - [03/Jul/2021:09:11:05 +0800] "GET /xingrg/javascript/easyui/plugins/jquery.numberbox.js HTTP/1.1" 304 -
116.235.222.38 - - [03/Jul/2021:09:11:06 +0800] "POST /xingrg/services/DataTransmitService HTTP/1.1" 200 501
116.235.222.38 - - [03/Jul/2021:09:11:06 +0800] "POST /xingrg/services/DataTransmitService HTTP/1.1" 200 501
116.235.222.38 - - [03/Jul/2021:09:11:07 +0800] "POST /xingrg/services/DataTransmitService HTTP/1.1" 200 501
116.235.222.38 - - [03/Jul/2021:09:11:07 +0800] "POST /xingrg/services/DataTransmitService HTTP/1.1" 200 501
116.235.222.38 - - [03/Jul/2021:09:11:08 +0800] "POST /xingrg/services/DataTransmitService HTTP/1.1" 200 501
116.235.222.38 - - [03/Jul/2021:09:11:08 +0800] "POST /xingrg/services/DataTransmitService HTTP/1.1" 200 501
116.224.253.72 - - [03/Jul/2021:09:11:08 +0800] "GET /xingrg/kc/buy/cgsh_order_operate.html?command=get_materiel&rest_code=00150&code=00101006181&supplier_code=00100096&order_time=2021-07-03 HTTP/1.1" 200 408
116.235.222.38 - - [03/Jul/2021:09:11:08 +0800] "POST /xingrg/services/DataTransmitService HTTP/1.1" 200 501
116.235.222.38 - - [03/Jul/2021:09:11:09 +0800] "POST /xingrg/services/DataTransmitService HTTP/1.1" 200 501
222.70.176.145 - - [03/Jul/2021:09:11:09 +0800] "GET /xingrg/all/function/internal_message.html?_=1625274668491&CODE_STATE=getMsg HTTP/1.1" 200 27
116.235.222.38 - - [03/Jul/2021:09:11:09 +0800] "POST /xingrg/services/DataTransmitService HTTP/1.1" 200 501
116.235.222.38 - - [03/Jul/2021:09:11:09 +0800] "POST /xingrg/services/DataTransmitService HTTP/1.1" 200 412
58.40.7.146 - - [03/Jul/2021:09:11:11 +0800] "GET /xingrg/all/function/internal_message.html?_=1625274672553&CODE_STATE=getMsg HTTP/1.1" 200 27
180.169.147.146 - - [03/Jul/2021:09:11:12 +0800] "GET /xingrg/javascript/auto/indicator.gif HTTP/1.1" 404 1066
180.169.147.146 - - [03/Jul/2021:09:11:14 +0800] "GET /xingrg/check_reg.html?_=1625274683026 HTTP/1.1" 200 22
180.169.147.146 - - [03/Jul/2021:09:11:14 +0800] "GET /xingrg/all/function/internal_message.html?_=1625274683029&CODE_STATE=getMsg HTTP/1.1" 200 27
180.169.147.146 - - [03/Jul/2021:09:11:15 +0800] "GET /xingrg/all/function/internal_message.html?_=1625274676336&CODE_STATE=getMsg HTTP/1.1" 200 27
180.169.147.146 - - [03/Jul/2021:09:11:16 +0800] "POST /xingrg/kc/buy/cgsh_list_operate.html HTTP/1.1" 200 5711
222.69.129.49 - - [03/Jul/2021:09:11:20 +0800] "GET /xingrg/kc/buy/cgsh_order_operate.html?command=get_materiel&rest_code=00149&code=00101002022&supplier_code=00100039&order_time=2021-07-03 HTTP/1.1" 200 431
116.224.253.72 - - [03/Jul/2021:09:11:24 +0800] "GET /xingrg/all/function/internal_message.html?_=1625274678756&CODE_STATE=getMsg HTTP/1.1" 200 27
180.162.195.211 - - [03/Jul/2021:09:11:26 +0800] "GET /xingrg/kc/buy/cgsh_order_operate.html?command=get_materiel&rest_code=00105&code=00101007081&supplier_code=00100002&order_time=2021-07-03 HTTP/1.1" 200 433
116.230.110.80 - - [03/Jul/2021:09:11:26 +0800] "GET /xingrg/all/function/internal_message.html?_=1625274685385&CODE_STATE=getMsg HTTP/1.1" 200 27
116.230.117.165 - - [03/Jul/2021:09:11:27 +0800] "GET /xingrg/kc/buy/cgsh_order_operate.html?command=get_materiel&rest_code=00146&code=00101008176&supplier_code=00100005&order_time=2021-07-03 HTTP/1.1" 200 412
116.224.253.72 - - [03/Jul/2021:09:11:28 +0800] "GET /xingrg/all/function/internal_message.html?_=1625274684975&CODE_STATE=getMsg HTTP/1.1" 200 27
222.69.129.49 - - [03/Jul/2021:09:11:34 +0800] "GET /xingrg/kc/buy/cgsh_order_operate.html?command=get_materiel&rest_code=00149&code=00101001044&supplier_code=00100039&order_time=2021-07-03 HTTP/1.1" 200 411
222.69.129.49 - - [03/Jul/2021:09:11:34 +0800] "GET /xingrg/all/function/internal_message.html?_=1625274695408&CODE_STATE=getMsg HTTP/1.1" 200 27
58.37.5.217 - - [03/Jul/2021:09:11:35 +0800] "GET /xingrg/all/function/internal_message.html?_=1625275226058&CODE_STATE=getMsg HTTP/1.1" 200 27
180.162.195.211 - - [03/Jul/2021:09:11:35 +0800] "GET /xingrg/kc/buy/cgsh_order_operate.html?command=get_materiel&rest_code=00105&code=00101007128&supplier_code=00100002&order_time=2021-07-03 HTTP/1.1" 200 406
222.70.176.145 - - [03/Jul/2021:09:11:35 +0800] "GET /xingrg/kc/buy/cgsh_order_operate.html?command=get_materiel&rest_code=00111&code=00101016104&supplier_code=00100012&order_time=2021-07-03 HTTP/1.1" 200 409
180.157.255.9 - - [03/Jul/2021:09:11:35 +0800] "GET /xingrg/all/function/internal_message.html?_=1625274707615&CODE_STATE=getMsg HTTP/1.1" 200 27
180.169.147.146 - - [03/Jul/2021:09:11:35 +0800] "GET /xingrg/all/function/internal_message.html?_=1625274699211&CODE_STATE=getMsg HTTP/1.1" 200 27
116.230.117.165 - - [03/Jul/2021:09:11:39 +0800] "GET /xingrg/all/function/internal_message.html?_=1625274724587&CODE_STATE=getMsg HTTP/1.1" 200 27
180.162.195.211 - - [03/Jul/2021:09:11:42 +0800] "GET /xingrg/check_reg.html?_=1625274705011 HTTP/1.1" 200 22
180.162.195.211 - - [03/Jul/2021:09:11:42 +0800] "GET /xingrg/all/function/internal_message.html?_=1625274705012&CODE_STATE=getMsg HTTP/1.1" 200 27
116.224.253.72 - - [03/Jul/2021:09:11:42 +0800] "GET /xingrg/kc/buy/cgsh_order_operate.html?command=get_materiel&rest_code=00150&code=00101012033&supplier_code=00100096&order_time=2021-07-03 HTTP/1.1" 200 426
58.40.7.146 - - [03/Jul/2021:09:11:43 +0800] "GET /xingrg/all/function/internal_message.html?_=1625274703985&CODE_STATE=getMsg HTTP/1.1" 200 27
116.230.117.165 - - [03/Jul/2021:09:11:44 +0800] "GET /xingrg/kc/buy/cgsh_order_operate.html?command=get_materiel&rest_code=00146&code=00101008048&supplier_code=00100005&order_time=2021-07-03 HTTP/1.1" 200 420
180.162.195.211 - - [03/Jul/2021:09:11:50 +0800] "GET /xingrg/check_reg.html?_=1625274681916 HTTP/1.1" 200 22
180.162.195.211 - - [03/Jul/2021:09:11:50 +0800] "GET /xingrg/all/function/internal_message.html?_=1625274681919&CODE_STATE=getMsg HTTP/1.1" 200 27
180.162.195.211 - - [03/Jul/2021:09:11:53 +0800] "POST /xingrg/kc/buy/cgsh_order_operate.html HTTP/1.1" 200 37
222.69.129.49 - - [03/Jul/2021:09:11:53 +0800] "GET /xingrg/kc/buy/cgsh_order_operate.html?command=get_materiel&rest_code=00149&code=00101010161&supplier_code=00100039&order_time=2021-07-03 HTTP/1.1" 200 411
180.162.195.211 - - [03/Jul/2021:09:11:54 +0800] "POST /xingrg/kc/buy/cgsh_order_operate.html HTTP/1.1" 200 3831
180.169.147.146 - - [03/Jul/2021:09:11:54 +0800] "GET /xingrg/all/function/internal_message.html?_=1625274716175&CODE_STATE=getMsg HTTP/1.1" 200 27
180.162.195.211 - - [03/Jul/2021:09:11:55 +0800] "GET /xingrg/kc/print/load_data.html?order_code=212021070300962&kc_code=cgsh&condition= HTTP/1.1" 200 1186
116.230.117.165 - - [03/Jul/2021:09:11:56 +0800] "GET /xingrg/all/function/internal_message.html?_=1625274715671&CODE_STATE=getMsg HTTP/1.1" 302 -
116.230.117.165 - - [03/Jul/2021:09:11:56 +0800] "GET /xingrg/kc/buy/cgsh_order_operate.html?command=get_materiel&rest_code=00146&code=00101008017&supplier_code=00100005&order_time=2021-07-03 HTTP/1.1" 200 416
222.70.176.145 - - [03/Jul/2021:09:11:59 +0800] "GET /xingrg/kc/buy/cgsh_order_operate.html?command=get_materiel&rest_code=00111&code=00101006055&supplier_code=00100012&order_time=2021-07-03 HTTP/1.1" 200 409
116.224.253.72 - - [03/Jul/2021:09:11:59 +0800] "GET /xingrg/kc/buy/cgsh_order_operate.html?command=get_materiel&rest_code=00150&code=00101006168&supplier_code=00100096&order_time=2021-07-03 HTTP/1.1" 200 442
116.230.117.165 - - [03/Jul/2021:09:12:08 +0800] "GET /xingrg/kc/buy/cgsh_order_operate.html?command=get_materiel&rest_code=00146&code=00101008332&supplier_code=00100005&order_time=2021-07-03 HTTP/1.1" 200 412
222.70.176.145 - - [03/Jul/2021:09:12:09 +0800] "GET /xingrg/all/function/internal_message.html?_=1625274728492&CODE_STATE=getMsg HTTP/1.1" 200 27
58.40.7.146 - - [03/Jul/2021:09:12:11 +0800] "GET /xingrg/all/function/internal_message.html?_=1625274732554&CODE_STATE=getMsg HTTP/1.1" 200 27
222.70.176.145 - - [03/Jul/2021:09:12:13 +0800] "GET /xingrg/kc/buy/cgsh_order_operate.html?command=get_materiel&rest_code=00111&code=00101006056&supplier_code=00100012&order_time=2021-07-03 HTTP/1.1" 200 413
180.169.147.146 - - [03/Jul/2021:09:12:14 +0800] "GET /xingrg/all/function/internal_message.html?_=1625274743034&CODE_STATE=getMsg HTTP/1.1" 200 27
180.169.147.146 - - [03/Jul/2021:09:12:15 +0800] "GET /xingrg/all/function/internal_message.html?_=1625274736344&CODE_STATE=getMsg HTTP/1.1" 200 27
222.69.129.49 - - [03/Jul/2021:09:12:15 +0800] "GET /xingrg/kc/buy/cgsh_order_operate.html?command=get_materiel&rest_code=00149&code=00101003025&supplier_code=00100039&order_time=2021-07-03 HTTP/1.1" 200 409
116.230.117.165 - - [03/Jul/2021:09:12:18 +0800] "GET /xingrg/check_reg.html?_=1625274763666 HTTP/1.1" 200 22
116.230.117.165 - - [03/Jul/2021:09:12:20 +0800] "GET /xingrg/kc/buy/cgsh_order_operate.html?command=get_materiel&rest_code=00146&code=00101008087&supplier_code=00100005&order_time=2021-07-03 HTTP/1.1" 200 412
222.70.176.145 - - [03/Jul/2021:09:12:24 +0800] "GET /xingrg/kc/buy/cgsh_order_operate.html?command=get_materiel&rest_code=00111&code=00101006065&supplier_code=00100012&order_time=2021-07-03 HTTP/1.1" 200 409
116.224.253.72 - - [03/Jul/2021:09:12:24 +0800] "GET /xingrg/all/function/internal_message.html?_=1625274738969&CODE_STATE=getMsg HTTP/1.1" 200 27
116.230.110.80 - - [03/Jul/2021:09:12:26 +0800] "GET /xingrg/all/function/internal_message.html?_=1625274745392&CODE_STATE=getMsg HTTP/1.1" 200 27
222.69.129.49 - - [03/Jul/2021:09:12:27 +0800] "GET /xingrg/kc/buy/cgsh_order_operate.html?command=get_materiel&rest_code=00149&code=00101005037&supplier_code=00100039&order_time=2021-07-03 HTTP/1.1" 200 429
116.224.253.72 - - [03/Jul/2021:09:12:28 +0800] "GET /xingrg/check_reg.html?_=1625274744985 HTTP/1.1" 200 22
116.224.253.72 - - [03/Jul/2021:09:12:28 +0800] "GET /xingrg/all/function/internal_message.html?_=1625274744983&CODE_STATE=getMsg HTTP/1.1" 200 27
180.162.195.211 - - [03/Jul/2021:09:12:29 +0800] "GET /xingrg/kc/buy/cgsh_order_add.html HTTP/1.1" 200 62722
180.162.195.211 - - [03/Jul/2021:09:12:30 +0800] "GET /xingrg/javascript/easyui/themes/default/validatebox.css HTTP/1.1" 404 1104
180.162.195.211 - - [03/Jul/2021:09:12:30 +0800] "POST /xingrg/kc/buy/cgsh_order_operate.html HTTP/1.1" 200 8245
58.40.7.146 - - [03/Jul/2021:09:12:33 +0800] "GET /xingrg/check_reg.html?_=1625274754489 HTTP/1.1" 200 22
222.69.129.49 - - [03/Jul/2021:09:12:34 +0800] "GET /xingrg/all/function/internal_message.html?_=1625274755414&CODE_STATE=getMsg HTTP/1.1" 200 27
58.37.5.217 - - [03/Jul/2021:09:12:35 +0800] "GET /xingrg/check_reg.html?_=1625275286042 HTTP/1.1" 200 22
58.37.5.217 - - [03/Jul/2021:09:12:35 +0800] "GET /xingrg/all/function/internal_message.html?_=1625275286044&CODE_STATE=getMsg HTTP/1.1" 200 27
180.157.255.9 - - [03/Jul/2021:09:12:35 +0800] "GET /xingrg/all/function/internal_message.html?_=1625274767614&CODE_STATE=getMsg HTTP/1.1" 200 27
180.169.147.146 - - [03/Jul/2021:09:12:35 +0800] "GET /xingrg/all/function/internal_message.html?_=1625274759213&CODE_STATE=getMsg HTTP/1.1" 200 27
116.230.117.165 - - [03/Jul/2021:09:12:39 +0800] "GET /xingrg/all/function/internal_message.html?_=1625274784601&CODE_STATE=getMsg HTTP/1.1" 200 27
222.70.176.145 - - [03/Jul/2021:09:12:39 +0800] "GET /xingrg/kc/buy/cgsh_order_operate.html?command=get_materiel&rest_code=00111&code=00101011010&supplier_code=00100012&order_time=2021-07-03 HTTP/1.1" 200 439
222.69.129.49 - - [03/Jul/2021:09:12:39 +0800] "GET /xingrg/kc/buy/cgsh_order_operate.html?command=get_materiel&rest_code=00149&code=00101001010&supplier_code=00100039&order_time=2021-07-03 HTTP/1.1" 200 409
180.162.195.211 - - [03/Jul/2021:09:12:42 +0800] "GET /xingrg/all/function/internal_message.html?_=1625274764995&CODE_STATE=getMsg HTTP/1.1" 200 27
58.40.7.146 - - [03/Jul/2021:09:12:43 +0800] "GET /xingrg/all/function/internal_message.html?_=1625274763991&CODE_STATE=getMsg HTTP/1.1" 200 27
222.70.176.145 - - [03/Jul/2021:09:12:49 +0800] "POST /xingrg/kc/buy/cgsh_order_operate.html HTTP/1.1" 200 37
180.162.195.211 - - [03/Jul/2021:09:12:50 +0800] "GET /xingrg/all/function/internal_message.html?_=1625274741905&CODE_STATE=getMsg HTTP/1.1" 200 27
180.162.195.211 - - [03/Jul/2021:09:12:51 +0800] "GET /xingrg/kc/buy/cgsh_order_operate.html?command=get_materiel&rest_code=00105&code=00101005009&supplier_code=00100397&order_time=2021-07-03 HTTP/1.1" 200 413
222.70.176.145 - - [03/Jul/2021:09:12:51 +0800] "POST /xingrg/kc/buy/cgsh_order_operate.html HTTP/1.1" 200 6818
222.70.176.145 - - [03/Jul/2021:09:12:52 +0800] "GET /xingrg/kc/print/load_config.html?kc_code=cgsh HTTP/1.1" 200 1845
222.70.176.145 - - [03/Jul/2021:09:12:53 +0800] "GET /xingrg/kc/print/load_data.html?order_code=212021070300963&kc_code=cgsh&condition= HTTP/1.1" 200 2359
180.169.147.146 - - [03/Jul/2021:09:12:54 +0800] "GET /xingrg/all/function/internal_message.html?_=1625274776187&CODE_STATE=getMsg HTTP/1.1" 200 27
116.230.117.165 - - [03/Jul/2021:09:12:56 +0800] "GET /xingrg/check_reg.html?_=1625274775654 HTTP/1.1" 302 -
116.230.117.165 - - [03/Jul/2021:09:12:56 +0800] "GET /xingrg/all/function/internal_message.html?_=1625274775655&CODE_STATE=getMsg HTTP/1.1" 302 -
116.224.253.72 - - [03/Jul/2021:09:12:59 +0800] "GET /xingrg/kc/buy/cgsh_order_operate.html?command=get_materiel&rest_code=00150&code=00101006124&supplier_code=00100096&order_time=2021-07-03 HTTP/1.1" 200 409
180.169.147.146 - - [03/Jul/2021:09:13:02 +0800] "GET /xingrg/check_reg.html?_=1625274778046 HTTP/1.1" 200 22
222.70.176.145 - - [03/Jul/2021:09:13:04 +0800] "GET /xingrg/kc/buy/cgsh_order_add.html HTTP/1.1" 200 62675
180.162.195.211 - - [03/Jul/2021:09:13:05 +0800] "GET /xingrg/kc/buy/cgsh_order_operate.html?command=get_materiel&rest_code=00105&code=00101002027&supplier_code=00100397&order_time=2021-07-03 HTTP/1.1" 200 432
222.70.176.145 - - [03/Jul/2021:09:13:05 +0800] "POST /xingrg/kc/buy/cgsh_order_operate.html HTTP/1.1" 200 8245
222.70.176.145 - - [03/Jul/2021:09:13:05 +0800] "GET /xingrg/javascript/easyui/themes/default/validatebox.css HTTP/1.1" 404 1104
116.224.253.72 - - [03/Jul/2021:09:13:08 +0800] "GET /xingrg/kc/buy/cgsh_order_operate.html?command=get_materiel&rest_code=00150&code=00101006055&supplier_code=00100096&order_time=2021-07-03 HTTP/1.1" 200 409
222.70.176.145 - - [03/Jul/2021:09:13:09 +0800] "GET /xingrg/all/function/internal_message.html?_=1625274788497&CODE_STATE=getMsg HTTP/1.1" 200 27
58.40.7.146 - - [03/Jul/2021:09:13:11 +0800] "GET /xingrg/all/function/internal_message.html?_=1625274792557&CODE_STATE=getMsg HTTP/1.1" 200 27
180.162.195.211 - - [03/Jul/2021:09:13:13 +0800] "GET /xingrg/kc/buy/cgsh_order_operate.html?command=get_materiel&rest_code=00105&code=00101002022&supplier_code=00100397&order_time=2021-07-03 HTTP/1.1" 200 429
180.169.147.146 - - [03/Jul/2021:09:13:14 +0800] "GET /xingrg/all/function/internal_message.html?_=1625274803033&CODE_STATE=getMsg HTTP/1.1" 200 27
180.169.147.146 - - [03/Jul/2021:09:13:15 +0800] "GET /xingrg/all/function/internal_message.html?_=1625274796369&CODE_STATE=getMsg HTTP/1.1" 200 27
222.69.129.49 - - [03/Jul/2021:09:13:18 +0800] "POST /xingrg/kc/buy/cgsh_order_operate.html HTTP/1.1" 200 37
222.70.176.145 - - [03/Jul/2021:09:13:19 +0800] "GET /xingrg/kc/buy/cgsh_order_operate.html?command=get_materiel&rest_code=00111&code=00101007061&supplier_code=00100004&order_time=2021-07-03 HTTP/1.1" 200 409
222.69.129.49 - - [03/Jul/2021:09:13:21 +0800] "POST /xingrg/kc/buy/cgsh_order_operate.html HTTP/1.1" 200 12
222.69.129.49 - - [03/Jul/2021:09:13:23 +0800] "GET /xingrg/kc/buy/cgsh_order_info.html?code=212021070300964 HTTP/1.1" 200 57636
222.69.129.49 - - [03/Jul/2021:09:13:23 +0800] "GET /xingrg/javascript/easyui/themes/default/validatebox.css HTTP/1.1" 404 1104
222.69.129.49 - - [03/Jul/2021:09:13:24 +0800] "POST /xingrg/kc/buy/cgsh_order_operate.html HTTP/1.1" 200 4744
116.224.253.72 - - [03/Jul/2021:09:13:24 +0800] "GET /xingrg/all/function/internal_message.html?_=1625274798970&CODE_STATE=getMsg HTTP/1.1" 200 27
116.224.253.72 - - [03/Jul/2021:09:13:25 +0800] "GET /xingrg/kc/buy/cgsh_order_operate.html?command=get_materiel&rest_code=00150&code=00101016104&supplier_code=00100096&order_time=2021-07-03 HTTP/1.1" 200 410
222.69.129.49 - - [03/Jul/2021:09:13:26 +0800] "GET /xingrg/kc/print/load_data.html?order_code=212021070300964&kc_code=cgsh&condition= HTTP/1.1" 200 2296
180.162.195.211 - - [03/Jul/2021:09:13:26 +0800] "GET /xingrg/kc/buy/cgsh_order_operate.html?command=get_materiel&rest_code=00105&code=00101001061&supplier_code=00100397&order_time=2021-07-03 HTTP/1.1" 200 417
116.230.110.80 - - [03/Jul/2021:09:13:26 +0800] "GET /xingrg/all/function/internal_message.html?_=1625274805382&CODE_STATE=getMsg HTTP/1.1" 200 27
116.230.110.80 - - [03/Jul/2021:09:13:26 +0800] "GET /xingrg/check_reg.html?_=1625274805384 HTTP/1.1" 200 22
116.224.253.72 - - [03/Jul/2021:09:13:28 +0800] "GET /xingrg/all/function/internal_message.html?_=1625274804988&CODE_STATE=getMsg HTTP/1.1" 200 27
222.70.176.145 - - [03/Jul/2021:09:13:32 +0800] "GET /xingrg/kc/buy/cgsh_order_operate.html?command=get_materiel&rest_code=00111&code=00101007076&supplier_code=00100004&order_time=2021-07-03 HTTP/1.1" 200 408
222.69.129.49 - - [03/Jul/2021:09:13:34 +0800] "GET /xingrg/all/function/internal_message.html?_=1625274815445&CODE_STATE=getMsg HTTP/1.1" 200 27
222.69.129.49 - - [03/Jul/2021:09:13:34 +0800] "GET /xingrg/check_reg.html?_=1625274815449 HTTP/1.1" 200 22
58.37.5.217 - - [03/Jul/2021:09:13:35 +0800] "GET /xingrg/all/function/internal_message.html?_=1625275346043&CODE_STATE=getMsg HTTP/1.1" 200 27
180.157.255.9 - - [03/Jul/2021:09:13:35 +0800] "GET /xingrg/all/function/internal_message.html?_=1625274827614&CODE_STATE=getMsg HTTP/1.1" 200 27
180.157.255.9 - - [03/Jul/2021:09:13:35 +0800] "GET /xingrg/check_reg.html?_=1625274827616 HTTP/1.1" 200 22
180.169.147.146 - - [03/Jul/2021:09:13:35 +0800] "GET /xingrg/all/function/internal_message.html?_=1625274819214&CODE_STATE=getMsg HTTP/1.1" 200 27
116.224.253.72 - - [03/Jul/2021:09:13:38 +0800] "GET /xingrg/kc/buy/cgsh_order_operate.html?command=get_materiel&rest_code=00150&code=00101006109&supplier_code=00100096&order_time=2021-07-03 HTTP/1.1" 200 409
116.230.117.165 - - [03/Jul/2021:09:13:39 +0800] "GET /xingrg/all/function/internal_message.html?_=1625274844692&CODE_STATE=getMsg HTTP/1.1" 200 27
116.230.117.165 - - [03/Jul/2021:09:13:41 +0800] "GET /xingrg/kc/buy/cgsh_order_operate.html?command=get_materiel&rest_code=00146&code=00101008361&supplier_code=00100005&order_time=2021-07-03 HTTP/1.1" 200 408
180.162.195.211 - - [03/Jul/2021:09:13:42 +0800] "GET /xingrg/all/function/internal_message.html?_=1625274824988&CODE_STATE=getMsg HTTP/1.1" 200 27
58.40.7.146 - - [03/Jul/2021:09:13:43 +0800] "GET /xingrg/all/function/internal_message.html?_=1625274823979&CODE_STATE=getMsg HTTP/1.1" 200 27
180.162.195.211 - - [03/Jul/2021:09:13:50 +0800] "GET /xingrg/all/function/internal_message.html?_=1625274801905&CODE_STATE=getMsg HTTP/1.1" 200 27
116.224.253.72 - - [03/Jul/2021:09:13:53 +0800] "GET /xingrg/kc/buy/cgsh_order_operate.html?command=get_materiel&rest_code=00150&code=00101006111&supplier_code=00100096&order_time=2021-07-03 HTTP/1.1" 200 409
180.169.147.146 - - [03/Jul/2021:09:13:54 +0800] "GET /xingrg/all/function/internal_message.html?_=1625274836212&CODE_STATE=getMsg HTTP/1.1" 200 27
116.230.117.165 - - [03/Jul/2021:09:13:55 +0800] "GET /xingrg/kc/buy/cgsh_order_operate.html?command=get_materiel&rest_code=00146&code=00101008004&supplier_code=00100005&order_time=2021-07-03 HTTP/1.1" 200 416
116.230.117.165 - - [03/Jul/2021:09:13:56 +0800] "GET /xingrg/all/function/internal_message.html?_=1625274835654&CODE_STATE=getMsg HTTP/1.1" 302 -
180.162.195.211 - - [03/Jul/2021:09:14:02 +0800] "POST /xingrg/kc/buy/cgsh_order_operate.html HTTP/1.1" 200 37
180.169.147.146 - - [03/Jul/2021:09:14:02 +0800] "GET /xingrg/check_reg.html?_=1625274844016 HTTP/1.1" 200 22
180.162.195.211 - - [03/Jul/2021:09:14:03 +0800] "POST /xingrg/kc/buy/cgsh_order_operate.html HTTP/1.1" 200 4441
180.162.195.211 - - [03/Jul/2021:09:14:05 +0800] "GET /xingrg/kc/print/load_data.html?order_code=212021070300965&kc_code=cgsh&condition= HTTP/1.1" 200 1356
116.230.117.165 - - [03/Jul/2021:09:14:06 +0800] "GET /xingrg/kc/buy/cgsh_order_operate.html?command=get_materiel&rest_code=00146&code=00101008212&supplier_code=00100005&order_time=2021-07-03 HTTP/1.1" 200 412
222.69.129.49 - - [03/Jul/2021:09:14:07 +0800] "GET /xingrg/kc/buy/cgsh_order_add.html HTTP/1.1" 200 62728
222.69.129.49 - - [03/Jul/2021:09:14:07 +0800] "POST /xingrg/kc/buy/cgsh_order_operate.html HTTP/1.1" 200 8245
222.69.129.49 - - [03/Jul/2021:09:14:07 +0800] "GET /xingrg/javascript/easyui/themes/default/validatebox.css HTTP/1.1" 404 1104
222.70.176.145 - - [03/Jul/2021:09:14:09 +0800] "GET /xingrg/all/function/internal_message.html?_=1625274848503&CODE_STATE=getMsg HTTP/1.1" 200 27
58.40.7.146 - - [03/Jul/2021:09:14:11 +0800] "GET /xingrg/all/function/internal_message.html?_=1625274852558&CODE_STATE=getMsg HTTP/1.1" 200 27
180.169.147.146 - - [03/Jul/2021:09:14:13 +0800] "GET /xingrg/check_reg.html?_=1625274854982 HTTP/1.1" 200 22
180.169.147.146 - - [03/Jul/2021:09:14:14 +0800] "GET /xingrg/all/function/internal_message.html?_=1625274863033&CODE_STATE=getMsg HTTP/1.1" 200 27
180.169.147.146 - - [03/Jul/2021:09:14:15 +0800] "GET /xingrg/all/function/internal_message.html?_=1625274856386&CODE_STATE=getMsg HTTP/1.1" 200 27
116.230.117.165 - - [03/Jul/2021:09:14:15 +0800] "GET /xingrg/kc/buy/cgsh_order_operate.html?command=get_materiel&rest_code=00146&code=00101008296&supplier_code=00100005&order_time=2021-07-03 HTTP/1.1" 200 435
222.69.129.49 - - [03/Jul/2021:09:14:22 +0800] "GET /xingrg/kc/buy/cgsh_order_operate.html?command=get_materiel&rest_code=00149&code=00101007061&supplier_code=00100205&order_time=2021-07-03 HTTP/1.1" 200 409
116.224.253.72 - - [03/Jul/2021:09:14:24 +0800] "GET /xingrg/all/function/internal_message.html?_=1625274858985&CODE_STATE=getMsg HTTP/1.1" 200 27
116.230.110.80 - - [03/Jul/2021:09:14:26 +0800] "GET /xingrg/all/function/internal_message.html?_=1625274865386&CODE_STATE=getMsg HTTP/1.1" 200 27
180.169.147.146 - - [03/Jul/2021:09:14:28 +0800] "GET /xingrg/check_reg.html?_=1625274868704 HTTP/1.1" 302 -
116.224.253.72 - - [03/Jul/2021:09:14:28 +0800] "GET /xingrg/all/function/internal_message.html?_=1625274864982&CODE_STATE=getMsg HTTP/1.1" 200 27
116.230.117.165 - - [03/Jul/2021:09:14:28 +0800] "GET /xingrg/kc/buy/cgsh_order_operate.html?command=get_materiel&rest_code=00146&code=00101008132&supplier_code=00100005&order_time=2021-07-03 HTTP/1.1" 200 408
222.70.176.145 - - [03/Jul/2021:09:14:29 +0800] "GET /xingrg/kc/buy/cgsh_order_operate.html?command=get_materiel&rest_code=00111&code=00101007077&supplier_code=00100004&order_time=2021-07-03 HTTP/1.1" 200 415
222.69.129.49 - - [03/Jul/2021:09:14:34 +0800] "GET /xingrg/all/function/internal_message.html?_=1625274875424&CODE_STATE=getMsg HTTP/1.1" 200 27
58.37.5.217 - - [03/Jul/2021:09:14:35 +0800] "GET /xingrg/all/function/internal_message.html?_=1625275406042&CODE_STATE=getMsg HTTP/1.1" 200 27
116.235.222.38 - - [03/Jul/2021:09:14:35 +0800] "GET /favicon.ico HTTP/1.1" 404 -
180.157.255.9 - - [03/Jul/2021:09:14:35 +0800] "GET /xingrg/all/function/internal_message.html?_=1625274887615&CODE_STATE=getMsg HTTP/1.1" 200 27
180.169.147.146 - - [03/Jul/2021:09:14:35 +0800] "GET /xingrg/all/function/internal_message.html?_=1625274879220&CODE_STATE=getMsg HTTP/1.1" 200 27
116.230.117.165 - - [03/Jul/2021:09:14:39 +0800] "GET /xingrg/all/function/internal_message.html?_=1625274904705&CODE_STATE=getMsg HTTP/1.1" 200 27
222.69.129.49 - - [03/Jul/2021:09:14:39 +0800] "GET /xingrg/kc/buy/cgsh_order_operate.html?command=get_materiel&rest_code=00149&code=00101007083&supplier_code=00100205&order_time=2021-07-03 HTTP/1.1" 200 423
180.162.195.211 - - [03/Jul/2021:09:14:42 +0800] "GET /xingrg/all/function/internal_message.html?_=1625274884979&CODE_STATE=getMsg HTTP/1.1" 200 27
58.40.7.146 - - [03/Jul/2021:09:14:43 +0800] "GET /xingrg/all/function/internal_message.html?_=1625274883981&CODE_STATE=getMsg HTTP/1.1" 200 27
116.230.117.165 - - [03/Jul/2021:09:14:45 +0800] "GET /xingrg/kc/buy/cgsh_order_operate.html?command=get_materiel&rest_code=00146&code=00101008244&supplier_code=00100005&order_time=2021-07-03 HTTP/1.1" 200 408
222.70.176.145 - - [03/Jul/2021:09:14:45 +0800] "GET /xingrg/kc/buy/cgsh_order_operate.html?command=get_materiel&rest_code=00111&code=00101007031&supplier_code=00100004&order_time=2021-07-03 HTTP/1.1" 200 413
180.162.195.211 - - [03/Jul/2021:09:14:50 +0800] "GET /xingrg/all/function/internal_message.html?_=1625274861905&CODE_STATE=getMsg HTTP/1.1" 200 27
116.230.117.165 - - [03/Jul/2021:09:14:54 +0800] "GET /xingrg/kc/buy/cgsh_order_operate.html?command=get_materiel&rest_code=00146&code=00101008354&supplier_code=00100005&order_time=2021-07-03 HTTP/1.1" 200 432
180.169.147.146 - - [03/Jul/2021:09:14:54 +0800] "GET /xingrg/all/function/internal_message.html?_=1625274896214&CODE_STATE=getMsg HTTP/1.1" 200 27
116.230.117.165 - - [03/Jul/2021:09:14:56 +0800] "GET /xingrg/all/function/internal_message.html?_=1625274895652&CODE_STATE=getMsg HTTP/1.1" 302 -
116.235.222.38 - - [03/Jul/2021:09:14:56 +0800] "GET /xingrg/login.html HTTP/1.1" 200 7641
222.70.176.145 - - [03/Jul/2021:09:14:57 +0800] "GET /xingrg/kc/buy/cgsh_order_operate.html?command=get_materiel&rest_code=00111&code=00101007059&supplier_code=00100004&order_time=2021-07-03 HTTP/1.1" 200 409
116.235.222.38 - - [03/Jul/2021:09:15:00 +0800] "GET /favicon.ico HTTP/1.1" 404 -
222.69.129.49 - - [03/Jul/2021:09:15:03 +0800] "GET /xingrg/kc/buy/cgsh_order_operate.html?command=get_materiel&rest_code=00149&code=00101007125&supplier_code=00100205&order_time=2021-07-03 HTTP/1.1" 200 408
116.230.117.165 - - [03/Jul/2021:09:15:04 +0800] "GET /xingrg/kc/buy/cgsh_order_operate.html?command=get_materiel&rest_code=00146&code=00101008028&supplier_code=00100005&order_time=2021-07-03 HTTP/1.1" 200 412
116.224.253.72 - - [03/Jul/2021:09:15:10 +0800] "GET /xingrg/check_reg.html?_=1625274904353 HTTP/1.1" 200 22
116.235.222.38 - - [03/Jul/2021:09:15:10 +0800] "POST /xingrg/login.do HTTP/1.1" 302 -
116.235.222.38 - - [03/Jul/2021:09:15:10 +0800] "GET /xingrg/index.html?sysBaseUrl=http%3A%2F%2F180.169.147.146%3A18081%2Fxingrg%2F&costTime=46×tamp=1625274910664 HTTP/1.1" 200 17179
58.40.7.146 - - [03/Jul/2021:09:15:11 +0800] "GET /xingrg/all/function/internal_message.html?_=1625274912559&CODE_STATE=getMsg HTTP/1.1" 200 27
116.235.222.38 - - [03/Jul/2021:09:15:11 +0800] "GET /favicon.ico HTTP/1.1" 404 -
58.40.7.146 - - [03/Jul/2021:09:15:11 +0800] "GET /xingrg/check_reg.html?_=1625274912560 HTTP/1.1" 200 22
222.70.176.145 - - [03/Jul/2021:09:15:12 +0800] "POST /xingrg/kc/buy/cgsh_order_operate.html HTTP/1.1" 200 37
116.235.222.38 - - [03/Jul/2021:09:15:12 +0800] "POST /xingrg/all/common/load_tree.html?tree=area_rest_tree_json&manage=1 HTTP/1.1" 200 476
116.235.222.38 - - [03/Jul/2021:09:15:13 +0800] "GET /xingrg/all/function/internal_message.html?_=1625274903685&CODE_STATE=count HTTP/1.1" 200 11
116.235.222.38 - - [03/Jul/2021:09:15:13 +0800] "GET /xingrg/check_reg.html?_=1625274903695 HTTP/1.1" 200 22
116.235.222.38 - - [03/Jul/2021:09:15:13 +0800] "POST /xingrg/load_menu.html HTTP/1.1" 200 5138
180.169.147.146 - - [03/Jul/2021:09:15:14 +0800] "GET /xingrg/all/function/internal_message.html?_=1625274923034&CODE_STATE=getMsg HTTP/1.1" 200 27
180.169.147.146 - - [03/Jul/2021:09:15:15 +0800] "GET /xingrg/all/function/internal_message.html?_=1625274916401&CODE_STATE=getMsg HTTP/1.1" 200 27
222.70.176.145 - - [03/Jul/2021:09:15:15 +0800] "POST /xingrg/kc/buy/cgsh_order_operate.html HTTP/1.1" 200 5023
116.235.222.38 - - [03/Jul/2021:09:15:15 +0800] "GET /xingrg/kc/buy/buy_main.html HTTP/1.1" 200 12412
116.235.222.38 - - [03/Jul/2021:09:15:16 +0800] "GET /xingrg/css/new_ie.css HTTP/1.1" 404 1036
116.235.222.38 - - [03/Jul/2021:09:15:17 +0800] "GET /xingrg/images/yd/bt.gif HTTP/1.1" 404 1040
222.70.176.145 - - [03/Jul/2021:09:15:17 +0800] "GET /xingrg/kc/print/load_data.html?order_code=212021070300966&kc_code=cgsh&condition= HTTP/1.1" 200 1631
116.235.222.38 - - [03/Jul/2021:09:15:17 +0800] "GET /xingrg/kc/buy/cgsh_order_list.html HTTP/1.1" 200 46943
116.235.222.38 - - [03/Jul/2021:09:15:20 +0800] "POST /xingrg/kc/buy/cgsh_list_operate.html HTTP/1.1" 200 876
116.230.117.165 - - [03/Jul/2021:09:15:20 +0800] "GET /xingrg/kc/buy/cgsh_order_operate.html?command=get_materiel&rest_code=00146&code=00101008558&supplier_code=00100005&order_time=2021-07-03 HTTP/1.1" 200 397
116.235.222.38 - - [03/Jul/2021:09:15:21 +0800] "GET /xingrg/kc/buy/cgsh_order_add.html HTTP/1.1" 200 62763
116.235.222.38 - - [03/Jul/2021:09:15:21 +0800] "GET /xingrg/words/20210702130242_words.js HTTP/1.1" 304 -
116.235.222.38 - - [03/Jul/2021:09:15:22 +0800] "POST /xingrg/kc/buy/cgsh_order_operate.html HTTP/1.1" 200 8245
116.235.222.38 - - [03/Jul/2021:09:15:22 +0800] "GET /xingrg/all/common/auto_word.html?type=employee&rest_code=00107 HTTP/1.1" 200 101
116.235.222.38 - - [03/Jul/2021:09:15:22 +0800] "GET /xingrg/all/common/auto_word.html?type=employee&rest_code=00107 HTTP/1.1" 200 101
116.235.222.38 - - [03/Jul/2021:09:15:22 +0800] "GET /xingrg/javascript/easyui/themes/default/validatebox.css HTTP/1.1" 404 1104
116.235.222.38 - - [03/Jul/2021:09:15:23 +0800] "GET /xingrg/javascript/easyui/themes/default/tree.css HTTP/1.1" 404 1090
116.235.222.38 - - [03/Jul/2021:09:15:23 +0800] "POST /xingrg/all/common/load_tree.html?tree=supplier_tree_json&isDelete=1 HTTP/1.1" 200 56276
116.224.253.72 - - [03/Jul/2021:09:15:24 +0800] "GET /xingrg/all/function/internal_message.html?_=1625274918997&CODE_STATE=getMsg HTTP/1.1" 200 27
222.69.129.49 - - [03/Jul/2021:09:15:25 +0800] "GET /xingrg/kc/buy/cgsh_order_operate.html?command=get_materiel&rest_code=00149&code=00101007049&supplier_code=00100205&order_time=2021-07-03 HTTP/1.1" 200 409
116.230.110.80 - - [03/Jul/2021:09:15:26 +0800] "GET /xingrg/all/function/internal_message.html?_=1625274925392&CODE_STATE=getMsg HTTP/1.1" 200 27
116.224.253.72 - - [03/Jul/2021:09:15:28 +0800] "GET /xingrg/all/function/internal_message.html?_=1625274924983&CODE_STATE=getMsg HTTP/1.1" 200 27
116.230.117.165 - - [03/Jul/2021:09:15:30 +0800] "GET /xingrg/kc/buy/cgsh_order_operate.html?command=get_materiel&rest_code=00146&code=00101008019&supplier_code=00100005&order_time=2021-07-03 HTTP/1.1" 200 416
222.70.176.145 - - [03/Jul/2021:09:15:32 +0800] "GET /xingrg/kc/buy/buy_main.html HTTP/1.1" 200 12412
222.70.176.145 - - [03/Jul/2021:09:15:33 +0800] "GET /xingrg/css/new_ie.css HTTP/1.1" 404 1036
222.70.176.145 - - [03/Jul/2021:09:15:33 +0800] "GET /xingrg/images/yd/bt.gif HTTP/1.1" 404 1040
222.70.176.145 - - [03/Jul/2021:09:15:34 +0800] "GET /xingrg/kc/buy/cgsh_order_list.html HTTP/1.1" 200 46937
222.69.129.49 - - [03/Jul/2021:09:15:34 +0800] "GET /xingrg/all/function/internal_message.html?_=1625274935423&CODE_STATE=getMsg HTTP/1.1" 200 27
58.37.5.217 - - [03/Jul/2021:09:15:35 +0800] "GET /xingrg/all/function/internal_message.html?_=1625275466042&CODE_STATE=getMsg HTTP/1.1" 200 27
180.157.255.9 - - [03/Jul/2021:09:15:35 +0800] "GET /xingrg/all/function/internal_message.html?_=1625274947637&CODE_STATE=getMsg HTTP/1.1" 200 27
180.169.147.146 - - [03/Jul/2021:09:15:35 +0800] "GET /xingrg/check_reg.html?_=1625274939220 HTTP/1.1" 200 22
180.169.147.146 - - [03/Jul/2021:09:15:35 +0800] "GET /xingrg/all/function/internal_message.html?_=1625274939225&CODE_STATE=getMsg HTTP/1.1" 200 27
222.69.129.49 - - [03/Jul/2021:09:15:37 +0800] "GET /xingrg/kc/buy/cgsh_order_operate.html?command=get_materiel&rest_code=00149&code=00101007092&supplier_code=00100205&order_time=2021-07-03 HTTP/1.1" 200 409
222.70.176.145 - - [03/Jul/2021:09:15:37 +0800] "POST /xingrg/kc/buy/cgsh_list_operate.html HTTP/1.1" 200 2415
116.230.117.165 - - [03/Jul/2021:09:15:39 +0800] "GET /xingrg/all/function/internal_message.html?_=1625274964720&CODE_STATE=getMsg HTTP/1.1" 200 27
180.162.195.211 - - [03/Jul/2021:09:15:42 +0800] "GET /xingrg/all/function/internal_message.html?_=1625274944983&CODE_STATE=getMsg HTTP/1.1" 200 27
58.40.7.146 - - [03/Jul/2021:09:15:43 +0800] "GET /xingrg/all/function/internal_message.html?_=1625274943983&CODE_STATE=getMsg HTTP/1.1" 200 27
116.235.222.38 - - [03/Jul/2021:09:15:44 +0800] "GET /xingrg/javascript/auto/indicator.gif HTTP/1.1" 404 1066
116.230.117.165 - - [03/Jul/2021:09:15:47 +0800] "GET /xingrg/kc/buy/cgsh_order_operate.html?command=get_materiel&rest_code=00146&code=00101008088&supplier_code=00100005&order_time=2021-07-03 HTTP/1.1" 200 408
116.235.222.38 - - [03/Jul/2021:09:15:47 +0800] "GET /xingrg/kc/buy/cgsh_order_operate.html?command=get_materiel&rest_code=00107&code=00101008091&supplier_code=00100006&order_time=2021-07-03 HTTP/1.1" 200 412
222.69.129.49 - - [03/Jul/2021:09:15:49 +0800] "GET /xingrg/kc/buy/cgsh_order_operate.html?command=get_materiel&rest_code=00149&code=00101007023&supplier_code=00100205&order_time=2021-07-03 HTTP/1.1" 200 411
180.162.195.211 - - [03/Jul/2021:09:15:50 +0800] "GET /xingrg/all/function/internal_message.html?_=1625274921906&CODE_STATE=getMsg HTTP/1.1" 200 27
180.169.147.146 - - [03/Jul/2021:09:15:54 +0800] "GET /xingrg/all/function/internal_message.html?_=1625274956227&CODE_STATE=getMsg HTTP/1.1" 200 27
116.230.117.165 - - [03/Jul/2021:09:15:56 +0800] "GET /xingrg/all/function/internal_message.html?_=1625274955650&CODE_STATE=getMsg HTTP/1.1" 302 -
116.230.117.165 - - [03/Jul/2021:09:15:56 +0800] "GET /xingrg/kc/buy/cgsh_order_operate.html?command=get_materiel&rest_code=00146&code=00101008290&supplier_code=00100005&order_time=2021-07-03 HTTP/1.1" 200 416
116.235.222.38 - - [03/Jul/2021:09:16:00 +0800] "GET /xingrg/kc/buy/cgsh_order_operate.html?command=get_materiel&rest_code=00107&code=00101008046&supplier_code=00100006&order_time=2021-07-03 HTTP/1.1" 200 408
116.230.117.165 - - [03/Jul/2021:09:16:05 +0800] "GET /xingrg/kc/buy/cgsh_order_operate.html?command=get_materiel&rest_code=00146&code=00101008126&supplier_code=00100005&order_time=2021-07-03 HTTP/1.1" 200 412
222.70.176.145 - - [03/Jul/2021:09:16:09 +0800] "GET /xingrg/all/function/internal_message.html?_=1625274968523&CODE_STATE=getMsg HTTP/1.1" 200 27
116.235.222.38 - - [03/Jul/2021:09:16:09 +0800] "GET /xingrg/kc/buy/cgsh_order_operate.html?command=get_materiel&rest_code=00107&code=00101008312&supplier_code=00100006&order_time=2021-07-03 HTTP/1.1" 200 412
58.40.7.146 - - [03/Jul/2021:09:16:11 +0800] "GET /xingrg/all/function/internal_message.html?_=1625274972562&CODE_STATE=getMsg HTTP/1.1" 200 27
222.69.129.49 - - [03/Jul/2021:09:16:12 +0800] "GET /xingrg/kc/buy/cgsh_order_operate.html?command=get_materiel&rest_code=00149&code=00101007055&supplier_code=00100205&order_time=2021-07-03 HTTP/1.1" 200 409
116.235.222.38 - - [03/Jul/2021:09:16:13 +0800] "GET /xingrg/all/function/internal_message.html?_=1625274963707&CODE_STATE=getMsg HTTP/1.1" 200 27
116.230.117.165 - - [03/Jul/2021:09:16:14 +0800] "GET /xingrg/kc/buy/cgsh_order_operate.html?command=get_materiel&rest_code=00146&code=00101008067&supplier_code=00100005&order_time=2021-07-03 HTTP/1.1" 200 416
180.169.147.146 - - [03/Jul/2021:09:16:14 +0800] "GET /xingrg/check_reg.html?_=1625274983034 HTTP/1.1" 200 22
180.169.147.146 - - [03/Jul/2021:09:16:14 +0800] "GET /xingrg/all/function/internal_message.html?_=1625274983037&CODE_STATE=getMsg HTTP/1.1" 200 27
180.169.147.146 - - [03/Jul/2021:09:16:15 +0800] "GET /xingrg/all/function/internal_message.html?_=1625274976424&CODE_STATE=getMsg HTTP/1.1" 200 27
116.235.222.38 - - [03/Jul/2021:09:16:16 +0800] "GET /xingrg/kc/buy/cgsh_order_operate.html?command=get_materiel&rest_code=00107&code=00101008354&supplier_code=00100006&order_time=2021-07-03 HTTP/1.1" 200 432
222.69.129.49 - - [03/Jul/2021:09:16:22 +0800] "GET /xingrg/kc/buy/cgsh_order_operate.html?command=get_materiel&rest_code=00149&code=00101007048&supplier_code=00100205&order_time=2021-07-03 HTTP/1.1" 200 428
116.235.222.38 - - [03/Jul/2021:09:16:23 +0800] "GET /xingrg/kc/buy/cgsh_order_operate.html?command=get_materiel&rest_code=00107&code=00101008599&supplier_code=00100006&order_time=2021-07-03 HTTP/1.1" 200 391
116.224.253.72 - - [03/Jul/2021:09:16:25 +0800] "GET /xingrg/all/function/internal_message.html?_=1625274979012&CODE_STATE=getMsg HTTP/1.1" 200 27
116.230.110.80 - - [03/Jul/2021:09:16:26 +0800] "GET /xingrg/all/function/internal_message.html?_=1625274985386&CODE_STATE=getMsg HTTP/1.1" 200 27
116.224.253.72 - - [03/Jul/2021:09:16:28 +0800] "GET /xingrg/all/function/internal_message.html?_=1625274984988&CODE_STATE=getMsg HTTP/1.1" 200 27
116.230.117.165 - - [03/Jul/2021:09:16:29 +0800] "GET /xingrg/kc/buy/cgsh_order_operate.html?command=get_materiel&rest_code=00146&code=00101008264&supplier_code=00100005&order_time=2021-07-03 HTTP/1.1" 200 412
222.69.129.49 - - [03/Jul/2021:09:16:34 +0800] "GET /xingrg/all/function/internal_message.html?_=1625274995439&CODE_STATE=getMsg HTTP/1.1" 200 27
58.37.5.217 - - [03/Jul/2021:09:16:35 +0800] "GET /xingrg/all/function/internal_message.html?_=1625275526041&CODE_STATE=getMsg HTTP/1.1" 200 27
116.224.253.72 - - [03/Jul/2021:09:16:35 +0800] "POST /xingrg/kc/buy/cgsh_order_operate.html HTTP/1.1" 200 37
180.157.255.9 - - [03/Jul/2021:09:16:35 +0800] "GET /xingrg/all/function/internal_message.html?_=1625275007645&CODE_STATE=getMsg HTTP/1.1" 200 27
180.169.147.146 - - [03/Jul/2021:09:16:35 +0800] "GET /xingrg/all/function/internal_message.html?_=1625274999214&CODE_STATE=getMsg HTTP/1.1" 200 27
116.235.222.38 - - [03/Jul/2021:09:16:36 +0800] "GET /xingrg/kc/buy/cgsh_order_operate.html?command=get_materiel&rest_code=00107&code=00101008355&supplier_code=00100006&order_time=2021-07-03 HTTP/1.1" 200 408
116.224.253.72 - - [03/Jul/2021:09:16:38 +0800] "POST /xingrg/kc/buy/cgsh_order_operate.html HTTP/1.1" 200 12
116.230.117.165 - - [03/Jul/2021:09:16:39 +0800] "GET /xingrg/all/function/internal_message.html?_=1625275024733&CODE_STATE=getMsg HTTP/1.1" 200 27
222.69.129.49 - - [03/Jul/2021:09:16:41 +0800] "POST /xingrg/kc/buy/cgsh_order_operate.html HTTP/1.1" 200 37
116.224.253.72 - - [03/Jul/2021:09:16:42 +0800] "GET /xingrg/kc/buy/cgsh_order_info.html?code=212021070300967 HTTP/1.1" 200 57513
