116.224.253.72 - - [03/Jul/2021:09:22:48 +0800] "GET /xingrg/kc/buy/cgsh_order_operate.html?command=get_materiel&rest_code=00151&code=00101007091&supplier_code=00100096&order_time=2021-07-03 HTTP/1.1" 200 415
180.162.195.211 - - [03/Jul/2021:09:22:50 +0800] "GET /xingrg/all/function/internal_message.html?_=1625275341899&CODE_STATE=getMsg HTTP/1.1" 200 27
180.169.147.146 - - [03/Jul/2021:09:22:55 +0800] "GET /xingrg/all/function/internal_message.html?_=1625275376338&CODE_STATE=getMsg HTTP/1.1" 200 27
116.230.117.165 - - [03/Jul/2021:09:22:56 +0800] "GET /xingrg/check_reg.html?_=1625275375680 HTTP/1.1" 302 -
116.230.117.165 - - [03/Jul/2021:09:22:56 +0800] "GET /xingrg/all/function/internal_message.html?_=1625275375678&CODE_STATE=getMsg HTTP/1.1" 302 -
222.70.176.145 - - [03/Jul/2021:09:22:56 +0800] "POST /xingrg/kc/buy/cgsh_list_operate.html HTTP/1.1" 200 5830
116.230.117.165 - - [03/Jul/2021:09:23:00 +0800] "GET /xingrg/kc/buy/cgsh_order_operate.html?command=get_materiel&rest_code=00146&code=00101008163&supplier_code=00100005&order_time=2021-07-03 HTTP/1.1" 200 408
180.169.147.146 - - [03/Jul/2021:09:23:02 +0800] "GET /xingrg/check_reg.html?_=1625275378040 HTTP/1.1" 200 22
116.224.253.72 - - [03/Jul/2021:09:23:03 +0800] "GET /xingrg/all/function/internal_message.html?_=1625275377475&CODE_STATE=getMsg HTTP/1.1" 200 27
116.235.222.38 - - [03/Jul/2021:09:23:08 +0800] "GET /xingrg/kc/buy/cgsh_order_operate.html?command=get_materiel&rest_code=00107&code=00101008368&supplier_code=00100006&order_time=2021-07-03 HTTP/1.1" 200 408
116.224.253.72 - - [03/Jul/2021:09:23:08 +0800] "GET /xingrg/kc/buy/cgsh_order_operate.html?command=get_materiel&rest_code=00151&code=00101012003&supplier_code=00100096&order_time=2021-07-03 HTTP/1.1" 200 412
222.70.176.145 - - [03/Jul/2021:09:23:09 +0800] "GET /xingrg/all/function/internal_message.html?_=1625275388424&CODE_STATE=getMsg HTTP/1.1" 200 27
116.230.117.165 - - [03/Jul/2021:09:23:10 +0800] "GET /xingrg/kc/buy/cgsh_order_operate.html?command=get_materiel&rest_code=00146&code=00101008148&supplier_code=00100005&order_time=2021-07-03 HTTP/1.1" 200 416
222.70.176.145 - - [03/Jul/2021:09:23:10 +0800] "POST /xingrg/kc/buy/cgsh_list_operate.html HTTP/1.1" 200 5410
58.40.7.146 - - [03/Jul/2021:09:23:11 +0800] "GET /xingrg/all/function/internal_message.html?_=1625275392558&CODE_STATE=getMsg HTTP/1.1" 200 27
116.235.222.38 - - [03/Jul/2021:09:23:13 +0800] "GET /xingrg/all/function/internal_message.html?_=1625275383844&CODE_STATE=getMsg HTTP/1.1" 200 27
180.169.147.146 - - [03/Jul/2021:09:23:15 +0800] "GET /xingrg/all/function/internal_message.html?_=1625275396537&CODE_STATE=getMsg HTTP/1.1" 200 27
116.224.253.72 - - [03/Jul/2021:09:23:19 +0800] "GET /xingrg/kc/buy/cgsh_order_operate.html?command=get_materiel&rest_code=00151&code=00101008083&supplier_code=00100096&order_time=2021-07-03 HTTP/1.1" 200 427
116.224.253.72 - - [03/Jul/2021:09:23:21 +0800] "POST /xingrg/all/common/load_select.html HTTP/1.1" 200 25
116.224.253.72 - - [03/Jul/2021:09:23:25 +0800] "GET /xingrg/kc/buy/cgsh_order_operate.html?command=get_materiel_price&rest_code=00151&code=00101008083&unit_code=00100026&supplier_code=00100096&order_time=2021-07-03 HTTP/1.1" 200 27
116.230.110.80 - - [03/Jul/2021:09:23:26 +0800] "GET /xingrg/check_reg.html?_=1625275405407 HTTP/1.1" 200 22
116.230.110.80 - - [03/Jul/2021:09:23:26 +0800] "GET /xingrg/all/function/internal_message.html?_=1625275405408&CODE_STATE=getMsg HTTP/1.1" 200 27
116.224.253.72 - - [03/Jul/2021:09:23:28 +0800] "GET /xingrg/all/function/internal_message.html?_=1625275405007&CODE_STATE=getMsg HTTP/1.1" 200 27
101.85.107.54 - - [03/Jul/2021:09:23:30 +0800] "GET /xingrg/all/function/internal_message.html?_=1625274840202&CODE_STATE=getMsg HTTP/1.1" 200 27
116.230.117.165 - - [03/Jul/2021:09:23:30 +0800] "POST /xingrg/kc/buy/cgsh_order_operate.html HTTP/1.1" 200 2065
222.69.129.49 - - [03/Jul/2021:09:23:34 +0800] "GET /xingrg/all/function/internal_message.html?_=1625275415438&CODE_STATE=getMsg HTTP/1.1" 200 27
222.69.129.49 - - [03/Jul/2021:09:23:34 +0800] "GET /xingrg/check_reg.html?_=1625275415436 HTTP/1.1" 200 22
116.235.222.38 - - [03/Jul/2021:09:23:34 +0800] "GET /xingrg/kc/buy/cgsh_order_operate.html?command=get_materiel&rest_code=00107&code=00101008353&supplier_code=00100006&order_time=2021-07-03 HTTP/1.1" 200 408
116.224.253.72 - - [03/Jul/2021:09:23:34 +0800] "GET /xingrg/kc/buy/cgsh_order_operate.html?command=get_materiel&rest_code=00151&code=00101012024&supplier_code=00100096&order_time=2021-07-03 HTTP/1.1" 200 427
58.37.5.217 - - [03/Jul/2021:09:23:35 +0800] "GET /xingrg/all/function/internal_message.html?_=1625275946094&CODE_STATE=getMsg HTTP/1.1" 200 27
180.157.255.9 - - [03/Jul/2021:09:23:35 +0800] "GET /xingrg/check_reg.html?_=1625275427651 HTTP/1.1" 200 22
180.157.255.9 - - [03/Jul/2021:09:23:35 +0800] "GET /xingrg/all/function/internal_message.html?_=1625275427654&CODE_STATE=getMsg HTTP/1.1" 200 27
180.169.147.146 - - [03/Jul/2021:09:23:35 +0800] "GET /xingrg/all/function/internal_message.html?_=1625275419223&CODE_STATE=getMsg HTTP/1.1" 200 27
116.230.117.165 - - [03/Jul/2021:09:23:39 +0800] "GET /xingrg/all/function/internal_message.html?_=1625275444969&CODE_STATE=getMsg HTTP/1.1" 200 27
180.162.195.211 - - [03/Jul/2021:09:23:42 +0800] "GET /xingrg/all/function/internal_message.html?_=1625275424993&CODE_STATE=getMsg HTTP/1.1" 200 27
58.40.7.146 - - [03/Jul/2021:09:23:43 +0800] "GET /xingrg/all/function/internal_message.html?_=1625275423993&CODE_STATE=getMsg HTTP/1.1" 200 27
116.224.253.72 - - [03/Jul/2021:09:23:43 +0800] "GET /xingrg/kc/buy/cgsh_order_operate.html?command=get_materiel&rest_code=00151&code=00101001075&supplier_code=00100096&order_time=2021-07-03 HTTP/1.1" 200 409
116.230.110.80 - - [03/Jul/2021:09:23:46 +0800] "GET /xingrg/kc/buy/cgsh_order_add.html HTTP/1.1" 200 62643
222.69.129.49 - - [03/Jul/2021:09:23:46 +0800] "GET /xingrg/kc/buy/cgsh_order_add.html HTTP/1.1" 200 62728
222.69.129.49 - - [03/Jul/2021:09:23:46 +0800] "POST /xingrg/kc/buy/cgsh_order_operate.html HTTP/1.1" 200 8245
222.69.129.49 - - [03/Jul/2021:09:23:46 +0800] "GET /xingrg/javascript/easyui/themes/default/validatebox.css HTTP/1.1" 404 1104
116.235.222.38 - - [03/Jul/2021:09:23:46 +0800] "GET /xingrg/kc/buy/cgsh_order_operate.html?command=get_materiel&rest_code=00107&code=00101008225&supplier_code=00100006&order_time=2021-07-03 HTTP/1.1" 200 416
116.230.110.80 - - [03/Jul/2021:09:23:46 +0800] "GET /xingrg/words/20210702130242_words.js HTTP/1.1" 304 -
116.230.110.80 - - [03/Jul/2021:09:23:46 +0800] "POST /xingrg/kc/buy/cgsh_order_operate.html HTTP/1.1" 200 8245
116.230.110.80 - - [03/Jul/2021:09:23:46 +0800] "GET /xingrg/all/common/auto_word.html?type=employee&rest_code=00155 HTTP/1.1" 200 205
116.230.110.80 - - [03/Jul/2021:09:23:46 +0800] "GET /xingrg/javascript/easyui/themes/default/validatebox.css HTTP/1.1" 404 1104
116.230.110.80 - - [03/Jul/2021:09:23:46 +0800] "GET /xingrg/all/common/auto_word.html?type=employee&rest_code=00155 HTTP/1.1" 200 205
116.230.117.165 - - [03/Jul/2021:09:23:47 +0800] "GET /xingrg/kc/buy/cgsh_order_operate.html?command=get_materiel&rest_code=00146&code=00101008137&supplier_code=00100005&order_time=2021-07-03 HTTP/1.1" 200 408
116.230.110.80 - - [03/Jul/2021:09:23:48 +0800] "GET /xingrg/javascript/auto/indicator.gif HTTP/1.1" 404 1066
180.162.195.211 - - [03/Jul/2021:09:23:50 +0800] "GET /xingrg/all/function/internal_message.html?_=1625275401900&CODE_STATE=getMsg HTTP/1.1" 200 27
180.169.147.146 - - [03/Jul/2021:09:23:55 +0800] "GET /xingrg/all/function/internal_message.html?_=1625275436368&CODE_STATE=getMsg HTTP/1.1" 200 27
116.230.117.165 - - [03/Jul/2021:09:23:56 +0800] "GET /xingrg/all/function/internal_message.html?_=1625275435678&CODE_STATE=getMsg HTTP/1.1" 302 -
116.235.222.38 - - [03/Jul/2021:09:23:59 +0800] "GET /xingrg/kc/buy/cgsh_order_operate.html?command=get_materiel&rest_code=00107&code=00101008176&supplier_code=00100006&order_time=2021-07-03 HTTP/1.1" 200 412
180.169.147.146 - - [03/Jul/2021:09:24:02 +0800] "GET /xingrg/check_reg.html?_=1625275444028 HTTP/1.1" 200 22
116.224.253.72 - - [03/Jul/2021:09:24:03 +0800] "GET /xingrg/check_reg.html?_=1625275437335 HTTP/1.1" 200 22
116.224.253.72 - - [03/Jul/2021:09:24:03 +0800] "GET /xingrg/all/function/internal_message.html?_=1625275437483&CODE_STATE=getMsg HTTP/1.1" 200 27
116.235.222.38 - - [03/Jul/2021:09:24:04 +0800] "POST /xingrg/kc/buy/cgsh_order_operate.html HTTP/1.1" 200 2065
222.69.129.49 - - [03/Jul/2021:09:24:08 +0800] "GET /xingrg/kc/buy/cgsh_order_operate.html?command=get_materiel&rest_code=00149&code=00101006133&supplier_code=00100012&order_time=2021-07-03 HTTP/1.1" 200 432
222.70.176.145 - - [03/Jul/2021:09:24:09 +0800] "GET /xingrg/all/function/internal_message.html?_=1625275448400&CODE_STATE=getMsg HTTP/1.1" 200 27
58.40.7.146 - - [03/Jul/2021:09:24:11 +0800] "GET /xingrg/all/function/internal_message.html?_=1625275452561&CODE_STATE=getMsg HTTP/1.1" 200 27
116.235.222.38 - - [03/Jul/2021:09:24:11 +0800] "GET /xingrg/kc/buy/cgsh_order_operate.html?command=get_materiel&rest_code=00107&code=00101008350&supplier_code=00100006&order_time=2021-07-03 HTTP/1.1" 200 408
116.235.222.38 - - [03/Jul/2021:09:24:13 +0800] "GET /xingrg/all/function/internal_message.html?_=1625275443835&CODE_STATE=getMsg HTTP/1.1" 200 27
180.169.147.146 - - [03/Jul/2021:09:24:13 +0800] "GET /xingrg/check_reg.html?_=1625275454994 HTTP/1.1" 200 22
180.169.147.146 - - [03/Jul/2021:09:24:15 +0800] "GET /xingrg/all/function/internal_message.html?_=1625275456554&CODE_STATE=getMsg HTTP/1.1" 200 27
116.224.253.72 - - [03/Jul/2021:09:24:18 +0800] "GET /xingrg/kc/buy/cgsh_order_operate.html?command=get_materiel&rest_code=00151&code=00101006013&supplier_code=00100096&order_time=2021-07-03 HTTP/1.1" 200 409
116.230.117.165 - - [03/Jul/2021:09:24:19 +0800] "GET /xingrg/kc/buy/cgsh_order_operate.html?command=get_materiel&rest_code=00146&code=00101008197&supplier_code=00100005&order_time=2021-07-03 HTTP/1.1" 200 416
120.253.135.82 - - [03/Jul/2021:09:24:21 +0800] "GET /xingrg/login.html HTTP/1.1" 200 7641
120.253.135.82 - - [03/Jul/2021:09:24:21 +0800] "GET /xingrg/images/blue/jxLogo.png HTTP/1.1" 304 -
120.253.135.82 - - [03/Jul/2021:09:24:21 +0800] "GET /xingrg/images/blue/login_bg.png HTTP/1.1" 304 -
120.253.135.82 - - [03/Jul/2021:09:24:21 +0800] "GET /xingrg/images/blue/hj.png HTTP/1.1" 304 -
120.253.135.82 - - [03/Jul/2021:09:24:22 +0800] "GET /xingrg/images/blue/srbg.png HTTP/1.1" 304 -
120.253.135.82 - - [03/Jul/2021:09:24:22 +0800] "GET /favicon.ico HTTP/1.1" 404 -
120.253.135.82 - - [03/Jul/2021:09:24:24 +0800] "POST /xingrg/login.do HTTP/1.1" 302 -
120.253.135.82 - - [03/Jul/2021:09:24:24 +0800] "GET /xingrg/css/form.css HTTP/1.1" 304 -
120.253.135.82 - - [03/Jul/2021:09:24:24 +0800] "GET /xingrg/javascript/jquery_easy_ui/themes/icon.css HTTP/1.1" 304 -
120.253.135.82 - - [03/Jul/2021:09:24:24 +0800] "GET /xingrg/index.html?sysBaseUrl=http%3A%2F%2F180.169.147.146%3A18081%2Fxingrg%2F&costTime=39×tamp=1625275464147 HTTP/1.1" 200 17173
120.253.135.82 - - [03/Jul/2021:09:24:24 +0800] "GET /xingrg/javascript/jquery-1.4.2.min.js HTTP/1.1" 304 -
120.253.135.82 - - [03/Jul/2021:09:24:24 +0800] "GET /xingrg/javascript/jquery.timers.js HTTP/1.1" 304 -
120.253.135.82 - - [03/Jul/2021:09:24:24 +0800] "GET /xingrg/javascript/jquery.form.js HTTP/1.1" 304 -
120.253.135.82 - - [03/Jul/2021:09:24:24 +0800] "GET /xingrg/javascript/jquery.utils.js HTTP/1.1" 304 -
120.253.135.82 - - [03/Jul/2021:09:24:24 +0800] "GET /xingrg/javascript/jquery_easy_ui/jquery.easyui.min.js HTTP/1.1" 304 -
120.253.135.82 - - [03/Jul/2021:09:24:24 +0800] "GET /xingrg/javascript/jquery_easy_ui/themes/default/easyui.css HTTP/1.1" 304 -
120.253.135.82 - - [03/Jul/2021:09:24:24 +0800] "GET /xingrg/javascript/jquery_easy_ui/easyui-lang-zh_CN.js HTTP/1.1" 304 -
120.253.135.82 - - [03/Jul/2021:09:24:24 +0800] "GET /xingrg/javascript/jquery_easy_ui/themes/icons/settle_new.png HTTP/1.1" 304 -
120.253.135.82 - - [03/Jul/2021:09:24:24 +0800] "POST /xingrg/all/common/load_tree.html?tree=area_rest_tree_json&manage=1 HTTP/1.1" 200 344
120.253.135.82 - - [03/Jul/2021:09:24:24 +0800] "GET /xingrg/images/blue/pingpu.png HTTP/1.1" 304 -
120.253.135.82 - - [03/Jul/2021:09:24:24 +0800] "GET /xingrg/javascript/jquery_easy_ui/themes/default/images/tabs_rightarrow.png HTTP/1.1" 304 -
120.253.135.82 - - [03/Jul/2021:09:24:24 +0800] "GET /xingrg/javascript/jquery_easy_ui/themes/default/images/tabs_leftarrow.png HTTP/1.1" 304 -
120.253.135.82 - - [03/Jul/2021:09:24:24 +0800] "GET /xingrg/javascript/jquery_easy_ui/themes/default/images/panel_tool_collapse.gif HTTP/1.1" 304 -
120.253.135.82 - - [03/Jul/2021:09:24:24 +0800] "GET /xingrg/images/blue/navBackgound.jpg HTTP/1.1" 304 -
120.253.135.82 - - [03/Jul/2021:09:24:24 +0800] "GET /xingrg/javascript/jquery_easy_ui/themes/default/images/tree_arrows.gif HTTP/1.1" 304 -
120.253.135.82 - - [03/Jul/2021:09:24:24 +0800] "GET /xingrg/all/function/internal_message.html?_=1625275248404&CODE_STATE=count HTTP/1.1" 200 11
120.253.135.82 - - [03/Jul/2021:09:24:24 +0800] "GET /xingrg/check_reg.html?_=1625275248405 HTTP/1.1" 200 22
120.253.135.82 - - [03/Jul/2021:09:24:24 +0800] "POST /xingrg/load_menu.html HTTP/1.1" 200 6743
120.253.135.82 - - [03/Jul/2021:09:24:24 +0800] "GET /favicon.ico HTTP/1.1" 404 -
120.253.135.82 - - [03/Jul/2021:09:24:24 +0800] "GET /xingrg/javascript/jquery_easy_ui/themes/default/images/tree_folder_open.gif HTTP/1.1" 304 -
120.253.135.82 - - [03/Jul/2021:09:24:24 +0800] "GET /xingrg/javascript/jquery_easy_ui/themes/icons/search_new.png HTTP/1.1" 304 -
120.253.135.82 - - [03/Jul/2021:09:24:24 +0800] "GET /xingrg/javascript/jquery_easy_ui/themes/icons/storage_new.png HTTP/1.1" 304 -
120.253.135.82 - - [03/Jul/2021:09:24:24 +0800] "GET /xingrg/javascript/jquery_easy_ui/themes/icons/delivery_new.png HTTP/1.1" 304 -
120.253.135.82 - - [03/Jul/2021:09:24:24 +0800] "GET /xingrg/javascript/jquery_easy_ui/themes/default/images/tree_folder.gif HTTP/1.1" 304 -
120.253.135.82 - - [03/Jul/2021:09:24:24 +0800] "GET /xingrg/javascript/jquery_easy_ui/themes/default/images/tree_file.gif HTTP/1.1" 304 -
120.253.135.82 - - [03/Jul/2021:09:24:24 +0800] "GET /xingrg/javascript/jquery_easy_ui/themes/icons/forms_new.png HTTP/1.1" 304 -
116.230.110.80 - - [03/Jul/2021:09:24:26 +0800] "GET /xingrg/all/function/internal_message.html?_=1625275465395&CODE_STATE=getMsg HTTP/1.1" 200 27
116.224.253.72 - - [03/Jul/2021:09:24:26 +0800] "GET /xingrg/kc/buy/cgsh_order_operate.html?command=get_materiel&rest_code=00151&code=00101006084&supplier_code=00100096&order_time=2021-07-03 HTTP/1.1" 200 415
120.253.135.82 - - [03/Jul/2021:09:24:27 +0800] "GET /xingrg/javascript/jquery_easy_ui/themes/default/images/tabs_close.gif HTTP/1.1" 304 -
120.253.135.82 - - [03/Jul/2021:09:24:27 +0800] "GET /xingrg/kc/pszx/mdqp_order_list.html?state=10 HTTP/1.1" 200 10653
120.253.135.82 - - [03/Jul/2021:09:24:27 +0800] "GET /xingrg/css/blue.css HTTP/1.1" 304 -
120.253.135.82 - - [03/Jul/2021:09:24:27 +0800] "GET /xingrg/dwr/util.js HTTP/1.1" 304 -
120.253.135.82 - - [03/Jul/2021:09:24:27 +0800] "GET /xingrg/javascript/pic_change.js HTTP/1.1" 304 -
120.253.135.82 - - [03/Jul/2021:09:24:27 +0800] "GET /xingrg/javascript/Calendar.js HTTP/1.1" 304 -
120.253.135.82 - - [03/Jul/2021:09:24:27 +0800] "GET /xingrg/javascript/myfunction.js HTTP/1.1" 304 -
120.253.135.82 - - [03/Jul/2021:09:24:27 +0800] "GET /xingrg/dwr/interface/AjaxReportQueryService.js HTTP/1.1" 200 13203
120.253.135.82 - - [03/Jul/2021:09:24:27 +0800] "GET /xingrg/dwr/interface/AjaxQqpsService.js HTTP/1.1" 200 16326
120.253.135.82 - - [03/Jul/2021:09:24:27 +0800] "GET /xingrg/dwr/engine.js HTTP/1.1" 200 43631
120.253.135.82 - - [03/Jul/2021:09:24:27 +0800] "GET /xingrg/javascript/jquery_easy_ui/themes/icons/uncheck_new.png HTTP/1.1" 304 -
120.253.135.82 - - [03/Jul/2021:09:24:27 +0800] "GET /xingrg/javascript/jquery_easy_ui/themes/icons/check_new.png HTTP/1.1" 304 -
120.253.135.82 - - [03/Jul/2021:09:24:27 +0800] "GET /xingrg/javascript/jquery_easy_ui/themes/icons/back_new.png HTTP/1.1" 304 -
180.169.147.146 - - [03/Jul/2021:09:24:28 +0800] "GET /xingrg/check_reg.html?_=1625275468679 HTTP/1.1" 302 -
116.224.253.72 - - [03/Jul/2021:09:24:28 +0800] "GET /xingrg/all/function/internal_message.html?_=1625275465007&CODE_STATE=getMsg HTTP/1.1" 200 27
101.85.107.54 - - [03/Jul/2021:09:24:30 +0800] "GET /xingrg/all/function/internal_message.html?_=1625274900201&CODE_STATE=getMsg HTTP/1.1" 200 27
116.235.222.38 - - [03/Jul/2021:09:24:31 +0800] "GET /xingrg/kc/buy/cgsh_order_operate.html?command=get_materiel&rest_code=00107&code=00101008332&supplier_code=00100006&order_time=2021-07-03 HTTP/1.1" 200 412
116.230.117.165 - - [03/Jul/2021:09:24:32 +0800] "POST /xingrg/kc/buy/cgsh_order_operate.html HTTP/1.1" 200 2065
222.69.129.49 - - [03/Jul/2021:09:24:34 +0800] "GET /xingrg/all/function/internal_message.html?_=1625275475451&CODE_STATE=getMsg HTTP/1.1" 200 27
58.37.5.217 - - [03/Jul/2021:09:24:35 +0800] "GET /xingrg/all/function/internal_message.html?_=1625276006093&CODE_STATE=getMsg HTTP/1.1" 200 27
180.157.255.9 - - [03/Jul/2021:09:24:35 +0800] "GET /xingrg/all/function/internal_message.html?_=1625275487640&CODE_STATE=getMsg HTTP/1.1" 200 27
180.169.147.146 - - [03/Jul/2021:09:24:35 +0800] "GET /xingrg/all/function/internal_message.html?_=1625275479225&CODE_STATE=getMsg HTTP/1.1" 200 27
116.230.117.165 - - [03/Jul/2021:09:24:38 +0800] "GET /xingrg/kc/buy/cgsh_order_operate.html?command=get_materiel&rest_code=00146&code=00101008069&supplier_code=00100005&order_time=2021-07-03 HTTP/1.1" 200 412
116.230.117.165 - - [03/Jul/2021:09:24:39 +0800] "GET /xingrg/all/function/internal_message.html?_=1625275504983&CODE_STATE=getMsg HTTP/1.1" 200 27
116.235.222.38 - - [03/Jul/2021:09:24:41 +0800] "GET /xingrg/kc/buy/cgsh_order_operate.html?command=get_materiel&rest_code=00107&code=00101008084&supplier_code=00100006&order_time=2021-07-03 HTTP/1.1" 200 412
180.162.195.211 - - [03/Jul/2021:09:24:42 +0800] "GET /xingrg/all/function/internal_message.html?_=1625275484992&CODE_STATE=getMsg HTTP/1.1" 200 27
58.40.7.146 - - [03/Jul/2021:09:24:43 +0800] "GET /xingrg/all/function/internal_message.html?_=1625275483997&CODE_STATE=getMsg HTTP/1.1" 200 27
180.162.195.211 - - [03/Jul/2021:09:24:50 +0800] "GET /xingrg/all/function/internal_message.html?_=1625275461900&CODE_STATE=getMsg HTTP/1.1" 200 27
222.69.129.49 - - [03/Jul/2021:09:24:54 +0800] "GET /xingrg/kc/buy/cgsh_order_operate.html?command=get_materiel&rest_code=00149&code=00101006109&supplier_code=00100012&order_time=2021-07-03 HTTP/1.1" 200 409
180.169.147.146 - - [03/Jul/2021:09:24:55 +0800] "GET /xingrg/all/function/internal_message.html?_=1625275496382&CODE_STATE=getMsg HTTP/1.1" 200 27
116.230.117.165 - - [03/Jul/2021:09:24:56 +0800] "GET /xingrg/all/function/internal_message.html?_=1625275495698&CODE_STATE=getMsg HTTP/1.1" 302 -
116.235.222.38 - - [03/Jul/2021:09:24:56 +0800] "POST /xingrg/kc/buy/cgsh_order_operate.html HTTP/1.1" 200 2065
116.235.222.38 - - [03/Jul/2021:09:25:01 +0800] "GET /xingrg/kc/buy/cgsh_order_operate.html?command=get_materiel&rest_code=00107&code=00101008126&supplier_code=00100006&order_time=2021-07-03 HTTP/1.1" 200 412
116.224.253.72 - - [03/Jul/2021:09:25:03 +0800] "GET /xingrg/all/function/internal_message.html?_=1625275497497&CODE_STATE=getMsg HTTP/1.1" 200 27
222.69.129.49 - - [03/Jul/2021:09:25:04 +0800] "GET /xingrg/kc/buy/cgsh_order_operate.html?command=get_materiel&rest_code=00149&code=00101006177&supplier_code=00100012&order_time=2021-07-03 HTTP/1.1" 200 409
222.70.176.145 - - [03/Jul/2021:09:25:09 +0800] "GET /xingrg/all/function/internal_message.html?_=1625275508376&CODE_STATE=getMsg HTTP/1.1" 200 27
222.70.176.145 - - [03/Jul/2021:09:25:09 +0800] "GET /xingrg/check_reg.html?_=1625275508472 HTTP/1.1" 200 22
116.235.222.38 - - [03/Jul/2021:09:25:11 +0800] "GET /xingrg/kc/buy/cgsh_order_operate.html?command=get_materiel&rest_code=00107&code=00101008209&supplier_code=00100006&order_time=2021-07-03 HTTP/1.1" 200 408
58.40.7.146 - - [03/Jul/2021:09:25:11 +0800] "GET /xingrg/all/function/internal_message.html?_=1625275512562&CODE_STATE=getMsg HTTP/1.1" 200 27
58.40.7.146 - - [03/Jul/2021:09:25:11 +0800] "GET /xingrg/check_reg.html?_=1625275512563 HTTP/1.1" 200 22
222.69.129.49 - - [03/Jul/2021:09:25:12 +0800] "GET /xingrg/kc/buy/cgsh_order_operate.html?command=get_materiel&rest_code=00149&code=00101006113&supplier_code=00100012&order_time=2021-07-03 HTTP/1.1" 200 433
116.235.222.38 - - [03/Jul/2021:09:25:13 +0800] "GET /xingrg/check_reg.html?_=1625275503781 HTTP/1.1" 200 22
116.235.222.38 - - [03/Jul/2021:09:25:13 +0800] "GET /xingrg/all/function/internal_message.html?_=1625275503951&CODE_STATE=getMsg HTTP/1.1" 200 27
180.169.147.146 - - [03/Jul/2021:09:25:15 +0800] "GET /xingrg/all/function/internal_message.html?_=1625275516567&CODE_STATE=getMsg HTTP/1.1" 200 27
120.253.135.82 - - [03/Jul/2021:09:25:24 +0800] "GET /xingrg/all/function/internal_message.html?_=1625275308409&CODE_STATE=getMsg HTTP/1.1" 200 27
116.230.110.80 - - [03/Jul/2021:09:25:26 +0800] "GET /xingrg/all/function/internal_message.html?_=1625275525388&CODE_STATE=getMsg HTTP/1.1" 200 27
116.224.253.72 - - [03/Jul/2021:09:25:28 +0800] "GET /xingrg/all/function/internal_message.html?_=1625275525015&CODE_STATE=getMsg HTTP/1.1" 200 27
116.230.110.80 - - [03/Jul/2021:09:25:29 +0800] "GET /xingrg/javascript/jquery_tools/images/next.gif HTTP/1.1" 404 1086
116.230.110.80 - - [03/Jul/2021:09:25:29 +0800] "GET /xingrg/javascript/jquery_tools/images/prev.gif HTTP/1.1" 404 1086
116.235.222.38 - - [03/Jul/2021:09:25:30 +0800] "GET /xingrg/kc/buy/cgsh_order_operate.html?command=get_materiel&rest_code=00107&code=00101008144&supplier_code=00100006&order_time=2021-07-03 HTTP/1.1" 200 412
101.85.107.54 - - [03/Jul/2021:09:25:30 +0800] "GET /xingrg/all/function/internal_message.html?_=1625274960199&CODE_STATE=getMsg HTTP/1.1" 200 27
222.69.129.49 - - [03/Jul/2021:09:25:34 +0800] "GET /xingrg/all/function/internal_message.html?_=1625275535497&CODE_STATE=getMsg HTTP/1.1" 200 27
58.37.5.217 - - [03/Jul/2021:09:25:35 +0800] "GET /xingrg/all/function/internal_message.html?_=1625276066092&CODE_STATE=getMsg HTTP/1.1" 200 27
180.157.255.9 - - [03/Jul/2021:09:25:35 +0800] "GET /xingrg/all/function/internal_message.html?_=1625275547642&CODE_STATE=getMsg HTTP/1.1" 200 27
180.169.147.146 - - [03/Jul/2021:09:25:35 +0800] "GET /xingrg/all/function/internal_message.html?_=1625275539226&CODE_STATE=getMsg HTTP/1.1" 200 27
180.169.147.146 - - [03/Jul/2021:09:25:35 +0800] "GET /xingrg/check_reg.html?_=1625275539228 HTTP/1.1" 200 22
116.230.110.80 - - [03/Jul/2021:09:25:38 +0800] "GET /xingrg/kc/buy/cgsh_order_operate.html?command=get_materiel&rest_code=00155&code=00101012003&supplier_code=00100037&order_time=2021-07-03 HTTP/1.1" 200 413
116.235.222.38 - - [03/Jul/2021:09:25:39 +0800] "GET /xingrg/kc/buy/cgsh_order_operate.html?command=get_materiel&rest_code=00107&code=00101008284&supplier_code=00100006&order_time=2021-07-03 HTTP/1.1" 200 413
116.230.117.165 - - [03/Jul/2021:09:25:39 +0800] "GET /xingrg/all/function/internal_message.html?_=1625275564995&CODE_STATE=getMsg HTTP/1.1" 200 27
222.69.129.49 - - [03/Jul/2021:09:25:41 +0800] "POST /xingrg/kc/buy/cgsh_order_operate.html HTTP/1.1" 200 37
180.162.195.211 - - [03/Jul/2021:09:25:42 +0800] "GET /xingrg/all/function/internal_message.html?_=1625275544993&CODE_STATE=getMsg HTTP/1.1" 200 27
58.40.7.146 - - [03/Jul/2021:09:25:43 +0800] "GET /xingrg/all/function/internal_message.html?_=1625275543986&CODE_STATE=getMsg HTTP/1.1" 200 27
116.230.117.165 - - [03/Jul/2021:09:25:45 +0800] "GET /xingrg/kc/buy/cgsh_order_operate.html?command=get_materiel&rest_code=00146&code=00101008036&supplier_code=00100005&order_time=2021-07-03 HTTP/1.1" 200 408
116.230.110.80 - - [03/Jul/2021:09:25:47 +0800] "GET /xingrg/kc/buy/cgsh_order_operate.html?command=get_materiel&rest_code=00155&code=00101016025&supplier_code=00100037&order_time=2021-07-03 HTTP/1.1" 200 408
180.162.195.211 - - [03/Jul/2021:09:25:50 +0800] "GET /xingrg/all/function/internal_message.html?_=1625275521900&CODE_STATE=getMsg HTTP/1.1" 200 27
222.69.129.49 - - [03/Jul/2021:09:25:50 +0800] "POST /xingrg/services/DataTransmitService HTTP/1.1" 200 524
222.69.129.49 - - [03/Jul/2021:09:25:51 +0800] "POST /xingrg/services/DataTransmitService HTTP/1.1" 200 1983
222.69.129.49 - - [03/Jul/2021:09:25:51 +0800] "POST /xingrg/services/DataTransmitService HTTP/1.1" 200 2323
222.69.129.49 - - [03/Jul/2021:09:25:51 +0800] "POST /xingrg/kc/buy/cgsh_order_operate.html HTTP/1.1" 200 12
222.69.129.49 - - [03/Jul/2021:09:25:52 +0800] "POST /xingrg/services/DataTransmitService HTTP/1.1" 200 135928
116.235.222.38 - - [03/Jul/2021:09:25:52 +0800] "GET /xingrg/kc/buy/cgsh_order_operate.html?command=get_materiel&rest_code=00107&code=00101008223&supplier_code=00100006&order_time=2021-07-03 HTTP/1.1" 200 412
180.169.147.146 - - [03/Jul/2021:09:25:55 +0800] "GET /xingrg/all/function/internal_message.html?_=1625275556394&CODE_STATE=getMsg HTTP/1.1" 200 27
116.235.222.38 - - [03/Jul/2021:09:25:55 +0800] "POST /xingrg/kc/buy/cgsh_order_operate.html HTTP/1.1" 200 2065
116.230.117.165 - - [03/Jul/2021:09:25:56 +0800] "GET /xingrg/all/function/internal_message.html?_=1625275555683&CODE_STATE=getMsg HTTP/1.1" 302 -
116.230.110.80 - - [03/Jul/2021:09:25:56 +0800] "GET /xingrg/kc/buy/cgsh_order_operate.html?command=get_materiel&rest_code=00155&code=00101015038&supplier_code=00100037&order_time=2021-07-03 HTTP/1.1" 200 418
222.69.129.49 - - [03/Jul/2021:09:26:00 +0800] "GET /xingrg/kc/buy/cgsh_order_info.html?code=212021070300971 HTTP/1.1" 200 57636
222.69.129.49 - - [03/Jul/2021:09:26:00 +0800] "GET /xingrg/javascript/easyui/themes/default/validatebox.css HTTP/1.1" 404 1104
222.69.129.49 - - [03/Jul/2021:09:26:01 +0800] "POST /xingrg/kc/buy/cgsh_order_operate.html HTTP/1.1" 200 2381
116.224.253.72 - - [03/Jul/2021:09:26:03 +0800] "GET /xingrg/all/function/internal_message.html?_=1625275557510&CODE_STATE=getMsg HTTP/1.1" 200 27
222.69.129.49 - - [03/Jul/2021:09:26:04 +0800] "GET /xingrg/kc/print/load_data.html?order_code=212021070300971&kc_code=cgsh&condition= HTTP/1.1" 200 1475
116.230.110.80 - - [03/Jul/2021:09:26:05 +0800] "GET /xingrg/kc/buy/cgsh_order_operate.html?command=get_materiel&rest_code=00155&code=00101016044&supplier_code=00100037&order_time=2021-07-03 HTTP/1.1" 200 466
222.70.176.145 - - [03/Jul/2021:09:26:09 +0800] "GET /xingrg/all/function/internal_message.html?_=1625275568347&CODE_STATE=getMsg HTTP/1.1" 200 27
116.224.253.72 - - [03/Jul/2021:09:26:09 +0800] "POST /xingrg/kc/buy/cgsh_order_operate.html HTTP/1.1" 200 37
222.69.129.49 - - [03/Jul/2021:09:26:09 +0800] "GET /xingrg/kc/buy/cgsh_order_add.html HTTP/1.1" 200 62728
222.69.129.49 - - [03/Jul/2021:09:26:10 +0800] "POST /xingrg/kc/buy/cgsh_order_operate.html HTTP/1.1" 200 8245
116.235.222.38 - - [03/Jul/2021:09:26:10 +0800] "GET /xingrg/kc/buy/cgsh_order_operate.html?command=get_materiel&rest_code=00107&code=00101008123&supplier_code=00100006&order_time=2021-07-03 HTTP/1.1" 200 413
222.69.129.49 - - [03/Jul/2021:09:26:10 +0800] "GET /xingrg/javascript/easyui/themes/default/validatebox.css HTTP/1.1" 404 1104
58.40.7.146 - - [03/Jul/2021:09:26:11 +0800] "GET /xingrg/all/function/internal_message.html?_=1625275572566&CODE_STATE=getMsg HTTP/1.1" 200 27
116.235.222.38 - - [03/Jul/2021:09:26:13 +0800] "GET /xingrg/all/function/internal_message.html?_=1625275563927&CODE_STATE=getMsg HTTP/1.1" 200 27
180.169.147.146 - - [03/Jul/2021:09:26:15 +0800] "GET /xingrg/all/function/internal_message.html?_=1625275576588&CODE_STATE=getMsg HTTP/1.1" 200 27
116.224.253.72 - - [03/Jul/2021:09:26:16 +0800] "POST /xingrg/kc/buy/cgsh_order_operate.html HTTP/1.1" 200 12
116.224.253.72 - - [03/Jul/2021:09:26:17 +0800] "GET /xingrg/kc/buy/cgsh_order_info.html?code=212021070300972 HTTP/1.1" 200 57225
116.224.253.72 - - [03/Jul/2021:09:26:17 +0800] "GET /xingrg/javascript/easyui/themes/default/validatebox.css HTTP/1.1" 404 1104
116.224.253.72 - - [03/Jul/2021:09:26:18 +0800] "POST /xingrg/kc/buy/cgsh_order_operate.html HTTP/1.1" 200 4208
116.235.222.38 - - [03/Jul/2021:09:26:20 +0800] "GET /xingrg/kc/buy/cgsh_order_operate.html?command=get_materiel&rest_code=00107&code=00101008364&supplier_code=00100006&order_time=2021-07-03 HTTP/1.1" 200 413
116.224.253.72 - - [03/Jul/2021:09:26:20 +0800] "GET /xingrg/kc/print/load_data.html?order_code=212021070300972&kc_code=cgsh&condition= HTTP/1.1" 200 2099
120.253.135.82 - - [03/Jul/2021:09:26:22 +0800] "GET /xingrg/javascript/jquery_easy_ui/themes/default/images/tabs_active.png HTTP/1.1" 304 -
120.253.135.82 - - [03/Jul/2021:09:26:23 +0800] "GET /xingrg/javascript/jquery_easy_ui/themes/icons/manage.png HTTP/1.1" 304 -
120.253.135.82 - - [03/Jul/2021:09:26:23 +0800] "GET /xingrg/javascript/jquery_easy_ui/themes/icons/area.png HTTP/1.1" 304 -
120.253.135.82 - - [03/Jul/2021:09:26:24 +0800] "GET /xingrg/all/function/internal_message.html?_=1625275368431&CODE_STATE=getMsg HTTP/1.1" 200 27
120.253.135.82 - - [03/Jul/2021:09:26:25 +0800] "GET /xingrg/javascript/jquery_easy_ui/themes/default/images/tabs_active.png HTTP/1.1" 304 -
120.253.135.82 - - [03/Jul/2021:09:26:25 +0800] "GET /xingrg/javascript/jquery_easy_ui/themes/default/images/tabs_active.png HTTP/1.1" 304 -
120.253.135.82 - - [03/Jul/2021:09:26:26 +0800] "GET /xingrg/kc/pszx/mdqp_order_list.html?state=10 HTTP/1.1" 200 10653
120.253.135.82 - - [03/Jul/2021:09:26:26 +0800] "GET /xingrg/dwr/interface/AjaxReportQueryService.js HTTP/1.1" 200 13203
120.253.135.82 - - [03/Jul/2021:09:26:26 +0800] "GET /xingrg/dwr/interface/AjaxQqpsService.js HTTP/1.1" 200 16326
120.253.135.82 - - [03/Jul/2021:09:26:26 +0800] "GET /xingrg/dwr/engine.js HTTP/1.1" 200 43631
116.230.110.80 - - [03/Jul/2021:09:26:26 +0800] "GET /xingrg/all/function/internal_message.html?_=1625275585391&CODE_STATE=getMsg HTTP/1.1" 200 27
120.253.135.82 - - [03/Jul/2021:09:26:27 +0800] "GET /xingrg/javascript/jquery_easy_ui/themes/default/images/tabs_active.png HTTP/1.1" 304 -
120.253.135.82 - - [03/Jul/2021:09:26:27 +0800] "GET /xingrg/javascript/jquery_easy_ui/themes/default/images/tabs_active.png HTTP/1.1" 304 -
116.224.253.72 - - [03/Jul/2021:09:26:28 +0800] "GET /xingrg/all/function/internal_message.html?_=1625275585013&CODE_STATE=getMsg HTTP/1.1" 200 27
116.230.110.80 - - [03/Jul/2021:09:26:28 +0800] "GET /xingrg/kc/buy/cgsh_order_operate.html?command=get_materiel&rest_code=00155&code=00101016017&supplier_code=00100037&order_time=2021-07-03 HTTP/1.1" 200 408
101.85.107.54 - - [03/Jul/2021:09:26:30 +0800] "GET /xingrg/all/function/internal_message.html?_=1625275020200&CODE_STATE=getMsg HTTP/1.1" 200 27
116.235.222.38 - - [03/Jul/2021:09:26:33 +0800] "GET /xingrg/kc/buy/cgsh_order_operate.html?command=get_materiel&rest_code=00107&code=00101008248&supplier_code=00100006&order_time=2021-07-03 HTTP/1.1" 200 412
116.224.253.72 - - [03/Jul/2021:09:26:34 +0800] "GET /xingrg/kc/buy/cgsh_order_add.html HTTP/1.1" 200 62329
222.69.129.49 - - [03/Jul/2021:09:26:34 +0800] "GET /xingrg/all/function/internal_message.html?_=1625275595480&CODE_STATE=getMsg HTTP/1.1" 200 27
116.230.117.165 - - [03/Jul/2021:09:26:34 +0800] "GET /xingrg/kc/buy/cgsh_order_operate.html?command=get_materiel&rest_code=00146&code=00101008318&supplier_code=00100005&order_time=2021-07-03 HTTP/1.1" 200 408
116.224.253.72 - - [03/Jul/2021:09:26:34 +0800] "POST /xingrg/kc/buy/cgsh_order_operate.html HTTP/1.1" 200 8245
116.224.253.72 - - [03/Jul/2021:09:26:34 +0800] "GET /xingrg/javascript/easyui/themes/default/validatebox.css HTTP/1.1" 404 1104
58.37.5.217 - - [03/Jul/2021:09:26:35 +0800] "GET /xingrg/all/function/internal_message.html?_=1625276126092&CODE_STATE=getMsg HTTP/1.1" 200 27
180.157.255.9 - - [03/Jul/2021:09:26:35 +0800] "GET /xingrg/all/function/internal_message.html?_=1625275607643&CODE_STATE=getMsg HTTP/1.1" 200 27
180.169.147.146 - - [03/Jul/2021:09:26:35 +0800] "GET /xingrg/all/function/internal_message.html?_=1625275599227&CODE_STATE=getMsg HTTP/1.1" 200 27
116.230.117.165 - - [03/Jul/2021:09:26:38 +0800] "POST /xingrg/kc/buy/cgsh_order_operate.html HTTP/1.1" 200 2065
116.230.117.165 - - [03/Jul/2021:09:26:39 +0800] "GET /xingrg/all/function/internal_message.html?_=1625275625009&CODE_STATE=getMsg HTTP/1.1" 200 27
222.69.129.49 - - [03/Jul/2021:09:26:40 +0800] "POST /xingrg/services/DataTransmitService HTTP/1.1" 200 524
180.162.195.211 - - [03/Jul/2021:09:26:42 +0800] "GET /xingrg/check_reg.html?_=1625275604992 HTTP/1.1" 200 22
180.162.195.211 - - [03/Jul/2021:09:26:42 +0800] "GET /xingrg/all/function/internal_message.html?_=1625275604994&CODE_STATE=getMsg HTTP/1.1" 200 27
58.40.7.146 - - [03/Jul/2021:09:26:43 +0800] "GET /xingrg/all/function/internal_message.html?_=1625275603989&CODE_STATE=getMsg HTTP/1.1" 200 27
222.69.129.49 - - [03/Jul/2021:09:26:43 +0800] "POST /xingrg/services/DataTransmitService HTTP/1.1" 200 501
116.235.222.38 - - [03/Jul/2021:09:26:44 +0800] "GET /xingrg/kc/buy/cgsh_order_operate.html?command=get_materiel&rest_code=00107&code=00101008087&supplier_code=00100006&order_time=2021-07-03 HTTP/1.1" 200 412
222.69.129.49 - - [03/Jul/2021:09:26:45 +0800] "GET /xingrg/kc/buy/cgsh_order_operate.html?command=get_materiel&rest_code=00149&code=00101016010&supplier_code=00100036&order_time=2021-07-03 HTTP/1.1" 200 408
116.230.117.165 - - [03/Jul/2021:09:26:45 +0800] "GET /xingrg/kc/buy/cgsh_order_operate.html?command=get_materiel&rest_code=00146&code=00101008005&supplier_code=00100005&order_time=2021-07-03 HTTP/1.1" 200 412
116.224.253.72 - - [03/Jul/2021:09:26:46 +0800] "GET /xingrg/kc/buy/cgsh_order_operate.html?command=get_materiel&rest_code=00151&code=00101008323&supplier_code=00100007&order_time=2021-07-03 HTTP/1.1" 200 429
116.235.222.38 - - [03/Jul/2021:09:26:49 +0800] "POST /xingrg/kc/buy/cgsh_order_operate.html HTTP/1.1" 200 2065
180.162.195.211 - - [03/Jul/2021:09:26:50 +0800] "GET /xingrg/check_reg.html?_=1625275581901 HTTP/1.1" 200 22
180.162.195.211 - - [03/Jul/2021:09:26:50 +0800] "GET /xingrg/all/function/internal_message.html?_=1625275581904&CODE_STATE=getMsg HTTP/1.1" 200 27
222.69.129.49 - - [03/Jul/2021:09:26:53 +0800] "POST /xingrg/services/DataTransmitService HTTP/1.1" 200 524
180.169.147.146 - - [03/Jul/2021:09:26:55 +0800] "GET /xingrg/all/function/internal_message.html?_=1625275616419&CODE_STATE=getMsg HTTP/1.1" 200 27
116.230.117.165 - - [03/Jul/2021:09:26:56 +0800] "GET /xingrg/all/function/internal_message.html?_=1625275615688&CODE_STATE=getMsg HTTP/1.1" 302 -
222.69.129.49 - - [03/Jul/2021:09:26:56 +0800] "GET /xingrg/kc/buy/cgsh_order_operate.html?command=get_materiel&rest_code=00149&code=00101016080&supplier_code=00100036&order_time=2021-07-03 HTTP/1.1" 200 428
116.224.253.72 - - [03/Jul/2021:09:26:57 +0800] "GET /xingrg/kc/buy/cgsh_order_operate.html?command=get_materiel&rest_code=00151&code=00101008318&supplier_code=00100007&order_time=2021-07-03 HTTP/1.1" 200 408
116.230.110.80 - - [03/Jul/2021:09:26:57 +0800] "GET /xingrg/kc/buy/cgsh_order_operate.html?command=get_materiel&rest_code=00155&code=00101007109&supplier_code=00100037&order_time=2021-07-03 HTTP/1.1" 200 408
116.224.253.72 - - [03/Jul/2021:09:27:03 +0800] "GET /xingrg/kc/buy/cgsh_order_operate.html?command=get_materiel&rest_code=00151&code=00101016051&supplier_code=00100007&order_time=2021-07-03 HTTP/1.1" 200 408
116.224.253.72 - - [03/Jul/2021:09:27:03 +0800] "GET /xingrg/all/function/internal_message.html?_=1625275617523&CODE_STATE=getMsg HTTP/1.1" 200 27
116.235.222.38 - - [03/Jul/2021:09:27:04 +0800] "GET /xingrg/kc/buy/cgsh_order_operate.html?command=get_materiel&rest_code=00107&code=00101008305&supplier_code=00100006&order_time=2021-07-03 HTTP/1.1" 200 412
222.70.176.145 - - [03/Jul/2021:09:27:09 +0800] "GET /xingrg/all/function/internal_message.html?_=1625275628324&CODE_STATE=getMsg HTTP/1.1" 200 27
116.224.253.72 - - [03/Jul/2021:09:27:10 +0800] "GET /xingrg/kc/buy/cgsh_order_operate.html?command=get_materiel&rest_code=00151&code=00101008270&supplier_code=00100007&order_time=2021-07-03 HTTP/1.1" 200 412
222.69.129.49 - - [03/Jul/2021:09:27:10 +0800] "GET /xingrg/kc/buy/cgsh_order_operate.html?command=get_materiel&rest_code=00149&code=00101010092&supplier_code=00100036&order_time=2021-07-03 HTTP/1.1" 200 450
58.40.7.146 - - [03/Jul/2021:09:27:11 +0800] "GET /xingrg/all/function/internal_message.html?_=1625275632567&CODE_STATE=getMsg HTTP/1.1" 200 27
116.235.222.38 - - [03/Jul/2021:09:27:13 +0800] "GET /xingrg/all/function/internal_message.html?_=1625275623896&CODE_STATE=getMsg HTTP/1.1" 200 27
180.169.147.146 - - [03/Jul/2021:09:27:15 +0800] "GET /xingrg/all/function/internal_message.html?_=1625275636596&CODE_STATE=getMsg HTTP/1.1" 200 27
116.224.253.72 - - [03/Jul/2021:09:27:16 +0800] "GET /xingrg/kc/buy/cgsh_order_operate.html?command=get_materiel&rest_code=00151&code=00101008095&supplier_code=00100007&order_time=2021-07-03 HTTP/1.1" 200 412
116.235.222.38 - - [03/Jul/2021:09:27:17 +0800] "GET /xingrg/kc/buy/cgsh_order_operate.html?command=get_materiel&rest_code=00107&code=00101008343&supplier_code=00100006&order_time=2021-07-03 HTTP/1.1" 200 412
116.230.117.165 - - [03/Jul/2021:09:27:18 +0800] "GET /xingrg/check_reg.html?_=1625275663873 HTTP/1.1" 200 22
116.230.117.165 - - [03/Jul/2021:09:27:21 +0800] "GET /xingrg/kc/buy/cgsh_order_operate.html?command=get_materiel&rest_code=00146&code=00101008312&supplier_code=00100005&order_time=2021-07-03 HTTP/1.1" 200 412
116.224.253.72 - - [03/Jul/2021:09:27:22 +0800] "GET /xingrg/kc/buy/cgsh_order_operate.html?command=get_materiel&rest_code=00151&code=00101008350&supplier_code=00100007&order_time=2021-07-03 HTTP/1.1" 200 408
116.230.110.80 - - [03/Jul/2021:09:27:26 +0800] "GET /xingrg/all/function/internal_message.html?_=1625275645393&CODE_STATE=getMsg HTTP/1.1" 200 27
116.235.222.38 - - [03/Jul/2021:09:27:28 +0800] "GET /xingrg/kc/buy/cgsh_order_operate.html?command=get_materiel&rest_code=00107&code=00101008371&supplier_code=00100006&order_time=2021-07-03 HTTP/1.1" 200 412
116.224.253.72 - - [03/Jul/2021:09:27:28 +0800] "GET /xingrg/all/function/internal_message.html?_=1625275645020&CODE_STATE=getMsg HTTP/1.1" 200 27
116.224.253.72 - - [03/Jul/2021:09:27:28 +0800] "GET /xingrg/check_reg.html?_=1625275645026 HTTP/1.1" 200 22
116.230.110.80 - - [03/Jul/2021:09:27:28 +0800] "GET /xingrg/kc/buy/cgsh_order_operate.html?command=get_materiel&rest_code=00155&code=00101023022&supplier_code=00100037&order_time=2021-07-03 HTTP/1.1" 200 392
116.224.253.72 - - [03/Jul/2021:09:27:29 +0800] "GET /xingrg/kc/buy/cgsh_order_operate.html?command=get_materiel&rest_code=00151&code=00101008351&supplier_code=00100007&order_time=2021-07-03 HTTP/1.1" 200 428
101.85.107.54 - - [03/Jul/2021:09:27:30 +0800] "GET /xingrg/check_reg.html?_=1625275080202 HTTP/1.1" 200 22
101.85.107.54 - - [03/Jul/2021:09:27:30 +0800] "GET /xingrg/all/function/internal_message.html?_=1625275080200&CODE_STATE=getMsg HTTP/1.1" 200 27
116.230.117.165 - - [03/Jul/2021:09:27:33 +0800] "GET /xingrg/kc/buy/cgsh_order_operate.html?command=get_materiel&rest_code=00146&code=00101008283&supplier_code=00100005&order_time=2021-07-03 HTTP/1.1" 200 408
58.40.7.146 - - [03/Jul/2021:09:27:33 +0800] "GET /xingrg/check_reg.html?_=1625275654430 HTTP/1.1" 200 22
222.69.129.49 - - [03/Jul/2021:09:27:34 +0800] "GET /xingrg/all/function/internal_message.html?_=1625275655461&CODE_STATE=getMsg HTTP/1.1" 200 27
58.37.5.217 - - [03/Jul/2021:09:27:35 +0800] "GET /xingrg/all/function/internal_message.html?_=1625276186106&CODE_STATE=getMsg HTTP/1.1" 200 27
58.37.5.217 - - [03/Jul/2021:09:27:35 +0800] "GET /xingrg/check_reg.html?_=1625276186107 HTTP/1.1" 200 22
222.69.129.49 - - [03/Jul/2021:09:27:35 +0800] "GET /xingrg/kc/buy/cgsh_order_operate.html?command=get_materiel&rest_code=00149&code=00101010348&supplier_code=00100036&order_time=2021-07-03 HTTP/1.1" 200 417
180.157.255.9 - - [03/Jul/2021:09:27:35 +0800] "GET /xingrg/all/function/internal_message.html?_=1625275667643&CODE_STATE=getMsg HTTP/1.1" 200 27
116.230.117.165 - - [03/Jul/2021:09:27:35 +0800] "POST /xingrg/kc/buy/cgsh_order_operate.html HTTP/1.1" 200 2065
180.169.147.146 - - [03/Jul/2021:09:27:35 +0800] "GET /xingrg/all/function/internal_message.html?_=1625275659230&CODE_STATE=getMsg HTTP/1.1" 200 27
116.224.253.72 - - [03/Jul/2021:09:27:36 +0800] "GET /xingrg/kc/buy/cgsh_order_operate.html?command=get_materiel&rest_code=00151&code=00101008264&supplier_code=00100007&order_time=2021-07-03 HTTP/1.1" 200 412
116.230.117.165 - - [03/Jul/2021:09:27:39 +0800] "GET /xingrg/all/function/internal_message.html?_=1625275685023&CODE_STATE=getMsg HTTP/1.1" 200 27
116.230.110.80 - - [03/Jul/2021:09:27:41 +0800] "GET /xingrg/kc/buy/cgsh_order_operate.html?command=get_materiel&rest_code=00155&code=00101008041&supplier_code=00100037&order_time=2021-07-03 HTTP/1.1" 200 408
116.224.253.72 - - [03/Jul/2021:09:27:41 +0800] "GET /xingrg/kc/buy/cgsh_order_operate.html?command=get_materiel&rest_code=00151&code=00101008261&supplier_code=00100007&order_time=2021-07-03 HTTP/1.1" 200 408
222.69.129.49 - - [03/Jul/2021:09:27:42 +0800] "GET /xingrg/javascript/jquery_easy_ui/themes/icons/rest.png HTTP/1.1" 200 695
222.69.129.49 - - [03/Jul/2021:09:27:42 +0800] "GET /xingrg/javascript/jquery_easy_ui/themes/icons/area.png HTTP/1.1" 200 262
180.162.195.211 - - [03/Jul/2021:09:27:42 +0800] "GET /xingrg/all/function/internal_message.html?_=1625275664994&CODE_STATE=getMsg HTTP/1.1" 200 27
58.40.7.146 - - [03/Jul/2021:09:27:43 +0800] "GET /xingrg/all/function/internal_message.html?_=1625275663993&CODE_STATE=getMsg HTTP/1.1" 200 27
116.230.117.165 - - [03/Jul/2021:09:27:43 +0800] "GET /xingrg/kc/buy/cgsh_order_operate.html?command=get_materiel&rest_code=00146&code=00101008141&supplier_code=00100005&order_time=2021-07-03 HTTP/1.1" 200 412
222.69.129.49 - - [03/Jul/2021:09:27:46 +0800] "POST /xingrg/kc/buy/cgsh_order_operate.html HTTP/1.1" 200 37
222.69.129.49 - - [03/Jul/2021:09:27:50 +0800] "POST /xingrg/kc/buy/cgsh_order_operate.html HTTP/1.1" 200 12
180.162.195.211 - - [03/Jul/2021:09:27:50 +0800] "GET /xingrg/all/function/internal_message.html?_=1625275641903&CODE_STATE=getMsg HTTP/1.1" 200 27
116.230.110.80 - - [03/Jul/2021:09:27:51 +0800] "GET /xingrg/kc/buy/cgsh_order_operate.html?command=get_materiel&rest_code=00155&code=00101015026&supplier_code=00100037&order_time=2021-07-03 HTTP/1.1" 200 412
222.69.129.49 - - [03/Jul/2021:09:27:53 +0800] "GET /xingrg/kc/buy/cgsh_order_info.html?code=212021070300973 HTTP/1.1" 200 57638
222.69.129.49 - - [03/Jul/2021:09:27:53 +0800] "GET /xingrg/javascript/easyui/themes/default/validatebox.css HTTP/1.1" 404 1104
222.69.129.49 - - [03/Jul/2021:09:27:54 +0800] "POST /xingrg/kc/buy/cgsh_order_operate.html HTTP/1.1" 200 2397
180.169.147.146 - - [03/Jul/2021:09:27:55 +0800] "GET /xingrg/all/function/internal_message.html?_=1625275676421&CODE_STATE=getMsg HTTP/1.1" 200 27
116.230.117.165 - - [03/Jul/2021:09:27:56 +0800] "GET /xingrg/check_reg.html?_=1625275675694 HTTP/1.1" 302 -
116.230.117.165 - - [03/Jul/2021:09:27:56 +0800] "GET /xingrg/all/function/internal_message.html?_=1625275675696&CODE_STATE=getMsg HTTP/1.1" 302 -
222.69.129.49 - - [03/Jul/2021:09:27:56 +0800] "GET /xingrg/kc/print/load_data.html?order_code=212021070300973&kc_code=cgsh&condition= HTTP/1.1" 200 1473
180.169.147.146 - - [03/Jul/2021:09:28:02 +0800] "GET /xingrg/check_reg.html?_=1625275678017 HTTP/1.1" 200 22
222.69.129.49 - - [03/Jul/2021:09:28:03 +0800] "GET /xingrg/kc/buy/cgsh_order_add.html HTTP/1.1" 200 62728
222.69.129.49 - - [03/Jul/2021:09:28:03 +0800] "POST /xingrg/kc/buy/cgsh_order_operate.html HTTP/1.1" 200 8245
222.69.129.49 - - [03/Jul/2021:09:28:03 +0800] "GET /xingrg/javascript/easyui/themes/default/validatebox.css HTTP/1.1" 404 1104
116.224.253.72 - - [03/Jul/2021:09:28:03 +0800] "GET /xingrg/all/function/internal_message.html?_=1625275677538&CODE_STATE=getMsg HTTP/1.1" 200 27
116.230.110.80 - - [03/Jul/2021:09:28:05 +0800] "GET /xingrg/kc/buy/cgsh_order_operate.html?command=get_materiel&rest_code=00155&code=00101009015&supplier_code=00100037&order_time=2021-07-03 HTTP/1.1" 200 416
222.70.176.145 - - [03/Jul/2021:09:28:09 +0800] "GET /xingrg/all/function/internal_message.html?_=1625275688307&CODE_STATE=getMsg HTTP/1.1" 200 27
58.40.7.146 - - [03/Jul/2021:09:28:11 +0800] "GET /xingrg/all/function/internal_message.html?_=1625275692568&CODE_STATE=getMsg HTTP/1.1" 200 27
116.235.222.38 - - [03/Jul/2021:09:28:13 +0800] "GET /xingrg/all/function/internal_message.html?_=1625275683869&CODE_STATE=getMsg HTTP/1.1" 200 27
116.230.110.80 - - [03/Jul/2021:09:28:14 +0800] "GET /xingrg/kc/buy/cgsh_order_operate.html?command=get_materiel&rest_code=00155&code=00101009016&supplier_code=00100037&order_time=2021-07-03 HTTP/1.1" 200 412
180.169.147.146 - - [03/Jul/2021:09:28:15 +0800] "GET /xingrg/all/function/internal_message.html?_=1625275696622&CODE_STATE=getMsg HTTP/1.1" 200 27
116.230.117.165 - - [03/Jul/2021:09:28:25 +0800] "GET /xingrg/kc/buy/cgsh_order_operate.html?command=get_materiel&rest_code=00146&code=00101008230&supplier_code=00100005&order_time=2021-07-03 HTTP/1.1" 200 408
116.230.110.80 - - [03/Jul/2021:09:28:26 +0800] "GET /xingrg/all/function/internal_message.html?_=1625275705381&CODE_STATE=getMsg HTTP/1.1" 200 27
116.230.110.80 - - [03/Jul/2021:09:28:26 +0800] "GET /xingrg/check_reg.html?_=1625275705386 HTTP/1.1" 200 22
116.224.253.72 - - [03/Jul/2021:09:28:28 +0800] "GET /xingrg/all/function/internal_message.html?_=1625275705035&CODE_STATE=getMsg HTTP/1.1" 200 27
101.85.107.54 - - [03/Jul/2021:09:28:30 +0800] "GET /xingrg/all/function/internal_message.html?_=1625275140195&CODE_STATE=getMsg HTTP/1.1" 200 27
180.169.147.146 - - [03/Jul/2021:09:28:32 +0800] "GET /xingrg/kc/buy/buy_main.html HTTP/1.1" 200 12412
180.169.147.146 - - [03/Jul/2021:09:28:32 +0800] "GET /xingrg/css/new_ie.css HTTP/1.1" 404 1036
180.169.147.146 - - [03/Jul/2021:09:28:32 +0800] "GET /xingrg/images/yd/bt.gif HTTP/1.1" 404 1040
180.169.147.146 - - [03/Jul/2021:09:28:32 +0800] "GET /xingrg/kc/buy/cgsh_order_list.html HTTP/1.1" 200 46943
116.230.110.80 - - [03/Jul/2021:09:28:33 +0800] "GET /xingrg/kc/buy/cgsh_order_operate.html?command=get_materiel&rest_code=00155&code=00101009011&supplier_code=00100037&order_time=2021-07-03 HTTP/1.1" 200 416
222.69.129.49 - - [03/Jul/2021:09:28:34 +0800] "GET /xingrg/kc/buy/cgsh_order_operate.html?command=get_materiel&rest_code=00149&code=00101004071&supplier_code=00100083&order_time=2021-07-03 HTTP/1.1" 200 409
222.69.129.49 - - [03/Jul/2021:09:28:34 +0800] "GET /xingrg/all/function/internal_message.html?_=1625275715477&CODE_STATE=getMsg HTTP/1.1" 200 27
222.69.129.49 - - [03/Jul/2021:09:28:34 +0800] "GET /xingrg/check_reg.html?_=1625275715479 HTTP/1.1" 200 22
116.230.117.165 - - [03/Jul/2021:09:28:35 +0800] "GET /xingrg/kc/buy/cgsh_order_operate.html?command=get_materiel&rest_code=00146&code=00101008223&supplier_code=00100005&order_time=2021-07-03 HTTP/1.1" 200 412
58.37.5.217 - - [03/Jul/2021:09:28:35 +0800] "GET /xingrg/all/function/internal_message.html?_=1625276246136&CODE_STATE=getMsg HTTP/1.1" 200 27
180.157.255.9 - - [03/Jul/2021:09:28:35 +0800] "GET /xingrg/all/function/internal_message.html?_=1625275727644&CODE_STATE=getMsg HTTP/1.1" 200 27
180.157.255.9 - - [03/Jul/2021:09:28:35 +0800] "GET /xingrg/check_reg.html?_=1625275727646 HTTP/1.1" 200 22
180.169.147.146 - - [03/Jul/2021:09:28:35 +0800] "GET /xingrg/all/function/internal_message.html?_=1625275719230&CODE_STATE=getMsg HTTP/1.1" 200 27
116.230.117.165 - - [03/Jul/2021:09:28:39 +0800] "GET /xingrg/all/function/internal_message.html?_=1625275745036&CODE_STATE=getMsg HTTP/1.1" 200 27
180.162.195.211 - - [03/Jul/2021:09:28:42 +0800] "GET /xingrg/all/function/internal_message.html?_=1625275724994&CODE_STATE=getMsg HTTP/1.1" 200 27
58.40.7.146 - - [03/Jul/2021:09:28:43 +0800] "GET /xingrg/all/function/internal_message.html?_=1625275723997&CODE_STATE=getMsg HTTP/1.1" 200 27
116.230.117.165 - - [03/Jul/2021:09:28:44 +0800] "GET /xingrg/kc/buy/cgsh_order_operate.html?command=get_materiel&rest_code=00146&code=00101008236&supplier_code=00100005&order_time=2021-07-03 HTTP/1.1" 200 416
116.230.117.165 - - [03/Jul/2021:09:28:47 +0800] "POST /xingrg/kc/buy/cgsh_order_operate.html HTTP/1.1" 200 2065
180.162.195.211 - - [03/Jul/2021:09:28:50 +0800] "GET /xingrg/all/function/internal_message.html?_=1625275701903&CODE_STATE=getMsg HTTP/1.1" 200 27
116.230.110.80 - - [03/Jul/2021:09:28:50 +0800] "GET /xingrg/kc/buy/cgsh_order_operate.html?command=get_materiel&rest_code=00155&code=00101009013&supplier_code=00100037&order_time=2021-07-03 HTTP/1.1" 200 420
222.69.129.49 - - [03/Jul/2021:09:28:54 +0800] "GET /xingrg/kc/buy/cgsh_order_operate.html?command=get_materiel&rest_code=00149&code=00101004065&supplier_code=00100083&order_time=2021-07-03 HTTP/1.1" 200 435
180.169.147.146 - - [03/Jul/2021:09:28:55 +0800] "GET /xingrg/all/function/internal_message.html?_=1625275736446&CODE_STATE=getMsg HTTP/1.1" 200 27
116.230.117.165 - - [03/Jul/2021:09:28:56 +0800] "GET /xingrg/all/function/internal_message.html?_=1625275735683&CODE_STATE=getMsg HTTP/1.1" 302 -
180.169.147.146 - - [03/Jul/2021:09:28:56 +0800] "POST /xingrg/kc/buy/cgsh_list_operate.html HTTP/1.1" 200 5193
116.230.110.80 - - [03/Jul/2021:09:29:00 +0800] "GET /xingrg/kc/buy/cgsh_order_operate.html?command=get_materiel&rest_code=00155&code=00101015044&supplier_code=00100037&order_time=2021-07-03 HTTP/1.1" 200 408
180.169.147.146 - - [03/Jul/2021:09:29:02 +0800] "GET /xingrg/check_reg.html?_=1625275744032 HTTP/1.1" 200 22
116.224.253.72 - - [03/Jul/2021:09:29:03 +0800] "GET /xingrg/check_reg.html?_=1625275737334 HTTP/1.1" 200 22
116.224.253.72 - - [03/Jul/2021:09:29:03 +0800] "GET /xingrg/all/function/internal_message.html?_=1625275737550&CODE_STATE=getMsg HTTP/1.1" 200 27
