116.230.117.165 - - [02/Jul/2021:10:31:17 +0800] "POST /xingrg/kc/buy/cgsh_list_operate.html HTTP/1.1" 200 1688
114.84.0.231 - - [02/Jul/2021:10:31:20 +0800] "GET /favicon.ico HTTP/1.1" 404 -
116.230.117.165 - - [02/Jul/2021:10:31:21 +0800] "GET /xingrg/all/function/internal_message.html?_=1625193103320&CODE_STATE=getMsg HTTP/1.1" 200 27
101.85.107.54 - - [02/Jul/2021:10:31:23 +0800] "GET /xingrg/check_reg.html?_=1625192515383 HTTP/1.1" 200 22
101.85.107.54 - - [02/Jul/2021:10:31:23 +0800] "GET /xingrg/all/function/internal_message.html?_=1625192515380&CODE_STATE=getMsg HTTP/1.1" 200 27
180.174.237.246 - - [02/Jul/2021:10:31:24 +0800] "POST /xingrg/kc/buy/cgsh_order_operate.html HTTP/1.1" 200 37
180.174.237.246 - - [02/Jul/2021:10:31:25 +0800] "POST /xingrg/kc/buy/cgsh_order_operate.html HTTP/1.1" 200 7946
116.224.253.72 - - [02/Jul/2021:10:31:26 +0800] "GET /xingrg/all/function/internal_message.html?_=1625193082090&CODE_STATE=getMsg HTTP/1.1" 200 27
180.169.147.146 - - [02/Jul/2021:10:31:27 +0800] "GET /xingrg/all/function/internal_message.html?_=1625193089287&CODE_STATE=getMsg HTTP/1.1" 200 27
180.162.195.211 - - [02/Jul/2021:10:31:28 +0800] "GET /xingrg/all/function/internal_message.html?_=1625193090509&CODE_STATE=getMsg HTTP/1.1" 200 27
180.162.195.211 - - [02/Jul/2021:10:31:28 +0800] "GET /xingrg/check_reg.html?_=1625193090512 HTTP/1.1" 200 22
180.174.237.246 - - [02/Jul/2021:10:31:29 +0800] "GET /xingrg/kc/base/yddb_order_list.html HTTP/1.1" 200 16751
180.174.237.246 - - [02/Jul/2021:10:31:29 +0800] "POST /xingrg/kc/base/yddb_list_operate.html HTTP/1.1" 200 1334
58.37.5.217 - - [02/Jul/2021:10:31:29 +0800] "GET /xingrg/all/function/internal_message.html?_=1625193622416&CODE_STATE=getMsg HTTP/1.1" 200 27
180.174.237.246 - - [02/Jul/2021:10:31:30 +0800] "POST /xingrg/kc/base/yddb_list_operate.html HTTP/1.1" 200 209
180.162.195.211 - - [02/Jul/2021:10:31:31 +0800] "POST /xingrg/kc/buy/cgsh_list_operate.html HTTP/1.1" 200 5150
180.174.237.246 - - [02/Jul/2021:10:31:32 +0800] "POST /xingrg/kc/base/yddb_list_operate.html HTTP/1.1" 200 4269
116.235.222.38 - - [02/Jul/2021:10:31:33 +0800] "GET /xingrg/all/function/internal_message.html?_=1625193086505&CODE_STATE=getMsg HTTP/1.1" 200 27
180.174.237.246 - - [02/Jul/2021:10:31:33 +0800] "POST /xingrg/kc/base/yddb_list_operate.html HTTP/1.1" 200 564
116.235.222.38 - - [02/Jul/2021:10:31:34 +0800] "POST /xingrg/kc/buy/cgsh_order_operate.html HTTP/1.1" 200 37
58.37.225.51 - - [02/Jul/2021:10:31:34 +0800] "GET /xingrg/all/function/internal_message.html?_=1625193021338&CODE_STATE=getMsg HTTP/1.1" 200 27
180.169.147.146 - - [02/Jul/2021:10:31:35 +0800] "GET /xingrg/all/function/internal_message.html?_=1625193100129&CODE_STATE=getMsg HTTP/1.1" 200 27
180.174.237.246 - - [02/Jul/2021:10:31:35 +0800] "GET /xingrg/all/function/internal_message.html?_=1625193066511&CODE_STATE=getMsg HTTP/1.1" 200 27
180.174.237.246 - - [02/Jul/2021:10:31:35 +0800] "POST /xingrg/kc/base/yddb_list_operate.html HTTP/1.1" 200 222
116.235.222.38 - - [02/Jul/2021:10:31:36 +0800] "POST /xingrg/kc/buy/cgsh_order_operate.html HTTP/1.1" 200 3851
180.162.195.211 - - [02/Jul/2021:10:31:36 +0800] "POST /xingrg/kc/buy/cgsh_list_operate.html HTTP/1.1" 200 582
222.70.176.145 - - [02/Jul/2021:10:31:37 +0800] "GET /xingrg/all/function/internal_message.html?_=1625193097405&CODE_STATE=getMsg HTTP/1.1" 200 27
180.174.237.246 - - [02/Jul/2021:10:31:37 +0800] "GET /xingrg/kc/base/yddb_order_info.html?code=482021070100004 HTTP/1.1" 200 31482
180.174.237.246 - - [02/Jul/2021:10:31:37 +0800] "GET /xingrg/css/blue.css HTTP/1.1" 304 -
180.174.237.246 - - [02/Jul/2021:10:31:37 +0800] "GET /xingrg/dwr/interface/AjaxYddbService.js HTTP/1.1" 200 13201
180.174.237.246 - - [02/Jul/2021:10:31:37 +0800] "GET /xingrg/dwr/util.js HTTP/1.1" 304 -
180.174.237.246 - - [02/Jul/2021:10:31:37 +0800] "GET /xingrg/dwr/interface/AjaxComOrderService.js HTTP/1.1" 200 18264
180.174.237.246 - - [02/Jul/2021:10:31:37 +0800] "GET /xingrg/javascript/Calendar.js HTTP/1.1" 304 -
180.174.237.246 - - [02/Jul/2021:10:31:37 +0800] "GET /xingrg/javascript/myfunction.js HTTP/1.1" 304 -
180.174.237.246 - - [02/Jul/2021:10:31:37 +0800] "GET /xingrg/javascript/checkform.js HTTP/1.1" 304 -
180.174.237.246 - - [02/Jul/2021:10:31:37 +0800] "GET /xingrg/javascript/Grid.js HTTP/1.1" 304 -
180.174.237.246 - - [02/Jul/2021:10:31:37 +0800] "GET /xingrg/javascript/ToolTips.js HTTP/1.1" 304 -
180.174.237.246 - - [02/Jul/2021:10:31:37 +0800] "GET /xingrg/javascript/AjaxInfoList.js HTTP/1.1" 304 -
180.174.237.246 - - [02/Jul/2021:10:31:37 +0800] "GET /xingrg/dwr/engine.js HTTP/1.1" 200 43631
180.174.237.246 - - [02/Jul/2021:10:31:37 +0800] "POST /xingrg/dwr/call/plaincall/AjaxYddbService.loadMaterielItems.dwr HTTP/1.1" 200 12863
180.157.255.9 - - [02/Jul/2021:10:31:37 +0800] "GET /xingrg/all/function/internal_message.html?_=1625193108924&CODE_STATE=getMsg HTTP/1.1" 200 27
116.235.222.38 - - [02/Jul/2021:10:31:38 +0800] "GET /xingrg/kc/print/load_data.html?order_code=212021070200553&kc_code=cgsh&condition= HTTP/1.1" 200 1192
180.162.195.211 - - [02/Jul/2021:10:31:40 +0800] "POST /xingrg/kc/buy/cgsh_list_operate.html HTTP/1.1" 200 205
180.162.195.211 - - [02/Jul/2021:10:31:41 +0800] "GET /xingrg/kc/buy/cgsh_order_info.html?code=212021070100004 HTTP/1.1" 200 62735
180.162.195.211 - - [02/Jul/2021:10:31:41 +0800] "GET /xingrg/words/20210702102705_words.js HTTP/1.1" 200 823445
180.162.195.211 - - [02/Jul/2021:10:31:41 +0800] "GET /xingrg/javascript/easyui/themes/default/validatebox.css HTTP/1.1" 404 1104
116.235.222.38 - - [02/Jul/2021:10:31:42 +0800] "GET /xingrg/kc/buy/cgsh_order_add.html HTTP/1.1" 200 62763
180.174.237.246 - - [02/Jul/2021:10:31:42 +0800] "GET /xingrg/javascript/jquery_easy_ui/themes/default/images/tabs_active.png HTTP/1.1" 304 -
180.174.237.246 - - [02/Jul/2021:10:31:42 +0800] "GET /xingrg/javascript/jquery_easy_ui/themes/default/images/tabs_active.png HTTP/1.1" 304 -
116.235.222.38 - - [02/Jul/2021:10:31:42 +0800] "GET /xingrg/words/20210702102705_words.js HTTP/1.1" 304 -
180.162.195.211 - - [02/Jul/2021:10:31:42 +0800] "POST /xingrg/kc/buy/cgsh_order_operate.html HTTP/1.1" 200 2662
116.235.222.38 - - [02/Jul/2021:10:31:42 +0800] "GET /xingrg/javascript/easyui/themes/default/validatebox.css HTTP/1.1" 404 1104
116.235.222.38 - - [02/Jul/2021:10:31:42 +0800] "POST /xingrg/kc/buy/cgsh_order_operate.html HTTP/1.1" 200 8245
58.40.7.146 - - [02/Jul/2021:10:31:43 +0800] "GET /xingrg/check_reg.html?_=1625193104631 HTTP/1.1" 200 22
58.40.7.146 - - [02/Jul/2021:10:31:43 +0800] "GET /xingrg/all/function/internal_message.html?_=1625193104633&CODE_STATE=getMsg HTTP/1.1" 200 27
116.235.222.38 - - [02/Jul/2021:10:31:43 +0800] "GET /xingrg/javascript/easyui/themes/default/tree.css HTTP/1.1" 404 1090
116.235.222.38 - - [02/Jul/2021:10:31:43 +0800] "POST /xingrg/all/common/load_tree.html?tree=supplier_tree_json&isDelete=1 HTTP/1.1" 200 56276
116.230.110.80 - - [02/Jul/2021:10:31:44 +0800] "GET /xingrg/all/function/internal_message.html?_=1625193105731&CODE_STATE=getMsg HTTP/1.1" 200 27
114.86.230.2 - - [02/Jul/2021:10:31:45 +0800] "POST /xingrg/kc/buy/cgsh_order_operate.html HTTP/1.1" 200 37
114.83.223.104 - - [02/Jul/2021:10:31:49 +0800] "GET /xingrg/all/function/internal_message.html?_=1625193109522&CODE_STATE=getMsg HTTP/1.1" 200 27
180.169.147.146 - - [02/Jul/2021:10:31:50 +0800] "GET /xingrg/all/function/internal_message.html?_=1625193113673&CODE_STATE=getMsg HTTP/1.1" 302 -
58.221.95.50 - - [02/Jul/2021:10:31:51 +0800] "GET /xingrg/check_reg.html?_=1625193114693 HTTP/1.1" 302 -
116.224.253.72 - - [02/Jul/2021:10:31:54 +0800] "GET /xingrg/check_reg.html?_=1625193111866 HTTP/1.1" 200 22
116.224.253.72 - - [02/Jul/2021:10:31:54 +0800] "GET /xingrg/all/function/internal_message.html?_=1625193111869&CODE_STATE=getMsg HTTP/1.1" 200 27
180.162.195.211 - - [02/Jul/2021:10:31:56 +0800] "POST /xingrg/kc/buy/cgsh_order_operate.html HTTP/1.1" 200 37
180.162.195.211 - - [02/Jul/2021:10:31:57 +0800] "POST /xingrg/kc/buy/cgsh_order_operate.html HTTP/1.1" 200 2662
180.162.195.211 - - [02/Jul/2021:10:31:59 +0800] "GET /xingrg/javascript/jquery_easy_ui/themes/default/images/tabs_active.png HTTP/1.1" 304 -
180.169.147.146 - - [02/Jul/2021:10:32:01 +0800] "GET /xingrg/all/function/internal_message.html?_=1625193118148&CODE_STATE=getMsg HTTP/1.1" 200 27
116.235.222.38 - - [02/Jul/2021:10:32:01 +0800] "GET /xingrg/kc/buy/cgsh_order_operate.html?command=get_materiel&rest_code=00107&code=00101004090&supplier_code=00100312&order_time=2021-07-02 HTTP/1.1" 200 391
116.230.110.80 - - [02/Jul/2021:10:32:03 +0800] "GET /xingrg/all/function/internal_message.html?_=1625193124860&CODE_STATE=getMsg HTTP/1.1" 200 27
58.40.7.146 - - [02/Jul/2021:10:32:06 +0800] "GET /xingrg/all/function/internal_message.html?_=1625193127470&CODE_STATE=getMsg HTTP/1.1" 200 27
116.235.95.53 - - [02/Jul/2021:10:32:15 +0800] "GET /xingrg/all/function/internal_message.html?_=1625193231166&CODE_STATE=getMsg HTTP/1.1" 200 27
116.235.222.38 - - [02/Jul/2021:10:32:16 +0800] "GET /xingrg/kc/buy/cgsh_order_operate.html?command=get_materiel&rest_code=00107&code=00101004038&supplier_code=00100312&order_time=2021-07-02 HTTP/1.1" 200 429
180.174.237.246 - - [02/Jul/2021:10:32:16 +0800] "GET /xingrg/all/function/internal_message.html?_=1625193145354&CODE_STATE=getMsg HTTP/1.1" 200 27
180.162.195.211 - - [02/Jul/2021:10:32:18 +0800] "POST /xingrg/kc/buy/cgsh_list_operate.html HTTP/1.1" 200 5150
180.162.195.211 - - [02/Jul/2021:10:32:20 +0800] "POST /xingrg/kc/buy/cgsh_list_operate.html HTTP/1.1" 200 284
180.162.195.211 - - [02/Jul/2021:10:32:21 +0800] "GET /xingrg/kc/buy/cgsh_order_info.html?code=212021070100005 HTTP/1.1" 200 62735
116.230.117.165 - - [02/Jul/2021:10:32:21 +0800] "GET /xingrg/all/function/internal_message.html?_=1625193163334&CODE_STATE=getMsg HTTP/1.1" 200 27
180.162.195.211 - - [02/Jul/2021:10:32:21 +0800] "GET /xingrg/javascript/easyui/themes/default/validatebox.css HTTP/1.1" 404 1104
180.162.195.211 - - [02/Jul/2021:10:32:22 +0800] "POST /xingrg/kc/buy/cgsh_order_operate.html HTTP/1.1" 200 3259
101.85.107.54 - - [02/Jul/2021:10:32:23 +0800] "GET /xingrg/all/function/internal_message.html?_=1625192575382&CODE_STATE=getMsg HTTP/1.1" 200 27
114.84.0.231 - - [02/Jul/2021:10:32:24 +0800] "POST /xingrg/services/DataTransmitService HTTP/1.1" 200 524
116.224.253.72 - - [02/Jul/2021:10:32:26 +0800] "GET /xingrg/all/function/internal_message.html?_=1625193142103&CODE_STATE=getMsg HTTP/1.1" 200 27
180.169.147.146 - - [02/Jul/2021:10:32:27 +0800] "GET /xingrg/all/function/internal_message.html?_=1625193149293&CODE_STATE=getMsg HTTP/1.1" 200 27
180.162.195.211 - - [02/Jul/2021:10:32:28 +0800] "GET /xingrg/all/function/internal_message.html?_=1625193150510&CODE_STATE=getMsg HTTP/1.1" 200 27
114.84.0.231 - - [02/Jul/2021:10:32:29 +0800] "POST /xingrg/services/DataTransmitService HTTP/1.1" 200 501
58.37.5.217 - - [02/Jul/2021:10:32:29 +0800] "GET /xingrg/all/function/internal_message.html?_=1625193682400&CODE_STATE=getMsg HTTP/1.1" 200 27
180.162.195.211 - - [02/Jul/2021:10:32:31 +0800] "POST /xingrg/kc/buy/cgsh_order_operate.html HTTP/1.1" 200 37
116.235.222.38 - - [02/Jul/2021:10:32:32 +0800] "GET /xingrg/kc/buy/cgsh_order_operate.html?command=get_materiel&rest_code=00107&code=00101001136&supplier_code=00100312&order_time=2021-07-02 HTTP/1.1" 200 413
180.157.255.9 - - [02/Jul/2021:10:32:32 +0800] "POST /xingrg/kc/buy/cgsh_order_operate.html HTTP/1.1" 200 37
180.162.195.211 - - [02/Jul/2021:10:32:33 +0800] "POST /xingrg/kc/buy/cgsh_order_operate.html HTTP/1.1" 200 3259
116.235.222.38 - - [02/Jul/2021:10:32:33 +0800] "GET /xingrg/check_reg.html?_=1625193146535 HTTP/1.1" 200 22
116.235.222.38 - - [02/Jul/2021:10:32:33 +0800] "GET /xingrg/all/function/internal_message.html?_=1625193146539&CODE_STATE=getMsg HTTP/1.1" 200 27
180.157.255.9 - - [02/Jul/2021:10:32:34 +0800] "POST /xingrg/kc/buy/cgsh_order_operate.html HTTP/1.1" 200 3847
180.174.237.246 - - [02/Jul/2021:10:32:34 +0800] "GET /xingrg/check_reg.html?_=1625193126004 HTTP/1.1" 200 22
58.37.225.51 - - [02/Jul/2021:10:32:34 +0800] "GET /xingrg/all/function/internal_message.html?_=1625193081348&CODE_STATE=getMsg HTTP/1.1" 200 27
180.169.147.146 - - [02/Jul/2021:10:32:35 +0800] "GET /xingrg/all/function/internal_message.html?_=1625193160132&CODE_STATE=getMsg HTTP/1.1" 200 27
180.169.147.146 - - [02/Jul/2021:10:32:35 +0800] "GET /xingrg/check_reg.html?_=1625193160137 HTTP/1.1" 200 22
180.174.237.246 - - [02/Jul/2021:10:32:35 +0800] "GET /xingrg/all/function/internal_message.html?_=1625193126525&CODE_STATE=getMsg HTTP/1.1" 200 27
180.157.255.9 - - [02/Jul/2021:10:32:35 +0800] "GET /xingrg/kc/buy/cgsh_order_add.html HTTP/1.1" 200 62681
180.157.255.9 - - [02/Jul/2021:10:32:35 +0800] "GET /xingrg/words/20210702102705_words.js HTTP/1.1" 200 823445
116.224.253.72 - - [02/Jul/2021:10:32:35 +0800] "GET /xingrg/kc/buy/cgsh_order_list.html HTTP/1.1" 200 46943
180.157.255.9 - - [02/Jul/2021:10:32:35 +0800] "POST /xingrg/kc/buy/cgsh_order_operate.html HTTP/1.1" 200 8245
180.157.255.9 - - [02/Jul/2021:10:32:35 +0800] "GET /xingrg/javascript/easyui/themes/default/validatebox.css HTTP/1.1" 404 1104
222.70.176.145 - - [02/Jul/2021:10:32:37 +0800] "GET /xingrg/all/function/internal_message.html?_=1625193157406&CODE_STATE=getMsg HTTP/1.1" 200 27
58.40.7.146 - - [02/Jul/2021:10:32:37 +0800] "GET /xingrg/check_reg.html?_=1625193158753 HTTP/1.1" 200 22
180.157.255.9 - - [02/Jul/2021:10:32:37 +0800] "GET /xingrg/all/function/internal_message.html?_=1625193168900&CODE_STATE=getMsg HTTP/1.1" 200 27
116.224.253.72 - - [02/Jul/2021:10:32:38 +0800] "POST /xingrg/kc/buy/cgsh_list_operate.html HTTP/1.1" 200 2051
58.40.7.146 - - [02/Jul/2021:10:32:43 +0800] "GET /xingrg/all/function/internal_message.html?_=1625193164637&CODE_STATE=getMsg HTTP/1.1" 200 27
116.230.110.80 - - [02/Jul/2021:10:32:44 +0800] "GET /xingrg/all/function/internal_message.html?_=1625193165707&CODE_STATE=getMsg HTTP/1.1" 200 27
116.235.222.38 - - [02/Jul/2021:10:32:47 +0800] "GET /xingrg/kc/buy/cgsh_order_operate.html?command=get_materiel&rest_code=00107&code=00101001138&supplier_code=00100312&order_time=2021-07-02 HTTP/1.1" 200 432
180.157.255.9 - - [02/Jul/2021:10:32:49 +0800] "GET /favicon.ico HTTP/1.1" 404 -
114.83.223.104 - - [02/Jul/2021:10:32:49 +0800] "GET /xingrg/all/function/internal_message.html?_=1625193169507&CODE_STATE=getMsg HTTP/1.1" 200 27
180.162.195.211 - - [02/Jul/2021:10:32:49 +0800] "POST /xingrg/kc/buy/cgsh_list_operate.html HTTP/1.1" 200 5150
180.169.147.146 - - [02/Jul/2021:10:32:50 +0800] "GET /xingrg/check_reg.html?_=1625193173673 HTTP/1.1" 302 -
180.169.147.146 - - [02/Jul/2021:10:32:50 +0800] "GET /xingrg/all/function/internal_message.html?_=1625193173676&CODE_STATE=getMsg HTTP/1.1" 302 -
180.157.255.9 - - [02/Jul/2021:10:32:50 +0800] "GET /xingrg/kc/buy/cgsh_order_operate.html?command=get_materiel&rest_code=00148&code=00101010567&supplier_code=00100326&order_time=2021-07-02 HTTP/1.1" 200 418
116.230.117.165 - - [02/Jul/2021:10:32:51 +0800] "POST /xingrg/kc/buy/cgsh_list_operate.html HTTP/1.1" 200 5440
180.162.195.211 - - [02/Jul/2021:10:32:51 +0800] "POST /xingrg/kc/buy/cgsh_list_operate.html HTTP/1.1" 200 205
180.162.195.211 - - [02/Jul/2021:10:32:52 +0800] "GET /xingrg/kc/buy/cgsh_order_info.html?code=212021070100418 HTTP/1.1" 200 62735
180.162.195.211 - - [02/Jul/2021:10:32:52 +0800] "GET /xingrg/javascript/easyui/themes/default/validatebox.css HTTP/1.1" 404 1104
180.162.195.211 - - [02/Jul/2021:10:32:53 +0800] "POST /xingrg/kc/buy/cgsh_order_operate.html HTTP/1.1" 200 2663
116.224.253.72 - - [02/Jul/2021:10:32:54 +0800] "GET /xingrg/all/function/internal_message.html?_=1625193171887&CODE_STATE=getMsg HTTP/1.1" 200 27
117.184.7.26 - - [02/Jul/2021:10:32:57 +0800] "GET /favicon.ico HTTP/1.1" 404 -
180.169.147.146 - - [02/Jul/2021:10:33:01 +0800] "GET /xingrg/all/function/internal_message.html?_=1625193178129&CODE_STATE=getMsg HTTP/1.1" 200 27
180.162.195.211 - - [02/Jul/2021:10:33:01 +0800] "POST /xingrg/kc/buy/cgsh_order_operate.html HTTP/1.1" 200 37
180.169.147.146 - - [02/Jul/2021:10:33:01 +0800] "GET /xingrg/check_reg.html?_=1625193179014 HTTP/1.1" 200 22
180.162.195.211 - - [02/Jul/2021:10:33:03 +0800] "POST /xingrg/kc/buy/cgsh_order_operate.html HTTP/1.1" 200 2662
116.230.110.80 - - [02/Jul/2021:10:33:03 +0800] "GET /xingrg/all/function/internal_message.html?_=1625193184846&CODE_STATE=getMsg HTTP/1.1" 200 27
58.40.7.146 - - [02/Jul/2021:10:33:06 +0800] "GET /xingrg/all/function/internal_message.html?_=1625193187443&CODE_STATE=getMsg HTTP/1.1" 200 27
116.230.117.165 - - [02/Jul/2021:10:33:07 +0800] "POST /xingrg/kc/buy/cgsh_list_operate.html HTTP/1.1" 200 5564
116.235.222.38 - - [02/Jul/2021:10:33:11 +0800] "GET /xingrg/kc/buy/cgsh_order_operate.html?command=get_materiel&rest_code=00107&code=00101001096&supplier_code=00100312&order_time=2021-07-02 HTTP/1.1" 200 413
116.230.117.165 - - [02/Jul/2021:10:33:14 +0800] "POST /xingrg/kc/buy/cgsh_list_operate.html HTTP/1.1" 200 562
116.235.95.53 - - [02/Jul/2021:10:33:15 +0800] "GET /xingrg/all/function/internal_message.html?_=1625193291179&CODE_STATE=getMsg HTTP/1.1" 200 27
180.174.237.246 - - [02/Jul/2021:10:33:16 +0800] "GET /xingrg/all/function/internal_message.html?_=1625193205367&CODE_STATE=getMsg HTTP/1.1" 200 27
116.230.117.165 - - [02/Jul/2021:10:33:18 +0800] "GET /xingrg/check_reg.html?_=1625193220368 HTTP/1.1" 200 22
116.230.117.165 - - [02/Jul/2021:10:33:21 +0800] "GET /xingrg/all/function/internal_message.html?_=1625193223347&CODE_STATE=getMsg HTTP/1.1" 200 27
116.230.117.165 - - [02/Jul/2021:10:33:22 +0800] "POST /xingrg/kc/buy/cgsh_list_operate.html HTTP/1.1" 200 488
180.162.195.211 - - [02/Jul/2021:10:33:23 +0800] "POST /xingrg/kc/buy/cgsh_list_operate.html HTTP/1.1" 200 5149
101.85.107.54 - - [02/Jul/2021:10:33:23 +0800] "GET /xingrg/all/function/internal_message.html?_=1625192635408&CODE_STATE=getMsg HTTP/1.1" 200 27
116.235.222.38 - - [02/Jul/2021:10:33:23 +0800] "GET /xingrg/kc/buy/cgsh_order_operate.html?command=get_materiel&rest_code=00107&code=00101005022&supplier_code=00100312&order_time=2021-07-02 HTTP/1.1" 200 417
180.162.195.211 - - [02/Jul/2021:10:33:24 +0800] "POST /xingrg/kc/buy/cgsh_list_operate.html HTTP/1.1" 200 205
116.224.253.72 - - [02/Jul/2021:10:33:25 +0800] "GET /xingrg/check_reg.html?_=1625193201124 HTTP/1.1" 200 22
116.230.117.165 - - [02/Jul/2021:10:33:25 +0800] "POST /xingrg/kc/buy/cgsh_list_operate.html HTTP/1.1" 200 574
116.224.253.72 - - [02/Jul/2021:10:33:26 +0800] "GET /xingrg/all/function/internal_message.html?_=1625193202118&CODE_STATE=getMsg HTTP/1.1" 200 27
180.162.195.211 - - [02/Jul/2021:10:33:27 +0800] "GET /xingrg/kc/buy/cgsh_order_info.html?code=212021070100420 HTTP/1.1" 200 62735
180.162.195.211 - - [02/Jul/2021:10:33:27 +0800] "GET /xingrg/javascript/easyui/themes/default/validatebox.css HTTP/1.1" 404 1104
180.169.147.146 - - [02/Jul/2021:10:33:27 +0800] "GET /xingrg/all/function/internal_message.html?_=1625193209313&CODE_STATE=getMsg HTTP/1.1" 200 27
180.162.195.211 - - [02/Jul/2021:10:33:27 +0800] "POST /xingrg/kc/buy/cgsh_order_operate.html HTTP/1.1" 200 2662
180.162.195.211 - - [02/Jul/2021:10:33:28 +0800] "GET /xingrg/all/function/internal_message.html?_=1625193210530&CODE_STATE=getMsg HTTP/1.1" 200 27
116.230.117.165 - - [02/Jul/2021:10:33:29 +0800] "POST /xingrg/kc/buy/cgsh_list_operate.html HTTP/1.1" 200 416
58.37.5.217 - - [02/Jul/2021:10:33:29 +0800] "GET /xingrg/all/function/internal_message.html?_=1625193742381&CODE_STATE=getMsg HTTP/1.1" 200 27
58.37.5.217 - - [02/Jul/2021:10:33:30 +0800] "GET /xingrg/check_reg.html?_=1625193743164 HTTP/1.1" 200 22
116.230.117.165 - - [02/Jul/2021:10:33:31 +0800] "POST /xingrg/kc/buy/cgsh_list_operate.html HTTP/1.1" 200 575
116.230.117.165 - - [02/Jul/2021:10:33:33 +0800] "POST /xingrg/services/DataTransmitService HTTP/1.1" 200 524
116.235.222.38 - - [02/Jul/2021:10:33:33 +0800] "GET /xingrg/all/function/internal_message.html?_=1625193206518&CODE_STATE=getMsg HTTP/1.1" 200 27
116.230.117.165 - - [02/Jul/2021:10:33:33 +0800] "POST /xingrg/services/DataTransmitService HTTP/1.1" 200 2167
58.37.225.51 - - [02/Jul/2021:10:33:34 +0800] "GET /xingrg/all/function/internal_message.html?_=1625193141350&CODE_STATE=getMsg HTTP/1.1" 200 27
116.230.117.165 - - [02/Jul/2021:10:33:35 +0800] "POST /xingrg/kc/buy/cgsh_list_operate.html HTTP/1.1" 200 564
180.169.147.146 - - [02/Jul/2021:10:33:35 +0800] "GET /xingrg/all/function/internal_message.html?_=1625193220138&CODE_STATE=getMsg HTTP/1.1" 200 27
180.174.237.246 - - [02/Jul/2021:10:33:35 +0800] "GET /xingrg/all/function/internal_message.html?_=1625193186537&CODE_STATE=getMsg HTTP/1.1" 200 27
116.230.117.165 - - [02/Jul/2021:10:33:35 +0800] "POST /xingrg/services/DataTransmitService HTTP/1.1" 200 524
180.162.195.211 - - [02/Jul/2021:10:33:35 +0800] "POST /xingrg/kc/buy/cgsh_order_operate.html HTTP/1.1" 200 37
116.230.117.165 - - [02/Jul/2021:10:33:35 +0800] "POST /xingrg/services/DataTransmitService HTTP/1.1" 200 2167
180.169.147.146 - - [02/Jul/2021:10:33:36 +0800] "GET /xingrg/check_reg.html?_=1625193218907 HTTP/1.1" 200 22
180.162.195.211 - - [02/Jul/2021:10:33:36 +0800] "POST /xingrg/kc/buy/cgsh_order_operate.html HTTP/1.1" 200 2662
116.235.222.38 - - [02/Jul/2021:10:33:36 +0800] "GET /xingrg/kc/buy/cgsh_order_operate.html?command=get_materiel&rest_code=00107&code=00101001029&supplier_code=00100312&order_time=2021-07-02 HTTP/1.1" 200 415
222.70.176.145 - - [02/Jul/2021:10:33:37 +0800] "GET /xingrg/all/function/internal_message.html?_=1625193217406&CODE_STATE=getMsg HTTP/1.1" 200 27
116.230.117.165 - - [02/Jul/2021:10:33:37 +0800] "POST /xingrg/kc/buy/cgsh_list_operate.html HTTP/1.1" 200 571
180.157.255.9 - - [02/Jul/2021:10:33:37 +0800] "GET /xingrg/all/function/internal_message.html?_=1625193228882&CODE_STATE=getMsg HTTP/1.1" 200 27
116.230.117.165 - - [02/Jul/2021:10:33:38 +0800] "POST /xingrg/services/DataTransmitService HTTP/1.1" 200 524
116.230.117.165 - - [02/Jul/2021:10:33:39 +0800] "POST /xingrg/services/DataTransmitService HTTP/1.1" 200 2167
116.230.117.165 - - [02/Jul/2021:10:33:39 +0800] "POST /xingrg/services/DataTransmitService HTTP/1.1" 200 524
116.230.117.165 - - [02/Jul/2021:10:33:39 +0800] "POST /xingrg/services/DataTransmitService HTTP/1.1" 200 2167
116.230.117.165 - - [02/Jul/2021:10:33:40 +0800] "POST /xingrg/services/DataTransmitService HTTP/1.1" 200 524
116.230.117.165 - - [02/Jul/2021:10:33:40 +0800] "POST /xingrg/services/DataTransmitService HTTP/1.1" 200 2167
116.230.117.165 - - [02/Jul/2021:10:33:40 +0800] "POST /xingrg/kc/buy/cgsh_list_operate.html HTTP/1.1" 200 568
180.157.255.9 - - [02/Jul/2021:10:33:42 +0800] "GET /xingrg/kc/buy/cgsh_order_operate.html?command=get_materiel&rest_code=00148&code=00101007168&supplier_code=00100326&order_time=2021-07-02 HTTP/1.1" 200 396
116.230.117.165 - - [02/Jul/2021:10:33:43 +0800] "POST /xingrg/kc/buy/cgsh_list_operate.html HTTP/1.1" 200 573
58.40.7.146 - - [02/Jul/2021:10:33:43 +0800] "GET /xingrg/all/function/internal_message.html?_=1625193224625&CODE_STATE=getMsg HTTP/1.1" 200 27
116.230.110.80 - - [02/Jul/2021:10:33:44 +0800] "GET /xingrg/all/function/internal_message.html?_=1625193225701&CODE_STATE=getMsg HTTP/1.1" 200 27
116.230.117.165 - - [02/Jul/2021:10:33:44 +0800] "POST /xingrg/kc/buy/cgsh_list_operate.html HTTP/1.1" 200 573
114.83.223.104 - - [02/Jul/2021:10:33:49 +0800] "GET /xingrg/all/function/internal_message.html?_=1625193229492&CODE_STATE=getMsg HTTP/1.1" 200 27
116.230.117.165 - - [02/Jul/2021:10:33:49 +0800] "POST /xingrg/kc/buy/cgsh_list_operate.html HTTP/1.1" 200 3506
180.169.147.146 - - [02/Jul/2021:10:33:50 +0800] "GET /xingrg/all/function/internal_message.html?_=1625193233675&CODE_STATE=getMsg HTTP/1.1" 302 -
180.157.255.9 - - [02/Jul/2021:10:33:54 +0800] "POST /xingrg/kc/buy/cgsh_order_operate.html HTTP/1.1" 200 37
116.224.253.72 - - [02/Jul/2021:10:33:54 +0800] "GET /xingrg/all/function/internal_message.html?_=1625193231875&CODE_STATE=getMsg HTTP/1.1" 200 27
116.230.117.165 - - [02/Jul/2021:10:33:55 +0800] "POST /xingrg/kc/buy/cgsh_list_operate.html HTTP/1.1" 200 576
180.162.195.211 - - [02/Jul/2021:10:33:56 +0800] "POST /xingrg/kc/buy/cgsh_list_operate.html HTTP/1.1" 200 5149
116.230.117.165 - - [02/Jul/2021:10:33:58 +0800] "POST /xingrg/kc/buy/cgsh_list_operate.html HTTP/1.1" 200 577
180.157.255.9 - - [02/Jul/2021:10:33:59 +0800] "POST /xingrg/kc/buy/cgsh_order_operate.html HTTP/1.1" 200 3247
180.169.147.146 - - [02/Jul/2021:10:34:01 +0800] "GET /xingrg/all/function/internal_message.html?_=1625193238109&CODE_STATE=getMsg HTTP/1.1" 200 27
116.235.222.38 - - [02/Jul/2021:10:34:02 +0800] "GET /xingrg/kc/buy/cgsh_order_operate.html?command=get_materiel&rest_code=00107&code=00101004057&supplier_code=00100312&order_time=2021-07-02 HTTP/1.1" 200 429
116.230.110.80 - - [02/Jul/2021:10:34:03 +0800] "GET /xingrg/all/function/internal_message.html?_=1625193244828&CODE_STATE=getMsg HTTP/1.1" 200 27
180.157.255.9 - - [02/Jul/2021:10:34:03 +0800] "GET /xingrg/kc/print/load_data.html?order_code=212021070200555&kc_code=cgsh&condition= HTTP/1.1" 200 911
116.230.110.80 - - [02/Jul/2021:10:34:03 +0800] "GET /xingrg/check_reg.html?_=1625193245273 HTTP/1.1" 200 22
114.86.230.2 - - [02/Jul/2021:10:34:05 +0800] "GET /favicon.ico HTTP/1.1" 404 -
58.40.7.146 - - [02/Jul/2021:10:34:06 +0800] "GET /xingrg/all/function/internal_message.html?_=1625193247415&CODE_STATE=getMsg HTTP/1.1" 200 27
116.230.117.165 - - [02/Jul/2021:10:34:07 +0800] "POST /xingrg/kc/buy/cgsh_list_operate.html HTTP/1.1" 200 423
116.230.117.165 - - [02/Jul/2021:10:34:10 +0800] "POST /xingrg/kc/buy/cgsh_list_operate.html HTTP/1.1" 200 564
116.230.117.165 - - [02/Jul/2021:10:34:13 +0800] "POST /xingrg/kc/buy/cgsh_list_operate.html HTTP/1.1" 200 571
116.235.222.38 - - [02/Jul/2021:10:34:14 +0800] "POST /xingrg/kc/buy/cgsh_order_operate.html HTTP/1.1" 200 37
180.169.147.146 - - [02/Jul/2021:10:34:14 +0800] "GET /xingrg/check_reg.html?_=1625193256592 HTTP/1.1" 200 22
116.235.95.53 - - [02/Jul/2021:10:34:15 +0800] "GET /xingrg/check_reg.html?_=1625193351178 HTTP/1.1" 200 22
116.235.95.53 - - [02/Jul/2021:10:34:15 +0800] "GET /xingrg/all/function/internal_message.html?_=1625193351179&CODE_STATE=getMsg HTTP/1.1" 200 27
116.235.222.38 - - [02/Jul/2021:10:34:15 +0800] "POST /xingrg/kc/buy/cgsh_order_operate.html HTTP/1.1" 200 7401
180.174.237.246 - - [02/Jul/2021:10:34:16 +0800] "GET /xingrg/check_reg.html?_=1625193265407 HTTP/1.1" 200 22
180.174.237.246 - - [02/Jul/2021:10:34:16 +0800] "GET /xingrg/all/function/internal_message.html?_=1625193265409&CODE_STATE=getMsg HTTP/1.1" 200 27
180.162.195.211 - - [02/Jul/2021:10:34:16 +0800] "POST /xingrg/kc/buy/cgsh_list_operate.html HTTP/1.1" 200 3718
116.230.117.165 - - [02/Jul/2021:10:34:18 +0800] "POST /xingrg/kc/buy/cgsh_list_operate.html HTTP/1.1" 200 5440
180.157.255.9 - - [02/Jul/2021:10:34:18 +0800] "GET /xingrg/kc/buy/cgsh_order_add.html HTTP/1.1" 200 62681
180.157.255.9 - - [02/Jul/2021:10:34:18 +0800] "POST /xingrg/kc/buy/cgsh_order_operate.html HTTP/1.1" 200 8245
180.157.255.9 - - [02/Jul/2021:10:34:18 +0800] "GET /xingrg/javascript/easyui/themes/default/validatebox.css HTTP/1.1" 404 1104
180.162.195.211 - - [02/Jul/2021:10:34:19 +0800] "POST /xingrg/kc/buy/cgsh_list_operate.html HTTP/1.1" 200 205
180.162.195.211 - - [02/Jul/2021:10:34:20 +0800] "GET /xingrg/kc/buy/cgsh_order_info.html?code=212021070100422 HTTP/1.1" 200 62735
180.162.195.211 - - [02/Jul/2021:10:34:20 +0800] "GET /xingrg/javascript/easyui/themes/default/validatebox.css HTTP/1.1" 404 1104
180.162.195.211 - - [02/Jul/2021:10:34:20 +0800] "POST /xingrg/kc/buy/cgsh_order_operate.html HTTP/1.1" 200 2662
116.230.117.165 - - [02/Jul/2021:10:34:21 +0800] "GET /xingrg/all/function/internal_message.html?_=1625193283361&CODE_STATE=getMsg HTTP/1.1" 200 27
116.224.253.72 - - [02/Jul/2021:10:34:21 +0800] "POST /xingrg/kc/buy/cgsh_list_operate.html HTTP/1.1" 200 579
116.224.253.72 - - [02/Jul/2021:10:34:21 +0800] "GET /xingrg/kc/buy/cgsh_order_info.html?code=212021070200497 HTTP/1.1" 200 62608
116.224.253.72 - - [02/Jul/2021:10:34:22 +0800] "GET /xingrg/words/20210702102705_words.js HTTP/1.1" 304 -
116.224.253.72 - - [02/Jul/2021:10:34:22 +0800] "GET /xingrg/javascript/easyui/themes/default/validatebox.css HTTP/1.1" 404 1104
116.224.253.72 - - [02/Jul/2021:10:34:22 +0800] "POST /xingrg/kc/buy/cgsh_order_operate.html HTTP/1.1" 200 6216
101.85.107.54 - - [02/Jul/2021:10:34:23 +0800] "GET /xingrg/all/function/internal_message.html?_=1625192695408&CODE_STATE=getMsg HTTP/1.1" 200 27
116.224.253.72 - - [02/Jul/2021:10:34:26 +0800] "GET /xingrg/all/function/internal_message.html?_=1625193262131&CODE_STATE=getMsg HTTP/1.1" 200 27
116.235.222.38 - - [02/Jul/2021:10:34:26 +0800] "POST /xingrg/kc/buy/cgsh_order_operate.html HTTP/1.1" 200 37
180.169.147.146 - - [02/Jul/2021:10:34:27 +0800] "GET /xingrg/all/function/internal_message.html?_=1625193269321&CODE_STATE=getMsg HTTP/1.1" 200 27
180.162.195.211 - - [02/Jul/2021:10:34:28 +0800] "GET /xingrg/all/function/internal_message.html?_=1625193270520&CODE_STATE=getMsg HTTP/1.1" 200 27
120.253.135.82 - - [02/Jul/2021:10:34:28 +0800] "GET /xingrg/login.html HTTP/1.1" 200 7641
120.253.135.82 - - [02/Jul/2021:10:34:28 +0800] "GET /xingrg/images/blue/jxLogo.png HTTP/1.1" 200 6156
120.253.135.82 - - [02/Jul/2021:10:34:28 +0800] "GET /xingrg/images/blue/login_bg.png HTTP/1.1" 200 22101
120.253.135.82 - - [02/Jul/2021:10:34:28 +0800] "GET /xingrg/images/blue/hj.png HTTP/1.1" 200 1014
120.253.135.82 - - [02/Jul/2021:10:34:28 +0800] "GET /xingrg/images/blue/srbg.png HTTP/1.1" 200 138
120.253.135.82 - - [02/Jul/2021:10:34:28 +0800] "GET /favicon.ico HTTP/1.1" 404 -
180.162.195.211 - - [02/Jul/2021:10:34:28 +0800] "POST /xingrg/kc/buy/cgsh_order_operate.html HTTP/1.1" 200 37
116.235.222.38 - - [02/Jul/2021:10:34:28 +0800] "POST /xingrg/kc/buy/cgsh_order_operate.html HTTP/1.1" 200 7403
58.37.5.217 - - [02/Jul/2021:10:34:29 +0800] "GET /xingrg/all/function/internal_message.html?_=1625193802367&CODE_STATE=getMsg HTTP/1.1" 200 27
116.235.222.38 - - [02/Jul/2021:10:34:30 +0800] "GET /xingrg/kc/print/load_data.html?order_code=212021070200556&kc_code=cgsh&condition= HTTP/1.1" 200 2486
180.162.195.211 - - [02/Jul/2021:10:34:30 +0800] "POST /xingrg/kc/buy/cgsh_order_operate.html HTTP/1.1" 200 2662
116.235.222.38 - - [02/Jul/2021:10:34:33 +0800] "GET /xingrg/all/function/internal_message.html?_=1625193266532&CODE_STATE=getMsg HTTP/1.1" 200 27
58.37.225.51 - - [02/Jul/2021:10:34:34 +0800] "GET /xingrg/all/function/internal_message.html?_=1625193201347&CODE_STATE=getMsg HTTP/1.1" 200 27
180.169.147.146 - - [02/Jul/2021:10:34:35 +0800] "GET /xingrg/all/function/internal_message.html?_=1625193280126&CODE_STATE=getMsg HTTP/1.1" 200 27
180.174.237.246 - - [02/Jul/2021:10:34:35 +0800] "GET /xingrg/all/function/internal_message.html?_=1625193246551&CODE_STATE=getMsg HTTP/1.1" 200 27
116.230.117.165 - - [02/Jul/2021:10:34:35 +0800] "POST /xingrg/kc/buy/cgsh_list_operate.html HTTP/1.1" 200 573
222.70.176.145 - - [02/Jul/2021:10:34:37 +0800] "GET /xingrg/all/function/internal_message.html?_=1625193277407&CODE_STATE=getMsg HTTP/1.1" 200 27
222.70.176.145 - - [02/Jul/2021:10:34:37 +0800] "GET /xingrg/check_reg.html?_=1625193277410 HTTP/1.1" 200 22
180.157.255.9 - - [02/Jul/2021:10:34:37 +0800] "GET /xingrg/all/function/internal_message.html?_=1625193288859&CODE_STATE=getMsg HTTP/1.1" 200 27
116.230.117.165 - - [02/Jul/2021:10:34:37 +0800] "POST /xingrg/kc/buy/cgsh_list_operate.html HTTP/1.1" 200 573
120.253.135.82 - - [02/Jul/2021:10:34:40 +0800] "POST /xingrg/login.do HTTP/1.1" 302 -
120.253.135.82 - - [02/Jul/2021:10:34:40 +0800] "GET /xingrg/index.html?sysBaseUrl=http%3A%2F%2F180.169.147.146%3A18081%2Fxingrg%2F&costTime=51×tamp=1625193280055 HTTP/1.1" 200 17173
120.253.135.82 - - [02/Jul/2021:10:34:40 +0800] "GET /xingrg/javascript/jquery-1.4.2.min.js HTTP/1.1" 200 72205
120.253.135.82 - - [02/Jul/2021:10:34:40 +0800] "GET /xingrg/javascript/jquery_easy_ui/jquery.easyui.min.js HTTP/1.1" 200 213662
120.253.135.82 - - [02/Jul/2021:10:34:40 +0800] "GET /xingrg/javascript/jquery_easy_ui/themes/icon.css HTTP/1.1" 200 3949
120.253.135.82 - - [02/Jul/2021:10:34:40 +0800] "GET /xingrg/javascript/jquery_easy_ui/easyui-lang-zh_CN.js HTTP/1.1" 200 1900
120.253.135.82 - - [02/Jul/2021:10:34:40 +0800] "GET /xingrg/javascript/jquery_easy_ui/themes/default/easyui.css HTTP/1.1" 200 26500
120.253.135.82 - - [02/Jul/2021:10:34:40 +0800] "GET /xingrg/javascript/jquery.timers.js HTTP/1.1" 200 3532
120.253.135.82 - - [02/Jul/2021:10:34:40 +0800] "GET /xingrg/css/form.css HTTP/1.1" 200 893
120.253.135.82 - - [02/Jul/2021:10:34:40 +0800] "GET /xingrg/javascript/jquery.form.js HTTP/1.1" 200 23110
120.253.135.82 - - [02/Jul/2021:10:34:40 +0800] "GET /xingrg/javascript/jquery.utils.js HTTP/1.1" 200 11805
120.253.135.82 - - [02/Jul/2021:10:34:40 +0800] "GET /xingrg/javascript/jquery_easy_ui/themes/icons/settle_new.png HTTP/1.1" 200 826
120.253.135.82 - - [02/Jul/2021:10:34:40 +0800] "GET /xingrg/images/blue/navBackgound.jpg HTTP/1.1" 200 12378
120.253.135.82 - - [02/Jul/2021:10:34:40 +0800] "GET /xingrg/images/blue/pingpu.png HTTP/1.1" 200 231
120.253.135.82 - - [02/Jul/2021:10:34:40 +0800] "POST /xingrg/all/common/load_tree.html?tree=area_rest_tree_json&manage=1 HTTP/1.1" 200 344
120.253.135.82 - - [02/Jul/2021:10:34:40 +0800] "GET /xingrg/javascript/jquery_easy_ui/themes/default/images/tabs_leftarrow.png HTTP/1.1" 200 389
120.253.135.82 - - [02/Jul/2021:10:34:40 +0800] "GET /xingrg/javascript/jquery_easy_ui/themes/default/images/panel_tool_collapse.gif HTTP/1.1" 200 246
120.253.135.82 - - [02/Jul/2021:10:34:40 +0800] "GET /xingrg/javascript/jquery_easy_ui/themes/default/images/tabs_rightarrow.png HTTP/1.1" 200 395
120.253.135.82 - - [02/Jul/2021:10:34:40 +0800] "GET /xingrg/check_reg.html?_=1625193064027 HTTP/1.1" 200 22
120.253.135.82 - - [02/Jul/2021:10:34:40 +0800] "GET /xingrg/all/function/internal_message.html?_=1625193064025&CODE_STATE=count HTTP/1.1" 200 11
120.253.135.82 - - [02/Jul/2021:10:34:40 +0800] "GET /favicon.ico HTTP/1.1" 404 -
120.253.135.82 - - [02/Jul/2021:10:34:40 +0800] "GET /xingrg/javascript/jquery_easy_ui/themes/default/images/tree_arrows.gif HTTP/1.1" 200 1043
120.253.135.82 - - [02/Jul/2021:10:34:40 +0800] "POST /xingrg/load_menu.html HTTP/1.1" 200 6743
120.253.135.82 - - [02/Jul/2021:10:34:40 +0800] "GET /xingrg/javascript/jquery_easy_ui/themes/default/images/tree_folder_open.gif HTTP/1.1" 200 956
120.253.135.82 - - [02/Jul/2021:10:34:40 +0800] "GET /xingrg/javascript/jquery_easy_ui/themes/icons/search_new.png HTTP/1.1" 200 586
120.253.135.82 - - [02/Jul/2021:10:34:40 +0800] "GET /xingrg/javascript/jquery_easy_ui/themes/default/images/tree_file.gif HTTP/1.1" 200 118
120.253.135.82 - - [02/Jul/2021:10:34:40 +0800] "GET /xingrg/javascript/jquery_easy_ui/themes/default/images/tree_folder.gif HTTP/1.1" 200 952
120.253.135.82 - - [02/Jul/2021:10:34:40 +0800] "GET /xingrg/javascript/jquery_easy_ui/themes/icons/forms_new.png HTTP/1.1" 200 350
120.253.135.82 - - [02/Jul/2021:10:34:40 +0800] "GET /xingrg/javascript/jquery_easy_ui/themes/icons/storage_new.png HTTP/1.1" 200 853
120.253.135.82 - - [02/Jul/2021:10:34:40 +0800] "GET /xingrg/javascript/jquery_easy_ui/themes/icons/delivery_new.png HTTP/1.1" 200 700
180.157.255.9 - - [02/Jul/2021:10:34:41 +0800] "GET /xingrg/kc/buy/cgsh_order_operate.html?command=get_materiel&rest_code=00148&code=00101004051&supplier_code=00100312&order_time=2021-07-02 HTTP/1.1" 200 409
116.230.117.165 - - [02/Jul/2021:10:34:42 +0800] "POST /xingrg/kc/buy/cgsh_list_operate.html HTTP/1.1" 200 568
58.40.7.146 - - [02/Jul/2021:10:34:43 +0800] "GET /xingrg/all/function/internal_message.html?_=1625193284629&CODE_STATE=getMsg HTTP/1.1" 200 27
116.230.110.80 - - [02/Jul/2021:10:34:44 +0800] "GET /xingrg/all/function/internal_message.html?_=1625193285676&CODE_STATE=getMsg HTTP/1.1" 200 27
116.230.117.165 - - [02/Jul/2021:10:34:45 +0800] "POST /xingrg/kc/buy/cgsh_list_operate.html HTTP/1.1" 200 568
180.162.195.211 - - [02/Jul/2021:10:34:47 +0800] "POST /xingrg/kc/buy/cgsh_list_operate.html HTTP/1.1" 200 3718
116.230.117.165 - - [02/Jul/2021:10:34:48 +0800] "POST /xingrg/kc/buy/cgsh_list_operate.html HTTP/1.1" 200 499
116.235.222.38 - - [02/Jul/2021:10:34:48 +0800] "GET /xingrg/kc/buy/cgsh_order_add.html HTTP/1.1" 200 62763
116.235.222.38 - - [02/Jul/2021:10:34:48 +0800] "GET /xingrg/words/20210702102705_words.js HTTP/1.1" 304 -
180.162.195.211 - - [02/Jul/2021:10:34:49 +0800] "POST /xingrg/kc/buy/cgsh_list_operate.html HTTP/1.1" 200 205
114.83.223.104 - - [02/Jul/2021:10:34:49 +0800] "GET /xingrg/all/function/internal_message.html?_=1625193289472&CODE_STATE=getMsg HTTP/1.1" 200 27
116.235.222.38 - - [02/Jul/2021:10:34:49 +0800] "GET /xingrg/javascript/easyui/themes/default/validatebox.css HTTP/1.1" 404 1104
116.235.222.38 - - [02/Jul/2021:10:34:49 +0800] "POST /xingrg/kc/buy/cgsh_order_operate.html HTTP/1.1" 200 8245
180.162.195.211 - - [02/Jul/2021:10:34:50 +0800] "GET /xingrg/kc/buy/cgsh_order_info.html?code=212021070100424 HTTP/1.1" 200 62735
180.169.147.146 - - [02/Jul/2021:10:34:50 +0800] "GET /xingrg/all/function/internal_message.html?_=1625193293673&CODE_STATE=getMsg HTTP/1.1" 302 -
180.162.195.211 - - [02/Jul/2021:10:34:50 +0800] "GET /xingrg/javascript/easyui/themes/default/validatebox.css HTTP/1.1" 404 1104
116.235.222.38 - - [02/Jul/2021:10:34:50 +0800] "GET /xingrg/javascript/easyui/themes/default/tree.css HTTP/1.1" 404 1090
116.235.222.38 - - [02/Jul/2021:10:34:50 +0800] "POST /xingrg/all/common/load_tree.html?tree=supplier_tree_json&isDelete=1 HTTP/1.1" 200 56276
180.162.195.211 - - [02/Jul/2021:10:34:50 +0800] "POST /xingrg/kc/buy/cgsh_order_operate.html HTTP/1.1" 200 2662
116.230.117.165 - - [02/Jul/2021:10:34:50 +0800] "POST /xingrg/kc/buy/cgsh_list_operate.html HTTP/1.1" 200 572
120.253.135.82 - - [02/Jul/2021:10:34:53 +0800] "GET /xingrg/javascript/jquery_easy_ui/themes/default/images/tabs_close.gif HTTP/1.1" 200 829
120.253.135.82 - - [02/Jul/2021:10:34:53 +0800] "GET /xingrg/kc/pszx/mdqp_order_list.html?state=10 HTTP/1.1" 200 11054
120.253.135.82 - - [02/Jul/2021:10:34:53 +0800] "GET /xingrg/javascript/pic_change.js HTTP/1.1" 200 4739
120.253.135.82 - - [02/Jul/2021:10:34:53 +0800] "GET /xingrg/dwr/interface/AjaxQqpsService.js HTTP/1.1" 200 16326
120.253.135.82 - - [02/Jul/2021:10:34:53 +0800] "GET /xingrg/dwr/interface/AjaxReportQueryService.js HTTP/1.1" 200 13203
120.253.135.82 - - [02/Jul/2021:10:34:53 +0800] "GET /xingrg/css/blue.css HTTP/1.1" 200 15949
120.253.135.82 - - [02/Jul/2021:10:34:53 +0800] "GET /xingrg/dwr/util.js HTTP/1.1" 200 35990
120.253.135.82 - - [02/Jul/2021:10:34:53 +0800] "GET /xingrg/javascript/Calendar.js HTTP/1.1" 200 31561
120.253.135.82 - - [02/Jul/2021:10:34:53 +0800] "GET /xingrg/javascript/myfunction.js HTTP/1.1" 200 24559
116.230.117.165 - - [02/Jul/2021:10:34:53 +0800] "POST /xingrg/kc/buy/cgsh_list_operate.html HTTP/1.1" 200 568
120.253.135.82 - - [02/Jul/2021:10:34:53 +0800] "GET /xingrg/dwr/engine.js HTTP/1.1" 200 43631
120.253.135.82 - - [02/Jul/2021:10:34:53 +0800] "GET /xingrg/javascript/jquery_easy_ui/themes/icons/check_new.png HTTP/1.1" 200 3224
120.253.135.82 - - [02/Jul/2021:10:34:53 +0800] "GET /xingrg/javascript/jquery_easy_ui/themes/icons/uncheck_new.png HTTP/1.1" 200 3197
120.253.135.82 - - [02/Jul/2021:10:34:53 +0800] "GET /xingrg/javascript/jquery_easy_ui/themes/icons/back_new.png HTTP/1.1" 200 3414
116.224.253.72 - - [02/Jul/2021:10:34:54 +0800] "GET /xingrg/all/function/internal_message.html?_=1625193291892&CODE_STATE=getMsg HTTP/1.1" 200 27
116.230.117.165 - - [02/Jul/2021:10:34:56 +0800] "POST /xingrg/kc/buy/cgsh_list_operate.html HTTP/1.1" 200 565
180.162.195.211 - - [02/Jul/2021:10:34:57 +0800] "POST /xingrg/kc/buy/cgsh_order_operate.html HTTP/1.1" 200 37
116.230.117.165 - - [02/Jul/2021:10:34:58 +0800] "POST /xingrg/kc/buy/cgsh_list_operate.html HTTP/1.1" 200 497
180.162.195.211 - - [02/Jul/2021:10:34:59 +0800] "POST /xingrg/kc/buy/cgsh_order_operate.html HTTP/1.1" 200 2662
116.230.110.80 - - [02/Jul/2021:10:34:59 +0800] "GET /xingrg/check_reg.html?_=1625193300832 HTTP/1.1" 200 22
180.169.147.146 - - [02/Jul/2021:10:35:01 +0800] "GET /xingrg/all/function/internal_message.html?_=1625193298117&CODE_STATE=getMsg HTTP/1.1" 200 27
116.230.117.165 - - [02/Jul/2021:10:35:02 +0800] "POST /xingrg/kc/buy/cgsh_list_operate.html HTTP/1.1" 200 577
116.230.110.80 - - [02/Jul/2021:10:35:03 +0800] "GET /xingrg/all/function/internal_message.html?_=1625193304807&CODE_STATE=getMsg HTTP/1.1" 200 27
58.40.7.146 - - [02/Jul/2021:10:35:06 +0800] "GET /xingrg/all/function/internal_message.html?_=1625193307386&CODE_STATE=getMsg HTTP/1.1" 200 27
116.235.95.53 - - [02/Jul/2021:10:35:15 +0800] "GET /xingrg/all/function/internal_message.html?_=1625193411177&CODE_STATE=getMsg HTTP/1.1" 200 27
180.174.237.246 - - [02/Jul/2021:10:35:16 +0800] "GET /xingrg/all/function/internal_message.html?_=1625193325410&CODE_STATE=getMsg HTTP/1.1" 200 27
180.157.255.9 - - [02/Jul/2021:10:35:16 +0800] "GET /xingrg/kc/buy/cgsh_order_operate.html?command=get_materiel&rest_code=00148&code=00101004090&supplier_code=00100312&order_time=2021-07-02 HTTP/1.1" 200 391
180.162.195.211 - - [02/Jul/2021:10:35:16 +0800] "POST /xingrg/kc/buy/cgsh_list_operate.html HTTP/1.1" 200 3718
180.162.195.211 - - [02/Jul/2021:10:35:18 +0800] "POST /xingrg/kc/buy/cgsh_list_operate.html HTTP/1.1" 200 208
180.162.195.211 - - [02/Jul/2021:10:35:20 +0800] "GET /xingrg/kc/buy/cgsh_order_info.html?code=212021070100428 HTTP/1.1" 200 62735
180.162.195.211 - - [02/Jul/2021:10:35:20 +0800] "GET /xingrg/javascript/easyui/themes/default/validatebox.css HTTP/1.1" 404 1104
180.162.195.211 - - [02/Jul/2021:10:35:20 +0800] "POST /xingrg/kc/buy/cgsh_order_operate.html HTTP/1.1" 200 2666
116.230.117.165 - - [02/Jul/2021:10:35:21 +0800] "GET /xingrg/all/function/internal_message.html?_=1625193343446&CODE_STATE=getMsg HTTP/1.1" 200 27
120.253.135.82 - - [02/Jul/2021:10:35:24 +0800] "GET /xingrg/css/base.css HTTP/1.1" 200 2811
120.253.135.82 - - [02/Jul/2021:10:35:24 +0800] "GET /xingrg/css/site.css HTTP/1.1" 200 7541
120.253.135.82 - - [02/Jul/2021:10:35:24 +0800] "GET /xingrg/javascript/jquery_tools/datebox.css HTTP/1.1" 200 2597
120.253.135.82 - - [02/Jul/2021:10:35:24 +0800] "GET /xingrg/kc/pszx/mdps_order_list.html?orderType=0 HTTP/1.1" 200 21004
120.253.135.82 - - [02/Jul/2021:10:35:24 +0800] "GET /xingrg/javascript/easyui/themes/icon.css HTTP/1.1" 200 4483
120.253.135.82 - - [02/Jul/2021:10:35:24 +0800] "GET /xingrg/javascript/jquery_tools/jquery.tools.min.js HTTP/1.1" 200 138801
120.253.135.82 - - [02/Jul/2021:10:35:24 +0800] "GET /xingrg/javascript/jquery_tools/fix.css HTTP/1.1" 200 1702
120.253.135.82 - - [02/Jul/2021:10:35:24 +0800] "GET /xingrg/javascript/auto/jquery.autocomplete.css HTTP/1.1" 200 587
120.253.135.82 - - [02/Jul/2021:10:35:24 +0800] "GET /xingrg/javascript/jquery_tools/table.css HTTP/1.1" 200 1032
120.253.135.82 - - [02/Jul/2021:10:35:24 +0800] "GET /xingrg/javascript/easyui/easyloader.js HTTP/1.1" 200 5975
120.253.135.82 - - [02/Jul/2021:10:35:24 +0800] "GET /xingrg/javascript/jquery_tools/jquery.tools.table.js HTTP/1.1" 200 6994
120.253.135.82 - - [02/Jul/2021:10:35:24 +0800] "GET /xingrg/javascript/jquery_tools/jquery.tools.hotkey.js HTTP/1.1" 200 3242
120.253.135.82 - - [02/Jul/2021:10:35:24 +0800] "GET /xingrg/javascript/easyui/themes/default/easyui.css HTTP/1.1" 200 30432
120.253.135.82 - - [02/Jul/2021:10:35:24 +0800] "GET /xingrg/javascript/jquery_tools/list_manager.js HTTP/1.1" 200 3652
120.253.135.82 - - [02/Jul/2021:10:35:24 +0800] "GET /xingrg/javascript/jquery_tools/jquery.tools.extend.js HTTP/1.1" 200 15385
120.253.135.82 - - [02/Jul/2021:10:35:24 +0800] "GET /xingrg/javascript/jquery.cookie.js HTTP/1.1" 200 5513
120.253.135.82 - - [02/Jul/2021:10:35:24 +0800] "GET /xingrg/javascript/auto/jquery.autocomplete.js HTTP/1.1" 200 21624
120.253.135.82 - - [02/Jul/2021:10:35:24 +0800] "GET /xingrg/javascript/print/LodopFuncs.js HTTP/1.1" 200 5121
120.253.135.82 - - [02/Jul/2021:10:35:25 +0800] "GET /xingrg/javascript/easyui/themes/icons/cance_new.png HTTP/1.1" 200 3986
120.253.135.82 - - [02/Jul/2021:10:35:25 +0800] "GET /xingrg/javascript/easyui/themes/icons/edit_add_new.png HTTP/1.1" 200 2997
120.253.135.82 - - [02/Jul/2021:10:35:25 +0800] "GET /xingrg/javascript/easyui/themes/icons/check_new.png HTTP/1.1" 200 3224
120.253.135.82 - - [02/Jul/2021:10:35:25 +0800] "GET /xingrg/javascript/easyui/themes/icons/field_new.png HTTP/1.1" 200 1097
120.253.135.82 - - [02/Jul/2021:10:35:25 +0800] "GET /xingrg/javascript/easyui/themes/icons/uncheck_new.png HTTP/1.1" 200 3197
120.253.135.82 - - [02/Jul/2021:10:35:25 +0800] "GET /xingrg/javascript/easyui/themes/icons/import_new.png HTTP/1.1" 200 1247
120.253.135.82 - - [02/Jul/2021:10:35:25 +0800] "GET /xingrg/javascript/easyui/plugins/jquery.parser.js HTTP/1.1" 200 1142
120.253.135.82 - - [02/Jul/2021:10:35:25 +0800] "GET /xingrg/images/control/ajaxLoader.gif HTTP/1.1" 200 4659
120.253.135.82 - - [02/Jul/2021:10:35:25 +0800] "GET /xingrg/javascript/jquery_easy_ui/themes/icons/area.png HTTP/1.1" 200 262
120.253.135.82 - - [02/Jul/2021:10:35:25 +0800] "GET /xingrg/javascript/jquery_easy_ui/themes/icons/manage.png HTTP/1.1" 200 696
120.253.135.82 - - [02/Jul/2021:10:35:25 +0800] "POST /xingrg/kc/pszx/mdps_list_operate.html HTTP/1.1" 200 5460
116.224.253.72 - - [02/Jul/2021:10:35:26 +0800] "GET /xingrg/all/function/internal_message.html?_=1625193322144&CODE_STATE=getMsg HTTP/1.1" 200 27
116.230.110.80 - - [02/Jul/2021:10:35:26 +0800] "POST /xingrg/services/DataTransmitService HTTP/1.1" 200 524
120.253.135.82 - - [02/Jul/2021:10:35:27 +0800] "GET /xingrg/javascript/auto/indicator.gif HTTP/1.1" 404 1066
180.169.147.146 - - [02/Jul/2021:10:35:27 +0800] "GET /xingrg/all/function/internal_message.html?_=1625193329335&CODE_STATE=getMsg HTTP/1.1" 200 27
180.162.195.211 - - [02/Jul/2021:10:35:28 +0800] "GET /xingrg/all/function/internal_message.html?_=1625193330518&CODE_STATE=getMsg HTTP/1.1" 200 27
58.37.5.217 - - [02/Jul/2021:10:35:29 +0800] "GET /xingrg/all/function/internal_message.html?_=1625193862370&CODE_STATE=getMsg HTTP/1.1" 200 27
116.230.117.165 - - [02/Jul/2021:10:35:33 +0800] "GET /favicon.ico HTTP/1.1" 404 -
116.235.222.38 - - [02/Jul/2021:10:35:33 +0800] "GET /xingrg/all/function/internal_message.html?_=1625193326509&CODE_STATE=getMsg HTTP/1.1" 200 27
116.224.253.72 - - [02/Jul/2021:10:35:34 +0800] "POST /xingrg/kc/buy/cgsh_order_operate.html HTTP/1.1" 200 37
58.37.225.51 - - [02/Jul/2021:10:35:34 +0800] "GET /xingrg/check_reg.html?_=1625193261341 HTTP/1.1" 200 22
58.37.225.51 - - [02/Jul/2021:10:35:34 +0800] "GET /xingrg/all/function/internal_message.html?_=1625193261343&CODE_STATE=getMsg HTTP/1.1" 200 27
180.157.255.9 - - [02/Jul/2021:10:35:35 +0800] "GET /xingrg/kc/buy/cgsh_order_operate.html?command=get_materiel&rest_code=00148&code=00101004047&supplier_code=00100312&order_time=2021-07-02 HTTP/1.1" 200 432
180.169.147.146 - - [02/Jul/2021:10:35:35 +0800] "GET /xingrg/all/function/internal_message.html?_=1625193340127&CODE_STATE=getMsg HTTP/1.1" 200 27
180.174.237.246 - - [02/Jul/2021:10:35:35 +0800] "GET /xingrg/all/function/internal_message.html?_=1625193307294&CODE_STATE=getMsg HTTP/1.1" 200 27
116.230.110.80 - - [02/Jul/2021:10:35:35 +0800] "POST /xingrg/services/DataTransmitService HTTP/1.1" 200 501
116.230.110.80 - - [02/Jul/2021:10:35:36 +0800] "POST /xingrg/services/DataTransmitService HTTP/1.1" 200 501
120.253.135.82 - - [02/Jul/2021:10:35:36 +0800] "POST /xingrg/kc/pszx/mdps_list_operate.html HTTP/1.1" 200 2407
180.162.195.211 - - [02/Jul/2021:10:35:36 +0800] "POST /xingrg/kc/buy/cgsh_order_operate.html HTTP/1.1" 200 37
222.70.176.145 - - [02/Jul/2021:10:35:37 +0800] "GET /xingrg/all/function/internal_message.html?_=1625193337410&CODE_STATE=getMsg HTTP/1.1" 200 27
180.157.255.9 - - [02/Jul/2021:10:35:37 +0800] "GET /xingrg/all/function/internal_message.html?_=1625193348834&CODE_STATE=getMsg HTTP/1.1" 200 27
116.230.110.80 - - [02/Jul/2021:10:35:37 +0800] "POST /xingrg/services/DataTransmitService HTTP/1.1" 200 501
116.230.110.80 - - [02/Jul/2021:10:35:39 +0800] "POST /xingrg/services/DataTransmitService HTTP/1.1" 200 501
180.157.255.9 - - [02/Jul/2021:10:35:39 +0800] "GET /xingrg/check_reg.html?_=1625193350738 HTTP/1.1" 200 22
116.230.110.80 - - [02/Jul/2021:10:35:40 +0800] "POST /xingrg/services/DataTransmitService HTTP/1.1" 200 501
116.230.110.80 - - [02/Jul/2021:10:35:40 +0800] "POST /xingrg/services/DataTransmitService HTTP/1.1" 200 501
120.253.135.82 - - [02/Jul/2021:10:35:40 +0800] "GET /xingrg/all/function/internal_message.html?_=1625193124029&CODE_STATE=getMsg HTTP/1.1" 200 27
116.230.110.80 - - [02/Jul/2021:10:35:41 +0800] "POST /xingrg/services/DataTransmitService HTTP/1.1" 200 501
116.224.253.72 - - [02/Jul/2021:10:35:41 +0800] "POST /xingrg/kc/buy/cgsh_order_operate.html HTTP/1.1" 200 12
116.230.110.80 - - [02/Jul/2021:10:35:41 +0800] "POST /xingrg/services/DataTransmitService HTTP/1.1" 200 501
116.230.110.80 - - [02/Jul/2021:10:35:41 +0800] "POST /xingrg/services/DataTransmitService HTTP/1.1" 200 501
116.230.110.80 - - [02/Jul/2021:10:35:42 +0800] "POST /xingrg/services/DataTransmitService HTTP/1.1" 200 412
180.162.195.211 - - [02/Jul/2021:10:35:43 +0800] "POST /xingrg/kc/buy/cgsh_order_operate.html HTTP/1.1" 200 2666
58.40.7.146 - - [02/Jul/2021:10:35:43 +0800] "GET /xingrg/all/function/internal_message.html?_=1625193344634&CODE_STATE=getMsg HTTP/1.1" 200 27
116.230.110.80 - - [02/Jul/2021:10:35:44 +0800] "GET /xingrg/all/function/internal_message.html?_=1625193345664&CODE_STATE=getMsg HTTP/1.1" 200 27
116.224.253.72 - - [02/Jul/2021:10:35:47 +0800] "GET /xingrg/kc/buy/cgsh_order_info.html?code=212021070200497 HTTP/1.1" 200 57507
116.224.253.72 - - [02/Jul/2021:10:35:47 +0800] "GET /xingrg/words/20210702102705_words.js HTTP/1.1" 304 -
