180.162.195.211 - - [02/Jul/2021:09:26:27 +0800] "GET /xingrg/all/function/internal_message.html?_=1625189190407&CODE_STATE=getMsg HTTP/1.1" 200 27
114.86.230.2 - - [02/Jul/2021:09:26:30 +0800] "GET /xingrg/kc/buy/cgsh_order_operate.html?command=get_materiel&rest_code=00109&code=00101008038&supplier_code=00100005&order_time=2021-07-02 HTTP/1.1" 200 412
58.37.5.217 - - [02/Jul/2021:09:26:30 +0800] "GET /xingrg/all/function/internal_message.html?_=1625189723051&CODE_STATE=getMsg HTTP/1.1" 200 27
180.169.147.146 - - [02/Jul/2021:09:26:31 +0800] "GET /xingrg/check_reg.html?_=1625189196115 HTTP/1.1" 200 22
180.169.147.146 - - [02/Jul/2021:09:26:31 +0800] "GET /xingrg/all/function/internal_message.html?_=1625189196119&CODE_STATE=getMsg HTTP/1.1" 200 27
116.235.222.38 - - [02/Jul/2021:09:26:33 +0800] "GET /xingrg/all/function/internal_message.html?_=1625189186520&CODE_STATE=getMsg HTTP/1.1" 200 27
116.224.253.72 - - [02/Jul/2021:09:26:33 +0800] "GET /xingrg/check_reg.html?_=1625189191211 HTTP/1.1" 200 22
116.224.253.72 - - [02/Jul/2021:09:26:33 +0800] "GET /xingrg/all/function/internal_message.html?_=1625189191212&CODE_STATE=getMsg HTTP/1.1" 200 27
114.86.230.2 - - [02/Jul/2021:09:26:34 +0800] "GET /xingrg/kc/buy/cgsh_order_operate.html?command=get_materiel&rest_code=00109&code=00101008080&supplier_code=00100005&order_time=2021-07-02 HTTP/1.1" 200 416
180.157.255.9 - - [02/Jul/2021:09:26:38 +0800] "GET /xingrg/all/function/internal_message.html?_=1625189209869&CODE_STATE=getMsg HTTP/1.1" 200 27
114.86.230.2 - - [02/Jul/2021:09:26:42 +0800] "POST /xingrg/kc/buy/cgsh_order_operate.html HTTP/1.1" 200 37
222.70.176.145 - - [02/Jul/2021:09:26:43 +0800] "GET /xingrg/kc/buy/cgsh_order_operate.html?command=get_materiel&rest_code=00111&code=00101008357&supplier_code=00100005&order_time=2021-07-02 HTTP/1.1" 200 408
116.230.117.165 - - [02/Jul/2021:09:26:43 +0800] "GET /xingrg/kc/buy/cgsh_order_operate.html?command=get_materiel&rest_code=00146&code=00101008132&supplier_code=00100005&order_time=2021-07-02 HTTP/1.1" 200 408
114.86.230.2 - - [02/Jul/2021:09:26:43 +0800] "POST /xingrg/kc/buy/cgsh_order_operate.html HTTP/1.1" 200 21604
222.70.176.145 - - [02/Jul/2021:09:26:44 +0800] "GET /xingrg/all/function/internal_message.html?_=1625189205211&CODE_STATE=getMsg HTTP/1.1" 200 27
116.230.110.80 - - [02/Jul/2021:09:26:45 +0800] "GET /xingrg/all/function/internal_message.html?_=1625189204603&CODE_STATE=getMsg HTTP/1.1" 200 27
114.86.230.2 - - [02/Jul/2021:09:26:49 +0800] "GET /xingrg/kc/buy/cgsh_order_operate.html?command=get_materiel&rest_code=00109&code=00101008186&supplier_code=00100005&order_time=2021-07-02 HTTP/1.1" 200 408
180.169.147.146 - - [02/Jul/2021:09:26:50 +0800] "GET /xingrg/all/function/internal_message.html?_=1625189213555&CODE_STATE=getMsg HTTP/1.1" 200 27
114.83.223.104 - - [02/Jul/2021:09:26:50 +0800] "GET /xingrg/all/function/internal_message.html?_=1625189210406&CODE_STATE=getMsg HTTP/1.1" 200 27
222.70.176.145 - - [02/Jul/2021:09:26:50 +0800] "GET /xingrg/kc/buy/cgsh_order_operate.html?command=get_materiel&rest_code=00111&code=00101008069&supplier_code=00100005&order_time=2021-07-02 HTTP/1.1" 200 412
58.221.95.50 - - [02/Jul/2021:09:26:51 +0800] "GET /xingrg/check_reg.html?_=1625189214611 HTTP/1.1" 302 -
116.235.222.38 - - [02/Jul/2021:09:26:51 +0800] "GET /xingrg/system/info/materiel_import.html?isSelect=1&singleSelect=false HTTP/1.1" 200 5600
116.235.222.38 - - [02/Jul/2021:09:26:52 +0800] "POST /xingrg/all/common/load_tree.html?tree=materiel_sort_tree_json HTTP/1.1" 200 8666
116.235.222.38 - - [02/Jul/2021:09:26:53 +0800] "GET /favicon.ico HTTP/1.1" 404 -
180.157.255.9 - - [02/Jul/2021:09:26:54 +0800] "POST /xingrg/services/DataTransmitService HTTP/1.1" 200 524
116.230.117.165 - - [02/Jul/2021:09:26:57 +0800] "POST /xingrg/services/DataTransmitService HTTP/1.1" 200 524
180.157.255.9 - - [02/Jul/2021:09:26:57 +0800] "POST /xingrg/services/DataTransmitService HTTP/1.1" 200 501
116.230.117.165 - - [02/Jul/2021:09:26:58 +0800] "POST /xingrg/services/DataTransmitService HTTP/1.1" 200 2167
116.230.117.165 - - [02/Jul/2021:09:26:58 +0800] "POST /xingrg/services/DataTransmitService HTTP/1.1" 200 159819
114.86.230.2 - - [02/Jul/2021:09:26:59 +0800] "GET /xingrg/all/function/internal_message.html?_=1625189222088&CODE_STATE=getMsg HTTP/1.1" 200 27
222.70.176.145 - - [02/Jul/2021:09:27:02 +0800] "GET /xingrg/kc/buy/cgsh_order_operate.html?command=get_materiel&rest_code=00111&code=00101008286&supplier_code=00100005&order_time=2021-07-02 HTTP/1.1" 200 427
180.174.237.246 - - [02/Jul/2021:09:27:04 +0800] "GET /xingrg/check_reg.html?_=1625189232830 HTTP/1.1" 200 22
180.174.237.246 - - [02/Jul/2021:09:27:04 +0800] "GET /xingrg/all/function/internal_message.html?_=1625189233068&CODE_STATE=getMsg HTTP/1.1" 200 27
180.157.255.9 - - [02/Jul/2021:09:27:05 +0800] "POST /xingrg/services/DataTransmitService HTTP/1.1" 200 524
180.157.255.9 - - [02/Jul/2021:09:27:06 +0800] "POST /xingrg/services/DataTransmitService HTTP/1.1" 200 501
180.157.255.9 - - [02/Jul/2021:09:27:06 +0800] "POST /xingrg/services/DataTransmitService HTTP/1.1" 200 501
58.40.7.146 - - [02/Jul/2021:09:27:07 +0800] "GET /xingrg/all/function/internal_message.html?_=1625189229077&CODE_STATE=getMsg HTTP/1.1" 200 27
180.157.255.9 - - [02/Jul/2021:09:27:07 +0800] "POST /xingrg/services/DataTransmitService HTTP/1.1" 200 501
180.169.147.146 - - [02/Jul/2021:09:27:08 +0800] "GET /xingrg/all/function/internal_message.html?_=1625189230422&CODE_STATE=getMsg HTTP/1.1" 200 27
180.157.255.9 - - [02/Jul/2021:09:27:08 +0800] "POST /xingrg/services/DataTransmitService HTTP/1.1" 200 501
180.157.255.9 - - [02/Jul/2021:09:27:08 +0800] "POST /xingrg/services/DataTransmitService HTTP/1.1" 200 501
180.157.255.9 - - [02/Jul/2021:09:27:08 +0800] "POST /xingrg/services/DataTransmitService HTTP/1.1" 200 501
180.157.255.9 - - [02/Jul/2021:09:27:09 +0800] "POST /xingrg/services/DataTransmitService HTTP/1.1" 200 501
180.157.255.9 - - [02/Jul/2021:09:27:09 +0800] "POST /xingrg/services/DataTransmitService HTTP/1.1" 200 501
180.157.255.9 - - [02/Jul/2021:09:27:09 +0800] "POST /xingrg/services/DataTransmitService HTTP/1.1" 200 501
180.157.255.9 - - [02/Jul/2021:09:27:09 +0800] "POST /xingrg/services/DataTransmitService HTTP/1.1" 200 412
180.157.255.9 - - [02/Jul/2021:09:27:10 +0800] "POST /xingrg/services/DataTransmitService HTTP/1.1" 200 524
180.157.255.9 - - [02/Jul/2021:09:27:10 +0800] "POST /xingrg/services/DataTransmitService HTTP/1.1" 200 501
222.70.176.145 - - [02/Jul/2021:09:27:11 +0800] "GET /xingrg/kc/buy/cgsh_order_operate.html?command=get_materiel&rest_code=00111&code=00101008036&supplier_code=00100005&order_time=2021-07-02 HTTP/1.1" 200 408
116.235.222.38 - - [02/Jul/2021:09:27:11 +0800] "GET /xingrg/javascript/auto/indicator.gif HTTP/1.1" 404 1066
222.70.176.145 - - [02/Jul/2021:09:27:13 +0800] "POST /xingrg/kc/buy/cgsh_order_operate.html HTTP/1.1" 200 2065
116.235.222.38 - - [02/Jul/2021:09:27:14 +0800] "GET /xingrg/kc/buy/cgsh_order_operate.html?command=get_materiel&rest_code=00107&code=00101016025&supplier_code=00100033&order_time=2021-07-02 HTTP/1.1" 200 408
116.235.95.53 - - [02/Jul/2021:09:27:15 +0800] "GET /xingrg/all/function/internal_message.html?_=1625189331134&CODE_STATE=getMsg HTTP/1.1" 200 27
116.230.117.165 - - [02/Jul/2021:09:27:16 +0800] "POST /xingrg/services/DataTransmitService HTTP/1.1" 401 565
116.230.117.165 - - [02/Jul/2021:09:27:16 +0800] "POST /xingrg/services/DataTransmitService HTTP/1.1" 200 478
116.230.117.165 - - [02/Jul/2021:09:27:16 +0800] "POST /xingrg/services/DataTransmitService HTTP/1.1" 200 1320
116.230.117.165 - - [02/Jul/2021:09:27:16 +0800] "POST /xingrg/services/DataTransmitService HTTP/1.1" 200 478
116.230.117.165 - - [02/Jul/2021:09:27:16 +0800] "POST /xingrg/services/DataTransmitService HTTP/1.1" 200 1320
116.230.117.165 - - [02/Jul/2021:09:27:16 +0800] "POST /xingrg/services/DataTransmitService HTTP/1.1" 200 524
116.230.117.165 - - [02/Jul/2021:09:27:17 +0800] "POST /xingrg/services/DataTransmitService HTTP/1.1" 200 2167
116.230.117.165 - - [02/Jul/2021:09:27:17 +0800] "POST /xingrg/services/DataTransmitService HTTP/1.1" 200 159819
222.70.176.145 - - [02/Jul/2021:09:27:19 +0800] "GET /xingrg/kc/buy/cgsh_order_operate.html?command=get_materiel&rest_code=00111&code=00101008131&supplier_code=00100005&order_time=2021-07-02 HTTP/1.1" 200 408
116.230.117.165 - - [02/Jul/2021:09:27:19 +0800] "GET /xingrg/all/function/internal_message.html?_=1625189261514&CODE_STATE=getMsg HTTP/1.1" 200 27
180.174.237.246 - - [02/Jul/2021:09:27:21 +0800] "GET /xingrg/all/function/internal_message.html?_=1625189212557&CODE_STATE=getMsg HTTP/1.1" 200 27
101.85.107.54 - - [02/Jul/2021:09:27:23 +0800] "GET /xingrg/all/function/internal_message.html?_=1625188675361&CODE_STATE=getMsg HTTP/1.1" 200 27
116.224.253.72 - - [02/Jul/2021:09:27:25 +0800] "GET /xingrg/all/function/internal_message.html?_=1625189241034&CODE_STATE=getMsg HTTP/1.1" 200 27
116.235.222.38 - - [02/Jul/2021:09:27:25 +0800] "GET /xingrg/kc/buy/cgsh_order_operate.html?command=get_materiel&rest_code=00107&code=00101016010&supplier_code=00100033&order_time=2021-07-02 HTTP/1.1" 200 408
180.169.147.146 - - [02/Jul/2021:09:27:25 +0800] "GET /xingrg/all/function/internal_message.html?_=1625189247615&CODE_STATE=getMsg HTTP/1.1" 200 27
114.86.230.2 - - [02/Jul/2021:09:27:27 +0800] "GET /xingrg/kc/buy/cgsh_order_operate.html?command=get_materiel&rest_code=00109&code=00101008358&supplier_code=00100005&order_time=2021-07-02 HTTP/1.1" 200 412
180.162.195.211 - - [02/Jul/2021:09:27:27 +0800] "GET /xingrg/all/function/internal_message.html?_=1625189250406&CODE_STATE=getMsg HTTP/1.1" 200 27
180.174.237.246 - - [02/Jul/2021:09:27:28 +0800] "GET /xingrg/check_reg.html?_=1625189220092 HTTP/1.1" 200 22
58.37.5.217 - - [02/Jul/2021:09:27:30 +0800] "GET /xingrg/all/function/internal_message.html?_=1625189783051&CODE_STATE=getMsg HTTP/1.1" 200 27
222.70.176.145 - - [02/Jul/2021:09:27:30 +0800] "GET /xingrg/kc/buy/cgsh_order_operate.html?command=get_materiel&rest_code=00111&code=00101008318&supplier_code=00100005&order_time=2021-07-02 HTTP/1.1" 200 408
180.169.147.146 - - [02/Jul/2021:09:27:31 +0800] "GET /xingrg/all/function/internal_message.html?_=1625189256122&CODE_STATE=getMsg HTTP/1.1" 200 27
116.235.222.38 - - [02/Jul/2021:09:27:33 +0800] "GET /xingrg/all/function/internal_message.html?_=1625189246520&CODE_STATE=getMsg HTTP/1.1" 200 27
116.224.253.72 - - [02/Jul/2021:09:27:33 +0800] "GET /xingrg/all/function/internal_message.html?_=1625189251218&CODE_STATE=getMsg HTTP/1.1" 200 27
58.40.7.146 - - [02/Jul/2021:09:27:37 +0800] "GET /xingrg/check_reg.html?_=1625189258956 HTTP/1.1" 200 22
222.70.176.145 - - [02/Jul/2021:09:27:38 +0800] "GET /xingrg/kc/buy/cgsh_order_operate.html?command=get_materiel&rest_code=00111&code=00101008271&supplier_code=00100005&order_time=2021-07-02 HTTP/1.1" 200 408
180.157.255.9 - - [02/Jul/2021:09:27:38 +0800] "GET /xingrg/all/function/internal_message.html?_=1625189269853&CODE_STATE=getMsg HTTP/1.1" 200 27
222.70.176.145 - - [02/Jul/2021:09:27:45 +0800] "GET /xingrg/all/function/internal_message.html?_=1625189265320&CODE_STATE=getMsg HTTP/1.1" 200 27
116.230.110.80 - - [02/Jul/2021:09:27:45 +0800] "GET /xingrg/all/function/internal_message.html?_=1625189264590&CODE_STATE=getMsg HTTP/1.1" 200 27
114.86.230.2 - - [02/Jul/2021:09:27:48 +0800] "GET /xingrg/kc/buy/cgsh_order_operate.html?command=get_materiel&rest_code=00109&code=00101008290&supplier_code=00100005&order_time=2021-07-02 HTTP/1.1" 200 416
116.230.117.165 - - [02/Jul/2021:09:27:48 +0800] "POST /xingrg/services/DataTransmitService HTTP/1.1" 200 45454
116.230.117.165 - - [02/Jul/2021:09:27:48 +0800] "POST /xingrg/services/DataTransmitService HTTP/1.1" 200 19237
114.86.230.2 - - [02/Jul/2021:09:27:49 +0800] "POST /xingrg/services/DataTransmitService HTTP/1.1" 401 565
114.86.230.2 - - [02/Jul/2021:09:27:49 +0800] "POST /xingrg/services/DataTransmitService HTTP/1.1" 200 478
114.86.230.2 - - [02/Jul/2021:09:27:49 +0800] "POST /xingrg/services/DataTransmitService HTTP/1.1" 200 1320
114.86.230.2 - - [02/Jul/2021:09:27:49 +0800] "POST /xingrg/services/DataTransmitService HTTP/1.1" 200 478
114.86.230.2 - - [02/Jul/2021:09:27:49 +0800] "POST /xingrg/services/DataTransmitService HTTP/1.1" 200 1320
114.86.230.2 - - [02/Jul/2021:09:27:49 +0800] "POST /xingrg/services/DataTransmitService HTTP/1.1" 200 524
180.169.147.146 - - [02/Jul/2021:09:27:50 +0800] "GET /xingrg/check_reg.html?_=1625189273562 HTTP/1.1" 200 22
180.169.147.146 - - [02/Jul/2021:09:27:50 +0800] "GET /xingrg/all/function/internal_message.html?_=1625189273559&CODE_STATE=getMsg HTTP/1.1" 200 27
114.83.223.104 - - [02/Jul/2021:09:27:50 +0800] "GET /xingrg/all/function/internal_message.html?_=1625189270391&CODE_STATE=getMsg HTTP/1.1" 200 27
114.86.230.2 - - [02/Jul/2021:09:27:50 +0800] "POST /xingrg/services/DataTransmitService HTTP/1.1" 200 2491
116.230.117.165 - - [02/Jul/2021:09:27:50 +0800] "POST /xingrg/services/DataTransmitService HTTP/1.1" 200 524
116.230.117.165 - - [02/Jul/2021:09:27:50 +0800] "POST /xingrg/services/DataTransmitService HTTP/1.1" 200 2167
114.86.230.2 - - [02/Jul/2021:09:27:51 +0800] "POST /xingrg/services/DataTransmitService HTTP/1.1" 200 146744
222.70.176.145 - - [02/Jul/2021:09:27:54 +0800] "GET /xingrg/kc/buy/cgsh_order_operate.html?command=get_materiel&rest_code=00111&code=00101008213&supplier_code=00100005&order_time=2021-07-02 HTTP/1.1" 200 412
114.86.230.2 - - [02/Jul/2021:09:27:55 +0800] "GET /xingrg/kc/buy/cgsh_order_operate.html?command=get_materiel&rest_code=00109&code=00101008003&supplier_code=00100005&order_time=2021-07-02 HTTP/1.1" 200 408
114.86.230.2 - - [02/Jul/2021:09:27:57 +0800] "POST /xingrg/kc/buy/cgsh_order_operate.html HTTP/1.1" 200 2065
222.70.176.145 - - [02/Jul/2021:09:27:57 +0800] "POST /xingrg/kc/buy/cgsh_order_operate.html HTTP/1.1" 200 2065
114.86.230.2 - - [02/Jul/2021:09:27:59 +0800] "GET /xingrg/all/function/internal_message.html?_=1625189282090&CODE_STATE=getMsg HTTP/1.1" 200 27
114.86.230.2 - - [02/Jul/2021:09:28:02 +0800] "GET /xingrg/kc/buy/cgsh_order_operate.html?command=get_materiel&rest_code=00109&code=00101008067&supplier_code=00100005&order_time=2021-07-02 HTTP/1.1" 200 416
180.174.237.246 - - [02/Jul/2021:09:28:04 +0800] "GET /xingrg/all/function/internal_message.html?_=1625189293081&CODE_STATE=getMsg HTTP/1.1" 200 27
222.70.176.145 - - [02/Jul/2021:09:28:05 +0800] "GET /xingrg/kc/buy/cgsh_order_operate.html?command=get_materiel&rest_code=00111&code=00101008085&supplier_code=00100005&order_time=2021-07-02 HTTP/1.1" 200 412
58.40.7.146 - - [02/Jul/2021:09:28:07 +0800] "GET /xingrg/all/function/internal_message.html?_=1625189289053&CODE_STATE=getMsg HTTP/1.1" 200 27
114.86.230.2 - - [02/Jul/2021:09:28:07 +0800] "GET /xingrg/kc/buy/cgsh_order_operate.html?command=get_materiel&rest_code=00109&code=00101008356&supplier_code=00100005&order_time=2021-07-02 HTTP/1.1" 200 408
180.169.147.146 - - [02/Jul/2021:09:28:08 +0800] "GET /xingrg/check_reg.html?_=1625189290412 HTTP/1.1" 200 22
180.169.147.146 - - [02/Jul/2021:09:28:08 +0800] "GET /xingrg/all/function/internal_message.html?_=1625189290416&CODE_STATE=getMsg HTTP/1.1" 200 27
116.235.222.38 - - [02/Jul/2021:09:28:15 +0800] "GET /xingrg/kc/buy/cgsh_order_operate.html?command=get_materiel&rest_code=00107&code=00101010136&supplier_code=00100033&order_time=2021-07-02 HTTP/1.1" 200 408
116.235.95.53 - - [02/Jul/2021:09:28:15 +0800] "GET /xingrg/all/function/internal_message.html?_=1625189391148&CODE_STATE=getMsg HTTP/1.1" 200 27
114.86.230.2 - - [02/Jul/2021:09:28:15 +0800] "GET /xingrg/kc/buy/cgsh_order_operate.html?command=get_materiel&rest_code=00109&code=00101008357&supplier_code=00100005&order_time=2021-07-02 HTTP/1.1" 200 408
116.230.117.165 - - [02/Jul/2021:09:28:15 +0800] "GET /xingrg/kc/buy/cgsh_order_operate.html?command=get_materiel&rest_code=00146&code=00101008244&supplier_code=00100005&order_time=2021-07-02 HTTP/1.1" 200 408
114.86.230.2 - - [02/Jul/2021:09:28:16 +0800] "POST /xingrg/services/DataTransmitService HTTP/1.1" 200 45454
114.86.230.2 - - [02/Jul/2021:09:28:16 +0800] "POST /xingrg/services/DataTransmitService HTTP/1.1" 200 19237
116.230.117.165 - - [02/Jul/2021:09:28:17 +0800] "GET /xingrg/check_reg.html?_=1625189319578 HTTP/1.1" 200 22
116.230.117.165 - - [02/Jul/2021:09:28:19 +0800] "GET /xingrg/all/function/internal_message.html?_=1625189321597&CODE_STATE=getMsg HTTP/1.1" 200 27
180.174.237.246 - - [02/Jul/2021:09:28:21 +0800] "GET /xingrg/all/function/internal_message.html?_=1625189272566&CODE_STATE=getMsg HTTP/1.1" 200 27
114.86.230.2 - - [02/Jul/2021:09:28:21 +0800] "GET /xingrg/kc/buy/cgsh_order_operate.html?command=get_materiel&rest_code=00109&code=00101008069&supplier_code=00100005&order_time=2021-07-02 HTTP/1.1" 200 412
101.85.107.54 - - [02/Jul/2021:09:28:23 +0800] "GET /xingrg/all/function/internal_message.html?_=1625188735359&CODE_STATE=getMsg HTTP/1.1" 200 27
222.70.176.145 - - [02/Jul/2021:09:28:23 +0800] "GET /xingrg/kc/buy/cgsh_order_operate.html?command=get_materiel&rest_code=00111&code=00101008209&supplier_code=00100005&order_time=2021-07-02 HTTP/1.1" 200 408
116.224.253.72 - - [02/Jul/2021:09:28:25 +0800] "GET /xingrg/check_reg.html?_=1625189300891 HTTP/1.1" 200 22
116.224.253.72 - - [02/Jul/2021:09:28:25 +0800] "GET /xingrg/all/function/internal_message.html?_=1625189301047&CODE_STATE=getMsg HTTP/1.1" 200 27
180.169.147.146 - - [02/Jul/2021:09:28:25 +0800] "GET /xingrg/all/function/internal_message.html?_=1625189307633&CODE_STATE=getMsg HTTP/1.1" 200 27
180.162.195.211 - - [02/Jul/2021:09:28:27 +0800] "GET /xingrg/all/function/internal_message.html?_=1625189310406&CODE_STATE=getMsg HTTP/1.1" 200 27
114.86.230.2 - - [02/Jul/2021:09:28:28 +0800] "GET /xingrg/kc/buy/cgsh_order_operate.html?command=get_materiel&rest_code=00109&code=00101008286&supplier_code=00100005&order_time=2021-07-02 HTTP/1.1" 200 427
58.37.5.217 - - [02/Jul/2021:09:28:30 +0800] "GET /xingrg/all/function/internal_message.html?_=1625189843051&CODE_STATE=getMsg HTTP/1.1" 200 27
58.37.5.217 - - [02/Jul/2021:09:28:30 +0800] "GET /xingrg/check_reg.html?_=1625189843054 HTTP/1.1" 200 22
180.169.147.146 - - [02/Jul/2021:09:28:31 +0800] "GET /xingrg/all/function/internal_message.html?_=1625189316113&CODE_STATE=getMsg HTTP/1.1" 200 27
222.70.176.145 - - [02/Jul/2021:09:28:32 +0800] "GET /xingrg/kc/buy/cgsh_order_operate.html?command=get_materiel&rest_code=00111&code=00101008212&supplier_code=00100005&order_time=2021-07-02 HTTP/1.1" 200 412
116.230.117.165 - - [02/Jul/2021:09:28:33 +0800] "GET /xingrg/kc/buy/cgsh_order_operate.html?command=get_materiel&rest_code=00146&code=00101008112&supplier_code=00100005&order_time=2021-07-02 HTTP/1.1" 200 412
116.235.222.38 - - [02/Jul/2021:09:28:33 +0800] "GET /xingrg/all/function/internal_message.html?_=1625189306523&CODE_STATE=getMsg HTTP/1.1" 200 27
116.224.253.72 - - [02/Jul/2021:09:28:33 +0800] "GET /xingrg/all/function/internal_message.html?_=1625189311219&CODE_STATE=getMsg HTTP/1.1" 200 27
116.235.222.38 - - [02/Jul/2021:09:28:34 +0800] "GET /xingrg/kc/buy/cgsh_order_operate.html?command=get_materiel&rest_code=00107&code=00101012025&supplier_code=00100033&order_time=2021-07-02 HTTP/1.1" 200 432
180.157.255.9 - - [02/Jul/2021:09:28:38 +0800] "GET /xingrg/all/function/internal_message.html?_=1625189329837&CODE_STATE=getMsg HTTP/1.1" 200 27
116.235.222.38 - - [02/Jul/2021:09:28:41 +0800] "POST /xingrg/kc/buy/cgsh_order_operate.html HTTP/1.1" 200 37
116.235.222.38 - - [02/Jul/2021:09:28:42 +0800] "POST /xingrg/kc/buy/cgsh_order_operate.html HTTP/1.1" 200 5006
116.230.117.165 - - [02/Jul/2021:09:28:43 +0800] "GET /xingrg/kc/buy/cgsh_order_operate.html?command=get_materiel&rest_code=00146&code=00101008354&supplier_code=00100005&order_time=2021-07-02 HTTP/1.1" 200 432
116.235.222.38 - - [02/Jul/2021:09:28:44 +0800] "GET /xingrg/kc/print/load_config.html?kc_code=cgsh HTTP/1.1" 200 1845
222.70.176.145 - - [02/Jul/2021:09:28:44 +0800] "GET /xingrg/check_reg.html?_=1625189325206 HTTP/1.1" 200 22
116.235.222.38 - - [02/Jul/2021:09:28:45 +0800] "GET /xingrg/kc/print/load_data.html?order_code=212021070200510&kc_code=cgsh&condition= HTTP/1.1" 200 1591
222.70.176.145 - - [02/Jul/2021:09:28:45 +0800] "GET /xingrg/all/function/internal_message.html?_=1625189325304&CODE_STATE=getMsg HTTP/1.1" 200 27
116.230.110.80 - - [02/Jul/2021:09:28:45 +0800] "GET /xingrg/all/function/internal_message.html?_=1625189324591&CODE_STATE=getMsg HTTP/1.1" 200 27
180.169.147.146 - - [02/Jul/2021:09:28:50 +0800] "GET /xingrg/all/function/internal_message.html?_=1625189333563&CODE_STATE=getMsg HTTP/1.1" 200 27
114.83.223.104 - - [02/Jul/2021:09:28:50 +0800] "GET /xingrg/all/function/internal_message.html?_=1625189330374&CODE_STATE=getMsg HTTP/1.1" 200 27
114.86.230.2 - - [02/Jul/2021:09:28:54 +0800] "POST /xingrg/kc/buy/cgsh_order_operate.html HTTP/1.1" 200 2065
116.230.117.165 - - [02/Jul/2021:09:28:56 +0800] "GET /xingrg/kc/buy/cgsh_order_operate.html?command=get_materiel&rest_code=00146&code=00101008351&supplier_code=00100005&order_time=2021-07-02 HTTP/1.1" 200 428
116.235.222.38 - - [02/Jul/2021:09:28:58 +0800] "GET /xingrg/javascript/jquery_tools/images/prev.gif HTTP/1.1" 404 1086
116.235.222.38 - - [02/Jul/2021:09:28:59 +0800] "GET /xingrg/javascript/jquery_tools/images/next.gif HTTP/1.1" 404 1086
114.86.230.2 - - [02/Jul/2021:09:28:59 +0800] "GET /xingrg/all/function/internal_message.html?_=1625189342074&CODE_STATE=getMsg HTTP/1.1" 200 27
180.174.237.246 - - [02/Jul/2021:09:29:04 +0800] "GET /xingrg/all/function/internal_message.html?_=1625189353095&CODE_STATE=getMsg HTTP/1.1" 200 27
116.235.222.38 - - [02/Jul/2021:09:29:05 +0800] "GET /xingrg/javascript/easyui/themes/default/tree.css HTTP/1.1" 404 1090
116.235.222.38 - - [02/Jul/2021:09:29:05 +0800] "POST /xingrg/all/common/load_tree.html?tree=supplier_tree_json&manage=1 HTTP/1.1" 200 57246
114.86.230.2 - - [02/Jul/2021:09:29:05 +0800] "POST /xingrg/kc/buy/cgsh_order_operate.html HTTP/1.1" 200 37
222.70.176.145 - - [02/Jul/2021:09:29:06 +0800] "GET /xingrg/kc/buy/cgsh_order_operate.html?command=get_materiel&rest_code=00111&code=00101008350&supplier_code=00100005&order_time=2021-07-02 HTTP/1.1" 200 23
58.40.7.146 - - [02/Jul/2021:09:29:07 +0800] "GET /xingrg/all/function/internal_message.html?_=1625189349023&CODE_STATE=getMsg HTTP/1.1" 200 27
180.169.147.146 - - [02/Jul/2021:09:29:08 +0800] "GET /xingrg/all/function/internal_message.html?_=1625189350418&CODE_STATE=getMsg HTTP/1.1" 200 27
116.230.117.165 - - [02/Jul/2021:09:29:08 +0800] "GET /xingrg/kc/buy/cgsh_order_operate.html?command=get_materiel&rest_code=00146&code=00101008186&supplier_code=00100005&order_time=2021-07-02 HTTP/1.1" 200 408
114.86.230.2 - - [02/Jul/2021:09:29:09 +0800] "POST /xingrg/kc/buy/cgsh_order_operate.html HTTP/1.1" 200 26920
180.169.147.146 - - [02/Jul/2021:09:29:14 +0800] "GET /xingrg/check_reg.html?_=1625189356441 HTTP/1.1" 200 22
116.235.95.53 - - [02/Jul/2021:09:29:15 +0800] "GET /xingrg/check_reg.html?_=1625189451147 HTTP/1.1" 200 22
116.235.95.53 - - [02/Jul/2021:09:29:15 +0800] "GET /xingrg/all/function/internal_message.html?_=1625189451148&CODE_STATE=getMsg HTTP/1.1" 200 27
116.235.222.38 - - [02/Jul/2021:09:29:16 +0800] "POST /xingrg/kc/buy/cgsh_list_operate.html HTTP/1.1" 200 5260
116.230.117.165 - - [02/Jul/2021:09:29:19 +0800] "GET /xingrg/all/function/internal_message.html?_=1625189381603&CODE_STATE=getMsg HTTP/1.1" 200 27
222.70.176.145 - - [02/Jul/2021:09:29:20 +0800] "POST /xingrg/kc/buy/cgsh_order_operate.html HTTP/1.1" 200 37
180.174.237.246 - - [02/Jul/2021:09:29:21 +0800] "GET /xingrg/all/function/internal_message.html?_=1625189332579&CODE_STATE=getMsg HTTP/1.1" 200 27
222.70.176.145 - - [02/Jul/2021:09:29:22 +0800] "POST /xingrg/kc/buy/cgsh_order_operate.html HTTP/1.1" 200 30451
101.85.107.54 - - [02/Jul/2021:09:29:23 +0800] "GET /xingrg/all/function/internal_message.html?_=1625188795358&CODE_STATE=getMsg HTTP/1.1" 200 27
116.224.253.72 - - [02/Jul/2021:09:29:25 +0800] "GET /xingrg/all/function/internal_message.html?_=1625189361061&CODE_STATE=getMsg HTTP/1.1" 200 27
180.169.147.146 - - [02/Jul/2021:09:29:25 +0800] "GET /xingrg/all/function/internal_message.html?_=1625189367643&CODE_STATE=getMsg HTTP/1.1" 200 27
180.162.195.211 - - [02/Jul/2021:09:29:27 +0800] "GET /xingrg/all/function/internal_message.html?_=1625189370417&CODE_STATE=getMsg HTTP/1.1" 200 27
114.86.230.2 - - [02/Jul/2021:09:29:29 +0800] "GET /xingrg/kc/buy/cgsh_order_operate.html?command=get_materiel&rest_code=00109&code=00101008131&supplier_code=00100005&order_time=2021-07-02 HTTP/1.1" 200 408
58.37.5.217 - - [02/Jul/2021:09:29:30 +0800] "GET /xingrg/all/function/internal_message.html?_=1625189903054&CODE_STATE=getMsg HTTP/1.1" 200 27
222.70.176.145 - - [02/Jul/2021:09:29:30 +0800] "GET /xingrg/login.html HTTP/1.1" 200 7641
180.169.147.146 - - [02/Jul/2021:09:29:31 +0800] "GET /xingrg/all/function/internal_message.html?_=1625189376116&CODE_STATE=getMsg HTTP/1.1" 200 27
222.70.176.145 - - [02/Jul/2021:09:29:31 +0800] "GET /favicon.ico HTTP/1.1" 404 -
114.83.223.104 - - [02/Jul/2021:09:29:32 +0800] "GET /xingrg/kc/buy/cgsh_order_add.html HTTP/1.1" 200 62728
114.83.223.104 - - [02/Jul/2021:09:29:32 +0800] "POST /xingrg/kc/buy/cgsh_order_operate.html HTTP/1.1" 200 8245
114.83.223.104 - - [02/Jul/2021:09:29:32 +0800] "GET /xingrg/javascript/easyui/themes/default/validatebox.css HTTP/1.1" 404 1104
116.235.222.38 - - [02/Jul/2021:09:29:33 +0800] "GET /xingrg/check_reg.html?_=1625189366525 HTTP/1.1" 200 22
116.235.222.38 - - [02/Jul/2021:09:29:33 +0800] "GET /xingrg/all/function/internal_message.html?_=1625189366529&CODE_STATE=getMsg HTTP/1.1" 200 27
116.224.253.72 - - [02/Jul/2021:09:29:33 +0800] "GET /xingrg/all/function/internal_message.html?_=1625189371218&CODE_STATE=getMsg HTTP/1.1" 200 27
114.86.230.2 - - [02/Jul/2021:09:29:36 +0800] "GET /xingrg/kc/buy/cgsh_order_operate.html?command=get_materiel&rest_code=00109&code=00101008213&supplier_code=00100005&order_time=2021-07-02 HTTP/1.1" 200 412
222.70.176.145 - - [02/Jul/2021:09:29:36 +0800] "POST /xingrg/login.do HTTP/1.1" 302 -
222.70.176.145 - - [02/Jul/2021:09:29:36 +0800] "GET /xingrg/index.html?sysBaseUrl=http%3A%2F%2F180.169.147.146%3A18081%2Fxingrg%2F&costTime=83×tamp=1625189376688 HTTP/1.1" 200 17173
222.70.176.145 - - [02/Jul/2021:09:29:36 +0800] "GET /favicon.ico HTTP/1.1" 404 -
222.70.176.145 - - [02/Jul/2021:09:29:36 +0800] "POST /xingrg/all/common/load_tree.html?tree=area_rest_tree_json&manage=1 HTTP/1.1" 200 342
222.70.176.145 - - [02/Jul/2021:09:29:37 +0800] "GET /xingrg/check_reg.html?_=1625189377285 HTTP/1.1" 200 22
222.70.176.145 - - [02/Jul/2021:09:29:37 +0800] "GET /xingrg/all/function/internal_message.html?_=1625189377284&CODE_STATE=count HTTP/1.1" 200 11
222.70.176.145 - - [02/Jul/2021:09:29:37 +0800] "POST /xingrg/load_menu.html HTTP/1.1" 200 5138
180.157.255.9 - - [02/Jul/2021:09:29:38 +0800] "GET /xingrg/all/function/internal_message.html?_=1625189389821&CODE_STATE=getMsg HTTP/1.1" 200 27
222.70.176.145 - - [02/Jul/2021:09:29:39 +0800] "GET /xingrg/kc/buy/buy_main.html HTTP/1.1" 200 12412
222.70.176.145 - - [02/Jul/2021:09:29:39 +0800] "GET /xingrg/css/new_ie.css HTTP/1.1" 404 1036
222.70.176.145 - - [02/Jul/2021:09:29:39 +0800] "GET /xingrg/images/yd/bt.gif HTTP/1.1" 404 1040
222.70.176.145 - - [02/Jul/2021:09:29:40 +0800] "GET /xingrg/kc/buy/cgsh_order_list.html HTTP/1.1" 200 46937
222.70.176.145 - - [02/Jul/2021:09:29:44 +0800] "POST /xingrg/kc/buy/cgsh_list_operate.html HTTP/1.1" 200 1690
116.230.117.165 - - [02/Jul/2021:09:29:44 +0800] "GET /xingrg/kc/buy/cgsh_order_operate.html?command=get_materiel&rest_code=00146&code=00101008096&supplier_code=00100005&order_time=2021-07-02 HTTP/1.1" 200 412
116.230.110.80 - - [02/Jul/2021:09:29:45 +0800] "GET /xingrg/all/function/internal_message.html?_=1625189384563&CODE_STATE=getMsg HTTP/1.1" 200 27
114.86.230.2 - - [02/Jul/2021:09:29:47 +0800] "GET /xingrg/kc/buy/cgsh_order_operate.html?command=get_materiel&rest_code=00109&code=00101008291&supplier_code=00100005&order_time=2021-07-02 HTTP/1.1" 200 408
222.70.176.145 - - [02/Jul/2021:09:29:48 +0800] "POST /xingrg/kc/buy/cgsh_list_operate.html HTTP/1.1" 200 578
222.70.176.145 - - [02/Jul/2021:09:29:49 +0800] "GET /xingrg/kc/buy/cgsh_order_info.html?code=212021070200504 HTTP/1.1" 200 62684
222.70.176.145 - - [02/Jul/2021:09:29:49 +0800] "GET /xingrg/javascript/easyui/themes/default/validatebox.css HTTP/1.1" 404 1104
222.70.176.145 - - [02/Jul/2021:09:29:49 +0800] "GET /xingrg/all/common/auto_word.html?type=employee&rest_code=00111 HTTP/1.1" 200 155
222.70.176.145 - - [02/Jul/2021:09:29:49 +0800] "GET /xingrg/all/common/auto_word.html?type=employee&rest_code=00111 HTTP/1.1" 200 155
180.169.147.146 - - [02/Jul/2021:09:29:50 +0800] "GET /xingrg/all/function/internal_message.html?_=1625189393567&CODE_STATE=getMsg HTTP/1.1" 200 27
114.83.223.104 - - [02/Jul/2021:09:29:50 +0800] "GET /xingrg/all/function/internal_message.html?_=1625189390370&CODE_STATE=getMsg HTTP/1.1" 200 27
222.70.176.145 - - [02/Jul/2021:09:29:50 +0800] "POST /xingrg/kc/buy/cgsh_order_operate.html HTTP/1.1" 200 30451
222.70.176.145 - - [02/Jul/2021:09:29:53 +0800] "GET /xingrg/javascript/auto/indicator.gif HTTP/1.1" 404 1066
116.230.117.165 - - [02/Jul/2021:09:29:55 +0800] "GET /xingrg/kc/buy/cgsh_order_operate.html?command=get_materiel&rest_code=00146&code=00101008290&supplier_code=00100005&order_time=2021-07-02 HTTP/1.1" 200 416
222.70.176.145 - - [02/Jul/2021:09:29:58 +0800] "GET /xingrg/kc/buy/cgsh_order_operate.html?command=get_materiel&rest_code=00111&code=00101008350&supplier_code=00100005&order_time=2021-07-02 HTTP/1.1" 200 408
114.86.230.2 - - [02/Jul/2021:09:29:59 +0800] "GET /xingrg/all/function/internal_message.html?_=1625189402089&CODE_STATE=getMsg HTTP/1.1" 200 27
114.86.230.2 - - [02/Jul/2021:09:29:59 +0800] "GET /xingrg/check_reg.html?_=1625189402091 HTTP/1.1" 200 22
116.230.110.80 - - [02/Jul/2021:09:29:59 +0800] "GET /xingrg/check_reg.html?_=1625189398686 HTTP/1.1" 200 22
180.174.237.246 - - [02/Jul/2021:09:30:04 +0800] "GET /xingrg/all/function/internal_message.html?_=1625189413113&CODE_STATE=getMsg HTTP/1.1" 200 27
116.230.117.165 - - [02/Jul/2021:09:30:05 +0800] "GET /xingrg/kc/buy/cgsh_order_operate.html?command=get_materiel&rest_code=00146&code=00101008003&supplier_code=00100005&order_time=2021-07-02 HTTP/1.1" 200 408
58.40.7.146 - - [02/Jul/2021:09:30:07 +0800] "GET /xingrg/all/function/internal_message.html?_=1625189408994&CODE_STATE=getMsg HTTP/1.1" 200 27
180.169.147.146 - - [02/Jul/2021:09:30:08 +0800] "GET /xingrg/all/function/internal_message.html?_=1625189410422&CODE_STATE=getMsg HTTP/1.1" 200 27
222.70.176.145 - - [02/Jul/2021:09:30:08 +0800] "GET /xingrg/kc/buy/cgsh_order_operate.html?command=get_materiel&rest_code=00111&code=00101008036&supplier_code=00100005&order_time=2021-07-02 HTTP/1.1" 200 408
116.235.95.53 - - [02/Jul/2021:09:30:15 +0800] "GET /xingrg/all/function/internal_message.html?_=1625189511147&CODE_STATE=getMsg HTTP/1.1" 200 27
116.230.117.165 - - [02/Jul/2021:09:30:15 +0800] "GET /xingrg/kc/buy/cgsh_order_operate.html?command=get_materiel&rest_code=00146&code=00101008126&supplier_code=00100005&order_time=2021-07-02 HTTP/1.1" 200 412
116.235.222.38 - - [02/Jul/2021:09:30:17 +0800] "GET /xingrg/kc/buy/cgsh_order_add.html HTTP/1.1" 200 62763
116.235.222.38 - - [02/Jul/2021:09:30:18 +0800] "GET /xingrg/javascript/easyui/themes/default/validatebox.css HTTP/1.1" 404 1104
116.235.222.38 - - [02/Jul/2021:09:30:18 +0800] "POST /xingrg/kc/buy/cgsh_order_operate.html HTTP/1.1" 200 8245
116.235.222.38 - - [02/Jul/2021:09:30:19 +0800] "POST /xingrg/kc/buy/cgsh_list_operate.html HTTP/1.1" 200 5260
116.230.117.165 - - [02/Jul/2021:09:30:19 +0800] "GET /xingrg/all/function/internal_message.html?_=1625189441618&CODE_STATE=getMsg HTTP/1.1" 200 27
116.235.222.38 - - [02/Jul/2021:09:30:19 +0800] "GET /xingrg/javascript/easyui/themes/default/tree.css HTTP/1.1" 404 1090
116.235.222.38 - - [02/Jul/2021:09:30:20 +0800] "POST /xingrg/all/common/load_tree.html?tree=supplier_tree_json&isDelete=1 HTTP/1.1" 200 56276
172.20.0.100 - - [02/Jul/2021:09:30:20 +0800] "GET /xingrg/check_reg.html?_=1625189422318 HTTP/1.1" 200 22
180.174.237.246 - - [02/Jul/2021:09:30:21 +0800] "GET /xingrg/all/function/internal_message.html?_=1625189393298&CODE_STATE=getMsg HTTP/1.1" 200 27
101.85.107.54 - - [02/Jul/2021:09:30:23 +0800] "GET /xingrg/all/function/internal_message.html?_=1625188855357&CODE_STATE=getMsg HTTP/1.1" 200 27
222.70.176.145 - - [02/Jul/2021:09:30:25 +0800] "GET /xingrg/kc/buy/cgsh_order_operate.html?command=get_materiel&rest_code=00111&code=00101008323&supplier_code=00100005&order_time=2021-07-02 HTTP/1.1" 200 429
116.224.253.72 - - [02/Jul/2021:09:30:25 +0800] "GET /xingrg/all/function/internal_message.html?_=1625189421074&CODE_STATE=getMsg HTTP/1.1" 200 27
180.169.147.146 - - [02/Jul/2021:09:30:25 +0800] "GET /xingrg/all/function/internal_message.html?_=1625189427657&CODE_STATE=getMsg HTTP/1.1" 200 27
180.162.195.211 - - [02/Jul/2021:09:30:27 +0800] "GET /xingrg/all/function/internal_message.html?_=1625189430401&CODE_STATE=getMsg HTTP/1.1" 200 27
58.37.5.217 - - [02/Jul/2021:09:30:30 +0800] "GET /xingrg/all/function/internal_message.html?_=1625189963054&CODE_STATE=getMsg HTTP/1.1" 200 27
180.169.147.146 - - [02/Jul/2021:09:30:31 +0800] "GET /xingrg/all/function/internal_message.html?_=1625189436117&CODE_STATE=getMsg HTTP/1.1" 200 27
116.230.117.165 - - [02/Jul/2021:09:30:31 +0800] "GET /xingrg/kc/buy/cgsh_order_operate.html?command=get_materiel&rest_code=00146&code=00101008264&supplier_code=00100005&order_time=2021-07-02 HTTP/1.1" 200 412
116.235.222.38 - - [02/Jul/2021:09:30:33 +0800] "GET /xingrg/all/function/internal_message.html?_=1625189426533&CODE_STATE=getMsg HTTP/1.1" 200 27
116.224.253.72 - - [02/Jul/2021:09:30:33 +0800] "GET /xingrg/all/function/internal_message.html?_=1625189431217&CODE_STATE=getMsg HTTP/1.1" 200 27
114.86.230.2 - - [02/Jul/2021:09:30:33 +0800] "GET /xingrg/kc/buy/cgsh_order_operate.html?command=get_materiel&rest_code=00109&code=00101008055&supplier_code=00100005&order_time=2021-07-02 HTTP/1.1" 200 409
116.230.117.165 - - [02/Jul/2021:09:30:34 +0800] "POST /xingrg/kc/buy/cgsh_order_operate.html HTTP/1.1" 200 2065
114.86.230.2 - - [02/Jul/2021:09:30:36 +0800] "POST /xingrg/kc/buy/cgsh_order_operate.html HTTP/1.1" 200 2065
222.70.176.145 - - [02/Jul/2021:09:30:37 +0800] "GET /xingrg/all/function/internal_message.html?_=1625189437290&CODE_STATE=getMsg HTTP/1.1" 200 27
180.157.255.9 - - [02/Jul/2021:09:30:38 +0800] "GET /xingrg/all/function/internal_message.html?_=1625189449806&CODE_STATE=getMsg HTTP/1.1" 200 27
180.157.255.9 - - [02/Jul/2021:09:30:39 +0800] "GET /xingrg/check_reg.html?_=1625189450603 HTTP/1.1" 200 22
114.86.230.2 - - [02/Jul/2021:09:30:40 +0800] "GET /xingrg/kc/buy/cgsh_order_operate.html?command=get_materiel&rest_code=00109&code=00101008225&supplier_code=00100005&order_time=2021-07-02 HTTP/1.1" 200 416
116.230.117.165 - - [02/Jul/2021:09:30:41 +0800] "GET /xingrg/kc/buy/cgsh_order_operate.html?command=get_materiel&rest_code=00146&code=00101008356&supplier_code=00100005&order_time=2021-07-02 HTTP/1.1" 200 408
116.230.110.80 - - [02/Jul/2021:09:30:45 +0800] "GET /xingrg/all/function/internal_message.html?_=1625189444547&CODE_STATE=getMsg HTTP/1.1" 200 27
114.86.230.2 - - [02/Jul/2021:09:30:47 +0800] "GET /xingrg/kc/buy/cgsh_order_operate.html?command=get_materiel&rest_code=00109&code=00101008502&supplier_code=00100005&order_time=2021-07-02 HTTP/1.1" 200 398
114.83.223.104 - - [02/Jul/2021:09:30:48 +0800] "GET /xingrg/check_reg.html?_=1625189448903 HTTP/1.1" 200 22
180.169.147.146 - - [02/Jul/2021:09:30:50 +0800] "GET /xingrg/all/function/internal_message.html?_=1625189453567&CODE_STATE=getMsg HTTP/1.1" 200 27
114.83.223.104 - - [02/Jul/2021:09:30:50 +0800] "GET /xingrg/all/function/internal_message.html?_=1625189450346&CODE_STATE=getMsg HTTP/1.1" 200 27
116.230.117.165 - - [02/Jul/2021:09:30:50 +0800] "GET /xingrg/kc/buy/cgsh_order_operate.html?command=get_materiel&rest_code=00146&code=00101013032&supplier_code=00100005&order_time=2021-07-02 HTTP/1.1" 200 431
114.86.230.2 - - [02/Jul/2021:09:30:55 +0800] "GET /xingrg/kc/buy/cgsh_order_operate.html?command=get_materiel&rest_code=00109&code=00101008323&supplier_code=00100005&order_time=2021-07-02 HTTP/1.1" 200 429
114.86.230.2 - - [02/Jul/2021:09:30:59 +0800] "GET /xingrg/all/function/internal_message.html?_=1625189462091&CODE_STATE=getMsg HTTP/1.1" 200 27
114.86.230.2 - - [02/Jul/2021:09:31:02 +0800] "GET /xingrg/kc/buy/cgsh_order_operate.html?command=get_materiel&rest_code=00109&code=00101008350&supplier_code=00100005&order_time=2021-07-02 HTTP/1.1" 200 408
116.230.117.165 - - [02/Jul/2021:09:31:03 +0800] "GET /xingrg/kc/buy/cgsh_order_operate.html?command=get_materiel&rest_code=00146&code=00101008275&supplier_code=00100005&order_time=2021-07-02 HTTP/1.1" 200 416
180.174.237.246 - - [02/Jul/2021:09:31:04 +0800] "GET /xingrg/all/function/internal_message.html?_=1625189473120&CODE_STATE=getMsg HTTP/1.1" 200 27
180.169.147.146 - - [02/Jul/2021:09:31:06 +0800] "GET /xingrg/check_reg.html?_=1625189463854 HTTP/1.1" 302 -
180.169.147.146 - - [02/Jul/2021:09:31:06 +0800] "GET /xingrg/login.html HTTP/1.1" 200 7641
58.40.7.146 - - [02/Jul/2021:09:31:07 +0800] "GET /xingrg/all/function/internal_message.html?_=1625189468964&CODE_STATE=getMsg HTTP/1.1" 200 27
180.169.147.146 - - [02/Jul/2021:09:31:08 +0800] "GET /xingrg/all/function/internal_message.html?_=1625189470412&CODE_STATE=getMsg HTTP/1.1" 200 27
114.86.230.2 - - [02/Jul/2021:09:31:09 +0800] "GET /xingrg/kc/buy/cgsh_order_operate.html?command=get_materiel&rest_code=00109&code=00101008112&supplier_code=00100005&order_time=2021-07-02 HTTP/1.1" 200 412
114.86.230.2 - - [02/Jul/2021:09:31:10 +0800] "POST /xingrg/kc/buy/cgsh_order_operate.html HTTP/1.1" 200 2065
116.235.95.53 - - [02/Jul/2021:09:31:15 +0800] "GET /xingrg/all/function/internal_message.html?_=1625189571147&CODE_STATE=getMsg HTTP/1.1" 200 27
116.230.117.165 - - [02/Jul/2021:09:31:16 +0800] "GET /xingrg/kc/buy/cgsh_order_operate.html?command=get_materiel&rest_code=00146&code=00101008360&supplier_code=00100005&order_time=2021-07-02 HTTP/1.1" 200 412
116.230.117.165 - - [02/Jul/2021:09:31:19 +0800] "GET /xingrg/all/function/internal_message.html?_=1625189501631&CODE_STATE=getMsg HTTP/1.1" 200 27
180.174.237.246 - - [02/Jul/2021:09:31:21 +0800] "GET /xingrg/all/function/internal_message.html?_=1625189453309&CODE_STATE=getMsg HTTP/1.1" 200 27
101.85.107.54 - - [02/Jul/2021:09:31:23 +0800] "GET /xingrg/all/function/internal_message.html?_=1625188915355&CODE_STATE=getMsg HTTP/1.1" 200 27
101.85.107.54 - - [02/Jul/2021:09:31:23 +0800] "GET /xingrg/check_reg.html?_=1625188915356 HTTP/1.1" 200 22
116.224.253.72 - - [02/Jul/2021:09:31:25 +0800] "GET /xingrg/all/function/internal_message.html?_=1625189481100&CODE_STATE=getMsg HTTP/1.1" 200 27
180.169.147.146 - - [02/Jul/2021:09:31:25 +0800] "GET /xingrg/all/function/internal_message.html?_=1625189487676&CODE_STATE=getMsg HTTP/1.1" 200 27
116.230.117.165 - - [02/Jul/2021:09:31:27 +0800] "GET /xingrg/kc/buy/cgsh_order_operate.html?command=get_materiel&rest_code=00146&code=00101008357&supplier_code=00100005&order_time=2021-07-02 HTTP/1.1" 200 408
180.162.195.211 - - [02/Jul/2021:09:31:27 +0800] "GET /xingrg/all/function/internal_message.html?_=1625189490401&CODE_STATE=getMsg HTTP/1.1" 200 27
180.162.195.211 - - [02/Jul/2021:09:31:27 +0800] "GET /xingrg/check_reg.html?_=1625189490404 HTTP/1.1" 200 22
58.37.5.217 - - [02/Jul/2021:09:31:30 +0800] "GET /xingrg/all/function/internal_message.html?_=1625190023082&CODE_STATE=getMsg HTTP/1.1" 200 27
180.169.147.146 - - [02/Jul/2021:09:31:31 +0800] "GET /xingrg/check_reg.html?_=1625189496116 HTTP/1.1" 200 22
180.169.147.146 - - [02/Jul/2021:09:31:31 +0800] "GET /xingrg/all/function/internal_message.html?_=1625189496119&CODE_STATE=getMsg HTTP/1.1" 200 27
116.235.222.38 - - [02/Jul/2021:09:31:33 +0800] "GET /xingrg/all/function/internal_message.html?_=1625189486532&CODE_STATE=getMsg HTTP/1.1" 200 27
116.224.253.72 - - [02/Jul/2021:09:31:33 +0800] "GET /xingrg/check_reg.html?_=1625189491217 HTTP/1.1" 200 22
116.224.253.72 - - [02/Jul/2021:09:31:33 +0800] "GET /xingrg/all/function/internal_message.html?_=1625189491219&CODE_STATE=getMsg HTTP/1.1" 200 27
222.70.176.145 - - [02/Jul/2021:09:31:37 +0800] "GET /xingrg/all/function/internal_message.html?_=1625189497290&CODE_STATE=getMsg HTTP/1.1" 200 27
222.70.176.145 - - [02/Jul/2021:09:31:38 +0800] "POST /xingrg/kc/buy/cgsh_order_operate.html HTTP/1.1" 200 2065
180.157.255.9 - - [02/Jul/2021:09:31:38 +0800] "GET /xingrg/all/function/internal_message.html?_=1625189509791&CODE_STATE=getMsg HTTP/1.1" 200 27
116.230.117.165 - - [02/Jul/2021:09:31:38 +0800] "GET /xingrg/kc/buy/cgsh_order_operate.html?command=get_materiel&rest_code=00146&code=00101008036&supplier_code=00100005&order_time=2021-07-02 HTTP/1.1" 200 408
114.86.230.2 - - [02/Jul/2021:09:31:40 +0800] "GET /xingrg/kc/buy/cgsh_order_operate.html?command=get_materiel&rest_code=00109&code=00101008356&supplier_code=00100005&order_time=2021-07-02 HTTP/1.1" 200 408
222.70.176.145 - - [02/Jul/2021:09:31:44 +0800] "GET /xingrg/kc/buy/cgsh_order_operate.html?command=get_materiel&rest_code=00111&code=00101008112&supplier_code=00100005&order_time=2021-07-02 HTTP/1.1" 200 412
116.230.110.80 - - [02/Jul/2021:09:31:45 +0800] "GET /xingrg/all/function/internal_message.html?_=1625189504530&CODE_STATE=getMsg HTTP/1.1" 200 27
114.86.230.2 - - [02/Jul/2021:09:31:47 +0800] "GET /xingrg/kc/buy/cgsh_order_operate.html?command=get_materiel&rest_code=00109&code=00101008223&supplier_code=00100005&order_time=2021-07-02 HTTP/1.1" 200 412
116.230.117.165 - - [02/Jul/2021:09:31:48 +0800] "GET /xingrg/kc/buy/cgsh_order_operate.html?command=get_materiel&rest_code=00146&code=00101008286&supplier_code=00100005&order_time=2021-07-02 HTTP/1.1" 200 427
180.169.147.146 - - [02/Jul/2021:09:31:50 +0800] "GET /xingrg/all/function/internal_message.html?_=1625189513567&CODE_STATE=getMsg HTTP/1.1" 200 27
114.83.223.104 - - [02/Jul/2021:09:31:50 +0800] "GET /xingrg/all/function/internal_message.html?_=1625189510330&CODE_STATE=getMsg HTTP/1.1" 200 27
58.221.95.50 - - [02/Jul/2021:09:31:51 +0800] "GET /xingrg/check_reg.html?_=1625189514639 HTTP/1.1" 302 -
222.70.176.145 - - [02/Jul/2021:09:31:52 +0800] "GET /xingrg/kc/buy/cgsh_order_operate.html?command=get_materiel&rest_code=00111&code=00101008558&supplier_code=00100005&order_time=2021-07-02 HTTP/1.1" 200 395
116.230.117.165 - - [02/Jul/2021:09:31:56 +0800] "GET /xingrg/kc/buy/cgsh_order_operate.html?command=get_materiel&rest_code=00146&code=00101008006&supplier_code=00100005&order_time=2021-07-02 HTTP/1.1" 200 416
114.86.230.2 - - [02/Jul/2021:09:31:56 +0800] "GET /xingrg/kc/buy/cgsh_order_operate.html?command=get_materiel&rest_code=00109&code=00101008131&supplier_code=00100005&order_time=2021-07-02 HTTP/1.1" 200 408
114.86.230.2 - - [02/Jul/2021:09:31:59 +0800] "GET /xingrg/all/function/internal_message.html?_=1625189522093&CODE_STATE=getMsg HTTP/1.1" 200 27
116.230.117.165 - - [02/Jul/2021:09:32:01 +0800] "POST /xingrg/kc/buy/cgsh_order_operate.html HTTP/1.1" 200 2065
114.86.230.2 - - [02/Jul/2021:09:32:03 +0800] "GET /xingrg/kc/buy/cgsh_order_operate.html?command=get_materiel&rest_code=00109&code=00101008114&supplier_code=00100005&order_time=2021-07-02 HTTP/1.1" 200 412
180.174.237.246 - - [02/Jul/2021:09:32:04 +0800] "GET /xingrg/check_reg.html?_=1625189532852 HTTP/1.1" 200 22
180.174.237.246 - - [02/Jul/2021:09:32:04 +0800] "GET /xingrg/all/function/internal_message.html?_=1625189533136&CODE_STATE=getMsg HTTP/1.1" 200 27
58.40.7.146 - - [02/Jul/2021:09:32:07 +0800] "GET /xingrg/all/function/internal_message.html?_=1625189528936&CODE_STATE=getMsg HTTP/1.1" 200 27
116.230.117.165 - - [02/Jul/2021:09:32:07 +0800] "GET /xingrg/kc/buy/cgsh_order_operate.html?command=get_materiel&rest_code=00146&code=00101008131&supplier_code=00100005&order_time=2021-07-02 HTTP/1.1" 200 408
180.169.147.146 - - [02/Jul/2021:09:32:08 +0800] "GET /xingrg/all/function/internal_message.html?_=1625189530422&CODE_STATE=getMsg HTTP/1.1" 200 27
114.86.230.2 - - [02/Jul/2021:09:32:10 +0800] "GET /xingrg/kc/buy/cgsh_order_operate.html?command=get_materiel&rest_code=00109&code=00101008098&supplier_code=00100005&order_time=2021-07-02 HTTP/1.1" 200 412
114.86.230.2 - - [02/Jul/2021:09:32:13 +0800] "POST /xingrg/kc/buy/cgsh_order_operate.html HTTP/1.1" 200 2065
116.235.95.53 - - [02/Jul/2021:09:32:15 +0800] "GET /xingrg/all/function/internal_message.html?_=1625189631145&CODE_STATE=getMsg HTTP/1.1" 200 27
116.230.117.165 - - [02/Jul/2021:09:32:16 +0800] "GET /xingrg/kc/buy/cgsh_order_operate.html?command=get_materiel&rest_code=00146&code=00101008353&supplier_code=00100005&order_time=2021-07-02 HTTP/1.1" 200 408
114.86.230.2 - - [02/Jul/2021:09:32:18 +0800] "GET /xingrg/kc/buy/cgsh_order_operate.html?command=get_materiel&rest_code=00109&code=00101008168&supplier_code=00100005&order_time=2021-07-02 HTTP/1.1" 200 413
116.230.117.165 - - [02/Jul/2021:09:32:19 +0800] "GET /xingrg/all/function/internal_message.html?_=1625189561644&CODE_STATE=getMsg HTTP/1.1" 200 27
180.174.237.246 - - [02/Jul/2021:09:32:22 +0800] "GET /xingrg/all/function/internal_message.html?_=1625189514093&CODE_STATE=getMsg HTTP/1.1" 200 27
101.85.107.54 - - [02/Jul/2021:09:32:23 +0800] "GET /xingrg/all/function/internal_message.html?_=1625188975355&CODE_STATE=getMsg HTTP/1.1" 200 27
114.86.230.2 - - [02/Jul/2021:09:32:23 +0800] "GET /xingrg/kc/buy/cgsh_order_operate.html?command=get_materiel&rest_code=00109&code=00101008186&supplier_code=00100005&order_time=2021-07-02 HTTP/1.1" 200 408
116.224.253.72 - - [02/Jul/2021:09:32:25 +0800] "GET /xingrg/all/function/internal_message.html?_=1625189541102&CODE_STATE=getMsg HTTP/1.1" 200 27
116.230.117.165 - - [02/Jul/2021:09:32:25 +0800] "GET /xingrg/kc/buy/cgsh_order_operate.html?command=get_materiel&rest_code=00146&code=00101008213&supplier_code=00100005&order_time=2021-07-02 HTTP/1.1" 200 412
180.169.147.146 - - [02/Jul/2021:09:32:25 +0800] "GET /xingrg/all/function/internal_message.html?_=1625189547685&CODE_STATE=getMsg HTTP/1.1" 200 27
180.162.195.211 - - [02/Jul/2021:09:32:27 +0800] "GET /xingrg/all/function/internal_message.html?_=1625189550403&CODE_STATE=getMsg HTTP/1.1" 200 27
180.174.237.246 - - [02/Jul/2021:09:32:28 +0800] "GET /xingrg/check_reg.html?_=1625189520093 HTTP/1.1" 200 22
58.37.5.217 - - [02/Jul/2021:09:32:30 +0800] "GET /xingrg/all/function/internal_message.html?_=1625190083083&CODE_STATE=getMsg HTTP/1.1" 200 27
180.169.147.146 - - [02/Jul/2021:09:32:31 +0800] "GET /xingrg/all/function/internal_message.html?_=1625189556121&CODE_STATE=getMsg HTTP/1.1" 200 27
114.86.230.2 - - [02/Jul/2021:09:32:31 +0800] "GET /xingrg/kc/buy/cgsh_order_operate.html?command=get_materiel&rest_code=00109&code=00101008313&supplier_code=00100005&order_time=2021-07-02 HTTP/1.1" 200 412
116.235.222.38 - - [02/Jul/2021:09:32:33 +0800] "GET /xingrg/all/function/internal_message.html?_=1625189546530&CODE_STATE=getMsg HTTP/1.1" 200 27
116.224.253.72 - - [02/Jul/2021:09:32:33 +0800] "GET /xingrg/all/function/internal_message.html?_=1625189551218&CODE_STATE=getMsg HTTP/1.1" 200 27
116.230.117.165 - - [02/Jul/2021:09:32:33 +0800] "GET /xingrg/kc/buy/cgsh_order_operate.html?command=get_materiel&rest_code=00146&code=00101016122&supplier_code=00100005&order_time=2021-07-02 HTTP/1.1" 200 395
222.70.176.145 - - [02/Jul/2021:09:32:37 +0800] "GET /xingrg/all/function/internal_message.html?_=1625189557293&CODE_STATE=getMsg HTTP/1.1" 200 27
58.40.7.146 - - [02/Jul/2021:09:32:37 +0800] "GET /xingrg/check_reg.html?_=1625189558940 HTTP/1.1" 200 22
180.157.255.9 - - [02/Jul/2021:09:32:38 +0800] "GET /xingrg/all/function/internal_message.html?_=1625189569775&CODE_STATE=getMsg HTTP/1.1" 200 27
114.86.230.2 - - [02/Jul/2021:09:32:38 +0800] "GET /xingrg/kc/buy/cgsh_order_operate.html?command=get_materiel&rest_code=00109&code=00101015062&supplier_code=00100005&order_time=2021-07-02 HTTP/1.1" 200 412
116.230.117.165 - - [02/Jul/2021:09:32:43 +0800] "POST /xingrg/kc/buy/cgsh_order_operate.html HTTP/1.1" 200 37
116.230.110.80 - - [02/Jul/2021:09:32:45 +0800] "GET /xingrg/all/function/internal_message.html?_=1625189564515&CODE_STATE=getMsg HTTP/1.1" 200 27
114.86.230.2 - - [02/Jul/2021:09:32:46 +0800] "GET /xingrg/kc/buy/cgsh_order_operate.html?command=get_materiel&rest_code=00109&code=00101008357&supplier_code=00100005&order_time=2021-07-02 HTTP/1.1" 200 408
116.230.117.165 - - [02/Jul/2021:09:32:48 +0800] "POST /xingrg/kc/buy/cgsh_order_operate.html HTTP/1.1" 200 18623
114.86.230.2 - - [02/Jul/2021:09:32:49 +0800] "POST /xingrg/kc/buy/cgsh_order_operate.html HTTP/1.1" 200 2065
180.169.147.146 - - [02/Jul/2021:09:32:50 +0800] "GET /xingrg/check_reg.html?_=1625189573569 HTTP/1.1" 200 22
180.169.147.146 - - [02/Jul/2021:09:32:50 +0800] "GET /xingrg/all/function/internal_message.html?_=1625189573574&CODE_STATE=getMsg HTTP/1.1" 200 27
114.83.223.104 - - [02/Jul/2021:09:32:50 +0800] "GET /xingrg/all/function/internal_message.html?_=1625189570315&CODE_STATE=getMsg HTTP/1.1" 200 27
114.86.230.2 - - [02/Jul/2021:09:32:54 +0800] "GET /xingrg/kc/buy/cgsh_order_operate.html?command=get_materiel&rest_code=00109&code=00101008286&supplier_code=00100005&order_time=2021-07-02 HTTP/1.1" 200 427
114.86.230.2 - - [02/Jul/2021:09:32:59 +0800] "GET /xingrg/all/function/internal_message.html?_=1625189582105&CODE_STATE=getMsg HTTP/1.1" 200 27
114.86.230.2 - - [02/Jul/2021:09:33:00 +0800] "GET /xingrg/kc/buy/cgsh_order_operate.html?command=get_materiel&rest_code=00109&code=00101008355&supplier_code=00100005&order_time=2021-07-02 HTTP/1.1" 200 408
180.174.237.246 - - [02/Jul/2021:09:33:04 +0800] "GET /xingrg/all/function/internal_message.html?_=1625189593148&CODE_STATE=getMsg HTTP/1.1" 200 27
