116.224.253.72 - - [02/Jul/2021:08:39:11 +0800] "GET /xingrg/all/function/internal_message.html?_=1625186349209&CODE_STATE=getMsg HTTP/1.1" 200 27
180.169.147.146 - - [02/Jul/2021:08:39:14 +0800] "GET /xingrg/check_reg.html?_=1625186356388 HTTP/1.1" 200 22
116.224.253.72 - - [02/Jul/2021:08:39:17 +0800] "GET /xingrg/kc/buy/cgsh_order_operate.html?command=get_materiel&rest_code=00151&code=00101012024&supplier_code=00100096&order_time=2021-07-02 HTTP/1.1" 200 427
116.230.117.165 - - [02/Jul/2021:08:39:19 +0800] "GET /xingrg/all/function/internal_message.html?_=1625186380800&CODE_STATE=getMsg HTTP/1.1" 200 27
116.224.253.72 - - [02/Jul/2021:08:39:25 +0800] "GET /xingrg/kc/buy/cgsh_order_operate.html?command=get_materiel&rest_code=00151&code=00101001075&supplier_code=00100096&order_time=2021-07-02 HTTP/1.1" 200 409
180.169.147.146 - - [02/Jul/2021:08:39:25 +0800] "GET /xingrg/all/function/internal_message.html?_=1625186366886&CODE_STATE=getMsg HTTP/1.1" 200 27
58.37.5.217 - - [02/Jul/2021:08:39:30 +0800] "GET /xingrg/all/function/internal_message.html?_=1625186902820&CODE_STATE=getMsg HTTP/1.1" 200 27
222.70.176.145 - - [02/Jul/2021:08:39:39 +0800] "GET /xingrg/all/function/internal_message.html?_=1625186379921&CODE_STATE=getMsg HTTP/1.1" 200 27
116.224.253.72 - - [02/Jul/2021:08:39:41 +0800] "GET /xingrg/all/function/internal_message.html?_=1625186377497&CODE_STATE=getMsg HTTP/1.1" 200 27
116.230.110.80 - - [02/Jul/2021:08:39:45 +0800] "GET /xingrg/all/function/internal_message.html?_=1625186385298&CODE_STATE=getMsg HTTP/1.1" 200 27
116.230.110.80 - - [02/Jul/2021:08:39:59 +0800] "GET /xingrg/check_reg.html?_=1625186398686 HTTP/1.1" 200 22
180.174.237.246 - - [02/Jul/2021:08:40:06 +0800] "GET /xingrg/all/function/internal_message.html?_=1625186377907&CODE_STATE=getMsg HTTP/1.1" 200 27
116.224.253.72 - - [02/Jul/2021:08:40:07 +0800] "GET /xingrg/kc/buy/cgsh_order_operate.html?command=get_materiel&rest_code=00151&code=00101016105&supplier_code=00100096&order_time=2021-07-02 HTTP/1.1" 200 409
58.40.7.146 - - [02/Jul/2021:08:40:08 +0800] "GET /xingrg/all/function/internal_message.html?_=1625186410295&CODE_STATE=getMsg HTTP/1.1" 200 27
116.224.253.72 - - [02/Jul/2021:08:40:11 +0800] "GET /xingrg/all/function/internal_message.html?_=1625186409208&CODE_STATE=getMsg HTTP/1.1" 200 27
180.157.255.9 - - [02/Jul/2021:08:40:15 +0800] "GET /xingrg/index.html?sysBaseUrl=http%3A%2F%2F180.169.147.146%3A18081%2Fxingrg%2F&costTime=44×tamp=1622098168715 HTTP/1.1" 302 -
180.157.255.9 - - [02/Jul/2021:08:40:15 +0800] "GET /xingrg/login.html HTTP/1.1" 200 7641
180.157.255.9 - - [02/Jul/2021:08:40:16 +0800] "GET /favicon.ico HTTP/1.1" 404 -
116.224.253.72 - - [02/Jul/2021:08:40:18 +0800] "GET /xingrg/kc/buy/cgsh_order_operate.html?command=get_materiel&rest_code=00151&code=00101006056&supplier_code=00100096&order_time=2021-07-02 HTTP/1.1" 200 415
116.230.117.165 - - [02/Jul/2021:08:40:19 +0800] "GET /xingrg/all/function/internal_message.html?_=1625186440814&CODE_STATE=getMsg HTTP/1.1" 200 27
180.169.147.146 - - [02/Jul/2021:08:40:25 +0800] "GET /xingrg/all/function/internal_message.html?_=1625186426899&CODE_STATE=getMsg HTTP/1.1" 200 27
116.224.253.72 - - [02/Jul/2021:08:40:29 +0800] "GET /xingrg/kc/buy/cgsh_order_operate.html?command=get_materiel&rest_code=00151&code=00101006131&supplier_code=00100096&order_time=2021-07-02 HTTP/1.1" 200 417
58.37.5.217 - - [02/Jul/2021:08:40:30 +0800] "GET /xingrg/all/function/internal_message.html?_=1625186962816&CODE_STATE=getMsg HTTP/1.1" 200 27
180.157.255.9 - - [02/Jul/2021:08:40:39 +0800] "POST /xingrg/login.do HTTP/1.1" 302 -
180.157.255.9 - - [02/Jul/2021:08:40:39 +0800] "GET /xingrg/index.html?sysBaseUrl=http%3A%2F%2F180.169.147.146%3A18081%2Fxingrg%2F&costTime=44×tamp=1625186439207 HTTP/1.1" 200 17179
180.157.255.9 - - [02/Jul/2021:08:40:39 +0800] "GET /favicon.ico HTTP/1.1" 404 -
180.157.255.9 - - [02/Jul/2021:08:40:39 +0800] "POST /xingrg/all/common/load_tree.html?tree=area_rest_tree_json&manage=1 HTTP/1.1" 200 351
180.157.255.9 - - [02/Jul/2021:08:40:39 +0800] "GET /xingrg/check_reg.html?_=1625186450521 HTTP/1.1" 200 22
180.157.255.9 - - [02/Jul/2021:08:40:39 +0800] "GET /xingrg/all/function/internal_message.html?_=1625186450520&CODE_STATE=count HTTP/1.1" 200 11
180.157.255.9 - - [02/Jul/2021:08:40:39 +0800] "POST /xingrg/load_menu.html HTTP/1.1" 200 5138
222.70.176.145 - - [02/Jul/2021:08:40:39 +0800] "GET /xingrg/all/function/internal_message.html?_=1625186439921&CODE_STATE=getMsg HTTP/1.1" 200 27
116.224.253.72 - - [02/Jul/2021:08:40:41 +0800] "GET /xingrg/all/function/internal_message.html?_=1625186437509&CODE_STATE=getMsg HTTP/1.1" 200 27
116.230.110.80 - - [02/Jul/2021:08:40:45 +0800] "GET /xingrg/all/function/internal_message.html?_=1625186445288&CODE_STATE=getMsg HTTP/1.1" 200 27
116.224.253.72 - - [02/Jul/2021:08:40:48 +0800] "GET /xingrg/kc/buy/cgsh_order_operate.html?command=get_materiel&rest_code=00151&code=00101006168&supplier_code=00100096&order_time=2021-07-02 HTTP/1.1" 200 444
116.224.253.72 - - [02/Jul/2021:08:41:01 +0800] "GET /xingrg/kc/buy/cgsh_order_operate.html?command=get_materiel&rest_code=00151&code=00101006062&supplier_code=00100096&order_time=2021-07-02 HTTP/1.1" 200 409
180.174.237.246 - - [02/Jul/2021:08:41:06 +0800] "GET /xingrg/all/function/internal_message.html?_=1625186437919&CODE_STATE=getMsg HTTP/1.1" 200 27
180.169.147.146 - - [02/Jul/2021:08:41:06 +0800] "GET /xingrg/check_reg.html?_=1625186463902 HTTP/1.1" 302 -
180.169.147.146 - - [02/Jul/2021:08:41:06 +0800] "GET /xingrg/login.html HTTP/1.1" 200 7641
180.157.255.9 - - [02/Jul/2021:08:41:07 +0800] "GET /xingrg/kc/buy/cgsh_order_list.html HTTP/1.1" 200 46943
180.157.255.9 - - [02/Jul/2021:08:41:08 +0800] "POST /xingrg/kc/buy/cgsh_list_operate.html HTTP/1.1" 200 876
58.40.7.146 - - [02/Jul/2021:08:41:08 +0800] "GET /xingrg/all/function/internal_message.html?_=1625186470266&CODE_STATE=getMsg HTTP/1.1" 200 27
116.224.253.72 - - [02/Jul/2021:08:41:09 +0800] "GET /xingrg/kc/buy/cgsh_order_operate.html?command=get_materiel&rest_code=00151&code=00101006112&supplier_code=00100096&order_time=2021-07-02 HTTP/1.1" 200 411
116.224.253.72 - - [02/Jul/2021:08:41:11 +0800] "GET /xingrg/all/function/internal_message.html?_=1625186469207&CODE_STATE=getMsg HTTP/1.1" 200 27
116.224.253.72 - - [02/Jul/2021:08:41:11 +0800] "GET /xingrg/check_reg.html?_=1625186469209 HTTP/1.1" 200 22
180.157.255.9 - - [02/Jul/2021:08:41:14 +0800] "GET /xingrg/kc/buy/cgsh_order_add.html HTTP/1.1" 200 62681
180.157.255.9 - - [02/Jul/2021:08:41:14 +0800] "GET /xingrg/words/20210701173311_words.js HTTP/1.1" 304 -
180.157.255.9 - - [02/Jul/2021:08:41:14 +0800] "POST /xingrg/kc/buy/cgsh_order_operate.html HTTP/1.1" 200 8245
180.157.255.9 - - [02/Jul/2021:08:41:14 +0800] "GET /xingrg/all/common/auto_word.html?type=employee&rest_code=00148 HTTP/1.1" 200 197
180.157.255.9 - - [02/Jul/2021:08:41:14 +0800] "GET /xingrg/all/common/auto_word.html?type=employee&rest_code=00148 HTTP/1.1" 200 197
180.157.255.9 - - [02/Jul/2021:08:41:14 +0800] "GET /xingrg/javascript/easyui/themes/default/validatebox.css HTTP/1.1" 404 1104
180.157.255.9 - - [02/Jul/2021:08:41:16 +0800] "GET /xingrg/javascript/auto/indicator.gif HTTP/1.1" 404 1066
116.230.117.165 - - [02/Jul/2021:08:41:19 +0800] "GET /xingrg/all/function/internal_message.html?_=1625186500831&CODE_STATE=getMsg HTTP/1.1" 200 27
116.224.253.72 - - [02/Jul/2021:08:41:25 +0800] "GET /xingrg/kc/buy/cgsh_order_operate.html?command=get_materiel&rest_code=00151&code=00101006013&supplier_code=00100096&order_time=2021-07-02 HTTP/1.1" 200 409
180.169.147.146 - - [02/Jul/2021:08:41:25 +0800] "GET /xingrg/all/function/internal_message.html?_=1625186486916&CODE_STATE=getMsg HTTP/1.1" 200 27
58.37.5.217 - - [02/Jul/2021:08:41:30 +0800] "GET /xingrg/all/function/internal_message.html?_=1625187022843&CODE_STATE=getMsg HTTP/1.1" 200 27
116.224.253.72 - - [02/Jul/2021:08:41:33 +0800] "GET /xingrg/kc/buy/cgsh_order_operate.html?command=get_materiel&rest_code=00151&code=00101006084&supplier_code=00100096&order_time=2021-07-02 HTTP/1.1" 200 415
180.157.255.9 - - [02/Jul/2021:08:41:33 +0800] "GET /xingrg/kc/buy/cgsh_order_operate.html?command=get_materiel&rest_code=00148&code=00101006006&supplier_code=00100010&order_time=2021-07-02 HTTP/1.1" 200 409
180.157.255.9 - - [02/Jul/2021:08:41:39 +0800] "GET /xingrg/all/function/internal_message.html?_=1625186510531&CODE_STATE=getMsg HTTP/1.1" 200 27
222.70.176.145 - - [02/Jul/2021:08:41:39 +0800] "GET /xingrg/all/function/internal_message.html?_=1625186499920&CODE_STATE=getMsg HTTP/1.1" 200 27
116.224.253.72 - - [02/Jul/2021:08:41:41 +0800] "GET /xingrg/all/function/internal_message.html?_=1625186497521&CODE_STATE=getMsg HTTP/1.1" 200 27
116.230.110.80 - - [02/Jul/2021:08:41:45 +0800] "GET /xingrg/all/function/internal_message.html?_=1625186505266&CODE_STATE=getMsg HTTP/1.1" 200 27
116.224.253.72 - - [02/Jul/2021:08:42:04 +0800] "POST /xingrg/kc/buy/cgsh_order_operate.html HTTP/1.1" 200 37
180.174.237.246 - - [02/Jul/2021:08:42:07 +0800] "GET /xingrg/all/function/internal_message.html?_=1625186498671&CODE_STATE=getMsg HTTP/1.1" 200 27
116.224.253.72 - - [02/Jul/2021:08:42:08 +0800] "POST /xingrg/kc/buy/cgsh_order_operate.html HTTP/1.1" 200 12
58.40.7.146 - - [02/Jul/2021:08:42:08 +0800] "GET /xingrg/all/function/internal_message.html?_=1625186530236&CODE_STATE=getMsg HTTP/1.1" 200 27
116.224.253.72 - - [02/Jul/2021:08:42:09 +0800] "GET /xingrg/kc/buy/cgsh_order_info.html?code=212021070200490 HTTP/1.1" 200 57225
116.224.253.72 - - [02/Jul/2021:08:42:09 +0800] "GET /xingrg/javascript/easyui/themes/default/validatebox.css HTTP/1.1" 404 1104
116.224.253.72 - - [02/Jul/2021:08:42:10 +0800] "POST /xingrg/kc/buy/cgsh_order_operate.html HTTP/1.1" 200 6598
116.224.253.72 - - [02/Jul/2021:08:42:11 +0800] "GET /xingrg/kc/print/load_data.html?order_code=212021070200490&kc_code=cgsh&condition= HTTP/1.1" 200 3023
116.224.253.72 - - [02/Jul/2021:08:42:11 +0800] "GET /xingrg/all/function/internal_message.html?_=1625186529208&CODE_STATE=getMsg HTTP/1.1" 200 27
180.169.147.146 - - [02/Jul/2021:08:42:17 +0800] "GET /favicon.ico HTTP/1.1" 404 -
116.224.253.72 - - [02/Jul/2021:08:42:17 +0800] "GET /xingrg/kc/buy/cgsh_order_add.html HTTP/1.1" 200 62329
116.224.253.72 - - [02/Jul/2021:08:42:17 +0800] "POST /xingrg/kc/buy/cgsh_order_operate.html HTTP/1.1" 200 8245
116.224.253.72 - - [02/Jul/2021:08:42:17 +0800] "GET /xingrg/javascript/easyui/themes/default/validatebox.css HTTP/1.1" 404 1104
116.230.117.165 - - [02/Jul/2021:08:42:19 +0800] "GET /xingrg/all/function/internal_message.html?_=1625186560841&CODE_STATE=getMsg HTTP/1.1" 200 27
180.169.147.146 - - [02/Jul/2021:08:42:25 +0800] "GET /xingrg/all/function/internal_message.html?_=1625186546926&CODE_STATE=getMsg HTTP/1.1" 200 27
116.224.253.72 - - [02/Jul/2021:08:42:26 +0800] "GET /xingrg/kc/buy/cgsh_order_operate.html?command=get_materiel&rest_code=00151&code=00101011005&supplier_code=00100047&order_time=2021-07-02 HTTP/1.1" 200 428
180.174.237.246 - - [02/Jul/2021:08:42:28 +0800] "GET /xingrg/check_reg.html?_=1625186520042 HTTP/1.1" 200 22
58.37.5.217 - - [02/Jul/2021:08:42:30 +0800] "GET /xingrg/all/function/internal_message.html?_=1625187082845&CODE_STATE=getMsg HTTP/1.1" 200 27
116.224.253.72 - - [02/Jul/2021:08:42:36 +0800] "GET /xingrg/kc/buy/cgsh_order_operate.html?command=get_materiel&rest_code=00151&code=00101011001&supplier_code=00100047&order_time=2021-07-02 HTTP/1.1" 200 423
58.40.7.146 - - [02/Jul/2021:08:42:37 +0800] "GET /xingrg/check_reg.html?_=1625186559098 HTTP/1.1" 200 22
180.157.255.9 - - [02/Jul/2021:08:42:39 +0800] "GET /xingrg/all/function/internal_message.html?_=1625186570526&CODE_STATE=getMsg HTTP/1.1" 200 27
222.70.176.145 - - [02/Jul/2021:08:42:39 +0800] "GET /xingrg/all/function/internal_message.html?_=1625186559947&CODE_STATE=getMsg HTTP/1.1" 200 27
222.70.176.145 - - [02/Jul/2021:08:42:39 +0800] "GET /xingrg/check_reg.html?_=1625186559949 HTTP/1.1" 200 22
116.224.253.72 - - [02/Jul/2021:08:42:41 +0800] "GET /xingrg/all/function/internal_message.html?_=1625186557535&CODE_STATE=getMsg HTTP/1.1" 200 27
116.224.253.72 - - [02/Jul/2021:08:42:44 +0800] "GET /xingrg/kc/buy/cgsh_order_operate.html?command=get_materiel&rest_code=00151&code=00101011010&supplier_code=00100047&order_time=2021-07-02 HTTP/1.1" 200 439
116.230.110.80 - - [02/Jul/2021:08:42:45 +0800] "GET /xingrg/all/function/internal_message.html?_=1625186565259&CODE_STATE=getMsg HTTP/1.1" 200 27
180.174.237.246 - - [02/Jul/2021:08:43:07 +0800] "GET /xingrg/all/function/internal_message.html?_=1625186558680&CODE_STATE=getMsg HTTP/1.1" 200 27
58.40.7.146 - - [02/Jul/2021:08:43:08 +0800] "GET /xingrg/all/function/internal_message.html?_=1625186590210&CODE_STATE=getMsg HTTP/1.1" 200 27
116.224.253.72 - - [02/Jul/2021:08:43:11 +0800] "GET /xingrg/all/function/internal_message.html?_=1625186589217&CODE_STATE=getMsg HTTP/1.1" 200 27
116.230.117.165 - - [02/Jul/2021:08:43:17 +0800] "GET /xingrg/check_reg.html?_=1625186619449 HTTP/1.1" 200 22
116.230.117.165 - - [02/Jul/2021:08:43:19 +0800] "GET /xingrg/all/function/internal_message.html?_=1625186620854&CODE_STATE=getMsg HTTP/1.1" 200 27
180.169.147.146 - - [02/Jul/2021:08:43:25 +0800] "GET /xingrg/all/function/internal_message.html?_=1625186606944&CODE_STATE=getMsg HTTP/1.1" 200 27
180.157.255.9 - - [02/Jul/2021:08:43:25 +0800] "GET /xingrg/kc/buy/cgsh_order_operate.html?command=get_materiel&rest_code=00148&code=00101006068&supplier_code=00100010&order_time=2021-07-02 HTTP/1.1" 200 409
116.224.253.72 - - [02/Jul/2021:08:43:29 +0800] "POST /xingrg/kc/buy/cgsh_order_operate.html HTTP/1.1" 200 37
58.37.5.217 - - [02/Jul/2021:08:43:30 +0800] "GET /xingrg/all/function/internal_message.html?_=1625187142836&CODE_STATE=getMsg HTTP/1.1" 200 27
58.37.5.217 - - [02/Jul/2021:08:43:30 +0800] "GET /xingrg/check_reg.html?_=1625187142839 HTTP/1.1" 200 22
116.224.253.72 - - [02/Jul/2021:08:43:32 +0800] "POST /xingrg/kc/buy/cgsh_order_operate.html HTTP/1.1" 200 12
116.224.253.72 - - [02/Jul/2021:08:43:33 +0800] "GET /xingrg/kc/buy/cgsh_order_info.html?code=212021070200491 HTTP/1.1" 200 57235
116.224.253.72 - - [02/Jul/2021:08:43:34 +0800] "GET /xingrg/javascript/easyui/themes/default/validatebox.css HTTP/1.1" 404 1104
116.224.253.72 - - [02/Jul/2021:08:43:34 +0800] "POST /xingrg/kc/buy/cgsh_order_operate.html HTTP/1.1" 200 1828
116.224.253.72 - - [02/Jul/2021:08:43:36 +0800] "GET /xingrg/kc/print/load_data.html?order_code=212021070200491&kc_code=cgsh&condition= HTTP/1.1" 200 1268
180.157.255.9 - - [02/Jul/2021:08:43:39 +0800] "GET /xingrg/all/function/internal_message.html?_=1625186630531&CODE_STATE=getMsg HTTP/1.1" 200 27
222.70.176.145 - - [02/Jul/2021:08:43:39 +0800] "GET /xingrg/all/function/internal_message.html?_=1625186619948&CODE_STATE=getMsg HTTP/1.1" 200 27
116.224.253.72 - - [02/Jul/2021:08:43:41 +0800] "GET /xingrg/check_reg.html?_=1625186617478 HTTP/1.1" 200 22
116.224.253.72 - - [02/Jul/2021:08:43:41 +0800] "GET /xingrg/all/function/internal_message.html?_=1625186617550&CODE_STATE=getMsg HTTP/1.1" 200 27
116.230.110.80 - - [02/Jul/2021:08:43:45 +0800] "GET /xingrg/all/function/internal_message.html?_=1625186625246&CODE_STATE=getMsg HTTP/1.1" 200 27
180.174.237.246 - - [02/Jul/2021:08:43:54 +0800] "GET /favicon.ico HTTP/1.1" 404 -
116.235.95.53 - - [02/Jul/2021:08:44:03 +0800] "GET /xingrg/login.html HTTP/1.1" 200 7641
116.235.95.53 - - [02/Jul/2021:08:44:03 +0800] "GET /favicon.ico HTTP/1.1" 404 -
180.174.237.246 - - [02/Jul/2021:08:44:07 +0800] "GET /xingrg/all/function/internal_message.html?_=1625186618694&CODE_STATE=getMsg HTTP/1.1" 200 27
58.40.7.146 - - [02/Jul/2021:08:44:08 +0800] "GET /xingrg/all/function/internal_message.html?_=1625186650180&CODE_STATE=getMsg HTTP/1.1" 200 27
116.224.253.72 - - [02/Jul/2021:08:44:11 +0800] "GET /xingrg/all/function/internal_message.html?_=1625186649219&CODE_STATE=getMsg HTTP/1.1" 200 27
116.235.95.53 - - [02/Jul/2021:08:44:14 +0800] "POST /xingrg/login.do HTTP/1.1" 302 -
116.235.95.53 - - [02/Jul/2021:08:44:14 +0800] "GET /xingrg/index.html?sysBaseUrl=http%3A%2F%2F180.169.147.146%3A18081%2Fxingrg%2F&costTime=45×tamp=1625186654464 HTTP/1.1" 200 17179
180.169.147.146 - - [02/Jul/2021:08:44:14 +0800] "GET /xingrg/check_reg.html?_=1625186656393 HTTP/1.1" 200 22
116.235.95.53 - - [02/Jul/2021:08:44:14 +0800] "POST /xingrg/all/common/load_tree.html?tree=area_rest_tree_json&manage=1 HTTP/1.1" 200 351
116.235.95.53 - - [02/Jul/2021:08:44:14 +0800] "GET /xingrg/all/function/internal_message.html?_=1625186751107&CODE_STATE=count HTTP/1.1" 200 11
116.235.95.53 - - [02/Jul/2021:08:44:14 +0800] "GET /xingrg/check_reg.html?_=1625186751108 HTTP/1.1" 200 22
116.235.95.53 - - [02/Jul/2021:08:44:15 +0800] "GET /favicon.ico HTTP/1.1" 404 -
116.235.95.53 - - [02/Jul/2021:08:44:15 +0800] "POST /xingrg/load_menu.html HTTP/1.1" 200 5138
116.235.95.53 - - [02/Jul/2021:08:44:16 +0800] "GET /xingrg/kc/mdqp/qqps_order_list.html HTTP/1.1" 200 9222
116.235.95.53 - - [02/Jul/2021:08:44:16 +0800] "GET /xingrg/dwr/interface/AjaxReportQueryService.js HTTP/1.1" 200 13203
116.235.95.53 - - [02/Jul/2021:08:44:16 +0800] "GET /xingrg/dwr/util.js HTTP/1.1" 304 -
116.235.95.53 - - [02/Jul/2021:08:44:16 +0800] "GET /xingrg/dwr/interface/AjaxQqpsService.js HTTP/1.1" 200 16326
116.235.95.53 - - [02/Jul/2021:08:44:16 +0800] "GET /xingrg/dwr/engine.js HTTP/1.1" 200 43631
180.157.255.9 - - [02/Jul/2021:08:44:17 +0800] "GET /xingrg/kc/buy/cgsh_order_operate.html?command=get_materiel&rest_code=00148&code=00101006055&supplier_code=00100010&order_time=2021-07-02 HTTP/1.1" 200 409
116.230.117.165 - - [02/Jul/2021:08:44:19 +0800] "GET /xingrg/all/function/internal_message.html?_=1625186680867&CODE_STATE=getMsg HTTP/1.1" 200 27
116.235.95.53 - - [02/Jul/2021:08:44:23 +0800] "GET /xingrg/kc/mdqp/qqps_order_list.html?isQuery=1&timeSelect=1&orderTime=day&startTime=2021-07-01&endTime=2021-07-02&state=all&query=%C8%B7++%B6%A8 HTTP/1.1" 200 11818
116.235.95.53 - - [02/Jul/2021:08:44:23 +0800] "GET /xingrg/dwr/interface/AjaxQqpsService.js HTTP/1.1" 200 16326
116.235.95.53 - - [02/Jul/2021:08:44:23 +0800] "GET /xingrg/dwr/interface/AjaxReportQueryService.js HTTP/1.1" 200 13203
116.235.95.53 - - [02/Jul/2021:08:44:23 +0800] "GET /xingrg/dwr/engine.js HTTP/1.1" 200 43631
180.169.147.146 - - [02/Jul/2021:08:44:25 +0800] "GET /xingrg/all/function/internal_message.html?_=1625186666953&CODE_STATE=getMsg HTTP/1.1" 200 27
116.235.95.53 - - [02/Jul/2021:08:44:29 +0800] "GET /xingrg/kc/mdqp/qqps_order_info.html?code=302021070100039 HTTP/1.1" 200 26475
116.235.95.53 - - [02/Jul/2021:08:44:29 +0800] "GET /xingrg/dwr/interface/AjaxComOrderService.js HTTP/1.1" 200 18264
116.235.95.53 - - [02/Jul/2021:08:44:29 +0800] "GET /xingrg/dwr/interface/AjaxQqpsService.js HTTP/1.1" 200 16326
116.235.95.53 - - [02/Jul/2021:08:44:29 +0800] "GET /xingrg/dwr/engine.js HTTP/1.1" 200 43631
116.235.95.53 - - [02/Jul/2021:08:44:30 +0800] "GET /xingrg/words/20210701173311_words.js HTTP/1.1" 304 -
58.37.5.217 - - [02/Jul/2021:08:44:30 +0800] "GET /xingrg/all/function/internal_message.html?_=1625187202837&CODE_STATE=getMsg HTTP/1.1" 200 27
116.235.95.53 - - [02/Jul/2021:08:44:30 +0800] "POST /xingrg/dwr/call/plaincall/AjaxQqpsService.loadMaterielItems.dwr HTTP/1.1" 200 1235
116.224.253.72 - - [02/Jul/2021:08:44:30 +0800] "GET /xingrg/kc/buy/cgsh_order_list.html HTTP/1.1" 200 46943
116.224.253.72 - - [02/Jul/2021:08:44:31 +0800] "POST /xingrg/kc/buy/cgsh_list_operate.html HTTP/1.1" 200 876
116.224.253.72 - - [02/Jul/2021:08:44:32 +0800] "GET /xingrg/kc/buy/cgsh_order_add.html HTTP/1.1" 200 62599
116.224.253.72 - - [02/Jul/2021:08:44:32 +0800] "GET /xingrg/words/20210701173311_words.js HTTP/1.1" 304 -
116.224.253.72 - - [02/Jul/2021:08:44:33 +0800] "POST /xingrg/kc/buy/cgsh_order_operate.html HTTP/1.1" 200 8245
116.224.253.72 - - [02/Jul/2021:08:44:33 +0800] "GET /xingrg/all/common/auto_word.html?type=employee&rest_code=00150 HTTP/1.1" 200 205
116.224.253.72 - - [02/Jul/2021:08:44:33 +0800] "GET /xingrg/javascript/easyui/themes/default/validatebox.css HTTP/1.1" 404 1104
116.224.253.72 - - [02/Jul/2021:08:44:33 +0800] "GET /xingrg/all/common/auto_word.html?type=employee&rest_code=00150 HTTP/1.1" 200 205
180.157.255.9 - - [02/Jul/2021:08:44:39 +0800] "GET /xingrg/all/function/internal_message.html?_=1625186690524&CODE_STATE=getMsg HTTP/1.1" 200 27
222.70.176.145 - - [02/Jul/2021:08:44:39 +0800] "GET /xingrg/all/function/internal_message.html?_=1625186679948&CODE_STATE=getMsg HTTP/1.1" 200 27
116.224.253.72 - - [02/Jul/2021:08:44:41 +0800] "GET /xingrg/all/function/internal_message.html?_=1625186677563&CODE_STATE=getMsg HTTP/1.1" 200 27
116.224.253.72 - - [02/Jul/2021:08:44:44 +0800] "GET /xingrg/kc/buy/cgsh_order_operate.html?command=get_materiel&rest_code=00150&code=00101008176&supplier_code=00100007&order_time=2021-07-02 HTTP/1.1" 200 413
180.157.255.9 - - [02/Jul/2021:08:44:44 +0800] "GET /xingrg/kc/buy/cgsh_order_operate.html?command=get_materiel&rest_code=00148&code=00101006065&supplier_code=00100010&order_time=2021-07-02 HTTP/1.1" 200 411
116.230.110.80 - - [02/Jul/2021:08:44:45 +0800] "GET /xingrg/all/function/internal_message.html?_=1625186685247&CODE_STATE=getMsg HTTP/1.1" 200 27
116.224.253.72 - - [02/Jul/2021:08:44:53 +0800] "GET /xingrg/kc/buy/cgsh_order_operate.html?command=get_materiel&rest_code=00150&code=00101008156&supplier_code=00100007&order_time=2021-07-02 HTTP/1.1" 200 414
114.86.230.2 - - [02/Jul/2021:08:44:59 +0800] "GET /favicon.ico HTTP/1.1" 404 -
116.230.110.80 - - [02/Jul/2021:08:44:59 +0800] "GET /xingrg/check_reg.html?_=1625186698671 HTTP/1.1" 200 22
116.224.253.72 - - [02/Jul/2021:08:44:59 +0800] "GET /xingrg/kc/buy/cgsh_order_operate.html?command=get_materiel&rest_code=00150&code=00101008331&supplier_code=00100007&order_time=2021-07-02 HTTP/1.1" 200 416
116.224.253.72 - - [02/Jul/2021:08:45:05 +0800] "GET /xingrg/kc/buy/cgsh_order_operate.html?command=get_materiel&rest_code=00150&code=00101008350&supplier_code=00100007&order_time=2021-07-02 HTTP/1.1" 200 408
180.174.237.246 - - [02/Jul/2021:08:45:08 +0800] "GET /xingrg/all/function/internal_message.html?_=1625186679605&CODE_STATE=getMsg HTTP/1.1" 200 27
58.40.7.146 - - [02/Jul/2021:08:45:08 +0800] "GET /xingrg/all/function/internal_message.html?_=1625186710155&CODE_STATE=getMsg HTTP/1.1" 200 27
116.224.253.72 - - [02/Jul/2021:08:45:11 +0800] "GET /xingrg/all/function/internal_message.html?_=1625186709243&CODE_STATE=getMsg HTTP/1.1" 200 27
116.235.95.53 - - [02/Jul/2021:08:45:15 +0800] "GET /xingrg/all/function/internal_message.html?_=1625186811127&CODE_STATE=getMsg HTTP/1.1" 200 27
116.230.117.165 - - [02/Jul/2021:08:45:19 +0800] "GET /xingrg/all/function/internal_message.html?_=1625186740881&CODE_STATE=getMsg HTTP/1.1" 200 27
180.169.147.146 - - [02/Jul/2021:08:45:25 +0800] "GET /xingrg/all/function/internal_message.html?_=1625186726967&CODE_STATE=getMsg HTTP/1.1" 200 27
180.157.255.9 - - [02/Jul/2021:08:45:26 +0800] "GET /xingrg/kc/buy/cgsh_order_operate.html?command=get_materiel&rest_code=00148&code=00101006130&supplier_code=00100010&order_time=2021-07-02 HTTP/1.1" 200 427
58.37.5.217 - - [02/Jul/2021:08:45:30 +0800] "GET /xingrg/all/function/internal_message.html?_=1625187262833&CODE_STATE=getMsg HTTP/1.1" 200 27
180.157.255.9 - - [02/Jul/2021:08:45:39 +0800] "GET /xingrg/check_reg.html?_=1625186750527 HTTP/1.1" 200 22
180.157.255.9 - - [02/Jul/2021:08:45:39 +0800] "GET /xingrg/all/function/internal_message.html?_=1625186750529&CODE_STATE=getMsg HTTP/1.1" 200 27
222.70.176.145 - - [02/Jul/2021:08:45:39 +0800] "GET /xingrg/all/function/internal_message.html?_=1625186739947&CODE_STATE=getMsg HTTP/1.1" 200 27
116.224.253.72 - - [02/Jul/2021:08:45:41 +0800] "GET /xingrg/all/function/internal_message.html?_=1625186737577&CODE_STATE=getMsg HTTP/1.1" 200 27
116.230.110.80 - - [02/Jul/2021:08:45:45 +0800] "GET /xingrg/all/function/internal_message.html?_=1625186745220&CODE_STATE=getMsg HTTP/1.1" 200 27
180.157.255.9 - - [02/Jul/2021:08:45:56 +0800] "GET /xingrg/kc/buy/cgsh_order_operate.html?command=get_materiel&rest_code=00148&code=00101006144&supplier_code=00100010&order_time=2021-07-02 HTTP/1.1" 200 409
180.169.147.146 - - [02/Jul/2021:08:46:06 +0800] "GET /xingrg/check_reg.html?_=1625186763914 HTTP/1.1" 302 -
180.169.147.146 - - [02/Jul/2021:08:46:06 +0800] "GET /xingrg/login.html HTTP/1.1" 200 7641
180.174.237.246 - - [02/Jul/2021:08:46:08 +0800] "GET /xingrg/all/function/internal_message.html?_=1625186739609&CODE_STATE=getMsg HTTP/1.1" 200 27
58.40.7.146 - - [02/Jul/2021:08:46:08 +0800] "GET /xingrg/all/function/internal_message.html?_=1625186770140&CODE_STATE=getMsg HTTP/1.1" 200 27
180.162.195.211 - - [02/Jul/2021:08:46:09 +0800] "GET /favicon.ico HTTP/1.1" 404 -
116.224.253.72 - - [02/Jul/2021:08:46:11 +0800] "GET /xingrg/check_reg.html?_=1625186769227 HTTP/1.1" 200 22
116.224.253.72 - - [02/Jul/2021:08:46:11 +0800] "GET /xingrg/all/function/internal_message.html?_=1625186769229&CODE_STATE=getMsg HTTP/1.1" 200 27
116.235.95.53 - - [02/Jul/2021:08:46:15 +0800] "GET /xingrg/all/function/internal_message.html?_=1625186871111&CODE_STATE=getMsg HTTP/1.1" 200 27
180.157.255.9 - - [02/Jul/2021:08:46:17 +0800] "GET /xingrg/kc/buy/cgsh_order_operate.html?command=get_materiel&rest_code=00148&code=00101006111&supplier_code=00100010&order_time=2021-07-02 HTTP/1.1" 200 409
116.230.117.165 - - [02/Jul/2021:08:46:19 +0800] "GET /xingrg/all/function/internal_message.html?_=1625186800906&CODE_STATE=getMsg HTTP/1.1" 200 27
180.169.147.146 - - [02/Jul/2021:08:46:25 +0800] "GET /xingrg/all/function/internal_message.html?_=1625186786985&CODE_STATE=getMsg HTTP/1.1" 200 27
58.37.5.217 - - [02/Jul/2021:08:46:30 +0800] "GET /xingrg/all/function/internal_message.html?_=1625187322839&CODE_STATE=getMsg HTTP/1.1" 200 27
180.157.255.9 - - [02/Jul/2021:08:46:39 +0800] "GET /xingrg/all/function/internal_message.html?_=1625186810537&CODE_STATE=getMsg HTTP/1.1" 200 27
222.70.176.145 - - [02/Jul/2021:08:46:39 +0800] "GET /xingrg/all/function/internal_message.html?_=1625186799944&CODE_STATE=getMsg HTTP/1.1" 200 27
116.224.253.72 - - [02/Jul/2021:08:46:41 +0800] "GET /xingrg/all/function/internal_message.html?_=1625186797641&CODE_STATE=getMsg HTTP/1.1" 200 27
116.224.253.72 - - [02/Jul/2021:08:46:43 +0800] "GET /xingrg/kc/buy/cgsh_order_operate.html?command=get_materiel&rest_code=00150&code=00101008610&supplier_code=00100007&order_time=2021-07-02 HTTP/1.1" 200 399
116.230.110.80 - - [02/Jul/2021:08:46:45 +0800] "GET /xingrg/all/function/internal_message.html?_=1625186805205&CODE_STATE=getMsg HTTP/1.1" 200 27
116.224.253.72 - - [02/Jul/2021:08:47:00 +0800] "GET /xingrg/kc/buy/cgsh_order_operate.html?command=get_materiel&rest_code=00150&code=00101008185&supplier_code=00100007&order_time=2021-07-02 HTTP/1.1" 200 408
58.40.7.146 - - [02/Jul/2021:08:47:08 +0800] "GET /xingrg/all/function/internal_message.html?_=1625186830127&CODE_STATE=getMsg HTTP/1.1" 200 27
180.174.237.246 - - [02/Jul/2021:08:47:09 +0800] "GET /xingrg/all/function/internal_message.html?_=1625186800353&CODE_STATE=getMsg HTTP/1.1" 200 27
116.224.253.72 - - [02/Jul/2021:08:47:09 +0800] "GET /xingrg/kc/buy/cgsh_order_operate.html?command=get_materiel&rest_code=00150&code=00101008354&supplier_code=00100007&order_time=2021-07-02 HTTP/1.1" 200 432
180.157.255.9 - - [02/Jul/2021:08:47:11 +0800] "POST /xingrg/kc/buy/cgsh_order_operate.html HTTP/1.1" 200 105
116.224.253.72 - - [02/Jul/2021:08:47:11 +0800] "GET /xingrg/all/function/internal_message.html?_=1625186829255&CODE_STATE=getMsg HTTP/1.1" 200 27
116.235.95.53 - - [02/Jul/2021:08:47:15 +0800] "GET /xingrg/all/function/internal_message.html?_=1625186931110&CODE_STATE=getMsg HTTP/1.1" 200 27
180.157.255.9 - - [02/Jul/2021:08:47:18 +0800] "POST /xingrg/kc/buy/cgsh_order_operate.html HTTP/1.1" 200 105
116.224.253.72 - - [02/Jul/2021:08:47:19 +0800] "GET /xingrg/kc/buy/cgsh_order_operate.html?command=get_materiel&rest_code=00150&code=00101008308&supplier_code=00100007&order_time=2021-07-02 HTTP/1.1" 200 420
116.230.117.165 - - [02/Jul/2021:08:47:19 +0800] "GET /xingrg/all/function/internal_message.html?_=1625186860908&CODE_STATE=getMsg HTTP/1.1" 200 27
180.169.147.146 - - [02/Jul/2021:08:47:25 +0800] "GET /xingrg/all/function/internal_message.html?_=1625186846993&CODE_STATE=getMsg HTTP/1.1" 200 27
116.224.253.72 - - [02/Jul/2021:08:47:25 +0800] "GET /xingrg/kc/buy/cgsh_order_operate.html?command=get_materiel&rest_code=00150&code=00101008026&supplier_code=00100007&order_time=2021-07-02 HTTP/1.1" 200 409
180.174.237.246 - - [02/Jul/2021:08:47:28 +0800] "GET /xingrg/check_reg.html?_=1625186820049 HTTP/1.1" 200 22
58.37.5.217 - - [02/Jul/2021:08:47:30 +0800] "GET /xingrg/all/function/internal_message.html?_=1625187382864&CODE_STATE=getMsg HTTP/1.1" 200 27
116.224.253.72 - - [02/Jul/2021:08:47:32 +0800] "GET /xingrg/kc/buy/cgsh_order_operate.html?command=get_materiel&rest_code=00150&code=00101008096&supplier_code=00100007&order_time=2021-07-02 HTTP/1.1" 200 412
116.224.253.72 - - [02/Jul/2021:08:47:37 +0800] "GET /xingrg/kc/buy/cgsh_order_operate.html?command=get_materiel&rest_code=00150&code=00101008358&supplier_code=00100007&order_time=2021-07-02 HTTP/1.1" 200 412
58.40.7.146 - - [02/Jul/2021:08:47:37 +0800] "GET /xingrg/check_reg.html?_=1625186859084 HTTP/1.1" 200 22
222.70.176.145 - - [02/Jul/2021:08:47:39 +0800] "GET /xingrg/all/function/internal_message.html?_=1625186859942&CODE_STATE=getMsg HTTP/1.1" 200 27
222.70.176.145 - - [02/Jul/2021:08:47:39 +0800] "GET /xingrg/check_reg.html?_=1625186859944 HTTP/1.1" 200 22
116.224.253.72 - - [02/Jul/2021:08:47:41 +0800] "GET /xingrg/all/function/internal_message.html?_=1625186857650&CODE_STATE=getMsg HTTP/1.1" 200 27
180.157.255.9 - - [02/Jul/2021:08:47:43 +0800] "POST /xingrg/kc/buy/cgsh_order_operate.html HTTP/1.1" 200 105
116.224.253.72 - - [02/Jul/2021:08:47:44 +0800] "GET /xingrg/kc/buy/cgsh_order_operate.html?command=get_materiel&rest_code=00150&code=00101008163&supplier_code=00100007&order_time=2021-07-02 HTTP/1.1" 200 408
116.230.110.80 - - [02/Jul/2021:08:47:45 +0800] "GET /xingrg/all/function/internal_message.html?_=1625186865192&CODE_STATE=getMsg HTTP/1.1" 200 27
116.224.253.72 - - [02/Jul/2021:08:47:50 +0800] "GET /xingrg/kc/buy/cgsh_order_operate.html?command=get_materiel&rest_code=00150&code=00101008220&supplier_code=00100007&order_time=2021-07-02 HTTP/1.1" 200 412
116.224.253.72 - - [02/Jul/2021:08:47:57 +0800] "GET /xingrg/kc/buy/cgsh_order_operate.html?command=get_materiel&rest_code=00150&code=00101008415&supplier_code=00100007&order_time=2021-07-02 HTTP/1.1" 200 417
116.224.253.72 - - [02/Jul/2021:08:48:03 +0800] "GET /xingrg/kc/buy/cgsh_order_operate.html?command=get_materiel&rest_code=00150&code=00101008141&supplier_code=00100007&order_time=2021-07-02 HTTP/1.1" 200 412
180.157.255.9 - - [02/Jul/2021:08:48:05 +0800] "GET /xingrg/kc/buy/cgsh_order_add.html HTTP/1.1" 200 62681
180.157.255.9 - - [02/Jul/2021:08:48:05 +0800] "POST /xingrg/kc/buy/cgsh_order_operate.html HTTP/1.1" 200 8245
180.157.255.9 - - [02/Jul/2021:08:48:05 +0800] "GET /xingrg/javascript/easyui/themes/default/validatebox.css HTTP/1.1" 404 1104
58.40.7.146 - - [02/Jul/2021:08:48:08 +0800] "GET /xingrg/all/function/internal_message.html?_=1625186890101&CODE_STATE=getMsg HTTP/1.1" 200 27
180.174.237.246 - - [02/Jul/2021:08:48:09 +0800] "GET /xingrg/all/function/internal_message.html?_=1625186860354&CODE_STATE=getMsg HTTP/1.1" 200 27
116.224.253.72 - - [02/Jul/2021:08:48:11 +0800] "GET /xingrg/all/function/internal_message.html?_=1625186889232&CODE_STATE=getMsg HTTP/1.1" 200 27
116.224.253.72 - - [02/Jul/2021:08:48:12 +0800] "GET /xingrg/kc/buy/cgsh_order_operate.html?command=get_materiel&rest_code=00150&code=00101008087&supplier_code=00100007&order_time=2021-07-02 HTTP/1.1" 200 412
116.235.95.53 - - [02/Jul/2021:08:48:15 +0800] "GET /xingrg/all/function/internal_message.html?_=1625186991124&CODE_STATE=getMsg HTTP/1.1" 200 27
116.230.117.165 - - [02/Jul/2021:08:48:17 +0800] "GET /xingrg/check_reg.html?_=1625186919467 HTTP/1.1" 200 22
116.230.117.165 - - [02/Jul/2021:08:48:19 +0800] "GET /xingrg/all/function/internal_message.html?_=1625186920921&CODE_STATE=getMsg HTTP/1.1" 200 27
116.224.253.72 - - [02/Jul/2021:08:48:22 +0800] "GET /xingrg/kc/buy/cgsh_order_operate.html?command=get_materiel&rest_code=00150&code=00101008144&supplier_code=00100007&order_time=2021-07-02 HTTP/1.1" 200 412
180.169.147.146 - - [02/Jul/2021:08:48:25 +0800] "GET /xingrg/all/function/internal_message.html?_=1625186907013&CODE_STATE=getMsg HTTP/1.1" 200 27
58.37.5.217 - - [02/Jul/2021:08:48:30 +0800] "GET /xingrg/check_reg.html?_=1625187442864 HTTP/1.1" 200 22
58.37.5.217 - - [02/Jul/2021:08:48:30 +0800] "GET /xingrg/all/function/internal_message.html?_=1625187442867&CODE_STATE=getMsg HTTP/1.1" 200 27
116.224.253.72 - - [02/Jul/2021:08:48:30 +0800] "GET /xingrg/kc/buy/cgsh_order_operate.html?command=get_materiel&rest_code=00150&code=00101008024&supplier_code=00100007&order_time=2021-07-02 HTTP/1.1" 200 408
116.224.253.72 - - [02/Jul/2021:08:48:36 +0800] "GET /xingrg/kc/buy/cgsh_order_operate.html?command=get_materiel&rest_code=00150&code=00101008356&supplier_code=00100007&order_time=2021-07-02 HTTP/1.1" 200 408
180.157.255.9 - - [02/Jul/2021:08:48:39 +0800] "GET /xingrg/all/function/internal_message.html?_=1625186930555&CODE_STATE=getMsg HTTP/1.1" 200 27
222.70.176.145 - - [02/Jul/2021:08:48:39 +0800] "GET /xingrg/all/function/internal_message.html?_=1625186919944&CODE_STATE=getMsg HTTP/1.1" 200 27
116.224.253.72 - - [02/Jul/2021:08:48:41 +0800] "GET /xingrg/check_reg.html?_=1625186917525 HTTP/1.1" 200 22
116.224.253.72 - - [02/Jul/2021:08:48:41 +0800] "GET /xingrg/all/function/internal_message.html?_=1625186917663&CODE_STATE=getMsg HTTP/1.1" 200 27
116.224.253.72 - - [02/Jul/2021:08:48:44 +0800] "GET /xingrg/kc/buy/cgsh_order_operate.html?command=get_materiel&rest_code=00150&code=00101008360&supplier_code=00100007&order_time=2021-07-02 HTTP/1.1" 200 412
116.230.110.80 - - [02/Jul/2021:08:48:45 +0800] "GET /xingrg/all/function/internal_message.html?_=1625186925170&CODE_STATE=getMsg HTTP/1.1" 200 27
116.224.253.72 - - [02/Jul/2021:08:48:46 +0800] "POST /xingrg/kc/buy/cgsh_order_operate.html HTTP/1.1" 200 2065
116.224.253.72 - - [02/Jul/2021:08:48:51 +0800] "GET /xingrg/kc/buy/cgsh_order_operate.html?command=get_materiel&rest_code=00150&code=00101008357&supplier_code=00100007&order_time=2021-07-02 HTTP/1.1" 200 408
116.224.253.72 - - [02/Jul/2021:08:48:58 +0800] "GET /xingrg/kc/buy/cgsh_order_operate.html?command=get_materiel&rest_code=00150&code=00101008069&supplier_code=00100007&order_time=2021-07-02 HTTP/1.1" 200 412
116.224.253.72 - - [02/Jul/2021:08:49:06 +0800] "GET /xingrg/kc/buy/cgsh_order_operate.html?command=get_materiel&rest_code=00150&code=00101008286&supplier_code=00100007&order_time=2021-07-02 HTTP/1.1" 200 427
58.40.7.146 - - [02/Jul/2021:08:49:08 +0800] "GET /xingrg/all/function/internal_message.html?_=1625186950072&CODE_STATE=getMsg HTTP/1.1" 200 27
180.174.237.246 - - [02/Jul/2021:08:49:09 +0800] "GET /xingrg/all/function/internal_message.html?_=1625186920366&CODE_STATE=getMsg HTTP/1.1" 200 27
116.224.253.72 - - [02/Jul/2021:08:49:11 +0800] "GET /xingrg/all/function/internal_message.html?_=1625186949233&CODE_STATE=getMsg HTTP/1.1" 200 27
116.224.253.72 - - [02/Jul/2021:08:49:13 +0800] "GET /xingrg/kc/buy/cgsh_order_operate.html?command=get_materiel&rest_code=00150&code=00101008036&supplier_code=00100007&order_time=2021-07-02 HTTP/1.1" 200 408
180.169.147.146 - - [02/Jul/2021:08:49:14 +0800] "GET /xingrg/check_reg.html?_=1625186956399 HTTP/1.1" 200 22
116.235.95.53 - - [02/Jul/2021:08:49:15 +0800] "GET /xingrg/check_reg.html?_=1625187051123 HTTP/1.1" 200 22
116.235.95.53 - - [02/Jul/2021:08:49:15 +0800] "GET /xingrg/all/function/internal_message.html?_=1625187051125&CODE_STATE=getMsg HTTP/1.1" 200 27
116.230.117.165 - - [02/Jul/2021:08:49:19 +0800] "GET /xingrg/all/function/internal_message.html?_=1625186980935&CODE_STATE=getMsg HTTP/1.1" 200 27
116.224.253.72 - - [02/Jul/2021:08:49:22 +0800] "POST /xingrg/kc/buy/cgsh_order_operate.html HTTP/1.1" 200 2065
180.169.147.146 - - [02/Jul/2021:08:49:25 +0800] "GET /xingrg/all/function/internal_message.html?_=1625186967022&CODE_STATE=getMsg HTTP/1.1" 200 27
116.224.253.72 - - [02/Jul/2021:08:49:29 +0800] "GET /xingrg/kc/buy/cgsh_order_operate.html?command=get_materiel&rest_code=00150&code=00101008131&supplier_code=00100007&order_time=2021-07-02 HTTP/1.1" 200 408
58.37.5.217 - - [02/Jul/2021:08:49:30 +0800] "GET /xingrg/all/function/internal_message.html?_=1625187502869&CODE_STATE=getMsg HTTP/1.1" 200 27
116.224.253.72 - - [02/Jul/2021:08:49:36 +0800] "GET /xingrg/kc/buy/cgsh_order_operate.html?command=get_materiel&rest_code=00150&code=00101008296&supplier_code=00100007&order_time=2021-07-02 HTTP/1.1" 200 435
180.157.255.9 - - [02/Jul/2021:08:49:39 +0800] "GET /xingrg/all/function/internal_message.html?_=1625186990537&CODE_STATE=getMsg HTTP/1.1" 200 27
222.70.176.145 - - [02/Jul/2021:08:49:39 +0800] "GET /xingrg/all/function/internal_message.html?_=1625186979943&CODE_STATE=getMsg HTTP/1.1" 200 27
116.224.253.72 - - [02/Jul/2021:08:49:41 +0800] "GET /xingrg/kc/buy/cgsh_order_operate.html?command=get_materiel&rest_code=00150&code=00101008318&supplier_code=00100007&order_time=2021-07-02 HTTP/1.1" 200 408
116.224.253.72 - - [02/Jul/2021:08:49:41 +0800] "GET /xingrg/all/function/internal_message.html?_=1625186977677&CODE_STATE=getMsg HTTP/1.1" 200 27
116.230.110.80 - - [02/Jul/2021:08:49:45 +0800] "GET /xingrg/all/function/internal_message.html?_=1625186985155&CODE_STATE=getMsg HTTP/1.1" 200 27
116.224.253.72 - - [02/Jul/2021:08:49:48 +0800] "GET /xingrg/kc/buy/cgsh_order_operate.html?command=get_materiel&rest_code=00150&code=00101008353&supplier_code=00100007&order_time=2021-07-02 HTTP/1.1" 200 408
116.224.253.72 - - [02/Jul/2021:08:49:55 +0800] "GET /xingrg/kc/buy/cgsh_order_operate.html?command=get_materiel&rest_code=00150&code=00101008213&supplier_code=00100007&order_time=2021-07-02 HTTP/1.1" 200 412
116.224.253.72 - - [02/Jul/2021:08:49:56 +0800] "POST /xingrg/kc/buy/cgsh_order_operate.html HTTP/1.1" 200 2065
116.230.110.80 - - [02/Jul/2021:08:49:59 +0800] "GET /xingrg/check_reg.html?_=1625186998680 HTTP/1.1" 200 22
116.224.253.72 - - [02/Jul/2021:08:50:01 +0800] "GET /xingrg/kc/buy/cgsh_order_operate.html?command=get_materiel&rest_code=00150&code=00101008221&supplier_code=00100007&order_time=2021-07-02 HTTP/1.1" 200 412
116.224.253.72 - - [02/Jul/2021:08:50:07 +0800] "GET /xingrg/kc/buy/cgsh_order_operate.html?command=get_materiel&rest_code=00150&code=00101008095&supplier_code=00100007&order_time=2021-07-02 HTTP/1.1" 200 412
58.40.7.146 - - [02/Jul/2021:08:50:08 +0800] "GET /xingrg/all/function/internal_message.html?_=1625187010043&CODE_STATE=getMsg HTTP/1.1" 200 27
180.174.237.246 - - [02/Jul/2021:08:50:09 +0800] "GET /xingrg/all/function/internal_message.html?_=1625186981085&CODE_STATE=getMsg HTTP/1.1" 200 27
116.224.253.72 - - [02/Jul/2021:08:50:11 +0800] "GET /xingrg/all/function/internal_message.html?_=1625187009253&CODE_STATE=getMsg HTTP/1.1" 200 27
116.224.253.72 - - [02/Jul/2021:08:50:13 +0800] "GET /xingrg/kc/buy/cgsh_order_operate.html?command=get_materiel&rest_code=00150&code=00101008110&supplier_code=00100007&order_time=2021-07-02 HTTP/1.1" 200 408
114.83.223.104 - - [02/Jul/2021:08:50:14 +0800] "GET /favicon.ico HTTP/1.1" 404 -
116.235.95.53 - - [02/Jul/2021:08:50:15 +0800] "GET /xingrg/all/function/internal_message.html?_=1625187111124&CODE_STATE=getMsg HTTP/1.1" 200 27
116.224.253.72 - - [02/Jul/2021:08:50:18 +0800] "GET /xingrg/kc/buy/cgsh_order_operate.html?command=get_materiel&rest_code=00150&code=00101008283&supplier_code=00100007&order_time=2021-07-02 HTTP/1.1" 200 408
116.230.117.165 - - [02/Jul/2021:08:50:19 +0800] "GET /xingrg/all/function/internal_message.html?_=1625187040949&CODE_STATE=getMsg HTTP/1.1" 200 27
180.169.147.146 - - [02/Jul/2021:08:50:25 +0800] "GET /xingrg/all/function/internal_message.html?_=1625187027034&CODE_STATE=getMsg HTTP/1.1" 200 27
114.83.223.104 - - [02/Jul/2021:08:50:27 +0800] "GET /favicon.ico HTTP/1.1" 404 -
114.83.223.104 - - [02/Jul/2021:08:50:27 +0800] "GET /favicon.ico HTTP/1.1" 404 -
116.230.117.165 - - [02/Jul/2021:08:50:27 +0800] "POST /xingrg/services/DataTransmitService HTTP/1.1" 200 524
58.37.5.217 - - [02/Jul/2021:08:50:30 +0800] "GET /xingrg/all/function/internal_message.html?_=1625187562870&CODE_STATE=getMsg HTTP/1.1" 200 27
116.230.117.165 - - [02/Jul/2021:08:50:32 +0800] "POST /xingrg/services/DataTransmitService HTTP/1.1" 200 501
116.230.117.165 - - [02/Jul/2021:08:50:32 +0800] "POST /xingrg/services/DataTransmitService HTTP/1.1" 200 501
116.230.117.165 - - [02/Jul/2021:08:50:34 +0800] "POST /xingrg/services/DataTransmitService HTTP/1.1" 200 501
116.230.117.165 - - [02/Jul/2021:08:50:35 +0800] "POST /xingrg/services/DataTransmitService HTTP/1.1" 200 501
116.230.117.165 - - [02/Jul/2021:08:50:36 +0800] "POST /xingrg/services/DataTransmitService HTTP/1.1" 200 501
116.230.117.165 - - [02/Jul/2021:08:50:36 +0800] "POST /xingrg/services/DataTransmitService HTTP/1.1" 200 501
116.230.117.165 - - [02/Jul/2021:08:50:36 +0800] "POST /xingrg/services/DataTransmitService HTTP/1.1" 200 501
116.230.117.165 - - [02/Jul/2021:08:50:36 +0800] "POST /xingrg/services/DataTransmitService HTTP/1.1" 200 501
116.230.117.165 - - [02/Jul/2021:08:50:37 +0800] "POST /xingrg/services/DataTransmitService HTTP/1.1" 200 501
116.230.117.165 - - [02/Jul/2021:08:50:37 +0800] "POST /xingrg/services/DataTransmitService HTTP/1.1" 200 412
180.157.255.9 - - [02/Jul/2021:08:50:39 +0800] "GET /xingrg/all/function/internal_message.html?_=1625187050522&CODE_STATE=getMsg HTTP/1.1" 200 27
180.157.255.9 - - [02/Jul/2021:08:50:39 +0800] "GET /xingrg/check_reg.html?_=1625187050540 HTTP/1.1" 200 22
222.70.176.145 - - [02/Jul/2021:08:50:39 +0800] "GET /xingrg/all/function/internal_message.html?_=1625187039943&CODE_STATE=getMsg HTTP/1.1" 200 27
116.224.253.72 - - [02/Jul/2021:08:50:41 +0800] "GET /xingrg/all/function/internal_message.html?_=1625187037691&CODE_STATE=getMsg HTTP/1.1" 200 27
116.230.110.80 - - [02/Jul/2021:08:50:45 +0800] "GET /xingrg/all/function/internal_message.html?_=1625187045148&CODE_STATE=getMsg HTTP/1.1" 200 27
114.83.223.104 - - [02/Jul/2021:08:50:46 +0800] "GET /xingrg/login.html?sysBaseUrl=http%3A%2F%2F180.169.147.146%3A18081%2Fxingrg%2F&costTime=31×tamp=1615347190560 HTTP/1.1" 200 7641
114.83.223.104 - - [02/Jul/2021:08:50:46 +0800] "GET /favicon.ico HTTP/1.1" 404 -
114.83.223.104 - - [02/Jul/2021:08:50:48 +0800] "POST /xingrg/login.do HTTP/1.1" 302 -
114.83.223.104 - - [02/Jul/2021:08:50:48 +0800] "GET /xingrg/index.html?sysBaseUrl=http%3A%2F%2F180.169.147.146%3A18081%2Fxingrg%2F&costTime=56×tamp=1625187048160 HTTP/1.1" 200 17179
114.83.223.104 - - [02/Jul/2021:08:50:48 +0800] "GET /xingrg/javascript/jquery_easy_ui/themes/icon.css HTTP/1.1" 200 3949
114.83.223.104 - - [02/Jul/2021:08:50:48 +0800] "GET /xingrg/javascript/jquery-1.4.2.min.js HTTP/1.1" 200 72205
114.83.223.104 - - [02/Jul/2021:08:50:48 +0800] "GET /xingrg/css/form.css HTTP/1.1" 200 893
114.83.223.104 - - [02/Jul/2021:08:50:48 +0800] "GET /xingrg/javascript/jquery_easy_ui/jquery.easyui.min.js HTTP/1.1" 200 213662
114.83.223.104 - - [02/Jul/2021:08:50:48 +0800] "GET /xingrg/javascript/jquery_easy_ui/easyui-lang-zh_CN.js HTTP/1.1" 200 1900
114.83.223.104 - - [02/Jul/2021:08:50:48 +0800] "GET /xingrg/javascript/jquery.timers.js HTTP/1.1" 200 3532
114.83.223.104 - - [02/Jul/2021:08:50:48 +0800] "GET /xingrg/javascript/jquery_easy_ui/themes/default/easyui.css HTTP/1.1" 200 26500
114.83.223.104 - - [02/Jul/2021:08:50:48 +0800] "GET /xingrg/javascript/jquery.utils.js HTTP/1.1" 200 11805
114.83.223.104 - - [02/Jul/2021:08:50:48 +0800] "GET /xingrg/javascript/jquery.form.js HTTP/1.1" 200 23110
114.83.223.104 - - [02/Jul/2021:08:50:48 +0800] "GET /favicon.ico HTTP/1.1" 404 -
114.83.223.104 - - [02/Jul/2021:08:50:48 +0800] "GET /xingrg/javascript/jquery_easy_ui/themes/icons/settle_new.png HTTP/1.1" 200 826
114.83.223.104 - - [02/Jul/2021:08:50:48 +0800] "GET /xingrg/images/blue/navBackgound.jpg HTTP/1.1" 200 12378
114.83.223.104 - - [02/Jul/2021:08:50:48 +0800] "POST /xingrg/all/common/load_tree.html?tree=area_rest_tree_json&manage=1 HTTP/1.1" 200 351
114.83.223.104 - - [02/Jul/2021:08:50:48 +0800] "GET /xingrg/all/function/internal_message.html?_=1625187048741&CODE_STATE=count HTTP/1.1" 200 11
114.83.223.104 - - [02/Jul/2021:08:50:48 +0800] "GET /xingrg/images/blue/pingpu.png HTTP/1.1" 200 231
114.83.223.104 - - [02/Jul/2021:08:50:48 +0800] "GET /xingrg/check_reg.html?_=1625187048742 HTTP/1.1" 200 22
114.83.223.104 - - [02/Jul/2021:08:50:48 +0800] "GET /xingrg/javascript/jquery_easy_ui/themes/default/images/tabs_leftarrow.png HTTP/1.1" 200 389
114.83.223.104 - - [02/Jul/2021:08:50:48 +0800] "GET /xingrg/javascript/jquery_easy_ui/themes/default/images/tabs_rightarrow.png HTTP/1.1" 200 395
114.83.223.104 - - [02/Jul/2021:08:50:48 +0800] "GET /xingrg/javascript/jquery_easy_ui/themes/default/images/panel_tool_collapse.gif HTTP/1.1" 200 246
114.83.223.104 - - [02/Jul/2021:08:50:48 +0800] "POST /xingrg/load_menu.html HTTP/1.1" 200 5138
114.83.223.104 - - [02/Jul/2021:08:50:48 +0800] "GET /xingrg/javascript/jquery_easy_ui/themes/default/images/tree_arrows.gif HTTP/1.1" 200 1043
114.83.223.104 - - [02/Jul/2021:08:50:48 +0800] "GET /xingrg/javascript/jquery_easy_ui/themes/default/images/tree_folder_open.gif HTTP/1.1" 200 956
114.83.223.104 - - [02/Jul/2021:08:50:48 +0800] "GET /xingrg/javascript/jquery_easy_ui/themes/icons/search_new.png HTTP/1.1" 200 586
114.83.223.104 - - [02/Jul/2021:08:50:48 +0800] "GET /xingrg/javascript/jquery_easy_ui/themes/default/images/tree_folder.gif HTTP/1.1" 200 952
114.83.223.104 - - [02/Jul/2021:08:50:48 +0800] "GET /xingrg/javascript/jquery_easy_ui/themes/icons/storage_new.png HTTP/1.1" 200 853
114.83.223.104 - - [02/Jul/2021:08:50:48 +0800] "GET /xingrg/javascript/jquery_easy_ui/themes/icons/forms_new.png HTTP/1.1" 200 350
114.83.223.104 - - [02/Jul/2021:08:50:48 +0800] "GET /xingrg/javascript/jquery_easy_ui/themes/default/images/tree_file.gif HTTP/1.1" 200 118
114.83.223.104 - - [02/Jul/2021:08:50:58 +0800] "GET /xingrg/javascript/jquery_easy_ui/themes/default/images/tabs_close.gif HTTP/1.1" 200 829
114.83.223.104 - - [02/Jul/2021:08:50:58 +0800] "GET /xingrg/css/base.css HTTP/1.1" 200 2811
114.83.223.104 - - [02/Jul/2021:08:50:58 +0800] "GET /xingrg/css/site.css HTTP/1.1" 200 7541
114.83.223.104 - - [02/Jul/2021:08:50:58 +0800] "GET /xingrg/javascript/jquery_tools/datebox.css HTTP/1.1" 200 2597
114.83.223.104 - - [02/Jul/2021:08:50:58 +0800] "GET /xingrg/javascript/jquery_tools/fix.css HTTP/1.1" 200 1702
114.83.223.104 - - [02/Jul/2021:08:50:58 +0800] "GET /xingrg/javascript/easyui/themes/icon.css HTTP/1.1" 200 4483
114.83.223.104 - - [02/Jul/2021:08:50:58 +0800] "GET /xingrg/javascript/jquery_tools/table.css HTTP/1.1" 200 1032
114.83.223.104 - - [02/Jul/2021:08:50:58 +0800] "GET /xingrg/javascript/auto/jquery.autocomplete.css HTTP/1.1" 200 587
114.83.223.104 - - [02/Jul/2021:08:50:58 +0800] "GET /xingrg/javascript/jquery_tools/jquery.tools.table.js HTTP/1.1" 200 6994
114.83.223.104 - - [02/Jul/2021:08:50:58 +0800] "GET /xingrg/javascript/jquery_tools/jquery.tools.hotkey.js HTTP/1.1" 200 3242
114.83.223.104 - - [02/Jul/2021:08:50:58 +0800] "GET /xingrg/javascript/jquery_tools/list_manager.js HTTP/1.1" 200 3652
114.83.223.104 - - [02/Jul/2021:08:50:58 +0800] "GET /xingrg/javascript/jquery.cookie.js HTTP/1.1" 200 5513
114.83.223.104 - - [02/Jul/2021:08:50:58 +0800] "GET /xingrg/javascript/easyui/easyloader.js HTTP/1.1" 200 5975
114.83.223.104 - - [02/Jul/2021:08:50:58 +0800] "GET /xingrg/javascript/jquery_tools/jquery.tools.min.js HTTP/1.1" 200 138801
114.83.223.104 - - [02/Jul/2021:08:50:58 +0800] "GET /xingrg/javascript/jquery_tools/jquery.tools.extend.js HTTP/1.1" 200 15385
114.83.223.104 - - [02/Jul/2021:08:50:58 +0800] "GET /xingrg/javascript/print/LodopFuncs.js HTTP/1.1" 200 5121
114.83.223.104 - - [02/Jul/2021:08:50:58 +0800] "GET /xingrg/kc/buy/cgsh_order_list.html HTTP/1.1" 200 46943
114.83.223.104 - - [02/Jul/2021:08:50:58 +0800] "GET /xingrg/javascript/auto/jquery.autocomplete.js HTTP/1.1" 200 21624
114.83.223.104 - - [02/Jul/2021:08:50:58 +0800] "GET /xingrg/javascript/easyui/themes/default/easyui.css HTTP/1.1" 200 30432
114.83.223.104 - - [02/Jul/2021:08:50:58 +0800] "GET /xingrg/javascript/easyui/themes/icons/edit_add_new.png HTTP/1.1" 200 2997
114.83.223.104 - - [02/Jul/2021:08:50:58 +0800] "GET /xingrg/javascript/easyui/themes/icons/cance_new.png HTTP/1.1" 200 3986
114.83.223.104 - - [02/Jul/2021:08:50:58 +0800] "GET /xingrg/javascript/easyui/themes/icons/check_new.png HTTP/1.1" 200 3224
114.83.223.104 - - [02/Jul/2021:08:50:58 +0800] "GET /xingrg/javascript/easyui/themes/icons/import_new.png HTTP/1.1" 200 1247
114.83.223.104 - - [02/Jul/2021:08:50:58 +0800] "GET /xingrg/javascript/easyui/themes/icons/field_new.png HTTP/1.1" 200 1097
114.83.223.104 - - [02/Jul/2021:08:50:58 +0800] "GET /xingrg/javascript/easyui/plugins/jquery.parser.js HTTP/1.1" 200 1142
114.83.223.104 - - [02/Jul/2021:08:50:58 +0800] "GET /xingrg/images/control/ajaxLoader.gif HTTP/1.1" 200 4659
114.83.223.104 - - [02/Jul/2021:08:50:59 +0800] "POST /xingrg/kc/buy/cgsh_list_operate.html HTTP/1.1" 200 876
114.83.223.104 - - [02/Jul/2021:08:50:59 +0800] "GET /xingrg/javascript/easyui/themes/default/images/button_plain_hover.png HTTP/1.1" 200 144
114.83.223.104 - - [02/Jul/2021:08:51:01 +0800] "GET /xingrg/javascript/pic_change.js HTTP/1.1" 200 4739
114.83.223.104 - - [02/Jul/2021:08:51:01 +0800] "GET /xingrg/javascript/convert.js HTTP/1.1" 200 1239
114.83.223.104 - - [02/Jul/2021:08:51:01 +0800] "GET /xingrg/javascript/json2.js HTTP/1.1" 200 11259
114.83.223.104 - - [02/Jul/2021:08:51:01 +0800] "GET /xingrg/javascript/print/kc_print.js HTTP/1.1" 200 11415
