116.230.117.165 - - [02/Jul/2021:06:42:49 +0800] "GET /xingrg/javascript/easyui/themes/default/images/button_plain_hover.png HTTP/1.1" 304 -
116.230.117.165 - - [02/Jul/2021:06:42:50 +0800] "GET /xingrg/check_reg.html?_=1625179392032 HTTP/1.1" 302 -
116.230.117.165 - - [02/Jul/2021:06:42:50 +0800] "GET /xingrg/login.html HTTP/1.1" 200 7641
116.230.117.165 - - [02/Jul/2021:06:43:04 +0800] "POST /xingrg/kc/buy/cgsh_list_operate.html HTTP/1.1" 302 -
116.230.117.165 - - [02/Jul/2021:06:43:04 +0800] "GET /xingrg/images/blue/login_bg.png HTTP/1.1" 304 -
116.230.117.165 - - [02/Jul/2021:06:43:04 +0800] "GET /xingrg/images/blue/srbg.png HTTP/1.1" 304 -
116.230.117.165 - - [02/Jul/2021:06:43:04 +0800] "GET /xingrg/images/blue/hj.png HTTP/1.1" 304 -
116.230.117.165 - - [02/Jul/2021:06:43:04 +0800] "GET /xingrg/images/blue/login_bg.png HTTP/1.1" 304 -
120.253.135.82 - - [02/Jul/2021:06:43:08 +0800] "GET /xingrg/kc/pszx/mdps_order_operate.html?command=get_materiel&pszx_code=00101&rest_code=00147&base_code=0010250&code=00102002238 HTTP/1.1" 200 433
116.224.253.72 - - [02/Jul/2021:06:43:11 +0800] "GET /xingrg/all/function/internal_message.html?_=1625179388902&CODE_STATE=getMsg HTTP/1.1" 200 27
58.40.7.146 - - [02/Jul/2021:06:43:11 +0800] "GET /xingrg/all/function/internal_message.html?_=1625179393189&CODE_STATE=getMsg HTTP/1.1" 200 27
116.230.117.165 - - [02/Jul/2021:06:43:15 +0800] "GET /xingrg/login.html HTTP/1.1" 200 7641
116.230.117.165 - - [02/Jul/2021:06:43:15 +0800] "GET /xingrg/images/blue/jxLogo.png HTTP/1.1" 304 -
116.230.117.165 - - [02/Jul/2021:06:43:15 +0800] "GET /xingrg/images/blue/login_bg.png HTTP/1.1" 304 -
116.230.117.165 - - [02/Jul/2021:06:43:15 +0800] "GET /xingrg/images/blue/hj.png HTTP/1.1" 304 -
116.230.117.165 - - [02/Jul/2021:06:43:15 +0800] "GET /xingrg/images/blue/srbg.png HTTP/1.1" 304 -
116.230.117.165 - - [02/Jul/2021:06:43:15 +0800] "GET /favicon.ico HTTP/1.1" 404 -
116.230.117.165 - - [02/Jul/2021:06:43:17 +0800] "POST /xingrg/login.do HTTP/1.1" 302 -
116.230.117.165 - - [02/Jul/2021:06:43:17 +0800] "GET /xingrg/javascript/jquery_easy_ui/themes/icon.css HTTP/1.1" 304 -
116.230.117.165 - - [02/Jul/2021:06:43:17 +0800] "GET /xingrg/javascript/jquery_easy_ui/themes/default/easyui.css HTTP/1.1" 304 -
116.230.117.165 - - [02/Jul/2021:06:43:17 +0800] "GET /xingrg/index.html?sysBaseUrl=http%3A%2F%2F180.169.147.146%3A18081%2Fxingrg%2F&costTime=46×tamp=1625179397715 HTTP/1.1" 200 17179
116.230.117.165 - - [02/Jul/2021:06:43:17 +0800] "GET /xingrg/css/form.css HTTP/1.1" 304 -
116.230.117.165 - - [02/Jul/2021:06:43:17 +0800] "GET /xingrg/javascript/jquery_easy_ui/easyui-lang-zh_CN.js HTTP/1.1" 304 -
116.230.117.165 - - [02/Jul/2021:06:43:17 +0800] "GET /xingrg/javascript/jquery_easy_ui/jquery.easyui.min.js HTTP/1.1" 304 -
116.230.117.165 - - [02/Jul/2021:06:43:17 +0800] "GET /xingrg/javascript/jquery-1.4.2.min.js HTTP/1.1" 304 -
116.230.117.165 - - [02/Jul/2021:06:43:17 +0800] "GET /xingrg/javascript/jquery.form.js HTTP/1.1" 304 -
116.230.117.165 - - [02/Jul/2021:06:43:17 +0800] "GET /xingrg/javascript/jquery.timers.js HTTP/1.1" 304 -
116.230.117.165 - - [02/Jul/2021:06:43:17 +0800] "GET /xingrg/javascript/jquery.utils.js HTTP/1.1" 304 -
116.230.117.165 - - [02/Jul/2021:06:43:17 +0800] "GET /favicon.ico HTTP/1.1" 404 -
116.230.117.165 - - [02/Jul/2021:06:43:17 +0800] "GET /xingrg/images/blue/navBackgound.jpg HTTP/1.1" 304 -
116.230.117.165 - - [02/Jul/2021:06:43:17 +0800] "GET /xingrg/javascript/jquery_easy_ui/themes/icons/settle_new.png HTTP/1.1" 304 -
116.230.117.165 - - [02/Jul/2021:06:43:17 +0800] "GET /xingrg/images/blue/pingpu.png HTTP/1.1" 304 -
116.230.117.165 - - [02/Jul/2021:06:43:17 +0800] "POST /xingrg/all/common/load_tree.html?tree=area_rest_tree_json&manage=1 HTTP/1.1" 200 479
116.230.117.165 - - [02/Jul/2021:06:43:17 +0800] "GET /xingrg/javascript/jquery_easy_ui/themes/default/images/tabs_leftarrow.png HTTP/1.1" 304 -
116.230.117.165 - - [02/Jul/2021:06:43:17 +0800] "GET /xingrg/javascript/jquery_easy_ui/themes/default/images/tabs_rightarrow.png HTTP/1.1" 304 -
116.230.117.165 - - [02/Jul/2021:06:43:17 +0800] "GET /xingrg/javascript/jquery_easy_ui/themes/default/images/panel_tool_collapse.gif HTTP/1.1" 304 -
116.230.117.165 - - [02/Jul/2021:06:43:17 +0800] "GET /xingrg/all/function/internal_message.html?_=1625179419279&CODE_STATE=count HTTP/1.1" 200 11
116.230.117.165 - - [02/Jul/2021:06:43:17 +0800] "GET /xingrg/check_reg.html?_=1625179419280 HTTP/1.1" 200 22
116.230.117.165 - - [02/Jul/2021:06:43:17 +0800] "GET /xingrg/javascript/jquery_easy_ui/themes/default/images/tree_arrows.gif HTTP/1.1" 304 -
116.230.117.165 - - [02/Jul/2021:06:43:17 +0800] "POST /xingrg/load_menu.html HTTP/1.1" 200 5138
116.230.117.165 - - [02/Jul/2021:06:43:18 +0800] "GET /xingrg/javascript/jquery_easy_ui/themes/default/images/tree_folder_open.gif HTTP/1.1" 304 -
116.230.117.165 - - [02/Jul/2021:06:43:18 +0800] "GET /xingrg/javascript/jquery_easy_ui/themes/icons/search_new.png HTTP/1.1" 304 -
116.230.117.165 - - [02/Jul/2021:06:43:18 +0800] "GET /xingrg/javascript/jquery_easy_ui/themes/icons/storage_new.png HTTP/1.1" 304 -
116.230.117.165 - - [02/Jul/2021:06:43:18 +0800] "GET /xingrg/javascript/jquery_easy_ui/themes/default/images/tree_folder.gif HTTP/1.1" 304 -
116.230.117.165 - - [02/Jul/2021:06:43:18 +0800] "GET /xingrg/javascript/jquery_easy_ui/themes/default/images/tree_file.gif HTTP/1.1" 304 -
116.230.117.165 - - [02/Jul/2021:06:43:18 +0800] "GET /xingrg/javascript/jquery_easy_ui/themes/icons/forms_new.png HTTP/1.1" 304 -
120.253.135.82 - - [02/Jul/2021:06:43:22 +0800] "POST /xingrg/kc/pszx/mdps_order_operate.html HTTP/1.1" 200 37
120.253.135.82 - - [02/Jul/2021:06:43:22 +0800] "GET /xingrg/kc/pszx/mdps_order_info.html?code=312021070200059 HTTP/1.1" 200 23931
120.253.135.82 - - [02/Jul/2021:06:43:23 +0800] "GET /xingrg/javascript/easyui/themes/default/validatebox.css HTTP/1.1" 404 1104
120.253.135.82 - - [02/Jul/2021:06:43:23 +0800] "POST /xingrg/kc/pszx/mdps_order_operate.html HTTP/1.1" 200 5801
180.169.147.146 - - [02/Jul/2021:06:43:23 +0800] "GET /xingrg/all/function/internal_message.html?_=1625179405282&CODE_STATE=getMsg HTTP/1.1" 200 27
116.230.117.165 - - [02/Jul/2021:06:43:23 +0800] "GET /xingrg/javascript/jquery_easy_ui/themes/default/images/tabs_close.gif HTTP/1.1" 304 -
116.230.117.165 - - [02/Jul/2021:06:43:24 +0800] "GET /xingrg/css/base.css HTTP/1.1" 304 -
116.230.117.165 - - [02/Jul/2021:06:43:24 +0800] "GET /xingrg/css/site.css HTTP/1.1" 304 -
116.230.117.165 - - [02/Jul/2021:06:43:24 +0800] "GET /xingrg/javascript/jquery_tools/datebox.css HTTP/1.1" 304 -
116.230.117.165 - - [02/Jul/2021:06:43:24 +0800] "GET /xingrg/javascript/easyui/themes/default/easyui.css HTTP/1.1" 304 -
116.230.117.165 - - [02/Jul/2021:06:43:24 +0800] "GET /xingrg/javascript/easyui/themes/icon.css HTTP/1.1" 304 -
116.230.117.165 - - [02/Jul/2021:06:43:24 +0800] "GET /xingrg/javascript/auto/jquery.autocomplete.css HTTP/1.1" 304 -
116.230.117.165 - - [02/Jul/2021:06:43:24 +0800] "GET /xingrg/javascript/jquery_tools/table.css HTTP/1.1" 304 -
116.230.117.165 - - [02/Jul/2021:06:43:24 +0800] "GET /xingrg/javascript/jquery_tools/jquery.tools.hotkey.js HTTP/1.1" 304 -
116.230.117.165 - - [02/Jul/2021:06:43:24 +0800] "GET /xingrg/javascript/jquery_tools/jquery.tools.table.js HTTP/1.1" 304 -
116.230.117.165 - - [02/Jul/2021:06:43:24 +0800] "GET /xingrg/javascript/jquery_tools/list_manager.js HTTP/1.1" 304 -
116.230.117.165 - - [02/Jul/2021:06:43:24 +0800] "GET /xingrg/javascript/auto/jquery.autocomplete.js HTTP/1.1" 304 -
116.230.117.165 - - [02/Jul/2021:06:43:24 +0800] "GET /xingrg/javascript/easyui/easyloader.js HTTP/1.1" 304 -
116.230.117.165 - - [02/Jul/2021:06:43:24 +0800] "GET /xingrg/javascript/jquery_tools/jquery.tools.min.js HTTP/1.1" 304 -
116.230.117.165 - - [02/Jul/2021:06:43:24 +0800] "GET /xingrg/javascript/jquery.cookie.js HTTP/1.1" 304 -
116.230.117.165 - - [02/Jul/2021:06:43:24 +0800] "GET /xingrg/javascript/jquery_tools/jquery.tools.extend.js HTTP/1.1" 304 -
116.230.117.165 - - [02/Jul/2021:06:43:24 +0800] "GET /xingrg/javascript/print/LodopFuncs.js HTTP/1.1" 304 -
116.230.117.165 - - [02/Jul/2021:06:43:24 +0800] "GET /xingrg/kc/buy/cgsh_order_list.html HTTP/1.1" 200 46943
116.230.117.165 - - [02/Jul/2021:06:43:24 +0800] "GET /xingrg/javascript/jquery_tools/fix.css HTTP/1.1" 304 -
116.230.117.165 - - [02/Jul/2021:06:43:24 +0800] "GET /xingrg/javascript/easyui/themes/icons/edit_add_new.png HTTP/1.1" 304 -
116.230.117.165 - - [02/Jul/2021:06:43:24 +0800] "GET /xingrg/javascript/easyui/themes/icons/cance_new.png HTTP/1.1" 304 -
116.230.117.165 - - [02/Jul/2021:06:43:24 +0800] "GET /xingrg/javascript/easyui/themes/icons/check_new.png HTTP/1.1" 304 -
116.230.117.165 - - [02/Jul/2021:06:43:24 +0800] "GET /xingrg/javascript/easyui/themes/icons/field_new.png HTTP/1.1" 304 -
116.230.117.165 - - [02/Jul/2021:06:43:24 +0800] "GET /xingrg/javascript/easyui/themes/icons/import_new.png HTTP/1.1" 304 -
116.230.117.165 - - [02/Jul/2021:06:43:24 +0800] "GET /xingrg/javascript/easyui/plugins/jquery.parser.js HTTP/1.1" 304 -
116.230.117.165 - - [02/Jul/2021:06:43:24 +0800] "GET /xingrg/images/control/ajaxLoader.gif HTTP/1.1" 304 -
116.230.117.165 - - [02/Jul/2021:06:43:24 +0800] "GET /xingrg/javascript/jquery_easy_ui/themes/icons/rest.png HTTP/1.1" 304 -
116.230.117.165 - - [02/Jul/2021:06:43:24 +0800] "GET /xingrg/javascript/jquery_easy_ui/themes/icons/area.png HTTP/1.1" 304 -
120.253.135.82 - - [02/Jul/2021:06:43:24 +0800] "POST /xingrg/kc/pszx/mdps_list_operate.html HTTP/1.1" 200 5036
120.253.135.82 - - [02/Jul/2021:06:43:26 +0800] "POST /xingrg/kc/pszx/mdps_list_operate.html HTTP/1.1" 200 293
120.253.135.82 - - [02/Jul/2021:06:43:27 +0800] "GET /xingrg/kc/pszx/mdps_order_info.html?code=312021070200060 HTTP/1.1" 200 23931
120.253.135.82 - - [02/Jul/2021:06:43:28 +0800] "POST /xingrg/kc/pszx/mdps_order_operate.html HTTP/1.1" 200 2797
120.253.135.82 - - [02/Jul/2021:06:43:28 +0800] "GET /xingrg/javascript/easyui/themes/default/validatebox.css HTTP/1.1" 404 1104
120.253.135.82 - - [02/Jul/2021:06:43:31 +0800] "POST /xingrg/kc/pszx/mdps_order_operate.html HTTP/1.1" 200 37
180.174.237.246 - - [02/Jul/2021:06:43:31 +0800] "GET /xingrg/all/function/internal_message.html?_=1625179382960&CODE_STATE=getMsg HTTP/1.1" 200 27
120.253.135.82 - - [02/Jul/2021:06:43:32 +0800] "GET /xingrg/kc/pszx/mdps_order_info.html?code=312021070200060 HTTP/1.1" 200 23931
120.253.135.82 - - [02/Jul/2021:06:43:33 +0800] "GET /xingrg/javascript/easyui/themes/default/validatebox.css HTTP/1.1" 404 1104
120.253.135.82 - - [02/Jul/2021:06:43:33 +0800] "POST /xingrg/kc/pszx/mdps_order_operate.html HTTP/1.1" 200 2813
116.230.117.165 - - [02/Jul/2021:06:43:34 +0800] "GET /xingrg/javascript/jquery_tools/images/next.gif HTTP/1.1" 404 1086
116.230.117.165 - - [02/Jul/2021:06:43:34 +0800] "GET /xingrg/javascript/jquery_tools/images/prev.gif HTTP/1.1" 404 1086
120.253.135.82 - - [02/Jul/2021:06:43:35 +0800] "POST /xingrg/kc/pszx/mdps_list_operate.html HTTP/1.1" 200 5036
120.253.135.82 - - [02/Jul/2021:06:43:36 +0800] "POST /xingrg/kc/pszx/mdps_list_operate.html HTTP/1.1" 200 605
120.253.135.82 - - [02/Jul/2021:06:43:37 +0800] "GET /xingrg/kc/pszx/mdps_order_info.html?code=312021070200061 HTTP/1.1" 200 23931
120.253.135.82 - - [02/Jul/2021:06:43:38 +0800] "POST /xingrg/kc/pszx/mdps_order_operate.html HTTP/1.1" 200 5258
120.253.135.82 - - [02/Jul/2021:06:43:38 +0800] "GET /xingrg/javascript/easyui/themes/default/validatebox.css HTTP/1.1" 404 1104
222.70.176.145 - - [02/Jul/2021:06:43:39 +0800] "GET /xingrg/all/function/internal_message.html?_=1625179419705&CODE_STATE=getMsg HTTP/1.1" 200 27
120.253.135.82 - - [02/Jul/2021:06:43:41 +0800] "POST /xingrg/kc/pszx/mdps_order_operate.html HTTP/1.1" 200 37
120.253.135.82 - - [02/Jul/2021:06:43:42 +0800] "GET /xingrg/kc/pszx/mdps_order_info.html?code=312021070200061 HTTP/1.1" 200 23931
120.253.135.82 - - [02/Jul/2021:06:43:43 +0800] "GET /xingrg/javascript/easyui/themes/default/validatebox.css HTTP/1.1" 404 1104
120.253.135.82 - - [02/Jul/2021:06:43:43 +0800] "POST /xingrg/kc/pszx/mdps_order_operate.html HTTP/1.1" 200 5310
120.253.135.82 - - [02/Jul/2021:06:43:44 +0800] "GET /xingrg/all/function/internal_message.html?_=1625179208194&CODE_STATE=getMsg HTTP/1.1" 200 27
116.230.117.165 - - [02/Jul/2021:06:43:47 +0800] "POST /xingrg/kc/buy/cgsh_list_operate.html HTTP/1.1" 200 5199
116.230.110.80 - - [02/Jul/2021:06:43:47 +0800] "GET /xingrg/all/function/internal_message.html?_=1625179427084&CODE_STATE=getMsg HTTP/1.1" 200 27
116.230.117.165 - - [02/Jul/2021:06:43:54 +0800] "GET /xingrg/javascript/easyui/themes/default/images/button_plain_hover.png HTTP/1.1" 304 -
120.253.135.82 - - [02/Jul/2021:06:44:00 +0800] "GET /xingrg/kc/pszx/mdps_order_operate.html?command=get_materiel&pszx_code=00101&rest_code=00147&base_code=0010246&code=00101019362 HTTP/1.1" 200 444
116.224.253.72 - - [02/Jul/2021:06:44:11 +0800] "GET /xingrg/all/function/internal_message.html?_=1625179448903&CODE_STATE=getMsg HTTP/1.1" 200 27
58.40.7.146 - - [02/Jul/2021:06:44:11 +0800] "GET /xingrg/all/function/internal_message.html?_=1625179453160&CODE_STATE=getMsg HTTP/1.1" 200 27
180.169.147.146 - - [02/Jul/2021:06:44:14 +0800] "GET /xingrg/check_reg.html?_=1625179456260 HTTP/1.1" 200 22
116.230.117.165 - - [02/Jul/2021:06:44:17 +0800] "GET /xingrg/all/function/internal_message.html?_=1625179479288&CODE_STATE=getMsg HTTP/1.1" 200 27
116.230.117.165 - - [02/Jul/2021:06:44:17 +0800] "POST /xingrg/kc/buy/cgsh_list_operate.html HTTP/1.1" 200 4
180.169.147.146 - - [02/Jul/2021:06:44:23 +0800] "GET /xingrg/all/function/internal_message.html?_=1625179465291&CODE_STATE=getMsg HTTP/1.1" 200 27
180.174.237.246 - - [02/Jul/2021:06:44:31 +0800] "GET /xingrg/all/function/internal_message.html?_=1625179442975&CODE_STATE=getMsg HTTP/1.1" 200 27
120.253.135.82 - - [02/Jul/2021:06:44:36 +0800] "POST /xingrg/kc/pszx/mdps_order_operate.html HTTP/1.1" 200 37
120.253.135.82 - - [02/Jul/2021:06:44:37 +0800] "GET /xingrg/kc/pszx/mdps_order_info.html?code=312021070200061 HTTP/1.1" 200 23931
120.253.135.82 - - [02/Jul/2021:06:44:38 +0800] "GET /xingrg/javascript/easyui/themes/default/validatebox.css HTTP/1.1" 404 1104
120.253.135.82 - - [02/Jul/2021:06:44:38 +0800] "POST /xingrg/kc/pszx/mdps_order_operate.html HTTP/1.1" 200 4827
222.70.176.145 - - [02/Jul/2021:06:44:39 +0800] "GET /xingrg/all/function/internal_message.html?_=1625179479705&CODE_STATE=getMsg HTTP/1.1" 200 27
120.253.135.82 - - [02/Jul/2021:06:44:40 +0800] "POST /xingrg/kc/pszx/mdps_list_operate.html HTTP/1.1" 200 5036
120.253.135.82 - - [02/Jul/2021:06:44:42 +0800] "POST /xingrg/kc/pszx/mdps_list_operate.html HTTP/1.1" 200 612
120.253.135.82 - - [02/Jul/2021:06:44:44 +0800] "POST /xingrg/kc/pszx/mdps_list_operate.html HTTP/1.1" 200 428
120.253.135.82 - - [02/Jul/2021:06:44:44 +0800] "GET /xingrg/all/function/internal_message.html?_=1625179268208&CODE_STATE=getMsg HTTP/1.1" 200 27
120.253.135.82 - - [02/Jul/2021:06:44:45 +0800] "GET /xingrg/kc/pszx/mdps_order_info.html?code=312021070200062 HTTP/1.1" 200 23931
120.253.135.82 - - [02/Jul/2021:06:44:45 +0800] "GET /xingrg/javascript/easyui/themes/default/validatebox.css HTTP/1.1" 404 1104
120.253.135.82 - - [02/Jul/2021:06:44:45 +0800] "POST /xingrg/kc/pszx/mdps_order_operate.html HTTP/1.1" 200 3712
116.230.110.80 - - [02/Jul/2021:06:44:47 +0800] "GET /xingrg/all/function/internal_message.html?_=1625179487056&CODE_STATE=getMsg HTTP/1.1" 200 27
120.253.135.82 - - [02/Jul/2021:06:44:48 +0800] "POST /xingrg/kc/pszx/mdps_order_operate.html HTTP/1.1" 200 37
120.253.135.82 - - [02/Jul/2021:06:44:49 +0800] "GET /xingrg/kc/pszx/mdps_order_info.html?code=312021070200062 HTTP/1.1" 200 23931
120.253.135.82 - - [02/Jul/2021:06:44:50 +0800] "GET /xingrg/javascript/easyui/themes/default/validatebox.css HTTP/1.1" 404 1104
120.253.135.82 - - [02/Jul/2021:06:44:50 +0800] "POST /xingrg/kc/pszx/mdps_order_operate.html HTTP/1.1" 200 3742
116.230.117.165 - - [02/Jul/2021:06:44:50 +0800] "POST /xingrg/kc/buy/cgsh_list_operate.html HTTP/1.1" 200 5154
116.230.117.165 - - [02/Jul/2021:06:44:56 +0800] "POST /xingrg/services/DataTransmitService HTTP/1.1" 200 524
116.230.110.80 - - [02/Jul/2021:06:44:58 +0800] "GET /xingrg/check_reg.html?_=1625179498685 HTTP/1.1" 200 22
116.230.117.165 - - [02/Jul/2021:06:44:59 +0800] "POST /xingrg/services/DataTransmitService HTTP/1.1" 200 501
116.230.117.165 - - [02/Jul/2021:06:44:59 +0800] "POST /xingrg/services/DataTransmitService HTTP/1.1" 200 501
116.230.117.165 - - [02/Jul/2021:06:45:01 +0800] "POST /xingrg/services/DataTransmitService HTTP/1.1" 200 501
116.230.117.165 - - [02/Jul/2021:06:45:02 +0800] "POST /xingrg/services/DataTransmitService HTTP/1.1" 200 501
116.230.117.165 - - [02/Jul/2021:06:45:03 +0800] "POST /xingrg/services/DataTransmitService HTTP/1.1" 200 501
116.230.117.165 - - [02/Jul/2021:06:45:03 +0800] "POST /xingrg/services/DataTransmitService HTTP/1.1" 200 501
116.230.117.165 - - [02/Jul/2021:06:45:03 +0800] "POST /xingrg/services/DataTransmitService HTTP/1.1" 200 501
116.230.117.165 - - [02/Jul/2021:06:45:03 +0800] "POST /xingrg/services/DataTransmitService HTTP/1.1" 200 501
116.230.117.165 - - [02/Jul/2021:06:45:03 +0800] "POST /xingrg/services/DataTransmitService HTTP/1.1" 200 501
116.230.117.165 - - [02/Jul/2021:06:45:04 +0800] "POST /xingrg/services/DataTransmitService HTTP/1.1" 200 412
116.224.253.72 - - [02/Jul/2021:06:45:11 +0800] "GET /xingrg/all/function/internal_message.html?_=1625179508909&CODE_STATE=getMsg HTTP/1.1" 200 27
58.40.7.146 - - [02/Jul/2021:06:45:11 +0800] "GET /xingrg/all/function/internal_message.html?_=1625179513131&CODE_STATE=getMsg HTTP/1.1" 200 27
116.230.110.80 - - [02/Jul/2021:06:45:15 +0800] "POST /xingrg/services/DataTransmitService HTTP/1.1" 200 524
116.230.110.80 - - [02/Jul/2021:06:45:15 +0800] "POST /xingrg/services/DataTransmitService HTTP/1.1" 200 497
116.230.117.165 - - [02/Jul/2021:06:45:17 +0800] "GET /xingrg/all/function/internal_message.html?_=1625179539301&CODE_STATE=getMsg HTTP/1.1" 200 27
120.253.135.82 - - [02/Jul/2021:06:45:20 +0800] "GET /xingrg/kc/pszx/mdps_order_operate.html?command=get_materiel&pszx_code=00101&rest_code=00147&base_code=0010246&code=00101019071 HTTP/1.1" 200 456
120.253.135.82 - - [02/Jul/2021:06:45:21 +0800] "POST /xingrg/all/common/load_select.html HTTP/1.1" 200 25
120.253.135.82 - - [02/Jul/2021:06:45:23 +0800] "GET /xingrg/kc/pszx/mdps_order_operate.html?command=get_materiel_price&pszx_code=00101&rest_code=00147&base_code=0010246&code=00101019071&unit_code=00100201&order_time=2021-07-02 HTTP/1.1" 200 34
180.169.147.146 - - [02/Jul/2021:06:45:23 +0800] "GET /xingrg/all/function/internal_message.html?_=1625179525305&CODE_STATE=getMsg HTTP/1.1" 200 27
116.230.117.165 - - [02/Jul/2021:06:45:25 +0800] "POST /xingrg/kc/buy/cgsh_list_operate.html HTTP/1.1" 200 4
120.253.135.82 - - [02/Jul/2021:06:45:30 +0800] "POST /xingrg/kc/pszx/mdps_order_operate.html HTTP/1.1" 200 37
120.253.135.82 - - [02/Jul/2021:06:45:31 +0800] "GET /xingrg/kc/pszx/mdps_order_info.html?code=312021070200062 HTTP/1.1" 200 23931
180.174.237.246 - - [02/Jul/2021:06:45:31 +0800] "GET /xingrg/all/function/internal_message.html?_=1625179502987&CODE_STATE=getMsg HTTP/1.1" 200 27
120.253.135.82 - - [02/Jul/2021:06:45:31 +0800] "POST /xingrg/kc/pszx/mdps_order_operate.html HTTP/1.1" 200 3753
120.253.135.82 - - [02/Jul/2021:06:45:31 +0800] "GET /xingrg/javascript/easyui/themes/default/validatebox.css HTTP/1.1" 404 1104
120.253.135.82 - - [02/Jul/2021:06:45:32 +0800] "POST /xingrg/kc/pszx/mdps_list_operate.html HTTP/1.1" 200 5037
116.230.117.165 - - [02/Jul/2021:06:45:34 +0800] "POST /xingrg/kc/buy/cgsh_list_operate.html HTTP/1.1" 200 3871
120.253.135.82 - - [02/Jul/2021:06:45:34 +0800] "POST /xingrg/kc/pszx/mdps_list_operate.html HTTP/1.1" 200 428
120.253.135.82 - - [02/Jul/2021:06:45:36 +0800] "POST /xingrg/kc/pszx/mdps_list_operate.html HTTP/1.1" 200 598
120.253.135.82 - - [02/Jul/2021:06:45:37 +0800] "GET /xingrg/kc/pszx/mdps_order_info.html?code=312021070200063 HTTP/1.1" 200 23931
120.253.135.82 - - [02/Jul/2021:06:45:37 +0800] "GET /xingrg/javascript/easyui/themes/default/validatebox.css HTTP/1.1" 404 1104
120.253.135.82 - - [02/Jul/2021:06:45:37 +0800] "POST /xingrg/kc/pszx/mdps_order_operate.html HTTP/1.1" 200 19827
222.70.176.145 - - [02/Jul/2021:06:45:39 +0800] "GET /xingrg/all/function/internal_message.html?_=1625179539704&CODE_STATE=getMsg HTTP/1.1" 200 27
120.253.135.82 - - [02/Jul/2021:06:45:44 +0800] "GET /xingrg/all/function/internal_message.html?_=1625179328221&CODE_STATE=getMsg HTTP/1.1" 200 27
116.230.110.80 - - [02/Jul/2021:06:45:47 +0800] "GET /xingrg/all/function/internal_message.html?_=1625179547036&CODE_STATE=getMsg HTTP/1.1" 200 27
120.253.135.82 - - [02/Jul/2021:06:45:49 +0800] "POST /xingrg/kc/pszx/mdps_order_operate.html HTTP/1.1" 200 37
120.253.135.82 - - [02/Jul/2021:06:45:50 +0800] "GET /xingrg/kc/pszx/mdps_order_info.html?code=312021070200063 HTTP/1.1" 200 23931
120.253.135.82 - - [02/Jul/2021:06:45:50 +0800] "GET /xingrg/javascript/easyui/themes/default/validatebox.css HTTP/1.1" 404 1104
120.253.135.82 - - [02/Jul/2021:06:45:50 +0800] "POST /xingrg/kc/pszx/mdps_order_operate.html HTTP/1.1" 200 20099
180.169.147.146 - - [02/Jul/2021:06:46:06 +0800] "GET /xingrg/check_reg.html?_=1625179564039 HTTP/1.1" 302 -
180.169.147.146 - - [02/Jul/2021:06:46:06 +0800] "GET /xingrg/login.html HTTP/1.1" 200 7641
116.224.253.72 - - [02/Jul/2021:06:46:11 +0800] "GET /xingrg/all/function/internal_message.html?_=1625179568914&CODE_STATE=getMsg HTTP/1.1" 200 27
116.224.253.72 - - [02/Jul/2021:06:46:11 +0800] "GET /xingrg/check_reg.html?_=1625179568913 HTTP/1.1" 200 22
58.40.7.146 - - [02/Jul/2021:06:46:11 +0800] "GET /xingrg/all/function/internal_message.html?_=1625179573117&CODE_STATE=getMsg HTTP/1.1" 200 27
116.230.117.165 - - [02/Jul/2021:06:46:17 +0800] "GET /xingrg/all/function/internal_message.html?_=1625179599312&CODE_STATE=getMsg HTTP/1.1" 200 27
180.169.147.146 - - [02/Jul/2021:06:46:23 +0800] "GET /xingrg/all/function/internal_message.html?_=1625179585323&CODE_STATE=getMsg HTTP/1.1" 200 27
120.253.135.82 - - [02/Jul/2021:06:46:24 +0800] "GET /xingrg/kc/pszx/mdps_order_operate.html?command=get_materiel&pszx_code=00101&rest_code=00147&base_code=0010246&code=00101019161 HTTP/1.1" 200 434
180.174.237.246 - - [02/Jul/2021:06:46:31 +0800] "GET /xingrg/all/function/internal_message.html?_=1625179563001&CODE_STATE=getMsg HTTP/1.1" 200 27
222.70.176.145 - - [02/Jul/2021:06:46:39 +0800] "GET /xingrg/all/function/internal_message.html?_=1625179599702&CODE_STATE=getMsg HTTP/1.1" 200 27
120.253.135.82 - - [02/Jul/2021:06:46:44 +0800] "GET /xingrg/all/function/internal_message.html?_=1625179388235&CODE_STATE=getMsg HTTP/1.1" 200 27
116.230.110.80 - - [02/Jul/2021:06:46:47 +0800] "GET /xingrg/all/function/internal_message.html?_=1625179607023&CODE_STATE=getMsg HTTP/1.1" 200 27
120.253.135.82 - - [02/Jul/2021:06:46:57 +0800] "GET /xingrg/kc/pszx/mdps_order_operate.html?command=get_materiel&pszx_code=00101&rest_code=00147&base_code=0010246&code=00101019276 HTTP/1.1" 200 446
120.253.135.82 - - [02/Jul/2021:06:47:06 +0800] "POST /xingrg/kc/pszx/mdps_order_operate.html HTTP/1.1" 200 37
120.253.135.82 - - [02/Jul/2021:06:47:08 +0800] "GET /xingrg/kc/pszx/mdps_order_info.html?code=312021070200063 HTTP/1.1" 200 23931
120.253.135.82 - - [02/Jul/2021:06:47:09 +0800] "GET /xingrg/javascript/easyui/themes/default/validatebox.css HTTP/1.1" 404 1104
120.253.135.82 - - [02/Jul/2021:06:47:09 +0800] "POST /xingrg/kc/pszx/mdps_order_operate.html HTTP/1.1" 200 20104
116.224.253.72 - - [02/Jul/2021:06:47:11 +0800] "GET /xingrg/all/function/internal_message.html?_=1625179628915&CODE_STATE=getMsg HTTP/1.1" 200 27
58.40.7.146 - - [02/Jul/2021:06:47:11 +0800] "GET /xingrg/all/function/internal_message.html?_=1625179633089&CODE_STATE=getMsg HTTP/1.1" 200 27
116.230.117.165 - - [02/Jul/2021:06:47:15 +0800] "POST /xingrg/kc/buy/cgsh_list_operate.html HTTP/1.1" 200 4
116.230.117.165 - - [02/Jul/2021:06:47:19 +0800] "POST /xingrg/kc/buy/cgsh_list_operate.html HTTP/1.1" 200 876
180.169.147.146 - - [02/Jul/2021:06:47:23 +0800] "GET /xingrg/all/function/internal_message.html?_=1625179645333&CODE_STATE=getMsg HTTP/1.1" 200 27
180.174.237.246 - - [02/Jul/2021:06:47:28 +0800] "GET /xingrg/check_reg.html?_=1625179619895 HTTP/1.1" 200 22
120.253.135.82 - - [02/Jul/2021:06:47:31 +0800] "GET /xingrg/check_reg.html?_=1625179434897 HTTP/1.1" 200 22
180.174.237.246 - - [02/Jul/2021:06:47:32 +0800] "GET /xingrg/all/function/internal_message.html?_=1625179623665&CODE_STATE=getMsg HTTP/1.1" 200 27
58.40.7.146 - - [02/Jul/2021:06:47:37 +0800] "GET /xingrg/check_reg.html?_=1625179659465 HTTP/1.1" 200 22
222.70.176.145 - - [02/Jul/2021:06:47:39 +0800] "GET /xingrg/all/function/internal_message.html?_=1625179659701&CODE_STATE=getMsg HTTP/1.1" 200 27
222.70.176.145 - - [02/Jul/2021:06:47:39 +0800] "GET /xingrg/check_reg.html?_=1625179659703 HTTP/1.1" 200 22
120.253.135.82 - - [02/Jul/2021:06:47:44 +0800] "GET /xingrg/all/function/internal_message.html?_=1625179448456&CODE_STATE=getMsg HTTP/1.1" 200 27
116.230.110.80 - - [02/Jul/2021:06:47:47 +0800] "GET /xingrg/all/function/internal_message.html?_=1625179667008&CODE_STATE=getMsg HTTP/1.1" 200 27
120.253.135.82 - - [02/Jul/2021:06:48:11 +0800] "GET /xingrg/kc/pszx/mdps_order_operate.html?command=get_materiel&pszx_code=00101&rest_code=00147&base_code=0010246&code=00101019812 HTTP/1.1" 200 452
116.224.253.72 - - [02/Jul/2021:06:48:11 +0800] "GET /xingrg/all/function/internal_message.html?_=1625179688907&CODE_STATE=getMsg HTTP/1.1" 200 27
58.40.7.146 - - [02/Jul/2021:06:48:11 +0800] "GET /xingrg/all/function/internal_message.html?_=1625179693060&CODE_STATE=getMsg HTTP/1.1" 200 27
116.230.117.165 - - [02/Jul/2021:06:48:17 +0800] "GET /xingrg/all/function/internal_message.html?_=1625179719280&CODE_STATE=getMsg HTTP/1.1" 200 27
116.230.117.165 - - [02/Jul/2021:06:48:17 +0800] "GET /xingrg/check_reg.html?_=1625179719284 HTTP/1.1" 200 22
120.253.135.82 - - [02/Jul/2021:06:48:18 +0800] "POST /xingrg/all/common/load_select.html HTTP/1.1" 200 25
120.253.135.82 - - [02/Jul/2021:06:48:21 +0800] "GET /xingrg/kc/pszx/mdps_order_operate.html?command=get_materiel_price&pszx_code=00101&rest_code=00147&base_code=0010246&code=00101019090&unit_code=00100036&order_time=2021-07-02 HTTP/1.1" 200 34
180.169.147.146 - - [02/Jul/2021:06:48:23 +0800] "GET /xingrg/all/function/internal_message.html?_=1625179705350&CODE_STATE=getMsg HTTP/1.1" 200 27
180.174.237.246 - - [02/Jul/2021:06:48:32 +0800] "GET /xingrg/all/function/internal_message.html?_=1625179683667&CODE_STATE=getMsg HTTP/1.1" 200 27
120.253.135.82 - - [02/Jul/2021:06:48:33 +0800] "POST /xingrg/kc/pszx/mdps_order_operate.html HTTP/1.1" 200 37
120.253.135.82 - - [02/Jul/2021:06:48:33 +0800] "GET /xingrg/kc/pszx/mdps_order_info.html?code=312021070200063 HTTP/1.1" 200 23931
120.253.135.82 - - [02/Jul/2021:06:48:34 +0800] "GET /xingrg/javascript/easyui/themes/default/validatebox.css HTTP/1.1" 404 1104
120.253.135.82 - - [02/Jul/2021:06:48:34 +0800] "POST /xingrg/kc/pszx/mdps_order_operate.html HTTP/1.1" 200 20109
222.70.176.145 - - [02/Jul/2021:06:48:39 +0800] "GET /xingrg/all/function/internal_message.html?_=1625179719703&CODE_STATE=getMsg HTTP/1.1" 200 27
120.253.135.82 - - [02/Jul/2021:06:48:44 +0800] "GET /xingrg/all/function/internal_message.html?_=1625179508465&CODE_STATE=getMsg HTTP/1.1" 200 27
116.230.110.80 - - [02/Jul/2021:06:48:47 +0800] "GET /xingrg/all/function/internal_message.html?_=1625179726993&CODE_STATE=getMsg HTTP/1.1" 200 27
120.253.135.82 - - [02/Jul/2021:06:48:51 +0800] "POST /xingrg/all/common/load_select.html HTTP/1.1" 200 25
120.253.135.82 - - [02/Jul/2021:06:49:02 +0800] "POST /xingrg/all/common/load_select.html HTTP/1.1" 200 25
120.253.135.82 - - [02/Jul/2021:06:49:04 +0800] "GET /xingrg/kc/pszx/mdps_order_operate.html?command=get_materiel_price&pszx_code=00101&rest_code=00147&base_code=0010246&code=00101019110&unit_code=00100200&order_time=2021-07-02 HTTP/1.1" 200 33
116.224.253.72 - - [02/Jul/2021:06:49:11 +0800] "GET /xingrg/all/function/internal_message.html?_=1625179748910&CODE_STATE=getMsg HTTP/1.1" 200 27
58.40.7.146 - - [02/Jul/2021:06:49:11 +0800] "GET /xingrg/all/function/internal_message.html?_=1625179753033&CODE_STATE=getMsg HTTP/1.1" 200 27
180.169.147.146 - - [02/Jul/2021:06:49:14 +0800] "GET /xingrg/check_reg.html?_=1625179756268 HTTP/1.1" 200 22
116.230.117.165 - - [02/Jul/2021:06:49:17 +0800] "GET /xingrg/all/function/internal_message.html?_=1625179779289&CODE_STATE=getMsg HTTP/1.1" 200 27
180.169.147.146 - - [02/Jul/2021:06:49:23 +0800] "GET /xingrg/all/function/internal_message.html?_=1625179765359&CODE_STATE=getMsg HTTP/1.1" 200 27
120.253.135.82 - - [02/Jul/2021:06:49:29 +0800] "POST /xingrg/kc/pszx/mdps_order_operate.html HTTP/1.1" 200 37
120.253.135.82 - - [02/Jul/2021:06:49:30 +0800] "GET /xingrg/kc/pszx/mdps_order_info.html?code=312021070200063 HTTP/1.1" 200 23931
120.253.135.82 - - [02/Jul/2021:06:49:31 +0800] "GET /xingrg/javascript/easyui/themes/default/validatebox.css HTTP/1.1" 404 1104
120.253.135.82 - - [02/Jul/2021:06:49:31 +0800] "POST /xingrg/kc/pszx/mdps_order_operate.html HTTP/1.1" 200 20121
180.174.237.246 - - [02/Jul/2021:06:49:33 +0800] "GET /xingrg/all/function/internal_message.html?_=1625179744379&CODE_STATE=getMsg HTTP/1.1" 200 27
222.70.176.145 - - [02/Jul/2021:06:49:39 +0800] "GET /xingrg/all/function/internal_message.html?_=1625179779702&CODE_STATE=getMsg HTTP/1.1" 200 27
120.253.135.82 - - [02/Jul/2021:06:49:44 +0800] "GET /xingrg/all/function/internal_message.html?_=1625179568478&CODE_STATE=getMsg HTTP/1.1" 200 27
116.230.110.80 - - [02/Jul/2021:06:49:47 +0800] "GET /xingrg/all/function/internal_message.html?_=1625179786982&CODE_STATE=getMsg HTTP/1.1" 200 27
116.230.110.80 - - [02/Jul/2021:06:49:58 +0800] "GET /xingrg/check_reg.html?_=1625179798685 HTTP/1.1" 200 22
58.40.7.146 - - [02/Jul/2021:06:50:11 +0800] "GET /xingrg/all/function/internal_message.html?_=1625179813004&CODE_STATE=getMsg HTTP/1.1" 200 27
116.224.253.72 - - [02/Jul/2021:06:50:11 +0800] "GET /xingrg/all/function/internal_message.html?_=1625179808917&CODE_STATE=getMsg HTTP/1.1" 200 27
120.253.135.82 - - [02/Jul/2021:06:50:17 +0800] "POST /xingrg/kc/pszx/mdps_order_operate.html HTTP/1.1" 200 37
116.230.117.165 - - [02/Jul/2021:06:50:17 +0800] "GET /xingrg/all/function/internal_message.html?_=1625179839304&CODE_STATE=getMsg HTTP/1.1" 200 27
120.253.135.82 - - [02/Jul/2021:06:50:18 +0800] "GET /xingrg/kc/pszx/mdps_order_info.html?code=312021070200063 HTTP/1.1" 200 23931
120.253.135.82 - - [02/Jul/2021:06:50:19 +0800] "GET /xingrg/javascript/easyui/themes/default/validatebox.css HTTP/1.1" 404 1104
120.253.135.82 - - [02/Jul/2021:06:50:19 +0800] "POST /xingrg/kc/pszx/mdps_order_operate.html HTTP/1.1" 200 20121
120.253.135.82 - - [02/Jul/2021:06:50:20 +0800] "POST /xingrg/kc/pszx/mdps_list_operate.html HTTP/1.1" 200 5036
120.253.135.82 - - [02/Jul/2021:06:50:22 +0800] "POST /xingrg/kc/pszx/mdps_list_operate.html HTTP/1.1" 200 204
120.253.135.82 - - [02/Jul/2021:06:50:23 +0800] "GET /xingrg/kc/pszx/mdps_order_info.html?code=312021070200064 HTTP/1.1" 200 23931
180.169.147.146 - - [02/Jul/2021:06:50:23 +0800] "GET /xingrg/all/function/internal_message.html?_=1625179825374&CODE_STATE=getMsg HTTP/1.1" 200 27
120.253.135.82 - - [02/Jul/2021:06:50:24 +0800] "GET /xingrg/javascript/easyui/themes/default/validatebox.css HTTP/1.1" 404 1104
120.253.135.82 - - [02/Jul/2021:06:50:24 +0800] "POST /xingrg/kc/pszx/mdps_order_operate.html HTTP/1.1" 200 2273
120.253.135.82 - - [02/Jul/2021:06:50:26 +0800] "POST /xingrg/kc/pszx/mdps_order_operate.html HTTP/1.1" 200 37
120.253.135.82 - - [02/Jul/2021:06:50:27 +0800] "GET /xingrg/kc/pszx/mdps_order_info.html?code=312021070200064 HTTP/1.1" 200 23931
120.253.135.82 - - [02/Jul/2021:06:50:28 +0800] "GET /xingrg/javascript/easyui/themes/default/validatebox.css HTTP/1.1" 404 1104
120.253.135.82 - - [02/Jul/2021:06:50:28 +0800] "POST /xingrg/kc/pszx/mdps_order_operate.html HTTP/1.1" 200 2280
120.253.135.82 - - [02/Jul/2021:06:50:30 +0800] "POST /xingrg/kc/pszx/mdps_list_operate.html HTTP/1.1" 200 5036
120.253.135.82 - - [02/Jul/2021:06:50:31 +0800] "POST /xingrg/kc/pszx/mdps_list_operate.html HTTP/1.1" 200 517
120.253.135.82 - - [02/Jul/2021:06:50:32 +0800] "GET /xingrg/kc/pszx/mdps_order_info.html?code=312021070200065 HTTP/1.1" 200 23931
120.253.135.82 - - [02/Jul/2021:06:50:32 +0800] "GET /xingrg/javascript/easyui/themes/default/validatebox.css HTTP/1.1" 404 1104
120.253.135.82 - - [02/Jul/2021:06:50:32 +0800] "POST /xingrg/kc/pszx/mdps_order_operate.html HTTP/1.1" 200 4217
180.174.237.246 - - [02/Jul/2021:06:50:33 +0800] "GET /xingrg/all/function/internal_message.html?_=1625179804382&CODE_STATE=getMsg HTTP/1.1" 200 27
222.70.176.145 - - [02/Jul/2021:06:50:39 +0800] "GET /xingrg/all/function/internal_message.html?_=1625179839702&CODE_STATE=getMsg HTTP/1.1" 200 27
120.253.135.82 - - [02/Jul/2021:06:50:39 +0800] "POST /xingrg/kc/pszx/mdps_order_operate.html HTTP/1.1" 200 37
120.253.135.82 - - [02/Jul/2021:06:50:40 +0800] "GET /xingrg/kc/pszx/mdps_order_info.html?code=312021070200065 HTTP/1.1" 200 23931
120.253.135.82 - - [02/Jul/2021:06:50:40 +0800] "POST /xingrg/kc/pszx/mdps_order_operate.html HTTP/1.1" 200 4255
120.253.135.82 - - [02/Jul/2021:06:50:40 +0800] "GET /xingrg/javascript/easyui/themes/default/validatebox.css HTTP/1.1" 404 1104
120.253.135.82 - - [02/Jul/2021:06:50:43 +0800] "POST /xingrg/kc/pszx/mdps_list_operate.html HTTP/1.1" 200 5036
120.253.135.82 - - [02/Jul/2021:06:50:44 +0800] "GET /xingrg/all/function/internal_message.html?_=1625179628492&CODE_STATE=getMsg HTTP/1.1" 200 27
120.253.135.82 - - [02/Jul/2021:06:50:45 +0800] "POST /xingrg/kc/pszx/mdps_list_operate.html HTTP/1.1" 200 202
120.253.135.82 - - [02/Jul/2021:06:50:46 +0800] "GET /xingrg/kc/pszx/mdps_order_info.html?code=312021070200066 HTTP/1.1" 200 23931
120.253.135.82 - - [02/Jul/2021:06:50:46 +0800] "GET /xingrg/javascript/easyui/themes/default/validatebox.css HTTP/1.1" 404 1104
120.253.135.82 - - [02/Jul/2021:06:50:46 +0800] "POST /xingrg/kc/pszx/mdps_order_operate.html HTTP/1.1" 200 2277
116.230.110.80 - - [02/Jul/2021:06:50:47 +0800] "GET /xingrg/all/function/internal_message.html?_=1625179846975&CODE_STATE=getMsg HTTP/1.1" 200 27
120.253.135.82 - - [02/Jul/2021:06:50:47 +0800] "POST /xingrg/all/common/load_combo.html?type=base HTTP/1.1" 200 1075
120.253.135.82 - - [02/Jul/2021:06:50:55 +0800] "POST /xingrg/kc/pszx/mdps_order_operate.html HTTP/1.1" 200 37
120.253.135.82 - - [02/Jul/2021:06:50:55 +0800] "GET /xingrg/kc/pszx/mdps_order_info.html?code=312021070200066 HTTP/1.1" 200 23929
120.253.135.82 - - [02/Jul/2021:06:50:56 +0800] "GET /xingrg/javascript/easyui/themes/default/validatebox.css HTTP/1.1" 404 1104
120.253.135.82 - - [02/Jul/2021:06:50:56 +0800] "POST /xingrg/kc/pszx/mdps_order_operate.html HTTP/1.1" 200 2285
180.169.147.146 - - [02/Jul/2021:06:51:06 +0800] "GET /xingrg/check_reg.html?_=1625179864013 HTTP/1.1" 302 -
180.169.147.146 - - [02/Jul/2021:06:51:06 +0800] "GET /xingrg/login.html HTTP/1.1" 200 7641
120.253.135.82 - - [02/Jul/2021:06:51:06 +0800] "POST /xingrg/kc/pszx/mdps_order_operate.html HTTP/1.1" 200 37
120.253.135.82 - - [02/Jul/2021:06:51:07 +0800] "GET /xingrg/kc/pszx/mdps_order_info.html?code=312021070200066 HTTP/1.1" 200 23929
120.253.135.82 - - [02/Jul/2021:06:51:08 +0800] "GET /xingrg/javascript/easyui/themes/default/validatebox.css HTTP/1.1" 404 1104
120.253.135.82 - - [02/Jul/2021:06:51:08 +0800] "POST /xingrg/kc/pszx/mdps_order_operate.html HTTP/1.1" 200 2285
120.253.135.82 - - [02/Jul/2021:06:51:09 +0800] "POST /xingrg/kc/pszx/mdps_list_operate.html HTTP/1.1" 200 5033
58.40.7.146 - - [02/Jul/2021:06:51:11 +0800] "GET /xingrg/all/function/internal_message.html?_=1625179872975&CODE_STATE=getMsg HTTP/1.1" 200 27
116.224.253.72 - - [02/Jul/2021:06:51:11 +0800] "GET /xingrg/all/function/internal_message.html?_=1625179868921&CODE_STATE=getMsg HTTP/1.1" 200 27
116.224.253.72 - - [02/Jul/2021:06:51:11 +0800] "GET /xingrg/check_reg.html?_=1625179868923 HTTP/1.1" 200 22
120.253.135.82 - - [02/Jul/2021:06:51:11 +0800] "POST /xingrg/kc/pszx/mdps_list_operate.html HTTP/1.1" 200 197
120.253.135.82 - - [02/Jul/2021:06:51:13 +0800] "GET /xingrg/kc/pszx/mdps_order_info.html?code=312021070200067 HTTP/1.1" 200 23931
120.253.135.82 - - [02/Jul/2021:06:51:13 +0800] "GET /xingrg/javascript/easyui/themes/default/validatebox.css HTTP/1.1" 404 1104
120.253.135.82 - - [02/Jul/2021:06:51:13 +0800] "POST /xingrg/kc/pszx/mdps_order_operate.html HTTP/1.1" 200 2262
116.230.117.165 - - [02/Jul/2021:06:51:17 +0800] "GET /xingrg/all/function/internal_message.html?_=1625179899320&CODE_STATE=getMsg HTTP/1.1" 200 27
180.169.147.146 - - [02/Jul/2021:06:51:23 +0800] "GET /xingrg/all/function/internal_message.html?_=1625179885392&CODE_STATE=getMsg HTTP/1.1" 200 27
120.253.135.82 - - [02/Jul/2021:06:51:28 +0800] "POST /xingrg/kc/pszx/mdps_order_operate.html HTTP/1.1" 200 37
58.40.7.146 - - [02/Jul/2021:06:51:29 +0800] "POST /xingrg/services/DataTransmitService HTTP/1.1" 200 524
120.253.135.82 - - [02/Jul/2021:06:51:29 +0800] "GET /xingrg/kc/pszx/mdps_order_info.html?code=312021070200067 HTTP/1.1" 200 23931
120.253.135.82 - - [02/Jul/2021:06:51:29 +0800] "GET /xingrg/javascript/easyui/themes/default/validatebox.css HTTP/1.1" 404 1104
120.253.135.82 - - [02/Jul/2021:06:51:30 +0800] "POST /xingrg/kc/pszx/mdps_order_operate.html HTTP/1.1" 200 2269
120.253.135.82 - - [02/Jul/2021:06:51:31 +0800] "POST /xingrg/kc/pszx/mdps_list_operate.html HTTP/1.1" 200 5033
180.174.237.246 - - [02/Jul/2021:06:51:34 +0800] "GET /xingrg/all/function/internal_message.html?_=1625179865129&CODE_STATE=getMsg HTTP/1.1" 200 27
120.253.135.82 - - [02/Jul/2021:06:51:34 +0800] "POST /xingrg/kc/pszx/mdps_list_operate.html HTTP/1.1" 200 202
120.253.135.82 - - [02/Jul/2021:06:51:36 +0800] "POST /xingrg/kc/pszx/mdps_list_operate.html HTTP/1.1" 200 517
120.253.135.82 - - [02/Jul/2021:06:51:37 +0800] "GET /xingrg/kc/pszx/mdps_order_info.html?code=312021070200065 HTTP/1.1" 200 23931
120.253.135.82 - - [02/Jul/2021:06:51:38 +0800] "GET /xingrg/javascript/easyui/themes/default/validatebox.css HTTP/1.1" 404 1104
120.253.135.82 - - [02/Jul/2021:06:51:38 +0800] "POST /xingrg/kc/pszx/mdps_order_operate.html HTTP/1.1" 200 4255
222.70.176.145 - - [02/Jul/2021:06:51:39 +0800] "GET /xingrg/all/function/internal_message.html?_=1625179899728&CODE_STATE=getMsg HTTP/1.1" 200 27
120.253.135.82 - - [02/Jul/2021:06:51:44 +0800] "GET /xingrg/all/function/internal_message.html?_=1625179688505&CODE_STATE=getMsg HTTP/1.1" 200 27
116.230.110.80 - - [02/Jul/2021:06:51:47 +0800] "GET /xingrg/all/function/internal_message.html?_=1625179906970&CODE_STATE=getMsg HTTP/1.1" 200 27
120.253.135.82 - - [02/Jul/2021:06:52:03 +0800] "GET /xingrg/kc/pszx/mdps_order_operate.html?command=get_materiel&pszx_code=00101&rest_code=00147&base_code=0010246&code=00101013139 HTTP/1.1" 200 450
120.253.135.82 - - [02/Jul/2021:06:52:10 +0800] "POST /xingrg/kc/pszx/mdps_order_operate.html HTTP/1.1" 200 37
120.253.135.82 - - [02/Jul/2021:06:52:10 +0800] "GET /xingrg/kc/pszx/mdps_order_info.html?code=312021070200065 HTTP/1.1" 200 23931
58.40.7.146 - - [02/Jul/2021:06:52:11 +0800] "GET /xingrg/all/function/internal_message.html?_=1625179932947&CODE_STATE=getMsg HTTP/1.1" 200 27
116.224.253.72 - - [02/Jul/2021:06:52:11 +0800] "GET /xingrg/all/function/internal_message.html?_=1625179928927&CODE_STATE=getMsg HTTP/1.1" 200 27
120.253.135.82 - - [02/Jul/2021:06:52:11 +0800] "POST /xingrg/kc/pszx/mdps_order_operate.html HTTP/1.1" 200 4267
120.253.135.82 - - [02/Jul/2021:06:52:11 +0800] "GET /xingrg/javascript/easyui/themes/default/validatebox.css HTTP/1.1" 404 1104
116.230.117.165 - - [02/Jul/2021:06:52:17 +0800] "GET /xingrg/all/function/internal_message.html?_=1625179959331&CODE_STATE=getMsg HTTP/1.1" 200 27
180.169.147.146 - - [02/Jul/2021:06:52:23 +0800] "GET /xingrg/all/function/internal_message.html?_=1625179945400&CODE_STATE=getMsg HTTP/1.1" 200 27
180.174.237.246 - - [02/Jul/2021:06:52:28 +0800] "GET /xingrg/check_reg.html?_=1625179919900 HTTP/1.1" 200 22
120.253.135.82 - - [02/Jul/2021:06:52:31 +0800] "GET /xingrg/check_reg.html?_=1625179734900 HTTP/1.1" 200 22
180.174.237.246 - - [02/Jul/2021:06:52:34 +0800] "GET /xingrg/all/function/internal_message.html?_=1625179925141&CODE_STATE=getMsg HTTP/1.1" 200 27
58.40.7.146 - - [02/Jul/2021:06:52:37 +0800] "GET /xingrg/check_reg.html?_=1625179959450 HTTP/1.1" 200 22
222.70.176.145 - - [02/Jul/2021:06:52:39 +0800] "GET /xingrg/all/function/internal_message.html?_=1625179959727&CODE_STATE=getMsg HTTP/1.1" 200 27
222.70.176.145 - - [02/Jul/2021:06:52:39 +0800] "GET /xingrg/check_reg.html?_=1625179959729 HTTP/1.1" 200 22
120.253.135.82 - - [02/Jul/2021:06:52:41 +0800] "POST /xingrg/kc/pszx/mdps_order_operate.html HTTP/1.1" 200 37
120.253.135.82 - - [02/Jul/2021:06:52:42 +0800] "GET /xingrg/kc/pszx/mdps_order_info.html?code=312021070200065 HTTP/1.1" 200 23931
120.253.135.82 - - [02/Jul/2021:06:52:43 +0800] "POST /xingrg/kc/pszx/mdps_order_operate.html HTTP/1.1" 200 3781
120.253.135.82 - - [02/Jul/2021:06:52:43 +0800] "GET /xingrg/javascript/easyui/themes/default/validatebox.css HTTP/1.1" 404 1104
120.253.135.82 - - [02/Jul/2021:06:52:44 +0800] "POST /xingrg/kc/pszx/mdps_list_operate.html HTTP/1.1" 200 5033
120.253.135.82 - - [02/Jul/2021:06:52:44 +0800] "GET /xingrg/all/function/internal_message.html?_=1625179748599&CODE_STATE=getMsg HTTP/1.1" 200 27
120.253.135.82 - - [02/Jul/2021:06:52:46 +0800] "POST /xingrg/kc/pszx/mdps_list_operate.html HTTP/1.1" 200 197
120.253.135.82 - - [02/Jul/2021:06:52:46 +0800] "GET /xingrg/kc/pszx/mdps_order_info.html?code=312021070200067 HTTP/1.1" 200 23931
116.230.110.80 - - [02/Jul/2021:06:52:47 +0800] "GET /xingrg/all/function/internal_message.html?_=1625179966951&CODE_STATE=getMsg HTTP/1.1" 200 27
120.253.135.82 - - [02/Jul/2021:06:52:47 +0800] "POST /xingrg/kc/pszx/mdps_order_operate.html HTTP/1.1" 200 2269
120.253.135.82 - - [02/Jul/2021:06:52:47 +0800] "GET /xingrg/javascript/easyui/themes/default/validatebox.css HTTP/1.1" 404 1104
120.253.135.82 - - [02/Jul/2021:06:52:54 +0800] "GET /xingrg/kc/pszx/mdps_order_operate.html?command=get_materiel&pszx_code=00101&rest_code=00147&base_code=0010246&code=00101019759 HTTP/1.1" 200 405
120.253.135.82 - - [02/Jul/2021:06:53:00 +0800] "POST /xingrg/kc/pszx/mdps_order_operate.html HTTP/1.1" 200 37
120.253.135.82 - - [02/Jul/2021:06:53:00 +0800] "GET /xingrg/kc/pszx/mdps_order_info.html?code=312021070200067 HTTP/1.1" 200 23931
120.253.135.82 - - [02/Jul/2021:06:53:01 +0800] "POST /xingrg/kc/pszx/mdps_order_operate.html HTTP/1.1" 200 2751
120.253.135.82 - - [02/Jul/2021:06:53:01 +0800] "GET /xingrg/javascript/easyui/themes/default/validatebox.css HTTP/1.1" 404 1104
120.253.135.82 - - [02/Jul/2021:06:53:04 +0800] "POST /xingrg/kc/pszx/mdps_list_operate.html HTTP/1.1" 200 5034
120.253.135.82 - - [02/Jul/2021:06:53:06 +0800] "POST /xingrg/kc/pszx/mdps_list_operate.html HTTP/1.1" 200 202
120.253.135.82 - - [02/Jul/2021:06:53:07 +0800] "POST /xingrg/kc/pszx/mdps_list_operate.html HTTP/1.1" 200 445
120.253.135.82 - - [02/Jul/2021:06:53:09 +0800] "POST /xingrg/kc/pszx/mdps_list_operate.html HTTP/1.1" 200 204
58.40.7.146 - - [02/Jul/2021:06:53:11 +0800] "GET /xingrg/all/function/internal_message.html?_=1625179992920&CODE_STATE=getMsg HTTP/1.1" 200 27
116.224.253.72 - - [02/Jul/2021:06:53:11 +0800] "GET /xingrg/all/function/internal_message.html?_=1625179988927&CODE_STATE=getMsg HTTP/1.1" 200 27
116.230.117.165 - - [02/Jul/2021:06:53:17 +0800] "GET /xingrg/check_reg.html?_=1625180019287 HTTP/1.1" 200 22
116.230.117.165 - - [02/Jul/2021:06:53:17 +0800] "GET /xingrg/all/function/internal_message.html?_=1625180019345&CODE_STATE=getMsg HTTP/1.1" 200 27
180.169.147.146 - - [02/Jul/2021:06:53:23 +0800] "GET /xingrg/all/function/internal_message.html?_=1625180005418&CODE_STATE=getMsg HTTP/1.1" 200 27
180.174.237.246 - - [02/Jul/2021:06:53:34 +0800] "GET /xingrg/all/function/internal_message.html?_=1625179985156&CODE_STATE=getMsg HTTP/1.1" 200 27
120.253.135.82 - - [02/Jul/2021:06:53:34 +0800] "POST /xingrg/kc/pszx/mdps_list_operate.html HTTP/1.1" 200 272
120.253.135.82 - - [02/Jul/2021:06:53:35 +0800] "GET /xingrg/kc/pszx/mdps_order_info.html?code=312021070200067 HTTP/1.1" 200 23931
120.253.135.82 - - [02/Jul/2021:06:53:35 +0800] "GET /xingrg/javascript/easyui/themes/default/validatebox.css HTTP/1.1" 404 1104
120.253.135.82 - - [02/Jul/2021:06:53:35 +0800] "POST /xingrg/kc/pszx/mdps_order_operate.html HTTP/1.1" 200 2751
222.70.176.145 - - [02/Jul/2021:06:53:39 +0800] "GET /xingrg/all/function/internal_message.html?_=1625180019730&CODE_STATE=getMsg HTTP/1.1" 200 27
120.253.135.82 - - [02/Jul/2021:06:53:42 +0800] "GET /xingrg/kc/pszx/mdps_order_operate.html?command=get_materiel&pszx_code=00101&rest_code=00147&base_code=0010246&code=00101019085 HTTP/1.1" 200 423
120.253.135.82 - - [02/Jul/2021:06:53:44 +0800] "GET /xingrg/all/function/internal_message.html?_=1625179808659&CODE_STATE=getMsg HTTP/1.1" 200 27
116.230.110.80 - - [02/Jul/2021:06:53:47 +0800] "GET /xingrg/all/function/internal_message.html?_=1625180026947&CODE_STATE=getMsg HTTP/1.1" 200 27
120.253.135.82 - - [02/Jul/2021:06:53:48 +0800] "POST /xingrg/kc/pszx/mdps_order_operate.html HTTP/1.1" 200 37
120.253.135.82 - - [02/Jul/2021:06:53:49 +0800] "GET /xingrg/kc/pszx/mdps_order_info.html?code=312021070200067 HTTP/1.1" 200 23931
120.253.135.82 - - [02/Jul/2021:06:53:50 +0800] "GET /xingrg/javascript/easyui/themes/default/validatebox.css HTTP/1.1" 404 1104
120.253.135.82 - - [02/Jul/2021:06:53:50 +0800] "POST /xingrg/kc/pszx/mdps_order_operate.html HTTP/1.1" 200 3238
120.253.135.82 - - [02/Jul/2021:06:53:53 +0800] "POST /xingrg/kc/pszx/mdps_list_operate.html HTTP/1.1" 200 5035
120.253.135.82 - - [02/Jul/2021:06:53:57 +0800] "POST /xingrg/kc/pszx/mdps_list_operate.html HTTP/1.1" 200 293
120.253.135.82 - - [02/Jul/2021:06:53:59 +0800] "POST /xingrg/kc/pszx/mdps_list_operate.html HTTP/1.1" 200 428
120.253.135.82 - - [02/Jul/2021:06:54:01 +0800] "POST /xingrg/kc/pszx/mdps_list_operate.html HTTP/1.1" 200 598
120.253.135.82 - - [02/Jul/2021:06:54:02 +0800] "GET /xingrg/kc/pszx/mdps_order_info.html?code=312021070200063 HTTP/1.1" 200 23931
120.253.135.82 - - [02/Jul/2021:06:54:02 +0800] "GET /xingrg/javascript/easyui/themes/default/validatebox.css HTTP/1.1" 404 1104
120.253.135.82 - - [02/Jul/2021:06:54:02 +0800] "POST /xingrg/kc/pszx/mdps_order_operate.html HTTP/1.1" 200 20121
120.253.135.82 - - [02/Jul/2021:06:54:10 +0800] "POST /xingrg/kc/pszx/mdps_list_operate.html HTTP/1.1" 200 5035
58.40.7.146 - - [02/Jul/2021:06:54:11 +0800] "GET /xingrg/all/function/internal_message.html?_=1625180052890&CODE_STATE=getMsg HTTP/1.1" 200 27
116.224.253.72 - - [02/Jul/2021:06:54:11 +0800] "GET /xingrg/all/function/internal_message.html?_=1625180048932&CODE_STATE=getMsg HTTP/1.1" 200 27
120.253.135.82 - - [02/Jul/2021:06:54:13 +0800] "POST /xingrg/kc/pszx/mdps_list_operate.html HTTP/1.1" 200 204
120.253.135.82 - - [02/Jul/2021:06:54:14 +0800] "GET /xingrg/kc/pszx/mdps_order_info.html?code=312021070200064 HTTP/1.1" 200 23931
120.253.135.82 - - [02/Jul/2021:06:54:14 +0800] "GET /xingrg/javascript/easyui/themes/default/validatebox.css HTTP/1.1" 404 1104
120.253.135.82 - - [02/Jul/2021:06:54:14 +0800] "POST /xingrg/kc/pszx/mdps_order_operate.html HTTP/1.1" 200 2280
180.169.147.146 - - [02/Jul/2021:06:54:14 +0800] "GET /xingrg/check_reg.html?_=1625180056271 HTTP/1.1" 200 22
120.253.135.82 - - [02/Jul/2021:06:54:16 +0800] "POST /xingrg/all/common/load_combo.html?type=base HTTP/1.1" 200 1075
116.230.117.165 - - [02/Jul/2021:06:54:17 +0800] "GET /xingrg/all/function/internal_message.html?_=1625180079358&CODE_STATE=getMsg HTTP/1.1" 200 27
180.169.147.146 - - [02/Jul/2021:06:54:23 +0800] "GET /xingrg/all/function/internal_message.html?_=1625180065427&CODE_STATE=getMsg HTTP/1.1" 200 27
120.253.135.82 - - [02/Jul/2021:06:54:24 +0800] "GET /xingrg/kc/pszx/mdps_order_operate.html?command=get_materiel&pszx_code=00101&rest_code=00147&base_code=0010252&code=00101014073 HTTP/1.1" 200 446
120.253.135.82 - - [02/Jul/2021:06:54:26 +0800] "POST /xingrg/all/common/load_select.html HTTP/1.1" 200 25
120.253.135.82 - - [02/Jul/2021:06:54:28 +0800] "GET /xingrg/kc/pszx/mdps_order_operate.html?command=get_materiel_price&pszx_code=00101&rest_code=00147&base_code=0010252&code=00101014073&unit_code=00100121&order_time=2021-07-02 HTTP/1.1" 200 35
180.174.237.246 - - [02/Jul/2021:06:54:34 +0800] "GET /xingrg/all/function/internal_message.html?_=1625180046019&CODE_STATE=getMsg HTTP/1.1" 200 27
120.253.135.82 - - [02/Jul/2021:06:54:38 +0800] "POST /xingrg/kc/pszx/mdps_order_operate.html HTTP/1.1" 200 37
120.253.135.82 - - [02/Jul/2021:06:54:38 +0800] "GET /xingrg/kc/pszx/mdps_order_info.html?code=312021070200064 HTTP/1.1" 200 23931
222.70.176.145 - - [02/Jul/2021:06:54:39 +0800] "GET /xingrg/all/function/internal_message.html?_=1625180079729&CODE_STATE=getMsg HTTP/1.1" 200 27
120.253.135.82 - - [02/Jul/2021:06:54:39 +0800] "GET /xingrg/javascript/easyui/themes/default/validatebox.css HTTP/1.1" 404 1104
120.253.135.82 - - [02/Jul/2021:06:54:39 +0800] "POST /xingrg/kc/pszx/mdps_order_operate.html HTTP/1.1" 200 2279
120.253.135.82 - - [02/Jul/2021:06:54:41 +0800] "POST /xingrg/kc/pszx/mdps_list_operate.html HTTP/1.1" 200 5036
120.253.135.82 - - [02/Jul/2021:06:54:44 +0800] "GET /xingrg/all/function/internal_message.html?_=1625179868671&CODE_STATE=getMsg HTTP/1.1" 200 27
120.253.135.82 - - [02/Jul/2021:06:54:45 +0800] "POST /xingrg/kc/pszx/mdps_list_operate.html HTTP/1.1" 200 598
120.253.135.82 - - [02/Jul/2021:06:54:45 +0800] "GET /xingrg/kc/pszx/mdps_order_info.html?code=312021070200063 HTTP/1.1" 200 23931
120.253.135.82 - - [02/Jul/2021:06:54:46 +0800] "GET /xingrg/javascript/easyui/themes/default/validatebox.css HTTP/1.1" 404 1104
