180.174.237.246 - - [02/Jul/2021:09:15:04 +0800] "GET /xingrg/all/function/internal_message.html?_=1625188512909&CODE_STATE=getMsg HTTP/1.1" 200 27
180.162.195.211 - - [02/Jul/2021:09:15:05 +0800] "GET /xingrg/all/function/internal_message.html?_=1625188508248&CODE_STATE=getMsg HTTP/1.1" 200 27
114.83.223.104 - - [02/Jul/2021:09:15:06 +0800] "GET /xingrg/kc/print/load_config.html?kc_code=cgsh HTTP/1.1" 200 1845
114.83.223.104 - - [02/Jul/2021:09:15:07 +0800] "GET /xingrg/kc/print/load_data.html?order_code=212021070200503&kc_code=cgsh&condition= HTTP/1.1" 200 12112
58.40.7.146 - - [02/Jul/2021:09:15:07 +0800] "GET /xingrg/all/function/internal_message.html?_=1625188509372&CODE_STATE=getMsg HTTP/1.1" 200 27
180.169.147.146 - - [02/Jul/2021:09:15:08 +0800] "GET /xingrg/all/function/internal_message.html?_=1625188510411&CODE_STATE=getMsg HTTP/1.1" 200 27
101.93.222.235 - - [02/Jul/2021:09:15:08 +0800] "POST /xingrg/services/DataTransmitService HTTP/1.1" 401 565
101.93.222.235 - - [02/Jul/2021:09:15:08 +0800] "POST /xingrg/services/DataTransmitService HTTP/1.1" 200 478
101.93.222.235 - - [02/Jul/2021:09:15:08 +0800] "POST /xingrg/services/DataTransmitService HTTP/1.1" 200 1320
101.93.222.235 - - [02/Jul/2021:09:15:08 +0800] "POST /xingrg/services/DataTransmitService HTTP/1.1" 200 478
101.93.222.235 - - [02/Jul/2021:09:15:08 +0800] "POST /xingrg/services/DataTransmitService HTTP/1.1" 200 1320
101.93.222.235 - - [02/Jul/2021:09:15:08 +0800] "POST /xingrg/services/DataTransmitService HTTP/1.1" 200 524
101.93.222.235 - - [02/Jul/2021:09:15:09 +0800] "POST /xingrg/services/DataTransmitService HTTP/1.1" 200 2075
101.93.222.235 - - [02/Jul/2021:09:15:09 +0800] "POST /xingrg/services/DataTransmitService HTTP/1.1" 200 154476
116.235.95.53 - - [02/Jul/2021:09:15:15 +0800] "GET /xingrg/all/function/internal_message.html?_=1625188611111&CODE_STATE=getMsg HTTP/1.1" 200 27
116.230.117.165 - - [02/Jul/2021:09:15:16 +0800] "POST /xingrg/services/DataTransmitService HTTP/1.1" 200 524
116.224.253.72 - - [02/Jul/2021:09:15:16 +0800] "GET /xingrg/all/function/internal_message.html?_=1625188511729&CODE_STATE=getMsg HTTP/1.1" 200 27
116.230.117.165 - - [02/Jul/2021:09:15:16 +0800] "POST /xingrg/services/DataTransmitService HTTP/1.1" 200 2167
116.230.117.165 - - [02/Jul/2021:09:15:16 +0800] "POST /xingrg/services/DataTransmitService HTTP/1.1" 200 159735
180.174.237.246 - - [02/Jul/2021:09:15:17 +0800] "GET /xingrg/all/function/internal_message.html?_=1625188488702&CODE_STATE=getMsg HTTP/1.1" 200 27
116.230.117.165 - - [02/Jul/2021:09:15:19 +0800] "GET /xingrg/all/function/internal_message.html?_=1625188541305&CODE_STATE=getMsg HTTP/1.1" 200 27
222.70.176.145 - - [02/Jul/2021:09:15:22 +0800] "GET /xingrg/kc/base/wldb_order_list.html HTTP/1.1" 200 19145
222.70.176.145 - - [02/Jul/2021:09:15:22 +0800] "POST /xingrg/kc/base/wldb_list_operate.html HTTP/1.1" 200 4913
101.85.107.54 - - [02/Jul/2021:09:15:23 +0800] "GET /xingrg/all/function/internal_message.html?_=1625187955366&CODE_STATE=getMsg HTTP/1.1" 200 27
180.169.147.146 - - [02/Jul/2021:09:15:25 +0800] "GET /xingrg/all/function/internal_message.html?_=1625188527390&CODE_STATE=getMsg HTTP/1.1" 200 27
116.224.253.72 - - [02/Jul/2021:09:15:25 +0800] "GET /xingrg/kc/buy/cgsh_order_operate.html?command=get_materiel&rest_code=00151&code=00101018011&supplier_code=00100007&order_time=2021-07-02 HTTP/1.1" 200 413
58.37.5.217 - - [02/Jul/2021:09:15:30 +0800] "GET /xingrg/all/function/internal_message.html?_=1625189063004&CODE_STATE=getMsg HTTP/1.1" 200 27
116.235.222.38 - - [02/Jul/2021:09:15:33 +0800] "GET /xingrg/all/function/internal_message.html?_=1625188526503&CODE_STATE=getMsg HTTP/1.1" 200 27
116.224.253.72 - - [02/Jul/2021:09:15:33 +0800] "GET /xingrg/all/function/internal_message.html?_=1625188531175&CODE_STATE=getMsg HTTP/1.1" 200 27
116.224.253.72 - - [02/Jul/2021:09:15:35 +0800] "GET /xingrg/kc/buy/cgsh_order_operate.html?command=get_materiel&rest_code=00151&code=00101008415&supplier_code=00100007&order_time=2021-07-02 HTTP/1.1" 200 417
180.157.255.9 - - [02/Jul/2021:09:15:39 +0800] "GET /xingrg/all/function/internal_message.html?_=1625188550017&CODE_STATE=getMsg HTTP/1.1" 200 27
180.157.255.9 - - [02/Jul/2021:09:15:39 +0800] "GET /xingrg/check_reg.html?_=1625188550581 HTTP/1.1" 200 22
222.70.176.145 - - [02/Jul/2021:09:15:39 +0800] "GET /xingrg/all/function/internal_message.html?_=1625188540009&CODE_STATE=getMsg HTTP/1.1" 200 27
222.70.176.145 - - [02/Jul/2021:09:15:45 +0800] "POST /xingrg/kc/base/wldb_list_operate.html HTTP/1.1" 200 4
116.230.110.80 - - [02/Jul/2021:09:15:45 +0800] "GET /xingrg/all/function/internal_message.html?_=1625188544772&CODE_STATE=getMsg HTTP/1.1" 200 27
116.224.253.72 - - [02/Jul/2021:09:15:45 +0800] "GET /xingrg/kc/buy/cgsh_order_operate.html?command=get_materiel&rest_code=00151&code=00101012025&supplier_code=00100007&order_time=2021-07-02 HTTP/1.1" 200 432
101.93.222.235 - - [02/Jul/2021:09:15:47 +0800] "POST /xingrg/services/DataTransmitService HTTP/1.1" 200 45454
101.93.222.235 - - [02/Jul/2021:09:15:47 +0800] "POST /xingrg/services/DataTransmitService HTTP/1.1" 200 19237
222.70.176.145 - - [02/Jul/2021:09:15:47 +0800] "POST /xingrg/kc/base/wldb_list_operate.html HTTP/1.1" 200 928
114.83.223.104 - - [02/Jul/2021:09:15:48 +0800] "GET /xingrg/check_reg.html?_=1625188548834 HTTP/1.1" 200 22
180.169.147.146 - - [02/Jul/2021:09:15:50 +0800] "GET /xingrg/all/function/internal_message.html?_=1625188553542&CODE_STATE=getMsg HTTP/1.1" 200 27
114.83.223.104 - - [02/Jul/2021:09:15:50 +0800] "GET /xingrg/all/function/internal_message.html?_=1625188550558&CODE_STATE=getMsg HTTP/1.1" 200 27
116.224.253.72 - - [02/Jul/2021:09:15:52 +0800] "GET /xingrg/kc/buy/cgsh_order_operate.html?command=get_materiel&rest_code=00151&code=00101008088&supplier_code=00100007&order_time=2021-07-02 HTTP/1.1" 200 408
101.93.222.235 - - [02/Jul/2021:09:15:53 +0800] "POST /xingrg/services/DataTransmitService HTTP/1.1" 200 524
101.93.222.235 - - [02/Jul/2021:09:15:53 +0800] "POST /xingrg/services/DataTransmitService HTTP/1.1" 200 2075
101.93.222.235 - - [02/Jul/2021:09:15:55 +0800] "POST /xingrg/services/DataTransmitService HTTP/1.1" 200 524
116.224.253.72 - - [02/Jul/2021:09:15:58 +0800] "POST /xingrg/kc/buy/cgsh_order_operate.html HTTP/1.1" 200 37
114.86.230.2 - - [02/Jul/2021:09:15:59 +0800] "GET /xingrg/all/function/internal_message.html?_=1625188562263&CODE_STATE=getMsg HTTP/1.1" 200 27
116.224.253.72 - - [02/Jul/2021:09:16:00 +0800] "POST /xingrg/kc/buy/cgsh_order_operate.html HTTP/1.1" 200 18212
180.174.237.246 - - [02/Jul/2021:09:16:04 +0800] "GET /xingrg/all/function/internal_message.html?_=1625188572918&CODE_STATE=getMsg HTTP/1.1" 200 27
180.162.195.211 - - [02/Jul/2021:09:16:05 +0800] "GET /xingrg/all/function/internal_message.html?_=1625188568098&CODE_STATE=getMsg HTTP/1.1" 200 27
180.162.195.211 - - [02/Jul/2021:09:16:05 +0800] "GET /xingrg/check_reg.html?_=1625188568101 HTTP/1.1" 200 22
180.169.147.146 - - [02/Jul/2021:09:16:06 +0800] "GET /xingrg/check_reg.html?_=1625188563884 HTTP/1.1" 302 -
180.169.147.146 - - [02/Jul/2021:09:16:06 +0800] "GET /xingrg/login.html HTTP/1.1" 200 7641
58.40.7.146 - - [02/Jul/2021:09:16:08 +0800] "GET /xingrg/all/function/internal_message.html?_=1625188569358&CODE_STATE=getMsg HTTP/1.1" 200 27
116.224.253.72 - - [02/Jul/2021:09:16:08 +0800] "GET /xingrg/kc/buy/cgsh_order_operate.html?command=get_materiel&rest_code=00151&code=00101016025&supplier_code=00100007&order_time=2021-07-02 HTTP/1.1" 200 408
180.169.147.146 - - [02/Jul/2021:09:16:08 +0800] "GET /xingrg/all/function/internal_message.html?_=1625188570419&CODE_STATE=getMsg HTTP/1.1" 200 27
116.235.95.53 - - [02/Jul/2021:09:16:15 +0800] "GET /xingrg/all/function/internal_message.html?_=1625188671109&CODE_STATE=getMsg HTTP/1.1" 200 27
116.224.253.72 - - [02/Jul/2021:09:16:16 +0800] "GET /xingrg/all/function/internal_message.html?_=1625188571836&CODE_STATE=getMsg HTTP/1.1" 200 27
180.174.237.246 - - [02/Jul/2021:09:16:17 +0800] "GET /xingrg/all/function/internal_message.html?_=1625188548707&CODE_STATE=getMsg HTTP/1.1" 200 27
116.224.253.72 - - [02/Jul/2021:09:16:18 +0800] "GET /xingrg/kc/buy/cgsh_order_operate.html?command=get_materiel&rest_code=00151&code=00101008362&supplier_code=00100007&order_time=2021-07-02 HTTP/1.1" 200 408
116.230.117.165 - - [02/Jul/2021:09:16:19 +0800] "GET /xingrg/all/function/internal_message.html?_=1625188601329&CODE_STATE=getMsg HTTP/1.1" 200 27
101.85.107.54 - - [02/Jul/2021:09:16:23 +0800] "GET /xingrg/check_reg.html?_=1625188015353 HTTP/1.1" 200 22
101.85.107.54 - - [02/Jul/2021:09:16:23 +0800] "GET /xingrg/all/function/internal_message.html?_=1625188015356&CODE_STATE=getMsg HTTP/1.1" 200 27
222.70.176.145 - - [02/Jul/2021:09:16:23 +0800] "GET /xingrg/kc/base/wldb_order_add.html HTTP/1.1" 200 30353
222.70.176.145 - - [02/Jul/2021:09:16:23 +0800] "POST /xingrg/kc/base/wldb_order_operate.html HTTP/1.1" 200 6806
222.70.176.145 - - [02/Jul/2021:09:16:23 +0800] "GET /xingrg/all/common/auto_word.html?type=base&rest_code=00111 HTTP/1.1" 200 1753
222.70.176.145 - - [02/Jul/2021:09:16:24 +0800] "GET /xingrg/all/common/auto_word.html?type=base&rest_code=00111 HTTP/1.1" 200 1753
222.70.176.145 - - [02/Jul/2021:09:16:24 +0800] "GET /xingrg/javascript/easyui/themes/default/validatebox.css HTTP/1.1" 404 1104
180.169.147.146 - - [02/Jul/2021:09:16:25 +0800] "GET /xingrg/all/function/internal_message.html?_=1625188587412&CODE_STATE=getMsg HTTP/1.1" 200 27
116.224.253.72 - - [02/Jul/2021:09:16:26 +0800] "GET /xingrg/kc/buy/cgsh_order_operate.html?command=get_materiel&rest_code=00151&code=00101008017&supplier_code=00100007&order_time=2021-07-02 HTTP/1.1" 200 416
58.37.5.217 - - [02/Jul/2021:09:16:30 +0800] "GET /xingrg/all/function/internal_message.html?_=1625189123005&CODE_STATE=getMsg HTTP/1.1" 200 27
116.235.222.38 - - [02/Jul/2021:09:16:33 +0800] "GET /xingrg/all/function/internal_message.html?_=1625188586497&CODE_STATE=getMsg HTTP/1.1" 200 27
116.224.253.72 - - [02/Jul/2021:09:16:33 +0800] "GET /xingrg/all/function/internal_message.html?_=1625188591174&CODE_STATE=getMsg HTTP/1.1" 200 27
116.224.253.72 - - [02/Jul/2021:09:16:33 +0800] "GET /xingrg/check_reg.html?_=1625188591177 HTTP/1.1" 200 22
116.224.253.72 - - [02/Jul/2021:09:16:35 +0800] "GET /xingrg/kc/buy/cgsh_order_operate.html?command=get_materiel&rest_code=00151&code=00101008137&supplier_code=00100007&order_time=2021-07-02 HTTP/1.1" 200 408
180.157.255.9 - - [02/Jul/2021:09:16:38 +0800] "GET /xingrg/all/function/internal_message.html?_=1625188610002&CODE_STATE=getMsg HTTP/1.1" 200 27
222.70.176.145 - - [02/Jul/2021:09:16:39 +0800] "GET /xingrg/all/function/internal_message.html?_=1625188600005&CODE_STATE=getMsg HTTP/1.1" 200 27
222.70.176.145 - - [02/Jul/2021:09:16:42 +0800] "GET /xingrg/kc/buy/buy_main.html HTTP/1.1" 200 12412
222.70.176.145 - - [02/Jul/2021:09:16:42 +0800] "GET /xingrg/css/new_ie.css HTTP/1.1" 404 1036
222.70.176.145 - - [02/Jul/2021:09:16:42 +0800] "GET /xingrg/images/yd/bt.gif HTTP/1.1" 404 1040
222.70.176.145 - - [02/Jul/2021:09:16:43 +0800] "GET /xingrg/kc/buy/cgsh_order_list.html HTTP/1.1" 200 46937
222.70.176.145 - - [02/Jul/2021:09:16:44 +0800] "POST /xingrg/kc/buy/cgsh_list_operate.html HTTP/1.1" 200 876
116.224.253.72 - - [02/Jul/2021:09:16:45 +0800] "GET /xingrg/kc/buy/cgsh_order_operate.html?command=get_materiel&rest_code=00151&code=00101008096&supplier_code=00100007&order_time=2021-07-02 HTTP/1.1" 200 412
116.230.110.80 - - [02/Jul/2021:09:16:45 +0800] "GET /xingrg/all/function/internal_message.html?_=1625188604749&CODE_STATE=getMsg HTTP/1.1" 200 27
222.70.176.145 - - [02/Jul/2021:09:16:45 +0800] "GET /xingrg/kc/buy/cgsh_order_add.html HTTP/1.1" 200 62675
222.70.176.145 - - [02/Jul/2021:09:16:46 +0800] "POST /xingrg/kc/buy/cgsh_order_operate.html HTTP/1.1" 200 8245
222.70.176.145 - - [02/Jul/2021:09:16:46 +0800] "GET /xingrg/javascript/easyui/themes/default/validatebox.css HTTP/1.1" 404 1104
180.169.147.146 - - [02/Jul/2021:09:16:50 +0800] "GET /xingrg/all/function/internal_message.html?_=1625188613544&CODE_STATE=getMsg HTTP/1.1" 200 27
114.83.223.104 - - [02/Jul/2021:09:16:50 +0800] "GET /xingrg/all/function/internal_message.html?_=1625188610534&CODE_STATE=getMsg HTTP/1.1" 200 27
116.224.253.72 - - [02/Jul/2021:09:16:50 +0800] "POST /xingrg/kc/buy/cgsh_order_operate.html HTTP/1.1" 200 37
58.221.95.50 - - [02/Jul/2021:09:16:51 +0800] "GET /xingrg/check_reg.html?_=1625188614613 HTTP/1.1" 302 -
116.224.253.72 - - [02/Jul/2021:09:16:55 +0800] "POST /xingrg/kc/buy/cgsh_order_operate.html HTTP/1.1" 200 21200
180.162.195.211 - - [02/Jul/2021:09:16:58 +0800] "GET /xingrg/kc/buy/cgsh_order_operate.html?command=get_materiel&rest_code=00105&code=00101008305&supplier_code=00100203&order_time=2021-07-02 HTTP/1.1" 200 412
114.86.230.2 - - [02/Jul/2021:09:16:59 +0800] "GET /xingrg/all/function/internal_message.html?_=1625188622268&CODE_STATE=getMsg HTTP/1.1" 200 27
222.70.176.145 - - [02/Jul/2021:09:17:01 +0800] "GET /xingrg/javascript/jquery_tools/images/prev.gif HTTP/1.1" 404 1086
222.70.176.145 - - [02/Jul/2021:09:17:01 +0800] "GET /xingrg/javascript/jquery_tools/images/next.gif HTTP/1.1" 404 1086
180.174.237.246 - - [02/Jul/2021:09:17:04 +0800] "GET /xingrg/check_reg.html?_=1625188632802 HTTP/1.1" 200 22
180.174.237.246 - - [02/Jul/2021:09:17:04 +0800] "GET /xingrg/all/function/internal_message.html?_=1625188632932&CODE_STATE=getMsg HTTP/1.1" 200 27
180.162.195.211 - - [02/Jul/2021:09:17:05 +0800] "GET /xingrg/all/function/internal_message.html?_=1625188628145&CODE_STATE=getMsg HTTP/1.1" 200 27
116.224.253.72 - - [02/Jul/2021:09:17:07 +0800] "GET /xingrg/kc/buy/cgsh_order_operate.html?command=get_materiel&rest_code=00151&code=00101008033&supplier_code=00100007&order_time=2021-07-02 HTTP/1.1" 200 408
58.40.7.146 - - [02/Jul/2021:09:17:07 +0800] "GET /xingrg/all/function/internal_message.html?_=1625188629329&CODE_STATE=getMsg HTTP/1.1" 200 27
180.169.147.146 - - [02/Jul/2021:09:17:08 +0800] "GET /xingrg/all/function/internal_message.html?_=1625188630423&CODE_STATE=getMsg HTTP/1.1" 200 27
222.70.176.145 - - [02/Jul/2021:09:17:08 +0800] "GET /xingrg/kc/buy/cgsh_order_operate.html?command=get_materiel&rest_code=00111&code=00101008257&supplier_code=00100005&order_time=2021-07-02 HTTP/1.1" 200 416
101.93.222.235 - - [02/Jul/2021:09:17:10 +0800] "POST /xingrg/services/DataTransmitService HTTP/1.1" 200 501
116.224.253.72 - - [02/Jul/2021:09:17:14 +0800] "GET /xingrg/kc/buy/cgsh_order_operate.html?command=get_materiel&rest_code=00151&code=00101008370&supplier_code=00100007&order_time=2021-07-02 HTTP/1.1" 200 412
116.235.95.53 - - [02/Jul/2021:09:17:15 +0800] "GET /xingrg/all/function/internal_message.html?_=1625188731123&CODE_STATE=getMsg HTTP/1.1" 200 27
116.224.253.72 - - [02/Jul/2021:09:17:16 +0800] "GET /xingrg/all/function/internal_message.html?_=1625188631850&CODE_STATE=getMsg HTTP/1.1" 200 27
180.174.237.246 - - [02/Jul/2021:09:17:18 +0800] "GET /xingrg/all/function/internal_message.html?_=1625188609544&CODE_STATE=getMsg HTTP/1.1" 200 27
222.70.176.145 - - [02/Jul/2021:09:17:19 +0800] "GET /xingrg/kc/buy/cgsh_order_operate.html?command=get_materiel&rest_code=00111&code=00101008156&supplier_code=00100005&order_time=2021-07-02 HTTP/1.1" 200 414
116.230.117.165 - - [02/Jul/2021:09:17:19 +0800] "GET /xingrg/all/function/internal_message.html?_=1625188661348&CODE_STATE=getMsg HTTP/1.1" 200 27
116.224.253.72 - - [02/Jul/2021:09:17:20 +0800] "GET /xingrg/kc/buy/cgsh_order_operate.html?command=get_materiel&rest_code=00151&code=00101008131&supplier_code=00100007&order_time=2021-07-02 HTTP/1.1" 200 408
101.85.107.54 - - [02/Jul/2021:09:17:23 +0800] "GET /xingrg/all/function/internal_message.html?_=1625188075359&CODE_STATE=getMsg HTTP/1.1" 200 27
180.169.147.146 - - [02/Jul/2021:09:17:25 +0800] "GET /xingrg/all/function/internal_message.html?_=1625188647417&CODE_STATE=getMsg HTTP/1.1" 200 27
180.174.237.246 - - [02/Jul/2021:09:17:28 +0800] "GET /xingrg/check_reg.html?_=1625188620081 HTTP/1.1" 200 22
116.224.253.72 - - [02/Jul/2021:09:17:30 +0800] "GET /xingrg/kc/buy/cgsh_order_operate.html?command=get_materiel&rest_code=00151&code=00101008102&supplier_code=00100007&order_time=2021-07-02 HTTP/1.1" 200 413
222.70.176.145 - - [02/Jul/2021:09:17:30 +0800] "GET /xingrg/kc/buy/cgsh_order_operate.html?command=get_materiel&rest_code=00111&code=00101008331&supplier_code=00100005&order_time=2021-07-02 HTTP/1.1" 200 416
58.37.5.217 - - [02/Jul/2021:09:17:30 +0800] "GET /xingrg/all/function/internal_message.html?_=1625189183005&CODE_STATE=getMsg HTTP/1.1" 200 27
116.235.222.38 - - [02/Jul/2021:09:17:33 +0800] "GET /xingrg/all/function/internal_message.html?_=1625188646500&CODE_STATE=getMsg HTTP/1.1" 200 27
116.224.253.72 - - [02/Jul/2021:09:17:33 +0800] "GET /xingrg/all/function/internal_message.html?_=1625188651176&CODE_STATE=getMsg HTTP/1.1" 200 27
58.40.7.146 - - [02/Jul/2021:09:17:37 +0800] "GET /xingrg/check_reg.html?_=1625188658989 HTTP/1.1" 200 22
116.224.253.72 - - [02/Jul/2021:09:17:37 +0800] "GET /xingrg/kc/buy/cgsh_order_operate.html?command=get_materiel&rest_code=00151&code=00101008069&supplier_code=00100007&order_time=2021-07-02 HTTP/1.1" 200 412
180.157.255.9 - - [02/Jul/2021:09:17:38 +0800] "GET /xingrg/all/function/internal_message.html?_=1625188669986&CODE_STATE=getMsg HTTP/1.1" 200 27
222.70.176.145 - - [02/Jul/2021:09:17:39 +0800] "GET /xingrg/all/function/internal_message.html?_=1625188660014&CODE_STATE=getMsg HTTP/1.1" 200 27
222.70.176.145 - - [02/Jul/2021:09:17:39 +0800] "GET /xingrg/check_reg.html?_=1625188660017 HTTP/1.1" 200 22
222.70.176.145 - - [02/Jul/2021:09:17:41 +0800] "GET /xingrg/kc/buy/cgsh_order_operate.html?command=get_materiel&rest_code=00111&code=00101008321&supplier_code=00100005&order_time=2021-07-02 HTTP/1.1" 200 412
116.224.253.72 - - [02/Jul/2021:09:17:43 +0800] "POST /xingrg/kc/buy/cgsh_order_operate.html HTTP/1.1" 200 37
116.224.253.72 - - [02/Jul/2021:09:17:44 +0800] "POST /xingrg/kc/buy/cgsh_order_operate.html HTTP/1.1" 200 24189
116.230.110.80 - - [02/Jul/2021:09:17:45 +0800] "GET /xingrg/all/function/internal_message.html?_=1625188664733&CODE_STATE=getMsg HTTP/1.1" 200 27
222.70.176.145 - - [02/Jul/2021:09:17:49 +0800] "GET /xingrg/kc/buy/cgsh_order_operate.html?command=get_materiel&rest_code=00111&code=00101008298&supplier_code=00100005&order_time=2021-07-02 HTTP/1.1" 200 412
180.169.147.146 - - [02/Jul/2021:09:17:50 +0800] "GET /xingrg/check_reg.html?_=1625188673546 HTTP/1.1" 200 22
180.169.147.146 - - [02/Jul/2021:09:17:50 +0800] "GET /xingrg/all/function/internal_message.html?_=1625188673575&CODE_STATE=getMsg HTTP/1.1" 200 27
114.83.223.104 - - [02/Jul/2021:09:17:50 +0800] "GET /xingrg/all/function/internal_message.html?_=1625188670520&CODE_STATE=getMsg HTTP/1.1" 200 27
116.224.253.72 - - [02/Jul/2021:09:17:50 +0800] "GET /xingrg/kc/buy/cgsh_order_operate.html?command=get_materiel&rest_code=00151&code=00101015038&supplier_code=00100007&order_time=2021-07-02 HTTP/1.1" 200 419
114.86.230.2 - - [02/Jul/2021:09:17:59 +0800] "GET /xingrg/all/function/internal_message.html?_=1625188682276&CODE_STATE=getMsg HTTP/1.1" 200 27
116.224.253.72 - - [02/Jul/2021:09:18:02 +0800] "GET /xingrg/kc/buy/cgsh_order_operate.html?command=get_materiel&rest_code=00151&code=00101008244&supplier_code=00100007&order_time=2021-07-02 HTTP/1.1" 200 408
180.174.237.246 - - [02/Jul/2021:09:18:04 +0800] "GET /xingrg/all/function/internal_message.html?_=1625188692944&CODE_STATE=getMsg HTTP/1.1" 200 27
180.162.195.211 - - [02/Jul/2021:09:18:05 +0800] "GET /xingrg/all/function/internal_message.html?_=1625188688206&CODE_STATE=getMsg HTTP/1.1" 200 27
58.40.7.146 - - [02/Jul/2021:09:18:07 +0800] "GET /xingrg/all/function/internal_message.html?_=1625188689304&CODE_STATE=getMsg HTTP/1.1" 200 27
180.169.147.146 - - [02/Jul/2021:09:18:08 +0800] "GET /xingrg/check_reg.html?_=1625188690412 HTTP/1.1" 200 22
180.169.147.146 - - [02/Jul/2021:09:18:08 +0800] "GET /xingrg/all/function/internal_message.html?_=1625188690417&CODE_STATE=getMsg HTTP/1.1" 200 27
116.224.253.72 - - [02/Jul/2021:09:18:08 +0800] "GET /xingrg/kc/buy/cgsh_order_operate.html?command=get_materiel&rest_code=00151&code=00101008010&supplier_code=00100007&order_time=2021-07-02 HTTP/1.1" 200 412
116.235.95.53 - - [02/Jul/2021:09:18:15 +0800] "GET /xingrg/all/function/internal_message.html?_=1625188791122&CODE_STATE=getMsg HTTP/1.1" 200 27
114.83.223.104 - - [02/Jul/2021:09:18:16 +0800] "POST /xingrg/services/DataTransmitService HTTP/1.1" 401 565
114.83.223.104 - - [02/Jul/2021:09:18:16 +0800] "POST /xingrg/services/DataTransmitService HTTP/1.1" 200 478
114.83.223.104 - - [02/Jul/2021:09:18:16 +0800] "POST /xingrg/services/DataTransmitService HTTP/1.1" 200 1320
116.224.253.72 - - [02/Jul/2021:09:18:16 +0800] "GET /xingrg/all/function/internal_message.html?_=1625188691864&CODE_STATE=getMsg HTTP/1.1" 200 27
114.83.223.104 - - [02/Jul/2021:09:18:16 +0800] "POST /xingrg/services/DataTransmitService HTTP/1.1" 200 478
114.83.223.104 - - [02/Jul/2021:09:18:16 +0800] "POST /xingrg/services/DataTransmitService HTTP/1.1" 200 1320
114.83.223.104 - - [02/Jul/2021:09:18:16 +0800] "POST /xingrg/services/DataTransmitService HTTP/1.1" 200 524
114.83.223.104 - - [02/Jul/2021:09:18:16 +0800] "POST /xingrg/services/DataTransmitService HTTP/1.1" 200 1983
114.83.223.104 - - [02/Jul/2021:09:18:17 +0800] "POST /xingrg/services/DataTransmitService HTTP/1.1" 200 135928
116.230.117.165 - - [02/Jul/2021:09:18:17 +0800] "GET /xingrg/check_reg.html?_=1625188719534 HTTP/1.1" 200 22
180.174.237.246 - - [02/Jul/2021:09:18:18 +0800] "GET /xingrg/all/function/internal_message.html?_=1625188669559&CODE_STATE=getMsg HTTP/1.1" 200 27
116.224.253.72 - - [02/Jul/2021:09:18:18 +0800] "POST /xingrg/kc/buy/cgsh_order_operate.html HTTP/1.1" 200 37
222.70.176.145 - - [02/Jul/2021:09:18:18 +0800] "GET /xingrg/kc/buy/cgsh_order_operate.html?command=get_materiel&rest_code=00111&code=00101008244&supplier_code=00100005&order_time=2021-07-02 HTTP/1.1" 200 23
116.230.117.165 - - [02/Jul/2021:09:18:19 +0800] "GET /xingrg/all/function/internal_message.html?_=1625188721361&CODE_STATE=getMsg HTTP/1.1" 200 27
116.224.253.72 - - [02/Jul/2021:09:18:19 +0800] "POST /xingrg/kc/buy/cgsh_order_operate.html HTTP/1.1" 200 25997
101.85.107.54 - - [02/Jul/2021:09:18:23 +0800] "GET /xingrg/all/function/internal_message.html?_=1625188135359&CODE_STATE=getMsg HTTP/1.1" 200 27
116.224.253.72 - - [02/Jul/2021:09:18:23 +0800] "POST /xingrg/all/user/operate.html HTTP/1.1" 200 36
116.224.253.72 - - [02/Jul/2021:09:18:24 +0800] "GET /xingrg/index.html?sysBaseUrl=http%3A%2F%2F180.169.147.146%3A18081%2Fxingrg%2F&costTime=46×tamp=1625185993362 HTTP/1.1" 200 17179
116.224.253.72 - - [02/Jul/2021:09:18:24 +0800] "GET /xingrg/javascript/jquery_easy_ui/themes/default/easyui.css HTTP/1.1" 304 -
116.224.253.72 - - [02/Jul/2021:09:18:24 +0800] "GET /xingrg/javascript/jquery_easy_ui/themes/icon.css HTTP/1.1" 304 -
116.224.253.72 - - [02/Jul/2021:09:18:24 +0800] "GET /xingrg/css/form.css HTTP/1.1" 304 -
116.224.253.72 - - [02/Jul/2021:09:18:24 +0800] "GET /xingrg/javascript/jquery-1.4.2.min.js HTTP/1.1" 304 -
116.224.253.72 - - [02/Jul/2021:09:18:24 +0800] "GET /xingrg/javascript/jquery_easy_ui/jquery.easyui.min.js HTTP/1.1" 304 -
116.224.253.72 - - [02/Jul/2021:09:18:25 +0800] "GET /xingrg/javascript/jquery_easy_ui/easyui-lang-zh_CN.js HTTP/1.1" 304 -
116.224.253.72 - - [02/Jul/2021:09:18:25 +0800] "GET /xingrg/javascript/jquery.form.js HTTP/1.1" 304 -
116.224.253.72 - - [02/Jul/2021:09:18:25 +0800] "GET /xingrg/javascript/jquery.utils.js HTTP/1.1" 304 -
116.224.253.72 - - [02/Jul/2021:09:18:25 +0800] "GET /xingrg/javascript/jquery.timers.js HTTP/1.1" 304 -
116.224.253.72 - - [02/Jul/2021:09:18:25 +0800] "GET /xingrg/images/blue/navBackgound.jpg HTTP/1.1" 304 -
116.224.253.72 - - [02/Jul/2021:09:18:25 +0800] "GET /xingrg/images/blue/jxLogo.png HTTP/1.1" 304 -
116.224.253.72 - - [02/Jul/2021:09:18:25 +0800] "GET /xingrg/javascript/jquery_easy_ui/themes/icons/settle_new.png HTTP/1.1" 304 -
116.224.253.72 - - [02/Jul/2021:09:18:25 +0800] "POST /xingrg/all/common/load_tree.html?tree=area_rest_tree_json&manage=1 HTTP/1.1" 200 476
116.224.253.72 - - [02/Jul/2021:09:18:25 +0800] "GET /xingrg/images/blue/pingpu.png HTTP/1.1" 304 -
116.224.253.72 - - [02/Jul/2021:09:18:25 +0800] "GET /xingrg/javascript/jquery_easy_ui/themes/default/images/tabs_leftarrow.png HTTP/1.1" 304 -
116.224.253.72 - - [02/Jul/2021:09:18:25 +0800] "GET /xingrg/javascript/jquery_easy_ui/themes/default/images/tabs_rightarrow.png HTTP/1.1" 304 -
116.224.253.72 - - [02/Jul/2021:09:18:25 +0800] "GET /xingrg/javascript/jquery_easy_ui/themes/default/images/panel_tool_collapse.gif HTTP/1.1" 304 -
116.224.253.72 - - [02/Jul/2021:09:18:25 +0800] "GET /xingrg/all/function/internal_message.html?_=1625188700869&CODE_STATE=count HTTP/1.1" 200 11
116.224.253.72 - - [02/Jul/2021:09:18:25 +0800] "GET /xingrg/check_reg.html?_=1625188700870 HTTP/1.1" 200 22
116.224.253.72 - - [02/Jul/2021:09:18:25 +0800] "POST /xingrg/load_menu.html HTTP/1.1" 200 5138
180.169.147.146 - - [02/Jul/2021:09:18:25 +0800] "GET /xingrg/all/function/internal_message.html?_=1625188707439&CODE_STATE=getMsg HTTP/1.1" 200 27
116.224.253.72 - - [02/Jul/2021:09:18:27 +0800] "GET /xingrg/kc/buy/cgsh_order_list.html HTTP/1.1" 200 46943
222.70.176.145 - - [02/Jul/2021:09:18:28 +0800] "POST /xingrg/kc/buy/cgsh_order_operate.html HTTP/1.1" 200 37
222.70.176.145 - - [02/Jul/2021:09:18:30 +0800] "POST /xingrg/kc/buy/cgsh_order_operate.html HTTP/1.1" 200 5046
58.37.5.217 - - [02/Jul/2021:09:18:30 +0800] "GET /xingrg/check_reg.html?_=1625189243005 HTTP/1.1" 200 22
58.37.5.217 - - [02/Jul/2021:09:18:30 +0800] "GET /xingrg/all/function/internal_message.html?_=1625189243008&CODE_STATE=getMsg HTTP/1.1" 200 27
116.224.253.72 - - [02/Jul/2021:09:18:31 +0800] "POST /xingrg/kc/buy/cgsh_list_operate.html HTTP/1.1" 200 2411
116.235.222.38 - - [02/Jul/2021:09:18:33 +0800] "GET /xingrg/all/function/internal_message.html?_=1625188706500&CODE_STATE=getMsg HTTP/1.1" 200 27
116.224.253.72 - - [02/Jul/2021:09:18:33 +0800] "GET /xingrg/all/function/internal_message.html?_=1625188711175&CODE_STATE=getMsg HTTP/1.1" 200 27
116.224.253.72 - - [02/Jul/2021:09:18:36 +0800] "POST /xingrg/kc/buy/cgsh_list_operate.html HTTP/1.1" 200 579
222.70.176.145 - - [02/Jul/2021:09:18:36 +0800] "GET /xingrg/login.html HTTP/1.1" 200 7641
222.70.176.145 - - [02/Jul/2021:09:18:36 +0800] "GET /favicon.ico HTTP/1.1" 404 -
180.157.255.9 - - [02/Jul/2021:09:18:38 +0800] "GET /xingrg/all/function/internal_message.html?_=1625188729970&CODE_STATE=getMsg HTTP/1.1" 200 27
116.224.253.72 - - [02/Jul/2021:09:18:40 +0800] "GET /xingrg/kc/buy/cgsh_order_info.html?code=212021070200497 HTTP/1.1" 200 62608
116.224.253.72 - - [02/Jul/2021:09:18:41 +0800] "GET /xingrg/javascript/easyui/themes/default/validatebox.css HTTP/1.1" 404 1104
116.224.253.72 - - [02/Jul/2021:09:18:41 +0800] "POST /xingrg/kc/buy/cgsh_order_operate.html HTTP/1.1" 200 6216
116.224.253.72 - - [02/Jul/2021:09:18:42 +0800] "GET /xingrg/css/images/panel_loading.gif HTTP/1.1" 304 -
116.224.253.72 - - [02/Jul/2021:09:18:42 +0800] "GET /xingrg/javascript/easyui/plugins/jquery.draggable.js HTTP/1.1" 304 -
116.224.253.72 - - [02/Jul/2021:09:18:42 +0800] "GET /xingrg/javascript/easyui/plugins/jquery.droppable.js HTTP/1.1" 304 -
116.224.253.72 - - [02/Jul/2021:09:18:42 +0800] "GET /xingrg/javascript/easyui/themes/default/tree.css HTTP/1.1" 404 1090
116.224.253.72 - - [02/Jul/2021:09:18:42 +0800] "GET /xingrg/javascript/easyui/plugins/jquery.tree.js HTTP/1.1" 304 -
116.224.253.72 - - [02/Jul/2021:09:18:42 +0800] "POST /xingrg/all/common/load_tree.html?tree=supplier_tree_json&isDelete=1 HTTP/1.1" 200 56276
116.224.253.72 - - [02/Jul/2021:09:18:43 +0800] "GET /xingrg/javascript/easyui/themes/default/images/tree_arrows.gif HTTP/1.1" 200 617
116.224.253.72 - - [02/Jul/2021:09:18:43 +0800] "GET /xingrg/javascript/easyui/themes/default/images/tree_folder_open.gif HTTP/1.1" 200 956
116.224.253.72 - - [02/Jul/2021:09:18:43 +0800] "GET /xingrg/javascript/easyui/themes/default/images/tree_folder.gif HTTP/1.1" 200 952
116.224.253.72 - - [02/Jul/2021:09:18:43 +0800] "GET /xingrg/javascript/easyui/themes/default/images/tree_file.gif HTTP/1.1" 200 118
222.70.176.145 - - [02/Jul/2021:09:18:44 +0800] "POST /xingrg/login.do HTTP/1.1" 302 -
222.70.176.145 - - [02/Jul/2021:09:18:44 +0800] "GET /xingrg/index.html?sysBaseUrl=http%3A%2F%2F180.169.147.146%3A18081%2Fxingrg%2F&costTime=44×tamp=1625188724591 HTTP/1.1" 200 17173
222.70.176.145 - - [02/Jul/2021:09:18:44 +0800] "GET /favicon.ico HTTP/1.1" 404 -
222.70.176.145 - - [02/Jul/2021:09:18:44 +0800] "POST /xingrg/all/common/load_tree.html?tree=area_rest_tree_json&manage=1 HTTP/1.1" 200 342
222.70.176.145 - - [02/Jul/2021:09:18:44 +0800] "GET /xingrg/check_reg.html?_=1625188725194 HTTP/1.1" 200 22
222.70.176.145 - - [02/Jul/2021:09:18:44 +0800] "GET /xingrg/all/function/internal_message.html?_=1625188725194&CODE_STATE=count HTTP/1.1" 200 11
222.70.176.145 - - [02/Jul/2021:09:18:44 +0800] "POST /xingrg/load_menu.html HTTP/1.1" 200 5138
116.230.110.80 - - [02/Jul/2021:09:18:45 +0800] "GET /xingrg/all/function/internal_message.html?_=1625188724708&CODE_STATE=getMsg HTTP/1.1" 200 27
116.224.253.72 - - [02/Jul/2021:09:18:46 +0800] "GET /xingrg/javascript/auto/indicator.gif HTTP/1.1" 404 1066
222.70.176.145 - - [02/Jul/2021:09:18:46 +0800] "GET /xingrg/kc/buy/buy_main.html HTTP/1.1" 200 12412
222.70.176.145 - - [02/Jul/2021:09:18:46 +0800] "GET /xingrg/css/new_ie.css HTTP/1.1" 404 1036
222.70.176.145 - - [02/Jul/2021:09:18:46 +0800] "GET /xingrg/images/yd/bt.gif HTTP/1.1" 404 1040
222.70.176.145 - - [02/Jul/2021:09:18:48 +0800] "GET /xingrg/kc/buy/cgsh_order_list.html HTTP/1.1" 200 46937
222.70.176.145 - - [02/Jul/2021:09:18:49 +0800] "POST /xingrg/kc/buy/cgsh_list_operate.html HTTP/1.1" 200 1688
114.83.223.104 - - [02/Jul/2021:09:18:49 +0800] "POST /xingrg/services/DataTransmitService HTTP/1.1" 200 45454
114.83.223.104 - - [02/Jul/2021:09:18:49 +0800] "POST /xingrg/services/DataTransmitService HTTP/1.1" 200 19237
180.169.147.146 - - [02/Jul/2021:09:18:50 +0800] "GET /xingrg/all/function/internal_message.html?_=1625188733559&CODE_STATE=getMsg HTTP/1.1" 200 27
114.83.223.104 - - [02/Jul/2021:09:18:50 +0800] "GET /xingrg/all/function/internal_message.html?_=1625188730511&CODE_STATE=getMsg HTTP/1.1" 200 27
222.70.176.145 - - [02/Jul/2021:09:18:51 +0800] "POST /xingrg/kc/buy/cgsh_list_operate.html HTTP/1.1" 200 507
222.70.176.145 - - [02/Jul/2021:09:18:52 +0800] "GET /xingrg/kc/buy/cgsh_order_info.html?code=212021070200504 HTTP/1.1" 200 62684
222.70.176.145 - - [02/Jul/2021:09:18:52 +0800] "GET /xingrg/all/common/auto_word.html?type=employee&rest_code=00111 HTTP/1.1" 200 155
222.70.176.145 - - [02/Jul/2021:09:18:52 +0800] "GET /xingrg/javascript/easyui/themes/default/validatebox.css HTTP/1.1" 404 1104
222.70.176.145 - - [02/Jul/2021:09:18:52 +0800] "GET /xingrg/all/common/auto_word.html?type=employee&rest_code=00111 HTTP/1.1" 200 155
116.224.253.72 - - [02/Jul/2021:09:18:53 +0800] "POST /xingrg/kc/buy/cgsh_order_operate.html HTTP/1.1" 200 37
222.70.176.145 - - [02/Jul/2021:09:18:53 +0800] "POST /xingrg/kc/buy/cgsh_order_operate.html HTTP/1.1" 200 5046
116.224.253.72 - - [02/Jul/2021:09:18:54 +0800] "POST /xingrg/kc/buy/cgsh_order_operate.html HTTP/1.1" 200 6216
222.70.176.145 - - [02/Jul/2021:09:18:57 +0800] "GET /xingrg/javascript/auto/indicator.gif HTTP/1.1" 404 1066
116.224.253.72 - - [02/Jul/2021:09:18:58 +0800] "POST /xingrg/kc/buy/cgsh_list_operate.html HTTP/1.1" 200 574
114.86.230.2 - - [02/Jul/2021:09:18:59 +0800] "GET /xingrg/all/function/internal_message.html?_=1625188742281&CODE_STATE=getMsg HTTP/1.1" 200 27
116.224.253.72 - - [02/Jul/2021:09:18:59 +0800] "GET /xingrg/kc/buy/cgsh_order_info.html?code=212021070200496 HTTP/1.1" 200 62608
116.224.253.72 - - [02/Jul/2021:09:19:00 +0800] "GET /xingrg/javascript/easyui/themes/default/validatebox.css HTTP/1.1" 404 1104
116.224.253.72 - - [02/Jul/2021:09:19:00 +0800] "POST /xingrg/kc/buy/cgsh_order_operate.html HTTP/1.1" 200 30433
222.70.176.145 - - [02/Jul/2021:09:19:01 +0800] "GET /xingrg/kc/buy/cgsh_order_operate.html?command=get_materiel&rest_code=00111&code=00101008244&supplier_code=00100005&order_time=2021-07-02 HTTP/1.1" 200 408
114.83.223.104 - - [02/Jul/2021:09:19:02 +0800] "GET /xingrg/kc/buy/cgsh_order_add.html HTTP/1.1" 200 62728
114.83.223.104 - - [02/Jul/2021:09:19:02 +0800] "POST /xingrg/kc/buy/cgsh_order_operate.html HTTP/1.1" 200 8245
114.83.223.104 - - [02/Jul/2021:09:19:03 +0800] "GET /xingrg/javascript/easyui/themes/default/validatebox.css HTTP/1.1" 404 1104
180.174.237.246 - - [02/Jul/2021:09:19:04 +0800] "GET /xingrg/all/function/internal_message.html?_=1625188752966&CODE_STATE=getMsg HTTP/1.1" 200 27
180.162.195.211 - - [02/Jul/2021:09:19:05 +0800] "GET /xingrg/all/function/internal_message.html?_=1625188748189&CODE_STATE=getMsg HTTP/1.1" 200 27
58.40.7.146 - - [02/Jul/2021:09:19:07 +0800] "GET /xingrg/all/function/internal_message.html?_=1625188749274&CODE_STATE=getMsg HTTP/1.1" 200 27
180.169.147.146 - - [02/Jul/2021:09:19:08 +0800] "GET /xingrg/all/function/internal_message.html?_=1625188750421&CODE_STATE=getMsg HTTP/1.1" 200 27
222.70.176.145 - - [02/Jul/2021:09:19:10 +0800] "GET /xingrg/kc/buy/cgsh_order_operate.html?command=get_materiel&rest_code=00111&code=00101008354&supplier_code=00100005&order_time=2021-07-02 HTTP/1.1" 200 432
180.169.147.146 - - [02/Jul/2021:09:19:14 +0800] "GET /xingrg/check_reg.html?_=1625188756431 HTTP/1.1" 200 22
116.235.95.53 - - [02/Jul/2021:09:19:15 +0800] "GET /xingrg/check_reg.html?_=1625188851121 HTTP/1.1" 200 22
116.235.95.53 - - [02/Jul/2021:09:19:15 +0800] "GET /xingrg/all/function/internal_message.html?_=1625188851122&CODE_STATE=getMsg HTTP/1.1" 200 27
180.174.237.246 - - [02/Jul/2021:09:19:18 +0800] "GET /xingrg/all/function/internal_message.html?_=1625188729580&CODE_STATE=getMsg HTTP/1.1" 200 27
222.70.176.145 - - [02/Jul/2021:09:19:18 +0800] "GET /xingrg/kc/buy/cgsh_order_operate.html?command=get_materiel&rest_code=00111&code=00101008096&supplier_code=00100005&order_time=2021-07-02 HTTP/1.1" 200 412
116.230.117.165 - - [02/Jul/2021:09:19:19 +0800] "GET /xingrg/all/function/internal_message.html?_=1625188781374&CODE_STATE=getMsg HTTP/1.1" 200 27
101.85.107.54 - - [02/Jul/2021:09:19:23 +0800] "GET /xingrg/all/function/internal_message.html?_=1625188195360&CODE_STATE=getMsg HTTP/1.1" 200 27
180.162.195.211 - - [02/Jul/2021:09:19:25 +0800] "POST /xingrg/kc/buy/cgsh_order_operate.html HTTP/1.1" 200 37
116.224.253.72 - - [02/Jul/2021:09:19:25 +0800] "GET /xingrg/all/function/internal_message.html?_=1625188760878&CODE_STATE=getMsg HTTP/1.1" 200 27
180.169.147.146 - - [02/Jul/2021:09:19:25 +0800] "GET /xingrg/all/function/internal_message.html?_=1625188767444&CODE_STATE=getMsg HTTP/1.1" 200 27
222.70.176.145 - - [02/Jul/2021:09:19:26 +0800] "GET /xingrg/kc/buy/cgsh_order_operate.html?command=get_materiel&rest_code=00111&code=00101008038&supplier_code=00100005&order_time=2021-07-02 HTTP/1.1" 200 412
180.162.195.211 - - [02/Jul/2021:09:19:28 +0800] "POST /xingrg/kc/buy/cgsh_order_operate.html HTTP/1.1" 200 48161
58.37.5.217 - - [02/Jul/2021:09:19:30 +0800] "GET /xingrg/all/function/internal_message.html?_=1625189303007&CODE_STATE=getMsg HTTP/1.1" 200 27
222.70.176.145 - - [02/Jul/2021:09:19:33 +0800] "POST /xingrg/kc/buy/cgsh_order_operate.html HTTP/1.1" 200 2065
116.235.222.38 - - [02/Jul/2021:09:19:33 +0800] "GET /xingrg/all/function/internal_message.html?_=1625188766499&CODE_STATE=getMsg HTTP/1.1" 200 27
116.224.253.72 - - [02/Jul/2021:09:19:33 +0800] "GET /xingrg/all/function/internal_message.html?_=1625188771183&CODE_STATE=getMsg HTTP/1.1" 200 27
116.235.222.38 - - [02/Jul/2021:09:19:33 +0800] "GET /xingrg/check_reg.html?_=1625188766503 HTTP/1.1" 200 22
180.157.255.9 - - [02/Jul/2021:09:19:38 +0800] "GET /xingrg/all/function/internal_message.html?_=1625188789956&CODE_STATE=getMsg HTTP/1.1" 200 27
101.93.222.235 - - [02/Jul/2021:09:19:39 +0800] "POST /xingrg/services/DataTransmitService HTTP/1.1" 200 524
116.230.117.165 - - [02/Jul/2021:09:19:42 +0800] "GET /xingrg/kc/buy/cgsh_order_list.html HTTP/1.1" 200 46943
116.230.117.165 - - [02/Jul/2021:09:19:43 +0800] "POST /xingrg/kc/buy/cgsh_list_operate.html HTTP/1.1" 200 876
116.230.117.165 - - [02/Jul/2021:09:19:44 +0800] "GET /xingrg/kc/buy/cgsh_order_add.html HTTP/1.1" 200 62681
116.230.117.165 - - [02/Jul/2021:09:19:44 +0800] "GET /xingrg/javascript/easyui/themes/icons/ok.png HTTP/1.1" 304 -
116.230.117.165 - - [02/Jul/2021:09:19:44 +0800] "GET /xingrg/javascript/easyui/themes/icons/template_new.png HTTP/1.1" 304 -
116.230.117.165 - - [02/Jul/2021:09:19:44 +0800] "POST /xingrg/kc/buy/cgsh_order_operate.html HTTP/1.1" 200 8245
116.230.117.165 - - [02/Jul/2021:09:19:44 +0800] "GET /xingrg/all/common/auto_word.html?type=employee&rest_code=00146 HTTP/1.1" 200 101
116.230.117.165 - - [02/Jul/2021:09:19:44 +0800] "GET /xingrg/all/common/auto_word.html?type=employee&rest_code=00146 HTTP/1.1" 200 101
116.230.117.165 - - [02/Jul/2021:09:19:44 +0800] "GET /xingrg/javascript/easyui/themes/default/validatebox.css HTTP/1.1" 404 1104
222.70.176.145 - - [02/Jul/2021:09:19:44 +0800] "GET /xingrg/all/function/internal_message.html?_=1625188785201&CODE_STATE=getMsg HTTP/1.1" 200 27
116.230.110.80 - - [02/Jul/2021:09:19:45 +0800] "GET /xingrg/all/function/internal_message.html?_=1625188784690&CODE_STATE=getMsg HTTP/1.1" 200 27
116.235.222.38 - - [02/Jul/2021:09:19:46 +0800] "GET /xingrg/kc/buy/buy_main.html HTTP/1.1" 200 12412
116.235.222.38 - - [02/Jul/2021:09:19:46 +0800] "GET /xingrg/css/new_ie.css HTTP/1.1" 404 1036
116.235.222.38 - - [02/Jul/2021:09:19:47 +0800] "GET /xingrg/images/yd/bt.gif HTTP/1.1" 404 1040
116.235.222.38 - - [02/Jul/2021:09:19:47 +0800] "GET /xingrg/kc/buy/cgsh_order_list.html HTTP/1.1" 200 46943
116.235.222.38 - - [02/Jul/2021:09:19:49 +0800] "POST /xingrg/kc/buy/cgsh_list_operate.html HTTP/1.1" 200 876
180.162.195.211 - - [02/Jul/2021:09:19:49 +0800] "GET /xingrg/kc/buy/cgsh_order_add.html HTTP/1.1" 200 62722
180.162.195.211 - - [02/Jul/2021:09:19:49 +0800] "GET /xingrg/javascript/easyui/themes/default/validatebox.css HTTP/1.1" 404 1104
180.162.195.211 - - [02/Jul/2021:09:19:49 +0800] "POST /xingrg/kc/buy/cgsh_order_operate.html HTTP/1.1" 200 8245
180.169.147.146 - - [02/Jul/2021:09:19:50 +0800] "GET /xingrg/all/function/internal_message.html?_=1625188793547&CODE_STATE=getMsg HTTP/1.1" 200 27
116.235.222.38 - - [02/Jul/2021:09:19:50 +0800] "GET /xingrg/kc/buy/cgsh_order_add.html HTTP/1.1" 200 62763
114.83.223.104 - - [02/Jul/2021:09:19:50 +0800] "GET /xingrg/all/function/internal_message.html?_=1625188790490&CODE_STATE=getMsg HTTP/1.1" 200 27
116.235.222.38 - - [02/Jul/2021:09:19:51 +0800] "GET /xingrg/all/common/auto_word.html?type=employee&rest_code=00107 HTTP/1.1" 200 101
116.235.222.38 - - [02/Jul/2021:09:19:51 +0800] "GET /xingrg/javascript/easyui/themes/default/validatebox.css HTTP/1.1" 404 1104
116.235.222.38 - - [02/Jul/2021:09:19:51 +0800] "POST /xingrg/kc/buy/cgsh_order_operate.html HTTP/1.1" 200 8245
116.235.222.38 - - [02/Jul/2021:09:19:51 +0800] "GET /xingrg/all/common/auto_word.html?type=employee&rest_code=00107 HTTP/1.1" 200 101
116.235.222.38 - - [02/Jul/2021:09:19:51 +0800] "GET /xingrg/javascript/easyui/themes/default/tree.css HTTP/1.1" 404 1090
116.235.222.38 - - [02/Jul/2021:09:19:52 +0800] "POST /xingrg/all/common/load_tree.html?tree=supplier_tree_json&isDelete=1 HTTP/1.1" 200 56276
116.224.253.72 - - [02/Jul/2021:09:19:58 +0800] "POST /xingrg/kc/buy/cgsh_order_operate.html HTTP/1.1" 200 37
116.230.117.165 - - [02/Jul/2021:09:19:58 +0800] "GET /xingrg/kc/buy/cgsh_order_operate.html?command=get_materiel&rest_code=00146&code=00101008210&supplier_code=00100005&order_time=2021-07-02 HTTP/1.1" 200 408
116.230.110.80 - - [02/Jul/2021:09:19:59 +0800] "GET /xingrg/check_reg.html?_=1625188798682 HTTP/1.1" 200 22
114.86.230.2 - - [02/Jul/2021:09:19:59 +0800] "GET /xingrg/all/function/internal_message.html?_=1625188802276&CODE_STATE=getMsg HTTP/1.1" 200 27
114.86.230.2 - - [02/Jul/2021:09:19:59 +0800] "GET /xingrg/check_reg.html?_=1625188802277 HTTP/1.1" 200 22
116.224.253.72 - - [02/Jul/2021:09:19:59 +0800] "POST /xingrg/kc/buy/cgsh_order_operate.html HTTP/1.1" 200 30433
180.162.195.211 - - [02/Jul/2021:09:20:00 +0800] "GET /xingrg/kc/buy/cgsh_order_operate.html?command=get_materiel&rest_code=00105&code=00101007081&supplier_code=00100002&order_time=2021-07-02 HTTP/1.1" 200 433
180.174.237.246 - - [02/Jul/2021:09:20:04 +0800] "GET /xingrg/all/function/internal_message.html?_=1625188812977&CODE_STATE=getMsg HTTP/1.1" 200 27
222.70.176.145 - - [02/Jul/2021:09:20:05 +0800] "GET /xingrg/kc/buy/cgsh_order_operate.html?command=get_materiel&rest_code=00111&code=00101008264&supplier_code=00100005&order_time=2021-07-02 HTTP/1.1" 200 412
180.162.195.211 - - [02/Jul/2021:09:20:05 +0800] "GET /xingrg/all/function/internal_message.html?_=1625188808186&CODE_STATE=getMsg HTTP/1.1" 200 27
116.224.253.72 - - [02/Jul/2021:09:20:07 +0800] "POST /xingrg/kc/buy/cgsh_list_operate.html HTTP/1.1" 200 2411
58.40.7.146 - - [02/Jul/2021:09:20:07 +0800] "GET /xingrg/all/function/internal_message.html?_=1625188809245&CODE_STATE=getMsg HTTP/1.1" 200 27
180.169.147.146 - - [02/Jul/2021:09:20:08 +0800] "GET /xingrg/all/function/internal_message.html?_=1625188810426&CODE_STATE=getMsg HTTP/1.1" 200 27
116.224.253.72 - - [02/Jul/2021:09:20:08 +0800] "POST /xingrg/kc/buy/cgsh_list_operate.html HTTP/1.1" 200 201
116.230.117.165 - - [02/Jul/2021:09:20:11 +0800] "GET /xingrg/kc/buy/cgsh_order_operate.html?command=get_materiel&rest_code=00146&code=00101008017&supplier_code=00100005&order_time=2021-07-02 HTTP/1.1" 200 416
116.224.253.72 - - [02/Jul/2021:09:20:13 +0800] "POST /xingrg/kc/buy/cgsh_list_operate.html HTTP/1.1" 200 4
222.70.176.145 - - [02/Jul/2021:09:20:13 +0800] "GET /xingrg/kc/buy/cgsh_order_operate.html?command=get_materiel&rest_code=00111&code=00101008356&supplier_code=00100005&order_time=2021-07-02 HTTP/1.1" 200 408
116.235.95.53 - - [02/Jul/2021:09:20:15 +0800] "GET /xingrg/all/function/internal_message.html?_=1625188911119&CODE_STATE=getMsg HTTP/1.1" 200 27
116.224.253.72 - - [02/Jul/2021:09:20:17 +0800] "POST /xingrg/kc/buy/cgsh_list_operate.html HTTP/1.1" 200 2051
180.174.237.246 - - [02/Jul/2021:09:20:18 +0800] "GET /xingrg/all/function/internal_message.html?_=1625188790288&CODE_STATE=getMsg HTTP/1.1" 200 27
116.230.117.165 - - [02/Jul/2021:09:20:19 +0800] "GET /xingrg/all/function/internal_message.html?_=1625188841387&CODE_STATE=getMsg HTTP/1.1" 200 27
172.20.0.100 - - [02/Jul/2021:09:20:20 +0800] "GET /xingrg/check_reg.html?_=1625188822363 HTTP/1.1" 200 22
180.162.195.211 - - [02/Jul/2021:09:20:21 +0800] "GET /xingrg/kc/buy/cgsh_order_operate.html?command=get_materiel&rest_code=00105&code=00101007076&supplier_code=00100002&order_time=2021-07-02 HTTP/1.1" 200 408
116.230.117.165 - - [02/Jul/2021:09:20:22 +0800] "GET /xingrg/kc/buy/cgsh_order_operate.html?command=get_materiel&rest_code=00146&code=00101008141&supplier_code=00100005&order_time=2021-07-02 HTTP/1.1" 200 412
101.85.107.54 - - [02/Jul/2021:09:20:23 +0800] "GET /xingrg/all/function/internal_message.html?_=1625188255365&CODE_STATE=getMsg HTTP/1.1" 200 27
222.70.176.145 - - [02/Jul/2021:09:20:24 +0800] "GET /xingrg/kc/buy/cgsh_order_operate.html?command=get_materiel&rest_code=00111&code=00101008196&supplier_code=00100005&order_time=2021-07-02 HTTP/1.1" 200 416
116.224.253.72 - - [02/Jul/2021:09:20:25 +0800] "GET /xingrg/all/function/internal_message.html?_=1625188820892&CODE_STATE=getMsg HTTP/1.1" 200 27
180.169.147.146 - - [02/Jul/2021:09:20:25 +0800] "GET /xingrg/all/function/internal_message.html?_=1625188827458&CODE_STATE=getMsg HTTP/1.1" 200 27
58.37.5.217 - - [02/Jul/2021:09:20:30 +0800] "GET /xingrg/all/function/internal_message.html?_=1625189363037&CODE_STATE=getMsg HTTP/1.1" 200 27
116.230.117.165 - - [02/Jul/2021:09:20:32 +0800] "GET /xingrg/kc/buy/cgsh_order_operate.html?command=get_materiel&rest_code=00146&code=00101008067&supplier_code=00100005&order_time=2021-07-02 HTTP/1.1" 200 416
116.235.222.38 - - [02/Jul/2021:09:20:33 +0800] "GET /xingrg/all/function/internal_message.html?_=1625188826511&CODE_STATE=getMsg HTTP/1.1" 200 27
116.224.253.72 - - [02/Jul/2021:09:20:33 +0800] "GET /xingrg/all/function/internal_message.html?_=1625188831197&CODE_STATE=getMsg HTTP/1.1" 200 27
180.162.195.211 - - [02/Jul/2021:09:20:36 +0800] "POST /xingrg/kc/buy/cgsh_order_operate.html HTTP/1.1" 200 37
180.157.255.9 - - [02/Jul/2021:09:20:38 +0800] "GET /xingrg/all/function/internal_message.html?_=1625188849940&CODE_STATE=getMsg HTTP/1.1" 200 27
180.157.255.9 - - [02/Jul/2021:09:20:39 +0800] "GET /xingrg/check_reg.html?_=1625188850581 HTTP/1.1" 200 22
180.162.195.211 - - [02/Jul/2021:09:20:39 +0800] "POST /xingrg/kc/buy/cgsh_order_operate.html HTTP/1.1" 200 3249
101.93.222.235 - - [02/Jul/2021:09:20:41 +0800] "POST /xingrg/services/DataTransmitService HTTP/1.1" 200 501
101.93.222.235 - - [02/Jul/2021:09:20:41 +0800] "POST /xingrg/services/DataTransmitService HTTP/1.1" 200 501
101.93.222.235 - - [02/Jul/2021:09:20:42 +0800] "POST /xingrg/services/DataTransmitService HTTP/1.1" 200 501
101.93.222.235 - - [02/Jul/2021:09:20:43 +0800] "POST /xingrg/services/DataTransmitService HTTP/1.1" 200 501
101.93.222.235 - - [02/Jul/2021:09:20:44 +0800] "POST /xingrg/services/DataTransmitService HTTP/1.1" 200 501
101.93.222.235 - - [02/Jul/2021:09:20:44 +0800] "POST /xingrg/services/DataTransmitService HTTP/1.1" 200 501
222.70.176.145 - - [02/Jul/2021:09:20:44 +0800] "GET /xingrg/all/function/internal_message.html?_=1625188845206&CODE_STATE=getMsg HTTP/1.1" 200 27
101.93.222.235 - - [02/Jul/2021:09:20:44 +0800] "POST /xingrg/services/DataTransmitService HTTP/1.1" 200 501
116.230.110.80 - - [02/Jul/2021:09:20:45 +0800] "GET /xingrg/all/function/internal_message.html?_=1625188844671&CODE_STATE=getMsg HTTP/1.1" 200 27
101.93.222.235 - - [02/Jul/2021:09:20:45 +0800] "POST /xingrg/services/DataTransmitService HTTP/1.1" 200 501
114.83.223.104 - - [02/Jul/2021:09:20:45 +0800] "GET /xingrg/kc/buy/cgsh_order_operate.html?command=get_materiel&rest_code=00149&code=00101028011&supplier_code=00100019&order_time=2021-07-02 HTTP/1.1" 200 476
101.93.222.235 - - [02/Jul/2021:09:20:45 +0800] "POST /xingrg/services/DataTransmitService HTTP/1.1" 200 501
101.93.222.235 - - [02/Jul/2021:09:20:46 +0800] "POST /xingrg/services/DataTransmitService HTTP/1.1" 200 501
222.70.176.145 - - [02/Jul/2021:09:20:46 +0800] "GET /xingrg/kc/buy/cgsh_order_operate.html?command=get_materiel&rest_code=00111&code=00101008296&supplier_code=00100005&order_time=2021-07-02 HTTP/1.1" 200 435
101.93.222.235 - - [02/Jul/2021:09:20:47 +0800] "POST /xingrg/services/DataTransmitService HTTP/1.1" 200 412
114.83.223.104 - - [02/Jul/2021:09:20:48 +0800] "GET /xingrg/check_reg.html?_=1625188848866 HTTP/1.1" 200 22
180.169.147.146 - - [02/Jul/2021:09:20:50 +0800] "GET /xingrg/all/function/internal_message.html?_=1625188853547&CODE_STATE=getMsg HTTP/1.1" 200 27
114.83.223.104 - - [02/Jul/2021:09:20:50 +0800] "GET /xingrg/all/function/internal_message.html?_=1625188850476&CODE_STATE=getMsg HTTP/1.1" 200 27
222.70.176.145 - - [02/Jul/2021:09:20:54 +0800] "GET /xingrg/kc/buy/cgsh_order_operate.html?command=get_materiel&rest_code=00111&code=00101008353&supplier_code=00100005&order_time=2021-07-02 HTTP/1.1" 200 408
222.70.176.145 - - [02/Jul/2021:09:20:55 +0800] "POST /xingrg/kc/buy/cgsh_order_operate.html HTTP/1.1" 200 2065
180.162.195.211 - - [02/Jul/2021:09:20:59 +0800] "POST /xingrg/kc/buy/cgsh_order_operate.html HTTP/1.1" 200 37
114.86.230.2 - - [02/Jul/2021:09:20:59 +0800] "GET /xingrg/all/function/internal_message.html?_=1625188862262&CODE_STATE=getMsg HTTP/1.1" 200 27
180.162.195.211 - - [02/Jul/2021:09:21:00 +0800] "POST /xingrg/kc/buy/cgsh_order_operate.html HTTP/1.1" 200 3250
180.162.195.211 - - [02/Jul/2021:09:21:01 +0800] "GET /xingrg/kc/print/load_config.html?kc_code=cgsh HTTP/1.1" 200 1845
180.162.195.211 - - [02/Jul/2021:09:21:01 +0800] "GET /xingrg/kc/print/load_data.html?order_code=212021070200505&kc_code=cgsh&condition= HTTP/1.1" 200 972
124.78.9.207 - - [02/Jul/2021:09:21:02 +0800] "GET /favicon.ico HTTP/1.1" 404 -
114.86.230.2 - - [02/Jul/2021:09:21:02 +0800] "GET /xingrg/kc/buy/buy_main.html HTTP/1.1" 200 12412
114.86.230.2 - - [02/Jul/2021:09:21:02 +0800] "GET /xingrg/css/new_ie.css HTTP/1.1" 404 1036
114.86.230.2 - - [02/Jul/2021:09:21:03 +0800] "GET /xingrg/kc/buy/cgsh_order_list.html HTTP/1.1" 200 46937
114.86.230.2 - - [02/Jul/2021:09:21:04 +0800] "POST /xingrg/kc/buy/cgsh_list_operate.html HTTP/1.1" 200 876
114.86.230.2 - - [02/Jul/2021:09:21:04 +0800] "GET /xingrg/javascript/easyui/themes/default/images/button_plain_hover.png HTTP/1.1" 200 144
180.174.237.246 - - [02/Jul/2021:09:21:04 +0800] "GET /xingrg/all/function/internal_message.html?_=1625188872985&CODE_STATE=getMsg HTTP/1.1" 200 27
114.86.230.2 - - [02/Jul/2021:09:21:04 +0800] "GET /xingrg/javascript/jquery_tools/order_manager.js HTTP/1.1" 200 11183
114.86.230.2 - - [02/Jul/2021:09:21:04 +0800] "GET /xingrg/javascript/convert.js HTTP/1.1" 200 1239
114.86.230.2 - - [02/Jul/2021:09:21:04 +0800] "GET /xingrg/javascript/json2.js HTTP/1.1" 200 11259
114.86.230.2 - - [02/Jul/2021:09:21:04 +0800] "GET /xingrg/kc/buy/cgsh_order_add.html HTTP/1.1" 200 62716
114.86.230.2 - - [02/Jul/2021:09:21:04 +0800] "GET /xingrg/words/20210701173311_words.js HTTP/1.1" 200 823388
114.86.230.2 - - [02/Jul/2021:09:21:04 +0800] "GET /xingrg/javascript/print/kc_print.js HTTP/1.1" 200 11415
114.86.230.2 - - [02/Jul/2021:09:21:04 +0800] "GET /xingrg/javascript/easyui/themes/icons/copy_new.png HTTP/1.1" 200 815
114.86.230.2 - - [02/Jul/2021:09:21:04 +0800] "GET /xingrg/javascript/easyui/themes/icons/template_new.png HTTP/1.1" 200 3956
