116.224.253.72 - - [23/Jun/2021:07:04:36 +0800] "GET /xingrg/all/function/internal_message.html?_=1624403056166&CODE_STATE=getMsg HTTP/1.1" 200 27
120.253.135.82 - - [23/Jun/2021:07:04:38 +0800] "POST /xingrg/dwr/call/plaincall/AjaxCgthService.checkOrder.dwr HTTP/1.1" 200 78
222.70.176.108 - - [23/Jun/2021:07:04:38 +0800] "GET /xingrg/all/function/internal_message.html?_=1624403075243&CODE_STATE=getMsg HTTP/1.1" 200 27
120.253.135.82 - - [23/Jun/2021:07:04:39 +0800] "GET /xingrg/kc/buy/cgth_order_info.html?code=232021062200020&part=buyck HTTP/1.1" 200 61985
120.253.135.82 - - [23/Jun/2021:07:04:39 +0800] "GET /xingrg/dwr/interface/AjaxComOrderService.js HTTP/1.1" 200 18264
120.253.135.82 - - [23/Jun/2021:07:04:39 +0800] "GET /xingrg/dwr/interface/AjaxCgthService.js HTTP/1.1" 200 14519
120.253.135.82 - - [23/Jun/2021:07:04:39 +0800] "GET /xingrg/dwr/engine.js HTTP/1.1" 200 43631
120.253.135.82 - - [23/Jun/2021:07:04:41 +0800] "POST /xingrg/all/common/load_tree.html?tree=supplier_tree_json&isDelete=1 HTTP/1.1" 200 56136
120.253.135.82 - - [23/Jun/2021:07:04:41 +0800] "POST /xingrg/dwr/call/plaincall/AjaxCgthService.loadMaterielItems.dwr HTTP/1.1" 200 741
120.253.135.82 - - [23/Jun/2021:07:04:43 +0800] "GET /xingrg/check_reg.html?_=1624402864002 HTTP/1.1" 200 22
120.253.135.82 - - [23/Jun/2021:07:04:44 +0800] "GET /xingrg/kc/buy/cgth_order_list.html?isBack=1 HTTP/1.1" 200 46176
120.253.135.82 - - [23/Jun/2021:07:04:45 +0800] "POST /xingrg/kc/buy/cgth_list_operate.html HTTP/1.1" 200 1035
58.221.95.50 - - [23/Jun/2021:07:05:01 +0800] "GET /xingrg/all/function/internal_message.html?_=1624403099413&CODE_STATE=getMsg HTTP/1.1" 200 27
183.192.95.241 - - [23/Jun/2021:07:05:05 +0800] "GET /xingrg/all/function/internal_message.html?_=1624403102207&CODE_STATE=getMsg HTTP/1.1" 302 -
183.192.95.241 - - [23/Jun/2021:07:05:05 +0800] "GET /xingrg/check_reg.html?_=1624403102211 HTTP/1.1" 302 -
120.253.135.82 - - [23/Jun/2021:07:05:12 +0800] "GET /xingrg/all/function/internal_message.html?_=1624402893156&CODE_STATE=getMsg HTTP/1.1" 200 27
116.230.117.165 - - [23/Jun/2021:07:05:15 +0800] "GET /xingrg/all/function/internal_message.html?_=1624403122147&CODE_STATE=getMsg HTTP/1.1" 200 27
116.224.253.72 - - [23/Jun/2021:07:05:29 +0800] "GET /xingrg/all/function/internal_message.html?_=1624403127855&CODE_STATE=getMsg HTTP/1.1" 200 27
116.235.222.38 - - [23/Jun/2021:07:05:31 +0800] "GET /xingrg/check_reg.html?_=1624403129666 HTTP/1.1" 302 -
116.224.253.72 - - [23/Jun/2021:07:05:36 +0800] "GET /xingrg/all/function/internal_message.html?_=1624403116187&CODE_STATE=getMsg HTTP/1.1" 200 27
222.70.176.108 - - [23/Jun/2021:07:05:38 +0800] "GET /xingrg/all/function/internal_message.html?_=1624403135269&CODE_STATE=getMsg HTTP/1.1" 200 27
58.221.95.50 - - [23/Jun/2021:07:06:01 +0800] "GET /xingrg/all/function/internal_message.html?_=1624403159415&CODE_STATE=getMsg HTTP/1.1" 200 27
116.230.117.165 - - [23/Jun/2021:07:06:01 +0800] "GET /xingrg/check_reg.html?_=1624403168637 HTTP/1.1" 200 22
183.192.95.241 - - [23/Jun/2021:07:06:05 +0800] "GET /xingrg/all/function/internal_message.html?_=1624403162232&CODE_STATE=getMsg HTTP/1.1" 302 -
120.253.135.82 - - [23/Jun/2021:07:06:12 +0800] "GET /xingrg/all/function/internal_message.html?_=1624402953170&CODE_STATE=getMsg HTTP/1.1" 200 27
116.230.117.165 - - [23/Jun/2021:07:06:15 +0800] "GET /xingrg/all/function/internal_message.html?_=1624403182158&CODE_STATE=getMsg HTTP/1.1" 200 27
116.224.253.72 - - [23/Jun/2021:07:06:26 +0800] "GET /xingrg/check_reg.html?_=1624403166529 HTTP/1.1" 200 22
116.224.253.72 - - [23/Jun/2021:07:06:29 +0800] "GET /xingrg/all/function/internal_message.html?_=1624403187845&CODE_STATE=getMsg HTTP/1.1" 200 27
116.224.253.72 - - [23/Jun/2021:07:06:36 +0800] "GET /xingrg/all/function/internal_message.html?_=1624403176194&CODE_STATE=getMsg HTTP/1.1" 200 27
222.70.176.108 - - [23/Jun/2021:07:06:38 +0800] "GET /xingrg/check_reg.html?_=1624403195269 HTTP/1.1" 200 22
222.70.176.108 - - [23/Jun/2021:07:06:38 +0800] "GET /xingrg/all/function/internal_message.html?_=1624403195272&CODE_STATE=getMsg HTTP/1.1" 200 27
58.221.95.50 - - [23/Jun/2021:07:07:01 +0800] "GET /xingrg/all/function/internal_message.html?_=1624403219417&CODE_STATE=getMsg HTTP/1.1" 200 27
58.221.95.50 - - [23/Jun/2021:07:07:01 +0800] "GET /xingrg/check_reg.html?_=1624403219415 HTTP/1.1" 200 22
183.192.95.241 - - [23/Jun/2021:07:07:05 +0800] "GET /xingrg/all/function/internal_message.html?_=1624403222233&CODE_STATE=getMsg HTTP/1.1" 302 -
120.253.135.82 - - [23/Jun/2021:07:07:12 +0800] "GET /xingrg/all/function/internal_message.html?_=1624403013327&CODE_STATE=getMsg HTTP/1.1" 200 27
116.230.117.165 - - [23/Jun/2021:07:07:15 +0800] "GET /xingrg/all/function/internal_message.html?_=1624403242172&CODE_STATE=getMsg HTTP/1.1" 200 27
180.169.147.146 - - [23/Jun/2021:07:07:21 +0800] "GET /xingrg/check_reg.html?_=1624403238142 HTTP/1.1" 200 22
116.224.253.72 - - [23/Jun/2021:07:07:29 +0800] "GET /xingrg/all/function/internal_message.html?_=1624403247863&CODE_STATE=getMsg HTTP/1.1" 200 27
116.224.253.72 - - [23/Jun/2021:07:07:36 +0800] "GET /xingrg/all/function/internal_message.html?_=1624403236207&CODE_STATE=getMsg HTTP/1.1" 200 27
222.70.176.108 - - [23/Jun/2021:07:07:38 +0800] "GET /xingrg/all/function/internal_message.html?_=1624403255271&CODE_STATE=getMsg HTTP/1.1" 200 27
58.221.95.50 - - [23/Jun/2021:07:08:01 +0800] "GET /xingrg/all/function/internal_message.html?_=1624403279418&CODE_STATE=getMsg HTTP/1.1" 200 27
183.192.95.241 - - [23/Jun/2021:07:08:05 +0800] "GET /xingrg/all/function/internal_message.html?_=1624403282233&CODE_STATE=getMsg HTTP/1.1" 302 -
120.253.135.82 - - [23/Jun/2021:07:08:13 +0800] "GET /xingrg/all/function/internal_message.html?_=1624403073338&CODE_STATE=getMsg HTTP/1.1" 200 27
116.230.117.165 - - [23/Jun/2021:07:08:15 +0800] "GET /xingrg/all/function/internal_message.html?_=1624403302187&CODE_STATE=getMsg HTTP/1.1" 200 27
116.224.253.72 - - [23/Jun/2021:07:08:29 +0800] "GET /xingrg/all/function/internal_message.html?_=1624403307863&CODE_STATE=getMsg HTTP/1.1" 200 27
116.224.253.72 - - [23/Jun/2021:07:08:36 +0800] "GET /xingrg/all/function/internal_message.html?_=1624403296228&CODE_STATE=getMsg HTTP/1.1" 200 27
222.70.176.108 - - [23/Jun/2021:07:08:38 +0800] "GET /xingrg/all/function/internal_message.html?_=1624403315271&CODE_STATE=getMsg HTTP/1.1" 200 27
58.221.95.50 - - [23/Jun/2021:07:09:01 +0800] "GET /xingrg/all/function/internal_message.html?_=1624403339418&CODE_STATE=getMsg HTTP/1.1" 200 27
183.192.95.241 - - [23/Jun/2021:07:09:05 +0800] "GET /xingrg/all/function/internal_message.html?_=1624403342232&CODE_STATE=getMsg HTTP/1.1" 302 -
120.253.135.82 - - [23/Jun/2021:07:09:13 +0800] "GET /xingrg/all/function/internal_message.html?_=1624403133492&CODE_STATE=getMsg HTTP/1.1" 200 27
116.230.117.165 - - [23/Jun/2021:07:09:15 +0800] "GET /xingrg/all/function/internal_message.html?_=1624403362198&CODE_STATE=getMsg HTTP/1.1" 200 27
116.224.253.72 - - [23/Jun/2021:07:09:29 +0800] "GET /xingrg/check_reg.html?_=1624403367867 HTTP/1.1" 200 22
116.224.253.72 - - [23/Jun/2021:07:09:29 +0800] "GET /xingrg/all/function/internal_message.html?_=1624403367868&CODE_STATE=getMsg HTTP/1.1" 200 27
116.224.253.72 - - [23/Jun/2021:07:09:36 +0800] "GET /xingrg/all/function/internal_message.html?_=1624403356235&CODE_STATE=getMsg HTTP/1.1" 200 27
222.70.176.108 - - [23/Jun/2021:07:09:38 +0800] "GET /xingrg/all/function/internal_message.html?_=1624403375271&CODE_STATE=getMsg HTTP/1.1" 200 27
120.253.135.82 - - [23/Jun/2021:07:09:43 +0800] "GET /xingrg/check_reg.html?_=1624403164012 HTTP/1.1" 200 22
120.253.135.82 - - [23/Jun/2021:07:09:49 +0800] "GET /xingrg/kc/buy/cgsh_order_list.html HTTP/1.1" 200 46773
120.253.135.82 - - [23/Jun/2021:07:09:50 +0800] "POST /xingrg/kc/buy/cgsh_list_operate.html HTTP/1.1" 200 876
120.253.135.82 - - [23/Jun/2021:07:09:51 +0800] "GET /xingrg/kc/buy/cgsh_order_add.html HTTP/1.1" 200 61572
120.253.135.82 - - [23/Jun/2021:07:09:51 +0800] "GET /xingrg/javascript/jquery_tools/order_manager.js HTTP/1.1" 200 11183
120.253.135.82 - - [23/Jun/2021:07:09:51 +0800] "GET /xingrg/javascript/json2.js HTTP/1.1" 200 11259
120.253.135.82 - - [23/Jun/2021:07:09:51 +0800] "GET /xingrg/words/20210622093217_words.js HTTP/1.1" 200 822092
120.253.135.82 - - [23/Jun/2021:07:09:51 +0800] "GET /xingrg/javascript/easyui/themes/icons/template_new.png HTTP/1.1" 200 3956
120.253.135.82 - - [23/Jun/2021:07:09:52 +0800] "POST /xingrg/kc/buy/cgsh_order_operate.html HTTP/1.1" 200 8245
120.253.135.82 - - [23/Jun/2021:07:09:52 +0800] "GET /xingrg/all/common/auto_word.html?type=employee&rest_code=00101 HTTP/1.1" 200 1077
120.253.135.82 - - [23/Jun/2021:07:09:52 +0800] "GET /xingrg/all/common/auto_word.html?type=employee&rest_code=00101 HTTP/1.1" 200 1077
120.253.135.82 - - [23/Jun/2021:07:09:52 +0800] "GET /xingrg/javascript/easyui/themes/default/validatebox.css HTTP/1.1" 404 1104
120.253.135.82 - - [23/Jun/2021:07:09:52 +0800] "GET /xingrg/javascript/easyui/plugins/jquery.validatebox.js HTTP/1.1" 200 6103
120.253.135.82 - - [23/Jun/2021:07:09:52 +0800] "GET /xingrg/javascript/easyui/plugins/jquery.numberbox.js HTTP/1.1" 200 5213
58.221.95.50 - - [23/Jun/2021:07:10:01 +0800] "GET /xingrg/all/function/internal_message.html?_=1624403399446&CODE_STATE=getMsg HTTP/1.1" 200 27
120.253.135.82 - - [23/Jun/2021:07:10:03 +0800] "POST /xingrg/all/common/load_combo.html?type=employee HTTP/1.1" 200 1928
183.192.95.241 - - [23/Jun/2021:07:10:05 +0800] "GET /xingrg/check_reg.html?_=1624403402231 HTTP/1.1" 302 -
183.192.95.241 - - [23/Jun/2021:07:10:05 +0800] "GET /xingrg/all/function/internal_message.html?_=1624403402233&CODE_STATE=getMsg HTTP/1.1" 302 -
120.253.135.82 - - [23/Jun/2021:07:10:13 +0800] "GET /xingrg/all/function/internal_message.html?_=1624403193505&CODE_STATE=getMsg HTTP/1.1" 200 27
116.230.117.165 - - [23/Jun/2021:07:10:15 +0800] "GET /xingrg/all/function/internal_message.html?_=1624403422216&CODE_STATE=getMsg HTTP/1.1" 200 27
120.253.135.82 - - [23/Jun/2021:07:10:18 +0800] "GET /xingrg/kc/buy/cgsh_order_operate.html?command=get_materiel&rest_code=00101&code=00102002417&supplier_code=00100127&order_time=2021-06-23 HTTP/1.1" 200 433
116.224.253.72 - - [23/Jun/2021:07:10:29 +0800] "GET /xingrg/all/function/internal_message.html?_=1624403427870&CODE_STATE=getMsg HTTP/1.1" 200 27
116.235.222.38 - - [23/Jun/2021:07:10:31 +0800] "GET /xingrg/check_reg.html?_=1624403429660 HTTP/1.1" 302 -
120.253.135.82 - - [23/Jun/2021:07:10:31 +0800] "POST /xingrg/kc/buy/cgsh_order_operate.html HTTP/1.1" 200 37
120.253.135.82 - - [23/Jun/2021:07:10:33 +0800] "POST /xingrg/kc/buy/cgsh_order_operate.html HTTP/1.1" 200 2665
120.253.135.82 - - [23/Jun/2021:07:10:35 +0800] "GET /xingrg/kc/print/load_config.html?kc_code=cgsh HTTP/1.1" 200 1845
120.253.135.82 - - [23/Jun/2021:07:10:35 +0800] "GET /xingrg/kc/print/load_data.html?order_code=212021062310333&kc_code=cgsh&condition= HTTP/1.1" 200 742
116.224.253.72 - - [23/Jun/2021:07:10:36 +0800] "GET /xingrg/all/function/internal_message.html?_=1624403416257&CODE_STATE=getMsg HTTP/1.1" 200 27
222.70.176.108 - - [23/Jun/2021:07:10:38 +0800] "GET /xingrg/all/function/internal_message.html?_=1624403435286&CODE_STATE=getMsg HTTP/1.1" 200 27
120.253.135.82 - - [23/Jun/2021:07:10:56 +0800] "POST /xingrg/kc/buy/cgsh_order_operate.html HTTP/1.1" 200 37
120.253.135.82 - - [23/Jun/2021:07:10:59 +0800] "POST /xingrg/kc/buy/cgsh_order_operate.html HTTP/1.1" 200 12
120.253.135.82 - - [23/Jun/2021:07:11:01 +0800] "GET /xingrg/kc/buy/cgsh_order_info.html?code=212021062310333 HTTP/1.1" 200 56480
58.221.95.50 - - [23/Jun/2021:07:11:01 +0800] "GET /xingrg/all/function/internal_message.html?_=1624403459447&CODE_STATE=getMsg HTTP/1.1" 200 27
116.230.117.165 - - [23/Jun/2021:07:11:01 +0800] "GET /xingrg/check_reg.html?_=1624403468641 HTTP/1.1" 200 22
120.253.135.82 - - [23/Jun/2021:07:11:02 +0800] "GET /xingrg/javascript/easyui/themes/default/validatebox.css HTTP/1.1" 404 1104
120.253.135.82 - - [23/Jun/2021:07:11:02 +0800] "POST /xingrg/kc/buy/cgsh_order_operate.html HTTP/1.1" 200 615
183.192.95.241 - - [23/Jun/2021:07:11:05 +0800] "GET /xingrg/all/function/internal_message.html?_=1624403462230&CODE_STATE=getMsg HTTP/1.1" 302 -
120.253.135.82 - - [23/Jun/2021:07:11:13 +0800] "GET /xingrg/all/function/internal_message.html?_=1624403253519&CODE_STATE=getMsg HTTP/1.1" 200 27
116.230.117.165 - - [23/Jun/2021:07:11:15 +0800] "GET /xingrg/all/function/internal_message.html?_=1624403482226&CODE_STATE=getMsg HTTP/1.1" 200 27
116.224.253.72 - - [23/Jun/2021:07:11:26 +0800] "GET /xingrg/check_reg.html?_=1624403466527 HTTP/1.1" 200 22
116.224.253.72 - - [23/Jun/2021:07:11:29 +0800] "GET /xingrg/all/function/internal_message.html?_=1624403487870&CODE_STATE=getMsg HTTP/1.1" 200 27
116.224.253.72 - - [23/Jun/2021:07:11:36 +0800] "GET /xingrg/all/function/internal_message.html?_=1624403476262&CODE_STATE=getMsg HTTP/1.1" 200 27
222.70.176.108 - - [23/Jun/2021:07:11:38 +0800] "GET /xingrg/check_reg.html?_=1624403495268 HTTP/1.1" 200 22
222.70.176.108 - - [23/Jun/2021:07:11:38 +0800] "GET /xingrg/all/function/internal_message.html?_=1624403495269&CODE_STATE=getMsg HTTP/1.1" 200 27
58.221.95.50 - - [23/Jun/2021:07:12:01 +0800] "GET /xingrg/check_reg.html?_=1624403519448 HTTP/1.1" 200 22
58.221.95.50 - - [23/Jun/2021:07:12:01 +0800] "GET /xingrg/all/function/internal_message.html?_=1624403519450&CODE_STATE=getMsg HTTP/1.1" 200 27
183.192.95.241 - - [23/Jun/2021:07:12:05 +0800] "GET /xingrg/all/function/internal_message.html?_=1624403522230&CODE_STATE=getMsg HTTP/1.1" 302 -
120.253.135.82 - - [23/Jun/2021:07:12:13 +0800] "GET /xingrg/all/function/internal_message.html?_=1624403313533&CODE_STATE=getMsg HTTP/1.1" 200 27
116.230.117.165 - - [23/Jun/2021:07:12:15 +0800] "GET /xingrg/all/function/internal_message.html?_=1624403542240&CODE_STATE=getMsg HTTP/1.1" 200 27
180.169.147.146 - - [23/Jun/2021:07:12:21 +0800] "GET /xingrg/check_reg.html?_=1624403538189 HTTP/1.1" 200 22
116.224.253.72 - - [23/Jun/2021:07:12:30 +0800] "GET /xingrg/all/function/internal_message.html?_=1624403547877&CODE_STATE=getMsg HTTP/1.1" 200 27
116.224.253.72 - - [23/Jun/2021:07:12:36 +0800] "GET /xingrg/all/function/internal_message.html?_=1624403536275&CODE_STATE=getMsg HTTP/1.1" 200 27
222.70.176.108 - - [23/Jun/2021:07:12:38 +0800] "GET /xingrg/all/function/internal_message.html?_=1624403555267&CODE_STATE=getMsg HTTP/1.1" 200 27
58.221.95.50 - - [23/Jun/2021:07:13:01 +0800] "GET /xingrg/all/function/internal_message.html?_=1624403579433&CODE_STATE=getMsg HTTP/1.1" 200 27
183.192.95.241 - - [23/Jun/2021:07:13:05 +0800] "GET /xingrg/all/function/internal_message.html?_=1624403582232&CODE_STATE=getMsg HTTP/1.1" 302 -
120.253.135.82 - - [23/Jun/2021:07:13:13 +0800] "GET /xingrg/all/function/internal_message.html?_=1624403373694&CODE_STATE=getMsg HTTP/1.1" 200 27
116.230.117.165 - - [23/Jun/2021:07:13:15 +0800] "GET /xingrg/all/function/internal_message.html?_=1624403602256&CODE_STATE=getMsg HTTP/1.1" 200 27
116.224.253.72 - - [23/Jun/2021:07:13:29 +0800] "GET /xingrg/all/function/internal_message.html?_=1624403607868&CODE_STATE=getMsg HTTP/1.1" 200 27
116.224.253.72 - - [23/Jun/2021:07:13:36 +0800] "GET /xingrg/all/function/internal_message.html?_=1624403596296&CODE_STATE=getMsg HTTP/1.1" 200 27
222.70.176.108 - - [23/Jun/2021:07:13:38 +0800] "GET /xingrg/all/function/internal_message.html?_=1624403615268&CODE_STATE=getMsg HTTP/1.1" 200 27
58.221.95.50 - - [23/Jun/2021:07:14:01 +0800] "GET /xingrg/all/function/internal_message.html?_=1624403639435&CODE_STATE=getMsg HTTP/1.1" 200 27
183.192.95.241 - - [23/Jun/2021:07:14:05 +0800] "GET /xingrg/all/function/internal_message.html?_=1624403642232&CODE_STATE=getMsg HTTP/1.1" 302 -
120.253.135.82 - - [23/Jun/2021:07:14:13 +0800] "GET /xingrg/all/function/internal_message.html?_=1624403433861&CODE_STATE=getMsg HTTP/1.1" 200 27
116.230.117.165 - - [23/Jun/2021:07:14:15 +0800] "GET /xingrg/all/function/internal_message.html?_=1624403662267&CODE_STATE=getMsg HTTP/1.1" 200 27
120.253.135.82 - - [23/Jun/2021:07:14:18 +0800] "GET /xingrg/kc/report/report_main.html HTTP/1.1" 200 9370
120.253.135.82 - - [23/Jun/2021:07:14:18 +0800] "GET /xingrg/javascript/jquery_ui/themes/humanity/humanity.css HTTP/1.1" 200 27801
120.253.135.82 - - [23/Jun/2021:07:14:19 +0800] "POST /xingrg/kc/buy/cgsh_list_operate.html HTTP/1.1" 200 876
120.253.135.82 - - [23/Jun/2021:07:14:19 +0800] "GET /xingrg/kc/base/kc_stocks.html HTTP/1.1" 200 16431
120.253.135.82 - - [23/Jun/2021:07:14:20 +0800] "GET /xingrg/javascript/easyui/themes/sunny/easyui.css HTTP/1.1" 200 34304
120.253.135.82 - - [23/Jun/2021:07:14:20 +0800] "GET /xingrg/javascript/easyui/plugins/jquery.draggable.js HTTP/1.1" 200 6121
120.253.135.82 - - [23/Jun/2021:07:14:20 +0800] "GET /xingrg/all/common/auto_word.html?type=base&rest_code=00101 HTTP/1.1" 200 613
120.253.135.82 - - [23/Jun/2021:07:14:20 +0800] "GET /xingrg/javascript/easyui/plugins/jquery.droppable.js HTTP/1.1" 200 1167
120.253.135.82 - - [23/Jun/2021:07:14:20 +0800] "GET /xingrg/javascript/easyui/themes/default/tree.css HTTP/1.1" 404 1090
120.253.135.82 - - [23/Jun/2021:07:14:20 +0800] "GET /xingrg/javascript/easyui/plugins/jquery.tree.js HTTP/1.1" 200 20874
120.253.135.82 - - [23/Jun/2021:07:14:20 +0800] "POST /xingrg/all/common/load_tree.html?tree=materiel_sort_tree_json HTTP/1.1" 200 8666
120.253.135.82 - - [23/Jun/2021:07:14:21 +0800] "POST /xingrg/all/common/load_combo.html?type=base HTTP/1.1" 200 1075
120.253.135.82 - - [23/Jun/2021:07:14:29 +0800] "POST /xingrg/kc/base/stock_operate.html HTTP/1.1" 200 1463
116.224.253.72 - - [23/Jun/2021:07:14:29 +0800] "GET /xingrg/check_reg.html?_=1624403667870 HTTP/1.1" 200 22
116.224.253.72 - - [23/Jun/2021:07:14:29 +0800] "GET /xingrg/all/function/internal_message.html?_=1624403667868&CODE_STATE=getMsg HTTP/1.1" 200 27
116.224.253.72 - - [23/Jun/2021:07:14:36 +0800] "GET /xingrg/all/function/internal_message.html?_=1624403656302&CODE_STATE=getMsg HTTP/1.1" 200 27
120.253.135.82 - - [23/Jun/2021:07:14:37 +0800] "POST /xingrg/kc/base/stock_operate.html HTTP/1.1" 200 1715
222.70.176.108 - - [23/Jun/2021:07:14:38 +0800] "GET /xingrg/all/function/internal_message.html?_=1624403675268&CODE_STATE=getMsg HTTP/1.1" 200 27
120.253.135.82 - - [23/Jun/2021:07:14:43 +0800] "GET /xingrg/check_reg.html?_=1624403464167 HTTP/1.1" 200 22
120.253.135.82 - - [23/Jun/2021:07:14:54 +0800] "POST /xingrg/kc/base/stock_operate.html HTTP/1.1" 200 1712
58.221.95.50 - - [23/Jun/2021:07:15:01 +0800] "GET /xingrg/all/function/internal_message.html?_=1624403699435&CODE_STATE=getMsg HTTP/1.1" 200 27
183.192.95.241 - - [23/Jun/2021:07:15:05 +0800] "GET /xingrg/check_reg.html?_=1624403702232 HTTP/1.1" 302 -
183.192.95.241 - - [23/Jun/2021:07:15:05 +0800] "GET /xingrg/all/function/internal_message.html?_=1624403702236&CODE_STATE=getMsg HTTP/1.1" 302 -
120.253.135.82 - - [23/Jun/2021:07:15:13 +0800] "GET /xingrg/all/function/internal_message.html?_=1624403493870&CODE_STATE=getMsg HTTP/1.1" 200 27
116.230.117.165 - - [23/Jun/2021:07:15:15 +0800] "GET /xingrg/all/function/internal_message.html?_=1624403722283&CODE_STATE=getMsg HTTP/1.1" 200 27
120.253.135.82 - - [23/Jun/2021:07:15:23 +0800] "POST /xingrg/kc/base/stock_operate.html HTTP/1.1" 200 1463
116.224.253.72 - - [23/Jun/2021:07:15:29 +0800] "GET /xingrg/all/function/internal_message.html?_=1624403727872&CODE_STATE=getMsg HTTP/1.1" 200 27
116.235.222.38 - - [23/Jun/2021:07:15:31 +0800] "GET /xingrg/check_reg.html?_=1624403729640 HTTP/1.1" 302 -
120.253.135.82 - - [23/Jun/2021:07:15:34 +0800] "POST /xingrg/kc/base/stock_operate.html HTTP/1.1" 200 1459
116.224.253.72 - - [23/Jun/2021:07:15:36 +0800] "GET /xingrg/all/function/internal_message.html?_=1624403716324&CODE_STATE=getMsg HTTP/1.1" 200 27
222.70.176.108 - - [23/Jun/2021:07:15:38 +0800] "GET /xingrg/all/function/internal_message.html?_=1624403735269&CODE_STATE=getMsg HTTP/1.1" 200 27
120.253.135.82 - - [23/Jun/2021:07:15:49 +0800] "POST /xingrg/kc/base/stock_operate.html HTTP/1.1" 200 1459
58.221.95.50 - - [23/Jun/2021:07:16:01 +0800] "GET /xingrg/all/function/internal_message.html?_=1624403759465&CODE_STATE=getMsg HTTP/1.1" 200 27
116.230.117.165 - - [23/Jun/2021:07:16:01 +0800] "GET /xingrg/check_reg.html?_=1624403768649 HTTP/1.1" 200 22
120.253.135.82 - - [23/Jun/2021:07:16:03 +0800] "POST /xingrg/kc/base/stock_operate.html HTTP/1.1" 200 1459
183.192.95.241 - - [23/Jun/2021:07:16:05 +0800] "GET /xingrg/all/function/internal_message.html?_=1624403762221&CODE_STATE=getMsg HTTP/1.1" 302 -
120.253.135.82 - - [23/Jun/2021:07:16:13 +0800] "GET /xingrg/all/function/internal_message.html?_=1624403553883&CODE_STATE=getMsg HTTP/1.1" 200 27
116.230.117.165 - - [23/Jun/2021:07:16:15 +0800] "GET /xingrg/all/function/internal_message.html?_=1624403782293&CODE_STATE=getMsg HTTP/1.1" 200 27
116.224.253.72 - - [23/Jun/2021:07:16:26 +0800] "GET /xingrg/check_reg.html?_=1624403766532 HTTP/1.1" 200 22
116.224.253.72 - - [23/Jun/2021:07:16:29 +0800] "GET /xingrg/all/function/internal_message.html?_=1624403787871&CODE_STATE=getMsg HTTP/1.1" 200 27
116.224.253.72 - - [23/Jun/2021:07:16:36 +0800] "GET /xingrg/all/function/internal_message.html?_=1624403776330&CODE_STATE=getMsg HTTP/1.1" 200 27
120.253.135.82 - - [23/Jun/2021:07:16:38 +0800] "POST /xingrg/kc/base/stock_operate.html HTTP/1.1" 200 1462
222.70.176.108 - - [23/Jun/2021:07:16:38 +0800] "GET /xingrg/check_reg.html?_=1624403795270 HTTP/1.1" 200 22
222.70.176.108 - - [23/Jun/2021:07:16:38 +0800] "GET /xingrg/all/function/internal_message.html?_=1624403795272&CODE_STATE=getMsg HTTP/1.1" 200 27
58.221.95.50 - - [23/Jun/2021:07:17:01 +0800] "GET /xingrg/all/function/internal_message.html?_=1624403819464&CODE_STATE=getMsg HTTP/1.1" 200 27
58.221.95.50 - - [23/Jun/2021:07:17:01 +0800] "GET /xingrg/check_reg.html?_=1624403819466 HTTP/1.1" 200 22
183.192.95.241 - - [23/Jun/2021:07:17:05 +0800] "GET /xingrg/all/function/internal_message.html?_=1624403822222&CODE_STATE=getMsg HTTP/1.1" 302 -
120.253.135.82 - - [23/Jun/2021:07:17:13 +0800] "GET /xingrg/all/function/internal_message.html?_=1624403613897&CODE_STATE=getMsg HTTP/1.1" 200 27
116.230.117.165 - - [23/Jun/2021:07:17:15 +0800] "GET /xingrg/all/function/internal_message.html?_=1624403842307&CODE_STATE=getMsg HTTP/1.1" 200 27
180.169.147.146 - - [23/Jun/2021:07:17:21 +0800] "GET /xingrg/check_reg.html?_=1624403838181 HTTP/1.1" 200 22
120.253.135.82 - - [23/Jun/2021:07:17:24 +0800] "POST /xingrg/kc/base/stock_operate.html HTTP/1.1" 200 1714
116.224.253.72 - - [23/Jun/2021:07:17:29 +0800] "GET /xingrg/all/function/internal_message.html?_=1624403847870&CODE_STATE=getMsg HTTP/1.1" 200 27
120.253.135.82 - - [23/Jun/2021:07:17:34 +0800] "POST /xingrg/kc/base/stock_operate.html HTTP/1.1" 200 1465
116.224.253.72 - - [23/Jun/2021:07:17:36 +0800] "GET /xingrg/all/function/internal_message.html?_=1624403836344&CODE_STATE=getMsg HTTP/1.1" 200 27
222.70.176.108 - - [23/Jun/2021:07:17:38 +0800] "GET /xingrg/all/function/internal_message.html?_=1624403855272&CODE_STATE=getMsg HTTP/1.1" 200 27
58.221.95.50 - - [23/Jun/2021:07:18:01 +0800] "GET /xingrg/all/function/internal_message.html?_=1624403879464&CODE_STATE=getMsg HTTP/1.1" 200 27
183.192.95.241 - - [23/Jun/2021:07:18:05 +0800] "GET /xingrg/all/function/internal_message.html?_=1624403882222&CODE_STATE=getMsg HTTP/1.1" 302 -
120.253.135.82 - - [23/Jun/2021:07:18:13 +0800] "GET /xingrg/all/function/internal_message.html?_=1624403673910&CODE_STATE=getMsg HTTP/1.1" 200 27
116.230.117.165 - - [23/Jun/2021:07:18:15 +0800] "GET /xingrg/all/function/internal_message.html?_=1624403902325&CODE_STATE=getMsg HTTP/1.1" 200 27
116.224.253.72 - - [23/Jun/2021:07:18:29 +0800] "GET /xingrg/all/function/internal_message.html?_=1624403907869&CODE_STATE=getMsg HTTP/1.1" 200 27
116.224.253.72 - - [23/Jun/2021:07:18:36 +0800] "GET /xingrg/all/function/internal_message.html?_=1624403896364&CODE_STATE=getMsg HTTP/1.1" 200 27
222.70.176.108 - - [23/Jun/2021:07:18:38 +0800] "GET /xingrg/all/function/internal_message.html?_=1624403915273&CODE_STATE=getMsg HTTP/1.1" 200 27
120.253.135.82 - - [23/Jun/2021:07:18:58 +0800] "GET /xingrg/javascript/jquery_easy_ui/themes/default/images/tabs_active.png HTTP/1.1" 200 2894
58.221.95.50 - - [23/Jun/2021:07:19:01 +0800] "GET /xingrg/all/function/internal_message.html?_=1624403939464&CODE_STATE=getMsg HTTP/1.1" 200 27
120.253.135.82 - - [23/Jun/2021:07:19:03 +0800] "GET /xingrg/kc/buy/cgsh_order_list.html HTTP/1.1" 200 46773
120.253.135.82 - - [23/Jun/2021:07:19:04 +0800] "POST /xingrg/kc/buy/cgsh_list_operate.html HTTP/1.1" 200 876
183.192.95.241 - - [23/Jun/2021:07:19:05 +0800] "GET /xingrg/all/function/internal_message.html?_=1624403942232&CODE_STATE=getMsg HTTP/1.1" 302 -
120.253.135.82 - - [23/Jun/2021:07:19:10 +0800] "POST /xingrg/kc/buy/cgsh_list_operate.html HTTP/1.1" 200 876
120.253.135.82 - - [23/Jun/2021:07:19:13 +0800] "GET /xingrg/all/function/internal_message.html?_=1624403733924&CODE_STATE=getMsg HTTP/1.1" 200 27
120.253.135.82 - - [23/Jun/2021:07:19:13 +0800] "GET /xingrg/kc/buy/cgth_order_list.html HTTP/1.1" 200 46176
120.253.135.82 - - [23/Jun/2021:07:19:13 +0800] "POST /xingrg/kc/buy/cgth_list_operate.html HTTP/1.1" 200 1035
116.230.117.165 - - [23/Jun/2021:07:19:15 +0800] "GET /xingrg/all/function/internal_message.html?_=1624403962335&CODE_STATE=getMsg HTTP/1.1" 200 27
120.253.135.82 - - [23/Jun/2021:07:19:17 +0800] "GET /xingrg/kc/pszx/mdqp_order_list.html?state=10 HTTP/1.1" 200 10213
120.253.135.82 - - [23/Jun/2021:07:19:17 +0800] "GET /xingrg/dwr/interface/AjaxReportQueryService.js HTTP/1.1" 200 13203
120.253.135.82 - - [23/Jun/2021:07:19:17 +0800] "GET /xingrg/dwr/interface/AjaxQqpsService.js HTTP/1.1" 200 16326
120.253.135.82 - - [23/Jun/2021:07:19:17 +0800] "GET /xingrg/dwr/engine.js HTTP/1.1" 200 43631
120.253.135.82 - - [23/Jun/2021:07:19:20 +0800] "GET /xingrg/kc/pszx/mdps_order_list.html?orderType=0 HTTP/1.1" 200 20920
120.253.135.82 - - [23/Jun/2021:07:19:20 +0800] "GET /xingrg/javascript/easyui/themes/icons/import_new.png HTTP/1.1" 200 1247
120.253.135.82 - - [23/Jun/2021:07:19:20 +0800] "POST /xingrg/kc/pszx/mdps_list_operate.html HTTP/1.1" 200 5410
116.224.253.72 - - [23/Jun/2021:07:19:30 +0800] "GET /xingrg/all/function/internal_message.html?_=1624403967891&CODE_STATE=getMsg HTTP/1.1" 200 27
116.224.253.72 - - [23/Jun/2021:07:19:30 +0800] "GET /xingrg/check_reg.html?_=1624403967895 HTTP/1.1" 200 22
116.224.253.72 - - [23/Jun/2021:07:19:36 +0800] "GET /xingrg/all/function/internal_message.html?_=1624403956370&CODE_STATE=getMsg HTTP/1.1" 200 27
222.70.176.108 - - [23/Jun/2021:07:19:38 +0800] "GET /xingrg/all/function/internal_message.html?_=1624403975299&CODE_STATE=getMsg HTTP/1.1" 200 27
120.253.135.82 - - [23/Jun/2021:07:19:38 +0800] "POST /xingrg/kc/pszx/mdps_list_operate.html HTTP/1.1" 200 3550
120.253.135.82 - - [23/Jun/2021:07:19:41 +0800] "POST /xingrg/kc/pszx/mdps_list_operate.html HTTP/1.1" 200 277
120.253.135.82 - - [23/Jun/2021:07:19:42 +0800] "POST /xingrg/kc/pszx/mdps_list_operate.html HTTP/1.1" 200 384
120.253.135.82 - - [23/Jun/2021:07:19:43 +0800] "GET /xingrg/check_reg.html?_=1624403764174 HTTP/1.1" 200 22
120.253.135.82 - - [23/Jun/2021:07:19:44 +0800] "GET /xingrg/kc/pszx/mdps_order_info.html?code=312021062200521 HTTP/1.1" 200 23931
64.225.26.218 - - [23/Jun/2021:07:19:45 +0800] "POST /json_rpc HTTP/1.0" 404 -
120.253.135.82 - - [23/Jun/2021:07:19:45 +0800] "GET /xingrg/javascript/easyui/themes/default/validatebox.css HTTP/1.1" 404 1104
120.253.135.82 - - [23/Jun/2021:07:19:45 +0800] "POST /xingrg/kc/pszx/mdps_order_operate.html HTTP/1.1" 200 3311
58.221.95.50 - - [23/Jun/2021:07:20:01 +0800] "GET /xingrg/all/function/internal_message.html?_=1624403999464&CODE_STATE=getMsg HTTP/1.1" 200 27
183.192.95.241 - - [23/Jun/2021:07:20:05 +0800] "GET /xingrg/all/function/internal_message.html?_=1624404002233&CODE_STATE=getMsg HTTP/1.1" 302 -
183.192.95.241 - - [23/Jun/2021:07:20:05 +0800] "GET /xingrg/check_reg.html?_=1624404002235 HTTP/1.1" 302 -
120.253.135.82 - - [23/Jun/2021:07:20:08 +0800] "POST /xingrg/kc/pszx/mdps_list_operate.html HTTP/1.1" 200 644
120.253.135.82 - - [23/Jun/2021:07:20:11 +0800] "POST /xingrg/kc/pszx/mdps_list_operate.html HTTP/1.1" 200 614
120.253.135.82 - - [23/Jun/2021:07:20:13 +0800] "GET /xingrg/all/function/internal_message.html?_=1624403793938&CODE_STATE=getMsg HTTP/1.1" 200 27
120.253.135.82 - - [23/Jun/2021:07:20:14 +0800] "POST /xingrg/kc/pszx/mdps_list_operate.html HTTP/1.1" 200 443
116.230.117.165 - - [23/Jun/2021:07:20:15 +0800] "GET /xingrg/all/function/internal_message.html?_=1624404022349&CODE_STATE=getMsg HTTP/1.1" 200 27
120.253.135.82 - - [23/Jun/2021:07:20:19 +0800] "GET /xingrg/kc/pszx/mdps_order_info.html?code=312021062200524 HTTP/1.1" 200 23931
120.253.135.82 - - [23/Jun/2021:07:20:19 +0800] "GET /xingrg/javascript/easyui/themes/default/validatebox.css HTTP/1.1" 404 1104
120.253.135.82 - - [23/Jun/2021:07:20:19 +0800] "POST /xingrg/kc/pszx/mdps_order_operate.html HTTP/1.1" 200 3779
116.224.253.72 - - [23/Jun/2021:07:20:29 +0800] "GET /xingrg/all/function/internal_message.html?_=1624404027893&CODE_STATE=getMsg HTTP/1.1" 200 27
116.235.222.38 - - [23/Jun/2021:07:20:31 +0800] "GET /xingrg/check_reg.html?_=1624404029629 HTTP/1.1" 302 -
116.224.253.72 - - [23/Jun/2021:07:20:36 +0800] "GET /xingrg/all/function/internal_message.html?_=1624404016391&CODE_STATE=getMsg HTTP/1.1" 200 27
222.70.176.108 - - [23/Jun/2021:07:20:38 +0800] "GET /xingrg/all/function/internal_message.html?_=1624404035298&CODE_STATE=getMsg HTTP/1.1" 200 27
58.221.95.50 - - [23/Jun/2021:07:21:01 +0800] "GET /xingrg/all/function/internal_message.html?_=1624404059466&CODE_STATE=getMsg HTTP/1.1" 200 27
116.230.117.165 - - [23/Jun/2021:07:21:01 +0800] "GET /xingrg/check_reg.html?_=1624404068649 HTTP/1.1" 200 22
183.192.95.241 - - [23/Jun/2021:07:21:05 +0800] "GET /xingrg/all/function/internal_message.html?_=1624404062234&CODE_STATE=getMsg HTTP/1.1" 302 -
120.253.135.82 - - [23/Jun/2021:07:21:13 +0800] "GET /xingrg/all/function/internal_message.html?_=1624403854123&CODE_STATE=getMsg HTTP/1.1" 200 27
116.230.117.165 - - [23/Jun/2021:07:21:15 +0800] "GET /xingrg/all/function/internal_message.html?_=1624404082361&CODE_STATE=getMsg HTTP/1.1" 200 27
120.253.135.82 - - [23/Jun/2021:07:21:24 +0800] "POST /xingrg/kc/pszx/mdps_list_operate.html HTTP/1.1" 200 3550
120.253.135.82 - - [23/Jun/2021:07:21:26 +0800] "POST /xingrg/kc/pszx/mdps_list_operate.html HTTP/1.1" 200 384
116.224.253.72 - - [23/Jun/2021:07:21:26 +0800] "GET /xingrg/check_reg.html?_=1624404066540 HTTP/1.1" 200 22
120.253.135.82 - - [23/Jun/2021:07:21:27 +0800] "GET /xingrg/kc/pszx/mdps_order_info.html?code=312021062200521 HTTP/1.1" 200 23931
120.253.135.82 - - [23/Jun/2021:07:21:27 +0800] "POST /xingrg/kc/pszx/mdps_order_operate.html HTTP/1.1" 200 3311
120.253.135.82 - - [23/Jun/2021:07:21:27 +0800] "GET /xingrg/javascript/easyui/themes/default/validatebox.css HTTP/1.1" 404 1104
116.224.253.72 - - [23/Jun/2021:07:21:30 +0800] "GET /xingrg/all/function/internal_message.html?_=1624404087892&CODE_STATE=getMsg HTTP/1.1" 200 27
116.224.253.72 - - [23/Jun/2021:07:21:36 +0800] "GET /xingrg/all/function/internal_message.html?_=1624404076399&CODE_STATE=getMsg HTTP/1.1" 200 27
222.70.176.108 - - [23/Jun/2021:07:21:38 +0800] "GET /xingrg/check_reg.html?_=1624404095299 HTTP/1.1" 200 22
222.70.176.108 - - [23/Jun/2021:07:21:38 +0800] "GET /xingrg/all/function/internal_message.html?_=1624404095301&CODE_STATE=getMsg HTTP/1.1" 200 27
120.253.135.82 - - [23/Jun/2021:07:21:41 +0800] "POST /xingrg/kc/pszx/mdps_list_operate.html HTTP/1.1" 200 3550
120.253.135.82 - - [23/Jun/2021:07:21:59 +0800] "POST /xingrg/kc/pszx/mdps_list_operate.html HTTP/1.1" 200 4661
58.221.95.50 - - [23/Jun/2021:07:22:01 +0800] "GET /xingrg/check_reg.html?_=1624404119494 HTTP/1.1" 200 22
58.221.95.50 - - [23/Jun/2021:07:22:01 +0800] "GET /xingrg/all/function/internal_message.html?_=1624404119497&CODE_STATE=getMsg HTTP/1.1" 200 27
120.253.135.82 - - [23/Jun/2021:07:22:02 +0800] "POST /xingrg/kc/pszx/mdps_list_operate.html HTTP/1.1" 200 614
120.253.135.82 - - [23/Jun/2021:07:22:05 +0800] "GET /xingrg/kc/pszx/mdps_order_info.html?code=312021062200535 HTTP/1.1" 200 23931
183.192.95.241 - - [23/Jun/2021:07:22:05 +0800] "GET /xingrg/all/function/internal_message.html?_=1624404122233&CODE_STATE=getMsg HTTP/1.1" 302 -
120.253.135.82 - - [23/Jun/2021:07:22:05 +0800] "GET /xingrg/javascript/easyui/themes/default/validatebox.css HTTP/1.1" 404 1104
120.253.135.82 - - [23/Jun/2021:07:22:05 +0800] "POST /xingrg/kc/pszx/mdps_order_operate.html HTTP/1.1" 200 7323
120.253.135.82 - - [23/Jun/2021:07:22:13 +0800] "GET /xingrg/all/function/internal_message.html?_=1624403914136&CODE_STATE=getMsg HTTP/1.1" 200 27
116.230.117.165 - - [23/Jun/2021:07:22:15 +0800] "GET /xingrg/all/function/internal_message.html?_=1624404142375&CODE_STATE=getMsg HTTP/1.1" 200 27
180.169.147.146 - - [23/Jun/2021:07:22:21 +0800] "GET /xingrg/check_reg.html?_=1624404138238 HTTP/1.1" 200 22
116.224.253.72 - - [23/Jun/2021:07:22:30 +0800] "GET /xingrg/all/function/internal_message.html?_=1624404147896&CODE_STATE=getMsg HTTP/1.1" 200 27
116.224.253.72 - - [23/Jun/2021:07:22:36 +0800] "GET /xingrg/all/function/internal_message.html?_=1624404136412&CODE_STATE=getMsg HTTP/1.1" 200 27
222.70.176.108 - - [23/Jun/2021:07:22:38 +0800] "GET /xingrg/all/function/internal_message.html?_=1624404155287&CODE_STATE=getMsg HTTP/1.1" 200 27
58.221.95.50 - - [23/Jun/2021:07:23:01 +0800] "GET /xingrg/all/function/internal_message.html?_=1624404179496&CODE_STATE=getMsg HTTP/1.1" 200 27
183.192.95.241 - - [23/Jun/2021:07:23:05 +0800] "GET /xingrg/all/function/internal_message.html?_=1624404182220&CODE_STATE=getMsg HTTP/1.1" 302 -
120.253.135.82 - - [23/Jun/2021:07:23:13 +0800] "GET /xingrg/all/function/internal_message.html?_=1624403974150&CODE_STATE=getMsg HTTP/1.1" 200 27
116.230.117.165 - - [23/Jun/2021:07:23:15 +0800] "GET /xingrg/all/function/internal_message.html?_=1624404202390&CODE_STATE=getMsg HTTP/1.1" 200 27
116.224.253.72 - - [23/Jun/2021:07:23:30 +0800] "GET /xingrg/all/function/internal_message.html?_=1624404207905&CODE_STATE=getMsg HTTP/1.1" 200 27
116.224.253.72 - - [23/Jun/2021:07:23:36 +0800] "GET /xingrg/all/function/internal_message.html?_=1624404196432&CODE_STATE=getMsg HTTP/1.1" 200 27
222.70.176.108 - - [23/Jun/2021:07:23:38 +0800] "GET /xingrg/all/function/internal_message.html?_=1624404215286&CODE_STATE=getMsg HTTP/1.1" 200 27
58.221.95.50 - - [23/Jun/2021:07:24:01 +0800] "GET /xingrg/all/function/internal_message.html?_=1624404239496&CODE_STATE=getMsg HTTP/1.1" 200 27
183.192.95.241 - - [23/Jun/2021:07:24:05 +0800] "GET /xingrg/all/function/internal_message.html?_=1624404242222&CODE_STATE=getMsg HTTP/1.1" 302 -
120.253.135.82 - - [23/Jun/2021:07:24:13 +0800] "GET /xingrg/all/function/internal_message.html?_=1624404034347&CODE_STATE=getMsg HTTP/1.1" 200 27
116.230.117.165 - - [23/Jun/2021:07:24:15 +0800] "GET /xingrg/all/function/internal_message.html?_=1624404262403&CODE_STATE=getMsg HTTP/1.1" 200 27
116.224.253.72 - - [23/Jun/2021:07:24:30 +0800] "GET /xingrg/check_reg.html?_=1624404267905 HTTP/1.1" 200 22
116.224.253.72 - - [23/Jun/2021:07:24:30 +0800] "GET /xingrg/all/function/internal_message.html?_=1624404267906&CODE_STATE=getMsg HTTP/1.1" 200 27
116.224.253.72 - - [23/Jun/2021:07:24:36 +0800] "GET /xingrg/all/function/internal_message.html?_=1624404256438&CODE_STATE=getMsg HTTP/1.1" 200 27
222.70.176.108 - - [23/Jun/2021:07:24:38 +0800] "GET /xingrg/all/function/internal_message.html?_=1624404275286&CODE_STATE=getMsg HTTP/1.1" 200 27
120.253.135.82 - - [23/Jun/2021:07:24:43 +0800] "GET /xingrg/check_reg.html?_=1624404064177 HTTP/1.1" 200 22
58.221.95.50 - - [23/Jun/2021:07:25:01 +0800] "GET /xingrg/all/function/internal_message.html?_=1624404299498&CODE_STATE=getMsg HTTP/1.1" 200 27
183.192.95.241 - - [23/Jun/2021:07:25:05 +0800] "GET /xingrg/all/function/internal_message.html?_=1624404302224&CODE_STATE=getMsg HTTP/1.1" 302 -
183.192.95.241 - - [23/Jun/2021:07:25:05 +0800] "GET /xingrg/check_reg.html?_=1624404302228 HTTP/1.1" 302 -
120.253.135.82 - - [23/Jun/2021:07:25:14 +0800] "GET /xingrg/all/function/internal_message.html?_=1624404094349&CODE_STATE=getMsg HTTP/1.1" 200 27
116.230.117.165 - - [23/Jun/2021:07:25:15 +0800] "GET /xingrg/all/function/internal_message.html?_=1624404322422&CODE_STATE=getMsg HTTP/1.1" 200 27
116.224.253.72 - - [23/Jun/2021:07:25:30 +0800] "GET /xingrg/all/function/internal_message.html?_=1624404327906&CODE_STATE=getMsg HTTP/1.1" 200 27
116.235.222.38 - - [23/Jun/2021:07:25:31 +0800] "GET /xingrg/check_reg.html?_=1624404329606 HTTP/1.1" 302 -
116.224.253.72 - - [23/Jun/2021:07:25:36 +0800] "GET /xingrg/all/function/internal_message.html?_=1624404316460&CODE_STATE=getMsg HTTP/1.1" 200 27
222.70.176.108 - - [23/Jun/2021:07:25:38 +0800] "GET /xingrg/all/function/internal_message.html?_=1624404335287&CODE_STATE=getMsg HTTP/1.1" 200 27
58.221.95.50 - - [23/Jun/2021:07:26:01 +0800] "GET /xingrg/all/function/internal_message.html?_=1624404359498&CODE_STATE=getMsg HTTP/1.1" 200 27
116.230.117.165 - - [23/Jun/2021:07:26:01 +0800] "GET /xingrg/check_reg.html?_=1624404368662 HTTP/1.1" 200 22
183.192.95.241 - - [23/Jun/2021:07:26:05 +0800] "GET /xingrg/all/function/internal_message.html?_=1624404362229&CODE_STATE=getMsg HTTP/1.1" 302 -
120.253.135.82 - - [23/Jun/2021:07:26:14 +0800] "GET /xingrg/all/function/internal_message.html?_=1624404155126&CODE_STATE=getMsg HTTP/1.1" 200 27
116.230.117.165 - - [23/Jun/2021:07:26:15 +0800] "GET /xingrg/all/function/internal_message.html?_=1624404382429&CODE_STATE=getMsg HTTP/1.1" 200 27
116.224.253.72 - - [23/Jun/2021:07:26:26 +0800] "GET /xingrg/check_reg.html?_=1624404366547 HTTP/1.1" 200 22
116.224.253.72 - - [23/Jun/2021:07:26:30 +0800] "GET /xingrg/all/function/internal_message.html?_=1624404387906&CODE_STATE=getMsg HTTP/1.1" 200 27
116.224.253.72 - - [23/Jun/2021:07:26:36 +0800] "GET /xingrg/all/function/internal_message.html?_=1624404376465&CODE_STATE=getMsg HTTP/1.1" 200 27
222.70.176.108 - - [23/Jun/2021:07:26:38 +0800] "GET /xingrg/all/function/internal_message.html?_=1624404395286&CODE_STATE=getMsg HTTP/1.1" 200 27
222.70.176.108 - - [23/Jun/2021:07:26:38 +0800] "GET /xingrg/check_reg.html?_=1624404395289 HTTP/1.1" 200 22
101.93.222.235 - - [23/Jun/2021:07:26:54 +0800] "POST /xingrg/services/DataTransmitService HTTP/1.1" 200 524
101.93.222.235 - - [23/Jun/2021:07:26:54 +0800] "POST /xingrg/services/DataTransmitService HTTP/1.1" 200 497
58.221.95.50 - - [23/Jun/2021:07:27:01 +0800] "GET /xingrg/check_reg.html?_=1624404419501 HTTP/1.1" 200 22
58.221.95.50 - - [23/Jun/2021:07:27:01 +0800] "GET /xingrg/all/function/internal_message.html?_=1624404419505&CODE_STATE=getMsg HTTP/1.1" 200 27
183.192.95.241 - - [23/Jun/2021:07:27:05 +0800] "GET /xingrg/all/function/internal_message.html?_=1624404422227&CODE_STATE=getMsg HTTP/1.1" 302 -
101.93.222.235 - - [23/Jun/2021:07:27:05 +0800] "POST /xingrg/services/DataTransmitService HTTP/1.1" 200 524
101.93.222.235 - - [23/Jun/2021:07:27:05 +0800] "POST /xingrg/services/DataTransmitService HTTP/1.1" 200 501
120.253.135.82 - - [23/Jun/2021:07:27:14 +0800] "GET /xingrg/all/function/internal_message.html?_=1624404215346&CODE_STATE=getMsg HTTP/1.1" 200 27
116.230.117.165 - - [23/Jun/2021:07:27:15 +0800] "GET /xingrg/all/function/internal_message.html?_=1624404442443&CODE_STATE=getMsg HTTP/1.1" 200 27
180.169.147.146 - - [23/Jun/2021:07:27:21 +0800] "GET /xingrg/check_reg.html?_=1624404438227 HTTP/1.1" 200 22
120.253.135.82 - - [23/Jun/2021:07:27:23 +0800] "POST /xingrg/kc/pszx/mdps_list_operate.html HTTP/1.1" 200 4661
116.224.253.72 - - [23/Jun/2021:07:27:30 +0800] "GET /xingrg/all/function/internal_message.html?_=1624404447906&CODE_STATE=getMsg HTTP/1.1" 200 27
120.253.135.82 - - [23/Jun/2021:07:27:36 +0800] "POST /xingrg/kc/pszx/mdps_list_operate.html HTTP/1.1" 200 3552
116.224.253.72 - - [23/Jun/2021:07:27:36 +0800] "GET /xingrg/all/function/internal_message.html?_=1624404436480&CODE_STATE=getMsg HTTP/1.1" 200 27
222.70.176.108 - - [23/Jun/2021:07:27:38 +0800] "GET /xingrg/all/function/internal_message.html?_=1624404455288&CODE_STATE=getMsg HTTP/1.1" 200 27
120.253.135.82 - - [23/Jun/2021:07:27:41 +0800] "POST /xingrg/kc/pszx/mdps_list_operate.html HTTP/1.1" 200 594
120.253.135.82 - - [23/Jun/2021:07:27:48 +0800] "GET /xingrg/kc/pszx/mdps_order_info.html?code=312021062200528 HTTP/1.1" 200 23931
120.253.135.82 - - [23/Jun/2021:07:27:48 +0800] "GET /xingrg/javascript/easyui/themes/default/validatebox.css HTTP/1.1" 404 1104
120.253.135.82 - - [23/Jun/2021:07:27:48 +0800] "POST /xingrg/kc/pszx/mdps_order_operate.html HTTP/1.1" 200 12795
101.93.222.235 - - [23/Jun/2021:07:27:56 +0800] "POST /xingrg/services/DataTransmitService HTTP/1.1" 401 565
101.93.222.235 - - [23/Jun/2021:07:27:56 +0800] "POST /xingrg/services/DataTransmitService HTTP/1.1" 200 478
101.93.222.235 - - [23/Jun/2021:07:27:57 +0800] "POST /xingrg/services/DataTransmitService HTTP/1.1" 200 1320
101.93.222.235 - - [23/Jun/2021:07:27:57 +0800] "POST /xingrg/services/DataTransmitService HTTP/1.1" 200 478
101.93.222.235 - - [23/Jun/2021:07:27:57 +0800] "POST /xingrg/services/DataTransmitService HTTP/1.1" 200 1320
101.93.222.235 - - [23/Jun/2021:07:27:57 +0800] "POST /xingrg/services/DataTransmitService HTTP/1.1" 200 524
101.93.222.235 - - [23/Jun/2021:07:27:57 +0800] "POST /xingrg/services/DataTransmitService HTTP/1.1" 200 2075
101.93.222.235 - - [23/Jun/2021:07:27:57 +0800] "POST /xingrg/services/DataTransmitService HTTP/1.1" 200 45454
101.93.222.235 - - [23/Jun/2021:07:27:57 +0800] "POST /xingrg/services/DataTransmitService HTTP/1.1" 200 19237
101.93.222.235 - - [23/Jun/2021:07:27:59 +0800] "POST /xingrg/services/DataTransmitService HTTP/1.1" 200 524
58.221.95.50 - - [23/Jun/2021:07:28:01 +0800] "GET /xingrg/all/function/internal_message.html?_=1624404479518&CODE_STATE=getMsg HTTP/1.1" 200 27
183.192.95.241 - - [23/Jun/2021:07:28:05 +0800] "GET /xingrg/all/function/internal_message.html?_=1624404482226&CODE_STATE=getMsg HTTP/1.1" 302 -
101.93.222.235 - - [23/Jun/2021:07:28:05 +0800] "POST /xingrg/services/DataTransmitService HTTP/1.1" 200 524
120.253.135.82 - - [23/Jun/2021:07:28:15 +0800] "GET /xingrg/all/function/internal_message.html?_=1624404275357&CODE_STATE=getMsg HTTP/1.1" 200 27
116.230.117.165 - - [23/Jun/2021:07:28:15 +0800] "GET /xingrg/all/function/internal_message.html?_=1624404502458&CODE_STATE=getMsg HTTP/1.1" 200 27
101.93.222.235 - - [23/Jun/2021:07:28:21 +0800] "POST /xingrg/services/DataTransmitService HTTP/1.1" 200 524
116.224.253.72 - - [23/Jun/2021:07:28:30 +0800] "GET /xingrg/all/function/internal_message.html?_=1624404507906&CODE_STATE=getMsg HTTP/1.1" 200 27
116.224.253.72 - - [23/Jun/2021:07:28:36 +0800] "GET /xingrg/all/function/internal_message.html?_=1624404496500&CODE_STATE=getMsg HTTP/1.1" 200 27
222.70.176.108 - - [23/Jun/2021:07:28:38 +0800] "GET /xingrg/all/function/internal_message.html?_=1624404515289&CODE_STATE=getMsg HTTP/1.1" 200 27
120.253.135.82 - - [23/Jun/2021:07:28:45 +0800] "POST /xingrg/kc/pszx/mdps_list_operate.html HTTP/1.1" 200 3552
120.253.135.82 - - [23/Jun/2021:07:28:47 +0800] "GET /xingrg/kc/report/report_main.html HTTP/1.1" 200 9370
120.253.135.82 - - [23/Jun/2021:07:28:48 +0800] "GET /xingrg/kc/base/kc_stocks.html HTTP/1.1" 200 16431
120.253.135.82 - - [23/Jun/2021:07:28:48 +0800] "GET /xingrg/javascript/easyui/themes/default/tree.css HTTP/1.1" 404 1090
120.253.135.82 - - [23/Jun/2021:07:28:48 +0800] "POST /xingrg/all/common/load_tree.html?tree=materiel_sort_tree_json HTTP/1.1" 200 8666
120.253.135.82 - - [23/Jun/2021:07:28:52 +0800] "POST /xingrg/all/common/load_combo.html?type=base HTTP/1.1" 200 1075
58.221.95.50 - - [23/Jun/2021:07:29:01 +0800] "GET /xingrg/all/function/internal_message.html?_=1624404539518&CODE_STATE=getMsg HTTP/1.1" 200 27
183.192.95.241 - - [23/Jun/2021:07:29:05 +0800] "GET /xingrg/all/function/internal_message.html?_=1624404542226&CODE_STATE=getMsg HTTP/1.1" 302 -
120.253.135.82 - - [23/Jun/2021:07:29:13 +0800] "POST /xingrg/kc/base/stock_operate.html HTTP/1.1" 200 2207
120.253.135.82 - - [23/Jun/2021:07:29:15 +0800] "GET /xingrg/all/function/internal_message.html?_=1624404335558&CODE_STATE=getMsg HTTP/1.1" 200 27
116.230.117.165 - - [23/Jun/2021:07:29:15 +0800] "GET /xingrg/all/function/internal_message.html?_=1624404562470&CODE_STATE=getMsg HTTP/1.1" 200 27
116.224.253.72 - - [23/Jun/2021:07:29:30 +0800] "GET /xingrg/check_reg.html?_=1624404567906 HTTP/1.1" 200 22
116.224.253.72 - - [23/Jun/2021:07:29:30 +0800] "GET /xingrg/all/function/internal_message.html?_=1624404567906&CODE_STATE=getMsg HTTP/1.1" 200 27
116.224.253.72 - - [23/Jun/2021:07:29:36 +0800] "GET /xingrg/all/function/internal_message.html?_=1624404556507&CODE_STATE=getMsg HTTP/1.1" 200 27
222.70.176.108 - - [23/Jun/2021:07:29:38 +0800] "GET /xingrg/all/function/internal_message.html?_=1624404575289&CODE_STATE=getMsg HTTP/1.1" 200 27
120.253.135.82 - - [23/Jun/2021:07:29:43 +0800] "GET /xingrg/check_reg.html?_=1624404364186 HTTP/1.1" 200 22
120.253.135.82 - - [23/Jun/2021:07:29:48 +0800] "POST /xingrg/kc/base/stock_operate.html HTTP/1.1" 200 1972
58.221.95.50 - - [23/Jun/2021:07:30:01 +0800] "GET /xingrg/all/function/internal_message.html?_=1624404599519&CODE_STATE=getMsg HTTP/1.1" 200 27
183.192.95.241 - - [23/Jun/2021:07:30:05 +0800] "GET /xingrg/all/function/internal_message.html?_=1624404602227&CODE_STATE=getMsg HTTP/1.1" 302 -
183.192.95.241 - - [23/Jun/2021:07:30:05 +0800] "GET /xingrg/check_reg.html?_=1624404602231 HTTP/1.1" 302 -
120.253.135.82 - - [23/Jun/2021:07:30:06 +0800] "POST /xingrg/kc/base/stock_operate.html HTTP/1.1" 200 1770
120.253.135.82 - - [23/Jun/2021:07:30:15 +0800] "GET /xingrg/all/function/internal_message.html?_=1624404395570&CODE_STATE=getMsg HTTP/1.1" 200 27
116.230.117.165 - - [23/Jun/2021:07:30:15 +0800] "GET /xingrg/all/function/internal_message.html?_=1624404622489&CODE_STATE=getMsg HTTP/1.1" 200 27
116.224.253.72 - - [23/Jun/2021:07:30:30 +0800] "GET /xingrg/all/function/internal_message.html?_=1624404627906&CODE_STATE=getMsg HTTP/1.1" 200 27
116.235.222.38 - - [23/Jun/2021:07:30:31 +0800] "GET /xingrg/check_reg.html?_=1624404629591 HTTP/1.1" 302 -
116.224.253.72 - - [23/Jun/2021:07:30:36 +0800] "GET /xingrg/all/function/internal_message.html?_=1624404616528&CODE_STATE=getMsg HTTP/1.1" 200 27
222.70.176.108 - - [23/Jun/2021:07:30:38 +0800] "GET /xingrg/all/function/internal_message.html?_=1624404635289&CODE_STATE=getMsg HTTP/1.1" 200 27
120.253.135.82 - - [23/Jun/2021:07:30:46 +0800] "POST /xingrg/kc/base/stock_operate.html HTTP/1.1" 200 1722
58.221.95.50 - - [23/Jun/2021:07:31:01 +0800] "GET /xingrg/all/function/internal_message.html?_=1624404659520&CODE_STATE=getMsg HTTP/1.1" 200 27
116.230.117.165 - - [23/Jun/2021:07:31:01 +0800] "GET /xingrg/check_reg.html?_=1624404668664 HTTP/1.1" 200 22
183.192.95.241 - - [23/Jun/2021:07:31:05 +0800] "GET /xingrg/all/function/internal_message.html?_=1624404662251&CODE_STATE=getMsg HTTP/1.1" 302 -
120.253.135.82 - - [23/Jun/2021:07:31:15 +0800] "GET /xingrg/all/function/internal_message.html?_=1624404455585&CODE_STATE=getMsg HTTP/1.1" 200 27
116.230.117.165 - - [23/Jun/2021:07:31:15 +0800] "GET /xingrg/all/function/internal_message.html?_=1624404682498&CODE_STATE=getMsg HTTP/1.1" 200 27
116.224.253.72 - - [23/Jun/2021:07:31:26 +0800] "GET /xingrg/check_reg.html?_=1624404666553 HTTP/1.1" 200 22
116.224.253.72 - - [23/Jun/2021:07:31:30 +0800] "GET /xingrg/all/function/internal_message.html?_=1624404687929&CODE_STATE=getMsg HTTP/1.1" 200 27
116.224.253.72 - - [23/Jun/2021:07:31:36 +0800] "GET /xingrg/all/function/internal_message.html?_=1624404676534&CODE_STATE=getMsg HTTP/1.1" 200 27
222.70.176.108 - - [23/Jun/2021:07:31:38 +0800] "GET /xingrg/check_reg.html?_=1624404695291 HTTP/1.1" 200 22
222.70.176.108 - - [23/Jun/2021:07:31:38 +0800] "GET /xingrg/all/function/internal_message.html?_=1624404695293&CODE_STATE=getMsg HTTP/1.1" 200 27
58.221.95.50 - - [23/Jun/2021:07:32:01 +0800] "GET /xingrg/all/function/internal_message.html?_=1624404719524&CODE_STATE=getMsg HTTP/1.1" 200 27
58.221.95.50 - - [23/Jun/2021:07:32:01 +0800] "GET /xingrg/check_reg.html?_=1624404719531 HTTP/1.1" 200 22
183.192.95.241 - - [23/Jun/2021:07:32:05 +0800] "GET /xingrg/all/function/internal_message.html?_=1624404722251&CODE_STATE=getMsg HTTP/1.1" 302 -
120.253.135.82 - - [23/Jun/2021:07:32:15 +0800] "GET /xingrg/all/function/internal_message.html?_=1624404515598&CODE_STATE=getMsg HTTP/1.1" 200 27
116.230.117.165 - - [23/Jun/2021:07:32:15 +0800] "GET /xingrg/all/function/internal_message.html?_=1624404742511&CODE_STATE=getMsg HTTP/1.1" 200 27
180.169.147.146 - - [23/Jun/2021:07:32:21 +0800] "GET /xingrg/check_reg.html?_=1624404738274 HTTP/1.1" 200 22
116.224.253.72 - - [23/Jun/2021:07:32:30 +0800] "GET /xingrg/all/function/internal_message.html?_=1624404747931&CODE_STATE=getMsg HTTP/1.1" 200 27
116.224.253.72 - - [23/Jun/2021:07:32:36 +0800] "GET /xingrg/all/function/internal_message.html?_=1624404736547&CODE_STATE=getMsg HTTP/1.1" 200 27
222.70.176.108 - - [23/Jun/2021:07:32:38 +0800] "GET /xingrg/all/function/internal_message.html?_=1624404755294&CODE_STATE=getMsg HTTP/1.1" 200 27
58.221.95.50 - - [23/Jun/2021:07:33:01 +0800] "GET /xingrg/all/function/internal_message.html?_=1624404779518&CODE_STATE=getMsg HTTP/1.1" 200 27
183.192.95.241 - - [23/Jun/2021:07:33:05 +0800] "GET /xingrg/all/function/internal_message.html?_=1624404782251&CODE_STATE=getMsg HTTP/1.1" 302 -
120.253.135.82 - - [23/Jun/2021:07:33:15 +0800] "GET /xingrg/all/function/internal_message.html?_=1624404575612&CODE_STATE=getMsg HTTP/1.1" 200 27
116.230.117.165 - - [23/Jun/2021:07:33:15 +0800] "GET /xingrg/all/function/internal_message.html?_=1624404802529&CODE_STATE=getMsg HTTP/1.1" 200 27
