120.253.135.82 - - [23/Jun/2021:09:27:05 +0800] "GET /xingrg/dwr/interface/AjaxReportQueryService.js HTTP/1.1" 200 13203
120.253.135.82 - - [23/Jun/2021:09:27:05 +0800] "GET /xingrg/dwr/engine.js HTTP/1.1" 200 43631
120.253.135.82 - - [23/Jun/2021:09:27:05 +0800] "GET /xingrg/javascript/jquery_easy_ui/themes/icons/uncheck_new.png HTTP/1.1" 200 3197
120.253.135.82 - - [23/Jun/2021:09:27:05 +0800] "GET /xingrg/javascript/jquery_easy_ui/themes/icons/check_new.png HTTP/1.1" 200 3224
116.235.222.38 - - [23/Jun/2021:09:27:07 +0800] "GET /xingrg/all/function/internal_message.html?_=1624411620495&CODE_STATE=getMsg HTTP/1.1" 200 27
58.40.7.146 - - [23/Jun/2021:09:27:08 +0800] "GET /xingrg/all/function/internal_message.html?_=1624411626214&CODE_STATE=getMsg HTTP/1.1" 200 27
116.224.253.72 - - [23/Jun/2021:09:27:10 +0800] "GET /xingrg/kc/buy/cgsh_order_operate.html?command=get_materiel&rest_code=00150&code=00101006055&supplier_code=00100096&order_time=2021-06-23 HTTP/1.1" 200 411
120.253.135.82 - - [23/Jun/2021:09:27:11 +0800] "GET /xingrg/javascript/easyui/themes/default/easyui.css HTTP/1.1" 304 -
120.253.135.82 - - [23/Jun/2021:09:27:11 +0800] "GET /xingrg/javascript/jquery_tools/table.css HTTP/1.1" 304 -
120.253.135.82 - - [23/Jun/2021:09:27:11 +0800] "GET /xingrg/javascript/jquery_tools/jquery.tools.table.js HTTP/1.1" 304 -
120.253.135.82 - - [23/Jun/2021:09:27:11 +0800] "GET /xingrg/kc/pszx/mdps_order_list.html?orderType=0 HTTP/1.1" 200 20920
120.253.135.82 - - [23/Jun/2021:09:27:11 +0800] "GET /xingrg/javascript/easyui/themes/icons/cance_new.png HTTP/1.1" 304 -
120.253.135.82 - - [23/Jun/2021:09:27:11 +0800] "GET /xingrg/javascript/easyui/themes/icons/edit_add_new.png HTTP/1.1" 200 2997
120.253.135.82 - - [23/Jun/2021:09:27:11 +0800] "GET /xingrg/javascript/easyui/themes/icons/check_new.png HTTP/1.1" 200 3224
120.253.135.82 - - [23/Jun/2021:09:27:11 +0800] "GET /xingrg/javascript/easyui/themes/icons/uncheck_new.png HTTP/1.1" 200 3197
120.253.135.82 - - [23/Jun/2021:09:27:12 +0800] "POST /xingrg/kc/pszx/mdps_list_operate.html HTTP/1.1" 200 5410
120.253.135.82 - - [23/Jun/2021:09:27:13 +0800] "GET /xingrg/javascript/easyui/themes/default/images/button_plain_hover.png HTTP/1.1" 200 144
120.253.135.82 - - [23/Jun/2021:09:27:13 +0800] "GET /xingrg/kc/pszx/mdps_order_add.html HTTP/1.1" 200 28942
120.253.135.82 - - [23/Jun/2021:09:27:13 +0800] "GET /xingrg/javascript/jquery_tools/order_manager.js HTTP/1.1" 304 -
120.253.135.82 - - [23/Jun/2021:09:27:13 +0800] "GET /xingrg/javascript/print/kc_print.js HTTP/1.1" 304 -
120.253.135.82 - - [23/Jun/2021:09:27:14 +0800] "GET /xingrg/words/20210622093217_words.js HTTP/1.1" 304 -
120.253.135.82 - - [23/Jun/2021:09:27:14 +0800] "GET /xingrg/javascript/easyui/themes/icons/copy_new.png HTTP/1.1" 200 815
120.253.135.82 - - [23/Jun/2021:09:27:14 +0800] "GET /xingrg/javascript/easyui/themes/icons/print.png HTTP/1.1" 200 1057
120.253.135.82 - - [23/Jun/2021:09:27:14 +0800] "GET /xingrg/javascript/easyui/themes/default/images/menu_downarrow.png HTTP/1.1" 200 173
120.253.135.82 - - [23/Jun/2021:09:27:14 +0800] "GET /xingrg/javascript/easyui/themes/icons/ok.png HTTP/1.1" 200 883
120.253.135.82 - - [23/Jun/2021:09:27:14 +0800] "GET /xingrg/javascript/easyui/themes/icons/cancel.png HTTP/1.1" 200 1133
120.253.135.82 - - [23/Jun/2021:09:27:14 +0800] "POST /xingrg/kc/pszx/mdps_order_operate.html HTTP/1.1" 200 7126
120.253.135.82 - - [23/Jun/2021:09:27:14 +0800] "GET /xingrg/javascript/easyui/themes/icons/edit_remove.png HTTP/1.1" 200 625
120.253.135.82 - - [23/Jun/2021:09:27:14 +0800] "GET /xingrg/javascript/easyui/themes/default/validatebox.css HTTP/1.1" 404 1104
120.253.135.82 - - [23/Jun/2021:09:27:14 +0800] "GET /xingrg/javascript/easyui/plugins/jquery.validatebox.js HTTP/1.1" 304 -
120.253.135.82 - - [23/Jun/2021:09:27:14 +0800] "GET /xingrg/javascript/easyui/plugins/jquery.numberbox.js HTTP/1.1" 304 -
116.230.117.165 - - [23/Jun/2021:09:27:17 +0800] "GET /xingrg/all/function/internal_message.html?_=1624411644682&CODE_STATE=getMsg HTTP/1.1" 200 27
120.253.135.82 - - [23/Jun/2021:09:27:18 +0800] "GET /xingrg/javascript/auto/indicator.gif HTTP/1.1" 404 1066
180.169.147.146 - - [23/Jun/2021:09:27:22 +0800] "GET /xingrg/check_reg.html?_=1624411638731 HTTP/1.1" 200 22
180.169.147.146 - - [23/Jun/2021:09:27:23 +0800] "GET /xingrg/all/function/internal_message.html?_=1624411642996&CODE_STATE=getMsg HTTP/1.1" 200 27
116.224.253.72 - - [23/Jun/2021:09:27:23 +0800] "GET /xingrg/kc/buy/cgsh_order_operate.html?command=get_materiel&rest_code=00150&code=00101006131&supplier_code=00100096&order_time=2021-06-23 HTTP/1.1" 200 417
222.70.176.108 - - [23/Jun/2021:09:27:24 +0800] "GET /xingrg/all/function/internal_message.html?_=1624411641303&CODE_STATE=getMsg HTTP/1.1" 200 27
180.169.147.146 - - [23/Jun/2021:09:27:25 +0800] "GET /xingrg/all/function/internal_message.html?_=1624411644517&CODE_STATE=getMsg HTTP/1.1" 200 27
120.253.135.82 - - [23/Jun/2021:09:27:26 +0800] "POST /xingrg/all/common/load_combo.html?type=base HTTP/1.1" 200 1075
114.83.223.204 - - [23/Jun/2021:09:27:32 +0800] "GET /xingrg/check_reg.html?_=1624411649967 HTTP/1.1" 200 22
114.83.223.204 - - [23/Jun/2021:09:27:33 +0800] "GET /xingrg/all/function/internal_message.html?_=1624411651045&CODE_STATE=getMsg HTTP/1.1" 200 27
120.253.135.82 - - [23/Jun/2021:09:27:36 +0800] "GET /xingrg/kc/pszx/mdps_order_add.html HTTP/1.1" 200 28942
120.253.135.82 - - [23/Jun/2021:09:27:36 +0800] "POST /xingrg/kc/pszx/mdps_order_operate.html HTTP/1.1" 200 7126
120.253.135.82 - - [23/Jun/2021:09:27:36 +0800] "GET /xingrg/javascript/easyui/themes/default/validatebox.css HTTP/1.1" 404 1104
116.224.253.72 - - [23/Jun/2021:09:27:38 +0800] "GET /xingrg/kc/buy/cgsh_order_operate.html?command=get_materiel&rest_code=00150&code=00101006129&supplier_code=00100096&order_time=2021-06-23 HTTP/1.1" 200 431
61.165.42.208 - - [23/Jun/2021:09:27:43 +0800] "GET /xingrg/all/function/internal_message.html?_=1624411660992&CODE_STATE=getMsg HTTP/1.1" 200 27
116.233.79.92 - - [23/Jun/2021:09:27:44 +0800] "GET /xingrg/all/function/internal_message.html?_=1624411662985&CODE_STATE=getMsg HTTP/1.1" 200 27
116.233.79.92 - - [23/Jun/2021:09:27:44 +0800] "GET /xingrg/check_reg.html?_=1624411662990 HTTP/1.1" 200 22
116.224.253.72 - - [23/Jun/2021:09:27:45 +0800] "GET /xingrg/all/function/internal_message.html?_=1624411663264&CODE_STATE=getMsg HTTP/1.1" 200 27
120.253.135.82 - - [23/Jun/2021:09:27:47 +0800] "GET /xingrg/kc/pszx/mdps_order_operate.html?command=get_materiel&pszx_code=00101&rest_code=00151&base_code=&code=00102002685 HTTP/1.1" 200 442
120.253.135.82 - - [23/Jun/2021:09:27:53 +0800] "POST /xingrg/all/common/load_combo.html?type=base HTTP/1.1" 200 1075
117.185.32.26 - - [23/Jun/2021:09:27:53 +0800] "GET /xingrg/all/function/internal_message.html?_=1624412208046&CODE_STATE=getMsg HTTP/1.1" 200 27
117.185.32.26 - - [23/Jun/2021:09:27:53 +0800] "GET /xingrg/check_reg.html?_=1624412208048 HTTP/1.1" 200 22
58.221.95.50 - - [23/Jun/2021:09:28:01 +0800] "GET /xingrg/all/function/internal_message.html?_=1624411680074&CODE_STATE=getMsg HTTP/1.1" 200 27
183.192.95.241 - - [23/Jun/2021:09:28:05 +0800] "GET /xingrg/all/function/internal_message.html?_=1624411682327&CODE_STATE=getMsg HTTP/1.1" 302 -
116.235.222.38 - - [23/Jun/2021:09:28:07 +0800] "GET /xingrg/all/function/internal_message.html?_=1624411680471&CODE_STATE=getMsg HTTP/1.1" 200 27
58.40.7.146 - - [23/Jun/2021:09:28:08 +0800] "GET /xingrg/all/function/internal_message.html?_=1624411686199&CODE_STATE=getMsg HTTP/1.1" 200 27
120.253.135.82 - - [23/Jun/2021:09:28:08 +0800] "POST /xingrg/kc/pszx/mdps_order_operate.html HTTP/1.1" 200 37
120.253.135.82 - - [23/Jun/2021:09:28:09 +0800] "GET /xingrg/kc/pszx/mdps_order_info.html?code=312021062300559 HTTP/1.1" 200 23929
120.253.135.82 - - [23/Jun/2021:09:28:10 +0800] "GET /xingrg/javascript/easyui/themes/default/validatebox.css HTTP/1.1" 404 1104
120.253.135.82 - - [23/Jun/2021:09:28:10 +0800] "POST /xingrg/kc/pszx/mdps_order_operate.html HTTP/1.1" 200 2297
120.253.135.82 - - [23/Jun/2021:09:28:13 +0800] "GET /xingrg/kc/print/load_config.html?kc_code=mdps HTTP/1.1" 200 2390
120.253.135.82 - - [23/Jun/2021:09:28:13 +0800] "GET /xingrg/kc/print/load_data.html?order_code=312021062300559&kc_code=mdps&condition= HTTP/1.1" 200 708
116.230.117.165 - - [23/Jun/2021:09:28:17 +0800] "GET /xingrg/all/function/internal_message.html?_=1624411704902&CODE_STATE=getMsg HTTP/1.1" 200 27
180.169.147.146 - - [23/Jun/2021:09:28:23 +0800] "GET /xingrg/all/function/internal_message.html?_=1624411703006&CODE_STATE=getMsg HTTP/1.1" 200 27
222.70.176.108 - - [23/Jun/2021:09:28:24 +0800] "GET /xingrg/all/function/internal_message.html?_=1624411701288&CODE_STATE=getMsg HTTP/1.1" 200 27
180.169.147.146 - - [23/Jun/2021:09:28:25 +0800] "GET /xingrg/all/function/internal_message.html?_=1624411704523&CODE_STATE=getMsg HTTP/1.1" 200 27
114.83.223.204 - - [23/Jun/2021:09:28:33 +0800] "GET /xingrg/all/function/internal_message.html?_=1624411711033&CODE_STATE=getMsg HTTP/1.1" 200 27
61.165.42.208 - - [23/Jun/2021:09:28:43 +0800] "GET /xingrg/all/function/internal_message.html?_=1624411720993&CODE_STATE=getMsg HTTP/1.1" 200 27
116.233.79.92 - - [23/Jun/2021:09:28:44 +0800] "GET /xingrg/all/function/internal_message.html?_=1624411722988&CODE_STATE=getMsg HTTP/1.1" 200 27
116.224.253.72 - - [23/Jun/2021:09:28:45 +0800] "GET /xingrg/all/function/internal_message.html?_=1624411723267&CODE_STATE=getMsg HTTP/1.1" 200 27
116.224.253.72 - - [23/Jun/2021:09:28:53 +0800] "GET /xingrg/kc/buy/cgsh_order_operate.html?command=get_materiel&rest_code=00150&code=00101007072&supplier_code=00100096&order_time=2021-06-23 HTTP/1.1" 200 415
117.185.32.26 - - [23/Jun/2021:09:28:53 +0800] "GET /xingrg/all/function/internal_message.html?_=1624412268057&CODE_STATE=getMsg HTTP/1.1" 200 27
58.221.95.50 - - [23/Jun/2021:09:29:01 +0800] "GET /xingrg/all/function/internal_message.html?_=1624411740073&CODE_STATE=getMsg HTTP/1.1" 200 27
183.192.95.241 - - [23/Jun/2021:09:29:05 +0800] "GET /xingrg/all/function/internal_message.html?_=1624411742328&CODE_STATE=getMsg HTTP/1.1" 302 -
116.235.222.38 - - [23/Jun/2021:09:29:07 +0800] "GET /xingrg/all/function/internal_message.html?_=1624411740454&CODE_STATE=getMsg HTTP/1.1" 200 27
58.40.7.146 - - [23/Jun/2021:09:29:08 +0800] "GET /xingrg/check_reg.html?_=1624411746201 HTTP/1.1" 200 22
58.40.7.146 - - [23/Jun/2021:09:29:08 +0800] "GET /xingrg/all/function/internal_message.html?_=1624411746202&CODE_STATE=getMsg HTTP/1.1" 200 27
120.253.135.82 - - [23/Jun/2021:09:29:08 +0800] "POST /xingrg/kc/pszx/mdps_order_operate.html HTTP/1.1" 200 37
120.253.135.82 - - [23/Jun/2021:09:29:09 +0800] "POST /xingrg/kc/pszx/mdps_order_operate.html HTTP/1.1" 200 12
116.230.117.165 - - [23/Jun/2021:09:29:17 +0800] "GET /xingrg/all/function/internal_message.html?_=1624411764912&CODE_STATE=getMsg HTTP/1.1" 200 27
180.169.147.146 - - [23/Jun/2021:09:29:23 +0800] "GET /xingrg/all/function/internal_message.html?_=1624411763013&CODE_STATE=getMsg HTTP/1.1" 200 27
222.70.176.108 - - [23/Jun/2021:09:29:24 +0800] "GET /xingrg/all/function/internal_message.html?_=1624411761298&CODE_STATE=getMsg HTTP/1.1" 200 27
222.70.176.108 - - [23/Jun/2021:09:29:25 +0800] "GET /xingrg/check_reg.html?_=1624411761410 HTTP/1.1" 200 22
180.169.147.146 - - [23/Jun/2021:09:29:25 +0800] "GET /xingrg/check_reg.html?_=1624411764527 HTTP/1.1" 200 22
180.169.147.146 - - [23/Jun/2021:09:29:25 +0800] "GET /xingrg/all/function/internal_message.html?_=1624411764532&CODE_STATE=getMsg HTTP/1.1" 200 27
120.253.135.82 - - [23/Jun/2021:09:29:25 +0800] "GET /xingrg/kc/pszx/mdps_order_info.html?code=312021062300559 HTTP/1.1" 200 19589
120.253.135.82 - - [23/Jun/2021:09:29:26 +0800] "GET /xingrg/javascript/easyui/themes/default/validatebox.css HTTP/1.1" 404 1104
120.253.135.82 - - [23/Jun/2021:09:29:26 +0800] "POST /xingrg/kc/pszx/mdps_order_operate.html HTTP/1.1" 200 517
116.224.253.72 - - [23/Jun/2021:09:29:26 +0800] "POST /xingrg/kc/buy/cgsh_order_operate.html HTTP/1.1" 200 37
116.224.253.72 - - [23/Jun/2021:09:29:29 +0800] "POST /xingrg/kc/buy/cgsh_order_operate.html HTTP/1.1" 200 12
114.83.223.204 - - [23/Jun/2021:09:29:33 +0800] "GET /xingrg/all/function/internal_message.html?_=1624411771030&CODE_STATE=getMsg HTTP/1.1" 200 27
116.224.253.72 - - [23/Jun/2021:09:29:35 +0800] "GET /xingrg/kc/buy/cgsh_order_info.html?code=212021062310357 HTTP/1.1" 200 57327
116.224.253.72 - - [23/Jun/2021:09:29:36 +0800] "GET /xingrg/javascript/easyui/themes/default/validatebox.css HTTP/1.1" 404 1104
116.224.253.72 - - [23/Jun/2021:09:29:36 +0800] "POST /xingrg/kc/buy/cgsh_order_operate.html HTTP/1.1" 200 8964
116.224.253.72 - - [23/Jun/2021:09:29:37 +0800] "GET /xingrg/kc/print/load_data.html?order_code=212021062310357&kc_code=cgsh&condition= HTTP/1.1" 200 3876
116.235.222.38 - - [23/Jun/2021:09:29:40 +0800] "GET /xingrg/kc/base/base_main.html HTTP/1.1" 200 12142
61.165.42.208 - - [23/Jun/2021:09:29:43 +0800] "GET /xingrg/all/function/internal_message.html?_=1624411780994&CODE_STATE=getMsg HTTP/1.1" 200 27
61.165.42.208 - - [23/Jun/2021:09:29:43 +0800] "GET /xingrg/check_reg.html?_=1624411781026 HTTP/1.1" 200 22
116.235.222.38 - - [23/Jun/2021:09:29:43 +0800] "GET /xingrg/kc/base/yddb_order_list.html HTTP/1.1" 200 16673
116.235.222.38 - - [23/Jun/2021:09:29:44 +0800] "POST /xingrg/kc/base/yddb_list_operate.html HTTP/1.1" 200 636
116.233.79.92 - - [23/Jun/2021:09:29:44 +0800] "GET /xingrg/all/function/internal_message.html?_=1624411782990&CODE_STATE=getMsg HTTP/1.1" 200 27
116.224.253.72 - - [23/Jun/2021:09:29:45 +0800] "POST /xingrg/all/user/operate.html HTTP/1.1" 200 36
116.224.253.72 - - [23/Jun/2021:09:29:45 +0800] "GET /xingrg/index.html?sysBaseUrl=http%3A%2F%2F180.169.147.146%3A18081%2Fxingrg%2F&costTime=35×tamp=1624187421569 HTTP/1.1" 200 17177
116.224.253.72 - - [23/Jun/2021:09:29:45 +0800] "GET /xingrg/javascript/jquery_easy_ui/themes/default/easyui.css HTTP/1.1" 304 -
116.224.253.72 - - [23/Jun/2021:09:29:45 +0800] "GET /xingrg/javascript/jquery_easy_ui/themes/icon.css HTTP/1.1" 304 -
116.224.253.72 - - [23/Jun/2021:09:29:45 +0800] "GET /xingrg/css/form.css HTTP/1.1" 304 -
116.224.253.72 - - [23/Jun/2021:09:29:45 +0800] "GET /xingrg/javascript/jquery-1.4.2.min.js HTTP/1.1" 304 -
116.224.253.72 - - [23/Jun/2021:09:29:45 +0800] "GET /xingrg/javascript/jquery_easy_ui/jquery.easyui.min.js HTTP/1.1" 304 -
116.224.253.72 - - [23/Jun/2021:09:29:45 +0800] "GET /xingrg/javascript/jquery_easy_ui/easyui-lang-zh_CN.js HTTP/1.1" 304 -
116.224.253.72 - - [23/Jun/2021:09:29:45 +0800] "GET /xingrg/javascript/jquery.form.js HTTP/1.1" 304 -
116.224.253.72 - - [23/Jun/2021:09:29:45 +0800] "GET /xingrg/javascript/jquery.utils.js HTTP/1.1" 304 -
116.224.253.72 - - [23/Jun/2021:09:29:45 +0800] "GET /xingrg/javascript/jquery.timers.js HTTP/1.1" 304 -
116.224.253.72 - - [23/Jun/2021:09:29:45 +0800] "GET /xingrg/images/blue/jxLogo.png HTTP/1.1" 304 -
116.224.253.72 - - [23/Jun/2021:09:29:45 +0800] "GET /xingrg/images/blue/navBackgound.jpg HTTP/1.1" 304 -
116.224.253.72 - - [23/Jun/2021:09:29:45 +0800] "GET /xingrg/javascript/jquery_easy_ui/themes/icons/settle_new.png HTTP/1.1" 304 -
116.224.253.72 - - [23/Jun/2021:09:29:45 +0800] "POST /xingrg/all/common/load_tree.html?tree=area_rest_tree_json&manage=1 HTTP/1.1" 200 476
116.224.253.72 - - [23/Jun/2021:09:29:45 +0800] "GET /xingrg/all/function/internal_message.html?_=1624411783420&CODE_STATE=count HTTP/1.1" 200 11
116.224.253.72 - - [23/Jun/2021:09:29:45 +0800] "GET /xingrg/check_reg.html?_=1624411783424 HTTP/1.1" 200 22
116.224.253.72 - - [23/Jun/2021:09:29:45 +0800] "GET /xingrg/javascript/jquery_easy_ui/themes/default/images/tabs_leftarrow.png HTTP/1.1" 304 -
116.224.253.72 - - [23/Jun/2021:09:29:45 +0800] "GET /xingrg/images/blue/pingpu.png HTTP/1.1" 304 -
116.224.253.72 - - [23/Jun/2021:09:29:45 +0800] "GET /xingrg/javascript/jquery_easy_ui/themes/default/images/tabs_rightarrow.png HTTP/1.1" 304 -
116.224.253.72 - - [23/Jun/2021:09:29:45 +0800] "GET /xingrg/javascript/jquery_easy_ui/themes/default/images/panel_tool_collapse.gif HTTP/1.1" 304 -
116.224.253.72 - - [23/Jun/2021:09:29:45 +0800] "POST /xingrg/load_menu.html HTTP/1.1" 200 5138
172.20.0.100 - - [23/Jun/2021:09:29:46 +0800] "GET /favicon.ico HTTP/1.1" 404 -
172.20.0.100 - - [23/Jun/2021:09:29:47 +0800] "GET /favicon.ico HTTP/1.1" 404 -
116.224.253.72 - - [23/Jun/2021:09:29:47 +0800] "GET /xingrg/kc/buy/cgsh_order_list.html HTTP/1.1" 200 46777
172.20.0.100 - - [23/Jun/2021:09:29:48 +0800] "GET /favicon.ico HTTP/1.1" 404 -
172.20.0.100 - - [23/Jun/2021:09:29:48 +0800] "GET /favicon.ico HTTP/1.1" 404 -
116.224.253.72 - - [23/Jun/2021:09:29:48 +0800] "POST /xingrg/kc/buy/cgsh_list_operate.html HTTP/1.1" 200 876
172.20.0.100 - - [23/Jun/2021:09:29:49 +0800] "GET /favicon.ico HTTP/1.1" 404 -
172.20.0.100 - - [23/Jun/2021:09:29:49 +0800] "GET /favicon.ico HTTP/1.1" 404 -
172.20.0.100 - - [23/Jun/2021:09:29:50 +0800] "GET /favicon.ico HTTP/1.1" 404 -
172.20.0.100 - - [23/Jun/2021:09:29:51 +0800] "GET /favicon.ico HTTP/1.1" 404 -
116.235.222.38 - - [23/Jun/2021:09:29:51 +0800] "POST /xingrg/kc/base/yddb_list_operate.html HTTP/1.1" 200 4371
116.224.253.72 - - [23/Jun/2021:09:29:51 +0800] "GET /xingrg/javascript/jquery_tools/images/prev.gif HTTP/1.1" 404 1086
116.224.253.72 - - [23/Jun/2021:09:29:51 +0800] "GET /xingrg/javascript/jquery_tools/images/next.gif HTTP/1.1" 404 1086
172.20.0.100 - - [23/Jun/2021:09:29:51 +0800] "GET /favicon.ico HTTP/1.1" 404 -
172.20.0.100 - - [23/Jun/2021:09:29:52 +0800] "GET /favicon.ico HTTP/1.1" 404 -
116.235.222.38 - - [23/Jun/2021:09:29:52 +0800] "POST /xingrg/kc/base/yddb_list_operate.html HTTP/1.1" 200 202
172.20.0.100 - - [23/Jun/2021:09:29:53 +0800] "GET /favicon.ico HTTP/1.1" 404 -
117.185.32.26 - - [23/Jun/2021:09:29:53 +0800] "GET /xingrg/all/function/internal_message.html?_=1624412328041&CODE_STATE=getMsg HTTP/1.1" 200 27
116.224.253.72 - - [23/Jun/2021:09:29:56 +0800] "POST /xingrg/kc/buy/cgsh_list_operate.html HTTP/1.1" 200 2905
116.224.253.72 - - [23/Jun/2021:09:30:00 +0800] "POST /xingrg/kc/buy/cgsh_list_operate.html HTTP/1.1" 200 561
116.235.222.38 - - [23/Jun/2021:09:30:00 +0800] "POST /xingrg/kc/base/yddb_list_operate.html HTTP/1.1" 200 215
58.221.95.50 - - [23/Jun/2021:09:30:01 +0800] "GET /xingrg/all/function/internal_message.html?_=1624411800071&CODE_STATE=getMsg HTTP/1.1" 200 27
183.192.95.241 - - [23/Jun/2021:09:30:05 +0800] "GET /xingrg/all/function/internal_message.html?_=1624411802327&CODE_STATE=getMsg HTTP/1.1" 302 -
183.192.95.241 - - [23/Jun/2021:09:30:05 +0800] "GET /xingrg/check_reg.html?_=1624411802331 HTTP/1.1" 302 -
116.235.222.38 - - [23/Jun/2021:09:30:06 +0800] "GET /xingrg/check_reg.html?_=1624411799918 HTTP/1.1" 200 22
116.235.222.38 - - [23/Jun/2021:09:30:07 +0800] "GET /xingrg/all/function/internal_message.html?_=1624411800434&CODE_STATE=getMsg HTTP/1.1" 200 27
58.40.7.146 - - [23/Jun/2021:09:30:08 +0800] "GET /xingrg/all/function/internal_message.html?_=1624411806204&CODE_STATE=getMsg HTTP/1.1" 200 27
116.224.253.72 - - [23/Jun/2021:09:30:10 +0800] "GET /xingrg/kc/buy/cgsh_order_info.html?code=212021062310347 HTTP/1.1" 200 57055
116.224.253.72 - - [23/Jun/2021:09:30:10 +0800] "GET /xingrg/javascript/easyui/themes/default/validatebox.css HTTP/1.1" 404 1104
116.224.253.72 - - [23/Jun/2021:09:30:11 +0800] "POST /xingrg/kc/buy/cgsh_order_operate.html HTTP/1.1" 200 3595
116.230.117.165 - - [23/Jun/2021:09:30:17 +0800] "GET /xingrg/all/function/internal_message.html?_=1624411825115&CODE_STATE=getMsg HTTP/1.1" 200 27
116.224.253.72 - - [23/Jun/2021:09:30:20 +0800] "POST /xingrg/kc/buy/cgsh_list_operate.html HTTP/1.1" 200 559
116.224.253.72 - - [23/Jun/2021:09:30:21 +0800] "GET /xingrg/kc/buy/cgsh_order_info.html?code=212021062310346 HTTP/1.1" 200 57055
116.224.253.72 - - [23/Jun/2021:09:30:21 +0800] "GET /xingrg/javascript/easyui/themes/default/validatebox.css HTTP/1.1" 404 1104
116.224.253.72 - - [23/Jun/2021:09:30:22 +0800] "POST /xingrg/kc/buy/cgsh_order_operate.html HTTP/1.1" 200 16795
180.169.147.146 - - [23/Jun/2021:09:30:23 +0800] "GET /xingrg/check_reg.html?_=1624411823018 HTTP/1.1" 200 22
180.169.147.146 - - [23/Jun/2021:09:30:23 +0800] "GET /xingrg/all/function/internal_message.html?_=1624411823014&CODE_STATE=getMsg HTTP/1.1" 200 27
222.70.176.108 - - [23/Jun/2021:09:30:24 +0800] "GET /xingrg/all/function/internal_message.html?_=1624411821269&CODE_STATE=getMsg HTTP/1.1" 200 27
180.169.147.146 - - [23/Jun/2021:09:30:25 +0800] "GET /xingrg/all/function/internal_message.html?_=1624411824522&CODE_STATE=getMsg HTTP/1.1" 200 27
116.235.222.38 - - [23/Jun/2021:09:30:30 +0800] "GET /xingrg/check_reg.html?_=1624411829276 HTTP/1.1" 302 -
114.83.223.204 - - [23/Jun/2021:09:30:33 +0800] "GET /xingrg/all/function/internal_message.html?_=1624411831013&CODE_STATE=getMsg HTTP/1.1" 200 27
61.165.42.208 - - [23/Jun/2021:09:30:43 +0800] "GET /xingrg/all/function/internal_message.html?_=1624411840995&CODE_STATE=getMsg HTTP/1.1" 200 27
116.233.79.92 - - [23/Jun/2021:09:30:44 +0800] "GET /xingrg/all/function/internal_message.html?_=1624411842994&CODE_STATE=getMsg HTTP/1.1" 200 27
116.224.253.72 - - [23/Jun/2021:09:30:45 +0800] "GET /xingrg/all/function/internal_message.html?_=1624411843441&CODE_STATE=getMsg HTTP/1.1" 200 27
117.185.32.26 - - [23/Jun/2021:09:30:53 +0800] "GET /xingrg/all/function/internal_message.html?_=1624412388041&CODE_STATE=getMsg HTTP/1.1" 200 27
116.230.117.165 - - [23/Jun/2021:09:31:01 +0800] "GET /xingrg/check_reg.html?_=1624411868949 HTTP/1.1" 200 22
58.221.95.50 - - [23/Jun/2021:09:31:01 +0800] "GET /xingrg/all/function/internal_message.html?_=1624411860072&CODE_STATE=getMsg HTTP/1.1" 200 27
183.192.95.241 - - [23/Jun/2021:09:31:05 +0800] "GET /xingrg/all/function/internal_message.html?_=1624411862330&CODE_STATE=getMsg HTTP/1.1" 302 -
116.235.222.38 - - [23/Jun/2021:09:31:07 +0800] "GET /xingrg/all/function/internal_message.html?_=1624411860418&CODE_STATE=getMsg HTTP/1.1" 200 27
58.40.7.146 - - [23/Jun/2021:09:31:08 +0800] "GET /xingrg/all/function/internal_message.html?_=1624411866207&CODE_STATE=getMsg HTTP/1.1" 200 27
116.230.117.165 - - [23/Jun/2021:09:31:17 +0800] "GET /xingrg/all/function/internal_message.html?_=1624411885126&CODE_STATE=getMsg HTTP/1.1" 200 27
180.169.147.146 - - [23/Jun/2021:09:31:23 +0800] "GET /xingrg/all/function/internal_message.html?_=1624411883029&CODE_STATE=getMsg HTTP/1.1" 200 27
222.70.176.108 - - [23/Jun/2021:09:31:24 +0800] "GET /xingrg/all/function/internal_message.html?_=1624411881239&CODE_STATE=getMsg HTTP/1.1" 200 27
180.169.147.146 - - [23/Jun/2021:09:31:25 +0800] "GET /xingrg/all/function/internal_message.html?_=1624411884528&CODE_STATE=getMsg HTTP/1.1" 200 27
114.83.223.204 - - [23/Jun/2021:09:31:33 +0800] "GET /xingrg/all/function/internal_message.html?_=1624411890994&CODE_STATE=getMsg HTTP/1.1" 200 27
61.165.42.208 - - [23/Jun/2021:09:31:43 +0800] "GET /xingrg/all/function/internal_message.html?_=1624411900997&CODE_STATE=getMsg HTTP/1.1" 200 27
116.233.79.92 - - [23/Jun/2021:09:31:44 +0800] "GET /xingrg/all/function/internal_message.html?_=1624411902994&CODE_STATE=getMsg HTTP/1.1" 200 27
116.224.253.72 - - [23/Jun/2021:09:31:45 +0800] "GET /xingrg/all/function/internal_message.html?_=1624411903439&CODE_STATE=getMsg HTTP/1.1" 200 27
120.253.135.82 - - [23/Jun/2021:09:31:51 +0800] "GET /xingrg/check_reg.html?_=1624411692502 HTTP/1.1" 200 22
117.185.32.26 - - [23/Jun/2021:09:31:53 +0800] "GET /xingrg/all/function/internal_message.html?_=1624412448040&CODE_STATE=getMsg HTTP/1.1" 200 27
172.20.0.100 - - [23/Jun/2021:09:31:59 +0800] "GET /favicon.ico HTTP/1.1" 404 -
172.20.0.100 - - [23/Jun/2021:09:31:59 +0800] "GET /favicon.ico HTTP/1.1" 404 -
172.20.0.100 - - [23/Jun/2021:09:32:00 +0800] "GET /favicon.ico HTTP/1.1" 404 -
172.20.0.100 - - [23/Jun/2021:09:32:00 +0800] "GET /favicon.ico HTTP/1.1" 404 -
172.20.0.100 - - [23/Jun/2021:09:32:01 +0800] "GET /favicon.ico HTTP/1.1" 404 -
58.221.95.50 - - [23/Jun/2021:09:32:01 +0800] "GET /xingrg/all/function/internal_message.html?_=1624411920071&CODE_STATE=getMsg HTTP/1.1" 200 27
58.221.95.50 - - [23/Jun/2021:09:32:01 +0800] "GET /xingrg/check_reg.html?_=1624411920074 HTTP/1.1" 200 22
117.185.32.26 - - [23/Jun/2021:09:32:03 +0800] "GET /xingrg/javascript/easyui/themes/default/tree.css HTTP/1.1" 404 1090
117.185.32.26 - - [23/Jun/2021:09:32:03 +0800] "POST /xingrg/all/common/load_tree.html?tree=supplier_tree_json&isDelete=1 HTTP/1.1" 200 56136
183.192.95.241 - - [23/Jun/2021:09:32:05 +0800] "GET /xingrg/all/function/internal_message.html?_=1624411922331&CODE_STATE=getMsg HTTP/1.1" 302 -
116.235.222.38 - - [23/Jun/2021:09:32:07 +0800] "GET /xingrg/all/function/internal_message.html?_=1624411920403&CODE_STATE=getMsg HTTP/1.1" 200 27
58.40.7.146 - - [23/Jun/2021:09:32:08 +0800] "GET /xingrg/all/function/internal_message.html?_=1624411926209&CODE_STATE=getMsg HTTP/1.1" 200 27
116.230.117.165 - - [23/Jun/2021:09:32:17 +0800] "GET /xingrg/all/function/internal_message.html?_=1624411945139&CODE_STATE=getMsg HTTP/1.1" 200 27
117.185.32.26 - - [23/Jun/2021:09:32:19 +0800] "GET /xingrg/kc/buy/cgsh_order_operate.html?command=get_materiel&rest_code=00106&code=00101012025&supplier_code=00100032&order_time=2021-06-23 HTTP/1.1" 200 412
180.169.147.146 - - [23/Jun/2021:09:32:22 +0800] "GET /xingrg/check_reg.html?_=1624411938771 HTTP/1.1" 200 22
180.169.147.146 - - [23/Jun/2021:09:32:23 +0800] "GET /xingrg/all/function/internal_message.html?_=1624411943033&CODE_STATE=getMsg HTTP/1.1" 200 27
222.70.176.108 - - [23/Jun/2021:09:32:24 +0800] "GET /xingrg/all/function/internal_message.html?_=1624411941225&CODE_STATE=getMsg HTTP/1.1" 200 27
180.169.147.146 - - [23/Jun/2021:09:32:25 +0800] "GET /xingrg/all/function/internal_message.html?_=1624411944518&CODE_STATE=getMsg HTTP/1.1" 200 27
114.83.223.204 - - [23/Jun/2021:09:32:32 +0800] "GET /xingrg/check_reg.html?_=1624411949998 HTTP/1.1" 200 22
114.83.223.204 - - [23/Jun/2021:09:32:33 +0800] "GET /xingrg/all/function/internal_message.html?_=1624411950966&CODE_STATE=getMsg HTTP/1.1" 200 27
117.185.32.26 - - [23/Jun/2021:09:32:36 +0800] "GET /xingrg/kc/buy/cgsh_order_operate.html?command=get_materiel&rest_code=00106&code=00101016051&supplier_code=00100032&order_time=2021-06-23 HTTP/1.1" 200 410
61.165.42.208 - - [23/Jun/2021:09:32:43 +0800] "GET /xingrg/all/function/internal_message.html?_=1624411960998&CODE_STATE=getMsg HTTP/1.1" 200 27
116.233.79.92 - - [23/Jun/2021:09:32:44 +0800] "GET /xingrg/all/function/internal_message.html?_=1624411962996&CODE_STATE=getMsg HTTP/1.1" 200 27
116.233.79.92 - - [23/Jun/2021:09:32:44 +0800] "GET /xingrg/check_reg.html?_=1624411962999 HTTP/1.1" 200 22
116.224.253.72 - - [23/Jun/2021:09:32:45 +0800] "GET /xingrg/all/function/internal_message.html?_=1624411963435&CODE_STATE=getMsg HTTP/1.1" 200 27
117.185.32.26 - - [23/Jun/2021:09:32:53 +0800] "GET /xingrg/all/function/internal_message.html?_=1624412508065&CODE_STATE=getMsg HTTP/1.1" 200 27
117.185.32.26 - - [23/Jun/2021:09:32:53 +0800] "GET /xingrg/check_reg.html?_=1624412508066 HTTP/1.1" 200 22
58.221.95.50 - - [23/Jun/2021:09:33:01 +0800] "GET /xingrg/all/function/internal_message.html?_=1624411980074&CODE_STATE=getMsg HTTP/1.1" 200 27
183.192.95.241 - - [23/Jun/2021:09:33:05 +0800] "GET /xingrg/all/function/internal_message.html?_=1624411982331&CODE_STATE=getMsg HTTP/1.1" 302 -
116.235.222.38 - - [23/Jun/2021:09:33:07 +0800] "GET /xingrg/all/function/internal_message.html?_=1624411980382&CODE_STATE=getMsg HTTP/1.1" 200 27
58.40.7.146 - - [23/Jun/2021:09:33:08 +0800] "GET /xingrg/all/function/internal_message.html?_=1624411986213&CODE_STATE=getMsg HTTP/1.1" 200 27
117.185.32.26 - - [23/Jun/2021:09:33:15 +0800] "GET /xingrg/kc/buy/cgsh_order_operate.html?command=get_materiel&rest_code=00106&code=00101012061&supplier_code=00100032&order_time=2021-06-23 HTTP/1.1" 200 414
180.169.147.146 - - [23/Jun/2021:09:33:23 +0800] "GET /xingrg/all/function/internal_message.html?_=1624412003039&CODE_STATE=getMsg HTTP/1.1" 200 27
222.70.176.108 - - [23/Jun/2021:09:33:24 +0800] "GET /xingrg/all/function/internal_message.html?_=1624412001210&CODE_STATE=getMsg HTTP/1.1" 200 27
180.169.147.146 - - [23/Jun/2021:09:33:25 +0800] "GET /xingrg/all/function/internal_message.html?_=1624412004524&CODE_STATE=getMsg HTTP/1.1" 200 27
116.230.117.165 - - [23/Jun/2021:09:33:26 +0800] "GET /xingrg/all/function/internal_message.html?_=1624412005333&CODE_STATE=getMsg HTTP/1.1" 200 27
114.83.223.204 - - [23/Jun/2021:09:33:33 +0800] "GET /xingrg/all/function/internal_message.html?_=1624412010949&CODE_STATE=getMsg HTTP/1.1" 200 27
61.165.42.208 - - [23/Jun/2021:09:33:43 +0800] "GET /xingrg/all/function/internal_message.html?_=1624412020998&CODE_STATE=getMsg HTTP/1.1" 200 27
116.233.79.92 - - [23/Jun/2021:09:33:44 +0800] "GET /xingrg/all/function/internal_message.html?_=1624412023001&CODE_STATE=getMsg HTTP/1.1" 200 27
116.224.253.72 - - [23/Jun/2021:09:33:45 +0800] "GET /xingrg/all/function/internal_message.html?_=1624412023444&CODE_STATE=getMsg HTTP/1.1" 200 27
117.185.32.26 - - [23/Jun/2021:09:33:48 +0800] "GET /xingrg/kc/buy/cgsh_order_operate.html?command=get_materiel&rest_code=00106&code=00101012003&supplier_code=00100032&order_time=2021-06-23 HTTP/1.1" 200 413
101.93.222.235 - - [23/Jun/2021:09:33:52 +0800] "GET /favicon.ico HTTP/1.1" 404 -
117.185.32.26 - - [23/Jun/2021:09:33:53 +0800] "GET /xingrg/all/function/internal_message.html?_=1624412568098&CODE_STATE=getMsg HTTP/1.1" 200 27
58.221.95.50 - - [23/Jun/2021:09:34:01 +0800] "GET /xingrg/all/function/internal_message.html?_=1624412040120&CODE_STATE=getMsg HTTP/1.1" 200 27
117.185.32.26 - - [23/Jun/2021:09:34:03 +0800] "GET /xingrg/kc/buy/cgsh_order_operate.html?command=get_materiel&rest_code=00106&code=00101010248&supplier_code=00100032&order_time=2021-06-23 HTTP/1.1" 200 430
183.192.95.241 - - [23/Jun/2021:09:34:05 +0800] "GET /xingrg/all/function/internal_message.html?_=1624412042335&CODE_STATE=getMsg HTTP/1.1" 302 -
116.235.222.38 - - [23/Jun/2021:09:34:07 +0800] "GET /xingrg/all/function/internal_message.html?_=1624412040366&CODE_STATE=getMsg HTTP/1.1" 200 27
58.40.7.146 - - [23/Jun/2021:09:34:08 +0800] "GET /xingrg/check_reg.html?_=1624412046215 HTTP/1.1" 200 22
58.40.7.146 - - [23/Jun/2021:09:34:08 +0800] "GET /xingrg/all/function/internal_message.html?_=1624412046216&CODE_STATE=getMsg HTTP/1.1" 200 27
116.230.117.165 - - [23/Jun/2021:09:34:17 +0800] "GET /xingrg/all/function/internal_message.html?_=1624412065339&CODE_STATE=getMsg HTTP/1.1" 200 27
116.233.79.92 - - [23/Jun/2021:09:34:22 +0800] "GET /xingrg/kc/print/load_config.html?kc_code=cgsh HTTP/1.1" 200 1845
116.233.79.92 - - [23/Jun/2021:09:34:22 +0800] "GET /xingrg/kc/print/load_data.html?order_code=212021062310355&kc_code=cgsh HTTP/1.1" 200 1898
180.169.147.146 - - [23/Jun/2021:09:34:23 +0800] "GET /xingrg/all/function/internal_message.html?_=1624412063042&CODE_STATE=getMsg HTTP/1.1" 200 27
222.70.176.108 - - [23/Jun/2021:09:34:24 +0800] "GET /xingrg/all/function/internal_message.html?_=1624412061194&CODE_STATE=getMsg HTTP/1.1" 200 27
222.70.176.108 - - [23/Jun/2021:09:34:25 +0800] "GET /xingrg/check_reg.html?_=1624412061415 HTTP/1.1" 200 22
117.185.32.26 - - [23/Jun/2021:09:34:25 +0800] "GET /xingrg/kc/buy/cgsh_order_operate.html?command=get_materiel&rest_code=00106&code=00101012013&supplier_code=00100032&order_time=2021-06-23 HTTP/1.1" 200 412
180.169.147.146 - - [23/Jun/2021:09:34:25 +0800] "GET /xingrg/all/function/internal_message.html?_=1624412064516&CODE_STATE=getMsg HTTP/1.1" 200 27
180.169.147.146 - - [23/Jun/2021:09:34:25 +0800] "GET /xingrg/check_reg.html?_=1624412064520 HTTP/1.1" 200 22
183.195.131.162 - - [23/Jun/2021:09:34:26 +0800] "GET /favicon.ico HTTP/1.1" 404 -
183.195.131.162 - - [23/Jun/2021:09:34:27 +0800] "GET /favicon.ico HTTP/1.1" 404 -
183.195.131.162 - - [23/Jun/2021:09:34:27 +0800] "GET /favicon.ico HTTP/1.1" 404 -
183.195.131.162 - - [23/Jun/2021:09:34:30 +0800] "GET /xingrg/login.html HTTP/1.1" 200 7641
183.195.131.162 - - [23/Jun/2021:09:34:30 +0800] "GET /xingrg/images/blue/jxLogo.png HTTP/1.1" 304 -
183.195.131.162 - - [23/Jun/2021:09:34:31 +0800] "GET /xingrg/images/blue/login_bg.png HTTP/1.1" 304 -
183.195.131.162 - - [23/Jun/2021:09:34:31 +0800] "GET /xingrg/images/blue/hj.png HTTP/1.1" 304 -
183.195.131.162 - - [23/Jun/2021:09:34:31 +0800] "GET /xingrg/images/blue/srbg.png HTTP/1.1" 304 -
183.195.131.162 - - [23/Jun/2021:09:34:31 +0800] "GET /favicon.ico HTTP/1.1" 404 -
114.83.223.204 - - [23/Jun/2021:09:34:33 +0800] "GET /xingrg/all/function/internal_message.html?_=1624412070934&CODE_STATE=getMsg HTTP/1.1" 200 27
183.195.131.162 - - [23/Jun/2021:09:34:37 +0800] "POST /xingrg/login.do HTTP/1.1" 302 -
183.195.131.162 - - [23/Jun/2021:09:34:37 +0800] "GET /xingrg/javascript/jquery_easy_ui/themes/default/easyui.css HTTP/1.1" 304 -
183.195.131.162 - - [23/Jun/2021:09:34:37 +0800] "GET /xingrg/index.html?sysBaseUrl=http%3A%2F%2F180.169.147.146%3A18081%2Fxingrg%2F&costTime=40×tamp=1624412077422 HTTP/1.1" 200 17173
183.195.131.162 - - [23/Jun/2021:09:34:37 +0800] "GET /xingrg/javascript/jquery-1.4.2.min.js HTTP/1.1" 304 -
183.195.131.162 - - [23/Jun/2021:09:34:37 +0800] "GET /xingrg/javascript/jquery_easy_ui/themes/icon.css HTTP/1.1" 304 -
183.195.131.162 - - [23/Jun/2021:09:34:37 +0800] "GET /xingrg/css/form.css HTTP/1.1" 304 -
183.195.131.162 - - [23/Jun/2021:09:34:37 +0800] "GET /xingrg/javascript/jquery_easy_ui/jquery.easyui.min.js HTTP/1.1" 304 -
183.195.131.162 - - [23/Jun/2021:09:34:37 +0800] "GET /xingrg/javascript/jquery.form.js HTTP/1.1" 304 -
183.195.131.162 - - [23/Jun/2021:09:34:37 +0800] "GET /xingrg/javascript/jquery_easy_ui/easyui-lang-zh_CN.js HTTP/1.1" 304 -
183.195.131.162 - - [23/Jun/2021:09:34:37 +0800] "GET /xingrg/javascript/jquery.utils.js HTTP/1.1" 304 -
183.195.131.162 - - [23/Jun/2021:09:34:37 +0800] "GET /xingrg/javascript/jquery.timers.js HTTP/1.1" 304 -
183.195.131.162 - - [23/Jun/2021:09:34:38 +0800] "GET /favicon.ico HTTP/1.1" 404 -
183.195.131.162 - - [23/Jun/2021:09:34:38 +0800] "GET /xingrg/images/blue/navBackgound.jpg HTTP/1.1" 304 -
183.195.131.162 - - [23/Jun/2021:09:34:38 +0800] "GET /xingrg/javascript/jquery_easy_ui/themes/icons/settle_new.png HTTP/1.1" 304 -
183.195.131.162 - - [23/Jun/2021:09:34:38 +0800] "GET /xingrg/images/blue/pingpu.png HTTP/1.1" 304 -
183.195.131.162 - - [23/Jun/2021:09:34:38 +0800] "POST /xingrg/all/common/load_tree.html?tree=area_rest_tree_json&manage=1 HTTP/1.1" 200 342
183.195.131.162 - - [23/Jun/2021:09:34:38 +0800] "GET /xingrg/javascript/jquery_easy_ui/themes/default/images/tabs_leftarrow.png HTTP/1.1" 304 -
183.195.131.162 - - [23/Jun/2021:09:34:38 +0800] "GET /xingrg/javascript/jquery_easy_ui/themes/default/images/tabs_rightarrow.png HTTP/1.1" 304 -
183.195.131.162 - - [23/Jun/2021:09:34:38 +0800] "GET /xingrg/javascript/jquery_easy_ui/themes/default/images/panel_tool_collapse.gif HTTP/1.1" 304 -
183.195.131.162 - - [23/Jun/2021:09:34:38 +0800] "GET /xingrg/all/function/internal_message.html?_=1624412040702&CODE_STATE=count HTTP/1.1" 200 11
183.195.131.162 - - [23/Jun/2021:09:34:38 +0800] "GET /xingrg/check_reg.html?_=1624412040703 HTTP/1.1" 200 22
183.195.131.162 - - [23/Jun/2021:09:34:38 +0800] "POST /xingrg/load_menu.html HTTP/1.1" 200 5138
183.195.131.162 - - [23/Jun/2021:09:34:38 +0800] "GET /xingrg/javascript/jquery_easy_ui/themes/default/images/tree_arrows.gif HTTP/1.1" 304 -
183.195.131.162 - - [23/Jun/2021:09:34:39 +0800] "GET /xingrg/javascript/jquery_easy_ui/themes/default/images/tree_folder_open.gif HTTP/1.1" 304 -
183.195.131.162 - - [23/Jun/2021:09:34:39 +0800] "GET /xingrg/javascript/jquery_easy_ui/themes/default/images/tree_folder.gif HTTP/1.1" 304 -
183.195.131.162 - - [23/Jun/2021:09:34:39 +0800] "GET /xingrg/javascript/jquery_easy_ui/themes/icons/search_new.png HTTP/1.1" 304 -
183.195.131.162 - - [23/Jun/2021:09:34:39 +0800] "GET /xingrg/javascript/jquery_easy_ui/themes/icons/storage_new.png HTTP/1.1" 304 -
183.195.131.162 - - [23/Jun/2021:09:34:39 +0800] "GET /xingrg/javascript/jquery_easy_ui/themes/icons/forms_new.png HTTP/1.1" 304 -
183.195.131.162 - - [23/Jun/2021:09:34:39 +0800] "GET /xingrg/javascript/jquery_easy_ui/themes/default/images/tree_file.gif HTTP/1.1" 304 -
61.165.42.208 - - [23/Jun/2021:09:34:43 +0800] "GET /xingrg/all/function/internal_message.html?_=1624412080998&CODE_STATE=getMsg HTTP/1.1" 200 27
61.165.42.208 - - [23/Jun/2021:09:34:43 +0800] "GET /xingrg/check_reg.html?_=1624412081001 HTTP/1.1" 200 22
116.233.79.92 - - [23/Jun/2021:09:34:44 +0800] "GET /xingrg/all/function/internal_message.html?_=1624412083000&CODE_STATE=getMsg HTTP/1.1" 200 27
116.224.253.72 - - [23/Jun/2021:09:34:45 +0800] "GET /xingrg/check_reg.html?_=1624412083442 HTTP/1.1" 200 22
116.224.253.72 - - [23/Jun/2021:09:34:45 +0800] "GET /xingrg/all/function/internal_message.html?_=1624412083456&CODE_STATE=getMsg HTTP/1.1" 200 27
183.195.131.162 - - [23/Jun/2021:09:34:49 +0800] "GET /xingrg/javascript/jquery_easy_ui/themes/icons/area.png HTTP/1.1" 304 -
183.195.131.162 - - [23/Jun/2021:09:34:49 +0800] "GET /xingrg/javascript/jquery_easy_ui/themes/icons/rest.png HTTP/1.1" 304 -
183.195.131.162 - - [23/Jun/2021:09:34:49 +0800] "GET /xingrg/javascript/jquery_easy_ui/themes/default/images/tabs_close.gif HTTP/1.1" 304 -
183.195.131.162 - - [23/Jun/2021:09:34:49 +0800] "GET /xingrg/css/base.css HTTP/1.1" 304 -
183.195.131.162 - - [23/Jun/2021:09:34:49 +0800] "GET /xingrg/kc/buy/cgsh_order_list.html HTTP/1.1" 200 46773
183.195.131.162 - - [23/Jun/2021:09:34:49 +0800] "GET /xingrg/javascript/jquery_tools/datebox.css HTTP/1.1" 304 -
183.195.131.162 - - [23/Jun/2021:09:34:49 +0800] "GET /xingrg/css/site.css HTTP/1.1" 304 -
183.195.131.162 - - [23/Jun/2021:09:34:49 +0800] "GET /xingrg/javascript/auto/jquery.autocomplete.css HTTP/1.1" 304 -
183.195.131.162 - - [23/Jun/2021:09:34:49 +0800] "GET /xingrg/javascript/easyui/themes/default/easyui.css HTTP/1.1" 304 -
183.195.131.162 - - [23/Jun/2021:09:34:49 +0800] "GET /xingrg/javascript/jquery_tools/jquery.tools.extend.js HTTP/1.1" 304 -
183.195.131.162 - - [23/Jun/2021:09:34:49 +0800] "GET /xingrg/javascript/easyui/themes/icon.css HTTP/1.1" 304 -
183.195.131.162 - - [23/Jun/2021:09:34:49 +0800] "GET /xingrg/javascript/easyui/easyloader.js HTTP/1.1" 304 -
183.195.131.162 - - [23/Jun/2021:09:34:49 +0800] "GET /xingrg/javascript/auto/jquery.autocomplete.js HTTP/1.1" 304 -
183.195.131.162 - - [23/Jun/2021:09:34:49 +0800] "GET /xingrg/javascript/jquery_tools/jquery.tools.table.js HTTP/1.1" 304 -
183.195.131.162 - - [23/Jun/2021:09:34:49 +0800] "GET /xingrg/javascript/jquery_tools/fix.css HTTP/1.1" 304 -
183.195.131.162 - - [23/Jun/2021:09:34:49 +0800] "GET /xingrg/javascript/print/LodopFuncs.js HTTP/1.1" 304 -
183.195.131.162 - - [23/Jun/2021:09:34:49 +0800] "GET /xingrg/javascript/jquery_tools/jquery.tools.min.js HTTP/1.1" 304 -
183.195.131.162 - - [23/Jun/2021:09:34:49 +0800] "GET /xingrg/javascript/jquery_tools/table.css HTTP/1.1" 304 -
183.195.131.162 - - [23/Jun/2021:09:34:49 +0800] "GET /xingrg/javascript/jquery_tools/jquery.tools.hotkey.js HTTP/1.1" 304 -
183.195.131.162 - - [23/Jun/2021:09:34:49 +0800] "GET /xingrg/javascript/jquery_tools/list_manager.js HTTP/1.1" 304 -
183.195.131.162 - - [23/Jun/2021:09:34:49 +0800] "GET /xingrg/javascript/jquery.cookie.js HTTP/1.1" 304 -
183.195.131.162 - - [23/Jun/2021:09:34:50 +0800] "GET /xingrg/javascript/easyui/themes/icons/edit_add_new.png HTTP/1.1" 304 -
183.195.131.162 - - [23/Jun/2021:09:34:50 +0800] "GET /xingrg/javascript/easyui/themes/icons/cance_new.png HTTP/1.1" 304 -
183.195.131.162 - - [23/Jun/2021:09:34:50 +0800] "GET /xingrg/javascript/easyui/themes/icons/check_new.png HTTP/1.1" 304 -
183.195.131.162 - - [23/Jun/2021:09:34:51 +0800] "GET /xingrg/javascript/easyui/themes/icons/field_new.png HTTP/1.1" 304 -
183.195.131.162 - - [23/Jun/2021:09:34:51 +0800] "GET /xingrg/javascript/easyui/themes/icons/import_new.png HTTP/1.1" 304 -
183.195.131.162 - - [23/Jun/2021:09:34:51 +0800] "GET /xingrg/javascript/easyui/plugins/jquery.parser.js HTTP/1.1" 304 -
183.195.131.162 - - [23/Jun/2021:09:34:51 +0800] "GET /xingrg/images/control/ajaxLoader.gif HTTP/1.1" 304 -
183.195.131.162 - - [23/Jun/2021:09:34:52 +0800] "POST /xingrg/kc/buy/cgsh_list_operate.html HTTP/1.1" 200 876
183.195.131.162 - - [23/Jun/2021:09:34:53 +0800] "GET /xingrg/javascript/easyui/themes/default/images/button_plain_hover.png HTTP/1.1" 304 -
183.195.131.162 - - [23/Jun/2021:09:34:53 +0800] "GET /xingrg/javascript/easyui/themes/default/images/button_plain_hover.png HTTP/1.1" 304 -
183.195.131.162 - - [23/Jun/2021:09:34:53 +0800] "GET /xingrg/javascript/pic_change.js HTTP/1.1" 304 -
183.195.131.162 - - [23/Jun/2021:09:34:53 +0800] "GET /xingrg/javascript/jquery_tools/order_manager.js HTTP/1.1" 304 -
183.195.131.162 - - [23/Jun/2021:09:34:53 +0800] "GET /xingrg/javascript/convert.js HTTP/1.1" 304 -
183.195.131.162 - - [23/Jun/2021:09:34:53 +0800] "GET /xingrg/javascript/print/kc_print.js HTTP/1.1" 304 -
183.195.131.162 - - [23/Jun/2021:09:34:53 +0800] "GET /xingrg/javascript/json2.js HTTP/1.1" 304 -
183.195.131.162 - - [23/Jun/2021:09:34:53 +0800] "GET /xingrg/kc/buy/cgsh_order_add.html HTTP/1.1" 200 62470
183.195.131.162 - - [23/Jun/2021:09:34:53 +0800] "GET /xingrg/words/20210622093217_words.js HTTP/1.1" 304 -
117.185.32.26 - - [23/Jun/2021:09:34:53 +0800] "GET /xingrg/all/function/internal_message.html?_=1624412628076&CODE_STATE=getMsg HTTP/1.1" 200 27
183.195.131.162 - - [23/Jun/2021:09:34:53 +0800] "GET /xingrg/javascript/easyui/themes/icons/copy_new.png HTTP/1.1" 304 -
183.195.131.162 - - [23/Jun/2021:09:34:53 +0800] "GET /xingrg/javascript/easyui/themes/icons/template_new.png HTTP/1.1" 304 -
183.195.131.162 - - [23/Jun/2021:09:34:53 +0800] "GET /xingrg/javascript/easyui/themes/icons/ok.png HTTP/1.1" 304 -
183.195.131.162 - - [23/Jun/2021:09:34:53 +0800] "GET /xingrg/javascript/easyui/themes/icons/print.png HTTP/1.1" 304 -
183.195.131.162 - - [23/Jun/2021:09:34:53 +0800] "GET /xingrg/javascript/easyui/themes/default/images/menu_downarrow.png HTTP/1.1" 304 -
183.195.131.162 - - [23/Jun/2021:09:34:53 +0800] "GET /xingrg/javascript/easyui/themes/icons/cancel.png HTTP/1.1" 304 -
183.195.131.162 - - [23/Jun/2021:09:34:54 +0800] "POST /xingrg/kc/buy/cgsh_order_operate.html HTTP/1.1" 200 8245
183.195.131.162 - - [23/Jun/2021:09:34:54 +0800] "GET /xingrg/javascript/easyui/themes/icons/edit_remove.png HTTP/1.1" 304 -
183.195.131.162 - - [23/Jun/2021:09:34:54 +0800] "GET /xingrg/all/common/auto_word.html?type=employee&rest_code=00102 HTTP/1.1" 200 189
183.195.131.162 - - [23/Jun/2021:09:34:54 +0800] "GET /xingrg/all/common/auto_word.html?type=employee&rest_code=00102 HTTP/1.1" 200 189
183.195.131.162 - - [23/Jun/2021:09:34:54 +0800] "GET /xingrg/javascript/easyui/themes/default/validatebox.css HTTP/1.1" 404 1104
183.195.131.162 - - [23/Jun/2021:09:34:54 +0800] "GET /xingrg/javascript/easyui/plugins/jquery.validatebox.js HTTP/1.1" 304 -
183.195.131.162 - - [23/Jun/2021:09:34:54 +0800] "GET /xingrg/javascript/easyui/plugins/jquery.numberbox.js HTTP/1.1" 304 -
183.195.131.162 - - [23/Jun/2021:09:34:55 +0800] "GET /xingrg/javascript/auto/indicator.gif HTTP/1.1" 404 1066
180.169.147.146 - - [23/Jun/2021:09:34:56 +0800] "GET /xingrg/javascript/jquery_easy_ui/themes/icons/ok.png HTTP/1.1" 200 883
180.169.147.146 - - [23/Jun/2021:09:34:56 +0800] "GET /xingrg/javascript/jquery_easy_ui/themes/default/images/button_span_bg.gif HTTP/1.1" 200 2061
180.169.147.146 - - [23/Jun/2021:09:34:56 +0800] "GET /xingrg/javascript/jquery_easy_ui/themes/default/images/panel_title.png HTTP/1.1" 200 266
180.169.147.146 - - [23/Jun/2021:09:34:56 +0800] "GET /xingrg/javascript/jquery_easy_ui/themes/default/images/panel_tools.gif HTTP/1.1" 200 737
116.233.79.92 - - [23/Jun/2021:09:35:00 +0800] "POST /xingrg/kc/buy/cgsh_list_operate.html HTTP/1.1" 200 2389
58.221.95.50 - - [23/Jun/2021:09:35:01 +0800] "GET /xingrg/all/function/internal_message.html?_=1624412100105&CODE_STATE=getMsg HTTP/1.1" 200 27
116.235.222.38 - - [23/Jun/2021:09:35:02 +0800] "GET /xingrg/kc/buy/buy_main.html HTTP/1.1" 200 12412
116.235.222.38 - - [23/Jun/2021:09:35:02 +0800] "GET /xingrg/css/new_ie.css HTTP/1.1" 404 1036
116.233.79.92 - - [23/Jun/2021:09:35:02 +0800] "POST /xingrg/kc/buy/cgsh_list_operate.html HTTP/1.1" 200 569
116.233.79.92 - - [23/Jun/2021:09:35:03 +0800] "GET /xingrg/kc/buy/cgsh_order_info.html?code=212021062310335 HTTP/1.1" 200 62561
116.233.79.92 - - [23/Jun/2021:09:35:03 +0800] "GET /xingrg/all/common/auto_word.html?type=employee&rest_code=00109 HTTP/1.1" 200 255
116.233.79.92 - - [23/Jun/2021:09:35:03 +0800] "GET /xingrg/javascript/easyui/themes/default/validatebox.css HTTP/1.1" 404 1104
116.233.79.92 - - [23/Jun/2021:09:35:03 +0800] "GET /xingrg/all/common/auto_word.html?type=employee&rest_code=00109 HTTP/1.1" 200 255
116.235.222.38 - - [23/Jun/2021:09:35:03 +0800] "GET /xingrg/images/yd/bt.gif HTTP/1.1" 404 1040
116.233.79.92 - - [23/Jun/2021:09:35:03 +0800] "POST /xingrg/kc/buy/cgsh_order_operate.html HTTP/1.1" 200 31638
116.235.222.38 - - [23/Jun/2021:09:35:03 +0800] "GET /xingrg/kc/buy/cgsh_order_list.html HTTP/1.1" 200 46779
116.233.79.92 - - [23/Jun/2021:09:35:04 +0800] "GET /xingrg/kc/print/load_config.html?kc_code=cgsh HTTP/1.1" 200 1845
116.233.79.92 - - [23/Jun/2021:09:35:04 +0800] "GET /xingrg/kc/print/load_data.html?order_code=212021062310335&kc_code=cgsh HTTP/1.1" 200 11660
183.192.95.241 - - [23/Jun/2021:09:35:05 +0800] "GET /xingrg/check_reg.html?_=1624412102334 HTTP/1.1" 302 -
183.192.95.241 - - [23/Jun/2021:09:35:05 +0800] "GET /xingrg/all/function/internal_message.html?_=1624412102339&CODE_STATE=getMsg HTTP/1.1" 302 -
183.195.131.162 - - [23/Jun/2021:09:35:06 +0800] "GET /xingrg/kc/buy/cgsh_order_operate.html?command=get_materiel&rest_code=00102&code=00101006109&supplier_code=00100096&order_time=2021-06-23 HTTP/1.1" 200 411
116.235.222.38 - - [23/Jun/2021:09:35:06 +0800] "POST /xingrg/kc/buy/cgsh_list_operate.html HTTP/1.1" 200 2032
116.235.222.38 - - [23/Jun/2021:09:35:06 +0800] "GET /xingrg/check_reg.html?_=1624412099918 HTTP/1.1" 200 22
116.235.222.38 - - [23/Jun/2021:09:35:07 +0800] "GET /xingrg/all/function/internal_message.html?_=1624412100347&CODE_STATE=getMsg HTTP/1.1" 200 27
116.235.222.38 - - [23/Jun/2021:09:35:07 +0800] "GET /xingrg/kc/buy/cgsh_order_add.html HTTP/1.1" 200 62599
58.40.7.146 - - [23/Jun/2021:09:35:08 +0800] "GET /xingrg/all/function/internal_message.html?_=1624412106218&CODE_STATE=getMsg HTTP/1.1" 200 27
116.235.222.38 - - [23/Jun/2021:09:35:08 +0800] "GET /xingrg/javascript/easyui/themes/default/validatebox.css HTTP/1.1" 404 1104
116.235.222.38 - - [23/Jun/2021:09:35:08 +0800] "POST /xingrg/kc/buy/cgsh_order_operate.html HTTP/1.1" 200 8245
116.235.222.38 - - [23/Jun/2021:09:35:08 +0800] "GET /xingrg/javascript/easyui/themes/default/tree.css HTTP/1.1" 404 1090
116.235.222.38 - - [23/Jun/2021:09:35:09 +0800] "POST /xingrg/all/common/load_tree.html?tree=supplier_tree_json&isDelete=1 HTTP/1.1" 200 56136
116.233.79.92 - - [23/Jun/2021:09:35:13 +0800] "POST /xingrg/kc/buy/cgsh_list_operate.html HTTP/1.1" 200 2389
116.230.117.165 - - [23/Jun/2021:09:35:18 +0800] "GET /xingrg/all/function/internal_message.html?_=1624412125528&CODE_STATE=getMsg HTTP/1.1" 200 27
183.195.131.162 - - [23/Jun/2021:09:35:20 +0800] "GET /xingrg/kc/buy/cgsh_order_operate.html?command=get_materiel&rest_code=00102&code=00101001010&supplier_code=00100096&order_time=2021-06-23 HTTP/1.1" 200 411
116.235.222.38 - - [23/Jun/2021:09:35:23 +0800] "GET /xingrg/kc/buy/cgsh_order_operate.html?command=get_materiel&rest_code=00107&code=00101016080&supplier_code=00100033&order_time=2021-06-23 HTTP/1.1" 200 408
180.169.147.146 - - [23/Jun/2021:09:35:23 +0800] "GET /xingrg/check_reg.html?_=1624412123046 HTTP/1.1" 200 22
180.169.147.146 - - [23/Jun/2021:09:35:23 +0800] "GET /xingrg/all/function/internal_message.html?_=1624412123055&CODE_STATE=getMsg HTTP/1.1" 200 27
222.70.176.108 - - [23/Jun/2021:09:35:24 +0800] "GET /xingrg/all/function/internal_message.html?_=1624412121166&CODE_STATE=getMsg HTTP/1.1" 200 27
180.169.147.146 - - [23/Jun/2021:09:35:25 +0800] "GET /xingrg/all/function/internal_message.html?_=1624412124526&CODE_STATE=getMsg HTTP/1.1" 200 27
116.235.222.38 - - [23/Jun/2021:09:35:30 +0800] "GET /xingrg/check_reg.html?_=1624412129259 HTTP/1.1" 302 -
114.83.223.204 - - [23/Jun/2021:09:35:33 +0800] "GET /xingrg/all/function/internal_message.html?_=1624412130904&CODE_STATE=getMsg HTTP/1.1" 200 27
183.195.131.162 - - [23/Jun/2021:09:35:36 +0800] "GET /xingrg/kc/buy/cgsh_order_operate.html?command=get_materiel&rest_code=00102&code=00101012040&supplier_code=00100096&order_time=2021-06-23 HTTP/1.1" 200 412
183.195.131.162 - - [23/Jun/2021:09:35:38 +0800] "GET /xingrg/all/function/internal_message.html?_=1624412100709&CODE_STATE=getMsg HTTP/1.1" 200 27
116.235.222.38 - - [23/Jun/2021:09:35:41 +0800] "GET /xingrg/kc/buy/cgsh_order_operate.html?command=get_materiel&rest_code=00107&code=00101012029&supplier_code=00100033&order_time=2021-06-23 HTTP/1.1" 200 412
61.165.42.208 - - [23/Jun/2021:09:35:43 +0800] "GET /xingrg/all/function/internal_message.html?_=1624412141001&CODE_STATE=getMsg HTTP/1.1" 200 27
116.233.79.92 - - [23/Jun/2021:09:35:44 +0800] "GET /xingrg/all/function/internal_message.html?_=1624412143005&CODE_STATE=getMsg HTTP/1.1" 200 27
116.224.253.72 - - [23/Jun/2021:09:35:45 +0800] "GET /xingrg/all/function/internal_message.html?_=1624412143456&CODE_STATE=getMsg HTTP/1.1" 200 27
183.195.131.162 - - [23/Jun/2021:09:35:50 +0800] "GET /xingrg/kc/buy/cgsh_order_operate.html?command=get_materiel&rest_code=00102&code=00101006177&supplier_code=00100096&order_time=2021-06-23 HTTP/1.1" 200 411
117.185.32.26 - - [23/Jun/2021:09:35:53 +0800] "GET /xingrg/all/function/internal_message.html?_=1624412688074&CODE_STATE=getMsg HTTP/1.1" 200 27
