116.235.222.38 - - [23/Jun/2021:09:35:59 +0800] "GET /xingrg/kc/buy/cgsh_order_operate.html?command=get_materiel&rest_code=00107&code=00101016025&supplier_code=00100033&order_time=2021-06-23 HTTP/1.1" 200 408
116.230.117.165 - - [23/Jun/2021:09:36:01 +0800] "GET /xingrg/check_reg.html?_=1624412168954 HTTP/1.1" 200 22
58.221.95.50 - - [23/Jun/2021:09:36:01 +0800] "GET /xingrg/all/function/internal_message.html?_=1624412160105&CODE_STATE=getMsg HTTP/1.1" 200 27
183.195.131.162 - - [23/Jun/2021:09:36:03 +0800] "GET /xingrg/kc/buy/cgsh_order_operate.html?command=get_materiel&rest_code=00102&code=00101006063&supplier_code=00100096&order_time=2021-06-23 HTTP/1.1" 200 414
183.192.95.241 - - [23/Jun/2021:09:36:05 +0800] "GET /xingrg/all/function/internal_message.html?_=1624412162340&CODE_STATE=getMsg HTTP/1.1" 302 -
117.185.32.26 - - [23/Jun/2021:09:36:07 +0800] "GET /xingrg/kc/buy/cgsh_order_operate.html?command=get_materiel&rest_code=00106&code=00101016017&supplier_code=00100032&order_time=2021-06-23 HTTP/1.1" 200 408
116.235.222.38 - - [23/Jun/2021:09:36:07 +0800] "GET /xingrg/all/function/internal_message.html?_=1624412160332&CODE_STATE=getMsg HTTP/1.1" 200 27
58.40.7.146 - - [23/Jun/2021:09:36:08 +0800] "GET /xingrg/all/function/internal_message.html?_=1624412166204&CODE_STATE=getMsg HTTP/1.1" 200 27
116.235.222.38 - - [23/Jun/2021:09:36:12 +0800] "GET /xingrg/kc/buy/cgsh_order_operate.html?command=get_materiel&rest_code=00107&code=00101012051&supplier_code=00100033&order_time=2021-06-23 HTTP/1.1" 200 408
116.230.117.165 - - [23/Jun/2021:09:36:18 +0800] "GET /xingrg/all/function/internal_message.html?_=1624412185538&CODE_STATE=getMsg HTTP/1.1" 200 27
180.169.147.146 - - [23/Jun/2021:09:36:21 +0800] "GET /xingrg/login.html HTTP/1.1" 200 7641
180.169.147.146 - - [23/Jun/2021:09:36:21 +0800] "GET /xingrg/images/blue/jxLogo.png HTTP/1.1" 200 6156
180.169.147.146 - - [23/Jun/2021:09:36:21 +0800] "GET /xingrg/images/blue/hj.png HTTP/1.1" 200 1014
180.169.147.146 - - [23/Jun/2021:09:36:21 +0800] "GET /xingrg/images/blue/login_bg.png HTTP/1.1" 200 22101
180.169.147.146 - - [23/Jun/2021:09:36:21 +0800] "GET /xingrg/images/blue/srbg.png HTTP/1.1" 200 138
180.169.147.146 - - [23/Jun/2021:09:36:21 +0800] "GET /favicon.ico HTTP/1.1" 404 -
116.235.222.38 - - [23/Jun/2021:09:36:23 +0800] "GET /xingrg/kc/buy/cgsh_order_operate.html?command=get_materiel&rest_code=00107&code=00101012059&supplier_code=00100033&order_time=2021-06-23 HTTP/1.1" 200 412
117.185.32.26 - - [23/Jun/2021:09:36:23 +0800] "GET /xingrg/kc/buy/cgsh_order_operate.html?command=get_materiel&rest_code=00106&code=00101001052&supplier_code=00100032&order_time=2021-06-23 HTTP/1.1" 200 430
180.169.147.146 - - [23/Jun/2021:09:36:23 +0800] "GET /xingrg/all/function/internal_message.html?_=1624412183040&CODE_STATE=getMsg HTTP/1.1" 200 27
222.70.176.108 - - [23/Jun/2021:09:36:25 +0800] "GET /xingrg/all/function/internal_message.html?_=1624412181151&CODE_STATE=getMsg HTTP/1.1" 200 27
180.169.147.146 - - [23/Jun/2021:09:36:25 +0800] "GET /xingrg/all/function/internal_message.html?_=1624412184516&CODE_STATE=getMsg HTTP/1.1" 200 27
180.169.147.146 - - [23/Jun/2021:09:36:27 +0800] "POST /xingrg/login.do HTTP/1.1" 302 -
180.169.147.146 - - [23/Jun/2021:09:36:27 +0800] "GET /xingrg/index.html?sysBaseUrl=http%3A%2F%2F180.169.147.146%3A18081%2Fxingrg%2F&costTime=35×tamp=1624412187202 HTTP/1.1" 200 17503
180.169.147.146 - - [23/Jun/2021:09:36:27 +0800] "GET /xingrg/javascript/jquery_easy_ui/themes/icon.css HTTP/1.1" 200 3949
180.169.147.146 - - [23/Jun/2021:09:36:27 +0800] "GET /xingrg/css/form.css HTTP/1.1" 200 893
180.169.147.146 - - [23/Jun/2021:09:36:27 +0800] "GET /xingrg/javascript/jquery_easy_ui/themes/default/easyui.css HTTP/1.1" 200 26500
180.169.147.146 - - [23/Jun/2021:09:36:27 +0800] "GET /xingrg/javascript/jquery-1.4.2.min.js HTTP/1.1" 200 72205
180.169.147.146 - - [23/Jun/2021:09:36:27 +0800] "GET /xingrg/javascript/jquery_easy_ui/jquery.easyui.min.js HTTP/1.1" 200 213662
180.169.147.146 - - [23/Jun/2021:09:36:27 +0800] "GET /xingrg/javascript/jquery_easy_ui/easyui-lang-zh_CN.js HTTP/1.1" 200 1900
180.169.147.146 - - [23/Jun/2021:09:36:27 +0800] "GET /xingrg/javascript/jquery.utils.js HTTP/1.1" 200 11805
180.169.147.146 - - [23/Jun/2021:09:36:27 +0800] "GET /xingrg/javascript/jquery.timers.js HTTP/1.1" 200 3532
180.169.147.146 - - [23/Jun/2021:09:36:27 +0800] "GET /xingrg/javascript/jquery.form.js HTTP/1.1" 200 23110
180.169.147.146 - - [23/Jun/2021:09:36:27 +0800] "GET /favicon.ico HTTP/1.1" 404 -
180.169.147.146 - - [23/Jun/2021:09:36:27 +0800] "GET /xingrg/javascript/jquery_easy_ui/themes/icons/settle_new.png HTTP/1.1" 200 826
180.169.147.146 - - [23/Jun/2021:09:36:27 +0800] "GET /xingrg/images/blue/navBackgound.jpg HTTP/1.1" 200 12378
180.169.147.146 - - [23/Jun/2021:09:36:27 +0800] "POST /xingrg/all/common/load_tree.html?tree=area_rest_tree_json&manage=1 HTTP/1.1" 200 3466
180.169.147.146 - - [23/Jun/2021:09:36:27 +0800] "GET /xingrg/all/function/internal_message.html?_=1624412184239&CODE_STATE=count HTTP/1.1" 200 11
180.169.147.146 - - [23/Jun/2021:09:36:27 +0800] "GET /xingrg/check_reg.html?_=1624412184241 HTTP/1.1" 200 22
180.169.147.146 - - [23/Jun/2021:09:36:27 +0800] "GET /xingrg/images/blue/pingpu.png HTTP/1.1" 200 231
180.169.147.146 - - [23/Jun/2021:09:36:27 +0800] "GET /xingrg/javascript/jquery_easy_ui/themes/default/images/tabs_leftarrow.png HTTP/1.1" 200 389
180.169.147.146 - - [23/Jun/2021:09:36:27 +0800] "GET /xingrg/javascript/jquery_easy_ui/themes/default/images/tabs_rightarrow.png HTTP/1.1" 200 395
180.169.147.146 - - [23/Jun/2021:09:36:27 +0800] "GET /xingrg/javascript/jquery_easy_ui/themes/default/images/panel_tool_expand.gif HTTP/1.1" 200 247
180.169.147.146 - - [23/Jun/2021:09:36:27 +0800] "GET /xingrg/javascript/jquery_easy_ui/themes/default/images/panel_tool_collapse.gif HTTP/1.1" 200 246
180.169.147.146 - - [23/Jun/2021:09:36:27 +0800] "POST /xingrg/load_menu.html HTTP/1.1" 200 11443
180.169.147.146 - - [23/Jun/2021:09:36:27 +0800] "GET /xingrg/javascript/jquery_easy_ui/themes/default/images/tree_arrows.gif HTTP/1.1" 200 1043
180.169.147.146 - - [23/Jun/2021:09:36:27 +0800] "GET /xingrg/javascript/jquery_easy_ui/themes/default/images/tree_folder_open.gif HTTP/1.1" 200 956
180.169.147.146 - - [23/Jun/2021:09:36:27 +0800] "GET /xingrg/javascript/jquery_easy_ui/themes/icons/search_new.png HTTP/1.1" 200 586
180.169.147.146 - - [23/Jun/2021:09:36:27 +0800] "GET /xingrg/javascript/jquery_easy_ui/themes/icons/delivery_new.png HTTP/1.1" 200 700
180.169.147.146 - - [23/Jun/2021:09:36:27 +0800] "GET /xingrg/javascript/jquery_easy_ui/themes/icons/storage_new.png HTTP/1.1" 200 853
180.169.147.146 - - [23/Jun/2021:09:36:27 +0800] "GET /xingrg/javascript/jquery_easy_ui/themes/icons/checkout_new.png HTTP/1.1" 200 744
180.169.147.146 - - [23/Jun/2021:09:36:27 +0800] "GET /xingrg/javascript/jquery_easy_ui/themes/icons/forms_new.png HTTP/1.1" 200 350
180.169.147.146 - - [23/Jun/2021:09:36:27 +0800] "GET /xingrg/javascript/jquery_easy_ui/themes/icons/setting_new.png HTTP/1.1" 200 450
180.169.147.146 - - [23/Jun/2021:09:36:27 +0800] "GET /xingrg/javascript/jquery_easy_ui/themes/icons/systemset_new.png HTTP/1.1" 200 606
180.169.147.146 - - [23/Jun/2021:09:36:27 +0800] "GET /xingrg/javascript/jquery_easy_ui/themes/default/images/tree_file.gif HTTP/1.1" 200 118
180.169.147.146 - - [23/Jun/2021:09:36:27 +0800] "GET /xingrg/javascript/jquery_easy_ui/themes/default/images/tree_folder.gif HTTP/1.1" 200 952
180.169.147.146 - - [23/Jun/2021:09:36:28 +0800] "GET /xingrg/javascript/jquery_easy_ui/themes/icons/area.png HTTP/1.1" 200 262
180.169.147.146 - - [23/Jun/2021:09:36:28 +0800] "GET /xingrg/javascript/jquery_easy_ui/themes/icons/manage.png HTTP/1.1" 200 696
180.169.147.146 - - [23/Jun/2021:09:36:28 +0800] "GET /xingrg/javascript/jquery_easy_ui/themes/icons/rest.png HTTP/1.1" 200 695
180.169.147.146 - - [23/Jun/2021:09:36:28 +0800] "GET /xingrg/javascript/jquery_easy_ui/themes/default/images/button_a_bg.gif HTTP/1.1" 200 1194
180.169.147.146 - - [23/Jun/2021:09:36:28 +0800] "GET /xingrg/javascript/jquery_easy_ui/themes/default/images/button_span_bg.gif HTTP/1.1" 200 2061
180.169.147.146 - - [23/Jun/2021:09:36:28 +0800] "GET /xingrg/javascript/jquery_easy_ui/themes/icons/ok.png HTTP/1.1" 200 883
180.169.147.146 - - [23/Jun/2021:09:36:28 +0800] "GET /xingrg/javascript/jquery_easy_ui/themes/default/images/panel_title.png HTTP/1.1" 200 266
180.169.147.146 - - [23/Jun/2021:09:36:28 +0800] "GET /xingrg/javascript/jquery_easy_ui/themes/default/images/panel_tools.gif HTTP/1.1" 200 737
180.169.147.146 - - [23/Jun/2021:09:36:31 +0800] "GET /xingrg/images/control/ajaxLoader.gif HTTP/1.1" 200 4659
180.169.147.146 - - [23/Jun/2021:09:36:31 +0800] "POST /xingrg/all/user/operate.html HTTP/1.1" 200 36
180.169.147.146 - - [23/Jun/2021:09:36:31 +0800] "GET /xingrg/javascript/jquery_easy_ui/themes/default/easyui.css HTTP/1.1" 304 -
180.169.147.146 - - [23/Jun/2021:09:36:31 +0800] "GET /xingrg/javascript/jquery_easy_ui/themes/icon.css HTTP/1.1" 304 -
180.169.147.146 - - [23/Jun/2021:09:36:31 +0800] "GET /xingrg/index.html?sysBaseUrl=http%3A%2F%2F180.169.147.146%3A18081%2Fxingrg%2F&costTime=35×tamp=1624412187202 HTTP/1.1" 200 17503
180.169.147.146 - - [23/Jun/2021:09:36:31 +0800] "GET /xingrg/css/form.css HTTP/1.1" 304 -
180.169.147.146 - - [23/Jun/2021:09:36:31 +0800] "GET /xingrg/javascript/jquery-1.4.2.min.js HTTP/1.1" 304 -
180.169.147.146 - - [23/Jun/2021:09:36:31 +0800] "GET /xingrg/javascript/jquery_easy_ui/jquery.easyui.min.js HTTP/1.1" 304 -
180.169.147.146 - - [23/Jun/2021:09:36:31 +0800] "GET /xingrg/javascript/jquery_easy_ui/easyui-lang-zh_CN.js HTTP/1.1" 304 -
180.169.147.146 - - [23/Jun/2021:09:36:31 +0800] "GET /xingrg/javascript/jquery.form.js HTTP/1.1" 304 -
180.169.147.146 - - [23/Jun/2021:09:36:31 +0800] "GET /xingrg/javascript/jquery.utils.js HTTP/1.1" 304 -
180.169.147.146 - - [23/Jun/2021:09:36:31 +0800] "GET /xingrg/javascript/jquery.timers.js HTTP/1.1" 304 -
180.169.147.146 - - [23/Jun/2021:09:36:31 +0800] "GET /xingrg/images/blue/jxLogo.png HTTP/1.1" 304 -
180.169.147.146 - - [23/Jun/2021:09:36:31 +0800] "GET /xingrg/images/blue/navBackgound.jpg HTTP/1.1" 304 -
180.169.147.146 - - [23/Jun/2021:09:36:31 +0800] "GET /xingrg/javascript/jquery_easy_ui/themes/icons/settle_new.png HTTP/1.1" 304 -
180.169.147.146 - - [23/Jun/2021:09:36:31 +0800] "POST /xingrg/all/common/load_tree.html?tree=area_rest_tree_json&manage=1 HTTP/1.1" 200 3466
180.169.147.146 - - [23/Jun/2021:09:36:31 +0800] "GET /xingrg/all/function/internal_message.html?_=1624412188284&CODE_STATE=count HTTP/1.1" 200 11
180.169.147.146 - - [23/Jun/2021:09:36:31 +0800] "GET /xingrg/check_reg.html?_=1624412188285 HTTP/1.1" 200 22
180.169.147.146 - - [23/Jun/2021:09:36:31 +0800] "GET /xingrg/javascript/jquery_easy_ui/themes/default/images/tabs_rightarrow.png HTTP/1.1" 304 -
180.169.147.146 - - [23/Jun/2021:09:36:31 +0800] "GET /xingrg/javascript/jquery_easy_ui/themes/default/images/tabs_leftarrow.png HTTP/1.1" 304 -
180.169.147.146 - - [23/Jun/2021:09:36:31 +0800] "GET /xingrg/javascript/jquery_easy_ui/themes/default/images/panel_tool_collapse.gif HTTP/1.1" 304 -
180.169.147.146 - - [23/Jun/2021:09:36:31 +0800] "GET /xingrg/javascript/jquery_easy_ui/themes/default/images/panel_tool_expand.gif HTTP/1.1" 304 -
180.169.147.146 - - [23/Jun/2021:09:36:31 +0800] "GET /xingrg/images/blue/pingpu.png HTTP/1.1" 304 -
180.169.147.146 - - [23/Jun/2021:09:36:31 +0800] "POST /xingrg/load_menu.html HTTP/1.1" 200 9959
116.235.222.38 - - [23/Jun/2021:09:36:33 +0800] "GET /xingrg/kc/buy/cgsh_order_operate.html?command=get_materiel&rest_code=00107&code=00101010248&supplier_code=00100033&order_time=2021-06-23 HTTP/1.1" 200 430
114.83.223.204 - - [23/Jun/2021:09:36:33 +0800] "GET /xingrg/all/function/internal_message.html?_=1624412190906&CODE_STATE=getMsg HTTP/1.1" 200 27
180.169.147.146 - - [23/Jun/2021:09:36:34 +0800] "POST /xingrg/load_menu.html HTTP/1.1" 200 9695
183.195.131.162 - - [23/Jun/2021:09:36:34 +0800] "GET /xingrg/kc/buy/cgsh_order_operate.html?command=get_materiel&rest_code=00102&code=00101006065&supplier_code=00100096&order_time=2021-06-23 HTTP/1.1" 200 409
180.169.147.146 - - [23/Jun/2021:09:36:35 +0800] "GET /xingrg/javascript/jquery_easy_ui/themes/default/images/tabs_close.gif HTTP/1.1" 200 829
180.169.147.146 - - [23/Jun/2021:09:36:35 +0800] "GET /xingrg/all/report/report_query.html?fileName=dma/new_5.0/yingye/order_list.xml HTTP/1.1" 200 55281
180.169.147.146 - - [23/Jun/2021:09:36:35 +0800] "GET /xingrg/javascript/multi_select/jqueryMultiSelect.css HTTP/1.1" 200 951
180.169.147.146 - - [23/Jun/2021:09:36:35 +0800] "GET /xingrg/css/blue.css HTTP/1.1" 200 15949
180.169.147.146 - - [23/Jun/2021:09:36:35 +0800] "GET /xingrg/javascript/calendar/timePicker.css HTTP/1.1" 200 523
180.169.147.146 - - [23/Jun/2021:09:36:35 +0800] "GET /xingrg/javascript/bigrid/fix.css HTTP/1.1" 200 1702
180.169.147.146 - - [23/Jun/2021:09:36:35 +0800] "GET /xingrg/javascript/pic_change.js HTTP/1.1" 200 4739
180.169.147.146 - - [23/Jun/2021:09:36:35 +0800] "GET /xingrg/dwr/interface/AjaxReportQueryService.js HTTP/1.1" 200 13203
180.169.147.146 - - [23/Jun/2021:09:36:35 +0800] "GET /xingrg/dwr/util.js HTTP/1.1" 200 35990
180.169.147.146 - - [23/Jun/2021:09:36:35 +0800] "GET /xingrg/javascript/myfunction.js HTTP/1.1" 200 24559
180.169.147.146 - - [23/Jun/2021:09:36:35 +0800] "GET /xingrg/dwr/engine.js HTTP/1.1" 200 43631
180.169.147.146 - - [23/Jun/2021:09:36:35 +0800] "GET /xingrg/javascript/jqueryMultiSelect.js HTTP/1.1" 200 11866
180.169.147.146 - - [23/Jun/2021:09:36:35 +0800] "GET /xingrg/javascript/calendar/jquery.timePicker.min.js HTTP/1.1" 200 2997
180.169.147.146 - - [23/Jun/2021:09:36:35 +0800] "GET /xingrg/javascript/bigrid/fix.js HTTP/1.1" 200 6439
180.169.147.146 - - [23/Jun/2021:09:36:35 +0800] "GET /xingrg/javascript/Calendar.js HTTP/1.1" 200 31561
180.169.147.146 - - [23/Jun/2021:09:36:35 +0800] "GET /xingrg/images/blue/button/advanceover.gif HTTP/1.1" 200 1347
180.169.147.146 - - [23/Jun/2021:09:36:35 +0800] "GET /xingrg/images/control/loading.gif HTTP/1.1" 200 13463
180.169.147.146 - - [23/Jun/2021:09:36:35 +0800] "GET /xingrg/images/blue/button/advance2over.gif HTTP/1.1" 200 1336
180.169.147.146 - - [23/Jun/2021:09:36:35 +0800] "GET /xingrg/images/blue/button/back2over.gif HTTP/1.1" 200 1335
180.169.147.146 - - [23/Jun/2021:09:36:35 +0800] "GET /xingrg/images/blue/button/backover.gif HTTP/1.1" 200 1348
180.169.147.146 - - [23/Jun/2021:09:36:35 +0800] "GET /xingrg/javascript/jquery_easy_ui/themes/icons/print.png HTTP/1.1" 200 1057
180.169.147.146 - - [23/Jun/2021:09:36:35 +0800] "GET /xingrg/javascript/jquery_easy_ui/themes/default/images/menu.gif HTTP/1.1" 200 834
180.169.147.146 - - [23/Jun/2021:09:36:35 +0800] "GET /xingrg/javascript/jquery_easy_ui/themes/icons/pencil.png HTTP/1.1" 200 713
180.169.147.146 - - [23/Jun/2021:09:36:35 +0800] "GET /xingrg/javascript/jquery_easy_ui/themes/default/images/menu_rightarrow.png HTTP/1.1" 200 3617
180.169.147.146 - - [23/Jun/2021:09:36:35 +0800] "GET /xingrg/javascript/jquery_easy_ui/themes/default/images/menu_downarrow.png HTTP/1.1" 200 173
180.169.147.146 - - [23/Jun/2021:09:36:35 +0800] "GET /xingrg/javascript/jquery_easy_ui/themes/icons/help.png HTTP/1.1" 200 1187
180.169.147.146 - - [23/Jun/2021:09:36:35 +0800] "POST /xingrg/dwr/call/plaincall/AjaxReportQueryService.getFixDate.dwr HTTP/1.1" 200 111
180.169.147.146 - - [23/Jun/2021:09:36:36 +0800] "POST /xingrg/all/common/load_tree.html?tree=area_station_tree_json&manage=1 HTTP/1.1" 200 3358
180.169.147.146 - - [23/Jun/2021:09:36:36 +0800] "GET /xingrg/javascript/jquery_easy_ui/themes/default/images/combo_arrow_dot.gif HTTP/1.1" 200 79
180.169.147.146 - - [23/Jun/2021:09:36:36 +0800] "GET /xingrg/javascript/jquery_easy_ui/themes/default/images/tree_checkbox_0.gif HTTP/1.1" 200 168
180.169.147.146 - - [23/Jun/2021:09:36:36 +0800] "POST /xingrg/dwr/call/plaincall/AjaxReportQueryService.getInitString.dwr HTTP/1.1" 200 76
180.169.147.146 - - [23/Jun/2021:09:36:36 +0800] "GET /xingrg/javascript/multi_select/dropdown.gif HTTP/1.1" 200 61
183.195.131.162 - - [23/Jun/2021:09:36:38 +0800] "GET /xingrg/all/function/internal_message.html?_=1624412160761&CODE_STATE=getMsg HTTP/1.1" 200 27
117.185.32.26 - - [23/Jun/2021:09:36:40 +0800] "GET /xingrg/kc/buy/cgsh_order_operate.html?command=get_materiel&rest_code=00106&code=00101012057&supplier_code=00100032&order_time=2021-06-23 HTTP/1.1" 200 420
61.165.42.208 - - [23/Jun/2021:09:36:43 +0800] "GET /xingrg/all/function/internal_message.html?_=1624412201001&CODE_STATE=getMsg HTTP/1.1" 200 27
116.233.79.92 - - [23/Jun/2021:09:36:44 +0800] "GET /xingrg/all/function/internal_message.html?_=1624412202551&CODE_STATE=getMsg HTTP/1.1" 200 27
116.224.253.72 - - [23/Jun/2021:09:36:45 +0800] "GET /xingrg/all/function/internal_message.html?_=1624412203445&CODE_STATE=getMsg HTTP/1.1" 200 27
180.169.147.146 - - [23/Jun/2021:09:36:45 +0800] "GET /xingrg/javascript/jquery_easy_ui/themes/default/images/tree_checkbox_1.gif HTTP/1.1" 200 174
180.169.147.146 - - [23/Jun/2021:09:36:45 +0800] "GET /xingrg/javascript/jquery_easy_ui/themes/default/images/tree_checkbox_2.gif HTTP/1.1" 200 181
180.169.147.146 - - [23/Jun/2021:09:36:46 +0800] "POST /xingrg/dwr/call/plaincall/AjaxReportQueryService.queryInitializeString.dwr HTTP/1.1" 200 253
183.195.131.162 - - [23/Jun/2021:09:36:46 +0800] "GET /xingrg/kc/buy/cgsh_order_operate.html?command=get_materiel&rest_code=00102&code=00101007092&supplier_code=00100096&order_time=2021-06-23 HTTP/1.1" 200 409
180.169.147.146 - - [23/Jun/2021:09:36:46 +0800] "GET /xingrg/javascript/jquery_easy_ui/themes/default/images/button_plain_hover.png HTTP/1.1" 200 252
180.169.147.146 - - [23/Jun/2021:09:36:46 +0800] "POST /xingrg/dwr/call/plaincall/AjaxReportQueryService.refreshCache.dwr HTTP/1.1" 200 78
180.169.147.146 - - [23/Jun/2021:09:36:47 +0800] "POST /xingrg/all/report/load_report_page.html HTTP/1.1" 200 152785
180.169.147.146 - - [23/Jun/2021:09:36:47 +0800] "GET /xingrg/images/blue/button/back2.gif HTTP/1.1" 200 1339
180.169.147.146 - - [23/Jun/2021:09:36:47 +0800] "GET /xingrg/images/blue/button/back.gif HTTP/1.1" 200 1352
180.169.147.146 - - [23/Jun/2021:09:36:47 +0800] "GET /xingrg/servlets/image?cache=0.8348604814081885&image=px HTTP/1.1" 200 807
120.253.135.82 - - [23/Jun/2021:09:36:51 +0800] "GET /xingrg/check_reg.html?_=1624411992508 HTTP/1.1" 200 22
180.169.147.146 - - [23/Jun/2021:09:36:52 +0800] "POST /xingrg/all/report/report_print.html HTTP/1.1" 200 23581
117.185.32.26 - - [23/Jun/2021:09:36:53 +0800] "GET /xingrg/all/function/internal_message.html?_=1624412748079&CODE_STATE=getMsg HTTP/1.1" 200 27
116.235.222.38 - - [23/Jun/2021:09:36:55 +0800] "GET /xingrg/kc/buy/cgsh_order_operate.html?command=get_materiel&rest_code=00107&code=00101016051&supplier_code=00100033&order_time=2021-06-23 HTTP/1.1" 200 408
180.169.147.146 - - [23/Jun/2021:09:37:00 +0800] "POST /xingrg/dwr/call/plaincall/AjaxReportQueryService.queryInitializeString.dwr HTTP/1.1" 200 203
180.169.147.146 - - [23/Jun/2021:09:37:01 +0800] "POST /xingrg/dwr/call/plaincall/AjaxReportQueryService.refreshCache.dwr HTTP/1.1" 200 78
180.169.147.146 - - [23/Jun/2021:09:37:01 +0800] "POST /xingrg/all/report/load_report_page.html HTTP/1.1" 200 147007
180.169.147.146 - - [23/Jun/2021:09:37:01 +0800] "GET /xingrg/servlets/image?cache=0.16176527178069156&image=px HTTP/1.1" 200 807
58.221.95.50 - - [23/Jun/2021:09:37:01 +0800] "GET /xingrg/check_reg.html?_=1624412220106 HTTP/1.1" 200 22
58.221.95.50 - - [23/Jun/2021:09:37:01 +0800] "GET /xingrg/all/function/internal_message.html?_=1624412220109&CODE_STATE=getMsg HTTP/1.1" 200 27
116.235.222.38 - - [23/Jun/2021:09:37:02 +0800] "POST /xingrg/kc/buy/cgsh_order_operate.html HTTP/1.1" 200 37
116.235.222.38 - - [23/Jun/2021:09:37:04 +0800] "POST /xingrg/kc/buy/cgsh_order_operate.html HTTP/1.1" 200 6213
183.192.95.241 - - [23/Jun/2021:09:37:05 +0800] "GET /xingrg/all/function/internal_message.html?_=1624412222338&CODE_STATE=getMsg HTTP/1.1" 302 -
116.235.222.38 - - [23/Jun/2021:09:37:06 +0800] "GET /xingrg/kc/print/load_data.html?order_code=212021062310358&kc_code=cgsh&condition= HTTP/1.1" 200 2069
180.169.147.146 - - [23/Jun/2021:09:37:06 +0800] "POST /xingrg/all/report/report_print.html HTTP/1.1" 200 16405
116.235.222.38 - - [23/Jun/2021:09:37:07 +0800] "GET /xingrg/all/function/internal_message.html?_=1624412220406&CODE_STATE=getMsg HTTP/1.1" 200 27
58.40.7.146 - - [23/Jun/2021:09:37:08 +0800] "GET /xingrg/all/function/internal_message.html?_=1624412226205&CODE_STATE=getMsg HTTP/1.1" 200 27
114.84.0.231 - - [23/Jun/2021:09:37:13 +0800] "POST /xingrg/services/DataTransmitService HTTP/1.1" 200 524
114.84.0.231 - - [23/Jun/2021:09:37:13 +0800] "POST /xingrg/services/DataTransmitService HTTP/1.1" 200 497
183.195.131.162 - - [23/Jun/2021:09:37:18 +0800] "POST /xingrg/kc/buy/cgsh_order_operate.html HTTP/1.1" 200 37
116.230.117.165 - - [23/Jun/2021:09:37:18 +0800] "GET /xingrg/all/function/internal_message.html?_=1624412245552&CODE_STATE=getMsg HTTP/1.1" 200 27
117.185.32.26 - - [23/Jun/2021:09:37:19 +0800] "GET /xingrg/kc/buy/cgsh_order_operate.html?command=get_materiel&rest_code=00106&code=00101016105&supplier_code=00100032&order_time=2021-06-23 HTTP/1.1" 200 409
183.195.131.162 - - [23/Jun/2021:09:37:22 +0800] "POST /xingrg/kc/buy/cgsh_order_operate.html HTTP/1.1" 200 12
180.169.147.146 - - [23/Jun/2021:09:37:22 +0800] "GET /xingrg/check_reg.html?_=1624412238764 HTTP/1.1" 200 22
180.169.147.146 - - [23/Jun/2021:09:37:23 +0800] "GET /xingrg/all/function/internal_message.html?_=1624412243045&CODE_STATE=getMsg HTTP/1.1" 200 27
222.70.176.108 - - [23/Jun/2021:09:37:24 +0800] "GET /xingrg/all/function/internal_message.html?_=1624412241136&CODE_STATE=getMsg HTTP/1.1" 200 27
180.169.147.146 - - [23/Jun/2021:09:37:25 +0800] "GET /xingrg/all/function/internal_message.html?_=1624412244523&CODE_STATE=getMsg HTTP/1.1" 200 27
183.195.131.162 - - [23/Jun/2021:09:37:25 +0800] "GET /xingrg/kc/buy/cgsh_order_info.html?code=212021062310359 HTTP/1.1" 200 57360
183.195.131.162 - - [23/Jun/2021:09:37:26 +0800] "GET /xingrg/javascript/easyui/themes/default/validatebox.css HTTP/1.1" 404 1104
61.165.42.208 - - [23/Jun/2021:09:37:27 +0800] "POST /xingrg/services/DataTransmitService HTTP/1.1" 200 524
183.195.131.162 - - [23/Jun/2021:09:37:27 +0800] "POST /xingrg/kc/buy/cgsh_order_operate.html HTTP/1.1" 200 4733
61.165.42.208 - - [23/Jun/2021:09:37:27 +0800] "POST /xingrg/services/DataTransmitService HTTP/1.1" 200 2235
183.195.131.162 - - [23/Jun/2021:09:37:29 +0800] "GET /xingrg/kc/print/load_config.html?kc_code=cgsh HTTP/1.1" 200 1845
183.195.131.162 - - [23/Jun/2021:09:37:30 +0800] "GET /xingrg/kc/print/load_data.html?order_code=212021062310359&kc_code=cgsh&condition= HTTP/1.1" 200 2221
180.169.147.146 - - [23/Jun/2021:09:37:31 +0800] "GET /xingrg/all/function/internal_message.html?_=1624412248291&CODE_STATE=getMsg HTTP/1.1" 200 27
114.83.223.204 - - [23/Jun/2021:09:37:32 +0800] "GET /xingrg/check_reg.html?_=1624412250019 HTTP/1.1" 200 22
114.83.223.204 - - [23/Jun/2021:09:37:33 +0800] "GET /xingrg/all/function/internal_message.html?_=1624412250886&CODE_STATE=getMsg HTTP/1.1" 200 27
58.37.225.51 - - [23/Jun/2021:09:37:36 +0800] "POST /xingrg/services/DataTransmitService HTTP/1.1" 200 524
117.185.32.26 - - [23/Jun/2021:09:37:37 +0800] "GET /xingrg/kc/buy/cgsh_order_operate.html?command=get_materiel&rest_code=00106&code=00101012051&supplier_code=00100032&order_time=2021-06-23 HTTP/1.1" 200 408
183.195.131.162 - - [23/Jun/2021:09:37:38 +0800] "GET /xingrg/all/function/internal_message.html?_=1624412220768&CODE_STATE=getMsg HTTP/1.1" 200 27
61.165.42.208 - - [23/Jun/2021:09:37:43 +0800] "GET /xingrg/all/function/internal_message.html?_=1624412261003&CODE_STATE=getMsg HTTP/1.1" 200 27
116.233.79.92 - - [23/Jun/2021:09:37:44 +0800] "GET /xingrg/all/function/internal_message.html?_=1624412263008&CODE_STATE=getMsg HTTP/1.1" 200 27
116.233.79.92 - - [23/Jun/2021:09:37:44 +0800] "GET /xingrg/check_reg.html?_=1624412263009 HTTP/1.1" 200 22
116.224.253.72 - - [23/Jun/2021:09:37:45 +0800] "GET /xingrg/all/function/internal_message.html?_=1624412263445&CODE_STATE=getMsg HTTP/1.1" 200 27
117.185.32.26 - - [23/Jun/2021:09:37:52 +0800] "POST /xingrg/kc/buy/cgsh_order_operate.html HTTP/1.1" 200 37
117.185.32.26 - - [23/Jun/2021:09:37:58 +0800] "GET /xingrg/check_reg.html?_=1624412812413 HTTP/1.1" 200 22
117.185.32.26 - - [23/Jun/2021:09:37:58 +0800] "GET /xingrg/all/function/internal_message.html?_=1624412812414&CODE_STATE=getMsg HTTP/1.1" 200 27
117.185.32.26 - - [23/Jun/2021:09:37:58 +0800] "POST /xingrg/kc/buy/cgsh_order_operate.html HTTP/1.1" 200 8605
58.221.95.50 - - [23/Jun/2021:09:38:01 +0800] "GET /xingrg/all/function/internal_message.html?_=1624412280108&CODE_STATE=getMsg HTTP/1.1" 200 27
117.185.32.26 - - [23/Jun/2021:09:38:03 +0800] "GET /xingrg/kc/buy/cgsh_order_add.html HTTP/1.1" 200 62511
117.185.32.26 - - [23/Jun/2021:09:38:03 +0800] "POST /xingrg/kc/buy/cgsh_order_operate.html HTTP/1.1" 200 8245
117.185.32.26 - - [23/Jun/2021:09:38:03 +0800] "GET /xingrg/javascript/easyui/themes/default/validatebox.css HTTP/1.1" 404 1104
183.192.95.241 - - [23/Jun/2021:09:38:05 +0800] "GET /xingrg/all/function/internal_message.html?_=1624412282337&CODE_STATE=getMsg HTTP/1.1" 302 -
116.235.222.38 - - [23/Jun/2021:09:38:07 +0800] "GET /xingrg/all/function/internal_message.html?_=1624412280387&CODE_STATE=getMsg HTTP/1.1" 200 27
58.40.7.146 - - [23/Jun/2021:09:38:08 +0800] "GET /xingrg/all/function/internal_message.html?_=1624412286208&CODE_STATE=getMsg HTTP/1.1" 200 27
117.185.32.26 - - [23/Jun/2021:09:38:09 +0800] "GET /xingrg/javascript/easyui/themes/default/tree.css HTTP/1.1" 404 1090
117.185.32.26 - - [23/Jun/2021:09:38:09 +0800] "POST /xingrg/all/common/load_tree.html?tree=supplier_tree_json&isDelete=1 HTTP/1.1" 200 56136
116.230.117.165 - - [23/Jun/2021:09:38:18 +0800] "GET /xingrg/all/function/internal_message.html?_=1624412305737&CODE_STATE=getMsg HTTP/1.1" 200 27
180.169.147.146 - - [23/Jun/2021:09:38:19 +0800] "POST /xingrg/dwr/call/plaincall/AjaxReportQueryService.queryInitializeString.dwr HTTP/1.1" 200 203
180.169.147.146 - - [23/Jun/2021:09:38:20 +0800] "POST /xingrg/dwr/call/plaincall/AjaxReportQueryService.refreshCache.dwr HTTP/1.1" 200 78
180.169.147.146 - - [23/Jun/2021:09:38:21 +0800] "POST /xingrg/all/report/load_report_page.html HTTP/1.1" 200 153118
180.169.147.146 - - [23/Jun/2021:09:38:21 +0800] "GET /xingrg/servlets/image?cache=0.22778698816387688&image=px HTTP/1.1" 200 807
180.169.147.146 - - [23/Jun/2021:09:38:23 +0800] "GET /xingrg/all/function/internal_message.html?_=1624412303052&CODE_STATE=getMsg HTTP/1.1" 200 27
180.169.147.146 - - [23/Jun/2021:09:38:24 +0800] "POST /xingrg/all/report/report_print.html HTTP/1.1" 200 17436
222.70.176.108 - - [23/Jun/2021:09:38:24 +0800] "GET /xingrg/all/function/internal_message.html?_=1624412301122&CODE_STATE=getMsg HTTP/1.1" 200 27
180.169.147.146 - - [23/Jun/2021:09:38:25 +0800] "GET /xingrg/all/function/internal_message.html?_=1624412304511&CODE_STATE=getMsg HTTP/1.1" 200 27
117.185.32.26 - - [23/Jun/2021:09:38:29 +0800] "GET /xingrg/kc/buy/cgsh_order_operate.html?command=get_materiel&rest_code=00106&code=00101028011&supplier_code=00100017&order_time=2021-06-23 HTTP/1.1" 200 475
180.169.147.146 - - [23/Jun/2021:09:38:31 +0800] "GET /xingrg/all/function/internal_message.html?_=1624412308289&CODE_STATE=getMsg HTTP/1.1" 200 27
114.83.223.204 - - [23/Jun/2021:09:38:33 +0800] "GET /xingrg/all/function/internal_message.html?_=1624412310871&CODE_STATE=getMsg HTTP/1.1" 200 27
183.195.131.162 - - [23/Jun/2021:09:38:38 +0800] "GET /xingrg/all/function/internal_message.html?_=1624412280780&CODE_STATE=getMsg HTTP/1.1" 200 27
61.165.42.208 - - [23/Jun/2021:09:38:43 +0800] "GET /xingrg/all/function/internal_message.html?_=1624412321030&CODE_STATE=getMsg HTTP/1.1" 200 27
116.233.79.92 - - [23/Jun/2021:09:38:44 +0800] "GET /xingrg/all/function/internal_message.html?_=1624412323011&CODE_STATE=getMsg HTTP/1.1" 200 27
116.224.253.72 - - [23/Jun/2021:09:38:45 +0800] "GET /xingrg/all/function/internal_message.html?_=1624412323445&CODE_STATE=getMsg HTTP/1.1" 200 27
117.185.32.26 - - [23/Jun/2021:09:38:51 +0800] "GET /xingrg/kc/buy/cgsh_order_operate.html?command=get_materiel&rest_code=00106&code=00101029011&supplier_code=00100017&order_time=2021-06-23 HTTP/1.1" 200 460
180.169.147.146 - - [23/Jun/2021:09:38:52 +0800] "POST /xingrg/dwr/call/plaincall/AjaxReportQueryService.queryInitializeString.dwr HTTP/1.1" 200 303
180.169.147.146 - - [23/Jun/2021:09:38:56 +0800] "POST /xingrg/dwr/call/plaincall/AjaxReportQueryService.queryInitializeString.dwr HTTP/1.1" 200 303
180.169.147.146 - - [23/Jun/2021:09:38:57 +0800] "POST /xingrg/dwr/call/plaincall/AjaxReportQueryService.refreshCache.dwr HTTP/1.1" 200 78
180.169.147.146 - - [23/Jun/2021:09:38:57 +0800] "POST /xingrg/all/report/load_report_page.html HTTP/1.1" 200 140909
180.169.147.146 - - [23/Jun/2021:09:38:58 +0800] "GET /xingrg/servlets/image?cache=0.4242397502545656&image=px HTTP/1.1" 200 807
117.185.32.26 - - [23/Jun/2021:09:38:58 +0800] "GET /xingrg/all/function/internal_message.html?_=1624412872423&CODE_STATE=getMsg HTTP/1.1" 200 27
180.169.147.146 - - [23/Jun/2021:09:38:59 +0800] "GET /xingrg/javascript/multi_select/dropdown_hover.gif HTTP/1.1" 200 61
58.221.95.50 - - [23/Jun/2021:09:39:01 +0800] "GET /xingrg/all/function/internal_message.html?_=1624412340108&CODE_STATE=getMsg HTTP/1.1" 200 27
180.169.147.146 - - [23/Jun/2021:09:39:02 +0800] "POST /xingrg/all/report/report_print.html HTTP/1.1" 200 11796
183.192.95.241 - - [23/Jun/2021:09:39:05 +0800] "GET /xingrg/all/function/internal_message.html?_=1624412342336&CODE_STATE=getMsg HTTP/1.1" 302 -
117.185.32.26 - - [23/Jun/2021:09:39:07 +0800] "GET /xingrg/kc/buy/cgsh_order_operate.html?command=get_materiel&rest_code=00106&code=00101029017&supplier_code=00100017&order_time=2021-06-23 HTTP/1.1" 200 467
116.235.222.38 - - [23/Jun/2021:09:39:07 +0800] "GET /xingrg/all/function/internal_message.html?_=1624412340370&CODE_STATE=getMsg HTTP/1.1" 200 27
58.40.7.146 - - [23/Jun/2021:09:39:08 +0800] "GET /xingrg/all/function/internal_message.html?_=1624412346211&CODE_STATE=getMsg HTTP/1.1" 200 27
58.40.7.146 - - [23/Jun/2021:09:39:08 +0800] "GET /xingrg/check_reg.html?_=1624412346212 HTTP/1.1" 200 22
180.169.147.146 - - [23/Jun/2021:09:39:10 +0800] "POST /xingrg/all/report/report_print.html HTTP/1.1" 200 11796
116.230.117.165 - - [23/Jun/2021:09:39:18 +0800] "GET /xingrg/all/function/internal_message.html?_=1624412365749&CODE_STATE=getMsg HTTP/1.1" 200 27
222.70.176.108 - - [23/Jun/2021:09:39:18 +0800] "GET /xingrg/kc/buy/cgsh_order_add.html HTTP/1.1" 200 62511
222.70.176.108 - - [23/Jun/2021:09:39:19 +0800] "POST /xingrg/kc/buy/cgsh_order_operate.html HTTP/1.1" 200 8245
222.70.176.108 - - [23/Jun/2021:09:39:19 +0800] "GET /xingrg/javascript/easyui/themes/default/validatebox.css HTTP/1.1" 404 1104
117.185.32.26 - - [23/Jun/2021:09:39:21 +0800] "GET /xingrg/kc/buy/cgsh_order_operate.html?command=get_materiel&rest_code=00106&code=00101029009&supplier_code=00100017&order_time=2021-06-23 HTTP/1.1" 200 478
180.169.147.146 - - [23/Jun/2021:09:39:23 +0800] "GET /xingrg/all/function/internal_message.html?_=1624412363051&CODE_STATE=getMsg HTTP/1.1" 200 27
222.70.176.108 - - [23/Jun/2021:09:39:24 +0800] "GET /xingrg/all/function/internal_message.html?_=1624412361121&CODE_STATE=getMsg HTTP/1.1" 200 27
222.70.176.108 - - [23/Jun/2021:09:39:25 +0800] "GET /xingrg/check_reg.html?_=1624412361442 HTTP/1.1" 200 22
180.169.147.146 - - [23/Jun/2021:09:39:25 +0800] "GET /xingrg/all/function/internal_message.html?_=1624412364517&CODE_STATE=getMsg HTTP/1.1" 200 27
180.169.147.146 - - [23/Jun/2021:09:39:25 +0800] "GET /xingrg/check_reg.html?_=1624412364522 HTTP/1.1" 200 22
180.169.147.146 - - [23/Jun/2021:09:39:31 +0800] "GET /xingrg/all/function/internal_message.html?_=1624412368296&CODE_STATE=getMsg HTTP/1.1" 200 27
222.70.176.108 - - [23/Jun/2021:09:39:32 +0800] "GET /xingrg/kc/buy/cgsh_order_operate.html?command=get_materiel&rest_code=00111&code=00101010691&supplier_code=00100327&order_time=2021-06-23 HTTP/1.1" 200 397
114.83.223.204 - - [23/Jun/2021:09:39:33 +0800] "GET /xingrg/all/function/internal_message.html?_=1624412370859&CODE_STATE=getMsg HTTP/1.1" 200 27
183.195.131.162 - - [23/Jun/2021:09:39:38 +0800] "GET /xingrg/check_reg.html?_=1624412340790 HTTP/1.1" 200 22
183.195.131.162 - - [23/Jun/2021:09:39:38 +0800] "GET /xingrg/all/function/internal_message.html?_=1624412340794&CODE_STATE=getMsg HTTP/1.1" 200 27
222.70.176.108 - - [23/Jun/2021:09:39:40 +0800] "POST /xingrg/kc/buy/cgsh_order_operate.html HTTP/1.1" 200 37
222.70.176.108 - - [23/Jun/2021:09:39:42 +0800] "POST /xingrg/kc/buy/cgsh_order_operate.html HTTP/1.1" 200 2655
61.165.42.208 - - [23/Jun/2021:09:39:43 +0800] "GET /xingrg/all/function/internal_message.html?_=1624412381031&CODE_STATE=getMsg HTTP/1.1" 200 27
61.165.42.208 - - [23/Jun/2021:09:39:43 +0800] "GET /xingrg/check_reg.html?_=1624412381029 HTTP/1.1" 200 22
222.70.176.108 - - [23/Jun/2021:09:39:44 +0800] "GET /xingrg/kc/print/load_data.html?order_code=212021062310361&kc_code=cgsh&condition= HTTP/1.1" 200 665
116.233.79.92 - - [23/Jun/2021:09:39:44 +0800] "GET /xingrg/all/function/internal_message.html?_=1624412383014&CODE_STATE=getMsg HTTP/1.1" 200 27
116.224.253.72 - - [23/Jun/2021:09:39:45 +0800] "GET /xingrg/all/function/internal_message.html?_=1624412383445&CODE_STATE=getMsg HTTP/1.1" 200 27
116.224.253.72 - - [23/Jun/2021:09:39:45 +0800] "GET /xingrg/check_reg.html?_=1624412383449 HTTP/1.1" 200 22
222.70.176.108 - - [23/Jun/2021:09:39:48 +0800] "GET /xingrg/kc/buy/cgsh_order_add.html HTTP/1.1" 200 62511
222.70.176.108 - - [23/Jun/2021:09:39:49 +0800] "POST /xingrg/kc/buy/cgsh_order_operate.html HTTP/1.1" 200 8245
222.70.176.108 - - [23/Jun/2021:09:39:49 +0800] "GET /xingrg/javascript/easyui/themes/default/validatebox.css HTTP/1.1" 404 1104
117.185.32.26 - - [23/Jun/2021:09:39:57 +0800] "GET /xingrg/all/function/internal_message.html?_=1624412932395&CODE_STATE=getMsg HTTP/1.1" 200 27
222.70.176.108 - - [23/Jun/2021:09:40:00 +0800] "GET /xingrg/kc/buy/cgsh_order_operate.html?command=get_materiel&rest_code=00111&code=00101003003&supplier_code=00100093&order_time=2021-06-23 HTTP/1.1" 200 416
58.221.95.50 - - [23/Jun/2021:09:40:01 +0800] "GET /xingrg/all/function/internal_message.html?_=1624412400137&CODE_STATE=getMsg HTTP/1.1" 200 27
183.192.95.241 - - [23/Jun/2021:09:40:05 +0800] "GET /xingrg/check_reg.html?_=1624412402337 HTTP/1.1" 302 -
183.192.95.241 - - [23/Jun/2021:09:40:05 +0800] "GET /xingrg/all/function/internal_message.html?_=1624412402341&CODE_STATE=getMsg HTTP/1.1" 302 -
116.235.222.38 - - [23/Jun/2021:09:40:06 +0800] "GET /xingrg/check_reg.html?_=1624412399932 HTTP/1.1" 200 22
116.235.222.38 - - [23/Jun/2021:09:40:07 +0800] "GET /xingrg/all/function/internal_message.html?_=1624412400357&CODE_STATE=getMsg HTTP/1.1" 200 27
58.40.7.146 - - [23/Jun/2021:09:40:08 +0800] "GET /xingrg/all/function/internal_message.html?_=1624412406216&CODE_STATE=getMsg HTTP/1.1" 200 27
222.70.176.108 - - [23/Jun/2021:09:40:16 +0800] "GET /xingrg/kc/buy/cgsh_order_operate.html?command=get_materiel&rest_code=00111&code=00102001028&supplier_code=00100093&order_time=2021-06-23 HTTP/1.1" 200 412
116.230.117.165 - - [23/Jun/2021:09:40:18 +0800] "GET /xingrg/all/function/internal_message.html?_=1624412425950&CODE_STATE=getMsg HTTP/1.1" 200 27
222.70.176.108 - - [23/Jun/2021:09:40:23 +0800] "GET /xingrg/kc/buy/cgsh_order_operate.html?command=get_materiel&rest_code=00111&code=00101003040&supplier_code=00100093&order_time=2021-06-23 HTTP/1.1" 200 416
180.169.147.146 - - [23/Jun/2021:09:40:23 +0800] "GET /xingrg/check_reg.html?_=1624412423056 HTTP/1.1" 200 22
180.169.147.146 - - [23/Jun/2021:09:40:23 +0800] "GET /xingrg/all/function/internal_message.html?_=1624412423052&CODE_STATE=getMsg HTTP/1.1" 200 27
222.70.176.108 - - [23/Jun/2021:09:40:24 +0800] "GET /xingrg/all/function/internal_message.html?_=1624412421100&CODE_STATE=getMsg HTTP/1.1" 200 27
180.169.147.146 - - [23/Jun/2021:09:40:25 +0800] "GET /xingrg/all/function/internal_message.html?_=1624412424526&CODE_STATE=getMsg HTTP/1.1" 200 27
116.235.222.38 - - [23/Jun/2021:09:40:30 +0800] "GET /xingrg/check_reg.html?_=1624412429239 HTTP/1.1" 302 -
180.169.147.146 - - [23/Jun/2021:09:40:31 +0800] "GET /xingrg/all/function/internal_message.html?_=1624412428289&CODE_STATE=getMsg HTTP/1.1" 200 27
114.83.223.204 - - [23/Jun/2021:09:40:33 +0800] "GET /xingrg/all/function/internal_message.html?_=1624412430833&CODE_STATE=getMsg HTTP/1.1" 200 27
183.195.131.162 - - [23/Jun/2021:09:40:38 +0800] "GET /xingrg/all/function/internal_message.html?_=1624412400807&CODE_STATE=getMsg HTTP/1.1" 200 27
61.165.42.208 - - [23/Jun/2021:09:40:43 +0800] "GET /xingrg/all/function/internal_message.html?_=1624412441029&CODE_STATE=getMsg HTTP/1.1" 200 27
116.233.79.92 - - [23/Jun/2021:09:40:44 +0800] "GET /xingrg/all/function/internal_message.html?_=1624412443012&CODE_STATE=getMsg HTTP/1.1" 200 27
116.224.253.72 - - [23/Jun/2021:09:40:45 +0800] "GET /xingrg/all/function/internal_message.html?_=1624412443450&CODE_STATE=getMsg HTTP/1.1" 200 27
117.185.32.26 - - [23/Jun/2021:09:40:57 +0800] "GET /xingrg/all/function/internal_message.html?_=1624412992370&CODE_STATE=getMsg HTTP/1.1" 200 27
116.230.117.165 - - [23/Jun/2021:09:41:01 +0800] "GET /xingrg/check_reg.html?_=1624412468960 HTTP/1.1" 200 22
58.221.95.50 - - [23/Jun/2021:09:41:01 +0800] "GET /xingrg/all/function/internal_message.html?_=1624412460123&CODE_STATE=getMsg HTTP/1.1" 200 27
183.192.95.241 - - [23/Jun/2021:09:41:05 +0800] "GET /xingrg/all/function/internal_message.html?_=1624412462326&CODE_STATE=getMsg HTTP/1.1" 302 -
116.235.222.38 - - [23/Jun/2021:09:41:07 +0800] "GET /xingrg/all/function/internal_message.html?_=1624412460342&CODE_STATE=getMsg HTTP/1.1" 200 27
58.40.7.146 - - [23/Jun/2021:09:41:08 +0800] "GET /xingrg/all/function/internal_message.html?_=1624412466218&CODE_STATE=getMsg HTTP/1.1" 200 27
222.70.176.108 - - [23/Jun/2021:09:41:08 +0800] "POST /xingrg/kc/buy/cgsh_order_operate.html HTTP/1.1" 200 37
222.70.176.108 - - [23/Jun/2021:09:41:11 +0800] "POST /xingrg/kc/buy/cgsh_order_operate.html HTTP/1.1" 200 3263
222.70.176.108 - - [23/Jun/2021:09:41:14 +0800] "GET /xingrg/kc/print/load_data.html?order_code=212021062310362&kc_code=cgsh&condition= HTTP/1.1" 200 968
116.230.117.165 - - [23/Jun/2021:09:41:18 +0800] "GET /xingrg/all/function/internal_message.html?_=1624412485964&CODE_STATE=getMsg HTTP/1.1" 200 27
222.70.176.108 - - [23/Jun/2021:09:41:18 +0800] "GET /xingrg/kc/buy/cgsh_order_add.html HTTP/1.1" 200 62511
222.70.176.108 - - [23/Jun/2021:09:41:18 +0800] "POST /xingrg/kc/buy/cgsh_order_operate.html HTTP/1.1" 200 8245
222.70.176.108 - - [23/Jun/2021:09:41:19 +0800] "GET /xingrg/javascript/easyui/themes/default/validatebox.css HTTP/1.1" 404 1104
180.169.147.146 - - [23/Jun/2021:09:41:23 +0800] "GET /xingrg/all/function/internal_message.html?_=1624412483056&CODE_STATE=getMsg HTTP/1.1" 200 27
61.165.42.208 - - [23/Jun/2021:09:41:24 +0800] "GET /favicon.ico HTTP/1.1" 404 -
222.70.176.108 - - [23/Jun/2021:09:41:24 +0800] "GET /xingrg/all/function/internal_message.html?_=1624412481085&CODE_STATE=getMsg HTTP/1.1" 200 27
180.169.147.146 - - [23/Jun/2021:09:41:25 +0800] "GET /xingrg/all/function/internal_message.html?_=1624412484516&CODE_STATE=getMsg HTTP/1.1" 200 27
117.185.32.26 - - [23/Jun/2021:09:41:27 +0800] "POST /xingrg/kc/buy/cgsh_order_operate.html HTTP/1.1" 200 37
222.70.176.108 - - [23/Jun/2021:09:41:28 +0800] "GET /xingrg/kc/buy/cgsh_order_operate.html?command=get_materiel&rest_code=00111&code=00101004011&supplier_code=00100088&order_time=2021-06-23 HTTP/1.1" 200 413
180.169.147.146 - - [23/Jun/2021:09:41:31 +0800] "GET /xingrg/check_reg.html?_=1624412488299 HTTP/1.1" 200 22
180.169.147.146 - - [23/Jun/2021:09:41:31 +0800] "GET /xingrg/all/function/internal_message.html?_=1624412488304&CODE_STATE=getMsg HTTP/1.1" 200 27
117.185.32.26 - - [23/Jun/2021:09:41:32 +0800] "POST /xingrg/kc/buy/cgsh_order_operate.html HTTP/1.1" 200 4578
114.83.223.204 - - [23/Jun/2021:09:41:33 +0800] "GET /xingrg/all/function/internal_message.html?_=1624412490824&CODE_STATE=getMsg HTTP/1.1" 200 27
183.195.131.162 - - [23/Jun/2021:09:41:38 +0800] "GET /xingrg/all/function/internal_message.html?_=1624412460822&CODE_STATE=getMsg HTTP/1.1" 200 27
61.165.42.208 - - [23/Jun/2021:09:41:43 +0800] "GET /xingrg/all/function/internal_message.html?_=1624412501029&CODE_STATE=getMsg HTTP/1.1" 200 27
116.233.79.92 - - [23/Jun/2021:09:41:44 +0800] "GET /xingrg/all/function/internal_message.html?_=1624412503015&CODE_STATE=getMsg HTTP/1.1" 200 27
116.224.253.72 - - [23/Jun/2021:09:41:45 +0800] "GET /xingrg/all/function/internal_message.html?_=1624412503451&CODE_STATE=getMsg HTTP/1.1" 200 27
120.253.135.82 - - [23/Jun/2021:09:41:51 +0800] "GET /xingrg/check_reg.html?_=1624412292513 HTTP/1.1" 200 22
117.185.32.26 - - [23/Jun/2021:09:41:57 +0800] "GET /xingrg/all/function/internal_message.html?_=1624413052344&CODE_STATE=getMsg HTTP/1.1" 200 27
58.221.95.50 - - [23/Jun/2021:09:42:01 +0800] "GET /xingrg/all/function/internal_message.html?_=1624412520122&CODE_STATE=getMsg HTTP/1.1" 200 27
58.221.95.50 - - [23/Jun/2021:09:42:01 +0800] "GET /xingrg/check_reg.html?_=1624412520125 HTTP/1.1" 200 22
222.70.176.108 - - [23/Jun/2021:09:42:02 +0800] "GET /xingrg/kc/buy/cgsh_order_operate.html?command=get_materiel&rest_code=00111&code=00101004065&supplier_code=00100088&order_time=2021-06-23 HTTP/1.1" 200 434
183.192.95.241 - - [23/Jun/2021:09:42:05 +0800] "GET /xingrg/all/function/internal_message.html?_=1624412522328&CODE_STATE=getMsg HTTP/1.1" 302 -
116.235.222.38 - - [23/Jun/2021:09:42:07 +0800] "GET /xingrg/all/function/internal_message.html?_=1624412520315&CODE_STATE=getMsg HTTP/1.1" 200 27
58.40.7.146 - - [23/Jun/2021:09:42:08 +0800] "GET /xingrg/all/function/internal_message.html?_=1624412526220&CODE_STATE=getMsg HTTP/1.1" 200 27
117.185.32.26 - - [23/Jun/2021:09:42:10 +0800] "GET /xingrg/kc/buy/cgsh_order_add.html HTTP/1.1" 200 62511
117.185.32.26 - - [23/Jun/2021:09:42:11 +0800] "POST /xingrg/kc/buy/cgsh_order_operate.html HTTP/1.1" 200 8245
117.185.32.26 - - [23/Jun/2021:09:42:11 +0800] "GET /xingrg/javascript/easyui/themes/default/validatebox.css HTTP/1.1" 404 1104
222.70.176.108 - - [23/Jun/2021:09:42:16 +0800] "POST /xingrg/kc/buy/cgsh_order_operate.html HTTP/1.1" 200 37
116.230.117.165 - - [23/Jun/2021:09:42:18 +0800] "GET /xingrg/all/function/internal_message.html?_=1624412545978&CODE_STATE=getMsg HTTP/1.1" 200 27
222.70.176.108 - - [23/Jun/2021:09:42:19 +0800] "POST /xingrg/kc/buy/cgsh_order_operate.html HTTP/1.1" 200 3255
222.70.176.108 - - [23/Jun/2021:09:42:20 +0800] "GET /xingrg/kc/print/load_data.html?order_code=212021062310364&kc_code=cgsh&condition= HTTP/1.1" 200 969
180.169.147.146 - - [23/Jun/2021:09:42:22 +0800] "GET /xingrg/check_reg.html?_=1624412538817 HTTP/1.1" 200 22
180.169.147.146 - - [23/Jun/2021:09:42:23 +0800] "GET /xingrg/all/function/internal_message.html?_=1624412543075&CODE_STATE=getMsg HTTP/1.1" 200 27
222.70.176.108 - - [23/Jun/2021:09:42:24 +0800] "GET /xingrg/all/function/internal_message.html?_=1624412541070&CODE_STATE=getMsg HTTP/1.1" 200 27
222.70.176.108 - - [23/Jun/2021:09:42:24 +0800] "GET /xingrg/kc/buy/cgsh_order_add.html HTTP/1.1" 200 62511
222.70.176.108 - - [23/Jun/2021:09:42:25 +0800] "GET /xingrg/javascript/easyui/themes/default/validatebox.css HTTP/1.1" 404 1104
222.70.176.108 - - [23/Jun/2021:09:42:25 +0800] "POST /xingrg/kc/buy/cgsh_order_operate.html HTTP/1.1" 200 8245
180.169.147.146 - - [23/Jun/2021:09:42:25 +0800] "GET /xingrg/all/function/internal_message.html?_=1624412544527&CODE_STATE=getMsg HTTP/1.1" 200 27
180.169.147.146 - - [23/Jun/2021:09:42:31 +0800] "GET /xingrg/all/function/internal_message.html?_=1624412548301&CODE_STATE=getMsg HTTP/1.1" 200 27
114.83.223.204 - - [23/Jun/2021:09:42:32 +0800] "GET /xingrg/check_reg.html?_=1624412550050 HTTP/1.1" 200 22
114.83.223.204 - - [23/Jun/2021:09:42:33 +0800] "GET /xingrg/all/function/internal_message.html?_=1624412550818&CODE_STATE=getMsg HTTP/1.1" 200 27
222.70.176.108 - - [23/Jun/2021:09:42:37 +0800] "GET /xingrg/kc/buy/cgsh_order_operate.html?command=get_materiel&rest_code=00111&code=00101004038&supplier_code=00100312&order_time=2021-06-23 HTTP/1.1" 200 429
183.195.131.162 - - [23/Jun/2021:09:42:39 +0800] "GET /xingrg/all/function/internal_message.html?_=1624412520975&CODE_STATE=getMsg HTTP/1.1" 200 27
61.165.42.208 - - [23/Jun/2021:09:42:43 +0800] "GET /xingrg/all/function/internal_message.html?_=1624412561028&CODE_STATE=getMsg HTTP/1.1" 200 27
116.233.79.92 - - [23/Jun/2021:09:42:44 +0800] "GET /xingrg/all/function/internal_message.html?_=1624412563019&CODE_STATE=getMsg HTTP/1.1" 200 27
116.233.79.92 - - [23/Jun/2021:09:42:44 +0800] "GET /xingrg/check_reg.html?_=1624412563020 HTTP/1.1" 200 22
116.224.253.72 - - [23/Jun/2021:09:42:45 +0800] "GET /xingrg/all/function/internal_message.html?_=1624412563470&CODE_STATE=getMsg HTTP/1.1" 200 27
117.185.32.26 - - [23/Jun/2021:09:42:57 +0800] "GET /xingrg/all/function/internal_message.html?_=1624413112341&CODE_STATE=getMsg HTTP/1.1" 200 27
117.185.32.26 - - [23/Jun/2021:09:42:58 +0800] "GET /xingrg/check_reg.html?_=1624413112436 HTTP/1.1" 200 22
222.70.176.108 - - [23/Jun/2021:09:43:01 +0800] "GET /xingrg/kc/buy/cgsh_order_operate.html?command=get_materiel&rest_code=00111&code=00101001138&supplier_code=00100312&order_time=2021-06-23 HTTP/1.1" 200 435
58.221.95.50 - - [23/Jun/2021:09:43:01 +0800] "GET /xingrg/all/function/internal_message.html?_=1624412580123&CODE_STATE=getMsg HTTP/1.1" 200 27
183.192.95.241 - - [23/Jun/2021:09:43:05 +0800] "GET /xingrg/all/function/internal_message.html?_=1624412582329&CODE_STATE=getMsg HTTP/1.1" 302 -
116.235.222.38 - - [23/Jun/2021:09:43:07 +0800] "GET /xingrg/all/function/internal_message.html?_=1624412580298&CODE_STATE=getMsg HTTP/1.1" 200 27
58.40.7.146 - - [23/Jun/2021:09:43:08 +0800] "GET /xingrg/all/function/internal_message.html?_=1624412586206&CODE_STATE=getMsg HTTP/1.1" 200 27
116.230.117.165 - - [23/Jun/2021:09:43:18 +0800] "GET /xingrg/all/function/internal_message.html?_=1624412606175&CODE_STATE=getMsg HTTP/1.1" 200 27
180.169.147.146 - - [23/Jun/2021:09:43:23 +0800] "GET /xingrg/all/function/internal_message.html?_=1624412603077&CODE_STATE=getMsg HTTP/1.1" 200 27
222.70.176.108 - - [23/Jun/2021:09:43:24 +0800] "GET /xingrg/all/function/internal_message.html?_=1624412601055&CODE_STATE=getMsg HTTP/1.1" 200 27
180.169.147.146 - - [23/Jun/2021:09:43:25 +0800] "GET /xingrg/all/function/internal_message.html?_=1624412604515&CODE_STATE=getMsg HTTP/1.1" 200 27
222.70.176.108 - - [23/Jun/2021:09:43:26 +0800] "GET /xingrg/kc/buy/cgsh_order_operate.html?command=get_materiel&rest_code=00111&code=00101001023&supplier_code=00100312&order_time=2021-06-23 HTTP/1.1" 200 413
180.169.147.146 - - [23/Jun/2021:09:43:31 +0800] "GET /xingrg/all/function/internal_message.html?_=1624412608296&CODE_STATE=getMsg HTTP/1.1" 200 27
114.83.223.204 - - [23/Jun/2021:09:43:33 +0800] "GET /xingrg/all/function/internal_message.html?_=1624412610788&CODE_STATE=getMsg HTTP/1.1" 200 27
183.195.131.162 - - [23/Jun/2021:09:43:39 +0800] "GET /xingrg/all/function/internal_message.html?_=1624412580989&CODE_STATE=getMsg HTTP/1.1" 200 27
61.165.42.208 - - [23/Jun/2021:09:43:43 +0800] "GET /xingrg/all/function/internal_message.html?_=1624412621027&CODE_STATE=getMsg HTTP/1.1" 200 27
116.233.79.92 - - [23/Jun/2021:09:43:44 +0800] "GET /xingrg/all/function/internal_message.html?_=1624412623021&CODE_STATE=getMsg HTTP/1.1" 200 27
116.224.253.72 - - [23/Jun/2021:09:43:45 +0800] "GET /xingrg/all/function/internal_message.html?_=1624412623472&CODE_STATE=getMsg HTTP/1.1" 200 27
117.185.32.26 - - [23/Jun/2021:09:43:57 +0800] "GET /xingrg/all/function/internal_message.html?_=1624413172321&CODE_STATE=getMsg HTTP/1.1" 200 27
58.221.95.50 - - [23/Jun/2021:09:44:01 +0800] "GET /xingrg/all/function/internal_message.html?_=1624412640122&CODE_STATE=getMsg HTTP/1.1" 200 27
183.192.95.241 - - [23/Jun/2021:09:44:05 +0800] "GET /xingrg/all/function/internal_message.html?_=1624412642330&CODE_STATE=getMsg HTTP/1.1" 302 -
116.235.222.38 - - [23/Jun/2021:09:44:07 +0800] "GET /xingrg/all/function/internal_message.html?_=1624412640280&CODE_STATE=getMsg HTTP/1.1" 200 27
58.40.7.146 - - [23/Jun/2021:09:44:08 +0800] "GET /xingrg/all/function/internal_message.html?_=1624412646208&CODE_STATE=getMsg HTTP/1.1" 200 27
58.40.7.146 - - [23/Jun/2021:09:44:08 +0800] "GET /xingrg/check_reg.html?_=1624412646209 HTTP/1.1" 200 22
116.230.117.165 - - [23/Jun/2021:09:44:18 +0800] "GET /xingrg/all/function/internal_message.html?_=1624412666176&CODE_STATE=getMsg HTTP/1.1" 200 27
180.169.147.146 - - [23/Jun/2021:09:44:24 +0800] "GET /xingrg/all/function/internal_message.html?_=1624412663077&CODE_STATE=getMsg HTTP/1.1" 200 27
222.70.176.108 - - [23/Jun/2021:09:44:24 +0800] "POST /xingrg/kc/buy/cgsh_order_operate.html HTTP/1.1" 200 37
222.70.176.108 - - [23/Jun/2021:09:44:24 +0800] "GET /xingrg/all/function/internal_message.html?_=1624412661018&CODE_STATE=getMsg HTTP/1.1" 200 27
180.169.147.146 - - [23/Jun/2021:09:44:25 +0800] "GET /xingrg/all/function/internal_message.html?_=1624412664523&CODE_STATE=getMsg HTTP/1.1" 200 27
180.169.147.146 - - [23/Jun/2021:09:44:25 +0800] "GET /xingrg/check_reg.html?_=1624412664527 HTTP/1.1" 200 22
222.70.176.108 - - [23/Jun/2021:09:44:27 +0800] "POST /xingrg/kc/buy/cgsh_order_operate.html HTTP/1.1" 200 3848
180.169.147.146 - - [23/Jun/2021:09:44:31 +0800] "GET /xingrg/all/function/internal_message.html?_=1624412668315&CODE_STATE=getMsg HTTP/1.1" 200 27
114.83.223.204 - - [23/Jun/2021:09:44:33 +0800] "GET /xingrg/all/function/internal_message.html?_=1624412670776&CODE_STATE=getMsg HTTP/1.1" 200 27
